Feb 21 22:39:22 np0005625961.novalocal container-server[98786]: ::1 - - [22/Feb/2026:03:39:22 +0000] "HEAD /1/226818/AUTH_e41560788c7b460fa374fdc94f22590f/gnocchi.9410414a-83e8-46a5-a710-42bcecdf057a" 204 - "HEAD http://[::1]:8080/v1/AUTH_e41560788c7b460fa374fdc94f22590f/gnocchi.9410414a-83e8-46a5-a710-42bcecdf057a" "tx474a07d3b4be4772a00eb-00699a7a6a" "proxy-server 100218" 0.0019 "-" 98786 0
Feb 21 22:39:22 np0005625961.novalocal proxy-server[100218]: - - 22/Feb/2026/03/39/22 HEAD /v1/AUTH_e41560788c7b460fa374fdc94f22590f/gnocchi.9410414a-83e8-46a5-a710-42bcecdf057a HTTP/1.0 204 - Swift - - - - tx474a07d3b4be4772a00eb-00699a7a6a - 0.0074 CS - 1771731562.280012369 1771731562.287384272 0 -
Feb 21 22:39:22 np0005625961.novalocal account-server[98426]: ::1 - - [22/Feb/2026:03:39:22 +0000] "PUT /1/161627/AUTH_e41560788c7b460fa374fdc94f22590f/gnocchi.5939d4f3-c002-4ec2-82d2-d8aec1404afd" 201 - "PUT http://[::1]:6001/3/118854/AUTH_e41560788c7b460fa374fdc94f22590f/gnocchi.5939d4f3-c002-4ec2-82d2-d8aec1404afd" "txcf7edb86a3fa4a4b9bcc3-00699a7a6a" "container-server 98786" 0.0052 "-" 98426 0
Feb 21 22:39:22 np0005625961.novalocal container-server[98786]: ::1 - - [22/Feb/2026:03:39:22 +0000] "PUT /3/118854/AUTH_e41560788c7b460fa374fdc94f22590f/gnocchi.5939d4f3-c002-4ec2-82d2-d8aec1404afd" 201 - "PUT https://[::1]:8080/v1/AUTH_e41560788c7b460fa374fdc94f22590f/gnocchi.5939d4f3-c002-4ec2-82d2-d8aec1404afd" "txcf7edb86a3fa4a4b9bcc3-00699a7a6a" "proxy-server 100219" 0.0164 "-" 98786 0
Feb 21 22:39:22 np0005625961.novalocal container-server[98785]: ::1 - - [22/Feb/2026:03:39:22 +0000] "GET /3/226818/AUTH_e41560788c7b460fa374fdc94f22590f/gnocchi.9410414a-83e8-46a5-a710-42bcecdf057a" 200 2 "GET https://[::1]:8080/v1/AUTH_e41560788c7b460fa374fdc94f22590f/gnocchi.9410414a-83e8-46a5-a710-42bcecdf057a?format=json&states=listing" "tx474a07d3b4be4772a00eb-00699a7a6a" "proxy-server 100218" 0.0036 "-" 98785 0
Feb 21 22:39:22 np0005625961.novalocal account-server[98425]: ::1 - - [22/Feb/2026:03:39:22 +0000] "PUT /2/161627/AUTH_e41560788c7b460fa374fdc94f22590f/gnocchi.5939d4f3-c002-4ec2-82d2-d8aec1404afd" 201 - "PUT http://[::1]:6001/1/118854/AUTH_e41560788c7b460fa374fdc94f22590f/gnocchi.5939d4f3-c002-4ec2-82d2-d8aec1404afd" "txcf7edb86a3fa4a4b9bcc3-00699a7a6a" "container-server 98785" 0.0050 "-" 98425 0
Feb 21 22:39:22 np0005625961.novalocal account-server[98426]: ::1 - - [22/Feb/2026:03:39:22 +0000] "PUT /3/161627/AUTH_e41560788c7b460fa374fdc94f22590f/gnocchi.5939d4f3-c002-4ec2-82d2-d8aec1404afd" 201 - "PUT http://[::1]:6001/2/118854/AUTH_e41560788c7b460fa374fdc94f22590f/gnocchi.5939d4f3-c002-4ec2-82d2-d8aec1404afd" "txcf7edb86a3fa4a4b9bcc3-00699a7a6a" "container-server 98785" 0.0056 "-" 98426 0
Feb 21 22:39:22 np0005625961.novalocal container-server[98785]: ::1 - - [22/Feb/2026:03:39:22 +0000] "PUT /1/118854/AUTH_e41560788c7b460fa374fdc94f22590f/gnocchi.5939d4f3-c002-4ec2-82d2-d8aec1404afd" 201 - "PUT https://[::1]:8080/v1/AUTH_e41560788c7b460fa374fdc94f22590f/gnocchi.5939d4f3-c002-4ec2-82d2-d8aec1404afd" "txcf7edb86a3fa4a4b9bcc3-00699a7a6a" "proxy-server 100219" 0.0302 "-" 98785 0
Feb 21 22:39:22 np0005625961.novalocal proxy-server[100218]: ::1 ::1 22/Feb/2026/03/39/22 GET /v1/AUTH_e41560788c7b460fa374fdc94f22590f/gnocchi.9410414a-83e8-46a5-a710-42bcecdf057a%3Fformat%3Djson%26states%3Dlisting HTTP/1.0 200 - python-swiftclient-4.8.0 gAAAAABpmnpRlsm9... - 2 - tx474a07d3b4be4772a00eb-00699a7a6a - 0.0421 - - 1771731562.278777361 1771731562.320919514 0 17d6eceedce248e7bcac4363c7b2aeaa
Feb 21 22:39:22 np0005625961.novalocal container-server[98785]: ::1 - - [22/Feb/2026:03:39:22 +0000] "PUT /2/118854/AUTH_e41560788c7b460fa374fdc94f22590f/gnocchi.5939d4f3-c002-4ec2-82d2-d8aec1404afd" 201 - "PUT https://[::1]:8080/v1/AUTH_e41560788c7b460fa374fdc94f22590f/gnocchi.5939d4f3-c002-4ec2-82d2-d8aec1404afd" "txcf7edb86a3fa4a4b9bcc3-00699a7a6a" "proxy-server 100219" 0.0216 "-" 98785 0
Feb 21 22:39:22 np0005625961.novalocal proxy-server[100219]: ::1 ::1 22/Feb/2026/03/39/22 PUT /v1/AUTH_e41560788c7b460fa374fdc94f22590f/gnocchi.5939d4f3-c002-4ec2-82d2-d8aec1404afd HTTP/1.0 201 - python-swiftclient-4.8.0 gAAAAABpmnpTVjhT... - - - txcf7edb86a3fa4a4b9bcc3-00699a7a6a - 0.0408 - - 1771731562.282602787 1771731562.323407412 0 17d6eceedce248e7bcac4363c7b2aeaa
Feb 21 22:39:22 np0005625961.novalocal container-server[98785]: ::1 - - [22/Feb/2026:03:39:22 +0000] "HEAD /3/118854/AUTH_e41560788c7b460fa374fdc94f22590f/gnocchi.5939d4f3-c002-4ec2-82d2-d8aec1404afd" 204 - "HEAD http://[::1]:8080/v1/AUTH_e41560788c7b460fa374fdc94f22590f/gnocchi.5939d4f3-c002-4ec2-82d2-d8aec1404afd" "tx8da0ccf99aef4a7caef32-00699a7a6a" "proxy-server 100219" 0.0020 "-" 98785 0
Feb 21 22:39:22 np0005625961.novalocal object-server[99152]: ::1 - - [22/Feb/2026:03:39:22 +0000] "GET /3/10246/AUTH_e41560788c7b460fa374fdc94f22590f/gnocchi.9410414a-83e8-46a5-a710-42bcecdf057a/1771200000.0_mean_300.0_v3" 404 70 "GET https://[::1]:8080/v1/AUTH_e41560788c7b460fa374fdc94f22590f/gnocchi.9410414a-83e8-46a5-a710-42bcecdf057a/1771200000.0_mean_300.0_v3" "txd0832c33e7504b8ab6138-00699a7a6a" "proxy-server 100218" 0.0004 "-" 99152 0
Feb 21 22:39:22 np0005625961.novalocal proxy-server[100219]: - - 22/Feb/2026/03/39/22 HEAD /v1/AUTH_e41560788c7b460fa374fdc94f22590f/gnocchi.5939d4f3-c002-4ec2-82d2-d8aec1404afd HTTP/1.0 204 - Swift - - - - tx8da0ccf99aef4a7caef32-00699a7a6a - 0.0079 CS - 1771731562.330049992 1771731562.337946177 0 -
Feb 21 22:39:22 np0005625961.novalocal object-server[99152]: ::1 - - [22/Feb/2026:03:39:22 +0000] "GET /1/10246/AUTH_e41560788c7b460fa374fdc94f22590f/gnocchi.9410414a-83e8-46a5-a710-42bcecdf057a/1771200000.0_mean_300.0_v3" 404 70 "GET https://[::1]:8080/v1/AUTH_e41560788c7b460fa374fdc94f22590f/gnocchi.9410414a-83e8-46a5-a710-42bcecdf057a/1771200000.0_mean_300.0_v3" "txd0832c33e7504b8ab6138-00699a7a6a" "proxy-server 100218" 0.0002 "-" 99152 0
Feb 21 22:39:22 np0005625961.novalocal object-server[99151]: ::1 - - [22/Feb/2026:03:39:22 +0000] "GET /2/10246/AUTH_e41560788c7b460fa374fdc94f22590f/gnocchi.9410414a-83e8-46a5-a710-42bcecdf057a/1771200000.0_mean_300.0_v3" 404 70 "GET https://[::1]:8080/v1/AUTH_e41560788c7b460fa374fdc94f22590f/gnocchi.9410414a-83e8-46a5-a710-42bcecdf057a/1771200000.0_mean_300.0_v3" "txd0832c33e7504b8ab6138-00699a7a6a" "proxy-server 100218" 0.0006 "-" 99151 0
Feb 21 22:39:22 np0005625961.novalocal container-server[98785]: ::1 - - [22/Feb/2026:03:39:22 +0000] "GET /3/118854/AUTH_e41560788c7b460fa374fdc94f22590f/gnocchi.5939d4f3-c002-4ec2-82d2-d8aec1404afd" 200 2 "GET https://[::1]:8080/v1/AUTH_e41560788c7b460fa374fdc94f22590f/gnocchi.5939d4f3-c002-4ec2-82d2-d8aec1404afd?format=json&states=listing" "tx8da0ccf99aef4a7caef32-00699a7a6a" "proxy-server 100219" 0.0035 "-" 98785 0
Feb 21 22:39:22 np0005625961.novalocal proxy-server[100218]: ::1 ::1 22/Feb/2026/03/39/22 GET /v1/AUTH_e41560788c7b460fa374fdc94f22590f/gnocchi.9410414a-83e8-46a5-a710-42bcecdf057a/1771200000.0_mean_300.0_v3 HTTP/1.0 404 - python-swiftclient-4.8.0 gAAAAABpmnpRlsm9... - 70 - txd0832c33e7504b8ab6138-00699a7a6a - 0.0228 - - 1771731562.327078342 1771731562.349881411 0 17d6eceedce248e7bcac4363c7b2aeaa
Feb 21 22:39:22 np0005625961.novalocal proxy-server[100219]: ::1 ::1 22/Feb/2026/03/39/22 GET /v1/AUTH_e41560788c7b460fa374fdc94f22590f/gnocchi.5939d4f3-c002-4ec2-82d2-d8aec1404afd%3Fformat%3Djson%26states%3Dlisting HTTP/1.0 200 - python-swiftclient-4.8.0 gAAAAABpmnpTVjhT... - 2 - tx8da0ccf99aef4a7caef32-00699a7a6a - 0.0215 - - 1771731562.329252243 1771731562.350787878 0 17d6eceedce248e7bcac4363c7b2aeaa
Feb 21 22:39:22 np0005625961.novalocal object-server[99151]: ::1 - - [22/Feb/2026:03:39:22 +0000] "GET /3/99631/AUTH_e41560788c7b460fa374fdc94f22590f/gnocchi.5939d4f3-c002-4ec2-82d2-d8aec1404afd/1771200000.0_mean_300.0_v3" 404 70 "GET https://[::1]:8080/v1/AUTH_e41560788c7b460fa374fdc94f22590f/gnocchi.5939d4f3-c002-4ec2-82d2-d8aec1404afd/1771200000.0_mean_300.0_v3" "tx2a3105a1b687416ca9fb6-00699a7a6a" "proxy-server 100219" 0.0004 "-" 99151 0
Feb 21 22:39:22 np0005625961.novalocal object-server[99151]: ::1 - - [22/Feb/2026:03:39:22 +0000] "GET /2/99631/AUTH_e41560788c7b460fa374fdc94f22590f/gnocchi.5939d4f3-c002-4ec2-82d2-d8aec1404afd/1771200000.0_mean_300.0_v3" 404 70 "GET https://[::1]:8080/v1/AUTH_e41560788c7b460fa374fdc94f22590f/gnocchi.5939d4f3-c002-4ec2-82d2-d8aec1404afd/1771200000.0_mean_300.0_v3" "tx2a3105a1b687416ca9fb6-00699a7a6a" "proxy-server 100219" 0.0003 "-" 99151 0
Feb 21 22:39:22 np0005625961.novalocal object-server[99152]: ::1 - - [22/Feb/2026:03:39:22 +0000] "GET /1/99631/AUTH_e41560788c7b460fa374fdc94f22590f/gnocchi.5939d4f3-c002-4ec2-82d2-d8aec1404afd/1771200000.0_mean_300.0_v3" 404 70 "GET https://[::1]:8080/v1/AUTH_e41560788c7b460fa374fdc94f22590f/gnocchi.5939d4f3-c002-4ec2-82d2-d8aec1404afd/1771200000.0_mean_300.0_v3" "tx2a3105a1b687416ca9fb6-00699a7a6a" "proxy-server 100219" 0.0006 "-" 99152 0
Feb 21 22:39:22 np0005625961.novalocal proxy-server[100219]: ::1 ::1 22/Feb/2026/03/39/22 GET /v1/AUTH_e41560788c7b460fa374fdc94f22590f/gnocchi.5939d4f3-c002-4ec2-82d2-d8aec1404afd/1771200000.0_mean_300.0_v3 HTTP/1.0 404 - python-swiftclient-4.8.0 gAAAAABpmnpTVjhT... - 70 - tx2a3105a1b687416ca9fb6-00699a7a6a - 0.0152 - - 1771731562.353604078 1771731562.368788481 0 17d6eceedce248e7bcac4363c7b2aeaa
Feb 21 22:39:22 np0005625961.novalocal container-server[98785]: ::1 - - [22/Feb/2026:03:39:22 +0000] "PUT /1/226818/AUTH_e41560788c7b460fa374fdc94f22590f/gnocchi.9410414a-83e8-46a5-a710-42bcecdf057a/1771200000.0_mean_300.0_v3" 201 - "PUT http://[::1]:8080/2/10246/AUTH_e41560788c7b460fa374fdc94f22590f/gnocchi.9410414a-83e8-46a5-a710-42bcecdf057a/1771200000.0_mean_300.0_v3" "tx8078ed0c4a3942fe8a05c-00699a7a6a" "object-server 99152" 0.0008 "-" 98785 0
Feb 21 22:39:22 np0005625961.novalocal object-server[99152]: ::1 - - [22/Feb/2026:03:39:22 +0000] "PUT /2/10246/AUTH_e41560788c7b460fa374fdc94f22590f/gnocchi.9410414a-83e8-46a5-a710-42bcecdf057a/1771200000.0_mean_300.0_v3" 201 - "PUT https://[::1]:8080/v1/AUTH_e41560788c7b460fa374fdc94f22590f/gnocchi.9410414a-83e8-46a5-a710-42bcecdf057a/1771200000.0_mean_300.0_v3" "tx8078ed0c4a3942fe8a05c-00699a7a6a" "proxy-server 100218" 0.0137 "-" 99152 0
Feb 21 22:39:22 np0005625961.novalocal container-server[98785]: ::1 - - [22/Feb/2026:03:39:22 +0000] "PUT /2/226818/AUTH_e41560788c7b460fa374fdc94f22590f/gnocchi.9410414a-83e8-46a5-a710-42bcecdf057a/1771200000.0_mean_300.0_v3" 201 - "PUT http://[::1]:8080/3/10246/AUTH_e41560788c7b460fa374fdc94f22590f/gnocchi.9410414a-83e8-46a5-a710-42bcecdf057a/1771200000.0_mean_300.0_v3" "tx8078ed0c4a3942fe8a05c-00699a7a6a" "object-server 99152" 0.0009 "-" 98785 0
Feb 21 22:39:22 np0005625961.novalocal container-server[98786]: ::1 - - [22/Feb/2026:03:39:22 +0000] "PUT /3/226818/AUTH_e41560788c7b460fa374fdc94f22590f/gnocchi.9410414a-83e8-46a5-a710-42bcecdf057a/1771200000.0_mean_300.0_v3" 201 - "PUT http://[::1]:8080/1/10246/AUTH_e41560788c7b460fa374fdc94f22590f/gnocchi.9410414a-83e8-46a5-a710-42bcecdf057a/1771200000.0_mean_300.0_v3" "tx8078ed0c4a3942fe8a05c-00699a7a6a" "object-server 99152" 0.0012 "-" 98786 0
Feb 21 22:39:22 np0005625961.novalocal object-server[99152]: ::1 - - [22/Feb/2026:03:39:22 +0000] "PUT /3/10246/AUTH_e41560788c7b460fa374fdc94f22590f/gnocchi.9410414a-83e8-46a5-a710-42bcecdf057a/1771200000.0_mean_300.0_v3" 201 - "PUT https://[::1]:8080/v1/AUTH_e41560788c7b460fa374fdc94f22590f/gnocchi.9410414a-83e8-46a5-a710-42bcecdf057a/1771200000.0_mean_300.0_v3" "tx8078ed0c4a3942fe8a05c-00699a7a6a" "proxy-server 100218" 0.0164 "-" 99152 0
Feb 21 22:39:22 np0005625961.novalocal object-server[99152]: ::1 - - [22/Feb/2026:03:39:22 +0000] "PUT /1/10246/AUTH_e41560788c7b460fa374fdc94f22590f/gnocchi.9410414a-83e8-46a5-a710-42bcecdf057a/1771200000.0_mean_300.0_v3" 201 - "PUT https://[::1]:8080/v1/AUTH_e41560788c7b460fa374fdc94f22590f/gnocchi.9410414a-83e8-46a5-a710-42bcecdf057a/1771200000.0_mean_300.0_v3" "tx8078ed0c4a3942fe8a05c-00699a7a6a" "proxy-server 100218" 0.0194 "-" 99152 0
Feb 21 22:39:22 np0005625961.novalocal proxy-server[100218]: ::1 ::1 22/Feb/2026/03/39/22 PUT /v1/AUTH_e41560788c7b460fa374fdc94f22590f/gnocchi.9410414a-83e8-46a5-a710-42bcecdf057a/1771200000.0_mean_300.0_v3 HTTP/1.0 201 - python-swiftclient-4.8.0 gAAAAABpmnpRlsm9... 16 - - tx8078ed0c4a3942fe8a05c-00699a7a6a - 0.0295 - - 1771731562.354546547 1771731562.384063482 0 17d6eceedce248e7bcac4363c7b2aeaa
Feb 21 22:39:22 np0005625961.novalocal NetworkManager[868]: [1771731562.4033] manager: (qbrbc2b781a-de): new Bridge device (/org/freedesktop/NetworkManager/Devices/30)
Feb 21 22:39:22 np0005625961.novalocal container-server[98785]: ::1 - - [22/Feb/2026:03:39:22 +0000] "PUT /3/118854/AUTH_e41560788c7b460fa374fdc94f22590f/gnocchi.5939d4f3-c002-4ec2-82d2-d8aec1404afd/1771200000.0_mean_300.0_v3" 201 - "PUT http://[::1]:8080/3/99631/AUTH_e41560788c7b460fa374fdc94f22590f/gnocchi.5939d4f3-c002-4ec2-82d2-d8aec1404afd/1771200000.0_mean_300.0_v3" "txbd56ae4f6b114e7cb3152-00699a7a6a" "object-server 99152" 0.0008 "-" 98785 0
Feb 21 22:39:22 np0005625961.novalocal container-server[98786]: ::1 - - [22/Feb/2026:03:39:22 +0000] "PUT /2/118854/AUTH_e41560788c7b460fa374fdc94f22590f/gnocchi.5939d4f3-c002-4ec2-82d2-d8aec1404afd/1771200000.0_mean_300.0_v3" 201 - "PUT http://[::1]:8080/2/99631/AUTH_e41560788c7b460fa374fdc94f22590f/gnocchi.5939d4f3-c002-4ec2-82d2-d8aec1404afd/1771200000.0_mean_300.0_v3" "txbd56ae4f6b114e7cb3152-00699a7a6a" "object-server 99151" 0.0019 "-" 98786 0
Feb 21 22:39:22 np0005625961.novalocal object-server[99152]: ::1 - - [22/Feb/2026:03:39:22 +0000] "PUT /3/99631/AUTH_e41560788c7b460fa374fdc94f22590f/gnocchi.5939d4f3-c002-4ec2-82d2-d8aec1404afd/1771200000.0_mean_300.0_v3" 201 - "PUT https://[::1]:8080/v1/AUTH_e41560788c7b460fa374fdc94f22590f/gnocchi.5939d4f3-c002-4ec2-82d2-d8aec1404afd/1771200000.0_mean_300.0_v3" "txbd56ae4f6b114e7cb3152-00699a7a6a" "proxy-server 100219" 0.0219 "-" 99152 0
Feb 21 22:39:22 np0005625961.novalocal object-server[99151]: ::1 - - [22/Feb/2026:03:39:22 +0000] "PUT /2/99631/AUTH_e41560788c7b460fa374fdc94f22590f/gnocchi.5939d4f3-c002-4ec2-82d2-d8aec1404afd/1771200000.0_mean_300.0_v3" 201 - "PUT https://[::1]:8080/v1/AUTH_e41560788c7b460fa374fdc94f22590f/gnocchi.5939d4f3-c002-4ec2-82d2-d8aec1404afd/1771200000.0_mean_300.0_v3" "txbd56ae4f6b114e7cb3152-00699a7a6a" "proxy-server 100219" 0.0197 "-" 99151 0
Feb 21 22:39:22 np0005625961.novalocal container-server[98785]: ::1 - - [22/Feb/2026:03:39:22 +0000] "PUT /1/118854/AUTH_e41560788c7b460fa374fdc94f22590f/gnocchi.5939d4f3-c002-4ec2-82d2-d8aec1404afd/1771200000.0_mean_300.0_v3" 201 - "PUT http://[::1]:8080/1/99631/AUTH_e41560788c7b460fa374fdc94f22590f/gnocchi.5939d4f3-c002-4ec2-82d2-d8aec1404afd/1771200000.0_mean_300.0_v3" "txbd56ae4f6b114e7cb3152-00699a7a6a" "object-server 99151" 0.0010 "-" 98785 0
Feb 21 22:39:22 np0005625961.novalocal object-server[99151]: ::1 - - [22/Feb/2026:03:39:22 +0000] "PUT /1/99631/AUTH_e41560788c7b460fa374fdc94f22590f/gnocchi.5939d4f3-c002-4ec2-82d2-d8aec1404afd/1771200000.0_mean_300.0_v3" 201 - "PUT https://[::1]:8080/v1/AUTH_e41560788c7b460fa374fdc94f22590f/gnocchi.5939d4f3-c002-4ec2-82d2-d8aec1404afd/1771200000.0_mean_300.0_v3" "txbd56ae4f6b114e7cb3152-00699a7a6a" "proxy-server 100219" 0.0254 "-" 99151 0
Feb 21 22:39:22 np0005625961.novalocal container-server[98786]: ::1 - - [22/Feb/2026:03:39:22 +0000] "PUT /1/226818/AUTH_e41560788c7b460fa374fdc94f22590f/gnocchi.9410414a-83e8-46a5-a710-42bcecdf057a/none_v3" 201 - "PUT http://[::1]:8080/3/82240/AUTH_e41560788c7b460fa374fdc94f22590f/gnocchi.9410414a-83e8-46a5-a710-42bcecdf057a/none_v3" "txca29f1edae744c0181432-00699a7a6a" "object-server 99152" 0.0015 "-" 98786 0
Feb 21 22:39:22 np0005625961.novalocal object-server[99152]: ::1 - - [22/Feb/2026:03:39:22 +0000] "PUT /3/82240/AUTH_e41560788c7b460fa374fdc94f22590f/gnocchi.9410414a-83e8-46a5-a710-42bcecdf057a/none_v3" 201 - "PUT https://[::1]:8080/v1/AUTH_e41560788c7b460fa374fdc94f22590f/gnocchi.9410414a-83e8-46a5-a710-42bcecdf057a/none_v3" "txca29f1edae744c0181432-00699a7a6a" "proxy-server 100218" 0.0198 "-" 99152 0
Feb 21 22:39:22 np0005625961.novalocal container-server[98785]: ::1 - - [22/Feb/2026:03:39:22 +0000] "PUT /2/226818/AUTH_e41560788c7b460fa374fdc94f22590f/gnocchi.9410414a-83e8-46a5-a710-42bcecdf057a/none_v3" 201 - "PUT http://[::1]:8080/1/82240/AUTH_e41560788c7b460fa374fdc94f22590f/gnocchi.9410414a-83e8-46a5-a710-42bcecdf057a/none_v3" "txca29f1edae744c0181432-00699a7a6a" "object-server 99151" 0.0007 "-" 98785 0
Feb 21 22:39:22 np0005625961.novalocal proxy-server[100219]: ::1 ::1 22/Feb/2026/03/39/22 PUT /v1/AUTH_e41560788c7b460fa374fdc94f22590f/gnocchi.5939d4f3-c002-4ec2-82d2-d8aec1404afd/1771200000.0_mean_300.0_v3 HTTP/1.0 201 - python-swiftclient-4.8.0 gAAAAABpmnpTVjhT... 16 - - txbd56ae4f6b114e7cb3152-00699a7a6a - 0.0412 - - 1771731562.371448040 1771731562.412656069 0 17d6eceedce248e7bcac4363c7b2aeaa
Feb 21 22:39:22 np0005625961.novalocal object-server[99151]: ::1 - - [22/Feb/2026:03:39:22 +0000] "PUT /1/82240/AUTH_e41560788c7b460fa374fdc94f22590f/gnocchi.9410414a-83e8-46a5-a710-42bcecdf057a/none_v3" 201 - "PUT https://[::1]:8080/v1/AUTH_e41560788c7b460fa374fdc94f22590f/gnocchi.9410414a-83e8-46a5-a710-42bcecdf057a/none_v3" "txca29f1edae744c0181432-00699a7a6a" "proxy-server 100218" 0.0191 "-" 99151 0
Feb 21 22:39:22 np0005625961.novalocal container-server[98786]: ::1 - - [22/Feb/2026:03:39:22 +0000] "PUT /3/226818/AUTH_e41560788c7b460fa374fdc94f22590f/gnocchi.9410414a-83e8-46a5-a710-42bcecdf057a/none_v3" 201 - "PUT http://[::1]:8080/2/82240/AUTH_e41560788c7b460fa374fdc94f22590f/gnocchi.9410414a-83e8-46a5-a710-42bcecdf057a/none_v3" "txca29f1edae744c0181432-00699a7a6a" "object-server 99152" 0.0013 "-" 98786 0
Feb 21 22:39:22 np0005625961.novalocal object-server[99152]: ::1 - - [22/Feb/2026:03:39:22 +0000] "PUT /2/82240/AUTH_e41560788c7b460fa374fdc94f22590f/gnocchi.9410414a-83e8-46a5-a710-42bcecdf057a/none_v3" 201 - "PUT https://[::1]:8080/v1/AUTH_e41560788c7b460fa374fdc94f22590f/gnocchi.9410414a-83e8-46a5-a710-42bcecdf057a/none_v3" "txca29f1edae744c0181432-00699a7a6a" "proxy-server 100218" 0.0238 "-" 99152 0
Feb 21 22:39:22 np0005625961.novalocal proxy-server[100218]: ::1 ::1 22/Feb/2026/03/39/22 PUT /v1/AUTH_e41560788c7b460fa374fdc94f22590f/gnocchi.9410414a-83e8-46a5-a710-42bcecdf057a/none_v3 HTTP/1.0 201 - python-swiftclient-4.8.0 gAAAAABpmnpRlsm9... 22 - - txca29f1edae744c0181432-00699a7a6a - 0.0345 - - 1771731562.387453556 1771731562.421999216 0 17d6eceedce248e7bcac4363c7b2aeaa
Feb 21 22:39:22 np0005625961.novalocal NetworkManager[868]: [1771731562.4268] manager: (qvobc2b781a-de): new Veth device (/org/freedesktop/NetworkManager/Devices/31)
Feb 21 22:39:22 np0005625961.novalocal NetworkManager[868]: [1771731562.4296] manager: (qvbbc2b781a-de): new Veth device (/org/freedesktop/NetworkManager/Devices/32)
Feb 21 22:39:22 np0005625961.novalocal NetworkManager[868]: [1771731562.4342] device (qvobc2b781a-de): carrier: link connected
Feb 21 22:39:22 np0005625961.novalocal NetworkManager[868]: [1771731562.4346] device (qvbbc2b781a-de): carrier: link connected
Feb 21 22:39:22 np0005625961.novalocal kernel: qbrbc2b781a-de: port 1(qvbbc2b781a-de) entered blocking state
Feb 21 22:39:22 np0005625961.novalocal kernel: qbrbc2b781a-de: port 1(qvbbc2b781a-de) entered disabled state
Feb 21 22:39:22 np0005625961.novalocal kernel: qvbbc2b781a-de: entered allmulticast mode
Feb 21 22:39:22 np0005625961.novalocal kernel: qvbbc2b781a-de: entered promiscuous mode
Feb 21 22:39:22 np0005625961.novalocal kernel: qbrbc2b781a-de: port 1(qvbbc2b781a-de) entered blocking state
Feb 21 22:39:22 np0005625961.novalocal kernel: qbrbc2b781a-de: port 1(qvbbc2b781a-de) entered forwarding state
Feb 21 22:39:22 np0005625961.novalocal NetworkManager[868]: [1771731562.4448] device (qbrbc2b781a-de): carrier: link connected
Feb 21 22:39:22 np0005625961.novalocal container-server[98785]: ::1 - - [22/Feb/2026:03:39:22 +0000] "PUT /3/118854/AUTH_e41560788c7b460fa374fdc94f22590f/gnocchi.5939d4f3-c002-4ec2-82d2-d8aec1404afd/none_v3" 201 - "PUT http://[::1]:8080/3/216456/AUTH_e41560788c7b460fa374fdc94f22590f/gnocchi.5939d4f3-c002-4ec2-82d2-d8aec1404afd/none_v3" "tx8344961658a840c79ffb1-00699a7a6a" "object-server 99152" 0.0025 "-" 98785 0
Feb 21 22:39:22 np0005625961.novalocal container-server[98786]: ::1 - - [22/Feb/2026:03:39:22 +0000] "PUT /1/118854/AUTH_e41560788c7b460fa374fdc94f22590f/gnocchi.5939d4f3-c002-4ec2-82d2-d8aec1404afd/none_v3" 201 - "PUT http://[::1]:8080/1/216456/AUTH_e41560788c7b460fa374fdc94f22590f/gnocchi.5939d4f3-c002-4ec2-82d2-d8aec1404afd/none_v3" "tx8344961658a840c79ffb1-00699a7a6a" "object-server 99152" 0.0013 "-" 98786 0
Feb 21 22:39:22 np0005625961.novalocal object-server[99152]: ::1 - - [22/Feb/2026:03:39:22 +0000] "PUT /3/216456/AUTH_e41560788c7b460fa374fdc94f22590f/gnocchi.5939d4f3-c002-4ec2-82d2-d8aec1404afd/none_v3" 201 - "PUT https://[::1]:8080/v1/AUTH_e41560788c7b460fa374fdc94f22590f/gnocchi.5939d4f3-c002-4ec2-82d2-d8aec1404afd/none_v3" "tx8344961658a840c79ffb1-00699a7a6a" "proxy-server 100219" 0.0118 "-" 99152 0
Feb 21 22:39:22 np0005625961.novalocal object-server[99152]: ::1 - - [22/Feb/2026:03:39:22 +0000] "PUT /1/216456/AUTH_e41560788c7b460fa374fdc94f22590f/gnocchi.5939d4f3-c002-4ec2-82d2-d8aec1404afd/none_v3" 201 - "PUT https://[::1]:8080/v1/AUTH_e41560788c7b460fa374fdc94f22590f/gnocchi.5939d4f3-c002-4ec2-82d2-d8aec1404afd/none_v3" "tx8344961658a840c79ffb1-00699a7a6a" "proxy-server 100219" 0.0172 "-" 99152 0
Feb 21 22:39:22 np0005625961.novalocal container-server[98785]: ::1 - - [22/Feb/2026:03:39:22 +0000] "PUT /2/118854/AUTH_e41560788c7b460fa374fdc94f22590f/gnocchi.5939d4f3-c002-4ec2-82d2-d8aec1404afd/none_v3" 201 - "PUT http://[::1]:8080/2/216456/AUTH_e41560788c7b460fa374fdc94f22590f/gnocchi.5939d4f3-c002-4ec2-82d2-d8aec1404afd/none_v3" "tx8344961658a840c79ffb1-00699a7a6a" "object-server 99152" 0.0035 "-" 98785 0
Feb 21 22:39:22 np0005625961.novalocal object-server[99152]: ::1 - - [22/Feb/2026:03:39:22 +0000] "PUT /2/216456/AUTH_e41560788c7b460fa374fdc94f22590f/gnocchi.5939d4f3-c002-4ec2-82d2-d8aec1404afd/none_v3" 201 - "PUT https://[::1]:8080/v1/AUTH_e41560788c7b460fa374fdc94f22590f/gnocchi.5939d4f3-c002-4ec2-82d2-d8aec1404afd/none_v3" "tx8344961658a840c79ffb1-00699a7a6a" "proxy-server 100219" 0.0210 "-" 99152 0
Feb 21 22:39:22 np0005625961.novalocal proxy-server[100219]: ::1 ::1 22/Feb/2026/03/39/22 PUT /v1/AUTH_e41560788c7b460fa374fdc94f22590f/gnocchi.5939d4f3-c002-4ec2-82d2-d8aec1404afd/none_v3 HTTP/1.0 201 - python-swiftclient-4.8.0 gAAAAABpmnpTVjhT... 22 - - tx8344961658a840c79ffb1-00699a7a6a - 0.0378 - - 1771731562.416980267 1771731562.454804897 0 17d6eceedce248e7bcac4363c7b2aeaa
Feb 21 22:39:22 np0005625961.novalocal systemd-udevd[106955]: Network interface NamePolicy= disabled on kernel command line.
Feb 21 22:39:22 np0005625961.novalocal systemd-udevd[106956]: Network interface NamePolicy= disabled on kernel command line.
Feb 21 22:39:22 np0005625961.novalocal kernel: qvobc2b781a-de: entered promiscuous mode
Feb 21 22:39:22 np0005625961.novalocal systemd-udevd[106957]: Network interface NamePolicy= disabled on kernel command line.
Feb 21 22:39:22 np0005625961.novalocal NetworkManager[868]: [1771731562.4824] device (qbrbc2b781a-de): state change: unmanaged -> unavailable (reason 'connection-assumed', managed-type: 'external')
Feb 21 22:39:22 np0005625961.novalocal NetworkManager[868]: [1771731562.4829] device (qbrbc2b781a-de): state change: unavailable -> disconnected (reason 'connection-assumed', managed-type: 'external')
Feb 21 22:39:22 np0005625961.novalocal NetworkManager[868]: [1771731562.4837] device (qbrbc2b781a-de): Activation: starting connection 'qbrbc2b781a-de' (b8e582f8-feb9-4e37-a088-987f0ec9c31a)
Feb 21 22:39:22 np0005625961.novalocal NetworkManager[868]: [1771731562.4840] device (qbrbc2b781a-de): state change: disconnected -> prepare (reason 'none', managed-type: 'external')
Feb 21 22:39:22 np0005625961.novalocal NetworkManager[868]: [1771731562.4842] device (qbrbc2b781a-de): state change: prepare -> config (reason 'none', managed-type: 'external')
Feb 21 22:39:22 np0005625961.novalocal NetworkManager[868]: [1771731562.4844] device (qbrbc2b781a-de): state change: config -> ip-config (reason 'none', managed-type: 'external')
Feb 21 22:39:22 np0005625961.novalocal NetworkManager[868]: [1771731562.4847] device (qbrbc2b781a-de): state change: ip-config -> ip-check (reason 'none', managed-type: 'external')
Feb 21 22:39:22 np0005625961.novalocal systemd[1]: Starting Network Manager Script Dispatcher Service...
Feb 21 22:39:22 np0005625961.novalocal systemd[1]: Started Network Manager Script Dispatcher Service.
Feb 21 22:39:22 np0005625961.novalocal NetworkManager[868]: [1771731562.5218] device (qbrbc2b781a-de): state change: ip-check -> secondaries (reason 'none', managed-type: 'external')
Feb 21 22:39:22 np0005625961.novalocal NetworkManager[868]: [1771731562.5220] device (qbrbc2b781a-de): state change: secondaries -> activated (reason 'none', managed-type: 'external')
Feb 21 22:39:22 np0005625961.novalocal NetworkManager[868]: [1771731562.5225] device (qbrbc2b781a-de): Activation: successful, device activated.
Feb 21 22:39:22 np0005625961.novalocal systemd[1]: iscsi.service: Unit cannot be reloaded because it is inactive.
Feb 21 22:39:22 np0005625961.novalocal haproxy-metadata-proxy-fc6152ef-a3f7-4020-b18c-8204705fe8c6[105929]: ::ffff:10.100.0.8:36070 [21/Feb/2026:22:39:21.543] listener listener/metadata 0/0/0/1019/1019 200 87 - - ---- 1/1/0/0/0 0/0 "GET /2009-04-04/meta-data/ami-launch-index HTTP/1.1"
Feb 21 22:39:23 np0005625961.novalocal haproxy-metadata-proxy-fc6152ef-a3f7-4020-b18c-8204705fe8c6[105929]: ::ffff:10.100.0.8:36078 [21/Feb/2026:22:39:22.599] listener listener/metadata 0/0/0/1024/1024 200 93 - - ---- 1/1/0/0/0 0/0 "GET /2009-04-04/meta-data/instance-type HTTP/1.1"
Feb 21 22:39:24 np0005625961.novalocal kernel: qbrbc2b781a-de: port 2(tapbc2b781a-de) entered blocking state
Feb 21 22:39:24 np0005625961.novalocal kernel: qbrbc2b781a-de: port 2(tapbc2b781a-de) entered disabled state
Feb 21 22:39:24 np0005625961.novalocal kernel: tapbc2b781a-de: entered allmulticast mode
Feb 21 22:39:24 np0005625961.novalocal kernel: tapbc2b781a-de: entered promiscuous mode
Feb 21 22:39:24 np0005625961.novalocal kernel: qbrbc2b781a-de: port 2(tapbc2b781a-de) entered blocking state
Feb 21 22:39:24 np0005625961.novalocal kernel: qbrbc2b781a-de: port 2(tapbc2b781a-de) entered forwarding state
Feb 21 22:39:24 np0005625961.novalocal NetworkManager[868]: [1771731564.0450] manager: (tapbc2b781a-de): new Tun device (/org/freedesktop/NetworkManager/Devices/33)
Feb 21 22:39:24 np0005625961.novalocal systemd-udevd[106972]: Network interface NamePolicy= disabled on kernel command line.
Feb 21 22:39:24 np0005625961.novalocal virtqemud[101703]: Domain id=3 name='instance-00000003' uuid=891dc7cf-12f4-4c65-8885-eaf2eb393d35 is tainted: deprecated-config (machine type 'pc-i440fx-rhel7.6.0')
Feb 21 22:39:24 np0005625961.novalocal virtqemud[101703]: Domain id=3 name='instance-00000003' uuid=891dc7cf-12f4-4c65-8885-eaf2eb393d35 is tainted: deprecated-config (CPU model 'qemu64')
Feb 21 22:39:24 np0005625961.novalocal NetworkManager[868]: [1771731564.0598] device (tapbc2b781a-de): state change: unmanaged -> unavailable (reason 'connection-assumed', managed-type: 'external')
Feb 21 22:39:24 np0005625961.novalocal NetworkManager[868]: [1771731564.0608] device (tapbc2b781a-de): state change: unavailable -> disconnected (reason 'connection-assumed', managed-type: 'external')
Feb 21 22:39:24 np0005625961.novalocal NetworkManager[868]: [1771731564.0617] device (tapbc2b781a-de): Activation: starting connection 'tapbc2b781a-de' (975dc26a-7fa7-4d7f-b2de-403f491fbcd6)
Feb 21 22:39:24 np0005625961.novalocal NetworkManager[868]: [1771731564.0619] device (tapbc2b781a-de): state change: disconnected -> prepare (reason 'none', managed-type: 'external')
Feb 21 22:39:24 np0005625961.novalocal NetworkManager[868]: [1771731564.0623] device (tapbc2b781a-de): state change: prepare -> config (reason 'none', managed-type: 'external')
Feb 21 22:39:24 np0005625961.novalocal NetworkManager[868]: [1771731564.0626] device (tapbc2b781a-de): state change: config -> ip-config (reason 'none', managed-type: 'external')
Feb 21 22:39:24 np0005625961.novalocal NetworkManager[868]: [1771731564.0628] device (qbrbc2b781a-de): bridge port tapbc2b781a-de was attached
Feb 21 22:39:24 np0005625961.novalocal NetworkManager[868]: [1771731564.0628] device (tapbc2b781a-de): Activation: connection 'tapbc2b781a-de' attached as port, continuing activation
Feb 21 22:39:24 np0005625961.novalocal NetworkManager[868]: [1771731564.0631] device (tapbc2b781a-de): state change: ip-config -> ip-check (reason 'none', managed-type: 'external')
Feb 21 22:39:24 np0005625961.novalocal NetworkManager[868]: [1771731564.0652] device (tapbc2b781a-de): state change: ip-check -> secondaries (reason 'none', managed-type: 'external')
Feb 21 22:39:24 np0005625961.novalocal NetworkManager[868]: [1771731564.0654] device (tapbc2b781a-de): state change: secondaries -> activated (reason 'none', managed-type: 'external')
Feb 21 22:39:24 np0005625961.novalocal NetworkManager[868]: [1771731564.0661] device (tapbc2b781a-de): Activation: successful, device activated.
Feb 21 22:39:24 np0005625961.novalocal systemd-machined[95225]: New machine qemu-3-instance-00000003.
Feb 21 22:39:24 np0005625961.novalocal systemd[1]: Started Virtual Machine qemu-3-instance-00000003.
Feb 21 22:39:24 np0005625961.novalocal systemd[1]: iscsi.service: Unit cannot be reloaded because it is inactive.
Feb 21 22:39:24 np0005625961.novalocal haproxy-metadata-proxy-fc6152ef-a3f7-4020-b18c-8204705fe8c6[105929]: ::ffff:10.100.0.8:36090 [21/Feb/2026:22:39:23.693] listener listener/metadata 0/0/0/1044/1044 200 97 - - ---- 1/1/0/0/0 0/0 "GET /2009-04-04/meta-data/local-ipv4 HTTP/1.1"
Feb 21 22:39:24 np0005625961.novalocal kernel: Warning: Deprecated Driver is detected: ip_set will not be maintained in a future major release and may be disabled
Feb 21 22:39:24 np0005625961.novalocal kernel: Warning: Deprecated Driver is detected: ip_set_init will not be maintained in a future major release and may be disabled
Feb 21 22:39:25 np0005625961.novalocal haproxy-metadata-proxy-fc6152ef-a3f7-4020-b18c-8204705fe8c6[105929]: ::ffff:10.100.0.8:36094 [21/Feb/2026:22:39:24.813] listener listener/metadata 0/0/0/1039/1039 200 99 - - ---- 1/1/0/0/0 0/0 "GET /2009-04-04/meta-data/public-ipv4 HTTP/1.1"
Feb 21 22:39:26 np0005625961.novalocal sudo[107049]: cinder : PWD=/ ; USER=root ; COMMAND=/usr/bin/cinder-rootwrap /etc/cinder/rootwrap.conf env LC_ALL=C vgs --noheadings --unit=g -o name,size,free,lv_count,uuid --separator : --nosuffix cinder-volumes
Feb 21 22:39:26 np0005625961.novalocal systemd[1]: Started Session c95 of User root.
Feb 21 22:39:26 np0005625961.novalocal sudo[107049]: pam_unix(sudo:session): session opened for user root(uid=0) by (uid=165)
Feb 21 22:39:26 np0005625961.novalocal sudo[107049]: pam_unix(sudo:session): session closed for user root
Feb 21 22:39:26 np0005625961.novalocal systemd[1]: session-c95.scope: Deactivated successfully.
Feb 21 22:39:26 np0005625961.novalocal sudo[107054]: cinder : PWD=/ ; USER=root ; COMMAND=/usr/bin/cinder-rootwrap /etc/cinder/rootwrap.conf env LC_ALL=C lvs --noheadings --unit=g -o vg_name,name,size --nosuffix --readonly cinder-volumes
Feb 21 22:39:26 np0005625961.novalocal systemd[1]: Started Session c96 of User root.
Feb 21 22:39:26 np0005625961.novalocal sudo[107054]: pam_unix(sudo:session): session opened for user root(uid=0) by (uid=165)
Feb 21 22:39:26 np0005625961.novalocal sudo[107054]: pam_unix(sudo:session): session closed for user root
Feb 21 22:39:26 np0005625961.novalocal systemd[1]: session-c96.scope: Deactivated successfully.
Feb 21 22:39:26 np0005625961.novalocal sudo[107058]: cinder : PWD=/ ; USER=root ; COMMAND=/usr/bin/cinder-rootwrap /etc/cinder/rootwrap.conf env LC_ALL=C lvs --noheadings --unit=g -o size,data_percent --separator : --nosuffix /dev/cinder-volumes/cinder-volumes-pool
Feb 21 22:39:26 np0005625961.novalocal haproxy-metadata-proxy-fc6152ef-a3f7-4020-b18c-8204705fe8c6[105929]: ::ffff:10.100.0.8:36106 [21/Feb/2026:22:39:25.901] listener listener/metadata 0/0/0/1023/1023 200 152 - - ---- 1/1/0/0/0 0/0 "GET /2009-04-04/meta-data/hostname HTTP/1.1"
Feb 21 22:39:26 np0005625961.novalocal systemd[1]: Started Session c97 of User root.
Feb 21 22:39:26 np0005625961.novalocal sudo[107058]: pam_unix(sudo:session): session opened for user root(uid=0) by (uid=165)
Feb 21 22:39:27 np0005625961.novalocal container-server[98785]: ::1 - - [22/Feb/2026:03:39:27 +0000] "HEAD /3/20745/AUTH_e41560788c7b460fa374fdc94f22590f/gnocchi.555943b0-ab89-411d-b6f8-0ae1baf1502c" 404 - "HEAD http://[::1]:8080/v1/AUTH_e41560788c7b460fa374fdc94f22590f/gnocchi.555943b0-ab89-411d-b6f8-0ae1baf1502c" "tx6571804120914725aece9-00699a7a6f" "proxy-server 100219" 0.0006 "-" 98785 0
Feb 21 22:39:27 np0005625961.novalocal container-server[98785]: ::1 - - [22/Feb/2026:03:39:27 +0000] "HEAD /2/20745/AUTH_e41560788c7b460fa374fdc94f22590f/gnocchi.555943b0-ab89-411d-b6f8-0ae1baf1502c" 404 - "HEAD http://[::1]:8080/v1/AUTH_e41560788c7b460fa374fdc94f22590f/gnocchi.555943b0-ab89-411d-b6f8-0ae1baf1502c" "tx6571804120914725aece9-00699a7a6f" "proxy-server 100219" 0.0003 "-" 98785 0
Feb 21 22:39:27 np0005625961.novalocal container-server[98785]: ::1 - - [22/Feb/2026:03:39:27 +0000] "HEAD /1/20745/AUTH_e41560788c7b460fa374fdc94f22590f/gnocchi.555943b0-ab89-411d-b6f8-0ae1baf1502c" 404 - "HEAD http://[::1]:8080/v1/AUTH_e41560788c7b460fa374fdc94f22590f/gnocchi.555943b0-ab89-411d-b6f8-0ae1baf1502c" "tx6571804120914725aece9-00699a7a6f" "proxy-server 100219" 0.0003 "-" 98785 0
Feb 21 22:39:27 np0005625961.novalocal proxy-server[100219]: - - 22/Feb/2026/03/39/27 HEAD /v1/AUTH_e41560788c7b460fa374fdc94f22590f/gnocchi.555943b0-ab89-411d-b6f8-0ae1baf1502c HTTP/1.0 404 - Swift - - - - tx6571804120914725aece9-00699a7a6f - 0.0106 CS - 1771731567.126015186 1771731567.136631250 0 -
Feb 21 22:39:27 np0005625961.novalocal object-server[99152]: ::1 - - [22/Feb/2026:03:39:27 +0000] "GET /1/228378/AUTH_e41560788c7b460fa374fdc94f22590f/gnocchi.555943b0-ab89-411d-b6f8-0ae1baf1502c/none_v3" 404 70 "GET https://[::1]:8080/v1/AUTH_e41560788c7b460fa374fdc94f22590f/gnocchi.555943b0-ab89-411d-b6f8-0ae1baf1502c/none_v3" "tx6571804120914725aece9-00699a7a6f" "proxy-server 100219" 0.0005 "-" 99152 0
Feb 21 22:39:27 np0005625961.novalocal object-server[99151]: ::1 - - [22/Feb/2026:03:39:27 +0000] "GET /3/228378/AUTH_e41560788c7b460fa374fdc94f22590f/gnocchi.555943b0-ab89-411d-b6f8-0ae1baf1502c/none_v3" 404 70 "GET https://[::1]:8080/v1/AUTH_e41560788c7b460fa374fdc94f22590f/gnocchi.555943b0-ab89-411d-b6f8-0ae1baf1502c/none_v3" "tx6571804120914725aece9-00699a7a6f" "proxy-server 100219" 0.0004 "-" 99151 0
Feb 21 22:39:27 np0005625961.novalocal object-server[99151]: ::1 - - [22/Feb/2026:03:39:27 +0000] "GET /2/228378/AUTH_e41560788c7b460fa374fdc94f22590f/gnocchi.555943b0-ab89-411d-b6f8-0ae1baf1502c/none_v3" 404 70 "GET https://[::1]:8080/v1/AUTH_e41560788c7b460fa374fdc94f22590f/gnocchi.555943b0-ab89-411d-b6f8-0ae1baf1502c/none_v3" "tx6571804120914725aece9-00699a7a6f" "proxy-server 100219" 0.0002 "-" 99151 0
Feb 21 22:39:27 np0005625961.novalocal proxy-server[100219]: ::1 ::1 22/Feb/2026/03/39/27 GET /v1/AUTH_e41560788c7b460fa374fdc94f22590f/gnocchi.555943b0-ab89-411d-b6f8-0ae1baf1502c/none_v3 HTTP/1.0 404 - python-swiftclient-4.8.0 gAAAAABpmnpTVjhT... - 70 - tx6571804120914725aece9-00699a7a6f - 0.0235 - - 1771731567.124719858 1771731567.148208618 0 17d6eceedce248e7bcac4363c7b2aeaa
Feb 21 22:39:27 np0005625961.novalocal account-server[98425]: ::1 - - [22/Feb/2026:03:39:27 +0000] "PUT /2/161627/AUTH_e41560788c7b460fa374fdc94f22590f/gnocchi.555943b0-ab89-411d-b6f8-0ae1baf1502c" 201 - "PUT http://[::1]:6001/2/20745/AUTH_e41560788c7b460fa374fdc94f22590f/gnocchi.555943b0-ab89-411d-b6f8-0ae1baf1502c" "tx22e6008db1d14456a8b26-00699a7a6f" "container-server 98785" 0.0047 "-" 98425 0
Feb 21 22:39:27 np0005625961.novalocal account-server[98425]: ::1 - - [22/Feb/2026:03:39:27 +0000] "PUT /3/161627/AUTH_e41560788c7b460fa374fdc94f22590f/gnocchi.555943b0-ab89-411d-b6f8-0ae1baf1502c" 201 - "PUT http://[::1]:6001/1/20745/AUTH_e41560788c7b460fa374fdc94f22590f/gnocchi.555943b0-ab89-411d-b6f8-0ae1baf1502c" "tx22e6008db1d14456a8b26-00699a7a6f" "container-server 98786" 0.0045 "-" 98425 0
Feb 21 22:39:27 np0005625961.novalocal container-server[98786]: ::1 - - [22/Feb/2026:03:39:27 +0000] "PUT /1/20745/AUTH_e41560788c7b460fa374fdc94f22590f/gnocchi.555943b0-ab89-411d-b6f8-0ae1baf1502c" 201 - "PUT https://[::1]:8080/v1/AUTH_e41560788c7b460fa374fdc94f22590f/gnocchi.555943b0-ab89-411d-b6f8-0ae1baf1502c" "tx22e6008db1d14456a8b26-00699a7a6f" "proxy-server 100219" 0.0257 "-" 98786 0
Feb 21 22:39:27 np0005625961.novalocal container-server[98785]: ::1 - - [22/Feb/2026:03:39:27 +0000] "PUT /2/20745/AUTH_e41560788c7b460fa374fdc94f22590f/gnocchi.555943b0-ab89-411d-b6f8-0ae1baf1502c" 201 - "PUT https://[::1]:8080/v1/AUTH_e41560788c7b460fa374fdc94f22590f/gnocchi.555943b0-ab89-411d-b6f8-0ae1baf1502c" "tx22e6008db1d14456a8b26-00699a7a6f" "proxy-server 100219" 0.0375 "-" 98785 0
Feb 21 22:39:27 np0005625961.novalocal account-server[98426]: ::1 - - [22/Feb/2026:03:39:27 +0000] "PUT /1/161627/AUTH_e41560788c7b460fa374fdc94f22590f/gnocchi.555943b0-ab89-411d-b6f8-0ae1baf1502c" 201 - "PUT http://[::1]:6001/3/20745/AUTH_e41560788c7b460fa374fdc94f22590f/gnocchi.555943b0-ab89-411d-b6f8-0ae1baf1502c" "tx22e6008db1d14456a8b26-00699a7a6f" "container-server 98785" 0.0044 "-" 98426 0
Feb 21 22:39:27 np0005625961.novalocal container-server[98785]: ::1 - - [22/Feb/2026:03:39:27 +0000] "PUT /3/20745/AUTH_e41560788c7b460fa374fdc94f22590f/gnocchi.555943b0-ab89-411d-b6f8-0ae1baf1502c" 201 - "PUT https://[::1]:8080/v1/AUTH_e41560788c7b460fa374fdc94f22590f/gnocchi.555943b0-ab89-411d-b6f8-0ae1baf1502c" "tx22e6008db1d14456a8b26-00699a7a6f" "proxy-server 100219" 0.0287 "-" 98785 0
Feb 21 22:39:27 np0005625961.novalocal proxy-server[100219]: ::1 ::1 22/Feb/2026/03/39/27 PUT /v1/AUTH_e41560788c7b460fa374fdc94f22590f/gnocchi.555943b0-ab89-411d-b6f8-0ae1baf1502c HTTP/1.0 201 - python-swiftclient-4.8.0 gAAAAABpmnpTVjhT... - - - tx22e6008db1d14456a8b26-00699a7a6f - 0.0511 - - 1771731567.151075363 1771731567.202210903 0 17d6eceedce248e7bcac4363c7b2aeaa
Feb 21 22:39:27 np0005625961.novalocal container-server[98785]: ::1 - - [22/Feb/2026:03:39:27 +0000] "HEAD /2/20745/AUTH_e41560788c7b460fa374fdc94f22590f/gnocchi.555943b0-ab89-411d-b6f8-0ae1baf1502c" 204 - "HEAD http://[::1]:8080/v1/AUTH_e41560788c7b460fa374fdc94f22590f/gnocchi.555943b0-ab89-411d-b6f8-0ae1baf1502c" "tx3aef2f5bb4d44ba69e602-00699a7a6f" "proxy-server 100219" 0.0018 "-" 98785 0
Feb 21 22:39:27 np0005625961.novalocal proxy-server[100219]: - - 22/Feb/2026/03/39/27 HEAD /v1/AUTH_e41560788c7b460fa374fdc94f22590f/gnocchi.555943b0-ab89-411d-b6f8-0ae1baf1502c HTTP/1.0 204 - Swift - - - - tx3aef2f5bb4d44ba69e602-00699a7a6f - 0.0054 CS - 1771731567.207313061 1771731567.212683439 0 -
Feb 21 22:39:27 np0005625961.novalocal container-server[98785]: ::1 - - [22/Feb/2026:03:39:27 +0000] "GET /1/20745/AUTH_e41560788c7b460fa374fdc94f22590f/gnocchi.555943b0-ab89-411d-b6f8-0ae1baf1502c" 200 2 "GET https://[::1]:8080/v1/AUTH_e41560788c7b460fa374fdc94f22590f/gnocchi.555943b0-ab89-411d-b6f8-0ae1baf1502c?format=json&states=listing" "tx3aef2f5bb4d44ba69e602-00699a7a6f" "proxy-server 100219" 0.0030 "-" 98785 0
Feb 21 22:39:27 np0005625961.novalocal proxy-server[100219]: ::1 ::1 22/Feb/2026/03/39/27 GET /v1/AUTH_e41560788c7b460fa374fdc94f22590f/gnocchi.555943b0-ab89-411d-b6f8-0ae1baf1502c%3Fformat%3Djson%26states%3Dlisting HTTP/1.0 200 - python-swiftclient-4.8.0 gAAAAABpmnpTVjhT... - 2 - tx3aef2f5bb4d44ba69e602-00699a7a6f - 0.0160 - - 1771731567.206641436 1771731567.222650766 0 17d6eceedce248e7bcac4363c7b2aeaa
Feb 21 22:39:27 np0005625961.novalocal object-server[99151]: ::1 - - [22/Feb/2026:03:39:27 +0000] "GET /1/250062/AUTH_e41560788c7b460fa374fdc94f22590f/gnocchi.555943b0-ab89-411d-b6f8-0ae1baf1502c/1771200000.0_mean_300.0_v3" 404 70 "GET https://[::1]:8080/v1/AUTH_e41560788c7b460fa374fdc94f22590f/gnocchi.555943b0-ab89-411d-b6f8-0ae1baf1502c/1771200000.0_mean_300.0_v3" "tx191560c1d67e418ab9b2f-00699a7a6f" "proxy-server 100219" 0.0005 "-" 99151 0
Feb 21 22:39:27 np0005625961.novalocal object-server[99152]: ::1 - - [22/Feb/2026:03:39:27 +0000] "GET /2/250062/AUTH_e41560788c7b460fa374fdc94f22590f/gnocchi.555943b0-ab89-411d-b6f8-0ae1baf1502c/1771200000.0_mean_300.0_v3" 404 70 "GET https://[::1]:8080/v1/AUTH_e41560788c7b460fa374fdc94f22590f/gnocchi.555943b0-ab89-411d-b6f8-0ae1baf1502c/1771200000.0_mean_300.0_v3" "tx191560c1d67e418ab9b2f-00699a7a6f" "proxy-server 100219" 0.0006 "-" 99152 0
Feb 21 22:39:27 np0005625961.novalocal object-server[99152]: ::1 - - [22/Feb/2026:03:39:27 +0000] "GET /3/250062/AUTH_e41560788c7b460fa374fdc94f22590f/gnocchi.555943b0-ab89-411d-b6f8-0ae1baf1502c/1771200000.0_mean_300.0_v3" 404 70 "GET https://[::1]:8080/v1/AUTH_e41560788c7b460fa374fdc94f22590f/gnocchi.555943b0-ab89-411d-b6f8-0ae1baf1502c/1771200000.0_mean_300.0_v3" "tx191560c1d67e418ab9b2f-00699a7a6f" "proxy-server 100219" 0.0004 "-" 99152 0
Feb 21 22:39:27 np0005625961.novalocal proxy-server[100219]: ::1 ::1 22/Feb/2026/03/39/27 GET /v1/AUTH_e41560788c7b460fa374fdc94f22590f/gnocchi.555943b0-ab89-411d-b6f8-0ae1baf1502c/1771200000.0_mean_300.0_v3 HTTP/1.0 404 - python-swiftclient-4.8.0 gAAAAABpmnpTVjhT... - 70 - tx191560c1d67e418ab9b2f-00699a7a6f - 0.0149 - - 1771731567.226650953 1771731567.241539478 0 17d6eceedce248e7bcac4363c7b2aeaa
Feb 21 22:39:27 np0005625961.novalocal container-server[98785]: ::1 - - [22/Feb/2026:03:39:27 +0000] "PUT /3/20745/AUTH_e41560788c7b460fa374fdc94f22590f/gnocchi.555943b0-ab89-411d-b6f8-0ae1baf1502c/1771200000.0_mean_300.0_v3" 201 - "PUT http://[::1]:8080/1/250062/AUTH_e41560788c7b460fa374fdc94f22590f/gnocchi.555943b0-ab89-411d-b6f8-0ae1baf1502c/1771200000.0_mean_300.0_v3" "txd7536abaf2134633ac04a-00699a7a6f" "object-server 99152" 0.0007 "-" 98785 0
Feb 21 22:39:27 np0005625961.novalocal object-server[99152]: ::1 - - [22/Feb/2026:03:39:27 +0000] "PUT /1/250062/AUTH_e41560788c7b460fa374fdc94f22590f/gnocchi.555943b0-ab89-411d-b6f8-0ae1baf1502c/1771200000.0_mean_300.0_v3" 201 - "PUT https://[::1]:8080/v1/AUTH_e41560788c7b460fa374fdc94f22590f/gnocchi.555943b0-ab89-411d-b6f8-0ae1baf1502c/1771200000.0_mean_300.0_v3" "txd7536abaf2134633ac04a-00699a7a6f" "proxy-server 100219" 0.0181 "-" 99152 0
Feb 21 22:39:27 np0005625961.novalocal container-server[98785]: ::1 - - [22/Feb/2026:03:39:27 +0000] "PUT /1/20745/AUTH_e41560788c7b460fa374fdc94f22590f/gnocchi.555943b0-ab89-411d-b6f8-0ae1baf1502c/1771200000.0_mean_300.0_v3" 201 - "PUT http://[::1]:8080/2/250062/AUTH_e41560788c7b460fa374fdc94f22590f/gnocchi.555943b0-ab89-411d-b6f8-0ae1baf1502c/1771200000.0_mean_300.0_v3" "txd7536abaf2134633ac04a-00699a7a6f" "object-server 99151" 0.0007 "-" 98785 0
Feb 21 22:39:27 np0005625961.novalocal container-server[98786]: ::1 - - [22/Feb/2026:03:39:27 +0000] "PUT /2/20745/AUTH_e41560788c7b460fa374fdc94f22590f/gnocchi.555943b0-ab89-411d-b6f8-0ae1baf1502c/1771200000.0_mean_300.0_v3" 201 - "PUT http://[::1]:8080/3/250062/AUTH_e41560788c7b460fa374fdc94f22590f/gnocchi.555943b0-ab89-411d-b6f8-0ae1baf1502c/1771200000.0_mean_300.0_v3" "txd7536abaf2134633ac04a-00699a7a6f" "object-server 99151" 0.0009 "-" 98786 0
Feb 21 22:39:27 np0005625961.novalocal object-server[99151]: ::1 - - [22/Feb/2026:03:39:27 +0000] "PUT /2/250062/AUTH_e41560788c7b460fa374fdc94f22590f/gnocchi.555943b0-ab89-411d-b6f8-0ae1baf1502c/1771200000.0_mean_300.0_v3" 201 - "PUT https://[::1]:8080/v1/AUTH_e41560788c7b460fa374fdc94f22590f/gnocchi.555943b0-ab89-411d-b6f8-0ae1baf1502c/1771200000.0_mean_300.0_v3" "txd7536abaf2134633ac04a-00699a7a6f" "proxy-server 100219" 0.0186 "-" 99151 0
Feb 21 22:39:27 np0005625961.novalocal object-server[99151]: ::1 - - [22/Feb/2026:03:39:27 +0000] "PUT /3/250062/AUTH_e41560788c7b460fa374fdc94f22590f/gnocchi.555943b0-ab89-411d-b6f8-0ae1baf1502c/1771200000.0_mean_300.0_v3" 201 - "PUT https://[::1]:8080/v1/AUTH_e41560788c7b460fa374fdc94f22590f/gnocchi.555943b0-ab89-411d-b6f8-0ae1baf1502c/1771200000.0_mean_300.0_v3" "txd7536abaf2134633ac04a-00699a7a6f" "proxy-server 100219" 0.0217 "-" 99151 0
Feb 21 22:39:27 np0005625961.novalocal proxy-server[100219]: ::1 ::1 22/Feb/2026/03/39/27 PUT /v1/AUTH_e41560788c7b460fa374fdc94f22590f/gnocchi.555943b0-ab89-411d-b6f8-0ae1baf1502c/1771200000.0_mean_300.0_v3 HTTP/1.0 201 - python-swiftclient-4.8.0 gAAAAABpmnpTVjhT... 16 - - txd7536abaf2134633ac04a-00699a7a6f - 0.0293 - - 1771731567.245167017 1771731567.274507284 0 17d6eceedce248e7bcac4363c7b2aeaa
Feb 21 22:39:27 np0005625961.novalocal container-server[98786]: ::1 - - [22/Feb/2026:03:39:27 +0000] "PUT /3/20745/AUTH_e41560788c7b460fa374fdc94f22590f/gnocchi.555943b0-ab89-411d-b6f8-0ae1baf1502c/none_v3" 201 - "PUT http://[::1]:8080/1/228378/AUTH_e41560788c7b460fa374fdc94f22590f/gnocchi.555943b0-ab89-411d-b6f8-0ae1baf1502c/none_v3" "tx294d1f9256a149ff99c1a-00699a7a6f" "object-server 99151" 0.0012 "-" 98786 0
Feb 21 22:39:27 np0005625961.novalocal container-server[98785]: ::1 - - [22/Feb/2026:03:39:27 +0000] "PUT /2/20745/AUTH_e41560788c7b460fa374fdc94f22590f/gnocchi.555943b0-ab89-411d-b6f8-0ae1baf1502c/none_v3" 201 - "PUT http://[::1]:8080/3/228378/AUTH_e41560788c7b460fa374fdc94f22590f/gnocchi.555943b0-ab89-411d-b6f8-0ae1baf1502c/none_v3" "tx294d1f9256a149ff99c1a-00699a7a6f" "object-server 99151" 0.0007 "-" 98785 0
Feb 21 22:39:27 np0005625961.novalocal object-server[99151]: ::1 - - [22/Feb/2026:03:39:27 +0000] "PUT /1/228378/AUTH_e41560788c7b460fa374fdc94f22590f/gnocchi.555943b0-ab89-411d-b6f8-0ae1baf1502c/none_v3" 201 - "PUT https://[::1]:8080/v1/AUTH_e41560788c7b460fa374fdc94f22590f/gnocchi.555943b0-ab89-411d-b6f8-0ae1baf1502c/none_v3" "tx294d1f9256a149ff99c1a-00699a7a6f" "proxy-server 100219" 0.0162 "-" 99151 0
Feb 21 22:39:27 np0005625961.novalocal container-server[98786]: ::1 - - [22/Feb/2026:03:39:27 +0000] "PUT /1/20745/AUTH_e41560788c7b460fa374fdc94f22590f/gnocchi.555943b0-ab89-411d-b6f8-0ae1baf1502c/none_v3" 201 - "PUT http://[::1]:8080/2/228378/AUTH_e41560788c7b460fa374fdc94f22590f/gnocchi.555943b0-ab89-411d-b6f8-0ae1baf1502c/none_v3" "tx294d1f9256a149ff99c1a-00699a7a6f" "object-server 99151" 0.0005 "-" 98786 0
Feb 21 22:39:27 np0005625961.novalocal object-server[99151]: ::1 - - [22/Feb/2026:03:39:27 +0000] "PUT /3/228378/AUTH_e41560788c7b460fa374fdc94f22590f/gnocchi.555943b0-ab89-411d-b6f8-0ae1baf1502c/none_v3" 201 - "PUT https://[::1]:8080/v1/AUTH_e41560788c7b460fa374fdc94f22590f/gnocchi.555943b0-ab89-411d-b6f8-0ae1baf1502c/none_v3" "tx294d1f9256a149ff99c1a-00699a7a6f" "proxy-server 100219" 0.0137 "-" 99151 0
Feb 21 22:39:27 np0005625961.novalocal object-server[99151]: ::1 - - [22/Feb/2026:03:39:27 +0000] "PUT /2/228378/AUTH_e41560788c7b460fa374fdc94f22590f/gnocchi.555943b0-ab89-411d-b6f8-0ae1baf1502c/none_v3" 201 - "PUT https://[::1]:8080/v1/AUTH_e41560788c7b460fa374fdc94f22590f/gnocchi.555943b0-ab89-411d-b6f8-0ae1baf1502c/none_v3" "tx294d1f9256a149ff99c1a-00699a7a6f" "proxy-server 100219" 0.0168 "-" 99151 0
Feb 21 22:39:27 np0005625961.novalocal proxy-server[100219]: ::1 ::1 22/Feb/2026/03/39/27 PUT /v1/AUTH_e41560788c7b460fa374fdc94f22590f/gnocchi.555943b0-ab89-411d-b6f8-0ae1baf1502c/none_v3 HTTP/1.0 201 - python-swiftclient-4.8.0 gAAAAABpmnpTVjhT... 22 - - tx294d1f9256a149ff99c1a-00699a7a6f - 0.0261 - - 1771731567.277719259 1771731567.303773880 0 17d6eceedce248e7bcac4363c7b2aeaa
Feb 21 22:39:27 np0005625961.novalocal sudo[107058]: pam_unix(sudo:session): session closed for user root
Feb 21 22:39:27 np0005625961.novalocal systemd[1]: session-c97.scope: Deactivated successfully.
Feb 21 22:39:27 np0005625961.novalocal sudo[107063]: cinder : PWD=/ ; USER=root ; COMMAND=/usr/bin/cinder-rootwrap /etc/cinder/rootwrap.conf env LC_ALL=C lvs --noheadings --unit=g -o vg_name,name,size --nosuffix --readonly cinder-volumes
Feb 21 22:39:27 np0005625961.novalocal systemd[1]: Started Session c98 of User root.
Feb 21 22:39:27 np0005625961.novalocal sudo[107063]: pam_unix(sudo:session): session opened for user root(uid=0) by (uid=165)
Feb 21 22:39:27 np0005625961.novalocal container-server[98785]: ::1 - - [22/Feb/2026:03:39:27 +0000] "HEAD /2/163963/AUTH_e41560788c7b460fa374fdc94f22590f/gnocchi.bdbaa41d-2c01-44dd-999b-a1b700dd3e61" 404 - "HEAD http://[::1]:8080/v1/AUTH_e41560788c7b460fa374fdc94f22590f/gnocchi.bdbaa41d-2c01-44dd-999b-a1b700dd3e61" "txfa2fec15113e4757a8359-00699a7a6f" "proxy-server 100219" 0.0004 "-" 98785 0
Feb 21 22:39:27 np0005625961.novalocal container-server[98786]: ::1 - - [22/Feb/2026:03:39:27 +0000] "HEAD /3/163963/AUTH_e41560788c7b460fa374fdc94f22590f/gnocchi.bdbaa41d-2c01-44dd-999b-a1b700dd3e61" 404 - "HEAD http://[::1]:8080/v1/AUTH_e41560788c7b460fa374fdc94f22590f/gnocchi.bdbaa41d-2c01-44dd-999b-a1b700dd3e61" "txfa2fec15113e4757a8359-00699a7a6f" "proxy-server 100219" 0.0005 "-" 98786 0
Feb 21 22:39:27 np0005625961.novalocal container-server[98786]: ::1 - - [22/Feb/2026:03:39:27 +0000] "HEAD /1/163963/AUTH_e41560788c7b460fa374fdc94f22590f/gnocchi.bdbaa41d-2c01-44dd-999b-a1b700dd3e61" 404 - "HEAD http://[::1]:8080/v1/AUTH_e41560788c7b460fa374fdc94f22590f/gnocchi.bdbaa41d-2c01-44dd-999b-a1b700dd3e61" "txfa2fec15113e4757a8359-00699a7a6f" "proxy-server 100219" 0.0004 "-" 98786 0
Feb 21 22:39:27 np0005625961.novalocal proxy-server[100219]: - - 22/Feb/2026/03/39/27 HEAD /v1/AUTH_e41560788c7b460fa374fdc94f22590f/gnocchi.bdbaa41d-2c01-44dd-999b-a1b700dd3e61 HTTP/1.0 404 - Swift - - - - txfa2fec15113e4757a8359-00699a7a6f - 0.0111 CS - 1771731567.392266035 1771731567.403392792 0 -
