Feb 21 22:39:50 np0005625961.novalocal container-server[98785]: ::1 - - [22/Feb/2026:03:39:50 +0000] "GET /1/20745/AUTH_e41560788c7b460fa374fdc94f22590f/gnocchi.555943b0-ab89-411d-b6f8-0ae1baf1502c" 200 357 "GET https://[::1]:8080/v1/AUTH_e41560788c7b460fa374fdc94f22590f/gnocchi.555943b0-ab89-411d-b6f8-0ae1baf1502c?format=json&states=listing" "tx5b8dfb26e9944b7aad1e7-00699a7a86" "proxy-server 100218" 0.0035 "-" 98785 0
Feb 21 22:39:50 np0005625961.novalocal proxy-server[100218]: ::1 ::1 22/Feb/2026/03/39/50 GET /v1/AUTH_e41560788c7b460fa374fdc94f22590f/gnocchi.555943b0-ab89-411d-b6f8-0ae1baf1502c%3Fformat%3Djson%26states%3Dlisting HTTP/1.0 200 - python-swiftclient-4.8.0 gAAAAABpmnpRlsm9... - 357 - tx5b8dfb26e9944b7aad1e7-00699a7a86 - 0.0133 - - 1771731590.176488876 1771731590.189835548 0 17d6eceedce248e7bcac4363c7b2aeaa
Feb 21 22:39:50 np0005625961.novalocal container-server[98785]: ::1 - - [22/Feb/2026:03:39:50 +0000] "GET /2/20745/AUTH_e41560788c7b460fa374fdc94f22590f/gnocchi.555943b0-ab89-411d-b6f8-0ae1baf1502c" 200 2 "GET https://[::1]:8080/v1/AUTH_e41560788c7b460fa374fdc94f22590f/gnocchi.555943b0-ab89-411d-b6f8-0ae1baf1502c?format=json&marker=none_v3&states=listing" "txe16b1748b31445f5bb171-00699a7a86" "proxy-server 100218" 0.0038 "-" 98785 0
Feb 21 22:39:50 np0005625961.novalocal proxy-server[100218]: ::1 ::1 22/Feb/2026/03/39/50 GET /v1/AUTH_e41560788c7b460fa374fdc94f22590f/gnocchi.555943b0-ab89-411d-b6f8-0ae1baf1502c%3Fformat%3Djson%26marker%3Dnone_v3%26states%3Dlisting HTTP/1.0 200 - python-swiftclient-4.8.0 gAAAAABpmnpRlsm9... - 2 - txe16b1748b31445f5bb171-00699a7a86 - 0.0126 - - 1771731590.193209648 1771731590.205775499 0 17d6eceedce248e7bcac4363c7b2aeaa
Feb 21 22:39:50 np0005625961.novalocal object-server[99152]: ::1 - - [22/Feb/2026:03:39:50 +0000] "GET /2/250062/AUTH_e41560788c7b460fa374fdc94f22590f/gnocchi.555943b0-ab89-411d-b6f8-0ae1baf1502c/1771200000.0_mean_300.0_v3" 200 16 "GET https://[::1]:8080/v1/AUTH_e41560788c7b460fa374fdc94f22590f/gnocchi.555943b0-ab89-411d-b6f8-0ae1baf1502c/1771200000.0_mean_300.0_v3" "tx232d2e3e0f404fe291fb8-00699a7a86" "proxy-server 100218" 0.0011 "-" 99152 0
Feb 21 22:39:50 np0005625961.novalocal proxy-server[100218]: ::1 ::1 22/Feb/2026/03/39/50 GET /v1/AUTH_e41560788c7b460fa374fdc94f22590f/gnocchi.555943b0-ab89-411d-b6f8-0ae1baf1502c/1771200000.0_mean_300.0_v3 HTTP/1.0 200 - python-swiftclient-4.8.0 gAAAAABpmnpRlsm9... - 16 - tx232d2e3e0f404fe291fb8-00699a7a86 - 0.0102 - - 1771731590.210068226 1771731590.220225573 0 17d6eceedce248e7bcac4363c7b2aeaa
Feb 21 22:39:50 np0005625961.novalocal container-server[98785]: ::1 - - [22/Feb/2026:03:39:50 +0000] "PUT /1/20745/AUTH_e41560788c7b460fa374fdc94f22590f/gnocchi.555943b0-ab89-411d-b6f8-0ae1baf1502c/1771200000.0_mean_300.0_v3" 201 - "PUT http://[::1]:8080/2/250062/AUTH_e41560788c7b460fa374fdc94f22590f/gnocchi.555943b0-ab89-411d-b6f8-0ae1baf1502c/1771200000.0_mean_300.0_v3" "txf13573704f1140048220f-00699a7a86" "object-server 99152" 0.0007 "-" 98785 0
Feb 21 22:39:50 np0005625961.novalocal object-server[99152]: ::1 - - [22/Feb/2026:03:39:50 +0000] "PUT /2/250062/AUTH_e41560788c7b460fa374fdc94f22590f/gnocchi.555943b0-ab89-411d-b6f8-0ae1baf1502c/1771200000.0_mean_300.0_v3" 201 - "PUT https://[::1]:8080/v1/AUTH_e41560788c7b460fa374fdc94f22590f/gnocchi.555943b0-ab89-411d-b6f8-0ae1baf1502c/1771200000.0_mean_300.0_v3" "txf13573704f1140048220f-00699a7a86" "proxy-server 100218" 0.0167 "-" 99152 0
Feb 21 22:39:50 np0005625961.novalocal container-server[98785]: ::1 - - [22/Feb/2026:03:39:50 +0000] "PUT /3/20745/AUTH_e41560788c7b460fa374fdc94f22590f/gnocchi.555943b0-ab89-411d-b6f8-0ae1baf1502c/1771200000.0_mean_300.0_v3" 201 - "PUT http://[::1]:8080/1/250062/AUTH_e41560788c7b460fa374fdc94f22590f/gnocchi.555943b0-ab89-411d-b6f8-0ae1baf1502c/1771200000.0_mean_300.0_v3" "txf13573704f1140048220f-00699a7a86" "object-server 99152" 0.0007 "-" 98785 0
Feb 21 22:39:50 np0005625961.novalocal object-server[99152]: ::1 - - [22/Feb/2026:03:39:50 +0000] "PUT /1/250062/AUTH_e41560788c7b460fa374fdc94f22590f/gnocchi.555943b0-ab89-411d-b6f8-0ae1baf1502c/1771200000.0_mean_300.0_v3" 201 - "PUT https://[::1]:8080/v1/AUTH_e41560788c7b460fa374fdc94f22590f/gnocchi.555943b0-ab89-411d-b6f8-0ae1baf1502c/1771200000.0_mean_300.0_v3" "txf13573704f1140048220f-00699a7a86" "proxy-server 100218" 0.0169 "-" 99152 0
Feb 21 22:39:50 np0005625961.novalocal container-server[98785]: ::1 - - [22/Feb/2026:03:39:50 +0000] "PUT /2/20745/AUTH_e41560788c7b460fa374fdc94f22590f/gnocchi.555943b0-ab89-411d-b6f8-0ae1baf1502c/1771200000.0_mean_300.0_v3" 201 - "PUT http://[::1]:8080/3/250062/AUTH_e41560788c7b460fa374fdc94f22590f/gnocchi.555943b0-ab89-411d-b6f8-0ae1baf1502c/1771200000.0_mean_300.0_v3" "txf13573704f1140048220f-00699a7a86" "object-server 99152" 0.0005 "-" 98785 0
Feb 21 22:39:50 np0005625961.novalocal object-server[99152]: ::1 - - [22/Feb/2026:03:39:50 +0000] "PUT /3/250062/AUTH_e41560788c7b460fa374fdc94f22590f/gnocchi.555943b0-ab89-411d-b6f8-0ae1baf1502c/1771200000.0_mean_300.0_v3" 201 - "PUT https://[::1]:8080/v1/AUTH_e41560788c7b460fa374fdc94f22590f/gnocchi.555943b0-ab89-411d-b6f8-0ae1baf1502c/1771200000.0_mean_300.0_v3" "txf13573704f1140048220f-00699a7a86" "proxy-server 100218" 0.0221 "-" 99152 0
Feb 21 22:39:50 np0005625961.novalocal proxy-server[100218]: ::1 ::1 22/Feb/2026/03/39/50 PUT /v1/AUTH_e41560788c7b460fa374fdc94f22590f/gnocchi.555943b0-ab89-411d-b6f8-0ae1baf1502c/1771200000.0_mean_300.0_v3 HTTP/1.0 201 - python-swiftclient-4.8.0 gAAAAABpmnpRlsm9... 16 - - txf13573704f1140048220f-00699a7a86 - 0.0331 - - 1771731590.223833323 1771731590.256932020 0 17d6eceedce248e7bcac4363c7b2aeaa
Feb 21 22:39:50 np0005625961.novalocal container-server[98786]: ::1 - - [22/Feb/2026:03:39:50 +0000] "PUT /1/20745/AUTH_e41560788c7b460fa374fdc94f22590f/gnocchi.555943b0-ab89-411d-b6f8-0ae1baf1502c/none_v3" 201 - "PUT http://[::1]:8080/2/228378/AUTH_e41560788c7b460fa374fdc94f22590f/gnocchi.555943b0-ab89-411d-b6f8-0ae1baf1502c/none_v3" "tx0863471b700941c8ba3e6-00699a7a86" "object-server 99152" 0.0013 "-" 98786 0
Feb 21 22:39:50 np0005625961.novalocal object-server[99152]: ::1 - - [22/Feb/2026:03:39:50 +0000] "PUT /2/228378/AUTH_e41560788c7b460fa374fdc94f22590f/gnocchi.555943b0-ab89-411d-b6f8-0ae1baf1502c/none_v3" 201 - "PUT https://[::1]:8080/v1/AUTH_e41560788c7b460fa374fdc94f22590f/gnocchi.555943b0-ab89-411d-b6f8-0ae1baf1502c/none_v3" "tx0863471b700941c8ba3e6-00699a7a86" "proxy-server 100218" 0.0123 "-" 99152 0
Feb 21 22:39:50 np0005625961.novalocal container-server[98786]: ::1 - - [22/Feb/2026:03:39:50 +0000] "PUT /3/20745/AUTH_e41560788c7b460fa374fdc94f22590f/gnocchi.555943b0-ab89-411d-b6f8-0ae1baf1502c/none_v3" 201 - "PUT http://[::1]:8080/3/228378/AUTH_e41560788c7b460fa374fdc94f22590f/gnocchi.555943b0-ab89-411d-b6f8-0ae1baf1502c/none_v3" "tx0863471b700941c8ba3e6-00699a7a86" "object-server 99151" 0.0006 "-" 98786 0
Feb 21 22:39:50 np0005625961.novalocal object-server[99151]: ::1 - - [22/Feb/2026:03:39:50 +0000] "PUT /3/228378/AUTH_e41560788c7b460fa374fdc94f22590f/gnocchi.555943b0-ab89-411d-b6f8-0ae1baf1502c/none_v3" 201 - "PUT https://[::1]:8080/v1/AUTH_e41560788c7b460fa374fdc94f22590f/gnocchi.555943b0-ab89-411d-b6f8-0ae1baf1502c/none_v3" "tx0863471b700941c8ba3e6-00699a7a86" "proxy-server 100218" 0.0167 "-" 99151 0
Feb 21 22:39:50 np0005625961.novalocal container-server[98786]: ::1 - - [22/Feb/2026:03:39:50 +0000] "PUT /2/20745/AUTH_e41560788c7b460fa374fdc94f22590f/gnocchi.555943b0-ab89-411d-b6f8-0ae1baf1502c/none_v3" 201 - "PUT http://[::1]:8080/1/228378/AUTH_e41560788c7b460fa374fdc94f22590f/gnocchi.555943b0-ab89-411d-b6f8-0ae1baf1502c/none_v3" "tx0863471b700941c8ba3e6-00699a7a86" "object-server 99152" 0.0009 "-" 98786 0
Feb 21 22:39:50 np0005625961.novalocal object-server[99152]: ::1 - - [22/Feb/2026:03:39:50 +0000] "PUT /1/228378/AUTH_e41560788c7b460fa374fdc94f22590f/gnocchi.555943b0-ab89-411d-b6f8-0ae1baf1502c/none_v3" 201 - "PUT https://[::1]:8080/v1/AUTH_e41560788c7b460fa374fdc94f22590f/gnocchi.555943b0-ab89-411d-b6f8-0ae1baf1502c/none_v3" "tx0863471b700941c8ba3e6-00699a7a86" "proxy-server 100218" 0.0196 "-" 99152 0
Feb 21 22:39:50 np0005625961.novalocal proxy-server[100218]: ::1 ::1 22/Feb/2026/03/39/50 PUT /v1/AUTH_e41560788c7b460fa374fdc94f22590f/gnocchi.555943b0-ab89-411d-b6f8-0ae1baf1502c/none_v3 HTTP/1.0 201 - python-swiftclient-4.8.0 gAAAAABpmnpRlsm9... 47 - - tx0863471b700941c8ba3e6-00699a7a86 - 0.0295 - - 1771731590.262293339 1771731590.291796446 0 17d6eceedce248e7bcac4363c7b2aeaa
Feb 21 22:39:50 np0005625961.novalocal object-server[99152]: ::1 - - [22/Feb/2026:03:39:50 +0000] "GET /2/219036/AUTH_e41560788c7b460fa374fdc94f22590f/gnocchi.bdbaa41d-2c01-44dd-999b-a1b700dd3e61/none_v3" 200 42 "GET https://[::1]:8080/v1/AUTH_e41560788c7b460fa374fdc94f22590f/gnocchi.bdbaa41d-2c01-44dd-999b-a1b700dd3e61/none_v3" "tx93aba74cd8944589bf569-00699a7a86" "proxy-server 100218" 0.0011 "-" 99152 0
Feb 21 22:39:50 np0005625961.novalocal proxy-server[100218]: ::1 ::1 22/Feb/2026/03/39/50 GET /v1/AUTH_e41560788c7b460fa374fdc94f22590f/gnocchi.bdbaa41d-2c01-44dd-999b-a1b700dd3e61/none_v3 HTTP/1.0 200 - python-swiftclient-4.8.0 gAAAAABpmnpRlsm9... - 42 - tx93aba74cd8944589bf569-00699a7a86 - 0.0117 - - 1771731590.364696264 1771731590.376358032 0 17d6eceedce248e7bcac4363c7b2aeaa
Feb 21 22:39:50 np0005625961.novalocal container-server[98785]: ::1 - - [22/Feb/2026:03:39:50 +0000] "GET /3/163963/AUTH_e41560788c7b460fa374fdc94f22590f/gnocchi.bdbaa41d-2c01-44dd-999b-a1b700dd3e61" 200 357 "GET https://[::1]:8080/v1/AUTH_e41560788c7b460fa374fdc94f22590f/gnocchi.bdbaa41d-2c01-44dd-999b-a1b700dd3e61?format=json&states=listing" "tx370e77cd1621462baf7ba-00699a7a86" "proxy-server 100218" 0.0043 "-" 98785 0
Feb 21 22:39:50 np0005625961.novalocal proxy-server[100218]: ::1 ::1 22/Feb/2026/03/39/50 GET /v1/AUTH_e41560788c7b460fa374fdc94f22590f/gnocchi.bdbaa41d-2c01-44dd-999b-a1b700dd3e61%3Fformat%3Djson%26states%3Dlisting HTTP/1.0 200 - python-swiftclient-4.8.0 gAAAAABpmnpRlsm9... - 357 - tx370e77cd1621462baf7ba-00699a7a86 - 0.0135 - - 1771731590.379539967 1771731590.393028498 0 17d6eceedce248e7bcac4363c7b2aeaa
Feb 21 22:39:50 np0005625961.novalocal container-server[98785]: ::1 - - [22/Feb/2026:03:39:50 +0000] "GET /3/163963/AUTH_e41560788c7b460fa374fdc94f22590f/gnocchi.bdbaa41d-2c01-44dd-999b-a1b700dd3e61" 200 2 "GET https://[::1]:8080/v1/AUTH_e41560788c7b460fa374fdc94f22590f/gnocchi.bdbaa41d-2c01-44dd-999b-a1b700dd3e61?format=json&marker=none_v3&states=listing" "txfa0364c42b9f41ae870f0-00699a7a86" "proxy-server 100218" 0.0036 "-" 98785 0
Feb 21 22:39:50 np0005625961.novalocal proxy-server[100218]: ::1 ::1 22/Feb/2026/03/39/50 GET /v1/AUTH_e41560788c7b460fa374fdc94f22590f/gnocchi.bdbaa41d-2c01-44dd-999b-a1b700dd3e61%3Fformat%3Djson%26marker%3Dnone_v3%26states%3Dlisting HTTP/1.0 200 - python-swiftclient-4.8.0 gAAAAABpmnpRlsm9... - 2 - txfa0364c42b9f41ae870f0-00699a7a86 - 0.0144 - - 1771731590.397016764 1771731590.411396265 0 17d6eceedce248e7bcac4363c7b2aeaa
Feb 21 22:39:50 np0005625961.novalocal object-server[99151]: ::1 - - [22/Feb/2026:03:39:50 +0000] "GET /1/5276/AUTH_e41560788c7b460fa374fdc94f22590f/gnocchi.bdbaa41d-2c01-44dd-999b-a1b700dd3e61/1771200000.0_mean_300.0_v3" 200 16 "GET https://[::1]:8080/v1/AUTH_e41560788c7b460fa374fdc94f22590f/gnocchi.bdbaa41d-2c01-44dd-999b-a1b700dd3e61/1771200000.0_mean_300.0_v3" "tx39d6a2ff4d6248b8b4617-00699a7a86" "proxy-server 100218" 0.0011 "-" 99151 0
Feb 21 22:39:50 np0005625961.novalocal proxy-server[100218]: ::1 ::1 22/Feb/2026/03/39/50 GET /v1/AUTH_e41560788c7b460fa374fdc94f22590f/gnocchi.bdbaa41d-2c01-44dd-999b-a1b700dd3e61/1771200000.0_mean_300.0_v3 HTTP/1.0 200 - python-swiftclient-4.8.0 gAAAAABpmnpRlsm9... - 16 - tx39d6a2ff4d6248b8b4617-00699a7a86 - 0.0103 - - 1771731590.416070700 1771731590.426396370 0 17d6eceedce248e7bcac4363c7b2aeaa
Feb 21 22:39:50 np0005625961.novalocal container-server[98786]: ::1 - - [22/Feb/2026:03:39:50 +0000] "PUT /2/163963/AUTH_e41560788c7b460fa374fdc94f22590f/gnocchi.bdbaa41d-2c01-44dd-999b-a1b700dd3e61/1771200000.0_mean_300.0_v3" 201 - "PUT http://[::1]:8080/3/5276/AUTH_e41560788c7b460fa374fdc94f22590f/gnocchi.bdbaa41d-2c01-44dd-999b-a1b700dd3e61/1771200000.0_mean_300.0_v3" "tx674e610f0f374fd2a31a1-00699a7a86" "object-server 99151" 0.0009 "-" 98786 0
Feb 21 22:39:50 np0005625961.novalocal object-server[99151]: ::1 - - [22/Feb/2026:03:39:50 +0000] "PUT /3/5276/AUTH_e41560788c7b460fa374fdc94f22590f/gnocchi.bdbaa41d-2c01-44dd-999b-a1b700dd3e61/1771200000.0_mean_300.0_v3" 201 - "PUT https://[::1]:8080/v1/AUTH_e41560788c7b460fa374fdc94f22590f/gnocchi.bdbaa41d-2c01-44dd-999b-a1b700dd3e61/1771200000.0_mean_300.0_v3" "tx674e610f0f374fd2a31a1-00699a7a86" "proxy-server 100218" 0.0155 "-" 99151 0
Feb 21 22:39:50 np0005625961.novalocal container-server[98785]: ::1 - - [22/Feb/2026:03:39:50 +0000] "PUT /3/163963/AUTH_e41560788c7b460fa374fdc94f22590f/gnocchi.bdbaa41d-2c01-44dd-999b-a1b700dd3e61/1771200000.0_mean_300.0_v3" 201 - "PUT http://[::1]:8080/1/5276/AUTH_e41560788c7b460fa374fdc94f22590f/gnocchi.bdbaa41d-2c01-44dd-999b-a1b700dd3e61/1771200000.0_mean_300.0_v3" "tx674e610f0f374fd2a31a1-00699a7a86" "object-server 99152" 0.0014 "-" 98785 0
Feb 21 22:39:50 np0005625961.novalocal object-server[99152]: ::1 - - [22/Feb/2026:03:39:50 +0000] "PUT /1/5276/AUTH_e41560788c7b460fa374fdc94f22590f/gnocchi.bdbaa41d-2c01-44dd-999b-a1b700dd3e61/1771200000.0_mean_300.0_v3" 201 - "PUT https://[::1]:8080/v1/AUTH_e41560788c7b460fa374fdc94f22590f/gnocchi.bdbaa41d-2c01-44dd-999b-a1b700dd3e61/1771200000.0_mean_300.0_v3" "tx674e610f0f374fd2a31a1-00699a7a86" "proxy-server 100218" 0.0153 "-" 99152 0
Feb 21 22:39:50 np0005625961.novalocal container-server[98785]: ::1 - - [22/Feb/2026:03:39:50 +0000] "PUT /1/163963/AUTH_e41560788c7b460fa374fdc94f22590f/gnocchi.bdbaa41d-2c01-44dd-999b-a1b700dd3e61/1771200000.0_mean_300.0_v3" 201 - "PUT http://[::1]:8080/2/5276/AUTH_e41560788c7b460fa374fdc94f22590f/gnocchi.bdbaa41d-2c01-44dd-999b-a1b700dd3e61/1771200000.0_mean_300.0_v3" "tx674e610f0f374fd2a31a1-00699a7a86" "object-server 99152" 0.0010 "-" 98785 0
Feb 21 22:39:50 np0005625961.novalocal object-server[99152]: ::1 - - [22/Feb/2026:03:39:50 +0000] "PUT /2/5276/AUTH_e41560788c7b460fa374fdc94f22590f/gnocchi.bdbaa41d-2c01-44dd-999b-a1b700dd3e61/1771200000.0_mean_300.0_v3" 201 - "PUT https://[::1]:8080/v1/AUTH_e41560788c7b460fa374fdc94f22590f/gnocchi.bdbaa41d-2c01-44dd-999b-a1b700dd3e61/1771200000.0_mean_300.0_v3" "tx674e610f0f374fd2a31a1-00699a7a86" "proxy-server 100218" 0.0208 "-" 99152 0
Feb 21 22:39:50 np0005625961.novalocal proxy-server[100218]: ::1 ::1 22/Feb/2026/03/39/50 PUT /v1/AUTH_e41560788c7b460fa374fdc94f22590f/gnocchi.bdbaa41d-2c01-44dd-999b-a1b700dd3e61/1771200000.0_mean_300.0_v3 HTTP/1.0 201 - python-swiftclient-4.8.0 gAAAAABpmnpRlsm9... 16 - - tx674e610f0f374fd2a31a1-00699a7a86 - 0.0363 - - 1771731590.430024862 1771731590.466308117 0 17d6eceedce248e7bcac4363c7b2aeaa
Feb 21 22:39:50 np0005625961.novalocal container-server[98785]: ::1 - - [22/Feb/2026:03:39:50 +0000] "PUT /1/163963/AUTH_e41560788c7b460fa374fdc94f22590f/gnocchi.bdbaa41d-2c01-44dd-999b-a1b700dd3e61/none_v3" 201 - "PUT http://[::1]:8080/2/219036/AUTH_e41560788c7b460fa374fdc94f22590f/gnocchi.bdbaa41d-2c01-44dd-999b-a1b700dd3e61/none_v3" "tx809f21ad027b4dbe98c3c-00699a7a86" "object-server 99151" 0.0013 "-" 98785 0
Feb 21 22:39:50 np0005625961.novalocal container-server[98786]: ::1 - - [22/Feb/2026:03:39:50 +0000] "PUT /3/163963/AUTH_e41560788c7b460fa374fdc94f22590f/gnocchi.bdbaa41d-2c01-44dd-999b-a1b700dd3e61/none_v3" 201 - "PUT http://[::1]:8080/1/219036/AUTH_e41560788c7b460fa374fdc94f22590f/gnocchi.bdbaa41d-2c01-44dd-999b-a1b700dd3e61/none_v3" "tx809f21ad027b4dbe98c3c-00699a7a86" "object-server 99152" 0.0007 "-" 98786 0
Feb 21 22:39:50 np0005625961.novalocal object-server[99151]: ::1 - - [22/Feb/2026:03:39:50 +0000] "PUT /2/219036/AUTH_e41560788c7b460fa374fdc94f22590f/gnocchi.bdbaa41d-2c01-44dd-999b-a1b700dd3e61/none_v3" 201 - "PUT https://[::1]:8080/v1/AUTH_e41560788c7b460fa374fdc94f22590f/gnocchi.bdbaa41d-2c01-44dd-999b-a1b700dd3e61/none_v3" "tx809f21ad027b4dbe98c3c-00699a7a86" "proxy-server 100218" 0.0162 "-" 99151 0
Feb 21 22:39:50 np0005625961.novalocal object-server[99152]: ::1 - - [22/Feb/2026:03:39:50 +0000] "PUT /1/219036/AUTH_e41560788c7b460fa374fdc94f22590f/gnocchi.bdbaa41d-2c01-44dd-999b-a1b700dd3e61/none_v3" 201 - "PUT https://[::1]:8080/v1/AUTH_e41560788c7b460fa374fdc94f22590f/gnocchi.bdbaa41d-2c01-44dd-999b-a1b700dd3e61/none_v3" "tx809f21ad027b4dbe98c3c-00699a7a86" "proxy-server 100218" 0.0124 "-" 99152 0
Feb 21 22:39:50 np0005625961.novalocal container-server[98785]: ::1 - - [22/Feb/2026:03:39:50 +0000] "PUT /2/163963/AUTH_e41560788c7b460fa374fdc94f22590f/gnocchi.bdbaa41d-2c01-44dd-999b-a1b700dd3e61/none_v3" 201 - "PUT http://[::1]:8080/3/219036/AUTH_e41560788c7b460fa374fdc94f22590f/gnocchi.bdbaa41d-2c01-44dd-999b-a1b700dd3e61/none_v3" "tx809f21ad027b4dbe98c3c-00699a7a86" "object-server 99152" 0.0014 "-" 98785 0
Feb 21 22:39:50 np0005625961.novalocal object-server[99152]: ::1 - - [22/Feb/2026:03:39:50 +0000] "PUT /3/219036/AUTH_e41560788c7b460fa374fdc94f22590f/gnocchi.bdbaa41d-2c01-44dd-999b-a1b700dd3e61/none_v3" 201 - "PUT https://[::1]:8080/v1/AUTH_e41560788c7b460fa374fdc94f22590f/gnocchi.bdbaa41d-2c01-44dd-999b-a1b700dd3e61/none_v3" "tx809f21ad027b4dbe98c3c-00699a7a86" "proxy-server 100218" 0.0189 "-" 99152 0
Feb 21 22:39:50 np0005625961.novalocal proxy-server[100218]: ::1 ::1 22/Feb/2026/03/39/50 PUT /v1/AUTH_e41560788c7b460fa374fdc94f22590f/gnocchi.bdbaa41d-2c01-44dd-999b-a1b700dd3e61/none_v3 HTTP/1.0 201 - python-swiftclient-4.8.0 gAAAAABpmnpRlsm9... 53 - - tx809f21ad027b4dbe98c3c-00699a7a86 - 0.0307 - - 1771731590.469929457 1771731590.500645638 0 17d6eceedce248e7bcac4363c7b2aeaa
Feb 21 22:39:50 np0005625961.novalocal object-server[99152]: ::1 - - [22/Feb/2026:03:39:50 +0000] "GET /3/217856/AUTH_e41560788c7b460fa374fdc94f22590f/gnocchi.501a3e3e-8cc8-4435-89d3-6e2b3c10766c/none_v3" 200 44 "GET https://[::1]:8080/v1/AUTH_e41560788c7b460fa374fdc94f22590f/gnocchi.501a3e3e-8cc8-4435-89d3-6e2b3c10766c/none_v3" "tx90cf7f01c912485fa6cce-00699a7a86" "proxy-server 100218" 0.0009 "-" 99152 0
Feb 21 22:39:50 np0005625961.novalocal proxy-server[100218]: ::1 ::1 22/Feb/2026/03/39/50 GET /v1/AUTH_e41560788c7b460fa374fdc94f22590f/gnocchi.501a3e3e-8cc8-4435-89d3-6e2b3c10766c/none_v3 HTTP/1.0 200 - python-swiftclient-4.8.0 gAAAAABpmnpRlsm9... - 44 - tx90cf7f01c912485fa6cce-00699a7a86 - 0.0085 - - 1771731590.519737482 1771731590.528257608 0 17d6eceedce248e7bcac4363c7b2aeaa
Feb 21 22:39:50 np0005625961.novalocal object-server[99152]: ::1 - - [22/Feb/2026:03:39:50 +0000] "GET /2/187419/AUTH_e41560788c7b460fa374fdc94f22590f/gnocchi.a9270718-d472-42ea-aac7-a8b685a4ecec/none_v3" 200 44 "GET https://[::1]:8080/v1/AUTH_e41560788c7b460fa374fdc94f22590f/gnocchi.a9270718-d472-42ea-aac7-a8b685a4ecec/none_v3" "tx9d058e6806ab466b9ee7a-00699a7a86" "proxy-server 100218" 0.0007 "-" 99152 0
Feb 21 22:39:50 np0005625961.novalocal proxy-server[100218]: ::1 ::1 22/Feb/2026/03/39/50 GET /v1/AUTH_e41560788c7b460fa374fdc94f22590f/gnocchi.a9270718-d472-42ea-aac7-a8b685a4ecec/none_v3 HTTP/1.0 200 - python-swiftclient-4.8.0 gAAAAABpmnpRlsm9... - 44 - tx9d058e6806ab466b9ee7a-00699a7a86 - 0.0078 - - 1771731590.530951738 1771731590.538792133 0 17d6eceedce248e7bcac4363c7b2aeaa
Feb 21 22:39:50 np0005625961.novalocal container-server[98786]: ::1 - - [22/Feb/2026:03:39:50 +0000] "GET /3/105493/AUTH_e41560788c7b460fa374fdc94f22590f/gnocchi.501a3e3e-8cc8-4435-89d3-6e2b3c10766c" 200 357 "GET https://[::1]:8080/v1/AUTH_e41560788c7b460fa374fdc94f22590f/gnocchi.501a3e3e-8cc8-4435-89d3-6e2b3c10766c?format=json&states=listing" "tx8902e7d987ec4a56bef0b-00699a7a86" "proxy-server 100218" 0.0021 "-" 98786 0
Feb 21 22:39:50 np0005625961.novalocal proxy-server[100218]: ::1 ::1 22/Feb/2026/03/39/50 GET /v1/AUTH_e41560788c7b460fa374fdc94f22590f/gnocchi.501a3e3e-8cc8-4435-89d3-6e2b3c10766c%3Fformat%3Djson%26states%3Dlisting HTTP/1.0 200 - python-swiftclient-4.8.0 gAAAAABpmnpRlsm9... - 357 - tx8902e7d987ec4a56bef0b-00699a7a86 - 0.0082 - - 1771731590.540901184 1771731590.549084902 0 17d6eceedce248e7bcac4363c7b2aeaa
Feb 21 22:39:50 np0005625961.novalocal container-server[98786]: ::1 - - [22/Feb/2026:03:39:50 +0000] "GET /1/105493/AUTH_e41560788c7b460fa374fdc94f22590f/gnocchi.501a3e3e-8cc8-4435-89d3-6e2b3c10766c" 200 2 "GET https://[::1]:8080/v1/AUTH_e41560788c7b460fa374fdc94f22590f/gnocchi.501a3e3e-8cc8-4435-89d3-6e2b3c10766c?format=json&marker=none_v3&states=listing" "txf5d5b4b7bfcb45458f810-00699a7a86" "proxy-server 100218" 0.0037 "-" 98786 0
Feb 21 22:39:50 np0005625961.novalocal proxy-server[100218]: ::1 ::1 22/Feb/2026/03/39/50 GET /v1/AUTH_e41560788c7b460fa374fdc94f22590f/gnocchi.501a3e3e-8cc8-4435-89d3-6e2b3c10766c%3Fformat%3Djson%26marker%3Dnone_v3%26states%3Dlisting HTTP/1.0 200 - python-swiftclient-4.8.0 gAAAAABpmnpRlsm9... - 2 - txf5d5b4b7bfcb45458f810-00699a7a86 - 0.0100 - - 1771731590.551639557 1771731590.561656713 0 17d6eceedce248e7bcac4363c7b2aeaa
Feb 21 22:39:50 np0005625961.novalocal container-server[98786]: ::1 - - [22/Feb/2026:03:39:50 +0000] "GET /1/60330/AUTH_e41560788c7b460fa374fdc94f22590f/gnocchi.a9270718-d472-42ea-aac7-a8b685a4ecec" 200 357 "GET https://[::1]:8080/v1/AUTH_e41560788c7b460fa374fdc94f22590f/gnocchi.a9270718-d472-42ea-aac7-a8b685a4ecec?format=json&states=listing" "tx016cf115adce4984803a8-00699a7a86" "proxy-server 100218" 0.0017 "-" 98786 0
Feb 21 22:39:50 np0005625961.novalocal proxy-server[100218]: ::1 ::1 22/Feb/2026/03/39/50 GET /v1/AUTH_e41560788c7b460fa374fdc94f22590f/gnocchi.a9270718-d472-42ea-aac7-a8b685a4ecec%3Fformat%3Djson%26states%3Dlisting HTTP/1.0 200 - python-swiftclient-4.8.0 gAAAAABpmnpRlsm9... - 357 - tx016cf115adce4984803a8-00699a7a86 - 0.0068 - - 1771731590.564323425 1771731590.571099281 0 17d6eceedce248e7bcac4363c7b2aeaa
Feb 21 22:39:50 np0005625961.novalocal container-server[98786]: ::1 - - [22/Feb/2026:03:39:50 +0000] "GET /2/60330/AUTH_e41560788c7b460fa374fdc94f22590f/gnocchi.a9270718-d472-42ea-aac7-a8b685a4ecec" 200 2 "GET https://[::1]:8080/v1/AUTH_e41560788c7b460fa374fdc94f22590f/gnocchi.a9270718-d472-42ea-aac7-a8b685a4ecec?format=json&marker=none_v3&states=listing" "tx7021c137c23149b383397-00699a7a86" "proxy-server 100218" 0.0015 "-" 98786 0
Feb 21 22:39:50 np0005625961.novalocal proxy-server[100218]: ::1 ::1 22/Feb/2026/03/39/50 GET /v1/AUTH_e41560788c7b460fa374fdc94f22590f/gnocchi.a9270718-d472-42ea-aac7-a8b685a4ecec%3Fformat%3Djson%26marker%3Dnone_v3%26states%3Dlisting HTTP/1.0 200 - python-swiftclient-4.8.0 gAAAAABpmnpRlsm9... - 2 - tx7021c137c23149b383397-00699a7a86 - 0.0069 - - 1771731590.572772264 1771731590.579719305 0 17d6eceedce248e7bcac4363c7b2aeaa
Feb 21 22:39:50 np0005625961.novalocal object-server[99151]: ::1 - - [22/Feb/2026:03:39:50 +0000] "GET /2/197714/AUTH_e41560788c7b460fa374fdc94f22590f/gnocchi.501a3e3e-8cc8-4435-89d3-6e2b3c10766c/1771200000.0_mean_300.0_v3" 200 16 "GET https://[::1]:8080/v1/AUTH_e41560788c7b460fa374fdc94f22590f/gnocchi.501a3e3e-8cc8-4435-89d3-6e2b3c10766c/1771200000.0_mean_300.0_v3" "txd8533e24d4314f639f90e-00699a7a86" "proxy-server 100218" 0.0008 "-" 99151 0
Feb 21 22:39:50 np0005625961.novalocal proxy-server[100218]: ::1 ::1 22/Feb/2026/03/39/50 GET /v1/AUTH_e41560788c7b460fa374fdc94f22590f/gnocchi.501a3e3e-8cc8-4435-89d3-6e2b3c10766c/1771200000.0_mean_300.0_v3 HTTP/1.0 200 - python-swiftclient-4.8.0 gAAAAABpmnpRlsm9... - 16 - txd8533e24d4314f639f90e-00699a7a86 - 0.0069 - - 1771731590.582362413 1771731590.589307785 0 17d6eceedce248e7bcac4363c7b2aeaa
Feb 21 22:39:50 np0005625961.novalocal object-server[99152]: ::1 - - [22/Feb/2026:03:39:50 +0000] "GET /1/5840/AUTH_e41560788c7b460fa374fdc94f22590f/gnocchi.a9270718-d472-42ea-aac7-a8b685a4ecec/1771200000.0_mean_300.0_v3" 200 16 "GET https://[::1]:8080/v1/AUTH_e41560788c7b460fa374fdc94f22590f/gnocchi.a9270718-d472-42ea-aac7-a8b685a4ecec/1771200000.0_mean_300.0_v3" "tx962245fea8e24b50a4bd1-00699a7a86" "proxy-server 100218" 0.0011 "-" 99152 0
Feb 21 22:39:50 np0005625961.novalocal proxy-server[100218]: ::1 ::1 22/Feb/2026/03/39/50 GET /v1/AUTH_e41560788c7b460fa374fdc94f22590f/gnocchi.a9270718-d472-42ea-aac7-a8b685a4ecec/1771200000.0_mean_300.0_v3 HTTP/1.0 200 - python-swiftclient-4.8.0 gAAAAABpmnpRlsm9... - 16 - tx962245fea8e24b50a4bd1-00699a7a86 - 0.0072 - - 1771731590.592083216 1771731590.599298239 0 17d6eceedce248e7bcac4363c7b2aeaa
Feb 21 22:39:50 np0005625961.novalocal container-server[98785]: ::1 - - [22/Feb/2026:03:39:50 +0000] "PUT /3/105493/AUTH_e41560788c7b460fa374fdc94f22590f/gnocchi.501a3e3e-8cc8-4435-89d3-6e2b3c10766c/1771200000.0_mean_300.0_v3" 201 - "PUT http://[::1]:8080/3/197714/AUTH_e41560788c7b460fa374fdc94f22590f/gnocchi.501a3e3e-8cc8-4435-89d3-6e2b3c10766c/1771200000.0_mean_300.0_v3" "tx3cdb124bf9174be59b4c7-00699a7a86" "object-server 99152" 0.0006 "-" 98785 0
Feb 21 22:39:50 np0005625961.novalocal object-server[99152]: ::1 - - [22/Feb/2026:03:39:50 +0000] "PUT /3/197714/AUTH_e41560788c7b460fa374fdc94f22590f/gnocchi.501a3e3e-8cc8-4435-89d3-6e2b3c10766c/1771200000.0_mean_300.0_v3" 201 - "PUT https://[::1]:8080/v1/AUTH_e41560788c7b460fa374fdc94f22590f/gnocchi.501a3e3e-8cc8-4435-89d3-6e2b3c10766c/1771200000.0_mean_300.0_v3" "tx3cdb124bf9174be59b4c7-00699a7a86" "proxy-server 100218" 0.0077 "-" 99152 0
Feb 21 22:39:50 np0005625961.novalocal container-server[98785]: ::1 - - [22/Feb/2026:03:39:50 +0000] "PUT /2/105493/AUTH_e41560788c7b460fa374fdc94f22590f/gnocchi.501a3e3e-8cc8-4435-89d3-6e2b3c10766c/1771200000.0_mean_300.0_v3" 201 - "PUT http://[::1]:8080/2/197714/AUTH_e41560788c7b460fa374fdc94f22590f/gnocchi.501a3e3e-8cc8-4435-89d3-6e2b3c10766c/1771200000.0_mean_300.0_v3" "tx3cdb124bf9174be59b4c7-00699a7a86" "object-server 99152" 0.0004 "-" 98785 0
Feb 21 22:39:50 np0005625961.novalocal object-server[99152]: ::1 - - [22/Feb/2026:03:39:50 +0000] "PUT /2/197714/AUTH_e41560788c7b460fa374fdc94f22590f/gnocchi.501a3e3e-8cc8-4435-89d3-6e2b3c10766c/1771200000.0_mean_300.0_v3" 201 - "PUT https://[::1]:8080/v1/AUTH_e41560788c7b460fa374fdc94f22590f/gnocchi.501a3e3e-8cc8-4435-89d3-6e2b3c10766c/1771200000.0_mean_300.0_v3" "tx3cdb124bf9174be59b4c7-00699a7a86" "proxy-server 100218" 0.0097 "-" 99152 0
Feb 21 22:39:50 np0005625961.novalocal container-server[98786]: ::1 - - [22/Feb/2026:03:39:50 +0000] "PUT /1/105493/AUTH_e41560788c7b460fa374fdc94f22590f/gnocchi.501a3e3e-8cc8-4435-89d3-6e2b3c10766c/1771200000.0_mean_300.0_v3" 201 - "PUT http://[::1]:8080/1/197714/AUTH_e41560788c7b460fa374fdc94f22590f/gnocchi.501a3e3e-8cc8-4435-89d3-6e2b3c10766c/1771200000.0_mean_300.0_v3" "tx3cdb124bf9174be59b4c7-00699a7a86" "object-server 99151" 0.0004 "-" 98786 0
Feb 21 22:39:50 np0005625961.novalocal object-server[99151]: ::1 - - [22/Feb/2026:03:39:50 +0000] "PUT /1/197714/AUTH_e41560788c7b460fa374fdc94f22590f/gnocchi.501a3e3e-8cc8-4435-89d3-6e2b3c10766c/1771200000.0_mean_300.0_v3" 201 - "PUT https://[::1]:8080/v1/AUTH_e41560788c7b460fa374fdc94f22590f/gnocchi.501a3e3e-8cc8-4435-89d3-6e2b3c10766c/1771200000.0_mean_300.0_v3" "tx3cdb124bf9174be59b4c7-00699a7a86" "proxy-server 100218" 0.0102 "-" 99151 0
Feb 21 22:39:50 np0005625961.novalocal proxy-server[100218]: ::1 ::1 22/Feb/2026/03/39/50 PUT /v1/AUTH_e41560788c7b460fa374fdc94f22590f/gnocchi.501a3e3e-8cc8-4435-89d3-6e2b3c10766c/1771200000.0_mean_300.0_v3 HTTP/1.0 201 - python-swiftclient-4.8.0 gAAAAABpmnpRlsm9... 16 - - tx3cdb124bf9174be59b4c7-00699a7a86 - 0.0168 - - 1771731590.602702618 1771731590.619535446 0 17d6eceedce248e7bcac4363c7b2aeaa
Feb 21 22:39:50 np0005625961.novalocal container-server[98785]: ::1 - - [22/Feb/2026:03:39:50 +0000] "PUT /2/60330/AUTH_e41560788c7b460fa374fdc94f22590f/gnocchi.a9270718-d472-42ea-aac7-a8b685a4ecec/1771200000.0_mean_300.0_v3" 201 - "PUT http://[::1]:8080/1/5840/AUTH_e41560788c7b460fa374fdc94f22590f/gnocchi.a9270718-d472-42ea-aac7-a8b685a4ecec/1771200000.0_mean_300.0_v3" "txa421d3ab7ea44ed79d7ff-00699a7a86" "object-server 99152" 0.0007 "-" 98785 0
Feb 21 22:39:50 np0005625961.novalocal object-server[99152]: ::1 - - [22/Feb/2026:03:39:50 +0000] "PUT /1/5840/AUTH_e41560788c7b460fa374fdc94f22590f/gnocchi.a9270718-d472-42ea-aac7-a8b685a4ecec/1771200000.0_mean_300.0_v3" 201 - "PUT https://[::1]:8080/v1/AUTH_e41560788c7b460fa374fdc94f22590f/gnocchi.a9270718-d472-42ea-aac7-a8b685a4ecec/1771200000.0_mean_300.0_v3" "txa421d3ab7ea44ed79d7ff-00699a7a86" "proxy-server 100218" 0.0109 "-" 99152 0
Feb 21 22:39:50 np0005625961.novalocal container-server[98786]: ::1 - - [22/Feb/2026:03:39:50 +0000] "PUT /3/60330/AUTH_e41560788c7b460fa374fdc94f22590f/gnocchi.a9270718-d472-42ea-aac7-a8b685a4ecec/1771200000.0_mean_300.0_v3" 201 - "PUT http://[::1]:8080/2/5840/AUTH_e41560788c7b460fa374fdc94f22590f/gnocchi.a9270718-d472-42ea-aac7-a8b685a4ecec/1771200000.0_mean_300.0_v3" "txa421d3ab7ea44ed79d7ff-00699a7a86" "object-server 99151" 0.0003 "-" 98786 0
Feb 21 22:39:50 np0005625961.novalocal container-server[98785]: ::1 - - [22/Feb/2026:03:39:50 +0000] "PUT /1/60330/AUTH_e41560788c7b460fa374fdc94f22590f/gnocchi.a9270718-d472-42ea-aac7-a8b685a4ecec/1771200000.0_mean_300.0_v3" 201 - "PUT http://[::1]:8080/3/5840/AUTH_e41560788c7b460fa374fdc94f22590f/gnocchi.a9270718-d472-42ea-aac7-a8b685a4ecec/1771200000.0_mean_300.0_v3" "txa421d3ab7ea44ed79d7ff-00699a7a86" "object-server 99151" 0.0005 "-" 98785 0
Feb 21 22:39:50 np0005625961.novalocal object-server[99151]: ::1 - - [22/Feb/2026:03:39:50 +0000] "PUT /2/5840/AUTH_e41560788c7b460fa374fdc94f22590f/gnocchi.a9270718-d472-42ea-aac7-a8b685a4ecec/1771200000.0_mean_300.0_v3" 201 - "PUT https://[::1]:8080/v1/AUTH_e41560788c7b460fa374fdc94f22590f/gnocchi.a9270718-d472-42ea-aac7-a8b685a4ecec/1771200000.0_mean_300.0_v3" "txa421d3ab7ea44ed79d7ff-00699a7a86" "proxy-server 100218" 0.0121 "-" 99151 0
Feb 21 22:39:50 np0005625961.novalocal object-server[99151]: ::1 - - [22/Feb/2026:03:39:50 +0000] "PUT /3/5840/AUTH_e41560788c7b460fa374fdc94f22590f/gnocchi.a9270718-d472-42ea-aac7-a8b685a4ecec/1771200000.0_mean_300.0_v3" 201 - "PUT https://[::1]:8080/v1/AUTH_e41560788c7b460fa374fdc94f22590f/gnocchi.a9270718-d472-42ea-aac7-a8b685a4ecec/1771200000.0_mean_300.0_v3" "txa421d3ab7ea44ed79d7ff-00699a7a86" "proxy-server 100218" 0.0115 "-" 99151 0
Feb 21 22:39:50 np0005625961.novalocal proxy-server[100218]: ::1 ::1 22/Feb/2026/03/39/50 PUT /v1/AUTH_e41560788c7b460fa374fdc94f22590f/gnocchi.a9270718-d472-42ea-aac7-a8b685a4ecec/1771200000.0_mean_300.0_v3 HTTP/1.0 201 - python-swiftclient-4.8.0 gAAAAABpmnpRlsm9... 16 - - txa421d3ab7ea44ed79d7ff-00699a7a86 - 0.0192 - - 1771731590.622172594 1771731590.641402006 0 17d6eceedce248e7bcac4363c7b2aeaa
Feb 21 22:39:50 np0005625961.novalocal container-server[98786]: ::1 - - [22/Feb/2026:03:39:50 +0000] "PUT /3/105493/AUTH_e41560788c7b460fa374fdc94f22590f/gnocchi.501a3e3e-8cc8-4435-89d3-6e2b3c10766c/none_v3" 201 - "PUT http://[::1]:8080/1/217856/AUTH_e41560788c7b460fa374fdc94f22590f/gnocchi.501a3e3e-8cc8-4435-89d3-6e2b3c10766c/none_v3" "tx78402a3c22384b5894762-00699a7a86" "object-server 99151" 0.0002 "-" 98786 0
Feb 21 22:39:50 np0005625961.novalocal container-server[98785]: ::1 - - [22/Feb/2026:03:39:50 +0000] "PUT /2/105493/AUTH_e41560788c7b460fa374fdc94f22590f/gnocchi.501a3e3e-8cc8-4435-89d3-6e2b3c10766c/none_v3" 201 - "PUT http://[::1]:8080/2/217856/AUTH_e41560788c7b460fa374fdc94f22590f/gnocchi.501a3e3e-8cc8-4435-89d3-6e2b3c10766c/none_v3" "tx78402a3c22384b5894762-00699a7a86" "object-server 99152" 0.0008 "-" 98785 0
Feb 21 22:39:50 np0005625961.novalocal object-server[99151]: ::1 - - [22/Feb/2026:03:39:50 +0000] "PUT /1/217856/AUTH_e41560788c7b460fa374fdc94f22590f/gnocchi.501a3e3e-8cc8-4435-89d3-6e2b3c10766c/none_v3" 201 - "PUT https://[::1]:8080/v1/AUTH_e41560788c7b460fa374fdc94f22590f/gnocchi.501a3e3e-8cc8-4435-89d3-6e2b3c10766c/none_v3" "tx78402a3c22384b5894762-00699a7a86" "proxy-server 100218" 0.0137 "-" 99151 0
Feb 21 22:39:50 np0005625961.novalocal object-server[99152]: ::1 - - [22/Feb/2026:03:39:50 +0000] "PUT /2/217856/AUTH_e41560788c7b460fa374fdc94f22590f/gnocchi.501a3e3e-8cc8-4435-89d3-6e2b3c10766c/none_v3" 201 - "PUT https://[::1]:8080/v1/AUTH_e41560788c7b460fa374fdc94f22590f/gnocchi.501a3e3e-8cc8-4435-89d3-6e2b3c10766c/none_v3" "tx78402a3c22384b5894762-00699a7a86" "proxy-server 100218" 0.0143 "-" 99152 0
Feb 21 22:39:50 np0005625961.novalocal container-server[98785]: ::1 - - [22/Feb/2026:03:39:50 +0000] "PUT /1/105493/AUTH_e41560788c7b460fa374fdc94f22590f/gnocchi.501a3e3e-8cc8-4435-89d3-6e2b3c10766c/none_v3" 201 - "PUT http://[::1]:8080/3/217856/AUTH_e41560788c7b460fa374fdc94f22590f/gnocchi.501a3e3e-8cc8-4435-89d3-6e2b3c10766c/none_v3" "tx78402a3c22384b5894762-00699a7a86" "object-server 99151" 0.0004 "-" 98785 0
Feb 21 22:39:50 np0005625961.novalocal object-server[99151]: ::1 - - [22/Feb/2026:03:39:50 +0000] "PUT /3/217856/AUTH_e41560788c7b460fa374fdc94f22590f/gnocchi.501a3e3e-8cc8-4435-89d3-6e2b3c10766c/none_v3" 201 - "PUT https://[::1]:8080/v1/AUTH_e41560788c7b460fa374fdc94f22590f/gnocchi.501a3e3e-8cc8-4435-89d3-6e2b3c10766c/none_v3" "tx78402a3c22384b5894762-00699a7a86" "proxy-server 100218" 0.0131 "-" 99151 0
Feb 21 22:39:50 np0005625961.novalocal proxy-server[100218]: ::1 ::1 22/Feb/2026/03/39/50 PUT /v1/AUTH_e41560788c7b460fa374fdc94f22590f/gnocchi.501a3e3e-8cc8-4435-89d3-6e2b3c10766c/none_v3 HTTP/1.0 201 - python-swiftclient-4.8.0 gAAAAABpmnpRlsm9... 53 - - tx78402a3c22384b5894762-00699a7a86 - 0.0223 - - 1771731590.643995047 1771731590.666285992 0 17d6eceedce248e7bcac4363c7b2aeaa
Feb 21 22:39:50 np0005625961.novalocal container-server[98785]: ::1 - - [22/Feb/2026:03:39:50 +0000] "PUT /1/60330/AUTH_e41560788c7b460fa374fdc94f22590f/gnocchi.a9270718-d472-42ea-aac7-a8b685a4ecec/none_v3" 201 - "PUT http://[::1]:8080/1/187419/AUTH_e41560788c7b460fa374fdc94f22590f/gnocchi.a9270718-d472-42ea-aac7-a8b685a4ecec/none_v3" "txfe9792bac9364b6ba377a-00699a7a86" "object-server 99152" 0.0004 "-" 98785 0
Feb 21 22:39:50 np0005625961.novalocal container-server[98785]: ::1 - - [22/Feb/2026:03:39:50 +0000] "PUT /3/60330/AUTH_e41560788c7b460fa374fdc94f22590f/gnocchi.a9270718-d472-42ea-aac7-a8b685a4ecec/none_v3" 201 - "PUT http://[::1]:8080/3/187419/AUTH_e41560788c7b460fa374fdc94f22590f/gnocchi.a9270718-d472-42ea-aac7-a8b685a4ecec/none_v3" "txfe9792bac9364b6ba377a-00699a7a86" "object-server 99151" 0.0003 "-" 98785 0
Feb 21 22:39:50 np0005625961.novalocal object-server[99152]: ::1 - - [22/Feb/2026:03:39:50 +0000] "PUT /1/187419/AUTH_e41560788c7b460fa374fdc94f22590f/gnocchi.a9270718-d472-42ea-aac7-a8b685a4ecec/none_v3" 201 - "PUT https://[::1]:8080/v1/AUTH_e41560788c7b460fa374fdc94f22590f/gnocchi.a9270718-d472-42ea-aac7-a8b685a4ecec/none_v3" "txfe9792bac9364b6ba377a-00699a7a86" "proxy-server 100218" 0.0123 "-" 99152 0
Feb 21 22:39:50 np0005625961.novalocal container-server[98785]: ::1 - - [22/Feb/2026:03:39:50 +0000] "PUT /2/60330/AUTH_e41560788c7b460fa374fdc94f22590f/gnocchi.a9270718-d472-42ea-aac7-a8b685a4ecec/none_v3" 201 - "PUT http://[::1]:8080/2/187419/AUTH_e41560788c7b460fa374fdc94f22590f/gnocchi.a9270718-d472-42ea-aac7-a8b685a4ecec/none_v3" "txfe9792bac9364b6ba377a-00699a7a86" "object-server 99151" 0.0003 "-" 98785 0
Feb 21 22:39:50 np0005625961.novalocal object-server[99151]: ::1 - - [22/Feb/2026:03:39:50 +0000] "PUT /3/187419/AUTH_e41560788c7b460fa374fdc94f22590f/gnocchi.a9270718-d472-42ea-aac7-a8b685a4ecec/none_v3" 201 - "PUT https://[::1]:8080/v1/AUTH_e41560788c7b460fa374fdc94f22590f/gnocchi.a9270718-d472-42ea-aac7-a8b685a4ecec/none_v3" "txfe9792bac9364b6ba377a-00699a7a86" "proxy-server 100218" 0.0114 "-" 99151 0
Feb 21 22:39:50 np0005625961.novalocal object-server[99151]: ::1 - - [22/Feb/2026:03:39:50 +0000] "PUT /2/187419/AUTH_e41560788c7b460fa374fdc94f22590f/gnocchi.a9270718-d472-42ea-aac7-a8b685a4ecec/none_v3" 201 - "PUT https://[::1]:8080/v1/AUTH_e41560788c7b460fa374fdc94f22590f/gnocchi.a9270718-d472-42ea-aac7-a8b685a4ecec/none_v3" "txfe9792bac9364b6ba377a-00699a7a86" "proxy-server 100218" 0.0149 "-" 99151 0
Feb 21 22:39:50 np0005625961.novalocal proxy-server[100218]: ::1 ::1 22/Feb/2026/03/39/50 PUT /v1/AUTH_e41560788c7b460fa374fdc94f22590f/gnocchi.a9270718-d472-42ea-aac7-a8b685a4ecec/none_v3 HTTP/1.0 201 - python-swiftclient-4.8.0 gAAAAABpmnpRlsm9... 53 - - txfe9792bac9364b6ba377a-00699a7a86 - 0.0221 - - 1771731590.669669867 1771731590.691752434 0 17d6eceedce248e7bcac4363c7b2aeaa
Feb 21 22:39:51 np0005625961.novalocal object-auditor[107203]: Begin object audit "forever" mode (ALL)
Feb 21 22:39:51 np0005625961.novalocal object-auditor[107202]: Begin object audit "forever" mode (ZBF)
Feb 21 22:39:51 np0005625961.novalocal object-auditor[107202]: Object audit (ZBF). Since Sun Feb 22 03:39:51 2026: Locally: 1 passed, 0 quarantined, 0 errors, files/sec: 464.13, bytes/sec: 0.00, Total time: 0.00, Auditing time: 0.00, Rate: 0.00
Feb 21 22:39:52 np0005625961.novalocal dnsmasq[106750]: read /var/lib/neutron/dhcp/2c1d0d9b-bbbe-44a8-938c-04c0b61eb0fa/addn_hosts - 0 addresses
Feb 21 22:39:52 np0005625961.novalocal dnsmasq-dhcp[106750]: read /var/lib/neutron/dhcp/2c1d0d9b-bbbe-44a8-938c-04c0b61eb0fa/host
Feb 21 22:39:52 np0005625961.novalocal dnsmasq-dhcp[106750]: read /var/lib/neutron/dhcp/2c1d0d9b-bbbe-44a8-938c-04c0b61eb0fa/opts
Feb 21 22:39:52 np0005625961.novalocal kernel: qr-01fb3431-a6: left promiscuous mode
Feb 21 22:39:52 np0005625961.novalocal kernel: qg-9664d6e1-2e: left promiscuous mode
Feb 21 22:39:52 np0005625961.novalocal systemd[1]: NetworkManager-dispatcher.service: Deactivated successfully.
Feb 21 22:39:52 np0005625961.novalocal systemd[1]: run-netns-qrouter\x2dea90c707\x2d848a\x2d4c00\x2db1c3\x2d2eb92357b78f.mount: Deactivated successfully.
Feb 21 22:39:52 np0005625961.novalocal dnsmasq[106750]: exiting on receipt of SIGTERM
Feb 21 22:39:52 np0005625961.novalocal kernel: tap4ea5e4ac-2d: left promiscuous mode
Feb 21 22:39:53 np0005625961.novalocal systemd[1]: run-netns-qdhcp\x2d2c1d0d9b\x2dbbbe\x2d44a8\x2d938c\x2d04c0b61eb0fa.mount: Deactivated successfully.
Feb 21 22:39:53 np0005625961.novalocal object-auditor[107203]: Object audit (ALL). Since Sun Feb 22 03:39:51 2026: Locally: 1 passed, 0 quarantined, 0 errors, files/sec: 0.47, bytes/sec: 10001827.73, Total time: 2.14, Auditing time: 0.00, Rate: 0.00
Feb 21 22:39:54 np0005625961.novalocal dnsmasq[106046]: read /var/lib/neutron/dhcp/ec68f9e8-955e-4357-8a89-83dd814883bc/addn_hosts - 2 addresses
Feb 21 22:39:54 np0005625961.novalocal dnsmasq-dhcp[106046]: read /var/lib/neutron/dhcp/ec68f9e8-955e-4357-8a89-83dd814883bc/host
Feb 21 22:39:54 np0005625961.novalocal dnsmasq-dhcp[106046]: read /var/lib/neutron/dhcp/ec68f9e8-955e-4357-8a89-83dd814883bc/opts
Feb 21 22:39:54 np0005625961.novalocal object-auditor[107202]: Object audit (ZBF) "forever" mode completed: 3.10s. Total quarantined: 0, Total errors: 0, Total files/sec: 50.28, Total bytes/sec: 0.00, Auditing time: 3.07, Rate: 0.99
Feb 21 22:39:55 np0005625961.novalocal object-server[99152]: ::1 - - [22/Feb/2026:03:39:55 +0000] "GET /2/241465/AUTH_e41560788c7b460fa374fdc94f22590f/gnocchi.1f6ca75c-146d-46f0-9d2b-a29ffb96ae8f/none_v3" 200 32 "GET https://[::1]:8080/v1/AUTH_e41560788c7b460fa374fdc94f22590f/gnocchi.1f6ca75c-146d-46f0-9d2b-a29ffb96ae8f/none_v3" "tx97d1879039c34f55a89cc-00699a7a8b" "proxy-server 100218" 0.0010 "-" 99152 0
Feb 21 22:39:55 np0005625961.novalocal proxy-server[100218]: ::1 ::1 22/Feb/2026/03/39/55 GET /v1/AUTH_e41560788c7b460fa374fdc94f22590f/gnocchi.1f6ca75c-146d-46f0-9d2b-a29ffb96ae8f/none_v3 HTTP/1.0 200 - python-swiftclient-4.8.0 gAAAAABpmnpRlsm9... - 32 - tx97d1879039c34f55a89cc-00699a7a8b - 0.0101 - - 1771731595.130980968 1771731595.141048670 0 17d6eceedce248e7bcac4363c7b2aeaa
Feb 21 22:39:55 np0005625961.novalocal container-server[98785]: ::1 - - [22/Feb/2026:03:39:55 +0000] "GET /2/23514/AUTH_e41560788c7b460fa374fdc94f22590f/gnocchi.1f6ca75c-146d-46f0-9d2b-a29ffb96ae8f" 200 357 "GET https://[::1]:8080/v1/AUTH_e41560788c7b460fa374fdc94f22590f/gnocchi.1f6ca75c-146d-46f0-9d2b-a29ffb96ae8f?format=json&states=listing" "tx1151e74388db482ba0f3a-00699a7a8b" "proxy-server 100218" 0.0039 "-" 98785 0
Feb 21 22:39:55 np0005625961.novalocal proxy-server[100218]: ::1 ::1 22/Feb/2026/03/39/55 GET /v1/AUTH_e41560788c7b460fa374fdc94f22590f/gnocchi.1f6ca75c-146d-46f0-9d2b-a29ffb96ae8f%3Fformat%3Djson%26states%3Dlisting HTTP/1.0 200 - python-swiftclient-4.8.0 gAAAAABpmnpRlsm9... - 357 - tx1151e74388db482ba0f3a-00699a7a8b - 0.0139 - - 1771731595.144465685 1771731595.158329964 0 17d6eceedce248e7bcac4363c7b2aeaa
Feb 21 22:39:55 np0005625961.novalocal container-server[98786]: ::1 - - [22/Feb/2026:03:39:55 +0000] "GET /2/23514/AUTH_e41560788c7b460fa374fdc94f22590f/gnocchi.1f6ca75c-146d-46f0-9d2b-a29ffb96ae8f" 200 2 "GET https://[::1]:8080/v1/AUTH_e41560788c7b460fa374fdc94f22590f/gnocchi.1f6ca75c-146d-46f0-9d2b-a29ffb96ae8f?format=json&marker=none_v3&states=listing" "tx713d21d396514fd49cda0-00699a7a8b" "proxy-server 100218" 0.0017 "-" 98786 0
Feb 21 22:39:55 np0005625961.novalocal proxy-server[100218]: ::1 ::1 22/Feb/2026/03/39/55 GET /v1/AUTH_e41560788c7b460fa374fdc94f22590f/gnocchi.1f6ca75c-146d-46f0-9d2b-a29ffb96ae8f%3Fformat%3Djson%26marker%3Dnone_v3%26states%3Dlisting HTTP/1.0 200 - python-swiftclient-4.8.0 gAAAAABpmnpRlsm9... - 2 - tx713d21d396514fd49cda0-00699a7a8b - 0.0109 - - 1771731595.162139416 1771731595.173067331 0 17d6eceedce248e7bcac4363c7b2aeaa
Feb 21 22:39:55 np0005625961.novalocal object-server[99151]: ::1 - - [22/Feb/2026:03:39:55 +0000] "GET /2/174739/AUTH_e41560788c7b460fa374fdc94f22590f/gnocchi.1f6ca75c-146d-46f0-9d2b-a29ffb96ae8f/1771200000.0_mean_300.0_v3" 200 16 "GET https://[::1]:8080/v1/AUTH_e41560788c7b460fa374fdc94f22590f/gnocchi.1f6ca75c-146d-46f0-9d2b-a29ffb96ae8f/1771200000.0_mean_300.0_v3" "tx5770a887b1c64474908e3-00699a7a8b" "proxy-server 100218" 0.0012 "-" 99151 0
Feb 21 22:39:55 np0005625961.novalocal proxy-server[100218]: ::1 ::1 22/Feb/2026/03/39/55 GET /v1/AUTH_e41560788c7b460fa374fdc94f22590f/gnocchi.1f6ca75c-146d-46f0-9d2b-a29ffb96ae8f/1771200000.0_mean_300.0_v3 HTTP/1.0 200 - python-swiftclient-4.8.0 gAAAAABpmnpRlsm9... - 16 - tx5770a887b1c64474908e3-00699a7a8b - 0.0100 - - 1771731595.176877737 1771731595.186837435 0 17d6eceedce248e7bcac4363c7b2aeaa
Feb 21 22:39:55 np0005625961.novalocal container-server[98785]: ::1 - - [22/Feb/2026:03:39:55 +0000] "PUT /2/23514/AUTH_e41560788c7b460fa374fdc94f22590f/gnocchi.1f6ca75c-146d-46f0-9d2b-a29ffb96ae8f/1771200000.0_mean_300.0_v3" 201 - "PUT http://[::1]:8080/2/174739/AUTH_e41560788c7b460fa374fdc94f22590f/gnocchi.1f6ca75c-146d-46f0-9d2b-a29ffb96ae8f/1771200000.0_mean_300.0_v3" "tx75b000eb4ab14e2c853cb-00699a7a8b" "object-server 99152" 0.0007 "-" 98785 0
Feb 21 22:39:55 np0005625961.novalocal container-server[98786]: ::1 - - [22/Feb/2026:03:39:55 +0000] "PUT /3/23514/AUTH_e41560788c7b460fa374fdc94f22590f/gnocchi.1f6ca75c-146d-46f0-9d2b-a29ffb96ae8f/1771200000.0_mean_300.0_v3" 201 - "PUT http://[::1]:8080/1/174739/AUTH_e41560788c7b460fa374fdc94f22590f/gnocchi.1f6ca75c-146d-46f0-9d2b-a29ffb96ae8f/1771200000.0_mean_300.0_v3" "tx75b000eb4ab14e2c853cb-00699a7a8b" "object-server 99151" 0.0003 "-" 98786 0
Feb 21 22:39:55 np0005625961.novalocal object-server[99152]: ::1 - - [22/Feb/2026:03:39:55 +0000] "PUT /2/174739/AUTH_e41560788c7b460fa374fdc94f22590f/gnocchi.1f6ca75c-146d-46f0-9d2b-a29ffb96ae8f/1771200000.0_mean_300.0_v3" 201 - "PUT https://[::1]:8080/v1/AUTH_e41560788c7b460fa374fdc94f22590f/gnocchi.1f6ca75c-146d-46f0-9d2b-a29ffb96ae8f/1771200000.0_mean_300.0_v3" "tx75b000eb4ab14e2c853cb-00699a7a8b" "proxy-server 100218" 0.0157 "-" 99152 0
Feb 21 22:39:55 np0005625961.novalocal container-server[98785]: ::1 - - [22/Feb/2026:03:39:55 +0000] "PUT /1/23514/AUTH_e41560788c7b460fa374fdc94f22590f/gnocchi.1f6ca75c-146d-46f0-9d2b-a29ffb96ae8f/1771200000.0_mean_300.0_v3" 201 - "PUT http://[::1]:8080/3/174739/AUTH_e41560788c7b460fa374fdc94f22590f/gnocchi.1f6ca75c-146d-46f0-9d2b-a29ffb96ae8f/1771200000.0_mean_300.0_v3" "tx75b000eb4ab14e2c853cb-00699a7a8b" "object-server 99151" 0.0004 "-" 98785 0
Feb 21 22:39:55 np0005625961.novalocal object-server[99151]: ::1 - - [22/Feb/2026:03:39:55 +0000] "PUT /1/174739/AUTH_e41560788c7b460fa374fdc94f22590f/gnocchi.1f6ca75c-146d-46f0-9d2b-a29ffb96ae8f/1771200000.0_mean_300.0_v3" 201 - "PUT https://[::1]:8080/v1/AUTH_e41560788c7b460fa374fdc94f22590f/gnocchi.1f6ca75c-146d-46f0-9d2b-a29ffb96ae8f/1771200000.0_mean_300.0_v3" "tx75b000eb4ab14e2c853cb-00699a7a8b" "proxy-server 100218" 0.0151 "-" 99151 0
Feb 21 22:39:55 np0005625961.novalocal object-server[99151]: ::1 - - [22/Feb/2026:03:39:55 +0000] "PUT /3/174739/AUTH_e41560788c7b460fa374fdc94f22590f/gnocchi.1f6ca75c-146d-46f0-9d2b-a29ffb96ae8f/1771200000.0_mean_300.0_v3" 201 - "PUT https://[::1]:8080/v1/AUTH_e41560788c7b460fa374fdc94f22590f/gnocchi.1f6ca75c-146d-46f0-9d2b-a29ffb96ae8f/1771200000.0_mean_300.0_v3" "tx75b000eb4ab14e2c853cb-00699a7a8b" "proxy-server 100218" 0.0192 "-" 99151 0
Feb 21 22:39:55 np0005625961.novalocal proxy-server[100218]: ::1 ::1 22/Feb/2026/03/39/55 PUT /v1/AUTH_e41560788c7b460fa374fdc94f22590f/gnocchi.1f6ca75c-146d-46f0-9d2b-a29ffb96ae8f/1771200000.0_mean_300.0_v3 HTTP/1.0 201 - python-swiftclient-4.8.0 gAAAAABpmnpRlsm9... 16 - - tx75b000eb4ab14e2c853cb-00699a7a8b - 0.0288 - - 1771731595.189934254 1771731595.218767166 0 17d6eceedce248e7bcac4363c7b2aeaa
Feb 21 22:39:55 np0005625961.novalocal container-server[98786]: ::1 - - [22/Feb/2026:03:39:55 +0000] "PUT /2/23514/AUTH_e41560788c7b460fa374fdc94f22590f/gnocchi.1f6ca75c-146d-46f0-9d2b-a29ffb96ae8f/none_v3" 201 - "PUT http://[::1]:8080/1/241465/AUTH_e41560788c7b460fa374fdc94f22590f/gnocchi.1f6ca75c-146d-46f0-9d2b-a29ffb96ae8f/none_v3" "tx864f20360e634108a1fb9-00699a7a8b" "object-server 99151" 0.0009 "-" 98786 0
Feb 21 22:39:55 np0005625961.novalocal object-server[99151]: ::1 - - [22/Feb/2026:03:39:55 +0000] "PUT /1/241465/AUTH_e41560788c7b460fa374fdc94f22590f/gnocchi.1f6ca75c-146d-46f0-9d2b-a29ffb96ae8f/none_v3" 201 - "PUT https://[::1]:8080/v1/AUTH_e41560788c7b460fa374fdc94f22590f/gnocchi.1f6ca75c-146d-46f0-9d2b-a29ffb96ae8f/none_v3" "tx864f20360e634108a1fb9-00699a7a8b" "proxy-server 100218" 0.0186 "-" 99151 0
Feb 21 22:39:55 np0005625961.novalocal container-server[98786]: ::1 - - [22/Feb/2026:03:39:55 +0000] "PUT /1/23514/AUTH_e41560788c7b460fa374fdc94f22590f/gnocchi.1f6ca75c-146d-46f0-9d2b-a29ffb96ae8f/none_v3" 201 - "PUT http://[::1]:8080/2/241465/AUTH_e41560788c7b460fa374fdc94f22590f/gnocchi.1f6ca75c-146d-46f0-9d2b-a29ffb96ae8f/none_v3" "tx864f20360e634108a1fb9-00699a7a8b" "object-server 99152" 0.0006 "-" 98786 0
Feb 21 22:39:55 np0005625961.novalocal object-server[99152]: ::1 - - [22/Feb/2026:03:39:55 +0000] "PUT /2/241465/AUTH_e41560788c7b460fa374fdc94f22590f/gnocchi.1f6ca75c-146d-46f0-9d2b-a29ffb96ae8f/none_v3" 201 - "PUT https://[::1]:8080/v1/AUTH_e41560788c7b460fa374fdc94f22590f/gnocchi.1f6ca75c-146d-46f0-9d2b-a29ffb96ae8f/none_v3" "tx864f20360e634108a1fb9-00699a7a8b" "proxy-server 100218" 0.0182 "-" 99152 0
Feb 21 22:39:55 np0005625961.novalocal container-server[98785]: ::1 - - [22/Feb/2026:03:39:55 +0000] "PUT /3/23514/AUTH_e41560788c7b460fa374fdc94f22590f/gnocchi.1f6ca75c-146d-46f0-9d2b-a29ffb96ae8f/none_v3" 201 - "PUT http://[::1]:8080/3/241465/AUTH_e41560788c7b460fa374fdc94f22590f/gnocchi.1f6ca75c-146d-46f0-9d2b-a29ffb96ae8f/none_v3" "tx864f20360e634108a1fb9-00699a7a8b" "object-server 99152" 0.0006 "-" 98785 0
Feb 21 22:39:55 np0005625961.novalocal object-server[99152]: ::1 - - [22/Feb/2026:03:39:55 +0000] "PUT /3/241465/AUTH_e41560788c7b460fa374fdc94f22590f/gnocchi.1f6ca75c-146d-46f0-9d2b-a29ffb96ae8f/none_v3" 201 - "PUT https://[::1]:8080/v1/AUTH_e41560788c7b460fa374fdc94f22590f/gnocchi.1f6ca75c-146d-46f0-9d2b-a29ffb96ae8f/none_v3" "tx864f20360e634108a1fb9-00699a7a8b" "proxy-server 100218" 0.0237 "-" 99152 0
Feb 21 22:39:55 np0005625961.novalocal proxy-server[100218]: ::1 ::1 22/Feb/2026/03/39/55 PUT /v1/AUTH_e41560788c7b460fa374fdc94f22590f/gnocchi.1f6ca75c-146d-46f0-9d2b-a29ffb96ae8f/none_v3 HTTP/1.0 201 - python-swiftclient-4.8.0 gAAAAABpmnpRlsm9... 46 - - tx864f20360e634108a1fb9-00699a7a8b - 0.0342 - - 1771731595.221986055 1771731595.256163836 0 17d6eceedce248e7bcac4363c7b2aeaa
Feb 21 22:39:55 np0005625961.novalocal object-server[99151]: ::1 - - [22/Feb/2026:03:39:55 +0000] "GET /1/130723/AUTH_e41560788c7b460fa374fdc94f22590f/gnocchi.cadb8074-bb62-4cc1-b268-b22c6a6f949a/none_v3" 200 32 "GET https://[::1]:8080/v1/AUTH_e41560788c7b460fa374fdc94f22590f/gnocchi.cadb8074-bb62-4cc1-b268-b22c6a6f949a/none_v3" "tx7fdc3684fd474248baaa0-00699a7a8b" "proxy-server 100218" 0.0011 "-" 99151 0
Feb 21 22:39:55 np0005625961.novalocal proxy-server[100218]: ::1 ::1 22/Feb/2026/03/39/55 GET /v1/AUTH_e41560788c7b460fa374fdc94f22590f/gnocchi.cadb8074-bb62-4cc1-b268-b22c6a6f949a/none_v3 HTTP/1.0 200 - python-swiftclient-4.8.0 gAAAAABpmnpRlsm9... - 32 - tx7fdc3684fd474248baaa0-00699a7a8b - 0.0148 - - 1771731595.282827854 1771731595.297639132 0 17d6eceedce248e7bcac4363c7b2aeaa
Feb 21 22:39:55 np0005625961.novalocal container-server[98785]: ::1 - - [22/Feb/2026:03:39:55 +0000] "GET /3/245468/AUTH_e41560788c7b460fa374fdc94f22590f/gnocchi.cadb8074-bb62-4cc1-b268-b22c6a6f949a" 200 357 "GET https://[::1]:8080/v1/AUTH_e41560788c7b460fa374fdc94f22590f/gnocchi.cadb8074-bb62-4cc1-b268-b22c6a6f949a?format=json&states=listing" "txdcc2005050eb4fc0bf302-00699a7a8b" "proxy-server 100218" 0.0026 "-" 98785 0
Feb 21 22:39:55 np0005625961.novalocal proxy-server[100218]: ::1 ::1 22/Feb/2026/03/39/55 GET /v1/AUTH_e41560788c7b460fa374fdc94f22590f/gnocchi.cadb8074-bb62-4cc1-b268-b22c6a6f949a%3Fformat%3Djson%26states%3Dlisting HTTP/1.0 200 - python-swiftclient-4.8.0 gAAAAABpmnpRlsm9... - 357 - txdcc2005050eb4fc0bf302-00699a7a8b - 0.0128 - - 1771731595.302631855 1771731595.315454721 0 17d6eceedce248e7bcac4363c7b2aeaa
