Feb 21 22:40:14 np0005625961.novalocal dnsmasq-dhcp[106046]: DHCPRELEASE(tapccec340a-c3) 10.100.0.1 fa:16:3e:49:33:61
Feb 21 22:40:15 np0005625961.novalocal kernel: qr-68afa8b3-03: left promiscuous mode
Feb 21 22:40:15 np0005625961.novalocal object-replicator[99231]: Starting object replication pass.
Feb 21 22:40:15 np0005625961.novalocal dnsmasq[106046]: read /var/lib/neutron/dhcp/ec68f9e8-955e-4357-8a89-83dd814883bc/addn_hosts - 0 addresses
Feb 21 22:40:15 np0005625961.novalocal dnsmasq-dhcp[106046]: read /var/lib/neutron/dhcp/ec68f9e8-955e-4357-8a89-83dd814883bc/host
Feb 21 22:40:15 np0005625961.novalocal dnsmasq-dhcp[106046]: read /var/lib/neutron/dhcp/ec68f9e8-955e-4357-8a89-83dd814883bc/opts
Feb 21 22:40:15 np0005625961.novalocal kernel: qg-c0d183c9-94: left promiscuous mode
Feb 21 22:40:15 np0005625961.novalocal container-replicator[98871]: Replication run OVER
Feb 21 22:40:15 np0005625961.novalocal container-replicator[98871]: Attempted to replicate 78 dbs in 1.61966 seconds (48.15811/s)
Feb 21 22:40:15 np0005625961.novalocal container-replicator[98871]: Removed 0 dbs
Feb 21 22:40:15 np0005625961.novalocal container-replicator[98871]: 156 successes, 0 failures
Feb 21 22:40:15 np0005625961.novalocal container-replicator[98871]: diff:0 diff_capped:0 empty:0 hashmatch:0 no_change:156 remote_merge:0 rsync:0 ts_repl:0
Feb 21 22:40:15 np0005625961.novalocal systemd[1]: run-netns-qrouter\x2dfc6152ef\x2da3f7\x2d4020\x2db18c\x2d8204705fe8c6.mount: Deactivated successfully.
Feb 21 22:40:16 np0005625961.novalocal dnsmasq[106046]: exiting on receipt of SIGTERM
Feb 21 22:40:16 np0005625961.novalocal kernel: tapccec340a-c3: left promiscuous mode
Feb 21 22:40:16 np0005625961.novalocal object-replicator[99231]: 156/156 (100.00%) partitions replicated in 1.14s (136.91/sec, 0s remaining)
Feb 21 22:40:16 np0005625961.novalocal object-replicator[99231]: 312 successes, 0 failures
Feb 21 22:40:16 np0005625961.novalocal object-replicator[99231]: 156 suffixes checked - 10.26% hashed, 0.00% synced
Feb 21 22:40:16 np0005625961.novalocal object-replicator[99231]: Partition times: max 0.0359s, min 0.0029s, med 0.0047s
Feb 21 22:40:16 np0005625961.novalocal object-replicator[99231]: Object replication complete. (0.02 minutes)
Feb 21 22:40:16 np0005625961.novalocal systemd[1]: run-netns-qdhcp\x2dec68f9e8\x2d955e\x2d4357\x2d8a89\x2d83dd814883bc.mount: Deactivated successfully.
Feb 21 22:40:17 np0005625961.novalocal container-sharder[98023]: Container sharder cycle starting, auto-sharding False
Feb 21 22:40:17 np0005625961.novalocal account-server[98425]: ::1 - - [22/Feb/2026:03:40:17 +0000] "HEAD /1/259413/.expiring_objects" 404 - "HEAD http://localhost/v1/.expiring_objects?format=json" "tx747fdce956694cc481efc-00699a7aa1" "Swift Object Expirer" 0.0004 "-" 98425 -
Feb 21 22:40:17 np0005625961.novalocal account-server[98426]: ::1 - - [22/Feb/2026:03:40:17 +0000] "HEAD /2/259413/.expiring_objects" 404 - "HEAD http://localhost/v1/.expiring_objects?format=json" "tx747fdce956694cc481efc-00699a7aa1" "Swift Object Expirer" 0.0004 "-" 98426 -
Feb 21 22:40:17 np0005625961.novalocal account-server[98425]: ::1 - - [22/Feb/2026:03:40:17 +0000] "HEAD /3/259413/.expiring_objects" 404 - "HEAD http://localhost/v1/.expiring_objects?format=json" "tx747fdce956694cc481efc-00699a7aa1" "Swift Object Expirer" 0.0009 "-" 98425 -
Feb 21 22:40:17 np0005625961.novalocal object-expirer-ic[93832]: - - 22/Feb/2026/03/40/17 HEAD /v1/.expiring_objects%3Fformat%3Djson HTTP/1.0 404 - Swift%20Object%20Expirer - - - - tx747fdce956694cc481efc-00699a7aa1 - 0.0121 - - 1771731617.907285690 1771731617.919356585 - -
Feb 21 22:40:17 np0005625961.novalocal object-expirer[93832]: Pass completed in 0s; 0 objects expired
Feb 21 22:40:19 np0005625961.novalocal container-sharder[98023]: Since Sun Feb 22 03:40:17 2026 visited - attempted:0 success:0 failure:0 skipped:78 completed:0
Feb 21 22:40:19 np0005625961.novalocal container-sharder[98023]: Since Sun Feb 22 03:40:17 2026 scanned - attempted:0 success:0 failure:0 found:0 min_time:0 max_time:0
Feb 21 22:40:19 np0005625961.novalocal container-sharder[98023]: Since Sun Feb 22 03:40:17 2026 created - attempted:0 success:0 failure:0
Feb 21 22:40:19 np0005625961.novalocal container-sharder[98023]: Since Sun Feb 22 03:40:17 2026 cleaved - attempted:0 success:0 failure:0 min_time:0 max_time:0
Feb 21 22:40:19 np0005625961.novalocal container-sharder[98023]: Since Sun Feb 22 03:40:17 2026 misplaced - attempted:0 success:0 failure:0 found:0 placed:0 unplaced:0
Feb 21 22:40:19 np0005625961.novalocal container-sharder[98023]: Since Sun Feb 22 03:40:17 2026 audit_root - attempted:0 success:0 failure:0 has_overlap:0 num_overlap:0
Feb 21 22:40:19 np0005625961.novalocal container-sharder[98023]: Since Sun Feb 22 03:40:17 2026 audit_shard - attempted:0 success:0 failure:0
Feb 21 22:40:19 np0005625961.novalocal container-sharder[98023]: Container sharder cycle completed: 1.55s
Feb 21 22:40:19 np0005625961.novalocal systemd[1]: NetworkManager-dispatcher.service: Deactivated successfully.
Feb 21 22:40:19 np0005625961.novalocal NetworkManager[868]: [1771731619.7978] manager: (tapc143ab02-bb): 'openvswitch' plugin not available; creating generic device
Feb 21 22:40:19 np0005625961.novalocal kernel: tapc143ab02-bb: entered promiscuous mode
Feb 21 22:40:19 np0005625961.novalocal NetworkManager[868]: [1771731619.7998] manager: (tapc143ab02-bb): new Generic device (/org/freedesktop/NetworkManager/Devices/41)
Feb 21 22:40:19 np0005625961.novalocal dnsmasq-dhcp[107389]: DHCPDISCOVER(tapa2d45c80-5c) fa:16:3e:7b:6a:37
Feb 21 22:40:19 np0005625961.novalocal dnsmasq-dhcp[107389]: DHCPOFFER(tapa2d45c80-5c) 10.100.0.9 fa:16:3e:7b:6a:37
Feb 21 22:40:19 np0005625961.novalocal dnsmasq-dhcp[107389]: DHCPREQUEST(tapa2d45c80-5c) 10.100.0.9 fa:16:3e:7b:6a:37
Feb 21 22:40:19 np0005625961.novalocal dnsmasq-dhcp[107389]: DHCPACK(tapa2d45c80-5c) 10.100.0.9 fa:16:3e:7b:6a:37 host-10-100-0-9
Feb 21 22:40:20 np0005625961.novalocal container-server[98785]: ::1 - - [22/Feb/2026:03:40:20 +0000] "HEAD /2/5192/AUTH_e41560788c7b460fa374fdc94f22590f/gnocchi.ed6d15cb-6cab-44a7-a567-53aa9628a090" 404 - "HEAD http://[::1]:8080/v1/AUTH_e41560788c7b460fa374fdc94f22590f/gnocchi.ed6d15cb-6cab-44a7-a567-53aa9628a090" "tx5e95b874b6e34c5a8d926-00699a7aa4" "proxy-server 100218" 0.0003 "-" 98785 0
Feb 21 22:40:20 np0005625961.novalocal container-server[98785]: ::1 - - [22/Feb/2026:03:40:20 +0000] "HEAD /1/5192/AUTH_e41560788c7b460fa374fdc94f22590f/gnocchi.ed6d15cb-6cab-44a7-a567-53aa9628a090" 404 - "HEAD http://[::1]:8080/v1/AUTH_e41560788c7b460fa374fdc94f22590f/gnocchi.ed6d15cb-6cab-44a7-a567-53aa9628a090" "tx5e95b874b6e34c5a8d926-00699a7aa4" "proxy-server 100218" 0.0001 "-" 98785 0
Feb 21 22:40:20 np0005625961.novalocal container-server[98786]: ::1 - - [22/Feb/2026:03:40:20 +0000] "HEAD /3/5192/AUTH_e41560788c7b460fa374fdc94f22590f/gnocchi.ed6d15cb-6cab-44a7-a567-53aa9628a090" 404 - "HEAD http://[::1]:8080/v1/AUTH_e41560788c7b460fa374fdc94f22590f/gnocchi.ed6d15cb-6cab-44a7-a567-53aa9628a090" "tx5e95b874b6e34c5a8d926-00699a7aa4" "proxy-server 100218" 0.0004 "-" 98786 0
Feb 21 22:40:20 np0005625961.novalocal proxy-server[100218]: - - 22/Feb/2026/03/40/20 HEAD /v1/AUTH_e41560788c7b460fa374fdc94f22590f/gnocchi.ed6d15cb-6cab-44a7-a567-53aa9628a090 HTTP/1.0 404 - Swift - - - - tx5e95b874b6e34c5a8d926-00699a7aa4 - 0.0090 CS - 1771731620.129443645 1771731620.138414383 0 -
Feb 21 22:40:20 np0005625961.novalocal object-server[99151]: ::1 - - [22/Feb/2026:03:40:20 +0000] "GET /2/219876/AUTH_e41560788c7b460fa374fdc94f22590f/gnocchi.ed6d15cb-6cab-44a7-a567-53aa9628a090/none_v3" 404 70 "GET https://[::1]:8080/v1/AUTH_e41560788c7b460fa374fdc94f22590f/gnocchi.ed6d15cb-6cab-44a7-a567-53aa9628a090/none_v3" "tx5e95b874b6e34c5a8d926-00699a7aa4" "proxy-server 100218" 0.0005 "-" 99151 0
Feb 21 22:40:20 np0005625961.novalocal object-server[99152]: ::1 - - [22/Feb/2026:03:40:20 +0000] "GET /1/219876/AUTH_e41560788c7b460fa374fdc94f22590f/gnocchi.ed6d15cb-6cab-44a7-a567-53aa9628a090/none_v3" 404 70 "GET https://[::1]:8080/v1/AUTH_e41560788c7b460fa374fdc94f22590f/gnocchi.ed6d15cb-6cab-44a7-a567-53aa9628a090/none_v3" "tx5e95b874b6e34c5a8d926-00699a7aa4" "proxy-server 100218" 0.0004 "-" 99152 0
Feb 21 22:40:20 np0005625961.novalocal object-server[99151]: ::1 - - [22/Feb/2026:03:40:20 +0000] "GET /3/219876/AUTH_e41560788c7b460fa374fdc94f22590f/gnocchi.ed6d15cb-6cab-44a7-a567-53aa9628a090/none_v3" 404 70 "GET https://[::1]:8080/v1/AUTH_e41560788c7b460fa374fdc94f22590f/gnocchi.ed6d15cb-6cab-44a7-a567-53aa9628a090/none_v3" "tx5e95b874b6e34c5a8d926-00699a7aa4" "proxy-server 100218" 0.0004 "-" 99151 0
Feb 21 22:40:20 np0005625961.novalocal proxy-server[100218]: ::1 ::1 22/Feb/2026/03/40/20 GET /v1/AUTH_e41560788c7b460fa374fdc94f22590f/gnocchi.ed6d15cb-6cab-44a7-a567-53aa9628a090/none_v3 HTTP/1.0 404 - python-swiftclient-4.8.0 gAAAAABpmnpRlsm9... - 70 - tx5e95b874b6e34c5a8d926-00699a7aa4 - 0.0243 - - 1771731620.128543854 1771731620.152796507 0 17d6eceedce248e7bcac4363c7b2aeaa
Feb 21 22:40:20 np0005625961.novalocal account-server[98425]: ::1 - - [22/Feb/2026:03:40:20 +0000] "PUT /1/161627/AUTH_e41560788c7b460fa374fdc94f22590f/gnocchi.ed6d15cb-6cab-44a7-a567-53aa9628a090" 201 - "PUT http://[::1]:6001/2/5192/AUTH_e41560788c7b460fa374fdc94f22590f/gnocchi.ed6d15cb-6cab-44a7-a567-53aa9628a090" "txaa5de54a2317401f98b23-00699a7aa4" "container-server 98785" 0.0035 "-" 98425 0
Feb 21 22:40:20 np0005625961.novalocal container-server[98785]: ::1 - - [22/Feb/2026:03:40:20 +0000] "PUT /2/5192/AUTH_e41560788c7b460fa374fdc94f22590f/gnocchi.ed6d15cb-6cab-44a7-a567-53aa9628a090" 201 - "PUT https://[::1]:8080/v1/AUTH_e41560788c7b460fa374fdc94f22590f/gnocchi.ed6d15cb-6cab-44a7-a567-53aa9628a090" "txaa5de54a2317401f98b23-00699a7aa4" "proxy-server 100218" 0.0111 "-" 98785 0
Feb 21 22:40:20 np0005625961.novalocal account-server[98425]: ::1 - - [22/Feb/2026:03:40:20 +0000] "PUT /2/161627/AUTH_e41560788c7b460fa374fdc94f22590f/gnocchi.ed6d15cb-6cab-44a7-a567-53aa9628a090" 201 - "PUT http://[::1]:6001/1/5192/AUTH_e41560788c7b460fa374fdc94f22590f/gnocchi.ed6d15cb-6cab-44a7-a567-53aa9628a090" "txaa5de54a2317401f98b23-00699a7aa4" "container-server 98786" 0.0011 "-" 98425 0
Feb 21 22:40:20 np0005625961.novalocal container-server[98786]: ::1 - - [22/Feb/2026:03:40:20 +0000] "PUT /1/5192/AUTH_e41560788c7b460fa374fdc94f22590f/gnocchi.ed6d15cb-6cab-44a7-a567-53aa9628a090" 201 - "PUT https://[::1]:8080/v1/AUTH_e41560788c7b460fa374fdc94f22590f/gnocchi.ed6d15cb-6cab-44a7-a567-53aa9628a090" "txaa5de54a2317401f98b23-00699a7aa4" "proxy-server 100218" 0.0246 "-" 98786 0
Feb 21 22:40:20 np0005625961.novalocal account-server[98426]: ::1 - - [22/Feb/2026:03:40:20 +0000] "PUT /3/161627/AUTH_e41560788c7b460fa374fdc94f22590f/gnocchi.ed6d15cb-6cab-44a7-a567-53aa9628a090" 201 - "PUT http://[::1]:6001/3/5192/AUTH_e41560788c7b460fa374fdc94f22590f/gnocchi.ed6d15cb-6cab-44a7-a567-53aa9628a090" "txaa5de54a2317401f98b23-00699a7aa4" "container-server 98786" 0.0017 "-" 98426 0
Feb 21 22:40:20 np0005625961.novalocal container-server[98786]: ::1 - - [22/Feb/2026:03:40:20 +0000] "PUT /3/5192/AUTH_e41560788c7b460fa374fdc94f22590f/gnocchi.ed6d15cb-6cab-44a7-a567-53aa9628a090" 201 - "PUT https://[::1]:8080/v1/AUTH_e41560788c7b460fa374fdc94f22590f/gnocchi.ed6d15cb-6cab-44a7-a567-53aa9628a090" "txaa5de54a2317401f98b23-00699a7aa4" "proxy-server 100218" 0.0133 "-" 98786 0
Feb 21 22:40:20 np0005625961.novalocal proxy-server[100218]: ::1 ::1 22/Feb/2026/03/40/20 PUT /v1/AUTH_e41560788c7b460fa374fdc94f22590f/gnocchi.ed6d15cb-6cab-44a7-a567-53aa9628a090 HTTP/1.0 201 - python-swiftclient-4.8.0 gAAAAABpmnpRlsm9... - - - txaa5de54a2317401f98b23-00699a7aa4 - 0.0381 - - 1771731620.155201674 1771731620.193278313 0 17d6eceedce248e7bcac4363c7b2aeaa
Feb 21 22:40:20 np0005625961.novalocal container-server[98786]: ::1 - - [22/Feb/2026:03:40:20 +0000] "HEAD /2/5192/AUTH_e41560788c7b460fa374fdc94f22590f/gnocchi.ed6d15cb-6cab-44a7-a567-53aa9628a090" 204 - "HEAD http://[::1]:8080/v1/AUTH_e41560788c7b460fa374fdc94f22590f/gnocchi.ed6d15cb-6cab-44a7-a567-53aa9628a090" "tx976175bbe7d148429bad1-00699a7aa4" "proxy-server 100218" 0.0016 "-" 98786 0
Feb 21 22:40:20 np0005625961.novalocal proxy-server[100218]: - - 22/Feb/2026/03/40/20 HEAD /v1/AUTH_e41560788c7b460fa374fdc94f22590f/gnocchi.ed6d15cb-6cab-44a7-a567-53aa9628a090 HTTP/1.0 204 - Swift - - - - tx976175bbe7d148429bad1-00699a7aa4 - 0.0067 CS - 1771731620.197378635 1771731620.204081297 0 -
Feb 21 22:40:20 np0005625961.novalocal container-server[98785]: ::1 - - [22/Feb/2026:03:40:20 +0000] "GET /1/5192/AUTH_e41560788c7b460fa374fdc94f22590f/gnocchi.ed6d15cb-6cab-44a7-a567-53aa9628a090" 200 2 "GET https://[::1]:8080/v1/AUTH_e41560788c7b460fa374fdc94f22590f/gnocchi.ed6d15cb-6cab-44a7-a567-53aa9628a090?format=json&states=listing" "tx976175bbe7d148429bad1-00699a7aa4" "proxy-server 100218" 0.0017 "-" 98785 0
Feb 21 22:40:20 np0005625961.novalocal proxy-server[100218]: ::1 ::1 22/Feb/2026/03/40/20 GET /v1/AUTH_e41560788c7b460fa374fdc94f22590f/gnocchi.ed6d15cb-6cab-44a7-a567-53aa9628a090%3Fformat%3Djson%26states%3Dlisting HTTP/1.0 200 - python-swiftclient-4.8.0 gAAAAABpmnpRlsm9... - 2 - tx976175bbe7d148429bad1-00699a7aa4 - 0.0211 - - 1771731620.196675062 1771731620.217774153 0 17d6eceedce248e7bcac4363c7b2aeaa
Feb 21 22:40:20 np0005625961.novalocal object-server[99152]: ::1 - - [22/Feb/2026:03:40:20 +0000] "GET /1/162196/AUTH_e41560788c7b460fa374fdc94f22590f/gnocchi.ed6d15cb-6cab-44a7-a567-53aa9628a090/1771200000.0_mean_300.0_v3" 404 70 "GET https://[::1]:8080/v1/AUTH_e41560788c7b460fa374fdc94f22590f/gnocchi.ed6d15cb-6cab-44a7-a567-53aa9628a090/1771200000.0_mean_300.0_v3" "tx05b5083d2a2a4d3ba9eca-00699a7aa4" "proxy-server 100218" 0.0004 "-" 99152 0
Feb 21 22:40:20 np0005625961.novalocal object-server[99152]: ::1 - - [22/Feb/2026:03:40:20 +0000] "GET /2/162196/AUTH_e41560788c7b460fa374fdc94f22590f/gnocchi.ed6d15cb-6cab-44a7-a567-53aa9628a090/1771200000.0_mean_300.0_v3" 404 70 "GET https://[::1]:8080/v1/AUTH_e41560788c7b460fa374fdc94f22590f/gnocchi.ed6d15cb-6cab-44a7-a567-53aa9628a090/1771200000.0_mean_300.0_v3" "tx05b5083d2a2a4d3ba9eca-00699a7aa4" "proxy-server 100218" 0.0003 "-" 99152 0
Feb 21 22:40:20 np0005625961.novalocal object-server[99151]: ::1 - - [22/Feb/2026:03:40:20 +0000] "GET /3/162196/AUTH_e41560788c7b460fa374fdc94f22590f/gnocchi.ed6d15cb-6cab-44a7-a567-53aa9628a090/1771200000.0_mean_300.0_v3" 404 70 "GET https://[::1]:8080/v1/AUTH_e41560788c7b460fa374fdc94f22590f/gnocchi.ed6d15cb-6cab-44a7-a567-53aa9628a090/1771200000.0_mean_300.0_v3" "tx05b5083d2a2a4d3ba9eca-00699a7aa4" "proxy-server 100218" 0.0005 "-" 99151 0
Feb 21 22:40:20 np0005625961.novalocal proxy-server[100218]: ::1 ::1 22/Feb/2026/03/40/20 GET /v1/AUTH_e41560788c7b460fa374fdc94f22590f/gnocchi.ed6d15cb-6cab-44a7-a567-53aa9628a090/1771200000.0_mean_300.0_v3 HTTP/1.0 404 - python-swiftclient-4.8.0 gAAAAABpmnpRlsm9... - 70 - tx05b5083d2a2a4d3ba9eca-00699a7aa4 - 0.0211 - - 1771731620.222488165 1771731620.243592978 0 17d6eceedce248e7bcac4363c7b2aeaa
Feb 21 22:40:20 np0005625961.novalocal kernel: qr-455222af-b5: entered promiscuous mode
Feb 21 22:40:20 np0005625961.novalocal NetworkManager[868]: [1771731620.3039] manager: (qr-455222af-b5): 'openvswitch' plugin not available; creating generic device
Feb 21 22:40:20 np0005625961.novalocal NetworkManager[868]: [1771731620.3048] manager: (qr-455222af-b5): new Generic device (/org/freedesktop/NetworkManager/Devices/42)
Feb 21 22:40:20 np0005625961.novalocal systemd-udevd[107780]: Network interface NamePolicy= disabled on kernel command line.
Feb 21 22:40:20 np0005625961.novalocal container-server[98785]: ::1 - - [22/Feb/2026:03:40:20 +0000] "PUT /2/5192/AUTH_e41560788c7b460fa374fdc94f22590f/gnocchi.ed6d15cb-6cab-44a7-a567-53aa9628a090/1771200000.0_mean_300.0_v3" 201 - "PUT http://[::1]:8080/2/162196/AUTH_e41560788c7b460fa374fdc94f22590f/gnocchi.ed6d15cb-6cab-44a7-a567-53aa9628a090/1771200000.0_mean_300.0_v3" "txc60a0cc10e3a4e52b02d7-00699a7aa4" "object-server 99152" 0.0004 "-" 98785 0
Feb 21 22:40:20 np0005625961.novalocal object-server[99152]: ::1 - - [22/Feb/2026:03:40:20 +0000] "PUT /2/162196/AUTH_e41560788c7b460fa374fdc94f22590f/gnocchi.ed6d15cb-6cab-44a7-a567-53aa9628a090/1771200000.0_mean_300.0_v3" 201 - "PUT https://[::1]:8080/v1/AUTH_e41560788c7b460fa374fdc94f22590f/gnocchi.ed6d15cb-6cab-44a7-a567-53aa9628a090/1771200000.0_mean_300.0_v3" "txc60a0cc10e3a4e52b02d7-00699a7aa4" "proxy-server 100218" 0.0175 "-" 99152 0
Feb 21 22:40:20 np0005625961.novalocal container-server[98786]: ::1 - - [22/Feb/2026:03:40:20 +0000] "PUT /3/5192/AUTH_e41560788c7b460fa374fdc94f22590f/gnocchi.ed6d15cb-6cab-44a7-a567-53aa9628a090/1771200000.0_mean_300.0_v3" 201 - "PUT http://[::1]:8080/1/162196/AUTH_e41560788c7b460fa374fdc94f22590f/gnocchi.ed6d15cb-6cab-44a7-a567-53aa9628a090/1771200000.0_mean_300.0_v3" "txc60a0cc10e3a4e52b02d7-00699a7aa4" "object-server 99151" 0.0012 "-" 98786 0
Feb 21 22:40:20 np0005625961.novalocal object-server[99151]: ::1 - - [22/Feb/2026:03:40:20 +0000] "PUT /1/162196/AUTH_e41560788c7b460fa374fdc94f22590f/gnocchi.ed6d15cb-6cab-44a7-a567-53aa9628a090/1771200000.0_mean_300.0_v3" 201 - "PUT https://[::1]:8080/v1/AUTH_e41560788c7b460fa374fdc94f22590f/gnocchi.ed6d15cb-6cab-44a7-a567-53aa9628a090/1771200000.0_mean_300.0_v3" "txc60a0cc10e3a4e52b02d7-00699a7aa4" "proxy-server 100218" 0.0171 "-" 99151 0
Feb 21 22:40:20 np0005625961.novalocal container-server[98786]: ::1 - - [22/Feb/2026:03:40:20 +0000] "PUT /1/5192/AUTH_e41560788c7b460fa374fdc94f22590f/gnocchi.ed6d15cb-6cab-44a7-a567-53aa9628a090/1771200000.0_mean_300.0_v3" 201 - "PUT http://[::1]:8080/3/162196/AUTH_e41560788c7b460fa374fdc94f22590f/gnocchi.ed6d15cb-6cab-44a7-a567-53aa9628a090/1771200000.0_mean_300.0_v3" "txc60a0cc10e3a4e52b02d7-00699a7aa4" "object-server 99151" 0.0004 "-" 98786 0
Feb 21 22:40:20 np0005625961.novalocal object-server[99151]: ::1 - - [22/Feb/2026:03:40:20 +0000] "PUT /3/162196/AUTH_e41560788c7b460fa374fdc94f22590f/gnocchi.ed6d15cb-6cab-44a7-a567-53aa9628a090/1771200000.0_mean_300.0_v3" 201 - "PUT https://[::1]:8080/v1/AUTH_e41560788c7b460fa374fdc94f22590f/gnocchi.ed6d15cb-6cab-44a7-a567-53aa9628a090/1771200000.0_mean_300.0_v3" "txc60a0cc10e3a4e52b02d7-00699a7aa4" "proxy-server 100218" 0.0166 "-" 99151 0
Feb 21 22:40:20 np0005625961.novalocal proxy-server[100218]: ::1 ::1 22/Feb/2026/03/40/20 PUT /v1/AUTH_e41560788c7b460fa374fdc94f22590f/gnocchi.ed6d15cb-6cab-44a7-a567-53aa9628a090/1771200000.0_mean_300.0_v3 HTTP/1.0 201 - python-swiftclient-4.8.0 gAAAAABpmnpRlsm9... 16 - - txc60a0cc10e3a4e52b02d7-00699a7aa4 - 0.0765 - - 1771731620.246911049 1771731620.323426723 0 17d6eceedce248e7bcac4363c7b2aeaa
Feb 21 22:40:20 np0005625961.novalocal container-server[98785]: ::1 - - [22/Feb/2026:03:40:20 +0000] "PUT /2/5192/AUTH_e41560788c7b460fa374fdc94f22590f/gnocchi.ed6d15cb-6cab-44a7-a567-53aa9628a090/none_v3" 201 - "PUT http://[::1]:8080/2/219876/AUTH_e41560788c7b460fa374fdc94f22590f/gnocchi.ed6d15cb-6cab-44a7-a567-53aa9628a090/none_v3" "txb1a09bed4a764ed98a94f-00699a7aa4" "object-server 99151" 0.0005 "-" 98785 0
Feb 21 22:40:20 np0005625961.novalocal object-server[99151]: ::1 - - [22/Feb/2026:03:40:20 +0000] "PUT /2/219876/AUTH_e41560788c7b460fa374fdc94f22590f/gnocchi.ed6d15cb-6cab-44a7-a567-53aa9628a090/none_v3" 201 - "PUT https://[::1]:8080/v1/AUTH_e41560788c7b460fa374fdc94f22590f/gnocchi.ed6d15cb-6cab-44a7-a567-53aa9628a090/none_v3" "txb1a09bed4a764ed98a94f-00699a7aa4" "proxy-server 100218" 0.0167 "-" 99151 0
Feb 21 22:40:20 np0005625961.novalocal container-server[98785]: ::1 - - [22/Feb/2026:03:40:20 +0000] "PUT /3/5192/AUTH_e41560788c7b460fa374fdc94f22590f/gnocchi.ed6d15cb-6cab-44a7-a567-53aa9628a090/none_v3" 201 - "PUT http://[::1]:8080/1/219876/AUTH_e41560788c7b460fa374fdc94f22590f/gnocchi.ed6d15cb-6cab-44a7-a567-53aa9628a090/none_v3" "txb1a09bed4a764ed98a94f-00699a7aa4" "object-server 99151" 0.0002 "-" 98785 0
Feb 21 22:40:20 np0005625961.novalocal object-server[99151]: ::1 - - [22/Feb/2026:03:40:20 +0000] "PUT /1/219876/AUTH_e41560788c7b460fa374fdc94f22590f/gnocchi.ed6d15cb-6cab-44a7-a567-53aa9628a090/none_v3" 201 - "PUT https://[::1]:8080/v1/AUTH_e41560788c7b460fa374fdc94f22590f/gnocchi.ed6d15cb-6cab-44a7-a567-53aa9628a090/none_v3" "txb1a09bed4a764ed98a94f-00699a7aa4" "proxy-server 100218" 0.0205 "-" 99151 0
Feb 21 22:40:20 np0005625961.novalocal container-server[98786]: ::1 - - [22/Feb/2026:03:40:20 +0000] "PUT /1/5192/AUTH_e41560788c7b460fa374fdc94f22590f/gnocchi.ed6d15cb-6cab-44a7-a567-53aa9628a090/none_v3" 201 - "PUT http://[::1]:8080/3/219876/AUTH_e41560788c7b460fa374fdc94f22590f/gnocchi.ed6d15cb-6cab-44a7-a567-53aa9628a090/none_v3" "txb1a09bed4a764ed98a94f-00699a7aa4" "object-server 99151" 0.0008 "-" 98786 0
Feb 21 22:40:20 np0005625961.novalocal object-server[99151]: ::1 - - [22/Feb/2026:03:40:20 +0000] "PUT /3/219876/AUTH_e41560788c7b460fa374fdc94f22590f/gnocchi.ed6d15cb-6cab-44a7-a567-53aa9628a090/none_v3" 201 - "PUT https://[::1]:8080/v1/AUTH_e41560788c7b460fa374fdc94f22590f/gnocchi.ed6d15cb-6cab-44a7-a567-53aa9628a090/none_v3" "txb1a09bed4a764ed98a94f-00699a7aa4" "proxy-server 100218" 0.0230 "-" 99151 0
Feb 21 22:40:20 np0005625961.novalocal proxy-server[100218]: ::1 ::1 22/Feb/2026/03/40/20 PUT /v1/AUTH_e41560788c7b460fa374fdc94f22590f/gnocchi.ed6d15cb-6cab-44a7-a567-53aa9628a090/none_v3 HTTP/1.0 201 - python-swiftclient-4.8.0 gAAAAABpmnpRlsm9... 22 - - txb1a09bed4a764ed98a94f-00699a7aa4 - 0.0317 - - 1771731620.328133821 1771731620.359858274 0 17d6eceedce248e7bcac4363c7b2aeaa
Feb 21 22:40:20 np0005625961.novalocal container-server[98786]: ::1 - - [22/Feb/2026:03:40:20 +0000] "HEAD /1/78395/AUTH_e41560788c7b460fa374fdc94f22590f/gnocchi.baa5f282-d06f-44c2-ae90-6bd79c4b4a9e" 404 - "HEAD http://[::1]:8080/v1/AUTH_e41560788c7b460fa374fdc94f22590f/gnocchi.baa5f282-d06f-44c2-ae90-6bd79c4b4a9e" "tx5b1d759f0c5a4beebb0e4-00699a7aa4" "proxy-server 100218" 0.0005 "-" 98786 0
Feb 21 22:40:20 np0005625961.novalocal container-server[98785]: ::1 - - [22/Feb/2026:03:40:20 +0000] "HEAD /3/78395/AUTH_e41560788c7b460fa374fdc94f22590f/gnocchi.baa5f282-d06f-44c2-ae90-6bd79c4b4a9e" 404 - "HEAD http://[::1]:8080/v1/AUTH_e41560788c7b460fa374fdc94f22590f/gnocchi.baa5f282-d06f-44c2-ae90-6bd79c4b4a9e" "tx5b1d759f0c5a4beebb0e4-00699a7aa4" "proxy-server 100218" 0.0002 "-" 98785 0
Feb 21 22:40:20 np0005625961.novalocal container-server[98785]: ::1 - - [22/Feb/2026:03:40:20 +0000] "HEAD /2/78395/AUTH_e41560788c7b460fa374fdc94f22590f/gnocchi.baa5f282-d06f-44c2-ae90-6bd79c4b4a9e" 404 - "HEAD http://[::1]:8080/v1/AUTH_e41560788c7b460fa374fdc94f22590f/gnocchi.baa5f282-d06f-44c2-ae90-6bd79c4b4a9e" "tx5b1d759f0c5a4beebb0e4-00699a7aa4" "proxy-server 100218" 0.0002 "-" 98785 0
Feb 21 22:40:20 np0005625961.novalocal proxy-server[100218]: - - 22/Feb/2026/03/40/20 HEAD /v1/AUTH_e41560788c7b460fa374fdc94f22590f/gnocchi.baa5f282-d06f-44c2-ae90-6bd79c4b4a9e HTTP/1.0 404 - Swift - - - - tx5b1d759f0c5a4beebb0e4-00699a7aa4 - 0.0067 CS - 1771731620.385866165 1771731620.392589808 0 -
Feb 21 22:40:20 np0005625961.novalocal object-server[99151]: ::1 - - [22/Feb/2026:03:40:20 +0000] "GET /2/196783/AUTH_e41560788c7b460fa374fdc94f22590f/gnocchi.baa5f282-d06f-44c2-ae90-6bd79c4b4a9e/none_v3" 404 70 "GET https://[::1]:8080/v1/AUTH_e41560788c7b460fa374fdc94f22590f/gnocchi.baa5f282-d06f-44c2-ae90-6bd79c4b4a9e/none_v3" "tx5b1d759f0c5a4beebb0e4-00699a7aa4" "proxy-server 100218" 0.0003 "-" 99151 0
Feb 21 22:40:20 np0005625961.novalocal object-server[99152]: ::1 - - [22/Feb/2026:03:40:20 +0000] "GET /1/196783/AUTH_e41560788c7b460fa374fdc94f22590f/gnocchi.baa5f282-d06f-44c2-ae90-6bd79c4b4a9e/none_v3" 404 70 "GET https://[::1]:8080/v1/AUTH_e41560788c7b460fa374fdc94f22590f/gnocchi.baa5f282-d06f-44c2-ae90-6bd79c4b4a9e/none_v3" "tx5b1d759f0c5a4beebb0e4-00699a7aa4" "proxy-server 100218" 0.0006 "-" 99152 0
Feb 21 22:40:20 np0005625961.novalocal object-server[99151]: ::1 - - [22/Feb/2026:03:40:20 +0000] "GET /3/196783/AUTH_e41560788c7b460fa374fdc94f22590f/gnocchi.baa5f282-d06f-44c2-ae90-6bd79c4b4a9e/none_v3" 404 70 "GET https://[::1]:8080/v1/AUTH_e41560788c7b460fa374fdc94f22590f/gnocchi.baa5f282-d06f-44c2-ae90-6bd79c4b4a9e/none_v3" "tx5b1d759f0c5a4beebb0e4-00699a7aa4" "proxy-server 100218" 0.0002 "-" 99151 0
Feb 21 22:40:20 np0005625961.novalocal proxy-server[100218]: ::1 ::1 22/Feb/2026/03/40/20 GET /v1/AUTH_e41560788c7b460fa374fdc94f22590f/gnocchi.baa5f282-d06f-44c2-ae90-6bd79c4b4a9e/none_v3 HTTP/1.0 404 - python-swiftclient-4.8.0 gAAAAABpmnpRlsm9... - 70 - tx5b1d759f0c5a4beebb0e4-00699a7aa4 - 0.0220 - - 1771731620.385267258 1771731620.407249928 0 17d6eceedce248e7bcac4363c7b2aeaa
Feb 21 22:40:20 np0005625961.novalocal account-server[98425]: ::1 - - [22/Feb/2026:03:40:20 +0000] "PUT /3/161627/AUTH_e41560788c7b460fa374fdc94f22590f/gnocchi.baa5f282-d06f-44c2-ae90-6bd79c4b4a9e" 201 - "PUT http://[::1]:6001/1/78395/AUTH_e41560788c7b460fa374fdc94f22590f/gnocchi.baa5f282-d06f-44c2-ae90-6bd79c4b4a9e" "txcd0ef1162e134f54946ac-00699a7aa4" "container-server 98785" 0.0116 "-" 98425 0
Feb 21 22:40:20 np0005625961.novalocal container-server[98785]: ::1 - - [22/Feb/2026:03:40:20 +0000] "PUT /1/78395/AUTH_e41560788c7b460fa374fdc94f22590f/gnocchi.baa5f282-d06f-44c2-ae90-6bd79c4b4a9e" 201 - "PUT https://[::1]:8080/v1/AUTH_e41560788c7b460fa374fdc94f22590f/gnocchi.baa5f282-d06f-44c2-ae90-6bd79c4b4a9e" "txcd0ef1162e134f54946ac-00699a7aa4" "proxy-server 100218" 0.0217 "-" 98785 0
Feb 21 22:40:20 np0005625961.novalocal account-server[98426]: ::1 - - [22/Feb/2026:03:40:20 +0000] "PUT /2/161627/AUTH_e41560788c7b460fa374fdc94f22590f/gnocchi.baa5f282-d06f-44c2-ae90-6bd79c4b4a9e" 201 - "PUT http://[::1]:6001/3/78395/AUTH_e41560788c7b460fa374fdc94f22590f/gnocchi.baa5f282-d06f-44c2-ae90-6bd79c4b4a9e" "txcd0ef1162e134f54946ac-00699a7aa4" "container-server 98786" 0.0067 "-" 98426 0
Feb 21 22:40:20 np0005625961.novalocal container-server[98786]: ::1 - - [22/Feb/2026:03:40:20 +0000] "PUT /3/78395/AUTH_e41560788c7b460fa374fdc94f22590f/gnocchi.baa5f282-d06f-44c2-ae90-6bd79c4b4a9e" 201 - "PUT https://[::1]:8080/v1/AUTH_e41560788c7b460fa374fdc94f22590f/gnocchi.baa5f282-d06f-44c2-ae90-6bd79c4b4a9e" "txcd0ef1162e134f54946ac-00699a7aa4" "proxy-server 100218" 0.0248 "-" 98786 0
Feb 21 22:40:20 np0005625961.novalocal account-server[98425]: ::1 - - [22/Feb/2026:03:40:20 +0000] "PUT /1/161627/AUTH_e41560788c7b460fa374fdc94f22590f/gnocchi.baa5f282-d06f-44c2-ae90-6bd79c4b4a9e" 201 - "PUT http://[::1]:6001/2/78395/AUTH_e41560788c7b460fa374fdc94f22590f/gnocchi.baa5f282-d06f-44c2-ae90-6bd79c4b4a9e" "txcd0ef1162e134f54946ac-00699a7aa4" "container-server 98786" 0.0042 "-" 98425 0
Feb 21 22:40:20 np0005625961.novalocal container-server[98786]: ::1 - - [22/Feb/2026:03:40:20 +0000] "PUT /2/78395/AUTH_e41560788c7b460fa374fdc94f22590f/gnocchi.baa5f282-d06f-44c2-ae90-6bd79c4b4a9e" 201 - "PUT https://[::1]:8080/v1/AUTH_e41560788c7b460fa374fdc94f22590f/gnocchi.baa5f282-d06f-44c2-ae90-6bd79c4b4a9e" "txcd0ef1162e134f54946ac-00699a7aa4" "proxy-server 100218" 0.0197 "-" 98786 0
Feb 21 22:40:20 np0005625961.novalocal proxy-server[100218]: ::1 ::1 22/Feb/2026/03/40/20 PUT /v1/AUTH_e41560788c7b460fa374fdc94f22590f/gnocchi.baa5f282-d06f-44c2-ae90-6bd79c4b4a9e HTTP/1.0 201 - python-swiftclient-4.8.0 gAAAAABpmnpRlsm9... - - - txcd0ef1162e134f54946ac-00699a7aa4 - 0.0388 - - 1771731620.411283970 1771731620.450078249 0 17d6eceedce248e7bcac4363c7b2aeaa
Feb 21 22:40:20 np0005625961.novalocal container-server[98786]: ::1 - - [22/Feb/2026:03:40:20 +0000] "HEAD /3/78395/AUTH_e41560788c7b460fa374fdc94f22590f/gnocchi.baa5f282-d06f-44c2-ae90-6bd79c4b4a9e" 204 - "HEAD http://[::1]:8080/v1/AUTH_e41560788c7b460fa374fdc94f22590f/gnocchi.baa5f282-d06f-44c2-ae90-6bd79c4b4a9e" "tx9f953398e86241c0a487b-00699a7aa4" "proxy-server 100218" 0.0018 "-" 98786 0
Feb 21 22:40:20 np0005625961.novalocal proxy-server[100218]: - - 22/Feb/2026/03/40/20 HEAD /v1/AUTH_e41560788c7b460fa374fdc94f22590f/gnocchi.baa5f282-d06f-44c2-ae90-6bd79c4b4a9e HTTP/1.0 204 - Swift - - - - tx9f953398e86241c0a487b-00699a7aa4 - 0.0051 CS - 1771731620.454220057 1771731620.459322929 0 -
Feb 21 22:40:20 np0005625961.novalocal container-server[98785]: ::1 - - [22/Feb/2026:03:40:20 +0000] "GET /2/78395/AUTH_e41560788c7b460fa374fdc94f22590f/gnocchi.baa5f282-d06f-44c2-ae90-6bd79c4b4a9e" 200 2 "GET https://[::1]:8080/v1/AUTH_e41560788c7b460fa374fdc94f22590f/gnocchi.baa5f282-d06f-44c2-ae90-6bd79c4b4a9e?format=json&states=listing" "tx9f953398e86241c0a487b-00699a7aa4" "proxy-server 100218" 0.0015 "-" 98785 0
Feb 21 22:40:20 np0005625961.novalocal proxy-server[100218]: ::1 ::1 22/Feb/2026/03/40/20 GET /v1/AUTH_e41560788c7b460fa374fdc94f22590f/gnocchi.baa5f282-d06f-44c2-ae90-6bd79c4b4a9e%3Fformat%3Djson%26states%3Dlisting HTTP/1.0 200 - python-swiftclient-4.8.0 gAAAAABpmnpRlsm9... - 2 - tx9f953398e86241c0a487b-00699a7aa4 - 0.0198 - - 1771731620.453630686 1771731620.473473310 0 17d6eceedce248e7bcac4363c7b2aeaa
Feb 21 22:40:20 np0005625961.novalocal object-server[99151]: ::1 - - [22/Feb/2026:03:40:20 +0000] "GET /1/64453/AUTH_e41560788c7b460fa374fdc94f22590f/gnocchi.baa5f282-d06f-44c2-ae90-6bd79c4b4a9e/1771200000.0_mean_300.0_v3" 404 70 "GET https://[::1]:8080/v1/AUTH_e41560788c7b460fa374fdc94f22590f/gnocchi.baa5f282-d06f-44c2-ae90-6bd79c4b4a9e/1771200000.0_mean_300.0_v3" "tx1cc86e229c084822861ca-00699a7aa4" "proxy-server 100218" 0.0003 "-" 99151 0
Feb 21 22:40:20 np0005625961.novalocal object-server[99152]: ::1 - - [22/Feb/2026:03:40:20 +0000] "GET /3/64453/AUTH_e41560788c7b460fa374fdc94f22590f/gnocchi.baa5f282-d06f-44c2-ae90-6bd79c4b4a9e/1771200000.0_mean_300.0_v3" 404 70 "GET https://[::1]:8080/v1/AUTH_e41560788c7b460fa374fdc94f22590f/gnocchi.baa5f282-d06f-44c2-ae90-6bd79c4b4a9e/1771200000.0_mean_300.0_v3" "tx1cc86e229c084822861ca-00699a7aa4" "proxy-server 100218" 0.0005 "-" 99152 0
Feb 21 22:40:20 np0005625961.novalocal object-server[99151]: ::1 - - [22/Feb/2026:03:40:20 +0000] "GET /2/64453/AUTH_e41560788c7b460fa374fdc94f22590f/gnocchi.baa5f282-d06f-44c2-ae90-6bd79c4b4a9e/1771200000.0_mean_300.0_v3" 404 70 "GET https://[::1]:8080/v1/AUTH_e41560788c7b460fa374fdc94f22590f/gnocchi.baa5f282-d06f-44c2-ae90-6bd79c4b4a9e/1771200000.0_mean_300.0_v3" "tx1cc86e229c084822861ca-00699a7aa4" "proxy-server 100218" 0.0002 "-" 99151 0
Feb 21 22:40:20 np0005625961.novalocal proxy-server[100218]: ::1 ::1 22/Feb/2026/03/40/20 GET /v1/AUTH_e41560788c7b460fa374fdc94f22590f/gnocchi.baa5f282-d06f-44c2-ae90-6bd79c4b4a9e/1771200000.0_mean_300.0_v3 HTTP/1.0 404 - python-swiftclient-4.8.0 gAAAAABpmnpRlsm9... - 70 - tx1cc86e229c084822861ca-00699a7aa4 - 0.0126 - - 1771731620.477656126 1771731620.490239859 0 17d6eceedce248e7bcac4363c7b2aeaa
Feb 21 22:40:20 np0005625961.novalocal container-server[98785]: ::1 - - [22/Feb/2026:03:40:20 +0000] "PUT /2/78395/AUTH_e41560788c7b460fa374fdc94f22590f/gnocchi.baa5f282-d06f-44c2-ae90-6bd79c4b4a9e/1771200000.0_mean_300.0_v3" 201 - "PUT http://[::1]:8080/3/64453/AUTH_e41560788c7b460fa374fdc94f22590f/gnocchi.baa5f282-d06f-44c2-ae90-6bd79c4b4a9e/1771200000.0_mean_300.0_v3" "txd53d4dbded9a4e0398dea-00699a7aa4" "object-server 99151" 0.0006 "-" 98785 0
Feb 21 22:40:20 np0005625961.novalocal object-server[99151]: ::1 - - [22/Feb/2026:03:40:20 +0000] "PUT /3/64453/AUTH_e41560788c7b460fa374fdc94f22590f/gnocchi.baa5f282-d06f-44c2-ae90-6bd79c4b4a9e/1771200000.0_mean_300.0_v3" 201 - "PUT https://[::1]:8080/v1/AUTH_e41560788c7b460fa374fdc94f22590f/gnocchi.baa5f282-d06f-44c2-ae90-6bd79c4b4a9e/1771200000.0_mean_300.0_v3" "txd53d4dbded9a4e0398dea-00699a7aa4" "proxy-server 100218" 0.0132 "-" 99151 0
Feb 21 22:40:20 np0005625961.novalocal container-server[98786]: ::1 - - [22/Feb/2026:03:40:20 +0000] "PUT /1/78395/AUTH_e41560788c7b460fa374fdc94f22590f/gnocchi.baa5f282-d06f-44c2-ae90-6bd79c4b4a9e/1771200000.0_mean_300.0_v3" 201 - "PUT http://[::1]:8080/1/64453/AUTH_e41560788c7b460fa374fdc94f22590f/gnocchi.baa5f282-d06f-44c2-ae90-6bd79c4b4a9e/1771200000.0_mean_300.0_v3" "txd53d4dbded9a4e0398dea-00699a7aa4" "object-server 99152" 0.0009 "-" 98786 0
Feb 21 22:40:20 np0005625961.novalocal object-server[99152]: ::1 - - [22/Feb/2026:03:40:20 +0000] "PUT /1/64453/AUTH_e41560788c7b460fa374fdc94f22590f/gnocchi.baa5f282-d06f-44c2-ae90-6bd79c4b4a9e/1771200000.0_mean_300.0_v3" 201 - "PUT https://[::1]:8080/v1/AUTH_e41560788c7b460fa374fdc94f22590f/gnocchi.baa5f282-d06f-44c2-ae90-6bd79c4b4a9e/1771200000.0_mean_300.0_v3" "txd53d4dbded9a4e0398dea-00699a7aa4" "proxy-server 100218" 0.0138 "-" 99152 0
Feb 21 22:40:20 np0005625961.novalocal container-server[98786]: ::1 - - [22/Feb/2026:03:40:20 +0000] "PUT /3/78395/AUTH_e41560788c7b460fa374fdc94f22590f/gnocchi.baa5f282-d06f-44c2-ae90-6bd79c4b4a9e/1771200000.0_mean_300.0_v3" 201 - "PUT http://[::1]:8080/2/64453/AUTH_e41560788c7b460fa374fdc94f22590f/gnocchi.baa5f282-d06f-44c2-ae90-6bd79c4b4a9e/1771200000.0_mean_300.0_v3" "txd53d4dbded9a4e0398dea-00699a7aa4" "object-server 99151" 0.0008 "-" 98786 0
Feb 21 22:40:20 np0005625961.novalocal object-server[99151]: ::1 - - [22/Feb/2026:03:40:20 +0000] "PUT /2/64453/AUTH_e41560788c7b460fa374fdc94f22590f/gnocchi.baa5f282-d06f-44c2-ae90-6bd79c4b4a9e/1771200000.0_mean_300.0_v3" 201 - "PUT https://[::1]:8080/v1/AUTH_e41560788c7b460fa374fdc94f22590f/gnocchi.baa5f282-d06f-44c2-ae90-6bd79c4b4a9e/1771200000.0_mean_300.0_v3" "txd53d4dbded9a4e0398dea-00699a7aa4" "proxy-server 100218" 0.0160 "-" 99151 0
Feb 21 22:40:20 np0005625961.novalocal proxy-server[100218]: ::1 ::1 22/Feb/2026/03/40/20 PUT /v1/AUTH_e41560788c7b460fa374fdc94f22590f/gnocchi.baa5f282-d06f-44c2-ae90-6bd79c4b4a9e/1771200000.0_mean_300.0_v3 HTTP/1.0 201 - python-swiftclient-4.8.0 gAAAAABpmnpRlsm9... 16 - - txd53d4dbded9a4e0398dea-00699a7aa4 - 0.0233 - - 1771731620.492115736 1771731620.515451431 0 17d6eceedce248e7bcac4363c7b2aeaa
Feb 21 22:40:20 np0005625961.novalocal container-server[98786]: ::1 - - [22/Feb/2026:03:40:20 +0000] "PUT /3/78395/AUTH_e41560788c7b460fa374fdc94f22590f/gnocchi.baa5f282-d06f-44c2-ae90-6bd79c4b4a9e/none_v3" 201 - "PUT http://[::1]:8080/1/196783/AUTH_e41560788c7b460fa374fdc94f22590f/gnocchi.baa5f282-d06f-44c2-ae90-6bd79c4b4a9e/none_v3" "txb77afffc7fd34fc8932c0-00699a7aa4" "object-server 99151" 0.0006 "-" 98786 0
Feb 21 22:40:20 np0005625961.novalocal object-server[99151]: ::1 - - [22/Feb/2026:03:40:20 +0000] "PUT /1/196783/AUTH_e41560788c7b460fa374fdc94f22590f/gnocchi.baa5f282-d06f-44c2-ae90-6bd79c4b4a9e/none_v3" 201 - "PUT https://[::1]:8080/v1/AUTH_e41560788c7b460fa374fdc94f22590f/gnocchi.baa5f282-d06f-44c2-ae90-6bd79c4b4a9e/none_v3" "txb77afffc7fd34fc8932c0-00699a7aa4" "proxy-server 100218" 0.0084 "-" 99151 0
Feb 21 22:40:20 np0005625961.novalocal container-server[98786]: ::1 - - [22/Feb/2026:03:40:20 +0000] "PUT /1/78395/AUTH_e41560788c7b460fa374fdc94f22590f/gnocchi.baa5f282-d06f-44c2-ae90-6bd79c4b4a9e/none_v3" 201 - "PUT http://[::1]:8080/2/196783/AUTH_e41560788c7b460fa374fdc94f22590f/gnocchi.baa5f282-d06f-44c2-ae90-6bd79c4b4a9e/none_v3" "txb77afffc7fd34fc8932c0-00699a7aa4" "object-server 99151" 0.0003 "-" 98786 0
Feb 21 22:40:20 np0005625961.novalocal object-server[99151]: ::1 - - [22/Feb/2026:03:40:20 +0000] "PUT /2/196783/AUTH_e41560788c7b460fa374fdc94f22590f/gnocchi.baa5f282-d06f-44c2-ae90-6bd79c4b4a9e/none_v3" 201 - "PUT https://[::1]:8080/v1/AUTH_e41560788c7b460fa374fdc94f22590f/gnocchi.baa5f282-d06f-44c2-ae90-6bd79c4b4a9e/none_v3" "txb77afffc7fd34fc8932c0-00699a7aa4" "proxy-server 100218" 0.0090 "-" 99151 0
Feb 21 22:40:20 np0005625961.novalocal container-server[98786]: ::1 - - [22/Feb/2026:03:40:20 +0000] "PUT /2/78395/AUTH_e41560788c7b460fa374fdc94f22590f/gnocchi.baa5f282-d06f-44c2-ae90-6bd79c4b4a9e/none_v3" 201 - "PUT http://[::1]:8080/3/196783/AUTH_e41560788c7b460fa374fdc94f22590f/gnocchi.baa5f282-d06f-44c2-ae90-6bd79c4b4a9e/none_v3" "txb77afffc7fd34fc8932c0-00699a7aa4" "object-server 99151" 0.0003 "-" 98786 0
Feb 21 22:40:20 np0005625961.novalocal object-server[99151]: ::1 - - [22/Feb/2026:03:40:20 +0000] "PUT /3/196783/AUTH_e41560788c7b460fa374fdc94f22590f/gnocchi.baa5f282-d06f-44c2-ae90-6bd79c4b4a9e/none_v3" 201 - "PUT https://[::1]:8080/v1/AUTH_e41560788c7b460fa374fdc94f22590f/gnocchi.baa5f282-d06f-44c2-ae90-6bd79c4b4a9e/none_v3" "txb77afffc7fd34fc8932c0-00699a7aa4" "proxy-server 100218" 0.0116 "-" 99151 0
Feb 21 22:40:20 np0005625961.novalocal proxy-server[100218]: ::1 ::1 22/Feb/2026/03/40/20 PUT /v1/AUTH_e41560788c7b460fa374fdc94f22590f/gnocchi.baa5f282-d06f-44c2-ae90-6bd79c4b4a9e/none_v3 HTTP/1.0 201 - python-swiftclient-4.8.0 gAAAAABpmnpRlsm9... 22 - - txb77afffc7fd34fc8932c0-00699a7aa4 - 0.0170 - - 1771731620.517793417 1771731620.534837723 0 17d6eceedce248e7bcac4363c7b2aeaa
Feb 21 22:40:20 np0005625961.novalocal container-server[98785]: ::1 - - [22/Feb/2026:03:40:20 +0000] "HEAD /2/201726/AUTH_e41560788c7b460fa374fdc94f22590f/gnocchi.502780d0-51e2-4d89-9aa3-b8352da0daa3" 404 - "HEAD http://[::1]:8080/v1/AUTH_e41560788c7b460fa374fdc94f22590f/gnocchi.502780d0-51e2-4d89-9aa3-b8352da0daa3" "tx506eb198ddc64b63bdcb9-00699a7aa4" "proxy-server 100218" 0.0003 "-" 98785 0
Feb 21 22:40:20 np0005625961.novalocal container-server[98785]: ::1 - - [22/Feb/2026:03:40:20 +0000] "HEAD /1/201726/AUTH_e41560788c7b460fa374fdc94f22590f/gnocchi.502780d0-51e2-4d89-9aa3-b8352da0daa3" 404 - "HEAD http://[::1]:8080/v1/AUTH_e41560788c7b460fa374fdc94f22590f/gnocchi.502780d0-51e2-4d89-9aa3-b8352da0daa3" "tx506eb198ddc64b63bdcb9-00699a7aa4" "proxy-server 100218" 0.0002 "-" 98785 0
Feb 21 22:40:20 np0005625961.novalocal container-server[98785]: ::1 - - [22/Feb/2026:03:40:20 +0000] "HEAD /3/201726/AUTH_e41560788c7b460fa374fdc94f22590f/gnocchi.502780d0-51e2-4d89-9aa3-b8352da0daa3" 404 - "HEAD http://[::1]:8080/v1/AUTH_e41560788c7b460fa374fdc94f22590f/gnocchi.502780d0-51e2-4d89-9aa3-b8352da0daa3" "tx506eb198ddc64b63bdcb9-00699a7aa4" "proxy-server 100218" 0.0001 "-" 98785 0
Feb 21 22:40:20 np0005625961.novalocal proxy-server[100218]: - - 22/Feb/2026/03/40/20 HEAD /v1/AUTH_e41560788c7b460fa374fdc94f22590f/gnocchi.502780d0-51e2-4d89-9aa3-b8352da0daa3 HTTP/1.0 404 - Swift - - - - tx506eb198ddc64b63bdcb9-00699a7aa4 - 0.0067 CS - 1771731620.549876451 1771731620.556546926 0 -
Feb 21 22:40:20 np0005625961.novalocal object-server[99151]: ::1 - - [22/Feb/2026:03:40:20 +0000] "GET /3/249805/AUTH_e41560788c7b460fa374fdc94f22590f/gnocchi.502780d0-51e2-4d89-9aa3-b8352da0daa3/none_v3" 404 70 "GET https://[::1]:8080/v1/AUTH_e41560788c7b460fa374fdc94f22590f/gnocchi.502780d0-51e2-4d89-9aa3-b8352da0daa3/none_v3" "tx506eb198ddc64b63bdcb9-00699a7aa4" "proxy-server 100218" 0.0004 "-" 99151 0
Feb 21 22:40:20 np0005625961.novalocal object-server[99151]: ::1 - - [22/Feb/2026:03:40:20 +0000] "GET /2/249805/AUTH_e41560788c7b460fa374fdc94f22590f/gnocchi.502780d0-51e2-4d89-9aa3-b8352da0daa3/none_v3" 404 70 "GET https://[::1]:8080/v1/AUTH_e41560788c7b460fa374fdc94f22590f/gnocchi.502780d0-51e2-4d89-9aa3-b8352da0daa3/none_v3" "tx506eb198ddc64b63bdcb9-00699a7aa4" "proxy-server 100218" 0.0002 "-" 99151 0
Feb 21 22:40:20 np0005625961.novalocal object-server[99151]: ::1 - - [22/Feb/2026:03:40:20 +0000] "GET /1/249805/AUTH_e41560788c7b460fa374fdc94f22590f/gnocchi.502780d0-51e2-4d89-9aa3-b8352da0daa3/none_v3" 404 70 "GET https://[::1]:8080/v1/AUTH_e41560788c7b460fa374fdc94f22590f/gnocchi.502780d0-51e2-4d89-9aa3-b8352da0daa3/none_v3" "tx506eb198ddc64b63bdcb9-00699a7aa4" "proxy-server 100218" 0.0002 "-" 99151 0
Feb 21 22:40:20 np0005625961.novalocal proxy-server[100218]: ::1 ::1 22/Feb/2026/03/40/20 GET /v1/AUTH_e41560788c7b460fa374fdc94f22590f/gnocchi.502780d0-51e2-4d89-9aa3-b8352da0daa3/none_v3 HTTP/1.0 404 - python-swiftclient-4.8.0 gAAAAABpmnpRlsm9... - 70 - tx506eb198ddc64b63bdcb9-00699a7aa4 - 0.0150 - - 1771731620.549202919 1771731620.564221621 0 17d6eceedce248e7bcac4363c7b2aeaa
Feb 21 22:40:20 np0005625961.novalocal account-server[98426]: ::1 - - [22/Feb/2026:03:40:20 +0000] "PUT /2/161627/AUTH_e41560788c7b460fa374fdc94f22590f/gnocchi.502780d0-51e2-4d89-9aa3-b8352da0daa3" 201 - "PUT http://[::1]:6001/2/201726/AUTH_e41560788c7b460fa374fdc94f22590f/gnocchi.502780d0-51e2-4d89-9aa3-b8352da0daa3" "tx49bad2fd9db74f1888c61-00699a7aa4" "container-server 98785" 0.0039 "-" 98426 0
Feb 21 22:40:20 np0005625961.novalocal account-server[98425]: ::1 - - [22/Feb/2026:03:40:20 +0000] "PUT /3/161627/AUTH_e41560788c7b460fa374fdc94f22590f/gnocchi.502780d0-51e2-4d89-9aa3-b8352da0daa3" 201 - "PUT http://[::1]:6001/3/201726/AUTH_e41560788c7b460fa374fdc94f22590f/gnocchi.502780d0-51e2-4d89-9aa3-b8352da0daa3" "tx49bad2fd9db74f1888c61-00699a7aa4" "container-server 98786" 0.0036 "-" 98425 0
Feb 21 22:40:20 np0005625961.novalocal container-server[98786]: ::1 - - [22/Feb/2026:03:40:20 +0000] "PUT /3/201726/AUTH_e41560788c7b460fa374fdc94f22590f/gnocchi.502780d0-51e2-4d89-9aa3-b8352da0daa3" 201 - "PUT https://[::1]:8080/v1/AUTH_e41560788c7b460fa374fdc94f22590f/gnocchi.502780d0-51e2-4d89-9aa3-b8352da0daa3" "tx49bad2fd9db74f1888c61-00699a7aa4" "proxy-server 100218" 0.0105 "-" 98786 0
Feb 21 22:40:20 np0005625961.novalocal container-server[98785]: ::1 - - [22/Feb/2026:03:40:20 +0000] "PUT /2/201726/AUTH_e41560788c7b460fa374fdc94f22590f/gnocchi.502780d0-51e2-4d89-9aa3-b8352da0daa3" 201 - "PUT https://[::1]:8080/v1/AUTH_e41560788c7b460fa374fdc94f22590f/gnocchi.502780d0-51e2-4d89-9aa3-b8352da0daa3" "tx49bad2fd9db74f1888c61-00699a7aa4" "proxy-server 100218" 0.0141 "-" 98785 0
Feb 21 22:40:20 np0005625961.novalocal account-server[98426]: ::1 - - [22/Feb/2026:03:40:20 +0000] "PUT /1/161627/AUTH_e41560788c7b460fa374fdc94f22590f/gnocchi.502780d0-51e2-4d89-9aa3-b8352da0daa3" 201 - "PUT http://[::1]:6001/1/201726/AUTH_e41560788c7b460fa374fdc94f22590f/gnocchi.502780d0-51e2-4d89-9aa3-b8352da0daa3" "tx49bad2fd9db74f1888c61-00699a7aa4" "container-server 98785" 0.0032 "-" 98426 0
Feb 21 22:40:20 np0005625961.novalocal container-server[98785]: ::1 - - [22/Feb/2026:03:40:20 +0000] "PUT /1/201726/AUTH_e41560788c7b460fa374fdc94f22590f/gnocchi.502780d0-51e2-4d89-9aa3-b8352da0daa3" 201 - "PUT https://[::1]:8080/v1/AUTH_e41560788c7b460fa374fdc94f22590f/gnocchi.502780d0-51e2-4d89-9aa3-b8352da0daa3" "tx49bad2fd9db74f1888c61-00699a7aa4" "proxy-server 100218" 0.0122 "-" 98785 0
Feb 21 22:40:20 np0005625961.novalocal proxy-server[100218]: ::1 ::1 22/Feb/2026/03/40/20 PUT /v1/AUTH_e41560788c7b460fa374fdc94f22590f/gnocchi.502780d0-51e2-4d89-9aa3-b8352da0daa3 HTTP/1.0 201 - python-swiftclient-4.8.0 gAAAAABpmnpRlsm9... - - - tx49bad2fd9db74f1888c61-00699a7aa4 - 0.0249 - - 1771731620.572013855 1771731620.596926212 0 17d6eceedce248e7bcac4363c7b2aeaa
Feb 21 22:40:20 np0005625961.novalocal container-server[98785]: ::1 - - [22/Feb/2026:03:40:20 +0000] "HEAD /2/201726/AUTH_e41560788c7b460fa374fdc94f22590f/gnocchi.502780d0-51e2-4d89-9aa3-b8352da0daa3" 204 - "HEAD http://[::1]:8080/v1/AUTH_e41560788c7b460fa374fdc94f22590f/gnocchi.502780d0-51e2-4d89-9aa3-b8352da0daa3" "tx963700a4c7aa4fa98140e-00699a7aa4" "proxy-server 100218" 0.0009 "-" 98785 0
Feb 21 22:40:20 np0005625961.novalocal proxy-server[100218]: - - 22/Feb/2026/03/40/20 HEAD /v1/AUTH_e41560788c7b460fa374fdc94f22590f/gnocchi.502780d0-51e2-4d89-9aa3-b8352da0daa3 HTTP/1.0 204 - Swift - - - - tx963700a4c7aa4fa98140e-00699a7aa4 - 0.0034 CS - 1771731620.600205660 1771731620.603600740 0 -
Feb 21 22:40:20 np0005625961.novalocal container-server[98786]: ::1 - - [22/Feb/2026:03:40:20 +0000] "GET /3/201726/AUTH_e41560788c7b460fa374fdc94f22590f/gnocchi.502780d0-51e2-4d89-9aa3-b8352da0daa3" 200 2 "GET https://[::1]:8080/v1/AUTH_e41560788c7b460fa374fdc94f22590f/gnocchi.502780d0-51e2-4d89-9aa3-b8352da0daa3?format=json&states=listing" "tx963700a4c7aa4fa98140e-00699a7aa4" "proxy-server 100218" 0.0016 "-" 98786 0
Feb 21 22:40:20 np0005625961.novalocal proxy-server[100218]: ::1 ::1 22/Feb/2026/03/40/20 GET /v1/AUTH_e41560788c7b460fa374fdc94f22590f/gnocchi.502780d0-51e2-4d89-9aa3-b8352da0daa3%3Fformat%3Djson%26states%3Dlisting HTTP/1.0 200 - python-swiftclient-4.8.0 gAAAAABpmnpRlsm9... - 2 - tx963700a4c7aa4fa98140e-00699a7aa4 - 0.0107 - - 1771731620.599793673 1771731620.610496521 0 17d6eceedce248e7bcac4363c7b2aeaa
Feb 21 22:40:20 np0005625961.novalocal object-server[99151]: ::1 - - [22/Feb/2026:03:40:20 +0000] "GET /3/192881/AUTH_e41560788c7b460fa374fdc94f22590f/gnocchi.502780d0-51e2-4d89-9aa3-b8352da0daa3/1771200000.0_mean_300.0_v3" 404 70 "GET https://[::1]:8080/v1/AUTH_e41560788c7b460fa374fdc94f22590f/gnocchi.502780d0-51e2-4d89-9aa3-b8352da0daa3/1771200000.0_mean_300.0_v3" "tx04ec395da2234c2a9aebb-00699a7aa4" "proxy-server 100218" 0.0003 "-" 99151 0
Feb 21 22:40:20 np0005625961.novalocal object-server[99152]: ::1 - - [22/Feb/2026:03:40:20 +0000] "GET /1/192881/AUTH_e41560788c7b460fa374fdc94f22590f/gnocchi.502780d0-51e2-4d89-9aa3-b8352da0daa3/1771200000.0_mean_300.0_v3" 404 70 "GET https://[::1]:8080/v1/AUTH_e41560788c7b460fa374fdc94f22590f/gnocchi.502780d0-51e2-4d89-9aa3-b8352da0daa3/1771200000.0_mean_300.0_v3" "tx04ec395da2234c2a9aebb-00699a7aa4" "proxy-server 100218" 0.0003 "-" 99152 0
Feb 21 22:40:20 np0005625961.novalocal object-server[99152]: ::1 - - [22/Feb/2026:03:40:20 +0000] "GET /2/192881/AUTH_e41560788c7b460fa374fdc94f22590f/gnocchi.502780d0-51e2-4d89-9aa3-b8352da0daa3/1771200000.0_mean_300.0_v3" 404 70 "GET https://[::1]:8080/v1/AUTH_e41560788c7b460fa374fdc94f22590f/gnocchi.502780d0-51e2-4d89-9aa3-b8352da0daa3/1771200000.0_mean_300.0_v3" "tx04ec395da2234c2a9aebb-00699a7aa4" "proxy-server 100218" 0.0001 "-" 99152 0
Feb 21 22:40:20 np0005625961.novalocal proxy-server[100218]: ::1 ::1 22/Feb/2026/03/40/20 GET /v1/AUTH_e41560788c7b460fa374fdc94f22590f/gnocchi.502780d0-51e2-4d89-9aa3-b8352da0daa3/1771200000.0_mean_300.0_v3 HTTP/1.0 404 - python-swiftclient-4.8.0 gAAAAABpmnpRlsm9... - 70 - tx04ec395da2234c2a9aebb-00699a7aa4 - 0.0090 - - 1771731620.613844395 1771731620.622894049 0 17d6eceedce248e7bcac4363c7b2aeaa
Feb 21 22:40:20 np0005625961.novalocal container-server[98785]: ::1 - - [22/Feb/2026:03:40:20 +0000] "PUT /1/201726/AUTH_e41560788c7b460fa374fdc94f22590f/gnocchi.502780d0-51e2-4d89-9aa3-b8352da0daa3/1771200000.0_mean_300.0_v3" 201 - "PUT http://[::1]:8080/1/192881/AUTH_e41560788c7b460fa374fdc94f22590f/gnocchi.502780d0-51e2-4d89-9aa3-b8352da0daa3/1771200000.0_mean_300.0_v3" "txee74942d50ef4da19cfbd-00699a7aa4" "object-server 99152" 0.0007 "-" 98785 0
Feb 21 22:40:20 np0005625961.novalocal object-server[99152]: ::1 - - [22/Feb/2026:03:40:20 +0000] "PUT /1/192881/AUTH_e41560788c7b460fa374fdc94f22590f/gnocchi.502780d0-51e2-4d89-9aa3-b8352da0daa3/1771200000.0_mean_300.0_v3" 201 - "PUT https://[::1]:8080/v1/AUTH_e41560788c7b460fa374fdc94f22590f/gnocchi.502780d0-51e2-4d89-9aa3-b8352da0daa3/1771200000.0_mean_300.0_v3" "txee74942d50ef4da19cfbd-00699a7aa4" "proxy-server 100218" 0.0102 "-" 99152 0
Feb 21 22:40:20 np0005625961.novalocal container-server[98786]: ::1 - - [22/Feb/2026:03:40:20 +0000] "PUT /2/201726/AUTH_e41560788c7b460fa374fdc94f22590f/gnocchi.502780d0-51e2-4d89-9aa3-b8352da0daa3/1771200000.0_mean_300.0_v3" 201 - "PUT http://[::1]:8080/3/192881/AUTH_e41560788c7b460fa374fdc94f22590f/gnocchi.502780d0-51e2-4d89-9aa3-b8352da0daa3/1771200000.0_mean_300.0_v3" "txee74942d50ef4da19cfbd-00699a7aa4" "object-server 99151" 0.0006 "-" 98786 0
Feb 21 22:40:20 np0005625961.novalocal object-server[99151]: ::1 - - [22/Feb/2026:03:40:20 +0000] "PUT /3/192881/AUTH_e41560788c7b460fa374fdc94f22590f/gnocchi.502780d0-51e2-4d89-9aa3-b8352da0daa3/1771200000.0_mean_300.0_v3" 201 - "PUT https://[::1]:8080/v1/AUTH_e41560788c7b460fa374fdc94f22590f/gnocchi.502780d0-51e2-4d89-9aa3-b8352da0daa3/1771200000.0_mean_300.0_v3" "txee74942d50ef4da19cfbd-00699a7aa4" "proxy-server 100218" 0.0136 "-" 99151 0
Feb 21 22:40:20 np0005625961.novalocal container-server[98785]: ::1 - - [22/Feb/2026:03:40:20 +0000] "PUT /3/201726/AUTH_e41560788c7b460fa374fdc94f22590f/gnocchi.502780d0-51e2-4d89-9aa3-b8352da0daa3/1771200000.0_mean_300.0_v3" 201 - "PUT http://[::1]:8080/2/192881/AUTH_e41560788c7b460fa374fdc94f22590f/gnocchi.502780d0-51e2-4d89-9aa3-b8352da0daa3/1771200000.0_mean_300.0_v3" "txee74942d50ef4da19cfbd-00699a7aa4" "object-server 99151" 0.0013 "-" 98785 0
Feb 21 22:40:20 np0005625961.novalocal object-server[99151]: ::1 - - [22/Feb/2026:03:40:20 +0000] "PUT /2/192881/AUTH_e41560788c7b460fa374fdc94f22590f/gnocchi.502780d0-51e2-4d89-9aa3-b8352da0daa3/1771200000.0_mean_300.0_v3" 201 - "PUT https://[::1]:8080/v1/AUTH_e41560788c7b460fa374fdc94f22590f/gnocchi.502780d0-51e2-4d89-9aa3-b8352da0daa3/1771200000.0_mean_300.0_v3" "txee74942d50ef4da19cfbd-00699a7aa4" "proxy-server 100218" 0.0156 "-" 99151 0
Feb 21 22:40:20 np0005625961.novalocal proxy-server[100218]: ::1 ::1 22/Feb/2026/03/40/20 PUT /v1/AUTH_e41560788c7b460fa374fdc94f22590f/gnocchi.502780d0-51e2-4d89-9aa3-b8352da0daa3/1771200000.0_mean_300.0_v3 HTTP/1.0 201 - python-swiftclient-4.8.0 gAAAAABpmnpRlsm9... 16 - - txee74942d50ef4da19cfbd-00699a7aa4 - 0.0261 - - 1771731620.625692129 1771731620.651839495 0 17d6eceedce248e7bcac4363c7b2aeaa
Feb 21 22:40:20 np0005625961.novalocal kernel: qg-e18c8243-1e: entered promiscuous mode
Feb 21 22:40:20 np0005625961.novalocal NetworkManager[868]: [1771731620.6609] manager: (qg-e18c8243-1e): 'openvswitch' plugin not available; creating generic device
Feb 21 22:40:20 np0005625961.novalocal NetworkManager[868]: [1771731620.6617] manager: (qg-e18c8243-1e): new Generic device (/org/freedesktop/NetworkManager/Devices/43)
Feb 21 22:40:20 np0005625961.novalocal container-server[98786]: ::1 - - [22/Feb/2026:03:40:20 +0000] "PUT /1/201726/AUTH_e41560788c7b460fa374fdc94f22590f/gnocchi.502780d0-51e2-4d89-9aa3-b8352da0daa3/none_v3" 201 - "PUT http://[::1]:8080/1/249805/AUTH_e41560788c7b460fa374fdc94f22590f/gnocchi.502780d0-51e2-4d89-9aa3-b8352da0daa3/none_v3" "txad4a5181cf4b427997ae7-00699a7aa4" "object-server 99152" 0.0005 "-" 98786 0
