Feb 21 22:38:59 np0005625961.novalocal container-server[98785]: ::1 - - [22/Feb/2026:03:38:59 +0000] "PUT /1/50180/AUTH_e41560788c7b460fa374fdc94f22590f/gnocchi.5c65ffd6-23e1-45c1-9e77-564125de4610/1771200000.0_mean_300.0_v3" 201 - "PUT http://[::1]:8080/3/50932/AUTH_e41560788c7b460fa374fdc94f22590f/gnocchi.5c65ffd6-23e1-45c1-9e77-564125de4610/1771200000.0_mean_300.0_v3" "tx38a6d844907541a4a69e6-00699a7a53" "object-server 99151" 0.0010 "-" 98785 0
Feb 21 22:38:59 np0005625961.novalocal object-server[99151]: ::1 - - [22/Feb/2026:03:38:59 +0000] "PUT /3/50932/AUTH_e41560788c7b460fa374fdc94f22590f/gnocchi.5c65ffd6-23e1-45c1-9e77-564125de4610/1771200000.0_mean_300.0_v3" 201 - "PUT https://[::1]:8080/v1/AUTH_e41560788c7b460fa374fdc94f22590f/gnocchi.5c65ffd6-23e1-45c1-9e77-564125de4610/1771200000.0_mean_300.0_v3" "tx38a6d844907541a4a69e6-00699a7a53" "proxy-server 100219" 0.0306 "-" 99151 0
Feb 21 22:38:59 np0005625961.novalocal proxy-server[100219]: ::1 ::1 22/Feb/2026/03/38/59 PUT /v1/AUTH_e41560788c7b460fa374fdc94f22590f/gnocchi.5c65ffd6-23e1-45c1-9e77-564125de4610/1771200000.0_mean_300.0_v3 HTTP/1.0 201 - python-swiftclient-4.8.0 gAAAAABpmnpTVjhT... 16 - - tx38a6d844907541a4a69e6-00699a7a53 - 0.0531 - - 1771731539.672190666 1771731539.725304842 0 17d6eceedce248e7bcac4363c7b2aeaa
Feb 21 22:38:59 np0005625961.novalocal object-server[99151]: ::1 - - [22/Feb/2026:03:38:59 +0000] "GET /3/10401/AUTH_e41560788c7b460fa374fdc94f22590f/gnocchi.6929eeb9-1f14-4061-8a1d-f349252682f3/1771200000.0_mean_300.0_v3" 404 70 "GET https://[::1]:8080/v1/AUTH_e41560788c7b460fa374fdc94f22590f/gnocchi.6929eeb9-1f14-4061-8a1d-f349252682f3/1771200000.0_mean_300.0_v3" "txcebddbae3c544e5f90648-00699a7a53" "proxy-server 100218" 0.0004 "-" 99151 0
Feb 21 22:38:59 np0005625961.novalocal object-server[99151]: ::1 - - [22/Feb/2026:03:38:59 +0000] "GET /2/10401/AUTH_e41560788c7b460fa374fdc94f22590f/gnocchi.6929eeb9-1f14-4061-8a1d-f349252682f3/1771200000.0_mean_300.0_v3" 404 70 "GET https://[::1]:8080/v1/AUTH_e41560788c7b460fa374fdc94f22590f/gnocchi.6929eeb9-1f14-4061-8a1d-f349252682f3/1771200000.0_mean_300.0_v3" "txcebddbae3c544e5f90648-00699a7a53" "proxy-server 100218" 0.0004 "-" 99151 0
Feb 21 22:38:59 np0005625961.novalocal object-server[99152]: ::1 - - [22/Feb/2026:03:38:59 +0000] "GET /1/10401/AUTH_e41560788c7b460fa374fdc94f22590f/gnocchi.6929eeb9-1f14-4061-8a1d-f349252682f3/1771200000.0_mean_300.0_v3" 404 70 "GET https://[::1]:8080/v1/AUTH_e41560788c7b460fa374fdc94f22590f/gnocchi.6929eeb9-1f14-4061-8a1d-f349252682f3/1771200000.0_mean_300.0_v3" "txcebddbae3c544e5f90648-00699a7a53" "proxy-server 100218" 0.0003 "-" 99152 0
Feb 21 22:38:59 np0005625961.novalocal proxy-server[100218]: ::1 ::1 22/Feb/2026/03/38/59 GET /v1/AUTH_e41560788c7b460fa374fdc94f22590f/gnocchi.6929eeb9-1f14-4061-8a1d-f349252682f3/1771200000.0_mean_300.0_v3 HTTP/1.0 404 - python-swiftclient-4.8.0 gAAAAABpmnpRlsm9... - 70 - txcebddbae3c544e5f90648-00699a7a53 - 0.0177 - - 1771731539.720682383 1771731539.738412857 0 17d6eceedce248e7bcac4363c7b2aeaa
Feb 21 22:38:59 np0005625961.novalocal container-server[98785]: ::1 - - [22/Feb/2026:03:38:59 +0000] "PUT /1/50180/AUTH_e41560788c7b460fa374fdc94f22590f/gnocchi.5c65ffd6-23e1-45c1-9e77-564125de4610/none_v3" 201 - "PUT http://[::1]:8080/2/76903/AUTH_e41560788c7b460fa374fdc94f22590f/gnocchi.5c65ffd6-23e1-45c1-9e77-564125de4610/none_v3" "txd57db5c49a6642f9afbf5-00699a7a53" "object-server 99152" 0.0008 "-" 98785 0
Feb 21 22:38:59 np0005625961.novalocal object-server[99152]: ::1 - - [22/Feb/2026:03:38:59 +0000] "PUT /2/76903/AUTH_e41560788c7b460fa374fdc94f22590f/gnocchi.5c65ffd6-23e1-45c1-9e77-564125de4610/none_v3" 201 - "PUT https://[::1]:8080/v1/AUTH_e41560788c7b460fa374fdc94f22590f/gnocchi.5c65ffd6-23e1-45c1-9e77-564125de4610/none_v3" "txd57db5c49a6642f9afbf5-00699a7a53" "proxy-server 100219" 0.0130 "-" 99152 0
Feb 21 22:38:59 np0005625961.novalocal container-server[98785]: ::1 - - [22/Feb/2026:03:38:59 +0000] "PUT /2/50180/AUTH_e41560788c7b460fa374fdc94f22590f/gnocchi.5c65ffd6-23e1-45c1-9e77-564125de4610/none_v3" 201 - "PUT http://[::1]:8080/1/76903/AUTH_e41560788c7b460fa374fdc94f22590f/gnocchi.5c65ffd6-23e1-45c1-9e77-564125de4610/none_v3" "txd57db5c49a6642f9afbf5-00699a7a53" "object-server 99151" 0.0005 "-" 98785 0
Feb 21 22:38:59 np0005625961.novalocal container-server[98786]: ::1 - - [22/Feb/2026:03:38:59 +0000] "PUT /3/50180/AUTH_e41560788c7b460fa374fdc94f22590f/gnocchi.5c65ffd6-23e1-45c1-9e77-564125de4610/none_v3" 201 - "PUT http://[::1]:8080/3/76903/AUTH_e41560788c7b460fa374fdc94f22590f/gnocchi.5c65ffd6-23e1-45c1-9e77-564125de4610/none_v3" "txd57db5c49a6642f9afbf5-00699a7a53" "object-server 99152" 0.0008 "-" 98786 0
Feb 21 22:38:59 np0005625961.novalocal object-server[99152]: ::1 - - [22/Feb/2026:03:38:59 +0000] "PUT /3/76903/AUTH_e41560788c7b460fa374fdc94f22590f/gnocchi.5c65ffd6-23e1-45c1-9e77-564125de4610/none_v3" 201 - "PUT https://[::1]:8080/v1/AUTH_e41560788c7b460fa374fdc94f22590f/gnocchi.5c65ffd6-23e1-45c1-9e77-564125de4610/none_v3" "txd57db5c49a6642f9afbf5-00699a7a53" "proxy-server 100219" 0.0120 "-" 99152 0
Feb 21 22:38:59 np0005625961.novalocal object-server[99151]: ::1 - - [22/Feb/2026:03:38:59 +0000] "PUT /1/76903/AUTH_e41560788c7b460fa374fdc94f22590f/gnocchi.5c65ffd6-23e1-45c1-9e77-564125de4610/none_v3" 201 - "PUT https://[::1]:8080/v1/AUTH_e41560788c7b460fa374fdc94f22590f/gnocchi.5c65ffd6-23e1-45c1-9e77-564125de4610/none_v3" "txd57db5c49a6642f9afbf5-00699a7a53" "proxy-server 100219" 0.0132 "-" 99151 0
Feb 21 22:38:59 np0005625961.novalocal proxy-server[100219]: ::1 ::1 22/Feb/2026/03/38/59 PUT /v1/AUTH_e41560788c7b460fa374fdc94f22590f/gnocchi.5c65ffd6-23e1-45c1-9e77-564125de4610/none_v3 HTTP/1.0 201 - python-swiftclient-4.8.0 gAAAAABpmnpTVjhT... 45 - - txd57db5c49a6642f9afbf5-00699a7a53 - 0.0208 - - 1771731539.728338480 1771731539.749097586 0 17d6eceedce248e7bcac4363c7b2aeaa
Feb 21 22:38:59 np0005625961.novalocal container-server[98786]: ::1 - - [22/Feb/2026:03:38:59 +0000] "PUT /1/208210/AUTH_e41560788c7b460fa374fdc94f22590f/gnocchi.6929eeb9-1f14-4061-8a1d-f349252682f3/1771200000.0_mean_300.0_v3" 201 - "PUT http://[::1]:8080/1/10401/AUTH_e41560788c7b460fa374fdc94f22590f/gnocchi.6929eeb9-1f14-4061-8a1d-f349252682f3/1771200000.0_mean_300.0_v3" "txf201e9b7999347f281e0b-00699a7a53" "object-server 99152" 0.0008 "-" 98786 0
Feb 21 22:38:59 np0005625961.novalocal object-server[99152]: ::1 - - [22/Feb/2026:03:38:59 +0000] "PUT /1/10401/AUTH_e41560788c7b460fa374fdc94f22590f/gnocchi.6929eeb9-1f14-4061-8a1d-f349252682f3/1771200000.0_mean_300.0_v3" 201 - "PUT https://[::1]:8080/v1/AUTH_e41560788c7b460fa374fdc94f22590f/gnocchi.6929eeb9-1f14-4061-8a1d-f349252682f3/1771200000.0_mean_300.0_v3" "txf201e9b7999347f281e0b-00699a7a53" "proxy-server 100218" 0.0179 "-" 99152 0
Feb 21 22:38:59 np0005625961.novalocal container-server[98786]: ::1 - - [22/Feb/2026:03:38:59 +0000] "PUT /3/208210/AUTH_e41560788c7b460fa374fdc94f22590f/gnocchi.6929eeb9-1f14-4061-8a1d-f349252682f3/1771200000.0_mean_300.0_v3" 201 - "PUT http://[::1]:8080/2/10401/AUTH_e41560788c7b460fa374fdc94f22590f/gnocchi.6929eeb9-1f14-4061-8a1d-f349252682f3/1771200000.0_mean_300.0_v3" "txf201e9b7999347f281e0b-00699a7a53" "object-server 99151" 0.0004 "-" 98786 0
Feb 21 22:38:59 np0005625961.novalocal object-server[99151]: ::1 - - [22/Feb/2026:03:38:59 +0000] "PUT /2/10401/AUTH_e41560788c7b460fa374fdc94f22590f/gnocchi.6929eeb9-1f14-4061-8a1d-f349252682f3/1771200000.0_mean_300.0_v3" 201 - "PUT https://[::1]:8080/v1/AUTH_e41560788c7b460fa374fdc94f22590f/gnocchi.6929eeb9-1f14-4061-8a1d-f349252682f3/1771200000.0_mean_300.0_v3" "txf201e9b7999347f281e0b-00699a7a53" "proxy-server 100218" 0.0193 "-" 99151 0
Feb 21 22:38:59 np0005625961.novalocal container-server[98785]: ::1 - - [22/Feb/2026:03:38:59 +0000] "PUT /2/208210/AUTH_e41560788c7b460fa374fdc94f22590f/gnocchi.6929eeb9-1f14-4061-8a1d-f349252682f3/1771200000.0_mean_300.0_v3" 201 - "PUT http://[::1]:8080/3/10401/AUTH_e41560788c7b460fa374fdc94f22590f/gnocchi.6929eeb9-1f14-4061-8a1d-f349252682f3/1771200000.0_mean_300.0_v3" "txf201e9b7999347f281e0b-00699a7a53" "object-server 99151" 0.0015 "-" 98785 0
Feb 21 22:38:59 np0005625961.novalocal object-server[99151]: ::1 - - [22/Feb/2026:03:38:59 +0000] "PUT /3/10401/AUTH_e41560788c7b460fa374fdc94f22590f/gnocchi.6929eeb9-1f14-4061-8a1d-f349252682f3/1771200000.0_mean_300.0_v3" 201 - "PUT https://[::1]:8080/v1/AUTH_e41560788c7b460fa374fdc94f22590f/gnocchi.6929eeb9-1f14-4061-8a1d-f349252682f3/1771200000.0_mean_300.0_v3" "txf201e9b7999347f281e0b-00699a7a53" "proxy-server 100218" 0.0275 "-" 99151 0
Feb 21 22:38:59 np0005625961.novalocal proxy-server[100218]: ::1 ::1 22/Feb/2026/03/38/59 PUT /v1/AUTH_e41560788c7b460fa374fdc94f22590f/gnocchi.6929eeb9-1f14-4061-8a1d-f349252682f3/1771200000.0_mean_300.0_v3 HTTP/1.0 201 - python-swiftclient-4.8.0 gAAAAABpmnpRlsm9... 16 - - txf201e9b7999347f281e0b-00699a7a53 - 0.0399 - - 1771731539.741369963 1771731539.781239033 0 17d6eceedce248e7bcac4363c7b2aeaa
Feb 21 22:38:59 np0005625961.novalocal container-server[98785]: ::1 - - [22/Feb/2026:03:38:59 +0000] "PUT /3/208210/AUTH_e41560788c7b460fa374fdc94f22590f/gnocchi.6929eeb9-1f14-4061-8a1d-f349252682f3/none_v3" 201 - "PUT http://[::1]:8080/2/75039/AUTH_e41560788c7b460fa374fdc94f22590f/gnocchi.6929eeb9-1f14-4061-8a1d-f349252682f3/none_v3" "txa9749a9b2186466a931b8-00699a7a53" "object-server 99152" 0.0007 "-" 98785 0
Feb 21 22:38:59 np0005625961.novalocal object-server[99152]: ::1 - - [22/Feb/2026:03:38:59 +0000] "PUT /2/75039/AUTH_e41560788c7b460fa374fdc94f22590f/gnocchi.6929eeb9-1f14-4061-8a1d-f349252682f3/none_v3" 201 - "PUT https://[::1]:8080/v1/AUTH_e41560788c7b460fa374fdc94f22590f/gnocchi.6929eeb9-1f14-4061-8a1d-f349252682f3/none_v3" "txa9749a9b2186466a931b8-00699a7a53" "proxy-server 100218" 0.0167 "-" 99152 0
Feb 21 22:38:59 np0005625961.novalocal container-server[98785]: ::1 - - [22/Feb/2026:03:38:59 +0000] "PUT /1/208210/AUTH_e41560788c7b460fa374fdc94f22590f/gnocchi.6929eeb9-1f14-4061-8a1d-f349252682f3/none_v3" 201 - "PUT http://[::1]:8080/3/75039/AUTH_e41560788c7b460fa374fdc94f22590f/gnocchi.6929eeb9-1f14-4061-8a1d-f349252682f3/none_v3" "txa9749a9b2186466a931b8-00699a7a53" "object-server 99151" 0.0005 "-" 98785 0
Feb 21 22:38:59 np0005625961.novalocal object-server[99151]: ::1 - - [22/Feb/2026:03:38:59 +0000] "PUT /3/75039/AUTH_e41560788c7b460fa374fdc94f22590f/gnocchi.6929eeb9-1f14-4061-8a1d-f349252682f3/none_v3" 201 - "PUT https://[::1]:8080/v1/AUTH_e41560788c7b460fa374fdc94f22590f/gnocchi.6929eeb9-1f14-4061-8a1d-f349252682f3/none_v3" "txa9749a9b2186466a931b8-00699a7a53" "proxy-server 100218" 0.0171 "-" 99151 0
Feb 21 22:38:59 np0005625961.novalocal container-server[98785]: ::1 - - [22/Feb/2026:03:38:59 +0000] "PUT /2/208210/AUTH_e41560788c7b460fa374fdc94f22590f/gnocchi.6929eeb9-1f14-4061-8a1d-f349252682f3/none_v3" 201 - "PUT http://[::1]:8080/1/75039/AUTH_e41560788c7b460fa374fdc94f22590f/gnocchi.6929eeb9-1f14-4061-8a1d-f349252682f3/none_v3" "txa9749a9b2186466a931b8-00699a7a53" "object-server 99151" 0.0005 "-" 98785 0
Feb 21 22:38:59 np0005625961.novalocal object-server[99151]: ::1 - - [22/Feb/2026:03:38:59 +0000] "GET /3/167606/AUTH_e41560788c7b460fa374fdc94f22590f/gnocchi.2ab8a569-c51b-4a7b-9924-3b60a572a62a/none_v3" 200 30 "GET https://[::1]:8080/v1/AUTH_e41560788c7b460fa374fdc94f22590f/gnocchi.2ab8a569-c51b-4a7b-9924-3b60a572a62a/none_v3" "tx1be62026da76433497ea7-00699a7a53" "proxy-server 100219" 0.0030 "-" 99151 0
Feb 21 22:38:59 np0005625961.novalocal object-server[99151]: ::1 - - [22/Feb/2026:03:38:59 +0000] "PUT /1/75039/AUTH_e41560788c7b460fa374fdc94f22590f/gnocchi.6929eeb9-1f14-4061-8a1d-f349252682f3/none_v3" 201 - "PUT https://[::1]:8080/v1/AUTH_e41560788c7b460fa374fdc94f22590f/gnocchi.6929eeb9-1f14-4061-8a1d-f349252682f3/none_v3" "txa9749a9b2186466a931b8-00699a7a53" "proxy-server 100218" 0.0231 "-" 99151 0
Feb 21 22:38:59 np0005625961.novalocal proxy-server[100219]: ::1 ::1 22/Feb/2026/03/38/59 GET /v1/AUTH_e41560788c7b460fa374fdc94f22590f/gnocchi.2ab8a569-c51b-4a7b-9924-3b60a572a62a/none_v3 HTTP/1.0 200 - python-swiftclient-4.8.0 gAAAAABpmnpTVjhT... - 30 - tx1be62026da76433497ea7-00699a7a53 - 0.0126 - - 1771731539.807359457 1771731539.819992304 0 17d6eceedce248e7bcac4363c7b2aeaa
Feb 21 22:38:59 np0005625961.novalocal proxy-server[100218]: ::1 ::1 22/Feb/2026/03/38/59 PUT /v1/AUTH_e41560788c7b460fa374fdc94f22590f/gnocchi.6929eeb9-1f14-4061-8a1d-f349252682f3/none_v3 HTTP/1.0 201 - python-swiftclient-4.8.0 gAAAAABpmnpRlsm9... 22 - - txa9749a9b2186466a931b8-00699a7a53 - 0.0357 - - 1771731539.784742117 1771731539.820428848 0 17d6eceedce248e7bcac4363c7b2aeaa
Feb 21 22:38:59 np0005625961.novalocal container-server[98786]: ::1 - - [22/Feb/2026:03:38:59 +0000] "GET /2/259911/AUTH_e41560788c7b460fa374fdc94f22590f/gnocchi.2ab8a569-c51b-4a7b-9924-3b60a572a62a" 200 357 "GET https://[::1]:8080/v1/AUTH_e41560788c7b460fa374fdc94f22590f/gnocchi.2ab8a569-c51b-4a7b-9924-3b60a572a62a?format=json&states=listing" "tx1bdd22b27f8e4e73bf549-00699a7a53" "proxy-server 100219" 0.0082 "-" 98786 0
Feb 21 22:38:59 np0005625961.novalocal proxy-server[100219]: ::1 ::1 22/Feb/2026/03/38/59 GET /v1/AUTH_e41560788c7b460fa374fdc94f22590f/gnocchi.2ab8a569-c51b-4a7b-9924-3b60a572a62a%3Fformat%3Djson%26states%3Dlisting HTTP/1.0 200 - python-swiftclient-4.8.0 gAAAAABpmnpTVjhT... - 357 - tx1bdd22b27f8e4e73bf549-00699a7a53 - 0.0158 - - 1771731539.828362226 1771731539.844114065 0 17d6eceedce248e7bcac4363c7b2aeaa
Feb 21 22:38:59 np0005625961.novalocal container-server[98786]: ::1 - - [22/Feb/2026:03:38:59 +0000] "HEAD /3/71887/AUTH_e41560788c7b460fa374fdc94f22590f/gnocchi.6aeef45a-aeaf-4117-9e76-4c654ae10875" 404 - "HEAD http://[::1]:8080/v1/AUTH_e41560788c7b460fa374fdc94f22590f/gnocchi.6aeef45a-aeaf-4117-9e76-4c654ae10875" "tx43149716321b474b803a0-00699a7a53" "proxy-server 100218" 0.0003 "-" 98786 0
Feb 21 22:38:59 np0005625961.novalocal container-server[98786]: ::1 - - [22/Feb/2026:03:38:59 +0000] "HEAD /1/71887/AUTH_e41560788c7b460fa374fdc94f22590f/gnocchi.6aeef45a-aeaf-4117-9e76-4c654ae10875" 404 - "HEAD http://[::1]:8080/v1/AUTH_e41560788c7b460fa374fdc94f22590f/gnocchi.6aeef45a-aeaf-4117-9e76-4c654ae10875" "tx43149716321b474b803a0-00699a7a53" "proxy-server 100218" 0.0002 "-" 98786 0
Feb 21 22:38:59 np0005625961.novalocal container-server[98785]: ::1 - - [22/Feb/2026:03:38:59 +0000] "HEAD /2/71887/AUTH_e41560788c7b460fa374fdc94f22590f/gnocchi.6aeef45a-aeaf-4117-9e76-4c654ae10875" 404 - "HEAD http://[::1]:8080/v1/AUTH_e41560788c7b460fa374fdc94f22590f/gnocchi.6aeef45a-aeaf-4117-9e76-4c654ae10875" "tx43149716321b474b803a0-00699a7a53" "proxy-server 100218" 0.0003 "-" 98785 0
Feb 21 22:38:59 np0005625961.novalocal proxy-server[100218]: - - 22/Feb/2026/03/38/59 HEAD /v1/AUTH_e41560788c7b460fa374fdc94f22590f/gnocchi.6aeef45a-aeaf-4117-9e76-4c654ae10875 HTTP/1.0 404 - Swift - - - - tx43149716321b474b803a0-00699a7a53 - 0.0155 CS - 1771731539.845040321 1771731539.860498428 0 -
Feb 21 22:38:59 np0005625961.novalocal container-server[98785]: ::1 - - [22/Feb/2026:03:38:59 +0000] "GET /1/259911/AUTH_e41560788c7b460fa374fdc94f22590f/gnocchi.2ab8a569-c51b-4a7b-9924-3b60a572a62a" 200 2 "GET https://[::1]:8080/v1/AUTH_e41560788c7b460fa374fdc94f22590f/gnocchi.2ab8a569-c51b-4a7b-9924-3b60a572a62a?format=json&marker=none_v3&states=listing" "tx662dde8351634074bb5bc-00699a7a53" "proxy-server 100219" 0.0086 "-" 98785 0
Feb 21 22:38:59 np0005625961.novalocal object-server[99152]: ::1 - - [22/Feb/2026:03:38:59 +0000] "GET /1/16010/AUTH_e41560788c7b460fa374fdc94f22590f/gnocchi.6aeef45a-aeaf-4117-9e76-4c654ae10875/none_v3" 404 70 "GET https://[::1]:8080/v1/AUTH_e41560788c7b460fa374fdc94f22590f/gnocchi.6aeef45a-aeaf-4117-9e76-4c654ae10875/none_v3" "tx43149716321b474b803a0-00699a7a53" "proxy-server 100218" 0.0004 "-" 99152 0
Feb 21 22:38:59 np0005625961.novalocal proxy-server[100219]: ::1 ::1 22/Feb/2026/03/38/59 GET /v1/AUTH_e41560788c7b460fa374fdc94f22590f/gnocchi.2ab8a569-c51b-4a7b-9924-3b60a572a62a%3Fformat%3Djson%26marker%3Dnone_v3%26states%3Dlisting HTTP/1.0 200 - python-swiftclient-4.8.0 gAAAAABpmnpTVjhT... - 2 - tx662dde8351634074bb5bc-00699a7a53 - 0.0167 - - 1771731539.850768805 1771731539.867472410 0 17d6eceedce248e7bcac4363c7b2aeaa
Feb 21 22:38:59 np0005625961.novalocal object-server[99151]: ::1 - - [22/Feb/2026:03:38:59 +0000] "GET /3/16010/AUTH_e41560788c7b460fa374fdc94f22590f/gnocchi.6aeef45a-aeaf-4117-9e76-4c654ae10875/none_v3" 404 70 "GET https://[::1]:8080/v1/AUTH_e41560788c7b460fa374fdc94f22590f/gnocchi.6aeef45a-aeaf-4117-9e76-4c654ae10875/none_v3" "tx43149716321b474b803a0-00699a7a53" "proxy-server 100218" 0.0004 "-" 99151 0
Feb 21 22:38:59 np0005625961.novalocal object-server[99151]: ::1 - - [22/Feb/2026:03:38:59 +0000] "GET /2/16010/AUTH_e41560788c7b460fa374fdc94f22590f/gnocchi.6aeef45a-aeaf-4117-9e76-4c654ae10875/none_v3" 404 70 "GET https://[::1]:8080/v1/AUTH_e41560788c7b460fa374fdc94f22590f/gnocchi.6aeef45a-aeaf-4117-9e76-4c654ae10875/none_v3" "tx43149716321b474b803a0-00699a7a53" "proxy-server 100218" 0.0003 "-" 99151 0
Feb 21 22:38:59 np0005625961.novalocal proxy-server[100218]: ::1 ::1 22/Feb/2026/03/38/59 GET /v1/AUTH_e41560788c7b460fa374fdc94f22590f/gnocchi.6aeef45a-aeaf-4117-9e76-4c654ae10875/none_v3 HTTP/1.0 404 - python-swiftclient-4.8.0 gAAAAABpmnpRlsm9... - 70 - tx43149716321b474b803a0-00699a7a53 - 0.0415 - - 1771731539.843173265 1771731539.884653091 0 17d6eceedce248e7bcac4363c7b2aeaa
Feb 21 22:38:59 np0005625961.novalocal object-server[99151]: ::1 - - [22/Feb/2026:03:38:59 +0000] "GET /2/254761/AUTH_e41560788c7b460fa374fdc94f22590f/gnocchi.2ab8a569-c51b-4a7b-9924-3b60a572a62a/1771200000.0_mean_300.0_v3" 200 16 "GET https://[::1]:8080/v1/AUTH_e41560788c7b460fa374fdc94f22590f/gnocchi.2ab8a569-c51b-4a7b-9924-3b60a572a62a/1771200000.0_mean_300.0_v3" "tx479cc0a9507148dd8aa5d-00699a7a53" "proxy-server 100219" 0.0008 "-" 99151 0
Feb 21 22:38:59 np0005625961.novalocal proxy-server[100219]: ::1 ::1 22/Feb/2026/03/38/59 GET /v1/AUTH_e41560788c7b460fa374fdc94f22590f/gnocchi.2ab8a569-c51b-4a7b-9924-3b60a572a62a/1771200000.0_mean_300.0_v3 HTTP/1.0 200 - python-swiftclient-4.8.0 gAAAAABpmnpTVjhT... - 16 - tx479cc0a9507148dd8aa5d-00699a7a53 - 0.0092 - - 1771731539.881871939 1771731539.891094685 0 17d6eceedce248e7bcac4363c7b2aeaa
Feb 21 22:38:59 np0005625961.novalocal container-server[98786]: ::1 - - [22/Feb/2026:03:38:59 +0000] "PUT /1/259911/AUTH_e41560788c7b460fa374fdc94f22590f/gnocchi.2ab8a569-c51b-4a7b-9924-3b60a572a62a/1771200000.0_mean_300.0_v3" 201 - "PUT http://[::1]:8080/3/254761/AUTH_e41560788c7b460fa374fdc94f22590f/gnocchi.2ab8a569-c51b-4a7b-9924-3b60a572a62a/1771200000.0_mean_300.0_v3" "tx560a476559d14928abe24-00699a7a53" "object-server 99152" 0.0004 "-" 98786 0
Feb 21 22:38:59 np0005625961.novalocal container-server[98786]: ::1 - - [22/Feb/2026:03:38:59 +0000] "PUT /3/259911/AUTH_e41560788c7b460fa374fdc94f22590f/gnocchi.2ab8a569-c51b-4a7b-9924-3b60a572a62a/1771200000.0_mean_300.0_v3" 201 - "PUT http://[::1]:8080/2/254761/AUTH_e41560788c7b460fa374fdc94f22590f/gnocchi.2ab8a569-c51b-4a7b-9924-3b60a572a62a/1771200000.0_mean_300.0_v3" "tx560a476559d14928abe24-00699a7a53" "object-server 99151" 0.0006 "-" 98786 0
Feb 21 22:38:59 np0005625961.novalocal object-server[99152]: ::1 - - [22/Feb/2026:03:38:59 +0000] "PUT /3/254761/AUTH_e41560788c7b460fa374fdc94f22590f/gnocchi.2ab8a569-c51b-4a7b-9924-3b60a572a62a/1771200000.0_mean_300.0_v3" 201 - "PUT https://[::1]:8080/v1/AUTH_e41560788c7b460fa374fdc94f22590f/gnocchi.2ab8a569-c51b-4a7b-9924-3b60a572a62a/1771200000.0_mean_300.0_v3" "tx560a476559d14928abe24-00699a7a53" "proxy-server 100219" 0.0136 "-" 99152 0
Feb 21 22:38:59 np0005625961.novalocal object-server[99151]: ::1 - - [22/Feb/2026:03:38:59 +0000] "PUT /2/254761/AUTH_e41560788c7b460fa374fdc94f22590f/gnocchi.2ab8a569-c51b-4a7b-9924-3b60a572a62a/1771200000.0_mean_300.0_v3" 201 - "PUT https://[::1]:8080/v1/AUTH_e41560788c7b460fa374fdc94f22590f/gnocchi.2ab8a569-c51b-4a7b-9924-3b60a572a62a/1771200000.0_mean_300.0_v3" "tx560a476559d14928abe24-00699a7a53" "proxy-server 100219" 0.0115 "-" 99151 0
Feb 21 22:38:59 np0005625961.novalocal account-server[98426]: ::1 - - [22/Feb/2026:03:38:59 +0000] "PUT /1/161627/AUTH_e41560788c7b460fa374fdc94f22590f/gnocchi.6aeef45a-aeaf-4117-9e76-4c654ae10875" 201 - "PUT http://[::1]:6001/3/71887/AUTH_e41560788c7b460fa374fdc94f22590f/gnocchi.6aeef45a-aeaf-4117-9e76-4c654ae10875" "tx7f36b6bfee944de79897c-00699a7a53" "container-server 98786" 0.0041 "-" 98426 0
Feb 21 22:38:59 np0005625961.novalocal container-server[98786]: ::1 - - [22/Feb/2026:03:38:59 +0000] "PUT /3/71887/AUTH_e41560788c7b460fa374fdc94f22590f/gnocchi.6aeef45a-aeaf-4117-9e76-4c654ae10875" 201 - "PUT https://[::1]:8080/v1/AUTH_e41560788c7b460fa374fdc94f22590f/gnocchi.6aeef45a-aeaf-4117-9e76-4c654ae10875" "tx7f36b6bfee944de79897c-00699a7a53" "proxy-server 100218" 0.0128 "-" 98786 0
Feb 21 22:38:59 np0005625961.novalocal container-server[98785]: ::1 - - [22/Feb/2026:03:38:59 +0000] "PUT /2/259911/AUTH_e41560788c7b460fa374fdc94f22590f/gnocchi.2ab8a569-c51b-4a7b-9924-3b60a572a62a/1771200000.0_mean_300.0_v3" 201 - "PUT http://[::1]:8080/1/254761/AUTH_e41560788c7b460fa374fdc94f22590f/gnocchi.2ab8a569-c51b-4a7b-9924-3b60a572a62a/1771200000.0_mean_300.0_v3" "tx560a476559d14928abe24-00699a7a53" "object-server 99151" 0.0004 "-" 98785 0
Feb 21 22:38:59 np0005625961.novalocal object-server[99151]: ::1 - - [22/Feb/2026:03:38:59 +0000] "PUT /1/254761/AUTH_e41560788c7b460fa374fdc94f22590f/gnocchi.2ab8a569-c51b-4a7b-9924-3b60a572a62a/1771200000.0_mean_300.0_v3" 201 - "PUT https://[::1]:8080/v1/AUTH_e41560788c7b460fa374fdc94f22590f/gnocchi.2ab8a569-c51b-4a7b-9924-3b60a572a62a/1771200000.0_mean_300.0_v3" "tx560a476559d14928abe24-00699a7a53" "proxy-server 100219" 0.0190 "-" 99151 0
Feb 21 22:38:59 np0005625961.novalocal proxy-server[100219]: ::1 ::1 22/Feb/2026/03/38/59 PUT /v1/AUTH_e41560788c7b460fa374fdc94f22590f/gnocchi.2ab8a569-c51b-4a7b-9924-3b60a572a62a/1771200000.0_mean_300.0_v3 HTTP/1.0 201 - python-swiftclient-4.8.0 gAAAAABpmnpTVjhT... 16 - - tx560a476559d14928abe24-00699a7a53 - 0.0253 - - 1771731539.893384695 1771731539.918693304 0 17d6eceedce248e7bcac4363c7b2aeaa
Feb 21 22:38:59 np0005625961.novalocal container-server[98786]: ::1 - - [22/Feb/2026:03:38:59 +0000] "PUT /3/259911/AUTH_e41560788c7b460fa374fdc94f22590f/gnocchi.2ab8a569-c51b-4a7b-9924-3b60a572a62a/none_v3" 201 - "PUT http://[::1]:8080/3/167606/AUTH_e41560788c7b460fa374fdc94f22590f/gnocchi.2ab8a569-c51b-4a7b-9924-3b60a572a62a/none_v3" "tx77d133b051ff4bd69a329-00699a7a53" "object-server 99152" 0.0006 "-" 98786 0
Feb 21 22:38:59 np0005625961.novalocal object-server[99152]: ::1 - - [22/Feb/2026:03:38:59 +0000] "PUT /3/167606/AUTH_e41560788c7b460fa374fdc94f22590f/gnocchi.2ab8a569-c51b-4a7b-9924-3b60a572a62a/none_v3" 201 - "PUT https://[::1]:8080/v1/AUTH_e41560788c7b460fa374fdc94f22590f/gnocchi.2ab8a569-c51b-4a7b-9924-3b60a572a62a/none_v3" "tx77d133b051ff4bd69a329-00699a7a53" "proxy-server 100219" 0.0103 "-" 99152 0
Feb 21 22:38:59 np0005625961.novalocal container-server[98786]: ::1 - - [22/Feb/2026:03:38:59 +0000] "PUT /1/259911/AUTH_e41560788c7b460fa374fdc94f22590f/gnocchi.2ab8a569-c51b-4a7b-9924-3b60a572a62a/none_v3" 201 - "PUT http://[::1]:8080/1/167606/AUTH_e41560788c7b460fa374fdc94f22590f/gnocchi.2ab8a569-c51b-4a7b-9924-3b60a572a62a/none_v3" "tx77d133b051ff4bd69a329-00699a7a53" "object-server 99152" 0.0006 "-" 98786 0
Feb 21 22:38:59 np0005625961.novalocal object-server[99152]: ::1 - - [22/Feb/2026:03:38:59 +0000] "PUT /1/167606/AUTH_e41560788c7b460fa374fdc94f22590f/gnocchi.2ab8a569-c51b-4a7b-9924-3b60a572a62a/none_v3" 201 - "PUT https://[::1]:8080/v1/AUTH_e41560788c7b460fa374fdc94f22590f/gnocchi.2ab8a569-c51b-4a7b-9924-3b60a572a62a/none_v3" "tx77d133b051ff4bd69a329-00699a7a53" "proxy-server 100219" 0.0109 "-" 99152 0
Feb 21 22:38:59 np0005625961.novalocal container-server[98785]: ::1 - - [22/Feb/2026:03:38:59 +0000] "PUT /2/259911/AUTH_e41560788c7b460fa374fdc94f22590f/gnocchi.2ab8a569-c51b-4a7b-9924-3b60a572a62a/none_v3" 201 - "PUT http://[::1]:8080/2/167606/AUTH_e41560788c7b460fa374fdc94f22590f/gnocchi.2ab8a569-c51b-4a7b-9924-3b60a572a62a/none_v3" "tx77d133b051ff4bd69a329-00699a7a53" "object-server 99151" 0.0053 "-" 98785 0
Feb 21 22:38:59 np0005625961.novalocal object-server[99151]: ::1 - - [22/Feb/2026:03:38:59 +0000] "PUT /2/167606/AUTH_e41560788c7b460fa374fdc94f22590f/gnocchi.2ab8a569-c51b-4a7b-9924-3b60a572a62a/none_v3" 201 - "PUT https://[::1]:8080/v1/AUTH_e41560788c7b460fa374fdc94f22590f/gnocchi.2ab8a569-c51b-4a7b-9924-3b60a572a62a/none_v3" "tx77d133b051ff4bd69a329-00699a7a53" "proxy-server 100219" 0.0139 "-" 99151 0
Feb 21 22:38:59 np0005625961.novalocal proxy-server[100219]: ::1 ::1 22/Feb/2026/03/38/59 PUT /v1/AUTH_e41560788c7b460fa374fdc94f22590f/gnocchi.2ab8a569-c51b-4a7b-9924-3b60a572a62a/none_v3 HTTP/1.0 201 - python-swiftclient-4.8.0 gAAAAABpmnpTVjhT... 43 - - tx77d133b051ff4bd69a329-00699a7a53 - 0.0184 - - 1771731539.920775652 1771731539.939182281 0 17d6eceedce248e7bcac4363c7b2aeaa
Feb 21 22:38:59 np0005625961.novalocal account-server[98425]: ::1 - - [22/Feb/2026:03:38:59 +0000] "PUT /2/161627/AUTH_e41560788c7b460fa374fdc94f22590f/gnocchi.6aeef45a-aeaf-4117-9e76-4c654ae10875" 201 - "PUT http://[::1]:6001/2/71887/AUTH_e41560788c7b460fa374fdc94f22590f/gnocchi.6aeef45a-aeaf-4117-9e76-4c654ae10875" "tx7f36b6bfee944de79897c-00699a7a53" "container-server 98786" 0.0449 "-" 98425 0
Feb 21 22:38:59 np0005625961.novalocal container-server[98786]: ::1 - - [22/Feb/2026:03:38:59 +0000] "PUT /2/71887/AUTH_e41560788c7b460fa374fdc94f22590f/gnocchi.6aeef45a-aeaf-4117-9e76-4c654ae10875" 201 - "PUT https://[::1]:8080/v1/AUTH_e41560788c7b460fa374fdc94f22590f/gnocchi.6aeef45a-aeaf-4117-9e76-4c654ae10875" "tx7f36b6bfee944de79897c-00699a7a53" "proxy-server 100218" 0.0606 "-" 98786 0
Feb 21 22:38:59 np0005625961.novalocal account-server[98425]: ::1 - - [22/Feb/2026:03:38:59 +0000] "PUT /3/161627/AUTH_e41560788c7b460fa374fdc94f22590f/gnocchi.6aeef45a-aeaf-4117-9e76-4c654ae10875" 201 - "PUT http://[::1]:6001/1/71887/AUTH_e41560788c7b460fa374fdc94f22590f/gnocchi.6aeef45a-aeaf-4117-9e76-4c654ae10875" "tx7f36b6bfee944de79897c-00699a7a53" "container-server 98785" 0.0042 "-" 98425 0
Feb 21 22:38:59 np0005625961.novalocal container-server[98785]: ::1 - - [22/Feb/2026:03:38:59 +0000] "PUT /1/71887/AUTH_e41560788c7b460fa374fdc94f22590f/gnocchi.6aeef45a-aeaf-4117-9e76-4c654ae10875" 201 - "PUT https://[::1]:8080/v1/AUTH_e41560788c7b460fa374fdc94f22590f/gnocchi.6aeef45a-aeaf-4117-9e76-4c654ae10875" "tx7f36b6bfee944de79897c-00699a7a53" "proxy-server 100218" 0.0632 "-" 98785 0
Feb 21 22:38:59 np0005625961.novalocal proxy-server[100218]: ::1 ::1 22/Feb/2026/03/38/59 PUT /v1/AUTH_e41560788c7b460fa374fdc94f22590f/gnocchi.6aeef45a-aeaf-4117-9e76-4c654ae10875 HTTP/1.0 201 - python-swiftclient-4.8.0 gAAAAABpmnpRlsm9... - - - tx7f36b6bfee944de79897c-00699a7a53 - 0.0765 - - 1771731539.888103724 1771731539.964643478 0 17d6eceedce248e7bcac4363c7b2aeaa
Feb 21 22:38:59 np0005625961.novalocal container-server[98786]: ::1 - - [22/Feb/2026:03:38:59 +0000] "HEAD /2/71887/AUTH_e41560788c7b460fa374fdc94f22590f/gnocchi.6aeef45a-aeaf-4117-9e76-4c654ae10875" 204 - "HEAD http://[::1]:8080/v1/AUTH_e41560788c7b460fa374fdc94f22590f/gnocchi.6aeef45a-aeaf-4117-9e76-4c654ae10875" "tx5a3c8ef4f82c42ff9aa7a-00699a7a53" "proxy-server 100218" 0.0020 "-" 98786 0
Feb 21 22:38:59 np0005625961.novalocal proxy-server[100218]: - - 22/Feb/2026/03/38/59 HEAD /v1/AUTH_e41560788c7b460fa374fdc94f22590f/gnocchi.6aeef45a-aeaf-4117-9e76-4c654ae10875 HTTP/1.0 204 - Swift - - - - tx5a3c8ef4f82c42ff9aa7a-00699a7a53 - 0.0080 CS - 1771731539.969841957 1771731539.977798462 0 -
Feb 21 22:38:59 np0005625961.novalocal container-server[98786]: ::1 - - [22/Feb/2026:03:38:59 +0000] "GET /2/71887/AUTH_e41560788c7b460fa374fdc94f22590f/gnocchi.6aeef45a-aeaf-4117-9e76-4c654ae10875" 200 2 "GET https://[::1]:8080/v1/AUTH_e41560788c7b460fa374fdc94f22590f/gnocchi.6aeef45a-aeaf-4117-9e76-4c654ae10875?format=json&states=listing" "tx5a3c8ef4f82c42ff9aa7a-00699a7a53" "proxy-server 100218" 0.0073 "-" 98786 0
Feb 21 22:38:59 np0005625961.novalocal proxy-server[100218]: ::1 ::1 22/Feb/2026/03/38/59 GET /v1/AUTH_e41560788c7b460fa374fdc94f22590f/gnocchi.6aeef45a-aeaf-4117-9e76-4c654ae10875%3Fformat%3Djson%26states%3Dlisting HTTP/1.0 200 - python-swiftclient-4.8.0 gAAAAABpmnpRlsm9... - 2 - tx5a3c8ef4f82c42ff9aa7a-00699a7a53 - 0.0270 - - 1771731539.968911409 1771731539.995861769 0 17d6eceedce248e7bcac4363c7b2aeaa
Feb 21 22:39:00 np0005625961.novalocal object-server[99152]: ::1 - - [22/Feb/2026:03:39:00 +0000] "GET /2/225714/AUTH_e41560788c7b460fa374fdc94f22590f/gnocchi.6aeef45a-aeaf-4117-9e76-4c654ae10875/1771200000.0_mean_300.0_v3" 404 70 "GET https://[::1]:8080/v1/AUTH_e41560788c7b460fa374fdc94f22590f/gnocchi.6aeef45a-aeaf-4117-9e76-4c654ae10875/1771200000.0_mean_300.0_v3" "tx0079a52dbf6848138bd60-00699a7a53" "proxy-server 100218" 0.0007 "-" 99152 0
Feb 21 22:39:00 np0005625961.novalocal object-server[99152]: ::1 - - [22/Feb/2026:03:39:00 +0000] "GET /1/225714/AUTH_e41560788c7b460fa374fdc94f22590f/gnocchi.6aeef45a-aeaf-4117-9e76-4c654ae10875/1771200000.0_mean_300.0_v3" 404 70 "GET https://[::1]:8080/v1/AUTH_e41560788c7b460fa374fdc94f22590f/gnocchi.6aeef45a-aeaf-4117-9e76-4c654ae10875/1771200000.0_mean_300.0_v3" "tx0079a52dbf6848138bd60-00699a7a53" "proxy-server 100218" 0.0004 "-" 99152 0
Feb 21 22:39:00 np0005625961.novalocal object-server[99152]: ::1 - - [22/Feb/2026:03:39:00 +0000] "GET /3/225714/AUTH_e41560788c7b460fa374fdc94f22590f/gnocchi.6aeef45a-aeaf-4117-9e76-4c654ae10875/1771200000.0_mean_300.0_v3" 404 70 "GET https://[::1]:8080/v1/AUTH_e41560788c7b460fa374fdc94f22590f/gnocchi.6aeef45a-aeaf-4117-9e76-4c654ae10875/1771200000.0_mean_300.0_v3" "tx0079a52dbf6848138bd60-00699a7a53" "proxy-server 100218" 0.0005 "-" 99152 0
Feb 21 22:39:00 np0005625961.novalocal proxy-server[100218]: ::1 ::1 22/Feb/2026/03/39/00 GET /v1/AUTH_e41560788c7b460fa374fdc94f22590f/gnocchi.6aeef45a-aeaf-4117-9e76-4c654ae10875/1771200000.0_mean_300.0_v3 HTTP/1.0 404 - python-swiftclient-4.8.0 gAAAAABpmnpRlsm9... - 70 - tx0079a52dbf6848138bd60-00699a7a53 - 0.0186 - - 1771731539.998783588 1771731540.017426252 0 17d6eceedce248e7bcac4363c7b2aeaa
Feb 21 22:39:00 np0005625961.novalocal container-server[98785]: ::1 - - [22/Feb/2026:03:39:00 +0000] "PUT /1/71887/AUTH_e41560788c7b460fa374fdc94f22590f/gnocchi.6aeef45a-aeaf-4117-9e76-4c654ae10875/1771200000.0_mean_300.0_v3" 201 - "PUT http://[::1]:8080/1/225714/AUTH_e41560788c7b460fa374fdc94f22590f/gnocchi.6aeef45a-aeaf-4117-9e76-4c654ae10875/1771200000.0_mean_300.0_v3" "tx1c2e1e468efb4d50a1d76-00699a7a54" "object-server 99151" 0.0009 "-" 98785 0
Feb 21 22:39:00 np0005625961.novalocal object-server[99151]: ::1 - - [22/Feb/2026:03:39:00 +0000] "PUT /1/225714/AUTH_e41560788c7b460fa374fdc94f22590f/gnocchi.6aeef45a-aeaf-4117-9e76-4c654ae10875/1771200000.0_mean_300.0_v3" 201 - "PUT https://[::1]:8080/v1/AUTH_e41560788c7b460fa374fdc94f22590f/gnocchi.6aeef45a-aeaf-4117-9e76-4c654ae10875/1771200000.0_mean_300.0_v3" "tx1c2e1e468efb4d50a1d76-00699a7a54" "proxy-server 100218" 0.0138 "-" 99151 0
Feb 21 22:39:00 np0005625961.novalocal container-server[98785]: ::1 - - [22/Feb/2026:03:39:00 +0000] "PUT /2/71887/AUTH_e41560788c7b460fa374fdc94f22590f/gnocchi.6aeef45a-aeaf-4117-9e76-4c654ae10875/1771200000.0_mean_300.0_v3" 201 - "PUT http://[::1]:8080/2/225714/AUTH_e41560788c7b460fa374fdc94f22590f/gnocchi.6aeef45a-aeaf-4117-9e76-4c654ae10875/1771200000.0_mean_300.0_v3" "tx1c2e1e468efb4d50a1d76-00699a7a54" "object-server 99151" 0.0006 "-" 98785 0
Feb 21 22:39:00 np0005625961.novalocal object-server[99151]: ::1 - - [22/Feb/2026:03:39:00 +0000] "PUT /2/225714/AUTH_e41560788c7b460fa374fdc94f22590f/gnocchi.6aeef45a-aeaf-4117-9e76-4c654ae10875/1771200000.0_mean_300.0_v3" 201 - "PUT https://[::1]:8080/v1/AUTH_e41560788c7b460fa374fdc94f22590f/gnocchi.6aeef45a-aeaf-4117-9e76-4c654ae10875/1771200000.0_mean_300.0_v3" "tx1c2e1e468efb4d50a1d76-00699a7a54" "proxy-server 100218" 0.0144 "-" 99151 0
Feb 21 22:39:00 np0005625961.novalocal container-server[98786]: ::1 - - [22/Feb/2026:03:39:00 +0000] "PUT /3/71887/AUTH_e41560788c7b460fa374fdc94f22590f/gnocchi.6aeef45a-aeaf-4117-9e76-4c654ae10875/1771200000.0_mean_300.0_v3" 201 - "PUT http://[::1]:8080/3/225714/AUTH_e41560788c7b460fa374fdc94f22590f/gnocchi.6aeef45a-aeaf-4117-9e76-4c654ae10875/1771200000.0_mean_300.0_v3" "tx1c2e1e468efb4d50a1d76-00699a7a54" "object-server 99151" 0.0010 "-" 98786 0
Feb 21 22:39:00 np0005625961.novalocal object-server[99151]: ::1 - - [22/Feb/2026:03:39:00 +0000] "PUT /3/225714/AUTH_e41560788c7b460fa374fdc94f22590f/gnocchi.6aeef45a-aeaf-4117-9e76-4c654ae10875/1771200000.0_mean_300.0_v3" 201 - "PUT https://[::1]:8080/v1/AUTH_e41560788c7b460fa374fdc94f22590f/gnocchi.6aeef45a-aeaf-4117-9e76-4c654ae10875/1771200000.0_mean_300.0_v3" "tx1c2e1e468efb4d50a1d76-00699a7a54" "proxy-server 100218" 0.0169 "-" 99151 0
Feb 21 22:39:00 np0005625961.novalocal proxy-server[100218]: ::1 ::1 22/Feb/2026/03/39/00 PUT /v1/AUTH_e41560788c7b460fa374fdc94f22590f/gnocchi.6aeef45a-aeaf-4117-9e76-4c654ae10875/1771200000.0_mean_300.0_v3 HTTP/1.0 201 - python-swiftclient-4.8.0 gAAAAABpmnpRlsm9... 16 - - tx1c2e1e468efb4d50a1d76-00699a7a54 - 0.0302 - - 1771731540.022455454 1771731540.052705050 0 17d6eceedce248e7bcac4363c7b2aeaa
Feb 21 22:39:00 np0005625961.novalocal container-server[98786]: ::1 - - [22/Feb/2026:03:39:00 +0000] "PUT /3/71887/AUTH_e41560788c7b460fa374fdc94f22590f/gnocchi.6aeef45a-aeaf-4117-9e76-4c654ae10875/none_v3" 201 - "PUT http://[::1]:8080/2/16010/AUTH_e41560788c7b460fa374fdc94f22590f/gnocchi.6aeef45a-aeaf-4117-9e76-4c654ae10875/none_v3" "tx0827af82faa5491eb6ffc-00699a7a54" "object-server 99151" 0.0006 "-" 98786 0
Feb 21 22:39:00 np0005625961.novalocal object-server[99151]: ::1 - - [22/Feb/2026:03:39:00 +0000] "PUT /2/16010/AUTH_e41560788c7b460fa374fdc94f22590f/gnocchi.6aeef45a-aeaf-4117-9e76-4c654ae10875/none_v3" 201 - "PUT https://[::1]:8080/v1/AUTH_e41560788c7b460fa374fdc94f22590f/gnocchi.6aeef45a-aeaf-4117-9e76-4c654ae10875/none_v3" "tx0827af82faa5491eb6ffc-00699a7a54" "proxy-server 100218" 0.0112 "-" 99151 0
Feb 21 22:39:00 np0005625961.novalocal container-server[98785]: ::1 - - [22/Feb/2026:03:39:00 +0000] "PUT /2/71887/AUTH_e41560788c7b460fa374fdc94f22590f/gnocchi.6aeef45a-aeaf-4117-9e76-4c654ae10875/none_v3" 201 - "PUT http://[::1]:8080/1/16010/AUTH_e41560788c7b460fa374fdc94f22590f/gnocchi.6aeef45a-aeaf-4117-9e76-4c654ae10875/none_v3" "tx0827af82faa5491eb6ffc-00699a7a54" "object-server 99152" 0.0006 "-" 98785 0
Feb 21 22:39:00 np0005625961.novalocal object-server[99152]: ::1 - - [22/Feb/2026:03:39:00 +0000] "PUT /1/16010/AUTH_e41560788c7b460fa374fdc94f22590f/gnocchi.6aeef45a-aeaf-4117-9e76-4c654ae10875/none_v3" 201 - "PUT https://[::1]:8080/v1/AUTH_e41560788c7b460fa374fdc94f22590f/gnocchi.6aeef45a-aeaf-4117-9e76-4c654ae10875/none_v3" "tx0827af82faa5491eb6ffc-00699a7a54" "proxy-server 100218" 0.0148 "-" 99152 0
Feb 21 22:39:00 np0005625961.novalocal container-server[98786]: ::1 - - [22/Feb/2026:03:39:00 +0000] "PUT /1/71887/AUTH_e41560788c7b460fa374fdc94f22590f/gnocchi.6aeef45a-aeaf-4117-9e76-4c654ae10875/none_v3" 201 - "PUT http://[::1]:8080/3/16010/AUTH_e41560788c7b460fa374fdc94f22590f/gnocchi.6aeef45a-aeaf-4117-9e76-4c654ae10875/none_v3" "tx0827af82faa5491eb6ffc-00699a7a54" "object-server 99151" 0.0005 "-" 98786 0
Feb 21 22:39:00 np0005625961.novalocal object-server[99151]: ::1 - - [22/Feb/2026:03:39:00 +0000] "PUT /3/16010/AUTH_e41560788c7b460fa374fdc94f22590f/gnocchi.6aeef45a-aeaf-4117-9e76-4c654ae10875/none_v3" 201 - "PUT https://[::1]:8080/v1/AUTH_e41560788c7b460fa374fdc94f22590f/gnocchi.6aeef45a-aeaf-4117-9e76-4c654ae10875/none_v3" "tx0827af82faa5491eb6ffc-00699a7a54" "proxy-server 100218" 0.0159 "-" 99151 0
Feb 21 22:39:00 np0005625961.novalocal proxy-server[100218]: ::1 ::1 22/Feb/2026/03/39/00 PUT /v1/AUTH_e41560788c7b460fa374fdc94f22590f/gnocchi.6aeef45a-aeaf-4117-9e76-4c654ae10875/none_v3 HTTP/1.0 201 - python-swiftclient-4.8.0 gAAAAABpmnpRlsm9... 45 - - tx0827af82faa5491eb6ffc-00699a7a54 - 0.0266 - - 1771731540.056545973 1771731540.083148003 0 17d6eceedce248e7bcac4363c7b2aeaa
Feb 21 22:39:00 np0005625961.novalocal object-server[99152]: ::1 - - [22/Feb/2026:03:39:00 +0000] "GET /1/168346/AUTH_e41560788c7b460fa374fdc94f22590f/gnocchi.24bcae83-4a84-4cd8-aa04-f291f5212082/none_v3" 200 22 "GET https://[::1]:8080/v1/AUTH_e41560788c7b460fa374fdc94f22590f/gnocchi.24bcae83-4a84-4cd8-aa04-f291f5212082/none_v3" "tx09a48cd38597453b9d639-00699a7a54" "proxy-server 100218" 0.0012 "-" 99152 0
Feb 21 22:39:00 np0005625961.novalocal proxy-server[100218]: ::1 ::1 22/Feb/2026/03/39/00 GET /v1/AUTH_e41560788c7b460fa374fdc94f22590f/gnocchi.24bcae83-4a84-4cd8-aa04-f291f5212082/none_v3 HTTP/1.0 200 - python-swiftclient-4.8.0 gAAAAABpmnpRlsm9... - 22 - tx09a48cd38597453b9d639-00699a7a54 - 0.0108 - - 1771731540.104897261 1771731540.115668297 0 17d6eceedce248e7bcac4363c7b2aeaa
Feb 21 22:39:00 np0005625961.novalocal account-server[98426]: ::1 - - [22/Feb/2026:03:39:00 +0000] "HEAD /3/249817/.misplaced_objects" 404 - "HEAD http://localhost/v1/.misplaced_objects?format=json" "tx24dddfc198324644b2487-00699a7a54" "Swift Container Reconciler" 0.0004 "-" 98426 -
Feb 21 22:39:00 np0005625961.novalocal account-server[98426]: ::1 - - [22/Feb/2026:03:39:00 +0000] "HEAD /1/249817/.misplaced_objects" 404 - "HEAD http://localhost/v1/.misplaced_objects?format=json" "tx24dddfc198324644b2487-00699a7a54" "Swift Container Reconciler" 0.0003 "-" 98426 -
Feb 21 22:39:00 np0005625961.novalocal container-server[98785]: ::1 - - [22/Feb/2026:03:39:00 +0000] "GET /2/239529/AUTH_e41560788c7b460fa374fdc94f22590f/gnocchi.24bcae83-4a84-4cd8-aa04-f291f5212082" 200 357 "GET https://[::1]:8080/v1/AUTH_e41560788c7b460fa374fdc94f22590f/gnocchi.24bcae83-4a84-4cd8-aa04-f291f5212082?format=json&states=listing" "tx53a36414c43a44088ebd1-00699a7a54" "proxy-server 100218" 0.0092 "-" 98785 0
Feb 21 22:39:00 np0005625961.novalocal account-server[98426]: ::1 - - [22/Feb/2026:03:39:00 +0000] "HEAD /2/249817/.misplaced_objects" 404 - "HEAD http://localhost/v1/.misplaced_objects?format=json" "tx24dddfc198324644b2487-00699a7a54" "Swift Container Reconciler" 0.0003 "-" 98426 -
Feb 21 22:39:00 np0005625961.novalocal proxy-server[100218]: ::1 ::1 22/Feb/2026/03/39/00 GET /v1/AUTH_e41560788c7b460fa374fdc94f22590f/gnocchi.24bcae83-4a84-4cd8-aa04-f291f5212082%3Fformat%3Djson%26states%3Dlisting HTTP/1.0 200 - python-swiftclient-4.8.0 gAAAAABpmnpRlsm9... - 357 - tx53a36414c43a44088ebd1-00699a7a54 - 0.0181 - - 1771731540.120744467 1771731540.138870239 0 17d6eceedce248e7bcac4363c7b2aeaa
Feb 21 22:39:00 np0005625961.novalocal container-reconciler-ic[93952]: - - 22/Feb/2026/03/39/00 HEAD /v1/.misplaced_objects%3Fformat%3Djson HTTP/1.0 404 - Swift - - - - tx24dddfc198324644b2487-00699a7a54 - 0.0108 GET_ACCOUNT_INFO - 1771731540.128222704 1771731540.139041424 - -
Feb 21 22:39:00 np0005625961.novalocal container-server[98785]: ::1 - - [22/Feb/2026:03:39:00 +0000] "GET /3/34018/.misplaced_objects/1771729200" 404 - "GET http://localhost/v1/.misplaced_objects/1771729200?format=json&marker=&end_marker=&prefix=&states=listing" "tx24dddfc198324644b2487-00699a7a54" "Swift Container Reconciler" 0.0003 "-" 98785 0
Feb 21 22:39:00 np0005625961.novalocal container-server[98786]: ::1 - - [22/Feb/2026:03:39:00 +0000] "GET /1/34018/.misplaced_objects/1771729200" 404 - "GET http://localhost/v1/.misplaced_objects/1771729200?format=json&marker=&end_marker=&prefix=&states=listing" "tx24dddfc198324644b2487-00699a7a54" "Swift Container Reconciler" 0.0005 "-" 98786 0
Feb 21 22:39:00 np0005625961.novalocal container-server[98785]: ::1 - - [22/Feb/2026:03:39:00 +0000] "GET /2/34018/.misplaced_objects/1771729200" 404 - "GET http://localhost/v1/.misplaced_objects/1771729200?format=json&marker=&end_marker=&prefix=&states=listing" "tx24dddfc198324644b2487-00699a7a54" "Swift Container Reconciler" 0.0003 "-" 98785 0
Feb 21 22:39:00 np0005625961.novalocal container-reconciler-ic[93952]: - - 22/Feb/2026/03/39/00 GET /v1/.misplaced_objects/1771729200%3Fformat%3Djson%26marker%3D%26end_marker%3D%26prefix%3D%26states%3Dlisting HTTP/1.0 404 - Swift%20Container%20Reconciler - - 70 - tx24dddfc198324644b2487-00699a7a54 - 0.0221 - - 1771731540.127167940 1771731540.149224758 0 -
Feb 21 22:39:00 np0005625961.novalocal container-server[98786]: ::1 - - [22/Feb/2026:03:39:00 +0000] "GET /2/239529/AUTH_e41560788c7b460fa374fdc94f22590f/gnocchi.24bcae83-4a84-4cd8-aa04-f291f5212082" 200 2 "GET https://[::1]:8080/v1/AUTH_e41560788c7b460fa374fdc94f22590f/gnocchi.24bcae83-4a84-4cd8-aa04-f291f5212082?format=json&marker=none_v3&states=listing" "tx763ab02f42e64ac4b25f7-00699a7a54" "proxy-server 100218" 0.0035 "-" 98786 0
Feb 21 22:39:00 np0005625961.novalocal account-server[98425]: ::1 - - [22/Feb/2026:03:39:00 +0000] "GET /1/249817/.misplaced_objects" 404 - "GET http://localhost/v1/.misplaced_objects?format=json&marker=&end_marker=&prefix=" "tx4e0e9cff986241bcb68c8-00699a7a54" "Swift Container Reconciler" 0.0005 "-" 98425 -
Feb 21 22:39:00 np0005625961.novalocal account-server[98425]: ::1 - - [22/Feb/2026:03:39:00 +0000] "GET /2/249817/.misplaced_objects" 404 - "GET http://localhost/v1/.misplaced_objects?format=json&marker=&end_marker=&prefix=" "tx4e0e9cff986241bcb68c8-00699a7a54" "Swift Container Reconciler" 0.0003 "-" 98425 -
Feb 21 22:39:00 np0005625961.novalocal account-server[98425]: ::1 - - [22/Feb/2026:03:39:00 +0000] "GET /3/249817/.misplaced_objects" 404 - "GET http://localhost/v1/.misplaced_objects?format=json&marker=&end_marker=&prefix=" "tx4e0e9cff986241bcb68c8-00699a7a54" "Swift Container Reconciler" 0.0003 "-" 98425 -
Feb 21 22:39:00 np0005625961.novalocal container-reconciler-ic[93952]: - - 22/Feb/2026/03/39/00 GET /v1/.misplaced_objects%3Fformat%3Djson%26marker%3D%26end_marker%3D%26prefix%3D HTTP/1.0 404 - Swift%20Container%20Reconciler - - - - tx4e0e9cff986241bcb68c8-00699a7a54 - 0.0095 - - 1771731540.150071621 1771731540.159558773 - -
Feb 21 22:39:00 np0005625961.novalocal container-reconciler[93952]: Reconciler Stats: {}
Feb 21 22:39:00 np0005625961.novalocal proxy-server[100218]: ::1 ::1 22/Feb/2026/03/39/00 GET /v1/AUTH_e41560788c7b460fa374fdc94f22590f/gnocchi.24bcae83-4a84-4cd8-aa04-f291f5212082%3Fformat%3Djson%26marker%3Dnone_v3%26states%3Dlisting HTTP/1.0 200 - python-swiftclient-4.8.0 gAAAAABpmnpRlsm9... - 2 - tx763ab02f42e64ac4b25f7-00699a7a54 - 0.0184 - - 1771731540.141457558 1771731540.159835815 0 17d6eceedce248e7bcac4363c7b2aeaa
Feb 21 22:39:00 np0005625961.novalocal container-reconciler[93952]: sleeping between intervals (30.0s)
Feb 21 22:39:00 np0005625961.novalocal object-server[99151]: ::1 - - [22/Feb/2026:03:39:00 +0000] "GET /2/152137/AUTH_e41560788c7b460fa374fdc94f22590f/gnocchi.24bcae83-4a84-4cd8-aa04-f291f5212082/1771200000.0_mean_300.0_v3" 200 16 "GET https://[::1]:8080/v1/AUTH_e41560788c7b460fa374fdc94f22590f/gnocchi.24bcae83-4a84-4cd8-aa04-f291f5212082/1771200000.0_mean_300.0_v3" "tx869a222be7b54faca58eb-00699a7a54" "proxy-server 100218" 0.0009 "-" 99151 0
Feb 21 22:39:00 np0005625961.novalocal proxy-server[100218]: ::1 ::1 22/Feb/2026/03/39/00 GET /v1/AUTH_e41560788c7b460fa374fdc94f22590f/gnocchi.24bcae83-4a84-4cd8-aa04-f291f5212082/1771200000.0_mean_300.0_v3 HTTP/1.0 200 - python-swiftclient-4.8.0 gAAAAABpmnpRlsm9... - 16 - tx869a222be7b54faca58eb-00699a7a54 - 0.0091 - - 1771731540.176656723 1771731540.185730934 0 17d6eceedce248e7bcac4363c7b2aeaa
Feb 21 22:39:00 np0005625961.novalocal container-server[98786]: ::1 - - [22/Feb/2026:03:39:00 +0000] "PUT /2/239529/AUTH_e41560788c7b460fa374fdc94f22590f/gnocchi.24bcae83-4a84-4cd8-aa04-f291f5212082/1771200000.0_mean_300.0_v3" 201 - "PUT http://[::1]:8080/1/152137/AUTH_e41560788c7b460fa374fdc94f22590f/gnocchi.24bcae83-4a84-4cd8-aa04-f291f5212082/1771200000.0_mean_300.0_v3" "txd4e15cbcc66448ad93adc-00699a7a54" "object-server 99152" 0.0006 "-" 98786 0
Feb 21 22:39:00 np0005625961.novalocal object-server[99152]: ::1 - - [22/Feb/2026:03:39:00 +0000] "PUT /1/152137/AUTH_e41560788c7b460fa374fdc94f22590f/gnocchi.24bcae83-4a84-4cd8-aa04-f291f5212082/1771200000.0_mean_300.0_v3" 201 - "PUT https://[::1]:8080/v1/AUTH_e41560788c7b460fa374fdc94f22590f/gnocchi.24bcae83-4a84-4cd8-aa04-f291f5212082/1771200000.0_mean_300.0_v3" "txd4e15cbcc66448ad93adc-00699a7a54" "proxy-server 100218" 0.0105 "-" 99152 0
Feb 21 22:39:00 np0005625961.novalocal container-server[98786]: ::1 - - [22/Feb/2026:03:39:00 +0000] "PUT /1/239529/AUTH_e41560788c7b460fa374fdc94f22590f/gnocchi.24bcae83-4a84-4cd8-aa04-f291f5212082/1771200000.0_mean_300.0_v3" 201 - "PUT http://[::1]:8080/3/152137/AUTH_e41560788c7b460fa374fdc94f22590f/gnocchi.24bcae83-4a84-4cd8-aa04-f291f5212082/1771200000.0_mean_300.0_v3" "txd4e15cbcc66448ad93adc-00699a7a54" "object-server 99151" 0.0005 "-" 98786 0
Feb 21 22:39:00 np0005625961.novalocal object-server[99151]: ::1 - - [22/Feb/2026:03:39:00 +0000] "PUT /3/152137/AUTH_e41560788c7b460fa374fdc94f22590f/gnocchi.24bcae83-4a84-4cd8-aa04-f291f5212082/1771200000.0_mean_300.0_v3" 201 - "PUT https://[::1]:8080/v1/AUTH_e41560788c7b460fa374fdc94f22590f/gnocchi.24bcae83-4a84-4cd8-aa04-f291f5212082/1771200000.0_mean_300.0_v3" "txd4e15cbcc66448ad93adc-00699a7a54" "proxy-server 100218" 0.0134 "-" 99151 0
Feb 21 22:39:00 np0005625961.novalocal container-server[98786]: ::1 - - [22/Feb/2026:03:39:00 +0000] "PUT /3/239529/AUTH_e41560788c7b460fa374fdc94f22590f/gnocchi.24bcae83-4a84-4cd8-aa04-f291f5212082/1771200000.0_mean_300.0_v3" 201 - "PUT http://[::1]:8080/2/152137/AUTH_e41560788c7b460fa374fdc94f22590f/gnocchi.24bcae83-4a84-4cd8-aa04-f291f5212082/1771200000.0_mean_300.0_v3" "txd4e15cbcc66448ad93adc-00699a7a54" "object-server 99151" 0.0006 "-" 98786 0
Feb 21 22:39:00 np0005625961.novalocal object-server[99151]: ::1 - - [22/Feb/2026:03:39:00 +0000] "PUT /2/152137/AUTH_e41560788c7b460fa374fdc94f22590f/gnocchi.24bcae83-4a84-4cd8-aa04-f291f5212082/1771200000.0_mean_300.0_v3" 201 - "PUT https://[::1]:8080/v1/AUTH_e41560788c7b460fa374fdc94f22590f/gnocchi.24bcae83-4a84-4cd8-aa04-f291f5212082/1771200000.0_mean_300.0_v3" "txd4e15cbcc66448ad93adc-00699a7a54" "proxy-server 100218" 0.0163 "-" 99151 0
Feb 21 22:39:00 np0005625961.novalocal proxy-server[100218]: ::1 ::1 22/Feb/2026/03/39/00 PUT /v1/AUTH_e41560788c7b460fa374fdc94f22590f/gnocchi.24bcae83-4a84-4cd8-aa04-f291f5212082/1771200000.0_mean_300.0_v3 HTTP/1.0 201 - python-swiftclient-4.8.0 gAAAAABpmnpRlsm9... 16 - - txd4e15cbcc66448ad93adc-00699a7a54 - 0.0267 - - 1771731540.192391396 1771731540.219103813 0 17d6eceedce248e7bcac4363c7b2aeaa
Feb 21 22:39:00 np0005625961.novalocal container-server[98785]: ::1 - - [22/Feb/2026:03:39:00 +0000] "PUT /3/239529/AUTH_e41560788c7b460fa374fdc94f22590f/gnocchi.24bcae83-4a84-4cd8-aa04-f291f5212082/none_v3" 201 - "PUT http://[::1]:8080/3/168346/AUTH_e41560788c7b460fa374fdc94f22590f/gnocchi.24bcae83-4a84-4cd8-aa04-f291f5212082/none_v3" "txe3b2acae17a843c1b3cb5-00699a7a54" "object-server 99152" 0.0007 "-" 98785 0
Feb 21 22:39:00 np0005625961.novalocal object-server[99152]: ::1 - - [22/Feb/2026:03:39:00 +0000] "PUT /3/168346/AUTH_e41560788c7b460fa374fdc94f22590f/gnocchi.24bcae83-4a84-4cd8-aa04-f291f5212082/none_v3" 201 - "PUT https://[::1]:8080/v1/AUTH_e41560788c7b460fa374fdc94f22590f/gnocchi.24bcae83-4a84-4cd8-aa04-f291f5212082/none_v3" "txe3b2acae17a843c1b3cb5-00699a7a54" "proxy-server 100218" 0.0188 "-" 99152 0
Feb 21 22:39:00 np0005625961.novalocal container-server[98785]: ::1 - - [22/Feb/2026:03:39:00 +0000] "PUT /1/239529/AUTH_e41560788c7b460fa374fdc94f22590f/gnocchi.24bcae83-4a84-4cd8-aa04-f291f5212082/none_v3" 201 - "PUT http://[::1]:8080/1/168346/AUTH_e41560788c7b460fa374fdc94f22590f/gnocchi.24bcae83-4a84-4cd8-aa04-f291f5212082/none_v3" "txe3b2acae17a843c1b3cb5-00699a7a54" "object-server 99152" 0.0004 "-" 98785 0
Feb 21 22:39:00 np0005625961.novalocal object-server[99152]: ::1 - - [22/Feb/2026:03:39:00 +0000] "PUT /1/168346/AUTH_e41560788c7b460fa374fdc94f22590f/gnocchi.24bcae83-4a84-4cd8-aa04-f291f5212082/none_v3" 201 - "PUT https://[::1]:8080/v1/AUTH_e41560788c7b460fa374fdc94f22590f/gnocchi.24bcae83-4a84-4cd8-aa04-f291f5212082/none_v3" "txe3b2acae17a843c1b3cb5-00699a7a54" "proxy-server 100218" 0.0232 "-" 99152 0
Feb 21 22:39:00 np0005625961.novalocal container-server[98785]: ::1 - - [22/Feb/2026:03:39:00 +0000] "PUT /2/239529/AUTH_e41560788c7b460fa374fdc94f22590f/gnocchi.24bcae83-4a84-4cd8-aa04-f291f5212082/none_v3" 201 - "PUT http://[::1]:8080/2/168346/AUTH_e41560788c7b460fa374fdc94f22590f/gnocchi.24bcae83-4a84-4cd8-aa04-f291f5212082/none_v3" "txe3b2acae17a843c1b3cb5-00699a7a54" "object-server 99152" 0.0006 "-" 98785 0
Feb 21 22:39:00 np0005625961.novalocal object-server[99152]: ::1 - - [22/Feb/2026:03:39:00 +0000] "PUT /2/168346/AUTH_e41560788c7b460fa374fdc94f22590f/gnocchi.24bcae83-4a84-4cd8-aa04-f291f5212082/none_v3" 201 - "PUT https://[::1]:8080/v1/AUTH_e41560788c7b460fa374fdc94f22590f/gnocchi.24bcae83-4a84-4cd8-aa04-f291f5212082/none_v3" "txe3b2acae17a843c1b3cb5-00699a7a54" "proxy-server 100218" 0.0187 "-" 99152 0
Feb 21 22:39:00 np0005625961.novalocal proxy-server[100218]: ::1 ::1 22/Feb/2026/03/39/00 PUT /v1/AUTH_e41560788c7b460fa374fdc94f22590f/gnocchi.24bcae83-4a84-4cd8-aa04-f291f5212082/none_v3 HTTP/1.0 201 - python-swiftclient-4.8.0 gAAAAABpmnpRlsm9... 36 - - txe3b2acae17a843c1b3cb5-00699a7a54 - 0.0367 - - 1771731540.221624374 1771731540.258275986 0 17d6eceedce248e7bcac4363c7b2aeaa
Feb 21 22:39:02 np0005625961.novalocal object-auditor[106387]: Object audit (ALL) "forever" mode completed: 12.86s. Total quarantined: 0, Total errors: 0, Total files/sec: 0.47, Total bytes/sec: 10000437.86, Auditing time: 12.85, Rate: 1.00
Feb 21 22:39:03 np0005625961.novalocal dnsmasq-dhcp[106046]: DHCPDISCOVER(tapccec340a-c3) fa:16:3e:cf:0a:2a
Feb 21 22:39:03 np0005625961.novalocal dnsmasq-dhcp[106046]: DHCPOFFER(tapccec340a-c3) 10.100.0.8 fa:16:3e:cf:0a:2a
