Feb 21 22:38:59 np0005625961.novalocal container-server[98785]: ::1 - - [22/Feb/2026:03:38:59 +0000] "PUT /1/114909/AUTH_e41560788c7b460fa374fdc94f22590f/gnocchi.75cc0040-0d5d-4269-9e90-665d632d61c3/1771200000.0_mean_300.0_v3" 201 - "PUT http://[::1]:8080/3/224541/AUTH_e41560788c7b460fa374fdc94f22590f/gnocchi.75cc0040-0d5d-4269-9e90-665d632d61c3/1771200000.0_mean_300.0_v3" "txf96759ab9f00426085d6f-00699a7a53" "object-server 99152" 0.0011 "-" 98785 0
Feb 21 22:38:59 np0005625961.novalocal object-server[99152]: ::1 - - [22/Feb/2026:03:38:59 +0000] "PUT /3/224541/AUTH_e41560788c7b460fa374fdc94f22590f/gnocchi.75cc0040-0d5d-4269-9e90-665d632d61c3/1771200000.0_mean_300.0_v3" 201 - "PUT https://[::1]:8080/v1/AUTH_e41560788c7b460fa374fdc94f22590f/gnocchi.75cc0040-0d5d-4269-9e90-665d632d61c3/1771200000.0_mean_300.0_v3" "txf96759ab9f00426085d6f-00699a7a53" "proxy-server 100218" 0.0121 "-" 99152 0
Feb 21 22:38:59 np0005625961.novalocal container-server[98785]: ::1 - - [22/Feb/2026:03:38:59 +0000] "PUT /2/114909/AUTH_e41560788c7b460fa374fdc94f22590f/gnocchi.75cc0040-0d5d-4269-9e90-665d632d61c3/1771200000.0_mean_300.0_v3" 201 - "PUT http://[::1]:8080/1/224541/AUTH_e41560788c7b460fa374fdc94f22590f/gnocchi.75cc0040-0d5d-4269-9e90-665d632d61c3/1771200000.0_mean_300.0_v3" "txf96759ab9f00426085d6f-00699a7a53" "object-server 99151" 0.0011 "-" 98785 0
Feb 21 22:38:59 np0005625961.novalocal object-server[99151]: ::1 - - [22/Feb/2026:03:38:59 +0000] "PUT /1/224541/AUTH_e41560788c7b460fa374fdc94f22590f/gnocchi.75cc0040-0d5d-4269-9e90-665d632d61c3/1771200000.0_mean_300.0_v3" 201 - "PUT https://[::1]:8080/v1/AUTH_e41560788c7b460fa374fdc94f22590f/gnocchi.75cc0040-0d5d-4269-9e90-665d632d61c3/1771200000.0_mean_300.0_v3" "txf96759ab9f00426085d6f-00699a7a53" "proxy-server 100218" 0.0158 "-" 99151 0
Feb 21 22:38:59 np0005625961.novalocal container-server[98786]: ::1 - - [22/Feb/2026:03:38:59 +0000] "PUT /3/114909/AUTH_e41560788c7b460fa374fdc94f22590f/gnocchi.75cc0040-0d5d-4269-9e90-665d632d61c3/1771200000.0_mean_300.0_v3" 201 - "PUT http://[::1]:8080/2/224541/AUTH_e41560788c7b460fa374fdc94f22590f/gnocchi.75cc0040-0d5d-4269-9e90-665d632d61c3/1771200000.0_mean_300.0_v3" "txf96759ab9f00426085d6f-00699a7a53" "object-server 99152" 0.0014 "-" 98786 0
Feb 21 22:38:59 np0005625961.novalocal object-server[99152]: ::1 - - [22/Feb/2026:03:38:59 +0000] "PUT /2/224541/AUTH_e41560788c7b460fa374fdc94f22590f/gnocchi.75cc0040-0d5d-4269-9e90-665d632d61c3/1771200000.0_mean_300.0_v3" 201 - "PUT https://[::1]:8080/v1/AUTH_e41560788c7b460fa374fdc94f22590f/gnocchi.75cc0040-0d5d-4269-9e90-665d632d61c3/1771200000.0_mean_300.0_v3" "txf96759ab9f00426085d6f-00699a7a53" "proxy-server 100218" 0.0180 "-" 99152 0
Feb 21 22:38:59 np0005625961.novalocal proxy-server[100218]: ::1 ::1 22/Feb/2026/03/38/59 PUT /v1/AUTH_e41560788c7b460fa374fdc94f22590f/gnocchi.75cc0040-0d5d-4269-9e90-665d632d61c3/1771200000.0_mean_300.0_v3 HTTP/1.0 201 - python-swiftclient-4.8.0 gAAAAABpmnpRlsm9... 16 - - txf96759ab9f00426085d6f-00699a7a53 - 0.0274 - - 1771731539.194186449 1771731539.221561193 0 17d6eceedce248e7bcac4363c7b2aeaa
Feb 21 22:38:59 np0005625961.novalocal container-server[98786]: ::1 - - [22/Feb/2026:03:38:59 +0000] "PUT /2/113070/AUTH_e41560788c7b460fa374fdc94f22590f/gnocchi.705b9dce-1680-4a34-9fd2-b6e2eaa53843/none_v3" 201 - "PUT http://[::1]:8080/3/100743/AUTH_e41560788c7b460fa374fdc94f22590f/gnocchi.705b9dce-1680-4a34-9fd2-b6e2eaa53843/none_v3" "tx06f55fd4e4ce46c8a3a5e-00699a7a53" "object-server 99152" 0.0008 "-" 98786 0
Feb 21 22:38:59 np0005625961.novalocal object-server[99152]: ::1 - - [22/Feb/2026:03:38:59 +0000] "PUT /3/100743/AUTH_e41560788c7b460fa374fdc94f22590f/gnocchi.705b9dce-1680-4a34-9fd2-b6e2eaa53843/none_v3" 201 - "PUT https://[::1]:8080/v1/AUTH_e41560788c7b460fa374fdc94f22590f/gnocchi.705b9dce-1680-4a34-9fd2-b6e2eaa53843/none_v3" "tx06f55fd4e4ce46c8a3a5e-00699a7a53" "proxy-server 100218" 0.0173 "-" 99152 0
Feb 21 22:38:59 np0005625961.novalocal container-server[98786]: ::1 - - [22/Feb/2026:03:38:59 +0000] "PUT /3/113070/AUTH_e41560788c7b460fa374fdc94f22590f/gnocchi.705b9dce-1680-4a34-9fd2-b6e2eaa53843/none_v3" 201 - "PUT http://[::1]:8080/2/100743/AUTH_e41560788c7b460fa374fdc94f22590f/gnocchi.705b9dce-1680-4a34-9fd2-b6e2eaa53843/none_v3" "tx06f55fd4e4ce46c8a3a5e-00699a7a53" "object-server 99151" 0.0009 "-" 98786 0
Feb 21 22:38:59 np0005625961.novalocal object-server[99151]: ::1 - - [22/Feb/2026:03:38:59 +0000] "PUT /2/100743/AUTH_e41560788c7b460fa374fdc94f22590f/gnocchi.705b9dce-1680-4a34-9fd2-b6e2eaa53843/none_v3" 201 - "PUT https://[::1]:8080/v1/AUTH_e41560788c7b460fa374fdc94f22590f/gnocchi.705b9dce-1680-4a34-9fd2-b6e2eaa53843/none_v3" "tx06f55fd4e4ce46c8a3a5e-00699a7a53" "proxy-server 100218" 0.0235 "-" 99151 0
Feb 21 22:38:59 np0005625961.novalocal container-server[98785]: ::1 - - [22/Feb/2026:03:38:59 +0000] "PUT /1/113070/AUTH_e41560788c7b460fa374fdc94f22590f/gnocchi.705b9dce-1680-4a34-9fd2-b6e2eaa53843/none_v3" 201 - "PUT http://[::1]:8080/1/100743/AUTH_e41560788c7b460fa374fdc94f22590f/gnocchi.705b9dce-1680-4a34-9fd2-b6e2eaa53843/none_v3" "tx06f55fd4e4ce46c8a3a5e-00699a7a53" "object-server 99151" 0.0008 "-" 98785 0
Feb 21 22:38:59 np0005625961.novalocal object-server[99151]: ::1 - - [22/Feb/2026:03:38:59 +0000] "PUT /1/100743/AUTH_e41560788c7b460fa374fdc94f22590f/gnocchi.705b9dce-1680-4a34-9fd2-b6e2eaa53843/none_v3" 201 - "PUT https://[::1]:8080/v1/AUTH_e41560788c7b460fa374fdc94f22590f/gnocchi.705b9dce-1680-4a34-9fd2-b6e2eaa53843/none_v3" "tx06f55fd4e4ce46c8a3a5e-00699a7a53" "proxy-server 100218" 0.0207 "-" 99151 0
Feb 21 22:38:59 np0005625961.novalocal proxy-server[100218]: ::1 ::1 22/Feb/2026/03/38/59 PUT /v1/AUTH_e41560788c7b460fa374fdc94f22590f/gnocchi.705b9dce-1680-4a34-9fd2-b6e2eaa53843/none_v3 HTTP/1.0 201 - python-swiftclient-4.8.0 gAAAAABpmnpRlsm9... 22 - - tx06f55fd4e4ce46c8a3a5e-00699a7a53 - 0.0355 - - 1771731539.226175308 1771731539.261650085 0 17d6eceedce248e7bcac4363c7b2aeaa
Feb 21 22:38:59 np0005625961.novalocal object-server[99151]: ::1 - - [22/Feb/2026:03:38:59 +0000] "GET /3/241465/AUTH_e41560788c7b460fa374fdc94f22590f/gnocchi.1f6ca75c-146d-46f0-9d2b-a29ffb96ae8f/none_v3" 404 70 "GET https://[::1]:8080/v1/AUTH_e41560788c7b460fa374fdc94f22590f/gnocchi.1f6ca75c-146d-46f0-9d2b-a29ffb96ae8f/none_v3" "tx35b5dbce56cd47c0a02fe-00699a7a53" "proxy-server 100219" 0.0004 "-" 99151 0
Feb 21 22:38:59 np0005625961.novalocal object-server[99152]: ::1 - - [22/Feb/2026:03:38:59 +0000] "GET /2/241465/AUTH_e41560788c7b460fa374fdc94f22590f/gnocchi.1f6ca75c-146d-46f0-9d2b-a29ffb96ae8f/none_v3" 404 70 "GET https://[::1]:8080/v1/AUTH_e41560788c7b460fa374fdc94f22590f/gnocchi.1f6ca75c-146d-46f0-9d2b-a29ffb96ae8f/none_v3" "tx35b5dbce56cd47c0a02fe-00699a7a53" "proxy-server 100219" 0.0002 "-" 99152 0
Feb 21 22:38:59 np0005625961.novalocal object-server[99152]: ::1 - - [22/Feb/2026:03:38:59 +0000] "GET /1/241465/AUTH_e41560788c7b460fa374fdc94f22590f/gnocchi.1f6ca75c-146d-46f0-9d2b-a29ffb96ae8f/none_v3" 404 70 "GET https://[::1]:8080/v1/AUTH_e41560788c7b460fa374fdc94f22590f/gnocchi.1f6ca75c-146d-46f0-9d2b-a29ffb96ae8f/none_v3" "tx35b5dbce56cd47c0a02fe-00699a7a53" "proxy-server 100219" 0.0002 "-" 99152 0
Feb 21 22:38:59 np0005625961.novalocal proxy-server[100219]: ::1 ::1 22/Feb/2026/03/38/59 GET /v1/AUTH_e41560788c7b460fa374fdc94f22590f/gnocchi.1f6ca75c-146d-46f0-9d2b-a29ffb96ae8f/none_v3 HTTP/1.0 404 - python-swiftclient-4.8.0 gAAAAABpmnpTVjhT... - 70 - tx35b5dbce56cd47c0a02fe-00699a7a53 - 0.1398 - - 1771731539.129892111 1771731539.269658566 0 17d6eceedce248e7bcac4363c7b2aeaa
Feb 21 22:38:59 np0005625961.novalocal container-server[98785]: ::1 - - [22/Feb/2026:03:38:59 +0000] "PUT /3/114909/AUTH_e41560788c7b460fa374fdc94f22590f/gnocchi.75cc0040-0d5d-4269-9e90-665d632d61c3/none_v3" 201 - "PUT http://[::1]:8080/2/24117/AUTH_e41560788c7b460fa374fdc94f22590f/gnocchi.75cc0040-0d5d-4269-9e90-665d632d61c3/none_v3" "txd904ef81997f49cea9c0c-00699a7a53" "object-server 99152" 0.0006 "-" 98785 0
Feb 21 22:38:59 np0005625961.novalocal object-server[99152]: ::1 - - [22/Feb/2026:03:38:59 +0000] "PUT /2/24117/AUTH_e41560788c7b460fa374fdc94f22590f/gnocchi.75cc0040-0d5d-4269-9e90-665d632d61c3/none_v3" 201 - "PUT https://[::1]:8080/v1/AUTH_e41560788c7b460fa374fdc94f22590f/gnocchi.75cc0040-0d5d-4269-9e90-665d632d61c3/none_v3" "txd904ef81997f49cea9c0c-00699a7a53" "proxy-server 100218" 0.0096 "-" 99152 0
Feb 21 22:38:59 np0005625961.novalocal container-server[98785]: ::1 - - [22/Feb/2026:03:38:59 +0000] "PUT /2/114909/AUTH_e41560788c7b460fa374fdc94f22590f/gnocchi.75cc0040-0d5d-4269-9e90-665d632d61c3/none_v3" 201 - "PUT http://[::1]:8080/1/24117/AUTH_e41560788c7b460fa374fdc94f22590f/gnocchi.75cc0040-0d5d-4269-9e90-665d632d61c3/none_v3" "txd904ef81997f49cea9c0c-00699a7a53" "object-server 99152" 0.0005 "-" 98785 0
Feb 21 22:38:59 np0005625961.novalocal object-server[99152]: ::1 - - [22/Feb/2026:03:38:59 +0000] "PUT /1/24117/AUTH_e41560788c7b460fa374fdc94f22590f/gnocchi.75cc0040-0d5d-4269-9e90-665d632d61c3/none_v3" 201 - "PUT https://[::1]:8080/v1/AUTH_e41560788c7b460fa374fdc94f22590f/gnocchi.75cc0040-0d5d-4269-9e90-665d632d61c3/none_v3" "txd904ef81997f49cea9c0c-00699a7a53" "proxy-server 100218" 0.0169 "-" 99152 0
Feb 21 22:38:59 np0005625961.novalocal container-server[98785]: ::1 - - [22/Feb/2026:03:38:59 +0000] "PUT /1/114909/AUTH_e41560788c7b460fa374fdc94f22590f/gnocchi.75cc0040-0d5d-4269-9e90-665d632d61c3/none_v3" 201 - "PUT http://[::1]:8080/3/24117/AUTH_e41560788c7b460fa374fdc94f22590f/gnocchi.75cc0040-0d5d-4269-9e90-665d632d61c3/none_v3" "txd904ef81997f49cea9c0c-00699a7a53" "object-server 99151" 0.0005 "-" 98785 0
Feb 21 22:38:59 np0005625961.novalocal object-server[99151]: ::1 - - [22/Feb/2026:03:38:59 +0000] "PUT /3/24117/AUTH_e41560788c7b460fa374fdc94f22590f/gnocchi.75cc0040-0d5d-4269-9e90-665d632d61c3/none_v3" 201 - "PUT https://[::1]:8080/v1/AUTH_e41560788c7b460fa374fdc94f22590f/gnocchi.75cc0040-0d5d-4269-9e90-665d632d61c3/none_v3" "txd904ef81997f49cea9c0c-00699a7a53" "proxy-server 100218" 0.0190 "-" 99151 0
Feb 21 22:38:59 np0005625961.novalocal proxy-server[100218]: ::1 ::1 22/Feb/2026/03/38/59 PUT /v1/AUTH_e41560788c7b460fa374fdc94f22590f/gnocchi.75cc0040-0d5d-4269-9e90-665d632d61c3/none_v3 HTTP/1.0 201 - python-swiftclient-4.8.0 gAAAAABpmnpRlsm9... 22 - - txd904ef81997f49cea9c0c-00699a7a53 - 0.0297 - - 1771731539.264842510 1771731539.294554472 0 17d6eceedce248e7bcac4363c7b2aeaa
Feb 21 22:38:59 np0005625961.novalocal account-server[98426]: ::1 - - [22/Feb/2026:03:38:59 +0000] "PUT /2/161627/AUTH_e41560788c7b460fa374fdc94f22590f/gnocchi.1f6ca75c-146d-46f0-9d2b-a29ffb96ae8f" 201 - "PUT http://[::1]:6001/1/23514/AUTH_e41560788c7b460fa374fdc94f22590f/gnocchi.1f6ca75c-146d-46f0-9d2b-a29ffb96ae8f" "txd398a8e33c1546539f33a-00699a7a53" "container-server 98785" 0.0032 "-" 98426 0
Feb 21 22:38:59 np0005625961.novalocal account-server[98426]: ::1 - - [22/Feb/2026:03:38:59 +0000] "PUT /3/161627/AUTH_e41560788c7b460fa374fdc94f22590f/gnocchi.1f6ca75c-146d-46f0-9d2b-a29ffb96ae8f" 201 - "PUT http://[::1]:6001/2/23514/AUTH_e41560788c7b460fa374fdc94f22590f/gnocchi.1f6ca75c-146d-46f0-9d2b-a29ffb96ae8f" "txd398a8e33c1546539f33a-00699a7a53" "container-server 98786" 0.0035 "-" 98426 0
Feb 21 22:38:59 np0005625961.novalocal container-server[98786]: ::1 - - [22/Feb/2026:03:38:59 +0000] "PUT /2/23514/AUTH_e41560788c7b460fa374fdc94f22590f/gnocchi.1f6ca75c-146d-46f0-9d2b-a29ffb96ae8f" 201 - "PUT https://[::1]:8080/v1/AUTH_e41560788c7b460fa374fdc94f22590f/gnocchi.1f6ca75c-146d-46f0-9d2b-a29ffb96ae8f" "txd398a8e33c1546539f33a-00699a7a53" "proxy-server 100219" 0.0167 "-" 98786 0
Feb 21 22:38:59 np0005625961.novalocal container-server[98785]: ::1 - - [22/Feb/2026:03:38:59 +0000] "PUT /1/23514/AUTH_e41560788c7b460fa374fdc94f22590f/gnocchi.1f6ca75c-146d-46f0-9d2b-a29ffb96ae8f" 201 - "PUT https://[::1]:8080/v1/AUTH_e41560788c7b460fa374fdc94f22590f/gnocchi.1f6ca75c-146d-46f0-9d2b-a29ffb96ae8f" "txd398a8e33c1546539f33a-00699a7a53" "proxy-server 100219" 0.0199 "-" 98785 0
Feb 21 22:38:59 np0005625961.novalocal account-server[98425]: ::1 - - [22/Feb/2026:03:38:59 +0000] "PUT /1/161627/AUTH_e41560788c7b460fa374fdc94f22590f/gnocchi.1f6ca75c-146d-46f0-9d2b-a29ffb96ae8f" 201 - "PUT http://[::1]:6001/3/23514/AUTH_e41560788c7b460fa374fdc94f22590f/gnocchi.1f6ca75c-146d-46f0-9d2b-a29ffb96ae8f" "txd398a8e33c1546539f33a-00699a7a53" "container-server 98785" 0.0061 "-" 98425 0
Feb 21 22:38:59 np0005625961.novalocal container-server[98785]: ::1 - - [22/Feb/2026:03:38:59 +0000] "PUT /3/23514/AUTH_e41560788c7b460fa374fdc94f22590f/gnocchi.1f6ca75c-146d-46f0-9d2b-a29ffb96ae8f" 201 - "PUT https://[::1]:8080/v1/AUTH_e41560788c7b460fa374fdc94f22590f/gnocchi.1f6ca75c-146d-46f0-9d2b-a29ffb96ae8f" "txd398a8e33c1546539f33a-00699a7a53" "proxy-server 100219" 0.0190 "-" 98785 0
Feb 21 22:38:59 np0005625961.novalocal proxy-server[100219]: ::1 ::1 22/Feb/2026/03/38/59 PUT /v1/AUTH_e41560788c7b460fa374fdc94f22590f/gnocchi.1f6ca75c-146d-46f0-9d2b-a29ffb96ae8f HTTP/1.0 201 - python-swiftclient-4.8.0 gAAAAABpmnpTVjhT... - - - txd398a8e33c1546539f33a-00699a7a53 - 0.0360 - - 1771731539.298931122 1771731539.334977388 0 17d6eceedce248e7bcac4363c7b2aeaa
Feb 21 22:38:59 np0005625961.novalocal container-server[98786]: ::1 - - [22/Feb/2026:03:38:59 +0000] "HEAD /1/111334/AUTH_e41560788c7b460fa374fdc94f22590f/gnocchi.4d68f372-617e-4f06-a629-d534257354dc" 404 - "HEAD http://[::1]:8080/v1/AUTH_e41560788c7b460fa374fdc94f22590f/gnocchi.4d68f372-617e-4f06-a629-d534257354dc" "txbeff777b523346e0a04fb-00699a7a53" "proxy-server 100218" 0.0006 "-" 98786 0
Feb 21 22:38:59 np0005625961.novalocal container-server[98786]: ::1 - - [22/Feb/2026:03:38:59 +0000] "HEAD /3/111334/AUTH_e41560788c7b460fa374fdc94f22590f/gnocchi.4d68f372-617e-4f06-a629-d534257354dc" 404 - "HEAD http://[::1]:8080/v1/AUTH_e41560788c7b460fa374fdc94f22590f/gnocchi.4d68f372-617e-4f06-a629-d534257354dc" "txbeff777b523346e0a04fb-00699a7a53" "proxy-server 100218" 0.0005 "-" 98786 0
Feb 21 22:38:59 np0005625961.novalocal container-server[98785]: ::1 - - [22/Feb/2026:03:38:59 +0000] "HEAD /2/111334/AUTH_e41560788c7b460fa374fdc94f22590f/gnocchi.4d68f372-617e-4f06-a629-d534257354dc" 404 - "HEAD http://[::1]:8080/v1/AUTH_e41560788c7b460fa374fdc94f22590f/gnocchi.4d68f372-617e-4f06-a629-d534257354dc" "txbeff777b523346e0a04fb-00699a7a53" "proxy-server 100218" 0.0006 "-" 98785 0
Feb 21 22:38:59 np0005625961.novalocal proxy-server[100218]: - - 22/Feb/2026/03/38/59 HEAD /v1/AUTH_e41560788c7b460fa374fdc94f22590f/gnocchi.4d68f372-617e-4f06-a629-d534257354dc HTTP/1.0 404 - Swift - - - - txbeff777b523346e0a04fb-00699a7a53 - 0.0163 CS - 1771731539.366441965 1771731539.382717133 0 -
Feb 21 22:38:59 np0005625961.novalocal object-server[99151]: ::1 - - [22/Feb/2026:03:38:59 +0000] "GET /1/31217/AUTH_e41560788c7b460fa374fdc94f22590f/gnocchi.4d68f372-617e-4f06-a629-d534257354dc/none_v3" 404 70 "GET https://[::1]:8080/v1/AUTH_e41560788c7b460fa374fdc94f22590f/gnocchi.4d68f372-617e-4f06-a629-d534257354dc/none_v3" "txbeff777b523346e0a04fb-00699a7a53" "proxy-server 100218" 0.0019 "-" 99151 0
Feb 21 22:38:59 np0005625961.novalocal container-server[98786]: ::1 - - [22/Feb/2026:03:38:59 +0000] "HEAD /1/23514/AUTH_e41560788c7b460fa374fdc94f22590f/gnocchi.1f6ca75c-146d-46f0-9d2b-a29ffb96ae8f" 204 - "HEAD http://[::1]:8080/v1/AUTH_e41560788c7b460fa374fdc94f22590f/gnocchi.1f6ca75c-146d-46f0-9d2b-a29ffb96ae8f" "tx22f3e766551e488db1f32-00699a7a53" "proxy-server 100219" 0.0046 "-" 98786 0
Feb 21 22:38:59 np0005625961.novalocal object-server[99152]: ::1 - - [22/Feb/2026:03:38:59 +0000] "GET /3/31217/AUTH_e41560788c7b460fa374fdc94f22590f/gnocchi.4d68f372-617e-4f06-a629-d534257354dc/none_v3" 404 70 "GET https://[::1]:8080/v1/AUTH_e41560788c7b460fa374fdc94f22590f/gnocchi.4d68f372-617e-4f06-a629-d534257354dc/none_v3" "txbeff777b523346e0a04fb-00699a7a53" "proxy-server 100218" 0.0004 "-" 99152 0
Feb 21 22:38:59 np0005625961.novalocal proxy-server[100219]: - - 22/Feb/2026/03/38/59 HEAD /v1/AUTH_e41560788c7b460fa374fdc94f22590f/gnocchi.1f6ca75c-146d-46f0-9d2b-a29ffb96ae8f HTTP/1.0 204 - Swift - - - - tx22f3e766551e488db1f32-00699a7a53 - 0.0101 CS - 1771731539.384888411 1771731539.394999981 0 -
Feb 21 22:38:59 np0005625961.novalocal object-server[99152]: ::1 - - [22/Feb/2026:03:38:59 +0000] "GET /2/31217/AUTH_e41560788c7b460fa374fdc94f22590f/gnocchi.4d68f372-617e-4f06-a629-d534257354dc/none_v3" 404 70 "GET https://[::1]:8080/v1/AUTH_e41560788c7b460fa374fdc94f22590f/gnocchi.4d68f372-617e-4f06-a629-d534257354dc/none_v3" "txbeff777b523346e0a04fb-00699a7a53" "proxy-server 100218" 0.0005 "-" 99152 0
Feb 21 22:38:59 np0005625961.novalocal proxy-server[100218]: ::1 ::1 22/Feb/2026/03/38/59 GET /v1/AUTH_e41560788c7b460fa374fdc94f22590f/gnocchi.4d68f372-617e-4f06-a629-d534257354dc/none_v3 HTTP/1.0 404 - python-swiftclient-4.8.0 gAAAAABpmnpRlsm9... - 70 - txbeff777b523346e0a04fb-00699a7a53 - 0.0341 - - 1771731539.365256548 1771731539.399326563 0 17d6eceedce248e7bcac4363c7b2aeaa
Feb 21 22:38:59 np0005625961.novalocal container-server[98786]: ::1 - - [22/Feb/2026:03:38:59 +0000] "GET /2/23514/AUTH_e41560788c7b460fa374fdc94f22590f/gnocchi.1f6ca75c-146d-46f0-9d2b-a29ffb96ae8f" 200 2 "GET https://[::1]:8080/v1/AUTH_e41560788c7b460fa374fdc94f22590f/gnocchi.1f6ca75c-146d-46f0-9d2b-a29ffb96ae8f?format=json&states=listing" "tx22f3e766551e488db1f32-00699a7a53" "proxy-server 100219" 0.0039 "-" 98786 0
Feb 21 22:38:59 np0005625961.novalocal proxy-server[100219]: ::1 ::1 22/Feb/2026/03/38/59 GET /v1/AUTH_e41560788c7b460fa374fdc94f22590f/gnocchi.1f6ca75c-146d-46f0-9d2b-a29ffb96ae8f%3Fformat%3Djson%26states%3Dlisting HTTP/1.0 200 - python-swiftclient-4.8.0 gAAAAABpmnpTVjhT... - 2 - tx22f3e766551e488db1f32-00699a7a53 - 0.0238 - - 1771731539.383314371 1771731539.407146454 0 17d6eceedce248e7bcac4363c7b2aeaa
Feb 21 22:38:59 np0005625961.novalocal object-server[99151]: ::1 - - [22/Feb/2026:03:38:59 +0000] "GET /3/174739/AUTH_e41560788c7b460fa374fdc94f22590f/gnocchi.1f6ca75c-146d-46f0-9d2b-a29ffb96ae8f/1771200000.0_mean_300.0_v3" 404 70 "GET https://[::1]:8080/v1/AUTH_e41560788c7b460fa374fdc94f22590f/gnocchi.1f6ca75c-146d-46f0-9d2b-a29ffb96ae8f/1771200000.0_mean_300.0_v3" "tx183d6e1a7068479a9251b-00699a7a53" "proxy-server 100219" 0.0007 "-" 99151 0
Feb 21 22:38:59 np0005625961.novalocal object-server[99151]: ::1 - - [22/Feb/2026:03:38:59 +0000] "GET /1/174739/AUTH_e41560788c7b460fa374fdc94f22590f/gnocchi.1f6ca75c-146d-46f0-9d2b-a29ffb96ae8f/1771200000.0_mean_300.0_v3" 404 70 "GET https://[::1]:8080/v1/AUTH_e41560788c7b460fa374fdc94f22590f/gnocchi.1f6ca75c-146d-46f0-9d2b-a29ffb96ae8f/1771200000.0_mean_300.0_v3" "tx183d6e1a7068479a9251b-00699a7a53" "proxy-server 100219" 0.0007 "-" 99151 0
Feb 21 22:38:59 np0005625961.novalocal object-server[99151]: ::1 - - [22/Feb/2026:03:38:59 +0000] "GET /2/174739/AUTH_e41560788c7b460fa374fdc94f22590f/gnocchi.1f6ca75c-146d-46f0-9d2b-a29ffb96ae8f/1771200000.0_mean_300.0_v3" 404 70 "GET https://[::1]:8080/v1/AUTH_e41560788c7b460fa374fdc94f22590f/gnocchi.1f6ca75c-146d-46f0-9d2b-a29ffb96ae8f/1771200000.0_mean_300.0_v3" "tx183d6e1a7068479a9251b-00699a7a53" "proxy-server 100219" 0.0003 "-" 99151 0
Feb 21 22:38:59 np0005625961.novalocal proxy-server[100219]: ::1 ::1 22/Feb/2026/03/38/59 GET /v1/AUTH_e41560788c7b460fa374fdc94f22590f/gnocchi.1f6ca75c-146d-46f0-9d2b-a29ffb96ae8f/1771200000.0_mean_300.0_v3 HTTP/1.0 404 - python-swiftclient-4.8.0 gAAAAABpmnpTVjhT... - 70 - tx183d6e1a7068479a9251b-00699a7a53 - 0.0119 - - 1771731539.419167042 1771731539.431082487 0 17d6eceedce248e7bcac4363c7b2aeaa
Feb 21 22:38:59 np0005625961.novalocal account-server[98426]: ::1 - - [22/Feb/2026:03:38:59 +0000] "PUT /2/161627/AUTH_e41560788c7b460fa374fdc94f22590f/gnocchi.4d68f372-617e-4f06-a629-d534257354dc" 201 - "PUT http://[::1]:6001/1/111334/AUTH_e41560788c7b460fa374fdc94f22590f/gnocchi.4d68f372-617e-4f06-a629-d534257354dc" "txdcbf58afe512407899f74-00699a7a53" "container-server 98785" 0.0040 "-" 98426 0
Feb 21 22:38:59 np0005625961.novalocal account-server[98426]: ::1 - - [22/Feb/2026:03:38:59 +0000] "PUT /3/161627/AUTH_e41560788c7b460fa374fdc94f22590f/gnocchi.4d68f372-617e-4f06-a629-d534257354dc" 201 - "PUT http://[::1]:6001/2/111334/AUTH_e41560788c7b460fa374fdc94f22590f/gnocchi.4d68f372-617e-4f06-a629-d534257354dc" "txdcbf58afe512407899f74-00699a7a53" "container-server 98786" 0.0047 "-" 98426 0
Feb 21 22:38:59 np0005625961.novalocal container-server[98786]: ::1 - - [22/Feb/2026:03:38:59 +0000] "PUT /2/111334/AUTH_e41560788c7b460fa374fdc94f22590f/gnocchi.4d68f372-617e-4f06-a629-d534257354dc" 201 - "PUT https://[::1]:8080/v1/AUTH_e41560788c7b460fa374fdc94f22590f/gnocchi.4d68f372-617e-4f06-a629-d534257354dc" "txdcbf58afe512407899f74-00699a7a53" "proxy-server 100218" 0.0252 "-" 98786 0
Feb 21 22:38:59 np0005625961.novalocal container-server[98785]: ::1 - - [22/Feb/2026:03:38:59 +0000] "PUT /1/111334/AUTH_e41560788c7b460fa374fdc94f22590f/gnocchi.4d68f372-617e-4f06-a629-d534257354dc" 201 - "PUT https://[::1]:8080/v1/AUTH_e41560788c7b460fa374fdc94f22590f/gnocchi.4d68f372-617e-4f06-a629-d534257354dc" "txdcbf58afe512407899f74-00699a7a53" "proxy-server 100218" 0.0293 "-" 98785 0
Feb 21 22:38:59 np0005625961.novalocal account-server[98425]: ::1 - - [22/Feb/2026:03:38:59 +0000] "PUT /1/161627/AUTH_e41560788c7b460fa374fdc94f22590f/gnocchi.4d68f372-617e-4f06-a629-d534257354dc" 201 - "PUT http://[::1]:6001/3/111334/AUTH_e41560788c7b460fa374fdc94f22590f/gnocchi.4d68f372-617e-4f06-a629-d534257354dc" "txdcbf58afe512407899f74-00699a7a53" "container-server 98785" 0.0054 "-" 98425 0
Feb 21 22:38:59 np0005625961.novalocal container-server[98785]: ::1 - - [22/Feb/2026:03:38:59 +0000] "PUT /3/111334/AUTH_e41560788c7b460fa374fdc94f22590f/gnocchi.4d68f372-617e-4f06-a629-d534257354dc" 201 - "PUT https://[::1]:8080/v1/AUTH_e41560788c7b460fa374fdc94f22590f/gnocchi.4d68f372-617e-4f06-a629-d534257354dc" "txdcbf58afe512407899f74-00699a7a53" "proxy-server 100218" 0.0208 "-" 98785 0
Feb 21 22:38:59 np0005625961.novalocal proxy-server[100218]: ::1 ::1 22/Feb/2026/03/38/59 PUT /v1/AUTH_e41560788c7b460fa374fdc94f22590f/gnocchi.4d68f372-617e-4f06-a629-d534257354dc HTTP/1.0 201 - python-swiftclient-4.8.0 gAAAAABpmnpRlsm9... - - - txdcbf58afe512407899f74-00699a7a53 - 0.0483 - - 1771731539.405078888 1771731539.453395367 0 17d6eceedce248e7bcac4363c7b2aeaa
Feb 21 22:38:59 np0005625961.novalocal container-server[98785]: ::1 - - [22/Feb/2026:03:38:59 +0000] "HEAD /1/111334/AUTH_e41560788c7b460fa374fdc94f22590f/gnocchi.4d68f372-617e-4f06-a629-d534257354dc" 204 - "HEAD http://[::1]:8080/v1/AUTH_e41560788c7b460fa374fdc94f22590f/gnocchi.4d68f372-617e-4f06-a629-d534257354dc" "tx827baf0d60c44519bc6cb-00699a7a53" "proxy-server 100218" 0.0026 "-" 98785 0
Feb 21 22:38:59 np0005625961.novalocal proxy-server[100218]: - - 22/Feb/2026/03/38/59 HEAD /v1/AUTH_e41560788c7b460fa374fdc94f22590f/gnocchi.4d68f372-617e-4f06-a629-d534257354dc HTTP/1.0 204 - Swift - - - - tx827baf0d60c44519bc6cb-00699a7a53 - 0.0057 CS - 1771731539.458246469 1771731539.463968515 0 -
Feb 21 22:38:59 np0005625961.novalocal container-server[98785]: ::1 - - [22/Feb/2026:03:38:59 +0000] "PUT /2/23514/AUTH_e41560788c7b460fa374fdc94f22590f/gnocchi.1f6ca75c-146d-46f0-9d2b-a29ffb96ae8f/1771200000.0_mean_300.0_v3" 201 - "PUT http://[::1]:8080/3/174739/AUTH_e41560788c7b460fa374fdc94f22590f/gnocchi.1f6ca75c-146d-46f0-9d2b-a29ffb96ae8f/1771200000.0_mean_300.0_v3" "tx5030ac2f9f3841daac9e2-00699a7a53" "object-server 99151" 0.0007 "-" 98785 0
Feb 21 22:38:59 np0005625961.novalocal container-server[98786]: ::1 - - [22/Feb/2026:03:38:59 +0000] "PUT /3/23514/AUTH_e41560788c7b460fa374fdc94f22590f/gnocchi.1f6ca75c-146d-46f0-9d2b-a29ffb96ae8f/1771200000.0_mean_300.0_v3" 201 - "PUT http://[::1]:8080/2/174739/AUTH_e41560788c7b460fa374fdc94f22590f/gnocchi.1f6ca75c-146d-46f0-9d2b-a29ffb96ae8f/1771200000.0_mean_300.0_v3" "tx5030ac2f9f3841daac9e2-00699a7a53" "object-server 99151" 0.0009 "-" 98786 0
Feb 21 22:38:59 np0005625961.novalocal container-server[98785]: ::1 - - [22/Feb/2026:03:38:59 +0000] "PUT /1/23514/AUTH_e41560788c7b460fa374fdc94f22590f/gnocchi.1f6ca75c-146d-46f0-9d2b-a29ffb96ae8f/1771200000.0_mean_300.0_v3" 201 - "PUT http://[::1]:8080/1/174739/AUTH_e41560788c7b460fa374fdc94f22590f/gnocchi.1f6ca75c-146d-46f0-9d2b-a29ffb96ae8f/1771200000.0_mean_300.0_v3" "tx5030ac2f9f3841daac9e2-00699a7a53" "object-server 99151" 0.0007 "-" 98785 0
Feb 21 22:38:59 np0005625961.novalocal container-server[98786]: ::1 - - [22/Feb/2026:03:38:59 +0000] "GET /3/111334/AUTH_e41560788c7b460fa374fdc94f22590f/gnocchi.4d68f372-617e-4f06-a629-d534257354dc" 200 2 "GET https://[::1]:8080/v1/AUTH_e41560788c7b460fa374fdc94f22590f/gnocchi.4d68f372-617e-4f06-a629-d534257354dc?format=json&states=listing" "tx827baf0d60c44519bc6cb-00699a7a53" "proxy-server 100218" 0.0045 "-" 98786 0
Feb 21 22:38:59 np0005625961.novalocal proxy-server[100218]: ::1 ::1 22/Feb/2026/03/38/59 GET /v1/AUTH_e41560788c7b460fa374fdc94f22590f/gnocchi.4d68f372-617e-4f06-a629-d534257354dc%3Fformat%3Djson%26states%3Dlisting HTTP/1.0 200 - python-swiftclient-4.8.0 gAAAAABpmnpRlsm9... - 2 - tx827baf0d60c44519bc6cb-00699a7a53 - 0.0170 - - 1771731539.457697868 1771731539.474655390 0 17d6eceedce248e7bcac4363c7b2aeaa
Feb 21 22:38:59 np0005625961.novalocal object-server[99151]: ::1 - - [22/Feb/2026:03:38:59 +0000] "PUT /2/174739/AUTH_e41560788c7b460fa374fdc94f22590f/gnocchi.1f6ca75c-146d-46f0-9d2b-a29ffb96ae8f/1771200000.0_mean_300.0_v3" 201 - "PUT https://[::1]:8080/v1/AUTH_e41560788c7b460fa374fdc94f22590f/gnocchi.1f6ca75c-146d-46f0-9d2b-a29ffb96ae8f/1771200000.0_mean_300.0_v3" "tx5030ac2f9f3841daac9e2-00699a7a53" "proxy-server 100219" 0.0253 "-" 99151 0
Feb 21 22:38:59 np0005625961.novalocal object-server[99151]: ::1 - - [22/Feb/2026:03:38:59 +0000] "PUT /3/174739/AUTH_e41560788c7b460fa374fdc94f22590f/gnocchi.1f6ca75c-146d-46f0-9d2b-a29ffb96ae8f/1771200000.0_mean_300.0_v3" 201 - "PUT https://[::1]:8080/v1/AUTH_e41560788c7b460fa374fdc94f22590f/gnocchi.1f6ca75c-146d-46f0-9d2b-a29ffb96ae8f/1771200000.0_mean_300.0_v3" "tx5030ac2f9f3841daac9e2-00699a7a53" "proxy-server 100219" 0.0291 "-" 99151 0
Feb 21 22:38:59 np0005625961.novalocal object-server[99151]: ::1 - - [22/Feb/2026:03:38:59 +0000] "PUT /1/174739/AUTH_e41560788c7b460fa374fdc94f22590f/gnocchi.1f6ca75c-146d-46f0-9d2b-a29ffb96ae8f/1771200000.0_mean_300.0_v3" 201 - "PUT https://[::1]:8080/v1/AUTH_e41560788c7b460fa374fdc94f22590f/gnocchi.1f6ca75c-146d-46f0-9d2b-a29ffb96ae8f/1771200000.0_mean_300.0_v3" "tx5030ac2f9f3841daac9e2-00699a7a53" "proxy-server 100219" 0.0246 "-" 99151 0
Feb 21 22:38:59 np0005625961.novalocal proxy-server[100219]: ::1 ::1 22/Feb/2026/03/38/59 PUT /v1/AUTH_e41560788c7b460fa374fdc94f22590f/gnocchi.1f6ca75c-146d-46f0-9d2b-a29ffb96ae8f/1771200000.0_mean_300.0_v3 HTTP/1.0 201 - python-swiftclient-4.8.0 gAAAAABpmnpTVjhT... 16 - - tx5030ac2f9f3841daac9e2-00699a7a53 - 0.0518 - - 1771731539.436034203 1771731539.487847567 0 17d6eceedce248e7bcac4363c7b2aeaa
Feb 21 22:38:59 np0005625961.novalocal object-server[99152]: ::1 - - [22/Feb/2026:03:38:59 +0000] "GET /1/207080/AUTH_e41560788c7b460fa374fdc94f22590f/gnocchi.4d68f372-617e-4f06-a629-d534257354dc/1771200000.0_mean_300.0_v3" 404 70 "GET https://[::1]:8080/v1/AUTH_e41560788c7b460fa374fdc94f22590f/gnocchi.4d68f372-617e-4f06-a629-d534257354dc/1771200000.0_mean_300.0_v3" "txc7264b9c36fd40d6b224c-00699a7a53" "proxy-server 100218" 0.0003 "-" 99152 0
Feb 21 22:38:59 np0005625961.novalocal object-server[99152]: ::1 - - [22/Feb/2026:03:38:59 +0000] "GET /2/207080/AUTH_e41560788c7b460fa374fdc94f22590f/gnocchi.4d68f372-617e-4f06-a629-d534257354dc/1771200000.0_mean_300.0_v3" 404 70 "GET https://[::1]:8080/v1/AUTH_e41560788c7b460fa374fdc94f22590f/gnocchi.4d68f372-617e-4f06-a629-d534257354dc/1771200000.0_mean_300.0_v3" "txc7264b9c36fd40d6b224c-00699a7a53" "proxy-server 100218" 0.0001 "-" 99152 0
Feb 21 22:38:59 np0005625961.novalocal object-server[99151]: ::1 - - [22/Feb/2026:03:38:59 +0000] "GET /3/207080/AUTH_e41560788c7b460fa374fdc94f22590f/gnocchi.4d68f372-617e-4f06-a629-d534257354dc/1771200000.0_mean_300.0_v3" 404 70 "GET https://[::1]:8080/v1/AUTH_e41560788c7b460fa374fdc94f22590f/gnocchi.4d68f372-617e-4f06-a629-d534257354dc/1771200000.0_mean_300.0_v3" "txc7264b9c36fd40d6b224c-00699a7a53" "proxy-server 100218" 0.0006 "-" 99151 0
Feb 21 22:38:59 np0005625961.novalocal proxy-server[100218]: ::1 ::1 22/Feb/2026/03/38/59 GET /v1/AUTH_e41560788c7b460fa374fdc94f22590f/gnocchi.4d68f372-617e-4f06-a629-d534257354dc/1771200000.0_mean_300.0_v3 HTTP/1.0 404 - python-swiftclient-4.8.0 gAAAAABpmnpRlsm9... - 70 - txc7264b9c36fd40d6b224c-00699a7a53 - 0.0160 - - 1771731539.487759113 1771731539.503733397 0 17d6eceedce248e7bcac4363c7b2aeaa
Feb 21 22:38:59 np0005625961.novalocal container-server[98786]: ::1 - - [22/Feb/2026:03:38:59 +0000] "PUT /1/23514/AUTH_e41560788c7b460fa374fdc94f22590f/gnocchi.1f6ca75c-146d-46f0-9d2b-a29ffb96ae8f/none_v3" 201 - "PUT http://[::1]:8080/1/241465/AUTH_e41560788c7b460fa374fdc94f22590f/gnocchi.1f6ca75c-146d-46f0-9d2b-a29ffb96ae8f/none_v3" "txcb58712874ac4f2b8fd67-00699a7a53" "object-server 99152" 0.0007 "-" 98786 0
Feb 21 22:38:59 np0005625961.novalocal container-server[98785]: ::1 - - [22/Feb/2026:03:38:59 +0000] "PUT /3/23514/AUTH_e41560788c7b460fa374fdc94f22590f/gnocchi.1f6ca75c-146d-46f0-9d2b-a29ffb96ae8f/none_v3" 201 - "PUT http://[::1]:8080/3/241465/AUTH_e41560788c7b460fa374fdc94f22590f/gnocchi.1f6ca75c-146d-46f0-9d2b-a29ffb96ae8f/none_v3" "txcb58712874ac4f2b8fd67-00699a7a53" "object-server 99152" 0.0008 "-" 98785 0
Feb 21 22:38:59 np0005625961.novalocal object-server[99152]: ::1 - - [22/Feb/2026:03:38:59 +0000] "PUT /1/241465/AUTH_e41560788c7b460fa374fdc94f22590f/gnocchi.1f6ca75c-146d-46f0-9d2b-a29ffb96ae8f/none_v3" 201 - "PUT https://[::1]:8080/v1/AUTH_e41560788c7b460fa374fdc94f22590f/gnocchi.1f6ca75c-146d-46f0-9d2b-a29ffb96ae8f/none_v3" "txcb58712874ac4f2b8fd67-00699a7a53" "proxy-server 100219" 0.0102 "-" 99152 0
Feb 21 22:38:59 np0005625961.novalocal object-server[99152]: ::1 - - [22/Feb/2026:03:38:59 +0000] "PUT /3/241465/AUTH_e41560788c7b460fa374fdc94f22590f/gnocchi.1f6ca75c-146d-46f0-9d2b-a29ffb96ae8f/none_v3" 201 - "PUT https://[::1]:8080/v1/AUTH_e41560788c7b460fa374fdc94f22590f/gnocchi.1f6ca75c-146d-46f0-9d2b-a29ffb96ae8f/none_v3" "txcb58712874ac4f2b8fd67-00699a7a53" "proxy-server 100219" 0.0098 "-" 99152 0
Feb 21 22:38:59 np0005625961.novalocal container-server[98785]: ::1 - - [22/Feb/2026:03:38:59 +0000] "PUT /2/23514/AUTH_e41560788c7b460fa374fdc94f22590f/gnocchi.1f6ca75c-146d-46f0-9d2b-a29ffb96ae8f/none_v3" 201 - "PUT http://[::1]:8080/2/241465/AUTH_e41560788c7b460fa374fdc94f22590f/gnocchi.1f6ca75c-146d-46f0-9d2b-a29ffb96ae8f/none_v3" "txcb58712874ac4f2b8fd67-00699a7a53" "object-server 99151" 0.0006 "-" 98785 0
Feb 21 22:38:59 np0005625961.novalocal container-server[98786]: ::1 - - [22/Feb/2026:03:38:59 +0000] "PUT /1/111334/AUTH_e41560788c7b460fa374fdc94f22590f/gnocchi.4d68f372-617e-4f06-a629-d534257354dc/1771200000.0_mean_300.0_v3" 201 - "PUT http://[::1]:8080/2/207080/AUTH_e41560788c7b460fa374fdc94f22590f/gnocchi.4d68f372-617e-4f06-a629-d534257354dc/1771200000.0_mean_300.0_v3" "tx64d5bb15e646457d86784-00699a7a53" "object-server 99152" 0.0007 "-" 98786 0
Feb 21 22:38:59 np0005625961.novalocal object-server[99152]: ::1 - - [22/Feb/2026:03:38:59 +0000] "PUT /2/207080/AUTH_e41560788c7b460fa374fdc94f22590f/gnocchi.4d68f372-617e-4f06-a629-d534257354dc/1771200000.0_mean_300.0_v3" 201 - "PUT https://[::1]:8080/v1/AUTH_e41560788c7b460fa374fdc94f22590f/gnocchi.4d68f372-617e-4f06-a629-d534257354dc/1771200000.0_mean_300.0_v3" "tx64d5bb15e646457d86784-00699a7a53" "proxy-server 100218" 0.0119 "-" 99152 0
Feb 21 22:38:59 np0005625961.novalocal container-server[98786]: ::1 - - [22/Feb/2026:03:38:59 +0000] "PUT /2/111334/AUTH_e41560788c7b460fa374fdc94f22590f/gnocchi.4d68f372-617e-4f06-a629-d534257354dc/1771200000.0_mean_300.0_v3" 201 - "PUT http://[::1]:8080/1/207080/AUTH_e41560788c7b460fa374fdc94f22590f/gnocchi.4d68f372-617e-4f06-a629-d534257354dc/1771200000.0_mean_300.0_v3" "tx64d5bb15e646457d86784-00699a7a53" "object-server 99152" 0.0006 "-" 98786 0
Feb 21 22:38:59 np0005625961.novalocal object-server[99152]: ::1 - - [22/Feb/2026:03:38:59 +0000] "PUT /1/207080/AUTH_e41560788c7b460fa374fdc94f22590f/gnocchi.4d68f372-617e-4f06-a629-d534257354dc/1771200000.0_mean_300.0_v3" 201 - "PUT https://[::1]:8080/v1/AUTH_e41560788c7b460fa374fdc94f22590f/gnocchi.4d68f372-617e-4f06-a629-d534257354dc/1771200000.0_mean_300.0_v3" "tx64d5bb15e646457d86784-00699a7a53" "proxy-server 100218" 0.0131 "-" 99152 0
Feb 21 22:38:59 np0005625961.novalocal object-server[99151]: ::1 - - [22/Feb/2026:03:38:59 +0000] "PUT /2/241465/AUTH_e41560788c7b460fa374fdc94f22590f/gnocchi.1f6ca75c-146d-46f0-9d2b-a29ffb96ae8f/none_v3" 201 - "PUT https://[::1]:8080/v1/AUTH_e41560788c7b460fa374fdc94f22590f/gnocchi.1f6ca75c-146d-46f0-9d2b-a29ffb96ae8f/none_v3" "txcb58712874ac4f2b8fd67-00699a7a53" "proxy-server 100219" 0.0286 "-" 99151 0
Feb 21 22:38:59 np0005625961.novalocal proxy-server[100219]: ::1 ::1 22/Feb/2026/03/38/59 PUT /v1/AUTH_e41560788c7b460fa374fdc94f22590f/gnocchi.1f6ca75c-146d-46f0-9d2b-a29ffb96ae8f/none_v3 HTTP/1.0 201 - python-swiftclient-4.8.0 gAAAAABpmnpTVjhT... 22 - - txcb58712874ac4f2b8fd67-00699a7a53 - 0.0353 - - 1771731539.493387699 1771731539.528720617 0 17d6eceedce248e7bcac4363c7b2aeaa
Feb 21 22:38:59 np0005625961.novalocal container-server[98785]: ::1 - - [22/Feb/2026:03:38:59 +0000] "PUT /3/111334/AUTH_e41560788c7b460fa374fdc94f22590f/gnocchi.4d68f372-617e-4f06-a629-d534257354dc/1771200000.0_mean_300.0_v3" 201 - "PUT http://[::1]:8080/3/207080/AUTH_e41560788c7b460fa374fdc94f22590f/gnocchi.4d68f372-617e-4f06-a629-d534257354dc/1771200000.0_mean_300.0_v3" "tx64d5bb15e646457d86784-00699a7a53" "object-server 99151" 0.0013 "-" 98785 0
Feb 21 22:38:59 np0005625961.novalocal object-server[99151]: ::1 - - [22/Feb/2026:03:38:59 +0000] "PUT /3/207080/AUTH_e41560788c7b460fa374fdc94f22590f/gnocchi.4d68f372-617e-4f06-a629-d534257354dc/1771200000.0_mean_300.0_v3" 201 - "PUT https://[::1]:8080/v1/AUTH_e41560788c7b460fa374fdc94f22590f/gnocchi.4d68f372-617e-4f06-a629-d534257354dc/1771200000.0_mean_300.0_v3" "tx64d5bb15e646457d86784-00699a7a53" "proxy-server 100218" 0.0191 "-" 99151 0
Feb 21 22:38:59 np0005625961.novalocal proxy-server[100218]: ::1 ::1 22/Feb/2026/03/38/59 PUT /v1/AUTH_e41560788c7b460fa374fdc94f22590f/gnocchi.4d68f372-617e-4f06-a629-d534257354dc/1771200000.0_mean_300.0_v3 HTTP/1.0 201 - python-swiftclient-4.8.0 gAAAAABpmnpRlsm9... 16 - - tx64d5bb15e646457d86784-00699a7a53 - 0.0297 - - 1771731539.506519794 1771731539.536253929 0 17d6eceedce248e7bcac4363c7b2aeaa
Feb 21 22:38:59 np0005625961.novalocal object-server[99152]: ::1 - - [22/Feb/2026:03:38:59 +0000] "GET /2/76903/AUTH_e41560788c7b460fa374fdc94f22590f/gnocchi.5c65ffd6-23e1-45c1-9e77-564125de4610/none_v3" 200 31 "GET https://[::1]:8080/v1/AUTH_e41560788c7b460fa374fdc94f22590f/gnocchi.5c65ffd6-23e1-45c1-9e77-564125de4610/none_v3" "tx92af090667144db783547-00699a7a53" "proxy-server 100219" 0.0012 "-" 99152 0
Feb 21 22:38:59 np0005625961.novalocal proxy-server[100219]: ::1 ::1 22/Feb/2026/03/38/59 GET /v1/AUTH_e41560788c7b460fa374fdc94f22590f/gnocchi.5c65ffd6-23e1-45c1-9e77-564125de4610/none_v3 HTTP/1.0 200 - python-swiftclient-4.8.0 gAAAAABpmnpTVjhT... - 31 - tx92af090667144db783547-00699a7a53 - 0.0089 - - 1771731539.545144320 1771731539.554075718 0 17d6eceedce248e7bcac4363c7b2aeaa
Feb 21 22:38:59 np0005625961.novalocal container-server[98786]: ::1 - - [22/Feb/2026:03:38:59 +0000] "PUT /2/111334/AUTH_e41560788c7b460fa374fdc94f22590f/gnocchi.4d68f372-617e-4f06-a629-d534257354dc/none_v3" 201 - "PUT http://[::1]:8080/3/31217/AUTH_e41560788c7b460fa374fdc94f22590f/gnocchi.4d68f372-617e-4f06-a629-d534257354dc/none_v3" "tx63c55f29097e4cd69a253-00699a7a53" "object-server 99152" 0.0006 "-" 98786 0
Feb 21 22:38:59 np0005625961.novalocal object-server[99152]: ::1 - - [22/Feb/2026:03:38:59 +0000] "PUT /3/31217/AUTH_e41560788c7b460fa374fdc94f22590f/gnocchi.4d68f372-617e-4f06-a629-d534257354dc/none_v3" 201 - "PUT https://[::1]:8080/v1/AUTH_e41560788c7b460fa374fdc94f22590f/gnocchi.4d68f372-617e-4f06-a629-d534257354dc/none_v3" "tx63c55f29097e4cd69a253-00699a7a53" "proxy-server 100218" 0.0110 "-" 99152 0
Feb 21 22:38:59 np0005625961.novalocal container-server[98785]: ::1 - - [22/Feb/2026:03:38:59 +0000] "PUT /3/111334/AUTH_e41560788c7b460fa374fdc94f22590f/gnocchi.4d68f372-617e-4f06-a629-d534257354dc/none_v3" 201 - "PUT http://[::1]:8080/2/31217/AUTH_e41560788c7b460fa374fdc94f22590f/gnocchi.4d68f372-617e-4f06-a629-d534257354dc/none_v3" "tx63c55f29097e4cd69a253-00699a7a53" "object-server 99152" 0.0007 "-" 98785 0
Feb 21 22:38:59 np0005625961.novalocal object-server[99152]: ::1 - - [22/Feb/2026:03:38:59 +0000] "PUT /2/31217/AUTH_e41560788c7b460fa374fdc94f22590f/gnocchi.4d68f372-617e-4f06-a629-d534257354dc/none_v3" 201 - "PUT https://[::1]:8080/v1/AUTH_e41560788c7b460fa374fdc94f22590f/gnocchi.4d68f372-617e-4f06-a629-d534257354dc/none_v3" "tx63c55f29097e4cd69a253-00699a7a53" "proxy-server 100218" 0.0124 "-" 99152 0
Feb 21 22:38:59 np0005625961.novalocal container-server[98785]: ::1 - - [22/Feb/2026:03:38:59 +0000] "PUT /1/111334/AUTH_e41560788c7b460fa374fdc94f22590f/gnocchi.4d68f372-617e-4f06-a629-d534257354dc/none_v3" 201 - "PUT http://[::1]:8080/1/31217/AUTH_e41560788c7b460fa374fdc94f22590f/gnocchi.4d68f372-617e-4f06-a629-d534257354dc/none_v3" "tx63c55f29097e4cd69a253-00699a7a53" "object-server 99151" 0.0006 "-" 98785 0
Feb 21 22:38:59 np0005625961.novalocal object-server[99151]: ::1 - - [22/Feb/2026:03:38:59 +0000] "PUT /1/31217/AUTH_e41560788c7b460fa374fdc94f22590f/gnocchi.4d68f372-617e-4f06-a629-d534257354dc/none_v3" 201 - "PUT https://[::1]:8080/v1/AUTH_e41560788c7b460fa374fdc94f22590f/gnocchi.4d68f372-617e-4f06-a629-d534257354dc/none_v3" "tx63c55f29097e4cd69a253-00699a7a53" "proxy-server 100218" 0.0159 "-" 99151 0
Feb 21 22:38:59 np0005625961.novalocal proxy-server[100218]: ::1 ::1 22/Feb/2026/03/38/59 PUT /v1/AUTH_e41560788c7b460fa374fdc94f22590f/gnocchi.4d68f372-617e-4f06-a629-d534257354dc/none_v3 HTTP/1.0 201 - python-swiftclient-4.8.0 gAAAAABpmnpRlsm9... 22 - - tx63c55f29097e4cd69a253-00699a7a53 - 0.0233 - - 1771731539.539156914 1771731539.562417984 0 17d6eceedce248e7bcac4363c7b2aeaa
Feb 21 22:38:59 np0005625961.novalocal container-server[98786]: ::1 - - [22/Feb/2026:03:38:59 +0000] "HEAD /3/208210/AUTH_e41560788c7b460fa374fdc94f22590f/gnocchi.6929eeb9-1f14-4061-8a1d-f349252682f3" 404 - "HEAD http://[::1]:8080/v1/AUTH_e41560788c7b460fa374fdc94f22590f/gnocchi.6929eeb9-1f14-4061-8a1d-f349252682f3" "tx7a9d69ee207745d484375-00699a7a53" "proxy-server 100218" 0.0003 "-" 98786 0
Feb 21 22:38:59 np0005625961.novalocal container-server[98786]: ::1 - - [22/Feb/2026:03:38:59 +0000] "HEAD /1/208210/AUTH_e41560788c7b460fa374fdc94f22590f/gnocchi.6929eeb9-1f14-4061-8a1d-f349252682f3" 404 - "HEAD http://[::1]:8080/v1/AUTH_e41560788c7b460fa374fdc94f22590f/gnocchi.6929eeb9-1f14-4061-8a1d-f349252682f3" "tx7a9d69ee207745d484375-00699a7a53" "proxy-server 100218" 0.0005 "-" 98786 0
Feb 21 22:38:59 np0005625961.novalocal container-server[98785]: ::1 - - [22/Feb/2026:03:38:59 +0000] "HEAD /2/208210/AUTH_e41560788c7b460fa374fdc94f22590f/gnocchi.6929eeb9-1f14-4061-8a1d-f349252682f3" 404 - "HEAD http://[::1]:8080/v1/AUTH_e41560788c7b460fa374fdc94f22590f/gnocchi.6929eeb9-1f14-4061-8a1d-f349252682f3" "tx7a9d69ee207745d484375-00699a7a53" "proxy-server 100218" 0.0006 "-" 98785 0
Feb 21 22:38:59 np0005625961.novalocal proxy-server[100218]: - - 22/Feb/2026/03/38/59 HEAD /v1/AUTH_e41560788c7b460fa374fdc94f22590f/gnocchi.6929eeb9-1f14-4061-8a1d-f349252682f3 HTTP/1.0 404 - Swift - - - - tx7a9d69ee207745d484375-00699a7a53 - 0.0125 CS - 1771731539.593155384 1771731539.605659962 0 -
Feb 21 22:38:59 np0005625961.novalocal object-server[99151]: ::1 - - [22/Feb/2026:03:38:59 +0000] "GET /3/75039/AUTH_e41560788c7b460fa374fdc94f22590f/gnocchi.6929eeb9-1f14-4061-8a1d-f349252682f3/none_v3" 404 70 "GET https://[::1]:8080/v1/AUTH_e41560788c7b460fa374fdc94f22590f/gnocchi.6929eeb9-1f14-4061-8a1d-f349252682f3/none_v3" "tx7a9d69ee207745d484375-00699a7a53" "proxy-server 100218" 0.0013 "-" 99151 0
Feb 21 22:38:59 np0005625961.novalocal container-server[98785]: ::1 - - [22/Feb/2026:03:38:59 +0000] "GET /3/50180/AUTH_e41560788c7b460fa374fdc94f22590f/gnocchi.5c65ffd6-23e1-45c1-9e77-564125de4610" 200 357 "GET https://[::1]:8080/v1/AUTH_e41560788c7b460fa374fdc94f22590f/gnocchi.5c65ffd6-23e1-45c1-9e77-564125de4610?format=json&states=listing" "txffa4b9f3900947ceaa2ab-00699a7a53" "proxy-server 100219" 0.0417 "-" 98785 0
Feb 21 22:38:59 np0005625961.novalocal object-server[99152]: ::1 - - [22/Feb/2026:03:38:59 +0000] "GET /2/75039/AUTH_e41560788c7b460fa374fdc94f22590f/gnocchi.6929eeb9-1f14-4061-8a1d-f349252682f3/none_v3" 404 70 "GET https://[::1]:8080/v1/AUTH_e41560788c7b460fa374fdc94f22590f/gnocchi.6929eeb9-1f14-4061-8a1d-f349252682f3/none_v3" "tx7a9d69ee207745d484375-00699a7a53" "proxy-server 100218" 0.0005 "-" 99152 0
Feb 21 22:38:59 np0005625961.novalocal proxy-server[100219]: ::1 ::1 22/Feb/2026/03/38/59 GET /v1/AUTH_e41560788c7b460fa374fdc94f22590f/gnocchi.5c65ffd6-23e1-45c1-9e77-564125de4610%3Fformat%3Djson%26states%3Dlisting HTTP/1.0 200 - python-swiftclient-4.8.0 gAAAAABpmnpTVjhT... - 357 - txffa4b9f3900947ceaa2ab-00699a7a53 - 0.0536 - - 1771731539.565428972 1771731539.619049072 0 17d6eceedce248e7bcac4363c7b2aeaa
Feb 21 22:38:59 np0005625961.novalocal object-server[99151]: ::1 - - [22/Feb/2026:03:38:59 +0000] "GET /1/75039/AUTH_e41560788c7b460fa374fdc94f22590f/gnocchi.6929eeb9-1f14-4061-8a1d-f349252682f3/none_v3" 404 70 "GET https://[::1]:8080/v1/AUTH_e41560788c7b460fa374fdc94f22590f/gnocchi.6929eeb9-1f14-4061-8a1d-f349252682f3/none_v3" "tx7a9d69ee207745d484375-00699a7a53" "proxy-server 100218" 0.0004 "-" 99151 0
Feb 21 22:38:59 np0005625961.novalocal proxy-server[100218]: ::1 ::1 22/Feb/2026/03/38/59 GET /v1/AUTH_e41560788c7b460fa374fdc94f22590f/gnocchi.6929eeb9-1f14-4061-8a1d-f349252682f3/none_v3 HTTP/1.0 404 - python-swiftclient-4.8.0 gAAAAABpmnpRlsm9... - 70 - tx7a9d69ee207745d484375-00699a7a53 - 0.0345 - - 1771731539.592301369 1771731539.626799822 0 17d6eceedce248e7bcac4363c7b2aeaa
Feb 21 22:38:59 np0005625961.novalocal container-server[98786]: ::1 - - [22/Feb/2026:03:38:59 +0000] "GET /1/50180/AUTH_e41560788c7b460fa374fdc94f22590f/gnocchi.5c65ffd6-23e1-45c1-9e77-564125de4610" 200 2 "GET https://[::1]:8080/v1/AUTH_e41560788c7b460fa374fdc94f22590f/gnocchi.5c65ffd6-23e1-45c1-9e77-564125de4610?format=json&marker=none_v3&states=listing" "tx1c69b0c76852460fa1979-00699a7a53" "proxy-server 100219" 0.0192 "-" 98786 0
Feb 21 22:38:59 np0005625961.novalocal proxy-server[100219]: ::1 ::1 22/Feb/2026/03/38/59 GET /v1/AUTH_e41560788c7b460fa374fdc94f22590f/gnocchi.5c65ffd6-23e1-45c1-9e77-564125de4610%3Fformat%3Djson%26marker%3Dnone_v3%26states%3Dlisting HTTP/1.0 200 - python-swiftclient-4.8.0 gAAAAABpmnpTVjhT... - 2 - tx1c69b0c76852460fa1979-00699a7a53 - 0.0266 - - 1771731539.623471022 1771731539.650114298 0 17d6eceedce248e7bcac4363c7b2aeaa
Feb 21 22:38:59 np0005625961.novalocal object-server[99152]: ::1 - - [22/Feb/2026:03:38:59 +0000] "GET /2/50932/AUTH_e41560788c7b460fa374fdc94f22590f/gnocchi.5c65ffd6-23e1-45c1-9e77-564125de4610/1771200000.0_mean_300.0_v3" 200 16 "GET https://[::1]:8080/v1/AUTH_e41560788c7b460fa374fdc94f22590f/gnocchi.5c65ffd6-23e1-45c1-9e77-564125de4610/1771200000.0_mean_300.0_v3" "txa92d5bf79fc348f89af47-00699a7a53" "proxy-server 100219" 0.0009 "-" 99152 0
Feb 21 22:38:59 np0005625961.novalocal proxy-server[100219]: ::1 ::1 22/Feb/2026/03/38/59 GET /v1/AUTH_e41560788c7b460fa374fdc94f22590f/gnocchi.5c65ffd6-23e1-45c1-9e77-564125de4610/1771200000.0_mean_300.0_v3 HTTP/1.0 200 - python-swiftclient-4.8.0 gAAAAABpmnpTVjhT... - 16 - txa92d5bf79fc348f89af47-00699a7a53 - 0.0056 - - 1771731539.662732124 1771731539.668350935 0 17d6eceedce248e7bcac4363c7b2aeaa
Feb 21 22:38:59 np0005625961.novalocal account-server[98426]: ::1 - - [22/Feb/2026:03:38:59 +0000] "PUT /2/161627/AUTH_e41560788c7b460fa374fdc94f22590f/gnocchi.6929eeb9-1f14-4061-8a1d-f349252682f3" 201 - "PUT http://[::1]:6001/2/208210/AUTH_e41560788c7b460fa374fdc94f22590f/gnocchi.6929eeb9-1f14-4061-8a1d-f349252682f3" "txdd0e57544d8b42bd91e1e-00699a7a53" "container-server 98785" 0.0035 "-" 98426 0
Feb 21 22:38:59 np0005625961.novalocal container-server[98785]: ::1 - - [22/Feb/2026:03:38:59 +0000] "PUT /2/208210/AUTH_e41560788c7b460fa374fdc94f22590f/gnocchi.6929eeb9-1f14-4061-8a1d-f349252682f3" 201 - "PUT https://[::1]:8080/v1/AUTH_e41560788c7b460fa374fdc94f22590f/gnocchi.6929eeb9-1f14-4061-8a1d-f349252682f3" "txdd0e57544d8b42bd91e1e-00699a7a53" "proxy-server 100218" 0.0396 "-" 98785 0
Feb 21 22:38:59 np0005625961.novalocal account-server[98426]: ::1 - - [22/Feb/2026:03:38:59 +0000] "PUT /1/161627/AUTH_e41560788c7b460fa374fdc94f22590f/gnocchi.6929eeb9-1f14-4061-8a1d-f349252682f3" 201 - "PUT http://[::1]:6001/1/208210/AUTH_e41560788c7b460fa374fdc94f22590f/gnocchi.6929eeb9-1f14-4061-8a1d-f349252682f3" "txdd0e57544d8b42bd91e1e-00699a7a53" "container-server 98785" 0.0035 "-" 98426 0
Feb 21 22:38:59 np0005625961.novalocal container-server[98785]: ::1 - - [22/Feb/2026:03:38:59 +0000] "PUT /1/208210/AUTH_e41560788c7b460fa374fdc94f22590f/gnocchi.6929eeb9-1f14-4061-8a1d-f349252682f3" 201 - "PUT https://[::1]:8080/v1/AUTH_e41560788c7b460fa374fdc94f22590f/gnocchi.6929eeb9-1f14-4061-8a1d-f349252682f3" "txdd0e57544d8b42bd91e1e-00699a7a53" "proxy-server 100218" 0.0315 "-" 98785 0
Feb 21 22:38:59 np0005625961.novalocal account-server[98425]: ::1 - - [22/Feb/2026:03:38:59 +0000] "PUT /3/161627/AUTH_e41560788c7b460fa374fdc94f22590f/gnocchi.6929eeb9-1f14-4061-8a1d-f349252682f3" 201 - "PUT http://[::1]:6001/3/208210/AUTH_e41560788c7b460fa374fdc94f22590f/gnocchi.6929eeb9-1f14-4061-8a1d-f349252682f3" "txdd0e57544d8b42bd91e1e-00699a7a53" "container-server 98785" 0.0107 "-" 98425 0
Feb 21 22:38:59 np0005625961.novalocal container-server[98785]: ::1 - - [22/Feb/2026:03:38:59 +0000] "PUT /3/208210/AUTH_e41560788c7b460fa374fdc94f22590f/gnocchi.6929eeb9-1f14-4061-8a1d-f349252682f3" 201 - "PUT https://[::1]:8080/v1/AUTH_e41560788c7b460fa374fdc94f22590f/gnocchi.6929eeb9-1f14-4061-8a1d-f349252682f3" "txdd0e57544d8b42bd91e1e-00699a7a53" "proxy-server 100218" 0.0228 "-" 98785 0
Feb 21 22:38:59 np0005625961.novalocal proxy-server[100218]: ::1 ::1 22/Feb/2026/03/38/59 PUT /v1/AUTH_e41560788c7b460fa374fdc94f22590f/gnocchi.6929eeb9-1f14-4061-8a1d-f349252682f3 HTTP/1.0 201 - python-swiftclient-4.8.0 gAAAAABpmnpRlsm9... - - - txdd0e57544d8b42bd91e1e-00699a7a53 - 0.0598 - - 1771731539.630098581 1771731539.689910173 0 17d6eceedce248e7bcac4363c7b2aeaa
Feb 21 22:38:59 np0005625961.novalocal container-server[98785]: ::1 - - [22/Feb/2026:03:38:59 +0000] "HEAD /2/208210/AUTH_e41560788c7b460fa374fdc94f22590f/gnocchi.6929eeb9-1f14-4061-8a1d-f349252682f3" 204 - "HEAD http://[::1]:8080/v1/AUTH_e41560788c7b460fa374fdc94f22590f/gnocchi.6929eeb9-1f14-4061-8a1d-f349252682f3" "txec3328257e15445085c3a-00699a7a53" "proxy-server 100218" 0.0018 "-" 98785 0
Feb 21 22:38:59 np0005625961.novalocal proxy-server[100218]: - - 22/Feb/2026/03/38/59 HEAD /v1/AUTH_e41560788c7b460fa374fdc94f22590f/gnocchi.6929eeb9-1f14-4061-8a1d-f349252682f3 HTTP/1.0 204 - Swift - - - - txec3328257e15445085c3a-00699a7a53 - 0.0076 CS - 1771731539.694414854 1771731539.702017069 0 -
Feb 21 22:38:59 np0005625961.novalocal container-server[98786]: ::1 - - [22/Feb/2026:03:38:59 +0000] "PUT /2/50180/AUTH_e41560788c7b460fa374fdc94f22590f/gnocchi.5c65ffd6-23e1-45c1-9e77-564125de4610/1771200000.0_mean_300.0_v3" 201 - "PUT http://[::1]:8080/2/50932/AUTH_e41560788c7b460fa374fdc94f22590f/gnocchi.5c65ffd6-23e1-45c1-9e77-564125de4610/1771200000.0_mean_300.0_v3" "tx38a6d844907541a4a69e6-00699a7a53" "object-server 99151" 0.0008 "-" 98786 0
Feb 21 22:38:59 np0005625961.novalocal container-server[98786]: ::1 - - [22/Feb/2026:03:38:59 +0000] "GET /2/208210/AUTH_e41560788c7b460fa374fdc94f22590f/gnocchi.6929eeb9-1f14-4061-8a1d-f349252682f3" 200 2 "GET https://[::1]:8080/v1/AUTH_e41560788c7b460fa374fdc94f22590f/gnocchi.6929eeb9-1f14-4061-8a1d-f349252682f3?format=json&states=listing" "txec3328257e15445085c3a-00699a7a53" "proxy-server 100218" 0.0035 "-" 98786 0
Feb 21 22:38:59 np0005625961.novalocal object-server[99151]: ::1 - - [22/Feb/2026:03:38:59 +0000] "PUT /2/50932/AUTH_e41560788c7b460fa374fdc94f22590f/gnocchi.5c65ffd6-23e1-45c1-9e77-564125de4610/1771200000.0_mean_300.0_v3" 201 - "PUT https://[::1]:8080/v1/AUTH_e41560788c7b460fa374fdc94f22590f/gnocchi.5c65ffd6-23e1-45c1-9e77-564125de4610/1771200000.0_mean_300.0_v3" "tx38a6d844907541a4a69e6-00699a7a53" "proxy-server 100219" 0.0270 "-" 99151 0
Feb 21 22:38:59 np0005625961.novalocal proxy-server[100218]: ::1 ::1 22/Feb/2026/03/38/59 GET /v1/AUTH_e41560788c7b460fa374fdc94f22590f/gnocchi.6929eeb9-1f14-4061-8a1d-f349252682f3%3Fformat%3Djson%26states%3Dlisting HTTP/1.0 200 - python-swiftclient-4.8.0 gAAAAABpmnpRlsm9... - 2 - txec3328257e15445085c3a-00699a7a53 - 0.0243 - - 1771731539.693434715 1771731539.717745066 0 17d6eceedce248e7bcac4363c7b2aeaa
Feb 21 22:38:59 np0005625961.novalocal container-server[98786]: ::1 - - [22/Feb/2026:03:38:59 +0000] "PUT /3/50180/AUTH_e41560788c7b460fa374fdc94f22590f/gnocchi.5c65ffd6-23e1-45c1-9e77-564125de4610/1771200000.0_mean_300.0_v3" 201 - "PUT http://[::1]:8080/1/50932/AUTH_e41560788c7b460fa374fdc94f22590f/gnocchi.5c65ffd6-23e1-45c1-9e77-564125de4610/1771200000.0_mean_300.0_v3" "tx38a6d844907541a4a69e6-00699a7a53" "object-server 99151" 0.0007 "-" 98786 0
Feb 21 22:38:59 np0005625961.novalocal object-server[99151]: ::1 - - [22/Feb/2026:03:38:59 +0000] "PUT /1/50932/AUTH_e41560788c7b460fa374fdc94f22590f/gnocchi.5c65ffd6-23e1-45c1-9e77-564125de4610/1771200000.0_mean_300.0_v3" 201 - "PUT https://[::1]:8080/v1/AUTH_e41560788c7b460fa374fdc94f22590f/gnocchi.5c65ffd6-23e1-45c1-9e77-564125de4610/1771200000.0_mean_300.0_v3" "tx38a6d844907541a4a69e6-00699a7a53" "proxy-server 100219" 0.0251 "-" 99151 0
