Feb 21 22:40:20 np0005625961.novalocal object-server[99152]: ::1 - - [22/Feb/2026:03:40:20 +0000] "PUT /1/249805/AUTH_e41560788c7b460fa374fdc94f22590f/gnocchi.502780d0-51e2-4d89-9aa3-b8352da0daa3/none_v3" 201 - "PUT https://[::1]:8080/v1/AUTH_e41560788c7b460fa374fdc94f22590f/gnocchi.502780d0-51e2-4d89-9aa3-b8352da0daa3/none_v3" "txad4a5181cf4b427997ae7-00699a7aa4" "proxy-server 100218" 0.0105 "-" 99152 0
Feb 21 22:40:20 np0005625961.novalocal container-server[98785]: ::1 - - [22/Feb/2026:03:40:20 +0000] "PUT /3/201726/AUTH_e41560788c7b460fa374fdc94f22590f/gnocchi.502780d0-51e2-4d89-9aa3-b8352da0daa3/none_v3" 201 - "PUT http://[::1]:8080/2/249805/AUTH_e41560788c7b460fa374fdc94f22590f/gnocchi.502780d0-51e2-4d89-9aa3-b8352da0daa3/none_v3" "txad4a5181cf4b427997ae7-00699a7aa4" "object-server 99151" 0.0009 "-" 98785 0
Feb 21 22:40:20 np0005625961.novalocal virtnodedevd[102262]: ethtool ioctl error on qg-e18c8243-1e: No such device
Feb 21 22:40:20 np0005625961.novalocal object-server[99151]: ::1 - - [22/Feb/2026:03:40:20 +0000] "PUT /2/249805/AUTH_e41560788c7b460fa374fdc94f22590f/gnocchi.502780d0-51e2-4d89-9aa3-b8352da0daa3/none_v3" 201 - "PUT https://[::1]:8080/v1/AUTH_e41560788c7b460fa374fdc94f22590f/gnocchi.502780d0-51e2-4d89-9aa3-b8352da0daa3/none_v3" "txad4a5181cf4b427997ae7-00699a7aa4" "proxy-server 100218" 0.0195 "-" 99151 0
Feb 21 22:40:20 np0005625961.novalocal container-server[98785]: ::1 - - [22/Feb/2026:03:40:20 +0000] "PUT /2/201726/AUTH_e41560788c7b460fa374fdc94f22590f/gnocchi.502780d0-51e2-4d89-9aa3-b8352da0daa3/none_v3" 201 - "PUT http://[::1]:8080/3/249805/AUTH_e41560788c7b460fa374fdc94f22590f/gnocchi.502780d0-51e2-4d89-9aa3-b8352da0daa3/none_v3" "txad4a5181cf4b427997ae7-00699a7aa4" "object-server 99152" 0.0023 "-" 98785 0
Feb 21 22:40:20 np0005625961.novalocal object-server[99152]: ::1 - - [22/Feb/2026:03:40:20 +0000] "PUT /3/249805/AUTH_e41560788c7b460fa374fdc94f22590f/gnocchi.502780d0-51e2-4d89-9aa3-b8352da0daa3/none_v3" 201 - "PUT https://[::1]:8080/v1/AUTH_e41560788c7b460fa374fdc94f22590f/gnocchi.502780d0-51e2-4d89-9aa3-b8352da0daa3/none_v3" "txad4a5181cf4b427997ae7-00699a7aa4" "proxy-server 100218" 0.0236 "-" 99152 0
Feb 21 22:40:20 np0005625961.novalocal virtnodedevd[102262]: ethtool ioctl error on qg-e18c8243-1e: No such device
Feb 21 22:40:20 np0005625961.novalocal proxy-server[100218]: ::1 ::1 22/Feb/2026/03/40/20 PUT /v1/AUTH_e41560788c7b460fa374fdc94f22590f/gnocchi.502780d0-51e2-4d89-9aa3-b8352da0daa3/none_v3 HTTP/1.0 201 - python-swiftclient-4.8.0 gAAAAABpmnpRlsm9... 22 - - txad4a5181cf4b427997ae7-00699a7aa4 - 0.0342 - - 1771731620.654307127 1771731620.688503504 0 17d6eceedce248e7bcac4363c7b2aeaa
Feb 21 22:40:20 np0005625961.novalocal virtnodedevd[102262]: ethtool ioctl error on qg-e18c8243-1e: No such device
Feb 21 22:40:20 np0005625961.novalocal virtnodedevd[102262]: ethtool ioctl error on qg-e18c8243-1e: No such device
Feb 21 22:40:20 np0005625961.novalocal virtnodedevd[102262]: ethtool ioctl error on qg-e18c8243-1e: No such device
Feb 21 22:40:20 np0005625961.novalocal virtnodedevd[102262]: ethtool ioctl error on qg-e18c8243-1e: No such device
Feb 21 22:40:20 np0005625961.novalocal virtnodedevd[102262]: ethtool ioctl error on qg-e18c8243-1e: No such device
Feb 21 22:40:20 np0005625961.novalocal virtnodedevd[102262]: ethtool ioctl error on qg-e18c8243-1e: No such device
Feb 21 22:40:20 np0005625961.novalocal container-server[98786]: ::1 - - [22/Feb/2026:03:40:20 +0000] "HEAD /2/179024/AUTH_e41560788c7b460fa374fdc94f22590f/gnocchi.22943c5f-2e67-4dca-87f1-2039a2936d2e" 404 - "HEAD http://[::1]:8080/v1/AUTH_e41560788c7b460fa374fdc94f22590f/gnocchi.22943c5f-2e67-4dca-87f1-2039a2936d2e" "tx90094ac252a64ad4a437b-00699a7aa4" "proxy-server 100218" 0.0003 "-" 98786 0
Feb 21 22:40:20 np0005625961.novalocal container-server[98786]: ::1 - - [22/Feb/2026:03:40:20 +0000] "HEAD /1/179024/AUTH_e41560788c7b460fa374fdc94f22590f/gnocchi.22943c5f-2e67-4dca-87f1-2039a2936d2e" 404 - "HEAD http://[::1]:8080/v1/AUTH_e41560788c7b460fa374fdc94f22590f/gnocchi.22943c5f-2e67-4dca-87f1-2039a2936d2e" "tx90094ac252a64ad4a437b-00699a7aa4" "proxy-server 100218" 0.0001 "-" 98786 0
Feb 21 22:40:20 np0005625961.novalocal container-server[98785]: ::1 - - [22/Feb/2026:03:40:20 +0000] "HEAD /3/179024/AUTH_e41560788c7b460fa374fdc94f22590f/gnocchi.22943c5f-2e67-4dca-87f1-2039a2936d2e" 404 - "HEAD http://[::1]:8080/v1/AUTH_e41560788c7b460fa374fdc94f22590f/gnocchi.22943c5f-2e67-4dca-87f1-2039a2936d2e" "tx90094ac252a64ad4a437b-00699a7aa4" "proxy-server 100218" 0.0003 "-" 98785 0
Feb 21 22:40:20 np0005625961.novalocal proxy-server[100218]: - - 22/Feb/2026/03/40/20 HEAD /v1/AUTH_e41560788c7b460fa374fdc94f22590f/gnocchi.22943c5f-2e67-4dca-87f1-2039a2936d2e HTTP/1.0 404 - Swift - - - - tx90094ac252a64ad4a437b-00699a7aa4 - 0.0070 CS - 1771731620.709993124 1771731620.717029572 0 -
Feb 21 22:40:20 np0005625961.novalocal object-server[99151]: ::1 - - [22/Feb/2026:03:40:20 +0000] "GET /2/188308/AUTH_e41560788c7b460fa374fdc94f22590f/gnocchi.22943c5f-2e67-4dca-87f1-2039a2936d2e/none_v3" 404 70 "GET https://[::1]:8080/v1/AUTH_e41560788c7b460fa374fdc94f22590f/gnocchi.22943c5f-2e67-4dca-87f1-2039a2936d2e/none_v3" "tx90094ac252a64ad4a437b-00699a7aa4" "proxy-server 100218" 0.0003 "-" 99151 0
Feb 21 22:40:20 np0005625961.novalocal object-server[99151]: ::1 - - [22/Feb/2026:03:40:20 +0000] "GET /1/188308/AUTH_e41560788c7b460fa374fdc94f22590f/gnocchi.22943c5f-2e67-4dca-87f1-2039a2936d2e/none_v3" 404 70 "GET https://[::1]:8080/v1/AUTH_e41560788c7b460fa374fdc94f22590f/gnocchi.22943c5f-2e67-4dca-87f1-2039a2936d2e/none_v3" "tx90094ac252a64ad4a437b-00699a7aa4" "proxy-server 100218" 0.0002 "-" 99151 0
Feb 21 22:40:20 np0005625961.novalocal object-server[99151]: ::1 - - [22/Feb/2026:03:40:20 +0000] "GET /3/188308/AUTH_e41560788c7b460fa374fdc94f22590f/gnocchi.22943c5f-2e67-4dca-87f1-2039a2936d2e/none_v3" 404 70 "GET https://[::1]:8080/v1/AUTH_e41560788c7b460fa374fdc94f22590f/gnocchi.22943c5f-2e67-4dca-87f1-2039a2936d2e/none_v3" "tx90094ac252a64ad4a437b-00699a7aa4" "proxy-server 100218" 0.0002 "-" 99151 0
Feb 21 22:40:20 np0005625961.novalocal proxy-server[100218]: ::1 ::1 22/Feb/2026/03/40/20 GET /v1/AUTH_e41560788c7b460fa374fdc94f22590f/gnocchi.22943c5f-2e67-4dca-87f1-2039a2936d2e/none_v3 HTTP/1.0 404 - python-swiftclient-4.8.0 gAAAAABpmnpRlsm9... - 70 - tx90094ac252a64ad4a437b-00699a7aa4 - 0.0181 - - 1771731620.709401846 1771731620.727485180 0 17d6eceedce248e7bcac4363c7b2aeaa
Feb 21 22:40:20 np0005625961.novalocal account-server[98426]: ::1 - - [22/Feb/2026:03:40:20 +0000] "PUT /2/161627/AUTH_e41560788c7b460fa374fdc94f22590f/gnocchi.22943c5f-2e67-4dca-87f1-2039a2936d2e" 201 - "PUT http://[::1]:6001/1/179024/AUTH_e41560788c7b460fa374fdc94f22590f/gnocchi.22943c5f-2e67-4dca-87f1-2039a2936d2e" "txdd3ed62dd6ac464c9cbf3-00699a7aa4" "container-server 98786" 0.0035 "-" 98426 0
Feb 21 22:40:20 np0005625961.novalocal container-server[98786]: ::1 - - [22/Feb/2026:03:40:20 +0000] "PUT /1/179024/AUTH_e41560788c7b460fa374fdc94f22590f/gnocchi.22943c5f-2e67-4dca-87f1-2039a2936d2e" 201 - "PUT https://[::1]:8080/v1/AUTH_e41560788c7b460fa374fdc94f22590f/gnocchi.22943c5f-2e67-4dca-87f1-2039a2936d2e" "txdd3ed62dd6ac464c9cbf3-00699a7aa4" "proxy-server 100218" 0.0148 "-" 98786 0
Feb 21 22:40:20 np0005625961.novalocal account-server[98426]: ::1 - - [22/Feb/2026:03:40:20 +0000] "PUT /1/161627/AUTH_e41560788c7b460fa374fdc94f22590f/gnocchi.22943c5f-2e67-4dca-87f1-2039a2936d2e" 201 - "PUT http://[::1]:6001/3/179024/AUTH_e41560788c7b460fa374fdc94f22590f/gnocchi.22943c5f-2e67-4dca-87f1-2039a2936d2e" "txdd3ed62dd6ac464c9cbf3-00699a7aa4" "container-server 98785" 0.0035 "-" 98426 0
Feb 21 22:40:20 np0005625961.novalocal container-server[98785]: ::1 - - [22/Feb/2026:03:40:20 +0000] "PUT /3/179024/AUTH_e41560788c7b460fa374fdc94f22590f/gnocchi.22943c5f-2e67-4dca-87f1-2039a2936d2e" 201 - "PUT https://[::1]:8080/v1/AUTH_e41560788c7b460fa374fdc94f22590f/gnocchi.22943c5f-2e67-4dca-87f1-2039a2936d2e" "txdd3ed62dd6ac464c9cbf3-00699a7aa4" "proxy-server 100218" 0.0183 "-" 98785 0
Feb 21 22:40:20 np0005625961.novalocal account-server[98426]: ::1 - - [22/Feb/2026:03:40:20 +0000] "PUT /3/161627/AUTH_e41560788c7b460fa374fdc94f22590f/gnocchi.22943c5f-2e67-4dca-87f1-2039a2936d2e" 201 - "PUT http://[::1]:6001/2/179024/AUTH_e41560788c7b460fa374fdc94f22590f/gnocchi.22943c5f-2e67-4dca-87f1-2039a2936d2e" "txdd3ed62dd6ac464c9cbf3-00699a7aa4" "container-server 98786" 0.0029 "-" 98426 0
Feb 21 22:40:20 np0005625961.novalocal container-server[98786]: ::1 - - [22/Feb/2026:03:40:20 +0000] "PUT /2/179024/AUTH_e41560788c7b460fa374fdc94f22590f/gnocchi.22943c5f-2e67-4dca-87f1-2039a2936d2e" 201 - "PUT https://[::1]:8080/v1/AUTH_e41560788c7b460fa374fdc94f22590f/gnocchi.22943c5f-2e67-4dca-87f1-2039a2936d2e" "txdd3ed62dd6ac464c9cbf3-00699a7aa4" "proxy-server 100218" 0.0120 "-" 98786 0
Feb 21 22:40:20 np0005625961.novalocal proxy-server[100218]: ::1 ::1 22/Feb/2026/03/40/20 PUT /v1/AUTH_e41560788c7b460fa374fdc94f22590f/gnocchi.22943c5f-2e67-4dca-87f1-2039a2936d2e HTTP/1.0 201 - python-swiftclient-4.8.0 gAAAAABpmnpRlsm9... - - - txdd3ed62dd6ac464c9cbf3-00699a7aa4 - 0.0283 - - 1771731620.733478546 1771731620.761812449 0 17d6eceedce248e7bcac4363c7b2aeaa
Feb 21 22:40:20 np0005625961.novalocal container-server[98786]: ::1 - - [22/Feb/2026:03:40:20 +0000] "HEAD /3/179024/AUTH_e41560788c7b460fa374fdc94f22590f/gnocchi.22943c5f-2e67-4dca-87f1-2039a2936d2e" 204 - "HEAD http://[::1]:8080/v1/AUTH_e41560788c7b460fa374fdc94f22590f/gnocchi.22943c5f-2e67-4dca-87f1-2039a2936d2e" "tx08222f3ba8784af0b0c07-00699a7aa4" "proxy-server 100218" 0.0008 "-" 98786 0
Feb 21 22:40:20 np0005625961.novalocal proxy-server[100218]: - - 22/Feb/2026/03/40/20 HEAD /v1/AUTH_e41560788c7b460fa374fdc94f22590f/gnocchi.22943c5f-2e67-4dca-87f1-2039a2936d2e HTTP/1.0 204 - Swift - - - - tx08222f3ba8784af0b0c07-00699a7aa4 - 0.0043 CS - 1771731620.767441750 1771731620.771767855 0 -
Feb 21 22:40:20 np0005625961.novalocal container-server[98785]: ::1 - - [22/Feb/2026:03:40:20 +0000] "GET /1/179024/AUTH_e41560788c7b460fa374fdc94f22590f/gnocchi.22943c5f-2e67-4dca-87f1-2039a2936d2e" 200 2 "GET https://[::1]:8080/v1/AUTH_e41560788c7b460fa374fdc94f22590f/gnocchi.22943c5f-2e67-4dca-87f1-2039a2936d2e?format=json&states=listing" "tx08222f3ba8784af0b0c07-00699a7aa4" "proxy-server 100218" 0.0019 "-" 98785 0
Feb 21 22:40:20 np0005625961.novalocal proxy-server[100218]: ::1 ::1 22/Feb/2026/03/40/20 GET /v1/AUTH_e41560788c7b460fa374fdc94f22590f/gnocchi.22943c5f-2e67-4dca-87f1-2039a2936d2e%3Fformat%3Djson%26states%3Dlisting HTTP/1.0 200 - python-swiftclient-4.8.0 gAAAAABpmnpRlsm9... - 2 - tx08222f3ba8784af0b0c07-00699a7aa4 - 0.0120 - - 1771731620.766903400 1771731620.778941393 0 17d6eceedce248e7bcac4363c7b2aeaa
Feb 21 22:40:20 np0005625961.novalocal object-server[99151]: ::1 - - [22/Feb/2026:03:40:20 +0000] "GET /2/257793/AUTH_e41560788c7b460fa374fdc94f22590f/gnocchi.22943c5f-2e67-4dca-87f1-2039a2936d2e/1771200000.0_mean_300.0_v3" 404 70 "GET https://[::1]:8080/v1/AUTH_e41560788c7b460fa374fdc94f22590f/gnocchi.22943c5f-2e67-4dca-87f1-2039a2936d2e/1771200000.0_mean_300.0_v3" "txf20beb9e84f64a068d84f-00699a7aa4" "proxy-server 100218" 0.0016 "-" 99151 0
Feb 21 22:40:20 np0005625961.novalocal object-server[99151]: ::1 - - [22/Feb/2026:03:40:20 +0000] "GET /3/257793/AUTH_e41560788c7b460fa374fdc94f22590f/gnocchi.22943c5f-2e67-4dca-87f1-2039a2936d2e/1771200000.0_mean_300.0_v3" 404 70 "GET https://[::1]:8080/v1/AUTH_e41560788c7b460fa374fdc94f22590f/gnocchi.22943c5f-2e67-4dca-87f1-2039a2936d2e/1771200000.0_mean_300.0_v3" "txf20beb9e84f64a068d84f-00699a7aa4" "proxy-server 100218" 0.0002 "-" 99151 0
Feb 21 22:40:20 np0005625961.novalocal object-server[99152]: ::1 - - [22/Feb/2026:03:40:20 +0000] "GET /1/257793/AUTH_e41560788c7b460fa374fdc94f22590f/gnocchi.22943c5f-2e67-4dca-87f1-2039a2936d2e/1771200000.0_mean_300.0_v3" 404 70 "GET https://[::1]:8080/v1/AUTH_e41560788c7b460fa374fdc94f22590f/gnocchi.22943c5f-2e67-4dca-87f1-2039a2936d2e/1771200000.0_mean_300.0_v3" "txf20beb9e84f64a068d84f-00699a7aa4" "proxy-server 100218" 0.0004 "-" 99152 0
Feb 21 22:40:20 np0005625961.novalocal proxy-server[100218]: ::1 ::1 22/Feb/2026/03/40/20 GET /v1/AUTH_e41560788c7b460fa374fdc94f22590f/gnocchi.22943c5f-2e67-4dca-87f1-2039a2936d2e/1771200000.0_mean_300.0_v3 HTTP/1.0 404 - python-swiftclient-4.8.0 gAAAAABpmnpRlsm9... - 70 - txf20beb9e84f64a068d84f-00699a7aa4 - 0.0199 - - 1771731620.782009125 1771731620.801921368 0 17d6eceedce248e7bcac4363c7b2aeaa
Feb 21 22:40:20 np0005625961.novalocal container-server[98785]: ::1 - - [22/Feb/2026:03:40:20 +0000] "PUT /3/179024/AUTH_e41560788c7b460fa374fdc94f22590f/gnocchi.22943c5f-2e67-4dca-87f1-2039a2936d2e/1771200000.0_mean_300.0_v3" 201 - "PUT http://[::1]:8080/2/257793/AUTH_e41560788c7b460fa374fdc94f22590f/gnocchi.22943c5f-2e67-4dca-87f1-2039a2936d2e/1771200000.0_mean_300.0_v3" "tx030a4a38e8c4422d8ba0e-00699a7aa4" "object-server 99151" 0.0008 "-" 98785 0
Feb 21 22:40:20 np0005625961.novalocal container-server[98786]: ::1 - - [22/Feb/2026:03:40:20 +0000] "PUT /2/179024/AUTH_e41560788c7b460fa374fdc94f22590f/gnocchi.22943c5f-2e67-4dca-87f1-2039a2936d2e/1771200000.0_mean_300.0_v3" 201 - "PUT http://[::1]:8080/3/257793/AUTH_e41560788c7b460fa374fdc94f22590f/gnocchi.22943c5f-2e67-4dca-87f1-2039a2936d2e/1771200000.0_mean_300.0_v3" "tx030a4a38e8c4422d8ba0e-00699a7aa4" "object-server 99151" 0.0007 "-" 98786 0
Feb 21 22:40:20 np0005625961.novalocal object-server[99151]: ::1 - - [22/Feb/2026:03:40:20 +0000] "PUT /2/257793/AUTH_e41560788c7b460fa374fdc94f22590f/gnocchi.22943c5f-2e67-4dca-87f1-2039a2936d2e/1771200000.0_mean_300.0_v3" 201 - "PUT https://[::1]:8080/v1/AUTH_e41560788c7b460fa374fdc94f22590f/gnocchi.22943c5f-2e67-4dca-87f1-2039a2936d2e/1771200000.0_mean_300.0_v3" "tx030a4a38e8c4422d8ba0e-00699a7aa4" "proxy-server 100218" 0.0103 "-" 99151 0
Feb 21 22:40:20 np0005625961.novalocal object-server[99151]: ::1 - - [22/Feb/2026:03:40:20 +0000] "PUT /3/257793/AUTH_e41560788c7b460fa374fdc94f22590f/gnocchi.22943c5f-2e67-4dca-87f1-2039a2936d2e/1771200000.0_mean_300.0_v3" 201 - "PUT https://[::1]:8080/v1/AUTH_e41560788c7b460fa374fdc94f22590f/gnocchi.22943c5f-2e67-4dca-87f1-2039a2936d2e/1771200000.0_mean_300.0_v3" "tx030a4a38e8c4422d8ba0e-00699a7aa4" "proxy-server 100218" 0.0098 "-" 99151 0
Feb 21 22:40:20 np0005625961.novalocal container-server[98786]: ::1 - - [22/Feb/2026:03:40:20 +0000] "PUT /1/179024/AUTH_e41560788c7b460fa374fdc94f22590f/gnocchi.22943c5f-2e67-4dca-87f1-2039a2936d2e/1771200000.0_mean_300.0_v3" 201 - "PUT http://[::1]:8080/1/257793/AUTH_e41560788c7b460fa374fdc94f22590f/gnocchi.22943c5f-2e67-4dca-87f1-2039a2936d2e/1771200000.0_mean_300.0_v3" "tx030a4a38e8c4422d8ba0e-00699a7aa4" "object-server 99151" 0.0004 "-" 98786 0
Feb 21 22:40:20 np0005625961.novalocal object-server[99151]: ::1 - - [22/Feb/2026:03:40:20 +0000] "PUT /1/257793/AUTH_e41560788c7b460fa374fdc94f22590f/gnocchi.22943c5f-2e67-4dca-87f1-2039a2936d2e/1771200000.0_mean_300.0_v3" 201 - "PUT https://[::1]:8080/v1/AUTH_e41560788c7b460fa374fdc94f22590f/gnocchi.22943c5f-2e67-4dca-87f1-2039a2936d2e/1771200000.0_mean_300.0_v3" "tx030a4a38e8c4422d8ba0e-00699a7aa4" "proxy-server 100218" 0.0100 "-" 99151 0
Feb 21 22:40:20 np0005625961.novalocal proxy-server[100218]: ::1 ::1 22/Feb/2026/03/40/20 PUT /v1/AUTH_e41560788c7b460fa374fdc94f22590f/gnocchi.22943c5f-2e67-4dca-87f1-2039a2936d2e/1771200000.0_mean_300.0_v3 HTTP/1.0 201 - python-swiftclient-4.8.0 gAAAAABpmnpRlsm9... 16 - - tx030a4a38e8c4422d8ba0e-00699a7aa4 - 0.0189 - - 1771731620.805063248 1771731620.823985815 0 17d6eceedce248e7bcac4363c7b2aeaa
Feb 21 22:40:20 np0005625961.novalocal dnsmasq[107886]: started, version 2.85 cachesize 150
Feb 21 22:40:20 np0005625961.novalocal dnsmasq[107886]: DNS service limited to local subnets
Feb 21 22:40:20 np0005625961.novalocal dnsmasq[107886]: compile time options: IPv6 GNU-getopt DBus no-UBus no-i18n IDN2 DHCP DHCPv6 no-Lua TFTP no-conntrack ipset auth cryptohash DNSSEC loop-detect inotify dumpfile
Feb 21 22:40:20 np0005625961.novalocal dnsmasq[107886]: warning: no upstream servers configured
Feb 21 22:40:20 np0005625961.novalocal dnsmasq-dhcp[107886]: DHCP, static leases only on 10.100.0.0, lease time 1d
Feb 21 22:40:20 np0005625961.novalocal dnsmasq[107886]: read /var/lib/neutron/dhcp/8ee54d19-d832-4ab5-8301-3284f7e48668/addn_hosts - 0 addresses
Feb 21 22:40:20 np0005625961.novalocal dnsmasq-dhcp[107886]: read /var/lib/neutron/dhcp/8ee54d19-d832-4ab5-8301-3284f7e48668/host
Feb 21 22:40:20 np0005625961.novalocal dnsmasq-dhcp[107886]: read /var/lib/neutron/dhcp/8ee54d19-d832-4ab5-8301-3284f7e48668/opts
Feb 21 22:40:21 np0005625961.novalocal container-server[98786]: ::1 - - [22/Feb/2026:03:40:21 +0000] "PUT /1/179024/AUTH_e41560788c7b460fa374fdc94f22590f/gnocchi.22943c5f-2e67-4dca-87f1-2039a2936d2e/none_v3" 201 - "PUT http://[::1]:8080/1/188308/AUTH_e41560788c7b460fa374fdc94f22590f/gnocchi.22943c5f-2e67-4dca-87f1-2039a2936d2e/none_v3" "tx36aea1d590e047afa6248-00699a7aa4" "object-server 99152" 0.0010 "-" 98786 0
Feb 21 22:40:21 np0005625961.novalocal object-server[99152]: ::1 - - [22/Feb/2026:03:40:21 +0000] "PUT /1/188308/AUTH_e41560788c7b460fa374fdc94f22590f/gnocchi.22943c5f-2e67-4dca-87f1-2039a2936d2e/none_v3" 201 - "PUT https://[::1]:8080/v1/AUTH_e41560788c7b460fa374fdc94f22590f/gnocchi.22943c5f-2e67-4dca-87f1-2039a2936d2e/none_v3" "tx36aea1d590e047afa6248-00699a7aa4" "proxy-server 100218" 0.5173 "-" 99152 0
Feb 21 22:40:21 np0005625961.novalocal container-server[98786]: ::1 - - [22/Feb/2026:03:40:21 +0000] "PUT /2/179024/AUTH_e41560788c7b460fa374fdc94f22590f/gnocchi.22943c5f-2e67-4dca-87f1-2039a2936d2e/none_v3" 201 - "PUT http://[::1]:8080/2/188308/AUTH_e41560788c7b460fa374fdc94f22590f/gnocchi.22943c5f-2e67-4dca-87f1-2039a2936d2e/none_v3" "tx36aea1d590e047afa6248-00699a7aa4" "object-server 99152" 0.0009 "-" 98786 0
Feb 21 22:40:21 np0005625961.novalocal container-server[98786]: ::1 - - [22/Feb/2026:03:40:21 +0000] "PUT /3/179024/AUTH_e41560788c7b460fa374fdc94f22590f/gnocchi.22943c5f-2e67-4dca-87f1-2039a2936d2e/none_v3" 201 - "PUT http://[::1]:8080/3/188308/AUTH_e41560788c7b460fa374fdc94f22590f/gnocchi.22943c5f-2e67-4dca-87f1-2039a2936d2e/none_v3" "tx36aea1d590e047afa6248-00699a7aa4" "object-server 99151" 0.0008 "-" 98786 0
Feb 21 22:40:21 np0005625961.novalocal object-server[99152]: ::1 - - [22/Feb/2026:03:40:21 +0000] "PUT /2/188308/AUTH_e41560788c7b460fa374fdc94f22590f/gnocchi.22943c5f-2e67-4dca-87f1-2039a2936d2e/none_v3" 201 - "PUT https://[::1]:8080/v1/AUTH_e41560788c7b460fa374fdc94f22590f/gnocchi.22943c5f-2e67-4dca-87f1-2039a2936d2e/none_v3" "tx36aea1d590e047afa6248-00699a7aa4" "proxy-server 100218" 0.5243 "-" 99152 0
Feb 21 22:40:21 np0005625961.novalocal object-server[99151]: ::1 - - [22/Feb/2026:03:40:21 +0000] "PUT /3/188308/AUTH_e41560788c7b460fa374fdc94f22590f/gnocchi.22943c5f-2e67-4dca-87f1-2039a2936d2e/none_v3" 201 - "PUT https://[::1]:8080/v1/AUTH_e41560788c7b460fa374fdc94f22590f/gnocchi.22943c5f-2e67-4dca-87f1-2039a2936d2e/none_v3" "tx36aea1d590e047afa6248-00699a7aa4" "proxy-server 100218" 0.5252 "-" 99151 0
Feb 21 22:40:21 np0005625961.novalocal proxy-server[100218]: ::1 ::1 22/Feb/2026/03/40/21 PUT /v1/AUTH_e41560788c7b460fa374fdc94f22590f/gnocchi.22943c5f-2e67-4dca-87f1-2039a2936d2e/none_v3 HTTP/1.0 201 - python-swiftclient-4.8.0 gAAAAABpmnpRlsm9... 22 - - tx36aea1d590e047afa6248-00699a7aa4 - 0.5399 - - 1771731620.827921152 1771731621.367810965 0 17d6eceedce248e7bcac4363c7b2aeaa
Feb 21 22:40:21 np0005625961.novalocal container-server[98785]: ::1 - - [22/Feb/2026:03:40:21 +0000] "HEAD /1/246669/AUTH_e41560788c7b460fa374fdc94f22590f/gnocchi.abb93b59-9aa1-4522-9a59-52ff3a3c37b3" 404 - "HEAD http://[::1]:8080/v1/AUTH_e41560788c7b460fa374fdc94f22590f/gnocchi.abb93b59-9aa1-4522-9a59-52ff3a3c37b3" "tx483b43b72ccd4139ae2bd-00699a7aa5" "proxy-server 100218" 0.0005 "-" 98785 0
Feb 21 22:40:21 np0005625961.novalocal container-server[98786]: ::1 - - [22/Feb/2026:03:40:21 +0000] "HEAD /3/246669/AUTH_e41560788c7b460fa374fdc94f22590f/gnocchi.abb93b59-9aa1-4522-9a59-52ff3a3c37b3" 404 - "HEAD http://[::1]:8080/v1/AUTH_e41560788c7b460fa374fdc94f22590f/gnocchi.abb93b59-9aa1-4522-9a59-52ff3a3c37b3" "tx483b43b72ccd4139ae2bd-00699a7aa5" "proxy-server 100218" 0.0005 "-" 98786 0
Feb 21 22:40:21 np0005625961.novalocal container-server[98786]: ::1 - - [22/Feb/2026:03:40:21 +0000] "HEAD /2/246669/AUTH_e41560788c7b460fa374fdc94f22590f/gnocchi.abb93b59-9aa1-4522-9a59-52ff3a3c37b3" 404 - "HEAD http://[::1]:8080/v1/AUTH_e41560788c7b460fa374fdc94f22590f/gnocchi.abb93b59-9aa1-4522-9a59-52ff3a3c37b3" "tx483b43b72ccd4139ae2bd-00699a7aa5" "proxy-server 100218" 0.0005 "-" 98786 0
Feb 21 22:40:21 np0005625961.novalocal proxy-server[100218]: - - 22/Feb/2026/03/40/21 HEAD /v1/AUTH_e41560788c7b460fa374fdc94f22590f/gnocchi.abb93b59-9aa1-4522-9a59-52ff3a3c37b3 HTTP/1.0 404 - Swift - - - - tx483b43b72ccd4139ae2bd-00699a7aa5 - 0.0179 CS - 1771731621.390267134 1771731621.408149719 0 -
Feb 21 22:40:21 np0005625961.novalocal object-server[99152]: ::1 - - [22/Feb/2026:03:40:21 +0000] "GET /2/165944/AUTH_e41560788c7b460fa374fdc94f22590f/gnocchi.abb93b59-9aa1-4522-9a59-52ff3a3c37b3/none_v3" 404 70 "GET https://[::1]:8080/v1/AUTH_e41560788c7b460fa374fdc94f22590f/gnocchi.abb93b59-9aa1-4522-9a59-52ff3a3c37b3/none_v3" "tx483b43b72ccd4139ae2bd-00699a7aa5" "proxy-server 100218" 0.0005 "-" 99152 0
Feb 21 22:40:21 np0005625961.novalocal object-server[99152]: ::1 - - [22/Feb/2026:03:40:21 +0000] "GET /1/165944/AUTH_e41560788c7b460fa374fdc94f22590f/gnocchi.abb93b59-9aa1-4522-9a59-52ff3a3c37b3/none_v3" 404 70 "GET https://[::1]:8080/v1/AUTH_e41560788c7b460fa374fdc94f22590f/gnocchi.abb93b59-9aa1-4522-9a59-52ff3a3c37b3/none_v3" "tx483b43b72ccd4139ae2bd-00699a7aa5" "proxy-server 100218" 0.0003 "-" 99152 0
Feb 21 22:40:21 np0005625961.novalocal object-server[99151]: ::1 - - [22/Feb/2026:03:40:21 +0000] "GET /3/165944/AUTH_e41560788c7b460fa374fdc94f22590f/gnocchi.abb93b59-9aa1-4522-9a59-52ff3a3c37b3/none_v3" 404 70 "GET https://[::1]:8080/v1/AUTH_e41560788c7b460fa374fdc94f22590f/gnocchi.abb93b59-9aa1-4522-9a59-52ff3a3c37b3/none_v3" "tx483b43b72ccd4139ae2bd-00699a7aa5" "proxy-server 100218" 0.0005 "-" 99151 0
Feb 21 22:40:21 np0005625961.novalocal proxy-server[100218]: ::1 ::1 22/Feb/2026/03/40/21 GET /v1/AUTH_e41560788c7b460fa374fdc94f22590f/gnocchi.abb93b59-9aa1-4522-9a59-52ff3a3c37b3/none_v3 HTTP/1.0 404 - python-swiftclient-4.8.0 gAAAAABpmnpRlsm9... - 70 - tx483b43b72ccd4139ae2bd-00699a7aa5 - 0.0403 - - 1771731621.389174223 1771731621.429485559 0 17d6eceedce248e7bcac4363c7b2aeaa
Feb 21 22:40:21 np0005625961.novalocal account-server[98425]: ::1 - - [22/Feb/2026:03:40:21 +0000] "PUT /2/161627/AUTH_e41560788c7b460fa374fdc94f22590f/gnocchi.abb93b59-9aa1-4522-9a59-52ff3a3c37b3" 201 - "PUT http://[::1]:6001/3/246669/AUTH_e41560788c7b460fa374fdc94f22590f/gnocchi.abb93b59-9aa1-4522-9a59-52ff3a3c37b3" "tx5a16f998559f441c98e1a-00699a7aa5" "container-server 98785" 0.0062 "-" 98425 0
Feb 21 22:40:21 np0005625961.novalocal container-server[98785]: ::1 - - [22/Feb/2026:03:40:21 +0000] "PUT /3/246669/AUTH_e41560788c7b460fa374fdc94f22590f/gnocchi.abb93b59-9aa1-4522-9a59-52ff3a3c37b3" 201 - "PUT https://[::1]:8080/v1/AUTH_e41560788c7b460fa374fdc94f22590f/gnocchi.abb93b59-9aa1-4522-9a59-52ff3a3c37b3" "tx5a16f998559f441c98e1a-00699a7aa5" "proxy-server 100218" 0.0177 "-" 98785 0
Feb 21 22:40:21 np0005625961.novalocal account-server[98426]: ::1 - - [22/Feb/2026:03:40:21 +0000] "PUT /1/161627/AUTH_e41560788c7b460fa374fdc94f22590f/gnocchi.abb93b59-9aa1-4522-9a59-52ff3a3c37b3" 201 - "PUT http://[::1]:6001/2/246669/AUTH_e41560788c7b460fa374fdc94f22590f/gnocchi.abb93b59-9aa1-4522-9a59-52ff3a3c37b3" "tx5a16f998559f441c98e1a-00699a7aa5" "container-server 98786" 0.0063 "-" 98426 0
Feb 21 22:40:21 np0005625961.novalocal container-server[98786]: ::1 - - [22/Feb/2026:03:40:21 +0000] "PUT /2/246669/AUTH_e41560788c7b460fa374fdc94f22590f/gnocchi.abb93b59-9aa1-4522-9a59-52ff3a3c37b3" 201 - "PUT https://[::1]:8080/v1/AUTH_e41560788c7b460fa374fdc94f22590f/gnocchi.abb93b59-9aa1-4522-9a59-52ff3a3c37b3" "tx5a16f998559f441c98e1a-00699a7aa5" "proxy-server 100218" 0.0342 "-" 98786 0
Feb 21 22:40:21 np0005625961.novalocal account-server[98425]: ::1 - - [22/Feb/2026:03:40:21 +0000] "PUT /3/161627/AUTH_e41560788c7b460fa374fdc94f22590f/gnocchi.abb93b59-9aa1-4522-9a59-52ff3a3c37b3" 201 - "PUT http://[::1]:6001/1/246669/AUTH_e41560788c7b460fa374fdc94f22590f/gnocchi.abb93b59-9aa1-4522-9a59-52ff3a3c37b3" "tx5a16f998559f441c98e1a-00699a7aa5" "container-server 98786" 0.0060 "-" 98425 0
Feb 21 22:40:21 np0005625961.novalocal container-server[98786]: ::1 - - [22/Feb/2026:03:40:21 +0000] "PUT /1/246669/AUTH_e41560788c7b460fa374fdc94f22590f/gnocchi.abb93b59-9aa1-4522-9a59-52ff3a3c37b3" 201 - "PUT https://[::1]:8080/v1/AUTH_e41560788c7b460fa374fdc94f22590f/gnocchi.abb93b59-9aa1-4522-9a59-52ff3a3c37b3" "tx5a16f998559f441c98e1a-00699a7aa5" "proxy-server 100218" 0.0266 "-" 98786 0
Feb 21 22:40:21 np0005625961.novalocal proxy-server[100218]: ::1 ::1 22/Feb/2026/03/40/21 PUT /v1/AUTH_e41560788c7b460fa374fdc94f22590f/gnocchi.abb93b59-9aa1-4522-9a59-52ff3a3c37b3 HTTP/1.0 201 - python-swiftclient-4.8.0 gAAAAABpmnpRlsm9... - - - tx5a16f998559f441c98e1a-00699a7aa5 - 0.0572 - - 1771731621.432857752 1771731621.490101814 0 17d6eceedce248e7bcac4363c7b2aeaa
Feb 21 22:40:21 np0005625961.novalocal container-server[98785]: ::1 - - [22/Feb/2026:03:40:21 +0000] "HEAD /3/246669/AUTH_e41560788c7b460fa374fdc94f22590f/gnocchi.abb93b59-9aa1-4522-9a59-52ff3a3c37b3" 204 - "HEAD http://[::1]:8080/v1/AUTH_e41560788c7b460fa374fdc94f22590f/gnocchi.abb93b59-9aa1-4522-9a59-52ff3a3c37b3" "tx778afa18376147928b3b0-00699a7aa5" "proxy-server 100218" 0.0022 "-" 98785 0
Feb 21 22:40:21 np0005625961.novalocal proxy-server[100218]: - - 22/Feb/2026/03/40/21 HEAD /v1/AUTH_e41560788c7b460fa374fdc94f22590f/gnocchi.abb93b59-9aa1-4522-9a59-52ff3a3c37b3 HTTP/1.0 204 - Swift - - - - tx778afa18376147928b3b0-00699a7aa5 - 0.0118 CS - 1771731621.495278358 1771731621.507030487 0 -
Feb 21 22:40:21 np0005625961.novalocal container-server[98785]: ::1 - - [22/Feb/2026:03:40:21 +0000] "GET /1/246669/AUTH_e41560788c7b460fa374fdc94f22590f/gnocchi.abb93b59-9aa1-4522-9a59-52ff3a3c37b3" 200 2 "GET https://[::1]:8080/v1/AUTH_e41560788c7b460fa374fdc94f22590f/gnocchi.abb93b59-9aa1-4522-9a59-52ff3a3c37b3?format=json&states=listing" "tx778afa18376147928b3b0-00699a7aa5" "proxy-server 100218" 0.0037 "-" 98785 0
Feb 21 22:40:21 np0005625961.novalocal proxy-server[100218]: ::1 ::1 22/Feb/2026/03/40/21 GET /v1/AUTH_e41560788c7b460fa374fdc94f22590f/gnocchi.abb93b59-9aa1-4522-9a59-52ff3a3c37b3%3Fformat%3Djson%26states%3Dlisting HTTP/1.0 200 - python-swiftclient-4.8.0 gAAAAABpmnpRlsm9... - 2 - tx778afa18376147928b3b0-00699a7aa5 - 0.0273 - - 1771731621.494429588 1771731621.521705151 0 17d6eceedce248e7bcac4363c7b2aeaa
Feb 21 22:40:21 np0005625961.novalocal object-server[99152]: ::1 - - [22/Feb/2026:03:40:21 +0000] "GET /2/112534/AUTH_e41560788c7b460fa374fdc94f22590f/gnocchi.abb93b59-9aa1-4522-9a59-52ff3a3c37b3/1771200000.0_mean_300.0_v3" 404 70 "GET https://[::1]:8080/v1/AUTH_e41560788c7b460fa374fdc94f22590f/gnocchi.abb93b59-9aa1-4522-9a59-52ff3a3c37b3/1771200000.0_mean_300.0_v3" "tx63b54b1d82a04d8c9f902-00699a7aa5" "proxy-server 100218" 0.0004 "-" 99152 0
Feb 21 22:40:21 np0005625961.novalocal object-server[99151]: ::1 - - [22/Feb/2026:03:40:21 +0000] "GET /3/112534/AUTH_e41560788c7b460fa374fdc94f22590f/gnocchi.abb93b59-9aa1-4522-9a59-52ff3a3c37b3/1771200000.0_mean_300.0_v3" 404 70 "GET https://[::1]:8080/v1/AUTH_e41560788c7b460fa374fdc94f22590f/gnocchi.abb93b59-9aa1-4522-9a59-52ff3a3c37b3/1771200000.0_mean_300.0_v3" "tx63b54b1d82a04d8c9f902-00699a7aa5" "proxy-server 100218" 0.0005 "-" 99151 0
Feb 21 22:40:21 np0005625961.novalocal object-server[99152]: ::1 - - [22/Feb/2026:03:40:21 +0000] "GET /1/112534/AUTH_e41560788c7b460fa374fdc94f22590f/gnocchi.abb93b59-9aa1-4522-9a59-52ff3a3c37b3/1771200000.0_mean_300.0_v3" 404 70 "GET https://[::1]:8080/v1/AUTH_e41560788c7b460fa374fdc94f22590f/gnocchi.abb93b59-9aa1-4522-9a59-52ff3a3c37b3/1771200000.0_mean_300.0_v3" "tx63b54b1d82a04d8c9f902-00699a7aa5" "proxy-server 100218" 0.0002 "-" 99152 0
Feb 21 22:40:21 np0005625961.novalocal proxy-server[100218]: ::1 ::1 22/Feb/2026/03/40/21 GET /v1/AUTH_e41560788c7b460fa374fdc94f22590f/gnocchi.abb93b59-9aa1-4522-9a59-52ff3a3c37b3/1771200000.0_mean_300.0_v3 HTTP/1.0 404 - python-swiftclient-4.8.0 gAAAAABpmnpRlsm9... - 70 - tx63b54b1d82a04d8c9f902-00699a7aa5 - 0.0135 - - 1771731621.526731730 1771731621.540205717 0 17d6eceedce248e7bcac4363c7b2aeaa
Feb 21 22:40:21 np0005625961.novalocal container-server[98786]: ::1 - - [22/Feb/2026:03:40:21 +0000] "PUT /2/246669/AUTH_e41560788c7b460fa374fdc94f22590f/gnocchi.abb93b59-9aa1-4522-9a59-52ff3a3c37b3/1771200000.0_mean_300.0_v3" 201 - "PUT http://[::1]:8080/1/112534/AUTH_e41560788c7b460fa374fdc94f22590f/gnocchi.abb93b59-9aa1-4522-9a59-52ff3a3c37b3/1771200000.0_mean_300.0_v3" "txb1d282a26d384f86bfae9-00699a7aa5" "object-server 99152" 0.0008 "-" 98786 0
Feb 21 22:40:21 np0005625961.novalocal object-server[99152]: ::1 - - [22/Feb/2026:03:40:21 +0000] "PUT /1/112534/AUTH_e41560788c7b460fa374fdc94f22590f/gnocchi.abb93b59-9aa1-4522-9a59-52ff3a3c37b3/1771200000.0_mean_300.0_v3" 201 - "PUT https://[::1]:8080/v1/AUTH_e41560788c7b460fa374fdc94f22590f/gnocchi.abb93b59-9aa1-4522-9a59-52ff3a3c37b3/1771200000.0_mean_300.0_v3" "txb1d282a26d384f86bfae9-00699a7aa5" "proxy-server 100218" 0.0149 "-" 99152 0
Feb 21 22:40:21 np0005625961.novalocal container-server[98785]: ::1 - - [22/Feb/2026:03:40:21 +0000] "PUT /1/246669/AUTH_e41560788c7b460fa374fdc94f22590f/gnocchi.abb93b59-9aa1-4522-9a59-52ff3a3c37b3/1771200000.0_mean_300.0_v3" 201 - "PUT http://[::1]:8080/2/112534/AUTH_e41560788c7b460fa374fdc94f22590f/gnocchi.abb93b59-9aa1-4522-9a59-52ff3a3c37b3/1771200000.0_mean_300.0_v3" "txb1d282a26d384f86bfae9-00699a7aa5" "object-server 99151" 0.0008 "-" 98785 0
Feb 21 22:40:21 np0005625961.novalocal object-server[99151]: ::1 - - [22/Feb/2026:03:40:21 +0000] "PUT /2/112534/AUTH_e41560788c7b460fa374fdc94f22590f/gnocchi.abb93b59-9aa1-4522-9a59-52ff3a3c37b3/1771200000.0_mean_300.0_v3" 201 - "PUT https://[::1]:8080/v1/AUTH_e41560788c7b460fa374fdc94f22590f/gnocchi.abb93b59-9aa1-4522-9a59-52ff3a3c37b3/1771200000.0_mean_300.0_v3" "txb1d282a26d384f86bfae9-00699a7aa5" "proxy-server 100218" 0.0186 "-" 99151 0
Feb 21 22:40:21 np0005625961.novalocal container-server[98785]: ::1 - - [22/Feb/2026:03:40:21 +0000] "PUT /3/246669/AUTH_e41560788c7b460fa374fdc94f22590f/gnocchi.abb93b59-9aa1-4522-9a59-52ff3a3c37b3/1771200000.0_mean_300.0_v3" 201 - "PUT http://[::1]:8080/3/112534/AUTH_e41560788c7b460fa374fdc94f22590f/gnocchi.abb93b59-9aa1-4522-9a59-52ff3a3c37b3/1771200000.0_mean_300.0_v3" "txb1d282a26d384f86bfae9-00699a7aa5" "object-server 99151" 0.0006 "-" 98785 0
Feb 21 22:40:21 np0005625961.novalocal object-server[99151]: ::1 - - [22/Feb/2026:03:40:21 +0000] "PUT /3/112534/AUTH_e41560788c7b460fa374fdc94f22590f/gnocchi.abb93b59-9aa1-4522-9a59-52ff3a3c37b3/1771200000.0_mean_300.0_v3" 201 - "PUT https://[::1]:8080/v1/AUTH_e41560788c7b460fa374fdc94f22590f/gnocchi.abb93b59-9aa1-4522-9a59-52ff3a3c37b3/1771200000.0_mean_300.0_v3" "txb1d282a26d384f86bfae9-00699a7aa5" "proxy-server 100218" 0.0188 "-" 99151 0
Feb 21 22:40:21 np0005625961.novalocal proxy-server[100218]: ::1 ::1 22/Feb/2026/03/40/21 PUT /v1/AUTH_e41560788c7b460fa374fdc94f22590f/gnocchi.abb93b59-9aa1-4522-9a59-52ff3a3c37b3/1771200000.0_mean_300.0_v3 HTTP/1.0 201 - python-swiftclient-4.8.0 gAAAAABpmnpRlsm9... 16 - - txb1d282a26d384f86bfae9-00699a7aa5 - 0.0299 - - 1771731621.544645786 1771731621.574502945 0 17d6eceedce248e7bcac4363c7b2aeaa
Feb 21 22:40:21 np0005625961.novalocal container-server[98786]: ::1 - - [22/Feb/2026:03:40:21 +0000] "PUT /3/246669/AUTH_e41560788c7b460fa374fdc94f22590f/gnocchi.abb93b59-9aa1-4522-9a59-52ff3a3c37b3/none_v3" 201 - "PUT http://[::1]:8080/1/165944/AUTH_e41560788c7b460fa374fdc94f22590f/gnocchi.abb93b59-9aa1-4522-9a59-52ff3a3c37b3/none_v3" "txf35a6ff186d941e7b1586-00699a7aa5" "object-server 99152" 0.0012 "-" 98786 0
Feb 21 22:40:21 np0005625961.novalocal object-server[99152]: ::1 - - [22/Feb/2026:03:40:21 +0000] "PUT /1/165944/AUTH_e41560788c7b460fa374fdc94f22590f/gnocchi.abb93b59-9aa1-4522-9a59-52ff3a3c37b3/none_v3" 201 - "PUT https://[::1]:8080/v1/AUTH_e41560788c7b460fa374fdc94f22590f/gnocchi.abb93b59-9aa1-4522-9a59-52ff3a3c37b3/none_v3" "txf35a6ff186d941e7b1586-00699a7aa5" "proxy-server 100218" 0.0107 "-" 99152 0
Feb 21 22:40:21 np0005625961.novalocal container-server[98786]: ::1 - - [22/Feb/2026:03:40:21 +0000] "PUT /2/246669/AUTH_e41560788c7b460fa374fdc94f22590f/gnocchi.abb93b59-9aa1-4522-9a59-52ff3a3c37b3/none_v3" 201 - "PUT http://[::1]:8080/2/165944/AUTH_e41560788c7b460fa374fdc94f22590f/gnocchi.abb93b59-9aa1-4522-9a59-52ff3a3c37b3/none_v3" "txf35a6ff186d941e7b1586-00699a7aa5" "object-server 99151" 0.0005 "-" 98786 0
Feb 21 22:40:21 np0005625961.novalocal object-server[99151]: ::1 - - [22/Feb/2026:03:40:21 +0000] "PUT /2/165944/AUTH_e41560788c7b460fa374fdc94f22590f/gnocchi.abb93b59-9aa1-4522-9a59-52ff3a3c37b3/none_v3" 201 - "PUT https://[::1]:8080/v1/AUTH_e41560788c7b460fa374fdc94f22590f/gnocchi.abb93b59-9aa1-4522-9a59-52ff3a3c37b3/none_v3" "txf35a6ff186d941e7b1586-00699a7aa5" "proxy-server 100218" 0.0166 "-" 99151 0
Feb 21 22:40:21 np0005625961.novalocal container-server[98785]: ::1 - - [22/Feb/2026:03:40:21 +0000] "PUT /1/246669/AUTH_e41560788c7b460fa374fdc94f22590f/gnocchi.abb93b59-9aa1-4522-9a59-52ff3a3c37b3/none_v3" 201 - "PUT http://[::1]:8080/3/165944/AUTH_e41560788c7b460fa374fdc94f22590f/gnocchi.abb93b59-9aa1-4522-9a59-52ff3a3c37b3/none_v3" "txf35a6ff186d941e7b1586-00699a7aa5" "object-server 99151" 0.0010 "-" 98785 0
Feb 21 22:40:21 np0005625961.novalocal object-server[99151]: ::1 - - [22/Feb/2026:03:40:21 +0000] "PUT /3/165944/AUTH_e41560788c7b460fa374fdc94f22590f/gnocchi.abb93b59-9aa1-4522-9a59-52ff3a3c37b3/none_v3" 201 - "PUT https://[::1]:8080/v1/AUTH_e41560788c7b460fa374fdc94f22590f/gnocchi.abb93b59-9aa1-4522-9a59-52ff3a3c37b3/none_v3" "txf35a6ff186d941e7b1586-00699a7aa5" "proxy-server 100218" 0.0219 "-" 99151 0
Feb 21 22:40:21 np0005625961.novalocal proxy-server[100218]: ::1 ::1 22/Feb/2026/03/40/21 PUT /v1/AUTH_e41560788c7b460fa374fdc94f22590f/gnocchi.abb93b59-9aa1-4522-9a59-52ff3a3c37b3/none_v3 HTTP/1.0 201 - python-swiftclient-4.8.0 gAAAAABpmnpRlsm9... 22 - - txf35a6ff186d941e7b1586-00699a7aa5 - 0.0348 - - 1771731621.577167034 1771731621.611977816 0 17d6eceedce248e7bcac4363c7b2aeaa
Feb 21 22:40:21 np0005625961.novalocal container-server[98786]: ::1 - - [22/Feb/2026:03:40:21 +0000] "HEAD /3/157431/AUTH_e41560788c7b460fa374fdc94f22590f/gnocchi.569c033e-d18b-40b3-9cae-93a1993a6943" 404 - "HEAD http://[::1]:8080/v1/AUTH_e41560788c7b460fa374fdc94f22590f/gnocchi.569c033e-d18b-40b3-9cae-93a1993a6943" "tx38d773cf5d794932b7067-00699a7aa5" "proxy-server 100218" 0.0003 "-" 98786 0
Feb 21 22:40:21 np0005625961.novalocal container-server[98786]: ::1 - - [22/Feb/2026:03:40:21 +0000] "HEAD /1/157431/AUTH_e41560788c7b460fa374fdc94f22590f/gnocchi.569c033e-d18b-40b3-9cae-93a1993a6943" 404 - "HEAD http://[::1]:8080/v1/AUTH_e41560788c7b460fa374fdc94f22590f/gnocchi.569c033e-d18b-40b3-9cae-93a1993a6943" "tx38d773cf5d794932b7067-00699a7aa5" "proxy-server 100218" 0.0002 "-" 98786 0
Feb 21 22:40:21 np0005625961.novalocal container-server[98786]: ::1 - - [22/Feb/2026:03:40:21 +0000] "HEAD /2/157431/AUTH_e41560788c7b460fa374fdc94f22590f/gnocchi.569c033e-d18b-40b3-9cae-93a1993a6943" 404 - "HEAD http://[::1]:8080/v1/AUTH_e41560788c7b460fa374fdc94f22590f/gnocchi.569c033e-d18b-40b3-9cae-93a1993a6943" "tx38d773cf5d794932b7067-00699a7aa5" "proxy-server 100218" 0.0002 "-" 98786 0
Feb 21 22:40:21 np0005625961.novalocal proxy-server[100218]: - - 22/Feb/2026/03/40/21 HEAD /v1/AUTH_e41560788c7b460fa374fdc94f22590f/gnocchi.569c033e-d18b-40b3-9cae-93a1993a6943 HTTP/1.0 404 - Swift - - - - tx38d773cf5d794932b7067-00699a7aa5 - 0.0066 CS - 1771731621.652791500 1771731621.659405470 0 -
Feb 21 22:40:21 np0005625961.novalocal object-server[99152]: ::1 - - [22/Feb/2026:03:40:21 +0000] "GET /2/77891/AUTH_e41560788c7b460fa374fdc94f22590f/gnocchi.569c033e-d18b-40b3-9cae-93a1993a6943/none_v3" 404 70 "GET https://[::1]:8080/v1/AUTH_e41560788c7b460fa374fdc94f22590f/gnocchi.569c033e-d18b-40b3-9cae-93a1993a6943/none_v3" "tx38d773cf5d794932b7067-00699a7aa5" "proxy-server 100218" 0.0003 "-" 99152 0
Feb 21 22:40:21 np0005625961.novalocal object-server[99151]: ::1 - - [22/Feb/2026:03:40:21 +0000] "GET /3/77891/AUTH_e41560788c7b460fa374fdc94f22590f/gnocchi.569c033e-d18b-40b3-9cae-93a1993a6943/none_v3" 404 70 "GET https://[::1]:8080/v1/AUTH_e41560788c7b460fa374fdc94f22590f/gnocchi.569c033e-d18b-40b3-9cae-93a1993a6943/none_v3" "tx38d773cf5d794932b7067-00699a7aa5" "proxy-server 100218" 0.0005 "-" 99151 0
Feb 21 22:40:21 np0005625961.novalocal object-server[99152]: ::1 - - [22/Feb/2026:03:40:21 +0000] "GET /1/77891/AUTH_e41560788c7b460fa374fdc94f22590f/gnocchi.569c033e-d18b-40b3-9cae-93a1993a6943/none_v3" 404 70 "GET https://[::1]:8080/v1/AUTH_e41560788c7b460fa374fdc94f22590f/gnocchi.569c033e-d18b-40b3-9cae-93a1993a6943/none_v3" "tx38d773cf5d794932b7067-00699a7aa5" "proxy-server 100218" 0.0002 "-" 99152 0
Feb 21 22:40:21 np0005625961.novalocal proxy-server[100218]: ::1 ::1 22/Feb/2026/03/40/21 GET /v1/AUTH_e41560788c7b460fa374fdc94f22590f/gnocchi.569c033e-d18b-40b3-9cae-93a1993a6943/none_v3 HTTP/1.0 404 - python-swiftclient-4.8.0 gAAAAABpmnpRlsm9... - 70 - tx38d773cf5d794932b7067-00699a7aa5 - 0.0182 - - 1771731621.650808811 1771731621.668964148 0 17d6eceedce248e7bcac4363c7b2aeaa
Feb 21 22:40:21 np0005625961.novalocal account-server[98425]: ::1 - - [22/Feb/2026:03:40:21 +0000] "PUT /1/161627/AUTH_e41560788c7b460fa374fdc94f22590f/gnocchi.569c033e-d18b-40b3-9cae-93a1993a6943" 201 - "PUT http://[::1]:6001/1/157431/AUTH_e41560788c7b460fa374fdc94f22590f/gnocchi.569c033e-d18b-40b3-9cae-93a1993a6943" "tx90b1ac9ec415416ba48e4-00699a7aa5" "container-server 98785" 0.0043 "-" 98425 0
Feb 21 22:40:21 np0005625961.novalocal account-server[98426]: ::1 - - [22/Feb/2026:03:40:21 +0000] "PUT /2/161627/AUTH_e41560788c7b460fa374fdc94f22590f/gnocchi.569c033e-d18b-40b3-9cae-93a1993a6943" 201 - "PUT http://[::1]:6001/3/157431/AUTH_e41560788c7b460fa374fdc94f22590f/gnocchi.569c033e-d18b-40b3-9cae-93a1993a6943" "tx90b1ac9ec415416ba48e4-00699a7aa5" "container-server 98785" 0.0054 "-" 98426 0
Feb 21 22:40:21 np0005625961.novalocal container-server[98785]: ::1 - - [22/Feb/2026:03:40:21 +0000] "PUT /1/157431/AUTH_e41560788c7b460fa374fdc94f22590f/gnocchi.569c033e-d18b-40b3-9cae-93a1993a6943" 201 - "PUT https://[::1]:8080/v1/AUTH_e41560788c7b460fa374fdc94f22590f/gnocchi.569c033e-d18b-40b3-9cae-93a1993a6943" "tx90b1ac9ec415416ba48e4-00699a7aa5" "proxy-server 100218" 0.0278 "-" 98785 0
Feb 21 22:40:21 np0005625961.novalocal container-server[98785]: ::1 - - [22/Feb/2026:03:40:21 +0000] "PUT /3/157431/AUTH_e41560788c7b460fa374fdc94f22590f/gnocchi.569c033e-d18b-40b3-9cae-93a1993a6943" 201 - "PUT https://[::1]:8080/v1/AUTH_e41560788c7b460fa374fdc94f22590f/gnocchi.569c033e-d18b-40b3-9cae-93a1993a6943" "tx90b1ac9ec415416ba48e4-00699a7aa5" "proxy-server 100218" 0.0179 "-" 98785 0
Feb 21 22:40:21 np0005625961.novalocal account-server[98425]: ::1 - - [22/Feb/2026:03:40:21 +0000] "PUT /3/161627/AUTH_e41560788c7b460fa374fdc94f22590f/gnocchi.569c033e-d18b-40b3-9cae-93a1993a6943" 201 - "PUT http://[::1]:6001/2/157431/AUTH_e41560788c7b460fa374fdc94f22590f/gnocchi.569c033e-d18b-40b3-9cae-93a1993a6943" "tx90b1ac9ec415416ba48e4-00699a7aa5" "container-server 98785" 0.0036 "-" 98425 0
Feb 21 22:40:21 np0005625961.novalocal container-server[98785]: ::1 - - [22/Feb/2026:03:40:21 +0000] "PUT /2/157431/AUTH_e41560788c7b460fa374fdc94f22590f/gnocchi.569c033e-d18b-40b3-9cae-93a1993a6943" 201 - "PUT https://[::1]:8080/v1/AUTH_e41560788c7b460fa374fdc94f22590f/gnocchi.569c033e-d18b-40b3-9cae-93a1993a6943" "tx90b1ac9ec415416ba48e4-00699a7aa5" "proxy-server 100218" 0.0150 "-" 98785 0
Feb 21 22:40:21 np0005625961.novalocal proxy-server[100218]: ::1 ::1 22/Feb/2026/03/40/21 PUT /v1/AUTH_e41560788c7b460fa374fdc94f22590f/gnocchi.569c033e-d18b-40b3-9cae-93a1993a6943 HTTP/1.0 201 - python-swiftclient-4.8.0 gAAAAABpmnpRlsm9... - - - tx90b1ac9ec415416ba48e4-00699a7aa5 - 0.0421 - - 1771731621.672292471 1771731621.714422226 0 17d6eceedce248e7bcac4363c7b2aeaa
Feb 21 22:40:21 np0005625961.novalocal container-server[98786]: ::1 - - [22/Feb/2026:03:40:21 +0000] "HEAD /1/157431/AUTH_e41560788c7b460fa374fdc94f22590f/gnocchi.569c033e-d18b-40b3-9cae-93a1993a6943" 204 - "HEAD http://[::1]:8080/v1/AUTH_e41560788c7b460fa374fdc94f22590f/gnocchi.569c033e-d18b-40b3-9cae-93a1993a6943" "tx550be4d0e8c94723be55a-00699a7aa5" "proxy-server 100218" 0.0014 "-" 98786 0
Feb 21 22:40:21 np0005625961.novalocal proxy-server[100218]: - - 22/Feb/2026/03/40/21 HEAD /v1/AUTH_e41560788c7b460fa374fdc94f22590f/gnocchi.569c033e-d18b-40b3-9cae-93a1993a6943 HTTP/1.0 204 - Swift - - - - tx550be4d0e8c94723be55a-00699a7aa5 - 0.0044 CS - 1771731621.718675852 1771731621.723046064 0 -
Feb 21 22:40:21 np0005625961.novalocal container-server[98785]: ::1 - - [22/Feb/2026:03:40:21 +0000] "GET /1/157431/AUTH_e41560788c7b460fa374fdc94f22590f/gnocchi.569c033e-d18b-40b3-9cae-93a1993a6943" 200 2 "GET https://[::1]:8080/v1/AUTH_e41560788c7b460fa374fdc94f22590f/gnocchi.569c033e-d18b-40b3-9cae-93a1993a6943?format=json&states=listing" "tx550be4d0e8c94723be55a-00699a7aa5" "proxy-server 100218" 0.0021 "-" 98785 0
Feb 21 22:40:21 np0005625961.novalocal proxy-server[100218]: ::1 ::1 22/Feb/2026/03/40/21 GET /v1/AUTH_e41560788c7b460fa374fdc94f22590f/gnocchi.569c033e-d18b-40b3-9cae-93a1993a6943%3Fformat%3Djson%26states%3Dlisting HTTP/1.0 200 - python-swiftclient-4.8.0 gAAAAABpmnpRlsm9... - 2 - tx550be4d0e8c94723be55a-00699a7aa5 - 0.0117 - - 1771731621.718243361 1771731621.729984760 0 17d6eceedce248e7bcac4363c7b2aeaa
Feb 21 22:40:21 np0005625961.novalocal object-server[99151]: ::1 - - [22/Feb/2026:03:40:21 +0000] "GET /3/195779/AUTH_e41560788c7b460fa374fdc94f22590f/gnocchi.569c033e-d18b-40b3-9cae-93a1993a6943/1771200000.0_mean_300.0_v3" 404 70 "GET https://[::1]:8080/v1/AUTH_e41560788c7b460fa374fdc94f22590f/gnocchi.569c033e-d18b-40b3-9cae-93a1993a6943/1771200000.0_mean_300.0_v3" "txae2be315835f4b84bdc0b-00699a7aa5" "proxy-server 100218" 0.0004 "-" 99151 0
Feb 21 22:40:21 np0005625961.novalocal object-server[99152]: ::1 - - [22/Feb/2026:03:40:21 +0000] "GET /2/195779/AUTH_e41560788c7b460fa374fdc94f22590f/gnocchi.569c033e-d18b-40b3-9cae-93a1993a6943/1771200000.0_mean_300.0_v3" 404 70 "GET https://[::1]:8080/v1/AUTH_e41560788c7b460fa374fdc94f22590f/gnocchi.569c033e-d18b-40b3-9cae-93a1993a6943/1771200000.0_mean_300.0_v3" "txae2be315835f4b84bdc0b-00699a7aa5" "proxy-server 100218" 0.0003 "-" 99152 0
Feb 21 22:40:21 np0005625961.novalocal object-server[99152]: ::1 - - [22/Feb/2026:03:40:21 +0000] "GET /1/195779/AUTH_e41560788c7b460fa374fdc94f22590f/gnocchi.569c033e-d18b-40b3-9cae-93a1993a6943/1771200000.0_mean_300.0_v3" 404 70 "GET https://[::1]:8080/v1/AUTH_e41560788c7b460fa374fdc94f22590f/gnocchi.569c033e-d18b-40b3-9cae-93a1993a6943/1771200000.0_mean_300.0_v3" "txae2be315835f4b84bdc0b-00699a7aa5" "proxy-server 100218" 0.0001 "-" 99152 0
Feb 21 22:40:21 np0005625961.novalocal proxy-server[100218]: ::1 ::1 22/Feb/2026/03/40/21 GET /v1/AUTH_e41560788c7b460fa374fdc94f22590f/gnocchi.569c033e-d18b-40b3-9cae-93a1993a6943/1771200000.0_mean_300.0_v3 HTTP/1.0 404 - python-swiftclient-4.8.0 gAAAAABpmnpRlsm9... - 70 - txae2be315835f4b84bdc0b-00699a7aa5 - 0.0106 - - 1771731621.732581139 1771731621.743153811 0 17d6eceedce248e7bcac4363c7b2aeaa
Feb 21 22:40:21 np0005625961.novalocal container-server[98786]: ::1 - - [22/Feb/2026:03:40:21 +0000] "PUT /3/157431/AUTH_e41560788c7b460fa374fdc94f22590f/gnocchi.569c033e-d18b-40b3-9cae-93a1993a6943/1771200000.0_mean_300.0_v3" 201 - "PUT http://[::1]:8080/2/195779/AUTH_e41560788c7b460fa374fdc94f22590f/gnocchi.569c033e-d18b-40b3-9cae-93a1993a6943/1771200000.0_mean_300.0_v3" "tx62c7c5afb48241338c795-00699a7aa5" "object-server 99151" 0.0006 "-" 98786 0
Feb 21 22:40:21 np0005625961.novalocal container-server[98785]: ::1 - - [22/Feb/2026:03:40:21 +0000] "PUT /2/157431/AUTH_e41560788c7b460fa374fdc94f22590f/gnocchi.569c033e-d18b-40b3-9cae-93a1993a6943/1771200000.0_mean_300.0_v3" 201 - "PUT http://[::1]:8080/1/195779/AUTH_e41560788c7b460fa374fdc94f22590f/gnocchi.569c033e-d18b-40b3-9cae-93a1993a6943/1771200000.0_mean_300.0_v3" "tx62c7c5afb48241338c795-00699a7aa5" "object-server 99151" 0.0005 "-" 98785 0
Feb 21 22:40:21 np0005625961.novalocal object-server[99151]: ::1 - - [22/Feb/2026:03:40:21 +0000] "PUT /2/195779/AUTH_e41560788c7b460fa374fdc94f22590f/gnocchi.569c033e-d18b-40b3-9cae-93a1993a6943/1771200000.0_mean_300.0_v3" 201 - "PUT https://[::1]:8080/v1/AUTH_e41560788c7b460fa374fdc94f22590f/gnocchi.569c033e-d18b-40b3-9cae-93a1993a6943/1771200000.0_mean_300.0_v3" "tx62c7c5afb48241338c795-00699a7aa5" "proxy-server 100218" 0.0108 "-" 99151 0
Feb 21 22:40:21 np0005625961.novalocal container-server[98786]: ::1 - - [22/Feb/2026:03:40:21 +0000] "PUT /1/157431/AUTH_e41560788c7b460fa374fdc94f22590f/gnocchi.569c033e-d18b-40b3-9cae-93a1993a6943/1771200000.0_mean_300.0_v3" 201 - "PUT http://[::1]:8080/3/195779/AUTH_e41560788c7b460fa374fdc94f22590f/gnocchi.569c033e-d18b-40b3-9cae-93a1993a6943/1771200000.0_mean_300.0_v3" "tx62c7c5afb48241338c795-00699a7aa5" "object-server 99152" 0.0004 "-" 98786 0
Feb 21 22:40:21 np0005625961.novalocal object-server[99152]: ::1 - - [22/Feb/2026:03:40:21 +0000] "PUT /3/195779/AUTH_e41560788c7b460fa374fdc94f22590f/gnocchi.569c033e-d18b-40b3-9cae-93a1993a6943/1771200000.0_mean_300.0_v3" 201 - "PUT https://[::1]:8080/v1/AUTH_e41560788c7b460fa374fdc94f22590f/gnocchi.569c033e-d18b-40b3-9cae-93a1993a6943/1771200000.0_mean_300.0_v3" "tx62c7c5afb48241338c795-00699a7aa5" "proxy-server 100218" 0.0139 "-" 99152 0
Feb 21 22:40:21 np0005625961.novalocal object-server[99151]: ::1 - - [22/Feb/2026:03:40:21 +0000] "PUT /1/195779/AUTH_e41560788c7b460fa374fdc94f22590f/gnocchi.569c033e-d18b-40b3-9cae-93a1993a6943/1771200000.0_mean_300.0_v3" 201 - "PUT https://[::1]:8080/v1/AUTH_e41560788c7b460fa374fdc94f22590f/gnocchi.569c033e-d18b-40b3-9cae-93a1993a6943/1771200000.0_mean_300.0_v3" "tx62c7c5afb48241338c795-00699a7aa5" "proxy-server 100218" 0.0142 "-" 99151 0
Feb 21 22:40:21 np0005625961.novalocal proxy-server[100218]: ::1 ::1 22/Feb/2026/03/40/21 PUT /v1/AUTH_e41560788c7b460fa374fdc94f22590f/gnocchi.569c033e-d18b-40b3-9cae-93a1993a6943/1771200000.0_mean_300.0_v3 HTTP/1.0 201 - python-swiftclient-4.8.0 gAAAAABpmnpRlsm9... 16 - - tx62c7c5afb48241338c795-00699a7aa5 - 0.0195 - - 1771731621.747129202 1771731621.766634703 0 17d6eceedce248e7bcac4363c7b2aeaa
Feb 21 22:40:21 np0005625961.novalocal container-server[98785]: ::1 - - [22/Feb/2026:03:40:21 +0000] "PUT /3/157431/AUTH_e41560788c7b460fa374fdc94f22590f/gnocchi.569c033e-d18b-40b3-9cae-93a1993a6943/none_v3" 201 - "PUT http://[::1]:8080/3/77891/AUTH_e41560788c7b460fa374fdc94f22590f/gnocchi.569c033e-d18b-40b3-9cae-93a1993a6943/none_v3" "txd0d23aafcd8b497392636-00699a7aa5" "object-server 99152" 0.0004 "-" 98785 0
Feb 21 22:40:21 np0005625961.novalocal object-server[99152]: ::1 - - [22/Feb/2026:03:40:21 +0000] "PUT /3/77891/AUTH_e41560788c7b460fa374fdc94f22590f/gnocchi.569c033e-d18b-40b3-9cae-93a1993a6943/none_v3" 201 - "PUT https://[::1]:8080/v1/AUTH_e41560788c7b460fa374fdc94f22590f/gnocchi.569c033e-d18b-40b3-9cae-93a1993a6943/none_v3" "txd0d23aafcd8b497392636-00699a7aa5" "proxy-server 100218" 0.0086 "-" 99152 0
Feb 21 22:40:21 np0005625961.novalocal container-server[98785]: ::1 - - [22/Feb/2026:03:40:21 +0000] "PUT /2/157431/AUTH_e41560788c7b460fa374fdc94f22590f/gnocchi.569c033e-d18b-40b3-9cae-93a1993a6943/none_v3" 201 - "PUT http://[::1]:8080/2/77891/AUTH_e41560788c7b460fa374fdc94f22590f/gnocchi.569c033e-d18b-40b3-9cae-93a1993a6943/none_v3" "txd0d23aafcd8b497392636-00699a7aa5" "object-server 99151" 0.0002 "-" 98785 0
Feb 21 22:40:21 np0005625961.novalocal object-server[99151]: ::1 - - [22/Feb/2026:03:40:21 +0000] "PUT /2/77891/AUTH_e41560788c7b460fa374fdc94f22590f/gnocchi.569c033e-d18b-40b3-9cae-93a1993a6943/none_v3" 201 - "PUT https://[::1]:8080/v1/AUTH_e41560788c7b460fa374fdc94f22590f/gnocchi.569c033e-d18b-40b3-9cae-93a1993a6943/none_v3" "txd0d23aafcd8b497392636-00699a7aa5" "proxy-server 100218" 0.0107 "-" 99151 0
Feb 21 22:40:21 np0005625961.novalocal container-server[98786]: ::1 - - [22/Feb/2026:03:40:21 +0000] "PUT /1/157431/AUTH_e41560788c7b460fa374fdc94f22590f/gnocchi.569c033e-d18b-40b3-9cae-93a1993a6943/none_v3" 201 - "PUT http://[::1]:8080/1/77891/AUTH_e41560788c7b460fa374fdc94f22590f/gnocchi.569c033e-d18b-40b3-9cae-93a1993a6943/none_v3" "txd0d23aafcd8b497392636-00699a7aa5" "object-server 99151" 0.0010 "-" 98786 0
Feb 21 22:40:21 np0005625961.novalocal object-server[99151]: ::1 - - [22/Feb/2026:03:40:21 +0000] "PUT /1/77891/AUTH_e41560788c7b460fa374fdc94f22590f/gnocchi.569c033e-d18b-40b3-9cae-93a1993a6943/none_v3" 201 - "PUT https://[::1]:8080/v1/AUTH_e41560788c7b460fa374fdc94f22590f/gnocchi.569c033e-d18b-40b3-9cae-93a1993a6943/none_v3" "txd0d23aafcd8b497392636-00699a7aa5" "proxy-server 100218" 0.0120 "-" 99151 0
Feb 21 22:40:21 np0005625961.novalocal proxy-server[100218]: ::1 ::1 22/Feb/2026/03/40/21 PUT /v1/AUTH_e41560788c7b460fa374fdc94f22590f/gnocchi.569c033e-d18b-40b3-9cae-93a1993a6943/none_v3 HTTP/1.0 201 - python-swiftclient-4.8.0 gAAAAABpmnpRlsm9... 22 - - txd0d23aafcd8b497392636-00699a7aa5 - 0.0231 - - 1771731621.769826889 1771731621.792949915 0 17d6eceedce248e7bcac4363c7b2aeaa
Feb 21 22:40:21 np0005625961.novalocal container-server[98786]: ::1 - - [22/Feb/2026:03:40:21 +0000] "HEAD /1/178923/AUTH_e41560788c7b460fa374fdc94f22590f/gnocchi.1c852d9d-a188-4cd8-be5a-919ab6f18e4b" 404 - "HEAD http://[::1]:8080/v1/AUTH_e41560788c7b460fa374fdc94f22590f/gnocchi.1c852d9d-a188-4cd8-be5a-919ab6f18e4b" "txdaa33496033d426596a67-00699a7aa5" "proxy-server 100218" 0.0003 "-" 98786 0
