Feb 21 22:40:30 np0005625961.novalocal object-server[99152]: ::1 - - [22/Feb/2026:03:40:30 +0000] "PUT /2/229041/AUTH_e41560788c7b460fa374fdc94f22590f/gnocchi.e93fcefc-8548-47bf-9fc2-03fda1467d40/1771200000.0_mean_300.0_v3" 201 - "PUT https://[::1]:8080/v1/AUTH_e41560788c7b460fa374fdc94f22590f/gnocchi.e93fcefc-8548-47bf-9fc2-03fda1467d40/1771200000.0_mean_300.0_v3" "txf5b8bf6d162143cc84991-00699a7aae" "proxy-server 100218" 0.0143 "-" 99152 0
Feb 21 22:40:30 np0005625961.novalocal object-server[99152]: ::1 - - [22/Feb/2026:03:40:30 +0000] "PUT /1/229041/AUTH_e41560788c7b460fa374fdc94f22590f/gnocchi.e93fcefc-8548-47bf-9fc2-03fda1467d40/1771200000.0_mean_300.0_v3" 201 - "PUT https://[::1]:8080/v1/AUTH_e41560788c7b460fa374fdc94f22590f/gnocchi.e93fcefc-8548-47bf-9fc2-03fda1467d40/1771200000.0_mean_300.0_v3" "txf5b8bf6d162143cc84991-00699a7aae" "proxy-server 100218" 0.0193 "-" 99152 0
Feb 21 22:40:30 np0005625961.novalocal proxy-server[100218]: ::1 ::1 22/Feb/2026/03/40/30 PUT /v1/AUTH_e41560788c7b460fa374fdc94f22590f/gnocchi.e93fcefc-8548-47bf-9fc2-03fda1467d40/1771200000.0_mean_300.0_v3 HTTP/1.0 201 - python-swiftclient-4.8.0 gAAAAABpmnpRlsm9... 16 - - txf5b8bf6d162143cc84991-00699a7aae - 0.0300 - - 1771731630.507753372 1771731630.537725210 0 17d6eceedce248e7bcac4363c7b2aeaa
Feb 21 22:40:30 np0005625961.novalocal haproxy-metadata-proxy-ee4e1564-c707-4521-806f-c32c61dfc892[107422]: ::ffff:10.100.0.9:47408 [21/Feb/2026:22:40:29.527] listener listener/metadata 0/0/0/1022/1022 200 97 - - ---- 1/1/0/0/0 0/0 "GET /2009-04-04/meta-data/instance-id HTTP/1.1"
Feb 21 22:40:30 np0005625961.novalocal container-server[98786]: ::1 - - [22/Feb/2026:03:40:30 +0000] "PUT /1/1237/AUTH_e41560788c7b460fa374fdc94f22590f/gnocchi.e93fcefc-8548-47bf-9fc2-03fda1467d40/none_v3" 201 - "PUT http://[::1]:8080/3/25701/AUTH_e41560788c7b460fa374fdc94f22590f/gnocchi.e93fcefc-8548-47bf-9fc2-03fda1467d40/none_v3" "tx6c8bbcf53c244ce491d64-00699a7aae" "object-server 99151" 0.0006 "-" 98786 0
Feb 21 22:40:30 np0005625961.novalocal object-server[99151]: ::1 - - [22/Feb/2026:03:40:30 +0000] "PUT /3/25701/AUTH_e41560788c7b460fa374fdc94f22590f/gnocchi.e93fcefc-8548-47bf-9fc2-03fda1467d40/none_v3" 201 - "PUT https://[::1]:8080/v1/AUTH_e41560788c7b460fa374fdc94f22590f/gnocchi.e93fcefc-8548-47bf-9fc2-03fda1467d40/none_v3" "tx6c8bbcf53c244ce491d64-00699a7aae" "proxy-server 100218" 0.0118 "-" 99151 0
Feb 21 22:40:30 np0005625961.novalocal container-server[98786]: ::1 - - [22/Feb/2026:03:40:30 +0000] "PUT /3/1237/AUTH_e41560788c7b460fa374fdc94f22590f/gnocchi.e93fcefc-8548-47bf-9fc2-03fda1467d40/none_v3" 201 - "PUT http://[::1]:8080/2/25701/AUTH_e41560788c7b460fa374fdc94f22590f/gnocchi.e93fcefc-8548-47bf-9fc2-03fda1467d40/none_v3" "tx6c8bbcf53c244ce491d64-00699a7aae" "object-server 99152" 0.0005 "-" 98786 0
Feb 21 22:40:30 np0005625961.novalocal container-server[98785]: ::1 - - [22/Feb/2026:03:40:30 +0000] "PUT /2/1237/AUTH_e41560788c7b460fa374fdc94f22590f/gnocchi.e93fcefc-8548-47bf-9fc2-03fda1467d40/none_v3" 201 - "PUT http://[::1]:8080/1/25701/AUTH_e41560788c7b460fa374fdc94f22590f/gnocchi.e93fcefc-8548-47bf-9fc2-03fda1467d40/none_v3" "tx6c8bbcf53c244ce491d64-00699a7aae" "object-server 99152" 0.0008 "-" 98785 0
Feb 21 22:40:30 np0005625961.novalocal object-server[99152]: ::1 - - [22/Feb/2026:03:40:30 +0000] "PUT /2/25701/AUTH_e41560788c7b460fa374fdc94f22590f/gnocchi.e93fcefc-8548-47bf-9fc2-03fda1467d40/none_v3" 201 - "PUT https://[::1]:8080/v1/AUTH_e41560788c7b460fa374fdc94f22590f/gnocchi.e93fcefc-8548-47bf-9fc2-03fda1467d40/none_v3" "tx6c8bbcf53c244ce491d64-00699a7aae" "proxy-server 100218" 0.0127 "-" 99152 0
Feb 21 22:40:30 np0005625961.novalocal object-server[99152]: ::1 - - [22/Feb/2026:03:40:30 +0000] "PUT /1/25701/AUTH_e41560788c7b460fa374fdc94f22590f/gnocchi.e93fcefc-8548-47bf-9fc2-03fda1467d40/none_v3" 201 - "PUT https://[::1]:8080/v1/AUTH_e41560788c7b460fa374fdc94f22590f/gnocchi.e93fcefc-8548-47bf-9fc2-03fda1467d40/none_v3" "tx6c8bbcf53c244ce491d64-00699a7aae" "proxy-server 100218" 0.0162 "-" 99152 0
Feb 21 22:40:30 np0005625961.novalocal proxy-server[100218]: ::1 ::1 22/Feb/2026/03/40/30 PUT /v1/AUTH_e41560788c7b460fa374fdc94f22590f/gnocchi.e93fcefc-8548-47bf-9fc2-03fda1467d40/none_v3 HTTP/1.0 201 - python-swiftclient-4.8.0 gAAAAABpmnpRlsm9... 22 - - tx6c8bbcf53c244ce491d64-00699a7aae - 0.0236 - - 1771731630.541832209 1771731630.565460682 0 17d6eceedce248e7bcac4363c7b2aeaa
Feb 21 22:40:30 np0005625961.novalocal container-server[98785]: ::1 - - [22/Feb/2026:03:40:30 +0000] "HEAD /2/67995/AUTH_e41560788c7b460fa374fdc94f22590f/gnocchi.97766be8-ce41-454e-865f-94b49b0a76dc" 404 - "HEAD http://[::1]:8080/v1/AUTH_e41560788c7b460fa374fdc94f22590f/gnocchi.97766be8-ce41-454e-865f-94b49b0a76dc" "tx0ab2daaf56084ca589420-00699a7aae" "proxy-server 100218" 0.0005 "-" 98785 0
Feb 21 22:40:30 np0005625961.novalocal container-server[98785]: ::1 - - [22/Feb/2026:03:40:30 +0000] "HEAD /1/67995/AUTH_e41560788c7b460fa374fdc94f22590f/gnocchi.97766be8-ce41-454e-865f-94b49b0a76dc" 404 - "HEAD http://[::1]:8080/v1/AUTH_e41560788c7b460fa374fdc94f22590f/gnocchi.97766be8-ce41-454e-865f-94b49b0a76dc" "tx0ab2daaf56084ca589420-00699a7aae" "proxy-server 100218" 0.0004 "-" 98785 0
Feb 21 22:40:30 np0005625961.novalocal container-server[98786]: ::1 - - [22/Feb/2026:03:40:30 +0000] "HEAD /3/67995/AUTH_e41560788c7b460fa374fdc94f22590f/gnocchi.97766be8-ce41-454e-865f-94b49b0a76dc" 404 - "HEAD http://[::1]:8080/v1/AUTH_e41560788c7b460fa374fdc94f22590f/gnocchi.97766be8-ce41-454e-865f-94b49b0a76dc" "tx0ab2daaf56084ca589420-00699a7aae" "proxy-server 100218" 0.0005 "-" 98786 0
Feb 21 22:40:30 np0005625961.novalocal proxy-server[100218]: - - 22/Feb/2026/03/40/30 HEAD /v1/AUTH_e41560788c7b460fa374fdc94f22590f/gnocchi.97766be8-ce41-454e-865f-94b49b0a76dc HTTP/1.0 404 - Swift - - - - tx0ab2daaf56084ca589420-00699a7aae - 0.0124 CS - 1771731630.620326996 1771731630.632730722 0 -
Feb 21 22:40:30 np0005625961.novalocal object-server[99151]: ::1 - - [22/Feb/2026:03:40:30 +0000] "GET /2/206176/AUTH_e41560788c7b460fa374fdc94f22590f/gnocchi.97766be8-ce41-454e-865f-94b49b0a76dc/none_v3" 404 70 "GET https://[::1]:8080/v1/AUTH_e41560788c7b460fa374fdc94f22590f/gnocchi.97766be8-ce41-454e-865f-94b49b0a76dc/none_v3" "tx0ab2daaf56084ca589420-00699a7aae" "proxy-server 100218" 0.0005 "-" 99151 0
Feb 21 22:40:30 np0005625961.novalocal object-server[99152]: ::1 - - [22/Feb/2026:03:40:30 +0000] "GET /3/206176/AUTH_e41560788c7b460fa374fdc94f22590f/gnocchi.97766be8-ce41-454e-865f-94b49b0a76dc/none_v3" 404 70 "GET https://[::1]:8080/v1/AUTH_e41560788c7b460fa374fdc94f22590f/gnocchi.97766be8-ce41-454e-865f-94b49b0a76dc/none_v3" "tx0ab2daaf56084ca589420-00699a7aae" "proxy-server 100218" 0.0005 "-" 99152 0
Feb 21 22:40:30 np0005625961.novalocal object-server[99151]: ::1 - - [22/Feb/2026:03:40:30 +0000] "GET /1/206176/AUTH_e41560788c7b460fa374fdc94f22590f/gnocchi.97766be8-ce41-454e-865f-94b49b0a76dc/none_v3" 404 70 "GET https://[::1]:8080/v1/AUTH_e41560788c7b460fa374fdc94f22590f/gnocchi.97766be8-ce41-454e-865f-94b49b0a76dc/none_v3" "tx0ab2daaf56084ca589420-00699a7aae" "proxy-server 100218" 0.0004 "-" 99151 0
Feb 21 22:40:30 np0005625961.novalocal proxy-server[100218]: ::1 ::1 22/Feb/2026/03/40/30 GET /v1/AUTH_e41560788c7b460fa374fdc94f22590f/gnocchi.97766be8-ce41-454e-865f-94b49b0a76dc/none_v3 HTTP/1.0 404 - python-swiftclient-4.8.0 gAAAAABpmnpRlsm9... - 70 - tx0ab2daaf56084ca589420-00699a7aae - 0.0330 - - 1771731630.619290113 1771731630.652266264 0 17d6eceedce248e7bcac4363c7b2aeaa
Feb 21 22:40:30 np0005625961.novalocal account-server[98425]: ::1 - - [22/Feb/2026:03:40:30 +0000] "PUT /1/161627/AUTH_e41560788c7b460fa374fdc94f22590f/gnocchi.97766be8-ce41-454e-865f-94b49b0a76dc" 201 - "PUT http://[::1]:6001/2/67995/AUTH_e41560788c7b460fa374fdc94f22590f/gnocchi.97766be8-ce41-454e-865f-94b49b0a76dc" "tx5ff87bbb1fdb451a8e8d8-00699a7aae" "container-server 98786" 0.0047 "-" 98425 0
Feb 21 22:40:30 np0005625961.novalocal container-server[98786]: ::1 - - [22/Feb/2026:03:40:30 +0000] "PUT /2/67995/AUTH_e41560788c7b460fa374fdc94f22590f/gnocchi.97766be8-ce41-454e-865f-94b49b0a76dc" 201 - "PUT https://[::1]:8080/v1/AUTH_e41560788c7b460fa374fdc94f22590f/gnocchi.97766be8-ce41-454e-865f-94b49b0a76dc" "tx5ff87bbb1fdb451a8e8d8-00699a7aae" "proxy-server 100218" 0.0327 "-" 98786 0
Feb 21 22:40:30 np0005625961.novalocal account-server[98426]: ::1 - - [22/Feb/2026:03:40:30 +0000] "PUT /3/161627/AUTH_e41560788c7b460fa374fdc94f22590f/gnocchi.97766be8-ce41-454e-865f-94b49b0a76dc" 201 - "PUT http://[::1]:6001/3/67995/AUTH_e41560788c7b460fa374fdc94f22590f/gnocchi.97766be8-ce41-454e-865f-94b49b0a76dc" "tx5ff87bbb1fdb451a8e8d8-00699a7aae" "container-server 98786" 0.0050 "-" 98426 0
Feb 21 22:40:30 np0005625961.novalocal container-server[98786]: ::1 - - [22/Feb/2026:03:40:30 +0000] "PUT /3/67995/AUTH_e41560788c7b460fa374fdc94f22590f/gnocchi.97766be8-ce41-454e-865f-94b49b0a76dc" 201 - "PUT https://[::1]:8080/v1/AUTH_e41560788c7b460fa374fdc94f22590f/gnocchi.97766be8-ce41-454e-865f-94b49b0a76dc" "tx5ff87bbb1fdb451a8e8d8-00699a7aae" "proxy-server 100218" 0.0289 "-" 98786 0
Feb 21 22:40:30 np0005625961.novalocal account-server[98426]: ::1 - - [22/Feb/2026:03:40:30 +0000] "PUT /2/161627/AUTH_e41560788c7b460fa374fdc94f22590f/gnocchi.97766be8-ce41-454e-865f-94b49b0a76dc" 201 - "PUT http://[::1]:6001/1/67995/AUTH_e41560788c7b460fa374fdc94f22590f/gnocchi.97766be8-ce41-454e-865f-94b49b0a76dc" "tx5ff87bbb1fdb451a8e8d8-00699a7aae" "container-server 98786" 0.0050 "-" 98426 0
Feb 21 22:40:30 np0005625961.novalocal container-server[98786]: ::1 - - [22/Feb/2026:03:40:30 +0000] "PUT /1/67995/AUTH_e41560788c7b460fa374fdc94f22590f/gnocchi.97766be8-ce41-454e-865f-94b49b0a76dc" 201 - "PUT https://[::1]:8080/v1/AUTH_e41560788c7b460fa374fdc94f22590f/gnocchi.97766be8-ce41-454e-865f-94b49b0a76dc" "tx5ff87bbb1fdb451a8e8d8-00699a7aae" "proxy-server 100218" 0.0229 "-" 98786 0
Feb 21 22:40:30 np0005625961.novalocal proxy-server[100218]: ::1 ::1 22/Feb/2026/03/40/30 PUT /v1/AUTH_e41560788c7b460fa374fdc94f22590f/gnocchi.97766be8-ce41-454e-865f-94b49b0a76dc HTTP/1.0 201 - python-swiftclient-4.8.0 gAAAAABpmnpRlsm9... - - - tx5ff87bbb1fdb451a8e8d8-00699a7aae - 0.0577 - - 1771731630.655930519 1771731630.713661194 0 17d6eceedce248e7bcac4363c7b2aeaa
Feb 21 22:40:30 np0005625961.novalocal container-server[98785]: ::1 - - [22/Feb/2026:03:40:30 +0000] "HEAD /2/67995/AUTH_e41560788c7b460fa374fdc94f22590f/gnocchi.97766be8-ce41-454e-865f-94b49b0a76dc" 204 - "HEAD http://[::1]:8080/v1/AUTH_e41560788c7b460fa374fdc94f22590f/gnocchi.97766be8-ce41-454e-865f-94b49b0a76dc" "txa3328defb037486894c9f-00699a7aae" "proxy-server 100218" 0.0021 "-" 98785 0
Feb 21 22:40:30 np0005625961.novalocal proxy-server[100218]: - - 22/Feb/2026/03/40/30 HEAD /v1/AUTH_e41560788c7b460fa374fdc94f22590f/gnocchi.97766be8-ce41-454e-865f-94b49b0a76dc HTTP/1.0 204 - Swift - - - - txa3328defb037486894c9f-00699a7aae - 0.0065 CS - 1771731630.720132589 1771731630.726608753 0 -
Feb 21 22:40:30 np0005625961.novalocal container-server[98786]: ::1 - - [22/Feb/2026:03:40:30 +0000] "GET /1/67995/AUTH_e41560788c7b460fa374fdc94f22590f/gnocchi.97766be8-ce41-454e-865f-94b49b0a76dc" 200 2 "GET https://[::1]:8080/v1/AUTH_e41560788c7b460fa374fdc94f22590f/gnocchi.97766be8-ce41-454e-865f-94b49b0a76dc?format=json&states=listing" "txa3328defb037486894c9f-00699a7aae" "proxy-server 100218" 0.0035 "-" 98786 0
Feb 21 22:40:30 np0005625961.novalocal proxy-server[100218]: ::1 ::1 22/Feb/2026/03/40/30 GET /v1/AUTH_e41560788c7b460fa374fdc94f22590f/gnocchi.97766be8-ce41-454e-865f-94b49b0a76dc%3Fformat%3Djson%26states%3Dlisting HTTP/1.0 200 - python-swiftclient-4.8.0 gAAAAABpmnpRlsm9... - 2 - txa3328defb037486894c9f-00699a7aae - 0.0194 - - 1771731630.719268322 1771731630.738714695 0 17d6eceedce248e7bcac4363c7b2aeaa
Feb 21 22:40:30 np0005625961.novalocal object-server[99152]: ::1 - - [22/Feb/2026:03:40:30 +0000] "GET /1/97326/AUTH_e41560788c7b460fa374fdc94f22590f/gnocchi.97766be8-ce41-454e-865f-94b49b0a76dc/1771200000.0_mean_300.0_v3" 404 70 "GET https://[::1]:8080/v1/AUTH_e41560788c7b460fa374fdc94f22590f/gnocchi.97766be8-ce41-454e-865f-94b49b0a76dc/1771200000.0_mean_300.0_v3" "tx3206ad92c2bd4b0cbed58-00699a7aae" "proxy-server 100218" 0.0005 "-" 99152 0
Feb 21 22:40:30 np0005625961.novalocal object-server[99152]: ::1 - - [22/Feb/2026:03:40:30 +0000] "GET /2/97326/AUTH_e41560788c7b460fa374fdc94f22590f/gnocchi.97766be8-ce41-454e-865f-94b49b0a76dc/1771200000.0_mean_300.0_v3" 404 70 "GET https://[::1]:8080/v1/AUTH_e41560788c7b460fa374fdc94f22590f/gnocchi.97766be8-ce41-454e-865f-94b49b0a76dc/1771200000.0_mean_300.0_v3" "tx3206ad92c2bd4b0cbed58-00699a7aae" "proxy-server 100218" 0.0003 "-" 99152 0
Feb 21 22:40:30 np0005625961.novalocal object-server[99151]: ::1 - - [22/Feb/2026:03:40:30 +0000] "GET /3/97326/AUTH_e41560788c7b460fa374fdc94f22590f/gnocchi.97766be8-ce41-454e-865f-94b49b0a76dc/1771200000.0_mean_300.0_v3" 404 70 "GET https://[::1]:8080/v1/AUTH_e41560788c7b460fa374fdc94f22590f/gnocchi.97766be8-ce41-454e-865f-94b49b0a76dc/1771200000.0_mean_300.0_v3" "tx3206ad92c2bd4b0cbed58-00699a7aae" "proxy-server 100218" 0.0005 "-" 99151 0
Feb 21 22:40:30 np0005625961.novalocal proxy-server[100218]: ::1 ::1 22/Feb/2026/03/40/30 GET /v1/AUTH_e41560788c7b460fa374fdc94f22590f/gnocchi.97766be8-ce41-454e-865f-94b49b0a76dc/1771200000.0_mean_300.0_v3 HTTP/1.0 404 - python-swiftclient-4.8.0 gAAAAABpmnpRlsm9... - 70 - tx3206ad92c2bd4b0cbed58-00699a7aae - 0.0149 - - 1771731630.744346142 1771731630.759222269 0 17d6eceedce248e7bcac4363c7b2aeaa
Feb 21 22:40:30 np0005625961.novalocal container-server[98786]: ::1 - - [22/Feb/2026:03:40:30 +0000] "PUT /1/67995/AUTH_e41560788c7b460fa374fdc94f22590f/gnocchi.97766be8-ce41-454e-865f-94b49b0a76dc/1771200000.0_mean_300.0_v3" 201 - "PUT http://[::1]:8080/3/97326/AUTH_e41560788c7b460fa374fdc94f22590f/gnocchi.97766be8-ce41-454e-865f-94b49b0a76dc/1771200000.0_mean_300.0_v3" "txd9191e9c8c1c4fd293430-00699a7aae" "object-server 99151" 0.0013 "-" 98786 0
Feb 21 22:40:30 np0005625961.novalocal object-server[99151]: ::1 - - [22/Feb/2026:03:40:30 +0000] "PUT /3/97326/AUTH_e41560788c7b460fa374fdc94f22590f/gnocchi.97766be8-ce41-454e-865f-94b49b0a76dc/1771200000.0_mean_300.0_v3" 201 - "PUT https://[::1]:8080/v1/AUTH_e41560788c7b460fa374fdc94f22590f/gnocchi.97766be8-ce41-454e-865f-94b49b0a76dc/1771200000.0_mean_300.0_v3" "txd9191e9c8c1c4fd293430-00699a7aae" "proxy-server 100218" 0.0127 "-" 99151 0
Feb 21 22:40:30 np0005625961.novalocal container-server[98786]: ::1 - - [22/Feb/2026:03:40:30 +0000] "PUT /3/67995/AUTH_e41560788c7b460fa374fdc94f22590f/gnocchi.97766be8-ce41-454e-865f-94b49b0a76dc/1771200000.0_mean_300.0_v3" 201 - "PUT http://[::1]:8080/1/97326/AUTH_e41560788c7b460fa374fdc94f22590f/gnocchi.97766be8-ce41-454e-865f-94b49b0a76dc/1771200000.0_mean_300.0_v3" "txd9191e9c8c1c4fd293430-00699a7aae" "object-server 99152" 0.0007 "-" 98786 0
Feb 21 22:40:30 np0005625961.novalocal container-server[98785]: ::1 - - [22/Feb/2026:03:40:30 +0000] "PUT /2/67995/AUTH_e41560788c7b460fa374fdc94f22590f/gnocchi.97766be8-ce41-454e-865f-94b49b0a76dc/1771200000.0_mean_300.0_v3" 201 - "PUT http://[::1]:8080/2/97326/AUTH_e41560788c7b460fa374fdc94f22590f/gnocchi.97766be8-ce41-454e-865f-94b49b0a76dc/1771200000.0_mean_300.0_v3" "txd9191e9c8c1c4fd293430-00699a7aae" "object-server 99152" 0.0007 "-" 98785 0
Feb 21 22:40:30 np0005625961.novalocal object-server[99152]: ::1 - - [22/Feb/2026:03:40:30 +0000] "PUT /1/97326/AUTH_e41560788c7b460fa374fdc94f22590f/gnocchi.97766be8-ce41-454e-865f-94b49b0a76dc/1771200000.0_mean_300.0_v3" 201 - "PUT https://[::1]:8080/v1/AUTH_e41560788c7b460fa374fdc94f22590f/gnocchi.97766be8-ce41-454e-865f-94b49b0a76dc/1771200000.0_mean_300.0_v3" "txd9191e9c8c1c4fd293430-00699a7aae" "proxy-server 100218" 0.0134 "-" 99152 0
Feb 21 22:40:30 np0005625961.novalocal object-server[99152]: ::1 - - [22/Feb/2026:03:40:30 +0000] "PUT /2/97326/AUTH_e41560788c7b460fa374fdc94f22590f/gnocchi.97766be8-ce41-454e-865f-94b49b0a76dc/1771200000.0_mean_300.0_v3" 201 - "PUT https://[::1]:8080/v1/AUTH_e41560788c7b460fa374fdc94f22590f/gnocchi.97766be8-ce41-454e-865f-94b49b0a76dc/1771200000.0_mean_300.0_v3" "txd9191e9c8c1c4fd293430-00699a7aae" "proxy-server 100218" 0.0169 "-" 99152 0
Feb 21 22:40:30 np0005625961.novalocal proxy-server[100218]: ::1 ::1 22/Feb/2026/03/40/30 PUT /v1/AUTH_e41560788c7b460fa374fdc94f22590f/gnocchi.97766be8-ce41-454e-865f-94b49b0a76dc/1771200000.0_mean_300.0_v3 HTTP/1.0 201 - python-swiftclient-4.8.0 gAAAAABpmnpRlsm9... 16 - - txd9191e9c8c1c4fd293430-00699a7aae - 0.0320 - - 1771731630.764926672 1771731630.796907663 0 17d6eceedce248e7bcac4363c7b2aeaa
Feb 21 22:40:30 np0005625961.novalocal container-server[98786]: ::1 - - [22/Feb/2026:03:40:30 +0000] "PUT /2/67995/AUTH_e41560788c7b460fa374fdc94f22590f/gnocchi.97766be8-ce41-454e-865f-94b49b0a76dc/none_v3" 201 - "PUT http://[::1]:8080/3/206176/AUTH_e41560788c7b460fa374fdc94f22590f/gnocchi.97766be8-ce41-454e-865f-94b49b0a76dc/none_v3" "txdf02953ffa8449fbacc54-00699a7aae" "object-server 99152" 0.0006 "-" 98786 0
Feb 21 22:40:30 np0005625961.novalocal object-server[99152]: ::1 - - [22/Feb/2026:03:40:30 +0000] "PUT /3/206176/AUTH_e41560788c7b460fa374fdc94f22590f/gnocchi.97766be8-ce41-454e-865f-94b49b0a76dc/none_v3" 201 - "PUT https://[::1]:8080/v1/AUTH_e41560788c7b460fa374fdc94f22590f/gnocchi.97766be8-ce41-454e-865f-94b49b0a76dc/none_v3" "txdf02953ffa8449fbacc54-00699a7aae" "proxy-server 100218" 0.0129 "-" 99152 0
Feb 21 22:40:30 np0005625961.novalocal container-server[98786]: ::1 - - [22/Feb/2026:03:40:30 +0000] "PUT /3/67995/AUTH_e41560788c7b460fa374fdc94f22590f/gnocchi.97766be8-ce41-454e-865f-94b49b0a76dc/none_v3" 201 - "PUT http://[::1]:8080/2/206176/AUTH_e41560788c7b460fa374fdc94f22590f/gnocchi.97766be8-ce41-454e-865f-94b49b0a76dc/none_v3" "txdf02953ffa8449fbacc54-00699a7aae" "object-server 99151" 0.0005 "-" 98786 0
Feb 21 22:40:30 np0005625961.novalocal object-server[99151]: ::1 - - [22/Feb/2026:03:40:30 +0000] "PUT /2/206176/AUTH_e41560788c7b460fa374fdc94f22590f/gnocchi.97766be8-ce41-454e-865f-94b49b0a76dc/none_v3" 201 - "PUT https://[::1]:8080/v1/AUTH_e41560788c7b460fa374fdc94f22590f/gnocchi.97766be8-ce41-454e-865f-94b49b0a76dc/none_v3" "txdf02953ffa8449fbacc54-00699a7aae" "proxy-server 100218" 0.0133 "-" 99151 0
Feb 21 22:40:30 np0005625961.novalocal container-server[98786]: ::1 - - [22/Feb/2026:03:40:30 +0000] "PUT /1/67995/AUTH_e41560788c7b460fa374fdc94f22590f/gnocchi.97766be8-ce41-454e-865f-94b49b0a76dc/none_v3" 201 - "PUT http://[::1]:8080/1/206176/AUTH_e41560788c7b460fa374fdc94f22590f/gnocchi.97766be8-ce41-454e-865f-94b49b0a76dc/none_v3" "txdf02953ffa8449fbacc54-00699a7aae" "object-server 99151" 0.0006 "-" 98786 0
Feb 21 22:40:30 np0005625961.novalocal object-server[99151]: ::1 - - [22/Feb/2026:03:40:30 +0000] "PUT /1/206176/AUTH_e41560788c7b460fa374fdc94f22590f/gnocchi.97766be8-ce41-454e-865f-94b49b0a76dc/none_v3" 201 - "PUT https://[::1]:8080/v1/AUTH_e41560788c7b460fa374fdc94f22590f/gnocchi.97766be8-ce41-454e-865f-94b49b0a76dc/none_v3" "txdf02953ffa8449fbacc54-00699a7aae" "proxy-server 100218" 0.0173 "-" 99151 0
Feb 21 22:40:30 np0005625961.novalocal proxy-server[100218]: ::1 ::1 22/Feb/2026/03/40/30 PUT /v1/AUTH_e41560788c7b460fa374fdc94f22590f/gnocchi.97766be8-ce41-454e-865f-94b49b0a76dc/none_v3 HTTP/1.0 201 - python-swiftclient-4.8.0 gAAAAABpmnpRlsm9... 22 - - txdf02953ffa8449fbacc54-00699a7aae - 0.0280 - - 1771731630.802140951 1771731630.830101728 0 17d6eceedce248e7bcac4363c7b2aeaa
Feb 21 22:40:30 np0005625961.novalocal container-server[98786]: ::1 - - [22/Feb/2026:03:40:30 +0000] "HEAD /1/44320/AUTH_e41560788c7b460fa374fdc94f22590f/gnocchi.e6ed0e72-82b2-4ed2-8dd7-d48214783f5f" 404 - "HEAD http://[::1]:8080/v1/AUTH_e41560788c7b460fa374fdc94f22590f/gnocchi.e6ed0e72-82b2-4ed2-8dd7-d48214783f5f" "tx904eafb83de84219ba8e5-00699a7aae" "proxy-server 100218" 0.0004 "-" 98786 0
Feb 21 22:40:30 np0005625961.novalocal container-server[98785]: ::1 - - [22/Feb/2026:03:40:30 +0000] "HEAD /2/44320/AUTH_e41560788c7b460fa374fdc94f22590f/gnocchi.e6ed0e72-82b2-4ed2-8dd7-d48214783f5f" 404 - "HEAD http://[::1]:8080/v1/AUTH_e41560788c7b460fa374fdc94f22590f/gnocchi.e6ed0e72-82b2-4ed2-8dd7-d48214783f5f" "tx904eafb83de84219ba8e5-00699a7aae" "proxy-server 100218" 0.0004 "-" 98785 0
Feb 21 22:40:30 np0005625961.novalocal container-server[98785]: ::1 - - [22/Feb/2026:03:40:30 +0000] "HEAD /3/44320/AUTH_e41560788c7b460fa374fdc94f22590f/gnocchi.e6ed0e72-82b2-4ed2-8dd7-d48214783f5f" 404 - "HEAD http://[::1]:8080/v1/AUTH_e41560788c7b460fa374fdc94f22590f/gnocchi.e6ed0e72-82b2-4ed2-8dd7-d48214783f5f" "tx904eafb83de84219ba8e5-00699a7aae" "proxy-server 100218" 0.0003 "-" 98785 0
Feb 21 22:40:30 np0005625961.novalocal proxy-server[100218]: - - 22/Feb/2026/03/40/30 HEAD /v1/AUTH_e41560788c7b460fa374fdc94f22590f/gnocchi.e6ed0e72-82b2-4ed2-8dd7-d48214783f5f HTTP/1.0 404 - Swift - - - - tx904eafb83de84219ba8e5-00699a7aae - 0.0114 CS - 1771731630.847986698 1771731630.859427691 0 -
Feb 21 22:40:30 np0005625961.novalocal object-server[99151]: ::1 - - [22/Feb/2026:03:40:30 +0000] "GET /3/226352/AUTH_e41560788c7b460fa374fdc94f22590f/gnocchi.e6ed0e72-82b2-4ed2-8dd7-d48214783f5f/none_v3" 404 70 "GET https://[::1]:8080/v1/AUTH_e41560788c7b460fa374fdc94f22590f/gnocchi.e6ed0e72-82b2-4ed2-8dd7-d48214783f5f/none_v3" "tx904eafb83de84219ba8e5-00699a7aae" "proxy-server 100218" 0.0005 "-" 99151 0
Feb 21 22:40:30 np0005625961.novalocal object-server[99152]: ::1 - - [22/Feb/2026:03:40:30 +0000] "GET /1/226352/AUTH_e41560788c7b460fa374fdc94f22590f/gnocchi.e6ed0e72-82b2-4ed2-8dd7-d48214783f5f/none_v3" 404 70 "GET https://[::1]:8080/v1/AUTH_e41560788c7b460fa374fdc94f22590f/gnocchi.e6ed0e72-82b2-4ed2-8dd7-d48214783f5f/none_v3" "tx904eafb83de84219ba8e5-00699a7aae" "proxy-server 100218" 0.0006 "-" 99152 0
Feb 21 22:40:30 np0005625961.novalocal object-server[99152]: ::1 - - [22/Feb/2026:03:40:30 +0000] "GET /2/226352/AUTH_e41560788c7b460fa374fdc94f22590f/gnocchi.e6ed0e72-82b2-4ed2-8dd7-d48214783f5f/none_v3" 404 70 "GET https://[::1]:8080/v1/AUTH_e41560788c7b460fa374fdc94f22590f/gnocchi.e6ed0e72-82b2-4ed2-8dd7-d48214783f5f/none_v3" "tx904eafb83de84219ba8e5-00699a7aae" "proxy-server 100218" 0.0004 "-" 99152 0
Feb 21 22:40:30 np0005625961.novalocal proxy-server[100218]: ::1 ::1 22/Feb/2026/03/40/30 GET /v1/AUTH_e41560788c7b460fa374fdc94f22590f/gnocchi.e6ed0e72-82b2-4ed2-8dd7-d48214783f5f/none_v3 HTTP/1.0 404 - python-swiftclient-4.8.0 gAAAAABpmnpRlsm9... - 70 - tx904eafb83de84219ba8e5-00699a7aae - 0.0287 - - 1771731630.847022772 1771731630.875713110 0 17d6eceedce248e7bcac4363c7b2aeaa
Feb 21 22:40:30 np0005625961.novalocal account-server[98426]: ::1 - - [22/Feb/2026:03:40:30 +0000] "PUT /3/161627/AUTH_e41560788c7b460fa374fdc94f22590f/gnocchi.e6ed0e72-82b2-4ed2-8dd7-d48214783f5f" 201 - "PUT http://[::1]:6001/3/44320/AUTH_e41560788c7b460fa374fdc94f22590f/gnocchi.e6ed0e72-82b2-4ed2-8dd7-d48214783f5f" "txbf784bebe5474c3786749-00699a7aae" "container-server 98786" 0.0048 "-" 98426 0
Feb 21 22:40:30 np0005625961.novalocal container-server[98786]: ::1 - - [22/Feb/2026:03:40:30 +0000] "PUT /3/44320/AUTH_e41560788c7b460fa374fdc94f22590f/gnocchi.e6ed0e72-82b2-4ed2-8dd7-d48214783f5f" 201 - "PUT https://[::1]:8080/v1/AUTH_e41560788c7b460fa374fdc94f22590f/gnocchi.e6ed0e72-82b2-4ed2-8dd7-d48214783f5f" "txbf784bebe5474c3786749-00699a7aae" "proxy-server 100218" 0.0188 "-" 98786 0
Feb 21 22:40:30 np0005625961.novalocal account-server[98426]: ::1 - - [22/Feb/2026:03:40:30 +0000] "PUT /1/161627/AUTH_e41560788c7b460fa374fdc94f22590f/gnocchi.e6ed0e72-82b2-4ed2-8dd7-d48214783f5f" 201 - "PUT http://[::1]:6001/1/44320/AUTH_e41560788c7b460fa374fdc94f22590f/gnocchi.e6ed0e72-82b2-4ed2-8dd7-d48214783f5f" "txbf784bebe5474c3786749-00699a7aae" "container-server 98785" 0.0046 "-" 98426 0
Feb 21 22:40:30 np0005625961.novalocal container-server[98785]: ::1 - - [22/Feb/2026:03:40:30 +0000] "PUT /1/44320/AUTH_e41560788c7b460fa374fdc94f22590f/gnocchi.e6ed0e72-82b2-4ed2-8dd7-d48214783f5f" 201 - "PUT https://[::1]:8080/v1/AUTH_e41560788c7b460fa374fdc94f22590f/gnocchi.e6ed0e72-82b2-4ed2-8dd7-d48214783f5f" "txbf784bebe5474c3786749-00699a7aae" "proxy-server 100218" 0.0307 "-" 98785 0
Feb 21 22:40:30 np0005625961.novalocal account-server[98426]: ::1 - - [22/Feb/2026:03:40:30 +0000] "PUT /2/161627/AUTH_e41560788c7b460fa374fdc94f22590f/gnocchi.e6ed0e72-82b2-4ed2-8dd7-d48214783f5f" 201 - "PUT http://[::1]:6001/2/44320/AUTH_e41560788c7b460fa374fdc94f22590f/gnocchi.e6ed0e72-82b2-4ed2-8dd7-d48214783f5f" "txbf784bebe5474c3786749-00699a7aae" "container-server 98785" 0.0051 "-" 98426 0
Feb 21 22:40:30 np0005625961.novalocal container-server[98785]: ::1 - - [22/Feb/2026:03:40:30 +0000] "PUT /2/44320/AUTH_e41560788c7b460fa374fdc94f22590f/gnocchi.e6ed0e72-82b2-4ed2-8dd7-d48214783f5f" 201 - "PUT https://[::1]:8080/v1/AUTH_e41560788c7b460fa374fdc94f22590f/gnocchi.e6ed0e72-82b2-4ed2-8dd7-d48214783f5f" "txbf784bebe5474c3786749-00699a7aae" "proxy-server 100218" 0.0224 "-" 98785 0
Feb 21 22:40:30 np0005625961.novalocal proxy-server[100218]: ::1 ::1 22/Feb/2026/03/40/30 PUT /v1/AUTH_e41560788c7b460fa374fdc94f22590f/gnocchi.e6ed0e72-82b2-4ed2-8dd7-d48214783f5f HTTP/1.0 201 - python-swiftclient-4.8.0 gAAAAABpmnpRlsm9... - - - txbf784bebe5474c3786749-00699a7aae - 0.0471 - - 1771731630.880141258 1771731630.927240610 0 17d6eceedce248e7bcac4363c7b2aeaa
Feb 21 22:40:30 np0005625961.novalocal container-server[98785]: ::1 - - [22/Feb/2026:03:40:30 +0000] "HEAD /3/44320/AUTH_e41560788c7b460fa374fdc94f22590f/gnocchi.e6ed0e72-82b2-4ed2-8dd7-d48214783f5f" 204 - "HEAD http://[::1]:8080/v1/AUTH_e41560788c7b460fa374fdc94f22590f/gnocchi.e6ed0e72-82b2-4ed2-8dd7-d48214783f5f" "txf21d51fb534247ab9270a-00699a7aae" "proxy-server 100218" 0.0020 "-" 98785 0
Feb 21 22:40:30 np0005625961.novalocal proxy-server[100218]: - - 22/Feb/2026/03/40/30 HEAD /v1/AUTH_e41560788c7b460fa374fdc94f22590f/gnocchi.e6ed0e72-82b2-4ed2-8dd7-d48214783f5f HTTP/1.0 204 - Swift - - - - txf21d51fb534247ab9270a-00699a7aae - 0.0063 CS - 1771731630.932749271 1771731630.939064264 0 -
Feb 21 22:40:30 np0005625961.novalocal container-server[98785]: ::1 - - [22/Feb/2026:03:40:30 +0000] "GET /3/44320/AUTH_e41560788c7b460fa374fdc94f22590f/gnocchi.e6ed0e72-82b2-4ed2-8dd7-d48214783f5f" 200 2 "GET https://[::1]:8080/v1/AUTH_e41560788c7b460fa374fdc94f22590f/gnocchi.e6ed0e72-82b2-4ed2-8dd7-d48214783f5f?format=json&states=listing" "txf21d51fb534247ab9270a-00699a7aae" "proxy-server 100218" 0.0032 "-" 98785 0
Feb 21 22:40:30 np0005625961.novalocal proxy-server[100218]: ::1 ::1 22/Feb/2026/03/40/30 GET /v1/AUTH_e41560788c7b460fa374fdc94f22590f/gnocchi.e6ed0e72-82b2-4ed2-8dd7-d48214783f5f%3Fformat%3Djson%26states%3Dlisting HTTP/1.0 200 - python-swiftclient-4.8.0 gAAAAABpmnpRlsm9... - 2 - txf21d51fb534247ab9270a-00699a7aae - 0.0163 - - 1771731630.932148933 1771731630.948443651 0 17d6eceedce248e7bcac4363c7b2aeaa
Feb 21 22:40:30 np0005625961.novalocal object-server[99152]: ::1 - - [22/Feb/2026:03:40:30 +0000] "GET /1/92270/AUTH_e41560788c7b460fa374fdc94f22590f/gnocchi.e6ed0e72-82b2-4ed2-8dd7-d48214783f5f/1771200000.0_mean_300.0_v3" 404 70 "GET https://[::1]:8080/v1/AUTH_e41560788c7b460fa374fdc94f22590f/gnocchi.e6ed0e72-82b2-4ed2-8dd7-d48214783f5f/1771200000.0_mean_300.0_v3" "tx93158ea4ee8847f5a9404-00699a7aae" "proxy-server 100218" 0.0005 "-" 99152 0
Feb 21 22:40:30 np0005625961.novalocal object-server[99151]: ::1 - - [22/Feb/2026:03:40:30 +0000] "GET /2/92270/AUTH_e41560788c7b460fa374fdc94f22590f/gnocchi.e6ed0e72-82b2-4ed2-8dd7-d48214783f5f/1771200000.0_mean_300.0_v3" 404 70 "GET https://[::1]:8080/v1/AUTH_e41560788c7b460fa374fdc94f22590f/gnocchi.e6ed0e72-82b2-4ed2-8dd7-d48214783f5f/1771200000.0_mean_300.0_v3" "tx93158ea4ee8847f5a9404-00699a7aae" "proxy-server 100218" 0.0006 "-" 99151 0
Feb 21 22:40:30 np0005625961.novalocal object-server[99152]: ::1 - - [22/Feb/2026:03:40:30 +0000] "GET /3/92270/AUTH_e41560788c7b460fa374fdc94f22590f/gnocchi.e6ed0e72-82b2-4ed2-8dd7-d48214783f5f/1771200000.0_mean_300.0_v3" 404 70 "GET https://[::1]:8080/v1/AUTH_e41560788c7b460fa374fdc94f22590f/gnocchi.e6ed0e72-82b2-4ed2-8dd7-d48214783f5f/1771200000.0_mean_300.0_v3" "tx93158ea4ee8847f5a9404-00699a7aae" "proxy-server 100218" 0.0004 "-" 99152 0
Feb 21 22:40:30 np0005625961.novalocal proxy-server[100218]: ::1 ::1 22/Feb/2026/03/40/30 GET /v1/AUTH_e41560788c7b460fa374fdc94f22590f/gnocchi.e6ed0e72-82b2-4ed2-8dd7-d48214783f5f/1771200000.0_mean_300.0_v3 HTTP/1.0 404 - python-swiftclient-4.8.0 gAAAAABpmnpRlsm9... - 70 - tx93158ea4ee8847f5a9404-00699a7aae - 0.0180 - - 1771731630.953017950 1771731630.971002817 0 17d6eceedce248e7bcac4363c7b2aeaa
Feb 21 22:40:30 np0005625961.novalocal dmeventd[96214]: Monitoring thin pool cinder--volumes-cinder--volumes--pool-tpool.
Feb 21 22:40:31 np0005625961.novalocal container-server[98785]: ::1 - - [22/Feb/2026:03:40:31 +0000] "PUT /1/44320/AUTH_e41560788c7b460fa374fdc94f22590f/gnocchi.e6ed0e72-82b2-4ed2-8dd7-d48214783f5f/1771200000.0_mean_300.0_v3" 201 - "PUT http://[::1]:8080/2/92270/AUTH_e41560788c7b460fa374fdc94f22590f/gnocchi.e6ed0e72-82b2-4ed2-8dd7-d48214783f5f/1771200000.0_mean_300.0_v3" "tx4760f329825641ba8fac7-00699a7aae" "object-server 99152" 0.0010 "-" 98785 0
Feb 21 22:40:31 np0005625961.novalocal object-server[99152]: ::1 - - [22/Feb/2026:03:40:31 +0000] "PUT /2/92270/AUTH_e41560788c7b460fa374fdc94f22590f/gnocchi.e6ed0e72-82b2-4ed2-8dd7-d48214783f5f/1771200000.0_mean_300.0_v3" 201 - "PUT https://[::1]:8080/v1/AUTH_e41560788c7b460fa374fdc94f22590f/gnocchi.e6ed0e72-82b2-4ed2-8dd7-d48214783f5f/1771200000.0_mean_300.0_v3" "tx4760f329825641ba8fac7-00699a7aae" "proxy-server 100218" 0.0145 "-" 99152 0
Feb 21 22:40:31 np0005625961.novalocal container-server[98785]: ::1 - - [22/Feb/2026:03:40:31 +0000] "PUT /2/44320/AUTH_e41560788c7b460fa374fdc94f22590f/gnocchi.e6ed0e72-82b2-4ed2-8dd7-d48214783f5f/1771200000.0_mean_300.0_v3" 201 - "PUT http://[::1]:8080/1/92270/AUTH_e41560788c7b460fa374fdc94f22590f/gnocchi.e6ed0e72-82b2-4ed2-8dd7-d48214783f5f/1771200000.0_mean_300.0_v3" "tx4760f329825641ba8fac7-00699a7aae" "object-server 99151" 0.0006 "-" 98785 0
Feb 21 22:40:31 np0005625961.novalocal container-server[98786]: ::1 - - [22/Feb/2026:03:40:31 +0000] "PUT /3/44320/AUTH_e41560788c7b460fa374fdc94f22590f/gnocchi.e6ed0e72-82b2-4ed2-8dd7-d48214783f5f/1771200000.0_mean_300.0_v3" 201 - "PUT http://[::1]:8080/3/92270/AUTH_e41560788c7b460fa374fdc94f22590f/gnocchi.e6ed0e72-82b2-4ed2-8dd7-d48214783f5f/1771200000.0_mean_300.0_v3" "tx4760f329825641ba8fac7-00699a7aae" "object-server 99151" 0.0008 "-" 98786 0
Feb 21 22:40:31 np0005625961.novalocal object-server[99151]: ::1 - - [22/Feb/2026:03:40:31 +0000] "PUT /1/92270/AUTH_e41560788c7b460fa374fdc94f22590f/gnocchi.e6ed0e72-82b2-4ed2-8dd7-d48214783f5f/1771200000.0_mean_300.0_v3" 201 - "PUT https://[::1]:8080/v1/AUTH_e41560788c7b460fa374fdc94f22590f/gnocchi.e6ed0e72-82b2-4ed2-8dd7-d48214783f5f/1771200000.0_mean_300.0_v3" "tx4760f329825641ba8fac7-00699a7aae" "proxy-server 100218" 0.0167 "-" 99151 0
Feb 21 22:40:31 np0005625961.novalocal object-server[99151]: ::1 - - [22/Feb/2026:03:40:31 +0000] "PUT /3/92270/AUTH_e41560788c7b460fa374fdc94f22590f/gnocchi.e6ed0e72-82b2-4ed2-8dd7-d48214783f5f/1771200000.0_mean_300.0_v3" 201 - "PUT https://[::1]:8080/v1/AUTH_e41560788c7b460fa374fdc94f22590f/gnocchi.e6ed0e72-82b2-4ed2-8dd7-d48214783f5f/1771200000.0_mean_300.0_v3" "tx4760f329825641ba8fac7-00699a7aae" "proxy-server 100218" 0.0158 "-" 99151 0
Feb 21 22:40:31 np0005625961.novalocal proxy-server[100218]: ::1 ::1 22/Feb/2026/03/40/31 PUT /v1/AUTH_e41560788c7b460fa374fdc94f22590f/gnocchi.e6ed0e72-82b2-4ed2-8dd7-d48214783f5f/1771200000.0_mean_300.0_v3 HTTP/1.0 201 - python-swiftclient-4.8.0 gAAAAABpmnpRlsm9... 16 - - tx4760f329825641ba8fac7-00699a7aae - 0.0287 - - 1771731630.977314711 1771731631.006014109 0 17d6eceedce248e7bcac4363c7b2aeaa
Feb 21 22:40:31 np0005625961.novalocal container-server[98785]: ::1 - - [22/Feb/2026:03:40:31 +0000] "PUT /3/44320/AUTH_e41560788c7b460fa374fdc94f22590f/gnocchi.e6ed0e72-82b2-4ed2-8dd7-d48214783f5f/none_v3" 201 - "PUT http://[::1]:8080/1/226352/AUTH_e41560788c7b460fa374fdc94f22590f/gnocchi.e6ed0e72-82b2-4ed2-8dd7-d48214783f5f/none_v3" "txb2eb9f6b3516488a849cf-00699a7aaf" "object-server 99151" 0.0008 "-" 98785 0
Feb 21 22:40:31 np0005625961.novalocal object-server[99151]: ::1 - - [22/Feb/2026:03:40:31 +0000] "PUT /1/226352/AUTH_e41560788c7b460fa374fdc94f22590f/gnocchi.e6ed0e72-82b2-4ed2-8dd7-d48214783f5f/none_v3" 201 - "PUT https://[::1]:8080/v1/AUTH_e41560788c7b460fa374fdc94f22590f/gnocchi.e6ed0e72-82b2-4ed2-8dd7-d48214783f5f/none_v3" "txb2eb9f6b3516488a849cf-00699a7aaf" "proxy-server 100218" 0.0161 "-" 99151 0
Feb 21 22:40:31 np0005625961.novalocal container-server[98786]: ::1 - - [22/Feb/2026:03:40:31 +0000] "PUT /1/44320/AUTH_e41560788c7b460fa374fdc94f22590f/gnocchi.e6ed0e72-82b2-4ed2-8dd7-d48214783f5f/none_v3" 201 - "PUT http://[::1]:8080/2/226352/AUTH_e41560788c7b460fa374fdc94f22590f/gnocchi.e6ed0e72-82b2-4ed2-8dd7-d48214783f5f/none_v3" "txb2eb9f6b3516488a849cf-00699a7aaf" "object-server 99152" 0.0006 "-" 98786 0
Feb 21 22:40:31 np0005625961.novalocal object-server[99152]: ::1 - - [22/Feb/2026:03:40:31 +0000] "PUT /2/226352/AUTH_e41560788c7b460fa374fdc94f22590f/gnocchi.e6ed0e72-82b2-4ed2-8dd7-d48214783f5f/none_v3" 201 - "PUT https://[::1]:8080/v1/AUTH_e41560788c7b460fa374fdc94f22590f/gnocchi.e6ed0e72-82b2-4ed2-8dd7-d48214783f5f/none_v3" "txb2eb9f6b3516488a849cf-00699a7aaf" "proxy-server 100218" 0.0147 "-" 99152 0
Feb 21 22:40:31 np0005625961.novalocal container-server[98786]: ::1 - - [22/Feb/2026:03:40:31 +0000] "PUT /2/44320/AUTH_e41560788c7b460fa374fdc94f22590f/gnocchi.e6ed0e72-82b2-4ed2-8dd7-d48214783f5f/none_v3" 201 - "PUT http://[::1]:8080/3/226352/AUTH_e41560788c7b460fa374fdc94f22590f/gnocchi.e6ed0e72-82b2-4ed2-8dd7-d48214783f5f/none_v3" "txb2eb9f6b3516488a849cf-00699a7aaf" "object-server 99152" 0.0013 "-" 98786 0
Feb 21 22:40:31 np0005625961.novalocal object-server[99152]: ::1 - - [22/Feb/2026:03:40:31 +0000] "PUT /3/226352/AUTH_e41560788c7b460fa374fdc94f22590f/gnocchi.e6ed0e72-82b2-4ed2-8dd7-d48214783f5f/none_v3" 201 - "PUT https://[::1]:8080/v1/AUTH_e41560788c7b460fa374fdc94f22590f/gnocchi.e6ed0e72-82b2-4ed2-8dd7-d48214783f5f/none_v3" "txb2eb9f6b3516488a849cf-00699a7aaf" "proxy-server 100218" 0.0200 "-" 99152 0
Feb 21 22:40:31 np0005625961.novalocal proxy-server[100218]: ::1 ::1 22/Feb/2026/03/40/31 PUT /v1/AUTH_e41560788c7b460fa374fdc94f22590f/gnocchi.e6ed0e72-82b2-4ed2-8dd7-d48214783f5f/none_v3 HTTP/1.0 201 - python-swiftclient-4.8.0 gAAAAABpmnpRlsm9... 22 - - txb2eb9f6b3516488a849cf-00699a7aaf - 0.0309 - - 1771731631.009850740 1771731631.040762186 0 17d6eceedce248e7bcac4363c7b2aeaa
Feb 21 22:40:31 np0005625961.novalocal container-server[98785]: ::1 - - [22/Feb/2026:03:40:31 +0000] "HEAD /1/104953/AUTH_e41560788c7b460fa374fdc94f22590f/gnocchi.832094ea-1abb-4109-af68-4046390a746c" 404 - "HEAD http://[::1]:8080/v1/AUTH_e41560788c7b460fa374fdc94f22590f/gnocchi.832094ea-1abb-4109-af68-4046390a746c" "tx6dcd238572c3452181c9d-00699a7aaf" "proxy-server 100218" 0.0005 "-" 98785 0
Feb 21 22:40:31 np0005625961.novalocal container-server[98786]: ::1 - - [22/Feb/2026:03:40:31 +0000] "HEAD /2/104953/AUTH_e41560788c7b460fa374fdc94f22590f/gnocchi.832094ea-1abb-4109-af68-4046390a746c" 404 - "HEAD http://[::1]:8080/v1/AUTH_e41560788c7b460fa374fdc94f22590f/gnocchi.832094ea-1abb-4109-af68-4046390a746c" "tx6dcd238572c3452181c9d-00699a7aaf" "proxy-server 100218" 0.0004 "-" 98786 0
Feb 21 22:40:31 np0005625961.novalocal container-server[98785]: ::1 - - [22/Feb/2026:03:40:31 +0000] "HEAD /3/104953/AUTH_e41560788c7b460fa374fdc94f22590f/gnocchi.832094ea-1abb-4109-af68-4046390a746c" 404 - "HEAD http://[::1]:8080/v1/AUTH_e41560788c7b460fa374fdc94f22590f/gnocchi.832094ea-1abb-4109-af68-4046390a746c" "tx6dcd238572c3452181c9d-00699a7aaf" "proxy-server 100218" 0.0003 "-" 98785 0
Feb 21 22:40:31 np0005625961.novalocal proxy-server[100218]: - - 22/Feb/2026/03/40/31 HEAD /v1/AUTH_e41560788c7b460fa374fdc94f22590f/gnocchi.832094ea-1abb-4109-af68-4046390a746c HTTP/1.0 404 - Swift - - - - tx6dcd238572c3452181c9d-00699a7aaf - 0.0108 CS - 1771731631.076908588 1771731631.087676048 0 -
Feb 21 22:40:31 np0005625961.novalocal lvm[108149]: PV /dev/loop2 online, VG cinder-volumes is complete.
Feb 21 22:40:31 np0005625961.novalocal lvm[108149]: VG cinder-volumes finished
Feb 21 22:40:31 np0005625961.novalocal object-server[99151]: ::1 - - [22/Feb/2026:03:40:31 +0000] "GET /2/79111/AUTH_e41560788c7b460fa374fdc94f22590f/gnocchi.832094ea-1abb-4109-af68-4046390a746c/none_v3" 404 70 "GET https://[::1]:8080/v1/AUTH_e41560788c7b460fa374fdc94f22590f/gnocchi.832094ea-1abb-4109-af68-4046390a746c/none_v3" "tx6dcd238572c3452181c9d-00699a7aaf" "proxy-server 100218" 0.0004 "-" 99151 0
Feb 21 22:40:31 np0005625961.novalocal object-server[99151]: ::1 - - [22/Feb/2026:03:40:31 +0000] "GET /3/79111/AUTH_e41560788c7b460fa374fdc94f22590f/gnocchi.832094ea-1abb-4109-af68-4046390a746c/none_v3" 404 70 "GET https://[::1]:8080/v1/AUTH_e41560788c7b460fa374fdc94f22590f/gnocchi.832094ea-1abb-4109-af68-4046390a746c/none_v3" "tx6dcd238572c3452181c9d-00699a7aaf" "proxy-server 100218" 0.0002 "-" 99151 0
Feb 21 22:40:31 np0005625961.novalocal object-server[99152]: ::1 - - [22/Feb/2026:03:40:31 +0000] "GET /1/79111/AUTH_e41560788c7b460fa374fdc94f22590f/gnocchi.832094ea-1abb-4109-af68-4046390a746c/none_v3" 404 70 "GET https://[::1]:8080/v1/AUTH_e41560788c7b460fa374fdc94f22590f/gnocchi.832094ea-1abb-4109-af68-4046390a746c/none_v3" "tx6dcd238572c3452181c9d-00699a7aaf" "proxy-server 100218" 0.0006 "-" 99152 0
Feb 21 22:40:31 np0005625961.novalocal proxy-server[100218]: ::1 ::1 22/Feb/2026/03/40/31 GET /v1/AUTH_e41560788c7b460fa374fdc94f22590f/gnocchi.832094ea-1abb-4109-af68-4046390a746c/none_v3 HTTP/1.0 404 - python-swiftclient-4.8.0 gAAAAABpmnpRlsm9... - 70 - tx6dcd238572c3452181c9d-00699a7aaf - 0.0281 - - 1771731631.076035500 1771731631.104093075 0 17d6eceedce248e7bcac4363c7b2aeaa
Feb 21 22:40:31 np0005625961.novalocal account-server[98425]: ::1 - - [22/Feb/2026:03:40:31 +0000] "PUT /3/161627/AUTH_e41560788c7b460fa374fdc94f22590f/gnocchi.832094ea-1abb-4109-af68-4046390a746c" 201 - "PUT http://[::1]:6001/2/104953/AUTH_e41560788c7b460fa374fdc94f22590f/gnocchi.832094ea-1abb-4109-af68-4046390a746c" "txe75f2cdca28f4d5da147c-00699a7aaf" "container-server 98786" 0.0040 "-" 98425 0
Feb 21 22:40:31 np0005625961.novalocal container-server[98786]: ::1 - - [22/Feb/2026:03:40:31 +0000] "PUT /2/104953/AUTH_e41560788c7b460fa374fdc94f22590f/gnocchi.832094ea-1abb-4109-af68-4046390a746c" 201 - "PUT https://[::1]:8080/v1/AUTH_e41560788c7b460fa374fdc94f22590f/gnocchi.832094ea-1abb-4109-af68-4046390a746c" "txe75f2cdca28f4d5da147c-00699a7aaf" "proxy-server 100218" 0.0187 "-" 98786 0
Feb 21 22:40:31 np0005625961.novalocal account-server[98425]: ::1 - - [22/Feb/2026:03:40:31 +0000] "PUT /1/161627/AUTH_e41560788c7b460fa374fdc94f22590f/gnocchi.832094ea-1abb-4109-af68-4046390a746c" 201 - "PUT http://[::1]:6001/1/104953/AUTH_e41560788c7b460fa374fdc94f22590f/gnocchi.832094ea-1abb-4109-af68-4046390a746c" "txe75f2cdca28f4d5da147c-00699a7aaf" "container-server 98785" 0.0039 "-" 98425 0
Feb 21 22:40:31 np0005625961.novalocal container-server[98785]: ::1 - - [22/Feb/2026:03:40:31 +0000] "PUT /1/104953/AUTH_e41560788c7b460fa374fdc94f22590f/gnocchi.832094ea-1abb-4109-af68-4046390a746c" 201 - "PUT https://[::1]:8080/v1/AUTH_e41560788c7b460fa374fdc94f22590f/gnocchi.832094ea-1abb-4109-af68-4046390a746c" "txe75f2cdca28f4d5da147c-00699a7aaf" "proxy-server 100218" 0.0333 "-" 98785 0
Feb 21 22:40:31 np0005625961.novalocal sudo[108092]: pam_unix(sudo:session): session closed for user root
Feb 21 22:40:31 np0005625961.novalocal account-server[98426]: ::1 - - [22/Feb/2026:03:40:31 +0000] "PUT /2/161627/AUTH_e41560788c7b460fa374fdc94f22590f/gnocchi.832094ea-1abb-4109-af68-4046390a746c" 201 - "PUT http://[::1]:6001/3/104953/AUTH_e41560788c7b460fa374fdc94f22590f/gnocchi.832094ea-1abb-4109-af68-4046390a746c" "txe75f2cdca28f4d5da147c-00699a7aaf" "container-server 98785" 0.0050 "-" 98426 0
Feb 21 22:40:31 np0005625961.novalocal container-server[98785]: ::1 - - [22/Feb/2026:03:40:31 +0000] "PUT /3/104953/AUTH_e41560788c7b460fa374fdc94f22590f/gnocchi.832094ea-1abb-4109-af68-4046390a746c" 201 - "PUT https://[::1]:8080/v1/AUTH_e41560788c7b460fa374fdc94f22590f/gnocchi.832094ea-1abb-4109-af68-4046390a746c" "txe75f2cdca28f4d5da147c-00699a7aaf" "proxy-server 100218" 0.0220 "-" 98785 0
Feb 21 22:40:31 np0005625961.novalocal systemd[1]: session-c106.scope: Deactivated successfully.
Feb 21 22:40:31 np0005625961.novalocal proxy-server[100218]: ::1 ::1 22/Feb/2026/03/40/31 PUT /v1/AUTH_e41560788c7b460fa374fdc94f22590f/gnocchi.832094ea-1abb-4109-af68-4046390a746c HTTP/1.0 201 - python-swiftclient-4.8.0 gAAAAABpmnpRlsm9... - - - txe75f2cdca28f4d5da147c-00699a7aaf - 0.0635 - - 1771731631.107928276 1771731631.171470404 0 17d6eceedce248e7bcac4363c7b2aeaa
Feb 21 22:40:31 np0005625961.novalocal container-server[98786]: ::1 - - [22/Feb/2026:03:40:31 +0000] "HEAD /1/104953/AUTH_e41560788c7b460fa374fdc94f22590f/gnocchi.832094ea-1abb-4109-af68-4046390a746c" 204 - "HEAD http://[::1]:8080/v1/AUTH_e41560788c7b460fa374fdc94f22590f/gnocchi.832094ea-1abb-4109-af68-4046390a746c" "tx371288cc64544a0ab84e4-00699a7aaf" "proxy-server 100218" 0.0023 "-" 98786 0
Feb 21 22:40:31 np0005625961.novalocal proxy-server[100218]: - - 22/Feb/2026/03/40/31 HEAD /v1/AUTH_e41560788c7b460fa374fdc94f22590f/gnocchi.832094ea-1abb-4109-af68-4046390a746c HTTP/1.0 204 - Swift - - - - tx371288cc64544a0ab84e4-00699a7aaf - 0.0063 CS - 1771731631.178972244 1771731631.185227871 0 -
Feb 21 22:40:31 np0005625961.novalocal container-server[98785]: ::1 - - [22/Feb/2026:03:40:31 +0000] "GET /3/104953/AUTH_e41560788c7b460fa374fdc94f22590f/gnocchi.832094ea-1abb-4109-af68-4046390a746c" 200 2 "GET https://[::1]:8080/v1/AUTH_e41560788c7b460fa374fdc94f22590f/gnocchi.832094ea-1abb-4109-af68-4046390a746c?format=json&states=listing" "tx371288cc64544a0ab84e4-00699a7aaf" "proxy-server 100218" 0.0024 "-" 98785 0
Feb 21 22:40:31 np0005625961.novalocal proxy-server[100218]: ::1 ::1 22/Feb/2026/03/40/31 GET /v1/AUTH_e41560788c7b460fa374fdc94f22590f/gnocchi.832094ea-1abb-4109-af68-4046390a746c%3Fformat%3Djson%26states%3Dlisting HTTP/1.0 200 - python-swiftclient-4.8.0 gAAAAABpmnpRlsm9... - 2 - tx371288cc64544a0ab84e4-00699a7aaf - 0.0164 - - 1771731631.178333759 1771731631.194772720 0 17d6eceedce248e7bcac4363c7b2aeaa
Feb 21 22:40:31 np0005625961.novalocal object-server[99152]: ::1 - - [22/Feb/2026:03:40:31 +0000] "GET /1/248925/AUTH_e41560788c7b460fa374fdc94f22590f/gnocchi.832094ea-1abb-4109-af68-4046390a746c/1771200000.0_mean_300.0_v3" 404 70 "GET https://[::1]:8080/v1/AUTH_e41560788c7b460fa374fdc94f22590f/gnocchi.832094ea-1abb-4109-af68-4046390a746c/1771200000.0_mean_300.0_v3" "txa94f43e02f95488eb1480-00699a7aaf" "proxy-server 100218" 0.0003 "-" 99152 0
Feb 21 22:40:31 np0005625961.novalocal object-server[99152]: ::1 - - [22/Feb/2026:03:40:31 +0000] "GET /3/248925/AUTH_e41560788c7b460fa374fdc94f22590f/gnocchi.832094ea-1abb-4109-af68-4046390a746c/1771200000.0_mean_300.0_v3" 404 70 "GET https://[::1]:8080/v1/AUTH_e41560788c7b460fa374fdc94f22590f/gnocchi.832094ea-1abb-4109-af68-4046390a746c/1771200000.0_mean_300.0_v3" "txa94f43e02f95488eb1480-00699a7aaf" "proxy-server 100218" 0.0002 "-" 99152 0
Feb 21 22:40:31 np0005625961.novalocal object-server[99152]: ::1 - - [22/Feb/2026:03:40:31 +0000] "GET /2/248925/AUTH_e41560788c7b460fa374fdc94f22590f/gnocchi.832094ea-1abb-4109-af68-4046390a746c/1771200000.0_mean_300.0_v3" 404 70 "GET https://[::1]:8080/v1/AUTH_e41560788c7b460fa374fdc94f22590f/gnocchi.832094ea-1abb-4109-af68-4046390a746c/1771200000.0_mean_300.0_v3" "txa94f43e02f95488eb1480-00699a7aaf" "proxy-server 100218" 0.0003 "-" 99152 0
Feb 21 22:40:31 np0005625961.novalocal proxy-server[100218]: ::1 ::1 22/Feb/2026/03/40/31 GET /v1/AUTH_e41560788c7b460fa374fdc94f22590f/gnocchi.832094ea-1abb-4109-af68-4046390a746c/1771200000.0_mean_300.0_v3 HTTP/1.0 404 - python-swiftclient-4.8.0 gAAAAABpmnpRlsm9... - 70 - txa94f43e02f95488eb1480-00699a7aaf - 0.0106 - - 1771731631.198480368 1771731631.209054232 0 17d6eceedce248e7bcac4363c7b2aeaa
Feb 21 22:40:31 np0005625961.novalocal container-server[98785]: ::1 - - [22/Feb/2026:03:40:31 +0000] "PUT /1/104953/AUTH_e41560788c7b460fa374fdc94f22590f/gnocchi.832094ea-1abb-4109-af68-4046390a746c/1771200000.0_mean_300.0_v3" 201 - "PUT http://[::1]:8080/3/248925/AUTH_e41560788c7b460fa374fdc94f22590f/gnocchi.832094ea-1abb-4109-af68-4046390a746c/1771200000.0_mean_300.0_v3" "tx8941f3ca5fcb4973ada49-00699a7aaf" "object-server 99152" 0.0005 "-" 98785 0
Feb 21 22:40:31 np0005625961.novalocal object-server[99152]: ::1 - - [22/Feb/2026:03:40:31 +0000] "PUT /3/248925/AUTH_e41560788c7b460fa374fdc94f22590f/gnocchi.832094ea-1abb-4109-af68-4046390a746c/1771200000.0_mean_300.0_v3" 201 - "PUT https://[::1]:8080/v1/AUTH_e41560788c7b460fa374fdc94f22590f/gnocchi.832094ea-1abb-4109-af68-4046390a746c/1771200000.0_mean_300.0_v3" "tx8941f3ca5fcb4973ada49-00699a7aaf" "proxy-server 100218" 0.0132 "-" 99152 0
Feb 21 22:40:31 np0005625961.novalocal container-server[98785]: ::1 - - [22/Feb/2026:03:40:31 +0000] "PUT /2/104953/AUTH_e41560788c7b460fa374fdc94f22590f/gnocchi.832094ea-1abb-4109-af68-4046390a746c/1771200000.0_mean_300.0_v3" 201 - "PUT http://[::1]:8080/2/248925/AUTH_e41560788c7b460fa374fdc94f22590f/gnocchi.832094ea-1abb-4109-af68-4046390a746c/1771200000.0_mean_300.0_v3" "tx8941f3ca5fcb4973ada49-00699a7aaf" "object-server 99151" 0.0004 "-" 98785 0
Feb 21 22:40:31 np0005625961.novalocal container-server[98786]: ::1 - - [22/Feb/2026:03:40:31 +0000] "PUT /3/104953/AUTH_e41560788c7b460fa374fdc94f22590f/gnocchi.832094ea-1abb-4109-af68-4046390a746c/1771200000.0_mean_300.0_v3" 201 - "PUT http://[::1]:8080/1/248925/AUTH_e41560788c7b460fa374fdc94f22590f/gnocchi.832094ea-1abb-4109-af68-4046390a746c/1771200000.0_mean_300.0_v3" "tx8941f3ca5fcb4973ada49-00699a7aaf" "object-server 99151" 0.0006 "-" 98786 0
Feb 21 22:40:31 np0005625961.novalocal object-server[99151]: ::1 - - [22/Feb/2026:03:40:31 +0000] "PUT /2/248925/AUTH_e41560788c7b460fa374fdc94f22590f/gnocchi.832094ea-1abb-4109-af68-4046390a746c/1771200000.0_mean_300.0_v3" 201 - "PUT https://[::1]:8080/v1/AUTH_e41560788c7b460fa374fdc94f22590f/gnocchi.832094ea-1abb-4109-af68-4046390a746c/1771200000.0_mean_300.0_v3" "tx8941f3ca5fcb4973ada49-00699a7aaf" "proxy-server 100218" 0.0157 "-" 99151 0
Feb 21 22:40:31 np0005625961.novalocal object-server[99151]: ::1 - - [22/Feb/2026:03:40:31 +0000] "PUT /1/248925/AUTH_e41560788c7b460fa374fdc94f22590f/gnocchi.832094ea-1abb-4109-af68-4046390a746c/1771200000.0_mean_300.0_v3" 201 - "PUT https://[::1]:8080/v1/AUTH_e41560788c7b460fa374fdc94f22590f/gnocchi.832094ea-1abb-4109-af68-4046390a746c/1771200000.0_mean_300.0_v3" "tx8941f3ca5fcb4973ada49-00699a7aaf" "proxy-server 100218" 0.0147 "-" 99151 0
Feb 21 22:40:31 np0005625961.novalocal proxy-server[100218]: ::1 ::1 22/Feb/2026/03/40/31 PUT /v1/AUTH_e41560788c7b460fa374fdc94f22590f/gnocchi.832094ea-1abb-4109-af68-4046390a746c/1771200000.0_mean_300.0_v3 HTTP/1.0 201 - python-swiftclient-4.8.0 gAAAAABpmnpRlsm9... 16 - - tx8941f3ca5fcb4973ada49-00699a7aaf - 0.0253 - - 1771731631.212342501 1771731631.237670898 0 17d6eceedce248e7bcac4363c7b2aeaa
Feb 21 22:40:31 np0005625961.novalocal container-server[98785]: ::1 - - [22/Feb/2026:03:40:31 +0000] "PUT /3/104953/AUTH_e41560788c7b460fa374fdc94f22590f/gnocchi.832094ea-1abb-4109-af68-4046390a746c/none_v3" 201 - "PUT http://[::1]:8080/3/79111/AUTH_e41560788c7b460fa374fdc94f22590f/gnocchi.832094ea-1abb-4109-af68-4046390a746c/none_v3" "tx826f6c94effa416ab8dfb-00699a7aaf" "object-server 99151" 0.0005 "-" 98785 0
Feb 21 22:40:31 np0005625961.novalocal object-server[99151]: ::1 - - [22/Feb/2026:03:40:31 +0000] "PUT /3/79111/AUTH_e41560788c7b460fa374fdc94f22590f/gnocchi.832094ea-1abb-4109-af68-4046390a746c/none_v3" 201 - "PUT https://[::1]:8080/v1/AUTH_e41560788c7b460fa374fdc94f22590f/gnocchi.832094ea-1abb-4109-af68-4046390a746c/none_v3" "tx826f6c94effa416ab8dfb-00699a7aaf" "proxy-server 100218" 0.0124 "-" 99151 0
Feb 21 22:40:31 np0005625961.novalocal container-server[98785]: ::1 - - [22/Feb/2026:03:40:31 +0000] "PUT /1/104953/AUTH_e41560788c7b460fa374fdc94f22590f/gnocchi.832094ea-1abb-4109-af68-4046390a746c/none_v3" 201 - "PUT http://[::1]:8080/2/79111/AUTH_e41560788c7b460fa374fdc94f22590f/gnocchi.832094ea-1abb-4109-af68-4046390a746c/none_v3" "tx826f6c94effa416ab8dfb-00699a7aaf" "object-server 99152" 0.0005 "-" 98785 0
Feb 21 22:40:31 np0005625961.novalocal object-server[99152]: ::1 - - [22/Feb/2026:03:40:31 +0000] "PUT /2/79111/AUTH_e41560788c7b460fa374fdc94f22590f/gnocchi.832094ea-1abb-4109-af68-4046390a746c/none_v3" 201 - "PUT https://[::1]:8080/v1/AUTH_e41560788c7b460fa374fdc94f22590f/gnocchi.832094ea-1abb-4109-af68-4046390a746c/none_v3" "tx826f6c94effa416ab8dfb-00699a7aaf" "proxy-server 100218" 0.0133 "-" 99152 0
Feb 21 22:40:31 np0005625961.novalocal container-server[98786]: ::1 - - [22/Feb/2026:03:40:31 +0000] "PUT /2/104953/AUTH_e41560788c7b460fa374fdc94f22590f/gnocchi.832094ea-1abb-4109-af68-4046390a746c/none_v3" 201 - "PUT http://[::1]:8080/1/79111/AUTH_e41560788c7b460fa374fdc94f22590f/gnocchi.832094ea-1abb-4109-af68-4046390a746c/none_v3" "tx826f6c94effa416ab8dfb-00699a7aaf" "object-server 99152" 0.0009 "-" 98786 0
Feb 21 22:40:31 np0005625961.novalocal object-server[99152]: ::1 - - [22/Feb/2026:03:40:31 +0000] "PUT /1/79111/AUTH_e41560788c7b460fa374fdc94f22590f/gnocchi.832094ea-1abb-4109-af68-4046390a746c/none_v3" 201 - "PUT https://[::1]:8080/v1/AUTH_e41560788c7b460fa374fdc94f22590f/gnocchi.832094ea-1abb-4109-af68-4046390a746c/none_v3" "tx826f6c94effa416ab8dfb-00699a7aaf" "proxy-server 100218" 0.0162 "-" 99152 0
