Feb 21 22:39:28 np0005625961.novalocal container-server[98785]: ::1 - - [22/Feb/2026:03:39:28 +0000] "PUT /3/105493/AUTH_e41560788c7b460fa374fdc94f22590f/gnocchi.501a3e3e-8cc8-4435-89d3-6e2b3c10766c/1771200000.0_mean_300.0_v3" 201 - "PUT http://[::1]:8080/2/197714/AUTH_e41560788c7b460fa374fdc94f22590f/gnocchi.501a3e3e-8cc8-4435-89d3-6e2b3c10766c/1771200000.0_mean_300.0_v3" "txab333c59e5584b34bfdcc-00699a7a70" "object-server 99151" 0.0003 "-" 98785 0
Feb 21 22:39:28 np0005625961.novalocal object-server[99151]: ::1 - - [22/Feb/2026:03:39:28 +0000] "PUT /2/197714/AUTH_e41560788c7b460fa374fdc94f22590f/gnocchi.501a3e3e-8cc8-4435-89d3-6e2b3c10766c/1771200000.0_mean_300.0_v3" 201 - "PUT https://[::1]:8080/v1/AUTH_e41560788c7b460fa374fdc94f22590f/gnocchi.501a3e3e-8cc8-4435-89d3-6e2b3c10766c/1771200000.0_mean_300.0_v3" "txab333c59e5584b34bfdcc-00699a7a70" "proxy-server 100219" 0.0171 "-" 99151 0
Feb 21 22:39:28 np0005625961.novalocal proxy-server[100219]: ::1 ::1 22/Feb/2026/03/39/28 PUT /v1/AUTH_e41560788c7b460fa374fdc94f22590f/gnocchi.501a3e3e-8cc8-4435-89d3-6e2b3c10766c/1771200000.0_mean_300.0_v3 HTTP/1.0 201 - python-swiftclient-4.8.0 gAAAAABpmnpTVjhT... 16 - - txab333c59e5584b34bfdcc-00699a7a70 - 0.0290 - - 1771731568.048238754 1771731568.077220201 0 17d6eceedce248e7bcac4363c7b2aeaa
Feb 21 22:39:28 np0005625961.novalocal container-server[98786]: ::1 - - [22/Feb/2026:03:39:28 +0000] "PUT /1/60330/AUTH_e41560788c7b460fa374fdc94f22590f/gnocchi.a9270718-d472-42ea-aac7-a8b685a4ecec/1771200000.0_mean_300.0_v3" 201 - "PUT http://[::1]:8080/1/5840/AUTH_e41560788c7b460fa374fdc94f22590f/gnocchi.a9270718-d472-42ea-aac7-a8b685a4ecec/1771200000.0_mean_300.0_v3" "tx36d326aa08dc48ed81838-00699a7a70" "object-server 99151" 0.0008 "-" 98786 0
Feb 21 22:39:28 np0005625961.novalocal object-server[99151]: ::1 - - [22/Feb/2026:03:39:28 +0000] "PUT /1/5840/AUTH_e41560788c7b460fa374fdc94f22590f/gnocchi.a9270718-d472-42ea-aac7-a8b685a4ecec/1771200000.0_mean_300.0_v3" 201 - "PUT https://[::1]:8080/v1/AUTH_e41560788c7b460fa374fdc94f22590f/gnocchi.a9270718-d472-42ea-aac7-a8b685a4ecec/1771200000.0_mean_300.0_v3" "tx36d326aa08dc48ed81838-00699a7a70" "proxy-server 100219" 0.0183 "-" 99151 0
Feb 21 22:39:28 np0005625961.novalocal container-server[98786]: ::1 - - [22/Feb/2026:03:39:28 +0000] "PUT /2/60330/AUTH_e41560788c7b460fa374fdc94f22590f/gnocchi.a9270718-d472-42ea-aac7-a8b685a4ecec/1771200000.0_mean_300.0_v3" 201 - "PUT http://[::1]:8080/3/5840/AUTH_e41560788c7b460fa374fdc94f22590f/gnocchi.a9270718-d472-42ea-aac7-a8b685a4ecec/1771200000.0_mean_300.0_v3" "tx36d326aa08dc48ed81838-00699a7a70" "object-server 99151" 0.0007 "-" 98786 0
Feb 21 22:39:28 np0005625961.novalocal object-server[99151]: ::1 - - [22/Feb/2026:03:39:28 +0000] "PUT /3/5840/AUTH_e41560788c7b460fa374fdc94f22590f/gnocchi.a9270718-d472-42ea-aac7-a8b685a4ecec/1771200000.0_mean_300.0_v3" 201 - "PUT https://[::1]:8080/v1/AUTH_e41560788c7b460fa374fdc94f22590f/gnocchi.a9270718-d472-42ea-aac7-a8b685a4ecec/1771200000.0_mean_300.0_v3" "tx36d326aa08dc48ed81838-00699a7a70" "proxy-server 100219" 0.0220 "-" 99151 0
Feb 21 22:39:28 np0005625961.novalocal container-server[98785]: ::1 - - [22/Feb/2026:03:39:28 +0000] "PUT /3/60330/AUTH_e41560788c7b460fa374fdc94f22590f/gnocchi.a9270718-d472-42ea-aac7-a8b685a4ecec/1771200000.0_mean_300.0_v3" 201 - "PUT http://[::1]:8080/2/5840/AUTH_e41560788c7b460fa374fdc94f22590f/gnocchi.a9270718-d472-42ea-aac7-a8b685a4ecec/1771200000.0_mean_300.0_v3" "tx36d326aa08dc48ed81838-00699a7a70" "object-server 99151" 0.0006 "-" 98785 0
Feb 21 22:39:28 np0005625961.novalocal object-server[99151]: ::1 - - [22/Feb/2026:03:39:28 +0000] "PUT /2/5840/AUTH_e41560788c7b460fa374fdc94f22590f/gnocchi.a9270718-d472-42ea-aac7-a8b685a4ecec/1771200000.0_mean_300.0_v3" 201 - "PUT https://[::1]:8080/v1/AUTH_e41560788c7b460fa374fdc94f22590f/gnocchi.a9270718-d472-42ea-aac7-a8b685a4ecec/1771200000.0_mean_300.0_v3" "tx36d326aa08dc48ed81838-00699a7a70" "proxy-server 100219" 0.0212 "-" 99151 0
Feb 21 22:39:28 np0005625961.novalocal proxy-server[100219]: ::1 ::1 22/Feb/2026/03/39/28 PUT /v1/AUTH_e41560788c7b460fa374fdc94f22590f/gnocchi.a9270718-d472-42ea-aac7-a8b685a4ecec/1771200000.0_mean_300.0_v3 HTTP/1.0 201 - python-swiftclient-4.8.0 gAAAAABpmnpTVjhT... 16 - - tx36d326aa08dc48ed81838-00699a7a70 - 0.0337 - - 1771731568.080709696 1771731568.114361763 0 17d6eceedce248e7bcac4363c7b2aeaa
Feb 21 22:39:28 np0005625961.novalocal container-server[98785]: ::1 - - [22/Feb/2026:03:39:28 +0000] "PUT /3/105493/AUTH_e41560788c7b460fa374fdc94f22590f/gnocchi.501a3e3e-8cc8-4435-89d3-6e2b3c10766c/none_v3" 201 - "PUT http://[::1]:8080/1/217856/AUTH_e41560788c7b460fa374fdc94f22590f/gnocchi.501a3e3e-8cc8-4435-89d3-6e2b3c10766c/none_v3" "tx458cc9a3c2834bd1a35fc-00699a7a70" "object-server 99152" 0.0004 "-" 98785 0
Feb 21 22:39:28 np0005625961.novalocal container-server[98786]: ::1 - - [22/Feb/2026:03:39:28 +0000] "PUT /1/105493/AUTH_e41560788c7b460fa374fdc94f22590f/gnocchi.501a3e3e-8cc8-4435-89d3-6e2b3c10766c/none_v3" 201 - "PUT http://[::1]:8080/3/217856/AUTH_e41560788c7b460fa374fdc94f22590f/gnocchi.501a3e3e-8cc8-4435-89d3-6e2b3c10766c/none_v3" "tx458cc9a3c2834bd1a35fc-00699a7a70" "object-server 99152" 0.0006 "-" 98786 0
Feb 21 22:39:28 np0005625961.novalocal object-server[99152]: ::1 - - [22/Feb/2026:03:39:28 +0000] "PUT /3/217856/AUTH_e41560788c7b460fa374fdc94f22590f/gnocchi.501a3e3e-8cc8-4435-89d3-6e2b3c10766c/none_v3" 201 - "PUT https://[::1]:8080/v1/AUTH_e41560788c7b460fa374fdc94f22590f/gnocchi.501a3e3e-8cc8-4435-89d3-6e2b3c10766c/none_v3" "tx458cc9a3c2834bd1a35fc-00699a7a70" "proxy-server 100219" 0.0169 "-" 99152 0
Feb 21 22:39:28 np0005625961.novalocal object-server[99152]: ::1 - - [22/Feb/2026:03:39:28 +0000] "PUT /1/217856/AUTH_e41560788c7b460fa374fdc94f22590f/gnocchi.501a3e3e-8cc8-4435-89d3-6e2b3c10766c/none_v3" 201 - "PUT https://[::1]:8080/v1/AUTH_e41560788c7b460fa374fdc94f22590f/gnocchi.501a3e3e-8cc8-4435-89d3-6e2b3c10766c/none_v3" "tx458cc9a3c2834bd1a35fc-00699a7a70" "proxy-server 100219" 0.0197 "-" 99152 0
Feb 21 22:39:28 np0005625961.novalocal container-server[98785]: ::1 - - [22/Feb/2026:03:39:28 +0000] "PUT /2/105493/AUTH_e41560788c7b460fa374fdc94f22590f/gnocchi.501a3e3e-8cc8-4435-89d3-6e2b3c10766c/none_v3" 201 - "PUT http://[::1]:8080/2/217856/AUTH_e41560788c7b460fa374fdc94f22590f/gnocchi.501a3e3e-8cc8-4435-89d3-6e2b3c10766c/none_v3" "tx458cc9a3c2834bd1a35fc-00699a7a70" "object-server 99151" 0.0006 "-" 98785 0
Feb 21 22:39:28 np0005625961.novalocal object-server[99151]: ::1 - - [22/Feb/2026:03:39:28 +0000] "PUT /2/217856/AUTH_e41560788c7b460fa374fdc94f22590f/gnocchi.501a3e3e-8cc8-4435-89d3-6e2b3c10766c/none_v3" 201 - "PUT https://[::1]:8080/v1/AUTH_e41560788c7b460fa374fdc94f22590f/gnocchi.501a3e3e-8cc8-4435-89d3-6e2b3c10766c/none_v3" "tx458cc9a3c2834bd1a35fc-00699a7a70" "proxy-server 100219" 0.0199 "-" 99151 0
Feb 21 22:39:28 np0005625961.novalocal proxy-server[100219]: ::1 ::1 22/Feb/2026/03/39/28 PUT /v1/AUTH_e41560788c7b460fa374fdc94f22590f/gnocchi.501a3e3e-8cc8-4435-89d3-6e2b3c10766c/none_v3 HTTP/1.0 201 - python-swiftclient-4.8.0 gAAAAABpmnpTVjhT... 22 - - tx458cc9a3c2834bd1a35fc-00699a7a70 - 0.0316 - - 1771731568.117741108 1771731568.149297953 0 17d6eceedce248e7bcac4363c7b2aeaa
Feb 21 22:39:28 np0005625961.novalocal container-server[98786]: ::1 - - [22/Feb/2026:03:39:28 +0000] "PUT /3/60330/AUTH_e41560788c7b460fa374fdc94f22590f/gnocchi.a9270718-d472-42ea-aac7-a8b685a4ecec/none_v3" 201 - "PUT http://[::1]:8080/3/187419/AUTH_e41560788c7b460fa374fdc94f22590f/gnocchi.a9270718-d472-42ea-aac7-a8b685a4ecec/none_v3" "tx8f33427de92f4e7da1378-00699a7a70" "object-server 99152" 0.0006 "-" 98786 0
Feb 21 22:39:28 np0005625961.novalocal object-server[99152]: ::1 - - [22/Feb/2026:03:39:28 +0000] "PUT /3/187419/AUTH_e41560788c7b460fa374fdc94f22590f/gnocchi.a9270718-d472-42ea-aac7-a8b685a4ecec/none_v3" 201 - "PUT https://[::1]:8080/v1/AUTH_e41560788c7b460fa374fdc94f22590f/gnocchi.a9270718-d472-42ea-aac7-a8b685a4ecec/none_v3" "tx8f33427de92f4e7da1378-00699a7a70" "proxy-server 100219" 0.0152 "-" 99152 0
Feb 21 22:39:28 np0005625961.novalocal container-server[98785]: ::1 - - [22/Feb/2026:03:39:28 +0000] "PUT /1/60330/AUTH_e41560788c7b460fa374fdc94f22590f/gnocchi.a9270718-d472-42ea-aac7-a8b685a4ecec/none_v3" 201 - "PUT http://[::1]:8080/2/187419/AUTH_e41560788c7b460fa374fdc94f22590f/gnocchi.a9270718-d472-42ea-aac7-a8b685a4ecec/none_v3" "tx8f33427de92f4e7da1378-00699a7a70" "object-server 99151" 0.0008 "-" 98785 0
Feb 21 22:39:28 np0005625961.novalocal container-server[98785]: ::1 - - [22/Feb/2026:03:39:28 +0000] "PUT /2/60330/AUTH_e41560788c7b460fa374fdc94f22590f/gnocchi.a9270718-d472-42ea-aac7-a8b685a4ecec/none_v3" 201 - "PUT http://[::1]:8080/1/187419/AUTH_e41560788c7b460fa374fdc94f22590f/gnocchi.a9270718-d472-42ea-aac7-a8b685a4ecec/none_v3" "tx8f33427de92f4e7da1378-00699a7a70" "object-server 99151" 0.0002 "-" 98785 0
Feb 21 22:39:28 np0005625961.novalocal object-server[99151]: ::1 - - [22/Feb/2026:03:39:28 +0000] "PUT /2/187419/AUTH_e41560788c7b460fa374fdc94f22590f/gnocchi.a9270718-d472-42ea-aac7-a8b685a4ecec/none_v3" 201 - "PUT https://[::1]:8080/v1/AUTH_e41560788c7b460fa374fdc94f22590f/gnocchi.a9270718-d472-42ea-aac7-a8b685a4ecec/none_v3" "tx8f33427de92f4e7da1378-00699a7a70" "proxy-server 100219" 0.0166 "-" 99151 0
Feb 21 22:39:28 np0005625961.novalocal object-server[99151]: ::1 - - [22/Feb/2026:03:39:28 +0000] "PUT /1/187419/AUTH_e41560788c7b460fa374fdc94f22590f/gnocchi.a9270718-d472-42ea-aac7-a8b685a4ecec/none_v3" 201 - "PUT https://[::1]:8080/v1/AUTH_e41560788c7b460fa374fdc94f22590f/gnocchi.a9270718-d472-42ea-aac7-a8b685a4ecec/none_v3" "tx8f33427de92f4e7da1378-00699a7a70" "proxy-server 100219" 0.0197 "-" 99151 0
Feb 21 22:39:28 np0005625961.novalocal proxy-server[100219]: ::1 ::1 22/Feb/2026/03/39/28 PUT /v1/AUTH_e41560788c7b460fa374fdc94f22590f/gnocchi.a9270718-d472-42ea-aac7-a8b685a4ecec/none_v3 HTTP/1.0 201 - python-swiftclient-4.8.0 gAAAAABpmnpTVjhT... 22 - - tx8f33427de92f4e7da1378-00699a7a70 - 0.0304 - - 1771731568.152446270 1771731568.182848215 0 17d6eceedce248e7bcac4363c7b2aeaa
Feb 21 22:39:28 np0005625961.novalocal account-server[98426]: ::1 - - [22/Feb/2026:03:39:28 +0000] "HEAD /3/259413/.expiring_objects" 404 - "HEAD http://localhost/v1/.expiring_objects?format=json" "tx482500b24bc4437d85c7a-00699a7a70" "Swift Object Expirer" 0.0004 "-" 98426 -
Feb 21 22:39:28 np0005625961.novalocal account-server[98426]: ::1 - - [22/Feb/2026:03:39:28 +0000] "HEAD /1/259413/.expiring_objects" 404 - "HEAD http://localhost/v1/.expiring_objects?format=json" "tx482500b24bc4437d85c7a-00699a7a70" "Swift Object Expirer" 0.0018 "-" 98426 -
Feb 21 22:39:28 np0005625961.novalocal account-server[98426]: ::1 - - [22/Feb/2026:03:39:28 +0000] "HEAD /2/259413/.expiring_objects" 404 - "HEAD http://localhost/v1/.expiring_objects?format=json" "tx482500b24bc4437d85c7a-00699a7a70" "Swift Object Expirer" 0.0005 "-" 98426 -
Feb 21 22:39:28 np0005625961.novalocal object-expirer-ic[93832]: - - 22/Feb/2026/03/39/28 HEAD /v1/.expiring_objects%3Fformat%3Djson HTTP/1.0 404 - Swift%20Object%20Expirer - - - - tx482500b24bc4437d85c7a-00699a7a70 - 0.0225 - - 1771731568.546259165 1771731568.568782091 - -
Feb 21 22:39:28 np0005625961.novalocal object-expirer[93832]: Pass completed in 0s; 0 objects expired
Feb 21 22:39:29 np0005625961.novalocal haproxy-metadata-proxy-fc6152ef-a3f7-4020-b18c-8204705fe8c6[105929]: ::ffff:10.100.0.8:38040 [21/Feb/2026:22:39:28.074] listener listener/metadata 0/0/0/1028/1028 200 182 - - ---- 1/1/0/0/0 0/0 "GET /2009-04-04/user-data HTTP/1.1"
Feb 21 22:39:30 np0005625961.novalocal account-server[98426]: ::1 - - [22/Feb/2026:03:39:30 +0000] "HEAD /3/249817/.misplaced_objects" 404 - "HEAD http://localhost/v1/.misplaced_objects?format=json" "tx29f9efe9d73d425680fd1-00699a7a72" "Swift Container Reconciler" 0.0005 "-" 98426 -
Feb 21 22:39:30 np0005625961.novalocal account-server[98425]: ::1 - - [22/Feb/2026:03:39:30 +0000] "HEAD /1/249817/.misplaced_objects" 404 - "HEAD http://localhost/v1/.misplaced_objects?format=json" "tx29f9efe9d73d425680fd1-00699a7a72" "Swift Container Reconciler" 0.0006 "-" 98425 -
Feb 21 22:39:30 np0005625961.novalocal account-server[98426]: ::1 - - [22/Feb/2026:03:39:30 +0000] "HEAD /2/249817/.misplaced_objects" 404 - "HEAD http://localhost/v1/.misplaced_objects?format=json" "tx29f9efe9d73d425680fd1-00699a7a72" "Swift Container Reconciler" 0.0003 "-" 98426 -
Feb 21 22:39:30 np0005625961.novalocal container-reconciler-ic[93952]: - - 22/Feb/2026/03/39/30 HEAD /v1/.misplaced_objects%3Fformat%3Djson HTTP/1.0 404 - Swift - - - - tx29f9efe9d73d425680fd1-00699a7a72 - 0.0107 GET_ACCOUNT_INFO - 1771731570.190137625 1771731570.200810194 - -
Feb 21 22:39:30 np0005625961.novalocal container-server[98786]: ::1 - - [22/Feb/2026:03:39:30 +0000] "GET /2/34018/.misplaced_objects/1771729200" 404 - "GET http://localhost/v1/.misplaced_objects/1771729200?format=json&marker=&end_marker=&prefix=&states=listing" "tx29f9efe9d73d425680fd1-00699a7a72" "Swift Container Reconciler" 0.0005 "-" 98786 0
Feb 21 22:39:30 np0005625961.novalocal container-server[98786]: ::1 - - [22/Feb/2026:03:39:30 +0000] "GET /1/34018/.misplaced_objects/1771729200" 404 - "GET http://localhost/v1/.misplaced_objects/1771729200?format=json&marker=&end_marker=&prefix=&states=listing" "tx29f9efe9d73d425680fd1-00699a7a72" "Swift Container Reconciler" 0.0005 "-" 98786 0
Feb 21 22:39:30 np0005625961.novalocal container-server[98786]: ::1 - - [22/Feb/2026:03:39:30 +0000] "GET /3/34018/.misplaced_objects/1771729200" 404 - "GET http://localhost/v1/.misplaced_objects/1771729200?format=json&marker=&end_marker=&prefix=&states=listing" "tx29f9efe9d73d425680fd1-00699a7a72" "Swift Container Reconciler" 0.0005 "-" 98786 0
Feb 21 22:39:30 np0005625961.novalocal container-reconciler-ic[93952]: - - 22/Feb/2026/03/39/30 GET /v1/.misplaced_objects/1771729200%3Fformat%3Djson%26marker%3D%26end_marker%3D%26prefix%3D%26states%3Dlisting HTTP/1.0 404 - Swift%20Container%20Reconciler - - 70 - tx29f9efe9d73d425680fd1-00699a7a72 - 0.0252 - - 1771731570.189036369 1771731570.214246035 0 -
Feb 21 22:39:30 np0005625961.novalocal account-server[98425]: ::1 - - [22/Feb/2026:03:39:30 +0000] "GET /2/249817/.misplaced_objects" 404 - "GET http://localhost/v1/.misplaced_objects?format=json&marker=&end_marker=&prefix=" "tx3626def37e7248a18580b-00699a7a72" "Swift Container Reconciler" 0.0006 "-" 98425 -
Feb 21 22:39:30 np0005625961.novalocal account-server[98426]: ::1 - - [22/Feb/2026:03:39:30 +0000] "GET /1/249817/.misplaced_objects" 404 - "GET http://localhost/v1/.misplaced_objects?format=json&marker=&end_marker=&prefix=" "tx3626def37e7248a18580b-00699a7a72" "Swift Container Reconciler" 0.0004 "-" 98426 -
Feb 21 22:39:30 np0005625961.novalocal account-server[98425]: ::1 - - [22/Feb/2026:03:39:30 +0000] "GET /3/249817/.misplaced_objects" 404 - "GET http://localhost/v1/.misplaced_objects?format=json&marker=&end_marker=&prefix=" "tx3626def37e7248a18580b-00699a7a72" "Swift Container Reconciler" 0.0007 "-" 98425 -
Feb 21 22:39:30 np0005625961.novalocal container-reconciler-ic[93952]: - - 22/Feb/2026/03/39/30 GET /v1/.misplaced_objects%3Fformat%3Djson%26marker%3D%26end_marker%3D%26prefix%3D HTTP/1.0 404 - Swift%20Container%20Reconciler - - - - tx3626def37e7248a18580b-00699a7a72 - 0.0123 - - 1771731570.215181112 1771731570.227477312 - -
Feb 21 22:39:30 np0005625961.novalocal container-reconciler[93952]: Reconciler Stats: {}
Feb 21 22:39:30 np0005625961.novalocal container-reconciler[93952]: sleeping between intervals (30.0s)
Feb 21 22:39:31 np0005625961.novalocal haproxy-metadata-proxy-fc6152ef-a3f7-4020-b18c-8204705fe8c6[105929]: ::ffff:10.100.0.8:38054 [21/Feb/2026:22:39:29.180] listener listener/metadata 0/0/0/2083/2083 200 94 - - ---- 1/1/0/0/0 0/0 "GET /2009-04-04/meta-data/block-device-mapping HTTP/1.1"
Feb 21 22:39:32 np0005625961.novalocal haproxy-metadata-proxy-fc6152ef-a3f7-4020-b18c-8204705fe8c6[105929]: ::ffff:10.100.0.8:38060 [21/Feb/2026:22:39:31.320] listener listener/metadata 0/0/0/1038/1038 200 89 - - ---- 1/1/0/0/0 0/0 "GET /2009-04-04/meta-data/block-device-mapping/ami HTTP/1.1"
Feb 21 22:39:32 np0005625961.novalocal sshd-session[107071]: Invalid user carlos from 80.94.95.116 port 53972
Feb 21 22:39:32 np0005625961.novalocal sshd-session[107071]: Connection closed by invalid user carlos 80.94.95.116 port 53972 [preauth]
Feb 21 22:39:33 np0005625961.novalocal haproxy-metadata-proxy-fc6152ef-a3f7-4020-b18c-8204705fe8c6[105929]: ::ffff:10.100.0.8:38062 [21/Feb/2026:22:39:32.414] listener listener/metadata 0/0/0/1024/1024 200 94 - - ---- 1/1/0/0/0 0/0 "GET /2009-04-04/meta-data/block-device-mapping/root HTTP/1.1"
Feb 21 22:39:34 np0005625961.novalocal account-replicator[98507]: Beginning replication run
Feb 21 22:39:34 np0005625961.novalocal account-replicator[98507]: Replication run OVER
Feb 21 22:39:34 np0005625961.novalocal account-replicator[98507]: Attempted to replicate 3 dbs in 0.07412 seconds (40.47300/s)
Feb 21 22:39:34 np0005625961.novalocal account-replicator[98507]: Removed 0 dbs
Feb 21 22:39:34 np0005625961.novalocal account-replicator[98507]: 6 successes, 0 failures
Feb 21 22:39:34 np0005625961.novalocal account-replicator[98507]: diff:0 diff_capped:0 empty:0 hashmatch:0 no_change:6 remote_merge:0 rsync:0 ts_repl:0
Feb 21 22:39:34 np0005625961.novalocal systemd[1]: NetworkManager-dispatcher.service: Deactivated successfully.
Feb 21 22:39:34 np0005625961.novalocal haproxy-metadata-proxy-fc6152ef-a3f7-4020-b18c-8204705fe8c6[105929]: ::ffff:10.100.0.8:38076 [21/Feb/2026:22:39:33.508] listener listener/metadata 0/0/0/1019/1019 200 152 - - ---- 1/1/0/0/0 0/0 "GET /2009-04-04/meta-data/public-hostname HTTP/1.1"
Feb 21 22:39:35 np0005625961.novalocal haproxy-metadata-proxy-fc6152ef-a3f7-4020-b18c-8204705fe8c6[105929]: ::ffff:10.100.0.8:38080 [21/Feb/2026:22:39:34.572] listener listener/metadata 0/0/0/1025/1025 200 90 - - ---- 1/1/0/0/0 0/0 "GET /2009-04-04/meta-data/placement/availability-zone HTTP/1.1"
Feb 21 22:39:37 np0005625961.novalocal dnsmasq-dhcp[106750]: DHCPDISCOVER(tap4ea5e4ac-2d) fa:16:3e:26:c9:ff
Feb 21 22:39:37 np0005625961.novalocal dnsmasq-dhcp[106750]: DHCPOFFER(tap4ea5e4ac-2d) 10.100.0.5 fa:16:3e:26:c9:ff
Feb 21 22:39:37 np0005625961.novalocal dnsmasq-dhcp[106750]: DHCPREQUEST(tap4ea5e4ac-2d) 10.100.0.5 fa:16:3e:26:c9:ff
Feb 21 22:39:37 np0005625961.novalocal dnsmasq-dhcp[106750]: DHCPACK(tap4ea5e4ac-2d) 10.100.0.5 fa:16:3e:26:c9:ff host-10-100-0-5
Feb 21 22:39:41 np0005625961.novalocal kernel: qbrbc2b781a-de: port 2(tapbc2b781a-de) entered disabled state
Feb 21 22:39:41 np0005625961.novalocal kernel: tapbc2b781a-de (unregistering): left allmulticast mode
Feb 21 22:39:41 np0005625961.novalocal kernel: tapbc2b781a-de (unregistering): left promiscuous mode
Feb 21 22:39:41 np0005625961.novalocal kernel: qbrbc2b781a-de: port 2(tapbc2b781a-de) entered disabled state
Feb 21 22:39:41 np0005625961.novalocal NetworkManager[868]: [1771731581.9371] device (tapbc2b781a-de): state change: activated -> unmanaged (reason 'unmanaged', managed-type: 'removed')
Feb 21 22:39:41 np0005625961.novalocal NetworkManager[868]: [1771731581.9374] device (tapbc2b781a-de): released from controller device qbrbc2b781a-de
Feb 21 22:39:41 np0005625961.novalocal systemd[1]: Starting Network Manager Script Dispatcher Service...
Feb 21 22:39:41 np0005625961.novalocal systemd[1]: machine-qemu\x2d3\x2dinstance\x2d00000003.scope: Deactivated successfully.
Feb 21 22:39:41 np0005625961.novalocal systemd[1]: machine-qemu\x2d3\x2dinstance\x2d00000003.scope: Consumed 11.466s CPU time.
Feb 21 22:39:41 np0005625961.novalocal systemd-machined[95225]: Machine qemu-3-instance-00000003 terminated.
Feb 21 22:39:41 np0005625961.novalocal systemd[1]: Started Network Manager Script Dispatcher Service.
Feb 21 22:39:42 np0005625961.novalocal account-server[98425]: ::1 - - [22/Feb/2026:03:39:42 +0000] "HEAD /3/161627/AUTH_e41560788c7b460fa374fdc94f22590f" 204 - "HEAD http://[::1]:8080/v1/AUTH_e41560788c7b460fa374fdc94f22590f?format=json" "txfb4e98c6b3fd4393bf7ba-00699a7a7e" "proxy-server 100219" 0.0021 "-" 98425 -
Feb 21 22:39:42 np0005625961.novalocal proxy-server[100219]: - - 22/Feb/2026/03/39/42 HEAD /v1/AUTH_e41560788c7b460fa374fdc94f22590f%3Fformat%3Djson HTTP/1.0 204 - Swift - - - - txfb4e98c6b3fd4393bf7ba-00699a7a7e - 0.0096 RL - 1771731582.120623589 1771731582.130238533 - -
Feb 21 22:39:42 np0005625961.novalocal object-server[99151]: ::1 - - [22/Feb/2026:03:39:42 +0000] "GET /1/228378/AUTH_e41560788c7b460fa374fdc94f22590f/gnocchi.555943b0-ab89-411d-b6f8-0ae1baf1502c/none_v3" 200 22 "GET https://[::1]:8080/v1/AUTH_e41560788c7b460fa374fdc94f22590f/gnocchi.555943b0-ab89-411d-b6f8-0ae1baf1502c/none_v3" "txfb4e98c6b3fd4393bf7ba-00699a7a7e" "proxy-server 100219" 0.0007 "-" 99151 0
Feb 21 22:39:42 np0005625961.novalocal proxy-server[100219]: ::1 ::1 22/Feb/2026/03/39/42 GET /v1/AUTH_e41560788c7b460fa374fdc94f22590f/gnocchi.555943b0-ab89-411d-b6f8-0ae1baf1502c/none_v3 HTTP/1.0 200 - python-swiftclient-4.8.0 gAAAAABpmnpTVjhT... - 22 - txfb4e98c6b3fd4393bf7ba-00699a7a7e - 0.0197 - - 1771731582.119630814 1771731582.139324665 0 17d6eceedce248e7bcac4363c7b2aeaa
Feb 21 22:39:42 np0005625961.novalocal container-server[98786]: ::1 - - [22/Feb/2026:03:39:42 +0000] "GET /3/20745/AUTH_e41560788c7b460fa374fdc94f22590f/gnocchi.555943b0-ab89-411d-b6f8-0ae1baf1502c" 200 357 "GET https://[::1]:8080/v1/AUTH_e41560788c7b460fa374fdc94f22590f/gnocchi.555943b0-ab89-411d-b6f8-0ae1baf1502c?format=json&states=listing" "txbc2e8591bb2a413ebc362-00699a7a7e" "proxy-server 100219" 0.0097 "-" 98786 0
Feb 21 22:39:42 np0005625961.novalocal proxy-server[100219]: ::1 ::1 22/Feb/2026/03/39/42 GET /v1/AUTH_e41560788c7b460fa374fdc94f22590f/gnocchi.555943b0-ab89-411d-b6f8-0ae1baf1502c%3Fformat%3Djson%26states%3Dlisting HTTP/1.0 200 - python-swiftclient-4.8.0 gAAAAABpmnpTVjhT... - 357 - txbc2e8591bb2a413ebc362-00699a7a7e - 0.0185 - - 1771731582.145431757 1771731582.163900852 0 17d6eceedce248e7bcac4363c7b2aeaa
Feb 21 22:39:42 np0005625961.novalocal container-server[98785]: ::1 - - [22/Feb/2026:03:39:42 +0000] "GET /2/20745/AUTH_e41560788c7b460fa374fdc94f22590f/gnocchi.555943b0-ab89-411d-b6f8-0ae1baf1502c" 200 2 "GET https://[::1]:8080/v1/AUTH_e41560788c7b460fa374fdc94f22590f/gnocchi.555943b0-ab89-411d-b6f8-0ae1baf1502c?format=json&marker=none_v3&states=listing" "txaa9cf954fa844a09b22e1-00699a7a7e" "proxy-server 100219" 0.0120 "-" 98785 0
Feb 21 22:39:42 np0005625961.novalocal proxy-server[100219]: ::1 ::1 22/Feb/2026/03/39/42 GET /v1/AUTH_e41560788c7b460fa374fdc94f22590f/gnocchi.555943b0-ab89-411d-b6f8-0ae1baf1502c%3Fformat%3Djson%26marker%3Dnone_v3%26states%3Dlisting HTTP/1.0 200 - python-swiftclient-4.8.0 gAAAAABpmnpTVjhT... - 2 - txaa9cf954fa844a09b22e1-00699a7a7e - 0.0231 - - 1771731582.169714212 1771731582.192809820 0 17d6eceedce248e7bcac4363c7b2aeaa
Feb 21 22:39:42 np0005625961.novalocal object-server[99152]: ::1 - - [22/Feb/2026:03:39:42 +0000] "GET /1/250062/AUTH_e41560788c7b460fa374fdc94f22590f/gnocchi.555943b0-ab89-411d-b6f8-0ae1baf1502c/1771200000.0_mean_300.0_v3" 200 16 "GET https://[::1]:8080/v1/AUTH_e41560788c7b460fa374fdc94f22590f/gnocchi.555943b0-ab89-411d-b6f8-0ae1baf1502c/1771200000.0_mean_300.0_v3" "tx3410121555354e92baefd-00699a7a7e" "proxy-server 100219" 0.0007 "-" 99152 0
Feb 21 22:39:42 np0005625961.novalocal proxy-server[100219]: ::1 ::1 22/Feb/2026/03/39/42 GET /v1/AUTH_e41560788c7b460fa374fdc94f22590f/gnocchi.555943b0-ab89-411d-b6f8-0ae1baf1502c/1771200000.0_mean_300.0_v3 HTTP/1.0 200 - python-swiftclient-4.8.0 gAAAAABpmnpTVjhT... - 16 - tx3410121555354e92baefd-00699a7a7e - 0.0091 - - 1771731582.199681282 1771731582.208787680 0 17d6eceedce248e7bcac4363c7b2aeaa
Feb 21 22:39:42 np0005625961.novalocal container-server[98785]: ::1 - - [22/Feb/2026:03:39:42 +0000] "PUT /1/20745/AUTH_e41560788c7b460fa374fdc94f22590f/gnocchi.555943b0-ab89-411d-b6f8-0ae1baf1502c/1771200000.0_mean_300.0_v3" 201 - "PUT http://[::1]:8080/1/250062/AUTH_e41560788c7b460fa374fdc94f22590f/gnocchi.555943b0-ab89-411d-b6f8-0ae1baf1502c/1771200000.0_mean_300.0_v3" "txa485a79608284123b7e28-00699a7a7e" "object-server 99152" 0.0007 "-" 98785 0
Feb 21 22:39:42 np0005625961.novalocal object-server[99152]: ::1 - - [22/Feb/2026:03:39:42 +0000] "PUT /1/250062/AUTH_e41560788c7b460fa374fdc94f22590f/gnocchi.555943b0-ab89-411d-b6f8-0ae1baf1502c/1771200000.0_mean_300.0_v3" 201 - "PUT https://[::1]:8080/v1/AUTH_e41560788c7b460fa374fdc94f22590f/gnocchi.555943b0-ab89-411d-b6f8-0ae1baf1502c/1771200000.0_mean_300.0_v3" "txa485a79608284123b7e28-00699a7a7e" "proxy-server 100219" 0.0112 "-" 99152 0
Feb 21 22:39:42 np0005625961.novalocal container-server[98785]: ::1 - - [22/Feb/2026:03:39:42 +0000] "PUT /3/20745/AUTH_e41560788c7b460fa374fdc94f22590f/gnocchi.555943b0-ab89-411d-b6f8-0ae1baf1502c/1771200000.0_mean_300.0_v3" 201 - "PUT http://[::1]:8080/2/250062/AUTH_e41560788c7b460fa374fdc94f22590f/gnocchi.555943b0-ab89-411d-b6f8-0ae1baf1502c/1771200000.0_mean_300.0_v3" "txa485a79608284123b7e28-00699a7a7e" "object-server 99152" 0.0016 "-" 98785 0
Feb 21 22:39:42 np0005625961.novalocal object-server[99152]: ::1 - - [22/Feb/2026:03:39:42 +0000] "PUT /2/250062/AUTH_e41560788c7b460fa374fdc94f22590f/gnocchi.555943b0-ab89-411d-b6f8-0ae1baf1502c/1771200000.0_mean_300.0_v3" 201 - "PUT https://[::1]:8080/v1/AUTH_e41560788c7b460fa374fdc94f22590f/gnocchi.555943b0-ab89-411d-b6f8-0ae1baf1502c/1771200000.0_mean_300.0_v3" "txa485a79608284123b7e28-00699a7a7e" "proxy-server 100219" 0.0163 "-" 99152 0
Feb 21 22:39:42 np0005625961.novalocal container-server[98785]: ::1 - - [22/Feb/2026:03:39:42 +0000] "PUT /2/20745/AUTH_e41560788c7b460fa374fdc94f22590f/gnocchi.555943b0-ab89-411d-b6f8-0ae1baf1502c/1771200000.0_mean_300.0_v3" 201 - "PUT http://[::1]:8080/3/250062/AUTH_e41560788c7b460fa374fdc94f22590f/gnocchi.555943b0-ab89-411d-b6f8-0ae1baf1502c/1771200000.0_mean_300.0_v3" "txa485a79608284123b7e28-00699a7a7e" "object-server 99151" 0.0006 "-" 98785 0
Feb 21 22:39:42 np0005625961.novalocal object-server[99151]: ::1 - - [22/Feb/2026:03:39:42 +0000] "PUT /3/250062/AUTH_e41560788c7b460fa374fdc94f22590f/gnocchi.555943b0-ab89-411d-b6f8-0ae1baf1502c/1771200000.0_mean_300.0_v3" 201 - "PUT https://[::1]:8080/v1/AUTH_e41560788c7b460fa374fdc94f22590f/gnocchi.555943b0-ab89-411d-b6f8-0ae1baf1502c/1771200000.0_mean_300.0_v3" "txa485a79608284123b7e28-00699a7a7e" "proxy-server 100219" 0.0191 "-" 99151 0
Feb 21 22:39:42 np0005625961.novalocal proxy-server[100219]: ::1 ::1 22/Feb/2026/03/39/42 PUT /v1/AUTH_e41560788c7b460fa374fdc94f22590f/gnocchi.555943b0-ab89-411d-b6f8-0ae1baf1502c/1771200000.0_mean_300.0_v3 HTTP/1.0 201 - python-swiftclient-4.8.0 gAAAAABpmnpTVjhT... 16 - - txa485a79608284123b7e28-00699a7a7e - 0.0297 - - 1771731582.213153839 1771731582.242827177 0 17d6eceedce248e7bcac4363c7b2aeaa
Feb 21 22:39:42 np0005625961.novalocal container-server[98786]: ::1 - - [22/Feb/2026:03:39:42 +0000] "PUT /1/20745/AUTH_e41560788c7b460fa374fdc94f22590f/gnocchi.555943b0-ab89-411d-b6f8-0ae1baf1502c/none_v3" 201 - "PUT http://[::1]:8080/3/228378/AUTH_e41560788c7b460fa374fdc94f22590f/gnocchi.555943b0-ab89-411d-b6f8-0ae1baf1502c/none_v3" "tx500c628b2dd44beeb7a7b-00699a7a7e" "object-server 99151" 0.0006 "-" 98786 0
Feb 21 22:39:42 np0005625961.novalocal container-server[98785]: ::1 - - [22/Feb/2026:03:39:42 +0000] "PUT /3/20745/AUTH_e41560788c7b460fa374fdc94f22590f/gnocchi.555943b0-ab89-411d-b6f8-0ae1baf1502c/none_v3" 201 - "PUT http://[::1]:8080/1/228378/AUTH_e41560788c7b460fa374fdc94f22590f/gnocchi.555943b0-ab89-411d-b6f8-0ae1baf1502c/none_v3" "tx500c628b2dd44beeb7a7b-00699a7a7e" "object-server 99152" 0.0005 "-" 98785 0
Feb 21 22:39:42 np0005625961.novalocal object-server[99151]: ::1 - - [22/Feb/2026:03:39:42 +0000] "PUT /3/228378/AUTH_e41560788c7b460fa374fdc94f22590f/gnocchi.555943b0-ab89-411d-b6f8-0ae1baf1502c/none_v3" 201 - "PUT https://[::1]:8080/v1/AUTH_e41560788c7b460fa374fdc94f22590f/gnocchi.555943b0-ab89-411d-b6f8-0ae1baf1502c/none_v3" "tx500c628b2dd44beeb7a7b-00699a7a7e" "proxy-server 100219" 0.0115 "-" 99151 0
Feb 21 22:39:42 np0005625961.novalocal object-server[99152]: ::1 - - [22/Feb/2026:03:39:42 +0000] "PUT /1/228378/AUTH_e41560788c7b460fa374fdc94f22590f/gnocchi.555943b0-ab89-411d-b6f8-0ae1baf1502c/none_v3" 201 - "PUT https://[::1]:8080/v1/AUTH_e41560788c7b460fa374fdc94f22590f/gnocchi.555943b0-ab89-411d-b6f8-0ae1baf1502c/none_v3" "tx500c628b2dd44beeb7a7b-00699a7a7e" "proxy-server 100219" 0.0125 "-" 99152 0
Feb 21 22:39:42 np0005625961.novalocal container-server[98785]: ::1 - - [22/Feb/2026:03:39:42 +0000] "PUT /2/20745/AUTH_e41560788c7b460fa374fdc94f22590f/gnocchi.555943b0-ab89-411d-b6f8-0ae1baf1502c/none_v3" 201 - "PUT http://[::1]:8080/2/228378/AUTH_e41560788c7b460fa374fdc94f22590f/gnocchi.555943b0-ab89-411d-b6f8-0ae1baf1502c/none_v3" "tx500c628b2dd44beeb7a7b-00699a7a7e" "object-server 99152" 0.0005 "-" 98785 0
Feb 21 22:39:42 np0005625961.novalocal object-server[99152]: ::1 - - [22/Feb/2026:03:39:42 +0000] "PUT /2/228378/AUTH_e41560788c7b460fa374fdc94f22590f/gnocchi.555943b0-ab89-411d-b6f8-0ae1baf1502c/none_v3" 201 - "PUT https://[::1]:8080/v1/AUTH_e41560788c7b460fa374fdc94f22590f/gnocchi.555943b0-ab89-411d-b6f8-0ae1baf1502c/none_v3" "tx500c628b2dd44beeb7a7b-00699a7a7e" "proxy-server 100219" 0.0130 "-" 99152 0
Feb 21 22:39:42 np0005625961.novalocal proxy-server[100219]: ::1 ::1 22/Feb/2026/03/39/42 PUT /v1/AUTH_e41560788c7b460fa374fdc94f22590f/gnocchi.555943b0-ab89-411d-b6f8-0ae1baf1502c/none_v3 HTTP/1.0 201 - python-swiftclient-4.8.0 gAAAAABpmnpTVjhT... 35 - - tx500c628b2dd44beeb7a7b-00699a7a7e - 0.0258 - - 1771731582.247114420 1771731582.272923946 0 17d6eceedce248e7bcac4363c7b2aeaa
Feb 21 22:39:42 np0005625961.novalocal object-server[99151]: ::1 - - [22/Feb/2026:03:39:42 +0000] "GET /2/219036/AUTH_e41560788c7b460fa374fdc94f22590f/gnocchi.bdbaa41d-2c01-44dd-999b-a1b700dd3e61/none_v3" 200 22 "GET https://[::1]:8080/v1/AUTH_e41560788c7b460fa374fdc94f22590f/gnocchi.bdbaa41d-2c01-44dd-999b-a1b700dd3e61/none_v3" "tx3388a57c1d114720829f0-00699a7a7e" "proxy-server 100219" 0.0012 "-" 99151 0
Feb 21 22:39:42 np0005625961.novalocal proxy-server[100219]: ::1 ::1 22/Feb/2026/03/39/42 GET /v1/AUTH_e41560788c7b460fa374fdc94f22590f/gnocchi.bdbaa41d-2c01-44dd-999b-a1b700dd3e61/none_v3 HTTP/1.0 200 - python-swiftclient-4.8.0 gAAAAABpmnpTVjhT... - 22 - tx3388a57c1d114720829f0-00699a7a7e - 0.0118 - - 1771731582.356447220 1771731582.368296146 0 17d6eceedce248e7bcac4363c7b2aeaa
Feb 21 22:39:42 np0005625961.novalocal container-server[98785]: ::1 - - [22/Feb/2026:03:39:42 +0000] "GET /1/163963/AUTH_e41560788c7b460fa374fdc94f22590f/gnocchi.bdbaa41d-2c01-44dd-999b-a1b700dd3e61" 200 357 "GET https://[::1]:8080/v1/AUTH_e41560788c7b460fa374fdc94f22590f/gnocchi.bdbaa41d-2c01-44dd-999b-a1b700dd3e61?format=json&states=listing" "tx33d0e685016d42d397cc7-00699a7a7e" "proxy-server 100219" 0.0122 "-" 98785 0
Feb 21 22:39:42 np0005625961.novalocal proxy-server[100219]: ::1 ::1 22/Feb/2026/03/39/42 GET /v1/AUTH_e41560788c7b460fa374fdc94f22590f/gnocchi.bdbaa41d-2c01-44dd-999b-a1b700dd3e61%3Fformat%3Djson%26states%3Dlisting HTTP/1.0 200 - python-swiftclient-4.8.0 gAAAAABpmnpTVjhT... - 357 - tx33d0e685016d42d397cc7-00699a7a7e - 0.0221 - - 1771731582.371974945 1771731582.394040823 0 17d6eceedce248e7bcac4363c7b2aeaa
Feb 21 22:39:42 np0005625961.novalocal container-server[98785]: ::1 - - [22/Feb/2026:03:39:42 +0000] "GET /3/163963/AUTH_e41560788c7b460fa374fdc94f22590f/gnocchi.bdbaa41d-2c01-44dd-999b-a1b700dd3e61" 200 2 "GET https://[::1]:8080/v1/AUTH_e41560788c7b460fa374fdc94f22590f/gnocchi.bdbaa41d-2c01-44dd-999b-a1b700dd3e61?format=json&marker=none_v3&states=listing" "txb981bb49b39c4d86a855f-00699a7a7e" "proxy-server 100219" 0.0105 "-" 98785 0
Feb 21 22:39:42 np0005625961.novalocal proxy-server[100219]: ::1 ::1 22/Feb/2026/03/39/42 GET /v1/AUTH_e41560788c7b460fa374fdc94f22590f/gnocchi.bdbaa41d-2c01-44dd-999b-a1b700dd3e61%3Fformat%3Djson%26marker%3Dnone_v3%26states%3Dlisting HTTP/1.0 200 - python-swiftclient-4.8.0 gAAAAABpmnpTVjhT... - 2 - txb981bb49b39c4d86a855f-00699a7a7e - 0.0209 - - 1771731582.397137642 1771731582.418082714 0 17d6eceedce248e7bcac4363c7b2aeaa
Feb 21 22:39:42 np0005625961.novalocal object-server[99151]: ::1 - - [22/Feb/2026:03:39:42 +0000] "GET /3/5276/AUTH_e41560788c7b460fa374fdc94f22590f/gnocchi.bdbaa41d-2c01-44dd-999b-a1b700dd3e61/1771200000.0_mean_300.0_v3" 200 16 "GET https://[::1]:8080/v1/AUTH_e41560788c7b460fa374fdc94f22590f/gnocchi.bdbaa41d-2c01-44dd-999b-a1b700dd3e61/1771200000.0_mean_300.0_v3" "tx91cb399032944d3094a5b-00699a7a7e" "proxy-server 100219" 0.0012 "-" 99151 0
Feb 21 22:39:42 np0005625961.novalocal proxy-server[100219]: ::1 ::1 22/Feb/2026/03/39/42 GET /v1/AUTH_e41560788c7b460fa374fdc94f22590f/gnocchi.bdbaa41d-2c01-44dd-999b-a1b700dd3e61/1771200000.0_mean_300.0_v3 HTTP/1.0 200 - python-swiftclient-4.8.0 gAAAAABpmnpTVjhT... - 16 - tx91cb399032944d3094a5b-00699a7a7e - 0.0100 - - 1771731582.422034502 1771731582.432070971 0 17d6eceedce248e7bcac4363c7b2aeaa
Feb 21 22:39:42 np0005625961.novalocal container-server[98785]: ::1 - - [22/Feb/2026:03:39:42 +0000] "PUT /2/163963/AUTH_e41560788c7b460fa374fdc94f22590f/gnocchi.bdbaa41d-2c01-44dd-999b-a1b700dd3e61/1771200000.0_mean_300.0_v3" 201 - "PUT http://[::1]:8080/2/5276/AUTH_e41560788c7b460fa374fdc94f22590f/gnocchi.bdbaa41d-2c01-44dd-999b-a1b700dd3e61/1771200000.0_mean_300.0_v3" "tx2f3577f4c96249ba924e7-00699a7a7e" "object-server 99151" 0.0009 "-" 98785 0
Feb 21 22:39:42 np0005625961.novalocal object-server[99151]: ::1 - - [22/Feb/2026:03:39:42 +0000] "PUT /2/5276/AUTH_e41560788c7b460fa374fdc94f22590f/gnocchi.bdbaa41d-2c01-44dd-999b-a1b700dd3e61/1771200000.0_mean_300.0_v3" 201 - "PUT https://[::1]:8080/v1/AUTH_e41560788c7b460fa374fdc94f22590f/gnocchi.bdbaa41d-2c01-44dd-999b-a1b700dd3e61/1771200000.0_mean_300.0_v3" "tx2f3577f4c96249ba924e7-00699a7a7e" "proxy-server 100219" 0.0145 "-" 99151 0
Feb 21 22:39:42 np0005625961.novalocal container-server[98785]: ::1 - - [22/Feb/2026:03:39:42 +0000] "PUT /1/163963/AUTH_e41560788c7b460fa374fdc94f22590f/gnocchi.bdbaa41d-2c01-44dd-999b-a1b700dd3e61/1771200000.0_mean_300.0_v3" 201 - "PUT http://[::1]:8080/1/5276/AUTH_e41560788c7b460fa374fdc94f22590f/gnocchi.bdbaa41d-2c01-44dd-999b-a1b700dd3e61/1771200000.0_mean_300.0_v3" "tx2f3577f4c96249ba924e7-00699a7a7e" "object-server 99152" 0.0008 "-" 98785 0
Feb 21 22:39:42 np0005625961.novalocal container-server[98786]: ::1 - - [22/Feb/2026:03:39:42 +0000] "PUT /3/163963/AUTH_e41560788c7b460fa374fdc94f22590f/gnocchi.bdbaa41d-2c01-44dd-999b-a1b700dd3e61/1771200000.0_mean_300.0_v3" 201 - "PUT http://[::1]:8080/3/5276/AUTH_e41560788c7b460fa374fdc94f22590f/gnocchi.bdbaa41d-2c01-44dd-999b-a1b700dd3e61/1771200000.0_mean_300.0_v3" "tx2f3577f4c96249ba924e7-00699a7a7e" "object-server 99152" 0.0007 "-" 98786 0
Feb 21 22:39:42 np0005625961.novalocal object-server[99152]: ::1 - - [22/Feb/2026:03:39:42 +0000] "PUT /1/5276/AUTH_e41560788c7b460fa374fdc94f22590f/gnocchi.bdbaa41d-2c01-44dd-999b-a1b700dd3e61/1771200000.0_mean_300.0_v3" 201 - "PUT https://[::1]:8080/v1/AUTH_e41560788c7b460fa374fdc94f22590f/gnocchi.bdbaa41d-2c01-44dd-999b-a1b700dd3e61/1771200000.0_mean_300.0_v3" "tx2f3577f4c96249ba924e7-00699a7a7e" "proxy-server 100219" 0.0166 "-" 99152 0
Feb 21 22:39:42 np0005625961.novalocal object-server[99152]: ::1 - - [22/Feb/2026:03:39:42 +0000] "PUT /3/5276/AUTH_e41560788c7b460fa374fdc94f22590f/gnocchi.bdbaa41d-2c01-44dd-999b-a1b700dd3e61/1771200000.0_mean_300.0_v3" 201 - "PUT https://[::1]:8080/v1/AUTH_e41560788c7b460fa374fdc94f22590f/gnocchi.bdbaa41d-2c01-44dd-999b-a1b700dd3e61/1771200000.0_mean_300.0_v3" "tx2f3577f4c96249ba924e7-00699a7a7e" "proxy-server 100219" 0.0149 "-" 99152 0
Feb 21 22:39:42 np0005625961.novalocal proxy-server[100219]: ::1 ::1 22/Feb/2026/03/39/42 PUT /v1/AUTH_e41560788c7b460fa374fdc94f22590f/gnocchi.bdbaa41d-2c01-44dd-999b-a1b700dd3e61/1771200000.0_mean_300.0_v3 HTTP/1.0 201 - python-swiftclient-4.8.0 gAAAAABpmnpTVjhT... 16 - - tx2f3577f4c96249ba924e7-00699a7a7e - 0.0296 - - 1771731582.435437202 1771731582.465056419 0 17d6eceedce248e7bcac4363c7b2aeaa
Feb 21 22:39:42 np0005625961.novalocal container-server[98785]: ::1 - - [22/Feb/2026:03:39:42 +0000] "PUT /2/163963/AUTH_e41560788c7b460fa374fdc94f22590f/gnocchi.bdbaa41d-2c01-44dd-999b-a1b700dd3e61/none_v3" 201 - "PUT http://[::1]:8080/2/219036/AUTH_e41560788c7b460fa374fdc94f22590f/gnocchi.bdbaa41d-2c01-44dd-999b-a1b700dd3e61/none_v3" "txb1182dd4e3084aa980714-00699a7a7e" "object-server 99151" 0.0007 "-" 98785 0
Feb 21 22:39:42 np0005625961.novalocal object-server[99151]: ::1 - - [22/Feb/2026:03:39:42 +0000] "PUT /2/219036/AUTH_e41560788c7b460fa374fdc94f22590f/gnocchi.bdbaa41d-2c01-44dd-999b-a1b700dd3e61/none_v3" 201 - "PUT https://[::1]:8080/v1/AUTH_e41560788c7b460fa374fdc94f22590f/gnocchi.bdbaa41d-2c01-44dd-999b-a1b700dd3e61/none_v3" "txb1182dd4e3084aa980714-00699a7a7e" "proxy-server 100219" 0.0134 "-" 99151 0
Feb 21 22:39:42 np0005625961.novalocal container-server[98786]: ::1 - - [22/Feb/2026:03:39:42 +0000] "PUT /3/163963/AUTH_e41560788c7b460fa374fdc94f22590f/gnocchi.bdbaa41d-2c01-44dd-999b-a1b700dd3e61/none_v3" 201 - "PUT http://[::1]:8080/1/219036/AUTH_e41560788c7b460fa374fdc94f22590f/gnocchi.bdbaa41d-2c01-44dd-999b-a1b700dd3e61/none_v3" "txb1182dd4e3084aa980714-00699a7a7e" "object-server 99152" 0.0015 "-" 98786 0
Feb 21 22:39:42 np0005625961.novalocal object-server[99152]: ::1 - - [22/Feb/2026:03:39:42 +0000] "PUT /1/219036/AUTH_e41560788c7b460fa374fdc94f22590f/gnocchi.bdbaa41d-2c01-44dd-999b-a1b700dd3e61/none_v3" 201 - "PUT https://[::1]:8080/v1/AUTH_e41560788c7b460fa374fdc94f22590f/gnocchi.bdbaa41d-2c01-44dd-999b-a1b700dd3e61/none_v3" "txb1182dd4e3084aa980714-00699a7a7e" "proxy-server 100219" 0.0173 "-" 99152 0
Feb 21 22:39:42 np0005625961.novalocal container-server[98786]: ::1 - - [22/Feb/2026:03:39:42 +0000] "PUT /1/163963/AUTH_e41560788c7b460fa374fdc94f22590f/gnocchi.bdbaa41d-2c01-44dd-999b-a1b700dd3e61/none_v3" 201 - "PUT http://[::1]:8080/3/219036/AUTH_e41560788c7b460fa374fdc94f22590f/gnocchi.bdbaa41d-2c01-44dd-999b-a1b700dd3e61/none_v3" "txb1182dd4e3084aa980714-00699a7a7e" "object-server 99151" 0.0009 "-" 98786 0
Feb 21 22:39:42 np0005625961.novalocal object-server[99151]: ::1 - - [22/Feb/2026:03:39:42 +0000] "PUT /3/219036/AUTH_e41560788c7b460fa374fdc94f22590f/gnocchi.bdbaa41d-2c01-44dd-999b-a1b700dd3e61/none_v3" 201 - "PUT https://[::1]:8080/v1/AUTH_e41560788c7b460fa374fdc94f22590f/gnocchi.bdbaa41d-2c01-44dd-999b-a1b700dd3e61/none_v3" "txb1182dd4e3084aa980714-00699a7a7e" "proxy-server 100219" 0.0177 "-" 99151 0
Feb 21 22:39:42 np0005625961.novalocal proxy-server[100219]: ::1 ::1 22/Feb/2026/03/39/42 PUT /v1/AUTH_e41560788c7b460fa374fdc94f22590f/gnocchi.bdbaa41d-2c01-44dd-999b-a1b700dd3e61/none_v3 HTTP/1.0 201 - python-swiftclient-4.8.0 gAAAAABpmnpTVjhT... 42 - - txb1182dd4e3084aa980714-00699a7a7e - 0.0285 - - 1771731582.468353510 1771731582.496843576 0 17d6eceedce248e7bcac4363c7b2aeaa
Feb 21 22:39:42 np0005625961.novalocal object-server[99151]: ::1 - - [22/Feb/2026:03:39:42 +0000] "GET /2/217856/AUTH_e41560788c7b460fa374fdc94f22590f/gnocchi.501a3e3e-8cc8-4435-89d3-6e2b3c10766c/none_v3" 200 22 "GET https://[::1]:8080/v1/AUTH_e41560788c7b460fa374fdc94f22590f/gnocchi.501a3e3e-8cc8-4435-89d3-6e2b3c10766c/none_v3" "txdd7155cb8fa24aaa96630-00699a7a7e" "proxy-server 100219" 0.0015 "-" 99151 0
Feb 21 22:39:42 np0005625961.novalocal proxy-server[100219]: ::1 ::1 22/Feb/2026/03/39/42 GET /v1/AUTH_e41560788c7b460fa374fdc94f22590f/gnocchi.501a3e3e-8cc8-4435-89d3-6e2b3c10766c/none_v3 HTTP/1.0 200 - python-swiftclient-4.8.0 gAAAAABpmnpTVjhT... - 22 - txdd7155cb8fa24aaa96630-00699a7a7e - 0.0097 - - 1771731582.518022537 1771731582.527739286 0 17d6eceedce248e7bcac4363c7b2aeaa
Feb 21 22:39:42 np0005625961.novalocal object-server[99151]: ::1 - - [22/Feb/2026:03:39:42 +0000] "GET /2/187419/AUTH_e41560788c7b460fa374fdc94f22590f/gnocchi.a9270718-d472-42ea-aac7-a8b685a4ecec/none_v3" 200 22 "GET https://[::1]:8080/v1/AUTH_e41560788c7b460fa374fdc94f22590f/gnocchi.a9270718-d472-42ea-aac7-a8b685a4ecec/none_v3" "tx44dc3fbef89743ea8780e-00699a7a7e" "proxy-server 100219" 0.0009 "-" 99151 0
Feb 21 22:39:42 np0005625961.novalocal proxy-server[100219]: ::1 ::1 22/Feb/2026/03/39/42 GET /v1/AUTH_e41560788c7b460fa374fdc94f22590f/gnocchi.a9270718-d472-42ea-aac7-a8b685a4ecec/none_v3 HTTP/1.0 200 - python-swiftclient-4.8.0 gAAAAABpmnpTVjhT... - 22 - tx44dc3fbef89743ea8780e-00699a7a7e - 0.0073 - - 1771731582.530086517 1771731582.537386656 0 17d6eceedce248e7bcac4363c7b2aeaa
Feb 21 22:39:42 np0005625961.novalocal container-server[98785]: ::1 - - [22/Feb/2026:03:39:42 +0000] "GET /3/105493/AUTH_e41560788c7b460fa374fdc94f22590f/gnocchi.501a3e3e-8cc8-4435-89d3-6e2b3c10766c" 200 357 "GET https://[::1]:8080/v1/AUTH_e41560788c7b460fa374fdc94f22590f/gnocchi.501a3e3e-8cc8-4435-89d3-6e2b3c10766c?format=json&states=listing" "tx39dbb9e8284b440e93b25-00699a7a7e" "proxy-server 100219" 0.0091 "-" 98785 0
Feb 21 22:39:42 np0005625961.novalocal proxy-server[100219]: ::1 ::1 22/Feb/2026/03/39/42 GET /v1/AUTH_e41560788c7b460fa374fdc94f22590f/gnocchi.501a3e3e-8cc8-4435-89d3-6e2b3c10766c%3Fformat%3Djson%26states%3Dlisting HTTP/1.0 200 - python-swiftclient-4.8.0 gAAAAABpmnpTVjhT... - 357 - tx39dbb9e8284b440e93b25-00699a7a7e - 0.0154 - - 1771731582.540508986 1771731582.555941582 0 17d6eceedce248e7bcac4363c7b2aeaa
Feb 21 22:39:42 np0005625961.novalocal container-server[98785]: ::1 - - [22/Feb/2026:03:39:42 +0000] "GET /1/105493/AUTH_e41560788c7b460fa374fdc94f22590f/gnocchi.501a3e3e-8cc8-4435-89d3-6e2b3c10766c" 200 2 "GET https://[::1]:8080/v1/AUTH_e41560788c7b460fa374fdc94f22590f/gnocchi.501a3e3e-8cc8-4435-89d3-6e2b3c10766c?format=json&marker=none_v3&states=listing" "tx080697d804794ff093b91-00699a7a7e" "proxy-server 100219" 0.0078 "-" 98785 0
Feb 21 22:39:42 np0005625961.novalocal proxy-server[100219]: ::1 ::1 22/Feb/2026/03/39/42 GET /v1/AUTH_e41560788c7b460fa374fdc94f22590f/gnocchi.501a3e3e-8cc8-4435-89d3-6e2b3c10766c%3Fformat%3Djson%26marker%3Dnone_v3%26states%3Dlisting HTTP/1.0 200 - python-swiftclient-4.8.0 gAAAAABpmnpTVjhT... - 2 - tx080697d804794ff093b91-00699a7a7e - 0.0139 - - 1771731582.558389902 1771731582.572311878 0 17d6eceedce248e7bcac4363c7b2aeaa
Feb 21 22:39:42 np0005625961.novalocal container-server[98785]: ::1 - - [22/Feb/2026:03:39:42 +0000] "GET /1/60330/AUTH_e41560788c7b460fa374fdc94f22590f/gnocchi.a9270718-d472-42ea-aac7-a8b685a4ecec" 200 357 "GET https://[::1]:8080/v1/AUTH_e41560788c7b460fa374fdc94f22590f/gnocchi.a9270718-d472-42ea-aac7-a8b685a4ecec?format=json&states=listing" "txb629dfa01904456390a46-00699a7a7e" "proxy-server 100219" 0.0093 "-" 98785 0
Feb 21 22:39:42 np0005625961.novalocal proxy-server[100219]: ::1 ::1 22/Feb/2026/03/39/42 GET /v1/AUTH_e41560788c7b460fa374fdc94f22590f/gnocchi.a9270718-d472-42ea-aac7-a8b685a4ecec%3Fformat%3Djson%26states%3Dlisting HTTP/1.0 200 - python-swiftclient-4.8.0 gAAAAABpmnpTVjhT... - 357 - txb629dfa01904456390a46-00699a7a7e - 0.0160 - - 1771731582.575782299 1771731582.591804743 0 17d6eceedce248e7bcac4363c7b2aeaa
Feb 21 22:39:42 np0005625961.novalocal container-server[98786]: ::1 - - [22/Feb/2026:03:39:42 +0000] "GET /1/60330/AUTH_e41560788c7b460fa374fdc94f22590f/gnocchi.a9270718-d472-42ea-aac7-a8b685a4ecec" 200 2 "GET https://[::1]:8080/v1/AUTH_e41560788c7b460fa374fdc94f22590f/gnocchi.a9270718-d472-42ea-aac7-a8b685a4ecec?format=json&marker=none_v3&states=listing" "tx957f1134ae6649f7866e7-00699a7a7e" "proxy-server 100219" 0.0040 "-" 98786 0
Feb 21 22:39:42 np0005625961.novalocal proxy-server[100219]: ::1 ::1 22/Feb/2026/03/39/42 GET /v1/AUTH_e41560788c7b460fa374fdc94f22590f/gnocchi.a9270718-d472-42ea-aac7-a8b685a4ecec%3Fformat%3Djson%26marker%3Dnone_v3%26states%3Dlisting HTTP/1.0 200 - python-swiftclient-4.8.0 gAAAAABpmnpTVjhT... - 2 - tx957f1134ae6649f7866e7-00699a7a7e - 0.0105 - - 1771731582.594103813 1771731582.604556561 0 17d6eceedce248e7bcac4363c7b2aeaa
Feb 21 22:39:42 np0005625961.novalocal object-server[99152]: ::1 - - [22/Feb/2026:03:39:42 +0000] "GET /1/197714/AUTH_e41560788c7b460fa374fdc94f22590f/gnocchi.501a3e3e-8cc8-4435-89d3-6e2b3c10766c/1771200000.0_mean_300.0_v3" 200 16 "GET https://[::1]:8080/v1/AUTH_e41560788c7b460fa374fdc94f22590f/gnocchi.501a3e3e-8cc8-4435-89d3-6e2b3c10766c/1771200000.0_mean_300.0_v3" "txda29949d79af4f3798f90-00699a7a7e" "proxy-server 100219" 0.0011 "-" 99152 0
Feb 21 22:39:42 np0005625961.novalocal proxy-server[100219]: ::1 ::1 22/Feb/2026/03/39/42 GET /v1/AUTH_e41560788c7b460fa374fdc94f22590f/gnocchi.501a3e3e-8cc8-4435-89d3-6e2b3c10766c/1771200000.0_mean_300.0_v3 HTTP/1.0 200 - python-swiftclient-4.8.0 gAAAAABpmnpTVjhT... - 16 - txda29949d79af4f3798f90-00699a7a7e - 0.0084 - - 1771731582.607473135 1771731582.615910053 0 17d6eceedce248e7bcac4363c7b2aeaa
Feb 21 22:39:42 np0005625961.novalocal object-server[99151]: ::1 - - [22/Feb/2026:03:39:42 +0000] "GET /2/5840/AUTH_e41560788c7b460fa374fdc94f22590f/gnocchi.a9270718-d472-42ea-aac7-a8b685a4ecec/1771200000.0_mean_300.0_v3" 200 16 "GET https://[::1]:8080/v1/AUTH_e41560788c7b460fa374fdc94f22590f/gnocchi.a9270718-d472-42ea-aac7-a8b685a4ecec/1771200000.0_mean_300.0_v3" "tx6849c14c0bc14dacb0197-00699a7a7e" "proxy-server 100219" 0.0010 "-" 99151 0
Feb 21 22:39:42 np0005625961.novalocal proxy-server[100219]: ::1 ::1 22/Feb/2026/03/39/42 GET /v1/AUTH_e41560788c7b460fa374fdc94f22590f/gnocchi.a9270718-d472-42ea-aac7-a8b685a4ecec/1771200000.0_mean_300.0_v3 HTTP/1.0 200 - python-swiftclient-4.8.0 gAAAAABpmnpTVjhT... - 16 - tx6849c14c0bc14dacb0197-00699a7a7e - 0.0073 - - 1771731582.618145943 1771731582.625443935 0 17d6eceedce248e7bcac4363c7b2aeaa
Feb 21 22:39:42 np0005625961.novalocal container-server[98785]: ::1 - - [22/Feb/2026:03:39:42 +0000] "PUT /3/105493/AUTH_e41560788c7b460fa374fdc94f22590f/gnocchi.501a3e3e-8cc8-4435-89d3-6e2b3c10766c/1771200000.0_mean_300.0_v3" 201 - "PUT http://[::1]:8080/1/197714/AUTH_e41560788c7b460fa374fdc94f22590f/gnocchi.501a3e3e-8cc8-4435-89d3-6e2b3c10766c/1771200000.0_mean_300.0_v3" "txa5db9e7ec9204a679d633-00699a7a7e" "object-server 99152" 0.0007 "-" 98785 0
Feb 21 22:39:42 np0005625961.novalocal container-server[98786]: ::1 - - [22/Feb/2026:03:39:42 +0000] "PUT /2/105493/AUTH_e41560788c7b460fa374fdc94f22590f/gnocchi.501a3e3e-8cc8-4435-89d3-6e2b3c10766c/1771200000.0_mean_300.0_v3" 201 - "PUT http://[::1]:8080/3/197714/AUTH_e41560788c7b460fa374fdc94f22590f/gnocchi.501a3e3e-8cc8-4435-89d3-6e2b3c10766c/1771200000.0_mean_300.0_v3" "txa5db9e7ec9204a679d633-00699a7a7e" "object-server 99151" 0.0011 "-" 98786 0
Feb 21 22:39:42 np0005625961.novalocal object-server[99152]: ::1 - - [22/Feb/2026:03:39:42 +0000] "PUT /1/197714/AUTH_e41560788c7b460fa374fdc94f22590f/gnocchi.501a3e3e-8cc8-4435-89d3-6e2b3c10766c/1771200000.0_mean_300.0_v3" 201 - "PUT https://[::1]:8080/v1/AUTH_e41560788c7b460fa374fdc94f22590f/gnocchi.501a3e3e-8cc8-4435-89d3-6e2b3c10766c/1771200000.0_mean_300.0_v3" "txa5db9e7ec9204a679d633-00699a7a7e" "proxy-server 100219" 0.0138 "-" 99152 0
Feb 21 22:39:42 np0005625961.novalocal object-server[99151]: ::1 - - [22/Feb/2026:03:39:42 +0000] "PUT /3/197714/AUTH_e41560788c7b460fa374fdc94f22590f/gnocchi.501a3e3e-8cc8-4435-89d3-6e2b3c10766c/1771200000.0_mean_300.0_v3" 201 - "PUT https://[::1]:8080/v1/AUTH_e41560788c7b460fa374fdc94f22590f/gnocchi.501a3e3e-8cc8-4435-89d3-6e2b3c10766c/1771200000.0_mean_300.0_v3" "txa5db9e7ec9204a679d633-00699a7a7e" "proxy-server 100219" 0.0142 "-" 99151 0
Feb 21 22:39:42 np0005625961.novalocal container-server[98786]: ::1 - - [22/Feb/2026:03:39:42 +0000] "PUT /1/105493/AUTH_e41560788c7b460fa374fdc94f22590f/gnocchi.501a3e3e-8cc8-4435-89d3-6e2b3c10766c/1771200000.0_mean_300.0_v3" 201 - "PUT http://[::1]:8080/2/197714/AUTH_e41560788c7b460fa374fdc94f22590f/gnocchi.501a3e3e-8cc8-4435-89d3-6e2b3c10766c/1771200000.0_mean_300.0_v3" "txa5db9e7ec9204a679d633-00699a7a7e" "object-server 99151" 0.0006 "-" 98786 0
Feb 21 22:39:42 np0005625961.novalocal object-server[99151]: ::1 - - [22/Feb/2026:03:39:42 +0000] "PUT /2/197714/AUTH_e41560788c7b460fa374fdc94f22590f/gnocchi.501a3e3e-8cc8-4435-89d3-6e2b3c10766c/1771200000.0_mean_300.0_v3" 201 - "PUT https://[::1]:8080/v1/AUTH_e41560788c7b460fa374fdc94f22590f/gnocchi.501a3e3e-8cc8-4435-89d3-6e2b3c10766c/1771200000.0_mean_300.0_v3" "txa5db9e7ec9204a679d633-00699a7a7e" "proxy-server 100219" 0.0146 "-" 99151 0
Feb 21 22:39:42 np0005625961.novalocal proxy-server[100219]: ::1 ::1 22/Feb/2026/03/39/42 PUT /v1/AUTH_e41560788c7b460fa374fdc94f22590f/gnocchi.501a3e3e-8cc8-4435-89d3-6e2b3c10766c/1771200000.0_mean_300.0_v3 HTTP/1.0 201 - python-swiftclient-4.8.0 gAAAAABpmnpTVjhT... 16 - - txa5db9e7ec9204a679d633-00699a7a7e - 0.0238 - - 1771731582.628065348 1771731582.651866436 0 17d6eceedce248e7bcac4363c7b2aeaa
Feb 21 22:39:42 np0005625961.novalocal container-server[98785]: ::1 - - [22/Feb/2026:03:39:42 +0000] "PUT /3/60330/AUTH_e41560788c7b460fa374fdc94f22590f/gnocchi.a9270718-d472-42ea-aac7-a8b685a4ecec/1771200000.0_mean_300.0_v3" 201 - "PUT http://[::1]:8080/2/5840/AUTH_e41560788c7b460fa374fdc94f22590f/gnocchi.a9270718-d472-42ea-aac7-a8b685a4ecec/1771200000.0_mean_300.0_v3" "txf2eb300b78364ea4bb4f0-00699a7a7e" "object-server 99151" 0.0010 "-" 98785 0
Feb 21 22:39:42 np0005625961.novalocal kernel: qvbbc2b781a-de: left allmulticast mode
Feb 21 22:39:42 np0005625961.novalocal kernel: qvbbc2b781a-de: left promiscuous mode
Feb 21 22:39:42 np0005625961.novalocal kernel: qbrbc2b781a-de: port 1(qvbbc2b781a-de) entered disabled state
Feb 21 22:39:42 np0005625961.novalocal object-server[99151]: ::1 - - [22/Feb/2026:03:39:42 +0000] "PUT /2/5840/AUTH_e41560788c7b460fa374fdc94f22590f/gnocchi.a9270718-d472-42ea-aac7-a8b685a4ecec/1771200000.0_mean_300.0_v3" 201 - "PUT https://[::1]:8080/v1/AUTH_e41560788c7b460fa374fdc94f22590f/gnocchi.a9270718-d472-42ea-aac7-a8b685a4ecec/1771200000.0_mean_300.0_v3" "txf2eb300b78364ea4bb4f0-00699a7a7e" "proxy-server 100219" 0.0115 "-" 99151 0
