Feb 21 22:39:57 np0005625961.novalocal object-server[99152]: ::1 - - [22/Feb/2026:03:39:57 +0000] "PUT /2/207080/AUTH_e41560788c7b460fa374fdc94f22590f/gnocchi.4d68f372-617e-4f06-a629-d534257354dc/1771200000.0_mean_300.0_v3" 201 - "PUT https://[::1]:8080/v1/AUTH_e41560788c7b460fa374fdc94f22590f/gnocchi.4d68f372-617e-4f06-a629-d534257354dc/1771200000.0_mean_300.0_v3" "tx9e3f734dac8c45198545c-00699a7a8d" "proxy-server 100219" 0.0155 "-" 99152 0
Feb 21 22:39:57 np0005625961.novalocal container-server[98785]: ::1 - - [22/Feb/2026:03:39:57 +0000] "PUT /1/111334/AUTH_e41560788c7b460fa374fdc94f22590f/gnocchi.4d68f372-617e-4f06-a629-d534257354dc/1771200000.0_mean_300.0_v3" 201 - "PUT http://[::1]:8080/1/207080/AUTH_e41560788c7b460fa374fdc94f22590f/gnocchi.4d68f372-617e-4f06-a629-d534257354dc/1771200000.0_mean_300.0_v3" "tx9e3f734dac8c45198545c-00699a7a8d" "object-server 99152" 0.0004 "-" 98785 0
Feb 21 22:39:57 np0005625961.novalocal object-server[99152]: ::1 - - [22/Feb/2026:03:39:57 +0000] "PUT /1/207080/AUTH_e41560788c7b460fa374fdc94f22590f/gnocchi.4d68f372-617e-4f06-a629-d534257354dc/1771200000.0_mean_300.0_v3" 201 - "PUT https://[::1]:8080/v1/AUTH_e41560788c7b460fa374fdc94f22590f/gnocchi.4d68f372-617e-4f06-a629-d534257354dc/1771200000.0_mean_300.0_v3" "tx9e3f734dac8c45198545c-00699a7a8d" "proxy-server 100219" 0.0235 "-" 99152 0
Feb 21 22:39:57 np0005625961.novalocal proxy-server[100219]: ::1 ::1 22/Feb/2026/03/39/57 PUT /v1/AUTH_e41560788c7b460fa374fdc94f22590f/gnocchi.4d68f372-617e-4f06-a629-d534257354dc/1771200000.0_mean_300.0_v3 HTTP/1.0 201 - python-swiftclient-4.8.0 gAAAAABpmnpTVjhT... 16 - - tx9e3f734dac8c45198545c-00699a7a8d - 0.0334 - - 1771731597.522290468 1771731597.555689573 0 17d6eceedce248e7bcac4363c7b2aeaa
Feb 21 22:39:57 np0005625961.novalocal container-server[98785]: ::1 - - [22/Feb/2026:03:39:57 +0000] "PUT /3/111334/AUTH_e41560788c7b460fa374fdc94f22590f/gnocchi.4d68f372-617e-4f06-a629-d534257354dc/none_v3" 201 - "PUT http://[::1]:8080/3/31217/AUTH_e41560788c7b460fa374fdc94f22590f/gnocchi.4d68f372-617e-4f06-a629-d534257354dc/none_v3" "txd7b10b17be434db0af1d9-00699a7a8d" "object-server 99152" 0.0004 "-" 98785 0
Feb 21 22:39:57 np0005625961.novalocal container-server[98786]: ::1 - - [22/Feb/2026:03:39:57 +0000] "PUT /1/111334/AUTH_e41560788c7b460fa374fdc94f22590f/gnocchi.4d68f372-617e-4f06-a629-d534257354dc/none_v3" 201 - "PUT http://[::1]:8080/2/31217/AUTH_e41560788c7b460fa374fdc94f22590f/gnocchi.4d68f372-617e-4f06-a629-d534257354dc/none_v3" "txd7b10b17be434db0af1d9-00699a7a8d" "object-server 99151" 0.0005 "-" 98786 0
Feb 21 22:39:57 np0005625961.novalocal object-server[99151]: ::1 - - [22/Feb/2026:03:39:57 +0000] "PUT /2/31217/AUTH_e41560788c7b460fa374fdc94f22590f/gnocchi.4d68f372-617e-4f06-a629-d534257354dc/none_v3" 201 - "PUT https://[::1]:8080/v1/AUTH_e41560788c7b460fa374fdc94f22590f/gnocchi.4d68f372-617e-4f06-a629-d534257354dc/none_v3" "txd7b10b17be434db0af1d9-00699a7a8d" "proxy-server 100219" 0.0251 "-" 99151 0
Feb 21 22:39:57 np0005625961.novalocal object-server[99152]: ::1 - - [22/Feb/2026:03:39:57 +0000] "PUT /3/31217/AUTH_e41560788c7b460fa374fdc94f22590f/gnocchi.4d68f372-617e-4f06-a629-d534257354dc/none_v3" 201 - "PUT https://[::1]:8080/v1/AUTH_e41560788c7b460fa374fdc94f22590f/gnocchi.4d68f372-617e-4f06-a629-d534257354dc/none_v3" "txd7b10b17be434db0af1d9-00699a7a8d" "proxy-server 100219" 0.0155 "-" 99152 0
Feb 21 22:39:57 np0005625961.novalocal container-server[98786]: ::1 - - [22/Feb/2026:03:39:57 +0000] "PUT /2/111334/AUTH_e41560788c7b460fa374fdc94f22590f/gnocchi.4d68f372-617e-4f06-a629-d534257354dc/none_v3" 201 - "PUT http://[::1]:8080/1/31217/AUTH_e41560788c7b460fa374fdc94f22590f/gnocchi.4d68f372-617e-4f06-a629-d534257354dc/none_v3" "txd7b10b17be434db0af1d9-00699a7a8d" "object-server 99152" 0.0010 "-" 98786 0
Feb 21 22:39:57 np0005625961.novalocal object-server[99152]: ::1 - - [22/Feb/2026:03:39:57 +0000] "PUT /1/31217/AUTH_e41560788c7b460fa374fdc94f22590f/gnocchi.4d68f372-617e-4f06-a629-d534257354dc/none_v3" 201 - "PUT https://[::1]:8080/v1/AUTH_e41560788c7b460fa374fdc94f22590f/gnocchi.4d68f372-617e-4f06-a629-d534257354dc/none_v3" "txd7b10b17be434db0af1d9-00699a7a8d" "proxy-server 100219" 0.0209 "-" 99152 0
Feb 21 22:39:57 np0005625961.novalocal proxy-server[100219]: ::1 ::1 22/Feb/2026/03/39/57 PUT /v1/AUTH_e41560788c7b460fa374fdc94f22590f/gnocchi.4d68f372-617e-4f06-a629-d534257354dc/none_v3 HTTP/1.0 201 - python-swiftclient-4.8.0 gAAAAABpmnpTVjhT... 50 - - txd7b10b17be434db0af1d9-00699a7a8d - 0.0382 - - 1771731597.559082031 1771731597.597319841 0 17d6eceedce248e7bcac4363c7b2aeaa
Feb 21 22:39:57 np0005625961.novalocal kernel: qg-6a406fbe-48: entered promiscuous mode
Feb 21 22:39:57 np0005625961.novalocal NetworkManager[868]: [1771731597.7131] manager: (qg-6a406fbe-48): 'openvswitch' plugin not available; creating generic device
Feb 21 22:39:57 np0005625961.novalocal systemd-udevd[107314]: Network interface NamePolicy= disabled on kernel command line.
Feb 21 22:39:57 np0005625961.novalocal NetworkManager[868]: [1771731597.7139] manager: (qg-6a406fbe-48): new Generic device (/org/freedesktop/NetworkManager/Devices/35)
Feb 21 22:39:57 np0005625961.novalocal virtnodedevd[102262]: libvirt version: 11.10.0, package: 4.el9 (builder@centos.org, 2026-01-29-15:25:17, )
Feb 21 22:39:57 np0005625961.novalocal virtnodedevd[102262]: hostname: np0005625961.novalocal
Feb 21 22:39:57 np0005625961.novalocal virtnodedevd[102262]: ethtool ioctl error on qg-6a406fbe-48: No such device
Feb 21 22:39:57 np0005625961.novalocal virtnodedevd[102262]: ethtool ioctl error on qg-6a406fbe-48: No such device
Feb 21 22:39:57 np0005625961.novalocal virtnodedevd[102262]: ethtool ioctl error on qg-6a406fbe-48: No such device
Feb 21 22:39:57 np0005625961.novalocal virtnodedevd[102262]: ethtool ioctl error on qg-6a406fbe-48: No such device
Feb 21 22:39:57 np0005625961.novalocal virtnodedevd[102262]: ethtool ioctl error on qg-6a406fbe-48: No such device
Feb 21 22:39:57 np0005625961.novalocal virtnodedevd[102262]: ethtool ioctl error on qg-6a406fbe-48: No such device
Feb 21 22:39:57 np0005625961.novalocal virtnodedevd[102262]: ethtool ioctl error on qg-6a406fbe-48: No such device
Feb 21 22:39:57 np0005625961.novalocal virtnodedevd[102262]: ethtool ioctl error on qg-6a406fbe-48: No such device
Feb 21 22:39:57 np0005625961.novalocal object-reconstructor[98261]: Starting object reconstruction pass.
Feb 21 22:39:57 np0005625961.novalocal object-reconstructor[98261]: Nothing reconstructed for 0.0002474784851074219 seconds.
Feb 21 22:39:57 np0005625961.novalocal object-reconstructor[98261]: Object reconstruction complete. (0.00 minutes)
Feb 21 22:39:58 np0005625961.novalocal dnsmasq[107389]: started, version 2.85 cachesize 150
Feb 21 22:39:58 np0005625961.novalocal dnsmasq[107389]: DNS service limited to local subnets
Feb 21 22:39:58 np0005625961.novalocal dnsmasq[107389]: compile time options: IPv6 GNU-getopt DBus no-UBus no-i18n IDN2 DHCP DHCPv6 no-Lua TFTP no-conntrack ipset auth cryptohash DNSSEC loop-detect inotify dumpfile
Feb 21 22:39:58 np0005625961.novalocal dnsmasq[107389]: warning: no upstream servers configured
Feb 21 22:39:58 np0005625961.novalocal dnsmasq-dhcp[107389]: DHCP, static leases only on 10.100.0.0, lease time 1d
Feb 21 22:39:58 np0005625961.novalocal dnsmasq[107389]: read /var/lib/neutron/dhcp/2b12b0b9-1d9e-4dc6-8e96-cffbda492826/addn_hosts - 0 addresses
Feb 21 22:39:58 np0005625961.novalocal dnsmasq-dhcp[107389]: read /var/lib/neutron/dhcp/2b12b0b9-1d9e-4dc6-8e96-cffbda492826/host
Feb 21 22:39:58 np0005625961.novalocal dnsmasq-dhcp[107389]: read /var/lib/neutron/dhcp/2b12b0b9-1d9e-4dc6-8e96-cffbda492826/opts
Feb 21 22:39:59 np0005625961.novalocal dnsmasq[107389]: read /var/lib/neutron/dhcp/2b12b0b9-1d9e-4dc6-8e96-cffbda492826/addn_hosts - 1 addresses
Feb 21 22:39:59 np0005625961.novalocal dnsmasq-dhcp[107389]: read /var/lib/neutron/dhcp/2b12b0b9-1d9e-4dc6-8e96-cffbda492826/host
Feb 21 22:39:59 np0005625961.novalocal dnsmasq-dhcp[107389]: read /var/lib/neutron/dhcp/2b12b0b9-1d9e-4dc6-8e96-cffbda492826/opts
Feb 21 22:39:59 np0005625961.novalocal kernel: qr-abbe489f-35: entered promiscuous mode
Feb 21 22:39:59 np0005625961.novalocal NetworkManager[868]: [1771731599.6509] manager: (qr-abbe489f-35): 'openvswitch' plugin not available; creating generic device
Feb 21 22:39:59 np0005625961.novalocal NetworkManager[868]: [1771731599.6524] manager: (qr-abbe489f-35): new Generic device (/org/freedesktop/NetworkManager/Devices/36)
Feb 21 22:40:00 np0005625961.novalocal account-server[98426]: ::1 - - [22/Feb/2026:03:40:00 +0000] "HEAD /1/249817/.misplaced_objects" 404 - "HEAD http://localhost/v1/.misplaced_objects?format=json" "txbfa24320838647b18b83d-00699a7a90" "Swift Container Reconciler" 0.0003 "-" 98426 -
Feb 21 22:40:00 np0005625961.novalocal account-server[98426]: ::1 - - [22/Feb/2026:03:40:00 +0000] "HEAD /3/249817/.misplaced_objects" 404 - "HEAD http://localhost/v1/.misplaced_objects?format=json" "txbfa24320838647b18b83d-00699a7a90" "Swift Container Reconciler" 0.0002 "-" 98426 -
Feb 21 22:40:00 np0005625961.novalocal account-server[98425]: ::1 - - [22/Feb/2026:03:40:00 +0000] "HEAD /2/249817/.misplaced_objects" 404 - "HEAD http://localhost/v1/.misplaced_objects?format=json" "txbfa24320838647b18b83d-00699a7a90" "Swift Container Reconciler" 0.0003 "-" 98425 -
Feb 21 22:40:00 np0005625961.novalocal container-reconciler-ic[93952]: - - 22/Feb/2026/03/40/00 HEAD /v1/.misplaced_objects%3Fformat%3Djson HTTP/1.0 404 - Swift - - - - txbfa24320838647b18b83d-00699a7a90 - 0.0067 GET_ACCOUNT_INFO - 1771731600.258929491 1771731600.265619755 - -
Feb 21 22:40:00 np0005625961.novalocal container-server[98786]: ::1 - - [22/Feb/2026:03:40:00 +0000] "GET /2/34018/.misplaced_objects/1771729200" 404 - "GET http://localhost/v1/.misplaced_objects/1771729200?format=json&marker=&end_marker=&prefix=&states=listing" "txbfa24320838647b18b83d-00699a7a90" "Swift Container Reconciler" 0.0005 "-" 98786 0
Feb 21 22:40:00 np0005625961.novalocal container-server[98785]: ::1 - - [22/Feb/2026:03:40:00 +0000] "GET /1/34018/.misplaced_objects/1771729200" 404 - "GET http://localhost/v1/.misplaced_objects/1771729200?format=json&marker=&end_marker=&prefix=&states=listing" "txbfa24320838647b18b83d-00699a7a90" "Swift Container Reconciler" 0.0004 "-" 98785 0
Feb 21 22:40:00 np0005625961.novalocal container-server[98786]: ::1 - - [22/Feb/2026:03:40:00 +0000] "GET /3/34018/.misplaced_objects/1771729200" 404 - "GET http://localhost/v1/.misplaced_objects/1771729200?format=json&marker=&end_marker=&prefix=&states=listing" "txbfa24320838647b18b83d-00699a7a90" "Swift Container Reconciler" 0.0004 "-" 98786 0
Feb 21 22:40:00 np0005625961.novalocal container-reconciler-ic[93952]: - - 22/Feb/2026/03/40/00 GET /v1/.misplaced_objects/1771729200%3Fformat%3Djson%26marker%3D%26end_marker%3D%26prefix%3D%26states%3Dlisting HTTP/1.0 404 - Swift%20Container%20Reconciler - - 70 - txbfa24320838647b18b83d-00699a7a90 - 0.0158 - - 1771731600.258200169 1771731600.274015903 0 -
Feb 21 22:40:00 np0005625961.novalocal account-server[98426]: ::1 - - [22/Feb/2026:03:40:00 +0000] "GET /1/249817/.misplaced_objects" 404 - "GET http://localhost/v1/.misplaced_objects?format=json&marker=&end_marker=&prefix=" "tx825f484b40cd40c6bd9bf-00699a7a90" "Swift Container Reconciler" 0.0003 "-" 98426 -
Feb 21 22:40:00 np0005625961.novalocal account-server[98425]: ::1 - - [22/Feb/2026:03:40:00 +0000] "GET /3/249817/.misplaced_objects" 404 - "GET http://localhost/v1/.misplaced_objects?format=json&marker=&end_marker=&prefix=" "tx825f484b40cd40c6bd9bf-00699a7a90" "Swift Container Reconciler" 0.0004 "-" 98425 -
Feb 21 22:40:00 np0005625961.novalocal account-server[98426]: ::1 - - [22/Feb/2026:03:40:00 +0000] "GET /2/249817/.misplaced_objects" 404 - "GET http://localhost/v1/.misplaced_objects?format=json&marker=&end_marker=&prefix=" "tx825f484b40cd40c6bd9bf-00699a7a90" "Swift Container Reconciler" 0.0003 "-" 98426 -
Feb 21 22:40:00 np0005625961.novalocal container-reconciler-ic[93952]: - - 22/Feb/2026/03/40/00 GET /v1/.misplaced_objects%3Fformat%3Djson%26marker%3D%26end_marker%3D%26prefix%3D HTTP/1.0 404 - Swift%20Container%20Reconciler - - - - tx825f484b40cd40c6bd9bf-00699a7a90 - 0.0089 - - 1771731600.274491310 1771731600.283398867 - -
Feb 21 22:40:00 np0005625961.novalocal container-reconciler[93952]: Reconciler Stats: {}
Feb 21 22:40:00 np0005625961.novalocal container-reconciler[93952]: sleeping between intervals (30.0s)
Feb 21 22:40:00 np0005625961.novalocal dnsmasq[107389]: read /var/lib/neutron/dhcp/2b12b0b9-1d9e-4dc6-8e96-cffbda492826/addn_hosts - 1 addresses
Feb 21 22:40:00 np0005625961.novalocal dnsmasq-dhcp[107389]: read /var/lib/neutron/dhcp/2b12b0b9-1d9e-4dc6-8e96-cffbda492826/host
Feb 21 22:40:00 np0005625961.novalocal dnsmasq-dhcp[107389]: read /var/lib/neutron/dhcp/2b12b0b9-1d9e-4dc6-8e96-cffbda492826/opts
Feb 21 22:40:01 np0005625961.novalocal dnsmasq[107389]: read /var/lib/neutron/dhcp/2b12b0b9-1d9e-4dc6-8e96-cffbda492826/addn_hosts - 1 addresses
Feb 21 22:40:01 np0005625961.novalocal dnsmasq-dhcp[107389]: read /var/lib/neutron/dhcp/2b12b0b9-1d9e-4dc6-8e96-cffbda492826/host
Feb 21 22:40:01 np0005625961.novalocal dnsmasq-dhcp[107389]: read /var/lib/neutron/dhcp/2b12b0b9-1d9e-4dc6-8e96-cffbda492826/opts
Feb 21 22:40:04 np0005625961.novalocal kernel: qbrf492eb45-4d: port 2(tapf492eb45-4d) entered disabled state
Feb 21 22:40:04 np0005625961.novalocal kernel: tapf492eb45-4d (unregistering): left allmulticast mode
Feb 21 22:40:04 np0005625961.novalocal kernel: tapf492eb45-4d (unregistering): left promiscuous mode
Feb 21 22:40:04 np0005625961.novalocal kernel: qbrf492eb45-4d: port 2(tapf492eb45-4d) entered disabled state
Feb 21 22:40:04 np0005625961.novalocal account-replicator[98507]: Beginning replication run
Feb 21 22:40:04 np0005625961.novalocal NetworkManager[868]: [1771731604.1032] device (tapf492eb45-4d): state change: activated -> unmanaged (reason 'unmanaged', managed-type: 'removed')
Feb 21 22:40:04 np0005625961.novalocal NetworkManager[868]: [1771731604.1038] device (tapf492eb45-4d): released from controller device qbrf492eb45-4d
Feb 21 22:40:04 np0005625961.novalocal systemd[1]: Starting system activity accounting tool...
Feb 21 22:40:04 np0005625961.novalocal systemd[1]: Starting Network Manager Script Dispatcher Service...
Feb 21 22:40:04 np0005625961.novalocal systemd[1]: sysstat-collect.service: Deactivated successfully.
Feb 21 22:40:04 np0005625961.novalocal systemd[1]: Finished system activity accounting tool.
Feb 21 22:40:04 np0005625961.novalocal systemd[1]: machine-qemu\x2d2\x2dinstance\x2d00000002.scope: Deactivated successfully.
Feb 21 22:40:04 np0005625961.novalocal systemd[1]: machine-qemu\x2d2\x2dinstance\x2d00000002.scope: Consumed 19.769s CPU time.
Feb 21 22:40:04 np0005625961.novalocal systemd-machined[95225]: Machine qemu-2-instance-00000002 terminated.
Feb 21 22:40:04 np0005625961.novalocal account-replicator[98507]: Replication run OVER
Feb 21 22:40:04 np0005625961.novalocal account-replicator[98507]: Attempted to replicate 3 dbs in 0.06315 seconds (47.50915/s)
Feb 21 22:40:04 np0005625961.novalocal account-replicator[98507]: Removed 0 dbs
Feb 21 22:40:04 np0005625961.novalocal account-replicator[98507]: 6 successes, 0 failures
Feb 21 22:40:04 np0005625961.novalocal account-replicator[98507]: diff:0 diff_capped:0 empty:0 hashmatch:0 no_change:6 remote_merge:0 rsync:0 ts_repl:0
Feb 21 22:40:04 np0005625961.novalocal systemd[1]: Started Network Manager Script Dispatcher Service.
Feb 21 22:40:04 np0005625961.novalocal dnsmasq[107389]: read /var/lib/neutron/dhcp/2b12b0b9-1d9e-4dc6-8e96-cffbda492826/addn_hosts - 2 addresses
Feb 21 22:40:04 np0005625961.novalocal dnsmasq-dhcp[107389]: read /var/lib/neutron/dhcp/2b12b0b9-1d9e-4dc6-8e96-cffbda492826/host
Feb 21 22:40:04 np0005625961.novalocal dnsmasq-dhcp[107389]: read /var/lib/neutron/dhcp/2b12b0b9-1d9e-4dc6-8e96-cffbda492826/opts
Feb 21 22:40:04 np0005625961.novalocal kernel: qvbf492eb45-4d: left allmulticast mode
Feb 21 22:40:04 np0005625961.novalocal kernel: qvbf492eb45-4d: left promiscuous mode
Feb 21 22:40:04 np0005625961.novalocal kernel: qbrf492eb45-4d: port 1(qvbf492eb45-4d) entered disabled state
Feb 21 22:40:04 np0005625961.novalocal NetworkManager[868]: [1771731604.8439] device (qbrf492eb45-4d): bridge port qvbf492eb45-4d was detached
Feb 21 22:40:04 np0005625961.novalocal NetworkManager[868]: [1771731604.8448] device (qbrf492eb45-4d): state change: activated -> unmanaged (reason 'unmanaged', managed-type: 'removed')
Feb 21 22:40:04 np0005625961.novalocal kernel: qvof492eb45-4d: left promiscuous mode
Feb 21 22:40:05 np0005625961.novalocal object-server[99151]: ::1 - - [22/Feb/2026:03:40:05 +0000] "GET /1/241465/AUTH_e41560788c7b460fa374fdc94f22590f/gnocchi.1f6ca75c-146d-46f0-9d2b-a29ffb96ae8f/none_v3" 200 51 "GET https://[::1]:8080/v1/AUTH_e41560788c7b460fa374fdc94f22590f/gnocchi.1f6ca75c-146d-46f0-9d2b-a29ffb96ae8f/none_v3" "tx464c9ad2fc1447d5ad871-00699a7a95" "proxy-server 100218" 0.0011 "-" 99151 0
Feb 21 22:40:05 np0005625961.novalocal proxy-server[100218]: ::1 ::1 22/Feb/2026/03/40/05 GET /v1/AUTH_e41560788c7b460fa374fdc94f22590f/gnocchi.1f6ca75c-146d-46f0-9d2b-a29ffb96ae8f/none_v3 HTTP/1.0 200 - python-swiftclient-4.8.0 gAAAAABpmnpRlsm9... - 51 - tx464c9ad2fc1447d5ad871-00699a7a95 - 0.0123 - - 1771731605.130760431 1771731605.143070698 0 17d6eceedce248e7bcac4363c7b2aeaa
Feb 21 22:40:05 np0005625961.novalocal container-server[98786]: ::1 - - [22/Feb/2026:03:40:05 +0000] "GET /1/23514/AUTH_e41560788c7b460fa374fdc94f22590f/gnocchi.1f6ca75c-146d-46f0-9d2b-a29ffb96ae8f" 200 357 "GET https://[::1]:8080/v1/AUTH_e41560788c7b460fa374fdc94f22590f/gnocchi.1f6ca75c-146d-46f0-9d2b-a29ffb96ae8f?format=json&states=listing" "txca6ac7d2498d47048509b-00699a7a95" "proxy-server 100218" 0.0096 "-" 98786 0
Feb 21 22:40:05 np0005625961.novalocal proxy-server[100218]: ::1 ::1 22/Feb/2026/03/40/05 GET /v1/AUTH_e41560788c7b460fa374fdc94f22590f/gnocchi.1f6ca75c-146d-46f0-9d2b-a29ffb96ae8f%3Fformat%3Djson%26states%3Dlisting HTTP/1.0 200 - python-swiftclient-4.8.0 gAAAAABpmnpRlsm9... - 357 - txca6ac7d2498d47048509b-00699a7a95 - 0.0211 - - 1771731605.147898912 1771731605.169045925 0 17d6eceedce248e7bcac4363c7b2aeaa
Feb 21 22:40:05 np0005625961.novalocal container-server[98785]: ::1 - - [22/Feb/2026:03:40:05 +0000] "GET /3/23514/AUTH_e41560788c7b460fa374fdc94f22590f/gnocchi.1f6ca75c-146d-46f0-9d2b-a29ffb96ae8f" 200 2 "GET https://[::1]:8080/v1/AUTH_e41560788c7b460fa374fdc94f22590f/gnocchi.1f6ca75c-146d-46f0-9d2b-a29ffb96ae8f?format=json&marker=none_v3&states=listing" "txfce02a9fe0e94991bbef5-00699a7a95" "proxy-server 100218" 0.0094 "-" 98785 0
Feb 21 22:40:05 np0005625961.novalocal proxy-server[100218]: ::1 ::1 22/Feb/2026/03/40/05 GET /v1/AUTH_e41560788c7b460fa374fdc94f22590f/gnocchi.1f6ca75c-146d-46f0-9d2b-a29ffb96ae8f%3Fformat%3Djson%26marker%3Dnone_v3%26states%3Dlisting HTTP/1.0 200 - python-swiftclient-4.8.0 gAAAAABpmnpRlsm9... - 2 - txfce02a9fe0e94991bbef5-00699a7a95 - 0.0199 - - 1771731605.173059225 1771731605.192986965 0 17d6eceedce248e7bcac4363c7b2aeaa
Feb 21 22:40:05 np0005625961.novalocal object-server[99152]: ::1 - - [22/Feb/2026:03:40:05 +0000] "GET /2/174739/AUTH_e41560788c7b460fa374fdc94f22590f/gnocchi.1f6ca75c-146d-46f0-9d2b-a29ffb96ae8f/1771200000.0_mean_300.0_v3" 200 16 "GET https://[::1]:8080/v1/AUTH_e41560788c7b460fa374fdc94f22590f/gnocchi.1f6ca75c-146d-46f0-9d2b-a29ffb96ae8f/1771200000.0_mean_300.0_v3" "tx9984a574bd6b4344bc735-00699a7a95" "proxy-server 100218" 0.0012 "-" 99152 0
Feb 21 22:40:05 np0005625961.novalocal proxy-server[100218]: ::1 ::1 22/Feb/2026/03/40/05 GET /v1/AUTH_e41560788c7b460fa374fdc94f22590f/gnocchi.1f6ca75c-146d-46f0-9d2b-a29ffb96ae8f/1771200000.0_mean_300.0_v3 HTTP/1.0 200 - python-swiftclient-4.8.0 gAAAAABpmnpRlsm9... - 16 - tx9984a574bd6b4344bc735-00699a7a95 - 0.0104 - - 1771731605.197956800 1771731605.208388329 0 17d6eceedce248e7bcac4363c7b2aeaa
Feb 21 22:40:05 np0005625961.novalocal container-server[98785]: ::1 - - [22/Feb/2026:03:40:05 +0000] "PUT /3/23514/AUTH_e41560788c7b460fa374fdc94f22590f/gnocchi.1f6ca75c-146d-46f0-9d2b-a29ffb96ae8f/1771200000.0_mean_300.0_v3" 201 - "PUT http://[::1]:8080/1/174739/AUTH_e41560788c7b460fa374fdc94f22590f/gnocchi.1f6ca75c-146d-46f0-9d2b-a29ffb96ae8f/1771200000.0_mean_300.0_v3" "tx01da71774593420380878-00699a7a95" "object-server 99152" 0.0008 "-" 98785 0
Feb 21 22:40:05 np0005625961.novalocal object-server[99152]: ::1 - - [22/Feb/2026:03:40:05 +0000] "PUT /1/174739/AUTH_e41560788c7b460fa374fdc94f22590f/gnocchi.1f6ca75c-146d-46f0-9d2b-a29ffb96ae8f/1771200000.0_mean_300.0_v3" 201 - "PUT https://[::1]:8080/v1/AUTH_e41560788c7b460fa374fdc94f22590f/gnocchi.1f6ca75c-146d-46f0-9d2b-a29ffb96ae8f/1771200000.0_mean_300.0_v3" "tx01da71774593420380878-00699a7a95" "proxy-server 100218" 0.0143 "-" 99152 0
Feb 21 22:40:05 np0005625961.novalocal container-server[98786]: ::1 - - [22/Feb/2026:03:40:05 +0000] "PUT /1/23514/AUTH_e41560788c7b460fa374fdc94f22590f/gnocchi.1f6ca75c-146d-46f0-9d2b-a29ffb96ae8f/1771200000.0_mean_300.0_v3" 201 - "PUT http://[::1]:8080/2/174739/AUTH_e41560788c7b460fa374fdc94f22590f/gnocchi.1f6ca75c-146d-46f0-9d2b-a29ffb96ae8f/1771200000.0_mean_300.0_v3" "tx01da71774593420380878-00699a7a95" "object-server 99151" 0.0008 "-" 98786 0
Feb 21 22:40:05 np0005625961.novalocal container-server[98785]: ::1 - - [22/Feb/2026:03:40:05 +0000] "PUT /2/23514/AUTH_e41560788c7b460fa374fdc94f22590f/gnocchi.1f6ca75c-146d-46f0-9d2b-a29ffb96ae8f/1771200000.0_mean_300.0_v3" 201 - "PUT http://[::1]:8080/3/174739/AUTH_e41560788c7b460fa374fdc94f22590f/gnocchi.1f6ca75c-146d-46f0-9d2b-a29ffb96ae8f/1771200000.0_mean_300.0_v3" "tx01da71774593420380878-00699a7a95" "object-server 99151" 0.0005 "-" 98785 0
Feb 21 22:40:05 np0005625961.novalocal object-server[99151]: ::1 - - [22/Feb/2026:03:40:05 +0000] "PUT /2/174739/AUTH_e41560788c7b460fa374fdc94f22590f/gnocchi.1f6ca75c-146d-46f0-9d2b-a29ffb96ae8f/1771200000.0_mean_300.0_v3" 201 - "PUT https://[::1]:8080/v1/AUTH_e41560788c7b460fa374fdc94f22590f/gnocchi.1f6ca75c-146d-46f0-9d2b-a29ffb96ae8f/1771200000.0_mean_300.0_v3" "tx01da71774593420380878-00699a7a95" "proxy-server 100218" 0.0170 "-" 99151 0
Feb 21 22:40:05 np0005625961.novalocal object-server[99151]: ::1 - - [22/Feb/2026:03:40:05 +0000] "PUT /3/174739/AUTH_e41560788c7b460fa374fdc94f22590f/gnocchi.1f6ca75c-146d-46f0-9d2b-a29ffb96ae8f/1771200000.0_mean_300.0_v3" 201 - "PUT https://[::1]:8080/v1/AUTH_e41560788c7b460fa374fdc94f22590f/gnocchi.1f6ca75c-146d-46f0-9d2b-a29ffb96ae8f/1771200000.0_mean_300.0_v3" "tx01da71774593420380878-00699a7a95" "proxy-server 100218" 0.0161 "-" 99151 0
Feb 21 22:40:05 np0005625961.novalocal proxy-server[100218]: ::1 ::1 22/Feb/2026/03/40/05 PUT /v1/AUTH_e41560788c7b460fa374fdc94f22590f/gnocchi.1f6ca75c-146d-46f0-9d2b-a29ffb96ae8f/1771200000.0_mean_300.0_v3 HTTP/1.0 201 - python-swiftclient-4.8.0 gAAAAABpmnpRlsm9... 23 - - tx01da71774593420380878-00699a7a95 - 0.0309 - - 1771731605.213155985 1771731605.244105101 0 17d6eceedce248e7bcac4363c7b2aeaa
Feb 21 22:40:05 np0005625961.novalocal container-server[98786]: ::1 - - [22/Feb/2026:03:40:05 +0000] "PUT /3/23514/AUTH_e41560788c7b460fa374fdc94f22590f/gnocchi.1f6ca75c-146d-46f0-9d2b-a29ffb96ae8f/none_v3" 201 - "PUT http://[::1]:8080/2/241465/AUTH_e41560788c7b460fa374fdc94f22590f/gnocchi.1f6ca75c-146d-46f0-9d2b-a29ffb96ae8f/none_v3" "txf0679f1e634f48e9a7450-00699a7a95" "object-server 99152" 0.0009 "-" 98786 0
Feb 21 22:40:05 np0005625961.novalocal object-server[99152]: ::1 - - [22/Feb/2026:03:40:05 +0000] "PUT /2/241465/AUTH_e41560788c7b460fa374fdc94f22590f/gnocchi.1f6ca75c-146d-46f0-9d2b-a29ffb96ae8f/none_v3" 201 - "PUT https://[::1]:8080/v1/AUTH_e41560788c7b460fa374fdc94f22590f/gnocchi.1f6ca75c-146d-46f0-9d2b-a29ffb96ae8f/none_v3" "txf0679f1e634f48e9a7450-00699a7a95" "proxy-server 100218" 0.0139 "-" 99152 0
Feb 21 22:40:05 np0005625961.novalocal container-server[98785]: ::1 - - [22/Feb/2026:03:40:05 +0000] "PUT /2/23514/AUTH_e41560788c7b460fa374fdc94f22590f/gnocchi.1f6ca75c-146d-46f0-9d2b-a29ffb96ae8f/none_v3" 201 - "PUT http://[::1]:8080/3/241465/AUTH_e41560788c7b460fa374fdc94f22590f/gnocchi.1f6ca75c-146d-46f0-9d2b-a29ffb96ae8f/none_v3" "txf0679f1e634f48e9a7450-00699a7a95" "object-server 99152" 0.0012 "-" 98785 0
Feb 21 22:40:05 np0005625961.novalocal container-server[98786]: ::1 - - [22/Feb/2026:03:40:05 +0000] "PUT /1/23514/AUTH_e41560788c7b460fa374fdc94f22590f/gnocchi.1f6ca75c-146d-46f0-9d2b-a29ffb96ae8f/none_v3" 201 - "PUT http://[::1]:8080/1/241465/AUTH_e41560788c7b460fa374fdc94f22590f/gnocchi.1f6ca75c-146d-46f0-9d2b-a29ffb96ae8f/none_v3" "txf0679f1e634f48e9a7450-00699a7a95" "object-server 99152" 0.0009 "-" 98786 0
Feb 21 22:40:05 np0005625961.novalocal object-server[99152]: ::1 - - [22/Feb/2026:03:40:05 +0000] "PUT /3/241465/AUTH_e41560788c7b460fa374fdc94f22590f/gnocchi.1f6ca75c-146d-46f0-9d2b-a29ffb96ae8f/none_v3" 201 - "PUT https://[::1]:8080/v1/AUTH_e41560788c7b460fa374fdc94f22590f/gnocchi.1f6ca75c-146d-46f0-9d2b-a29ffb96ae8f/none_v3" "txf0679f1e634f48e9a7450-00699a7a95" "proxy-server 100218" 0.0218 "-" 99152 0
Feb 21 22:40:05 np0005625961.novalocal object-server[99152]: ::1 - - [22/Feb/2026:03:40:05 +0000] "PUT /1/241465/AUTH_e41560788c7b460fa374fdc94f22590f/gnocchi.1f6ca75c-146d-46f0-9d2b-a29ffb96ae8f/none_v3" 201 - "PUT https://[::1]:8080/v1/AUTH_e41560788c7b460fa374fdc94f22590f/gnocchi.1f6ca75c-146d-46f0-9d2b-a29ffb96ae8f/none_v3" "txf0679f1e634f48e9a7450-00699a7a95" "proxy-server 100218" 0.0200 "-" 99152 0
Feb 21 22:40:05 np0005625961.novalocal proxy-server[100218]: ::1 ::1 22/Feb/2026/03/40/05 PUT /v1/AUTH_e41560788c7b460fa374fdc94f22590f/gnocchi.1f6ca75c-146d-46f0-9d2b-a29ffb96ae8f/none_v3 HTTP/1.0 201 - python-swiftclient-4.8.0 gAAAAABpmnpRlsm9... 22 - - txf0679f1e634f48e9a7450-00699a7a95 - 0.0358 - - 1771731605.248336077 1771731605.284170151 0 17d6eceedce248e7bcac4363c7b2aeaa
Feb 21 22:40:05 np0005625961.novalocal object-server[99151]: ::1 - - [22/Feb/2026:03:40:05 +0000] "GET /3/130723/AUTH_e41560788c7b460fa374fdc94f22590f/gnocchi.cadb8074-bb62-4cc1-b268-b22c6a6f949a/none_v3" 200 51 "GET https://[::1]:8080/v1/AUTH_e41560788c7b460fa374fdc94f22590f/gnocchi.cadb8074-bb62-4cc1-b268-b22c6a6f949a/none_v3" "tx1fafe6d4470445d691d0a-00699a7a95" "proxy-server 100218" 0.0011 "-" 99151 0
Feb 21 22:40:05 np0005625961.novalocal proxy-server[100218]: ::1 ::1 22/Feb/2026/03/40/05 GET /v1/AUTH_e41560788c7b460fa374fdc94f22590f/gnocchi.cadb8074-bb62-4cc1-b268-b22c6a6f949a/none_v3 HTTP/1.0 200 - python-swiftclient-4.8.0 gAAAAABpmnpRlsm9... - 51 - tx1fafe6d4470445d691d0a-00699a7a95 - 0.0119 - - 1771731605.310613871 1771731605.322534800 0 17d6eceedce248e7bcac4363c7b2aeaa
Feb 21 22:40:05 np0005625961.novalocal container-server[98785]: ::1 - - [22/Feb/2026:03:40:05 +0000] "GET /2/245468/AUTH_e41560788c7b460fa374fdc94f22590f/gnocchi.cadb8074-bb62-4cc1-b268-b22c6a6f949a" 200 357 "GET https://[::1]:8080/v1/AUTH_e41560788c7b460fa374fdc94f22590f/gnocchi.cadb8074-bb62-4cc1-b268-b22c6a6f949a?format=json&states=listing" "txd03c1f6d6d944f04b67be-00699a7a95" "proxy-server 100218" 0.0115 "-" 98785 0
Feb 21 22:40:05 np0005625961.novalocal proxy-server[100218]: ::1 ::1 22/Feb/2026/03/40/05 GET /v1/AUTH_e41560788c7b460fa374fdc94f22590f/gnocchi.cadb8074-bb62-4cc1-b268-b22c6a6f949a%3Fformat%3Djson%26states%3Dlisting HTTP/1.0 200 - python-swiftclient-4.8.0 gAAAAABpmnpRlsm9... - 357 - txd03c1f6d6d944f04b67be-00699a7a95 - 0.0230 - - 1771731605.327265978 1771731605.350231886 0 17d6eceedce248e7bcac4363c7b2aeaa
Feb 21 22:40:05 np0005625961.novalocal container-server[98785]: ::1 - - [22/Feb/2026:03:40:05 +0000] "GET /3/245468/AUTH_e41560788c7b460fa374fdc94f22590f/gnocchi.cadb8074-bb62-4cc1-b268-b22c6a6f949a" 200 2 "GET https://[::1]:8080/v1/AUTH_e41560788c7b460fa374fdc94f22590f/gnocchi.cadb8074-bb62-4cc1-b268-b22c6a6f949a?format=json&marker=none_v3&states=listing" "tx01cfe20a8917403abb2a2-00699a7a95" "proxy-server 100218" 0.0108 "-" 98785 0
Feb 21 22:40:05 np0005625961.novalocal proxy-server[100218]: ::1 ::1 22/Feb/2026/03/40/05 GET /v1/AUTH_e41560788c7b460fa374fdc94f22590f/gnocchi.cadb8074-bb62-4cc1-b268-b22c6a6f949a%3Fformat%3Djson%26marker%3Dnone_v3%26states%3Dlisting HTTP/1.0 200 - python-swiftclient-4.8.0 gAAAAABpmnpRlsm9... - 2 - tx01cfe20a8917403abb2a2-00699a7a95 - 0.0223 - - 1771731605.354946852 1771731605.377286673 0 17d6eceedce248e7bcac4363c7b2aeaa
Feb 21 22:40:05 np0005625961.novalocal object-server[99151]: ::1 - - [22/Feb/2026:03:40:05 +0000] "GET /3/109239/AUTH_e41560788c7b460fa374fdc94f22590f/gnocchi.cadb8074-bb62-4cc1-b268-b22c6a6f949a/1771200000.0_mean_300.0_v3" 200 16 "GET https://[::1]:8080/v1/AUTH_e41560788c7b460fa374fdc94f22590f/gnocchi.cadb8074-bb62-4cc1-b268-b22c6a6f949a/1771200000.0_mean_300.0_v3" "tx0d2c59062fa44a3eb66f8-00699a7a95" "proxy-server 100218" 0.0010 "-" 99151 0
Feb 21 22:40:05 np0005625961.novalocal proxy-server[100218]: ::1 ::1 22/Feb/2026/03/40/05 GET /v1/AUTH_e41560788c7b460fa374fdc94f22590f/gnocchi.cadb8074-bb62-4cc1-b268-b22c6a6f949a/1771200000.0_mean_300.0_v3 HTTP/1.0 200 - python-swiftclient-4.8.0 gAAAAABpmnpRlsm9... - 16 - tx0d2c59062fa44a3eb66f8-00699a7a95 - 0.0111 - - 1771731605.382942200 1771731605.394078493 0 17d6eceedce248e7bcac4363c7b2aeaa
Feb 21 22:40:05 np0005625961.novalocal container-server[98786]: ::1 - - [22/Feb/2026:03:40:05 +0000] "PUT /1/245468/AUTH_e41560788c7b460fa374fdc94f22590f/gnocchi.cadb8074-bb62-4cc1-b268-b22c6a6f949a/1771200000.0_mean_300.0_v3" 201 - "PUT http://[::1]:8080/3/109239/AUTH_e41560788c7b460fa374fdc94f22590f/gnocchi.cadb8074-bb62-4cc1-b268-b22c6a6f949a/1771200000.0_mean_300.0_v3" "txa906c5ff463e4806bdce7-00699a7a95" "object-server 99151" 0.0009 "-" 98786 0
Feb 21 22:40:05 np0005625961.novalocal object-server[99151]: ::1 - - [22/Feb/2026:03:40:05 +0000] "PUT /3/109239/AUTH_e41560788c7b460fa374fdc94f22590f/gnocchi.cadb8074-bb62-4cc1-b268-b22c6a6f949a/1771200000.0_mean_300.0_v3" 201 - "PUT https://[::1]:8080/v1/AUTH_e41560788c7b460fa374fdc94f22590f/gnocchi.cadb8074-bb62-4cc1-b268-b22c6a6f949a/1771200000.0_mean_300.0_v3" "txa906c5ff463e4806bdce7-00699a7a95" "proxy-server 100218" 0.0148 "-" 99151 0
Feb 21 22:40:05 np0005625961.novalocal container-server[98785]: ::1 - - [22/Feb/2026:03:40:05 +0000] "PUT /2/245468/AUTH_e41560788c7b460fa374fdc94f22590f/gnocchi.cadb8074-bb62-4cc1-b268-b22c6a6f949a/1771200000.0_mean_300.0_v3" 201 - "PUT http://[::1]:8080/2/109239/AUTH_e41560788c7b460fa374fdc94f22590f/gnocchi.cadb8074-bb62-4cc1-b268-b22c6a6f949a/1771200000.0_mean_300.0_v3" "txa906c5ff463e4806bdce7-00699a7a95" "object-server 99152" 0.0011 "-" 98785 0
Feb 21 22:40:05 np0005625961.novalocal object-server[99152]: ::1 - - [22/Feb/2026:03:40:05 +0000] "PUT /2/109239/AUTH_e41560788c7b460fa374fdc94f22590f/gnocchi.cadb8074-bb62-4cc1-b268-b22c6a6f949a/1771200000.0_mean_300.0_v3" 201 - "PUT https://[::1]:8080/v1/AUTH_e41560788c7b460fa374fdc94f22590f/gnocchi.cadb8074-bb62-4cc1-b268-b22c6a6f949a/1771200000.0_mean_300.0_v3" "txa906c5ff463e4806bdce7-00699a7a95" "proxy-server 100218" 0.0170 "-" 99152 0
Feb 21 22:40:05 np0005625961.novalocal container-server[98785]: ::1 - - [22/Feb/2026:03:40:05 +0000] "PUT /3/245468/AUTH_e41560788c7b460fa374fdc94f22590f/gnocchi.cadb8074-bb62-4cc1-b268-b22c6a6f949a/1771200000.0_mean_300.0_v3" 201 - "PUT http://[::1]:8080/1/109239/AUTH_e41560788c7b460fa374fdc94f22590f/gnocchi.cadb8074-bb62-4cc1-b268-b22c6a6f949a/1771200000.0_mean_300.0_v3" "txa906c5ff463e4806bdce7-00699a7a95" "object-server 99152" 0.0008 "-" 98785 0
Feb 21 22:40:05 np0005625961.novalocal object-server[99152]: ::1 - - [22/Feb/2026:03:40:05 +0000] "PUT /1/109239/AUTH_e41560788c7b460fa374fdc94f22590f/gnocchi.cadb8074-bb62-4cc1-b268-b22c6a6f949a/1771200000.0_mean_300.0_v3" 201 - "PUT https://[::1]:8080/v1/AUTH_e41560788c7b460fa374fdc94f22590f/gnocchi.cadb8074-bb62-4cc1-b268-b22c6a6f949a/1771200000.0_mean_300.0_v3" "txa906c5ff463e4806bdce7-00699a7a95" "proxy-server 100218" 0.0188 "-" 99152 0
Feb 21 22:40:05 np0005625961.novalocal proxy-server[100218]: ::1 ::1 22/Feb/2026/03/40/05 PUT /v1/AUTH_e41560788c7b460fa374fdc94f22590f/gnocchi.cadb8074-bb62-4cc1-b268-b22c6a6f949a/1771200000.0_mean_300.0_v3 HTTP/1.0 201 - python-swiftclient-4.8.0 gAAAAABpmnpRlsm9... 23 - - txa906c5ff463e4806bdce7-00699a7a95 - 0.0326 - - 1771731605.398673296 1771731605.431280851 0 17d6eceedce248e7bcac4363c7b2aeaa
Feb 21 22:40:05 np0005625961.novalocal container-server[98785]: ::1 - - [22/Feb/2026:03:40:05 +0000] "PUT /3/245468/AUTH_e41560788c7b460fa374fdc94f22590f/gnocchi.cadb8074-bb62-4cc1-b268-b22c6a6f949a/none_v3" 201 - "PUT http://[::1]:8080/2/130723/AUTH_e41560788c7b460fa374fdc94f22590f/gnocchi.cadb8074-bb62-4cc1-b268-b22c6a6f949a/none_v3" "tx00253ec135954a40a6591-00699a7a95" "object-server 99151" 0.0010 "-" 98785 0
Feb 21 22:40:05 np0005625961.novalocal object-server[99151]: ::1 - - [22/Feb/2026:03:40:05 +0000] "PUT /2/130723/AUTH_e41560788c7b460fa374fdc94f22590f/gnocchi.cadb8074-bb62-4cc1-b268-b22c6a6f949a/none_v3" 201 - "PUT https://[::1]:8080/v1/AUTH_e41560788c7b460fa374fdc94f22590f/gnocchi.cadb8074-bb62-4cc1-b268-b22c6a6f949a/none_v3" "tx00253ec135954a40a6591-00699a7a95" "proxy-server 100218" 0.0160 "-" 99151 0
Feb 21 22:40:05 np0005625961.novalocal container-server[98786]: ::1 - - [22/Feb/2026:03:40:05 +0000] "PUT /2/245468/AUTH_e41560788c7b460fa374fdc94f22590f/gnocchi.cadb8074-bb62-4cc1-b268-b22c6a6f949a/none_v3" 201 - "PUT http://[::1]:8080/1/130723/AUTH_e41560788c7b460fa374fdc94f22590f/gnocchi.cadb8074-bb62-4cc1-b268-b22c6a6f949a/none_v3" "tx00253ec135954a40a6591-00699a7a95" "object-server 99151" 0.0009 "-" 98786 0
Feb 21 22:40:05 np0005625961.novalocal object-server[99151]: ::1 - - [22/Feb/2026:03:40:05 +0000] "PUT /1/130723/AUTH_e41560788c7b460fa374fdc94f22590f/gnocchi.cadb8074-bb62-4cc1-b268-b22c6a6f949a/none_v3" 201 - "PUT https://[::1]:8080/v1/AUTH_e41560788c7b460fa374fdc94f22590f/gnocchi.cadb8074-bb62-4cc1-b268-b22c6a6f949a/none_v3" "tx00253ec135954a40a6591-00699a7a95" "proxy-server 100218" 0.0210 "-" 99151 0
Feb 21 22:40:05 np0005625961.novalocal container-server[98786]: ::1 - - [22/Feb/2026:03:40:05 +0000] "PUT /1/245468/AUTH_e41560788c7b460fa374fdc94f22590f/gnocchi.cadb8074-bb62-4cc1-b268-b22c6a6f949a/none_v3" 201 - "PUT http://[::1]:8080/3/130723/AUTH_e41560788c7b460fa374fdc94f22590f/gnocchi.cadb8074-bb62-4cc1-b268-b22c6a6f949a/none_v3" "tx00253ec135954a40a6591-00699a7a95" "object-server 99151" 0.0012 "-" 98786 0
Feb 21 22:40:05 np0005625961.novalocal object-server[99151]: ::1 - - [22/Feb/2026:03:40:05 +0000] "PUT /3/130723/AUTH_e41560788c7b460fa374fdc94f22590f/gnocchi.cadb8074-bb62-4cc1-b268-b22c6a6f949a/none_v3" 201 - "PUT https://[::1]:8080/v1/AUTH_e41560788c7b460fa374fdc94f22590f/gnocchi.cadb8074-bb62-4cc1-b268-b22c6a6f949a/none_v3" "tx00253ec135954a40a6591-00699a7a95" "proxy-server 100218" 0.0189 "-" 99151 0
Feb 21 22:40:05 np0005625961.novalocal proxy-server[100218]: ::1 ::1 22/Feb/2026/03/40/05 PUT /v1/AUTH_e41560788c7b460fa374fdc94f22590f/gnocchi.cadb8074-bb62-4cc1-b268-b22c6a6f949a/none_v3 HTTP/1.0 201 - python-swiftclient-4.8.0 gAAAAABpmnpRlsm9... 22 - - tx00253ec135954a40a6591-00699a7a95 - 0.0319 - - 1771731605.435443163 1771731605.467335701 0 17d6eceedce248e7bcac4363c7b2aeaa
Feb 21 22:40:05 np0005625961.novalocal object-server[99151]: ::1 - - [22/Feb/2026:03:40:05 +0000] "GET /3/31217/AUTH_e41560788c7b460fa374fdc94f22590f/gnocchi.4d68f372-617e-4f06-a629-d534257354dc/none_v3" 200 50 "GET https://[::1]:8080/v1/AUTH_e41560788c7b460fa374fdc94f22590f/gnocchi.4d68f372-617e-4f06-a629-d534257354dc/none_v3" "txa7d8cb22bce9448b87c65-00699a7a95" "proxy-server 100218" 0.0012 "-" 99151 0
Feb 21 22:40:05 np0005625961.novalocal proxy-server[100218]: ::1 ::1 22/Feb/2026/03/40/05 GET /v1/AUTH_e41560788c7b460fa374fdc94f22590f/gnocchi.4d68f372-617e-4f06-a629-d534257354dc/none_v3 HTTP/1.0 200 - python-swiftclient-4.8.0 gAAAAABpmnpRlsm9... - 50 - txa7d8cb22bce9448b87c65-00699a7a95 - 0.0104 - - 1771731605.597477674 1771731605.607877493 0 17d6eceedce248e7bcac4363c7b2aeaa
Feb 21 22:40:05 np0005625961.novalocal container-server[98786]: ::1 - - [22/Feb/2026:03:40:05 +0000] "GET /2/111334/AUTH_e41560788c7b460fa374fdc94f22590f/gnocchi.4d68f372-617e-4f06-a629-d534257354dc" 200 357 "GET https://[::1]:8080/v1/AUTH_e41560788c7b460fa374fdc94f22590f/gnocchi.4d68f372-617e-4f06-a629-d534257354dc?format=json&states=listing" "tx1f2640f5fa2e40f788927-00699a7a95" "proxy-server 100218" 0.0087 "-" 98786 0
Feb 21 22:40:05 np0005625961.novalocal proxy-server[100218]: ::1 ::1 22/Feb/2026/03/40/05 GET /v1/AUTH_e41560788c7b460fa374fdc94f22590f/gnocchi.4d68f372-617e-4f06-a629-d534257354dc%3Fformat%3Djson%26states%3Dlisting HTTP/1.0 200 - python-swiftclient-4.8.0 gAAAAABpmnpRlsm9... - 357 - tx1f2640f5fa2e40f788927-00699a7a95 - 0.0178 - - 1771731605.611149311 1771731605.628970385 0 17d6eceedce248e7bcac4363c7b2aeaa
Feb 21 22:40:05 np0005625961.novalocal container-server[98785]: ::1 - - [22/Feb/2026:03:40:05 +0000] "GET /1/111334/AUTH_e41560788c7b460fa374fdc94f22590f/gnocchi.4d68f372-617e-4f06-a629-d534257354dc" 200 2 "GET https://[::1]:8080/v1/AUTH_e41560788c7b460fa374fdc94f22590f/gnocchi.4d68f372-617e-4f06-a629-d534257354dc?format=json&marker=none_v3&states=listing" "tx6d53dbccc93148dfa4d85-00699a7a95" "proxy-server 100218" 0.0087 "-" 98785 0
Feb 21 22:40:05 np0005625961.novalocal proxy-server[100218]: ::1 ::1 22/Feb/2026/03/40/05 GET /v1/AUTH_e41560788c7b460fa374fdc94f22590f/gnocchi.4d68f372-617e-4f06-a629-d534257354dc%3Fformat%3Djson%26marker%3Dnone_v3%26states%3Dlisting HTTP/1.0 200 - python-swiftclient-4.8.0 gAAAAABpmnpRlsm9... - 2 - tx6d53dbccc93148dfa4d85-00699a7a95 - 0.0183 - - 1771731605.631347895 1771731605.649670362 0 17d6eceedce248e7bcac4363c7b2aeaa
Feb 21 22:40:05 np0005625961.novalocal object-server[99152]: ::1 - - [22/Feb/2026:03:40:05 +0000] "GET /1/207080/AUTH_e41560788c7b460fa374fdc94f22590f/gnocchi.4d68f372-617e-4f06-a629-d534257354dc/1771200000.0_mean_300.0_v3" 200 16 "GET https://[::1]:8080/v1/AUTH_e41560788c7b460fa374fdc94f22590f/gnocchi.4d68f372-617e-4f06-a629-d534257354dc/1771200000.0_mean_300.0_v3" "txb7611eb02a024a04a950d-00699a7a95" "proxy-server 100218" 0.0014 "-" 99152 0
Feb 21 22:40:05 np0005625961.novalocal proxy-server[100218]: ::1 ::1 22/Feb/2026/03/40/05 GET /v1/AUTH_e41560788c7b460fa374fdc94f22590f/gnocchi.4d68f372-617e-4f06-a629-d534257354dc/1771200000.0_mean_300.0_v3 HTTP/1.0 200 - python-swiftclient-4.8.0 gAAAAABpmnpRlsm9... - 16 - txb7611eb02a024a04a950d-00699a7a95 - 0.0103 - - 1771731605.654390335 1771731605.664713621 0 17d6eceedce248e7bcac4363c7b2aeaa
Feb 21 22:40:05 np0005625961.novalocal container-server[98786]: ::1 - - [22/Feb/2026:03:40:05 +0000] "PUT /3/111334/AUTH_e41560788c7b460fa374fdc94f22590f/gnocchi.4d68f372-617e-4f06-a629-d534257354dc/1771200000.0_mean_300.0_v3" 201 - "PUT http://[::1]:8080/2/207080/AUTH_e41560788c7b460fa374fdc94f22590f/gnocchi.4d68f372-617e-4f06-a629-d534257354dc/1771200000.0_mean_300.0_v3" "txa1675ef733074247abe9f-00699a7a95" "object-server 99152" 0.0010 "-" 98786 0
Feb 21 22:40:05 np0005625961.novalocal object-server[99152]: ::1 - - [22/Feb/2026:03:40:05 +0000] "PUT /2/207080/AUTH_e41560788c7b460fa374fdc94f22590f/gnocchi.4d68f372-617e-4f06-a629-d534257354dc/1771200000.0_mean_300.0_v3" 201 - "PUT https://[::1]:8080/v1/AUTH_e41560788c7b460fa374fdc94f22590f/gnocchi.4d68f372-617e-4f06-a629-d534257354dc/1771200000.0_mean_300.0_v3" "txa1675ef733074247abe9f-00699a7a95" "proxy-server 100218" 0.0203 "-" 99152 0
Feb 21 22:40:05 np0005625961.novalocal container-server[98786]: ::1 - - [22/Feb/2026:03:40:05 +0000] "PUT /2/111334/AUTH_e41560788c7b460fa374fdc94f22590f/gnocchi.4d68f372-617e-4f06-a629-d534257354dc/1771200000.0_mean_300.0_v3" 201 - "PUT http://[::1]:8080/3/207080/AUTH_e41560788c7b460fa374fdc94f22590f/gnocchi.4d68f372-617e-4f06-a629-d534257354dc/1771200000.0_mean_300.0_v3" "txa1675ef733074247abe9f-00699a7a95" "object-server 99152" 0.0009 "-" 98786 0
Feb 21 22:40:05 np0005625961.novalocal object-server[99152]: ::1 - - [22/Feb/2026:03:40:05 +0000] "PUT /3/207080/AUTH_e41560788c7b460fa374fdc94f22590f/gnocchi.4d68f372-617e-4f06-a629-d534257354dc/1771200000.0_mean_300.0_v3" 201 - "PUT https://[::1]:8080/v1/AUTH_e41560788c7b460fa374fdc94f22590f/gnocchi.4d68f372-617e-4f06-a629-d534257354dc/1771200000.0_mean_300.0_v3" "txa1675ef733074247abe9f-00699a7a95" "proxy-server 100218" 0.0242 "-" 99152 0
Feb 21 22:40:05 np0005625961.novalocal container-server[98785]: ::1 - - [22/Feb/2026:03:40:05 +0000] "PUT /1/111334/AUTH_e41560788c7b460fa374fdc94f22590f/gnocchi.4d68f372-617e-4f06-a629-d534257354dc/1771200000.0_mean_300.0_v3" 201 - "PUT http://[::1]:8080/1/207080/AUTH_e41560788c7b460fa374fdc94f22590f/gnocchi.4d68f372-617e-4f06-a629-d534257354dc/1771200000.0_mean_300.0_v3" "txa1675ef733074247abe9f-00699a7a95" "object-server 99152" 0.0008 "-" 98785 0
Feb 21 22:40:05 np0005625961.novalocal object-server[99152]: ::1 - - [22/Feb/2026:03:40:05 +0000] "PUT /1/207080/AUTH_e41560788c7b460fa374fdc94f22590f/gnocchi.4d68f372-617e-4f06-a629-d534257354dc/1771200000.0_mean_300.0_v3" 201 - "PUT https://[::1]:8080/v1/AUTH_e41560788c7b460fa374fdc94f22590f/gnocchi.4d68f372-617e-4f06-a629-d534257354dc/1771200000.0_mean_300.0_v3" "txa1675ef733074247abe9f-00699a7a95" "proxy-server 100218" 0.0316 "-" 99152 0
Feb 21 22:40:05 np0005625961.novalocal proxy-server[100218]: ::1 ::1 22/Feb/2026/03/40/05 PUT /v1/AUTH_e41560788c7b460fa374fdc94f22590f/gnocchi.4d68f372-617e-4f06-a629-d534257354dc/1771200000.0_mean_300.0_v3 HTTP/1.0 201 - python-swiftclient-4.8.0 gAAAAABpmnpRlsm9... 22 - - txa1675ef733074247abe9f-00699a7a95 - 0.0439 - - 1771731605.668078423 1771731605.711950779 0 17d6eceedce248e7bcac4363c7b2aeaa
Feb 21 22:40:05 np0005625961.novalocal container-server[98785]: ::1 - - [22/Feb/2026:03:40:05 +0000] "PUT /1/111334/AUTH_e41560788c7b460fa374fdc94f22590f/gnocchi.4d68f372-617e-4f06-a629-d534257354dc/none_v3" 201 - "PUT http://[::1]:8080/2/31217/AUTH_e41560788c7b460fa374fdc94f22590f/gnocchi.4d68f372-617e-4f06-a629-d534257354dc/none_v3" "txa0231b0005cd43d08bb94-00699a7a95" "object-server 99152" 0.0007 "-" 98785 0
Feb 21 22:40:05 np0005625961.novalocal container-server[98786]: ::1 - - [22/Feb/2026:03:40:05 +0000] "PUT /3/111334/AUTH_e41560788c7b460fa374fdc94f22590f/gnocchi.4d68f372-617e-4f06-a629-d534257354dc/none_v3" 201 - "PUT http://[::1]:8080/3/31217/AUTH_e41560788c7b460fa374fdc94f22590f/gnocchi.4d68f372-617e-4f06-a629-d534257354dc/none_v3" "txa0231b0005cd43d08bb94-00699a7a95" "object-server 99151" 0.0007 "-" 98786 0
Feb 21 22:40:05 np0005625961.novalocal container-server[98785]: ::1 - - [22/Feb/2026:03:40:05 +0000] "PUT /2/111334/AUTH_e41560788c7b460fa374fdc94f22590f/gnocchi.4d68f372-617e-4f06-a629-d534257354dc/none_v3" 201 - "PUT http://[::1]:8080/1/31217/AUTH_e41560788c7b460fa374fdc94f22590f/gnocchi.4d68f372-617e-4f06-a629-d534257354dc/none_v3" "txa0231b0005cd43d08bb94-00699a7a95" "object-server 99151" 0.0008 "-" 98785 0
Feb 21 22:40:05 np0005625961.novalocal object-server[99151]: ::1 - - [22/Feb/2026:03:40:05 +0000] "PUT /3/31217/AUTH_e41560788c7b460fa374fdc94f22590f/gnocchi.4d68f372-617e-4f06-a629-d534257354dc/none_v3" 201 - "PUT https://[::1]:8080/v1/AUTH_e41560788c7b460fa374fdc94f22590f/gnocchi.4d68f372-617e-4f06-a629-d534257354dc/none_v3" "txa0231b0005cd43d08bb94-00699a7a95" "proxy-server 100218" 0.0152 "-" 99151 0
Feb 21 22:40:05 np0005625961.novalocal object-server[99152]: ::1 - - [22/Feb/2026:03:40:05 +0000] "PUT /2/31217/AUTH_e41560788c7b460fa374fdc94f22590f/gnocchi.4d68f372-617e-4f06-a629-d534257354dc/none_v3" 201 - "PUT https://[::1]:8080/v1/AUTH_e41560788c7b460fa374fdc94f22590f/gnocchi.4d68f372-617e-4f06-a629-d534257354dc/none_v3" "txa0231b0005cd43d08bb94-00699a7a95" "proxy-server 100218" 0.0153 "-" 99152 0
Feb 21 22:40:05 np0005625961.novalocal object-server[99151]: ::1 - - [22/Feb/2026:03:40:05 +0000] "PUT /1/31217/AUTH_e41560788c7b460fa374fdc94f22590f/gnocchi.4d68f372-617e-4f06-a629-d534257354dc/none_v3" 201 - "PUT https://[::1]:8080/v1/AUTH_e41560788c7b460fa374fdc94f22590f/gnocchi.4d68f372-617e-4f06-a629-d534257354dc/none_v3" "txa0231b0005cd43d08bb94-00699a7a95" "proxy-server 100218" 0.0146 "-" 99151 0
Feb 21 22:40:05 np0005625961.novalocal proxy-server[100218]: ::1 ::1 22/Feb/2026/03/40/05 PUT /v1/AUTH_e41560788c7b460fa374fdc94f22590f/gnocchi.4d68f372-617e-4f06-a629-d534257354dc/none_v3 HTTP/1.0 201 - python-swiftclient-4.8.0 gAAAAABpmnpRlsm9... 22 - - txa0231b0005cd43d08bb94-00699a7a95 - 0.0276 - - 1771731605.715441942 1771731605.743017197 0 17d6eceedce248e7bcac4363c7b2aeaa
Feb 21 22:40:05 np0005625961.novalocal object-server[99151]: ::1 - - [22/Feb/2026:03:40:05 +0000] "GET /3/75039/AUTH_e41560788c7b460fa374fdc94f22590f/gnocchi.6929eeb9-1f14-4061-8a1d-f349252682f3/none_v3" 200 44 "GET https://[::1]:8080/v1/AUTH_e41560788c7b460fa374fdc94f22590f/gnocchi.6929eeb9-1f14-4061-8a1d-f349252682f3/none_v3" "txceaf12f5797a4ab3a69ce-00699a7a95" "proxy-server 100218" 0.0012 "-" 99151 0
Feb 21 22:40:05 np0005625961.novalocal proxy-server[100218]: ::1 ::1 22/Feb/2026/03/40/05 GET /v1/AUTH_e41560788c7b460fa374fdc94f22590f/gnocchi.6929eeb9-1f14-4061-8a1d-f349252682f3/none_v3 HTTP/1.0 200 - python-swiftclient-4.8.0 gAAAAABpmnpRlsm9... - 44 - txceaf12f5797a4ab3a69ce-00699a7a95 - 0.0119 - - 1771731605.789493322 1771731605.801373959 0 17d6eceedce248e7bcac4363c7b2aeaa
Feb 21 22:40:05 np0005625961.novalocal container-server[98786]: ::1 - - [22/Feb/2026:03:40:05 +0000] "GET /1/208210/AUTH_e41560788c7b460fa374fdc94f22590f/gnocchi.6929eeb9-1f14-4061-8a1d-f349252682f3" 200 357 "GET https://[::1]:8080/v1/AUTH_e41560788c7b460fa374fdc94f22590f/gnocchi.6929eeb9-1f14-4061-8a1d-f349252682f3?format=json&states=listing" "tx677568d5552e441181e4a-00699a7a95" "proxy-server 100218" 0.0094 "-" 98786 0
Feb 21 22:40:05 np0005625961.novalocal proxy-server[100218]: ::1 ::1 22/Feb/2026/03/40/05 GET /v1/AUTH_e41560788c7b460fa374fdc94f22590f/gnocchi.6929eeb9-1f14-4061-8a1d-f349252682f3%3Fformat%3Djson%26states%3Dlisting HTTP/1.0 200 - python-swiftclient-4.8.0 gAAAAABpmnpRlsm9... - 357 - tx677568d5552e441181e4a-00699a7a95 - 0.0212 - - 1771731605.805846691 1771731605.827015638 0 17d6eceedce248e7bcac4363c7b2aeaa
Feb 21 22:40:05 np0005625961.novalocal container-server[98786]: ::1 - - [22/Feb/2026:03:40:05 +0000] "GET /1/208210/AUTH_e41560788c7b460fa374fdc94f22590f/gnocchi.6929eeb9-1f14-4061-8a1d-f349252682f3" 200 2 "GET https://[::1]:8080/v1/AUTH_e41560788c7b460fa374fdc94f22590f/gnocchi.6929eeb9-1f14-4061-8a1d-f349252682f3?format=json&marker=none_v3&states=listing" "tx3e53cb9bec1f4ea4a7b5c-00699a7a95" "proxy-server 100218" 0.0037 "-" 98786 0
Feb 21 22:40:05 np0005625961.novalocal proxy-server[100218]: ::1 ::1 22/Feb/2026/03/40/05 GET /v1/AUTH_e41560788c7b460fa374fdc94f22590f/gnocchi.6929eeb9-1f14-4061-8a1d-f349252682f3%3Fformat%3Djson%26marker%3Dnone_v3%26states%3Dlisting HTTP/1.0 200 - python-swiftclient-4.8.0 gAAAAABpmnpRlsm9... - 2 - tx3e53cb9bec1f4ea4a7b5c-00699a7a95 - 0.0134 - - 1771731605.830694199 1771731605.844120741 0 17d6eceedce248e7bcac4363c7b2aeaa
Feb 21 22:40:05 np0005625961.novalocal object-server[99151]: ::1 - - [22/Feb/2026:03:40:05 +0000] "GET /1/10401/AUTH_e41560788c7b460fa374fdc94f22590f/gnocchi.6929eeb9-1f14-4061-8a1d-f349252682f3/1771200000.0_mean_300.0_v3" 200 16 "GET https://[::1]:8080/v1/AUTH_e41560788c7b460fa374fdc94f22590f/gnocchi.6929eeb9-1f14-4061-8a1d-f349252682f3/1771200000.0_mean_300.0_v3" "txd296aca51ed444fb9fb1a-00699a7a95" "proxy-server 100218" 0.0011 "-" 99151 0
Feb 21 22:40:05 np0005625961.novalocal proxy-server[100218]: ::1 ::1 22/Feb/2026/03/40/05 GET /v1/AUTH_e41560788c7b460fa374fdc94f22590f/gnocchi.6929eeb9-1f14-4061-8a1d-f349252682f3/1771200000.0_mean_300.0_v3 HTTP/1.0 200 - python-swiftclient-4.8.0 gAAAAABpmnpRlsm9... - 16 - txd296aca51ed444fb9fb1a-00699a7a95 - 0.0192 - - 1771731605.848792553 1771731605.868030787 0 17d6eceedce248e7bcac4363c7b2aeaa
Feb 21 22:40:05 np0005625961.novalocal container-server[98785]: ::1 - - [22/Feb/2026:03:40:05 +0000] "PUT /3/208210/AUTH_e41560788c7b460fa374fdc94f22590f/gnocchi.6929eeb9-1f14-4061-8a1d-f349252682f3/1771200000.0_mean_300.0_v3" 201 - "PUT http://[::1]:8080/3/10401/AUTH_e41560788c7b460fa374fdc94f22590f/gnocchi.6929eeb9-1f14-4061-8a1d-f349252682f3/1771200000.0_mean_300.0_v3" "txd4c291e67c6048e5ab821-00699a7a95" "object-server 99152" 0.0007 "-" 98785 0
Feb 21 22:40:05 np0005625961.novalocal container-server[98786]: ::1 - - [22/Feb/2026:03:40:05 +0000] "PUT /1/208210/AUTH_e41560788c7b460fa374fdc94f22590f/gnocchi.6929eeb9-1f14-4061-8a1d-f349252682f3/1771200000.0_mean_300.0_v3" 201 - "PUT http://[::1]:8080/1/10401/AUTH_e41560788c7b460fa374fdc94f22590f/gnocchi.6929eeb9-1f14-4061-8a1d-f349252682f3/1771200000.0_mean_300.0_v3" "txd4c291e67c6048e5ab821-00699a7a95" "object-server 99152" 0.0010 "-" 98786 0
Feb 21 22:40:05 np0005625961.novalocal object-server[99152]: ::1 - - [22/Feb/2026:03:40:05 +0000] "PUT /1/10401/AUTH_e41560788c7b460fa374fdc94f22590f/gnocchi.6929eeb9-1f14-4061-8a1d-f349252682f3/1771200000.0_mean_300.0_v3" 201 - "PUT https://[::1]:8080/v1/AUTH_e41560788c7b460fa374fdc94f22590f/gnocchi.6929eeb9-1f14-4061-8a1d-f349252682f3/1771200000.0_mean_300.0_v3" "txd4c291e67c6048e5ab821-00699a7a95" "proxy-server 100218" 0.0234 "-" 99152 0
Feb 21 22:40:05 np0005625961.novalocal object-server[99152]: ::1 - - [22/Feb/2026:03:40:05 +0000] "PUT /3/10401/AUTH_e41560788c7b460fa374fdc94f22590f/gnocchi.6929eeb9-1f14-4061-8a1d-f349252682f3/1771200000.0_mean_300.0_v3" 201 - "PUT https://[::1]:8080/v1/AUTH_e41560788c7b460fa374fdc94f22590f/gnocchi.6929eeb9-1f14-4061-8a1d-f349252682f3/1771200000.0_mean_300.0_v3" "txd4c291e67c6048e5ab821-00699a7a95" "proxy-server 100218" 0.0301 "-" 99152 0
