Feb 21 22:39:21 np0005625961.novalocal account-server[98425]: ::1 - - [22/Feb/2026:03:39:21 +0000] "PUT /3/161627/AUTH_e41560788c7b460fa374fdc94f22590f/gnocchi.f6cdbb75-6058-4860-996e-41e372e8dfbb" 201 - "PUT http://[::1]:6001/1/251590/AUTH_e41560788c7b460fa374fdc94f22590f/gnocchi.f6cdbb75-6058-4860-996e-41e372e8dfbb" "tx2011cdf6be80405aa2747-00699a7a69" "container-server 98786" 0.0067 "-" 98425 0
Feb 21 22:39:21 np0005625961.novalocal container-server[98786]: ::1 - - [22/Feb/2026:03:39:21 +0000] "PUT /2/251590/AUTH_e41560788c7b460fa374fdc94f22590f/gnocchi.f6cdbb75-6058-4860-996e-41e372e8dfbb" 201 - "PUT https://[::1]:8080/v1/AUTH_e41560788c7b460fa374fdc94f22590f/gnocchi.f6cdbb75-6058-4860-996e-41e372e8dfbb" "tx2011cdf6be80405aa2747-00699a7a69" "proxy-server 100218" 0.0177 "-" 98786 0
Feb 21 22:39:21 np0005625961.novalocal container-server[98786]: ::1 - - [22/Feb/2026:03:39:21 +0000] "PUT /1/251590/AUTH_e41560788c7b460fa374fdc94f22590f/gnocchi.f6cdbb75-6058-4860-996e-41e372e8dfbb" 201 - "PUT https://[::1]:8080/v1/AUTH_e41560788c7b460fa374fdc94f22590f/gnocchi.f6cdbb75-6058-4860-996e-41e372e8dfbb" "tx2011cdf6be80405aa2747-00699a7a69" "proxy-server 100218" 0.0323 "-" 98786 0
Feb 21 22:39:21 np0005625961.novalocal proxy-server[100218]: ::1 ::1 22/Feb/2026/03/39/21 PUT /v1/AUTH_e41560788c7b460fa374fdc94f22590f/gnocchi.f6cdbb75-6058-4860-996e-41e372e8dfbb HTTP/1.0 201 - python-swiftclient-4.8.0 gAAAAABpmnpRlsm9... - - - tx2011cdf6be80405aa2747-00699a7a69 - 0.0420 - - 1771731561.547522306 1771731561.589524746 0 17d6eceedce248e7bcac4363c7b2aeaa
Feb 21 22:39:21 np0005625961.novalocal container-server[98786]: ::1 - - [22/Feb/2026:03:39:21 +0000] "HEAD /1/251590/AUTH_e41560788c7b460fa374fdc94f22590f/gnocchi.f6cdbb75-6058-4860-996e-41e372e8dfbb" 204 - "HEAD http://[::1]:8080/v1/AUTH_e41560788c7b460fa374fdc94f22590f/gnocchi.f6cdbb75-6058-4860-996e-41e372e8dfbb" "tx0209e880683c462b9c6d1-00699a7a69" "proxy-server 100218" 0.0018 "-" 98786 0
Feb 21 22:39:21 np0005625961.novalocal proxy-server[100218]: - - 22/Feb/2026/03/39/21 HEAD /v1/AUTH_e41560788c7b460fa374fdc94f22590f/gnocchi.f6cdbb75-6058-4860-996e-41e372e8dfbb HTTP/1.0 204 - Swift - - - - tx0209e880683c462b9c6d1-00699a7a69 - 0.0063 CS - 1771731561.594876766 1771731561.601200581 0 -
Feb 21 22:39:21 np0005625961.novalocal container-server[98785]: ::1 - - [22/Feb/2026:03:39:21 +0000] "GET /1/251590/AUTH_e41560788c7b460fa374fdc94f22590f/gnocchi.f6cdbb75-6058-4860-996e-41e372e8dfbb" 200 2 "GET https://[::1]:8080/v1/AUTH_e41560788c7b460fa374fdc94f22590f/gnocchi.f6cdbb75-6058-4860-996e-41e372e8dfbb?format=json&states=listing" "tx0209e880683c462b9c6d1-00699a7a69" "proxy-server 100218" 0.0034 "-" 98785 0
Feb 21 22:39:21 np0005625961.novalocal proxy-server[100218]: ::1 ::1 22/Feb/2026/03/39/21 GET /v1/AUTH_e41560788c7b460fa374fdc94f22590f/gnocchi.f6cdbb75-6058-4860-996e-41e372e8dfbb%3Fformat%3Djson%26states%3Dlisting HTTP/1.0 200 - python-swiftclient-4.8.0 gAAAAABpmnpRlsm9... - 2 - tx0209e880683c462b9c6d1-00699a7a69 - 0.0198 - - 1771731561.594007492 1771731561.613771439 0 17d6eceedce248e7bcac4363c7b2aeaa
Feb 21 22:39:21 np0005625961.novalocal object-server[99151]: ::1 - - [22/Feb/2026:03:39:21 +0000] "GET /2/197077/AUTH_e41560788c7b460fa374fdc94f22590f/gnocchi.f6cdbb75-6058-4860-996e-41e372e8dfbb/1771200000.0_mean_300.0_v3" 404 70 "GET https://[::1]:8080/v1/AUTH_e41560788c7b460fa374fdc94f22590f/gnocchi.f6cdbb75-6058-4860-996e-41e372e8dfbb/1771200000.0_mean_300.0_v3" "tx269f53bd05d04661a5fab-00699a7a69" "proxy-server 100218" 0.0005 "-" 99151 0
Feb 21 22:39:21 np0005625961.novalocal object-server[99152]: ::1 - - [22/Feb/2026:03:39:21 +0000] "GET /3/197077/AUTH_e41560788c7b460fa374fdc94f22590f/gnocchi.f6cdbb75-6058-4860-996e-41e372e8dfbb/1771200000.0_mean_300.0_v3" 404 70 "GET https://[::1]:8080/v1/AUTH_e41560788c7b460fa374fdc94f22590f/gnocchi.f6cdbb75-6058-4860-996e-41e372e8dfbb/1771200000.0_mean_300.0_v3" "tx269f53bd05d04661a5fab-00699a7a69" "proxy-server 100218" 0.0005 "-" 99152 0
Feb 21 22:39:21 np0005625961.novalocal object-server[99152]: ::1 - - [22/Feb/2026:03:39:21 +0000] "GET /1/197077/AUTH_e41560788c7b460fa374fdc94f22590f/gnocchi.f6cdbb75-6058-4860-996e-41e372e8dfbb/1771200000.0_mean_300.0_v3" 404 70 "GET https://[::1]:8080/v1/AUTH_e41560788c7b460fa374fdc94f22590f/gnocchi.f6cdbb75-6058-4860-996e-41e372e8dfbb/1771200000.0_mean_300.0_v3" "tx269f53bd05d04661a5fab-00699a7a69" "proxy-server 100218" 0.0012 "-" 99152 0
Feb 21 22:39:21 np0005625961.novalocal proxy-server[100218]: ::1 ::1 22/Feb/2026/03/39/21 GET /v1/AUTH_e41560788c7b460fa374fdc94f22590f/gnocchi.f6cdbb75-6058-4860-996e-41e372e8dfbb/1771200000.0_mean_300.0_v3 HTTP/1.0 404 - python-swiftclient-4.8.0 gAAAAABpmnpRlsm9... - 70 - tx269f53bd05d04661a5fab-00699a7a69 - 0.0162 - - 1771731561.619295835 1771731561.635473490 0 17d6eceedce248e7bcac4363c7b2aeaa
Feb 21 22:39:21 np0005625961.novalocal container-server[98786]: ::1 - - [22/Feb/2026:03:39:21 +0000] "PUT /1/251590/AUTH_e41560788c7b460fa374fdc94f22590f/gnocchi.f6cdbb75-6058-4860-996e-41e372e8dfbb/1771200000.0_mean_300.0_v3" 201 - "PUT http://[::1]:8080/1/197077/AUTH_e41560788c7b460fa374fdc94f22590f/gnocchi.f6cdbb75-6058-4860-996e-41e372e8dfbb/1771200000.0_mean_300.0_v3" "tx6ff70b26700d405c8e79f-00699a7a69" "object-server 99152" 0.0010 "-" 98786 0
Feb 21 22:39:21 np0005625961.novalocal object-server[99152]: ::1 - - [22/Feb/2026:03:39:21 +0000] "PUT /1/197077/AUTH_e41560788c7b460fa374fdc94f22590f/gnocchi.f6cdbb75-6058-4860-996e-41e372e8dfbb/1771200000.0_mean_300.0_v3" 201 - "PUT https://[::1]:8080/v1/AUTH_e41560788c7b460fa374fdc94f22590f/gnocchi.f6cdbb75-6058-4860-996e-41e372e8dfbb/1771200000.0_mean_300.0_v3" "tx6ff70b26700d405c8e79f-00699a7a69" "proxy-server 100218" 0.0167 "-" 99152 0
Feb 21 22:39:21 np0005625961.novalocal container-server[98786]: ::1 - - [22/Feb/2026:03:39:21 +0000] "PUT /2/251590/AUTH_e41560788c7b460fa374fdc94f22590f/gnocchi.f6cdbb75-6058-4860-996e-41e372e8dfbb/1771200000.0_mean_300.0_v3" 201 - "PUT http://[::1]:8080/3/197077/AUTH_e41560788c7b460fa374fdc94f22590f/gnocchi.f6cdbb75-6058-4860-996e-41e372e8dfbb/1771200000.0_mean_300.0_v3" "tx6ff70b26700d405c8e79f-00699a7a69" "object-server 99151" 0.0006 "-" 98786 0
Feb 21 22:39:21 np0005625961.novalocal container-server[98785]: ::1 - - [22/Feb/2026:03:39:21 +0000] "PUT /3/251590/AUTH_e41560788c7b460fa374fdc94f22590f/gnocchi.f6cdbb75-6058-4860-996e-41e372e8dfbb/1771200000.0_mean_300.0_v3" 201 - "PUT http://[::1]:8080/2/197077/AUTH_e41560788c7b460fa374fdc94f22590f/gnocchi.f6cdbb75-6058-4860-996e-41e372e8dfbb/1771200000.0_mean_300.0_v3" "tx6ff70b26700d405c8e79f-00699a7a69" "object-server 99151" 0.0008 "-" 98785 0
Feb 21 22:39:21 np0005625961.novalocal object-server[99151]: ::1 - - [22/Feb/2026:03:39:21 +0000] "PUT /3/197077/AUTH_e41560788c7b460fa374fdc94f22590f/gnocchi.f6cdbb75-6058-4860-996e-41e372e8dfbb/1771200000.0_mean_300.0_v3" 201 - "PUT https://[::1]:8080/v1/AUTH_e41560788c7b460fa374fdc94f22590f/gnocchi.f6cdbb75-6058-4860-996e-41e372e8dfbb/1771200000.0_mean_300.0_v3" "tx6ff70b26700d405c8e79f-00699a7a69" "proxy-server 100218" 0.0222 "-" 99151 0
Feb 21 22:39:21 np0005625961.novalocal object-server[99151]: ::1 - - [22/Feb/2026:03:39:21 +0000] "PUT /2/197077/AUTH_e41560788c7b460fa374fdc94f22590f/gnocchi.f6cdbb75-6058-4860-996e-41e372e8dfbb/1771200000.0_mean_300.0_v3" 201 - "PUT https://[::1]:8080/v1/AUTH_e41560788c7b460fa374fdc94f22590f/gnocchi.f6cdbb75-6058-4860-996e-41e372e8dfbb/1771200000.0_mean_300.0_v3" "tx6ff70b26700d405c8e79f-00699a7a69" "proxy-server 100218" 0.0219 "-" 99151 0
Feb 21 22:39:21 np0005625961.novalocal proxy-server[100218]: ::1 ::1 22/Feb/2026/03/39/21 PUT /v1/AUTH_e41560788c7b460fa374fdc94f22590f/gnocchi.f6cdbb75-6058-4860-996e-41e372e8dfbb/1771200000.0_mean_300.0_v3 HTTP/1.0 201 - python-swiftclient-4.8.0 gAAAAABpmnpRlsm9... 16 - - tx6ff70b26700d405c8e79f-00699a7a69 - 0.0370 - - 1771731561.638972998 1771731561.676022530 0 17d6eceedce248e7bcac4363c7b2aeaa
Feb 21 22:39:21 np0005625961.novalocal container-server[98785]: ::1 - - [22/Feb/2026:03:39:21 +0000] "PUT /3/251590/AUTH_e41560788c7b460fa374fdc94f22590f/gnocchi.f6cdbb75-6058-4860-996e-41e372e8dfbb/none_v3" 201 - "PUT http://[::1]:8080/2/15732/AUTH_e41560788c7b460fa374fdc94f22590f/gnocchi.f6cdbb75-6058-4860-996e-41e372e8dfbb/none_v3" "txdab39442ea4f4cf98bc82-00699a7a69" "object-server 99152" 0.0008 "-" 98785 0
Feb 21 22:39:21 np0005625961.novalocal object-server[99152]: ::1 - - [22/Feb/2026:03:39:21 +0000] "PUT /2/15732/AUTH_e41560788c7b460fa374fdc94f22590f/gnocchi.f6cdbb75-6058-4860-996e-41e372e8dfbb/none_v3" 201 - "PUT https://[::1]:8080/v1/AUTH_e41560788c7b460fa374fdc94f22590f/gnocchi.f6cdbb75-6058-4860-996e-41e372e8dfbb/none_v3" "txdab39442ea4f4cf98bc82-00699a7a69" "proxy-server 100218" 0.0176 "-" 99152 0
Feb 21 22:39:21 np0005625961.novalocal container-server[98785]: ::1 - - [22/Feb/2026:03:39:21 +0000] "PUT /1/251590/AUTH_e41560788c7b460fa374fdc94f22590f/gnocchi.f6cdbb75-6058-4860-996e-41e372e8dfbb/none_v3" 201 - "PUT http://[::1]:8080/1/15732/AUTH_e41560788c7b460fa374fdc94f22590f/gnocchi.f6cdbb75-6058-4860-996e-41e372e8dfbb/none_v3" "txdab39442ea4f4cf98bc82-00699a7a69" "object-server 99151" 0.0007 "-" 98785 0
Feb 21 22:39:21 np0005625961.novalocal object-server[99151]: ::1 - - [22/Feb/2026:03:39:21 +0000] "PUT /1/15732/AUTH_e41560788c7b460fa374fdc94f22590f/gnocchi.f6cdbb75-6058-4860-996e-41e372e8dfbb/none_v3" 201 - "PUT https://[::1]:8080/v1/AUTH_e41560788c7b460fa374fdc94f22590f/gnocchi.f6cdbb75-6058-4860-996e-41e372e8dfbb/none_v3" "txdab39442ea4f4cf98bc82-00699a7a69" "proxy-server 100218" 0.0195 "-" 99151 0
Feb 21 22:39:21 np0005625961.novalocal container-server[98785]: ::1 - - [22/Feb/2026:03:39:21 +0000] "PUT /2/251590/AUTH_e41560788c7b460fa374fdc94f22590f/gnocchi.f6cdbb75-6058-4860-996e-41e372e8dfbb/none_v3" 201 - "PUT http://[::1]:8080/3/15732/AUTH_e41560788c7b460fa374fdc94f22590f/gnocchi.f6cdbb75-6058-4860-996e-41e372e8dfbb/none_v3" "txdab39442ea4f4cf98bc82-00699a7a69" "object-server 99151" 0.0016 "-" 98785 0
Feb 21 22:39:21 np0005625961.novalocal object-server[99151]: ::1 - - [22/Feb/2026:03:39:21 +0000] "PUT /3/15732/AUTH_e41560788c7b460fa374fdc94f22590f/gnocchi.f6cdbb75-6058-4860-996e-41e372e8dfbb/none_v3" 201 - "PUT https://[::1]:8080/v1/AUTH_e41560788c7b460fa374fdc94f22590f/gnocchi.f6cdbb75-6058-4860-996e-41e372e8dfbb/none_v3" "txdab39442ea4f4cf98bc82-00699a7a69" "proxy-server 100218" 0.0206 "-" 99151 0
Feb 21 22:39:21 np0005625961.novalocal proxy-server[100218]: ::1 ::1 22/Feb/2026/03/39/21 PUT /v1/AUTH_e41560788c7b460fa374fdc94f22590f/gnocchi.f6cdbb75-6058-4860-996e-41e372e8dfbb/none_v3 HTTP/1.0 201 - python-swiftclient-4.8.0 gAAAAABpmnpRlsm9... 22 - - txdab39442ea4f4cf98bc82-00699a7a69 - 0.0376 - - 1771731561.680906057 1771731561.718522310 0 17d6eceedce248e7bcac4363c7b2aeaa
Feb 21 22:39:21 np0005625961.novalocal container-server[98786]: ::1 - - [22/Feb/2026:03:39:21 +0000] "HEAD /2/203092/AUTH_e41560788c7b460fa374fdc94f22590f/gnocchi.aff655d4-3429-40c2-8ff5-c7b6ea523a4c" 404 - "HEAD http://[::1]:8080/v1/AUTH_e41560788c7b460fa374fdc94f22590f/gnocchi.aff655d4-3429-40c2-8ff5-c7b6ea523a4c" "txd42c94eb68d142bc9d160-00699a7a69" "proxy-server 100218" 0.0003 "-" 98786 0
Feb 21 22:39:21 np0005625961.novalocal container-server[98785]: ::1 - - [22/Feb/2026:03:39:21 +0000] "HEAD /1/203092/AUTH_e41560788c7b460fa374fdc94f22590f/gnocchi.aff655d4-3429-40c2-8ff5-c7b6ea523a4c" 404 - "HEAD http://[::1]:8080/v1/AUTH_e41560788c7b460fa374fdc94f22590f/gnocchi.aff655d4-3429-40c2-8ff5-c7b6ea523a4c" "txd42c94eb68d142bc9d160-00699a7a69" "proxy-server 100218" 0.0004 "-" 98785 0
Feb 21 22:39:21 np0005625961.novalocal container-server[98785]: ::1 - - [22/Feb/2026:03:39:21 +0000] "HEAD /3/203092/AUTH_e41560788c7b460fa374fdc94f22590f/gnocchi.aff655d4-3429-40c2-8ff5-c7b6ea523a4c" 404 - "HEAD http://[::1]:8080/v1/AUTH_e41560788c7b460fa374fdc94f22590f/gnocchi.aff655d4-3429-40c2-8ff5-c7b6ea523a4c" "txd42c94eb68d142bc9d160-00699a7a69" "proxy-server 100218" 0.0004 "-" 98785 0
Feb 21 22:39:21 np0005625961.novalocal proxy-server[100218]: - - 22/Feb/2026/03/39/21 HEAD /v1/AUTH_e41560788c7b460fa374fdc94f22590f/gnocchi.aff655d4-3429-40c2-8ff5-c7b6ea523a4c HTTP/1.0 404 - Swift - - - - txd42c94eb68d142bc9d160-00699a7a69 - 0.0122 CS - 1771731561.752739429 1771731561.764917135 0 -
Feb 21 22:39:21 np0005625961.novalocal object-server[99152]: ::1 - - [22/Feb/2026:03:39:21 +0000] "GET /2/95787/AUTH_e41560788c7b460fa374fdc94f22590f/gnocchi.aff655d4-3429-40c2-8ff5-c7b6ea523a4c/none_v3" 404 70 "GET https://[::1]:8080/v1/AUTH_e41560788c7b460fa374fdc94f22590f/gnocchi.aff655d4-3429-40c2-8ff5-c7b6ea523a4c/none_v3" "txd42c94eb68d142bc9d160-00699a7a69" "proxy-server 100218" 0.0004 "-" 99152 0
Feb 21 22:39:21 np0005625961.novalocal object-server[99151]: ::1 - - [22/Feb/2026:03:39:21 +0000] "GET /1/95787/AUTH_e41560788c7b460fa374fdc94f22590f/gnocchi.aff655d4-3429-40c2-8ff5-c7b6ea523a4c/none_v3" 404 70 "GET https://[::1]:8080/v1/AUTH_e41560788c7b460fa374fdc94f22590f/gnocchi.aff655d4-3429-40c2-8ff5-c7b6ea523a4c/none_v3" "txd42c94eb68d142bc9d160-00699a7a69" "proxy-server 100218" 0.0005 "-" 99151 0
Feb 21 22:39:21 np0005625961.novalocal object-server[99152]: ::1 - - [22/Feb/2026:03:39:21 +0000] "GET /3/95787/AUTH_e41560788c7b460fa374fdc94f22590f/gnocchi.aff655d4-3429-40c2-8ff5-c7b6ea523a4c/none_v3" 404 70 "GET https://[::1]:8080/v1/AUTH_e41560788c7b460fa374fdc94f22590f/gnocchi.aff655d4-3429-40c2-8ff5-c7b6ea523a4c/none_v3" "txd42c94eb68d142bc9d160-00699a7a69" "proxy-server 100218" 0.0004 "-" 99152 0
Feb 21 22:39:21 np0005625961.novalocal proxy-server[100218]: ::1 ::1 22/Feb/2026/03/39/21 GET /v1/AUTH_e41560788c7b460fa374fdc94f22590f/gnocchi.aff655d4-3429-40c2-8ff5-c7b6ea523a4c/none_v3 HTTP/1.0 404 - python-swiftclient-4.8.0 gAAAAABpmnpRlsm9... - 70 - txd42c94eb68d142bc9d160-00699a7a69 - 0.0282 - - 1771731561.752118349 1771731561.780272722 0 17d6eceedce248e7bcac4363c7b2aeaa
Feb 21 22:39:21 np0005625961.novalocal account-server[98425]: ::1 - - [22/Feb/2026:03:39:21 +0000] "PUT /3/161627/AUTH_e41560788c7b460fa374fdc94f22590f/gnocchi.aff655d4-3429-40c2-8ff5-c7b6ea523a4c" 201 - "PUT http://[::1]:6001/2/203092/AUTH_e41560788c7b460fa374fdc94f22590f/gnocchi.aff655d4-3429-40c2-8ff5-c7b6ea523a4c" "txd84cee8cdb014188a21c8-00699a7a69" "container-server 98786" 0.0062 "-" 98425 0
Feb 21 22:39:21 np0005625961.novalocal container-server[98786]: ::1 - - [22/Feb/2026:03:39:21 +0000] "PUT /2/203092/AUTH_e41560788c7b460fa374fdc94f22590f/gnocchi.aff655d4-3429-40c2-8ff5-c7b6ea523a4c" 201 - "PUT https://[::1]:8080/v1/AUTH_e41560788c7b460fa374fdc94f22590f/gnocchi.aff655d4-3429-40c2-8ff5-c7b6ea523a4c" "txd84cee8cdb014188a21c8-00699a7a69" "proxy-server 100218" 0.0144 "-" 98786 0
Feb 21 22:39:21 np0005625961.novalocal account-server[98426]: ::1 - - [22/Feb/2026:03:39:21 +0000] "PUT /1/161627/AUTH_e41560788c7b460fa374fdc94f22590f/gnocchi.aff655d4-3429-40c2-8ff5-c7b6ea523a4c" 201 - "PUT http://[::1]:6001/3/203092/AUTH_e41560788c7b460fa374fdc94f22590f/gnocchi.aff655d4-3429-40c2-8ff5-c7b6ea523a4c" "txd84cee8cdb014188a21c8-00699a7a69" "container-server 98785" 0.0052 "-" 98426 0
Feb 21 22:39:21 np0005625961.novalocal container-server[98785]: ::1 - - [22/Feb/2026:03:39:21 +0000] "PUT /3/203092/AUTH_e41560788c7b460fa374fdc94f22590f/gnocchi.aff655d4-3429-40c2-8ff5-c7b6ea523a4c" 201 - "PUT https://[::1]:8080/v1/AUTH_e41560788c7b460fa374fdc94f22590f/gnocchi.aff655d4-3429-40c2-8ff5-c7b6ea523a4c" "txd84cee8cdb014188a21c8-00699a7a69" "proxy-server 100218" 0.0183 "-" 98785 0
Feb 21 22:39:21 np0005625961.novalocal account-server[98425]: ::1 - - [22/Feb/2026:03:39:21 +0000] "PUT /2/161627/AUTH_e41560788c7b460fa374fdc94f22590f/gnocchi.aff655d4-3429-40c2-8ff5-c7b6ea523a4c" 201 - "PUT http://[::1]:6001/1/203092/AUTH_e41560788c7b460fa374fdc94f22590f/gnocchi.aff655d4-3429-40c2-8ff5-c7b6ea523a4c" "txd84cee8cdb014188a21c8-00699a7a69" "container-server 98786" 0.0042 "-" 98425 0
Feb 21 22:39:21 np0005625961.novalocal container-server[98786]: ::1 - - [22/Feb/2026:03:39:21 +0000] "PUT /1/203092/AUTH_e41560788c7b460fa374fdc94f22590f/gnocchi.aff655d4-3429-40c2-8ff5-c7b6ea523a4c" 201 - "PUT https://[::1]:8080/v1/AUTH_e41560788c7b460fa374fdc94f22590f/gnocchi.aff655d4-3429-40c2-8ff5-c7b6ea523a4c" "txd84cee8cdb014188a21c8-00699a7a69" "proxy-server 100218" 0.0141 "-" 98786 0
Feb 21 22:39:21 np0005625961.novalocal proxy-server[100218]: ::1 ::1 22/Feb/2026/03/39/21 PUT /v1/AUTH_e41560788c7b460fa374fdc94f22590f/gnocchi.aff655d4-3429-40c2-8ff5-c7b6ea523a4c HTTP/1.0 201 - python-swiftclient-4.8.0 gAAAAABpmnpRlsm9... - - - txd84cee8cdb014188a21c8-00699a7a69 - 0.0292 - - 1771731561.783799648 1771731561.812990665 0 17d6eceedce248e7bcac4363c7b2aeaa
Feb 21 22:39:21 np0005625961.novalocal container-server[98785]: ::1 - - [22/Feb/2026:03:39:21 +0000] "HEAD /3/203092/AUTH_e41560788c7b460fa374fdc94f22590f/gnocchi.aff655d4-3429-40c2-8ff5-c7b6ea523a4c" 204 - "HEAD http://[::1]:8080/v1/AUTH_e41560788c7b460fa374fdc94f22590f/gnocchi.aff655d4-3429-40c2-8ff5-c7b6ea523a4c" "txcd18420699e441f3998ba-00699a7a69" "proxy-server 100218" 0.0024 "-" 98785 0
Feb 21 22:39:21 np0005625961.novalocal proxy-server[100218]: - - 22/Feb/2026/03/39/21 HEAD /v1/AUTH_e41560788c7b460fa374fdc94f22590f/gnocchi.aff655d4-3429-40c2-8ff5-c7b6ea523a4c HTTP/1.0 204 - Swift - - - - txcd18420699e441f3998ba-00699a7a69 - 0.0083 CS - 1771731561.819079876 1771731561.827373743 0 -
Feb 21 22:39:21 np0005625961.novalocal container-server[98785]: ::1 - - [22/Feb/2026:03:39:21 +0000] "GET /2/203092/AUTH_e41560788c7b460fa374fdc94f22590f/gnocchi.aff655d4-3429-40c2-8ff5-c7b6ea523a4c" 200 2 "GET https://[::1]:8080/v1/AUTH_e41560788c7b460fa374fdc94f22590f/gnocchi.aff655d4-3429-40c2-8ff5-c7b6ea523a4c?format=json&states=listing" "txcd18420699e441f3998ba-00699a7a69" "proxy-server 100218" 0.0035 "-" 98785 0
Feb 21 22:39:21 np0005625961.novalocal proxy-server[100218]: ::1 ::1 22/Feb/2026/03/39/21 GET /v1/AUTH_e41560788c7b460fa374fdc94f22590f/gnocchi.aff655d4-3429-40c2-8ff5-c7b6ea523a4c%3Fformat%3Djson%26states%3Dlisting HTTP/1.0 200 - python-swiftclient-4.8.0 gAAAAABpmnpRlsm9... - 2 - txcd18420699e441f3998ba-00699a7a69 - 0.0240 - - 1771731561.817824364 1771731561.841874361 0 17d6eceedce248e7bcac4363c7b2aeaa
Feb 21 22:39:21 np0005625961.novalocal object-server[99151]: ::1 - - [22/Feb/2026:03:39:21 +0000] "GET /3/109754/AUTH_e41560788c7b460fa374fdc94f22590f/gnocchi.aff655d4-3429-40c2-8ff5-c7b6ea523a4c/1771200000.0_mean_300.0_v3" 404 70 "GET https://[::1]:8080/v1/AUTH_e41560788c7b460fa374fdc94f22590f/gnocchi.aff655d4-3429-40c2-8ff5-c7b6ea523a4c/1771200000.0_mean_300.0_v3" "tx998673015c8c4e359cabe-00699a7a69" "proxy-server 100218" 0.0005 "-" 99151 0
Feb 21 22:39:21 np0005625961.novalocal object-server[99152]: ::1 - - [22/Feb/2026:03:39:21 +0000] "GET /2/109754/AUTH_e41560788c7b460fa374fdc94f22590f/gnocchi.aff655d4-3429-40c2-8ff5-c7b6ea523a4c/1771200000.0_mean_300.0_v3" 404 70 "GET https://[::1]:8080/v1/AUTH_e41560788c7b460fa374fdc94f22590f/gnocchi.aff655d4-3429-40c2-8ff5-c7b6ea523a4c/1771200000.0_mean_300.0_v3" "tx998673015c8c4e359cabe-00699a7a69" "proxy-server 100218" 0.0004 "-" 99152 0
Feb 21 22:39:21 np0005625961.novalocal object-server[99152]: ::1 - - [22/Feb/2026:03:39:21 +0000] "GET /1/109754/AUTH_e41560788c7b460fa374fdc94f22590f/gnocchi.aff655d4-3429-40c2-8ff5-c7b6ea523a4c/1771200000.0_mean_300.0_v3" 404 70 "GET https://[::1]:8080/v1/AUTH_e41560788c7b460fa374fdc94f22590f/gnocchi.aff655d4-3429-40c2-8ff5-c7b6ea523a4c/1771200000.0_mean_300.0_v3" "tx998673015c8c4e359cabe-00699a7a69" "proxy-server 100218" 0.0013 "-" 99152 0
Feb 21 22:39:21 np0005625961.novalocal proxy-server[100218]: ::1 ::1 22/Feb/2026/03/39/21 GET /v1/AUTH_e41560788c7b460fa374fdc94f22590f/gnocchi.aff655d4-3429-40c2-8ff5-c7b6ea523a4c/1771200000.0_mean_300.0_v3 HTTP/1.0 404 - python-swiftclient-4.8.0 gAAAAABpmnpRlsm9... - 70 - tx998673015c8c4e359cabe-00699a7a69 - 0.0178 - - 1771731561.846530676 1771731561.864374638 0 17d6eceedce248e7bcac4363c7b2aeaa
Feb 21 22:39:21 np0005625961.novalocal container-server[98785]: ::1 - - [22/Feb/2026:03:39:21 +0000] "PUT /3/203092/AUTH_e41560788c7b460fa374fdc94f22590f/gnocchi.aff655d4-3429-40c2-8ff5-c7b6ea523a4c/1771200000.0_mean_300.0_v3" 201 - "PUT http://[::1]:8080/2/109754/AUTH_e41560788c7b460fa374fdc94f22590f/gnocchi.aff655d4-3429-40c2-8ff5-c7b6ea523a4c/1771200000.0_mean_300.0_v3" "txd1fe554fb0ed43f0a03eb-00699a7a69" "object-server 99151" 0.0009 "-" 98785 0
Feb 21 22:39:21 np0005625961.novalocal container-server[98786]: ::1 - - [22/Feb/2026:03:39:21 +0000] "PUT /2/203092/AUTH_e41560788c7b460fa374fdc94f22590f/gnocchi.aff655d4-3429-40c2-8ff5-c7b6ea523a4c/1771200000.0_mean_300.0_v3" 201 - "PUT http://[::1]:8080/1/109754/AUTH_e41560788c7b460fa374fdc94f22590f/gnocchi.aff655d4-3429-40c2-8ff5-c7b6ea523a4c/1771200000.0_mean_300.0_v3" "txd1fe554fb0ed43f0a03eb-00699a7a69" "object-server 99152" 0.0007 "-" 98786 0
Feb 21 22:39:21 np0005625961.novalocal object-server[99151]: ::1 - - [22/Feb/2026:03:39:21 +0000] "PUT /2/109754/AUTH_e41560788c7b460fa374fdc94f22590f/gnocchi.aff655d4-3429-40c2-8ff5-c7b6ea523a4c/1771200000.0_mean_300.0_v3" 201 - "PUT https://[::1]:8080/v1/AUTH_e41560788c7b460fa374fdc94f22590f/gnocchi.aff655d4-3429-40c2-8ff5-c7b6ea523a4c/1771200000.0_mean_300.0_v3" "txd1fe554fb0ed43f0a03eb-00699a7a69" "proxy-server 100218" 0.0159 "-" 99151 0
Feb 21 22:39:21 np0005625961.novalocal object-server[99152]: ::1 - - [22/Feb/2026:03:39:21 +0000] "PUT /1/109754/AUTH_e41560788c7b460fa374fdc94f22590f/gnocchi.aff655d4-3429-40c2-8ff5-c7b6ea523a4c/1771200000.0_mean_300.0_v3" 201 - "PUT https://[::1]:8080/v1/AUTH_e41560788c7b460fa374fdc94f22590f/gnocchi.aff655d4-3429-40c2-8ff5-c7b6ea523a4c/1771200000.0_mean_300.0_v3" "txd1fe554fb0ed43f0a03eb-00699a7a69" "proxy-server 100218" 0.0158 "-" 99152 0
Feb 21 22:39:21 np0005625961.novalocal container-server[98786]: ::1 - - [22/Feb/2026:03:39:21 +0000] "PUT /1/203092/AUTH_e41560788c7b460fa374fdc94f22590f/gnocchi.aff655d4-3429-40c2-8ff5-c7b6ea523a4c/1771200000.0_mean_300.0_v3" 201 - "PUT http://[::1]:8080/3/109754/AUTH_e41560788c7b460fa374fdc94f22590f/gnocchi.aff655d4-3429-40c2-8ff5-c7b6ea523a4c/1771200000.0_mean_300.0_v3" "txd1fe554fb0ed43f0a03eb-00699a7a69" "object-server 99152" 0.0009 "-" 98786 0
Feb 21 22:39:21 np0005625961.novalocal object-server[99152]: ::1 - - [22/Feb/2026:03:39:21 +0000] "PUT /3/109754/AUTH_e41560788c7b460fa374fdc94f22590f/gnocchi.aff655d4-3429-40c2-8ff5-c7b6ea523a4c/1771200000.0_mean_300.0_v3" 201 - "PUT https://[::1]:8080/v1/AUTH_e41560788c7b460fa374fdc94f22590f/gnocchi.aff655d4-3429-40c2-8ff5-c7b6ea523a4c/1771200000.0_mean_300.0_v3" "txd1fe554fb0ed43f0a03eb-00699a7a69" "proxy-server 100218" 0.0153 "-" 99152 0
Feb 21 22:39:21 np0005625961.novalocal proxy-server[100218]: ::1 ::1 22/Feb/2026/03/39/21 PUT /v1/AUTH_e41560788c7b460fa374fdc94f22590f/gnocchi.aff655d4-3429-40c2-8ff5-c7b6ea523a4c/1771200000.0_mean_300.0_v3 HTTP/1.0 201 - python-swiftclient-4.8.0 gAAAAABpmnpRlsm9... 16 - - txd1fe554fb0ed43f0a03eb-00699a7a69 - 0.0320 - - 1771731561.868063688 1771731561.900018215 0 17d6eceedce248e7bcac4363c7b2aeaa
Feb 21 22:39:21 np0005625961.novalocal container-server[98786]: ::1 - - [22/Feb/2026:03:39:21 +0000] "PUT /3/203092/AUTH_e41560788c7b460fa374fdc94f22590f/gnocchi.aff655d4-3429-40c2-8ff5-c7b6ea523a4c/none_v3" 201 - "PUT http://[::1]:8080/3/95787/AUTH_e41560788c7b460fa374fdc94f22590f/gnocchi.aff655d4-3429-40c2-8ff5-c7b6ea523a4c/none_v3" "txd17db9706d434b148aa97-00699a7a69" "object-server 99151" 0.0006 "-" 98786 0
Feb 21 22:39:21 np0005625961.novalocal object-server[99151]: ::1 - - [22/Feb/2026:03:39:21 +0000] "PUT /3/95787/AUTH_e41560788c7b460fa374fdc94f22590f/gnocchi.aff655d4-3429-40c2-8ff5-c7b6ea523a4c/none_v3" 201 - "PUT https://[::1]:8080/v1/AUTH_e41560788c7b460fa374fdc94f22590f/gnocchi.aff655d4-3429-40c2-8ff5-c7b6ea523a4c/none_v3" "txd17db9706d434b148aa97-00699a7a69" "proxy-server 100218" 0.0133 "-" 99151 0
Feb 21 22:39:21 np0005625961.novalocal container-server[98786]: ::1 - - [22/Feb/2026:03:39:21 +0000] "PUT /2/203092/AUTH_e41560788c7b460fa374fdc94f22590f/gnocchi.aff655d4-3429-40c2-8ff5-c7b6ea523a4c/none_v3" 201 - "PUT http://[::1]:8080/2/95787/AUTH_e41560788c7b460fa374fdc94f22590f/gnocchi.aff655d4-3429-40c2-8ff5-c7b6ea523a4c/none_v3" "txd17db9706d434b148aa97-00699a7a69" "object-server 99152" 0.0005 "-" 98786 0
Feb 21 22:39:21 np0005625961.novalocal object-server[99152]: ::1 - - [22/Feb/2026:03:39:21 +0000] "PUT /2/95787/AUTH_e41560788c7b460fa374fdc94f22590f/gnocchi.aff655d4-3429-40c2-8ff5-c7b6ea523a4c/none_v3" 201 - "PUT https://[::1]:8080/v1/AUTH_e41560788c7b460fa374fdc94f22590f/gnocchi.aff655d4-3429-40c2-8ff5-c7b6ea523a4c/none_v3" "txd17db9706d434b148aa97-00699a7a69" "proxy-server 100218" 0.0154 "-" 99152 0
Feb 21 22:39:21 np0005625961.novalocal container-server[98786]: ::1 - - [22/Feb/2026:03:39:21 +0000] "PUT /1/203092/AUTH_e41560788c7b460fa374fdc94f22590f/gnocchi.aff655d4-3429-40c2-8ff5-c7b6ea523a4c/none_v3" 201 - "PUT http://[::1]:8080/1/95787/AUTH_e41560788c7b460fa374fdc94f22590f/gnocchi.aff655d4-3429-40c2-8ff5-c7b6ea523a4c/none_v3" "txd17db9706d434b148aa97-00699a7a69" "object-server 99152" 0.0005 "-" 98786 0
Feb 21 22:39:21 np0005625961.novalocal object-server[99152]: ::1 - - [22/Feb/2026:03:39:21 +0000] "PUT /1/95787/AUTH_e41560788c7b460fa374fdc94f22590f/gnocchi.aff655d4-3429-40c2-8ff5-c7b6ea523a4c/none_v3" 201 - "PUT https://[::1]:8080/v1/AUTH_e41560788c7b460fa374fdc94f22590f/gnocchi.aff655d4-3429-40c2-8ff5-c7b6ea523a4c/none_v3" "txd17db9706d434b148aa97-00699a7a69" "proxy-server 100218" 0.0156 "-" 99152 0
Feb 21 22:39:21 np0005625961.novalocal proxy-server[100218]: ::1 ::1 22/Feb/2026/03/39/21 PUT /v1/AUTH_e41560788c7b460fa374fdc94f22590f/gnocchi.aff655d4-3429-40c2-8ff5-c7b6ea523a4c/none_v3 HTTP/1.0 201 - python-swiftclient-4.8.0 gAAAAABpmnpRlsm9... 22 - - txd17db9706d434b148aa97-00699a7a69 - 0.0271 - - 1771731561.903808832 1771731561.930877447 0 17d6eceedce248e7bcac4363c7b2aeaa
Feb 21 22:39:21 np0005625961.novalocal container-server[98786]: ::1 - - [22/Feb/2026:03:39:21 +0000] "HEAD /2/235284/AUTH_e41560788c7b460fa374fdc94f22590f/gnocchi.2a62a550-f8c3-4c48-b826-aeb69241acf9" 404 - "HEAD http://[::1]:8080/v1/AUTH_e41560788c7b460fa374fdc94f22590f/gnocchi.2a62a550-f8c3-4c48-b826-aeb69241acf9" "tx230eb8e5478446d78d7c5-00699a7a69" "proxy-server 100218" 0.0004 "-" 98786 0
Feb 21 22:39:21 np0005625961.novalocal container-server[98785]: ::1 - - [22/Feb/2026:03:39:21 +0000] "HEAD /1/235284/AUTH_e41560788c7b460fa374fdc94f22590f/gnocchi.2a62a550-f8c3-4c48-b826-aeb69241acf9" 404 - "HEAD http://[::1]:8080/v1/AUTH_e41560788c7b460fa374fdc94f22590f/gnocchi.2a62a550-f8c3-4c48-b826-aeb69241acf9" "tx230eb8e5478446d78d7c5-00699a7a69" "proxy-server 100218" 0.0006 "-" 98785 0
Feb 21 22:39:22 np0005625961.novalocal container-server[98786]: ::1 - - [22/Feb/2026:03:39:21 +0000] "HEAD /3/235284/AUTH_e41560788c7b460fa374fdc94f22590f/gnocchi.2a62a550-f8c3-4c48-b826-aeb69241acf9" 404 - "HEAD http://[::1]:8080/v1/AUTH_e41560788c7b460fa374fdc94f22590f/gnocchi.2a62a550-f8c3-4c48-b826-aeb69241acf9" "tx230eb8e5478446d78d7c5-00699a7a69" "proxy-server 100218" 0.0003 "-" 98786 0
Feb 21 22:39:22 np0005625961.novalocal proxy-server[100218]: - - 22/Feb/2026/03/39/22 HEAD /v1/AUTH_e41560788c7b460fa374fdc94f22590f/gnocchi.2a62a550-f8c3-4c48-b826-aeb69241acf9 HTTP/1.0 404 - Swift - - - - tx230eb8e5478446d78d7c5-00699a7a69 - 0.0104 CS - 1771731561.990988970 1771731562.001384974 0 -
Feb 21 22:39:22 np0005625961.novalocal object-server[99152]: ::1 - - [22/Feb/2026:03:39:22 +0000] "GET /2/213172/AUTH_e41560788c7b460fa374fdc94f22590f/gnocchi.2a62a550-f8c3-4c48-b826-aeb69241acf9/none_v3" 404 70 "GET https://[::1]:8080/v1/AUTH_e41560788c7b460fa374fdc94f22590f/gnocchi.2a62a550-f8c3-4c48-b826-aeb69241acf9/none_v3" "tx230eb8e5478446d78d7c5-00699a7a69" "proxy-server 100218" 0.0008 "-" 99152 0
Feb 21 22:39:22 np0005625961.novalocal object-server[99152]: ::1 - - [22/Feb/2026:03:39:22 +0000] "GET /1/213172/AUTH_e41560788c7b460fa374fdc94f22590f/gnocchi.2a62a550-f8c3-4c48-b826-aeb69241acf9/none_v3" 404 70 "GET https://[::1]:8080/v1/AUTH_e41560788c7b460fa374fdc94f22590f/gnocchi.2a62a550-f8c3-4c48-b826-aeb69241acf9/none_v3" "tx230eb8e5478446d78d7c5-00699a7a69" "proxy-server 100218" 0.0004 "-" 99152 0
Feb 21 22:39:22 np0005625961.novalocal object-server[99152]: ::1 - - [22/Feb/2026:03:39:22 +0000] "GET /3/213172/AUTH_e41560788c7b460fa374fdc94f22590f/gnocchi.2a62a550-f8c3-4c48-b826-aeb69241acf9/none_v3" 404 70 "GET https://[::1]:8080/v1/AUTH_e41560788c7b460fa374fdc94f22590f/gnocchi.2a62a550-f8c3-4c48-b826-aeb69241acf9/none_v3" "tx230eb8e5478446d78d7c5-00699a7a69" "proxy-server 100218" 0.0004 "-" 99152 0
Feb 21 22:39:22 np0005625961.novalocal proxy-server[100218]: ::1 ::1 22/Feb/2026/03/39/22 GET /v1/AUTH_e41560788c7b460fa374fdc94f22590f/gnocchi.2a62a550-f8c3-4c48-b826-aeb69241acf9/none_v3 HTTP/1.0 404 - python-swiftclient-4.8.0 gAAAAABpmnpRlsm9... - 70 - tx230eb8e5478446d78d7c5-00699a7a69 - 0.0263 - - 1771731561.990171909 1771731562.016442299 0 17d6eceedce248e7bcac4363c7b2aeaa
Feb 21 22:39:22 np0005625961.novalocal account-server[98426]: ::1 - - [22/Feb/2026:03:39:22 +0000] "PUT /2/161627/AUTH_e41560788c7b460fa374fdc94f22590f/gnocchi.2a62a550-f8c3-4c48-b826-aeb69241acf9" 201 - "PUT http://[::1]:6001/2/235284/AUTH_e41560788c7b460fa374fdc94f22590f/gnocchi.2a62a550-f8c3-4c48-b826-aeb69241acf9" "txdca47a0c3c2e4820b4988-00699a7a6a" "container-server 98786" 0.0058 "-" 98426 0
Feb 21 22:39:22 np0005625961.novalocal container-server[98786]: ::1 - - [22/Feb/2026:03:39:22 +0000] "PUT /2/235284/AUTH_e41560788c7b460fa374fdc94f22590f/gnocchi.2a62a550-f8c3-4c48-b826-aeb69241acf9" 201 - "PUT https://[::1]:8080/v1/AUTH_e41560788c7b460fa374fdc94f22590f/gnocchi.2a62a550-f8c3-4c48-b826-aeb69241acf9" "txdca47a0c3c2e4820b4988-00699a7a6a" "proxy-server 100218" 0.0208 "-" 98786 0
Feb 21 22:39:22 np0005625961.novalocal account-server[98426]: ::1 - - [22/Feb/2026:03:39:22 +0000] "PUT /3/161627/AUTH_e41560788c7b460fa374fdc94f22590f/gnocchi.2a62a550-f8c3-4c48-b826-aeb69241acf9" 201 - "PUT http://[::1]:6001/1/235284/AUTH_e41560788c7b460fa374fdc94f22590f/gnocchi.2a62a550-f8c3-4c48-b826-aeb69241acf9" "txdca47a0c3c2e4820b4988-00699a7a6a" "container-server 98785" 0.0056 "-" 98426 0
Feb 21 22:39:22 np0005625961.novalocal container-server[98785]: ::1 - - [22/Feb/2026:03:39:22 +0000] "PUT /1/235284/AUTH_e41560788c7b460fa374fdc94f22590f/gnocchi.2a62a550-f8c3-4c48-b826-aeb69241acf9" 201 - "PUT https://[::1]:8080/v1/AUTH_e41560788c7b460fa374fdc94f22590f/gnocchi.2a62a550-f8c3-4c48-b826-aeb69241acf9" "txdca47a0c3c2e4820b4988-00699a7a6a" "proxy-server 100218" 0.0282 "-" 98785 0
Feb 21 22:39:22 np0005625961.novalocal account-server[98426]: ::1 - - [22/Feb/2026:03:39:22 +0000] "PUT /1/161627/AUTH_e41560788c7b460fa374fdc94f22590f/gnocchi.2a62a550-f8c3-4c48-b826-aeb69241acf9" 201 - "PUT http://[::1]:6001/3/235284/AUTH_e41560788c7b460fa374fdc94f22590f/gnocchi.2a62a550-f8c3-4c48-b826-aeb69241acf9" "txdca47a0c3c2e4820b4988-00699a7a6a" "container-server 98785" 0.0050 "-" 98426 0
Feb 21 22:39:22 np0005625961.novalocal container-server[98785]: ::1 - - [22/Feb/2026:03:39:22 +0000] "PUT /3/235284/AUTH_e41560788c7b460fa374fdc94f22590f/gnocchi.2a62a550-f8c3-4c48-b826-aeb69241acf9" 201 - "PUT https://[::1]:8080/v1/AUTH_e41560788c7b460fa374fdc94f22590f/gnocchi.2a62a550-f8c3-4c48-b826-aeb69241acf9" "txdca47a0c3c2e4820b4988-00699a7a6a" "proxy-server 100218" 0.0214 "-" 98785 0
Feb 21 22:39:22 np0005625961.novalocal proxy-server[100218]: ::1 ::1 22/Feb/2026/03/39/22 PUT /v1/AUTH_e41560788c7b460fa374fdc94f22590f/gnocchi.2a62a550-f8c3-4c48-b826-aeb69241acf9 HTTP/1.0 201 - python-swiftclient-4.8.0 gAAAAABpmnpRlsm9... - - - txdca47a0c3c2e4820b4988-00699a7a6a - 0.0450 - - 1771731562.019371510 1771731562.064363956 0 17d6eceedce248e7bcac4363c7b2aeaa
Feb 21 22:39:22 np0005625961.novalocal container-server[98785]: ::1 - - [22/Feb/2026:03:39:22 +0000] "HEAD /1/235284/AUTH_e41560788c7b460fa374fdc94f22590f/gnocchi.2a62a550-f8c3-4c48-b826-aeb69241acf9" 204 - "HEAD http://[::1]:8080/v1/AUTH_e41560788c7b460fa374fdc94f22590f/gnocchi.2a62a550-f8c3-4c48-b826-aeb69241acf9" "tx4206b5c536ce40bb931d6-00699a7a6a" "proxy-server 100218" 0.0020 "-" 98785 0
Feb 21 22:39:22 np0005625961.novalocal proxy-server[100218]: - - 22/Feb/2026/03/39/22 HEAD /v1/AUTH_e41560788c7b460fa374fdc94f22590f/gnocchi.2a62a550-f8c3-4c48-b826-aeb69241acf9 HTTP/1.0 204 - Swift - - - - tx4206b5c536ce40bb931d6-00699a7a6a - 0.0064 CS - 1771731562.069078684 1771731562.075496435 0 -
Feb 21 22:39:22 np0005625961.novalocal container-server[98786]: ::1 - - [22/Feb/2026:03:39:22 +0000] "GET /3/235284/AUTH_e41560788c7b460fa374fdc94f22590f/gnocchi.2a62a550-f8c3-4c48-b826-aeb69241acf9" 200 2 "GET https://[::1]:8080/v1/AUTH_e41560788c7b460fa374fdc94f22590f/gnocchi.2a62a550-f8c3-4c48-b826-aeb69241acf9?format=json&states=listing" "tx4206b5c536ce40bb931d6-00699a7a6a" "proxy-server 100218" 0.0055 "-" 98786 0
Feb 21 22:39:22 np0005625961.novalocal proxy-server[100218]: ::1 ::1 22/Feb/2026/03/39/22 GET /v1/AUTH_e41560788c7b460fa374fdc94f22590f/gnocchi.2a62a550-f8c3-4c48-b826-aeb69241acf9%3Fformat%3Djson%26states%3Dlisting HTTP/1.0 200 - python-swiftclient-4.8.0 gAAAAABpmnpRlsm9... - 2 - tx4206b5c536ce40bb931d6-00699a7a6a - 0.0236 - - 1771731562.068150759 1771731562.091788530 0 17d6eceedce248e7bcac4363c7b2aeaa
Feb 21 22:39:22 np0005625961.novalocal object-server[99152]: ::1 - - [22/Feb/2026:03:39:22 +0000] "GET /1/62441/AUTH_e41560788c7b460fa374fdc94f22590f/gnocchi.2a62a550-f8c3-4c48-b826-aeb69241acf9/1771200000.0_mean_300.0_v3" 404 70 "GET https://[::1]:8080/v1/AUTH_e41560788c7b460fa374fdc94f22590f/gnocchi.2a62a550-f8c3-4c48-b826-aeb69241acf9/1771200000.0_mean_300.0_v3" "tx81446b7ae3fe47709e8cb-00699a7a6a" "proxy-server 100218" 0.0005 "-" 99152 0
Feb 21 22:39:22 np0005625961.novalocal object-server[99151]: ::1 - - [22/Feb/2026:03:39:22 +0000] "GET /3/62441/AUTH_e41560788c7b460fa374fdc94f22590f/gnocchi.2a62a550-f8c3-4c48-b826-aeb69241acf9/1771200000.0_mean_300.0_v3" 404 70 "GET https://[::1]:8080/v1/AUTH_e41560788c7b460fa374fdc94f22590f/gnocchi.2a62a550-f8c3-4c48-b826-aeb69241acf9/1771200000.0_mean_300.0_v3" "tx81446b7ae3fe47709e8cb-00699a7a6a" "proxy-server 100218" 0.0005 "-" 99151 0
Feb 21 22:39:22 np0005625961.novalocal object-server[99151]: ::1 - - [22/Feb/2026:03:39:22 +0000] "GET /2/62441/AUTH_e41560788c7b460fa374fdc94f22590f/gnocchi.2a62a550-f8c3-4c48-b826-aeb69241acf9/1771200000.0_mean_300.0_v3" 404 70 "GET https://[::1]:8080/v1/AUTH_e41560788c7b460fa374fdc94f22590f/gnocchi.2a62a550-f8c3-4c48-b826-aeb69241acf9/1771200000.0_mean_300.0_v3" "tx81446b7ae3fe47709e8cb-00699a7a6a" "proxy-server 100218" 0.0011 "-" 99151 0
Feb 21 22:39:22 np0005625961.novalocal proxy-server[100218]: ::1 ::1 22/Feb/2026/03/39/22 GET /v1/AUTH_e41560788c7b460fa374fdc94f22590f/gnocchi.2a62a550-f8c3-4c48-b826-aeb69241acf9/1771200000.0_mean_300.0_v3 HTTP/1.0 404 - python-swiftclient-4.8.0 gAAAAABpmnpRlsm9... - 70 - tx81446b7ae3fe47709e8cb-00699a7a6a - 0.0158 - - 1771731562.095649958 1771731562.111453533 0 17d6eceedce248e7bcac4363c7b2aeaa
Feb 21 22:39:22 np0005625961.novalocal container-server[98785]: ::1 - - [22/Feb/2026:03:39:22 +0000] "PUT /2/235284/AUTH_e41560788c7b460fa374fdc94f22590f/gnocchi.2a62a550-f8c3-4c48-b826-aeb69241acf9/1771200000.0_mean_300.0_v3" 201 - "PUT http://[::1]:8080/2/62441/AUTH_e41560788c7b460fa374fdc94f22590f/gnocchi.2a62a550-f8c3-4c48-b826-aeb69241acf9/1771200000.0_mean_300.0_v3" "tx7836326941b84da5bface-00699a7a6a" "object-server 99151" 0.0011 "-" 98785 0
Feb 21 22:39:22 np0005625961.novalocal object-server[99151]: ::1 - - [22/Feb/2026:03:39:22 +0000] "PUT /2/62441/AUTH_e41560788c7b460fa374fdc94f22590f/gnocchi.2a62a550-f8c3-4c48-b826-aeb69241acf9/1771200000.0_mean_300.0_v3" 201 - "PUT https://[::1]:8080/v1/AUTH_e41560788c7b460fa374fdc94f22590f/gnocchi.2a62a550-f8c3-4c48-b826-aeb69241acf9/1771200000.0_mean_300.0_v3" "tx7836326941b84da5bface-00699a7a6a" "proxy-server 100218" 0.0132 "-" 99151 0
Feb 21 22:39:22 np0005625961.novalocal container-server[98785]: ::1 - - [22/Feb/2026:03:39:22 +0000] "PUT /3/235284/AUTH_e41560788c7b460fa374fdc94f22590f/gnocchi.2a62a550-f8c3-4c48-b826-aeb69241acf9/1771200000.0_mean_300.0_v3" 201 - "PUT http://[::1]:8080/1/62441/AUTH_e41560788c7b460fa374fdc94f22590f/gnocchi.2a62a550-f8c3-4c48-b826-aeb69241acf9/1771200000.0_mean_300.0_v3" "tx7836326941b84da5bface-00699a7a6a" "object-server 99152" 0.0009 "-" 98785 0
Feb 21 22:39:22 np0005625961.novalocal object-server[99152]: ::1 - - [22/Feb/2026:03:39:22 +0000] "PUT /1/62441/AUTH_e41560788c7b460fa374fdc94f22590f/gnocchi.2a62a550-f8c3-4c48-b826-aeb69241acf9/1771200000.0_mean_300.0_v3" 201 - "PUT https://[::1]:8080/v1/AUTH_e41560788c7b460fa374fdc94f22590f/gnocchi.2a62a550-f8c3-4c48-b826-aeb69241acf9/1771200000.0_mean_300.0_v3" "tx7836326941b84da5bface-00699a7a6a" "proxy-server 100218" 0.0150 "-" 99152 0
Feb 21 22:39:22 np0005625961.novalocal container-server[98785]: ::1 - - [22/Feb/2026:03:39:22 +0000] "PUT /1/235284/AUTH_e41560788c7b460fa374fdc94f22590f/gnocchi.2a62a550-f8c3-4c48-b826-aeb69241acf9/1771200000.0_mean_300.0_v3" 201 - "PUT http://[::1]:8080/3/62441/AUTH_e41560788c7b460fa374fdc94f22590f/gnocchi.2a62a550-f8c3-4c48-b826-aeb69241acf9/1771200000.0_mean_300.0_v3" "tx7836326941b84da5bface-00699a7a6a" "object-server 99152" 0.0008 "-" 98785 0
Feb 21 22:39:22 np0005625961.novalocal object-server[99152]: ::1 - - [22/Feb/2026:03:39:22 +0000] "PUT /3/62441/AUTH_e41560788c7b460fa374fdc94f22590f/gnocchi.2a62a550-f8c3-4c48-b826-aeb69241acf9/1771200000.0_mean_300.0_v3" 201 - "PUT https://[::1]:8080/v1/AUTH_e41560788c7b460fa374fdc94f22590f/gnocchi.2a62a550-f8c3-4c48-b826-aeb69241acf9/1771200000.0_mean_300.0_v3" "tx7836326941b84da5bface-00699a7a6a" "proxy-server 100218" 0.0199 "-" 99152 0
Feb 21 22:39:22 np0005625961.novalocal proxy-server[100218]: ::1 ::1 22/Feb/2026/03/39/22 PUT /v1/AUTH_e41560788c7b460fa374fdc94f22590f/gnocchi.2a62a550-f8c3-4c48-b826-aeb69241acf9/1771200000.0_mean_300.0_v3 HTTP/1.0 201 - python-swiftclient-4.8.0 gAAAAABpmnpRlsm9... 16 - - tx7836326941b84da5bface-00699a7a6a - 0.0305 - - 1771731562.114615202 1771731562.145088434 0 17d6eceedce248e7bcac4363c7b2aeaa
Feb 21 22:39:22 np0005625961.novalocal container-server[98786]: ::1 - - [22/Feb/2026:03:39:22 +0000] "PUT /2/235284/AUTH_e41560788c7b460fa374fdc94f22590f/gnocchi.2a62a550-f8c3-4c48-b826-aeb69241acf9/none_v3" 201 - "PUT http://[::1]:8080/3/213172/AUTH_e41560788c7b460fa374fdc94f22590f/gnocchi.2a62a550-f8c3-4c48-b826-aeb69241acf9/none_v3" "tx780a5d5501f0409f9c3ee-00699a7a6a" "object-server 99152" 0.0007 "-" 98786 0
Feb 21 22:39:22 np0005625961.novalocal container-server[98785]: ::1 - - [22/Feb/2026:03:39:22 +0000] "PUT /3/235284/AUTH_e41560788c7b460fa374fdc94f22590f/gnocchi.2a62a550-f8c3-4c48-b826-aeb69241acf9/none_v3" 201 - "PUT http://[::1]:8080/2/213172/AUTH_e41560788c7b460fa374fdc94f22590f/gnocchi.2a62a550-f8c3-4c48-b826-aeb69241acf9/none_v3" "tx780a5d5501f0409f9c3ee-00699a7a6a" "object-server 99151" 0.0008 "-" 98785 0
Feb 21 22:39:22 np0005625961.novalocal object-server[99152]: ::1 - - [22/Feb/2026:03:39:22 +0000] "PUT /3/213172/AUTH_e41560788c7b460fa374fdc94f22590f/gnocchi.2a62a550-f8c3-4c48-b826-aeb69241acf9/none_v3" 201 - "PUT https://[::1]:8080/v1/AUTH_e41560788c7b460fa374fdc94f22590f/gnocchi.2a62a550-f8c3-4c48-b826-aeb69241acf9/none_v3" "tx780a5d5501f0409f9c3ee-00699a7a6a" "proxy-server 100218" 0.0121 "-" 99152 0
Feb 21 22:39:22 np0005625961.novalocal container-server[98786]: ::1 - - [22/Feb/2026:03:39:22 +0000] "PUT /1/235284/AUTH_e41560788c7b460fa374fdc94f22590f/gnocchi.2a62a550-f8c3-4c48-b826-aeb69241acf9/none_v3" 201 - "PUT http://[::1]:8080/1/213172/AUTH_e41560788c7b460fa374fdc94f22590f/gnocchi.2a62a550-f8c3-4c48-b826-aeb69241acf9/none_v3" "tx780a5d5501f0409f9c3ee-00699a7a6a" "object-server 99151" 0.0006 "-" 98786 0
Feb 21 22:39:22 np0005625961.novalocal object-server[99151]: ::1 - - [22/Feb/2026:03:39:22 +0000] "PUT /2/213172/AUTH_e41560788c7b460fa374fdc94f22590f/gnocchi.2a62a550-f8c3-4c48-b826-aeb69241acf9/none_v3" 201 - "PUT https://[::1]:8080/v1/AUTH_e41560788c7b460fa374fdc94f22590f/gnocchi.2a62a550-f8c3-4c48-b826-aeb69241acf9/none_v3" "tx780a5d5501f0409f9c3ee-00699a7a6a" "proxy-server 100218" 0.0134 "-" 99151 0
Feb 21 22:39:22 np0005625961.novalocal object-server[99151]: ::1 - - [22/Feb/2026:03:39:22 +0000] "PUT /1/213172/AUTH_e41560788c7b460fa374fdc94f22590f/gnocchi.2a62a550-f8c3-4c48-b826-aeb69241acf9/none_v3" 201 - "PUT https://[::1]:8080/v1/AUTH_e41560788c7b460fa374fdc94f22590f/gnocchi.2a62a550-f8c3-4c48-b826-aeb69241acf9/none_v3" "tx780a5d5501f0409f9c3ee-00699a7a6a" "proxy-server 100218" 0.0129 "-" 99151 0
Feb 21 22:39:22 np0005625961.novalocal proxy-server[100218]: ::1 ::1 22/Feb/2026/03/39/22 PUT /v1/AUTH_e41560788c7b460fa374fdc94f22590f/gnocchi.2a62a550-f8c3-4c48-b826-aeb69241acf9/none_v3 HTTP/1.0 201 - python-swiftclient-4.8.0 gAAAAABpmnpRlsm9... 22 - - tx780a5d5501f0409f9c3ee-00699a7a6a - 0.0258 - - 1771731562.148985624 1771731562.174822569 0 17d6eceedce248e7bcac4363c7b2aeaa
Feb 21 22:39:22 np0005625961.novalocal container-server[98786]: ::1 - - [22/Feb/2026:03:39:22 +0000] "HEAD /1/226818/AUTH_e41560788c7b460fa374fdc94f22590f/gnocchi.9410414a-83e8-46a5-a710-42bcecdf057a" 404 - "HEAD http://[::1]:8080/v1/AUTH_e41560788c7b460fa374fdc94f22590f/gnocchi.9410414a-83e8-46a5-a710-42bcecdf057a" "tx83788e7fad44495f82c86-00699a7a6a" "proxy-server 100218" 0.0003 "-" 98786 0
Feb 21 22:39:22 np0005625961.novalocal container-server[98786]: ::1 - - [22/Feb/2026:03:39:22 +0000] "HEAD /3/226818/AUTH_e41560788c7b460fa374fdc94f22590f/gnocchi.9410414a-83e8-46a5-a710-42bcecdf057a" 404 - "HEAD http://[::1]:8080/v1/AUTH_e41560788c7b460fa374fdc94f22590f/gnocchi.9410414a-83e8-46a5-a710-42bcecdf057a" "tx83788e7fad44495f82c86-00699a7a6a" "proxy-server 100218" 0.0002 "-" 98786 0
Feb 21 22:39:22 np0005625961.novalocal container-server[98785]: ::1 - - [22/Feb/2026:03:39:22 +0000] "HEAD /2/226818/AUTH_e41560788c7b460fa374fdc94f22590f/gnocchi.9410414a-83e8-46a5-a710-42bcecdf057a" 404 - "HEAD http://[::1]:8080/v1/AUTH_e41560788c7b460fa374fdc94f22590f/gnocchi.9410414a-83e8-46a5-a710-42bcecdf057a" "tx83788e7fad44495f82c86-00699a7a6a" "proxy-server 100218" 0.0006 "-" 98785 0
Feb 21 22:39:22 np0005625961.novalocal proxy-server[100218]: - - 22/Feb/2026/03/39/22 HEAD /v1/AUTH_e41560788c7b460fa374fdc94f22590f/gnocchi.9410414a-83e8-46a5-a710-42bcecdf057a HTTP/1.0 404 - Swift - - - - tx83788e7fad44495f82c86-00699a7a6a - 0.0115 CS - 1771731562.188415766 1771731562.199869156 0 -
Feb 21 22:39:22 np0005625961.novalocal object-server[99152]: ::1 - - [22/Feb/2026:03:39:22 +0000] "GET /2/82240/AUTH_e41560788c7b460fa374fdc94f22590f/gnocchi.9410414a-83e8-46a5-a710-42bcecdf057a/none_v3" 404 70 "GET https://[::1]:8080/v1/AUTH_e41560788c7b460fa374fdc94f22590f/gnocchi.9410414a-83e8-46a5-a710-42bcecdf057a/none_v3" "tx83788e7fad44495f82c86-00699a7a6a" "proxy-server 100218" 0.0003 "-" 99152 0
Feb 21 22:39:22 np0005625961.novalocal object-server[99151]: ::1 - - [22/Feb/2026:03:39:22 +0000] "GET /1/82240/AUTH_e41560788c7b460fa374fdc94f22590f/gnocchi.9410414a-83e8-46a5-a710-42bcecdf057a/none_v3" 404 70 "GET https://[::1]:8080/v1/AUTH_e41560788c7b460fa374fdc94f22590f/gnocchi.9410414a-83e8-46a5-a710-42bcecdf057a/none_v3" "tx83788e7fad44495f82c86-00699a7a6a" "proxy-server 100218" 0.0004 "-" 99151 0
Feb 21 22:39:22 np0005625961.novalocal object-server[99151]: ::1 - - [22/Feb/2026:03:39:22 +0000] "GET /3/82240/AUTH_e41560788c7b460fa374fdc94f22590f/gnocchi.9410414a-83e8-46a5-a710-42bcecdf057a/none_v3" 404 70 "GET https://[::1]:8080/v1/AUTH_e41560788c7b460fa374fdc94f22590f/gnocchi.9410414a-83e8-46a5-a710-42bcecdf057a/none_v3" "tx83788e7fad44495f82c86-00699a7a6a" "proxy-server 100218" 0.0003 "-" 99151 0
Feb 21 22:39:22 np0005625961.novalocal proxy-server[100218]: ::1 ::1 22/Feb/2026/03/39/22 GET /v1/AUTH_e41560788c7b460fa374fdc94f22590f/gnocchi.9410414a-83e8-46a5-a710-42bcecdf057a/none_v3 HTTP/1.0 404 - python-swiftclient-4.8.0 gAAAAABpmnpRlsm9... - 70 - tx83788e7fad44495f82c86-00699a7a6a - 0.0242 - - 1771731562.187183619 1771731562.211429119 0 17d6eceedce248e7bcac4363c7b2aeaa
Feb 21 22:39:22 np0005625961.novalocal container-server[98786]: ::1 - - [22/Feb/2026:03:39:22 +0000] "HEAD /3/118854/AUTH_e41560788c7b460fa374fdc94f22590f/gnocchi.5939d4f3-c002-4ec2-82d2-d8aec1404afd" 404 - "HEAD http://[::1]:8080/v1/AUTH_e41560788c7b460fa374fdc94f22590f/gnocchi.5939d4f3-c002-4ec2-82d2-d8aec1404afd" "txb0a3af2339ef40b7b0fed-00699a7a6a" "proxy-server 100219" 0.0004 "-" 98786 0
Feb 21 22:39:22 np0005625961.novalocal account-server[98425]: ::1 - - [22/Feb/2026:03:39:22 +0000] "PUT /3/161627/AUTH_e41560788c7b460fa374fdc94f22590f/gnocchi.9410414a-83e8-46a5-a710-42bcecdf057a" 201 - "PUT http://[::1]:6001/2/226818/AUTH_e41560788c7b460fa374fdc94f22590f/gnocchi.9410414a-83e8-46a5-a710-42bcecdf057a" "tx1a7053e4466446cdb42ae-00699a7a6a" "container-server 98785" 0.0050 "-" 98425 0
Feb 21 22:39:22 np0005625961.novalocal container-server[98785]: ::1 - - [22/Feb/2026:03:39:22 +0000] "HEAD /2/118854/AUTH_e41560788c7b460fa374fdc94f22590f/gnocchi.5939d4f3-c002-4ec2-82d2-d8aec1404afd" 404 - "HEAD http://[::1]:8080/v1/AUTH_e41560788c7b460fa374fdc94f22590f/gnocchi.5939d4f3-c002-4ec2-82d2-d8aec1404afd" "txb0a3af2339ef40b7b0fed-00699a7a6a" "proxy-server 100219" 0.0004 "-" 98785 0
Feb 21 22:39:22 np0005625961.novalocal container-server[98785]: ::1 - - [22/Feb/2026:03:39:22 +0000] "PUT /2/226818/AUTH_e41560788c7b460fa374fdc94f22590f/gnocchi.9410414a-83e8-46a5-a710-42bcecdf057a" 201 - "PUT https://[::1]:8080/v1/AUTH_e41560788c7b460fa374fdc94f22590f/gnocchi.9410414a-83e8-46a5-a710-42bcecdf057a" "tx1a7053e4466446cdb42ae-00699a7a6a" "proxy-server 100218" 0.0376 "-" 98785 0
Feb 21 22:39:22 np0005625961.novalocal container-server[98785]: ::1 - - [22/Feb/2026:03:39:22 +0000] "HEAD /1/118854/AUTH_e41560788c7b460fa374fdc94f22590f/gnocchi.5939d4f3-c002-4ec2-82d2-d8aec1404afd" 404 - "HEAD http://[::1]:8080/v1/AUTH_e41560788c7b460fa374fdc94f22590f/gnocchi.5939d4f3-c002-4ec2-82d2-d8aec1404afd" "txb0a3af2339ef40b7b0fed-00699a7a6a" "proxy-server 100219" 0.0003 "-" 98785 0
Feb 21 22:39:22 np0005625961.novalocal proxy-server[100219]: - - 22/Feb/2026/03/39/22 HEAD /v1/AUTH_e41560788c7b460fa374fdc94f22590f/gnocchi.5939d4f3-c002-4ec2-82d2-d8aec1404afd HTTP/1.0 404 - Swift - - - - txb0a3af2339ef40b7b0fed-00699a7a6a - 0.0441 CS - 1771731562.217864275 1771731562.261975527 0 -
Feb 21 22:39:22 np0005625961.novalocal account-server[98425]: ::1 - - [22/Feb/2026:03:39:22 +0000] "PUT /2/161627/AUTH_e41560788c7b460fa374fdc94f22590f/gnocchi.9410414a-83e8-46a5-a710-42bcecdf057a" 201 - "PUT http://[::1]:6001/3/226818/AUTH_e41560788c7b460fa374fdc94f22590f/gnocchi.9410414a-83e8-46a5-a710-42bcecdf057a" "tx1a7053e4466446cdb42ae-00699a7a6a" "container-server 98785" 0.0055 "-" 98425 0
Feb 21 22:39:22 np0005625961.novalocal container-server[98785]: ::1 - - [22/Feb/2026:03:39:22 +0000] "PUT /3/226818/AUTH_e41560788c7b460fa374fdc94f22590f/gnocchi.9410414a-83e8-46a5-a710-42bcecdf057a" 201 - "PUT https://[::1]:8080/v1/AUTH_e41560788c7b460fa374fdc94f22590f/gnocchi.9410414a-83e8-46a5-a710-42bcecdf057a" "tx1a7053e4466446cdb42ae-00699a7a6a" "proxy-server 100218" 0.0306 "-" 98785 0
Feb 21 22:39:22 np0005625961.novalocal object-server[99152]: ::1 - - [22/Feb/2026:03:39:22 +0000] "GET /1/216456/AUTH_e41560788c7b460fa374fdc94f22590f/gnocchi.5939d4f3-c002-4ec2-82d2-d8aec1404afd/none_v3" 404 70 "GET https://[::1]:8080/v1/AUTH_e41560788c7b460fa374fdc94f22590f/gnocchi.5939d4f3-c002-4ec2-82d2-d8aec1404afd/none_v3" "txb0a3af2339ef40b7b0fed-00699a7a6a" "proxy-server 100219" 0.0004 "-" 99152 0
Feb 21 22:39:22 np0005625961.novalocal account-server[98425]: ::1 - - [22/Feb/2026:03:39:22 +0000] "PUT /1/161627/AUTH_e41560788c7b460fa374fdc94f22590f/gnocchi.9410414a-83e8-46a5-a710-42bcecdf057a" 201 - "PUT http://[::1]:6001/1/226818/AUTH_e41560788c7b460fa374fdc94f22590f/gnocchi.9410414a-83e8-46a5-a710-42bcecdf057a" "tx1a7053e4466446cdb42ae-00699a7a6a" "container-server 98785" 0.0045 "-" 98425 0
Feb 21 22:39:22 np0005625961.novalocal container-server[98785]: ::1 - - [22/Feb/2026:03:39:22 +0000] "PUT /1/226818/AUTH_e41560788c7b460fa374fdc94f22590f/gnocchi.9410414a-83e8-46a5-a710-42bcecdf057a" 201 - "PUT https://[::1]:8080/v1/AUTH_e41560788c7b460fa374fdc94f22590f/gnocchi.9410414a-83e8-46a5-a710-42bcecdf057a" "tx1a7053e4466446cdb42ae-00699a7a6a" "proxy-server 100218" 0.0241 "-" 98785 0
Feb 21 22:39:22 np0005625961.novalocal object-server[99152]: ::1 - - [22/Feb/2026:03:39:22 +0000] "GET /3/216456/AUTH_e41560788c7b460fa374fdc94f22590f/gnocchi.5939d4f3-c002-4ec2-82d2-d8aec1404afd/none_v3" 404 70 "GET https://[::1]:8080/v1/AUTH_e41560788c7b460fa374fdc94f22590f/gnocchi.5939d4f3-c002-4ec2-82d2-d8aec1404afd/none_v3" "txb0a3af2339ef40b7b0fed-00699a7a6a" "proxy-server 100219" 0.0003 "-" 99152 0
Feb 21 22:39:22 np0005625961.novalocal proxy-server[100218]: ::1 ::1 22/Feb/2026/03/39/22 PUT /v1/AUTH_e41560788c7b460fa374fdc94f22590f/gnocchi.9410414a-83e8-46a5-a710-42bcecdf057a HTTP/1.0 201 - python-swiftclient-4.8.0 gAAAAABpmnpRlsm9... - - - tx1a7053e4466446cdb42ae-00699a7a6a - 0.0587 - - 1771731562.215176105 1771731562.273856401 0 17d6eceedce248e7bcac4363c7b2aeaa
Feb 21 22:39:22 np0005625961.novalocal object-server[99152]: ::1 - - [22/Feb/2026:03:39:22 +0000] "GET /2/216456/AUTH_e41560788c7b460fa374fdc94f22590f/gnocchi.5939d4f3-c002-4ec2-82d2-d8aec1404afd/none_v3" 404 70 "GET https://[::1]:8080/v1/AUTH_e41560788c7b460fa374fdc94f22590f/gnocchi.5939d4f3-c002-4ec2-82d2-d8aec1404afd/none_v3" "txb0a3af2339ef40b7b0fed-00699a7a6a" "proxy-server 100219" 0.0003 "-" 99152 0
Feb 21 22:39:22 np0005625961.novalocal proxy-server[100219]: ::1 ::1 22/Feb/2026/03/39/22 GET /v1/AUTH_e41560788c7b460fa374fdc94f22590f/gnocchi.5939d4f3-c002-4ec2-82d2-d8aec1404afd/none_v3 HTTP/1.0 404 - python-swiftclient-4.8.0 gAAAAABpmnpTVjhT... - 70 - txb0a3af2339ef40b7b0fed-00699a7a6a - 0.0612 - - 1771731562.216819286 1771731562.277987242 0 17d6eceedce248e7bcac4363c7b2aeaa
