Feb 21 22:40:31 np0005625961.novalocal proxy-server[100218]: ::1 ::1 22/Feb/2026/03/40/31 PUT /v1/AUTH_e41560788c7b460fa374fdc94f22590f/gnocchi.832094ea-1abb-4109-af68-4046390a746c/none_v3 HTTP/1.0 201 - python-swiftclient-4.8.0 gAAAAABpmnpRlsm9... 22 - - tx826f6c94effa416ab8dfb-00699a7aaf - 0.0241 - - 1771731631.241281271 1771731631.265394688 0 17d6eceedce248e7bcac4363c7b2aeaa
Feb 21 22:40:31 np0005625961.novalocal container-server[98785]: ::1 - - [22/Feb/2026:03:40:31 +0000] "HEAD /2/221585/AUTH_e41560788c7b460fa374fdc94f22590f/gnocchi.f29ee5d1-da6a-4514-a44b-ed00e3206a76" 404 - "HEAD http://[::1]:8080/v1/AUTH_e41560788c7b460fa374fdc94f22590f/gnocchi.f29ee5d1-da6a-4514-a44b-ed00e3206a76" "txa595f3591b764f9890dd5-00699a7aaf" "proxy-server 100218" 0.0008 "-" 98785 0
Feb 21 22:40:31 np0005625961.novalocal container-server[98786]: ::1 - - [22/Feb/2026:03:40:31 +0000] "HEAD /3/221585/AUTH_e41560788c7b460fa374fdc94f22590f/gnocchi.f29ee5d1-da6a-4514-a44b-ed00e3206a76" 404 - "HEAD http://[::1]:8080/v1/AUTH_e41560788c7b460fa374fdc94f22590f/gnocchi.f29ee5d1-da6a-4514-a44b-ed00e3206a76" "txa595f3591b764f9890dd5-00699a7aaf" "proxy-server 100218" 0.0004 "-" 98786 0
Feb 21 22:40:31 np0005625961.novalocal container-server[98786]: ::1 - - [22/Feb/2026:03:40:31 +0000] "HEAD /1/221585/AUTH_e41560788c7b460fa374fdc94f22590f/gnocchi.f29ee5d1-da6a-4514-a44b-ed00e3206a76" 404 - "HEAD http://[::1]:8080/v1/AUTH_e41560788c7b460fa374fdc94f22590f/gnocchi.f29ee5d1-da6a-4514-a44b-ed00e3206a76" "txa595f3591b764f9890dd5-00699a7aaf" "proxy-server 100218" 0.0003 "-" 98786 0
Feb 21 22:40:31 np0005625961.novalocal proxy-server[100218]: - - 22/Feb/2026/03/40/31 HEAD /v1/AUTH_e41560788c7b460fa374fdc94f22590f/gnocchi.f29ee5d1-da6a-4514-a44b-ed00e3206a76 HTTP/1.0 404 - Swift - - - - txa595f3591b764f9890dd5-00699a7aaf - 0.0107 CS - 1771731631.289272547 1771731631.299989223 0 -
Feb 21 22:40:31 np0005625961.novalocal object-server[99152]: ::1 - - [22/Feb/2026:03:40:31 +0000] "GET /3/218343/AUTH_e41560788c7b460fa374fdc94f22590f/gnocchi.f29ee5d1-da6a-4514-a44b-ed00e3206a76/none_v3" 404 70 "GET https://[::1]:8080/v1/AUTH_e41560788c7b460fa374fdc94f22590f/gnocchi.f29ee5d1-da6a-4514-a44b-ed00e3206a76/none_v3" "txa595f3591b764f9890dd5-00699a7aaf" "proxy-server 100218" 0.0003 "-" 99152 0
Feb 21 22:40:31 np0005625961.novalocal object-server[99152]: ::1 - - [22/Feb/2026:03:40:31 +0000] "GET /2/218343/AUTH_e41560788c7b460fa374fdc94f22590f/gnocchi.f29ee5d1-da6a-4514-a44b-ed00e3206a76/none_v3" 404 70 "GET https://[::1]:8080/v1/AUTH_e41560788c7b460fa374fdc94f22590f/gnocchi.f29ee5d1-da6a-4514-a44b-ed00e3206a76/none_v3" "txa595f3591b764f9890dd5-00699a7aaf" "proxy-server 100218" 0.0002 "-" 99152 0
Feb 21 22:40:31 np0005625961.novalocal object-server[99152]: ::1 - - [22/Feb/2026:03:40:31 +0000] "GET /1/218343/AUTH_e41560788c7b460fa374fdc94f22590f/gnocchi.f29ee5d1-da6a-4514-a44b-ed00e3206a76/none_v3" 404 70 "GET https://[::1]:8080/v1/AUTH_e41560788c7b460fa374fdc94f22590f/gnocchi.f29ee5d1-da6a-4514-a44b-ed00e3206a76/none_v3" "txa595f3591b764f9890dd5-00699a7aaf" "proxy-server 100218" 0.0002 "-" 99152 0
Feb 21 22:40:31 np0005625961.novalocal proxy-server[100218]: ::1 ::1 22/Feb/2026/03/40/31 GET /v1/AUTH_e41560788c7b460fa374fdc94f22590f/gnocchi.f29ee5d1-da6a-4514-a44b-ed00e3206a76/none_v3 HTTP/1.0 404 - python-swiftclient-4.8.0 gAAAAABpmnpRlsm9... - 70 - txa595f3591b764f9890dd5-00699a7aaf - 0.0255 - - 1771731631.288255692 1771731631.313713312 0 17d6eceedce248e7bcac4363c7b2aeaa
Feb 21 22:40:31 np0005625961.novalocal sudo[108150]: cinder : PWD=/ ; USER=root ; COMMAND=/usr/bin/cinder-rootwrap /etc/cinder/rootwrap.conf env LC_ALL=C qemu-img info -f raw --output=json /var/lib/cinder/conversion/image_download_b52fbd59-fea0-43cc-80b3-c8b38a81b978_tum3s53g
Feb 21 22:40:31 np0005625961.novalocal account-server[98425]: ::1 - - [22/Feb/2026:03:40:31 +0000] "PUT /1/161627/AUTH_e41560788c7b460fa374fdc94f22590f/gnocchi.f29ee5d1-da6a-4514-a44b-ed00e3206a76" 201 - "PUT http://[::1]:6001/2/221585/AUTH_e41560788c7b460fa374fdc94f22590f/gnocchi.f29ee5d1-da6a-4514-a44b-ed00e3206a76" "tx14d1d6c4173f4f0e85d4c-00699a7aaf" "container-server 98786" 0.0066 "-" 98425 0
Feb 21 22:40:31 np0005625961.novalocal container-server[98786]: ::1 - - [22/Feb/2026:03:40:31 +0000] "PUT /2/221585/AUTH_e41560788c7b460fa374fdc94f22590f/gnocchi.f29ee5d1-da6a-4514-a44b-ed00e3206a76" 201 - "PUT https://[::1]:8080/v1/AUTH_e41560788c7b460fa374fdc94f22590f/gnocchi.f29ee5d1-da6a-4514-a44b-ed00e3206a76" "tx14d1d6c4173f4f0e85d4c-00699a7aaf" "proxy-server 100218" 0.0201 "-" 98786 0
Feb 21 22:40:31 np0005625961.novalocal account-server[98426]: ::1 - - [22/Feb/2026:03:40:31 +0000] "PUT /2/161627/AUTH_e41560788c7b460fa374fdc94f22590f/gnocchi.f29ee5d1-da6a-4514-a44b-ed00e3206a76" 201 - "PUT http://[::1]:6001/3/221585/AUTH_e41560788c7b460fa374fdc94f22590f/gnocchi.f29ee5d1-da6a-4514-a44b-ed00e3206a76" "tx14d1d6c4173f4f0e85d4c-00699a7aaf" "container-server 98785" 0.0068 "-" 98426 0
Feb 21 22:40:31 np0005625961.novalocal systemd[1]: Started Session c107 of User root.
Feb 21 22:40:31 np0005625961.novalocal container-server[98785]: ::1 - - [22/Feb/2026:03:40:31 +0000] "PUT /3/221585/AUTH_e41560788c7b460fa374fdc94f22590f/gnocchi.f29ee5d1-da6a-4514-a44b-ed00e3206a76" 201 - "PUT https://[::1]:8080/v1/AUTH_e41560788c7b460fa374fdc94f22590f/gnocchi.f29ee5d1-da6a-4514-a44b-ed00e3206a76" "tx14d1d6c4173f4f0e85d4c-00699a7aaf" "proxy-server 100218" 0.0244 "-" 98785 0
Feb 21 22:40:31 np0005625961.novalocal sudo[108150]: pam_unix(sudo:session): session opened for user root(uid=0) by (uid=165)
Feb 21 22:40:31 np0005625961.novalocal account-server[98426]: ::1 - - [22/Feb/2026:03:40:31 +0000] "PUT /3/161627/AUTH_e41560788c7b460fa374fdc94f22590f/gnocchi.f29ee5d1-da6a-4514-a44b-ed00e3206a76" 201 - "PUT http://[::1]:6001/1/221585/AUTH_e41560788c7b460fa374fdc94f22590f/gnocchi.f29ee5d1-da6a-4514-a44b-ed00e3206a76" "tx14d1d6c4173f4f0e85d4c-00699a7aaf" "container-server 98785" 0.0068 "-" 98426 0
Feb 21 22:40:31 np0005625961.novalocal container-server[98785]: ::1 - - [22/Feb/2026:03:40:31 +0000] "PUT /1/221585/AUTH_e41560788c7b460fa374fdc94f22590f/gnocchi.f29ee5d1-da6a-4514-a44b-ed00e3206a76" 201 - "PUT https://[::1]:8080/v1/AUTH_e41560788c7b460fa374fdc94f22590f/gnocchi.f29ee5d1-da6a-4514-a44b-ed00e3206a76" "tx14d1d6c4173f4f0e85d4c-00699a7aaf" "proxy-server 100218" 0.0206 "-" 98785 0
Feb 21 22:40:31 np0005625961.novalocal proxy-server[100218]: ::1 ::1 22/Feb/2026/03/40/31 PUT /v1/AUTH_e41560788c7b460fa374fdc94f22590f/gnocchi.f29ee5d1-da6a-4514-a44b-ed00e3206a76 HTTP/1.0 201 - python-swiftclient-4.8.0 gAAAAABpmnpRlsm9... - - - tx14d1d6c4173f4f0e85d4c-00699a7aaf - 0.0430 - - 1771731631.316788673 1771731631.359837294 0 17d6eceedce248e7bcac4363c7b2aeaa
Feb 21 22:40:31 np0005625961.novalocal container-server[98786]: ::1 - - [22/Feb/2026:03:40:31 +0000] "HEAD /2/221585/AUTH_e41560788c7b460fa374fdc94f22590f/gnocchi.f29ee5d1-da6a-4514-a44b-ed00e3206a76" 204 - "HEAD http://[::1]:8080/v1/AUTH_e41560788c7b460fa374fdc94f22590f/gnocchi.f29ee5d1-da6a-4514-a44b-ed00e3206a76" "tx8d2199ac1f984b549d02d-00699a7aaf" "proxy-server 100218" 0.0018 "-" 98786 0
Feb 21 22:40:31 np0005625961.novalocal proxy-server[100218]: - - 22/Feb/2026/03/40/31 HEAD /v1/AUTH_e41560788c7b460fa374fdc94f22590f/gnocchi.f29ee5d1-da6a-4514-a44b-ed00e3206a76 HTTP/1.0 204 - Swift - - - - tx8d2199ac1f984b549d02d-00699a7aaf - 0.0053 CS - 1771731631.364286661 1771731631.369631767 0 -
Feb 21 22:40:31 np0005625961.novalocal container-server[98786]: ::1 - - [22/Feb/2026:03:40:31 +0000] "GET /2/221585/AUTH_e41560788c7b460fa374fdc94f22590f/gnocchi.f29ee5d1-da6a-4514-a44b-ed00e3206a76" 200 2 "GET https://[::1]:8080/v1/AUTH_e41560788c7b460fa374fdc94f22590f/gnocchi.f29ee5d1-da6a-4514-a44b-ed00e3206a76?format=json&states=listing" "tx8d2199ac1f984b549d02d-00699a7aaf" "proxy-server 100218" 0.0029 "-" 98786 0
Feb 21 22:40:31 np0005625961.novalocal proxy-server[100218]: ::1 ::1 22/Feb/2026/03/40/31 GET /v1/AUTH_e41560788c7b460fa374fdc94f22590f/gnocchi.f29ee5d1-da6a-4514-a44b-ed00e3206a76%3Fformat%3Djson%26states%3Dlisting HTTP/1.0 200 - python-swiftclient-4.8.0 gAAAAABpmnpRlsm9... - 2 - tx8d2199ac1f984b549d02d-00699a7aaf - 0.0163 - - 1771731631.363687754 1771731631.380017042 0 17d6eceedce248e7bcac4363c7b2aeaa
Feb 21 22:40:31 np0005625961.novalocal object-server[99152]: ::1 - - [22/Feb/2026:03:40:31 +0000] "GET /2/115382/AUTH_e41560788c7b460fa374fdc94f22590f/gnocchi.f29ee5d1-da6a-4514-a44b-ed00e3206a76/1771200000.0_mean_300.0_v3" 404 70 "GET https://[::1]:8080/v1/AUTH_e41560788c7b460fa374fdc94f22590f/gnocchi.f29ee5d1-da6a-4514-a44b-ed00e3206a76/1771200000.0_mean_300.0_v3" "txdca9c5b4fa2141888574d-00699a7aaf" "proxy-server 100218" 0.0005 "-" 99152 0
Feb 21 22:40:31 np0005625961.novalocal object-server[99151]: ::1 - - [22/Feb/2026:03:40:31 +0000] "GET /1/115382/AUTH_e41560788c7b460fa374fdc94f22590f/gnocchi.f29ee5d1-da6a-4514-a44b-ed00e3206a76/1771200000.0_mean_300.0_v3" 404 70 "GET https://[::1]:8080/v1/AUTH_e41560788c7b460fa374fdc94f22590f/gnocchi.f29ee5d1-da6a-4514-a44b-ed00e3206a76/1771200000.0_mean_300.0_v3" "txdca9c5b4fa2141888574d-00699a7aaf" "proxy-server 100218" 0.0004 "-" 99151 0
Feb 21 22:40:31 np0005625961.novalocal object-server[99151]: ::1 - - [22/Feb/2026:03:40:31 +0000] "GET /3/115382/AUTH_e41560788c7b460fa374fdc94f22590f/gnocchi.f29ee5d1-da6a-4514-a44b-ed00e3206a76/1771200000.0_mean_300.0_v3" 404 70 "GET https://[::1]:8080/v1/AUTH_e41560788c7b460fa374fdc94f22590f/gnocchi.f29ee5d1-da6a-4514-a44b-ed00e3206a76/1771200000.0_mean_300.0_v3" "txdca9c5b4fa2141888574d-00699a7aaf" "proxy-server 100218" 0.0002 "-" 99151 0
Feb 21 22:40:31 np0005625961.novalocal proxy-server[100218]: ::1 ::1 22/Feb/2026/03/40/31 GET /v1/AUTH_e41560788c7b460fa374fdc94f22590f/gnocchi.f29ee5d1-da6a-4514-a44b-ed00e3206a76/1771200000.0_mean_300.0_v3 HTTP/1.0 404 - python-swiftclient-4.8.0 gAAAAABpmnpRlsm9... - 70 - txdca9c5b4fa2141888574d-00699a7aaf - 0.0139 - - 1771731631.384154081 1771731631.398048162 0 17d6eceedce248e7bcac4363c7b2aeaa
Feb 21 22:40:31 np0005625961.novalocal container-server[98786]: ::1 - - [22/Feb/2026:03:40:31 +0000] "PUT /2/221585/AUTH_e41560788c7b460fa374fdc94f22590f/gnocchi.f29ee5d1-da6a-4514-a44b-ed00e3206a76/1771200000.0_mean_300.0_v3" 201 - "PUT http://[::1]:8080/1/115382/AUTH_e41560788c7b460fa374fdc94f22590f/gnocchi.f29ee5d1-da6a-4514-a44b-ed00e3206a76/1771200000.0_mean_300.0_v3" "txf6aafea979c043459f166-00699a7aaf" "object-server 99151" 0.0007 "-" 98786 0
Feb 21 22:40:31 np0005625961.novalocal object-server[99151]: ::1 - - [22/Feb/2026:03:40:31 +0000] "PUT /1/115382/AUTH_e41560788c7b460fa374fdc94f22590f/gnocchi.f29ee5d1-da6a-4514-a44b-ed00e3206a76/1771200000.0_mean_300.0_v3" 201 - "PUT https://[::1]:8080/v1/AUTH_e41560788c7b460fa374fdc94f22590f/gnocchi.f29ee5d1-da6a-4514-a44b-ed00e3206a76/1771200000.0_mean_300.0_v3" "txf6aafea979c043459f166-00699a7aaf" "proxy-server 100218" 0.0116 "-" 99151 0
Feb 21 22:40:31 np0005625961.novalocal container-server[98786]: ::1 - - [22/Feb/2026:03:40:31 +0000] "PUT /1/221585/AUTH_e41560788c7b460fa374fdc94f22590f/gnocchi.f29ee5d1-da6a-4514-a44b-ed00e3206a76/1771200000.0_mean_300.0_v3" 201 - "PUT http://[::1]:8080/3/115382/AUTH_e41560788c7b460fa374fdc94f22590f/gnocchi.f29ee5d1-da6a-4514-a44b-ed00e3206a76/1771200000.0_mean_300.0_v3" "txf6aafea979c043459f166-00699a7aaf" "object-server 99152" 0.0006 "-" 98786 0
Feb 21 22:40:31 np0005625961.novalocal object-server[99152]: ::1 - - [22/Feb/2026:03:40:31 +0000] "PUT /3/115382/AUTH_e41560788c7b460fa374fdc94f22590f/gnocchi.f29ee5d1-da6a-4514-a44b-ed00e3206a76/1771200000.0_mean_300.0_v3" 201 - "PUT https://[::1]:8080/v1/AUTH_e41560788c7b460fa374fdc94f22590f/gnocchi.f29ee5d1-da6a-4514-a44b-ed00e3206a76/1771200000.0_mean_300.0_v3" "txf6aafea979c043459f166-00699a7aaf" "proxy-server 100218" 0.0144 "-" 99152 0
Feb 21 22:40:31 np0005625961.novalocal container-server[98786]: ::1 - - [22/Feb/2026:03:40:31 +0000] "PUT /3/221585/AUTH_e41560788c7b460fa374fdc94f22590f/gnocchi.f29ee5d1-da6a-4514-a44b-ed00e3206a76/1771200000.0_mean_300.0_v3" 201 - "PUT http://[::1]:8080/2/115382/AUTH_e41560788c7b460fa374fdc94f22590f/gnocchi.f29ee5d1-da6a-4514-a44b-ed00e3206a76/1771200000.0_mean_300.0_v3" "txf6aafea979c043459f166-00699a7aaf" "object-server 99152" 0.0006 "-" 98786 0
Feb 21 22:40:31 np0005625961.novalocal object-server[99152]: ::1 - - [22/Feb/2026:03:40:31 +0000] "PUT /2/115382/AUTH_e41560788c7b460fa374fdc94f22590f/gnocchi.f29ee5d1-da6a-4514-a44b-ed00e3206a76/1771200000.0_mean_300.0_v3" 201 - "PUT https://[::1]:8080/v1/AUTH_e41560788c7b460fa374fdc94f22590f/gnocchi.f29ee5d1-da6a-4514-a44b-ed00e3206a76/1771200000.0_mean_300.0_v3" "txf6aafea979c043459f166-00699a7aaf" "proxy-server 100218" 0.0140 "-" 99152 0
Feb 21 22:40:31 np0005625961.novalocal proxy-server[100218]: ::1 ::1 22/Feb/2026/03/40/31 PUT /v1/AUTH_e41560788c7b460fa374fdc94f22590f/gnocchi.f29ee5d1-da6a-4514-a44b-ed00e3206a76/1771200000.0_mean_300.0_v3 HTTP/1.0 201 - python-swiftclient-4.8.0 gAAAAABpmnpRlsm9... 16 - - txf6aafea979c043459f166-00699a7aaf - 0.0260 - - 1771731631.400654078 1771731631.426687717 0 17d6eceedce248e7bcac4363c7b2aeaa
Feb 21 22:40:31 np0005625961.novalocal container-server[98785]: ::1 - - [22/Feb/2026:03:40:31 +0000] "PUT /1/221585/AUTH_e41560788c7b460fa374fdc94f22590f/gnocchi.f29ee5d1-da6a-4514-a44b-ed00e3206a76/none_v3" 201 - "PUT http://[::1]:8080/2/218343/AUTH_e41560788c7b460fa374fdc94f22590f/gnocchi.f29ee5d1-da6a-4514-a44b-ed00e3206a76/none_v3" "tx1b932d907e2c4c1da1e1d-00699a7aaf" "object-server 99151" 0.0008 "-" 98785 0
Feb 21 22:40:31 np0005625961.novalocal object-server[99151]: ::1 - - [22/Feb/2026:03:40:31 +0000] "PUT /2/218343/AUTH_e41560788c7b460fa374fdc94f22590f/gnocchi.f29ee5d1-da6a-4514-a44b-ed00e3206a76/none_v3" 201 - "PUT https://[::1]:8080/v1/AUTH_e41560788c7b460fa374fdc94f22590f/gnocchi.f29ee5d1-da6a-4514-a44b-ed00e3206a76/none_v3" "tx1b932d907e2c4c1da1e1d-00699a7aaf" "proxy-server 100218" 0.0122 "-" 99151 0
Feb 21 22:40:31 np0005625961.novalocal container-server[98785]: ::1 - - [22/Feb/2026:03:40:31 +0000] "PUT /2/221585/AUTH_e41560788c7b460fa374fdc94f22590f/gnocchi.f29ee5d1-da6a-4514-a44b-ed00e3206a76/none_v3" 201 - "PUT http://[::1]:8080/1/218343/AUTH_e41560788c7b460fa374fdc94f22590f/gnocchi.f29ee5d1-da6a-4514-a44b-ed00e3206a76/none_v3" "tx1b932d907e2c4c1da1e1d-00699a7aaf" "object-server 99152" 0.0005 "-" 98785 0
Feb 21 22:40:31 np0005625961.novalocal object-server[99152]: ::1 - - [22/Feb/2026:03:40:31 +0000] "PUT /1/218343/AUTH_e41560788c7b460fa374fdc94f22590f/gnocchi.f29ee5d1-da6a-4514-a44b-ed00e3206a76/none_v3" 201 - "PUT https://[::1]:8080/v1/AUTH_e41560788c7b460fa374fdc94f22590f/gnocchi.f29ee5d1-da6a-4514-a44b-ed00e3206a76/none_v3" "tx1b932d907e2c4c1da1e1d-00699a7aaf" "proxy-server 100218" 0.0196 "-" 99152 0
Feb 21 22:40:31 np0005625961.novalocal container-server[98785]: ::1 - - [22/Feb/2026:03:40:31 +0000] "PUT /3/221585/AUTH_e41560788c7b460fa374fdc94f22590f/gnocchi.f29ee5d1-da6a-4514-a44b-ed00e3206a76/none_v3" 201 - "PUT http://[::1]:8080/3/218343/AUTH_e41560788c7b460fa374fdc94f22590f/gnocchi.f29ee5d1-da6a-4514-a44b-ed00e3206a76/none_v3" "tx1b932d907e2c4c1da1e1d-00699a7aaf" "object-server 99152" 0.0006 "-" 98785 0
Feb 21 22:40:31 np0005625961.novalocal object-server[99152]: ::1 - - [22/Feb/2026:03:40:31 +0000] "PUT /3/218343/AUTH_e41560788c7b460fa374fdc94f22590f/gnocchi.f29ee5d1-da6a-4514-a44b-ed00e3206a76/none_v3" 201 - "PUT https://[::1]:8080/v1/AUTH_e41560788c7b460fa374fdc94f22590f/gnocchi.f29ee5d1-da6a-4514-a44b-ed00e3206a76/none_v3" "tx1b932d907e2c4c1da1e1d-00699a7aaf" "proxy-server 100218" 0.0188 "-" 99152 0
Feb 21 22:40:31 np0005625961.novalocal proxy-server[100218]: ::1 ::1 22/Feb/2026/03/40/31 PUT /v1/AUTH_e41560788c7b460fa374fdc94f22590f/gnocchi.f29ee5d1-da6a-4514-a44b-ed00e3206a76/none_v3 HTTP/1.0 201 - python-swiftclient-4.8.0 gAAAAABpmnpRlsm9... 22 - - tx1b932d907e2c4c1da1e1d-00699a7aaf - 0.0304 - - 1771731631.429881573 1771731631.460319281 0 17d6eceedce248e7bcac4363c7b2aeaa
Feb 21 22:40:31 np0005625961.novalocal sudo[108150]: pam_unix(sudo:session): session closed for user root
Feb 21 22:40:31 np0005625961.novalocal systemd[1]: session-c107.scope: Deactivated successfully.
Feb 21 22:40:31 np0005625961.novalocal haproxy-metadata-proxy-ee4e1564-c707-4521-806f-c32c61dfc892[107422]: ::ffff:10.100.0.9:47414 [21/Feb/2026:22:40:30.606] listener listener/metadata 0/0/0/1022/1022 200 87 - - ---- 1/1/0/0/0 0/0 "GET /2009-04-04/meta-data/ami-launch-index HTTP/1.1"
Feb 21 22:40:31 np0005625961.novalocal sudo[108155]: cinder : PWD=/ ; USER=root ; COMMAND=/usr/bin/cinder-rootwrap /etc/cinder/rootwrap.conf env LC_ALL=C qemu-img info -f luks --output=json /var/lib/cinder/conversion/image_download_b52fbd59-fea0-43cc-80b3-c8b38a81b978_tum3s53g
Feb 21 22:40:31 np0005625961.novalocal systemd[1]: Started Session c108 of User root.
Feb 21 22:40:31 np0005625961.novalocal sudo[108155]: pam_unix(sudo:session): session opened for user root(uid=0) by (uid=165)
Feb 21 22:40:31 np0005625961.novalocal sudo[108155]: pam_unix(sudo:session): session closed for user root
Feb 21 22:40:31 np0005625961.novalocal systemd[1]: session-c108.scope: Deactivated successfully.
Feb 21 22:40:32 np0005625961.novalocal sudo[108161]: cinder : PWD=/ ; USER=root ; COMMAND=/usr/bin/cinder-rootwrap /etc/cinder/rootwrap.conf env LC_ALL=C qemu-img info -f qcow2 --output=json /var/lib/cinder/conversion/image_fetch_b52fbd59-fea0-43cc-80b3-c8b38a81b978_flus6jd0np0005625961.novalocal@BACKEND_1
Feb 21 22:40:32 np0005625961.novalocal systemd[1]: Started Session c109 of User root.
Feb 21 22:40:32 np0005625961.novalocal sudo[108161]: pam_unix(sudo:session): session opened for user root(uid=0) by (uid=165)
Feb 21 22:40:32 np0005625961.novalocal sudo[108161]: pam_unix(sudo:session): session closed for user root
Feb 21 22:40:32 np0005625961.novalocal systemd[1]: session-c109.scope: Deactivated successfully.
Feb 21 22:40:32 np0005625961.novalocal sudo[108167]: cinder : PWD=/ ; USER=root ; COMMAND=/usr/bin/cinder-rootwrap /etc/cinder/rootwrap.conf dd count=0 if=/var/lib/cinder/conversion/image_fetch_b52fbd59-fea0-43cc-80b3-c8b38a81b978_flus6jd0np0005625961.novalocal@BACKEND_1 of=/dev/mapper/cinder--volumes-volume--e37d5618--25ea--46d4--a32a--5ab2abd7486c oflag=direct
Feb 21 22:40:32 np0005625961.novalocal systemd[1]: Started Session c110 of User root.
Feb 21 22:40:32 np0005625961.novalocal sudo[108167]: pam_unix(sudo:session): session opened for user root(uid=0) by (uid=165)
Feb 21 22:40:32 np0005625961.novalocal haproxy-metadata-proxy-ee4e1564-c707-4521-806f-c32c61dfc892[107422]: ::ffff:10.100.0.9:47418 [21/Feb/2026:22:40:31.692] listener listener/metadata 0/0/0/1025/1025 200 93 - - ---- 1/1/0/0/0 0/0 "GET /2009-04-04/meta-data/instance-type HTTP/1.1"
Feb 21 22:40:32 np0005625961.novalocal sudo[108167]: pam_unix(sudo:session): session closed for user root
Feb 21 22:40:32 np0005625961.novalocal systemd[1]: session-c110.scope: Deactivated successfully.
Feb 21 22:40:32 np0005625961.novalocal sudo[108172]: cinder : PWD=/ ; USER=root ; COMMAND=/usr/bin/cinder-rootwrap /etc/cinder/rootwrap.conf qemu-img convert -O raw -t none -f qcow2 /var/lib/cinder/conversion/image_fetch_b52fbd59-fea0-43cc-80b3-c8b38a81b978_flus6jd0np0005625961.novalocal@BACKEND_1 /dev/mapper/cinder--volumes-volume--e37d5618--25ea--46d4--a32a--5ab2abd7486c
Feb 21 22:40:32 np0005625961.novalocal systemd[1]: Started Session c111 of User root.
Feb 21 22:40:32 np0005625961.novalocal sudo[108172]: pam_unix(sudo:session): session opened for user root(uid=0) by (uid=165)
Feb 21 22:40:33 np0005625961.novalocal object-updater[98141]: Begin object update sweep of all devices
Feb 21 22:40:33 np0005625961.novalocal sudo[108172]: pam_unix(sudo:session): session closed for user root
Feb 21 22:40:33 np0005625961.novalocal systemd[1]: session-c111.scope: Deactivated successfully.
Feb 21 22:40:33 np0005625961.novalocal object-updater[108187]: Object update sweep starting on /srv/node/1 (pid: 108187)
Feb 21 22:40:33 np0005625961.novalocal haproxy-metadata-proxy-ee4e1564-c707-4521-806f-c32c61dfc892[107422]: ::ffff:10.100.0.9:47432 [21/Feb/2026:22:40:32.782] listener listener/metadata 0/0/0/1023/1023 200 97 - - ---- 1/1/0/0/0 0/0 "GET /2009-04-04/meta-data/local-ipv4 HTTP/1.1"
Feb 21 22:40:33 np0005625961.novalocal object-updater[108187]: Object update sweep completed on /srv/node/1 in 0.07s seconds:, 0 successes, 0 failures, 0 quarantines, 0 unlinks, 0 outdated_unlinks, 0 errors, 0 redirects, 0 skips, 0 deferrals, 0 drains (pid: 108187)
Feb 21 22:40:33 np0005625961.novalocal object-updater[108187]: Object update sweep of 1 completed: 0.07s, 0 successes, 0 failures, 0 quarantines, 0 unlinks, 0 outdated_unlinks, 0 errors, 0 redirects, 0 skips, 0 deferrals, 0 drains
Feb 21 22:40:34 np0005625961.novalocal account-replicator[98507]: Beginning replication run
Feb 21 22:40:34 np0005625961.novalocal account-replicator[98507]: Replication run OVER
Feb 21 22:40:34 np0005625961.novalocal account-replicator[98507]: Attempted to replicate 3 dbs in 0.06271 seconds (47.83969/s)
Feb 21 22:40:34 np0005625961.novalocal account-replicator[98507]: Removed 0 dbs
Feb 21 22:40:34 np0005625961.novalocal account-replicator[98507]: 6 successes, 0 failures
Feb 21 22:40:34 np0005625961.novalocal account-replicator[98507]: diff:0 diff_capped:0 empty:0 hashmatch:0 no_change:6 remote_merge:0 rsync:0 ts_repl:0
Feb 21 22:40:34 np0005625961.novalocal object-updater[108189]: Object update sweep starting on /srv/node/2 (pid: 108189)
Feb 21 22:40:34 np0005625961.novalocal object-updater[108189]: Object update sweep completed on /srv/node/2 in 0.01s seconds:, 0 successes, 0 failures, 0 quarantines, 0 unlinks, 0 outdated_unlinks, 0 errors, 0 redirects, 0 skips, 0 deferrals, 0 drains (pid: 108189)
Feb 21 22:40:34 np0005625961.novalocal object-updater[108189]: Object update sweep of 2 completed: 0.01s, 0 successes, 0 failures, 0 quarantines, 0 unlinks, 0 outdated_unlinks, 0 errors, 0 redirects, 0 skips, 0 deferrals, 0 drains
Feb 21 22:40:34 np0005625961.novalocal object-updater[108190]: Object update sweep starting on /srv/node/3 (pid: 108190)
Feb 21 22:40:34 np0005625961.novalocal object-updater[108190]: Object update sweep completed on /srv/node/3 in 0.01s seconds:, 0 successes, 0 failures, 0 quarantines, 0 unlinks, 0 outdated_unlinks, 0 errors, 0 redirects, 0 skips, 0 deferrals, 0 drains (pid: 108190)
Feb 21 22:40:34 np0005625961.novalocal object-updater[108190]: Object update sweep of 3 completed: 0.01s, 0 successes, 0 failures, 0 quarantines, 0 unlinks, 0 outdated_unlinks, 0 errors, 0 redirects, 0 skips, 0 deferrals, 0 drains
Feb 21 22:40:34 np0005625961.novalocal object-updater[98141]: Object update sweep of all devices completed: 0.94s
Feb 21 22:40:34 np0005625961.novalocal haproxy-metadata-proxy-ee4e1564-c707-4521-806f-c32c61dfc892[107422]: ::ffff:10.100.0.9:38278 [21/Feb/2026:22:40:33.861] listener listener/metadata 0/0/0/1024/1024 200 99 - - ---- 1/1/0/0/0 0/0 "GET /2009-04-04/meta-data/public-ipv4 HTTP/1.1"
Feb 21 22:40:35 np0005625961.novalocal haproxy-metadata-proxy-ee4e1564-c707-4521-806f-c32c61dfc892[107422]: ::ffff:10.100.0.9:38284 [21/Feb/2026:22:40:34.951] listener listener/metadata 0/0/0/1022/1022 200 144 - - ---- 1/1/0/0/0 0/0 "GET /2009-04-04/meta-data/hostname HTTP/1.1"
Feb 21 22:40:37 np0005625961.novalocal haproxy-metadata-proxy-ee4e1564-c707-4521-806f-c32c61dfc892[107422]: ::ffff:10.100.0.9:38288 [21/Feb/2026:22:40:36.045] listener listener/metadata 0/0/0/1025/1025 200 144 - - ---- 1/1/0/0/0 0/0 "GET /2009-04-04/meta-data/local-hostname HTTP/1.1"
Feb 21 22:40:38 np0005625961.novalocal haproxy-metadata-proxy-ee4e1564-c707-4521-806f-c32c61dfc892[107422]: ::ffff:10.100.0.9:38298 [21/Feb/2026:22:40:37.134] listener listener/metadata 0/0/0/1019/1019 200 182 - - ---- 1/1/0/0/0 0/0 "GET /2009-04-04/user-data HTTP/1.1"
Feb 21 22:40:39 np0005625961.novalocal haproxy-metadata-proxy-ee4e1564-c707-4521-806f-c32c61dfc892[107422]: ::ffff:10.100.0.9:38310 [21/Feb/2026:22:40:38.219] listener listener/metadata 0/0/0/1020/1020 200 94 - - ---- 1/1/0/0/0 0/0 "GET /2009-04-04/meta-data/block-device-mapping HTTP/1.1"
Feb 21 22:40:40 np0005625961.novalocal haproxy-metadata-proxy-ee4e1564-c707-4521-806f-c32c61dfc892[107422]: ::ffff:10.100.0.9:38320 [21/Feb/2026:22:40:39.276] listener listener/metadata 0/0/0/1022/1022 200 89 - - ---- 1/1/0/0/0 0/0 "GET /2009-04-04/meta-data/block-device-mapping/ami HTTP/1.1"
Feb 21 22:40:41 np0005625961.novalocal haproxy-metadata-proxy-ee4e1564-c707-4521-806f-c32c61dfc892[107422]: ::ffff:10.100.0.9:38336 [21/Feb/2026:22:40:40.352] listener listener/metadata 0/0/0/1029/1029 200 94 - - ---- 1/1/0/0/0 0/0 "GET /2009-04-04/meta-data/block-device-mapping/root HTTP/1.1"
Feb 21 22:40:41 np0005625961.novalocal dnsmasq[107886]: read /var/lib/neutron/dhcp/8ee54d19-d832-4ab5-8301-3284f7e48668/addn_hosts - 2 addresses
Feb 21 22:40:41 np0005625961.novalocal dnsmasq-dhcp[107886]: read /var/lib/neutron/dhcp/8ee54d19-d832-4ab5-8301-3284f7e48668/host
Feb 21 22:40:41 np0005625961.novalocal dnsmasq-dhcp[107886]: read /var/lib/neutron/dhcp/8ee54d19-d832-4ab5-8301-3284f7e48668/opts
Feb 21 22:40:42 np0005625961.novalocal sudo[108216]: nova : PWD=/ ; USER=root ; COMMAND=/usr/bin/nova-rootwrap /etc/nova/rootwrap.conf privsep-helper --config-file /etc/nova/nova.conf --config-file /etc/nova/nova-compute.conf --privsep_context os_brick.privileged.default --privsep_sock_path /tmp/tmprzo5jfd5/privsep.sock
Feb 21 22:40:42 np0005625961.novalocal systemd[1]: Started Session c112 of User root.
Feb 21 22:40:42 np0005625961.novalocal sudo[108216]: pam_unix(sudo:session): session opened for user root(uid=0) by (uid=162)
Feb 21 22:40:42 np0005625961.novalocal haproxy-metadata-proxy-ee4e1564-c707-4521-806f-c32c61dfc892[107422]: ::ffff:10.100.0.9:38344 [21/Feb/2026:22:40:41.461] listener listener/metadata 0/0/0/1150/1150 200 144 - - ---- 1/1/0/0/0 0/0 "GET /2009-04-04/meta-data/public-hostname HTTP/1.1"
Feb 21 22:40:42 np0005625961.novalocal sudo[108216]: pam_unix(sudo:session): session closed for user root
Feb 21 22:40:43 np0005625961.novalocal sudo[108232]: cinder : PWD=/ ; USER=root ; COMMAND=/usr/bin/cinder-rootwrap /etc/cinder/rootwrap.conf lvchange -a y --yes -K cinder-volumes/volume-e37d5618-25ea-46d4-a32a-5ab2abd7486c
Feb 21 22:40:43 np0005625961.novalocal systemd[1]: Started Session c113 of User root.
Feb 21 22:40:43 np0005625961.novalocal sudo[108232]: pam_unix(sudo:session): session opened for user root(uid=0) by (uid=165)
Feb 21 22:40:43 np0005625961.novalocal sudo[108232]: pam_unix(sudo:session): session closed for user root
Feb 21 22:40:43 np0005625961.novalocal systemd[1]: session-c113.scope: Deactivated successfully.
Feb 21 22:40:43 np0005625961.novalocal sudo[108236]: cinder : PWD=/ ; USER=root ; COMMAND=/usr/bin/cinder-rootwrap /etc/cinder/rootwrap.conf cinder-rtstool create /dev/cinder-volumes/volume-e37d5618-25ea-46d4-a32a-5ab2abd7486c iqn.2010-10.org.openstack:volume-e37d5618-25ea-46d4-a32a-5ab2abd7486c scbBSyycfHyz4NCVD4hU RJixZaM7uMz75FGP False -p3260 -a::1
Feb 21 22:40:43 np0005625961.novalocal systemd[1]: Started Session c114 of User root.
Feb 21 22:40:43 np0005625961.novalocal sudo[108236]: pam_unix(sudo:session): session opened for user root(uid=0) by (uid=165)
Feb 21 22:40:43 np0005625961.novalocal haproxy-metadata-proxy-ee4e1564-c707-4521-806f-c32c61dfc892[107422]: ::ffff:10.100.0.9:38352 [21/Feb/2026:22:40:42.648] listener listener/metadata 0/0/0/1026/1026 200 90 - - ---- 1/1/0/0/0 0/0 "GET /2009-04-04/meta-data/placement/availability-zone HTTP/1.1"
Feb 21 22:40:44 np0005625961.novalocal container-replicator[98871]: Beginning replication run
Feb 21 22:40:44 np0005625961.novalocal sudo[108236]: pam_unix(sudo:session): session closed for user root
Feb 21 22:40:44 np0005625961.novalocal systemd[1]: session-c114.scope: Deactivated successfully.
Feb 21 22:40:44 np0005625961.novalocal sudo[108253]: cinder : PWD=/ ; USER=root ; COMMAND=/usr/bin/cinder-rootwrap /etc/cinder/rootwrap.conf cinder-rtstool get-targets
Feb 21 22:40:44 np0005625961.novalocal systemd[1]: Started Session c115 of User root.
Feb 21 22:40:44 np0005625961.novalocal sudo[108253]: pam_unix(sudo:session): session opened for user root(uid=0) by (uid=165)
Feb 21 22:40:44 np0005625961.novalocal sudo[108253]: pam_unix(sudo:session): session closed for user root
Feb 21 22:40:44 np0005625961.novalocal systemd[1]: session-c115.scope: Deactivated successfully.
Feb 21 22:40:44 np0005625961.novalocal sudo[108258]: cinder : PWD=/ ; USER=root ; COMMAND=/usr/bin/cinder-rootwrap /etc/cinder/rootwrap.conf cinder-rtstool save
Feb 21 22:40:44 np0005625961.novalocal systemd[1]: Started Session c116 of User root.
Feb 21 22:40:44 np0005625961.novalocal sudo[108258]: pam_unix(sudo:session): session opened for user root(uid=0) by (uid=165)
Feb 21 22:40:45 np0005625961.novalocal sudo[108258]: pam_unix(sudo:session): session closed for user root
Feb 21 22:40:45 np0005625961.novalocal systemd[1]: session-c116.scope: Deactivated successfully.
Feb 21 22:40:45 np0005625961.novalocal sudo[108263]: cinder : PWD=/ ; USER=root ; COMMAND=/usr/bin/cinder-rootwrap /etc/cinder/rootwrap.conf cinder-rtstool add-initiator iqn.2010-10.org.openstack:volume-e37d5618-25ea-46d4-a32a-5ab2abd7486c scbBSyycfHyz4NCVD4hU RJixZaM7uMz75FGP iqn.1994-05.com.redhat:80af6b25d38
Feb 21 22:40:45 np0005625961.novalocal account-server[98426]: ::1 - - [22/Feb/2026:03:40:45 +0000] "HEAD /2/161627/AUTH_e41560788c7b460fa374fdc94f22590f" 204 - "HEAD http://[::1]:8080/v1/AUTH_e41560788c7b460fa374fdc94f22590f?format=json" "txab206c4e00d547e39e2e2-00699a7abd" "proxy-server 100218" 0.0067 "-" 98426 -
Feb 21 22:40:45 np0005625961.novalocal proxy-server[100218]: - - 22/Feb/2026/03/40/45 HEAD /v1/AUTH_e41560788c7b460fa374fdc94f22590f%3Fformat%3Djson HTTP/1.0 204 - Swift - - - - txab206c4e00d547e39e2e2-00699a7abd - 0.0112 RL - 1771731645.244361639 1771731645.255528927 - -
Feb 21 22:40:45 np0005625961.novalocal object-server[99152]: ::1 - - [22/Feb/2026:03:40:45 +0000] "GET /1/206176/AUTH_e41560788c7b460fa374fdc94f22590f/gnocchi.97766be8-ce41-454e-865f-94b49b0a76dc/none_v3" 200 22 "GET https://[::1]:8080/v1/AUTH_e41560788c7b460fa374fdc94f22590f/gnocchi.97766be8-ce41-454e-865f-94b49b0a76dc/none_v3" "txab206c4e00d547e39e2e2-00699a7abd" "proxy-server 100218" 0.0006 "-" 99152 0
Feb 21 22:40:45 np0005625961.novalocal proxy-server[100218]: ::1 ::1 22/Feb/2026/03/40/45 GET /v1/AUTH_e41560788c7b460fa374fdc94f22590f/gnocchi.97766be8-ce41-454e-865f-94b49b0a76dc/none_v3 HTTP/1.0 200 - python-swiftclient-4.8.0 gAAAAABpmnpRlsm9... - 22 - txab206c4e00d547e39e2e2-00699a7abd - 0.0228 - - 1771731645.243666172 1771731645.266417265 0 17d6eceedce248e7bcac4363c7b2aeaa
Feb 21 22:40:45 np0005625961.novalocal systemd[1]: Started Session c117 of User root.
Feb 21 22:40:45 np0005625961.novalocal sudo[108263]: pam_unix(sudo:session): session opened for user root(uid=0) by (uid=165)
Feb 21 22:40:45 np0005625961.novalocal container-server[98786]: ::1 - - [22/Feb/2026:03:40:45 +0000] "GET /2/67995/AUTH_e41560788c7b460fa374fdc94f22590f/gnocchi.97766be8-ce41-454e-865f-94b49b0a76dc" 200 357 "GET https://[::1]:8080/v1/AUTH_e41560788c7b460fa374fdc94f22590f/gnocchi.97766be8-ce41-454e-865f-94b49b0a76dc?format=json&states=listing" "txaadd1d566a2d4059b9de3-00699a7abd" "proxy-server 100218" 0.0077 "-" 98786 0
Feb 21 22:40:45 np0005625961.novalocal proxy-server[100218]: ::1 ::1 22/Feb/2026/03/40/45 GET /v1/AUTH_e41560788c7b460fa374fdc94f22590f/gnocchi.97766be8-ce41-454e-865f-94b49b0a76dc%3Fformat%3Djson%26states%3Dlisting HTTP/1.0 200 - python-swiftclient-4.8.0 gAAAAABpmnpRlsm9... - 357 - txaadd1d566a2d4059b9de3-00699a7abd - 0.0244 - - 1771731645.269518375 1771731645.293888569 0 17d6eceedce248e7bcac4363c7b2aeaa
Feb 21 22:40:45 np0005625961.novalocal container-server[98786]: ::1 - - [22/Feb/2026:03:40:45 +0000] "GET /2/67995/AUTH_e41560788c7b460fa374fdc94f22590f/gnocchi.97766be8-ce41-454e-865f-94b49b0a76dc" 200 2 "GET https://[::1]:8080/v1/AUTH_e41560788c7b460fa374fdc94f22590f/gnocchi.97766be8-ce41-454e-865f-94b49b0a76dc?format=json&marker=none_v3&states=listing" "tx9e0cddd1aaf741a6a940a-00699a7abd" "proxy-server 100218" 0.0035 "-" 98786 0
Feb 21 22:40:45 np0005625961.novalocal proxy-server[100218]: ::1 ::1 22/Feb/2026/03/40/45 GET /v1/AUTH_e41560788c7b460fa374fdc94f22590f/gnocchi.97766be8-ce41-454e-865f-94b49b0a76dc%3Fformat%3Djson%26marker%3Dnone_v3%26states%3Dlisting HTTP/1.0 200 - python-swiftclient-4.8.0 gAAAAABpmnpRlsm9... - 2 - tx9e0cddd1aaf741a6a940a-00699a7abd - 0.0194 - - 1771731645.297490835 1771731645.316917419 0 17d6eceedce248e7bcac4363c7b2aeaa
Feb 21 22:40:45 np0005625961.novalocal object-server[99152]: ::1 - - [22/Feb/2026:03:40:45 +0000] "GET /1/97326/AUTH_e41560788c7b460fa374fdc94f22590f/gnocchi.97766be8-ce41-454e-865f-94b49b0a76dc/1771200000.0_mean_300.0_v3" 200 16 "GET https://[::1]:8080/v1/AUTH_e41560788c7b460fa374fdc94f22590f/gnocchi.97766be8-ce41-454e-865f-94b49b0a76dc/1771200000.0_mean_300.0_v3" "tx07d2551c2c24412abde03-00699a7abd" "proxy-server 100218" 0.0006 "-" 99152 0
Feb 21 22:40:45 np0005625961.novalocal proxy-server[100218]: ::1 ::1 22/Feb/2026/03/40/45 GET /v1/AUTH_e41560788c7b460fa374fdc94f22590f/gnocchi.97766be8-ce41-454e-865f-94b49b0a76dc/1771200000.0_mean_300.0_v3 HTTP/1.0 200 - python-swiftclient-4.8.0 gAAAAABpmnpRlsm9... - 16 - tx07d2551c2c24412abde03-00699a7abd - 0.0114 - - 1771731645.321753263 1771731645.333152771 0 17d6eceedce248e7bcac4363c7b2aeaa
Feb 21 22:40:45 np0005625961.novalocal container-server[98785]: ::1 - - [22/Feb/2026:03:40:45 +0000] "PUT /3/67995/AUTH_e41560788c7b460fa374fdc94f22590f/gnocchi.97766be8-ce41-454e-865f-94b49b0a76dc/1771200000.0_mean_300.0_v3" 201 - "PUT http://[::1]:8080/3/97326/AUTH_e41560788c7b460fa374fdc94f22590f/gnocchi.97766be8-ce41-454e-865f-94b49b0a76dc/1771200000.0_mean_300.0_v3" "txace77d2154f14705ac2b9-00699a7abd" "object-server 99151" 0.0004 "-" 98785 0
Feb 21 22:40:45 np0005625961.novalocal object-server[99151]: ::1 - - [22/Feb/2026:03:40:45 +0000] "PUT /3/97326/AUTH_e41560788c7b460fa374fdc94f22590f/gnocchi.97766be8-ce41-454e-865f-94b49b0a76dc/1771200000.0_mean_300.0_v3" 201 - "PUT https://[::1]:8080/v1/AUTH_e41560788c7b460fa374fdc94f22590f/gnocchi.97766be8-ce41-454e-865f-94b49b0a76dc/1771200000.0_mean_300.0_v3" "txace77d2154f14705ac2b9-00699a7abd" "proxy-server 100218" 0.0074 "-" 99151 0
Feb 21 22:40:45 np0005625961.novalocal container-server[98785]: ::1 - - [22/Feb/2026:03:40:45 +0000] "PUT /2/67995/AUTH_e41560788c7b460fa374fdc94f22590f/gnocchi.97766be8-ce41-454e-865f-94b49b0a76dc/1771200000.0_mean_300.0_v3" 201 - "PUT http://[::1]:8080/1/97326/AUTH_e41560788c7b460fa374fdc94f22590f/gnocchi.97766be8-ce41-454e-865f-94b49b0a76dc/1771200000.0_mean_300.0_v3" "txace77d2154f14705ac2b9-00699a7abd" "object-server 99152" 0.0003 "-" 98785 0
Feb 21 22:40:45 np0005625961.novalocal container-server[98785]: ::1 - - [22/Feb/2026:03:40:45 +0000] "PUT /1/67995/AUTH_e41560788c7b460fa374fdc94f22590f/gnocchi.97766be8-ce41-454e-865f-94b49b0a76dc/1771200000.0_mean_300.0_v3" 201 - "PUT http://[::1]:8080/2/97326/AUTH_e41560788c7b460fa374fdc94f22590f/gnocchi.97766be8-ce41-454e-865f-94b49b0a76dc/1771200000.0_mean_300.0_v3" "txace77d2154f14705ac2b9-00699a7abd" "object-server 99151" 0.0005 "-" 98785 0
Feb 21 22:40:45 np0005625961.novalocal object-server[99152]: ::1 - - [22/Feb/2026:03:40:45 +0000] "PUT /1/97326/AUTH_e41560788c7b460fa374fdc94f22590f/gnocchi.97766be8-ce41-454e-865f-94b49b0a76dc/1771200000.0_mean_300.0_v3" 201 - "PUT https://[::1]:8080/v1/AUTH_e41560788c7b460fa374fdc94f22590f/gnocchi.97766be8-ce41-454e-865f-94b49b0a76dc/1771200000.0_mean_300.0_v3" "txace77d2154f14705ac2b9-00699a7abd" "proxy-server 100218" 0.0097 "-" 99152 0
Feb 21 22:40:45 np0005625961.novalocal object-server[99151]: ::1 - - [22/Feb/2026:03:40:45 +0000] "PUT /2/97326/AUTH_e41560788c7b460fa374fdc94f22590f/gnocchi.97766be8-ce41-454e-865f-94b49b0a76dc/1771200000.0_mean_300.0_v3" 201 - "PUT https://[::1]:8080/v1/AUTH_e41560788c7b460fa374fdc94f22590f/gnocchi.97766be8-ce41-454e-865f-94b49b0a76dc/1771200000.0_mean_300.0_v3" "txace77d2154f14705ac2b9-00699a7abd" "proxy-server 100218" 0.0129 "-" 99151 0
Feb 21 22:40:45 np0005625961.novalocal proxy-server[100218]: ::1 ::1 22/Feb/2026/03/40/45 PUT /v1/AUTH_e41560788c7b460fa374fdc94f22590f/gnocchi.97766be8-ce41-454e-865f-94b49b0a76dc/1771200000.0_mean_300.0_v3 HTTP/1.0 201 - python-swiftclient-4.8.0 gAAAAABpmnpRlsm9... 16 - - txace77d2154f14705ac2b9-00699a7abd - 0.0268 - - 1771731645.336360931 1771731645.363186598 0 17d6eceedce248e7bcac4363c7b2aeaa
Feb 21 22:40:45 np0005625961.novalocal container-server[98786]: ::1 - - [22/Feb/2026:03:40:45 +0000] "PUT /1/67995/AUTH_e41560788c7b460fa374fdc94f22590f/gnocchi.97766be8-ce41-454e-865f-94b49b0a76dc/none_v3" 201 - "PUT http://[::1]:8080/1/206176/AUTH_e41560788c7b460fa374fdc94f22590f/gnocchi.97766be8-ce41-454e-865f-94b49b0a76dc/none_v3" "tx409038f73f4148cabed8b-00699a7abd" "object-server 99151" 0.0003 "-" 98786 0
Feb 21 22:40:45 np0005625961.novalocal container-server[98786]: ::1 - - [22/Feb/2026:03:40:45 +0000] "PUT /2/67995/AUTH_e41560788c7b460fa374fdc94f22590f/gnocchi.97766be8-ce41-454e-865f-94b49b0a76dc/none_v3" 201 - "PUT http://[::1]:8080/2/206176/AUTH_e41560788c7b460fa374fdc94f22590f/gnocchi.97766be8-ce41-454e-865f-94b49b0a76dc/none_v3" "tx409038f73f4148cabed8b-00699a7abd" "object-server 99151" 0.0003 "-" 98786 0
Feb 21 22:40:45 np0005625961.novalocal object-server[99151]: ::1 - - [22/Feb/2026:03:40:45 +0000] "PUT /1/206176/AUTH_e41560788c7b460fa374fdc94f22590f/gnocchi.97766be8-ce41-454e-865f-94b49b0a76dc/none_v3" 201 - "PUT https://[::1]:8080/v1/AUTH_e41560788c7b460fa374fdc94f22590f/gnocchi.97766be8-ce41-454e-865f-94b49b0a76dc/none_v3" "tx409038f73f4148cabed8b-00699a7abd" "proxy-server 100218" 0.0155 "-" 99151 0
Feb 21 22:40:45 np0005625961.novalocal object-server[99151]: ::1 - - [22/Feb/2026:03:40:45 +0000] "PUT /2/206176/AUTH_e41560788c7b460fa374fdc94f22590f/gnocchi.97766be8-ce41-454e-865f-94b49b0a76dc/none_v3" 201 - "PUT https://[::1]:8080/v1/AUTH_e41560788c7b460fa374fdc94f22590f/gnocchi.97766be8-ce41-454e-865f-94b49b0a76dc/none_v3" "tx409038f73f4148cabed8b-00699a7abd" "proxy-server 100218" 0.0152 "-" 99151 0
Feb 21 22:40:45 np0005625961.novalocal container-server[98785]: ::1 - - [22/Feb/2026:03:40:45 +0000] "PUT /3/67995/AUTH_e41560788c7b460fa374fdc94f22590f/gnocchi.97766be8-ce41-454e-865f-94b49b0a76dc/none_v3" 201 - "PUT http://[::1]:8080/3/206176/AUTH_e41560788c7b460fa374fdc94f22590f/gnocchi.97766be8-ce41-454e-865f-94b49b0a76dc/none_v3" "tx409038f73f4148cabed8b-00699a7abd" "object-server 99151" 0.0003 "-" 98785 0
Feb 21 22:40:45 np0005625961.novalocal object-server[99151]: ::1 - - [22/Feb/2026:03:40:45 +0000] "PUT /3/206176/AUTH_e41560788c7b460fa374fdc94f22590f/gnocchi.97766be8-ce41-454e-865f-94b49b0a76dc/none_v3" 201 - "PUT https://[::1]:8080/v1/AUTH_e41560788c7b460fa374fdc94f22590f/gnocchi.97766be8-ce41-454e-865f-94b49b0a76dc/none_v3" "tx409038f73f4148cabed8b-00699a7abd" "proxy-server 100218" 0.0156 "-" 99151 0
Feb 21 22:40:45 np0005625961.novalocal proxy-server[100218]: ::1 ::1 22/Feb/2026/03/40/45 PUT /v1/AUTH_e41560788c7b460fa374fdc94f22590f/gnocchi.97766be8-ce41-454e-865f-94b49b0a76dc/none_v3 HTTP/1.0 201 - python-swiftclient-4.8.0 gAAAAABpmnpRlsm9... 32 - - tx409038f73f4148cabed8b-00699a7abd - 0.0234 - - 1771731645.366230965 1771731645.389677525 0 17d6eceedce248e7bcac4363c7b2aeaa
Feb 21 22:40:45 np0005625961.novalocal sudo[108263]: pam_unix(sudo:session): session closed for user root
Feb 21 22:40:45 np0005625961.novalocal systemd[1]: session-c117.scope: Deactivated successfully.
Feb 21 22:40:45 np0005625961.novalocal sudo[108268]: cinder : PWD=/ ; USER=root ; COMMAND=/usr/bin/cinder-rootwrap /etc/cinder/rootwrap.conf cinder-rtstool save
Feb 21 22:40:45 np0005625961.novalocal systemd[1]: Started Session c118 of User root.
Feb 21 22:40:45 np0005625961.novalocal sudo[108268]: pam_unix(sudo:session): session opened for user root(uid=0) by (uid=165)
Feb 21 22:40:46 np0005625961.novalocal sudo[108268]: pam_unix(sudo:session): session closed for user root
Feb 21 22:40:46 np0005625961.novalocal systemd[1]: session-c118.scope: Deactivated successfully.
Feb 21 22:40:46 np0005625961.novalocal container-replicator[98871]: Replication run OVER
Feb 21 22:40:46 np0005625961.novalocal container-replicator[98871]: Attempted to replicate 126 dbs in 2.54881 seconds (49.43476/s)
Feb 21 22:40:46 np0005625961.novalocal container-replicator[98871]: Removed 0 dbs
Feb 21 22:40:46 np0005625961.novalocal container-replicator[98871]: 252 successes, 0 failures
Feb 21 22:40:46 np0005625961.novalocal container-replicator[98871]: diff:0 diff_capped:0 empty:0 hashmatch:0 no_change:252 remote_merge:0 rsync:0 ts_repl:0
Feb 21 22:40:46 np0005625961.novalocal object-replicator[99231]: Starting object replication pass.
Feb 21 22:40:47 np0005625961.novalocal container-sharder[98023]: Container sharder cycle starting, auto-sharding False
Feb 21 22:40:48 np0005625961.novalocal kernel: iscsi: registered transport (tcp)
Feb 21 22:40:48 np0005625961.novalocal kernel: scsi host2: iSCSI Initiator over TCP/IP
Feb 21 22:40:48 np0005625961.novalocal iscsid[80736]: iscsid: Connection1:0 to [target: iqn.2010-10.org.openstack:volume-e37d5618-25ea-46d4-a32a-5ab2abd7486c, portal: ::1,3260] through [iface: default] is operational now
Feb 21 22:40:48 np0005625961.novalocal kernel: scsi 2:0:0:0: Direct-Access LIO-ORG IBLOCK 4.0 PQ: 0 ANSI: 6
Feb 21 22:40:48 np0005625961.novalocal kernel: scsi 2:0:0:0: alua: supports implicit and explicit TPGS
Feb 21 22:40:48 np0005625961.novalocal kernel: scsi 2:0:0:0: alua: device naa.6001405e2faaf7b1f9d4980b7bc38503 port group 0 rel port 1
Feb 21 22:40:48 np0005625961.novalocal kernel: scsi 2:0:0:0: Attached scsi generic sg1 type 0
Feb 21 22:40:48 np0005625961.novalocal kernel: scsi 2:0:0:0: alua: transition timeout set to 60 seconds
Feb 21 22:40:48 np0005625961.novalocal kernel: scsi 2:0:0:0: alua: port group 00 state A non-preferred supports TOlUSNA
Feb 21 22:40:48 np0005625961.novalocal kernel: sd 2:0:0:0: [sda] 2097152 512-byte logical blocks: (1.07 GB/1.00 GiB)
Feb 21 22:40:48 np0005625961.novalocal kernel: sd 2:0:0:0: [sda] Write Protect is off
Feb 21 22:40:48 np0005625961.novalocal kernel: sd 2:0:0:0: [sda] Mode Sense: 43 00 10 08
Feb 21 22:40:48 np0005625961.novalocal kernel: sd 2:0:0:0: [sda] Write cache: enabled, read cache: enabled, supports DPO and FUA
Feb 21 22:40:48 np0005625961.novalocal kernel: MODE SENSE: unimplemented page/subpage: 0x0a/0x05
Feb 21 22:40:48 np0005625961.novalocal kernel: sd 2:0:0:0: [sda] Preferred minimum I/O size 65536 bytes
Feb 21 22:40:48 np0005625961.novalocal kernel: sd 2:0:0:0: [sda] Optimal transfer size 65536 bytes
Feb 21 22:40:48 np0005625961.novalocal kernel: MODE SENSE: unimplemented page/subpage: 0x0a/0x05
Feb 21 22:40:48 np0005625961.novalocal kernel: GPT:Primary header thinks Alt. header is not at the end of the disk.
Feb 21 22:40:48 np0005625961.novalocal kernel: GPT:229375 != 2097151
Feb 21 22:40:48 np0005625961.novalocal kernel: GPT:Alternate GPT header not at the end of the disk.
Feb 21 22:40:48 np0005625961.novalocal kernel: GPT:229375 != 2097151
Feb 21 22:40:48 np0005625961.novalocal kernel: GPT: Use GNU Parted to correct GPT errors.
Feb 21 22:40:48 np0005625961.novalocal kernel: sda: sda1 sda15
Feb 21 22:40:48 np0005625961.novalocal kernel: sd 2:0:0:0: [sda] Attached SCSI disk
Feb 21 22:40:48 np0005625961.novalocal object-replicator[99231]: 252/252 (100.00%) partitions replicated in 2.35s (107.08/sec, 0s remaining)
Feb 21 22:40:48 np0005625961.novalocal object-replicator[99231]: 504 successes, 0 failures
Feb 21 22:40:48 np0005625961.novalocal object-replicator[99231]: 252 suffixes checked - 12.70% hashed, 0.00% synced
Feb 21 22:40:48 np0005625961.novalocal object-replicator[99231]: Partition times: max 0.0344s, min 0.0030s, med 0.0066s
Feb 21 22:40:48 np0005625961.novalocal object-replicator[99231]: Object replication complete. (0.04 minutes)
Feb 21 22:40:49 np0005625961.novalocal systemd[1]: Listening on libvirt secret daemon admin socket.
Feb 21 22:40:49 np0005625961.novalocal systemd[1]: Listening on libvirt secret daemon read-only socket.
Feb 21 22:40:49 np0005625961.novalocal systemd[1]: Starting libvirt secret daemon...
Feb 21 22:40:49 np0005625961.novalocal systemd[1]: Started libvirt secret daemon.
Feb 21 22:40:50 np0005625961.novalocal container-sharder[98023]: Since Sun Feb 22 03:40:47 2026 visited - attempted:0 success:0 failure:0 skipped:126 completed:0
Feb 21 22:40:50 np0005625961.novalocal container-sharder[98023]: Since Sun Feb 22 03:40:47 2026 scanned - attempted:0 success:0 failure:0 found:0 min_time:0 max_time:0
Feb 21 22:40:50 np0005625961.novalocal container-sharder[98023]: Since Sun Feb 22 03:40:47 2026 created - attempted:0 success:0 failure:0
Feb 21 22:40:50 np0005625961.novalocal container-sharder[98023]: Since Sun Feb 22 03:40:47 2026 cleaved - attempted:0 success:0 failure:0 min_time:0 max_time:0
Feb 21 22:40:50 np0005625961.novalocal container-sharder[98023]: Since Sun Feb 22 03:40:47 2026 misplaced - attempted:0 success:0 failure:0 found:0 placed:0 unplaced:0
Feb 21 22:40:50 np0005625961.novalocal container-sharder[98023]: Since Sun Feb 22 03:40:47 2026 audit_root - attempted:0 success:0 failure:0 has_overlap:0 num_overlap:0
Feb 21 22:40:50 np0005625961.novalocal container-sharder[98023]: Since Sun Feb 22 03:40:47 2026 audit_shard - attempted:0 success:0 failure:0
Feb 21 22:40:50 np0005625961.novalocal container-sharder[98023]: Container sharder cycle completed: 2.51s
Feb 21 22:40:50 np0005625961.novalocal object-server[99152]: ::1 - - [22/Feb/2026:03:40:50 +0000] "GET /3/206176/AUTH_e41560788c7b460fa374fdc94f22590f/gnocchi.97766be8-ce41-454e-865f-94b49b0a76dc/none_v3" 200 32 "GET https://[::1]:8080/v1/AUTH_e41560788c7b460fa374fdc94f22590f/gnocchi.97766be8-ce41-454e-865f-94b49b0a76dc/none_v3" "tx8bc8ec3e41cd4aa29db12-00699a7ac2" "proxy-server 100218" 0.0011 "-" 99152 0
Feb 21 22:40:50 np0005625961.novalocal proxy-server[100218]: ::1 ::1 22/Feb/2026/03/40/50 GET /v1/AUTH_e41560788c7b460fa374fdc94f22590f/gnocchi.97766be8-ce41-454e-865f-94b49b0a76dc/none_v3 HTTP/1.0 200 - python-swiftclient-4.8.0 gAAAAABpmnpRlsm9... - 32 - tx8bc8ec3e41cd4aa29db12-00699a7ac2 - 0.0073 - - 1771731650.181100130 1771731650.188375950 0 17d6eceedce248e7bcac4363c7b2aeaa
Feb 21 22:40:50 np0005625961.novalocal container-server[98786]: ::1 - - [22/Feb/2026:03:40:50 +0000] "GET /3/67995/AUTH_e41560788c7b460fa374fdc94f22590f/gnocchi.97766be8-ce41-454e-865f-94b49b0a76dc" 200 357 "GET https://[::1]:8080/v1/AUTH_e41560788c7b460fa374fdc94f22590f/gnocchi.97766be8-ce41-454e-865f-94b49b0a76dc?format=json&states=listing" "txc20e74cf0828481cb806c-00699a7ac2" "proxy-server 100218" 0.0023 "-" 98786 0
Feb 21 22:40:50 np0005625961.novalocal proxy-server[100218]: ::1 ::1 22/Feb/2026/03/40/50 GET /v1/AUTH_e41560788c7b460fa374fdc94f22590f/gnocchi.97766be8-ce41-454e-865f-94b49b0a76dc%3Fformat%3Djson%26states%3Dlisting HTTP/1.0 200 - python-swiftclient-4.8.0 gAAAAABpmnpRlsm9... - 357 - txc20e74cf0828481cb806c-00699a7ac2 - 0.0087 - - 1771731650.190596104 1771731650.199251175 0 17d6eceedce248e7bcac4363c7b2aeaa
Feb 21 22:40:50 np0005625961.novalocal container-server[98785]: ::1 - - [22/Feb/2026:03:40:50 +0000] "GET /1/67995/AUTH_e41560788c7b460fa374fdc94f22590f/gnocchi.97766be8-ce41-454e-865f-94b49b0a76dc" 200 2 "GET https://[::1]:8080/v1/AUTH_e41560788c7b460fa374fdc94f22590f/gnocchi.97766be8-ce41-454e-865f-94b49b0a76dc?format=json&marker=none_v3&states=listing" "tx52102d7f17714162973be-00699a7ac2" "proxy-server 100218" 0.0018 "-" 98785 0
Feb 21 22:40:50 np0005625961.novalocal proxy-server[100218]: ::1 ::1 22/Feb/2026/03/40/50 GET /v1/AUTH_e41560788c7b460fa374fdc94f22590f/gnocchi.97766be8-ce41-454e-865f-94b49b0a76dc%3Fformat%3Djson%26marker%3Dnone_v3%26states%3Dlisting HTTP/1.0 200 - python-swiftclient-4.8.0 gAAAAABpmnpRlsm9... - 2 - tx52102d7f17714162973be-00699a7ac2 - 0.0077 - - 1771731650.201321125 1771731650.209034681 0 17d6eceedce248e7bcac4363c7b2aeaa
Feb 21 22:40:50 np0005625961.novalocal object-server[99151]: ::1 - - [22/Feb/2026:03:40:50 +0000] "GET /2/97326/AUTH_e41560788c7b460fa374fdc94f22590f/gnocchi.97766be8-ce41-454e-865f-94b49b0a76dc/1771200000.0_mean_300.0_v3" 200 16 "GET https://[::1]:8080/v1/AUTH_e41560788c7b460fa374fdc94f22590f/gnocchi.97766be8-ce41-454e-865f-94b49b0a76dc/1771200000.0_mean_300.0_v3" "tx8327694dcc1e430f99e5f-00699a7ac2" "proxy-server 100218" 0.0011 "-" 99151 0
Feb 21 22:40:50 np0005625961.novalocal proxy-server[100218]: ::1 ::1 22/Feb/2026/03/40/50 GET /v1/AUTH_e41560788c7b460fa374fdc94f22590f/gnocchi.97766be8-ce41-454e-865f-94b49b0a76dc/1771200000.0_mean_300.0_v3 HTTP/1.0 200 - python-swiftclient-4.8.0 gAAAAABpmnpRlsm9... - 16 - tx8327694dcc1e430f99e5f-00699a7ac2 - 0.0088 - - 1771731650.211757421 1771731650.220526218 0 17d6eceedce248e7bcac4363c7b2aeaa
Feb 21 22:40:50 np0005625961.novalocal container-server[98786]: ::1 - - [22/Feb/2026:03:40:50 +0000] "PUT /1/67995/AUTH_e41560788c7b460fa374fdc94f22590f/gnocchi.97766be8-ce41-454e-865f-94b49b0a76dc/1771200000.0_mean_300.0_v3" 201 - "PUT http://[::1]:8080/2/97326/AUTH_e41560788c7b460fa374fdc94f22590f/gnocchi.97766be8-ce41-454e-865f-94b49b0a76dc/1771200000.0_mean_300.0_v3" "txaf89437fca9f439ba8c3b-00699a7ac2" "object-server 99151" 0.0005 "-" 98786 0
Feb 21 22:40:50 np0005625961.novalocal container-server[98785]: ::1 - - [22/Feb/2026:03:40:50 +0000] "PUT /2/67995/AUTH_e41560788c7b460fa374fdc94f22590f/gnocchi.97766be8-ce41-454e-865f-94b49b0a76dc/1771200000.0_mean_300.0_v3" 201 - "PUT http://[::1]:8080/1/97326/AUTH_e41560788c7b460fa374fdc94f22590f/gnocchi.97766be8-ce41-454e-865f-94b49b0a76dc/1771200000.0_mean_300.0_v3" "txaf89437fca9f439ba8c3b-00699a7ac2" "object-server 99152" 0.0004 "-" 98785 0
