Feb 21 22:38:58 np0005625961.novalocal container-server[98786]: ::1 - - [22/Feb/2026:03:38:58 +0000] "PUT /1/245468/AUTH_e41560788c7b460fa374fdc94f22590f/gnocchi.cadb8074-bb62-4cc1-b268-b22c6a6f949a" 201 - "PUT https://[::1]:8080/v1/AUTH_e41560788c7b460fa374fdc94f22590f/gnocchi.cadb8074-bb62-4cc1-b268-b22c6a6f949a" "tx522aba9eeddc4bac879ef-00699a7a52" "proxy-server 100218" 0.0161 "-" 98786 0
Feb 21 22:38:58 np0005625961.novalocal account-server[98426]: ::1 - - [22/Feb/2026:03:38:58 +0000] "PUT /1/161627/AUTH_e41560788c7b460fa374fdc94f22590f/gnocchi.cadb8074-bb62-4cc1-b268-b22c6a6f949a" 201 - "PUT http://[::1]:6001/2/245468/AUTH_e41560788c7b460fa374fdc94f22590f/gnocchi.cadb8074-bb62-4cc1-b268-b22c6a6f949a" "tx522aba9eeddc4bac879ef-00699a7a52" "container-server 98785" 0.0046 "-" 98426 0
Feb 21 22:38:58 np0005625961.novalocal container-server[98785]: ::1 - - [22/Feb/2026:03:38:58 +0000] "PUT /2/245468/AUTH_e41560788c7b460fa374fdc94f22590f/gnocchi.cadb8074-bb62-4cc1-b268-b22c6a6f949a" 201 - "PUT https://[::1]:8080/v1/AUTH_e41560788c7b460fa374fdc94f22590f/gnocchi.cadb8074-bb62-4cc1-b268-b22c6a6f949a" "tx522aba9eeddc4bac879ef-00699a7a52" "proxy-server 100218" 0.0197 "-" 98785 0
Feb 21 22:38:58 np0005625961.novalocal account-server[98425]: ::1 - - [22/Feb/2026:03:38:58 +0000] "PUT /3/161627/AUTH_e41560788c7b460fa374fdc94f22590f/gnocchi.cadb8074-bb62-4cc1-b268-b22c6a6f949a" 201 - "PUT http://[::1]:6001/3/245468/AUTH_e41560788c7b460fa374fdc94f22590f/gnocchi.cadb8074-bb62-4cc1-b268-b22c6a6f949a" "tx522aba9eeddc4bac879ef-00699a7a52" "container-server 98786" 0.0049 "-" 98425 0
Feb 21 22:38:58 np0005625961.novalocal container-server[98786]: ::1 - - [22/Feb/2026:03:38:58 +0000] "PUT /3/245468/AUTH_e41560788c7b460fa374fdc94f22590f/gnocchi.cadb8074-bb62-4cc1-b268-b22c6a6f949a" 201 - "PUT https://[::1]:8080/v1/AUTH_e41560788c7b460fa374fdc94f22590f/gnocchi.cadb8074-bb62-4cc1-b268-b22c6a6f949a" "tx522aba9eeddc4bac879ef-00699a7a52" "proxy-server 100218" 0.0169 "-" 98786 0
Feb 21 22:38:58 np0005625961.novalocal proxy-server[100218]: ::1 ::1 22/Feb/2026/03/38/58 PUT /v1/AUTH_e41560788c7b460fa374fdc94f22590f/gnocchi.cadb8074-bb62-4cc1-b268-b22c6a6f949a HTTP/1.0 201 - python-swiftclient-4.8.0 gAAAAABpmnpRlsm9... - - - tx522aba9eeddc4bac879ef-00699a7a52 - 0.0311 - - 1771731538.483761311 1771731538.514881134 0 17d6eceedce248e7bcac4363c7b2aeaa
Feb 21 22:38:58 np0005625961.novalocal container-server[98786]: ::1 - - [22/Feb/2026:03:38:58 +0000] "HEAD /1/245468/AUTH_e41560788c7b460fa374fdc94f22590f/gnocchi.cadb8074-bb62-4cc1-b268-b22c6a6f949a" 204 - "HEAD http://[::1]:8080/v1/AUTH_e41560788c7b460fa374fdc94f22590f/gnocchi.cadb8074-bb62-4cc1-b268-b22c6a6f949a" "tx62953edddd614c249f3f7-00699a7a52" "proxy-server 100218" 0.0011 "-" 98786 0
Feb 21 22:38:58 np0005625961.novalocal proxy-server[100218]: - - 22/Feb/2026/03/38/58 HEAD /v1/AUTH_e41560788c7b460fa374fdc94f22590f/gnocchi.cadb8074-bb62-4cc1-b268-b22c6a6f949a HTTP/1.0 204 - Swift - - - - tx62953edddd614c249f3f7-00699a7a52 - 0.0041 CS - 1771731538.519885302 1771731538.523993969 0 -
Feb 21 22:38:58 np0005625961.novalocal container-server[98786]: ::1 - - [22/Feb/2026:03:38:58 +0000] "GET /1/245468/AUTH_e41560788c7b460fa374fdc94f22590f/gnocchi.cadb8074-bb62-4cc1-b268-b22c6a6f949a" 200 2 "GET https://[::1]:8080/v1/AUTH_e41560788c7b460fa374fdc94f22590f/gnocchi.cadb8074-bb62-4cc1-b268-b22c6a6f949a?format=json&states=listing" "tx62953edddd614c249f3f7-00699a7a52" "proxy-server 100218" 0.0019 "-" 98786 0
Feb 21 22:38:58 np0005625961.novalocal proxy-server[100218]: ::1 ::1 22/Feb/2026/03/38/58 GET /v1/AUTH_e41560788c7b460fa374fdc94f22590f/gnocchi.cadb8074-bb62-4cc1-b268-b22c6a6f949a%3Fformat%3Djson%26states%3Dlisting HTTP/1.0 200 - python-swiftclient-4.8.0 gAAAAABpmnpRlsm9... - 2 - tx62953edddd614c249f3f7-00699a7a52 - 0.0122 - - 1771731538.519264460 1771731538.531445503 0 17d6eceedce248e7bcac4363c7b2aeaa
Feb 21 22:38:58 np0005625961.novalocal object-server[99151]: ::1 - - [22/Feb/2026:03:38:58 +0000] "GET /1/109239/AUTH_e41560788c7b460fa374fdc94f22590f/gnocchi.cadb8074-bb62-4cc1-b268-b22c6a6f949a/1771200000.0_mean_300.0_v3" 404 70 "GET https://[::1]:8080/v1/AUTH_e41560788c7b460fa374fdc94f22590f/gnocchi.cadb8074-bb62-4cc1-b268-b22c6a6f949a/1771200000.0_mean_300.0_v3" "tx4c6be7b13430497a9525a-00699a7a52" "proxy-server 100218" 0.0004 "-" 99151 0
Feb 21 22:38:58 np0005625961.novalocal object-server[99151]: ::1 - - [22/Feb/2026:03:38:58 +0000] "GET /2/109239/AUTH_e41560788c7b460fa374fdc94f22590f/gnocchi.cadb8074-bb62-4cc1-b268-b22c6a6f949a/1771200000.0_mean_300.0_v3" 404 70 "GET https://[::1]:8080/v1/AUTH_e41560788c7b460fa374fdc94f22590f/gnocchi.cadb8074-bb62-4cc1-b268-b22c6a6f949a/1771200000.0_mean_300.0_v3" "tx4c6be7b13430497a9525a-00699a7a52" "proxy-server 100218" 0.0005 "-" 99151 0
Feb 21 22:38:58 np0005625961.novalocal object-server[99151]: ::1 - - [22/Feb/2026:03:38:58 +0000] "GET /3/109239/AUTH_e41560788c7b460fa374fdc94f22590f/gnocchi.cadb8074-bb62-4cc1-b268-b22c6a6f949a/1771200000.0_mean_300.0_v3" 404 70 "GET https://[::1]:8080/v1/AUTH_e41560788c7b460fa374fdc94f22590f/gnocchi.cadb8074-bb62-4cc1-b268-b22c6a6f949a/1771200000.0_mean_300.0_v3" "tx4c6be7b13430497a9525a-00699a7a52" "proxy-server 100218" 0.0002 "-" 99151 0
Feb 21 22:38:58 np0005625961.novalocal proxy-server[100218]: ::1 ::1 22/Feb/2026/03/38/58 GET /v1/AUTH_e41560788c7b460fa374fdc94f22590f/gnocchi.cadb8074-bb62-4cc1-b268-b22c6a6f949a/1771200000.0_mean_300.0_v3 HTTP/1.0 404 - python-swiftclient-4.8.0 gAAAAABpmnpRlsm9... - 70 - tx4c6be7b13430497a9525a-00699a7a52 - 0.0133 - - 1771731538.536112070 1771731538.549365282 0 17d6eceedce248e7bcac4363c7b2aeaa
Feb 21 22:38:58 np0005625961.novalocal container-server[98785]: ::1 - - [22/Feb/2026:03:38:58 +0000] "PUT /2/245468/AUTH_e41560788c7b460fa374fdc94f22590f/gnocchi.cadb8074-bb62-4cc1-b268-b22c6a6f949a/1771200000.0_mean_300.0_v3" 201 - "PUT http://[::1]:8080/1/109239/AUTH_e41560788c7b460fa374fdc94f22590f/gnocchi.cadb8074-bb62-4cc1-b268-b22c6a6f949a/1771200000.0_mean_300.0_v3" "tx719b84771f514741b41b6-00699a7a52" "object-server 99152" 0.0010 "-" 98785 0
Feb 21 22:38:58 np0005625961.novalocal object-server[99152]: ::1 - - [22/Feb/2026:03:38:58 +0000] "PUT /1/109239/AUTH_e41560788c7b460fa374fdc94f22590f/gnocchi.cadb8074-bb62-4cc1-b268-b22c6a6f949a/1771200000.0_mean_300.0_v3" 201 - "PUT https://[::1]:8080/v1/AUTH_e41560788c7b460fa374fdc94f22590f/gnocchi.cadb8074-bb62-4cc1-b268-b22c6a6f949a/1771200000.0_mean_300.0_v3" "tx719b84771f514741b41b6-00699a7a52" "proxy-server 100218" 0.0265 "-" 99152 0
Feb 21 22:38:58 np0005625961.novalocal container-server[98785]: ::1 - - [22/Feb/2026:03:38:58 +0000] "PUT /1/245468/AUTH_e41560788c7b460fa374fdc94f22590f/gnocchi.cadb8074-bb62-4cc1-b268-b22c6a6f949a/1771200000.0_mean_300.0_v3" 201 - "PUT http://[::1]:8080/3/109239/AUTH_e41560788c7b460fa374fdc94f22590f/gnocchi.cadb8074-bb62-4cc1-b268-b22c6a6f949a/1771200000.0_mean_300.0_v3" "tx719b84771f514741b41b6-00699a7a52" "object-server 99152" 0.0008 "-" 98785 0
Feb 21 22:38:58 np0005625961.novalocal object-server[99152]: ::1 - - [22/Feb/2026:03:38:58 +0000] "PUT /3/109239/AUTH_e41560788c7b460fa374fdc94f22590f/gnocchi.cadb8074-bb62-4cc1-b268-b22c6a6f949a/1771200000.0_mean_300.0_v3" 201 - "PUT https://[::1]:8080/v1/AUTH_e41560788c7b460fa374fdc94f22590f/gnocchi.cadb8074-bb62-4cc1-b268-b22c6a6f949a/1771200000.0_mean_300.0_v3" "tx719b84771f514741b41b6-00699a7a52" "proxy-server 100218" 0.0197 "-" 99152 0
Feb 21 22:38:58 np0005625961.novalocal container-server[98785]: ::1 - - [22/Feb/2026:03:38:58 +0000] "PUT /3/245468/AUTH_e41560788c7b460fa374fdc94f22590f/gnocchi.cadb8074-bb62-4cc1-b268-b22c6a6f949a/1771200000.0_mean_300.0_v3" 201 - "PUT http://[::1]:8080/2/109239/AUTH_e41560788c7b460fa374fdc94f22590f/gnocchi.cadb8074-bb62-4cc1-b268-b22c6a6f949a/1771200000.0_mean_300.0_v3" "tx719b84771f514741b41b6-00699a7a52" "object-server 99152" 0.0008 "-" 98785 0
Feb 21 22:38:58 np0005625961.novalocal object-server[99152]: ::1 - - [22/Feb/2026:03:38:58 +0000] "PUT /2/109239/AUTH_e41560788c7b460fa374fdc94f22590f/gnocchi.cadb8074-bb62-4cc1-b268-b22c6a6f949a/1771200000.0_mean_300.0_v3" 201 - "PUT https://[::1]:8080/v1/AUTH_e41560788c7b460fa374fdc94f22590f/gnocchi.cadb8074-bb62-4cc1-b268-b22c6a6f949a/1771200000.0_mean_300.0_v3" "tx719b84771f514741b41b6-00699a7a52" "proxy-server 100218" 0.0295 "-" 99152 0
Feb 21 22:38:58 np0005625961.novalocal proxy-server[100218]: ::1 ::1 22/Feb/2026/03/38/58 PUT /v1/AUTH_e41560788c7b460fa374fdc94f22590f/gnocchi.cadb8074-bb62-4cc1-b268-b22c6a6f949a/1771200000.0_mean_300.0_v3 HTTP/1.0 201 - python-swiftclient-4.8.0 gAAAAABpmnpRlsm9... 16 - - tx719b84771f514741b41b6-00699a7a52 - 0.0413 - - 1771731538.552292109 1771731538.593622684 0 17d6eceedce248e7bcac4363c7b2aeaa
Feb 21 22:38:58 np0005625961.novalocal container-server[98785]: ::1 - - [22/Feb/2026:03:38:58 +0000] "PUT /3/245468/AUTH_e41560788c7b460fa374fdc94f22590f/gnocchi.cadb8074-bb62-4cc1-b268-b22c6a6f949a/none_v3" 201 - "PUT http://[::1]:8080/1/130723/AUTH_e41560788c7b460fa374fdc94f22590f/gnocchi.cadb8074-bb62-4cc1-b268-b22c6a6f949a/none_v3" "tx20da436ed4074cb2a868d-00699a7a52" "object-server 99151" 0.0007 "-" 98785 0
Feb 21 22:38:58 np0005625961.novalocal container-server[98786]: ::1 - - [22/Feb/2026:03:38:58 +0000] "PUT /2/245468/AUTH_e41560788c7b460fa374fdc94f22590f/gnocchi.cadb8074-bb62-4cc1-b268-b22c6a6f949a/none_v3" 201 - "PUT http://[::1]:8080/2/130723/AUTH_e41560788c7b460fa374fdc94f22590f/gnocchi.cadb8074-bb62-4cc1-b268-b22c6a6f949a/none_v3" "tx20da436ed4074cb2a868d-00699a7a52" "object-server 99152" 0.0006 "-" 98786 0
Feb 21 22:38:58 np0005625961.novalocal object-server[99151]: ::1 - - [22/Feb/2026:03:38:58 +0000] "PUT /1/130723/AUTH_e41560788c7b460fa374fdc94f22590f/gnocchi.cadb8074-bb62-4cc1-b268-b22c6a6f949a/none_v3" 201 - "PUT https://[::1]:8080/v1/AUTH_e41560788c7b460fa374fdc94f22590f/gnocchi.cadb8074-bb62-4cc1-b268-b22c6a6f949a/none_v3" "tx20da436ed4074cb2a868d-00699a7a52" "proxy-server 100218" 0.0115 "-" 99151 0
Feb 21 22:38:58 np0005625961.novalocal object-server[99152]: ::1 - - [22/Feb/2026:03:38:58 +0000] "PUT /2/130723/AUTH_e41560788c7b460fa374fdc94f22590f/gnocchi.cadb8074-bb62-4cc1-b268-b22c6a6f949a/none_v3" 201 - "PUT https://[::1]:8080/v1/AUTH_e41560788c7b460fa374fdc94f22590f/gnocchi.cadb8074-bb62-4cc1-b268-b22c6a6f949a/none_v3" "tx20da436ed4074cb2a868d-00699a7a52" "proxy-server 100218" 0.0120 "-" 99152 0
Feb 21 22:38:58 np0005625961.novalocal container-server[98786]: ::1 - - [22/Feb/2026:03:38:58 +0000] "PUT /1/245468/AUTH_e41560788c7b460fa374fdc94f22590f/gnocchi.cadb8074-bb62-4cc1-b268-b22c6a6f949a/none_v3" 201 - "PUT http://[::1]:8080/3/130723/AUTH_e41560788c7b460fa374fdc94f22590f/gnocchi.cadb8074-bb62-4cc1-b268-b22c6a6f949a/none_v3" "tx20da436ed4074cb2a868d-00699a7a52" "object-server 99152" 0.0004 "-" 98786 0
Feb 21 22:38:58 np0005625961.novalocal object-server[99152]: ::1 - - [22/Feb/2026:03:38:58 +0000] "PUT /3/130723/AUTH_e41560788c7b460fa374fdc94f22590f/gnocchi.cadb8074-bb62-4cc1-b268-b22c6a6f949a/none_v3" 201 - "PUT https://[::1]:8080/v1/AUTH_e41560788c7b460fa374fdc94f22590f/gnocchi.cadb8074-bb62-4cc1-b268-b22c6a6f949a/none_v3" "tx20da436ed4074cb2a868d-00699a7a52" "proxy-server 100218" 0.0164 "-" 99152 0
Feb 21 22:38:58 np0005625961.novalocal proxy-server[100218]: ::1 ::1 22/Feb/2026/03/38/58 PUT /v1/AUTH_e41560788c7b460fa374fdc94f22590f/gnocchi.cadb8074-bb62-4cc1-b268-b22c6a6f949a/none_v3 HTTP/1.0 201 - python-swiftclient-4.8.0 gAAAAABpmnpRlsm9... 22 - - tx20da436ed4074cb2a868d-00699a7a52 - 0.0235 - - 1771731538.596620560 1771731538.620143175 0 17d6eceedce248e7bcac4363c7b2aeaa
Feb 21 22:38:58 np0005625961.novalocal dnsmasq[105837]: read /var/lib/neutron/dhcp/bbe595c8-2f4a-4013-a94b-b262ebe1376f/addn_hosts - 1 addresses
Feb 21 22:38:58 np0005625961.novalocal dnsmasq-dhcp[105837]: read /var/lib/neutron/dhcp/bbe595c8-2f4a-4013-a94b-b262ebe1376f/host
Feb 21 22:38:58 np0005625961.novalocal dnsmasq-dhcp[105837]: read /var/lib/neutron/dhcp/bbe595c8-2f4a-4013-a94b-b262ebe1376f/opts
Feb 21 22:38:58 np0005625961.novalocal container-server[98786]: ::1 - - [22/Feb/2026:03:38:58 +0000] "HEAD /3/259911/AUTH_e41560788c7b460fa374fdc94f22590f/gnocchi.2ab8a569-c51b-4a7b-9924-3b60a572a62a" 404 - "HEAD http://[::1]:8080/v1/AUTH_e41560788c7b460fa374fdc94f22590f/gnocchi.2ab8a569-c51b-4a7b-9924-3b60a572a62a" "tx4167d319cecc47f4baba9-00699a7a52" "proxy-server 100218" 0.0003 "-" 98786 0
Feb 21 22:38:58 np0005625961.novalocal container-server[98786]: ::1 - - [22/Feb/2026:03:38:58 +0000] "HEAD /2/259911/AUTH_e41560788c7b460fa374fdc94f22590f/gnocchi.2ab8a569-c51b-4a7b-9924-3b60a572a62a" 404 - "HEAD http://[::1]:8080/v1/AUTH_e41560788c7b460fa374fdc94f22590f/gnocchi.2ab8a569-c51b-4a7b-9924-3b60a572a62a" "tx4167d319cecc47f4baba9-00699a7a52" "proxy-server 100218" 0.0002 "-" 98786 0
Feb 21 22:38:58 np0005625961.novalocal container-server[98785]: ::1 - - [22/Feb/2026:03:38:58 +0000] "HEAD /1/259911/AUTH_e41560788c7b460fa374fdc94f22590f/gnocchi.2ab8a569-c51b-4a7b-9924-3b60a572a62a" 404 - "HEAD http://[::1]:8080/v1/AUTH_e41560788c7b460fa374fdc94f22590f/gnocchi.2ab8a569-c51b-4a7b-9924-3b60a572a62a" "tx4167d319cecc47f4baba9-00699a7a52" "proxy-server 100218" 0.0005 "-" 98785 0
Feb 21 22:38:58 np0005625961.novalocal proxy-server[100218]: - - 22/Feb/2026/03/38/58 HEAD /v1/AUTH_e41560788c7b460fa374fdc94f22590f/gnocchi.2ab8a569-c51b-4a7b-9924-3b60a572a62a HTTP/1.0 404 - Swift - - - - tx4167d319cecc47f4baba9-00699a7a52 - 0.0131 CS - 1771731538.666504383 1771731538.679641485 0 -
Feb 21 22:38:58 np0005625961.novalocal object-server[99151]: ::1 - - [22/Feb/2026:03:38:58 +0000] "GET /1/167606/AUTH_e41560788c7b460fa374fdc94f22590f/gnocchi.2ab8a569-c51b-4a7b-9924-3b60a572a62a/none_v3" 404 70 "GET https://[::1]:8080/v1/AUTH_e41560788c7b460fa374fdc94f22590f/gnocchi.2ab8a569-c51b-4a7b-9924-3b60a572a62a/none_v3" "tx4167d319cecc47f4baba9-00699a7a52" "proxy-server 100218" 0.0004 "-" 99151 0
Feb 21 22:38:58 np0005625961.novalocal object-server[99151]: ::1 - - [22/Feb/2026:03:38:58 +0000] "GET /2/167606/AUTH_e41560788c7b460fa374fdc94f22590f/gnocchi.2ab8a569-c51b-4a7b-9924-3b60a572a62a/none_v3" 404 70 "GET https://[::1]:8080/v1/AUTH_e41560788c7b460fa374fdc94f22590f/gnocchi.2ab8a569-c51b-4a7b-9924-3b60a572a62a/none_v3" "tx4167d319cecc47f4baba9-00699a7a52" "proxy-server 100218" 0.0002 "-" 99151 0
Feb 21 22:38:58 np0005625961.novalocal object-server[99151]: ::1 - - [22/Feb/2026:03:38:58 +0000] "GET /3/167606/AUTH_e41560788c7b460fa374fdc94f22590f/gnocchi.2ab8a569-c51b-4a7b-9924-3b60a572a62a/none_v3" 404 70 "GET https://[::1]:8080/v1/AUTH_e41560788c7b460fa374fdc94f22590f/gnocchi.2ab8a569-c51b-4a7b-9924-3b60a572a62a/none_v3" "tx4167d319cecc47f4baba9-00699a7a52" "proxy-server 100218" 0.0002 "-" 99151 0
Feb 21 22:38:58 np0005625961.novalocal proxy-server[100218]: ::1 ::1 22/Feb/2026/03/38/58 GET /v1/AUTH_e41560788c7b460fa374fdc94f22590f/gnocchi.2ab8a569-c51b-4a7b-9924-3b60a572a62a/none_v3 HTTP/1.0 404 - python-swiftclient-4.8.0 gAAAAABpmnpRlsm9... - 70 - tx4167d319cecc47f4baba9-00699a7a52 - 0.0246 - - 1771731538.665807247 1771731538.690387726 0 17d6eceedce248e7bcac4363c7b2aeaa
Feb 21 22:38:58 np0005625961.novalocal account-server[98425]: ::1 - - [22/Feb/2026:03:38:58 +0000] "PUT /3/161627/AUTH_e41560788c7b460fa374fdc94f22590f/gnocchi.2ab8a569-c51b-4a7b-9924-3b60a572a62a" 201 - "PUT http://[::1]:6001/3/259911/AUTH_e41560788c7b460fa374fdc94f22590f/gnocchi.2ab8a569-c51b-4a7b-9924-3b60a572a62a" "tx13f1877de9164902ab41d-00699a7a52" "container-server 98786" 0.0072 "-" 98425 0
Feb 21 22:38:58 np0005625961.novalocal container-server[98786]: ::1 - - [22/Feb/2026:03:38:58 +0000] "PUT /3/259911/AUTH_e41560788c7b460fa374fdc94f22590f/gnocchi.2ab8a569-c51b-4a7b-9924-3b60a572a62a" 201 - "PUT https://[::1]:8080/v1/AUTH_e41560788c7b460fa374fdc94f22590f/gnocchi.2ab8a569-c51b-4a7b-9924-3b60a572a62a" "tx13f1877de9164902ab41d-00699a7a52" "proxy-server 100218" 0.0210 "-" 98786 0
Feb 21 22:38:58 np0005625961.novalocal account-server[98426]: ::1 - - [22/Feb/2026:03:38:58 +0000] "PUT /1/161627/AUTH_e41560788c7b460fa374fdc94f22590f/gnocchi.2ab8a569-c51b-4a7b-9924-3b60a572a62a" 201 - "PUT http://[::1]:6001/2/259911/AUTH_e41560788c7b460fa374fdc94f22590f/gnocchi.2ab8a569-c51b-4a7b-9924-3b60a572a62a" "tx13f1877de9164902ab41d-00699a7a52" "container-server 98785" 0.0037 "-" 98426 0
Feb 21 22:38:58 np0005625961.novalocal container-server[98785]: ::1 - - [22/Feb/2026:03:38:58 +0000] "PUT /2/259911/AUTH_e41560788c7b460fa374fdc94f22590f/gnocchi.2ab8a569-c51b-4a7b-9924-3b60a572a62a" 201 - "PUT https://[::1]:8080/v1/AUTH_e41560788c7b460fa374fdc94f22590f/gnocchi.2ab8a569-c51b-4a7b-9924-3b60a572a62a" "tx13f1877de9164902ab41d-00699a7a52" "proxy-server 100218" 0.0268 "-" 98785 0
Feb 21 22:38:58 np0005625961.novalocal account-server[98426]: ::1 - - [22/Feb/2026:03:38:58 +0000] "PUT /2/161627/AUTH_e41560788c7b460fa374fdc94f22590f/gnocchi.2ab8a569-c51b-4a7b-9924-3b60a572a62a" 201 - "PUT http://[::1]:6001/1/259911/AUTH_e41560788c7b460fa374fdc94f22590f/gnocchi.2ab8a569-c51b-4a7b-9924-3b60a572a62a" "tx13f1877de9164902ab41d-00699a7a52" "container-server 98785" 0.0033 "-" 98426 0
Feb 21 22:38:58 np0005625961.novalocal container-server[98785]: ::1 - - [22/Feb/2026:03:38:58 +0000] "PUT /1/259911/AUTH_e41560788c7b460fa374fdc94f22590f/gnocchi.2ab8a569-c51b-4a7b-9924-3b60a572a62a" 201 - "PUT https://[::1]:8080/v1/AUTH_e41560788c7b460fa374fdc94f22590f/gnocchi.2ab8a569-c51b-4a7b-9924-3b60a572a62a" "tx13f1877de9164902ab41d-00699a7a52" "proxy-server 100218" 0.0207 "-" 98785 0
Feb 21 22:38:58 np0005625961.novalocal proxy-server[100218]: ::1 ::1 22/Feb/2026/03/38/58 PUT /v1/AUTH_e41560788c7b460fa374fdc94f22590f/gnocchi.2ab8a569-c51b-4a7b-9924-3b60a572a62a HTTP/1.0 201 - python-swiftclient-4.8.0 gAAAAABpmnpRlsm9... - - - tx13f1877de9164902ab41d-00699a7a52 - 0.0442 - - 1771731538.694292068 1771731538.738510370 0 17d6eceedce248e7bcac4363c7b2aeaa
Feb 21 22:38:58 np0005625961.novalocal container-server[98786]: ::1 - - [22/Feb/2026:03:38:58 +0000] "HEAD /2/259911/AUTH_e41560788c7b460fa374fdc94f22590f/gnocchi.2ab8a569-c51b-4a7b-9924-3b60a572a62a" 204 - "HEAD http://[::1]:8080/v1/AUTH_e41560788c7b460fa374fdc94f22590f/gnocchi.2ab8a569-c51b-4a7b-9924-3b60a572a62a" "tx52447d89d757488aa7dfa-00699a7a52" "proxy-server 100218" 0.0014 "-" 98786 0
Feb 21 22:38:58 np0005625961.novalocal proxy-server[100218]: - - 22/Feb/2026/03/38/58 HEAD /v1/AUTH_e41560788c7b460fa374fdc94f22590f/gnocchi.2ab8a569-c51b-4a7b-9924-3b60a572a62a HTTP/1.0 204 - Swift - - - - tx52447d89d757488aa7dfa-00699a7a52 - 0.0049 CS - 1771731538.742348194 1771731538.747276306 0 -
Feb 21 22:38:58 np0005625961.novalocal container-server[98786]: ::1 - - [22/Feb/2026:03:38:58 +0000] "GET /1/259911/AUTH_e41560788c7b460fa374fdc94f22590f/gnocchi.2ab8a569-c51b-4a7b-9924-3b60a572a62a" 200 2 "GET https://[::1]:8080/v1/AUTH_e41560788c7b460fa374fdc94f22590f/gnocchi.2ab8a569-c51b-4a7b-9924-3b60a572a62a?format=json&states=listing" "tx52447d89d757488aa7dfa-00699a7a52" "proxy-server 100218" 0.0019 "-" 98786 0
Feb 21 22:38:58 np0005625961.novalocal proxy-server[100218]: ::1 ::1 22/Feb/2026/03/38/58 GET /v1/AUTH_e41560788c7b460fa374fdc94f22590f/gnocchi.2ab8a569-c51b-4a7b-9924-3b60a572a62a%3Fformat%3Djson%26states%3Dlisting HTTP/1.0 200 - python-swiftclient-4.8.0 gAAAAABpmnpRlsm9... - 2 - tx52447d89d757488aa7dfa-00699a7a52 - 0.0134 - - 1771731538.741743326 1771731538.755103827 0 17d6eceedce248e7bcac4363c7b2aeaa
Feb 21 22:38:58 np0005625961.novalocal object-server[99152]: ::1 - - [22/Feb/2026:03:38:58 +0000] "GET /2/254761/AUTH_e41560788c7b460fa374fdc94f22590f/gnocchi.2ab8a569-c51b-4a7b-9924-3b60a572a62a/1771200000.0_mean_300.0_v3" 404 70 "GET https://[::1]:8080/v1/AUTH_e41560788c7b460fa374fdc94f22590f/gnocchi.2ab8a569-c51b-4a7b-9924-3b60a572a62a/1771200000.0_mean_300.0_v3" "txcf8a3f4fa546412b98fc4-00699a7a52" "proxy-server 100218" 0.0006 "-" 99152 0
Feb 21 22:38:58 np0005625961.novalocal object-server[99151]: ::1 - - [22/Feb/2026:03:38:58 +0000] "GET /1/254761/AUTH_e41560788c7b460fa374fdc94f22590f/gnocchi.2ab8a569-c51b-4a7b-9924-3b60a572a62a/1771200000.0_mean_300.0_v3" 404 70 "GET https://[::1]:8080/v1/AUTH_e41560788c7b460fa374fdc94f22590f/gnocchi.2ab8a569-c51b-4a7b-9924-3b60a572a62a/1771200000.0_mean_300.0_v3" "txcf8a3f4fa546412b98fc4-00699a7a52" "proxy-server 100218" 0.0004 "-" 99151 0
Feb 21 22:38:58 np0005625961.novalocal object-server[99152]: ::1 - - [22/Feb/2026:03:38:58 +0000] "GET /3/254761/AUTH_e41560788c7b460fa374fdc94f22590f/gnocchi.2ab8a569-c51b-4a7b-9924-3b60a572a62a/1771200000.0_mean_300.0_v3" 404 70 "GET https://[::1]:8080/v1/AUTH_e41560788c7b460fa374fdc94f22590f/gnocchi.2ab8a569-c51b-4a7b-9924-3b60a572a62a/1771200000.0_mean_300.0_v3" "txcf8a3f4fa546412b98fc4-00699a7a52" "proxy-server 100218" 0.0004 "-" 99152 0
Feb 21 22:38:58 np0005625961.novalocal proxy-server[100218]: ::1 ::1 22/Feb/2026/03/38/58 GET /v1/AUTH_e41560788c7b460fa374fdc94f22590f/gnocchi.2ab8a569-c51b-4a7b-9924-3b60a572a62a/1771200000.0_mean_300.0_v3 HTTP/1.0 404 - python-swiftclient-4.8.0 gAAAAABpmnpRlsm9... - 70 - txcf8a3f4fa546412b98fc4-00699a7a52 - 0.0268 - - 1771731538.757811546 1771731538.784591675 0 17d6eceedce248e7bcac4363c7b2aeaa
Feb 21 22:38:58 np0005625961.novalocal container-server[98785]: ::1 - - [22/Feb/2026:03:38:58 +0000] "PUT /1/259911/AUTH_e41560788c7b460fa374fdc94f22590f/gnocchi.2ab8a569-c51b-4a7b-9924-3b60a572a62a/1771200000.0_mean_300.0_v3" 201 - "PUT http://[::1]:8080/1/254761/AUTH_e41560788c7b460fa374fdc94f22590f/gnocchi.2ab8a569-c51b-4a7b-9924-3b60a572a62a/1771200000.0_mean_300.0_v3" "tx2e8a6e002cef4f8f81145-00699a7a52" "object-server 99151" 0.0008 "-" 98785 0
Feb 21 22:38:58 np0005625961.novalocal object-server[99151]: ::1 - - [22/Feb/2026:03:38:58 +0000] "PUT /1/254761/AUTH_e41560788c7b460fa374fdc94f22590f/gnocchi.2ab8a569-c51b-4a7b-9924-3b60a572a62a/1771200000.0_mean_300.0_v3" 201 - "PUT https://[::1]:8080/v1/AUTH_e41560788c7b460fa374fdc94f22590f/gnocchi.2ab8a569-c51b-4a7b-9924-3b60a572a62a/1771200000.0_mean_300.0_v3" "tx2e8a6e002cef4f8f81145-00699a7a52" "proxy-server 100218" 0.0142 "-" 99151 0
Feb 21 22:38:58 np0005625961.novalocal container-server[98785]: ::1 - - [22/Feb/2026:03:38:58 +0000] "PUT /2/259911/AUTH_e41560788c7b460fa374fdc94f22590f/gnocchi.2ab8a569-c51b-4a7b-9924-3b60a572a62a/1771200000.0_mean_300.0_v3" 201 - "PUT http://[::1]:8080/3/254761/AUTH_e41560788c7b460fa374fdc94f22590f/gnocchi.2ab8a569-c51b-4a7b-9924-3b60a572a62a/1771200000.0_mean_300.0_v3" "tx2e8a6e002cef4f8f81145-00699a7a52" "object-server 99152" 0.0006 "-" 98785 0
Feb 21 22:38:58 np0005625961.novalocal object-server[99152]: ::1 - - [22/Feb/2026:03:38:58 +0000] "PUT /3/254761/AUTH_e41560788c7b460fa374fdc94f22590f/gnocchi.2ab8a569-c51b-4a7b-9924-3b60a572a62a/1771200000.0_mean_300.0_v3" 201 - "PUT https://[::1]:8080/v1/AUTH_e41560788c7b460fa374fdc94f22590f/gnocchi.2ab8a569-c51b-4a7b-9924-3b60a572a62a/1771200000.0_mean_300.0_v3" "tx2e8a6e002cef4f8f81145-00699a7a52" "proxy-server 100218" 0.0119 "-" 99152 0
Feb 21 22:38:58 np0005625961.novalocal container-server[98785]: ::1 - - [22/Feb/2026:03:38:58 +0000] "PUT /3/259911/AUTH_e41560788c7b460fa374fdc94f22590f/gnocchi.2ab8a569-c51b-4a7b-9924-3b60a572a62a/1771200000.0_mean_300.0_v3" 201 - "PUT http://[::1]:8080/2/254761/AUTH_e41560788c7b460fa374fdc94f22590f/gnocchi.2ab8a569-c51b-4a7b-9924-3b60a572a62a/1771200000.0_mean_300.0_v3" "tx2e8a6e002cef4f8f81145-00699a7a52" "object-server 99152" 0.0006 "-" 98785 0
Feb 21 22:38:58 np0005625961.novalocal object-server[99152]: ::1 - - [22/Feb/2026:03:38:58 +0000] "PUT /2/254761/AUTH_e41560788c7b460fa374fdc94f22590f/gnocchi.2ab8a569-c51b-4a7b-9924-3b60a572a62a/1771200000.0_mean_300.0_v3" 201 - "PUT https://[::1]:8080/v1/AUTH_e41560788c7b460fa374fdc94f22590f/gnocchi.2ab8a569-c51b-4a7b-9924-3b60a572a62a/1771200000.0_mean_300.0_v3" "tx2e8a6e002cef4f8f81145-00699a7a52" "proxy-server 100218" 0.0227 "-" 99152 0
Feb 21 22:38:58 np0005625961.novalocal proxy-server[100218]: ::1 ::1 22/Feb/2026/03/38/58 PUT /v1/AUTH_e41560788c7b460fa374fdc94f22590f/gnocchi.2ab8a569-c51b-4a7b-9924-3b60a572a62a/1771200000.0_mean_300.0_v3 HTTP/1.0 201 - python-swiftclient-4.8.0 gAAAAABpmnpRlsm9... 16 - - tx2e8a6e002cef4f8f81145-00699a7a52 - 0.0334 - - 1771731538.789703608 1771731538.823058367 0 17d6eceedce248e7bcac4363c7b2aeaa
Feb 21 22:38:58 np0005625961.novalocal container-server[98785]: ::1 - - [22/Feb/2026:03:38:58 +0000] "PUT /1/259911/AUTH_e41560788c7b460fa374fdc94f22590f/gnocchi.2ab8a569-c51b-4a7b-9924-3b60a572a62a/none_v3" 201 - "PUT http://[::1]:8080/3/167606/AUTH_e41560788c7b460fa374fdc94f22590f/gnocchi.2ab8a569-c51b-4a7b-9924-3b60a572a62a/none_v3" "tx86be8271aea845679027c-00699a7a52" "object-server 99151" 0.0004 "-" 98785 0
Feb 21 22:38:58 np0005625961.novalocal object-server[99151]: ::1 - - [22/Feb/2026:03:38:58 +0000] "PUT /3/167606/AUTH_e41560788c7b460fa374fdc94f22590f/gnocchi.2ab8a569-c51b-4a7b-9924-3b60a572a62a/none_v3" 201 - "PUT https://[::1]:8080/v1/AUTH_e41560788c7b460fa374fdc94f22590f/gnocchi.2ab8a569-c51b-4a7b-9924-3b60a572a62a/none_v3" "tx86be8271aea845679027c-00699a7a52" "proxy-server 100218" 0.0141 "-" 99151 0
Feb 21 22:38:58 np0005625961.novalocal container-server[98785]: ::1 - - [22/Feb/2026:03:38:58 +0000] "PUT /2/259911/AUTH_e41560788c7b460fa374fdc94f22590f/gnocchi.2ab8a569-c51b-4a7b-9924-3b60a572a62a/none_v3" 201 - "PUT http://[::1]:8080/2/167606/AUTH_e41560788c7b460fa374fdc94f22590f/gnocchi.2ab8a569-c51b-4a7b-9924-3b60a572a62a/none_v3" "tx86be8271aea845679027c-00699a7a52" "object-server 99151" 0.0003 "-" 98785 0
Feb 21 22:38:58 np0005625961.novalocal container-server[98786]: ::1 - - [22/Feb/2026:03:38:58 +0000] "PUT /3/259911/AUTH_e41560788c7b460fa374fdc94f22590f/gnocchi.2ab8a569-c51b-4a7b-9924-3b60a572a62a/none_v3" 201 - "PUT http://[::1]:8080/1/167606/AUTH_e41560788c7b460fa374fdc94f22590f/gnocchi.2ab8a569-c51b-4a7b-9924-3b60a572a62a/none_v3" "tx86be8271aea845679027c-00699a7a52" "object-server 99152" 0.0008 "-" 98786 0
Feb 21 22:38:58 np0005625961.novalocal object-server[99151]: ::1 - - [22/Feb/2026:03:38:58 +0000] "PUT /2/167606/AUTH_e41560788c7b460fa374fdc94f22590f/gnocchi.2ab8a569-c51b-4a7b-9924-3b60a572a62a/none_v3" 201 - "PUT https://[::1]:8080/v1/AUTH_e41560788c7b460fa374fdc94f22590f/gnocchi.2ab8a569-c51b-4a7b-9924-3b60a572a62a/none_v3" "tx86be8271aea845679027c-00699a7a52" "proxy-server 100218" 0.0176 "-" 99151 0
Feb 21 22:38:58 np0005625961.novalocal object-server[99152]: ::1 - - [22/Feb/2026:03:38:58 +0000] "PUT /1/167606/AUTH_e41560788c7b460fa374fdc94f22590f/gnocchi.2ab8a569-c51b-4a7b-9924-3b60a572a62a/none_v3" 201 - "PUT https://[::1]:8080/v1/AUTH_e41560788c7b460fa374fdc94f22590f/gnocchi.2ab8a569-c51b-4a7b-9924-3b60a572a62a/none_v3" "tx86be8271aea845679027c-00699a7a52" "proxy-server 100218" 0.0177 "-" 99152 0
Feb 21 22:38:58 np0005625961.novalocal proxy-server[100218]: ::1 ::1 22/Feb/2026/03/38/58 PUT /v1/AUTH_e41560788c7b460fa374fdc94f22590f/gnocchi.2ab8a569-c51b-4a7b-9924-3b60a572a62a/none_v3 HTTP/1.0 201 - python-swiftclient-4.8.0 gAAAAABpmnpRlsm9... 30 - - tx86be8271aea845679027c-00699a7a52 - 0.0274 - - 1771731538.826514959 1771731538.853868961 0 17d6eceedce248e7bcac4363c7b2aeaa
Feb 21 22:38:58 np0005625961.novalocal container-server[98785]: ::1 - - [22/Feb/2026:03:38:58 +0000] "HEAD /1/113070/AUTH_e41560788c7b460fa374fdc94f22590f/gnocchi.705b9dce-1680-4a34-9fd2-b6e2eaa53843" 404 - "HEAD http://[::1]:8080/v1/AUTH_e41560788c7b460fa374fdc94f22590f/gnocchi.705b9dce-1680-4a34-9fd2-b6e2eaa53843" "tx2b80e90cefc74c77b334c-00699a7a52" "proxy-server 100218" 0.0005 "-" 98785 0
Feb 21 22:38:58 np0005625961.novalocal container-server[98786]: ::1 - - [22/Feb/2026:03:38:58 +0000] "HEAD /2/113070/AUTH_e41560788c7b460fa374fdc94f22590f/gnocchi.705b9dce-1680-4a34-9fd2-b6e2eaa53843" 404 - "HEAD http://[::1]:8080/v1/AUTH_e41560788c7b460fa374fdc94f22590f/gnocchi.705b9dce-1680-4a34-9fd2-b6e2eaa53843" "tx2b80e90cefc74c77b334c-00699a7a52" "proxy-server 100218" 0.0004 "-" 98786 0
Feb 21 22:38:58 np0005625961.novalocal container-server[98785]: ::1 - - [22/Feb/2026:03:38:58 +0000] "HEAD /3/113070/AUTH_e41560788c7b460fa374fdc94f22590f/gnocchi.705b9dce-1680-4a34-9fd2-b6e2eaa53843" 404 - "HEAD http://[::1]:8080/v1/AUTH_e41560788c7b460fa374fdc94f22590f/gnocchi.705b9dce-1680-4a34-9fd2-b6e2eaa53843" "tx2b80e90cefc74c77b334c-00699a7a52" "proxy-server 100218" 0.0003 "-" 98785 0
Feb 21 22:38:58 np0005625961.novalocal proxy-server[100218]: - - 22/Feb/2026/03/38/58 HEAD /v1/AUTH_e41560788c7b460fa374fdc94f22590f/gnocchi.705b9dce-1680-4a34-9fd2-b6e2eaa53843 HTTP/1.0 404 - Swift - - - - tx2b80e90cefc74c77b334c-00699a7a52 - 0.0157 CS - 1771731538.907095671 1771731538.922759533 0 -
Feb 21 22:38:58 np0005625961.novalocal object-server[99152]: ::1 - - [22/Feb/2026:03:38:58 +0000] "GET /2/100743/AUTH_e41560788c7b460fa374fdc94f22590f/gnocchi.705b9dce-1680-4a34-9fd2-b6e2eaa53843/none_v3" 404 70 "GET https://[::1]:8080/v1/AUTH_e41560788c7b460fa374fdc94f22590f/gnocchi.705b9dce-1680-4a34-9fd2-b6e2eaa53843/none_v3" "tx2b80e90cefc74c77b334c-00699a7a52" "proxy-server 100218" 0.0006 "-" 99152 0
Feb 21 22:38:58 np0005625961.novalocal object-server[99152]: ::1 - - [22/Feb/2026:03:38:58 +0000] "GET /3/100743/AUTH_e41560788c7b460fa374fdc94f22590f/gnocchi.705b9dce-1680-4a34-9fd2-b6e2eaa53843/none_v3" 404 70 "GET https://[::1]:8080/v1/AUTH_e41560788c7b460fa374fdc94f22590f/gnocchi.705b9dce-1680-4a34-9fd2-b6e2eaa53843/none_v3" "tx2b80e90cefc74c77b334c-00699a7a52" "proxy-server 100218" 0.0003 "-" 99152 0
Feb 21 22:38:58 np0005625961.novalocal object-server[99151]: ::1 - - [22/Feb/2026:03:38:58 +0000] "GET /1/100743/AUTH_e41560788c7b460fa374fdc94f22590f/gnocchi.705b9dce-1680-4a34-9fd2-b6e2eaa53843/none_v3" 404 70 "GET https://[::1]:8080/v1/AUTH_e41560788c7b460fa374fdc94f22590f/gnocchi.705b9dce-1680-4a34-9fd2-b6e2eaa53843/none_v3" "tx2b80e90cefc74c77b334c-00699a7a52" "proxy-server 100218" 0.0005 "-" 99151 0
Feb 21 22:38:58 np0005625961.novalocal proxy-server[100218]: ::1 ::1 22/Feb/2026/03/38/58 GET /v1/AUTH_e41560788c7b460fa374fdc94f22590f/gnocchi.705b9dce-1680-4a34-9fd2-b6e2eaa53843/none_v3 HTTP/1.0 404 - python-swiftclient-4.8.0 gAAAAABpmnpRlsm9... - 70 - tx2b80e90cefc74c77b334c-00699a7a52 - 0.0303 - - 1771731538.906119347 1771731538.936446905 0 17d6eceedce248e7bcac4363c7b2aeaa
Feb 21 22:38:58 np0005625961.novalocal account-server[98425]: ::1 - - [22/Feb/2026:03:38:58 +0000] "PUT /3/161627/AUTH_e41560788c7b460fa374fdc94f22590f/gnocchi.705b9dce-1680-4a34-9fd2-b6e2eaa53843" 201 - "PUT http://[::1]:6001/1/113070/AUTH_e41560788c7b460fa374fdc94f22590f/gnocchi.705b9dce-1680-4a34-9fd2-b6e2eaa53843" "tx599aa6a156d34a82bc65c-00699a7a52" "container-server 98785" 0.0040 "-" 98425 0
Feb 21 22:38:58 np0005625961.novalocal container-server[98785]: ::1 - - [22/Feb/2026:03:38:58 +0000] "PUT /1/113070/AUTH_e41560788c7b460fa374fdc94f22590f/gnocchi.705b9dce-1680-4a34-9fd2-b6e2eaa53843" 201 - "PUT https://[::1]:8080/v1/AUTH_e41560788c7b460fa374fdc94f22590f/gnocchi.705b9dce-1680-4a34-9fd2-b6e2eaa53843" "tx599aa6a156d34a82bc65c-00699a7a52" "proxy-server 100218" 0.0173 "-" 98785 0
Feb 21 22:38:58 np0005625961.novalocal account-server[98425]: ::1 - - [22/Feb/2026:03:38:58 +0000] "PUT /2/161627/AUTH_e41560788c7b460fa374fdc94f22590f/gnocchi.705b9dce-1680-4a34-9fd2-b6e2eaa53843" 201 - "PUT http://[::1]:6001/2/113070/AUTH_e41560788c7b460fa374fdc94f22590f/gnocchi.705b9dce-1680-4a34-9fd2-b6e2eaa53843" "tx599aa6a156d34a82bc65c-00699a7a52" "container-server 98786" 0.0037 "-" 98425 0
Feb 21 22:38:58 np0005625961.novalocal container-server[98786]: ::1 - - [22/Feb/2026:03:38:58 +0000] "PUT /2/113070/AUTH_e41560788c7b460fa374fdc94f22590f/gnocchi.705b9dce-1680-4a34-9fd2-b6e2eaa53843" 201 - "PUT https://[::1]:8080/v1/AUTH_e41560788c7b460fa374fdc94f22590f/gnocchi.705b9dce-1680-4a34-9fd2-b6e2eaa53843" "tx599aa6a156d34a82bc65c-00699a7a52" "proxy-server 100218" 0.0320 "-" 98786 0
Feb 21 22:38:58 np0005625961.novalocal account-server[98425]: ::1 - - [22/Feb/2026:03:38:58 +0000] "PUT /1/161627/AUTH_e41560788c7b460fa374fdc94f22590f/gnocchi.705b9dce-1680-4a34-9fd2-b6e2eaa53843" 201 - "PUT http://[::1]:6001/3/113070/AUTH_e41560788c7b460fa374fdc94f22590f/gnocchi.705b9dce-1680-4a34-9fd2-b6e2eaa53843" "tx599aa6a156d34a82bc65c-00699a7a52" "container-server 98786" 0.0033 "-" 98425 0
Feb 21 22:38:58 np0005625961.novalocal container-server[98786]: ::1 - - [22/Feb/2026:03:38:58 +0000] "PUT /3/113070/AUTH_e41560788c7b460fa374fdc94f22590f/gnocchi.705b9dce-1680-4a34-9fd2-b6e2eaa53843" 201 - "PUT https://[::1]:8080/v1/AUTH_e41560788c7b460fa374fdc94f22590f/gnocchi.705b9dce-1680-4a34-9fd2-b6e2eaa53843" "tx599aa6a156d34a82bc65c-00699a7a52" "proxy-server 100218" 0.0218 "-" 98786 0
Feb 21 22:38:58 np0005625961.novalocal proxy-server[100218]: ::1 ::1 22/Feb/2026/03/38/58 PUT /v1/AUTH_e41560788c7b460fa374fdc94f22590f/gnocchi.705b9dce-1680-4a34-9fd2-b6e2eaa53843 HTTP/1.0 201 - python-swiftclient-4.8.0 gAAAAABpmnpRlsm9... - - - tx599aa6a156d34a82bc65c-00699a7a52 - 0.0435 - - 1771731538.939689398 1771731538.983155251 0 17d6eceedce248e7bcac4363c7b2aeaa
Feb 21 22:38:58 np0005625961.novalocal container-server[98785]: ::1 - - [22/Feb/2026:03:38:58 +0000] "HEAD /2/114909/AUTH_e41560788c7b460fa374fdc94f22590f/gnocchi.75cc0040-0d5d-4269-9e90-665d632d61c3" 404 - "HEAD http://[::1]:8080/v1/AUTH_e41560788c7b460fa374fdc94f22590f/gnocchi.75cc0040-0d5d-4269-9e90-665d632d61c3" "txf2f36434ce3d43cf9dc20-00699a7a52" "proxy-server 100218" 0.0003 "-" 98785 0
Feb 21 22:38:58 np0005625961.novalocal container-server[98786]: ::1 - - [22/Feb/2026:03:38:58 +0000] "HEAD /1/114909/AUTH_e41560788c7b460fa374fdc94f22590f/gnocchi.75cc0040-0d5d-4269-9e90-665d632d61c3" 404 - "HEAD http://[::1]:8080/v1/AUTH_e41560788c7b460fa374fdc94f22590f/gnocchi.75cc0040-0d5d-4269-9e90-665d632d61c3" "txf2f36434ce3d43cf9dc20-00699a7a52" "proxy-server 100218" 0.0003 "-" 98786 0
Feb 21 22:38:58 np0005625961.novalocal container-server[98786]: ::1 - - [22/Feb/2026:03:38:58 +0000] "HEAD /3/114909/AUTH_e41560788c7b460fa374fdc94f22590f/gnocchi.75cc0040-0d5d-4269-9e90-665d632d61c3" 404 - "HEAD http://[::1]:8080/v1/AUTH_e41560788c7b460fa374fdc94f22590f/gnocchi.75cc0040-0d5d-4269-9e90-665d632d61c3" "txf2f36434ce3d43cf9dc20-00699a7a52" "proxy-server 100218" 0.0004 "-" 98786 0
Feb 21 22:38:59 np0005625961.novalocal proxy-server[100218]: - - 22/Feb/2026/03/38/58 HEAD /v1/AUTH_e41560788c7b460fa374fdc94f22590f/gnocchi.75cc0040-0d5d-4269-9e90-665d632d61c3 HTTP/1.0 404 - Swift - - - - txf2f36434ce3d43cf9dc20-00699a7a52 - 0.0109 CS - 1771731538.988642454 1771731538.999535799 0 -
Feb 21 22:38:59 np0005625961.novalocal object-server[99152]: ::1 - - [22/Feb/2026:03:38:59 +0000] "GET /2/24117/AUTH_e41560788c7b460fa374fdc94f22590f/gnocchi.75cc0040-0d5d-4269-9e90-665d632d61c3/none_v3" 404 70 "GET https://[::1]:8080/v1/AUTH_e41560788c7b460fa374fdc94f22590f/gnocchi.75cc0040-0d5d-4269-9e90-665d632d61c3/none_v3" "txf2f36434ce3d43cf9dc20-00699a7a52" "proxy-server 100218" 0.0005 "-" 99152 0
Feb 21 22:38:59 np0005625961.novalocal object-server[99152]: ::1 - - [22/Feb/2026:03:38:59 +0000] "GET /3/24117/AUTH_e41560788c7b460fa374fdc94f22590f/gnocchi.75cc0040-0d5d-4269-9e90-665d632d61c3/none_v3" 404 70 "GET https://[::1]:8080/v1/AUTH_e41560788c7b460fa374fdc94f22590f/gnocchi.75cc0040-0d5d-4269-9e90-665d632d61c3/none_v3" "txf2f36434ce3d43cf9dc20-00699a7a52" "proxy-server 100218" 0.0004 "-" 99152 0
Feb 21 22:38:59 np0005625961.novalocal object-server[99152]: ::1 - - [22/Feb/2026:03:38:59 +0000] "GET /1/24117/AUTH_e41560788c7b460fa374fdc94f22590f/gnocchi.75cc0040-0d5d-4269-9e90-665d632d61c3/none_v3" 404 70 "GET https://[::1]:8080/v1/AUTH_e41560788c7b460fa374fdc94f22590f/gnocchi.75cc0040-0d5d-4269-9e90-665d632d61c3/none_v3" "txf2f36434ce3d43cf9dc20-00699a7a52" "proxy-server 100218" 0.0005 "-" 99152 0
Feb 21 22:38:59 np0005625961.novalocal proxy-server[100218]: ::1 ::1 22/Feb/2026/03/38/59 GET /v1/AUTH_e41560788c7b460fa374fdc94f22590f/gnocchi.75cc0040-0d5d-4269-9e90-665d632d61c3/none_v3 HTTP/1.0 404 - python-swiftclient-4.8.0 gAAAAABpmnpRlsm9... - 70 - txf2f36434ce3d43cf9dc20-00699a7a52 - 0.0319 - - 1771731538.987872362 1771731539.019757748 0 17d6eceedce248e7bcac4363c7b2aeaa
Feb 21 22:38:59 np0005625961.novalocal account-server[98426]: ::1 - - [22/Feb/2026:03:38:59 +0000] "PUT /2/161627/AUTH_e41560788c7b460fa374fdc94f22590f/gnocchi.75cc0040-0d5d-4269-9e90-665d632d61c3" 201 - "PUT http://[::1]:6001/2/114909/AUTH_e41560788c7b460fa374fdc94f22590f/gnocchi.75cc0040-0d5d-4269-9e90-665d632d61c3" "tx2c717589e721450694b28-00699a7a53" "container-server 98785" 0.0038 "-" 98426 0
Feb 21 22:38:59 np0005625961.novalocal container-server[98785]: ::1 - - [22/Feb/2026:03:38:59 +0000] "PUT /2/114909/AUTH_e41560788c7b460fa374fdc94f22590f/gnocchi.75cc0040-0d5d-4269-9e90-665d632d61c3" 201 - "PUT https://[::1]:8080/v1/AUTH_e41560788c7b460fa374fdc94f22590f/gnocchi.75cc0040-0d5d-4269-9e90-665d632d61c3" "tx2c717589e721450694b28-00699a7a53" "proxy-server 100218" 0.0147 "-" 98785 0
Feb 21 22:38:59 np0005625961.novalocal account-server[98425]: ::1 - - [22/Feb/2026:03:38:59 +0000] "PUT /1/161627/AUTH_e41560788c7b460fa374fdc94f22590f/gnocchi.75cc0040-0d5d-4269-9e90-665d632d61c3" 201 - "PUT http://[::1]:6001/1/114909/AUTH_e41560788c7b460fa374fdc94f22590f/gnocchi.75cc0040-0d5d-4269-9e90-665d632d61c3" "tx2c717589e721450694b28-00699a7a53" "container-server 98786" 0.0037 "-" 98425 0
Feb 21 22:38:59 np0005625961.novalocal container-server[98786]: ::1 - - [22/Feb/2026:03:38:59 +0000] "PUT /1/114909/AUTH_e41560788c7b460fa374fdc94f22590f/gnocchi.75cc0040-0d5d-4269-9e90-665d632d61c3" 201 - "PUT https://[::1]:8080/v1/AUTH_e41560788c7b460fa374fdc94f22590f/gnocchi.75cc0040-0d5d-4269-9e90-665d632d61c3" "tx2c717589e721450694b28-00699a7a53" "proxy-server 100218" 0.0268 "-" 98786 0
Feb 21 22:38:59 np0005625961.novalocal account-server[98426]: ::1 - - [22/Feb/2026:03:38:59 +0000] "PUT /3/161627/AUTH_e41560788c7b460fa374fdc94f22590f/gnocchi.75cc0040-0d5d-4269-9e90-665d632d61c3" 201 - "PUT http://[::1]:6001/3/114909/AUTH_e41560788c7b460fa374fdc94f22590f/gnocchi.75cc0040-0d5d-4269-9e90-665d632d61c3" "tx2c717589e721450694b28-00699a7a53" "container-server 98786" 0.0034 "-" 98426 0
Feb 21 22:38:59 np0005625961.novalocal container-server[98786]: ::1 - - [22/Feb/2026:03:38:59 +0000] "PUT /3/114909/AUTH_e41560788c7b460fa374fdc94f22590f/gnocchi.75cc0040-0d5d-4269-9e90-665d632d61c3" 201 - "PUT https://[::1]:8080/v1/AUTH_e41560788c7b460fa374fdc94f22590f/gnocchi.75cc0040-0d5d-4269-9e90-665d632d61c3" "tx2c717589e721450694b28-00699a7a53" "proxy-server 100218" 0.0186 "-" 98786 0
Feb 21 22:38:59 np0005625961.novalocal proxy-server[100218]: ::1 ::1 22/Feb/2026/03/38/59 PUT /v1/AUTH_e41560788c7b460fa374fdc94f22590f/gnocchi.75cc0040-0d5d-4269-9e90-665d632d61c3 HTTP/1.0 201 - python-swiftclient-4.8.0 gAAAAABpmnpRlsm9... - - - tx2c717589e721450694b28-00699a7a53 - 0.0486 - - 1771731539.022204638 1771731539.070806742 0 17d6eceedce248e7bcac4363c7b2aeaa
Feb 21 22:38:59 np0005625961.novalocal container-server[98785]: ::1 - - [22/Feb/2026:03:38:59 +0000] "HEAD /3/113070/AUTH_e41560788c7b460fa374fdc94f22590f/gnocchi.705b9dce-1680-4a34-9fd2-b6e2eaa53843" 204 - "HEAD http://[::1]:8080/v1/AUTH_e41560788c7b460fa374fdc94f22590f/gnocchi.705b9dce-1680-4a34-9fd2-b6e2eaa53843" "txbcc8c075cfba41488f84d-00699a7a53" "proxy-server 100218" 0.0020 "-" 98785 0
Feb 21 22:38:59 np0005625961.novalocal proxy-server[100218]: - - 22/Feb/2026/03/38/59 HEAD /v1/AUTH_e41560788c7b460fa374fdc94f22590f/gnocchi.705b9dce-1680-4a34-9fd2-b6e2eaa53843 HTTP/1.0 204 - Swift - - - - txbcc8c075cfba41488f84d-00699a7a53 - 0.0069 CS - 1771731539.075978994 1771731539.082888365 0 -
Feb 21 22:38:59 np0005625961.novalocal container-server[98785]: ::1 - - [22/Feb/2026:03:38:59 +0000] "GET /2/113070/AUTH_e41560788c7b460fa374fdc94f22590f/gnocchi.705b9dce-1680-4a34-9fd2-b6e2eaa53843" 200 2 "GET https://[::1]:8080/v1/AUTH_e41560788c7b460fa374fdc94f22590f/gnocchi.705b9dce-1680-4a34-9fd2-b6e2eaa53843?format=json&states=listing" "txbcc8c075cfba41488f84d-00699a7a53" "proxy-server 100218" 0.0030 "-" 98785 0
Feb 21 22:38:59 np0005625961.novalocal proxy-server[100218]: ::1 ::1 22/Feb/2026/03/38/59 GET /v1/AUTH_e41560788c7b460fa374fdc94f22590f/gnocchi.705b9dce-1680-4a34-9fd2-b6e2eaa53843%3Fformat%3Djson%26states%3Dlisting HTTP/1.0 200 - python-swiftclient-4.8.0 gAAAAABpmnpRlsm9... - 2 - txbcc8c075cfba41488f84d-00699a7a53 - 0.0202 - - 1771731539.075034142 1771731539.095210552 0 17d6eceedce248e7bcac4363c7b2aeaa
Feb 21 22:38:59 np0005625961.novalocal container-server[98785]: ::1 - - [22/Feb/2026:03:38:59 +0000] "HEAD /3/114909/AUTH_e41560788c7b460fa374fdc94f22590f/gnocchi.75cc0040-0d5d-4269-9e90-665d632d61c3" 204 - "HEAD http://[::1]:8080/v1/AUTH_e41560788c7b460fa374fdc94f22590f/gnocchi.75cc0040-0d5d-4269-9e90-665d632d61c3" "tx6b1c1de9d362457b9e2f2-00699a7a53" "proxy-server 100218" 0.0017 "-" 98785 0
Feb 21 22:38:59 np0005625961.novalocal proxy-server[100218]: - - 22/Feb/2026/03/38/59 HEAD /v1/AUTH_e41560788c7b460fa374fdc94f22590f/gnocchi.75cc0040-0d5d-4269-9e90-665d632d61c3 HTTP/1.0 204 - Swift - - - - tx6b1c1de9d362457b9e2f2-00699a7a53 - 0.0060 CS - 1771731539.100270271 1771731539.106296539 0 -
Feb 21 22:38:59 np0005625961.novalocal container-server[98785]: ::1 - - [22/Feb/2026:03:38:59 +0000] "GET /1/114909/AUTH_e41560788c7b460fa374fdc94f22590f/gnocchi.75cc0040-0d5d-4269-9e90-665d632d61c3" 200 2 "GET https://[::1]:8080/v1/AUTH_e41560788c7b460fa374fdc94f22590f/gnocchi.75cc0040-0d5d-4269-9e90-665d632d61c3?format=json&states=listing" "tx6b1c1de9d362457b9e2f2-00699a7a53" "proxy-server 100218" 0.0031 "-" 98785 0
Feb 21 22:38:59 np0005625961.novalocal proxy-server[100218]: ::1 ::1 22/Feb/2026/03/38/59 GET /v1/AUTH_e41560788c7b460fa374fdc94f22590f/gnocchi.75cc0040-0d5d-4269-9e90-665d632d61c3%3Fformat%3Djson%26states%3Dlisting HTTP/1.0 200 - python-swiftclient-4.8.0 gAAAAABpmnpRlsm9... - 2 - tx6b1c1de9d362457b9e2f2-00699a7a53 - 0.0187 - - 1771731539.099454165 1771731539.118175983 0 17d6eceedce248e7bcac4363c7b2aeaa
Feb 21 22:38:59 np0005625961.novalocal object-server[99152]: ::1 - - [22/Feb/2026:03:38:59 +0000] "GET /3/218271/AUTH_e41560788c7b460fa374fdc94f22590f/gnocchi.705b9dce-1680-4a34-9fd2-b6e2eaa53843/1771200000.0_mean_300.0_v3" 404 70 "GET https://[::1]:8080/v1/AUTH_e41560788c7b460fa374fdc94f22590f/gnocchi.705b9dce-1680-4a34-9fd2-b6e2eaa53843/1771200000.0_mean_300.0_v3" "tx88723488dfca4f28a0b61-00699a7a53" "proxy-server 100218" 0.0011 "-" 99152 0
Feb 21 22:38:59 np0005625961.novalocal object-server[99151]: ::1 - - [22/Feb/2026:03:38:59 +0000] "GET /2/218271/AUTH_e41560788c7b460fa374fdc94f22590f/gnocchi.705b9dce-1680-4a34-9fd2-b6e2eaa53843/1771200000.0_mean_300.0_v3" 404 70 "GET https://[::1]:8080/v1/AUTH_e41560788c7b460fa374fdc94f22590f/gnocchi.705b9dce-1680-4a34-9fd2-b6e2eaa53843/1771200000.0_mean_300.0_v3" "tx88723488dfca4f28a0b61-00699a7a53" "proxy-server 100218" 0.0004 "-" 99151 0
Feb 21 22:38:59 np0005625961.novalocal object-server[99151]: ::1 - - [22/Feb/2026:03:38:59 +0000] "GET /1/218271/AUTH_e41560788c7b460fa374fdc94f22590f/gnocchi.705b9dce-1680-4a34-9fd2-b6e2eaa53843/1771200000.0_mean_300.0_v3" 404 70 "GET https://[::1]:8080/v1/AUTH_e41560788c7b460fa374fdc94f22590f/gnocchi.705b9dce-1680-4a34-9fd2-b6e2eaa53843/1771200000.0_mean_300.0_v3" "tx88723488dfca4f28a0b61-00699a7a53" "proxy-server 100218" 0.0004 "-" 99151 0
Feb 21 22:38:59 np0005625961.novalocal proxy-server[100218]: ::1 ::1 22/Feb/2026/03/38/59 GET /v1/AUTH_e41560788c7b460fa374fdc94f22590f/gnocchi.705b9dce-1680-4a34-9fd2-b6e2eaa53843/1771200000.0_mean_300.0_v3 HTTP/1.0 404 - python-swiftclient-4.8.0 gAAAAABpmnpRlsm9... - 70 - tx88723488dfca4f28a0b61-00699a7a53 - 0.0144 - - 1771731539.121290445 1771731539.135739803 0 17d6eceedce248e7bcac4363c7b2aeaa
Feb 21 22:38:59 np0005625961.novalocal object-server[99152]: ::1 - - [22/Feb/2026:03:38:59 +0000] "GET /2/224541/AUTH_e41560788c7b460fa374fdc94f22590f/gnocchi.75cc0040-0d5d-4269-9e90-665d632d61c3/1771200000.0_mean_300.0_v3" 404 70 "GET https://[::1]:8080/v1/AUTH_e41560788c7b460fa374fdc94f22590f/gnocchi.75cc0040-0d5d-4269-9e90-665d632d61c3/1771200000.0_mean_300.0_v3" "tx92822fb16e78474c84055-00699a7a53" "proxy-server 100218" 0.0003 "-" 99152 0
Feb 21 22:38:59 np0005625961.novalocal object-server[99151]: ::1 - - [22/Feb/2026:03:38:59 +0000] "GET /1/224541/AUTH_e41560788c7b460fa374fdc94f22590f/gnocchi.75cc0040-0d5d-4269-9e90-665d632d61c3/1771200000.0_mean_300.0_v3" 404 70 "GET https://[::1]:8080/v1/AUTH_e41560788c7b460fa374fdc94f22590f/gnocchi.75cc0040-0d5d-4269-9e90-665d632d61c3/1771200000.0_mean_300.0_v3" "tx92822fb16e78474c84055-00699a7a53" "proxy-server 100218" 0.0004 "-" 99151 0
Feb 21 22:38:59 np0005625961.novalocal object-server[99151]: ::1 - - [22/Feb/2026:03:38:59 +0000] "GET /3/224541/AUTH_e41560788c7b460fa374fdc94f22590f/gnocchi.75cc0040-0d5d-4269-9e90-665d632d61c3/1771200000.0_mean_300.0_v3" 404 70 "GET https://[::1]:8080/v1/AUTH_e41560788c7b460fa374fdc94f22590f/gnocchi.75cc0040-0d5d-4269-9e90-665d632d61c3/1771200000.0_mean_300.0_v3" "tx92822fb16e78474c84055-00699a7a53" "proxy-server 100218" 0.0003 "-" 99151 0
Feb 21 22:38:59 np0005625961.novalocal proxy-server[100218]: ::1 ::1 22/Feb/2026/03/38/59 GET /v1/AUTH_e41560788c7b460fa374fdc94f22590f/gnocchi.75cc0040-0d5d-4269-9e90-665d632d61c3/1771200000.0_mean_300.0_v3 HTTP/1.0 404 - python-swiftclient-4.8.0 gAAAAABpmnpRlsm9... - 70 - tx92822fb16e78474c84055-00699a7a53 - 0.0151 - - 1771731539.138322592 1771731539.153455019 0 17d6eceedce248e7bcac4363c7b2aeaa
Feb 21 22:38:59 np0005625961.novalocal container-server[98786]: ::1 - - [22/Feb/2026:03:38:59 +0000] "HEAD /3/23514/AUTH_e41560788c7b460fa374fdc94f22590f/gnocchi.1f6ca75c-146d-46f0-9d2b-a29ffb96ae8f" 404 - "HEAD http://[::1]:8080/v1/AUTH_e41560788c7b460fa374fdc94f22590f/gnocchi.1f6ca75c-146d-46f0-9d2b-a29ffb96ae8f" "tx35b5dbce56cd47c0a02fe-00699a7a53" "proxy-server 100219" 0.0004 "-" 98786 0
Feb 21 22:38:59 np0005625961.novalocal container-server[98785]: ::1 - - [22/Feb/2026:03:38:59 +0000] "HEAD /1/23514/AUTH_e41560788c7b460fa374fdc94f22590f/gnocchi.1f6ca75c-146d-46f0-9d2b-a29ffb96ae8f" 404 - "HEAD http://[::1]:8080/v1/AUTH_e41560788c7b460fa374fdc94f22590f/gnocchi.1f6ca75c-146d-46f0-9d2b-a29ffb96ae8f" "tx35b5dbce56cd47c0a02fe-00699a7a53" "proxy-server 100219" 0.0005 "-" 98785 0
Feb 21 22:38:59 np0005625961.novalocal container-server[98785]: ::1 - - [22/Feb/2026:03:38:59 +0000] "HEAD /2/23514/AUTH_e41560788c7b460fa374fdc94f22590f/gnocchi.1f6ca75c-146d-46f0-9d2b-a29ffb96ae8f" 404 - "HEAD http://[::1]:8080/v1/AUTH_e41560788c7b460fa374fdc94f22590f/gnocchi.1f6ca75c-146d-46f0-9d2b-a29ffb96ae8f" "tx35b5dbce56cd47c0a02fe-00699a7a53" "proxy-server 100219" 0.0003 "-" 98785 0
Feb 21 22:38:59 np0005625961.novalocal proxy-server[100219]: - - 22/Feb/2026/03/38/59 HEAD /v1/AUTH_e41560788c7b460fa374fdc94f22590f/gnocchi.1f6ca75c-146d-46f0-9d2b-a29ffb96ae8f HTTP/1.0 404 - Swift - - - - tx35b5dbce56cd47c0a02fe-00699a7a53 - 0.0252 CS - 1771731539.138018608 1771731539.163226366 0 -
Feb 21 22:38:59 np0005625961.novalocal container-server[98786]: ::1 - - [22/Feb/2026:03:38:59 +0000] "PUT /1/113070/AUTH_e41560788c7b460fa374fdc94f22590f/gnocchi.705b9dce-1680-4a34-9fd2-b6e2eaa53843/1771200000.0_mean_300.0_v3" 201 - "PUT http://[::1]:8080/3/218271/AUTH_e41560788c7b460fa374fdc94f22590f/gnocchi.705b9dce-1680-4a34-9fd2-b6e2eaa53843/1771200000.0_mean_300.0_v3" "tx49453cfff93e41cf82232-00699a7a53" "object-server 99151" 0.0010 "-" 98786 0
Feb 21 22:38:59 np0005625961.novalocal container-server[98785]: ::1 - - [22/Feb/2026:03:38:59 +0000] "PUT /2/113070/AUTH_e41560788c7b460fa374fdc94f22590f/gnocchi.705b9dce-1680-4a34-9fd2-b6e2eaa53843/1771200000.0_mean_300.0_v3" 201 - "PUT http://[::1]:8080/1/218271/AUTH_e41560788c7b460fa374fdc94f22590f/gnocchi.705b9dce-1680-4a34-9fd2-b6e2eaa53843/1771200000.0_mean_300.0_v3" "tx49453cfff93e41cf82232-00699a7a53" "object-server 99152" 0.0008 "-" 98785 0
Feb 21 22:38:59 np0005625961.novalocal object-server[99152]: ::1 - - [22/Feb/2026:03:38:59 +0000] "PUT /1/218271/AUTH_e41560788c7b460fa374fdc94f22590f/gnocchi.705b9dce-1680-4a34-9fd2-b6e2eaa53843/1771200000.0_mean_300.0_v3" 201 - "PUT https://[::1]:8080/v1/AUTH_e41560788c7b460fa374fdc94f22590f/gnocchi.705b9dce-1680-4a34-9fd2-b6e2eaa53843/1771200000.0_mean_300.0_v3" "tx49453cfff93e41cf82232-00699a7a53" "proxy-server 100218" 0.0171 "-" 99152 0
Feb 21 22:38:59 np0005625961.novalocal object-server[99151]: ::1 - - [22/Feb/2026:03:38:59 +0000] "PUT /3/218271/AUTH_e41560788c7b460fa374fdc94f22590f/gnocchi.705b9dce-1680-4a34-9fd2-b6e2eaa53843/1771200000.0_mean_300.0_v3" 201 - "PUT https://[::1]:8080/v1/AUTH_e41560788c7b460fa374fdc94f22590f/gnocchi.705b9dce-1680-4a34-9fd2-b6e2eaa53843/1771200000.0_mean_300.0_v3" "tx49453cfff93e41cf82232-00699a7a53" "proxy-server 100218" 0.0151 "-" 99151 0
Feb 21 22:38:59 np0005625961.novalocal container-server[98786]: ::1 - - [22/Feb/2026:03:38:59 +0000] "PUT /3/113070/AUTH_e41560788c7b460fa374fdc94f22590f/gnocchi.705b9dce-1680-4a34-9fd2-b6e2eaa53843/1771200000.0_mean_300.0_v3" 201 - "PUT http://[::1]:8080/2/218271/AUTH_e41560788c7b460fa374fdc94f22590f/gnocchi.705b9dce-1680-4a34-9fd2-b6e2eaa53843/1771200000.0_mean_300.0_v3" "tx49453cfff93e41cf82232-00699a7a53" "object-server 99152" 0.0010 "-" 98786 0
Feb 21 22:38:59 np0005625961.novalocal object-server[99152]: ::1 - - [22/Feb/2026:03:38:59 +0000] "PUT /2/218271/AUTH_e41560788c7b460fa374fdc94f22590f/gnocchi.705b9dce-1680-4a34-9fd2-b6e2eaa53843/1771200000.0_mean_300.0_v3" 201 - "PUT https://[::1]:8080/v1/AUTH_e41560788c7b460fa374fdc94f22590f/gnocchi.705b9dce-1680-4a34-9fd2-b6e2eaa53843/1771200000.0_mean_300.0_v3" "tx49453cfff93e41cf82232-00699a7a53" "proxy-server 100218" 0.0176 "-" 99152 0
Feb 21 22:38:59 np0005625961.novalocal proxy-server[100218]: ::1 ::1 22/Feb/2026/03/38/59 PUT /v1/AUTH_e41560788c7b460fa374fdc94f22590f/gnocchi.705b9dce-1680-4a34-9fd2-b6e2eaa53843/1771200000.0_mean_300.0_v3 HTTP/1.0 201 - python-swiftclient-4.8.0 gAAAAABpmnpRlsm9... 16 - - tx49453cfff93e41cf82232-00699a7a53 - 0.0351 - - 1771731539.156422138 1771731539.191493034 0 17d6eceedce248e7bcac4363c7b2aeaa
