Feb 21 22:39:55 np0005625961.novalocal container-server[98785]: ::1 - - [22/Feb/2026:03:39:55 +0000] "GET /1/245468/AUTH_e41560788c7b460fa374fdc94f22590f/gnocchi.cadb8074-bb62-4cc1-b268-b22c6a6f949a" 200 2 "GET https://[::1]:8080/v1/AUTH_e41560788c7b460fa374fdc94f22590f/gnocchi.cadb8074-bb62-4cc1-b268-b22c6a6f949a?format=json&marker=none_v3&states=listing" "tx652af37f7d4e4f538019f-00699a7a8b" "proxy-server 100218" 0.0019 "-" 98785 0
Feb 21 22:39:55 np0005625961.novalocal proxy-server[100218]: ::1 ::1 22/Feb/2026/03/39/55 GET /v1/AUTH_e41560788c7b460fa374fdc94f22590f/gnocchi.cadb8074-bb62-4cc1-b268-b22c6a6f949a%3Fformat%3Djson%26marker%3Dnone_v3%26states%3Dlisting HTTP/1.0 200 - python-swiftclient-4.8.0 gAAAAABpmnpRlsm9... - 2 - tx652af37f7d4e4f538019f-00699a7a8b - 0.0115 - - 1771731595.319600821 1771731595.331139803 0 17d6eceedce248e7bcac4363c7b2aeaa
Feb 21 22:39:55 np0005625961.novalocal object-server[99151]: ::1 - - [22/Feb/2026:03:39:55 +0000] "GET /2/109239/AUTH_e41560788c7b460fa374fdc94f22590f/gnocchi.cadb8074-bb62-4cc1-b268-b22c6a6f949a/1771200000.0_mean_300.0_v3" 200 16 "GET https://[::1]:8080/v1/AUTH_e41560788c7b460fa374fdc94f22590f/gnocchi.cadb8074-bb62-4cc1-b268-b22c6a6f949a/1771200000.0_mean_300.0_v3" "txc88b816d4019452eb8a26-00699a7a8b" "proxy-server 100218" 0.0011 "-" 99151 0
Feb 21 22:39:55 np0005625961.novalocal proxy-server[100218]: ::1 ::1 22/Feb/2026/03/39/55 GET /v1/AUTH_e41560788c7b460fa374fdc94f22590f/gnocchi.cadb8074-bb62-4cc1-b268-b22c6a6f949a/1771200000.0_mean_300.0_v3 HTTP/1.0 200 - python-swiftclient-4.8.0 gAAAAABpmnpRlsm9... - 16 - txc88b816d4019452eb8a26-00699a7a8b - 0.0112 - - 1771731595.335760593 1771731595.346986055 0 17d6eceedce248e7bcac4363c7b2aeaa
Feb 21 22:39:55 np0005625961.novalocal container-server[98785]: ::1 - - [22/Feb/2026:03:39:55 +0000] "PUT /2/245468/AUTH_e41560788c7b460fa374fdc94f22590f/gnocchi.cadb8074-bb62-4cc1-b268-b22c6a6f949a/1771200000.0_mean_300.0_v3" 201 - "PUT http://[::1]:8080/1/109239/AUTH_e41560788c7b460fa374fdc94f22590f/gnocchi.cadb8074-bb62-4cc1-b268-b22c6a6f949a/1771200000.0_mean_300.0_v3" "tx64bbb85564494963b7450-00699a7a8b" "object-server 99152" 0.0009 "-" 98785 0
Feb 21 22:39:55 np0005625961.novalocal object-server[99152]: ::1 - - [22/Feb/2026:03:39:55 +0000] "PUT /1/109239/AUTH_e41560788c7b460fa374fdc94f22590f/gnocchi.cadb8074-bb62-4cc1-b268-b22c6a6f949a/1771200000.0_mean_300.0_v3" 201 - "PUT https://[::1]:8080/v1/AUTH_e41560788c7b460fa374fdc94f22590f/gnocchi.cadb8074-bb62-4cc1-b268-b22c6a6f949a/1771200000.0_mean_300.0_v3" "tx64bbb85564494963b7450-00699a7a8b" "proxy-server 100218" 0.0150 "-" 99152 0
Feb 21 22:39:55 np0005625961.novalocal container-server[98786]: ::1 - - [22/Feb/2026:03:39:55 +0000] "PUT /3/245468/AUTH_e41560788c7b460fa374fdc94f22590f/gnocchi.cadb8074-bb62-4cc1-b268-b22c6a6f949a/1771200000.0_mean_300.0_v3" 201 - "PUT http://[::1]:8080/3/109239/AUTH_e41560788c7b460fa374fdc94f22590f/gnocchi.cadb8074-bb62-4cc1-b268-b22c6a6f949a/1771200000.0_mean_300.0_v3" "tx64bbb85564494963b7450-00699a7a8b" "object-server 99152" 0.0010 "-" 98786 0
Feb 21 22:39:55 np0005625961.novalocal object-server[99152]: ::1 - - [22/Feb/2026:03:39:55 +0000] "PUT /3/109239/AUTH_e41560788c7b460fa374fdc94f22590f/gnocchi.cadb8074-bb62-4cc1-b268-b22c6a6f949a/1771200000.0_mean_300.0_v3" 201 - "PUT https://[::1]:8080/v1/AUTH_e41560788c7b460fa374fdc94f22590f/gnocchi.cadb8074-bb62-4cc1-b268-b22c6a6f949a/1771200000.0_mean_300.0_v3" "tx64bbb85564494963b7450-00699a7a8b" "proxy-server 100218" 0.0233 "-" 99152 0
Feb 21 22:39:55 np0005625961.novalocal container-server[98785]: ::1 - - [22/Feb/2026:03:39:55 +0000] "PUT /1/245468/AUTH_e41560788c7b460fa374fdc94f22590f/gnocchi.cadb8074-bb62-4cc1-b268-b22c6a6f949a/1771200000.0_mean_300.0_v3" 201 - "PUT http://[::1]:8080/2/109239/AUTH_e41560788c7b460fa374fdc94f22590f/gnocchi.cadb8074-bb62-4cc1-b268-b22c6a6f949a/1771200000.0_mean_300.0_v3" "tx64bbb85564494963b7450-00699a7a8b" "object-server 99152" 0.0006 "-" 98785 0
Feb 21 22:39:55 np0005625961.novalocal object-server[99152]: ::1 - - [22/Feb/2026:03:39:55 +0000] "PUT /2/109239/AUTH_e41560788c7b460fa374fdc94f22590f/gnocchi.cadb8074-bb62-4cc1-b268-b22c6a6f949a/1771200000.0_mean_300.0_v3" 201 - "PUT https://[::1]:8080/v1/AUTH_e41560788c7b460fa374fdc94f22590f/gnocchi.cadb8074-bb62-4cc1-b268-b22c6a6f949a/1771200000.0_mean_300.0_v3" "tx64bbb85564494963b7450-00699a7a8b" "proxy-server 100218" 0.0232 "-" 99152 0
Feb 21 22:39:55 np0005625961.novalocal proxy-server[100218]: ::1 ::1 22/Feb/2026/03/39/55 PUT /v1/AUTH_e41560788c7b460fa374fdc94f22590f/gnocchi.cadb8074-bb62-4cc1-b268-b22c6a6f949a/1771200000.0_mean_300.0_v3 HTTP/1.0 201 - python-swiftclient-4.8.0 gAAAAABpmnpRlsm9... 16 - - tx64bbb85564494963b7450-00699a7a8b - 0.0367 - - 1771731595.350761890 1771731595.387511015 0 17d6eceedce248e7bcac4363c7b2aeaa
Feb 21 22:39:55 np0005625961.novalocal container-server[98785]: ::1 - - [22/Feb/2026:03:39:55 +0000] "PUT /3/245468/AUTH_e41560788c7b460fa374fdc94f22590f/gnocchi.cadb8074-bb62-4cc1-b268-b22c6a6f949a/none_v3" 201 - "PUT http://[::1]:8080/2/130723/AUTH_e41560788c7b460fa374fdc94f22590f/gnocchi.cadb8074-bb62-4cc1-b268-b22c6a6f949a/none_v3" "txcbb67165a24f474583918-00699a7a8b" "object-server 99151" 0.0006 "-" 98785 0
Feb 21 22:39:55 np0005625961.novalocal object-server[99151]: ::1 - - [22/Feb/2026:03:39:55 +0000] "PUT /2/130723/AUTH_e41560788c7b460fa374fdc94f22590f/gnocchi.cadb8074-bb62-4cc1-b268-b22c6a6f949a/none_v3" 201 - "PUT https://[::1]:8080/v1/AUTH_e41560788c7b460fa374fdc94f22590f/gnocchi.cadb8074-bb62-4cc1-b268-b22c6a6f949a/none_v3" "txcbb67165a24f474583918-00699a7a8b" "proxy-server 100218" 0.0145 "-" 99151 0
Feb 21 22:39:55 np0005625961.novalocal container-server[98785]: ::1 - - [22/Feb/2026:03:39:55 +0000] "PUT /1/245468/AUTH_e41560788c7b460fa374fdc94f22590f/gnocchi.cadb8074-bb62-4cc1-b268-b22c6a6f949a/none_v3" 201 - "PUT http://[::1]:8080/1/130723/AUTH_e41560788c7b460fa374fdc94f22590f/gnocchi.cadb8074-bb62-4cc1-b268-b22c6a6f949a/none_v3" "txcbb67165a24f474583918-00699a7a8b" "object-server 99152" 0.0006 "-" 98785 0
Feb 21 22:39:55 np0005625961.novalocal object-server[99152]: ::1 - - [22/Feb/2026:03:39:55 +0000] "PUT /1/130723/AUTH_e41560788c7b460fa374fdc94f22590f/gnocchi.cadb8074-bb62-4cc1-b268-b22c6a6f949a/none_v3" 201 - "PUT https://[::1]:8080/v1/AUTH_e41560788c7b460fa374fdc94f22590f/gnocchi.cadb8074-bb62-4cc1-b268-b22c6a6f949a/none_v3" "txcbb67165a24f474583918-00699a7a8b" "proxy-server 100218" 0.0156 "-" 99152 0
Feb 21 22:39:55 np0005625961.novalocal container-server[98785]: ::1 - - [22/Feb/2026:03:39:55 +0000] "PUT /2/245468/AUTH_e41560788c7b460fa374fdc94f22590f/gnocchi.cadb8074-bb62-4cc1-b268-b22c6a6f949a/none_v3" 201 - "PUT http://[::1]:8080/3/130723/AUTH_e41560788c7b460fa374fdc94f22590f/gnocchi.cadb8074-bb62-4cc1-b268-b22c6a6f949a/none_v3" "txcbb67165a24f474583918-00699a7a8b" "object-server 99152" 0.0008 "-" 98785 0
Feb 21 22:39:55 np0005625961.novalocal object-server[99152]: ::1 - - [22/Feb/2026:03:39:55 +0000] "PUT /3/130723/AUTH_e41560788c7b460fa374fdc94f22590f/gnocchi.cadb8074-bb62-4cc1-b268-b22c6a6f949a/none_v3" 201 - "PUT https://[::1]:8080/v1/AUTH_e41560788c7b460fa374fdc94f22590f/gnocchi.cadb8074-bb62-4cc1-b268-b22c6a6f949a/none_v3" "txcbb67165a24f474583918-00699a7a8b" "proxy-server 100218" 0.0224 "-" 99152 0
Feb 21 22:39:55 np0005625961.novalocal proxy-server[100218]: ::1 ::1 22/Feb/2026/03/39/55 PUT /v1/AUTH_e41560788c7b460fa374fdc94f22590f/gnocchi.cadb8074-bb62-4cc1-b268-b22c6a6f949a/none_v3 HTTP/1.0 201 - python-swiftclient-4.8.0 gAAAAABpmnpRlsm9... 46 - - txcbb67165a24f474583918-00699a7a8b - 0.0328 - - 1771731595.391379595 1771731595.424199343 0 17d6eceedce248e7bcac4363c7b2aeaa
Feb 21 22:39:55 np0005625961.novalocal object-server[99152]: ::1 - - [22/Feb/2026:03:39:55 +0000] "GET /3/31217/AUTH_e41560788c7b460fa374fdc94f22590f/gnocchi.4d68f372-617e-4f06-a629-d534257354dc/none_v3" 200 31 "GET https://[::1]:8080/v1/AUTH_e41560788c7b460fa374fdc94f22590f/gnocchi.4d68f372-617e-4f06-a629-d534257354dc/none_v3" "txbc42d0ce695942ebb082c-00699a7a8b" "proxy-server 100218" 0.0010 "-" 99152 0
Feb 21 22:39:55 np0005625961.novalocal proxy-server[100218]: ::1 ::1 22/Feb/2026/03/39/55 GET /v1/AUTH_e41560788c7b460fa374fdc94f22590f/gnocchi.4d68f372-617e-4f06-a629-d534257354dc/none_v3 HTTP/1.0 200 - python-swiftclient-4.8.0 gAAAAABpmnpRlsm9... - 31 - txbc42d0ce695942ebb082c-00699a7a8b - 0.0106 - - 1771731595.499483824 1771731595.510081053 0 17d6eceedce248e7bcac4363c7b2aeaa
Feb 21 22:39:55 np0005625961.novalocal container-server[98785]: ::1 - - [22/Feb/2026:03:39:55 +0000] "GET /2/111334/AUTH_e41560788c7b460fa374fdc94f22590f/gnocchi.4d68f372-617e-4f06-a629-d534257354dc" 200 357 "GET https://[::1]:8080/v1/AUTH_e41560788c7b460fa374fdc94f22590f/gnocchi.4d68f372-617e-4f06-a629-d534257354dc?format=json&states=listing" "tx932e933937694edc817ca-00699a7a8b" "proxy-server 100218" 0.0019 "-" 98785 0
Feb 21 22:39:55 np0005625961.novalocal proxy-server[100218]: ::1 ::1 22/Feb/2026/03/39/55 GET /v1/AUTH_e41560788c7b460fa374fdc94f22590f/gnocchi.4d68f372-617e-4f06-a629-d534257354dc%3Fformat%3Djson%26states%3Dlisting HTTP/1.0 200 - python-swiftclient-4.8.0 gAAAAABpmnpRlsm9... - 357 - tx932e933937694edc817ca-00699a7a8b - 0.0106 - - 1771731595.512860775 1771731595.523435354 0 17d6eceedce248e7bcac4363c7b2aeaa
Feb 21 22:39:55 np0005625961.novalocal container-server[98786]: ::1 - - [22/Feb/2026:03:39:55 +0000] "GET /2/111334/AUTH_e41560788c7b460fa374fdc94f22590f/gnocchi.4d68f372-617e-4f06-a629-d534257354dc" 200 2 "GET https://[::1]:8080/v1/AUTH_e41560788c7b460fa374fdc94f22590f/gnocchi.4d68f372-617e-4f06-a629-d534257354dc?format=json&marker=none_v3&states=listing" "tx33627b55872043798adfc-00699a7a8b" "proxy-server 100218" 0.0044 "-" 98786 0
Feb 21 22:39:55 np0005625961.novalocal proxy-server[100218]: ::1 ::1 22/Feb/2026/03/39/55 GET /v1/AUTH_e41560788c7b460fa374fdc94f22590f/gnocchi.4d68f372-617e-4f06-a629-d534257354dc%3Fformat%3Djson%26marker%3Dnone_v3%26states%3Dlisting HTTP/1.0 200 - python-swiftclient-4.8.0 gAAAAABpmnpRlsm9... - 2 - tx33627b55872043798adfc-00699a7a8b - 0.0117 - - 1771731595.525744438 1771731595.537474871 0 17d6eceedce248e7bcac4363c7b2aeaa
Feb 21 22:39:55 np0005625961.novalocal object-server[99151]: ::1 - - [22/Feb/2026:03:39:55 +0000] "GET /3/207080/AUTH_e41560788c7b460fa374fdc94f22590f/gnocchi.4d68f372-617e-4f06-a629-d534257354dc/1771200000.0_mean_300.0_v3" 200 16 "GET https://[::1]:8080/v1/AUTH_e41560788c7b460fa374fdc94f22590f/gnocchi.4d68f372-617e-4f06-a629-d534257354dc/1771200000.0_mean_300.0_v3" "txbcff8a5715ef4a35bddbd-00699a7a8b" "proxy-server 100218" 0.0010 "-" 99151 0
Feb 21 22:39:55 np0005625961.novalocal proxy-server[100218]: ::1 ::1 22/Feb/2026/03/39/55 GET /v1/AUTH_e41560788c7b460fa374fdc94f22590f/gnocchi.4d68f372-617e-4f06-a629-d534257354dc/1771200000.0_mean_300.0_v3 HTTP/1.0 200 - python-swiftclient-4.8.0 gAAAAABpmnpRlsm9... - 16 - txbcff8a5715ef4a35bddbd-00699a7a8b - 0.0057 - - 1771731595.539412022 1771731595.545087814 0 17d6eceedce248e7bcac4363c7b2aeaa
Feb 21 22:39:55 np0005625961.novalocal container-server[98786]: ::1 - - [22/Feb/2026:03:39:55 +0000] "PUT /3/111334/AUTH_e41560788c7b460fa374fdc94f22590f/gnocchi.4d68f372-617e-4f06-a629-d534257354dc/1771200000.0_mean_300.0_v3" 201 - "PUT http://[::1]:8080/2/207080/AUTH_e41560788c7b460fa374fdc94f22590f/gnocchi.4d68f372-617e-4f06-a629-d534257354dc/1771200000.0_mean_300.0_v3" "tx688fabd21dc24f2e87899-00699a7a8b" "object-server 99151" 0.0007 "-" 98786 0
Feb 21 22:39:55 np0005625961.novalocal container-server[98785]: ::1 - - [22/Feb/2026:03:39:55 +0000] "PUT /1/111334/AUTH_e41560788c7b460fa374fdc94f22590f/gnocchi.4d68f372-617e-4f06-a629-d534257354dc/1771200000.0_mean_300.0_v3" 201 - "PUT http://[::1]:8080/3/207080/AUTH_e41560788c7b460fa374fdc94f22590f/gnocchi.4d68f372-617e-4f06-a629-d534257354dc/1771200000.0_mean_300.0_v3" "tx688fabd21dc24f2e87899-00699a7a8b" "object-server 99152" 0.0004 "-" 98785 0
Feb 21 22:39:55 np0005625961.novalocal object-server[99152]: ::1 - - [22/Feb/2026:03:39:55 +0000] "PUT /3/207080/AUTH_e41560788c7b460fa374fdc94f22590f/gnocchi.4d68f372-617e-4f06-a629-d534257354dc/1771200000.0_mean_300.0_v3" 201 - "PUT https://[::1]:8080/v1/AUTH_e41560788c7b460fa374fdc94f22590f/gnocchi.4d68f372-617e-4f06-a629-d534257354dc/1771200000.0_mean_300.0_v3" "tx688fabd21dc24f2e87899-00699a7a8b" "proxy-server 100218" 0.0115 "-" 99152 0
Feb 21 22:39:55 np0005625961.novalocal container-server[98786]: ::1 - - [22/Feb/2026:03:39:55 +0000] "PUT /2/111334/AUTH_e41560788c7b460fa374fdc94f22590f/gnocchi.4d68f372-617e-4f06-a629-d534257354dc/1771200000.0_mean_300.0_v3" 201 - "PUT http://[::1]:8080/1/207080/AUTH_e41560788c7b460fa374fdc94f22590f/gnocchi.4d68f372-617e-4f06-a629-d534257354dc/1771200000.0_mean_300.0_v3" "tx688fabd21dc24f2e87899-00699a7a8b" "object-server 99151" 0.0006 "-" 98786 0
Feb 21 22:39:55 np0005625961.novalocal object-server[99151]: ::1 - - [22/Feb/2026:03:39:55 +0000] "PUT /2/207080/AUTH_e41560788c7b460fa374fdc94f22590f/gnocchi.4d68f372-617e-4f06-a629-d534257354dc/1771200000.0_mean_300.0_v3" 201 - "PUT https://[::1]:8080/v1/AUTH_e41560788c7b460fa374fdc94f22590f/gnocchi.4d68f372-617e-4f06-a629-d534257354dc/1771200000.0_mean_300.0_v3" "tx688fabd21dc24f2e87899-00699a7a8b" "proxy-server 100218" 0.0155 "-" 99151 0
Feb 21 22:39:55 np0005625961.novalocal object-server[99151]: ::1 - - [22/Feb/2026:03:39:55 +0000] "PUT /1/207080/AUTH_e41560788c7b460fa374fdc94f22590f/gnocchi.4d68f372-617e-4f06-a629-d534257354dc/1771200000.0_mean_300.0_v3" 201 - "PUT https://[::1]:8080/v1/AUTH_e41560788c7b460fa374fdc94f22590f/gnocchi.4d68f372-617e-4f06-a629-d534257354dc/1771200000.0_mean_300.0_v3" "tx688fabd21dc24f2e87899-00699a7a8b" "proxy-server 100218" 0.0184 "-" 99151 0
Feb 21 22:39:55 np0005625961.novalocal proxy-server[100218]: ::1 ::1 22/Feb/2026/03/39/55 PUT /v1/AUTH_e41560788c7b460fa374fdc94f22590f/gnocchi.4d68f372-617e-4f06-a629-d534257354dc/1771200000.0_mean_300.0_v3 HTTP/1.0 201 - python-swiftclient-4.8.0 gAAAAABpmnpRlsm9... 16 - - tx688fabd21dc24f2e87899-00699a7a8b - 0.0233 - - 1771731595.546638489 1771731595.569913864 0 17d6eceedce248e7bcac4363c7b2aeaa
Feb 21 22:39:55 np0005625961.novalocal container-server[98786]: ::1 - - [22/Feb/2026:03:39:55 +0000] "PUT /3/111334/AUTH_e41560788c7b460fa374fdc94f22590f/gnocchi.4d68f372-617e-4f06-a629-d534257354dc/none_v3" 201 - "PUT http://[::1]:8080/2/31217/AUTH_e41560788c7b460fa374fdc94f22590f/gnocchi.4d68f372-617e-4f06-a629-d534257354dc/none_v3" "txcdb1dc0d26204766b8a83-00699a7a8b" "object-server 99151" 0.0010 "-" 98786 0
Feb 21 22:39:55 np0005625961.novalocal object-server[99151]: ::1 - - [22/Feb/2026:03:39:55 +0000] "PUT /2/31217/AUTH_e41560788c7b460fa374fdc94f22590f/gnocchi.4d68f372-617e-4f06-a629-d534257354dc/none_v3" 201 - "PUT https://[::1]:8080/v1/AUTH_e41560788c7b460fa374fdc94f22590f/gnocchi.4d68f372-617e-4f06-a629-d534257354dc/none_v3" "txcdb1dc0d26204766b8a83-00699a7a8b" "proxy-server 100218" 0.0128 "-" 99151 0
Feb 21 22:39:55 np0005625961.novalocal container-server[98786]: ::1 - - [22/Feb/2026:03:39:55 +0000] "PUT /1/111334/AUTH_e41560788c7b460fa374fdc94f22590f/gnocchi.4d68f372-617e-4f06-a629-d534257354dc/none_v3" 201 - "PUT http://[::1]:8080/3/31217/AUTH_e41560788c7b460fa374fdc94f22590f/gnocchi.4d68f372-617e-4f06-a629-d534257354dc/none_v3" "txcdb1dc0d26204766b8a83-00699a7a8b" "object-server 99151" 0.0006 "-" 98786 0
Feb 21 22:39:55 np0005625961.novalocal object-server[99151]: ::1 - - [22/Feb/2026:03:39:55 +0000] "PUT /3/31217/AUTH_e41560788c7b460fa374fdc94f22590f/gnocchi.4d68f372-617e-4f06-a629-d534257354dc/none_v3" 201 - "PUT https://[::1]:8080/v1/AUTH_e41560788c7b460fa374fdc94f22590f/gnocchi.4d68f372-617e-4f06-a629-d534257354dc/none_v3" "txcdb1dc0d26204766b8a83-00699a7a8b" "proxy-server 100218" 0.0141 "-" 99151 0
Feb 21 22:39:55 np0005625961.novalocal container-server[98786]: ::1 - - [22/Feb/2026:03:39:55 +0000] "PUT /2/111334/AUTH_e41560788c7b460fa374fdc94f22590f/gnocchi.4d68f372-617e-4f06-a629-d534257354dc/none_v3" 201 - "PUT http://[::1]:8080/1/31217/AUTH_e41560788c7b460fa374fdc94f22590f/gnocchi.4d68f372-617e-4f06-a629-d534257354dc/none_v3" "txcdb1dc0d26204766b8a83-00699a7a8b" "object-server 99151" 0.0006 "-" 98786 0
Feb 21 22:39:55 np0005625961.novalocal object-server[99151]: ::1 - - [22/Feb/2026:03:39:55 +0000] "PUT /1/31217/AUTH_e41560788c7b460fa374fdc94f22590f/gnocchi.4d68f372-617e-4f06-a629-d534257354dc/none_v3" 201 - "PUT https://[::1]:8080/v1/AUTH_e41560788c7b460fa374fdc94f22590f/gnocchi.4d68f372-617e-4f06-a629-d534257354dc/none_v3" "txcdb1dc0d26204766b8a83-00699a7a8b" "proxy-server 100218" 0.0179 "-" 99151 0
Feb 21 22:39:55 np0005625961.novalocal proxy-server[100218]: ::1 ::1 22/Feb/2026/03/39/55 PUT /v1/AUTH_e41560788c7b460fa374fdc94f22590f/gnocchi.4d68f372-617e-4f06-a629-d534257354dc/none_v3 HTTP/1.0 201 - python-swiftclient-4.8.0 gAAAAABpmnpRlsm9... 44 - - txcdb1dc0d26204766b8a83-00699a7a8b - 0.0226 - - 1771731595.572305679 1771731595.594954967 0 17d6eceedce248e7bcac4363c7b2aeaa
Feb 21 22:39:55 np0005625961.novalocal object-server[99151]: ::1 - - [22/Feb/2026:03:39:55 +0000] "GET /3/75039/AUTH_e41560788c7b460fa374fdc94f22590f/gnocchi.6929eeb9-1f14-4061-8a1d-f349252682f3/none_v3" 200 27 "GET https://[::1]:8080/v1/AUTH_e41560788c7b460fa374fdc94f22590f/gnocchi.6929eeb9-1f14-4061-8a1d-f349252682f3/none_v3" "tx4f3bdc29fe2d4d169013d-00699a7a8b" "proxy-server 100218" 0.0007 "-" 99151 0
Feb 21 22:39:55 np0005625961.novalocal proxy-server[100218]: ::1 ::1 22/Feb/2026/03/39/55 GET /v1/AUTH_e41560788c7b460fa374fdc94f22590f/gnocchi.6929eeb9-1f14-4061-8a1d-f349252682f3/none_v3 HTTP/1.0 200 - python-swiftclient-4.8.0 gAAAAABpmnpRlsm9... - 27 - tx4f3bdc29fe2d4d169013d-00699a7a8b - 0.0059 - - 1771731595.620190859 1771731595.626072407 0 17d6eceedce248e7bcac4363c7b2aeaa
Feb 21 22:39:55 np0005625961.novalocal container-server[98785]: ::1 - - [22/Feb/2026:03:39:55 +0000] "GET /2/208210/AUTH_e41560788c7b460fa374fdc94f22590f/gnocchi.6929eeb9-1f14-4061-8a1d-f349252682f3" 200 357 "GET https://[::1]:8080/v1/AUTH_e41560788c7b460fa374fdc94f22590f/gnocchi.6929eeb9-1f14-4061-8a1d-f349252682f3?format=json&states=listing" "tx568ec05616ec497eb19f8-00699a7a8b" "proxy-server 100218" 0.0018 "-" 98785 0
Feb 21 22:39:55 np0005625961.novalocal proxy-server[100218]: ::1 ::1 22/Feb/2026/03/39/55 GET /v1/AUTH_e41560788c7b460fa374fdc94f22590f/gnocchi.6929eeb9-1f14-4061-8a1d-f349252682f3%3Fformat%3Djson%26states%3Dlisting HTTP/1.0 200 - python-swiftclient-4.8.0 gAAAAABpmnpRlsm9... - 357 - tx568ec05616ec497eb19f8-00699a7a8b - 0.0061 - - 1771731595.630704880 1771731595.636850357 0 17d6eceedce248e7bcac4363c7b2aeaa
Feb 21 22:39:55 np0005625961.novalocal container-server[98786]: ::1 - - [22/Feb/2026:03:39:55 +0000] "GET /1/208210/AUTH_e41560788c7b460fa374fdc94f22590f/gnocchi.6929eeb9-1f14-4061-8a1d-f349252682f3" 200 2 "GET https://[::1]:8080/v1/AUTH_e41560788c7b460fa374fdc94f22590f/gnocchi.6929eeb9-1f14-4061-8a1d-f349252682f3?format=json&marker=none_v3&states=listing" "txc93b6334c28f46de94709-00699a7a8b" "proxy-server 100218" 0.0043 "-" 98786 0
Feb 21 22:39:55 np0005625961.novalocal proxy-server[100218]: ::1 ::1 22/Feb/2026/03/39/55 GET /v1/AUTH_e41560788c7b460fa374fdc94f22590f/gnocchi.6929eeb9-1f14-4061-8a1d-f349252682f3%3Fformat%3Djson%26marker%3Dnone_v3%26states%3Dlisting HTTP/1.0 200 - python-swiftclient-4.8.0 gAAAAABpmnpRlsm9... - 2 - txc93b6334c28f46de94709-00699a7a8b - 0.0099 - - 1771731595.639605522 1771731595.649548292 0 17d6eceedce248e7bcac4363c7b2aeaa
Feb 21 22:39:55 np0005625961.novalocal object-server[99152]: ::1 - - [22/Feb/2026:03:39:55 +0000] "GET /1/10401/AUTH_e41560788c7b460fa374fdc94f22590f/gnocchi.6929eeb9-1f14-4061-8a1d-f349252682f3/1771200000.0_mean_300.0_v3" 200 16 "GET https://[::1]:8080/v1/AUTH_e41560788c7b460fa374fdc94f22590f/gnocchi.6929eeb9-1f14-4061-8a1d-f349252682f3/1771200000.0_mean_300.0_v3" "tx5c2d636b52f34e47a8c55-00699a7a8b" "proxy-server 100218" 0.0011 "-" 99152 0
Feb 21 22:39:55 np0005625961.novalocal proxy-server[100218]: ::1 ::1 22/Feb/2026/03/39/55 GET /v1/AUTH_e41560788c7b460fa374fdc94f22590f/gnocchi.6929eeb9-1f14-4061-8a1d-f349252682f3/1771200000.0_mean_300.0_v3 HTTP/1.0 200 - python-swiftclient-4.8.0 gAAAAABpmnpRlsm9... - 16 - tx5c2d636b52f34e47a8c55-00699a7a8b - 0.0067 - - 1771731595.653239965 1771731595.659962893 0 17d6eceedce248e7bcac4363c7b2aeaa
Feb 21 22:39:55 np0005625961.novalocal container-server[98785]: ::1 - - [22/Feb/2026:03:39:55 +0000] "PUT /3/208210/AUTH_e41560788c7b460fa374fdc94f22590f/gnocchi.6929eeb9-1f14-4061-8a1d-f349252682f3/1771200000.0_mean_300.0_v3" 201 - "PUT http://[::1]:8080/1/10401/AUTH_e41560788c7b460fa374fdc94f22590f/gnocchi.6929eeb9-1f14-4061-8a1d-f349252682f3/1771200000.0_mean_300.0_v3" "tx147d97bf347b42ebb3540-00699a7a8b" "object-server 99152" 0.0004 "-" 98785 0
Feb 21 22:39:55 np0005625961.novalocal container-server[98786]: ::1 - - [22/Feb/2026:03:39:55 +0000] "PUT /1/208210/AUTH_e41560788c7b460fa374fdc94f22590f/gnocchi.6929eeb9-1f14-4061-8a1d-f349252682f3/1771200000.0_mean_300.0_v3" 201 - "PUT http://[::1]:8080/2/10401/AUTH_e41560788c7b460fa374fdc94f22590f/gnocchi.6929eeb9-1f14-4061-8a1d-f349252682f3/1771200000.0_mean_300.0_v3" "tx147d97bf347b42ebb3540-00699a7a8b" "object-server 99151" 0.0008 "-" 98786 0
Feb 21 22:39:55 np0005625961.novalocal container-server[98785]: ::1 - - [22/Feb/2026:03:39:55 +0000] "PUT /2/208210/AUTH_e41560788c7b460fa374fdc94f22590f/gnocchi.6929eeb9-1f14-4061-8a1d-f349252682f3/1771200000.0_mean_300.0_v3" 201 - "PUT http://[::1]:8080/3/10401/AUTH_e41560788c7b460fa374fdc94f22590f/gnocchi.6929eeb9-1f14-4061-8a1d-f349252682f3/1771200000.0_mean_300.0_v3" "tx147d97bf347b42ebb3540-00699a7a8b" "object-server 99151" 0.0002 "-" 98785 0
Feb 21 22:39:55 np0005625961.novalocal object-server[99151]: ::1 - - [22/Feb/2026:03:39:55 +0000] "PUT /2/10401/AUTH_e41560788c7b460fa374fdc94f22590f/gnocchi.6929eeb9-1f14-4061-8a1d-f349252682f3/1771200000.0_mean_300.0_v3" 201 - "PUT https://[::1]:8080/v1/AUTH_e41560788c7b460fa374fdc94f22590f/gnocchi.6929eeb9-1f14-4061-8a1d-f349252682f3/1771200000.0_mean_300.0_v3" "tx147d97bf347b42ebb3540-00699a7a8b" "proxy-server 100218" 0.0121 "-" 99151 0
Feb 21 22:39:55 np0005625961.novalocal object-server[99152]: ::1 - - [22/Feb/2026:03:39:55 +0000] "PUT /1/10401/AUTH_e41560788c7b460fa374fdc94f22590f/gnocchi.6929eeb9-1f14-4061-8a1d-f349252682f3/1771200000.0_mean_300.0_v3" 201 - "PUT https://[::1]:8080/v1/AUTH_e41560788c7b460fa374fdc94f22590f/gnocchi.6929eeb9-1f14-4061-8a1d-f349252682f3/1771200000.0_mean_300.0_v3" "tx147d97bf347b42ebb3540-00699a7a8b" "proxy-server 100218" 0.0112 "-" 99152 0
Feb 21 22:39:55 np0005625961.novalocal object-server[99151]: ::1 - - [22/Feb/2026:03:39:55 +0000] "PUT /3/10401/AUTH_e41560788c7b460fa374fdc94f22590f/gnocchi.6929eeb9-1f14-4061-8a1d-f349252682f3/1771200000.0_mean_300.0_v3" 201 - "PUT https://[::1]:8080/v1/AUTH_e41560788c7b460fa374fdc94f22590f/gnocchi.6929eeb9-1f14-4061-8a1d-f349252682f3/1771200000.0_mean_300.0_v3" "tx147d97bf347b42ebb3540-00699a7a8b" "proxy-server 100218" 0.0115 "-" 99151 0
Feb 21 22:39:55 np0005625961.novalocal proxy-server[100218]: ::1 ::1 22/Feb/2026/03/39/55 PUT /v1/AUTH_e41560788c7b460fa374fdc94f22590f/gnocchi.6929eeb9-1f14-4061-8a1d-f349252682f3/1771200000.0_mean_300.0_v3 HTTP/1.0 201 - python-swiftclient-4.8.0 gAAAAABpmnpRlsm9... 16 - - tx147d97bf347b42ebb3540-00699a7a8b - 0.0178 - - 1771731595.663143396 1771731595.680944204 0 17d6eceedce248e7bcac4363c7b2aeaa
Feb 21 22:39:55 np0005625961.novalocal container-server[98785]: ::1 - - [22/Feb/2026:03:39:55 +0000] "PUT /3/208210/AUTH_e41560788c7b460fa374fdc94f22590f/gnocchi.6929eeb9-1f14-4061-8a1d-f349252682f3/none_v3" 201 - "PUT http://[::1]:8080/3/75039/AUTH_e41560788c7b460fa374fdc94f22590f/gnocchi.6929eeb9-1f14-4061-8a1d-f349252682f3/none_v3" "txea977d51944d4d18b7de1-00699a7a8b" "object-server 99151" 0.0004 "-" 98785 0
Feb 21 22:39:55 np0005625961.novalocal object-server[99151]: ::1 - - [22/Feb/2026:03:39:55 +0000] "PUT /3/75039/AUTH_e41560788c7b460fa374fdc94f22590f/gnocchi.6929eeb9-1f14-4061-8a1d-f349252682f3/none_v3" 201 - "PUT https://[::1]:8080/v1/AUTH_e41560788c7b460fa374fdc94f22590f/gnocchi.6929eeb9-1f14-4061-8a1d-f349252682f3/none_v3" "txea977d51944d4d18b7de1-00699a7a8b" "proxy-server 100218" 0.0116 "-" 99151 0
Feb 21 22:39:55 np0005625961.novalocal container-server[98785]: ::1 - - [22/Feb/2026:03:39:55 +0000] "PUT /1/208210/AUTH_e41560788c7b460fa374fdc94f22590f/gnocchi.6929eeb9-1f14-4061-8a1d-f349252682f3/none_v3" 201 - "PUT http://[::1]:8080/1/75039/AUTH_e41560788c7b460fa374fdc94f22590f/gnocchi.6929eeb9-1f14-4061-8a1d-f349252682f3/none_v3" "txea977d51944d4d18b7de1-00699a7a8b" "object-server 99152" 0.0002 "-" 98785 0
Feb 21 22:39:55 np0005625961.novalocal container-server[98785]: ::1 - - [22/Feb/2026:03:39:55 +0000] "PUT /2/208210/AUTH_e41560788c7b460fa374fdc94f22590f/gnocchi.6929eeb9-1f14-4061-8a1d-f349252682f3/none_v3" 201 - "PUT http://[::1]:8080/2/75039/AUTH_e41560788c7b460fa374fdc94f22590f/gnocchi.6929eeb9-1f14-4061-8a1d-f349252682f3/none_v3" "txea977d51944d4d18b7de1-00699a7a8b" "object-server 99152" 0.0002 "-" 98785 0
Feb 21 22:39:55 np0005625961.novalocal object-server[99152]: ::1 - - [22/Feb/2026:03:39:55 +0000] "PUT /1/75039/AUTH_e41560788c7b460fa374fdc94f22590f/gnocchi.6929eeb9-1f14-4061-8a1d-f349252682f3/none_v3" 201 - "PUT https://[::1]:8080/v1/AUTH_e41560788c7b460fa374fdc94f22590f/gnocchi.6929eeb9-1f14-4061-8a1d-f349252682f3/none_v3" "txea977d51944d4d18b7de1-00699a7a8b" "proxy-server 100218" 0.0111 "-" 99152 0
Feb 21 22:39:55 np0005625961.novalocal object-server[99152]: ::1 - - [22/Feb/2026:03:39:55 +0000] "PUT /2/75039/AUTH_e41560788c7b460fa374fdc94f22590f/gnocchi.6929eeb9-1f14-4061-8a1d-f349252682f3/none_v3" 201 - "PUT https://[::1]:8080/v1/AUTH_e41560788c7b460fa374fdc94f22590f/gnocchi.6929eeb9-1f14-4061-8a1d-f349252682f3/none_v3" "txea977d51944d4d18b7de1-00699a7a8b" "proxy-server 100218" 0.0146 "-" 99152 0
Feb 21 22:39:55 np0005625961.novalocal proxy-server[100218]: ::1 ::1 22/Feb/2026/03/39/55 PUT /v1/AUTH_e41560788c7b460fa374fdc94f22590f/gnocchi.6929eeb9-1f14-4061-8a1d-f349252682f3/none_v3 HTTP/1.0 201 - python-swiftclient-4.8.0 gAAAAABpmnpRlsm9... 44 - - txea977d51944d4d18b7de1-00699a7a8b - 0.0244 - - 1771731595.683997154 1771731595.708365202 0 17d6eceedce248e7bcac4363c7b2aeaa
Feb 21 22:39:57 np0005625961.novalocal kernel: tapa2d45c80-5c: entered promiscuous mode
Feb 21 22:39:57 np0005625961.novalocal NetworkManager[868]: [1771731597.0513] manager: (tapa2d45c80-5c): 'openvswitch' plugin not available; creating generic device
Feb 21 22:39:57 np0005625961.novalocal NetworkManager[868]: [1771731597.0528] manager: (tapa2d45c80-5c): new Generic device (/org/freedesktop/NetworkManager/Devices/34)
Feb 21 22:39:57 np0005625961.novalocal object-server[99152]: ::1 - - [22/Feb/2026:03:39:57 +0000] "GET /2/241465/AUTH_e41560788c7b460fa374fdc94f22590f/gnocchi.1f6ca75c-146d-46f0-9d2b-a29ffb96ae8f/none_v3" 200 46 "GET https://[::1]:8080/v1/AUTH_e41560788c7b460fa374fdc94f22590f/gnocchi.1f6ca75c-146d-46f0-9d2b-a29ffb96ae8f/none_v3" "tx3e9a2d2c5b6d4382980a6-00699a7a8d" "proxy-server 100219" 0.0009 "-" 99152 0
Feb 21 22:39:57 np0005625961.novalocal proxy-server[100219]: ::1 ::1 22/Feb/2026/03/39/57 GET /v1/AUTH_e41560788c7b460fa374fdc94f22590f/gnocchi.1f6ca75c-146d-46f0-9d2b-a29ffb96ae8f/none_v3 HTTP/1.0 200 - python-swiftclient-4.8.0 gAAAAABpmnpTVjhT... - 46 - tx3e9a2d2c5b6d4382980a6-00699a7a8d - 0.0087 - - 1771731597.097106695 1771731597.105782032 0 17d6eceedce248e7bcac4363c7b2aeaa
Feb 21 22:39:57 np0005625961.novalocal container-server[98786]: ::1 - - [22/Feb/2026:03:39:57 +0000] "GET /3/23514/AUTH_e41560788c7b460fa374fdc94f22590f/gnocchi.1f6ca75c-146d-46f0-9d2b-a29ffb96ae8f" 200 357 "GET https://[::1]:8080/v1/AUTH_e41560788c7b460fa374fdc94f22590f/gnocchi.1f6ca75c-146d-46f0-9d2b-a29ffb96ae8f?format=json&states=listing" "tx1bab86ed5bd345aab7065-00699a7a8d" "proxy-server 100219" 0.0093 "-" 98786 0
Feb 21 22:39:57 np0005625961.novalocal proxy-server[100219]: ::1 ::1 22/Feb/2026/03/39/57 GET /v1/AUTH_e41560788c7b460fa374fdc94f22590f/gnocchi.1f6ca75c-146d-46f0-9d2b-a29ffb96ae8f%3Fformat%3Djson%26states%3Dlisting HTTP/1.0 200 - python-swiftclient-4.8.0 gAAAAABpmnpTVjhT... - 357 - tx1bab86ed5bd345aab7065-00699a7a8d - 0.0188 - - 1771731597.109487295 1771731597.128307343 0 17d6eceedce248e7bcac4363c7b2aeaa
Feb 21 22:39:57 np0005625961.novalocal container-server[98785]: ::1 - - [22/Feb/2026:03:39:57 +0000] "GET /1/23514/AUTH_e41560788c7b460fa374fdc94f22590f/gnocchi.1f6ca75c-146d-46f0-9d2b-a29ffb96ae8f" 200 2 "GET https://[::1]:8080/v1/AUTH_e41560788c7b460fa374fdc94f22590f/gnocchi.1f6ca75c-146d-46f0-9d2b-a29ffb96ae8f?format=json&marker=none_v3&states=listing" "tx5395a029d0b344f898258-00699a7a8d" "proxy-server 100219" 0.0063 "-" 98785 0
Feb 21 22:39:57 np0005625961.novalocal proxy-server[100219]: ::1 ::1 22/Feb/2026/03/39/57 GET /v1/AUTH_e41560788c7b460fa374fdc94f22590f/gnocchi.1f6ca75c-146d-46f0-9d2b-a29ffb96ae8f%3Fformat%3Djson%26marker%3Dnone_v3%26states%3Dlisting HTTP/1.0 200 - python-swiftclient-4.8.0 gAAAAABpmnpTVjhT... - 2 - tx5395a029d0b344f898258-00699a7a8d - 0.0155 - - 1771731597.130964756 1771731597.146470308 0 17d6eceedce248e7bcac4363c7b2aeaa
Feb 21 22:39:57 np0005625961.novalocal object-server[99152]: ::1 - - [22/Feb/2026:03:39:57 +0000] "GET /1/174739/AUTH_e41560788c7b460fa374fdc94f22590f/gnocchi.1f6ca75c-146d-46f0-9d2b-a29ffb96ae8f/1771200000.0_mean_300.0_v3" 200 16 "GET https://[::1]:8080/v1/AUTH_e41560788c7b460fa374fdc94f22590f/gnocchi.1f6ca75c-146d-46f0-9d2b-a29ffb96ae8f/1771200000.0_mean_300.0_v3" "tx1c6be96e56914abcb09db-00699a7a8d" "proxy-server 100219" 0.0009 "-" 99152 0
Feb 21 22:39:57 np0005625961.novalocal proxy-server[100219]: ::1 ::1 22/Feb/2026/03/39/57 GET /v1/AUTH_e41560788c7b460fa374fdc94f22590f/gnocchi.1f6ca75c-146d-46f0-9d2b-a29ffb96ae8f/1771200000.0_mean_300.0_v3 HTTP/1.0 200 - python-swiftclient-4.8.0 gAAAAABpmnpTVjhT... - 16 - tx1c6be96e56914abcb09db-00699a7a8d - 0.0108 - - 1771731597.149715662 1771731597.160503149 0 17d6eceedce248e7bcac4363c7b2aeaa
Feb 21 22:39:57 np0005625961.novalocal container-server[98785]: ::1 - - [22/Feb/2026:03:39:57 +0000] "PUT /2/23514/AUTH_e41560788c7b460fa374fdc94f22590f/gnocchi.1f6ca75c-146d-46f0-9d2b-a29ffb96ae8f/1771200000.0_mean_300.0_v3" 201 - "PUT http://[::1]:8080/1/174739/AUTH_e41560788c7b460fa374fdc94f22590f/gnocchi.1f6ca75c-146d-46f0-9d2b-a29ffb96ae8f/1771200000.0_mean_300.0_v3" "tx7b5680f1ad9040b29a0c5-00699a7a8d" "object-server 99151" 0.0007 "-" 98785 0
Feb 21 22:39:57 np0005625961.novalocal container-server[98786]: ::1 - - [22/Feb/2026:03:39:57 +0000] "PUT /3/23514/AUTH_e41560788c7b460fa374fdc94f22590f/gnocchi.1f6ca75c-146d-46f0-9d2b-a29ffb96ae8f/1771200000.0_mean_300.0_v3" 201 - "PUT http://[::1]:8080/2/174739/AUTH_e41560788c7b460fa374fdc94f22590f/gnocchi.1f6ca75c-146d-46f0-9d2b-a29ffb96ae8f/1771200000.0_mean_300.0_v3" "tx7b5680f1ad9040b29a0c5-00699a7a8d" "object-server 99152" 0.0008 "-" 98786 0
Feb 21 22:39:57 np0005625961.novalocal object-server[99151]: ::1 - - [22/Feb/2026:03:39:57 +0000] "PUT /1/174739/AUTH_e41560788c7b460fa374fdc94f22590f/gnocchi.1f6ca75c-146d-46f0-9d2b-a29ffb96ae8f/1771200000.0_mean_300.0_v3" 201 - "PUT https://[::1]:8080/v1/AUTH_e41560788c7b460fa374fdc94f22590f/gnocchi.1f6ca75c-146d-46f0-9d2b-a29ffb96ae8f/1771200000.0_mean_300.0_v3" "tx7b5680f1ad9040b29a0c5-00699a7a8d" "proxy-server 100219" 0.0103 "-" 99151 0
Feb 21 22:39:57 np0005625961.novalocal object-server[99152]: ::1 - - [22/Feb/2026:03:39:57 +0000] "PUT /2/174739/AUTH_e41560788c7b460fa374fdc94f22590f/gnocchi.1f6ca75c-146d-46f0-9d2b-a29ffb96ae8f/1771200000.0_mean_300.0_v3" 201 - "PUT https://[::1]:8080/v1/AUTH_e41560788c7b460fa374fdc94f22590f/gnocchi.1f6ca75c-146d-46f0-9d2b-a29ffb96ae8f/1771200000.0_mean_300.0_v3" "tx7b5680f1ad9040b29a0c5-00699a7a8d" "proxy-server 100219" 0.0100 "-" 99152 0
Feb 21 22:39:57 np0005625961.novalocal container-server[98786]: ::1 - - [22/Feb/2026:03:39:57 +0000] "PUT /1/23514/AUTH_e41560788c7b460fa374fdc94f22590f/gnocchi.1f6ca75c-146d-46f0-9d2b-a29ffb96ae8f/1771200000.0_mean_300.0_v3" 201 - "PUT http://[::1]:8080/3/174739/AUTH_e41560788c7b460fa374fdc94f22590f/gnocchi.1f6ca75c-146d-46f0-9d2b-a29ffb96ae8f/1771200000.0_mean_300.0_v3" "tx7b5680f1ad9040b29a0c5-00699a7a8d" "object-server 99152" 0.0006 "-" 98786 0
Feb 21 22:39:57 np0005625961.novalocal object-server[99152]: ::1 - - [22/Feb/2026:03:39:57 +0000] "PUT /3/174739/AUTH_e41560788c7b460fa374fdc94f22590f/gnocchi.1f6ca75c-146d-46f0-9d2b-a29ffb96ae8f/1771200000.0_mean_300.0_v3" 201 - "PUT https://[::1]:8080/v1/AUTH_e41560788c7b460fa374fdc94f22590f/gnocchi.1f6ca75c-146d-46f0-9d2b-a29ffb96ae8f/1771200000.0_mean_300.0_v3" "tx7b5680f1ad9040b29a0c5-00699a7a8d" "proxy-server 100219" 0.0145 "-" 99152 0
Feb 21 22:39:57 np0005625961.novalocal proxy-server[100219]: ::1 ::1 22/Feb/2026/03/39/57 PUT /v1/AUTH_e41560788c7b460fa374fdc94f22590f/gnocchi.1f6ca75c-146d-46f0-9d2b-a29ffb96ae8f/1771200000.0_mean_300.0_v3 HTTP/1.0 201 - python-swiftclient-4.8.0 gAAAAABpmnpTVjhT... 16 - - tx7b5680f1ad9040b29a0c5-00699a7a8d - 0.0310 - - 1771731597.162984133 1771731597.193993807 0 17d6eceedce248e7bcac4363c7b2aeaa
Feb 21 22:39:57 np0005625961.novalocal container-server[98786]: ::1 - - [22/Feb/2026:03:39:57 +0000] "PUT /2/23514/AUTH_e41560788c7b460fa374fdc94f22590f/gnocchi.1f6ca75c-146d-46f0-9d2b-a29ffb96ae8f/none_v3" 201 - "PUT http://[::1]:8080/3/241465/AUTH_e41560788c7b460fa374fdc94f22590f/gnocchi.1f6ca75c-146d-46f0-9d2b-a29ffb96ae8f/none_v3" "txc3a440c2029e435cb544a-00699a7a8d" "object-server 99152" 0.0005 "-" 98786 0
Feb 21 22:39:57 np0005625961.novalocal container-server[98785]: ::1 - - [22/Feb/2026:03:39:57 +0000] "PUT /3/23514/AUTH_e41560788c7b460fa374fdc94f22590f/gnocchi.1f6ca75c-146d-46f0-9d2b-a29ffb96ae8f/none_v3" 201 - "PUT http://[::1]:8080/2/241465/AUTH_e41560788c7b460fa374fdc94f22590f/gnocchi.1f6ca75c-146d-46f0-9d2b-a29ffb96ae8f/none_v3" "txc3a440c2029e435cb544a-00699a7a8d" "object-server 99151" 0.0006 "-" 98785 0
Feb 21 22:39:57 np0005625961.novalocal object-server[99152]: ::1 - - [22/Feb/2026:03:39:57 +0000] "PUT /3/241465/AUTH_e41560788c7b460fa374fdc94f22590f/gnocchi.1f6ca75c-146d-46f0-9d2b-a29ffb96ae8f/none_v3" 201 - "PUT https://[::1]:8080/v1/AUTH_e41560788c7b460fa374fdc94f22590f/gnocchi.1f6ca75c-146d-46f0-9d2b-a29ffb96ae8f/none_v3" "txc3a440c2029e435cb544a-00699a7a8d" "proxy-server 100219" 0.0106 "-" 99152 0
Feb 21 22:39:57 np0005625961.novalocal container-server[98786]: ::1 - - [22/Feb/2026:03:39:57 +0000] "PUT /1/23514/AUTH_e41560788c7b460fa374fdc94f22590f/gnocchi.1f6ca75c-146d-46f0-9d2b-a29ffb96ae8f/none_v3" 201 - "PUT http://[::1]:8080/1/241465/AUTH_e41560788c7b460fa374fdc94f22590f/gnocchi.1f6ca75c-146d-46f0-9d2b-a29ffb96ae8f/none_v3" "txc3a440c2029e435cb544a-00699a7a8d" "object-server 99151" 0.0003 "-" 98786 0
Feb 21 22:39:57 np0005625961.novalocal object-server[99151]: ::1 - - [22/Feb/2026:03:39:57 +0000] "PUT /1/241465/AUTH_e41560788c7b460fa374fdc94f22590f/gnocchi.1f6ca75c-146d-46f0-9d2b-a29ffb96ae8f/none_v3" 201 - "PUT https://[::1]:8080/v1/AUTH_e41560788c7b460fa374fdc94f22590f/gnocchi.1f6ca75c-146d-46f0-9d2b-a29ffb96ae8f/none_v3" "txc3a440c2029e435cb544a-00699a7a8d" "proxy-server 100219" 0.0147 "-" 99151 0
Feb 21 22:39:57 np0005625961.novalocal object-server[99151]: ::1 - - [22/Feb/2026:03:39:57 +0000] "PUT /2/241465/AUTH_e41560788c7b460fa374fdc94f22590f/gnocchi.1f6ca75c-146d-46f0-9d2b-a29ffb96ae8f/none_v3" 201 - "PUT https://[::1]:8080/v1/AUTH_e41560788c7b460fa374fdc94f22590f/gnocchi.1f6ca75c-146d-46f0-9d2b-a29ffb96ae8f/none_v3" "txc3a440c2029e435cb544a-00699a7a8d" "proxy-server 100219" 0.0168 "-" 99151 0
Feb 21 22:39:57 np0005625961.novalocal proxy-server[100219]: ::1 ::1 22/Feb/2026/03/39/57 PUT /v1/AUTH_e41560788c7b460fa374fdc94f22590f/gnocchi.1f6ca75c-146d-46f0-9d2b-a29ffb96ae8f/none_v3 HTTP/1.0 201 - python-swiftclient-4.8.0 gAAAAABpmnpTVjhT... 51 - - txc3a440c2029e435cb544a-00699a7a8d - 0.0236 - - 1771731597.196729660 1771731597.220372200 0 17d6eceedce248e7bcac4363c7b2aeaa
Feb 21 22:39:57 np0005625961.novalocal object-server[99152]: ::1 - - [22/Feb/2026:03:39:57 +0000] "GET /3/130723/AUTH_e41560788c7b460fa374fdc94f22590f/gnocchi.cadb8074-bb62-4cc1-b268-b22c6a6f949a/none_v3" 200 46 "GET https://[::1]:8080/v1/AUTH_e41560788c7b460fa374fdc94f22590f/gnocchi.cadb8074-bb62-4cc1-b268-b22c6a6f949a/none_v3" "txdbcde66cfbb44df3bc5b1-00699a7a8d" "proxy-server 100219" 0.0007 "-" 99152 0
Feb 21 22:39:57 np0005625961.novalocal proxy-server[100219]: ::1 ::1 22/Feb/2026/03/39/57 GET /v1/AUTH_e41560788c7b460fa374fdc94f22590f/gnocchi.cadb8074-bb62-4cc1-b268-b22c6a6f949a/none_v3 HTTP/1.0 200 - python-swiftclient-4.8.0 gAAAAABpmnpTVjhT... - 46 - txdbcde66cfbb44df3bc5b1-00699a7a8d - 0.0085 - - 1771731597.242598772 1771731597.251084805 0 17d6eceedce248e7bcac4363c7b2aeaa
Feb 21 22:39:57 np0005625961.novalocal container-server[98786]: ::1 - - [22/Feb/2026:03:39:57 +0000] "GET /1/245468/AUTH_e41560788c7b460fa374fdc94f22590f/gnocchi.cadb8074-bb62-4cc1-b268-b22c6a6f949a" 200 357 "GET https://[::1]:8080/v1/AUTH_e41560788c7b460fa374fdc94f22590f/gnocchi.cadb8074-bb62-4cc1-b268-b22c6a6f949a?format=json&states=listing" "tx3377ea7bdbca4c42a092e-00699a7a8d" "proxy-server 100219" 0.0075 "-" 98786 0
Feb 21 22:39:57 np0005625961.novalocal proxy-server[100219]: ::1 ::1 22/Feb/2026/03/39/57 GET /v1/AUTH_e41560788c7b460fa374fdc94f22590f/gnocchi.cadb8074-bb62-4cc1-b268-b22c6a6f949a%3Fformat%3Djson%26states%3Dlisting HTTP/1.0 200 - python-swiftclient-4.8.0 gAAAAABpmnpTVjhT... - 357 - tx3377ea7bdbca4c42a092e-00699a7a8d - 0.0156 - - 1771731597.254841566 1771731597.270454884 0 17d6eceedce248e7bcac4363c7b2aeaa
Feb 21 22:39:57 np0005625961.novalocal container-server[98786]: ::1 - - [22/Feb/2026:03:39:57 +0000] "GET /3/245468/AUTH_e41560788c7b460fa374fdc94f22590f/gnocchi.cadb8074-bb62-4cc1-b268-b22c6a6f949a" 200 2 "GET https://[::1]:8080/v1/AUTH_e41560788c7b460fa374fdc94f22590f/gnocchi.cadb8074-bb62-4cc1-b268-b22c6a6f949a?format=json&marker=none_v3&states=listing" "tx2db57e2e3292416caaf75-00699a7a8d" "proxy-server 100219" 0.0058 "-" 98786 0
Feb 21 22:39:57 np0005625961.novalocal proxy-server[100219]: ::1 ::1 22/Feb/2026/03/39/57 GET /v1/AUTH_e41560788c7b460fa374fdc94f22590f/gnocchi.cadb8074-bb62-4cc1-b268-b22c6a6f949a%3Fformat%3Djson%26marker%3Dnone_v3%26states%3Dlisting HTTP/1.0 200 - python-swiftclient-4.8.0 gAAAAABpmnpTVjhT... - 2 - tx2db57e2e3292416caaf75-00699a7a8d - 0.0273 - - 1771731597.274161577 1771731597.301511049 0 17d6eceedce248e7bcac4363c7b2aeaa
Feb 21 22:39:57 np0005625961.novalocal object-server[99151]: ::1 - - [22/Feb/2026:03:39:57 +0000] "GET /3/109239/AUTH_e41560788c7b460fa374fdc94f22590f/gnocchi.cadb8074-bb62-4cc1-b268-b22c6a6f949a/1771200000.0_mean_300.0_v3" 200 16 "GET https://[::1]:8080/v1/AUTH_e41560788c7b460fa374fdc94f22590f/gnocchi.cadb8074-bb62-4cc1-b268-b22c6a6f949a/1771200000.0_mean_300.0_v3" "tx88f3aad519d04d1bb57e0-00699a7a8d" "proxy-server 100219" 0.0006 "-" 99151 0
Feb 21 22:39:57 np0005625961.novalocal proxy-server[100219]: ::1 ::1 22/Feb/2026/03/39/57 GET /v1/AUTH_e41560788c7b460fa374fdc94f22590f/gnocchi.cadb8074-bb62-4cc1-b268-b22c6a6f949a/1771200000.0_mean_300.0_v3 HTTP/1.0 200 - python-swiftclient-4.8.0 gAAAAABpmnpTVjhT... - 16 - tx88f3aad519d04d1bb57e0-00699a7a8d - 0.0083 - - 1771731597.306644440 1771731597.314956427 0 17d6eceedce248e7bcac4363c7b2aeaa
Feb 21 22:39:57 np0005625961.novalocal container-server[98786]: ::1 - - [22/Feb/2026:03:39:57 +0000] "PUT /3/245468/AUTH_e41560788c7b460fa374fdc94f22590f/gnocchi.cadb8074-bb62-4cc1-b268-b22c6a6f949a/1771200000.0_mean_300.0_v3" 201 - "PUT http://[::1]:8080/2/109239/AUTH_e41560788c7b460fa374fdc94f22590f/gnocchi.cadb8074-bb62-4cc1-b268-b22c6a6f949a/1771200000.0_mean_300.0_v3" "tx3840cc44a7524c8fb3162-00699a7a8d" "object-server 99151" 0.0011 "-" 98786 0
Feb 21 22:39:57 np0005625961.novalocal object-server[99151]: ::1 - - [22/Feb/2026:03:39:57 +0000] "PUT /2/109239/AUTH_e41560788c7b460fa374fdc94f22590f/gnocchi.cadb8074-bb62-4cc1-b268-b22c6a6f949a/1771200000.0_mean_300.0_v3" 201 - "PUT https://[::1]:8080/v1/AUTH_e41560788c7b460fa374fdc94f22590f/gnocchi.cadb8074-bb62-4cc1-b268-b22c6a6f949a/1771200000.0_mean_300.0_v3" "tx3840cc44a7524c8fb3162-00699a7a8d" "proxy-server 100219" 0.0115 "-" 99151 0
Feb 21 22:39:57 np0005625961.novalocal container-server[98786]: ::1 - - [22/Feb/2026:03:39:57 +0000] "PUT /2/245468/AUTH_e41560788c7b460fa374fdc94f22590f/gnocchi.cadb8074-bb62-4cc1-b268-b22c6a6f949a/1771200000.0_mean_300.0_v3" 201 - "PUT http://[::1]:8080/1/109239/AUTH_e41560788c7b460fa374fdc94f22590f/gnocchi.cadb8074-bb62-4cc1-b268-b22c6a6f949a/1771200000.0_mean_300.0_v3" "tx3840cc44a7524c8fb3162-00699a7a8d" "object-server 99152" 0.0005 "-" 98786 0
Feb 21 22:39:57 np0005625961.novalocal object-server[99152]: ::1 - - [22/Feb/2026:03:39:57 +0000] "PUT /1/109239/AUTH_e41560788c7b460fa374fdc94f22590f/gnocchi.cadb8074-bb62-4cc1-b268-b22c6a6f949a/1771200000.0_mean_300.0_v3" 201 - "PUT https://[::1]:8080/v1/AUTH_e41560788c7b460fa374fdc94f22590f/gnocchi.cadb8074-bb62-4cc1-b268-b22c6a6f949a/1771200000.0_mean_300.0_v3" "tx3840cc44a7524c8fb3162-00699a7a8d" "proxy-server 100219" 0.0145 "-" 99152 0
Feb 21 22:39:57 np0005625961.novalocal container-server[98786]: ::1 - - [22/Feb/2026:03:39:57 +0000] "PUT /1/245468/AUTH_e41560788c7b460fa374fdc94f22590f/gnocchi.cadb8074-bb62-4cc1-b268-b22c6a6f949a/1771200000.0_mean_300.0_v3" 201 - "PUT http://[::1]:8080/3/109239/AUTH_e41560788c7b460fa374fdc94f22590f/gnocchi.cadb8074-bb62-4cc1-b268-b22c6a6f949a/1771200000.0_mean_300.0_v3" "tx3840cc44a7524c8fb3162-00699a7a8d" "object-server 99152" 0.0007 "-" 98786 0
Feb 21 22:39:57 np0005625961.novalocal object-server[99152]: ::1 - - [22/Feb/2026:03:39:57 +0000] "PUT /3/109239/AUTH_e41560788c7b460fa374fdc94f22590f/gnocchi.cadb8074-bb62-4cc1-b268-b22c6a6f949a/1771200000.0_mean_300.0_v3" 201 - "PUT https://[::1]:8080/v1/AUTH_e41560788c7b460fa374fdc94f22590f/gnocchi.cadb8074-bb62-4cc1-b268-b22c6a6f949a/1771200000.0_mean_300.0_v3" "tx3840cc44a7524c8fb3162-00699a7a8d" "proxy-server 100219" 0.0185 "-" 99152 0
Feb 21 22:39:57 np0005625961.novalocal proxy-server[100219]: ::1 ::1 22/Feb/2026/03/39/57 PUT /v1/AUTH_e41560788c7b460fa374fdc94f22590f/gnocchi.cadb8074-bb62-4cc1-b268-b22c6a6f949a/1771200000.0_mean_300.0_v3 HTTP/1.0 201 - python-swiftclient-4.8.0 gAAAAABpmnpTVjhT... 16 - - tx3840cc44a7524c8fb3162-00699a7a8d - 0.0298 - - 1771731597.317658424 1771731597.347459316 0 17d6eceedce248e7bcac4363c7b2aeaa
Feb 21 22:39:57 np0005625961.novalocal container-server[98786]: ::1 - - [22/Feb/2026:03:39:57 +0000] "PUT /3/245468/AUTH_e41560788c7b460fa374fdc94f22590f/gnocchi.cadb8074-bb62-4cc1-b268-b22c6a6f949a/none_v3" 201 - "PUT http://[::1]:8080/3/130723/AUTH_e41560788c7b460fa374fdc94f22590f/gnocchi.cadb8074-bb62-4cc1-b268-b22c6a6f949a/none_v3" "txad088688cebc4ec3afbda-00699a7a8d" "object-server 99151" 0.0005 "-" 98786 0
Feb 21 22:39:57 np0005625961.novalocal object-server[99151]: ::1 - - [22/Feb/2026:03:39:57 +0000] "PUT /3/130723/AUTH_e41560788c7b460fa374fdc94f22590f/gnocchi.cadb8074-bb62-4cc1-b268-b22c6a6f949a/none_v3" 201 - "PUT https://[::1]:8080/v1/AUTH_e41560788c7b460fa374fdc94f22590f/gnocchi.cadb8074-bb62-4cc1-b268-b22c6a6f949a/none_v3" "txad088688cebc4ec3afbda-00699a7a8d" "proxy-server 100219" 0.0132 "-" 99151 0
Feb 21 22:39:57 np0005625961.novalocal container-server[98785]: ::1 - - [22/Feb/2026:03:39:57 +0000] "PUT /1/245468/AUTH_e41560788c7b460fa374fdc94f22590f/gnocchi.cadb8074-bb62-4cc1-b268-b22c6a6f949a/none_v3" 201 - "PUT http://[::1]:8080/2/130723/AUTH_e41560788c7b460fa374fdc94f22590f/gnocchi.cadb8074-bb62-4cc1-b268-b22c6a6f949a/none_v3" "txad088688cebc4ec3afbda-00699a7a8d" "object-server 99152" 0.0005 "-" 98785 0
Feb 21 22:39:57 np0005625961.novalocal object-server[99152]: ::1 - - [22/Feb/2026:03:39:57 +0000] "PUT /2/130723/AUTH_e41560788c7b460fa374fdc94f22590f/gnocchi.cadb8074-bb62-4cc1-b268-b22c6a6f949a/none_v3" 201 - "PUT https://[::1]:8080/v1/AUTH_e41560788c7b460fa374fdc94f22590f/gnocchi.cadb8074-bb62-4cc1-b268-b22c6a6f949a/none_v3" "txad088688cebc4ec3afbda-00699a7a8d" "proxy-server 100219" 0.0199 "-" 99152 0
Feb 21 22:39:57 np0005625961.novalocal container-server[98786]: ::1 - - [22/Feb/2026:03:39:57 +0000] "PUT /2/245468/AUTH_e41560788c7b460fa374fdc94f22590f/gnocchi.cadb8074-bb62-4cc1-b268-b22c6a6f949a/none_v3" 201 - "PUT http://[::1]:8080/1/130723/AUTH_e41560788c7b460fa374fdc94f22590f/gnocchi.cadb8074-bb62-4cc1-b268-b22c6a6f949a/none_v3" "txad088688cebc4ec3afbda-00699a7a8d" "object-server 99151" 0.0011 "-" 98786 0
Feb 21 22:39:57 np0005625961.novalocal object-server[99151]: ::1 - - [22/Feb/2026:03:39:57 +0000] "PUT /1/130723/AUTH_e41560788c7b460fa374fdc94f22590f/gnocchi.cadb8074-bb62-4cc1-b268-b22c6a6f949a/none_v3" 201 - "PUT https://[::1]:8080/v1/AUTH_e41560788c7b460fa374fdc94f22590f/gnocchi.cadb8074-bb62-4cc1-b268-b22c6a6f949a/none_v3" "txad088688cebc4ec3afbda-00699a7a8d" "proxy-server 100219" 0.0203 "-" 99151 0
Feb 21 22:39:57 np0005625961.novalocal proxy-server[100219]: ::1 ::1 22/Feb/2026/03/39/57 PUT /v1/AUTH_e41560788c7b460fa374fdc94f22590f/gnocchi.cadb8074-bb62-4cc1-b268-b22c6a6f949a/none_v3 HTTP/1.0 201 - python-swiftclient-4.8.0 gAAAAABpmnpTVjhT... 51 - - txad088688cebc4ec3afbda-00699a7a8d - 0.0325 - - 1771731597.349855900 1771731597.382357836 0 17d6eceedce248e7bcac4363c7b2aeaa
Feb 21 22:39:57 np0005625961.novalocal object-server[99152]: ::1 - - [22/Feb/2026:03:39:57 +0000] "GET /3/31217/AUTH_e41560788c7b460fa374fdc94f22590f/gnocchi.4d68f372-617e-4f06-a629-d534257354dc/none_v3" 200 44 "GET https://[::1]:8080/v1/AUTH_e41560788c7b460fa374fdc94f22590f/gnocchi.4d68f372-617e-4f06-a629-d534257354dc/none_v3" "tx100c81ac12aa4aa898d5d-00699a7a8d" "proxy-server 100219" 0.0011 "-" 99152 0
Feb 21 22:39:57 np0005625961.novalocal proxy-server[100219]: ::1 ::1 22/Feb/2026/03/39/57 GET /v1/AUTH_e41560788c7b460fa374fdc94f22590f/gnocchi.4d68f372-617e-4f06-a629-d534257354dc/none_v3 HTTP/1.0 200 - python-swiftclient-4.8.0 gAAAAABpmnpTVjhT... - 44 - tx100c81ac12aa4aa898d5d-00699a7a8d - 0.0095 - - 1771731597.462965012 1771731597.472476006 0 17d6eceedce248e7bcac4363c7b2aeaa
Feb 21 22:39:57 np0005625961.novalocal container-server[98786]: ::1 - - [22/Feb/2026:03:39:57 +0000] "GET /3/111334/AUTH_e41560788c7b460fa374fdc94f22590f/gnocchi.4d68f372-617e-4f06-a629-d534257354dc" 200 357 "GET https://[::1]:8080/v1/AUTH_e41560788c7b460fa374fdc94f22590f/gnocchi.4d68f372-617e-4f06-a629-d534257354dc?format=json&states=listing" "tx22db215751af455490c9d-00699a7a8d" "proxy-server 100219" 0.0069 "-" 98786 0
Feb 21 22:39:57 np0005625961.novalocal proxy-server[100219]: ::1 ::1 22/Feb/2026/03/39/57 GET /v1/AUTH_e41560788c7b460fa374fdc94f22590f/gnocchi.4d68f372-617e-4f06-a629-d534257354dc%3Fformat%3Djson%26states%3Dlisting HTTP/1.0 200 - python-swiftclient-4.8.0 gAAAAABpmnpTVjhT... - 357 - tx22db215751af455490c9d-00699a7a8d - 0.0124 - - 1771731597.475795031 1771731597.488229275 0 17d6eceedce248e7bcac4363c7b2aeaa
Feb 21 22:39:57 np0005625961.novalocal container-server[98786]: ::1 - - [22/Feb/2026:03:39:57 +0000] "GET /2/111334/AUTH_e41560788c7b460fa374fdc94f22590f/gnocchi.4d68f372-617e-4f06-a629-d534257354dc" 200 2 "GET https://[::1]:8080/v1/AUTH_e41560788c7b460fa374fdc94f22590f/gnocchi.4d68f372-617e-4f06-a629-d534257354dc?format=json&marker=none_v3&states=listing" "txce9f93caf8934a8192507-00699a7a8d" "proxy-server 100219" 0.0075 "-" 98786 0
Feb 21 22:39:57 np0005625961.novalocal proxy-server[100219]: ::1 ::1 22/Feb/2026/03/39/57 GET /v1/AUTH_e41560788c7b460fa374fdc94f22590f/gnocchi.4d68f372-617e-4f06-a629-d534257354dc%3Fformat%3Djson%26marker%3Dnone_v3%26states%3Dlisting HTTP/1.0 200 - python-swiftclient-4.8.0 gAAAAABpmnpTVjhT... - 2 - txce9f93caf8934a8192507-00699a7a8d - 0.0143 - - 1771731597.490939856 1771731597.505287170 0 17d6eceedce248e7bcac4363c7b2aeaa
Feb 21 22:39:57 np0005625961.novalocal object-server[99151]: ::1 - - [22/Feb/2026:03:39:57 +0000] "GET /3/207080/AUTH_e41560788c7b460fa374fdc94f22590f/gnocchi.4d68f372-617e-4f06-a629-d534257354dc/1771200000.0_mean_300.0_v3" 200 16 "GET https://[::1]:8080/v1/AUTH_e41560788c7b460fa374fdc94f22590f/gnocchi.4d68f372-617e-4f06-a629-d534257354dc/1771200000.0_mean_300.0_v3" "tx74fff1788fbb4664bbb00-00699a7a8d" "proxy-server 100219" 0.0007 "-" 99151 0
Feb 21 22:39:57 np0005625961.novalocal proxy-server[100219]: ::1 ::1 22/Feb/2026/03/39/57 GET /v1/AUTH_e41560788c7b460fa374fdc94f22590f/gnocchi.4d68f372-617e-4f06-a629-d534257354dc/1771200000.0_mean_300.0_v3 HTTP/1.0 200 - python-swiftclient-4.8.0 gAAAAABpmnpTVjhT... - 16 - tx74fff1788fbb4664bbb00-00699a7a8d - 0.0083 - - 1771731597.510061264 1771731597.518360615 0 17d6eceedce248e7bcac4363c7b2aeaa
Feb 21 22:39:57 np0005625961.novalocal container-server[98785]: ::1 - - [22/Feb/2026:03:39:57 +0000] "PUT /3/111334/AUTH_e41560788c7b460fa374fdc94f22590f/gnocchi.4d68f372-617e-4f06-a629-d534257354dc/1771200000.0_mean_300.0_v3" 201 - "PUT http://[::1]:8080/3/207080/AUTH_e41560788c7b460fa374fdc94f22590f/gnocchi.4d68f372-617e-4f06-a629-d534257354dc/1771200000.0_mean_300.0_v3" "tx9e3f734dac8c45198545c-00699a7a8d" "object-server 99151" 0.0005 "-" 98785 0
Feb 21 22:39:57 np0005625961.novalocal object-server[99151]: ::1 - - [22/Feb/2026:03:39:57 +0000] "PUT /3/207080/AUTH_e41560788c7b460fa374fdc94f22590f/gnocchi.4d68f372-617e-4f06-a629-d534257354dc/1771200000.0_mean_300.0_v3" 201 - "PUT https://[::1]:8080/v1/AUTH_e41560788c7b460fa374fdc94f22590f/gnocchi.4d68f372-617e-4f06-a629-d534257354dc/1771200000.0_mean_300.0_v3" "tx9e3f734dac8c45198545c-00699a7a8d" "proxy-server 100219" 0.0162 "-" 99151 0
Feb 21 22:39:57 np0005625961.novalocal container-server[98786]: ::1 - - [22/Feb/2026:03:39:57 +0000] "PUT /2/111334/AUTH_e41560788c7b460fa374fdc94f22590f/gnocchi.4d68f372-617e-4f06-a629-d534257354dc/1771200000.0_mean_300.0_v3" 201 - "PUT http://[::1]:8080/2/207080/AUTH_e41560788c7b460fa374fdc94f22590f/gnocchi.4d68f372-617e-4f06-a629-d534257354dc/1771200000.0_mean_300.0_v3" "tx9e3f734dac8c45198545c-00699a7a8d" "object-server 99152" 0.0006 "-" 98786 0
