Feb 21 22:39:42 np0005625961.novalocal container-server[98785]: ::1 - - [22/Feb/2026:03:39:42 +0000] "PUT /2/60330/AUTH_e41560788c7b460fa374fdc94f22590f/gnocchi.a9270718-d472-42ea-aac7-a8b685a4ecec/1771200000.0_mean_300.0_v3" 201 - "PUT http://[::1]:8080/3/5840/AUTH_e41560788c7b460fa374fdc94f22590f/gnocchi.a9270718-d472-42ea-aac7-a8b685a4ecec/1771200000.0_mean_300.0_v3" "txf2eb300b78364ea4bb4f0-00699a7a7e" "object-server 99152" 0.0007 "-" 98785 0
Feb 21 22:39:42 np0005625961.novalocal object-server[99152]: ::1 - - [22/Feb/2026:03:39:42 +0000] "PUT /3/5840/AUTH_e41560788c7b460fa374fdc94f22590f/gnocchi.a9270718-d472-42ea-aac7-a8b685a4ecec/1771200000.0_mean_300.0_v3" 201 - "PUT https://[::1]:8080/v1/AUTH_e41560788c7b460fa374fdc94f22590f/gnocchi.a9270718-d472-42ea-aac7-a8b685a4ecec/1771200000.0_mean_300.0_v3" "txf2eb300b78364ea4bb4f0-00699a7a7e" "proxy-server 100219" 0.0123 "-" 99152 0
Feb 21 22:39:42 np0005625961.novalocal container-server[98785]: ::1 - - [22/Feb/2026:03:39:42 +0000] "PUT /1/60330/AUTH_e41560788c7b460fa374fdc94f22590f/gnocchi.a9270718-d472-42ea-aac7-a8b685a4ecec/1771200000.0_mean_300.0_v3" 201 - "PUT http://[::1]:8080/1/5840/AUTH_e41560788c7b460fa374fdc94f22590f/gnocchi.a9270718-d472-42ea-aac7-a8b685a4ecec/1771200000.0_mean_300.0_v3" "txf2eb300b78364ea4bb4f0-00699a7a7e" "object-server 99152" 0.0006 "-" 98785 0
Feb 21 22:39:42 np0005625961.novalocal object-server[99152]: ::1 - - [22/Feb/2026:03:39:42 +0000] "PUT /1/5840/AUTH_e41560788c7b460fa374fdc94f22590f/gnocchi.a9270718-d472-42ea-aac7-a8b685a4ecec/1771200000.0_mean_300.0_v3" 201 - "PUT https://[::1]:8080/v1/AUTH_e41560788c7b460fa374fdc94f22590f/gnocchi.a9270718-d472-42ea-aac7-a8b685a4ecec/1771200000.0_mean_300.0_v3" "txf2eb300b78364ea4bb4f0-00699a7a7e" "proxy-server 100219" 0.0156 "-" 99152 0
Feb 21 22:39:42 np0005625961.novalocal proxy-server[100219]: ::1 ::1 22/Feb/2026/03/39/42 PUT /v1/AUTH_e41560788c7b460fa374fdc94f22590f/gnocchi.a9270718-d472-42ea-aac7-a8b685a4ecec/1771200000.0_mean_300.0_v3 HTTP/1.0 201 - python-swiftclient-4.8.0 gAAAAABpmnpTVjhT... 16 - - txf2eb300b78364ea4bb4f0-00699a7a7e - 0.0237 - - 1771731582.654438257 1771731582.678168774 0 17d6eceedce248e7bcac4363c7b2aeaa
Feb 21 22:39:42 np0005625961.novalocal NetworkManager[868]: [1771731582.6913] device (qbrbc2b781a-de): bridge port qvbbc2b781a-de was detached
Feb 21 22:39:42 np0005625961.novalocal NetworkManager[868]: [1771731582.6924] device (qbrbc2b781a-de): state change: activated -> unmanaged (reason 'unmanaged', managed-type: 'removed')
Feb 21 22:39:42 np0005625961.novalocal container-server[98785]: ::1 - - [22/Feb/2026:03:39:42 +0000] "PUT /1/105493/AUTH_e41560788c7b460fa374fdc94f22590f/gnocchi.501a3e3e-8cc8-4435-89d3-6e2b3c10766c/none_v3" 201 - "PUT http://[::1]:8080/2/217856/AUTH_e41560788c7b460fa374fdc94f22590f/gnocchi.501a3e3e-8cc8-4435-89d3-6e2b3c10766c/none_v3" "tx85e0b1900198465b85da9-00699a7a7e" "object-server 99152" 0.0007 "-" 98785 0
Feb 21 22:39:42 np0005625961.novalocal container-server[98785]: ::1 - - [22/Feb/2026:03:39:42 +0000] "PUT /2/105493/AUTH_e41560788c7b460fa374fdc94f22590f/gnocchi.501a3e3e-8cc8-4435-89d3-6e2b3c10766c/none_v3" 201 - "PUT http://[::1]:8080/1/217856/AUTH_e41560788c7b460fa374fdc94f22590f/gnocchi.501a3e3e-8cc8-4435-89d3-6e2b3c10766c/none_v3" "tx85e0b1900198465b85da9-00699a7a7e" "object-server 99152" 0.0005 "-" 98785 0
Feb 21 22:39:42 np0005625961.novalocal object-server[99152]: ::1 - - [22/Feb/2026:03:39:42 +0000] "PUT /2/217856/AUTH_e41560788c7b460fa374fdc94f22590f/gnocchi.501a3e3e-8cc8-4435-89d3-6e2b3c10766c/none_v3" 201 - "PUT https://[::1]:8080/v1/AUTH_e41560788c7b460fa374fdc94f22590f/gnocchi.501a3e3e-8cc8-4435-89d3-6e2b3c10766c/none_v3" "tx85e0b1900198465b85da9-00699a7a7e" "proxy-server 100219" 0.0157 "-" 99152 0
Feb 21 22:39:42 np0005625961.novalocal kernel: qvobc2b781a-de: left promiscuous mode
Feb 21 22:39:42 np0005625961.novalocal container-server[98786]: ::1 - - [22/Feb/2026:03:39:42 +0000] "PUT /3/105493/AUTH_e41560788c7b460fa374fdc94f22590f/gnocchi.501a3e3e-8cc8-4435-89d3-6e2b3c10766c/none_v3" 201 - "PUT http://[::1]:8080/3/217856/AUTH_e41560788c7b460fa374fdc94f22590f/gnocchi.501a3e3e-8cc8-4435-89d3-6e2b3c10766c/none_v3" "tx85e0b1900198465b85da9-00699a7a7e" "object-server 99151" 0.0007 "-" 98786 0
Feb 21 22:39:42 np0005625961.novalocal object-server[99152]: ::1 - - [22/Feb/2026:03:39:42 +0000] "PUT /1/217856/AUTH_e41560788c7b460fa374fdc94f22590f/gnocchi.501a3e3e-8cc8-4435-89d3-6e2b3c10766c/none_v3" 201 - "PUT https://[::1]:8080/v1/AUTH_e41560788c7b460fa374fdc94f22590f/gnocchi.501a3e3e-8cc8-4435-89d3-6e2b3c10766c/none_v3" "tx85e0b1900198465b85da9-00699a7a7e" "proxy-server 100219" 0.0211 "-" 99152 0
Feb 21 22:39:42 np0005625961.novalocal object-server[99151]: ::1 - - [22/Feb/2026:03:39:42 +0000] "PUT /3/217856/AUTH_e41560788c7b460fa374fdc94f22590f/gnocchi.501a3e3e-8cc8-4435-89d3-6e2b3c10766c/none_v3" 201 - "PUT https://[::1]:8080/v1/AUTH_e41560788c7b460fa374fdc94f22590f/gnocchi.501a3e3e-8cc8-4435-89d3-6e2b3c10766c/none_v3" "tx85e0b1900198465b85da9-00699a7a7e" "proxy-server 100219" 0.0222 "-" 99151 0
Feb 21 22:39:42 np0005625961.novalocal proxy-server[100219]: ::1 ::1 22/Feb/2026/03/39/42 PUT /v1/AUTH_e41560788c7b460fa374fdc94f22590f/gnocchi.501a3e3e-8cc8-4435-89d3-6e2b3c10766c/none_v3 HTTP/1.0 201 - python-swiftclient-4.8.0 gAAAAABpmnpTVjhT... 44 - - tx85e0b1900198465b85da9-00699a7a7e - 0.0358 - - 1771731582.680845737 1771731582.716665268 0 17d6eceedce248e7bcac4363c7b2aeaa
Feb 21 22:39:42 np0005625961.novalocal container-server[98786]: ::1 - - [22/Feb/2026:03:39:42 +0000] "PUT /2/60330/AUTH_e41560788c7b460fa374fdc94f22590f/gnocchi.a9270718-d472-42ea-aac7-a8b685a4ecec/none_v3" 201 - "PUT http://[::1]:8080/3/187419/AUTH_e41560788c7b460fa374fdc94f22590f/gnocchi.a9270718-d472-42ea-aac7-a8b685a4ecec/none_v3" "txfe9136c5b80b42e1b9edc-00699a7a7e" "object-server 99151" 0.0025 "-" 98786 0
Feb 21 22:39:42 np0005625961.novalocal object-server[99151]: ::1 - - [22/Feb/2026:03:39:42 +0000] "PUT /3/187419/AUTH_e41560788c7b460fa374fdc94f22590f/gnocchi.a9270718-d472-42ea-aac7-a8b685a4ecec/none_v3" 201 - "PUT https://[::1]:8080/v1/AUTH_e41560788c7b460fa374fdc94f22590f/gnocchi.a9270718-d472-42ea-aac7-a8b685a4ecec/none_v3" "txfe9136c5b80b42e1b9edc-00699a7a7e" "proxy-server 100219" 0.0168 "-" 99151 0
Feb 21 22:39:42 np0005625961.novalocal container-server[98786]: ::1 - - [22/Feb/2026:03:39:42 +0000] "PUT /1/60330/AUTH_e41560788c7b460fa374fdc94f22590f/gnocchi.a9270718-d472-42ea-aac7-a8b685a4ecec/none_v3" 201 - "PUT http://[::1]:8080/1/187419/AUTH_e41560788c7b460fa374fdc94f22590f/gnocchi.a9270718-d472-42ea-aac7-a8b685a4ecec/none_v3" "txfe9136c5b80b42e1b9edc-00699a7a7e" "object-server 99152" 0.0022 "-" 98786 0
Feb 21 22:39:42 np0005625961.novalocal object-server[99152]: ::1 - - [22/Feb/2026:03:39:42 +0000] "PUT /1/187419/AUTH_e41560788c7b460fa374fdc94f22590f/gnocchi.a9270718-d472-42ea-aac7-a8b685a4ecec/none_v3" 201 - "PUT https://[::1]:8080/v1/AUTH_e41560788c7b460fa374fdc94f22590f/gnocchi.a9270718-d472-42ea-aac7-a8b685a4ecec/none_v3" "txfe9136c5b80b42e1b9edc-00699a7a7e" "proxy-server 100219" 0.0219 "-" 99152 0
Feb 21 22:39:42 np0005625961.novalocal container-server[98786]: ::1 - - [22/Feb/2026:03:39:42 +0000] "PUT /3/60330/AUTH_e41560788c7b460fa374fdc94f22590f/gnocchi.a9270718-d472-42ea-aac7-a8b685a4ecec/none_v3" 201 - "PUT http://[::1]:8080/2/187419/AUTH_e41560788c7b460fa374fdc94f22590f/gnocchi.a9270718-d472-42ea-aac7-a8b685a4ecec/none_v3" "txfe9136c5b80b42e1b9edc-00699a7a7e" "object-server 99152" 0.0005 "-" 98786 0
Feb 21 22:39:42 np0005625961.novalocal object-server[99152]: ::1 - - [22/Feb/2026:03:39:42 +0000] "PUT /2/187419/AUTH_e41560788c7b460fa374fdc94f22590f/gnocchi.a9270718-d472-42ea-aac7-a8b685a4ecec/none_v3" 201 - "PUT https://[::1]:8080/v1/AUTH_e41560788c7b460fa374fdc94f22590f/gnocchi.a9270718-d472-42ea-aac7-a8b685a4ecec/none_v3" "txfe9136c5b80b42e1b9edc-00699a7a7e" "proxy-server 100219" 0.0210 "-" 99152 0
Feb 21 22:39:42 np0005625961.novalocal proxy-server[100219]: ::1 ::1 22/Feb/2026/03/39/42 PUT /v1/AUTH_e41560788c7b460fa374fdc94f22590f/gnocchi.a9270718-d472-42ea-aac7-a8b685a4ecec/none_v3 HTTP/1.0 201 - python-swiftclient-4.8.0 gAAAAABpmnpTVjhT... 44 - - txfe9136c5b80b42e1b9edc-00699a7a7e - 0.0369 - - 1771731582.722158194 1771731582.759102583 0 17d6eceedce248e7bcac4363c7b2aeaa
Feb 21 22:39:43 np0005625961.novalocal object-replicator[99231]: Starting object replication pass.
Feb 21 22:39:43 np0005625961.novalocal dnsmasq[106046]: read /var/lib/neutron/dhcp/ec68f9e8-955e-4357-8a89-83dd814883bc/addn_hosts - 3 addresses
Feb 21 22:39:43 np0005625961.novalocal dnsmasq-dhcp[106046]: read /var/lib/neutron/dhcp/ec68f9e8-955e-4357-8a89-83dd814883bc/host
Feb 21 22:39:43 np0005625961.novalocal dnsmasq-dhcp[106046]: read /var/lib/neutron/dhcp/ec68f9e8-955e-4357-8a89-83dd814883bc/opts
Feb 21 22:39:43 np0005625961.novalocal container-replicator[98871]: Beginning replication run
Feb 21 22:39:44 np0005625961.novalocal dnsmasq-dhcp[106750]: DHCPRELEASE(tap4ea5e4ac-2d) 10.100.0.5 fa:16:3e:26:c9:ff
Feb 21 22:39:44 np0005625961.novalocal dnsmasq-dhcp[106750]: DHCPRELEASE(tap4ea5e4ac-2d) 10.100.0.5 fa:16:3e:26:c9:ff unknown lease
Feb 21 22:39:45 np0005625961.novalocal object-server[99152]: ::1 - - [22/Feb/2026:03:39:45 +0000] "GET /1/241465/AUTH_e41560788c7b460fa374fdc94f22590f/gnocchi.1f6ca75c-146d-46f0-9d2b-a29ffb96ae8f/none_v3" 200 22 "GET https://[::1]:8080/v1/AUTH_e41560788c7b460fa374fdc94f22590f/gnocchi.1f6ca75c-146d-46f0-9d2b-a29ffb96ae8f/none_v3" "tx7e294a5c83974198b89e9-00699a7a81" "proxy-server 100218" 0.0024 "-" 99152 0
Feb 21 22:39:45 np0005625961.novalocal proxy-server[100218]: ::1 ::1 22/Feb/2026/03/39/45 GET /v1/AUTH_e41560788c7b460fa374fdc94f22590f/gnocchi.1f6ca75c-146d-46f0-9d2b-a29ffb96ae8f/none_v3 HTTP/1.0 200 - python-swiftclient-4.8.0 gAAAAABpmnpRlsm9... - 22 - tx7e294a5c83974198b89e9-00699a7a81 - 0.0135 - - 1771731585.137374163 1771731585.150910139 0 17d6eceedce248e7bcac4363c7b2aeaa
Feb 21 22:39:45 np0005625961.novalocal container-server[98785]: ::1 - - [22/Feb/2026:03:39:45 +0000] "GET /2/23514/AUTH_e41560788c7b460fa374fdc94f22590f/gnocchi.1f6ca75c-146d-46f0-9d2b-a29ffb96ae8f" 200 357 "GET https://[::1]:8080/v1/AUTH_e41560788c7b460fa374fdc94f22590f/gnocchi.1f6ca75c-146d-46f0-9d2b-a29ffb96ae8f?format=json&states=listing" "txdbb633220df44735b0752-00699a7a81" "proxy-server 100218" 0.0028 "-" 98785 0
Feb 21 22:39:45 np0005625961.novalocal proxy-server[100218]: ::1 ::1 22/Feb/2026/03/39/45 GET /v1/AUTH_e41560788c7b460fa374fdc94f22590f/gnocchi.1f6ca75c-146d-46f0-9d2b-a29ffb96ae8f%3Fformat%3Djson%26states%3Dlisting HTTP/1.0 200 - python-swiftclient-4.8.0 gAAAAABpmnpRlsm9... - 357 - txdbb633220df44735b0752-00699a7a81 - 0.0151 - - 1771731585.156931162 1771731585.171985865 0 17d6eceedce248e7bcac4363c7b2aeaa
Feb 21 22:39:45 np0005625961.novalocal container-server[98785]: ::1 - - [22/Feb/2026:03:39:45 +0000] "GET /2/23514/AUTH_e41560788c7b460fa374fdc94f22590f/gnocchi.1f6ca75c-146d-46f0-9d2b-a29ffb96ae8f" 200 2 "GET https://[::1]:8080/v1/AUTH_e41560788c7b460fa374fdc94f22590f/gnocchi.1f6ca75c-146d-46f0-9d2b-a29ffb96ae8f?format=json&marker=none_v3&states=listing" "tx48f53dd4641546719d4b2-00699a7a81" "proxy-server 100218" 0.0035 "-" 98785 0
Feb 21 22:39:45 np0005625961.novalocal proxy-server[100218]: ::1 ::1 22/Feb/2026/03/39/45 GET /v1/AUTH_e41560788c7b460fa374fdc94f22590f/gnocchi.1f6ca75c-146d-46f0-9d2b-a29ffb96ae8f%3Fformat%3Djson%26marker%3Dnone_v3%26states%3Dlisting HTTP/1.0 200 - python-swiftclient-4.8.0 gAAAAABpmnpRlsm9... - 2 - tx48f53dd4641546719d4b2-00699a7a81 - 0.0175 - - 1771731585.176898956 1771731585.194433451 0 17d6eceedce248e7bcac4363c7b2aeaa
Feb 21 22:39:45 np0005625961.novalocal object-server[99151]: ::1 - - [22/Feb/2026:03:39:45 +0000] "GET /1/174739/AUTH_e41560788c7b460fa374fdc94f22590f/gnocchi.1f6ca75c-146d-46f0-9d2b-a29ffb96ae8f/1771200000.0_mean_300.0_v3" 200 16 "GET https://[::1]:8080/v1/AUTH_e41560788c7b460fa374fdc94f22590f/gnocchi.1f6ca75c-146d-46f0-9d2b-a29ffb96ae8f/1771200000.0_mean_300.0_v3" "txe41ad9a1776d4351925be-00699a7a81" "proxy-server 100218" 0.0015 "-" 99151 0
Feb 21 22:39:45 np0005625961.novalocal proxy-server[100218]: ::1 ::1 22/Feb/2026/03/39/45 GET /v1/AUTH_e41560788c7b460fa374fdc94f22590f/gnocchi.1f6ca75c-146d-46f0-9d2b-a29ffb96ae8f/1771200000.0_mean_300.0_v3 HTTP/1.0 200 - python-swiftclient-4.8.0 gAAAAABpmnpRlsm9... - 16 - txe41ad9a1776d4351925be-00699a7a81 - 0.0115 - - 1771731585.201122046 1771731585.212661505 0 17d6eceedce248e7bcac4363c7b2aeaa
Feb 21 22:39:45 np0005625961.novalocal container-server[98786]: ::1 - - [22/Feb/2026:03:39:45 +0000] "PUT /1/23514/AUTH_e41560788c7b460fa374fdc94f22590f/gnocchi.1f6ca75c-146d-46f0-9d2b-a29ffb96ae8f/1771200000.0_mean_300.0_v3" 201 - "PUT http://[::1]:8080/3/174739/AUTH_e41560788c7b460fa374fdc94f22590f/gnocchi.1f6ca75c-146d-46f0-9d2b-a29ffb96ae8f/1771200000.0_mean_300.0_v3" "tx82f0567aa83b4f938c485-00699a7a81" "object-server 99151" 0.0006 "-" 98786 0
Feb 21 22:39:45 np0005625961.novalocal container-server[98786]: ::1 - - [22/Feb/2026:03:39:45 +0000] "PUT /3/23514/AUTH_e41560788c7b460fa374fdc94f22590f/gnocchi.1f6ca75c-146d-46f0-9d2b-a29ffb96ae8f/1771200000.0_mean_300.0_v3" 201 - "PUT http://[::1]:8080/2/174739/AUTH_e41560788c7b460fa374fdc94f22590f/gnocchi.1f6ca75c-146d-46f0-9d2b-a29ffb96ae8f/1771200000.0_mean_300.0_v3" "tx82f0567aa83b4f938c485-00699a7a81" "object-server 99152" 0.0004 "-" 98786 0
Feb 21 22:39:45 np0005625961.novalocal object-server[99152]: ::1 - - [22/Feb/2026:03:39:45 +0000] "PUT /2/174739/AUTH_e41560788c7b460fa374fdc94f22590f/gnocchi.1f6ca75c-146d-46f0-9d2b-a29ffb96ae8f/1771200000.0_mean_300.0_v3" 201 - "PUT https://[::1]:8080/v1/AUTH_e41560788c7b460fa374fdc94f22590f/gnocchi.1f6ca75c-146d-46f0-9d2b-a29ffb96ae8f/1771200000.0_mean_300.0_v3" "tx82f0567aa83b4f938c485-00699a7a81" "proxy-server 100218" 0.0138 "-" 99152 0
Feb 21 22:39:45 np0005625961.novalocal object-server[99151]: ::1 - - [22/Feb/2026:03:39:45 +0000] "PUT /3/174739/AUTH_e41560788c7b460fa374fdc94f22590f/gnocchi.1f6ca75c-146d-46f0-9d2b-a29ffb96ae8f/1771200000.0_mean_300.0_v3" 201 - "PUT https://[::1]:8080/v1/AUTH_e41560788c7b460fa374fdc94f22590f/gnocchi.1f6ca75c-146d-46f0-9d2b-a29ffb96ae8f/1771200000.0_mean_300.0_v3" "tx82f0567aa83b4f938c485-00699a7a81" "proxy-server 100218" 0.0156 "-" 99151 0
Feb 21 22:39:45 np0005625961.novalocal container-server[98785]: ::1 - - [22/Feb/2026:03:39:45 +0000] "PUT /2/23514/AUTH_e41560788c7b460fa374fdc94f22590f/gnocchi.1f6ca75c-146d-46f0-9d2b-a29ffb96ae8f/1771200000.0_mean_300.0_v3" 201 - "PUT http://[::1]:8080/1/174739/AUTH_e41560788c7b460fa374fdc94f22590f/gnocchi.1f6ca75c-146d-46f0-9d2b-a29ffb96ae8f/1771200000.0_mean_300.0_v3" "tx82f0567aa83b4f938c485-00699a7a81" "object-server 99151" 0.0007 "-" 98785 0
Feb 21 22:39:45 np0005625961.novalocal object-server[99151]: ::1 - - [22/Feb/2026:03:39:45 +0000] "PUT /1/174739/AUTH_e41560788c7b460fa374fdc94f22590f/gnocchi.1f6ca75c-146d-46f0-9d2b-a29ffb96ae8f/1771200000.0_mean_300.0_v3" 201 - "PUT https://[::1]:8080/v1/AUTH_e41560788c7b460fa374fdc94f22590f/gnocchi.1f6ca75c-146d-46f0-9d2b-a29ffb96ae8f/1771200000.0_mean_300.0_v3" "tx82f0567aa83b4f938c485-00699a7a81" "proxy-server 100218" 0.0154 "-" 99151 0
Feb 21 22:39:45 np0005625961.novalocal proxy-server[100218]: ::1 ::1 22/Feb/2026/03/39/45 PUT /v1/AUTH_e41560788c7b460fa374fdc94f22590f/gnocchi.1f6ca75c-146d-46f0-9d2b-a29ffb96ae8f/1771200000.0_mean_300.0_v3 HTTP/1.0 201 - python-swiftclient-4.8.0 gAAAAABpmnpRlsm9... 16 - - tx82f0567aa83b4f938c485-00699a7a81 - 0.0289 - - 1771731585.216589212 1771731585.245518923 0 17d6eceedce248e7bcac4363c7b2aeaa
Feb 21 22:39:45 np0005625961.novalocal container-server[98785]: ::1 - - [22/Feb/2026:03:39:45 +0000] "PUT /1/23514/AUTH_e41560788c7b460fa374fdc94f22590f/gnocchi.1f6ca75c-146d-46f0-9d2b-a29ffb96ae8f/none_v3" 201 - "PUT http://[::1]:8080/3/241465/AUTH_e41560788c7b460fa374fdc94f22590f/gnocchi.1f6ca75c-146d-46f0-9d2b-a29ffb96ae8f/none_v3" "txb3e8b30101384618be931-00699a7a81" "object-server 99152" 0.0007 "-" 98785 0
Feb 21 22:39:45 np0005625961.novalocal object-server[99152]: ::1 - - [22/Feb/2026:03:39:45 +0000] "PUT /3/241465/AUTH_e41560788c7b460fa374fdc94f22590f/gnocchi.1f6ca75c-146d-46f0-9d2b-a29ffb96ae8f/none_v3" 201 - "PUT https://[::1]:8080/v1/AUTH_e41560788c7b460fa374fdc94f22590f/gnocchi.1f6ca75c-146d-46f0-9d2b-a29ffb96ae8f/none_v3" "txb3e8b30101384618be931-00699a7a81" "proxy-server 100218" 0.0136 "-" 99152 0
Feb 21 22:39:45 np0005625961.novalocal container-server[98785]: ::1 - - [22/Feb/2026:03:39:45 +0000] "PUT /3/23514/AUTH_e41560788c7b460fa374fdc94f22590f/gnocchi.1f6ca75c-146d-46f0-9d2b-a29ffb96ae8f/none_v3" 201 - "PUT http://[::1]:8080/2/241465/AUTH_e41560788c7b460fa374fdc94f22590f/gnocchi.1f6ca75c-146d-46f0-9d2b-a29ffb96ae8f/none_v3" "txb3e8b30101384618be931-00699a7a81" "object-server 99151" 0.0005 "-" 98785 0
Feb 21 22:39:45 np0005625961.novalocal container-server[98785]: ::1 - - [22/Feb/2026:03:39:45 +0000] "PUT /2/23514/AUTH_e41560788c7b460fa374fdc94f22590f/gnocchi.1f6ca75c-146d-46f0-9d2b-a29ffb96ae8f/none_v3" 201 - "PUT http://[::1]:8080/1/241465/AUTH_e41560788c7b460fa374fdc94f22590f/gnocchi.1f6ca75c-146d-46f0-9d2b-a29ffb96ae8f/none_v3" "txb3e8b30101384618be931-00699a7a81" "object-server 99151" 0.0006 "-" 98785 0
Feb 21 22:39:45 np0005625961.novalocal object-server[99151]: ::1 - - [22/Feb/2026:03:39:45 +0000] "PUT /2/241465/AUTH_e41560788c7b460fa374fdc94f22590f/gnocchi.1f6ca75c-146d-46f0-9d2b-a29ffb96ae8f/none_v3" 201 - "PUT https://[::1]:8080/v1/AUTH_e41560788c7b460fa374fdc94f22590f/gnocchi.1f6ca75c-146d-46f0-9d2b-a29ffb96ae8f/none_v3" "txb3e8b30101384618be931-00699a7a81" "proxy-server 100218" 0.0172 "-" 99151 0
Feb 21 22:39:45 np0005625961.novalocal object-server[99151]: ::1 - - [22/Feb/2026:03:39:45 +0000] "PUT /1/241465/AUTH_e41560788c7b460fa374fdc94f22590f/gnocchi.1f6ca75c-146d-46f0-9d2b-a29ffb96ae8f/none_v3" 201 - "PUT https://[::1]:8080/v1/AUTH_e41560788c7b460fa374fdc94f22590f/gnocchi.1f6ca75c-146d-46f0-9d2b-a29ffb96ae8f/none_v3" "txb3e8b30101384618be931-00699a7a81" "proxy-server 100218" 0.0180 "-" 99151 0
Feb 21 22:39:45 np0005625961.novalocal proxy-server[100218]: ::1 ::1 22/Feb/2026/03/39/45 PUT /v1/AUTH_e41560788c7b460fa374fdc94f22590f/gnocchi.1f6ca75c-146d-46f0-9d2b-a29ffb96ae8f/none_v3 HTTP/1.0 201 - python-swiftclient-4.8.0 gAAAAABpmnpRlsm9... 32 - - txb3e8b30101384618be931-00699a7a81 - 0.0325 - - 1771731585.249552965 1771731585.282044411 0 17d6eceedce248e7bcac4363c7b2aeaa
Feb 21 22:39:45 np0005625961.novalocal object-server[99152]: ::1 - - [22/Feb/2026:03:39:45 +0000] "GET /1/130723/AUTH_e41560788c7b460fa374fdc94f22590f/gnocchi.cadb8074-bb62-4cc1-b268-b22c6a6f949a/none_v3" 200 22 "GET https://[::1]:8080/v1/AUTH_e41560788c7b460fa374fdc94f22590f/gnocchi.cadb8074-bb62-4cc1-b268-b22c6a6f949a/none_v3" "txa657c494ede74d30bbce9-00699a7a81" "proxy-server 100218" 0.0011 "-" 99152 0
Feb 21 22:39:45 np0005625961.novalocal proxy-server[100218]: ::1 ::1 22/Feb/2026/03/39/45 GET /v1/AUTH_e41560788c7b460fa374fdc94f22590f/gnocchi.cadb8074-bb62-4cc1-b268-b22c6a6f949a/none_v3 HTTP/1.0 200 - python-swiftclient-4.8.0 gAAAAABpmnpRlsm9... - 22 - txa657c494ede74d30bbce9-00699a7a81 - 0.0090 - - 1771731585.316877127 1771731585.325853348 0 17d6eceedce248e7bcac4363c7b2aeaa
Feb 21 22:39:45 np0005625961.novalocal container-server[98786]: ::1 - - [22/Feb/2026:03:39:45 +0000] "GET /1/245468/AUTH_e41560788c7b460fa374fdc94f22590f/gnocchi.cadb8074-bb62-4cc1-b268-b22c6a6f949a" 200 357 "GET https://[::1]:8080/v1/AUTH_e41560788c7b460fa374fdc94f22590f/gnocchi.cadb8074-bb62-4cc1-b268-b22c6a6f949a?format=json&states=listing" "tx8fa749c665bd42c9bc5d7-00699a7a81" "proxy-server 100218" 0.0043 "-" 98786 0
Feb 21 22:39:45 np0005625961.novalocal proxy-server[100218]: ::1 ::1 22/Feb/2026/03/39/45 GET /v1/AUTH_e41560788c7b460fa374fdc94f22590f/gnocchi.cadb8074-bb62-4cc1-b268-b22c6a6f949a%3Fformat%3Djson%26states%3Dlisting HTTP/1.0 200 - python-swiftclient-4.8.0 gAAAAABpmnpRlsm9... - 357 - tx8fa749c665bd42c9bc5d7-00699a7a81 - 0.0117 - - 1771731585.331687927 1771731585.343380451 0 17d6eceedce248e7bcac4363c7b2aeaa
Feb 21 22:39:45 np0005625961.novalocal container-server[98786]: ::1 - - [22/Feb/2026:03:39:45 +0000] "GET /2/245468/AUTH_e41560788c7b460fa374fdc94f22590f/gnocchi.cadb8074-bb62-4cc1-b268-b22c6a6f949a" 200 2 "GET https://[::1]:8080/v1/AUTH_e41560788c7b460fa374fdc94f22590f/gnocchi.cadb8074-bb62-4cc1-b268-b22c6a6f949a?format=json&marker=none_v3&states=listing" "txb19dc42d0e8e459ca7d5d-00699a7a81" "proxy-server 100218" 0.0030 "-" 98786 0
Feb 21 22:39:45 np0005625961.novalocal proxy-server[100218]: ::1 ::1 22/Feb/2026/03/39/45 GET /v1/AUTH_e41560788c7b460fa374fdc94f22590f/gnocchi.cadb8074-bb62-4cc1-b268-b22c6a6f949a%3Fformat%3Djson%26marker%3Dnone_v3%26states%3Dlisting HTTP/1.0 200 - python-swiftclient-4.8.0 gAAAAABpmnpRlsm9... - 2 - txb19dc42d0e8e459ca7d5d-00699a7a81 - 0.0112 - - 1771731585.346644640 1771731585.357877493 0 17d6eceedce248e7bcac4363c7b2aeaa
Feb 21 22:39:45 np0005625961.novalocal object-server[99152]: ::1 - - [22/Feb/2026:03:39:45 +0000] "GET /2/109239/AUTH_e41560788c7b460fa374fdc94f22590f/gnocchi.cadb8074-bb62-4cc1-b268-b22c6a6f949a/1771200000.0_mean_300.0_v3" 200 16 "GET https://[::1]:8080/v1/AUTH_e41560788c7b460fa374fdc94f22590f/gnocchi.cadb8074-bb62-4cc1-b268-b22c6a6f949a/1771200000.0_mean_300.0_v3" "tx08553adbcb684145937fd-00699a7a81" "proxy-server 100218" 0.0015 "-" 99152 0
Feb 21 22:39:45 np0005625961.novalocal proxy-server[100218]: ::1 ::1 22/Feb/2026/03/39/45 GET /v1/AUTH_e41560788c7b460fa374fdc94f22590f/gnocchi.cadb8074-bb62-4cc1-b268-b22c6a6f949a/1771200000.0_mean_300.0_v3 HTTP/1.0 200 - python-swiftclient-4.8.0 gAAAAABpmnpRlsm9... - 16 - tx08553adbcb684145937fd-00699a7a81 - 0.0131 - - 1771731585.361888885 1771731585.374964476 0 17d6eceedce248e7bcac4363c7b2aeaa
Feb 21 22:39:45 np0005625961.novalocal container-server[98786]: ::1 - - [22/Feb/2026:03:39:45 +0000] "PUT /1/245468/AUTH_e41560788c7b460fa374fdc94f22590f/gnocchi.cadb8074-bb62-4cc1-b268-b22c6a6f949a/1771200000.0_mean_300.0_v3" 201 - "PUT http://[::1]:8080/2/109239/AUTH_e41560788c7b460fa374fdc94f22590f/gnocchi.cadb8074-bb62-4cc1-b268-b22c6a6f949a/1771200000.0_mean_300.0_v3" "tx81c2e80f39024ecb93be0-00699a7a81" "object-server 99151" 0.0006 "-" 98786 0
Feb 21 22:39:45 np0005625961.novalocal container-server[98785]: ::1 - - [22/Feb/2026:03:39:45 +0000] "PUT /2/245468/AUTH_e41560788c7b460fa374fdc94f22590f/gnocchi.cadb8074-bb62-4cc1-b268-b22c6a6f949a/1771200000.0_mean_300.0_v3" 201 - "PUT http://[::1]:8080/1/109239/AUTH_e41560788c7b460fa374fdc94f22590f/gnocchi.cadb8074-bb62-4cc1-b268-b22c6a6f949a/1771200000.0_mean_300.0_v3" "tx81c2e80f39024ecb93be0-00699a7a81" "object-server 99151" 0.0011 "-" 98785 0
Feb 21 22:39:45 np0005625961.novalocal object-server[99151]: ::1 - - [22/Feb/2026:03:39:45 +0000] "PUT /2/109239/AUTH_e41560788c7b460fa374fdc94f22590f/gnocchi.cadb8074-bb62-4cc1-b268-b22c6a6f949a/1771200000.0_mean_300.0_v3" 201 - "PUT https://[::1]:8080/v1/AUTH_e41560788c7b460fa374fdc94f22590f/gnocchi.cadb8074-bb62-4cc1-b268-b22c6a6f949a/1771200000.0_mean_300.0_v3" "tx81c2e80f39024ecb93be0-00699a7a81" "proxy-server 100218" 0.0116 "-" 99151 0
Feb 21 22:39:45 np0005625961.novalocal object-server[99151]: ::1 - - [22/Feb/2026:03:39:45 +0000] "PUT /1/109239/AUTH_e41560788c7b460fa374fdc94f22590f/gnocchi.cadb8074-bb62-4cc1-b268-b22c6a6f949a/1771200000.0_mean_300.0_v3" 201 - "PUT https://[::1]:8080/v1/AUTH_e41560788c7b460fa374fdc94f22590f/gnocchi.cadb8074-bb62-4cc1-b268-b22c6a6f949a/1771200000.0_mean_300.0_v3" "tx81c2e80f39024ecb93be0-00699a7a81" "proxy-server 100218" 0.0137 "-" 99151 0
Feb 21 22:39:45 np0005625961.novalocal container-server[98786]: ::1 - - [22/Feb/2026:03:39:45 +0000] "PUT /3/245468/AUTH_e41560788c7b460fa374fdc94f22590f/gnocchi.cadb8074-bb62-4cc1-b268-b22c6a6f949a/1771200000.0_mean_300.0_v3" 201 - "PUT http://[::1]:8080/3/109239/AUTH_e41560788c7b460fa374fdc94f22590f/gnocchi.cadb8074-bb62-4cc1-b268-b22c6a6f949a/1771200000.0_mean_300.0_v3" "tx81c2e80f39024ecb93be0-00699a7a81" "object-server 99152" 0.0011 "-" 98786 0
Feb 21 22:39:45 np0005625961.novalocal object-server[99152]: ::1 - - [22/Feb/2026:03:39:45 +0000] "PUT /3/109239/AUTH_e41560788c7b460fa374fdc94f22590f/gnocchi.cadb8074-bb62-4cc1-b268-b22c6a6f949a/1771200000.0_mean_300.0_v3" 201 - "PUT https://[::1]:8080/v1/AUTH_e41560788c7b460fa374fdc94f22590f/gnocchi.cadb8074-bb62-4cc1-b268-b22c6a6f949a/1771200000.0_mean_300.0_v3" "tx81c2e80f39024ecb93be0-00699a7a81" "proxy-server 100218" 0.0180 "-" 99152 0
Feb 21 22:39:45 np0005625961.novalocal proxy-server[100218]: ::1 ::1 22/Feb/2026/03/39/45 PUT /v1/AUTH_e41560788c7b460fa374fdc94f22590f/gnocchi.cadb8074-bb62-4cc1-b268-b22c6a6f949a/1771200000.0_mean_300.0_v3 HTTP/1.0 201 - python-swiftclient-4.8.0 gAAAAABpmnpRlsm9... 16 - - tx81c2e80f39024ecb93be0-00699a7a81 - 0.0314 - - 1771731585.380314350 1771731585.411699772 0 17d6eceedce248e7bcac4363c7b2aeaa
Feb 21 22:39:45 np0005625961.novalocal object-replicator[99231]: 156/156 (100.00%) partitions replicated in 1.69s (92.19/sec, 0s remaining)
Feb 21 22:39:45 np0005625961.novalocal object-replicator[99231]: 312 successes, 0 failures
Feb 21 22:39:45 np0005625961.novalocal object-replicator[99231]: 156 suffixes checked - 19.23% hashed, 0.00% synced
Feb 21 22:39:45 np0005625961.novalocal object-replicator[99231]: Partition times: max 0.0320s, min 0.0038s, med 0.0073s
Feb 21 22:39:45 np0005625961.novalocal object-replicator[99231]: Object replication complete. (0.03 minutes)
Feb 21 22:39:45 np0005625961.novalocal container-server[98785]: ::1 - - [22/Feb/2026:03:39:45 +0000] "PUT /2/245468/AUTH_e41560788c7b460fa374fdc94f22590f/gnocchi.cadb8074-bb62-4cc1-b268-b22c6a6f949a/none_v3" 201 - "PUT http://[::1]:8080/1/130723/AUTH_e41560788c7b460fa374fdc94f22590f/gnocchi.cadb8074-bb62-4cc1-b268-b22c6a6f949a/none_v3" "tx28a27fd0b2cb40c5a459e-00699a7a81" "object-server 99151" 0.0010 "-" 98785 0
Feb 21 22:39:45 np0005625961.novalocal object-server[99151]: ::1 - - [22/Feb/2026:03:39:45 +0000] "PUT /1/130723/AUTH_e41560788c7b460fa374fdc94f22590f/gnocchi.cadb8074-bb62-4cc1-b268-b22c6a6f949a/none_v3" 201 - "PUT https://[::1]:8080/v1/AUTH_e41560788c7b460fa374fdc94f22590f/gnocchi.cadb8074-bb62-4cc1-b268-b22c6a6f949a/none_v3" "tx28a27fd0b2cb40c5a459e-00699a7a81" "proxy-server 100218" 0.0122 "-" 99151 0
Feb 21 22:39:45 np0005625961.novalocal container-server[98785]: ::1 - - [22/Feb/2026:03:39:45 +0000] "PUT /3/245468/AUTH_e41560788c7b460fa374fdc94f22590f/gnocchi.cadb8074-bb62-4cc1-b268-b22c6a6f949a/none_v3" 201 - "PUT http://[::1]:8080/3/130723/AUTH_e41560788c7b460fa374fdc94f22590f/gnocchi.cadb8074-bb62-4cc1-b268-b22c6a6f949a/none_v3" "tx28a27fd0b2cb40c5a459e-00699a7a81" "object-server 99152" 0.0010 "-" 98785 0
Feb 21 22:39:45 np0005625961.novalocal object-server[99152]: ::1 - - [22/Feb/2026:03:39:45 +0000] "PUT /3/130723/AUTH_e41560788c7b460fa374fdc94f22590f/gnocchi.cadb8074-bb62-4cc1-b268-b22c6a6f949a/none_v3" 201 - "PUT https://[::1]:8080/v1/AUTH_e41560788c7b460fa374fdc94f22590f/gnocchi.cadb8074-bb62-4cc1-b268-b22c6a6f949a/none_v3" "tx28a27fd0b2cb40c5a459e-00699a7a81" "proxy-server 100218" 0.0160 "-" 99152 0
Feb 21 22:39:45 np0005625961.novalocal container-server[98786]: ::1 - - [22/Feb/2026:03:39:45 +0000] "PUT /1/245468/AUTH_e41560788c7b460fa374fdc94f22590f/gnocchi.cadb8074-bb62-4cc1-b268-b22c6a6f949a/none_v3" 201 - "PUT http://[::1]:8080/2/130723/AUTH_e41560788c7b460fa374fdc94f22590f/gnocchi.cadb8074-bb62-4cc1-b268-b22c6a6f949a/none_v3" "tx28a27fd0b2cb40c5a459e-00699a7a81" "object-server 99151" 0.0010 "-" 98786 0
Feb 21 22:39:45 np0005625961.novalocal object-server[99151]: ::1 - - [22/Feb/2026:03:39:45 +0000] "PUT /2/130723/AUTH_e41560788c7b460fa374fdc94f22590f/gnocchi.cadb8074-bb62-4cc1-b268-b22c6a6f949a/none_v3" 201 - "PUT https://[::1]:8080/v1/AUTH_e41560788c7b460fa374fdc94f22590f/gnocchi.cadb8074-bb62-4cc1-b268-b22c6a6f949a/none_v3" "tx28a27fd0b2cb40c5a459e-00699a7a81" "proxy-server 100218" 0.0191 "-" 99151 0
Feb 21 22:39:45 np0005625961.novalocal proxy-server[100218]: ::1 ::1 22/Feb/2026/03/39/45 PUT /v1/AUTH_e41560788c7b460fa374fdc94f22590f/gnocchi.cadb8074-bb62-4cc1-b268-b22c6a6f949a/none_v3 HTTP/1.0 201 - python-swiftclient-4.8.0 gAAAAABpmnpRlsm9... 32 - - tx28a27fd0b2cb40c5a459e-00699a7a81 - 0.0301 - - 1771731585.416799307 1771731585.446857214 0 17d6eceedce248e7bcac4363c7b2aeaa
Feb 21 22:39:45 np0005625961.novalocal dnsmasq[106750]: read /var/lib/neutron/dhcp/2c1d0d9b-bbbe-44a8-938c-04c0b61eb0fa/addn_hosts - 1 addresses
Feb 21 22:39:45 np0005625961.novalocal dnsmasq-dhcp[106750]: read /var/lib/neutron/dhcp/2c1d0d9b-bbbe-44a8-938c-04c0b61eb0fa/host
Feb 21 22:39:45 np0005625961.novalocal dnsmasq-dhcp[106750]: read /var/lib/neutron/dhcp/2c1d0d9b-bbbe-44a8-938c-04c0b61eb0fa/opts
Feb 21 22:39:45 np0005625961.novalocal object-server[99152]: ::1 - - [22/Feb/2026:03:39:45 +0000] "GET /3/31217/AUTH_e41560788c7b460fa374fdc94f22590f/gnocchi.4d68f372-617e-4f06-a629-d534257354dc/none_v3" 200 22 "GET https://[::1]:8080/v1/AUTH_e41560788c7b460fa374fdc94f22590f/gnocchi.4d68f372-617e-4f06-a629-d534257354dc/none_v3" "tx04d1e1e4e15a498994782-00699a7a81" "proxy-server 100218" 0.0012 "-" 99152 0
Feb 21 22:39:45 np0005625961.novalocal proxy-server[100218]: ::1 ::1 22/Feb/2026/03/39/45 GET /v1/AUTH_e41560788c7b460fa374fdc94f22590f/gnocchi.4d68f372-617e-4f06-a629-d534257354dc/none_v3 HTTP/1.0 200 - python-swiftclient-4.8.0 gAAAAABpmnpRlsm9... - 22 - tx04d1e1e4e15a498994782-00699a7a81 - 0.0108 - - 1771731585.550128460 1771731585.560932159 0 17d6eceedce248e7bcac4363c7b2aeaa
Feb 21 22:39:45 np0005625961.novalocal container-server[98785]: ::1 - - [22/Feb/2026:03:39:45 +0000] "GET /2/111334/AUTH_e41560788c7b460fa374fdc94f22590f/gnocchi.4d68f372-617e-4f06-a629-d534257354dc" 200 357 "GET https://[::1]:8080/v1/AUTH_e41560788c7b460fa374fdc94f22590f/gnocchi.4d68f372-617e-4f06-a629-d534257354dc?format=json&states=listing" "txa098624a887c4b5f951ec-00699a7a81" "proxy-server 100218" 0.0046 "-" 98785 0
Feb 21 22:39:45 np0005625961.novalocal proxy-server[100218]: ::1 ::1 22/Feb/2026/03/39/45 GET /v1/AUTH_e41560788c7b460fa374fdc94f22590f/gnocchi.4d68f372-617e-4f06-a629-d534257354dc%3Fformat%3Djson%26states%3Dlisting HTTP/1.0 200 - python-swiftclient-4.8.0 gAAAAABpmnpRlsm9... - 357 - txa098624a887c4b5f951ec-00699a7a81 - 0.0137 - - 1771731585.564627886 1771731585.578369856 0 17d6eceedce248e7bcac4363c7b2aeaa
Feb 21 22:39:45 np0005625961.novalocal container-server[98785]: ::1 - - [22/Feb/2026:03:39:45 +0000] "GET /3/111334/AUTH_e41560788c7b460fa374fdc94f22590f/gnocchi.4d68f372-617e-4f06-a629-d534257354dc" 200 2 "GET https://[::1]:8080/v1/AUTH_e41560788c7b460fa374fdc94f22590f/gnocchi.4d68f372-617e-4f06-a629-d534257354dc?format=json&marker=none_v3&states=listing" "tx083025a002b0491899de5-00699a7a81" "proxy-server 100218" 0.0022 "-" 98785 0
Feb 21 22:39:45 np0005625961.novalocal proxy-server[100218]: ::1 ::1 22/Feb/2026/03/39/45 GET /v1/AUTH_e41560788c7b460fa374fdc94f22590f/gnocchi.4d68f372-617e-4f06-a629-d534257354dc%3Fformat%3Djson%26marker%3Dnone_v3%26states%3Dlisting HTTP/1.0 200 - python-swiftclient-4.8.0 gAAAAABpmnpRlsm9... - 2 - tx083025a002b0491899de5-00699a7a81 - 0.0124 - - 1771731585.581784248 1771731585.594191790 0 17d6eceedce248e7bcac4363c7b2aeaa
Feb 21 22:39:45 np0005625961.novalocal object-server[99151]: ::1 - - [22/Feb/2026:03:39:45 +0000] "GET /2/207080/AUTH_e41560788c7b460fa374fdc94f22590f/gnocchi.4d68f372-617e-4f06-a629-d534257354dc/1771200000.0_mean_300.0_v3" 200 16 "GET https://[::1]:8080/v1/AUTH_e41560788c7b460fa374fdc94f22590f/gnocchi.4d68f372-617e-4f06-a629-d534257354dc/1771200000.0_mean_300.0_v3" "tx8528209a88a24220a89f2-00699a7a81" "proxy-server 100218" 0.0011 "-" 99151 0
Feb 21 22:39:45 np0005625961.novalocal proxy-server[100218]: ::1 ::1 22/Feb/2026/03/39/45 GET /v1/AUTH_e41560788c7b460fa374fdc94f22590f/gnocchi.4d68f372-617e-4f06-a629-d534257354dc/1771200000.0_mean_300.0_v3 HTTP/1.0 200 - python-swiftclient-4.8.0 gAAAAABpmnpRlsm9... - 16 - tx8528209a88a24220a89f2-00699a7a81 - 0.0076 - - 1771731585.597509623 1771731585.605061293 0 17d6eceedce248e7bcac4363c7b2aeaa
Feb 21 22:39:45 np0005625961.novalocal container-server[98786]: ::1 - - [22/Feb/2026:03:39:45 +0000] "PUT /3/111334/AUTH_e41560788c7b460fa374fdc94f22590f/gnocchi.4d68f372-617e-4f06-a629-d534257354dc/1771200000.0_mean_300.0_v3" 201 - "PUT http://[::1]:8080/3/207080/AUTH_e41560788c7b460fa374fdc94f22590f/gnocchi.4d68f372-617e-4f06-a629-d534257354dc/1771200000.0_mean_300.0_v3" "tx5e25e28fa3724a5ead1b4-00699a7a81" "object-server 99151" 0.0005 "-" 98786 0
Feb 21 22:39:45 np0005625961.novalocal object-server[99151]: ::1 - - [22/Feb/2026:03:39:45 +0000] "PUT /3/207080/AUTH_e41560788c7b460fa374fdc94f22590f/gnocchi.4d68f372-617e-4f06-a629-d534257354dc/1771200000.0_mean_300.0_v3" 201 - "PUT https://[::1]:8080/v1/AUTH_e41560788c7b460fa374fdc94f22590f/gnocchi.4d68f372-617e-4f06-a629-d534257354dc/1771200000.0_mean_300.0_v3" "tx5e25e28fa3724a5ead1b4-00699a7a81" "proxy-server 100218" 0.0103 "-" 99151 0
Feb 21 22:39:45 np0005625961.novalocal container-server[98785]: ::1 - - [22/Feb/2026:03:39:45 +0000] "PUT /1/111334/AUTH_e41560788c7b460fa374fdc94f22590f/gnocchi.4d68f372-617e-4f06-a629-d534257354dc/1771200000.0_mean_300.0_v3" 201 - "PUT http://[::1]:8080/1/207080/AUTH_e41560788c7b460fa374fdc94f22590f/gnocchi.4d68f372-617e-4f06-a629-d534257354dc/1771200000.0_mean_300.0_v3" "tx5e25e28fa3724a5ead1b4-00699a7a81" "object-server 99152" 0.0009 "-" 98785 0
Feb 21 22:39:45 np0005625961.novalocal object-server[99152]: ::1 - - [22/Feb/2026:03:39:45 +0000] "PUT /1/207080/AUTH_e41560788c7b460fa374fdc94f22590f/gnocchi.4d68f372-617e-4f06-a629-d534257354dc/1771200000.0_mean_300.0_v3" 201 - "PUT https://[::1]:8080/v1/AUTH_e41560788c7b460fa374fdc94f22590f/gnocchi.4d68f372-617e-4f06-a629-d534257354dc/1771200000.0_mean_300.0_v3" "tx5e25e28fa3724a5ead1b4-00699a7a81" "proxy-server 100218" 0.0188 "-" 99152 0
Feb 21 22:39:45 np0005625961.novalocal container-server[98785]: ::1 - - [22/Feb/2026:03:39:45 +0000] "PUT /2/111334/AUTH_e41560788c7b460fa374fdc94f22590f/gnocchi.4d68f372-617e-4f06-a629-d534257354dc/1771200000.0_mean_300.0_v3" 201 - "PUT http://[::1]:8080/2/207080/AUTH_e41560788c7b460fa374fdc94f22590f/gnocchi.4d68f372-617e-4f06-a629-d534257354dc/1771200000.0_mean_300.0_v3" "tx5e25e28fa3724a5ead1b4-00699a7a81" "object-server 99152" 0.0006 "-" 98785 0
Feb 21 22:39:45 np0005625961.novalocal object-server[99152]: ::1 - - [22/Feb/2026:03:39:45 +0000] "PUT /2/207080/AUTH_e41560788c7b460fa374fdc94f22590f/gnocchi.4d68f372-617e-4f06-a629-d534257354dc/1771200000.0_mean_300.0_v3" 201 - "PUT https://[::1]:8080/v1/AUTH_e41560788c7b460fa374fdc94f22590f/gnocchi.4d68f372-617e-4f06-a629-d534257354dc/1771200000.0_mean_300.0_v3" "tx5e25e28fa3724a5ead1b4-00699a7a81" "proxy-server 100218" 0.0219 "-" 99152 0
Feb 21 22:39:45 np0005625961.novalocal proxy-server[100218]: ::1 ::1 22/Feb/2026/03/39/45 PUT /v1/AUTH_e41560788c7b460fa374fdc94f22590f/gnocchi.4d68f372-617e-4f06-a629-d534257354dc/1771200000.0_mean_300.0_v3 HTTP/1.0 201 - python-swiftclient-4.8.0 gAAAAABpmnpRlsm9... 16 - - tx5e25e28fa3724a5ead1b4-00699a7a81 - 0.0309 - - 1771731585.607855320 1771731585.638803482 0 17d6eceedce248e7bcac4363c7b2aeaa
Feb 21 22:39:45 np0005625961.novalocal container-server[98786]: ::1 - - [22/Feb/2026:03:39:45 +0000] "PUT /3/111334/AUTH_e41560788c7b460fa374fdc94f22590f/gnocchi.4d68f372-617e-4f06-a629-d534257354dc/none_v3" 201 - "PUT http://[::1]:8080/1/31217/AUTH_e41560788c7b460fa374fdc94f22590f/gnocchi.4d68f372-617e-4f06-a629-d534257354dc/none_v3" "tx7a6490501d5a4a5c92387-00699a7a81" "object-server 99151" 0.0006 "-" 98786 0
Feb 21 22:39:45 np0005625961.novalocal object-server[99151]: ::1 - - [22/Feb/2026:03:39:45 +0000] "PUT /1/31217/AUTH_e41560788c7b460fa374fdc94f22590f/gnocchi.4d68f372-617e-4f06-a629-d534257354dc/none_v3" 201 - "PUT https://[::1]:8080/v1/AUTH_e41560788c7b460fa374fdc94f22590f/gnocchi.4d68f372-617e-4f06-a629-d534257354dc/none_v3" "tx7a6490501d5a4a5c92387-00699a7a81" "proxy-server 100218" 0.0129 "-" 99151 0
Feb 21 22:39:45 np0005625961.novalocal container-server[98786]: ::1 - - [22/Feb/2026:03:39:45 +0000] "PUT /1/111334/AUTH_e41560788c7b460fa374fdc94f22590f/gnocchi.4d68f372-617e-4f06-a629-d534257354dc/none_v3" 201 - "PUT http://[::1]:8080/2/31217/AUTH_e41560788c7b460fa374fdc94f22590f/gnocchi.4d68f372-617e-4f06-a629-d534257354dc/none_v3" "tx7a6490501d5a4a5c92387-00699a7a81" "object-server 99152" 0.0004 "-" 98786 0
Feb 21 22:39:45 np0005625961.novalocal object-server[99152]: ::1 - - [22/Feb/2026:03:39:45 +0000] "PUT /2/31217/AUTH_e41560788c7b460fa374fdc94f22590f/gnocchi.4d68f372-617e-4f06-a629-d534257354dc/none_v3" 201 - "PUT https://[::1]:8080/v1/AUTH_e41560788c7b460fa374fdc94f22590f/gnocchi.4d68f372-617e-4f06-a629-d534257354dc/none_v3" "tx7a6490501d5a4a5c92387-00699a7a81" "proxy-server 100218" 0.0171 "-" 99152 0
Feb 21 22:39:45 np0005625961.novalocal container-server[98785]: ::1 - - [22/Feb/2026:03:39:45 +0000] "PUT /2/111334/AUTH_e41560788c7b460fa374fdc94f22590f/gnocchi.4d68f372-617e-4f06-a629-d534257354dc/none_v3" 201 - "PUT http://[::1]:8080/3/31217/AUTH_e41560788c7b460fa374fdc94f22590f/gnocchi.4d68f372-617e-4f06-a629-d534257354dc/none_v3" "tx7a6490501d5a4a5c92387-00699a7a81" "object-server 99151" 0.0005 "-" 98785 0
Feb 21 22:39:45 np0005625961.novalocal object-server[99151]: ::1 - - [22/Feb/2026:03:39:45 +0000] "PUT /3/31217/AUTH_e41560788c7b460fa374fdc94f22590f/gnocchi.4d68f372-617e-4f06-a629-d534257354dc/none_v3" 201 - "PUT https://[::1]:8080/v1/AUTH_e41560788c7b460fa374fdc94f22590f/gnocchi.4d68f372-617e-4f06-a629-d534257354dc/none_v3" "tx7a6490501d5a4a5c92387-00699a7a81" "proxy-server 100218" 0.0168 "-" 99151 0
Feb 21 22:39:45 np0005625961.novalocal proxy-server[100218]: ::1 ::1 22/Feb/2026/03/39/45 PUT /v1/AUTH_e41560788c7b460fa374fdc94f22590f/gnocchi.4d68f372-617e-4f06-a629-d534257354dc/none_v3 HTTP/1.0 201 - python-swiftclient-4.8.0 gAAAAABpmnpRlsm9... 31 - - tx7a6490501d5a4a5c92387-00699a7a81 - 0.0291 - - 1771731585.641622305 1771731585.670768976 0 17d6eceedce248e7bcac4363c7b2aeaa
Feb 21 22:39:45 np0005625961.novalocal object-server[99151]: ::1 - - [22/Feb/2026:03:39:45 +0000] "GET /3/75039/AUTH_e41560788c7b460fa374fdc94f22590f/gnocchi.6929eeb9-1f14-4061-8a1d-f349252682f3/none_v3" 200 22 "GET https://[::1]:8080/v1/AUTH_e41560788c7b460fa374fdc94f22590f/gnocchi.6929eeb9-1f14-4061-8a1d-f349252682f3/none_v3" "tx732c291ed4664deea297b-00699a7a81" "proxy-server 100218" 0.0011 "-" 99151 0
Feb 21 22:39:45 np0005625961.novalocal proxy-server[100218]: ::1 ::1 22/Feb/2026/03/39/45 GET /v1/AUTH_e41560788c7b460fa374fdc94f22590f/gnocchi.6929eeb9-1f14-4061-8a1d-f349252682f3/none_v3 HTTP/1.0 200 - python-swiftclient-4.8.0 gAAAAABpmnpRlsm9... - 22 - tx732c291ed4664deea297b-00699a7a81 - 0.0098 - - 1771731585.702635765 1771731585.712411642 0 17d6eceedce248e7bcac4363c7b2aeaa
Feb 21 22:39:45 np0005625961.novalocal container-server[98786]: ::1 - - [22/Feb/2026:03:39:45 +0000] "GET /2/208210/AUTH_e41560788c7b460fa374fdc94f22590f/gnocchi.6929eeb9-1f14-4061-8a1d-f349252682f3" 200 357 "GET https://[::1]:8080/v1/AUTH_e41560788c7b460fa374fdc94f22590f/gnocchi.6929eeb9-1f14-4061-8a1d-f349252682f3?format=json&states=listing" "tx42d04d0a1d6f4b519d02e-00699a7a81" "proxy-server 100218" 0.0038 "-" 98786 0
Feb 21 22:39:45 np0005625961.novalocal proxy-server[100218]: ::1 ::1 22/Feb/2026/03/39/45 GET /v1/AUTH_e41560788c7b460fa374fdc94f22590f/gnocchi.6929eeb9-1f14-4061-8a1d-f349252682f3%3Fformat%3Djson%26states%3Dlisting HTTP/1.0 200 - python-swiftclient-4.8.0 gAAAAABpmnpRlsm9... - 357 - tx42d04d0a1d6f4b519d02e-00699a7a81 - 0.0131 - - 1771731585.715811729 1771731585.728879929 0 17d6eceedce248e7bcac4363c7b2aeaa
Feb 21 22:39:45 np0005625961.novalocal container-server[98786]: ::1 - - [22/Feb/2026:03:39:45 +0000] "GET /3/208210/AUTH_e41560788c7b460fa374fdc94f22590f/gnocchi.6929eeb9-1f14-4061-8a1d-f349252682f3" 200 2 "GET https://[::1]:8080/v1/AUTH_e41560788c7b460fa374fdc94f22590f/gnocchi.6929eeb9-1f14-4061-8a1d-f349252682f3?format=json&marker=none_v3&states=listing" "tx52a85c3f94dc4123ac2cd-00699a7a81" "proxy-server 100218" 0.0033 "-" 98786 0
Feb 21 22:39:45 np0005625961.novalocal proxy-server[100218]: ::1 ::1 22/Feb/2026/03/39/45 GET /v1/AUTH_e41560788c7b460fa374fdc94f22590f/gnocchi.6929eeb9-1f14-4061-8a1d-f349252682f3%3Fformat%3Djson%26marker%3Dnone_v3%26states%3Dlisting HTTP/1.0 200 - python-swiftclient-4.8.0 gAAAAABpmnpRlsm9... - 2 - tx52a85c3f94dc4123ac2cd-00699a7a81 - 0.0099 - - 1771731585.731544256 1771731585.741413593 0 17d6eceedce248e7bcac4363c7b2aeaa
Feb 21 22:39:45 np0005625961.novalocal object-server[99152]: ::1 - - [22/Feb/2026:03:39:45 +0000] "GET /1/10401/AUTH_e41560788c7b460fa374fdc94f22590f/gnocchi.6929eeb9-1f14-4061-8a1d-f349252682f3/1771200000.0_mean_300.0_v3" 200 16 "GET https://[::1]:8080/v1/AUTH_e41560788c7b460fa374fdc94f22590f/gnocchi.6929eeb9-1f14-4061-8a1d-f349252682f3/1771200000.0_mean_300.0_v3" "tx8b4becedf6bd4267b842b-00699a7a81" "proxy-server 100218" 0.0008 "-" 99152 0
Feb 21 22:39:45 np0005625961.novalocal proxy-server[100218]: ::1 ::1 22/Feb/2026/03/39/45 GET /v1/AUTH_e41560788c7b460fa374fdc94f22590f/gnocchi.6929eeb9-1f14-4061-8a1d-f349252682f3/1771200000.0_mean_300.0_v3 HTTP/1.0 200 - python-swiftclient-4.8.0 gAAAAABpmnpRlsm9... - 16 - tx8b4becedf6bd4267b842b-00699a7a81 - 0.0069 - - 1771731585.744420767 1771731585.751271009 0 17d6eceedce248e7bcac4363c7b2aeaa
Feb 21 22:39:45 np0005625961.novalocal container-server[98786]: ::1 - - [22/Feb/2026:03:39:45 +0000] "PUT /3/208210/AUTH_e41560788c7b460fa374fdc94f22590f/gnocchi.6929eeb9-1f14-4061-8a1d-f349252682f3/1771200000.0_mean_300.0_v3" 201 - "PUT http://[::1]:8080/2/10401/AUTH_e41560788c7b460fa374fdc94f22590f/gnocchi.6929eeb9-1f14-4061-8a1d-f349252682f3/1771200000.0_mean_300.0_v3" "tx0744c42d62fc4c789a5e0-00699a7a81" "object-server 99152" 0.0008 "-" 98786 0
Feb 21 22:39:45 np0005625961.novalocal object-server[99152]: ::1 - - [22/Feb/2026:03:39:45 +0000] "PUT /2/10401/AUTH_e41560788c7b460fa374fdc94f22590f/gnocchi.6929eeb9-1f14-4061-8a1d-f349252682f3/1771200000.0_mean_300.0_v3" 201 - "PUT https://[::1]:8080/v1/AUTH_e41560788c7b460fa374fdc94f22590f/gnocchi.6929eeb9-1f14-4061-8a1d-f349252682f3/1771200000.0_mean_300.0_v3" "tx0744c42d62fc4c789a5e0-00699a7a81" "proxy-server 100218" 0.0126 "-" 99152 0
Feb 21 22:39:45 np0005625961.novalocal container-server[98785]: ::1 - - [22/Feb/2026:03:39:45 +0000] "PUT /1/208210/AUTH_e41560788c7b460fa374fdc94f22590f/gnocchi.6929eeb9-1f14-4061-8a1d-f349252682f3/1771200000.0_mean_300.0_v3" 201 - "PUT http://[::1]:8080/1/10401/AUTH_e41560788c7b460fa374fdc94f22590f/gnocchi.6929eeb9-1f14-4061-8a1d-f349252682f3/1771200000.0_mean_300.0_v3" "tx0744c42d62fc4c789a5e0-00699a7a81" "object-server 99151" 0.0011 "-" 98785 0
Feb 21 22:39:45 np0005625961.novalocal object-server[99151]: ::1 - - [22/Feb/2026:03:39:45 +0000] "PUT /1/10401/AUTH_e41560788c7b460fa374fdc94f22590f/gnocchi.6929eeb9-1f14-4061-8a1d-f349252682f3/1771200000.0_mean_300.0_v3" 201 - "PUT https://[::1]:8080/v1/AUTH_e41560788c7b460fa374fdc94f22590f/gnocchi.6929eeb9-1f14-4061-8a1d-f349252682f3/1771200000.0_mean_300.0_v3" "tx0744c42d62fc4c789a5e0-00699a7a81" "proxy-server 100218" 0.0145 "-" 99151 0
Feb 21 22:39:45 np0005625961.novalocal container-server[98785]: ::1 - - [22/Feb/2026:03:39:45 +0000] "PUT /2/208210/AUTH_e41560788c7b460fa374fdc94f22590f/gnocchi.6929eeb9-1f14-4061-8a1d-f349252682f3/1771200000.0_mean_300.0_v3" 201 - "PUT http://[::1]:8080/3/10401/AUTH_e41560788c7b460fa374fdc94f22590f/gnocchi.6929eeb9-1f14-4061-8a1d-f349252682f3/1771200000.0_mean_300.0_v3" "tx0744c42d62fc4c789a5e0-00699a7a81" "object-server 99151" 0.0011 "-" 98785 0
Feb 21 22:39:45 np0005625961.novalocal object-server[99151]: ::1 - - [22/Feb/2026:03:39:45 +0000] "PUT /3/10401/AUTH_e41560788c7b460fa374fdc94f22590f/gnocchi.6929eeb9-1f14-4061-8a1d-f349252682f3/1771200000.0_mean_300.0_v3" 201 - "PUT https://[::1]:8080/v1/AUTH_e41560788c7b460fa374fdc94f22590f/gnocchi.6929eeb9-1f14-4061-8a1d-f349252682f3/1771200000.0_mean_300.0_v3" "tx0744c42d62fc4c789a5e0-00699a7a81" "proxy-server 100218" 0.0157 "-" 99151 0
Feb 21 22:39:45 np0005625961.novalocal proxy-server[100218]: ::1 ::1 22/Feb/2026/03/39/45 PUT /v1/AUTH_e41560788c7b460fa374fdc94f22590f/gnocchi.6929eeb9-1f14-4061-8a1d-f349252682f3/1771200000.0_mean_300.0_v3 HTTP/1.0 201 - python-swiftclient-4.8.0 gAAAAABpmnpRlsm9... 16 - - tx0744c42d62fc4c789a5e0-00699a7a81 - 0.0258 - - 1771731585.753752947 1771731585.779517174 0 17d6eceedce248e7bcac4363c7b2aeaa
Feb 21 22:39:45 np0005625961.novalocal container-server[98786]: ::1 - - [22/Feb/2026:03:39:45 +0000] "PUT /3/208210/AUTH_e41560788c7b460fa374fdc94f22590f/gnocchi.6929eeb9-1f14-4061-8a1d-f349252682f3/none_v3" 201 - "PUT http://[::1]:8080/3/75039/AUTH_e41560788c7b460fa374fdc94f22590f/gnocchi.6929eeb9-1f14-4061-8a1d-f349252682f3/none_v3" "tx7deae5cadf3e43a3aea8f-00699a7a81" "object-server 99152" 0.0007 "-" 98786 0
Feb 21 22:39:45 np0005625961.novalocal object-server[99152]: ::1 - - [22/Feb/2026:03:39:45 +0000] "PUT /3/75039/AUTH_e41560788c7b460fa374fdc94f22590f/gnocchi.6929eeb9-1f14-4061-8a1d-f349252682f3/none_v3" 201 - "PUT https://[::1]:8080/v1/AUTH_e41560788c7b460fa374fdc94f22590f/gnocchi.6929eeb9-1f14-4061-8a1d-f349252682f3/none_v3" "tx7deae5cadf3e43a3aea8f-00699a7a81" "proxy-server 100218" 0.0108 "-" 99152 0
Feb 21 22:39:45 np0005625961.novalocal container-server[98785]: ::1 - - [22/Feb/2026:03:39:45 +0000] "PUT /1/208210/AUTH_e41560788c7b460fa374fdc94f22590f/gnocchi.6929eeb9-1f14-4061-8a1d-f349252682f3/none_v3" 201 - "PUT http://[::1]:8080/1/75039/AUTH_e41560788c7b460fa374fdc94f22590f/gnocchi.6929eeb9-1f14-4061-8a1d-f349252682f3/none_v3" "tx7deae5cadf3e43a3aea8f-00699a7a81" "object-server 99152" 0.0005 "-" 98785 0
Feb 21 22:39:45 np0005625961.novalocal object-server[99152]: ::1 - - [22/Feb/2026:03:39:45 +0000] "PUT /1/75039/AUTH_e41560788c7b460fa374fdc94f22590f/gnocchi.6929eeb9-1f14-4061-8a1d-f349252682f3/none_v3" 201 - "PUT https://[::1]:8080/v1/AUTH_e41560788c7b460fa374fdc94f22590f/gnocchi.6929eeb9-1f14-4061-8a1d-f349252682f3/none_v3" "tx7deae5cadf3e43a3aea8f-00699a7a81" "proxy-server 100218" 0.0092 "-" 99152 0
Feb 21 22:39:45 np0005625961.novalocal container-server[98785]: ::1 - - [22/Feb/2026:03:39:45 +0000] "PUT /2/208210/AUTH_e41560788c7b460fa374fdc94f22590f/gnocchi.6929eeb9-1f14-4061-8a1d-f349252682f3/none_v3" 201 - "PUT http://[::1]:8080/2/75039/AUTH_e41560788c7b460fa374fdc94f22590f/gnocchi.6929eeb9-1f14-4061-8a1d-f349252682f3/none_v3" "tx7deae5cadf3e43a3aea8f-00699a7a81" "object-server 99152" 0.0003 "-" 98785 0
Feb 21 22:39:45 np0005625961.novalocal object-server[99152]: ::1 - - [22/Feb/2026:03:39:45 +0000] "PUT /2/75039/AUTH_e41560788c7b460fa374fdc94f22590f/gnocchi.6929eeb9-1f14-4061-8a1d-f349252682f3/none_v3" 201 - "PUT https://[::1]:8080/v1/AUTH_e41560788c7b460fa374fdc94f22590f/gnocchi.6929eeb9-1f14-4061-8a1d-f349252682f3/none_v3" "tx7deae5cadf3e43a3aea8f-00699a7a81" "proxy-server 100218" 0.0134 "-" 99152 0
Feb 21 22:39:45 np0005625961.novalocal proxy-server[100218]: ::1 ::1 22/Feb/2026/03/39/45 PUT /v1/AUTH_e41560788c7b460fa374fdc94f22590f/gnocchi.6929eeb9-1f14-4061-8a1d-f349252682f3/none_v3 HTTP/1.0 201 - python-swiftclient-4.8.0 gAAAAABpmnpRlsm9... 27 - - tx7deae5cadf3e43a3aea8f-00699a7a81 - 0.0231 - - 1771731585.782069921 1771731585.805167198 0 17d6eceedce248e7bcac4363c7b2aeaa
Feb 21 22:39:45 np0005625961.novalocal container-replicator[98871]: Replication run OVER
Feb 21 22:39:45 np0005625961.novalocal container-replicator[98871]: Attempted to replicate 78 dbs in 1.95647 seconds (39.86781/s)
Feb 21 22:39:45 np0005625961.novalocal container-replicator[98871]: Removed 0 dbs
Feb 21 22:39:45 np0005625961.novalocal container-replicator[98871]: 156 successes, 0 failures
Feb 21 22:39:45 np0005625961.novalocal container-replicator[98871]: diff:0 diff_capped:0 empty:0 hashmatch:0 no_change:156 remote_merge:0 rsync:0 ts_repl:0
Feb 21 22:39:47 np0005625961.novalocal container-sharder[98023]: Container sharder cycle starting, auto-sharding False
Feb 21 22:39:49 np0005625961.novalocal container-sharder[98023]: Since Sun Feb 22 03:39:47 2026 visited - attempted:0 success:0 failure:0 skipped:78 completed:0
Feb 21 22:39:49 np0005625961.novalocal container-sharder[98023]: Since Sun Feb 22 03:39:47 2026 scanned - attempted:0 success:0 failure:0 found:0 min_time:0 max_time:0
Feb 21 22:39:49 np0005625961.novalocal container-sharder[98023]: Since Sun Feb 22 03:39:47 2026 created - attempted:0 success:0 failure:0
Feb 21 22:39:49 np0005625961.novalocal container-sharder[98023]: Since Sun Feb 22 03:39:47 2026 cleaved - attempted:0 success:0 failure:0 min_time:0 max_time:0
Feb 21 22:39:49 np0005625961.novalocal container-sharder[98023]: Since Sun Feb 22 03:39:47 2026 misplaced - attempted:0 success:0 failure:0 found:0 placed:0 unplaced:0
Feb 21 22:39:49 np0005625961.novalocal container-sharder[98023]: Since Sun Feb 22 03:39:47 2026 audit_root - attempted:0 success:0 failure:0 has_overlap:0 num_overlap:0
Feb 21 22:39:49 np0005625961.novalocal container-sharder[98023]: Since Sun Feb 22 03:39:47 2026 audit_shard - attempted:0 success:0 failure:0
Feb 21 22:39:49 np0005625961.novalocal container-sharder[98023]: Container sharder cycle completed: 1.55s
Feb 21 22:39:50 np0005625961.novalocal object-server[99151]: ::1 - - [22/Feb/2026:03:39:50 +0000] "GET /3/228378/AUTH_e41560788c7b460fa374fdc94f22590f/gnocchi.555943b0-ab89-411d-b6f8-0ae1baf1502c/none_v3" 200 35 "GET https://[::1]:8080/v1/AUTH_e41560788c7b460fa374fdc94f22590f/gnocchi.555943b0-ab89-411d-b6f8-0ae1baf1502c/none_v3" "tx47bd5115cc25401db2357-00699a7a86" "proxy-server 100218" 0.0008 "-" 99151 0
Feb 21 22:39:50 np0005625961.novalocal proxy-server[100218]: ::1 ::1 22/Feb/2026/03/39/50 GET /v1/AUTH_e41560788c7b460fa374fdc94f22590f/gnocchi.555943b0-ab89-411d-b6f8-0ae1baf1502c/none_v3 HTTP/1.0 200 - python-swiftclient-4.8.0 gAAAAABpmnpRlsm9... - 35 - tx47bd5115cc25401db2357-00699a7a86 - 0.0091 - - 1771731590.162675142 1771731590.171751738 0 17d6eceedce248e7bcac4363c7b2aeaa
