Feb 21 22:39:27 np0005625961.novalocal object-server[99151]: ::1 - - [22/Feb/2026:03:39:27 +0000] "GET /2/219036/AUTH_e41560788c7b460fa374fdc94f22590f/gnocchi.bdbaa41d-2c01-44dd-999b-a1b700dd3e61/none_v3" 404 70 "GET https://[::1]:8080/v1/AUTH_e41560788c7b460fa374fdc94f22590f/gnocchi.bdbaa41d-2c01-44dd-999b-a1b700dd3e61/none_v3" "txfa2fec15113e4757a8359-00699a7a6f" "proxy-server 100219" 0.0005 "-" 99151 0
Feb 21 22:39:27 np0005625961.novalocal object-server[99151]: ::1 - - [22/Feb/2026:03:39:27 +0000] "GET /3/219036/AUTH_e41560788c7b460fa374fdc94f22590f/gnocchi.bdbaa41d-2c01-44dd-999b-a1b700dd3e61/none_v3" 404 70 "GET https://[::1]:8080/v1/AUTH_e41560788c7b460fa374fdc94f22590f/gnocchi.bdbaa41d-2c01-44dd-999b-a1b700dd3e61/none_v3" "txfa2fec15113e4757a8359-00699a7a6f" "proxy-server 100219" 0.0003 "-" 99151 0
Feb 21 22:39:27 np0005625961.novalocal object-server[99152]: ::1 - - [22/Feb/2026:03:39:27 +0000] "GET /1/219036/AUTH_e41560788c7b460fa374fdc94f22590f/gnocchi.bdbaa41d-2c01-44dd-999b-a1b700dd3e61/none_v3" 404 70 "GET https://[::1]:8080/v1/AUTH_e41560788c7b460fa374fdc94f22590f/gnocchi.bdbaa41d-2c01-44dd-999b-a1b700dd3e61/none_v3" "txfa2fec15113e4757a8359-00699a7a6f" "proxy-server 100219" 0.0006 "-" 99152 0
Feb 21 22:39:27 np0005625961.novalocal proxy-server[100219]: ::1 ::1 22/Feb/2026/03/39/27 GET /v1/AUTH_e41560788c7b460fa374fdc94f22590f/gnocchi.bdbaa41d-2c01-44dd-999b-a1b700dd3e61/none_v3 HTTP/1.0 404 - python-swiftclient-4.8.0 gAAAAABpmnpTVjhT... - 70 - txfa2fec15113e4757a8359-00699a7a6f - 0.0265 - - 1771731567.391631126 1771731567.418149948 0 17d6eceedce248e7bcac4363c7b2aeaa
Feb 21 22:39:27 np0005625961.novalocal account-server[98426]: ::1 - - [22/Feb/2026:03:39:27 +0000] "PUT /1/161627/AUTH_e41560788c7b460fa374fdc94f22590f/gnocchi.bdbaa41d-2c01-44dd-999b-a1b700dd3e61" 201 - "PUT http://[::1]:6001/3/163963/AUTH_e41560788c7b460fa374fdc94f22590f/gnocchi.bdbaa41d-2c01-44dd-999b-a1b700dd3e61" "tx8f571d73431641fa8db5b-00699a7a6f" "container-server 98785" 0.0044 "-" 98426 0
Feb 21 22:39:27 np0005625961.novalocal container-server[98785]: ::1 - - [22/Feb/2026:03:39:27 +0000] "PUT /3/163963/AUTH_e41560788c7b460fa374fdc94f22590f/gnocchi.bdbaa41d-2c01-44dd-999b-a1b700dd3e61" 201 - "PUT https://[::1]:8080/v1/AUTH_e41560788c7b460fa374fdc94f22590f/gnocchi.bdbaa41d-2c01-44dd-999b-a1b700dd3e61" "tx8f571d73431641fa8db5b-00699a7a6f" "proxy-server 100219" 0.0194 "-" 98785 0
Feb 21 22:39:27 np0005625961.novalocal account-server[98426]: ::1 - - [22/Feb/2026:03:39:27 +0000] "PUT /3/161627/AUTH_e41560788c7b460fa374fdc94f22590f/gnocchi.bdbaa41d-2c01-44dd-999b-a1b700dd3e61" 201 - "PUT http://[::1]:6001/1/163963/AUTH_e41560788c7b460fa374fdc94f22590f/gnocchi.bdbaa41d-2c01-44dd-999b-a1b700dd3e61" "tx8f571d73431641fa8db5b-00699a7a6f" "container-server 98786" 0.0043 "-" 98426 0
Feb 21 22:39:27 np0005625961.novalocal container-server[98786]: ::1 - - [22/Feb/2026:03:39:27 +0000] "PUT /1/163963/AUTH_e41560788c7b460fa374fdc94f22590f/gnocchi.bdbaa41d-2c01-44dd-999b-a1b700dd3e61" 201 - "PUT https://[::1]:8080/v1/AUTH_e41560788c7b460fa374fdc94f22590f/gnocchi.bdbaa41d-2c01-44dd-999b-a1b700dd3e61" "tx8f571d73431641fa8db5b-00699a7a6f" "proxy-server 100219" 0.0163 "-" 98786 0
Feb 21 22:39:27 np0005625961.novalocal account-server[98426]: ::1 - - [22/Feb/2026:03:39:27 +0000] "PUT /2/161627/AUTH_e41560788c7b460fa374fdc94f22590f/gnocchi.bdbaa41d-2c01-44dd-999b-a1b700dd3e61" 201 - "PUT http://[::1]:6001/2/163963/AUTH_e41560788c7b460fa374fdc94f22590f/gnocchi.bdbaa41d-2c01-44dd-999b-a1b700dd3e61" "tx8f571d73431641fa8db5b-00699a7a6f" "container-server 98786" 0.0051 "-" 98426 0
Feb 21 22:39:27 np0005625961.novalocal container-server[98786]: ::1 - - [22/Feb/2026:03:39:27 +0000] "PUT /2/163963/AUTH_e41560788c7b460fa374fdc94f22590f/gnocchi.bdbaa41d-2c01-44dd-999b-a1b700dd3e61" 201 - "PUT https://[::1]:8080/v1/AUTH_e41560788c7b460fa374fdc94f22590f/gnocchi.bdbaa41d-2c01-44dd-999b-a1b700dd3e61" "tx8f571d73431641fa8db5b-00699a7a6f" "proxy-server 100219" 0.0370 "-" 98786 0
Feb 21 22:39:27 np0005625961.novalocal proxy-server[100219]: ::1 ::1 22/Feb/2026/03/39/27 PUT /v1/AUTH_e41560788c7b460fa374fdc94f22590f/gnocchi.bdbaa41d-2c01-44dd-999b-a1b700dd3e61 HTTP/1.0 201 - python-swiftclient-4.8.0 gAAAAABpmnpTVjhT... - - - tx8f571d73431641fa8db5b-00699a7a6f - 0.0438 - - 1771731567.421375751 1771731567.465190649 0 17d6eceedce248e7bcac4363c7b2aeaa
Feb 21 22:39:27 np0005625961.novalocal container-server[98785]: ::1 - - [22/Feb/2026:03:39:27 +0000] "HEAD /2/163963/AUTH_e41560788c7b460fa374fdc94f22590f/gnocchi.bdbaa41d-2c01-44dd-999b-a1b700dd3e61" 204 - "HEAD http://[::1]:8080/v1/AUTH_e41560788c7b460fa374fdc94f22590f/gnocchi.bdbaa41d-2c01-44dd-999b-a1b700dd3e61" "tx3965dcf20bbb4ea0b9df4-00699a7a6f" "proxy-server 100219" 0.0018 "-" 98785 0
Feb 21 22:39:27 np0005625961.novalocal proxy-server[100219]: - - 22/Feb/2026/03/39/27 HEAD /v1/AUTH_e41560788c7b460fa374fdc94f22590f/gnocchi.bdbaa41d-2c01-44dd-999b-a1b700dd3e61 HTTP/1.0 204 - Swift - - - - tx3965dcf20bbb4ea0b9df4-00699a7a6f - 0.0054 CS - 1771731567.470291138 1771731567.475724697 0 -
Feb 21 22:39:27 np0005625961.novalocal container-server[98785]: ::1 - - [22/Feb/2026:03:39:27 +0000] "GET /3/163963/AUTH_e41560788c7b460fa374fdc94f22590f/gnocchi.bdbaa41d-2c01-44dd-999b-a1b700dd3e61" 200 2 "GET https://[::1]:8080/v1/AUTH_e41560788c7b460fa374fdc94f22590f/gnocchi.bdbaa41d-2c01-44dd-999b-a1b700dd3e61?format=json&states=listing" "tx3965dcf20bbb4ea0b9df4-00699a7a6f" "proxy-server 100219" 0.0031 "-" 98785 0
Feb 21 22:39:27 np0005625961.novalocal proxy-server[100219]: ::1 ::1 22/Feb/2026/03/39/27 GET /v1/AUTH_e41560788c7b460fa374fdc94f22590f/gnocchi.bdbaa41d-2c01-44dd-999b-a1b700dd3e61%3Fformat%3Djson%26states%3Dlisting HTTP/1.0 200 - python-swiftclient-4.8.0 gAAAAABpmnpTVjhT... - 2 - tx3965dcf20bbb4ea0b9df4-00699a7a6f - 0.0167 - - 1771731567.469527960 1771731567.486276627 0 17d6eceedce248e7bcac4363c7b2aeaa
Feb 21 22:39:27 np0005625961.novalocal object-server[99151]: ::1 - - [22/Feb/2026:03:39:27 +0000] "GET /1/5276/AUTH_e41560788c7b460fa374fdc94f22590f/gnocchi.bdbaa41d-2c01-44dd-999b-a1b700dd3e61/1771200000.0_mean_300.0_v3" 404 70 "GET https://[::1]:8080/v1/AUTH_e41560788c7b460fa374fdc94f22590f/gnocchi.bdbaa41d-2c01-44dd-999b-a1b700dd3e61/1771200000.0_mean_300.0_v3" "tx01799e5cd7cb40ec8b77f-00699a7a6f" "proxy-server 100219" 0.0005 "-" 99151 0
Feb 21 22:39:27 np0005625961.novalocal object-server[99152]: ::1 - - [22/Feb/2026:03:39:27 +0000] "GET /2/5276/AUTH_e41560788c7b460fa374fdc94f22590f/gnocchi.bdbaa41d-2c01-44dd-999b-a1b700dd3e61/1771200000.0_mean_300.0_v3" 404 70 "GET https://[::1]:8080/v1/AUTH_e41560788c7b460fa374fdc94f22590f/gnocchi.bdbaa41d-2c01-44dd-999b-a1b700dd3e61/1771200000.0_mean_300.0_v3" "tx01799e5cd7cb40ec8b77f-00699a7a6f" "proxy-server 100219" 0.0007 "-" 99152 0
Feb 21 22:39:27 np0005625961.novalocal object-server[99151]: ::1 - - [22/Feb/2026:03:39:27 +0000] "GET /3/5276/AUTH_e41560788c7b460fa374fdc94f22590f/gnocchi.bdbaa41d-2c01-44dd-999b-a1b700dd3e61/1771200000.0_mean_300.0_v3" 404 70 "GET https://[::1]:8080/v1/AUTH_e41560788c7b460fa374fdc94f22590f/gnocchi.bdbaa41d-2c01-44dd-999b-a1b700dd3e61/1771200000.0_mean_300.0_v3" "tx01799e5cd7cb40ec8b77f-00699a7a6f" "proxy-server 100219" 0.0005 "-" 99151 0
Feb 21 22:39:27 np0005625961.novalocal proxy-server[100219]: ::1 ::1 22/Feb/2026/03/39/27 GET /v1/AUTH_e41560788c7b460fa374fdc94f22590f/gnocchi.bdbaa41d-2c01-44dd-999b-a1b700dd3e61/1771200000.0_mean_300.0_v3 HTTP/1.0 404 - python-swiftclient-4.8.0 gAAAAABpmnpTVjhT... - 70 - tx01799e5cd7cb40ec8b77f-00699a7a6f - 0.0161 - - 1771731567.494485140 1771731567.510585308 0 17d6eceedce248e7bcac4363c7b2aeaa
Feb 21 22:39:27 np0005625961.novalocal container-server[98785]: ::1 - - [22/Feb/2026:03:39:27 +0000] "PUT /3/163963/AUTH_e41560788c7b460fa374fdc94f22590f/gnocchi.bdbaa41d-2c01-44dd-999b-a1b700dd3e61/1771200000.0_mean_300.0_v3" 201 - "PUT http://[::1]:8080/2/5276/AUTH_e41560788c7b460fa374fdc94f22590f/gnocchi.bdbaa41d-2c01-44dd-999b-a1b700dd3e61/1771200000.0_mean_300.0_v3" "txd8092c8ea43b4a3f99666-00699a7a6f" "object-server 99151" 0.0009 "-" 98785 0
Feb 21 22:39:27 np0005625961.novalocal container-server[98785]: ::1 - - [22/Feb/2026:03:39:27 +0000] "PUT /2/163963/AUTH_e41560788c7b460fa374fdc94f22590f/gnocchi.bdbaa41d-2c01-44dd-999b-a1b700dd3e61/1771200000.0_mean_300.0_v3" 201 - "PUT http://[::1]:8080/1/5276/AUTH_e41560788c7b460fa374fdc94f22590f/gnocchi.bdbaa41d-2c01-44dd-999b-a1b700dd3e61/1771200000.0_mean_300.0_v3" "txd8092c8ea43b4a3f99666-00699a7a6f" "object-server 99151" 0.0007 "-" 98785 0
Feb 21 22:39:27 np0005625961.novalocal container-server[98786]: ::1 - - [22/Feb/2026:03:39:27 +0000] "PUT /1/163963/AUTH_e41560788c7b460fa374fdc94f22590f/gnocchi.bdbaa41d-2c01-44dd-999b-a1b700dd3e61/1771200000.0_mean_300.0_v3" 201 - "PUT http://[::1]:8080/3/5276/AUTH_e41560788c7b460fa374fdc94f22590f/gnocchi.bdbaa41d-2c01-44dd-999b-a1b700dd3e61/1771200000.0_mean_300.0_v3" "txd8092c8ea43b4a3f99666-00699a7a6f" "object-server 99151" 0.0008 "-" 98786 0
Feb 21 22:39:27 np0005625961.novalocal object-server[99151]: ::1 - - [22/Feb/2026:03:39:27 +0000] "PUT /2/5276/AUTH_e41560788c7b460fa374fdc94f22590f/gnocchi.bdbaa41d-2c01-44dd-999b-a1b700dd3e61/1771200000.0_mean_300.0_v3" 201 - "PUT https://[::1]:8080/v1/AUTH_e41560788c7b460fa374fdc94f22590f/gnocchi.bdbaa41d-2c01-44dd-999b-a1b700dd3e61/1771200000.0_mean_300.0_v3" "txd8092c8ea43b4a3f99666-00699a7a6f" "proxy-server 100219" 0.0178 "-" 99151 0
Feb 21 22:39:27 np0005625961.novalocal object-server[99151]: ::1 - - [22/Feb/2026:03:39:27 +0000] "PUT /3/5276/AUTH_e41560788c7b460fa374fdc94f22590f/gnocchi.bdbaa41d-2c01-44dd-999b-a1b700dd3e61/1771200000.0_mean_300.0_v3" 201 - "PUT https://[::1]:8080/v1/AUTH_e41560788c7b460fa374fdc94f22590f/gnocchi.bdbaa41d-2c01-44dd-999b-a1b700dd3e61/1771200000.0_mean_300.0_v3" "txd8092c8ea43b4a3f99666-00699a7a6f" "proxy-server 100219" 0.0208 "-" 99151 0
Feb 21 22:39:27 np0005625961.novalocal object-server[99151]: ::1 - - [22/Feb/2026:03:39:27 +0000] "PUT /1/5276/AUTH_e41560788c7b460fa374fdc94f22590f/gnocchi.bdbaa41d-2c01-44dd-999b-a1b700dd3e61/1771200000.0_mean_300.0_v3" 201 - "PUT https://[::1]:8080/v1/AUTH_e41560788c7b460fa374fdc94f22590f/gnocchi.bdbaa41d-2c01-44dd-999b-a1b700dd3e61/1771200000.0_mean_300.0_v3" "txd8092c8ea43b4a3f99666-00699a7a6f" "proxy-server 100219" 0.0247 "-" 99151 0
Feb 21 22:39:27 np0005625961.novalocal proxy-server[100219]: ::1 ::1 22/Feb/2026/03/39/27 PUT /v1/AUTH_e41560788c7b460fa374fdc94f22590f/gnocchi.bdbaa41d-2c01-44dd-999b-a1b700dd3e61/1771200000.0_mean_300.0_v3 HTTP/1.0 201 - python-swiftclient-4.8.0 gAAAAABpmnpTVjhT... 16 - - txd8092c8ea43b4a3f99666-00699a7a6f - 0.0328 - - 1771731567.515650272 1771731567.548434496 0 17d6eceedce248e7bcac4363c7b2aeaa
Feb 21 22:39:27 np0005625961.novalocal container-server[98785]: ::1 - - [22/Feb/2026:03:39:27 +0000] "PUT /1/163963/AUTH_e41560788c7b460fa374fdc94f22590f/gnocchi.bdbaa41d-2c01-44dd-999b-a1b700dd3e61/none_v3" 201 - "PUT http://[::1]:8080/1/219036/AUTH_e41560788c7b460fa374fdc94f22590f/gnocchi.bdbaa41d-2c01-44dd-999b-a1b700dd3e61/none_v3" "tx4aa3fa47f03b4619badf6-00699a7a6f" "object-server 99152" 0.0006 "-" 98785 0
Feb 21 22:39:27 np0005625961.novalocal container-server[98785]: ::1 - - [22/Feb/2026:03:39:27 +0000] "PUT /3/163963/AUTH_e41560788c7b460fa374fdc94f22590f/gnocchi.bdbaa41d-2c01-44dd-999b-a1b700dd3e61/none_v3" 201 - "PUT http://[::1]:8080/2/219036/AUTH_e41560788c7b460fa374fdc94f22590f/gnocchi.bdbaa41d-2c01-44dd-999b-a1b700dd3e61/none_v3" "tx4aa3fa47f03b4619badf6-00699a7a6f" "object-server 99151" 0.0005 "-" 98785 0
Feb 21 22:39:27 np0005625961.novalocal object-server[99152]: ::1 - - [22/Feb/2026:03:39:27 +0000] "PUT /1/219036/AUTH_e41560788c7b460fa374fdc94f22590f/gnocchi.bdbaa41d-2c01-44dd-999b-a1b700dd3e61/none_v3" 201 - "PUT https://[::1]:8080/v1/AUTH_e41560788c7b460fa374fdc94f22590f/gnocchi.bdbaa41d-2c01-44dd-999b-a1b700dd3e61/none_v3" "tx4aa3fa47f03b4619badf6-00699a7a6f" "proxy-server 100219" 0.0145 "-" 99152 0
Feb 21 22:39:27 np0005625961.novalocal object-server[99151]: ::1 - - [22/Feb/2026:03:39:27 +0000] "PUT /2/219036/AUTH_e41560788c7b460fa374fdc94f22590f/gnocchi.bdbaa41d-2c01-44dd-999b-a1b700dd3e61/none_v3" 201 - "PUT https://[::1]:8080/v1/AUTH_e41560788c7b460fa374fdc94f22590f/gnocchi.bdbaa41d-2c01-44dd-999b-a1b700dd3e61/none_v3" "tx4aa3fa47f03b4619badf6-00699a7a6f" "proxy-server 100219" 0.0139 "-" 99151 0
Feb 21 22:39:27 np0005625961.novalocal container-server[98785]: ::1 - - [22/Feb/2026:03:39:27 +0000] "PUT /2/163963/AUTH_e41560788c7b460fa374fdc94f22590f/gnocchi.bdbaa41d-2c01-44dd-999b-a1b700dd3e61/none_v3" 201 - "PUT http://[::1]:8080/3/219036/AUTH_e41560788c7b460fa374fdc94f22590f/gnocchi.bdbaa41d-2c01-44dd-999b-a1b700dd3e61/none_v3" "tx4aa3fa47f03b4619badf6-00699a7a6f" "object-server 99152" 0.0005 "-" 98785 0
Feb 21 22:39:27 np0005625961.novalocal object-server[99152]: ::1 - - [22/Feb/2026:03:39:27 +0000] "PUT /3/219036/AUTH_e41560788c7b460fa374fdc94f22590f/gnocchi.bdbaa41d-2c01-44dd-999b-a1b700dd3e61/none_v3" 201 - "PUT https://[::1]:8080/v1/AUTH_e41560788c7b460fa374fdc94f22590f/gnocchi.bdbaa41d-2c01-44dd-999b-a1b700dd3e61/none_v3" "tx4aa3fa47f03b4619badf6-00699a7a6f" "proxy-server 100219" 0.0211 "-" 99152 0
Feb 21 22:39:27 np0005625961.novalocal proxy-server[100219]: ::1 ::1 22/Feb/2026/03/39/27 PUT /v1/AUTH_e41560788c7b460fa374fdc94f22590f/gnocchi.bdbaa41d-2c01-44dd-999b-a1b700dd3e61/none_v3 HTTP/1.0 201 - python-swiftclient-4.8.0 gAAAAABpmnpTVjhT... 22 - - tx4aa3fa47f03b4619badf6-00699a7a6f - 0.0292 - - 1771731567.551694155 1771731567.580924988 0 17d6eceedce248e7bcac4363c7b2aeaa
Feb 21 22:39:27 np0005625961.novalocal container-server[98786]: ::1 - - [22/Feb/2026:03:39:27 +0000] "HEAD /2/29330/AUTH_e41560788c7b460fa374fdc94f22590f/gnocchi.d056a506-4be1-4b20-9711-e4dcb0b9cd66" 404 - "HEAD http://[::1]:8080/v1/AUTH_e41560788c7b460fa374fdc94f22590f/gnocchi.d056a506-4be1-4b20-9711-e4dcb0b9cd66" "tx4e69920f71364c9ead94f-00699a7a6f" "proxy-server 100219" 0.0005 "-" 98786 0
Feb 21 22:39:27 np0005625961.novalocal container-server[98786]: ::1 - - [22/Feb/2026:03:39:27 +0000] "HEAD /3/29330/AUTH_e41560788c7b460fa374fdc94f22590f/gnocchi.d056a506-4be1-4b20-9711-e4dcb0b9cd66" 404 - "HEAD http://[::1]:8080/v1/AUTH_e41560788c7b460fa374fdc94f22590f/gnocchi.d056a506-4be1-4b20-9711-e4dcb0b9cd66" "tx4e69920f71364c9ead94f-00699a7a6f" "proxy-server 100219" 0.0004 "-" 98786 0
Feb 21 22:39:27 np0005625961.novalocal container-server[98785]: ::1 - - [22/Feb/2026:03:39:27 +0000] "HEAD /1/29330/AUTH_e41560788c7b460fa374fdc94f22590f/gnocchi.d056a506-4be1-4b20-9711-e4dcb0b9cd66" 404 - "HEAD http://[::1]:8080/v1/AUTH_e41560788c7b460fa374fdc94f22590f/gnocchi.d056a506-4be1-4b20-9711-e4dcb0b9cd66" "tx4e69920f71364c9ead94f-00699a7a6f" "proxy-server 100219" 0.0004 "-" 98785 0
Feb 21 22:39:27 np0005625961.novalocal proxy-server[100219]: - - 22/Feb/2026/03/39/27 HEAD /v1/AUTH_e41560788c7b460fa374fdc94f22590f/gnocchi.d056a506-4be1-4b20-9711-e4dcb0b9cd66 HTTP/1.0 404 - Swift - - - - tx4e69920f71364c9ead94f-00699a7a6f - 0.0101 CS - 1771731567.598612309 1771731567.608754635 0 -
Feb 21 22:39:27 np0005625961.novalocal object-server[99151]: ::1 - - [22/Feb/2026:03:39:27 +0000] "GET /2/55703/AUTH_e41560788c7b460fa374fdc94f22590f/gnocchi.d056a506-4be1-4b20-9711-e4dcb0b9cd66/none_v3" 404 70 "GET https://[::1]:8080/v1/AUTH_e41560788c7b460fa374fdc94f22590f/gnocchi.d056a506-4be1-4b20-9711-e4dcb0b9cd66/none_v3" "tx4e69920f71364c9ead94f-00699a7a6f" "proxy-server 100219" 0.0005 "-" 99151 0
Feb 21 22:39:27 np0005625961.novalocal object-server[99151]: ::1 - - [22/Feb/2026:03:39:27 +0000] "GET /3/55703/AUTH_e41560788c7b460fa374fdc94f22590f/gnocchi.d056a506-4be1-4b20-9711-e4dcb0b9cd66/none_v3" 404 70 "GET https://[::1]:8080/v1/AUTH_e41560788c7b460fa374fdc94f22590f/gnocchi.d056a506-4be1-4b20-9711-e4dcb0b9cd66/none_v3" "tx4e69920f71364c9ead94f-00699a7a6f" "proxy-server 100219" 0.0003 "-" 99151 0
Feb 21 22:39:27 np0005625961.novalocal object-server[99151]: ::1 - - [22/Feb/2026:03:39:27 +0000] "GET /1/55703/AUTH_e41560788c7b460fa374fdc94f22590f/gnocchi.d056a506-4be1-4b20-9711-e4dcb0b9cd66/none_v3" 404 70 "GET https://[::1]:8080/v1/AUTH_e41560788c7b460fa374fdc94f22590f/gnocchi.d056a506-4be1-4b20-9711-e4dcb0b9cd66/none_v3" "tx4e69920f71364c9ead94f-00699a7a6f" "proxy-server 100219" 0.0003 "-" 99151 0
Feb 21 22:39:27 np0005625961.novalocal proxy-server[100219]: ::1 ::1 22/Feb/2026/03/39/27 GET /v1/AUTH_e41560788c7b460fa374fdc94f22590f/gnocchi.d056a506-4be1-4b20-9711-e4dcb0b9cd66/none_v3 HTTP/1.0 404 - python-swiftclient-4.8.0 gAAAAABpmnpTVjhT... - 70 - tx4e69920f71364c9ead94f-00699a7a6f - 0.0243 - - 1771731567.597438574 1771731567.621725321 0 17d6eceedce248e7bcac4363c7b2aeaa
Feb 21 22:39:27 np0005625961.novalocal account-server[98425]: ::1 - - [22/Feb/2026:03:39:27 +0000] "PUT /3/161627/AUTH_e41560788c7b460fa374fdc94f22590f/gnocchi.d056a506-4be1-4b20-9711-e4dcb0b9cd66" 201 - "PUT http://[::1]:6001/2/29330/AUTH_e41560788c7b460fa374fdc94f22590f/gnocchi.d056a506-4be1-4b20-9711-e4dcb0b9cd66" "tx6cb0abb7cc6142a98d4f3-00699a7a6f" "container-server 98785" 0.0044 "-" 98425 0
Feb 21 22:39:27 np0005625961.novalocal account-server[98425]: ::1 - - [22/Feb/2026:03:39:27 +0000] "PUT /2/161627/AUTH_e41560788c7b460fa374fdc94f22590f/gnocchi.d056a506-4be1-4b20-9711-e4dcb0b9cd66" 201 - "PUT http://[::1]:6001/3/29330/AUTH_e41560788c7b460fa374fdc94f22590f/gnocchi.d056a506-4be1-4b20-9711-e4dcb0b9cd66" "tx6cb0abb7cc6142a98d4f3-00699a7a6f" "container-server 98786" 0.0037 "-" 98425 0
Feb 21 22:39:27 np0005625961.novalocal container-server[98786]: ::1 - - [22/Feb/2026:03:39:27 +0000] "PUT /3/29330/AUTH_e41560788c7b460fa374fdc94f22590f/gnocchi.d056a506-4be1-4b20-9711-e4dcb0b9cd66" 201 - "PUT https://[::1]:8080/v1/AUTH_e41560788c7b460fa374fdc94f22590f/gnocchi.d056a506-4be1-4b20-9711-e4dcb0b9cd66" "tx6cb0abb7cc6142a98d4f3-00699a7a6f" "proxy-server 100219" 0.0233 "-" 98786 0
Feb 21 22:39:27 np0005625961.novalocal container-server[98785]: ::1 - - [22/Feb/2026:03:39:27 +0000] "PUT /2/29330/AUTH_e41560788c7b460fa374fdc94f22590f/gnocchi.d056a506-4be1-4b20-9711-e4dcb0b9cd66" 201 - "PUT https://[::1]:8080/v1/AUTH_e41560788c7b460fa374fdc94f22590f/gnocchi.d056a506-4be1-4b20-9711-e4dcb0b9cd66" "tx6cb0abb7cc6142a98d4f3-00699a7a6f" "proxy-server 100219" 0.0211 "-" 98785 0
Feb 21 22:39:27 np0005625961.novalocal account-server[98425]: ::1 - - [22/Feb/2026:03:39:27 +0000] "PUT /1/161627/AUTH_e41560788c7b460fa374fdc94f22590f/gnocchi.d056a506-4be1-4b20-9711-e4dcb0b9cd66" 201 - "PUT http://[::1]:6001/1/29330/AUTH_e41560788c7b460fa374fdc94f22590f/gnocchi.d056a506-4be1-4b20-9711-e4dcb0b9cd66" "tx6cb0abb7cc6142a98d4f3-00699a7a6f" "container-server 98786" 0.0040 "-" 98425 0
Feb 21 22:39:27 np0005625961.novalocal container-server[98786]: ::1 - - [22/Feb/2026:03:39:27 +0000] "PUT /1/29330/AUTH_e41560788c7b460fa374fdc94f22590f/gnocchi.d056a506-4be1-4b20-9711-e4dcb0b9cd66" 201 - "PUT https://[::1]:8080/v1/AUTH_e41560788c7b460fa374fdc94f22590f/gnocchi.d056a506-4be1-4b20-9711-e4dcb0b9cd66" "tx6cb0abb7cc6142a98d4f3-00699a7a6f" "proxy-server 100219" 0.0181 "-" 98786 0
Feb 21 22:39:27 np0005625961.novalocal proxy-server[100219]: ::1 ::1 22/Feb/2026/03/39/27 PUT /v1/AUTH_e41560788c7b460fa374fdc94f22590f/gnocchi.d056a506-4be1-4b20-9711-e4dcb0b9cd66 HTTP/1.0 201 - python-swiftclient-4.8.0 gAAAAABpmnpTVjhT... - - - tx6cb0abb7cc6142a98d4f3-00699a7a6f - 0.0362 - - 1771731567.625011206 1771731567.661229849 0 17d6eceedce248e7bcac4363c7b2aeaa
Feb 21 22:39:27 np0005625961.novalocal container-server[98786]: ::1 - - [22/Feb/2026:03:39:27 +0000] "HEAD /1/29330/AUTH_e41560788c7b460fa374fdc94f22590f/gnocchi.d056a506-4be1-4b20-9711-e4dcb0b9cd66" 204 - "HEAD http://[::1]:8080/v1/AUTH_e41560788c7b460fa374fdc94f22590f/gnocchi.d056a506-4be1-4b20-9711-e4dcb0b9cd66" "tx09b20bef97464050b2a49-00699a7a6f" "proxy-server 100219" 0.0012 "-" 98786 0
Feb 21 22:39:27 np0005625961.novalocal proxy-server[100219]: - - 22/Feb/2026/03/39/27 HEAD /v1/AUTH_e41560788c7b460fa374fdc94f22590f/gnocchi.d056a506-4be1-4b20-9711-e4dcb0b9cd66 HTTP/1.0 204 - Swift - - - - tx09b20bef97464050b2a49-00699a7a6f - 0.0040 CS - 1771731567.664969921 1771731567.669014454 0 -
Feb 21 22:39:27 np0005625961.novalocal container-server[98785]: ::1 - - [22/Feb/2026:03:39:27 +0000] "GET /1/29330/AUTH_e41560788c7b460fa374fdc94f22590f/gnocchi.d056a506-4be1-4b20-9711-e4dcb0b9cd66" 200 2 "GET https://[::1]:8080/v1/AUTH_e41560788c7b460fa374fdc94f22590f/gnocchi.d056a506-4be1-4b20-9711-e4dcb0b9cd66?format=json&states=listing" "tx09b20bef97464050b2a49-00699a7a6f" "proxy-server 100219" 0.0020 "-" 98785 0
Feb 21 22:39:27 np0005625961.novalocal proxy-server[100219]: ::1 ::1 22/Feb/2026/03/39/27 GET /v1/AUTH_e41560788c7b460fa374fdc94f22590f/gnocchi.d056a506-4be1-4b20-9711-e4dcb0b9cd66%3Fformat%3Djson%26states%3Dlisting HTTP/1.0 200 - python-swiftclient-4.8.0 gAAAAABpmnpTVjhT... - 2 - tx09b20bef97464050b2a49-00699a7a6f - 0.0134 - - 1771731567.664358377 1771731567.677722454 0 17d6eceedce248e7bcac4363c7b2aeaa
Feb 21 22:39:27 np0005625961.novalocal object-server[99152]: ::1 - - [22/Feb/2026:03:39:27 +0000] "GET /2/92410/AUTH_e41560788c7b460fa374fdc94f22590f/gnocchi.d056a506-4be1-4b20-9711-e4dcb0b9cd66/1771200000.0_mean_300.0_v3" 404 70 "GET https://[::1]:8080/v1/AUTH_e41560788c7b460fa374fdc94f22590f/gnocchi.d056a506-4be1-4b20-9711-e4dcb0b9cd66/1771200000.0_mean_300.0_v3" "tx84378586929c48bcaa9a3-00699a7a6f" "proxy-server 100219" 0.0005 "-" 99152 0
Feb 21 22:39:27 np0005625961.novalocal object-server[99152]: ::1 - - [22/Feb/2026:03:39:27 +0000] "GET /1/92410/AUTH_e41560788c7b460fa374fdc94f22590f/gnocchi.d056a506-4be1-4b20-9711-e4dcb0b9cd66/1771200000.0_mean_300.0_v3" 404 70 "GET https://[::1]:8080/v1/AUTH_e41560788c7b460fa374fdc94f22590f/gnocchi.d056a506-4be1-4b20-9711-e4dcb0b9cd66/1771200000.0_mean_300.0_v3" "tx84378586929c48bcaa9a3-00699a7a6f" "proxy-server 100219" 0.0004 "-" 99152 0
Feb 21 22:39:27 np0005625961.novalocal object-server[99151]: ::1 - - [22/Feb/2026:03:39:27 +0000] "GET /3/92410/AUTH_e41560788c7b460fa374fdc94f22590f/gnocchi.d056a506-4be1-4b20-9711-e4dcb0b9cd66/1771200000.0_mean_300.0_v3" 404 70 "GET https://[::1]:8080/v1/AUTH_e41560788c7b460fa374fdc94f22590f/gnocchi.d056a506-4be1-4b20-9711-e4dcb0b9cd66/1771200000.0_mean_300.0_v3" "tx84378586929c48bcaa9a3-00699a7a6f" "proxy-server 100219" 0.0005 "-" 99151 0
Feb 21 22:39:27 np0005625961.novalocal proxy-server[100219]: ::1 ::1 22/Feb/2026/03/39/27 GET /v1/AUTH_e41560788c7b460fa374fdc94f22590f/gnocchi.d056a506-4be1-4b20-9711-e4dcb0b9cd66/1771200000.0_mean_300.0_v3 HTTP/1.0 404 - python-swiftclient-4.8.0 gAAAAABpmnpTVjhT... - 70 - tx84378586929c48bcaa9a3-00699a7a6f - 0.0151 - - 1771731567.680608749 1771731567.695743561 0 17d6eceedce248e7bcac4363c7b2aeaa
Feb 21 22:39:27 np0005625961.novalocal systemd[1]: dbus-:1.1-org.fedoraproject.SetroubleshootPrivileged@10.service: Deactivated successfully.
Feb 21 22:39:27 np0005625961.novalocal systemd[1]: dbus-:1.1-org.fedoraproject.SetroubleshootPrivileged@10.service: Consumed 1.246s CPU time.
Feb 21 22:39:27 np0005625961.novalocal container-server[98785]: ::1 - - [22/Feb/2026:03:39:27 +0000] "PUT /3/29330/AUTH_e41560788c7b460fa374fdc94f22590f/gnocchi.d056a506-4be1-4b20-9711-e4dcb0b9cd66/1771200000.0_mean_300.0_v3" 201 - "PUT http://[::1]:8080/2/92410/AUTH_e41560788c7b460fa374fdc94f22590f/gnocchi.d056a506-4be1-4b20-9711-e4dcb0b9cd66/1771200000.0_mean_300.0_v3" "txfc579d3d6b6a4397aa6bc-00699a7a6f" "object-server 99151" 0.0006 "-" 98785 0
Feb 21 22:39:27 np0005625961.novalocal container-server[98786]: ::1 - - [22/Feb/2026:03:39:27 +0000] "PUT /1/29330/AUTH_e41560788c7b460fa374fdc94f22590f/gnocchi.d056a506-4be1-4b20-9711-e4dcb0b9cd66/1771200000.0_mean_300.0_v3" 201 - "PUT http://[::1]:8080/1/92410/AUTH_e41560788c7b460fa374fdc94f22590f/gnocchi.d056a506-4be1-4b20-9711-e4dcb0b9cd66/1771200000.0_mean_300.0_v3" "txfc579d3d6b6a4397aa6bc-00699a7a6f" "object-server 99152" 0.0009 "-" 98786 0
Feb 21 22:39:27 np0005625961.novalocal object-server[99152]: ::1 - - [22/Feb/2026:03:39:27 +0000] "PUT /1/92410/AUTH_e41560788c7b460fa374fdc94f22590f/gnocchi.d056a506-4be1-4b20-9711-e4dcb0b9cd66/1771200000.0_mean_300.0_v3" 201 - "PUT https://[::1]:8080/v1/AUTH_e41560788c7b460fa374fdc94f22590f/gnocchi.d056a506-4be1-4b20-9711-e4dcb0b9cd66/1771200000.0_mean_300.0_v3" "txfc579d3d6b6a4397aa6bc-00699a7a6f" "proxy-server 100219" 0.0155 "-" 99152 0
Feb 21 22:39:27 np0005625961.novalocal object-server[99151]: ::1 - - [22/Feb/2026:03:39:27 +0000] "PUT /2/92410/AUTH_e41560788c7b460fa374fdc94f22590f/gnocchi.d056a506-4be1-4b20-9711-e4dcb0b9cd66/1771200000.0_mean_300.0_v3" 201 - "PUT https://[::1]:8080/v1/AUTH_e41560788c7b460fa374fdc94f22590f/gnocchi.d056a506-4be1-4b20-9711-e4dcb0b9cd66/1771200000.0_mean_300.0_v3" "txfc579d3d6b6a4397aa6bc-00699a7a6f" "proxy-server 100219" 0.0222 "-" 99151 0
Feb 21 22:39:27 np0005625961.novalocal container-server[98786]: ::1 - - [22/Feb/2026:03:39:27 +0000] "PUT /2/29330/AUTH_e41560788c7b460fa374fdc94f22590f/gnocchi.d056a506-4be1-4b20-9711-e4dcb0b9cd66/1771200000.0_mean_300.0_v3" 201 - "PUT http://[::1]:8080/3/92410/AUTH_e41560788c7b460fa374fdc94f22590f/gnocchi.d056a506-4be1-4b20-9711-e4dcb0b9cd66/1771200000.0_mean_300.0_v3" "txfc579d3d6b6a4397aa6bc-00699a7a6f" "object-server 99151" 0.0009 "-" 98786 0
Feb 21 22:39:27 np0005625961.novalocal object-server[99151]: ::1 - - [22/Feb/2026:03:39:27 +0000] "PUT /3/92410/AUTH_e41560788c7b460fa374fdc94f22590f/gnocchi.d056a506-4be1-4b20-9711-e4dcb0b9cd66/1771200000.0_mean_300.0_v3" 201 - "PUT https://[::1]:8080/v1/AUTH_e41560788c7b460fa374fdc94f22590f/gnocchi.d056a506-4be1-4b20-9711-e4dcb0b9cd66/1771200000.0_mean_300.0_v3" "txfc579d3d6b6a4397aa6bc-00699a7a6f" "proxy-server 100219" 0.0295 "-" 99151 0
Feb 21 22:39:27 np0005625961.novalocal proxy-server[100219]: ::1 ::1 22/Feb/2026/03/39/27 PUT /v1/AUTH_e41560788c7b460fa374fdc94f22590f/gnocchi.d056a506-4be1-4b20-9711-e4dcb0b9cd66/1771200000.0_mean_300.0_v3 HTTP/1.0 201 - python-swiftclient-4.8.0 gAAAAABpmnpTVjhT... 16 - - txfc579d3d6b6a4397aa6bc-00699a7a6f - 0.0388 - - 1771731567.699472666 1771731567.738262177 0 17d6eceedce248e7bcac4363c7b2aeaa
Feb 21 22:39:27 np0005625961.novalocal container-server[98786]: ::1 - - [22/Feb/2026:03:39:27 +0000] "PUT /3/29330/AUTH_e41560788c7b460fa374fdc94f22590f/gnocchi.d056a506-4be1-4b20-9711-e4dcb0b9cd66/none_v3" 201 - "PUT http://[::1]:8080/1/55703/AUTH_e41560788c7b460fa374fdc94f22590f/gnocchi.d056a506-4be1-4b20-9711-e4dcb0b9cd66/none_v3" "tx7befbceee7244b2eb225c-00699a7a6f" "object-server 99151" 0.0007 "-" 98786 0
Feb 21 22:39:27 np0005625961.novalocal object-server[99151]: ::1 - - [22/Feb/2026:03:39:27 +0000] "PUT /1/55703/AUTH_e41560788c7b460fa374fdc94f22590f/gnocchi.d056a506-4be1-4b20-9711-e4dcb0b9cd66/none_v3" 201 - "PUT https://[::1]:8080/v1/AUTH_e41560788c7b460fa374fdc94f22590f/gnocchi.d056a506-4be1-4b20-9711-e4dcb0b9cd66/none_v3" "tx7befbceee7244b2eb225c-00699a7a6f" "proxy-server 100219" 0.0167 "-" 99151 0
Feb 21 22:39:27 np0005625961.novalocal container-server[98785]: ::1 - - [22/Feb/2026:03:39:27 +0000] "PUT /1/29330/AUTH_e41560788c7b460fa374fdc94f22590f/gnocchi.d056a506-4be1-4b20-9711-e4dcb0b9cd66/none_v3" 201 - "PUT http://[::1]:8080/3/55703/AUTH_e41560788c7b460fa374fdc94f22590f/gnocchi.d056a506-4be1-4b20-9711-e4dcb0b9cd66/none_v3" "tx7befbceee7244b2eb225c-00699a7a6f" "object-server 99151" 0.0004 "-" 98785 0
Feb 21 22:39:27 np0005625961.novalocal container-server[98785]: ::1 - - [22/Feb/2026:03:39:27 +0000] "PUT /2/29330/AUTH_e41560788c7b460fa374fdc94f22590f/gnocchi.d056a506-4be1-4b20-9711-e4dcb0b9cd66/none_v3" 201 - "PUT http://[::1]:8080/2/55703/AUTH_e41560788c7b460fa374fdc94f22590f/gnocchi.d056a506-4be1-4b20-9711-e4dcb0b9cd66/none_v3" "tx7befbceee7244b2eb225c-00699a7a6f" "object-server 99151" 0.0003 "-" 98785 0
Feb 21 22:39:27 np0005625961.novalocal object-server[99151]: ::1 - - [22/Feb/2026:03:39:27 +0000] "PUT /3/55703/AUTH_e41560788c7b460fa374fdc94f22590f/gnocchi.d056a506-4be1-4b20-9711-e4dcb0b9cd66/none_v3" 201 - "PUT https://[::1]:8080/v1/AUTH_e41560788c7b460fa374fdc94f22590f/gnocchi.d056a506-4be1-4b20-9711-e4dcb0b9cd66/none_v3" "tx7befbceee7244b2eb225c-00699a7a6f" "proxy-server 100219" 0.0229 "-" 99151 0
Feb 21 22:39:27 np0005625961.novalocal object-server[99151]: ::1 - - [22/Feb/2026:03:39:27 +0000] "PUT /2/55703/AUTH_e41560788c7b460fa374fdc94f22590f/gnocchi.d056a506-4be1-4b20-9711-e4dcb0b9cd66/none_v3" 201 - "PUT https://[::1]:8080/v1/AUTH_e41560788c7b460fa374fdc94f22590f/gnocchi.d056a506-4be1-4b20-9711-e4dcb0b9cd66/none_v3" "tx7befbceee7244b2eb225c-00699a7a6f" "proxy-server 100219" 0.0201 "-" 99151 0
Feb 21 22:39:27 np0005625961.novalocal sudo[107063]: pam_unix(sudo:session): session closed for user root
Feb 21 22:39:27 np0005625961.novalocal proxy-server[100219]: ::1 ::1 22/Feb/2026/03/39/27 PUT /v1/AUTH_e41560788c7b460fa374fdc94f22590f/gnocchi.d056a506-4be1-4b20-9711-e4dcb0b9cd66/none_v3 HTTP/1.0 201 - python-swiftclient-4.8.0 gAAAAABpmnpTVjhT... 22 - - tx7befbceee7244b2eb225c-00699a7a6f - 0.0335 - - 1771731567.741815329 1771731567.775271654 0 17d6eceedce248e7bcac4363c7b2aeaa
Feb 21 22:39:27 np0005625961.novalocal systemd[1]: session-c98.scope: Deactivated successfully.
Feb 21 22:39:27 np0005625961.novalocal systemd[1]: setroubleshootd.service: Deactivated successfully.
Feb 21 22:39:27 np0005625961.novalocal systemd[1]: setroubleshootd.service: Consumed 1.569s CPU time.
Feb 21 22:39:27 np0005625961.novalocal container-server[98786]: ::1 - - [22/Feb/2026:03:39:27 +0000] "HEAD /2/105493/AUTH_e41560788c7b460fa374fdc94f22590f/gnocchi.501a3e3e-8cc8-4435-89d3-6e2b3c10766c" 404 - "HEAD http://[::1]:8080/v1/AUTH_e41560788c7b460fa374fdc94f22590f/gnocchi.501a3e3e-8cc8-4435-89d3-6e2b3c10766c" "txa498c1aae20b412a9b2d5-00699a7a6f" "proxy-server 100219" 0.0004 "-" 98786 0
Feb 21 22:39:27 np0005625961.novalocal container-server[98785]: ::1 - - [22/Feb/2026:03:39:27 +0000] "HEAD /3/105493/AUTH_e41560788c7b460fa374fdc94f22590f/gnocchi.501a3e3e-8cc8-4435-89d3-6e2b3c10766c" 404 - "HEAD http://[::1]:8080/v1/AUTH_e41560788c7b460fa374fdc94f22590f/gnocchi.501a3e3e-8cc8-4435-89d3-6e2b3c10766c" "txa498c1aae20b412a9b2d5-00699a7a6f" "proxy-server 100219" 0.0007 "-" 98785 0
Feb 21 22:39:27 np0005625961.novalocal container-server[98785]: ::1 - - [22/Feb/2026:03:39:27 +0000] "HEAD /1/105493/AUTH_e41560788c7b460fa374fdc94f22590f/gnocchi.501a3e3e-8cc8-4435-89d3-6e2b3c10766c" 404 - "HEAD http://[::1]:8080/v1/AUTH_e41560788c7b460fa374fdc94f22590f/gnocchi.501a3e3e-8cc8-4435-89d3-6e2b3c10766c" "txa498c1aae20b412a9b2d5-00699a7a6f" "proxy-server 100219" 0.0012 "-" 98785 0
Feb 21 22:39:27 np0005625961.novalocal proxy-server[100219]: - - 22/Feb/2026/03/39/27 HEAD /v1/AUTH_e41560788c7b460fa374fdc94f22590f/gnocchi.501a3e3e-8cc8-4435-89d3-6e2b3c10766c HTTP/1.0 404 - Swift - - - - txa498c1aae20b412a9b2d5-00699a7a6f - 0.0137 CS - 1771731567.803730726 1771731567.817430973 0 -
Feb 21 22:39:27 np0005625961.novalocal object-server[99152]: ::1 - - [22/Feb/2026:03:39:27 +0000] "GET /1/217856/AUTH_e41560788c7b460fa374fdc94f22590f/gnocchi.501a3e3e-8cc8-4435-89d3-6e2b3c10766c/none_v3" 404 70 "GET https://[::1]:8080/v1/AUTH_e41560788c7b460fa374fdc94f22590f/gnocchi.501a3e3e-8cc8-4435-89d3-6e2b3c10766c/none_v3" "txa498c1aae20b412a9b2d5-00699a7a6f" "proxy-server 100219" 0.0004 "-" 99152 0
Feb 21 22:39:27 np0005625961.novalocal object-server[99151]: ::1 - - [22/Feb/2026:03:39:27 +0000] "GET /3/217856/AUTH_e41560788c7b460fa374fdc94f22590f/gnocchi.501a3e3e-8cc8-4435-89d3-6e2b3c10766c/none_v3" 404 70 "GET https://[::1]:8080/v1/AUTH_e41560788c7b460fa374fdc94f22590f/gnocchi.501a3e3e-8cc8-4435-89d3-6e2b3c10766c/none_v3" "txa498c1aae20b412a9b2d5-00699a7a6f" "proxy-server 100219" 0.0003 "-" 99151 0
Feb 21 22:39:27 np0005625961.novalocal object-server[99151]: ::1 - - [22/Feb/2026:03:39:27 +0000] "GET /2/217856/AUTH_e41560788c7b460fa374fdc94f22590f/gnocchi.501a3e3e-8cc8-4435-89d3-6e2b3c10766c/none_v3" 404 70 "GET https://[::1]:8080/v1/AUTH_e41560788c7b460fa374fdc94f22590f/gnocchi.501a3e3e-8cc8-4435-89d3-6e2b3c10766c/none_v3" "txa498c1aae20b412a9b2d5-00699a7a6f" "proxy-server 100219" 0.0002 "-" 99151 0
Feb 21 22:39:27 np0005625961.novalocal proxy-server[100219]: ::1 ::1 22/Feb/2026/03/39/27 GET /v1/AUTH_e41560788c7b460fa374fdc94f22590f/gnocchi.501a3e3e-8cc8-4435-89d3-6e2b3c10766c/none_v3 HTTP/1.0 404 - python-swiftclient-4.8.0 gAAAAABpmnpTVjhT... - 70 - txa498c1aae20b412a9b2d5-00699a7a6f - 0.0263 - - 1771731567.802916050 1771731567.829184055 0 17d6eceedce248e7bcac4363c7b2aeaa
Feb 21 22:39:27 np0005625961.novalocal account-server[98425]: ::1 - - [22/Feb/2026:03:39:27 +0000] "PUT /1/161627/AUTH_e41560788c7b460fa374fdc94f22590f/gnocchi.501a3e3e-8cc8-4435-89d3-6e2b3c10766c" 201 - "PUT http://[::1]:6001/3/105493/AUTH_e41560788c7b460fa374fdc94f22590f/gnocchi.501a3e3e-8cc8-4435-89d3-6e2b3c10766c" "txf82a7869cb16445b88c8b-00699a7a6f" "container-server 98785" 0.0058 "-" 98425 0
Feb 21 22:39:27 np0005625961.novalocal container-server[98785]: ::1 - - [22/Feb/2026:03:39:27 +0000] "PUT /3/105493/AUTH_e41560788c7b460fa374fdc94f22590f/gnocchi.501a3e3e-8cc8-4435-89d3-6e2b3c10766c" 201 - "PUT https://[::1]:8080/v1/AUTH_e41560788c7b460fa374fdc94f22590f/gnocchi.501a3e3e-8cc8-4435-89d3-6e2b3c10766c" "txf82a7869cb16445b88c8b-00699a7a6f" "proxy-server 100219" 0.0358 "-" 98785 0
Feb 21 22:39:27 np0005625961.novalocal account-server[98426]: ::1 - - [22/Feb/2026:03:39:27 +0000] "PUT /2/161627/AUTH_e41560788c7b460fa374fdc94f22590f/gnocchi.501a3e3e-8cc8-4435-89d3-6e2b3c10766c" 201 - "PUT http://[::1]:6001/1/105493/AUTH_e41560788c7b460fa374fdc94f22590f/gnocchi.501a3e3e-8cc8-4435-89d3-6e2b3c10766c" "txf82a7869cb16445b88c8b-00699a7a6f" "container-server 98785" 0.0042 "-" 98426 0
Feb 21 22:39:27 np0005625961.novalocal account-server[98425]: ::1 - - [22/Feb/2026:03:39:27 +0000] "PUT /3/161627/AUTH_e41560788c7b460fa374fdc94f22590f/gnocchi.501a3e3e-8cc8-4435-89d3-6e2b3c10766c" 201 - "PUT http://[::1]:6001/2/105493/AUTH_e41560788c7b460fa374fdc94f22590f/gnocchi.501a3e3e-8cc8-4435-89d3-6e2b3c10766c" "txf82a7869cb16445b88c8b-00699a7a6f" "container-server 98785" 0.0043 "-" 98425 0
Feb 21 22:39:27 np0005625961.novalocal container-server[98785]: ::1 - - [22/Feb/2026:03:39:27 +0000] "PUT /1/105493/AUTH_e41560788c7b460fa374fdc94f22590f/gnocchi.501a3e3e-8cc8-4435-89d3-6e2b3c10766c" 201 - "PUT https://[::1]:8080/v1/AUTH_e41560788c7b460fa374fdc94f22590f/gnocchi.501a3e3e-8cc8-4435-89d3-6e2b3c10766c" "txf82a7869cb16445b88c8b-00699a7a6f" "proxy-server 100219" 0.0330 "-" 98785 0
Feb 21 22:39:27 np0005625961.novalocal container-server[98785]: ::1 - - [22/Feb/2026:03:39:27 +0000] "PUT /2/105493/AUTH_e41560788c7b460fa374fdc94f22590f/gnocchi.501a3e3e-8cc8-4435-89d3-6e2b3c10766c" 201 - "PUT https://[::1]:8080/v1/AUTH_e41560788c7b460fa374fdc94f22590f/gnocchi.501a3e3e-8cc8-4435-89d3-6e2b3c10766c" "txf82a7869cb16445b88c8b-00699a7a6f" "proxy-server 100219" 0.0211 "-" 98785 0
Feb 21 22:39:27 np0005625961.novalocal proxy-server[100219]: ::1 ::1 22/Feb/2026/03/39/27 PUT /v1/AUTH_e41560788c7b460fa374fdc94f22590f/gnocchi.501a3e3e-8cc8-4435-89d3-6e2b3c10766c HTTP/1.0 201 - python-swiftclient-4.8.0 gAAAAABpmnpTVjhT... - - - txf82a7869cb16445b88c8b-00699a7a6f - 0.0513 - - 1771731567.831682205 1771731567.882974863 0 17d6eceedce248e7bcac4363c7b2aeaa
Feb 21 22:39:27 np0005625961.novalocal container-server[98785]: ::1 - - [22/Feb/2026:03:39:27 +0000] "HEAD /2/60330/AUTH_e41560788c7b460fa374fdc94f22590f/gnocchi.a9270718-d472-42ea-aac7-a8b685a4ecec" 404 - "HEAD http://[::1]:8080/v1/AUTH_e41560788c7b460fa374fdc94f22590f/gnocchi.a9270718-d472-42ea-aac7-a8b685a4ecec" "tx3ba17d4dd666462aa25d7-00699a7a6f" "proxy-server 100219" 0.0004 "-" 98785 0
Feb 21 22:39:27 np0005625961.novalocal container-server[98785]: ::1 - - [22/Feb/2026:03:39:27 +0000] "HEAD /3/60330/AUTH_e41560788c7b460fa374fdc94f22590f/gnocchi.a9270718-d472-42ea-aac7-a8b685a4ecec" 404 - "HEAD http://[::1]:8080/v1/AUTH_e41560788c7b460fa374fdc94f22590f/gnocchi.a9270718-d472-42ea-aac7-a8b685a4ecec" "tx3ba17d4dd666462aa25d7-00699a7a6f" "proxy-server 100219" 0.0004 "-" 98785 0
Feb 21 22:39:27 np0005625961.novalocal container-server[98786]: ::1 - - [22/Feb/2026:03:39:27 +0000] "HEAD /1/60330/AUTH_e41560788c7b460fa374fdc94f22590f/gnocchi.a9270718-d472-42ea-aac7-a8b685a4ecec" 404 - "HEAD http://[::1]:8080/v1/AUTH_e41560788c7b460fa374fdc94f22590f/gnocchi.a9270718-d472-42ea-aac7-a8b685a4ecec" "tx3ba17d4dd666462aa25d7-00699a7a6f" "proxy-server 100219" 0.0004 "-" 98786 0
Feb 21 22:39:27 np0005625961.novalocal proxy-server[100219]: - - 22/Feb/2026/03/39/27 HEAD /v1/AUTH_e41560788c7b460fa374fdc94f22590f/gnocchi.a9270718-d472-42ea-aac7-a8b685a4ecec HTTP/1.0 404 - Swift - - - - tx3ba17d4dd666462aa25d7-00699a7a6f - 0.0110 CS - 1771731567.886754990 1771731567.897756577 0 -
Feb 21 22:39:27 np0005625961.novalocal object-server[99151]: ::1 - - [22/Feb/2026:03:39:27 +0000] "GET /3/187419/AUTH_e41560788c7b460fa374fdc94f22590f/gnocchi.a9270718-d472-42ea-aac7-a8b685a4ecec/none_v3" 404 70 "GET https://[::1]:8080/v1/AUTH_e41560788c7b460fa374fdc94f22590f/gnocchi.a9270718-d472-42ea-aac7-a8b685a4ecec/none_v3" "tx3ba17d4dd666462aa25d7-00699a7a6f" "proxy-server 100219" 0.0005 "-" 99151 0
Feb 21 22:39:27 np0005625961.novalocal object-server[99152]: ::1 - - [22/Feb/2026:03:39:27 +0000] "GET /1/187419/AUTH_e41560788c7b460fa374fdc94f22590f/gnocchi.a9270718-d472-42ea-aac7-a8b685a4ecec/none_v3" 404 70 "GET https://[::1]:8080/v1/AUTH_e41560788c7b460fa374fdc94f22590f/gnocchi.a9270718-d472-42ea-aac7-a8b685a4ecec/none_v3" "tx3ba17d4dd666462aa25d7-00699a7a6f" "proxy-server 100219" 0.0005 "-" 99152 0
Feb 21 22:39:27 np0005625961.novalocal object-server[99151]: ::1 - - [22/Feb/2026:03:39:27 +0000] "GET /2/187419/AUTH_e41560788c7b460fa374fdc94f22590f/gnocchi.a9270718-d472-42ea-aac7-a8b685a4ecec/none_v3" 404 70 "GET https://[::1]:8080/v1/AUTH_e41560788c7b460fa374fdc94f22590f/gnocchi.a9270718-d472-42ea-aac7-a8b685a4ecec/none_v3" "tx3ba17d4dd666462aa25d7-00699a7a6f" "proxy-server 100219" 0.0003 "-" 99151 0
Feb 21 22:39:27 np0005625961.novalocal proxy-server[100219]: ::1 ::1 22/Feb/2026/03/39/27 GET /v1/AUTH_e41560788c7b460fa374fdc94f22590f/gnocchi.a9270718-d472-42ea-aac7-a8b685a4ecec/none_v3 HTTP/1.0 404 - python-swiftclient-4.8.0 gAAAAABpmnpTVjhT... - 70 - tx3ba17d4dd666462aa25d7-00699a7a6f - 0.0249 - - 1771731567.886174679 1771731567.911036491 0 17d6eceedce248e7bcac4363c7b2aeaa
Feb 21 22:39:27 np0005625961.novalocal account-server[98426]: ::1 - - [22/Feb/2026:03:39:27 +0000] "PUT /2/161627/AUTH_e41560788c7b460fa374fdc94f22590f/gnocchi.a9270718-d472-42ea-aac7-a8b685a4ecec" 201 - "PUT http://[::1]:6001/2/60330/AUTH_e41560788c7b460fa374fdc94f22590f/gnocchi.a9270718-d472-42ea-aac7-a8b685a4ecec" "txdf1ba89b31084e439db55-00699a7a6f" "container-server 98786" 0.0039 "-" 98426 0
Feb 21 22:39:27 np0005625961.novalocal container-server[98786]: ::1 - - [22/Feb/2026:03:39:27 +0000] "PUT /2/60330/AUTH_e41560788c7b460fa374fdc94f22590f/gnocchi.a9270718-d472-42ea-aac7-a8b685a4ecec" 201 - "PUT https://[::1]:8080/v1/AUTH_e41560788c7b460fa374fdc94f22590f/gnocchi.a9270718-d472-42ea-aac7-a8b685a4ecec" "txdf1ba89b31084e439db55-00699a7a6f" "proxy-server 100219" 0.0162 "-" 98786 0
Feb 21 22:39:27 np0005625961.novalocal account-server[98425]: ::1 - - [22/Feb/2026:03:39:27 +0000] "PUT /3/161627/AUTH_e41560788c7b460fa374fdc94f22590f/gnocchi.a9270718-d472-42ea-aac7-a8b685a4ecec" 201 - "PUT http://[::1]:6001/1/60330/AUTH_e41560788c7b460fa374fdc94f22590f/gnocchi.a9270718-d472-42ea-aac7-a8b685a4ecec" "txdf1ba89b31084e439db55-00699a7a6f" "container-server 98785" 0.0081 "-" 98425 0
Feb 21 22:39:27 np0005625961.novalocal container-server[98785]: ::1 - - [22/Feb/2026:03:39:27 +0000] "PUT /1/60330/AUTH_e41560788c7b460fa374fdc94f22590f/gnocchi.a9270718-d472-42ea-aac7-a8b685a4ecec" 201 - "PUT https://[::1]:8080/v1/AUTH_e41560788c7b460fa374fdc94f22590f/gnocchi.a9270718-d472-42ea-aac7-a8b685a4ecec" "txdf1ba89b31084e439db55-00699a7a6f" "proxy-server 100219" 0.0385 "-" 98785 0
Feb 21 22:39:27 np0005625961.novalocal account-server[98425]: ::1 - - [22/Feb/2026:03:39:27 +0000] "PUT /1/161627/AUTH_e41560788c7b460fa374fdc94f22590f/gnocchi.a9270718-d472-42ea-aac7-a8b685a4ecec" 201 - "PUT http://[::1]:6001/3/60330/AUTH_e41560788c7b460fa374fdc94f22590f/gnocchi.a9270718-d472-42ea-aac7-a8b685a4ecec" "txdf1ba89b31084e439db55-00699a7a6f" "container-server 98785" 0.0043 "-" 98425 0
Feb 21 22:39:27 np0005625961.novalocal object-reconstructor[98261]: Starting object reconstruction pass.
Feb 21 22:39:27 np0005625961.novalocal object-reconstructor[98261]: Nothing reconstructed for 0.0003809928894042969 seconds.
Feb 21 22:39:27 np0005625961.novalocal object-reconstructor[98261]: Object reconstruction complete. (0.00 minutes)
Feb 21 22:39:27 np0005625961.novalocal container-server[98785]: ::1 - - [22/Feb/2026:03:39:27 +0000] "PUT /3/60330/AUTH_e41560788c7b460fa374fdc94f22590f/gnocchi.a9270718-d472-42ea-aac7-a8b685a4ecec" 201 - "PUT https://[::1]:8080/v1/AUTH_e41560788c7b460fa374fdc94f22590f/gnocchi.a9270718-d472-42ea-aac7-a8b685a4ecec" "txdf1ba89b31084e439db55-00699a7a6f" "proxy-server 100219" 0.0208 "-" 98785 0
Feb 21 22:39:27 np0005625961.novalocal proxy-server[100219]: ::1 ::1 22/Feb/2026/03/39/27 PUT /v1/AUTH_e41560788c7b460fa374fdc94f22590f/gnocchi.a9270718-d472-42ea-aac7-a8b685a4ecec HTTP/1.0 201 - python-swiftclient-4.8.0 gAAAAABpmnpTVjhT... - - - txdf1ba89b31084e439db55-00699a7a6f - 0.0489 - - 1771731567.914107800 1771731567.963030577 0 17d6eceedce248e7bcac4363c7b2aeaa
Feb 21 22:39:27 np0005625961.novalocal container-server[98786]: ::1 - - [22/Feb/2026:03:39:27 +0000] "HEAD /2/105493/AUTH_e41560788c7b460fa374fdc94f22590f/gnocchi.501a3e3e-8cc8-4435-89d3-6e2b3c10766c" 204 - "HEAD http://[::1]:8080/v1/AUTH_e41560788c7b460fa374fdc94f22590f/gnocchi.501a3e3e-8cc8-4435-89d3-6e2b3c10766c" "tx748cce22faf143f1a0d27-00699a7a6f" "proxy-server 100219" 0.0023 "-" 98786 0
Feb 21 22:39:27 np0005625961.novalocal proxy-server[100219]: - - 22/Feb/2026/03/39/27 HEAD /v1/AUTH_e41560788c7b460fa374fdc94f22590f/gnocchi.501a3e3e-8cc8-4435-89d3-6e2b3c10766c HTTP/1.0 204 - Swift - - - - tx748cce22faf143f1a0d27-00699a7a6f - 0.0061 CS - 1771731567.968615055 1771731567.974726200 0 -
Feb 21 22:39:27 np0005625961.novalocal container-server[98786]: ::1 - - [22/Feb/2026:03:39:27 +0000] "GET /2/105493/AUTH_e41560788c7b460fa374fdc94f22590f/gnocchi.501a3e3e-8cc8-4435-89d3-6e2b3c10766c" 200 2 "GET https://[::1]:8080/v1/AUTH_e41560788c7b460fa374fdc94f22590f/gnocchi.501a3e3e-8cc8-4435-89d3-6e2b3c10766c?format=json&states=listing" "tx748cce22faf143f1a0d27-00699a7a6f" "proxy-server 100219" 0.0036 "-" 98786 0
Feb 21 22:39:27 np0005625961.novalocal proxy-server[100219]: ::1 ::1 22/Feb/2026/03/39/27 GET /v1/AUTH_e41560788c7b460fa374fdc94f22590f/gnocchi.501a3e3e-8cc8-4435-89d3-6e2b3c10766c%3Fformat%3Djson%26states%3Dlisting HTTP/1.0 200 - python-swiftclient-4.8.0 gAAAAABpmnpTVjhT... - 2 - tx748cce22faf143f1a0d27-00699a7a6f - 0.0174 - - 1771731567.967842102 1771731567.985202789 0 17d6eceedce248e7bcac4363c7b2aeaa
Feb 21 22:39:27 np0005625961.novalocal container-server[98786]: ::1 - - [22/Feb/2026:03:39:27 +0000] "HEAD /1/60330/AUTH_e41560788c7b460fa374fdc94f22590f/gnocchi.a9270718-d472-42ea-aac7-a8b685a4ecec" 204 - "HEAD http://[::1]:8080/v1/AUTH_e41560788c7b460fa374fdc94f22590f/gnocchi.a9270718-d472-42ea-aac7-a8b685a4ecec" "tx240ee809129e49eca4648-00699a7a6f" "proxy-server 100219" 0.0019 "-" 98786 0
Feb 21 22:39:27 np0005625961.novalocal proxy-server[100219]: - - 22/Feb/2026/03/39/27 HEAD /v1/AUTH_e41560788c7b460fa374fdc94f22590f/gnocchi.a9270718-d472-42ea-aac7-a8b685a4ecec HTTP/1.0 204 - Swift - - - - tx240ee809129e49eca4648-00699a7a6f - 0.0059 CS - 1771731567.990330696 1771731567.996200800 0 -
Feb 21 22:39:28 np0005625961.novalocal container-server[98786]: ::1 - - [22/Feb/2026:03:39:28 +0000] "GET /3/60330/AUTH_e41560788c7b460fa374fdc94f22590f/gnocchi.a9270718-d472-42ea-aac7-a8b685a4ecec" 200 2 "GET https://[::1]:8080/v1/AUTH_e41560788c7b460fa374fdc94f22590f/gnocchi.a9270718-d472-42ea-aac7-a8b685a4ecec?format=json&states=listing" "tx240ee809129e49eca4648-00699a7a6f" "proxy-server 100219" 0.0030 "-" 98786 0
Feb 21 22:39:28 np0005625961.novalocal proxy-server[100219]: ::1 ::1 22/Feb/2026/03/39/28 GET /v1/AUTH_e41560788c7b460fa374fdc94f22590f/gnocchi.a9270718-d472-42ea-aac7-a8b685a4ecec%3Fformat%3Djson%26states%3Dlisting HTTP/1.0 200 - python-swiftclient-4.8.0 gAAAAABpmnpTVjhT... - 2 - tx240ee809129e49eca4648-00699a7a6f - 0.0191 - - 1771731567.989689827 1771731568.008810043 0 17d6eceedce248e7bcac4363c7b2aeaa
Feb 21 22:39:28 np0005625961.novalocal haproxy-metadata-proxy-fc6152ef-a3f7-4020-b18c-8204705fe8c6[105929]: ::ffff:10.100.0.8:38024 [21/Feb/2026:22:39:26.982] listener listener/metadata 0/0/0/1032/1032 200 152 - - ---- 1/1/0/0/0 0/0 "GET /2009-04-04/meta-data/local-hostname HTTP/1.1"
Feb 21 22:39:28 np0005625961.novalocal object-server[99152]: ::1 - - [22/Feb/2026:03:39:28 +0000] "GET /2/197714/AUTH_e41560788c7b460fa374fdc94f22590f/gnocchi.501a3e3e-8cc8-4435-89d3-6e2b3c10766c/1771200000.0_mean_300.0_v3" 404 70 "GET https://[::1]:8080/v1/AUTH_e41560788c7b460fa374fdc94f22590f/gnocchi.501a3e3e-8cc8-4435-89d3-6e2b3c10766c/1771200000.0_mean_300.0_v3" "tx96a60c1859a142b8bd88b-00699a7a70" "proxy-server 100219" 0.0004 "-" 99152 0
Feb 21 22:39:28 np0005625961.novalocal object-server[99151]: ::1 - - [22/Feb/2026:03:39:28 +0000] "GET /1/197714/AUTH_e41560788c7b460fa374fdc94f22590f/gnocchi.501a3e3e-8cc8-4435-89d3-6e2b3c10766c/1771200000.0_mean_300.0_v3" 404 70 "GET https://[::1]:8080/v1/AUTH_e41560788c7b460fa374fdc94f22590f/gnocchi.501a3e3e-8cc8-4435-89d3-6e2b3c10766c/1771200000.0_mean_300.0_v3" "tx96a60c1859a142b8bd88b-00699a7a70" "proxy-server 100219" 0.0004 "-" 99151 0
Feb 21 22:39:28 np0005625961.novalocal object-server[99152]: ::1 - - [22/Feb/2026:03:39:28 +0000] "GET /3/197714/AUTH_e41560788c7b460fa374fdc94f22590f/gnocchi.501a3e3e-8cc8-4435-89d3-6e2b3c10766c/1771200000.0_mean_300.0_v3" 404 70 "GET https://[::1]:8080/v1/AUTH_e41560788c7b460fa374fdc94f22590f/gnocchi.501a3e3e-8cc8-4435-89d3-6e2b3c10766c/1771200000.0_mean_300.0_v3" "tx96a60c1859a142b8bd88b-00699a7a70" "proxy-server 100219" 0.0003 "-" 99152 0
Feb 21 22:39:28 np0005625961.novalocal proxy-server[100219]: ::1 ::1 22/Feb/2026/03/39/28 GET /v1/AUTH_e41560788c7b460fa374fdc94f22590f/gnocchi.501a3e3e-8cc8-4435-89d3-6e2b3c10766c/1771200000.0_mean_300.0_v3 HTTP/1.0 404 - python-swiftclient-4.8.0 gAAAAABpmnpTVjhT... - 70 - tx96a60c1859a142b8bd88b-00699a7a70 - 0.0162 - - 1771731568.014372587 1771731568.030619860 0 17d6eceedce248e7bcac4363c7b2aeaa
Feb 21 22:39:28 np0005625961.novalocal object-server[99151]: ::1 - - [22/Feb/2026:03:39:28 +0000] "GET /1/5840/AUTH_e41560788c7b460fa374fdc94f22590f/gnocchi.a9270718-d472-42ea-aac7-a8b685a4ecec/1771200000.0_mean_300.0_v3" 404 70 "GET https://[::1]:8080/v1/AUTH_e41560788c7b460fa374fdc94f22590f/gnocchi.a9270718-d472-42ea-aac7-a8b685a4ecec/1771200000.0_mean_300.0_v3" "txade1d970c0144faa84638-00699a7a70" "proxy-server 100219" 0.0004 "-" 99151 0
Feb 21 22:39:28 np0005625961.novalocal object-server[99151]: ::1 - - [22/Feb/2026:03:39:28 +0000] "GET /3/5840/AUTH_e41560788c7b460fa374fdc94f22590f/gnocchi.a9270718-d472-42ea-aac7-a8b685a4ecec/1771200000.0_mean_300.0_v3" 404 70 "GET https://[::1]:8080/v1/AUTH_e41560788c7b460fa374fdc94f22590f/gnocchi.a9270718-d472-42ea-aac7-a8b685a4ecec/1771200000.0_mean_300.0_v3" "txade1d970c0144faa84638-00699a7a70" "proxy-server 100219" 0.0003 "-" 99151 0
Feb 21 22:39:28 np0005625961.novalocal object-server[99151]: ::1 - - [22/Feb/2026:03:39:28 +0000] "GET /2/5840/AUTH_e41560788c7b460fa374fdc94f22590f/gnocchi.a9270718-d472-42ea-aac7-a8b685a4ecec/1771200000.0_mean_300.0_v3" 404 70 "GET https://[::1]:8080/v1/AUTH_e41560788c7b460fa374fdc94f22590f/gnocchi.a9270718-d472-42ea-aac7-a8b685a4ecec/1771200000.0_mean_300.0_v3" "txade1d970c0144faa84638-00699a7a70" "proxy-server 100219" 0.0003 "-" 99151 0
Feb 21 22:39:28 np0005625961.novalocal proxy-server[100219]: ::1 ::1 22/Feb/2026/03/39/28 GET /v1/AUTH_e41560788c7b460fa374fdc94f22590f/gnocchi.a9270718-d472-42ea-aac7-a8b685a4ecec/1771200000.0_mean_300.0_v3 HTTP/1.0 404 - python-swiftclient-4.8.0 gAAAAABpmnpTVjhT... - 70 - txade1d970c0144faa84638-00699a7a70 - 0.0110 - - 1771731568.033712387 1771731568.044744968 0 17d6eceedce248e7bcac4363c7b2aeaa
Feb 21 22:39:28 np0005625961.novalocal container-server[98785]: ::1 - - [22/Feb/2026:03:39:28 +0000] "PUT /2/105493/AUTH_e41560788c7b460fa374fdc94f22590f/gnocchi.501a3e3e-8cc8-4435-89d3-6e2b3c10766c/1771200000.0_mean_300.0_v3" 201 - "PUT http://[::1]:8080/1/197714/AUTH_e41560788c7b460fa374fdc94f22590f/gnocchi.501a3e3e-8cc8-4435-89d3-6e2b3c10766c/1771200000.0_mean_300.0_v3" "txab333c59e5584b34bfdcc-00699a7a70" "object-server 99152" 0.0006 "-" 98785 0
Feb 21 22:39:28 np0005625961.novalocal object-server[99152]: ::1 - - [22/Feb/2026:03:39:28 +0000] "PUT /1/197714/AUTH_e41560788c7b460fa374fdc94f22590f/gnocchi.501a3e3e-8cc8-4435-89d3-6e2b3c10766c/1771200000.0_mean_300.0_v3" 201 - "PUT https://[::1]:8080/v1/AUTH_e41560788c7b460fa374fdc94f22590f/gnocchi.501a3e3e-8cc8-4435-89d3-6e2b3c10766c/1771200000.0_mean_300.0_v3" "txab333c59e5584b34bfdcc-00699a7a70" "proxy-server 100219" 0.0146 "-" 99152 0
Feb 21 22:39:28 np0005625961.novalocal container-server[98785]: ::1 - - [22/Feb/2026:03:39:28 +0000] "PUT /1/105493/AUTH_e41560788c7b460fa374fdc94f22590f/gnocchi.501a3e3e-8cc8-4435-89d3-6e2b3c10766c/1771200000.0_mean_300.0_v3" 201 - "PUT http://[::1]:8080/3/197714/AUTH_e41560788c7b460fa374fdc94f22590f/gnocchi.501a3e3e-8cc8-4435-89d3-6e2b3c10766c/1771200000.0_mean_300.0_v3" "txab333c59e5584b34bfdcc-00699a7a70" "object-server 99151" 0.0004 "-" 98785 0
Feb 21 22:39:28 np0005625961.novalocal object-server[99151]: ::1 - - [22/Feb/2026:03:39:28 +0000] "PUT /3/197714/AUTH_e41560788c7b460fa374fdc94f22590f/gnocchi.501a3e3e-8cc8-4435-89d3-6e2b3c10766c/1771200000.0_mean_300.0_v3" 201 - "PUT https://[::1]:8080/v1/AUTH_e41560788c7b460fa374fdc94f22590f/gnocchi.501a3e3e-8cc8-4435-89d3-6e2b3c10766c/1771200000.0_mean_300.0_v3" "txab333c59e5584b34bfdcc-00699a7a70" "proxy-server 100219" 0.0139 "-" 99151 0
