Feb 21 22:40:22 np0005625961.novalocal container-server[98786]: ::1 - - [22/Feb/2026:03:40:22 +0000] "PUT /3/125257/AUTH_e41560788c7b460fa374fdc94f22590f/gnocchi.8b14d8e3-b8e3-4550-96c8-ed84e9aeabf6" 201 - "PUT https://[::1]:8080/v1/AUTH_e41560788c7b460fa374fdc94f22590f/gnocchi.8b14d8e3-b8e3-4550-96c8-ed84e9aeabf6" "tx8ee1e0908d734a94ac6cf-00699a7aa6" "proxy-server 100218" 0.0148 "-" 98786 0
Feb 21 22:40:22 np0005625961.novalocal proxy-server[100218]: ::1 ::1 22/Feb/2026/03/40/22 PUT /v1/AUTH_e41560788c7b460fa374fdc94f22590f/gnocchi.8b14d8e3-b8e3-4550-96c8-ed84e9aeabf6 HTTP/1.0 201 - python-swiftclient-4.8.0 gAAAAABpmnpRlsm9... - - - tx8ee1e0908d734a94ac6cf-00699a7aa6 - 0.0268 - - 1771731622.245935202 1771731622.272708416 0 17d6eceedce248e7bcac4363c7b2aeaa
Feb 21 22:40:22 np0005625961.novalocal container-server[98785]: ::1 - - [22/Feb/2026:03:40:22 +0000] "HEAD /3/125257/AUTH_e41560788c7b460fa374fdc94f22590f/gnocchi.8b14d8e3-b8e3-4550-96c8-ed84e9aeabf6" 204 - "HEAD http://[::1]:8080/v1/AUTH_e41560788c7b460fa374fdc94f22590f/gnocchi.8b14d8e3-b8e3-4550-96c8-ed84e9aeabf6" "tx08f3ec59db7f4e0080611-00699a7aa6" "proxy-server 100218" 0.0018 "-" 98785 0
Feb 21 22:40:22 np0005625961.novalocal proxy-server[100218]: - - 22/Feb/2026/03/40/22 HEAD /v1/AUTH_e41560788c7b460fa374fdc94f22590f/gnocchi.8b14d8e3-b8e3-4550-96c8-ed84e9aeabf6 HTTP/1.0 204 - Swift - - - - tx08f3ec59db7f4e0080611-00699a7aa6 - 0.0063 CS - 1771731622.277232409 1771731622.283533812 0 -
Feb 21 22:40:22 np0005625961.novalocal container-server[98785]: ::1 - - [22/Feb/2026:03:40:22 +0000] "GET /2/125257/AUTH_e41560788c7b460fa374fdc94f22590f/gnocchi.8b14d8e3-b8e3-4550-96c8-ed84e9aeabf6" 200 2 "GET https://[::1]:8080/v1/AUTH_e41560788c7b460fa374fdc94f22590f/gnocchi.8b14d8e3-b8e3-4550-96c8-ed84e9aeabf6?format=json&states=listing" "tx08f3ec59db7f4e0080611-00699a7aa6" "proxy-server 100218" 0.0018 "-" 98785 0
Feb 21 22:40:22 np0005625961.novalocal proxy-server[100218]: ::1 ::1 22/Feb/2026/03/40/22 GET /v1/AUTH_e41560788c7b460fa374fdc94f22590f/gnocchi.8b14d8e3-b8e3-4550-96c8-ed84e9aeabf6%3Fformat%3Djson%26states%3Dlisting HTTP/1.0 200 - python-swiftclient-4.8.0 gAAAAABpmnpRlsm9... - 2 - tx08f3ec59db7f4e0080611-00699a7aa6 - 0.0143 - - 1771731622.276640177 1771731622.290916443 0 17d6eceedce248e7bcac4363c7b2aeaa
Feb 21 22:40:22 np0005625961.novalocal object-server[99152]: ::1 - - [22/Feb/2026:03:40:22 +0000] "GET /3/99498/AUTH_e41560788c7b460fa374fdc94f22590f/gnocchi.8b14d8e3-b8e3-4550-96c8-ed84e9aeabf6/1771200000.0_mean_300.0_v3" 404 70 "GET https://[::1]:8080/v1/AUTH_e41560788c7b460fa374fdc94f22590f/gnocchi.8b14d8e3-b8e3-4550-96c8-ed84e9aeabf6/1771200000.0_mean_300.0_v3" "tx7ec4a71a31fe44f684c04-00699a7aa6" "proxy-server 100218" 0.0005 "-" 99152 0
Feb 21 22:40:22 np0005625961.novalocal object-server[99151]: ::1 - - [22/Feb/2026:03:40:22 +0000] "GET /2/99498/AUTH_e41560788c7b460fa374fdc94f22590f/gnocchi.8b14d8e3-b8e3-4550-96c8-ed84e9aeabf6/1771200000.0_mean_300.0_v3" 404 70 "GET https://[::1]:8080/v1/AUTH_e41560788c7b460fa374fdc94f22590f/gnocchi.8b14d8e3-b8e3-4550-96c8-ed84e9aeabf6/1771200000.0_mean_300.0_v3" "tx7ec4a71a31fe44f684c04-00699a7aa6" "proxy-server 100218" 0.0005 "-" 99151 0
Feb 21 22:40:22 np0005625961.novalocal object-server[99152]: ::1 - - [22/Feb/2026:03:40:22 +0000] "GET /1/99498/AUTH_e41560788c7b460fa374fdc94f22590f/gnocchi.8b14d8e3-b8e3-4550-96c8-ed84e9aeabf6/1771200000.0_mean_300.0_v3" 404 70 "GET https://[::1]:8080/v1/AUTH_e41560788c7b460fa374fdc94f22590f/gnocchi.8b14d8e3-b8e3-4550-96c8-ed84e9aeabf6/1771200000.0_mean_300.0_v3" "tx7ec4a71a31fe44f684c04-00699a7aa6" "proxy-server 100218" 0.0004 "-" 99152 0
Feb 21 22:40:22 np0005625961.novalocal proxy-server[100218]: ::1 ::1 22/Feb/2026/03/40/22 GET /v1/AUTH_e41560788c7b460fa374fdc94f22590f/gnocchi.8b14d8e3-b8e3-4550-96c8-ed84e9aeabf6/1771200000.0_mean_300.0_v3 HTTP/1.0 404 - python-swiftclient-4.8.0 gAAAAABpmnpRlsm9... - 70 - tx7ec4a71a31fe44f684c04-00699a7aa6 - 0.0165 - - 1771731622.296192408 1771731622.312674284 0 17d6eceedce248e7bcac4363c7b2aeaa
Feb 21 22:40:22 np0005625961.novalocal container-server[98785]: ::1 - - [22/Feb/2026:03:40:22 +0000] "PUT /2/125257/AUTH_e41560788c7b460fa374fdc94f22590f/gnocchi.8b14d8e3-b8e3-4550-96c8-ed84e9aeabf6/1771200000.0_mean_300.0_v3" 201 - "PUT http://[::1]:8080/1/99498/AUTH_e41560788c7b460fa374fdc94f22590f/gnocchi.8b14d8e3-b8e3-4550-96c8-ed84e9aeabf6/1771200000.0_mean_300.0_v3" "tx0ff9b9531e60407793b0f-00699a7aa6" "object-server 99151" 0.0007 "-" 98785 0
Feb 21 22:40:22 np0005625961.novalocal container-server[98786]: ::1 - - [22/Feb/2026:03:40:22 +0000] "PUT /1/125257/AUTH_e41560788c7b460fa374fdc94f22590f/gnocchi.8b14d8e3-b8e3-4550-96c8-ed84e9aeabf6/1771200000.0_mean_300.0_v3" 201 - "PUT http://[::1]:8080/3/99498/AUTH_e41560788c7b460fa374fdc94f22590f/gnocchi.8b14d8e3-b8e3-4550-96c8-ed84e9aeabf6/1771200000.0_mean_300.0_v3" "tx0ff9b9531e60407793b0f-00699a7aa6" "object-server 99152" 0.0004 "-" 98786 0
Feb 21 22:40:22 np0005625961.novalocal object-server[99151]: ::1 - - [22/Feb/2026:03:40:22 +0000] "PUT /1/99498/AUTH_e41560788c7b460fa374fdc94f22590f/gnocchi.8b14d8e3-b8e3-4550-96c8-ed84e9aeabf6/1771200000.0_mean_300.0_v3" 201 - "PUT https://[::1]:8080/v1/AUTH_e41560788c7b460fa374fdc94f22590f/gnocchi.8b14d8e3-b8e3-4550-96c8-ed84e9aeabf6/1771200000.0_mean_300.0_v3" "tx0ff9b9531e60407793b0f-00699a7aa6" "proxy-server 100218" 0.0112 "-" 99151 0
Feb 21 22:40:22 np0005625961.novalocal container-server[98786]: ::1 - - [22/Feb/2026:03:40:22 +0000] "PUT /3/125257/AUTH_e41560788c7b460fa374fdc94f22590f/gnocchi.8b14d8e3-b8e3-4550-96c8-ed84e9aeabf6/1771200000.0_mean_300.0_v3" 201 - "PUT http://[::1]:8080/2/99498/AUTH_e41560788c7b460fa374fdc94f22590f/gnocchi.8b14d8e3-b8e3-4550-96c8-ed84e9aeabf6/1771200000.0_mean_300.0_v3" "tx0ff9b9531e60407793b0f-00699a7aa6" "object-server 99152" 0.0003 "-" 98786 0
Feb 21 22:40:22 np0005625961.novalocal object-server[99152]: ::1 - - [22/Feb/2026:03:40:22 +0000] "PUT /3/99498/AUTH_e41560788c7b460fa374fdc94f22590f/gnocchi.8b14d8e3-b8e3-4550-96c8-ed84e9aeabf6/1771200000.0_mean_300.0_v3" 201 - "PUT https://[::1]:8080/v1/AUTH_e41560788c7b460fa374fdc94f22590f/gnocchi.8b14d8e3-b8e3-4550-96c8-ed84e9aeabf6/1771200000.0_mean_300.0_v3" "tx0ff9b9531e60407793b0f-00699a7aa6" "proxy-server 100218" 0.0111 "-" 99152 0
Feb 21 22:40:22 np0005625961.novalocal object-server[99152]: ::1 - - [22/Feb/2026:03:40:22 +0000] "PUT /2/99498/AUTH_e41560788c7b460fa374fdc94f22590f/gnocchi.8b14d8e3-b8e3-4550-96c8-ed84e9aeabf6/1771200000.0_mean_300.0_v3" 201 - "PUT https://[::1]:8080/v1/AUTH_e41560788c7b460fa374fdc94f22590f/gnocchi.8b14d8e3-b8e3-4550-96c8-ed84e9aeabf6/1771200000.0_mean_300.0_v3" "tx0ff9b9531e60407793b0f-00699a7aa6" "proxy-server 100218" 0.0095 "-" 99152 0
Feb 21 22:40:22 np0005625961.novalocal proxy-server[100218]: ::1 ::1 22/Feb/2026/03/40/22 PUT /v1/AUTH_e41560788c7b460fa374fdc94f22590f/gnocchi.8b14d8e3-b8e3-4550-96c8-ed84e9aeabf6/1771200000.0_mean_300.0_v3 HTTP/1.0 201 - python-swiftclient-4.8.0 gAAAAABpmnpRlsm9... 16 - - tx0ff9b9531e60407793b0f-00699a7aa6 - 0.0223 - - 1771731622.316739798 1771731622.339012861 0 17d6eceedce248e7bcac4363c7b2aeaa
Feb 21 22:40:22 np0005625961.novalocal container-server[98786]: ::1 - - [22/Feb/2026:03:40:22 +0000] "PUT /2/125257/AUTH_e41560788c7b460fa374fdc94f22590f/gnocchi.8b14d8e3-b8e3-4550-96c8-ed84e9aeabf6/none_v3" 201 - "PUT http://[::1]:8080/3/36035/AUTH_e41560788c7b460fa374fdc94f22590f/gnocchi.8b14d8e3-b8e3-4550-96c8-ed84e9aeabf6/none_v3" "tx885a80b7a29f43fe93f5d-00699a7aa6" "object-server 99151" 0.0003 "-" 98786 0
Feb 21 22:40:22 np0005625961.novalocal object-server[99151]: ::1 - - [22/Feb/2026:03:40:22 +0000] "PUT /3/36035/AUTH_e41560788c7b460fa374fdc94f22590f/gnocchi.8b14d8e3-b8e3-4550-96c8-ed84e9aeabf6/none_v3" 201 - "PUT https://[::1]:8080/v1/AUTH_e41560788c7b460fa374fdc94f22590f/gnocchi.8b14d8e3-b8e3-4550-96c8-ed84e9aeabf6/none_v3" "tx885a80b7a29f43fe93f5d-00699a7aa6" "proxy-server 100218" 0.0068 "-" 99151 0
Feb 21 22:40:22 np0005625961.novalocal container-server[98785]: ::1 - - [22/Feb/2026:03:40:22 +0000] "PUT /1/125257/AUTH_e41560788c7b460fa374fdc94f22590f/gnocchi.8b14d8e3-b8e3-4550-96c8-ed84e9aeabf6/none_v3" 201 - "PUT http://[::1]:8080/2/36035/AUTH_e41560788c7b460fa374fdc94f22590f/gnocchi.8b14d8e3-b8e3-4550-96c8-ed84e9aeabf6/none_v3" "tx885a80b7a29f43fe93f5d-00699a7aa6" "object-server 99152" 0.0003 "-" 98785 0
Feb 21 22:40:22 np0005625961.novalocal container-server[98786]: ::1 - - [22/Feb/2026:03:40:22 +0000] "PUT /3/125257/AUTH_e41560788c7b460fa374fdc94f22590f/gnocchi.8b14d8e3-b8e3-4550-96c8-ed84e9aeabf6/none_v3" 201 - "PUT http://[::1]:8080/1/36035/AUTH_e41560788c7b460fa374fdc94f22590f/gnocchi.8b14d8e3-b8e3-4550-96c8-ed84e9aeabf6/none_v3" "tx885a80b7a29f43fe93f5d-00699a7aa6" "object-server 99152" 0.0002 "-" 98786 0
Feb 21 22:40:22 np0005625961.novalocal object-server[99152]: ::1 - - [22/Feb/2026:03:40:22 +0000] "PUT /2/36035/AUTH_e41560788c7b460fa374fdc94f22590f/gnocchi.8b14d8e3-b8e3-4550-96c8-ed84e9aeabf6/none_v3" 201 - "PUT https://[::1]:8080/v1/AUTH_e41560788c7b460fa374fdc94f22590f/gnocchi.8b14d8e3-b8e3-4550-96c8-ed84e9aeabf6/none_v3" "tx885a80b7a29f43fe93f5d-00699a7aa6" "proxy-server 100218" 0.0065 "-" 99152 0
Feb 21 22:40:22 np0005625961.novalocal object-server[99152]: ::1 - - [22/Feb/2026:03:40:22 +0000] "PUT /1/36035/AUTH_e41560788c7b460fa374fdc94f22590f/gnocchi.8b14d8e3-b8e3-4550-96c8-ed84e9aeabf6/none_v3" 201 - "PUT https://[::1]:8080/v1/AUTH_e41560788c7b460fa374fdc94f22590f/gnocchi.8b14d8e3-b8e3-4550-96c8-ed84e9aeabf6/none_v3" "tx885a80b7a29f43fe93f5d-00699a7aa6" "proxy-server 100218" 0.0087 "-" 99152 0
Feb 21 22:40:22 np0005625961.novalocal proxy-server[100218]: ::1 ::1 22/Feb/2026/03/40/22 PUT /v1/AUTH_e41560788c7b460fa374fdc94f22590f/gnocchi.8b14d8e3-b8e3-4550-96c8-ed84e9aeabf6/none_v3 HTTP/1.0 201 - python-swiftclient-4.8.0 gAAAAABpmnpRlsm9... 22 - - tx885a80b7a29f43fe93f5d-00699a7aa6 - 0.0151 - - 1771731622.341696739 1771731622.356761694 0 17d6eceedce248e7bcac4363c7b2aeaa
Feb 21 22:40:22 np0005625961.novalocal dnsmasq[107886]: read /var/lib/neutron/dhcp/8ee54d19-d832-4ab5-8301-3284f7e48668/addn_hosts - 1 addresses
Feb 21 22:40:22 np0005625961.novalocal dnsmasq-dhcp[107886]: read /var/lib/neutron/dhcp/8ee54d19-d832-4ab5-8301-3284f7e48668/host
Feb 21 22:40:22 np0005625961.novalocal dnsmasq-dhcp[107886]: read /var/lib/neutron/dhcp/8ee54d19-d832-4ab5-8301-3284f7e48668/opts
Feb 21 22:40:23 np0005625961.novalocal dnsmasq[107886]: read /var/lib/neutron/dhcp/8ee54d19-d832-4ab5-8301-3284f7e48668/addn_hosts - 1 addresses
Feb 21 22:40:23 np0005625961.novalocal dnsmasq-dhcp[107886]: read /var/lib/neutron/dhcp/8ee54d19-d832-4ab5-8301-3284f7e48668/host
Feb 21 22:40:23 np0005625961.novalocal dnsmasq-dhcp[107886]: read /var/lib/neutron/dhcp/8ee54d19-d832-4ab5-8301-3284f7e48668/opts
Feb 21 22:40:24 np0005625961.novalocal dnsmasq[107886]: read /var/lib/neutron/dhcp/8ee54d19-d832-4ab5-8301-3284f7e48668/addn_hosts - 1 addresses
Feb 21 22:40:24 np0005625961.novalocal dnsmasq-dhcp[107886]: read /var/lib/neutron/dhcp/8ee54d19-d832-4ab5-8301-3284f7e48668/host
Feb 21 22:40:24 np0005625961.novalocal dnsmasq-dhcp[107886]: read /var/lib/neutron/dhcp/8ee54d19-d832-4ab5-8301-3284f7e48668/opts
Feb 21 22:40:25 np0005625961.novalocal object-auditor[107292]: Begin object audit "forever" mode (ZBF)
Feb 21 22:40:25 np0005625961.novalocal object-auditor[107292]: Object audit (ZBF). Since Sun Feb 22 03:40:25 2026: Locally: 1 passed, 0 quarantined, 0 errors, files/sec: 1098.85, bytes/sec: 0.00, Total time: 0.00, Auditing time: 0.00, Rate: 0.00
Feb 21 22:40:26 np0005625961.novalocal sudo[108033]: cinder : PWD=/ ; USER=root ; COMMAND=/usr/bin/cinder-rootwrap /etc/cinder/rootwrap.conf env LC_ALL=C vgs --noheadings --unit=g -o name,size,free,lv_count,uuid --separator : --nosuffix cinder-volumes
Feb 21 22:40:26 np0005625961.novalocal systemd[1]: Started Session c99 of User root.
Feb 21 22:40:26 np0005625961.novalocal sudo[108033]: pam_unix(sudo:session): session opened for user root(uid=0) by (uid=165)
Feb 21 22:40:26 np0005625961.novalocal sudo[108033]: pam_unix(sudo:session): session closed for user root
Feb 21 22:40:26 np0005625961.novalocal systemd[1]: session-c99.scope: Deactivated successfully.
Feb 21 22:40:26 np0005625961.novalocal sudo[108037]: cinder : PWD=/ ; USER=root ; COMMAND=/usr/bin/cinder-rootwrap /etc/cinder/rootwrap.conf env LC_ALL=C lvs --noheadings --unit=g -o vg_name,name,size --nosuffix --readonly cinder-volumes
Feb 21 22:40:26 np0005625961.novalocal systemd[1]: Started Session c100 of User root.
Feb 21 22:40:26 np0005625961.novalocal sudo[108037]: pam_unix(sudo:session): session opened for user root(uid=0) by (uid=165)
Feb 21 22:40:27 np0005625961.novalocal sudo[108037]: pam_unix(sudo:session): session closed for user root
Feb 21 22:40:27 np0005625961.novalocal systemd[1]: session-c100.scope: Deactivated successfully.
Feb 21 22:40:27 np0005625961.novalocal sudo[108041]: cinder : PWD=/ ; USER=root ; COMMAND=/usr/bin/cinder-rootwrap /etc/cinder/rootwrap.conf env LC_ALL=C lvs --noheadings --unit=g -o size,data_percent --separator : --nosuffix /dev/cinder-volumes/cinder-volumes-pool
Feb 21 22:40:27 np0005625961.novalocal systemd[1]: Started Session c101 of User root.
Feb 21 22:40:27 np0005625961.novalocal sudo[108041]: pam_unix(sudo:session): session opened for user root(uid=0) by (uid=165)
Feb 21 22:40:27 np0005625961.novalocal haproxy-metadata-proxy-ee4e1564-c707-4521-806f-c32c61dfc892[107422]: ::ffff:10.100.0.9:47396 [21/Feb/2026:22:40:26.154] listener listener/metadata 0/0/0/1118/1118 200 97 - - ---- 1/1/0/0/0 0/0 "GET /2009-04-04/meta-data/instance-id HTTP/1.1"
Feb 21 22:40:27 np0005625961.novalocal sudo[108041]: pam_unix(sudo:session): session closed for user root
Feb 21 22:40:27 np0005625961.novalocal systemd[1]: session-c101.scope: Deactivated successfully.
Feb 21 22:40:27 np0005625961.novalocal sudo[108045]: cinder : PWD=/ ; USER=root ; COMMAND=/usr/bin/cinder-rootwrap /etc/cinder/rootwrap.conf env LC_ALL=C lvs --noheadings --unit=g -o vg_name,name,size --nosuffix --readonly cinder-volumes
Feb 21 22:40:27 np0005625961.novalocal systemd[1]: Started Session c102 of User root.
Feb 21 22:40:27 np0005625961.novalocal sudo[108045]: pam_unix(sudo:session): session opened for user root(uid=0) by (uid=165)
Feb 21 22:40:27 np0005625961.novalocal container-server[98786]: ::1 - - [22/Feb/2026:03:40:27 +0000] "HEAD /3/196834/AUTH_e41560788c7b460fa374fdc94f22590f/glance" 204 - "HEAD http://[::1]:8080/v1/AUTH_e41560788c7b460fa374fdc94f22590f/glance" "tx462f97171a3a4a108f4c0-00699a7aab" "proxy-server 100219" 0.0011 "-" 98786 0
Feb 21 22:40:27 np0005625961.novalocal proxy-server[100219]: - - 22/Feb/2026/03/40/27 HEAD /v1/AUTH_e41560788c7b460fa374fdc94f22590f/glance HTTP/1.0 204 - Swift - - - - tx462f97171a3a4a108f4c0-00699a7aab - 0.0053 CS - 1771731627.640963793 1771731627.646301508 0 -
Feb 21 22:40:27 np0005625961.novalocal sudo[108045]: pam_unix(sudo:session): session closed for user root
Feb 21 22:40:27 np0005625961.novalocal systemd[1]: session-c102.scope: Deactivated successfully.
Feb 21 22:40:27 np0005625961.novalocal object-server[99152]: ::1 - - [22/Feb/2026:03:40:27 +0000] "GET /1/261553/AUTH_e41560788c7b460fa374fdc94f22590f/glance/b52fbd59-fea0-43cc-80b3-c8b38a81b978" 200 21430272 "GET https://[::1]:8080/v1/AUTH_e41560788c7b460fa374fdc94f22590f/glance/b52fbd59-fea0-43cc-80b3-c8b38a81b978" "tx462f97171a3a4a108f4c0-00699a7aab" "proxy-server 100219" 0.0010 "-" 99152 0
Feb 21 22:40:27 np0005625961.novalocal proxy-server[100219]: ::1 ::1 22/Feb/2026/03/40/27 GET /v1/AUTH_e41560788c7b460fa374fdc94f22590f/glance/b52fbd59-fea0-43cc-80b3-c8b38a81b978 HTTP/1.0 200 - python-swiftclient-4.8.0 gAAAAABpmnqr81-i... - 21430272 - tx462f97171a3a4a108f4c0-00699a7aab - 0.1833 - - 1771731627.640403986 1771731627.823678255 0 468454bbbd1346a89382bbdccc1c9f25
Feb 21 22:40:27 np0005625961.novalocal sudo[108072]: cinder : PWD=/ ; USER=root ; COMMAND=/usr/bin/cinder-rootwrap /etc/cinder/rootwrap.conf privsep-helper --config-file /usr/share/cinder/cinder-dist.conf --config-file /etc/cinder/cinder.conf --privsep_context cinder.privsep.sys_admin_pctxt --privsep_sock_path /tmp/tmpnhdpzhyu/privsep.sock
Feb 21 22:40:28 np0005625961.novalocal systemd[1]: Started Session c103 of User root.
Feb 21 22:40:28 np0005625961.novalocal sudo[108072]: pam_unix(sudo:session): session opened for user root(uid=0) by (uid=165)
Feb 21 22:40:28 np0005625961.novalocal object-reconstructor[98261]: Starting object reconstruction pass.
Feb 21 22:40:28 np0005625961.novalocal object-reconstructor[98261]: Nothing reconstructed for 0.00039386749267578125 seconds.
Feb 21 22:40:28 np0005625961.novalocal object-reconstructor[98261]: Object reconstruction complete. (0.00 minutes)
Feb 21 22:40:28 np0005625961.novalocal haproxy-metadata-proxy-ee4e1564-c707-4521-806f-c32c61dfc892[107422]: ::ffff:10.100.0.9:47400 [21/Feb/2026:22:40:27.354] listener listener/metadata 0/0/0/1025/1025 200 114 - - ---- 1/1/0/0/0 0/0 "GET /2009-04-04/meta-data/public-keys HTTP/1.1"
Feb 21 22:40:28 np0005625961.novalocal sudo[108072]: pam_unix(sudo:session): session closed for user root
Feb 21 22:40:28 np0005625961.novalocal sudo[108079]: cinder : PWD=/ ; USER=root ; COMMAND=/usr/bin/cinder-rootwrap /etc/cinder/rootwrap.conf env LC_ALL=C qemu-img info -f qcow2 --output=json /var/lib/cinder/conversion/image_fetch_b52fbd59-fea0-43cc-80b3-c8b38a81b978_flus6jd0np0005625961.novalocal@BACKEND_1
Feb 21 22:40:28 np0005625961.novalocal systemd[1]: Started Session c104 of User root.
Feb 21 22:40:28 np0005625961.novalocal sudo[108079]: pam_unix(sudo:session): session opened for user root(uid=0) by (uid=165)
Feb 21 22:40:29 np0005625961.novalocal sudo[108079]: pam_unix(sudo:session): session closed for user root
Feb 21 22:40:29 np0005625961.novalocal systemd[1]: session-c104.scope: Deactivated successfully.
Feb 21 22:40:29 np0005625961.novalocal sudo[108085]: cinder : PWD=/ ; USER=root ; COMMAND=/usr/bin/cinder-rootwrap /etc/cinder/rootwrap.conf env LC_ALL=C qemu-img info -f qcow2 --output=json /var/lib/cinder/conversion/image_fetch_b52fbd59-fea0-43cc-80b3-c8b38a81b978_flus6jd0np0005625961.novalocal@BACKEND_1
Feb 21 22:40:29 np0005625961.novalocal systemd[1]: Started Session c105 of User root.
Feb 21 22:40:29 np0005625961.novalocal sudo[108085]: pam_unix(sudo:session): session opened for user root(uid=0) by (uid=165)
Feb 21 22:40:29 np0005625961.novalocal object-auditor[107292]: Object audit (ZBF) "forever" mode completed: 4.30s. Total quarantined: 0, Total errors: 0, Total files/sec: 50.22, Total bytes/sec: 0.00, Auditing time: 4.26, Rate: 0.99
Feb 21 22:40:29 np0005625961.novalocal haproxy-metadata-proxy-ee4e1564-c707-4521-806f-c32c61dfc892[107422]: ::ffff:10.100.0.9:47402 [21/Feb/2026:22:40:28.437] listener listener/metadata 0/0/0/1021/1021 200 292 - - ---- 1/1/0/0/0 0/0 "GET /2009-04-04/meta-data/public-keys/0/openssh-key HTTP/1.1"
Feb 21 22:40:29 np0005625961.novalocal sudo[108085]: pam_unix(sudo:session): session closed for user root
Feb 21 22:40:29 np0005625961.novalocal systemd[1]: session-c105.scope: Deactivated successfully.
Feb 21 22:40:29 np0005625961.novalocal sudo[108092]: cinder : PWD=/ ; USER=root ; COMMAND=/usr/bin/cinder-rootwrap /etc/cinder/rootwrap.conf env LC_ALL=C lvcreate -T -V 1g -n volume-e37d5618-25ea-46d4-a32a-5ab2abd7486c cinder-volumes/cinder-volumes-pool
Feb 21 22:40:29 np0005625961.novalocal systemd[1]: Started Session c106 of User root.
Feb 21 22:40:29 np0005625961.novalocal sudo[108092]: pam_unix(sudo:session): session opened for user root(uid=0) by (uid=165)
Feb 21 22:40:29 np0005625961.novalocal dmeventd[96214]: No longer monitoring thin pool cinder--volumes-cinder--volumes--pool.
Feb 21 22:40:30 np0005625961.novalocal container-server[98785]: ::1 - - [22/Feb/2026:03:40:30 +0000] "HEAD /2/94227/AUTH_e41560788c7b460fa374fdc94f22590f/gnocchi.d42e8e9d-cd01-4db8-adbe-54b9fee0fe9b" 404 - "HEAD http://[::1]:8080/v1/AUTH_e41560788c7b460fa374fdc94f22590f/gnocchi.d42e8e9d-cd01-4db8-adbe-54b9fee0fe9b" "tx5798ba1d2e2145cd83f09-00699a7aae" "proxy-server 100218" 0.0005 "-" 98785 0
Feb 21 22:40:30 np0005625961.novalocal container-server[98785]: ::1 - - [22/Feb/2026:03:40:30 +0000] "HEAD /1/94227/AUTH_e41560788c7b460fa374fdc94f22590f/gnocchi.d42e8e9d-cd01-4db8-adbe-54b9fee0fe9b" 404 - "HEAD http://[::1]:8080/v1/AUTH_e41560788c7b460fa374fdc94f22590f/gnocchi.d42e8e9d-cd01-4db8-adbe-54b9fee0fe9b" "tx5798ba1d2e2145cd83f09-00699a7aae" "proxy-server 100218" 0.0003 "-" 98785 0
Feb 21 22:40:30 np0005625961.novalocal container-server[98785]: ::1 - - [22/Feb/2026:03:40:30 +0000] "HEAD /3/94227/AUTH_e41560788c7b460fa374fdc94f22590f/gnocchi.d42e8e9d-cd01-4db8-adbe-54b9fee0fe9b" 404 - "HEAD http://[::1]:8080/v1/AUTH_e41560788c7b460fa374fdc94f22590f/gnocchi.d42e8e9d-cd01-4db8-adbe-54b9fee0fe9b" "tx5798ba1d2e2145cd83f09-00699a7aae" "proxy-server 100218" 0.0006 "-" 98785 0
Feb 21 22:40:30 np0005625961.novalocal proxy-server[100218]: - - 22/Feb/2026/03/40/30 HEAD /v1/AUTH_e41560788c7b460fa374fdc94f22590f/gnocchi.d42e8e9d-cd01-4db8-adbe-54b9fee0fe9b HTTP/1.0 404 - Swift - - - - tx5798ba1d2e2145cd83f09-00699a7aae - 0.0092 CS - 1771731630.151321173 1771731630.160499811 0 -
Feb 21 22:40:30 np0005625961.novalocal object-server[99152]: ::1 - - [22/Feb/2026:03:40:30 +0000] "GET /2/105689/AUTH_e41560788c7b460fa374fdc94f22590f/gnocchi.d42e8e9d-cd01-4db8-adbe-54b9fee0fe9b/none_v3" 404 70 "GET https://[::1]:8080/v1/AUTH_e41560788c7b460fa374fdc94f22590f/gnocchi.d42e8e9d-cd01-4db8-adbe-54b9fee0fe9b/none_v3" "tx5798ba1d2e2145cd83f09-00699a7aae" "proxy-server 100218" 0.0004 "-" 99152 0
Feb 21 22:40:30 np0005625961.novalocal object-server[99152]: ::1 - - [22/Feb/2026:03:40:30 +0000] "GET /3/105689/AUTH_e41560788c7b460fa374fdc94f22590f/gnocchi.d42e8e9d-cd01-4db8-adbe-54b9fee0fe9b/none_v3" 404 70 "GET https://[::1]:8080/v1/AUTH_e41560788c7b460fa374fdc94f22590f/gnocchi.d42e8e9d-cd01-4db8-adbe-54b9fee0fe9b/none_v3" "tx5798ba1d2e2145cd83f09-00699a7aae" "proxy-server 100218" 0.0003 "-" 99152 0
Feb 21 22:40:30 np0005625961.novalocal object-server[99152]: ::1 - - [22/Feb/2026:03:40:30 +0000] "GET /1/105689/AUTH_e41560788c7b460fa374fdc94f22590f/gnocchi.d42e8e9d-cd01-4db8-adbe-54b9fee0fe9b/none_v3" 404 70 "GET https://[::1]:8080/v1/AUTH_e41560788c7b460fa374fdc94f22590f/gnocchi.d42e8e9d-cd01-4db8-adbe-54b9fee0fe9b/none_v3" "tx5798ba1d2e2145cd83f09-00699a7aae" "proxy-server 100218" 0.0003 "-" 99152 0
Feb 21 22:40:30 np0005625961.novalocal proxy-server[100218]: ::1 ::1 22/Feb/2026/03/40/30 GET /v1/AUTH_e41560788c7b460fa374fdc94f22590f/gnocchi.d42e8e9d-cd01-4db8-adbe-54b9fee0fe9b/none_v3 HTTP/1.0 404 - python-swiftclient-4.8.0 gAAAAABpmnpRlsm9... - 70 - tx5798ba1d2e2145cd83f09-00699a7aae - 0.0223 - - 1771731630.150137424 1771731630.172430992 0 17d6eceedce248e7bcac4363c7b2aeaa
Feb 21 22:40:30 np0005625961.novalocal account-server[98425]: ::1 - - [22/Feb/2026:03:40:30 +0000] "PUT /2/161627/AUTH_e41560788c7b460fa374fdc94f22590f/gnocchi.d42e8e9d-cd01-4db8-adbe-54b9fee0fe9b" 201 - "PUT http://[::1]:6001/3/94227/AUTH_e41560788c7b460fa374fdc94f22590f/gnocchi.d42e8e9d-cd01-4db8-adbe-54b9fee0fe9b" "tx732f83b8499e4d2ca96ea-00699a7aae" "container-server 98785" 0.0058 "-" 98425 0
Feb 21 22:40:30 np0005625961.novalocal account-server[98426]: ::1 - - [22/Feb/2026:03:40:30 +0000] "PUT /3/161627/AUTH_e41560788c7b460fa374fdc94f22590f/gnocchi.d42e8e9d-cd01-4db8-adbe-54b9fee0fe9b" 201 - "PUT http://[::1]:6001/1/94227/AUTH_e41560788c7b460fa374fdc94f22590f/gnocchi.d42e8e9d-cd01-4db8-adbe-54b9fee0fe9b" "tx732f83b8499e4d2ca96ea-00699a7aae" "container-server 98786" 0.0055 "-" 98426 0
Feb 21 22:40:30 np0005625961.novalocal container-server[98785]: ::1 - - [22/Feb/2026:03:40:30 +0000] "PUT /3/94227/AUTH_e41560788c7b460fa374fdc94f22590f/gnocchi.d42e8e9d-cd01-4db8-adbe-54b9fee0fe9b" 201 - "PUT https://[::1]:8080/v1/AUTH_e41560788c7b460fa374fdc94f22590f/gnocchi.d42e8e9d-cd01-4db8-adbe-54b9fee0fe9b" "tx732f83b8499e4d2ca96ea-00699a7aae" "proxy-server 100218" 0.0188 "-" 98785 0
Feb 21 22:40:30 np0005625961.novalocal container-server[98786]: ::1 - - [22/Feb/2026:03:40:30 +0000] "PUT /1/94227/AUTH_e41560788c7b460fa374fdc94f22590f/gnocchi.d42e8e9d-cd01-4db8-adbe-54b9fee0fe9b" 201 - "PUT https://[::1]:8080/v1/AUTH_e41560788c7b460fa374fdc94f22590f/gnocchi.d42e8e9d-cd01-4db8-adbe-54b9fee0fe9b" "tx732f83b8499e4d2ca96ea-00699a7aae" "proxy-server 100218" 0.0236 "-" 98786 0
Feb 21 22:40:30 np0005625961.novalocal account-server[98425]: ::1 - - [22/Feb/2026:03:40:30 +0000] "PUT /1/161627/AUTH_e41560788c7b460fa374fdc94f22590f/gnocchi.d42e8e9d-cd01-4db8-adbe-54b9fee0fe9b" 201 - "PUT http://[::1]:6001/2/94227/AUTH_e41560788c7b460fa374fdc94f22590f/gnocchi.d42e8e9d-cd01-4db8-adbe-54b9fee0fe9b" "tx732f83b8499e4d2ca96ea-00699a7aae" "container-server 98786" 0.0047 "-" 98425 0
Feb 21 22:40:30 np0005625961.novalocal container-server[98786]: ::1 - - [22/Feb/2026:03:40:30 +0000] "PUT /2/94227/AUTH_e41560788c7b460fa374fdc94f22590f/gnocchi.d42e8e9d-cd01-4db8-adbe-54b9fee0fe9b" 201 - "PUT https://[::1]:8080/v1/AUTH_e41560788c7b460fa374fdc94f22590f/gnocchi.d42e8e9d-cd01-4db8-adbe-54b9fee0fe9b" "tx732f83b8499e4d2ca96ea-00699a7aae" "proxy-server 100218" 0.0190 "-" 98786 0
Feb 21 22:40:30 np0005625961.novalocal proxy-server[100218]: ::1 ::1 22/Feb/2026/03/40/30 PUT /v1/AUTH_e41560788c7b460fa374fdc94f22590f/gnocchi.d42e8e9d-cd01-4db8-adbe-54b9fee0fe9b HTTP/1.0 201 - python-swiftclient-4.8.0 gAAAAABpmnpRlsm9... - - - tx732f83b8499e4d2ca96ea-00699a7aae - 0.0383 - - 1771731630.175448418 1771731630.213773727 0 17d6eceedce248e7bcac4363c7b2aeaa
Feb 21 22:40:30 np0005625961.novalocal container-server[98786]: ::1 - - [22/Feb/2026:03:40:30 +0000] "HEAD /1/94227/AUTH_e41560788c7b460fa374fdc94f22590f/gnocchi.d42e8e9d-cd01-4db8-adbe-54b9fee0fe9b" 204 - "HEAD http://[::1]:8080/v1/AUTH_e41560788c7b460fa374fdc94f22590f/gnocchi.d42e8e9d-cd01-4db8-adbe-54b9fee0fe9b" "tx186639b61f9044f18ac7c-00699a7aae" "proxy-server 100218" 0.0018 "-" 98786 0
Feb 21 22:40:30 np0005625961.novalocal proxy-server[100218]: - - 22/Feb/2026/03/40/30 HEAD /v1/AUTH_e41560788c7b460fa374fdc94f22590f/gnocchi.d42e8e9d-cd01-4db8-adbe-54b9fee0fe9b HTTP/1.0 204 - Swift - - - - tx186639b61f9044f18ac7c-00699a7aae - 0.0071 CS - 1771731630.219207525 1771731630.226302385 0 -
Feb 21 22:40:30 np0005625961.novalocal container-server[98785]: ::1 - - [22/Feb/2026:03:40:30 +0000] "GET /3/94227/AUTH_e41560788c7b460fa374fdc94f22590f/gnocchi.d42e8e9d-cd01-4db8-adbe-54b9fee0fe9b" 200 2 "GET https://[::1]:8080/v1/AUTH_e41560788c7b460fa374fdc94f22590f/gnocchi.d42e8e9d-cd01-4db8-adbe-54b9fee0fe9b?format=json&states=listing" "tx186639b61f9044f18ac7c-00699a7aae" "proxy-server 100218" 0.0037 "-" 98785 0
Feb 21 22:40:30 np0005625961.novalocal proxy-server[100218]: ::1 ::1 22/Feb/2026/03/40/30 GET /v1/AUTH_e41560788c7b460fa374fdc94f22590f/gnocchi.d42e8e9d-cd01-4db8-adbe-54b9fee0fe9b%3Fformat%3Djson%26states%3Dlisting HTTP/1.0 200 - python-swiftclient-4.8.0 gAAAAABpmnpRlsm9... - 2 - tx186639b61f9044f18ac7c-00699a7aae - 0.0211 - - 1771731630.218331814 1771731630.239384890 0 17d6eceedce248e7bcac4363c7b2aeaa
Feb 21 22:40:30 np0005625961.novalocal object-server[99151]: ::1 - - [22/Feb/2026:03:40:30 +0000] "GET /3/116752/AUTH_e41560788c7b460fa374fdc94f22590f/gnocchi.d42e8e9d-cd01-4db8-adbe-54b9fee0fe9b/1771200000.0_mean_300.0_v3" 404 70 "GET https://[::1]:8080/v1/AUTH_e41560788c7b460fa374fdc94f22590f/gnocchi.d42e8e9d-cd01-4db8-adbe-54b9fee0fe9b/1771200000.0_mean_300.0_v3" "tx479b1cbb67a5496b90f4f-00699a7aae" "proxy-server 100218" 0.0007 "-" 99151 0
Feb 21 22:40:30 np0005625961.novalocal object-server[99152]: ::1 - - [22/Feb/2026:03:40:30 +0000] "GET /2/116752/AUTH_e41560788c7b460fa374fdc94f22590f/gnocchi.d42e8e9d-cd01-4db8-adbe-54b9fee0fe9b/1771200000.0_mean_300.0_v3" 404 70 "GET https://[::1]:8080/v1/AUTH_e41560788c7b460fa374fdc94f22590f/gnocchi.d42e8e9d-cd01-4db8-adbe-54b9fee0fe9b/1771200000.0_mean_300.0_v3" "tx479b1cbb67a5496b90f4f-00699a7aae" "proxy-server 100218" 0.0004 "-" 99152 0
Feb 21 22:40:30 np0005625961.novalocal object-server[99151]: ::1 - - [22/Feb/2026:03:40:30 +0000] "GET /1/116752/AUTH_e41560788c7b460fa374fdc94f22590f/gnocchi.d42e8e9d-cd01-4db8-adbe-54b9fee0fe9b/1771200000.0_mean_300.0_v3" 404 70 "GET https://[::1]:8080/v1/AUTH_e41560788c7b460fa374fdc94f22590f/gnocchi.d42e8e9d-cd01-4db8-adbe-54b9fee0fe9b/1771200000.0_mean_300.0_v3" "tx479b1cbb67a5496b90f4f-00699a7aae" "proxy-server 100218" 0.0004 "-" 99151 0
Feb 21 22:40:30 np0005625961.novalocal proxy-server[100218]: ::1 ::1 22/Feb/2026/03/40/30 GET /v1/AUTH_e41560788c7b460fa374fdc94f22590f/gnocchi.d42e8e9d-cd01-4db8-adbe-54b9fee0fe9b/1771200000.0_mean_300.0_v3 HTTP/1.0 404 - python-swiftclient-4.8.0 gAAAAABpmnpRlsm9... - 70 - tx479b1cbb67a5496b90f4f-00699a7aae - 0.0151 - - 1771731630.243512869 1771731630.258603811 0 17d6eceedce248e7bcac4363c7b2aeaa
Feb 21 22:40:30 np0005625961.novalocal container-server[98786]: ::1 - - [22/Feb/2026:03:40:30 +0000] "PUT /3/94227/AUTH_e41560788c7b460fa374fdc94f22590f/gnocchi.d42e8e9d-cd01-4db8-adbe-54b9fee0fe9b/1771200000.0_mean_300.0_v3" 201 - "PUT http://[::1]:8080/3/116752/AUTH_e41560788c7b460fa374fdc94f22590f/gnocchi.d42e8e9d-cd01-4db8-adbe-54b9fee0fe9b/1771200000.0_mean_300.0_v3" "txbc46fe357c7743898c25a-00699a7aae" "object-server 99152" 0.0008 "-" 98786 0
Feb 21 22:40:30 np0005625961.novalocal object-server[99152]: ::1 - - [22/Feb/2026:03:40:30 +0000] "PUT /3/116752/AUTH_e41560788c7b460fa374fdc94f22590f/gnocchi.d42e8e9d-cd01-4db8-adbe-54b9fee0fe9b/1771200000.0_mean_300.0_v3" 201 - "PUT https://[::1]:8080/v1/AUTH_e41560788c7b460fa374fdc94f22590f/gnocchi.d42e8e9d-cd01-4db8-adbe-54b9fee0fe9b/1771200000.0_mean_300.0_v3" "txbc46fe357c7743898c25a-00699a7aae" "proxy-server 100218" 0.0147 "-" 99152 0
Feb 21 22:40:30 np0005625961.novalocal container-server[98785]: ::1 - - [22/Feb/2026:03:40:30 +0000] "PUT /1/94227/AUTH_e41560788c7b460fa374fdc94f22590f/gnocchi.d42e8e9d-cd01-4db8-adbe-54b9fee0fe9b/1771200000.0_mean_300.0_v3" 201 - "PUT http://[::1]:8080/2/116752/AUTH_e41560788c7b460fa374fdc94f22590f/gnocchi.d42e8e9d-cd01-4db8-adbe-54b9fee0fe9b/1771200000.0_mean_300.0_v3" "txbc46fe357c7743898c25a-00699a7aae" "object-server 99151" 0.0009 "-" 98785 0
Feb 21 22:40:30 np0005625961.novalocal container-server[98786]: ::1 - - [22/Feb/2026:03:40:30 +0000] "PUT /2/94227/AUTH_e41560788c7b460fa374fdc94f22590f/gnocchi.d42e8e9d-cd01-4db8-adbe-54b9fee0fe9b/1771200000.0_mean_300.0_v3" 201 - "PUT http://[::1]:8080/1/116752/AUTH_e41560788c7b460fa374fdc94f22590f/gnocchi.d42e8e9d-cd01-4db8-adbe-54b9fee0fe9b/1771200000.0_mean_300.0_v3" "txbc46fe357c7743898c25a-00699a7aae" "object-server 99151" 0.0008 "-" 98786 0
Feb 21 22:40:30 np0005625961.novalocal object-server[99151]: ::1 - - [22/Feb/2026:03:40:30 +0000] "PUT /2/116752/AUTH_e41560788c7b460fa374fdc94f22590f/gnocchi.d42e8e9d-cd01-4db8-adbe-54b9fee0fe9b/1771200000.0_mean_300.0_v3" 201 - "PUT https://[::1]:8080/v1/AUTH_e41560788c7b460fa374fdc94f22590f/gnocchi.d42e8e9d-cd01-4db8-adbe-54b9fee0fe9b/1771200000.0_mean_300.0_v3" "txbc46fe357c7743898c25a-00699a7aae" "proxy-server 100218" 0.0170 "-" 99151 0
Feb 21 22:40:30 np0005625961.novalocal object-server[99151]: ::1 - - [22/Feb/2026:03:40:30 +0000] "PUT /1/116752/AUTH_e41560788c7b460fa374fdc94f22590f/gnocchi.d42e8e9d-cd01-4db8-adbe-54b9fee0fe9b/1771200000.0_mean_300.0_v3" 201 - "PUT https://[::1]:8080/v1/AUTH_e41560788c7b460fa374fdc94f22590f/gnocchi.d42e8e9d-cd01-4db8-adbe-54b9fee0fe9b/1771200000.0_mean_300.0_v3" "txbc46fe357c7743898c25a-00699a7aae" "proxy-server 100218" 0.0162 "-" 99151 0
Feb 21 22:40:30 np0005625961.novalocal proxy-server[100218]: ::1 ::1 22/Feb/2026/03/40/30 PUT /v1/AUTH_e41560788c7b460fa374fdc94f22590f/gnocchi.d42e8e9d-cd01-4db8-adbe-54b9fee0fe9b/1771200000.0_mean_300.0_v3 HTTP/1.0 201 - python-swiftclient-4.8.0 gAAAAABpmnpRlsm9... 16 - - txbc46fe357c7743898c25a-00699a7aae - 0.0281 - - 1771731630.261960745 1771731630.290102959 0 17d6eceedce248e7bcac4363c7b2aeaa
Feb 21 22:40:30 np0005625961.novalocal account-server[98425]: ::1 - - [22/Feb/2026:03:40:30 +0000] "HEAD /3/249817/.misplaced_objects" 404 - "HEAD http://localhost/v1/.misplaced_objects?format=json" "tx11e74d43138642d1a7037-00699a7aae" "Swift Container Reconciler" 0.0004 "-" 98425 -
Feb 21 22:40:30 np0005625961.novalocal container-server[98785]: ::1 - - [22/Feb/2026:03:40:30 +0000] "PUT /1/94227/AUTH_e41560788c7b460fa374fdc94f22590f/gnocchi.d42e8e9d-cd01-4db8-adbe-54b9fee0fe9b/none_v3" 201 - "PUT http://[::1]:8080/3/105689/AUTH_e41560788c7b460fa374fdc94f22590f/gnocchi.d42e8e9d-cd01-4db8-adbe-54b9fee0fe9b/none_v3" "tx62b5c582e8b44156aed3d-00699a7aae" "object-server 99151" 0.0008 "-" 98785 0
Feb 21 22:40:30 np0005625961.novalocal object-server[99151]: ::1 - - [22/Feb/2026:03:40:30 +0000] "PUT /3/105689/AUTH_e41560788c7b460fa374fdc94f22590f/gnocchi.d42e8e9d-cd01-4db8-adbe-54b9fee0fe9b/none_v3" 201 - "PUT https://[::1]:8080/v1/AUTH_e41560788c7b460fa374fdc94f22590f/gnocchi.d42e8e9d-cd01-4db8-adbe-54b9fee0fe9b/none_v3" "tx62b5c582e8b44156aed3d-00699a7aae" "proxy-server 100218" 0.0143 "-" 99151 0
Feb 21 22:40:30 np0005625961.novalocal account-server[98425]: ::1 - - [22/Feb/2026:03:40:30 +0000] "HEAD /2/249817/.misplaced_objects" 404 - "HEAD http://localhost/v1/.misplaced_objects?format=json" "tx11e74d43138642d1a7037-00699a7aae" "Swift Container Reconciler" 0.0003 "-" 98425 -
Feb 21 22:40:30 np0005625961.novalocal container-server[98786]: ::1 - - [22/Feb/2026:03:40:30 +0000] "PUT /3/94227/AUTH_e41560788c7b460fa374fdc94f22590f/gnocchi.d42e8e9d-cd01-4db8-adbe-54b9fee0fe9b/none_v3" 201 - "PUT http://[::1]:8080/2/105689/AUTH_e41560788c7b460fa374fdc94f22590f/gnocchi.d42e8e9d-cd01-4db8-adbe-54b9fee0fe9b/none_v3" "tx62b5c582e8b44156aed3d-00699a7aae" "object-server 99152" 0.0008 "-" 98786 0
Feb 21 22:40:30 np0005625961.novalocal container-server[98785]: ::1 - - [22/Feb/2026:03:40:30 +0000] "PUT /2/94227/AUTH_e41560788c7b460fa374fdc94f22590f/gnocchi.d42e8e9d-cd01-4db8-adbe-54b9fee0fe9b/none_v3" 201 - "PUT http://[::1]:8080/1/105689/AUTH_e41560788c7b460fa374fdc94f22590f/gnocchi.d42e8e9d-cd01-4db8-adbe-54b9fee0fe9b/none_v3" "tx62b5c582e8b44156aed3d-00699a7aae" "object-server 99152" 0.0012 "-" 98785 0
Feb 21 22:40:30 np0005625961.novalocal account-server[98425]: ::1 - - [22/Feb/2026:03:40:30 +0000] "HEAD /1/249817/.misplaced_objects" 404 - "HEAD http://localhost/v1/.misplaced_objects?format=json" "tx11e74d43138642d1a7037-00699a7aae" "Swift Container Reconciler" 0.0003 "-" 98425 -
Feb 21 22:40:30 np0005625961.novalocal object-server[99152]: ::1 - - [22/Feb/2026:03:40:30 +0000] "PUT /2/105689/AUTH_e41560788c7b460fa374fdc94f22590f/gnocchi.d42e8e9d-cd01-4db8-adbe-54b9fee0fe9b/none_v3" 201 - "PUT https://[::1]:8080/v1/AUTH_e41560788c7b460fa374fdc94f22590f/gnocchi.d42e8e9d-cd01-4db8-adbe-54b9fee0fe9b/none_v3" "tx62b5c582e8b44156aed3d-00699a7aae" "proxy-server 100218" 0.0150 "-" 99152 0
Feb 21 22:40:30 np0005625961.novalocal container-reconciler-ic[93952]: - - 22/Feb/2026/03/40/30 HEAD /v1/.misplaced_objects%3Fformat%3Djson HTTP/1.0 404 - Swift - - - - tx11e74d43138642d1a7037-00699a7aae - 0.0094 GET_ACCOUNT_INFO - 1771731630.312027216 1771731630.321446896 - -
Feb 21 22:40:30 np0005625961.novalocal object-server[99152]: ::1 - - [22/Feb/2026:03:40:30 +0000] "PUT /1/105689/AUTH_e41560788c7b460fa374fdc94f22590f/gnocchi.d42e8e9d-cd01-4db8-adbe-54b9fee0fe9b/none_v3" 201 - "PUT https://[::1]:8080/v1/AUTH_e41560788c7b460fa374fdc94f22590f/gnocchi.d42e8e9d-cd01-4db8-adbe-54b9fee0fe9b/none_v3" "tx62b5c582e8b44156aed3d-00699a7aae" "proxy-server 100218" 0.0197 "-" 99152 0
Feb 21 22:40:30 np0005625961.novalocal proxy-server[100218]: ::1 ::1 22/Feb/2026/03/40/30 PUT /v1/AUTH_e41560788c7b460fa374fdc94f22590f/gnocchi.d42e8e9d-cd01-4db8-adbe-54b9fee0fe9b/none_v3 HTTP/1.0 201 - python-swiftclient-4.8.0 gAAAAABpmnpRlsm9... 22 - - tx62b5c582e8b44156aed3d-00699a7aae - 0.0300 - - 1771731630.293139935 1771731630.323154211 0 17d6eceedce248e7bcac4363c7b2aeaa
Feb 21 22:40:30 np0005625961.novalocal container-server[98785]: ::1 - - [22/Feb/2026:03:40:30 +0000] "GET /2/34018/.misplaced_objects/1771729200" 404 - "GET http://localhost/v1/.misplaced_objects/1771729200?format=json&marker=&end_marker=&prefix=&states=listing" "tx11e74d43138642d1a7037-00699a7aae" "Swift Container Reconciler" 0.0005 "-" 98785 0
Feb 21 22:40:30 np0005625961.novalocal container-server[98785]: ::1 - - [22/Feb/2026:03:40:30 +0000] "GET /1/34018/.misplaced_objects/1771729200" 404 - "GET http://localhost/v1/.misplaced_objects/1771729200?format=json&marker=&end_marker=&prefix=&states=listing" "tx11e74d43138642d1a7037-00699a7aae" "Swift Container Reconciler" 0.0005 "-" 98785 0
Feb 21 22:40:30 np0005625961.novalocal container-server[98786]: ::1 - - [22/Feb/2026:03:40:30 +0000] "GET /3/34018/.misplaced_objects/1771729200" 404 - "GET http://localhost/v1/.misplaced_objects/1771729200?format=json&marker=&end_marker=&prefix=&states=listing" "tx11e74d43138642d1a7037-00699a7aae" "Swift Container Reconciler" 0.0004 "-" 98786 0
Feb 21 22:40:30 np0005625961.novalocal container-reconciler-ic[93952]: - - 22/Feb/2026/03/40/30 GET /v1/.misplaced_objects/1771729200%3Fformat%3Djson%26marker%3D%26end_marker%3D%26prefix%3D%26states%3Dlisting HTTP/1.0 404 - Swift%20Container%20Reconciler - - 70 - tx11e74d43138642d1a7037-00699a7aae - 0.0221 - - 1771731630.311012745 1771731630.333122492 0 -
Feb 21 22:40:30 np0005625961.novalocal account-server[98425]: ::1 - - [22/Feb/2026:03:40:30 +0000] "GET /3/249817/.misplaced_objects" 404 - "GET http://localhost/v1/.misplaced_objects?format=json&marker=&end_marker=&prefix=" "tx089b586c3376412fb46d0-00699a7aae" "Swift Container Reconciler" 0.0004 "-" 98425 -
Feb 21 22:40:30 np0005625961.novalocal account-server[98426]: ::1 - - [22/Feb/2026:03:40:30 +0000] "GET /1/249817/.misplaced_objects" 404 - "GET http://localhost/v1/.misplaced_objects?format=json&marker=&end_marker=&prefix=" "tx089b586c3376412fb46d0-00699a7aae" "Swift Container Reconciler" 0.0004 "-" 98426 -
Feb 21 22:40:30 np0005625961.novalocal account-server[98425]: ::1 - - [22/Feb/2026:03:40:30 +0000] "GET /2/249817/.misplaced_objects" 404 - "GET http://localhost/v1/.misplaced_objects?format=json&marker=&end_marker=&prefix=" "tx089b586c3376412fb46d0-00699a7aae" "Swift Container Reconciler" 0.0003 "-" 98425 -
Feb 21 22:40:30 np0005625961.novalocal container-reconciler-ic[93952]: - - 22/Feb/2026/03/40/30 GET /v1/.misplaced_objects%3Fformat%3Djson%26marker%3D%26end_marker%3D%26prefix%3D HTTP/1.0 404 - Swift%20Container%20Reconciler - - - - tx089b586c3376412fb46d0-00699a7aae - 0.0106 - - 1771731630.333991528 1771731630.344618559 - -
Feb 21 22:40:30 np0005625961.novalocal container-reconciler[93952]: Reconciler Stats: {}
Feb 21 22:40:30 np0005625961.novalocal container-reconciler[93952]: sleeping between intervals (30.0s)
Feb 21 22:40:30 np0005625961.novalocal container-server[98786]: ::1 - - [22/Feb/2026:03:40:30 +0000] "HEAD /2/1237/AUTH_e41560788c7b460fa374fdc94f22590f/gnocchi.e93fcefc-8548-47bf-9fc2-03fda1467d40" 404 - "HEAD http://[::1]:8080/v1/AUTH_e41560788c7b460fa374fdc94f22590f/gnocchi.e93fcefc-8548-47bf-9fc2-03fda1467d40" "tx7362f39a72db4db6bd946-00699a7aae" "proxy-server 100218" 0.0008 "-" 98786 0
Feb 21 22:40:30 np0005625961.novalocal container-server[98785]: ::1 - - [22/Feb/2026:03:40:30 +0000] "HEAD /1/1237/AUTH_e41560788c7b460fa374fdc94f22590f/gnocchi.e93fcefc-8548-47bf-9fc2-03fda1467d40" 404 - "HEAD http://[::1]:8080/v1/AUTH_e41560788c7b460fa374fdc94f22590f/gnocchi.e93fcefc-8548-47bf-9fc2-03fda1467d40" "tx7362f39a72db4db6bd946-00699a7aae" "proxy-server 100218" 0.0004 "-" 98785 0
Feb 21 22:40:30 np0005625961.novalocal container-server[98786]: ::1 - - [22/Feb/2026:03:40:30 +0000] "HEAD /3/1237/AUTH_e41560788c7b460fa374fdc94f22590f/gnocchi.e93fcefc-8548-47bf-9fc2-03fda1467d40" 404 - "HEAD http://[::1]:8080/v1/AUTH_e41560788c7b460fa374fdc94f22590f/gnocchi.e93fcefc-8548-47bf-9fc2-03fda1467d40" "tx7362f39a72db4db6bd946-00699a7aae" "proxy-server 100218" 0.0003 "-" 98786 0
Feb 21 22:40:30 np0005625961.novalocal proxy-server[100218]: - - 22/Feb/2026/03/40/30 HEAD /v1/AUTH_e41560788c7b460fa374fdc94f22590f/gnocchi.e93fcefc-8548-47bf-9fc2-03fda1467d40 HTTP/1.0 404 - Swift - - - - tx7362f39a72db4db6bd946-00699a7aae - 0.0131 CS - 1771731630.385302782 1771731630.398361444 0 -
Feb 21 22:40:30 np0005625961.novalocal object-server[99151]: ::1 - - [22/Feb/2026:03:40:30 +0000] "GET /3/25701/AUTH_e41560788c7b460fa374fdc94f22590f/gnocchi.e93fcefc-8548-47bf-9fc2-03fda1467d40/none_v3" 404 70 "GET https://[::1]:8080/v1/AUTH_e41560788c7b460fa374fdc94f22590f/gnocchi.e93fcefc-8548-47bf-9fc2-03fda1467d40/none_v3" "tx7362f39a72db4db6bd946-00699a7aae" "proxy-server 100218" 0.0006 "-" 99151 0
Feb 21 22:40:30 np0005625961.novalocal object-server[99152]: ::1 - - [22/Feb/2026:03:40:30 +0000] "GET /1/25701/AUTH_e41560788c7b460fa374fdc94f22590f/gnocchi.e93fcefc-8548-47bf-9fc2-03fda1467d40/none_v3" 404 70 "GET https://[::1]:8080/v1/AUTH_e41560788c7b460fa374fdc94f22590f/gnocchi.e93fcefc-8548-47bf-9fc2-03fda1467d40/none_v3" "tx7362f39a72db4db6bd946-00699a7aae" "proxy-server 100218" 0.0005 "-" 99152 0
Feb 21 22:40:30 np0005625961.novalocal object-server[99152]: ::1 - - [22/Feb/2026:03:40:30 +0000] "GET /2/25701/AUTH_e41560788c7b460fa374fdc94f22590f/gnocchi.e93fcefc-8548-47bf-9fc2-03fda1467d40/none_v3" 404 70 "GET https://[::1]:8080/v1/AUTH_e41560788c7b460fa374fdc94f22590f/gnocchi.e93fcefc-8548-47bf-9fc2-03fda1467d40/none_v3" "tx7362f39a72db4db6bd946-00699a7aae" "proxy-server 100218" 0.0005 "-" 99152 0
Feb 21 22:40:30 np0005625961.novalocal proxy-server[100218]: ::1 ::1 22/Feb/2026/03/40/30 GET /v1/AUTH_e41560788c7b460fa374fdc94f22590f/gnocchi.e93fcefc-8548-47bf-9fc2-03fda1467d40/none_v3 HTTP/1.0 404 - python-swiftclient-4.8.0 gAAAAABpmnpRlsm9... - 70 - tx7362f39a72db4db6bd946-00699a7aae - 0.0366 - - 1771731630.384587526 1771731630.421210766 0 17d6eceedce248e7bcac4363c7b2aeaa
Feb 21 22:40:30 np0005625961.novalocal account-server[98426]: ::1 - - [22/Feb/2026:03:40:30 +0000] "PUT /3/161627/AUTH_e41560788c7b460fa374fdc94f22590f/gnocchi.e93fcefc-8548-47bf-9fc2-03fda1467d40" 201 - "PUT http://[::1]:6001/3/1237/AUTH_e41560788c7b460fa374fdc94f22590f/gnocchi.e93fcefc-8548-47bf-9fc2-03fda1467d40" "tx5ea76e7a38204476b4aeb-00699a7aae" "container-server 98785" 0.0037 "-" 98426 0
Feb 21 22:40:30 np0005625961.novalocal container-server[98785]: ::1 - - [22/Feb/2026:03:40:30 +0000] "PUT /3/1237/AUTH_e41560788c7b460fa374fdc94f22590f/gnocchi.e93fcefc-8548-47bf-9fc2-03fda1467d40" 201 - "PUT https://[::1]:8080/v1/AUTH_e41560788c7b460fa374fdc94f22590f/gnocchi.e93fcefc-8548-47bf-9fc2-03fda1467d40" "tx5ea76e7a38204476b4aeb-00699a7aae" "proxy-server 100218" 0.0253 "-" 98785 0
Feb 21 22:40:30 np0005625961.novalocal account-server[98425]: ::1 - - [22/Feb/2026:03:40:30 +0000] "PUT /1/161627/AUTH_e41560788c7b460fa374fdc94f22590f/gnocchi.e93fcefc-8548-47bf-9fc2-03fda1467d40" 201 - "PUT http://[::1]:6001/2/1237/AUTH_e41560788c7b460fa374fdc94f22590f/gnocchi.e93fcefc-8548-47bf-9fc2-03fda1467d40" "tx5ea76e7a38204476b4aeb-00699a7aae" "container-server 98785" 0.0038 "-" 98425 0
Feb 21 22:40:30 np0005625961.novalocal container-server[98785]: ::1 - - [22/Feb/2026:03:40:30 +0000] "PUT /2/1237/AUTH_e41560788c7b460fa374fdc94f22590f/gnocchi.e93fcefc-8548-47bf-9fc2-03fda1467d40" 201 - "PUT https://[::1]:8080/v1/AUTH_e41560788c7b460fa374fdc94f22590f/gnocchi.e93fcefc-8548-47bf-9fc2-03fda1467d40" "tx5ea76e7a38204476b4aeb-00699a7aae" "proxy-server 100218" 0.0127 "-" 98785 0
Feb 21 22:40:30 np0005625961.novalocal account-server[98426]: ::1 - - [22/Feb/2026:03:40:30 +0000] "PUT /2/161627/AUTH_e41560788c7b460fa374fdc94f22590f/gnocchi.e93fcefc-8548-47bf-9fc2-03fda1467d40" 201 - "PUT http://[::1]:6001/1/1237/AUTH_e41560788c7b460fa374fdc94f22590f/gnocchi.e93fcefc-8548-47bf-9fc2-03fda1467d40" "tx5ea76e7a38204476b4aeb-00699a7aae" "container-server 98785" 0.0046 "-" 98426 0
Feb 21 22:40:30 np0005625961.novalocal container-server[98785]: ::1 - - [22/Feb/2026:03:40:30 +0000] "PUT /1/1237/AUTH_e41560788c7b460fa374fdc94f22590f/gnocchi.e93fcefc-8548-47bf-9fc2-03fda1467d40" 201 - "PUT https://[::1]:8080/v1/AUTH_e41560788c7b460fa374fdc94f22590f/gnocchi.e93fcefc-8548-47bf-9fc2-03fda1467d40" "tx5ea76e7a38204476b4aeb-00699a7aae" "proxy-server 100218" 0.0216 "-" 98785 0
Feb 21 22:40:30 np0005625961.novalocal proxy-server[100218]: ::1 ::1 22/Feb/2026/03/40/30 PUT /v1/AUTH_e41560788c7b460fa374fdc94f22590f/gnocchi.e93fcefc-8548-47bf-9fc2-03fda1467d40 HTTP/1.0 201 - python-swiftclient-4.8.0 gAAAAABpmnpRlsm9... - - - tx5ea76e7a38204476b4aeb-00699a7aae - 0.0428 - - 1771731630.425906420 1771731630.468664885 0 17d6eceedce248e7bcac4363c7b2aeaa
Feb 21 22:40:30 np0005625961.novalocal container-server[98786]: ::1 - - [22/Feb/2026:03:40:30 +0000] "HEAD /1/1237/AUTH_e41560788c7b460fa374fdc94f22590f/gnocchi.e93fcefc-8548-47bf-9fc2-03fda1467d40" 204 - "HEAD http://[::1]:8080/v1/AUTH_e41560788c7b460fa374fdc94f22590f/gnocchi.e93fcefc-8548-47bf-9fc2-03fda1467d40" "txd4f5a00fb0954aea94bed-00699a7aae" "proxy-server 100218" 0.0015 "-" 98786 0
Feb 21 22:40:30 np0005625961.novalocal proxy-server[100218]: - - 22/Feb/2026/03/40/30 HEAD /v1/AUTH_e41560788c7b460fa374fdc94f22590f/gnocchi.e93fcefc-8548-47bf-9fc2-03fda1467d40 HTTP/1.0 204 - Swift - - - - txd4f5a00fb0954aea94bed-00699a7aae - 0.0046 CS - 1771731630.473394394 1771731630.478006601 0 -
Feb 21 22:40:30 np0005625961.novalocal container-server[98785]: ::1 - - [22/Feb/2026:03:40:30 +0000] "GET /2/1237/AUTH_e41560788c7b460fa374fdc94f22590f/gnocchi.e93fcefc-8548-47bf-9fc2-03fda1467d40" 200 2 "GET https://[::1]:8080/v1/AUTH_e41560788c7b460fa374fdc94f22590f/gnocchi.e93fcefc-8548-47bf-9fc2-03fda1467d40?format=json&states=listing" "txd4f5a00fb0954aea94bed-00699a7aae" "proxy-server 100218" 0.0013 "-" 98785 0
Feb 21 22:40:30 np0005625961.novalocal proxy-server[100218]: ::1 ::1 22/Feb/2026/03/40/30 GET /v1/AUTH_e41560788c7b460fa374fdc94f22590f/gnocchi.e93fcefc-8548-47bf-9fc2-03fda1467d40%3Fformat%3Djson%26states%3Dlisting HTTP/1.0 200 - python-swiftclient-4.8.0 gAAAAABpmnpRlsm9... - 2 - txd4f5a00fb0954aea94bed-00699a7aae - 0.0125 - - 1771731630.472785473 1771731630.485313177 0 17d6eceedce248e7bcac4363c7b2aeaa
Feb 21 22:40:30 np0005625961.novalocal object-server[99151]: ::1 - - [22/Feb/2026:03:40:30 +0000] "GET /2/229041/AUTH_e41560788c7b460fa374fdc94f22590f/gnocchi.e93fcefc-8548-47bf-9fc2-03fda1467d40/1771200000.0_mean_300.0_v3" 404 70 "GET https://[::1]:8080/v1/AUTH_e41560788c7b460fa374fdc94f22590f/gnocchi.e93fcefc-8548-47bf-9fc2-03fda1467d40/1771200000.0_mean_300.0_v3" "tx82274a50217d4f1397e83-00699a7aae" "proxy-server 100218" 0.0005 "-" 99151 0
Feb 21 22:40:30 np0005625961.novalocal object-server[99151]: ::1 - - [22/Feb/2026:03:40:30 +0000] "GET /1/229041/AUTH_e41560788c7b460fa374fdc94f22590f/gnocchi.e93fcefc-8548-47bf-9fc2-03fda1467d40/1771200000.0_mean_300.0_v3" 404 70 "GET https://[::1]:8080/v1/AUTH_e41560788c7b460fa374fdc94f22590f/gnocchi.e93fcefc-8548-47bf-9fc2-03fda1467d40/1771200000.0_mean_300.0_v3" "tx82274a50217d4f1397e83-00699a7aae" "proxy-server 100218" 0.0004 "-" 99151 0
Feb 21 22:40:30 np0005625961.novalocal object-server[99152]: ::1 - - [22/Feb/2026:03:40:30 +0000] "GET /3/229041/AUTH_e41560788c7b460fa374fdc94f22590f/gnocchi.e93fcefc-8548-47bf-9fc2-03fda1467d40/1771200000.0_mean_300.0_v3" 404 70 "GET https://[::1]:8080/v1/AUTH_e41560788c7b460fa374fdc94f22590f/gnocchi.e93fcefc-8548-47bf-9fc2-03fda1467d40/1771200000.0_mean_300.0_v3" "tx82274a50217d4f1397e83-00699a7aae" "proxy-server 100218" 0.0005 "-" 99152 0
Feb 21 22:40:30 np0005625961.novalocal proxy-server[100218]: ::1 ::1 22/Feb/2026/03/40/30 GET /v1/AUTH_e41560788c7b460fa374fdc94f22590f/gnocchi.e93fcefc-8548-47bf-9fc2-03fda1467d40/1771200000.0_mean_300.0_v3 HTTP/1.0 404 - python-swiftclient-4.8.0 gAAAAABpmnpRlsm9... - 70 - tx82274a50217d4f1397e83-00699a7aae - 0.0145 - - 1771731630.488998890 1771731630.503489733 0 17d6eceedce248e7bcac4363c7b2aeaa
Feb 21 22:40:30 np0005625961.novalocal container-server[98786]: ::1 - - [22/Feb/2026:03:40:30 +0000] "PUT /1/1237/AUTH_e41560788c7b460fa374fdc94f22590f/gnocchi.e93fcefc-8548-47bf-9fc2-03fda1467d40/1771200000.0_mean_300.0_v3" 201 - "PUT http://[::1]:8080/3/229041/AUTH_e41560788c7b460fa374fdc94f22590f/gnocchi.e93fcefc-8548-47bf-9fc2-03fda1467d40/1771200000.0_mean_300.0_v3" "txf5b8bf6d162143cc84991-00699a7aae" "object-server 99151" 0.0009 "-" 98786 0
Feb 21 22:40:30 np0005625961.novalocal object-server[99151]: ::1 - - [22/Feb/2026:03:40:30 +0000] "PUT /3/229041/AUTH_e41560788c7b460fa374fdc94f22590f/gnocchi.e93fcefc-8548-47bf-9fc2-03fda1467d40/1771200000.0_mean_300.0_v3" 201 - "PUT https://[::1]:8080/v1/AUTH_e41560788c7b460fa374fdc94f22590f/gnocchi.e93fcefc-8548-47bf-9fc2-03fda1467d40/1771200000.0_mean_300.0_v3" "txf5b8bf6d162143cc84991-00699a7aae" "proxy-server 100218" 0.0149 "-" 99151 0
Feb 21 22:40:30 np0005625961.novalocal container-server[98785]: ::1 - - [22/Feb/2026:03:40:30 +0000] "PUT /3/1237/AUTH_e41560788c7b460fa374fdc94f22590f/gnocchi.e93fcefc-8548-47bf-9fc2-03fda1467d40/1771200000.0_mean_300.0_v3" 201 - "PUT http://[::1]:8080/2/229041/AUTH_e41560788c7b460fa374fdc94f22590f/gnocchi.e93fcefc-8548-47bf-9fc2-03fda1467d40/1771200000.0_mean_300.0_v3" "txf5b8bf6d162143cc84991-00699a7aae" "object-server 99152" 0.0007 "-" 98785 0
Feb 21 22:40:30 np0005625961.novalocal container-server[98786]: ::1 - - [22/Feb/2026:03:40:30 +0000] "PUT /2/1237/AUTH_e41560788c7b460fa374fdc94f22590f/gnocchi.e93fcefc-8548-47bf-9fc2-03fda1467d40/1771200000.0_mean_300.0_v3" 201 - "PUT http://[::1]:8080/1/229041/AUTH_e41560788c7b460fa374fdc94f22590f/gnocchi.e93fcefc-8548-47bf-9fc2-03fda1467d40/1771200000.0_mean_300.0_v3" "txf5b8bf6d162143cc84991-00699a7aae" "object-server 99152" 0.0006 "-" 98786 0
