Feb 21 22:40:21 np0005625961.novalocal container-server[98785]: ::1 - - [22/Feb/2026:03:40:21 +0000] "HEAD /3/178923/AUTH_e41560788c7b460fa374fdc94f22590f/gnocchi.1c852d9d-a188-4cd8-be5a-919ab6f18e4b" 404 - "HEAD http://[::1]:8080/v1/AUTH_e41560788c7b460fa374fdc94f22590f/gnocchi.1c852d9d-a188-4cd8-be5a-919ab6f18e4b" "txdaa33496033d426596a67-00699a7aa5" "proxy-server 100218" 0.0002 "-" 98785 0
Feb 21 22:40:21 np0005625961.novalocal container-server[98786]: ::1 - - [22/Feb/2026:03:40:21 +0000] "HEAD /2/178923/AUTH_e41560788c7b460fa374fdc94f22590f/gnocchi.1c852d9d-a188-4cd8-be5a-919ab6f18e4b" 404 - "HEAD http://[::1]:8080/v1/AUTH_e41560788c7b460fa374fdc94f22590f/gnocchi.1c852d9d-a188-4cd8-be5a-919ab6f18e4b" "txdaa33496033d426596a67-00699a7aa5" "proxy-server 100218" 0.0002 "-" 98786 0
Feb 21 22:40:21 np0005625961.novalocal proxy-server[100218]: - - 22/Feb/2026/03/40/21 HEAD /v1/AUTH_e41560788c7b460fa374fdc94f22590f/gnocchi.1c852d9d-a188-4cd8-be5a-919ab6f18e4b HTTP/1.0 404 - Swift - - - - txdaa33496033d426596a67-00699a7aa5 - 0.0088 CS - 1771731621.810745001 1771731621.819540262 0 -
Feb 21 22:40:21 np0005625961.novalocal object-server[99152]: ::1 - - [22/Feb/2026:03:40:21 +0000] "GET /2/32532/AUTH_e41560788c7b460fa374fdc94f22590f/gnocchi.1c852d9d-a188-4cd8-be5a-919ab6f18e4b/none_v3" 404 70 "GET https://[::1]:8080/v1/AUTH_e41560788c7b460fa374fdc94f22590f/gnocchi.1c852d9d-a188-4cd8-be5a-919ab6f18e4b/none_v3" "txdaa33496033d426596a67-00699a7aa5" "proxy-server 100218" 0.0003 "-" 99152 0
Feb 21 22:40:21 np0005625961.novalocal object-server[99152]: ::1 - - [22/Feb/2026:03:40:21 +0000] "GET /3/32532/AUTH_e41560788c7b460fa374fdc94f22590f/gnocchi.1c852d9d-a188-4cd8-be5a-919ab6f18e4b/none_v3" 404 70 "GET https://[::1]:8080/v1/AUTH_e41560788c7b460fa374fdc94f22590f/gnocchi.1c852d9d-a188-4cd8-be5a-919ab6f18e4b/none_v3" "txdaa33496033d426596a67-00699a7aa5" "proxy-server 100218" 0.0002 "-" 99152 0
Feb 21 22:40:21 np0005625961.novalocal object-server[99152]: ::1 - - [22/Feb/2026:03:40:21 +0000] "GET /1/32532/AUTH_e41560788c7b460fa374fdc94f22590f/gnocchi.1c852d9d-a188-4cd8-be5a-919ab6f18e4b/none_v3" 404 70 "GET https://[::1]:8080/v1/AUTH_e41560788c7b460fa374fdc94f22590f/gnocchi.1c852d9d-a188-4cd8-be5a-919ab6f18e4b/none_v3" "txdaa33496033d426596a67-00699a7aa5" "proxy-server 100218" 0.0001 "-" 99152 0
Feb 21 22:40:21 np0005625961.novalocal proxy-server[100218]: ::1 ::1 22/Feb/2026/03/40/21 GET /v1/AUTH_e41560788c7b460fa374fdc94f22590f/gnocchi.1c852d9d-a188-4cd8-be5a-919ab6f18e4b/none_v3 HTTP/1.0 404 - python-swiftclient-4.8.0 gAAAAABpmnpRlsm9... - 70 - txdaa33496033d426596a67-00699a7aa5 - 0.0223 - - 1771731621.810212374 1771731621.832558393 0 17d6eceedce248e7bcac4363c7b2aeaa
Feb 21 22:40:21 np0005625961.novalocal account-server[98426]: ::1 - - [22/Feb/2026:03:40:21 +0000] "PUT /1/161627/AUTH_e41560788c7b460fa374fdc94f22590f/gnocchi.1c852d9d-a188-4cd8-be5a-919ab6f18e4b" 201 - "PUT http://[::1]:6001/1/178923/AUTH_e41560788c7b460fa374fdc94f22590f/gnocchi.1c852d9d-a188-4cd8-be5a-919ab6f18e4b" "tx47d417ccccaa4d9f89de5-00699a7aa5" "container-server 98785" 0.0035 "-" 98426 0
Feb 21 22:40:21 np0005625961.novalocal container-server[98785]: ::1 - - [22/Feb/2026:03:40:21 +0000] "PUT /1/178923/AUTH_e41560788c7b460fa374fdc94f22590f/gnocchi.1c852d9d-a188-4cd8-be5a-919ab6f18e4b" 201 - "PUT https://[::1]:8080/v1/AUTH_e41560788c7b460fa374fdc94f22590f/gnocchi.1c852d9d-a188-4cd8-be5a-919ab6f18e4b" "tx47d417ccccaa4d9f89de5-00699a7aa5" "proxy-server 100218" 0.0143 "-" 98785 0
Feb 21 22:40:21 np0005625961.novalocal account-server[98426]: ::1 - - [22/Feb/2026:03:40:21 +0000] "PUT /2/161627/AUTH_e41560788c7b460fa374fdc94f22590f/gnocchi.1c852d9d-a188-4cd8-be5a-919ab6f18e4b" 201 - "PUT http://[::1]:6001/2/178923/AUTH_e41560788c7b460fa374fdc94f22590f/gnocchi.1c852d9d-a188-4cd8-be5a-919ab6f18e4b" "tx47d417ccccaa4d9f89de5-00699a7aa5" "container-server 98786" 0.0051 "-" 98426 0
Feb 21 22:40:21 np0005625961.novalocal container-server[98786]: ::1 - - [22/Feb/2026:03:40:21 +0000] "PUT /2/178923/AUTH_e41560788c7b460fa374fdc94f22590f/gnocchi.1c852d9d-a188-4cd8-be5a-919ab6f18e4b" 201 - "PUT https://[::1]:8080/v1/AUTH_e41560788c7b460fa374fdc94f22590f/gnocchi.1c852d9d-a188-4cd8-be5a-919ab6f18e4b" "tx47d417ccccaa4d9f89de5-00699a7aa5" "proxy-server 100218" 0.0184 "-" 98786 0
Feb 21 22:40:21 np0005625961.novalocal account-server[98425]: ::1 - - [22/Feb/2026:03:40:21 +0000] "PUT /3/161627/AUTH_e41560788c7b460fa374fdc94f22590f/gnocchi.1c852d9d-a188-4cd8-be5a-919ab6f18e4b" 201 - "PUT http://[::1]:6001/3/178923/AUTH_e41560788c7b460fa374fdc94f22590f/gnocchi.1c852d9d-a188-4cd8-be5a-919ab6f18e4b" "tx47d417ccccaa4d9f89de5-00699a7aa5" "container-server 98786" 0.0069 "-" 98425 0
Feb 21 22:40:21 np0005625961.novalocal container-server[98786]: ::1 - - [22/Feb/2026:03:40:21 +0000] "PUT /3/178923/AUTH_e41560788c7b460fa374fdc94f22590f/gnocchi.1c852d9d-a188-4cd8-be5a-919ab6f18e4b" 201 - "PUT https://[::1]:8080/v1/AUTH_e41560788c7b460fa374fdc94f22590f/gnocchi.1c852d9d-a188-4cd8-be5a-919ab6f18e4b" "tx47d417ccccaa4d9f89de5-00699a7aa5" "proxy-server 100218" 0.0339 "-" 98786 0
Feb 21 22:40:21 np0005625961.novalocal proxy-server[100218]: ::1 ::1 22/Feb/2026/03/40/21 PUT /v1/AUTH_e41560788c7b460fa374fdc94f22590f/gnocchi.1c852d9d-a188-4cd8-be5a-919ab6f18e4b HTTP/1.0 201 - python-swiftclient-4.8.0 gAAAAABpmnpRlsm9... - - - tx47d417ccccaa4d9f89de5-00699a7aa5 - 0.0438 - - 1771731621.836620092 1771731621.880422115 0 17d6eceedce248e7bcac4363c7b2aeaa
Feb 21 22:40:21 np0005625961.novalocal container-server[98786]: ::1 - - [22/Feb/2026:03:40:21 +0000] "HEAD /1/178923/AUTH_e41560788c7b460fa374fdc94f22590f/gnocchi.1c852d9d-a188-4cd8-be5a-919ab6f18e4b" 204 - "HEAD http://[::1]:8080/v1/AUTH_e41560788c7b460fa374fdc94f22590f/gnocchi.1c852d9d-a188-4cd8-be5a-919ab6f18e4b" "tx02191ab1924c4601a759a-00699a7aa5" "proxy-server 100218" 0.0012 "-" 98786 0
Feb 21 22:40:21 np0005625961.novalocal proxy-server[100218]: - - 22/Feb/2026/03/40/21 HEAD /v1/AUTH_e41560788c7b460fa374fdc94f22590f/gnocchi.1c852d9d-a188-4cd8-be5a-919ab6f18e4b HTTP/1.0 204 - Swift - - - - tx02191ab1924c4601a759a-00699a7aa5 - 0.0097 CS - 1771731621.887013435 1771731621.896676302 0 -
Feb 21 22:40:21 np0005625961.novalocal container-server[98785]: ::1 - - [22/Feb/2026:03:40:21 +0000] "GET /3/178923/AUTH_e41560788c7b460fa374fdc94f22590f/gnocchi.1c852d9d-a188-4cd8-be5a-919ab6f18e4b" 200 2 "GET https://[::1]:8080/v1/AUTH_e41560788c7b460fa374fdc94f22590f/gnocchi.1c852d9d-a188-4cd8-be5a-919ab6f18e4b?format=json&states=listing" "tx02191ab1924c4601a759a-00699a7aa5" "proxy-server 100218" 0.0023 "-" 98785 0
Feb 21 22:40:21 np0005625961.novalocal proxy-server[100218]: ::1 ::1 22/Feb/2026/03/40/21 GET /v1/AUTH_e41560788c7b460fa374fdc94f22590f/gnocchi.1c852d9d-a188-4cd8-be5a-919ab6f18e4b%3Fformat%3Djson%26states%3Dlisting HTTP/1.0 200 - python-swiftclient-4.8.0 gAAAAABpmnpRlsm9... - 2 - tx02191ab1924c4601a759a-00699a7aa5 - 0.0232 - - 1771731621.886309624 1771731621.909534216 0 17d6eceedce248e7bcac4363c7b2aeaa
Feb 21 22:40:21 np0005625961.novalocal object-server[99152]: ::1 - - [22/Feb/2026:03:40:21 +0000] "GET /1/100188/AUTH_e41560788c7b460fa374fdc94f22590f/gnocchi.1c852d9d-a188-4cd8-be5a-919ab6f18e4b/1771200000.0_mean_300.0_v3" 404 70 "GET https://[::1]:8080/v1/AUTH_e41560788c7b460fa374fdc94f22590f/gnocchi.1c852d9d-a188-4cd8-be5a-919ab6f18e4b/1771200000.0_mean_300.0_v3" "txc81a9b726595471d976e4-00699a7aa5" "proxy-server 100218" 0.0004 "-" 99152 0
Feb 21 22:40:21 np0005625961.novalocal object-server[99151]: ::1 - - [22/Feb/2026:03:40:21 +0000] "GET /3/100188/AUTH_e41560788c7b460fa374fdc94f22590f/gnocchi.1c852d9d-a188-4cd8-be5a-919ab6f18e4b/1771200000.0_mean_300.0_v3" 404 70 "GET https://[::1]:8080/v1/AUTH_e41560788c7b460fa374fdc94f22590f/gnocchi.1c852d9d-a188-4cd8-be5a-919ab6f18e4b/1771200000.0_mean_300.0_v3" "txc81a9b726595471d976e4-00699a7aa5" "proxy-server 100218" 0.0005 "-" 99151 0
Feb 21 22:40:21 np0005625961.novalocal object-server[99152]: ::1 - - [22/Feb/2026:03:40:21 +0000] "GET /2/100188/AUTH_e41560788c7b460fa374fdc94f22590f/gnocchi.1c852d9d-a188-4cd8-be5a-919ab6f18e4b/1771200000.0_mean_300.0_v3" 404 70 "GET https://[::1]:8080/v1/AUTH_e41560788c7b460fa374fdc94f22590f/gnocchi.1c852d9d-a188-4cd8-be5a-919ab6f18e4b/1771200000.0_mean_300.0_v3" "txc81a9b726595471d976e4-00699a7aa5" "proxy-server 100218" 0.0002 "-" 99152 0
Feb 21 22:40:21 np0005625961.novalocal proxy-server[100218]: ::1 ::1 22/Feb/2026/03/40/21 GET /v1/AUTH_e41560788c7b460fa374fdc94f22590f/gnocchi.1c852d9d-a188-4cd8-be5a-919ab6f18e4b/1771200000.0_mean_300.0_v3 HTTP/1.0 404 - python-swiftclient-4.8.0 gAAAAABpmnpRlsm9... - 70 - txc81a9b726595471d976e4-00699a7aa5 - 0.0160 - - 1771731621.914326668 1771731621.930325985 0 17d6eceedce248e7bcac4363c7b2aeaa
Feb 21 22:40:21 np0005625961.novalocal container-server[98785]: ::1 - - [22/Feb/2026:03:40:21 +0000] "PUT /2/178923/AUTH_e41560788c7b460fa374fdc94f22590f/gnocchi.1c852d9d-a188-4cd8-be5a-919ab6f18e4b/1771200000.0_mean_300.0_v3" 201 - "PUT http://[::1]:8080/1/100188/AUTH_e41560788c7b460fa374fdc94f22590f/gnocchi.1c852d9d-a188-4cd8-be5a-919ab6f18e4b/1771200000.0_mean_300.0_v3" "tx765d4c84c7fd4340b3c79-00699a7aa5" "object-server 99152" 0.0005 "-" 98785 0
Feb 21 22:40:21 np0005625961.novalocal container-server[98786]: ::1 - - [22/Feb/2026:03:40:21 +0000] "PUT /3/178923/AUTH_e41560788c7b460fa374fdc94f22590f/gnocchi.1c852d9d-a188-4cd8-be5a-919ab6f18e4b/1771200000.0_mean_300.0_v3" 201 - "PUT http://[::1]:8080/2/100188/AUTH_e41560788c7b460fa374fdc94f22590f/gnocchi.1c852d9d-a188-4cd8-be5a-919ab6f18e4b/1771200000.0_mean_300.0_v3" "tx765d4c84c7fd4340b3c79-00699a7aa5" "object-server 99152" 0.0007 "-" 98786 0
Feb 21 22:40:21 np0005625961.novalocal object-server[99152]: ::1 - - [22/Feb/2026:03:40:21 +0000] "PUT /1/100188/AUTH_e41560788c7b460fa374fdc94f22590f/gnocchi.1c852d9d-a188-4cd8-be5a-919ab6f18e4b/1771200000.0_mean_300.0_v3" 201 - "PUT https://[::1]:8080/v1/AUTH_e41560788c7b460fa374fdc94f22590f/gnocchi.1c852d9d-a188-4cd8-be5a-919ab6f18e4b/1771200000.0_mean_300.0_v3" "tx765d4c84c7fd4340b3c79-00699a7aa5" "proxy-server 100218" 0.0141 "-" 99152 0
Feb 21 22:40:21 np0005625961.novalocal object-server[99152]: ::1 - - [22/Feb/2026:03:40:21 +0000] "PUT /2/100188/AUTH_e41560788c7b460fa374fdc94f22590f/gnocchi.1c852d9d-a188-4cd8-be5a-919ab6f18e4b/1771200000.0_mean_300.0_v3" 201 - "PUT https://[::1]:8080/v1/AUTH_e41560788c7b460fa374fdc94f22590f/gnocchi.1c852d9d-a188-4cd8-be5a-919ab6f18e4b/1771200000.0_mean_300.0_v3" "tx765d4c84c7fd4340b3c79-00699a7aa5" "proxy-server 100218" 0.0140 "-" 99152 0
Feb 21 22:40:21 np0005625961.novalocal container-server[98786]: ::1 - - [22/Feb/2026:03:40:21 +0000] "PUT /1/178923/AUTH_e41560788c7b460fa374fdc94f22590f/gnocchi.1c852d9d-a188-4cd8-be5a-919ab6f18e4b/1771200000.0_mean_300.0_v3" 201 - "PUT http://[::1]:8080/3/100188/AUTH_e41560788c7b460fa374fdc94f22590f/gnocchi.1c852d9d-a188-4cd8-be5a-919ab6f18e4b/1771200000.0_mean_300.0_v3" "tx765d4c84c7fd4340b3c79-00699a7aa5" "object-server 99151" 0.0004 "-" 98786 0
Feb 21 22:40:21 np0005625961.novalocal object-server[99151]: ::1 - - [22/Feb/2026:03:40:21 +0000] "PUT /3/100188/AUTH_e41560788c7b460fa374fdc94f22590f/gnocchi.1c852d9d-a188-4cd8-be5a-919ab6f18e4b/1771200000.0_mean_300.0_v3" 201 - "PUT https://[::1]:8080/v1/AUTH_e41560788c7b460fa374fdc94f22590f/gnocchi.1c852d9d-a188-4cd8-be5a-919ab6f18e4b/1771200000.0_mean_300.0_v3" "tx765d4c84c7fd4340b3c79-00699a7aa5" "proxy-server 100218" 0.0154 "-" 99151 0
Feb 21 22:40:21 np0005625961.novalocal proxy-server[100218]: ::1 ::1 22/Feb/2026/03/40/21 PUT /v1/AUTH_e41560788c7b460fa374fdc94f22590f/gnocchi.1c852d9d-a188-4cd8-be5a-919ab6f18e4b/1771200000.0_mean_300.0_v3 HTTP/1.0 201 - python-swiftclient-4.8.0 gAAAAABpmnpRlsm9... 16 - - tx765d4c84c7fd4340b3c79-00699a7aa5 - 0.0258 - - 1771731621.933534384 1771731621.959364891 0 17d6eceedce248e7bcac4363c7b2aeaa
Feb 21 22:40:21 np0005625961.novalocal container-server[98785]: ::1 - - [22/Feb/2026:03:40:21 +0000] "PUT /1/178923/AUTH_e41560788c7b460fa374fdc94f22590f/gnocchi.1c852d9d-a188-4cd8-be5a-919ab6f18e4b/none_v3" 201 - "PUT http://[::1]:8080/3/32532/AUTH_e41560788c7b460fa374fdc94f22590f/gnocchi.1c852d9d-a188-4cd8-be5a-919ab6f18e4b/none_v3" "tx79af5986980f4103a7a15-00699a7aa5" "object-server 99151" 0.0008 "-" 98785 0
Feb 21 22:40:21 np0005625961.novalocal container-server[98785]: ::1 - - [22/Feb/2026:03:40:21 +0000] "PUT /3/178923/AUTH_e41560788c7b460fa374fdc94f22590f/gnocchi.1c852d9d-a188-4cd8-be5a-919ab6f18e4b/none_v3" 201 - "PUT http://[::1]:8080/2/32532/AUTH_e41560788c7b460fa374fdc94f22590f/gnocchi.1c852d9d-a188-4cd8-be5a-919ab6f18e4b/none_v3" "tx79af5986980f4103a7a15-00699a7aa5" "object-server 99151" 0.0006 "-" 98785 0
Feb 21 22:40:21 np0005625961.novalocal object-server[99151]: ::1 - - [22/Feb/2026:03:40:21 +0000] "PUT /3/32532/AUTH_e41560788c7b460fa374fdc94f22590f/gnocchi.1c852d9d-a188-4cd8-be5a-919ab6f18e4b/none_v3" 201 - "PUT https://[::1]:8080/v1/AUTH_e41560788c7b460fa374fdc94f22590f/gnocchi.1c852d9d-a188-4cd8-be5a-919ab6f18e4b/none_v3" "tx79af5986980f4103a7a15-00699a7aa5" "proxy-server 100218" 0.0182 "-" 99151 0
Feb 21 22:40:21 np0005625961.novalocal object-server[99151]: ::1 - - [22/Feb/2026:03:40:21 +0000] "PUT /2/32532/AUTH_e41560788c7b460fa374fdc94f22590f/gnocchi.1c852d9d-a188-4cd8-be5a-919ab6f18e4b/none_v3" 201 - "PUT https://[::1]:8080/v1/AUTH_e41560788c7b460fa374fdc94f22590f/gnocchi.1c852d9d-a188-4cd8-be5a-919ab6f18e4b/none_v3" "tx79af5986980f4103a7a15-00699a7aa5" "proxy-server 100218" 0.0192 "-" 99151 0
Feb 21 22:40:21 np0005625961.novalocal container-server[98786]: ::1 - - [22/Feb/2026:03:40:21 +0000] "PUT /2/178923/AUTH_e41560788c7b460fa374fdc94f22590f/gnocchi.1c852d9d-a188-4cd8-be5a-919ab6f18e4b/none_v3" 201 - "PUT http://[::1]:8080/1/32532/AUTH_e41560788c7b460fa374fdc94f22590f/gnocchi.1c852d9d-a188-4cd8-be5a-919ab6f18e4b/none_v3" "tx79af5986980f4103a7a15-00699a7aa5" "object-server 99151" 0.0007 "-" 98786 0
Feb 21 22:40:21 np0005625961.novalocal object-server[99151]: ::1 - - [22/Feb/2026:03:40:21 +0000] "PUT /1/32532/AUTH_e41560788c7b460fa374fdc94f22590f/gnocchi.1c852d9d-a188-4cd8-be5a-919ab6f18e4b/none_v3" 201 - "PUT https://[::1]:8080/v1/AUTH_e41560788c7b460fa374fdc94f22590f/gnocchi.1c852d9d-a188-4cd8-be5a-919ab6f18e4b/none_v3" "tx79af5986980f4103a7a15-00699a7aa5" "proxy-server 100218" 0.0188 "-" 99151 0
Feb 21 22:40:22 np0005625961.novalocal proxy-server[100218]: ::1 ::1 22/Feb/2026/03/40/21 PUT /v1/AUTH_e41560788c7b460fa374fdc94f22590f/gnocchi.1c852d9d-a188-4cd8-be5a-919ab6f18e4b/none_v3 HTTP/1.0 201 - python-swiftclient-4.8.0 gAAAAABpmnpRlsm9... 22 - - tx79af5986980f4103a7a15-00699a7aa5 - 0.0307 - - 1771731621.969189882 1771731621.999884844 0 17d6eceedce248e7bcac4363c7b2aeaa
Feb 21 22:40:22 np0005625961.novalocal container-server[98785]: ::1 - - [22/Feb/2026:03:40:22 +0000] "HEAD /1/67149/AUTH_e41560788c7b460fa374fdc94f22590f/gnocchi.a984674b-3873-4f00-b521-96b4b4e30ae2" 404 - "HEAD http://[::1]:8080/v1/AUTH_e41560788c7b460fa374fdc94f22590f/gnocchi.a984674b-3873-4f00-b521-96b4b4e30ae2" "tx8e1d024954d947a3b6cad-00699a7aa6" "proxy-server 100218" 0.0004 "-" 98785 0
Feb 21 22:40:22 np0005625961.novalocal container-server[98786]: ::1 - - [22/Feb/2026:03:40:22 +0000] "HEAD /2/67149/AUTH_e41560788c7b460fa374fdc94f22590f/gnocchi.a984674b-3873-4f00-b521-96b4b4e30ae2" 404 - "HEAD http://[::1]:8080/v1/AUTH_e41560788c7b460fa374fdc94f22590f/gnocchi.a984674b-3873-4f00-b521-96b4b4e30ae2" "tx8e1d024954d947a3b6cad-00699a7aa6" "proxy-server 100218" 0.0002 "-" 98786 0
Feb 21 22:40:22 np0005625961.novalocal container-server[98785]: ::1 - - [22/Feb/2026:03:40:22 +0000] "HEAD /3/67149/AUTH_e41560788c7b460fa374fdc94f22590f/gnocchi.a984674b-3873-4f00-b521-96b4b4e30ae2" 404 - "HEAD http://[::1]:8080/v1/AUTH_e41560788c7b460fa374fdc94f22590f/gnocchi.a984674b-3873-4f00-b521-96b4b4e30ae2" "tx8e1d024954d947a3b6cad-00699a7aa6" "proxy-server 100218" 0.0001 "-" 98785 0
Feb 21 22:40:22 np0005625961.novalocal proxy-server[100218]: - - 22/Feb/2026/03/40/22 HEAD /v1/AUTH_e41560788c7b460fa374fdc94f22590f/gnocchi.a984674b-3873-4f00-b521-96b4b4e30ae2 HTTP/1.0 404 - Swift - - - - tx8e1d024954d947a3b6cad-00699a7aa6 - 0.0092 CS - 1771731622.042817116 1771731622.052006483 0 -
Feb 21 22:40:22 np0005625961.novalocal object-server[99151]: ::1 - - [22/Feb/2026:03:40:22 +0000] "GET /3/196809/AUTH_e41560788c7b460fa374fdc94f22590f/gnocchi.a984674b-3873-4f00-b521-96b4b4e30ae2/none_v3" 404 70 "GET https://[::1]:8080/v1/AUTH_e41560788c7b460fa374fdc94f22590f/gnocchi.a984674b-3873-4f00-b521-96b4b4e30ae2/none_v3" "tx8e1d024954d947a3b6cad-00699a7aa6" "proxy-server 100218" 0.0008 "-" 99151 0
Feb 21 22:40:22 np0005625961.novalocal object-server[99151]: ::1 - - [22/Feb/2026:03:40:22 +0000] "GET /1/196809/AUTH_e41560788c7b460fa374fdc94f22590f/gnocchi.a984674b-3873-4f00-b521-96b4b4e30ae2/none_v3" 404 70 "GET https://[::1]:8080/v1/AUTH_e41560788c7b460fa374fdc94f22590f/gnocchi.a984674b-3873-4f00-b521-96b4b4e30ae2/none_v3" "tx8e1d024954d947a3b6cad-00699a7aa6" "proxy-server 100218" 0.0002 "-" 99151 0
Feb 21 22:40:22 np0005625961.novalocal object-server[99151]: ::1 - - [22/Feb/2026:03:40:22 +0000] "GET /2/196809/AUTH_e41560788c7b460fa374fdc94f22590f/gnocchi.a984674b-3873-4f00-b521-96b4b4e30ae2/none_v3" 404 70 "GET https://[::1]:8080/v1/AUTH_e41560788c7b460fa374fdc94f22590f/gnocchi.a984674b-3873-4f00-b521-96b4b4e30ae2/none_v3" "tx8e1d024954d947a3b6cad-00699a7aa6" "proxy-server 100218" 0.0002 "-" 99151 0
Feb 21 22:40:22 np0005625961.novalocal proxy-server[100218]: ::1 ::1 22/Feb/2026/03/40/22 GET /v1/AUTH_e41560788c7b460fa374fdc94f22590f/gnocchi.a984674b-3873-4f00-b521-96b4b4e30ae2/none_v3 HTTP/1.0 404 - python-swiftclient-4.8.0 gAAAAABpmnpRlsm9... - 70 - tx8e1d024954d947a3b6cad-00699a7aa6 - 0.0226 - - 1771731622.041908503 1771731622.064483643 0 17d6eceedce248e7bcac4363c7b2aeaa
Feb 21 22:40:22 np0005625961.novalocal account-server[98426]: ::1 - - [22/Feb/2026:03:40:22 +0000] "PUT /1/161627/AUTH_e41560788c7b460fa374fdc94f22590f/gnocchi.a984674b-3873-4f00-b521-96b4b4e30ae2" 201 - "PUT http://[::1]:6001/1/67149/AUTH_e41560788c7b460fa374fdc94f22590f/gnocchi.a984674b-3873-4f00-b521-96b4b4e30ae2" "tx565afe3e11a94967baeda-00699a7aa6" "container-server 98786" 0.0048 "-" 98426 0
Feb 21 22:40:22 np0005625961.novalocal container-server[98786]: ::1 - - [22/Feb/2026:03:40:22 +0000] "PUT /1/67149/AUTH_e41560788c7b460fa374fdc94f22590f/gnocchi.a984674b-3873-4f00-b521-96b4b4e30ae2" 201 - "PUT https://[::1]:8080/v1/AUTH_e41560788c7b460fa374fdc94f22590f/gnocchi.a984674b-3873-4f00-b521-96b4b4e30ae2" "tx565afe3e11a94967baeda-00699a7aa6" "proxy-server 100218" 0.0127 "-" 98786 0
Feb 21 22:40:22 np0005625961.novalocal account-server[98426]: ::1 - - [22/Feb/2026:03:40:22 +0000] "PUT /2/161627/AUTH_e41560788c7b460fa374fdc94f22590f/gnocchi.a984674b-3873-4f00-b521-96b4b4e30ae2" 201 - "PUT http://[::1]:6001/3/67149/AUTH_e41560788c7b460fa374fdc94f22590f/gnocchi.a984674b-3873-4f00-b521-96b4b4e30ae2" "tx565afe3e11a94967baeda-00699a7aa6" "container-server 98785" 0.0037 "-" 98426 0
Feb 21 22:40:22 np0005625961.novalocal container-server[98785]: ::1 - - [22/Feb/2026:03:40:22 +0000] "PUT /3/67149/AUTH_e41560788c7b460fa374fdc94f22590f/gnocchi.a984674b-3873-4f00-b521-96b4b4e30ae2" 201 - "PUT https://[::1]:8080/v1/AUTH_e41560788c7b460fa374fdc94f22590f/gnocchi.a984674b-3873-4f00-b521-96b4b4e30ae2" "tx565afe3e11a94967baeda-00699a7aa6" "proxy-server 100218" 0.0206 "-" 98785 0
Feb 21 22:40:22 np0005625961.novalocal account-server[98426]: ::1 - - [22/Feb/2026:03:40:22 +0000] "PUT /3/161627/AUTH_e41560788c7b460fa374fdc94f22590f/gnocchi.a984674b-3873-4f00-b521-96b4b4e30ae2" 201 - "PUT http://[::1]:6001/2/67149/AUTH_e41560788c7b460fa374fdc94f22590f/gnocchi.a984674b-3873-4f00-b521-96b4b4e30ae2" "tx565afe3e11a94967baeda-00699a7aa6" "container-server 98785" 0.0032 "-" 98426 0
Feb 21 22:40:22 np0005625961.novalocal container-server[98785]: ::1 - - [22/Feb/2026:03:40:22 +0000] "PUT /2/67149/AUTH_e41560788c7b460fa374fdc94f22590f/gnocchi.a984674b-3873-4f00-b521-96b4b4e30ae2" 201 - "PUT https://[::1]:8080/v1/AUTH_e41560788c7b460fa374fdc94f22590f/gnocchi.a984674b-3873-4f00-b521-96b4b4e30ae2" "tx565afe3e11a94967baeda-00699a7aa6" "proxy-server 100218" 0.0144 "-" 98785 0
Feb 21 22:40:22 np0005625961.novalocal proxy-server[100218]: ::1 ::1 22/Feb/2026/03/40/22 PUT /v1/AUTH_e41560788c7b460fa374fdc94f22590f/gnocchi.a984674b-3873-4f00-b521-96b4b4e30ae2 HTTP/1.0 201 - python-swiftclient-4.8.0 gAAAAABpmnpRlsm9... - - - tx565afe3e11a94967baeda-00699a7aa6 - 0.0313 - - 1771731622.067353010 1771731622.098651171 0 17d6eceedce248e7bcac4363c7b2aeaa
Feb 21 22:40:22 np0005625961.novalocal container-server[98785]: ::1 - - [22/Feb/2026:03:40:22 +0000] "HEAD /1/67149/AUTH_e41560788c7b460fa374fdc94f22590f/gnocchi.a984674b-3873-4f00-b521-96b4b4e30ae2" 204 - "HEAD http://[::1]:8080/v1/AUTH_e41560788c7b460fa374fdc94f22590f/gnocchi.a984674b-3873-4f00-b521-96b4b4e30ae2" "tx64e6c9b1b6d047bc9e261-00699a7aa6" "proxy-server 100218" 0.0009 "-" 98785 0
Feb 21 22:40:22 np0005625961.novalocal proxy-server[100218]: - - 22/Feb/2026/03/40/22 HEAD /v1/AUTH_e41560788c7b460fa374fdc94f22590f/gnocchi.a984674b-3873-4f00-b521-96b4b4e30ae2 HTTP/1.0 204 - Swift - - - - tx64e6c9b1b6d047bc9e261-00699a7aa6 - 0.0033 CS - 1771731622.102679968 1771731622.105995178 0 -
Feb 21 22:40:22 np0005625961.novalocal container-server[98786]: ::1 - - [22/Feb/2026:03:40:22 +0000] "GET /2/67149/AUTH_e41560788c7b460fa374fdc94f22590f/gnocchi.a984674b-3873-4f00-b521-96b4b4e30ae2" 200 2 "GET https://[::1]:8080/v1/AUTH_e41560788c7b460fa374fdc94f22590f/gnocchi.a984674b-3873-4f00-b521-96b4b4e30ae2?format=json&states=listing" "tx64e6c9b1b6d047bc9e261-00699a7aa6" "proxy-server 100218" 0.0021 "-" 98786 0
Feb 21 22:40:22 np0005625961.novalocal proxy-server[100218]: ::1 ::1 22/Feb/2026/03/40/22 GET /v1/AUTH_e41560788c7b460fa374fdc94f22590f/gnocchi.a984674b-3873-4f00-b521-96b4b4e30ae2%3Fformat%3Djson%26states%3Dlisting HTTP/1.0 200 - python-swiftclient-4.8.0 gAAAAABpmnpRlsm9... - 2 - tx64e6c9b1b6d047bc9e261-00699a7aa6 - 0.0118 - - 1771731622.102029324 1771731622.113821030 0 17d6eceedce248e7bcac4363c7b2aeaa
Feb 21 22:40:22 np0005625961.novalocal object-server[99152]: ::1 - - [22/Feb/2026:03:40:22 +0000] "GET /3/245916/AUTH_e41560788c7b460fa374fdc94f22590f/gnocchi.a984674b-3873-4f00-b521-96b4b4e30ae2/1771200000.0_mean_300.0_v3" 404 70 "GET https://[::1]:8080/v1/AUTH_e41560788c7b460fa374fdc94f22590f/gnocchi.a984674b-3873-4f00-b521-96b4b4e30ae2/1771200000.0_mean_300.0_v3" "tx2ac7cddcebea44dababdd-00699a7aa6" "proxy-server 100218" 0.0005 "-" 99152 0
Feb 21 22:40:22 np0005625961.novalocal object-server[99151]: ::1 - - [22/Feb/2026:03:40:22 +0000] "GET /1/245916/AUTH_e41560788c7b460fa374fdc94f22590f/gnocchi.a984674b-3873-4f00-b521-96b4b4e30ae2/1771200000.0_mean_300.0_v3" 404 70 "GET https://[::1]:8080/v1/AUTH_e41560788c7b460fa374fdc94f22590f/gnocchi.a984674b-3873-4f00-b521-96b4b4e30ae2/1771200000.0_mean_300.0_v3" "tx2ac7cddcebea44dababdd-00699a7aa6" "proxy-server 100218" 0.0005 "-" 99151 0
Feb 21 22:40:22 np0005625961.novalocal object-server[99152]: ::1 - - [22/Feb/2026:03:40:22 +0000] "GET /2/245916/AUTH_e41560788c7b460fa374fdc94f22590f/gnocchi.a984674b-3873-4f00-b521-96b4b4e30ae2/1771200000.0_mean_300.0_v3" 404 70 "GET https://[::1]:8080/v1/AUTH_e41560788c7b460fa374fdc94f22590f/gnocchi.a984674b-3873-4f00-b521-96b4b4e30ae2/1771200000.0_mean_300.0_v3" "tx2ac7cddcebea44dababdd-00699a7aa6" "proxy-server 100218" 0.0004 "-" 99152 0
Feb 21 22:40:22 np0005625961.novalocal proxy-server[100218]: ::1 ::1 22/Feb/2026/03/40/22 GET /v1/AUTH_e41560788c7b460fa374fdc94f22590f/gnocchi.a984674b-3873-4f00-b521-96b4b4e30ae2/1771200000.0_mean_300.0_v3 HTTP/1.0 404 - python-swiftclient-4.8.0 gAAAAABpmnpRlsm9... - 70 - tx2ac7cddcebea44dababdd-00699a7aa6 - 0.0125 - - 1771731622.116822958 1771731622.129276991 0 17d6eceedce248e7bcac4363c7b2aeaa
Feb 21 22:40:22 np0005625961.novalocal container-server[98785]: ::1 - - [22/Feb/2026:03:40:22 +0000] "HEAD /2/257189/AUTH_e41560788c7b460fa374fdc94f22590f/gnocchi.6a566cf3-4a46-461f-8f2f-035643e0fd64" 404 - "HEAD http://[::1]:8080/v1/AUTH_e41560788c7b460fa374fdc94f22590f/gnocchi.6a566cf3-4a46-461f-8f2f-035643e0fd64" "tx15d4bf5c74b3455d89cd4-00699a7aa6" "proxy-server 100219" 0.0002 "-" 98785 0
Feb 21 22:40:22 np0005625961.novalocal container-server[98786]: ::1 - - [22/Feb/2026:03:40:22 +0000] "HEAD /3/257189/AUTH_e41560788c7b460fa374fdc94f22590f/gnocchi.6a566cf3-4a46-461f-8f2f-035643e0fd64" 404 - "HEAD http://[::1]:8080/v1/AUTH_e41560788c7b460fa374fdc94f22590f/gnocchi.6a566cf3-4a46-461f-8f2f-035643e0fd64" "tx15d4bf5c74b3455d89cd4-00699a7aa6" "proxy-server 100219" 0.0002 "-" 98786 0
Feb 21 22:40:22 np0005625961.novalocal container-server[98786]: ::1 - - [22/Feb/2026:03:40:22 +0000] "PUT /2/67149/AUTH_e41560788c7b460fa374fdc94f22590f/gnocchi.a984674b-3873-4f00-b521-96b4b4e30ae2/1771200000.0_mean_300.0_v3" 201 - "PUT http://[::1]:8080/1/245916/AUTH_e41560788c7b460fa374fdc94f22590f/gnocchi.a984674b-3873-4f00-b521-96b4b4e30ae2/1771200000.0_mean_300.0_v3" "tx0c0fa8e848b749ce98fbb-00699a7aa6" "object-server 99151" 0.0003 "-" 98786 0
Feb 21 22:40:22 np0005625961.novalocal container-server[98786]: ::1 - - [22/Feb/2026:03:40:22 +0000] "HEAD /1/257189/AUTH_e41560788c7b460fa374fdc94f22590f/gnocchi.6a566cf3-4a46-461f-8f2f-035643e0fd64" 404 - "HEAD http://[::1]:8080/v1/AUTH_e41560788c7b460fa374fdc94f22590f/gnocchi.6a566cf3-4a46-461f-8f2f-035643e0fd64" "tx15d4bf5c74b3455d89cd4-00699a7aa6" "proxy-server 100219" 0.0001 "-" 98786 0
Feb 21 22:40:22 np0005625961.novalocal object-server[99151]: ::1 - - [22/Feb/2026:03:40:22 +0000] "PUT /1/245916/AUTH_e41560788c7b460fa374fdc94f22590f/gnocchi.a984674b-3873-4f00-b521-96b4b4e30ae2/1771200000.0_mean_300.0_v3" 201 - "PUT https://[::1]:8080/v1/AUTH_e41560788c7b460fa374fdc94f22590f/gnocchi.a984674b-3873-4f00-b521-96b4b4e30ae2/1771200000.0_mean_300.0_v3" "tx0c0fa8e848b749ce98fbb-00699a7aa6" "proxy-server 100218" 0.0091 "-" 99151 0
Feb 21 22:40:22 np0005625961.novalocal proxy-server[100219]: - - 22/Feb/2026/03/40/22 HEAD /v1/AUTH_e41560788c7b460fa374fdc94f22590f/gnocchi.6a566cf3-4a46-461f-8f2f-035643e0fd64 HTTP/1.0 404 - Swift - - - - tx15d4bf5c74b3455d89cd4-00699a7aa6 - 0.0074 CS - 1771731622.140372276 1771731622.147730589 0 -
Feb 21 22:40:22 np0005625961.novalocal container-server[98786]: ::1 - - [22/Feb/2026:03:40:22 +0000] "PUT /3/67149/AUTH_e41560788c7b460fa374fdc94f22590f/gnocchi.a984674b-3873-4f00-b521-96b4b4e30ae2/1771200000.0_mean_300.0_v3" 201 - "PUT http://[::1]:8080/3/245916/AUTH_e41560788c7b460fa374fdc94f22590f/gnocchi.a984674b-3873-4f00-b521-96b4b4e30ae2/1771200000.0_mean_300.0_v3" "tx0c0fa8e848b749ce98fbb-00699a7aa6" "object-server 99151" 0.0003 "-" 98786 0
Feb 21 22:40:22 np0005625961.novalocal object-server[99151]: ::1 - - [22/Feb/2026:03:40:22 +0000] "PUT /3/245916/AUTH_e41560788c7b460fa374fdc94f22590f/gnocchi.a984674b-3873-4f00-b521-96b4b4e30ae2/1771200000.0_mean_300.0_v3" 201 - "PUT https://[::1]:8080/v1/AUTH_e41560788c7b460fa374fdc94f22590f/gnocchi.a984674b-3873-4f00-b521-96b4b4e30ae2/1771200000.0_mean_300.0_v3" "tx0c0fa8e848b749ce98fbb-00699a7aa6" "proxy-server 100218" 0.0120 "-" 99151 0
Feb 21 22:40:22 np0005625961.novalocal object-server[99152]: ::1 - - [22/Feb/2026:03:40:22 +0000] "GET /2/198313/AUTH_e41560788c7b460fa374fdc94f22590f/gnocchi.6a566cf3-4a46-461f-8f2f-035643e0fd64/none_v3" 404 70 "GET https://[::1]:8080/v1/AUTH_e41560788c7b460fa374fdc94f22590f/gnocchi.6a566cf3-4a46-461f-8f2f-035643e0fd64/none_v3" "tx15d4bf5c74b3455d89cd4-00699a7aa6" "proxy-server 100219" 0.0004 "-" 99152 0
Feb 21 22:40:22 np0005625961.novalocal container-server[98785]: ::1 - - [22/Feb/2026:03:40:22 +0000] "PUT /1/67149/AUTH_e41560788c7b460fa374fdc94f22590f/gnocchi.a984674b-3873-4f00-b521-96b4b4e30ae2/1771200000.0_mean_300.0_v3" 201 - "PUT http://[::1]:8080/2/245916/AUTH_e41560788c7b460fa374fdc94f22590f/gnocchi.a984674b-3873-4f00-b521-96b4b4e30ae2/1771200000.0_mean_300.0_v3" "tx0c0fa8e848b749ce98fbb-00699a7aa6" "object-server 99152" 0.0003 "-" 98785 0
Feb 21 22:40:22 np0005625961.novalocal object-server[99152]: ::1 - - [22/Feb/2026:03:40:22 +0000] "PUT /2/245916/AUTH_e41560788c7b460fa374fdc94f22590f/gnocchi.a984674b-3873-4f00-b521-96b4b4e30ae2/1771200000.0_mean_300.0_v3" 201 - "PUT https://[::1]:8080/v1/AUTH_e41560788c7b460fa374fdc94f22590f/gnocchi.a984674b-3873-4f00-b521-96b4b4e30ae2/1771200000.0_mean_300.0_v3" "tx0c0fa8e848b749ce98fbb-00699a7aa6" "proxy-server 100218" 0.0148 "-" 99152 0
Feb 21 22:40:22 np0005625961.novalocal object-server[99151]: ::1 - - [22/Feb/2026:03:40:22 +0000] "GET /3/198313/AUTH_e41560788c7b460fa374fdc94f22590f/gnocchi.6a566cf3-4a46-461f-8f2f-035643e0fd64/none_v3" 404 70 "GET https://[::1]:8080/v1/AUTH_e41560788c7b460fa374fdc94f22590f/gnocchi.6a566cf3-4a46-461f-8f2f-035643e0fd64/none_v3" "tx15d4bf5c74b3455d89cd4-00699a7aa6" "proxy-server 100219" 0.0002 "-" 99151 0
Feb 21 22:40:22 np0005625961.novalocal proxy-server[100218]: ::1 ::1 22/Feb/2026/03/40/22 PUT /v1/AUTH_e41560788c7b460fa374fdc94f22590f/gnocchi.a984674b-3873-4f00-b521-96b4b4e30ae2/1771200000.0_mean_300.0_v3 HTTP/1.0 201 - python-swiftclient-4.8.0 gAAAAABpmnpRlsm9... 16 - - tx0c0fa8e848b749ce98fbb-00699a7aa6 - 0.0227 - - 1771731622.131484509 1771731622.154149055 0 17d6eceedce248e7bcac4363c7b2aeaa
Feb 21 22:40:22 np0005625961.novalocal object-server[99151]: ::1 - - [22/Feb/2026:03:40:22 +0000] "GET /1/198313/AUTH_e41560788c7b460fa374fdc94f22590f/gnocchi.6a566cf3-4a46-461f-8f2f-035643e0fd64/none_v3" 404 70 "GET https://[::1]:8080/v1/AUTH_e41560788c7b460fa374fdc94f22590f/gnocchi.6a566cf3-4a46-461f-8f2f-035643e0fd64/none_v3" "tx15d4bf5c74b3455d89cd4-00699a7aa6" "proxy-server 100219" 0.0001 "-" 99151 0
Feb 21 22:40:22 np0005625961.novalocal proxy-server[100219]: ::1 ::1 22/Feb/2026/03/40/22 GET /v1/AUTH_e41560788c7b460fa374fdc94f22590f/gnocchi.6a566cf3-4a46-461f-8f2f-035643e0fd64/none_v3 HTTP/1.0 404 - python-swiftclient-4.8.0 gAAAAABpmnpTVjhT... - 70 - tx15d4bf5c74b3455d89cd4-00699a7aa6 - 0.0166 - - 1771731622.139246225 1771731622.155879021 0 17d6eceedce248e7bcac4363c7b2aeaa
Feb 21 22:40:22 np0005625961.novalocal account-server[98425]: ::1 - - [22/Feb/2026:03:40:22 +0000] "PUT /3/161627/AUTH_e41560788c7b460fa374fdc94f22590f/gnocchi.6a566cf3-4a46-461f-8f2f-035643e0fd64" 201 - "PUT http://[::1]:6001/2/257189/AUTH_e41560788c7b460fa374fdc94f22590f/gnocchi.6a566cf3-4a46-461f-8f2f-035643e0fd64" "txedd2eae003d34a53ad338-00699a7aa6" "container-server 98786" 0.0044 "-" 98425 0
Feb 21 22:40:22 np0005625961.novalocal container-server[98786]: ::1 - - [22/Feb/2026:03:40:22 +0000] "PUT /2/257189/AUTH_e41560788c7b460fa374fdc94f22590f/gnocchi.6a566cf3-4a46-461f-8f2f-035643e0fd64" 201 - "PUT https://[::1]:8080/v1/AUTH_e41560788c7b460fa374fdc94f22590f/gnocchi.6a566cf3-4a46-461f-8f2f-035643e0fd64" "txedd2eae003d34a53ad338-00699a7aa6" "proxy-server 100219" 0.0131 "-" 98786 0
Feb 21 22:40:22 np0005625961.novalocal container-server[98786]: ::1 - - [22/Feb/2026:03:40:22 +0000] "PUT /1/67149/AUTH_e41560788c7b460fa374fdc94f22590f/gnocchi.a984674b-3873-4f00-b521-96b4b4e30ae2/none_v3" 201 - "PUT http://[::1]:8080/2/196809/AUTH_e41560788c7b460fa374fdc94f22590f/gnocchi.a984674b-3873-4f00-b521-96b4b4e30ae2/none_v3" "txa0c2688246d8488ab8952-00699a7aa6" "object-server 99152" 0.0004 "-" 98786 0
Feb 21 22:40:22 np0005625961.novalocal object-server[99152]: ::1 - - [22/Feb/2026:03:40:22 +0000] "PUT /2/196809/AUTH_e41560788c7b460fa374fdc94f22590f/gnocchi.a984674b-3873-4f00-b521-96b4b4e30ae2/none_v3" 201 - "PUT https://[::1]:8080/v1/AUTH_e41560788c7b460fa374fdc94f22590f/gnocchi.a984674b-3873-4f00-b521-96b4b4e30ae2/none_v3" "txa0c2688246d8488ab8952-00699a7aa6" "proxy-server 100218" 0.0132 "-" 99152 0
Feb 21 22:40:22 np0005625961.novalocal container-server[98785]: ::1 - - [22/Feb/2026:03:40:22 +0000] "PUT /2/67149/AUTH_e41560788c7b460fa374fdc94f22590f/gnocchi.a984674b-3873-4f00-b521-96b4b4e30ae2/none_v3" 201 - "PUT http://[::1]:8080/3/196809/AUTH_e41560788c7b460fa374fdc94f22590f/gnocchi.a984674b-3873-4f00-b521-96b4b4e30ae2/none_v3" "txa0c2688246d8488ab8952-00699a7aa6" "object-server 99151" 0.0003 "-" 98785 0
Feb 21 22:40:22 np0005625961.novalocal object-server[99151]: ::1 - - [22/Feb/2026:03:40:22 +0000] "PUT /3/196809/AUTH_e41560788c7b460fa374fdc94f22590f/gnocchi.a984674b-3873-4f00-b521-96b4b4e30ae2/none_v3" 201 - "PUT https://[::1]:8080/v1/AUTH_e41560788c7b460fa374fdc94f22590f/gnocchi.a984674b-3873-4f00-b521-96b4b4e30ae2/none_v3" "txa0c2688246d8488ab8952-00699a7aa6" "proxy-server 100218" 0.0168 "-" 99151 0
Feb 21 22:40:22 np0005625961.novalocal container-server[98785]: ::1 - - [22/Feb/2026:03:40:22 +0000] "PUT /3/67149/AUTH_e41560788c7b460fa374fdc94f22590f/gnocchi.a984674b-3873-4f00-b521-96b4b4e30ae2/none_v3" 201 - "PUT http://[::1]:8080/1/196809/AUTH_e41560788c7b460fa374fdc94f22590f/gnocchi.a984674b-3873-4f00-b521-96b4b4e30ae2/none_v3" "txa0c2688246d8488ab8952-00699a7aa6" "object-server 99152" 0.0003 "-" 98785 0
Feb 21 22:40:22 np0005625961.novalocal object-server[99152]: ::1 - - [22/Feb/2026:03:40:22 +0000] "PUT /1/196809/AUTH_e41560788c7b460fa374fdc94f22590f/gnocchi.a984674b-3873-4f00-b521-96b4b4e30ae2/none_v3" 201 - "PUT https://[::1]:8080/v1/AUTH_e41560788c7b460fa374fdc94f22590f/gnocchi.a984674b-3873-4f00-b521-96b4b4e30ae2/none_v3" "txa0c2688246d8488ab8952-00699a7aa6" "proxy-server 100218" 0.0168 "-" 99152 0
Feb 21 22:40:22 np0005625961.novalocal proxy-server[100218]: ::1 ::1 22/Feb/2026/03/40/22 PUT /v1/AUTH_e41560788c7b460fa374fdc94f22590f/gnocchi.a984674b-3873-4f00-b521-96b4b4e30ae2/none_v3 HTTP/1.0 201 - python-swiftclient-4.8.0 gAAAAABpmnpRlsm9... 22 - - txa0c2688246d8488ab8952-00699a7aa6 - 0.0261 - - 1771731622.157136440 1771731622.183230877 0 17d6eceedce248e7bcac4363c7b2aeaa
Feb 21 22:40:22 np0005625961.novalocal account-server[98425]: ::1 - - [22/Feb/2026:03:40:22 +0000] "PUT /2/161627/AUTH_e41560788c7b460fa374fdc94f22590f/gnocchi.6a566cf3-4a46-461f-8f2f-035643e0fd64" 201 - "PUT http://[::1]:6001/3/257189/AUTH_e41560788c7b460fa374fdc94f22590f/gnocchi.6a566cf3-4a46-461f-8f2f-035643e0fd64" "txedd2eae003d34a53ad338-00699a7aa6" "container-server 98785" 0.0046 "-" 98425 0
Feb 21 22:40:22 np0005625961.novalocal container-server[98785]: ::1 - - [22/Feb/2026:03:40:22 +0000] "PUT /3/257189/AUTH_e41560788c7b460fa374fdc94f22590f/gnocchi.6a566cf3-4a46-461f-8f2f-035643e0fd64" 201 - "PUT https://[::1]:8080/v1/AUTH_e41560788c7b460fa374fdc94f22590f/gnocchi.6a566cf3-4a46-461f-8f2f-035643e0fd64" "txedd2eae003d34a53ad338-00699a7aa6" "proxy-server 100219" 0.0127 "-" 98785 0
Feb 21 22:40:22 np0005625961.novalocal account-server[98426]: ::1 - - [22/Feb/2026:03:40:22 +0000] "PUT /1/161627/AUTH_e41560788c7b460fa374fdc94f22590f/gnocchi.6a566cf3-4a46-461f-8f2f-035643e0fd64" 201 - "PUT http://[::1]:6001/1/257189/AUTH_e41560788c7b460fa374fdc94f22590f/gnocchi.6a566cf3-4a46-461f-8f2f-035643e0fd64" "txedd2eae003d34a53ad338-00699a7aa6" "container-server 98785" 0.0068 "-" 98426 0
Feb 21 22:40:22 np0005625961.novalocal container-server[98785]: ::1 - - [22/Feb/2026:03:40:22 +0000] "PUT /1/257189/AUTH_e41560788c7b460fa374fdc94f22590f/gnocchi.6a566cf3-4a46-461f-8f2f-035643e0fd64" 201 - "PUT https://[::1]:8080/v1/AUTH_e41560788c7b460fa374fdc94f22590f/gnocchi.6a566cf3-4a46-461f-8f2f-035643e0fd64" "txedd2eae003d34a53ad338-00699a7aa6" "proxy-server 100219" 0.0243 "-" 98785 0
Feb 21 22:40:22 np0005625961.novalocal proxy-server[100219]: ::1 ::1 22/Feb/2026/03/40/22 PUT /v1/AUTH_e41560788c7b460fa374fdc94f22590f/gnocchi.6a566cf3-4a46-461f-8f2f-035643e0fd64 HTTP/1.0 201 - python-swiftclient-4.8.0 gAAAAABpmnpTVjhT... - - - txedd2eae003d34a53ad338-00699a7aa6 - 0.0308 - - 1771731622.157414675 1771731622.188211679 0 17d6eceedce248e7bcac4363c7b2aeaa
Feb 21 22:40:22 np0005625961.novalocal container-server[98785]: ::1 - - [22/Feb/2026:03:40:22 +0000] "HEAD /3/257189/AUTH_e41560788c7b460fa374fdc94f22590f/gnocchi.6a566cf3-4a46-461f-8f2f-035643e0fd64" 204 - "HEAD http://[::1]:8080/v1/AUTH_e41560788c7b460fa374fdc94f22590f/gnocchi.6a566cf3-4a46-461f-8f2f-035643e0fd64" "tx46dbf56c8e8d4a888ee01-00699a7aa6" "proxy-server 100219" 0.0011 "-" 98785 0
Feb 21 22:40:22 np0005625961.novalocal proxy-server[100219]: - - 22/Feb/2026/03/40/22 HEAD /v1/AUTH_e41560788c7b460fa374fdc94f22590f/gnocchi.6a566cf3-4a46-461f-8f2f-035643e0fd64 HTTP/1.0 204 - Swift - - - - tx46dbf56c8e8d4a888ee01-00699a7aa6 - 0.0034 CS - 1771731622.191110373 1771731622.194499016 0 -
Feb 21 22:40:22 np0005625961.novalocal container-server[98786]: ::1 - - [22/Feb/2026:03:40:22 +0000] "GET /3/257189/AUTH_e41560788c7b460fa374fdc94f22590f/gnocchi.6a566cf3-4a46-461f-8f2f-035643e0fd64" 200 2 "GET https://[::1]:8080/v1/AUTH_e41560788c7b460fa374fdc94f22590f/gnocchi.6a566cf3-4a46-461f-8f2f-035643e0fd64?format=json&states=listing" "tx46dbf56c8e8d4a888ee01-00699a7aa6" "proxy-server 100219" 0.0014 "-" 98786 0
Feb 21 22:40:22 np0005625961.novalocal proxy-server[100219]: ::1 ::1 22/Feb/2026/03/40/22 GET /v1/AUTH_e41560788c7b460fa374fdc94f22590f/gnocchi.6a566cf3-4a46-461f-8f2f-035643e0fd64%3Fformat%3Djson%26states%3Dlisting HTTP/1.0 200 - python-swiftclient-4.8.0 gAAAAABpmnpTVjhT... - 2 - tx46dbf56c8e8d4a888ee01-00699a7aa6 - 0.0103 - - 1771731622.190621376 1771731622.200942278 0 17d6eceedce248e7bcac4363c7b2aeaa
Feb 21 22:40:22 np0005625961.novalocal object-server[99152]: ::1 - - [22/Feb/2026:03:40:22 +0000] "GET /2/172493/AUTH_e41560788c7b460fa374fdc94f22590f/gnocchi.6a566cf3-4a46-461f-8f2f-035643e0fd64/1771200000.0_mean_300.0_v3" 404 70 "GET https://[::1]:8080/v1/AUTH_e41560788c7b460fa374fdc94f22590f/gnocchi.6a566cf3-4a46-461f-8f2f-035643e0fd64/1771200000.0_mean_300.0_v3" "tx069d766e6483449694e23-00699a7aa6" "proxy-server 100219" 0.0004 "-" 99152 0
Feb 21 22:40:22 np0005625961.novalocal object-server[99152]: ::1 - - [22/Feb/2026:03:40:22 +0000] "GET /1/172493/AUTH_e41560788c7b460fa374fdc94f22590f/gnocchi.6a566cf3-4a46-461f-8f2f-035643e0fd64/1771200000.0_mean_300.0_v3" 404 70 "GET https://[::1]:8080/v1/AUTH_e41560788c7b460fa374fdc94f22590f/gnocchi.6a566cf3-4a46-461f-8f2f-035643e0fd64/1771200000.0_mean_300.0_v3" "tx069d766e6483449694e23-00699a7aa6" "proxy-server 100219" 0.0002 "-" 99152 0
Feb 21 22:40:22 np0005625961.novalocal object-server[99152]: ::1 - - [22/Feb/2026:03:40:22 +0000] "GET /3/172493/AUTH_e41560788c7b460fa374fdc94f22590f/gnocchi.6a566cf3-4a46-461f-8f2f-035643e0fd64/1771200000.0_mean_300.0_v3" 404 70 "GET https://[::1]:8080/v1/AUTH_e41560788c7b460fa374fdc94f22590f/gnocchi.6a566cf3-4a46-461f-8f2f-035643e0fd64/1771200000.0_mean_300.0_v3" "tx069d766e6483449694e23-00699a7aa6" "proxy-server 100219" 0.0002 "-" 99152 0
Feb 21 22:40:22 np0005625961.novalocal proxy-server[100219]: ::1 ::1 22/Feb/2026/03/40/22 GET /v1/AUTH_e41560788c7b460fa374fdc94f22590f/gnocchi.6a566cf3-4a46-461f-8f2f-035643e0fd64/1771200000.0_mean_300.0_v3 HTTP/1.0 404 - python-swiftclient-4.8.0 gAAAAABpmnpTVjhT... - 70 - tx069d766e6483449694e23-00699a7aa6 - 0.0142 - - 1771731622.203234673 1771731622.217431307 0 17d6eceedce248e7bcac4363c7b2aeaa
Feb 21 22:40:22 np0005625961.novalocal container-server[98785]: ::1 - - [22/Feb/2026:03:40:22 +0000] "HEAD /1/125257/AUTH_e41560788c7b460fa374fdc94f22590f/gnocchi.8b14d8e3-b8e3-4550-96c8-ed84e9aeabf6" 404 - "HEAD http://[::1]:8080/v1/AUTH_e41560788c7b460fa374fdc94f22590f/gnocchi.8b14d8e3-b8e3-4550-96c8-ed84e9aeabf6" "tx283bf445eec649d4b641a-00699a7aa6" "proxy-server 100218" 0.0004 "-" 98785 0
Feb 21 22:40:22 np0005625961.novalocal container-server[98785]: ::1 - - [22/Feb/2026:03:40:22 +0000] "HEAD /3/125257/AUTH_e41560788c7b460fa374fdc94f22590f/gnocchi.8b14d8e3-b8e3-4550-96c8-ed84e9aeabf6" 404 - "HEAD http://[::1]:8080/v1/AUTH_e41560788c7b460fa374fdc94f22590f/gnocchi.8b14d8e3-b8e3-4550-96c8-ed84e9aeabf6" "tx283bf445eec649d4b641a-00699a7aa6" "proxy-server 100218" 0.0002 "-" 98785 0
Feb 21 22:40:22 np0005625961.novalocal container-server[98785]: ::1 - - [22/Feb/2026:03:40:22 +0000] "HEAD /2/125257/AUTH_e41560788c7b460fa374fdc94f22590f/gnocchi.8b14d8e3-b8e3-4550-96c8-ed84e9aeabf6" 404 - "HEAD http://[::1]:8080/v1/AUTH_e41560788c7b460fa374fdc94f22590f/gnocchi.8b14d8e3-b8e3-4550-96c8-ed84e9aeabf6" "tx283bf445eec649d4b641a-00699a7aa6" "proxy-server 100218" 0.0002 "-" 98785 0
Feb 21 22:40:22 np0005625961.novalocal proxy-server[100218]: - - 22/Feb/2026/03/40/22 HEAD /v1/AUTH_e41560788c7b460fa374fdc94f22590f/gnocchi.8b14d8e3-b8e3-4550-96c8-ed84e9aeabf6 HTTP/1.0 404 - Swift - - - - tx283bf445eec649d4b641a-00699a7aa6 - 0.0098 CS - 1771731622.221840143 1771731622.231637716 0 -
Feb 21 22:40:22 np0005625961.novalocal container-server[98786]: ::1 - - [22/Feb/2026:03:40:22 +0000] "PUT /1/257189/AUTH_e41560788c7b460fa374fdc94f22590f/gnocchi.6a566cf3-4a46-461f-8f2f-035643e0fd64/1771200000.0_mean_300.0_v3" 201 - "PUT http://[::1]:8080/1/172493/AUTH_e41560788c7b460fa374fdc94f22590f/gnocchi.6a566cf3-4a46-461f-8f2f-035643e0fd64/1771200000.0_mean_300.0_v3" "tx70b968b2580d4ad383513-00699a7aa6" "object-server 99151" 0.0004 "-" 98786 0
Feb 21 22:40:22 np0005625961.novalocal object-server[99151]: ::1 - - [22/Feb/2026:03:40:22 +0000] "PUT /1/172493/AUTH_e41560788c7b460fa374fdc94f22590f/gnocchi.6a566cf3-4a46-461f-8f2f-035643e0fd64/1771200000.0_mean_300.0_v3" 201 - "PUT https://[::1]:8080/v1/AUTH_e41560788c7b460fa374fdc94f22590f/gnocchi.6a566cf3-4a46-461f-8f2f-035643e0fd64/1771200000.0_mean_300.0_v3" "tx70b968b2580d4ad383513-00699a7aa6" "proxy-server 100219" 0.0111 "-" 99151 0
Feb 21 22:40:22 np0005625961.novalocal object-server[99152]: ::1 - - [22/Feb/2026:03:40:22 +0000] "GET /1/36035/AUTH_e41560788c7b460fa374fdc94f22590f/gnocchi.8b14d8e3-b8e3-4550-96c8-ed84e9aeabf6/none_v3" 404 70 "GET https://[::1]:8080/v1/AUTH_e41560788c7b460fa374fdc94f22590f/gnocchi.8b14d8e3-b8e3-4550-96c8-ed84e9aeabf6/none_v3" "tx283bf445eec649d4b641a-00699a7aa6" "proxy-server 100218" 0.0003 "-" 99152 0
Feb 21 22:40:22 np0005625961.novalocal container-server[98785]: ::1 - - [22/Feb/2026:03:40:22 +0000] "PUT /3/257189/AUTH_e41560788c7b460fa374fdc94f22590f/gnocchi.6a566cf3-4a46-461f-8f2f-035643e0fd64/1771200000.0_mean_300.0_v3" 201 - "PUT http://[::1]:8080/2/172493/AUTH_e41560788c7b460fa374fdc94f22590f/gnocchi.6a566cf3-4a46-461f-8f2f-035643e0fd64/1771200000.0_mean_300.0_v3" "tx70b968b2580d4ad383513-00699a7aa6" "object-server 99152" 0.0005 "-" 98785 0
Feb 21 22:40:22 np0005625961.novalocal object-server[99152]: ::1 - - [22/Feb/2026:03:40:22 +0000] "PUT /2/172493/AUTH_e41560788c7b460fa374fdc94f22590f/gnocchi.6a566cf3-4a46-461f-8f2f-035643e0fd64/1771200000.0_mean_300.0_v3" 201 - "PUT https://[::1]:8080/v1/AUTH_e41560788c7b460fa374fdc94f22590f/gnocchi.6a566cf3-4a46-461f-8f2f-035643e0fd64/1771200000.0_mean_300.0_v3" "tx70b968b2580d4ad383513-00699a7aa6" "proxy-server 100219" 0.0130 "-" 99152 0
Feb 21 22:40:22 np0005625961.novalocal container-server[98785]: ::1 - - [22/Feb/2026:03:40:22 +0000] "PUT /2/257189/AUTH_e41560788c7b460fa374fdc94f22590f/gnocchi.6a566cf3-4a46-461f-8f2f-035643e0fd64/1771200000.0_mean_300.0_v3" 201 - "PUT http://[::1]:8080/3/172493/AUTH_e41560788c7b460fa374fdc94f22590f/gnocchi.6a566cf3-4a46-461f-8f2f-035643e0fd64/1771200000.0_mean_300.0_v3" "tx70b968b2580d4ad383513-00699a7aa6" "object-server 99151" 0.0003 "-" 98785 0
Feb 21 22:40:22 np0005625961.novalocal object-server[99151]: ::1 - - [22/Feb/2026:03:40:22 +0000] "PUT /3/172493/AUTH_e41560788c7b460fa374fdc94f22590f/gnocchi.6a566cf3-4a46-461f-8f2f-035643e0fd64/1771200000.0_mean_300.0_v3" 201 - "PUT https://[::1]:8080/v1/AUTH_e41560788c7b460fa374fdc94f22590f/gnocchi.6a566cf3-4a46-461f-8f2f-035643e0fd64/1771200000.0_mean_300.0_v3" "tx70b968b2580d4ad383513-00699a7aa6" "proxy-server 100219" 0.0151 "-" 99151 0
Feb 21 22:40:22 np0005625961.novalocal object-server[99152]: ::1 - - [22/Feb/2026:03:40:22 +0000] "GET /2/36035/AUTH_e41560788c7b460fa374fdc94f22590f/gnocchi.8b14d8e3-b8e3-4550-96c8-ed84e9aeabf6/none_v3" 404 70 "GET https://[::1]:8080/v1/AUTH_e41560788c7b460fa374fdc94f22590f/gnocchi.8b14d8e3-b8e3-4550-96c8-ed84e9aeabf6/none_v3" "tx283bf445eec649d4b641a-00699a7aa6" "proxy-server 100218" 0.0003 "-" 99152 0
Feb 21 22:40:22 np0005625961.novalocal proxy-server[100219]: ::1 ::1 22/Feb/2026/03/40/22 PUT /v1/AUTH_e41560788c7b460fa374fdc94f22590f/gnocchi.6a566cf3-4a46-461f-8f2f-035643e0fd64/1771200000.0_mean_300.0_v3 HTTP/1.0 201 - python-swiftclient-4.8.0 gAAAAABpmnpTVjhT... 16 - - tx70b968b2580d4ad383513-00699a7aa6 - 0.0195 - - 1771731622.220104694 1771731622.239558697 0 17d6eceedce248e7bcac4363c7b2aeaa
Feb 21 22:40:22 np0005625961.novalocal object-server[99151]: ::1 - - [22/Feb/2026:03:40:22 +0000] "GET /3/36035/AUTH_e41560788c7b460fa374fdc94f22590f/gnocchi.8b14d8e3-b8e3-4550-96c8-ed84e9aeabf6/none_v3" 404 70 "GET https://[::1]:8080/v1/AUTH_e41560788c7b460fa374fdc94f22590f/gnocchi.8b14d8e3-b8e3-4550-96c8-ed84e9aeabf6/none_v3" "tx283bf445eec649d4b641a-00699a7aa6" "proxy-server 100218" 0.0002 "-" 99151 0
Feb 21 22:40:22 np0005625961.novalocal proxy-server[100218]: ::1 ::1 22/Feb/2026/03/40/22 GET /v1/AUTH_e41560788c7b460fa374fdc94f22590f/gnocchi.8b14d8e3-b8e3-4550-96c8-ed84e9aeabf6/none_v3 HTTP/1.0 404 - python-swiftclient-4.8.0 gAAAAABpmnpRlsm9... - 70 - tx283bf445eec649d4b641a-00699a7aa6 - 0.0220 - - 1771731622.221052408 1771731622.243016481 0 17d6eceedce248e7bcac4363c7b2aeaa
Feb 21 22:40:22 np0005625961.novalocal container-server[98785]: ::1 - - [22/Feb/2026:03:40:22 +0000] "PUT /3/257189/AUTH_e41560788c7b460fa374fdc94f22590f/gnocchi.6a566cf3-4a46-461f-8f2f-035643e0fd64/none_v3" 201 - "PUT http://[::1]:8080/2/198313/AUTH_e41560788c7b460fa374fdc94f22590f/gnocchi.6a566cf3-4a46-461f-8f2f-035643e0fd64/none_v3" "tx6f5dca7bc9a146008557a-00699a7aa6" "object-server 99152" 0.0006 "-" 98785 0
Feb 21 22:40:22 np0005625961.novalocal account-server[98426]: ::1 - - [22/Feb/2026:03:40:22 +0000] "PUT /3/161627/AUTH_e41560788c7b460fa374fdc94f22590f/gnocchi.8b14d8e3-b8e3-4550-96c8-ed84e9aeabf6" 201 - "PUT http://[::1]:6001/1/125257/AUTH_e41560788c7b460fa374fdc94f22590f/gnocchi.8b14d8e3-b8e3-4550-96c8-ed84e9aeabf6" "tx8ee1e0908d734a94ac6cf-00699a7aa6" "container-server 98786" 0.0038 "-" 98426 0
Feb 21 22:40:22 np0005625961.novalocal container-server[98785]: ::1 - - [22/Feb/2026:03:40:22 +0000] "PUT /2/257189/AUTH_e41560788c7b460fa374fdc94f22590f/gnocchi.6a566cf3-4a46-461f-8f2f-035643e0fd64/none_v3" 201 - "PUT http://[::1]:8080/1/198313/AUTH_e41560788c7b460fa374fdc94f22590f/gnocchi.6a566cf3-4a46-461f-8f2f-035643e0fd64/none_v3" "tx6f5dca7bc9a146008557a-00699a7aa6" "object-server 99151" 0.0003 "-" 98785 0
Feb 21 22:40:22 np0005625961.novalocal container-server[98786]: ::1 - - [22/Feb/2026:03:40:22 +0000] "PUT /1/257189/AUTH_e41560788c7b460fa374fdc94f22590f/gnocchi.6a566cf3-4a46-461f-8f2f-035643e0fd64/none_v3" 201 - "PUT http://[::1]:8080/3/198313/AUTH_e41560788c7b460fa374fdc94f22590f/gnocchi.6a566cf3-4a46-461f-8f2f-035643e0fd64/none_v3" "tx6f5dca7bc9a146008557a-00699a7aa6" "object-server 99152" 0.0003 "-" 98786 0
Feb 21 22:40:22 np0005625961.novalocal container-server[98786]: ::1 - - [22/Feb/2026:03:40:22 +0000] "PUT /1/125257/AUTH_e41560788c7b460fa374fdc94f22590f/gnocchi.8b14d8e3-b8e3-4550-96c8-ed84e9aeabf6" 201 - "PUT https://[::1]:8080/v1/AUTH_e41560788c7b460fa374fdc94f22590f/gnocchi.8b14d8e3-b8e3-4550-96c8-ed84e9aeabf6" "tx8ee1e0908d734a94ac6cf-00699a7aa6" "proxy-server 100218" 0.0123 "-" 98786 0
Feb 21 22:40:22 np0005625961.novalocal object-server[99151]: ::1 - - [22/Feb/2026:03:40:22 +0000] "PUT /1/198313/AUTH_e41560788c7b460fa374fdc94f22590f/gnocchi.6a566cf3-4a46-461f-8f2f-035643e0fd64/none_v3" 201 - "PUT https://[::1]:8080/v1/AUTH_e41560788c7b460fa374fdc94f22590f/gnocchi.6a566cf3-4a46-461f-8f2f-035643e0fd64/none_v3" "tx6f5dca7bc9a146008557a-00699a7aa6" "proxy-server 100219" 0.0157 "-" 99151 0
Feb 21 22:40:22 np0005625961.novalocal object-server[99152]: ::1 - - [22/Feb/2026:03:40:22 +0000] "PUT /3/198313/AUTH_e41560788c7b460fa374fdc94f22590f/gnocchi.6a566cf3-4a46-461f-8f2f-035643e0fd64/none_v3" 201 - "PUT https://[::1]:8080/v1/AUTH_e41560788c7b460fa374fdc94f22590f/gnocchi.6a566cf3-4a46-461f-8f2f-035643e0fd64/none_v3" "tx6f5dca7bc9a146008557a-00699a7aa6" "proxy-server 100219" 0.0174 "-" 99152 0
Feb 21 22:40:22 np0005625961.novalocal account-server[98426]: ::1 - - [22/Feb/2026:03:40:22 +0000] "PUT /2/161627/AUTH_e41560788c7b460fa374fdc94f22590f/gnocchi.8b14d8e3-b8e3-4550-96c8-ed84e9aeabf6" 201 - "PUT http://[::1]:6001/2/125257/AUTH_e41560788c7b460fa374fdc94f22590f/gnocchi.8b14d8e3-b8e3-4550-96c8-ed84e9aeabf6" "tx8ee1e0908d734a94ac6cf-00699a7aa6" "container-server 98785" 0.0036 "-" 98426 0
Feb 21 22:40:22 np0005625961.novalocal container-server[98785]: ::1 - - [22/Feb/2026:03:40:22 +0000] "PUT /2/125257/AUTH_e41560788c7b460fa374fdc94f22590f/gnocchi.8b14d8e3-b8e3-4550-96c8-ed84e9aeabf6" 201 - "PUT https://[::1]:8080/v1/AUTH_e41560788c7b460fa374fdc94f22590f/gnocchi.8b14d8e3-b8e3-4550-96c8-ed84e9aeabf6" "tx8ee1e0908d734a94ac6cf-00699a7aa6" "proxy-server 100218" 0.0153 "-" 98785 0
Feb 21 22:40:22 np0005625961.novalocal object-server[99152]: ::1 - - [22/Feb/2026:03:40:22 +0000] "PUT /2/198313/AUTH_e41560788c7b460fa374fdc94f22590f/gnocchi.6a566cf3-4a46-461f-8f2f-035643e0fd64/none_v3" 201 - "PUT https://[::1]:8080/v1/AUTH_e41560788c7b460fa374fdc94f22590f/gnocchi.6a566cf3-4a46-461f-8f2f-035643e0fd64/none_v3" "tx6f5dca7bc9a146008557a-00699a7aa6" "proxy-server 100219" 0.0197 "-" 99152 0
Feb 21 22:40:22 np0005625961.novalocal proxy-server[100219]: ::1 ::1 22/Feb/2026/03/40/22 PUT /v1/AUTH_e41560788c7b460fa374fdc94f22590f/gnocchi.6a566cf3-4a46-461f-8f2f-035643e0fd64/none_v3 HTTP/1.0 201 - python-swiftclient-4.8.0 gAAAAABpmnpTVjhT... 22 - - tx6f5dca7bc9a146008557a-00699a7aa6 - 0.0265 - - 1771731622.242327213 1771731622.268827200 0 17d6eceedce248e7bcac4363c7b2aeaa
Feb 21 22:40:22 np0005625961.novalocal account-server[98425]: ::1 - - [22/Feb/2026:03:40:22 +0000] "PUT /1/161627/AUTH_e41560788c7b460fa374fdc94f22590f/gnocchi.8b14d8e3-b8e3-4550-96c8-ed84e9aeabf6" 201 - "PUT http://[::1]:6001/3/125257/AUTH_e41560788c7b460fa374fdc94f22590f/gnocchi.8b14d8e3-b8e3-4550-96c8-ed84e9aeabf6" "tx8ee1e0908d734a94ac6cf-00699a7aa6" "container-server 98786" 0.0074 "-" 98425 0
