Feb 21 22:40:05 np0005625961.novalocal container-server[98785]: ::1 - - [22/Feb/2026:03:40:05 +0000] "PUT /2/208210/AUTH_e41560788c7b460fa374fdc94f22590f/gnocchi.6929eeb9-1f14-4061-8a1d-f349252682f3/1771200000.0_mean_300.0_v3" 201 - "PUT http://[::1]:8080/2/10401/AUTH_e41560788c7b460fa374fdc94f22590f/gnocchi.6929eeb9-1f14-4061-8a1d-f349252682f3/1771200000.0_mean_300.0_v3" "txd4c291e67c6048e5ab821-00699a7a95" "object-server 99152" 0.0005 "-" 98785 0
Feb 21 22:40:05 np0005625961.novalocal object-server[99152]: ::1 - - [22/Feb/2026:03:40:05 +0000] "PUT /2/10401/AUTH_e41560788c7b460fa374fdc94f22590f/gnocchi.6929eeb9-1f14-4061-8a1d-f349252682f3/1771200000.0_mean_300.0_v3" 201 - "PUT https://[::1]:8080/v1/AUTH_e41560788c7b460fa374fdc94f22590f/gnocchi.6929eeb9-1f14-4061-8a1d-f349252682f3/1771200000.0_mean_300.0_v3" "txd4c291e67c6048e5ab821-00699a7a95" "proxy-server 100218" 0.0315 "-" 99152 0
Feb 21 22:40:05 np0005625961.novalocal proxy-server[100218]: ::1 ::1 22/Feb/2026/03/40/05 PUT /v1/AUTH_e41560788c7b460fa374fdc94f22590f/gnocchi.6929eeb9-1f14-4061-8a1d-f349252682f3/1771200000.0_mean_300.0_v3 HTTP/1.0 201 - python-swiftclient-4.8.0 gAAAAABpmnpRlsm9... 18 - - txd4c291e67c6048e5ab821-00699a7a95 - 0.0465 - - 1771731605.872934580 1771731605.919410944 0 17d6eceedce248e7bcac4363c7b2aeaa
Feb 21 22:40:05 np0005625961.novalocal container-server[98785]: ::1 - - [22/Feb/2026:03:40:05 +0000] "PUT /3/208210/AUTH_e41560788c7b460fa374fdc94f22590f/gnocchi.6929eeb9-1f14-4061-8a1d-f349252682f3/none_v3" 201 - "PUT http://[::1]:8080/2/75039/AUTH_e41560788c7b460fa374fdc94f22590f/gnocchi.6929eeb9-1f14-4061-8a1d-f349252682f3/none_v3" "tx115539800394475dbea29-00699a7a95" "object-server 99152" 0.0006 "-" 98785 0
Feb 21 22:40:05 np0005625961.novalocal container-server[98786]: ::1 - - [22/Feb/2026:03:40:05 +0000] "PUT /1/208210/AUTH_e41560788c7b460fa374fdc94f22590f/gnocchi.6929eeb9-1f14-4061-8a1d-f349252682f3/none_v3" 201 - "PUT http://[::1]:8080/3/75039/AUTH_e41560788c7b460fa374fdc94f22590f/gnocchi.6929eeb9-1f14-4061-8a1d-f349252682f3/none_v3" "tx115539800394475dbea29-00699a7a95" "object-server 99151" 0.0005 "-" 98786 0
Feb 21 22:40:05 np0005625961.novalocal object-server[99151]: ::1 - - [22/Feb/2026:03:40:05 +0000] "PUT /3/75039/AUTH_e41560788c7b460fa374fdc94f22590f/gnocchi.6929eeb9-1f14-4061-8a1d-f349252682f3/none_v3" 201 - "PUT https://[::1]:8080/v1/AUTH_e41560788c7b460fa374fdc94f22590f/gnocchi.6929eeb9-1f14-4061-8a1d-f349252682f3/none_v3" "tx115539800394475dbea29-00699a7a95" "proxy-server 100218" 0.0128 "-" 99151 0
Feb 21 22:40:05 np0005625961.novalocal object-server[99152]: ::1 - - [22/Feb/2026:03:40:05 +0000] "PUT /2/75039/AUTH_e41560788c7b460fa374fdc94f22590f/gnocchi.6929eeb9-1f14-4061-8a1d-f349252682f3/none_v3" 201 - "PUT https://[::1]:8080/v1/AUTH_e41560788c7b460fa374fdc94f22590f/gnocchi.6929eeb9-1f14-4061-8a1d-f349252682f3/none_v3" "tx115539800394475dbea29-00699a7a95" "proxy-server 100218" 0.0148 "-" 99152 0
Feb 21 22:40:05 np0005625961.novalocal container-server[98785]: ::1 - - [22/Feb/2026:03:40:05 +0000] "PUT /2/208210/AUTH_e41560788c7b460fa374fdc94f22590f/gnocchi.6929eeb9-1f14-4061-8a1d-f349252682f3/none_v3" 201 - "PUT http://[::1]:8080/1/75039/AUTH_e41560788c7b460fa374fdc94f22590f/gnocchi.6929eeb9-1f14-4061-8a1d-f349252682f3/none_v3" "tx115539800394475dbea29-00699a7a95" "object-server 99152" 0.0005 "-" 98785 0
Feb 21 22:40:05 np0005625961.novalocal object-server[99152]: ::1 - - [22/Feb/2026:03:40:05 +0000] "PUT /1/75039/AUTH_e41560788c7b460fa374fdc94f22590f/gnocchi.6929eeb9-1f14-4061-8a1d-f349252682f3/none_v3" 201 - "PUT https://[::1]:8080/v1/AUTH_e41560788c7b460fa374fdc94f22590f/gnocchi.6929eeb9-1f14-4061-8a1d-f349252682f3/none_v3" "tx115539800394475dbea29-00699a7a95" "proxy-server 100218" 0.0173 "-" 99152 0
Feb 21 22:40:05 np0005625961.novalocal proxy-server[100218]: ::1 ::1 22/Feb/2026/03/40/05 PUT /v1/AUTH_e41560788c7b460fa374fdc94f22590f/gnocchi.6929eeb9-1f14-4061-8a1d-f349252682f3/none_v3 HTTP/1.0 201 - python-swiftclient-4.8.0 gAAAAABpmnpRlsm9... 22 - - tx115539800394475dbea29-00699a7a95 - 0.0308 - - 1771731605.923719883 1771731605.954509258 0 17d6eceedce248e7bcac4363c7b2aeaa
Feb 21 22:40:05 np0005625961.novalocal dnsmasq-dhcp[106046]: DHCPRELEASE(tapccec340a-c3) 10.100.0.8 fa:16:3e:cf:0a:2a
Feb 21 22:40:06 np0005625961.novalocal dnsmasq-dhcp[106046]: DHCPRELEASE(tapccec340a-c3) 10.100.0.8 fa:16:3e:cf:0a:2a unknown lease
Feb 21 22:40:06 np0005625961.novalocal dnsmasq[106046]: read /var/lib/neutron/dhcp/ec68f9e8-955e-4357-8a89-83dd814883bc/addn_hosts - 1 addresses
Feb 21 22:40:06 np0005625961.novalocal dnsmasq-dhcp[106046]: read /var/lib/neutron/dhcp/ec68f9e8-955e-4357-8a89-83dd814883bc/host
Feb 21 22:40:06 np0005625961.novalocal dnsmasq-dhcp[106046]: read /var/lib/neutron/dhcp/ec68f9e8-955e-4357-8a89-83dd814883bc/opts
Feb 21 22:40:07 np0005625961.novalocal object-auditor[107203]: Object audit (ALL) "forever" mode completed: 15.36s. Total quarantined: 0, Total errors: 0, Total files/sec: 10.16, Total bytes/sec: 8372234.25, Auditing time: 15.33, Rate: 1.00
Feb 21 22:40:07 np0005625961.novalocal NetworkManager[868]: [1771731607.7220] manager: (qbr054f7ab8-5b): new Bridge device (/org/freedesktop/NetworkManager/Devices/37)
Feb 21 22:40:07 np0005625961.novalocal NetworkManager[868]: [1771731607.7342] manager: (qvo054f7ab8-5b): new Veth device (/org/freedesktop/NetworkManager/Devices/38)
Feb 21 22:40:07 np0005625961.novalocal NetworkManager[868]: [1771731607.7358] manager: (qvb054f7ab8-5b): new Veth device (/org/freedesktop/NetworkManager/Devices/39)
Feb 21 22:40:07 np0005625961.novalocal NetworkManager[868]: [1771731607.7416] device (qvo054f7ab8-5b): carrier: link connected
Feb 21 22:40:07 np0005625961.novalocal NetworkManager[868]: [1771731607.7418] device (qvb054f7ab8-5b): carrier: link connected
Feb 21 22:40:07 np0005625961.novalocal kernel: qbr054f7ab8-5b: port 1(qvb054f7ab8-5b) entered blocking state
Feb 21 22:40:07 np0005625961.novalocal kernel: qbr054f7ab8-5b: port 1(qvb054f7ab8-5b) entered disabled state
Feb 21 22:40:07 np0005625961.novalocal kernel: qvb054f7ab8-5b: entered allmulticast mode
Feb 21 22:40:07 np0005625961.novalocal kernel: qvb054f7ab8-5b: entered promiscuous mode
Feb 21 22:40:07 np0005625961.novalocal kernel: qbr054f7ab8-5b: port 1(qvb054f7ab8-5b) entered blocking state
Feb 21 22:40:07 np0005625961.novalocal kernel: qbr054f7ab8-5b: port 1(qvb054f7ab8-5b) entered forwarding state
Feb 21 22:40:07 np0005625961.novalocal NetworkManager[868]: [1771731607.7519] device (qbr054f7ab8-5b): carrier: link connected
Feb 21 22:40:07 np0005625961.novalocal systemd-udevd[107635]: Network interface NamePolicy= disabled on kernel command line.
Feb 21 22:40:07 np0005625961.novalocal systemd-udevd[107636]: Network interface NamePolicy= disabled on kernel command line.
Feb 21 22:40:07 np0005625961.novalocal systemd-udevd[107637]: Network interface NamePolicy= disabled on kernel command line.
Feb 21 22:40:07 np0005625961.novalocal kernel: qvo054f7ab8-5b: entered promiscuous mode
Feb 21 22:40:07 np0005625961.novalocal NetworkManager[868]: [1771731607.7935] device (qbr054f7ab8-5b): state change: unmanaged -> unavailable (reason 'connection-assumed', managed-type: 'external')
Feb 21 22:40:07 np0005625961.novalocal NetworkManager[868]: [1771731607.7942] device (qbr054f7ab8-5b): state change: unavailable -> disconnected (reason 'connection-assumed', managed-type: 'external')
Feb 21 22:40:07 np0005625961.novalocal NetworkManager[868]: [1771731607.7952] device (qbr054f7ab8-5b): Activation: starting connection 'qbr054f7ab8-5b' (c063bb66-bcbb-42fa-ac26-f413b98b9604)
Feb 21 22:40:07 np0005625961.novalocal NetworkManager[868]: [1771731607.7954] device (qbr054f7ab8-5b): state change: disconnected -> prepare (reason 'none', managed-type: 'external')
Feb 21 22:40:07 np0005625961.novalocal NetworkManager[868]: [1771731607.7968] device (qbr054f7ab8-5b): state change: prepare -> config (reason 'none', managed-type: 'external')
Feb 21 22:40:07 np0005625961.novalocal NetworkManager[868]: [1771731607.7971] device (qbr054f7ab8-5b): state change: config -> ip-config (reason 'none', managed-type: 'external')
Feb 21 22:40:07 np0005625961.novalocal NetworkManager[868]: [1771731607.7973] device (qbr054f7ab8-5b): state change: ip-config -> ip-check (reason 'none', managed-type: 'external')
Feb 21 22:40:07 np0005625961.novalocal NetworkManager[868]: [1771731607.7997] device (qbr054f7ab8-5b): state change: ip-check -> secondaries (reason 'none', managed-type: 'external')
Feb 21 22:40:07 np0005625961.novalocal NetworkManager[868]: [1771731607.7998] device (qbr054f7ab8-5b): state change: secondaries -> activated (reason 'none', managed-type: 'external')
Feb 21 22:40:07 np0005625961.novalocal NetworkManager[868]: [1771731607.8002] device (qbr054f7ab8-5b): Activation: successful, device activated.
Feb 21 22:40:07 np0005625961.novalocal systemd[1]: iscsi.service: Unit cannot be reloaded because it is inactive.
Feb 21 22:40:09 np0005625961.novalocal kernel: qbr054f7ab8-5b: port 2(tap054f7ab8-5b) entered blocking state
Feb 21 22:40:09 np0005625961.novalocal kernel: qbr054f7ab8-5b: port 2(tap054f7ab8-5b) entered disabled state
Feb 21 22:40:09 np0005625961.novalocal kernel: tap054f7ab8-5b: entered allmulticast mode
Feb 21 22:40:09 np0005625961.novalocal kernel: tap054f7ab8-5b: entered promiscuous mode
Feb 21 22:40:09 np0005625961.novalocal kernel: qbr054f7ab8-5b: port 2(tap054f7ab8-5b) entered blocking state
Feb 21 22:40:09 np0005625961.novalocal kernel: qbr054f7ab8-5b: port 2(tap054f7ab8-5b) entered forwarding state
Feb 21 22:40:09 np0005625961.novalocal NetworkManager[868]: [1771731609.3701] manager: (tap054f7ab8-5b): new Tun device (/org/freedesktop/NetworkManager/Devices/40)
Feb 21 22:40:09 np0005625961.novalocal systemd-udevd[107652]: Network interface NamePolicy= disabled on kernel command line.
Feb 21 22:40:09 np0005625961.novalocal virtqemud[101703]: Domain id=4 name='instance-00000004' uuid=e0cba50c-9db6-44b7-aae9-ed0a6f1a1268 is tainted: deprecated-config (machine type 'pc-i440fx-rhel7.6.0')
Feb 21 22:40:09 np0005625961.novalocal virtqemud[101703]: Domain id=4 name='instance-00000004' uuid=e0cba50c-9db6-44b7-aae9-ed0a6f1a1268 is tainted: deprecated-config (CPU model 'qemu64')
Feb 21 22:40:09 np0005625961.novalocal NetworkManager[868]: [1771731609.3867] device (tap054f7ab8-5b): state change: unmanaged -> unavailable (reason 'connection-assumed', managed-type: 'external')
Feb 21 22:40:09 np0005625961.novalocal NetworkManager[868]: [1771731609.3876] device (tap054f7ab8-5b): state change: unavailable -> disconnected (reason 'connection-assumed', managed-type: 'external')
Feb 21 22:40:09 np0005625961.novalocal NetworkManager[868]: [1771731609.3887] device (tap054f7ab8-5b): Activation: starting connection 'tap054f7ab8-5b' (2faa22ca-2921-49bc-914e-84ea86e59858)
Feb 21 22:40:09 np0005625961.novalocal NetworkManager[868]: [1771731609.3889] device (tap054f7ab8-5b): state change: disconnected -> prepare (reason 'none', managed-type: 'external')
Feb 21 22:40:09 np0005625961.novalocal NetworkManager[868]: [1771731609.3893] device (tap054f7ab8-5b): state change: prepare -> config (reason 'none', managed-type: 'external')
Feb 21 22:40:09 np0005625961.novalocal NetworkManager[868]: [1771731609.3896] device (tap054f7ab8-5b): state change: config -> ip-config (reason 'none', managed-type: 'external')
Feb 21 22:40:09 np0005625961.novalocal NetworkManager[868]: [1771731609.3898] device (qbr054f7ab8-5b): bridge port tap054f7ab8-5b was attached
Feb 21 22:40:09 np0005625961.novalocal NetworkManager[868]: [1771731609.3898] device (tap054f7ab8-5b): Activation: connection 'tap054f7ab8-5b' attached as port, continuing activation
Feb 21 22:40:09 np0005625961.novalocal NetworkManager[868]: [1771731609.3901] device (tap054f7ab8-5b): state change: ip-config -> ip-check (reason 'none', managed-type: 'external')
Feb 21 22:40:09 np0005625961.novalocal NetworkManager[868]: [1771731609.3920] device (tap054f7ab8-5b): state change: ip-check -> secondaries (reason 'none', managed-type: 'external')
Feb 21 22:40:09 np0005625961.novalocal NetworkManager[868]: [1771731609.3922] device (tap054f7ab8-5b): state change: secondaries -> activated (reason 'none', managed-type: 'external')
Feb 21 22:40:09 np0005625961.novalocal NetworkManager[868]: [1771731609.3930] device (tap054f7ab8-5b): Activation: successful, device activated.
Feb 21 22:40:09 np0005625961.novalocal systemd-machined[95225]: New machine qemu-4-instance-00000004.
Feb 21 22:40:09 np0005625961.novalocal systemd[1]: Started Virtual Machine qemu-4-instance-00000004.
Feb 21 22:40:09 np0005625961.novalocal systemd[1]: iscsi.service: Unit cannot be reloaded because it is inactive.
Feb 21 22:40:10 np0005625961.novalocal object-server[99151]: ::1 - - [22/Feb/2026:03:40:10 +0000] "GET /3/241465/AUTH_e41560788c7b460fa374fdc94f22590f/gnocchi.1f6ca75c-146d-46f0-9d2b-a29ffb96ae8f/none_v3" 200 22 "GET https://[::1]:8080/v1/AUTH_e41560788c7b460fa374fdc94f22590f/gnocchi.1f6ca75c-146d-46f0-9d2b-a29ffb96ae8f/none_v3" "tx08d0cbd9702b4df59d2f5-00699a7a9a" "proxy-server 100218" 0.0013 "-" 99151 0
Feb 21 22:40:10 np0005625961.novalocal proxy-server[100218]: ::1 ::1 22/Feb/2026/03/40/10 GET /v1/AUTH_e41560788c7b460fa374fdc94f22590f/gnocchi.1f6ca75c-146d-46f0-9d2b-a29ffb96ae8f/none_v3 HTTP/1.0 200 - python-swiftclient-4.8.0 gAAAAABpmnpRlsm9... - 22 - tx08d0cbd9702b4df59d2f5-00699a7a9a - 0.0087 - - 1771731610.123430490 1771731610.132136822 0 17d6eceedce248e7bcac4363c7b2aeaa
Feb 21 22:40:10 np0005625961.novalocal container-server[98785]: ::1 - - [22/Feb/2026:03:40:10 +0000] "GET /1/23514/AUTH_e41560788c7b460fa374fdc94f22590f/gnocchi.1f6ca75c-146d-46f0-9d2b-a29ffb96ae8f" 200 357 "GET https://[::1]:8080/v1/AUTH_e41560788c7b460fa374fdc94f22590f/gnocchi.1f6ca75c-146d-46f0-9d2b-a29ffb96ae8f?format=json&states=listing" "txb22965730a3042d0891a3-00699a7a9a" "proxy-server 100218" 0.0083 "-" 98785 0
Feb 21 22:40:10 np0005625961.novalocal proxy-server[100218]: ::1 ::1 22/Feb/2026/03/40/10 GET /v1/AUTH_e41560788c7b460fa374fdc94f22590f/gnocchi.1f6ca75c-146d-46f0-9d2b-a29ffb96ae8f%3Fformat%3Djson%26states%3Dlisting HTTP/1.0 200 - python-swiftclient-4.8.0 gAAAAABpmnpRlsm9... - 357 - txb22965730a3042d0891a3-00699a7a9a - 0.0153 - - 1771731610.136334181 1771731610.151677608 0 17d6eceedce248e7bcac4363c7b2aeaa
Feb 21 22:40:10 np0005625961.novalocal container-server[98786]: ::1 - - [22/Feb/2026:03:40:10 +0000] "GET /1/23514/AUTH_e41560788c7b460fa374fdc94f22590f/gnocchi.1f6ca75c-146d-46f0-9d2b-a29ffb96ae8f" 200 2 "GET https://[::1]:8080/v1/AUTH_e41560788c7b460fa374fdc94f22590f/gnocchi.1f6ca75c-146d-46f0-9d2b-a29ffb96ae8f?format=json&marker=none_v3&states=listing" "tx99dc6e1fe09a4345894b9-00699a7a9a" "proxy-server 100218" 0.0028 "-" 98786 0
Feb 21 22:40:10 np0005625961.novalocal proxy-server[100218]: ::1 ::1 22/Feb/2026/03/40/10 GET /v1/AUTH_e41560788c7b460fa374fdc94f22590f/gnocchi.1f6ca75c-146d-46f0-9d2b-a29ffb96ae8f%3Fformat%3Djson%26marker%3Dnone_v3%26states%3Dlisting HTTP/1.0 200 - python-swiftclient-4.8.0 gAAAAABpmnpRlsm9... - 2 - tx99dc6e1fe09a4345894b9-00699a7a9a - 0.0096 - - 1771731610.154489517 1771731610.164086103 0 17d6eceedce248e7bcac4363c7b2aeaa
Feb 21 22:40:10 np0005625961.novalocal object-server[99151]: ::1 - - [22/Feb/2026:03:40:10 +0000] "GET /3/174739/AUTH_e41560788c7b460fa374fdc94f22590f/gnocchi.1f6ca75c-146d-46f0-9d2b-a29ffb96ae8f/1771200000.0_mean_300.0_v3" 200 23 "GET https://[::1]:8080/v1/AUTH_e41560788c7b460fa374fdc94f22590f/gnocchi.1f6ca75c-146d-46f0-9d2b-a29ffb96ae8f/1771200000.0_mean_300.0_v3" "txb4f3ca29752c4b15a5a62-00699a7a9a" "proxy-server 100218" 0.0009 "-" 99151 0
Feb 21 22:40:10 np0005625961.novalocal proxy-server[100218]: ::1 ::1 22/Feb/2026/03/40/10 GET /v1/AUTH_e41560788c7b460fa374fdc94f22590f/gnocchi.1f6ca75c-146d-46f0-9d2b-a29ffb96ae8f/1771200000.0_mean_300.0_v3 HTTP/1.0 200 - python-swiftclient-4.8.0 gAAAAABpmnpRlsm9... - 23 - txb4f3ca29752c4b15a5a62-00699a7a9a - 0.0074 - - 1771731610.167838097 1771731610.175215721 0 17d6eceedce248e7bcac4363c7b2aeaa
Feb 21 22:40:10 np0005625961.novalocal container-server[98786]: ::1 - - [22/Feb/2026:03:40:10 +0000] "PUT /1/23514/AUTH_e41560788c7b460fa374fdc94f22590f/gnocchi.1f6ca75c-146d-46f0-9d2b-a29ffb96ae8f/1771200000.0_mean_300.0_v3" 201 - "PUT http://[::1]:8080/1/174739/AUTH_e41560788c7b460fa374fdc94f22590f/gnocchi.1f6ca75c-146d-46f0-9d2b-a29ffb96ae8f/1771200000.0_mean_300.0_v3" "txca5822a8cd93473c853ee-00699a7a9a" "object-server 99151" 0.0005 "-" 98786 0
Feb 21 22:40:10 np0005625961.novalocal container-server[98785]: ::1 - - [22/Feb/2026:03:40:10 +0000] "PUT /3/23514/AUTH_e41560788c7b460fa374fdc94f22590f/gnocchi.1f6ca75c-146d-46f0-9d2b-a29ffb96ae8f/1771200000.0_mean_300.0_v3" 201 - "PUT http://[::1]:8080/3/174739/AUTH_e41560788c7b460fa374fdc94f22590f/gnocchi.1f6ca75c-146d-46f0-9d2b-a29ffb96ae8f/1771200000.0_mean_300.0_v3" "txca5822a8cd93473c853ee-00699a7a9a" "object-server 99151" 0.0008 "-" 98785 0
Feb 21 22:40:10 np0005625961.novalocal object-server[99151]: ::1 - - [22/Feb/2026:03:40:10 +0000] "PUT /1/174739/AUTH_e41560788c7b460fa374fdc94f22590f/gnocchi.1f6ca75c-146d-46f0-9d2b-a29ffb96ae8f/1771200000.0_mean_300.0_v3" 201 - "PUT https://[::1]:8080/v1/AUTH_e41560788c7b460fa374fdc94f22590f/gnocchi.1f6ca75c-146d-46f0-9d2b-a29ffb96ae8f/1771200000.0_mean_300.0_v3" "txca5822a8cd93473c853ee-00699a7a9a" "proxy-server 100218" 0.0174 "-" 99151 0
Feb 21 22:40:10 np0005625961.novalocal container-server[98786]: ::1 - - [22/Feb/2026:03:40:10 +0000] "PUT /2/23514/AUTH_e41560788c7b460fa374fdc94f22590f/gnocchi.1f6ca75c-146d-46f0-9d2b-a29ffb96ae8f/1771200000.0_mean_300.0_v3" 201 - "PUT http://[::1]:8080/2/174739/AUTH_e41560788c7b460fa374fdc94f22590f/gnocchi.1f6ca75c-146d-46f0-9d2b-a29ffb96ae8f/1771200000.0_mean_300.0_v3" "txca5822a8cd93473c853ee-00699a7a9a" "object-server 99151" 0.0005 "-" 98786 0
Feb 21 22:40:10 np0005625961.novalocal object-server[99151]: ::1 - - [22/Feb/2026:03:40:10 +0000] "PUT /3/174739/AUTH_e41560788c7b460fa374fdc94f22590f/gnocchi.1f6ca75c-146d-46f0-9d2b-a29ffb96ae8f/1771200000.0_mean_300.0_v3" 201 - "PUT https://[::1]:8080/v1/AUTH_e41560788c7b460fa374fdc94f22590f/gnocchi.1f6ca75c-146d-46f0-9d2b-a29ffb96ae8f/1771200000.0_mean_300.0_v3" "txca5822a8cd93473c853ee-00699a7a9a" "proxy-server 100218" 0.0171 "-" 99151 0
Feb 21 22:40:10 np0005625961.novalocal object-server[99151]: ::1 - - [22/Feb/2026:03:40:10 +0000] "PUT /2/174739/AUTH_e41560788c7b460fa374fdc94f22590f/gnocchi.1f6ca75c-146d-46f0-9d2b-a29ffb96ae8f/1771200000.0_mean_300.0_v3" 201 - "PUT https://[::1]:8080/v1/AUTH_e41560788c7b460fa374fdc94f22590f/gnocchi.1f6ca75c-146d-46f0-9d2b-a29ffb96ae8f/1771200000.0_mean_300.0_v3" "txca5822a8cd93473c853ee-00699a7a9a" "proxy-server 100218" 0.0164 "-" 99151 0
Feb 21 22:40:10 np0005625961.novalocal proxy-server[100218]: ::1 ::1 22/Feb/2026/03/40/10 PUT /v1/AUTH_e41560788c7b460fa374fdc94f22590f/gnocchi.1f6ca75c-146d-46f0-9d2b-a29ffb96ae8f/1771200000.0_mean_300.0_v3 HTTP/1.0 201 - python-swiftclient-4.8.0 gAAAAABpmnpRlsm9... 23 - - txca5822a8cd93473c853ee-00699a7a9a - 0.0279 - - 1771731610.178406715 1771731610.206291676 0 17d6eceedce248e7bcac4363c7b2aeaa
Feb 21 22:40:10 np0005625961.novalocal container-server[98786]: ::1 - - [22/Feb/2026:03:40:10 +0000] "PUT /3/23514/AUTH_e41560788c7b460fa374fdc94f22590f/gnocchi.1f6ca75c-146d-46f0-9d2b-a29ffb96ae8f/none_v3" 201 - "PUT http://[::1]:8080/3/241465/AUTH_e41560788c7b460fa374fdc94f22590f/gnocchi.1f6ca75c-146d-46f0-9d2b-a29ffb96ae8f/none_v3" "tx6a2fc0532a8b4b5c8fa1b-00699a7a9a" "object-server 99152" 0.0005 "-" 98786 0
Feb 21 22:40:10 np0005625961.novalocal container-server[98786]: ::1 - - [22/Feb/2026:03:40:10 +0000] "PUT /1/23514/AUTH_e41560788c7b460fa374fdc94f22590f/gnocchi.1f6ca75c-146d-46f0-9d2b-a29ffb96ae8f/none_v3" 201 - "PUT http://[::1]:8080/2/241465/AUTH_e41560788c7b460fa374fdc94f22590f/gnocchi.1f6ca75c-146d-46f0-9d2b-a29ffb96ae8f/none_v3" "tx6a2fc0532a8b4b5c8fa1b-00699a7a9a" "object-server 99151" 0.0004 "-" 98786 0
Feb 21 22:40:10 np0005625961.novalocal object-server[99151]: ::1 - - [22/Feb/2026:03:40:10 +0000] "PUT /2/241465/AUTH_e41560788c7b460fa374fdc94f22590f/gnocchi.1f6ca75c-146d-46f0-9d2b-a29ffb96ae8f/none_v3" 201 - "PUT https://[::1]:8080/v1/AUTH_e41560788c7b460fa374fdc94f22590f/gnocchi.1f6ca75c-146d-46f0-9d2b-a29ffb96ae8f/none_v3" "tx6a2fc0532a8b4b5c8fa1b-00699a7a9a" "proxy-server 100218" 0.0105 "-" 99151 0
Feb 21 22:40:10 np0005625961.novalocal object-server[99152]: ::1 - - [22/Feb/2026:03:40:10 +0000] "PUT /3/241465/AUTH_e41560788c7b460fa374fdc94f22590f/gnocchi.1f6ca75c-146d-46f0-9d2b-a29ffb96ae8f/none_v3" 201 - "PUT https://[::1]:8080/v1/AUTH_e41560788c7b460fa374fdc94f22590f/gnocchi.1f6ca75c-146d-46f0-9d2b-a29ffb96ae8f/none_v3" "tx6a2fc0532a8b4b5c8fa1b-00699a7a9a" "proxy-server 100218" 0.0133 "-" 99152 0
Feb 21 22:40:10 np0005625961.novalocal container-server[98785]: ::1 - - [22/Feb/2026:03:40:10 +0000] "PUT /2/23514/AUTH_e41560788c7b460fa374fdc94f22590f/gnocchi.1f6ca75c-146d-46f0-9d2b-a29ffb96ae8f/none_v3" 201 - "PUT http://[::1]:8080/1/241465/AUTH_e41560788c7b460fa374fdc94f22590f/gnocchi.1f6ca75c-146d-46f0-9d2b-a29ffb96ae8f/none_v3" "tx6a2fc0532a8b4b5c8fa1b-00699a7a9a" "object-server 99152" 0.0007 "-" 98785 0
Feb 21 22:40:10 np0005625961.novalocal object-server[99152]: ::1 - - [22/Feb/2026:03:40:10 +0000] "PUT /1/241465/AUTH_e41560788c7b460fa374fdc94f22590f/gnocchi.1f6ca75c-146d-46f0-9d2b-a29ffb96ae8f/none_v3" 201 - "PUT https://[::1]:8080/v1/AUTH_e41560788c7b460fa374fdc94f22590f/gnocchi.1f6ca75c-146d-46f0-9d2b-a29ffb96ae8f/none_v3" "tx6a2fc0532a8b4b5c8fa1b-00699a7a9a" "proxy-server 100218" 0.0160 "-" 99152 0
Feb 21 22:40:10 np0005625961.novalocal proxy-server[100218]: ::1 ::1 22/Feb/2026/03/40/10 PUT /v1/AUTH_e41560788c7b460fa374fdc94f22590f/gnocchi.1f6ca75c-146d-46f0-9d2b-a29ffb96ae8f/none_v3 HTTP/1.0 201 - python-swiftclient-4.8.0 gAAAAABpmnpRlsm9... 31 - - tx6a2fc0532a8b4b5c8fa1b-00699a7a9a - 0.0279 - - 1771731610.209218264 1771731610.237135649 0 17d6eceedce248e7bcac4363c7b2aeaa
Feb 21 22:40:10 np0005625961.novalocal object-server[99151]: ::1 - - [22/Feb/2026:03:40:10 +0000] "GET /1/130723/AUTH_e41560788c7b460fa374fdc94f22590f/gnocchi.cadb8074-bb62-4cc1-b268-b22c6a6f949a/none_v3" 200 22 "GET https://[::1]:8080/v1/AUTH_e41560788c7b460fa374fdc94f22590f/gnocchi.cadb8074-bb62-4cc1-b268-b22c6a6f949a/none_v3" "tx8c1f6e31f30a4d59ae46c-00699a7a9a" "proxy-server 100218" 0.0009 "-" 99151 0
Feb 21 22:40:10 np0005625961.novalocal proxy-server[100218]: ::1 ::1 22/Feb/2026/03/40/10 GET /v1/AUTH_e41560788c7b460fa374fdc94f22590f/gnocchi.cadb8074-bb62-4cc1-b268-b22c6a6f949a/none_v3 HTTP/1.0 200 - python-swiftclient-4.8.0 gAAAAABpmnpRlsm9... - 22 - tx8c1f6e31f30a4d59ae46c-00699a7a9a - 0.0085 - - 1771731610.259854317 1771731610.268351078 0 17d6eceedce248e7bcac4363c7b2aeaa
Feb 21 22:40:10 np0005625961.novalocal container-server[98786]: ::1 - - [22/Feb/2026:03:40:10 +0000] "GET /1/245468/AUTH_e41560788c7b460fa374fdc94f22590f/gnocchi.cadb8074-bb62-4cc1-b268-b22c6a6f949a" 200 357 "GET https://[::1]:8080/v1/AUTH_e41560788c7b460fa374fdc94f22590f/gnocchi.cadb8074-bb62-4cc1-b268-b22c6a6f949a?format=json&states=listing" "txa671d846e8cb4d0f831dc-00699a7a9a" "proxy-server 100218" 0.0084 "-" 98786 0
Feb 21 22:40:10 np0005625961.novalocal proxy-server[100218]: ::1 ::1 22/Feb/2026/03/40/10 GET /v1/AUTH_e41560788c7b460fa374fdc94f22590f/gnocchi.cadb8074-bb62-4cc1-b268-b22c6a6f949a%3Fformat%3Djson%26states%3Dlisting HTTP/1.0 200 - python-swiftclient-4.8.0 gAAAAABpmnpRlsm9... - 357 - txa671d846e8cb4d0f831dc-00699a7a9a - 0.0160 - - 1771731610.272241116 1771731610.288206816 0 17d6eceedce248e7bcac4363c7b2aeaa
Feb 21 22:40:10 np0005625961.novalocal container-server[98786]: ::1 - - [22/Feb/2026:03:40:10 +0000] "GET /1/245468/AUTH_e41560788c7b460fa374fdc94f22590f/gnocchi.cadb8074-bb62-4cc1-b268-b22c6a6f949a" 200 2 "GET https://[::1]:8080/v1/AUTH_e41560788c7b460fa374fdc94f22590f/gnocchi.cadb8074-bb62-4cc1-b268-b22c6a6f949a?format=json&marker=none_v3&states=listing" "tx30cfca68f47642d3a29ab-00699a7a9a" "proxy-server 100218" 0.0026 "-" 98786 0
Feb 21 22:40:10 np0005625961.novalocal proxy-server[100218]: ::1 ::1 22/Feb/2026/03/40/10 GET /v1/AUTH_e41560788c7b460fa374fdc94f22590f/gnocchi.cadb8074-bb62-4cc1-b268-b22c6a6f949a%3Fformat%3Djson%26marker%3Dnone_v3%26states%3Dlisting HTTP/1.0 200 - python-swiftclient-4.8.0 gAAAAABpmnpRlsm9... - 2 - tx30cfca68f47642d3a29ab-00699a7a9a - 0.0095 - - 1771731610.291009903 1771731610.300545216 0 17d6eceedce248e7bcac4363c7b2aeaa
Feb 21 22:40:10 np0005625961.novalocal object-server[99151]: ::1 - - [22/Feb/2026:03:40:10 +0000] "GET /2/109239/AUTH_e41560788c7b460fa374fdc94f22590f/gnocchi.cadb8074-bb62-4cc1-b268-b22c6a6f949a/1771200000.0_mean_300.0_v3" 200 23 "GET https://[::1]:8080/v1/AUTH_e41560788c7b460fa374fdc94f22590f/gnocchi.cadb8074-bb62-4cc1-b268-b22c6a6f949a/1771200000.0_mean_300.0_v3" "tx2e6806fd137d47b390d39-00699a7a9a" "proxy-server 100218" 0.0010 "-" 99151 0
Feb 21 22:40:10 np0005625961.novalocal proxy-server[100218]: ::1 ::1 22/Feb/2026/03/40/10 GET /v1/AUTH_e41560788c7b460fa374fdc94f22590f/gnocchi.cadb8074-bb62-4cc1-b268-b22c6a6f949a/1771200000.0_mean_300.0_v3 HTTP/1.0 200 - python-swiftclient-4.8.0 gAAAAABpmnpRlsm9... - 23 - tx2e6806fd137d47b390d39-00699a7a9a - 0.0080 - - 1771731610.304215670 1771731610.312216520 0 17d6eceedce248e7bcac4363c7b2aeaa
Feb 21 22:40:10 np0005625961.novalocal container-server[98786]: ::1 - - [22/Feb/2026:03:40:10 +0000] "PUT /3/245468/AUTH_e41560788c7b460fa374fdc94f22590f/gnocchi.cadb8074-bb62-4cc1-b268-b22c6a6f949a/1771200000.0_mean_300.0_v3" 201 - "PUT http://[::1]:8080/1/109239/AUTH_e41560788c7b460fa374fdc94f22590f/gnocchi.cadb8074-bb62-4cc1-b268-b22c6a6f949a/1771200000.0_mean_300.0_v3" "tx74ca69546b824d51b517c-00699a7a9a" "object-server 99152" 0.0005 "-" 98786 0
Feb 21 22:40:10 np0005625961.novalocal object-server[99152]: ::1 - - [22/Feb/2026:03:40:10 +0000] "PUT /1/109239/AUTH_e41560788c7b460fa374fdc94f22590f/gnocchi.cadb8074-bb62-4cc1-b268-b22c6a6f949a/1771200000.0_mean_300.0_v3" 201 - "PUT https://[::1]:8080/v1/AUTH_e41560788c7b460fa374fdc94f22590f/gnocchi.cadb8074-bb62-4cc1-b268-b22c6a6f949a/1771200000.0_mean_300.0_v3" "tx74ca69546b824d51b517c-00699a7a9a" "proxy-server 100218" 0.0114 "-" 99152 0
Feb 21 22:40:10 np0005625961.novalocal container-server[98786]: ::1 - - [22/Feb/2026:03:40:10 +0000] "PUT /1/245468/AUTH_e41560788c7b460fa374fdc94f22590f/gnocchi.cadb8074-bb62-4cc1-b268-b22c6a6f949a/1771200000.0_mean_300.0_v3" 201 - "PUT http://[::1]:8080/3/109239/AUTH_e41560788c7b460fa374fdc94f22590f/gnocchi.cadb8074-bb62-4cc1-b268-b22c6a6f949a/1771200000.0_mean_300.0_v3" "tx74ca69546b824d51b517c-00699a7a9a" "object-server 99152" 0.0003 "-" 98786 0
Feb 21 22:40:10 np0005625961.novalocal container-server[98785]: ::1 - - [22/Feb/2026:03:40:10 +0000] "PUT /2/245468/AUTH_e41560788c7b460fa374fdc94f22590f/gnocchi.cadb8074-bb62-4cc1-b268-b22c6a6f949a/1771200000.0_mean_300.0_v3" 201 - "PUT http://[::1]:8080/2/109239/AUTH_e41560788c7b460fa374fdc94f22590f/gnocchi.cadb8074-bb62-4cc1-b268-b22c6a6f949a/1771200000.0_mean_300.0_v3" "tx74ca69546b824d51b517c-00699a7a9a" "object-server 99152" 0.0007 "-" 98785 0
Feb 21 22:40:10 np0005625961.novalocal object-server[99152]: ::1 - - [22/Feb/2026:03:40:10 +0000] "PUT /3/109239/AUTH_e41560788c7b460fa374fdc94f22590f/gnocchi.cadb8074-bb62-4cc1-b268-b22c6a6f949a/1771200000.0_mean_300.0_v3" 201 - "PUT https://[::1]:8080/v1/AUTH_e41560788c7b460fa374fdc94f22590f/gnocchi.cadb8074-bb62-4cc1-b268-b22c6a6f949a/1771200000.0_mean_300.0_v3" "tx74ca69546b824d51b517c-00699a7a9a" "proxy-server 100218" 0.0196 "-" 99152 0
Feb 21 22:40:10 np0005625961.novalocal object-server[99152]: ::1 - - [22/Feb/2026:03:40:10 +0000] "PUT /2/109239/AUTH_e41560788c7b460fa374fdc94f22590f/gnocchi.cadb8074-bb62-4cc1-b268-b22c6a6f949a/1771200000.0_mean_300.0_v3" 201 - "PUT https://[::1]:8080/v1/AUTH_e41560788c7b460fa374fdc94f22590f/gnocchi.cadb8074-bb62-4cc1-b268-b22c6a6f949a/1771200000.0_mean_300.0_v3" "tx74ca69546b824d51b517c-00699a7a9a" "proxy-server 100218" 0.0185 "-" 99152 0
Feb 21 22:40:10 np0005625961.novalocal proxy-server[100218]: ::1 ::1 22/Feb/2026/03/40/10 PUT /v1/AUTH_e41560788c7b460fa374fdc94f22590f/gnocchi.cadb8074-bb62-4cc1-b268-b22c6a6f949a/1771200000.0_mean_300.0_v3 HTTP/1.0 201 - python-swiftclient-4.8.0 gAAAAABpmnpRlsm9... 23 - - tx74ca69546b824d51b517c-00699a7a9a - 0.0299 - - 1771731610.315259695 1771731610.345154047 0 17d6eceedce248e7bcac4363c7b2aeaa
Feb 21 22:40:10 np0005625961.novalocal container-server[98786]: ::1 - - [22/Feb/2026:03:40:10 +0000] "PUT /1/245468/AUTH_e41560788c7b460fa374fdc94f22590f/gnocchi.cadb8074-bb62-4cc1-b268-b22c6a6f949a/none_v3" 201 - "PUT http://[::1]:8080/3/130723/AUTH_e41560788c7b460fa374fdc94f22590f/gnocchi.cadb8074-bb62-4cc1-b268-b22c6a6f949a/none_v3" "txb1cb5fd6caf347b7b4d5d-00699a7a9a" "object-server 99152" 0.0011 "-" 98786 0
Feb 21 22:40:10 np0005625961.novalocal object-server[99152]: ::1 - - [22/Feb/2026:03:40:10 +0000] "PUT /3/130723/AUTH_e41560788c7b460fa374fdc94f22590f/gnocchi.cadb8074-bb62-4cc1-b268-b22c6a6f949a/none_v3" 201 - "PUT https://[::1]:8080/v1/AUTH_e41560788c7b460fa374fdc94f22590f/gnocchi.cadb8074-bb62-4cc1-b268-b22c6a6f949a/none_v3" "txb1cb5fd6caf347b7b4d5d-00699a7a9a" "proxy-server 100218" 0.0129 "-" 99152 0
Feb 21 22:40:10 np0005625961.novalocal container-server[98785]: ::1 - - [22/Feb/2026:03:40:10 +0000] "PUT /2/245468/AUTH_e41560788c7b460fa374fdc94f22590f/gnocchi.cadb8074-bb62-4cc1-b268-b22c6a6f949a/none_v3" 201 - "PUT http://[::1]:8080/1/130723/AUTH_e41560788c7b460fa374fdc94f22590f/gnocchi.cadb8074-bb62-4cc1-b268-b22c6a6f949a/none_v3" "txb1cb5fd6caf347b7b4d5d-00699a7a9a" "object-server 99152" 0.0006 "-" 98785 0
Feb 21 22:40:10 np0005625961.novalocal container-server[98786]: ::1 - - [22/Feb/2026:03:40:10 +0000] "PUT /3/245468/AUTH_e41560788c7b460fa374fdc94f22590f/gnocchi.cadb8074-bb62-4cc1-b268-b22c6a6f949a/none_v3" 201 - "PUT http://[::1]:8080/2/130723/AUTH_e41560788c7b460fa374fdc94f22590f/gnocchi.cadb8074-bb62-4cc1-b268-b22c6a6f949a/none_v3" "txb1cb5fd6caf347b7b4d5d-00699a7a9a" "object-server 99152" 0.0004 "-" 98786 0
Feb 21 22:40:10 np0005625961.novalocal object-server[99152]: ::1 - - [22/Feb/2026:03:40:10 +0000] "PUT /2/130723/AUTH_e41560788c7b460fa374fdc94f22590f/gnocchi.cadb8074-bb62-4cc1-b268-b22c6a6f949a/none_v3" 201 - "PUT https://[::1]:8080/v1/AUTH_e41560788c7b460fa374fdc94f22590f/gnocchi.cadb8074-bb62-4cc1-b268-b22c6a6f949a/none_v3" "txb1cb5fd6caf347b7b4d5d-00699a7a9a" "proxy-server 100218" 0.0176 "-" 99152 0
Feb 21 22:40:10 np0005625961.novalocal object-server[99152]: ::1 - - [22/Feb/2026:03:40:10 +0000] "PUT /1/130723/AUTH_e41560788c7b460fa374fdc94f22590f/gnocchi.cadb8074-bb62-4cc1-b268-b22c6a6f949a/none_v3" 201 - "PUT https://[::1]:8080/v1/AUTH_e41560788c7b460fa374fdc94f22590f/gnocchi.cadb8074-bb62-4cc1-b268-b22c6a6f949a/none_v3" "txb1cb5fd6caf347b7b4d5d-00699a7a9a" "proxy-server 100218" 0.0201 "-" 99152 0
Feb 21 22:40:10 np0005625961.novalocal proxy-server[100218]: ::1 ::1 22/Feb/2026/03/40/10 PUT /v1/AUTH_e41560788c7b460fa374fdc94f22590f/gnocchi.cadb8074-bb62-4cc1-b268-b22c6a6f949a/none_v3 HTTP/1.0 201 - python-swiftclient-4.8.0 gAAAAABpmnpRlsm9... 31 - - txb1cb5fd6caf347b7b4d5d-00699a7a9a - 0.0297 - - 1771731610.348679543 1771731610.378397703 0 17d6eceedce248e7bcac4363c7b2aeaa
Feb 21 22:40:10 np0005625961.novalocal object-server[99151]: ::1 - - [22/Feb/2026:03:40:10 +0000] "GET /1/31217/AUTH_e41560788c7b460fa374fdc94f22590f/gnocchi.4d68f372-617e-4f06-a629-d534257354dc/none_v3" 200 22 "GET https://[::1]:8080/v1/AUTH_e41560788c7b460fa374fdc94f22590f/gnocchi.4d68f372-617e-4f06-a629-d534257354dc/none_v3" "tx575d3f8f038045e7a61a7-00699a7a9a" "proxy-server 100218" 0.0012 "-" 99151 0
Feb 21 22:40:10 np0005625961.novalocal proxy-server[100218]: ::1 ::1 22/Feb/2026/03/40/10 GET /v1/AUTH_e41560788c7b460fa374fdc94f22590f/gnocchi.4d68f372-617e-4f06-a629-d534257354dc/none_v3 HTTP/1.0 200 - python-swiftclient-4.8.0 gAAAAABpmnpRlsm9... - 22 - tx575d3f8f038045e7a61a7-00699a7a9a - 0.0103 - - 1771731610.466663599 1771731610.476954937 0 17d6eceedce248e7bcac4363c7b2aeaa
Feb 21 22:40:10 np0005625961.novalocal container-server[98786]: ::1 - - [22/Feb/2026:03:40:10 +0000] "GET /3/111334/AUTH_e41560788c7b460fa374fdc94f22590f/gnocchi.4d68f372-617e-4f06-a629-d534257354dc" 200 357 "GET https://[::1]:8080/v1/AUTH_e41560788c7b460fa374fdc94f22590f/gnocchi.4d68f372-617e-4f06-a629-d534257354dc?format=json&states=listing" "tx929b2390a38d44939d866-00699a7a9a" "proxy-server 100218" 0.0096 "-" 98786 0
Feb 21 22:40:10 np0005625961.novalocal proxy-server[100218]: ::1 ::1 22/Feb/2026/03/40/10 GET /v1/AUTH_e41560788c7b460fa374fdc94f22590f/gnocchi.4d68f372-617e-4f06-a629-d534257354dc%3Fformat%3Djson%26states%3Dlisting HTTP/1.0 200 - python-swiftclient-4.8.0 gAAAAABpmnpRlsm9... - 357 - tx929b2390a38d44939d866-00699a7a9a - 0.0166 - - 1771731610.479760170 1771731610.496392965 0 17d6eceedce248e7bcac4363c7b2aeaa
Feb 21 22:40:10 np0005625961.novalocal container-server[98785]: ::1 - - [22/Feb/2026:03:40:10 +0000] "GET /2/111334/AUTH_e41560788c7b460fa374fdc94f22590f/gnocchi.4d68f372-617e-4f06-a629-d534257354dc" 200 2 "GET https://[::1]:8080/v1/AUTH_e41560788c7b460fa374fdc94f22590f/gnocchi.4d68f372-617e-4f06-a629-d534257354dc?format=json&marker=none_v3&states=listing" "tx3a23056aff954cb1a2e02-00699a7a9a" "proxy-server 100218" 0.0096 "-" 98785 0
Feb 21 22:40:10 np0005625961.novalocal proxy-server[100218]: ::1 ::1 22/Feb/2026/03/40/10 GET /v1/AUTH_e41560788c7b460fa374fdc94f22590f/gnocchi.4d68f372-617e-4f06-a629-d534257354dc%3Fformat%3Djson%26marker%3Dnone_v3%26states%3Dlisting HTTP/1.0 200 - python-swiftclient-4.8.0 gAAAAABpmnpRlsm9... - 2 - tx3a23056aff954cb1a2e02-00699a7a9a - 0.0170 - - 1771731610.498697758 1771731610.515671492 0 17d6eceedce248e7bcac4363c7b2aeaa
Feb 21 22:40:10 np0005625961.novalocal object-server[99151]: ::1 - - [22/Feb/2026:03:40:10 +0000] "GET /1/207080/AUTH_e41560788c7b460fa374fdc94f22590f/gnocchi.4d68f372-617e-4f06-a629-d534257354dc/1771200000.0_mean_300.0_v3" 200 22 "GET https://[::1]:8080/v1/AUTH_e41560788c7b460fa374fdc94f22590f/gnocchi.4d68f372-617e-4f06-a629-d534257354dc/1771200000.0_mean_300.0_v3" "tx58f2e4bf386647ebb5c37-00699a7a9a" "proxy-server 100218" 0.0010 "-" 99151 0
Feb 21 22:40:10 np0005625961.novalocal proxy-server[100218]: ::1 ::1 22/Feb/2026/03/40/10 GET /v1/AUTH_e41560788c7b460fa374fdc94f22590f/gnocchi.4d68f372-617e-4f06-a629-d534257354dc/1771200000.0_mean_300.0_v3 HTTP/1.0 200 - python-swiftclient-4.8.0 gAAAAABpmnpRlsm9... - 22 - tx58f2e4bf386647ebb5c37-00699a7a9a - 0.0082 - - 1771731610.520214319 1771731610.528402328 0 17d6eceedce248e7bcac4363c7b2aeaa
Feb 21 22:40:10 np0005625961.novalocal container-server[98785]: ::1 - - [22/Feb/2026:03:40:10 +0000] "PUT /2/111334/AUTH_e41560788c7b460fa374fdc94f22590f/gnocchi.4d68f372-617e-4f06-a629-d534257354dc/1771200000.0_mean_300.0_v3" 201 - "PUT http://[::1]:8080/1/207080/AUTH_e41560788c7b460fa374fdc94f22590f/gnocchi.4d68f372-617e-4f06-a629-d534257354dc/1771200000.0_mean_300.0_v3" "txa56c3e5b05e346598b60b-00699a7a9a" "object-server 99152" 0.0005 "-" 98785 0
Feb 21 22:40:10 np0005625961.novalocal object-server[99152]: ::1 - - [22/Feb/2026:03:40:10 +0000] "PUT /1/207080/AUTH_e41560788c7b460fa374fdc94f22590f/gnocchi.4d68f372-617e-4f06-a629-d534257354dc/1771200000.0_mean_300.0_v3" 201 - "PUT https://[::1]:8080/v1/AUTH_e41560788c7b460fa374fdc94f22590f/gnocchi.4d68f372-617e-4f06-a629-d534257354dc/1771200000.0_mean_300.0_v3" "txa56c3e5b05e346598b60b-00699a7a9a" "proxy-server 100218" 0.0134 "-" 99152 0
Feb 21 22:40:10 np0005625961.novalocal container-server[98785]: ::1 - - [22/Feb/2026:03:40:10 +0000] "PUT /3/111334/AUTH_e41560788c7b460fa374fdc94f22590f/gnocchi.4d68f372-617e-4f06-a629-d534257354dc/1771200000.0_mean_300.0_v3" 201 - "PUT http://[::1]:8080/3/207080/AUTH_e41560788c7b460fa374fdc94f22590f/gnocchi.4d68f372-617e-4f06-a629-d534257354dc/1771200000.0_mean_300.0_v3" "txa56c3e5b05e346598b60b-00699a7a9a" "object-server 99151" 0.0003 "-" 98785 0
Feb 21 22:40:10 np0005625961.novalocal container-server[98786]: ::1 - - [22/Feb/2026:03:40:10 +0000] "PUT /1/111334/AUTH_e41560788c7b460fa374fdc94f22590f/gnocchi.4d68f372-617e-4f06-a629-d534257354dc/1771200000.0_mean_300.0_v3" 201 - "PUT http://[::1]:8080/2/207080/AUTH_e41560788c7b460fa374fdc94f22590f/gnocchi.4d68f372-617e-4f06-a629-d534257354dc/1771200000.0_mean_300.0_v3" "txa56c3e5b05e346598b60b-00699a7a9a" "object-server 99151" 0.0008 "-" 98786 0
Feb 21 22:40:10 np0005625961.novalocal object-server[99151]: ::1 - - [22/Feb/2026:03:40:10 +0000] "PUT /2/207080/AUTH_e41560788c7b460fa374fdc94f22590f/gnocchi.4d68f372-617e-4f06-a629-d534257354dc/1771200000.0_mean_300.0_v3" 201 - "PUT https://[::1]:8080/v1/AUTH_e41560788c7b460fa374fdc94f22590f/gnocchi.4d68f372-617e-4f06-a629-d534257354dc/1771200000.0_mean_300.0_v3" "txa56c3e5b05e346598b60b-00699a7a9a" "proxy-server 100218" 0.0130 "-" 99151 0
Feb 21 22:40:10 np0005625961.novalocal object-server[99151]: ::1 - - [22/Feb/2026:03:40:10 +0000] "PUT /3/207080/AUTH_e41560788c7b460fa374fdc94f22590f/gnocchi.4d68f372-617e-4f06-a629-d534257354dc/1771200000.0_mean_300.0_v3" 201 - "PUT https://[::1]:8080/v1/AUTH_e41560788c7b460fa374fdc94f22590f/gnocchi.4d68f372-617e-4f06-a629-d534257354dc/1771200000.0_mean_300.0_v3" "txa56c3e5b05e346598b60b-00699a7a9a" "proxy-server 100218" 0.0159 "-" 99151 0
Feb 21 22:40:10 np0005625961.novalocal proxy-server[100218]: ::1 ::1 22/Feb/2026/03/40/10 PUT /v1/AUTH_e41560788c7b460fa374fdc94f22590f/gnocchi.4d68f372-617e-4f06-a629-d534257354dc/1771200000.0_mean_300.0_v3 HTTP/1.0 201 - python-swiftclient-4.8.0 gAAAAABpmnpRlsm9... 22 - - txa56c3e5b05e346598b60b-00699a7a9a - 0.0270 - - 1771731610.531703472 1771731610.558669090 0 17d6eceedce248e7bcac4363c7b2aeaa
Feb 21 22:40:10 np0005625961.novalocal container-server[98786]: ::1 - - [22/Feb/2026:03:40:10 +0000] "PUT /3/111334/AUTH_e41560788c7b460fa374fdc94f22590f/gnocchi.4d68f372-617e-4f06-a629-d534257354dc/none_v3" 201 - "PUT http://[::1]:8080/1/31217/AUTH_e41560788c7b460fa374fdc94f22590f/gnocchi.4d68f372-617e-4f06-a629-d534257354dc/none_v3" "tx547dcd41d7d74656b3c7f-00699a7a9a" "object-server 99151" 0.0006 "-" 98786 0
Feb 21 22:40:10 np0005625961.novalocal container-server[98785]: ::1 - - [22/Feb/2026:03:40:10 +0000] "PUT /1/111334/AUTH_e41560788c7b460fa374fdc94f22590f/gnocchi.4d68f372-617e-4f06-a629-d534257354dc/none_v3" 201 - "PUT http://[::1]:8080/2/31217/AUTH_e41560788c7b460fa374fdc94f22590f/gnocchi.4d68f372-617e-4f06-a629-d534257354dc/none_v3" "tx547dcd41d7d74656b3c7f-00699a7a9a" "object-server 99152" 0.0005 "-" 98785 0
Feb 21 22:40:10 np0005625961.novalocal object-server[99152]: ::1 - - [22/Feb/2026:03:40:10 +0000] "PUT /2/31217/AUTH_e41560788c7b460fa374fdc94f22590f/gnocchi.4d68f372-617e-4f06-a629-d534257354dc/none_v3" 201 - "PUT https://[::1]:8080/v1/AUTH_e41560788c7b460fa374fdc94f22590f/gnocchi.4d68f372-617e-4f06-a629-d534257354dc/none_v3" "tx547dcd41d7d74656b3c7f-00699a7a9a" "proxy-server 100218" 0.0120 "-" 99152 0
Feb 21 22:40:10 np0005625961.novalocal object-server[99151]: ::1 - - [22/Feb/2026:03:40:10 +0000] "PUT /1/31217/AUTH_e41560788c7b460fa374fdc94f22590f/gnocchi.4d68f372-617e-4f06-a629-d534257354dc/none_v3" 201 - "PUT https://[::1]:8080/v1/AUTH_e41560788c7b460fa374fdc94f22590f/gnocchi.4d68f372-617e-4f06-a629-d534257354dc/none_v3" "tx547dcd41d7d74656b3c7f-00699a7a9a" "proxy-server 100218" 0.0105 "-" 99151 0
Feb 21 22:40:10 np0005625961.novalocal container-server[98786]: ::1 - - [22/Feb/2026:03:40:10 +0000] "PUT /2/111334/AUTH_e41560788c7b460fa374fdc94f22590f/gnocchi.4d68f372-617e-4f06-a629-d534257354dc/none_v3" 201 - "PUT http://[::1]:8080/3/31217/AUTH_e41560788c7b460fa374fdc94f22590f/gnocchi.4d68f372-617e-4f06-a629-d534257354dc/none_v3" "tx547dcd41d7d74656b3c7f-00699a7a9a" "object-server 99152" 0.0006 "-" 98786 0
Feb 21 22:40:10 np0005625961.novalocal object-server[99152]: ::1 - - [22/Feb/2026:03:40:10 +0000] "PUT /3/31217/AUTH_e41560788c7b460fa374fdc94f22590f/gnocchi.4d68f372-617e-4f06-a629-d534257354dc/none_v3" 201 - "PUT https://[::1]:8080/v1/AUTH_e41560788c7b460fa374fdc94f22590f/gnocchi.4d68f372-617e-4f06-a629-d534257354dc/none_v3" "tx547dcd41d7d74656b3c7f-00699a7a9a" "proxy-server 100218" 0.0174 "-" 99152 0
Feb 21 22:40:10 np0005625961.novalocal proxy-server[100218]: ::1 ::1 22/Feb/2026/03/40/10 PUT /v1/AUTH_e41560788c7b460fa374fdc94f22590f/gnocchi.4d68f372-617e-4f06-a629-d534257354dc/none_v3 HTTP/1.0 201 - python-swiftclient-4.8.0 gAAAAABpmnpRlsm9... 30 - - tx547dcd41d7d74656b3c7f-00699a7a9a - 0.0275 - - 1771731610.562196970 1771731610.589727640 0 17d6eceedce248e7bcac4363c7b2aeaa
Feb 21 22:40:10 np0005625961.novalocal object-server[99152]: ::1 - - [22/Feb/2026:03:40:10 +0000] "GET /1/75039/AUTH_e41560788c7b460fa374fdc94f22590f/gnocchi.6929eeb9-1f14-4061-8a1d-f349252682f3/none_v3" 200 22 "GET https://[::1]:8080/v1/AUTH_e41560788c7b460fa374fdc94f22590f/gnocchi.6929eeb9-1f14-4061-8a1d-f349252682f3/none_v3" "tx46c3abcccf594a86910f5-00699a7a9a" "proxy-server 100218" 0.0010 "-" 99152 0
Feb 21 22:40:10 np0005625961.novalocal proxy-server[100218]: ::1 ::1 22/Feb/2026/03/40/10 GET /v1/AUTH_e41560788c7b460fa374fdc94f22590f/gnocchi.6929eeb9-1f14-4061-8a1d-f349252682f3/none_v3 HTTP/1.0 200 - python-swiftclient-4.8.0 gAAAAABpmnpRlsm9... - 22 - tx46c3abcccf594a86910f5-00699a7a9a - 0.0096 - - 1771731610.627671957 1771731610.637284279 0 17d6eceedce248e7bcac4363c7b2aeaa
Feb 21 22:40:10 np0005625961.novalocal container-server[98786]: ::1 - - [22/Feb/2026:03:40:10 +0000] "GET /1/208210/AUTH_e41560788c7b460fa374fdc94f22590f/gnocchi.6929eeb9-1f14-4061-8a1d-f349252682f3" 200 357 "GET https://[::1]:8080/v1/AUTH_e41560788c7b460fa374fdc94f22590f/gnocchi.6929eeb9-1f14-4061-8a1d-f349252682f3?format=json&states=listing" "txbcece2f799554f988f54c-00699a7a9a" "proxy-server 100218" 0.0097 "-" 98786 0
Feb 21 22:40:10 np0005625961.novalocal proxy-server[100218]: ::1 ::1 22/Feb/2026/03/40/10 GET /v1/AUTH_e41560788c7b460fa374fdc94f22590f/gnocchi.6929eeb9-1f14-4061-8a1d-f349252682f3%3Fformat%3Djson%26states%3Dlisting HTTP/1.0 200 - python-swiftclient-4.8.0 gAAAAABpmnpRlsm9... - 357 - txbcece2f799554f988f54c-00699a7a9a - 0.0167 - - 1771731610.641698360 1771731610.658360243 0 17d6eceedce248e7bcac4363c7b2aeaa
Feb 21 22:40:10 np0005625961.novalocal container-server[98786]: ::1 - - [22/Feb/2026:03:40:10 +0000] "GET /1/208210/AUTH_e41560788c7b460fa374fdc94f22590f/gnocchi.6929eeb9-1f14-4061-8a1d-f349252682f3" 200 2 "GET https://[::1]:8080/v1/AUTH_e41560788c7b460fa374fdc94f22590f/gnocchi.6929eeb9-1f14-4061-8a1d-f349252682f3?format=json&marker=none_v3&states=listing" "txa5b2fe181d9647e287b48-00699a7a9a" "proxy-server 100218" 0.0032 "-" 98786 0
Feb 21 22:40:10 np0005625961.novalocal proxy-server[100218]: ::1 ::1 22/Feb/2026/03/40/10 GET /v1/AUTH_e41560788c7b460fa374fdc94f22590f/gnocchi.6929eeb9-1f14-4061-8a1d-f349252682f3%3Fformat%3Djson%26marker%3Dnone_v3%26states%3Dlisting HTTP/1.0 200 - python-swiftclient-4.8.0 gAAAAABpmnpRlsm9... - 2 - txa5b2fe181d9647e287b48-00699a7a9a - 0.0101 - - 1771731610.661419868 1771731610.671510935 0 17d6eceedce248e7bcac4363c7b2aeaa
Feb 21 22:40:10 np0005625961.novalocal object-server[99152]: ::1 - - [22/Feb/2026:03:40:10 +0000] "GET /1/10401/AUTH_e41560788c7b460fa374fdc94f22590f/gnocchi.6929eeb9-1f14-4061-8a1d-f349252682f3/1771200000.0_mean_300.0_v3" 200 18 "GET https://[::1]:8080/v1/AUTH_e41560788c7b460fa374fdc94f22590f/gnocchi.6929eeb9-1f14-4061-8a1d-f349252682f3/1771200000.0_mean_300.0_v3" "txb374346b9a3e4d72a4271-00699a7a9a" "proxy-server 100218" 0.0009 "-" 99152 0
Feb 21 22:40:10 np0005625961.novalocal proxy-server[100218]: ::1 ::1 22/Feb/2026/03/40/10 GET /v1/AUTH_e41560788c7b460fa374fdc94f22590f/gnocchi.6929eeb9-1f14-4061-8a1d-f349252682f3/1771200000.0_mean_300.0_v3 HTTP/1.0 200 - python-swiftclient-4.8.0 gAAAAABpmnpRlsm9... - 18 - txb374346b9a3e4d72a4271-00699a7a9a - 0.0079 - - 1771731610.675311804 1771731610.683191776 0 17d6eceedce248e7bcac4363c7b2aeaa
Feb 21 22:40:10 np0005625961.novalocal container-server[98786]: ::1 - - [22/Feb/2026:03:40:10 +0000] "PUT /3/208210/AUTH_e41560788c7b460fa374fdc94f22590f/gnocchi.6929eeb9-1f14-4061-8a1d-f349252682f3/1771200000.0_mean_300.0_v3" 201 - "PUT http://[::1]:8080/2/10401/AUTH_e41560788c7b460fa374fdc94f22590f/gnocchi.6929eeb9-1f14-4061-8a1d-f349252682f3/1771200000.0_mean_300.0_v3" "txb14ec267b93b4ab89544b-00699a7a9a" "object-server 99151" 0.0008 "-" 98786 0
Feb 21 22:40:10 np0005625961.novalocal object-server[99151]: ::1 - - [22/Feb/2026:03:40:10 +0000] "PUT /2/10401/AUTH_e41560788c7b460fa374fdc94f22590f/gnocchi.6929eeb9-1f14-4061-8a1d-f349252682f3/1771200000.0_mean_300.0_v3" 201 - "PUT https://[::1]:8080/v1/AUTH_e41560788c7b460fa374fdc94f22590f/gnocchi.6929eeb9-1f14-4061-8a1d-f349252682f3/1771200000.0_mean_300.0_v3" "txb14ec267b93b4ab89544b-00699a7a9a" "proxy-server 100218" 0.0261 "-" 99151 0
Feb 21 22:40:10 np0005625961.novalocal container-server[98786]: ::1 - - [22/Feb/2026:03:40:10 +0000] "PUT /2/208210/AUTH_e41560788c7b460fa374fdc94f22590f/gnocchi.6929eeb9-1f14-4061-8a1d-f349252682f3/1771200000.0_mean_300.0_v3" 201 - "PUT http://[::1]:8080/3/10401/AUTH_e41560788c7b460fa374fdc94f22590f/gnocchi.6929eeb9-1f14-4061-8a1d-f349252682f3/1771200000.0_mean_300.0_v3" "txb14ec267b93b4ab89544b-00699a7a9a" "object-server 99152" 0.0005 "-" 98786 0
Feb 21 22:40:10 np0005625961.novalocal object-server[99152]: ::1 - - [22/Feb/2026:03:40:10 +0000] "PUT /3/10401/AUTH_e41560788c7b460fa374fdc94f22590f/gnocchi.6929eeb9-1f14-4061-8a1d-f349252682f3/1771200000.0_mean_300.0_v3" 201 - "PUT https://[::1]:8080/v1/AUTH_e41560788c7b460fa374fdc94f22590f/gnocchi.6929eeb9-1f14-4061-8a1d-f349252682f3/1771200000.0_mean_300.0_v3" "txb14ec267b93b4ab89544b-00699a7a9a" "proxy-server 100218" 0.0272 "-" 99152 0
Feb 21 22:40:10 np0005625961.novalocal container-server[98786]: ::1 - - [22/Feb/2026:03:40:10 +0000] "PUT /1/208210/AUTH_e41560788c7b460fa374fdc94f22590f/gnocchi.6929eeb9-1f14-4061-8a1d-f349252682f3/1771200000.0_mean_300.0_v3" 201 - "PUT http://[::1]:8080/1/10401/AUTH_e41560788c7b460fa374fdc94f22590f/gnocchi.6929eeb9-1f14-4061-8a1d-f349252682f3/1771200000.0_mean_300.0_v3" "txb14ec267b93b4ab89544b-00699a7a9a" "object-server 99151" 0.0006 "-" 98786 0
Feb 21 22:40:10 np0005625961.novalocal object-server[99151]: ::1 - - [22/Feb/2026:03:40:10 +0000] "PUT /1/10401/AUTH_e41560788c7b460fa374fdc94f22590f/gnocchi.6929eeb9-1f14-4061-8a1d-f349252682f3/1771200000.0_mean_300.0_v3" 201 - "PUT https://[::1]:8080/v1/AUTH_e41560788c7b460fa374fdc94f22590f/gnocchi.6929eeb9-1f14-4061-8a1d-f349252682f3/1771200000.0_mean_300.0_v3" "txb14ec267b93b4ab89544b-00699a7a9a" "proxy-server 100218" 0.0285 "-" 99151 0
Feb 21 22:40:10 np0005625961.novalocal proxy-server[100218]: ::1 ::1 22/Feb/2026/03/40/10 PUT /v1/AUTH_e41560788c7b460fa374fdc94f22590f/gnocchi.6929eeb9-1f14-4061-8a1d-f349252682f3/1771200000.0_mean_300.0_v3 HTTP/1.0 201 - python-swiftclient-4.8.0 gAAAAABpmnpRlsm9... 18 - - txb14ec267b93b4ab89544b-00699a7a9a - 0.0378 - - 1771731610.686341524 1771731610.724189281 0 17d6eceedce248e7bcac4363c7b2aeaa
Feb 21 22:40:10 np0005625961.novalocal container-server[98785]: ::1 - - [22/Feb/2026:03:40:10 +0000] "PUT /1/208210/AUTH_e41560788c7b460fa374fdc94f22590f/gnocchi.6929eeb9-1f14-4061-8a1d-f349252682f3/none_v3" 201 - "PUT http://[::1]:8080/3/75039/AUTH_e41560788c7b460fa374fdc94f22590f/gnocchi.6929eeb9-1f14-4061-8a1d-f349252682f3/none_v3" "tx776e6307ae0c49cc90409-00699a7a9a" "object-server 99152" 0.0005 "-" 98785 0
Feb 21 22:40:10 np0005625961.novalocal object-server[99152]: ::1 - - [22/Feb/2026:03:40:10 +0000] "PUT /3/75039/AUTH_e41560788c7b460fa374fdc94f22590f/gnocchi.6929eeb9-1f14-4061-8a1d-f349252682f3/none_v3" 201 - "PUT https://[::1]:8080/v1/AUTH_e41560788c7b460fa374fdc94f22590f/gnocchi.6929eeb9-1f14-4061-8a1d-f349252682f3/none_v3" "tx776e6307ae0c49cc90409-00699a7a9a" "proxy-server 100218" 0.0129 "-" 99152 0
Feb 21 22:40:10 np0005625961.novalocal container-server[98785]: ::1 - - [22/Feb/2026:03:40:10 +0000] "PUT /3/208210/AUTH_e41560788c7b460fa374fdc94f22590f/gnocchi.6929eeb9-1f14-4061-8a1d-f349252682f3/none_v3" 201 - "PUT http://[::1]:8080/1/75039/AUTH_e41560788c7b460fa374fdc94f22590f/gnocchi.6929eeb9-1f14-4061-8a1d-f349252682f3/none_v3" "tx776e6307ae0c49cc90409-00699a7a9a" "object-server 99151" 0.0003 "-" 98785 0
Feb 21 22:40:10 np0005625961.novalocal container-server[98785]: ::1 - - [22/Feb/2026:03:40:10 +0000] "PUT /2/208210/AUTH_e41560788c7b460fa374fdc94f22590f/gnocchi.6929eeb9-1f14-4061-8a1d-f349252682f3/none_v3" 201 - "PUT http://[::1]:8080/2/75039/AUTH_e41560788c7b460fa374fdc94f22590f/gnocchi.6929eeb9-1f14-4061-8a1d-f349252682f3/none_v3" "tx776e6307ae0c49cc90409-00699a7a9a" "object-server 99151" 0.0003 "-" 98785 0
Feb 21 22:40:10 np0005625961.novalocal object-server[99151]: ::1 - - [22/Feb/2026:03:40:10 +0000] "PUT /1/75039/AUTH_e41560788c7b460fa374fdc94f22590f/gnocchi.6929eeb9-1f14-4061-8a1d-f349252682f3/none_v3" 201 - "PUT https://[::1]:8080/v1/AUTH_e41560788c7b460fa374fdc94f22590f/gnocchi.6929eeb9-1f14-4061-8a1d-f349252682f3/none_v3" "tx776e6307ae0c49cc90409-00699a7a9a" "proxy-server 100218" 0.0160 "-" 99151 0
Feb 21 22:40:10 np0005625961.novalocal object-server[99151]: ::1 - - [22/Feb/2026:03:40:10 +0000] "PUT /2/75039/AUTH_e41560788c7b460fa374fdc94f22590f/gnocchi.6929eeb9-1f14-4061-8a1d-f349252682f3/none_v3" 201 - "PUT https://[::1]:8080/v1/AUTH_e41560788c7b460fa374fdc94f22590f/gnocchi.6929eeb9-1f14-4061-8a1d-f349252682f3/none_v3" "tx776e6307ae0c49cc90409-00699a7a9a" "proxy-server 100218" 0.0158 "-" 99151 0
Feb 21 22:40:10 np0005625961.novalocal proxy-server[100218]: ::1 ::1 22/Feb/2026/03/40/10 PUT /v1/AUTH_e41560788c7b460fa374fdc94f22590f/gnocchi.6929eeb9-1f14-4061-8a1d-f349252682f3/none_v3 HTTP/1.0 201 - python-swiftclient-4.8.0 gAAAAABpmnpRlsm9... 26 - - tx776e6307ae0c49cc90409-00699a7a9a - 0.0279 - - 1771731610.729100943 1771731610.756990194 0 17d6eceedce248e7bcac4363c7b2aeaa
Feb 21 22:40:13 np0005625961.novalocal container-replicator[98871]: Beginning replication run
