Feb 21 22:39:20 np0005625961.novalocal container-server[98786]: ::1 - - [22/Feb/2026:03:39:20 +0000] "HEAD /1/14651/AUTH_e41560788c7b460fa374fdc94f22590f/gnocchi.eee8d298-3cbb-4214-9442-b3a6c247a89e" 404 - "HEAD http://[::1]:8080/v1/AUTH_e41560788c7b460fa374fdc94f22590f/gnocchi.eee8d298-3cbb-4214-9442-b3a6c247a89e" "tx0a77c6413dfb40f8bf158-00699a7a68" "proxy-server 100218" 0.0003 "-" 98786 0
Feb 21 22:39:20 np0005625961.novalocal container-server[98786]: ::1 - - [22/Feb/2026:03:39:20 +0000] "HEAD /2/14651/AUTH_e41560788c7b460fa374fdc94f22590f/gnocchi.eee8d298-3cbb-4214-9442-b3a6c247a89e" 404 - "HEAD http://[::1]:8080/v1/AUTH_e41560788c7b460fa374fdc94f22590f/gnocchi.eee8d298-3cbb-4214-9442-b3a6c247a89e" "tx0a77c6413dfb40f8bf158-00699a7a68" "proxy-server 100218" 0.0003 "-" 98786 0
Feb 21 22:39:20 np0005625961.novalocal container-server[98785]: ::1 - - [22/Feb/2026:03:39:20 +0000] "HEAD /3/14651/AUTH_e41560788c7b460fa374fdc94f22590f/gnocchi.eee8d298-3cbb-4214-9442-b3a6c247a89e" 404 - "HEAD http://[::1]:8080/v1/AUTH_e41560788c7b460fa374fdc94f22590f/gnocchi.eee8d298-3cbb-4214-9442-b3a6c247a89e" "tx0a77c6413dfb40f8bf158-00699a7a68" "proxy-server 100218" 0.0005 "-" 98785 0
Feb 21 22:39:20 np0005625961.novalocal proxy-server[100218]: - - 22/Feb/2026/03/39/20 HEAD /v1/AUTH_e41560788c7b460fa374fdc94f22590f/gnocchi.eee8d298-3cbb-4214-9442-b3a6c247a89e HTTP/1.0 404 - Swift - - - - tx0a77c6413dfb40f8bf158-00699a7a68 - 0.0105 CS - 1771731560.561224699 1771731560.571769953 0 -
Feb 21 22:39:20 np0005625961.novalocal object-server[99151]: ::1 - - [22/Feb/2026:03:39:20 +0000] "GET /3/118065/AUTH_e41560788c7b460fa374fdc94f22590f/gnocchi.eee8d298-3cbb-4214-9442-b3a6c247a89e/none_v3" 404 70 "GET https://[::1]:8080/v1/AUTH_e41560788c7b460fa374fdc94f22590f/gnocchi.eee8d298-3cbb-4214-9442-b3a6c247a89e/none_v3" "tx0a77c6413dfb40f8bf158-00699a7a68" "proxy-server 100218" 0.0006 "-" 99151 0
Feb 21 22:39:20 np0005625961.novalocal object-server[99152]: ::1 - - [22/Feb/2026:03:39:20 +0000] "GET /1/118065/AUTH_e41560788c7b460fa374fdc94f22590f/gnocchi.eee8d298-3cbb-4214-9442-b3a6c247a89e/none_v3" 404 70 "GET https://[::1]:8080/v1/AUTH_e41560788c7b460fa374fdc94f22590f/gnocchi.eee8d298-3cbb-4214-9442-b3a6c247a89e/none_v3" "tx0a77c6413dfb40f8bf158-00699a7a68" "proxy-server 100218" 0.0005 "-" 99152 0
Feb 21 22:39:20 np0005625961.novalocal object-server[99152]: ::1 - - [22/Feb/2026:03:39:20 +0000] "GET /2/118065/AUTH_e41560788c7b460fa374fdc94f22590f/gnocchi.eee8d298-3cbb-4214-9442-b3a6c247a89e/none_v3" 404 70 "GET https://[::1]:8080/v1/AUTH_e41560788c7b460fa374fdc94f22590f/gnocchi.eee8d298-3cbb-4214-9442-b3a6c247a89e/none_v3" "tx0a77c6413dfb40f8bf158-00699a7a68" "proxy-server 100218" 0.0002 "-" 99152 0
Feb 21 22:39:20 np0005625961.novalocal proxy-server[100218]: ::1 ::1 22/Feb/2026/03/39/20 GET /v1/AUTH_e41560788c7b460fa374fdc94f22590f/gnocchi.eee8d298-3cbb-4214-9442-b3a6c247a89e/none_v3 HTTP/1.0 404 - python-swiftclient-4.8.0 gAAAAABpmnpRlsm9... - 70 - tx0a77c6413dfb40f8bf158-00699a7a68 - 0.0275 - - 1771731560.560328484 1771731560.587812424 0 17d6eceedce248e7bcac4363c7b2aeaa
Feb 21 22:39:20 np0005625961.novalocal account-server[98425]: ::1 - - [22/Feb/2026:03:39:20 +0000] "PUT /1/161627/AUTH_e41560788c7b460fa374fdc94f22590f/gnocchi.eee8d298-3cbb-4214-9442-b3a6c247a89e" 201 - "PUT http://[::1]:6001/1/14651/AUTH_e41560788c7b460fa374fdc94f22590f/gnocchi.eee8d298-3cbb-4214-9442-b3a6c247a89e" "txfc7f76371b2d4cb1943f9-00699a7a68" "container-server 98785" 0.0059 "-" 98425 0
Feb 21 22:39:20 np0005625961.novalocal container-server[98785]: ::1 - - [22/Feb/2026:03:39:20 +0000] "PUT /1/14651/AUTH_e41560788c7b460fa374fdc94f22590f/gnocchi.eee8d298-3cbb-4214-9442-b3a6c247a89e" 201 - "PUT https://[::1]:8080/v1/AUTH_e41560788c7b460fa374fdc94f22590f/gnocchi.eee8d298-3cbb-4214-9442-b3a6c247a89e" "txfc7f76371b2d4cb1943f9-00699a7a68" "proxy-server 100218" 0.0201 "-" 98785 0
Feb 21 22:39:20 np0005625961.novalocal account-server[98426]: ::1 - - [22/Feb/2026:03:39:20 +0000] "PUT /2/161627/AUTH_e41560788c7b460fa374fdc94f22590f/gnocchi.eee8d298-3cbb-4214-9442-b3a6c247a89e" 201 - "PUT http://[::1]:6001/2/14651/AUTH_e41560788c7b460fa374fdc94f22590f/gnocchi.eee8d298-3cbb-4214-9442-b3a6c247a89e" "txfc7f76371b2d4cb1943f9-00699a7a68" "container-server 98786" 0.0047 "-" 98426 0
Feb 21 22:39:20 np0005625961.novalocal container-server[98786]: ::1 - - [22/Feb/2026:03:39:20 +0000] "PUT /2/14651/AUTH_e41560788c7b460fa374fdc94f22590f/gnocchi.eee8d298-3cbb-4214-9442-b3a6c247a89e" 201 - "PUT https://[::1]:8080/v1/AUTH_e41560788c7b460fa374fdc94f22590f/gnocchi.eee8d298-3cbb-4214-9442-b3a6c247a89e" "txfc7f76371b2d4cb1943f9-00699a7a68" "proxy-server 100218" 0.0149 "-" 98786 0
Feb 21 22:39:20 np0005625961.novalocal account-server[98425]: ::1 - - [22/Feb/2026:03:39:20 +0000] "PUT /3/161627/AUTH_e41560788c7b460fa374fdc94f22590f/gnocchi.eee8d298-3cbb-4214-9442-b3a6c247a89e" 201 - "PUT http://[::1]:6001/3/14651/AUTH_e41560788c7b460fa374fdc94f22590f/gnocchi.eee8d298-3cbb-4214-9442-b3a6c247a89e" "txfc7f76371b2d4cb1943f9-00699a7a68" "container-server 98786" 0.0047 "-" 98425 0
Feb 21 22:39:20 np0005625961.novalocal container-server[98786]: ::1 - - [22/Feb/2026:03:39:20 +0000] "PUT /3/14651/AUTH_e41560788c7b460fa374fdc94f22590f/gnocchi.eee8d298-3cbb-4214-9442-b3a6c247a89e" 201 - "PUT https://[::1]:8080/v1/AUTH_e41560788c7b460fa374fdc94f22590f/gnocchi.eee8d298-3cbb-4214-9442-b3a6c247a89e" "txfc7f76371b2d4cb1943f9-00699a7a68" "proxy-server 100218" 0.0257 "-" 98786 0
Feb 21 22:39:20 np0005625961.novalocal proxy-server[100218]: ::1 ::1 22/Feb/2026/03/39/20 PUT /v1/AUTH_e41560788c7b460fa374fdc94f22590f/gnocchi.eee8d298-3cbb-4214-9442-b3a6c247a89e HTTP/1.0 201 - python-swiftclient-4.8.0 gAAAAABpmnpRlsm9... - - - txfc7f76371b2d4cb1943f9-00699a7a68 - 0.0356 - - 1771731560.592423439 1771731560.628033638 0 17d6eceedce248e7bcac4363c7b2aeaa
Feb 21 22:39:20 np0005625961.novalocal container-server[98786]: ::1 - - [22/Feb/2026:03:39:20 +0000] "HEAD /2/14651/AUTH_e41560788c7b460fa374fdc94f22590f/gnocchi.eee8d298-3cbb-4214-9442-b3a6c247a89e" 204 - "HEAD http://[::1]:8080/v1/AUTH_e41560788c7b460fa374fdc94f22590f/gnocchi.eee8d298-3cbb-4214-9442-b3a6c247a89e" "txdc3288e8c1bc44a5ac88e-00699a7a68" "proxy-server 100218" 0.0017 "-" 98786 0
Feb 21 22:39:20 np0005625961.novalocal proxy-server[100218]: - - 22/Feb/2026/03/39/20 HEAD /v1/AUTH_e41560788c7b460fa374fdc94f22590f/gnocchi.eee8d298-3cbb-4214-9442-b3a6c247a89e HTTP/1.0 204 - Swift - - - - txdc3288e8c1bc44a5ac88e-00699a7a68 - 0.0058 CS - 1771731560.634031296 1771731560.639836311 0 -
Feb 21 22:39:20 np0005625961.novalocal container-server[98785]: ::1 - - [22/Feb/2026:03:39:20 +0000] "GET /2/14651/AUTH_e41560788c7b460fa374fdc94f22590f/gnocchi.eee8d298-3cbb-4214-9442-b3a6c247a89e" 200 2 "GET https://[::1]:8080/v1/AUTH_e41560788c7b460fa374fdc94f22590f/gnocchi.eee8d298-3cbb-4214-9442-b3a6c247a89e?format=json&states=listing" "txdc3288e8c1bc44a5ac88e-00699a7a68" "proxy-server 100218" 0.0041 "-" 98785 0
Feb 21 22:39:20 np0005625961.novalocal proxy-server[100218]: ::1 ::1 22/Feb/2026/03/39/20 GET /v1/AUTH_e41560788c7b460fa374fdc94f22590f/gnocchi.eee8d298-3cbb-4214-9442-b3a6c247a89e%3Fformat%3Djson%26states%3Dlisting HTTP/1.0 200 - python-swiftclient-4.8.0 gAAAAABpmnpRlsm9... - 2 - txdc3288e8c1bc44a5ac88e-00699a7a68 - 0.0248 - - 1771731560.633281946 1771731560.658119678 0 17d6eceedce248e7bcac4363c7b2aeaa
Feb 21 22:39:20 np0005625961.novalocal object-server[99151]: ::1 - - [22/Feb/2026:03:39:20 +0000] "GET /2/261805/AUTH_e41560788c7b460fa374fdc94f22590f/gnocchi.eee8d298-3cbb-4214-9442-b3a6c247a89e/1771200000.0_mean_300.0_v3" 404 70 "GET https://[::1]:8080/v1/AUTH_e41560788c7b460fa374fdc94f22590f/gnocchi.eee8d298-3cbb-4214-9442-b3a6c247a89e/1771200000.0_mean_300.0_v3" "txa96414f387c046d2a3c76-00699a7a68" "proxy-server 100218" 0.0004 "-" 99151 0
Feb 21 22:39:20 np0005625961.novalocal object-server[99152]: ::1 - - [22/Feb/2026:03:39:20 +0000] "GET /3/261805/AUTH_e41560788c7b460fa374fdc94f22590f/gnocchi.eee8d298-3cbb-4214-9442-b3a6c247a89e/1771200000.0_mean_300.0_v3" 404 70 "GET https://[::1]:8080/v1/AUTH_e41560788c7b460fa374fdc94f22590f/gnocchi.eee8d298-3cbb-4214-9442-b3a6c247a89e/1771200000.0_mean_300.0_v3" "txa96414f387c046d2a3c76-00699a7a68" "proxy-server 100218" 0.0004 "-" 99152 0
Feb 21 22:39:20 np0005625961.novalocal object-server[99151]: ::1 - - [22/Feb/2026:03:39:20 +0000] "GET /1/261805/AUTH_e41560788c7b460fa374fdc94f22590f/gnocchi.eee8d298-3cbb-4214-9442-b3a6c247a89e/1771200000.0_mean_300.0_v3" 404 70 "GET https://[::1]:8080/v1/AUTH_e41560788c7b460fa374fdc94f22590f/gnocchi.eee8d298-3cbb-4214-9442-b3a6c247a89e/1771200000.0_mean_300.0_v3" "txa96414f387c046d2a3c76-00699a7a68" "proxy-server 100218" 0.0006 "-" 99151 0
Feb 21 22:39:20 np0005625961.novalocal proxy-server[100218]: ::1 ::1 22/Feb/2026/03/39/20 GET /v1/AUTH_e41560788c7b460fa374fdc94f22590f/gnocchi.eee8d298-3cbb-4214-9442-b3a6c247a89e/1771200000.0_mean_300.0_v3 HTTP/1.0 404 - python-swiftclient-4.8.0 gAAAAABpmnpRlsm9... - 70 - txa96414f387c046d2a3c76-00699a7a68 - 0.0124 - - 1771731560.662945032 1771731560.675320864 0 17d6eceedce248e7bcac4363c7b2aeaa
Feb 21 22:39:20 np0005625961.novalocal container-server[98786]: ::1 - - [22/Feb/2026:03:39:20 +0000] "PUT /2/14651/AUTH_e41560788c7b460fa374fdc94f22590f/gnocchi.eee8d298-3cbb-4214-9442-b3a6c247a89e/1771200000.0_mean_300.0_v3" 201 - "PUT http://[::1]:8080/2/261805/AUTH_e41560788c7b460fa374fdc94f22590f/gnocchi.eee8d298-3cbb-4214-9442-b3a6c247a89e/1771200000.0_mean_300.0_v3" "tx8167c452d35c4de28c2c2-00699a7a68" "object-server 99152" 0.0006 "-" 98786 0
Feb 21 22:39:20 np0005625961.novalocal object-server[99152]: ::1 - - [22/Feb/2026:03:39:20 +0000] "PUT /2/261805/AUTH_e41560788c7b460fa374fdc94f22590f/gnocchi.eee8d298-3cbb-4214-9442-b3a6c247a89e/1771200000.0_mean_300.0_v3" 201 - "PUT https://[::1]:8080/v1/AUTH_e41560788c7b460fa374fdc94f22590f/gnocchi.eee8d298-3cbb-4214-9442-b3a6c247a89e/1771200000.0_mean_300.0_v3" "tx8167c452d35c4de28c2c2-00699a7a68" "proxy-server 100218" 0.0123 "-" 99152 0
Feb 21 22:39:20 np0005625961.novalocal container-server[98785]: ::1 - - [22/Feb/2026:03:39:20 +0000] "PUT /3/14651/AUTH_e41560788c7b460fa374fdc94f22590f/gnocchi.eee8d298-3cbb-4214-9442-b3a6c247a89e/1771200000.0_mean_300.0_v3" 201 - "PUT http://[::1]:8080/1/261805/AUTH_e41560788c7b460fa374fdc94f22590f/gnocchi.eee8d298-3cbb-4214-9442-b3a6c247a89e/1771200000.0_mean_300.0_v3" "tx8167c452d35c4de28c2c2-00699a7a68" "object-server 99152" 0.0008 "-" 98785 0
Feb 21 22:39:20 np0005625961.novalocal container-server[98786]: ::1 - - [22/Feb/2026:03:39:20 +0000] "PUT /1/14651/AUTH_e41560788c7b460fa374fdc94f22590f/gnocchi.eee8d298-3cbb-4214-9442-b3a6c247a89e/1771200000.0_mean_300.0_v3" 201 - "PUT http://[::1]:8080/3/261805/AUTH_e41560788c7b460fa374fdc94f22590f/gnocchi.eee8d298-3cbb-4214-9442-b3a6c247a89e/1771200000.0_mean_300.0_v3" "tx8167c452d35c4de28c2c2-00699a7a68" "object-server 99152" 0.0006 "-" 98786 0
Feb 21 22:39:20 np0005625961.novalocal object-server[99152]: ::1 - - [22/Feb/2026:03:39:20 +0000] "PUT /1/261805/AUTH_e41560788c7b460fa374fdc94f22590f/gnocchi.eee8d298-3cbb-4214-9442-b3a6c247a89e/1771200000.0_mean_300.0_v3" 201 - "PUT https://[::1]:8080/v1/AUTH_e41560788c7b460fa374fdc94f22590f/gnocchi.eee8d298-3cbb-4214-9442-b3a6c247a89e/1771200000.0_mean_300.0_v3" "tx8167c452d35c4de28c2c2-00699a7a68" "proxy-server 100218" 0.0151 "-" 99152 0
Feb 21 22:39:20 np0005625961.novalocal object-server[99152]: ::1 - - [22/Feb/2026:03:39:20 +0000] "PUT /3/261805/AUTH_e41560788c7b460fa374fdc94f22590f/gnocchi.eee8d298-3cbb-4214-9442-b3a6c247a89e/1771200000.0_mean_300.0_v3" 201 - "PUT https://[::1]:8080/v1/AUTH_e41560788c7b460fa374fdc94f22590f/gnocchi.eee8d298-3cbb-4214-9442-b3a6c247a89e/1771200000.0_mean_300.0_v3" "tx8167c452d35c4de28c2c2-00699a7a68" "proxy-server 100218" 0.0126 "-" 99152 0
Feb 21 22:39:20 np0005625961.novalocal proxy-server[100218]: ::1 ::1 22/Feb/2026/03/39/20 PUT /v1/AUTH_e41560788c7b460fa374fdc94f22590f/gnocchi.eee8d298-3cbb-4214-9442-b3a6c247a89e/1771200000.0_mean_300.0_v3 HTTP/1.0 201 - python-swiftclient-4.8.0 gAAAAABpmnpRlsm9... 16 - - tx8167c452d35c4de28c2c2-00699a7a68 - 0.0236 - - 1771731560.678856850 1771731560.702496290 0 17d6eceedce248e7bcac4363c7b2aeaa
Feb 21 22:39:20 np0005625961.novalocal container-server[98785]: ::1 - - [22/Feb/2026:03:39:20 +0000] "PUT /2/14651/AUTH_e41560788c7b460fa374fdc94f22590f/gnocchi.eee8d298-3cbb-4214-9442-b3a6c247a89e/none_v3" 201 - "PUT http://[::1]:8080/3/118065/AUTH_e41560788c7b460fa374fdc94f22590f/gnocchi.eee8d298-3cbb-4214-9442-b3a6c247a89e/none_v3" "txffb5c61e5dd4408280865-00699a7a68" "object-server 99152" 0.0008 "-" 98785 0
Feb 21 22:39:20 np0005625961.novalocal object-server[99152]: ::1 - - [22/Feb/2026:03:39:20 +0000] "PUT /3/118065/AUTH_e41560788c7b460fa374fdc94f22590f/gnocchi.eee8d298-3cbb-4214-9442-b3a6c247a89e/none_v3" 201 - "PUT https://[::1]:8080/v1/AUTH_e41560788c7b460fa374fdc94f22590f/gnocchi.eee8d298-3cbb-4214-9442-b3a6c247a89e/none_v3" "txffb5c61e5dd4408280865-00699a7a68" "proxy-server 100218" 0.0143 "-" 99152 0
Feb 21 22:39:20 np0005625961.novalocal container-server[98785]: ::1 - - [22/Feb/2026:03:39:20 +0000] "PUT /1/14651/AUTH_e41560788c7b460fa374fdc94f22590f/gnocchi.eee8d298-3cbb-4214-9442-b3a6c247a89e/none_v3" 201 - "PUT http://[::1]:8080/2/118065/AUTH_e41560788c7b460fa374fdc94f22590f/gnocchi.eee8d298-3cbb-4214-9442-b3a6c247a89e/none_v3" "txffb5c61e5dd4408280865-00699a7a68" "object-server 99151" 0.0007 "-" 98785 0
Feb 21 22:39:20 np0005625961.novalocal object-server[99151]: ::1 - - [22/Feb/2026:03:39:20 +0000] "PUT /2/118065/AUTH_e41560788c7b460fa374fdc94f22590f/gnocchi.eee8d298-3cbb-4214-9442-b3a6c247a89e/none_v3" 201 - "PUT https://[::1]:8080/v1/AUTH_e41560788c7b460fa374fdc94f22590f/gnocchi.eee8d298-3cbb-4214-9442-b3a6c247a89e/none_v3" "txffb5c61e5dd4408280865-00699a7a68" "proxy-server 100218" 0.0163 "-" 99151 0
Feb 21 22:39:20 np0005625961.novalocal container-server[98785]: ::1 - - [22/Feb/2026:03:39:20 +0000] "PUT /3/14651/AUTH_e41560788c7b460fa374fdc94f22590f/gnocchi.eee8d298-3cbb-4214-9442-b3a6c247a89e/none_v3" 201 - "PUT http://[::1]:8080/1/118065/AUTH_e41560788c7b460fa374fdc94f22590f/gnocchi.eee8d298-3cbb-4214-9442-b3a6c247a89e/none_v3" "txffb5c61e5dd4408280865-00699a7a68" "object-server 99151" 0.0006 "-" 98785 0
Feb 21 22:39:20 np0005625961.novalocal object-server[99151]: ::1 - - [22/Feb/2026:03:39:20 +0000] "PUT /1/118065/AUTH_e41560788c7b460fa374fdc94f22590f/gnocchi.eee8d298-3cbb-4214-9442-b3a6c247a89e/none_v3" 201 - "PUT https://[::1]:8080/v1/AUTH_e41560788c7b460fa374fdc94f22590f/gnocchi.eee8d298-3cbb-4214-9442-b3a6c247a89e/none_v3" "txffb5c61e5dd4408280865-00699a7a68" "proxy-server 100218" 0.0155 "-" 99151 0
Feb 21 22:39:20 np0005625961.novalocal proxy-server[100218]: ::1 ::1 22/Feb/2026/03/39/20 PUT /v1/AUTH_e41560788c7b460fa374fdc94f22590f/gnocchi.eee8d298-3cbb-4214-9442-b3a6c247a89e/none_v3 HTTP/1.0 201 - python-swiftclient-4.8.0 gAAAAABpmnpRlsm9... 22 - - txffb5c61e5dd4408280865-00699a7a68 - 0.0280 - - 1771731560.706415653 1771731560.734440088 0 17d6eceedce248e7bcac4363c7b2aeaa
Feb 21 22:39:20 np0005625961.novalocal container-server[98786]: ::1 - - [22/Feb/2026:03:39:20 +0000] "HEAD /3/168312/AUTH_e41560788c7b460fa374fdc94f22590f/gnocchi.164cc853-a88c-4604-9493-e5341c8fa7aa" 404 - "HEAD http://[::1]:8080/v1/AUTH_e41560788c7b460fa374fdc94f22590f/gnocchi.164cc853-a88c-4604-9493-e5341c8fa7aa" "tx2d33daaff860434e95f92-00699a7a68" "proxy-server 100218" 0.0005 "-" 98786 0
Feb 21 22:39:20 np0005625961.novalocal container-server[98785]: ::1 - - [22/Feb/2026:03:39:20 +0000] "HEAD /1/168312/AUTH_e41560788c7b460fa374fdc94f22590f/gnocchi.164cc853-a88c-4604-9493-e5341c8fa7aa" 404 - "HEAD http://[::1]:8080/v1/AUTH_e41560788c7b460fa374fdc94f22590f/gnocchi.164cc853-a88c-4604-9493-e5341c8fa7aa" "tx2d33daaff860434e95f92-00699a7a68" "proxy-server 100218" 0.0005 "-" 98785 0
Feb 21 22:39:20 np0005625961.novalocal container-server[98785]: ::1 - - [22/Feb/2026:03:39:20 +0000] "HEAD /2/168312/AUTH_e41560788c7b460fa374fdc94f22590f/gnocchi.164cc853-a88c-4604-9493-e5341c8fa7aa" 404 - "HEAD http://[::1]:8080/v1/AUTH_e41560788c7b460fa374fdc94f22590f/gnocchi.164cc853-a88c-4604-9493-e5341c8fa7aa" "tx2d33daaff860434e95f92-00699a7a68" "proxy-server 100218" 0.0004 "-" 98785 0
Feb 21 22:39:20 np0005625961.novalocal proxy-server[100218]: - - 22/Feb/2026/03/39/20 HEAD /v1/AUTH_e41560788c7b460fa374fdc94f22590f/gnocchi.164cc853-a88c-4604-9493-e5341c8fa7aa HTTP/1.0 404 - Swift - - - - tx2d33daaff860434e95f92-00699a7a68 - 0.0098 CS - 1771731560.760419130 1771731560.770216465 0 -
Feb 21 22:39:20 np0005625961.novalocal object-server[99152]: ::1 - - [22/Feb/2026:03:39:20 +0000] "GET /2/72845/AUTH_e41560788c7b460fa374fdc94f22590f/gnocchi.164cc853-a88c-4604-9493-e5341c8fa7aa/none_v3" 404 70 "GET https://[::1]:8080/v1/AUTH_e41560788c7b460fa374fdc94f22590f/gnocchi.164cc853-a88c-4604-9493-e5341c8fa7aa/none_v3" "tx2d33daaff860434e95f92-00699a7a68" "proxy-server 100218" 0.0005 "-" 99152 0
Feb 21 22:39:20 np0005625961.novalocal object-server[99152]: ::1 - - [22/Feb/2026:03:39:20 +0000] "GET /1/72845/AUTH_e41560788c7b460fa374fdc94f22590f/gnocchi.164cc853-a88c-4604-9493-e5341c8fa7aa/none_v3" 404 70 "GET https://[::1]:8080/v1/AUTH_e41560788c7b460fa374fdc94f22590f/gnocchi.164cc853-a88c-4604-9493-e5341c8fa7aa/none_v3" "tx2d33daaff860434e95f92-00699a7a68" "proxy-server 100218" 0.0004 "-" 99152 0
Feb 21 22:39:20 np0005625961.novalocal object-server[99151]: ::1 - - [22/Feb/2026:03:39:20 +0000] "GET /3/72845/AUTH_e41560788c7b460fa374fdc94f22590f/gnocchi.164cc853-a88c-4604-9493-e5341c8fa7aa/none_v3" 404 70 "GET https://[::1]:8080/v1/AUTH_e41560788c7b460fa374fdc94f22590f/gnocchi.164cc853-a88c-4604-9493-e5341c8fa7aa/none_v3" "tx2d33daaff860434e95f92-00699a7a68" "proxy-server 100218" 0.0002 "-" 99151 0
Feb 21 22:39:20 np0005625961.novalocal proxy-server[100218]: ::1 ::1 22/Feb/2026/03/39/20 GET /v1/AUTH_e41560788c7b460fa374fdc94f22590f/gnocchi.164cc853-a88c-4604-9493-e5341c8fa7aa/none_v3 HTTP/1.0 404 - python-swiftclient-4.8.0 gAAAAABpmnpRlsm9... - 70 - tx2d33daaff860434e95f92-00699a7a68 - 0.0209 - - 1771731560.759482145 1771731560.780382395 0 17d6eceedce248e7bcac4363c7b2aeaa
Feb 21 22:39:20 np0005625961.novalocal account-server[98426]: ::1 - - [22/Feb/2026:03:39:20 +0000] "PUT /3/161627/AUTH_e41560788c7b460fa374fdc94f22590f/gnocchi.164cc853-a88c-4604-9493-e5341c8fa7aa" 201 - "PUT http://[::1]:6001/1/168312/AUTH_e41560788c7b460fa374fdc94f22590f/gnocchi.164cc853-a88c-4604-9493-e5341c8fa7aa" "txf2a4c48e4e094b949139d-00699a7a68" "container-server 98785" 0.0057 "-" 98426 0
Feb 21 22:39:20 np0005625961.novalocal container-server[98785]: ::1 - - [22/Feb/2026:03:39:20 +0000] "PUT /1/168312/AUTH_e41560788c7b460fa374fdc94f22590f/gnocchi.164cc853-a88c-4604-9493-e5341c8fa7aa" 201 - "PUT https://[::1]:8080/v1/AUTH_e41560788c7b460fa374fdc94f22590f/gnocchi.164cc853-a88c-4604-9493-e5341c8fa7aa" "txf2a4c48e4e094b949139d-00699a7a68" "proxy-server 100218" 0.0231 "-" 98785 0
Feb 21 22:39:20 np0005625961.novalocal account-server[98425]: ::1 - - [22/Feb/2026:03:39:20 +0000] "PUT /1/161627/AUTH_e41560788c7b460fa374fdc94f22590f/gnocchi.164cc853-a88c-4604-9493-e5341c8fa7aa" 201 - "PUT http://[::1]:6001/3/168312/AUTH_e41560788c7b460fa374fdc94f22590f/gnocchi.164cc853-a88c-4604-9493-e5341c8fa7aa" "txf2a4c48e4e094b949139d-00699a7a68" "container-server 98786" 0.0039 "-" 98425 0
Feb 21 22:39:20 np0005625961.novalocal container-server[98786]: ::1 - - [22/Feb/2026:03:39:20 +0000] "PUT /3/168312/AUTH_e41560788c7b460fa374fdc94f22590f/gnocchi.164cc853-a88c-4604-9493-e5341c8fa7aa" 201 - "PUT https://[::1]:8080/v1/AUTH_e41560788c7b460fa374fdc94f22590f/gnocchi.164cc853-a88c-4604-9493-e5341c8fa7aa" "txf2a4c48e4e094b949139d-00699a7a68" "proxy-server 100218" 0.0289 "-" 98786 0
Feb 21 22:39:20 np0005625961.novalocal account-server[98426]: ::1 - - [22/Feb/2026:03:39:20 +0000] "PUT /2/161627/AUTH_e41560788c7b460fa374fdc94f22590f/gnocchi.164cc853-a88c-4604-9493-e5341c8fa7aa" 201 - "PUT http://[::1]:6001/2/168312/AUTH_e41560788c7b460fa374fdc94f22590f/gnocchi.164cc853-a88c-4604-9493-e5341c8fa7aa" "txf2a4c48e4e094b949139d-00699a7a68" "container-server 98786" 0.0054 "-" 98426 0
Feb 21 22:39:20 np0005625961.novalocal container-server[98786]: ::1 - - [22/Feb/2026:03:39:20 +0000] "PUT /2/168312/AUTH_e41560788c7b460fa374fdc94f22590f/gnocchi.164cc853-a88c-4604-9493-e5341c8fa7aa" 201 - "PUT https://[::1]:8080/v1/AUTH_e41560788c7b460fa374fdc94f22590f/gnocchi.164cc853-a88c-4604-9493-e5341c8fa7aa" "txf2a4c48e4e094b949139d-00699a7a68" "proxy-server 100218" 0.0174 "-" 98786 0
Feb 21 22:39:20 np0005625961.novalocal proxy-server[100218]: ::1 ::1 22/Feb/2026/03/39/20 PUT /v1/AUTH_e41560788c7b460fa374fdc94f22590f/gnocchi.164cc853-a88c-4604-9493-e5341c8fa7aa HTTP/1.0 201 - python-swiftclient-4.8.0 gAAAAABpmnpRlsm9... - - - txf2a4c48e4e094b949139d-00699a7a68 - 0.0358 - - 1771731560.783324242 1771731560.819169998 0 17d6eceedce248e7bcac4363c7b2aeaa
Feb 21 22:39:20 np0005625961.novalocal container-server[98785]: ::1 - - [22/Feb/2026:03:39:20 +0000] "HEAD /1/168312/AUTH_e41560788c7b460fa374fdc94f22590f/gnocchi.164cc853-a88c-4604-9493-e5341c8fa7aa" 204 - "HEAD http://[::1]:8080/v1/AUTH_e41560788c7b460fa374fdc94f22590f/gnocchi.164cc853-a88c-4604-9493-e5341c8fa7aa" "tx9ddd32a7af7a45f9a3c40-00699a7a68" "proxy-server 100218" 0.0021 "-" 98785 0
Feb 21 22:39:20 np0005625961.novalocal proxy-server[100218]: - - 22/Feb/2026/03/39/20 HEAD /v1/AUTH_e41560788c7b460fa374fdc94f22590f/gnocchi.164cc853-a88c-4604-9493-e5341c8fa7aa HTTP/1.0 204 - Swift - - - - tx9ddd32a7af7a45f9a3c40-00699a7a68 - 0.0066 CS - 1771731560.824934483 1771731560.831490278 0 -
Feb 21 22:39:20 np0005625961.novalocal container-server[98786]: ::1 - - [22/Feb/2026:03:39:20 +0000] "GET /2/168312/AUTH_e41560788c7b460fa374fdc94f22590f/gnocchi.164cc853-a88c-4604-9493-e5341c8fa7aa" 200 2 "GET https://[::1]:8080/v1/AUTH_e41560788c7b460fa374fdc94f22590f/gnocchi.164cc853-a88c-4604-9493-e5341c8fa7aa?format=json&states=listing" "tx9ddd32a7af7a45f9a3c40-00699a7a68" "proxy-server 100218" 0.0031 "-" 98786 0
Feb 21 22:39:20 np0005625961.novalocal proxy-server[100218]: ::1 ::1 22/Feb/2026/03/39/20 GET /v1/AUTH_e41560788c7b460fa374fdc94f22590f/gnocchi.164cc853-a88c-4604-9493-e5341c8fa7aa%3Fformat%3Djson%26states%3Dlisting HTTP/1.0 200 - python-swiftclient-4.8.0 gAAAAABpmnpRlsm9... - 2 - tx9ddd32a7af7a45f9a3c40-00699a7a68 - 0.0207 - - 1771731560.824032545 1771731560.844767094 0 17d6eceedce248e7bcac4363c7b2aeaa
Feb 21 22:39:20 np0005625961.novalocal object-server[99151]: ::1 - - [22/Feb/2026:03:39:20 +0000] "GET /1/63269/AUTH_e41560788c7b460fa374fdc94f22590f/gnocchi.164cc853-a88c-4604-9493-e5341c8fa7aa/1771200000.0_mean_300.0_v3" 404 70 "GET https://[::1]:8080/v1/AUTH_e41560788c7b460fa374fdc94f22590f/gnocchi.164cc853-a88c-4604-9493-e5341c8fa7aa/1771200000.0_mean_300.0_v3" "tx037401136b3548d79d462-00699a7a68" "proxy-server 100218" 0.0003 "-" 99151 0
Feb 21 22:39:20 np0005625961.novalocal object-server[99151]: ::1 - - [22/Feb/2026:03:39:20 +0000] "GET /2/63269/AUTH_e41560788c7b460fa374fdc94f22590f/gnocchi.164cc853-a88c-4604-9493-e5341c8fa7aa/1771200000.0_mean_300.0_v3" 404 70 "GET https://[::1]:8080/v1/AUTH_e41560788c7b460fa374fdc94f22590f/gnocchi.164cc853-a88c-4604-9493-e5341c8fa7aa/1771200000.0_mean_300.0_v3" "tx037401136b3548d79d462-00699a7a68" "proxy-server 100218" 0.0002 "-" 99151 0
Feb 21 22:39:20 np0005625961.novalocal object-server[99151]: ::1 - - [22/Feb/2026:03:39:20 +0000] "GET /3/63269/AUTH_e41560788c7b460fa374fdc94f22590f/gnocchi.164cc853-a88c-4604-9493-e5341c8fa7aa/1771200000.0_mean_300.0_v3" 404 70 "GET https://[::1]:8080/v1/AUTH_e41560788c7b460fa374fdc94f22590f/gnocchi.164cc853-a88c-4604-9493-e5341c8fa7aa/1771200000.0_mean_300.0_v3" "tx037401136b3548d79d462-00699a7a68" "proxy-server 100218" 0.0002 "-" 99151 0
Feb 21 22:39:20 np0005625961.novalocal proxy-server[100218]: ::1 ::1 22/Feb/2026/03/39/20 GET /v1/AUTH_e41560788c7b460fa374fdc94f22590f/gnocchi.164cc853-a88c-4604-9493-e5341c8fa7aa/1771200000.0_mean_300.0_v3 HTTP/1.0 404 - python-swiftclient-4.8.0 gAAAAABpmnpRlsm9... - 70 - tx037401136b3548d79d462-00699a7a68 - 0.0082 - - 1771731560.848117590 1771731560.856292248 0 17d6eceedce248e7bcac4363c7b2aeaa
Feb 21 22:39:20 np0005625961.novalocal object-auditor[106389]: Object audit (ZBF) "forever" mode completed: 1.36s. Total quarantined: 0, Total errors: 0, Total files/sec: 50.03, Total bytes/sec: 0.00, Auditing time: 1.34, Rate: 0.98
Feb 21 22:39:20 np0005625961.novalocal container-server[98786]: ::1 - - [22/Feb/2026:03:39:20 +0000] "PUT /2/168312/AUTH_e41560788c7b460fa374fdc94f22590f/gnocchi.164cc853-a88c-4604-9493-e5341c8fa7aa/1771200000.0_mean_300.0_v3" 201 - "PUT http://[::1]:8080/1/63269/AUTH_e41560788c7b460fa374fdc94f22590f/gnocchi.164cc853-a88c-4604-9493-e5341c8fa7aa/1771200000.0_mean_300.0_v3" "tx2d00ac3bdb774c5b935d1-00699a7a68" "object-server 99151" 0.0007 "-" 98786 0
Feb 21 22:39:20 np0005625961.novalocal object-server[99151]: ::1 - - [22/Feb/2026:03:39:20 +0000] "PUT /1/63269/AUTH_e41560788c7b460fa374fdc94f22590f/gnocchi.164cc853-a88c-4604-9493-e5341c8fa7aa/1771200000.0_mean_300.0_v3" 201 - "PUT https://[::1]:8080/v1/AUTH_e41560788c7b460fa374fdc94f22590f/gnocchi.164cc853-a88c-4604-9493-e5341c8fa7aa/1771200000.0_mean_300.0_v3" "tx2d00ac3bdb774c5b935d1-00699a7a68" "proxy-server 100218" 0.0140 "-" 99151 0
Feb 21 22:39:20 np0005625961.novalocal container-server[98786]: ::1 - - [22/Feb/2026:03:39:20 +0000] "PUT /1/168312/AUTH_e41560788c7b460fa374fdc94f22590f/gnocchi.164cc853-a88c-4604-9493-e5341c8fa7aa/1771200000.0_mean_300.0_v3" 201 - "PUT http://[::1]:8080/3/63269/AUTH_e41560788c7b460fa374fdc94f22590f/gnocchi.164cc853-a88c-4604-9493-e5341c8fa7aa/1771200000.0_mean_300.0_v3" "tx2d00ac3bdb774c5b935d1-00699a7a68" "object-server 99152" 0.0009 "-" 98786 0
Feb 21 22:39:20 np0005625961.novalocal object-server[99152]: ::1 - - [22/Feb/2026:03:39:20 +0000] "PUT /3/63269/AUTH_e41560788c7b460fa374fdc94f22590f/gnocchi.164cc853-a88c-4604-9493-e5341c8fa7aa/1771200000.0_mean_300.0_v3" 201 - "PUT https://[::1]:8080/v1/AUTH_e41560788c7b460fa374fdc94f22590f/gnocchi.164cc853-a88c-4604-9493-e5341c8fa7aa/1771200000.0_mean_300.0_v3" "tx2d00ac3bdb774c5b935d1-00699a7a68" "proxy-server 100218" 0.0183 "-" 99152 0
Feb 21 22:39:20 np0005625961.novalocal container-server[98785]: ::1 - - [22/Feb/2026:03:39:20 +0000] "PUT /3/168312/AUTH_e41560788c7b460fa374fdc94f22590f/gnocchi.164cc853-a88c-4604-9493-e5341c8fa7aa/1771200000.0_mean_300.0_v3" 201 - "PUT http://[::1]:8080/2/63269/AUTH_e41560788c7b460fa374fdc94f22590f/gnocchi.164cc853-a88c-4604-9493-e5341c8fa7aa/1771200000.0_mean_300.0_v3" "tx2d00ac3bdb774c5b935d1-00699a7a68" "object-server 99152" 0.0006 "-" 98785 0
Feb 21 22:39:20 np0005625961.novalocal object-server[99152]: ::1 - - [22/Feb/2026:03:39:20 +0000] "PUT /2/63269/AUTH_e41560788c7b460fa374fdc94f22590f/gnocchi.164cc853-a88c-4604-9493-e5341c8fa7aa/1771200000.0_mean_300.0_v3" 201 - "PUT https://[::1]:8080/v1/AUTH_e41560788c7b460fa374fdc94f22590f/gnocchi.164cc853-a88c-4604-9493-e5341c8fa7aa/1771200000.0_mean_300.0_v3" "tx2d00ac3bdb774c5b935d1-00699a7a68" "proxy-server 100218" 0.0181 "-" 99152 0
Feb 21 22:39:20 np0005625961.novalocal proxy-server[100218]: ::1 ::1 22/Feb/2026/03/39/20 PUT /v1/AUTH_e41560788c7b460fa374fdc94f22590f/gnocchi.164cc853-a88c-4604-9493-e5341c8fa7aa/1771200000.0_mean_300.0_v3 HTTP/1.0 201 - python-swiftclient-4.8.0 gAAAAABpmnpRlsm9... 16 - - tx2d00ac3bdb774c5b935d1-00699a7a68 - 0.0306 - - 1771731560.858604193 1771731560.889221668 0 17d6eceedce248e7bcac4363c7b2aeaa
Feb 21 22:39:20 np0005625961.novalocal container-server[98786]: ::1 - - [22/Feb/2026:03:39:20 +0000] "PUT /3/168312/AUTH_e41560788c7b460fa374fdc94f22590f/gnocchi.164cc853-a88c-4604-9493-e5341c8fa7aa/none_v3" 201 - "PUT http://[::1]:8080/3/72845/AUTH_e41560788c7b460fa374fdc94f22590f/gnocchi.164cc853-a88c-4604-9493-e5341c8fa7aa/none_v3" "tx3e2ec5584cbc43b683521-00699a7a68" "object-server 99152" 0.0007 "-" 98786 0
Feb 21 22:39:20 np0005625961.novalocal container-server[98785]: ::1 - - [22/Feb/2026:03:39:20 +0000] "PUT /1/168312/AUTH_e41560788c7b460fa374fdc94f22590f/gnocchi.164cc853-a88c-4604-9493-e5341c8fa7aa/none_v3" 201 - "PUT http://[::1]:8080/2/72845/AUTH_e41560788c7b460fa374fdc94f22590f/gnocchi.164cc853-a88c-4604-9493-e5341c8fa7aa/none_v3" "tx3e2ec5584cbc43b683521-00699a7a68" "object-server 99152" 0.0004 "-" 98785 0
Feb 21 22:39:20 np0005625961.novalocal object-server[99152]: ::1 - - [22/Feb/2026:03:39:20 +0000] "PUT /3/72845/AUTH_e41560788c7b460fa374fdc94f22590f/gnocchi.164cc853-a88c-4604-9493-e5341c8fa7aa/none_v3" 201 - "PUT https://[::1]:8080/v1/AUTH_e41560788c7b460fa374fdc94f22590f/gnocchi.164cc853-a88c-4604-9493-e5341c8fa7aa/none_v3" "tx3e2ec5584cbc43b683521-00699a7a68" "proxy-server 100218" 0.0200 "-" 99152 0
Feb 21 22:39:20 np0005625961.novalocal container-server[98786]: ::1 - - [22/Feb/2026:03:39:20 +0000] "PUT /2/168312/AUTH_e41560788c7b460fa374fdc94f22590f/gnocchi.164cc853-a88c-4604-9493-e5341c8fa7aa/none_v3" 201 - "PUT http://[::1]:8080/1/72845/AUTH_e41560788c7b460fa374fdc94f22590f/gnocchi.164cc853-a88c-4604-9493-e5341c8fa7aa/none_v3" "tx3e2ec5584cbc43b683521-00699a7a68" "object-server 99152" 0.0006 "-" 98786 0
Feb 21 22:39:20 np0005625961.novalocal object-server[99152]: ::1 - - [22/Feb/2026:03:39:20 +0000] "PUT /2/72845/AUTH_e41560788c7b460fa374fdc94f22590f/gnocchi.164cc853-a88c-4604-9493-e5341c8fa7aa/none_v3" 201 - "PUT https://[::1]:8080/v1/AUTH_e41560788c7b460fa374fdc94f22590f/gnocchi.164cc853-a88c-4604-9493-e5341c8fa7aa/none_v3" "tx3e2ec5584cbc43b683521-00699a7a68" "proxy-server 100218" 0.0194 "-" 99152 0
Feb 21 22:39:20 np0005625961.novalocal object-server[99152]: ::1 - - [22/Feb/2026:03:39:20 +0000] "PUT /1/72845/AUTH_e41560788c7b460fa374fdc94f22590f/gnocchi.164cc853-a88c-4604-9493-e5341c8fa7aa/none_v3" 201 - "PUT https://[::1]:8080/v1/AUTH_e41560788c7b460fa374fdc94f22590f/gnocchi.164cc853-a88c-4604-9493-e5341c8fa7aa/none_v3" "tx3e2ec5584cbc43b683521-00699a7a68" "proxy-server 100218" 0.0172 "-" 99152 0
Feb 21 22:39:20 np0005625961.novalocal proxy-server[100218]: ::1 ::1 22/Feb/2026/03/39/20 PUT /v1/AUTH_e41560788c7b460fa374fdc94f22590f/gnocchi.164cc853-a88c-4604-9493-e5341c8fa7aa/none_v3 HTTP/1.0 201 - python-swiftclient-4.8.0 gAAAAABpmnpRlsm9... 22 - - tx3e2ec5584cbc43b683521-00699a7a68 - 0.0334 - - 1771731560.892514706 1771731560.925919294 0 17d6eceedce248e7bcac4363c7b2aeaa
Feb 21 22:39:20 np0005625961.novalocal container-server[98785]: ::1 - - [22/Feb/2026:03:39:20 +0000] "HEAD /3/119390/AUTH_e41560788c7b460fa374fdc94f22590f/gnocchi.87f6c477-31ad-4a4d-b3f7-82375db8d537" 404 - "HEAD http://[::1]:8080/v1/AUTH_e41560788c7b460fa374fdc94f22590f/gnocchi.87f6c477-31ad-4a4d-b3f7-82375db8d537" "tx158ce1a454cd427480f17-00699a7a68" "proxy-server 100218" 0.0005 "-" 98785 0
Feb 21 22:39:20 np0005625961.novalocal container-server[98786]: ::1 - - [22/Feb/2026:03:39:20 +0000] "HEAD /1/119390/AUTH_e41560788c7b460fa374fdc94f22590f/gnocchi.87f6c477-31ad-4a4d-b3f7-82375db8d537" 404 - "HEAD http://[::1]:8080/v1/AUTH_e41560788c7b460fa374fdc94f22590f/gnocchi.87f6c477-31ad-4a4d-b3f7-82375db8d537" "tx158ce1a454cd427480f17-00699a7a68" "proxy-server 100218" 0.0003 "-" 98786 0
Feb 21 22:39:20 np0005625961.novalocal container-server[98785]: ::1 - - [22/Feb/2026:03:39:20 +0000] "HEAD /2/119390/AUTH_e41560788c7b460fa374fdc94f22590f/gnocchi.87f6c477-31ad-4a4d-b3f7-82375db8d537" 404 - "HEAD http://[::1]:8080/v1/AUTH_e41560788c7b460fa374fdc94f22590f/gnocchi.87f6c477-31ad-4a4d-b3f7-82375db8d537" "tx158ce1a454cd427480f17-00699a7a68" "proxy-server 100218" 0.0008 "-" 98785 0
Feb 21 22:39:20 np0005625961.novalocal proxy-server[100218]: - - 22/Feb/2026/03/39/20 HEAD /v1/AUTH_e41560788c7b460fa374fdc94f22590f/gnocchi.87f6c477-31ad-4a4d-b3f7-82375db8d537 HTTP/1.0 404 - Swift - - - - tx158ce1a454cd427480f17-00699a7a68 - 0.0142 CS - 1771731560.955138922 1771731560.969376326 0 -
Feb 21 22:39:20 np0005625961.novalocal object-server[99152]: ::1 - - [22/Feb/2026:03:39:20 +0000] "GET /1/47228/AUTH_e41560788c7b460fa374fdc94f22590f/gnocchi.87f6c477-31ad-4a4d-b3f7-82375db8d537/none_v3" 404 70 "GET https://[::1]:8080/v1/AUTH_e41560788c7b460fa374fdc94f22590f/gnocchi.87f6c477-31ad-4a4d-b3f7-82375db8d537/none_v3" "tx158ce1a454cd427480f17-00699a7a68" "proxy-server 100218" 0.0005 "-" 99152 0
Feb 21 22:39:20 np0005625961.novalocal object-server[99151]: ::1 - - [22/Feb/2026:03:39:20 +0000] "GET /3/47228/AUTH_e41560788c7b460fa374fdc94f22590f/gnocchi.87f6c477-31ad-4a4d-b3f7-82375db8d537/none_v3" 404 70 "GET https://[::1]:8080/v1/AUTH_e41560788c7b460fa374fdc94f22590f/gnocchi.87f6c477-31ad-4a4d-b3f7-82375db8d537/none_v3" "tx158ce1a454cd427480f17-00699a7a68" "proxy-server 100218" 0.0003 "-" 99151 0
Feb 21 22:39:20 np0005625961.novalocal object-server[99152]: ::1 - - [22/Feb/2026:03:39:20 +0000] "GET /2/47228/AUTH_e41560788c7b460fa374fdc94f22590f/gnocchi.87f6c477-31ad-4a4d-b3f7-82375db8d537/none_v3" 404 70 "GET https://[::1]:8080/v1/AUTH_e41560788c7b460fa374fdc94f22590f/gnocchi.87f6c477-31ad-4a4d-b3f7-82375db8d537/none_v3" "tx158ce1a454cd427480f17-00699a7a68" "proxy-server 100218" 0.0004 "-" 99152 0
Feb 21 22:39:20 np0005625961.novalocal proxy-server[100218]: ::1 ::1 22/Feb/2026/03/39/20 GET /v1/AUTH_e41560788c7b460fa374fdc94f22590f/gnocchi.87f6c477-31ad-4a4d-b3f7-82375db8d537/none_v3 HTTP/1.0 404 - python-swiftclient-4.8.0 gAAAAABpmnpRlsm9... - 70 - tx158ce1a454cd427480f17-00699a7a68 - 0.0315 - - 1771731560.954328537 1771731560.985794306 0 17d6eceedce248e7bcac4363c7b2aeaa
Feb 21 22:39:21 np0005625961.novalocal account-server[98425]: ::1 - - [22/Feb/2026:03:39:21 +0000] "PUT /3/161627/AUTH_e41560788c7b460fa374fdc94f22590f/gnocchi.87f6c477-31ad-4a4d-b3f7-82375db8d537" 201 - "PUT http://[::1]:6001/3/119390/AUTH_e41560788c7b460fa374fdc94f22590f/gnocchi.87f6c477-31ad-4a4d-b3f7-82375db8d537" "tx1e9b350c3c5b46c79a788-00699a7a68" "container-server 98786" 0.0053 "-" 98425 0
Feb 21 22:39:21 np0005625961.novalocal container-server[98786]: ::1 - - [22/Feb/2026:03:39:21 +0000] "PUT /3/119390/AUTH_e41560788c7b460fa374fdc94f22590f/gnocchi.87f6c477-31ad-4a4d-b3f7-82375db8d537" 201 - "PUT https://[::1]:8080/v1/AUTH_e41560788c7b460fa374fdc94f22590f/gnocchi.87f6c477-31ad-4a4d-b3f7-82375db8d537" "tx1e9b350c3c5b46c79a788-00699a7a68" "proxy-server 100218" 0.0526 "-" 98786 0
Feb 21 22:39:21 np0005625961.novalocal account-server[98425]: ::1 - - [22/Feb/2026:03:39:21 +0000] "PUT /2/161627/AUTH_e41560788c7b460fa374fdc94f22590f/gnocchi.87f6c477-31ad-4a4d-b3f7-82375db8d537" 201 - "PUT http://[::1]:6001/2/119390/AUTH_e41560788c7b460fa374fdc94f22590f/gnocchi.87f6c477-31ad-4a4d-b3f7-82375db8d537" "tx1e9b350c3c5b46c79a788-00699a7a68" "container-server 98786" 0.0059 "-" 98425 0
Feb 21 22:39:21 np0005625961.novalocal account-server[98426]: ::1 - - [22/Feb/2026:03:39:21 +0000] "PUT /1/161627/AUTH_e41560788c7b460fa374fdc94f22590f/gnocchi.87f6c477-31ad-4a4d-b3f7-82375db8d537" 201 - "PUT http://[::1]:6001/1/119390/AUTH_e41560788c7b460fa374fdc94f22590f/gnocchi.87f6c477-31ad-4a4d-b3f7-82375db8d537" "tx1e9b350c3c5b46c79a788-00699a7a68" "container-server 98786" 0.0063 "-" 98426 0
Feb 21 22:39:21 np0005625961.novalocal container-server[98786]: ::1 - - [22/Feb/2026:03:39:21 +0000] "PUT /2/119390/AUTH_e41560788c7b460fa374fdc94f22590f/gnocchi.87f6c477-31ad-4a4d-b3f7-82375db8d537" 201 - "PUT https://[::1]:8080/v1/AUTH_e41560788c7b460fa374fdc94f22590f/gnocchi.87f6c477-31ad-4a4d-b3f7-82375db8d537" "tx1e9b350c3c5b46c79a788-00699a7a68" "proxy-server 100218" 0.0445 "-" 98786 0
Feb 21 22:39:21 np0005625961.novalocal container-server[98786]: ::1 - - [22/Feb/2026:03:39:21 +0000] "PUT /1/119390/AUTH_e41560788c7b460fa374fdc94f22590f/gnocchi.87f6c477-31ad-4a4d-b3f7-82375db8d537" 201 - "PUT https://[::1]:8080/v1/AUTH_e41560788c7b460fa374fdc94f22590f/gnocchi.87f6c477-31ad-4a4d-b3f7-82375db8d537" "tx1e9b350c3c5b46c79a788-00699a7a68" "proxy-server 100218" 0.0299 "-" 98786 0
Feb 21 22:39:21 np0005625961.novalocal proxy-server[100218]: ::1 ::1 22/Feb/2026/03/39/21 PUT /v1/AUTH_e41560788c7b460fa374fdc94f22590f/gnocchi.87f6c477-31ad-4a4d-b3f7-82375db8d537 HTTP/1.0 201 - python-swiftclient-4.8.0 gAAAAABpmnpRlsm9... - - - tx1e9b350c3c5b46c79a788-00699a7a68 - 0.3895 - - 1771731560.988870382 1771731561.378411293 0 17d6eceedce248e7bcac4363c7b2aeaa
Feb 21 22:39:21 np0005625961.novalocal container-server[98785]: ::1 - - [22/Feb/2026:03:39:21 +0000] "HEAD /2/119390/AUTH_e41560788c7b460fa374fdc94f22590f/gnocchi.87f6c477-31ad-4a4d-b3f7-82375db8d537" 204 - "HEAD http://[::1]:8080/v1/AUTH_e41560788c7b460fa374fdc94f22590f/gnocchi.87f6c477-31ad-4a4d-b3f7-82375db8d537" "tx3327acc9170f440e88b23-00699a7a69" "proxy-server 100218" 0.0024 "-" 98785 0
Feb 21 22:39:21 np0005625961.novalocal proxy-server[100218]: - - 22/Feb/2026/03/39/21 HEAD /v1/AUTH_e41560788c7b460fa374fdc94f22590f/gnocchi.87f6c477-31ad-4a4d-b3f7-82375db8d537 HTTP/1.0 204 - Swift - - - - tx3327acc9170f440e88b23-00699a7a69 - 0.0071 CS - 1771731561.385067225 1771731561.392168522 0 -
Feb 21 22:39:21 np0005625961.novalocal container-server[98786]: ::1 - - [22/Feb/2026:03:39:21 +0000] "GET /2/119390/AUTH_e41560788c7b460fa374fdc94f22590f/gnocchi.87f6c477-31ad-4a4d-b3f7-82375db8d537" 200 2 "GET https://[::1]:8080/v1/AUTH_e41560788c7b460fa374fdc94f22590f/gnocchi.87f6c477-31ad-4a4d-b3f7-82375db8d537?format=json&states=listing" "tx3327acc9170f440e88b23-00699a7a69" "proxy-server 100218" 0.0032 "-" 98786 0
Feb 21 22:39:21 np0005625961.novalocal proxy-server[100218]: ::1 ::1 22/Feb/2026/03/39/21 GET /v1/AUTH_e41560788c7b460fa374fdc94f22590f/gnocchi.87f6c477-31ad-4a4d-b3f7-82375db8d537%3Fformat%3Djson%26states%3Dlisting HTTP/1.0 200 - python-swiftclient-4.8.0 gAAAAABpmnpRlsm9... - 2 - tx3327acc9170f440e88b23-00699a7a69 - 0.0201 - - 1771731561.384024858 1771731561.404150248 0 17d6eceedce248e7bcac4363c7b2aeaa
Feb 21 22:39:21 np0005625961.novalocal object-server[99151]: ::1 - - [22/Feb/2026:03:39:21 +0000] "GET /2/110705/AUTH_e41560788c7b460fa374fdc94f22590f/gnocchi.87f6c477-31ad-4a4d-b3f7-82375db8d537/1771200000.0_mean_300.0_v3" 404 70 "GET https://[::1]:8080/v1/AUTH_e41560788c7b460fa374fdc94f22590f/gnocchi.87f6c477-31ad-4a4d-b3f7-82375db8d537/1771200000.0_mean_300.0_v3" "txfdda8368e5c740bab4b3d-00699a7a69" "proxy-server 100218" 0.0004 "-" 99151 0
Feb 21 22:39:21 np0005625961.novalocal object-server[99151]: ::1 - - [22/Feb/2026:03:39:21 +0000] "GET /3/110705/AUTH_e41560788c7b460fa374fdc94f22590f/gnocchi.87f6c477-31ad-4a4d-b3f7-82375db8d537/1771200000.0_mean_300.0_v3" 404 70 "GET https://[::1]:8080/v1/AUTH_e41560788c7b460fa374fdc94f22590f/gnocchi.87f6c477-31ad-4a4d-b3f7-82375db8d537/1771200000.0_mean_300.0_v3" "txfdda8368e5c740bab4b3d-00699a7a69" "proxy-server 100218" 0.0003 "-" 99151 0
Feb 21 22:39:21 np0005625961.novalocal object-server[99151]: ::1 - - [22/Feb/2026:03:39:21 +0000] "GET /1/110705/AUTH_e41560788c7b460fa374fdc94f22590f/gnocchi.87f6c477-31ad-4a4d-b3f7-82375db8d537/1771200000.0_mean_300.0_v3" 404 70 "GET https://[::1]:8080/v1/AUTH_e41560788c7b460fa374fdc94f22590f/gnocchi.87f6c477-31ad-4a4d-b3f7-82375db8d537/1771200000.0_mean_300.0_v3" "txfdda8368e5c740bab4b3d-00699a7a69" "proxy-server 100218" 0.0004 "-" 99151 0
Feb 21 22:39:21 np0005625961.novalocal proxy-server[100218]: ::1 ::1 22/Feb/2026/03/39/21 GET /v1/AUTH_e41560788c7b460fa374fdc94f22590f/gnocchi.87f6c477-31ad-4a4d-b3f7-82375db8d537/1771200000.0_mean_300.0_v3 HTTP/1.0 404 - python-swiftclient-4.8.0 gAAAAABpmnpRlsm9... - 70 - txfdda8368e5c740bab4b3d-00699a7a69 - 0.0156 - - 1771731561.409857750 1771731561.425463438 0 17d6eceedce248e7bcac4363c7b2aeaa
Feb 21 22:39:21 np0005625961.novalocal container-server[98786]: ::1 - - [22/Feb/2026:03:39:21 +0000] "PUT /1/119390/AUTH_e41560788c7b460fa374fdc94f22590f/gnocchi.87f6c477-31ad-4a4d-b3f7-82375db8d537/1771200000.0_mean_300.0_v3" 201 - "PUT http://[::1]:8080/3/110705/AUTH_e41560788c7b460fa374fdc94f22590f/gnocchi.87f6c477-31ad-4a4d-b3f7-82375db8d537/1771200000.0_mean_300.0_v3" "txaa767a5f209b44118fd02-00699a7a69" "object-server 99152" 0.0008 "-" 98786 0
Feb 21 22:39:21 np0005625961.novalocal container-server[98785]: ::1 - - [22/Feb/2026:03:39:21 +0000] "PUT /2/119390/AUTH_e41560788c7b460fa374fdc94f22590f/gnocchi.87f6c477-31ad-4a4d-b3f7-82375db8d537/1771200000.0_mean_300.0_v3" 201 - "PUT http://[::1]:8080/1/110705/AUTH_e41560788c7b460fa374fdc94f22590f/gnocchi.87f6c477-31ad-4a4d-b3f7-82375db8d537/1771200000.0_mean_300.0_v3" "txaa767a5f209b44118fd02-00699a7a69" "object-server 99151" 0.0009 "-" 98785 0
Feb 21 22:39:21 np0005625961.novalocal object-server[99152]: ::1 - - [22/Feb/2026:03:39:21 +0000] "PUT /3/110705/AUTH_e41560788c7b460fa374fdc94f22590f/gnocchi.87f6c477-31ad-4a4d-b3f7-82375db8d537/1771200000.0_mean_300.0_v3" 201 - "PUT https://[::1]:8080/v1/AUTH_e41560788c7b460fa374fdc94f22590f/gnocchi.87f6c477-31ad-4a4d-b3f7-82375db8d537/1771200000.0_mean_300.0_v3" "txaa767a5f209b44118fd02-00699a7a69" "proxy-server 100218" 0.0137 "-" 99152 0
Feb 21 22:39:21 np0005625961.novalocal object-server[99151]: ::1 - - [22/Feb/2026:03:39:21 +0000] "PUT /1/110705/AUTH_e41560788c7b460fa374fdc94f22590f/gnocchi.87f6c477-31ad-4a4d-b3f7-82375db8d537/1771200000.0_mean_300.0_v3" 201 - "PUT https://[::1]:8080/v1/AUTH_e41560788c7b460fa374fdc94f22590f/gnocchi.87f6c477-31ad-4a4d-b3f7-82375db8d537/1771200000.0_mean_300.0_v3" "txaa767a5f209b44118fd02-00699a7a69" "proxy-server 100218" 0.0119 "-" 99151 0
Feb 21 22:39:21 np0005625961.novalocal container-server[98785]: ::1 - - [22/Feb/2026:03:39:21 +0000] "PUT /3/119390/AUTH_e41560788c7b460fa374fdc94f22590f/gnocchi.87f6c477-31ad-4a4d-b3f7-82375db8d537/1771200000.0_mean_300.0_v3" 201 - "PUT http://[::1]:8080/2/110705/AUTH_e41560788c7b460fa374fdc94f22590f/gnocchi.87f6c477-31ad-4a4d-b3f7-82375db8d537/1771200000.0_mean_300.0_v3" "txaa767a5f209b44118fd02-00699a7a69" "object-server 99151" 0.0008 "-" 98785 0
Feb 21 22:39:21 np0005625961.novalocal object-server[99151]: ::1 - - [22/Feb/2026:03:39:21 +0000] "PUT /2/110705/AUTH_e41560788c7b460fa374fdc94f22590f/gnocchi.87f6c477-31ad-4a4d-b3f7-82375db8d537/1771200000.0_mean_300.0_v3" 201 - "PUT https://[::1]:8080/v1/AUTH_e41560788c7b460fa374fdc94f22590f/gnocchi.87f6c477-31ad-4a4d-b3f7-82375db8d537/1771200000.0_mean_300.0_v3" "txaa767a5f209b44118fd02-00699a7a69" "proxy-server 100218" 0.0163 "-" 99151 0
Feb 21 22:39:21 np0005625961.novalocal proxy-server[100218]: ::1 ::1 22/Feb/2026/03/39/21 PUT /v1/AUTH_e41560788c7b460fa374fdc94f22590f/gnocchi.87f6c477-31ad-4a4d-b3f7-82375db8d537/1771200000.0_mean_300.0_v3 HTTP/1.0 201 - python-swiftclient-4.8.0 gAAAAABpmnpRlsm9... 16 - - txaa767a5f209b44118fd02-00699a7a69 - 0.0268 - - 1771731561.430016518 1771731561.456813574 0 17d6eceedce248e7bcac4363c7b2aeaa
Feb 21 22:39:21 np0005625961.novalocal haproxy-metadata-proxy-fc6152ef-a3f7-4020-b18c-8204705fe8c6[105929]: ::ffff:10.100.0.8:36058 [21/Feb/2026:22:39:20.439] listener listener/metadata 0/0/0/1023/1023 200 97 - - ---- 1/1/0/0/0 0/0 "GET /2009-04-04/meta-data/instance-id HTTP/1.1"
Feb 21 22:39:21 np0005625961.novalocal container-server[98785]: ::1 - - [22/Feb/2026:03:39:21 +0000] "PUT /2/119390/AUTH_e41560788c7b460fa374fdc94f22590f/gnocchi.87f6c477-31ad-4a4d-b3f7-82375db8d537/none_v3" 201 - "PUT http://[::1]:8080/2/47228/AUTH_e41560788c7b460fa374fdc94f22590f/gnocchi.87f6c477-31ad-4a4d-b3f7-82375db8d537/none_v3" "tx0b07842885cf47a1be2f7-00699a7a69" "object-server 99152" 0.0008 "-" 98785 0
Feb 21 22:39:21 np0005625961.novalocal object-server[99152]: ::1 - - [22/Feb/2026:03:39:21 +0000] "PUT /2/47228/AUTH_e41560788c7b460fa374fdc94f22590f/gnocchi.87f6c477-31ad-4a4d-b3f7-82375db8d537/none_v3" 201 - "PUT https://[::1]:8080/v1/AUTH_e41560788c7b460fa374fdc94f22590f/gnocchi.87f6c477-31ad-4a4d-b3f7-82375db8d537/none_v3" "tx0b07842885cf47a1be2f7-00699a7a69" "proxy-server 100218" 0.0204 "-" 99152 0
Feb 21 22:39:21 np0005625961.novalocal container-server[98786]: ::1 - - [22/Feb/2026:03:39:21 +0000] "PUT /1/119390/AUTH_e41560788c7b460fa374fdc94f22590f/gnocchi.87f6c477-31ad-4a4d-b3f7-82375db8d537/none_v3" 201 - "PUT http://[::1]:8080/3/47228/AUTH_e41560788c7b460fa374fdc94f22590f/gnocchi.87f6c477-31ad-4a4d-b3f7-82375db8d537/none_v3" "tx0b07842885cf47a1be2f7-00699a7a69" "object-server 99151" 0.0006 "-" 98786 0
Feb 21 22:39:21 np0005625961.novalocal container-server[98785]: ::1 - - [22/Feb/2026:03:39:21 +0000] "PUT /3/119390/AUTH_e41560788c7b460fa374fdc94f22590f/gnocchi.87f6c477-31ad-4a4d-b3f7-82375db8d537/none_v3" 201 - "PUT http://[::1]:8080/1/47228/AUTH_e41560788c7b460fa374fdc94f22590f/gnocchi.87f6c477-31ad-4a4d-b3f7-82375db8d537/none_v3" "tx0b07842885cf47a1be2f7-00699a7a69" "object-server 99151" 0.0006 "-" 98785 0
Feb 21 22:39:21 np0005625961.novalocal object-server[99151]: ::1 - - [22/Feb/2026:03:39:21 +0000] "PUT /3/47228/AUTH_e41560788c7b460fa374fdc94f22590f/gnocchi.87f6c477-31ad-4a4d-b3f7-82375db8d537/none_v3" 201 - "PUT https://[::1]:8080/v1/AUTH_e41560788c7b460fa374fdc94f22590f/gnocchi.87f6c477-31ad-4a4d-b3f7-82375db8d537/none_v3" "tx0b07842885cf47a1be2f7-00699a7a69" "proxy-server 100218" 0.0197 "-" 99151 0
Feb 21 22:39:21 np0005625961.novalocal object-server[99151]: ::1 - - [22/Feb/2026:03:39:21 +0000] "PUT /1/47228/AUTH_e41560788c7b460fa374fdc94f22590f/gnocchi.87f6c477-31ad-4a4d-b3f7-82375db8d537/none_v3" 201 - "PUT https://[::1]:8080/v1/AUTH_e41560788c7b460fa374fdc94f22590f/gnocchi.87f6c477-31ad-4a4d-b3f7-82375db8d537/none_v3" "tx0b07842885cf47a1be2f7-00699a7a69" "proxy-server 100218" 0.0238 "-" 99151 0
Feb 21 22:39:21 np0005625961.novalocal proxy-server[100218]: ::1 ::1 22/Feb/2026/03/39/21 PUT /v1/AUTH_e41560788c7b460fa374fdc94f22590f/gnocchi.87f6c477-31ad-4a4d-b3f7-82375db8d537/none_v3 HTTP/1.0 201 - python-swiftclient-4.8.0 gAAAAABpmnpRlsm9... 22 - - tx0b07842885cf47a1be2f7-00699a7a69 - 0.0372 - - 1771731561.461552620 1771731561.498707294 0 17d6eceedce248e7bcac4363c7b2aeaa
Feb 21 22:39:21 np0005625961.novalocal container-server[98785]: ::1 - - [22/Feb/2026:03:39:21 +0000] "HEAD /2/251590/AUTH_e41560788c7b460fa374fdc94f22590f/gnocchi.f6cdbb75-6058-4860-996e-41e372e8dfbb" 404 - "HEAD http://[::1]:8080/v1/AUTH_e41560788c7b460fa374fdc94f22590f/gnocchi.f6cdbb75-6058-4860-996e-41e372e8dfbb" "txa5351b19794b49139e9b4-00699a7a69" "proxy-server 100218" 0.0004 "-" 98785 0
Feb 21 22:39:21 np0005625961.novalocal container-server[98786]: ::1 - - [22/Feb/2026:03:39:21 +0000] "HEAD /1/251590/AUTH_e41560788c7b460fa374fdc94f22590f/gnocchi.f6cdbb75-6058-4860-996e-41e372e8dfbb" 404 - "HEAD http://[::1]:8080/v1/AUTH_e41560788c7b460fa374fdc94f22590f/gnocchi.f6cdbb75-6058-4860-996e-41e372e8dfbb" "txa5351b19794b49139e9b4-00699a7a69" "proxy-server 100218" 0.0006 "-" 98786 0
Feb 21 22:39:21 np0005625961.novalocal container-server[98786]: ::1 - - [22/Feb/2026:03:39:21 +0000] "HEAD /3/251590/AUTH_e41560788c7b460fa374fdc94f22590f/gnocchi.f6cdbb75-6058-4860-996e-41e372e8dfbb" 404 - "HEAD http://[::1]:8080/v1/AUTH_e41560788c7b460fa374fdc94f22590f/gnocchi.f6cdbb75-6058-4860-996e-41e372e8dfbb" "txa5351b19794b49139e9b4-00699a7a69" "proxy-server 100218" 0.0003 "-" 98786 0
Feb 21 22:39:21 np0005625961.novalocal proxy-server[100218]: - - 22/Feb/2026/03/39/21 HEAD /v1/AUTH_e41560788c7b460fa374fdc94f22590f/gnocchi.f6cdbb75-6058-4860-996e-41e372e8dfbb HTTP/1.0 404 - Swift - - - - txa5351b19794b49139e9b4-00699a7a69 - 0.0112 CS - 1771731561.516493320 1771731561.527656794 0 -
Feb 21 22:39:21 np0005625961.novalocal object-server[99151]: ::1 - - [22/Feb/2026:03:39:21 +0000] "GET /1/15732/AUTH_e41560788c7b460fa374fdc94f22590f/gnocchi.f6cdbb75-6058-4860-996e-41e372e8dfbb/none_v3" 404 70 "GET https://[::1]:8080/v1/AUTH_e41560788c7b460fa374fdc94f22590f/gnocchi.f6cdbb75-6058-4860-996e-41e372e8dfbb/none_v3" "txa5351b19794b49139e9b4-00699a7a69" "proxy-server 100218" 0.0005 "-" 99151 0
Feb 21 22:39:21 np0005625961.novalocal object-server[99152]: ::1 - - [22/Feb/2026:03:39:21 +0000] "GET /2/15732/AUTH_e41560788c7b460fa374fdc94f22590f/gnocchi.f6cdbb75-6058-4860-996e-41e372e8dfbb/none_v3" 404 70 "GET https://[::1]:8080/v1/AUTH_e41560788c7b460fa374fdc94f22590f/gnocchi.f6cdbb75-6058-4860-996e-41e372e8dfbb/none_v3" "txa5351b19794b49139e9b4-00699a7a69" "proxy-server 100218" 0.0005 "-" 99152 0
Feb 21 22:39:21 np0005625961.novalocal object-server[99151]: ::1 - - [22/Feb/2026:03:39:21 +0000] "GET /3/15732/AUTH_e41560788c7b460fa374fdc94f22590f/gnocchi.f6cdbb75-6058-4860-996e-41e372e8dfbb/none_v3" 404 70 "GET https://[::1]:8080/v1/AUTH_e41560788c7b460fa374fdc94f22590f/gnocchi.f6cdbb75-6058-4860-996e-41e372e8dfbb/none_v3" "txa5351b19794b49139e9b4-00699a7a69" "proxy-server 100218" 0.0004 "-" 99151 0
Feb 21 22:39:21 np0005625961.novalocal proxy-server[100218]: ::1 ::1 22/Feb/2026/03/39/21 GET /v1/AUTH_e41560788c7b460fa374fdc94f22590f/gnocchi.f6cdbb75-6058-4860-996e-41e372e8dfbb/none_v3 HTTP/1.0 404 - python-swiftclient-4.8.0 gAAAAABpmnpRlsm9... - 70 - txa5351b19794b49139e9b4-00699a7a69 - 0.0288 - - 1771731561.515419245 1771731561.544227123 0 17d6eceedce248e7bcac4363c7b2aeaa
Feb 21 22:39:21 np0005625961.novalocal account-server[98425]: ::1 - - [22/Feb/2026:03:39:21 +0000] "PUT /2/161627/AUTH_e41560788c7b460fa374fdc94f22590f/gnocchi.f6cdbb75-6058-4860-996e-41e372e8dfbb" 201 - "PUT http://[::1]:6001/3/251590/AUTH_e41560788c7b460fa374fdc94f22590f/gnocchi.f6cdbb75-6058-4860-996e-41e372e8dfbb" "tx2011cdf6be80405aa2747-00699a7a69" "container-server 98785" 0.0052 "-" 98425 0
Feb 21 22:39:21 np0005625961.novalocal container-server[98785]: ::1 - - [22/Feb/2026:03:39:21 +0000] "PUT /3/251590/AUTH_e41560788c7b460fa374fdc94f22590f/gnocchi.f6cdbb75-6058-4860-996e-41e372e8dfbb" 201 - "PUT https://[::1]:8080/v1/AUTH_e41560788c7b460fa374fdc94f22590f/gnocchi.f6cdbb75-6058-4860-996e-41e372e8dfbb" "tx2011cdf6be80405aa2747-00699a7a69" "proxy-server 100218" 0.0213 "-" 98785 0
Feb 21 22:39:21 np0005625961.novalocal account-server[98426]: ::1 - - [22/Feb/2026:03:39:21 +0000] "PUT /1/161627/AUTH_e41560788c7b460fa374fdc94f22590f/gnocchi.f6cdbb75-6058-4860-996e-41e372e8dfbb" 201 - "PUT http://[::1]:6001/2/251590/AUTH_e41560788c7b460fa374fdc94f22590f/gnocchi.f6cdbb75-6058-4860-996e-41e372e8dfbb" "tx2011cdf6be80405aa2747-00699a7a69" "container-server 98786" 0.0055 "-" 98426 0
