Oct 2 02:58:30 standalone container-server[129091]: 172.20.0.100 - - [02/Oct/2025:02:58:30 +0000] "HEAD /d1/590/AUTH_05767d505aaf43319487a6b9507a32c6/gnocchi.ffa8e1e0-b36f-477d-97f2-710952d5a5b7" 404 - "HEAD http://172.18.0.2:8080/v1/AUTH_05767d505aaf43319487a6b9507a32c6/gnocchi.ffa8e1e0-b36f-477d-97f2-710952d5a5b7?format=json&states=listing" "tx4d447814f92445cabbfce-0068ddea56" "proxy-server 20" 0.0006 "-" 20 0
Oct 2 02:58:30 standalone object-server[129386]: 172.20.0.100 - - [02/Oct/2025:02:58:30 +0000] "GET /d1/469/AUTH_05767d505aaf43319487a6b9507a32c6/gnocchi.ffa8e1e0-b36f-477d-97f2-710952d5a5b7/none_v3" 404 70 "GET http://172.18.0.2:8080/v1/AUTH_05767d505aaf43319487a6b9507a32c6/gnocchi.ffa8e1e0-b36f-477d-97f2-710952d5a5b7/none_v3" "tx4d447814f92445cabbfce-0068ddea56" "proxy-server 20" 0.0004 "-" 20 0
Oct 2 02:58:30 standalone proxy-server[131533]: 172.18.0.2 172.18.0.100 02/Oct/2025/02/58/30 GET /v1/AUTH_05767d505aaf43319487a6b9507a32c6/gnocchi.ffa8e1e0-b36f-477d-97f2-710952d5a5b7/none_v3 HTTP/1.0 404 - python-swiftclient-3.11.1 gAAAAABo3eme6sE5... - 70 - tx4d447814f92445cabbfce-0068ddea56 - 0.0118 - - 1759373910.876386166 1759373910.888202667 0
Oct 2 02:58:30 standalone account-server[129070]: 172.20.0.100 - - [02/Oct/2025:02:58:30 +0000] "PUT /d1/172/AUTH_05767d505aaf43319487a6b9507a32c6/gnocchi.ffa8e1e0-b36f-477d-97f2-710952d5a5b7" 201 - "PUT http://172.20.0.100:6001/d1/590/AUTH_05767d505aaf43319487a6b9507a32c6/gnocchi.ffa8e1e0-b36f-477d-97f2-710952d5a5b7" "txc855c26509304931a0fa8-0068ddea56" "container-server 22" 0.0066 "-" 20 0
Oct 2 02:58:30 standalone container-server[129097]: 172.20.0.100 - - [02/Oct/2025:02:58:30 +0000] "PUT /d1/590/AUTH_05767d505aaf43319487a6b9507a32c6/gnocchi.ffa8e1e0-b36f-477d-97f2-710952d5a5b7" 201 - "PUT http://172.18.0.2:8080/v1/AUTH_05767d505aaf43319487a6b9507a32c6/gnocchi.ffa8e1e0-b36f-477d-97f2-710952d5a5b7" "txc855c26509304931a0fa8-0068ddea56" "proxy-server 20" 0.0250 "-" 22 0
Oct 2 02:58:30 standalone proxy-server[131533]: 172.18.0.2 172.18.0.100 02/Oct/2025/02/58/30 PUT /v1/AUTH_05767d505aaf43319487a6b9507a32c6/gnocchi.ffa8e1e0-b36f-477d-97f2-710952d5a5b7 HTTP/1.0 201 - python-swiftclient-3.11.1 gAAAAABo3eme6sE5... - - - txc855c26509304931a0fa8-0068ddea56 - 0.0360 - - 1759373910.891717911 1759373910.927714348 0
Oct 2 02:58:30 standalone container-server[129103]: 172.20.0.100 - - [02/Oct/2025:02:58:30 +0000] "HEAD /d1/590/AUTH_05767d505aaf43319487a6b9507a32c6/gnocchi.ffa8e1e0-b36f-477d-97f2-710952d5a5b7" 204 - "HEAD http://172.18.0.2:8080/v1/AUTH_05767d505aaf43319487a6b9507a32c6/gnocchi.ffa8e1e0-b36f-477d-97f2-710952d5a5b7?format=json&states=listing" "tx24aa29f91afc4d25b344b-0068ddea56" "proxy-server 20" 0.0021 "-" 23 0
Oct 2 02:58:30 standalone proxy-server[131533]: - - 02/Oct/2025/02/58/30 HEAD /v1/AUTH_05767d505aaf43319487a6b9507a32c6/gnocchi.ffa8e1e0-b36f-477d-97f2-710952d5a5b7%3Fformat%3Djson%26states%3Dlisting HTTP/1.0 204 - Swift - - - - tx24aa29f91afc4d25b344b-0068ddea56 - 0.0066 RL - 1759373910.933357716 1759373910.939909935 0
Oct 2 02:58:30 standalone container-server[129103]: 172.20.0.100 - - [02/Oct/2025:02:58:30 +0000] "GET /d1/590/AUTH_05767d505aaf43319487a6b9507a32c6/gnocchi.ffa8e1e0-b36f-477d-97f2-710952d5a5b7" 200 2 "GET http://172.18.0.2:8080/v1/AUTH_05767d505aaf43319487a6b9507a32c6/gnocchi.ffa8e1e0-b36f-477d-97f2-710952d5a5b7?format=json&states=listing" "tx24aa29f91afc4d25b344b-0068ddea56" "proxy-server 20" 0.0033 "-" 23 0
Oct 2 02:58:30 standalone proxy-server[131533]: 172.18.0.2 172.18.0.100 02/Oct/2025/02/58/30 GET /v1/AUTH_05767d505aaf43319487a6b9507a32c6/gnocchi.ffa8e1e0-b36f-477d-97f2-710952d5a5b7%3Fformat%3Djson%26states%3Dlisting HTTP/1.0 200 - python-swiftclient-3.11.1 gAAAAABo3eme6sE5... - 2 - tx24aa29f91afc4d25b344b-0068ddea56 - 0.0188 - - 1759373910.932082176 1759373910.950837135 0
Oct 2 02:58:30 standalone object-server[129386]: 172.20.0.100 - - [02/Oct/2025:02:58:30 +0000] "GET /d1/870/AUTH_05767d505aaf43319487a6b9507a32c6/gnocchi.ffa8e1e0-b36f-477d-97f2-710952d5a5b7/1759320000.0_mean_300.0_v3" 404 70 "GET http://172.18.0.2:8080/v1/AUTH_05767d505aaf43319487a6b9507a32c6/gnocchi.ffa8e1e0-b36f-477d-97f2-710952d5a5b7/1759320000.0_mean_300.0_v3" "tx1f18203f640342479cd64-0068ddea56" "proxy-server 20" 0.0004 "-" 20 0
Oct 2 02:58:30 standalone proxy-server[131533]: 172.18.0.2 172.18.0.100 02/Oct/2025/02/58/30 GET /v1/AUTH_05767d505aaf43319487a6b9507a32c6/gnocchi.ffa8e1e0-b36f-477d-97f2-710952d5a5b7/1759320000.0_mean_300.0_v3 HTTP/1.0 404 - python-swiftclient-3.11.1 gAAAAABo3eme6sE5... - 70 - tx1f18203f640342479cd64-0068ddea56 - 0.0074 - - 1759373910.955506086 1759373910.962939978 0
Oct 2 02:58:30 standalone container-server[129097]: 172.20.0.100 - - [02/Oct/2025:02:58:30 +0000] "PUT /d1/590/AUTH_05767d505aaf43319487a6b9507a32c6/gnocchi.ffa8e1e0-b36f-477d-97f2-710952d5a5b7/1759320000.0_mean_300.0_v3" 201 - "PUT http://172.18.0.2:8080/d1/870/AUTH_05767d505aaf43319487a6b9507a32c6/gnocchi.ffa8e1e0-b36f-477d-97f2-710952d5a5b7/1759320000.0_mean_300.0_v3" "tx8a1ca01ce0c6433aaa534-0068ddea56" "object-server 18" 0.0018 "-" 22 0
Oct 2 02:58:30 standalone object-server[129384]: 172.20.0.100 - - [02/Oct/2025:02:58:30 +0000] "PUT /d1/870/AUTH_05767d505aaf43319487a6b9507a32c6/gnocchi.ffa8e1e0-b36f-477d-97f2-710952d5a5b7/1759320000.0_mean_300.0_v3" 201 - "PUT http://172.18.0.2:8080/v1/AUTH_05767d505aaf43319487a6b9507a32c6/gnocchi.ffa8e1e0-b36f-477d-97f2-710952d5a5b7/1759320000.0_mean_300.0_v3" "tx8a1ca01ce0c6433aaa534-0068ddea56" "proxy-server 20" 0.0144 "-" 18 0
Oct 2 02:58:30 standalone proxy-server[131533]: 172.18.0.2 172.18.0.100 02/Oct/2025/02/58/30 PUT /v1/AUTH_05767d505aaf43319487a6b9507a32c6/gnocchi.ffa8e1e0-b36f-477d-97f2-710952d5a5b7/1759320000.0_mean_300.0_v3 HTTP/1.0 201 - python-swiftclient-3.11.1 gAAAAABo3eme6sE5... 16 - - tx8a1ca01ce0c6433aaa534-0068ddea56 - 0.0222 - - 1759373910.966724873 1759373910.988880157 0
Oct 2 02:58:31 standalone container-server[129091]: 172.20.0.100 - - [02/Oct/2025:02:58:31 +0000] "PUT /d1/590/AUTH_05767d505aaf43319487a6b9507a32c6/gnocchi.ffa8e1e0-b36f-477d-97f2-710952d5a5b7/none_v3" 201 - "PUT http://172.18.0.2:8080/d1/469/AUTH_05767d505aaf43319487a6b9507a32c6/gnocchi.ffa8e1e0-b36f-477d-97f2-710952d5a5b7/none_v3" "txb272f336f3b24813848e5-0068ddea56" "object-server 18" 0.0008 "-" 20 0
Oct 2 02:58:31 standalone object-server[129384]: 172.20.0.100 - - [02/Oct/2025:02:58:31 +0000] "PUT /d1/469/AUTH_05767d505aaf43319487a6b9507a32c6/gnocchi.ffa8e1e0-b36f-477d-97f2-710952d5a5b7/none_v3" 201 - "PUT http://172.18.0.2:8080/v1/AUTH_05767d505aaf43319487a6b9507a32c6/gnocchi.ffa8e1e0-b36f-477d-97f2-710952d5a5b7/none_v3" "txb272f336f3b24813848e5-0068ddea56" "proxy-server 20" 0.0107 "-" 18 0
Oct 2 02:58:31 standalone proxy-server[131533]: 172.18.0.2 172.18.0.100 02/Oct/2025/02/58/31 PUT /v1/AUTH_05767d505aaf43319487a6b9507a32c6/gnocchi.ffa8e1e0-b36f-477d-97f2-710952d5a5b7/none_v3 HTTP/1.0 201 - python-swiftclient-3.11.1 gAAAAABo3eme6sE5... 22 - - txb272f336f3b24813848e5-0068ddea56 - 0.0187 - - 1759373910.993324518 1759373911.011974812 0
Oct 2 02:59:09 standalone account-server[129064]: 172.20.0.100 - - [02/Oct/2025:02:59:09 +0000] "HEAD /d1/639/.expiring_objects" 404 - "HEAD http://localhost/v1/.expiring_objects?format=json" "txb0b6493e983f45ce8809d-0068ddea7d" "proxy-server 2" 0.0006 "-" 19 -
Oct 2 02:59:09 standalone object-expirer[129188]: Pass completed in 0s; 0 objects expired (txn: txb0b6493e983f45ce8809d-0068ddea7d)
Oct 2 02:59:31 standalone object-server[129219]: Begin object update sweep
Oct 2 02:59:31 standalone object-server[249271]: Object update sweep starting on /srv/node/d1 (pid: 15)
Oct 2 02:59:31 standalone object-server[249271]: Object update sweep completed on /srv/node/d1 in 0.00s seconds:, 0 successes, 0 failures, 0 quarantines, 0 unlinks, 0 errors, 0 redirects (pid: 15)
Oct 2 02:59:31 standalone object-server[249271]: Object update sweep of d1 completed: 0.00s, 0 successes, 0 failures, 0 quarantines, 0 unlinks, 0 errors, 0 redirects
Oct 2 02:59:31 standalone object-server[129219]: Object update sweep completed: 0.08s
Oct 2 03:00:17 standalone account-server[129084]: 172.20.0.100 - - [02/Oct/2025:03:00:17 +0000] "HEAD /d1/172/AUTH_05767d505aaf43319487a6b9507a32c6" 204 - "HEAD http://172.18.0.2:8080/v1/AUTH_05767d505aaf43319487a6b9507a32c6?format=json" "txcef994eb539346f49c7e4-0068ddeac1" "proxy-server 20" 0.0086 "-" 22 -
Oct 2 03:00:17 standalone proxy-server[131533]: - - 02/Oct/2025/03/00/17 HEAD /v1/AUTH_05767d505aaf43319487a6b9507a32c6%3Fformat%3Djson HTTP/1.0 204 - Swift - - - - txcef994eb539346f49c7e4-0068ddeac1 - 0.0140 RL - 1759374017.098710775 1759374017.112670422 -
Oct 2 03:00:17 standalone container-server[129103]: 172.20.0.100 - - [02/Oct/2025:03:00:17 +0000] "HEAD /d1/112/AUTH_05767d505aaf43319487a6b9507a32c6/gnocchi.a8b24388-ce31-406e-a425-378fe9d125a0" 204 - "HEAD http://172.18.0.2:8080/v1/AUTH_05767d505aaf43319487a6b9507a32c6/gnocchi.a8b24388-ce31-406e-a425-378fe9d125a0?format=json&states=listing" "txcef994eb539346f49c7e4-0068ddeac1" "proxy-server 20" 0.0075 "-" 23 0
Oct 2 03:00:17 standalone object-server[129385]: 172.20.0.100 - - [02/Oct/2025:03:00:17 +0000] "GET /d1/106/AUTH_05767d505aaf43319487a6b9507a32c6/gnocchi.a8b24388-ce31-406e-a425-378fe9d125a0/none_v3" 200 32 "GET http://172.18.0.2:8080/v1/AUTH_05767d505aaf43319487a6b9507a32c6/gnocchi.a8b24388-ce31-406e-a425-378fe9d125a0/none_v3" "txcef994eb539346f49c7e4-0068ddeac1" "proxy-server 20" 0.0010 "-" 19 0
Oct 2 03:00:17 standalone proxy-server[131533]: 172.18.0.2 172.18.0.100 02/Oct/2025/03/00/17 GET /v1/AUTH_05767d505aaf43319487a6b9507a32c6/gnocchi.a8b24388-ce31-406e-a425-378fe9d125a0/none_v3 HTTP/1.0 200 - python-swiftclient-3.11.1 gAAAAABo3eme6sE5... - 32 - txcef994eb539346f49c7e4-0068ddeac1 - 0.0376 - - 1759374017.097294807 1759374017.134885073 0
Oct 2 03:00:17 standalone container-server[129089]: 172.20.0.100 - - [02/Oct/2025:03:00:17 +0000] "GET /d1/112/AUTH_05767d505aaf43319487a6b9507a32c6/gnocchi.a8b24388-ce31-406e-a425-378fe9d125a0" 200 357 "GET http://172.18.0.2:8080/v1/AUTH_05767d505aaf43319487a6b9507a32c6/gnocchi.a8b24388-ce31-406e-a425-378fe9d125a0?format=json&states=listing" "tx2f0878bce2764656bde64-0068ddeac1" "proxy-server 20" 0.0036 "-" 19 0
Oct 2 03:00:17 standalone proxy-server[131533]: 172.18.0.2 172.18.0.100 02/Oct/2025/03/00/17 GET /v1/AUTH_05767d505aaf43319487a6b9507a32c6/gnocchi.a8b24388-ce31-406e-a425-378fe9d125a0%3Fformat%3Djson%26states%3Dlisting HTTP/1.0 200 - python-swiftclient-3.11.1 gAAAAABo3eme6sE5... - 357 - tx2f0878bce2764656bde64-0068ddeac1 - 0.0143 - - 1759374017.139367342 1759374017.153671741 0
Oct 2 03:00:17 standalone container-server[129103]: 172.20.0.100 - - [02/Oct/2025:03:00:17 +0000] "GET /d1/112/AUTH_05767d505aaf43319487a6b9507a32c6/gnocchi.a8b24388-ce31-406e-a425-378fe9d125a0" 200 2 "GET http://172.18.0.2:8080/v1/AUTH_05767d505aaf43319487a6b9507a32c6/gnocchi.a8b24388-ce31-406e-a425-378fe9d125a0?format=json&marker=none_v3&states=listing" "txc6cb949d10574a278b4f0-0068ddeac1" "proxy-server 20" 0.0035 "-" 23 0
Oct 2 03:00:17 standalone proxy-server[131533]: 172.18.0.2 172.18.0.100 02/Oct/2025/03/00/17 GET /v1/AUTH_05767d505aaf43319487a6b9507a32c6/gnocchi.a8b24388-ce31-406e-a425-378fe9d125a0%3Fformat%3Djson%26marker%3Dnone_v3%26states%3Dlisting HTTP/1.0 200 - python-swiftclient-3.11.1 gAAAAABo3eme6sE5... - 2 - txc6cb949d10574a278b4f0-0068ddeac1 - 0.0123 - - 1759374017.156884432 1759374017.169217825 0
Oct 2 03:00:17 standalone object-server[129384]: 172.20.0.100 - - [02/Oct/2025:03:00:17 +0000] "GET /d1/220/AUTH_05767d505aaf43319487a6b9507a32c6/gnocchi.a8b24388-ce31-406e-a425-378fe9d125a0/1759320000.0_mean_300.0_v3" 200 16 "GET http://172.18.0.2:8080/v1/AUTH_05767d505aaf43319487a6b9507a32c6/gnocchi.a8b24388-ce31-406e-a425-378fe9d125a0/1759320000.0_mean_300.0_v3" "txbe0fc15d85e240389611a-0068ddeac1" "proxy-server 20" 0.0011 "-" 18 0
Oct 2 03:00:17 standalone proxy-server[131533]: 172.18.0.2 172.18.0.100 02/Oct/2025/03/00/17 GET /v1/AUTH_05767d505aaf43319487a6b9507a32c6/gnocchi.a8b24388-ce31-406e-a425-378fe9d125a0/1759320000.0_mean_300.0_v3 HTTP/1.0 200 - python-swiftclient-3.11.1 gAAAAABo3eme6sE5... - 16 - txbe0fc15d85e240389611a-0068ddeac1 - 0.0076 - - 1759374017.173129797 1759374017.180764198 0
Oct 2 03:00:17 standalone container-server[129091]: 172.20.0.100 - - [02/Oct/2025:03:00:17 +0000] "PUT /d1/112/AUTH_05767d505aaf43319487a6b9507a32c6/gnocchi.a8b24388-ce31-406e-a425-378fe9d125a0/1759320000.0_mean_300.0_v3" 201 - "PUT http://172.18.0.2:8080/d1/220/AUTH_05767d505aaf43319487a6b9507a32c6/gnocchi.a8b24388-ce31-406e-a425-378fe9d125a0/1759320000.0_mean_300.0_v3" "tx352f43c037a54e1cafab7-0068ddeac1" "object-server 19" 0.0009 "-" 20 0
Oct 2 03:00:17 standalone object-server[129385]: 172.20.0.100 - - [02/Oct/2025:03:00:17 +0000] "PUT /d1/220/AUTH_05767d505aaf43319487a6b9507a32c6/gnocchi.a8b24388-ce31-406e-a425-378fe9d125a0/1759320000.0_mean_300.0_v3" 201 - "PUT http://172.18.0.2:8080/v1/AUTH_05767d505aaf43319487a6b9507a32c6/gnocchi.a8b24388-ce31-406e-a425-378fe9d125a0/1759320000.0_mean_300.0_v3" "tx352f43c037a54e1cafab7-0068ddeac1" "proxy-server 20" 0.0108 "-" 19 0
Oct 2 03:00:17 standalone proxy-server[131533]: 172.18.0.2 172.18.0.100 02/Oct/2025/03/00/17 PUT /v1/AUTH_05767d505aaf43319487a6b9507a32c6/gnocchi.a8b24388-ce31-406e-a425-378fe9d125a0/1759320000.0_mean_300.0_v3 HTTP/1.0 201 - python-swiftclient-3.11.1 gAAAAABo3eme6sE5... 23 - - tx352f43c037a54e1cafab7-0068ddeac1 - 0.0171 - - 1759374017.184314251 1759374017.201391697 0
Oct 2 03:00:17 standalone container-server[129089]: 172.20.0.100 - - [02/Oct/2025:03:00:17 +0000] "PUT /d1/112/AUTH_05767d505aaf43319487a6b9507a32c6/gnocchi.a8b24388-ce31-406e-a425-378fe9d125a0/none_v3" 201 - "PUT http://172.18.0.2:8080/d1/106/AUTH_05767d505aaf43319487a6b9507a32c6/gnocchi.a8b24388-ce31-406e-a425-378fe9d125a0/none_v3" "txb3691da48163466893e10-0068ddeac1" "object-server 21" 0.0006 "-" 19 0
Oct 2 03:00:17 standalone object-server[129387]: 172.20.0.100 - - [02/Oct/2025:03:00:17 +0000] "PUT /d1/106/AUTH_05767d505aaf43319487a6b9507a32c6/gnocchi.a8b24388-ce31-406e-a425-378fe9d125a0/none_v3" 201 - "PUT http://172.18.0.2:8080/v1/AUTH_05767d505aaf43319487a6b9507a32c6/gnocchi.a8b24388-ce31-406e-a425-378fe9d125a0/none_v3" "txb3691da48163466893e10-0068ddeac1" "proxy-server 20" 0.0102 "-" 21 0
Oct 2 03:00:17 standalone proxy-server[131533]: 172.18.0.2 172.18.0.100 02/Oct/2025/03/00/17 PUT /v1/AUTH_05767d505aaf43319487a6b9507a32c6/gnocchi.a8b24388-ce31-406e-a425-378fe9d125a0/none_v3 HTTP/1.0 201 - python-swiftclient-3.11.1 gAAAAABo3eme6sE5... 22 - - txb3691da48163466893e10-0068ddeac1 - 0.0194 - - 1759374017.205000877 1759374017.224385262 0
Oct 2 03:00:17 standalone container-server[129097]: 172.20.0.100 - - [02/Oct/2025:03:00:17 +0000] "HEAD /d1/224/AUTH_05767d505aaf43319487a6b9507a32c6/gnocchi.ef2d7d86-5560-49f5-a422-971fd587277c" 204 - "HEAD http://172.18.0.2:8080/v1/AUTH_05767d505aaf43319487a6b9507a32c6/gnocchi.ef2d7d86-5560-49f5-a422-971fd587277c?format=json&states=listing" "txe01b4de1823c408e8650b-0068ddeac1" "proxy-server 20" 0.0080 "-" 22 0
Oct 2 03:00:17 standalone object-server[129384]: 172.20.0.100 - - [02/Oct/2025:03:00:17 +0000] "GET /d1/1011/AUTH_05767d505aaf43319487a6b9507a32c6/gnocchi.ef2d7d86-5560-49f5-a422-971fd587277c/none_v3" 200 32 "GET http://172.18.0.2:8080/v1/AUTH_05767d505aaf43319487a6b9507a32c6/gnocchi.ef2d7d86-5560-49f5-a422-971fd587277c/none_v3" "txe01b4de1823c408e8650b-0068ddeac1" "proxy-server 20" 0.0019 "-" 18 0
Oct 2 03:00:17 standalone proxy-server[131533]: 172.18.0.2 172.18.0.100 02/Oct/2025/03/00/17 GET /v1/AUTH_05767d505aaf43319487a6b9507a32c6/gnocchi.ef2d7d86-5560-49f5-a422-971fd587277c/none_v3 HTTP/1.0 200 - python-swiftclient-3.11.1 gAAAAABo3eme6sE5... - 32 - txe01b4de1823c408e8650b-0068ddeac1 - 0.0248 - - 1759374017.235515118 1759374017.260310173 0
Oct 2 03:00:17 standalone container-server[129089]: 172.20.0.100 - - [02/Oct/2025:03:00:17 +0000] "GET /d1/224/AUTH_05767d505aaf43319487a6b9507a32c6/gnocchi.ef2d7d86-5560-49f5-a422-971fd587277c" 200 357 "GET http://172.18.0.2:8080/v1/AUTH_05767d505aaf43319487a6b9507a32c6/gnocchi.ef2d7d86-5560-49f5-a422-971fd587277c?format=json&states=listing" "txd44e57919c254f54896d5-0068ddeac1" "proxy-server 20" 0.0038 "-" 19 0
Oct 2 03:00:17 standalone proxy-server[131533]: 172.18.0.2 172.18.0.100 02/Oct/2025/03/00/17 GET /v1/AUTH_05767d505aaf43319487a6b9507a32c6/gnocchi.ef2d7d86-5560-49f5-a422-971fd587277c%3Fformat%3Djson%26states%3Dlisting HTTP/1.0 200 - python-swiftclient-3.11.1 gAAAAABo3eme6sE5... - 357 - txd44e57919c254f54896d5-0068ddeac1 - 0.0126 - - 1759374017.265557051 1759374017.278160334 0
Oct 2 03:00:17 standalone container-server[129091]: 172.20.0.100 - - [02/Oct/2025:03:00:17 +0000] "GET /d1/224/AUTH_05767d505aaf43319487a6b9507a32c6/gnocchi.ef2d7d86-5560-49f5-a422-971fd587277c" 200 2 "GET http://172.18.0.2:8080/v1/AUTH_05767d505aaf43319487a6b9507a32c6/gnocchi.ef2d7d86-5560-49f5-a422-971fd587277c?format=json&marker=none_v3&states=listing" "tx707c489e7f104135b36d8-0068ddeac1" "proxy-server 20" 0.0037 "-" 20 0
Oct 2 03:00:17 standalone proxy-server[131533]: 172.18.0.2 172.18.0.100 02/Oct/2025/03/00/17 GET /v1/AUTH_05767d505aaf43319487a6b9507a32c6/gnocchi.ef2d7d86-5560-49f5-a422-971fd587277c%3Fformat%3Djson%26marker%3Dnone_v3%26states%3Dlisting HTTP/1.0 200 - python-swiftclient-3.11.1 gAAAAABo3eme6sE5... - 2 - tx707c489e7f104135b36d8-0068ddeac1 - 0.0122 - - 1759374017.281981468 1759374017.294209957 0
Oct 2 03:00:17 standalone object-server[129385]: 172.20.0.100 - - [02/Oct/2025:03:00:17 +0000] "GET /d1/760/AUTH_05767d505aaf43319487a6b9507a32c6/gnocchi.ef2d7d86-5560-49f5-a422-971fd587277c/1759320000.0_mean_300.0_v3" 200 16 "GET http://172.18.0.2:8080/v1/AUTH_05767d505aaf43319487a6b9507a32c6/gnocchi.ef2d7d86-5560-49f5-a422-971fd587277c/1759320000.0_mean_300.0_v3" "tx5d7d5ee31f5b481a99f2e-0068ddeac1" "proxy-server 20" 0.0013 "-" 19 0
Oct 2 03:00:17 standalone proxy-server[131533]: 172.18.0.2 172.18.0.100 02/Oct/2025/03/00/17 GET /v1/AUTH_05767d505aaf43319487a6b9507a32c6/gnocchi.ef2d7d86-5560-49f5-a422-971fd587277c/1759320000.0_mean_300.0_v3 HTTP/1.0 200 - python-swiftclient-3.11.1 gAAAAABo3eme6sE5... - 16 - tx5d7d5ee31f5b481a99f2e-0068ddeac1 - 0.0097 - - 1759374017.299463749 1759374017.309183121 0
Oct 2 03:00:17 standalone container-server[129089]: 172.20.0.100 - - [02/Oct/2025:03:00:17 +0000] "PUT /d1/224/AUTH_05767d505aaf43319487a6b9507a32c6/gnocchi.ef2d7d86-5560-49f5-a422-971fd587277c/1759320000.0_mean_300.0_v3" 201 - "PUT http://172.18.0.2:8080/d1/760/AUTH_05767d505aaf43319487a6b9507a32c6/gnocchi.ef2d7d86-5560-49f5-a422-971fd587277c/1759320000.0_mean_300.0_v3" "txc1b7c123739c4537ac8d5-0068ddeac1" "object-server 19" 0.0008 "-" 19 0
Oct 2 03:00:17 standalone object-server[129385]: 172.20.0.100 - - [02/Oct/2025:03:00:17 +0000] "PUT /d1/760/AUTH_05767d505aaf43319487a6b9507a32c6/gnocchi.ef2d7d86-5560-49f5-a422-971fd587277c/1759320000.0_mean_300.0_v3" 201 - "PUT http://172.18.0.2:8080/v1/AUTH_05767d505aaf43319487a6b9507a32c6/gnocchi.ef2d7d86-5560-49f5-a422-971fd587277c/1759320000.0_mean_300.0_v3" "txc1b7c123739c4537ac8d5-0068ddeac1" "proxy-server 20" 0.0128 "-" 19 0
Oct 2 03:00:17 standalone proxy-server[131533]: 172.18.0.2 172.18.0.100 02/Oct/2025/03/00/17 PUT /v1/AUTH_05767d505aaf43319487a6b9507a32c6/gnocchi.ef2d7d86-5560-49f5-a422-971fd587277c/1759320000.0_mean_300.0_v3 HTTP/1.0 201 - python-swiftclient-3.11.1 gAAAAABo3eme6sE5... 23 - - txc1b7c123739c4537ac8d5-0068ddeac1 - 0.0207 - - 1759374017.314718008 1759374017.335400105 0
Oct 2 03:00:17 standalone container-server[129103]: 172.20.0.100 - - [02/Oct/2025:03:00:17 +0000] "PUT /d1/224/AUTH_05767d505aaf43319487a6b9507a32c6/gnocchi.ef2d7d86-5560-49f5-a422-971fd587277c/none_v3" 201 - "PUT http://172.18.0.2:8080/d1/1011/AUTH_05767d505aaf43319487a6b9507a32c6/gnocchi.ef2d7d86-5560-49f5-a422-971fd587277c/none_v3" "tx5124041a013a4c3bba352-0068ddeac1" "object-server 18" 0.0008 "-" 23 0
Oct 2 03:00:17 standalone object-server[129384]: 172.20.0.100 - - [02/Oct/2025:03:00:17 +0000] "PUT /d1/1011/AUTH_05767d505aaf43319487a6b9507a32c6/gnocchi.ef2d7d86-5560-49f5-a422-971fd587277c/none_v3" 201 - "PUT http://172.18.0.2:8080/v1/AUTH_05767d505aaf43319487a6b9507a32c6/gnocchi.ef2d7d86-5560-49f5-a422-971fd587277c/none_v3" "tx5124041a013a4c3bba352-0068ddeac1" "proxy-server 20" 0.0127 "-" 18 0
Oct 2 03:00:17 standalone proxy-server[131533]: 172.18.0.2 172.18.0.100 02/Oct/2025/03/00/17 PUT /v1/AUTH_05767d505aaf43319487a6b9507a32c6/gnocchi.ef2d7d86-5560-49f5-a422-971fd587277c/none_v3 HTTP/1.0 201 - python-swiftclient-3.11.1 gAAAAABo3eme6sE5... 22 - - tx5124041a013a4c3bba352-0068ddeac1 - 0.0206 - - 1759374017.339884043 1759374017.360517740 0
Oct 2 03:00:17 standalone container-server[129103]: 172.20.0.100 - - [02/Oct/2025:03:00:17 +0000] "HEAD /d1/725/AUTH_05767d505aaf43319487a6b9507a32c6/gnocchi.438a6d34-a3e3-451a-bd80-e09834f30eab" 204 - "HEAD http://172.18.0.2:8080/v1/AUTH_05767d505aaf43319487a6b9507a32c6/gnocchi.438a6d34-a3e3-451a-bd80-e09834f30eab?format=json&states=listing" "txb2270f9fae6d4c36aa730-0068ddeac1" "proxy-server 20" 0.0082 "-" 23 0
Oct 2 03:00:17 standalone object-server[129386]: 172.20.0.100 - - [02/Oct/2025:03:00:17 +0000] "GET /d1/988/AUTH_05767d505aaf43319487a6b9507a32c6/gnocchi.438a6d34-a3e3-451a-bd80-e09834f30eab/none_v3" 200 22 "GET http://172.18.0.2:8080/v1/AUTH_05767d505aaf43319487a6b9507a32c6/gnocchi.438a6d34-a3e3-451a-bd80-e09834f30eab/none_v3" "txb2270f9fae6d4c36aa730-0068ddeac1" "proxy-server 20" 0.0011 "-" 20 0
Oct 2 03:00:17 standalone proxy-server[131533]: 172.18.0.2 172.18.0.100 02/Oct/2025/03/00/17 GET /v1/AUTH_05767d505aaf43319487a6b9507a32c6/gnocchi.438a6d34-a3e3-451a-bd80-e09834f30eab/none_v3 HTTP/1.0 200 - python-swiftclient-3.11.1 gAAAAABo3eme6sE5... - 22 - txb2270f9fae6d4c36aa730-0068ddeac1 - 0.0245 - - 1759374017.373589993 1759374017.398061037 0
Oct 2 03:00:17 standalone container-server[129097]: 172.20.0.100 - - [02/Oct/2025:03:00:17 +0000] "GET /d1/725/AUTH_05767d505aaf43319487a6b9507a32c6/gnocchi.438a6d34-a3e3-451a-bd80-e09834f30eab" 200 357 "GET http://172.18.0.2:8080/v1/AUTH_05767d505aaf43319487a6b9507a32c6/gnocchi.438a6d34-a3e3-451a-bd80-e09834f30eab?format=json&states=listing" "txd27f5acafb3146b697521-0068ddeac1" "proxy-server 20" 0.0044 "-" 22 0
Oct 2 03:00:17 standalone proxy-server[131533]: 172.18.0.2 172.18.0.100 02/Oct/2025/03/00/17 GET /v1/AUTH_05767d505aaf43319487a6b9507a32c6/gnocchi.438a6d34-a3e3-451a-bd80-e09834f30eab%3Fformat%3Djson%26states%3Dlisting HTTP/1.0 200 - python-swiftclient-3.11.1 gAAAAABo3eme6sE5... - 357 - txd27f5acafb3146b697521-0068ddeac1 - 0.0134 - - 1759374017.402989864 1759374017.416433573 0
Oct 2 03:00:17 standalone container-server[129097]: 172.20.0.100 - - [02/Oct/2025:03:00:17 +0000] "GET /d1/725/AUTH_05767d505aaf43319487a6b9507a32c6/gnocchi.438a6d34-a3e3-451a-bd80-e09834f30eab" 200 2 "GET http://172.18.0.2:8080/v1/AUTH_05767d505aaf43319487a6b9507a32c6/gnocchi.438a6d34-a3e3-451a-bd80-e09834f30eab?format=json&marker=none_v3&states=listing" "tx1436a3adcbb8498cade5a-0068ddeac1" "proxy-server 20" 0.0034 "-" 22 0
Oct 2 03:00:17 standalone proxy-server[131533]: 172.18.0.2 172.18.0.100 02/Oct/2025/03/00/17 GET /v1/AUTH_05767d505aaf43319487a6b9507a32c6/gnocchi.438a6d34-a3e3-451a-bd80-e09834f30eab%3Fformat%3Djson%26marker%3Dnone_v3%26states%3Dlisting HTTP/1.0 200 - python-swiftclient-3.11.1 gAAAAABo3eme6sE5... - 2 - tx1436a3adcbb8498cade5a-0068ddeac1 - 0.0115 - - 1759374017.420011759 1759374017.431488276 0
Oct 2 03:00:17 standalone object-server[129387]: 172.20.0.100 - - [02/Oct/2025:03:00:17 +0000] "GET /d1/214/AUTH_05767d505aaf43319487a6b9507a32c6/gnocchi.438a6d34-a3e3-451a-bd80-e09834f30eab/1759320000.0_mean_300.0_v3" 200 16 "GET http://172.18.0.2:8080/v1/AUTH_05767d505aaf43319487a6b9507a32c6/gnocchi.438a6d34-a3e3-451a-bd80-e09834f30eab/1759320000.0_mean_300.0_v3" "tx4accf844896448458bf3b-0068ddeac1" "proxy-server 20" 0.0010 "-" 21 0
Oct 2 03:00:17 standalone proxy-server[131533]: 172.18.0.2 172.18.0.100 02/Oct/2025/03/00/17 GET /v1/AUTH_05767d505aaf43319487a6b9507a32c6/gnocchi.438a6d34-a3e3-451a-bd80-e09834f30eab/1759320000.0_mean_300.0_v3 HTTP/1.0 200 - python-swiftclient-3.11.1 gAAAAABo3eme6sE5... - 16 - tx4accf844896448458bf3b-0068ddeac1 - 0.0088 - - 1759374017.436048985 1759374017.444860220 0
Oct 2 03:00:17 standalone container-server[129089]: 172.20.0.100 - - [02/Oct/2025:03:00:17 +0000] "PUT /d1/725/AUTH_05767d505aaf43319487a6b9507a32c6/gnocchi.438a6d34-a3e3-451a-bd80-e09834f30eab/1759320000.0_mean_300.0_v3" 201 - "PUT http://172.18.0.2:8080/d1/214/AUTH_05767d505aaf43319487a6b9507a32c6/gnocchi.438a6d34-a3e3-451a-bd80-e09834f30eab/1759320000.0_mean_300.0_v3" "tx4aa3af1529fe47759472b-0068ddeac1" "object-server 18" 0.0008 "-" 19 0
Oct 2 03:00:17 standalone object-server[129384]: 172.20.0.100 - - [02/Oct/2025:03:00:17 +0000] "PUT /d1/214/AUTH_05767d505aaf43319487a6b9507a32c6/gnocchi.438a6d34-a3e3-451a-bd80-e09834f30eab/1759320000.0_mean_300.0_v3" 201 - "PUT http://172.18.0.2:8080/v1/AUTH_05767d505aaf43319487a6b9507a32c6/gnocchi.438a6d34-a3e3-451a-bd80-e09834f30eab/1759320000.0_mean_300.0_v3" "tx4aa3af1529fe47759472b-0068ddeac1" "proxy-server 20" 0.0110 "-" 18 0
Oct 2 03:00:17 standalone proxy-server[131533]: 172.18.0.2 172.18.0.100 02/Oct/2025/03/00/17 PUT /v1/AUTH_05767d505aaf43319487a6b9507a32c6/gnocchi.438a6d34-a3e3-451a-bd80-e09834f30eab/1759320000.0_mean_300.0_v3 HTTP/1.0 201 - python-swiftclient-3.11.1 gAAAAABo3eme6sE5... 23 - - tx4aa3af1529fe47759472b-0068ddeac1 - 0.0191 - - 1759374017.448755026 1759374017.467814207 0
Oct 2 03:00:17 standalone container-server[129103]: 172.20.0.100 - - [02/Oct/2025:03:00:17 +0000] "PUT /d1/725/AUTH_05767d505aaf43319487a6b9507a32c6/gnocchi.438a6d34-a3e3-451a-bd80-e09834f30eab/none_v3" 201 - "PUT http://172.18.0.2:8080/d1/988/AUTH_05767d505aaf43319487a6b9507a32c6/gnocchi.438a6d34-a3e3-451a-bd80-e09834f30eab/none_v3" "tx9b1099b384c04d8ea1831-0068ddeac1" "object-server 20" 0.0007 "-" 23 0
Oct 2 03:00:17 standalone object-server[129386]: 172.20.0.100 - - [02/Oct/2025:03:00:17 +0000] "PUT /d1/988/AUTH_05767d505aaf43319487a6b9507a32c6/gnocchi.438a6d34-a3e3-451a-bd80-e09834f30eab/none_v3" 201 - "PUT http://172.18.0.2:8080/v1/AUTH_05767d505aaf43319487a6b9507a32c6/gnocchi.438a6d34-a3e3-451a-bd80-e09834f30eab/none_v3" "tx9b1099b384c04d8ea1831-0068ddeac1" "proxy-server 20" 0.0107 "-" 20 0
Oct 2 03:00:17 standalone proxy-server[131533]: 172.18.0.2 172.18.0.100 02/Oct/2025/03/00/17 PUT /v1/AUTH_05767d505aaf43319487a6b9507a32c6/gnocchi.438a6d34-a3e3-451a-bd80-e09834f30eab/none_v3 HTTP/1.0 201 - python-swiftclient-3.11.1 gAAAAABo3eme6sE5... 22 - - tx9b1099b384c04d8ea1831-0068ddeac1 - 0.0191 - - 1759374017.471616507 1759374017.490686417 0
Oct 2 03:00:17 standalone container-server[129089]: 172.20.0.100 - - [02/Oct/2025:03:00:17 +0000] "HEAD /d1/396/AUTH_05767d505aaf43319487a6b9507a32c6/gnocchi.ff14b4dc-4dbd-4db4-b187-32d5149a9954" 204 - "HEAD http://172.18.0.2:8080/v1/AUTH_05767d505aaf43319487a6b9507a32c6/gnocchi.ff14b4dc-4dbd-4db4-b187-32d5149a9954?format=json&states=listing" "txc656876e18c14e91a0c77-0068ddeac1" "proxy-server 20" 0.0086 "-" 19 0
Oct 2 03:00:17 standalone object-server[129385]: 172.20.0.100 - - [02/Oct/2025:03:00:17 +0000] "GET /d1/0/AUTH_05767d505aaf43319487a6b9507a32c6/gnocchi.ff14b4dc-4dbd-4db4-b187-32d5149a9954/none_v3" 200 32 "GET http://172.18.0.2:8080/v1/AUTH_05767d505aaf43319487a6b9507a32c6/gnocchi.ff14b4dc-4dbd-4db4-b187-32d5149a9954/none_v3" "txc656876e18c14e91a0c77-0068ddeac1" "proxy-server 20" 0.0011 "-" 19 0
Oct 2 03:00:17 standalone proxy-server[131533]: 172.18.0.2 172.18.0.100 02/Oct/2025/03/00/17 GET /v1/AUTH_05767d505aaf43319487a6b9507a32c6/gnocchi.ff14b4dc-4dbd-4db4-b187-32d5149a9954/none_v3 HTTP/1.0 200 - python-swiftclient-3.11.1 gAAAAABo3eme6sE5... - 32 - txc656876e18c14e91a0c77-0068ddeac1 - 0.0236 - - 1759374017.510627747 1759374017.534249544 0
Oct 2 03:00:17 standalone container-server[129097]: 172.20.0.100 - - [02/Oct/2025:03:00:17 +0000] "GET /d1/396/AUTH_05767d505aaf43319487a6b9507a32c6/gnocchi.ff14b4dc-4dbd-4db4-b187-32d5149a9954" 200 357 "GET http://172.18.0.2:8080/v1/AUTH_05767d505aaf43319487a6b9507a32c6/gnocchi.ff14b4dc-4dbd-4db4-b187-32d5149a9954?format=json&states=listing" "tx104177c1e01744839c5ba-0068ddeac1" "proxy-server 20" 0.0040 "-" 22 0
Oct 2 03:00:17 standalone proxy-server[131533]: 172.18.0.2 172.18.0.100 02/Oct/2025/03/00/17 GET /v1/AUTH_05767d505aaf43319487a6b9507a32c6/gnocchi.ff14b4dc-4dbd-4db4-b187-32d5149a9954%3Fformat%3Djson%26states%3Dlisting HTTP/1.0 200 - python-swiftclient-3.11.1 gAAAAABo3eme6sE5... - 357 - tx104177c1e01744839c5ba-0068ddeac1 - 0.0135 - - 1759374017.539179325 1759374017.552707434 0
Oct 2 03:00:17 standalone container-server[129089]: 172.20.0.100 - - [02/Oct/2025:03:00:17 +0000] "GET /d1/396/AUTH_05767d505aaf43319487a6b9507a32c6/gnocchi.ff14b4dc-4dbd-4db4-b187-32d5149a9954" 200 2 "GET http://172.18.0.2:8080/v1/AUTH_05767d505aaf43319487a6b9507a32c6/gnocchi.ff14b4dc-4dbd-4db4-b187-32d5149a9954?format=json&marker=none_v3&states=listing" "txbd30d25401a84b6185bd0-0068ddeac1" "proxy-server 20" 0.0038 "-" 19 0
Oct 2 03:00:17 standalone proxy-server[131533]: 172.18.0.2 172.18.0.100 02/Oct/2025/03/00/17 GET /v1/AUTH_05767d505aaf43319487a6b9507a32c6/gnocchi.ff14b4dc-4dbd-4db4-b187-32d5149a9954%3Fformat%3Djson%26marker%3Dnone_v3%26states%3Dlisting HTTP/1.0 200 - python-swiftclient-3.11.1 gAAAAABo3eme6sE5... - 2 - txbd30d25401a84b6185bd0-0068ddeac1 - 0.0125 - - 1759374017.558033466 1759374017.570562601 0
Oct 2 03:00:17 standalone object-server[129387]: 172.20.0.100 - - [02/Oct/2025:03:00:17 +0000] "GET /d1/327/AUTH_05767d505aaf43319487a6b9507a32c6/gnocchi.ff14b4dc-4dbd-4db4-b187-32d5149a9954/1759320000.0_mean_300.0_v3" 200 16 "GET http://172.18.0.2:8080/v1/AUTH_05767d505aaf43319487a6b9507a32c6/gnocchi.ff14b4dc-4dbd-4db4-b187-32d5149a9954/1759320000.0_mean_300.0_v3" "txb87e46803aba45679baf2-0068ddeac1" "proxy-server 20" 0.0013 "-" 21 0
Oct 2 03:00:17 standalone proxy-server[131533]: 172.18.0.2 172.18.0.100 02/Oct/2025/03/00/17 GET /v1/AUTH_05767d505aaf43319487a6b9507a32c6/gnocchi.ff14b4dc-4dbd-4db4-b187-32d5149a9954/1759320000.0_mean_300.0_v3 HTTP/1.0 200 - python-swiftclient-3.11.1 gAAAAABo3eme6sE5... - 16 - txb87e46803aba45679baf2-0068ddeac1 - 0.0101 - - 1759374017.575746536 1759374017.585854530 0
Oct 2 03:00:17 standalone container-server[129089]: 172.20.0.100 - - [02/Oct/2025:03:00:17 +0000] "PUT /d1/396/AUTH_05767d505aaf43319487a6b9507a32c6/gnocchi.ff14b4dc-4dbd-4db4-b187-32d5149a9954/1759320000.0_mean_300.0_v3" 201 - "PUT http://172.18.0.2:8080/d1/327/AUTH_05767d505aaf43319487a6b9507a32c6/gnocchi.ff14b4dc-4dbd-4db4-b187-32d5149a9954/1759320000.0_mean_300.0_v3" "tx86327eb68a01481093304-0068ddeac1" "object-server 18" 0.0008 "-" 19 0
Oct 2 03:00:17 standalone object-server[129384]: 172.20.0.100 - - [02/Oct/2025:03:00:17 +0000] "PUT /d1/327/AUTH_05767d505aaf43319487a6b9507a32c6/gnocchi.ff14b4dc-4dbd-4db4-b187-32d5149a9954/1759320000.0_mean_300.0_v3" 201 - "PUT http://172.18.0.2:8080/v1/AUTH_05767d505aaf43319487a6b9507a32c6/gnocchi.ff14b4dc-4dbd-4db4-b187-32d5149a9954/1759320000.0_mean_300.0_v3" "tx86327eb68a01481093304-0068ddeac1" "proxy-server 20" 0.0108 "-" 18 0
Oct 2 03:00:17 standalone proxy-server[131533]: 172.18.0.2 172.18.0.100 02/Oct/2025/03/00/17 PUT /v1/AUTH_05767d505aaf43319487a6b9507a32c6/gnocchi.ff14b4dc-4dbd-4db4-b187-32d5149a9954/1759320000.0_mean_300.0_v3 HTTP/1.0 201 - python-swiftclient-3.11.1 gAAAAABo3eme6sE5... 23 - - tx86327eb68a01481093304-0068ddeac1 - 0.0189 - - 1759374017.590186596 1759374017.609089136 0
Oct 2 03:00:17 standalone container-server[129089]: 172.20.0.100 - - [02/Oct/2025:03:00:17 +0000] "PUT /d1/396/AUTH_05767d505aaf43319487a6b9507a32c6/gnocchi.ff14b4dc-4dbd-4db4-b187-32d5149a9954/none_v3" 201 - "PUT http://172.18.0.2:8080/d1/0/AUTH_05767d505aaf43319487a6b9507a32c6/gnocchi.ff14b4dc-4dbd-4db4-b187-32d5149a9954/none_v3" "txb3f38cc885894561a76d1-0068ddeac1" "object-server 18" 0.0008 "-" 19 0
Oct 2 03:00:17 standalone object-server[129384]: 172.20.0.100 - - [02/Oct/2025:03:00:17 +0000] "PUT /d1/0/AUTH_05767d505aaf43319487a6b9507a32c6/gnocchi.ff14b4dc-4dbd-4db4-b187-32d5149a9954/none_v3" 201 - "PUT http://172.18.0.2:8080/v1/AUTH_05767d505aaf43319487a6b9507a32c6/gnocchi.ff14b4dc-4dbd-4db4-b187-32d5149a9954/none_v3" "txb3f38cc885894561a76d1-0068ddeac1" "proxy-server 20" 0.0146 "-" 18 0
Oct 2 03:00:17 standalone proxy-server[131533]: 172.18.0.2 172.18.0.100 02/Oct/2025/03/00/17 PUT /v1/AUTH_05767d505aaf43319487a6b9507a32c6/gnocchi.ff14b4dc-4dbd-4db4-b187-32d5149a9954/none_v3 HTTP/1.0 201 - python-swiftclient-3.11.1 gAAAAABo3eme6sE5... 22 - - txb3f38cc885894561a76d1-0068ddeac1 - 0.0232 - - 1759374017.613352299 1759374017.636595249 0
Oct 2 03:00:17 standalone container-server[129097]: 172.20.0.100 - - [02/Oct/2025:03:00:17 +0000] "HEAD /d1/1022/AUTH_05767d505aaf43319487a6b9507a32c6/gnocchi.6b1c8949-0471-4181-ab57-025b116db1ce" 204 - "HEAD http://172.18.0.2:8080/v1/AUTH_05767d505aaf43319487a6b9507a32c6/gnocchi.6b1c8949-0471-4181-ab57-025b116db1ce?format=json&states=listing" "tx1389d2e2261f4e48bae0d-0068ddeac1" "proxy-server 20" 0.0076 "-" 22 0
Oct 2 03:00:17 standalone object-server[129385]: 172.20.0.100 - - [02/Oct/2025:03:00:17 +0000] "GET /d1/528/AUTH_05767d505aaf43319487a6b9507a32c6/gnocchi.6b1c8949-0471-4181-ab57-025b116db1ce/none_v3" 200 22 "GET http://172.18.0.2:8080/v1/AUTH_05767d505aaf43319487a6b9507a32c6/gnocchi.6b1c8949-0471-4181-ab57-025b116db1ce/none_v3" "tx1389d2e2261f4e48bae0d-0068ddeac1" "proxy-server 20" 0.0011 "-" 19 0
Oct 2 03:00:17 standalone proxy-server[131533]: 172.18.0.2 172.18.0.100 02/Oct/2025/03/00/17 GET /v1/AUTH_05767d505aaf43319487a6b9507a32c6/gnocchi.6b1c8949-0471-4181-ab57-025b116db1ce/none_v3 HTTP/1.0 200 - python-swiftclient-3.11.1 gAAAAABo3eme6sE5... - 22 - tx1389d2e2261f4e48bae0d-0068ddeac1 - 0.0303 - - 1759374017.653016090 1759374017.683289051 0
Oct 2 03:00:17 standalone container-server[129089]: 172.20.0.100 - - [02/Oct/2025:03:00:17 +0000] "GET /d1/1022/AUTH_05767d505aaf43319487a6b9507a32c6/gnocchi.6b1c8949-0471-4181-ab57-025b116db1ce" 200 357 "GET http://172.18.0.2:8080/v1/AUTH_05767d505aaf43319487a6b9507a32c6/gnocchi.6b1c8949-0471-4181-ab57-025b116db1ce?format=json&states=listing" "txa84a223ada624774bf3d2-0068ddeac1" "proxy-server 20" 0.0038 "-" 19 0
Oct 2 03:00:17 standalone proxy-server[131533]: 172.18.0.2 172.18.0.100 02/Oct/2025/03/00/17 GET /v1/AUTH_05767d505aaf43319487a6b9507a32c6/gnocchi.6b1c8949-0471-4181-ab57-025b116db1ce%3Fformat%3Djson%26states%3Dlisting HTTP/1.0 200 - python-swiftclient-3.11.1 gAAAAABo3eme6sE5... - 357 - txa84a223ada624774bf3d2-0068ddeac1 - 0.0188 - - 1759374017.688830614 1759374017.707673311 0
Oct 2 03:00:17 standalone container-server[129091]: 172.20.0.100 - - [02/Oct/2025:03:00:17 +0000] "GET /d1/1022/AUTH_05767d505aaf43319487a6b9507a32c6/gnocchi.6b1c8949-0471-4181-ab57-025b116db1ce" 200 2 "GET http://172.18.0.2:8080/v1/AUTH_05767d505aaf43319487a6b9507a32c6/gnocchi.6b1c8949-0471-4181-ab57-025b116db1ce?format=json&marker=none_v3&states=listing" "tx88fe1aa972a847f1afdc4-0068ddeac1" "proxy-server 20" 0.0035 "-" 20 0
Oct 2 03:00:17 standalone proxy-server[131533]: 172.18.0.2 172.18.0.100 02/Oct/2025/03/00/17 GET /v1/AUTH_05767d505aaf43319487a6b9507a32c6/gnocchi.6b1c8949-0471-4181-ab57-025b116db1ce%3Fformat%3Djson%26marker%3Dnone_v3%26states%3Dlisting HTTP/1.0 200 - python-swiftclient-3.11.1 gAAAAABo3eme6sE5... - 2 - tx88fe1aa972a847f1afdc4-0068ddeac1 - 0.0138 - - 1759374017.712002516 1759374017.725786924 0
Oct 2 03:00:17 standalone object-server[129385]: 172.20.0.100 - - [02/Oct/2025:03:00:17 +0000] "GET /d1/885/AUTH_05767d505aaf43319487a6b9507a32c6/gnocchi.6b1c8949-0471-4181-ab57-025b116db1ce/1759320000.0_mean_300.0_v3" 200 16 "GET http://172.18.0.2:8080/v1/AUTH_05767d505aaf43319487a6b9507a32c6/gnocchi.6b1c8949-0471-4181-ab57-025b116db1ce/1759320000.0_mean_300.0_v3" "txcf63b0b2bc154122a4cae-0068ddeac1" "proxy-server 20" 0.0010 "-" 19 0
Oct 2 03:00:17 standalone proxy-server[131533]: 172.18.0.2 172.18.0.100 02/Oct/2025/03/00/17 GET /v1/AUTH_05767d505aaf43319487a6b9507a32c6/gnocchi.6b1c8949-0471-4181-ab57-025b116db1ce/1759320000.0_mean_300.0_v3 HTTP/1.0 200 - python-swiftclient-3.11.1 gAAAAABo3eme6sE5... - 16 - txcf63b0b2bc154122a4cae-0068ddeac1 - 0.0132 - - 1759374017.731246233 1759374017.744467497 0
Oct 2 03:00:17 standalone container-server[129091]: 172.20.0.100 - - [02/Oct/2025:03:00:17 +0000] "PUT /d1/1022/AUTH_05767d505aaf43319487a6b9507a32c6/gnocchi.6b1c8949-0471-4181-ab57-025b116db1ce/1759320000.0_mean_300.0_v3" 201 - "PUT http://172.18.0.2:8080/d1/885/AUTH_05767d505aaf43319487a6b9507a32c6/gnocchi.6b1c8949-0471-4181-ab57-025b116db1ce/1759320000.0_mean_300.0_v3" "txaab3a116b4544b18a70f7-0068ddeac1" "object-server 19" 0.0007 "-" 20 0
Oct 2 03:00:17 standalone object-server[129385]: 172.20.0.100 - - [02/Oct/2025:03:00:17 +0000] "PUT /d1/885/AUTH_05767d505aaf43319487a6b9507a32c6/gnocchi.6b1c8949-0471-4181-ab57-025b116db1ce/1759320000.0_mean_300.0_v3" 201 - "PUT http://172.18.0.2:8080/v1/AUTH_05767d505aaf43319487a6b9507a32c6/gnocchi.6b1c8949-0471-4181-ab57-025b116db1ce/1759320000.0_mean_300.0_v3" "txaab3a116b4544b18a70f7-0068ddeac1" "proxy-server 20" 0.0112 "-" 19 0
Oct 2 03:00:17 standalone proxy-server[131533]: 172.18.0.2 172.18.0.100 02/Oct/2025/03/00/17 PUT /v1/AUTH_05767d505aaf43319487a6b9507a32c6/gnocchi.6b1c8949-0471-4181-ab57-025b116db1ce/1759320000.0_mean_300.0_v3 HTTP/1.0 201 - python-swiftclient-3.11.1 gAAAAABo3eme6sE5... 23 - - txaab3a116b4544b18a70f7-0068ddeac1 - 0.0194 - - 1759374017.749300480 1759374017.768699408 0
Oct 2 03:00:17 standalone container-server[129091]: 172.20.0.100 - - [02/Oct/2025:03:00:17 +0000] "PUT /d1/1022/AUTH_05767d505aaf43319487a6b9507a32c6/gnocchi.6b1c8949-0471-4181-ab57-025b116db1ce/none_v3" 201 - "PUT http://172.18.0.2:8080/d1/528/AUTH_05767d505aaf43319487a6b9507a32c6/gnocchi.6b1c8949-0471-4181-ab57-025b116db1ce/none_v3" "txfc484d322b0147918595b-0068ddeac1" "object-server 18" 0.0005 "-" 20 0
Oct 2 03:00:17 standalone object-server[129384]: 172.20.0.100 - - [02/Oct/2025:03:00:17 +0000] "PUT /d1/528/AUTH_05767d505aaf43319487a6b9507a32c6/gnocchi.6b1c8949-0471-4181-ab57-025b116db1ce/none_v3" 201 - "PUT http://172.18.0.2:8080/v1/AUTH_05767d505aaf43319487a6b9507a32c6/gnocchi.6b1c8949-0471-4181-ab57-025b116db1ce/none_v3" "txfc484d322b0147918595b-0068ddeac1" "proxy-server 20" 0.0107 "-" 18 0
Oct 2 03:00:17 standalone proxy-server[131533]: 172.18.0.2 172.18.0.100 02/Oct/2025/03/00/17 PUT /v1/AUTH_05767d505aaf43319487a6b9507a32c6/gnocchi.6b1c8949-0471-4181-ab57-025b116db1ce/none_v3 HTTP/1.0 201 - python-swiftclient-3.11.1 gAAAAABo3eme6sE5... 22 - - txfc484d322b0147918595b-0068ddeac1 - 0.0187 - - 1759374017.772548676 1759374017.791279793 0
Oct 2 03:00:17 standalone container-server[129091]: 172.20.0.100 - - [02/Oct/2025:03:00:17 +0000] "HEAD /d1/688/AUTH_05767d505aaf43319487a6b9507a32c6/gnocchi.ec816aa7-b88d-4993-bcb3-cd0eecb4e938" 204 - "HEAD http://172.18.0.2:8080/v1/AUTH_05767d505aaf43319487a6b9507a32c6/gnocchi.ec816aa7-b88d-4993-bcb3-cd0eecb4e938?format=json&states=listing" "tx2f97f4d0c9874e35837f5-0068ddeac1" "proxy-server 20" 0.0081 "-" 20 0
Oct 2 03:00:17 standalone object-server[129386]: 172.20.0.100 - - [02/Oct/2025:03:00:17 +0000] "GET /d1/97/AUTH_05767d505aaf43319487a6b9507a32c6/gnocchi.ec816aa7-b88d-4993-bcb3-cd0eecb4e938/none_v3" 200 32 "GET http://172.18.0.2:8080/v1/AUTH_05767d505aaf43319487a6b9507a32c6/gnocchi.ec816aa7-b88d-4993-bcb3-cd0eecb4e938/none_v3" "tx2f97f4d0c9874e35837f5-0068ddeac1" "proxy-server 20" 0.0017 "-" 20 0
Oct 2 03:00:17 standalone proxy-server[131533]: 172.18.0.2 172.18.0.100 02/Oct/2025/03/00/17 GET /v1/AUTH_05767d505aaf43319487a6b9507a32c6/gnocchi.ec816aa7-b88d-4993-bcb3-cd0eecb4e938/none_v3 HTTP/1.0 200 - python-swiftclient-3.11.1 gAAAAABo3eme6sE5... - 32 - tx2f97f4d0c9874e35837f5-0068ddeac1 - 0.0213 - - 1759374017.806370497 1759374017.827623606 0
Oct 2 03:00:17 standalone container-server[129089]: 172.20.0.100 - - [02/Oct/2025:03:00:17 +0000] "GET /d1/688/AUTH_05767d505aaf43319487a6b9507a32c6/gnocchi.ec816aa7-b88d-4993-bcb3-cd0eecb4e938" 200 357 "GET http://172.18.0.2:8080/v1/AUTH_05767d505aaf43319487a6b9507a32c6/gnocchi.ec816aa7-b88d-4993-bcb3-cd0eecb4e938?format=json&states=listing" "txb129090bf14540b5a6467-0068ddeac1" "proxy-server 20" 0.0042 "-" 19 0
Oct 2 03:00:17 standalone proxy-server[131533]: 172.18.0.2 172.18.0.100 02/Oct/2025/03/00/17 GET /v1/AUTH_05767d505aaf43319487a6b9507a32c6/gnocchi.ec816aa7-b88d-4993-bcb3-cd0eecb4e938%3Fformat%3Djson%26states%3Dlisting HTTP/1.0 200 - python-swiftclient-3.11.1 gAAAAABo3eme6sE5... - 357 - txb129090bf14540b5a6467-0068ddeac1 - 0.0128 - - 1759374017.832379580 1759374017.845225573 0
Oct 2 03:00:17 standalone container-server[129103]: 172.20.0.100 - - [02/Oct/2025:03:00:17 +0000] "GET /d1/688/AUTH_05767d505aaf43319487a6b9507a32c6/gnocchi.ec816aa7-b88d-4993-bcb3-cd0eecb4e938" 200 2 "GET http://172.18.0.2:8080/v1/AUTH_05767d505aaf43319487a6b9507a32c6/gnocchi.ec816aa7-b88d-4993-bcb3-cd0eecb4e938?format=json&marker=none_v3&states=listing" "txd6cc50f0f88d40ccbaa69-0068ddeac1" "proxy-server 20" 0.0037 "-" 23 0
Oct 2 03:00:17 standalone proxy-server[131533]: 172.18.0.2 172.18.0.100 02/Oct/2025/03/00/17 GET /v1/AUTH_05767d505aaf43319487a6b9507a32c6/gnocchi.ec816aa7-b88d-4993-bcb3-cd0eecb4e938%3Fformat%3Djson%26marker%3Dnone_v3%26states%3Dlisting HTTP/1.0 200 - python-swiftclient-3.11.1 gAAAAABo3eme6sE5... - 2 - txd6cc50f0f88d40ccbaa69-0068ddeac1 - 0.0149 - - 1759374017.849402189 1759374017.864257574 0
Oct 2 03:00:17 standalone object-server[129384]: 172.20.0.100 - - [02/Oct/2025:03:00:17 +0000] "GET /d1/695/AUTH_05767d505aaf43319487a6b9507a32c6/gnocchi.ec816aa7-b88d-4993-bcb3-cd0eecb4e938/1759320000.0_mean_300.0_v3" 200 16 "GET http://172.18.0.2:8080/v1/AUTH_05767d505aaf43319487a6b9507a32c6/gnocchi.ec816aa7-b88d-4993-bcb3-cd0eecb4e938/1759320000.0_mean_300.0_v3" "tx03ae4a4b45f64cd0bf701-0068ddeac1" "proxy-server 20" 0.0011 "-" 18 0
Oct 2 03:00:17 standalone proxy-server[131533]: 172.18.0.2 172.18.0.100 02/Oct/2025/03/00/17 GET /v1/AUTH_05767d505aaf43319487a6b9507a32c6/gnocchi.ec816aa7-b88d-4993-bcb3-cd0eecb4e938/1759320000.0_mean_300.0_v3 HTTP/1.0 200 - python-swiftclient-3.11.1 gAAAAABo3eme6sE5... - 16 - tx03ae4a4b45f64cd0bf701-0068ddeac1 - 0.0117 - - 1759374017.869827032 1759374017.881574631 0
Oct 2 03:00:17 standalone container-server[129089]: 172.20.0.100 - - [02/Oct/2025:03:00:17 +0000] "PUT /d1/688/AUTH_05767d505aaf43319487a6b9507a32c6/gnocchi.ec816aa7-b88d-4993-bcb3-cd0eecb4e938/1759320000.0_mean_300.0_v3" 201 - "PUT http://172.18.0.2:8080/d1/695/AUTH_05767d505aaf43319487a6b9507a32c6/gnocchi.ec816aa7-b88d-4993-bcb3-cd0eecb4e938/1759320000.0_mean_300.0_v3" "txdabd095d27314e59ad2ea-0068ddeac1" "object-server 20" 0.0008 "-" 19 0
Oct 2 03:00:17 standalone object-server[129386]: 172.20.0.100 - - [02/Oct/2025:03:00:17 +0000] "PUT /d1/695/AUTH_05767d505aaf43319487a6b9507a32c6/gnocchi.ec816aa7-b88d-4993-bcb3-cd0eecb4e938/1759320000.0_mean_300.0_v3" 201 - "PUT http://172.18.0.2:8080/v1/AUTH_05767d505aaf43319487a6b9507a32c6/gnocchi.ec816aa7-b88d-4993-bcb3-cd0eecb4e938/1759320000.0_mean_300.0_v3" "txdabd095d27314e59ad2ea-0068ddeac1" "proxy-server 20" 0.0122 "-" 20 0
Oct 2 03:00:17 standalone proxy-server[131533]: 172.18.0.2 172.18.0.100 02/Oct/2025/03/00/17 PUT /v1/AUTH_05767d505aaf43319487a6b9507a32c6/gnocchi.ec816aa7-b88d-4993-bcb3-cd0eecb4e938/1759320000.0_mean_300.0_v3 HTTP/1.0 201 - python-swiftclient-3.11.1 gAAAAABo3eme6sE5... 23 - - txdabd095d27314e59ad2ea-0068ddeac1 - 0.0210 - - 1759374017.886227131 1759374017.907248020 0
Oct 2 03:00:17 standalone container-server[129089]: 172.20.0.100 - - [02/Oct/2025:03:00:17 +0000] "PUT /d1/688/AUTH_05767d505aaf43319487a6b9507a32c6/gnocchi.ec816aa7-b88d-4993-bcb3-cd0eecb4e938/none_v3" 201 - "PUT http://172.18.0.2:8080/d1/97/AUTH_05767d505aaf43319487a6b9507a32c6/gnocchi.ec816aa7-b88d-4993-bcb3-cd0eecb4e938/none_v3" "txf9ea58a588574bc4ad3ea-0068ddeac1" "object-server 20" 0.0006 "-" 19 0
Oct 2 03:00:17 standalone object-server[129386]: 172.20.0.100 - - [02/Oct/2025:03:00:17 +0000] "PUT /d1/97/AUTH_05767d505aaf43319487a6b9507a32c6/gnocchi.ec816aa7-b88d-4993-bcb3-cd0eecb4e938/none_v3" 201 - "PUT http://172.18.0.2:8080/v1/AUTH_05767d505aaf43319487a6b9507a32c6/gnocchi.ec816aa7-b88d-4993-bcb3-cd0eecb4e938/none_v3" "txf9ea58a588574bc4ad3ea-0068ddeac1" "proxy-server 20" 0.0139 "-" 20 0
Oct 2 03:00:17 standalone proxy-server[131533]: 172.18.0.2 172.18.0.100 02/Oct/2025/03/00/17 PUT /v1/AUTH_05767d505aaf43319487a6b9507a32c6/gnocchi.ec816aa7-b88d-4993-bcb3-cd0eecb4e938/none_v3 HTTP/1.0 201 - python-swiftclient-3.11.1 gAAAAABo3eme6sE5... 22 - - txf9ea58a588574bc4ad3ea-0068ddeac1 - 0.0235 - - 1759374017.911328554 1759374017.934859991 0
Oct 2 03:00:17 standalone container-server[129091]: 172.20.0.100 - - [02/Oct/2025:03:00:17 +0000] "HEAD /d1/480/AUTH_05767d505aaf43319487a6b9507a32c6/gnocchi.b33d811f-d880-4085-80b0-01f12bf5b3cb" 204 - "HEAD http://172.18.0.2:8080/v1/AUTH_05767d505aaf43319487a6b9507a32c6/gnocchi.b33d811f-d880-4085-80b0-01f12bf5b3cb?format=json&states=listing" "tx821ec862fc514c8cbe190-0068ddeac1" "proxy-server 20" 0.0089 "-" 20 0
Oct 2 03:00:17 standalone object-server[129386]: 172.20.0.100 - - [02/Oct/2025:03:00:17 +0000] "GET /d1/787/AUTH_05767d505aaf43319487a6b9507a32c6/gnocchi.b33d811f-d880-4085-80b0-01f12bf5b3cb/none_v3" 200 22 "GET http://172.18.0.2:8080/v1/AUTH_05767d505aaf43319487a6b9507a32c6/gnocchi.b33d811f-d880-4085-80b0-01f12bf5b3cb/none_v3" "tx821ec862fc514c8cbe190-0068ddeac1" "proxy-server 20" 0.0011 "-" 20 0
Oct 2 03:00:17 standalone proxy-server[131533]: 172.18.0.2 172.18.0.100 02/Oct/2025/03/00/17 GET /v1/AUTH_05767d505aaf43319487a6b9507a32c6/gnocchi.b33d811f-d880-4085-80b0-01f12bf5b3cb/none_v3 HTTP/1.0 200 - python-swiftclient-3.11.1 gAAAAABo3eme6sE5... - 22 - tx821ec862fc514c8cbe190-0068ddeac1 - 0.0255 - - 1759374017.949978590 1759374017.975507975 0
Oct 2 03:00:17 standalone container-server[129097]: 172.20.0.100 - - [02/Oct/2025:03:00:17 +0000] "GET /d1/480/AUTH_05767d505aaf43319487a6b9507a32c6/gnocchi.b33d811f-d880-4085-80b0-01f12bf5b3cb" 200 357 "GET http://172.18.0.2:8080/v1/AUTH_05767d505aaf43319487a6b9507a32c6/gnocchi.b33d811f-d880-4085-80b0-01f12bf5b3cb?format=json&states=listing" "tx38259dcdd8af49b28aaca-0068ddeac1" "proxy-server 20" 0.0037 "-" 22 0
Oct 2 03:00:17 standalone proxy-server[131533]: 172.18.0.2 172.18.0.100 02/Oct/2025/03/00/17 GET /v1/AUTH_05767d505aaf43319487a6b9507a32c6/gnocchi.b33d811f-d880-4085-80b0-01f12bf5b3cb%3Fformat%3Djson%26states%3Dlisting HTTP/1.0 200 - python-swiftclient-3.11.1 gAAAAABo3eme6sE5... - 357 - tx38259dcdd8af49b28aaca-0068ddeac1 - 0.0127 - - 1759374017.981745720 1759374017.994405031 0
Oct 2 03:00:18 standalone container-server[129089]: 172.20.0.100 - - [02/Oct/2025:03:00:18 +0000] "GET /d1/480/AUTH_05767d505aaf43319487a6b9507a32c6/gnocchi.b33d811f-d880-4085-80b0-01f12bf5b3cb" 200 2 "GET http://172.18.0.2:8080/v1/AUTH_05767d505aaf43319487a6b9507a32c6/gnocchi.b33d811f-d880-4085-80b0-01f12bf5b3cb?format=json&marker=none_v3&states=listing" "txff43e2ea06ab4906808bf-0068ddeac1" "proxy-server 20" 0.0041 "-" 19 0
Oct 2 03:00:18 standalone proxy-server[131533]: 172.18.0.2 172.18.0.100 02/Oct/2025/03/00/18 GET /v1/AUTH_05767d505aaf43319487a6b9507a32c6/gnocchi.b33d811f-d880-4085-80b0-01f12bf5b3cb%3Fformat%3Djson%26marker%3Dnone_v3%26states%3Dlisting HTTP/1.0 200 - python-swiftclient-3.11.1 gAAAAABo3eme6sE5... - 2 - txff43e2ea06ab4906808bf-0068ddeac1 - 0.0128 - - 1759374017.998412371 1759374018.011164188 0
Oct 2 03:00:18 standalone object-server[129385]: 172.20.0.100 - - [02/Oct/2025:03:00:18 +0000] "GET /d1/965/AUTH_05767d505aaf43319487a6b9507a32c6/gnocchi.b33d811f-d880-4085-80b0-01f12bf5b3cb/1759320000.0_mean_300.0_v3" 200 16 "GET http://172.18.0.2:8080/v1/AUTH_05767d505aaf43319487a6b9507a32c6/gnocchi.b33d811f-d880-4085-80b0-01f12bf5b3cb/1759320000.0_mean_300.0_v3" "tx0f1f61c7af0648d0bd0db-0068ddeac2" "proxy-server 20" 0.0012 "-" 19 0
Oct 2 03:00:18 standalone proxy-server[131533]: 172.18.0.2 172.18.0.100 02/Oct/2025/03/00/18 GET /v1/AUTH_05767d505aaf43319487a6b9507a32c6/gnocchi.b33d811f-d880-4085-80b0-01f12bf5b3cb/1759320000.0_mean_300.0_v3 HTTP/1.0 200 - python-swiftclient-3.11.1 gAAAAABo3eme6sE5... - 16 - tx0f1f61c7af0648d0bd0db-0068ddeac2 - 0.0098 - - 1759374018.016280413 1759374018.026117563 0
Oct 2 03:00:18 standalone container-server[129097]: 172.20.0.100 - - [02/Oct/2025:03:00:18 +0000] "PUT /d1/480/AUTH_05767d505aaf43319487a6b9507a32c6/gnocchi.b33d811f-d880-4085-80b0-01f12bf5b3cb/1759320000.0_mean_300.0_v3" 201 - "PUT http://172.18.0.2:8080/d1/965/AUTH_05767d505aaf43319487a6b9507a32c6/gnocchi.b33d811f-d880-4085-80b0-01f12bf5b3cb/1759320000.0_mean_300.0_v3" "tx7ea8b3be8f2e47fa942ea-0068ddeac2" "object-server 18" 0.0007 "-" 22 0
Oct 2 03:00:18 standalone object-server[129384]: 172.20.0.100 - - [02/Oct/2025:03:00:18 +0000] "PUT /d1/965/AUTH_05767d505aaf43319487a6b9507a32c6/gnocchi.b33d811f-d880-4085-80b0-01f12bf5b3cb/1759320000.0_mean_300.0_v3" 201 - "PUT http://172.18.0.2:8080/v1/AUTH_05767d505aaf43319487a6b9507a32c6/gnocchi.b33d811f-d880-4085-80b0-01f12bf5b3cb/1759320000.0_mean_300.0_v3" "tx7ea8b3be8f2e47fa942ea-0068ddeac2" "proxy-server 20" 0.0112 "-" 18 0
Oct 2 03:00:18 standalone proxy-server[131533]: 172.18.0.2 172.18.0.100 02/Oct/2025/03/00/18 PUT /v1/AUTH_05767d505aaf43319487a6b9507a32c6/gnocchi.b33d811f-d880-4085-80b0-01f12bf5b3cb/1759320000.0_mean_300.0_v3 HTTP/1.0 201 - python-swiftclient-3.11.1 gAAAAABo3eme6sE5... 23 - - tx7ea8b3be8f2e47fa942ea-0068ddeac2 - 0.0187 - - 1759374018.030670643 1759374018.049331903 0
Oct 2 03:00:18 standalone container-server[129097]: 172.20.0.100 - - [02/Oct/2025:03:00:18 +0000] "PUT /d1/480/AUTH_05767d505aaf43319487a6b9507a32c6/gnocchi.b33d811f-d880-4085-80b0-01f12bf5b3cb/none_v3" 201 - "PUT http://172.18.0.2:8080/d1/787/AUTH_05767d505aaf43319487a6b9507a32c6/gnocchi.b33d811f-d880-4085-80b0-01f12bf5b3cb/none_v3" "txf34a9c1b9513491da021e-0068ddeac2" "object-server 21" 0.0006 "-" 22 0
