Oct 2 02:57:44 standalone proxy-server[131533]: 172.18.0.2 172.18.0.100 02/Oct/2025/02/57/44 GET /v1/AUTH_05767d505aaf43319487a6b9507a32c6/gnocchi.e0c1cc9d-b941-4154-b63b-a3bbb5960817/1759320000.0_mean_300.0_v3 HTTP/1.0 404 - python-swiftclient-3.11.1 gAAAAABo3eme6sE5... - 70 - txf3046b5161b94570a652a-0068ddea28 - 0.0157 - - 1759373864.670595646 1759373864.686248779 0
Oct 2 02:57:44 standalone container-server[129089]: 172.20.0.100 - - [02/Oct/2025:02:57:44 +0000] "PUT /d1/205/AUTH_05767d505aaf43319487a6b9507a32c6/gnocchi.e0c1cc9d-b941-4154-b63b-a3bbb5960817/1759320000.0_mean_300.0_v3" 201 - "PUT http://172.18.0.2:8080/d1/839/AUTH_05767d505aaf43319487a6b9507a32c6/gnocchi.e0c1cc9d-b941-4154-b63b-a3bbb5960817/1759320000.0_mean_300.0_v3" "tx862111a3944242238ff6b-0068ddea28" "object-server 21" 0.0008 "-" 19 0
Oct 2 02:57:44 standalone object-server[129387]: 172.20.0.100 - - [02/Oct/2025:02:57:44 +0000] "PUT /d1/839/AUTH_05767d505aaf43319487a6b9507a32c6/gnocchi.e0c1cc9d-b941-4154-b63b-a3bbb5960817/1759320000.0_mean_300.0_v3" 201 - "PUT http://172.18.0.2:8080/v1/AUTH_05767d505aaf43319487a6b9507a32c6/gnocchi.e0c1cc9d-b941-4154-b63b-a3bbb5960817/1759320000.0_mean_300.0_v3" "tx862111a3944242238ff6b-0068ddea28" "proxy-server 20" 0.0600 "-" 21 0
Oct 2 02:57:44 standalone proxy-server[131533]: 172.18.0.2 172.18.0.100 02/Oct/2025/02/57/44 PUT /v1/AUTH_05767d505aaf43319487a6b9507a32c6/gnocchi.e0c1cc9d-b941-4154-b63b-a3bbb5960817/1759320000.0_mean_300.0_v3 HTTP/1.0 201 - python-swiftclient-3.11.1 gAAAAABo3eme6sE5... 16 - - tx862111a3944242238ff6b-0068ddea28 - 0.0764 - - 1759373864.691861868 1759373864.768215179 0
Oct 2 02:57:44 standalone container-server[129089]: 172.20.0.100 - - [02/Oct/2025:02:57:44 +0000] "PUT /d1/205/AUTH_05767d505aaf43319487a6b9507a32c6/gnocchi.e0c1cc9d-b941-4154-b63b-a3bbb5960817/none_v3" 201 - "PUT http://172.18.0.2:8080/d1/260/AUTH_05767d505aaf43319487a6b9507a32c6/gnocchi.e0c1cc9d-b941-4154-b63b-a3bbb5960817/none_v3" "txd3c85cb905ba41688c06f-0068ddea28" "object-server 20" 0.0011 "-" 19 0
Oct 2 02:57:44 standalone object-server[129386]: 172.20.0.100 - - [02/Oct/2025:02:57:44 +0000] "PUT /d1/260/AUTH_05767d505aaf43319487a6b9507a32c6/gnocchi.e0c1cc9d-b941-4154-b63b-a3bbb5960817/none_v3" 201 - "PUT http://172.18.0.2:8080/v1/AUTH_05767d505aaf43319487a6b9507a32c6/gnocchi.e0c1cc9d-b941-4154-b63b-a3bbb5960817/none_v3" "txd3c85cb905ba41688c06f-0068ddea28" "proxy-server 20" 0.0126 "-" 20 0
Oct 2 02:57:44 standalone proxy-server[131533]: 172.18.0.2 172.18.0.100 02/Oct/2025/02/57/44 PUT /v1/AUTH_05767d505aaf43319487a6b9507a32c6/gnocchi.e0c1cc9d-b941-4154-b63b-a3bbb5960817/none_v3 HTTP/1.0 201 - python-swiftclient-3.11.1 gAAAAABo3eme6sE5... 22 - - txd3c85cb905ba41688c06f-0068ddea28 - 0.0260 - - 1759373864.774251223 1759373864.800225496 0
Oct 2 02:57:44 standalone container-server[129089]: 172.20.0.100 - - [02/Oct/2025:02:57:44 +0000] "HEAD /d1/1022/AUTH_05767d505aaf43319487a6b9507a32c6/gnocchi.6b1c8949-0471-4181-ab57-025b116db1ce" 404 - "HEAD http://172.18.0.2:8080/v1/AUTH_05767d505aaf43319487a6b9507a32c6/gnocchi.6b1c8949-0471-4181-ab57-025b116db1ce?format=json&states=listing" "txe243e0fdce3e496a885f9-0068ddea28" "proxy-server 20" 0.0008 "-" 19 0
Oct 2 02:57:44 standalone object-server[129384]: 172.20.0.100 - - [02/Oct/2025:02:57:44 +0000] "GET /d1/528/AUTH_05767d505aaf43319487a6b9507a32c6/gnocchi.6b1c8949-0471-4181-ab57-025b116db1ce/none_v3" 404 70 "GET http://172.18.0.2:8080/v1/AUTH_05767d505aaf43319487a6b9507a32c6/gnocchi.6b1c8949-0471-4181-ab57-025b116db1ce/none_v3" "txe243e0fdce3e496a885f9-0068ddea28" "proxy-server 20" 0.0005 "-" 18 0
Oct 2 02:57:44 standalone proxy-server[131533]: 172.18.0.2 172.18.0.100 02/Oct/2025/02/57/44 GET /v1/AUTH_05767d505aaf43319487a6b9507a32c6/gnocchi.6b1c8949-0471-4181-ab57-025b116db1ce/none_v3 HTTP/1.0 404 - python-swiftclient-3.11.1 gAAAAABo3eme6sE5... - 70 - txe243e0fdce3e496a885f9-0068ddea28 - 0.0164 - - 1759373864.815829754 1759373864.832226276 0
Oct 2 02:57:44 standalone account-server[129064]: 172.20.0.100 - - [02/Oct/2025:02:57:44 +0000] "PUT /d1/172/AUTH_05767d505aaf43319487a6b9507a32c6/gnocchi.6b1c8949-0471-4181-ab57-025b116db1ce" 201 - "PUT http://172.20.0.100:6001/d1/1022/AUTH_05767d505aaf43319487a6b9507a32c6/gnocchi.6b1c8949-0471-4181-ab57-025b116db1ce" "tx5e598409921749d7a68da-0068ddea28" "container-server 19" 0.0047 "-" 19 0
Oct 2 02:57:44 standalone container-server[129089]: 172.20.0.100 - - [02/Oct/2025:02:57:44 +0000] "PUT /d1/1022/AUTH_05767d505aaf43319487a6b9507a32c6/gnocchi.6b1c8949-0471-4181-ab57-025b116db1ce" 201 - "PUT http://172.18.0.2:8080/v1/AUTH_05767d505aaf43319487a6b9507a32c6/gnocchi.6b1c8949-0471-4181-ab57-025b116db1ce" "tx5e598409921749d7a68da-0068ddea28" "proxy-server 20" 0.0207 "-" 19 0
Oct 2 02:57:44 standalone proxy-server[131533]: 172.18.0.2 172.18.0.100 02/Oct/2025/02/57/44 PUT /v1/AUTH_05767d505aaf43319487a6b9507a32c6/gnocchi.6b1c8949-0471-4181-ab57-025b116db1ce HTTP/1.0 201 - python-swiftclient-3.11.1 gAAAAABo3eme6sE5... - - - tx5e598409921749d7a68da-0068ddea28 - 0.0295 - - 1759373864.836795807 1759373864.866272449 0
Oct 2 02:57:44 standalone container-server[129103]: 172.20.0.100 - - [02/Oct/2025:02:57:44 +0000] "HEAD /d1/822/AUTH_05767d505aaf43319487a6b9507a32c6/gnocchi.bb18143e-2e41-41f2-9755-1d4541381ace" 404 - "HEAD http://172.18.0.2:8080/v1/AUTH_05767d505aaf43319487a6b9507a32c6/gnocchi.bb18143e-2e41-41f2-9755-1d4541381ace?format=json&states=listing" "txaa5b38ff6d974a0cac760-0068ddea28" "proxy-server 20" 0.0006 "-" 23 0
Oct 2 02:57:44 standalone object-server[129385]: 172.20.0.100 - - [02/Oct/2025:02:57:44 +0000] "GET /d1/265/AUTH_05767d505aaf43319487a6b9507a32c6/gnocchi.bb18143e-2e41-41f2-9755-1d4541381ace/none_v3" 404 70 "GET http://172.18.0.2:8080/v1/AUTH_05767d505aaf43319487a6b9507a32c6/gnocchi.bb18143e-2e41-41f2-9755-1d4541381ace/none_v3" "txaa5b38ff6d974a0cac760-0068ddea28" "proxy-server 20" 0.0004 "-" 19 0
Oct 2 02:57:44 standalone proxy-server[131533]: 172.18.0.2 172.18.0.100 02/Oct/2025/02/57/44 GET /v1/AUTH_05767d505aaf43319487a6b9507a32c6/gnocchi.bb18143e-2e41-41f2-9755-1d4541381ace/none_v3 HTTP/1.0 404 - python-swiftclient-3.11.1 gAAAAABo3eme6sE5... - 70 - txaa5b38ff6d974a0cac760-0068ddea28 - 0.0083 - - 1759373864.870155573 1759373864.878504753 0
Oct 2 02:57:44 standalone account-server[129087]: 172.20.0.100 - - [02/Oct/2025:02:57:44 +0000] "PUT /d1/172/AUTH_05767d505aaf43319487a6b9507a32c6/gnocchi.bb18143e-2e41-41f2-9755-1d4541381ace" 201 - "PUT http://172.20.0.100:6001/d1/822/AUTH_05767d505aaf43319487a6b9507a32c6/gnocchi.bb18143e-2e41-41f2-9755-1d4541381ace" "tx82ee8c0cdb09428eada5e-0068ddea28" "container-server 22" 0.0069 "-" 23 0
Oct 2 02:57:44 standalone container-server[129097]: 172.20.0.100 - - [02/Oct/2025:02:57:44 +0000] "PUT /d1/822/AUTH_05767d505aaf43319487a6b9507a32c6/gnocchi.bb18143e-2e41-41f2-9755-1d4541381ace" 201 - "PUT http://172.18.0.2:8080/v1/AUTH_05767d505aaf43319487a6b9507a32c6/gnocchi.bb18143e-2e41-41f2-9755-1d4541381ace" "tx82ee8c0cdb09428eada5e-0068ddea28" "proxy-server 20" 0.0166 "-" 22 0
Oct 2 02:57:44 standalone proxy-server[131533]: 172.18.0.2 172.18.0.100 02/Oct/2025/02/57/44 PUT /v1/AUTH_05767d505aaf43319487a6b9507a32c6/gnocchi.bb18143e-2e41-41f2-9755-1d4541381ace HTTP/1.0 201 - python-swiftclient-3.11.1 gAAAAABo3eme6sE5... - - - tx82ee8c0cdb09428eada5e-0068ddea28 - 0.0212 - - 1759373864.882552385 1759373864.903717518 0
Oct 2 02:57:44 standalone container-server[129091]: 172.20.0.100 - - [02/Oct/2025:02:57:44 +0000] "HEAD /d1/1022/AUTH_05767d505aaf43319487a6b9507a32c6/gnocchi.6b1c8949-0471-4181-ab57-025b116db1ce" 204 - "HEAD http://172.18.0.2:8080/v1/AUTH_05767d505aaf43319487a6b9507a32c6/gnocchi.6b1c8949-0471-4181-ab57-025b116db1ce?format=json&states=listing" "tx0e9701eaaebc4df0832ff-0068ddea28" "proxy-server 20" 0.0021 "-" 20 0
Oct 2 02:57:44 standalone proxy-server[131533]: - - 02/Oct/2025/02/57/44 HEAD /v1/AUTH_05767d505aaf43319487a6b9507a32c6/gnocchi.6b1c8949-0471-4181-ab57-025b116db1ce%3Fformat%3Djson%26states%3Dlisting HTTP/1.0 204 - Swift - - - - tx0e9701eaaebc4df0832ff-0068ddea28 - 0.0055 RL - 1759373864.910032988 1759373864.915561438 0
Oct 2 02:57:44 standalone container-server[129089]: 172.20.0.100 - - [02/Oct/2025:02:57:44 +0000] "GET /d1/1022/AUTH_05767d505aaf43319487a6b9507a32c6/gnocchi.6b1c8949-0471-4181-ab57-025b116db1ce" 200 2 "GET http://172.18.0.2:8080/v1/AUTH_05767d505aaf43319487a6b9507a32c6/gnocchi.6b1c8949-0471-4181-ab57-025b116db1ce?format=json&states=listing" "tx0e9701eaaebc4df0832ff-0068ddea28" "proxy-server 20" 0.0036 "-" 19 0
Oct 2 02:57:44 standalone proxy-server[131533]: 172.18.0.2 172.18.0.100 02/Oct/2025/02/57/44 GET /v1/AUTH_05767d505aaf43319487a6b9507a32c6/gnocchi.6b1c8949-0471-4181-ab57-025b116db1ce%3Fformat%3Djson%26states%3Dlisting HTTP/1.0 200 - python-swiftclient-3.11.1 gAAAAABo3eme6sE5... - 2 - tx0e9701eaaebc4df0832ff-0068ddea28 - 0.0169 - - 1759373864.908204317 1759373864.925146818 0
Oct 2 02:57:44 standalone container-server[129089]: 172.20.0.100 - - [02/Oct/2025:02:57:44 +0000] "HEAD /d1/822/AUTH_05767d505aaf43319487a6b9507a32c6/gnocchi.bb18143e-2e41-41f2-9755-1d4541381ace" 204 - "HEAD http://172.18.0.2:8080/v1/AUTH_05767d505aaf43319487a6b9507a32c6/gnocchi.bb18143e-2e41-41f2-9755-1d4541381ace?format=json&states=listing" "txb5ab0f13fb1944608e06d-0068ddea28" "proxy-server 20" 0.0012 "-" 19 0
Oct 2 02:57:44 standalone proxy-server[131533]: - - 02/Oct/2025/02/57/44 HEAD /v1/AUTH_05767d505aaf43319487a6b9507a32c6/gnocchi.bb18143e-2e41-41f2-9755-1d4541381ace%3Fformat%3Djson%26states%3Dlisting HTTP/1.0 204 - Swift - - - - txb5ab0f13fb1944608e06d-0068ddea28 - 0.0037 RL - 1759373864.931319714 1759373864.935017109 0
Oct 2 02:57:44 standalone container-server[129091]: 172.20.0.100 - - [02/Oct/2025:02:57:44 +0000] "GET /d1/822/AUTH_05767d505aaf43319487a6b9507a32c6/gnocchi.bb18143e-2e41-41f2-9755-1d4541381ace" 200 2 "GET http://172.18.0.2:8080/v1/AUTH_05767d505aaf43319487a6b9507a32c6/gnocchi.bb18143e-2e41-41f2-9755-1d4541381ace?format=json&states=listing" "txb5ab0f13fb1944608e06d-0068ddea28" "proxy-server 20" 0.0032 "-" 20 0
Oct 2 02:57:44 standalone proxy-server[131533]: 172.18.0.2 172.18.0.100 02/Oct/2025/02/57/44 GET /v1/AUTH_05767d505aaf43319487a6b9507a32c6/gnocchi.bb18143e-2e41-41f2-9755-1d4541381ace%3Fformat%3Djson%26states%3Dlisting HTTP/1.0 200 - python-swiftclient-3.11.1 gAAAAABo3eme6sE5... - 2 - txb5ab0f13fb1944608e06d-0068ddea28 - 0.0132 - - 1759373864.930541277 1759373864.943744421 0
Oct 2 02:57:44 standalone object-server[129384]: 172.20.0.100 - - [02/Oct/2025:02:57:44 +0000] "GET /d1/885/AUTH_05767d505aaf43319487a6b9507a32c6/gnocchi.6b1c8949-0471-4181-ab57-025b116db1ce/1759320000.0_mean_300.0_v3" 404 70 "GET http://172.18.0.2:8080/v1/AUTH_05767d505aaf43319487a6b9507a32c6/gnocchi.6b1c8949-0471-4181-ab57-025b116db1ce/1759320000.0_mean_300.0_v3" "txbc616d8fb9ca4286bdcdf-0068ddea28" "proxy-server 20" 0.0005 "-" 18 0
Oct 2 02:57:44 standalone proxy-server[131533]: 172.18.0.2 172.18.0.100 02/Oct/2025/02/57/44 GET /v1/AUTH_05767d505aaf43319487a6b9507a32c6/gnocchi.6b1c8949-0471-4181-ab57-025b116db1ce/1759320000.0_mean_300.0_v3 HTTP/1.0 404 - python-swiftclient-3.11.1 gAAAAABo3eme6sE5... - 70 - txbc616d8fb9ca4286bdcdf-0068ddea28 - 0.0053 - - 1759373864.949929953 1759373864.955229044 0
Oct 2 02:57:44 standalone object-server[129385]: 172.20.0.100 - - [02/Oct/2025:02:57:44 +0000] "GET /d1/307/AUTH_05767d505aaf43319487a6b9507a32c6/gnocchi.bb18143e-2e41-41f2-9755-1d4541381ace/1759320000.0_mean_300.0_v3" 404 70 "GET http://172.18.0.2:8080/v1/AUTH_05767d505aaf43319487a6b9507a32c6/gnocchi.bb18143e-2e41-41f2-9755-1d4541381ace/1759320000.0_mean_300.0_v3" "txfba5f822bfab4d8683f6b-0068ddea28" "proxy-server 20" 0.0004 "-" 19 0
Oct 2 02:57:44 standalone proxy-server[131533]: 172.18.0.2 172.18.0.100 02/Oct/2025/02/57/44 GET /v1/AUTH_05767d505aaf43319487a6b9507a32c6/gnocchi.bb18143e-2e41-41f2-9755-1d4541381ace/1759320000.0_mean_300.0_v3 HTTP/1.0 404 - python-swiftclient-3.11.1 gAAAAABo3eme6sE5... - 70 - txfba5f822bfab4d8683f6b-0068ddea28 - 0.0059 - - 1759373864.958913565 1759373864.964779854 0
Oct 2 02:57:44 standalone container-server[129097]: 172.20.0.100 - - [02/Oct/2025:02:57:44 +0000] "PUT /d1/1022/AUTH_05767d505aaf43319487a6b9507a32c6/gnocchi.6b1c8949-0471-4181-ab57-025b116db1ce/1759320000.0_mean_300.0_v3" 201 - "PUT http://172.18.0.2:8080/d1/885/AUTH_05767d505aaf43319487a6b9507a32c6/gnocchi.6b1c8949-0471-4181-ab57-025b116db1ce/1759320000.0_mean_300.0_v3" "tx06a6250dcdfa4d49a21a7-0068ddea28" "object-server 19" 0.0008 "-" 22 0
Oct 2 02:57:44 standalone object-server[129385]: 172.20.0.100 - - [02/Oct/2025:02:57:44 +0000] "PUT /d1/885/AUTH_05767d505aaf43319487a6b9507a32c6/gnocchi.6b1c8949-0471-4181-ab57-025b116db1ce/1759320000.0_mean_300.0_v3" 201 - "PUT http://172.18.0.2:8080/v1/AUTH_05767d505aaf43319487a6b9507a32c6/gnocchi.6b1c8949-0471-4181-ab57-025b116db1ce/1759320000.0_mean_300.0_v3" "tx06a6250dcdfa4d49a21a7-0068ddea28" "proxy-server 20" 0.0134 "-" 19 0
Oct 2 02:57:44 standalone proxy-server[131533]: 172.18.0.2 172.18.0.100 02/Oct/2025/02/57/44 PUT /v1/AUTH_05767d505aaf43319487a6b9507a32c6/gnocchi.6b1c8949-0471-4181-ab57-025b116db1ce/1759320000.0_mean_300.0_v3 HTTP/1.0 201 - python-swiftclient-3.11.1 gAAAAABo3eme6sE5... 16 - - tx06a6250dcdfa4d49a21a7-0068ddea28 - 0.0181 - - 1759373864.968807936 1759373864.986886740 0
Oct 2 02:57:45 standalone container-server[129091]: 172.20.0.100 - - [02/Oct/2025:02:57:45 +0000] "PUT /d1/822/AUTH_05767d505aaf43319487a6b9507a32c6/gnocchi.bb18143e-2e41-41f2-9755-1d4541381ace/1759320000.0_mean_300.0_v3" 201 - "PUT http://172.18.0.2:8080/d1/307/AUTH_05767d505aaf43319487a6b9507a32c6/gnocchi.bb18143e-2e41-41f2-9755-1d4541381ace/1759320000.0_mean_300.0_v3" "txbd52f02182b142ea9ccda-0068ddea28" "object-server 21" 0.0014 "-" 20 0
Oct 2 02:57:45 standalone object-server[129387]: 172.20.0.100 - - [02/Oct/2025:02:57:45 +0000] "PUT /d1/307/AUTH_05767d505aaf43319487a6b9507a32c6/gnocchi.bb18143e-2e41-41f2-9755-1d4541381ace/1759320000.0_mean_300.0_v3" 201 - "PUT http://172.18.0.2:8080/v1/AUTH_05767d505aaf43319487a6b9507a32c6/gnocchi.bb18143e-2e41-41f2-9755-1d4541381ace/1759320000.0_mean_300.0_v3" "txbd52f02182b142ea9ccda-0068ddea28" "proxy-server 20" 0.0125 "-" 21 0
Oct 2 02:57:45 standalone proxy-server[131533]: 172.18.0.2 172.18.0.100 02/Oct/2025/02/57/45 PUT /v1/AUTH_05767d505aaf43319487a6b9507a32c6/gnocchi.bb18143e-2e41-41f2-9755-1d4541381ace/1759320000.0_mean_300.0_v3 HTTP/1.0 201 - python-swiftclient-3.11.1 gAAAAABo3eme6sE5... 16 - - txbd52f02182b142ea9ccda-0068ddea28 - 0.0182 - - 1759373864.991829872 1759373865.009987831 0
Oct 2 02:57:45 standalone container-server[129097]: 172.20.0.100 - - [02/Oct/2025:02:57:45 +0000] "PUT /d1/1022/AUTH_05767d505aaf43319487a6b9507a32c6/gnocchi.6b1c8949-0471-4181-ab57-025b116db1ce/none_v3" 201 - "PUT http://172.18.0.2:8080/d1/528/AUTH_05767d505aaf43319487a6b9507a32c6/gnocchi.6b1c8949-0471-4181-ab57-025b116db1ce/none_v3" "tx88c71e21e567478f84acb-0068ddea29" "object-server 18" 0.0007 "-" 22 0
Oct 2 02:57:45 standalone object-server[129384]: 172.20.0.100 - - [02/Oct/2025:02:57:45 +0000] "PUT /d1/528/AUTH_05767d505aaf43319487a6b9507a32c6/gnocchi.6b1c8949-0471-4181-ab57-025b116db1ce/none_v3" 201 - "PUT http://172.18.0.2:8080/v1/AUTH_05767d505aaf43319487a6b9507a32c6/gnocchi.6b1c8949-0471-4181-ab57-025b116db1ce/none_v3" "tx88c71e21e567478f84acb-0068ddea29" "proxy-server 20" 0.0122 "-" 18 0
Oct 2 02:57:45 standalone proxy-server[131533]: 172.18.0.2 172.18.0.100 02/Oct/2025/02/57/45 PUT /v1/AUTH_05767d505aaf43319487a6b9507a32c6/gnocchi.6b1c8949-0471-4181-ab57-025b116db1ce/none_v3 HTTP/1.0 201 - python-swiftclient-3.11.1 gAAAAABo3eme6sE5... 22 - - tx88c71e21e567478f84acb-0068ddea29 - 0.0262 - - 1759373865.016341686 1759373865.042559385 0
Oct 2 02:57:45 standalone container-server[129091]: 172.20.0.100 - - [02/Oct/2025:02:57:45 +0000] "PUT /d1/822/AUTH_05767d505aaf43319487a6b9507a32c6/gnocchi.bb18143e-2e41-41f2-9755-1d4541381ace/none_v3" 201 - "PUT http://172.18.0.2:8080/d1/265/AUTH_05767d505aaf43319487a6b9507a32c6/gnocchi.bb18143e-2e41-41f2-9755-1d4541381ace/none_v3" "tx2adb688028c2441da3a18-0068ddea29" "object-server 20" 0.0010 "-" 20 0
Oct 2 02:57:45 standalone object-server[129386]: 172.20.0.100 - - [02/Oct/2025:02:57:45 +0000] "PUT /d1/265/AUTH_05767d505aaf43319487a6b9507a32c6/gnocchi.bb18143e-2e41-41f2-9755-1d4541381ace/none_v3" 201 - "PUT http://172.18.0.2:8080/v1/AUTH_05767d505aaf43319487a6b9507a32c6/gnocchi.bb18143e-2e41-41f2-9755-1d4541381ace/none_v3" "tx2adb688028c2441da3a18-0068ddea29" "proxy-server 20" 0.0177 "-" 20 0
Oct 2 02:57:45 standalone proxy-server[131533]: 172.18.0.2 172.18.0.100 02/Oct/2025/02/57/45 PUT /v1/AUTH_05767d505aaf43319487a6b9507a32c6/gnocchi.bb18143e-2e41-41f2-9755-1d4541381ace/none_v3 HTTP/1.0 201 - python-swiftclient-3.11.1 gAAAAABo3eme6sE5... 22 - - tx2adb688028c2441da3a18-0068ddea29 - 0.0306 - - 1759373865.047352552 1759373865.077992201 0
Oct 2 02:57:51 standalone container-server[129103]: 172.20.0.100 - - [02/Oct/2025:02:57:51 +0000] "HEAD /d1/440/AUTH_05767d505aaf43319487a6b9507a32c6/gnocchi.50b2b8a5-dc45-40e1-8de5-ae450eea3cd8" 404 - "HEAD http://172.18.0.2:8080/v1/AUTH_05767d505aaf43319487a6b9507a32c6/gnocchi.50b2b8a5-dc45-40e1-8de5-ae450eea3cd8?format=json&states=listing" "tx7685ba79b06745caafe15-0068ddea2f" "proxy-server 20" 0.0005 "-" 23 0
Oct 2 02:57:51 standalone object-server[129384]: 172.20.0.100 - - [02/Oct/2025:02:57:51 +0000] "GET /d1/375/AUTH_05767d505aaf43319487a6b9507a32c6/gnocchi.50b2b8a5-dc45-40e1-8de5-ae450eea3cd8/none_v3" 404 70 "GET http://172.18.0.2:8080/v1/AUTH_05767d505aaf43319487a6b9507a32c6/gnocchi.50b2b8a5-dc45-40e1-8de5-ae450eea3cd8/none_v3" "tx7685ba79b06745caafe15-0068ddea2f" "proxy-server 20" 0.0006 "-" 18 0
Oct 2 02:57:51 standalone proxy-server[131533]: 172.18.0.2 172.18.0.100 02/Oct/2025/02/57/51 GET /v1/AUTH_05767d505aaf43319487a6b9507a32c6/gnocchi.50b2b8a5-dc45-40e1-8de5-ae450eea3cd8/none_v3 HTTP/1.0 404 - python-swiftclient-3.11.1 gAAAAABo3eme6sE5... - 70 - tx7685ba79b06745caafe15-0068ddea2f - 0.0098 - - 1759373871.149399757 1759373871.159211874 0
Oct 2 02:57:51 standalone account-server[129070]: 172.20.0.100 - - [02/Oct/2025:02:57:51 +0000] "PUT /d1/172/AUTH_05767d505aaf43319487a6b9507a32c6/gnocchi.50b2b8a5-dc45-40e1-8de5-ae450eea3cd8" 201 - "PUT http://172.20.0.100:6001/d1/440/AUTH_05767d505aaf43319487a6b9507a32c6/gnocchi.50b2b8a5-dc45-40e1-8de5-ae450eea3cd8" "tx27df9b8e24b74f97b2d3f-0068ddea2f" "container-server 23" 0.0057 "-" 20 0
Oct 2 02:57:51 standalone container-server[129103]: 172.20.0.100 - - [02/Oct/2025:02:57:51 +0000] "PUT /d1/440/AUTH_05767d505aaf43319487a6b9507a32c6/gnocchi.50b2b8a5-dc45-40e1-8de5-ae450eea3cd8" 201 - "PUT http://172.18.0.2:8080/v1/AUTH_05767d505aaf43319487a6b9507a32c6/gnocchi.50b2b8a5-dc45-40e1-8de5-ae450eea3cd8" "tx27df9b8e24b74f97b2d3f-0068ddea2f" "proxy-server 20" 0.0156 "-" 23 0
Oct 2 02:57:51 standalone proxy-server[131533]: 172.18.0.2 172.18.0.100 02/Oct/2025/02/57/51 PUT /v1/AUTH_05767d505aaf43319487a6b9507a32c6/gnocchi.50b2b8a5-dc45-40e1-8de5-ae450eea3cd8 HTTP/1.0 201 - python-swiftclient-3.11.1 gAAAAABo3eme6sE5... - - - tx27df9b8e24b74f97b2d3f-0068ddea2f - 0.0213 - - 1759373871.162007570 1759373871.183305025 0
Oct 2 02:57:51 standalone container-server[129103]: 172.20.0.100 - - [02/Oct/2025:02:57:51 +0000] "HEAD /d1/440/AUTH_05767d505aaf43319487a6b9507a32c6/gnocchi.50b2b8a5-dc45-40e1-8de5-ae450eea3cd8" 204 - "HEAD http://172.18.0.2:8080/v1/AUTH_05767d505aaf43319487a6b9507a32c6/gnocchi.50b2b8a5-dc45-40e1-8de5-ae450eea3cd8?format=json&states=listing" "tx6be4ea338cd8432183c0d-0068ddea2f" "proxy-server 20" 0.0011 "-" 23 0
Oct 2 02:57:51 standalone proxy-server[131533]: - - 02/Oct/2025/02/57/51 HEAD /v1/AUTH_05767d505aaf43319487a6b9507a32c6/gnocchi.50b2b8a5-dc45-40e1-8de5-ae450eea3cd8%3Fformat%3Djson%26states%3Dlisting HTTP/1.0 204 - Swift - - - - tx6be4ea338cd8432183c0d-0068ddea2f - 0.0053 RL - 1759373871.188285351 1759373871.193630934 0
Oct 2 02:57:51 standalone container-server[129103]: 172.20.0.100 - - [02/Oct/2025:02:57:51 +0000] "GET /d1/440/AUTH_05767d505aaf43319487a6b9507a32c6/gnocchi.50b2b8a5-dc45-40e1-8de5-ae450eea3cd8" 200 2 "GET http://172.18.0.2:8080/v1/AUTH_05767d505aaf43319487a6b9507a32c6/gnocchi.50b2b8a5-dc45-40e1-8de5-ae450eea3cd8?format=json&states=listing" "tx6be4ea338cd8432183c0d-0068ddea2f" "proxy-server 20" 0.0015 "-" 23 0
Oct 2 02:57:51 standalone proxy-server[131533]: 172.18.0.2 172.18.0.100 02/Oct/2025/02/57/51 GET /v1/AUTH_05767d505aaf43319487a6b9507a32c6/gnocchi.50b2b8a5-dc45-40e1-8de5-ae450eea3cd8%3Fformat%3Djson%26states%3Dlisting HTTP/1.0 200 - python-swiftclient-3.11.1 gAAAAABo3eme6sE5... - 2 - tx6be4ea338cd8432183c0d-0068ddea2f - 0.0149 - - 1759373871.187268257 1759373871.202159882 0
Oct 2 02:57:51 standalone object-server[129384]: 172.20.0.100 - - [02/Oct/2025:02:57:51 +0000] "GET /d1/573/AUTH_05767d505aaf43319487a6b9507a32c6/gnocchi.50b2b8a5-dc45-40e1-8de5-ae450eea3cd8/1759320000.0_mean_300.0_v3" 404 70 "GET http://172.18.0.2:8080/v1/AUTH_05767d505aaf43319487a6b9507a32c6/gnocchi.50b2b8a5-dc45-40e1-8de5-ae450eea3cd8/1759320000.0_mean_300.0_v3" "tx52aa1159b20240908ac5a-0068ddea2f" "proxy-server 20" 0.0003 "-" 18 0
Oct 2 02:57:51 standalone proxy-server[131533]: 172.18.0.2 172.18.0.100 02/Oct/2025/02/57/51 GET /v1/AUTH_05767d505aaf43319487a6b9507a32c6/gnocchi.50b2b8a5-dc45-40e1-8de5-ae450eea3cd8/1759320000.0_mean_300.0_v3 HTTP/1.0 404 - python-swiftclient-3.11.1 gAAAAABo3eme6sE5... - 70 - tx52aa1159b20240908ac5a-0068ddea2f - 0.0057 - - 1759373871.207492828 1759373871.213213205 0
Oct 2 02:57:51 standalone container-server[129103]: 172.20.0.100 - - [02/Oct/2025:02:57:51 +0000] "PUT /d1/440/AUTH_05767d505aaf43319487a6b9507a32c6/gnocchi.50b2b8a5-dc45-40e1-8de5-ae450eea3cd8/1759320000.0_mean_300.0_v3" 201 - "PUT http://172.18.0.2:8080/d1/573/AUTH_05767d505aaf43319487a6b9507a32c6/gnocchi.50b2b8a5-dc45-40e1-8de5-ae450eea3cd8/1759320000.0_mean_300.0_v3" "tx6e24ed71c68e4178b5256-0068ddea2f" "object-server 19" 0.0004 "-" 23 0
Oct 2 02:57:51 standalone object-server[129385]: 172.20.0.100 - - [02/Oct/2025:02:57:51 +0000] "PUT /d1/573/AUTH_05767d505aaf43319487a6b9507a32c6/gnocchi.50b2b8a5-dc45-40e1-8de5-ae450eea3cd8/1759320000.0_mean_300.0_v3" 201 - "PUT http://172.18.0.2:8080/v1/AUTH_05767d505aaf43319487a6b9507a32c6/gnocchi.50b2b8a5-dc45-40e1-8de5-ae450eea3cd8/1759320000.0_mean_300.0_v3" "tx6e24ed71c68e4178b5256-0068ddea2f" "proxy-server 20" 0.0100 "-" 19 0
Oct 2 02:57:51 standalone proxy-server[131533]: 172.18.0.2 172.18.0.100 02/Oct/2025/02/57/51 PUT /v1/AUTH_05767d505aaf43319487a6b9507a32c6/gnocchi.50b2b8a5-dc45-40e1-8de5-ae450eea3cd8/1759320000.0_mean_300.0_v3 HTTP/1.0 201 - python-swiftclient-3.11.1 gAAAAABo3eme6sE5... 16 - - tx6e24ed71c68e4178b5256-0068ddea2f - 0.0150 - - 1759373871.216160774 1759373871.231160164 0
Oct 2 02:57:51 standalone container-server[129103]: 172.20.0.100 - - [02/Oct/2025:02:57:51 +0000] "PUT /d1/440/AUTH_05767d505aaf43319487a6b9507a32c6/gnocchi.50b2b8a5-dc45-40e1-8de5-ae450eea3cd8/none_v3" 201 - "PUT http://172.18.0.2:8080/d1/375/AUTH_05767d505aaf43319487a6b9507a32c6/gnocchi.50b2b8a5-dc45-40e1-8de5-ae450eea3cd8/none_v3" "tx5b81ce59ed5844a1ae8ee-0068ddea2f" "object-server 18" 0.0003 "-" 23 0
Oct 2 02:57:51 standalone object-server[129384]: 172.20.0.100 - - [02/Oct/2025:02:57:51 +0000] "PUT /d1/375/AUTH_05767d505aaf43319487a6b9507a32c6/gnocchi.50b2b8a5-dc45-40e1-8de5-ae450eea3cd8/none_v3" 201 - "PUT http://172.18.0.2:8080/v1/AUTH_05767d505aaf43319487a6b9507a32c6/gnocchi.50b2b8a5-dc45-40e1-8de5-ae450eea3cd8/none_v3" "tx5b81ce59ed5844a1ae8ee-0068ddea2f" "proxy-server 20" 0.0082 "-" 18 0
Oct 2 02:57:51 standalone proxy-server[131533]: 172.18.0.2 172.18.0.100 02/Oct/2025/02/57/51 PUT /v1/AUTH_05767d505aaf43319487a6b9507a32c6/gnocchi.50b2b8a5-dc45-40e1-8de5-ae450eea3cd8/none_v3 HTTP/1.0 201 - python-swiftclient-3.11.1 gAAAAABo3eme6sE5... 22 - - tx5b81ce59ed5844a1ae8ee-0068ddea2f - 0.0135 - - 1759373871.233413219 1759373871.246911049 0
Oct 2 02:57:56 standalone object-server[129387]: 172.20.0.100 - - [02/Oct/2025:02:57:56 +0000] "GET /d1/375/AUTH_05767d505aaf43319487a6b9507a32c6/gnocchi.50b2b8a5-dc45-40e1-8de5-ae450eea3cd8/none_v3" 200 22 "GET http://172.18.0.2:8080/v1/AUTH_05767d505aaf43319487a6b9507a32c6/gnocchi.50b2b8a5-dc45-40e1-8de5-ae450eea3cd8/none_v3" "tx468dcd73cf5b4dae921a1-0068ddea34" "proxy-server 20" 0.0015 "-" 21 0
Oct 2 02:57:56 standalone proxy-server[131533]: 172.18.0.2 172.18.0.100 02/Oct/2025/02/57/56 GET /v1/AUTH_05767d505aaf43319487a6b9507a32c6/gnocchi.50b2b8a5-dc45-40e1-8de5-ae450eea3cd8/none_v3 HTTP/1.0 200 - python-swiftclient-3.11.1 gAAAAABo3eme6sE5... - 22 - tx468dcd73cf5b4dae921a1-0068ddea34 - 0.0108 - - 1759373876.444613695 1759373876.455374241 0
Oct 2 02:57:56 standalone container-server[129091]: 172.20.0.100 - - [02/Oct/2025:02:57:56 +0000] "GET /d1/440/AUTH_05767d505aaf43319487a6b9507a32c6/gnocchi.50b2b8a5-dc45-40e1-8de5-ae450eea3cd8" 200 357 "GET http://172.18.0.2:8080/v1/AUTH_05767d505aaf43319487a6b9507a32c6/gnocchi.50b2b8a5-dc45-40e1-8de5-ae450eea3cd8?format=json&states=listing" "txc61bb073aa674a69a3b53-0068ddea34" "proxy-server 20" 0.0106 "-" 20 0
Oct 2 02:57:56 standalone proxy-server[131533]: 172.18.0.2 172.18.0.100 02/Oct/2025/02/57/56 GET /v1/AUTH_05767d505aaf43319487a6b9507a32c6/gnocchi.50b2b8a5-dc45-40e1-8de5-ae450eea3cd8%3Fformat%3Djson%26states%3Dlisting HTTP/1.0 200 - python-swiftclient-3.11.1 gAAAAABo3eme6sE5... - 357 - txc61bb073aa674a69a3b53-0068ddea34 - 0.0197 - - 1759373876.460547686 1759373876.480233431 0
Oct 2 02:57:56 standalone container-server[129091]: 172.20.0.100 - - [02/Oct/2025:02:57:56 +0000] "GET /d1/440/AUTH_05767d505aaf43319487a6b9507a32c6/gnocchi.50b2b8a5-dc45-40e1-8de5-ae450eea3cd8" 200 2 "GET http://172.18.0.2:8080/v1/AUTH_05767d505aaf43319487a6b9507a32c6/gnocchi.50b2b8a5-dc45-40e1-8de5-ae450eea3cd8?format=json&marker=none_v3&states=listing" "tx2f0ffcc1120847ea931de-0068ddea34" "proxy-server 20" 0.0031 "-" 20 0
Oct 2 02:57:56 standalone proxy-server[131533]: 172.18.0.2 172.18.0.100 02/Oct/2025/02/57/56 GET /v1/AUTH_05767d505aaf43319487a6b9507a32c6/gnocchi.50b2b8a5-dc45-40e1-8de5-ae450eea3cd8%3Fformat%3Djson%26marker%3Dnone_v3%26states%3Dlisting HTTP/1.0 200 - python-swiftclient-3.11.1 gAAAAABo3eme6sE5... - 2 - tx2f0ffcc1120847ea931de-0068ddea34 - 0.0120 - - 1759373876.484402895 1759373876.496420622 0
Oct 2 02:57:56 standalone object-server[129384]: 172.20.0.100 - - [02/Oct/2025:02:57:56 +0000] "GET /d1/573/AUTH_05767d505aaf43319487a6b9507a32c6/gnocchi.50b2b8a5-dc45-40e1-8de5-ae450eea3cd8/1759320000.0_mean_300.0_v3" 200 16 "GET http://172.18.0.2:8080/v1/AUTH_05767d505aaf43319487a6b9507a32c6/gnocchi.50b2b8a5-dc45-40e1-8de5-ae450eea3cd8/1759320000.0_mean_300.0_v3" "tx7aa408beb12041678c133-0068ddea34" "proxy-server 20" 0.0010 "-" 18 0
Oct 2 02:57:56 standalone proxy-server[131533]: 172.18.0.2 172.18.0.100 02/Oct/2025/02/57/56 GET /v1/AUTH_05767d505aaf43319487a6b9507a32c6/gnocchi.50b2b8a5-dc45-40e1-8de5-ae450eea3cd8/1759320000.0_mean_300.0_v3 HTTP/1.0 200 - python-swiftclient-3.11.1 gAAAAABo3eme6sE5... - 16 - tx7aa408beb12041678c133-0068ddea34 - 0.0089 - - 1759373876.501392126 1759373876.510327101 0
Oct 2 02:57:56 standalone container-server[129091]: 172.20.0.100 - - [02/Oct/2025:02:57:56 +0000] "PUT /d1/440/AUTH_05767d505aaf43319487a6b9507a32c6/gnocchi.50b2b8a5-dc45-40e1-8de5-ae450eea3cd8/1759320000.0_mean_300.0_v3" 201 - "PUT http://172.18.0.2:8080/d1/573/AUTH_05767d505aaf43319487a6b9507a32c6/gnocchi.50b2b8a5-dc45-40e1-8de5-ae450eea3cd8/1759320000.0_mean_300.0_v3" "tx9e631c0098764836b7256-0068ddea34" "object-server 18" 0.0006 "-" 20 0
Oct 2 02:57:56 standalone object-server[129384]: 172.20.0.100 - - [02/Oct/2025:02:57:56 +0000] "PUT /d1/573/AUTH_05767d505aaf43319487a6b9507a32c6/gnocchi.50b2b8a5-dc45-40e1-8de5-ae450eea3cd8/1759320000.0_mean_300.0_v3" 201 - "PUT http://172.18.0.2:8080/v1/AUTH_05767d505aaf43319487a6b9507a32c6/gnocchi.50b2b8a5-dc45-40e1-8de5-ae450eea3cd8/1759320000.0_mean_300.0_v3" "tx9e631c0098764836b7256-0068ddea34" "proxy-server 20" 0.0130 "-" 18 0
Oct 2 02:57:56 standalone proxy-server[131533]: 172.18.0.2 172.18.0.100 02/Oct/2025/02/57/56 PUT /v1/AUTH_05767d505aaf43319487a6b9507a32c6/gnocchi.50b2b8a5-dc45-40e1-8de5-ae450eea3cd8/1759320000.0_mean_300.0_v3 HTTP/1.0 201 - python-swiftclient-3.11.1 gAAAAABo3eme6sE5... 16 - - tx9e631c0098764836b7256-0068ddea34 - 0.0199 - - 1759373876.514146566 1759373876.534062386 0
Oct 2 02:57:56 standalone container-server[129097]: 172.20.0.100 - - [02/Oct/2025:02:57:56 +0000] "PUT /d1/440/AUTH_05767d505aaf43319487a6b9507a32c6/gnocchi.50b2b8a5-dc45-40e1-8de5-ae450eea3cd8/none_v3" 201 - "PUT http://172.18.0.2:8080/d1/375/AUTH_05767d505aaf43319487a6b9507a32c6/gnocchi.50b2b8a5-dc45-40e1-8de5-ae450eea3cd8/none_v3" "tx48b5c559d6794df8856a3-0068ddea34" "object-server 21" 0.0008 "-" 22 0
Oct 2 02:57:56 standalone object-server[129387]: 172.20.0.100 - - [02/Oct/2025:02:57:56 +0000] "PUT /d1/375/AUTH_05767d505aaf43319487a6b9507a32c6/gnocchi.50b2b8a5-dc45-40e1-8de5-ae450eea3cd8/none_v3" 201 - "PUT http://172.18.0.2:8080/v1/AUTH_05767d505aaf43319487a6b9507a32c6/gnocchi.50b2b8a5-dc45-40e1-8de5-ae450eea3cd8/none_v3" "tx48b5c559d6794df8856a3-0068ddea34" "proxy-server 20" 0.0122 "-" 21 0
Oct 2 02:57:56 standalone proxy-server[131533]: 172.18.0.2 172.18.0.100 02/Oct/2025/02/57/56 PUT /v1/AUTH_05767d505aaf43319487a6b9507a32c6/gnocchi.50b2b8a5-dc45-40e1-8de5-ae450eea3cd8/none_v3 HTTP/1.0 201 - python-swiftclient-3.11.1 gAAAAABo3eme6sE5... 32 - - tx48b5c559d6794df8856a3-0068ddea34 - 0.0203 - - 1759373876.537954807 1759373876.558220148 0
Oct 2 02:58:27 standalone account-server[129070]: 172.20.0.100 - - [02/Oct/2025:02:58:27 +0000] "HEAD /d1/172/AUTH_05767d505aaf43319487a6b9507a32c6" 204 - "HEAD http://172.18.0.2:8080/v1/AUTH_05767d505aaf43319487a6b9507a32c6?format=json" "tx1f04641599ea4145a286a-0068ddea53" "proxy-server 20" 0.0074 "-" 20 -
Oct 2 02:58:27 standalone proxy-server[131533]: - - 02/Oct/2025/02/58/27 HEAD /v1/AUTH_05767d505aaf43319487a6b9507a32c6%3Fformat%3Djson HTTP/1.0 204 - Swift - - - - tx1f04641599ea4145a286a-0068ddea53 - 0.0128 RL - 1759373907.176740646 1759373907.189498901 -
Oct 2 02:58:27 standalone container-server[129091]: 172.20.0.100 - - [02/Oct/2025:02:58:27 +0000] "HEAD /d1/836/AUTH_05767d505aaf43319487a6b9507a32c6/gnocchi.0074f829-c2ff-4798-ad66-2426c60db998" 404 - "HEAD http://172.18.0.2:8080/v1/AUTH_05767d505aaf43319487a6b9507a32c6/gnocchi.0074f829-c2ff-4798-ad66-2426c60db998?format=json&states=listing" "tx1f04641599ea4145a286a-0068ddea53" "proxy-server 20" 0.0006 "-" 20 0
Oct 2 02:58:27 standalone object-server[129384]: 172.20.0.100 - - [02/Oct/2025:02:58:27 +0000] "GET /d1/240/AUTH_05767d505aaf43319487a6b9507a32c6/gnocchi.0074f829-c2ff-4798-ad66-2426c60db998/none_v3" 404 70 "GET http://172.18.0.2:8080/v1/AUTH_05767d505aaf43319487a6b9507a32c6/gnocchi.0074f829-c2ff-4798-ad66-2426c60db998/none_v3" "tx1f04641599ea4145a286a-0068ddea53" "proxy-server 20" 0.0005 "-" 18 0
Oct 2 02:58:27 standalone proxy-server[131533]: 172.18.0.2 172.18.0.100 02/Oct/2025/02/58/27 GET /v1/AUTH_05767d505aaf43319487a6b9507a32c6/gnocchi.0074f829-c2ff-4798-ad66-2426c60db998/none_v3 HTTP/1.0 404 - python-swiftclient-3.11.1 gAAAAABo3eme6sE5... - 70 - tx1f04641599ea4145a286a-0068ddea53 - 0.0266 - - 1759373907.175557613 1759373907.202198744 0
Oct 2 02:58:27 standalone account-server[129087]: 172.20.0.100 - - [02/Oct/2025:02:58:27 +0000] "PUT /d1/172/AUTH_05767d505aaf43319487a6b9507a32c6/gnocchi.0074f829-c2ff-4798-ad66-2426c60db998" 201 - "PUT http://172.20.0.100:6001/d1/836/AUTH_05767d505aaf43319487a6b9507a32c6/gnocchi.0074f829-c2ff-4798-ad66-2426c60db998" "tx6c69036e3ec545ed96ee1-0068ddea53" "container-server 22" 0.0012 "-" 23 0
Oct 2 02:58:27 standalone container-server[129097]: 172.20.0.100 - - [02/Oct/2025:02:58:27 +0000] "PUT /d1/836/AUTH_05767d505aaf43319487a6b9507a32c6/gnocchi.0074f829-c2ff-4798-ad66-2426c60db998" 201 - "PUT http://172.18.0.2:8080/v1/AUTH_05767d505aaf43319487a6b9507a32c6/gnocchi.0074f829-c2ff-4798-ad66-2426c60db998" "tx6c69036e3ec545ed96ee1-0068ddea53" "proxy-server 20" 0.0139 "-" 22 0
Oct 2 02:58:27 standalone proxy-server[131533]: 172.18.0.2 172.18.0.100 02/Oct/2025/02/58/27 PUT /v1/AUTH_05767d505aaf43319487a6b9507a32c6/gnocchi.0074f829-c2ff-4798-ad66-2426c60db998 HTTP/1.0 201 - python-swiftclient-3.11.1 gAAAAABo3eme6sE5... - - - tx6c69036e3ec545ed96ee1-0068ddea53 - 0.0214 - - 1759373907.208350182 1759373907.229710102 0
Oct 2 02:58:27 standalone container-server[129091]: 172.20.0.100 - - [02/Oct/2025:02:58:27 +0000] "HEAD /d1/836/AUTH_05767d505aaf43319487a6b9507a32c6/gnocchi.0074f829-c2ff-4798-ad66-2426c60db998" 204 - "HEAD http://172.18.0.2:8080/v1/AUTH_05767d505aaf43319487a6b9507a32c6/gnocchi.0074f829-c2ff-4798-ad66-2426c60db998?format=json&states=listing" "txc903ac30f80743f2b3b56-0068ddea53" "proxy-server 20" 0.0012 "-" 20 0
Oct 2 02:58:27 standalone proxy-server[131533]: - - 02/Oct/2025/02/58/27 HEAD /v1/AUTH_05767d505aaf43319487a6b9507a32c6/gnocchi.0074f829-c2ff-4798-ad66-2426c60db998%3Fformat%3Djson%26states%3Dlisting HTTP/1.0 204 - Swift - - - - txc903ac30f80743f2b3b56-0068ddea53 - 0.0055 RL - 1759373907.236245871 1759373907.241696835 0
Oct 2 02:58:27 standalone container-server[129089]: 172.20.0.100 - - [02/Oct/2025:02:58:27 +0000] "GET /d1/836/AUTH_05767d505aaf43319487a6b9507a32c6/gnocchi.0074f829-c2ff-4798-ad66-2426c60db998" 200 2 "GET http://172.18.0.2:8080/v1/AUTH_05767d505aaf43319487a6b9507a32c6/gnocchi.0074f829-c2ff-4798-ad66-2426c60db998?format=json&states=listing" "txc903ac30f80743f2b3b56-0068ddea53" "proxy-server 20" 0.0034 "-" 19 0
Oct 2 02:58:27 standalone proxy-server[131533]: 172.18.0.2 172.18.0.100 02/Oct/2025/02/58/27 GET /v1/AUTH_05767d505aaf43319487a6b9507a32c6/gnocchi.0074f829-c2ff-4798-ad66-2426c60db998%3Fformat%3Djson%26states%3Dlisting HTTP/1.0 200 - python-swiftclient-3.11.1 gAAAAABo3eme6sE5... - 2 - txc903ac30f80743f2b3b56-0068ddea53 - 0.0213 - - 1759373907.234469414 1759373907.255767345 0
Oct 2 02:58:27 standalone object-server[129386]: 172.20.0.100 - - [02/Oct/2025:02:58:27 +0000] "GET /d1/131/AUTH_05767d505aaf43319487a6b9507a32c6/gnocchi.0074f829-c2ff-4798-ad66-2426c60db998/1759320000.0_mean_300.0_v3" 404 70 "GET http://172.18.0.2:8080/v1/AUTH_05767d505aaf43319487a6b9507a32c6/gnocchi.0074f829-c2ff-4798-ad66-2426c60db998/1759320000.0_mean_300.0_v3" "txb5652a56219d4cb2b0ceb-0068ddea53" "proxy-server 20" 0.0003 "-" 20 0
Oct 2 02:58:27 standalone proxy-server[131533]: 172.18.0.2 172.18.0.100 02/Oct/2025/02/58/27 GET /v1/AUTH_05767d505aaf43319487a6b9507a32c6/gnocchi.0074f829-c2ff-4798-ad66-2426c60db998/1759320000.0_mean_300.0_v3 HTTP/1.0 404 - python-swiftclient-3.11.1 gAAAAABo3eme6sE5... - 70 - txb5652a56219d4cb2b0ceb-0068ddea53 - 0.0073 - - 1759373907.260558128 1759373907.267891169 0
Oct 2 02:58:27 standalone container-server[129097]: 172.20.0.100 - - [02/Oct/2025:02:58:27 +0000] "PUT /d1/836/AUTH_05767d505aaf43319487a6b9507a32c6/gnocchi.0074f829-c2ff-4798-ad66-2426c60db998/1759320000.0_mean_300.0_v3" 201 - "PUT http://172.18.0.2:8080/d1/131/AUTH_05767d505aaf43319487a6b9507a32c6/gnocchi.0074f829-c2ff-4798-ad66-2426c60db998/1759320000.0_mean_300.0_v3" "tx8db4ac9184e343bf8c2ec-0068ddea53" "object-server 18" 0.0008 "-" 22 0
Oct 2 02:58:27 standalone object-server[129384]: 172.20.0.100 - - [02/Oct/2025:02:58:27 +0000] "PUT /d1/131/AUTH_05767d505aaf43319487a6b9507a32c6/gnocchi.0074f829-c2ff-4798-ad66-2426c60db998/1759320000.0_mean_300.0_v3" 201 - "PUT http://172.18.0.2:8080/v1/AUTH_05767d505aaf43319487a6b9507a32c6/gnocchi.0074f829-c2ff-4798-ad66-2426c60db998/1759320000.0_mean_300.0_v3" "tx8db4ac9184e343bf8c2ec-0068ddea53" "proxy-server 20" 0.0090 "-" 18 0
Oct 2 02:58:27 standalone proxy-server[131533]: 172.18.0.2 172.18.0.100 02/Oct/2025/02/58/27 PUT /v1/AUTH_05767d505aaf43319487a6b9507a32c6/gnocchi.0074f829-c2ff-4798-ad66-2426c60db998/1759320000.0_mean_300.0_v3 HTTP/1.0 201 - python-swiftclient-3.11.1 gAAAAABo3eme6sE5... 16 - - tx8db4ac9184e343bf8c2ec-0068ddea53 - 0.0168 - - 1759373907.272603989 1759373907.289397717 0
Oct 2 02:58:27 standalone container-server[129091]: 172.20.0.100 - - [02/Oct/2025:02:58:27 +0000] "PUT /d1/836/AUTH_05767d505aaf43319487a6b9507a32c6/gnocchi.0074f829-c2ff-4798-ad66-2426c60db998/none_v3" 201 - "PUT http://172.18.0.2:8080/d1/240/AUTH_05767d505aaf43319487a6b9507a32c6/gnocchi.0074f829-c2ff-4798-ad66-2426c60db998/none_v3" "txa98146a4d5124161ac702-0068ddea53" "object-server 18" 0.0005 "-" 20 0
Oct 2 02:58:27 standalone object-server[129384]: 172.20.0.100 - - [02/Oct/2025:02:58:27 +0000] "PUT /d1/240/AUTH_05767d505aaf43319487a6b9507a32c6/gnocchi.0074f829-c2ff-4798-ad66-2426c60db998/none_v3" 201 - "PUT http://172.18.0.2:8080/v1/AUTH_05767d505aaf43319487a6b9507a32c6/gnocchi.0074f829-c2ff-4798-ad66-2426c60db998/none_v3" "txa98146a4d5124161ac702-0068ddea53" "proxy-server 20" 0.0074 "-" 18 0
Oct 2 02:58:27 standalone proxy-server[131533]: 172.18.0.2 172.18.0.100 02/Oct/2025/02/58/27 PUT /v1/AUTH_05767d505aaf43319487a6b9507a32c6/gnocchi.0074f829-c2ff-4798-ad66-2426c60db998/none_v3 HTTP/1.0 201 - python-swiftclient-3.11.1 gAAAAABo3eme6sE5... 22 - - txa98146a4d5124161ac702-0068ddea53 - 0.0143 - - 1759373907.294183969 1759373907.308513641 0
Oct 2 02:58:27 standalone container-server[129091]: 172.20.0.100 - - [02/Oct/2025:02:58:27 +0000] "HEAD /d1/347/AUTH_05767d505aaf43319487a6b9507a32c6/gnocchi.2203542b-af9b-4d90-9636-f8bfbfb8a9c0" 404 - "HEAD http://172.18.0.2:8080/v1/AUTH_05767d505aaf43319487a6b9507a32c6/gnocchi.2203542b-af9b-4d90-9636-f8bfbfb8a9c0?format=json&states=listing" "txdba83564e63e48babf049-0068ddea53" "proxy-server 20" 0.0003 "-" 20 0
Oct 2 02:58:27 standalone object-server[129386]: 172.20.0.100 - - [02/Oct/2025:02:58:27 +0000] "GET /d1/477/AUTH_05767d505aaf43319487a6b9507a32c6/gnocchi.2203542b-af9b-4d90-9636-f8bfbfb8a9c0/none_v3" 404 70 "GET http://172.18.0.2:8080/v1/AUTH_05767d505aaf43319487a6b9507a32c6/gnocchi.2203542b-af9b-4d90-9636-f8bfbfb8a9c0/none_v3" "txdba83564e63e48babf049-0068ddea53" "proxy-server 20" 0.0003 "-" 20 0
Oct 2 02:58:27 standalone proxy-server[131533]: 172.18.0.2 172.18.0.100 02/Oct/2025/02/58/27 GET /v1/AUTH_05767d505aaf43319487a6b9507a32c6/gnocchi.2203542b-af9b-4d90-9636-f8bfbfb8a9c0/none_v3 HTTP/1.0 404 - python-swiftclient-3.11.1 gAAAAABo3eme6sE5... - 70 - txdba83564e63e48babf049-0068ddea53 - 0.0148 - - 1759373907.321320534 1759373907.336121798 0
Oct 2 02:58:27 standalone account-server[129064]: 172.20.0.100 - - [02/Oct/2025:02:58:27 +0000] "PUT /d1/172/AUTH_05767d505aaf43319487a6b9507a32c6/gnocchi.2203542b-af9b-4d90-9636-f8bfbfb8a9c0" 201 - "PUT http://172.20.0.100:6001/d1/347/AUTH_05767d505aaf43319487a6b9507a32c6/gnocchi.2203542b-af9b-4d90-9636-f8bfbfb8a9c0" "tx12dd9f3ce44445509568e-0068ddea53" "container-server 20" 0.0061 "-" 19 0
Oct 2 02:58:27 standalone container-server[129091]: 172.20.0.100 - - [02/Oct/2025:02:58:27 +0000] "PUT /d1/347/AUTH_05767d505aaf43319487a6b9507a32c6/gnocchi.2203542b-af9b-4d90-9636-f8bfbfb8a9c0" 201 - "PUT http://172.18.0.2:8080/v1/AUTH_05767d505aaf43319487a6b9507a32c6/gnocchi.2203542b-af9b-4d90-9636-f8bfbfb8a9c0" "tx12dd9f3ce44445509568e-0068ddea53" "proxy-server 20" 0.0156 "-" 20 0
Oct 2 02:58:27 standalone proxy-server[131533]: 172.18.0.2 172.18.0.100 02/Oct/2025/02/58/27 PUT /v1/AUTH_05767d505aaf43319487a6b9507a32c6/gnocchi.2203542b-af9b-4d90-9636-f8bfbfb8a9c0 HTTP/1.0 201 - python-swiftclient-3.11.1 gAAAAABo3eme6sE5... - - - tx12dd9f3ce44445509568e-0068ddea53 - 0.0236 - - 1759373907.339558363 1759373907.363171577 0
Oct 2 02:58:27 standalone container-server[129097]: 172.20.0.100 - - [02/Oct/2025:02:58:27 +0000] "HEAD /d1/347/AUTH_05767d505aaf43319487a6b9507a32c6/gnocchi.2203542b-af9b-4d90-9636-f8bfbfb8a9c0" 204 - "HEAD http://172.18.0.2:8080/v1/AUTH_05767d505aaf43319487a6b9507a32c6/gnocchi.2203542b-af9b-4d90-9636-f8bfbfb8a9c0?format=json&states=listing" "txef20846a2f7a406e9dcef-0068ddea53" "proxy-server 20" 0.0024 "-" 22 0
Oct 2 02:58:27 standalone proxy-server[131533]: - - 02/Oct/2025/02/58/27 HEAD /v1/AUTH_05767d505aaf43319487a6b9507a32c6/gnocchi.2203542b-af9b-4d90-9636-f8bfbfb8a9c0%3Fformat%3Djson%26states%3Dlisting HTTP/1.0 204 - Swift - - - - txef20846a2f7a406e9dcef-0068ddea53 - 0.0085 RL - 1759373907.369948626 1759373907.378443718 0
Oct 2 02:58:27 standalone container-server[129089]: 172.20.0.100 - - [02/Oct/2025:02:58:27 +0000] "GET /d1/347/AUTH_05767d505aaf43319487a6b9507a32c6/gnocchi.2203542b-af9b-4d90-9636-f8bfbfb8a9c0" 200 2 "GET http://172.18.0.2:8080/v1/AUTH_05767d505aaf43319487a6b9507a32c6/gnocchi.2203542b-af9b-4d90-9636-f8bfbfb8a9c0?format=json&states=listing" "txef20846a2f7a406e9dcef-0068ddea53" "proxy-server 20" 0.0034 "-" 19 0
Oct 2 02:58:27 standalone proxy-server[131533]: 172.18.0.2 172.18.0.100 02/Oct/2025/02/58/27 GET /v1/AUTH_05767d505aaf43319487a6b9507a32c6/gnocchi.2203542b-af9b-4d90-9636-f8bfbfb8a9c0%3Fformat%3Djson%26states%3Dlisting HTTP/1.0 200 - python-swiftclient-3.11.1 gAAAAABo3eme6sE5... - 2 - txef20846a2f7a406e9dcef-0068ddea53 - 0.0209 - - 1759373907.367083788 1759373907.387978554 0
Oct 2 02:58:27 standalone object-server[129385]: 172.20.0.100 - - [02/Oct/2025:02:58:27 +0000] "GET /d1/41/AUTH_05767d505aaf43319487a6b9507a32c6/gnocchi.2203542b-af9b-4d90-9636-f8bfbfb8a9c0/1759320000.0_mean_300.0_v3" 404 70 "GET http://172.18.0.2:8080/v1/AUTH_05767d505aaf43319487a6b9507a32c6/gnocchi.2203542b-af9b-4d90-9636-f8bfbfb8a9c0/1759320000.0_mean_300.0_v3" "txc2842eb0d30a4eafb9f5d-0068ddea53" "proxy-server 20" 0.0005 "-" 19 0
Oct 2 02:58:27 standalone proxy-server[131533]: 172.18.0.2 172.18.0.100 02/Oct/2025/02/58/27 GET /v1/AUTH_05767d505aaf43319487a6b9507a32c6/gnocchi.2203542b-af9b-4d90-9636-f8bfbfb8a9c0/1759320000.0_mean_300.0_v3 HTTP/1.0 404 - python-swiftclient-3.11.1 gAAAAABo3eme6sE5... - 70 - txc2842eb0d30a4eafb9f5d-0068ddea53 - 0.0054 - - 1759373907.390586853 1759373907.396030426 0
Oct 2 02:58:27 standalone container-server[129089]: 172.20.0.100 - - [02/Oct/2025:02:58:27 +0000] "PUT /d1/347/AUTH_05767d505aaf43319487a6b9507a32c6/gnocchi.2203542b-af9b-4d90-9636-f8bfbfb8a9c0/1759320000.0_mean_300.0_v3" 201 - "PUT http://172.18.0.2:8080/d1/41/AUTH_05767d505aaf43319487a6b9507a32c6/gnocchi.2203542b-af9b-4d90-9636-f8bfbfb8a9c0/1759320000.0_mean_300.0_v3" "txd969ad72104942cf8d8e6-0068ddea53" "object-server 21" 0.0007 "-" 19 0
Oct 2 02:58:27 standalone object-server[129387]: 172.20.0.100 - - [02/Oct/2025:02:58:27 +0000] "PUT /d1/41/AUTH_05767d505aaf43319487a6b9507a32c6/gnocchi.2203542b-af9b-4d90-9636-f8bfbfb8a9c0/1759320000.0_mean_300.0_v3" 201 - "PUT http://172.18.0.2:8080/v1/AUTH_05767d505aaf43319487a6b9507a32c6/gnocchi.2203542b-af9b-4d90-9636-f8bfbfb8a9c0/1759320000.0_mean_300.0_v3" "txd969ad72104942cf8d8e6-0068ddea53" "proxy-server 20" 0.0108 "-" 21 0
Oct 2 02:58:27 standalone proxy-server[131533]: 172.18.0.2 172.18.0.100 02/Oct/2025/02/58/27 PUT /v1/AUTH_05767d505aaf43319487a6b9507a32c6/gnocchi.2203542b-af9b-4d90-9636-f8bfbfb8a9c0/1759320000.0_mean_300.0_v3 HTTP/1.0 201 - python-swiftclient-3.11.1 gAAAAABo3eme6sE5... 16 - - txd969ad72104942cf8d8e6-0068ddea53 - 0.0159 - - 1759373907.397892714 1759373907.413808584 0
Oct 2 02:58:27 standalone container-server[129103]: 172.20.0.100 - - [02/Oct/2025:02:58:27 +0000] "PUT /d1/347/AUTH_05767d505aaf43319487a6b9507a32c6/gnocchi.2203542b-af9b-4d90-9636-f8bfbfb8a9c0/none_v3" 201 - "PUT http://172.18.0.2:8080/d1/477/AUTH_05767d505aaf43319487a6b9507a32c6/gnocchi.2203542b-af9b-4d90-9636-f8bfbfb8a9c0/none_v3" "tx3d10d53dec0d4556afff6-0068ddea53" "object-server 18" 0.0007 "-" 23 0
Oct 2 02:58:27 standalone object-server[129384]: 172.20.0.100 - - [02/Oct/2025:02:58:27 +0000] "PUT /d1/477/AUTH_05767d505aaf43319487a6b9507a32c6/gnocchi.2203542b-af9b-4d90-9636-f8bfbfb8a9c0/none_v3" 201 - "PUT http://172.18.0.2:8080/v1/AUTH_05767d505aaf43319487a6b9507a32c6/gnocchi.2203542b-af9b-4d90-9636-f8bfbfb8a9c0/none_v3" "tx3d10d53dec0d4556afff6-0068ddea53" "proxy-server 20" 0.0095 "-" 18 0
Oct 2 02:58:27 standalone proxy-server[131533]: 172.18.0.2 172.18.0.100 02/Oct/2025/02/58/27 PUT /v1/AUTH_05767d505aaf43319487a6b9507a32c6/gnocchi.2203542b-af9b-4d90-9636-f8bfbfb8a9c0/none_v3 HTTP/1.0 201 - python-swiftclient-3.11.1 gAAAAABo3eme6sE5... 22 - - tx3d10d53dec0d4556afff6-0068ddea53 - 0.0143 - - 1759373907.416139603 1759373907.430453062 0
Oct 2 02:58:27 standalone container-server[129091]: 172.20.0.100 - - [02/Oct/2025:02:58:27 +0000] "HEAD /d1/923/AUTH_05767d505aaf43319487a6b9507a32c6/gnocchi.e6962733-3a8f-48c1-a3e4-7297a9951758" 404 - "HEAD http://172.18.0.2:8080/v1/AUTH_05767d505aaf43319487a6b9507a32c6/gnocchi.e6962733-3a8f-48c1-a3e4-7297a9951758?format=json&states=listing" "tx2a670b6545ed4fe999a4d-0068ddea53" "proxy-server 20" 0.0004 "-" 20 0
Oct 2 02:58:27 standalone object-server[129384]: 172.20.0.100 - - [02/Oct/2025:02:58:27 +0000] "GET /d1/875/AUTH_05767d505aaf43319487a6b9507a32c6/gnocchi.e6962733-3a8f-48c1-a3e4-7297a9951758/none_v3" 404 70 "GET http://172.18.0.2:8080/v1/AUTH_05767d505aaf43319487a6b9507a32c6/gnocchi.e6962733-3a8f-48c1-a3e4-7297a9951758/none_v3" "tx2a670b6545ed4fe999a4d-0068ddea53" "proxy-server 20" 0.0003 "-" 18 0
Oct 2 02:58:27 standalone proxy-server[131533]: 172.18.0.2 172.18.0.100 02/Oct/2025/02/58/27 GET /v1/AUTH_05767d505aaf43319487a6b9507a32c6/gnocchi.e6962733-3a8f-48c1-a3e4-7297a9951758/none_v3 HTTP/1.0 404 - python-swiftclient-3.11.1 gAAAAABo3eme6sE5... - 70 - tx2a670b6545ed4fe999a4d-0068ddea53 - 0.0085 - - 1759373907.439237356 1759373907.447745562 0
Oct 2 02:58:27 standalone account-server[129070]: 172.20.0.100 - - [02/Oct/2025:02:58:27 +0000] "PUT /d1/172/AUTH_05767d505aaf43319487a6b9507a32c6/gnocchi.e6962733-3a8f-48c1-a3e4-7297a9951758" 201 - "PUT http://172.20.0.100:6001/d1/923/AUTH_05767d505aaf43319487a6b9507a32c6/gnocchi.e6962733-3a8f-48c1-a3e4-7297a9951758" "tx0e0f7a03352e403593ab3-0068ddea53" "container-server 19" 0.0054 "-" 20 0
Oct 2 02:58:27 standalone container-server[129089]: 172.20.0.100 - - [02/Oct/2025:02:58:27 +0000] "PUT /d1/923/AUTH_05767d505aaf43319487a6b9507a32c6/gnocchi.e6962733-3a8f-48c1-a3e4-7297a9951758" 201 - "PUT http://172.18.0.2:8080/v1/AUTH_05767d505aaf43319487a6b9507a32c6/gnocchi.e6962733-3a8f-48c1-a3e4-7297a9951758" "tx0e0f7a03352e403593ab3-0068ddea53" "proxy-server 20" 0.0172 "-" 19 0
Oct 2 02:58:27 standalone proxy-server[131533]: 172.18.0.2 172.18.0.100 02/Oct/2025/02/58/27 PUT /v1/AUTH_05767d505aaf43319487a6b9507a32c6/gnocchi.e6962733-3a8f-48c1-a3e4-7297a9951758 HTTP/1.0 201 - python-swiftclient-3.11.1 gAAAAABo3eme6sE5... - - - tx0e0f7a03352e403593ab3-0068ddea53 - 0.0217 - - 1759373907.450220585 1759373907.471894979 0
Oct 2 02:58:27 standalone container-server[129103]: 172.20.0.100 - - [02/Oct/2025:02:58:27 +0000] "HEAD /d1/923/AUTH_05767d505aaf43319487a6b9507a32c6/gnocchi.e6962733-3a8f-48c1-a3e4-7297a9951758" 204 - "HEAD http://172.18.0.2:8080/v1/AUTH_05767d505aaf43319487a6b9507a32c6/gnocchi.e6962733-3a8f-48c1-a3e4-7297a9951758?format=json&states=listing" "tx652a2a6474c847a389d82-0068ddea53" "proxy-server 20" 0.0022 "-" 23 0
Oct 2 02:58:27 standalone proxy-server[131533]: - - 02/Oct/2025/02/58/27 HEAD /v1/AUTH_05767d505aaf43319487a6b9507a32c6/gnocchi.e6962733-3a8f-48c1-a3e4-7297a9951758%3Fformat%3Djson%26states%3Dlisting HTTP/1.0 204 - Swift - - - - tx652a2a6474c847a389d82-0068ddea53 - 0.0056 RL - 1759373907.475695848 1759373907.481307983 0
Oct 2 02:58:27 standalone container-server[129097]: 172.20.0.100 - - [02/Oct/2025:02:58:27 +0000] "GET /d1/923/AUTH_05767d505aaf43319487a6b9507a32c6/gnocchi.e6962733-3a8f-48c1-a3e4-7297a9951758" 200 2 "GET http://172.18.0.2:8080/v1/AUTH_05767d505aaf43319487a6b9507a32c6/gnocchi.e6962733-3a8f-48c1-a3e4-7297a9951758?format=json&states=listing" "tx652a2a6474c847a389d82-0068ddea53" "proxy-server 20" 0.0045 "-" 22 0
Oct 2 02:58:27 standalone proxy-server[131533]: 172.18.0.2 172.18.0.100 02/Oct/2025/02/58/27 GET /v1/AUTH_05767d505aaf43319487a6b9507a32c6/gnocchi.e6962733-3a8f-48c1-a3e4-7297a9951758%3Fformat%3Djson%26states%3Dlisting HTTP/1.0 200 - python-swiftclient-3.11.1 gAAAAABo3eme6sE5... - 2 - tx652a2a6474c847a389d82-0068ddea53 - 0.0175 - - 1759373907.474778891 1759373907.492275715 0
Oct 2 02:58:27 standalone object-server[129386]: 172.20.0.100 - - [02/Oct/2025:02:58:27 +0000] "GET /d1/542/AUTH_05767d505aaf43319487a6b9507a32c6/gnocchi.e6962733-3a8f-48c1-a3e4-7297a9951758/1759320000.0_mean_300.0_v3" 404 70 "GET http://172.18.0.2:8080/v1/AUTH_05767d505aaf43319487a6b9507a32c6/gnocchi.e6962733-3a8f-48c1-a3e4-7297a9951758/1759320000.0_mean_300.0_v3" "tx3917f9b3923848a48767c-0068ddea53" "proxy-server 20" 0.0003 "-" 20 0
Oct 2 02:58:27 standalone proxy-server[131533]: 172.18.0.2 172.18.0.100 02/Oct/2025/02/58/27 GET /v1/AUTH_05767d505aaf43319487a6b9507a32c6/gnocchi.e6962733-3a8f-48c1-a3e4-7297a9951758/1759320000.0_mean_300.0_v3 HTTP/1.0 404 - python-swiftclient-3.11.1 gAAAAABo3eme6sE5... - 70 - tx3917f9b3923848a48767c-0068ddea53 - 0.0052 - - 1759373907.495513439 1759373907.500763178 0
Oct 2 02:58:27 standalone container-server[129103]: 172.20.0.100 - - [02/Oct/2025:02:58:27 +0000] "PUT /d1/923/AUTH_05767d505aaf43319487a6b9507a32c6/gnocchi.e6962733-3a8f-48c1-a3e4-7297a9951758/1759320000.0_mean_300.0_v3" 201 - "PUT http://172.18.0.2:8080/d1/542/AUTH_05767d505aaf43319487a6b9507a32c6/gnocchi.e6962733-3a8f-48c1-a3e4-7297a9951758/1759320000.0_mean_300.0_v3" "tx0219c2a3ae404019b599f-0068ddea53" "object-server 19" 0.0008 "-" 23 0
Oct 2 02:58:27 standalone object-server[129385]: 172.20.0.100 - - [02/Oct/2025:02:58:27 +0000] "PUT /d1/542/AUTH_05767d505aaf43319487a6b9507a32c6/gnocchi.e6962733-3a8f-48c1-a3e4-7297a9951758/1759320000.0_mean_300.0_v3" 201 - "PUT http://172.18.0.2:8080/v1/AUTH_05767d505aaf43319487a6b9507a32c6/gnocchi.e6962733-3a8f-48c1-a3e4-7297a9951758/1759320000.0_mean_300.0_v3" "tx0219c2a3ae404019b599f-0068ddea53" "proxy-server 20" 0.0107 "-" 19 0
