Oct 2 02:58:27 standalone proxy-server[131533]: 172.18.0.2 172.18.0.100 02/Oct/2025/02/58/27 PUT /v1/AUTH_05767d505aaf43319487a6b9507a32c6/gnocchi.e6962733-3a8f-48c1-a3e4-7297a9951758/1759320000.0_mean_300.0_v3 HTTP/1.0 201 - python-swiftclient-3.11.1 gAAAAABo3eme6sE5... 16 - - tx0219c2a3ae404019b599f-0068ddea53 - 0.0170 - - 1759373907.503491163 1759373907.520530224 0
Oct 2 02:58:27 standalone container-server[129097]: 172.20.0.100 - - [02/Oct/2025:02:58:27 +0000] "PUT /d1/923/AUTH_05767d505aaf43319487a6b9507a32c6/gnocchi.e6962733-3a8f-48c1-a3e4-7297a9951758/none_v3" 201 - "PUT http://172.18.0.2:8080/d1/875/AUTH_05767d505aaf43319487a6b9507a32c6/gnocchi.e6962733-3a8f-48c1-a3e4-7297a9951758/none_v3" "tx13f8daab65744e3b81910-0068ddea53" "object-server 18" 0.0007 "-" 22 0
Oct 2 02:58:27 standalone object-server[129384]: 172.20.0.100 - - [02/Oct/2025:02:58:27 +0000] "PUT /d1/875/AUTH_05767d505aaf43319487a6b9507a32c6/gnocchi.e6962733-3a8f-48c1-a3e4-7297a9951758/none_v3" 201 - "PUT http://172.18.0.2:8080/v1/AUTH_05767d505aaf43319487a6b9507a32c6/gnocchi.e6962733-3a8f-48c1-a3e4-7297a9951758/none_v3" "tx13f8daab65744e3b81910-0068ddea53" "proxy-server 20" 0.0097 "-" 18 0
Oct 2 02:58:27 standalone proxy-server[131533]: 172.18.0.2 172.18.0.100 02/Oct/2025/02/58/27 PUT /v1/AUTH_05767d505aaf43319487a6b9507a32c6/gnocchi.e6962733-3a8f-48c1-a3e4-7297a9951758/none_v3 HTTP/1.0 201 - python-swiftclient-3.11.1 gAAAAABo3eme6sE5... 22 - - tx13f8daab65744e3b81910-0068ddea53 - 0.0148 - - 1759373907.523285389 1759373907.538045883 0
Oct 2 02:58:27 standalone container-server[129091]: 172.20.0.100 - - [02/Oct/2025:02:58:27 +0000] "HEAD /d1/53/AUTH_05767d505aaf43319487a6b9507a32c6/gnocchi.546f9770-0c32-466d-960f-a96eac164a3b" 404 - "HEAD http://172.18.0.2:8080/v1/AUTH_05767d505aaf43319487a6b9507a32c6/gnocchi.546f9770-0c32-466d-960f-a96eac164a3b?format=json&states=listing" "tx83bc8f3b8f934a37a9a17-0068ddea53" "proxy-server 20" 0.0005 "-" 20 0
Oct 2 02:58:27 standalone object-server[129387]: 172.20.0.100 - - [02/Oct/2025:02:58:27 +0000] "GET /d1/842/AUTH_05767d505aaf43319487a6b9507a32c6/gnocchi.546f9770-0c32-466d-960f-a96eac164a3b/none_v3" 404 70 "GET http://172.18.0.2:8080/v1/AUTH_05767d505aaf43319487a6b9507a32c6/gnocchi.546f9770-0c32-466d-960f-a96eac164a3b/none_v3" "tx83bc8f3b8f934a37a9a17-0068ddea53" "proxy-server 20" 0.0005 "-" 21 0
Oct 2 02:58:27 standalone proxy-server[131533]: 172.18.0.2 172.18.0.100 02/Oct/2025/02/58/27 GET /v1/AUTH_05767d505aaf43319487a6b9507a32c6/gnocchi.546f9770-0c32-466d-960f-a96eac164a3b/none_v3 HTTP/1.0 404 - python-swiftclient-3.11.1 gAAAAABo3eme6sE5... - 70 - tx83bc8f3b8f934a37a9a17-0068ddea53 - 0.0108 - - 1759373907.549446821 1759373907.560208559 0
Oct 2 02:58:27 standalone account-server[129084]: 172.20.0.100 - - [02/Oct/2025:02:58:27 +0000] "PUT /d1/172/AUTH_05767d505aaf43319487a6b9507a32c6/gnocchi.546f9770-0c32-466d-960f-a96eac164a3b" 201 - "PUT http://172.20.0.100:6001/d1/53/AUTH_05767d505aaf43319487a6b9507a32c6/gnocchi.546f9770-0c32-466d-960f-a96eac164a3b" "tx0a2c401e64a34aacb58da-0068ddea53" "container-server 23" 0.0075 "-" 22 0
Oct 2 02:58:27 standalone container-server[129103]: 172.20.0.100 - - [02/Oct/2025:02:58:27 +0000] "PUT /d1/53/AUTH_05767d505aaf43319487a6b9507a32c6/gnocchi.546f9770-0c32-466d-960f-a96eac164a3b" 201 - "PUT http://172.18.0.2:8080/v1/AUTH_05767d505aaf43319487a6b9507a32c6/gnocchi.546f9770-0c32-466d-960f-a96eac164a3b" "tx0a2c401e64a34aacb58da-0068ddea53" "proxy-server 20" 0.0179 "-" 23 0
Oct 2 02:58:27 standalone proxy-server[131533]: 172.18.0.2 172.18.0.100 02/Oct/2025/02/58/27 PUT /v1/AUTH_05767d505aaf43319487a6b9507a32c6/gnocchi.546f9770-0c32-466d-960f-a96eac164a3b HTTP/1.0 201 - python-swiftclient-3.11.1 gAAAAABo3eme6sE5... - - - tx0a2c401e64a34aacb58da-0068ddea53 - 0.0231 - - 1759373907.563292503 1759373907.586414814 0
Oct 2 02:58:27 standalone container-server[129103]: 172.20.0.100 - - [02/Oct/2025:02:58:27 +0000] "HEAD /d1/53/AUTH_05767d505aaf43319487a6b9507a32c6/gnocchi.546f9770-0c32-466d-960f-a96eac164a3b" 204 - "HEAD http://172.18.0.2:8080/v1/AUTH_05767d505aaf43319487a6b9507a32c6/gnocchi.546f9770-0c32-466d-960f-a96eac164a3b?format=json&states=listing" "tx10163e9bb7f34a4aa1c0f-0068ddea53" "proxy-server 20" 0.0014 "-" 23 0
Oct 2 02:58:27 standalone proxy-server[131533]: - - 02/Oct/2025/02/58/27 HEAD /v1/AUTH_05767d505aaf43319487a6b9507a32c6/gnocchi.546f9770-0c32-466d-960f-a96eac164a3b%3Fformat%3Djson%26states%3Dlisting HTTP/1.0 204 - Swift - - - - tx10163e9bb7f34a4aa1c0f-0068ddea53 - 0.0054 RL - 1759373907.592689753 1759373907.598067999 0
Oct 2 02:58:27 standalone container-server[129097]: 172.20.0.100 - - [02/Oct/2025:02:58:27 +0000] "GET /d1/53/AUTH_05767d505aaf43319487a6b9507a32c6/gnocchi.546f9770-0c32-466d-960f-a96eac164a3b" 200 2 "GET http://172.18.0.2:8080/v1/AUTH_05767d505aaf43319487a6b9507a32c6/gnocchi.546f9770-0c32-466d-960f-a96eac164a3b?format=json&states=listing" "tx10163e9bb7f34a4aa1c0f-0068ddea53" "proxy-server 20" 0.0033 "-" 22 0
Oct 2 02:58:27 standalone proxy-server[131533]: 172.18.0.2 172.18.0.100 02/Oct/2025/02/58/27 GET /v1/AUTH_05767d505aaf43319487a6b9507a32c6/gnocchi.546f9770-0c32-466d-960f-a96eac164a3b%3Fformat%3Djson%26states%3Dlisting HTTP/1.0 200 - python-swiftclient-3.11.1 gAAAAABo3eme6sE5... - 2 - tx10163e9bb7f34a4aa1c0f-0068ddea53 - 0.0182 - - 1759373907.591142416 1759373907.609388113 0
Oct 2 02:58:27 standalone object-server[129387]: 172.20.0.100 - - [02/Oct/2025:02:58:27 +0000] "GET /d1/156/AUTH_05767d505aaf43319487a6b9507a32c6/gnocchi.546f9770-0c32-466d-960f-a96eac164a3b/1759320000.0_mean_300.0_v3" 404 70 "GET http://172.18.0.2:8080/v1/AUTH_05767d505aaf43319487a6b9507a32c6/gnocchi.546f9770-0c32-466d-960f-a96eac164a3b/1759320000.0_mean_300.0_v3" "tx360833a9c39f4705888b4-0068ddea53" "proxy-server 20" 0.0004 "-" 21 0
Oct 2 02:58:27 standalone proxy-server[131533]: 172.18.0.2 172.18.0.100 02/Oct/2025/02/58/27 GET /v1/AUTH_05767d505aaf43319487a6b9507a32c6/gnocchi.546f9770-0c32-466d-960f-a96eac164a3b/1759320000.0_mean_300.0_v3 HTTP/1.0 404 - python-swiftclient-3.11.1 gAAAAABo3eme6sE5... - 70 - tx360833a9c39f4705888b4-0068ddea53 - 0.0048 - - 1759373907.613851547 1759373907.618690014 0
Oct 2 02:58:27 standalone container-server[129091]: 172.20.0.100 - - [02/Oct/2025:02:58:27 +0000] "PUT /d1/53/AUTH_05767d505aaf43319487a6b9507a32c6/gnocchi.546f9770-0c32-466d-960f-a96eac164a3b/1759320000.0_mean_300.0_v3" 201 - "PUT http://172.18.0.2:8080/d1/156/AUTH_05767d505aaf43319487a6b9507a32c6/gnocchi.546f9770-0c32-466d-960f-a96eac164a3b/1759320000.0_mean_300.0_v3" "txe680933a731e4771b059f-0068ddea53" "object-server 18" 0.0008 "-" 20 0
Oct 2 02:58:27 standalone object-server[129384]: 172.20.0.100 - - [02/Oct/2025:02:58:27 +0000] "PUT /d1/156/AUTH_05767d505aaf43319487a6b9507a32c6/gnocchi.546f9770-0c32-466d-960f-a96eac164a3b/1759320000.0_mean_300.0_v3" 201 - "PUT http://172.18.0.2:8080/v1/AUTH_05767d505aaf43319487a6b9507a32c6/gnocchi.546f9770-0c32-466d-960f-a96eac164a3b/1759320000.0_mean_300.0_v3" "txe680933a731e4771b059f-0068ddea53" "proxy-server 20" 0.0139 "-" 18 0
Oct 2 02:58:27 standalone proxy-server[131533]: 172.18.0.2 172.18.0.100 02/Oct/2025/02/58/27 PUT /v1/AUTH_05767d505aaf43319487a6b9507a32c6/gnocchi.546f9770-0c32-466d-960f-a96eac164a3b/1759320000.0_mean_300.0_v3 HTTP/1.0 201 - python-swiftclient-3.11.1 gAAAAABo3eme6sE5... 16 - - txe680933a731e4771b059f-0068ddea53 - 0.0195 - - 1759373907.622360229 1759373907.641815662 0
Oct 2 02:58:27 standalone container-server[129103]: 172.20.0.100 - - [02/Oct/2025:02:58:27 +0000] "PUT /d1/53/AUTH_05767d505aaf43319487a6b9507a32c6/gnocchi.546f9770-0c32-466d-960f-a96eac164a3b/none_v3" 201 - "PUT http://172.18.0.2:8080/d1/842/AUTH_05767d505aaf43319487a6b9507a32c6/gnocchi.546f9770-0c32-466d-960f-a96eac164a3b/none_v3" "tx191c25d462e9464cb46af-0068ddea53" "object-server 21" 0.0007 "-" 23 0
Oct 2 02:58:27 standalone object-server[129387]: 172.20.0.100 - - [02/Oct/2025:02:58:27 +0000] "PUT /d1/842/AUTH_05767d505aaf43319487a6b9507a32c6/gnocchi.546f9770-0c32-466d-960f-a96eac164a3b/none_v3" 201 - "PUT http://172.18.0.2:8080/v1/AUTH_05767d505aaf43319487a6b9507a32c6/gnocchi.546f9770-0c32-466d-960f-a96eac164a3b/none_v3" "tx191c25d462e9464cb46af-0068ddea53" "proxy-server 20" 0.0096 "-" 21 0
Oct 2 02:58:27 standalone proxy-server[131533]: 172.18.0.2 172.18.0.100 02/Oct/2025/02/58/27 PUT /v1/AUTH_05767d505aaf43319487a6b9507a32c6/gnocchi.546f9770-0c32-466d-960f-a96eac164a3b/none_v3 HTTP/1.0 201 - python-swiftclient-3.11.1 gAAAAABo3eme6sE5... 22 - - tx191c25d462e9464cb46af-0068ddea53 - 0.0150 - - 1759373907.645435572 1759373907.660402775 0
Oct 2 02:58:27 standalone container-server[129103]: 172.20.0.100 - - [02/Oct/2025:02:58:27 +0000] "HEAD /d1/790/AUTH_05767d505aaf43319487a6b9507a32c6/gnocchi.d50b03f2-b3ee-4ee0-8c31-80a50834ec14" 404 - "HEAD http://172.18.0.2:8080/v1/AUTH_05767d505aaf43319487a6b9507a32c6/gnocchi.d50b03f2-b3ee-4ee0-8c31-80a50834ec14?format=json&states=listing" "tx0ac1e17fce024842a0f02-0068ddea53" "proxy-server 20" 0.0004 "-" 23 0
Oct 2 02:58:27 standalone object-server[129386]: 172.20.0.100 - - [02/Oct/2025:02:58:27 +0000] "GET /d1/818/AUTH_05767d505aaf43319487a6b9507a32c6/gnocchi.d50b03f2-b3ee-4ee0-8c31-80a50834ec14/none_v3" 404 70 "GET http://172.18.0.2:8080/v1/AUTH_05767d505aaf43319487a6b9507a32c6/gnocchi.d50b03f2-b3ee-4ee0-8c31-80a50834ec14/none_v3" "tx0ac1e17fce024842a0f02-0068ddea53" "proxy-server 20" 0.0005 "-" 20 0
Oct 2 02:58:27 standalone proxy-server[131533]: 172.18.0.2 172.18.0.100 02/Oct/2025/02/58/27 GET /v1/AUTH_05767d505aaf43319487a6b9507a32c6/gnocchi.d50b03f2-b3ee-4ee0-8c31-80a50834ec14/none_v3 HTTP/1.0 404 - python-swiftclient-3.11.1 gAAAAABo3eme6sE5... - 70 - tx0ac1e17fce024842a0f02-0068ddea53 - 0.0093 - - 1759373907.672794580 1759373907.682086229 0
Oct 2 02:58:27 standalone account-server[129084]: 172.20.0.100 - - [02/Oct/2025:02:58:27 +0000] "PUT /d1/172/AUTH_05767d505aaf43319487a6b9507a32c6/gnocchi.d50b03f2-b3ee-4ee0-8c31-80a50834ec14" 201 - "PUT http://172.20.0.100:6001/d1/790/AUTH_05767d505aaf43319487a6b9507a32c6/gnocchi.d50b03f2-b3ee-4ee0-8c31-80a50834ec14" "txad2ea07c2f9148a7bc2d8-0068ddea53" "container-server 20" 0.0067 "-" 22 0
Oct 2 02:58:27 standalone container-server[129091]: 172.20.0.100 - - [02/Oct/2025:02:58:27 +0000] "PUT /d1/790/AUTH_05767d505aaf43319487a6b9507a32c6/gnocchi.d50b03f2-b3ee-4ee0-8c31-80a50834ec14" 201 - "PUT http://172.18.0.2:8080/v1/AUTH_05767d505aaf43319487a6b9507a32c6/gnocchi.d50b03f2-b3ee-4ee0-8c31-80a50834ec14" "txad2ea07c2f9148a7bc2d8-0068ddea53" "proxy-server 20" 0.0188 "-" 20 0
Oct 2 02:58:27 standalone proxy-server[131533]: 172.18.0.2 172.18.0.100 02/Oct/2025/02/58/27 PUT /v1/AUTH_05767d505aaf43319487a6b9507a32c6/gnocchi.d50b03f2-b3ee-4ee0-8c31-80a50834ec14 HTTP/1.0 201 - python-swiftclient-3.11.1 gAAAAABo3eme6sE5... - - - txad2ea07c2f9148a7bc2d8-0068ddea53 - 0.0231 - - 1759373907.685251474 1759373907.708343983 0
Oct 2 02:58:27 standalone container-server[129097]: 172.20.0.100 - - [02/Oct/2025:02:58:27 +0000] "HEAD /d1/790/AUTH_05767d505aaf43319487a6b9507a32c6/gnocchi.d50b03f2-b3ee-4ee0-8c31-80a50834ec14" 204 - "HEAD http://172.18.0.2:8080/v1/AUTH_05767d505aaf43319487a6b9507a32c6/gnocchi.d50b03f2-b3ee-4ee0-8c31-80a50834ec14?format=json&states=listing" "txaeab1ced029a477b819fd-0068ddea53" "proxy-server 20" 0.0021 "-" 22 0
Oct 2 02:58:27 standalone proxy-server[131533]: - - 02/Oct/2025/02/58/27 HEAD /v1/AUTH_05767d505aaf43319487a6b9507a32c6/gnocchi.d50b03f2-b3ee-4ee0-8c31-80a50834ec14%3Fformat%3Djson%26states%3Dlisting HTTP/1.0 204 - Swift - - - - txaeab1ced029a477b819fd-0068ddea53 - 0.0069 RL - 1759373907.713442802 1759373907.720387936 0
Oct 2 02:58:27 standalone container-server[129091]: 172.20.0.100 - - [02/Oct/2025:02:58:27 +0000] "GET /d1/790/AUTH_05767d505aaf43319487a6b9507a32c6/gnocchi.d50b03f2-b3ee-4ee0-8c31-80a50834ec14" 200 2 "GET http://172.18.0.2:8080/v1/AUTH_05767d505aaf43319487a6b9507a32c6/gnocchi.d50b03f2-b3ee-4ee0-8c31-80a50834ec14?format=json&states=listing" "txaeab1ced029a477b819fd-0068ddea53" "proxy-server 20" 0.0033 "-" 20 0
Oct 2 02:58:27 standalone proxy-server[131533]: 172.18.0.2 172.18.0.100 02/Oct/2025/02/58/27 GET /v1/AUTH_05767d505aaf43319487a6b9507a32c6/gnocchi.d50b03f2-b3ee-4ee0-8c31-80a50834ec14%3Fformat%3Djson%26states%3Dlisting HTTP/1.0 200 - python-swiftclient-3.11.1 gAAAAABo3eme6sE5... - 2 - txaeab1ced029a477b819fd-0068ddea53 - 0.0194 - - 1759373907.712664604 1759373907.732049704 0
Oct 2 02:58:27 standalone object-server[129385]: 172.20.0.100 - - [02/Oct/2025:02:58:27 +0000] "GET /d1/74/AUTH_05767d505aaf43319487a6b9507a32c6/gnocchi.d50b03f2-b3ee-4ee0-8c31-80a50834ec14/1759320000.0_mean_300.0_v3" 404 70 "GET http://172.18.0.2:8080/v1/AUTH_05767d505aaf43319487a6b9507a32c6/gnocchi.d50b03f2-b3ee-4ee0-8c31-80a50834ec14/1759320000.0_mean_300.0_v3" "tx1b0ba004d3aa43ed8af16-0068ddea53" "proxy-server 20" 0.0006 "-" 19 0
Oct 2 02:58:27 standalone proxy-server[131533]: 172.18.0.2 172.18.0.100 02/Oct/2025/02/58/27 GET /v1/AUTH_05767d505aaf43319487a6b9507a32c6/gnocchi.d50b03f2-b3ee-4ee0-8c31-80a50834ec14/1759320000.0_mean_300.0_v3 HTTP/1.0 404 - python-swiftclient-3.11.1 gAAAAABo3eme6sE5... - 70 - tx1b0ba004d3aa43ed8af16-0068ddea53 - 0.0078 - - 1759373907.736993074 1759373907.744752645 0
Oct 2 02:58:27 standalone container-server[129089]: 172.20.0.100 - - [02/Oct/2025:02:58:27 +0000] "PUT /d1/790/AUTH_05767d505aaf43319487a6b9507a32c6/gnocchi.d50b03f2-b3ee-4ee0-8c31-80a50834ec14/1759320000.0_mean_300.0_v3" 201 - "PUT http://172.18.0.2:8080/d1/74/AUTH_05767d505aaf43319487a6b9507a32c6/gnocchi.d50b03f2-b3ee-4ee0-8c31-80a50834ec14/1759320000.0_mean_300.0_v3" "tx47e378392157448282b1e-0068ddea53" "object-server 20" 0.0008 "-" 19 0
Oct 2 02:58:27 standalone object-server[129386]: 172.20.0.100 - - [02/Oct/2025:02:58:27 +0000] "PUT /d1/74/AUTH_05767d505aaf43319487a6b9507a32c6/gnocchi.d50b03f2-b3ee-4ee0-8c31-80a50834ec14/1759320000.0_mean_300.0_v3" 201 - "PUT http://172.18.0.2:8080/v1/AUTH_05767d505aaf43319487a6b9507a32c6/gnocchi.d50b03f2-b3ee-4ee0-8c31-80a50834ec14/1759320000.0_mean_300.0_v3" "tx47e378392157448282b1e-0068ddea53" "proxy-server 20" 0.0127 "-" 20 0
Oct 2 02:58:27 standalone proxy-server[131533]: 172.18.0.2 172.18.0.100 02/Oct/2025/02/58/27 PUT /v1/AUTH_05767d505aaf43319487a6b9507a32c6/gnocchi.d50b03f2-b3ee-4ee0-8c31-80a50834ec14/1759320000.0_mean_300.0_v3 HTTP/1.0 201 - python-swiftclient-3.11.1 gAAAAABo3eme6sE5... 16 - - tx47e378392157448282b1e-0068ddea53 - 0.0205 - - 1759373907.749031067 1759373907.769533157 0
Oct 2 02:58:27 standalone container-server[129089]: 172.20.0.100 - - [02/Oct/2025:02:58:27 +0000] "PUT /d1/790/AUTH_05767d505aaf43319487a6b9507a32c6/gnocchi.d50b03f2-b3ee-4ee0-8c31-80a50834ec14/none_v3" 201 - "PUT http://172.18.0.2:8080/d1/818/AUTH_05767d505aaf43319487a6b9507a32c6/gnocchi.d50b03f2-b3ee-4ee0-8c31-80a50834ec14/none_v3" "txb99f12a769924ebe8a381-0068ddea53" "object-server 18" 0.0006 "-" 19 0
Oct 2 02:58:27 standalone object-server[129384]: 172.20.0.100 - - [02/Oct/2025:02:58:27 +0000] "PUT /d1/818/AUTH_05767d505aaf43319487a6b9507a32c6/gnocchi.d50b03f2-b3ee-4ee0-8c31-80a50834ec14/none_v3" 201 - "PUT http://172.18.0.2:8080/v1/AUTH_05767d505aaf43319487a6b9507a32c6/gnocchi.d50b03f2-b3ee-4ee0-8c31-80a50834ec14/none_v3" "txb99f12a769924ebe8a381-0068ddea53" "proxy-server 20" 0.0096 "-" 18 0
Oct 2 02:58:27 standalone proxy-server[131533]: 172.18.0.2 172.18.0.100 02/Oct/2025/02/58/27 PUT /v1/AUTH_05767d505aaf43319487a6b9507a32c6/gnocchi.d50b03f2-b3ee-4ee0-8c31-80a50834ec14/none_v3 HTTP/1.0 201 - python-swiftclient-3.11.1 gAAAAABo3eme6sE5... 22 - - txb99f12a769924ebe8a381-0068ddea53 - 0.0151 - - 1759373907.771622658 1759373907.786676645 0
Oct 2 02:58:27 standalone container-server[129097]: 172.20.0.100 - - [02/Oct/2025:02:58:27 +0000] "HEAD /d1/129/AUTH_05767d505aaf43319487a6b9507a32c6/gnocchi.f35d489f-f85c-46ac-adbe-d64174a06e82" 404 - "HEAD http://172.18.0.2:8080/v1/AUTH_05767d505aaf43319487a6b9507a32c6/gnocchi.f35d489f-f85c-46ac-adbe-d64174a06e82?format=json&states=listing" "tx9a2da3b536ac44899b62c-0068ddea53" "proxy-server 20" 0.0006 "-" 22 0
Oct 2 02:58:27 standalone object-server[129385]: 172.20.0.100 - - [02/Oct/2025:02:58:27 +0000] "GET /d1/93/AUTH_05767d505aaf43319487a6b9507a32c6/gnocchi.f35d489f-f85c-46ac-adbe-d64174a06e82/none_v3" 404 70 "GET http://172.18.0.2:8080/v1/AUTH_05767d505aaf43319487a6b9507a32c6/gnocchi.f35d489f-f85c-46ac-adbe-d64174a06e82/none_v3" "tx9a2da3b536ac44899b62c-0068ddea53" "proxy-server 20" 0.0006 "-" 19 0
Oct 2 02:58:27 standalone proxy-server[131533]: 172.18.0.2 172.18.0.100 02/Oct/2025/02/58/27 GET /v1/AUTH_05767d505aaf43319487a6b9507a32c6/gnocchi.f35d489f-f85c-46ac-adbe-d64174a06e82/none_v3 HTTP/1.0 404 - python-swiftclient-3.11.1 gAAAAABo3eme6sE5... - 70 - tx9a2da3b536ac44899b62c-0068ddea53 - 0.0112 - - 1759373907.799349546 1759373907.810566425 0
Oct 2 02:58:27 standalone account-server[129064]: 172.20.0.100 - - [02/Oct/2025:02:58:27 +0000] "PUT /d1/172/AUTH_05767d505aaf43319487a6b9507a32c6/gnocchi.f35d489f-f85c-46ac-adbe-d64174a06e82" 201 - "PUT http://172.20.0.100:6001/d1/129/AUTH_05767d505aaf43319487a6b9507a32c6/gnocchi.f35d489f-f85c-46ac-adbe-d64174a06e82" "tx31fe32e82d084c46bd356-0068ddea53" "container-server 23" 0.0057 "-" 19 0
Oct 2 02:58:27 standalone container-server[129103]: 172.20.0.100 - - [02/Oct/2025:02:58:27 +0000] "PUT /d1/129/AUTH_05767d505aaf43319487a6b9507a32c6/gnocchi.f35d489f-f85c-46ac-adbe-d64174a06e82" 201 - "PUT http://172.18.0.2:8080/v1/AUTH_05767d505aaf43319487a6b9507a32c6/gnocchi.f35d489f-f85c-46ac-adbe-d64174a06e82" "tx31fe32e82d084c46bd356-0068ddea53" "proxy-server 20" 0.0211 "-" 23 0
Oct 2 02:58:27 standalone proxy-server[131533]: 172.18.0.2 172.18.0.100 02/Oct/2025/02/58/27 PUT /v1/AUTH_05767d505aaf43319487a6b9507a32c6/gnocchi.f35d489f-f85c-46ac-adbe-d64174a06e82 HTTP/1.0 201 - python-swiftclient-3.11.1 gAAAAABo3eme6sE5... - - - tx31fe32e82d084c46bd356-0068ddea53 - 0.0259 - - 1759373907.813988209 1759373907.839903593 0
Oct 2 02:58:27 standalone container-server[129097]: 172.20.0.100 - - [02/Oct/2025:02:58:27 +0000] "HEAD /d1/129/AUTH_05767d505aaf43319487a6b9507a32c6/gnocchi.f35d489f-f85c-46ac-adbe-d64174a06e82" 204 - "HEAD http://172.18.0.2:8080/v1/AUTH_05767d505aaf43319487a6b9507a32c6/gnocchi.f35d489f-f85c-46ac-adbe-d64174a06e82?format=json&states=listing" "tx698d5b5f718d497b9a4c1-0068ddea53" "proxy-server 20" 0.0027 "-" 22 0
Oct 2 02:58:27 standalone proxy-server[131533]: - - 02/Oct/2025/02/58/27 HEAD /v1/AUTH_05767d505aaf43319487a6b9507a32c6/gnocchi.f35d489f-f85c-46ac-adbe-d64174a06e82%3Fformat%3Djson%26states%3Dlisting HTTP/1.0 204 - Swift - - - - tx698d5b5f718d497b9a4c1-0068ddea53 - 0.0061 RL - 1759373907.845289469 1759373907.851367474 0
Oct 2 02:58:27 standalone container-server[129091]: 172.20.0.100 - - [02/Oct/2025:02:58:27 +0000] "GET /d1/129/AUTH_05767d505aaf43319487a6b9507a32c6/gnocchi.f35d489f-f85c-46ac-adbe-d64174a06e82" 200 2 "GET http://172.18.0.2:8080/v1/AUTH_05767d505aaf43319487a6b9507a32c6/gnocchi.f35d489f-f85c-46ac-adbe-d64174a06e82?format=json&states=listing" "tx698d5b5f718d497b9a4c1-0068ddea53" "proxy-server 20" 0.0033 "-" 20 0
Oct 2 02:58:27 standalone proxy-server[131533]: 172.18.0.2 172.18.0.100 02/Oct/2025/02/58/27 GET /v1/AUTH_05767d505aaf43319487a6b9507a32c6/gnocchi.f35d489f-f85c-46ac-adbe-d64174a06e82%3Fformat%3Djson%26states%3Dlisting HTTP/1.0 200 - python-swiftclient-3.11.1 gAAAAABo3eme6sE5... - 2 - tx698d5b5f718d497b9a4c1-0068ddea53 - 0.0158 - - 1759373907.844302416 1759373907.860118628 0
Oct 2 02:58:27 standalone object-server[129384]: 172.20.0.100 - - [02/Oct/2025:02:58:27 +0000] "GET /d1/825/AUTH_05767d505aaf43319487a6b9507a32c6/gnocchi.f35d489f-f85c-46ac-adbe-d64174a06e82/1759320000.0_mean_300.0_v3" 404 70 "GET http://172.18.0.2:8080/v1/AUTH_05767d505aaf43319487a6b9507a32c6/gnocchi.f35d489f-f85c-46ac-adbe-d64174a06e82/1759320000.0_mean_300.0_v3" "tx9676cbcdfd8543e699fa2-0068ddea53" "proxy-server 20" 0.0006 "-" 18 0
Oct 2 02:58:27 standalone proxy-server[131533]: 172.18.0.2 172.18.0.100 02/Oct/2025/02/58/27 GET /v1/AUTH_05767d505aaf43319487a6b9507a32c6/gnocchi.f35d489f-f85c-46ac-adbe-d64174a06e82/1759320000.0_mean_300.0_v3 HTTP/1.0 404 - python-swiftclient-3.11.1 gAAAAABo3eme6sE5... - 70 - tx9676cbcdfd8543e699fa2-0068ddea53 - 0.0057 - - 1759373907.864253283 1759373907.869978189 0
Oct 2 02:58:27 standalone container-server[129089]: 172.20.0.100 - - [02/Oct/2025:02:58:27 +0000] "PUT /d1/129/AUTH_05767d505aaf43319487a6b9507a32c6/gnocchi.f35d489f-f85c-46ac-adbe-d64174a06e82/1759320000.0_mean_300.0_v3" 201 - "PUT http://172.18.0.2:8080/d1/825/AUTH_05767d505aaf43319487a6b9507a32c6/gnocchi.f35d489f-f85c-46ac-adbe-d64174a06e82/1759320000.0_mean_300.0_v3" "tx257d825b10cc48068e67c-0068ddea53" "object-server 20" 0.0012 "-" 19 0
Oct 2 02:58:27 standalone object-server[129386]: 172.20.0.100 - - [02/Oct/2025:02:58:27 +0000] "PUT /d1/825/AUTH_05767d505aaf43319487a6b9507a32c6/gnocchi.f35d489f-f85c-46ac-adbe-d64174a06e82/1759320000.0_mean_300.0_v3" 201 - "PUT http://172.18.0.2:8080/v1/AUTH_05767d505aaf43319487a6b9507a32c6/gnocchi.f35d489f-f85c-46ac-adbe-d64174a06e82/1759320000.0_mean_300.0_v3" "tx257d825b10cc48068e67c-0068ddea53" "proxy-server 20" 0.0114 "-" 20 0
Oct 2 02:58:27 standalone proxy-server[131533]: 172.18.0.2 172.18.0.100 02/Oct/2025/02/58/27 PUT /v1/AUTH_05767d505aaf43319487a6b9507a32c6/gnocchi.f35d489f-f85c-46ac-adbe-d64174a06e82/1759320000.0_mean_300.0_v3 HTTP/1.0 201 - python-swiftclient-3.11.1 gAAAAABo3eme6sE5... 16 - - tx257d825b10cc48068e67c-0068ddea53 - 0.0166 - - 1759373907.873373985 1759373907.889958382 0
Oct 2 02:58:27 standalone container-server[129089]: 172.20.0.100 - - [02/Oct/2025:02:58:27 +0000] "PUT /d1/129/AUTH_05767d505aaf43319487a6b9507a32c6/gnocchi.f35d489f-f85c-46ac-adbe-d64174a06e82/none_v3" 201 - "PUT http://172.18.0.2:8080/d1/93/AUTH_05767d505aaf43319487a6b9507a32c6/gnocchi.f35d489f-f85c-46ac-adbe-d64174a06e82/none_v3" "txe3afb26a882f4f48b936a-0068ddea53" "object-server 18" 0.0007 "-" 19 0
Oct 2 02:58:27 standalone object-server[129384]: 172.20.0.100 - - [02/Oct/2025:02:58:27 +0000] "PUT /d1/93/AUTH_05767d505aaf43319487a6b9507a32c6/gnocchi.f35d489f-f85c-46ac-adbe-d64174a06e82/none_v3" 201 - "PUT http://172.18.0.2:8080/v1/AUTH_05767d505aaf43319487a6b9507a32c6/gnocchi.f35d489f-f85c-46ac-adbe-d64174a06e82/none_v3" "txe3afb26a882f4f48b936a-0068ddea53" "proxy-server 20" 0.0100 "-" 18 0
Oct 2 02:58:27 standalone proxy-server[131533]: 172.18.0.2 172.18.0.100 02/Oct/2025/02/58/27 PUT /v1/AUTH_05767d505aaf43319487a6b9507a32c6/gnocchi.f35d489f-f85c-46ac-adbe-d64174a06e82/none_v3 HTTP/1.0 201 - python-swiftclient-3.11.1 gAAAAABo3eme6sE5... 22 - - txe3afb26a882f4f48b936a-0068ddea53 - 0.0150 - - 1759373907.892815351 1759373907.907841682 0
Oct 2 02:58:27 standalone container-server[129103]: 172.20.0.100 - - [02/Oct/2025:02:58:27 +0000] "HEAD /d1/246/AUTH_05767d505aaf43319487a6b9507a32c6/gnocchi.d4941f20-f46d-47cf-884c-2683cfe8d603" 404 - "HEAD http://172.18.0.2:8080/v1/AUTH_05767d505aaf43319487a6b9507a32c6/gnocchi.d4941f20-f46d-47cf-884c-2683cfe8d603?format=json&states=listing" "tx22a4fff86ffa41489dbf3-0068ddea53" "proxy-server 20" 0.0006 "-" 23 0
Oct 2 02:58:27 standalone object-server[129386]: 172.20.0.100 - - [02/Oct/2025:02:58:27 +0000] "GET /d1/798/AUTH_05767d505aaf43319487a6b9507a32c6/gnocchi.d4941f20-f46d-47cf-884c-2683cfe8d603/none_v3" 404 70 "GET http://172.18.0.2:8080/v1/AUTH_05767d505aaf43319487a6b9507a32c6/gnocchi.d4941f20-f46d-47cf-884c-2683cfe8d603/none_v3" "tx22a4fff86ffa41489dbf3-0068ddea53" "proxy-server 20" 0.0005 "-" 20 0
Oct 2 02:58:27 standalone proxy-server[131533]: 172.18.0.2 172.18.0.100 02/Oct/2025/02/58/27 GET /v1/AUTH_05767d505aaf43319487a6b9507a32c6/gnocchi.d4941f20-f46d-47cf-884c-2683cfe8d603/none_v3 HTTP/1.0 404 - python-swiftclient-3.11.1 gAAAAABo3eme6sE5... - 70 - tx22a4fff86ffa41489dbf3-0068ddea53 - 0.0089 - - 1759373907.918859005 1759373907.927721024 0
Oct 2 02:58:27 standalone account-server[129070]: 172.20.0.100 - - [02/Oct/2025:02:58:27 +0000] "PUT /d1/172/AUTH_05767d505aaf43319487a6b9507a32c6/gnocchi.d4941f20-f46d-47cf-884c-2683cfe8d603" 201 - "PUT http://172.20.0.100:6001/d1/246/AUTH_05767d505aaf43319487a6b9507a32c6/gnocchi.d4941f20-f46d-47cf-884c-2683cfe8d603" "tx5cb5fbf1a73e40c18f462-0068ddea53" "container-server 22" 0.0055 "-" 20 0
Oct 2 02:58:27 standalone container-server[129097]: 172.20.0.100 - - [02/Oct/2025:02:58:27 +0000] "PUT /d1/246/AUTH_05767d505aaf43319487a6b9507a32c6/gnocchi.d4941f20-f46d-47cf-884c-2683cfe8d603" 201 - "PUT http://172.18.0.2:8080/v1/AUTH_05767d505aaf43319487a6b9507a32c6/gnocchi.d4941f20-f46d-47cf-884c-2683cfe8d603" "tx5cb5fbf1a73e40c18f462-0068ddea53" "proxy-server 20" 0.0177 "-" 22 0
Oct 2 02:58:27 standalone proxy-server[131533]: 172.18.0.2 172.18.0.100 02/Oct/2025/02/58/27 PUT /v1/AUTH_05767d505aaf43319487a6b9507a32c6/gnocchi.d4941f20-f46d-47cf-884c-2683cfe8d603 HTTP/1.0 201 - python-swiftclient-3.11.1 gAAAAABo3eme6sE5... - - - tx5cb5fbf1a73e40c18f462-0068ddea53 - 0.0220 - - 1759373907.929583788 1759373907.951591015 0
Oct 2 02:58:27 standalone container-server[129103]: 172.20.0.100 - - [02/Oct/2025:02:58:27 +0000] "HEAD /d1/246/AUTH_05767d505aaf43319487a6b9507a32c6/gnocchi.d4941f20-f46d-47cf-884c-2683cfe8d603" 204 - "HEAD http://172.18.0.2:8080/v1/AUTH_05767d505aaf43319487a6b9507a32c6/gnocchi.d4941f20-f46d-47cf-884c-2683cfe8d603?format=json&states=listing" "tx412222341eaa4f5ea27cb-0068ddea53" "proxy-server 20" 0.0020 "-" 23 0
Oct 2 02:58:27 standalone proxy-server[131533]: - - 02/Oct/2025/02/58/27 HEAD /v1/AUTH_05767d505aaf43319487a6b9507a32c6/gnocchi.d4941f20-f46d-47cf-884c-2683cfe8d603%3Fformat%3Djson%26states%3Dlisting HTTP/1.0 204 - Swift - - - - tx412222341eaa4f5ea27cb-0068ddea53 - 0.0049 RL - 1759373907.954694033 1759373907.959614038 0
Oct 2 02:58:27 standalone container-server[129103]: 172.20.0.100 - - [02/Oct/2025:02:58:27 +0000] "GET /d1/246/AUTH_05767d505aaf43319487a6b9507a32c6/gnocchi.d4941f20-f46d-47cf-884c-2683cfe8d603" 200 2 "GET http://172.18.0.2:8080/v1/AUTH_05767d505aaf43319487a6b9507a32c6/gnocchi.d4941f20-f46d-47cf-884c-2683cfe8d603?format=json&states=listing" "tx412222341eaa4f5ea27cb-0068ddea53" "proxy-server 20" 0.0031 "-" 23 0
Oct 2 02:58:27 standalone proxy-server[131533]: 172.18.0.2 172.18.0.100 02/Oct/2025/02/58/27 GET /v1/AUTH_05767d505aaf43319487a6b9507a32c6/gnocchi.d4941f20-f46d-47cf-884c-2683cfe8d603%3Fformat%3Djson%26states%3Dlisting HTTP/1.0 200 - python-swiftclient-3.11.1 gAAAAABo3eme6sE5... - 2 - tx412222341eaa4f5ea27cb-0068ddea53 - 0.0136 - - 1759373907.953867197 1759373907.967456341 0
Oct 2 02:58:27 standalone object-server[129385]: 172.20.0.100 - - [02/Oct/2025:02:58:27 +0000] "GET /d1/54/AUTH_05767d505aaf43319487a6b9507a32c6/gnocchi.d4941f20-f46d-47cf-884c-2683cfe8d603/1759320000.0_mean_300.0_v3" 404 70 "GET http://172.18.0.2:8080/v1/AUTH_05767d505aaf43319487a6b9507a32c6/gnocchi.d4941f20-f46d-47cf-884c-2683cfe8d603/1759320000.0_mean_300.0_v3" "tx59f702ad2cf6417881312-0068ddea53" "proxy-server 20" 0.0005 "-" 19 0
Oct 2 02:58:27 standalone proxy-server[131533]: 172.18.0.2 172.18.0.100 02/Oct/2025/02/58/27 GET /v1/AUTH_05767d505aaf43319487a6b9507a32c6/gnocchi.d4941f20-f46d-47cf-884c-2683cfe8d603/1759320000.0_mean_300.0_v3 HTTP/1.0 404 - python-swiftclient-3.11.1 gAAAAABo3eme6sE5... - 70 - tx59f702ad2cf6417881312-0068ddea53 - 0.0053 - - 1759373907.969732523 1759373907.975006819 0
Oct 2 02:58:27 standalone container-server[129091]: 172.20.0.100 - - [02/Oct/2025:02:58:27 +0000] "PUT /d1/246/AUTH_05767d505aaf43319487a6b9507a32c6/gnocchi.d4941f20-f46d-47cf-884c-2683cfe8d603/1759320000.0_mean_300.0_v3" 201 - "PUT http://172.18.0.2:8080/d1/54/AUTH_05767d505aaf43319487a6b9507a32c6/gnocchi.d4941f20-f46d-47cf-884c-2683cfe8d603/1759320000.0_mean_300.0_v3" "txe39cb1635ca4426fba7a6-0068ddea53" "object-server 20" 0.0009 "-" 20 0
Oct 2 02:58:27 standalone object-server[129386]: 172.20.0.100 - - [02/Oct/2025:02:58:27 +0000] "PUT /d1/54/AUTH_05767d505aaf43319487a6b9507a32c6/gnocchi.d4941f20-f46d-47cf-884c-2683cfe8d603/1759320000.0_mean_300.0_v3" 201 - "PUT http://172.18.0.2:8080/v1/AUTH_05767d505aaf43319487a6b9507a32c6/gnocchi.d4941f20-f46d-47cf-884c-2683cfe8d603/1759320000.0_mean_300.0_v3" "txe39cb1635ca4426fba7a6-0068ddea53" "proxy-server 20" 0.0103 "-" 20 0
Oct 2 02:58:27 standalone proxy-server[131533]: 172.18.0.2 172.18.0.100 02/Oct/2025/02/58/27 PUT /v1/AUTH_05767d505aaf43319487a6b9507a32c6/gnocchi.d4941f20-f46d-47cf-884c-2683cfe8d603/1759320000.0_mean_300.0_v3 HTTP/1.0 201 - python-swiftclient-3.11.1 gAAAAABo3eme6sE5... 16 - - txe39cb1635ca4426fba7a6-0068ddea53 - 0.0159 - - 1759373907.977141619 1759373907.993025303 0
Oct 2 02:58:28 standalone container-server[129089]: 172.20.0.100 - - [02/Oct/2025:02:58:28 +0000] "PUT /d1/246/AUTH_05767d505aaf43319487a6b9507a32c6/gnocchi.d4941f20-f46d-47cf-884c-2683cfe8d603/none_v3" 201 - "PUT http://172.18.0.2:8080/d1/798/AUTH_05767d505aaf43319487a6b9507a32c6/gnocchi.d4941f20-f46d-47cf-884c-2683cfe8d603/none_v3" "tx5dad64dd002f46ecbc54e-0068ddea53" "object-server 21" 0.0006 "-" 19 0
Oct 2 02:58:28 standalone object-server[129387]: 172.20.0.100 - - [02/Oct/2025:02:58:28 +0000] "PUT /d1/798/AUTH_05767d505aaf43319487a6b9507a32c6/gnocchi.d4941f20-f46d-47cf-884c-2683cfe8d603/none_v3" 201 - "PUT http://172.18.0.2:8080/v1/AUTH_05767d505aaf43319487a6b9507a32c6/gnocchi.d4941f20-f46d-47cf-884c-2683cfe8d603/none_v3" "tx5dad64dd002f46ecbc54e-0068ddea53" "proxy-server 20" 0.0097 "-" 21 0
Oct 2 02:58:28 standalone proxy-server[131533]: 172.18.0.2 172.18.0.100 02/Oct/2025/02/58/28 PUT /v1/AUTH_05767d505aaf43319487a6b9507a32c6/gnocchi.d4941f20-f46d-47cf-884c-2683cfe8d603/none_v3 HTTP/1.0 201 - python-swiftclient-3.11.1 gAAAAABo3eme6sE5... 22 - - tx5dad64dd002f46ecbc54e-0068ddea53 - 0.0149 - - 1759373907.995038748 1759373908.009898901 0
Oct 2 02:58:28 standalone container-server[129091]: 172.20.0.100 - - [02/Oct/2025:02:58:28 +0000] "HEAD /d1/535/AUTH_05767d505aaf43319487a6b9507a32c6/gnocchi.605a1d9d-88a2-4f54-aefb-33abbc554669" 404 - "HEAD http://172.18.0.2:8080/v1/AUTH_05767d505aaf43319487a6b9507a32c6/gnocchi.605a1d9d-88a2-4f54-aefb-33abbc554669?format=json&states=listing" "txead8da7febd94e37942a0-0068ddea54" "proxy-server 20" 0.0006 "-" 20 0
Oct 2 02:58:28 standalone object-server[129387]: 172.20.0.100 - - [02/Oct/2025:02:58:28 +0000] "GET /d1/932/AUTH_05767d505aaf43319487a6b9507a32c6/gnocchi.605a1d9d-88a2-4f54-aefb-33abbc554669/none_v3" 404 70 "GET http://172.18.0.2:8080/v1/AUTH_05767d505aaf43319487a6b9507a32c6/gnocchi.605a1d9d-88a2-4f54-aefb-33abbc554669/none_v3" "txead8da7febd94e37942a0-0068ddea54" "proxy-server 20" 0.0003 "-" 21 0
Oct 2 02:58:28 standalone proxy-server[131533]: 172.18.0.2 172.18.0.100 02/Oct/2025/02/58/28 GET /v1/AUTH_05767d505aaf43319487a6b9507a32c6/gnocchi.605a1d9d-88a2-4f54-aefb-33abbc554669/none_v3 HTTP/1.0 404 - python-swiftclient-3.11.1 gAAAAABo3eme6sE5... - 70 - txead8da7febd94e37942a0-0068ddea54 - 0.0087 - - 1759373908.017712355 1759373908.026446581 0
Oct 2 02:58:28 standalone account-server[129070]: 172.20.0.100 - - [02/Oct/2025:02:58:28 +0000] "PUT /d1/172/AUTH_05767d505aaf43319487a6b9507a32c6/gnocchi.605a1d9d-88a2-4f54-aefb-33abbc554669" 201 - "PUT http://172.20.0.100:6001/d1/535/AUTH_05767d505aaf43319487a6b9507a32c6/gnocchi.605a1d9d-88a2-4f54-aefb-33abbc554669" "tx9f177b0e64254cddab47b-0068ddea54" "container-server 22" 0.0052 "-" 20 0
Oct 2 02:58:28 standalone container-server[129097]: 172.20.0.100 - - [02/Oct/2025:02:58:28 +0000] "PUT /d1/535/AUTH_05767d505aaf43319487a6b9507a32c6/gnocchi.605a1d9d-88a2-4f54-aefb-33abbc554669" 201 - "PUT http://172.18.0.2:8080/v1/AUTH_05767d505aaf43319487a6b9507a32c6/gnocchi.605a1d9d-88a2-4f54-aefb-33abbc554669" "tx9f177b0e64254cddab47b-0068ddea54" "proxy-server 20" 0.0176 "-" 22 0
Oct 2 02:58:28 standalone proxy-server[131533]: 172.18.0.2 172.18.0.100 02/Oct/2025/02/58/28 PUT /v1/AUTH_05767d505aaf43319487a6b9507a32c6/gnocchi.605a1d9d-88a2-4f54-aefb-33abbc554669 HTTP/1.0 201 - python-swiftclient-3.11.1 gAAAAABo3eme6sE5... - - - tx9f177b0e64254cddab47b-0068ddea54 - 0.0219 - - 1759373908.028385878 1759373908.050256014 0
Oct 2 02:58:28 standalone container-server[129091]: 172.20.0.100 - - [02/Oct/2025:02:58:28 +0000] "HEAD /d1/535/AUTH_05767d505aaf43319487a6b9507a32c6/gnocchi.605a1d9d-88a2-4f54-aefb-33abbc554669" 204 - "HEAD http://172.18.0.2:8080/v1/AUTH_05767d505aaf43319487a6b9507a32c6/gnocchi.605a1d9d-88a2-4f54-aefb-33abbc554669?format=json&states=listing" "txf76171beda0e479ca2b6b-0068ddea54" "proxy-server 20" 0.0023 "-" 20 0
Oct 2 02:58:28 standalone proxy-server[131533]: - - 02/Oct/2025/02/58/28 HEAD /v1/AUTH_05767d505aaf43319487a6b9507a32c6/gnocchi.605a1d9d-88a2-4f54-aefb-33abbc554669%3Fformat%3Djson%26states%3Dlisting HTTP/1.0 204 - Swift - - - - txf76171beda0e479ca2b6b-0068ddea54 - 0.0050 RL - 1759373908.053456306 1759373908.058457851 0
Oct 2 02:58:28 standalone container-server[129091]: 172.20.0.100 - - [02/Oct/2025:02:58:28 +0000] "GET /d1/535/AUTH_05767d505aaf43319487a6b9507a32c6/gnocchi.605a1d9d-88a2-4f54-aefb-33abbc554669" 200 2 "GET http://172.18.0.2:8080/v1/AUTH_05767d505aaf43319487a6b9507a32c6/gnocchi.605a1d9d-88a2-4f54-aefb-33abbc554669?format=json&states=listing" "txf76171beda0e479ca2b6b-0068ddea54" "proxy-server 20" 0.0033 "-" 20 0
Oct 2 02:58:28 standalone proxy-server[131533]: 172.18.0.2 172.18.0.100 02/Oct/2025/02/58/28 GET /v1/AUTH_05767d505aaf43319487a6b9507a32c6/gnocchi.605a1d9d-88a2-4f54-aefb-33abbc554669%3Fformat%3Djson%26states%3Dlisting HTTP/1.0 200 - python-swiftclient-3.11.1 gAAAAABo3eme6sE5... - 2 - txf76171beda0e479ca2b6b-0068ddea54 - 0.0137 - - 1759373908.052628517 1759373908.066368580 0
Oct 2 02:58:28 standalone object-server[129385]: 172.20.0.100 - - [02/Oct/2025:02:58:28 +0000] "GET /d1/692/AUTH_05767d505aaf43319487a6b9507a32c6/gnocchi.605a1d9d-88a2-4f54-aefb-33abbc554669/1759320000.0_mean_300.0_v3" 404 70 "GET http://172.18.0.2:8080/v1/AUTH_05767d505aaf43319487a6b9507a32c6/gnocchi.605a1d9d-88a2-4f54-aefb-33abbc554669/1759320000.0_mean_300.0_v3" "tx7e95731739b24d3695395-0068ddea54" "proxy-server 20" 0.0005 "-" 19 0
Oct 2 02:58:28 standalone proxy-server[131533]: 172.18.0.2 172.18.0.100 02/Oct/2025/02/58/28 GET /v1/AUTH_05767d505aaf43319487a6b9507a32c6/gnocchi.605a1d9d-88a2-4f54-aefb-33abbc554669/1759320000.0_mean_300.0_v3 HTTP/1.0 404 - python-swiftclient-3.11.1 gAAAAABo3eme6sE5... - 70 - tx7e95731739b24d3695395-0068ddea54 - 0.0055 - - 1759373908.069057703 1759373908.074575186 0
Oct 2 02:58:28 standalone container-server[129091]: 172.20.0.100 - - [02/Oct/2025:02:58:28 +0000] "PUT /d1/535/AUTH_05767d505aaf43319487a6b9507a32c6/gnocchi.605a1d9d-88a2-4f54-aefb-33abbc554669/1759320000.0_mean_300.0_v3" 201 - "PUT http://172.18.0.2:8080/d1/692/AUTH_05767d505aaf43319487a6b9507a32c6/gnocchi.605a1d9d-88a2-4f54-aefb-33abbc554669/1759320000.0_mean_300.0_v3" "tx1be25dbbb094451a94d33-0068ddea54" "object-server 21" 0.0010 "-" 20 0
Oct 2 02:58:28 standalone object-server[129387]: 172.20.0.100 - - [02/Oct/2025:02:58:28 +0000] "PUT /d1/692/AUTH_05767d505aaf43319487a6b9507a32c6/gnocchi.605a1d9d-88a2-4f54-aefb-33abbc554669/1759320000.0_mean_300.0_v3" 201 - "PUT http://172.18.0.2:8080/v1/AUTH_05767d505aaf43319487a6b9507a32c6/gnocchi.605a1d9d-88a2-4f54-aefb-33abbc554669/1759320000.0_mean_300.0_v3" "tx1be25dbbb094451a94d33-0068ddea54" "proxy-server 20" 0.0082 "-" 21 0
Oct 2 02:58:28 standalone proxy-server[131533]: 172.18.0.2 172.18.0.100 02/Oct/2025/02/58/28 PUT /v1/AUTH_05767d505aaf43319487a6b9507a32c6/gnocchi.605a1d9d-88a2-4f54-aefb-33abbc554669/1759320000.0_mean_300.0_v3 HTTP/1.0 201 - python-swiftclient-3.11.1 gAAAAABo3eme6sE5... 16 - - tx1be25dbbb094451a94d33-0068ddea54 - 0.0123 - - 1759373908.076503992 1759373908.088824987 0
Oct 2 02:58:28 standalone container-server[129089]: 172.20.0.100 - - [02/Oct/2025:02:58:28 +0000] "PUT /d1/535/AUTH_05767d505aaf43319487a6b9507a32c6/gnocchi.605a1d9d-88a2-4f54-aefb-33abbc554669/none_v3" 201 - "PUT http://172.18.0.2:8080/d1/932/AUTH_05767d505aaf43319487a6b9507a32c6/gnocchi.605a1d9d-88a2-4f54-aefb-33abbc554669/none_v3" "tx07327ab339854f56a9ad7-0068ddea54" "object-server 21" 0.0005 "-" 19 0
Oct 2 02:58:28 standalone object-server[129387]: 172.20.0.100 - - [02/Oct/2025:02:58:28 +0000] "PUT /d1/932/AUTH_05767d505aaf43319487a6b9507a32c6/gnocchi.605a1d9d-88a2-4f54-aefb-33abbc554669/none_v3" 201 - "PUT http://172.18.0.2:8080/v1/AUTH_05767d505aaf43319487a6b9507a32c6/gnocchi.605a1d9d-88a2-4f54-aefb-33abbc554669/none_v3" "tx07327ab339854f56a9ad7-0068ddea54" "proxy-server 20" 0.0082 "-" 21 0
Oct 2 02:58:28 standalone proxy-server[131533]: 172.18.0.2 172.18.0.100 02/Oct/2025/02/58/28 PUT /v1/AUTH_05767d505aaf43319487a6b9507a32c6/gnocchi.605a1d9d-88a2-4f54-aefb-33abbc554669/none_v3 HTTP/1.0 201 - python-swiftclient-3.11.1 gAAAAABo3eme6sE5... 22 - - tx07327ab339854f56a9ad7-0068ddea54 - 0.0121 - - 1759373908.090753317 1759373908.102863550 0
Oct 2 02:58:28 standalone container-server[129103]: 172.20.0.100 - - [02/Oct/2025:02:58:28 +0000] "HEAD /d1/912/AUTH_05767d505aaf43319487a6b9507a32c6/gnocchi.cb391474-c12e-4a42-bc53-1464b1526f89" 404 - "HEAD http://172.18.0.2:8080/v1/AUTH_05767d505aaf43319487a6b9507a32c6/gnocchi.cb391474-c12e-4a42-bc53-1464b1526f89?format=json&states=listing" "tx94fb8f4386ab466ca138c-0068ddea54" "proxy-server 20" 0.0006 "-" 23 0
Oct 2 02:58:28 standalone object-server[129387]: 172.20.0.100 - - [02/Oct/2025:02:58:28 +0000] "GET /d1/216/AUTH_05767d505aaf43319487a6b9507a32c6/gnocchi.cb391474-c12e-4a42-bc53-1464b1526f89/none_v3" 404 70 "GET http://172.18.0.2:8080/v1/AUTH_05767d505aaf43319487a6b9507a32c6/gnocchi.cb391474-c12e-4a42-bc53-1464b1526f89/none_v3" "tx94fb8f4386ab466ca138c-0068ddea54" "proxy-server 20" 0.0003 "-" 21 0
Oct 2 02:58:28 standalone proxy-server[131533]: 172.18.0.2 172.18.0.100 02/Oct/2025/02/58/28 GET /v1/AUTH_05767d505aaf43319487a6b9507a32c6/gnocchi.cb391474-c12e-4a42-bc53-1464b1526f89/none_v3 HTTP/1.0 404 - python-swiftclient-3.11.1 gAAAAABo3eme6sE5... - 70 - tx94fb8f4386ab466ca138c-0068ddea54 - 0.0082 - - 1759373908.110570908 1759373908.118752003 0
Oct 2 02:58:28 standalone account-server[129084]: 172.20.0.100 - - [02/Oct/2025:02:58:28 +0000] "PUT /d1/172/AUTH_05767d505aaf43319487a6b9507a32c6/gnocchi.cb391474-c12e-4a42-bc53-1464b1526f89" 201 - "PUT http://172.20.0.100:6001/d1/912/AUTH_05767d505aaf43319487a6b9507a32c6/gnocchi.cb391474-c12e-4a42-bc53-1464b1526f89" "txdacc573cff3f41ed83e2b-0068ddea54" "container-server 19" 0.0057 "-" 22 0
Oct 2 02:58:28 standalone container-server[129089]: 172.20.0.100 - - [02/Oct/2025:02:58:28 +0000] "PUT /d1/912/AUTH_05767d505aaf43319487a6b9507a32c6/gnocchi.cb391474-c12e-4a42-bc53-1464b1526f89" 201 - "PUT http://172.18.0.2:8080/v1/AUTH_05767d505aaf43319487a6b9507a32c6/gnocchi.cb391474-c12e-4a42-bc53-1464b1526f89" "txdacc573cff3f41ed83e2b-0068ddea54" "proxy-server 20" 0.0176 "-" 19 0
Oct 2 02:58:28 standalone proxy-server[131533]: 172.18.0.2 172.18.0.100 02/Oct/2025/02/58/28 PUT /v1/AUTH_05767d505aaf43319487a6b9507a32c6/gnocchi.cb391474-c12e-4a42-bc53-1464b1526f89 HTTP/1.0 201 - python-swiftclient-3.11.1 gAAAAABo3eme6sE5... - - - txdacc573cff3f41ed83e2b-0068ddea54 - 0.0219 - - 1759373908.120605946 1759373908.142458200 0
Oct 2 02:58:28 standalone container-server[129103]: 172.20.0.100 - - [02/Oct/2025:02:58:28 +0000] "HEAD /d1/912/AUTH_05767d505aaf43319487a6b9507a32c6/gnocchi.cb391474-c12e-4a42-bc53-1464b1526f89" 204 - "HEAD http://172.18.0.2:8080/v1/AUTH_05767d505aaf43319487a6b9507a32c6/gnocchi.cb391474-c12e-4a42-bc53-1464b1526f89?format=json&states=listing" "txf844f5e29cd048159ba11-0068ddea54" "proxy-server 20" 0.0021 "-" 23 0
Oct 2 02:58:28 standalone proxy-server[131533]: - - 02/Oct/2025/02/58/28 HEAD /v1/AUTH_05767d505aaf43319487a6b9507a32c6/gnocchi.cb391474-c12e-4a42-bc53-1464b1526f89%3Fformat%3Djson%26states%3Dlisting HTTP/1.0 204 - Swift - - - - txf844f5e29cd048159ba11-0068ddea54 - 0.0058 RL - 1759373908.146559477 1759373908.152343988 0
Oct 2 02:58:28 standalone container-server[129091]: 172.20.0.100 - - [02/Oct/2025:02:58:28 +0000] "GET /d1/912/AUTH_05767d505aaf43319487a6b9507a32c6/gnocchi.cb391474-c12e-4a42-bc53-1464b1526f89" 200 2 "GET http://172.18.0.2:8080/v1/AUTH_05767d505aaf43319487a6b9507a32c6/gnocchi.cb391474-c12e-4a42-bc53-1464b1526f89?format=json&states=listing" "txf844f5e29cd048159ba11-0068ddea54" "proxy-server 20" 0.0032 "-" 20 0
Oct 2 02:58:28 standalone proxy-server[131533]: 172.18.0.2 172.18.0.100 02/Oct/2025/02/58/28 GET /v1/AUTH_05767d505aaf43319487a6b9507a32c6/gnocchi.cb391474-c12e-4a42-bc53-1464b1526f89%3Fformat%3Djson%26states%3Dlisting HTTP/1.0 200 - python-swiftclient-3.11.1 gAAAAABo3eme6sE5... - 2 - txf844f5e29cd048159ba11-0068ddea54 - 0.0155 - - 1759373908.145366430 1759373908.160822153 0
Oct 2 02:58:28 standalone object-server[129387]: 172.20.0.100 - - [02/Oct/2025:02:58:28 +0000] "GET /d1/521/AUTH_05767d505aaf43319487a6b9507a32c6/gnocchi.cb391474-c12e-4a42-bc53-1464b1526f89/1759320000.0_mean_300.0_v3" 404 70 "GET http://172.18.0.2:8080/v1/AUTH_05767d505aaf43319487a6b9507a32c6/gnocchi.cb391474-c12e-4a42-bc53-1464b1526f89/1759320000.0_mean_300.0_v3" "tx5f26c0450e75452f90fed-0068ddea54" "proxy-server 20" 0.0004 "-" 21 0
Oct 2 02:58:28 standalone proxy-server[131533]: 172.18.0.2 172.18.0.100 02/Oct/2025/02/58/28 GET /v1/AUTH_05767d505aaf43319487a6b9507a32c6/gnocchi.cb391474-c12e-4a42-bc53-1464b1526f89/1759320000.0_mean_300.0_v3 HTTP/1.0 404 - python-swiftclient-3.11.1 gAAAAABo3eme6sE5... - 70 - tx5f26c0450e75452f90fed-0068ddea54 - 0.0065 - - 1759373908.163731098 1759373908.170215368 0
Oct 2 02:58:28 standalone container-server[129097]: 172.20.0.100 - - [02/Oct/2025:02:58:28 +0000] "PUT /d1/912/AUTH_05767d505aaf43319487a6b9507a32c6/gnocchi.cb391474-c12e-4a42-bc53-1464b1526f89/1759320000.0_mean_300.0_v3" 201 - "PUT http://172.18.0.2:8080/d1/521/AUTH_05767d505aaf43319487a6b9507a32c6/gnocchi.cb391474-c12e-4a42-bc53-1464b1526f89/1759320000.0_mean_300.0_v3" "tx53a87a5b02a149b8b9f34-0068ddea54" "object-server 20" 0.0009 "-" 22 0
Oct 2 02:58:28 standalone object-server[129386]: 172.20.0.100 - - [02/Oct/2025:02:58:28 +0000] "PUT /d1/521/AUTH_05767d505aaf43319487a6b9507a32c6/gnocchi.cb391474-c12e-4a42-bc53-1464b1526f89/1759320000.0_mean_300.0_v3" 201 - "PUT http://172.18.0.2:8080/v1/AUTH_05767d505aaf43319487a6b9507a32c6/gnocchi.cb391474-c12e-4a42-bc53-1464b1526f89/1759320000.0_mean_300.0_v3" "tx53a87a5b02a149b8b9f34-0068ddea54" "proxy-server 20" 0.0126 "-" 20 0
Oct 2 02:58:28 standalone proxy-server[131533]: 172.18.0.2 172.18.0.100 02/Oct/2025/02/58/28 PUT /v1/AUTH_05767d505aaf43319487a6b9507a32c6/gnocchi.cb391474-c12e-4a42-bc53-1464b1526f89/1759320000.0_mean_300.0_v3 HTTP/1.0 201 - python-swiftclient-3.11.1 gAAAAABo3eme6sE5... 16 - - tx53a87a5b02a149b8b9f34-0068ddea54 - 0.0213 - - 1759373908.172567844 1759373908.193819284 0
Oct 2 02:58:28 standalone container-server[129103]: 172.20.0.100 - - [02/Oct/2025:02:58:28 +0000] "PUT /d1/912/AUTH_05767d505aaf43319487a6b9507a32c6/gnocchi.cb391474-c12e-4a42-bc53-1464b1526f89/none_v3" 201 - "PUT http://172.18.0.2:8080/d1/216/AUTH_05767d505aaf43319487a6b9507a32c6/gnocchi.cb391474-c12e-4a42-bc53-1464b1526f89/none_v3" "tx60275280c1e244a182405-0068ddea54" "object-server 21" 0.0008 "-" 23 0
Oct 2 02:58:28 standalone object-server[129387]: 172.20.0.100 - - [02/Oct/2025:02:58:28 +0000] "PUT /d1/216/AUTH_05767d505aaf43319487a6b9507a32c6/gnocchi.cb391474-c12e-4a42-bc53-1464b1526f89/none_v3" 201 - "PUT http://172.18.0.2:8080/v1/AUTH_05767d505aaf43319487a6b9507a32c6/gnocchi.cb391474-c12e-4a42-bc53-1464b1526f89/none_v3" "tx60275280c1e244a182405-0068ddea54" "proxy-server 20" 0.0120 "-" 21 0
Oct 2 02:58:28 standalone proxy-server[131533]: 172.18.0.2 172.18.0.100 02/Oct/2025/02/58/28 PUT /v1/AUTH_05767d505aaf43319487a6b9507a32c6/gnocchi.cb391474-c12e-4a42-bc53-1464b1526f89/none_v3 HTTP/1.0 201 - python-swiftclient-3.11.1 gAAAAABo3eme6sE5... 22 - - tx60275280c1e244a182405-0068ddea54 - 0.0184 - - 1759373908.196767092 1759373908.215119839 0
Oct 2 02:58:28 standalone container-server[129103]: 172.20.0.100 - - [02/Oct/2025:02:58:28 +0000] "HEAD /d1/395/AUTH_05767d505aaf43319487a6b9507a32c6/gnocchi.b0590eb1-3ebf-4758-be7a-d317205792da" 404 - "HEAD http://172.18.0.2:8080/v1/AUTH_05767d505aaf43319487a6b9507a32c6/gnocchi.b0590eb1-3ebf-4758-be7a-d317205792da?format=json&states=listing" "tx7c4ece7b2ca44a6cb3dc2-0068ddea54" "proxy-server 20" 0.0005 "-" 23 0
Oct 2 02:58:28 standalone object-server[129384]: 172.20.0.100 - - [02/Oct/2025:02:58:28 +0000] "GET /d1/399/AUTH_05767d505aaf43319487a6b9507a32c6/gnocchi.b0590eb1-3ebf-4758-be7a-d317205792da/none_v3" 404 70 "GET http://172.18.0.2:8080/v1/AUTH_05767d505aaf43319487a6b9507a32c6/gnocchi.b0590eb1-3ebf-4758-be7a-d317205792da/none_v3" "tx7c4ece7b2ca44a6cb3dc2-0068ddea54" "proxy-server 20" 0.0004 "-" 18 0
Oct 2 02:58:28 standalone proxy-server[131533]: 172.18.0.2 172.18.0.100 02/Oct/2025/02/58/28 GET /v1/AUTH_05767d505aaf43319487a6b9507a32c6/gnocchi.b0590eb1-3ebf-4758-be7a-d317205792da/none_v3 HTTP/1.0 404 - python-swiftclient-3.11.1 gAAAAABo3eme6sE5... - 70 - tx7c4ece7b2ca44a6cb3dc2-0068ddea54 - 0.0150 - - 1759373908.224190950 1759373908.239223719 0
Oct 2 02:58:28 standalone account-server[129087]: 172.20.0.100 - - [02/Oct/2025:02:58:28 +0000] "PUT /d1/172/AUTH_05767d505aaf43319487a6b9507a32c6/gnocchi.b0590eb1-3ebf-4758-be7a-d317205792da" 201 - "PUT http://172.20.0.100:6001/d1/395/AUTH_05767d505aaf43319487a6b9507a32c6/gnocchi.b0590eb1-3ebf-4758-be7a-d317205792da" "tx62630f52f48f4f5e862c9-0068ddea54" "container-server 20" 0.0063 "-" 23 0
Oct 2 02:58:28 standalone container-server[129091]: 172.20.0.100 - - [02/Oct/2025:02:58:28 +0000] "PUT /d1/395/AUTH_05767d505aaf43319487a6b9507a32c6/gnocchi.b0590eb1-3ebf-4758-be7a-d317205792da" 201 - "PUT http://172.18.0.2:8080/v1/AUTH_05767d505aaf43319487a6b9507a32c6/gnocchi.b0590eb1-3ebf-4758-be7a-d317205792da" "tx62630f52f48f4f5e862c9-0068ddea54" "proxy-server 20" 0.0170 "-" 20 0
Oct 2 02:58:28 standalone proxy-server[131533]: 172.18.0.2 172.18.0.100 02/Oct/2025/02/58/28 PUT /v1/AUTH_05767d505aaf43319487a6b9507a32c6/gnocchi.b0590eb1-3ebf-4758-be7a-d317205792da HTTP/1.0 201 - python-swiftclient-3.11.1 gAAAAABo3eme6sE5... - - - tx62630f52f48f4f5e862c9-0068ddea54 - 0.0238 - - 1759373908.242257595 1759373908.266013145 0
Oct 2 02:58:28 standalone container-server[129097]: 172.20.0.100 - - [02/Oct/2025:02:58:28 +0000] "HEAD /d1/395/AUTH_05767d505aaf43319487a6b9507a32c6/gnocchi.b0590eb1-3ebf-4758-be7a-d317205792da" 204 - "HEAD http://172.18.0.2:8080/v1/AUTH_05767d505aaf43319487a6b9507a32c6/gnocchi.b0590eb1-3ebf-4758-be7a-d317205792da?format=json&states=listing" "txcc4dfeec9b694d38a5b4f-0068ddea54" "proxy-server 20" 0.0016 "-" 22 0
Oct 2 02:58:28 standalone proxy-server[131533]: - - 02/Oct/2025/02/58/28 HEAD /v1/AUTH_05767d505aaf43319487a6b9507a32c6/gnocchi.b0590eb1-3ebf-4758-be7a-d317205792da%3Fformat%3Djson%26states%3Dlisting HTTP/1.0 204 - Swift - - - - txcc4dfeec9b694d38a5b4f-0068ddea54 - 0.0129 RL - 1759373908.270616293 1759373908.283473253 0
Oct 2 02:58:28 standalone container-server[129103]: 172.20.0.100 - - [02/Oct/2025:02:58:28 +0000] "GET /d1/395/AUTH_05767d505aaf43319487a6b9507a32c6/gnocchi.b0590eb1-3ebf-4758-be7a-d317205792da" 200 2 "GET http://172.18.0.2:8080/v1/AUTH_05767d505aaf43319487a6b9507a32c6/gnocchi.b0590eb1-3ebf-4758-be7a-d317205792da?format=json&states=listing" "txcc4dfeec9b694d38a5b4f-0068ddea54" "proxy-server 20" 0.0022 "-" 23 0
Oct 2 02:58:28 standalone proxy-server[131533]: 172.18.0.2 172.18.0.100 02/Oct/2025/02/58/28 GET /v1/AUTH_05767d505aaf43319487a6b9507a32c6/gnocchi.b0590eb1-3ebf-4758-be7a-d317205792da%3Fformat%3Djson%26states%3Dlisting HTTP/1.0 200 - python-swiftclient-3.11.1 gAAAAABo3eme6sE5... - 2 - txcc4dfeec9b694d38a5b4f-0068ddea54 - 0.0242 - - 1759373908.269448042 1759373908.293684483 0
Oct 2 02:58:28 standalone object-server[129387]: 172.20.0.100 - - [02/Oct/2025:02:58:28 +0000] "GET /d1/575/AUTH_05767d505aaf43319487a6b9507a32c6/gnocchi.b0590eb1-3ebf-4758-be7a-d317205792da/1759320000.0_mean_300.0_v3" 404 70 "GET http://172.18.0.2:8080/v1/AUTH_05767d505aaf43319487a6b9507a32c6/gnocchi.b0590eb1-3ebf-4758-be7a-d317205792da/1759320000.0_mean_300.0_v3" "tx703bc188284c4e0486aa1-0068ddea54" "proxy-server 20" 0.0003 "-" 21 0
Oct 2 02:58:28 standalone proxy-server[131533]: 172.18.0.2 172.18.0.100 02/Oct/2025/02/58/28 GET /v1/AUTH_05767d505aaf43319487a6b9507a32c6/gnocchi.b0590eb1-3ebf-4758-be7a-d317205792da/1759320000.0_mean_300.0_v3 HTTP/1.0 404 - python-swiftclient-3.11.1 gAAAAABo3eme6sE5... - 70 - tx703bc188284c4e0486aa1-0068ddea54 - 0.0075 - - 1759373908.297404766 1759373908.304863214 0
Oct 2 02:58:28 standalone container-server[129091]: 172.20.0.100 - - [02/Oct/2025:02:58:28 +0000] "PUT /d1/395/AUTH_05767d505aaf43319487a6b9507a32c6/gnocchi.b0590eb1-3ebf-4758-be7a-d317205792da/1759320000.0_mean_300.0_v3" 201 - "PUT http://172.18.0.2:8080/d1/575/AUTH_05767d505aaf43319487a6b9507a32c6/gnocchi.b0590eb1-3ebf-4758-be7a-d317205792da/1759320000.0_mean_300.0_v3" "tx4a66d1ab417f48febb745-0068ddea54" "object-server 19" 0.0009 "-" 20 0
Oct 2 02:58:28 standalone object-server[129385]: 172.20.0.100 - - [02/Oct/2025:02:58:28 +0000] "PUT /d1/575/AUTH_05767d505aaf43319487a6b9507a32c6/gnocchi.b0590eb1-3ebf-4758-be7a-d317205792da/1759320000.0_mean_300.0_v3" 201 - "PUT http://172.18.0.2:8080/v1/AUTH_05767d505aaf43319487a6b9507a32c6/gnocchi.b0590eb1-3ebf-4758-be7a-d317205792da/1759320000.0_mean_300.0_v3" "tx4a66d1ab417f48febb745-0068ddea54" "proxy-server 20" 0.0146 "-" 19 0
Oct 2 02:58:28 standalone proxy-server[131533]: 172.18.0.2 172.18.0.100 02/Oct/2025/02/58/28 PUT /v1/AUTH_05767d505aaf43319487a6b9507a32c6/gnocchi.b0590eb1-3ebf-4758-be7a-d317205792da/1759320000.0_mean_300.0_v3 HTTP/1.0 201 - python-swiftclient-3.11.1 gAAAAABo3eme6sE5... 16 - - tx4a66d1ab417f48febb745-0068ddea54 - 0.0228 - - 1759373908.307615757 1759373908.330451250 0
