Oct 2 02:57:16 standalone container-server[129089]: 172.20.0.100 - - [02/Oct/2025:02:57:16 +0000] "GET /d1/190/AUTH_05767d505aaf43319487a6b9507a32c6/gnocchi.4433ed3c-e3cd-47b3-bf50-b26507a3cf6c" 200 2 "GET http://172.18.0.2:8080/v1/AUTH_05767d505aaf43319487a6b9507a32c6/gnocchi.4433ed3c-e3cd-47b3-bf50-b26507a3cf6c?format=json&states=listing" "tx87d379729cb541a88d74e-0068ddea0c" "proxy-server 20" 0.0022 "-" 19 0
Oct 2 02:57:16 standalone proxy-server[131533]: 172.18.0.2 172.18.0.100 02/Oct/2025/02/57/16 GET /v1/AUTH_05767d505aaf43319487a6b9507a32c6/gnocchi.4433ed3c-e3cd-47b3-bf50-b26507a3cf6c%3Fformat%3Djson%26states%3Dlisting HTTP/1.0 200 - python-swiftclient-3.11.1 gAAAAABo3eme6sE5... - 2 - tx87d379729cb541a88d74e-0068ddea0c - 0.0510 - - 1759373836.936744452 1759373836.987720728 0
Oct 2 02:57:16 standalone object-server[129385]: 172.20.0.100 - - [02/Oct/2025:02:57:16 +0000] "GET /d1/728/AUTH_05767d505aaf43319487a6b9507a32c6/gnocchi.4433ed3c-e3cd-47b3-bf50-b26507a3cf6c/1759320000.0_mean_300.0_v3" 404 70 "GET http://172.18.0.2:8080/v1/AUTH_05767d505aaf43319487a6b9507a32c6/gnocchi.4433ed3c-e3cd-47b3-bf50-b26507a3cf6c/1759320000.0_mean_300.0_v3" "tx94e71c0693274b8bb3022-0068ddea0c" "proxy-server 20" 0.0003 "-" 19 0
Oct 2 02:57:16 standalone proxy-server[131533]: 172.18.0.2 172.18.0.100 02/Oct/2025/02/57/16 GET /v1/AUTH_05767d505aaf43319487a6b9507a32c6/gnocchi.4433ed3c-e3cd-47b3-bf50-b26507a3cf6c/1759320000.0_mean_300.0_v3 HTTP/1.0 404 - python-swiftclient-3.11.1 gAAAAABo3eme6sE5... - 70 - tx94e71c0693274b8bb3022-0068ddea0c - 0.0053 - - 1759373836.990309954 1759373836.995588064 0
Oct 2 02:57:17 standalone container-server[129097]: 172.20.0.100 - - [02/Oct/2025:02:57:17 +0000] "PUT /d1/190/AUTH_05767d505aaf43319487a6b9507a32c6/gnocchi.4433ed3c-e3cd-47b3-bf50-b26507a3cf6c/1759320000.0_mean_300.0_v3" 201 - "PUT http://172.18.0.2:8080/d1/728/AUTH_05767d505aaf43319487a6b9507a32c6/gnocchi.4433ed3c-e3cd-47b3-bf50-b26507a3cf6c/1759320000.0_mean_300.0_v3" "tx4a4ce6f7c7d3475596adc-0068ddea0c" "object-server 18" 0.0006 "-" 22 0
Oct 2 02:57:17 standalone object-server[129384]: 172.20.0.100 - - [02/Oct/2025:02:57:17 +0000] "PUT /d1/728/AUTH_05767d505aaf43319487a6b9507a32c6/gnocchi.4433ed3c-e3cd-47b3-bf50-b26507a3cf6c/1759320000.0_mean_300.0_v3" 201 - "PUT http://172.18.0.2:8080/v1/AUTH_05767d505aaf43319487a6b9507a32c6/gnocchi.4433ed3c-e3cd-47b3-bf50-b26507a3cf6c/1759320000.0_mean_300.0_v3" "tx4a4ce6f7c7d3475596adc-0068ddea0c" "proxy-server 20" 0.0098 "-" 18 0
Oct 2 02:57:17 standalone proxy-server[131533]: 172.18.0.2 172.18.0.100 02/Oct/2025/02/57/17 PUT /v1/AUTH_05767d505aaf43319487a6b9507a32c6/gnocchi.4433ed3c-e3cd-47b3-bf50-b26507a3cf6c/1759320000.0_mean_300.0_v3 HTTP/1.0 201 - python-swiftclient-3.11.1 gAAAAABo3eme6sE5... 16 - - tx4a4ce6f7c7d3475596adc-0068ddea0c - 0.0175 - - 1759373836.997527122 1759373837.014981031 0
Oct 2 02:57:17 standalone container-server[129097]: 172.20.0.100 - - [02/Oct/2025:02:57:17 +0000] "PUT /d1/190/AUTH_05767d505aaf43319487a6b9507a32c6/gnocchi.4433ed3c-e3cd-47b3-bf50-b26507a3cf6c/none_v3" 201 - "PUT http://172.18.0.2:8080/d1/180/AUTH_05767d505aaf43319487a6b9507a32c6/gnocchi.4433ed3c-e3cd-47b3-bf50-b26507a3cf6c/none_v3" "tx88397853064e4ead96530-0068ddea0d" "object-server 20" 0.0004 "-" 22 0
Oct 2 02:57:17 standalone object-server[129386]: 172.20.0.100 - - [02/Oct/2025:02:57:17 +0000] "PUT /d1/180/AUTH_05767d505aaf43319487a6b9507a32c6/gnocchi.4433ed3c-e3cd-47b3-bf50-b26507a3cf6c/none_v3" 201 - "PUT http://172.18.0.2:8080/v1/AUTH_05767d505aaf43319487a6b9507a32c6/gnocchi.4433ed3c-e3cd-47b3-bf50-b26507a3cf6c/none_v3" "tx88397853064e4ead96530-0068ddea0d" "proxy-server 20" 0.0111 "-" 20 0
Oct 2 02:57:17 standalone proxy-server[131533]: 172.18.0.2 172.18.0.100 02/Oct/2025/02/57/17 PUT /v1/AUTH_05767d505aaf43319487a6b9507a32c6/gnocchi.4433ed3c-e3cd-47b3-bf50-b26507a3cf6c/none_v3 HTTP/1.0 201 - python-swiftclient-3.11.1 gAAAAABo3eme6sE5... 22 - - tx88397853064e4ead96530-0068ddea0d - 0.0178 - - 1759373837.016942739 1759373837.034761429 0
Oct 2 02:57:17 standalone object-server[129386]: 172.20.0.100 - - [02/Oct/2025:02:57:17 +0000] "GET /d1/180/AUTH_05767d505aaf43319487a6b9507a32c6/gnocchi.4433ed3c-e3cd-47b3-bf50-b26507a3cf6c/none_v3" 200 22 "GET http://172.18.0.2:8080/v1/AUTH_05767d505aaf43319487a6b9507a32c6/gnocchi.4433ed3c-e3cd-47b3-bf50-b26507a3cf6c/none_v3" "tx9983578e6a1e4e47b175b-0068ddea0d" "proxy-server 20" 0.0009 "-" 20 0
Oct 2 02:57:17 standalone proxy-server[131533]: 172.18.0.2 172.18.0.100 02/Oct/2025/02/57/17 GET /v1/AUTH_05767d505aaf43319487a6b9507a32c6/gnocchi.4433ed3c-e3cd-47b3-bf50-b26507a3cf6c/none_v3 HTTP/1.0 200 - python-swiftclient-3.11.1 gAAAAABo3eme6sE5... - 22 - tx9983578e6a1e4e47b175b-0068ddea0d - 0.0069 - - 1759373837.365309477 1759373837.372160196 0
Oct 2 02:57:17 standalone container-server[129089]: 172.20.0.100 - - [02/Oct/2025:02:57:17 +0000] "GET /d1/190/AUTH_05767d505aaf43319487a6b9507a32c6/gnocchi.4433ed3c-e3cd-47b3-bf50-b26507a3cf6c" 200 357 "GET http://172.18.0.2:8080/v1/AUTH_05767d505aaf43319487a6b9507a32c6/gnocchi.4433ed3c-e3cd-47b3-bf50-b26507a3cf6c?format=json&states=listing" "tx6258ffbcf3894d96bb33d-0068ddea0d" "proxy-server 20" 0.0155 "-" 19 0
Oct 2 02:57:17 standalone proxy-server[131533]: 172.18.0.2 172.18.0.100 02/Oct/2025/02/57/17 GET /v1/AUTH_05767d505aaf43319487a6b9507a32c6/gnocchi.4433ed3c-e3cd-47b3-bf50-b26507a3cf6c%3Fformat%3Djson%26states%3Dlisting HTTP/1.0 200 - python-swiftclient-3.11.1 gAAAAABo3eme6sE5... - 357 - tx6258ffbcf3894d96bb33d-0068ddea0d - 0.0261 - - 1759373837.378231525 1759373837.404359579 0
Oct 2 02:57:17 standalone container-server[129103]: 172.20.0.100 - - [02/Oct/2025:02:57:17 +0000] "GET /d1/190/AUTH_05767d505aaf43319487a6b9507a32c6/gnocchi.4433ed3c-e3cd-47b3-bf50-b26507a3cf6c" 200 2 "GET http://172.18.0.2:8080/v1/AUTH_05767d505aaf43319487a6b9507a32c6/gnocchi.4433ed3c-e3cd-47b3-bf50-b26507a3cf6c?format=json&marker=none_v3&states=listing" "tx17565ecae32640a08b9a4-0068ddea0d" "proxy-server 20" 0.0018 "-" 23 0
Oct 2 02:57:17 standalone proxy-server[131533]: 172.18.0.2 172.18.0.100 02/Oct/2025/02/57/17 GET /v1/AUTH_05767d505aaf43319487a6b9507a32c6/gnocchi.4433ed3c-e3cd-47b3-bf50-b26507a3cf6c%3Fformat%3Djson%26marker%3Dnone_v3%26states%3Dlisting HTTP/1.0 200 - python-swiftclient-3.11.1 gAAAAABo3eme6sE5... - 2 - tx17565ecae32640a08b9a4-0068ddea0d - 0.0080 - - 1759373837.407104492 1759373837.415100813 0
Oct 2 02:57:17 standalone object-server[129387]: 172.20.0.100 - - [02/Oct/2025:02:57:17 +0000] "GET /d1/728/AUTH_05767d505aaf43319487a6b9507a32c6/gnocchi.4433ed3c-e3cd-47b3-bf50-b26507a3cf6c/1759320000.0_mean_300.0_v3" 200 16 "GET http://172.18.0.2:8080/v1/AUTH_05767d505aaf43319487a6b9507a32c6/gnocchi.4433ed3c-e3cd-47b3-bf50-b26507a3cf6c/1759320000.0_mean_300.0_v3" "txc2110d42455840ac9ee09-0068ddea0d" "proxy-server 20" 0.0007 "-" 21 0
Oct 2 02:57:17 standalone proxy-server[131533]: 172.18.0.2 172.18.0.100 02/Oct/2025/02/57/17 GET /v1/AUTH_05767d505aaf43319487a6b9507a32c6/gnocchi.4433ed3c-e3cd-47b3-bf50-b26507a3cf6c/1759320000.0_mean_300.0_v3 HTTP/1.0 200 - python-swiftclient-3.11.1 gAAAAABo3eme6sE5... - 16 - txc2110d42455840ac9ee09-0068ddea0d - 0.0060 - - 1759373837.417706251 1759373837.423678398 0
Oct 2 02:57:17 standalone container-server[129091]: 172.20.0.100 - - [02/Oct/2025:02:57:17 +0000] "PUT /d1/190/AUTH_05767d505aaf43319487a6b9507a32c6/gnocchi.4433ed3c-e3cd-47b3-bf50-b26507a3cf6c/1759320000.0_mean_300.0_v3" 201 - "PUT http://172.18.0.2:8080/d1/728/AUTH_05767d505aaf43319487a6b9507a32c6/gnocchi.4433ed3c-e3cd-47b3-bf50-b26507a3cf6c/1759320000.0_mean_300.0_v3" "tx301399b80d0c4011be7fd-0068ddea0d" "object-server 18" 0.0005 "-" 20 0
Oct 2 02:57:17 standalone object-server[129384]: 172.20.0.100 - - [02/Oct/2025:02:57:17 +0000] "PUT /d1/728/AUTH_05767d505aaf43319487a6b9507a32c6/gnocchi.4433ed3c-e3cd-47b3-bf50-b26507a3cf6c/1759320000.0_mean_300.0_v3" 201 - "PUT http://172.18.0.2:8080/v1/AUTH_05767d505aaf43319487a6b9507a32c6/gnocchi.4433ed3c-e3cd-47b3-bf50-b26507a3cf6c/1759320000.0_mean_300.0_v3" "tx301399b80d0c4011be7fd-0068ddea0d" "proxy-server 20" 0.0095 "-" 18 0
Oct 2 02:57:17 standalone proxy-server[131533]: 172.18.0.2 172.18.0.100 02/Oct/2025/02/57/17 PUT /v1/AUTH_05767d505aaf43319487a6b9507a32c6/gnocchi.4433ed3c-e3cd-47b3-bf50-b26507a3cf6c/1759320000.0_mean_300.0_v3 HTTP/1.0 201 - python-swiftclient-3.11.1 gAAAAABo3eme6sE5... 16 - - tx301399b80d0c4011be7fd-0068ddea0d - 0.0138 - - 1759373837.427706003 1759373837.441539764 0
Oct 2 02:57:17 standalone container-server[129103]: 172.20.0.100 - - [02/Oct/2025:02:57:17 +0000] "PUT /d1/190/AUTH_05767d505aaf43319487a6b9507a32c6/gnocchi.4433ed3c-e3cd-47b3-bf50-b26507a3cf6c/none_v3" 201 - "PUT http://172.18.0.2:8080/d1/180/AUTH_05767d505aaf43319487a6b9507a32c6/gnocchi.4433ed3c-e3cd-47b3-bf50-b26507a3cf6c/none_v3" "tx3a290a8f9bbd4835aba9a-0068ddea0d" "object-server 19" 0.0004 "-" 23 0
Oct 2 02:57:17 standalone object-server[129385]: 172.20.0.100 - - [02/Oct/2025:02:57:17 +0000] "PUT /d1/180/AUTH_05767d505aaf43319487a6b9507a32c6/gnocchi.4433ed3c-e3cd-47b3-bf50-b26507a3cf6c/none_v3" 201 - "PUT http://172.18.0.2:8080/v1/AUTH_05767d505aaf43319487a6b9507a32c6/gnocchi.4433ed3c-e3cd-47b3-bf50-b26507a3cf6c/none_v3" "tx3a290a8f9bbd4835aba9a-0068ddea0d" "proxy-server 20" 0.0085 "-" 19 0
Oct 2 02:57:17 standalone proxy-server[131533]: 172.18.0.2 172.18.0.100 02/Oct/2025/02/57/17 PUT /v1/AUTH_05767d505aaf43319487a6b9507a32c6/gnocchi.4433ed3c-e3cd-47b3-bf50-b26507a3cf6c/none_v3 HTTP/1.0 201 - python-swiftclient-3.11.1 gAAAAABo3eme6sE5... 31 - - tx3a290a8f9bbd4835aba9a-0068ddea0d - 0.0128 - - 1759373837.443588257 1759373837.456352472 0
Oct 2 02:57:17 standalone container-server[129142]: Begin container update sweep
Oct 2 02:57:17 standalone account-server[129087]: 172.20.0.100 - - [02/Oct/2025:02:57:17 +0000] "PUT /d1/172/AUTH_05767d505aaf43319487a6b9507a32c6/gnocchi.4433ed3c-e3cd-47b3-bf50-b26507a3cf6c" 201 - "-" "-" "container-updater 2" 0.0006 "-" 23 0
Oct 2 02:57:18 standalone account-server[129087]: 172.20.0.100 - - [02/Oct/2025:02:57:18 +0000] "PUT /d1/172/AUTH_05767d505aaf43319487a6b9507a32c6/gnocchi.b424f0a4-c8b9-44cc-ba42-ee64012877d4" 201 - "-" "-" "container-updater 2" 0.0005 "-" 23 0
Oct 2 02:57:18 standalone account-server[129087]: 172.20.0.100 - - [02/Oct/2025:02:57:18 +0000] "PUT /d1/172/AUTH_05767d505aaf43319487a6b9507a32c6/gnocchi.ef2d7d86-5560-49f5-a422-971fd587277c" 201 - "-" "-" "container-updater 2" 0.0005 "-" 23 0
Oct 2 02:57:18 standalone account-server[129084]: 172.20.0.100 - - [02/Oct/2025:02:57:18 +0000] "PUT /d1/172/AUTH_05767d505aaf43319487a6b9507a32c6/gnocchi.a8b24388-ce31-406e-a425-378fe9d125a0" 201 - "-" "-" "container-updater 2" 0.0004 "-" 22 0
Oct 2 02:57:18 standalone account-server[129064]: 172.20.0.100 - - [02/Oct/2025:02:57:18 +0000] "PUT /d1/172/AUTH_05767d505aaf43319487a6b9507a32c6/gnocchi.9f0e294a-73cc-48a5-8576-6303a47b4c47" 201 - "-" "-" "container-updater 2" 0.0006 "-" 19 0
Oct 2 02:57:18 standalone account-server[129087]: 172.20.0.100 - - [02/Oct/2025:02:57:18 +0000] "PUT /d1/172/AUTH_05767d505aaf43319487a6b9507a32c6/gnocchi.c566e505-72e3-4f03-870c-a22c4584b30d" 201 - "-" "-" "container-updater 2" 0.0006 "-" 23 0
Oct 2 02:57:18 standalone account-server[129070]: 172.20.0.100 - - [02/Oct/2025:02:57:18 +0000] "PUT /d1/172/AUTH_05767d505aaf43319487a6b9507a32c6/gnocchi.ec816aa7-b88d-4993-bcb3-cd0eecb4e938" 201 - "-" "-" "container-updater 2" 0.0009 "-" 20 0
Oct 2 02:57:18 standalone account-server[129064]: 172.20.0.100 - - [02/Oct/2025:02:57:18 +0000] "PUT /d1/172/AUTH_05767d505aaf43319487a6b9507a32c6/gnocchi.b09eec59-c144-476a-9f91-be0e6134eb07" 201 - "-" "-" "container-updater 2" 0.0007 "-" 19 0
Oct 2 02:57:18 standalone account-server[129064]: 172.20.0.100 - - [02/Oct/2025:02:57:18 +0000] "PUT /d1/172/AUTH_05767d505aaf43319487a6b9507a32c6/gnocchi.855ae017-151c-4ff6-98e7-d1d0861090b4" 201 - "-" "-" "container-updater 2" 0.0004 "-" 19 0
Oct 2 02:57:18 standalone account-server[129084]: 172.20.0.100 - - [02/Oct/2025:02:57:18 +0000] "PUT /d1/172/AUTH_05767d505aaf43319487a6b9507a32c6/gnocchi.ff14b4dc-4dbd-4db4-b187-32d5149a9954" 201 - "-" "-" "container-updater 2" 0.0004 "-" 22 0
Oct 2 02:57:18 standalone container-server[129142]: Container update sweep completed: 0.94s
Oct 2 02:57:26 standalone object-server[129387]: 172.20.0.100 - - [02/Oct/2025:02:57:26 +0000] "GET /d1/769/AUTH_05767d505aaf43319487a6b9507a32c6/gnocchi.855ae017-151c-4ff6-98e7-d1d0861090b4/none_v3" 200 31 "GET http://172.18.0.2:8080/v1/AUTH_05767d505aaf43319487a6b9507a32c6/gnocchi.855ae017-151c-4ff6-98e7-d1d0861090b4/none_v3" "txc3803327ecd543a8bfd5d-0068ddea16" "proxy-server 20" 0.0014 "-" 21 0
Oct 2 02:57:26 standalone proxy-server[131533]: 172.18.0.2 172.18.0.100 02/Oct/2025/02/57/26 GET /v1/AUTH_05767d505aaf43319487a6b9507a32c6/gnocchi.855ae017-151c-4ff6-98e7-d1d0861090b4/none_v3 HTTP/1.0 200 - python-swiftclient-3.11.1 gAAAAABo3eme6sE5... - 31 - txc3803327ecd543a8bfd5d-0068ddea16 - 0.0114 - - 1759373846.467744827 1759373846.479128838 0
Oct 2 02:57:26 standalone container-server[129089]: 172.20.0.100 - - [02/Oct/2025:02:57:26 +0000] "GET /d1/867/AUTH_05767d505aaf43319487a6b9507a32c6/gnocchi.855ae017-151c-4ff6-98e7-d1d0861090b4" 200 357 "GET http://172.18.0.2:8080/v1/AUTH_05767d505aaf43319487a6b9507a32c6/gnocchi.855ae017-151c-4ff6-98e7-d1d0861090b4?format=json&states=listing" "txd8df705bd52e4bacb1dc4-0068ddea16" "proxy-server 20" 0.0020 "-" 19 0
Oct 2 02:57:26 standalone proxy-server[131533]: 172.18.0.2 172.18.0.100 02/Oct/2025/02/57/26 GET /v1/AUTH_05767d505aaf43319487a6b9507a32c6/gnocchi.855ae017-151c-4ff6-98e7-d1d0861090b4%3Fformat%3Djson%26states%3Dlisting HTTP/1.0 200 - python-swiftclient-3.11.1 gAAAAABo3eme6sE5... - 357 - txd8df705bd52e4bacb1dc4-0068ddea16 - 0.0098 - - 1759373846.484094858 1759373846.493872881 0
Oct 2 02:57:26 standalone container-server[129103]: 172.20.0.100 - - [02/Oct/2025:02:57:26 +0000] "GET /d1/867/AUTH_05767d505aaf43319487a6b9507a32c6/gnocchi.855ae017-151c-4ff6-98e7-d1d0861090b4" 200 2 "GET http://172.18.0.2:8080/v1/AUTH_05767d505aaf43319487a6b9507a32c6/gnocchi.855ae017-151c-4ff6-98e7-d1d0861090b4?format=json&marker=none_v3&states=listing" "txa9b7cd26436d43bfb4a95-0068ddea16" "proxy-server 20" 0.0037 "-" 23 0
Oct 2 02:57:26 standalone proxy-server[131533]: 172.18.0.2 172.18.0.100 02/Oct/2025/02/57/26 GET /v1/AUTH_05767d505aaf43319487a6b9507a32c6/gnocchi.855ae017-151c-4ff6-98e7-d1d0861090b4%3Fformat%3Djson%26marker%3Dnone_v3%26states%3Dlisting HTTP/1.0 200 - python-swiftclient-3.11.1 gAAAAABo3eme6sE5... - 2 - txa9b7cd26436d43bfb4a95-0068ddea16 - 0.0123 - - 1759373846.497519970 1759373846.509845018 0
Oct 2 02:57:26 standalone object-server[129387]: 172.20.0.100 - - [02/Oct/2025:02:57:26 +0000] "GET /d1/969/AUTH_05767d505aaf43319487a6b9507a32c6/gnocchi.855ae017-151c-4ff6-98e7-d1d0861090b4/1759320000.0_mean_300.0_v3" 200 16 "GET http://172.18.0.2:8080/v1/AUTH_05767d505aaf43319487a6b9507a32c6/gnocchi.855ae017-151c-4ff6-98e7-d1d0861090b4/1759320000.0_mean_300.0_v3" "txc4c9be85dedb444bbb05d-0068ddea16" "proxy-server 20" 0.0012 "-" 21 0
Oct 2 02:57:26 standalone proxy-server[131533]: 172.18.0.2 172.18.0.100 02/Oct/2025/02/57/26 GET /v1/AUTH_05767d505aaf43319487a6b9507a32c6/gnocchi.855ae017-151c-4ff6-98e7-d1d0861090b4/1759320000.0_mean_300.0_v3 HTTP/1.0 200 - python-swiftclient-3.11.1 gAAAAABo3eme6sE5... - 16 - txc4c9be85dedb444bbb05d-0068ddea16 - 0.0089 - - 1759373846.521492004 1759373846.530419111 0
Oct 2 02:57:26 standalone container-server[129103]: 172.20.0.100 - - [02/Oct/2025:02:57:26 +0000] "PUT /d1/867/AUTH_05767d505aaf43319487a6b9507a32c6/gnocchi.855ae017-151c-4ff6-98e7-d1d0861090b4/1759320000.0_mean_300.0_v3" 201 - "PUT http://172.18.0.2:8080/d1/969/AUTH_05767d505aaf43319487a6b9507a32c6/gnocchi.855ae017-151c-4ff6-98e7-d1d0861090b4/1759320000.0_mean_300.0_v3" "tx7eab5100caad4ff2aa749-0068ddea16" "object-server 21" 0.0008 "-" 23 0
Oct 2 02:57:26 standalone object-server[129387]: 172.20.0.100 - - [02/Oct/2025:02:57:26 +0000] "PUT /d1/969/AUTH_05767d505aaf43319487a6b9507a32c6/gnocchi.855ae017-151c-4ff6-98e7-d1d0861090b4/1759320000.0_mean_300.0_v3" 201 - "PUT http://172.18.0.2:8080/v1/AUTH_05767d505aaf43319487a6b9507a32c6/gnocchi.855ae017-151c-4ff6-98e7-d1d0861090b4/1759320000.0_mean_300.0_v3" "tx7eab5100caad4ff2aa749-0068ddea16" "proxy-server 20" 0.0104 "-" 21 0
Oct 2 02:57:26 standalone proxy-server[131533]: 172.18.0.2 172.18.0.100 02/Oct/2025/02/57/26 PUT /v1/AUTH_05767d505aaf43319487a6b9507a32c6/gnocchi.855ae017-151c-4ff6-98e7-d1d0861090b4/1759320000.0_mean_300.0_v3 HTTP/1.0 201 - python-swiftclient-3.11.1 gAAAAABo3eme6sE5... 16 - - tx7eab5100caad4ff2aa749-0068ddea16 - 0.0173 - - 1759373846.534677744 1759373846.551933289 0
Oct 2 02:57:26 standalone container-server[129089]: 172.20.0.100 - - [02/Oct/2025:02:57:26 +0000] "PUT /d1/867/AUTH_05767d505aaf43319487a6b9507a32c6/gnocchi.855ae017-151c-4ff6-98e7-d1d0861090b4/none_v3" 201 - "PUT http://172.18.0.2:8080/d1/769/AUTH_05767d505aaf43319487a6b9507a32c6/gnocchi.855ae017-151c-4ff6-98e7-d1d0861090b4/none_v3" "tx187edbef43144c379059e-0068ddea16" "object-server 19" 0.0007 "-" 19 0
Oct 2 02:57:26 standalone object-server[129385]: 172.20.0.100 - - [02/Oct/2025:02:57:26 +0000] "PUT /d1/769/AUTH_05767d505aaf43319487a6b9507a32c6/gnocchi.855ae017-151c-4ff6-98e7-d1d0861090b4/none_v3" 201 - "PUT http://172.18.0.2:8080/v1/AUTH_05767d505aaf43319487a6b9507a32c6/gnocchi.855ae017-151c-4ff6-98e7-d1d0861090b4/none_v3" "tx187edbef43144c379059e-0068ddea16" "proxy-server 20" 0.0108 "-" 19 0
Oct 2 02:57:26 standalone proxy-server[131533]: 172.18.0.2 172.18.0.100 02/Oct/2025/02/57/26 PUT /v1/AUTH_05767d505aaf43319487a6b9507a32c6/gnocchi.855ae017-151c-4ff6-98e7-d1d0861090b4/none_v3 HTTP/1.0 201 - python-swiftclient-3.11.1 gAAAAABo3eme6sE5... 46 - - tx187edbef43144c379059e-0068ddea16 - 0.0176 - - 1759373846.555844545 1759373846.573448420 0
Oct 2 02:57:27 standalone account-server[129087]: 172.20.0.100 - - [02/Oct/2025:02:57:27 +0000] "HEAD /d1/172/AUTH_05767d505aaf43319487a6b9507a32c6" 204 - "HEAD http://172.18.0.2:8080/v1/AUTH_05767d505aaf43319487a6b9507a32c6?format=json" "tx4bdd60252ad34d3a9d84e-0068ddea17" "proxy-server 20" 0.0138 "-" 23 -
Oct 2 02:57:27 standalone proxy-server[131533]: - - 02/Oct/2025/02/57/27 HEAD /v1/AUTH_05767d505aaf43319487a6b9507a32c6%3Fformat%3Djson HTTP/1.0 204 - Swift - - - - tx4bdd60252ad34d3a9d84e-0068ddea17 - 0.0210 RL - 1759373847.448168755 1759373847.469212532 -
Oct 2 02:57:27 standalone object-server[129384]: 172.20.0.100 - - [02/Oct/2025:02:57:27 +0000] "GET /d1/769/AUTH_05767d505aaf43319487a6b9507a32c6/gnocchi.855ae017-151c-4ff6-98e7-d1d0861090b4/none_v3" 200 46 "GET http://172.18.0.2:8080/v1/AUTH_05767d505aaf43319487a6b9507a32c6/gnocchi.855ae017-151c-4ff6-98e7-d1d0861090b4/none_v3" "tx4bdd60252ad34d3a9d84e-0068ddea17" "proxy-server 20" 0.0008 "-" 18 0
Oct 2 02:57:27 standalone proxy-server[131533]: 172.18.0.2 172.18.0.100 02/Oct/2025/02/57/27 GET /v1/AUTH_05767d505aaf43319487a6b9507a32c6/gnocchi.855ae017-151c-4ff6-98e7-d1d0861090b4/none_v3 HTTP/1.0 200 - python-swiftclient-3.11.1 gAAAAABo3eme6sE5... - 46 - tx4bdd60252ad34d3a9d84e-0068ddea17 - 0.0370 - - 1759373847.446972847 1759373847.483939648 0
Oct 2 02:57:27 standalone container-server[129097]: 172.20.0.100 - - [02/Oct/2025:02:57:27 +0000] "GET /d1/867/AUTH_05767d505aaf43319487a6b9507a32c6/gnocchi.855ae017-151c-4ff6-98e7-d1d0861090b4" 200 357 "GET http://172.18.0.2:8080/v1/AUTH_05767d505aaf43319487a6b9507a32c6/gnocchi.855ae017-151c-4ff6-98e7-d1d0861090b4?format=json&states=listing" "tx079221cea5364642964fd-0068ddea17" "proxy-server 20" 0.0098 "-" 22 0
Oct 2 02:57:27 standalone proxy-server[131533]: 172.18.0.2 172.18.0.100 02/Oct/2025/02/57/27 GET /v1/AUTH_05767d505aaf43319487a6b9507a32c6/gnocchi.855ae017-151c-4ff6-98e7-d1d0861090b4%3Fformat%3Djson%26states%3Dlisting HTTP/1.0 200 - python-swiftclient-3.11.1 gAAAAABo3eme6sE5... - 357 - tx079221cea5364642964fd-0068ddea17 - 0.0256 - - 1759373847.489154339 1759373847.514791012 0
Oct 2 02:57:27 standalone container-server[129091]: 172.20.0.100 - - [02/Oct/2025:02:57:27 +0000] "GET /d1/867/AUTH_05767d505aaf43319487a6b9507a32c6/gnocchi.855ae017-151c-4ff6-98e7-d1d0861090b4" 200 2 "GET http://172.18.0.2:8080/v1/AUTH_05767d505aaf43319487a6b9507a32c6/gnocchi.855ae017-151c-4ff6-98e7-d1d0861090b4?format=json&marker=none_v3&states=listing" "tx28a8fb050290486cafade-0068ddea17" "proxy-server 20" 0.0035 "-" 20 0
Oct 2 02:57:27 standalone proxy-server[131533]: 172.18.0.2 172.18.0.100 02/Oct/2025/02/57/27 GET /v1/AUTH_05767d505aaf43319487a6b9507a32c6/gnocchi.855ae017-151c-4ff6-98e7-d1d0861090b4%3Fformat%3Djson%26marker%3Dnone_v3%26states%3Dlisting HTTP/1.0 200 - python-swiftclient-3.11.1 gAAAAABo3eme6sE5... - 2 - tx28a8fb050290486cafade-0068ddea17 - 0.0123 - - 1759373847.519814491 1759373847.532102585 0
Oct 2 02:57:27 standalone object-server[129387]: 172.20.0.100 - - [02/Oct/2025:02:57:27 +0000] "GET /d1/969/AUTH_05767d505aaf43319487a6b9507a32c6/gnocchi.855ae017-151c-4ff6-98e7-d1d0861090b4/1759320000.0_mean_300.0_v3" 200 16 "GET http://172.18.0.2:8080/v1/AUTH_05767d505aaf43319487a6b9507a32c6/gnocchi.855ae017-151c-4ff6-98e7-d1d0861090b4/1759320000.0_mean_300.0_v3" "tx161438bc9bd842228fd35-0068ddea17" "proxy-server 20" 0.0011 "-" 21 0
Oct 2 02:57:27 standalone proxy-server[131533]: 172.18.0.2 172.18.0.100 02/Oct/2025/02/57/27 GET /v1/AUTH_05767d505aaf43319487a6b9507a32c6/gnocchi.855ae017-151c-4ff6-98e7-d1d0861090b4/1759320000.0_mean_300.0_v3 HTTP/1.0 200 - python-swiftclient-3.11.1 gAAAAABo3eme6sE5... - 16 - tx161438bc9bd842228fd35-0068ddea17 - 0.0092 - - 1759373847.537324905 1759373847.546503782 0
Oct 2 02:57:27 standalone container-server[129097]: 172.20.0.100 - - [02/Oct/2025:02:57:27 +0000] "PUT /d1/867/AUTH_05767d505aaf43319487a6b9507a32c6/gnocchi.855ae017-151c-4ff6-98e7-d1d0861090b4/1759320000.0_mean_300.0_v3" 201 - "PUT http://172.18.0.2:8080/d1/969/AUTH_05767d505aaf43319487a6b9507a32c6/gnocchi.855ae017-151c-4ff6-98e7-d1d0861090b4/1759320000.0_mean_300.0_v3" "tx2cea9aece7c248aeab062-0068ddea17" "object-server 19" 0.0007 "-" 22 0
Oct 2 02:57:27 standalone object-server[129385]: 172.20.0.100 - - [02/Oct/2025:02:57:27 +0000] "PUT /d1/969/AUTH_05767d505aaf43319487a6b9507a32c6/gnocchi.855ae017-151c-4ff6-98e7-d1d0861090b4/1759320000.0_mean_300.0_v3" 201 - "PUT http://172.18.0.2:8080/v1/AUTH_05767d505aaf43319487a6b9507a32c6/gnocchi.855ae017-151c-4ff6-98e7-d1d0861090b4/1759320000.0_mean_300.0_v3" "tx2cea9aece7c248aeab062-0068ddea17" "proxy-server 20" 0.0114 "-" 19 0
Oct 2 02:57:27 standalone proxy-server[131533]: 172.18.0.2 172.18.0.100 02/Oct/2025/02/57/27 PUT /v1/AUTH_05767d505aaf43319487a6b9507a32c6/gnocchi.855ae017-151c-4ff6-98e7-d1d0861090b4/1759320000.0_mean_300.0_v3 HTTP/1.0 201 - python-swiftclient-3.11.1 gAAAAABo3eme6sE5... 16 - - tx2cea9aece7c248aeab062-0068ddea17 - 0.0188 - - 1759373847.551182747 1759373847.569994450 0
Oct 2 02:57:27 standalone container-server[129089]: 172.20.0.100 - - [02/Oct/2025:02:57:27 +0000] "PUT /d1/867/AUTH_05767d505aaf43319487a6b9507a32c6/gnocchi.855ae017-151c-4ff6-98e7-d1d0861090b4/none_v3" 201 - "PUT http://172.18.0.2:8080/d1/769/AUTH_05767d505aaf43319487a6b9507a32c6/gnocchi.855ae017-151c-4ff6-98e7-d1d0861090b4/none_v3" "txe72446a04adb4a34a4a42-0068ddea17" "object-server 18" 0.0007 "-" 19 0
Oct 2 02:57:27 standalone object-server[129384]: 172.20.0.100 - - [02/Oct/2025:02:57:27 +0000] "PUT /d1/769/AUTH_05767d505aaf43319487a6b9507a32c6/gnocchi.855ae017-151c-4ff6-98e7-d1d0861090b4/none_v3" 201 - "PUT http://172.18.0.2:8080/v1/AUTH_05767d505aaf43319487a6b9507a32c6/gnocchi.855ae017-151c-4ff6-98e7-d1d0861090b4/none_v3" "txe72446a04adb4a34a4a42-0068ddea17" "proxy-server 20" 0.0095 "-" 18 0
Oct 2 02:57:27 standalone proxy-server[131533]: 172.18.0.2 172.18.0.100 02/Oct/2025/02/57/27 PUT /v1/AUTH_05767d505aaf43319487a6b9507a32c6/gnocchi.855ae017-151c-4ff6-98e7-d1d0861090b4/none_v3 HTTP/1.0 201 - python-swiftclient-3.11.1 gAAAAABo3eme6sE5... 51 - - txe72446a04adb4a34a4a42-0068ddea17 - 0.0157 - - 1759373847.573717833 1759373847.589452744 0
Oct 2 02:57:27 standalone object-server[129386]: 172.20.0.100 - - [02/Oct/2025:02:57:27 +0000] "GET /d1/97/AUTH_05767d505aaf43319487a6b9507a32c6/gnocchi.ec816aa7-b88d-4993-bcb3-cd0eecb4e938/none_v3" 200 22 "GET http://172.18.0.2:8080/v1/AUTH_05767d505aaf43319487a6b9507a32c6/gnocchi.ec816aa7-b88d-4993-bcb3-cd0eecb4e938/none_v3" "tx8162e7f176714aebba3b8-0068ddea17" "proxy-server 20" 0.0018 "-" 20 0
Oct 2 02:57:27 standalone proxy-server[131533]: 172.18.0.2 172.18.0.100 02/Oct/2025/02/57/27 GET /v1/AUTH_05767d505aaf43319487a6b9507a32c6/gnocchi.ec816aa7-b88d-4993-bcb3-cd0eecb4e938/none_v3 HTTP/1.0 200 - python-swiftclient-3.11.1 gAAAAABo3eme6sE5... - 22 - tx8162e7f176714aebba3b8-0068ddea17 - 0.0094 - - 1759373847.602603197 1759373847.612034798 0
Oct 2 02:57:27 standalone container-server[129103]: 172.20.0.100 - - [02/Oct/2025:02:57:27 +0000] "GET /d1/688/AUTH_05767d505aaf43319487a6b9507a32c6/gnocchi.ec816aa7-b88d-4993-bcb3-cd0eecb4e938" 200 357 "GET http://172.18.0.2:8080/v1/AUTH_05767d505aaf43319487a6b9507a32c6/gnocchi.ec816aa7-b88d-4993-bcb3-cd0eecb4e938?format=json&states=listing" "tx8220d71a5ccb4794898cb-0068ddea17" "proxy-server 20" 0.0042 "-" 23 0
Oct 2 02:57:27 standalone proxy-server[131533]: 172.18.0.2 172.18.0.100 02/Oct/2025/02/57/27 GET /v1/AUTH_05767d505aaf43319487a6b9507a32c6/gnocchi.ec816aa7-b88d-4993-bcb3-cd0eecb4e938%3Fformat%3Djson%26states%3Dlisting HTTP/1.0 200 - python-swiftclient-3.11.1 gAAAAABo3eme6sE5... - 357 - tx8220d71a5ccb4794898cb-0068ddea17 - 0.0139 - - 1759373847.619178057 1759373847.633064985 0
Oct 2 02:57:27 standalone container-server[129097]: 172.20.0.100 - - [02/Oct/2025:02:57:27 +0000] "GET /d1/688/AUTH_05767d505aaf43319487a6b9507a32c6/gnocchi.ec816aa7-b88d-4993-bcb3-cd0eecb4e938" 200 2 "GET http://172.18.0.2:8080/v1/AUTH_05767d505aaf43319487a6b9507a32c6/gnocchi.ec816aa7-b88d-4993-bcb3-cd0eecb4e938?format=json&marker=none_v3&states=listing" "txac8921d459734b2eb8c09-0068ddea17" "proxy-server 20" 0.0039 "-" 22 0
Oct 2 02:57:27 standalone proxy-server[131533]: 172.18.0.2 172.18.0.100 02/Oct/2025/02/57/27 GET /v1/AUTH_05767d505aaf43319487a6b9507a32c6/gnocchi.ec816aa7-b88d-4993-bcb3-cd0eecb4e938%3Fformat%3Djson%26marker%3Dnone_v3%26states%3Dlisting HTTP/1.0 200 - python-swiftclient-3.11.1 gAAAAABo3eme6sE5... - 2 - txac8921d459734b2eb8c09-0068ddea17 - 0.0112 - - 1759373847.637022495 1759373847.648262262 0
Oct 2 02:57:27 standalone object-server[129384]: 172.20.0.100 - - [02/Oct/2025:02:57:27 +0000] "GET /d1/695/AUTH_05767d505aaf43319487a6b9507a32c6/gnocchi.ec816aa7-b88d-4993-bcb3-cd0eecb4e938/1759320000.0_mean_300.0_v3" 200 16 "GET http://172.18.0.2:8080/v1/AUTH_05767d505aaf43319487a6b9507a32c6/gnocchi.ec816aa7-b88d-4993-bcb3-cd0eecb4e938/1759320000.0_mean_300.0_v3" "tx85f9c89e1ecf446c8f0d1-0068ddea17" "proxy-server 20" 0.0006 "-" 18 0
Oct 2 02:57:27 standalone proxy-server[131533]: 172.18.0.2 172.18.0.100 02/Oct/2025/02/57/27 GET /v1/AUTH_05767d505aaf43319487a6b9507a32c6/gnocchi.ec816aa7-b88d-4993-bcb3-cd0eecb4e938/1759320000.0_mean_300.0_v3 HTTP/1.0 200 - python-swiftclient-3.11.1 gAAAAABo3eme6sE5... - 16 - tx85f9c89e1ecf446c8f0d1-0068ddea17 - 0.0083 - - 1759373847.653431177 1759373847.661695004 0
Oct 2 02:57:27 standalone container-server[129103]: 172.20.0.100 - - [02/Oct/2025:02:57:27 +0000] "PUT /d1/688/AUTH_05767d505aaf43319487a6b9507a32c6/gnocchi.ec816aa7-b88d-4993-bcb3-cd0eecb4e938/1759320000.0_mean_300.0_v3" 201 - "PUT http://172.18.0.2:8080/d1/695/AUTH_05767d505aaf43319487a6b9507a32c6/gnocchi.ec816aa7-b88d-4993-bcb3-cd0eecb4e938/1759320000.0_mean_300.0_v3" "txb9dffabe2d4f43c2a9933-0068ddea17" "object-server 19" 0.0009 "-" 23 0
Oct 2 02:57:27 standalone object-server[129385]: 172.20.0.100 - - [02/Oct/2025:02:57:27 +0000] "PUT /d1/695/AUTH_05767d505aaf43319487a6b9507a32c6/gnocchi.ec816aa7-b88d-4993-bcb3-cd0eecb4e938/1759320000.0_mean_300.0_v3" 201 - "PUT http://172.18.0.2:8080/v1/AUTH_05767d505aaf43319487a6b9507a32c6/gnocchi.ec816aa7-b88d-4993-bcb3-cd0eecb4e938/1759320000.0_mean_300.0_v3" "txb9dffabe2d4f43c2a9933-0068ddea17" "proxy-server 20" 0.0115 "-" 19 0
Oct 2 02:57:27 standalone proxy-server[131533]: 172.18.0.2 172.18.0.100 02/Oct/2025/02/57/27 PUT /v1/AUTH_05767d505aaf43319487a6b9507a32c6/gnocchi.ec816aa7-b88d-4993-bcb3-cd0eecb4e938/1759320000.0_mean_300.0_v3 HTTP/1.0 201 - python-swiftclient-3.11.1 gAAAAABo3eme6sE5... 16 - - txb9dffabe2d4f43c2a9933-0068ddea17 - 0.0194 - - 1759373847.666085958 1759373847.685507774 0
Oct 2 02:57:27 standalone container-server[129103]: 172.20.0.100 - - [02/Oct/2025:02:57:27 +0000] "PUT /d1/688/AUTH_05767d505aaf43319487a6b9507a32c6/gnocchi.ec816aa7-b88d-4993-bcb3-cd0eecb4e938/none_v3" 201 - "PUT http://172.18.0.2:8080/d1/97/AUTH_05767d505aaf43319487a6b9507a32c6/gnocchi.ec816aa7-b88d-4993-bcb3-cd0eecb4e938/none_v3" "txf1349d9c0cb34c829621c-0068ddea17" "object-server 21" 0.0008 "-" 23 0
Oct 2 02:57:27 standalone object-server[129387]: 172.20.0.100 - - [02/Oct/2025:02:57:27 +0000] "PUT /d1/97/AUTH_05767d505aaf43319487a6b9507a32c6/gnocchi.ec816aa7-b88d-4993-bcb3-cd0eecb4e938/none_v3" 201 - "PUT http://172.18.0.2:8080/v1/AUTH_05767d505aaf43319487a6b9507a32c6/gnocchi.ec816aa7-b88d-4993-bcb3-cd0eecb4e938/none_v3" "txf1349d9c0cb34c829621c-0068ddea17" "proxy-server 20" 0.0115 "-" 21 0
Oct 2 02:57:27 standalone proxy-server[131533]: 172.18.0.2 172.18.0.100 02/Oct/2025/02/57/27 PUT /v1/AUTH_05767d505aaf43319487a6b9507a32c6/gnocchi.ec816aa7-b88d-4993-bcb3-cd0eecb4e938/none_v3 HTTP/1.0 201 - python-swiftclient-3.11.1 gAAAAABo3eme6sE5... 32 - - txf1349d9c0cb34c829621c-0068ddea17 - 0.0198 - - 1759373847.689925909 1759373847.709707975 0
Oct 2 02:57:27 standalone object-server[129387]: 172.20.0.100 - - [02/Oct/2025:02:57:27 +0000] "GET /d1/1011/AUTH_05767d505aaf43319487a6b9507a32c6/gnocchi.ef2d7d86-5560-49f5-a422-971fd587277c/none_v3" 200 22 "GET http://172.18.0.2:8080/v1/AUTH_05767d505aaf43319487a6b9507a32c6/gnocchi.ef2d7d86-5560-49f5-a422-971fd587277c/none_v3" "tx1f59507d47f34d069f0ff-0068ddea17" "proxy-server 20" 0.0012 "-" 21 0
Oct 2 02:57:27 standalone proxy-server[131533]: 172.18.0.2 172.18.0.100 02/Oct/2025/02/57/27 GET /v1/AUTH_05767d505aaf43319487a6b9507a32c6/gnocchi.ef2d7d86-5560-49f5-a422-971fd587277c/none_v3 HTTP/1.0 200 - python-swiftclient-3.11.1 gAAAAABo3eme6sE5... - 22 - tx1f59507d47f34d069f0ff-0068ddea17 - 0.0114 - - 1759373847.720324755 1759373847.731770515 0
Oct 2 02:57:27 standalone container-server[129103]: 172.20.0.100 - - [02/Oct/2025:02:57:27 +0000] "GET /d1/224/AUTH_05767d505aaf43319487a6b9507a32c6/gnocchi.ef2d7d86-5560-49f5-a422-971fd587277c" 200 357 "GET http://172.18.0.2:8080/v1/AUTH_05767d505aaf43319487a6b9507a32c6/gnocchi.ef2d7d86-5560-49f5-a422-971fd587277c?format=json&states=listing" "txe9bf3e92e35b469bb8a34-0068ddea17" "proxy-server 20" 0.0025 "-" 23 0
Oct 2 02:57:27 standalone proxy-server[131533]: 172.18.0.2 172.18.0.100 02/Oct/2025/02/57/27 GET /v1/AUTH_05767d505aaf43319487a6b9507a32c6/gnocchi.ef2d7d86-5560-49f5-a422-971fd587277c%3Fformat%3Djson%26states%3Dlisting HTTP/1.0 200 - python-swiftclient-3.11.1 gAAAAABo3eme6sE5... - 357 - txe9bf3e92e35b469bb8a34-0068ddea17 - 0.0134 - - 1759373847.736121893 1759373847.749509811 0
Oct 2 02:57:27 standalone container-server[129103]: 172.20.0.100 - - [02/Oct/2025:02:57:27 +0000] "GET /d1/224/AUTH_05767d505aaf43319487a6b9507a32c6/gnocchi.ef2d7d86-5560-49f5-a422-971fd587277c" 200 2 "GET http://172.18.0.2:8080/v1/AUTH_05767d505aaf43319487a6b9507a32c6/gnocchi.ef2d7d86-5560-49f5-a422-971fd587277c?format=json&marker=none_v3&states=listing" "txdbc3702f51d74b02922dc-0068ddea17" "proxy-server 20" 0.0022 "-" 23 0
Oct 2 02:57:27 standalone proxy-server[131533]: 172.18.0.2 172.18.0.100 02/Oct/2025/02/57/27 GET /v1/AUTH_05767d505aaf43319487a6b9507a32c6/gnocchi.ef2d7d86-5560-49f5-a422-971fd587277c%3Fformat%3Djson%26marker%3Dnone_v3%26states%3Dlisting HTTP/1.0 200 - python-swiftclient-3.11.1 gAAAAABo3eme6sE5... - 2 - txdbc3702f51d74b02922dc-0068ddea17 - 0.0122 - - 1759373847.753197193 1759373847.765432119 0
Oct 2 02:57:27 standalone object-server[129384]: 172.20.0.100 - - [02/Oct/2025:02:57:27 +0000] "GET /d1/760/AUTH_05767d505aaf43319487a6b9507a32c6/gnocchi.ef2d7d86-5560-49f5-a422-971fd587277c/1759320000.0_mean_300.0_v3" 200 16 "GET http://172.18.0.2:8080/v1/AUTH_05767d505aaf43319487a6b9507a32c6/gnocchi.ef2d7d86-5560-49f5-a422-971fd587277c/1759320000.0_mean_300.0_v3" "txbe8654ff51f9457f8cb26-0068ddea17" "proxy-server 20" 0.0006 "-" 18 0
Oct 2 02:57:27 standalone proxy-server[131533]: 172.18.0.2 172.18.0.100 02/Oct/2025/02/57/27 GET /v1/AUTH_05767d505aaf43319487a6b9507a32c6/gnocchi.ef2d7d86-5560-49f5-a422-971fd587277c/1759320000.0_mean_300.0_v3 HTTP/1.0 200 - python-swiftclient-3.11.1 gAAAAABo3eme6sE5... - 16 - txbe8654ff51f9457f8cb26-0068ddea17 - 0.0090 - - 1759373847.770538330 1759373847.779520750 0
Oct 2 02:57:27 standalone container-server[129103]: 172.20.0.100 - - [02/Oct/2025:02:57:27 +0000] "PUT /d1/224/AUTH_05767d505aaf43319487a6b9507a32c6/gnocchi.ef2d7d86-5560-49f5-a422-971fd587277c/1759320000.0_mean_300.0_v3" 201 - "PUT http://172.18.0.2:8080/d1/760/AUTH_05767d505aaf43319487a6b9507a32c6/gnocchi.ef2d7d86-5560-49f5-a422-971fd587277c/1759320000.0_mean_300.0_v3" "txd3ad1efe90cb4a54b5d75-0068ddea17" "object-server 21" 0.0008 "-" 23 0
Oct 2 02:57:27 standalone object-server[129387]: 172.20.0.100 - - [02/Oct/2025:02:57:27 +0000] "PUT /d1/760/AUTH_05767d505aaf43319487a6b9507a32c6/gnocchi.ef2d7d86-5560-49f5-a422-971fd587277c/1759320000.0_mean_300.0_v3" 201 - "PUT http://172.18.0.2:8080/v1/AUTH_05767d505aaf43319487a6b9507a32c6/gnocchi.ef2d7d86-5560-49f5-a422-971fd587277c/1759320000.0_mean_300.0_v3" "txd3ad1efe90cb4a54b5d75-0068ddea17" "proxy-server 20" 0.0123 "-" 21 0
Oct 2 02:57:27 standalone proxy-server[131533]: 172.18.0.2 172.18.0.100 02/Oct/2025/02/57/27 PUT /v1/AUTH_05767d505aaf43319487a6b9507a32c6/gnocchi.ef2d7d86-5560-49f5-a422-971fd587277c/1759320000.0_mean_300.0_v3 HTTP/1.0 201 - python-swiftclient-3.11.1 gAAAAABo3eme6sE5... 16 - - txd3ad1efe90cb4a54b5d75-0068ddea17 - 0.0216 - - 1759373847.783747911 1759373847.805334806 0
Oct 2 02:57:27 standalone container-server[129091]: 172.20.0.100 - - [02/Oct/2025:02:57:27 +0000] "PUT /d1/224/AUTH_05767d505aaf43319487a6b9507a32c6/gnocchi.ef2d7d86-5560-49f5-a422-971fd587277c/none_v3" 201 - "PUT http://172.18.0.2:8080/d1/1011/AUTH_05767d505aaf43319487a6b9507a32c6/gnocchi.ef2d7d86-5560-49f5-a422-971fd587277c/none_v3" "tx3e4810aabbcc4204ba518-0068ddea17" "object-server 18" 0.0008 "-" 20 0
Oct 2 02:57:27 standalone object-server[129384]: 172.20.0.100 - - [02/Oct/2025:02:57:27 +0000] "PUT /d1/1011/AUTH_05767d505aaf43319487a6b9507a32c6/gnocchi.ef2d7d86-5560-49f5-a422-971fd587277c/none_v3" 201 - "PUT http://172.18.0.2:8080/v1/AUTH_05767d505aaf43319487a6b9507a32c6/gnocchi.ef2d7d86-5560-49f5-a422-971fd587277c/none_v3" "tx3e4810aabbcc4204ba518-0068ddea17" "proxy-server 20" 0.0111 "-" 18 0
Oct 2 02:57:27 standalone proxy-server[131533]: 172.18.0.2 172.18.0.100 02/Oct/2025/02/57/27 PUT /v1/AUTH_05767d505aaf43319487a6b9507a32c6/gnocchi.ef2d7d86-5560-49f5-a422-971fd587277c/none_v3 HTTP/1.0 201 - python-swiftclient-3.11.1 gAAAAABo3eme6sE5... 32 - - tx3e4810aabbcc4204ba518-0068ddea17 - 0.0198 - - 1759373847.809323311 1759373847.829171181 0
Oct 2 02:57:27 standalone object-server[129384]: 172.20.0.100 - - [02/Oct/2025:02:57:27 +0000] "GET /d1/0/AUTH_05767d505aaf43319487a6b9507a32c6/gnocchi.ff14b4dc-4dbd-4db4-b187-32d5149a9954/none_v3" 200 22 "GET http://172.18.0.2:8080/v1/AUTH_05767d505aaf43319487a6b9507a32c6/gnocchi.ff14b4dc-4dbd-4db4-b187-32d5149a9954/none_v3" "tx932cb6a928514919869ce-0068ddea17" "proxy-server 20" 0.0009 "-" 18 0
Oct 2 02:57:27 standalone proxy-server[131533]: 172.18.0.2 172.18.0.100 02/Oct/2025/02/57/27 GET /v1/AUTH_05767d505aaf43319487a6b9507a32c6/gnocchi.ff14b4dc-4dbd-4db4-b187-32d5149a9954/none_v3 HTTP/1.0 200 - python-swiftclient-3.11.1 gAAAAABo3eme6sE5... - 22 - tx932cb6a928514919869ce-0068ddea17 - 0.0094 - - 1759373847.841502190 1759373847.850857735 0
Oct 2 02:57:27 standalone container-server[129091]: 172.20.0.100 - - [02/Oct/2025:02:57:27 +0000] "GET /d1/396/AUTH_05767d505aaf43319487a6b9507a32c6/gnocchi.ff14b4dc-4dbd-4db4-b187-32d5149a9954" 200 357 "GET http://172.18.0.2:8080/v1/AUTH_05767d505aaf43319487a6b9507a32c6/gnocchi.ff14b4dc-4dbd-4db4-b187-32d5149a9954?format=json&states=listing" "tx7402cfe915ec49d19489e-0068ddea17" "proxy-server 20" 0.0036 "-" 20 0
Oct 2 02:57:27 standalone proxy-server[131533]: 172.18.0.2 172.18.0.100 02/Oct/2025/02/57/27 GET /v1/AUTH_05767d505aaf43319487a6b9507a32c6/gnocchi.ff14b4dc-4dbd-4db4-b187-32d5149a9954%3Fformat%3Djson%26states%3Dlisting HTTP/1.0 200 - python-swiftclient-3.11.1 gAAAAABo3eme6sE5... - 357 - tx7402cfe915ec49d19489e-0068ddea17 - 0.0126 - - 1759373847.856394053 1759373847.869025230 0
Oct 2 02:57:27 standalone container-server[129103]: 172.20.0.100 - - [02/Oct/2025:02:57:27 +0000] "GET /d1/396/AUTH_05767d505aaf43319487a6b9507a32c6/gnocchi.ff14b4dc-4dbd-4db4-b187-32d5149a9954" 200 2 "GET http://172.18.0.2:8080/v1/AUTH_05767d505aaf43319487a6b9507a32c6/gnocchi.ff14b4dc-4dbd-4db4-b187-32d5149a9954?format=json&marker=none_v3&states=listing" "txf853b0e035424384a42fa-0068ddea17" "proxy-server 20" 0.0035 "-" 23 0
Oct 2 02:57:27 standalone proxy-server[131533]: 172.18.0.2 172.18.0.100 02/Oct/2025/02/57/27 GET /v1/AUTH_05767d505aaf43319487a6b9507a32c6/gnocchi.ff14b4dc-4dbd-4db4-b187-32d5149a9954%3Fformat%3Djson%26marker%3Dnone_v3%26states%3Dlisting HTTP/1.0 200 - python-swiftclient-3.11.1 gAAAAABo3eme6sE5... - 2 - txf853b0e035424384a42fa-0068ddea17 - 0.0132 - - 1759373847.874180079 1759373847.887353659 0
Oct 2 02:57:27 standalone object-server[129385]: 172.20.0.100 - - [02/Oct/2025:02:57:27 +0000] "GET /d1/327/AUTH_05767d505aaf43319487a6b9507a32c6/gnocchi.ff14b4dc-4dbd-4db4-b187-32d5149a9954/1759320000.0_mean_300.0_v3" 200 16 "GET http://172.18.0.2:8080/v1/AUTH_05767d505aaf43319487a6b9507a32c6/gnocchi.ff14b4dc-4dbd-4db4-b187-32d5149a9954/1759320000.0_mean_300.0_v3" "tx87b358ae46d74b29a4a4c-0068ddea17" "proxy-server 20" 0.0011 "-" 19 0
Oct 2 02:57:27 standalone proxy-server[131533]: 172.18.0.2 172.18.0.100 02/Oct/2025/02/57/27 GET /v1/AUTH_05767d505aaf43319487a6b9507a32c6/gnocchi.ff14b4dc-4dbd-4db4-b187-32d5149a9954/1759320000.0_mean_300.0_v3 HTTP/1.0 200 - python-swiftclient-3.11.1 gAAAAABo3eme6sE5... - 16 - tx87b358ae46d74b29a4a4c-0068ddea17 - 0.0082 - - 1759373847.892850876 1759373847.901011944 0
Oct 2 02:57:27 standalone container-server[129091]: 172.20.0.100 - - [02/Oct/2025:02:57:27 +0000] "PUT /d1/396/AUTH_05767d505aaf43319487a6b9507a32c6/gnocchi.ff14b4dc-4dbd-4db4-b187-32d5149a9954/1759320000.0_mean_300.0_v3" 201 - "PUT http://172.18.0.2:8080/d1/327/AUTH_05767d505aaf43319487a6b9507a32c6/gnocchi.ff14b4dc-4dbd-4db4-b187-32d5149a9954/1759320000.0_mean_300.0_v3" "tx6565003f65df471ba8c33-0068ddea17" "object-server 18" 0.0008 "-" 20 0
Oct 2 02:57:27 standalone object-server[129384]: 172.20.0.100 - - [02/Oct/2025:02:57:27 +0000] "PUT /d1/327/AUTH_05767d505aaf43319487a6b9507a32c6/gnocchi.ff14b4dc-4dbd-4db4-b187-32d5149a9954/1759320000.0_mean_300.0_v3" 201 - "PUT http://172.18.0.2:8080/v1/AUTH_05767d505aaf43319487a6b9507a32c6/gnocchi.ff14b4dc-4dbd-4db4-b187-32d5149a9954/1759320000.0_mean_300.0_v3" "tx6565003f65df471ba8c33-0068ddea17" "proxy-server 20" 0.0107 "-" 18 0
Oct 2 02:57:27 standalone proxy-server[131533]: 172.18.0.2 172.18.0.100 02/Oct/2025/02/57/27 PUT /v1/AUTH_05767d505aaf43319487a6b9507a32c6/gnocchi.ff14b4dc-4dbd-4db4-b187-32d5149a9954/1759320000.0_mean_300.0_v3 HTTP/1.0 201 - python-swiftclient-3.11.1 gAAAAABo3eme6sE5... 16 - - tx6565003f65df471ba8c33-0068ddea17 - 0.0187 - - 1759373847.905588627 1759373847.924254656 0
Oct 2 02:57:27 standalone container-server[129089]: 172.20.0.100 - - [02/Oct/2025:02:57:27 +0000] "PUT /d1/396/AUTH_05767d505aaf43319487a6b9507a32c6/gnocchi.ff14b4dc-4dbd-4db4-b187-32d5149a9954/none_v3" 201 - "PUT http://172.18.0.2:8080/d1/0/AUTH_05767d505aaf43319487a6b9507a32c6/gnocchi.ff14b4dc-4dbd-4db4-b187-32d5149a9954/none_v3" "tx1407cf8e53f64774bca92-0068ddea17" "object-server 21" 0.0005 "-" 19 0
Oct 2 02:57:27 standalone object-server[129387]: 172.20.0.100 - - [02/Oct/2025:02:57:27 +0000] "PUT /d1/0/AUTH_05767d505aaf43319487a6b9507a32c6/gnocchi.ff14b4dc-4dbd-4db4-b187-32d5149a9954/none_v3" 201 - "PUT http://172.18.0.2:8080/v1/AUTH_05767d505aaf43319487a6b9507a32c6/gnocchi.ff14b4dc-4dbd-4db4-b187-32d5149a9954/none_v3" "tx1407cf8e53f64774bca92-0068ddea17" "proxy-server 20" 0.0105 "-" 21 0
Oct 2 02:57:27 standalone proxy-server[131533]: 172.18.0.2 172.18.0.100 02/Oct/2025/02/57/27 PUT /v1/AUTH_05767d505aaf43319487a6b9507a32c6/gnocchi.ff14b4dc-4dbd-4db4-b187-32d5149a9954/none_v3 HTTP/1.0 201 - python-swiftclient-3.11.1 gAAAAABo3eme6sE5... 32 - - tx1407cf8e53f64774bca92-0068ddea17 - 0.0168 - - 1759373847.928263664 1759373847.945078373 0
Oct 2 02:57:27 standalone object-server[129384]: 172.20.0.100 - - [02/Oct/2025:02:57:27 +0000] "GET /d1/106/AUTH_05767d505aaf43319487a6b9507a32c6/gnocchi.a8b24388-ce31-406e-a425-378fe9d125a0/none_v3" 200 22 "GET http://172.18.0.2:8080/v1/AUTH_05767d505aaf43319487a6b9507a32c6/gnocchi.a8b24388-ce31-406e-a425-378fe9d125a0/none_v3" "txa6fe06afe4a94971948fa-0068ddea17" "proxy-server 20" 0.0009 "-" 18 0
Oct 2 02:57:27 standalone proxy-server[131533]: 172.18.0.2 172.18.0.100 02/Oct/2025/02/57/27 GET /v1/AUTH_05767d505aaf43319487a6b9507a32c6/gnocchi.a8b24388-ce31-406e-a425-378fe9d125a0/none_v3 HTTP/1.0 200 - python-swiftclient-3.11.1 gAAAAABo3eme6sE5... - 22 - txa6fe06afe4a94971948fa-0068ddea17 - 0.0073 - - 1759373847.958552122 1759373847.965866804 0
Oct 2 02:57:27 standalone container-server[129091]: 172.20.0.100 - - [02/Oct/2025:02:57:27 +0000] "GET /d1/112/AUTH_05767d505aaf43319487a6b9507a32c6/gnocchi.a8b24388-ce31-406e-a425-378fe9d125a0" 200 357 "GET http://172.18.0.2:8080/v1/AUTH_05767d505aaf43319487a6b9507a32c6/gnocchi.a8b24388-ce31-406e-a425-378fe9d125a0?format=json&states=listing" "txab4361b8639849e38bba2-0068ddea17" "proxy-server 20" 0.0036 "-" 20 0
Oct 2 02:57:27 standalone proxy-server[131533]: 172.18.0.2 172.18.0.100 02/Oct/2025/02/57/27 GET /v1/AUTH_05767d505aaf43319487a6b9507a32c6/gnocchi.a8b24388-ce31-406e-a425-378fe9d125a0%3Fformat%3Djson%26states%3Dlisting HTTP/1.0 200 - python-swiftclient-3.11.1 gAAAAABo3eme6sE5... - 357 - txab4361b8639849e38bba2-0068ddea17 - 0.0099 - - 1759373847.970581770 1759373847.980529308 0
Oct 2 02:57:27 standalone container-server[129103]: 172.20.0.100 - - [02/Oct/2025:02:57:27 +0000] "GET /d1/112/AUTH_05767d505aaf43319487a6b9507a32c6/gnocchi.a8b24388-ce31-406e-a425-378fe9d125a0" 200 2 "GET http://172.18.0.2:8080/v1/AUTH_05767d505aaf43319487a6b9507a32c6/gnocchi.a8b24388-ce31-406e-a425-378fe9d125a0?format=json&marker=none_v3&states=listing" "tx76ca164ce3b542fcafb02-0068ddea17" "proxy-server 20" 0.0032 "-" 23 0
Oct 2 02:57:27 standalone proxy-server[131533]: 172.18.0.2 172.18.0.100 02/Oct/2025/02/57/27 GET /v1/AUTH_05767d505aaf43319487a6b9507a32c6/gnocchi.a8b24388-ce31-406e-a425-378fe9d125a0%3Fformat%3Djson%26marker%3Dnone_v3%26states%3Dlisting HTTP/1.0 200 - python-swiftclient-3.11.1 gAAAAABo3eme6sE5... - 2 - tx76ca164ce3b542fcafb02-0068ddea17 - 0.0094 - - 1759373847.984387636 1759373847.993822813 0
Oct 2 02:57:28 standalone object-server[129384]: 172.20.0.100 - - [02/Oct/2025:02:57:28 +0000] "GET /d1/220/AUTH_05767d505aaf43319487a6b9507a32c6/gnocchi.a8b24388-ce31-406e-a425-378fe9d125a0/1759320000.0_mean_300.0_v3" 200 16 "GET http://172.18.0.2:8080/v1/AUTH_05767d505aaf43319487a6b9507a32c6/gnocchi.a8b24388-ce31-406e-a425-378fe9d125a0/1759320000.0_mean_300.0_v3" "tx7523e4637b2746669a089-0068ddea17" "proxy-server 20" 0.0010 "-" 18 0
Oct 2 02:57:28 standalone proxy-server[131533]: 172.18.0.2 172.18.0.100 02/Oct/2025/02/57/28 GET /v1/AUTH_05767d505aaf43319487a6b9507a32c6/gnocchi.a8b24388-ce31-406e-a425-378fe9d125a0/1759320000.0_mean_300.0_v3 HTTP/1.0 200 - python-swiftclient-3.11.1 gAAAAABo3eme6sE5... - 16 - tx7523e4637b2746669a089-0068ddea17 - 0.0087 - - 1759373847.998358488 1759373848.007079601 0
Oct 2 02:57:28 standalone container-server[129089]: 172.20.0.100 - - [02/Oct/2025:02:57:28 +0000] "PUT /d1/112/AUTH_05767d505aaf43319487a6b9507a32c6/gnocchi.a8b24388-ce31-406e-a425-378fe9d125a0/1759320000.0_mean_300.0_v3" 201 - "PUT http://172.18.0.2:8080/d1/220/AUTH_05767d505aaf43319487a6b9507a32c6/gnocchi.a8b24388-ce31-406e-a425-378fe9d125a0/1759320000.0_mean_300.0_v3" "txc85dfaa1257f48f5bd9cf-0068ddea18" "object-server 18" 0.0006 "-" 19 0
Oct 2 02:57:28 standalone object-server[129384]: 172.20.0.100 - - [02/Oct/2025:02:57:28 +0000] "PUT /d1/220/AUTH_05767d505aaf43319487a6b9507a32c6/gnocchi.a8b24388-ce31-406e-a425-378fe9d125a0/1759320000.0_mean_300.0_v3" 201 - "PUT http://172.18.0.2:8080/v1/AUTH_05767d505aaf43319487a6b9507a32c6/gnocchi.a8b24388-ce31-406e-a425-378fe9d125a0/1759320000.0_mean_300.0_v3" "txc85dfaa1257f48f5bd9cf-0068ddea18" "proxy-server 20" 0.0100 "-" 18 0
Oct 2 02:57:28 standalone proxy-server[131533]: 172.18.0.2 172.18.0.100 02/Oct/2025/02/57/28 PUT /v1/AUTH_05767d505aaf43319487a6b9507a32c6/gnocchi.a8b24388-ce31-406e-a425-378fe9d125a0/1759320000.0_mean_300.0_v3 HTTP/1.0 201 - python-swiftclient-3.11.1 gAAAAABo3eme6sE5... 16 - - txc85dfaa1257f48f5bd9cf-0068ddea18 - 0.0153 - - 1759373848.010621548 1759373848.025929689 0
Oct 2 02:57:28 standalone container-server[129089]: 172.20.0.100 - - [02/Oct/2025:02:57:28 +0000] "PUT /d1/112/AUTH_05767d505aaf43319487a6b9507a32c6/gnocchi.a8b24388-ce31-406e-a425-378fe9d125a0/none_v3" 201 - "PUT http://172.18.0.2:8080/d1/106/AUTH_05767d505aaf43319487a6b9507a32c6/gnocchi.a8b24388-ce31-406e-a425-378fe9d125a0/none_v3" "tx14635a53fcce4b98b240b-0068ddea18" "object-server 18" 0.0005 "-" 19 0
Oct 2 02:57:28 standalone object-server[129384]: 172.20.0.100 - - [02/Oct/2025:02:57:28 +0000] "PUT /d1/106/AUTH_05767d505aaf43319487a6b9507a32c6/gnocchi.a8b24388-ce31-406e-a425-378fe9d125a0/none_v3" 201 - "PUT http://172.18.0.2:8080/v1/AUTH_05767d505aaf43319487a6b9507a32c6/gnocchi.a8b24388-ce31-406e-a425-378fe9d125a0/none_v3" "tx14635a53fcce4b98b240b-0068ddea18" "proxy-server 20" 0.0096 "-" 18 0
Oct 2 02:57:28 standalone proxy-server[131533]: 172.18.0.2 172.18.0.100 02/Oct/2025/02/57/28 PUT /v1/AUTH_05767d505aaf43319487a6b9507a32c6/gnocchi.a8b24388-ce31-406e-a425-378fe9d125a0/none_v3 HTTP/1.0 201 - python-swiftclient-3.11.1 gAAAAABo3eme6sE5... 32 - - tx14635a53fcce4b98b240b-0068ddea18 - 0.0152 - - 1759373848.029793024 1759373848.044953823 0
Oct 2 02:57:31 standalone container-server[129097]: 172.20.0.100 - - [02/Oct/2025:02:57:31 +0000] "HEAD /d1/848/AUTH_05767d505aaf43319487a6b9507a32c6/gnocchi.00e49b4c-9411-420f-ab88-aacb93f2ac48" 404 - "HEAD http://172.18.0.2:8080/v1/AUTH_05767d505aaf43319487a6b9507a32c6/gnocchi.00e49b4c-9411-420f-ab88-aacb93f2ac48?format=json&states=listing" "txe55c89747b4f44b497247-0068ddea1b" "proxy-server 20" 0.0008 "-" 22 0
Oct 2 02:57:31 standalone object-server[129386]: 172.20.0.100 - - [02/Oct/2025:02:57:31 +0000] "GET /d1/799/AUTH_05767d505aaf43319487a6b9507a32c6/gnocchi.00e49b4c-9411-420f-ab88-aacb93f2ac48/none_v3" 404 70 "GET http://172.18.0.2:8080/v1/AUTH_05767d505aaf43319487a6b9507a32c6/gnocchi.00e49b4c-9411-420f-ab88-aacb93f2ac48/none_v3" "txe55c89747b4f44b497247-0068ddea1b" "proxy-server 20" 0.0009 "-" 20 0
Oct 2 02:57:31 standalone proxy-server[131533]: 172.18.0.2 172.18.0.100 02/Oct/2025/02/57/31 GET /v1/AUTH_05767d505aaf43319487a6b9507a32c6/gnocchi.00e49b4c-9411-420f-ab88-aacb93f2ac48/none_v3 HTTP/1.0 404 - python-swiftclient-3.11.1 gAAAAABo3eme6sE5... - 70 - txe55c89747b4f44b497247-0068ddea1b - 0.0305 - - 1759373851.122833967 1759373851.153382301 0
Oct 2 02:57:31 standalone account-server[129084]: 172.20.0.100 - - [02/Oct/2025:02:57:31 +0000] "PUT /d1/172/AUTH_05767d505aaf43319487a6b9507a32c6/gnocchi.00e49b4c-9411-420f-ab88-aacb93f2ac48" 201 - "PUT http://172.20.0.100:6001/d1/848/AUTH_05767d505aaf43319487a6b9507a32c6/gnocchi.00e49b4c-9411-420f-ab88-aacb93f2ac48" "tx5cb8d6f195d3409f905ff-0068ddea1b" "container-server 23" 0.0029 "-" 22 0
Oct 2 02:57:31 standalone container-server[129103]: 172.20.0.100 - - [02/Oct/2025:02:57:31 +0000] "PUT /d1/848/AUTH_05767d505aaf43319487a6b9507a32c6/gnocchi.00e49b4c-9411-420f-ab88-aacb93f2ac48" 201 - "PUT http://172.18.0.2:8080/v1/AUTH_05767d505aaf43319487a6b9507a32c6/gnocchi.00e49b4c-9411-420f-ab88-aacb93f2ac48" "tx5cb8d6f195d3409f905ff-0068ddea1b" "proxy-server 20" 0.0160 "-" 23 0
Oct 2 02:57:31 standalone proxy-server[131533]: 172.18.0.2 172.18.0.100 02/Oct/2025/02/57/31 PUT /v1/AUTH_05767d505aaf43319487a6b9507a32c6/gnocchi.00e49b4c-9411-420f-ab88-aacb93f2ac48 HTTP/1.0 201 - python-swiftclient-3.11.1 gAAAAABo3eme6sE5... - - - tx5cb8d6f195d3409f905ff-0068ddea1b - 0.0233 - - 1759373851.159031391 1759373851.182338715 0
Oct 2 02:57:31 standalone container-server[129089]: 172.20.0.100 - - [02/Oct/2025:02:57:31 +0000] "HEAD /d1/848/AUTH_05767d505aaf43319487a6b9507a32c6/gnocchi.00e49b4c-9411-420f-ab88-aacb93f2ac48" 204 - "HEAD http://172.18.0.2:8080/v1/AUTH_05767d505aaf43319487a6b9507a32c6/gnocchi.00e49b4c-9411-420f-ab88-aacb93f2ac48?format=json&states=listing" "txc0df8e88caf34d519f74e-0068ddea1b" "proxy-server 20" 0.0025 "-" 19 0
Oct 2 02:57:31 standalone proxy-server[131533]: - - 02/Oct/2025/02/57/31 HEAD /v1/AUTH_05767d505aaf43319487a6b9507a32c6/gnocchi.00e49b4c-9411-420f-ab88-aacb93f2ac48%3Fformat%3Djson%26states%3Dlisting HTTP/1.0 204 - Swift - - - - txc0df8e88caf34d519f74e-0068ddea1b - 0.0072 RL - 1759373851.189163446 1759373851.196413040 0
Oct 2 02:57:31 standalone container-server[129091]: 172.20.0.100 - - [02/Oct/2025:02:57:31 +0000] "GET /d1/848/AUTH_05767d505aaf43319487a6b9507a32c6/gnocchi.00e49b4c-9411-420f-ab88-aacb93f2ac48" 200 2 "GET http://172.18.0.2:8080/v1/AUTH_05767d505aaf43319487a6b9507a32c6/gnocchi.00e49b4c-9411-420f-ab88-aacb93f2ac48?format=json&states=listing" "txc0df8e88caf34d519f74e-0068ddea1b" "proxy-server 20" 0.0040 "-" 20 0
