Oct 2 02:43:29 standalone account-server[128766]: Started child 19 from parent 2
Oct 2 02:43:29 standalone container-server[128792]: Option allow_versions is deprecated. Configure the versioned_writes middleware in the proxy-server instead. This option will be ignored in a future release.
Oct 2 02:43:29 standalone account-server[128766]: Started child 20 from parent 2
Oct 2 02:43:29 standalone account-server[128766]: Started child 22 from parent 2
Oct 2 02:43:29 standalone container-server[129089]: Option allow_versions is deprecated. Configure the versioned_writes middleware in the proxy-server instead. This option will be ignored in a future release.
Oct 2 02:43:29 standalone container-server[128792]: Started child 19 from parent 2
Oct 2 02:43:29 standalone account-server[128766]: Started child 23 from parent 2
Oct 2 02:43:29 standalone account-server[128788]: Starting 2
Oct 2 02:43:29 standalone container-server[129091]: Option allow_versions is deprecated. Configure the versioned_writes middleware in the proxy-server instead. This option will be ignored in a future release.
Oct 2 02:43:29 standalone container-server[128792]: Started child 20 from parent 2
Oct 2 02:43:29 standalone container-server[129097]: Option allow_versions is deprecated. Configure the versioned_writes middleware in the proxy-server instead. This option will be ignored in a future release.
Oct 2 02:43:29 standalone container-server[128792]: Started child 22 from parent 2
Oct 2 02:43:29 standalone container-server[129103]: Option allow_versions is deprecated. Configure the versioned_writes middleware in the proxy-server instead. This option will be ignored in a future release.
Oct 2 02:43:29 standalone container-server[128792]: Started child 23 from parent 2
Oct 2 02:43:30 standalone container-server[129142]: Starting 2
Oct 2 02:43:30 standalone object-expirer[129188]: Starting 2
Oct 2 02:43:30 standalone object-expirer[129188]: Option auto_create_account_prefix is deprecated. Configure auto_create_account_prefix under the swift-constraints section of swift.conf. This option will be ignored in a future release.
Oct 2 02:43:30 standalone object-server[129219]: Starting 2
Oct 2 02:43:30 standalone object-server[129298]: Started child 18 from parent 2
Oct 2 02:43:30 standalone object-server[129298]: Started child 19 from parent 2
Oct 2 02:43:30 standalone object-server[129298]: Started child 20 from parent 2
Oct 2 02:43:30 standalone object-server[129298]: Started child 21 from parent 2
Oct 2 02:43:37 standalone proxy-server[131313]: Starting Keystone auth_token middleware
Oct 2 02:43:37 standalone proxy-server[131313]: AuthToken middleware is set with keystone_authtoken.service_token_roles_required set to False. This is backwards compatible but deprecated behaviour. Please set this to True.
Oct 2 02:43:37 standalone proxy-server[131533]: Starting Keystone auth_token middleware
Oct 2 02:43:37 standalone proxy-server[131533]: STDERR: The option "bind_port" is not known to keystonemiddleware
Oct 2 02:43:37 standalone proxy-server[131533]: STDERR: The option "workers" is not known to keystonemiddleware
Oct 2 02:43:37 standalone proxy-server[131533]: STDERR: The option "user" is not known to keystonemiddleware
Oct 2 02:43:37 standalone proxy-server[131533]: STDERR: The option "bind_ip" is not known to keystonemiddleware
Oct 2 02:43:37 standalone proxy-server[131533]: STDERR: The option "log_name" is not known to keystonemiddleware
Oct 2 02:43:37 standalone proxy-server[131533]: STDERR: The option "log_facility" is not known to keystonemiddleware
Oct 2 02:43:37 standalone proxy-server[131533]: STDERR: The option "log_level" is not known to keystonemiddleware
Oct 2 02:43:37 standalone proxy-server[131533]: STDERR: The option "log_headers" is not known to keystonemiddleware
Oct 2 02:43:37 standalone proxy-server[131533]: STDERR: The option "log_address" is not known to keystonemiddleware
Oct 2 02:43:37 standalone proxy-server[131533]: STDERR: The option "project_name" is not known to keystonemiddleware
Oct 2 02:43:37 standalone proxy-server[131533]: STDERR: The option "username" is not known to keystonemiddleware
Oct 2 02:43:37 standalone proxy-server[131533]: STDERR: The option "password" is not known to keystonemiddleware
Oct 2 02:43:37 standalone proxy-server[131533]: STDERR: The option "auth_url" is not known to keystonemiddleware
Oct 2 02:43:37 standalone proxy-server[131533]: STDERR: The option "signing_dir" is not known to keystonemiddleware
Oct 2 02:43:37 standalone proxy-server[131533]: STDERR: The option "project_domain_id" is not known to keystonemiddleware
Oct 2 02:43:37 standalone proxy-server[131533]: STDERR: The option "user_domain_id" is not known to keystonemiddleware
Oct 2 02:43:37 standalone proxy-server[131533]: STDERR: The option "__name__" is not known to keystonemiddleware
Oct 2 02:43:37 standalone proxy-server[131533]: AuthToken middleware is set with keystone_authtoken.service_token_roles_required set to False. This is backwards compatible but deprecated behaviour. Please set this to True.
Oct 2 02:43:37 standalone proxy-server[131313]: Started child 20 from parent 2
Oct 2 02:44:31 standalone object-server[129219]: Begin object update sweep
Oct 2 02:44:31 standalone object-server[137428]: Object update sweep starting on /srv/node/d1 (pid: 11)
Oct 2 02:44:31 standalone object-server[137428]: Object update sweep completed on /srv/node/d1 in 0.00s seconds:, 0 successes, 0 failures, 0 quarantines, 0 unlinks, 0 errors, 0 redirects (pid: 11)
Oct 2 02:44:31 standalone object-server[137428]: Object update sweep of d1 completed: 0.00s, 0 successes, 0 failures, 0 quarantines, 0 unlinks, 0 errors, 0 redirects
Oct 2 02:44:31 standalone object-server[129219]: Object update sweep completed: 0.08s
Oct 2 02:45:32 standalone account-server[129064]: 172.20.0.100 - - [02/Oct/2025:02:45:32 +0000] "HEAD /d1/639/.expiring_objects" 404 - "HEAD http://localhost/v1/.expiring_objects?format=json" "tx438a25a46d2245f5be7a1-0068dde74c" "proxy-server 2" 0.0017 "-" 19 -
Oct 2 02:45:32 standalone object-expirer[129188]: Pass completed in 0s; 0 objects expired (txn: tx438a25a46d2245f5be7a1-0068dde74c)
Oct 2 02:47:17 standalone container-server[129142]: Begin container update sweep
Oct 2 02:47:17 standalone container-server[129142]: Container update sweep completed: 0.00s
Oct 2 02:48:14 standalone account-server[129064]: 172.20.0.100 - - [02/Oct/2025:02:48:14 +0000] "HEAD /d1/639/.expiring_objects" 404 - "HEAD http://localhost/v1/.expiring_objects?format=json" "tx1624fd9e8a864e608bd6b-0068dde7ee" "proxy-server 2" 0.0009 "-" 19 -
Oct 2 02:48:14 standalone object-expirer[129188]: Pass completed in 0s; 0 objects expired (txn: tx1624fd9e8a864e608bd6b-0068dde7ee)
Oct 2 02:49:21 standalone account-server[129070]: 172.20.0.100 - - [02/Oct/2025:02:49:21 +0000] "HEAD /d1/639/.expiring_objects" 404 - "HEAD http://localhost/v1/.expiring_objects?format=json" "txb818a94f061a438897dbd-0068dde831" "proxy-server 2" 0.0011 "-" 20 -
Oct 2 02:49:21 standalone object-expirer[129188]: Pass completed in 0s; 0 objects expired (txn: txb818a94f061a438897dbd-0068dde831)
Oct 2 02:49:31 standalone object-server[129219]: Begin object update sweep
Oct 2 02:49:31 standalone object-server[174149]: Object update sweep starting on /srv/node/d1 (pid: 13)
Oct 2 02:49:31 standalone object-server[174149]: Object update sweep completed on /srv/node/d1 in 0.00s seconds:, 0 successes, 0 failures, 0 quarantines, 0 unlinks, 0 errors, 0 redirects (pid: 13)
Oct 2 02:49:31 standalone object-server[174149]: Object update sweep of d1 completed: 0.00s, 0 successes, 0 failures, 0 quarantines, 0 unlinks, 0 errors, 0 redirects
Oct 2 02:49:31 standalone object-server[129219]: Object update sweep completed: 0.08s
Oct 2 02:51:33 standalone account-server[129087]: 172.20.0.100 - - [02/Oct/2025:02:51:33 +0000] "HEAD /d1/639/.expiring_objects" 404 - "HEAD http://localhost/v1/.expiring_objects?format=json" "tx8a5ccfbcdb0c449c9dce2-0068dde8b5" "proxy-server 2" 0.0010 "-" 23 -
Oct 2 02:51:33 standalone object-expirer[129188]: Pass completed in 0s; 0 objects expired (txn: tx8a5ccfbcdb0c449c9dce2-0068dde8b5)
Oct 2 02:52:17 standalone container-server[129142]: Begin container update sweep
Oct 2 02:52:17 standalone container-server[129142]: Container update sweep completed: 0.00s
Oct 2 02:54:29 standalone account-server[129087]: 172.20.0.100 - - [02/Oct/2025:02:54:29 +0000] "HEAD /d1/639/.expiring_objects" 404 - "HEAD http://localhost/v1/.expiring_objects?format=json" "tx8a163e062c1e47b2ae01c-0068dde965" "proxy-server 2" 0.0008 "-" 23 -
Oct 2 02:54:29 standalone object-expirer[129188]: Pass completed in 0s; 0 objects expired (txn: tx8a163e062c1e47b2ae01c-0068dde965)
Oct 2 02:54:31 standalone object-server[129219]: Begin object update sweep
Oct 2 02:54:31 standalone object-server[215115]: Object update sweep starting on /srv/node/d1 (pid: 14)
Oct 2 02:54:31 standalone object-server[215115]: Object update sweep completed on /srv/node/d1 in 0.00s seconds:, 0 successes, 0 failures, 0 quarantines, 0 unlinks, 0 errors, 0 redirects (pid: 14)
Oct 2 02:54:31 standalone object-server[215115]: Object update sweep of d1 completed: 0.00s, 0 successes, 0 failures, 0 quarantines, 0 unlinks, 0 errors, 0 redirects
Oct 2 02:54:31 standalone object-server[129219]: Object update sweep completed: 0.08s
Oct 2 02:55:26 standalone account-server[129064]: 172.20.0.100 - - [02/Oct/2025:02:55:26 +0000] "HEAD /d1/172/AUTH_05767d505aaf43319487a6b9507a32c6" 404 - "HEAD http://172.18.0.2:8080/v1/AUTH_05767d505aaf43319487a6b9507a32c6?format=json" "txd6300dc177ef4c86a6bdc-0068dde99e" "proxy-server 20" 0.0007 "-" 19 -
Oct 2 02:55:26 standalone proxy-server[131533]: - - 02/Oct/2025/02/55/26 HEAD /v1/AUTH_05767d505aaf43319487a6b9507a32c6%3Fformat%3Djson HTTP/1.0 200 - Swift - - - - txd6300dc177ef4c86a6bdc-0068dde99e - 0.0085 RL - 1759373726.469832182 1759373726.478289366 -
Oct 2 02:55:26 standalone object-server[129386]: 172.20.0.100 - - [02/Oct/2025:02:55:26 +0000] "GET /d1/83/AUTH_05767d505aaf43319487a6b9507a32c6/gnocchi.c566e505-72e3-4f03-870c-a22c4584b30d/none_v3" 404 70 "GET http://172.18.0.2:8080/v1/AUTH_05767d505aaf43319487a6b9507a32c6/gnocchi.c566e505-72e3-4f03-870c-a22c4584b30d/none_v3" "txd6300dc177ef4c86a6bdc-0068dde99e" "proxy-server 20" 0.0014 "-" 20 0
Oct 2 02:55:26 standalone proxy-server[131533]: 172.18.0.2 172.18.0.100 02/Oct/2025/02/55/26 GET /v1/AUTH_05767d505aaf43319487a6b9507a32c6/gnocchi.c566e505-72e3-4f03-870c-a22c4584b30d/none_v3 HTTP/1.0 404 - python-swiftclient-3.11.1 gAAAAABo3eme6sE5... - 70 - txd6300dc177ef4c86a6bdc-0068dde99e - 0.4196 - - 1759373726.464719772 1759373726.884306431 0
Oct 2 02:55:26 standalone account-server[129064]: 172.20.0.100 - - [02/Oct/2025:02:55:26 +0000] "PUT /d1/172/AUTH_05767d505aaf43319487a6b9507a32c6" 201 - "-" "tx8e8ec0bffb0144438ed2e-0068dde99e" "-" 0.0164 "-" 19 -
Oct 2 02:55:26 standalone proxy-server[131533]: autocreate account '/AUTH_05767d505aaf43319487a6b9507a32c6' (txn: tx8e8ec0bffb0144438ed2e-0068dde99e)
Oct 2 02:55:26 standalone account-server[129084]: 172.20.0.100 - - [02/Oct/2025:02:55:26 +0000] "HEAD /d1/172/AUTH_05767d505aaf43319487a6b9507a32c6" 204 - "HEAD http://172.18.0.2:8080/v1/AUTH_05767d505aaf43319487a6b9507a32c6?format=json" "tx8e8ec0bffb0144438ed2e-0068dde99e" "proxy-server 20" 0.0020 "-" 22 -
Oct 2 02:55:26 standalone account-server[129084]: 172.20.0.100 - - [02/Oct/2025:02:55:26 +0000] "PUT /d1/172/AUTH_05767d505aaf43319487a6b9507a32c6/gnocchi.c566e505-72e3-4f03-870c-a22c4584b30d" 201 - "PUT http://172.20.0.100:6001/d1/498/AUTH_05767d505aaf43319487a6b9507a32c6/gnocchi.c566e505-72e3-4f03-870c-a22c4584b30d" "tx8e8ec0bffb0144438ed2e-0068dde99e" "container-server 23" 0.0010 "-" 22 0
Oct 2 02:55:26 standalone container-server[129103]: 172.20.0.100 - - [02/Oct/2025:02:55:26 +0000] "PUT /d1/498/AUTH_05767d505aaf43319487a6b9507a32c6/gnocchi.c566e505-72e3-4f03-870c-a22c4584b30d" 201 - "PUT http://172.18.0.2:8080/v1/AUTH_05767d505aaf43319487a6b9507a32c6/gnocchi.c566e505-72e3-4f03-870c-a22c4584b30d" "tx8e8ec0bffb0144438ed2e-0068dde99e" "proxy-server 20" 0.0182 "-" 23 0
Oct 2 02:55:26 standalone proxy-server[131533]: 172.18.0.2 172.18.0.100 02/Oct/2025/02/55/26 PUT /v1/AUTH_05767d505aaf43319487a6b9507a32c6/gnocchi.c566e505-72e3-4f03-870c-a22c4584b30d HTTP/1.0 201 - python-swiftclient-3.11.1 gAAAAABo3eme6sE5... - - - tx8e8ec0bffb0144438ed2e-0068dde99e - 0.0527 - - 1759373726.888502359 1759373726.941239357 0
Oct 2 02:55:26 standalone container-server[129103]: 172.20.0.100 - - [02/Oct/2025:02:55:26 +0000] "HEAD /d1/498/AUTH_05767d505aaf43319487a6b9507a32c6/gnocchi.c566e505-72e3-4f03-870c-a22c4584b30d" 204 - "HEAD http://172.18.0.2:8080/v1/AUTH_05767d505aaf43319487a6b9507a32c6/gnocchi.c566e505-72e3-4f03-870c-a22c4584b30d?format=json&states=listing" "tx01a0cc276c1c45879dc28-0068dde99e" "proxy-server 20" 0.0028 "-" 23 0
Oct 2 02:55:26 standalone proxy-server[131533]: - - 02/Oct/2025/02/55/26 HEAD /v1/AUTH_05767d505aaf43319487a6b9507a32c6/gnocchi.c566e505-72e3-4f03-870c-a22c4584b30d%3Fformat%3Djson%26states%3Dlisting HTTP/1.0 204 - Swift - - - - tx01a0cc276c1c45879dc28-0068dde99e - 0.0074 RL - 1759373726.947946548 1759373726.955321312 0
Oct 2 02:55:26 standalone container-server[129091]: 172.20.0.100 - - [02/Oct/2025:02:55:26 +0000] "GET /d1/498/AUTH_05767d505aaf43319487a6b9507a32c6/gnocchi.c566e505-72e3-4f03-870c-a22c4584b30d" 200 2 "GET http://172.18.0.2:8080/v1/AUTH_05767d505aaf43319487a6b9507a32c6/gnocchi.c566e505-72e3-4f03-870c-a22c4584b30d?format=json&states=listing" "tx01a0cc276c1c45879dc28-0068dde99e" "proxy-server 20" 0.0054 "-" 20 0
Oct 2 02:55:26 standalone proxy-server[131533]: 172.18.0.2 172.18.0.100 02/Oct/2025/02/55/26 GET /v1/AUTH_05767d505aaf43319487a6b9507a32c6/gnocchi.c566e505-72e3-4f03-870c-a22c4584b30d%3Fformat%3Djson%26states%3Dlisting HTTP/1.0 200 - python-swiftclient-3.11.1 gAAAAABo3eme6sE5... - 2 - tx01a0cc276c1c45879dc28-0068dde99e - 0.0231 - - 1759373726.946453810 1759373726.969516277 0
Oct 2 02:55:26 standalone object-server[129385]: 172.20.0.100 - - [02/Oct/2025:02:55:26 +0000] "GET /d1/951/AUTH_05767d505aaf43319487a6b9507a32c6/gnocchi.c566e505-72e3-4f03-870c-a22c4584b30d/1759320000.0_mean_300.0_v3" 404 70 "GET http://172.18.0.2:8080/v1/AUTH_05767d505aaf43319487a6b9507a32c6/gnocchi.c566e505-72e3-4f03-870c-a22c4584b30d/1759320000.0_mean_300.0_v3" "txbdbe1d6881a144eaacb79-0068dde99e" "proxy-server 20" 0.0011 "-" 19 0
Oct 2 02:55:26 standalone proxy-server[131533]: 172.18.0.2 172.18.0.100 02/Oct/2025/02/55/26 GET /v1/AUTH_05767d505aaf43319487a6b9507a32c6/gnocchi.c566e505-72e3-4f03-870c-a22c4584b30d/1759320000.0_mean_300.0_v3 HTTP/1.0 404 - python-swiftclient-3.11.1 gAAAAABo3eme6sE5... - 70 - txbdbe1d6881a144eaacb79-0068dde99e - 0.0086 - - 1759373726.975751400 1759373726.984364748 0
Oct 2 02:55:27 standalone container-server[129097]: 172.20.0.100 - - [02/Oct/2025:02:55:27 +0000] "PUT /d1/498/AUTH_05767d505aaf43319487a6b9507a32c6/gnocchi.c566e505-72e3-4f03-870c-a22c4584b30d/1759320000.0_mean_300.0_v3" 201 - "PUT http://172.18.0.2:8080/d1/951/AUTH_05767d505aaf43319487a6b9507a32c6/gnocchi.c566e505-72e3-4f03-870c-a22c4584b30d/1759320000.0_mean_300.0_v3" "txcf4f47d52a31447e8a53c-0068dde99e" "object-server 19" 0.0016 "-" 22 0
Oct 2 02:55:27 standalone object-server[129385]: 172.20.0.100 - - [02/Oct/2025:02:55:27 +0000] "PUT /d1/951/AUTH_05767d505aaf43319487a6b9507a32c6/gnocchi.c566e505-72e3-4f03-870c-a22c4584b30d/1759320000.0_mean_300.0_v3" 201 - "PUT http://172.18.0.2:8080/v1/AUTH_05767d505aaf43319487a6b9507a32c6/gnocchi.c566e505-72e3-4f03-870c-a22c4584b30d/1759320000.0_mean_300.0_v3" "txcf4f47d52a31447e8a53c-0068dde99e" "proxy-server 20" 0.0363 "-" 19 0
Oct 2 02:55:27 standalone proxy-server[131533]: 172.18.0.2 172.18.0.100 02/Oct/2025/02/55/27 PUT /v1/AUTH_05767d505aaf43319487a6b9507a32c6/gnocchi.c566e505-72e3-4f03-870c-a22c4584b30d/1759320000.0_mean_300.0_v3 HTTP/1.0 201 - python-swiftclient-3.11.1 gAAAAABo3eme6sE5... 16 - - txcf4f47d52a31447e8a53c-0068dde99e - 0.0465 - - 1759373726.988779306 1759373727.035305262 0
Oct 2 02:55:27 standalone container-server[129097]: 172.20.0.100 - - [02/Oct/2025:02:55:27 +0000] "PUT /d1/498/AUTH_05767d505aaf43319487a6b9507a32c6/gnocchi.c566e505-72e3-4f03-870c-a22c4584b30d/none_v3" 201 - "PUT http://172.18.0.2:8080/d1/83/AUTH_05767d505aaf43319487a6b9507a32c6/gnocchi.c566e505-72e3-4f03-870c-a22c4584b30d/none_v3" "tx9f036b95c8d44c61aad60-0068dde99f" "object-server 19" 0.0006 "-" 22 0
Oct 2 02:55:27 standalone object-server[129385]: 172.20.0.100 - - [02/Oct/2025:02:55:27 +0000] "PUT /d1/83/AUTH_05767d505aaf43319487a6b9507a32c6/gnocchi.c566e505-72e3-4f03-870c-a22c4584b30d/none_v3" 201 - "PUT http://172.18.0.2:8080/v1/AUTH_05767d505aaf43319487a6b9507a32c6/gnocchi.c566e505-72e3-4f03-870c-a22c4584b30d/none_v3" "tx9f036b95c8d44c61aad60-0068dde99f" "proxy-server 20" 0.0113 "-" 19 0
Oct 2 02:55:27 standalone proxy-server[131533]: 172.18.0.2 172.18.0.100 02/Oct/2025/02/55/27 PUT /v1/AUTH_05767d505aaf43319487a6b9507a32c6/gnocchi.c566e505-72e3-4f03-870c-a22c4584b30d/none_v3 HTTP/1.0 201 - python-swiftclient-3.11.1 gAAAAABo3eme6sE5... 22 - - tx9f036b95c8d44c61aad60-0068dde99f - 0.0190 - - 1759373727.039265394 1759373727.058239698 0
Oct 2 02:55:56 standalone object-server[129386]: 172.20.0.100 - - [02/Oct/2025:02:55:56 +0000] "GET /d1/83/AUTH_05767d505aaf43319487a6b9507a32c6/gnocchi.c566e505-72e3-4f03-870c-a22c4584b30d/none_v3" 200 22 "GET http://172.18.0.2:8080/v1/AUTH_05767d505aaf43319487a6b9507a32c6/gnocchi.c566e505-72e3-4f03-870c-a22c4584b30d/none_v3" "tx56cdaab58183460ea82d6-0068dde9bc" "proxy-server 20" 0.0014 "-" 20 0
Oct 2 02:55:56 standalone proxy-server[131533]: 172.18.0.2 172.18.0.100 02/Oct/2025/02/55/56 GET /v1/AUTH_05767d505aaf43319487a6b9507a32c6/gnocchi.c566e505-72e3-4f03-870c-a22c4584b30d/none_v3 HTTP/1.0 200 - python-swiftclient-3.11.1 gAAAAABo3eme6sE5... - 22 - tx56cdaab58183460ea82d6-0068dde9bc - 0.0140 - - 1759373756.062942505 1759373756.076913595 0
Oct 2 02:55:56 standalone container-server[129097]: 172.20.0.100 - - [02/Oct/2025:02:55:56 +0000] "GET /d1/498/AUTH_05767d505aaf43319487a6b9507a32c6/gnocchi.c566e505-72e3-4f03-870c-a22c4584b30d" 200 357 "GET http://172.18.0.2:8080/v1/AUTH_05767d505aaf43319487a6b9507a32c6/gnocchi.c566e505-72e3-4f03-870c-a22c4584b30d?format=json&states=listing" "tx2e143a306893477c96b13-0068dde9bc" "proxy-server 20" 0.0225 "-" 22 0
Oct 2 02:55:56 standalone proxy-server[131533]: 172.18.0.2 172.18.0.100 02/Oct/2025/02/55/56 GET /v1/AUTH_05767d505aaf43319487a6b9507a32c6/gnocchi.c566e505-72e3-4f03-870c-a22c4584b30d%3Fformat%3Djson%26states%3Dlisting HTTP/1.0 200 - python-swiftclient-3.11.1 gAAAAABo3eme6sE5... - 357 - tx2e143a306893477c96b13-0068dde9bc - 0.0298 - - 1759373756.079772711 1759373756.109608412 0
Oct 2 02:55:56 standalone container-server[129097]: 172.20.0.100 - - [02/Oct/2025:02:55:56 +0000] "GET /d1/498/AUTH_05767d505aaf43319487a6b9507a32c6/gnocchi.c566e505-72e3-4f03-870c-a22c4584b30d" 200 2 "GET http://172.18.0.2:8080/v1/AUTH_05767d505aaf43319487a6b9507a32c6/gnocchi.c566e505-72e3-4f03-870c-a22c4584b30d?format=json&marker=none_v3&states=listing" "tx50ed72c04f09415fb5d69-0068dde9bc" "proxy-server 20" 0.0045 "-" 22 0
Oct 2 02:55:56 standalone proxy-server[131533]: 172.18.0.2 172.18.0.100 02/Oct/2025/02/55/56 GET /v1/AUTH_05767d505aaf43319487a6b9507a32c6/gnocchi.c566e505-72e3-4f03-870c-a22c4584b30d%3Fformat%3Djson%26marker%3Dnone_v3%26states%3Dlisting HTTP/1.0 200 - python-swiftclient-3.11.1 gAAAAABo3eme6sE5... - 2 - tx50ed72c04f09415fb5d69-0068dde9bc - 0.0149 - - 1759373756.114152908 1759373756.129071712 0
Oct 2 02:55:56 standalone object-server[129386]: 172.20.0.100 - - [02/Oct/2025:02:55:56 +0000] "GET /d1/951/AUTH_05767d505aaf43319487a6b9507a32c6/gnocchi.c566e505-72e3-4f03-870c-a22c4584b30d/1759320000.0_mean_300.0_v3" 200 16 "GET http://172.18.0.2:8080/v1/AUTH_05767d505aaf43319487a6b9507a32c6/gnocchi.c566e505-72e3-4f03-870c-a22c4584b30d/1759320000.0_mean_300.0_v3" "tx573c455a0bc443d096e62-0068dde9bc" "proxy-server 20" 0.0011 "-" 20 0
Oct 2 02:55:56 standalone proxy-server[131533]: 172.18.0.2 172.18.0.100 02/Oct/2025/02/55/56 GET /v1/AUTH_05767d505aaf43319487a6b9507a32c6/gnocchi.c566e505-72e3-4f03-870c-a22c4584b30d/1759320000.0_mean_300.0_v3 HTTP/1.0 200 - python-swiftclient-3.11.1 gAAAAABo3eme6sE5... - 16 - tx573c455a0bc443d096e62-0068dde9bc - 0.0092 - - 1759373756.134606838 1759373756.143772602 0
Oct 2 02:55:56 standalone container-server[129089]: 172.20.0.100 - - [02/Oct/2025:02:55:56 +0000] "PUT /d1/498/AUTH_05767d505aaf43319487a6b9507a32c6/gnocchi.c566e505-72e3-4f03-870c-a22c4584b30d/1759320000.0_mean_300.0_v3" 201 - "PUT http://172.18.0.2:8080/d1/951/AUTH_05767d505aaf43319487a6b9507a32c6/gnocchi.c566e505-72e3-4f03-870c-a22c4584b30d/1759320000.0_mean_300.0_v3" "tx333cde269b344d4585465-0068dde9bc" "object-server 21" 0.0019 "-" 19 0
Oct 2 02:55:56 standalone object-server[129387]: 172.20.0.100 - - [02/Oct/2025:02:55:56 +0000] "PUT /d1/951/AUTH_05767d505aaf43319487a6b9507a32c6/gnocchi.c566e505-72e3-4f03-870c-a22c4584b30d/1759320000.0_mean_300.0_v3" 201 - "PUT http://172.18.0.2:8080/v1/AUTH_05767d505aaf43319487a6b9507a32c6/gnocchi.c566e505-72e3-4f03-870c-a22c4584b30d/1759320000.0_mean_300.0_v3" "tx333cde269b344d4585465-0068dde9bc" "proxy-server 20" 0.0434 "-" 21 0
Oct 2 02:55:56 standalone proxy-server[131533]: 172.18.0.2 172.18.0.100 02/Oct/2025/02/55/56 PUT /v1/AUTH_05767d505aaf43319487a6b9507a32c6/gnocchi.c566e505-72e3-4f03-870c-a22c4584b30d/1759320000.0_mean_300.0_v3 HTTP/1.0 201 - python-swiftclient-3.11.1 gAAAAABo3eme6sE5... 16 - - tx333cde269b344d4585465-0068dde9bc - 0.0512 - - 1759373756.148226500 1759373756.199426889 0
Oct 2 02:55:56 standalone container-server[129097]: 172.20.0.100 - - [02/Oct/2025:02:55:56 +0000] "PUT /d1/498/AUTH_05767d505aaf43319487a6b9507a32c6/gnocchi.c566e505-72e3-4f03-870c-a22c4584b30d/none_v3" 201 - "PUT http://172.18.0.2:8080/d1/83/AUTH_05767d505aaf43319487a6b9507a32c6/gnocchi.c566e505-72e3-4f03-870c-a22c4584b30d/none_v3" "tx4b0b6a613f7a4c3db3646-0068dde9bc" "object-server 20" 0.0007 "-" 22 0
Oct 2 02:55:56 standalone object-server[129386]: 172.20.0.100 - - [02/Oct/2025:02:55:56 +0000] "PUT /d1/83/AUTH_05767d505aaf43319487a6b9507a32c6/gnocchi.c566e505-72e3-4f03-870c-a22c4584b30d/none_v3" 201 - "PUT http://172.18.0.2:8080/v1/AUTH_05767d505aaf43319487a6b9507a32c6/gnocchi.c566e505-72e3-4f03-870c-a22c4584b30d/none_v3" "tx4b0b6a613f7a4c3db3646-0068dde9bc" "proxy-server 20" 0.0578 "-" 20 0
Oct 2 02:55:56 standalone proxy-server[131533]: 172.18.0.2 172.18.0.100 02/Oct/2025/02/55/56 PUT /v1/AUTH_05767d505aaf43319487a6b9507a32c6/gnocchi.c566e505-72e3-4f03-870c-a22c4584b30d/none_v3 HTTP/1.0 201 - python-swiftclient-3.11.1 gAAAAABo3eme6sE5... 32 - - tx4b0b6a613f7a4c3db3646-0068dde9bc - 0.0651 - - 1759373756.203689575 1759373756.268791199 0
Oct 2 02:56:27 standalone account-server[129070]: 172.20.0.100 - - [02/Oct/2025:02:56:27 +0000] "HEAD /d1/172/AUTH_05767d505aaf43319487a6b9507a32c6" 204 - "HEAD http://172.18.0.2:8080/v1/AUTH_05767d505aaf43319487a6b9507a32c6?format=json" "tx7bfdd2c57dc8481a8bef9-0068dde9db" "proxy-server 20" 0.0066 "-" 20 -
Oct 2 02:56:27 standalone proxy-server[131533]: - - 02/Oct/2025/02/56/27 HEAD /v1/AUTH_05767d505aaf43319487a6b9507a32c6%3Fformat%3Djson HTTP/1.0 204 - Swift - - - - tx7bfdd2c57dc8481a8bef9-0068dde9db - 0.0104 RL - 1759373787.472537518 1759373787.482960463 -
Oct 2 02:56:27 standalone container-server[129097]: 172.20.0.100 - - [02/Oct/2025:02:56:27 +0000] "HEAD /d1/8/AUTH_05767d505aaf43319487a6b9507a32c6/gnocchi.9f0e294a-73cc-48a5-8576-6303a47b4c47" 404 - "HEAD http://172.18.0.2:8080/v1/AUTH_05767d505aaf43319487a6b9507a32c6/gnocchi.9f0e294a-73cc-48a5-8576-6303a47b4c47?format=json&states=listing" "tx7bfdd2c57dc8481a8bef9-0068dde9db" "proxy-server 20" 0.0006 "-" 22 0
Oct 2 02:56:27 standalone object-server[129386]: 172.20.0.100 - - [02/Oct/2025:02:56:27 +0000] "GET /d1/14/AUTH_05767d505aaf43319487a6b9507a32c6/gnocchi.9f0e294a-73cc-48a5-8576-6303a47b4c47/none_v3" 404 70 "GET http://172.18.0.2:8080/v1/AUTH_05767d505aaf43319487a6b9507a32c6/gnocchi.9f0e294a-73cc-48a5-8576-6303a47b4c47/none_v3" "tx7bfdd2c57dc8481a8bef9-0068dde9db" "proxy-server 20" 0.0005 "-" 20 0
Oct 2 02:56:27 standalone proxy-server[131533]: 172.18.0.2 172.18.0.100 02/Oct/2025/02/56/27 GET /v1/AUTH_05767d505aaf43319487a6b9507a32c6/gnocchi.9f0e294a-73cc-48a5-8576-6303a47b4c47/none_v3 HTTP/1.0 404 - python-swiftclient-3.11.1 gAAAAABo3eme6sE5... - 70 - tx7bfdd2c57dc8481a8bef9-0068dde9db - 0.0227 - - 1759373787.471720934 1759373787.494452715 0
Oct 2 02:56:27 standalone account-server[129084]: 172.20.0.100 - - [02/Oct/2025:02:56:27 +0000] "PUT /d1/172/AUTH_05767d505aaf43319487a6b9507a32c6/gnocchi.9f0e294a-73cc-48a5-8576-6303a47b4c47" 201 - "PUT http://172.20.0.100:6001/d1/8/AUTH_05767d505aaf43319487a6b9507a32c6/gnocchi.9f0e294a-73cc-48a5-8576-6303a47b4c47" "txbcafb9eb0ea345b7bd7db-0068dde9db" "container-server 20" 0.0013 "-" 22 0
Oct 2 02:56:27 standalone container-server[129091]: 172.20.0.100 - - [02/Oct/2025:02:56:27 +0000] "PUT /d1/8/AUTH_05767d505aaf43319487a6b9507a32c6/gnocchi.9f0e294a-73cc-48a5-8576-6303a47b4c47" 201 - "PUT http://172.18.0.2:8080/v1/AUTH_05767d505aaf43319487a6b9507a32c6/gnocchi.9f0e294a-73cc-48a5-8576-6303a47b4c47" "txbcafb9eb0ea345b7bd7db-0068dde9db" "proxy-server 20" 0.0190 "-" 20 0
Oct 2 02:56:27 standalone proxy-server[131533]: 172.18.0.2 172.18.0.100 02/Oct/2025/02/56/27 PUT /v1/AUTH_05767d505aaf43319487a6b9507a32c6/gnocchi.9f0e294a-73cc-48a5-8576-6303a47b4c47 HTTP/1.0 201 - python-swiftclient-3.11.1 gAAAAABo3eme6sE5... - - - txbcafb9eb0ea345b7bd7db-0068dde9db - 0.0233 - - 1759373787.498192072 1759373787.521522284 0
Oct 2 02:56:27 standalone container-server[129097]: 172.20.0.100 - - [02/Oct/2025:02:56:27 +0000] "HEAD /d1/8/AUTH_05767d505aaf43319487a6b9507a32c6/gnocchi.9f0e294a-73cc-48a5-8576-6303a47b4c47" 204 - "HEAD http://172.18.0.2:8080/v1/AUTH_05767d505aaf43319487a6b9507a32c6/gnocchi.9f0e294a-73cc-48a5-8576-6303a47b4c47?format=json&states=listing" "tx91647b72250846ac881c0-0068dde9db" "proxy-server 20" 0.0016 "-" 22 0
Oct 2 02:56:27 standalone proxy-server[131533]: - - 02/Oct/2025/02/56/27 HEAD /v1/AUTH_05767d505aaf43319487a6b9507a32c6/gnocchi.9f0e294a-73cc-48a5-8576-6303a47b4c47%3Fformat%3Djson%26states%3Dlisting HTTP/1.0 204 - Swift - - - - tx91647b72250846ac881c0-0068dde9db - 0.0052 RL - 1759373787.527567387 1759373787.532805443 0
Oct 2 02:56:27 standalone container-server[129097]: 172.20.0.100 - - [02/Oct/2025:02:56:27 +0000] "GET /d1/8/AUTH_05767d505aaf43319487a6b9507a32c6/gnocchi.9f0e294a-73cc-48a5-8576-6303a47b4c47" 200 2 "GET http://172.18.0.2:8080/v1/AUTH_05767d505aaf43319487a6b9507a32c6/gnocchi.9f0e294a-73cc-48a5-8576-6303a47b4c47?format=json&states=listing" "tx91647b72250846ac881c0-0068dde9db" "proxy-server 20" 0.0022 "-" 22 0
Oct 2 02:56:27 standalone proxy-server[131533]: 172.18.0.2 172.18.0.100 02/Oct/2025/02/56/27 GET /v1/AUTH_05767d505aaf43319487a6b9507a32c6/gnocchi.9f0e294a-73cc-48a5-8576-6303a47b4c47%3Fformat%3Djson%26states%3Dlisting HTTP/1.0 200 - python-swiftclient-3.11.1 gAAAAABo3eme6sE5... - 2 - tx91647b72250846ac881c0-0068dde9db - 0.0136 - - 1759373787.526592255 1759373787.540160418 0
Oct 2 02:56:27 standalone object-server[129384]: 172.20.0.100 - - [02/Oct/2025:02:56:27 +0000] "GET /d1/366/AUTH_05767d505aaf43319487a6b9507a32c6/gnocchi.9f0e294a-73cc-48a5-8576-6303a47b4c47/1759320000.0_mean_300.0_v3" 404 70 "GET http://172.18.0.2:8080/v1/AUTH_05767d505aaf43319487a6b9507a32c6/gnocchi.9f0e294a-73cc-48a5-8576-6303a47b4c47/1759320000.0_mean_300.0_v3" "tx35570950f9e64248a539f-0068dde9db" "proxy-server 20" 0.0007 "-" 18 0
Oct 2 02:56:27 standalone proxy-server[131533]: 172.18.0.2 172.18.0.100 02/Oct/2025/02/56/27 GET /v1/AUTH_05767d505aaf43319487a6b9507a32c6/gnocchi.9f0e294a-73cc-48a5-8576-6303a47b4c47/1759320000.0_mean_300.0_v3 HTTP/1.0 404 - python-swiftclient-3.11.1 gAAAAABo3eme6sE5... - 70 - tx35570950f9e64248a539f-0068dde9db - 0.0050 - - 1759373787.544399500 1759373787.549386978 0
Oct 2 02:56:27 standalone container-server[129089]: 172.20.0.100 - - [02/Oct/2025:02:56:27 +0000] "PUT /d1/8/AUTH_05767d505aaf43319487a6b9507a32c6/gnocchi.9f0e294a-73cc-48a5-8576-6303a47b4c47/1759320000.0_mean_300.0_v3" 201 - "PUT http://172.18.0.2:8080/d1/366/AUTH_05767d505aaf43319487a6b9507a32c6/gnocchi.9f0e294a-73cc-48a5-8576-6303a47b4c47/1759320000.0_mean_300.0_v3" "tx7b9fc0a019df472fa6c0f-0068dde9db" "object-server 20" 0.0008 "-" 19 0
Oct 2 02:56:27 standalone object-server[129386]: 172.20.0.100 - - [02/Oct/2025:02:56:27 +0000] "PUT /d1/366/AUTH_05767d505aaf43319487a6b9507a32c6/gnocchi.9f0e294a-73cc-48a5-8576-6303a47b4c47/1759320000.0_mean_300.0_v3" 201 - "PUT http://172.18.0.2:8080/v1/AUTH_05767d505aaf43319487a6b9507a32c6/gnocchi.9f0e294a-73cc-48a5-8576-6303a47b4c47/1759320000.0_mean_300.0_v3" "tx7b9fc0a019df472fa6c0f-0068dde9db" "proxy-server 20" 0.0175 "-" 20 0
Oct 2 02:56:27 standalone proxy-server[131533]: 172.18.0.2 172.18.0.100 02/Oct/2025/02/56/27 PUT /v1/AUTH_05767d505aaf43319487a6b9507a32c6/gnocchi.9f0e294a-73cc-48a5-8576-6303a47b4c47/1759320000.0_mean_300.0_v3 HTTP/1.0 201 - python-swiftclient-3.11.1 gAAAAABo3eme6sE5... 16 - - tx7b9fc0a019df472fa6c0f-0068dde9db - 0.0225 - - 1759373787.552679539 1759373787.575161457 0
Oct 2 02:56:27 standalone container-server[129089]: 172.20.0.100 - - [02/Oct/2025:02:56:27 +0000] "PUT /d1/8/AUTH_05767d505aaf43319487a6b9507a32c6/gnocchi.9f0e294a-73cc-48a5-8576-6303a47b4c47/none_v3" 201 - "PUT http://172.18.0.2:8080/d1/14/AUTH_05767d505aaf43319487a6b9507a32c6/gnocchi.9f0e294a-73cc-48a5-8576-6303a47b4c47/none_v3" "tx3a426960d4f84078a0953-0068dde9db" "object-server 18" 0.0008 "-" 19 0
Oct 2 02:56:27 standalone object-server[129384]: 172.20.0.100 - - [02/Oct/2025:02:56:27 +0000] "PUT /d1/14/AUTH_05767d505aaf43319487a6b9507a32c6/gnocchi.9f0e294a-73cc-48a5-8576-6303a47b4c47/none_v3" 201 - "PUT http://172.18.0.2:8080/v1/AUTH_05767d505aaf43319487a6b9507a32c6/gnocchi.9f0e294a-73cc-48a5-8576-6303a47b4c47/none_v3" "tx3a426960d4f84078a0953-0068dde9db" "proxy-server 20" 0.0523 "-" 18 0
Oct 2 02:56:27 standalone proxy-server[131533]: 172.18.0.2 172.18.0.100 02/Oct/2025/02/56/27 PUT /v1/AUTH_05767d505aaf43319487a6b9507a32c6/gnocchi.9f0e294a-73cc-48a5-8576-6303a47b4c47/none_v3 HTTP/1.0 201 - python-swiftclient-3.11.1 gAAAAABo3eme6sE5... 22 - - tx3a426960d4f84078a0953-0068dde9db - 0.0578 - - 1759373787.580094814 1759373787.637888908 0
Oct 2 02:56:27 standalone container-server[129089]: 172.20.0.100 - - [02/Oct/2025:02:56:27 +0000] "HEAD /d1/173/AUTH_05767d505aaf43319487a6b9507a32c6/gnocchi.b424f0a4-c8b9-44cc-ba42-ee64012877d4" 404 - "HEAD http://172.18.0.2:8080/v1/AUTH_05767d505aaf43319487a6b9507a32c6/gnocchi.b424f0a4-c8b9-44cc-ba42-ee64012877d4?format=json&states=listing" "tx266a9a6f91ea4c74ba0de-0068dde9db" "proxy-server 20" 0.0010 "-" 19 0
Oct 2 02:56:27 standalone object-server[129385]: 172.20.0.100 - - [02/Oct/2025:02:56:27 +0000] "GET /d1/221/AUTH_05767d505aaf43319487a6b9507a32c6/gnocchi.b424f0a4-c8b9-44cc-ba42-ee64012877d4/none_v3" 404 70 "GET http://172.18.0.2:8080/v1/AUTH_05767d505aaf43319487a6b9507a32c6/gnocchi.b424f0a4-c8b9-44cc-ba42-ee64012877d4/none_v3" "tx266a9a6f91ea4c74ba0de-0068dde9db" "proxy-server 20" 0.0004 "-" 19 0
Oct 2 02:56:27 standalone proxy-server[131533]: 172.18.0.2 172.18.0.100 02/Oct/2025/02/56/27 GET /v1/AUTH_05767d505aaf43319487a6b9507a32c6/gnocchi.b424f0a4-c8b9-44cc-ba42-ee64012877d4/none_v3 HTTP/1.0 404 - python-swiftclient-3.11.1 gAAAAABo3eme6sE5... - 70 - tx266a9a6f91ea4c74ba0de-0068dde9db - 0.0121 - - 1759373787.648759842 1759373787.660854101 0
Oct 2 02:56:27 standalone account-server[129064]: 172.20.0.100 - - [02/Oct/2025:02:56:27 +0000] "PUT /d1/172/AUTH_05767d505aaf43319487a6b9507a32c6/gnocchi.b424f0a4-c8b9-44cc-ba42-ee64012877d4" 201 - "PUT http://172.20.0.100:6001/d1/173/AUTH_05767d505aaf43319487a6b9507a32c6/gnocchi.b424f0a4-c8b9-44cc-ba42-ee64012877d4" "txf23c73d88f1b4fdd9b5cd-0068dde9db" "container-server 23" 0.0060 "-" 19 0
Oct 2 02:56:27 standalone container-server[129103]: 172.20.0.100 - - [02/Oct/2025:02:56:27 +0000] "PUT /d1/173/AUTH_05767d505aaf43319487a6b9507a32c6/gnocchi.b424f0a4-c8b9-44cc-ba42-ee64012877d4" 201 - "PUT http://172.18.0.2:8080/v1/AUTH_05767d505aaf43319487a6b9507a32c6/gnocchi.b424f0a4-c8b9-44cc-ba42-ee64012877d4" "txf23c73d88f1b4fdd9b5cd-0068dde9db" "proxy-server 20" 0.0264 "-" 23 0
Oct 2 02:56:27 standalone proxy-server[131533]: 172.18.0.2 172.18.0.100 02/Oct/2025/02/56/27 PUT /v1/AUTH_05767d505aaf43319487a6b9507a32c6/gnocchi.b424f0a4-c8b9-44cc-ba42-ee64012877d4 HTTP/1.0 201 - python-swiftclient-3.11.1 gAAAAABo3eme6sE5... - - - txf23c73d88f1b4fdd9b5cd-0068dde9db - 0.0321 - - 1759373787.664556742 1759373787.696624279 0
Oct 2 02:56:27 standalone container-server[129103]: 172.20.0.100 - - [02/Oct/2025:02:56:27 +0000] "HEAD /d1/173/AUTH_05767d505aaf43319487a6b9507a32c6/gnocchi.b424f0a4-c8b9-44cc-ba42-ee64012877d4" 204 - "HEAD http://172.18.0.2:8080/v1/AUTH_05767d505aaf43319487a6b9507a32c6/gnocchi.b424f0a4-c8b9-44cc-ba42-ee64012877d4?format=json&states=listing" "tx0fcc2c63adfe44d58c57a-0068dde9db" "proxy-server 20" 0.0021 "-" 23 0
Oct 2 02:56:27 standalone proxy-server[131533]: - - 02/Oct/2025/02/56/27 HEAD /v1/AUTH_05767d505aaf43319487a6b9507a32c6/gnocchi.b424f0a4-c8b9-44cc-ba42-ee64012877d4%3Fformat%3Djson%26states%3Dlisting HTTP/1.0 204 - Swift - - - - tx0fcc2c63adfe44d58c57a-0068dde9db - 0.0053 RL - 1759373787.701447725 1759373787.706785440 0
Oct 2 02:56:27 standalone container-server[129097]: 172.20.0.100 - - [02/Oct/2025:02:56:27 +0000] "GET /d1/173/AUTH_05767d505aaf43319487a6b9507a32c6/gnocchi.b424f0a4-c8b9-44cc-ba42-ee64012877d4" 200 2 "GET http://172.18.0.2:8080/v1/AUTH_05767d505aaf43319487a6b9507a32c6/gnocchi.b424f0a4-c8b9-44cc-ba42-ee64012877d4?format=json&states=listing" "tx0fcc2c63adfe44d58c57a-0068dde9db" "proxy-server 20" 0.0023 "-" 22 0
Oct 2 02:56:27 standalone proxy-server[131533]: 172.18.0.2 172.18.0.100 02/Oct/2025/02/56/27 GET /v1/AUTH_05767d505aaf43319487a6b9507a32c6/gnocchi.b424f0a4-c8b9-44cc-ba42-ee64012877d4%3Fformat%3Djson%26states%3Dlisting HTTP/1.0 200 - python-swiftclient-3.11.1 gAAAAABo3eme6sE5... - 2 - tx0fcc2c63adfe44d58c57a-0068dde9db - 0.0155 - - 1759373787.700319529 1759373787.715797663 0
Oct 2 02:56:27 standalone object-server[129387]: 172.20.0.100 - - [02/Oct/2025:02:56:27 +0000] "GET /d1/883/AUTH_05767d505aaf43319487a6b9507a32c6/gnocchi.b424f0a4-c8b9-44cc-ba42-ee64012877d4/1759320000.0_mean_300.0_v3" 404 70 "GET http://172.18.0.2:8080/v1/AUTH_05767d505aaf43319487a6b9507a32c6/gnocchi.b424f0a4-c8b9-44cc-ba42-ee64012877d4/1759320000.0_mean_300.0_v3" "txd780b674c5bb4fa0a7a06-0068dde9db" "proxy-server 20" 0.0004 "-" 21 0
Oct 2 02:56:27 standalone proxy-server[131533]: 172.18.0.2 172.18.0.100 02/Oct/2025/02/56/27 GET /v1/AUTH_05767d505aaf43319487a6b9507a32c6/gnocchi.b424f0a4-c8b9-44cc-ba42-ee64012877d4/1759320000.0_mean_300.0_v3 HTTP/1.0 404 - python-swiftclient-3.11.1 gAAAAABo3eme6sE5... - 70 - txd780b674c5bb4fa0a7a06-0068dde9db - 0.0056 - - 1759373787.720058203 1759373787.725694656 0
Oct 2 02:56:27 standalone container-server[129103]: 172.20.0.100 - - [02/Oct/2025:02:56:27 +0000] "PUT /d1/173/AUTH_05767d505aaf43319487a6b9507a32c6/gnocchi.b424f0a4-c8b9-44cc-ba42-ee64012877d4/1759320000.0_mean_300.0_v3" 201 - "PUT http://172.18.0.2:8080/d1/883/AUTH_05767d505aaf43319487a6b9507a32c6/gnocchi.b424f0a4-c8b9-44cc-ba42-ee64012877d4/1759320000.0_mean_300.0_v3" "txa6d2c91b8768439f98dfa-0068dde9db" "object-server 20" 0.0007 "-" 23 0
Oct 2 02:56:27 standalone object-server[129386]: 172.20.0.100 - - [02/Oct/2025:02:56:27 +0000] "PUT /d1/883/AUTH_05767d505aaf43319487a6b9507a32c6/gnocchi.b424f0a4-c8b9-44cc-ba42-ee64012877d4/1759320000.0_mean_300.0_v3" 201 - "PUT http://172.18.0.2:8080/v1/AUTH_05767d505aaf43319487a6b9507a32c6/gnocchi.b424f0a4-c8b9-44cc-ba42-ee64012877d4/1759320000.0_mean_300.0_v3" "txa6d2c91b8768439f98dfa-0068dde9db" "proxy-server 20" 0.0146 "-" 20 0
Oct 2 02:56:27 standalone proxy-server[131533]: 172.18.0.2 172.18.0.100 02/Oct/2025/02/56/27 PUT /v1/AUTH_05767d505aaf43319487a6b9507a32c6/gnocchi.b424f0a4-c8b9-44cc-ba42-ee64012877d4/1759320000.0_mean_300.0_v3 HTTP/1.0 201 - python-swiftclient-3.11.1 gAAAAABo3eme6sE5... 16 - - txa6d2c91b8768439f98dfa-0068dde9db - 0.0202 - - 1759373787.728883505 1759373787.749098539 0
Oct 2 02:56:27 standalone container-server[129097]: 172.20.0.100 - - [02/Oct/2025:02:56:27 +0000] "PUT /d1/173/AUTH_05767d505aaf43319487a6b9507a32c6/gnocchi.b424f0a4-c8b9-44cc-ba42-ee64012877d4/none_v3" 201 - "PUT http://172.18.0.2:8080/d1/221/AUTH_05767d505aaf43319487a6b9507a32c6/gnocchi.b424f0a4-c8b9-44cc-ba42-ee64012877d4/none_v3" "txb4d854d44bb74b648e12f-0068dde9db" "object-server 21" 0.0006 "-" 22 0
Oct 2 02:56:27 standalone object-server[129387]: 172.20.0.100 - - [02/Oct/2025:02:56:27 +0000] "PUT /d1/221/AUTH_05767d505aaf43319487a6b9507a32c6/gnocchi.b424f0a4-c8b9-44cc-ba42-ee64012877d4/none_v3" 201 - "PUT http://172.18.0.2:8080/v1/AUTH_05767d505aaf43319487a6b9507a32c6/gnocchi.b424f0a4-c8b9-44cc-ba42-ee64012877d4/none_v3" "txb4d854d44bb74b648e12f-0068dde9db" "proxy-server 20" 0.0083 "-" 21 0
Oct 2 02:56:27 standalone proxy-server[131533]: 172.18.0.2 172.18.0.100 02/Oct/2025/02/56/27 PUT /v1/AUTH_05767d505aaf43319487a6b9507a32c6/gnocchi.b424f0a4-c8b9-44cc-ba42-ee64012877d4/none_v3 HTTP/1.0 201 - python-swiftclient-3.11.1 gAAAAABo3eme6sE5... 22 - - txb4d854d44bb74b648e12f-0068dde9db - 0.0135 - - 1759373787.752191305 1759373787.765693665 0
Oct 2 02:56:36 standalone container-server[129103]: 172.20.0.100 - - [02/Oct/2025:02:56:36 +0000] "HEAD /d1/112/AUTH_05767d505aaf43319487a6b9507a32c6/gnocchi.a8b24388-ce31-406e-a425-378fe9d125a0" 404 - "HEAD http://172.18.0.2:8080/v1/AUTH_05767d505aaf43319487a6b9507a32c6/gnocchi.a8b24388-ce31-406e-a425-378fe9d125a0?format=json&states=listing" "tx6a81dd0393a5484a877d1-0068dde9e4" "proxy-server 20" 0.0006 "-" 23 0
Oct 2 02:56:36 standalone object-server[129386]: 172.20.0.100 - - [02/Oct/2025:02:56:36 +0000] "GET /d1/106/AUTH_05767d505aaf43319487a6b9507a32c6/gnocchi.a8b24388-ce31-406e-a425-378fe9d125a0/none_v3" 404 70 "GET http://172.18.0.2:8080/v1/AUTH_05767d505aaf43319487a6b9507a32c6/gnocchi.a8b24388-ce31-406e-a425-378fe9d125a0/none_v3" "tx6a81dd0393a5484a877d1-0068dde9e4" "proxy-server 20" 0.0009 "-" 20 0
Oct 2 02:56:36 standalone proxy-server[131533]: 172.18.0.2 172.18.0.100 02/Oct/2025/02/56/36 GET /v1/AUTH_05767d505aaf43319487a6b9507a32c6/gnocchi.a8b24388-ce31-406e-a425-378fe9d125a0/none_v3 HTTP/1.0 404 - python-swiftclient-3.11.1 gAAAAABo3eme6sE5... - 70 - tx6a81dd0393a5484a877d1-0068dde9e4 - 0.0170 - - 1759373796.242365360 1759373796.259403467 0
Oct 2 02:56:36 standalone account-server[129087]: 172.20.0.100 - - [02/Oct/2025:02:56:36 +0000] "PUT /d1/172/AUTH_05767d505aaf43319487a6b9507a32c6/gnocchi.a8b24388-ce31-406e-a425-378fe9d125a0" 201 - "PUT http://172.20.0.100:6001/d1/112/AUTH_05767d505aaf43319487a6b9507a32c6/gnocchi.a8b24388-ce31-406e-a425-378fe9d125a0" "tx3a242a434bc54f54ae3df-0068dde9e4" "container-server 23" 0.0087 "-" 23 0
Oct 2 02:56:36 standalone container-server[129103]: 172.20.0.100 - - [02/Oct/2025:02:56:36 +0000] "PUT /d1/112/AUTH_05767d505aaf43319487a6b9507a32c6/gnocchi.a8b24388-ce31-406e-a425-378fe9d125a0" 201 - "PUT http://172.18.0.2:8080/v1/AUTH_05767d505aaf43319487a6b9507a32c6/gnocchi.a8b24388-ce31-406e-a425-378fe9d125a0" "tx3a242a434bc54f54ae3df-0068dde9e4" "proxy-server 20" 0.0239 "-" 23 0
Oct 2 02:56:36 standalone proxy-server[131533]: 172.18.0.2 172.18.0.100 02/Oct/2025/02/56/36 PUT /v1/AUTH_05767d505aaf43319487a6b9507a32c6/gnocchi.a8b24388-ce31-406e-a425-378fe9d125a0 HTTP/1.0 201 - python-swiftclient-3.11.1 gAAAAABo3eme6sE5... - - - tx3a242a434bc54f54ae3df-0068dde9e4 - 0.0323 - - 1759373796.263181686 1759373796.295530796 0
Oct 2 02:56:36 standalone container-server[129089]: 172.20.0.100 - - [02/Oct/2025:02:56:36 +0000] "HEAD /d1/112/AUTH_05767d505aaf43319487a6b9507a32c6/gnocchi.a8b24388-ce31-406e-a425-378fe9d125a0" 204 - "HEAD http://172.18.0.2:8080/v1/AUTH_05767d505aaf43319487a6b9507a32c6/gnocchi.a8b24388-ce31-406e-a425-378fe9d125a0?format=json&states=listing" "txddd8d913ec1f4f53a7bca-0068dde9e4" "proxy-server 20" 0.0036 "-" 19 0
Oct 2 02:56:36 standalone proxy-server[131533]: - - 02/Oct/2025/02/56/36 HEAD /v1/AUTH_05767d505aaf43319487a6b9507a32c6/gnocchi.a8b24388-ce31-406e-a425-378fe9d125a0%3Fformat%3Djson%26states%3Dlisting HTTP/1.0 204 - Swift - - - - txddd8d913ec1f4f53a7bca-0068dde9e4 - 0.0108 RL - 1759373796.302117825 1759373796.312925339 0
Oct 2 02:56:36 standalone container-server[129097]: 172.20.0.100 - - [02/Oct/2025:02:56:36 +0000] "GET /d1/112/AUTH_05767d505aaf43319487a6b9507a32c6/gnocchi.a8b24388-ce31-406e-a425-378fe9d125a0" 200 2 "GET http://172.18.0.2:8080/v1/AUTH_05767d505aaf43319487a6b9507a32c6/gnocchi.a8b24388-ce31-406e-a425-378fe9d125a0?format=json&states=listing" "txddd8d913ec1f4f53a7bca-0068dde9e4" "proxy-server 20" 0.0040 "-" 22 0
Oct 2 02:56:36 standalone proxy-server[131533]: 172.18.0.2 172.18.0.100 02/Oct/2025/02/56/36 GET /v1/AUTH_05767d505aaf43319487a6b9507a32c6/gnocchi.a8b24388-ce31-406e-a425-378fe9d125a0%3Fformat%3Djson%26states%3Dlisting HTTP/1.0 200 - python-swiftclient-3.11.1 gAAAAABo3eme6sE5... - 2 - txddd8d913ec1f4f53a7bca-0068dde9e4 - 0.0269 - - 1759373796.300085068 1759373796.326981783 0
Oct 2 02:56:36 standalone object-server[129385]: 172.20.0.100 - - [02/Oct/2025:02:56:36 +0000] "GET /d1/220/AUTH_05767d505aaf43319487a6b9507a32c6/gnocchi.a8b24388-ce31-406e-a425-378fe9d125a0/1759320000.0_mean_300.0_v3" 404 70 "GET http://172.18.0.2:8080/v1/AUTH_05767d505aaf43319487a6b9507a32c6/gnocchi.a8b24388-ce31-406e-a425-378fe9d125a0/1759320000.0_mean_300.0_v3" "tx26d0cc2b564b41df8c31b-0068dde9e4" "proxy-server 20" 0.0004 "-" 19 0
Oct 2 02:56:36 standalone proxy-server[131533]: 172.18.0.2 172.18.0.100 02/Oct/2025/02/56/36 GET /v1/AUTH_05767d505aaf43319487a6b9507a32c6/gnocchi.a8b24388-ce31-406e-a425-378fe9d125a0/1759320000.0_mean_300.0_v3 HTTP/1.0 404 - python-swiftclient-3.11.1 gAAAAABo3eme6sE5... - 70 - tx26d0cc2b564b41df8c31b-0068dde9e4 - 0.0091 - - 1759373796.331882954 1759373796.340992928 0
Oct 2 02:56:36 standalone container-server[129089]: 172.20.0.100 - - [02/Oct/2025:02:56:36 +0000] "PUT /d1/112/AUTH_05767d505aaf43319487a6b9507a32c6/gnocchi.a8b24388-ce31-406e-a425-378fe9d125a0/1759320000.0_mean_300.0_v3" 201 - "PUT http://172.18.0.2:8080/d1/220/AUTH_05767d505aaf43319487a6b9507a32c6/gnocchi.a8b24388-ce31-406e-a425-378fe9d125a0/1759320000.0_mean_300.0_v3" "tx25c71b10595149b3bcded-0068dde9e4" "object-server 19" 0.0015 "-" 19 0
Oct 2 02:56:36 standalone object-server[129385]: 172.20.0.100 - - [02/Oct/2025:02:56:36 +0000] "PUT /d1/220/AUTH_05767d505aaf43319487a6b9507a32c6/gnocchi.a8b24388-ce31-406e-a425-378fe9d125a0/1759320000.0_mean_300.0_v3" 201 - "PUT http://172.18.0.2:8080/v1/AUTH_05767d505aaf43319487a6b9507a32c6/gnocchi.a8b24388-ce31-406e-a425-378fe9d125a0/1759320000.0_mean_300.0_v3" "tx25c71b10595149b3bcded-0068dde9e4" "proxy-server 20" 0.0143 "-" 19 0
Oct 2 02:56:36 standalone proxy-server[131533]: 172.18.0.2 172.18.0.100 02/Oct/2025/02/56/36 PUT /v1/AUTH_05767d505aaf43319487a6b9507a32c6/gnocchi.a8b24388-ce31-406e-a425-378fe9d125a0/1759320000.0_mean_300.0_v3 HTTP/1.0 201 - python-swiftclient-3.11.1 gAAAAABo3eme6sE5... 16 - - tx25c71b10595149b3bcded-0068dde9e4 - 0.0241 - - 1759373796.344394207 1759373796.368543148 0
Oct 2 02:56:36 standalone container-server[129091]: 172.20.0.100 - - [02/Oct/2025:02:56:36 +0000] "PUT /d1/112/AUTH_05767d505aaf43319487a6b9507a32c6/gnocchi.a8b24388-ce31-406e-a425-378fe9d125a0/none_v3" 201 - "PUT http://172.18.0.2:8080/d1/106/AUTH_05767d505aaf43319487a6b9507a32c6/gnocchi.a8b24388-ce31-406e-a425-378fe9d125a0/none_v3" "tx8444c3ecae484c53911a1-0068dde9e4" "object-server 20" 0.0008 "-" 20 0
Oct 2 02:56:36 standalone object-server[129386]: 172.20.0.100 - - [02/Oct/2025:02:56:36 +0000] "PUT /d1/106/AUTH_05767d505aaf43319487a6b9507a32c6/gnocchi.a8b24388-ce31-406e-a425-378fe9d125a0/none_v3" 201 - "PUT http://172.18.0.2:8080/v1/AUTH_05767d505aaf43319487a6b9507a32c6/gnocchi.a8b24388-ce31-406e-a425-378fe9d125a0/none_v3" "tx8444c3ecae484c53911a1-0068dde9e4" "proxy-server 20" 0.0143 "-" 20 0
Oct 2 02:56:36 standalone proxy-server[131533]: 172.18.0.2 172.18.0.100 02/Oct/2025/02/56/36 PUT /v1/AUTH_05767d505aaf43319487a6b9507a32c6/gnocchi.a8b24388-ce31-406e-a425-378fe9d125a0/none_v3 HTTP/1.0 201 - python-swiftclient-3.11.1 gAAAAABo3eme6sE5... 22 - - tx8444c3ecae484c53911a1-0068dde9e4 - 0.0256 - - 1759373796.372274876 1759373796.397907257 0
Oct 2 02:56:36 standalone container-server[129091]: 172.20.0.100 - - [02/Oct/2025:02:56:36 +0000] "HEAD /d1/224/AUTH_05767d505aaf43319487a6b9507a32c6/gnocchi.ef2d7d86-5560-49f5-a422-971fd587277c" 404 - "HEAD http://172.18.0.2:8080/v1/AUTH_05767d505aaf43319487a6b9507a32c6/gnocchi.ef2d7d86-5560-49f5-a422-971fd587277c?format=json&states=listing" "tx2b9072506195420d92f97-0068dde9e4" "proxy-server 20" 0.0006 "-" 20 0
Oct 2 02:56:36 standalone object-server[129385]: 172.20.0.100 - - [02/Oct/2025:02:56:36 +0000] "GET /d1/1011/AUTH_05767d505aaf43319487a6b9507a32c6/gnocchi.ef2d7d86-5560-49f5-a422-971fd587277c/none_v3" 404 70 "GET http://172.18.0.2:8080/v1/AUTH_05767d505aaf43319487a6b9507a32c6/gnocchi.ef2d7d86-5560-49f5-a422-971fd587277c/none_v3" "tx2b9072506195420d92f97-0068dde9e4" "proxy-server 20" 0.0006 "-" 19 0
Oct 2 02:56:36 standalone proxy-server[131533]: 172.18.0.2 172.18.0.100 02/Oct/2025/02/56/36 GET /v1/AUTH_05767d505aaf43319487a6b9507a32c6/gnocchi.ef2d7d86-5560-49f5-a422-971fd587277c/none_v3 HTTP/1.0 404 - python-swiftclient-3.11.1 gAAAAABo3eme6sE5... - 70 - tx2b9072506195420d92f97-0068dde9e4 - 0.0139 - - 1759373796.422241449 1759373796.436146736 0
Oct 2 02:56:36 standalone account-server[129070]: 172.20.0.100 - - [02/Oct/2025:02:56:36 +0000] "PUT /d1/172/AUTH_05767d505aaf43319487a6b9507a32c6/gnocchi.ef2d7d86-5560-49f5-a422-971fd587277c" 201 - "PUT http://172.20.0.100:6001/d1/224/AUTH_05767d505aaf43319487a6b9507a32c6/gnocchi.ef2d7d86-5560-49f5-a422-971fd587277c" "tx1200888356744d7287afa-0068dde9e4" "container-server 23" 0.0087 "-" 20 0
Oct 2 02:56:36 standalone container-server[129103]: 172.20.0.100 - - [02/Oct/2025:02:56:36 +0000] "PUT /d1/224/AUTH_05767d505aaf43319487a6b9507a32c6/gnocchi.ef2d7d86-5560-49f5-a422-971fd587277c" 201 - "PUT http://172.18.0.2:8080/v1/AUTH_05767d505aaf43319487a6b9507a32c6/gnocchi.ef2d7d86-5560-49f5-a422-971fd587277c" "tx1200888356744d7287afa-0068dde9e4" "proxy-server 20" 0.0270 "-" 23 0
Oct 2 02:56:36 standalone proxy-server[131533]: 172.18.0.2 172.18.0.100 02/Oct/2025/02/56/36 PUT /v1/AUTH_05767d505aaf43319487a6b9507a32c6/gnocchi.ef2d7d86-5560-49f5-a422-971fd587277c HTTP/1.0 201 - python-swiftclient-3.11.1 gAAAAABo3eme6sE5... - - - tx1200888356744d7287afa-0068dde9e4 - 0.0343 - - 1759373796.441254616 1759373796.475523472 0
Oct 2 02:56:36 standalone container-server[129097]: 172.20.0.100 - - [02/Oct/2025:02:56:36 +0000] "HEAD /d1/224/AUTH_05767d505aaf43319487a6b9507a32c6/gnocchi.ef2d7d86-5560-49f5-a422-971fd587277c" 204 - "HEAD http://172.18.0.2:8080/v1/AUTH_05767d505aaf43319487a6b9507a32c6/gnocchi.ef2d7d86-5560-49f5-a422-971fd587277c?format=json&states=listing" "tx1f9759c456004e40b73e5-0068dde9e4" "proxy-server 20" 0.0034 "-" 22 0
Oct 2 02:56:36 standalone proxy-server[131533]: - - 02/Oct/2025/02/56/36 HEAD /v1/AUTH_05767d505aaf43319487a6b9507a32c6/gnocchi.ef2d7d86-5560-49f5-a422-971fd587277c%3Fformat%3Djson%26states%3Dlisting HTTP/1.0 204 - Swift - - - - tx1f9759c456004e40b73e5-0068dde9e4 - 0.0082 RL - 1759373796.483574390 1759373796.491791725 0
Oct 2 02:56:36 standalone container-server[129103]: 172.20.0.100 - - [02/Oct/2025:02:56:36 +0000] "GET /d1/224/AUTH_05767d505aaf43319487a6b9507a32c6/gnocchi.ef2d7d86-5560-49f5-a422-971fd587277c" 200 2 "GET http://172.18.0.2:8080/v1/AUTH_05767d505aaf43319487a6b9507a32c6/gnocchi.ef2d7d86-5560-49f5-a422-971fd587277c?format=json&states=listing" "tx1f9759c456004e40b73e5-0068dde9e4" "proxy-server 20" 0.0135 "-" 23 0
Oct 2 02:56:36 standalone proxy-server[131533]: 172.18.0.2 172.18.0.100 02/Oct/2025/02/56/36 GET /v1/AUTH_05767d505aaf43319487a6b9507a32c6/gnocchi.ef2d7d86-5560-49f5-a422-971fd587277c%3Fformat%3Djson%26states%3Dlisting HTTP/1.0 200 - python-swiftclient-3.11.1 gAAAAABo3eme6sE5... - 2 - tx1f9759c456004e40b73e5-0068dde9e4 - 0.0360 - - 1759373796.482330799 1759373796.518364429 0
Oct 2 02:56:36 standalone object-server[129384]: 172.20.0.100 - - [02/Oct/2025:02:56:36 +0000] "GET /d1/760/AUTH_05767d505aaf43319487a6b9507a32c6/gnocchi.ef2d7d86-5560-49f5-a422-971fd587277c/1759320000.0_mean_300.0_v3" 404 70 "GET http://172.18.0.2:8080/v1/AUTH_05767d505aaf43319487a6b9507a32c6/gnocchi.ef2d7d86-5560-49f5-a422-971fd587277c/1759320000.0_mean_300.0_v3" "tx77c7cafe71d74c9198483-0068dde9e4" "proxy-server 20" 0.0004 "-" 18 0
Oct 2 02:56:36 standalone proxy-server[131533]: 172.18.0.2 172.18.0.100 02/Oct/2025/02/56/36 GET /v1/AUTH_05767d505aaf43319487a6b9507a32c6/gnocchi.ef2d7d86-5560-49f5-a422-971fd587277c/1759320000.0_mean_300.0_v3 HTTP/1.0 404 - python-swiftclient-3.11.1 gAAAAABo3eme6sE5... - 70 - tx77c7cafe71d74c9198483-0068dde9e4 - 0.0086 - - 1759373796.527533770 1759373796.536141634 0
Oct 2 02:56:36 standalone container-server[129097]: 172.20.0.100 - - [02/Oct/2025:02:56:36 +0000] "PUT /d1/224/AUTH_05767d505aaf43319487a6b9507a32c6/gnocchi.ef2d7d86-5560-49f5-a422-971fd587277c/1759320000.0_mean_300.0_v3" 201 - "PUT http://172.18.0.2:8080/d1/760/AUTH_05767d505aaf43319487a6b9507a32c6/gnocchi.ef2d7d86-5560-49f5-a422-971fd587277c/1759320000.0_mean_300.0_v3" "txf27be2d9d0554692be35b-0068dde9e4" "object-server 19" 0.0009 "-" 22 0
