Jan 27 16:24:09 standalone object-server[127742]: 172.20.0.100 - - [27/Jan/2026:16:24:09 +0000] "GET /d1/192/AUTH_f710e03ba52a4857a1ae10860ed8a0ab/gnocchi.b60e66a9-2114-4836-8566-c90d5248dad1/1769040000.0_mean_300.0_v3" 404 70 "GET http://172.18.0.2:8080/v1/AUTH_f710e03ba52a4857a1ae10860ed8a0ab/gnocchi.b60e66a9-2114-4836-8566-c90d5248dad1/1769040000.0_mean_300.0_v3" "txeed999e72f31409aa3460-006978e6a9" "proxy-server 20" 0.0007 "-" 19 0
Jan 27 16:24:09 standalone proxy-server[129382]: 172.18.0.2 172.18.0.100 27/Jan/2026/16/24/09 GET /v1/AUTH_f710e03ba52a4857a1ae10860ed8a0ab/gnocchi.b60e66a9-2114-4836-8566-c90d5248dad1/1769040000.0_mean_300.0_v3 HTTP/1.0 404 - python-swiftclient-3.11.1 gAAAAABpeOZl8ZCJ... - 70 - txeed999e72f31409aa3460-006978e6a9 - 0.0076 - - 1769531049.617142677 1769531049.624740362 0
Jan 27 16:24:09 standalone container-server[127493]: 172.20.0.100 - - [27/Jan/2026:16:24:09 +0000] "PUT /d1/260/AUTH_f710e03ba52a4857a1ae10860ed8a0ab/gnocchi.b60e66a9-2114-4836-8566-c90d5248dad1/1769040000.0_mean_300.0_v3" 201 - "PUT http://172.18.0.2:8080/d1/192/AUTH_f710e03ba52a4857a1ae10860ed8a0ab/gnocchi.b60e66a9-2114-4836-8566-c90d5248dad1/1769040000.0_mean_300.0_v3" "tx463878874ae043fe86a14-006978e6a9" "object-server 19" 0.0008 "-" 17 0
Jan 27 16:24:09 standalone object-server[127742]: 172.20.0.100 - - [27/Jan/2026:16:24:09 +0000] "PUT /d1/192/AUTH_f710e03ba52a4857a1ae10860ed8a0ab/gnocchi.b60e66a9-2114-4836-8566-c90d5248dad1/1769040000.0_mean_300.0_v3" 201 - "PUT http://172.18.0.2:8080/v1/AUTH_f710e03ba52a4857a1ae10860ed8a0ab/gnocchi.b60e66a9-2114-4836-8566-c90d5248dad1/1769040000.0_mean_300.0_v3" "tx463878874ae043fe86a14-006978e6a9" "proxy-server 20" 0.0178 "-" 19 0
Jan 27 16:24:09 standalone proxy-server[129382]: 172.18.0.2 172.18.0.100 27/Jan/2026/16/24/09 PUT /v1/AUTH_f710e03ba52a4857a1ae10860ed8a0ab/gnocchi.b60e66a9-2114-4836-8566-c90d5248dad1/1769040000.0_mean_300.0_v3 HTTP/1.0 201 - python-swiftclient-3.11.1 gAAAAABpeOZl8ZCJ... 16 - - tx463878874ae043fe86a14-006978e6a9 - 0.0249 - - 1769531049.630109072 1769531049.654996395 0
Jan 27 16:24:09 standalone container-server[127479]: 172.20.0.100 - - [27/Jan/2026:16:24:09 +0000] "PUT /d1/260/AUTH_f710e03ba52a4857a1ae10860ed8a0ab/gnocchi.b60e66a9-2114-4836-8566-c90d5248dad1/none_v3" 201 - "PUT http://172.18.0.2:8080/d1/529/AUTH_f710e03ba52a4857a1ae10860ed8a0ab/gnocchi.b60e66a9-2114-4836-8566-c90d5248dad1/none_v3" "txf0f3ea03aeca48388ea4d-006978e6a9" "object-server 19" 0.0012 "-" 15 0
Jan 27 16:24:09 standalone object-server[127742]: 172.20.0.100 - - [27/Jan/2026:16:24:09 +0000] "PUT /d1/529/AUTH_f710e03ba52a4857a1ae10860ed8a0ab/gnocchi.b60e66a9-2114-4836-8566-c90d5248dad1/none_v3" 201 - "PUT http://172.18.0.2:8080/v1/AUTH_f710e03ba52a4857a1ae10860ed8a0ab/gnocchi.b60e66a9-2114-4836-8566-c90d5248dad1/none_v3" "txf0f3ea03aeca48388ea4d-006978e6a9" "proxy-server 20" 0.0178 "-" 19 0
Jan 27 16:24:09 standalone proxy-server[129382]: 172.18.0.2 172.18.0.100 27/Jan/2026/16/24/09 PUT /v1/AUTH_f710e03ba52a4857a1ae10860ed8a0ab/gnocchi.b60e66a9-2114-4836-8566-c90d5248dad1/none_v3 HTTP/1.0 201 - python-swiftclient-3.11.1 gAAAAABpeOZl8ZCJ... 22 - - txf0f3ea03aeca48388ea4d-006978e6a9 - 0.0253 - - 1769531049.658912659 1769531049.684176683 0
Jan 27 16:24:09 standalone container-server[127492]: 172.20.0.100 - - [27/Jan/2026:16:24:09 +0000] "HEAD /d1/618/AUTH_f710e03ba52a4857a1ae10860ed8a0ab/gnocchi.9629edfb-2ec5-47c0-8b6d-49f403e6fc87" 404 - "HEAD http://172.18.0.2:8080/v1/AUTH_f710e03ba52a4857a1ae10860ed8a0ab/gnocchi.9629edfb-2ec5-47c0-8b6d-49f403e6fc87?format=json&states=listing" "tx399cb291b847453291e21-006978e6a9" "proxy-server 20" 0.0005 "-" 16 0
Jan 27 16:24:09 standalone object-server[127746]: 172.20.0.100 - - [27/Jan/2026:16:24:09 +0000] "GET /d1/979/AUTH_f710e03ba52a4857a1ae10860ed8a0ab/gnocchi.9629edfb-2ec5-47c0-8b6d-49f403e6fc87/none_v3" 404 70 "GET http://172.18.0.2:8080/v1/AUTH_f710e03ba52a4857a1ae10860ed8a0ab/gnocchi.9629edfb-2ec5-47c0-8b6d-49f403e6fc87/none_v3" "tx399cb291b847453291e21-006978e6a9" "proxy-server 20" 0.0005 "-" 22 0
Jan 27 16:24:09 standalone proxy-server[129382]: 172.18.0.2 172.18.0.100 27/Jan/2026/16/24/09 GET /v1/AUTH_f710e03ba52a4857a1ae10860ed8a0ab/gnocchi.9629edfb-2ec5-47c0-8b6d-49f403e6fc87/none_v3 HTTP/1.0 404 - python-swiftclient-3.11.1 gAAAAABpeOZl8ZCJ... - 70 - tx399cb291b847453291e21-006978e6a9 - 0.0112 - - 1769531049.699594259 1769531049.710820913 0
Jan 27 16:24:09 standalone account-server[127474]: 172.20.0.100 - - [27/Jan/2026:16:24:09 +0000] "PUT /d1/323/AUTH_f710e03ba52a4857a1ae10860ed8a0ab/gnocchi.9629edfb-2ec5-47c0-8b6d-49f403e6fc87" 201 - "PUT http://172.20.0.100:6001/d1/618/AUTH_f710e03ba52a4857a1ae10860ed8a0ab/gnocchi.9629edfb-2ec5-47c0-8b6d-49f403e6fc87" "txb3ff8165c89d4f53abe41-006978e6a9" "container-server 16" 0.0049 "-" 16 0
Jan 27 16:24:09 standalone container-server[127492]: 172.20.0.100 - - [27/Jan/2026:16:24:09 +0000] "PUT /d1/618/AUTH_f710e03ba52a4857a1ae10860ed8a0ab/gnocchi.9629edfb-2ec5-47c0-8b6d-49f403e6fc87" 201 - "PUT http://172.18.0.2:8080/v1/AUTH_f710e03ba52a4857a1ae10860ed8a0ab/gnocchi.9629edfb-2ec5-47c0-8b6d-49f403e6fc87" "txb3ff8165c89d4f53abe41-006978e6a9" "proxy-server 20" 0.0178 "-" 16 0
Jan 27 16:24:09 standalone proxy-server[129382]: 172.18.0.2 172.18.0.100 27/Jan/2026/16/24/09 PUT /v1/AUTH_f710e03ba52a4857a1ae10860ed8a0ab/gnocchi.9629edfb-2ec5-47c0-8b6d-49f403e6fc87 HTTP/1.0 201 - python-swiftclient-3.11.1 gAAAAABpeOZl8ZCJ... - - - txb3ff8165c89d4f53abe41-006978e6a9 - 0.0232 - - 1769531049.713467121 1769531049.736675024 0
Jan 27 16:24:09 standalone container-server[127492]: 172.20.0.100 - - [27/Jan/2026:16:24:09 +0000] "HEAD /d1/618/AUTH_f710e03ba52a4857a1ae10860ed8a0ab/gnocchi.9629edfb-2ec5-47c0-8b6d-49f403e6fc87" 204 - "HEAD http://172.18.0.2:8080/v1/AUTH_f710e03ba52a4857a1ae10860ed8a0ab/gnocchi.9629edfb-2ec5-47c0-8b6d-49f403e6fc87?format=json&states=listing" "txdfa66977524a4d11a44e9-006978e6a9" "proxy-server 20" 0.0018 "-" 16 0
Jan 27 16:24:09 standalone proxy-server[129382]: - - 27/Jan/2026/16/24/09 HEAD /v1/AUTH_f710e03ba52a4857a1ae10860ed8a0ab/gnocchi.9629edfb-2ec5-47c0-8b6d-49f403e6fc87%3Fformat%3Djson%26states%3Dlisting HTTP/1.0 204 - Swift - - - - txdfa66977524a4d11a44e9-006978e6a9 - 0.0138 RL - 1769531049.755247355 1769531049.769009352 0
Jan 27 16:24:09 standalone container-server[127492]: 172.20.0.100 - - [27/Jan/2026:16:24:09 +0000] "GET /d1/618/AUTH_f710e03ba52a4857a1ae10860ed8a0ab/gnocchi.9629edfb-2ec5-47c0-8b6d-49f403e6fc87" 200 2 "GET http://172.18.0.2:8080/v1/AUTH_f710e03ba52a4857a1ae10860ed8a0ab/gnocchi.9629edfb-2ec5-47c0-8b6d-49f403e6fc87?format=json&states=listing" "txdfa66977524a4d11a44e9-006978e6a9" "proxy-server 20" 0.0033 "-" 16 0
Jan 27 16:24:09 standalone proxy-server[129382]: 172.18.0.2 172.18.0.100 27/Jan/2026/16/24/09 GET /v1/AUTH_f710e03ba52a4857a1ae10860ed8a0ab/gnocchi.9629edfb-2ec5-47c0-8b6d-49f403e6fc87%3Fformat%3Djson%26states%3Dlisting HTTP/1.0 200 - python-swiftclient-3.11.1 gAAAAABpeOZl8ZCJ... - 2 - txdfa66977524a4d11a44e9-006978e6a9 - 0.0304 - - 1769531049.751539707 1769531049.781908274 0
Jan 27 16:24:09 standalone object-server[127742]: 172.20.0.100 - - [27/Jan/2026:16:24:09 +0000] "GET /d1/342/AUTH_f710e03ba52a4857a1ae10860ed8a0ab/gnocchi.9629edfb-2ec5-47c0-8b6d-49f403e6fc87/1769040000.0_mean_300.0_v3" 404 70 "GET http://172.18.0.2:8080/v1/AUTH_f710e03ba52a4857a1ae10860ed8a0ab/gnocchi.9629edfb-2ec5-47c0-8b6d-49f403e6fc87/1769040000.0_mean_300.0_v3" "tx94a1802a48f0487b8e53a-006978e6a9" "proxy-server 20" 0.0004 "-" 19 0
Jan 27 16:24:09 standalone proxy-server[129382]: 172.18.0.2 172.18.0.100 27/Jan/2026/16/24/09 GET /v1/AUTH_f710e03ba52a4857a1ae10860ed8a0ab/gnocchi.9629edfb-2ec5-47c0-8b6d-49f403e6fc87/1769040000.0_mean_300.0_v3 HTTP/1.0 404 - python-swiftclient-3.11.1 gAAAAABpeOZl8ZCJ... - 70 - tx94a1802a48f0487b8e53a-006978e6a9 - 0.0096 - - 1769531049.792674780 1769531049.802304983 0
Jan 27 16:24:09 standalone container-server[127473]: 172.20.0.100 - - [27/Jan/2026:16:24:09 +0000] "PUT /d1/618/AUTH_f710e03ba52a4857a1ae10860ed8a0ab/gnocchi.9629edfb-2ec5-47c0-8b6d-49f403e6fc87/1769040000.0_mean_300.0_v3" 201 - "PUT http://172.18.0.2:8080/d1/342/AUTH_f710e03ba52a4857a1ae10860ed8a0ab/gnocchi.9629edfb-2ec5-47c0-8b6d-49f403e6fc87/1769040000.0_mean_300.0_v3" "tx6498b66f0ea4470abc351-006978e6a9" "object-server 22" 0.0012 "-" 14 0
Jan 27 16:24:09 standalone object-server[127746]: 172.20.0.100 - - [27/Jan/2026:16:24:09 +0000] "PUT /d1/342/AUTH_f710e03ba52a4857a1ae10860ed8a0ab/gnocchi.9629edfb-2ec5-47c0-8b6d-49f403e6fc87/1769040000.0_mean_300.0_v3" 201 - "PUT http://172.18.0.2:8080/v1/AUTH_f710e03ba52a4857a1ae10860ed8a0ab/gnocchi.9629edfb-2ec5-47c0-8b6d-49f403e6fc87/1769040000.0_mean_300.0_v3" "tx6498b66f0ea4470abc351-006978e6a9" "proxy-server 20" 0.0221 "-" 22 0
Jan 27 16:24:09 standalone proxy-server[129382]: 172.18.0.2 172.18.0.100 27/Jan/2026/16/24/09 PUT /v1/AUTH_f710e03ba52a4857a1ae10860ed8a0ab/gnocchi.9629edfb-2ec5-47c0-8b6d-49f403e6fc87/1769040000.0_mean_300.0_v3 HTTP/1.0 201 - python-swiftclient-3.11.1 gAAAAABpeOZl8ZCJ... 16 - - tx6498b66f0ea4470abc351-006978e6a9 - 0.0349 - - 1769531049.807602882 1769531049.842550516 0
Jan 27 16:24:09 standalone container-server[127473]: 172.20.0.100 - - [27/Jan/2026:16:24:09 +0000] "PUT /d1/618/AUTH_f710e03ba52a4857a1ae10860ed8a0ab/gnocchi.9629edfb-2ec5-47c0-8b6d-49f403e6fc87/none_v3" 201 - "PUT http://172.18.0.2:8080/d1/979/AUTH_f710e03ba52a4857a1ae10860ed8a0ab/gnocchi.9629edfb-2ec5-47c0-8b6d-49f403e6fc87/none_v3" "tx62437a10f21746e0819bf-006978e6a9" "object-server 22" 0.0006 "-" 14 0
Jan 27 16:24:09 standalone object-server[127746]: 172.20.0.100 - - [27/Jan/2026:16:24:09 +0000] "PUT /d1/979/AUTH_f710e03ba52a4857a1ae10860ed8a0ab/gnocchi.9629edfb-2ec5-47c0-8b6d-49f403e6fc87/none_v3" 201 - "PUT http://172.18.0.2:8080/v1/AUTH_f710e03ba52a4857a1ae10860ed8a0ab/gnocchi.9629edfb-2ec5-47c0-8b6d-49f403e6fc87/none_v3" "tx62437a10f21746e0819bf-006978e6a9" "proxy-server 20" 0.0156 "-" 22 0
Jan 27 16:24:09 standalone proxy-server[129382]: 172.18.0.2 172.18.0.100 27/Jan/2026/16/24/09 PUT /v1/AUTH_f710e03ba52a4857a1ae10860ed8a0ab/gnocchi.9629edfb-2ec5-47c0-8b6d-49f403e6fc87/none_v3 HTTP/1.0 201 - python-swiftclient-3.11.1 gAAAAABpeOZl8ZCJ... 22 - - tx62437a10f21746e0819bf-006978e6a9 - 0.0236 - - 1769531049.845399857 1769531049.868968964 0
Jan 27 16:24:09 standalone container-server[127473]: 172.20.0.100 - - [27/Jan/2026:16:24:09 +0000] "HEAD /d1/941/AUTH_f710e03ba52a4857a1ae10860ed8a0ab/gnocchi.158c29c6-37e8-4902-870c-b6b1dfb6c298" 404 - "HEAD http://172.18.0.2:8080/v1/AUTH_f710e03ba52a4857a1ae10860ed8a0ab/gnocchi.158c29c6-37e8-4902-870c-b6b1dfb6c298?format=json&states=listing" "tx5452cd3540ed4665afe4f-006978e6a9" "proxy-server 20" 0.0004 "-" 14 0
Jan 27 16:24:09 standalone object-server[127742]: 172.20.0.100 - - [27/Jan/2026:16:24:09 +0000] "GET /d1/1012/AUTH_f710e03ba52a4857a1ae10860ed8a0ab/gnocchi.158c29c6-37e8-4902-870c-b6b1dfb6c298/none_v3" 404 70 "GET http://172.18.0.2:8080/v1/AUTH_f710e03ba52a4857a1ae10860ed8a0ab/gnocchi.158c29c6-37e8-4902-870c-b6b1dfb6c298/none_v3" "tx5452cd3540ed4665afe4f-006978e6a9" "proxy-server 20" 0.0004 "-" 19 0
Jan 27 16:24:09 standalone proxy-server[129382]: 172.18.0.2 172.18.0.100 27/Jan/2026/16/24/09 GET /v1/AUTH_f710e03ba52a4857a1ae10860ed8a0ab/gnocchi.158c29c6-37e8-4902-870c-b6b1dfb6c298/none_v3 HTTP/1.0 404 - python-swiftclient-3.11.1 gAAAAABpeOZl8ZCJ... - 70 - tx5452cd3540ed4665afe4f-006978e6a9 - 0.0112 - - 1769531049.886818647 1769531049.898062944 0
Jan 27 16:24:09 standalone account-server[127478]: 172.20.0.100 - - [27/Jan/2026:16:24:09 +0000] "PUT /d1/323/AUTH_f710e03ba52a4857a1ae10860ed8a0ab/gnocchi.158c29c6-37e8-4902-870c-b6b1dfb6c298" 201 - "PUT http://172.20.0.100:6001/d1/941/AUTH_f710e03ba52a4857a1ae10860ed8a0ab/gnocchi.158c29c6-37e8-4902-870c-b6b1dfb6c298" "txf3de733a563c46f0bba2c-006978e6a9" "container-server 17" 0.0062 "-" 17 0
Jan 27 16:24:09 standalone container-server[127493]: 172.20.0.100 - - [27/Jan/2026:16:24:09 +0000] "PUT /d1/941/AUTH_f710e03ba52a4857a1ae10860ed8a0ab/gnocchi.158c29c6-37e8-4902-870c-b6b1dfb6c298" 201 - "PUT http://172.18.0.2:8080/v1/AUTH_f710e03ba52a4857a1ae10860ed8a0ab/gnocchi.158c29c6-37e8-4902-870c-b6b1dfb6c298" "txf3de733a563c46f0bba2c-006978e6a9" "proxy-server 20" 0.0195 "-" 17 0
Jan 27 16:24:09 standalone proxy-server[129382]: 172.18.0.2 172.18.0.100 27/Jan/2026/16/24/09 PUT /v1/AUTH_f710e03ba52a4857a1ae10860ed8a0ab/gnocchi.158c29c6-37e8-4902-870c-b6b1dfb6c298 HTTP/1.0 201 - python-swiftclient-3.11.1 gAAAAABpeOZl8ZCJ... - - - txf3de733a563c46f0bba2c-006978e6a9 - 0.0262 - - 1769531049.901619911 1769531049.927789927 0
Jan 27 16:24:09 standalone container-server[127473]: 172.20.0.100 - - [27/Jan/2026:16:24:09 +0000] "HEAD /d1/941/AUTH_f710e03ba52a4857a1ae10860ed8a0ab/gnocchi.158c29c6-37e8-4902-870c-b6b1dfb6c298" 204 - "HEAD http://172.18.0.2:8080/v1/AUTH_f710e03ba52a4857a1ae10860ed8a0ab/gnocchi.158c29c6-37e8-4902-870c-b6b1dfb6c298?format=json&states=listing" "tx3a12c5b6b52940a796ab0-006978e6a9" "proxy-server 20" 0.0030 "-" 14 0
Jan 27 16:24:09 standalone proxy-server[129382]: - - 27/Jan/2026/16/24/09 HEAD /v1/AUTH_f710e03ba52a4857a1ae10860ed8a0ab/gnocchi.158c29c6-37e8-4902-870c-b6b1dfb6c298%3Fformat%3Djson%26states%3Dlisting HTTP/1.0 204 - Swift - - - - tx3a12c5b6b52940a796ab0-006978e6a9 - 0.0083 RL - 1769531049.933570623 1769531049.941875696 0
Jan 27 16:24:09 standalone container-server[127493]: 172.20.0.100 - - [27/Jan/2026:16:24:09 +0000] "GET /d1/941/AUTH_f710e03ba52a4857a1ae10860ed8a0ab/gnocchi.158c29c6-37e8-4902-870c-b6b1dfb6c298" 200 2 "GET http://172.18.0.2:8080/v1/AUTH_f710e03ba52a4857a1ae10860ed8a0ab/gnocchi.158c29c6-37e8-4902-870c-b6b1dfb6c298?format=json&states=listing" "tx3a12c5b6b52940a796ab0-006978e6a9" "proxy-server 20" 0.0024 "-" 17 0
Jan 27 16:24:09 standalone proxy-server[129382]: 172.18.0.2 172.18.0.100 27/Jan/2026/16/24/09 GET /v1/AUTH_f710e03ba52a4857a1ae10860ed8a0ab/gnocchi.158c29c6-37e8-4902-870c-b6b1dfb6c298%3Fformat%3Djson%26states%3Dlisting HTTP/1.0 200 - python-swiftclient-3.11.1 gAAAAABpeOZl8ZCJ... - 2 - tx3a12c5b6b52940a796ab0-006978e6a9 - 0.0199 - - 1769531049.931965590 1769531049.951875925 0
Jan 27 16:24:09 standalone object-server[127749]: 172.20.0.100 - - [27/Jan/2026:16:24:09 +0000] "GET /d1/425/AUTH_f710e03ba52a4857a1ae10860ed8a0ab/gnocchi.158c29c6-37e8-4902-870c-b6b1dfb6c298/1769040000.0_mean_300.0_v3" 404 70 "GET http://172.18.0.2:8080/v1/AUTH_f710e03ba52a4857a1ae10860ed8a0ab/gnocchi.158c29c6-37e8-4902-870c-b6b1dfb6c298/1769040000.0_mean_300.0_v3" "tx6b528d1411d944e4b64ae-006978e6a9" "proxy-server 20" 0.0003 "-" 23 0
Jan 27 16:24:09 standalone proxy-server[129382]: 172.18.0.2 172.18.0.100 27/Jan/2026/16/24/09 GET /v1/AUTH_f710e03ba52a4857a1ae10860ed8a0ab/gnocchi.158c29c6-37e8-4902-870c-b6b1dfb6c298/1769040000.0_mean_300.0_v3 HTTP/1.0 404 - python-swiftclient-3.11.1 gAAAAABpeOZl8ZCJ... - 70 - tx6b528d1411d944e4b64ae-006978e6a9 - 0.0070 - - 1769531049.956074238 1769531049.963071823 0
Jan 27 16:24:09 standalone container-server[127493]: 172.20.0.100 - - [27/Jan/2026:16:24:09 +0000] "PUT /d1/941/AUTH_f710e03ba52a4857a1ae10860ed8a0ab/gnocchi.158c29c6-37e8-4902-870c-b6b1dfb6c298/1769040000.0_mean_300.0_v3" 201 - "PUT http://172.18.0.2:8080/d1/425/AUTH_f710e03ba52a4857a1ae10860ed8a0ab/gnocchi.158c29c6-37e8-4902-870c-b6b1dfb6c298/1769040000.0_mean_300.0_v3" "txfc48b0b064e045cc9cee1-006978e6a9" "object-server 23" 0.0007 "-" 17 0
Jan 27 16:24:09 standalone object-server[127749]: 172.20.0.100 - - [27/Jan/2026:16:24:09 +0000] "PUT /d1/425/AUTH_f710e03ba52a4857a1ae10860ed8a0ab/gnocchi.158c29c6-37e8-4902-870c-b6b1dfb6c298/1769040000.0_mean_300.0_v3" 201 - "PUT http://172.18.0.2:8080/v1/AUTH_f710e03ba52a4857a1ae10860ed8a0ab/gnocchi.158c29c6-37e8-4902-870c-b6b1dfb6c298/1769040000.0_mean_300.0_v3" "txfc48b0b064e045cc9cee1-006978e6a9" "proxy-server 20" 0.0170 "-" 23 0
Jan 27 16:24:09 standalone proxy-server[129382]: 172.18.0.2 172.18.0.100 27/Jan/2026/16/24/09 PUT /v1/AUTH_f710e03ba52a4857a1ae10860ed8a0ab/gnocchi.158c29c6-37e8-4902-870c-b6b1dfb6c298/1769040000.0_mean_300.0_v3 HTTP/1.0 201 - python-swiftclient-3.11.1 gAAAAABpeOZl8ZCJ... 16 - - txfc48b0b064e045cc9cee1-006978e6a9 - 0.0233 - - 1769531049.968335152 1769531049.991665125 0
Jan 27 16:24:10 standalone container-server[127473]: 172.20.0.100 - - [27/Jan/2026:16:24:10 +0000] "PUT /d1/941/AUTH_f710e03ba52a4857a1ae10860ed8a0ab/gnocchi.158c29c6-37e8-4902-870c-b6b1dfb6c298/none_v3" 201 - "PUT http://172.18.0.2:8080/d1/1012/AUTH_f710e03ba52a4857a1ae10860ed8a0ab/gnocchi.158c29c6-37e8-4902-870c-b6b1dfb6c298/none_v3" "tx82267c6b4b7d475f9ca3a-006978e6a9" "object-server 22" 0.0005 "-" 14 0
Jan 27 16:24:10 standalone object-server[127746]: 172.20.0.100 - - [27/Jan/2026:16:24:10 +0000] "PUT /d1/1012/AUTH_f710e03ba52a4857a1ae10860ed8a0ab/gnocchi.158c29c6-37e8-4902-870c-b6b1dfb6c298/none_v3" 201 - "PUT http://172.18.0.2:8080/v1/AUTH_f710e03ba52a4857a1ae10860ed8a0ab/gnocchi.158c29c6-37e8-4902-870c-b6b1dfb6c298/none_v3" "tx82267c6b4b7d475f9ca3a-006978e6a9" "proxy-server 20" 0.0120 "-" 22 0
Jan 27 16:24:10 standalone proxy-server[129382]: 172.18.0.2 172.18.0.100 27/Jan/2026/16/24/10 PUT /v1/AUTH_f710e03ba52a4857a1ae10860ed8a0ab/gnocchi.158c29c6-37e8-4902-870c-b6b1dfb6c298/none_v3 HTTP/1.0 201 - python-swiftclient-3.11.1 gAAAAABpeOZl8ZCJ... 22 - - tx82267c6b4b7d475f9ca3a-006978e6a9 - 0.0200 - - 1769531049.995034218 1769531050.015013933 0
Jan 27 16:24:36 standalone container-server[127473]: 172.20.0.100 - - [27/Jan/2026:16:24:36 +0000] "HEAD /d1/666/AUTH_f710e03ba52a4857a1ae10860ed8a0ab/gnocchi.97d4c9d9-730c-4716-b2b2-6c6edd94f20a" 404 - "HEAD http://172.18.0.2:8080/v1/AUTH_f710e03ba52a4857a1ae10860ed8a0ab/gnocchi.97d4c9d9-730c-4716-b2b2-6c6edd94f20a?format=json&states=listing" "txc4711739f2bc493b95d3f-006978e6c4" "proxy-server 20" 0.0010 "-" 14 0
Jan 27 16:24:36 standalone object-server[127742]: 172.20.0.100 - - [27/Jan/2026:16:24:36 +0000] "GET /d1/916/AUTH_f710e03ba52a4857a1ae10860ed8a0ab/gnocchi.97d4c9d9-730c-4716-b2b2-6c6edd94f20a/none_v3" 404 70 "GET http://172.18.0.2:8080/v1/AUTH_f710e03ba52a4857a1ae10860ed8a0ab/gnocchi.97d4c9d9-730c-4716-b2b2-6c6edd94f20a/none_v3" "txc4711739f2bc493b95d3f-006978e6c4" "proxy-server 20" 0.0007 "-" 19 0
Jan 27 16:24:36 standalone proxy-server[129382]: 172.18.0.2 172.18.0.100 27/Jan/2026/16/24/36 GET /v1/AUTH_f710e03ba52a4857a1ae10860ed8a0ab/gnocchi.97d4c9d9-730c-4716-b2b2-6c6edd94f20a/none_v3 HTTP/1.0 404 - python-swiftclient-3.11.1 gAAAAABpeOZl8ZCJ... - 70 - txc4711739f2bc493b95d3f-006978e6c4 - 0.0260 - - 1769531076.545790434 1769531076.571793556 0
Jan 27 16:24:36 standalone account-server[127472]: 172.20.0.100 - - [27/Jan/2026:16:24:36 +0000] "PUT /d1/323/AUTH_f710e03ba52a4857a1ae10860ed8a0ab/gnocchi.97d4c9d9-730c-4716-b2b2-6c6edd94f20a" 201 - "PUT http://172.20.0.100:6001/d1/666/AUTH_f710e03ba52a4857a1ae10860ed8a0ab/gnocchi.97d4c9d9-730c-4716-b2b2-6c6edd94f20a" "tx6b4a01ec75de4f5cb5038-006978e6c4" "container-server 16" 0.0075 "-" 15 0
Jan 27 16:24:36 standalone container-server[127492]: 172.20.0.100 - - [27/Jan/2026:16:24:36 +0000] "PUT /d1/666/AUTH_f710e03ba52a4857a1ae10860ed8a0ab/gnocchi.97d4c9d9-730c-4716-b2b2-6c6edd94f20a" 201 - "PUT http://172.18.0.2:8080/v1/AUTH_f710e03ba52a4857a1ae10860ed8a0ab/gnocchi.97d4c9d9-730c-4716-b2b2-6c6edd94f20a" "tx6b4a01ec75de4f5cb5038-006978e6c4" "proxy-server 20" 0.0242 "-" 16 0
Jan 27 16:24:36 standalone proxy-server[129382]: 172.18.0.2 172.18.0.100 27/Jan/2026/16/24/36 PUT /v1/AUTH_f710e03ba52a4857a1ae10860ed8a0ab/gnocchi.97d4c9d9-730c-4716-b2b2-6c6edd94f20a HTTP/1.0 201 - python-swiftclient-3.11.1 gAAAAABpeOZl8ZCJ... - - - tx6b4a01ec75de4f5cb5038-006978e6c4 - 0.0342 - - 1769531076.580889702 1769531076.615089417 0
Jan 27 16:24:36 standalone container-server[127479]: 172.20.0.100 - - [27/Jan/2026:16:24:36 +0000] "HEAD /d1/666/AUTH_f710e03ba52a4857a1ae10860ed8a0ab/gnocchi.97d4c9d9-730c-4716-b2b2-6c6edd94f20a" 204 - "HEAD http://172.18.0.2:8080/v1/AUTH_f710e03ba52a4857a1ae10860ed8a0ab/gnocchi.97d4c9d9-730c-4716-b2b2-6c6edd94f20a?format=json&states=listing" "txfee26f26861847baaa535-006978e6c4" "proxy-server 20" 0.0038 "-" 15 0
Jan 27 16:24:36 standalone proxy-server[129382]: - - 27/Jan/2026/16/24/36 HEAD /v1/AUTH_f710e03ba52a4857a1ae10860ed8a0ab/gnocchi.97d4c9d9-730c-4716-b2b2-6c6edd94f20a%3Fformat%3Djson%26states%3Dlisting HTTP/1.0 204 - Swift - - - - txfee26f26861847baaa535-006978e6c4 - 0.0108 RL - 1769531076.622960329 1769531076.633795738 0
Jan 27 16:24:36 standalone container-server[127479]: 172.20.0.100 - - [27/Jan/2026:16:24:36 +0000] "GET /d1/666/AUTH_f710e03ba52a4857a1ae10860ed8a0ab/gnocchi.97d4c9d9-730c-4716-b2b2-6c6edd94f20a" 200 2 "GET http://172.18.0.2:8080/v1/AUTH_f710e03ba52a4857a1ae10860ed8a0ab/gnocchi.97d4c9d9-730c-4716-b2b2-6c6edd94f20a?format=json&states=listing" "txfee26f26861847baaa535-006978e6c4" "proxy-server 20" 0.0041 "-" 15 0
Jan 27 16:24:36 standalone proxy-server[129382]: 172.18.0.2 172.18.0.100 27/Jan/2026/16/24/36 GET /v1/AUTH_f710e03ba52a4857a1ae10860ed8a0ab/gnocchi.97d4c9d9-730c-4716-b2b2-6c6edd94f20a%3Fformat%3Djson%26states%3Dlisting HTTP/1.0 200 - python-swiftclient-3.11.1 gAAAAABpeOZl8ZCJ... - 2 - txfee26f26861847baaa535-006978e6c4 - 0.0275 - - 1769531076.620902538 1769531076.648441076 0
Jan 27 16:24:36 standalone object-server[127746]: 172.20.0.100 - - [27/Jan/2026:16:24:36 +0000] "GET /d1/999/AUTH_f710e03ba52a4857a1ae10860ed8a0ab/gnocchi.97d4c9d9-730c-4716-b2b2-6c6edd94f20a/1769040000.0_mean_300.0_v3" 404 70 "GET http://172.18.0.2:8080/v1/AUTH_f710e03ba52a4857a1ae10860ed8a0ab/gnocchi.97d4c9d9-730c-4716-b2b2-6c6edd94f20a/1769040000.0_mean_300.0_v3" "txb69b454a8f3c407a9c379-006978e6c4" "proxy-server 20" 0.0006 "-" 22 0
Jan 27 16:24:36 standalone proxy-server[129382]: 172.18.0.2 172.18.0.100 27/Jan/2026/16/24/36 GET /v1/AUTH_f710e03ba52a4857a1ae10860ed8a0ab/gnocchi.97d4c9d9-730c-4716-b2b2-6c6edd94f20a/1769040000.0_mean_300.0_v3 HTTP/1.0 404 - python-swiftclient-3.11.1 gAAAAABpeOZl8ZCJ... - 70 - txb69b454a8f3c407a9c379-006978e6c4 - 0.0107 - - 1769531076.653880596 1769531076.664617062 0
Jan 27 16:24:36 standalone container-server[127473]: 172.20.0.100 - - [27/Jan/2026:16:24:36 +0000] "PUT /d1/666/AUTH_f710e03ba52a4857a1ae10860ed8a0ab/gnocchi.97d4c9d9-730c-4716-b2b2-6c6edd94f20a/1769040000.0_mean_300.0_v3" 201 - "PUT http://172.18.0.2:8080/d1/999/AUTH_f710e03ba52a4857a1ae10860ed8a0ab/gnocchi.97d4c9d9-730c-4716-b2b2-6c6edd94f20a/1769040000.0_mean_300.0_v3" "tx1100ca50999347a2bcd40-006978e6c4" "object-server 24" 0.0012 "-" 14 0
Jan 27 16:24:36 standalone object-server[127750]: 172.20.0.100 - - [27/Jan/2026:16:24:36 +0000] "PUT /d1/999/AUTH_f710e03ba52a4857a1ae10860ed8a0ab/gnocchi.97d4c9d9-730c-4716-b2b2-6c6edd94f20a/1769040000.0_mean_300.0_v3" 201 - "PUT http://172.18.0.2:8080/v1/AUTH_f710e03ba52a4857a1ae10860ed8a0ab/gnocchi.97d4c9d9-730c-4716-b2b2-6c6edd94f20a/1769040000.0_mean_300.0_v3" "tx1100ca50999347a2bcd40-006978e6c4" "proxy-server 20" 0.0471 "-" 24 0
Jan 27 16:24:36 standalone proxy-server[129382]: 172.18.0.2 172.18.0.100 27/Jan/2026/16/24/36 PUT /v1/AUTH_f710e03ba52a4857a1ae10860ed8a0ab/gnocchi.97d4c9d9-730c-4716-b2b2-6c6edd94f20a/1769040000.0_mean_300.0_v3 HTTP/1.0 201 - python-swiftclient-3.11.1 gAAAAABpeOZl8ZCJ... 16 - - tx1100ca50999347a2bcd40-006978e6c4 - 0.0560 - - 1769531076.668407917 1769531076.724419355 0
Jan 27 16:24:36 standalone container-server[127493]: 172.20.0.100 - - [27/Jan/2026:16:24:36 +0000] "PUT /d1/666/AUTH_f710e03ba52a4857a1ae10860ed8a0ab/gnocchi.97d4c9d9-730c-4716-b2b2-6c6edd94f20a/none_v3" 201 - "PUT http://172.18.0.2:8080/d1/916/AUTH_f710e03ba52a4857a1ae10860ed8a0ab/gnocchi.97d4c9d9-730c-4716-b2b2-6c6edd94f20a/none_v3" "tx179a80fea0ae495b9303c-006978e6c4" "object-server 19" 0.0006 "-" 17 0
Jan 27 16:24:36 standalone object-server[127742]: 172.20.0.100 - - [27/Jan/2026:16:24:36 +0000] "PUT /d1/916/AUTH_f710e03ba52a4857a1ae10860ed8a0ab/gnocchi.97d4c9d9-730c-4716-b2b2-6c6edd94f20a/none_v3" 201 - "PUT http://172.18.0.2:8080/v1/AUTH_f710e03ba52a4857a1ae10860ed8a0ab/gnocchi.97d4c9d9-730c-4716-b2b2-6c6edd94f20a/none_v3" "tx179a80fea0ae495b9303c-006978e6c4" "proxy-server 20" 0.0158 "-" 19 0
Jan 27 16:24:36 standalone proxy-server[129382]: 172.18.0.2 172.18.0.100 27/Jan/2026/16/24/36 PUT /v1/AUTH_f710e03ba52a4857a1ae10860ed8a0ab/gnocchi.97d4c9d9-730c-4716-b2b2-6c6edd94f20a/none_v3 HTTP/1.0 201 - python-swiftclient-3.11.1 gAAAAABpeOZl8ZCJ... 22 - - tx179a80fea0ae495b9303c-006978e6c4 - 0.0269 - - 1769531076.731622458 1769531076.758525133 0
Jan 27 16:24:36 standalone object-server[127749]: 172.20.0.100 - - [27/Jan/2026:16:24:36 +0000] "GET /d1/118/AUTH_f710e03ba52a4857a1ae10860ed8a0ab/gnocchi.94567d60-596a-4b5c-a635-27dee0c84bbd/none_v3" 200 22 "GET http://172.18.0.2:8080/v1/AUTH_f710e03ba52a4857a1ae10860ed8a0ab/gnocchi.94567d60-596a-4b5c-a635-27dee0c84bbd/none_v3" "tx9126856ff29e4225972af-006978e6c4" "proxy-server 20" 0.0018 "-" 23 0
Jan 27 16:24:36 standalone proxy-server[129382]: 172.18.0.2 172.18.0.100 27/Jan/2026/16/24/36 GET /v1/AUTH_f710e03ba52a4857a1ae10860ed8a0ab/gnocchi.94567d60-596a-4b5c-a635-27dee0c84bbd/none_v3 HTTP/1.0 200 - python-swiftclient-3.11.1 gAAAAABpeOZl8ZCJ... - 22 - tx9126856ff29e4225972af-006978e6c4 - 0.0169 - - 1769531076.865805387 1769531076.882711649 0
Jan 27 16:24:36 standalone container-server[127479]: 172.20.0.100 - - [27/Jan/2026:16:24:36 +0000] "GET /d1/912/AUTH_f710e03ba52a4857a1ae10860ed8a0ab/gnocchi.94567d60-596a-4b5c-a635-27dee0c84bbd" 200 357 "GET http://172.18.0.2:8080/v1/AUTH_f710e03ba52a4857a1ae10860ed8a0ab/gnocchi.94567d60-596a-4b5c-a635-27dee0c84bbd?format=json&states=listing" "tx8fe17ee3f6ab48d5810f5-006978e6c4" "proxy-server 20" 0.0180 "-" 15 0
Jan 27 16:24:36 standalone proxy-server[129382]: 172.18.0.2 172.18.0.100 27/Jan/2026/16/24/36 GET /v1/AUTH_f710e03ba52a4857a1ae10860ed8a0ab/gnocchi.94567d60-596a-4b5c-a635-27dee0c84bbd%3Fformat%3Djson%26states%3Dlisting HTTP/1.0 200 - python-swiftclient-3.11.1 gAAAAABpeOZl8ZCJ... - 357 - tx8fe17ee3f6ab48d5810f5-006978e6c4 - 0.0297 - - 1769531076.889440775 1769531076.919116259 0
Jan 27 16:24:36 standalone container-server[127492]: 172.20.0.100 - - [27/Jan/2026:16:24:36 +0000] "GET /d1/912/AUTH_f710e03ba52a4857a1ae10860ed8a0ab/gnocchi.94567d60-596a-4b5c-a635-27dee0c84bbd" 200 2 "GET http://172.18.0.2:8080/v1/AUTH_f710e03ba52a4857a1ae10860ed8a0ab/gnocchi.94567d60-596a-4b5c-a635-27dee0c84bbd?format=json&marker=none_v3&states=listing" "txc0da3efdbefc4754a381e-006978e6c4" "proxy-server 20" 0.0048 "-" 16 0
Jan 27 16:24:36 standalone proxy-server[129382]: 172.18.0.2 172.18.0.100 27/Jan/2026/16/24/36 GET /v1/AUTH_f710e03ba52a4857a1ae10860ed8a0ab/gnocchi.94567d60-596a-4b5c-a635-27dee0c84bbd%3Fformat%3Djson%26marker%3Dnone_v3%26states%3Dlisting HTTP/1.0 200 - python-swiftclient-3.11.1 gAAAAABpeOZl8ZCJ... - 2 - txc0da3efdbefc4754a381e-006978e6c4 - 0.0168 - - 1769531076.924139023 1769531076.940952063 0
Jan 27 16:24:36 standalone object-server[127742]: 172.20.0.100 - - [27/Jan/2026:16:24:36 +0000] "GET /d1/793/AUTH_f710e03ba52a4857a1ae10860ed8a0ab/gnocchi.94567d60-596a-4b5c-a635-27dee0c84bbd/1769040000.0_mean_300.0_v3" 200 16 "GET http://172.18.0.2:8080/v1/AUTH_f710e03ba52a4857a1ae10860ed8a0ab/gnocchi.94567d60-596a-4b5c-a635-27dee0c84bbd/1769040000.0_mean_300.0_v3" "txa5a4af5b713645c0abbb4-006978e6c4" "proxy-server 20" 0.0016 "-" 19 0
Jan 27 16:24:36 standalone proxy-server[129382]: 172.18.0.2 172.18.0.100 27/Jan/2026/16/24/36 GET /v1/AUTH_f710e03ba52a4857a1ae10860ed8a0ab/gnocchi.94567d60-596a-4b5c-a635-27dee0c84bbd/1769040000.0_mean_300.0_v3 HTTP/1.0 200 - python-swiftclient-3.11.1 gAAAAABpeOZl8ZCJ... - 16 - txa5a4af5b713645c0abbb4-006978e6c4 - 0.0129 - - 1769531076.955004930 1769531076.967931509 0
Jan 27 16:24:36 standalone container-server[127473]: 172.20.0.100 - - [27/Jan/2026:16:24:36 +0000] "PUT /d1/912/AUTH_f710e03ba52a4857a1ae10860ed8a0ab/gnocchi.94567d60-596a-4b5c-a635-27dee0c84bbd/1769040000.0_mean_300.0_v3" 201 - "PUT http://172.18.0.2:8080/d1/793/AUTH_f710e03ba52a4857a1ae10860ed8a0ab/gnocchi.94567d60-596a-4b5c-a635-27dee0c84bbd/1769040000.0_mean_300.0_v3" "tx7e083faff88d4427bbfcd-006978e6c4" "object-server 23" 0.0024 "-" 14 0
Jan 27 16:24:36 standalone object-server[127749]: 172.20.0.100 - - [27/Jan/2026:16:24:36 +0000] "PUT /d1/793/AUTH_f710e03ba52a4857a1ae10860ed8a0ab/gnocchi.94567d60-596a-4b5c-a635-27dee0c84bbd/1769040000.0_mean_300.0_v3" 201 - "PUT http://172.18.0.2:8080/v1/AUTH_f710e03ba52a4857a1ae10860ed8a0ab/gnocchi.94567d60-596a-4b5c-a635-27dee0c84bbd/1769040000.0_mean_300.0_v3" "tx7e083faff88d4427bbfcd-006978e6c4" "proxy-server 20" 0.0159 "-" 23 0
Jan 27 16:24:37 standalone proxy-server[129382]: 172.18.0.2 172.18.0.100 27/Jan/2026/16/24/36 PUT /v1/AUTH_f710e03ba52a4857a1ae10860ed8a0ab/gnocchi.94567d60-596a-4b5c-a635-27dee0c84bbd/1769040000.0_mean_300.0_v3 HTTP/1.0 201 - python-swiftclient-3.11.1 gAAAAABpeOZl8ZCJ... 16 - - tx7e083faff88d4427bbfcd-006978e6c4 - 0.0256 - - 1769531076.974036455 1769531076.999619007 0
Jan 27 16:24:37 standalone container-server[127493]: 172.20.0.100 - - [27/Jan/2026:16:24:37 +0000] "PUT /d1/912/AUTH_f710e03ba52a4857a1ae10860ed8a0ab/gnocchi.94567d60-596a-4b5c-a635-27dee0c84bbd/none_v3" 201 - "PUT http://172.18.0.2:8080/d1/118/AUTH_f710e03ba52a4857a1ae10860ed8a0ab/gnocchi.94567d60-596a-4b5c-a635-27dee0c84bbd/none_v3" "txb916beb90df3457f94c56-006978e6c5" "object-server 23" 0.0012 "-" 17 0
Jan 27 16:24:37 standalone object-server[127749]: 172.20.0.100 - - [27/Jan/2026:16:24:37 +0000] "PUT /d1/118/AUTH_f710e03ba52a4857a1ae10860ed8a0ab/gnocchi.94567d60-596a-4b5c-a635-27dee0c84bbd/none_v3" 201 - "PUT http://172.18.0.2:8080/v1/AUTH_f710e03ba52a4857a1ae10860ed8a0ab/gnocchi.94567d60-596a-4b5c-a635-27dee0c84bbd/none_v3" "txb916beb90df3457f94c56-006978e6c5" "proxy-server 20" 0.0178 "-" 23 0
Jan 27 16:24:37 standalone proxy-server[129382]: 172.18.0.2 172.18.0.100 27/Jan/2026/16/24/37 PUT /v1/AUTH_f710e03ba52a4857a1ae10860ed8a0ab/gnocchi.94567d60-596a-4b5c-a635-27dee0c84bbd/none_v3 HTTP/1.0 201 - python-swiftclient-3.11.1 gAAAAABpeOZl8ZCJ... 33 - - txb916beb90df3457f94c56-006978e6c5 - 0.0270 - - 1769531077.004345179 1769531077.031363487 0
Jan 27 16:24:37 standalone object-server[127746]: 172.20.0.100 - - [27/Jan/2026:16:24:37 +0000] "GET /d1/981/AUTH_f710e03ba52a4857a1ae10860ed8a0ab/gnocchi.5ca409e5-e366-469c-a07e-9b5c39515c77/none_v3" 200 22 "GET http://172.18.0.2:8080/v1/AUTH_f710e03ba52a4857a1ae10860ed8a0ab/gnocchi.5ca409e5-e366-469c-a07e-9b5c39515c77/none_v3" "tx3c18cfa93a3e4a58b1e1d-006978e6c5" "proxy-server 20" 0.0016 "-" 22 0
Jan 27 16:24:37 standalone proxy-server[129382]: 172.18.0.2 172.18.0.100 27/Jan/2026/16/24/37 GET /v1/AUTH_f710e03ba52a4857a1ae10860ed8a0ab/gnocchi.5ca409e5-e366-469c-a07e-9b5c39515c77/none_v3 HTTP/1.0 200 - python-swiftclient-3.11.1 gAAAAABpeOZl8ZCJ... - 22 - tx3c18cfa93a3e4a58b1e1d-006978e6c5 - 0.0130 - - 1769531077.121401787 1769531077.134436131 0
Jan 27 16:24:37 standalone container-server[127492]: 172.20.0.100 - - [27/Jan/2026:16:24:37 +0000] "GET /d1/699/AUTH_f710e03ba52a4857a1ae10860ed8a0ab/gnocchi.5ca409e5-e366-469c-a07e-9b5c39515c77" 200 357 "GET http://172.18.0.2:8080/v1/AUTH_f710e03ba52a4857a1ae10860ed8a0ab/gnocchi.5ca409e5-e366-469c-a07e-9b5c39515c77?format=json&states=listing" "tx5b0654866c6b4ed185829-006978e6c5" "proxy-server 20" 0.0215 "-" 16 0
Jan 27 16:24:37 standalone proxy-server[129382]: 172.18.0.2 172.18.0.100 27/Jan/2026/16/24/37 GET /v1/AUTH_f710e03ba52a4857a1ae10860ed8a0ab/gnocchi.5ca409e5-e366-469c-a07e-9b5c39515c77%3Fformat%3Djson%26states%3Dlisting HTTP/1.0 200 - python-swiftclient-3.11.1 gAAAAABpeOZl8ZCJ... - 357 - tx5b0654866c6b4ed185829-006978e6c5 - 0.0317 - - 1769531077.138924122 1769531077.170648098 0
Jan 27 16:24:37 standalone container-server[127492]: 172.20.0.100 - - [27/Jan/2026:16:24:37 +0000] "GET /d1/699/AUTH_f710e03ba52a4857a1ae10860ed8a0ab/gnocchi.5ca409e5-e366-469c-a07e-9b5c39515c77" 200 2 "GET http://172.18.0.2:8080/v1/AUTH_f710e03ba52a4857a1ae10860ed8a0ab/gnocchi.5ca409e5-e366-469c-a07e-9b5c39515c77?format=json&marker=none_v3&states=listing" "txd3a4d802e8654a9483d78-006978e6c5" "proxy-server 20" 0.0035 "-" 16 0
Jan 27 16:24:37 standalone proxy-server[129382]: 172.18.0.2 172.18.0.100 27/Jan/2026/16/24/37 GET /v1/AUTH_f710e03ba52a4857a1ae10860ed8a0ab/gnocchi.5ca409e5-e366-469c-a07e-9b5c39515c77%3Fformat%3Djson%26marker%3Dnone_v3%26states%3Dlisting HTTP/1.0 200 - python-swiftclient-3.11.1 gAAAAABpeOZl8ZCJ... - 2 - txd3a4d802e8654a9483d78-006978e6c5 - 0.0135 - - 1769531077.176909685 1769531077.190379858 0
Jan 27 16:24:37 standalone object-server[127742]: 172.20.0.100 - - [27/Jan/2026:16:24:37 +0000] "GET /d1/239/AUTH_f710e03ba52a4857a1ae10860ed8a0ab/gnocchi.5ca409e5-e366-469c-a07e-9b5c39515c77/1769040000.0_mean_300.0_v3" 200 16 "GET http://172.18.0.2:8080/v1/AUTH_f710e03ba52a4857a1ae10860ed8a0ab/gnocchi.5ca409e5-e366-469c-a07e-9b5c39515c77/1769040000.0_mean_300.0_v3" "txb644a37461754d93aa6e3-006978e6c5" "proxy-server 20" 0.0012 "-" 19 0
Jan 27 16:24:37 standalone proxy-server[129382]: 172.18.0.2 172.18.0.100 27/Jan/2026/16/24/37 GET /v1/AUTH_f710e03ba52a4857a1ae10860ed8a0ab/gnocchi.5ca409e5-e366-469c-a07e-9b5c39515c77/1769040000.0_mean_300.0_v3 HTTP/1.0 200 - python-swiftclient-3.11.1 gAAAAABpeOZl8ZCJ... - 16 - txb644a37461754d93aa6e3-006978e6c5 - 0.0098 - - 1769531077.196708202 1769531077.206483126 0
Jan 27 16:24:37 standalone container-server[127473]: 172.20.0.100 - - [27/Jan/2026:16:24:37 +0000] "PUT /d1/699/AUTH_f710e03ba52a4857a1ae10860ed8a0ab/gnocchi.5ca409e5-e366-469c-a07e-9b5c39515c77/1769040000.0_mean_300.0_v3" 201 - "PUT http://172.18.0.2:8080/d1/239/AUTH_f710e03ba52a4857a1ae10860ed8a0ab/gnocchi.5ca409e5-e366-469c-a07e-9b5c39515c77/1769040000.0_mean_300.0_v3" "txe4015dc34f8048f3810b1-006978e6c5" "object-server 19" 0.0008 "-" 14 0
Jan 27 16:24:37 standalone object-server[127742]: 172.20.0.100 - - [27/Jan/2026:16:24:37 +0000] "PUT /d1/239/AUTH_f710e03ba52a4857a1ae10860ed8a0ab/gnocchi.5ca409e5-e366-469c-a07e-9b5c39515c77/1769040000.0_mean_300.0_v3" 201 - "PUT http://172.18.0.2:8080/v1/AUTH_f710e03ba52a4857a1ae10860ed8a0ab/gnocchi.5ca409e5-e366-469c-a07e-9b5c39515c77/1769040000.0_mean_300.0_v3" "txe4015dc34f8048f3810b1-006978e6c5" "proxy-server 20" 0.0119 "-" 19 0
Jan 27 16:24:37 standalone proxy-server[129382]: 172.18.0.2 172.18.0.100 27/Jan/2026/16/24/37 PUT /v1/AUTH_f710e03ba52a4857a1ae10860ed8a0ab/gnocchi.5ca409e5-e366-469c-a07e-9b5c39515c77/1769040000.0_mean_300.0_v3 HTTP/1.0 201 - python-swiftclient-3.11.1 gAAAAABpeOZl8ZCJ... 16 - - txe4015dc34f8048f3810b1-006978e6c5 - 0.0193 - - 1769531077.211274862 1769531077.230585098 0
Jan 27 16:24:37 standalone container-server[127493]: 172.20.0.100 - - [27/Jan/2026:16:24:37 +0000] "PUT /d1/699/AUTH_f710e03ba52a4857a1ae10860ed8a0ab/gnocchi.5ca409e5-e366-469c-a07e-9b5c39515c77/none_v3" 201 - "PUT http://172.18.0.2:8080/d1/981/AUTH_f710e03ba52a4857a1ae10860ed8a0ab/gnocchi.5ca409e5-e366-469c-a07e-9b5c39515c77/none_v3" "tx99916818bd2048f7bbc8d-006978e6c5" "object-server 19" 0.0010 "-" 17 0
Jan 27 16:24:37 standalone object-server[127742]: 172.20.0.100 - - [27/Jan/2026:16:24:37 +0000] "PUT /d1/981/AUTH_f710e03ba52a4857a1ae10860ed8a0ab/gnocchi.5ca409e5-e366-469c-a07e-9b5c39515c77/none_v3" 201 - "PUT http://172.18.0.2:8080/v1/AUTH_f710e03ba52a4857a1ae10860ed8a0ab/gnocchi.5ca409e5-e366-469c-a07e-9b5c39515c77/none_v3" "tx99916818bd2048f7bbc8d-006978e6c5" "proxy-server 20" 0.0112 "-" 19 0
Jan 27 16:24:37 standalone proxy-server[129382]: 172.18.0.2 172.18.0.100 27/Jan/2026/16/24/37 PUT /v1/AUTH_f710e03ba52a4857a1ae10860ed8a0ab/gnocchi.5ca409e5-e366-469c-a07e-9b5c39515c77/none_v3 HTTP/1.0 201 - python-swiftclient-3.11.1 gAAAAABpeOZl8ZCJ... 33 - - tx99916818bd2048f7bbc8d-006978e6c5 - 0.0185 - - 1769531077.235543966 1769531077.254077911 0
Jan 27 16:24:38 standalone account-server[127478]: 172.20.0.100 - - [27/Jan/2026:16:24:38 +0000] "HEAD /d1/512/.expiring_objects" 404 - "HEAD http://localhost/v1/.expiring_objects?format=json" "tx0df22c8173c849afbe684-006978e6c6" "proxy-server 2" 0.0009 "-" 17 -
Jan 27 16:24:38 standalone object-expirer[127607]: Pass completed in 0s; 0 objects expired (txn: tx0df22c8173c849afbe684-006978e6c6)
Jan 27 16:24:40 standalone object-server[127746]: 172.20.0.100 - - [27/Jan/2026:16:24:40 +0000] "GET /d1/916/AUTH_f710e03ba52a4857a1ae10860ed8a0ab/gnocchi.97d4c9d9-730c-4716-b2b2-6c6edd94f20a/none_v3" 200 22 "GET http://172.18.0.2:8080/v1/AUTH_f710e03ba52a4857a1ae10860ed8a0ab/gnocchi.97d4c9d9-730c-4716-b2b2-6c6edd94f20a/none_v3" "tx0ae08c839ff04035a1155-006978e6c8" "proxy-server 20" 0.0014 "-" 22 0
Jan 27 16:24:40 standalone proxy-server[129382]: 172.18.0.2 172.18.0.100 27/Jan/2026/16/24/40 GET /v1/AUTH_f710e03ba52a4857a1ae10860ed8a0ab/gnocchi.97d4c9d9-730c-4716-b2b2-6c6edd94f20a/none_v3 HTTP/1.0 200 - python-swiftclient-3.11.1 gAAAAABpeOZl8ZCJ... - 22 - tx0ae08c839ff04035a1155-006978e6c8 - 0.0100 - - 1769531080.578975439 1769531080.588970900 0
Jan 27 16:24:40 standalone container-server[127493]: 172.20.0.100 - - [27/Jan/2026:16:24:40 +0000] "GET /d1/666/AUTH_f710e03ba52a4857a1ae10860ed8a0ab/gnocchi.97d4c9d9-730c-4716-b2b2-6c6edd94f20a" 200 357 "GET http://172.18.0.2:8080/v1/AUTH_f710e03ba52a4857a1ae10860ed8a0ab/gnocchi.97d4c9d9-730c-4716-b2b2-6c6edd94f20a?format=json&states=listing" "tx3730d4c9fc704921bb869-006978e6c8" "proxy-server 20" 0.0182 "-" 17 0
Jan 27 16:24:40 standalone proxy-server[129382]: 172.18.0.2 172.18.0.100 27/Jan/2026/16/24/40 GET /v1/AUTH_f710e03ba52a4857a1ae10860ed8a0ab/gnocchi.97d4c9d9-730c-4716-b2b2-6c6edd94f20a%3Fformat%3Djson%26states%3Dlisting HTTP/1.0 200 - python-swiftclient-3.11.1 gAAAAABpeOZl8ZCJ... - 357 - tx3730d4c9fc704921bb869-006978e6c8 - 0.0265 - - 1769531080.593445539 1769531080.619942665 0
Jan 27 16:24:40 standalone container-server[127479]: 172.20.0.100 - - [27/Jan/2026:16:24:40 +0000] "GET /d1/666/AUTH_f710e03ba52a4857a1ae10860ed8a0ab/gnocchi.97d4c9d9-730c-4716-b2b2-6c6edd94f20a" 200 2 "GET http://172.18.0.2:8080/v1/AUTH_f710e03ba52a4857a1ae10860ed8a0ab/gnocchi.97d4c9d9-730c-4716-b2b2-6c6edd94f20a?format=json&marker=none_v3&states=listing" "tx0cbf1a6cf8f2479d9533b-006978e6c8" "proxy-server 20" 0.0041 "-" 15 0
Jan 27 16:24:40 standalone proxy-server[129382]: 172.18.0.2 172.18.0.100 27/Jan/2026/16/24/40 GET /v1/AUTH_f710e03ba52a4857a1ae10860ed8a0ab/gnocchi.97d4c9d9-730c-4716-b2b2-6c6edd94f20a%3Fformat%3Djson%26marker%3Dnone_v3%26states%3Dlisting HTTP/1.0 200 - python-swiftclient-3.11.1 gAAAAABpeOZl8ZCJ... - 2 - tx0cbf1a6cf8f2479d9533b-006978e6c8 - 0.0150 - - 1769531080.623521805 1769531080.638489008 0
Jan 27 16:24:40 standalone object-server[127749]: 172.20.0.100 - - [27/Jan/2026:16:24:40 +0000] "GET /d1/999/AUTH_f710e03ba52a4857a1ae10860ed8a0ab/gnocchi.97d4c9d9-730c-4716-b2b2-6c6edd94f20a/1769040000.0_mean_300.0_v3" 200 16 "GET http://172.18.0.2:8080/v1/AUTH_f710e03ba52a4857a1ae10860ed8a0ab/gnocchi.97d4c9d9-730c-4716-b2b2-6c6edd94f20a/1769040000.0_mean_300.0_v3" "tx7812a2c93fe44df595459-006978e6c8" "proxy-server 20" 0.0018 "-" 23 0
Jan 27 16:24:40 standalone proxy-server[129382]: 172.18.0.2 172.18.0.100 27/Jan/2026/16/24/40 GET /v1/AUTH_f710e03ba52a4857a1ae10860ed8a0ab/gnocchi.97d4c9d9-730c-4716-b2b2-6c6edd94f20a/1769040000.0_mean_300.0_v3 HTTP/1.0 200 - python-swiftclient-3.11.1 gAAAAABpeOZl8ZCJ... - 16 - tx7812a2c93fe44df595459-006978e6c8 - 0.0136 - - 1769531080.644520283 1769531080.658109903 0
Jan 27 16:24:40 standalone container-server[127493]: 172.20.0.100 - - [27/Jan/2026:16:24:40 +0000] "PUT /d1/666/AUTH_f710e03ba52a4857a1ae10860ed8a0ab/gnocchi.97d4c9d9-730c-4716-b2b2-6c6edd94f20a/1769040000.0_mean_300.0_v3" 201 - "PUT http://172.18.0.2:8080/d1/999/AUTH_f710e03ba52a4857a1ae10860ed8a0ab/gnocchi.97d4c9d9-730c-4716-b2b2-6c6edd94f20a/1769040000.0_mean_300.0_v3" "txb3b86216141b4267acab7-006978e6c8" "object-server 23" 0.0009 "-" 17 0
Jan 27 16:24:40 standalone object-server[127749]: 172.20.0.100 - - [27/Jan/2026:16:24:40 +0000] "PUT /d1/999/AUTH_f710e03ba52a4857a1ae10860ed8a0ab/gnocchi.97d4c9d9-730c-4716-b2b2-6c6edd94f20a/1769040000.0_mean_300.0_v3" 201 - "PUT http://172.18.0.2:8080/v1/AUTH_f710e03ba52a4857a1ae10860ed8a0ab/gnocchi.97d4c9d9-730c-4716-b2b2-6c6edd94f20a/1769040000.0_mean_300.0_v3" "txb3b86216141b4267acab7-006978e6c8" "proxy-server 20" 0.0131 "-" 23 0
Jan 27 16:24:40 standalone proxy-server[129382]: 172.18.0.2 172.18.0.100 27/Jan/2026/16/24/40 PUT /v1/AUTH_f710e03ba52a4857a1ae10860ed8a0ab/gnocchi.97d4c9d9-730c-4716-b2b2-6c6edd94f20a/1769040000.0_mean_300.0_v3 HTTP/1.0 201 - python-swiftclient-3.11.1 gAAAAABpeOZl8ZCJ... 16 - - txb3b86216141b4267acab7-006978e6c8 - 0.0232 - - 1769531080.663940191 1769531080.687158346 0
Jan 27 16:24:40 standalone container-server[127493]: 172.20.0.100 - - [27/Jan/2026:16:24:40 +0000] "PUT /d1/666/AUTH_f710e03ba52a4857a1ae10860ed8a0ab/gnocchi.97d4c9d9-730c-4716-b2b2-6c6edd94f20a/none_v3" 201 - "PUT http://172.18.0.2:8080/d1/916/AUTH_f710e03ba52a4857a1ae10860ed8a0ab/gnocchi.97d4c9d9-730c-4716-b2b2-6c6edd94f20a/none_v3" "txde963dad59ad46cab28de-006978e6c8" "object-server 23" 0.0004 "-" 17 0
Jan 27 16:24:40 standalone object-server[127749]: 172.20.0.100 - - [27/Jan/2026:16:24:40 +0000] "PUT /d1/916/AUTH_f710e03ba52a4857a1ae10860ed8a0ab/gnocchi.97d4c9d9-730c-4716-b2b2-6c6edd94f20a/none_v3" 201 - "PUT http://172.18.0.2:8080/v1/AUTH_f710e03ba52a4857a1ae10860ed8a0ab/gnocchi.97d4c9d9-730c-4716-b2b2-6c6edd94f20a/none_v3" "txde963dad59ad46cab28de-006978e6c8" "proxy-server 20" 0.0124 "-" 23 0
Jan 27 16:24:40 standalone proxy-server[129382]: 172.18.0.2 172.18.0.100 27/Jan/2026/16/24/40 PUT /v1/AUTH_f710e03ba52a4857a1ae10860ed8a0ab/gnocchi.97d4c9d9-730c-4716-b2b2-6c6edd94f20a/none_v3 HTTP/1.0 201 - python-swiftclient-3.11.1 gAAAAABpeOZl8ZCJ... 31 - - txde963dad59ad46cab28de-006978e6c8 - 0.0214 - - 1769531080.690711498 1769531080.712124825 0
Jan 27 16:24:51 standalone container-server[127493]: 172.20.0.100 - - [27/Jan/2026:16:24:51 +0000] "HEAD /d1/520/AUTH_f710e03ba52a4857a1ae10860ed8a0ab/gnocchi.93e832b6-8b4f-42a7-b296-f4780e93f909" 404 - "HEAD http://172.18.0.2:8080/v1/AUTH_f710e03ba52a4857a1ae10860ed8a0ab/gnocchi.93e832b6-8b4f-42a7-b296-f4780e93f909?format=json&states=listing" "tx22520a57f59d4fb4ad9fa-006978e6d3" "proxy-server 20" 0.0006 "-" 17 0
Jan 27 16:24:51 standalone object-server[127746]: 172.20.0.100 - - [27/Jan/2026:16:24:51 +0000] "GET /d1/633/AUTH_f710e03ba52a4857a1ae10860ed8a0ab/gnocchi.93e832b6-8b4f-42a7-b296-f4780e93f909/none_v3" 404 70 "GET http://172.18.0.2:8080/v1/AUTH_f710e03ba52a4857a1ae10860ed8a0ab/gnocchi.93e832b6-8b4f-42a7-b296-f4780e93f909/none_v3" "tx22520a57f59d4fb4ad9fa-006978e6d3" "proxy-server 20" 0.0006 "-" 22 0
Jan 27 16:24:51 standalone proxy-server[129382]: 172.18.0.2 172.18.0.100 27/Jan/2026/16/24/51 GET /v1/AUTH_f710e03ba52a4857a1ae10860ed8a0ab/gnocchi.93e832b6-8b4f-42a7-b296-f4780e93f909/none_v3 HTTP/1.0 404 - python-swiftclient-3.11.1 gAAAAABpeOZl8ZCJ... - 70 - tx22520a57f59d4fb4ad9fa-006978e6d3 - 0.0146 - - 1769531091.407781124 1769531091.422426939 0
Jan 27 16:24:51 standalone account-server[127472]: 172.20.0.100 - - [27/Jan/2026:16:24:51 +0000] "PUT /d1/323/AUTH_f710e03ba52a4857a1ae10860ed8a0ab/gnocchi.93e832b6-8b4f-42a7-b296-f4780e93f909" 201 - "PUT http://172.20.0.100:6001/d1/520/AUTH_f710e03ba52a4857a1ae10860ed8a0ab/gnocchi.93e832b6-8b4f-42a7-b296-f4780e93f909" "tx10ca1d4ec4a446498b36e-006978e6d3" "container-server 14" 0.0089 "-" 15 0
Jan 27 16:24:51 standalone container-server[127473]: 172.20.0.100 - - [27/Jan/2026:16:24:51 +0000] "PUT /d1/520/AUTH_f710e03ba52a4857a1ae10860ed8a0ab/gnocchi.93e832b6-8b4f-42a7-b296-f4780e93f909" 201 - "PUT http://172.18.0.2:8080/v1/AUTH_f710e03ba52a4857a1ae10860ed8a0ab/gnocchi.93e832b6-8b4f-42a7-b296-f4780e93f909" "tx10ca1d4ec4a446498b36e-006978e6d3" "proxy-server 20" 0.0217 "-" 14 0
Jan 27 16:24:51 standalone proxy-server[129382]: 172.18.0.2 172.18.0.100 27/Jan/2026/16/24/51 PUT /v1/AUTH_f710e03ba52a4857a1ae10860ed8a0ab/gnocchi.93e832b6-8b4f-42a7-b296-f4780e93f909 HTTP/1.0 201 - python-swiftclient-3.11.1 gAAAAABpeOZl8ZCJ... - - - tx10ca1d4ec4a446498b36e-006978e6d3 - 0.0268 - - 1769531091.428186655 1769531091.455030441 0
Jan 27 16:24:51 standalone container-server[127479]: 172.20.0.100 - - [27/Jan/2026:16:24:51 +0000] "HEAD /d1/520/AUTH_f710e03ba52a4857a1ae10860ed8a0ab/gnocchi.93e832b6-8b4f-42a7-b296-f4780e93f909" 204 - "HEAD http://172.18.0.2:8080/v1/AUTH_f710e03ba52a4857a1ae10860ed8a0ab/gnocchi.93e832b6-8b4f-42a7-b296-f4780e93f909?format=json&states=listing" "txf92c7cbb66b84f2c87e82-006978e6d3" "proxy-server 20" 0.0013 "-" 15 0
Jan 27 16:24:51 standalone proxy-server[129382]: - - 27/Jan/2026/16/24/51 HEAD /v1/AUTH_f710e03ba52a4857a1ae10860ed8a0ab/gnocchi.93e832b6-8b4f-42a7-b296-f4780e93f909%3Fformat%3Djson%26states%3Dlisting HTTP/1.0 204 - Swift - - - - txf92c7cbb66b84f2c87e82-006978e6d3 - 0.0053 RL - 1769531091.460716486 1769531091.466061115 0
Jan 27 16:24:51 standalone container-server[127473]: 172.20.0.100 - - [27/Jan/2026:16:24:51 +0000] "GET /d1/520/AUTH_f710e03ba52a4857a1ae10860ed8a0ab/gnocchi.93e832b6-8b4f-42a7-b296-f4780e93f909" 200 2 "GET http://172.18.0.2:8080/v1/AUTH_f710e03ba52a4857a1ae10860ed8a0ab/gnocchi.93e832b6-8b4f-42a7-b296-f4780e93f909?format=json&states=listing" "txf92c7cbb66b84f2c87e82-006978e6d3" "proxy-server 20" 0.0020 "-" 14 0
Jan 27 16:24:51 standalone proxy-server[129382]: 172.18.0.2 172.18.0.100 27/Jan/2026/16/24/51 GET /v1/AUTH_f710e03ba52a4857a1ae10860ed8a0ab/gnocchi.93e832b6-8b4f-42a7-b296-f4780e93f909%3Fformat%3Djson%26states%3Dlisting HTTP/1.0 200 - python-swiftclient-3.11.1 gAAAAABpeOZl8ZCJ... - 2 - txf92c7cbb66b84f2c87e82-006978e6d3 - 0.0136 - - 1769531091.459542036 1769531091.473095655 0
Jan 27 16:24:51 standalone object-server[127749]: 172.20.0.100 - - [27/Jan/2026:16:24:51 +0000] "GET /d1/467/AUTH_f710e03ba52a4857a1ae10860ed8a0ab/gnocchi.93e832b6-8b4f-42a7-b296-f4780e93f909/1769040000.0_mean_300.0_v3" 404 70 "GET http://172.18.0.2:8080/v1/AUTH_f710e03ba52a4857a1ae10860ed8a0ab/gnocchi.93e832b6-8b4f-42a7-b296-f4780e93f909/1769040000.0_mean_300.0_v3" "tx10d4ac0197024b02b6843-006978e6d3" "proxy-server 20" 0.0005 "-" 23 0
Jan 27 16:24:51 standalone proxy-server[129382]: 172.18.0.2 172.18.0.100 27/Jan/2026/16/24/51 GET /v1/AUTH_f710e03ba52a4857a1ae10860ed8a0ab/gnocchi.93e832b6-8b4f-42a7-b296-f4780e93f909/1769040000.0_mean_300.0_v3 HTTP/1.0 404 - python-swiftclient-3.11.1 gAAAAABpeOZl8ZCJ... - 70 - tx10d4ac0197024b02b6843-006978e6d3 - 0.0125 - - 1769531091.478471756 1769531091.491013527 0
Jan 27 16:24:51 standalone container-server[127492]: 172.20.0.100 - - [27/Jan/2026:16:24:51 +0000] "PUT /d1/520/AUTH_f710e03ba52a4857a1ae10860ed8a0ab/gnocchi.93e832b6-8b4f-42a7-b296-f4780e93f909/1769040000.0_mean_300.0_v3" 201 - "PUT http://172.18.0.2:8080/d1/467/AUTH_f710e03ba52a4857a1ae10860ed8a0ab/gnocchi.93e832b6-8b4f-42a7-b296-f4780e93f909/1769040000.0_mean_300.0_v3" "tx8659a58f2ee24d39be7a5-006978e6d3" "object-server 24" 0.0005 "-" 16 0
Jan 27 16:24:51 standalone object-server[127750]: 172.20.0.100 - - [27/Jan/2026:16:24:51 +0000] "PUT /d1/467/AUTH_f710e03ba52a4857a1ae10860ed8a0ab/gnocchi.93e832b6-8b4f-42a7-b296-f4780e93f909/1769040000.0_mean_300.0_v3" 201 - "PUT http://172.18.0.2:8080/v1/AUTH_f710e03ba52a4857a1ae10860ed8a0ab/gnocchi.93e832b6-8b4f-42a7-b296-f4780e93f909/1769040000.0_mean_300.0_v3" "tx8659a58f2ee24d39be7a5-006978e6d3" "proxy-server 20" 0.0105 "-" 24 0
Jan 27 16:24:51 standalone proxy-server[129382]: 172.18.0.2 172.18.0.100 27/Jan/2026/16/24/51 PUT /v1/AUTH_f710e03ba52a4857a1ae10860ed8a0ab/gnocchi.93e832b6-8b4f-42a7-b296-f4780e93f909/1769040000.0_mean_300.0_v3 HTTP/1.0 201 - python-swiftclient-3.11.1 gAAAAABpeOZl8ZCJ... 16 - - tx8659a58f2ee24d39be7a5-006978e6d3 - 0.0165 - - 1769531091.494789362 1769531091.511259556 0
Jan 27 16:24:51 standalone container-server[127493]: 172.20.0.100 - - [27/Jan/2026:16:24:51 +0000] "PUT /d1/520/AUTH_f710e03ba52a4857a1ae10860ed8a0ab/gnocchi.93e832b6-8b4f-42a7-b296-f4780e93f909/none_v3" 201 - "PUT http://172.18.0.2:8080/d1/633/AUTH_f710e03ba52a4857a1ae10860ed8a0ab/gnocchi.93e832b6-8b4f-42a7-b296-f4780e93f909/none_v3" "txbe68d23440fc424c8d164-006978e6d3" "object-server 19" 0.0006 "-" 17 0
Jan 27 16:24:51 standalone object-server[127742]: 172.20.0.100 - - [27/Jan/2026:16:24:51 +0000] "PUT /d1/633/AUTH_f710e03ba52a4857a1ae10860ed8a0ab/gnocchi.93e832b6-8b4f-42a7-b296-f4780e93f909/none_v3" 201 - "PUT http://172.18.0.2:8080/v1/AUTH_f710e03ba52a4857a1ae10860ed8a0ab/gnocchi.93e832b6-8b4f-42a7-b296-f4780e93f909/none_v3" "txbe68d23440fc424c8d164-006978e6d3" "proxy-server 20" 0.0134 "-" 19 0
Jan 27 16:24:51 standalone proxy-server[129382]: 172.18.0.2 172.18.0.100 27/Jan/2026/16/24/51 PUT /v1/AUTH_f710e03ba52a4857a1ae10860ed8a0ab/gnocchi.93e832b6-8b4f-42a7-b296-f4780e93f909/none_v3 HTTP/1.0 201 - python-swiftclient-3.11.1 gAAAAABpeOZl8ZCJ... 22 - - txbe68d23440fc424c8d164-006978e6d3 - 0.0183 - - 1769531091.518343687 1769531091.536659002 0
Jan 27 16:24:52 standalone object-server[127746]: 172.20.0.100 - - [27/Jan/2026:16:24:52 +0000] "GET /d1/633/AUTH_f710e03ba52a4857a1ae10860ed8a0ab/gnocchi.93e832b6-8b4f-42a7-b296-f4780e93f909/none_v3" 200 22 "GET http://172.18.0.2:8080/v1/AUTH_f710e03ba52a4857a1ae10860ed8a0ab/gnocchi.93e832b6-8b4f-42a7-b296-f4780e93f909/none_v3" "tx33901c241cbc400b87975-006978e6d4" "proxy-server 20" 0.0010 "-" 22 0
Jan 27 16:24:52 standalone proxy-server[129382]: 172.18.0.2 172.18.0.100 27/Jan/2026/16/24/52 GET /v1/AUTH_f710e03ba52a4857a1ae10860ed8a0ab/gnocchi.93e832b6-8b4f-42a7-b296-f4780e93f909/none_v3 HTTP/1.0 200 - python-swiftclient-3.11.1 gAAAAABpeOZl8ZCJ... - 22 - tx33901c241cbc400b87975-006978e6d4 - 0.0076 - - 1769531092.551292896 1769531092.558866978 0
Jan 27 16:24:52 standalone container-server[127493]: 172.20.0.100 - - [27/Jan/2026:16:24:52 +0000] "GET /d1/520/AUTH_f710e03ba52a4857a1ae10860ed8a0ab/gnocchi.93e832b6-8b4f-42a7-b296-f4780e93f909" 200 357 "GET http://172.18.0.2:8080/v1/AUTH_f710e03ba52a4857a1ae10860ed8a0ab/gnocchi.93e832b6-8b4f-42a7-b296-f4780e93f909?format=json&states=listing" "tx7f2e69b829de4e0fa58d3-006978e6d4" "proxy-server 20" 0.0093 "-" 17 0
