Jan 27 16:26:00 standalone container-server[127479]: 172.20.0.100 - - [27/Jan/2026:16:26:00 +0000] "HEAD /d1/901/AUTH_f710e03ba52a4857a1ae10860ed8a0ab/gnocchi.546785fc-27fa-4bf6-8049-de050098c97c" 404 - "HEAD http://172.18.0.2:8080/v1/AUTH_f710e03ba52a4857a1ae10860ed8a0ab/gnocchi.546785fc-27fa-4bf6-8049-de050098c97c?format=json&states=listing" "tx2bbafe93a90c4b58b7db9-006978e718" "proxy-server 20" 0.0005 "-" 15 0
Jan 27 16:26:00 standalone object-server[127746]: 172.20.0.100 - - [27/Jan/2026:16:26:00 +0000] "GET /d1/464/AUTH_f710e03ba52a4857a1ae10860ed8a0ab/gnocchi.546785fc-27fa-4bf6-8049-de050098c97c/none_v3" 404 70 "GET http://172.18.0.2:8080/v1/AUTH_f710e03ba52a4857a1ae10860ed8a0ab/gnocchi.546785fc-27fa-4bf6-8049-de050098c97c/none_v3" "tx2bbafe93a90c4b58b7db9-006978e718" "proxy-server 20" 0.0007 "-" 22 0
Jan 27 16:26:00 standalone proxy-server[129382]: 172.18.0.2 172.18.0.100 27/Jan/2026/16/26/00 GET /v1/AUTH_f710e03ba52a4857a1ae10860ed8a0ab/gnocchi.546785fc-27fa-4bf6-8049-de050098c97c/none_v3 HTTP/1.0 404 - python-swiftclient-3.11.1 gAAAAABpeOZl8ZCJ... - 70 - tx2bbafe93a90c4b58b7db9-006978e718 - 0.0122 - - 1769531160.526731491 1769531160.538969278 0
Jan 27 16:26:00 standalone account-server[127478]: 172.20.0.100 - - [27/Jan/2026:16:26:00 +0000] "PUT /d1/323/AUTH_f710e03ba52a4857a1ae10860ed8a0ab/gnocchi.546785fc-27fa-4bf6-8049-de050098c97c" 201 - "PUT http://172.20.0.100:6001/d1/901/AUTH_f710e03ba52a4857a1ae10860ed8a0ab/gnocchi.546785fc-27fa-4bf6-8049-de050098c97c" "tx700670900fc143ffa7df5-006978e718" "container-server 15" 0.0072 "-" 17 0
Jan 27 16:26:00 standalone container-server[127479]: 172.20.0.100 - - [27/Jan/2026:16:26:00 +0000] "PUT /d1/901/AUTH_f710e03ba52a4857a1ae10860ed8a0ab/gnocchi.546785fc-27fa-4bf6-8049-de050098c97c" 201 - "PUT http://172.18.0.2:8080/v1/AUTH_f710e03ba52a4857a1ae10860ed8a0ab/gnocchi.546785fc-27fa-4bf6-8049-de050098c97c" "tx700670900fc143ffa7df5-006978e718" "proxy-server 20" 0.0213 "-" 15 0
Jan 27 16:26:00 standalone proxy-server[129382]: 172.18.0.2 172.18.0.100 27/Jan/2026/16/26/00 PUT /v1/AUTH_f710e03ba52a4857a1ae10860ed8a0ab/gnocchi.546785fc-27fa-4bf6-8049-de050098c97c HTTP/1.0 201 - python-swiftclient-3.11.1 gAAAAABpeOZl8ZCJ... - - - tx700670900fc143ffa7df5-006978e718 - 0.0272 - - 1769531160.541584015 1769531160.568778753 0
Jan 27 16:26:00 standalone container-server[127479]: 172.20.0.100 - - [27/Jan/2026:16:26:00 +0000] "HEAD /d1/901/AUTH_f710e03ba52a4857a1ae10860ed8a0ab/gnocchi.546785fc-27fa-4bf6-8049-de050098c97c" 204 - "HEAD http://172.18.0.2:8080/v1/AUTH_f710e03ba52a4857a1ae10860ed8a0ab/gnocchi.546785fc-27fa-4bf6-8049-de050098c97c?format=json&states=listing" "txb4e8c4ef31334394a661b-006978e718" "proxy-server 20" 0.0014 "-" 15 0
Jan 27 16:26:00 standalone proxy-server[129382]: - - 27/Jan/2026/16/26/00 HEAD /v1/AUTH_f710e03ba52a4857a1ae10860ed8a0ab/gnocchi.546785fc-27fa-4bf6-8049-de050098c97c%3Fformat%3Djson%26states%3Dlisting HTTP/1.0 204 - Swift - - - - txb4e8c4ef31334394a661b-006978e718 - 0.0064 RL - 1769531160.574760914 1769531160.581144333 0
Jan 27 16:26:00 standalone container-server[127479]: 172.20.0.100 - - [27/Jan/2026:16:26:00 +0000] "GET /d1/901/AUTH_f710e03ba52a4857a1ae10860ed8a0ab/gnocchi.546785fc-27fa-4bf6-8049-de050098c97c" 200 2 "GET http://172.18.0.2:8080/v1/AUTH_f710e03ba52a4857a1ae10860ed8a0ab/gnocchi.546785fc-27fa-4bf6-8049-de050098c97c?format=json&states=listing" "txb4e8c4ef31334394a661b-006978e718" "proxy-server 20" 0.0023 "-" 15 0
Jan 27 16:26:00 standalone proxy-server[129382]: 172.18.0.2 172.18.0.100 27/Jan/2026/16/26/00 GET /v1/AUTH_f710e03ba52a4857a1ae10860ed8a0ab/gnocchi.546785fc-27fa-4bf6-8049-de050098c97c%3Fformat%3Djson%26states%3Dlisting HTTP/1.0 200 - python-swiftclient-3.11.1 gAAAAABpeOZl8ZCJ... - 2 - txb4e8c4ef31334394a661b-006978e718 - 0.0205 - - 1769531160.572737694 1769531160.593280792 0
Jan 27 16:26:00 standalone object-server[127749]: 172.20.0.100 - - [27/Jan/2026:16:26:00 +0000] "GET /d1/259/AUTH_f710e03ba52a4857a1ae10860ed8a0ab/gnocchi.546785fc-27fa-4bf6-8049-de050098c97c/1769040000.0_mean_300.0_v3" 404 70 "GET http://172.18.0.2:8080/v1/AUTH_f710e03ba52a4857a1ae10860ed8a0ab/gnocchi.546785fc-27fa-4bf6-8049-de050098c97c/1769040000.0_mean_300.0_v3" "tx4e3153d557b74480a3f3f-006978e718" "proxy-server 20" 0.0004 "-" 23 0
Jan 27 16:26:00 standalone proxy-server[129382]: 172.18.0.2 172.18.0.100 27/Jan/2026/16/26/00 GET /v1/AUTH_f710e03ba52a4857a1ae10860ed8a0ab/gnocchi.546785fc-27fa-4bf6-8049-de050098c97c/1769040000.0_mean_300.0_v3 HTTP/1.0 404 - python-swiftclient-3.11.1 gAAAAABpeOZl8ZCJ... - 70 - tx4e3153d557b74480a3f3f-006978e718 - 0.0085 - - 1769531160.597115040 1769531160.605597734 0
Jan 27 16:26:00 standalone container-server[127473]: 172.20.0.100 - - [27/Jan/2026:16:26:00 +0000] "PUT /d1/901/AUTH_f710e03ba52a4857a1ae10860ed8a0ab/gnocchi.546785fc-27fa-4bf6-8049-de050098c97c/1769040000.0_mean_300.0_v3" 201 - "PUT http://172.18.0.2:8080/d1/259/AUTH_f710e03ba52a4857a1ae10860ed8a0ab/gnocchi.546785fc-27fa-4bf6-8049-de050098c97c/1769040000.0_mean_300.0_v3" "txfd33c625b7e94b229f667-006978e718" "object-server 23" 0.0008 "-" 14 0
Jan 27 16:26:00 standalone object-server[127749]: 172.20.0.100 - - [27/Jan/2026:16:26:00 +0000] "PUT /d1/259/AUTH_f710e03ba52a4857a1ae10860ed8a0ab/gnocchi.546785fc-27fa-4bf6-8049-de050098c97c/1769040000.0_mean_300.0_v3" 201 - "PUT http://172.18.0.2:8080/v1/AUTH_f710e03ba52a4857a1ae10860ed8a0ab/gnocchi.546785fc-27fa-4bf6-8049-de050098c97c/1769040000.0_mean_300.0_v3" "txfd33c625b7e94b229f667-006978e718" "proxy-server 20" 0.0142 "-" 23 0
Jan 27 16:26:00 standalone proxy-server[129382]: 172.18.0.2 172.18.0.100 27/Jan/2026/16/26/00 PUT /v1/AUTH_f710e03ba52a4857a1ae10860ed8a0ab/gnocchi.546785fc-27fa-4bf6-8049-de050098c97c/1769040000.0_mean_300.0_v3 HTTP/1.0 201 - python-swiftclient-3.11.1 gAAAAABpeOZl8ZCJ... 16 - - txfd33c625b7e94b229f667-006978e718 - 0.0227 - - 1769531160.611136675 1769531160.633874893 0
Jan 27 16:26:00 standalone container-server[127493]: 172.20.0.100 - - [27/Jan/2026:16:26:00 +0000] "PUT /d1/901/AUTH_f710e03ba52a4857a1ae10860ed8a0ab/gnocchi.546785fc-27fa-4bf6-8049-de050098c97c/none_v3" 201 - "PUT http://172.18.0.2:8080/d1/464/AUTH_f710e03ba52a4857a1ae10860ed8a0ab/gnocchi.546785fc-27fa-4bf6-8049-de050098c97c/none_v3" "txcb531698dfa44a2eb8e12-006978e718" "object-server 23" 0.0011 "-" 17 0
Jan 27 16:26:00 standalone object-server[127749]: 172.20.0.100 - - [27/Jan/2026:16:26:00 +0000] "PUT /d1/464/AUTH_f710e03ba52a4857a1ae10860ed8a0ab/gnocchi.546785fc-27fa-4bf6-8049-de050098c97c/none_v3" 201 - "PUT http://172.18.0.2:8080/v1/AUTH_f710e03ba52a4857a1ae10860ed8a0ab/gnocchi.546785fc-27fa-4bf6-8049-de050098c97c/none_v3" "txcb531698dfa44a2eb8e12-006978e718" "proxy-server 20" 0.0143 "-" 23 0
Jan 27 16:26:00 standalone proxy-server[129382]: 172.18.0.2 172.18.0.100 27/Jan/2026/16/26/00 PUT /v1/AUTH_f710e03ba52a4857a1ae10860ed8a0ab/gnocchi.546785fc-27fa-4bf6-8049-de050098c97c/none_v3 HTTP/1.0 201 - python-swiftclient-3.11.1 gAAAAABpeOZl8ZCJ... 22 - - txcb531698dfa44a2eb8e12-006978e718 - 0.0223 - - 1769531160.636824369 1769531160.659091473 0
Jan 27 16:26:00 standalone container-server[127493]: 172.20.0.100 - - [27/Jan/2026:16:26:00 +0000] "HEAD /d1/972/AUTH_f710e03ba52a4857a1ae10860ed8a0ab/gnocchi.24207c1f-ed7e-48b0-afa6-746f2e77c57e" 404 - "HEAD http://172.18.0.2:8080/v1/AUTH_f710e03ba52a4857a1ae10860ed8a0ab/gnocchi.24207c1f-ed7e-48b0-afa6-746f2e77c57e?format=json&states=listing" "tx2c234cdfc7834024b456b-006978e718" "proxy-server 20" 0.0009 "-" 17 0
Jan 27 16:26:00 standalone object-server[127750]: 172.20.0.100 - - [27/Jan/2026:16:26:00 +0000] "GET /d1/595/AUTH_f710e03ba52a4857a1ae10860ed8a0ab/gnocchi.24207c1f-ed7e-48b0-afa6-746f2e77c57e/none_v3" 404 70 "GET http://172.18.0.2:8080/v1/AUTH_f710e03ba52a4857a1ae10860ed8a0ab/gnocchi.24207c1f-ed7e-48b0-afa6-746f2e77c57e/none_v3" "tx2c234cdfc7834024b456b-006978e718" "proxy-server 20" 0.0005 "-" 24 0
Jan 27 16:26:00 standalone proxy-server[129382]: 172.18.0.2 172.18.0.100 27/Jan/2026/16/26/00 GET /v1/AUTH_f710e03ba52a4857a1ae10860ed8a0ab/gnocchi.24207c1f-ed7e-48b0-afa6-746f2e77c57e/none_v3 HTTP/1.0 404 - python-swiftclient-3.11.1 gAAAAABpeOZl8ZCJ... - 70 - tx2c234cdfc7834024b456b-006978e718 - 0.0153 - - 1769531160.677993298 1769531160.693315744 0
Jan 27 16:26:00 standalone account-server[127478]: 172.20.0.100 - - [27/Jan/2026:16:26:00 +0000] "PUT /d1/323/AUTH_f710e03ba52a4857a1ae10860ed8a0ab/gnocchi.24207c1f-ed7e-48b0-afa6-746f2e77c57e" 201 - "PUT http://172.20.0.100:6001/d1/972/AUTH_f710e03ba52a4857a1ae10860ed8a0ab/gnocchi.24207c1f-ed7e-48b0-afa6-746f2e77c57e" "tx76524240e7194bcbb2690-006978e718" "container-server 15" 0.0074 "-" 17 0
Jan 27 16:26:00 standalone container-server[127479]: 172.20.0.100 - - [27/Jan/2026:16:26:00 +0000] "PUT /d1/972/AUTH_f710e03ba52a4857a1ae10860ed8a0ab/gnocchi.24207c1f-ed7e-48b0-afa6-746f2e77c57e" 201 - "PUT http://172.18.0.2:8080/v1/AUTH_f710e03ba52a4857a1ae10860ed8a0ab/gnocchi.24207c1f-ed7e-48b0-afa6-746f2e77c57e" "tx76524240e7194bcbb2690-006978e718" "proxy-server 20" 0.0249 "-" 15 0
Jan 27 16:26:00 standalone proxy-server[129382]: 172.18.0.2 172.18.0.100 27/Jan/2026/16/26/00 PUT /v1/AUTH_f710e03ba52a4857a1ae10860ed8a0ab/gnocchi.24207c1f-ed7e-48b0-afa6-746f2e77c57e HTTP/1.0 201 - python-swiftclient-3.11.1 gAAAAABpeOZl8ZCJ... - - - tx76524240e7194bcbb2690-006978e718 - 0.0314 - - 1769531160.696714163 1769531160.728092194 0
Jan 27 16:26:00 standalone container-server[127493]: 172.20.0.100 - - [27/Jan/2026:16:26:00 +0000] "HEAD /d1/972/AUTH_f710e03ba52a4857a1ae10860ed8a0ab/gnocchi.24207c1f-ed7e-48b0-afa6-746f2e77c57e" 204 - "HEAD http://172.18.0.2:8080/v1/AUTH_f710e03ba52a4857a1ae10860ed8a0ab/gnocchi.24207c1f-ed7e-48b0-afa6-746f2e77c57e?format=json&states=listing" "tx6fc2af353ba5451e8efd1-006978e718" "proxy-server 20" 0.0019 "-" 17 0
Jan 27 16:26:00 standalone proxy-server[129382]: - - 27/Jan/2026/16/26/00 HEAD /v1/AUTH_f710e03ba52a4857a1ae10860ed8a0ab/gnocchi.24207c1f-ed7e-48b0-afa6-746f2e77c57e%3Fformat%3Djson%26states%3Dlisting HTTP/1.0 204 - Swift - - - - tx6fc2af353ba5451e8efd1-006978e718 - 0.0068 RL - 1769531160.736483812 1769531160.743241787 0
Jan 27 16:26:00 standalone container-server[127473]: 172.20.0.100 - - [27/Jan/2026:16:26:00 +0000] "GET /d1/972/AUTH_f710e03ba52a4857a1ae10860ed8a0ab/gnocchi.24207c1f-ed7e-48b0-afa6-746f2e77c57e" 200 2 "GET http://172.18.0.2:8080/v1/AUTH_f710e03ba52a4857a1ae10860ed8a0ab/gnocchi.24207c1f-ed7e-48b0-afa6-746f2e77c57e?format=json&states=listing" "tx6fc2af353ba5451e8efd1-006978e718" "proxy-server 20" 0.0025 "-" 14 0
Jan 27 16:26:00 standalone proxy-server[129382]: 172.18.0.2 172.18.0.100 27/Jan/2026/16/26/00 GET /v1/AUTH_f710e03ba52a4857a1ae10860ed8a0ab/gnocchi.24207c1f-ed7e-48b0-afa6-746f2e77c57e%3Fformat%3Djson%26states%3Dlisting HTTP/1.0 200 - python-swiftclient-3.11.1 gAAAAABpeOZl8ZCJ... - 2 - tx6fc2af353ba5451e8efd1-006978e718 - 0.0200 - - 1769531160.734827280 1769531160.754786491 0
Jan 27 16:26:00 standalone object-server[127750]: 172.20.0.100 - - [27/Jan/2026:16:26:00 +0000] "GET /d1/103/AUTH_f710e03ba52a4857a1ae10860ed8a0ab/gnocchi.24207c1f-ed7e-48b0-afa6-746f2e77c57e/1769040000.0_mean_300.0_v3" 404 70 "GET http://172.18.0.2:8080/v1/AUTH_f710e03ba52a4857a1ae10860ed8a0ab/gnocchi.24207c1f-ed7e-48b0-afa6-746f2e77c57e/1769040000.0_mean_300.0_v3" "tx2e7c6604e4be45fe99083-006978e718" "proxy-server 20" 0.0006 "-" 24 0
Jan 27 16:26:00 standalone proxy-server[129382]: 172.18.0.2 172.18.0.100 27/Jan/2026/16/26/00 GET /v1/AUTH_f710e03ba52a4857a1ae10860ed8a0ab/gnocchi.24207c1f-ed7e-48b0-afa6-746f2e77c57e/1769040000.0_mean_300.0_v3 HTTP/1.0 404 - python-swiftclient-3.11.1 gAAAAABpeOZl8ZCJ... - 70 - tx2e7c6604e4be45fe99083-006978e718 - 0.0111 - - 1769531160.760343552 1769531160.771430254 0
Jan 27 16:26:00 standalone container-server[127473]: 172.20.0.100 - - [27/Jan/2026:16:26:00 +0000] "PUT /d1/972/AUTH_f710e03ba52a4857a1ae10860ed8a0ab/gnocchi.24207c1f-ed7e-48b0-afa6-746f2e77c57e/1769040000.0_mean_300.0_v3" 201 - "PUT http://172.18.0.2:8080/d1/103/AUTH_f710e03ba52a4857a1ae10860ed8a0ab/gnocchi.24207c1f-ed7e-48b0-afa6-746f2e77c57e/1769040000.0_mean_300.0_v3" "txdf6955c802464d0892291-006978e718" "object-server 22" 0.0005 "-" 14 0
Jan 27 16:26:00 standalone object-server[127746]: 172.20.0.100 - - [27/Jan/2026:16:26:00 +0000] "PUT /d1/103/AUTH_f710e03ba52a4857a1ae10860ed8a0ab/gnocchi.24207c1f-ed7e-48b0-afa6-746f2e77c57e/1769040000.0_mean_300.0_v3" 201 - "PUT http://172.18.0.2:8080/v1/AUTH_f710e03ba52a4857a1ae10860ed8a0ab/gnocchi.24207c1f-ed7e-48b0-afa6-746f2e77c57e/1769040000.0_mean_300.0_v3" "txdf6955c802464d0892291-006978e718" "proxy-server 20" 0.0154 "-" 22 0
Jan 27 16:26:00 standalone proxy-server[129382]: 172.18.0.2 172.18.0.100 27/Jan/2026/16/26/00 PUT /v1/AUTH_f710e03ba52a4857a1ae10860ed8a0ab/gnocchi.24207c1f-ed7e-48b0-afa6-746f2e77c57e/1769040000.0_mean_300.0_v3 HTTP/1.0 201 - python-swiftclient-3.11.1 gAAAAABpeOZl8ZCJ... 16 - - txdf6955c802464d0892291-006978e718 - 0.0249 - - 1769531160.777395487 1769531160.802294731 0
Jan 27 16:26:00 standalone container-server[127492]: 172.20.0.100 - - [27/Jan/2026:16:26:00 +0000] "PUT /d1/972/AUTH_f710e03ba52a4857a1ae10860ed8a0ab/gnocchi.24207c1f-ed7e-48b0-afa6-746f2e77c57e/none_v3" 201 - "PUT http://172.18.0.2:8080/d1/595/AUTH_f710e03ba52a4857a1ae10860ed8a0ab/gnocchi.24207c1f-ed7e-48b0-afa6-746f2e77c57e/none_v3" "txb630f4e07aec42f2bb52c-006978e718" "object-server 19" 0.0010 "-" 16 0
Jan 27 16:26:00 standalone object-server[127742]: 172.20.0.100 - - [27/Jan/2026:16:26:00 +0000] "PUT /d1/595/AUTH_f710e03ba52a4857a1ae10860ed8a0ab/gnocchi.24207c1f-ed7e-48b0-afa6-746f2e77c57e/none_v3" 201 - "PUT http://172.18.0.2:8080/v1/AUTH_f710e03ba52a4857a1ae10860ed8a0ab/gnocchi.24207c1f-ed7e-48b0-afa6-746f2e77c57e/none_v3" "txb630f4e07aec42f2bb52c-006978e718" "proxy-server 20" 0.0220 "-" 19 0
Jan 27 16:26:00 standalone proxy-server[129382]: 172.18.0.2 172.18.0.100 27/Jan/2026/16/26/00 PUT /v1/AUTH_f710e03ba52a4857a1ae10860ed8a0ab/gnocchi.24207c1f-ed7e-48b0-afa6-746f2e77c57e/none_v3 HTTP/1.0 201 - python-swiftclient-3.11.1 gAAAAABpeOZl8ZCJ... 22 - - txb630f4e07aec42f2bb52c-006978e718 - 0.0303 - - 1769531160.806696415 1769531160.837007761 0
Jan 27 16:26:00 standalone container-server[127479]: 172.20.0.100 - - [27/Jan/2026:16:26:00 +0000] "HEAD /d1/660/AUTH_f710e03ba52a4857a1ae10860ed8a0ab/gnocchi.3cb2ce99-5fd0-4159-b294-7d196c437f02" 404 - "HEAD http://172.18.0.2:8080/v1/AUTH_f710e03ba52a4857a1ae10860ed8a0ab/gnocchi.3cb2ce99-5fd0-4159-b294-7d196c437f02?format=json&states=listing" "tx2bca32f53d6d4171bc356-006978e718" "proxy-server 20" 0.0004 "-" 15 0
Jan 27 16:26:00 standalone object-server[127749]: 172.20.0.100 - - [27/Jan/2026:16:26:00 +0000] "GET /d1/198/AUTH_f710e03ba52a4857a1ae10860ed8a0ab/gnocchi.3cb2ce99-5fd0-4159-b294-7d196c437f02/none_v3" 404 70 "GET http://172.18.0.2:8080/v1/AUTH_f710e03ba52a4857a1ae10860ed8a0ab/gnocchi.3cb2ce99-5fd0-4159-b294-7d196c437f02/none_v3" "tx2bca32f53d6d4171bc356-006978e718" "proxy-server 20" 0.0003 "-" 23 0
Jan 27 16:26:00 standalone proxy-server[129382]: 172.18.0.2 172.18.0.100 27/Jan/2026/16/26/00 GET /v1/AUTH_f710e03ba52a4857a1ae10860ed8a0ab/gnocchi.3cb2ce99-5fd0-4159-b294-7d196c437f02/none_v3 HTTP/1.0 404 - python-swiftclient-3.11.1 gAAAAABpeOZl8ZCJ... - 70 - tx2bca32f53d6d4171bc356-006978e718 - 0.0095 - - 1769531160.859709978 1769531160.869207859 0
Jan 27 16:26:00 standalone account-server[127478]: 172.20.0.100 - - [27/Jan/2026:16:26:00 +0000] "PUT /d1/323/AUTH_f710e03ba52a4857a1ae10860ed8a0ab/gnocchi.3cb2ce99-5fd0-4159-b294-7d196c437f02" 201 - "PUT http://172.20.0.100:6001/d1/660/AUTH_f710e03ba52a4857a1ae10860ed8a0ab/gnocchi.3cb2ce99-5fd0-4159-b294-7d196c437f02" "tx8955d6eda8244aea9fe8d-006978e718" "container-server 16" 0.0061 "-" 17 0
Jan 27 16:26:00 standalone container-server[127492]: 172.20.0.100 - - [27/Jan/2026:16:26:00 +0000] "PUT /d1/660/AUTH_f710e03ba52a4857a1ae10860ed8a0ab/gnocchi.3cb2ce99-5fd0-4159-b294-7d196c437f02" 201 - "PUT http://172.18.0.2:8080/v1/AUTH_f710e03ba52a4857a1ae10860ed8a0ab/gnocchi.3cb2ce99-5fd0-4159-b294-7d196c437f02" "tx8955d6eda8244aea9fe8d-006978e718" "proxy-server 20" 0.0171 "-" 16 0
Jan 27 16:26:00 standalone proxy-server[129382]: 172.18.0.2 172.18.0.100 27/Jan/2026/16/26/00 PUT /v1/AUTH_f710e03ba52a4857a1ae10860ed8a0ab/gnocchi.3cb2ce99-5fd0-4159-b294-7d196c437f02 HTTP/1.0 201 - python-swiftclient-3.11.1 gAAAAABpeOZl8ZCJ... - - - tx8955d6eda8244aea9fe8d-006978e718 - 0.0219 - - 1769531160.872495174 1769531160.894439220 0
Jan 27 16:26:00 standalone container-server[127473]: 172.20.0.100 - - [27/Jan/2026:16:26:00 +0000] "HEAD /d1/660/AUTH_f710e03ba52a4857a1ae10860ed8a0ab/gnocchi.3cb2ce99-5fd0-4159-b294-7d196c437f02" 204 - "HEAD http://172.18.0.2:8080/v1/AUTH_f710e03ba52a4857a1ae10860ed8a0ab/gnocchi.3cb2ce99-5fd0-4159-b294-7d196c437f02?format=json&states=listing" "txcd1baf0f917f49578168c-006978e718" "proxy-server 20" 0.0014 "-" 14 0
Jan 27 16:26:00 standalone proxy-server[129382]: - - 27/Jan/2026/16/26/00 HEAD /v1/AUTH_f710e03ba52a4857a1ae10860ed8a0ab/gnocchi.3cb2ce99-5fd0-4159-b294-7d196c437f02%3Fformat%3Djson%26states%3Dlisting HTTP/1.0 204 - Swift - - - - txcd1baf0f917f49578168c-006978e718 - 0.0053 RL - 1769531160.900090933 1769531160.905346394 0
Jan 27 16:26:00 standalone container-server[127493]: 172.20.0.100 - - [27/Jan/2026:16:26:00 +0000] "GET /d1/660/AUTH_f710e03ba52a4857a1ae10860ed8a0ab/gnocchi.3cb2ce99-5fd0-4159-b294-7d196c437f02" 200 2 "GET http://172.18.0.2:8080/v1/AUTH_f710e03ba52a4857a1ae10860ed8a0ab/gnocchi.3cb2ce99-5fd0-4159-b294-7d196c437f02?format=json&states=listing" "txcd1baf0f917f49578168c-006978e718" "proxy-server 20" 0.0024 "-" 17 0
Jan 27 16:26:00 standalone proxy-server[129382]: 172.18.0.2 172.18.0.100 27/Jan/2026/16/26/00 GET /v1/AUTH_f710e03ba52a4857a1ae10860ed8a0ab/gnocchi.3cb2ce99-5fd0-4159-b294-7d196c437f02%3Fformat%3Djson%26states%3Dlisting HTTP/1.0 200 - python-swiftclient-3.11.1 gAAAAABpeOZl8ZCJ... - 2 - txcd1baf0f917f49578168c-006978e718 - 0.0205 - - 1769531160.898656845 1769531160.919111252 0
Jan 27 16:26:00 standalone object-server[127746]: 172.20.0.100 - - [27/Jan/2026:16:26:00 +0000] "GET /d1/85/AUTH_f710e03ba52a4857a1ae10860ed8a0ab/gnocchi.3cb2ce99-5fd0-4159-b294-7d196c437f02/1769040000.0_mean_300.0_v3" 404 70 "GET http://172.18.0.2:8080/v1/AUTH_f710e03ba52a4857a1ae10860ed8a0ab/gnocchi.3cb2ce99-5fd0-4159-b294-7d196c437f02/1769040000.0_mean_300.0_v3" "txb5caae4803eb4c86bb2cf-006978e718" "proxy-server 20" 0.0005 "-" 22 0
Jan 27 16:26:00 standalone proxy-server[129382]: 172.18.0.2 172.18.0.100 27/Jan/2026/16/26/00 GET /v1/AUTH_f710e03ba52a4857a1ae10860ed8a0ab/gnocchi.3cb2ce99-5fd0-4159-b294-7d196c437f02/1769040000.0_mean_300.0_v3 HTTP/1.0 404 - python-swiftclient-3.11.1 gAAAAABpeOZl8ZCJ... - 70 - txb5caae4803eb4c86bb2cf-006978e718 - 0.0074 - - 1769531160.923312426 1769531160.930680752 0
Jan 27 16:26:00 standalone container-server[127492]: 172.20.0.100 - - [27/Jan/2026:16:26:00 +0000] "PUT /d1/660/AUTH_f710e03ba52a4857a1ae10860ed8a0ab/gnocchi.3cb2ce99-5fd0-4159-b294-7d196c437f02/1769040000.0_mean_300.0_v3" 201 - "PUT http://172.18.0.2:8080/d1/85/AUTH_f710e03ba52a4857a1ae10860ed8a0ab/gnocchi.3cb2ce99-5fd0-4159-b294-7d196c437f02/1769040000.0_mean_300.0_v3" "txc70f4b971bd34f13bf108-006978e718" "object-server 19" 0.0010 "-" 16 0
Jan 27 16:26:00 standalone object-server[127742]: 172.20.0.100 - - [27/Jan/2026:16:26:00 +0000] "PUT /d1/85/AUTH_f710e03ba52a4857a1ae10860ed8a0ab/gnocchi.3cb2ce99-5fd0-4159-b294-7d196c437f02/1769040000.0_mean_300.0_v3" 201 - "PUT http://172.18.0.2:8080/v1/AUTH_f710e03ba52a4857a1ae10860ed8a0ab/gnocchi.3cb2ce99-5fd0-4159-b294-7d196c437f02/1769040000.0_mean_300.0_v3" "txc70f4b971bd34f13bf108-006978e718" "proxy-server 20" 0.0107 "-" 19 0
Jan 27 16:26:00 standalone proxy-server[129382]: 172.18.0.2 172.18.0.100 27/Jan/2026/16/26/00 PUT /v1/AUTH_f710e03ba52a4857a1ae10860ed8a0ab/gnocchi.3cb2ce99-5fd0-4159-b294-7d196c437f02/1769040000.0_mean_300.0_v3 HTTP/1.0 201 - python-swiftclient-3.11.1 gAAAAABpeOZl8ZCJ... 16 - - txc70f4b971bd34f13bf108-006978e718 - 0.0183 - - 1769531160.933975697 1769531160.952275753 0
Jan 27 16:26:00 standalone container-server[127493]: 172.20.0.100 - - [27/Jan/2026:16:26:00 +0000] "PUT /d1/660/AUTH_f710e03ba52a4857a1ae10860ed8a0ab/gnocchi.3cb2ce99-5fd0-4159-b294-7d196c437f02/none_v3" 201 - "PUT http://172.18.0.2:8080/d1/198/AUTH_f710e03ba52a4857a1ae10860ed8a0ab/gnocchi.3cb2ce99-5fd0-4159-b294-7d196c437f02/none_v3" "txc7999a29e29f4f6896be2-006978e718" "object-server 24" 0.0007 "-" 17 0
Jan 27 16:26:00 standalone object-server[127750]: 172.20.0.100 - - [27/Jan/2026:16:26:00 +0000] "PUT /d1/198/AUTH_f710e03ba52a4857a1ae10860ed8a0ab/gnocchi.3cb2ce99-5fd0-4159-b294-7d196c437f02/none_v3" 201 - "PUT http://172.18.0.2:8080/v1/AUTH_f710e03ba52a4857a1ae10860ed8a0ab/gnocchi.3cb2ce99-5fd0-4159-b294-7d196c437f02/none_v3" "txc7999a29e29f4f6896be2-006978e718" "proxy-server 20" 0.0120 "-" 24 0
Jan 27 16:26:00 standalone proxy-server[129382]: 172.18.0.2 172.18.0.100 27/Jan/2026/16/26/00 PUT /v1/AUTH_f710e03ba52a4857a1ae10860ed8a0ab/gnocchi.3cb2ce99-5fd0-4159-b294-7d196c437f02/none_v3 HTTP/1.0 201 - python-swiftclient-3.11.1 gAAAAABpeOZl8ZCJ... 22 - - txc7999a29e29f4f6896be2-006978e718 - 0.0237 - - 1769531160.955827236 1769531160.979572773 0
Jan 27 16:26:00 standalone container-server[127493]: 172.20.0.100 - - [27/Jan/2026:16:26:00 +0000] "HEAD /d1/215/AUTH_f710e03ba52a4857a1ae10860ed8a0ab/gnocchi.537c6c08-ddf2-4686-9bf4-375efc17ddb2" 404 - "HEAD http://172.18.0.2:8080/v1/AUTH_f710e03ba52a4857a1ae10860ed8a0ab/gnocchi.537c6c08-ddf2-4686-9bf4-375efc17ddb2?format=json&states=listing" "tx75b394e83a1f47f493445-006978e718" "proxy-server 20" 0.0005 "-" 17 0
Jan 27 16:26:01 standalone object-server[127742]: 172.20.0.100 - - [27/Jan/2026:16:26:01 +0000] "GET /d1/720/AUTH_f710e03ba52a4857a1ae10860ed8a0ab/gnocchi.537c6c08-ddf2-4686-9bf4-375efc17ddb2/none_v3" 404 70 "GET http://172.18.0.2:8080/v1/AUTH_f710e03ba52a4857a1ae10860ed8a0ab/gnocchi.537c6c08-ddf2-4686-9bf4-375efc17ddb2/none_v3" "tx75b394e83a1f47f493445-006978e718" "proxy-server 20" 0.0006 "-" 19 0
Jan 27 16:26:01 standalone proxy-server[129382]: 172.18.0.2 172.18.0.100 27/Jan/2026/16/26/01 GET /v1/AUTH_f710e03ba52a4857a1ae10860ed8a0ab/gnocchi.537c6c08-ddf2-4686-9bf4-375efc17ddb2/none_v3 HTTP/1.0 404 - python-swiftclient-3.11.1 gAAAAABpeOZl8ZCJ... - 70 - tx75b394e83a1f47f493445-006978e718 - 0.0142 - - 1769531160.990751266 1769531161.004930496 0
Jan 27 16:26:01 standalone account-server[127474]: 172.20.0.100 - - [27/Jan/2026:16:26:01 +0000] "PUT /d1/323/AUTH_f710e03ba52a4857a1ae10860ed8a0ab/gnocchi.537c6c08-ddf2-4686-9bf4-375efc17ddb2" 201 - "PUT http://172.20.0.100:6001/d1/215/AUTH_f710e03ba52a4857a1ae10860ed8a0ab/gnocchi.537c6c08-ddf2-4686-9bf4-375efc17ddb2" "txf45c7a7d4ada4134b9927-006978e719" "container-server 15" 0.0062 "-" 16 0
Jan 27 16:26:01 standalone container-server[127479]: 172.20.0.100 - - [27/Jan/2026:16:26:01 +0000] "PUT /d1/215/AUTH_f710e03ba52a4857a1ae10860ed8a0ab/gnocchi.537c6c08-ddf2-4686-9bf4-375efc17ddb2" 201 - "PUT http://172.18.0.2:8080/v1/AUTH_f710e03ba52a4857a1ae10860ed8a0ab/gnocchi.537c6c08-ddf2-4686-9bf4-375efc17ddb2" "txf45c7a7d4ada4134b9927-006978e719" "proxy-server 20" 0.0216 "-" 15 0
Jan 27 16:26:01 standalone proxy-server[129382]: 172.18.0.2 172.18.0.100 27/Jan/2026/16/26/01 PUT /v1/AUTH_f710e03ba52a4857a1ae10860ed8a0ab/gnocchi.537c6c08-ddf2-4686-9bf4-375efc17ddb2 HTTP/1.0 201 - python-swiftclient-3.11.1 gAAAAABpeOZl8ZCJ... - - - txf45c7a7d4ada4134b9927-006978e719 - 0.0274 - - 1769531161.007676363 1769531161.035031080 0
Jan 27 16:26:01 standalone container-server[127492]: 172.20.0.100 - - [27/Jan/2026:16:26:01 +0000] "HEAD /d1/215/AUTH_f710e03ba52a4857a1ae10860ed8a0ab/gnocchi.537c6c08-ddf2-4686-9bf4-375efc17ddb2" 204 - "HEAD http://172.18.0.2:8080/v1/AUTH_f710e03ba52a4857a1ae10860ed8a0ab/gnocchi.537c6c08-ddf2-4686-9bf4-375efc17ddb2?format=json&states=listing" "tx7dfe0bbf3267453b8658b-006978e719" "proxy-server 20" 0.0025 "-" 16 0
Jan 27 16:26:01 standalone proxy-server[129382]: - - 27/Jan/2026/16/26/01 HEAD /v1/AUTH_f710e03ba52a4857a1ae10860ed8a0ab/gnocchi.537c6c08-ddf2-4686-9bf4-375efc17ddb2%3Fformat%3Djson%26states%3Dlisting HTTP/1.0 204 - Swift - - - - tx7dfe0bbf3267453b8658b-006978e719 - 0.0071 RL - 1769531161.039914846 1769531161.047003746 0
Jan 27 16:26:01 standalone container-server[127492]: 172.20.0.100 - - [27/Jan/2026:16:26:01 +0000] "GET /d1/215/AUTH_f710e03ba52a4857a1ae10860ed8a0ab/gnocchi.537c6c08-ddf2-4686-9bf4-375efc17ddb2" 200 2 "GET http://172.18.0.2:8080/v1/AUTH_f710e03ba52a4857a1ae10860ed8a0ab/gnocchi.537c6c08-ddf2-4686-9bf4-375efc17ddb2?format=json&states=listing" "tx7dfe0bbf3267453b8658b-006978e719" "proxy-server 20" 0.0026 "-" 16 0
Jan 27 16:26:01 standalone proxy-server[129382]: 172.18.0.2 172.18.0.100 27/Jan/2026/16/26/01 GET /v1/AUTH_f710e03ba52a4857a1ae10860ed8a0ab/gnocchi.537c6c08-ddf2-4686-9bf4-375efc17ddb2%3Fformat%3Djson%26states%3Dlisting HTTP/1.0 200 - python-swiftclient-3.11.1 gAAAAABpeOZl8ZCJ... - 2 - tx7dfe0bbf3267453b8658b-006978e719 - 0.0169 - - 1769531161.038662195 1769531161.055543184 0
Jan 27 16:26:01 standalone object-server[127749]: 172.20.0.100 - - [27/Jan/2026:16:26:01 +0000] "GET /d1/736/AUTH_f710e03ba52a4857a1ae10860ed8a0ab/gnocchi.537c6c08-ddf2-4686-9bf4-375efc17ddb2/1769040000.0_mean_300.0_v3" 404 70 "GET http://172.18.0.2:8080/v1/AUTH_f710e03ba52a4857a1ae10860ed8a0ab/gnocchi.537c6c08-ddf2-4686-9bf4-375efc17ddb2/1769040000.0_mean_300.0_v3" "tx698f155a7bf948a0b1f59-006978e719" "proxy-server 20" 0.0004 "-" 23 0
Jan 27 16:26:01 standalone proxy-server[129382]: 172.18.0.2 172.18.0.100 27/Jan/2026/16/26/01 GET /v1/AUTH_f710e03ba52a4857a1ae10860ed8a0ab/gnocchi.537c6c08-ddf2-4686-9bf4-375efc17ddb2/1769040000.0_mean_300.0_v3 HTTP/1.0 404 - python-swiftclient-3.11.1 gAAAAABpeOZl8ZCJ... - 70 - tx698f155a7bf948a0b1f59-006978e719 - 0.0056 - - 1769531161.059271574 1769531161.064876556 0
Jan 27 16:26:01 standalone container-server[127473]: 172.20.0.100 - - [27/Jan/2026:16:26:01 +0000] "PUT /d1/215/AUTH_f710e03ba52a4857a1ae10860ed8a0ab/gnocchi.537c6c08-ddf2-4686-9bf4-375efc17ddb2/1769040000.0_mean_300.0_v3" 201 - "PUT http://172.18.0.2:8080/d1/736/AUTH_f710e03ba52a4857a1ae10860ed8a0ab/gnocchi.537c6c08-ddf2-4686-9bf4-375efc17ddb2/1769040000.0_mean_300.0_v3" "txcd6ed370c864498da0759-006978e719" "object-server 24" 0.0010 "-" 14 0
Jan 27 16:26:01 standalone object-server[127750]: 172.20.0.100 - - [27/Jan/2026:16:26:01 +0000] "PUT /d1/736/AUTH_f710e03ba52a4857a1ae10860ed8a0ab/gnocchi.537c6c08-ddf2-4686-9bf4-375efc17ddb2/1769040000.0_mean_300.0_v3" 201 - "PUT http://172.18.0.2:8080/v1/AUTH_f710e03ba52a4857a1ae10860ed8a0ab/gnocchi.537c6c08-ddf2-4686-9bf4-375efc17ddb2/1769040000.0_mean_300.0_v3" "txcd6ed370c864498da0759-006978e719" "proxy-server 20" 0.0107 "-" 24 0
Jan 27 16:26:01 standalone proxy-server[129382]: 172.18.0.2 172.18.0.100 27/Jan/2026/16/26/01 PUT /v1/AUTH_f710e03ba52a4857a1ae10860ed8a0ab/gnocchi.537c6c08-ddf2-4686-9bf4-375efc17ddb2/1769040000.0_mean_300.0_v3 HTTP/1.0 201 - python-swiftclient-3.11.1 gAAAAABpeOZl8ZCJ... 16 - - txcd6ed370c864498da0759-006978e719 - 0.0153 - - 1769531161.067338467 1769531161.082668066 0
Jan 27 16:26:01 standalone container-server[127492]: 172.20.0.100 - - [27/Jan/2026:16:26:01 +0000] "PUT /d1/215/AUTH_f710e03ba52a4857a1ae10860ed8a0ab/gnocchi.537c6c08-ddf2-4686-9bf4-375efc17ddb2/none_v3" 201 - "PUT http://172.18.0.2:8080/d1/720/AUTH_f710e03ba52a4857a1ae10860ed8a0ab/gnocchi.537c6c08-ddf2-4686-9bf4-375efc17ddb2/none_v3" "txa9fe86b1899543bb9aa99-006978e719" "object-server 24" 0.0007 "-" 16 0
Jan 27 16:26:01 standalone object-server[127750]: 172.20.0.100 - - [27/Jan/2026:16:26:01 +0000] "PUT /d1/720/AUTH_f710e03ba52a4857a1ae10860ed8a0ab/gnocchi.537c6c08-ddf2-4686-9bf4-375efc17ddb2/none_v3" 201 - "PUT http://172.18.0.2:8080/v1/AUTH_f710e03ba52a4857a1ae10860ed8a0ab/gnocchi.537c6c08-ddf2-4686-9bf4-375efc17ddb2/none_v3" "txa9fe86b1899543bb9aa99-006978e719" "proxy-server 20" 0.0082 "-" 24 0
Jan 27 16:26:01 standalone proxy-server[129382]: 172.18.0.2 172.18.0.100 27/Jan/2026/16/26/01 PUT /v1/AUTH_f710e03ba52a4857a1ae10860ed8a0ab/gnocchi.537c6c08-ddf2-4686-9bf4-375efc17ddb2/none_v3 HTTP/1.0 201 - python-swiftclient-3.11.1 gAAAAABpeOZl8ZCJ... 22 - - txa9fe86b1899543bb9aa99-006978e719 - 0.0132 - - 1769531161.085261822 1769531161.098447323 0
Jan 27 16:26:01 standalone container-server[127473]: 172.20.0.100 - - [27/Jan/2026:16:26:01 +0000] "HEAD /d1/756/AUTH_f710e03ba52a4857a1ae10860ed8a0ab/gnocchi.acc2da72-f8e1-4fa2-bd97-c15b293815a2" 404 - "HEAD http://172.18.0.2:8080/v1/AUTH_f710e03ba52a4857a1ae10860ed8a0ab/gnocchi.acc2da72-f8e1-4fa2-bd97-c15b293815a2?format=json&states=listing" "txa36f23e5145d4bcebb63f-006978e719" "proxy-server 20" 0.0005 "-" 14 0
Jan 27 16:26:01 standalone object-server[127742]: 172.20.0.100 - - [27/Jan/2026:16:26:01 +0000] "GET /d1/810/AUTH_f710e03ba52a4857a1ae10860ed8a0ab/gnocchi.acc2da72-f8e1-4fa2-bd97-c15b293815a2/none_v3" 404 70 "GET http://172.18.0.2:8080/v1/AUTH_f710e03ba52a4857a1ae10860ed8a0ab/gnocchi.acc2da72-f8e1-4fa2-bd97-c15b293815a2/none_v3" "txa36f23e5145d4bcebb63f-006978e719" "proxy-server 20" 0.0003 "-" 19 0
Jan 27 16:26:01 standalone proxy-server[129382]: 172.18.0.2 172.18.0.100 27/Jan/2026/16/26/01 GET /v1/AUTH_f710e03ba52a4857a1ae10860ed8a0ab/gnocchi.acc2da72-f8e1-4fa2-bd97-c15b293815a2/none_v3 HTTP/1.0 404 - python-swiftclient-3.11.1 gAAAAABpeOZl8ZCJ... - 70 - txa36f23e5145d4bcebb63f-006978e719 - 0.0085 - - 1769531161.107124329 1769531161.115668058 0
Jan 27 16:26:01 standalone account-server[127478]: 172.20.0.100 - - [27/Jan/2026:16:26:01 +0000] "PUT /d1/323/AUTH_f710e03ba52a4857a1ae10860ed8a0ab/gnocchi.acc2da72-f8e1-4fa2-bd97-c15b293815a2" 201 - "PUT http://172.20.0.100:6001/d1/756/AUTH_f710e03ba52a4857a1ae10860ed8a0ab/gnocchi.acc2da72-f8e1-4fa2-bd97-c15b293815a2" "tx7f9014d1203c42c2b9ae2-006978e719" "container-server 15" 0.0053 "-" 17 0
Jan 27 16:26:01 standalone container-server[127479]: 172.20.0.100 - - [27/Jan/2026:16:26:01 +0000] "PUT /d1/756/AUTH_f710e03ba52a4857a1ae10860ed8a0ab/gnocchi.acc2da72-f8e1-4fa2-bd97-c15b293815a2" 201 - "PUT http://172.18.0.2:8080/v1/AUTH_f710e03ba52a4857a1ae10860ed8a0ab/gnocchi.acc2da72-f8e1-4fa2-bd97-c15b293815a2" "tx7f9014d1203c42c2b9ae2-006978e719" "proxy-server 20" 0.0196 "-" 15 0
Jan 27 16:26:01 standalone proxy-server[129382]: 172.18.0.2 172.18.0.100 27/Jan/2026/16/26/01 PUT /v1/AUTH_f710e03ba52a4857a1ae10860ed8a0ab/gnocchi.acc2da72-f8e1-4fa2-bd97-c15b293815a2 HTTP/1.0 201 - python-swiftclient-3.11.1 gAAAAABpeOZl8ZCJ... - - - tx7f9014d1203c42c2b9ae2-006978e719 - 0.0282 - - 1769531161.118645906 1769531161.146803617 0
Jan 27 16:26:01 standalone container-server[127479]: 172.20.0.100 - - [27/Jan/2026:16:26:01 +0000] "HEAD /d1/571/AUTH_f710e03ba52a4857a1ae10860ed8a0ab/gnocchi.f60cad3b-8ce8-4b2a-83f7-8326d05a8222" 404 - "HEAD http://172.18.0.2:8080/v1/AUTH_f710e03ba52a4857a1ae10860ed8a0ab/gnocchi.f60cad3b-8ce8-4b2a-83f7-8326d05a8222?format=json&states=listing" "txe04eae2b300646ccb961a-006978e719" "proxy-server 20" 0.0003 "-" 15 0
Jan 27 16:26:01 standalone object-server[127742]: 172.20.0.100 - - [27/Jan/2026:16:26:01 +0000] "GET /d1/840/AUTH_f710e03ba52a4857a1ae10860ed8a0ab/gnocchi.f60cad3b-8ce8-4b2a-83f7-8326d05a8222/none_v3" 404 70 "GET http://172.18.0.2:8080/v1/AUTH_f710e03ba52a4857a1ae10860ed8a0ab/gnocchi.f60cad3b-8ce8-4b2a-83f7-8326d05a8222/none_v3" "txe04eae2b300646ccb961a-006978e719" "proxy-server 20" 0.0004 "-" 19 0
Jan 27 16:26:01 standalone proxy-server[129382]: 172.18.0.2 172.18.0.100 27/Jan/2026/16/26/01 GET /v1/AUTH_f710e03ba52a4857a1ae10860ed8a0ab/gnocchi.f60cad3b-8ce8-4b2a-83f7-8326d05a8222/none_v3 HTTP/1.0 404 - python-swiftclient-3.11.1 gAAAAABpeOZl8ZCJ... - 70 - txe04eae2b300646ccb961a-006978e719 - 0.0123 - - 1769531161.150272846 1769531161.162545681 0
Jan 27 16:26:01 standalone account-server[127464]: 172.20.0.100 - - [27/Jan/2026:16:26:01 +0000] "HEAD /d1/323/AUTH_f710e03ba52a4857a1ae10860ed8a0ab" 204 - "HEAD http://172.18.0.2:8080/v1/AUTH_f710e03ba52a4857a1ae10860ed8a0ab?format=json" "txae1e1b9dc26c426c90774-006978e719" "proxy-server 20" 0.0063 "-" 14 -
Jan 27 16:26:01 standalone proxy-server[129382]: - - 27/Jan/2026/16/26/01 HEAD /v1/AUTH_f710e03ba52a4857a1ae10860ed8a0ab%3Fformat%3Djson HTTP/1.0 204 - Swift - - - - txae1e1b9dc26c426c90774-006978e719 - 0.0102 RL - 1769531161.167073488 1769531161.177304506 -
Jan 27 16:26:01 standalone account-server[127474]: 172.20.0.100 - - [27/Jan/2026:16:26:01 +0000] "PUT /d1/323/AUTH_f710e03ba52a4857a1ae10860ed8a0ab/gnocchi.f60cad3b-8ce8-4b2a-83f7-8326d05a8222" 201 - "PUT http://172.20.0.100:6001/d1/571/AUTH_f710e03ba52a4857a1ae10860ed8a0ab/gnocchi.f60cad3b-8ce8-4b2a-83f7-8326d05a8222" "txae1e1b9dc26c426c90774-006978e719" "container-server 16" 0.0013 "-" 16 0
Jan 27 16:26:01 standalone container-server[127492]: 172.20.0.100 - - [27/Jan/2026:16:26:01 +0000] "PUT /d1/571/AUTH_f710e03ba52a4857a1ae10860ed8a0ab/gnocchi.f60cad3b-8ce8-4b2a-83f7-8326d05a8222" 201 - "PUT http://172.18.0.2:8080/v1/AUTH_f710e03ba52a4857a1ae10860ed8a0ab/gnocchi.f60cad3b-8ce8-4b2a-83f7-8326d05a8222" "txae1e1b9dc26c426c90774-006978e719" "proxy-server 20" 0.0127 "-" 16 0
Jan 27 16:26:01 standalone proxy-server[129382]: 172.18.0.2 172.18.0.100 27/Jan/2026/16/26/01 PUT /v1/AUTH_f710e03ba52a4857a1ae10860ed8a0ab/gnocchi.f60cad3b-8ce8-4b2a-83f7-8326d05a8222 HTTP/1.0 201 - python-swiftclient-3.11.1 gAAAAABpeOZl8ZCJ... - - - txae1e1b9dc26c426c90774-006978e719 - 0.0313 - - 1769531161.165814638 1769531161.197111368 0
Jan 27 16:26:01 standalone container-server[127479]: 172.20.0.100 - - [27/Jan/2026:16:26:01 +0000] "HEAD /d1/756/AUTH_f710e03ba52a4857a1ae10860ed8a0ab/gnocchi.acc2da72-f8e1-4fa2-bd97-c15b293815a2" 204 - "HEAD http://172.18.0.2:8080/v1/AUTH_f710e03ba52a4857a1ae10860ed8a0ab/gnocchi.acc2da72-f8e1-4fa2-bd97-c15b293815a2?format=json&states=listing" "tx175f67e52e304875b809d-006978e719" "proxy-server 20" 0.0024 "-" 15 0
Jan 27 16:26:01 standalone proxy-server[129382]: - - 27/Jan/2026/16/26/01 HEAD /v1/AUTH_f710e03ba52a4857a1ae10860ed8a0ab/gnocchi.acc2da72-f8e1-4fa2-bd97-c15b293815a2%3Fformat%3Djson%26states%3Dlisting HTTP/1.0 204 - Swift - - - - tx175f67e52e304875b809d-006978e719 - 0.0073 RL - 1769531161.203154802 1769531161.210464478 0
Jan 27 16:26:01 standalone container-server[127493]: 172.20.0.100 - - [27/Jan/2026:16:26:01 +0000] "GET /d1/756/AUTH_f710e03ba52a4857a1ae10860ed8a0ab/gnocchi.acc2da72-f8e1-4fa2-bd97-c15b293815a2" 200 2 "GET http://172.18.0.2:8080/v1/AUTH_f710e03ba52a4857a1ae10860ed8a0ab/gnocchi.acc2da72-f8e1-4fa2-bd97-c15b293815a2?format=json&states=listing" "tx175f67e52e304875b809d-006978e719" "proxy-server 20" 0.0037 "-" 17 0
Jan 27 16:26:01 standalone proxy-server[129382]: 172.18.0.2 172.18.0.100 27/Jan/2026/16/26/01 GET /v1/AUTH_f710e03ba52a4857a1ae10860ed8a0ab/gnocchi.acc2da72-f8e1-4fa2-bd97-c15b293815a2%3Fformat%3Djson%26states%3Dlisting HTTP/1.0 200 - python-swiftclient-3.11.1 gAAAAABpeOZl8ZCJ... - 2 - tx175f67e52e304875b809d-006978e719 - 0.0217 - - 1769531161.201544762 1769531161.223224163 0
Jan 27 16:26:01 standalone container-server[127492]: 172.20.0.100 - - [27/Jan/2026:16:26:01 +0000] "HEAD /d1/571/AUTH_f710e03ba52a4857a1ae10860ed8a0ab/gnocchi.f60cad3b-8ce8-4b2a-83f7-8326d05a8222" 204 - "HEAD http://172.18.0.2:8080/v1/AUTH_f710e03ba52a4857a1ae10860ed8a0ab/gnocchi.f60cad3b-8ce8-4b2a-83f7-8326d05a8222?format=json&states=listing" "txdc6e8992cbf44b1c87277-006978e719" "proxy-server 20" 0.0021 "-" 16 0
Jan 27 16:26:01 standalone proxy-server[129382]: - - 27/Jan/2026/16/26/01 HEAD /v1/AUTH_f710e03ba52a4857a1ae10860ed8a0ab/gnocchi.f60cad3b-8ce8-4b2a-83f7-8326d05a8222%3Fformat%3Djson%26states%3Dlisting HTTP/1.0 204 - Swift - - - - txdc6e8992cbf44b1c87277-006978e719 - 0.0067 RL - 1769531161.229247808 1769531161.235960007 0
Jan 27 16:26:01 standalone container-server[127473]: 172.20.0.100 - - [27/Jan/2026:16:26:01 +0000] "GET /d1/571/AUTH_f710e03ba52a4857a1ae10860ed8a0ab/gnocchi.f60cad3b-8ce8-4b2a-83f7-8326d05a8222" 200 2 "GET http://172.18.0.2:8080/v1/AUTH_f710e03ba52a4857a1ae10860ed8a0ab/gnocchi.f60cad3b-8ce8-4b2a-83f7-8326d05a8222?format=json&states=listing" "txdc6e8992cbf44b1c87277-006978e719" "proxy-server 20" 0.0041 "-" 14 0
Jan 27 16:26:01 standalone proxy-server[129382]: 172.18.0.2 172.18.0.100 27/Jan/2026/16/26/01 GET /v1/AUTH_f710e03ba52a4857a1ae10860ed8a0ab/gnocchi.f60cad3b-8ce8-4b2a-83f7-8326d05a8222%3Fformat%3Djson%26states%3Dlisting HTTP/1.0 200 - python-swiftclient-3.11.1 gAAAAABpeOZl8ZCJ... - 2 - txdc6e8992cbf44b1c87277-006978e719 - 0.0218 - - 1769531161.227607250 1769531161.249378920 0
Jan 27 16:26:01 standalone object-server[127749]: 172.20.0.100 - - [27/Jan/2026:16:26:01 +0000] "GET /d1/481/AUTH_f710e03ba52a4857a1ae10860ed8a0ab/gnocchi.acc2da72-f8e1-4fa2-bd97-c15b293815a2/1769040000.0_mean_300.0_v3" 404 70 "GET http://172.18.0.2:8080/v1/AUTH_f710e03ba52a4857a1ae10860ed8a0ab/gnocchi.acc2da72-f8e1-4fa2-bd97-c15b293815a2/1769040000.0_mean_300.0_v3" "tx599154a52d6d4169a3a37-006978e719" "proxy-server 20" 0.0003 "-" 23 0
Jan 27 16:26:01 standalone proxy-server[129382]: 172.18.0.2 172.18.0.100 27/Jan/2026/16/26/01 GET /v1/AUTH_f710e03ba52a4857a1ae10860ed8a0ab/gnocchi.acc2da72-f8e1-4fa2-bd97-c15b293815a2/1769040000.0_mean_300.0_v3 HTTP/1.0 404 - python-swiftclient-3.11.1 gAAAAABpeOZl8ZCJ... - 70 - tx599154a52d6d4169a3a37-006978e719 - 0.0067 - - 1769531161.252373695 1769531161.259117842 0
Jan 27 16:26:01 standalone object-server[127750]: 172.20.0.100 - - [27/Jan/2026:16:26:01 +0000] "GET /d1/962/AUTH_f710e03ba52a4857a1ae10860ed8a0ab/gnocchi.f60cad3b-8ce8-4b2a-83f7-8326d05a8222/1769040000.0_mean_300.0_v3" 404 70 "GET http://172.18.0.2:8080/v1/AUTH_f710e03ba52a4857a1ae10860ed8a0ab/gnocchi.f60cad3b-8ce8-4b2a-83f7-8326d05a8222/1769040000.0_mean_300.0_v3" "tx365f2ea70b1346e3bdf5d-006978e719" "proxy-server 20" 0.0005 "-" 24 0
Jan 27 16:26:01 standalone proxy-server[129382]: 172.18.0.2 172.18.0.100 27/Jan/2026/16/26/01 GET /v1/AUTH_f710e03ba52a4857a1ae10860ed8a0ab/gnocchi.f60cad3b-8ce8-4b2a-83f7-8326d05a8222/1769040000.0_mean_300.0_v3 HTTP/1.0 404 - python-swiftclient-3.11.1 gAAAAABpeOZl8ZCJ... - 70 - tx365f2ea70b1346e3bdf5d-006978e719 - 0.0080 - - 1769531161.261461258 1769531161.269442320 0
Jan 27 16:26:01 standalone container-server[127492]: 172.20.0.100 - - [27/Jan/2026:16:26:01 +0000] "PUT /d1/756/AUTH_f710e03ba52a4857a1ae10860ed8a0ab/gnocchi.acc2da72-f8e1-4fa2-bd97-c15b293815a2/1769040000.0_mean_300.0_v3" 201 - "PUT http://172.18.0.2:8080/d1/481/AUTH_f710e03ba52a4857a1ae10860ed8a0ab/gnocchi.acc2da72-f8e1-4fa2-bd97-c15b293815a2/1769040000.0_mean_300.0_v3" "tx84f16b4701c64312a80c9-006978e719" "object-server 24" 0.0008 "-" 16 0
Jan 27 16:26:01 standalone object-server[127750]: 172.20.0.100 - - [27/Jan/2026:16:26:01 +0000] "PUT /d1/481/AUTH_f710e03ba52a4857a1ae10860ed8a0ab/gnocchi.acc2da72-f8e1-4fa2-bd97-c15b293815a2/1769040000.0_mean_300.0_v3" 201 - "PUT http://172.18.0.2:8080/v1/AUTH_f710e03ba52a4857a1ae10860ed8a0ab/gnocchi.acc2da72-f8e1-4fa2-bd97-c15b293815a2/1769040000.0_mean_300.0_v3" "tx84f16b4701c64312a80c9-006978e719" "proxy-server 20" 0.0109 "-" 24 0
Jan 27 16:26:01 standalone proxy-server[129382]: 172.18.0.2 172.18.0.100 27/Jan/2026/16/26/01 PUT /v1/AUTH_f710e03ba52a4857a1ae10860ed8a0ab/gnocchi.acc2da72-f8e1-4fa2-bd97-c15b293815a2/1769040000.0_mean_300.0_v3 HTTP/1.0 201 - python-swiftclient-3.11.1 gAAAAABpeOZl8ZCJ... 16 - - tx84f16b4701c64312a80c9-006978e719 - 0.0192 - - 1769531161.271918058 1769531161.291073084 0
Jan 27 16:26:01 standalone container-server[127492]: 172.20.0.100 - - [27/Jan/2026:16:26:01 +0000] "PUT /d1/571/AUTH_f710e03ba52a4857a1ae10860ed8a0ab/gnocchi.f60cad3b-8ce8-4b2a-83f7-8326d05a8222/1769040000.0_mean_300.0_v3" 201 - "PUT http://172.18.0.2:8080/d1/962/AUTH_f710e03ba52a4857a1ae10860ed8a0ab/gnocchi.f60cad3b-8ce8-4b2a-83f7-8326d05a8222/1769040000.0_mean_300.0_v3" "tx786e702fafb54e5b95a12-006978e719" "object-server 22" 0.0008 "-" 16 0
Jan 27 16:26:01 standalone object-server[127746]: 172.20.0.100 - - [27/Jan/2026:16:26:01 +0000] "PUT /d1/962/AUTH_f710e03ba52a4857a1ae10860ed8a0ab/gnocchi.f60cad3b-8ce8-4b2a-83f7-8326d05a8222/1769040000.0_mean_300.0_v3" 201 - "PUT http://172.18.0.2:8080/v1/AUTH_f710e03ba52a4857a1ae10860ed8a0ab/gnocchi.f60cad3b-8ce8-4b2a-83f7-8326d05a8222/1769040000.0_mean_300.0_v3" "tx786e702fafb54e5b95a12-006978e719" "proxy-server 20" 0.0119 "-" 22 0
Jan 27 16:26:01 standalone proxy-server[129382]: 172.18.0.2 172.18.0.100 27/Jan/2026/16/26/01 PUT /v1/AUTH_f710e03ba52a4857a1ae10860ed8a0ab/gnocchi.f60cad3b-8ce8-4b2a-83f7-8326d05a8222/1769040000.0_mean_300.0_v3 HTTP/1.0 201 - python-swiftclient-3.11.1 gAAAAABpeOZl8ZCJ... 16 - - tx786e702fafb54e5b95a12-006978e719 - 0.0226 - - 1769531161.294257879 1769531161.316861153 0
Jan 27 16:26:01 standalone container-server[127473]: 172.20.0.100 - - [27/Jan/2026:16:26:01 +0000] "PUT /d1/756/AUTH_f710e03ba52a4857a1ae10860ed8a0ab/gnocchi.acc2da72-f8e1-4fa2-bd97-c15b293815a2/none_v3" 201 - "PUT http://172.18.0.2:8080/d1/810/AUTH_f710e03ba52a4857a1ae10860ed8a0ab/gnocchi.acc2da72-f8e1-4fa2-bd97-c15b293815a2/none_v3" "tx11aa27e53fb945a1a8bbb-006978e719" "object-server 19" 0.0008 "-" 14 0
Jan 27 16:26:01 standalone object-server[127742]: 172.20.0.100 - - [27/Jan/2026:16:26:01 +0000] "PUT /d1/810/AUTH_f710e03ba52a4857a1ae10860ed8a0ab/gnocchi.acc2da72-f8e1-4fa2-bd97-c15b293815a2/none_v3" 201 - "PUT http://172.18.0.2:8080/v1/AUTH_f710e03ba52a4857a1ae10860ed8a0ab/gnocchi.acc2da72-f8e1-4fa2-bd97-c15b293815a2/none_v3" "tx11aa27e53fb945a1a8bbb-006978e719" "proxy-server 20" 0.0109 "-" 19 0
Jan 27 16:26:01 standalone proxy-server[129382]: 172.18.0.2 172.18.0.100 27/Jan/2026/16/26/01 PUT /v1/AUTH_f710e03ba52a4857a1ae10860ed8a0ab/gnocchi.acc2da72-f8e1-4fa2-bd97-c15b293815a2/none_v3 HTTP/1.0 201 - python-swiftclient-3.11.1 gAAAAABpeOZl8ZCJ... 22 - - tx11aa27e53fb945a1a8bbb-006978e719 - 0.0194 - - 1769531161.319818735 1769531161.339229107 0
Jan 27 16:26:01 standalone container-server[127493]: 172.20.0.100 - - [27/Jan/2026:16:26:01 +0000] "PUT /d1/571/AUTH_f710e03ba52a4857a1ae10860ed8a0ab/gnocchi.f60cad3b-8ce8-4b2a-83f7-8326d05a8222/none_v3" 201 - "PUT http://172.18.0.2:8080/d1/840/AUTH_f710e03ba52a4857a1ae10860ed8a0ab/gnocchi.f60cad3b-8ce8-4b2a-83f7-8326d05a8222/none_v3" "txaa423c3fc326492f836bb-006978e719" "object-server 22" 0.0008 "-" 17 0
Jan 27 16:26:01 standalone object-server[127746]: 172.20.0.100 - - [27/Jan/2026:16:26:01 +0000] "PUT /d1/840/AUTH_f710e03ba52a4857a1ae10860ed8a0ab/gnocchi.f60cad3b-8ce8-4b2a-83f7-8326d05a8222/none_v3" 201 - "PUT http://172.18.0.2:8080/v1/AUTH_f710e03ba52a4857a1ae10860ed8a0ab/gnocchi.f60cad3b-8ce8-4b2a-83f7-8326d05a8222/none_v3" "txaa423c3fc326492f836bb-006978e719" "proxy-server 20" 0.0116 "-" 22 0
Jan 27 16:26:01 standalone proxy-server[129382]: 172.18.0.2 172.18.0.100 27/Jan/2026/16/26/01 PUT /v1/AUTH_f710e03ba52a4857a1ae10860ed8a0ab/gnocchi.f60cad3b-8ce8-4b2a-83f7-8326d05a8222/none_v3 HTTP/1.0 201 - python-swiftclient-3.11.1 gAAAAABpeOZl8ZCJ... 22 - - txaa423c3fc326492f836bb-006978e719 - 0.0183 - - 1769531161.341075659 1769531161.359415770 0
Jan 27 16:26:01 standalone container-server[127492]: 172.20.0.100 - - [27/Jan/2026:16:26:01 +0000] "HEAD /d1/112/AUTH_f710e03ba52a4857a1ae10860ed8a0ab/gnocchi.e96daba9-8f39-401f-9aff-6a4d62b90003" 404 - "HEAD http://172.18.0.2:8080/v1/AUTH_f710e03ba52a4857a1ae10860ed8a0ab/gnocchi.e96daba9-8f39-401f-9aff-6a4d62b90003?format=json&states=listing" "tx682d9a7f7c9547b38fff7-006978e719" "proxy-server 20" 0.0005 "-" 16 0
Jan 27 16:26:01 standalone object-server[127749]: 172.20.0.100 - - [27/Jan/2026:16:26:01 +0000] "GET /d1/643/AUTH_f710e03ba52a4857a1ae10860ed8a0ab/gnocchi.e96daba9-8f39-401f-9aff-6a4d62b90003/none_v3" 404 70 "GET http://172.18.0.2:8080/v1/AUTH_f710e03ba52a4857a1ae10860ed8a0ab/gnocchi.e96daba9-8f39-401f-9aff-6a4d62b90003/none_v3" "tx682d9a7f7c9547b38fff7-006978e719" "proxy-server 20" 0.0003 "-" 23 0
Jan 27 16:26:01 standalone proxy-server[129382]: 172.18.0.2 172.18.0.100 27/Jan/2026/16/26/01 GET /v1/AUTH_f710e03ba52a4857a1ae10860ed8a0ab/gnocchi.e96daba9-8f39-401f-9aff-6a4d62b90003/none_v3 HTTP/1.0 404 - python-swiftclient-3.11.1 gAAAAABpeOZl8ZCJ... - 70 - tx682d9a7f7c9547b38fff7-006978e719 - 0.0155 - - 1769531161.366652966 1769531161.382105827 0
Jan 27 16:26:01 standalone account-server[127474]: 172.20.0.100 - - [27/Jan/2026:16:26:01 +0000] "PUT /d1/323/AUTH_f710e03ba52a4857a1ae10860ed8a0ab/gnocchi.e96daba9-8f39-401f-9aff-6a4d62b90003" 201 - "PUT http://172.20.0.100:6001/d1/112/AUTH_f710e03ba52a4857a1ae10860ed8a0ab/gnocchi.e96daba9-8f39-401f-9aff-6a4d62b90003" "tx2c80658a287a411287971-006978e719" "container-server 16" 0.0056 "-" 16 0
Jan 27 16:26:01 standalone container-server[127492]: 172.20.0.100 - - [27/Jan/2026:16:26:01 +0000] "PUT /d1/112/AUTH_f710e03ba52a4857a1ae10860ed8a0ab/gnocchi.e96daba9-8f39-401f-9aff-6a4d62b90003" 201 - "PUT http://172.18.0.2:8080/v1/AUTH_f710e03ba52a4857a1ae10860ed8a0ab/gnocchi.e96daba9-8f39-401f-9aff-6a4d62b90003" "tx2c80658a287a411287971-006978e719" "proxy-server 20" 0.0165 "-" 16 0
Jan 27 16:26:01 standalone proxy-server[129382]: 172.18.0.2 172.18.0.100 27/Jan/2026/16/26/01 PUT /v1/AUTH_f710e03ba52a4857a1ae10860ed8a0ab/gnocchi.e96daba9-8f39-401f-9aff-6a4d62b90003 HTTP/1.0 201 - python-swiftclient-3.11.1 gAAAAABpeOZl8ZCJ... - - - tx2c80658a287a411287971-006978e719 - 0.0235 - - 1769531161.385239840 1769531161.408746004 0
Jan 27 16:26:01 standalone container-server[127492]: 172.20.0.100 - - [27/Jan/2026:16:26:01 +0000] "HEAD /d1/112/AUTH_f710e03ba52a4857a1ae10860ed8a0ab/gnocchi.e96daba9-8f39-401f-9aff-6a4d62b90003" 204 - "HEAD http://172.18.0.2:8080/v1/AUTH_f710e03ba52a4857a1ae10860ed8a0ab/gnocchi.e96daba9-8f39-401f-9aff-6a4d62b90003?format=json&states=listing" "txfd5530f8581f4c62bf05f-006978e719" "proxy-server 20" 0.0014 "-" 16 0
Jan 27 16:26:01 standalone proxy-server[129382]: - - 27/Jan/2026/16/26/01 HEAD /v1/AUTH_f710e03ba52a4857a1ae10860ed8a0ab/gnocchi.e96daba9-8f39-401f-9aff-6a4d62b90003%3Fformat%3Djson%26states%3Dlisting HTTP/1.0 204 - Swift - - - - txfd5530f8581f4c62bf05f-006978e719 - 0.0069 RL - 1769531161.414010048 1769531161.420929193 0
Jan 27 16:26:01 standalone container-server[127479]: 172.20.0.100 - - [27/Jan/2026:16:26:01 +0000] "GET /d1/112/AUTH_f710e03ba52a4857a1ae10860ed8a0ab/gnocchi.e96daba9-8f39-401f-9aff-6a4d62b90003" 200 2 "GET http://172.18.0.2:8080/v1/AUTH_f710e03ba52a4857a1ae10860ed8a0ab/gnocchi.e96daba9-8f39-401f-9aff-6a4d62b90003?format=json&states=listing" "txfd5530f8581f4c62bf05f-006978e719" "proxy-server 20" 0.0018 "-" 15 0
Jan 27 16:26:01 standalone proxy-server[129382]: 172.18.0.2 172.18.0.100 27/Jan/2026/16/26/01 GET /v1/AUTH_f710e03ba52a4857a1ae10860ed8a0ab/gnocchi.e96daba9-8f39-401f-9aff-6a4d62b90003%3Fformat%3Djson%26states%3Dlisting HTTP/1.0 200 - python-swiftclient-3.11.1 gAAAAABpeOZl8ZCJ... - 2 - txfd5530f8581f4c62bf05f-006978e719 - 0.0182 - - 1769531161.412290812 1769531161.430492878 0
Jan 27 16:26:01 standalone object-server[127742]: 172.20.0.100 - - [27/Jan/2026:16:26:01 +0000] "GET /d1/385/AUTH_f710e03ba52a4857a1ae10860ed8a0ab/gnocchi.e96daba9-8f39-401f-9aff-6a4d62b90003/1769040000.0_mean_300.0_v3" 404 70 "GET http://172.18.0.2:8080/v1/AUTH_f710e03ba52a4857a1ae10860ed8a0ab/gnocchi.e96daba9-8f39-401f-9aff-6a4d62b90003/1769040000.0_mean_300.0_v3" "tx6fe034a7e18540de8d2ae-006978e719" "proxy-server 20" 0.0004 "-" 19 0
Jan 27 16:26:01 standalone proxy-server[129382]: 172.18.0.2 172.18.0.100 27/Jan/2026/16/26/01 GET /v1/AUTH_f710e03ba52a4857a1ae10860ed8a0ab/gnocchi.e96daba9-8f39-401f-9aff-6a4d62b90003/1769040000.0_mean_300.0_v3 HTTP/1.0 404 - python-swiftclient-3.11.1 gAAAAABpeOZl8ZCJ... - 70 - tx6fe034a7e18540de8d2ae-006978e719 - 0.0080 - - 1769531161.433846951 1769531161.441827297 0
Jan 27 16:26:01 standalone container-server[127492]: 172.20.0.100 - - [27/Jan/2026:16:26:01 +0000] "PUT /d1/112/AUTH_f710e03ba52a4857a1ae10860ed8a0ab/gnocchi.e96daba9-8f39-401f-9aff-6a4d62b90003/1769040000.0_mean_300.0_v3" 201 - "PUT http://172.18.0.2:8080/d1/385/AUTH_f710e03ba52a4857a1ae10860ed8a0ab/gnocchi.e96daba9-8f39-401f-9aff-6a4d62b90003/1769040000.0_mean_300.0_v3" "txffe21644c76e4af4b5e55-006978e719" "object-server 23" 0.0008 "-" 16 0
Jan 27 16:26:01 standalone object-server[127749]: 172.20.0.100 - - [27/Jan/2026:16:26:01 +0000] "PUT /d1/385/AUTH_f710e03ba52a4857a1ae10860ed8a0ab/gnocchi.e96daba9-8f39-401f-9aff-6a4d62b90003/1769040000.0_mean_300.0_v3" 201 - "PUT http://172.18.0.2:8080/v1/AUTH_f710e03ba52a4857a1ae10860ed8a0ab/gnocchi.e96daba9-8f39-401f-9aff-6a4d62b90003/1769040000.0_mean_300.0_v3" "txffe21644c76e4af4b5e55-006978e719" "proxy-server 20" 0.0092 "-" 23 0
Jan 27 16:26:01 standalone proxy-server[129382]: 172.18.0.2 172.18.0.100 27/Jan/2026/16/26/01 PUT /v1/AUTH_f710e03ba52a4857a1ae10860ed8a0ab/gnocchi.e96daba9-8f39-401f-9aff-6a4d62b90003/1769040000.0_mean_300.0_v3 HTTP/1.0 201 - python-swiftclient-3.11.1 gAAAAABpeOZl8ZCJ... 16 - - txffe21644c76e4af4b5e55-006978e719 - 0.0159 - - 1769531161.444271088 1769531161.460145235 0
Jan 27 16:26:01 standalone container-server[127493]: 172.20.0.100 - - [27/Jan/2026:16:26:01 +0000] "PUT /d1/112/AUTH_f710e03ba52a4857a1ae10860ed8a0ab/gnocchi.e96daba9-8f39-401f-9aff-6a4d62b90003/none_v3" 201 - "PUT http://172.18.0.2:8080/d1/643/AUTH_f710e03ba52a4857a1ae10860ed8a0ab/gnocchi.e96daba9-8f39-401f-9aff-6a4d62b90003/none_v3" "tx34aa008b378a463fb4250-006978e719" "object-server 23" 0.0009 "-" 17 0
Jan 27 16:26:01 standalone object-server[127749]: 172.20.0.100 - - [27/Jan/2026:16:26:01 +0000] "PUT /d1/643/AUTH_f710e03ba52a4857a1ae10860ed8a0ab/gnocchi.e96daba9-8f39-401f-9aff-6a4d62b90003/none_v3" 201 - "PUT http://172.18.0.2:8080/v1/AUTH_f710e03ba52a4857a1ae10860ed8a0ab/gnocchi.e96daba9-8f39-401f-9aff-6a4d62b90003/none_v3" "tx34aa008b378a463fb4250-006978e719" "proxy-server 20" 0.0077 "-" 23 0
