Jan 27 16:25:58 standalone object-server[127742]: 172.20.0.100 - - [27/Jan/2026:16:25:58 +0000] "PUT /d1/925/AUTH_f710e03ba52a4857a1ae10860ed8a0ab/gnocchi.47265c0d-4e4a-4472-9fdf-14576e088ab0/none_v3" 201 - "PUT http://172.18.0.2:8080/v1/AUTH_f710e03ba52a4857a1ae10860ed8a0ab/gnocchi.47265c0d-4e4a-4472-9fdf-14576e088ab0/none_v3" "tx5420c663daf14f1a943ef-006978e716" "proxy-server 20" 0.0069 "-" 19 0
Jan 27 16:25:58 standalone proxy-server[129382]: 172.18.0.2 172.18.0.100 27/Jan/2026/16/25/58 PUT /v1/AUTH_f710e03ba52a4857a1ae10860ed8a0ab/gnocchi.47265c0d-4e4a-4472-9fdf-14576e088ab0/none_v3 HTTP/1.0 201 - python-swiftclient-3.11.1 gAAAAABpeOZl8ZCJ... 22 - - tx5420c663daf14f1a943ef-006978e716 - 0.0155 - - 1769531158.465375662 1769531158.480843544 0
Jan 27 16:25:58 standalone container-server[127479]: 172.20.0.100 - - [27/Jan/2026:16:25:58 +0000] "HEAD /d1/620/AUTH_f710e03ba52a4857a1ae10860ed8a0ab/gnocchi.a83a309b-a09a-44d4-9143-2ddbbfd07abe" 404 - "HEAD http://172.18.0.2:8080/v1/AUTH_f710e03ba52a4857a1ae10860ed8a0ab/gnocchi.a83a309b-a09a-44d4-9143-2ddbbfd07abe?format=json&states=listing" "txd9557ef5e88943f884872-006978e716" "proxy-server 20" 0.0003 "-" 15 0
Jan 27 16:25:58 standalone object-server[127742]: 172.20.0.100 - - [27/Jan/2026:16:25:58 +0000] "GET /d1/908/AUTH_f710e03ba52a4857a1ae10860ed8a0ab/gnocchi.a83a309b-a09a-44d4-9143-2ddbbfd07abe/none_v3" 404 70 "GET http://172.18.0.2:8080/v1/AUTH_f710e03ba52a4857a1ae10860ed8a0ab/gnocchi.a83a309b-a09a-44d4-9143-2ddbbfd07abe/none_v3" "txd9557ef5e88943f884872-006978e716" "proxy-server 20" 0.0003 "-" 19 0
Jan 27 16:25:58 standalone proxy-server[129382]: 172.18.0.2 172.18.0.100 27/Jan/2026/16/25/58 GET /v1/AUTH_f710e03ba52a4857a1ae10860ed8a0ab/gnocchi.a83a309b-a09a-44d4-9143-2ddbbfd07abe/none_v3 HTTP/1.0 404 - python-swiftclient-3.11.1 gAAAAABpeOZl8ZCJ... - 70 - txd9557ef5e88943f884872-006978e716 - 0.0103 - - 1769531158.497055531 1769531158.507376671 0
Jan 27 16:25:58 standalone account-server[127478]: 172.20.0.100 - - [27/Jan/2026:16:25:58 +0000] "PUT /d1/323/AUTH_f710e03ba52a4857a1ae10860ed8a0ab/gnocchi.a83a309b-a09a-44d4-9143-2ddbbfd07abe" 201 - "PUT http://172.20.0.100:6001/d1/620/AUTH_f710e03ba52a4857a1ae10860ed8a0ab/gnocchi.a83a309b-a09a-44d4-9143-2ddbbfd07abe" "txb53a9d292dcf42f397bb3-006978e716" "container-server 14" 0.0057 "-" 17 0
Jan 27 16:25:58 standalone container-server[127473]: 172.20.0.100 - - [27/Jan/2026:16:25:58 +0000] "PUT /d1/620/AUTH_f710e03ba52a4857a1ae10860ed8a0ab/gnocchi.a83a309b-a09a-44d4-9143-2ddbbfd07abe" 201 - "PUT http://172.18.0.2:8080/v1/AUTH_f710e03ba52a4857a1ae10860ed8a0ab/gnocchi.a83a309b-a09a-44d4-9143-2ddbbfd07abe" "txb53a9d292dcf42f397bb3-006978e716" "proxy-server 20" 0.0143 "-" 14 0
Jan 27 16:25:58 standalone proxy-server[129382]: 172.18.0.2 172.18.0.100 27/Jan/2026/16/25/58 PUT /v1/AUTH_f710e03ba52a4857a1ae10860ed8a0ab/gnocchi.a83a309b-a09a-44d4-9143-2ddbbfd07abe HTTP/1.0 201 - python-swiftclient-3.11.1 gAAAAABpeOZl8ZCJ... - - - txb53a9d292dcf42f397bb3-006978e716 - 0.0198 - - 1769531158.513584375 1769531158.533349514 0
Jan 27 16:25:58 standalone container-server[127492]: 172.20.0.100 - - [27/Jan/2026:16:25:58 +0000] "HEAD /d1/620/AUTH_f710e03ba52a4857a1ae10860ed8a0ab/gnocchi.a83a309b-a09a-44d4-9143-2ddbbfd07abe" 204 - "HEAD http://172.18.0.2:8080/v1/AUTH_f710e03ba52a4857a1ae10860ed8a0ab/gnocchi.a83a309b-a09a-44d4-9143-2ddbbfd07abe?format=json&states=listing" "txcbb1a16d75c546fb8dfd0-006978e716" "proxy-server 20" 0.0012 "-" 16 0
Jan 27 16:25:58 standalone proxy-server[129382]: - - 27/Jan/2026/16/25/58 HEAD /v1/AUTH_f710e03ba52a4857a1ae10860ed8a0ab/gnocchi.a83a309b-a09a-44d4-9143-2ddbbfd07abe%3Fformat%3Djson%26states%3Dlisting HTTP/1.0 204 - Swift - - - - txcbb1a16d75c546fb8dfd0-006978e716 - 0.0054 RL - 1769531158.537430048 1769531158.542792797 0
Jan 27 16:25:58 standalone container-server[127479]: 172.20.0.100 - - [27/Jan/2026:16:25:58 +0000] "GET /d1/620/AUTH_f710e03ba52a4857a1ae10860ed8a0ab/gnocchi.a83a309b-a09a-44d4-9143-2ddbbfd07abe" 200 2 "GET http://172.18.0.2:8080/v1/AUTH_f710e03ba52a4857a1ae10860ed8a0ab/gnocchi.a83a309b-a09a-44d4-9143-2ddbbfd07abe?format=json&states=listing" "txcbb1a16d75c546fb8dfd0-006978e716" "proxy-server 20" 0.0018 "-" 15 0
Jan 27 16:25:58 standalone proxy-server[129382]: 172.18.0.2 172.18.0.100 27/Jan/2026/16/25/58 GET /v1/AUTH_f710e03ba52a4857a1ae10860ed8a0ab/gnocchi.a83a309b-a09a-44d4-9143-2ddbbfd07abe%3Fformat%3Djson%26states%3Dlisting HTTP/1.0 200 - python-swiftclient-3.11.1 gAAAAABpeOZl8ZCJ... - 2 - txcbb1a16d75c546fb8dfd0-006978e716 - 0.0180 - - 1769531158.536397934 1769531158.554440737 0
Jan 27 16:25:58 standalone object-server[127746]: 172.20.0.100 - - [27/Jan/2026:16:25:58 +0000] "GET /d1/309/AUTH_f710e03ba52a4857a1ae10860ed8a0ab/gnocchi.a83a309b-a09a-44d4-9143-2ddbbfd07abe/1769040000.0_mean_300.0_v3" 404 70 "GET http://172.18.0.2:8080/v1/AUTH_f710e03ba52a4857a1ae10860ed8a0ab/gnocchi.a83a309b-a09a-44d4-9143-2ddbbfd07abe/1769040000.0_mean_300.0_v3" "txf980fb683f3a4c0da763f-006978e716" "proxy-server 20" 0.0003 "-" 22 0
Jan 27 16:25:58 standalone proxy-server[129382]: 172.18.0.2 172.18.0.100 27/Jan/2026/16/25/58 GET /v1/AUTH_f710e03ba52a4857a1ae10860ed8a0ab/gnocchi.a83a309b-a09a-44d4-9143-2ddbbfd07abe/1769040000.0_mean_300.0_v3 HTTP/1.0 404 - python-swiftclient-3.11.1 gAAAAABpeOZl8ZCJ... - 70 - txf980fb683f3a4c0da763f-006978e716 - 0.0045 - - 1769531158.557756424 1769531158.562281132 0
Jan 27 16:25:58 standalone container-server[127479]: 172.20.0.100 - - [27/Jan/2026:16:25:58 +0000] "PUT /d1/620/AUTH_f710e03ba52a4857a1ae10860ed8a0ab/gnocchi.a83a309b-a09a-44d4-9143-2ddbbfd07abe/1769040000.0_mean_300.0_v3" 201 - "PUT http://172.18.0.2:8080/d1/309/AUTH_f710e03ba52a4857a1ae10860ed8a0ab/gnocchi.a83a309b-a09a-44d4-9143-2ddbbfd07abe/1769040000.0_mean_300.0_v3" "txc4fb690446534a26a4798-006978e716" "object-server 22" 0.0008 "-" 15 0
Jan 27 16:25:58 standalone object-server[127746]: 172.20.0.100 - - [27/Jan/2026:16:25:58 +0000] "PUT /d1/309/AUTH_f710e03ba52a4857a1ae10860ed8a0ab/gnocchi.a83a309b-a09a-44d4-9143-2ddbbfd07abe/1769040000.0_mean_300.0_v3" 201 - "PUT http://172.18.0.2:8080/v1/AUTH_f710e03ba52a4857a1ae10860ed8a0ab/gnocchi.a83a309b-a09a-44d4-9143-2ddbbfd07abe/1769040000.0_mean_300.0_v3" "txc4fb690446534a26a4798-006978e716" "proxy-server 20" 0.0075 "-" 22 0
Jan 27 16:25:58 standalone proxy-server[129382]: 172.18.0.2 172.18.0.100 27/Jan/2026/16/25/58 PUT /v1/AUTH_f710e03ba52a4857a1ae10860ed8a0ab/gnocchi.a83a309b-a09a-44d4-9143-2ddbbfd07abe/1769040000.0_mean_300.0_v3 HTTP/1.0 201 - python-swiftclient-3.11.1 gAAAAABpeOZl8ZCJ... 16 - - txc4fb690446534a26a4798-006978e716 - 0.0109 - - 1769531158.564163446 1769531158.575077534 0
Jan 27 16:25:58 standalone container-server[127492]: 172.20.0.100 - - [27/Jan/2026:16:25:58 +0000] "PUT /d1/620/AUTH_f710e03ba52a4857a1ae10860ed8a0ab/gnocchi.a83a309b-a09a-44d4-9143-2ddbbfd07abe/none_v3" 201 - "PUT http://172.18.0.2:8080/d1/908/AUTH_f710e03ba52a4857a1ae10860ed8a0ab/gnocchi.a83a309b-a09a-44d4-9143-2ddbbfd07abe/none_v3" "tx71b0625e32074db8bcb88-006978e716" "object-server 23" 0.0005 "-" 16 0
Jan 27 16:25:58 standalone object-server[127749]: 172.20.0.100 - - [27/Jan/2026:16:25:58 +0000] "PUT /d1/908/AUTH_f710e03ba52a4857a1ae10860ed8a0ab/gnocchi.a83a309b-a09a-44d4-9143-2ddbbfd07abe/none_v3" 201 - "PUT http://172.18.0.2:8080/v1/AUTH_f710e03ba52a4857a1ae10860ed8a0ab/gnocchi.a83a309b-a09a-44d4-9143-2ddbbfd07abe/none_v3" "tx71b0625e32074db8bcb88-006978e716" "proxy-server 20" 0.0095 "-" 23 0
Jan 27 16:25:58 standalone proxy-server[129382]: 172.18.0.2 172.18.0.100 27/Jan/2026/16/25/58 PUT /v1/AUTH_f710e03ba52a4857a1ae10860ed8a0ab/gnocchi.a83a309b-a09a-44d4-9143-2ddbbfd07abe/none_v3 HTTP/1.0 201 - python-swiftclient-3.11.1 gAAAAABpeOZl8ZCJ... 22 - - tx71b0625e32074db8bcb88-006978e716 - 0.0139 - - 1769531158.578117371 1769531158.592060328 0
Jan 27 16:25:58 standalone container-server[127493]: 172.20.0.100 - - [27/Jan/2026:16:25:58 +0000] "HEAD /d1/100/AUTH_f710e03ba52a4857a1ae10860ed8a0ab/gnocchi.14a01e92-64dd-4280-8f4a-2769efe9c73f" 404 - "HEAD http://172.18.0.2:8080/v1/AUTH_f710e03ba52a4857a1ae10860ed8a0ab/gnocchi.14a01e92-64dd-4280-8f4a-2769efe9c73f?format=json&states=listing" "txac5abb38087d4f2ea4736-006978e716" "proxy-server 20" 0.0005 "-" 17 0
Jan 27 16:25:58 standalone object-server[127749]: 172.20.0.100 - - [27/Jan/2026:16:25:58 +0000] "GET /d1/970/AUTH_f710e03ba52a4857a1ae10860ed8a0ab/gnocchi.14a01e92-64dd-4280-8f4a-2769efe9c73f/none_v3" 404 70 "GET http://172.18.0.2:8080/v1/AUTH_f710e03ba52a4857a1ae10860ed8a0ab/gnocchi.14a01e92-64dd-4280-8f4a-2769efe9c73f/none_v3" "txac5abb38087d4f2ea4736-006978e716" "proxy-server 20" 0.0003 "-" 23 0
Jan 27 16:25:58 standalone proxy-server[129382]: 172.18.0.2 172.18.0.100 27/Jan/2026/16/25/58 GET /v1/AUTH_f710e03ba52a4857a1ae10860ed8a0ab/gnocchi.14a01e92-64dd-4280-8f4a-2769efe9c73f/none_v3 HTTP/1.0 404 - python-swiftclient-3.11.1 gAAAAABpeOZl8ZCJ... - 70 - txac5abb38087d4f2ea4736-006978e716 - 0.0080 - - 1769531158.600504875 1769531158.608485699 0
Jan 27 16:25:58 standalone account-server[127478]: 172.20.0.100 - - [27/Jan/2026:16:25:58 +0000] "PUT /d1/323/AUTH_f710e03ba52a4857a1ae10860ed8a0ab/gnocchi.14a01e92-64dd-4280-8f4a-2769efe9c73f" 201 - "PUT http://172.20.0.100:6001/d1/100/AUTH_f710e03ba52a4857a1ae10860ed8a0ab/gnocchi.14a01e92-64dd-4280-8f4a-2769efe9c73f" "tx87012ac308384c04b4f96-006978e716" "container-server 17" 0.0057 "-" 17 0
Jan 27 16:25:58 standalone container-server[127493]: 172.20.0.100 - - [27/Jan/2026:16:25:58 +0000] "PUT /d1/100/AUTH_f710e03ba52a4857a1ae10860ed8a0ab/gnocchi.14a01e92-64dd-4280-8f4a-2769efe9c73f" 201 - "PUT http://172.18.0.2:8080/v1/AUTH_f710e03ba52a4857a1ae10860ed8a0ab/gnocchi.14a01e92-64dd-4280-8f4a-2769efe9c73f" "tx87012ac308384c04b4f96-006978e716" "proxy-server 20" 0.0169 "-" 17 0
Jan 27 16:25:58 standalone proxy-server[129382]: 172.18.0.2 172.18.0.100 27/Jan/2026/16/25/58 PUT /v1/AUTH_f710e03ba52a4857a1ae10860ed8a0ab/gnocchi.14a01e92-64dd-4280-8f4a-2769efe9c73f HTTP/1.0 201 - python-swiftclient-3.11.1 gAAAAABpeOZl8ZCJ... - - - tx87012ac308384c04b4f96-006978e716 - 0.0223 - - 1769531158.612015009 1769531158.634333849 0
Jan 27 16:25:58 standalone container-server[127473]: 172.20.0.100 - - [27/Jan/2026:16:25:58 +0000] "HEAD /d1/100/AUTH_f710e03ba52a4857a1ae10860ed8a0ab/gnocchi.14a01e92-64dd-4280-8f4a-2769efe9c73f" 204 - "HEAD http://172.18.0.2:8080/v1/AUTH_f710e03ba52a4857a1ae10860ed8a0ab/gnocchi.14a01e92-64dd-4280-8f4a-2769efe9c73f?format=json&states=listing" "tx7b027d5560224d6997e3f-006978e716" "proxy-server 20" 0.0011 "-" 14 0
Jan 27 16:25:58 standalone proxy-server[129382]: - - 27/Jan/2026/16/25/58 HEAD /v1/AUTH_f710e03ba52a4857a1ae10860ed8a0ab/gnocchi.14a01e92-64dd-4280-8f4a-2769efe9c73f%3Fformat%3Djson%26states%3Dlisting HTTP/1.0 204 - Swift - - - - tx7b027d5560224d6997e3f-006978e716 - 0.0037 RL - 1769531158.639474630 1769531158.643221617 0
Jan 27 16:25:58 standalone container-server[127473]: 172.20.0.100 - - [27/Jan/2026:16:25:58 +0000] "GET /d1/100/AUTH_f710e03ba52a4857a1ae10860ed8a0ab/gnocchi.14a01e92-64dd-4280-8f4a-2769efe9c73f" 200 2 "GET http://172.18.0.2:8080/v1/AUTH_f710e03ba52a4857a1ae10860ed8a0ab/gnocchi.14a01e92-64dd-4280-8f4a-2769efe9c73f?format=json&states=listing" "tx7b027d5560224d6997e3f-006978e716" "proxy-server 20" 0.0015 "-" 14 0
Jan 27 16:25:58 standalone proxy-server[129382]: 172.18.0.2 172.18.0.100 27/Jan/2026/16/25/58 GET /v1/AUTH_f710e03ba52a4857a1ae10860ed8a0ab/gnocchi.14a01e92-64dd-4280-8f4a-2769efe9c73f%3Fformat%3Djson%26states%3Dlisting HTTP/1.0 200 - python-swiftclient-3.11.1 gAAAAABpeOZl8ZCJ... - 2 - tx7b027d5560224d6997e3f-006978e716 - 0.0107 - - 1769531158.638617277 1769531158.649303436 0
Jan 27 16:25:58 standalone object-server[127742]: 172.20.0.100 - - [27/Jan/2026:16:25:58 +0000] "GET /d1/965/AUTH_f710e03ba52a4857a1ae10860ed8a0ab/gnocchi.14a01e92-64dd-4280-8f4a-2769efe9c73f/1769040000.0_mean_300.0_v3" 404 70 "GET http://172.18.0.2:8080/v1/AUTH_f710e03ba52a4857a1ae10860ed8a0ab/gnocchi.14a01e92-64dd-4280-8f4a-2769efe9c73f/1769040000.0_mean_300.0_v3" "tx1f1b6ee9f6d14ee287d1b-006978e716" "proxy-server 20" 0.0003 "-" 19 0
Jan 27 16:25:58 standalone proxy-server[129382]: 172.18.0.2 172.18.0.100 27/Jan/2026/16/25/58 GET /v1/AUTH_f710e03ba52a4857a1ae10860ed8a0ab/gnocchi.14a01e92-64dd-4280-8f4a-2769efe9c73f/1769040000.0_mean_300.0_v3 HTTP/1.0 404 - python-swiftclient-3.11.1 gAAAAABpeOZl8ZCJ... - 70 - tx1f1b6ee9f6d14ee287d1b-006978e716 - 0.0042 - - 1769531158.654005051 1769531158.658219576 0
Jan 27 16:25:58 standalone container-server[127479]: 172.20.0.100 - - [27/Jan/2026:16:25:58 +0000] "PUT /d1/100/AUTH_f710e03ba52a4857a1ae10860ed8a0ab/gnocchi.14a01e92-64dd-4280-8f4a-2769efe9c73f/1769040000.0_mean_300.0_v3" 201 - "PUT http://172.18.0.2:8080/d1/965/AUTH_f710e03ba52a4857a1ae10860ed8a0ab/gnocchi.14a01e92-64dd-4280-8f4a-2769efe9c73f/1769040000.0_mean_300.0_v3" "tx17fa750405b04ada9cad0-006978e716" "object-server 19" 0.0005 "-" 15 0
Jan 27 16:25:58 standalone object-server[127742]: 172.20.0.100 - - [27/Jan/2026:16:25:58 +0000] "PUT /d1/965/AUTH_f710e03ba52a4857a1ae10860ed8a0ab/gnocchi.14a01e92-64dd-4280-8f4a-2769efe9c73f/1769040000.0_mean_300.0_v3" 201 - "PUT http://172.18.0.2:8080/v1/AUTH_f710e03ba52a4857a1ae10860ed8a0ab/gnocchi.14a01e92-64dd-4280-8f4a-2769efe9c73f/1769040000.0_mean_300.0_v3" "tx17fa750405b04ada9cad0-006978e716" "proxy-server 20" 0.0072 "-" 19 0
Jan 27 16:25:58 standalone proxy-server[129382]: 172.18.0.2 172.18.0.100 27/Jan/2026/16/25/58 PUT /v1/AUTH_f710e03ba52a4857a1ae10860ed8a0ab/gnocchi.14a01e92-64dd-4280-8f4a-2769efe9c73f/1769040000.0_mean_300.0_v3 HTTP/1.0 201 - python-swiftclient-3.11.1 gAAAAABpeOZl8ZCJ... 16 - - tx17fa750405b04ada9cad0-006978e716 - 0.0109 - - 1769531158.661441803 1769531158.672331333 0
Jan 27 16:25:58 standalone container-server[127492]: 172.20.0.100 - - [27/Jan/2026:16:25:58 +0000] "PUT /d1/100/AUTH_f710e03ba52a4857a1ae10860ed8a0ab/gnocchi.14a01e92-64dd-4280-8f4a-2769efe9c73f/none_v3" 201 - "PUT http://172.18.0.2:8080/d1/970/AUTH_f710e03ba52a4857a1ae10860ed8a0ab/gnocchi.14a01e92-64dd-4280-8f4a-2769efe9c73f/none_v3" "tx0396ea88dc9f48339685b-006978e716" "object-server 24" 0.0005 "-" 16 0
Jan 27 16:25:58 standalone object-server[127750]: 172.20.0.100 - - [27/Jan/2026:16:25:58 +0000] "PUT /d1/970/AUTH_f710e03ba52a4857a1ae10860ed8a0ab/gnocchi.14a01e92-64dd-4280-8f4a-2769efe9c73f/none_v3" 201 - "PUT http://172.18.0.2:8080/v1/AUTH_f710e03ba52a4857a1ae10860ed8a0ab/gnocchi.14a01e92-64dd-4280-8f4a-2769efe9c73f/none_v3" "tx0396ea88dc9f48339685b-006978e716" "proxy-server 20" 0.0084 "-" 24 0
Jan 27 16:25:58 standalone proxy-server[129382]: 172.18.0.2 172.18.0.100 27/Jan/2026/16/25/58 PUT /v1/AUTH_f710e03ba52a4857a1ae10860ed8a0ab/gnocchi.14a01e92-64dd-4280-8f4a-2769efe9c73f/none_v3 HTTP/1.0 201 - python-swiftclient-3.11.1 gAAAAABpeOZl8ZCJ... 22 - - tx0396ea88dc9f48339685b-006978e716 - 0.0129 - - 1769531158.675902605 1769531158.688760281 0
Jan 27 16:25:58 standalone container-server[127492]: 172.20.0.100 - - [27/Jan/2026:16:25:58 +0000] "HEAD /d1/181/AUTH_f710e03ba52a4857a1ae10860ed8a0ab/gnocchi.7937d648-6fdc-4cc9-9e77-bf5fe5740ec1" 404 - "HEAD http://172.18.0.2:8080/v1/AUTH_f710e03ba52a4857a1ae10860ed8a0ab/gnocchi.7937d648-6fdc-4cc9-9e77-bf5fe5740ec1?format=json&states=listing" "tx2723042972e04c9c9ade8-006978e716" "proxy-server 20" 0.0004 "-" 16 0
Jan 27 16:25:58 standalone object-server[127749]: 172.20.0.100 - - [27/Jan/2026:16:25:58 +0000] "GET /d1/378/AUTH_f710e03ba52a4857a1ae10860ed8a0ab/gnocchi.7937d648-6fdc-4cc9-9e77-bf5fe5740ec1/none_v3" 404 70 "GET http://172.18.0.2:8080/v1/AUTH_f710e03ba52a4857a1ae10860ed8a0ab/gnocchi.7937d648-6fdc-4cc9-9e77-bf5fe5740ec1/none_v3" "tx2723042972e04c9c9ade8-006978e716" "proxy-server 20" 0.0003 "-" 23 0
Jan 27 16:25:58 standalone proxy-server[129382]: 172.18.0.2 172.18.0.100 27/Jan/2026/16/25/58 GET /v1/AUTH_f710e03ba52a4857a1ae10860ed8a0ab/gnocchi.7937d648-6fdc-4cc9-9e77-bf5fe5740ec1/none_v3 HTTP/1.0 404 - python-swiftclient-3.11.1 gAAAAABpeOZl8ZCJ... - 70 - tx2723042972e04c9c9ade8-006978e716 - 0.0075 - - 1769531158.703439951 1769531158.710907936 0
Jan 27 16:25:58 standalone account-server[127478]: 172.20.0.100 - - [27/Jan/2026:16:25:58 +0000] "PUT /d1/323/AUTH_f710e03ba52a4857a1ae10860ed8a0ab/gnocchi.7937d648-6fdc-4cc9-9e77-bf5fe5740ec1" 201 - "PUT http://172.20.0.100:6001/d1/181/AUTH_f710e03ba52a4857a1ae10860ed8a0ab/gnocchi.7937d648-6fdc-4cc9-9e77-bf5fe5740ec1" "tx66108396face4abfb6a46-006978e716" "container-server 15" 0.0064 "-" 17 0
Jan 27 16:25:58 standalone container-server[127479]: 172.20.0.100 - - [27/Jan/2026:16:25:58 +0000] "PUT /d1/181/AUTH_f710e03ba52a4857a1ae10860ed8a0ab/gnocchi.7937d648-6fdc-4cc9-9e77-bf5fe5740ec1" 201 - "PUT http://172.18.0.2:8080/v1/AUTH_f710e03ba52a4857a1ae10860ed8a0ab/gnocchi.7937d648-6fdc-4cc9-9e77-bf5fe5740ec1" "tx66108396face4abfb6a46-006978e716" "proxy-server 20" 0.0155 "-" 15 0
Jan 27 16:25:58 standalone proxy-server[129382]: 172.18.0.2 172.18.0.100 27/Jan/2026/16/25/58 PUT /v1/AUTH_f710e03ba52a4857a1ae10860ed8a0ab/gnocchi.7937d648-6fdc-4cc9-9e77-bf5fe5740ec1 HTTP/1.0 201 - python-swiftclient-3.11.1 gAAAAABpeOZl8ZCJ... - - - tx66108396face4abfb6a46-006978e716 - 0.0197 - - 1769531158.714383841 1769531158.734054565 0
Jan 27 16:25:58 standalone container-server[127493]: 172.20.0.100 - - [27/Jan/2026:16:25:58 +0000] "HEAD /d1/747/AUTH_f710e03ba52a4857a1ae10860ed8a0ab/gnocchi.c746c6a6-7ef2-455e-9f43-f1a5cc73d0c1" 404 - "HEAD http://172.18.0.2:8080/v1/AUTH_f710e03ba52a4857a1ae10860ed8a0ab/gnocchi.c746c6a6-7ef2-455e-9f43-f1a5cc73d0c1?format=json&states=listing" "tx6c4dc233c19145758b0ba-006978e716" "proxy-server 20" 0.0004 "-" 17 0
Jan 27 16:25:58 standalone object-server[127749]: 172.20.0.100 - - [27/Jan/2026:16:25:58 +0000] "GET /d1/98/AUTH_f710e03ba52a4857a1ae10860ed8a0ab/gnocchi.c746c6a6-7ef2-455e-9f43-f1a5cc73d0c1/none_v3" 404 70 "GET http://172.18.0.2:8080/v1/AUTH_f710e03ba52a4857a1ae10860ed8a0ab/gnocchi.c746c6a6-7ef2-455e-9f43-f1a5cc73d0c1/none_v3" "tx6c4dc233c19145758b0ba-006978e716" "proxy-server 20" 0.0003 "-" 23 0
Jan 27 16:25:58 standalone proxy-server[129382]: 172.18.0.2 172.18.0.100 27/Jan/2026/16/25/58 GET /v1/AUTH_f710e03ba52a4857a1ae10860ed8a0ab/gnocchi.c746c6a6-7ef2-455e-9f43-f1a5cc73d0c1/none_v3 HTTP/1.0 404 - python-swiftclient-3.11.1 gAAAAABpeOZl8ZCJ... - 70 - tx6c4dc233c19145758b0ba-006978e716 - 0.0074 - - 1769531158.737354040 1769531158.744729757 0
Jan 27 16:25:58 standalone account-server[127474]: 172.20.0.100 - - [27/Jan/2026:16:25:58 +0000] "PUT /d1/323/AUTH_f710e03ba52a4857a1ae10860ed8a0ab/gnocchi.c746c6a6-7ef2-455e-9f43-f1a5cc73d0c1" 201 - "PUT http://172.20.0.100:6001/d1/747/AUTH_f710e03ba52a4857a1ae10860ed8a0ab/gnocchi.c746c6a6-7ef2-455e-9f43-f1a5cc73d0c1" "tx7270f9dc3b8747669e3f2-006978e716" "container-server 14" 0.0065 "-" 16 0
Jan 27 16:25:58 standalone container-server[127473]: 172.20.0.100 - - [27/Jan/2026:16:25:58 +0000] "PUT /d1/747/AUTH_f710e03ba52a4857a1ae10860ed8a0ab/gnocchi.c746c6a6-7ef2-455e-9f43-f1a5cc73d0c1" 201 - "PUT http://172.18.0.2:8080/v1/AUTH_f710e03ba52a4857a1ae10860ed8a0ab/gnocchi.c746c6a6-7ef2-455e-9f43-f1a5cc73d0c1" "tx7270f9dc3b8747669e3f2-006978e716" "proxy-server 20" 0.0220 "-" 14 0
Jan 27 16:25:58 standalone proxy-server[129382]: 172.18.0.2 172.18.0.100 27/Jan/2026/16/25/58 PUT /v1/AUTH_f710e03ba52a4857a1ae10860ed8a0ab/gnocchi.c746c6a6-7ef2-455e-9f43-f1a5cc73d0c1 HTTP/1.0 201 - python-swiftclient-3.11.1 gAAAAABpeOZl8ZCJ... - - - tx7270f9dc3b8747669e3f2-006978e716 - 0.0267 - - 1769531158.747476339 1769531158.774173498 0
Jan 27 16:25:58 standalone container-server[127473]: 172.20.0.100 - - [27/Jan/2026:16:25:58 +0000] "HEAD /d1/181/AUTH_f710e03ba52a4857a1ae10860ed8a0ab/gnocchi.7937d648-6fdc-4cc9-9e77-bf5fe5740ec1" 204 - "HEAD http://172.18.0.2:8080/v1/AUTH_f710e03ba52a4857a1ae10860ed8a0ab/gnocchi.7937d648-6fdc-4cc9-9e77-bf5fe5740ec1?format=json&states=listing" "tx225ef93ce13d46aea9f58-006978e716" "proxy-server 20" 0.0024 "-" 14 0
Jan 27 16:25:58 standalone proxy-server[129382]: - - 27/Jan/2026/16/25/58 HEAD /v1/AUTH_f710e03ba52a4857a1ae10860ed8a0ab/gnocchi.7937d648-6fdc-4cc9-9e77-bf5fe5740ec1%3Fformat%3Djson%26states%3Dlisting HTTP/1.0 204 - Swift - - - - tx225ef93ce13d46aea9f58-006978e716 - 0.0057 RL - 1769531158.780169725 1769531158.785828829 0
Jan 27 16:25:58 standalone container-server[127479]: 172.20.0.100 - - [27/Jan/2026:16:25:58 +0000] "GET /d1/181/AUTH_f710e03ba52a4857a1ae10860ed8a0ab/gnocchi.7937d648-6fdc-4cc9-9e77-bf5fe5740ec1" 200 2 "GET http://172.18.0.2:8080/v1/AUTH_f710e03ba52a4857a1ae10860ed8a0ab/gnocchi.7937d648-6fdc-4cc9-9e77-bf5fe5740ec1?format=json&states=listing" "tx225ef93ce13d46aea9f58-006978e716" "proxy-server 20" 0.0020 "-" 15 0
Jan 27 16:25:58 standalone proxy-server[129382]: 172.18.0.2 172.18.0.100 27/Jan/2026/16/25/58 GET /v1/AUTH_f710e03ba52a4857a1ae10860ed8a0ab/gnocchi.7937d648-6fdc-4cc9-9e77-bf5fe5740ec1%3Fformat%3Djson%26states%3Dlisting HTTP/1.0 200 - python-swiftclient-3.11.1 gAAAAABpeOZl8ZCJ... - 2 - tx225ef93ce13d46aea9f58-006978e716 - 0.0138 - - 1769531158.779298782 1769531158.793096542 0
Jan 27 16:25:58 standalone container-server[127493]: 172.20.0.100 - - [27/Jan/2026:16:25:58 +0000] "HEAD /d1/747/AUTH_f710e03ba52a4857a1ae10860ed8a0ab/gnocchi.c746c6a6-7ef2-455e-9f43-f1a5cc73d0c1" 204 - "HEAD http://172.18.0.2:8080/v1/AUTH_f710e03ba52a4857a1ae10860ed8a0ab/gnocchi.c746c6a6-7ef2-455e-9f43-f1a5cc73d0c1?format=json&states=listing" "tx62ece3651e4d4eae8bc13-006978e716" "proxy-server 20" 0.0023 "-" 17 0
Jan 27 16:25:58 standalone proxy-server[129382]: - - 27/Jan/2026/16/25/58 HEAD /v1/AUTH_f710e03ba52a4857a1ae10860ed8a0ab/gnocchi.c746c6a6-7ef2-455e-9f43-f1a5cc73d0c1%3Fformat%3Djson%26states%3Dlisting HTTP/1.0 204 - Swift - - - - tx62ece3651e4d4eae8bc13-006978e716 - 0.0057 RL - 1769531158.798936367 1769531158.804641962 0
Jan 27 16:25:58 standalone container-server[127479]: 172.20.0.100 - - [27/Jan/2026:16:25:58 +0000] "GET /d1/747/AUTH_f710e03ba52a4857a1ae10860ed8a0ab/gnocchi.c746c6a6-7ef2-455e-9f43-f1a5cc73d0c1" 200 2 "GET http://172.18.0.2:8080/v1/AUTH_f710e03ba52a4857a1ae10860ed8a0ab/gnocchi.c746c6a6-7ef2-455e-9f43-f1a5cc73d0c1?format=json&states=listing" "tx62ece3651e4d4eae8bc13-006978e716" "proxy-server 20" 0.0017 "-" 15 0
Jan 27 16:25:58 standalone proxy-server[129382]: 172.18.0.2 172.18.0.100 27/Jan/2026/16/25/58 GET /v1/AUTH_f710e03ba52a4857a1ae10860ed8a0ab/gnocchi.c746c6a6-7ef2-455e-9f43-f1a5cc73d0c1%3Fformat%3Djson%26states%3Dlisting HTTP/1.0 200 - python-swiftclient-3.11.1 gAAAAABpeOZl8ZCJ... - 2 - tx62ece3651e4d4eae8bc13-006978e716 - 0.0129 - - 1769531158.798146486 1769531158.811064720 0
Jan 27 16:25:58 standalone object-server[127742]: 172.20.0.100 - - [27/Jan/2026:16:25:58 +0000] "GET /d1/454/AUTH_f710e03ba52a4857a1ae10860ed8a0ab/gnocchi.7937d648-6fdc-4cc9-9e77-bf5fe5740ec1/1769040000.0_mean_300.0_v3" 404 70 "GET http://172.18.0.2:8080/v1/AUTH_f710e03ba52a4857a1ae10860ed8a0ab/gnocchi.7937d648-6fdc-4cc9-9e77-bf5fe5740ec1/1769040000.0_mean_300.0_v3" "tx20e5efd805984b9fa5c6d-006978e716" "proxy-server 20" 0.0005 "-" 19 0
Jan 27 16:25:58 standalone proxy-server[129382]: 172.18.0.2 172.18.0.100 27/Jan/2026/16/25/58 GET /v1/AUTH_f710e03ba52a4857a1ae10860ed8a0ab/gnocchi.7937d648-6fdc-4cc9-9e77-bf5fe5740ec1/1769040000.0_mean_300.0_v3 HTTP/1.0 404 - python-swiftclient-3.11.1 gAAAAABpeOZl8ZCJ... - 70 - tx20e5efd805984b9fa5c6d-006978e716 - 0.0047 - - 1769531158.815500259 1769531158.820180893 0
Jan 27 16:25:58 standalone object-server[127746]: 172.20.0.100 - - [27/Jan/2026:16:25:58 +0000] "GET /d1/443/AUTH_f710e03ba52a4857a1ae10860ed8a0ab/gnocchi.c746c6a6-7ef2-455e-9f43-f1a5cc73d0c1/1769040000.0_mean_300.0_v3" 404 70 "GET http://172.18.0.2:8080/v1/AUTH_f710e03ba52a4857a1ae10860ed8a0ab/gnocchi.c746c6a6-7ef2-455e-9f43-f1a5cc73d0c1/1769040000.0_mean_300.0_v3" "tx551ec1566f9d4b7b8440b-006978e716" "proxy-server 20" 0.0004 "-" 22 0
Jan 27 16:25:58 standalone proxy-server[129382]: 172.18.0.2 172.18.0.100 27/Jan/2026/16/25/58 GET /v1/AUTH_f710e03ba52a4857a1ae10860ed8a0ab/gnocchi.c746c6a6-7ef2-455e-9f43-f1a5cc73d0c1/1769040000.0_mean_300.0_v3 HTTP/1.0 404 - python-swiftclient-3.11.1 gAAAAABpeOZl8ZCJ... - 70 - tx551ec1566f9d4b7b8440b-006978e716 - 0.0050 - - 1769531158.823299885 1769531158.828327417 0
Jan 27 16:25:58 standalone container-server[127493]: 172.20.0.100 - - [27/Jan/2026:16:25:58 +0000] "PUT /d1/181/AUTH_f710e03ba52a4857a1ae10860ed8a0ab/gnocchi.7937d648-6fdc-4cc9-9e77-bf5fe5740ec1/1769040000.0_mean_300.0_v3" 201 - "PUT http://172.18.0.2:8080/d1/454/AUTH_f710e03ba52a4857a1ae10860ed8a0ab/gnocchi.7937d648-6fdc-4cc9-9e77-bf5fe5740ec1/1769040000.0_mean_300.0_v3" "tx40b9ffa2c96242438eaad-006978e716" "object-server 22" 0.0010 "-" 17 0
Jan 27 16:25:58 standalone object-server[127746]: 172.20.0.100 - - [27/Jan/2026:16:25:58 +0000] "PUT /d1/454/AUTH_f710e03ba52a4857a1ae10860ed8a0ab/gnocchi.7937d648-6fdc-4cc9-9e77-bf5fe5740ec1/1769040000.0_mean_300.0_v3" 201 - "PUT http://172.18.0.2:8080/v1/AUTH_f710e03ba52a4857a1ae10860ed8a0ab/gnocchi.7937d648-6fdc-4cc9-9e77-bf5fe5740ec1/1769040000.0_mean_300.0_v3" "tx40b9ffa2c96242438eaad-006978e716" "proxy-server 20" 0.0113 "-" 22 0
Jan 27 16:25:58 standalone proxy-server[129382]: 172.18.0.2 172.18.0.100 27/Jan/2026/16/25/58 PUT /v1/AUTH_f710e03ba52a4857a1ae10860ed8a0ab/gnocchi.7937d648-6fdc-4cc9-9e77-bf5fe5740ec1/1769040000.0_mean_300.0_v3 HTTP/1.0 201 - python-swiftclient-3.11.1 gAAAAABpeOZl8ZCJ... 16 - - tx40b9ffa2c96242438eaad-006978e716 - 0.0166 - - 1769531158.836916447 1769531158.853514671 0
Jan 27 16:25:58 standalone container-server[127479]: 172.20.0.100 - - [27/Jan/2026:16:25:58 +0000] "PUT /d1/747/AUTH_f710e03ba52a4857a1ae10860ed8a0ab/gnocchi.c746c6a6-7ef2-455e-9f43-f1a5cc73d0c1/1769040000.0_mean_300.0_v3" 201 - "PUT http://172.18.0.2:8080/d1/443/AUTH_f710e03ba52a4857a1ae10860ed8a0ab/gnocchi.c746c6a6-7ef2-455e-9f43-f1a5cc73d0c1/1769040000.0_mean_300.0_v3" "tx541e791bf53744e9bd6f0-006978e716" "object-server 22" 0.0006 "-" 15 0
Jan 27 16:25:58 standalone object-server[127746]: 172.20.0.100 - - [27/Jan/2026:16:25:58 +0000] "PUT /d1/443/AUTH_f710e03ba52a4857a1ae10860ed8a0ab/gnocchi.c746c6a6-7ef2-455e-9f43-f1a5cc73d0c1/1769040000.0_mean_300.0_v3" 201 - "PUT http://172.18.0.2:8080/v1/AUTH_f710e03ba52a4857a1ae10860ed8a0ab/gnocchi.c746c6a6-7ef2-455e-9f43-f1a5cc73d0c1/1769040000.0_mean_300.0_v3" "tx541e791bf53744e9bd6f0-006978e716" "proxy-server 20" 0.0106 "-" 22 0
Jan 27 16:25:58 standalone proxy-server[129382]: 172.18.0.2 172.18.0.100 27/Jan/2026/16/25/58 PUT /v1/AUTH_f710e03ba52a4857a1ae10860ed8a0ab/gnocchi.c746c6a6-7ef2-455e-9f43-f1a5cc73d0c1/1769040000.0_mean_300.0_v3 HTTP/1.0 201 - python-swiftclient-3.11.1 gAAAAABpeOZl8ZCJ... 16 - - tx541e791bf53744e9bd6f0-006978e716 - 0.0154 - - 1769531158.857165098 1769531158.872568369 0
Jan 27 16:25:58 standalone container-server[127479]: 172.20.0.100 - - [27/Jan/2026:16:25:58 +0000] "PUT /d1/181/AUTH_f710e03ba52a4857a1ae10860ed8a0ab/gnocchi.7937d648-6fdc-4cc9-9e77-bf5fe5740ec1/none_v3" 201 - "PUT http://172.18.0.2:8080/d1/378/AUTH_f710e03ba52a4857a1ae10860ed8a0ab/gnocchi.7937d648-6fdc-4cc9-9e77-bf5fe5740ec1/none_v3" "txc291d5219dcf4c15bc248-006978e716" "object-server 23" 0.0004 "-" 15 0
Jan 27 16:25:58 standalone object-server[127749]: 172.20.0.100 - - [27/Jan/2026:16:25:58 +0000] "PUT /d1/378/AUTH_f710e03ba52a4857a1ae10860ed8a0ab/gnocchi.7937d648-6fdc-4cc9-9e77-bf5fe5740ec1/none_v3" 201 - "PUT http://172.18.0.2:8080/v1/AUTH_f710e03ba52a4857a1ae10860ed8a0ab/gnocchi.7937d648-6fdc-4cc9-9e77-bf5fe5740ec1/none_v3" "txc291d5219dcf4c15bc248-006978e716" "proxy-server 20" 0.0076 "-" 23 0
Jan 27 16:25:58 standalone proxy-server[129382]: 172.18.0.2 172.18.0.100 27/Jan/2026/16/25/58 PUT /v1/AUTH_f710e03ba52a4857a1ae10860ed8a0ab/gnocchi.7937d648-6fdc-4cc9-9e77-bf5fe5740ec1/none_v3 HTTP/1.0 201 - python-swiftclient-3.11.1 gAAAAABpeOZl8ZCJ... 22 - - txc291d5219dcf4c15bc248-006978e716 - 0.0112 - - 1769531158.875808239 1769531158.887053728 0
Jan 27 16:25:58 standalone container-server[127473]: 172.20.0.100 - - [27/Jan/2026:16:25:58 +0000] "PUT /d1/747/AUTH_f710e03ba52a4857a1ae10860ed8a0ab/gnocchi.c746c6a6-7ef2-455e-9f43-f1a5cc73d0c1/none_v3" 201 - "PUT http://172.18.0.2:8080/d1/98/AUTH_f710e03ba52a4857a1ae10860ed8a0ab/gnocchi.c746c6a6-7ef2-455e-9f43-f1a5cc73d0c1/none_v3" "txae82b824aea4408fa1ae6-006978e716" "object-server 19" 0.0059 "-" 14 0
Jan 27 16:25:58 standalone object-server[127742]: 172.20.0.100 - - [27/Jan/2026:16:25:58 +0000] "PUT /d1/98/AUTH_f710e03ba52a4857a1ae10860ed8a0ab/gnocchi.c746c6a6-7ef2-455e-9f43-f1a5cc73d0c1/none_v3" 201 - "PUT http://172.18.0.2:8080/v1/AUTH_f710e03ba52a4857a1ae10860ed8a0ab/gnocchi.c746c6a6-7ef2-455e-9f43-f1a5cc73d0c1/none_v3" "txae82b824aea4408fa1ae6-006978e716" "proxy-server 20" 0.0156 "-" 19 0
Jan 27 16:25:58 standalone proxy-server[129382]: 172.18.0.2 172.18.0.100 27/Jan/2026/16/25/58 PUT /v1/AUTH_f710e03ba52a4857a1ae10860ed8a0ab/gnocchi.c746c6a6-7ef2-455e-9f43-f1a5cc73d0c1/none_v3 HTTP/1.0 201 - python-swiftclient-3.11.1 gAAAAABpeOZl8ZCJ... 22 - - txae82b824aea4408fa1ae6-006978e716 - 0.0201 - - 1769531158.890350342 1769531158.910440445 0
Jan 27 16:25:58 standalone container-server[127492]: 172.20.0.100 - - [27/Jan/2026:16:25:58 +0000] "HEAD /d1/354/AUTH_f710e03ba52a4857a1ae10860ed8a0ab/gnocchi.8243f0f1-d565-4ec1-b6cc-0c11669655c2" 404 - "HEAD http://172.18.0.2:8080/v1/AUTH_f710e03ba52a4857a1ae10860ed8a0ab/gnocchi.8243f0f1-d565-4ec1-b6cc-0c11669655c2?format=json&states=listing" "tx1ceb3879468a4105b29a9-006978e716" "proxy-server 20" 0.0005 "-" 16 0
Jan 27 16:25:58 standalone object-server[127750]: 172.20.0.100 - - [27/Jan/2026:16:25:58 +0000] "GET /d1/422/AUTH_f710e03ba52a4857a1ae10860ed8a0ab/gnocchi.8243f0f1-d565-4ec1-b6cc-0c11669655c2/none_v3" 404 70 "GET http://172.18.0.2:8080/v1/AUTH_f710e03ba52a4857a1ae10860ed8a0ab/gnocchi.8243f0f1-d565-4ec1-b6cc-0c11669655c2/none_v3" "tx1ceb3879468a4105b29a9-006978e716" "proxy-server 20" 0.0003 "-" 24 0
Jan 27 16:25:58 standalone proxy-server[129382]: 172.18.0.2 172.18.0.100 27/Jan/2026/16/25/58 GET /v1/AUTH_f710e03ba52a4857a1ae10860ed8a0ab/gnocchi.8243f0f1-d565-4ec1-b6cc-0c11669655c2/none_v3 HTTP/1.0 404 - python-swiftclient-3.11.1 gAAAAABpeOZl8ZCJ... - 70 - tx1ceb3879468a4105b29a9-006978e716 - 0.0082 - - 1769531158.922926188 1769531158.931136847 0
Jan 27 16:25:58 standalone account-server[127464]: 172.20.0.100 - - [27/Jan/2026:16:25:58 +0000] "PUT /d1/323/AUTH_f710e03ba52a4857a1ae10860ed8a0ab/gnocchi.8243f0f1-d565-4ec1-b6cc-0c11669655c2" 201 - "PUT http://172.20.0.100:6001/d1/354/AUTH_f710e03ba52a4857a1ae10860ed8a0ab/gnocchi.8243f0f1-d565-4ec1-b6cc-0c11669655c2" "tx547b1bfbb16e438a9ab23-006978e716" "container-server 17" 0.0066 "-" 14 0
Jan 27 16:25:58 standalone container-server[127493]: 172.20.0.100 - - [27/Jan/2026:16:25:58 +0000] "PUT /d1/354/AUTH_f710e03ba52a4857a1ae10860ed8a0ab/gnocchi.8243f0f1-d565-4ec1-b6cc-0c11669655c2" 201 - "PUT http://172.18.0.2:8080/v1/AUTH_f710e03ba52a4857a1ae10860ed8a0ab/gnocchi.8243f0f1-d565-4ec1-b6cc-0c11669655c2" "tx547b1bfbb16e438a9ab23-006978e716" "proxy-server 20" 0.0172 "-" 17 0
Jan 27 16:25:58 standalone proxy-server[129382]: 172.18.0.2 172.18.0.100 27/Jan/2026/16/25/58 PUT /v1/AUTH_f710e03ba52a4857a1ae10860ed8a0ab/gnocchi.8243f0f1-d565-4ec1-b6cc-0c11669655c2 HTTP/1.0 201 - python-swiftclient-3.11.1 gAAAAABpeOZl8ZCJ... - - - tx547b1bfbb16e438a9ab23-006978e716 - 0.0474 - - 1769531158.935083151 1769531158.982529163 0
Jan 27 16:25:58 standalone container-server[127493]: 172.20.0.100 - - [27/Jan/2026:16:25:58 +0000] "HEAD /d1/354/AUTH_f710e03ba52a4857a1ae10860ed8a0ab/gnocchi.8243f0f1-d565-4ec1-b6cc-0c11669655c2" 204 - "HEAD http://172.18.0.2:8080/v1/AUTH_f710e03ba52a4857a1ae10860ed8a0ab/gnocchi.8243f0f1-d565-4ec1-b6cc-0c11669655c2?format=json&states=listing" "tx99507853430943a48384c-006978e716" "proxy-server 20" 0.0013 "-" 17 0
Jan 27 16:25:58 standalone proxy-server[129382]: - - 27/Jan/2026/16/25/58 HEAD /v1/AUTH_f710e03ba52a4857a1ae10860ed8a0ab/gnocchi.8243f0f1-d565-4ec1-b6cc-0c11669655c2%3Fformat%3Djson%26states%3Dlisting HTTP/1.0 204 - Swift - - - - tx99507853430943a48384c-006978e716 - 0.0059 RL - 1769531158.989254475 1769531158.995199442 0
Jan 27 16:25:59 standalone container-server[127492]: 172.20.0.100 - - [27/Jan/2026:16:25:59 +0000] "GET /d1/354/AUTH_f710e03ba52a4857a1ae10860ed8a0ab/gnocchi.8243f0f1-d565-4ec1-b6cc-0c11669655c2" 200 2 "GET http://172.18.0.2:8080/v1/AUTH_f710e03ba52a4857a1ae10860ed8a0ab/gnocchi.8243f0f1-d565-4ec1-b6cc-0c11669655c2?format=json&states=listing" "tx99507853430943a48384c-006978e716" "proxy-server 20" 0.0033 "-" 16 0
Jan 27 16:25:59 standalone proxy-server[129382]: 172.18.0.2 172.18.0.100 27/Jan/2026/16/25/59 GET /v1/AUTH_f710e03ba52a4857a1ae10860ed8a0ab/gnocchi.8243f0f1-d565-4ec1-b6cc-0c11669655c2%3Fformat%3Djson%26states%3Dlisting HTTP/1.0 200 - python-swiftclient-3.11.1 gAAAAABpeOZl8ZCJ... - 2 - tx99507853430943a48384c-006978e716 - 0.0192 - - 1769531158.987773657 1769531159.006927252 0
Jan 27 16:25:59 standalone object-server[127746]: 172.20.0.100 - - [27/Jan/2026:16:25:59 +0000] "GET /d1/224/AUTH_f710e03ba52a4857a1ae10860ed8a0ab/gnocchi.8243f0f1-d565-4ec1-b6cc-0c11669655c2/1769040000.0_mean_300.0_v3" 404 70 "GET http://172.18.0.2:8080/v1/AUTH_f710e03ba52a4857a1ae10860ed8a0ab/gnocchi.8243f0f1-d565-4ec1-b6cc-0c11669655c2/1769040000.0_mean_300.0_v3" "txc560a60e7e844055a396f-006978e717" "proxy-server 20" 0.0004 "-" 22 0
Jan 27 16:25:59 standalone proxy-server[129382]: 172.18.0.2 172.18.0.100 27/Jan/2026/16/25/59 GET /v1/AUTH_f710e03ba52a4857a1ae10860ed8a0ab/gnocchi.8243f0f1-d565-4ec1-b6cc-0c11669655c2/1769040000.0_mean_300.0_v3 HTTP/1.0 404 - python-swiftclient-3.11.1 gAAAAABpeOZl8ZCJ... - 70 - txc560a60e7e844055a396f-006978e717 - 0.0076 - - 1769531159.012059927 1769531159.019645214 0
Jan 27 16:25:59 standalone container-server[127493]: 172.20.0.100 - - [27/Jan/2026:16:25:59 +0000] "PUT /d1/354/AUTH_f710e03ba52a4857a1ae10860ed8a0ab/gnocchi.8243f0f1-d565-4ec1-b6cc-0c11669655c2/1769040000.0_mean_300.0_v3" 201 - "PUT http://172.18.0.2:8080/d1/224/AUTH_f710e03ba52a4857a1ae10860ed8a0ab/gnocchi.8243f0f1-d565-4ec1-b6cc-0c11669655c2/1769040000.0_mean_300.0_v3" "tx6464a7114bef419f986ad-006978e717" "object-server 24" 0.0006 "-" 17 0
Jan 27 16:25:59 standalone object-server[127750]: 172.20.0.100 - - [27/Jan/2026:16:25:59 +0000] "PUT /d1/224/AUTH_f710e03ba52a4857a1ae10860ed8a0ab/gnocchi.8243f0f1-d565-4ec1-b6cc-0c11669655c2/1769040000.0_mean_300.0_v3" 201 - "PUT http://172.18.0.2:8080/v1/AUTH_f710e03ba52a4857a1ae10860ed8a0ab/gnocchi.8243f0f1-d565-4ec1-b6cc-0c11669655c2/1769040000.0_mean_300.0_v3" "tx6464a7114bef419f986ad-006978e717" "proxy-server 20" 0.0087 "-" 24 0
Jan 27 16:25:59 standalone proxy-server[129382]: 172.18.0.2 172.18.0.100 27/Jan/2026/16/25/59 PUT /v1/AUTH_f710e03ba52a4857a1ae10860ed8a0ab/gnocchi.8243f0f1-d565-4ec1-b6cc-0c11669655c2/1769040000.0_mean_300.0_v3 HTTP/1.0 201 - python-swiftclient-3.11.1 gAAAAABpeOZl8ZCJ... 16 - - tx6464a7114bef419f986ad-006978e717 - 0.0152 - - 1769531159.023919344 1769531159.039094448 0
Jan 27 16:25:59 standalone container-server[127492]: 172.20.0.100 - - [27/Jan/2026:16:25:59 +0000] "PUT /d1/354/AUTH_f710e03ba52a4857a1ae10860ed8a0ab/gnocchi.8243f0f1-d565-4ec1-b6cc-0c11669655c2/none_v3" 201 - "PUT http://172.18.0.2:8080/d1/422/AUTH_f710e03ba52a4857a1ae10860ed8a0ab/gnocchi.8243f0f1-d565-4ec1-b6cc-0c11669655c2/none_v3" "tx131d4eb9cae6479fa68fa-006978e717" "object-server 24" 0.0007 "-" 16 0
Jan 27 16:25:59 standalone object-server[127750]: 172.20.0.100 - - [27/Jan/2026:16:25:59 +0000] "PUT /d1/422/AUTH_f710e03ba52a4857a1ae10860ed8a0ab/gnocchi.8243f0f1-d565-4ec1-b6cc-0c11669655c2/none_v3" 201 - "PUT http://172.18.0.2:8080/v1/AUTH_f710e03ba52a4857a1ae10860ed8a0ab/gnocchi.8243f0f1-d565-4ec1-b6cc-0c11669655c2/none_v3" "tx131d4eb9cae6479fa68fa-006978e717" "proxy-server 20" 0.0077 "-" 24 0
Jan 27 16:25:59 standalone proxy-server[129382]: 172.18.0.2 172.18.0.100 27/Jan/2026/16/25/59 PUT /v1/AUTH_f710e03ba52a4857a1ae10860ed8a0ab/gnocchi.8243f0f1-d565-4ec1-b6cc-0c11669655c2/none_v3 HTTP/1.0 201 - python-swiftclient-3.11.1 gAAAAABpeOZl8ZCJ... 22 - - tx131d4eb9cae6479fa68fa-006978e717 - 0.0145 - - 1769531159.042988777 1769531159.057458878 0
Jan 27 16:25:59 standalone container-server[127492]: 172.20.0.100 - - [27/Jan/2026:16:25:59 +0000] "HEAD /d1/31/AUTH_f710e03ba52a4857a1ae10860ed8a0ab/gnocchi.4ce50da5-6883-43a0-ab7c-6e855f4f4dc8" 404 - "HEAD http://172.18.0.2:8080/v1/AUTH_f710e03ba52a4857a1ae10860ed8a0ab/gnocchi.4ce50da5-6883-43a0-ab7c-6e855f4f4dc8?format=json&states=listing" "tx59707149cbc543feb27b1-006978e717" "proxy-server 20" 0.0006 "-" 16 0
Jan 27 16:25:59 standalone object-server[127749]: 172.20.0.100 - - [27/Jan/2026:16:25:59 +0000] "GET /d1/402/AUTH_f710e03ba52a4857a1ae10860ed8a0ab/gnocchi.4ce50da5-6883-43a0-ab7c-6e855f4f4dc8/none_v3" 404 70 "GET http://172.18.0.2:8080/v1/AUTH_f710e03ba52a4857a1ae10860ed8a0ab/gnocchi.4ce50da5-6883-43a0-ab7c-6e855f4f4dc8/none_v3" "tx59707149cbc543feb27b1-006978e717" "proxy-server 20" 0.0004 "-" 23 0
Jan 27 16:25:59 standalone proxy-server[129382]: 172.18.0.2 172.18.0.100 27/Jan/2026/16/25/59 GET /v1/AUTH_f710e03ba52a4857a1ae10860ed8a0ab/gnocchi.4ce50da5-6883-43a0-ab7c-6e855f4f4dc8/none_v3 HTTP/1.0 404 - python-swiftclient-3.11.1 gAAAAABpeOZl8ZCJ... - 70 - tx59707149cbc543feb27b1-006978e717 - 0.0175 - - 1769531159.076764107 1769531159.094239950 0
Jan 27 16:25:59 standalone account-server[127472]: 172.20.0.100 - - [27/Jan/2026:16:25:59 +0000] "PUT /d1/323/AUTH_f710e03ba52a4857a1ae10860ed8a0ab/gnocchi.4ce50da5-6883-43a0-ab7c-6e855f4f4dc8" 201 - "PUT http://172.20.0.100:6001/d1/31/AUTH_f710e03ba52a4857a1ae10860ed8a0ab/gnocchi.4ce50da5-6883-43a0-ab7c-6e855f4f4dc8" "txab5261b75b0d4339b41a7-006978e717" "container-server 14" 0.0061 "-" 15 0
Jan 27 16:25:59 standalone container-server[127473]: 172.20.0.100 - - [27/Jan/2026:16:25:59 +0000] "PUT /d1/31/AUTH_f710e03ba52a4857a1ae10860ed8a0ab/gnocchi.4ce50da5-6883-43a0-ab7c-6e855f4f4dc8" 201 - "PUT http://172.18.0.2:8080/v1/AUTH_f710e03ba52a4857a1ae10860ed8a0ab/gnocchi.4ce50da5-6883-43a0-ab7c-6e855f4f4dc8" "txab5261b75b0d4339b41a7-006978e717" "proxy-server 20" 0.0166 "-" 14 0
Jan 27 16:25:59 standalone proxy-server[129382]: 172.18.0.2 172.18.0.100 27/Jan/2026/16/25/59 PUT /v1/AUTH_f710e03ba52a4857a1ae10860ed8a0ab/gnocchi.4ce50da5-6883-43a0-ab7c-6e855f4f4dc8 HTTP/1.0 201 - python-swiftclient-3.11.1 gAAAAABpeOZl8ZCJ... - - - txab5261b75b0d4339b41a7-006978e717 - 0.0237 - - 1769531159.098185062 1769531159.121904373 0
Jan 27 16:25:59 standalone container-server[127473]: 172.20.0.100 - - [27/Jan/2026:16:25:59 +0000] "HEAD /d1/31/AUTH_f710e03ba52a4857a1ae10860ed8a0ab/gnocchi.4ce50da5-6883-43a0-ab7c-6e855f4f4dc8" 204 - "HEAD http://172.18.0.2:8080/v1/AUTH_f710e03ba52a4857a1ae10860ed8a0ab/gnocchi.4ce50da5-6883-43a0-ab7c-6e855f4f4dc8?format=json&states=listing" "tx938b9221a8a14c0aa14c1-006978e717" "proxy-server 20" 0.0015 "-" 14 0
Jan 27 16:25:59 standalone proxy-server[129382]: - - 27/Jan/2026/16/25/59 HEAD /v1/AUTH_f710e03ba52a4857a1ae10860ed8a0ab/gnocchi.4ce50da5-6883-43a0-ab7c-6e855f4f4dc8%3Fformat%3Djson%26states%3Dlisting HTTP/1.0 204 - Swift - - - - tx938b9221a8a14c0aa14c1-006978e717 - 0.0063 RL - 1769531159.131208181 1769531159.137498379 0
Jan 27 16:25:59 standalone container-server[127479]: 172.20.0.100 - - [27/Jan/2026:16:25:59 +0000] "GET /d1/31/AUTH_f710e03ba52a4857a1ae10860ed8a0ab/gnocchi.4ce50da5-6883-43a0-ab7c-6e855f4f4dc8" 200 2 "GET http://172.18.0.2:8080/v1/AUTH_f710e03ba52a4857a1ae10860ed8a0ab/gnocchi.4ce50da5-6883-43a0-ab7c-6e855f4f4dc8?format=json&states=listing" "tx938b9221a8a14c0aa14c1-006978e717" "proxy-server 20" 0.0044 "-" 15 0
Jan 27 16:25:59 standalone proxy-server[129382]: 172.18.0.2 172.18.0.100 27/Jan/2026/16/25/59 GET /v1/AUTH_f710e03ba52a4857a1ae10860ed8a0ab/gnocchi.4ce50da5-6883-43a0-ab7c-6e855f4f4dc8%3Fformat%3Djson%26states%3Dlisting HTTP/1.0 200 - python-swiftclient-3.11.1 gAAAAABpeOZl8ZCJ... - 2 - tx938b9221a8a14c0aa14c1-006978e717 - 0.0236 - - 1769531159.129485846 1769531159.153037548 0
Jan 27 16:25:59 standalone object-server[127749]: 172.20.0.100 - - [27/Jan/2026:16:25:59 +0000] "GET /d1/985/AUTH_f710e03ba52a4857a1ae10860ed8a0ab/gnocchi.4ce50da5-6883-43a0-ab7c-6e855f4f4dc8/1769040000.0_mean_300.0_v3" 404 70 "GET http://172.18.0.2:8080/v1/AUTH_f710e03ba52a4857a1ae10860ed8a0ab/gnocchi.4ce50da5-6883-43a0-ab7c-6e855f4f4dc8/1769040000.0_mean_300.0_v3" "tx30f1ac39ed4d46e9a1db8-006978e717" "proxy-server 20" 0.0008 "-" 23 0
Jan 27 16:25:59 standalone proxy-server[129382]: 172.18.0.2 172.18.0.100 27/Jan/2026/16/25/59 GET /v1/AUTH_f710e03ba52a4857a1ae10860ed8a0ab/gnocchi.4ce50da5-6883-43a0-ab7c-6e855f4f4dc8/1769040000.0_mean_300.0_v3 HTTP/1.0 404 - python-swiftclient-3.11.1 gAAAAABpeOZl8ZCJ... - 70 - tx30f1ac39ed4d46e9a1db8-006978e717 - 0.0106 - - 1769531159.158825397 1769531159.169452429 0
Jan 27 16:25:59 standalone container-server[127493]: 172.20.0.100 - - [27/Jan/2026:16:25:59 +0000] "PUT /d1/31/AUTH_f710e03ba52a4857a1ae10860ed8a0ab/gnocchi.4ce50da5-6883-43a0-ab7c-6e855f4f4dc8/1769040000.0_mean_300.0_v3" 201 - "PUT http://172.18.0.2:8080/d1/985/AUTH_f710e03ba52a4857a1ae10860ed8a0ab/gnocchi.4ce50da5-6883-43a0-ab7c-6e855f4f4dc8/1769040000.0_mean_300.0_v3" "tx5780b1bb29a248118fc22-006978e717" "object-server 19" 0.0016 "-" 17 0
Jan 27 16:25:59 standalone object-server[127742]: 172.20.0.100 - - [27/Jan/2026:16:25:59 +0000] "PUT /d1/985/AUTH_f710e03ba52a4857a1ae10860ed8a0ab/gnocchi.4ce50da5-6883-43a0-ab7c-6e855f4f4dc8/1769040000.0_mean_300.0_v3" 201 - "PUT http://172.18.0.2:8080/v1/AUTH_f710e03ba52a4857a1ae10860ed8a0ab/gnocchi.4ce50da5-6883-43a0-ab7c-6e855f4f4dc8/1769040000.0_mean_300.0_v3" "tx5780b1bb29a248118fc22-006978e717" "proxy-server 20" 0.0127 "-" 19 0
Jan 27 16:25:59 standalone proxy-server[129382]: 172.18.0.2 172.18.0.100 27/Jan/2026/16/25/59 PUT /v1/AUTH_f710e03ba52a4857a1ae10860ed8a0ab/gnocchi.4ce50da5-6883-43a0-ab7c-6e855f4f4dc8/1769040000.0_mean_300.0_v3 HTTP/1.0 201 - python-swiftclient-3.11.1 gAAAAABpeOZl8ZCJ... 16 - - tx5780b1bb29a248118fc22-006978e717 - 0.0218 - - 1769531159.175575495 1769531159.197363615 0
Jan 27 16:25:59 standalone container-server[127479]: 172.20.0.100 - - [27/Jan/2026:16:25:59 +0000] "PUT /d1/31/AUTH_f710e03ba52a4857a1ae10860ed8a0ab/gnocchi.4ce50da5-6883-43a0-ab7c-6e855f4f4dc8/none_v3" 201 - "PUT http://172.18.0.2:8080/d1/402/AUTH_f710e03ba52a4857a1ae10860ed8a0ab/gnocchi.4ce50da5-6883-43a0-ab7c-6e855f4f4dc8/none_v3" "txa59646f3f6d94c80b0996-006978e717" "object-server 23" 0.0008 "-" 15 0
Jan 27 16:25:59 standalone object-server[127749]: 172.20.0.100 - - [27/Jan/2026:16:25:59 +0000] "PUT /d1/402/AUTH_f710e03ba52a4857a1ae10860ed8a0ab/gnocchi.4ce50da5-6883-43a0-ab7c-6e855f4f4dc8/none_v3" 201 - "PUT http://172.18.0.2:8080/v1/AUTH_f710e03ba52a4857a1ae10860ed8a0ab/gnocchi.4ce50da5-6883-43a0-ab7c-6e855f4f4dc8/none_v3" "txa59646f3f6d94c80b0996-006978e717" "proxy-server 20" 0.0118 "-" 23 0
Jan 27 16:25:59 standalone proxy-server[129382]: 172.18.0.2 172.18.0.100 27/Jan/2026/16/25/59 PUT /v1/AUTH_f710e03ba52a4857a1ae10860ed8a0ab/gnocchi.4ce50da5-6883-43a0-ab7c-6e855f4f4dc8/none_v3 HTTP/1.0 201 - python-swiftclient-3.11.1 gAAAAABpeOZl8ZCJ... 22 - - txa59646f3f6d94c80b0996-006978e717 - 0.0208 - - 1769531159.201465607 1769531159.222313881 0
Jan 27 16:25:59 standalone container-server[127473]: 172.20.0.100 - - [27/Jan/2026:16:25:59 +0000] "HEAD /d1/502/AUTH_f710e03ba52a4857a1ae10860ed8a0ab/gnocchi.0a980fc0-ec0c-4089-aaaf-d438994c92ce" 404 - "HEAD http://172.18.0.2:8080/v1/AUTH_f710e03ba52a4857a1ae10860ed8a0ab/gnocchi.0a980fc0-ec0c-4089-aaaf-d438994c92ce?format=json&states=listing" "txe1d289dd252240b9b0958-006978e717" "proxy-server 20" 0.0006 "-" 14 0
Jan 27 16:25:59 standalone object-server[127746]: 172.20.0.100 - - [27/Jan/2026:16:25:59 +0000] "GET /d1/194/AUTH_f710e03ba52a4857a1ae10860ed8a0ab/gnocchi.0a980fc0-ec0c-4089-aaaf-d438994c92ce/none_v3" 404 70 "GET http://172.18.0.2:8080/v1/AUTH_f710e03ba52a4857a1ae10860ed8a0ab/gnocchi.0a980fc0-ec0c-4089-aaaf-d438994c92ce/none_v3" "txe1d289dd252240b9b0958-006978e717" "proxy-server 20" 0.0005 "-" 22 0
Jan 27 16:25:59 standalone proxy-server[129382]: 172.18.0.2 172.18.0.100 27/Jan/2026/16/25/59 GET /v1/AUTH_f710e03ba52a4857a1ae10860ed8a0ab/gnocchi.0a980fc0-ec0c-4089-aaaf-d438994c92ce/none_v3 HTTP/1.0 404 - python-swiftclient-3.11.1 gAAAAABpeOZl8ZCJ... - 70 - txe1d289dd252240b9b0958-006978e717 - 0.0146 - - 1769531159.244588614 1769531159.259147167 0
Jan 27 16:25:59 standalone account-server[127472]: 172.20.0.100 - - [27/Jan/2026:16:25:59 +0000] "PUT /d1/323/AUTH_f710e03ba52a4857a1ae10860ed8a0ab/gnocchi.0a980fc0-ec0c-4089-aaaf-d438994c92ce" 201 - "PUT http://172.20.0.100:6001/d1/502/AUTH_f710e03ba52a4857a1ae10860ed8a0ab/gnocchi.0a980fc0-ec0c-4089-aaaf-d438994c92ce" "txd18a0490c07b4ec690c83-006978e717" "container-server 14" 0.0062 "-" 15 0
Jan 27 16:25:59 standalone container-server[127473]: 172.20.0.100 - - [27/Jan/2026:16:25:59 +0000] "PUT /d1/502/AUTH_f710e03ba52a4857a1ae10860ed8a0ab/gnocchi.0a980fc0-ec0c-4089-aaaf-d438994c92ce" 201 - "PUT http://172.18.0.2:8080/v1/AUTH_f710e03ba52a4857a1ae10860ed8a0ab/gnocchi.0a980fc0-ec0c-4089-aaaf-d438994c92ce" "txd18a0490c07b4ec690c83-006978e717" "proxy-server 20" 0.0191 "-" 14 0
Jan 27 16:25:59 standalone proxy-server[129382]: 172.18.0.2 172.18.0.100 27/Jan/2026/16/25/59 PUT /v1/AUTH_f710e03ba52a4857a1ae10860ed8a0ab/gnocchi.0a980fc0-ec0c-4089-aaaf-d438994c92ce HTTP/1.0 201 - python-swiftclient-3.11.1 gAAAAABpeOZl8ZCJ... - - - txd18a0490c07b4ec690c83-006978e717 - 0.0268 - - 1769531159.263939857 1769531159.290716410 0
Jan 27 16:25:59 standalone container-server[127492]: 172.20.0.100 - - [27/Jan/2026:16:25:59 +0000] "HEAD /d1/502/AUTH_f710e03ba52a4857a1ae10860ed8a0ab/gnocchi.0a980fc0-ec0c-4089-aaaf-d438994c92ce" 204 - "HEAD http://172.18.0.2:8080/v1/AUTH_f710e03ba52a4857a1ae10860ed8a0ab/gnocchi.0a980fc0-ec0c-4089-aaaf-d438994c92ce?format=json&states=listing" "tx0f83637f627a490a8584f-006978e717" "proxy-server 20" 0.0022 "-" 16 0
Jan 27 16:25:59 standalone proxy-server[129382]: - - 27/Jan/2026/16/25/59 HEAD /v1/AUTH_f710e03ba52a4857a1ae10860ed8a0ab/gnocchi.0a980fc0-ec0c-4089-aaaf-d438994c92ce%3Fformat%3Djson%26states%3Dlisting HTTP/1.0 204 - Swift - - - - tx0f83637f627a490a8584f-006978e717 - 0.0074 RL - 1769531159.298389196 1769531159.305809498 0
Jan 27 16:25:59 standalone container-server[127473]: 172.20.0.100 - - [27/Jan/2026:16:25:59 +0000] "GET /d1/502/AUTH_f710e03ba52a4857a1ae10860ed8a0ab/gnocchi.0a980fc0-ec0c-4089-aaaf-d438994c92ce" 200 2 "GET http://172.18.0.2:8080/v1/AUTH_f710e03ba52a4857a1ae10860ed8a0ab/gnocchi.0a980fc0-ec0c-4089-aaaf-d438994c92ce?format=json&states=listing" "tx0f83637f627a490a8584f-006978e717" "proxy-server 20" 0.0033 "-" 14 0
Jan 27 16:25:59 standalone proxy-server[129382]: 172.18.0.2 172.18.0.100 27/Jan/2026/16/25/59 GET /v1/AUTH_f710e03ba52a4857a1ae10860ed8a0ab/gnocchi.0a980fc0-ec0c-4089-aaaf-d438994c92ce%3Fformat%3Djson%26states%3Dlisting HTTP/1.0 200 - python-swiftclient-3.11.1 gAAAAABpeOZl8ZCJ... - 2 - tx0f83637f627a490a8584f-006978e717 - 0.0221 - - 1769531159.296630859 1769531159.318732977 0
Jan 27 16:25:59 standalone object-server[127749]: 172.20.0.100 - - [27/Jan/2026:16:25:59 +0000] "GET /d1/839/AUTH_f710e03ba52a4857a1ae10860ed8a0ab/gnocchi.0a980fc0-ec0c-4089-aaaf-d438994c92ce/1769040000.0_mean_300.0_v3" 404 70 "GET http://172.18.0.2:8080/v1/AUTH_f710e03ba52a4857a1ae10860ed8a0ab/gnocchi.0a980fc0-ec0c-4089-aaaf-d438994c92ce/1769040000.0_mean_300.0_v3" "tx83b4aaa317e349f18e1e0-006978e717" "proxy-server 20" 0.0005 "-" 23 0
Jan 27 16:25:59 standalone proxy-server[129382]: 172.18.0.2 172.18.0.100 27/Jan/2026/16/25/59 GET /v1/AUTH_f710e03ba52a4857a1ae10860ed8a0ab/gnocchi.0a980fc0-ec0c-4089-aaaf-d438994c92ce/1769040000.0_mean_300.0_v3 HTTP/1.0 404 - python-swiftclient-3.11.1 gAAAAABpeOZl8ZCJ... - 70 - tx83b4aaa317e349f18e1e0-006978e717 - 0.0082 - - 1769531159.323976040 1769531159.332215786 0
Jan 27 16:25:59 standalone container-server[127493]: 172.20.0.100 - - [27/Jan/2026:16:25:59 +0000] "PUT /d1/502/AUTH_f710e03ba52a4857a1ae10860ed8a0ab/gnocchi.0a980fc0-ec0c-4089-aaaf-d438994c92ce/1769040000.0_mean_300.0_v3" 201 - "PUT http://172.18.0.2:8080/d1/839/AUTH_f710e03ba52a4857a1ae10860ed8a0ab/gnocchi.0a980fc0-ec0c-4089-aaaf-d438994c92ce/1769040000.0_mean_300.0_v3" "tx8fb2016d7afa445abd5eb-006978e717" "object-server 22" 0.0010 "-" 17 0
Jan 27 16:25:59 standalone object-server[127746]: 172.20.0.100 - - [27/Jan/2026:16:25:59 +0000] "PUT /d1/839/AUTH_f710e03ba52a4857a1ae10860ed8a0ab/gnocchi.0a980fc0-ec0c-4089-aaaf-d438994c92ce/1769040000.0_mean_300.0_v3" 201 - "PUT http://172.18.0.2:8080/v1/AUTH_f710e03ba52a4857a1ae10860ed8a0ab/gnocchi.0a980fc0-ec0c-4089-aaaf-d438994c92ce/1769040000.0_mean_300.0_v3" "tx8fb2016d7afa445abd5eb-006978e717" "proxy-server 20" 0.0143 "-" 22 0
Jan 27 16:25:59 standalone proxy-server[129382]: 172.18.0.2 172.18.0.100 27/Jan/2026/16/25/59 PUT /v1/AUTH_f710e03ba52a4857a1ae10860ed8a0ab/gnocchi.0a980fc0-ec0c-4089-aaaf-d438994c92ce/1769040000.0_mean_300.0_v3 HTTP/1.0 201 - python-swiftclient-3.11.1 gAAAAABpeOZl8ZCJ... 16 - - tx8fb2016d7afa445abd5eb-006978e717 - 0.0220 - - 1769531159.336384296 1769531159.358411074 0
Jan 27 16:25:59 standalone container-server[127479]: 172.20.0.100 - - [27/Jan/2026:16:25:59 +0000] "PUT /d1/502/AUTH_f710e03ba52a4857a1ae10860ed8a0ab/gnocchi.0a980fc0-ec0c-4089-aaaf-d438994c92ce/none_v3" 201 - "PUT http://172.18.0.2:8080/d1/194/AUTH_f710e03ba52a4857a1ae10860ed8a0ab/gnocchi.0a980fc0-ec0c-4089-aaaf-d438994c92ce/none_v3" "tx530724ac10fd4b03a9b63-006978e717" "object-server 23" 0.0004 "-" 15 0
Jan 27 16:25:59 standalone object-server[127749]: 172.20.0.100 - - [27/Jan/2026:16:25:59 +0000] "PUT /d1/194/AUTH_f710e03ba52a4857a1ae10860ed8a0ab/gnocchi.0a980fc0-ec0c-4089-aaaf-d438994c92ce/none_v3" 201 - "PUT http://172.18.0.2:8080/v1/AUTH_f710e03ba52a4857a1ae10860ed8a0ab/gnocchi.0a980fc0-ec0c-4089-aaaf-d438994c92ce/none_v3" "tx530724ac10fd4b03a9b63-006978e717" "proxy-server 20" 0.0086 "-" 23 0
