Jan 27 16:25:21 standalone container-server[127473]: 172.20.0.100 - - [27/Jan/2026:16:25:21 +0000] "PUT /d1/542/AUTH_f710e03ba52a4857a1ae10860ed8a0ab/gnocchi.74ef37e6-2501-4ec1-ba4c-565d65cbb51b/1769040000.0_mean_300.0_v3" 201 - "PUT http://172.18.0.2:8080/d1/120/AUTH_f710e03ba52a4857a1ae10860ed8a0ab/gnocchi.74ef37e6-2501-4ec1-ba4c-565d65cbb51b/1769040000.0_mean_300.0_v3" "tx426f09792ce348c9b7b3c-006978e6f1" "object-server 23" 0.0005 "-" 14 0
Jan 27 16:25:21 standalone object-server[127749]: 172.20.0.100 - - [27/Jan/2026:16:25:21 +0000] "PUT /d1/120/AUTH_f710e03ba52a4857a1ae10860ed8a0ab/gnocchi.74ef37e6-2501-4ec1-ba4c-565d65cbb51b/1769040000.0_mean_300.0_v3" 201 - "PUT http://172.18.0.2:8080/v1/AUTH_f710e03ba52a4857a1ae10860ed8a0ab/gnocchi.74ef37e6-2501-4ec1-ba4c-565d65cbb51b/1769040000.0_mean_300.0_v3" "tx426f09792ce348c9b7b3c-006978e6f1" "proxy-server 20" 0.0102 "-" 23 0
Jan 27 16:25:21 standalone proxy-server[129382]: 172.18.0.2 172.18.0.100 27/Jan/2026/16/25/21 PUT /v1/AUTH_f710e03ba52a4857a1ae10860ed8a0ab/gnocchi.74ef37e6-2501-4ec1-ba4c-565d65cbb51b/1769040000.0_mean_300.0_v3 HTTP/1.0 201 - python-swiftclient-3.11.1 gAAAAABpeOZl8ZCJ... 16 - - tx426f09792ce348c9b7b3c-006978e6f1 - 0.0184 - - 1769531121.383562565 1769531121.401957035 0
Jan 27 16:25:21 standalone container-server[127473]: 172.20.0.100 - - [27/Jan/2026:16:25:21 +0000] "PUT /d1/542/AUTH_f710e03ba52a4857a1ae10860ed8a0ab/gnocchi.74ef37e6-2501-4ec1-ba4c-565d65cbb51b/none_v3" 201 - "PUT http://172.18.0.2:8080/d1/580/AUTH_f710e03ba52a4857a1ae10860ed8a0ab/gnocchi.74ef37e6-2501-4ec1-ba4c-565d65cbb51b/none_v3" "tx617158d54f164a88b5b60-006978e6f1" "object-server 22" 0.0004 "-" 14 0
Jan 27 16:25:21 standalone object-server[127746]: 172.20.0.100 - - [27/Jan/2026:16:25:21 +0000] "PUT /d1/580/AUTH_f710e03ba52a4857a1ae10860ed8a0ab/gnocchi.74ef37e6-2501-4ec1-ba4c-565d65cbb51b/none_v3" 201 - "PUT http://172.18.0.2:8080/v1/AUTH_f710e03ba52a4857a1ae10860ed8a0ab/gnocchi.74ef37e6-2501-4ec1-ba4c-565d65cbb51b/none_v3" "tx617158d54f164a88b5b60-006978e6f1" "proxy-server 20" 0.0095 "-" 22 0
Jan 27 16:25:21 standalone proxy-server[129382]: 172.18.0.2 172.18.0.100 27/Jan/2026/16/25/21 PUT /v1/AUTH_f710e03ba52a4857a1ae10860ed8a0ab/gnocchi.74ef37e6-2501-4ec1-ba4c-565d65cbb51b/none_v3 HTTP/1.0 201 - python-swiftclient-3.11.1 gAAAAABpeOZl8ZCJ... 22 - - tx617158d54f164a88b5b60-006978e6f1 - 0.0188 - - 1769531121.405134916 1769531121.423966408 0
Jan 27 16:25:21 standalone container-server[127479]: 172.20.0.100 - - [27/Jan/2026:16:25:21 +0000] "HEAD /d1/675/AUTH_f710e03ba52a4857a1ae10860ed8a0ab/gnocchi.2b17ab65-b4b0-48c4-82f7-e1767763cbc1" 404 - "HEAD http://172.18.0.2:8080/v1/AUTH_f710e03ba52a4857a1ae10860ed8a0ab/gnocchi.2b17ab65-b4b0-48c4-82f7-e1767763cbc1?format=json&states=listing" "txc5a41988774f4c12b1c84-006978e6f1" "proxy-server 20" 0.0008 "-" 15 0
Jan 27 16:25:21 standalone object-server[127742]: 172.20.0.100 - - [27/Jan/2026:16:25:21 +0000] "GET /d1/418/AUTH_f710e03ba52a4857a1ae10860ed8a0ab/gnocchi.2b17ab65-b4b0-48c4-82f7-e1767763cbc1/none_v3" 404 70 "GET http://172.18.0.2:8080/v1/AUTH_f710e03ba52a4857a1ae10860ed8a0ab/gnocchi.2b17ab65-b4b0-48c4-82f7-e1767763cbc1/none_v3" "txc5a41988774f4c12b1c84-006978e6f1" "proxy-server 20" 0.0003 "-" 19 0
Jan 27 16:25:21 standalone proxy-server[129382]: 172.18.0.2 172.18.0.100 27/Jan/2026/16/25/21 GET /v1/AUTH_f710e03ba52a4857a1ae10860ed8a0ab/gnocchi.2b17ab65-b4b0-48c4-82f7-e1767763cbc1/none_v3 HTTP/1.0 404 - python-swiftclient-3.11.1 gAAAAABpeOZl8ZCJ... - 70 - txc5a41988774f4c12b1c84-006978e6f1 - 0.0208 - - 1769531121.440128565 1769531121.460948229 0
Jan 27 16:25:21 standalone account-server[127472]: 172.20.0.100 - - [27/Jan/2026:16:25:21 +0000] "PUT /d1/323/AUTH_f710e03ba52a4857a1ae10860ed8a0ab/gnocchi.2b17ab65-b4b0-48c4-82f7-e1767763cbc1" 201 - "PUT http://172.20.0.100:6001/d1/675/AUTH_f710e03ba52a4857a1ae10860ed8a0ab/gnocchi.2b17ab65-b4b0-48c4-82f7-e1767763cbc1" "tx7c4ec0ad10a24eacbdcb6-006978e6f1" "container-server 14" 0.0079 "-" 15 0
Jan 27 16:25:21 standalone container-server[127473]: 172.20.0.100 - - [27/Jan/2026:16:25:21 +0000] "PUT /d1/675/AUTH_f710e03ba52a4857a1ae10860ed8a0ab/gnocchi.2b17ab65-b4b0-48c4-82f7-e1767763cbc1" 201 - "PUT http://172.18.0.2:8080/v1/AUTH_f710e03ba52a4857a1ae10860ed8a0ab/gnocchi.2b17ab65-b4b0-48c4-82f7-e1767763cbc1" "tx7c4ec0ad10a24eacbdcb6-006978e6f1" "proxy-server 20" 0.0212 "-" 14 0
Jan 27 16:25:21 standalone proxy-server[129382]: 172.18.0.2 172.18.0.100 27/Jan/2026/16/25/21 PUT /v1/AUTH_f710e03ba52a4857a1ae10860ed8a0ab/gnocchi.2b17ab65-b4b0-48c4-82f7-e1767763cbc1 HTTP/1.0 201 - python-swiftclient-3.11.1 gAAAAABpeOZl8ZCJ... - - - tx7c4ec0ad10a24eacbdcb6-006978e6f1 - 0.0295 - - 1769531121.465191603 1769531121.494657755 0
Jan 27 16:25:21 standalone container-server[127479]: 172.20.0.100 - - [27/Jan/2026:16:25:21 +0000] "HEAD /d1/675/AUTH_f710e03ba52a4857a1ae10860ed8a0ab/gnocchi.2b17ab65-b4b0-48c4-82f7-e1767763cbc1" 204 - "HEAD http://172.18.0.2:8080/v1/AUTH_f710e03ba52a4857a1ae10860ed8a0ab/gnocchi.2b17ab65-b4b0-48c4-82f7-e1767763cbc1?format=json&states=listing" "tx008c1dd21b3847998a72d-006978e6f1" "proxy-server 20" 0.0014 "-" 15 0
Jan 27 16:25:21 standalone proxy-server[129382]: - - 27/Jan/2026/16/25/21 HEAD /v1/AUTH_f710e03ba52a4857a1ae10860ed8a0ab/gnocchi.2b17ab65-b4b0-48c4-82f7-e1767763cbc1%3Fformat%3Djson%26states%3Dlisting HTTP/1.0 204 - Swift - - - - tx008c1dd21b3847998a72d-006978e6f1 - 0.0064 RL - 1769531121.501532555 1769531121.507913589 0
Jan 27 16:25:21 standalone container-server[127473]: 172.20.0.100 - - [27/Jan/2026:16:25:21 +0000] "GET /d1/675/AUTH_f710e03ba52a4857a1ae10860ed8a0ab/gnocchi.2b17ab65-b4b0-48c4-82f7-e1767763cbc1" 200 2 "GET http://172.18.0.2:8080/v1/AUTH_f710e03ba52a4857a1ae10860ed8a0ab/gnocchi.2b17ab65-b4b0-48c4-82f7-e1767763cbc1?format=json&states=listing" "tx008c1dd21b3847998a72d-006978e6f1" "proxy-server 20" 0.0025 "-" 14 0
Jan 27 16:25:21 standalone proxy-server[129382]: 172.18.0.2 172.18.0.100 27/Jan/2026/16/25/21 GET /v1/AUTH_f710e03ba52a4857a1ae10860ed8a0ab/gnocchi.2b17ab65-b4b0-48c4-82f7-e1767763cbc1%3Fformat%3Djson%26states%3Dlisting HTTP/1.0 200 - python-swiftclient-3.11.1 gAAAAABpeOZl8ZCJ... - 2 - tx008c1dd21b3847998a72d-006978e6f1 - 0.0180 - - 1769531121.499331236 1769531121.517370939 0
Jan 27 16:25:21 standalone object-server[127750]: 172.20.0.100 - - [27/Jan/2026:16:25:21 +0000] "GET /d1/933/AUTH_f710e03ba52a4857a1ae10860ed8a0ab/gnocchi.2b17ab65-b4b0-48c4-82f7-e1767763cbc1/1769040000.0_mean_300.0_v3" 404 70 "GET http://172.18.0.2:8080/v1/AUTH_f710e03ba52a4857a1ae10860ed8a0ab/gnocchi.2b17ab65-b4b0-48c4-82f7-e1767763cbc1/1769040000.0_mean_300.0_v3" "txc24917aeb68f432389840-006978e6f1" "proxy-server 20" 0.0003 "-" 24 0
Jan 27 16:25:21 standalone proxy-server[129382]: 172.18.0.2 172.18.0.100 27/Jan/2026/16/25/21 GET /v1/AUTH_f710e03ba52a4857a1ae10860ed8a0ab/gnocchi.2b17ab65-b4b0-48c4-82f7-e1767763cbc1/1769040000.0_mean_300.0_v3 HTTP/1.0 404 - python-swiftclient-3.11.1 gAAAAABpeOZl8ZCJ... - 70 - txc24917aeb68f432389840-006978e6f1 - 0.0074 - - 1769531121.523144722 1769531121.530571699 0
Jan 27 16:25:21 standalone container-server[127492]: 172.20.0.100 - - [27/Jan/2026:16:25:21 +0000] "PUT /d1/675/AUTH_f710e03ba52a4857a1ae10860ed8a0ab/gnocchi.2b17ab65-b4b0-48c4-82f7-e1767763cbc1/1769040000.0_mean_300.0_v3" 201 - "PUT http://172.18.0.2:8080/d1/933/AUTH_f710e03ba52a4857a1ae10860ed8a0ab/gnocchi.2b17ab65-b4b0-48c4-82f7-e1767763cbc1/1769040000.0_mean_300.0_v3" "txc2ae96e1cf834af8a9a81-006978e6f1" "object-server 24" 0.0009 "-" 16 0
Jan 27 16:25:21 standalone object-server[127750]: 172.20.0.100 - - [27/Jan/2026:16:25:21 +0000] "PUT /d1/933/AUTH_f710e03ba52a4857a1ae10860ed8a0ab/gnocchi.2b17ab65-b4b0-48c4-82f7-e1767763cbc1/1769040000.0_mean_300.0_v3" 201 - "PUT http://172.18.0.2:8080/v1/AUTH_f710e03ba52a4857a1ae10860ed8a0ab/gnocchi.2b17ab65-b4b0-48c4-82f7-e1767763cbc1/1769040000.0_mean_300.0_v3" "txc2ae96e1cf834af8a9a81-006978e6f1" "proxy-server 20" 0.0288 "-" 24 0
Jan 27 16:25:21 standalone proxy-server[129382]: 172.18.0.2 172.18.0.100 27/Jan/2026/16/25/21 PUT /v1/AUTH_f710e03ba52a4857a1ae10860ed8a0ab/gnocchi.2b17ab65-b4b0-48c4-82f7-e1767763cbc1/1769040000.0_mean_300.0_v3 HTTP/1.0 201 - python-swiftclient-3.11.1 gAAAAABpeOZl8ZCJ... 16 - - txc2ae96e1cf834af8a9a81-006978e6f1 - 0.0362 - - 1769531121.534566164 1769531121.570730686 0
Jan 27 16:25:21 standalone container-server[127479]: 172.20.0.100 - - [27/Jan/2026:16:25:21 +0000] "PUT /d1/675/AUTH_f710e03ba52a4857a1ae10860ed8a0ab/gnocchi.2b17ab65-b4b0-48c4-82f7-e1767763cbc1/none_v3" 201 - "PUT http://172.18.0.2:8080/d1/418/AUTH_f710e03ba52a4857a1ae10860ed8a0ab/gnocchi.2b17ab65-b4b0-48c4-82f7-e1767763cbc1/none_v3" "tx0fb2b6f773ab40ae9f60b-006978e6f1" "object-server 23" 0.0006 "-" 15 0
Jan 27 16:25:21 standalone object-server[127749]: 172.20.0.100 - - [27/Jan/2026:16:25:21 +0000] "PUT /d1/418/AUTH_f710e03ba52a4857a1ae10860ed8a0ab/gnocchi.2b17ab65-b4b0-48c4-82f7-e1767763cbc1/none_v3" 201 - "PUT http://172.18.0.2:8080/v1/AUTH_f710e03ba52a4857a1ae10860ed8a0ab/gnocchi.2b17ab65-b4b0-48c4-82f7-e1767763cbc1/none_v3" "tx0fb2b6f773ab40ae9f60b-006978e6f1" "proxy-server 20" 0.0384 "-" 23 0
Jan 27 16:25:21 standalone proxy-server[129382]: 172.18.0.2 172.18.0.100 27/Jan/2026/16/25/21 PUT /v1/AUTH_f710e03ba52a4857a1ae10860ed8a0ab/gnocchi.2b17ab65-b4b0-48c4-82f7-e1767763cbc1/none_v3 HTTP/1.0 201 - python-swiftclient-3.11.1 gAAAAABpeOZl8ZCJ... 22 - - tx0fb2b6f773ab40ae9f60b-006978e6f1 - 0.0506 - - 1769531121.577218056 1769531121.627826691 0
Jan 27 16:25:27 standalone container-server[127492]: 172.20.0.100 - - [27/Jan/2026:16:25:27 +0000] "HEAD /d1/422/AUTH_f710e03ba52a4857a1ae10860ed8a0ab/gnocchi.94082d09-e4c3-49ce-a6c9-345434105e24" 404 - "HEAD http://172.18.0.2:8080/v1/AUTH_f710e03ba52a4857a1ae10860ed8a0ab/gnocchi.94082d09-e4c3-49ce-a6c9-345434105e24?format=json&states=listing" "tx821f9904bc7d447cb2b7e-006978e6f7" "proxy-server 20" 0.0004 "-" 16 0
Jan 27 16:25:27 standalone object-server[127746]: 172.20.0.100 - - [27/Jan/2026:16:25:27 +0000] "GET /d1/956/AUTH_f710e03ba52a4857a1ae10860ed8a0ab/gnocchi.94082d09-e4c3-49ce-a6c9-345434105e24/none_v3" 404 70 "GET http://172.18.0.2:8080/v1/AUTH_f710e03ba52a4857a1ae10860ed8a0ab/gnocchi.94082d09-e4c3-49ce-a6c9-345434105e24/none_v3" "tx821f9904bc7d447cb2b7e-006978e6f7" "proxy-server 20" 0.0005 "-" 22 0
Jan 27 16:25:27 standalone proxy-server[129382]: 172.18.0.2 172.18.0.100 27/Jan/2026/16/25/27 GET /v1/AUTH_f710e03ba52a4857a1ae10860ed8a0ab/gnocchi.94082d09-e4c3-49ce-a6c9-345434105e24/none_v3 HTTP/1.0 404 - python-swiftclient-3.11.1 gAAAAABpeOZl8ZCJ... - 70 - tx821f9904bc7d447cb2b7e-006978e6f7 - 0.0123 - - 1769531127.378096104 1769531127.390432358 0
Jan 27 16:25:27 standalone account-server[127464]: 172.20.0.100 - - [27/Jan/2026:16:25:27 +0000] "PUT /d1/323/AUTH_f710e03ba52a4857a1ae10860ed8a0ab/gnocchi.94082d09-e4c3-49ce-a6c9-345434105e24" 201 - "PUT http://172.20.0.100:6001/d1/422/AUTH_f710e03ba52a4857a1ae10860ed8a0ab/gnocchi.94082d09-e4c3-49ce-a6c9-345434105e24" "txe38b943afed642e58e1d6-006978e6f7" "container-server 16" 0.0062 "-" 14 0
Jan 27 16:25:27 standalone container-server[127492]: 172.20.0.100 - - [27/Jan/2026:16:25:27 +0000] "PUT /d1/422/AUTH_f710e03ba52a4857a1ae10860ed8a0ab/gnocchi.94082d09-e4c3-49ce-a6c9-345434105e24" 201 - "PUT http://172.18.0.2:8080/v1/AUTH_f710e03ba52a4857a1ae10860ed8a0ab/gnocchi.94082d09-e4c3-49ce-a6c9-345434105e24" "txe38b943afed642e58e1d6-006978e6f7" "proxy-server 20" 0.0170 "-" 16 0
Jan 27 16:25:27 standalone proxy-server[129382]: 172.18.0.2 172.18.0.100 27/Jan/2026/16/25/27 PUT /v1/AUTH_f710e03ba52a4857a1ae10860ed8a0ab/gnocchi.94082d09-e4c3-49ce-a6c9-345434105e24 HTTP/1.0 201 - python-swiftclient-3.11.1 gAAAAABpeOZl8ZCJ... - - - txe38b943afed642e58e1d6-006978e6f7 - 0.0215 - - 1769531127.394027948 1769531127.415539980 0
Jan 27 16:25:27 standalone container-server[127473]: 172.20.0.100 - - [27/Jan/2026:16:25:27 +0000] "HEAD /d1/422/AUTH_f710e03ba52a4857a1ae10860ed8a0ab/gnocchi.94082d09-e4c3-49ce-a6c9-345434105e24" 204 - "HEAD http://172.18.0.2:8080/v1/AUTH_f710e03ba52a4857a1ae10860ed8a0ab/gnocchi.94082d09-e4c3-49ce-a6c9-345434105e24?format=json&states=listing" "txe2e4494c7e0c4ceeab042-006978e6f7" "proxy-server 20" 0.0012 "-" 14 0
Jan 27 16:25:27 standalone proxy-server[129382]: - - 27/Jan/2026/16/25/27 HEAD /v1/AUTH_f710e03ba52a4857a1ae10860ed8a0ab/gnocchi.94082d09-e4c3-49ce-a6c9-345434105e24%3Fformat%3Djson%26states%3Dlisting HTTP/1.0 204 - Swift - - - - txe2e4494c7e0c4ceeab042-006978e6f7 - 0.0116 RL - 1769531127.420752525 1769531127.432305098 0
Jan 27 16:25:27 standalone container-server[127492]: 172.20.0.100 - - [27/Jan/2026:16:25:27 +0000] "GET /d1/422/AUTH_f710e03ba52a4857a1ae10860ed8a0ab/gnocchi.94082d09-e4c3-49ce-a6c9-345434105e24" 200 2 "GET http://172.18.0.2:8080/v1/AUTH_f710e03ba52a4857a1ae10860ed8a0ab/gnocchi.94082d09-e4c3-49ce-a6c9-345434105e24?format=json&states=listing" "txe2e4494c7e0c4ceeab042-006978e6f7" "proxy-server 20" 0.0107 "-" 16 0
Jan 27 16:25:27 standalone proxy-server[129382]: 172.18.0.2 172.18.0.100 27/Jan/2026/16/25/27 GET /v1/AUTH_f710e03ba52a4857a1ae10860ed8a0ab/gnocchi.94082d09-e4c3-49ce-a6c9-345434105e24%3Fformat%3Djson%26states%3Dlisting HTTP/1.0 200 - python-swiftclient-3.11.1 gAAAAABpeOZl8ZCJ... - 2 - txe2e4494c7e0c4ceeab042-006978e6f7 - 0.0360 - - 1769531127.419882059 1769531127.455849409 0
Jan 27 16:25:27 standalone object-server[127749]: 172.20.0.100 - - [27/Jan/2026:16:25:27 +0000] "GET /d1/975/AUTH_f710e03ba52a4857a1ae10860ed8a0ab/gnocchi.94082d09-e4c3-49ce-a6c9-345434105e24/1769040000.0_mean_300.0_v3" 404 70 "GET http://172.18.0.2:8080/v1/AUTH_f710e03ba52a4857a1ae10860ed8a0ab/gnocchi.94082d09-e4c3-49ce-a6c9-345434105e24/1769040000.0_mean_300.0_v3" "tx2a7a0f7abf054647944af-006978e6f7" "proxy-server 20" 0.0004 "-" 23 0
Jan 27 16:25:27 standalone proxy-server[129382]: 172.18.0.2 172.18.0.100 27/Jan/2026/16/25/27 GET /v1/AUTH_f710e03ba52a4857a1ae10860ed8a0ab/gnocchi.94082d09-e4c3-49ce-a6c9-345434105e24/1769040000.0_mean_300.0_v3 HTTP/1.0 404 - python-swiftclient-3.11.1 gAAAAABpeOZl8ZCJ... - 70 - tx2a7a0f7abf054647944af-006978e6f7 - 0.0103 - - 1769531127.461921453 1769531127.472216129 0
Jan 27 16:25:27 standalone container-server[127479]: 172.20.0.100 - - [27/Jan/2026:16:25:27 +0000] "PUT /d1/422/AUTH_f710e03ba52a4857a1ae10860ed8a0ab/gnocchi.94082d09-e4c3-49ce-a6c9-345434105e24/1769040000.0_mean_300.0_v3" 201 - "PUT http://172.18.0.2:8080/d1/975/AUTH_f710e03ba52a4857a1ae10860ed8a0ab/gnocchi.94082d09-e4c3-49ce-a6c9-345434105e24/1769040000.0_mean_300.0_v3" "tx59b650de3a93477580ee3-006978e6f7" "object-server 23" 0.0005 "-" 15 0
Jan 27 16:25:27 standalone object-server[127749]: 172.20.0.100 - - [27/Jan/2026:16:25:27 +0000] "PUT /d1/975/AUTH_f710e03ba52a4857a1ae10860ed8a0ab/gnocchi.94082d09-e4c3-49ce-a6c9-345434105e24/1769040000.0_mean_300.0_v3" 201 - "PUT http://172.18.0.2:8080/v1/AUTH_f710e03ba52a4857a1ae10860ed8a0ab/gnocchi.94082d09-e4c3-49ce-a6c9-345434105e24/1769040000.0_mean_300.0_v3" "tx59b650de3a93477580ee3-006978e6f7" "proxy-server 20" 0.0183 "-" 23 0
Jan 27 16:25:27 standalone proxy-server[129382]: 172.18.0.2 172.18.0.100 27/Jan/2026/16/25/27 PUT /v1/AUTH_f710e03ba52a4857a1ae10860ed8a0ab/gnocchi.94082d09-e4c3-49ce-a6c9-345434105e24/1769040000.0_mean_300.0_v3 HTTP/1.0 201 - python-swiftclient-3.11.1 gAAAAABpeOZl8ZCJ... 16 - - tx59b650de3a93477580ee3-006978e6f7 - 0.0308 - - 1769531127.481326580 1769531127.512105227 0
Jan 27 16:25:27 standalone container-server[127473]: 172.20.0.100 - - [27/Jan/2026:16:25:27 +0000] "PUT /d1/422/AUTH_f710e03ba52a4857a1ae10860ed8a0ab/gnocchi.94082d09-e4c3-49ce-a6c9-345434105e24/none_v3" 201 - "PUT http://172.18.0.2:8080/d1/956/AUTH_f710e03ba52a4857a1ae10860ed8a0ab/gnocchi.94082d09-e4c3-49ce-a6c9-345434105e24/none_v3" "tx1ca73251f2c04436ae510-006978e6f7" "object-server 23" 0.0005 "-" 14 0
Jan 27 16:25:27 standalone object-server[127749]: 172.20.0.100 - - [27/Jan/2026:16:25:27 +0000] "PUT /d1/956/AUTH_f710e03ba52a4857a1ae10860ed8a0ab/gnocchi.94082d09-e4c3-49ce-a6c9-345434105e24/none_v3" 201 - "PUT http://172.18.0.2:8080/v1/AUTH_f710e03ba52a4857a1ae10860ed8a0ab/gnocchi.94082d09-e4c3-49ce-a6c9-345434105e24/none_v3" "tx1ca73251f2c04436ae510-006978e6f7" "proxy-server 20" 0.0230 "-" 23 0
Jan 27 16:25:27 standalone proxy-server[129382]: 172.18.0.2 172.18.0.100 27/Jan/2026/16/25/27 PUT /v1/AUTH_f710e03ba52a4857a1ae10860ed8a0ab/gnocchi.94082d09-e4c3-49ce-a6c9-345434105e24/none_v3 HTTP/1.0 201 - python-swiftclient-3.11.1 gAAAAABpeOZl8ZCJ... 22 - - tx1ca73251f2c04436ae510-006978e6f7 - 0.0285 - - 1769531127.514775991 1769531127.543301821 0
Jan 27 16:25:33 standalone object-server[127742]: 172.20.0.100 - - [27/Jan/2026:16:25:33 +0000] "GET /d1/956/AUTH_f710e03ba52a4857a1ae10860ed8a0ab/gnocchi.94082d09-e4c3-49ce-a6c9-345434105e24/none_v3" 200 22 "GET http://172.18.0.2:8080/v1/AUTH_f710e03ba52a4857a1ae10860ed8a0ab/gnocchi.94082d09-e4c3-49ce-a6c9-345434105e24/none_v3" "txb1a1ab69b29f4aec8511f-006978e6fd" "proxy-server 20" 0.0012 "-" 19 0
Jan 27 16:25:33 standalone proxy-server[129382]: 172.18.0.2 172.18.0.100 27/Jan/2026/16/25/33 GET /v1/AUTH_f710e03ba52a4857a1ae10860ed8a0ab/gnocchi.94082d09-e4c3-49ce-a6c9-345434105e24/none_v3 HTTP/1.0 200 - python-swiftclient-3.11.1 gAAAAABpeOZl8ZCJ... - 22 - txb1a1ab69b29f4aec8511f-006978e6fd - 0.0099 - - 1769531133.212796211 1769531133.222662687 0
Jan 27 16:25:33 standalone container-server[127492]: 172.20.0.100 - - [27/Jan/2026:16:25:33 +0000] "GET /d1/422/AUTH_f710e03ba52a4857a1ae10860ed8a0ab/gnocchi.94082d09-e4c3-49ce-a6c9-345434105e24" 200 357 "GET http://172.18.0.2:8080/v1/AUTH_f710e03ba52a4857a1ae10860ed8a0ab/gnocchi.94082d09-e4c3-49ce-a6c9-345434105e24?format=json&states=listing" "tx20b071e9d85b45978ecdf-006978e6fd" "proxy-server 20" 0.0098 "-" 16 0
Jan 27 16:25:33 standalone proxy-server[129382]: 172.18.0.2 172.18.0.100 27/Jan/2026/16/25/33 GET /v1/AUTH_f710e03ba52a4857a1ae10860ed8a0ab/gnocchi.94082d09-e4c3-49ce-a6c9-345434105e24%3Fformat%3Djson%26states%3Dlisting HTTP/1.0 200 - python-swiftclient-3.11.1 gAAAAABpeOZl8ZCJ... - 357 - tx20b071e9d85b45978ecdf-006978e6fd - 0.0178 - - 1769531133.226769447 1769531133.244555950 0
Jan 27 16:25:33 standalone container-server[127492]: 172.20.0.100 - - [27/Jan/2026:16:25:33 +0000] "GET /d1/422/AUTH_f710e03ba52a4857a1ae10860ed8a0ab/gnocchi.94082d09-e4c3-49ce-a6c9-345434105e24" 200 2 "GET http://172.18.0.2:8080/v1/AUTH_f710e03ba52a4857a1ae10860ed8a0ab/gnocchi.94082d09-e4c3-49ce-a6c9-345434105e24?format=json&marker=none_v3&states=listing" "tx84451bcfd7984c75b7701-006978e6fd" "proxy-server 20" 0.0023 "-" 16 0
Jan 27 16:25:33 standalone proxy-server[129382]: 172.18.0.2 172.18.0.100 27/Jan/2026/16/25/33 GET /v1/AUTH_f710e03ba52a4857a1ae10860ed8a0ab/gnocchi.94082d09-e4c3-49ce-a6c9-345434105e24%3Fformat%3Djson%26marker%3Dnone_v3%26states%3Dlisting HTTP/1.0 200 - python-swiftclient-3.11.1 gAAAAABpeOZl8ZCJ... - 2 - tx84451bcfd7984c75b7701-006978e6fd - 0.0084 - - 1769531133.247862816 1769531133.256258011 0
Jan 27 16:25:33 standalone object-server[127746]: 172.20.0.100 - - [27/Jan/2026:16:25:33 +0000] "GET /d1/975/AUTH_f710e03ba52a4857a1ae10860ed8a0ab/gnocchi.94082d09-e4c3-49ce-a6c9-345434105e24/1769040000.0_mean_300.0_v3" 200 16 "GET http://172.18.0.2:8080/v1/AUTH_f710e03ba52a4857a1ae10860ed8a0ab/gnocchi.94082d09-e4c3-49ce-a6c9-345434105e24/1769040000.0_mean_300.0_v3" "tx26c415046278499fb9836-006978e6fd" "proxy-server 20" 0.0009 "-" 22 0
Jan 27 16:25:33 standalone proxy-server[129382]: 172.18.0.2 172.18.0.100 27/Jan/2026/16/25/33 GET /v1/AUTH_f710e03ba52a4857a1ae10860ed8a0ab/gnocchi.94082d09-e4c3-49ce-a6c9-345434105e24/1769040000.0_mean_300.0_v3 HTTP/1.0 200 - python-swiftclient-3.11.1 gAAAAABpeOZl8ZCJ... - 16 - tx26c415046278499fb9836-006978e6fd - 0.0072 - - 1769531133.259624481 1769531133.266874313 0
Jan 27 16:25:33 standalone container-server[127479]: 172.20.0.100 - - [27/Jan/2026:16:25:33 +0000] "PUT /d1/422/AUTH_f710e03ba52a4857a1ae10860ed8a0ab/gnocchi.94082d09-e4c3-49ce-a6c9-345434105e24/1769040000.0_mean_300.0_v3" 201 - "PUT http://172.18.0.2:8080/d1/975/AUTH_f710e03ba52a4857a1ae10860ed8a0ab/gnocchi.94082d09-e4c3-49ce-a6c9-345434105e24/1769040000.0_mean_300.0_v3" "tx8ef94689492b40f68435f-006978e6fd" "object-server 24" 0.0005 "-" 15 0
Jan 27 16:25:33 standalone object-server[127750]: 172.20.0.100 - - [27/Jan/2026:16:25:33 +0000] "PUT /d1/975/AUTH_f710e03ba52a4857a1ae10860ed8a0ab/gnocchi.94082d09-e4c3-49ce-a6c9-345434105e24/1769040000.0_mean_300.0_v3" 201 - "PUT http://172.18.0.2:8080/v1/AUTH_f710e03ba52a4857a1ae10860ed8a0ab/gnocchi.94082d09-e4c3-49ce-a6c9-345434105e24/1769040000.0_mean_300.0_v3" "tx8ef94689492b40f68435f-006978e6fd" "proxy-server 20" 0.0090 "-" 24 0
Jan 27 16:25:33 standalone proxy-server[129382]: 172.18.0.2 172.18.0.100 27/Jan/2026/16/25/33 PUT /v1/AUTH_f710e03ba52a4857a1ae10860ed8a0ab/gnocchi.94082d09-e4c3-49ce-a6c9-345434105e24/1769040000.0_mean_300.0_v3 HTTP/1.0 201 - python-swiftclient-3.11.1 gAAAAABpeOZl8ZCJ... 16 - - tx8ef94689492b40f68435f-006978e6fd - 0.0144 - - 1769531133.269779682 1769531133.284213305 0
Jan 27 16:25:33 standalone container-server[127479]: 172.20.0.100 - - [27/Jan/2026:16:25:33 +0000] "PUT /d1/422/AUTH_f710e03ba52a4857a1ae10860ed8a0ab/gnocchi.94082d09-e4c3-49ce-a6c9-345434105e24/none_v3" 201 - "PUT http://172.18.0.2:8080/d1/956/AUTH_f710e03ba52a4857a1ae10860ed8a0ab/gnocchi.94082d09-e4c3-49ce-a6c9-345434105e24/none_v3" "txb6c97bbda44e4f3484256-006978e6fd" "object-server 23" 0.0004 "-" 15 0
Jan 27 16:25:33 standalone object-server[127749]: 172.20.0.100 - - [27/Jan/2026:16:25:33 +0000] "PUT /d1/956/AUTH_f710e03ba52a4857a1ae10860ed8a0ab/gnocchi.94082d09-e4c3-49ce-a6c9-345434105e24/none_v3" 201 - "PUT http://172.18.0.2:8080/v1/AUTH_f710e03ba52a4857a1ae10860ed8a0ab/gnocchi.94082d09-e4c3-49ce-a6c9-345434105e24/none_v3" "txb6c97bbda44e4f3484256-006978e6fd" "proxy-server 20" 0.0082 "-" 23 0
Jan 27 16:25:33 standalone proxy-server[129382]: 172.18.0.2 172.18.0.100 27/Jan/2026/16/25/33 PUT /v1/AUTH_f710e03ba52a4857a1ae10860ed8a0ab/gnocchi.94082d09-e4c3-49ce-a6c9-345434105e24/none_v3 HTTP/1.0 201 - python-swiftclient-3.11.1 gAAAAABpeOZl8ZCJ... 32 - - txb6c97bbda44e4f3484256-006978e6fd - 0.0139 - - 1769531133.286940336 1769531133.300833941 0
Jan 27 16:25:57 standalone container-server[127492]: 172.20.0.100 - - [27/Jan/2026:16:25:57 +0000] "HEAD /d1/84/AUTH_f710e03ba52a4857a1ae10860ed8a0ab/gnocchi.32f94836-c05a-4561-aadb-2ff2739b1b20" 404 - "HEAD http://172.18.0.2:8080/v1/AUTH_f710e03ba52a4857a1ae10860ed8a0ab/gnocchi.32f94836-c05a-4561-aadb-2ff2739b1b20?format=json&states=listing" "tx167b9cea665a4aa193479-006978e715" "proxy-server 20" 0.0005 "-" 16 0
Jan 27 16:25:57 standalone object-server[127750]: 172.20.0.100 - - [27/Jan/2026:16:25:57 +0000] "GET /d1/798/AUTH_f710e03ba52a4857a1ae10860ed8a0ab/gnocchi.32f94836-c05a-4561-aadb-2ff2739b1b20/none_v3" 404 70 "GET http://172.18.0.2:8080/v1/AUTH_f710e03ba52a4857a1ae10860ed8a0ab/gnocchi.32f94836-c05a-4561-aadb-2ff2739b1b20/none_v3" "tx167b9cea665a4aa193479-006978e715" "proxy-server 20" 0.0005 "-" 24 0
Jan 27 16:25:57 standalone proxy-server[129382]: 172.18.0.2 172.18.0.100 27/Jan/2026/16/25/57 GET /v1/AUTH_f710e03ba52a4857a1ae10860ed8a0ab/gnocchi.32f94836-c05a-4561-aadb-2ff2739b1b20/none_v3 HTTP/1.0 404 - python-swiftclient-3.11.1 gAAAAABpeOZl8ZCJ... - 70 - tx167b9cea665a4aa193479-006978e715 - 0.0124 - - 1769531157.973636866 1769531157.986056805 0
Jan 27 16:25:58 standalone account-server[127478]: 172.20.0.100 - - [27/Jan/2026:16:25:58 +0000] "PUT /d1/323/AUTH_f710e03ba52a4857a1ae10860ed8a0ab/gnocchi.32f94836-c05a-4561-aadb-2ff2739b1b20" 201 - "PUT http://172.20.0.100:6001/d1/84/AUTH_f710e03ba52a4857a1ae10860ed8a0ab/gnocchi.32f94836-c05a-4561-aadb-2ff2739b1b20" "txdc3e52ccfe6d44448d5ce-006978e715" "container-server 16" 0.0078 "-" 17 0
Jan 27 16:25:58 standalone container-server[127492]: 172.20.0.100 - - [27/Jan/2026:16:25:58 +0000] "PUT /d1/84/AUTH_f710e03ba52a4857a1ae10860ed8a0ab/gnocchi.32f94836-c05a-4561-aadb-2ff2739b1b20" 201 - "PUT http://172.18.0.2:8080/v1/AUTH_f710e03ba52a4857a1ae10860ed8a0ab/gnocchi.32f94836-c05a-4561-aadb-2ff2739b1b20" "txdc3e52ccfe6d44448d5ce-006978e715" "proxy-server 20" 0.0186 "-" 16 0
Jan 27 16:25:58 standalone proxy-server[129382]: 172.18.0.2 172.18.0.100 27/Jan/2026/16/25/58 PUT /v1/AUTH_f710e03ba52a4857a1ae10860ed8a0ab/gnocchi.32f94836-c05a-4561-aadb-2ff2739b1b20 HTTP/1.0 201 - python-swiftclient-3.11.1 gAAAAABpeOZl8ZCJ... - - - txdc3e52ccfe6d44448d5ce-006978e715 - 0.0266 - - 1769531157.989837646 1769531158.016411543 0
Jan 27 16:25:58 standalone container-server[127479]: 172.20.0.100 - - [27/Jan/2026:16:25:58 +0000] "HEAD /d1/84/AUTH_f710e03ba52a4857a1ae10860ed8a0ab/gnocchi.32f94836-c05a-4561-aadb-2ff2739b1b20" 204 - "HEAD http://172.18.0.2:8080/v1/AUTH_f710e03ba52a4857a1ae10860ed8a0ab/gnocchi.32f94836-c05a-4561-aadb-2ff2739b1b20?format=json&states=listing" "tx05d1775291bd43b68244a-006978e716" "proxy-server 20" 0.0012 "-" 15 0
Jan 27 16:25:58 standalone proxy-server[129382]: - - 27/Jan/2026/16/25/58 HEAD /v1/AUTH_f710e03ba52a4857a1ae10860ed8a0ab/gnocchi.32f94836-c05a-4561-aadb-2ff2739b1b20%3Fformat%3Djson%26states%3Dlisting HTTP/1.0 204 - Swift - - - - tx05d1775291bd43b68244a-006978e716 - 0.0050 RL - 1769531158.027955770 1769531158.032949209 0
Jan 27 16:25:58 standalone container-server[127492]: 172.20.0.100 - - [27/Jan/2026:16:25:58 +0000] "GET /d1/84/AUTH_f710e03ba52a4857a1ae10860ed8a0ab/gnocchi.32f94836-c05a-4561-aadb-2ff2739b1b20" 200 2 "GET http://172.18.0.2:8080/v1/AUTH_f710e03ba52a4857a1ae10860ed8a0ab/gnocchi.32f94836-c05a-4561-aadb-2ff2739b1b20?format=json&states=listing" "tx05d1775291bd43b68244a-006978e716" "proxy-server 20" 0.0019 "-" 16 0
Jan 27 16:25:58 standalone proxy-server[129382]: 172.18.0.2 172.18.0.100 27/Jan/2026/16/25/58 GET /v1/AUTH_f710e03ba52a4857a1ae10860ed8a0ab/gnocchi.32f94836-c05a-4561-aadb-2ff2739b1b20%3Fformat%3Djson%26states%3Dlisting HTTP/1.0 200 - python-swiftclient-3.11.1 gAAAAABpeOZl8ZCJ... - 2 - tx05d1775291bd43b68244a-006978e716 - 0.0129 - - 1769531158.026993513 1769531158.039909124 0
Jan 27 16:25:58 standalone object-server[127750]: 172.20.0.100 - - [27/Jan/2026:16:25:58 +0000] "GET /d1/336/AUTH_f710e03ba52a4857a1ae10860ed8a0ab/gnocchi.32f94836-c05a-4561-aadb-2ff2739b1b20/1769040000.0_mean_300.0_v3" 404 70 "GET http://172.18.0.2:8080/v1/AUTH_f710e03ba52a4857a1ae10860ed8a0ab/gnocchi.32f94836-c05a-4561-aadb-2ff2739b1b20/1769040000.0_mean_300.0_v3" "tx334d1212999a49cb8258c-006978e716" "proxy-server 20" 0.0005 "-" 24 0
Jan 27 16:25:58 standalone proxy-server[129382]: 172.18.0.2 172.18.0.100 27/Jan/2026/16/25/58 GET /v1/AUTH_f710e03ba52a4857a1ae10860ed8a0ab/gnocchi.32f94836-c05a-4561-aadb-2ff2739b1b20/1769040000.0_mean_300.0_v3 HTTP/1.0 404 - python-swiftclient-3.11.1 gAAAAABpeOZl8ZCJ... - 70 - tx334d1212999a49cb8258c-006978e716 - 0.0066 - - 1769531158.043609858 1769531158.050239563 0
Jan 27 16:25:58 standalone container-server[127493]: 172.20.0.100 - - [27/Jan/2026:16:25:58 +0000] "PUT /d1/84/AUTH_f710e03ba52a4857a1ae10860ed8a0ab/gnocchi.32f94836-c05a-4561-aadb-2ff2739b1b20/1769040000.0_mean_300.0_v3" 201 - "PUT http://172.18.0.2:8080/d1/336/AUTH_f710e03ba52a4857a1ae10860ed8a0ab/gnocchi.32f94836-c05a-4561-aadb-2ff2739b1b20/1769040000.0_mean_300.0_v3" "txfb53b23796da4013a5698-006978e716" "object-server 22" 0.0005 "-" 17 0
Jan 27 16:25:58 standalone object-server[127746]: 172.20.0.100 - - [27/Jan/2026:16:25:58 +0000] "PUT /d1/336/AUTH_f710e03ba52a4857a1ae10860ed8a0ab/gnocchi.32f94836-c05a-4561-aadb-2ff2739b1b20/1769040000.0_mean_300.0_v3" 201 - "PUT http://172.18.0.2:8080/v1/AUTH_f710e03ba52a4857a1ae10860ed8a0ab/gnocchi.32f94836-c05a-4561-aadb-2ff2739b1b20/1769040000.0_mean_300.0_v3" "txfb53b23796da4013a5698-006978e716" "proxy-server 20" 0.0170 "-" 22 0
Jan 27 16:25:58 standalone proxy-server[129382]: 172.18.0.2 172.18.0.100 27/Jan/2026/16/25/58 PUT /v1/AUTH_f710e03ba52a4857a1ae10860ed8a0ab/gnocchi.32f94836-c05a-4561-aadb-2ff2739b1b20/1769040000.0_mean_300.0_v3 HTTP/1.0 201 - python-swiftclient-3.11.1 gAAAAABpeOZl8ZCJ... 16 - - txfb53b23796da4013a5698-006978e716 - 0.0334 - - 1769531158.054427862 1769531158.087866545 0
Jan 27 16:25:58 standalone container-server[127479]: 172.20.0.100 - - [27/Jan/2026:16:25:58 +0000] "PUT /d1/84/AUTH_f710e03ba52a4857a1ae10860ed8a0ab/gnocchi.32f94836-c05a-4561-aadb-2ff2739b1b20/none_v3" 201 - "PUT http://172.18.0.2:8080/d1/798/AUTH_f710e03ba52a4857a1ae10860ed8a0ab/gnocchi.32f94836-c05a-4561-aadb-2ff2739b1b20/none_v3" "tx0d7d39e4435648a585e96-006978e716" "object-server 22" 0.0005 "-" 15 0
Jan 27 16:25:58 standalone object-server[127746]: 172.20.0.100 - - [27/Jan/2026:16:25:58 +0000] "PUT /d1/798/AUTH_f710e03ba52a4857a1ae10860ed8a0ab/gnocchi.32f94836-c05a-4561-aadb-2ff2739b1b20/none_v3" 201 - "PUT http://172.18.0.2:8080/v1/AUTH_f710e03ba52a4857a1ae10860ed8a0ab/gnocchi.32f94836-c05a-4561-aadb-2ff2739b1b20/none_v3" "tx0d7d39e4435648a585e96-006978e716" "proxy-server 20" 0.0146 "-" 22 0
Jan 27 16:25:58 standalone proxy-server[129382]: 172.18.0.2 172.18.0.100 27/Jan/2026/16/25/58 PUT /v1/AUTH_f710e03ba52a4857a1ae10860ed8a0ab/gnocchi.32f94836-c05a-4561-aadb-2ff2739b1b20/none_v3 HTTP/1.0 201 - python-swiftclient-3.11.1 gAAAAABpeOZl8ZCJ... 22 - - tx0d7d39e4435648a585e96-006978e716 - 0.0200 - - 1769531158.090893984 1769531158.110935926 0
Jan 27 16:25:58 standalone container-server[127473]: 172.20.0.100 - - [27/Jan/2026:16:25:58 +0000] "HEAD /d1/321/AUTH_f710e03ba52a4857a1ae10860ed8a0ab/gnocchi.90934d88-9260-4e88-b2dd-2075607cadad" 404 - "HEAD http://172.18.0.2:8080/v1/AUTH_f710e03ba52a4857a1ae10860ed8a0ab/gnocchi.90934d88-9260-4e88-b2dd-2075607cadad?format=json&states=listing" "tx0348e5ac356e4e7891f65-006978e716" "proxy-server 20" 0.0003 "-" 14 0
Jan 27 16:25:58 standalone object-server[127746]: 172.20.0.100 - - [27/Jan/2026:16:25:58 +0000] "GET /d1/965/AUTH_f710e03ba52a4857a1ae10860ed8a0ab/gnocchi.90934d88-9260-4e88-b2dd-2075607cadad/none_v3" 404 70 "GET http://172.18.0.2:8080/v1/AUTH_f710e03ba52a4857a1ae10860ed8a0ab/gnocchi.90934d88-9260-4e88-b2dd-2075607cadad/none_v3" "tx0348e5ac356e4e7891f65-006978e716" "proxy-server 20" 0.0006 "-" 22 0
Jan 27 16:25:58 standalone proxy-server[129382]: 172.18.0.2 172.18.0.100 27/Jan/2026/16/25/58 GET /v1/AUTH_f710e03ba52a4857a1ae10860ed8a0ab/gnocchi.90934d88-9260-4e88-b2dd-2075607cadad/none_v3 HTTP/1.0 404 - python-swiftclient-3.11.1 gAAAAABpeOZl8ZCJ... - 70 - tx0348e5ac356e4e7891f65-006978e716 - 0.0093 - - 1769531158.155331850 1769531158.164661169 0
Jan 27 16:25:58 standalone account-server[127474]: 172.20.0.100 - - [27/Jan/2026:16:25:58 +0000] "PUT /d1/323/AUTH_f710e03ba52a4857a1ae10860ed8a0ab/gnocchi.90934d88-9260-4e88-b2dd-2075607cadad" 201 - "PUT http://172.20.0.100:6001/d1/321/AUTH_f710e03ba52a4857a1ae10860ed8a0ab/gnocchi.90934d88-9260-4e88-b2dd-2075607cadad" "tx4599f924a36e45c99458a-006978e716" "container-server 15" 0.0070 "-" 16 0
Jan 27 16:25:58 standalone container-server[127479]: 172.20.0.100 - - [27/Jan/2026:16:25:58 +0000] "PUT /d1/321/AUTH_f710e03ba52a4857a1ae10860ed8a0ab/gnocchi.90934d88-9260-4e88-b2dd-2075607cadad" 201 - "PUT http://172.18.0.2:8080/v1/AUTH_f710e03ba52a4857a1ae10860ed8a0ab/gnocchi.90934d88-9260-4e88-b2dd-2075607cadad" "tx4599f924a36e45c99458a-006978e716" "proxy-server 20" 0.0178 "-" 15 0
Jan 27 16:25:58 standalone proxy-server[129382]: 172.18.0.2 172.18.0.100 27/Jan/2026/16/25/58 PUT /v1/AUTH_f710e03ba52a4857a1ae10860ed8a0ab/gnocchi.90934d88-9260-4e88-b2dd-2075607cadad HTTP/1.0 201 - python-swiftclient-3.11.1 gAAAAABpeOZl8ZCJ... - - - tx4599f924a36e45c99458a-006978e716 - 0.0226 - - 1769531158.168508053 1769531158.191083193 0
Jan 27 16:25:58 standalone container-server[127493]: 172.20.0.100 - - [27/Jan/2026:16:25:58 +0000] "HEAD /d1/321/AUTH_f710e03ba52a4857a1ae10860ed8a0ab/gnocchi.90934d88-9260-4e88-b2dd-2075607cadad" 204 - "HEAD http://172.18.0.2:8080/v1/AUTH_f710e03ba52a4857a1ae10860ed8a0ab/gnocchi.90934d88-9260-4e88-b2dd-2075607cadad?format=json&states=listing" "txcd12a710cadb47a2927a5-006978e716" "proxy-server 20" 0.0018 "-" 17 0
Jan 27 16:25:58 standalone proxy-server[129382]: - - 27/Jan/2026/16/25/58 HEAD /v1/AUTH_f710e03ba52a4857a1ae10860ed8a0ab/gnocchi.90934d88-9260-4e88-b2dd-2075607cadad%3Fformat%3Djson%26states%3Dlisting HTTP/1.0 204 - Swift - - - - txcd12a710cadb47a2927a5-006978e716 - 0.0088 RL - 1769531158.194768429 1769531158.203558445 0
Jan 27 16:25:58 standalone container-server[127479]: 172.20.0.100 - - [27/Jan/2026:16:25:58 +0000] "GET /d1/321/AUTH_f710e03ba52a4857a1ae10860ed8a0ab/gnocchi.90934d88-9260-4e88-b2dd-2075607cadad" 200 2 "GET http://172.18.0.2:8080/v1/AUTH_f710e03ba52a4857a1ae10860ed8a0ab/gnocchi.90934d88-9260-4e88-b2dd-2075607cadad?format=json&states=listing" "txcd12a710cadb47a2927a5-006978e716" "proxy-server 20" 0.0017 "-" 15 0
Jan 27 16:25:58 standalone proxy-server[129382]: 172.18.0.2 172.18.0.100 27/Jan/2026/16/25/58 GET /v1/AUTH_f710e03ba52a4857a1ae10860ed8a0ab/gnocchi.90934d88-9260-4e88-b2dd-2075607cadad%3Fformat%3Djson%26states%3Dlisting HTTP/1.0 200 - python-swiftclient-3.11.1 gAAAAABpeOZl8ZCJ... - 2 - txcd12a710cadb47a2927a5-006978e716 - 0.0173 - - 1769531158.193926811 1769531158.211197615 0
Jan 27 16:25:58 standalone object-server[127749]: 172.20.0.100 - - [27/Jan/2026:16:25:58 +0000] "GET /d1/321/AUTH_f710e03ba52a4857a1ae10860ed8a0ab/gnocchi.90934d88-9260-4e88-b2dd-2075607cadad/1769040000.0_mean_300.0_v3" 404 70 "GET http://172.18.0.2:8080/v1/AUTH_f710e03ba52a4857a1ae10860ed8a0ab/gnocchi.90934d88-9260-4e88-b2dd-2075607cadad/1769040000.0_mean_300.0_v3" "txb82c2f4f808f4493b3e9d-006978e716" "proxy-server 20" 0.0003 "-" 23 0
Jan 27 16:25:58 standalone proxy-server[129382]: 172.18.0.2 172.18.0.100 27/Jan/2026/16/25/58 GET /v1/AUTH_f710e03ba52a4857a1ae10860ed8a0ab/gnocchi.90934d88-9260-4e88-b2dd-2075607cadad/1769040000.0_mean_300.0_v3 HTTP/1.0 404 - python-swiftclient-3.11.1 gAAAAABpeOZl8ZCJ... - 70 - txb82c2f4f808f4493b3e9d-006978e716 - 0.0060 - - 1769531158.214897156 1769531158.220858812 0
Jan 27 16:25:58 standalone container-server[127493]: 172.20.0.100 - - [27/Jan/2026:16:25:58 +0000] "PUT /d1/321/AUTH_f710e03ba52a4857a1ae10860ed8a0ab/gnocchi.90934d88-9260-4e88-b2dd-2075607cadad/1769040000.0_mean_300.0_v3" 201 - "PUT http://172.18.0.2:8080/d1/321/AUTH_f710e03ba52a4857a1ae10860ed8a0ab/gnocchi.90934d88-9260-4e88-b2dd-2075607cadad/1769040000.0_mean_300.0_v3" "txf668614c02ff46bea32b3-006978e716" "object-server 22" 0.0005 "-" 17 0
Jan 27 16:25:58 standalone object-server[127746]: 172.20.0.100 - - [27/Jan/2026:16:25:58 +0000] "PUT /d1/321/AUTH_f710e03ba52a4857a1ae10860ed8a0ab/gnocchi.90934d88-9260-4e88-b2dd-2075607cadad/1769040000.0_mean_300.0_v3" 201 - "PUT http://172.18.0.2:8080/v1/AUTH_f710e03ba52a4857a1ae10860ed8a0ab/gnocchi.90934d88-9260-4e88-b2dd-2075607cadad/1769040000.0_mean_300.0_v3" "txf668614c02ff46bea32b3-006978e716" "proxy-server 20" 0.0120 "-" 22 0
Jan 27 16:25:58 standalone proxy-server[129382]: 172.18.0.2 172.18.0.100 27/Jan/2026/16/25/58 PUT /v1/AUTH_f710e03ba52a4857a1ae10860ed8a0ab/gnocchi.90934d88-9260-4e88-b2dd-2075607cadad/1769040000.0_mean_300.0_v3 HTTP/1.0 201 - python-swiftclient-3.11.1 gAAAAABpeOZl8ZCJ... 16 - - txf668614c02ff46bea32b3-006978e716 - 0.0187 - - 1769531158.224565268 1769531158.243309021 0
Jan 27 16:25:58 standalone container-server[127479]: 172.20.0.100 - - [27/Jan/2026:16:25:58 +0000] "PUT /d1/321/AUTH_f710e03ba52a4857a1ae10860ed8a0ab/gnocchi.90934d88-9260-4e88-b2dd-2075607cadad/none_v3" 201 - "PUT http://172.18.0.2:8080/d1/965/AUTH_f710e03ba52a4857a1ae10860ed8a0ab/gnocchi.90934d88-9260-4e88-b2dd-2075607cadad/none_v3" "tx99e16168877f42219a48a-006978e716" "object-server 22" 0.0004 "-" 15 0
Jan 27 16:25:58 standalone object-server[127746]: 172.20.0.100 - - [27/Jan/2026:16:25:58 +0000] "PUT /d1/965/AUTH_f710e03ba52a4857a1ae10860ed8a0ab/gnocchi.90934d88-9260-4e88-b2dd-2075607cadad/none_v3" 201 - "PUT http://172.18.0.2:8080/v1/AUTH_f710e03ba52a4857a1ae10860ed8a0ab/gnocchi.90934d88-9260-4e88-b2dd-2075607cadad/none_v3" "tx99e16168877f42219a48a-006978e716" "proxy-server 20" 0.0101 "-" 22 0
Jan 27 16:25:58 standalone proxy-server[129382]: 172.18.0.2 172.18.0.100 27/Jan/2026/16/25/58 PUT /v1/AUTH_f710e03ba52a4857a1ae10860ed8a0ab/gnocchi.90934d88-9260-4e88-b2dd-2075607cadad/none_v3 HTTP/1.0 201 - python-swiftclient-3.11.1 gAAAAABpeOZl8ZCJ... 22 - - tx99e16168877f42219a48a-006978e716 - 0.0176 - - 1769531158.245863199 1769531158.263417006 0
Jan 27 16:25:58 standalone container-server[127473]: 172.20.0.100 - - [27/Jan/2026:16:25:58 +0000] "HEAD /d1/1008/AUTH_f710e03ba52a4857a1ae10860ed8a0ab/gnocchi.f8924758-f465-4b5d-82ab-1d8fce70feae" 404 - "HEAD http://172.18.0.2:8080/v1/AUTH_f710e03ba52a4857a1ae10860ed8a0ab/gnocchi.f8924758-f465-4b5d-82ab-1d8fce70feae?format=json&states=listing" "txb6f646aadf354bcaa3773-006978e716" "proxy-server 20" 0.0004 "-" 14 0
Jan 27 16:25:58 standalone object-server[127749]: 172.20.0.100 - - [27/Jan/2026:16:25:58 +0000] "GET /d1/662/AUTH_f710e03ba52a4857a1ae10860ed8a0ab/gnocchi.f8924758-f465-4b5d-82ab-1d8fce70feae/none_v3" 404 70 "GET http://172.18.0.2:8080/v1/AUTH_f710e03ba52a4857a1ae10860ed8a0ab/gnocchi.f8924758-f465-4b5d-82ab-1d8fce70feae/none_v3" "txb6f646aadf354bcaa3773-006978e716" "proxy-server 20" 0.0033 "-" 23 0
Jan 27 16:25:58 standalone proxy-server[129382]: 172.18.0.2 172.18.0.100 27/Jan/2026/16/25/58 GET /v1/AUTH_f710e03ba52a4857a1ae10860ed8a0ab/gnocchi.f8924758-f465-4b5d-82ab-1d8fce70feae/none_v3 HTTP/1.0 404 - python-swiftclient-3.11.1 gAAAAABpeOZl8ZCJ... - 70 - txb6f646aadf354bcaa3773-006978e716 - 0.0199 - - 1769531158.272233725 1769531158.292119503 0
Jan 27 16:25:58 standalone account-server[127464]: 172.20.0.100 - - [27/Jan/2026:16:25:58 +0000] "PUT /d1/323/AUTH_f710e03ba52a4857a1ae10860ed8a0ab/gnocchi.f8924758-f465-4b5d-82ab-1d8fce70feae" 201 - "PUT http://172.20.0.100:6001/d1/1008/AUTH_f710e03ba52a4857a1ae10860ed8a0ab/gnocchi.f8924758-f465-4b5d-82ab-1d8fce70feae" "tx2ff94d6918c848cdb9948-006978e716" "container-server 14" 0.0085 "-" 14 0
Jan 27 16:25:58 standalone container-server[127473]: 172.20.0.100 - - [27/Jan/2026:16:25:58 +0000] "PUT /d1/1008/AUTH_f710e03ba52a4857a1ae10860ed8a0ab/gnocchi.f8924758-f465-4b5d-82ab-1d8fce70feae" 201 - "PUT http://172.18.0.2:8080/v1/AUTH_f710e03ba52a4857a1ae10860ed8a0ab/gnocchi.f8924758-f465-4b5d-82ab-1d8fce70feae" "tx2ff94d6918c848cdb9948-006978e716" "proxy-server 20" 0.0237 "-" 14 0
Jan 27 16:25:58 standalone proxy-server[129382]: 172.18.0.2 172.18.0.100 27/Jan/2026/16/25/58 PUT /v1/AUTH_f710e03ba52a4857a1ae10860ed8a0ab/gnocchi.f8924758-f465-4b5d-82ab-1d8fce70feae HTTP/1.0 201 - python-swiftclient-3.11.1 gAAAAABpeOZl8ZCJ... - - - tx2ff94d6918c848cdb9948-006978e716 - 0.0300 - - 1769531158.296679497 1769531158.326636314 0
Jan 27 16:25:58 standalone container-server[127493]: 172.20.0.100 - - [27/Jan/2026:16:25:58 +0000] "HEAD /d1/1008/AUTH_f710e03ba52a4857a1ae10860ed8a0ab/gnocchi.f8924758-f465-4b5d-82ab-1d8fce70feae" 204 - "HEAD http://172.18.0.2:8080/v1/AUTH_f710e03ba52a4857a1ae10860ed8a0ab/gnocchi.f8924758-f465-4b5d-82ab-1d8fce70feae?format=json&states=listing" "tx6c39699dd5bb488885960-006978e716" "proxy-server 20" 0.0012 "-" 17 0
Jan 27 16:25:58 standalone proxy-server[129382]: - - 27/Jan/2026/16/25/58 HEAD /v1/AUTH_f710e03ba52a4857a1ae10860ed8a0ab/gnocchi.f8924758-f465-4b5d-82ab-1d8fce70feae%3Fformat%3Djson%26states%3Dlisting HTTP/1.0 204 - Swift - - - - tx6c39699dd5bb488885960-006978e716 - 0.0058 RL - 1769531158.331031799 1769531158.336837292 0
Jan 27 16:25:58 standalone container-server[127492]: 172.20.0.100 - - [27/Jan/2026:16:25:58 +0000] "GET /d1/1008/AUTH_f710e03ba52a4857a1ae10860ed8a0ab/gnocchi.f8924758-f465-4b5d-82ab-1d8fce70feae" 200 2 "GET http://172.18.0.2:8080/v1/AUTH_f710e03ba52a4857a1ae10860ed8a0ab/gnocchi.f8924758-f465-4b5d-82ab-1d8fce70feae?format=json&states=listing" "tx6c39699dd5bb488885960-006978e716" "proxy-server 20" 0.0018 "-" 16 0
Jan 27 16:25:58 standalone proxy-server[129382]: 172.18.0.2 172.18.0.100 27/Jan/2026/16/25/58 GET /v1/AUTH_f710e03ba52a4857a1ae10860ed8a0ab/gnocchi.f8924758-f465-4b5d-82ab-1d8fce70feae%3Fformat%3Djson%26states%3Dlisting HTTP/1.0 200 - python-swiftclient-3.11.1 gAAAAABpeOZl8ZCJ... - 2 - tx6c39699dd5bb488885960-006978e716 - 0.0136 - - 1769531158.330210447 1769531158.343831301 0
Jan 27 16:25:58 standalone object-server[127749]: 172.20.0.100 - - [27/Jan/2026:16:25:58 +0000] "GET /d1/980/AUTH_f710e03ba52a4857a1ae10860ed8a0ab/gnocchi.f8924758-f465-4b5d-82ab-1d8fce70feae/1769040000.0_mean_300.0_v3" 404 70 "GET http://172.18.0.2:8080/v1/AUTH_f710e03ba52a4857a1ae10860ed8a0ab/gnocchi.f8924758-f465-4b5d-82ab-1d8fce70feae/1769040000.0_mean_300.0_v3" "txe1204177f4a44e3583e7a-006978e716" "proxy-server 20" 0.0004 "-" 23 0
Jan 27 16:25:58 standalone proxy-server[129382]: 172.18.0.2 172.18.0.100 27/Jan/2026/16/25/58 GET /v1/AUTH_f710e03ba52a4857a1ae10860ed8a0ab/gnocchi.f8924758-f465-4b5d-82ab-1d8fce70feae/1769040000.0_mean_300.0_v3 HTTP/1.0 404 - python-swiftclient-3.11.1 gAAAAABpeOZl8ZCJ... - 70 - txe1204177f4a44e3583e7a-006978e716 - 0.0046 - - 1769531158.347504616 1769531158.352148771 0
Jan 27 16:25:58 standalone container-server[127473]: 172.20.0.100 - - [27/Jan/2026:16:25:58 +0000] "PUT /d1/1008/AUTH_f710e03ba52a4857a1ae10860ed8a0ab/gnocchi.f8924758-f465-4b5d-82ab-1d8fce70feae/1769040000.0_mean_300.0_v3" 201 - "PUT http://172.18.0.2:8080/d1/980/AUTH_f710e03ba52a4857a1ae10860ed8a0ab/gnocchi.f8924758-f465-4b5d-82ab-1d8fce70feae/1769040000.0_mean_300.0_v3" "tx4a86d88790ec45d19ba76-006978e716" "object-server 24" 0.0005 "-" 14 0
Jan 27 16:25:58 standalone object-server[127750]: 172.20.0.100 - - [27/Jan/2026:16:25:58 +0000] "PUT /d1/980/AUTH_f710e03ba52a4857a1ae10860ed8a0ab/gnocchi.f8924758-f465-4b5d-82ab-1d8fce70feae/1769040000.0_mean_300.0_v3" 201 - "PUT http://172.18.0.2:8080/v1/AUTH_f710e03ba52a4857a1ae10860ed8a0ab/gnocchi.f8924758-f465-4b5d-82ab-1d8fce70feae/1769040000.0_mean_300.0_v3" "tx4a86d88790ec45d19ba76-006978e716" "proxy-server 20" 0.0068 "-" 24 0
Jan 27 16:25:58 standalone proxy-server[129382]: 172.18.0.2 172.18.0.100 27/Jan/2026/16/25/58 PUT /v1/AUTH_f710e03ba52a4857a1ae10860ed8a0ab/gnocchi.f8924758-f465-4b5d-82ab-1d8fce70feae/1769040000.0_mean_300.0_v3 HTTP/1.0 201 - python-swiftclient-3.11.1 gAAAAABpeOZl8ZCJ... 16 - - tx4a86d88790ec45d19ba76-006978e716 - 0.0130 - - 1769531158.356614590 1769531158.369625092 0
Jan 27 16:25:58 standalone container-server[127493]: 172.20.0.100 - - [27/Jan/2026:16:25:58 +0000] "PUT /d1/1008/AUTH_f710e03ba52a4857a1ae10860ed8a0ab/gnocchi.f8924758-f465-4b5d-82ab-1d8fce70feae/none_v3" 201 - "PUT http://172.18.0.2:8080/d1/662/AUTH_f710e03ba52a4857a1ae10860ed8a0ab/gnocchi.f8924758-f465-4b5d-82ab-1d8fce70feae/none_v3" "tx1ab5cfa25a78447bb4a43-006978e716" "object-server 19" 0.0004 "-" 17 0
Jan 27 16:25:58 standalone object-server[127742]: 172.20.0.100 - - [27/Jan/2026:16:25:58 +0000] "PUT /d1/662/AUTH_f710e03ba52a4857a1ae10860ed8a0ab/gnocchi.f8924758-f465-4b5d-82ab-1d8fce70feae/none_v3" 201 - "PUT http://172.18.0.2:8080/v1/AUTH_f710e03ba52a4857a1ae10860ed8a0ab/gnocchi.f8924758-f465-4b5d-82ab-1d8fce70feae/none_v3" "tx1ab5cfa25a78447bb4a43-006978e716" "proxy-server 20" 0.0144 "-" 19 0
Jan 27 16:25:58 standalone proxy-server[129382]: 172.18.0.2 172.18.0.100 27/Jan/2026/16/25/58 PUT /v1/AUTH_f710e03ba52a4857a1ae10860ed8a0ab/gnocchi.f8924758-f465-4b5d-82ab-1d8fce70feae/none_v3 HTTP/1.0 201 - python-swiftclient-3.11.1 gAAAAABpeOZl8ZCJ... 22 - - tx1ab5cfa25a78447bb4a43-006978e716 - 0.0188 - - 1769531158.372164965 1769531158.390948534 0
Jan 27 16:25:58 standalone container-server[127493]: 172.20.0.100 - - [27/Jan/2026:16:25:58 +0000] "HEAD /d1/853/AUTH_f710e03ba52a4857a1ae10860ed8a0ab/gnocchi.47265c0d-4e4a-4472-9fdf-14576e088ab0" 404 - "HEAD http://172.18.0.2:8080/v1/AUTH_f710e03ba52a4857a1ae10860ed8a0ab/gnocchi.47265c0d-4e4a-4472-9fdf-14576e088ab0?format=json&states=listing" "tx9d68a55ad8c74e6c9e9ae-006978e716" "proxy-server 20" 0.0003 "-" 17 0
Jan 27 16:25:58 standalone object-server[127742]: 172.20.0.100 - - [27/Jan/2026:16:25:58 +0000] "GET /d1/925/AUTH_f710e03ba52a4857a1ae10860ed8a0ab/gnocchi.47265c0d-4e4a-4472-9fdf-14576e088ab0/none_v3" 404 70 "GET http://172.18.0.2:8080/v1/AUTH_f710e03ba52a4857a1ae10860ed8a0ab/gnocchi.47265c0d-4e4a-4472-9fdf-14576e088ab0/none_v3" "tx9d68a55ad8c74e6c9e9ae-006978e716" "proxy-server 20" 0.0003 "-" 19 0
Jan 27 16:25:58 standalone proxy-server[129382]: 172.18.0.2 172.18.0.100 27/Jan/2026/16/25/58 GET /v1/AUTH_f710e03ba52a4857a1ae10860ed8a0ab/gnocchi.47265c0d-4e4a-4472-9fdf-14576e088ab0/none_v3 HTTP/1.0 404 - python-swiftclient-3.11.1 gAAAAABpeOZl8ZCJ... - 70 - tx9d68a55ad8c74e6c9e9ae-006978e716 - 0.0070 - - 1769531158.399767637 1769531158.406726837 0
Jan 27 16:25:58 standalone account-server[127474]: 172.20.0.100 - - [27/Jan/2026:16:25:58 +0000] "PUT /d1/323/AUTH_f710e03ba52a4857a1ae10860ed8a0ab/gnocchi.47265c0d-4e4a-4472-9fdf-14576e088ab0" 201 - "PUT http://172.20.0.100:6001/d1/853/AUTH_f710e03ba52a4857a1ae10860ed8a0ab/gnocchi.47265c0d-4e4a-4472-9fdf-14576e088ab0" "tx92e9f0491246440f9b399-006978e716" "container-server 16" 0.0040 "-" 16 0
Jan 27 16:25:58 standalone container-server[127492]: 172.20.0.100 - - [27/Jan/2026:16:25:58 +0000] "PUT /d1/853/AUTH_f710e03ba52a4857a1ae10860ed8a0ab/gnocchi.47265c0d-4e4a-4472-9fdf-14576e088ab0" 201 - "PUT http://172.18.0.2:8080/v1/AUTH_f710e03ba52a4857a1ae10860ed8a0ab/gnocchi.47265c0d-4e4a-4472-9fdf-14576e088ab0" "tx92e9f0491246440f9b399-006978e716" "proxy-server 20" 0.0127 "-" 16 0
Jan 27 16:25:58 standalone proxy-server[129382]: 172.18.0.2 172.18.0.100 27/Jan/2026/16/25/58 PUT /v1/AUTH_f710e03ba52a4857a1ae10860ed8a0ab/gnocchi.47265c0d-4e4a-4472-9fdf-14576e088ab0 HTTP/1.0 201 - python-swiftclient-3.11.1 gAAAAABpeOZl8ZCJ... - - - tx92e9f0491246440f9b399-006978e716 - 0.0168 - - 1769531158.408756495 1769531158.425548077 0
Jan 27 16:25:58 standalone container-server[127473]: 172.20.0.100 - - [27/Jan/2026:16:25:58 +0000] "HEAD /d1/853/AUTH_f710e03ba52a4857a1ae10860ed8a0ab/gnocchi.47265c0d-4e4a-4472-9fdf-14576e088ab0" 204 - "HEAD http://172.18.0.2:8080/v1/AUTH_f710e03ba52a4857a1ae10860ed8a0ab/gnocchi.47265c0d-4e4a-4472-9fdf-14576e088ab0?format=json&states=listing" "txc0d84cea104b4784a39e7-006978e716" "proxy-server 20" 0.0011 "-" 14 0
Jan 27 16:25:58 standalone proxy-server[129382]: - - 27/Jan/2026/16/25/58 HEAD /v1/AUTH_f710e03ba52a4857a1ae10860ed8a0ab/gnocchi.47265c0d-4e4a-4472-9fdf-14576e088ab0%3Fformat%3Djson%26states%3Dlisting HTTP/1.0 204 - Swift - - - - txc0d84cea104b4784a39e7-006978e716 - 0.0041 RL - 1769531158.429413795 1769531158.433534622 0
Jan 27 16:25:58 standalone container-server[127473]: 172.20.0.100 - - [27/Jan/2026:16:25:58 +0000] "GET /d1/853/AUTH_f710e03ba52a4857a1ae10860ed8a0ab/gnocchi.47265c0d-4e4a-4472-9fdf-14576e088ab0" 200 2 "GET http://172.18.0.2:8080/v1/AUTH_f710e03ba52a4857a1ae10860ed8a0ab/gnocchi.47265c0d-4e4a-4472-9fdf-14576e088ab0?format=json&states=listing" "txc0d84cea104b4784a39e7-006978e716" "proxy-server 20" 0.0014 "-" 14 0
Jan 27 16:25:58 standalone proxy-server[129382]: 172.18.0.2 172.18.0.100 27/Jan/2026/16/25/58 GET /v1/AUTH_f710e03ba52a4857a1ae10860ed8a0ab/gnocchi.47265c0d-4e4a-4472-9fdf-14576e088ab0%3Fformat%3Djson%26states%3Dlisting HTTP/1.0 200 - python-swiftclient-3.11.1 gAAAAABpeOZl8ZCJ... - 2 - txc0d84cea104b4784a39e7-006978e716 - 0.0115 - - 1769531158.428396702 1769531158.439944267 0
Jan 27 16:25:58 standalone object-server[127749]: 172.20.0.100 - - [27/Jan/2026:16:25:58 +0000] "GET /d1/309/AUTH_f710e03ba52a4857a1ae10860ed8a0ab/gnocchi.47265c0d-4e4a-4472-9fdf-14576e088ab0/1769040000.0_mean_300.0_v3" 404 70 "GET http://172.18.0.2:8080/v1/AUTH_f710e03ba52a4857a1ae10860ed8a0ab/gnocchi.47265c0d-4e4a-4472-9fdf-14576e088ab0/1769040000.0_mean_300.0_v3" "tx85c03a6538d841518522f-006978e716" "proxy-server 20" 0.0003 "-" 23 0
Jan 27 16:25:58 standalone proxy-server[129382]: 172.18.0.2 172.18.0.100 27/Jan/2026/16/25/58 GET /v1/AUTH_f710e03ba52a4857a1ae10860ed8a0ab/gnocchi.47265c0d-4e4a-4472-9fdf-14576e088ab0/1769040000.0_mean_300.0_v3 HTTP/1.0 404 - python-swiftclient-3.11.1 gAAAAABpeOZl8ZCJ... - 70 - tx85c03a6538d841518522f-006978e716 - 0.0053 - - 1769531158.443246365 1769531158.448518753 0
Jan 27 16:25:58 standalone container-server[127479]: 172.20.0.100 - - [27/Jan/2026:16:25:58 +0000] "PUT /d1/853/AUTH_f710e03ba52a4857a1ae10860ed8a0ab/gnocchi.47265c0d-4e4a-4472-9fdf-14576e088ab0/1769040000.0_mean_300.0_v3" 201 - "PUT http://172.18.0.2:8080/d1/309/AUTH_f710e03ba52a4857a1ae10860ed8a0ab/gnocchi.47265c0d-4e4a-4472-9fdf-14576e088ab0/1769040000.0_mean_300.0_v3" "txcf20a8dd653f4d8dab03d-006978e716" "object-server 24" 0.0005 "-" 15 0
Jan 27 16:25:58 standalone object-server[127750]: 172.20.0.100 - - [27/Jan/2026:16:25:58 +0000] "PUT /d1/309/AUTH_f710e03ba52a4857a1ae10860ed8a0ab/gnocchi.47265c0d-4e4a-4472-9fdf-14576e088ab0/1769040000.0_mean_300.0_v3" 201 - "PUT http://172.18.0.2:8080/v1/AUTH_f710e03ba52a4857a1ae10860ed8a0ab/gnocchi.47265c0d-4e4a-4472-9fdf-14576e088ab0/1769040000.0_mean_300.0_v3" "txcf20a8dd653f4d8dab03d-006978e716" "proxy-server 20" 0.0072 "-" 24 0
Jan 27 16:25:58 standalone proxy-server[129382]: 172.18.0.2 172.18.0.100 27/Jan/2026/16/25/58 PUT /v1/AUTH_f710e03ba52a4857a1ae10860ed8a0ab/gnocchi.47265c0d-4e4a-4472-9fdf-14576e088ab0/1769040000.0_mean_300.0_v3 HTTP/1.0 201 - python-swiftclient-3.11.1 gAAAAABpeOZl8ZCJ... 16 - - txcf20a8dd653f4d8dab03d-006978e716 - 0.0123 - - 1769531158.450821877 1769531158.463098049 0
Jan 27 16:25:58 standalone container-server[127479]: 172.20.0.100 - - [27/Jan/2026:16:25:58 +0000] "PUT /d1/853/AUTH_f710e03ba52a4857a1ae10860ed8a0ab/gnocchi.47265c0d-4e4a-4472-9fdf-14576e088ab0/none_v3" 201 - "PUT http://172.18.0.2:8080/d1/925/AUTH_f710e03ba52a4857a1ae10860ed8a0ab/gnocchi.47265c0d-4e4a-4472-9fdf-14576e088ab0/none_v3" "tx5420c663daf14f1a943ef-006978e716" "object-server 19" 0.0003 "-" 15 0
