Jan 27 16:24:52 standalone proxy-server[129382]: 172.18.0.2 172.18.0.100 27/Jan/2026/16/24/52 GET /v1/AUTH_f710e03ba52a4857a1ae10860ed8a0ab/gnocchi.93e832b6-8b4f-42a7-b296-f4780e93f909%3Fformat%3Djson%26states%3Dlisting HTTP/1.0 200 - python-swiftclient-3.11.1 gAAAAABpeOZl8ZCJ... - 357 - tx7f2e69b829de4e0fa58d3-006978e6d4 - 0.0159 - - 1769531092.564872980 1769531092.580780029 0
Jan 27 16:24:52 standalone container-server[127493]: 172.20.0.100 - - [27/Jan/2026:16:24:52 +0000] "GET /d1/520/AUTH_f710e03ba52a4857a1ae10860ed8a0ab/gnocchi.93e832b6-8b4f-42a7-b296-f4780e93f909" 200 2 "GET http://172.18.0.2:8080/v1/AUTH_f710e03ba52a4857a1ae10860ed8a0ab/gnocchi.93e832b6-8b4f-42a7-b296-f4780e93f909?format=json&marker=none_v3&states=listing" "tx0246c6912d3e48d6aa3c4-006978e6d4" "proxy-server 20" 0.0025 "-" 17 0
Jan 27 16:24:52 standalone proxy-server[129382]: 172.18.0.2 172.18.0.100 27/Jan/2026/16/24/52 GET /v1/AUTH_f710e03ba52a4857a1ae10860ed8a0ab/gnocchi.93e832b6-8b4f-42a7-b296-f4780e93f909%3Fformat%3Djson%26marker%3Dnone_v3%26states%3Dlisting HTTP/1.0 200 - python-swiftclient-3.11.1 gAAAAABpeOZl8ZCJ... - 2 - tx0246c6912d3e48d6aa3c4-006978e6d4 - 0.0084 - - 1769531092.583912849 1769531092.592286825 0
Jan 27 16:24:52 standalone object-server[127746]: 172.20.0.100 - - [27/Jan/2026:16:24:52 +0000] "GET /d1/467/AUTH_f710e03ba52a4857a1ae10860ed8a0ab/gnocchi.93e832b6-8b4f-42a7-b296-f4780e93f909/1769040000.0_mean_300.0_v3" 200 16 "GET http://172.18.0.2:8080/v1/AUTH_f710e03ba52a4857a1ae10860ed8a0ab/gnocchi.93e832b6-8b4f-42a7-b296-f4780e93f909/1769040000.0_mean_300.0_v3" "tx2301085d8be2446fbd012-006978e6d4" "proxy-server 20" 0.0008 "-" 22 0
Jan 27 16:24:52 standalone proxy-server[129382]: 172.18.0.2 172.18.0.100 27/Jan/2026/16/24/52 GET /v1/AUTH_f710e03ba52a4857a1ae10860ed8a0ab/gnocchi.93e832b6-8b4f-42a7-b296-f4780e93f909/1769040000.0_mean_300.0_v3 HTTP/1.0 200 - python-swiftclient-3.11.1 gAAAAABpeOZl8ZCJ... - 16 - tx2301085d8be2446fbd012-006978e6d4 - 0.0073 - - 1769531092.597816229 1769531092.605147600 0
Jan 27 16:24:52 standalone container-server[127473]: 172.20.0.100 - - [27/Jan/2026:16:24:52 +0000] "PUT /d1/520/AUTH_f710e03ba52a4857a1ae10860ed8a0ab/gnocchi.93e832b6-8b4f-42a7-b296-f4780e93f909/1769040000.0_mean_300.0_v3" 201 - "PUT http://172.18.0.2:8080/d1/467/AUTH_f710e03ba52a4857a1ae10860ed8a0ab/gnocchi.93e832b6-8b4f-42a7-b296-f4780e93f909/1769040000.0_mean_300.0_v3" "tx79fee95e8f5b4c63b6090-006978e6d4" "object-server 22" 0.0005 "-" 14 0
Jan 27 16:24:52 standalone object-server[127746]: 172.20.0.100 - - [27/Jan/2026:16:24:52 +0000] "PUT /d1/467/AUTH_f710e03ba52a4857a1ae10860ed8a0ab/gnocchi.93e832b6-8b4f-42a7-b296-f4780e93f909/1769040000.0_mean_300.0_v3" 201 - "PUT http://172.18.0.2:8080/v1/AUTH_f710e03ba52a4857a1ae10860ed8a0ab/gnocchi.93e832b6-8b4f-42a7-b296-f4780e93f909/1769040000.0_mean_300.0_v3" "tx79fee95e8f5b4c63b6090-006978e6d4" "proxy-server 20" 0.0077 "-" 22 0
Jan 27 16:24:52 standalone proxy-server[129382]: 172.18.0.2 172.18.0.100 27/Jan/2026/16/24/52 PUT /v1/AUTH_f710e03ba52a4857a1ae10860ed8a0ab/gnocchi.93e832b6-8b4f-42a7-b296-f4780e93f909/1769040000.0_mean_300.0_v3 HTTP/1.0 201 - python-swiftclient-3.11.1 gAAAAABpeOZl8ZCJ... 16 - - tx79fee95e8f5b4c63b6090-006978e6d4 - 0.0126 - - 1769531092.608864307 1769531092.621442080 0
Jan 27 16:24:52 standalone container-server[127493]: 172.20.0.100 - - [27/Jan/2026:16:24:52 +0000] "PUT /d1/520/AUTH_f710e03ba52a4857a1ae10860ed8a0ab/gnocchi.93e832b6-8b4f-42a7-b296-f4780e93f909/none_v3" 201 - "PUT http://172.18.0.2:8080/d1/633/AUTH_f710e03ba52a4857a1ae10860ed8a0ab/gnocchi.93e832b6-8b4f-42a7-b296-f4780e93f909/none_v3" "tx9abf19843f1d4f0799f1c-006978e6d4" "object-server 19" 0.0005 "-" 17 0
Jan 27 16:24:52 standalone object-server[127742]: 172.20.0.100 - - [27/Jan/2026:16:24:52 +0000] "PUT /d1/633/AUTH_f710e03ba52a4857a1ae10860ed8a0ab/gnocchi.93e832b6-8b4f-42a7-b296-f4780e93f909/none_v3" 201 - "PUT http://172.18.0.2:8080/v1/AUTH_f710e03ba52a4857a1ae10860ed8a0ab/gnocchi.93e832b6-8b4f-42a7-b296-f4780e93f909/none_v3" "tx9abf19843f1d4f0799f1c-006978e6d4" "proxy-server 20" 0.0094 "-" 19 0
Jan 27 16:24:52 standalone proxy-server[129382]: 172.18.0.2 172.18.0.100 27/Jan/2026/16/24/52 PUT /v1/AUTH_f710e03ba52a4857a1ae10860ed8a0ab/gnocchi.93e832b6-8b4f-42a7-b296-f4780e93f909/none_v3 HTTP/1.0 201 - python-swiftclient-3.11.1 gAAAAABpeOZl8ZCJ... 31 - - tx9abf19843f1d4f0799f1c-006978e6d4 - 0.0155 - - 1769531092.624364376 1769531092.639854193 0
Jan 27 16:25:01 standalone account-server[127474]: 172.20.0.100 - - [27/Jan/2026:16:25:01 +0000] "HEAD /d1/323/AUTH_f710e03ba52a4857a1ae10860ed8a0ab" 204 - "HEAD http://172.18.0.2:8080/v1/AUTH_f710e03ba52a4857a1ae10860ed8a0ab?format=json" "tx323275c2fdab42e6b1e05-006978e6dd" "proxy-server 20" 0.0069 "-" 16 -
Jan 27 16:25:01 standalone proxy-server[129382]: - - 27/Jan/2026/16/25/01 HEAD /v1/AUTH_f710e03ba52a4857a1ae10860ed8a0ab%3Fformat%3Djson HTTP/1.0 204 - Swift - - - - tx323275c2fdab42e6b1e05-006978e6dd - 0.0109 RL - 1769531101.111861944 1769531101.122795582 -
Jan 27 16:25:01 standalone object-server[127742]: 172.20.0.100 - - [27/Jan/2026:16:25:01 +0000] "GET /d1/916/AUTH_f710e03ba52a4857a1ae10860ed8a0ab/gnocchi.97d4c9d9-730c-4716-b2b2-6c6edd94f20a/none_v3" 200 31 "GET http://172.18.0.2:8080/v1/AUTH_f710e03ba52a4857a1ae10860ed8a0ab/gnocchi.97d4c9d9-730c-4716-b2b2-6c6edd94f20a/none_v3" "tx323275c2fdab42e6b1e05-006978e6dd" "proxy-server 20" 0.0010 "-" 19 0
Jan 27 16:25:01 standalone proxy-server[129382]: 172.18.0.2 172.18.0.100 27/Jan/2026/16/25/01 GET /v1/AUTH_f710e03ba52a4857a1ae10860ed8a0ab/gnocchi.97d4c9d9-730c-4716-b2b2-6c6edd94f20a/none_v3 HTTP/1.0 200 - python-swiftclient-3.11.1 gAAAAABpeOZl8ZCJ... - 31 - tx323275c2fdab42e6b1e05-006978e6dd - 0.0196 - - 1769531101.110153913 1769531101.129764795 0
Jan 27 16:25:01 standalone container-server[127479]: 172.20.0.100 - - [27/Jan/2026:16:25:01 +0000] "GET /d1/666/AUTH_f710e03ba52a4857a1ae10860ed8a0ab/gnocchi.97d4c9d9-730c-4716-b2b2-6c6edd94f20a" 200 357 "GET http://172.18.0.2:8080/v1/AUTH_f710e03ba52a4857a1ae10860ed8a0ab/gnocchi.97d4c9d9-730c-4716-b2b2-6c6edd94f20a?format=json&states=listing" "tx19b021bbf84a4841a4c81-006978e6dd" "proxy-server 20" 0.0074 "-" 15 0
Jan 27 16:25:01 standalone proxy-server[129382]: 172.18.0.2 172.18.0.100 27/Jan/2026/16/25/01 GET /v1/AUTH_f710e03ba52a4857a1ae10860ed8a0ab/gnocchi.97d4c9d9-730c-4716-b2b2-6c6edd94f20a%3Fformat%3Djson%26states%3Dlisting HTTP/1.0 200 - python-swiftclient-3.11.1 gAAAAABpeOZl8ZCJ... - 357 - tx19b021bbf84a4841a4c81-006978e6dd - 0.0138 - - 1769531101.132836580 1769531101.146608591 0
Jan 27 16:25:01 standalone container-server[127492]: 172.20.0.100 - - [27/Jan/2026:16:25:01 +0000] "GET /d1/666/AUTH_f710e03ba52a4857a1ae10860ed8a0ab/gnocchi.97d4c9d9-730c-4716-b2b2-6c6edd94f20a" 200 2 "GET http://172.18.0.2:8080/v1/AUTH_f710e03ba52a4857a1ae10860ed8a0ab/gnocchi.97d4c9d9-730c-4716-b2b2-6c6edd94f20a?format=json&marker=none_v3&states=listing" "tx0859895607864b6d98b85-006978e6dd" "proxy-server 20" 0.0035 "-" 16 0
Jan 27 16:25:01 standalone proxy-server[129382]: 172.18.0.2 172.18.0.100 27/Jan/2026/16/25/01 GET /v1/AUTH_f710e03ba52a4857a1ae10860ed8a0ab/gnocchi.97d4c9d9-730c-4716-b2b2-6c6edd94f20a%3Fformat%3Djson%26marker%3Dnone_v3%26states%3Dlisting HTTP/1.0 200 - python-swiftclient-3.11.1 gAAAAABpeOZl8ZCJ... - 2 - tx0859895607864b6d98b85-006978e6dd - 0.0107 - - 1769531101.149075270 1769531101.159796238 0
Jan 27 16:25:01 standalone object-server[127750]: 172.20.0.100 - - [27/Jan/2026:16:25:01 +0000] "GET /d1/999/AUTH_f710e03ba52a4857a1ae10860ed8a0ab/gnocchi.97d4c9d9-730c-4716-b2b2-6c6edd94f20a/1769040000.0_mean_300.0_v3" 200 16 "GET http://172.18.0.2:8080/v1/AUTH_f710e03ba52a4857a1ae10860ed8a0ab/gnocchi.97d4c9d9-730c-4716-b2b2-6c6edd94f20a/1769040000.0_mean_300.0_v3" "txc643ec8ae19244da9b8a5-006978e6dd" "proxy-server 20" 0.0009 "-" 24 0
Jan 27 16:25:01 standalone proxy-server[129382]: 172.18.0.2 172.18.0.100 27/Jan/2026/16/25/01 GET /v1/AUTH_f710e03ba52a4857a1ae10860ed8a0ab/gnocchi.97d4c9d9-730c-4716-b2b2-6c6edd94f20a/1769040000.0_mean_300.0_v3 HTTP/1.0 200 - python-swiftclient-3.11.1 gAAAAABpeOZl8ZCJ... - 16 - txc643ec8ae19244da9b8a5-006978e6dd - 0.0069 - - 1769531101.163653851 1769531101.170592785 0
Jan 27 16:25:01 standalone container-server[127492]: 172.20.0.100 - - [27/Jan/2026:16:25:01 +0000] "PUT /d1/666/AUTH_f710e03ba52a4857a1ae10860ed8a0ab/gnocchi.97d4c9d9-730c-4716-b2b2-6c6edd94f20a/1769040000.0_mean_300.0_v3" 201 - "PUT http://172.18.0.2:8080/d1/999/AUTH_f710e03ba52a4857a1ae10860ed8a0ab/gnocchi.97d4c9d9-730c-4716-b2b2-6c6edd94f20a/1769040000.0_mean_300.0_v3" "txd9020a9561b74bb5bfa1e-006978e6dd" "object-server 19" 0.0008 "-" 16 0
Jan 27 16:25:01 standalone object-server[127742]: 172.20.0.100 - - [27/Jan/2026:16:25:01 +0000] "PUT /d1/999/AUTH_f710e03ba52a4857a1ae10860ed8a0ab/gnocchi.97d4c9d9-730c-4716-b2b2-6c6edd94f20a/1769040000.0_mean_300.0_v3" 201 - "PUT http://172.18.0.2:8080/v1/AUTH_f710e03ba52a4857a1ae10860ed8a0ab/gnocchi.97d4c9d9-730c-4716-b2b2-6c6edd94f20a/1769040000.0_mean_300.0_v3" "txd9020a9561b74bb5bfa1e-006978e6dd" "proxy-server 20" 0.0112 "-" 19 0
Jan 27 16:25:01 standalone proxy-server[129382]: 172.18.0.2 172.18.0.100 27/Jan/2026/16/25/01 PUT /v1/AUTH_f710e03ba52a4857a1ae10860ed8a0ab/gnocchi.97d4c9d9-730c-4716-b2b2-6c6edd94f20a/1769040000.0_mean_300.0_v3 HTTP/1.0 201 - python-swiftclient-3.11.1 gAAAAABpeOZl8ZCJ... 23 - - txd9020a9561b74bb5bfa1e-006978e6dd - 0.0167 - - 1769531101.173454285 1769531101.190134525 0
Jan 27 16:25:01 standalone container-server[127473]: 172.20.0.100 - - [27/Jan/2026:16:25:01 +0000] "PUT /d1/666/AUTH_f710e03ba52a4857a1ae10860ed8a0ab/gnocchi.97d4c9d9-730c-4716-b2b2-6c6edd94f20a/none_v3" 201 - "PUT http://172.18.0.2:8080/d1/916/AUTH_f710e03ba52a4857a1ae10860ed8a0ab/gnocchi.97d4c9d9-730c-4716-b2b2-6c6edd94f20a/none_v3" "tx8fed4e96679b4939bf67d-006978e6dd" "object-server 22" 0.0009 "-" 14 0
Jan 27 16:25:01 standalone object-server[127746]: 172.20.0.100 - - [27/Jan/2026:16:25:01 +0000] "PUT /d1/916/AUTH_f710e03ba52a4857a1ae10860ed8a0ab/gnocchi.97d4c9d9-730c-4716-b2b2-6c6edd94f20a/none_v3" 201 - "PUT http://172.18.0.2:8080/v1/AUTH_f710e03ba52a4857a1ae10860ed8a0ab/gnocchi.97d4c9d9-730c-4716-b2b2-6c6edd94f20a/none_v3" "tx8fed4e96679b4939bf67d-006978e6dd" "proxy-server 20" 0.0136 "-" 22 0
Jan 27 16:25:01 standalone proxy-server[129382]: 172.18.0.2 172.18.0.100 27/Jan/2026/16/25/01 PUT /v1/AUTH_f710e03ba52a4857a1ae10860ed8a0ab/gnocchi.97d4c9d9-730c-4716-b2b2-6c6edd94f20a/none_v3 HTTP/1.0 201 - python-swiftclient-3.11.1 gAAAAABpeOZl8ZCJ... 22 - - tx8fed4e96679b4939bf67d-006978e6dd - 0.0188 - - 1769531101.192567110 1769531101.211334944 0
Jan 27 16:25:02 standalone object-server[127746]: 172.20.0.100 - - [27/Jan/2026:16:25:02 +0000] "GET /d1/916/AUTH_f710e03ba52a4857a1ae10860ed8a0ab/gnocchi.97d4c9d9-730c-4716-b2b2-6c6edd94f20a/none_v3" 200 22 "GET http://172.18.0.2:8080/v1/AUTH_f710e03ba52a4857a1ae10860ed8a0ab/gnocchi.97d4c9d9-730c-4716-b2b2-6c6edd94f20a/none_v3" "txc5553e48243e4f93888c6-006978e6de" "proxy-server 20" 0.0010 "-" 22 0
Jan 27 16:25:02 standalone proxy-server[129382]: 172.18.0.2 172.18.0.100 27/Jan/2026/16/25/02 GET /v1/AUTH_f710e03ba52a4857a1ae10860ed8a0ab/gnocchi.97d4c9d9-730c-4716-b2b2-6c6edd94f20a/none_v3 HTTP/1.0 200 - python-swiftclient-3.11.1 gAAAAABpeOZl8ZCJ... - 22 - txc5553e48243e4f93888c6-006978e6de - 0.0072 - - 1769531102.041022778 1769531102.048264980 0
Jan 27 16:25:02 standalone container-server[127493]: 172.20.0.100 - - [27/Jan/2026:16:25:02 +0000] "GET /d1/666/AUTH_f710e03ba52a4857a1ae10860ed8a0ab/gnocchi.97d4c9d9-730c-4716-b2b2-6c6edd94f20a" 200 357 "GET http://172.18.0.2:8080/v1/AUTH_f710e03ba52a4857a1ae10860ed8a0ab/gnocchi.97d4c9d9-730c-4716-b2b2-6c6edd94f20a?format=json&states=listing" "tx5f88938e36e543a2b864f-006978e6de" "proxy-server 20" 0.0072 "-" 17 0
Jan 27 16:25:02 standalone proxy-server[129382]: 172.18.0.2 172.18.0.100 27/Jan/2026/16/25/02 GET /v1/AUTH_f710e03ba52a4857a1ae10860ed8a0ab/gnocchi.97d4c9d9-730c-4716-b2b2-6c6edd94f20a%3Fformat%3Djson%26states%3Dlisting HTTP/1.0 200 - python-swiftclient-3.11.1 gAAAAABpeOZl8ZCJ... - 357 - tx5f88938e36e543a2b864f-006978e6de - 0.0162 - - 1769531102.053547859 1769531102.069731236 0
Jan 27 16:25:02 standalone container-server[127492]: 172.20.0.100 - - [27/Jan/2026:16:25:02 +0000] "GET /d1/666/AUTH_f710e03ba52a4857a1ae10860ed8a0ab/gnocchi.97d4c9d9-730c-4716-b2b2-6c6edd94f20a" 200 2 "GET http://172.18.0.2:8080/v1/AUTH_f710e03ba52a4857a1ae10860ed8a0ab/gnocchi.97d4c9d9-730c-4716-b2b2-6c6edd94f20a?format=json&marker=none_v3&states=listing" "tx824f47b592a94e09899b4-006978e6de" "proxy-server 20" 0.0024 "-" 16 0
Jan 27 16:25:02 standalone proxy-server[129382]: 172.18.0.2 172.18.0.100 27/Jan/2026/16/25/02 GET /v1/AUTH_f710e03ba52a4857a1ae10860ed8a0ab/gnocchi.97d4c9d9-730c-4716-b2b2-6c6edd94f20a%3Fformat%3Djson%26marker%3Dnone_v3%26states%3Dlisting HTTP/1.0 200 - python-swiftclient-3.11.1 gAAAAABpeOZl8ZCJ... - 2 - tx824f47b592a94e09899b4-006978e6de - 0.0074 - - 1769531102.073375463 1769531102.080788851 0
Jan 27 16:25:02 standalone object-server[127749]: 172.20.0.100 - - [27/Jan/2026:16:25:02 +0000] "GET /d1/999/AUTH_f710e03ba52a4857a1ae10860ed8a0ab/gnocchi.97d4c9d9-730c-4716-b2b2-6c6edd94f20a/1769040000.0_mean_300.0_v3" 200 23 "GET http://172.18.0.2:8080/v1/AUTH_f710e03ba52a4857a1ae10860ed8a0ab/gnocchi.97d4c9d9-730c-4716-b2b2-6c6edd94f20a/1769040000.0_mean_300.0_v3" "tx77262329ae424f3da8561-006978e6de" "proxy-server 20" 0.0008 "-" 23 0
Jan 27 16:25:02 standalone proxy-server[129382]: 172.18.0.2 172.18.0.100 27/Jan/2026/16/25/02 GET /v1/AUTH_f710e03ba52a4857a1ae10860ed8a0ab/gnocchi.97d4c9d9-730c-4716-b2b2-6c6edd94f20a/1769040000.0_mean_300.0_v3 HTTP/1.0 200 - python-swiftclient-3.11.1 gAAAAABpeOZl8ZCJ... - 23 - tx77262329ae424f3da8561-006978e6de - 0.0060 - - 1769531102.086680889 1769531102.092647076 0
Jan 27 16:25:02 standalone container-server[127473]: 172.20.0.100 - - [27/Jan/2026:16:25:02 +0000] "PUT /d1/666/AUTH_f710e03ba52a4857a1ae10860ed8a0ab/gnocchi.97d4c9d9-730c-4716-b2b2-6c6edd94f20a/1769040000.0_mean_300.0_v3" 201 - "PUT http://172.18.0.2:8080/d1/999/AUTH_f710e03ba52a4857a1ae10860ed8a0ab/gnocchi.97d4c9d9-730c-4716-b2b2-6c6edd94f20a/1769040000.0_mean_300.0_v3" "tx1556080a194544319fefe-006978e6de" "object-server 19" 0.0007 "-" 14 0
Jan 27 16:25:02 standalone object-server[127742]: 172.20.0.100 - - [27/Jan/2026:16:25:02 +0000] "PUT /d1/999/AUTH_f710e03ba52a4857a1ae10860ed8a0ab/gnocchi.97d4c9d9-730c-4716-b2b2-6c6edd94f20a/1769040000.0_mean_300.0_v3" 201 - "PUT http://172.18.0.2:8080/v1/AUTH_f710e03ba52a4857a1ae10860ed8a0ab/gnocchi.97d4c9d9-730c-4716-b2b2-6c6edd94f20a/1769040000.0_mean_300.0_v3" "tx1556080a194544319fefe-006978e6de" "proxy-server 20" 0.0114 "-" 19 0
Jan 27 16:25:02 standalone proxy-server[129382]: 172.18.0.2 172.18.0.100 27/Jan/2026/16/25/02 PUT /v1/AUTH_f710e03ba52a4857a1ae10860ed8a0ab/gnocchi.97d4c9d9-730c-4716-b2b2-6c6edd94f20a/1769040000.0_mean_300.0_v3 HTTP/1.0 201 - python-swiftclient-3.11.1 gAAAAABpeOZl8ZCJ... 23 - - tx1556080a194544319fefe-006978e6de - 0.0165 - - 1769531102.096595287 1769531102.113129616 0
Jan 27 16:25:02 standalone container-server[127493]: 172.20.0.100 - - [27/Jan/2026:16:25:02 +0000] "PUT /d1/666/AUTH_f710e03ba52a4857a1ae10860ed8a0ab/gnocchi.97d4c9d9-730c-4716-b2b2-6c6edd94f20a/none_v3" 201 - "PUT http://172.18.0.2:8080/d1/916/AUTH_f710e03ba52a4857a1ae10860ed8a0ab/gnocchi.97d4c9d9-730c-4716-b2b2-6c6edd94f20a/none_v3" "tx2e8a3b1a8972407a8fcd4-006978e6de" "object-server 19" 0.0007 "-" 17 0
Jan 27 16:25:02 standalone object-server[127742]: 172.20.0.100 - - [27/Jan/2026:16:25:02 +0000] "PUT /d1/916/AUTH_f710e03ba52a4857a1ae10860ed8a0ab/gnocchi.97d4c9d9-730c-4716-b2b2-6c6edd94f20a/none_v3" 201 - "PUT http://172.18.0.2:8080/v1/AUTH_f710e03ba52a4857a1ae10860ed8a0ab/gnocchi.97d4c9d9-730c-4716-b2b2-6c6edd94f20a/none_v3" "tx2e8a3b1a8972407a8fcd4-006978e6de" "proxy-server 20" 0.0092 "-" 19 0
Jan 27 16:25:02 standalone proxy-server[129382]: 172.18.0.2 172.18.0.100 27/Jan/2026/16/25/02 PUT /v1/AUTH_f710e03ba52a4857a1ae10860ed8a0ab/gnocchi.97d4c9d9-730c-4716-b2b2-6c6edd94f20a/none_v3 HTTP/1.0 201 - python-swiftclient-3.11.1 gAAAAABpeOZl8ZCJ... 31 - - tx2e8a3b1a8972407a8fcd4-006978e6de - 0.0135 - - 1769531102.116633415 1769531102.130132675 0
Jan 27 16:25:02 standalone object-server[127749]: 172.20.0.100 - - [27/Jan/2026:16:25:02 +0000] "GET /d1/482/AUTH_f710e03ba52a4857a1ae10860ed8a0ab/gnocchi.c0d41e8a-8c1a-4e6f-a507-feb72fb94901/none_v3" 200 22 "GET http://172.18.0.2:8080/v1/AUTH_f710e03ba52a4857a1ae10860ed8a0ab/gnocchi.c0d41e8a-8c1a-4e6f-a507-feb72fb94901/none_v3" "tx18fa127b82e849a28e107-006978e6de" "proxy-server 20" 0.0008 "-" 23 0
Jan 27 16:25:02 standalone proxy-server[129382]: 172.18.0.2 172.18.0.100 27/Jan/2026/16/25/02 GET /v1/AUTH_f710e03ba52a4857a1ae10860ed8a0ab/gnocchi.c0d41e8a-8c1a-4e6f-a507-feb72fb94901/none_v3 HTTP/1.0 200 - python-swiftclient-3.11.1 gAAAAABpeOZl8ZCJ... - 22 - tx18fa127b82e849a28e107-006978e6de - 0.0062 - - 1769531102.143653870 1769531102.149882078 0
Jan 27 16:25:02 standalone container-server[127493]: 172.20.0.100 - - [27/Jan/2026:16:25:02 +0000] "GET /d1/986/AUTH_f710e03ba52a4857a1ae10860ed8a0ab/gnocchi.c0d41e8a-8c1a-4e6f-a507-feb72fb94901" 200 357 "GET http://172.18.0.2:8080/v1/AUTH_f710e03ba52a4857a1ae10860ed8a0ab/gnocchi.c0d41e8a-8c1a-4e6f-a507-feb72fb94901?format=json&states=listing" "txb0dce3bb13ea43638356f-006978e6de" "proxy-server 20" 0.0077 "-" 17 0
Jan 27 16:25:02 standalone proxy-server[129382]: 172.18.0.2 172.18.0.100 27/Jan/2026/16/25/02 GET /v1/AUTH_f710e03ba52a4857a1ae10860ed8a0ab/gnocchi.c0d41e8a-8c1a-4e6f-a507-feb72fb94901%3Fformat%3Djson%26states%3Dlisting HTTP/1.0 200 - python-swiftclient-3.11.1 gAAAAABpeOZl8ZCJ... - 357 - txb0dce3bb13ea43638356f-006978e6de - 0.0128 - - 1769531102.154822111 1769531102.167590380 0
Jan 27 16:25:02 standalone container-server[127473]: 172.20.0.100 - - [27/Jan/2026:16:25:02 +0000] "GET /d1/986/AUTH_f710e03ba52a4857a1ae10860ed8a0ab/gnocchi.c0d41e8a-8c1a-4e6f-a507-feb72fb94901" 200 2 "GET http://172.18.0.2:8080/v1/AUTH_f710e03ba52a4857a1ae10860ed8a0ab/gnocchi.c0d41e8a-8c1a-4e6f-a507-feb72fb94901?format=json&marker=none_v3&states=listing" "txb80d51249e08432195e5d-006978e6de" "proxy-server 20" 0.0034 "-" 14 0
Jan 27 16:25:02 standalone proxy-server[129382]: 172.18.0.2 172.18.0.100 27/Jan/2026/16/25/02 GET /v1/AUTH_f710e03ba52a4857a1ae10860ed8a0ab/gnocchi.c0d41e8a-8c1a-4e6f-a507-feb72fb94901%3Fformat%3Djson%26marker%3Dnone_v3%26states%3Dlisting HTTP/1.0 200 - python-swiftclient-3.11.1 gAAAAABpeOZl8ZCJ... - 2 - txb80d51249e08432195e5d-006978e6de - 0.0094 - - 1769531102.171122551 1769531102.180521727 0
Jan 27 16:25:02 standalone object-server[127746]: 172.20.0.100 - - [27/Jan/2026:16:25:02 +0000] "GET /d1/634/AUTH_f710e03ba52a4857a1ae10860ed8a0ab/gnocchi.c0d41e8a-8c1a-4e6f-a507-feb72fb94901/1769040000.0_mean_300.0_v3" 200 16 "GET http://172.18.0.2:8080/v1/AUTH_f710e03ba52a4857a1ae10860ed8a0ab/gnocchi.c0d41e8a-8c1a-4e6f-a507-feb72fb94901/1769040000.0_mean_300.0_v3" "tx0265af433c0240398f3a8-006978e6de" "proxy-server 20" 0.0008 "-" 22 0
Jan 27 16:25:02 standalone proxy-server[129382]: 172.18.0.2 172.18.0.100 27/Jan/2026/16/25/02 GET /v1/AUTH_f710e03ba52a4857a1ae10860ed8a0ab/gnocchi.c0d41e8a-8c1a-4e6f-a507-feb72fb94901/1769040000.0_mean_300.0_v3 HTTP/1.0 200 - python-swiftclient-3.11.1 gAAAAABpeOZl8ZCJ... - 16 - tx0265af433c0240398f3a8-006978e6de - 0.0057 - - 1769531102.185099602 1769531102.190765142 0
Jan 27 16:25:02 standalone container-server[127492]: 172.20.0.100 - - [27/Jan/2026:16:25:02 +0000] "PUT /d1/986/AUTH_f710e03ba52a4857a1ae10860ed8a0ab/gnocchi.c0d41e8a-8c1a-4e6f-a507-feb72fb94901/1769040000.0_mean_300.0_v3" 201 - "PUT http://172.18.0.2:8080/d1/634/AUTH_f710e03ba52a4857a1ae10860ed8a0ab/gnocchi.c0d41e8a-8c1a-4e6f-a507-feb72fb94901/1769040000.0_mean_300.0_v3" "tx57fc05551d4c4619bd3f7-006978e6de" "object-server 19" 0.0006 "-" 16 0
Jan 27 16:25:02 standalone object-server[127742]: 172.20.0.100 - - [27/Jan/2026:16:25:02 +0000] "PUT /d1/634/AUTH_f710e03ba52a4857a1ae10860ed8a0ab/gnocchi.c0d41e8a-8c1a-4e6f-a507-feb72fb94901/1769040000.0_mean_300.0_v3" 201 - "PUT http://172.18.0.2:8080/v1/AUTH_f710e03ba52a4857a1ae10860ed8a0ab/gnocchi.c0d41e8a-8c1a-4e6f-a507-feb72fb94901/1769040000.0_mean_300.0_v3" "tx57fc05551d4c4619bd3f7-006978e6de" "proxy-server 20" 0.0098 "-" 19 0
Jan 27 16:25:02 standalone proxy-server[129382]: 172.18.0.2 172.18.0.100 27/Jan/2026/16/25/02 PUT /v1/AUTH_f710e03ba52a4857a1ae10860ed8a0ab/gnocchi.c0d41e8a-8c1a-4e6f-a507-feb72fb94901/1769040000.0_mean_300.0_v3 HTTP/1.0 201 - python-swiftclient-3.11.1 gAAAAABpeOZl8ZCJ... 23 - - tx57fc05551d4c4619bd3f7-006978e6de - 0.0145 - - 1769531102.194711447 1769531102.209177256 0
Jan 27 16:25:02 standalone container-server[127493]: 172.20.0.100 - - [27/Jan/2026:16:25:02 +0000] "PUT /d1/986/AUTH_f710e03ba52a4857a1ae10860ed8a0ab/gnocchi.c0d41e8a-8c1a-4e6f-a507-feb72fb94901/none_v3" 201 - "PUT http://172.18.0.2:8080/d1/482/AUTH_f710e03ba52a4857a1ae10860ed8a0ab/gnocchi.c0d41e8a-8c1a-4e6f-a507-feb72fb94901/none_v3" "tx340701a752d740738ba3f-006978e6de" "object-server 22" 0.0004 "-" 17 0
Jan 27 16:25:02 standalone object-server[127746]: 172.20.0.100 - - [27/Jan/2026:16:25:02 +0000] "PUT /d1/482/AUTH_f710e03ba52a4857a1ae10860ed8a0ab/gnocchi.c0d41e8a-8c1a-4e6f-a507-feb72fb94901/none_v3" 201 - "PUT http://172.18.0.2:8080/v1/AUTH_f710e03ba52a4857a1ae10860ed8a0ab/gnocchi.c0d41e8a-8c1a-4e6f-a507-feb72fb94901/none_v3" "tx340701a752d740738ba3f-006978e6de" "proxy-server 20" 0.0088 "-" 22 0
Jan 27 16:25:02 standalone proxy-server[129382]: 172.18.0.2 172.18.0.100 27/Jan/2026/16/25/02 PUT /v1/AUTH_f710e03ba52a4857a1ae10860ed8a0ab/gnocchi.c0d41e8a-8c1a-4e6f-a507-feb72fb94901/none_v3 HTTP/1.0 201 - python-swiftclient-3.11.1 gAAAAABpeOZl8ZCJ... 22 - - tx340701a752d740738ba3f-006978e6de - 0.0136 - - 1769531102.212906122 1769531102.226487875 0
Jan 27 16:25:02 standalone object-server[127742]: 172.20.0.100 - - [27/Jan/2026:16:25:02 +0000] "GET /d1/997/AUTH_f710e03ba52a4857a1ae10860ed8a0ab/gnocchi.ed2ce7ce-4473-42cb-acd2-0332f4fe8b09/none_v3" 200 22 "GET http://172.18.0.2:8080/v1/AUTH_f710e03ba52a4857a1ae10860ed8a0ab/gnocchi.ed2ce7ce-4473-42cb-acd2-0332f4fe8b09/none_v3" "txf83ec322022f42ada301c-006978e6de" "proxy-server 20" 0.0006 "-" 19 0
Jan 27 16:25:02 standalone proxy-server[129382]: 172.18.0.2 172.18.0.100 27/Jan/2026/16/25/02 GET /v1/AUTH_f710e03ba52a4857a1ae10860ed8a0ab/gnocchi.ed2ce7ce-4473-42cb-acd2-0332f4fe8b09/none_v3 HTTP/1.0 200 - python-swiftclient-3.11.1 gAAAAABpeOZl8ZCJ... - 22 - txf83ec322022f42ada301c-006978e6de - 0.0075 - - 1769531102.239621878 1769531102.247148037 0
Jan 27 16:25:02 standalone container-server[127493]: 172.20.0.100 - - [27/Jan/2026:16:25:02 +0000] "GET /d1/373/AUTH_f710e03ba52a4857a1ae10860ed8a0ab/gnocchi.ed2ce7ce-4473-42cb-acd2-0332f4fe8b09" 200 357 "GET http://172.18.0.2:8080/v1/AUTH_f710e03ba52a4857a1ae10860ed8a0ab/gnocchi.ed2ce7ce-4473-42cb-acd2-0332f4fe8b09?format=json&states=listing" "tx17e9a9a4856f436994b41-006978e6de" "proxy-server 20" 0.0112 "-" 17 0
Jan 27 16:25:02 standalone proxy-server[129382]: 172.18.0.2 172.18.0.100 27/Jan/2026/16/25/02 GET /v1/AUTH_f710e03ba52a4857a1ae10860ed8a0ab/gnocchi.ed2ce7ce-4473-42cb-acd2-0332f4fe8b09%3Fformat%3Djson%26states%3Dlisting HTTP/1.0 200 - python-swiftclient-3.11.1 gAAAAABpeOZl8ZCJ... - 357 - tx17e9a9a4856f436994b41-006978e6de - 0.0199 - - 1769531102.252513885 1769531102.272456646 0
Jan 27 16:25:02 standalone container-server[127473]: 172.20.0.100 - - [27/Jan/2026:16:25:02 +0000] "GET /d1/373/AUTH_f710e03ba52a4857a1ae10860ed8a0ab/gnocchi.ed2ce7ce-4473-42cb-acd2-0332f4fe8b09" 200 2 "GET http://172.18.0.2:8080/v1/AUTH_f710e03ba52a4857a1ae10860ed8a0ab/gnocchi.ed2ce7ce-4473-42cb-acd2-0332f4fe8b09?format=json&marker=none_v3&states=listing" "tx60f41b8cf9e6415faa19f-006978e6de" "proxy-server 20" 0.0033 "-" 14 0
Jan 27 16:25:02 standalone proxy-server[129382]: 172.18.0.2 172.18.0.100 27/Jan/2026/16/25/02 GET /v1/AUTH_f710e03ba52a4857a1ae10860ed8a0ab/gnocchi.ed2ce7ce-4473-42cb-acd2-0332f4fe8b09%3Fformat%3Djson%26marker%3Dnone_v3%26states%3Dlisting HTTP/1.0 200 - python-swiftclient-3.11.1 gAAAAABpeOZl8ZCJ... - 2 - tx60f41b8cf9e6415faa19f-006978e6de - 0.0131 - - 1769531102.278797388 1769531102.291937828 0
Jan 27 16:25:02 standalone object-server[127749]: 172.20.0.100 - - [27/Jan/2026:16:25:02 +0000] "GET /d1/193/AUTH_f710e03ba52a4857a1ae10860ed8a0ab/gnocchi.ed2ce7ce-4473-42cb-acd2-0332f4fe8b09/1769040000.0_mean_300.0_v3" 200 16 "GET http://172.18.0.2:8080/v1/AUTH_f710e03ba52a4857a1ae10860ed8a0ab/gnocchi.ed2ce7ce-4473-42cb-acd2-0332f4fe8b09/1769040000.0_mean_300.0_v3" "tx34779a84c43e49519c9f5-006978e6de" "proxy-server 20" 0.0008 "-" 23 0
Jan 27 16:25:02 standalone proxy-server[129382]: 172.18.0.2 172.18.0.100 27/Jan/2026/16/25/02 GET /v1/AUTH_f710e03ba52a4857a1ae10860ed8a0ab/gnocchi.ed2ce7ce-4473-42cb-acd2-0332f4fe8b09/1769040000.0_mean_300.0_v3 HTTP/1.0 200 - python-swiftclient-3.11.1 gAAAAABpeOZl8ZCJ... - 16 - tx34779a84c43e49519c9f5-006978e6de - 0.0090 - - 1769531102.297078371 1769531102.306031466 0
Jan 27 16:25:02 standalone container-server[127493]: 172.20.0.100 - - [27/Jan/2026:16:25:02 +0000] "PUT /d1/373/AUTH_f710e03ba52a4857a1ae10860ed8a0ab/gnocchi.ed2ce7ce-4473-42cb-acd2-0332f4fe8b09/1769040000.0_mean_300.0_v3" 201 - "PUT http://172.18.0.2:8080/d1/193/AUTH_f710e03ba52a4857a1ae10860ed8a0ab/gnocchi.ed2ce7ce-4473-42cb-acd2-0332f4fe8b09/1769040000.0_mean_300.0_v3" "txc189ae8ced3b4f3d95aee-006978e6de" "object-server 24" 0.0008 "-" 17 0
Jan 27 16:25:02 standalone object-server[127750]: 172.20.0.100 - - [27/Jan/2026:16:25:02 +0000] "PUT /d1/193/AUTH_f710e03ba52a4857a1ae10860ed8a0ab/gnocchi.ed2ce7ce-4473-42cb-acd2-0332f4fe8b09/1769040000.0_mean_300.0_v3" 201 - "PUT http://172.18.0.2:8080/v1/AUTH_f710e03ba52a4857a1ae10860ed8a0ab/gnocchi.ed2ce7ce-4473-42cb-acd2-0332f4fe8b09/1769040000.0_mean_300.0_v3" "txc189ae8ced3b4f3d95aee-006978e6de" "proxy-server 20" 0.0104 "-" 24 0
Jan 27 16:25:02 standalone proxy-server[129382]: 172.18.0.2 172.18.0.100 27/Jan/2026/16/25/02 PUT /v1/AUTH_f710e03ba52a4857a1ae10860ed8a0ab/gnocchi.ed2ce7ce-4473-42cb-acd2-0332f4fe8b09/1769040000.0_mean_300.0_v3 HTTP/1.0 201 - python-swiftclient-3.11.1 gAAAAABpeOZl8ZCJ... 23 - - txc189ae8ced3b4f3d95aee-006978e6de - 0.0178 - - 1769531102.310380697 1769531102.328140974 0
Jan 27 16:25:02 standalone container-server[127479]: 172.20.0.100 - - [27/Jan/2026:16:25:02 +0000] "PUT /d1/373/AUTH_f710e03ba52a4857a1ae10860ed8a0ab/gnocchi.ed2ce7ce-4473-42cb-acd2-0332f4fe8b09/none_v3" 201 - "PUT http://172.18.0.2:8080/d1/997/AUTH_f710e03ba52a4857a1ae10860ed8a0ab/gnocchi.ed2ce7ce-4473-42cb-acd2-0332f4fe8b09/none_v3" "txdfe0ec0a8f614c5bacaa5-006978e6de" "object-server 22" 0.0007 "-" 15 0
Jan 27 16:25:02 standalone object-server[127746]: 172.20.0.100 - - [27/Jan/2026:16:25:02 +0000] "PUT /d1/997/AUTH_f710e03ba52a4857a1ae10860ed8a0ab/gnocchi.ed2ce7ce-4473-42cb-acd2-0332f4fe8b09/none_v3" 201 - "PUT http://172.18.0.2:8080/v1/AUTH_f710e03ba52a4857a1ae10860ed8a0ab/gnocchi.ed2ce7ce-4473-42cb-acd2-0332f4fe8b09/none_v3" "txdfe0ec0a8f614c5bacaa5-006978e6de" "proxy-server 20" 0.0119 "-" 22 0
Jan 27 16:25:02 standalone proxy-server[129382]: 172.18.0.2 172.18.0.100 27/Jan/2026/16/25/02 PUT /v1/AUTH_f710e03ba52a4857a1ae10860ed8a0ab/gnocchi.ed2ce7ce-4473-42cb-acd2-0332f4fe8b09/none_v3 HTTP/1.0 201 - python-swiftclient-3.11.1 gAAAAABpeOZl8ZCJ... 22 - - txdfe0ec0a8f614c5bacaa5-006978e6de - 0.0196 - - 1769531102.332579851 1769531102.352156878 0
Jan 27 16:25:02 standalone object-server[127746]: 172.20.0.100 - - [27/Jan/2026:16:25:02 +0000] "GET /d1/529/AUTH_f710e03ba52a4857a1ae10860ed8a0ab/gnocchi.b60e66a9-2114-4836-8566-c90d5248dad1/none_v3" 200 22 "GET http://172.18.0.2:8080/v1/AUTH_f710e03ba52a4857a1ae10860ed8a0ab/gnocchi.b60e66a9-2114-4836-8566-c90d5248dad1/none_v3" "tx5988c66c8bb448968c085-006978e6de" "proxy-server 20" 0.0011 "-" 22 0
Jan 27 16:25:02 standalone proxy-server[129382]: 172.18.0.2 172.18.0.100 27/Jan/2026/16/25/02 GET /v1/AUTH_f710e03ba52a4857a1ae10860ed8a0ab/gnocchi.b60e66a9-2114-4836-8566-c90d5248dad1/none_v3 HTTP/1.0 200 - python-swiftclient-3.11.1 gAAAAABpeOZl8ZCJ... - 22 - tx5988c66c8bb448968c085-006978e6de - 0.0099 - - 1769531102.390710831 1769531102.400620937 0
Jan 27 16:25:02 standalone container-server[127479]: 172.20.0.100 - - [27/Jan/2026:16:25:02 +0000] "GET /d1/260/AUTH_f710e03ba52a4857a1ae10860ed8a0ab/gnocchi.b60e66a9-2114-4836-8566-c90d5248dad1" 200 357 "GET http://172.18.0.2:8080/v1/AUTH_f710e03ba52a4857a1ae10860ed8a0ab/gnocchi.b60e66a9-2114-4836-8566-c90d5248dad1?format=json&states=listing" "txc83af68dcf3a4fd4a793d-006978e6de" "proxy-server 20" 0.0103 "-" 15 0
Jan 27 16:25:02 standalone proxy-server[129382]: 172.18.0.2 172.18.0.100 27/Jan/2026/16/25/02 GET /v1/AUTH_f710e03ba52a4857a1ae10860ed8a0ab/gnocchi.b60e66a9-2114-4836-8566-c90d5248dad1%3Fformat%3Djson%26states%3Dlisting HTTP/1.0 200 - python-swiftclient-3.11.1 gAAAAABpeOZl8ZCJ... - 357 - txc83af68dcf3a4fd4a793d-006978e6de - 0.0196 - - 1769531102.405327797 1769531102.424904108 0
Jan 27 16:25:02 standalone container-server[127493]: 172.20.0.100 - - [27/Jan/2026:16:25:02 +0000] "GET /d1/260/AUTH_f710e03ba52a4857a1ae10860ed8a0ab/gnocchi.b60e66a9-2114-4836-8566-c90d5248dad1" 200 2 "GET http://172.18.0.2:8080/v1/AUTH_f710e03ba52a4857a1ae10860ed8a0ab/gnocchi.b60e66a9-2114-4836-8566-c90d5248dad1?format=json&marker=none_v3&states=listing" "txd49bf671dc7c481bbd8b0-006978e6de" "proxy-server 20" 0.0050 "-" 17 0
Jan 27 16:25:02 standalone proxy-server[129382]: 172.18.0.2 172.18.0.100 27/Jan/2026/16/25/02 GET /v1/AUTH_f710e03ba52a4857a1ae10860ed8a0ab/gnocchi.b60e66a9-2114-4836-8566-c90d5248dad1%3Fformat%3Djson%26marker%3Dnone_v3%26states%3Dlisting HTTP/1.0 200 - python-swiftclient-3.11.1 gAAAAABpeOZl8ZCJ... - 2 - txd49bf671dc7c481bbd8b0-006978e6de - 0.0143 - - 1769531102.429493666 1769531102.443759203 0
Jan 27 16:25:02 standalone object-server[127750]: 172.20.0.100 - - [27/Jan/2026:16:25:02 +0000] "GET /d1/192/AUTH_f710e03ba52a4857a1ae10860ed8a0ab/gnocchi.b60e66a9-2114-4836-8566-c90d5248dad1/1769040000.0_mean_300.0_v3" 200 16 "GET http://172.18.0.2:8080/v1/AUTH_f710e03ba52a4857a1ae10860ed8a0ab/gnocchi.b60e66a9-2114-4836-8566-c90d5248dad1/1769040000.0_mean_300.0_v3" "txcfd60e7287b04303b5132-006978e6de" "proxy-server 20" 0.0011 "-" 24 0
Jan 27 16:25:02 standalone proxy-server[129382]: 172.18.0.2 172.18.0.100 27/Jan/2026/16/25/02 GET /v1/AUTH_f710e03ba52a4857a1ae10860ed8a0ab/gnocchi.b60e66a9-2114-4836-8566-c90d5248dad1/1769040000.0_mean_300.0_v3 HTTP/1.0 200 - python-swiftclient-3.11.1 gAAAAABpeOZl8ZCJ... - 16 - txcfd60e7287b04303b5132-006978e6de - 0.0096 - - 1769531102.448994637 1769531102.458576679 0
Jan 27 16:25:02 standalone container-server[127479]: 172.20.0.100 - - [27/Jan/2026:16:25:02 +0000] "PUT /d1/260/AUTH_f710e03ba52a4857a1ae10860ed8a0ab/gnocchi.b60e66a9-2114-4836-8566-c90d5248dad1/1769040000.0_mean_300.0_v3" 201 - "PUT http://172.18.0.2:8080/d1/192/AUTH_f710e03ba52a4857a1ae10860ed8a0ab/gnocchi.b60e66a9-2114-4836-8566-c90d5248dad1/1769040000.0_mean_300.0_v3" "txb0d92470cf0f4aadba74a-006978e6de" "object-server 24" 0.0007 "-" 15 0
Jan 27 16:25:02 standalone object-server[127750]: 172.20.0.100 - - [27/Jan/2026:16:25:02 +0000] "PUT /d1/192/AUTH_f710e03ba52a4857a1ae10860ed8a0ab/gnocchi.b60e66a9-2114-4836-8566-c90d5248dad1/1769040000.0_mean_300.0_v3" 201 - "PUT http://172.18.0.2:8080/v1/AUTH_f710e03ba52a4857a1ae10860ed8a0ab/gnocchi.b60e66a9-2114-4836-8566-c90d5248dad1/1769040000.0_mean_300.0_v3" "txb0d92470cf0f4aadba74a-006978e6de" "proxy-server 20" 0.0114 "-" 24 0
Jan 27 16:25:02 standalone proxy-server[129382]: 172.18.0.2 172.18.0.100 27/Jan/2026/16/25/02 PUT /v1/AUTH_f710e03ba52a4857a1ae10860ed8a0ab/gnocchi.b60e66a9-2114-4836-8566-c90d5248dad1/1769040000.0_mean_300.0_v3 HTTP/1.0 201 - python-swiftclient-3.11.1 gAAAAABpeOZl8ZCJ... 23 - - txb0d92470cf0f4aadba74a-006978e6de - 0.0193 - - 1769531102.462754250 1769531102.482007742 0
Jan 27 16:25:02 standalone container-server[127479]: 172.20.0.100 - - [27/Jan/2026:16:25:02 +0000] "PUT /d1/260/AUTH_f710e03ba52a4857a1ae10860ed8a0ab/gnocchi.b60e66a9-2114-4836-8566-c90d5248dad1/none_v3" 201 - "PUT http://172.18.0.2:8080/d1/529/AUTH_f710e03ba52a4857a1ae10860ed8a0ab/gnocchi.b60e66a9-2114-4836-8566-c90d5248dad1/none_v3" "tx6494e61bf07446a6a4066-006978e6de" "object-server 24" 0.0007 "-" 15 0
Jan 27 16:25:02 standalone object-server[127750]: 172.20.0.100 - - [27/Jan/2026:16:25:02 +0000] "PUT /d1/529/AUTH_f710e03ba52a4857a1ae10860ed8a0ab/gnocchi.b60e66a9-2114-4836-8566-c90d5248dad1/none_v3" 201 - "PUT http://172.18.0.2:8080/v1/AUTH_f710e03ba52a4857a1ae10860ed8a0ab/gnocchi.b60e66a9-2114-4836-8566-c90d5248dad1/none_v3" "tx6494e61bf07446a6a4066-006978e6de" "proxy-server 20" 0.0129 "-" 24 0
Jan 27 16:25:02 standalone proxy-server[129382]: 172.18.0.2 172.18.0.100 27/Jan/2026/16/25/02 PUT /v1/AUTH_f710e03ba52a4857a1ae10860ed8a0ab/gnocchi.b60e66a9-2114-4836-8566-c90d5248dad1/none_v3 HTTP/1.0 201 - python-swiftclient-3.11.1 gAAAAABpeOZl8ZCJ... 22 - - tx6494e61bf07446a6a4066-006978e6de - 0.0208 - - 1769531102.486197710 1769531102.506971359 0
Jan 27 16:25:02 standalone object-server[127749]: 172.20.0.100 - - [27/Jan/2026:16:25:02 +0000] "GET /d1/1012/AUTH_f710e03ba52a4857a1ae10860ed8a0ab/gnocchi.158c29c6-37e8-4902-870c-b6b1dfb6c298/none_v3" 200 22 "GET http://172.18.0.2:8080/v1/AUTH_f710e03ba52a4857a1ae10860ed8a0ab/gnocchi.158c29c6-37e8-4902-870c-b6b1dfb6c298/none_v3" "tx9e54760661e647cdb864d-006978e6de" "proxy-server 20" 0.0011 "-" 23 0
Jan 27 16:25:02 standalone proxy-server[129382]: 172.18.0.2 172.18.0.100 27/Jan/2026/16/25/02 GET /v1/AUTH_f710e03ba52a4857a1ae10860ed8a0ab/gnocchi.158c29c6-37e8-4902-870c-b6b1dfb6c298/none_v3 HTTP/1.0 200 - python-swiftclient-3.11.1 gAAAAABpeOZl8ZCJ... - 22 - tx9e54760661e647cdb864d-006978e6de - 0.0100 - - 1769531102.521065474 1769531102.531066418 0
Jan 27 16:25:02 standalone container-server[127479]: 172.20.0.100 - - [27/Jan/2026:16:25:02 +0000] "GET /d1/941/AUTH_f710e03ba52a4857a1ae10860ed8a0ab/gnocchi.158c29c6-37e8-4902-870c-b6b1dfb6c298" 200 357 "GET http://172.18.0.2:8080/v1/AUTH_f710e03ba52a4857a1ae10860ed8a0ab/gnocchi.158c29c6-37e8-4902-870c-b6b1dfb6c298?format=json&states=listing" "tx8fbb712748f242a0a61d7-006978e6de" "proxy-server 20" 0.0096 "-" 15 0
Jan 27 16:25:02 standalone proxy-server[129382]: 172.18.0.2 172.18.0.100 27/Jan/2026/16/25/02 GET /v1/AUTH_f710e03ba52a4857a1ae10860ed8a0ab/gnocchi.158c29c6-37e8-4902-870c-b6b1dfb6c298%3Fformat%3Djson%26states%3Dlisting HTTP/1.0 200 - python-swiftclient-3.11.1 gAAAAABpeOZl8ZCJ... - 357 - tx8fbb712748f242a0a61d7-006978e6de - 0.0206 - - 1769531102.538334370 1769531102.558895111 0
Jan 27 16:25:02 standalone container-server[127493]: 172.20.0.100 - - [27/Jan/2026:16:25:02 +0000] "GET /d1/941/AUTH_f710e03ba52a4857a1ae10860ed8a0ab/gnocchi.158c29c6-37e8-4902-870c-b6b1dfb6c298" 200 2 "GET http://172.18.0.2:8080/v1/AUTH_f710e03ba52a4857a1ae10860ed8a0ab/gnocchi.158c29c6-37e8-4902-870c-b6b1dfb6c298?format=json&marker=none_v3&states=listing" "txd476f258e77546b49dec7-006978e6de" "proxy-server 20" 0.0056 "-" 17 0
Jan 27 16:25:02 standalone proxy-server[129382]: 172.18.0.2 172.18.0.100 27/Jan/2026/16/25/02 GET /v1/AUTH_f710e03ba52a4857a1ae10860ed8a0ab/gnocchi.158c29c6-37e8-4902-870c-b6b1dfb6c298%3Fformat%3Djson%26marker%3Dnone_v3%26states%3Dlisting HTTP/1.0 200 - python-swiftclient-3.11.1 gAAAAABpeOZl8ZCJ... - 2 - txd476f258e77546b49dec7-006978e6de - 0.0161 - - 1769531102.562825203 1769531102.578905344 0
Jan 27 16:25:02 standalone object-server[127742]: 172.20.0.100 - - [27/Jan/2026:16:25:02 +0000] "GET /d1/425/AUTH_f710e03ba52a4857a1ae10860ed8a0ab/gnocchi.158c29c6-37e8-4902-870c-b6b1dfb6c298/1769040000.0_mean_300.0_v3" 200 16 "GET http://172.18.0.2:8080/v1/AUTH_f710e03ba52a4857a1ae10860ed8a0ab/gnocchi.158c29c6-37e8-4902-870c-b6b1dfb6c298/1769040000.0_mean_300.0_v3" "tx08103f84c199448aa7e4b-006978e6de" "proxy-server 20" 0.0012 "-" 19 0
Jan 27 16:25:02 standalone proxy-server[129382]: 172.18.0.2 172.18.0.100 27/Jan/2026/16/25/02 GET /v1/AUTH_f710e03ba52a4857a1ae10860ed8a0ab/gnocchi.158c29c6-37e8-4902-870c-b6b1dfb6c298/1769040000.0_mean_300.0_v3 HTTP/1.0 200 - python-swiftclient-3.11.1 gAAAAABpeOZl8ZCJ... - 16 - tx08103f84c199448aa7e4b-006978e6de - 0.0083 - - 1769531102.585253716 1769531102.593516111 0
Jan 27 16:25:02 standalone container-server[127473]: 172.20.0.100 - - [27/Jan/2026:16:25:02 +0000] "PUT /d1/941/AUTH_f710e03ba52a4857a1ae10860ed8a0ab/gnocchi.158c29c6-37e8-4902-870c-b6b1dfb6c298/1769040000.0_mean_300.0_v3" 201 - "PUT http://172.18.0.2:8080/d1/425/AUTH_f710e03ba52a4857a1ae10860ed8a0ab/gnocchi.158c29c6-37e8-4902-870c-b6b1dfb6c298/1769040000.0_mean_300.0_v3" "txe97254f13ecf4bf590518-006978e6de" "object-server 24" 0.0006 "-" 14 0
Jan 27 16:25:02 standalone object-server[127750]: 172.20.0.100 - - [27/Jan/2026:16:25:02 +0000] "PUT /d1/425/AUTH_f710e03ba52a4857a1ae10860ed8a0ab/gnocchi.158c29c6-37e8-4902-870c-b6b1dfb6c298/1769040000.0_mean_300.0_v3" 201 - "PUT http://172.18.0.2:8080/v1/AUTH_f710e03ba52a4857a1ae10860ed8a0ab/gnocchi.158c29c6-37e8-4902-870c-b6b1dfb6c298/1769040000.0_mean_300.0_v3" "txe97254f13ecf4bf590518-006978e6de" "proxy-server 20" 0.0091 "-" 24 0
Jan 27 16:25:02 standalone proxy-server[129382]: 172.18.0.2 172.18.0.100 27/Jan/2026/16/25/02 PUT /v1/AUTH_f710e03ba52a4857a1ae10860ed8a0ab/gnocchi.158c29c6-37e8-4902-870c-b6b1dfb6c298/1769040000.0_mean_300.0_v3 HTTP/1.0 201 - python-swiftclient-3.11.1 gAAAAABpeOZl8ZCJ... 23 - - txe97254f13ecf4bf590518-006978e6de - 0.0141 - - 1769531102.597280502 1769531102.611333370 0
Jan 27 16:25:02 standalone container-server[127493]: 172.20.0.100 - - [27/Jan/2026:16:25:02 +0000] "PUT /d1/941/AUTH_f710e03ba52a4857a1ae10860ed8a0ab/gnocchi.158c29c6-37e8-4902-870c-b6b1dfb6c298/none_v3" 201 - "PUT http://172.18.0.2:8080/d1/1012/AUTH_f710e03ba52a4857a1ae10860ed8a0ab/gnocchi.158c29c6-37e8-4902-870c-b6b1dfb6c298/none_v3" "txbd26b9b79ac74399860ce-006978e6de" "object-server 24" 0.0006 "-" 17 0
Jan 27 16:25:02 standalone object-server[127750]: 172.20.0.100 - - [27/Jan/2026:16:25:02 +0000] "PUT /d1/1012/AUTH_f710e03ba52a4857a1ae10860ed8a0ab/gnocchi.158c29c6-37e8-4902-870c-b6b1dfb6c298/none_v3" 201 - "PUT http://172.18.0.2:8080/v1/AUTH_f710e03ba52a4857a1ae10860ed8a0ab/gnocchi.158c29c6-37e8-4902-870c-b6b1dfb6c298/none_v3" "txbd26b9b79ac74399860ce-006978e6de" "proxy-server 20" 0.0104 "-" 24 0
Jan 27 16:25:02 standalone proxy-server[129382]: 172.18.0.2 172.18.0.100 27/Jan/2026/16/25/02 PUT /v1/AUTH_f710e03ba52a4857a1ae10860ed8a0ab/gnocchi.158c29c6-37e8-4902-870c-b6b1dfb6c298/none_v3 HTTP/1.0 201 - python-swiftclient-3.11.1 gAAAAABpeOZl8ZCJ... 22 - - txbd26b9b79ac74399860ce-006978e6de - 0.0152 - - 1769531102.614911318 1769531102.630154610 0
Jan 27 16:25:06 standalone container-server[127493]: 172.20.0.100 - - [27/Jan/2026:16:25:06 +0000] "HEAD /d1/637/AUTH_f710e03ba52a4857a1ae10860ed8a0ab/gnocchi.46904b6a-aa08-495b-8dfd-c835e1172ed1" 404 - "HEAD http://172.18.0.2:8080/v1/AUTH_f710e03ba52a4857a1ae10860ed8a0ab/gnocchi.46904b6a-aa08-495b-8dfd-c835e1172ed1?format=json&states=listing" "txce26ccbf084b402a8a311-006978e6e2" "proxy-server 20" 0.0010 "-" 17 0
Jan 27 16:25:06 standalone object-server[127749]: 172.20.0.100 - - [27/Jan/2026:16:25:06 +0000] "GET /d1/874/AUTH_f710e03ba52a4857a1ae10860ed8a0ab/gnocchi.46904b6a-aa08-495b-8dfd-c835e1172ed1/none_v3" 404 70 "GET http://172.18.0.2:8080/v1/AUTH_f710e03ba52a4857a1ae10860ed8a0ab/gnocchi.46904b6a-aa08-495b-8dfd-c835e1172ed1/none_v3" "txce26ccbf084b402a8a311-006978e6e2" "proxy-server 20" 0.0007 "-" 23 0
Jan 27 16:25:06 standalone proxy-server[129382]: 172.18.0.2 172.18.0.100 27/Jan/2026/16/25/06 GET /v1/AUTH_f710e03ba52a4857a1ae10860ed8a0ab/gnocchi.46904b6a-aa08-495b-8dfd-c835e1172ed1/none_v3 HTTP/1.0 404 - python-swiftclient-3.11.1 gAAAAABpeOZl8ZCJ... - 70 - txce26ccbf084b402a8a311-006978e6e2 - 0.0170 - - 1769531106.052399635 1769531106.069408655 0
Jan 27 16:25:06 standalone account-server[127478]: 172.20.0.100 - - [27/Jan/2026:16:25:06 +0000] "PUT /d1/323/AUTH_f710e03ba52a4857a1ae10860ed8a0ab/gnocchi.46904b6a-aa08-495b-8dfd-c835e1172ed1" 201 - "PUT http://172.20.0.100:6001/d1/637/AUTH_f710e03ba52a4857a1ae10860ed8a0ab/gnocchi.46904b6a-aa08-495b-8dfd-c835e1172ed1" "txfeba5863967c42b798f5d-006978e6e2" "container-server 14" 0.0024 "-" 17 0
Jan 27 16:25:06 standalone container-server[127473]: 172.20.0.100 - - [27/Jan/2026:16:25:06 +0000] "PUT /d1/637/AUTH_f710e03ba52a4857a1ae10860ed8a0ab/gnocchi.46904b6a-aa08-495b-8dfd-c835e1172ed1" 201 - "PUT http://172.18.0.2:8080/v1/AUTH_f710e03ba52a4857a1ae10860ed8a0ab/gnocchi.46904b6a-aa08-495b-8dfd-c835e1172ed1" "txfeba5863967c42b798f5d-006978e6e2" "proxy-server 20" 0.0207 "-" 14 0
Jan 27 16:25:06 standalone proxy-server[129382]: 172.18.0.2 172.18.0.100 27/Jan/2026/16/25/06 PUT /v1/AUTH_f710e03ba52a4857a1ae10860ed8a0ab/gnocchi.46904b6a-aa08-495b-8dfd-c835e1172ed1 HTTP/1.0 201 - python-swiftclient-3.11.1 gAAAAABpeOZl8ZCJ... - - - txfeba5863967c42b798f5d-006978e6e2 - 0.0266 - - 1769531106.073661804 1769531106.100273371 0
Jan 27 16:25:06 standalone container-server[127479]: 172.20.0.100 - - [27/Jan/2026:16:25:06 +0000] "HEAD /d1/637/AUTH_f710e03ba52a4857a1ae10860ed8a0ab/gnocchi.46904b6a-aa08-495b-8dfd-c835e1172ed1" 204 - "HEAD http://172.18.0.2:8080/v1/AUTH_f710e03ba52a4857a1ae10860ed8a0ab/gnocchi.46904b6a-aa08-495b-8dfd-c835e1172ed1?format=json&states=listing" "tx78d4b203345d4e67a43a8-006978e6e2" "proxy-server 20" 0.0015 "-" 15 0
Jan 27 16:25:06 standalone proxy-server[129382]: - - 27/Jan/2026/16/25/06 HEAD /v1/AUTH_f710e03ba52a4857a1ae10860ed8a0ab/gnocchi.46904b6a-aa08-495b-8dfd-c835e1172ed1%3Fformat%3Djson%26states%3Dlisting HTTP/1.0 204 - Swift - - - - tx78d4b203345d4e67a43a8-006978e6e2 - 0.0051 RL - 1769531106.106904984 1769531106.112014532 0
Jan 27 16:25:06 standalone container-server[127492]: 172.20.0.100 - - [27/Jan/2026:16:25:06 +0000] "GET /d1/637/AUTH_f710e03ba52a4857a1ae10860ed8a0ab/gnocchi.46904b6a-aa08-495b-8dfd-c835e1172ed1" 200 2 "GET http://172.18.0.2:8080/v1/AUTH_f710e03ba52a4857a1ae10860ed8a0ab/gnocchi.46904b6a-aa08-495b-8dfd-c835e1172ed1?format=json&states=listing" "tx78d4b203345d4e67a43a8-006978e6e2" "proxy-server 20" 0.0034 "-" 16 0
Jan 27 16:25:06 standalone proxy-server[129382]: 172.18.0.2 172.18.0.100 27/Jan/2026/16/25/06 GET /v1/AUTH_f710e03ba52a4857a1ae10860ed8a0ab/gnocchi.46904b6a-aa08-495b-8dfd-c835e1172ed1%3Fformat%3Djson%26states%3Dlisting HTTP/1.0 200 - python-swiftclient-3.11.1 gAAAAABpeOZl8ZCJ... - 2 - tx78d4b203345d4e67a43a8-006978e6e2 - 0.0174 - - 1769531106.105760098 1769531106.123167276 0
Jan 27 16:25:06 standalone object-server[127749]: 172.20.0.100 - - [27/Jan/2026:16:25:06 +0000] "GET /d1/119/AUTH_f710e03ba52a4857a1ae10860ed8a0ab/gnocchi.46904b6a-aa08-495b-8dfd-c835e1172ed1/1769040000.0_mean_300.0_v3" 404 70 "GET http://172.18.0.2:8080/v1/AUTH_f710e03ba52a4857a1ae10860ed8a0ab/gnocchi.46904b6a-aa08-495b-8dfd-c835e1172ed1/1769040000.0_mean_300.0_v3" "tx094f5288c53e44f4b5705-006978e6e2" "proxy-server 20" 0.0005 "-" 23 0
Jan 27 16:25:06 standalone proxy-server[129382]: 172.18.0.2 172.18.0.100 27/Jan/2026/16/25/06 GET /v1/AUTH_f710e03ba52a4857a1ae10860ed8a0ab/gnocchi.46904b6a-aa08-495b-8dfd-c835e1172ed1/1769040000.0_mean_300.0_v3 HTTP/1.0 404 - python-swiftclient-3.11.1 gAAAAABpeOZl8ZCJ... - 70 - tx094f5288c53e44f4b5705-006978e6e2 - 0.0076 - - 1769531106.127772093 1769531106.135340691 0
Jan 27 16:25:06 standalone container-server[127473]: 172.20.0.100 - - [27/Jan/2026:16:25:06 +0000] "PUT /d1/637/AUTH_f710e03ba52a4857a1ae10860ed8a0ab/gnocchi.46904b6a-aa08-495b-8dfd-c835e1172ed1/1769040000.0_mean_300.0_v3" 201 - "PUT http://172.18.0.2:8080/d1/119/AUTH_f710e03ba52a4857a1ae10860ed8a0ab/gnocchi.46904b6a-aa08-495b-8dfd-c835e1172ed1/1769040000.0_mean_300.0_v3" "tx1b208ba7a07b4b8784327-006978e6e2" "object-server 22" 0.0008 "-" 14 0
Jan 27 16:25:06 standalone object-server[127746]: 172.20.0.100 - - [27/Jan/2026:16:25:06 +0000] "PUT /d1/119/AUTH_f710e03ba52a4857a1ae10860ed8a0ab/gnocchi.46904b6a-aa08-495b-8dfd-c835e1172ed1/1769040000.0_mean_300.0_v3" 201 - "PUT http://172.18.0.2:8080/v1/AUTH_f710e03ba52a4857a1ae10860ed8a0ab/gnocchi.46904b6a-aa08-495b-8dfd-c835e1172ed1/1769040000.0_mean_300.0_v3" "tx1b208ba7a07b4b8784327-006978e6e2" "proxy-server 20" 0.0116 "-" 22 0
Jan 27 16:25:06 standalone proxy-server[129382]: 172.18.0.2 172.18.0.100 27/Jan/2026/16/25/06 PUT /v1/AUTH_f710e03ba52a4857a1ae10860ed8a0ab/gnocchi.46904b6a-aa08-495b-8dfd-c835e1172ed1/1769040000.0_mean_300.0_v3 HTTP/1.0 201 - python-swiftclient-3.11.1 gAAAAABpeOZl8ZCJ... 16 - - tx1b208ba7a07b4b8784327-006978e6e2 - 0.0252 - - 1769531106.139023304 1769531106.164207935 0
Jan 27 16:25:06 standalone container-server[127473]: 172.20.0.100 - - [27/Jan/2026:16:25:06 +0000] "PUT /d1/637/AUTH_f710e03ba52a4857a1ae10860ed8a0ab/gnocchi.46904b6a-aa08-495b-8dfd-c835e1172ed1/none_v3" 201 - "PUT http://172.18.0.2:8080/d1/874/AUTH_f710e03ba52a4857a1ae10860ed8a0ab/gnocchi.46904b6a-aa08-495b-8dfd-c835e1172ed1/none_v3" "tx053108e9a5aa41a18b934-006978e6e2" "object-server 23" 0.0007 "-" 14 0
Jan 27 16:25:06 standalone object-server[127749]: 172.20.0.100 - - [27/Jan/2026:16:25:06 +0000] "PUT /d1/874/AUTH_f710e03ba52a4857a1ae10860ed8a0ab/gnocchi.46904b6a-aa08-495b-8dfd-c835e1172ed1/none_v3" 201 - "PUT http://172.18.0.2:8080/v1/AUTH_f710e03ba52a4857a1ae10860ed8a0ab/gnocchi.46904b6a-aa08-495b-8dfd-c835e1172ed1/none_v3" "tx053108e9a5aa41a18b934-006978e6e2" "proxy-server 20" 0.0156 "-" 23 0
Jan 27 16:25:06 standalone proxy-server[129382]: 172.18.0.2 172.18.0.100 27/Jan/2026/16/25/06 PUT /v1/AUTH_f710e03ba52a4857a1ae10860ed8a0ab/gnocchi.46904b6a-aa08-495b-8dfd-c835e1172ed1/none_v3 HTTP/1.0 201 - python-swiftclient-3.11.1 gAAAAABpeOZl8ZCJ... 22 - - tx053108e9a5aa41a18b934-006978e6e2 - 0.0233 - - 1769531106.168874979 1769531106.192144632 0
Jan 27 16:25:06 standalone object-server[127746]: 172.20.0.100 - - [27/Jan/2026:16:25:06 +0000] "GET /d1/118/AUTH_f710e03ba52a4857a1ae10860ed8a0ab/gnocchi.94567d60-596a-4b5c-a635-27dee0c84bbd/none_v3" 200 33 "GET http://172.18.0.2:8080/v1/AUTH_f710e03ba52a4857a1ae10860ed8a0ab/gnocchi.94567d60-596a-4b5c-a635-27dee0c84bbd/none_v3" "txb3036b43bb3f416389004-006978e6e2" "proxy-server 20" 0.0012 "-" 22 0
Jan 27 16:25:06 standalone proxy-server[129382]: 172.18.0.2 172.18.0.100 27/Jan/2026/16/25/06 GET /v1/AUTH_f710e03ba52a4857a1ae10860ed8a0ab/gnocchi.94567d60-596a-4b5c-a635-27dee0c84bbd/none_v3 HTTP/1.0 200 - python-swiftclient-3.11.1 gAAAAABpeOZl8ZCJ... - 33 - txb3036b43bb3f416389004-006978e6e2 - 0.0108 - - 1769531106.281762838 1769531106.292540789 0
Jan 27 16:25:06 standalone container-server[127492]: 172.20.0.100 - - [27/Jan/2026:16:25:06 +0000] "GET /d1/912/AUTH_f710e03ba52a4857a1ae10860ed8a0ab/gnocchi.94567d60-596a-4b5c-a635-27dee0c84bbd" 200 357 "GET http://172.18.0.2:8080/v1/AUTH_f710e03ba52a4857a1ae10860ed8a0ab/gnocchi.94567d60-596a-4b5c-a635-27dee0c84bbd?format=json&states=listing" "tx0cd5574c1910476dafcc5-006978e6e2" "proxy-server 20" 0.0107 "-" 16 0
Jan 27 16:25:06 standalone proxy-server[129382]: 172.18.0.2 172.18.0.100 27/Jan/2026/16/25/06 GET /v1/AUTH_f710e03ba52a4857a1ae10860ed8a0ab/gnocchi.94567d60-596a-4b5c-a635-27dee0c84bbd%3Fformat%3Djson%26states%3Dlisting HTTP/1.0 200 - python-swiftclient-3.11.1 gAAAAABpeOZl8ZCJ... - 357 - tx0cd5574c1910476dafcc5-006978e6e2 - 0.0213 - - 1769531106.299034119 1769531106.320301533 0
Jan 27 16:25:06 standalone container-server[127492]: 172.20.0.100 - - [27/Jan/2026:16:25:06 +0000] "GET /d1/912/AUTH_f710e03ba52a4857a1ae10860ed8a0ab/gnocchi.94567d60-596a-4b5c-a635-27dee0c84bbd" 200 2 "GET http://172.18.0.2:8080/v1/AUTH_f710e03ba52a4857a1ae10860ed8a0ab/gnocchi.94567d60-596a-4b5c-a635-27dee0c84bbd?format=json&marker=none_v3&states=listing" "txe2c7e1d7a98e4289a2c4e-006978e6e2" "proxy-server 20" 0.0040 "-" 16 0
Jan 27 16:25:06 standalone proxy-server[129382]: 172.18.0.2 172.18.0.100 27/Jan/2026/16/25/06 GET /v1/AUTH_f710e03ba52a4857a1ae10860ed8a0ab/gnocchi.94567d60-596a-4b5c-a635-27dee0c84bbd%3Fformat%3Djson%26marker%3Dnone_v3%26states%3Dlisting HTTP/1.0 200 - python-swiftclient-3.11.1 gAAAAABpeOZl8ZCJ... - 2 - txe2c7e1d7a98e4289a2c4e-006978e6e2 - 0.0106 - - 1769531106.323200464 1769531106.333779573 0
Jan 27 16:25:06 standalone object-server[127742]: 172.20.0.100 - - [27/Jan/2026:16:25:06 +0000] "GET /d1/793/AUTH_f710e03ba52a4857a1ae10860ed8a0ab/gnocchi.94567d60-596a-4b5c-a635-27dee0c84bbd/1769040000.0_mean_300.0_v3" 200 16 "GET http://172.18.0.2:8080/v1/AUTH_f710e03ba52a4857a1ae10860ed8a0ab/gnocchi.94567d60-596a-4b5c-a635-27dee0c84bbd/1769040000.0_mean_300.0_v3" "tx3be244f3aaf84c8880592-006978e6e2" "proxy-server 20" 0.0011 "-" 19 0
Jan 27 16:25:06 standalone proxy-server[129382]: 172.18.0.2 172.18.0.100 27/Jan/2026/16/25/06 GET /v1/AUTH_f710e03ba52a4857a1ae10860ed8a0ab/gnocchi.94567d60-596a-4b5c-a635-27dee0c84bbd/1769040000.0_mean_300.0_v3 HTTP/1.0 200 - python-swiftclient-3.11.1 gAAAAABpeOZl8ZCJ... - 16 - tx3be244f3aaf84c8880592-006978e6e2 - 0.0081 - - 1769531106.337271214 1769531106.345327854 0
Jan 27 16:25:06 standalone container-server[127492]: 172.20.0.100 - - [27/Jan/2026:16:25:06 +0000] "PUT /d1/912/AUTH_f710e03ba52a4857a1ae10860ed8a0ab/gnocchi.94567d60-596a-4b5c-a635-27dee0c84bbd/1769040000.0_mean_300.0_v3" 201 - "PUT http://172.18.0.2:8080/d1/793/AUTH_f710e03ba52a4857a1ae10860ed8a0ab/gnocchi.94567d60-596a-4b5c-a635-27dee0c84bbd/1769040000.0_mean_300.0_v3" "tx2304106af7114f18b2582-006978e6e2" "object-server 19" 0.0040 "-" 16 0
Jan 27 16:25:06 standalone object-server[127742]: 172.20.0.100 - - [27/Jan/2026:16:25:06 +0000] "PUT /d1/793/AUTH_f710e03ba52a4857a1ae10860ed8a0ab/gnocchi.94567d60-596a-4b5c-a635-27dee0c84bbd/1769040000.0_mean_300.0_v3" 201 - "PUT http://172.18.0.2:8080/v1/AUTH_f710e03ba52a4857a1ae10860ed8a0ab/gnocchi.94567d60-596a-4b5c-a635-27dee0c84bbd/1769040000.0_mean_300.0_v3" "tx2304106af7114f18b2582-006978e6e2" "proxy-server 20" 0.0161 "-" 19 0
