Jan 27 16:11:00 standalone account-server[126999]: Starting 2
Jan 27 16:11:00 standalone container-server[127188]: Option allow_versions is deprecated. Configure the versioned_writes middleware in the proxy-server instead. This option will be ignored in a future release.
Jan 27 16:11:00 standalone account-server[127027]: Started child 14 from parent 2
Jan 27 16:11:00 standalone account-server[127027]: Started child 15 from parent 2
Jan 27 16:11:00 standalone container-server[127473]: Option allow_versions is deprecated. Configure the versioned_writes middleware in the proxy-server instead. This option will be ignored in a future release.
Jan 27 16:11:00 standalone account-server[127027]: Started child 16 from parent 2
Jan 27 16:11:00 standalone container-server[127188]: Started child 14 from parent 2
Jan 27 16:11:00 standalone account-server[127027]: Started child 17 from parent 2
Jan 27 16:11:00 standalone container-server[127479]: Option allow_versions is deprecated. Configure the versioned_writes middleware in the proxy-server instead. This option will be ignored in a future release.
Jan 27 16:11:00 standalone container-server[127188]: Started child 15 from parent 2
Jan 27 16:11:00 standalone container-server[127492]: Option allow_versions is deprecated. Configure the versioned_writes middleware in the proxy-server instead. This option will be ignored in a future release.
Jan 27 16:11:00 standalone container-server[127188]: Started child 16 from parent 2
Jan 27 16:11:00 standalone container-server[127493]: Option allow_versions is deprecated. Configure the versioned_writes middleware in the proxy-server instead. This option will be ignored in a future release.
Jan 27 16:11:00 standalone container-server[127188]: Started child 17 from parent 2
Jan 27 16:11:00 standalone container-server[127381]: Starting 2
Jan 27 16:11:01 standalone object-server[127587]: Started child 19 from parent 2
Jan 27 16:11:01 standalone object-server[127587]: Started child 22 from parent 2
Jan 27 16:11:01 standalone object-expirer[127607]: Starting 2
Jan 27 16:11:01 standalone object-expirer[127607]: Option auto_create_account_prefix is deprecated. Configure auto_create_account_prefix under the swift-constraints section of swift.conf. This option will be ignored in a future release.
Jan 27 16:11:01 standalone object-server[127587]: Started child 23 from parent 2
Jan 27 16:11:01 standalone object-server[127587]: Started child 24 from parent 2
Jan 27 16:11:01 standalone object-server[127681]: Starting 2
Jan 27 16:11:07 standalone proxy-server[129168]: Starting Keystone auth_token middleware
Jan 27 16:11:07 standalone proxy-server[129168]: AuthToken middleware is set with keystone_authtoken.service_token_roles_required set to False. This is backwards compatible but deprecated behaviour. Please set this to True.
Jan 27 16:11:07 standalone proxy-server[129382]: Starting Keystone auth_token middleware
Jan 27 16:11:07 standalone proxy-server[129382]: STDERR: The option "bind_port" is not known to keystonemiddleware
Jan 27 16:11:07 standalone proxy-server[129382]: STDERR: The option "workers" is not known to keystonemiddleware
Jan 27 16:11:07 standalone proxy-server[129382]: STDERR: The option "user" is not known to keystonemiddleware
Jan 27 16:11:07 standalone proxy-server[129382]: STDERR: The option "bind_ip" is not known to keystonemiddleware
Jan 27 16:11:07 standalone proxy-server[129382]: STDERR: The option "log_name" is not known to keystonemiddleware
Jan 27 16:11:07 standalone proxy-server[129382]: STDERR: The option "log_facility" is not known to keystonemiddleware
Jan 27 16:11:07 standalone proxy-server[129382]: STDERR: The option "log_level" is not known to keystonemiddleware
Jan 27 16:11:07 standalone proxy-server[129382]: STDERR: The option "log_headers" is not known to keystonemiddleware
Jan 27 16:11:07 standalone proxy-server[129382]: STDERR: The option "log_address" is not known to keystonemiddleware
Jan 27 16:11:07 standalone proxy-server[129382]: STDERR: The option "project_name" is not known to keystonemiddleware
Jan 27 16:11:07 standalone proxy-server[129382]: STDERR: The option "username" is not known to keystonemiddleware
Jan 27 16:11:07 standalone proxy-server[129382]: STDERR: The option "password" is not known to keystonemiddleware
Jan 27 16:11:07 standalone proxy-server[129382]: STDERR: The option "auth_url" is not known to keystonemiddleware
Jan 27 16:11:07 standalone proxy-server[129382]: STDERR: The option "signing_dir" is not known to keystonemiddleware
Jan 27 16:11:07 standalone proxy-server[129382]: STDERR: The option "project_domain_id" is not known to keystonemiddleware
Jan 27 16:11:07 standalone proxy-server[129382]: STDERR: The option "user_domain_id" is not known to keystonemiddleware
Jan 27 16:11:07 standalone proxy-server[129382]: STDERR: The option "__name__" is not known to keystonemiddleware
Jan 27 16:11:07 standalone proxy-server[129382]: AuthToken middleware is set with keystone_authtoken.service_token_roles_required set to False. This is backwards compatible but deprecated behaviour. Please set this to True.
Jan 27 16:11:07 standalone proxy-server[129168]: Started child 20 from parent 2
Jan 27 16:11:20 standalone account-server[127478]: 172.20.0.100 - - [27/Jan/2026:16:11:20 +0000] "HEAD /d1/512/.expiring_objects" 404 - "HEAD http://localhost/v1/.expiring_objects?format=json" "tx55e9dd4383f444cb8fe45-006978e3a8" "proxy-server 2" 0.0010 "-" 17 -
Jan 27 16:11:20 standalone object-expirer[127607]: Pass completed in 0s; 0 objects expired (txn: tx55e9dd4383f444cb8fe45-006978e3a8)
Jan 27 16:12:59 standalone container-server[127381]: Begin container update sweep
Jan 27 16:12:59 standalone container-server[127381]: Container update sweep completed: 0.00s
Jan 27 16:14:07 standalone object-server[127681]: Begin object update sweep
Jan 27 16:14:07 standalone object-server[150250]: Object update sweep starting on /srv/node/d1 (pid: 11)
Jan 27 16:14:07 standalone object-server[150250]: Object update sweep completed on /srv/node/d1 in 0.00s seconds:, 0 successes, 0 failures, 0 quarantines, 0 unlinks, 0 errors, 0 redirects (pid: 11)
Jan 27 16:14:07 standalone object-server[150250]: Object update sweep of d1 completed: 0.00s, 0 successes, 0 failures, 0 quarantines, 0 unlinks, 0 errors, 0 redirects
Jan 27 16:14:07 standalone object-server[127681]: Object update sweep completed: 0.07s
Jan 27 16:14:24 standalone account-server[127464]: 172.20.0.100 - - [27/Jan/2026:16:14:24 +0000] "HEAD /d1/512/.expiring_objects" 404 - "HEAD http://localhost/v1/.expiring_objects?format=json" "tx07e9912a22ab47ce91d51-006978e460" "proxy-server 2" 0.0012 "-" 14 -
Jan 27 16:14:24 standalone object-expirer[127607]: Pass completed in 0s; 0 objects expired (txn: tx07e9912a22ab47ce91d51-006978e460)
Jan 27 16:17:30 standalone account-server[127474]: 172.20.0.100 - - [27/Jan/2026:16:17:30 +0000] "HEAD /d1/512/.expiring_objects" 404 - "HEAD http://localhost/v1/.expiring_objects?format=json" "tx79844c6df9bc4fa7b3098-006978e51a" "proxy-server 2" 0.0017 "-" 16 -
Jan 27 16:17:30 standalone object-expirer[127607]: Pass completed in 0s; 0 objects expired (txn: tx79844c6df9bc4fa7b3098-006978e51a)
Jan 27 16:17:59 standalone container-server[127381]: Begin container update sweep
Jan 27 16:17:59 standalone container-server[127381]: Container update sweep completed: 0.00s
Jan 27 16:19:07 standalone object-server[127681]: Begin object update sweep
Jan 27 16:19:07 standalone object-server[190500]: Object update sweep starting on /srv/node/d1 (pid: 13)
Jan 27 16:19:07 standalone object-server[190500]: Object update sweep completed on /srv/node/d1 in 0.00s seconds:, 0 successes, 0 failures, 0 quarantines, 0 unlinks, 0 errors, 0 redirects (pid: 13)
Jan 27 16:19:07 standalone object-server[190500]: Object update sweep of d1 completed: 0.00s, 0 successes, 0 failures, 0 quarantines, 0 unlinks, 0 errors, 0 redirects
Jan 27 16:19:07 standalone object-server[127681]: Object update sweep completed: 0.10s
Jan 27 16:20:39 standalone account-server[127464]: 172.20.0.100 - - [27/Jan/2026:16:20:39 +0000] "HEAD /d1/512/.expiring_objects" 404 - "HEAD http://localhost/v1/.expiring_objects?format=json" "tx697dab82bd144f0d96139-006978e5d7" "proxy-server 2" 0.0005 "-" 14 -
Jan 27 16:20:39 standalone object-expirer[127607]: Pass completed in 0s; 0 objects expired (txn: tx697dab82bd144f0d96139-006978e5d7)
Jan 27 16:23:00 standalone container-server[127381]: Begin container update sweep
Jan 27 16:23:00 standalone container-server[127381]: Container update sweep completed: 0.00s
Jan 27 16:23:01 standalone account-server[127478]: 172.20.0.100 - - [27/Jan/2026:16:23:01 +0000] "HEAD /d1/323/AUTH_f710e03ba52a4857a1ae10860ed8a0ab" 404 - "HEAD http://172.18.0.2:8080/v1/AUTH_f710e03ba52a4857a1ae10860ed8a0ab?format=json" "txa0e5d768cf0d4c348d420-006978e665" "proxy-server 20" 0.0007 "-" 17 -
Jan 27 16:23:01 standalone proxy-server[129382]: - - 27/Jan/2026/16/23/01 HEAD /v1/AUTH_f710e03ba52a4857a1ae10860ed8a0ab%3Fformat%3Djson HTTP/1.0 200 - Swift - - - - txa0e5d768cf0d4c348d420-006978e665 - 0.0054 RL - 1769530981.331074953 1769530981.336449862 -
Jan 27 16:23:01 standalone object-server[127750]: 172.20.0.100 - - [27/Jan/2026:16:23:01 +0000] "GET /d1/586/AUTH_f710e03ba52a4857a1ae10860ed8a0ab/gnocchi.aecbb80d-ff60-4120-8dc1-e36578f2b328/none_v3" 404 70 "GET http://172.18.0.2:8080/v1/AUTH_f710e03ba52a4857a1ae10860ed8a0ab/gnocchi.aecbb80d-ff60-4120-8dc1-e36578f2b328/none_v3" "txa0e5d768cf0d4c348d420-006978e665" "proxy-server 20" 0.0009 "-" 24 0
Jan 27 16:23:01 standalone proxy-server[129382]: 172.18.0.2 172.18.0.100 27/Jan/2026/16/23/01 GET /v1/AUTH_f710e03ba52a4857a1ae10860ed8a0ab/gnocchi.aecbb80d-ff60-4120-8dc1-e36578f2b328/none_v3 HTTP/1.0 404 - python-swiftclient-3.11.1 gAAAAABpeOZl8ZCJ... - 70 - txa0e5d768cf0d4c348d420-006978e665 - 0.3787 - - 1769530981.328895807 1769530981.707607985 0
Jan 27 16:23:01 standalone account-server[127472]: 172.20.0.100 - - [27/Jan/2026:16:23:01 +0000] "PUT /d1/323/AUTH_f710e03ba52a4857a1ae10860ed8a0ab" 201 - "-" "txcbda0cdec75d429d998eb-006978e665" "-" 0.0190 "-" 15 -
Jan 27 16:23:01 standalone proxy-server[129382]: autocreate account '/AUTH_f710e03ba52a4857a1ae10860ed8a0ab' (txn: txcbda0cdec75d429d998eb-006978e665)
Jan 27 16:23:01 standalone account-server[127464]: 172.20.0.100 - - [27/Jan/2026:16:23:01 +0000] "HEAD /d1/323/AUTH_f710e03ba52a4857a1ae10860ed8a0ab" 204 - "HEAD http://172.18.0.2:8080/v1/AUTH_f710e03ba52a4857a1ae10860ed8a0ab?format=json" "txcbda0cdec75d429d998eb-006978e665" "proxy-server 20" 0.0034 "-" 14 -
Jan 27 16:23:01 standalone account-server[127478]: 172.20.0.100 - - [27/Jan/2026:16:23:01 +0000] "PUT /d1/323/AUTH_f710e03ba52a4857a1ae10860ed8a0ab/gnocchi.aecbb80d-ff60-4120-8dc1-e36578f2b328" 201 - "PUT http://172.20.0.100:6001/d1/350/AUTH_f710e03ba52a4857a1ae10860ed8a0ab/gnocchi.aecbb80d-ff60-4120-8dc1-e36578f2b328" "txcbda0cdec75d429d998eb-006978e665" "container-server 14" 0.0026 "-" 17 0
Jan 27 16:23:01 standalone container-server[127473]: 172.20.0.100 - - [27/Jan/2026:16:23:01 +0000] "PUT /d1/350/AUTH_f710e03ba52a4857a1ae10860ed8a0ab/gnocchi.aecbb80d-ff60-4120-8dc1-e36578f2b328" 201 - "PUT http://172.18.0.2:8080/v1/AUTH_f710e03ba52a4857a1ae10860ed8a0ab/gnocchi.aecbb80d-ff60-4120-8dc1-e36578f2b328" "txcbda0cdec75d429d998eb-006978e665" "proxy-server 20" 0.0135 "-" 14 0
Jan 27 16:23:01 standalone proxy-server[129382]: 172.18.0.2 172.18.0.100 27/Jan/2026/16/23/01 PUT /v1/AUTH_f710e03ba52a4857a1ae10860ed8a0ab/gnocchi.aecbb80d-ff60-4120-8dc1-e36578f2b328 HTTP/1.0 201 - python-swiftclient-3.11.1 gAAAAABpeOZl8ZCJ... - - - txcbda0cdec75d429d998eb-006978e665 - 0.0474 - - 1769530981.711720943 1769530981.759167671 0
Jan 27 16:23:01 standalone container-server[127493]: 172.20.0.100 - - [27/Jan/2026:16:23:01 +0000] "HEAD /d1/350/AUTH_f710e03ba52a4857a1ae10860ed8a0ab/gnocchi.aecbb80d-ff60-4120-8dc1-e36578f2b328" 204 - "HEAD http://172.18.0.2:8080/v1/AUTH_f710e03ba52a4857a1ae10860ed8a0ab/gnocchi.aecbb80d-ff60-4120-8dc1-e36578f2b328?format=json&states=listing" "txb64bea95d1e947f099e1b-006978e665" "proxy-server 20" 0.0024 "-" 17 0
Jan 27 16:23:01 standalone proxy-server[129382]: - - 27/Jan/2026/16/23/01 HEAD /v1/AUTH_f710e03ba52a4857a1ae10860ed8a0ab/gnocchi.aecbb80d-ff60-4120-8dc1-e36578f2b328%3Fformat%3Djson%26states%3Dlisting HTTP/1.0 204 - Swift - - - - txb64bea95d1e947f099e1b-006978e665 - 0.0054 RL - 1769530981.765610695 1769530981.771001339 0
Jan 27 16:23:01 standalone container-server[127473]: 172.20.0.100 - - [27/Jan/2026:16:23:01 +0000] "GET /d1/350/AUTH_f710e03ba52a4857a1ae10860ed8a0ab/gnocchi.aecbb80d-ff60-4120-8dc1-e36578f2b328" 200 2 "GET http://172.18.0.2:8080/v1/AUTH_f710e03ba52a4857a1ae10860ed8a0ab/gnocchi.aecbb80d-ff60-4120-8dc1-e36578f2b328?format=json&states=listing" "txb64bea95d1e947f099e1b-006978e665" "proxy-server 20" 0.0020 "-" 14 0
Jan 27 16:23:01 standalone proxy-server[129382]: 172.18.0.2 172.18.0.100 27/Jan/2026/16/23/01 GET /v1/AUTH_f710e03ba52a4857a1ae10860ed8a0ab/gnocchi.aecbb80d-ff60-4120-8dc1-e36578f2b328%3Fformat%3Djson%26states%3Dlisting HTTP/1.0 200 - python-swiftclient-3.11.1 gAAAAABpeOZl8ZCJ... - 2 - txb64bea95d1e947f099e1b-006978e665 - 0.0131 - - 1769530981.764655828 1769530981.777737141 0
Jan 27 16:23:01 standalone object-server[127746]: 172.20.0.100 - - [27/Jan/2026:16:23:01 +0000] "GET /d1/797/AUTH_f710e03ba52a4857a1ae10860ed8a0ab/gnocchi.aecbb80d-ff60-4120-8dc1-e36578f2b328/1769040000.0_mean_300.0_v3" 404 70 "GET http://172.18.0.2:8080/v1/AUTH_f710e03ba52a4857a1ae10860ed8a0ab/gnocchi.aecbb80d-ff60-4120-8dc1-e36578f2b328/1769040000.0_mean_300.0_v3" "tx53c621fa19da40ac8b5b2-006978e665" "proxy-server 20" 0.0008 "-" 22 0
Jan 27 16:23:01 standalone proxy-server[129382]: 172.18.0.2 172.18.0.100 27/Jan/2026/16/23/01 GET /v1/AUTH_f710e03ba52a4857a1ae10860ed8a0ab/gnocchi.aecbb80d-ff60-4120-8dc1-e36578f2b328/1769040000.0_mean_300.0_v3 HTTP/1.0 404 - python-swiftclient-3.11.1 gAAAAABpeOZl8ZCJ... - 70 - tx53c621fa19da40ac8b5b2-006978e665 - 0.0057 - - 1769530981.784987450 1769530981.790650845 0
Jan 27 16:23:01 standalone container-server[127492]: 172.20.0.100 - - [27/Jan/2026:16:23:01 +0000] "PUT /d1/350/AUTH_f710e03ba52a4857a1ae10860ed8a0ab/gnocchi.aecbb80d-ff60-4120-8dc1-e36578f2b328/1769040000.0_mean_300.0_v3" 201 - "PUT http://172.18.0.2:8080/d1/797/AUTH_f710e03ba52a4857a1ae10860ed8a0ab/gnocchi.aecbb80d-ff60-4120-8dc1-e36578f2b328/1769040000.0_mean_300.0_v3" "tx877c5147552f4a098a591-006978e665" "object-server 19" 0.0017 "-" 16 0
Jan 27 16:23:01 standalone object-server[127742]: 172.20.0.100 - - [27/Jan/2026:16:23:01 +0000] "PUT /d1/797/AUTH_f710e03ba52a4857a1ae10860ed8a0ab/gnocchi.aecbb80d-ff60-4120-8dc1-e36578f2b328/1769040000.0_mean_300.0_v3" 201 - "PUT http://172.18.0.2:8080/v1/AUTH_f710e03ba52a4857a1ae10860ed8a0ab/gnocchi.aecbb80d-ff60-4120-8dc1-e36578f2b328/1769040000.0_mean_300.0_v3" "tx877c5147552f4a098a591-006978e665" "proxy-server 20" 0.0272 "-" 19 0
Jan 27 16:23:01 standalone proxy-server[129382]: 172.18.0.2 172.18.0.100 27/Jan/2026/16/23/01 PUT /v1/AUTH_f710e03ba52a4857a1ae10860ed8a0ab/gnocchi.aecbb80d-ff60-4120-8dc1-e36578f2b328/1769040000.0_mean_300.0_v3 HTTP/1.0 201 - python-swiftclient-3.11.1 gAAAAABpeOZl8ZCJ... 16 - - tx877c5147552f4a098a591-006978e665 - 0.0321 - - 1769530981.795323610 1769530981.827455282 0
Jan 27 16:23:01 standalone container-server[127473]: 172.20.0.100 - - [27/Jan/2026:16:23:01 +0000] "PUT /d1/350/AUTH_f710e03ba52a4857a1ae10860ed8a0ab/gnocchi.aecbb80d-ff60-4120-8dc1-e36578f2b328/none_v3" 201 - "PUT http://172.18.0.2:8080/d1/586/AUTH_f710e03ba52a4857a1ae10860ed8a0ab/gnocchi.aecbb80d-ff60-4120-8dc1-e36578f2b328/none_v3" "txf5ae41bd3fa443878553a-006978e665" "object-server 23" 0.0005 "-" 14 0
Jan 27 16:23:01 standalone object-server[127749]: 172.20.0.100 - - [27/Jan/2026:16:23:01 +0000] "PUT /d1/586/AUTH_f710e03ba52a4857a1ae10860ed8a0ab/gnocchi.aecbb80d-ff60-4120-8dc1-e36578f2b328/none_v3" 201 - "PUT http://172.18.0.2:8080/v1/AUTH_f710e03ba52a4857a1ae10860ed8a0ab/gnocchi.aecbb80d-ff60-4120-8dc1-e36578f2b328/none_v3" "txf5ae41bd3fa443878553a-006978e665" "proxy-server 20" 0.0231 "-" 23 0
Jan 27 16:23:01 standalone proxy-server[129382]: 172.18.0.2 172.18.0.100 27/Jan/2026/16/23/01 PUT /v1/AUTH_f710e03ba52a4857a1ae10860ed8a0ab/gnocchi.aecbb80d-ff60-4120-8dc1-e36578f2b328/none_v3 HTTP/1.0 201 - python-swiftclient-3.11.1 gAAAAABpeOZl8ZCJ... 32 - - txf5ae41bd3fa443878553a-006978e665 - 0.0283 - - 1769530981.830997229 1769530981.859344482 0
Jan 27 16:24:01 standalone account-server[127472]: 172.20.0.100 - - [27/Jan/2026:16:24:01 +0000] "HEAD /d1/323/AUTH_f710e03ba52a4857a1ae10860ed8a0ab" 204 - "HEAD http://172.18.0.2:8080/v1/AUTH_f710e03ba52a4857a1ae10860ed8a0ab?format=json" "tx3321cf6c77b645549fddc-006978e6a1" "proxy-server 20" 0.0066 "-" 15 -
Jan 27 16:24:01 standalone proxy-server[129382]: - - 27/Jan/2026/16/24/01 HEAD /v1/AUTH_f710e03ba52a4857a1ae10860ed8a0ab%3Fformat%3Djson HTTP/1.0 204 - Swift - - - - tx3321cf6c77b645549fddc-006978e6a1 - 0.0119 RL - 1769531041.798342943 1769531041.810273170 -
Jan 27 16:24:01 standalone container-server[127493]: 172.20.0.100 - - [27/Jan/2026:16:24:01 +0000] "HEAD /d1/912/AUTH_f710e03ba52a4857a1ae10860ed8a0ab/gnocchi.94567d60-596a-4b5c-a635-27dee0c84bbd" 404 - "HEAD http://172.18.0.2:8080/v1/AUTH_f710e03ba52a4857a1ae10860ed8a0ab/gnocchi.94567d60-596a-4b5c-a635-27dee0c84bbd?format=json&states=listing" "tx3321cf6c77b645549fddc-006978e6a1" "proxy-server 20" 0.0015 "-" 17 0
Jan 27 16:24:01 standalone object-server[127750]: 172.20.0.100 - - [27/Jan/2026:16:24:01 +0000] "GET /d1/118/AUTH_f710e03ba52a4857a1ae10860ed8a0ab/gnocchi.94567d60-596a-4b5c-a635-27dee0c84bbd/none_v3" 404 70 "GET http://172.18.0.2:8080/v1/AUTH_f710e03ba52a4857a1ae10860ed8a0ab/gnocchi.94567d60-596a-4b5c-a635-27dee0c84bbd/none_v3" "tx3321cf6c77b645549fddc-006978e6a1" "proxy-server 20" 0.0008 "-" 24 0
Jan 27 16:24:01 standalone proxy-server[129382]: 172.18.0.2 172.18.0.100 27/Jan/2026/16/24/01 GET /v1/AUTH_f710e03ba52a4857a1ae10860ed8a0ab/gnocchi.94567d60-596a-4b5c-a635-27dee0c84bbd/none_v3 HTTP/1.0 404 - python-swiftclient-3.11.1 gAAAAABpeOZl8ZCJ... - 70 - tx3321cf6c77b645549fddc-006978e6a1 - 0.0250 - - 1769531041.797675848 1769531041.822680950 0
Jan 27 16:24:01 standalone account-server[127478]: 172.20.0.100 - - [27/Jan/2026:16:24:01 +0000] "PUT /d1/323/AUTH_f710e03ba52a4857a1ae10860ed8a0ab/gnocchi.94567d60-596a-4b5c-a635-27dee0c84bbd" 201 - "PUT http://172.20.0.100:6001/d1/912/AUTH_f710e03ba52a4857a1ae10860ed8a0ab/gnocchi.94567d60-596a-4b5c-a635-27dee0c84bbd" "tx185f69445dc847adb43c0-006978e6a1" "container-server 16" 0.0016 "-" 17 0
Jan 27 16:24:01 standalone container-server[127492]: 172.20.0.100 - - [27/Jan/2026:16:24:01 +0000] "PUT /d1/912/AUTH_f710e03ba52a4857a1ae10860ed8a0ab/gnocchi.94567d60-596a-4b5c-a635-27dee0c84bbd" 201 - "PUT http://172.18.0.2:8080/v1/AUTH_f710e03ba52a4857a1ae10860ed8a0ab/gnocchi.94567d60-596a-4b5c-a635-27dee0c84bbd" "tx185f69445dc847adb43c0-006978e6a1" "proxy-server 20" 0.0298 "-" 16 0
Jan 27 16:24:01 standalone proxy-server[129382]: 172.18.0.2 172.18.0.100 27/Jan/2026/16/24/01 PUT /v1/AUTH_f710e03ba52a4857a1ae10860ed8a0ab/gnocchi.94567d60-596a-4b5c-a635-27dee0c84bbd HTTP/1.0 201 - python-swiftclient-3.11.1 gAAAAABpeOZl8ZCJ... - - - tx185f69445dc847adb43c0-006978e6a1 - 0.0350 - - 1769531041.827404022 1769531041.862382889 0
Jan 27 16:24:01 standalone container-server[127492]: 172.20.0.100 - - [27/Jan/2026:16:24:01 +0000] "HEAD /d1/912/AUTH_f710e03ba52a4857a1ae10860ed8a0ab/gnocchi.94567d60-596a-4b5c-a635-27dee0c84bbd" 204 - "HEAD http://172.18.0.2:8080/v1/AUTH_f710e03ba52a4857a1ae10860ed8a0ab/gnocchi.94567d60-596a-4b5c-a635-27dee0c84bbd?format=json&states=listing" "txec573729170f4e31bbe74-006978e6a1" "proxy-server 20" 0.0027 "-" 16 0
Jan 27 16:24:01 standalone proxy-server[129382]: - - 27/Jan/2026/16/24/01 HEAD /v1/AUTH_f710e03ba52a4857a1ae10860ed8a0ab/gnocchi.94567d60-596a-4b5c-a635-27dee0c84bbd%3Fformat%3Djson%26states%3Dlisting HTTP/1.0 204 - Swift - - - - txec573729170f4e31bbe74-006978e6a1 - 0.0115 RL - 1769531041.867559433 1769531041.879103661 0
Jan 27 16:24:01 standalone container-server[127473]: 172.20.0.100 - - [27/Jan/2026:16:24:01 +0000] "GET /d1/912/AUTH_f710e03ba52a4857a1ae10860ed8a0ab/gnocchi.94567d60-596a-4b5c-a635-27dee0c84bbd" 200 2 "GET http://172.18.0.2:8080/v1/AUTH_f710e03ba52a4857a1ae10860ed8a0ab/gnocchi.94567d60-596a-4b5c-a635-27dee0c84bbd?format=json&states=listing" "txec573729170f4e31bbe74-006978e6a1" "proxy-server 20" 0.0023 "-" 14 0
Jan 27 16:24:01 standalone proxy-server[129382]: 172.18.0.2 172.18.0.100 27/Jan/2026/16/24/01 GET /v1/AUTH_f710e03ba52a4857a1ae10860ed8a0ab/gnocchi.94567d60-596a-4b5c-a635-27dee0c84bbd%3Fformat%3Djson%26states%3Dlisting HTTP/1.0 200 - python-swiftclient-3.11.1 gAAAAABpeOZl8ZCJ... - 2 - txec573729170f4e31bbe74-006978e6a1 - 0.0210 - - 1769531041.866398573 1769531041.887413263 0
Jan 27 16:24:01 standalone object-server[127742]: 172.20.0.100 - - [27/Jan/2026:16:24:01 +0000] "GET /d1/793/AUTH_f710e03ba52a4857a1ae10860ed8a0ab/gnocchi.94567d60-596a-4b5c-a635-27dee0c84bbd/1769040000.0_mean_300.0_v3" 404 70 "GET http://172.18.0.2:8080/v1/AUTH_f710e03ba52a4857a1ae10860ed8a0ab/gnocchi.94567d60-596a-4b5c-a635-27dee0c84bbd/1769040000.0_mean_300.0_v3" "txfdfc9575ab6e4c8da223b-006978e6a1" "proxy-server 20" 0.0009 "-" 19 0
Jan 27 16:24:01 standalone proxy-server[129382]: 172.18.0.2 172.18.0.100 27/Jan/2026/16/24/01 GET /v1/AUTH_f710e03ba52a4857a1ae10860ed8a0ab/gnocchi.94567d60-596a-4b5c-a635-27dee0c84bbd/1769040000.0_mean_300.0_v3 HTTP/1.0 404 - python-swiftclient-3.11.1 gAAAAABpeOZl8ZCJ... - 70 - txfdfc9575ab6e4c8da223b-006978e6a1 - 0.0060 - - 1769531041.893741608 1769531041.899748325 0
Jan 27 16:24:01 standalone container-server[127473]: 172.20.0.100 - - [27/Jan/2026:16:24:01 +0000] "PUT /d1/912/AUTH_f710e03ba52a4857a1ae10860ed8a0ab/gnocchi.94567d60-596a-4b5c-a635-27dee0c84bbd/1769040000.0_mean_300.0_v3" 201 - "PUT http://172.18.0.2:8080/d1/793/AUTH_f710e03ba52a4857a1ae10860ed8a0ab/gnocchi.94567d60-596a-4b5c-a635-27dee0c84bbd/1769040000.0_mean_300.0_v3" "txc968feb79f344ff6adf9f-006978e6a1" "object-server 19" 0.0008 "-" 14 0
Jan 27 16:24:01 standalone object-server[127742]: 172.20.0.100 - - [27/Jan/2026:16:24:01 +0000] "PUT /d1/793/AUTH_f710e03ba52a4857a1ae10860ed8a0ab/gnocchi.94567d60-596a-4b5c-a635-27dee0c84bbd/1769040000.0_mean_300.0_v3" 201 - "PUT http://172.18.0.2:8080/v1/AUTH_f710e03ba52a4857a1ae10860ed8a0ab/gnocchi.94567d60-596a-4b5c-a635-27dee0c84bbd/1769040000.0_mean_300.0_v3" "txc968feb79f344ff6adf9f-006978e6a1" "proxy-server 20" 0.0250 "-" 19 0
Jan 27 16:24:01 standalone proxy-server[129382]: 172.18.0.2 172.18.0.100 27/Jan/2026/16/24/01 PUT /v1/AUTH_f710e03ba52a4857a1ae10860ed8a0ab/gnocchi.94567d60-596a-4b5c-a635-27dee0c84bbd/1769040000.0_mean_300.0_v3 HTTP/1.0 201 - python-swiftclient-3.11.1 gAAAAABpeOZl8ZCJ... 16 - - txc968feb79f344ff6adf9f-006978e6a1 - 0.0293 - - 1769531041.902991772 1769531041.932301521 0
Jan 27 16:24:01 standalone container-server[127492]: 172.20.0.100 - - [27/Jan/2026:16:24:01 +0000] "PUT /d1/912/AUTH_f710e03ba52a4857a1ae10860ed8a0ab/gnocchi.94567d60-596a-4b5c-a635-27dee0c84bbd/none_v3" 201 - "PUT http://172.18.0.2:8080/d1/118/AUTH_f710e03ba52a4857a1ae10860ed8a0ab/gnocchi.94567d60-596a-4b5c-a635-27dee0c84bbd/none_v3" "txd32d3826aad44a8c8373a-006978e6a1" "object-server 19" 0.0008 "-" 16 0
Jan 27 16:24:01 standalone object-server[127742]: 172.20.0.100 - - [27/Jan/2026:16:24:01 +0000] "PUT /d1/118/AUTH_f710e03ba52a4857a1ae10860ed8a0ab/gnocchi.94567d60-596a-4b5c-a635-27dee0c84bbd/none_v3" 201 - "PUT http://172.18.0.2:8080/v1/AUTH_f710e03ba52a4857a1ae10860ed8a0ab/gnocchi.94567d60-596a-4b5c-a635-27dee0c84bbd/none_v3" "txd32d3826aad44a8c8373a-006978e6a1" "proxy-server 20" 0.0210 "-" 19 0
Jan 27 16:24:01 standalone proxy-server[129382]: 172.18.0.2 172.18.0.100 27/Jan/2026/16/24/01 PUT /v1/AUTH_f710e03ba52a4857a1ae10860ed8a0ab/gnocchi.94567d60-596a-4b5c-a635-27dee0c84bbd/none_v3 HTTP/1.0 201 - python-swiftclient-3.11.1 gAAAAABpeOZl8ZCJ... 22 - - txd32d3826aad44a8c8373a-006978e6a1 - 0.0266 - - 1769531041.935869217 1769531041.962437868 0
Jan 27 16:24:01 standalone container-server[127473]: 172.20.0.100 - - [27/Jan/2026:16:24:01 +0000] "HEAD /d1/699/AUTH_f710e03ba52a4857a1ae10860ed8a0ab/gnocchi.5ca409e5-e366-469c-a07e-9b5c39515c77" 404 - "HEAD http://172.18.0.2:8080/v1/AUTH_f710e03ba52a4857a1ae10860ed8a0ab/gnocchi.5ca409e5-e366-469c-a07e-9b5c39515c77?format=json&states=listing" "tx106baba3cf434db4b1d2c-006978e6a1" "proxy-server 20" 0.0004 "-" 14 0
Jan 27 16:24:01 standalone object-server[127746]: 172.20.0.100 - - [27/Jan/2026:16:24:01 +0000] "GET /d1/981/AUTH_f710e03ba52a4857a1ae10860ed8a0ab/gnocchi.5ca409e5-e366-469c-a07e-9b5c39515c77/none_v3" 404 70 "GET http://172.18.0.2:8080/v1/AUTH_f710e03ba52a4857a1ae10860ed8a0ab/gnocchi.5ca409e5-e366-469c-a07e-9b5c39515c77/none_v3" "tx106baba3cf434db4b1d2c-006978e6a1" "proxy-server 20" 0.0003 "-" 22 0
Jan 27 16:24:01 standalone proxy-server[129382]: 172.18.0.2 172.18.0.100 27/Jan/2026/16/24/01 GET /v1/AUTH_f710e03ba52a4857a1ae10860ed8a0ab/gnocchi.5ca409e5-e366-469c-a07e-9b5c39515c77/none_v3 HTTP/1.0 404 - python-swiftclient-3.11.1 gAAAAABpeOZl8ZCJ... - 70 - tx106baba3cf434db4b1d2c-006978e6a1 - 0.0083 - - 1769531041.973976612 1769531041.982297659 0
Jan 27 16:24:02 standalone account-server[127474]: 172.20.0.100 - - [27/Jan/2026:16:24:02 +0000] "PUT /d1/323/AUTH_f710e03ba52a4857a1ae10860ed8a0ab/gnocchi.5ca409e5-e366-469c-a07e-9b5c39515c77" 201 - "PUT http://172.20.0.100:6001/d1/699/AUTH_f710e03ba52a4857a1ae10860ed8a0ab/gnocchi.5ca409e5-e366-469c-a07e-9b5c39515c77" "txf06b31c555db4d1d9dadc-006978e6a1" "container-server 16" 0.0116 "-" 16 0
Jan 27 16:24:02 standalone container-server[127492]: 172.20.0.100 - - [27/Jan/2026:16:24:02 +0000] "PUT /d1/699/AUTH_f710e03ba52a4857a1ae10860ed8a0ab/gnocchi.5ca409e5-e366-469c-a07e-9b5c39515c77" 201 - "PUT http://172.18.0.2:8080/v1/AUTH_f710e03ba52a4857a1ae10860ed8a0ab/gnocchi.5ca409e5-e366-469c-a07e-9b5c39515c77" "txf06b31c555db4d1d9dadc-006978e6a1" "proxy-server 20" 0.0357 "-" 16 0
Jan 27 16:24:02 standalone proxy-server[129382]: 172.18.0.2 172.18.0.100 27/Jan/2026/16/24/02 PUT /v1/AUTH_f710e03ba52a4857a1ae10860ed8a0ab/gnocchi.5ca409e5-e366-469c-a07e-9b5c39515c77 HTTP/1.0 201 - python-swiftclient-3.11.1 gAAAAABpeOZl8ZCJ... - - - txf06b31c555db4d1d9dadc-006978e6a1 - 0.0407 - - 1769531041.985150576 1769531042.025837898 0
Jan 27 16:24:02 standalone container-server[127473]: 172.20.0.100 - - [27/Jan/2026:16:24:02 +0000] "HEAD /d1/699/AUTH_f710e03ba52a4857a1ae10860ed8a0ab/gnocchi.5ca409e5-e366-469c-a07e-9b5c39515c77" 204 - "HEAD http://172.18.0.2:8080/v1/AUTH_f710e03ba52a4857a1ae10860ed8a0ab/gnocchi.5ca409e5-e366-469c-a07e-9b5c39515c77?format=json&states=listing" "tx4f10aa3556e84cc89da5a-006978e6a2" "proxy-server 20" 0.0030 "-" 14 0
Jan 27 16:24:02 standalone proxy-server[129382]: - - 27/Jan/2026/16/24/02 HEAD /v1/AUTH_f710e03ba52a4857a1ae10860ed8a0ab/gnocchi.5ca409e5-e366-469c-a07e-9b5c39515c77%3Fformat%3Djson%26states%3Dlisting HTTP/1.0 204 - Swift - - - - tx4f10aa3556e84cc89da5a-006978e6a2 - 0.0077 RL - 1769531042.038154602 1769531042.045900822 0
Jan 27 16:24:02 standalone container-server[127493]: 172.20.0.100 - - [27/Jan/2026:16:24:02 +0000] "GET /d1/699/AUTH_f710e03ba52a4857a1ae10860ed8a0ab/gnocchi.5ca409e5-e366-469c-a07e-9b5c39515c77" 200 2 "GET http://172.18.0.2:8080/v1/AUTH_f710e03ba52a4857a1ae10860ed8a0ab/gnocchi.5ca409e5-e366-469c-a07e-9b5c39515c77?format=json&states=listing" "tx4f10aa3556e84cc89da5a-006978e6a2" "proxy-server 20" 0.0021 "-" 17 0
Jan 27 16:24:02 standalone proxy-server[129382]: 172.18.0.2 172.18.0.100 27/Jan/2026/16/24/02 GET /v1/AUTH_f710e03ba52a4857a1ae10860ed8a0ab/gnocchi.5ca409e5-e366-469c-a07e-9b5c39515c77%3Fformat%3Djson%26states%3Dlisting HTTP/1.0 200 - python-swiftclient-3.11.1 gAAAAABpeOZl8ZCJ... - 2 - tx4f10aa3556e84cc89da5a-006978e6a2 - 0.0169 - - 1769531042.036142349 1769531042.053013802 0
Jan 27 16:24:02 standalone object-server[127746]: 172.20.0.100 - - [27/Jan/2026:16:24:02 +0000] "GET /d1/239/AUTH_f710e03ba52a4857a1ae10860ed8a0ab/gnocchi.5ca409e5-e366-469c-a07e-9b5c39515c77/1769040000.0_mean_300.0_v3" 404 70 "GET http://172.18.0.2:8080/v1/AUTH_f710e03ba52a4857a1ae10860ed8a0ab/gnocchi.5ca409e5-e366-469c-a07e-9b5c39515c77/1769040000.0_mean_300.0_v3" "txe08cf4d7d2804e2cad40b-006978e6a2" "proxy-server 20" 0.0004 "-" 22 0
Jan 27 16:24:02 standalone proxy-server[129382]: 172.18.0.2 172.18.0.100 27/Jan/2026/16/24/02 GET /v1/AUTH_f710e03ba52a4857a1ae10860ed8a0ab/gnocchi.5ca409e5-e366-469c-a07e-9b5c39515c77/1769040000.0_mean_300.0_v3 HTTP/1.0 404 - python-swiftclient-3.11.1 gAAAAABpeOZl8ZCJ... - 70 - txe08cf4d7d2804e2cad40b-006978e6a2 - 0.0050 - - 1769531042.056033134 1769531042.061047792 0
Jan 27 16:24:02 standalone container-server[127473]: 172.20.0.100 - - [27/Jan/2026:16:24:02 +0000] "PUT /d1/699/AUTH_f710e03ba52a4857a1ae10860ed8a0ab/gnocchi.5ca409e5-e366-469c-a07e-9b5c39515c77/1769040000.0_mean_300.0_v3" 201 - "PUT http://172.18.0.2:8080/d1/239/AUTH_f710e03ba52a4857a1ae10860ed8a0ab/gnocchi.5ca409e5-e366-469c-a07e-9b5c39515c77/1769040000.0_mean_300.0_v3" "tx2acf2cd3f0ff4d7085fe3-006978e6a2" "object-server 22" 0.0012 "-" 14 0
Jan 27 16:24:02 standalone object-server[127746]: 172.20.0.100 - - [27/Jan/2026:16:24:02 +0000] "PUT /d1/239/AUTH_f710e03ba52a4857a1ae10860ed8a0ab/gnocchi.5ca409e5-e366-469c-a07e-9b5c39515c77/1769040000.0_mean_300.0_v3" 201 - "PUT http://172.18.0.2:8080/v1/AUTH_f710e03ba52a4857a1ae10860ed8a0ab/gnocchi.5ca409e5-e366-469c-a07e-9b5c39515c77/1769040000.0_mean_300.0_v3" "tx2acf2cd3f0ff4d7085fe3-006978e6a2" "proxy-server 20" 0.0281 "-" 22 0
Jan 27 16:24:02 standalone proxy-server[129382]: 172.18.0.2 172.18.0.100 27/Jan/2026/16/24/02 PUT /v1/AUTH_f710e03ba52a4857a1ae10860ed8a0ab/gnocchi.5ca409e5-e366-469c-a07e-9b5c39515c77/1769040000.0_mean_300.0_v3 HTTP/1.0 201 - python-swiftclient-3.11.1 gAAAAABpeOZl8ZCJ... 16 - - tx2acf2cd3f0ff4d7085fe3-006978e6a2 - 0.0369 - - 1769531042.063190699 1769531042.100062132 0
Jan 27 16:24:02 standalone container-server[127473]: 172.20.0.100 - - [27/Jan/2026:16:24:02 +0000] "PUT /d1/699/AUTH_f710e03ba52a4857a1ae10860ed8a0ab/gnocchi.5ca409e5-e366-469c-a07e-9b5c39515c77/none_v3" 201 - "PUT http://172.18.0.2:8080/d1/981/AUTH_f710e03ba52a4857a1ae10860ed8a0ab/gnocchi.5ca409e5-e366-469c-a07e-9b5c39515c77/none_v3" "tx687c95467a5346a8a5d5a-006978e6a2" "object-server 19" 0.0010 "-" 14 0
Jan 27 16:24:02 standalone object-server[127742]: 172.20.0.100 - - [27/Jan/2026:16:24:02 +0000] "PUT /d1/981/AUTH_f710e03ba52a4857a1ae10860ed8a0ab/gnocchi.5ca409e5-e366-469c-a07e-9b5c39515c77/none_v3" 201 - "PUT http://172.18.0.2:8080/v1/AUTH_f710e03ba52a4857a1ae10860ed8a0ab/gnocchi.5ca409e5-e366-469c-a07e-9b5c39515c77/none_v3" "tx687c95467a5346a8a5d5a-006978e6a2" "proxy-server 20" 0.0181 "-" 19 0
Jan 27 16:24:02 standalone proxy-server[129382]: 172.18.0.2 172.18.0.100 27/Jan/2026/16/24/02 PUT /v1/AUTH_f710e03ba52a4857a1ae10860ed8a0ab/gnocchi.5ca409e5-e366-469c-a07e-9b5c39515c77/none_v3 HTTP/1.0 201 - python-swiftclient-3.11.1 gAAAAABpeOZl8ZCJ... 22 - - tx687c95467a5346a8a5d5a-006978e6a2 - 0.0273 - - 1769531042.104166508 1769531042.131485224 0
Jan 27 16:24:07 standalone object-server[127681]: Begin object update sweep
Jan 27 16:24:07 standalone object-server[227608]: Object update sweep starting on /srv/node/d1 (pid: 14)
Jan 27 16:24:07 standalone object-server[227608]: Object update sweep completed on /srv/node/d1 in 0.00s seconds:, 0 successes, 0 failures, 0 quarantines, 0 unlinks, 0 errors, 0 redirects (pid: 14)
Jan 27 16:24:07 standalone object-server[227608]: Object update sweep of d1 completed: 0.00s, 0 successes, 0 failures, 0 quarantines, 0 unlinks, 0 errors, 0 redirects
Jan 27 16:24:07 standalone object-server[127681]: Object update sweep completed: 0.08s
Jan 27 16:24:09 standalone container-server[127479]: 172.20.0.100 - - [27/Jan/2026:16:24:09 +0000] "HEAD /d1/986/AUTH_f710e03ba52a4857a1ae10860ed8a0ab/gnocchi.c0d41e8a-8c1a-4e6f-a507-feb72fb94901" 404 - "HEAD http://172.18.0.2:8080/v1/AUTH_f710e03ba52a4857a1ae10860ed8a0ab/gnocchi.c0d41e8a-8c1a-4e6f-a507-feb72fb94901?format=json&states=listing" "tx73ddfbf9b6e145d58b252-006978e6a9" "proxy-server 20" 0.0017 "-" 15 0
Jan 27 16:24:09 standalone object-server[127750]: 172.20.0.100 - - [27/Jan/2026:16:24:09 +0000] "GET /d1/482/AUTH_f710e03ba52a4857a1ae10860ed8a0ab/gnocchi.c0d41e8a-8c1a-4e6f-a507-feb72fb94901/none_v3" 404 70 "GET http://172.18.0.2:8080/v1/AUTH_f710e03ba52a4857a1ae10860ed8a0ab/gnocchi.c0d41e8a-8c1a-4e6f-a507-feb72fb94901/none_v3" "tx73ddfbf9b6e145d58b252-006978e6a9" "proxy-server 20" 0.0006 "-" 24 0
Jan 27 16:24:09 standalone proxy-server[129382]: 172.18.0.2 172.18.0.100 27/Jan/2026/16/24/09 GET /v1/AUTH_f710e03ba52a4857a1ae10860ed8a0ab/gnocchi.c0d41e8a-8c1a-4e6f-a507-feb72fb94901/none_v3 HTTP/1.0 404 - python-swiftclient-3.11.1 gAAAAABpeOZl8ZCJ... - 70 - tx73ddfbf9b6e145d58b252-006978e6a9 - 0.0165 - - 1769531049.133405209 1769531049.149917126 0
Jan 27 16:24:09 standalone account-server[127472]: 172.20.0.100 - - [27/Jan/2026:16:24:09 +0000] "PUT /d1/323/AUTH_f710e03ba52a4857a1ae10860ed8a0ab/gnocchi.c0d41e8a-8c1a-4e6f-a507-feb72fb94901" 201 - "PUT http://172.20.0.100:6001/d1/986/AUTH_f710e03ba52a4857a1ae10860ed8a0ab/gnocchi.c0d41e8a-8c1a-4e6f-a507-feb72fb94901" "tx2601ee7a346f43cc8a130-006978e6a9" "container-server 14" 0.0072 "-" 15 0
Jan 27 16:24:09 standalone container-server[127473]: 172.20.0.100 - - [27/Jan/2026:16:24:09 +0000] "PUT /d1/986/AUTH_f710e03ba52a4857a1ae10860ed8a0ab/gnocchi.c0d41e8a-8c1a-4e6f-a507-feb72fb94901" 201 - "PUT http://172.18.0.2:8080/v1/AUTH_f710e03ba52a4857a1ae10860ed8a0ab/gnocchi.c0d41e8a-8c1a-4e6f-a507-feb72fb94901" "tx2601ee7a346f43cc8a130-006978e6a9" "proxy-server 20" 0.0184 "-" 14 0
Jan 27 16:24:09 standalone proxy-server[129382]: 172.18.0.2 172.18.0.100 27/Jan/2026/16/24/09 PUT /v1/AUTH_f710e03ba52a4857a1ae10860ed8a0ab/gnocchi.c0d41e8a-8c1a-4e6f-a507-feb72fb94901 HTTP/1.0 201 - python-swiftclient-3.11.1 gAAAAABpeOZl8ZCJ... - - - tx2601ee7a346f43cc8a130-006978e6a9 - 0.0245 - - 1769531049.154573917 1769531049.179115534 0
Jan 27 16:24:09 standalone container-server[127473]: 172.20.0.100 - - [27/Jan/2026:16:24:09 +0000] "HEAD /d1/986/AUTH_f710e03ba52a4857a1ae10860ed8a0ab/gnocchi.c0d41e8a-8c1a-4e6f-a507-feb72fb94901" 204 - "HEAD http://172.18.0.2:8080/v1/AUTH_f710e03ba52a4857a1ae10860ed8a0ab/gnocchi.c0d41e8a-8c1a-4e6f-a507-feb72fb94901?format=json&states=listing" "tx38957f5c5204490688650-006978e6a9" "proxy-server 20" 0.0013 "-" 14 0
Jan 27 16:24:09 standalone proxy-server[129382]: - - 27/Jan/2026/16/24/09 HEAD /v1/AUTH_f710e03ba52a4857a1ae10860ed8a0ab/gnocchi.c0d41e8a-8c1a-4e6f-a507-feb72fb94901%3Fformat%3Djson%26states%3Dlisting HTTP/1.0 204 - Swift - - - - tx38957f5c5204490688650-006978e6a9 - 0.0052 RL - 1769531049.186060429 1769531049.191252947 0
Jan 27 16:24:09 standalone container-server[127493]: 172.20.0.100 - - [27/Jan/2026:16:24:09 +0000] "GET /d1/986/AUTH_f710e03ba52a4857a1ae10860ed8a0ab/gnocchi.c0d41e8a-8c1a-4e6f-a507-feb72fb94901" 200 2 "GET http://172.18.0.2:8080/v1/AUTH_f710e03ba52a4857a1ae10860ed8a0ab/gnocchi.c0d41e8a-8c1a-4e6f-a507-feb72fb94901?format=json&states=listing" "tx38957f5c5204490688650-006978e6a9" "proxy-server 20" 0.0035 "-" 17 0
Jan 27 16:24:09 standalone proxy-server[129382]: 172.18.0.2 172.18.0.100 27/Jan/2026/16/24/09 GET /v1/AUTH_f710e03ba52a4857a1ae10860ed8a0ab/gnocchi.c0d41e8a-8c1a-4e6f-a507-feb72fb94901%3Fformat%3Djson%26states%3Dlisting HTTP/1.0 200 - python-swiftclient-3.11.1 gAAAAABpeOZl8ZCJ... - 2 - tx38957f5c5204490688650-006978e6a9 - 0.0205 - - 1769531049.184370756 1769531049.204894304 0
Jan 27 16:24:09 standalone object-server[127742]: 172.20.0.100 - - [27/Jan/2026:16:24:09 +0000] "GET /d1/634/AUTH_f710e03ba52a4857a1ae10860ed8a0ab/gnocchi.c0d41e8a-8c1a-4e6f-a507-feb72fb94901/1769040000.0_mean_300.0_v3" 404 70 "GET http://172.18.0.2:8080/v1/AUTH_f710e03ba52a4857a1ae10860ed8a0ab/gnocchi.c0d41e8a-8c1a-4e6f-a507-feb72fb94901/1769040000.0_mean_300.0_v3" "tx9e3e125ea5c54013a5a49-006978e6a9" "proxy-server 20" 0.0007 "-" 19 0
Jan 27 16:24:09 standalone proxy-server[129382]: 172.18.0.2 172.18.0.100 27/Jan/2026/16/24/09 GET /v1/AUTH_f710e03ba52a4857a1ae10860ed8a0ab/gnocchi.c0d41e8a-8c1a-4e6f-a507-feb72fb94901/1769040000.0_mean_300.0_v3 HTTP/1.0 404 - python-swiftclient-3.11.1 gAAAAABpeOZl8ZCJ... - 70 - tx9e3e125ea5c54013a5a49-006978e6a9 - 0.0086 - - 1769531049.216054440 1769531049.224653482 0
Jan 27 16:24:09 standalone container-server[127492]: 172.20.0.100 - - [27/Jan/2026:16:24:09 +0000] "PUT /d1/986/AUTH_f710e03ba52a4857a1ae10860ed8a0ab/gnocchi.c0d41e8a-8c1a-4e6f-a507-feb72fb94901/1769040000.0_mean_300.0_v3" 201 - "PUT http://172.18.0.2:8080/d1/634/AUTH_f710e03ba52a4857a1ae10860ed8a0ab/gnocchi.c0d41e8a-8c1a-4e6f-a507-feb72fb94901/1769040000.0_mean_300.0_v3" "tx64c57c9eeb45414eaff90-006978e6a9" "object-server 22" 0.0012 "-" 16 0
Jan 27 16:24:09 standalone object-server[127746]: 172.20.0.100 - - [27/Jan/2026:16:24:09 +0000] "PUT /d1/634/AUTH_f710e03ba52a4857a1ae10860ed8a0ab/gnocchi.c0d41e8a-8c1a-4e6f-a507-feb72fb94901/1769040000.0_mean_300.0_v3" 201 - "PUT http://172.18.0.2:8080/v1/AUTH_f710e03ba52a4857a1ae10860ed8a0ab/gnocchi.c0d41e8a-8c1a-4e6f-a507-feb72fb94901/1769040000.0_mean_300.0_v3" "tx64c57c9eeb45414eaff90-006978e6a9" "proxy-server 20" 0.0147 "-" 22 0
Jan 27 16:24:09 standalone proxy-server[129382]: 172.18.0.2 172.18.0.100 27/Jan/2026/16/24/09 PUT /v1/AUTH_f710e03ba52a4857a1ae10860ed8a0ab/gnocchi.c0d41e8a-8c1a-4e6f-a507-feb72fb94901/1769040000.0_mean_300.0_v3 HTTP/1.0 201 - python-swiftclient-3.11.1 gAAAAABpeOZl8ZCJ... 16 - - tx64c57c9eeb45414eaff90-006978e6a9 - 0.0212 - - 1769531049.230396509 1769531049.251570225 0
Jan 27 16:24:09 standalone container-server[127479]: 172.20.0.100 - - [27/Jan/2026:16:24:09 +0000] "PUT /d1/986/AUTH_f710e03ba52a4857a1ae10860ed8a0ab/gnocchi.c0d41e8a-8c1a-4e6f-a507-feb72fb94901/none_v3" 201 - "PUT http://172.18.0.2:8080/d1/482/AUTH_f710e03ba52a4857a1ae10860ed8a0ab/gnocchi.c0d41e8a-8c1a-4e6f-a507-feb72fb94901/none_v3" "txa87a855c80b0485787f48-006978e6a9" "object-server 19" 0.0010 "-" 15 0
Jan 27 16:24:09 standalone object-server[127742]: 172.20.0.100 - - [27/Jan/2026:16:24:09 +0000] "PUT /d1/482/AUTH_f710e03ba52a4857a1ae10860ed8a0ab/gnocchi.c0d41e8a-8c1a-4e6f-a507-feb72fb94901/none_v3" 201 - "PUT http://172.18.0.2:8080/v1/AUTH_f710e03ba52a4857a1ae10860ed8a0ab/gnocchi.c0d41e8a-8c1a-4e6f-a507-feb72fb94901/none_v3" "txa87a855c80b0485787f48-006978e6a9" "proxy-server 20" 0.0137 "-" 19 0
Jan 27 16:24:09 standalone proxy-server[129382]: 172.18.0.2 172.18.0.100 27/Jan/2026/16/24/09 PUT /v1/AUTH_f710e03ba52a4857a1ae10860ed8a0ab/gnocchi.c0d41e8a-8c1a-4e6f-a507-feb72fb94901/none_v3 HTTP/1.0 201 - python-swiftclient-3.11.1 gAAAAABpeOZl8ZCJ... 22 - - txa87a855c80b0485787f48-006978e6a9 - 0.0199 - - 1769531049.255322695 1769531049.275253296 0
Jan 27 16:24:09 standalone container-server[127493]: 172.20.0.100 - - [27/Jan/2026:16:24:09 +0000] "HEAD /d1/373/AUTH_f710e03ba52a4857a1ae10860ed8a0ab/gnocchi.ed2ce7ce-4473-42cb-acd2-0332f4fe8b09" 404 - "HEAD http://172.18.0.2:8080/v1/AUTH_f710e03ba52a4857a1ae10860ed8a0ab/gnocchi.ed2ce7ce-4473-42cb-acd2-0332f4fe8b09?format=json&states=listing" "txf7be368cef9243eb817ae-006978e6a9" "proxy-server 20" 0.0008 "-" 17 0
Jan 27 16:24:09 standalone object-server[127749]: 172.20.0.100 - - [27/Jan/2026:16:24:09 +0000] "GET /d1/997/AUTH_f710e03ba52a4857a1ae10860ed8a0ab/gnocchi.ed2ce7ce-4473-42cb-acd2-0332f4fe8b09/none_v3" 404 70 "GET http://172.18.0.2:8080/v1/AUTH_f710e03ba52a4857a1ae10860ed8a0ab/gnocchi.ed2ce7ce-4473-42cb-acd2-0332f4fe8b09/none_v3" "txf7be368cef9243eb817ae-006978e6a9" "proxy-server 20" 0.0008 "-" 23 0
Jan 27 16:24:09 standalone proxy-server[129382]: 172.18.0.2 172.18.0.100 27/Jan/2026/16/24/09 GET /v1/AUTH_f710e03ba52a4857a1ae10860ed8a0ab/gnocchi.ed2ce7ce-4473-42cb-acd2-0332f4fe8b09/none_v3 HTTP/1.0 404 - python-swiftclient-3.11.1 gAAAAABpeOZl8ZCJ... - 70 - txf7be368cef9243eb817ae-006978e6a9 - 0.0148 - - 1769531049.291041136 1769531049.305865526 0
Jan 27 16:24:09 standalone account-server[127472]: 172.20.0.100 - - [27/Jan/2026:16:24:09 +0000] "PUT /d1/323/AUTH_f710e03ba52a4857a1ae10860ed8a0ab/gnocchi.ed2ce7ce-4473-42cb-acd2-0332f4fe8b09" 201 - "PUT http://172.20.0.100:6001/d1/373/AUTH_f710e03ba52a4857a1ae10860ed8a0ab/gnocchi.ed2ce7ce-4473-42cb-acd2-0332f4fe8b09" "tx336006ebeb3e4c9a870c6-006978e6a9" "container-server 17" 0.0083 "-" 15 0
Jan 27 16:24:09 standalone container-server[127493]: 172.20.0.100 - - [27/Jan/2026:16:24:09 +0000] "PUT /d1/373/AUTH_f710e03ba52a4857a1ae10860ed8a0ab/gnocchi.ed2ce7ce-4473-42cb-acd2-0332f4fe8b09" 201 - "PUT http://172.18.0.2:8080/v1/AUTH_f710e03ba52a4857a1ae10860ed8a0ab/gnocchi.ed2ce7ce-4473-42cb-acd2-0332f4fe8b09" "tx336006ebeb3e4c9a870c6-006978e6a9" "proxy-server 20" 0.0252 "-" 17 0
Jan 27 16:24:09 standalone proxy-server[129382]: 172.18.0.2 172.18.0.100 27/Jan/2026/16/24/09 PUT /v1/AUTH_f710e03ba52a4857a1ae10860ed8a0ab/gnocchi.ed2ce7ce-4473-42cb-acd2-0332f4fe8b09 HTTP/1.0 201 - python-swiftclient-3.11.1 gAAAAABpeOZl8ZCJ... - - - tx336006ebeb3e4c9a870c6-006978e6a9 - 0.0312 - - 1769531049.310559273 1769531049.341777802 0
Jan 27 16:24:09 standalone container-server[127473]: 172.20.0.100 - - [27/Jan/2026:16:24:09 +0000] "HEAD /d1/373/AUTH_f710e03ba52a4857a1ae10860ed8a0ab/gnocchi.ed2ce7ce-4473-42cb-acd2-0332f4fe8b09" 204 - "HEAD http://172.18.0.2:8080/v1/AUTH_f710e03ba52a4857a1ae10860ed8a0ab/gnocchi.ed2ce7ce-4473-42cb-acd2-0332f4fe8b09?format=json&states=listing" "txe8e744be442944faaa8a0-006978e6a9" "proxy-server 20" 0.0014 "-" 14 0
Jan 27 16:24:09 standalone proxy-server[129382]: - - 27/Jan/2026/16/24/09 HEAD /v1/AUTH_f710e03ba52a4857a1ae10860ed8a0ab/gnocchi.ed2ce7ce-4473-42cb-acd2-0332f4fe8b09%3Fformat%3Djson%26states%3Dlisting HTTP/1.0 204 - Swift - - - - txe8e744be442944faaa8a0-006978e6a9 - 0.0073 RL - 1769531049.350774288 1769531049.358091354 0
Jan 27 16:24:09 standalone container-server[127473]: 172.20.0.100 - - [27/Jan/2026:16:24:09 +0000] "GET /d1/373/AUTH_f710e03ba52a4857a1ae10860ed8a0ab/gnocchi.ed2ce7ce-4473-42cb-acd2-0332f4fe8b09" 200 2 "GET http://172.18.0.2:8080/v1/AUTH_f710e03ba52a4857a1ae10860ed8a0ab/gnocchi.ed2ce7ce-4473-42cb-acd2-0332f4fe8b09?format=json&states=listing" "txe8e744be442944faaa8a0-006978e6a9" "proxy-server 20" 0.0023 "-" 14 0
Jan 27 16:24:09 standalone proxy-server[129382]: 172.18.0.2 172.18.0.100 27/Jan/2026/16/24/09 GET /v1/AUTH_f710e03ba52a4857a1ae10860ed8a0ab/gnocchi.ed2ce7ce-4473-42cb-acd2-0332f4fe8b09%3Fformat%3Djson%26states%3Dlisting HTTP/1.0 200 - python-swiftclient-3.11.1 gAAAAABpeOZl8ZCJ... - 2 - txe8e744be442944faaa8a0-006978e6a9 - 0.0190 - - 1769531049.349379063 1769531049.368408203 0
Jan 27 16:24:09 standalone object-server[127750]: 172.20.0.100 - - [27/Jan/2026:16:24:09 +0000] "GET /d1/193/AUTH_f710e03ba52a4857a1ae10860ed8a0ab/gnocchi.ed2ce7ce-4473-42cb-acd2-0332f4fe8b09/1769040000.0_mean_300.0_v3" 404 70 "GET http://172.18.0.2:8080/v1/AUTH_f710e03ba52a4857a1ae10860ed8a0ab/gnocchi.ed2ce7ce-4473-42cb-acd2-0332f4fe8b09/1769040000.0_mean_300.0_v3" "txd019370a415b4be9a02ef-006978e6a9" "proxy-server 20" 0.0006 "-" 24 0
Jan 27 16:24:09 standalone proxy-server[129382]: 172.18.0.2 172.18.0.100 27/Jan/2026/16/24/09 GET /v1/AUTH_f710e03ba52a4857a1ae10860ed8a0ab/gnocchi.ed2ce7ce-4473-42cb-acd2-0332f4fe8b09/1769040000.0_mean_300.0_v3 HTTP/1.0 404 - python-swiftclient-3.11.1 gAAAAABpeOZl8ZCJ... - 70 - txd019370a415b4be9a02ef-006978e6a9 - 0.0102 - - 1769531049.373193741 1769531049.383358479 0
Jan 27 16:24:09 standalone container-server[127473]: 172.20.0.100 - - [27/Jan/2026:16:24:09 +0000] "PUT /d1/373/AUTH_f710e03ba52a4857a1ae10860ed8a0ab/gnocchi.ed2ce7ce-4473-42cb-acd2-0332f4fe8b09/1769040000.0_mean_300.0_v3" 201 - "PUT http://172.18.0.2:8080/d1/193/AUTH_f710e03ba52a4857a1ae10860ed8a0ab/gnocchi.ed2ce7ce-4473-42cb-acd2-0332f4fe8b09/1769040000.0_mean_300.0_v3" "tx6fd414a663c9479689598-006978e6a9" "object-server 19" 0.0006 "-" 14 0
Jan 27 16:24:09 standalone object-server[127742]: 172.20.0.100 - - [27/Jan/2026:16:24:09 +0000] "PUT /d1/193/AUTH_f710e03ba52a4857a1ae10860ed8a0ab/gnocchi.ed2ce7ce-4473-42cb-acd2-0332f4fe8b09/1769040000.0_mean_300.0_v3" 201 - "PUT http://172.18.0.2:8080/v1/AUTH_f710e03ba52a4857a1ae10860ed8a0ab/gnocchi.ed2ce7ce-4473-42cb-acd2-0332f4fe8b09/1769040000.0_mean_300.0_v3" "tx6fd414a663c9479689598-006978e6a9" "proxy-server 20" 0.0129 "-" 19 0
Jan 27 16:24:09 standalone proxy-server[129382]: 172.18.0.2 172.18.0.100 27/Jan/2026/16/24/09 PUT /v1/AUTH_f710e03ba52a4857a1ae10860ed8a0ab/gnocchi.ed2ce7ce-4473-42cb-acd2-0332f4fe8b09/1769040000.0_mean_300.0_v3 HTTP/1.0 201 - python-swiftclient-3.11.1 gAAAAABpeOZl8ZCJ... 16 - - tx6fd414a663c9479689598-006978e6a9 - 0.0238 - - 1769531049.389302254 1769531049.413100719 0
Jan 27 16:24:09 standalone container-server[127493]: 172.20.0.100 - - [27/Jan/2026:16:24:09 +0000] "PUT /d1/373/AUTH_f710e03ba52a4857a1ae10860ed8a0ab/gnocchi.ed2ce7ce-4473-42cb-acd2-0332f4fe8b09/none_v3" 201 - "PUT http://172.18.0.2:8080/d1/997/AUTH_f710e03ba52a4857a1ae10860ed8a0ab/gnocchi.ed2ce7ce-4473-42cb-acd2-0332f4fe8b09/none_v3" "tx35c4fbe0d6fd4b5780911-006978e6a9" "object-server 19" 0.0012 "-" 17 0
Jan 27 16:24:09 standalone object-server[127742]: 172.20.0.100 - - [27/Jan/2026:16:24:09 +0000] "PUT /d1/997/AUTH_f710e03ba52a4857a1ae10860ed8a0ab/gnocchi.ed2ce7ce-4473-42cb-acd2-0332f4fe8b09/none_v3" 201 - "PUT http://172.18.0.2:8080/v1/AUTH_f710e03ba52a4857a1ae10860ed8a0ab/gnocchi.ed2ce7ce-4473-42cb-acd2-0332f4fe8b09/none_v3" "tx35c4fbe0d6fd4b5780911-006978e6a9" "proxy-server 20" 0.0151 "-" 19 0
Jan 27 16:24:09 standalone proxy-server[129382]: 172.18.0.2 172.18.0.100 27/Jan/2026/16/24/09 PUT /v1/AUTH_f710e03ba52a4857a1ae10860ed8a0ab/gnocchi.ed2ce7ce-4473-42cb-acd2-0332f4fe8b09/none_v3 HTTP/1.0 201 - python-swiftclient-3.11.1 gAAAAABpeOZl8ZCJ... 22 - - tx35c4fbe0d6fd4b5780911-006978e6a9 - 0.0252 - - 1769531049.417316675 1769531049.442541122 0
Jan 27 16:24:09 standalone container-server[127473]: 172.20.0.100 - - [27/Jan/2026:16:24:09 +0000] "HEAD /d1/260/AUTH_f710e03ba52a4857a1ae10860ed8a0ab/gnocchi.b60e66a9-2114-4836-8566-c90d5248dad1" 404 - "HEAD http://172.18.0.2:8080/v1/AUTH_f710e03ba52a4857a1ae10860ed8a0ab/gnocchi.b60e66a9-2114-4836-8566-c90d5248dad1?format=json&states=listing" "txef40b49c436c44caafce2-006978e6a9" "proxy-server 20" 0.0004 "-" 14 0
Jan 27 16:24:09 standalone object-server[127750]: 172.20.0.100 - - [27/Jan/2026:16:24:09 +0000] "GET /d1/529/AUTH_f710e03ba52a4857a1ae10860ed8a0ab/gnocchi.b60e66a9-2114-4836-8566-c90d5248dad1/none_v3" 404 70 "GET http://172.18.0.2:8080/v1/AUTH_f710e03ba52a4857a1ae10860ed8a0ab/gnocchi.b60e66a9-2114-4836-8566-c90d5248dad1/none_v3" "txef40b49c436c44caafce2-006978e6a9" "proxy-server 20" 0.0004 "-" 24 0
Jan 27 16:24:09 standalone proxy-server[129382]: 172.18.0.2 172.18.0.100 27/Jan/2026/16/24/09 GET /v1/AUTH_f710e03ba52a4857a1ae10860ed8a0ab/gnocchi.b60e66a9-2114-4836-8566-c90d5248dad1/none_v3 HTTP/1.0 404 - python-swiftclient-3.11.1 gAAAAABpeOZl8ZCJ... - 70 - txef40b49c436c44caafce2-006978e6a9 - 0.0839 - - 1769531049.460730553 1769531049.544605255 0
Jan 27 16:24:09 standalone account-server[127478]: 172.20.0.100 - - [27/Jan/2026:16:24:09 +0000] "PUT /d1/323/AUTH_f710e03ba52a4857a1ae10860ed8a0ab/gnocchi.b60e66a9-2114-4836-8566-c90d5248dad1" 201 - "PUT http://172.20.0.100:6001/d1/260/AUTH_f710e03ba52a4857a1ae10860ed8a0ab/gnocchi.b60e66a9-2114-4836-8566-c90d5248dad1" "txc253839a6668493ab9c00-006978e6a9" "container-server 14" 0.0106 "-" 17 0
Jan 27 16:24:09 standalone container-server[127473]: 172.20.0.100 - - [27/Jan/2026:16:24:09 +0000] "PUT /d1/260/AUTH_f710e03ba52a4857a1ae10860ed8a0ab/gnocchi.b60e66a9-2114-4836-8566-c90d5248dad1" 201 - "PUT http://172.18.0.2:8080/v1/AUTH_f710e03ba52a4857a1ae10860ed8a0ab/gnocchi.b60e66a9-2114-4836-8566-c90d5248dad1" "txc253839a6668493ab9c00-006978e6a9" "proxy-server 20" 0.0260 "-" 14 0
Jan 27 16:24:09 standalone proxy-server[129382]: 172.18.0.2 172.18.0.100 27/Jan/2026/16/24/09 PUT /v1/AUTH_f710e03ba52a4857a1ae10860ed8a0ab/gnocchi.b60e66a9-2114-4836-8566-c90d5248dad1 HTTP/1.0 201 - python-swiftclient-3.11.1 gAAAAABpeOZl8ZCJ... - - - txc253839a6668493ab9c00-006978e6a9 - 0.0333 - - 1769531049.548621893 1769531049.581896305 0
Jan 27 16:24:09 standalone container-server[127473]: 172.20.0.100 - - [27/Jan/2026:16:24:09 +0000] "HEAD /d1/260/AUTH_f710e03ba52a4857a1ae10860ed8a0ab/gnocchi.b60e66a9-2114-4836-8566-c90d5248dad1" 204 - "HEAD http://172.18.0.2:8080/v1/AUTH_f710e03ba52a4857a1ae10860ed8a0ab/gnocchi.b60e66a9-2114-4836-8566-c90d5248dad1?format=json&states=listing" "tx782711acf7e046f7ba64c-006978e6a9" "proxy-server 20" 0.0020 "-" 14 0
Jan 27 16:24:09 standalone proxy-server[129382]: - - 27/Jan/2026/16/24/09 HEAD /v1/AUTH_f710e03ba52a4857a1ae10860ed8a0ab/gnocchi.b60e66a9-2114-4836-8566-c90d5248dad1%3Fformat%3Djson%26states%3Dlisting HTTP/1.0 204 - Swift - - - - tx782711acf7e046f7ba64c-006978e6a9 - 0.0072 RL - 1769531049.589061022 1769531049.596254110 0
Jan 27 16:24:09 standalone container-server[127493]: 172.20.0.100 - - [27/Jan/2026:16:24:09 +0000] "GET /d1/260/AUTH_f710e03ba52a4857a1ae10860ed8a0ab/gnocchi.b60e66a9-2114-4836-8566-c90d5248dad1" 200 2 "GET http://172.18.0.2:8080/v1/AUTH_f710e03ba52a4857a1ae10860ed8a0ab/gnocchi.b60e66a9-2114-4836-8566-c90d5248dad1?format=json&states=listing" "tx782711acf7e046f7ba64c-006978e6a9" "proxy-server 20" 0.0038 "-" 17 0
Jan 27 16:24:09 standalone proxy-server[129382]: 172.18.0.2 172.18.0.100 27/Jan/2026/16/24/09 GET /v1/AUTH_f710e03ba52a4857a1ae10860ed8a0ab/gnocchi.b60e66a9-2114-4836-8566-c90d5248dad1%3Fformat%3Djson%26states%3Dlisting HTTP/1.0 200 - python-swiftclient-3.11.1 gAAAAABpeOZl8ZCJ... - 2 - tx782711acf7e046f7ba64c-006978e6a9 - 0.0249 - - 1769531049.586954832 1769531049.611851215 0
