Nov 22 09:45:54 standalone account-server[113443]: 172.20.0.100 - - [22/Nov/2025:09:45:54 +0000] "HEAD /d1/602/.expiring_objects" 404 - "HEAD http://localhost/v1/.expiring_objects?format=json" "txf74b142b812549b0a6791-0069218652" "proxy-server 2" 0.0005 "-" 20 -
Nov 22 09:45:54 standalone object-expirer[113317]: Pass completed in 0s; 0 objects expired (txn: txf74b142b812549b0a6791-0069218652)
Nov 22 09:46:00 standalone account-server[112881]: Devices pass completed: 0.00s
Nov 22 09:46:32 standalone account-server[113443]: 172.20.0.31 - - [22/Nov/2025:09:46:32 +0000] "HEAD /d1/169/AUTH_66f4360cf408429d8e5014105ee1e427" 404 - "HEAD http://swift-internal.openstack.svc:8080/v1/AUTH_66f4360cf408429d8e5014105ee1e427?format=json" "txf4aeeb054a484329b309e-0069218678" "proxy-server 12" 0.0005 "-" 20 -
Nov 22 09:46:32 standalone account-server[113458]: 172.20.0.31 - - [22/Nov/2025:09:46:32 +0000] "HEAD /d1/169/AUTH_66f4360cf408429d8e5014105ee1e427" 404 - "HEAD http://swift-internal.openstack.svc:8080/v1/AUTH_66f4360cf408429d8e5014105ee1e427?format=json" "txf4aeeb054a484329b309e-0069218678" "proxy-server 12" 0.0007 "-" 22 -
Nov 22 09:46:32 standalone account-server[113443]: 172.20.0.31 - - [22/Nov/2025:09:46:32 +0000] "HEAD /d1/157/AUTH_84b2abc207004010babfc55fc7f591f4" 204 - "HEAD http://swift-internal.openstack.svc:8080/v1/AUTH_84b2abc207004010babfc55fc7f591f4?format=json" "txc64120e5e602490793f65-0069218678" "proxy-server 14" 0.0013 "-" 20 -
Nov 22 09:46:32 standalone account-server[113458]: 172.20.0.31 - - [22/Nov/2025:09:46:32 +0000] "HEAD /d1/157/AUTH_84b2abc207004010babfc55fc7f591f4" 204 - "HEAD http://swift-internal.openstack.svc:8080/v1/AUTH_84b2abc207004010babfc55fc7f591f4?format=json" "txc64120e5e602490793f65-0069218678" "proxy-server 14" 0.0028 "-" 22 -
Nov 22 09:46:32 standalone account-server[113455]: 172.20.0.31 - - [22/Nov/2025:09:46:32 +0000] "HEAD /d1/947/AUTH_c119b3492b784fa9a9bcaf35add339e5" 404 - "HEAD http://swift-internal.openstack.svc:8080/v1/AUTH_c119b3492b784fa9a9bcaf35add339e5?format=json" "tx89c6f907a6af4e19909bf-0069218678" "proxy-server 14" 0.0005 "-" 21 -
Nov 22 09:46:32 standalone account-server[113458]: 172.20.0.31 - - [22/Nov/2025:09:46:32 +0000] "HEAD /d1/947/AUTH_c119b3492b784fa9a9bcaf35add339e5" 404 - "HEAD http://swift-internal.openstack.svc:8080/v1/AUTH_c119b3492b784fa9a9bcaf35add339e5?format=json" "tx89c6f907a6af4e19909bf-0069218678" "proxy-server 14" 0.0006 "-" 22 -
Nov 22 09:46:32 standalone account-server[113455]: 172.20.0.31 - - [22/Nov/2025:09:46:32 +0000] "HEAD /d1/351/AUTH_c6db601c3c1b4717a5acc8fb3ba574ab" 404 - "HEAD http://swift-internal.openstack.svc:8080/v1/AUTH_c6db601c3c1b4717a5acc8fb3ba574ab?format=json" "tx3b92ade445c94279a0086-0069218678" "proxy-server 14" 0.0005 "-" 21 -
Nov 22 09:46:32 standalone account-server[113455]: 172.20.0.31 - - [22/Nov/2025:09:46:32 +0000] "HEAD /d1/351/AUTH_c6db601c3c1b4717a5acc8fb3ba574ab" 404 - "HEAD http://swift-internal.openstack.svc:8080/v1/AUTH_c6db601c3c1b4717a5acc8fb3ba574ab?format=json" "tx3b92ade445c94279a0086-0069218678" "proxy-server 14" 0.0004 "-" 21 -
Nov 22 09:46:33 standalone account-server[113466]: 172.20.0.31 - - [22/Nov/2025:09:46:33 +0000] "GET /d1/169/AUTH_66f4360cf408429d8e5014105ee1e427" 404 - "GET http://swift-internal.openstack.svc:8080/v1/AUTH_66f4360cf408429d8e5014105ee1e427?format=json" "tx643d097fde624ffd92ed8-0069218679" "proxy-server 14" 0.0005 "-" 23 -
Nov 22 09:46:33 standalone account-server[113455]: 172.20.0.31 - - [22/Nov/2025:09:46:33 +0000] "GET /d1/157/AUTH_84b2abc207004010babfc55fc7f591f4" 200 98 "GET http://swift-internal.openstack.svc:8080/v1/AUTH_84b2abc207004010babfc55fc7f591f4?format=json" "tx42954726397242368332a-0069218679" "proxy-server 14" 0.0028 "-" 21 -
Nov 22 09:46:33 standalone account-server[113458]: 172.20.0.31 - - [22/Nov/2025:09:46:33 +0000] "GET /d1/947/AUTH_c119b3492b784fa9a9bcaf35add339e5" 404 - "GET http://swift-internal.openstack.svc:8080/v1/AUTH_c119b3492b784fa9a9bcaf35add339e5?format=json" "txb59ccbc8da2a4c61b1232-0069218679" "proxy-server 14" 0.0007 "-" 22 -
Nov 22 09:46:33 standalone account-server[113466]: 172.20.0.31 - - [22/Nov/2025:09:46:33 +0000] "GET /d1/351/AUTH_c6db601c3c1b4717a5acc8fb3ba574ab" 404 - "GET http://swift-internal.openstack.svc:8080/v1/AUTH_c6db601c3c1b4717a5acc8fb3ba574ab?format=json" "txc309b9aa8feb4a6586e49-0069218679" "proxy-server 14" 0.0005 "-" 23 -
Nov 22 09:47:03 standalone container-server[113488]: 172.20.0.31 - - [22/Nov/2025:09:47:03 +0000] "HEAD /d1/1006/AUTH_84b2abc207004010babfc55fc7f591f4/glance" 204 - "HEAD http://swift-internal.openstack.svc:8080/v1/AUTH_84b2abc207004010babfc55fc7f591f4/glance?format=json&states=listing" "tx76c75155bd914aaaa5c1b-0069218697" "proxy-server 12" 0.0021 "-" 21 0
Nov 22 09:47:04 standalone container-server[113488]: 172.20.0.100 - - [22/Nov/2025:09:47:04 +0000] "PUT /d1/1006/AUTH_84b2abc207004010babfc55fc7f591f4/glance/4d699049-a894-4572-962e-061f958d297c-00001" 201 - "PUT http://swift-internal.openstack.svc:8080/d1/311/AUTH_84b2abc207004010babfc55fc7f591f4/glance/4d699049-a894-4572-962e-061f958d297c-00001" "txa89a8bbca1b64a27b872f-0069218697" "object-server 23" 0.0009 "-" 21 0
Nov 22 09:47:04 standalone object-server[113729]: 172.20.0.31 - - [22/Nov/2025:09:47:04 +0000] "PUT /d1/311/AUTH_84b2abc207004010babfc55fc7f591f4/glance/4d699049-a894-4572-962e-061f958d297c-00001" 201 - "PUT http://swift-internal.openstack.svc:8080/v1/AUTH_84b2abc207004010babfc55fc7f591f4/glance/4d699049-a894-4572-962e-061f958d297c-00001" "txa89a8bbca1b64a27b872f-0069218697" "proxy-server 12" 0.2766 "-" 23 0
Nov 22 09:47:04 standalone container-server[113504]: 172.20.0.100 - - [22/Nov/2025:09:47:04 +0000] "PUT /d1/1006/AUTH_84b2abc207004010babfc55fc7f591f4/glance/4d699049-a894-4572-962e-061f958d297c" 201 - "PUT http://swift-internal.openstack.svc:8080/d1/776/AUTH_84b2abc207004010babfc55fc7f591f4/glance/4d699049-a894-4572-962e-061f958d297c" "txa6d6350aeb3c4cff87d93-0069218698" "object-server 24" 0.0008 "-" 23 0
Nov 22 09:47:04 standalone object-server[113744]: 172.20.0.31 - - [22/Nov/2025:09:47:04 +0000] "PUT /d1/776/AUTH_84b2abc207004010babfc55fc7f591f4/glance/4d699049-a894-4572-962e-061f958d297c" 201 - "PUT http://swift-internal.openstack.svc:8080/v1/AUTH_84b2abc207004010babfc55fc7f591f4/glance/4d699049-a894-4572-962e-061f958d297c" "txa6d6350aeb3c4cff87d93-0069218698" "proxy-server 12" 0.0214 "-" 24 0
Nov 22 09:47:05 standalone container-server[113488]: 172.20.0.31 - - [22/Nov/2025:09:47:05 +0000] "HEAD /d1/1006/AUTH_84b2abc207004010babfc55fc7f591f4/glance" 204 - "HEAD http://swift-internal.openstack.svc:8080/v1/AUTH_84b2abc207004010babfc55fc7f591f4/glance?format=json&states=listing" "tx78dd3ba1fd034c6287017-0069218699" "proxy-server 12" 0.0106 "-" 21 0
Nov 22 09:47:05 standalone container-server[113488]: 172.20.0.100 - - [22/Nov/2025:09:47:05 +0000] "PUT /d1/1006/AUTH_84b2abc207004010babfc55fc7f591f4/glance/f6796244-83b2-4a4c-9f84-e235d1586539-00001" 201 - "PUT http://swift-internal.openstack.svc:8080/d1/621/AUTH_84b2abc207004010babfc55fc7f591f4/glance/f6796244-83b2-4a4c-9f84-e235d1586539-00001" "txf67dc032127d415685106-0069218699" "object-server 24" 0.0009 "-" 21 0
Nov 22 09:47:05 standalone object-server[113744]: 172.20.0.31 - - [22/Nov/2025:09:47:05 +0000] "PUT /d1/621/AUTH_84b2abc207004010babfc55fc7f591f4/glance/f6796244-83b2-4a4c-9f84-e235d1586539-00001" 201 - "PUT http://swift-internal.openstack.svc:8080/v1/AUTH_84b2abc207004010babfc55fc7f591f4/glance/f6796244-83b2-4a4c-9f84-e235d1586539-00001" "txf67dc032127d415685106-0069218699" "proxy-server 12" 0.2429 "-" 24 0
Nov 22 09:47:05 standalone container-server[113504]: 172.20.0.100 - - [22/Nov/2025:09:47:05 +0000] "PUT /d1/1006/AUTH_84b2abc207004010babfc55fc7f591f4/glance/f6796244-83b2-4a4c-9f84-e235d1586539" 201 - "PUT http://swift-internal.openstack.svc:8080/d1/906/AUTH_84b2abc207004010babfc55fc7f591f4/glance/f6796244-83b2-4a4c-9f84-e235d1586539" "txad94fd6157fb4077bb576-0069218699" "object-server 24" 0.0008 "-" 23 0
Nov 22 09:47:05 standalone object-server[113744]: 172.20.0.31 - - [22/Nov/2025:09:47:05 +0000] "PUT /d1/906/AUTH_84b2abc207004010babfc55fc7f591f4/glance/f6796244-83b2-4a4c-9f84-e235d1586539" 201 - "PUT http://swift-internal.openstack.svc:8080/v1/AUTH_84b2abc207004010babfc55fc7f591f4/glance/f6796244-83b2-4a4c-9f84-e235d1586539" "txad94fd6157fb4077bb576-0069218699" "proxy-server 12" 0.0114 "-" 24 0
Nov 22 09:47:55 standalone account-server[113466]: 172.20.0.100 - - [22/Nov/2025:09:47:55 +0000] "HEAD /d1/602/.expiring_objects" 404 - "HEAD http://localhost/v1/.expiring_objects?format=json" "tx28d2f1dd5d754af2a73ac-00692186cb" "proxy-server 2" 0.0006 "-" 23 -
Nov 22 09:47:55 standalone object-expirer[113317]: Pass completed in 0s; 0 objects expired (txn: tx28d2f1dd5d754af2a73ac-00692186cb)
Nov 22 09:48:53 standalone object-server[113559]: Begin object update sweep
Nov 22 09:48:53 standalone object-server[498169]: Object update sweep starting on /srv/node/d1 (pid: 30)
Nov 22 09:48:53 standalone object-server[498169]: Object update sweep completed on /srv/node/d1 in 0.00s seconds:, 0 successes, 0 failures, 0 quarantines, 0 unlinks, 0 errors, 0 redirects (pid: 30)
Nov 22 09:48:53 standalone object-server[498169]: Object update sweep of d1 completed: 0.00s, 0 successes, 0 failures, 0 quarantines, 0 unlinks, 0 errors, 0 redirects
Nov 22 09:48:53 standalone object-server[113559]: Object update sweep completed: 0.08s
Nov 22 09:49:04 standalone account-server[113466]: 172.20.0.31 - - [22/Nov/2025:09:49:04 +0000] "HEAD /d1/157/AUTH_84b2abc207004010babfc55fc7f591f4" 204 - "HEAD http://swift-internal.openstack.svc:8080/v1/AUTH_84b2abc207004010babfc55fc7f591f4?format=json" "tx38ebf99e2c36431bbf56b-0069218710" "proxy-server 5" 0.0025 "-" 23 -
Nov 22 09:49:04 standalone container-server[113486]: 172.20.0.31 - - [22/Nov/2025:09:49:04 +0000] "HEAD /d1/1006/AUTH_84b2abc207004010babfc55fc7f591f4/glance" 204 - "HEAD http://swift-internal.openstack.svc:8080/v1/AUTH_84b2abc207004010babfc55fc7f591f4/glance?format=json&states=listing" "tx38ebf99e2c36431bbf56b-0069218710" "proxy-server 5" 0.0170 "-" 20 0
Nov 22 09:49:04 standalone container-server[113504]: 172.20.0.100 - - [22/Nov/2025:09:49:04 +0000] "PUT /d1/1006/AUTH_84b2abc207004010babfc55fc7f591f4/glance/b31afdd2-156a-49dd-a61e-2fa0be4299e8-00001" 201 - "PUT http://swift-internal.openstack.svc:8080/d1/96/AUTH_84b2abc207004010babfc55fc7f591f4/glance/b31afdd2-156a-49dd-a61e-2fa0be4299e8-00001" "tx3ee6c12d68d841478f9c9-0069218710" "object-server 22" 0.0009 "-" 23 0
Nov 22 09:49:04 standalone object-server[113724]: 172.20.0.31 - - [22/Nov/2025:09:49:04 +0000] "PUT /d1/96/AUTH_84b2abc207004010babfc55fc7f591f4/glance/b31afdd2-156a-49dd-a61e-2fa0be4299e8-00001" 201 - "PUT http://swift-internal.openstack.svc:8080/v1/AUTH_84b2abc207004010babfc55fc7f591f4/glance/b31afdd2-156a-49dd-a61e-2fa0be4299e8-00001" "tx3ee6c12d68d841478f9c9-0069218710" "proxy-server 5" 0.0226 "-" 22 0
Nov 22 09:49:04 standalone container-server[113486]: 172.20.0.100 - - [22/Nov/2025:09:49:04 +0000] "PUT /d1/1006/AUTH_84b2abc207004010babfc55fc7f591f4/glance/b31afdd2-156a-49dd-a61e-2fa0be4299e8" 201 - "PUT http://swift-internal.openstack.svc:8080/d1/317/AUTH_84b2abc207004010babfc55fc7f591f4/glance/b31afdd2-156a-49dd-a61e-2fa0be4299e8" "tx0f726185c0974a6abf68a-0069218710" "object-server 25" 0.0008 "-" 20 0
Nov 22 09:49:04 standalone object-server[113766]: 172.20.0.31 - - [22/Nov/2025:09:49:04 +0000] "PUT /d1/317/AUTH_84b2abc207004010babfc55fc7f591f4/glance/b31afdd2-156a-49dd-a61e-2fa0be4299e8" 201 - "PUT http://swift-internal.openstack.svc:8080/v1/AUTH_84b2abc207004010babfc55fc7f591f4/glance/b31afdd2-156a-49dd-a61e-2fa0be4299e8" "tx0f726185c0974a6abf68a-0069218710" "proxy-server 5" 0.0104 "-" 25 0
Nov 22 09:49:07 standalone object-server[113766]: 172.20.0.31 - - [22/Nov/2025:09:49:07 +0000] "HEAD /d1/317/AUTH_84b2abc207004010babfc55fc7f591f4/glance/b31afdd2-156a-49dd-a61e-2fa0be4299e8" 200 - "HEAD http://swift-internal.openstack.svc:8080/v1/AUTH_84b2abc207004010babfc55fc7f591f4/glance/b31afdd2-156a-49dd-a61e-2fa0be4299e8" "tx654c9251f5b6470392bf5-0069218713" "proxy-server 5" 0.0012 "-" 25 0
Nov 22 09:49:07 standalone container-server[113490]: 172.20.0.31 - - [22/Nov/2025:09:49:07 +0000] "GET /d1/1006/AUTH_84b2abc207004010babfc55fc7f591f4/glance" 200 206 "GET http://swift-internal.openstack.svc:8080/v1/AUTH_84b2abc207004010babfc55fc7f591f4/glance?prefix=b31afdd2-156a-49dd-a61e-2fa0be4299e8-&format=json&states=listing" "tx654c9251f5b6470392bf5-0069218713" "proxy-server 5" 0.0188 "-" 22 0
Nov 22 09:49:07 standalone container-server[113490]: 172.20.0.31 - - [22/Nov/2025:09:49:07 +0000] "GET /d1/1006/AUTH_84b2abc207004010babfc55fc7f591f4/glance" 200 206 "GET http://swift-internal.openstack.svc:8080/v1/AUTH_84b2abc207004010babfc55fc7f591f4/glance?format=json&prefix=b31afdd2-156a-49dd-a61e-2fa0be4299e8-&states=listing" "tx5f38d8eed6874825808ec-0069218713" "proxy-server 5" 0.0045 "-" 22 0
Nov 22 09:49:07 standalone container-server[113488]: 172.20.0.100 - - [22/Nov/2025:09:49:07 +0000] "DELETE /d1/1006/AUTH_84b2abc207004010babfc55fc7f591f4/glance/b31afdd2-156a-49dd-a61e-2fa0be4299e8-00001" 204 - "DELETE http://swift-internal.openstack.svc:8080/d1/96/AUTH_84b2abc207004010babfc55fc7f591f4/glance/b31afdd2-156a-49dd-a61e-2fa0be4299e8-00001" "txc3adb77089194cc8ae454-0069218713" "object-server 23" 0.0007 "-" 21 0
Nov 22 09:49:07 standalone object-server[113729]: 172.20.0.31 - - [22/Nov/2025:09:49:07 +0000] "DELETE /d1/96/AUTH_84b2abc207004010babfc55fc7f591f4/glance/b31afdd2-156a-49dd-a61e-2fa0be4299e8-00001" 204 - "DELETE http://swift-internal.openstack.svc:8080/v1/AUTH_84b2abc207004010babfc55fc7f591f4/glance/b31afdd2-156a-49dd-a61e-2fa0be4299e8-00001" "txc3adb77089194cc8ae454-0069218713" "proxy-server 5" 0.0092 "-" 23 0
Nov 22 09:49:07 standalone container-server[113488]: 172.20.0.100 - - [22/Nov/2025:09:49:07 +0000] "DELETE /d1/1006/AUTH_84b2abc207004010babfc55fc7f591f4/glance/b31afdd2-156a-49dd-a61e-2fa0be4299e8" 204 - "DELETE http://swift-internal.openstack.svc:8080/d1/317/AUTH_84b2abc207004010babfc55fc7f591f4/glance/b31afdd2-156a-49dd-a61e-2fa0be4299e8" "tx8070fc6a55b14eb09aa98-0069218713" "object-server 23" 0.0005 "-" 21 0
Nov 22 09:49:07 standalone object-server[113729]: 172.20.0.31 - - [22/Nov/2025:09:49:07 +0000] "DELETE /d1/317/AUTH_84b2abc207004010babfc55fc7f591f4/glance/b31afdd2-156a-49dd-a61e-2fa0be4299e8" 204 - "DELETE http://swift-internal.openstack.svc:8080/v1/AUTH_84b2abc207004010babfc55fc7f591f4/glance/b31afdd2-156a-49dd-a61e-2fa0be4299e8" "tx8070fc6a55b14eb09aa98-0069218713" "proxy-server 5" 0.0065 "-" 23 0
Nov 22 09:49:08 standalone container-server[113412]: Begin container update sweep
Nov 22 09:49:08 standalone account-server[113458]: 172.20.0.100 - - [22/Nov/2025:09:49:08 +0000] "PUT /d1/157/AUTH_84b2abc207004010babfc55fc7f591f4/glance" 201 - "-" "-" "container-updater 2" 0.0010 "-" 22 0
Nov 22 09:49:08 standalone container-server[113412]: Container update sweep completed: 0.11s
Nov 22 09:49:20 standalone account-server[113466]: 172.20.0.100 - - [22/Nov/2025:09:49:20 +0000] "HEAD /d1/602/.expiring_objects" 404 - "HEAD http://localhost/v1/.expiring_objects?format=json" "txa70b31c2af65423594cca-0069218720" "proxy-server 2" 0.0008 "-" 23 -
Nov 22 09:49:20 standalone object-expirer[113317]: Pass completed in 0s; 0 objects expired (txn: txa70b31c2af65423594cca-0069218720)
Nov 22 09:49:36 standalone container-server[113486]: 172.20.0.31 - - [22/Nov/2025:09:49:36 +0000] "HEAD /d1/1006/AUTH_84b2abc207004010babfc55fc7f591f4/glance" 204 - "HEAD http://swift-internal.openstack.svc:8080/v1/AUTH_84b2abc207004010babfc55fc7f591f4/glance?format=json&states=listing" "tx0483c4ad28cc4c3682cd0-0069218730" "proxy-server 6" 0.0029 "-" 20 0
Nov 22 09:49:36 standalone container-server[113488]: 172.20.0.100 - - [22/Nov/2025:09:49:36 +0000] "PUT /d1/1006/AUTH_84b2abc207004010babfc55fc7f591f4/glance/3520ceac-c741-4581-a414-e64630d6489d-00001" 201 - "PUT http://swift-internal.openstack.svc:8080/d1/787/AUTH_84b2abc207004010babfc55fc7f591f4/glance/3520ceac-c741-4581-a414-e64630d6489d-00001" "tx50d09c596f2448cd9a83b-0069218730" "object-server 25" 0.0012 "-" 21 0
Nov 22 09:49:36 standalone object-server[113766]: 172.20.0.31 - - [22/Nov/2025:09:49:36 +0000] "PUT /d1/787/AUTH_84b2abc207004010babfc55fc7f591f4/glance/3520ceac-c741-4581-a414-e64630d6489d-00001" 201 - "PUT http://swift-internal.openstack.svc:8080/v1/AUTH_84b2abc207004010babfc55fc7f591f4/glance/3520ceac-c741-4581-a414-e64630d6489d-00001" "tx50d09c596f2448cd9a83b-0069218730" "proxy-server 6" 0.0277 "-" 25 0
Nov 22 09:49:36 standalone container-server[113490]: 172.20.0.100 - - [22/Nov/2025:09:49:36 +0000] "PUT /d1/1006/AUTH_84b2abc207004010babfc55fc7f591f4/glance/3520ceac-c741-4581-a414-e64630d6489d" 201 - "PUT http://swift-internal.openstack.svc:8080/d1/635/AUTH_84b2abc207004010babfc55fc7f591f4/glance/3520ceac-c741-4581-a414-e64630d6489d" "tx08bce42d80d644ceaba95-0069218730" "object-server 23" 0.0010 "-" 22 0
Nov 22 09:49:36 standalone object-server[113729]: 172.20.0.31 - - [22/Nov/2025:09:49:36 +0000] "PUT /d1/635/AUTH_84b2abc207004010babfc55fc7f591f4/glance/3520ceac-c741-4581-a414-e64630d6489d" 201 - "PUT http://swift-internal.openstack.svc:8080/v1/AUTH_84b2abc207004010babfc55fc7f591f4/glance/3520ceac-c741-4581-a414-e64630d6489d" "tx08bce42d80d644ceaba95-0069218730" "proxy-server 6" 0.0125 "-" 23 0
Nov 22 09:49:47 standalone object-server[113729]: 172.20.0.31 - - [22/Nov/2025:09:49:47 +0000] "GET /d1/776/AUTH_84b2abc207004010babfc55fc7f591f4/glance/4d699049-a894-4572-962e-061f958d297c" 200 - "GET http://swift-internal.openstack.svc:8080/v1/AUTH_84b2abc207004010babfc55fc7f591f4/glance/4d699049-a894-4572-962e-061f958d297c" "txe44c7427ef5d492f9dda1-006921873a" "proxy-server 5" 0.0023 "-" 23 0
Nov 22 09:49:47 standalone container-server[113488]: 172.20.0.31 - - [22/Nov/2025:09:49:47 +0000] "GET /d1/1006/AUTH_84b2abc207004010babfc55fc7f591f4/glance" 200 210 "GET http://swift-internal.openstack.svc:8080/v1/AUTH_84b2abc207004010babfc55fc7f591f4/glance?prefix=4d699049-a894-4572-962e-061f958d297c-&format=json&states=listing" "txe44c7427ef5d492f9dda1-006921873a" "proxy-server 5" 0.0119 "-" 21 0
Nov 22 09:49:47 standalone object-server[113766]: 172.20.0.31 - - [22/Nov/2025:09:49:47 +0000] "GET /d1/311/AUTH_84b2abc207004010babfc55fc7f591f4/glance/4d699049-a894-4572-962e-061f958d297c-00001" 200 21430272 "GET http://swift-internal.openstack.svc:8080/v1/AUTH_84b2abc207004010babfc55fc7f591f4/glance/4d699049-a894-4572-962e-061f958d297c-00001?multipart-manifest=get" "txe44c7427ef5d492f9dda1-006921873a" "proxy-server 5" 0.0009 "-" 25 0
Nov 22 09:50:12 standalone account-server[113455]: 172.20.0.31 - - [22/Nov/2025:09:50:12 +0000] "HEAD /d1/157/AUTH_84b2abc207004010babfc55fc7f591f4" 204 - "HEAD http://swift-internal.openstack.svc:8080/v1/AUTH_84b2abc207004010babfc55fc7f591f4?format=json" "tx2a8880f48f3543f893e6a-0069218754" "proxy-server 14" 0.0107 "-" 21 -
Nov 22 09:50:12 standalone object-server[113744]: 172.20.0.31 - - [22/Nov/2025:09:50:12 +0000] "HEAD /d1/635/AUTH_84b2abc207004010babfc55fc7f591f4/glance/3520ceac-c741-4581-a414-e64630d6489d" 200 - "HEAD http://swift-internal.openstack.svc:8080/v1/AUTH_84b2abc207004010babfc55fc7f591f4/glance/3520ceac-c741-4581-a414-e64630d6489d" "tx2a8880f48f3543f893e6a-0069218754" "proxy-server 14" 0.0014 "-" 24 0
Nov 22 09:50:12 standalone container-server[113490]: 172.20.0.31 - - [22/Nov/2025:09:50:12 +0000] "GET /d1/1006/AUTH_84b2abc207004010babfc55fc7f591f4/glance" 200 206 "GET http://swift-internal.openstack.svc:8080/v1/AUTH_84b2abc207004010babfc55fc7f591f4/glance?prefix=3520ceac-c741-4581-a414-e64630d6489d-&format=json&states=listing" "tx2a8880f48f3543f893e6a-0069218754" "proxy-server 14" 0.0045 "-" 22 0
Nov 22 09:50:12 standalone container-server[113486]: 172.20.0.31 - - [22/Nov/2025:09:50:12 +0000] "GET /d1/1006/AUTH_84b2abc207004010babfc55fc7f591f4/glance" 200 206 "GET http://swift-internal.openstack.svc:8080/v1/AUTH_84b2abc207004010babfc55fc7f591f4/glance?format=json&prefix=3520ceac-c741-4581-a414-e64630d6489d-&states=listing" "txffeb9dafec2a48dda1f02-0069218754" "proxy-server 14" 0.0037 "-" 20 0
Nov 22 09:50:13 standalone container-server[113504]: 172.20.0.100 - - [22/Nov/2025:09:50:13 +0000] "DELETE /d1/1006/AUTH_84b2abc207004010babfc55fc7f591f4/glance/3520ceac-c741-4581-a414-e64630d6489d-00001" 204 - "DELETE http://swift-internal.openstack.svc:8080/d1/787/AUTH_84b2abc207004010babfc55fc7f591f4/glance/3520ceac-c741-4581-a414-e64630d6489d-00001" "txa96cfb986fbf400786302-0069218754" "object-server 24" 0.0008 "-" 23 0
Nov 22 09:50:13 standalone object-server[113744]: 172.20.0.31 - - [22/Nov/2025:09:50:13 +0000] "DELETE /d1/787/AUTH_84b2abc207004010babfc55fc7f591f4/glance/3520ceac-c741-4581-a414-e64630d6489d-00001" 204 - "DELETE http://swift-internal.openstack.svc:8080/v1/AUTH_84b2abc207004010babfc55fc7f591f4/glance/3520ceac-c741-4581-a414-e64630d6489d-00001" "txa96cfb986fbf400786302-0069218754" "proxy-server 14" 0.0104 "-" 24 0
Nov 22 09:50:13 standalone container-server[113488]: 172.20.0.100 - - [22/Nov/2025:09:50:13 +0000] "DELETE /d1/1006/AUTH_84b2abc207004010babfc55fc7f591f4/glance/3520ceac-c741-4581-a414-e64630d6489d" 204 - "DELETE http://swift-internal.openstack.svc:8080/d1/635/AUTH_84b2abc207004010babfc55fc7f591f4/glance/3520ceac-c741-4581-a414-e64630d6489d" "tx8793bb9576c3471bb5835-0069218755" "object-server 24" 0.0007 "-" 21 0
Nov 22 09:50:13 standalone object-server[113744]: 172.20.0.31 - - [22/Nov/2025:09:50:13 +0000] "DELETE /d1/635/AUTH_84b2abc207004010babfc55fc7f591f4/glance/3520ceac-c741-4581-a414-e64630d6489d" 204 - "DELETE http://swift-internal.openstack.svc:8080/v1/AUTH_84b2abc207004010babfc55fc7f591f4/glance/3520ceac-c741-4581-a414-e64630d6489d" "tx8793bb9576c3471bb5835-0069218755" "proxy-server 14" 0.0104 "-" 24 0
Nov 22 09:51:34 standalone account-server[113455]: 172.20.0.31 - - [22/Nov/2025:09:51:34 +0000] "HEAD /d1/1010/AUTH_bfa818233fff435091c5f8fa342bb97d" 404 - "HEAD http://swift-internal.openstack.svc:8080/v1/AUTH_bfa818233fff435091c5f8fa342bb97d?format=json" "tx15dd3f8bd7a14ac396502-00692187a6" "proxy-server 5" 0.0006 "-" 21 -
Nov 22 09:51:35 standalone account-server[113466]: 172.20.0.31 - - [22/Nov/2025:09:51:35 +0000] "GET /d1/1010/AUTH_bfa818233fff435091c5f8fa342bb97d" 404 - "GET http://swift-internal.openstack.svc:8080/v1/AUTH_bfa818233fff435091c5f8fa342bb97d?format=json" "tx15dd3f8bd7a14ac396502-00692187a6" "proxy-server 5" 0.0005 "-" 23 -
Nov 22 09:51:35 standalone account-server[113443]: 172.20.0.31 - - [22/Nov/2025:09:51:35 +0000] "HEAD /d1/169/AUTH_0f15c526022b4faf8634db875bb37de9" 404 - "HEAD http://swift-internal.openstack.svc:8080/v1/AUTH_0f15c526022b4faf8634db875bb37de9?format=json" "tx80d4bff64e4f48e4ad1da-00692187a7" "proxy-server 14" 0.0004 "-" 20 -
Nov 22 09:51:35 standalone account-server[113458]: 172.20.0.31 - - [22/Nov/2025:09:51:35 +0000] "GET /d1/169/AUTH_0f15c526022b4faf8634db875bb37de9" 404 - "GET http://swift-internal.openstack.svc:8080/v1/AUTH_0f15c526022b4faf8634db875bb37de9?format=json" "tx80d4bff64e4f48e4ad1da-00692187a7" "proxy-server 14" 0.0005 "-" 22 -
Nov 22 09:51:35 standalone account-server[113443]: 172.20.0.31 - - [22/Nov/2025:09:51:35 +0000] "HEAD /d1/389/AUTH_11d1f137a0d94920b03cdbbf6c303755" 404 - "HEAD http://swift-internal.openstack.svc:8080/v1/AUTH_11d1f137a0d94920b03cdbbf6c303755?format=json" "tx277bd41f57f6424fa2956-00692187a7" "proxy-server 14" 0.0005 "-" 20 -
Nov 22 09:51:35 standalone account-server[113466]: 172.20.0.31 - - [22/Nov/2025:09:51:35 +0000] "GET /d1/389/AUTH_11d1f137a0d94920b03cdbbf6c303755" 404 - "GET http://swift-internal.openstack.svc:8080/v1/AUTH_11d1f137a0d94920b03cdbbf6c303755?format=json" "tx277bd41f57f6424fa2956-00692187a7" "proxy-server 14" 0.0004 "-" 23 -
Nov 22 09:51:35 standalone account-server[113455]: 172.20.0.31 - - [22/Nov/2025:09:51:35 +0000] "HEAD /d1/258/AUTH_12440ab4966648ca809af244982aa6a8" 404 - "HEAD http://swift-internal.openstack.svc:8080/v1/AUTH_12440ab4966648ca809af244982aa6a8?format=json" "tx9435e81d68f443e18c884-00692187a7" "proxy-server 14" 0.0005 "-" 21 -
Nov 22 09:51:35 standalone account-server[113455]: 172.20.0.31 - - [22/Nov/2025:09:51:35 +0000] "GET /d1/258/AUTH_12440ab4966648ca809af244982aa6a8" 404 - "GET http://swift-internal.openstack.svc:8080/v1/AUTH_12440ab4966648ca809af244982aa6a8?format=json" "tx9435e81d68f443e18c884-00692187a7" "proxy-server 14" 0.0003 "-" 21 -
Nov 22 09:51:35 standalone account-server[113455]: 172.20.0.31 - - [22/Nov/2025:09:51:35 +0000] "HEAD /d1/212/AUTH_1624e8e9365b47fab03ee9c22e2233a5" 404 - "HEAD http://swift-internal.openstack.svc:8080/v1/AUTH_1624e8e9365b47fab03ee9c22e2233a5?format=json" "txe7424eb3291b4e0a8ea02-00692187a7" "proxy-server 14" 0.0003 "-" 21 -
Nov 22 09:51:35 standalone account-server[113466]: 172.20.0.31 - - [22/Nov/2025:09:51:35 +0000] "GET /d1/212/AUTH_1624e8e9365b47fab03ee9c22e2233a5" 404 - "GET http://swift-internal.openstack.svc:8080/v1/AUTH_1624e8e9365b47fab03ee9c22e2233a5?format=json" "txe7424eb3291b4e0a8ea02-00692187a7" "proxy-server 14" 0.0005 "-" 23 -
Nov 22 09:51:35 standalone account-server[113443]: 172.20.0.31 - - [22/Nov/2025:09:51:35 +0000] "HEAD /d1/12/AUTH_16301cbeed204b7591ba5bf6f702f873" 404 - "HEAD http://swift-internal.openstack.svc:8080/v1/AUTH_16301cbeed204b7591ba5bf6f702f873?format=json" "txf9a4658bc129448785558-00692187a7" "proxy-server 5" 0.0005 "-" 20 -
Nov 22 09:51:35 standalone account-server[113455]: 172.20.0.31 - - [22/Nov/2025:09:51:35 +0000] "GET /d1/12/AUTH_16301cbeed204b7591ba5bf6f702f873" 404 - "GET http://swift-internal.openstack.svc:8080/v1/AUTH_16301cbeed204b7591ba5bf6f702f873?format=json" "txf9a4658bc129448785558-00692187a7" "proxy-server 5" 0.0004 "-" 21 -
Nov 22 09:51:35 standalone account-server[113455]: 172.20.0.31 - - [22/Nov/2025:09:51:35 +0000] "HEAD /d1/26/AUTH_2be9aa7050d34445916d358d38195137" 404 - "HEAD http://swift-internal.openstack.svc:8080/v1/AUTH_2be9aa7050d34445916d358d38195137?format=json" "txeac5feaeb4e744bc97d72-00692187a7" "proxy-server 14" 0.0005 "-" 21 -
Nov 22 09:51:35 standalone account-server[113443]: 172.20.0.31 - - [22/Nov/2025:09:51:35 +0000] "GET /d1/26/AUTH_2be9aa7050d34445916d358d38195137" 404 - "GET http://swift-internal.openstack.svc:8080/v1/AUTH_2be9aa7050d34445916d358d38195137?format=json" "txeac5feaeb4e744bc97d72-00692187a7" "proxy-server 14" 0.0004 "-" 20 -
Nov 22 09:51:35 standalone account-server[113466]: 172.20.0.31 - - [22/Nov/2025:09:51:35 +0000] "HEAD /d1/197/AUTH_2de5b70b4b7c4b3b96b8a9b8ab6cc68a" 404 - "HEAD http://swift-internal.openstack.svc:8080/v1/AUTH_2de5b70b4b7c4b3b96b8a9b8ab6cc68a?format=json" "tx4782c20100494847bc815-00692187a7" "proxy-server 6" 0.0005 "-" 23 -
Nov 22 09:51:36 standalone account-server[113455]: 172.20.0.31 - - [22/Nov/2025:09:51:36 +0000] "GET /d1/197/AUTH_2de5b70b4b7c4b3b96b8a9b8ab6cc68a" 404 - "GET http://swift-internal.openstack.svc:8080/v1/AUTH_2de5b70b4b7c4b3b96b8a9b8ab6cc68a?format=json" "tx4782c20100494847bc815-00692187a7" "proxy-server 6" 0.0006 "-" 21 -
Nov 22 09:51:36 standalone account-server[113466]: 172.20.0.31 - - [22/Nov/2025:09:51:36 +0000] "HEAD /d1/984/AUTH_5a968ec8918a4783ad50ded6b61898f7" 404 - "HEAD http://swift-internal.openstack.svc:8080/v1/AUTH_5a968ec8918a4783ad50ded6b61898f7?format=json" "tx771421133e6f400787874-00692187a8" "proxy-server 14" 0.0005 "-" 23 -
Nov 22 09:51:36 standalone account-server[113455]: 172.20.0.31 - - [22/Nov/2025:09:51:36 +0000] "GET /d1/984/AUTH_5a968ec8918a4783ad50ded6b61898f7" 404 - "GET http://swift-internal.openstack.svc:8080/v1/AUTH_5a968ec8918a4783ad50ded6b61898f7?format=json" "tx771421133e6f400787874-00692187a8" "proxy-server 14" 0.0004 "-" 21 -
Nov 22 09:51:36 standalone account-server[113443]: 172.20.0.31 - - [22/Nov/2025:09:51:36 +0000] "HEAD /d1/694/AUTH_657c90b4e5a247de8201b439ded83640" 404 - "HEAD http://swift-internal.openstack.svc:8080/v1/AUTH_657c90b4e5a247de8201b439ded83640?format=json" "tx69030c10cddc4857b2334-00692187a8" "proxy-server 6" 0.0005 "-" 20 -
Nov 22 09:51:36 standalone account-server[113455]: 172.20.0.31 - - [22/Nov/2025:09:51:36 +0000] "GET /d1/694/AUTH_657c90b4e5a247de8201b439ded83640" 404 - "GET http://swift-internal.openstack.svc:8080/v1/AUTH_657c90b4e5a247de8201b439ded83640?format=json" "tx69030c10cddc4857b2334-00692187a8" "proxy-server 6" 0.0003 "-" 21 -
Nov 22 09:51:36 standalone account-server[113455]: 172.20.0.31 - - [22/Nov/2025:09:51:36 +0000] "HEAD /d1/169/AUTH_66f4360cf408429d8e5014105ee1e427" 404 - "HEAD http://swift-internal.openstack.svc:8080/v1/AUTH_66f4360cf408429d8e5014105ee1e427?format=json" "txb7c3e3cb7e104540b0666-00692187a8" "proxy-server 5" 0.0003 "-" 21 -
Nov 22 09:51:36 standalone account-server[113458]: 172.20.0.31 - - [22/Nov/2025:09:51:36 +0000] "GET /d1/169/AUTH_66f4360cf408429d8e5014105ee1e427" 404 - "GET http://swift-internal.openstack.svc:8080/v1/AUTH_66f4360cf408429d8e5014105ee1e427?format=json" "txb7c3e3cb7e104540b0666-00692187a8" "proxy-server 5" 0.0004 "-" 22 -
Nov 22 09:51:36 standalone account-server[113458]: 172.20.0.31 - - [22/Nov/2025:09:51:36 +0000] "HEAD /d1/157/AUTH_84b2abc207004010babfc55fc7f591f4" 204 - "HEAD http://swift-internal.openstack.svc:8080/v1/AUTH_84b2abc207004010babfc55fc7f591f4?format=json" "txda8b02bb5e394a5484cf7-00692187a8" "proxy-server 6" 0.0023 "-" 22 -
Nov 22 09:51:36 standalone account-server[113455]: 172.20.0.31 - - [22/Nov/2025:09:51:36 +0000] "GET /d1/157/AUTH_84b2abc207004010babfc55fc7f591f4" 200 99 "GET http://swift-internal.openstack.svc:8080/v1/AUTH_84b2abc207004010babfc55fc7f591f4?format=json" "txda8b02bb5e394a5484cf7-00692187a8" "proxy-server 6" 0.0026 "-" 21 -
Nov 22 09:51:36 standalone account-server[113466]: 172.20.0.31 - - [22/Nov/2025:09:51:36 +0000] "HEAD /d1/312/AUTH_89311772b0ed4a1aa8df1d63cf50b5f2" 404 - "HEAD http://swift-internal.openstack.svc:8080/v1/AUTH_89311772b0ed4a1aa8df1d63cf50b5f2?format=json" "tx13420d06c7b545e29cfca-00692187a8" "proxy-server 14" 0.0004 "-" 23 -
Nov 22 09:51:36 standalone account-server[113466]: 172.20.0.31 - - [22/Nov/2025:09:51:36 +0000] "GET /d1/312/AUTH_89311772b0ed4a1aa8df1d63cf50b5f2" 404 - "GET http://swift-internal.openstack.svc:8080/v1/AUTH_89311772b0ed4a1aa8df1d63cf50b5f2?format=json" "tx13420d06c7b545e29cfca-00692187a8" "proxy-server 14" 0.0003 "-" 23 -
Nov 22 09:51:36 standalone account-server[113466]: 172.20.0.31 - - [22/Nov/2025:09:51:36 +0000] "HEAD /d1/557/AUTH_b752900ed64a4d828b6435fddbed51d8" 404 - "HEAD http://swift-internal.openstack.svc:8080/v1/AUTH_b752900ed64a4d828b6435fddbed51d8?format=json" "txb43573e35b444dbbb4a55-00692187a8" "proxy-server 6" 0.0003 "-" 23 -
Nov 22 09:51:36 standalone account-server[113458]: 172.20.0.31 - - [22/Nov/2025:09:51:36 +0000] "GET /d1/557/AUTH_b752900ed64a4d828b6435fddbed51d8" 404 - "GET http://swift-internal.openstack.svc:8080/v1/AUTH_b752900ed64a4d828b6435fddbed51d8?format=json" "txb43573e35b444dbbb4a55-00692187a8" "proxy-server 6" 0.0005 "-" 22 -
Nov 22 09:51:36 standalone account-server[113458]: 172.20.0.31 - - [22/Nov/2025:09:51:36 +0000] "HEAD /d1/947/AUTH_c119b3492b784fa9a9bcaf35add339e5" 404 - "HEAD http://swift-internal.openstack.svc:8080/v1/AUTH_c119b3492b784fa9a9bcaf35add339e5?format=json" "tx90f29e8204dd4e99aafee-00692187a8" "proxy-server 6" 0.0003 "-" 22 -
Nov 22 09:51:36 standalone account-server[113455]: 172.20.0.31 - - [22/Nov/2025:09:51:36 +0000] "GET /d1/947/AUTH_c119b3492b784fa9a9bcaf35add339e5" 404 - "GET http://swift-internal.openstack.svc:8080/v1/AUTH_c119b3492b784fa9a9bcaf35add339e5?format=json" "tx90f29e8204dd4e99aafee-00692187a8" "proxy-server 6" 0.0004 "-" 21 -
Nov 22 09:51:36 standalone account-server[113466]: 172.20.0.31 - - [22/Nov/2025:09:51:36 +0000] "HEAD /d1/351/AUTH_c6db601c3c1b4717a5acc8fb3ba574ab" 404 - "HEAD http://swift-internal.openstack.svc:8080/v1/AUTH_c6db601c3c1b4717a5acc8fb3ba574ab?format=json" "txc12de7a19fd94dc3a8b6e-00692187a8" "proxy-server 6" 0.0004 "-" 23 -
Nov 22 09:51:36 standalone account-server[113458]: 172.20.0.31 - - [22/Nov/2025:09:51:36 +0000] "GET /d1/351/AUTH_c6db601c3c1b4717a5acc8fb3ba574ab" 404 - "GET http://swift-internal.openstack.svc:8080/v1/AUTH_c6db601c3c1b4717a5acc8fb3ba574ab?format=json" "txc12de7a19fd94dc3a8b6e-00692187a8" "proxy-server 6" 0.0004 "-" 22 -
Nov 22 09:51:36 standalone account-server[113466]: 172.20.0.31 - - [22/Nov/2025:09:51:36 +0000] "HEAD /d1/920/AUTH_c9f4bbceac854d84a8c5ba412a811763" 404 - "HEAD http://swift-internal.openstack.svc:8080/v1/AUTH_c9f4bbceac854d84a8c5ba412a811763?format=json" "tx5be2fb4d002d485489ecc-00692187a8" "proxy-server 6" 0.0004 "-" 23 -
Nov 22 09:51:36 standalone account-server[113443]: 172.20.0.31 - - [22/Nov/2025:09:51:36 +0000] "GET /d1/920/AUTH_c9f4bbceac854d84a8c5ba412a811763" 404 - "GET http://swift-internal.openstack.svc:8080/v1/AUTH_c9f4bbceac854d84a8c5ba412a811763?format=json" "tx5be2fb4d002d485489ecc-00692187a8" "proxy-server 6" 0.0005 "-" 20 -
Nov 22 09:51:36 standalone account-server[113455]: 172.20.0.31 - - [22/Nov/2025:09:51:36 +0000] "HEAD /d1/21/AUTH_dc0ac0edd5fd44749eec57e8c3b1bad2" 404 - "HEAD http://swift-internal.openstack.svc:8080/v1/AUTH_dc0ac0edd5fd44749eec57e8c3b1bad2?format=json" "txfa0508edcad641f9a2f9d-00692187a8" "proxy-server 6" 0.0004 "-" 21 -
Nov 22 09:51:36 standalone account-server[113458]: 172.20.0.31 - - [22/Nov/2025:09:51:36 +0000] "GET /d1/21/AUTH_dc0ac0edd5fd44749eec57e8c3b1bad2" 404 - "GET http://swift-internal.openstack.svc:8080/v1/AUTH_dc0ac0edd5fd44749eec57e8c3b1bad2?format=json" "txfa0508edcad641f9a2f9d-00692187a8" "proxy-server 6" 0.0005 "-" 22 -
Nov 22 09:51:36 standalone account-server[113455]: 172.20.0.31 - - [22/Nov/2025:09:51:36 +0000] "HEAD /d1/453/AUTH_e392e3ad2cbd4bcbaff91b3f98aef9e1" 404 - "HEAD http://swift-internal.openstack.svc:8080/v1/AUTH_e392e3ad2cbd4bcbaff91b3f98aef9e1?format=json" "tx145176bd6ed242fb9332e-00692187a8" "proxy-server 14" 0.0004 "-" 21 -
Nov 22 09:51:36 standalone account-server[113466]: 172.20.0.31 - - [22/Nov/2025:09:51:36 +0000] "GET /d1/453/AUTH_e392e3ad2cbd4bcbaff91b3f98aef9e1" 404 - "GET http://swift-internal.openstack.svc:8080/v1/AUTH_e392e3ad2cbd4bcbaff91b3f98aef9e1?format=json" "tx145176bd6ed242fb9332e-00692187a8" "proxy-server 14" 0.0005 "-" 23 -
Nov 22 09:51:36 standalone account-server[113455]: 172.20.0.31 - - [22/Nov/2025:09:51:36 +0000] "HEAD /d1/792/AUTH_e98298410d034e3aae36bc486d77b350" 404 - "HEAD http://swift-internal.openstack.svc:8080/v1/AUTH_e98298410d034e3aae36bc486d77b350?format=json" "tx967a616cf2824bcba98c0-00692187a8" "proxy-server 14" 0.0003 "-" 21 -
Nov 22 09:51:36 standalone account-server[113443]: 172.20.0.31 - - [22/Nov/2025:09:51:36 +0000] "GET /d1/792/AUTH_e98298410d034e3aae36bc486d77b350" 404 - "GET http://swift-internal.openstack.svc:8080/v1/AUTH_e98298410d034e3aae36bc486d77b350?format=json" "tx967a616cf2824bcba98c0-00692187a8" "proxy-server 14" 0.0004 "-" 20 -
Nov 22 09:51:36 standalone account-server[113455]: 172.20.0.31 - - [22/Nov/2025:09:51:36 +0000] "HEAD /d1/1010/AUTH_bfa818233fff435091c5f8fa342bb97d" 404 - "HEAD http://swift-internal.openstack.svc:8080/v1/AUTH_bfa818233fff435091c5f8fa342bb97d?format=json" "tx3f9de24e9e4046ef8a453-00692187a8" "proxy-server 6" 0.0002 "-" 21 -
Nov 22 09:51:36 standalone account-server[113458]: 172.20.0.31 - - [22/Nov/2025:09:51:36 +0000] "HEAD /d1/169/AUTH_0f15c526022b4faf8634db875bb37de9" 404 - "HEAD http://swift-internal.openstack.svc:8080/v1/AUTH_0f15c526022b4faf8634db875bb37de9?format=json" "txa313d41226374860afd34-00692187a8" "proxy-server 14" 0.0005 "-" 22 -
Nov 22 09:51:36 standalone account-server[113458]: 172.20.0.31 - - [22/Nov/2025:09:51:36 +0000] "HEAD /d1/389/AUTH_11d1f137a0d94920b03cdbbf6c303755" 404 - "HEAD http://swift-internal.openstack.svc:8080/v1/AUTH_11d1f137a0d94920b03cdbbf6c303755?format=json" "txd7f83ff292224125b73ba-00692187a8" "proxy-server 6" 0.0003 "-" 22 -
Nov 22 09:51:36 standalone account-server[113443]: 172.20.0.31 - - [22/Nov/2025:09:51:36 +0000] "HEAD /d1/258/AUTH_12440ab4966648ca809af244982aa6a8" 404 - "HEAD http://swift-internal.openstack.svc:8080/v1/AUTH_12440ab4966648ca809af244982aa6a8?format=json" "tx6220387eaf1940a1b53ab-00692187a8" "proxy-server 6" 0.0004 "-" 20 -
Nov 22 09:51:36 standalone account-server[113466]: 172.20.0.31 - - [22/Nov/2025:09:51:36 +0000] "HEAD /d1/212/AUTH_1624e8e9365b47fab03ee9c22e2233a5" 404 - "HEAD http://swift-internal.openstack.svc:8080/v1/AUTH_1624e8e9365b47fab03ee9c22e2233a5?format=json" "tx9e09e46461bf4f1b85141-00692187a8" "proxy-server 6" 0.0004 "-" 23 -
Nov 22 09:51:36 standalone account-server[113458]: 172.20.0.31 - - [22/Nov/2025:09:51:36 +0000] "HEAD /d1/12/AUTH_16301cbeed204b7591ba5bf6f702f873" 404 - "HEAD http://swift-internal.openstack.svc:8080/v1/AUTH_16301cbeed204b7591ba5bf6f702f873?format=json" "txfebcfd581b384182a7aa2-00692187a8" "proxy-server 14" 0.0005 "-" 22 -
Nov 22 09:51:36 standalone account-server[113443]: 172.20.0.31 - - [22/Nov/2025:09:51:36 +0000] "HEAD /d1/26/AUTH_2be9aa7050d34445916d358d38195137" 404 - "HEAD http://swift-internal.openstack.svc:8080/v1/AUTH_2be9aa7050d34445916d358d38195137?format=json" "tx2e08cfd672a440828a13e-00692187a8" "proxy-server 6" 0.0004 "-" 20 -
Nov 22 09:51:36 standalone account-server[113466]: 172.20.0.31 - - [22/Nov/2025:09:51:36 +0000] "HEAD /d1/197/AUTH_2de5b70b4b7c4b3b96b8a9b8ab6cc68a" 404 - "HEAD http://swift-internal.openstack.svc:8080/v1/AUTH_2de5b70b4b7c4b3b96b8a9b8ab6cc68a?format=json" "txb4be4ad9eae247e699c16-00692187a8" "proxy-server 14" 0.0003 "-" 23 -
Nov 22 09:51:36 standalone account-server[113458]: 172.20.0.31 - - [22/Nov/2025:09:51:36 +0000] "HEAD /d1/984/AUTH_5a968ec8918a4783ad50ded6b61898f7" 404 - "HEAD http://swift-internal.openstack.svc:8080/v1/AUTH_5a968ec8918a4783ad50ded6b61898f7?format=json" "tx21075979c0af498785d81-00692187a8" "proxy-server 6" 0.0004 "-" 22 -
Nov 22 09:51:36 standalone account-server[113443]: 172.20.0.31 - - [22/Nov/2025:09:51:36 +0000] "HEAD /d1/694/AUTH_657c90b4e5a247de8201b439ded83640" 404 - "HEAD http://swift-internal.openstack.svc:8080/v1/AUTH_657c90b4e5a247de8201b439ded83640?format=json" "txff48b963921b415f95217-00692187a8" "proxy-server 14" 0.0004 "-" 20 -
Nov 22 09:51:36 standalone account-server[113443]: 172.20.0.31 - - [22/Nov/2025:09:51:36 +0000] "HEAD /d1/169/AUTH_66f4360cf408429d8e5014105ee1e427" 404 - "HEAD http://swift-internal.openstack.svc:8080/v1/AUTH_66f4360cf408429d8e5014105ee1e427?format=json" "tx509bf841ae4145bd80540-00692187a8" "proxy-server 14" 0.0005 "-" 20 -
Nov 22 09:51:36 standalone account-server[113458]: 172.20.0.31 - - [22/Nov/2025:09:51:36 +0000] "HEAD /d1/157/AUTH_84b2abc207004010babfc55fc7f591f4" 204 - "HEAD http://swift-internal.openstack.svc:8080/v1/AUTH_84b2abc207004010babfc55fc7f591f4?format=json" "txd3eb63ac5a4d48018e5f7-00692187a8" "proxy-server 6" 0.0021 "-" 22 -
Nov 22 09:51:36 standalone account-server[113455]: 172.20.0.31 - - [22/Nov/2025:09:51:36 +0000] "HEAD /d1/312/AUTH_89311772b0ed4a1aa8df1d63cf50b5f2" 404 - "HEAD http://swift-internal.openstack.svc:8080/v1/AUTH_89311772b0ed4a1aa8df1d63cf50b5f2?format=json" "txaf405d68a3d34a9aa4c15-00692187a8" "proxy-server 6" 0.0005 "-" 21 -
Nov 22 09:51:36 standalone account-server[113466]: 172.20.0.31 - - [22/Nov/2025:09:51:36 +0000] "HEAD /d1/557/AUTH_b752900ed64a4d828b6435fddbed51d8" 404 - "HEAD http://swift-internal.openstack.svc:8080/v1/AUTH_b752900ed64a4d828b6435fddbed51d8?format=json" "tx58a31b031b8f451a92aff-00692187a8" "proxy-server 6" 0.0005 "-" 23 -
Nov 22 09:51:36 standalone account-server[113443]: 172.20.0.31 - - [22/Nov/2025:09:51:36 +0000] "HEAD /d1/947/AUTH_c119b3492b784fa9a9bcaf35add339e5" 404 - "HEAD http://swift-internal.openstack.svc:8080/v1/AUTH_c119b3492b784fa9a9bcaf35add339e5?format=json" "tx72a2d4dcf27d4bc182ce9-00692187a8" "proxy-server 6" 0.0005 "-" 20 -
Nov 22 09:51:37 standalone account-server[113443]: 172.20.0.31 - - [22/Nov/2025:09:51:37 +0000] "HEAD /d1/351/AUTH_c6db601c3c1b4717a5acc8fb3ba574ab" 404 - "HEAD http://swift-internal.openstack.svc:8080/v1/AUTH_c6db601c3c1b4717a5acc8fb3ba574ab?format=json" "txa4ad4df51ecb4eb4a0300-00692187a8" "proxy-server 14" 0.0005 "-" 20 -
Nov 22 09:51:37 standalone account-server[113443]: 172.20.0.31 - - [22/Nov/2025:09:51:37 +0000] "HEAD /d1/920/AUTH_c9f4bbceac854d84a8c5ba412a811763" 404 - "HEAD http://swift-internal.openstack.svc:8080/v1/AUTH_c9f4bbceac854d84a8c5ba412a811763?format=json" "txaf23b8827c0749a8ba914-00692187a9" "proxy-server 6" 0.0002 "-" 20 -
Nov 22 09:51:37 standalone account-server[113466]: 172.20.0.31 - - [22/Nov/2025:09:51:37 +0000] "HEAD /d1/21/AUTH_dc0ac0edd5fd44749eec57e8c3b1bad2" 404 - "HEAD http://swift-internal.openstack.svc:8080/v1/AUTH_dc0ac0edd5fd44749eec57e8c3b1bad2?format=json" "txd45371fbd1f94d89adc6e-00692187a9" "proxy-server 5" 0.0002 "-" 23 -
Nov 22 09:51:37 standalone account-server[113458]: 172.20.0.31 - - [22/Nov/2025:09:51:37 +0000] "HEAD /d1/453/AUTH_e392e3ad2cbd4bcbaff91b3f98aef9e1" 404 - "HEAD http://swift-internal.openstack.svc:8080/v1/AUTH_e392e3ad2cbd4bcbaff91b3f98aef9e1?format=json" "tx009c6f7a85ac418296ebd-00692187a9" "proxy-server 6" 0.0002 "-" 22 -
Nov 22 09:51:37 standalone account-server[113466]: 172.20.0.31 - - [22/Nov/2025:09:51:37 +0000] "HEAD /d1/792/AUTH_e98298410d034e3aae36bc486d77b350" 404 - "HEAD http://swift-internal.openstack.svc:8080/v1/AUTH_e98298410d034e3aae36bc486d77b350?format=json" "tx4bec8652ae3f4c7d97305-00692187a9" "proxy-server 6" 0.0004 "-" 23 -
Nov 22 09:53:49 standalone account-server[113458]: 172.20.0.100 - - [22/Nov/2025:09:53:49 +0000] "HEAD /d1/602/.expiring_objects" 404 - "HEAD http://localhost/v1/.expiring_objects?format=json" "tx343bba91bbae4fc78de8d-006921882d" "proxy-server 2" 0.0010 "-" 22 -
Nov 22 09:53:49 standalone object-expirer[113317]: Pass completed in 0s; 0 objects expired (txn: tx343bba91bbae4fc78de8d-006921882d)
Nov 22 09:53:53 standalone object-server[113559]: Begin object update sweep
Nov 22 09:53:53 standalone object-server[515290]: Object update sweep starting on /srv/node/d1 (pid: 31)
Nov 22 09:53:53 standalone object-server[515290]: Object update sweep completed on /srv/node/d1 in 0.00s seconds:, 0 successes, 0 failures, 0 quarantines, 0 unlinks, 0 errors, 0 redirects (pid: 31)
Nov 22 09:53:53 standalone object-server[515290]: Object update sweep of d1 completed: 0.00s, 0 successes, 0 failures, 0 quarantines, 0 unlinks, 0 errors, 0 redirects
Nov 22 09:53:53 standalone object-server[113559]: Object update sweep completed: 0.08s
Nov 22 09:54:00 standalone account-server[113455]: 172.20.0.100 - - [22/Nov/2025:09:54:00 +0000] "HEAD /d1/602/.expiring_objects" 404 - "HEAD http://localhost/v1/.expiring_objects?format=json" "tx1338a5ccb6f241e283ab6-0069218838" "proxy-server 2" 0.0008 "-" 21 -
Nov 22 09:54:00 standalone object-expirer[113317]: Pass completed in 0s; 0 objects expired (txn: tx1338a5ccb6f241e283ab6-0069218838)
Nov 22 09:54:08 standalone container-server[113412]: Begin container update sweep
Nov 22 09:54:08 standalone container-server[113412]: Container update sweep completed: 0.09s
Nov 22 09:56:32 standalone account-server[113458]: 172.20.0.31 - - [22/Nov/2025:09:56:32 +0000] "HEAD /d1/529/AUTH_5003498575c24d8f9a44e3483c803387" 404 - "HEAD http://swift-internal.openstack.svc:8080/v1/AUTH_5003498575c24d8f9a44e3483c803387?format=json" "tx14bce187ae424a9fbe696-00692188d0" "proxy-server 8" 0.0009 "-" 22 -
Nov 22 09:56:32 standalone account-server[113466]: 172.20.0.31 - - [22/Nov/2025:09:56:32 +0000] "HEAD /d1/529/AUTH_5003498575c24d8f9a44e3483c803387" 404 - "HEAD http://swift-internal.openstack.svc:8080/v1/AUTH_5003498575c24d8f9a44e3483c803387?format=json" "tx14bce187ae424a9fbe696-00692188d0" "proxy-server 8" 0.0005 "-" 23 -
Nov 22 09:56:32 standalone account-server[113466]: 172.20.0.31 - - [22/Nov/2025:09:56:32 +0000] "HEAD /d1/169/AUTH_66f4360cf408429d8e5014105ee1e427" 404 - "HEAD http://swift-internal.openstack.svc:8080/v1/AUTH_66f4360cf408429d8e5014105ee1e427?format=json" "tx526f5fc8ae324299b0c43-00692188d0" "proxy-server 8" 0.0006 "-" 23 -
Nov 22 09:56:32 standalone account-server[113455]: 172.20.0.31 - - [22/Nov/2025:09:56:32 +0000] "HEAD /d1/169/AUTH_66f4360cf408429d8e5014105ee1e427" 404 - "HEAD http://swift-internal.openstack.svc:8080/v1/AUTH_66f4360cf408429d8e5014105ee1e427?format=json" "tx526f5fc8ae324299b0c43-00692188d0" "proxy-server 8" 0.0005 "-" 21 -
Nov 22 09:56:32 standalone account-server[113443]: 172.20.0.31 - - [22/Nov/2025:09:56:32 +0000] "HEAD /d1/157/AUTH_84b2abc207004010babfc55fc7f591f4" 204 - "HEAD http://swift-internal.openstack.svc:8080/v1/AUTH_84b2abc207004010babfc55fc7f591f4?format=json" "tx35b19f9f58e441458d561-00692188d0" "proxy-server 8" 0.0024 "-" 20 -
Nov 22 09:56:32 standalone account-server[113466]: 172.20.0.31 - - [22/Nov/2025:09:56:32 +0000] "HEAD /d1/157/AUTH_84b2abc207004010babfc55fc7f591f4" 204 - "HEAD http://swift-internal.openstack.svc:8080/v1/AUTH_84b2abc207004010babfc55fc7f591f4?format=json" "tx35b19f9f58e441458d561-00692188d0" "proxy-server 8" 0.0022 "-" 23 -
Nov 22 09:56:32 standalone account-server[113466]: 172.20.0.31 - - [22/Nov/2025:09:56:32 +0000] "HEAD /d1/432/AUTH_8bbca9a2565349198090c02f66fd0b74" 404 - "HEAD http://swift-internal.openstack.svc:8080/v1/AUTH_8bbca9a2565349198090c02f66fd0b74?format=json" "tx645d699268624b689cb44-00692188d0" "proxy-server 13" 0.0004 "-" 23 -
Nov 22 09:56:32 standalone account-server[113458]: 172.20.0.31 - - [22/Nov/2025:09:56:32 +0000] "HEAD /d1/432/AUTH_8bbca9a2565349198090c02f66fd0b74" 404 - "HEAD http://swift-internal.openstack.svc:8080/v1/AUTH_8bbca9a2565349198090c02f66fd0b74?format=json" "tx645d699268624b689cb44-00692188d0" "proxy-server 13" 0.0005 "-" 22 -
Nov 22 09:56:32 standalone account-server[113443]: 172.20.0.31 - - [22/Nov/2025:09:56:32 +0000] "HEAD /d1/974/AUTH_9c569b162daa46aebcfc490a98abafa4" 404 - "HEAD http://swift-internal.openstack.svc:8080/v1/AUTH_9c569b162daa46aebcfc490a98abafa4?format=json" "tx38d2480c0f5e4e9aa51e7-00692188d0" "proxy-server 15" 0.0005 "-" 20 -
Nov 22 09:56:32 standalone account-server[113443]: 172.20.0.31 - - [22/Nov/2025:09:56:32 +0000] "HEAD /d1/974/AUTH_9c569b162daa46aebcfc490a98abafa4" 404 - "HEAD http://swift-internal.openstack.svc:8080/v1/AUTH_9c569b162daa46aebcfc490a98abafa4?format=json" "tx38d2480c0f5e4e9aa51e7-00692188d0" "proxy-server 15" 0.0005 "-" 20 -
Nov 22 09:56:32 standalone account-server[113443]: 172.20.0.31 - - [22/Nov/2025:09:56:32 +0000] "HEAD /d1/947/AUTH_c119b3492b784fa9a9bcaf35add339e5" 404 - "HEAD http://swift-internal.openstack.svc:8080/v1/AUTH_c119b3492b784fa9a9bcaf35add339e5?format=json" "tx3bb9cb54131a4b3a97aa2-00692188d0" "proxy-server 8" 0.0004 "-" 20 -
Nov 22 09:56:32 standalone account-server[113458]: 172.20.0.31 - - [22/Nov/2025:09:56:32 +0000] "HEAD /d1/947/AUTH_c119b3492b784fa9a9bcaf35add339e5" 404 - "HEAD http://swift-internal.openstack.svc:8080/v1/AUTH_c119b3492b784fa9a9bcaf35add339e5?format=json" "tx3bb9cb54131a4b3a97aa2-00692188d0" "proxy-server 8" 0.0004 "-" 22 -
Nov 22 09:56:32 standalone account-server[113458]: 172.20.0.31 - - [22/Nov/2025:09:56:32 +0000] "HEAD /d1/351/AUTH_c6db601c3c1b4717a5acc8fb3ba574ab" 404 - "HEAD http://swift-internal.openstack.svc:8080/v1/AUTH_c6db601c3c1b4717a5acc8fb3ba574ab?format=json" "tx0c845577968a4622a77b5-00692188d0" "proxy-server 8" 0.0003 "-" 22 -
Nov 22 09:56:32 standalone account-server[113458]: 172.20.0.31 - - [22/Nov/2025:09:56:32 +0000] "HEAD /d1/351/AUTH_c6db601c3c1b4717a5acc8fb3ba574ab" 404 - "HEAD http://swift-internal.openstack.svc:8080/v1/AUTH_c6db601c3c1b4717a5acc8fb3ba574ab?format=json" "tx0c845577968a4622a77b5-00692188d0" "proxy-server 8" 0.0003 "-" 22 -
Nov 22 09:56:33 standalone account-server[113443]: 172.20.0.31 - - [22/Nov/2025:09:56:33 +0000] "HEAD /d1/628/AUTH_d3e66a5711364cae90258cf45935e321" 404 - "HEAD http://swift-internal.openstack.svc:8080/v1/AUTH_d3e66a5711364cae90258cf45935e321?format=json" "tx07b353055bc7476185c67-00692188d1" "proxy-server 6" 0.0004 "-" 20 -
Nov 22 09:56:33 standalone account-server[113466]: 172.20.0.31 - - [22/Nov/2025:09:56:33 +0000] "HEAD /d1/628/AUTH_d3e66a5711364cae90258cf45935e321" 404 - "HEAD http://swift-internal.openstack.svc:8080/v1/AUTH_d3e66a5711364cae90258cf45935e321?format=json" "tx07b353055bc7476185c67-00692188d1" "proxy-server 6" 0.0005 "-" 23 -
Nov 22 09:56:33 standalone account-server[113466]: 172.20.0.31 - - [22/Nov/2025:09:56:33 +0000] "HEAD /d1/572/AUTH_e30582e5eb7847dfbd88c4ba35b6d775" 404 - "HEAD http://swift-internal.openstack.svc:8080/v1/AUTH_e30582e5eb7847dfbd88c4ba35b6d775?format=json" "txbcfdf27cf43c469cb5cf6-00692188d1" "proxy-server 8" 0.0004 "-" 23 -
Nov 22 09:56:33 standalone account-server[113466]: 172.20.0.31 - - [22/Nov/2025:09:56:33 +0000] "HEAD /d1/572/AUTH_e30582e5eb7847dfbd88c4ba35b6d775" 404 - "HEAD http://swift-internal.openstack.svc:8080/v1/AUTH_e30582e5eb7847dfbd88c4ba35b6d775?format=json" "txbcfdf27cf43c469cb5cf6-00692188d1" "proxy-server 8" 0.0003 "-" 23 -
Nov 22 09:56:33 standalone account-server[113466]: 172.20.0.31 - - [22/Nov/2025:09:56:33 +0000] "GET /d1/529/AUTH_5003498575c24d8f9a44e3483c803387" 404 - "GET http://swift-internal.openstack.svc:8080/v1/AUTH_5003498575c24d8f9a44e3483c803387?format=json" "tx064c0901de8d460798235-00692188d1" "proxy-server 8" 0.0010 "-" 23 -
Nov 22 09:56:33 standalone account-server[113443]: 172.20.0.31 - - [22/Nov/2025:09:56:33 +0000] "GET /d1/169/AUTH_66f4360cf408429d8e5014105ee1e427" 404 - "GET http://swift-internal.openstack.svc:8080/v1/AUTH_66f4360cf408429d8e5014105ee1e427?format=json" "txf7dd49cbed59405fbf98f-00692188d1" "proxy-server 8" 0.0004 "-" 20 -
Nov 22 09:56:33 standalone account-server[113455]: 172.20.0.31 - - [22/Nov/2025:09:56:33 +0000] "GET /d1/157/AUTH_84b2abc207004010babfc55fc7f591f4" 200 99 "GET http://swift-internal.openstack.svc:8080/v1/AUTH_84b2abc207004010babfc55fc7f591f4?format=json" "txdfcab4137ff94ab3a1c3e-00692188d1" "proxy-server 6" 0.0018 "-" 21 -
