Nov 22 08:13:55 standalone account-server[112881]: Starting 2
Nov 22 08:13:56 standalone account-server[113072]: Started child 20 from parent 2
Nov 22 08:13:56 standalone account-server[113072]: Started child 21 from parent 2
Nov 22 08:13:56 standalone account-server[113072]: Started child 22 from parent 2
Nov 22 08:13:56 standalone account-server[113072]: Started child 23 from parent 2
Nov 22 08:13:56 standalone container-server[113192]: Option allow_versions is deprecated. Configure the versioned_writes middleware in the proxy-server instead. This option will be ignored in a future release.
Nov 22 08:13:56 standalone container-server[113486]: Option allow_versions is deprecated. Configure the versioned_writes middleware in the proxy-server instead. This option will be ignored in a future release.
Nov 22 08:13:56 standalone container-server[113192]: Started child 20 from parent 2
Nov 22 08:13:56 standalone container-server[113488]: Option allow_versions is deprecated. Configure the versioned_writes middleware in the proxy-server instead. This option will be ignored in a future release.
Nov 22 08:13:56 standalone container-server[113192]: Started child 21 from parent 2
Nov 22 08:13:56 standalone container-server[113490]: Option allow_versions is deprecated. Configure the versioned_writes middleware in the proxy-server instead. This option will be ignored in a future release.
Nov 22 08:13:56 standalone container-server[113192]: Started child 22 from parent 2
Nov 22 08:13:56 standalone container-server[113504]: Option allow_versions is deprecated. Configure the versioned_writes middleware in the proxy-server instead. This option will be ignored in a future release.
Nov 22 08:13:56 standalone container-server[113192]: Started child 23 from parent 2
Nov 22 08:13:57 standalone object-expirer[113317]: Starting 2
Nov 22 08:13:57 standalone object-expirer[113317]: Option auto_create_account_prefix is deprecated. Configure auto_create_account_prefix under the swift-constraints section of swift.conf. This option will be ignored in a future release.
Nov 22 08:13:57 standalone container-server[113412]: Starting 2
Nov 22 08:13:57 standalone object-server[113559]: Starting 2
Nov 22 08:13:57 standalone object-server[113553]: Started child 22 from parent 2
Nov 22 08:13:57 standalone object-server[113553]: Started child 23 from parent 2
Nov 22 08:13:57 standalone object-server[113553]: Started child 24 from parent 2
Nov 22 08:13:57 standalone object-server[113553]: Started child 25 from parent 2
Nov 22 08:14:02 standalone proxy-server[115141]: Starting Keystone auth_token middleware
Nov 22 08:14:02 standalone proxy-server[115141]: AuthToken middleware is set with keystone_authtoken.service_token_roles_required set to False. This is backwards compatible but deprecated behaviour. Please set this to True.
Nov 22 08:14:02 standalone proxy-server[115233]: Starting Keystone auth_token middleware
Nov 22 08:14:02 standalone proxy-server[115233]: STDERR: The option "bind_port" is not known to keystonemiddleware
Nov 22 08:14:02 standalone proxy-server[115233]: STDERR: The option "workers" is not known to keystonemiddleware
Nov 22 08:14:02 standalone proxy-server[115233]: STDERR: The option "user" is not known to keystonemiddleware
Nov 22 08:14:02 standalone proxy-server[115233]: STDERR: The option "bind_ip" is not known to keystonemiddleware
Nov 22 08:14:02 standalone proxy-server[115233]: STDERR: The option "log_name" is not known to keystonemiddleware
Nov 22 08:14:02 standalone proxy-server[115233]: STDERR: The option "log_facility" is not known to keystonemiddleware
Nov 22 08:14:02 standalone proxy-server[115233]: STDERR: The option "log_level" is not known to keystonemiddleware
Nov 22 08:14:02 standalone proxy-server[115233]: STDERR: The option "log_headers" is not known to keystonemiddleware
Nov 22 08:14:02 standalone proxy-server[115233]: STDERR: The option "log_address" is not known to keystonemiddleware
Nov 22 08:14:02 standalone proxy-server[115233]: STDERR: The option "project_name" is not known to keystonemiddleware
Nov 22 08:14:02 standalone proxy-server[115233]: STDERR: The option "username" is not known to keystonemiddleware
Nov 22 08:14:02 standalone proxy-server[115233]: STDERR: The option "password" is not known to keystonemiddleware
Nov 22 08:14:02 standalone proxy-server[115233]: STDERR: The option "auth_url" is not known to keystonemiddleware
Nov 22 08:14:02 standalone proxy-server[115233]: STDERR: The option "signing_dir" is not known to keystonemiddleware
Nov 22 08:14:02 standalone proxy-server[115233]: STDERR: The option "project_domain_id" is not known to keystonemiddleware
Nov 22 08:14:02 standalone proxy-server[115233]: STDERR: The option "user_domain_id" is not known to keystonemiddleware
Nov 22 08:14:02 standalone proxy-server[115233]: STDERR: The option "__name__" is not known to keystonemiddleware
Nov 22 08:14:02 standalone proxy-server[115233]: AuthToken middleware is set with keystone_authtoken.service_token_roles_required set to False. This is backwards compatible but deprecated behaviour. Please set this to True.
Nov 22 08:14:02 standalone proxy-server[115141]: Started child 21 from parent 2
Nov 22 08:14:06 standalone container-server[113412]: Begin container update sweep
Nov 22 08:14:06 standalone container-server[113412]: Container update sweep completed: 0.00s
Nov 22 08:14:13 standalone account-server[113455]: 172.20.0.100 - - [22/Nov/2025:08:14:13 +0000] "HEAD /d1/602/.expiring_objects" 404 - "HEAD http://localhost/v1/.expiring_objects?format=json" "tx3b935297aa3e4ad2ba82a-00692170d5" "proxy-server 2" 0.0022 "-" 21 -
Nov 22 08:14:13 standalone object-expirer[113317]: Pass completed in 0s; 0 objects expired (txn: tx3b935297aa3e4ad2ba82a-00692170d5)
Nov 22 08:15:43 standalone account-server[113443]: 172.20.0.100 - - [22/Nov/2025:08:15:43 +0000] "HEAD /d1/602/.expiring_objects" 404 - "HEAD http://localhost/v1/.expiring_objects?format=json" "txe9e581e807ca4b67aa5f5-006921712f" "proxy-server 2" 0.0015 "-" 20 -
Nov 22 08:15:43 standalone object-expirer[113317]: Pass completed in 0s; 0 objects expired (txn: txe9e581e807ca4b67aa5f5-006921712f)
Nov 22 08:17:08 standalone account-server[113443]: 172.20.0.100 - - [22/Nov/2025:08:17:08 +0000] "HEAD /d1/602/.expiring_objects" 404 - "HEAD http://localhost/v1/.expiring_objects?format=json" "txcf9b9f5fa4b949a48cf41-0069217184" "proxy-server 2" 0.0005 "-" 20 -
Nov 22 08:17:08 standalone object-expirer[113317]: Pass completed in 0s; 0 objects expired (txn: txcf9b9f5fa4b949a48cf41-0069217184)
Nov 22 08:18:26 standalone account-server[113455]: 172.20.0.100 - - [22/Nov/2025:08:18:26 +0000] "HEAD /d1/602/.expiring_objects" 404 - "HEAD http://localhost/v1/.expiring_objects?format=json" "txab45faa973214deebf8c8-00692171d2" "proxy-server 2" 0.0008 "-" 21 -
Nov 22 08:18:26 standalone object-expirer[113317]: Pass completed in 0s; 0 objects expired (txn: txab45faa973214deebf8c8-00692171d2)
Nov 22 08:18:51 standalone object-server[113559]: Begin object update sweep
Nov 22 08:18:51 standalone object-server[144718]: Object update sweep starting on /srv/node/d1 (pid: 12)
Nov 22 08:18:51 standalone object-server[144718]: Object update sweep completed on /srv/node/d1 in 0.00s seconds:, 0 successes, 0 failures, 0 quarantines, 0 unlinks, 0 errors, 0 redirects (pid: 12)
Nov 22 08:18:51 standalone object-server[144718]: Object update sweep of d1 completed: 0.00s, 0 successes, 0 failures, 0 quarantines, 0 unlinks, 0 errors, 0 redirects
Nov 22 08:18:51 standalone object-server[113559]: Object update sweep completed: 0.09s
Nov 22 08:19:06 standalone container-server[113412]: Begin container update sweep
Nov 22 08:19:06 standalone container-server[113412]: Container update sweep completed: 0.00s
Nov 22 08:19:19 standalone account-server[113455]: 172.20.0.100 - - [22/Nov/2025:08:19:19 +0000] "HEAD /d1/602/.expiring_objects" 404 - "HEAD http://localhost/v1/.expiring_objects?format=json" "tx4cb19f809b0646d5b61f6-0069217207" "proxy-server 2" 0.0004 "-" 21 -
Nov 22 08:19:19 standalone object-expirer[113317]: Pass completed in 0s; 0 objects expired (txn: tx4cb19f809b0646d5b61f6-0069217207)
Nov 22 08:19:48 standalone proxy-server[115233]: 172.21.0.2 ::1 22/Nov/2025/08/19/48 GET /info HTTP/1.0 200 - python-urllib3/1.26.5 gAAAAABpIXIh2SVj... - 1671 - txcfa76a2e1c244353aed77-0069217224 - 0.4342 - - 1763799588.375577927 1763799588.809782028 -
Nov 22 08:19:53 standalone account-server[113458]: 172.20.0.100 - - [22/Nov/2025:08:19:53 +0000] "HEAD /d1/157/AUTH_84b2abc207004010babfc55fc7f591f4" 404 - "HEAD http://localhost:8080/v1/AUTH_84b2abc207004010babfc55fc7f591f4?format=json" "txf88542b19d0747aa87d1b-0069217229" "proxy-server 21" 0.0018 "-" 22 -
Nov 22 08:19:53 standalone proxy-server[115233]: - - 22/Nov/2025/08/19/53 HEAD /v1/AUTH_84b2abc207004010babfc55fc7f591f4%3Fformat%3Djson HTTP/1.0 200 - Swift - - - - txf88542b19d0747aa87d1b-0069217229 - 0.0101 RL - 1763799593.809961557 1763799593.820080042 -
Nov 22 08:19:53 standalone proxy-server[115233]: 172.18.0.2 ::1 22/Nov/2025/08/19/53 HEAD /v1/AUTH_84b2abc207004010babfc55fc7f591f4/glance%3Fformat%3Djson HTTP/1.0 404 - python-swiftclient-3.11.1 gAAAAABpIXIpT0de... - - - txf88542b19d0747aa87d1b-0069217229 - 0.1220 - - 1763799593.808223724 1763799593.930229187 -
Nov 22 08:19:53 standalone account-server[113458]: 172.20.0.100 - - [22/Nov/2025:08:19:53 +0000] "PUT /d1/157/AUTH_84b2abc207004010babfc55fc7f591f4" 201 - "-" "txa4f7124fd0a44429b3a1a-0069217229" "-" 0.0212 "-" 22 -
Nov 22 08:19:53 standalone proxy-server[115233]: autocreate account '/AUTH_84b2abc207004010babfc55fc7f591f4' (txn: txa4f7124fd0a44429b3a1a-0069217229)
Nov 22 08:19:53 standalone account-server[113455]: 172.20.0.100 - - [22/Nov/2025:08:19:53 +0000] "HEAD /d1/157/AUTH_84b2abc207004010babfc55fc7f591f4" 204 - "HEAD http://localhost:8080/v1/AUTH_84b2abc207004010babfc55fc7f591f4?format=json" "txa4f7124fd0a44429b3a1a-0069217229" "proxy-server 21" 0.0035 "-" 21 -
Nov 22 08:19:53 standalone account-server[113443]: 172.20.0.100 - - [22/Nov/2025:08:19:53 +0000] "PUT /d1/157/AUTH_84b2abc207004010babfc55fc7f591f4/glance" 201 - "PUT http://172.20.0.100:6001/d1/1006/AUTH_84b2abc207004010babfc55fc7f591f4/glance" "txa4f7124fd0a44429b3a1a-0069217229" "container-server 22" 0.0030 "-" 20 0
Nov 22 08:19:54 standalone container-server[113490]: 172.20.0.100 - - [22/Nov/2025:08:19:53 +0000] "PUT /d1/1006/AUTH_84b2abc207004010babfc55fc7f591f4/glance" 201 - "PUT http://localhost:8080/v1/AUTH_84b2abc207004010babfc55fc7f591f4/glance" "txa4f7124fd0a44429b3a1a-0069217229" "proxy-server 21" 0.0220 "-" 22 0
Nov 22 08:19:54 standalone proxy-server[115233]: 172.18.0.2 ::1 22/Nov/2025/08/19/54 PUT /v1/AUTH_84b2abc207004010babfc55fc7f591f4/glance HTTP/1.0 201 - python-swiftclient-3.11.1 gAAAAABpIXIpT0de... - - - txa4f7124fd0a44429b3a1a-0069217229 - 0.0662 - - 1763799593.936168194 1763799594.002330303 0
Nov 22 08:19:54 standalone container-server[113490]: 172.20.0.100 - - [22/Nov/2025:08:19:54 +0000] "HEAD /d1/1006/AUTH_84b2abc207004010babfc55fc7f591f4/glance" 204 - "HEAD http://localhost:8080/v1/AUTH_84b2abc207004010babfc55fc7f591f4/glance?format=json&states=listing" "tx73977f24368f4b0db747a-006921722a" "proxy-server 21" 0.0027 "-" 22 0
Nov 22 08:19:54 standalone proxy-server[115233]: - - 22/Nov/2025/08/19/54 HEAD /v1/AUTH_84b2abc207004010babfc55fc7f591f4/glance%3Fformat%3Djson%26states%3Dlisting HTTP/1.0 204 - Swift - - - - tx73977f24368f4b0db747a-006921722a - 0.0070 RL - 1763799594.016691923 1763799594.023706675 0
Nov 22 08:19:54 standalone container-server[113488]: 172.20.0.100 - - [22/Nov/2025:08:19:54 +0000] "PUT /d1/1006/AUTH_84b2abc207004010babfc55fc7f591f4/glance/02e91f18-cade-4c8e-ad61-cee6fdbf6048-00001" 201 - "PUT http://localhost:8080/d1/55/AUTH_84b2abc207004010babfc55fc7f591f4/glance/02e91f18-cade-4c8e-ad61-cee6fdbf6048-00001" "tx73977f24368f4b0db747a-006921722a" "object-server 25" 0.0015 "-" 21 0
Nov 22 08:19:54 standalone object-server[113766]: 172.20.0.100 - - [22/Nov/2025:08:19:54 +0000] "PUT /d1/55/AUTH_84b2abc207004010babfc55fc7f591f4/glance/02e91f18-cade-4c8e-ad61-cee6fdbf6048-00001" 201 - "PUT http://localhost:8080/v1/AUTH_84b2abc207004010babfc55fc7f591f4/glance/02e91f18-cade-4c8e-ad61-cee6fdbf6048-00001" "tx73977f24368f4b0db747a-006921722a" "proxy-server 21" 0.2244 "-" 25 0
Nov 22 08:19:54 standalone proxy-server[115233]: 172.18.0.2 ::1 22/Nov/2025/08/19/54 PUT /v1/AUTH_84b2abc207004010babfc55fc7f591f4/glance/02e91f18-cade-4c8e-ad61-cee6fdbf6048-00001 HTTP/1.0 201 - python-swiftclient-3.11.1 gAAAAABpIXIpT0de... 16300544 - - tx73977f24368f4b0db747a-006921722a - 0.2487 - - 1763799594.007873535 1763799594.256620407 0
Nov 22 08:19:54 standalone container-server[113490]: 172.20.0.100 - - [22/Nov/2025:08:19:54 +0000] "PUT /d1/1006/AUTH_84b2abc207004010babfc55fc7f591f4/glance/02e91f18-cade-4c8e-ad61-cee6fdbf6048" 201 - "PUT http://localhost:8080/d1/485/AUTH_84b2abc207004010babfc55fc7f591f4/glance/02e91f18-cade-4c8e-ad61-cee6fdbf6048" "tx919fbaf2a2c141fb816f9-006921722a" "object-server 22" 0.0008 "-" 22 0
Nov 22 08:19:54 standalone object-server[113724]: 172.20.0.100 - - [22/Nov/2025:08:19:54 +0000] "PUT /d1/485/AUTH_84b2abc207004010babfc55fc7f591f4/glance/02e91f18-cade-4c8e-ad61-cee6fdbf6048" 201 - "PUT http://localhost:8080/v1/AUTH_84b2abc207004010babfc55fc7f591f4/glance/02e91f18-cade-4c8e-ad61-cee6fdbf6048" "tx919fbaf2a2c141fb816f9-006921722a" "proxy-server 21" 0.0201 "-" 22 0
Nov 22 08:19:54 standalone proxy-server[115233]: 172.18.0.2 ::1 22/Nov/2025/08/19/54 PUT /v1/AUTH_84b2abc207004010babfc55fc7f591f4/glance/02e91f18-cade-4c8e-ad61-cee6fdbf6048 HTTP/1.0 201 - python-swiftclient-3.11.1 gAAAAABpIXIpT0de... - - - tx919fbaf2a2c141fb816f9-006921722a - 0.0253 - - 1763799594.263942242 1763799594.289212942 0
Nov 22 08:19:55 standalone container-server[113488]: 172.20.0.100 - - [22/Nov/2025:08:19:54 +0000] "HEAD /d1/1006/AUTH_84b2abc207004010babfc55fc7f591f4/glance" 204 - "HEAD http://localhost:8080/v1/AUTH_84b2abc207004010babfc55fc7f591f4/glance?format=json&states=listing" "tx3832cacb8f334575b406b-006921722a" "proxy-server 21" 0.0210 "-" 21 0
Nov 22 08:19:55 standalone proxy-server[115233]: 172.18.0.2 ::1 22/Nov/2025/08/19/55 HEAD /v1/AUTH_84b2abc207004010babfc55fc7f591f4/glance%3Fformat%3Djson%26states%3Dlisting HTTP/1.0 204 - python-swiftclient-3.11.1 gAAAAABpIXIqo-gU... - - - tx3832cacb8f334575b406b-006921722a - 0.0574 - - 1763799594.945542574 1763799595.002951860 0
Nov 22 08:19:55 standalone container-server[113504]: 172.20.0.100 - - [22/Nov/2025:08:19:55 +0000] "PUT /d1/1006/AUTH_84b2abc207004010babfc55fc7f591f4/glance/5e3bc229-50ba-4d59-b575-ae325f74d494-00001" 201 - "PUT http://localhost:8080/d1/20/AUTH_84b2abc207004010babfc55fc7f591f4/glance/5e3bc229-50ba-4d59-b575-ae325f74d494-00001" "txee6fff934025496fb7787-006921722b" "object-server 22" 0.0012 "-" 23 0
Nov 22 08:19:55 standalone object-server[113724]: 172.20.0.100 - - [22/Nov/2025:08:19:55 +0000] "PUT /d1/20/AUTH_84b2abc207004010babfc55fc7f591f4/glance/5e3bc229-50ba-4d59-b575-ae325f74d494-00001" 201 - "PUT http://localhost:8080/v1/AUTH_84b2abc207004010babfc55fc7f591f4/glance/5e3bc229-50ba-4d59-b575-ae325f74d494-00001" "txee6fff934025496fb7787-006921722b" "proxy-server 21" 0.1534 "-" 22 0
Nov 22 08:19:55 standalone proxy-server[115233]: 172.18.0.2 ::1 22/Nov/2025/08/19/55 PUT /v1/AUTH_84b2abc207004010babfc55fc7f591f4/glance/5e3bc229-50ba-4d59-b575-ae325f74d494-00001 HTTP/1.0 201 - python-swiftclient-3.11.1 gAAAAABpIXIqo-gU... 16300544 - - txee6fff934025496fb7787-006921722b - 0.1676 - - 1763799595.011465073 1763799595.179033756 0
Nov 22 08:19:55 standalone container-server[113504]: 172.20.0.100 - - [22/Nov/2025:08:19:55 +0000] "PUT /d1/1006/AUTH_84b2abc207004010babfc55fc7f591f4/glance/5e3bc229-50ba-4d59-b575-ae325f74d494" 201 - "PUT http://localhost:8080/d1/146/AUTH_84b2abc207004010babfc55fc7f591f4/glance/5e3bc229-50ba-4d59-b575-ae325f74d494" "txd9e9c1ade5914c7d826d5-006921722b" "object-server 25" 0.0006 "-" 23 0
Nov 22 08:19:55 standalone object-server[113766]: 172.20.0.100 - - [22/Nov/2025:08:19:55 +0000] "PUT /d1/146/AUTH_84b2abc207004010babfc55fc7f591f4/glance/5e3bc229-50ba-4d59-b575-ae325f74d494" 201 - "PUT http://localhost:8080/v1/AUTH_84b2abc207004010babfc55fc7f591f4/glance/5e3bc229-50ba-4d59-b575-ae325f74d494" "txd9e9c1ade5914c7d826d5-006921722b" "proxy-server 21" 0.0087 "-" 25 0
Nov 22 08:19:55 standalone proxy-server[115233]: 172.18.0.2 ::1 22/Nov/2025/08/19/55 PUT /v1/AUTH_84b2abc207004010babfc55fc7f591f4/glance/5e3bc229-50ba-4d59-b575-ae325f74d494 HTTP/1.0 201 - python-swiftclient-3.11.1 gAAAAABpIXIqo-gU... - - - txd9e9c1ade5914c7d826d5-006921722b - 0.0189 - - 1763799595.184796095 1763799595.203691483 0
Nov 22 08:22:58 standalone account-server[113443]: 172.20.0.100 - - [22/Nov/2025:08:22:58 +0000] "HEAD /d1/602/.expiring_objects" 404 - "HEAD http://localhost/v1/.expiring_objects?format=json" "tx071b88e70b6848b39418d-00692172e2" "proxy-server 2" 0.0007 "-" 20 -
Nov 22 08:22:58 standalone object-expirer[113317]: Pass completed in 0s; 0 objects expired (txn: tx071b88e70b6848b39418d-00692172e2)
Nov 22 08:23:51 standalone object-server[113559]: Begin object update sweep
Nov 22 08:23:51 standalone object-server[170583]: Object update sweep starting on /srv/node/d1 (pid: 13)
Nov 22 08:23:51 standalone object-server[170583]: Object update sweep completed on /srv/node/d1 in 0.00s seconds:, 0 successes, 0 failures, 0 quarantines, 0 unlinks, 0 errors, 0 redirects (pid: 13)
Nov 22 08:23:51 standalone object-server[170583]: Object update sweep of d1 completed: 0.00s, 0 successes, 0 failures, 0 quarantines, 0 unlinks, 0 errors, 0 redirects
Nov 22 08:23:51 standalone object-server[113559]: Object update sweep completed: 0.07s
Nov 22 08:24:06 standalone container-server[113412]: Begin container update sweep
Nov 22 08:24:07 standalone account-server[113458]: 172.20.0.100 - - [22/Nov/2025:08:24:07 +0000] "PUT /d1/157/AUTH_84b2abc207004010babfc55fc7f591f4/glance" 201 - "-" "-" "container-updater 2" 0.0008 "-" 22 0
Nov 22 08:24:07 standalone container-server[113412]: Container update sweep completed: 0.14s
Nov 22 08:24:41 standalone account-server[113443]: 172.20.0.100 - - [22/Nov/2025:08:24:41 +0000] "HEAD /d1/157/AUTH_84b2abc207004010babfc55fc7f591f4" 204 - "HEAD http://localhost:8080/v1/AUTH_84b2abc207004010babfc55fc7f591f4?format=json" "tx93fff6ef38ed4027a60e0-0069217349" "proxy-server 21" 0.0156 "-" 20 -
Nov 22 08:24:41 standalone proxy-server[115233]: - - 22/Nov/2025/08/24/41 HEAD /v1/AUTH_84b2abc207004010babfc55fc7f591f4%3Fformat%3Djson HTTP/1.0 204 - Swift - - - - tx93fff6ef38ed4027a60e0-0069217349 - 0.0203 RL - 1763799881.357623816 1763799881.377966881 -
Nov 22 08:24:41 standalone container-server[113504]: 172.20.0.100 - - [22/Nov/2025:08:24:41 +0000] "HEAD /d1/1006/AUTH_84b2abc207004010babfc55fc7f591f4/glance" 204 - "HEAD http://localhost:8080/v1/AUTH_84b2abc207004010babfc55fc7f591f4/glance?format=json&states=listing" "tx93fff6ef38ed4027a60e0-0069217349" "proxy-server 21" 0.0037 "-" 23 0
Nov 22 08:24:41 standalone proxy-server[115233]: 172.18.0.2 ::1 22/Nov/2025/08/24/41 HEAD /v1/AUTH_84b2abc207004010babfc55fc7f591f4/glance%3Fformat%3Djson%26states%3Dlisting HTTP/1.0 204 - python-swiftclient-3.11.1 gAAAAABpIXNJdevR... - - - tx93fff6ef38ed4027a60e0-0069217349 - 0.1592 - - 1763799881.356503010 1763799881.515698910 0
Nov 22 08:24:44 standalone container-server[113486]: 172.20.0.100 - - [22/Nov/2025:08:24:44 +0000] "PUT /d1/1006/AUTH_84b2abc207004010babfc55fc7f591f4/glance/5d35b2ea-a3f0-4f6c-8b7f-54ca87e9037e-00001" 201 - "PUT http://localhost:8080/d1/900/AUTH_84b2abc207004010babfc55fc7f591f4/glance/5d35b2ea-a3f0-4f6c-8b7f-54ca87e9037e-00001" "tx263cfab7118744f1a3412-0069217349" "object-server 22" 0.0013 "-" 20 0
Nov 22 08:24:44 standalone object-server[113724]: 172.20.0.100 - - [22/Nov/2025:08:24:44 +0000] "PUT /d1/900/AUTH_84b2abc207004010babfc55fc7f591f4/glance/5d35b2ea-a3f0-4f6c-8b7f-54ca87e9037e-00001" 201 - "PUT http://localhost:8080/v1/AUTH_84b2abc207004010babfc55fc7f591f4/glance/5d35b2ea-a3f0-4f6c-8b7f-54ca87e9037e-00001" "tx263cfab7118744f1a3412-0069217349" "proxy-server 21" 2.9960 "-" 22 0
Nov 22 08:24:44 standalone proxy-server[115233]: 172.18.0.2 ::1 22/Nov/2025/08/24/44 PUT /v1/AUTH_84b2abc207004010babfc55fc7f591f4/glance/5d35b2ea-a3f0-4f6c-8b7f-54ca87e9037e-00001 HTTP/1.0 201 - python-swiftclient-3.11.1 gAAAAABpIXNJdevR... 21692416 - - tx263cfab7118744f1a3412-0069217349 - 3.0071 - - 1763799881.520279646 1763799884.527399778 0
Nov 22 08:24:44 standalone container-server[113488]: 172.20.0.100 - - [22/Nov/2025:08:24:44 +0000] "PUT /d1/1006/AUTH_84b2abc207004010babfc55fc7f591f4/glance/5d35b2ea-a3f0-4f6c-8b7f-54ca87e9037e" 201 - "PUT http://localhost:8080/d1/10/AUTH_84b2abc207004010babfc55fc7f591f4/glance/5d35b2ea-a3f0-4f6c-8b7f-54ca87e9037e" "txcb2e56d8a4ed41a1b1fb5-006921734c" "object-server 25" 0.0008 "-" 21 0
Nov 22 08:24:44 standalone object-server[113766]: 172.20.0.100 - - [22/Nov/2025:08:24:44 +0000] "PUT /d1/10/AUTH_84b2abc207004010babfc55fc7f591f4/glance/5d35b2ea-a3f0-4f6c-8b7f-54ca87e9037e" 201 - "PUT http://localhost:8080/v1/AUTH_84b2abc207004010babfc55fc7f591f4/glance/5d35b2ea-a3f0-4f6c-8b7f-54ca87e9037e" "txcb2e56d8a4ed41a1b1fb5-006921734c" "proxy-server 21" 0.0091 "-" 25 0
Nov 22 08:24:44 standalone proxy-server[115233]: 172.18.0.2 ::1 22/Nov/2025/08/24/44 PUT /v1/AUTH_84b2abc207004010babfc55fc7f591f4/glance/5d35b2ea-a3f0-4f6c-8b7f-54ca87e9037e HTTP/1.0 201 - python-swiftclient-3.11.1 gAAAAABpIXNJdevR... - - - txcb2e56d8a4ed41a1b1fb5-006921734c - 0.0166 - - 1763799884.536231995 1763799884.552825928 0
Nov 22 08:25:48 standalone account-server[113455]: 172.20.0.100 - - [22/Nov/2025:08:25:48 +0000] "HEAD /d1/157/AUTH_84b2abc207004010babfc55fc7f591f4" 204 - "HEAD http://localhost:8080/v1/AUTH_84b2abc207004010babfc55fc7f591f4?format=json" "txa70a8306caa542c8b057f-006921738c" "proxy-server 21" 0.0018 "-" 21 -
Nov 22 08:25:48 standalone proxy-server[115233]: - - 22/Nov/2025/08/25/48 HEAD /v1/AUTH_84b2abc207004010babfc55fc7f591f4%3Fformat%3Djson HTTP/1.0 204 - Swift - - - - txa70a8306caa542c8b057f-006921738c - 0.0077 RL - 1763799948.117902994 1763799948.125600338 -
Nov 22 08:25:48 standalone container-server[113504]: 172.20.0.100 - - [22/Nov/2025:08:25:48 +0000] "HEAD /d1/1006/AUTH_84b2abc207004010babfc55fc7f591f4/glance" 204 - "HEAD http://localhost:8080/v1/AUTH_84b2abc207004010babfc55fc7f591f4/glance?format=json&states=listing" "txa70a8306caa542c8b057f-006921738c" "proxy-server 21" 0.0142 "-" 23 0
Nov 22 08:25:48 standalone object-server[113766]: 172.20.0.100 - - [22/Nov/2025:08:25:48 +0000] "GET /d1/10/AUTH_84b2abc207004010babfc55fc7f591f4/glance/5d35b2ea-a3f0-4f6c-8b7f-54ca87e9037e" 200 - "GET http://localhost:8080/v1/AUTH_84b2abc207004010babfc55fc7f591f4/glance/5d35b2ea-a3f0-4f6c-8b7f-54ca87e9037e" "txa70a8306caa542c8b057f-006921738c" "proxy-server 21" 0.0009 "-" 25 0
Nov 22 08:25:48 standalone container-server[113486]: 172.20.0.100 - - [22/Nov/2025:08:25:48 +0000] "GET /d1/1006/AUTH_84b2abc207004010babfc55fc7f591f4/glance" 200 210 "GET http://localhost:8080/v1/AUTH_84b2abc207004010babfc55fc7f591f4/glance?prefix=5d35b2ea-a3f0-4f6c-8b7f-54ca87e9037e-&format=json&states=listing" "txa70a8306caa542c8b057f-006921738c" "proxy-server 21" 0.0028 "-" 20 0
Nov 22 08:25:48 standalone proxy-server[115233]: - - 22/Nov/2025/08/25/48 GET /v1/AUTH_84b2abc207004010babfc55fc7f591f4/glance%3Fprefix%3D5d35b2ea-a3f0-4f6c-8b7f-54ca87e9037e-%26format%3Djson%26states%3Dlisting HTTP/1.0 200 - python-swiftclient-3.11.1%20DLO%20MultipartGET gAAAAABpIXOM_rQD... - 210 - txa70a8306caa542c8b057f-006921738c - 0.0074 DLO - 1763799948.238049269 1763799948.245424271 0
Nov 22 08:25:48 standalone object-server[113724]: 172.20.0.100 - - [22/Nov/2025:08:25:48 +0000] "GET /d1/900/AUTH_84b2abc207004010babfc55fc7f591f4/glance/5d35b2ea-a3f0-4f6c-8b7f-54ca87e9037e-00001" 200 21692416 "GET http://localhost:8080/v1/AUTH_84b2abc207004010babfc55fc7f591f4/glance/5d35b2ea-a3f0-4f6c-8b7f-54ca87e9037e-00001?multipart-manifest=get" "txa70a8306caa542c8b057f-006921738c" "proxy-server 21" 0.0009 "-" 22 0
Nov 22 08:25:48 standalone proxy-server[115233]: - - 22/Nov/2025/08/25/48 GET /v1/AUTH_84b2abc207004010babfc55fc7f591f4/glance/5d35b2ea-a3f0-4f6c-8b7f-54ca87e9037e-00001%3Fmultipart-manifest%3Dget HTTP/1.0 200 - python-swiftclient-3.11.1%20%20DLO%20MultipartGET gAAAAABpIXOM_rQD... - 21692416 - txa70a8306caa542c8b057f-006921738c - 0.1020 DLO - 1763799948.246488571 1763799948.348533154 0
Nov 22 08:25:48 standalone proxy-server[115233]: 172.18.0.2 ::1 22/Nov/2025/08/25/48 GET /v1/AUTH_84b2abc207004010babfc55fc7f591f4/glance/5d35b2ea-a3f0-4f6c-8b7f-54ca87e9037e HTTP/1.0 200 - python-swiftclient-3.11.1 gAAAAABpIXOM_rQD... - 21692416 - txa70a8306caa542c8b057f-006921738c - 0.2344 - - 1763799948.114592552 1763799948.348990202 0
Nov 22 08:27:42 standalone account-server[113443]: 172.20.0.100 - - [22/Nov/2025:08:27:42 +0000] "HEAD /d1/602/.expiring_objects" 404 - "HEAD http://localhost/v1/.expiring_objects?format=json" "tx94ebb1aa6cf345c6a14e3-00692173fe" "proxy-server 2" 0.0008 "-" 20 -
Nov 22 08:27:42 standalone object-expirer[113317]: Pass completed in 0s; 0 objects expired (txn: tx94ebb1aa6cf345c6a14e3-00692173fe)
Nov 22 08:28:09 standalone account-server[113455]: 172.20.0.100 - - [22/Nov/2025:08:28:09 +0000] "HEAD /d1/602/.expiring_objects" 404 - "HEAD http://localhost/v1/.expiring_objects?format=json" "txd863f3e6a4184838a1503-0069217419" "proxy-server 2" 0.0006 "-" 21 -
Nov 22 08:28:09 standalone object-expirer[113317]: Pass completed in 0s; 0 objects expired (txn: txd863f3e6a4184838a1503-0069217419)
Nov 22 08:28:21 standalone account-server[113466]: 172.20.0.100 - - [22/Nov/2025:08:28:21 +0000] "HEAD /d1/602/.expiring_objects" 404 - "HEAD http://localhost/v1/.expiring_objects?format=json" "tx9ab23989606b4bb8be825-0069217425" "proxy-server 2" 0.0018 "-" 23 -
Nov 22 08:28:21 standalone object-expirer[113317]: Pass completed in 0s; 0 objects expired (txn: tx9ab23989606b4bb8be825-0069217425)
Nov 22 08:28:51 standalone object-server[113559]: Begin object update sweep
Nov 22 08:28:51 standalone object-server[196312]: Object update sweep starting on /srv/node/d1 (pid: 14)
Nov 22 08:28:51 standalone object-server[196312]: Object update sweep completed on /srv/node/d1 in 0.00s seconds:, 0 successes, 0 failures, 0 quarantines, 0 unlinks, 0 errors, 0 redirects (pid: 14)
Nov 22 08:28:51 standalone object-server[196312]: Object update sweep of d1 completed: 0.00s, 0 successes, 0 failures, 0 quarantines, 0 unlinks, 0 errors, 0 redirects
Nov 22 08:28:51 standalone object-server[113559]: Object update sweep completed: 0.09s
Nov 22 08:29:07 standalone container-server[113412]: Begin container update sweep
Nov 22 08:29:07 standalone account-server[113458]: 172.20.0.100 - - [22/Nov/2025:08:29:07 +0000] "PUT /d1/157/AUTH_84b2abc207004010babfc55fc7f591f4/glance" 201 - "-" "-" "container-updater 2" 0.0009 "-" 22 0
Nov 22 08:29:07 standalone container-server[113412]: Container update sweep completed: 0.09s
Nov 22 08:29:15 standalone account-server[113455]: 172.20.0.100 - - [22/Nov/2025:08:29:15 +0000] "HEAD /d1/602/.expiring_objects" 404 - "HEAD http://localhost/v1/.expiring_objects?format=json" "tx3a873a8fd69f46808335d-006921745b" "proxy-server 2" 0.0008 "-" 21 -
Nov 22 08:29:15 standalone object-expirer[113317]: Pass completed in 0s; 0 objects expired (txn: tx3a873a8fd69f46808335d-006921745b)
Nov 22 08:30:32 standalone account-server[113443]: 172.20.0.100 - - [22/Nov/2025:08:30:32 +0000] "HEAD /d1/602/.expiring_objects" 404 - "HEAD http://localhost/v1/.expiring_objects?format=json" "txf12283feee32460ebb423-00692174a8" "proxy-server 2" 0.0008 "-" 20 -
Nov 22 08:30:32 standalone object-expirer[113317]: Pass completed in 0s; 0 objects expired (txn: txf12283feee32460ebb423-00692174a8)
Nov 22 08:33:12 standalone account-server[113443]: 172.20.0.100 - - [22/Nov/2025:08:33:12 +0000] "HEAD /d1/602/.expiring_objects" 404 - "HEAD http://localhost/v1/.expiring_objects?format=json" "txeacded3a2ce243619f900-0069217548" "proxy-server 2" 0.0008 "-" 20 -
Nov 22 08:33:12 standalone object-expirer[113317]: Pass completed in 0s; 0 objects expired (txn: txeacded3a2ce243619f900-0069217548)
Nov 22 08:33:38 standalone account-server[113458]: 172.20.0.100 - - [22/Nov/2025:08:33:38 +0000] "HEAD /d1/602/.expiring_objects" 404 - "HEAD http://localhost/v1/.expiring_objects?format=json" "txdfd7ce85de954b7daa8e7-0069217562" "proxy-server 2" 0.0010 "-" 22 -
Nov 22 08:33:38 standalone object-expirer[113317]: Pass completed in 0s; 0 objects expired (txn: txdfd7ce85de954b7daa8e7-0069217562)
Nov 22 08:33:51 standalone object-server[113559]: Begin object update sweep
Nov 22 08:33:51 standalone object-server[222317]: Object update sweep starting on /srv/node/d1 (pid: 15)
Nov 22 08:33:51 standalone object-server[222317]: Object update sweep completed on /srv/node/d1 in 0.00s seconds:, 0 successes, 0 failures, 0 quarantines, 0 unlinks, 0 errors, 0 redirects (pid: 15)
Nov 22 08:33:51 standalone object-server[222317]: Object update sweep of d1 completed: 0.00s, 0 successes, 0 failures, 0 quarantines, 0 unlinks, 0 errors, 0 redirects
Nov 22 08:33:51 standalone object-server[113559]: Object update sweep completed: 0.08s
Nov 22 08:34:07 standalone container-server[113412]: Begin container update sweep
Nov 22 08:34:07 standalone container-server[113412]: Container update sweep completed: 0.05s
Nov 22 08:37:23 standalone account-server[113458]: 172.20.0.100 - - [22/Nov/2025:08:37:23 +0000] "HEAD /d1/602/.expiring_objects" 404 - "HEAD http://localhost/v1/.expiring_objects?format=json" "tx9c367ba66b5a458c9c3ae-0069217643" "proxy-server 2" 0.0009 "-" 22 -
Nov 22 08:37:23 standalone object-expirer[113317]: Pass completed in 0s; 0 objects expired (txn: tx9c367ba66b5a458c9c3ae-0069217643)
Nov 22 08:38:51 standalone object-server[113559]: Begin object update sweep
Nov 22 08:38:51 standalone object-server[241679]: Object update sweep starting on /srv/node/d1 (pid: 16)
Nov 22 08:38:51 standalone object-server[241679]: Object update sweep completed on /srv/node/d1 in 0.00s seconds:, 0 successes, 0 failures, 0 quarantines, 0 unlinks, 0 errors, 0 redirects (pid: 16)
Nov 22 08:38:51 standalone object-server[241679]: Object update sweep of d1 completed: 0.00s, 0 successes, 0 failures, 0 quarantines, 0 unlinks, 0 errors, 0 redirects
Nov 22 08:38:52 standalone object-server[113559]: Object update sweep completed: 0.08s
Nov 22 08:39:07 standalone container-server[113412]: Begin container update sweep
Nov 22 08:39:07 standalone container-server[113412]: Container update sweep completed: 0.07s
Nov 22 08:39:11 standalone account-server[113455]: 172.20.0.31 - - [22/Nov/2025:08:39:11 +0000] "HEAD /d1/169/AUTH_66f4360cf408429d8e5014105ee1e427" 404 - "HEAD http://swift-public-openstack.apps-crc.testing/v1/AUTH_66f4360cf408429d8e5014105ee1e427?format=json" "txf5f8452ae67a491ea6048-00692176af" "proxy-server 16" 0.0008 "-" 21 -
Nov 22 08:39:11 standalone account-server[113455]: 172.20.0.31 - - [22/Nov/2025:08:39:11 +0000] "GET /d1/169/AUTH_66f4360cf408429d8e5014105ee1e427" 404 - "GET http://swift-public-openstack.apps-crc.testing/v1/AUTH_66f4360cf408429d8e5014105ee1e427?format=json" "txf5f8452ae67a491ea6048-00692176af" "proxy-server 16" 0.0005 "-" 21 -
Nov 22 08:39:37 standalone account-server[113458]: 172.20.0.100 - - [22/Nov/2025:08:39:37 +0000] "HEAD /d1/602/.expiring_objects" 404 - "HEAD http://localhost/v1/.expiring_objects?format=json" "tx291224dccc294c85ba1bd-00692176c9" "proxy-server 2" 0.0007 "-" 22 -
Nov 22 08:39:37 standalone object-expirer[113317]: Pass completed in 0s; 0 objects expired (txn: tx291224dccc294c85ba1bd-00692176c9)
Nov 22 08:43:10 standalone account-server[113466]: 172.20.0.100 - - [22/Nov/2025:08:43:10 +0000] "HEAD /d1/602/.expiring_objects" 404 - "HEAD http://localhost/v1/.expiring_objects?format=json" "tx394274874d8044629a9cf-006921779e" "proxy-server 2" 0.0008 "-" 23 -
Nov 22 08:43:10 standalone object-expirer[113317]: Pass completed in 0s; 0 objects expired (txn: tx394274874d8044629a9cf-006921779e)
Nov 22 08:43:52 standalone object-server[113559]: Begin object update sweep
Nov 22 08:43:52 standalone object-server[261062]: Object update sweep starting on /srv/node/d1 (pid: 17)
Nov 22 08:43:52 standalone object-server[261062]: Object update sweep completed on /srv/node/d1 in 0.00s seconds:, 0 successes, 0 failures, 0 quarantines, 0 unlinks, 0 errors, 0 redirects (pid: 17)
Nov 22 08:43:52 standalone object-server[261062]: Object update sweep of d1 completed: 0.00s, 0 successes, 0 failures, 0 quarantines, 0 unlinks, 0 errors, 0 redirects
Nov 22 08:43:52 standalone object-server[113559]: Object update sweep completed: 0.09s
Nov 22 08:44:07 standalone container-server[113412]: Begin container update sweep
Nov 22 08:44:07 standalone container-server[113412]: Container update sweep completed: 0.08s
Nov 22 08:44:42 standalone account-server[113443]: 172.20.0.100 - - [22/Nov/2025:08:44:42 +0000] "HEAD /d1/602/.expiring_objects" 404 - "HEAD http://localhost/v1/.expiring_objects?format=json" "tx5d50cae0ce24433fb7b4f-00692177fa" "proxy-server 2" 0.0009 "-" 20 -
Nov 22 08:44:42 standalone object-expirer[113317]: Pass completed in 0s; 0 objects expired (txn: tx5d50cae0ce24433fb7b4f-00692177fa)
Nov 22 08:44:45 standalone account-server[113458]: 172.20.0.100 - - [22/Nov/2025:08:44:45 +0000] "HEAD /d1/602/.expiring_objects" 404 - "HEAD http://localhost/v1/.expiring_objects?format=json" "txe39aff52e056471cb8d75-00692177fd" "proxy-server 2" 0.0008 "-" 22 -
Nov 22 08:44:45 standalone object-expirer[113317]: Pass completed in 0s; 0 objects expired (txn: txe39aff52e056471cb8d75-00692177fd)
Nov 22 08:45:59 standalone account-server[112881]: Devices pass completed: 0.00s
Nov 22 08:47:37 standalone account-server[113443]: 172.20.0.100 - - [22/Nov/2025:08:47:37 +0000] "HEAD /d1/602/.expiring_objects" 404 - "HEAD http://localhost/v1/.expiring_objects?format=json" "txbf98452733744f0283dfd-00692178a9" "proxy-server 2" 0.0004 "-" 20 -
Nov 22 08:47:37 standalone object-expirer[113317]: Pass completed in 0s; 0 objects expired (txn: txbf98452733744f0283dfd-00692178a9)
Nov 22 08:48:52 standalone object-server[113559]: Begin object update sweep
Nov 22 08:48:52 standalone object-server[280092]: Object update sweep starting on /srv/node/d1 (pid: 18)
Nov 22 08:48:52 standalone object-server[280092]: Object update sweep completed on /srv/node/d1 in 0.00s seconds:, 0 successes, 0 failures, 0 quarantines, 0 unlinks, 0 errors, 0 redirects (pid: 18)
Nov 22 08:48:52 standalone object-server[280092]: Object update sweep of d1 completed: 0.00s, 0 successes, 0 failures, 0 quarantines, 0 unlinks, 0 errors, 0 redirects
Nov 22 08:48:52 standalone object-server[113559]: Object update sweep completed: 0.08s
Nov 22 08:49:07 standalone container-server[113412]: Begin container update sweep
Nov 22 08:49:07 standalone container-server[113412]: Container update sweep completed: 0.08s
Nov 22 08:50:53 standalone account-server[113455]: 172.20.0.31 - - [22/Nov/2025:08:50:53 +0000] "HEAD /d1/169/AUTH_66f4360cf408429d8e5014105ee1e427" 404 - "HEAD http://swift-internal.openstack.svc:8080/v1/AUTH_66f4360cf408429d8e5014105ee1e427?format=json" "tx0317e906ca624bfaa2473-006921796d" "proxy-server 7" 0.0006 "-" 21 -
Nov 22 08:50:53 standalone account-server[113443]: 172.20.0.31 - - [22/Nov/2025:08:50:53 +0000] "HEAD /d1/169/AUTH_66f4360cf408429d8e5014105ee1e427" 404 - "HEAD http://swift-internal.openstack.svc:8080/v1/AUTH_66f4360cf408429d8e5014105ee1e427?format=json" "tx0317e906ca624bfaa2473-006921796d" "proxy-server 7" 0.0005 "-" 20 -
Nov 22 08:50:53 standalone account-server[113466]: 172.20.0.31 - - [22/Nov/2025:08:50:53 +0000] "HEAD /d1/157/AUTH_84b2abc207004010babfc55fc7f591f4" 204 - "HEAD http://swift-internal.openstack.svc:8080/v1/AUTH_84b2abc207004010babfc55fc7f591f4?format=json" "tx6c1eee5431364ca9aea6b-006921796d" "proxy-server 7" 0.0108 "-" 23 -
Nov 22 08:50:53 standalone account-server[113466]: 172.20.0.31 - - [22/Nov/2025:08:50:53 +0000] "HEAD /d1/157/AUTH_84b2abc207004010babfc55fc7f591f4" 204 - "HEAD http://swift-internal.openstack.svc:8080/v1/AUTH_84b2abc207004010babfc55fc7f591f4?format=json" "tx6c1eee5431364ca9aea6b-006921796d" "proxy-server 7" 0.0019 "-" 23 -
Nov 22 08:50:53 standalone account-server[113455]: 172.20.0.31 - - [22/Nov/2025:08:50:53 +0000] "HEAD /d1/947/AUTH_c119b3492b784fa9a9bcaf35add339e5" 404 - "HEAD http://swift-internal.openstack.svc:8080/v1/AUTH_c119b3492b784fa9a9bcaf35add339e5?format=json" "txc139bcc68e8e4168accb1-006921796d" "proxy-server 7" 0.0005 "-" 21 -
Nov 22 08:50:53 standalone account-server[113466]: 172.20.0.31 - - [22/Nov/2025:08:50:53 +0000] "HEAD /d1/947/AUTH_c119b3492b784fa9a9bcaf35add339e5" 404 - "HEAD http://swift-internal.openstack.svc:8080/v1/AUTH_c119b3492b784fa9a9bcaf35add339e5?format=json" "txc139bcc68e8e4168accb1-006921796d" "proxy-server 7" 0.0004 "-" 23 -
Nov 22 08:50:53 standalone account-server[113455]: 172.20.0.31 - - [22/Nov/2025:08:50:53 +0000] "HEAD /d1/351/AUTH_c6db601c3c1b4717a5acc8fb3ba574ab" 404 - "HEAD http://swift-internal.openstack.svc:8080/v1/AUTH_c6db601c3c1b4717a5acc8fb3ba574ab?format=json" "tx8ecc55a591d34013a84d9-006921796d" "proxy-server 7" 0.0005 "-" 21 -
Nov 22 08:50:53 standalone account-server[113466]: 172.20.0.31 - - [22/Nov/2025:08:50:53 +0000] "HEAD /d1/351/AUTH_c6db601c3c1b4717a5acc8fb3ba574ab" 404 - "HEAD http://swift-internal.openstack.svc:8080/v1/AUTH_c6db601c3c1b4717a5acc8fb3ba574ab?format=json" "tx8ecc55a591d34013a84d9-006921796d" "proxy-server 7" 0.0004 "-" 23 -
Nov 22 08:50:54 standalone account-server[113455]: 172.20.0.31 - - [22/Nov/2025:08:50:54 +0000] "GET /d1/169/AUTH_66f4360cf408429d8e5014105ee1e427" 404 - "GET http://swift-internal.openstack.svc:8080/v1/AUTH_66f4360cf408429d8e5014105ee1e427?format=json" "tx8e7010b5b2274e6891b0c-006921796d" "proxy-server 14" 0.0005 "-" 21 -
Nov 22 08:50:54 standalone account-server[113466]: 172.20.0.31 - - [22/Nov/2025:08:50:54 +0000] "GET /d1/157/AUTH_84b2abc207004010babfc55fc7f591f4" 200 98 "GET http://swift-internal.openstack.svc:8080/v1/AUTH_84b2abc207004010babfc55fc7f591f4?format=json" "tx17aa312fc8594c90bb6ad-006921796e" "proxy-server 14" 0.0028 "-" 23 -
Nov 22 08:50:54 standalone account-server[113443]: 172.20.0.31 - - [22/Nov/2025:08:50:54 +0000] "GET /d1/947/AUTH_c119b3492b784fa9a9bcaf35add339e5" 404 - "GET http://swift-internal.openstack.svc:8080/v1/AUTH_c119b3492b784fa9a9bcaf35add339e5?format=json" "txb388c168c30f48aca1021-006921796e" "proxy-server 14" 0.0005 "-" 20 -
Nov 22 08:50:54 standalone account-server[113458]: 172.20.0.31 - - [22/Nov/2025:08:50:54 +0000] "GET /d1/351/AUTH_c6db601c3c1b4717a5acc8fb3ba574ab" 404 - "GET http://swift-internal.openstack.svc:8080/v1/AUTH_c6db601c3c1b4717a5acc8fb3ba574ab?format=json" "txd3b525463bef4630a848a-006921796e" "proxy-server 7" 0.0004 "-" 22 -
Nov 22 08:51:22 standalone account-server[113466]: 172.20.0.31 - - [22/Nov/2025:08:51:22 +0000] "HEAD /d1/169/AUTH_66f4360cf408429d8e5014105ee1e427" 404 - "HEAD http://swift-internal.openstack.svc:8080/v1/AUTH_66f4360cf408429d8e5014105ee1e427?format=json" "tx2cf12f426ac4431a91bb9-006921798a" "proxy-server 7" 0.0008 "-" 23 -
Nov 22 08:51:23 standalone account-server[113466]: 172.20.0.31 - - [22/Nov/2025:08:51:23 +0000] "HEAD /d1/157/AUTH_84b2abc207004010babfc55fc7f591f4" 204 - "HEAD http://swift-internal.openstack.svc:8080/v1/AUTH_84b2abc207004010babfc55fc7f591f4?format=json" "tx9b9b71a203894d9db1708-006921798a" "proxy-server 11" 0.0013 "-" 23 -
Nov 22 08:51:24 standalone account-server[113443]: 172.20.0.31 - - [22/Nov/2025:08:51:24 +0000] "HEAD /d1/947/AUTH_c119b3492b784fa9a9bcaf35add339e5" 404 - "HEAD http://swift-internal.openstack.svc:8080/v1/AUTH_c119b3492b784fa9a9bcaf35add339e5?format=json" "txeced1a3a179c48788afd2-006921798b" "proxy-server 6" 0.0005 "-" 20 -
Nov 22 08:51:24 standalone account-server[113455]: 172.20.0.31 - - [22/Nov/2025:08:51:24 +0000] "HEAD /d1/351/AUTH_c6db601c3c1b4717a5acc8fb3ba574ab" 404 - "HEAD http://swift-internal.openstack.svc:8080/v1/AUTH_c6db601c3c1b4717a5acc8fb3ba574ab?format=json" "tx0b278bb474a44e0f91af5-006921798c" "proxy-server 7" 0.0004 "-" 21 -
Nov 22 08:51:24 standalone account-server[113466]: 172.20.0.31 - - [22/Nov/2025:08:51:24 +0000] "GET /d1/169/AUTH_66f4360cf408429d8e5014105ee1e427" 404 - "GET http://swift-internal.openstack.svc:8080/v1/AUTH_66f4360cf408429d8e5014105ee1e427?format=json" "tx24a9f676770449c494a63-006921798c" "proxy-server 7" 0.0005 "-" 23 -
Nov 22 08:51:24 standalone account-server[113466]: 172.20.0.31 - - [22/Nov/2025:08:51:24 +0000] "GET /d1/157/AUTH_84b2abc207004010babfc55fc7f591f4" 200 98 "GET http://swift-internal.openstack.svc:8080/v1/AUTH_84b2abc207004010babfc55fc7f591f4?format=json" "txded32509e35647dcacef7-006921798c" "proxy-server 14" 0.0026 "-" 23 -
Nov 22 08:51:24 standalone account-server[113466]: 172.20.0.31 - - [22/Nov/2025:08:51:24 +0000] "GET /d1/947/AUTH_c119b3492b784fa9a9bcaf35add339e5" 404 - "GET http://swift-internal.openstack.svc:8080/v1/AUTH_c119b3492b784fa9a9bcaf35add339e5?format=json" "tx6ae40a5dcec04de683ede-006921798c" "proxy-server 7" 0.0003 "-" 23 -
Nov 22 08:51:24 standalone account-server[113443]: 172.20.0.31 - - [22/Nov/2025:08:51:24 +0000] "GET /d1/351/AUTH_c6db601c3c1b4717a5acc8fb3ba574ab" 404 - "GET http://swift-internal.openstack.svc:8080/v1/AUTH_c6db601c3c1b4717a5acc8fb3ba574ab?format=json" "txe7e74a94545b4b448f753-006921798c" "proxy-server 7" 0.0004 "-" 20 -
Nov 22 08:51:32 standalone account-server[113466]: 172.20.0.31 - - [22/Nov/2025:08:51:32 +0000] "GET /d1/169/AUTH_66f4360cf408429d8e5014105ee1e427" 404 - "GET http://swift-internal.openstack.svc:8080/v1/AUTH_66f4360cf408429d8e5014105ee1e427?format=json" "tx0b03d3a271644b4880cb5-0069217994" "proxy-server 11" 0.0005 "-" 23 -
Nov 22 08:51:32 standalone account-server[113466]: 172.20.0.31 - - [22/Nov/2025:08:51:32 +0000] "GET /d1/157/AUTH_84b2abc207004010babfc55fc7f591f4" 200 98 "GET http://swift-internal.openstack.svc:8080/v1/AUTH_84b2abc207004010babfc55fc7f591f4?format=json" "txa7ff177436294bb2a0d35-0069217994" "proxy-server 6" 0.0019 "-" 23 -
Nov 22 08:51:32 standalone account-server[113466]: 172.20.0.31 - - [22/Nov/2025:08:51:32 +0000] "GET /d1/947/AUTH_c119b3492b784fa9a9bcaf35add339e5" 404 - "GET http://swift-internal.openstack.svc:8080/v1/AUTH_c119b3492b784fa9a9bcaf35add339e5?format=json" "tx471b4610cddb4c6d8ef3d-0069217994" "proxy-server 11" 0.0003 "-" 23 -
Nov 22 08:51:32 standalone account-server[113443]: 172.20.0.31 - - [22/Nov/2025:08:51:32 +0000] "GET /d1/351/AUTH_c6db601c3c1b4717a5acc8fb3ba574ab" 404 - "GET http://swift-internal.openstack.svc:8080/v1/AUTH_c6db601c3c1b4717a5acc8fb3ba574ab?format=json" "tx7a7a8c71f908420c92a43-0069217994" "proxy-server 11" 0.0004 "-" 20 -
Nov 22 08:51:34 standalone account-server[113458]: 172.20.0.31 - - [22/Nov/2025:08:51:34 +0000] "HEAD /d1/169/AUTH_66f4360cf408429d8e5014105ee1e427" 404 - "HEAD http://swift-internal.openstack.svc:8080/v1/AUTH_66f4360cf408429d8e5014105ee1e427?format=json" "tx845b72ed014c48e2b6d56-0069217996" "proxy-server 6" 0.0010 "-" 22 -
Nov 22 08:51:34 standalone account-server[113458]: 172.20.0.31 - - [22/Nov/2025:08:51:34 +0000] "HEAD /d1/157/AUTH_84b2abc207004010babfc55fc7f591f4" 204 - "HEAD http://swift-internal.openstack.svc:8080/v1/AUTH_84b2abc207004010babfc55fc7f591f4?format=json" "txb3ddadce379c482c8695d-0069217996" "proxy-server 11" 0.0037 "-" 22 -
Nov 22 08:51:34 standalone account-server[113466]: 172.20.0.31 - - [22/Nov/2025:08:51:34 +0000] "HEAD /d1/947/AUTH_c119b3492b784fa9a9bcaf35add339e5" 404 - "HEAD http://swift-internal.openstack.svc:8080/v1/AUTH_c119b3492b784fa9a9bcaf35add339e5?format=json" "txf62a116c57a2479982e69-0069217996" "proxy-server 11" 0.0005 "-" 23 -
Nov 22 08:51:34 standalone account-server[113466]: 172.20.0.31 - - [22/Nov/2025:08:51:34 +0000] "HEAD /d1/351/AUTH_c6db601c3c1b4717a5acc8fb3ba574ab" 404 - "HEAD http://swift-internal.openstack.svc:8080/v1/AUTH_c6db601c3c1b4717a5acc8fb3ba574ab?format=json" "tx6cb7ddd9e78f424e875c4-0069217996" "proxy-server 6" 0.0004 "-" 23 -
Nov 22 08:52:23 standalone account-server[113443]: 172.20.0.100 - - [22/Nov/2025:08:52:23 +0000] "HEAD /d1/602/.expiring_objects" 404 - "HEAD http://localhost/v1/.expiring_objects?format=json" "txef413e82bff846acb7521-00692179c7" "proxy-server 2" 0.0007 "-" 20 -
Nov 22 08:52:23 standalone object-expirer[113317]: Pass completed in 0s; 0 objects expired (txn: txef413e82bff846acb7521-00692179c7)
Nov 22 08:53:52 standalone object-server[113559]: Begin object update sweep
Nov 22 08:53:52 standalone object-server[297120]: Object update sweep starting on /srv/node/d1 (pid: 19)
Nov 22 08:53:52 standalone object-server[297120]: Object update sweep completed on /srv/node/d1 in 0.00s seconds:, 0 successes, 0 failures, 0 quarantines, 0 unlinks, 0 errors, 0 redirects (pid: 19)
Nov 22 08:53:52 standalone object-server[297120]: Object update sweep of d1 completed: 0.00s, 0 successes, 0 failures, 0 quarantines, 0 unlinks, 0 errors, 0 redirects
Nov 22 08:53:52 standalone object-server[113559]: Object update sweep completed: 0.08s
Nov 22 08:54:07 standalone container-server[113412]: Begin container update sweep
Nov 22 08:54:07 standalone container-server[113412]: Container update sweep completed: 0.06s
Nov 22 08:55:23 standalone account-server[113466]: 172.20.0.100 - - [22/Nov/2025:08:55:23 +0000] "HEAD /d1/602/.expiring_objects" 404 - "HEAD http://localhost/v1/.expiring_objects?format=json" "tx84621f4f077143caa7c0a-0069217a7b" "proxy-server 2" 0.0008 "-" 23 -
Nov 22 08:55:23 standalone object-expirer[113317]: Pass completed in 0s; 0 objects expired (txn: tx84621f4f077143caa7c0a-0069217a7b)
Nov 22 08:56:32 standalone account-server[113458]: 172.20.0.31 - - [22/Nov/2025:08:56:32 +0000] "HEAD /d1/169/AUTH_66f4360cf408429d8e5014105ee1e427" 404 - "HEAD http://swift-internal.openstack.svc:8080/v1/AUTH_66f4360cf408429d8e5014105ee1e427?format=json" "txf42ae597bc1e4774a0142-0069217ac0" "proxy-server 11" 0.0007 "-" 22 -
Nov 22 08:56:32 standalone account-server[113458]: 172.20.0.31 - - [22/Nov/2025:08:56:32 +0000] "GET /d1/169/AUTH_66f4360cf408429d8e5014105ee1e427" 404 - "GET http://swift-internal.openstack.svc:8080/v1/AUTH_66f4360cf408429d8e5014105ee1e427?format=json" "txf42ae597bc1e4774a0142-0069217ac0" "proxy-server 11" 0.0005 "-" 22 -
Nov 22 08:56:32 standalone account-server[113443]: 172.20.0.31 - - [22/Nov/2025:08:56:32 +0000] "HEAD /d1/157/AUTH_84b2abc207004010babfc55fc7f591f4" 204 - "HEAD http://swift-internal.openstack.svc:8080/v1/AUTH_84b2abc207004010babfc55fc7f591f4?format=json" "tx21848685e8084dc894b42-0069217ac0" "proxy-server 5" 0.0026 "-" 20 -
Nov 22 08:56:32 standalone account-server[113443]: 172.20.0.31 - - [22/Nov/2025:08:56:32 +0000] "GET /d1/157/AUTH_84b2abc207004010babfc55fc7f591f4" 200 98 "GET http://swift-internal.openstack.svc:8080/v1/AUTH_84b2abc207004010babfc55fc7f591f4?format=json" "tx21848685e8084dc894b42-0069217ac0" "proxy-server 5" 0.0030 "-" 20 -
Nov 22 08:56:33 standalone account-server[113458]: 172.20.0.31 - - [22/Nov/2025:08:56:33 +0000] "HEAD /d1/947/AUTH_c119b3492b784fa9a9bcaf35add339e5" 404 - "HEAD http://swift-internal.openstack.svc:8080/v1/AUTH_c119b3492b784fa9a9bcaf35add339e5?format=json" "txf77ca389b1414868b234a-0069217ac1" "proxy-server 6" 0.0006 "-" 22 -
Nov 22 08:56:33 standalone account-server[113458]: 172.20.0.31 - - [22/Nov/2025:08:56:33 +0000] "GET /d1/947/AUTH_c119b3492b784fa9a9bcaf35add339e5" 404 - "GET http://swift-internal.openstack.svc:8080/v1/AUTH_c119b3492b784fa9a9bcaf35add339e5?format=json" "txf77ca389b1414868b234a-0069217ac1" "proxy-server 6" 0.0005 "-" 22 -
Nov 22 08:56:33 standalone account-server[113455]: 172.20.0.31 - - [22/Nov/2025:08:56:33 +0000] "HEAD /d1/351/AUTH_c6db601c3c1b4717a5acc8fb3ba574ab" 404 - "HEAD http://swift-internal.openstack.svc:8080/v1/AUTH_c6db601c3c1b4717a5acc8fb3ba574ab?format=json" "txf1991bf8540f486e9e6e3-0069217ac1" "proxy-server 7" 0.0007 "-" 21 -
Nov 22 08:56:33 standalone account-server[113443]: 172.20.0.31 - - [22/Nov/2025:08:56:33 +0000] "GET /d1/351/AUTH_c6db601c3c1b4717a5acc8fb3ba574ab" 404 - "GET http://swift-internal.openstack.svc:8080/v1/AUTH_c6db601c3c1b4717a5acc8fb3ba574ab?format=json" "txf1991bf8540f486e9e6e3-0069217ac1" "proxy-server 7" 0.0005 "-" 20 -
Nov 22 08:56:33 standalone account-server[113466]: 172.20.0.31 - - [22/Nov/2025:08:56:33 +0000] "HEAD /d1/169/AUTH_66f4360cf408429d8e5014105ee1e427" 404 - "HEAD http://swift-internal.openstack.svc:8080/v1/AUTH_66f4360cf408429d8e5014105ee1e427?format=json" "tx12d6c677bd7847f59d4a3-0069217ac1" "proxy-server 6" 0.0003 "-" 23 -
Nov 22 08:56:33 standalone account-server[113458]: 172.20.0.31 - - [22/Nov/2025:08:56:33 +0000] "HEAD /d1/157/AUTH_84b2abc207004010babfc55fc7f591f4" 204 - "HEAD http://swift-internal.openstack.svc:8080/v1/AUTH_84b2abc207004010babfc55fc7f591f4?format=json" "tx5c87dcfe42ba415d98f02-0069217ac1" "proxy-server 6" 0.0019 "-" 22 -
Nov 22 08:56:33 standalone account-server[113443]: 172.20.0.31 - - [22/Nov/2025:08:56:33 +0000] "HEAD /d1/947/AUTH_c119b3492b784fa9a9bcaf35add339e5" 404 - "HEAD http://swift-internal.openstack.svc:8080/v1/AUTH_c119b3492b784fa9a9bcaf35add339e5?format=json" "tx9b513788d0084380af923-0069217ac1" "proxy-server 6" 0.0004 "-" 20 -
Nov 22 08:56:33 standalone account-server[113458]: 172.20.0.31 - - [22/Nov/2025:08:56:33 +0000] "HEAD /d1/351/AUTH_c6db601c3c1b4717a5acc8fb3ba574ab" 404 - "HEAD http://swift-internal.openstack.svc:8080/v1/AUTH_c6db601c3c1b4717a5acc8fb3ba574ab?format=json" "tx90722dd62c264160942e8-0069217ac1" "proxy-server 6" 0.0005 "-" 22 -
Nov 22 08:58:52 standalone object-server[113559]: Begin object update sweep
Nov 22 08:58:52 standalone object-server[303676]: Object update sweep starting on /srv/node/d1 (pid: 20)
Nov 22 08:58:52 standalone object-server[303676]: Object update sweep completed on /srv/node/d1 in 0.00s seconds:, 0 successes, 0 failures, 0 quarantines, 0 unlinks, 0 errors, 0 redirects (pid: 20)
