Nov 22 11:56:20 standalone container-server[127423]: 172.20.0.100 - - [22/Nov/2025:11:56:20 +0000] "HEAD /d1/489/AUTH_b003c8af711b41ad9b63847f0b2549cc/gnocchi.c80bc00e-d10b-427c-a978-f0bace327090" 404 - "HEAD http://172.18.0.2:8080/v1/AUTH_b003c8af711b41ad9b63847f0b2549cc/gnocchi.c80bc00e-d10b-427c-a978-f0bace327090?format=json&states=listing" "tx1b75ee7b76e147e4b61c1-006921a4e4" "proxy-server 20" 0.0006 "-" 19 0
Nov 22 11:56:20 standalone object-server[127641]: 172.20.0.100 - - [22/Nov/2025:11:56:20 +0000] "GET /d1/598/AUTH_b003c8af711b41ad9b63847f0b2549cc/gnocchi.c80bc00e-d10b-427c-a978-f0bace327090/none_v3" 404 70 "GET http://172.18.0.2:8080/v1/AUTH_b003c8af711b41ad9b63847f0b2549cc/gnocchi.c80bc00e-d10b-427c-a978-f0bace327090/none_v3" "tx1b75ee7b76e147e4b61c1-006921a4e4" "proxy-server 20" 0.0004 "-" 25 0
Nov 22 11:56:20 standalone proxy-server[129425]: 172.18.0.2 172.18.0.100 22/Nov/2025/11/56/20 GET /v1/AUTH_b003c8af711b41ad9b63847f0b2549cc/gnocchi.c80bc00e-d10b-427c-a978-f0bace327090/none_v3 HTTP/1.0 404 - python-swiftclient-3.11.1 gAAAAABpIaQzeESC... - 70 - tx1b75ee7b76e147e4b61c1-006921a4e4 - 0.0127 - - 1763812580.081665993 1763812580.094392538 0
Nov 22 11:56:20 standalone account-server[127356]: 172.20.0.100 - - [22/Nov/2025:11:56:20 +0000] "PUT /d1/28/AUTH_b003c8af711b41ad9b63847f0b2549cc/gnocchi.c80bc00e-d10b-427c-a978-f0bace327090" 201 - "PUT http://172.20.0.100:6001/d1/489/AUTH_b003c8af711b41ad9b63847f0b2549cc/gnocchi.c80bc00e-d10b-427c-a978-f0bace327090" "txd82eb23228c24575bbba3-006921a4e4" "container-server 23" 0.0047 "-" 16 0
Nov 22 11:56:20 standalone container-server[127464]: 172.20.0.100 - - [22/Nov/2025:11:56:20 +0000] "PUT /d1/489/AUTH_b003c8af711b41ad9b63847f0b2549cc/gnocchi.c80bc00e-d10b-427c-a978-f0bace327090" 201 - "PUT http://172.18.0.2:8080/v1/AUTH_b003c8af711b41ad9b63847f0b2549cc/gnocchi.c80bc00e-d10b-427c-a978-f0bace327090" "txd82eb23228c24575bbba3-006921a4e4" "proxy-server 20" 0.0128 "-" 23 0
Nov 22 11:56:20 standalone proxy-server[129425]: 172.18.0.2 172.18.0.100 22/Nov/2025/11/56/20 PUT /v1/AUTH_b003c8af711b41ad9b63847f0b2549cc/gnocchi.c80bc00e-d10b-427c-a978-f0bace327090 HTTP/1.0 201 - python-swiftclient-3.11.1 gAAAAABpIaQzeESC... - - - txd82eb23228c24575bbba3-006921a4e4 - 0.0173 - - 1763812580.097450972 1763812580.114776850 0
Nov 22 11:56:20 standalone container-server[127423]: 172.20.0.100 - - [22/Nov/2025:11:56:20 +0000] "HEAD /d1/489/AUTH_b003c8af711b41ad9b63847f0b2549cc/gnocchi.c80bc00e-d10b-427c-a978-f0bace327090" 204 - "HEAD http://172.18.0.2:8080/v1/AUTH_b003c8af711b41ad9b63847f0b2549cc/gnocchi.c80bc00e-d10b-427c-a978-f0bace327090?format=json&states=listing" "txf15e154e389c46ba8c107-006921a4e4" "proxy-server 20" 0.0071 "-" 19 0
Nov 22 11:56:20 standalone proxy-server[129425]: - - 22/Nov/2025/11/56/20 HEAD /v1/AUTH_b003c8af711b41ad9b63847f0b2549cc/gnocchi.c80bc00e-d10b-427c-a978-f0bace327090%3Fformat%3Djson%26states%3Dlisting HTTP/1.0 204 - Swift - - - - txf15e154e389c46ba8c107-006921a4e4 - 0.0111 RL - 1763812580.120836258 1763812580.131932735 0
Nov 22 11:56:20 standalone container-server[127454]: 172.20.0.100 - - [22/Nov/2025:11:56:20 +0000] "GET /d1/489/AUTH_b003c8af711b41ad9b63847f0b2549cc/gnocchi.c80bc00e-d10b-427c-a978-f0bace327090" 200 2 "GET http://172.18.0.2:8080/v1/AUTH_b003c8af711b41ad9b63847f0b2549cc/gnocchi.c80bc00e-d10b-427c-a978-f0bace327090?format=json&states=listing" "txf15e154e389c46ba8c107-006921a4e4" "proxy-server 20" 0.0024 "-" 22 0
Nov 22 11:56:20 standalone proxy-server[129425]: 172.18.0.2 172.18.0.100 22/Nov/2025/11/56/20 GET /v1/AUTH_b003c8af711b41ad9b63847f0b2549cc/gnocchi.c80bc00e-d10b-427c-a978-f0bace327090%3Fformat%3Djson%26states%3Dlisting HTTP/1.0 200 - python-swiftclient-3.11.1 gAAAAABpIaQzeESC... - 2 - txf15e154e389c46ba8c107-006921a4e4 - 0.0231 - - 1763812580.119752169 1763812580.142881632 0
Nov 22 11:56:20 standalone object-server[127641]: 172.20.0.100 - - [22/Nov/2025:11:56:20 +0000] "GET /d1/732/AUTH_b003c8af711b41ad9b63847f0b2549cc/gnocchi.c80bc00e-d10b-427c-a978-f0bace327090/1763640000.0_mean_300.0_v3" 404 70 "GET http://172.18.0.2:8080/v1/AUTH_b003c8af711b41ad9b63847f0b2549cc/gnocchi.c80bc00e-d10b-427c-a978-f0bace327090/1763640000.0_mean_300.0_v3" "tx70f70ce8f1e94ddfa1c8d-006921a4e4" "proxy-server 20" 0.0005 "-" 25 0
Nov 22 11:56:20 standalone proxy-server[129425]: 172.18.0.2 172.18.0.100 22/Nov/2025/11/56/20 GET /v1/AUTH_b003c8af711b41ad9b63847f0b2549cc/gnocchi.c80bc00e-d10b-427c-a978-f0bace327090/1763640000.0_mean_300.0_v3 HTTP/1.0 404 - python-swiftclient-3.11.1 gAAAAABpIaQzeESC... - 70 - tx70f70ce8f1e94ddfa1c8d-006921a4e4 - 0.0060 - - 1763812580.146229506 1763812580.152224541 0
Nov 22 11:56:20 standalone container-server[127464]: 172.20.0.100 - - [22/Nov/2025:11:56:20 +0000] "PUT /d1/489/AUTH_b003c8af711b41ad9b63847f0b2549cc/gnocchi.c80bc00e-d10b-427c-a978-f0bace327090/1763640000.0_mean_300.0_v3" 201 - "PUT http://172.18.0.2:8080/d1/732/AUTH_b003c8af711b41ad9b63847f0b2549cc/gnocchi.c80bc00e-d10b-427c-a978-f0bace327090/1763640000.0_mean_300.0_v3" "tx8fa7241a63594c63a9507-006921a4e4" "object-server 24" 0.0006 "-" 23 0
Nov 22 11:56:20 standalone object-server[127636]: 172.20.0.100 - - [22/Nov/2025:11:56:20 +0000] "PUT /d1/732/AUTH_b003c8af711b41ad9b63847f0b2549cc/gnocchi.c80bc00e-d10b-427c-a978-f0bace327090/1763640000.0_mean_300.0_v3" 201 - "PUT http://172.18.0.2:8080/v1/AUTH_b003c8af711b41ad9b63847f0b2549cc/gnocchi.c80bc00e-d10b-427c-a978-f0bace327090/1763640000.0_mean_300.0_v3" "tx8fa7241a63594c63a9507-006921a4e4" "proxy-server 20" 0.0111 "-" 24 0
Nov 22 11:56:20 standalone proxy-server[129425]: 172.18.0.2 172.18.0.100 22/Nov/2025/11/56/20 PUT /v1/AUTH_b003c8af711b41ad9b63847f0b2549cc/gnocchi.c80bc00e-d10b-427c-a978-f0bace327090/1763640000.0_mean_300.0_v3 HTTP/1.0 201 - python-swiftclient-3.11.1 gAAAAABpIaQzeESC... 16 - - tx8fa7241a63594c63a9507-006921a4e4 - 0.0180 - - 1763812580.154995203 1763812580.173013210 0
Nov 22 11:56:20 standalone container-server[127423]: 172.20.0.100 - - [22/Nov/2025:11:56:20 +0000] "PUT /d1/489/AUTH_b003c8af711b41ad9b63847f0b2549cc/gnocchi.c80bc00e-d10b-427c-a978-f0bace327090/none_v3" 201 - "PUT http://172.18.0.2:8080/d1/598/AUTH_b003c8af711b41ad9b63847f0b2549cc/gnocchi.c80bc00e-d10b-427c-a978-f0bace327090/none_v3" "tx6c103aa6fdab4f9dbed7a-006921a4e4" "object-server 22" 0.0008 "-" 19 0
Nov 22 11:56:20 standalone object-server[127617]: 172.20.0.100 - - [22/Nov/2025:11:56:20 +0000] "PUT /d1/598/AUTH_b003c8af711b41ad9b63847f0b2549cc/gnocchi.c80bc00e-d10b-427c-a978-f0bace327090/none_v3" 201 - "PUT http://172.18.0.2:8080/v1/AUTH_b003c8af711b41ad9b63847f0b2549cc/gnocchi.c80bc00e-d10b-427c-a978-f0bace327090/none_v3" "tx6c103aa6fdab4f9dbed7a-006921a4e4" "proxy-server 20" 0.0095 "-" 22 0
Nov 22 11:56:20 standalone proxy-server[129425]: 172.18.0.2 172.18.0.100 22/Nov/2025/11/56/20 PUT /v1/AUTH_b003c8af711b41ad9b63847f0b2549cc/gnocchi.c80bc00e-d10b-427c-a978-f0bace327090/none_v3 HTTP/1.0 201 - python-swiftclient-3.11.1 gAAAAABpIaQzeESC... 22 - - tx6c103aa6fdab4f9dbed7a-006921a4e4 - 0.0152 - - 1763812580.175332069 1763812580.190488338 0
Nov 22 11:56:20 standalone container-server[127454]: 172.20.0.100 - - [22/Nov/2025:11:56:20 +0000] "HEAD /d1/521/AUTH_b003c8af711b41ad9b63847f0b2549cc/gnocchi.68645852-b256-4290-a4de-57840acb4f81" 404 - "HEAD http://172.18.0.2:8080/v1/AUTH_b003c8af711b41ad9b63847f0b2549cc/gnocchi.68645852-b256-4290-a4de-57840acb4f81?format=json&states=listing" "tx008f0ac27df843a784c22-006921a4e4" "proxy-server 20" 0.0004 "-" 22 0
Nov 22 11:56:20 standalone object-server[127617]: 172.20.0.100 - - [22/Nov/2025:11:56:20 +0000] "GET /d1/685/AUTH_b003c8af711b41ad9b63847f0b2549cc/gnocchi.68645852-b256-4290-a4de-57840acb4f81/none_v3" 404 70 "GET http://172.18.0.2:8080/v1/AUTH_b003c8af711b41ad9b63847f0b2549cc/gnocchi.68645852-b256-4290-a4de-57840acb4f81/none_v3" "tx008f0ac27df843a784c22-006921a4e4" "proxy-server 20" 0.0002 "-" 22 0
Nov 22 11:56:20 standalone proxy-server[129425]: 172.18.0.2 172.18.0.100 22/Nov/2025/11/56/20 GET /v1/AUTH_b003c8af711b41ad9b63847f0b2549cc/gnocchi.68645852-b256-4290-a4de-57840acb4f81/none_v3 HTTP/1.0 404 - python-swiftclient-3.11.1 gAAAAABpIaQzeESC... - 70 - tx008f0ac27df843a784c22-006921a4e4 - 0.0092 - - 1763812580.200469732 1763812580.209623814 0
Nov 22 11:56:20 standalone account-server[127356]: 172.20.0.100 - - [22/Nov/2025:11:56:20 +0000] "PUT /d1/28/AUTH_b003c8af711b41ad9b63847f0b2549cc/gnocchi.68645852-b256-4290-a4de-57840acb4f81" 201 - "PUT http://172.20.0.100:6001/d1/521/AUTH_b003c8af711b41ad9b63847f0b2549cc/gnocchi.68645852-b256-4290-a4de-57840acb4f81" "tx769bc7da496e493ca3173-006921a4e4" "container-server 22" 0.0054 "-" 16 0
Nov 22 11:56:20 standalone container-server[127454]: 172.20.0.100 - - [22/Nov/2025:11:56:20 +0000] "PUT /d1/521/AUTH_b003c8af711b41ad9b63847f0b2549cc/gnocchi.68645852-b256-4290-a4de-57840acb4f81" 201 - "PUT http://172.18.0.2:8080/v1/AUTH_b003c8af711b41ad9b63847f0b2549cc/gnocchi.68645852-b256-4290-a4de-57840acb4f81" "tx769bc7da496e493ca3173-006921a4e4" "proxy-server 20" 0.0151 "-" 22 0
Nov 22 11:56:20 standalone proxy-server[129425]: 172.18.0.2 172.18.0.100 22/Nov/2025/11/56/20 PUT /v1/AUTH_b003c8af711b41ad9b63847f0b2549cc/gnocchi.68645852-b256-4290-a4de-57840acb4f81 HTTP/1.0 201 - python-swiftclient-3.11.1 gAAAAABpIaQzeESC... - - - tx769bc7da496e493ca3173-006921a4e4 - 0.0194 - - 1763812580.211874247 1763812580.231271029 0
Nov 22 11:56:20 standalone container-server[127423]: 172.20.0.100 - - [22/Nov/2025:11:56:20 +0000] "HEAD /d1/369/AUTH_b003c8af711b41ad9b63847f0b2549cc/gnocchi.c3be7b01-fdf1-4d8b-a375-d2bf9b838201" 404 - "HEAD http://172.18.0.2:8080/v1/AUTH_b003c8af711b41ad9b63847f0b2549cc/gnocchi.c3be7b01-fdf1-4d8b-a375-d2bf9b838201?format=json&states=listing" "tx0c35ec033cf549678e70f-006921a4e4" "proxy-server 20" 0.0004 "-" 19 0
Nov 22 11:56:20 standalone object-server[127628]: 172.20.0.100 - - [22/Nov/2025:11:56:20 +0000] "GET /d1/765/AUTH_b003c8af711b41ad9b63847f0b2549cc/gnocchi.c3be7b01-fdf1-4d8b-a375-d2bf9b838201/none_v3" 404 70 "GET http://172.18.0.2:8080/v1/AUTH_b003c8af711b41ad9b63847f0b2549cc/gnocchi.c3be7b01-fdf1-4d8b-a375-d2bf9b838201/none_v3" "tx0c35ec033cf549678e70f-006921a4e4" "proxy-server 20" 0.0004 "-" 23 0
Nov 22 11:56:20 standalone proxy-server[129425]: 172.18.0.2 172.18.0.100 22/Nov/2025/11/56/20 GET /v1/AUTH_b003c8af711b41ad9b63847f0b2549cc/gnocchi.c3be7b01-fdf1-4d8b-a375-d2bf9b838201/none_v3 HTTP/1.0 404 - python-swiftclient-3.11.1 gAAAAABpIaQzeESC... - 70 - tx0c35ec033cf549678e70f-006921a4e4 - 0.0108 - - 1763812580.233637810 1763812580.244419575 0
Nov 22 11:56:20 standalone account-server[127329]: 172.20.0.100 - - [22/Nov/2025:11:56:20 +0000] "PUT /d1/28/AUTH_b003c8af711b41ad9b63847f0b2549cc/gnocchi.c3be7b01-fdf1-4d8b-a375-d2bf9b838201" 201 - "PUT http://172.20.0.100:6001/d1/369/AUTH_b003c8af711b41ad9b63847f0b2549cc/gnocchi.c3be7b01-fdf1-4d8b-a375-d2bf9b838201" "txe0f6da3a6754484ebb2ed-006921a4e4" "container-server 22" 0.0055 "-" 14 0
Nov 22 11:56:20 standalone container-server[127454]: 172.20.0.100 - - [22/Nov/2025:11:56:20 +0000] "PUT /d1/369/AUTH_b003c8af711b41ad9b63847f0b2549cc/gnocchi.c3be7b01-fdf1-4d8b-a375-d2bf9b838201" 201 - "PUT http://172.18.0.2:8080/v1/AUTH_b003c8af711b41ad9b63847f0b2549cc/gnocchi.c3be7b01-fdf1-4d8b-a375-d2bf9b838201" "txe0f6da3a6754484ebb2ed-006921a4e4" "proxy-server 20" 0.0164 "-" 22 0
Nov 22 11:56:20 standalone proxy-server[129425]: 172.18.0.2 172.18.0.100 22/Nov/2025/11/56/20 PUT /v1/AUTH_b003c8af711b41ad9b63847f0b2549cc/gnocchi.c3be7b01-fdf1-4d8b-a375-d2bf9b838201 HTTP/1.0 201 - python-swiftclient-3.11.1 gAAAAABpIaQzeESC... - - - txe0f6da3a6754484ebb2ed-006921a4e4 - 0.0212 - - 1763812580.246474266 1763812580.267656803 0
Nov 22 11:56:20 standalone container-server[127434]: 172.20.0.100 - - [22/Nov/2025:11:56:20 +0000] "HEAD /d1/521/AUTH_b003c8af711b41ad9b63847f0b2549cc/gnocchi.68645852-b256-4290-a4de-57840acb4f81" 204 - "HEAD http://172.18.0.2:8080/v1/AUTH_b003c8af711b41ad9b63847f0b2549cc/gnocchi.68645852-b256-4290-a4de-57840acb4f81?format=json&states=listing" "tx3ced5fa6d7b646e1bc31b-006921a4e4" "proxy-server 20" 0.0016 "-" 20 0
Nov 22 11:56:20 standalone proxy-server[129425]: - - 22/Nov/2025/11/56/20 HEAD /v1/AUTH_b003c8af711b41ad9b63847f0b2549cc/gnocchi.68645852-b256-4290-a4de-57840acb4f81%3Fformat%3Djson%26states%3Dlisting HTTP/1.0 204 - Swift - - - - tx3ced5fa6d7b646e1bc31b-006921a4e4 - 0.0049 RL - 1763812580.273019791 1763812580.277937651 0
Nov 22 11:56:20 standalone container-server[127434]: 172.20.0.100 - - [22/Nov/2025:11:56:20 +0000] "GET /d1/521/AUTH_b003c8af711b41ad9b63847f0b2549cc/gnocchi.68645852-b256-4290-a4de-57840acb4f81" 200 2 "GET http://172.18.0.2:8080/v1/AUTH_b003c8af711b41ad9b63847f0b2549cc/gnocchi.68645852-b256-4290-a4de-57840acb4f81?format=json&states=listing" "tx3ced5fa6d7b646e1bc31b-006921a4e4" "proxy-server 20" 0.0019 "-" 20 0
Nov 22 11:56:20 standalone proxy-server[129425]: 172.18.0.2 172.18.0.100 22/Nov/2025/11/56/20 GET /v1/AUTH_b003c8af711b41ad9b63847f0b2549cc/gnocchi.68645852-b256-4290-a4de-57840acb4f81%3Fformat%3Djson%26states%3Dlisting HTTP/1.0 200 - python-swiftclient-3.11.1 gAAAAABpIaQzeESC... - 2 - tx3ced5fa6d7b646e1bc31b-006921a4e4 - 0.0130 - - 1763812580.271978140 1763812580.284935713 0
Nov 22 11:56:20 standalone container-server[127434]: 172.20.0.100 - - [22/Nov/2025:11:56:20 +0000] "HEAD /d1/369/AUTH_b003c8af711b41ad9b63847f0b2549cc/gnocchi.c3be7b01-fdf1-4d8b-a375-d2bf9b838201" 204 - "HEAD http://172.18.0.2:8080/v1/AUTH_b003c8af711b41ad9b63847f0b2549cc/gnocchi.c3be7b01-fdf1-4d8b-a375-d2bf9b838201?format=json&states=listing" "tx22ec9727cbaf458a8c516-006921a4e4" "proxy-server 20" 0.0012 "-" 20 0
Nov 22 11:56:20 standalone proxy-server[129425]: - - 22/Nov/2025/11/56/20 HEAD /v1/AUTH_b003c8af711b41ad9b63847f0b2549cc/gnocchi.c3be7b01-fdf1-4d8b-a375-d2bf9b838201%3Fformat%3Djson%26states%3Dlisting HTTP/1.0 204 - Swift - - - - tx22ec9727cbaf458a8c516-006921a4e4 - 0.0039 RL - 1763812580.290171862 1763812580.294039726 0
Nov 22 11:56:20 standalone container-server[127464]: 172.20.0.100 - - [22/Nov/2025:11:56:20 +0000] "GET /d1/369/AUTH_b003c8af711b41ad9b63847f0b2549cc/gnocchi.c3be7b01-fdf1-4d8b-a375-d2bf9b838201" 200 2 "GET http://172.18.0.2:8080/v1/AUTH_b003c8af711b41ad9b63847f0b2549cc/gnocchi.c3be7b01-fdf1-4d8b-a375-d2bf9b838201?format=json&states=listing" "tx22ec9727cbaf458a8c516-006921a4e4" "proxy-server 20" 0.0017 "-" 23 0
Nov 22 11:56:20 standalone proxy-server[129425]: 172.18.0.2 172.18.0.100 22/Nov/2025/11/56/20 GET /v1/AUTH_b003c8af711b41ad9b63847f0b2549cc/gnocchi.c3be7b01-fdf1-4d8b-a375-d2bf9b838201%3Fformat%3Djson%26states%3Dlisting HTTP/1.0 200 - python-swiftclient-3.11.1 gAAAAABpIaQzeESC... - 2 - tx22ec9727cbaf458a8c516-006921a4e4 - 0.0119 - - 1763812580.289171457 1763812580.301118374 0
Nov 22 11:56:20 standalone object-server[127636]: 172.20.0.100 - - [22/Nov/2025:11:56:20 +0000] "GET /d1/526/AUTH_b003c8af711b41ad9b63847f0b2549cc/gnocchi.68645852-b256-4290-a4de-57840acb4f81/1763640000.0_mean_300.0_v3" 404 70 "GET http://172.18.0.2:8080/v1/AUTH_b003c8af711b41ad9b63847f0b2549cc/gnocchi.68645852-b256-4290-a4de-57840acb4f81/1763640000.0_mean_300.0_v3" "tx6b028ebf9de84a93b6353-006921a4e4" "proxy-server 20" 0.0005 "-" 24 0
Nov 22 11:56:20 standalone proxy-server[129425]: 172.18.0.2 172.18.0.100 22/Nov/2025/11/56/20 GET /v1/AUTH_b003c8af711b41ad9b63847f0b2549cc/gnocchi.68645852-b256-4290-a4de-57840acb4f81/1763640000.0_mean_300.0_v3 HTTP/1.0 404 - python-swiftclient-3.11.1 gAAAAABpIaQzeESC... - 70 - tx6b028ebf9de84a93b6353-006921a4e4 - 0.0064 - - 1763812580.304220915 1763812580.310601950 0
Nov 22 11:56:20 standalone object-server[127628]: 172.20.0.100 - - [22/Nov/2025:11:56:20 +0000] "GET /d1/247/AUTH_b003c8af711b41ad9b63847f0b2549cc/gnocchi.c3be7b01-fdf1-4d8b-a375-d2bf9b838201/1763640000.0_mean_300.0_v3" 404 70 "GET http://172.18.0.2:8080/v1/AUTH_b003c8af711b41ad9b63847f0b2549cc/gnocchi.c3be7b01-fdf1-4d8b-a375-d2bf9b838201/1763640000.0_mean_300.0_v3" "tx6c5d06cb42ca4d41a29d7-006921a4e4" "proxy-server 20" 0.0003 "-" 23 0
Nov 22 11:56:20 standalone proxy-server[129425]: 172.18.0.2 172.18.0.100 22/Nov/2025/11/56/20 GET /v1/AUTH_b003c8af711b41ad9b63847f0b2549cc/gnocchi.c3be7b01-fdf1-4d8b-a375-d2bf9b838201/1763640000.0_mean_300.0_v3 HTTP/1.0 404 - python-swiftclient-3.11.1 gAAAAABpIaQzeESC... - 70 - tx6c5d06cb42ca4d41a29d7-006921a4e4 - 0.0052 - - 1763812580.312869072 1763812580.318089962 0
Nov 22 11:56:20 standalone container-server[127434]: 172.20.0.100 - - [22/Nov/2025:11:56:20 +0000] "PUT /d1/521/AUTH_b003c8af711b41ad9b63847f0b2549cc/gnocchi.68645852-b256-4290-a4de-57840acb4f81/1763640000.0_mean_300.0_v3" 201 - "PUT http://172.18.0.2:8080/d1/526/AUTH_b003c8af711b41ad9b63847f0b2549cc/gnocchi.68645852-b256-4290-a4de-57840acb4f81/1763640000.0_mean_300.0_v3" "tx15136e9f27d54f1abce87-006921a4e4" "object-server 25" 0.0006 "-" 20 0
Nov 22 11:56:20 standalone object-server[127641]: 172.20.0.100 - - [22/Nov/2025:11:56:20 +0000] "PUT /d1/526/AUTH_b003c8af711b41ad9b63847f0b2549cc/gnocchi.68645852-b256-4290-a4de-57840acb4f81/1763640000.0_mean_300.0_v3" 201 - "PUT http://172.18.0.2:8080/v1/AUTH_b003c8af711b41ad9b63847f0b2549cc/gnocchi.68645852-b256-4290-a4de-57840acb4f81/1763640000.0_mean_300.0_v3" "tx15136e9f27d54f1abce87-006921a4e4" "proxy-server 20" 0.0094 "-" 25 0
Nov 22 11:56:20 standalone proxy-server[129425]: 172.18.0.2 172.18.0.100 22/Nov/2025/11/56/20 PUT /v1/AUTH_b003c8af711b41ad9b63847f0b2549cc/gnocchi.68645852-b256-4290-a4de-57840acb4f81/1763640000.0_mean_300.0_v3 HTTP/1.0 201 - python-swiftclient-3.11.1 gAAAAABpIaQzeESC... 16 - - tx15136e9f27d54f1abce87-006921a4e4 - 0.0146 - - 1763812580.320987225 1763812580.335607052 0
Nov 22 11:56:20 standalone container-server[127423]: 172.20.0.100 - - [22/Nov/2025:11:56:20 +0000] "PUT /d1/369/AUTH_b003c8af711b41ad9b63847f0b2549cc/gnocchi.c3be7b01-fdf1-4d8b-a375-d2bf9b838201/1763640000.0_mean_300.0_v3" 201 - "PUT http://172.18.0.2:8080/d1/247/AUTH_b003c8af711b41ad9b63847f0b2549cc/gnocchi.c3be7b01-fdf1-4d8b-a375-d2bf9b838201/1763640000.0_mean_300.0_v3" "txe3400464d8174dae9904c-006921a4e4" "object-server 22" 0.0010 "-" 19 0
Nov 22 11:56:20 standalone object-server[127617]: 172.20.0.100 - - [22/Nov/2025:11:56:20 +0000] "PUT /d1/247/AUTH_b003c8af711b41ad9b63847f0b2549cc/gnocchi.c3be7b01-fdf1-4d8b-a375-d2bf9b838201/1763640000.0_mean_300.0_v3" 201 - "PUT http://172.18.0.2:8080/v1/AUTH_b003c8af711b41ad9b63847f0b2549cc/gnocchi.c3be7b01-fdf1-4d8b-a375-d2bf9b838201/1763640000.0_mean_300.0_v3" "txe3400464d8174dae9904c-006921a4e4" "proxy-server 20" 0.0118 "-" 22 0
Nov 22 11:56:20 standalone proxy-server[129425]: 172.18.0.2 172.18.0.100 22/Nov/2025/11/56/20 PUT /v1/AUTH_b003c8af711b41ad9b63847f0b2549cc/gnocchi.c3be7b01-fdf1-4d8b-a375-d2bf9b838201/1763640000.0_mean_300.0_v3 HTTP/1.0 201 - python-swiftclient-3.11.1 gAAAAABpIaQzeESC... 16 - - txe3400464d8174dae9904c-006921a4e4 - 0.0184 - - 1763812580.338330269 1763812580.356726170 0
Nov 22 11:56:20 standalone container-server[127423]: 172.20.0.100 - - [22/Nov/2025:11:56:20 +0000] "PUT /d1/521/AUTH_b003c8af711b41ad9b63847f0b2549cc/gnocchi.68645852-b256-4290-a4de-57840acb4f81/none_v3" 201 - "PUT http://172.18.0.2:8080/d1/685/AUTH_b003c8af711b41ad9b63847f0b2549cc/gnocchi.68645852-b256-4290-a4de-57840acb4f81/none_v3" "tx4070663819a14e86b4a3c-006921a4e4" "object-server 25" 0.0006 "-" 19 0
Nov 22 11:56:20 standalone object-server[127641]: 172.20.0.100 - - [22/Nov/2025:11:56:20 +0000] "PUT /d1/685/AUTH_b003c8af711b41ad9b63847f0b2549cc/gnocchi.68645852-b256-4290-a4de-57840acb4f81/none_v3" 201 - "PUT http://172.18.0.2:8080/v1/AUTH_b003c8af711b41ad9b63847f0b2549cc/gnocchi.68645852-b256-4290-a4de-57840acb4f81/none_v3" "tx4070663819a14e86b4a3c-006921a4e4" "proxy-server 20" 0.0102 "-" 25 0
Nov 22 11:56:20 standalone proxy-server[129425]: 172.18.0.2 172.18.0.100 22/Nov/2025/11/56/20 PUT /v1/AUTH_b003c8af711b41ad9b63847f0b2549cc/gnocchi.68645852-b256-4290-a4de-57840acb4f81/none_v3 HTTP/1.0 201 - python-swiftclient-3.11.1 gAAAAABpIaQzeESC... 22 - - tx4070663819a14e86b4a3c-006921a4e4 - 0.0150 - - 1763812580.359384298 1763812580.374338388 0
Nov 22 11:56:20 standalone container-server[127454]: 172.20.0.100 - - [22/Nov/2025:11:56:20 +0000] "PUT /d1/369/AUTH_b003c8af711b41ad9b63847f0b2549cc/gnocchi.c3be7b01-fdf1-4d8b-a375-d2bf9b838201/none_v3" 201 - "PUT http://172.18.0.2:8080/d1/765/AUTH_b003c8af711b41ad9b63847f0b2549cc/gnocchi.c3be7b01-fdf1-4d8b-a375-d2bf9b838201/none_v3" "tx7b237c25fb164934aeafb-006921a4e4" "object-server 22" 0.0006 "-" 22 0
Nov 22 11:56:20 standalone object-server[127617]: 172.20.0.100 - - [22/Nov/2025:11:56:20 +0000] "PUT /d1/765/AUTH_b003c8af711b41ad9b63847f0b2549cc/gnocchi.c3be7b01-fdf1-4d8b-a375-d2bf9b838201/none_v3" 201 - "PUT http://172.18.0.2:8080/v1/AUTH_b003c8af711b41ad9b63847f0b2549cc/gnocchi.c3be7b01-fdf1-4d8b-a375-d2bf9b838201/none_v3" "tx7b237c25fb164934aeafb-006921a4e4" "proxy-server 20" 0.0097 "-" 22 0
Nov 22 11:56:20 standalone proxy-server[129425]: 172.18.0.2 172.18.0.100 22/Nov/2025/11/56/20 PUT /v1/AUTH_b003c8af711b41ad9b63847f0b2549cc/gnocchi.c3be7b01-fdf1-4d8b-a375-d2bf9b838201/none_v3 HTTP/1.0 201 - python-swiftclient-3.11.1 gAAAAABpIaQzeESC... 22 - - tx7b237c25fb164934aeafb-006921a4e4 - 0.0151 - - 1763812580.376613617 1763812580.391706944 0
Nov 22 11:56:20 standalone container-server[127423]: 172.20.0.100 - - [22/Nov/2025:11:56:20 +0000] "HEAD /d1/291/AUTH_b003c8af711b41ad9b63847f0b2549cc/gnocchi.29725fd8-cad7-4bde-8efd-d4cd34215e37" 404 - "HEAD http://172.18.0.2:8080/v1/AUTH_b003c8af711b41ad9b63847f0b2549cc/gnocchi.29725fd8-cad7-4bde-8efd-d4cd34215e37?format=json&states=listing" "tx839e84e08b284497800bc-006921a4e4" "proxy-server 20" 0.0004 "-" 19 0
Nov 22 11:56:20 standalone object-server[127641]: 172.20.0.100 - - [22/Nov/2025:11:56:20 +0000] "GET /d1/234/AUTH_b003c8af711b41ad9b63847f0b2549cc/gnocchi.29725fd8-cad7-4bde-8efd-d4cd34215e37/none_v3" 404 70 "GET http://172.18.0.2:8080/v1/AUTH_b003c8af711b41ad9b63847f0b2549cc/gnocchi.29725fd8-cad7-4bde-8efd-d4cd34215e37/none_v3" "tx839e84e08b284497800bc-006921a4e4" "proxy-server 20" 0.0004 "-" 25 0
Nov 22 11:56:20 standalone proxy-server[129425]: 172.18.0.2 172.18.0.100 22/Nov/2025/11/56/20 GET /v1/AUTH_b003c8af711b41ad9b63847f0b2549cc/gnocchi.29725fd8-cad7-4bde-8efd-d4cd34215e37/none_v3 HTTP/1.0 404 - python-swiftclient-3.11.1 gAAAAABpIaQzeESC... - 70 - tx839e84e08b284497800bc-006921a4e4 - 0.0088 - - 1763812580.401378870 1763812580.410164595 0
Nov 22 11:56:20 standalone account-server[127347]: 172.20.0.100 - - [22/Nov/2025:11:56:20 +0000] "PUT /d1/28/AUTH_b003c8af711b41ad9b63847f0b2549cc/gnocchi.29725fd8-cad7-4bde-8efd-d4cd34215e37" 201 - "PUT http://172.20.0.100:6001/d1/291/AUTH_b003c8af711b41ad9b63847f0b2549cc/gnocchi.29725fd8-cad7-4bde-8efd-d4cd34215e37" "txd75a43b30c914f6f9476b-006921a4e4" "container-server 19" 0.0050 "-" 15 0
Nov 22 11:56:20 standalone container-server[127423]: 172.20.0.100 - - [22/Nov/2025:11:56:20 +0000] "PUT /d1/291/AUTH_b003c8af711b41ad9b63847f0b2549cc/gnocchi.29725fd8-cad7-4bde-8efd-d4cd34215e37" 201 - "PUT http://172.18.0.2:8080/v1/AUTH_b003c8af711b41ad9b63847f0b2549cc/gnocchi.29725fd8-cad7-4bde-8efd-d4cd34215e37" "txd75a43b30c914f6f9476b-006921a4e4" "proxy-server 20" 0.0175 "-" 19 0
Nov 22 11:56:20 standalone proxy-server[129425]: 172.18.0.2 172.18.0.100 22/Nov/2025/11/56/20 PUT /v1/AUTH_b003c8af711b41ad9b63847f0b2549cc/gnocchi.29725fd8-cad7-4bde-8efd-d4cd34215e37 HTTP/1.0 201 - python-swiftclient-3.11.1 gAAAAABpIaQzeESC... - - - txd75a43b30c914f6f9476b-006921a4e4 - 0.0221 - - 1763812580.412472248 1763812580.434554577 0
Nov 22 11:56:20 standalone container-server[127423]: 172.20.0.100 - - [22/Nov/2025:11:56:20 +0000] "HEAD /d1/291/AUTH_b003c8af711b41ad9b63847f0b2549cc/gnocchi.29725fd8-cad7-4bde-8efd-d4cd34215e37" 204 - "HEAD http://172.18.0.2:8080/v1/AUTH_b003c8af711b41ad9b63847f0b2549cc/gnocchi.29725fd8-cad7-4bde-8efd-d4cd34215e37?format=json&states=listing" "tx43cb89b6eee047c183a21-006921a4e4" "proxy-server 20" 0.0018 "-" 19 0
Nov 22 11:56:20 standalone proxy-server[129425]: - - 22/Nov/2025/11/56/20 HEAD /v1/AUTH_b003c8af711b41ad9b63847f0b2549cc/gnocchi.29725fd8-cad7-4bde-8efd-d4cd34215e37%3Fformat%3Djson%26states%3Dlisting HTTP/1.0 204 - Swift - - - - tx43cb89b6eee047c183a21-006921a4e4 - 0.0094 RL - 1763812580.440110445 1763812580.449540854 0
Nov 22 11:56:20 standalone container-server[127454]: 172.20.0.100 - - [22/Nov/2025:11:56:20 +0000] "GET /d1/291/AUTH_b003c8af711b41ad9b63847f0b2549cc/gnocchi.29725fd8-cad7-4bde-8efd-d4cd34215e37" 200 2 "GET http://172.18.0.2:8080/v1/AUTH_b003c8af711b41ad9b63847f0b2549cc/gnocchi.29725fd8-cad7-4bde-8efd-d4cd34215e37?format=json&states=listing" "tx43cb89b6eee047c183a21-006921a4e4" "proxy-server 20" 0.0034 "-" 22 0
Nov 22 11:56:20 standalone proxy-server[129425]: 172.18.0.2 172.18.0.100 22/Nov/2025/11/56/20 GET /v1/AUTH_b003c8af711b41ad9b63847f0b2549cc/gnocchi.29725fd8-cad7-4bde-8efd-d4cd34215e37%3Fformat%3Djson%26states%3Dlisting HTTP/1.0 200 - python-swiftclient-3.11.1 gAAAAABpIaQzeESC... - 2 - tx43cb89b6eee047c183a21-006921a4e4 - 0.0238 - - 1763812580.438662291 1763812580.462436438 0
Nov 22 11:56:20 standalone object-server[127617]: 172.20.0.100 - - [22/Nov/2025:11:56:20 +0000] "GET /d1/267/AUTH_b003c8af711b41ad9b63847f0b2549cc/gnocchi.29725fd8-cad7-4bde-8efd-d4cd34215e37/1763640000.0_mean_300.0_v3" 404 70 "GET http://172.18.0.2:8080/v1/AUTH_b003c8af711b41ad9b63847f0b2549cc/gnocchi.29725fd8-cad7-4bde-8efd-d4cd34215e37/1763640000.0_mean_300.0_v3" "tx4a223f3129c94158b3604-006921a4e4" "proxy-server 20" 0.0004 "-" 22 0
Nov 22 11:56:20 standalone proxy-server[129425]: 172.18.0.2 172.18.0.100 22/Nov/2025/11/56/20 GET /v1/AUTH_b003c8af711b41ad9b63847f0b2549cc/gnocchi.29725fd8-cad7-4bde-8efd-d4cd34215e37/1763640000.0_mean_300.0_v3 HTTP/1.0 404 - python-swiftclient-3.11.1 gAAAAABpIaQzeESC... - 70 - tx4a223f3129c94158b3604-006921a4e4 - 0.0071 - - 1763812580.467411518 1763812580.474522829 0
Nov 22 11:56:20 standalone container-server[127464]: 172.20.0.100 - - [22/Nov/2025:11:56:20 +0000] "PUT /d1/291/AUTH_b003c8af711b41ad9b63847f0b2549cc/gnocchi.29725fd8-cad7-4bde-8efd-d4cd34215e37/1763640000.0_mean_300.0_v3" 201 - "PUT http://172.18.0.2:8080/d1/267/AUTH_b003c8af711b41ad9b63847f0b2549cc/gnocchi.29725fd8-cad7-4bde-8efd-d4cd34215e37/1763640000.0_mean_300.0_v3" "tx3292ae46a0da4f69a251b-006921a4e4" "object-server 22" 0.0009 "-" 23 0
Nov 22 11:56:20 standalone object-server[127617]: 172.20.0.100 - - [22/Nov/2025:11:56:20 +0000] "PUT /d1/267/AUTH_b003c8af711b41ad9b63847f0b2549cc/gnocchi.29725fd8-cad7-4bde-8efd-d4cd34215e37/1763640000.0_mean_300.0_v3" 201 - "PUT http://172.18.0.2:8080/v1/AUTH_b003c8af711b41ad9b63847f0b2549cc/gnocchi.29725fd8-cad7-4bde-8efd-d4cd34215e37/1763640000.0_mean_300.0_v3" "tx3292ae46a0da4f69a251b-006921a4e4" "proxy-server 20" 0.0121 "-" 22 0
Nov 22 11:56:20 standalone proxy-server[129425]: 172.18.0.2 172.18.0.100 22/Nov/2025/11/56/20 PUT /v1/AUTH_b003c8af711b41ad9b63847f0b2549cc/gnocchi.29725fd8-cad7-4bde-8efd-d4cd34215e37/1763640000.0_mean_300.0_v3 HTTP/1.0 201 - python-swiftclient-3.11.1 gAAAAABpIaQzeESC... 16 - - tx3292ae46a0da4f69a251b-006921a4e4 - 0.0194 - - 1763812580.478593826 1763812580.497975588 0
Nov 22 11:56:20 standalone container-server[127464]: 172.20.0.100 - - [22/Nov/2025:11:56:20 +0000] "PUT /d1/291/AUTH_b003c8af711b41ad9b63847f0b2549cc/gnocchi.29725fd8-cad7-4bde-8efd-d4cd34215e37/none_v3" 201 - "PUT http://172.18.0.2:8080/d1/234/AUTH_b003c8af711b41ad9b63847f0b2549cc/gnocchi.29725fd8-cad7-4bde-8efd-d4cd34215e37/none_v3" "tx2105467af9dd43eab9f4f-006921a4e4" "object-server 25" 0.0006 "-" 23 0
Nov 22 11:56:20 standalone object-server[127641]: 172.20.0.100 - - [22/Nov/2025:11:56:20 +0000] "PUT /d1/234/AUTH_b003c8af711b41ad9b63847f0b2549cc/gnocchi.29725fd8-cad7-4bde-8efd-d4cd34215e37/none_v3" 201 - "PUT http://172.18.0.2:8080/v1/AUTH_b003c8af711b41ad9b63847f0b2549cc/gnocchi.29725fd8-cad7-4bde-8efd-d4cd34215e37/none_v3" "tx2105467af9dd43eab9f4f-006921a4e4" "proxy-server 20" 0.0121 "-" 25 0
Nov 22 11:56:20 standalone proxy-server[129425]: 172.18.0.2 172.18.0.100 22/Nov/2025/11/56/20 PUT /v1/AUTH_b003c8af711b41ad9b63847f0b2549cc/gnocchi.29725fd8-cad7-4bde-8efd-d4cd34215e37/none_v3 HTTP/1.0 201 - python-swiftclient-3.11.1 gAAAAABpIaQzeESC... 22 - - tx2105467af9dd43eab9f4f-006921a4e4 - 0.0199 - - 1763812580.501881599 1763812580.521732330 0
Nov 22 11:56:20 standalone container-server[127423]: 172.20.0.100 - - [22/Nov/2025:11:56:20 +0000] "HEAD /d1/892/AUTH_b003c8af711b41ad9b63847f0b2549cc/gnocchi.e848d4a6-58ae-4ae9-a307-f961ae3c5429" 404 - "HEAD http://172.18.0.2:8080/v1/AUTH_b003c8af711b41ad9b63847f0b2549cc/gnocchi.e848d4a6-58ae-4ae9-a307-f961ae3c5429?format=json&states=listing" "tx86ea13a972734be18476f-006921a4e4" "proxy-server 20" 0.0005 "-" 19 0
Nov 22 11:56:20 standalone object-server[127641]: 172.20.0.100 - - [22/Nov/2025:11:56:20 +0000] "GET /d1/654/AUTH_b003c8af711b41ad9b63847f0b2549cc/gnocchi.e848d4a6-58ae-4ae9-a307-f961ae3c5429/none_v3" 404 70 "GET http://172.18.0.2:8080/v1/AUTH_b003c8af711b41ad9b63847f0b2549cc/gnocchi.e848d4a6-58ae-4ae9-a307-f961ae3c5429/none_v3" "tx86ea13a972734be18476f-006921a4e4" "proxy-server 20" 0.0005 "-" 25 0
Nov 22 11:56:20 standalone proxy-server[129425]: 172.18.0.2 172.18.0.100 22/Nov/2025/11/56/20 GET /v1/AUTH_b003c8af711b41ad9b63847f0b2549cc/gnocchi.e848d4a6-58ae-4ae9-a307-f961ae3c5429/none_v3 HTTP/1.0 404 - python-swiftclient-3.11.1 gAAAAABpIaQzeESC... - 70 - tx86ea13a972734be18476f-006921a4e4 - 0.0132 - - 1763812580.534906864 1763812580.548066854 0
Nov 22 11:56:20 standalone account-server[127356]: 172.20.0.100 - - [22/Nov/2025:11:56:20 +0000] "PUT /d1/28/AUTH_b003c8af711b41ad9b63847f0b2549cc/gnocchi.e848d4a6-58ae-4ae9-a307-f961ae3c5429" 201 - "PUT http://172.20.0.100:6001/d1/892/AUTH_b003c8af711b41ad9b63847f0b2549cc/gnocchi.e848d4a6-58ae-4ae9-a307-f961ae3c5429" "tx293ac60376624706b9d4f-006921a4e4" "container-server 19" 0.0077 "-" 16 0
Nov 22 11:56:20 standalone container-server[127423]: 172.20.0.100 - - [22/Nov/2025:11:56:20 +0000] "PUT /d1/892/AUTH_b003c8af711b41ad9b63847f0b2549cc/gnocchi.e848d4a6-58ae-4ae9-a307-f961ae3c5429" 201 - "PUT http://172.18.0.2:8080/v1/AUTH_b003c8af711b41ad9b63847f0b2549cc/gnocchi.e848d4a6-58ae-4ae9-a307-f961ae3c5429" "tx293ac60376624706b9d4f-006921a4e4" "proxy-server 20" 0.0243 "-" 19 0
Nov 22 11:56:20 standalone proxy-server[129425]: 172.18.0.2 172.18.0.100 22/Nov/2025/11/56/20 PUT /v1/AUTH_b003c8af711b41ad9b63847f0b2549cc/gnocchi.e848d4a6-58ae-4ae9-a307-f961ae3c5429 HTTP/1.0 201 - python-swiftclient-3.11.1 gAAAAABpIaQzeESC... - - - tx293ac60376624706b9d4f-006921a4e4 - 0.0309 - - 1763812580.551754236 1763812580.582683802 0
Nov 22 11:56:20 standalone container-server[127454]: 172.20.0.100 - - [22/Nov/2025:11:56:20 +0000] "HEAD /d1/892/AUTH_b003c8af711b41ad9b63847f0b2549cc/gnocchi.e848d4a6-58ae-4ae9-a307-f961ae3c5429" 204 - "HEAD http://172.18.0.2:8080/v1/AUTH_b003c8af711b41ad9b63847f0b2549cc/gnocchi.e848d4a6-58ae-4ae9-a307-f961ae3c5429?format=json&states=listing" "txf2f036fa70ea421593b73-006921a4e4" "proxy-server 20" 0.0024 "-" 22 0
Nov 22 11:56:20 standalone proxy-server[129425]: - - 22/Nov/2025/11/56/20 HEAD /v1/AUTH_b003c8af711b41ad9b63847f0b2549cc/gnocchi.e848d4a6-58ae-4ae9-a307-f961ae3c5429%3Fformat%3Djson%26states%3Dlisting HTTP/1.0 204 - Swift - - - - txf2f036fa70ea421593b73-006921a4e4 - 0.0072 RL - 1763812580.589271069 1763812580.596433401 0
Nov 22 11:56:20 standalone container-server[127434]: 172.20.0.100 - - [22/Nov/2025:11:56:20 +0000] "GET /d1/892/AUTH_b003c8af711b41ad9b63847f0b2549cc/gnocchi.e848d4a6-58ae-4ae9-a307-f961ae3c5429" 200 2 "GET http://172.18.0.2:8080/v1/AUTH_b003c8af711b41ad9b63847f0b2549cc/gnocchi.e848d4a6-58ae-4ae9-a307-f961ae3c5429?format=json&states=listing" "txf2f036fa70ea421593b73-006921a4e4" "proxy-server 20" 0.0034 "-" 20 0
Nov 22 11:56:20 standalone proxy-server[129425]: 172.18.0.2 172.18.0.100 22/Nov/2025/11/56/20 GET /v1/AUTH_b003c8af711b41ad9b63847f0b2549cc/gnocchi.e848d4a6-58ae-4ae9-a307-f961ae3c5429%3Fformat%3Djson%26states%3Dlisting HTTP/1.0 200 - python-swiftclient-3.11.1 gAAAAABpIaQzeESC... - 2 - txf2f036fa70ea421593b73-006921a4e4 - 0.0216 - - 1763812580.587719202 1763812580.609294415 0
Nov 22 11:56:20 standalone object-server[127617]: 172.20.0.100 - - [22/Nov/2025:11:56:20 +0000] "GET /d1/328/AUTH_b003c8af711b41ad9b63847f0b2549cc/gnocchi.e848d4a6-58ae-4ae9-a307-f961ae3c5429/1763640000.0_mean_300.0_v3" 404 70 "GET http://172.18.0.2:8080/v1/AUTH_b003c8af711b41ad9b63847f0b2549cc/gnocchi.e848d4a6-58ae-4ae9-a307-f961ae3c5429/1763640000.0_mean_300.0_v3" "tx93089fe31e104167a6121-006921a4e4" "proxy-server 20" 0.0005 "-" 22 0
Nov 22 11:56:20 standalone proxy-server[129425]: 172.18.0.2 172.18.0.100 22/Nov/2025/11/56/20 GET /v1/AUTH_b003c8af711b41ad9b63847f0b2549cc/gnocchi.e848d4a6-58ae-4ae9-a307-f961ae3c5429/1763640000.0_mean_300.0_v3 HTTP/1.0 404 - python-swiftclient-3.11.1 gAAAAABpIaQzeESC... - 70 - tx93089fe31e104167a6121-006921a4e4 - 0.0076 - - 1763812580.614606857 1763812580.622172117 0
Nov 22 11:56:20 standalone container-server[127454]: 172.20.0.100 - - [22/Nov/2025:11:56:20 +0000] "PUT /d1/892/AUTH_b003c8af711b41ad9b63847f0b2549cc/gnocchi.e848d4a6-58ae-4ae9-a307-f961ae3c5429/1763640000.0_mean_300.0_v3" 201 - "PUT http://172.18.0.2:8080/d1/328/AUTH_b003c8af711b41ad9b63847f0b2549cc/gnocchi.e848d4a6-58ae-4ae9-a307-f961ae3c5429/1763640000.0_mean_300.0_v3" "txa1411d306cef4a13b6a31-006921a4e4" "object-server 22" 0.0008 "-" 22 0
Nov 22 11:56:20 standalone object-server[127617]: 172.20.0.100 - - [22/Nov/2025:11:56:20 +0000] "PUT /d1/328/AUTH_b003c8af711b41ad9b63847f0b2549cc/gnocchi.e848d4a6-58ae-4ae9-a307-f961ae3c5429/1763640000.0_mean_300.0_v3" 201 - "PUT http://172.18.0.2:8080/v1/AUTH_b003c8af711b41ad9b63847f0b2549cc/gnocchi.e848d4a6-58ae-4ae9-a307-f961ae3c5429/1763640000.0_mean_300.0_v3" "txa1411d306cef4a13b6a31-006921a4e4" "proxy-server 20" 0.0126 "-" 22 0
Nov 22 11:56:20 standalone proxy-server[129425]: 172.18.0.2 172.18.0.100 22/Nov/2025/11/56/20 PUT /v1/AUTH_b003c8af711b41ad9b63847f0b2549cc/gnocchi.e848d4a6-58ae-4ae9-a307-f961ae3c5429/1763640000.0_mean_300.0_v3 HTTP/1.0 201 - python-swiftclient-3.11.1 gAAAAABpIaQzeESC... 16 - - txa1411d306cef4a13b6a31-006921a4e4 - 0.0198 - - 1763812580.626462221 1763812580.646294355 0
Nov 22 11:56:20 standalone container-server[127434]: 172.20.0.100 - - [22/Nov/2025:11:56:20 +0000] "PUT /d1/892/AUTH_b003c8af711b41ad9b63847f0b2549cc/gnocchi.e848d4a6-58ae-4ae9-a307-f961ae3c5429/none_v3" 201 - "PUT http://172.18.0.2:8080/d1/654/AUTH_b003c8af711b41ad9b63847f0b2549cc/gnocchi.e848d4a6-58ae-4ae9-a307-f961ae3c5429/none_v3" "tx94603ac7e779468a8a5d1-006921a4e4" "object-server 24" 0.0010 "-" 20 0
Nov 22 11:56:20 standalone object-server[127636]: 172.20.0.100 - - [22/Nov/2025:11:56:20 +0000] "PUT /d1/654/AUTH_b003c8af711b41ad9b63847f0b2549cc/gnocchi.e848d4a6-58ae-4ae9-a307-f961ae3c5429/none_v3" 201 - "PUT http://172.18.0.2:8080/v1/AUTH_b003c8af711b41ad9b63847f0b2549cc/gnocchi.e848d4a6-58ae-4ae9-a307-f961ae3c5429/none_v3" "tx94603ac7e779468a8a5d1-006921a4e4" "proxy-server 20" 0.0124 "-" 24 0
Nov 22 11:56:20 standalone proxy-server[129425]: 172.18.0.2 172.18.0.100 22/Nov/2025/11/56/20 PUT /v1/AUTH_b003c8af711b41ad9b63847f0b2549cc/gnocchi.e848d4a6-58ae-4ae9-a307-f961ae3c5429/none_v3 HTTP/1.0 201 - python-swiftclient-3.11.1 gAAAAABpIaQzeESC... 22 - - tx94603ac7e779468a8a5d1-006921a4e4 - 0.0208 - - 1763812580.650177002 1763812580.671025753 0
Nov 22 11:56:20 standalone container-server[127464]: 172.20.0.100 - - [22/Nov/2025:11:56:20 +0000] "HEAD /d1/901/AUTH_b003c8af711b41ad9b63847f0b2549cc/gnocchi.8490dfe8-65da-4068-9669-84dd78885f40" 404 - "HEAD http://172.18.0.2:8080/v1/AUTH_b003c8af711b41ad9b63847f0b2549cc/gnocchi.8490dfe8-65da-4068-9669-84dd78885f40?format=json&states=listing" "tx623cc6deec8b4483a560a-006921a4e4" "proxy-server 20" 0.0005 "-" 23 0
Nov 22 11:56:20 standalone object-server[127641]: 172.20.0.100 - - [22/Nov/2025:11:56:20 +0000] "GET /d1/377/AUTH_b003c8af711b41ad9b63847f0b2549cc/gnocchi.8490dfe8-65da-4068-9669-84dd78885f40/none_v3" 404 70 "GET http://172.18.0.2:8080/v1/AUTH_b003c8af711b41ad9b63847f0b2549cc/gnocchi.8490dfe8-65da-4068-9669-84dd78885f40/none_v3" "tx623cc6deec8b4483a560a-006921a4e4" "proxy-server 20" 0.0005 "-" 25 0
Nov 22 11:56:20 standalone proxy-server[129425]: 172.18.0.2 172.18.0.100 22/Nov/2025/11/56/20 GET /v1/AUTH_b003c8af711b41ad9b63847f0b2549cc/gnocchi.8490dfe8-65da-4068-9669-84dd78885f40/none_v3 HTTP/1.0 404 - python-swiftclient-3.11.1 gAAAAABpIaQzeESC... - 70 - tx623cc6deec8b4483a560a-006921a4e4 - 0.0198 - - 1763812580.684636116 1763812580.704416037 0
Nov 22 11:56:20 standalone account-server[127356]: 172.20.0.100 - - [22/Nov/2025:11:56:20 +0000] "PUT /d1/28/AUTH_b003c8af711b41ad9b63847f0b2549cc/gnocchi.8490dfe8-65da-4068-9669-84dd78885f40" 201 - "PUT http://172.20.0.100:6001/d1/901/AUTH_b003c8af711b41ad9b63847f0b2549cc/gnocchi.8490dfe8-65da-4068-9669-84dd78885f40" "tx96fb7daa1c5b47a08e2b0-006921a4e4" "container-server 19" 0.0061 "-" 16 0
Nov 22 11:56:20 standalone container-server[127423]: 172.20.0.100 - - [22/Nov/2025:11:56:20 +0000] "PUT /d1/901/AUTH_b003c8af711b41ad9b63847f0b2549cc/gnocchi.8490dfe8-65da-4068-9669-84dd78885f40" 201 - "PUT http://172.18.0.2:8080/v1/AUTH_b003c8af711b41ad9b63847f0b2549cc/gnocchi.8490dfe8-65da-4068-9669-84dd78885f40" "tx96fb7daa1c5b47a08e2b0-006921a4e4" "proxy-server 20" 0.0190 "-" 19 0
Nov 22 11:56:20 standalone proxy-server[129425]: 172.18.0.2 172.18.0.100 22/Nov/2025/11/56/20 PUT /v1/AUTH_b003c8af711b41ad9b63847f0b2549cc/gnocchi.8490dfe8-65da-4068-9669-84dd78885f40 HTTP/1.0 201 - python-swiftclient-3.11.1 gAAAAABpIaQzeESC... - - - tx96fb7daa1c5b47a08e2b0-006921a4e4 - 0.0268 - - 1763812580.708608627 1763812580.735420227 0
Nov 22 11:56:20 standalone container-server[127423]: 172.20.0.100 - - [22/Nov/2025:11:56:20 +0000] "HEAD /d1/901/AUTH_b003c8af711b41ad9b63847f0b2549cc/gnocchi.8490dfe8-65da-4068-9669-84dd78885f40" 204 - "HEAD http://172.18.0.2:8080/v1/AUTH_b003c8af711b41ad9b63847f0b2549cc/gnocchi.8490dfe8-65da-4068-9669-84dd78885f40?format=json&states=listing" "txf6f0fb2f16f842b496dcd-006921a4e4" "proxy-server 20" 0.0019 "-" 19 0
Nov 22 11:56:20 standalone proxy-server[129425]: - - 22/Nov/2025/11/56/20 HEAD /v1/AUTH_b003c8af711b41ad9b63847f0b2549cc/gnocchi.8490dfe8-65da-4068-9669-84dd78885f40%3Fformat%3Djson%26states%3Dlisting HTTP/1.0 204 - Swift - - - - txf6f0fb2f16f842b496dcd-006921a4e4 - 0.0060 RL - 1763812580.741554737 1763812580.747574568 0
Nov 22 11:56:20 standalone container-server[127434]: 172.20.0.100 - - [22/Nov/2025:11:56:20 +0000] "GET /d1/901/AUTH_b003c8af711b41ad9b63847f0b2549cc/gnocchi.8490dfe8-65da-4068-9669-84dd78885f40" 200 2 "GET http://172.18.0.2:8080/v1/AUTH_b003c8af711b41ad9b63847f0b2549cc/gnocchi.8490dfe8-65da-4068-9669-84dd78885f40?format=json&states=listing" "txf6f0fb2f16f842b496dcd-006921a4e4" "proxy-server 20" 0.0038 "-" 20 0
Nov 22 11:56:20 standalone proxy-server[129425]: 172.18.0.2 172.18.0.100 22/Nov/2025/11/56/20 GET /v1/AUTH_b003c8af711b41ad9b63847f0b2549cc/gnocchi.8490dfe8-65da-4068-9669-84dd78885f40%3Fformat%3Djson%26states%3Dlisting HTTP/1.0 200 - python-swiftclient-3.11.1 gAAAAABpIaQzeESC... - 2 - txf6f0fb2f16f842b496dcd-006921a4e4 - 0.0223 - - 1763812580.739927769 1763812580.762205362 0
Nov 22 11:56:20 standalone object-server[127628]: 172.20.0.100 - - [22/Nov/2025:11:56:20 +0000] "GET /d1/331/AUTH_b003c8af711b41ad9b63847f0b2549cc/gnocchi.8490dfe8-65da-4068-9669-84dd78885f40/1763640000.0_mean_300.0_v3" 404 70 "GET http://172.18.0.2:8080/v1/AUTH_b003c8af711b41ad9b63847f0b2549cc/gnocchi.8490dfe8-65da-4068-9669-84dd78885f40/1763640000.0_mean_300.0_v3" "tx92a8dd8ee9694f6d8affb-006921a4e4" "proxy-server 20" 0.0005 "-" 23 0
Nov 22 11:56:20 standalone proxy-server[129425]: 172.18.0.2 172.18.0.100 22/Nov/2025/11/56/20 GET /v1/AUTH_b003c8af711b41ad9b63847f0b2549cc/gnocchi.8490dfe8-65da-4068-9669-84dd78885f40/1763640000.0_mean_300.0_v3 HTTP/1.0 404 - python-swiftclient-3.11.1 gAAAAABpIaQzeESC... - 70 - tx92a8dd8ee9694f6d8affb-006921a4e4 - 0.0082 - - 1763812580.767265558 1763812580.775478840 0
Nov 22 11:56:20 standalone container-server[127454]: 172.20.0.100 - - [22/Nov/2025:11:56:20 +0000] "PUT /d1/901/AUTH_b003c8af711b41ad9b63847f0b2549cc/gnocchi.8490dfe8-65da-4068-9669-84dd78885f40/1763640000.0_mean_300.0_v3" 201 - "PUT http://172.18.0.2:8080/d1/331/AUTH_b003c8af711b41ad9b63847f0b2549cc/gnocchi.8490dfe8-65da-4068-9669-84dd78885f40/1763640000.0_mean_300.0_v3" "tx56ae832331ba4533bd346-006921a4e4" "object-server 25" 0.0010 "-" 22 0
Nov 22 11:56:20 standalone object-server[127641]: 172.20.0.100 - - [22/Nov/2025:11:56:20 +0000] "PUT /d1/331/AUTH_b003c8af711b41ad9b63847f0b2549cc/gnocchi.8490dfe8-65da-4068-9669-84dd78885f40/1763640000.0_mean_300.0_v3" 201 - "PUT http://172.18.0.2:8080/v1/AUTH_b003c8af711b41ad9b63847f0b2549cc/gnocchi.8490dfe8-65da-4068-9669-84dd78885f40/1763640000.0_mean_300.0_v3" "tx56ae832331ba4533bd346-006921a4e4" "proxy-server 20" 0.0131 "-" 25 0
Nov 22 11:56:20 standalone proxy-server[129425]: 172.18.0.2 172.18.0.100 22/Nov/2025/11/56/20 PUT /v1/AUTH_b003c8af711b41ad9b63847f0b2549cc/gnocchi.8490dfe8-65da-4068-9669-84dd78885f40/1763640000.0_mean_300.0_v3 HTTP/1.0 201 - python-swiftclient-3.11.1 gAAAAABpIaQzeESC... 16 - - tx56ae832331ba4533bd346-006921a4e4 - 0.0227 - - 1763812580.779538155 1763812580.802268982 0
Nov 22 11:56:20 standalone container-server[127464]: 172.20.0.100 - - [22/Nov/2025:11:56:20 +0000] "PUT /d1/901/AUTH_b003c8af711b41ad9b63847f0b2549cc/gnocchi.8490dfe8-65da-4068-9669-84dd78885f40/none_v3" 201 - "PUT http://172.18.0.2:8080/d1/377/AUTH_b003c8af711b41ad9b63847f0b2549cc/gnocchi.8490dfe8-65da-4068-9669-84dd78885f40/none_v3" "tx0cf661692aca4ef9bdf78-006921a4e4" "object-server 22" 0.0008 "-" 23 0
Nov 22 11:56:20 standalone object-server[127617]: 172.20.0.100 - - [22/Nov/2025:11:56:20 +0000] "PUT /d1/377/AUTH_b003c8af711b41ad9b63847f0b2549cc/gnocchi.8490dfe8-65da-4068-9669-84dd78885f40/none_v3" 201 - "PUT http://172.18.0.2:8080/v1/AUTH_b003c8af711b41ad9b63847f0b2549cc/gnocchi.8490dfe8-65da-4068-9669-84dd78885f40/none_v3" "tx0cf661692aca4ef9bdf78-006921a4e4" "proxy-server 20" 0.0113 "-" 22 0
Nov 22 11:56:20 standalone proxy-server[129425]: 172.18.0.2 172.18.0.100 22/Nov/2025/11/56/20 PUT /v1/AUTH_b003c8af711b41ad9b63847f0b2549cc/gnocchi.8490dfe8-65da-4068-9669-84dd78885f40/none_v3 HTTP/1.0 201 - python-swiftclient-3.11.1 gAAAAABpIaQzeESC... 22 - - tx0cf661692aca4ef9bdf78-006921a4e4 - 0.0203 - - 1763812580.806782007 1763812580.827087164 0
Nov 22 11:56:20 standalone container-server[127434]: 172.20.0.100 - - [22/Nov/2025:11:56:20 +0000] "HEAD /d1/808/AUTH_b003c8af711b41ad9b63847f0b2549cc/gnocchi.1e12ecc7-81eb-47fe-9b58-11960cf49d4a" 404 - "HEAD http://172.18.0.2:8080/v1/AUTH_b003c8af711b41ad9b63847f0b2549cc/gnocchi.1e12ecc7-81eb-47fe-9b58-11960cf49d4a?format=json&states=listing" "tx2e5d7301cc7c4bf391d82-006921a4e4" "proxy-server 20" 0.0006 "-" 20 0
Nov 22 11:56:20 standalone object-server[127636]: 172.20.0.100 - - [22/Nov/2025:11:56:20 +0000] "GET /d1/181/AUTH_b003c8af711b41ad9b63847f0b2549cc/gnocchi.1e12ecc7-81eb-47fe-9b58-11960cf49d4a/none_v3" 404 70 "GET http://172.18.0.2:8080/v1/AUTH_b003c8af711b41ad9b63847f0b2549cc/gnocchi.1e12ecc7-81eb-47fe-9b58-11960cf49d4a/none_v3" "tx2e5d7301cc7c4bf391d82-006921a4e4" "proxy-server 20" 0.0006 "-" 24 0
Nov 22 11:56:20 standalone proxy-server[129425]: 172.18.0.2 172.18.0.100 22/Nov/2025/11/56/20 GET /v1/AUTH_b003c8af711b41ad9b63847f0b2549cc/gnocchi.1e12ecc7-81eb-47fe-9b58-11960cf49d4a/none_v3 HTTP/1.0 404 - python-swiftclient-3.11.1 gAAAAABpIaQzeESC... - 70 - tx2e5d7301cc7c4bf391d82-006921a4e4 - 0.0145 - - 1763812580.840255022 1763812580.854710817 0
Nov 22 11:56:20 standalone account-server[127386]: 172.20.0.100 - - [22/Nov/2025:11:56:20 +0000] "PUT /d1/28/AUTH_b003c8af711b41ad9b63847f0b2549cc/gnocchi.1e12ecc7-81eb-47fe-9b58-11960cf49d4a" 201 - "PUT http://172.20.0.100:6001/d1/808/AUTH_b003c8af711b41ad9b63847f0b2549cc/gnocchi.1e12ecc7-81eb-47fe-9b58-11960cf49d4a" "tx03e32a75b5144756adfc6-006921a4e4" "container-server 23" 0.0061 "-" 17 0
Nov 22 11:56:20 standalone container-server[127464]: 172.20.0.100 - - [22/Nov/2025:11:56:20 +0000] "PUT /d1/808/AUTH_b003c8af711b41ad9b63847f0b2549cc/gnocchi.1e12ecc7-81eb-47fe-9b58-11960cf49d4a" 201 - "PUT http://172.18.0.2:8080/v1/AUTH_b003c8af711b41ad9b63847f0b2549cc/gnocchi.1e12ecc7-81eb-47fe-9b58-11960cf49d4a" "tx03e32a75b5144756adfc6-006921a4e4" "proxy-server 20" 0.0198 "-" 23 0
Nov 22 11:56:20 standalone proxy-server[129425]: 172.18.0.2 172.18.0.100 22/Nov/2025/11/56/20 PUT /v1/AUTH_b003c8af711b41ad9b63847f0b2549cc/gnocchi.1e12ecc7-81eb-47fe-9b58-11960cf49d4a HTTP/1.0 201 - python-swiftclient-3.11.1 gAAAAABpIaQzeESC... - - - tx03e32a75b5144756adfc6-006921a4e4 - 0.0261 - - 1763812580.858429670 1763812580.884533644 0
Nov 22 11:56:20 standalone container-server[127464]: 172.20.0.100 - - [22/Nov/2025:11:56:20 +0000] "HEAD /d1/808/AUTH_b003c8af711b41ad9b63847f0b2549cc/gnocchi.1e12ecc7-81eb-47fe-9b58-11960cf49d4a" 204 - "HEAD http://172.18.0.2:8080/v1/AUTH_b003c8af711b41ad9b63847f0b2549cc/gnocchi.1e12ecc7-81eb-47fe-9b58-11960cf49d4a?format=json&states=listing" "tx26ff1ddb3e1c4347bccdd-006921a4e4" "proxy-server 20" 0.0019 "-" 23 0
Nov 22 11:56:20 standalone proxy-server[129425]: - - 22/Nov/2025/11/56/20 HEAD /v1/AUTH_b003c8af711b41ad9b63847f0b2549cc/gnocchi.1e12ecc7-81eb-47fe-9b58-11960cf49d4a%3Fformat%3Djson%26states%3Dlisting HTTP/1.0 204 - Swift - - - - tx26ff1ddb3e1c4347bccdd-006921a4e4 - 0.0051 RL - 1763812580.889489889 1763812580.894592762 0
Nov 22 11:56:20 standalone container-server[127423]: 172.20.0.100 - - [22/Nov/2025:11:56:20 +0000] "GET /d1/808/AUTH_b003c8af711b41ad9b63847f0b2549cc/gnocchi.1e12ecc7-81eb-47fe-9b58-11960cf49d4a" 200 2 "GET http://172.18.0.2:8080/v1/AUTH_b003c8af711b41ad9b63847f0b2549cc/gnocchi.1e12ecc7-81eb-47fe-9b58-11960cf49d4a?format=json&states=listing" "tx26ff1ddb3e1c4347bccdd-006921a4e4" "proxy-server 20" 0.0034 "-" 19 0
Nov 22 11:56:20 standalone proxy-server[129425]: 172.18.0.2 172.18.0.100 22/Nov/2025/11/56/20 GET /v1/AUTH_b003c8af711b41ad9b63847f0b2549cc/gnocchi.1e12ecc7-81eb-47fe-9b58-11960cf49d4a%3Fformat%3Djson%26states%3Dlisting HTTP/1.0 200 - python-swiftclient-3.11.1 gAAAAABpIaQzeESC... - 2 - tx26ff1ddb3e1c4347bccdd-006921a4e4 - 0.0160 - - 1763812580.888310194 1763812580.904324770 0
Nov 22 11:56:20 standalone object-server[127641]: 172.20.0.100 - - [22/Nov/2025:11:56:20 +0000] "GET /d1/492/AUTH_b003c8af711b41ad9b63847f0b2549cc/gnocchi.1e12ecc7-81eb-47fe-9b58-11960cf49d4a/1763640000.0_mean_300.0_v3" 404 70 "GET http://172.18.0.2:8080/v1/AUTH_b003c8af711b41ad9b63847f0b2549cc/gnocchi.1e12ecc7-81eb-47fe-9b58-11960cf49d4a/1763640000.0_mean_300.0_v3" "txb018e58f18a84cf29bf02-006921a4e4" "proxy-server 20" 0.0006 "-" 25 0
Nov 22 11:56:20 standalone proxy-server[129425]: 172.18.0.2 172.18.0.100 22/Nov/2025/11/56/20 GET /v1/AUTH_b003c8af711b41ad9b63847f0b2549cc/gnocchi.1e12ecc7-81eb-47fe-9b58-11960cf49d4a/1763640000.0_mean_300.0_v3 HTTP/1.0 404 - python-swiftclient-3.11.1 gAAAAABpIaQzeESC... - 70 - txb018e58f18a84cf29bf02-006921a4e4 - 0.0063 - - 1763812580.908315659 1763812580.914589882 0
Nov 22 11:56:20 standalone container-server[127434]: 172.20.0.100 - - [22/Nov/2025:11:56:20 +0000] "PUT /d1/808/AUTH_b003c8af711b41ad9b63847f0b2549cc/gnocchi.1e12ecc7-81eb-47fe-9b58-11960cf49d4a/1763640000.0_mean_300.0_v3" 201 - "PUT http://172.18.0.2:8080/d1/492/AUTH_b003c8af711b41ad9b63847f0b2549cc/gnocchi.1e12ecc7-81eb-47fe-9b58-11960cf49d4a/1763640000.0_mean_300.0_v3" "txddf6b1c0a3984a71921b1-006921a4e4" "object-server 23" 0.0008 "-" 20 0
Nov 22 11:56:20 standalone object-server[127628]: 172.20.0.100 - - [22/Nov/2025:11:56:20 +0000] "PUT /d1/492/AUTH_b003c8af711b41ad9b63847f0b2549cc/gnocchi.1e12ecc7-81eb-47fe-9b58-11960cf49d4a/1763640000.0_mean_300.0_v3" 201 - "PUT http://172.18.0.2:8080/v1/AUTH_b003c8af711b41ad9b63847f0b2549cc/gnocchi.1e12ecc7-81eb-47fe-9b58-11960cf49d4a/1763640000.0_mean_300.0_v3" "txddf6b1c0a3984a71921b1-006921a4e4" "proxy-server 20" 0.0117 "-" 23 0
Nov 22 11:56:20 standalone proxy-server[129425]: 172.18.0.2 172.18.0.100 22/Nov/2025/11/56/20 PUT /v1/AUTH_b003c8af711b41ad9b63847f0b2549cc/gnocchi.1e12ecc7-81eb-47fe-9b58-11960cf49d4a/1763640000.0_mean_300.0_v3 HTTP/1.0 201 - python-swiftclient-3.11.1 gAAAAABpIaQzeESC... 16 - - txddf6b1c0a3984a71921b1-006921a4e4 - 0.0201 - - 1763812580.918116808 1763812580.938228130 0
Nov 22 11:56:20 standalone container-server[127464]: 172.20.0.100 - - [22/Nov/2025:11:56:20 +0000] "PUT /d1/808/AUTH_b003c8af711b41ad9b63847f0b2549cc/gnocchi.1e12ecc7-81eb-47fe-9b58-11960cf49d4a/none_v3" 201 - "PUT http://172.18.0.2:8080/d1/181/AUTH_b003c8af711b41ad9b63847f0b2549cc/gnocchi.1e12ecc7-81eb-47fe-9b58-11960cf49d4a/none_v3" "tx0393cf6b4c054597b37cd-006921a4e4" "object-server 25" 0.0009 "-" 23 0
Nov 22 11:56:20 standalone object-server[127641]: 172.20.0.100 - - [22/Nov/2025:11:56:20 +0000] "PUT /d1/181/AUTH_b003c8af711b41ad9b63847f0b2549cc/gnocchi.1e12ecc7-81eb-47fe-9b58-11960cf49d4a/none_v3" 201 - "PUT http://172.18.0.2:8080/v1/AUTH_b003c8af711b41ad9b63847f0b2549cc/gnocchi.1e12ecc7-81eb-47fe-9b58-11960cf49d4a/none_v3" "tx0393cf6b4c054597b37cd-006921a4e4" "proxy-server 20" 0.0124 "-" 25 0
Nov 22 11:56:20 standalone proxy-server[129425]: 172.18.0.2 172.18.0.100 22/Nov/2025/11/56/20 PUT /v1/AUTH_b003c8af711b41ad9b63847f0b2549cc/gnocchi.1e12ecc7-81eb-47fe-9b58-11960cf49d4a/none_v3 HTTP/1.0 201 - python-swiftclient-3.11.1 gAAAAABpIaQzeESC... 22 - - tx0393cf6b4c054597b37cd-006921a4e4 - 0.0228 - - 1763812580.941946268 1763812580.964763641 0
Nov 22 11:57:10 standalone object-server[127568]: Begin object update sweep
Nov 22 11:57:10 standalone object-server[245418]: Object update sweep starting on /srv/node/d1 (pid: 15)
Nov 22 11:57:10 standalone object-server[245418]: Object update sweep completed on /srv/node/d1 in 0.00s seconds:, 0 successes, 0 failures, 0 quarantines, 0 unlinks, 0 errors, 0 redirects (pid: 15)
