Nov 22 11:55:14 standalone proxy-server[129425]: 172.18.0.2 172.18.0.100 22/Nov/2025/11/55/14 GET /v1/AUTH_b003c8af711b41ad9b63847f0b2549cc/gnocchi.9ce6b38c-4b46-4980-be8d-125b80152424%3Fformat%3Djson%26states%3Dlisting HTTP/1.0 200 - python-swiftclient-3.11.1 gAAAAABpIaQzeESC... - 357 - tx1ad0457e85e640ee92eae-006921a4a2 - 0.0153 - - 1763812514.929256916 1763812514.944564342 0
Nov 22 11:55:14 standalone container-server[127423]: 172.20.0.100 - - [22/Nov/2025:11:55:14 +0000] "GET /d1/131/AUTH_b003c8af711b41ad9b63847f0b2549cc/gnocchi.9ce6b38c-4b46-4980-be8d-125b80152424" 200 2 "GET http://172.18.0.2:8080/v1/AUTH_b003c8af711b41ad9b63847f0b2549cc/gnocchi.9ce6b38c-4b46-4980-be8d-125b80152424?format=json&marker=none_v3&states=listing" "txe261421b78964778b44fa-006921a4a2" "proxy-server 20" 0.0018 "-" 19 0
Nov 22 11:55:14 standalone proxy-server[129425]: 172.18.0.2 172.18.0.100 22/Nov/2025/11/55/14 GET /v1/AUTH_b003c8af711b41ad9b63847f0b2549cc/gnocchi.9ce6b38c-4b46-4980-be8d-125b80152424%3Fformat%3Djson%26marker%3Dnone_v3%26states%3Dlisting HTTP/1.0 200 - python-swiftclient-3.11.1 gAAAAABpIaQzeESC... - 2 - txe261421b78964778b44fa-006921a4a2 - 0.0066 - - 1763812514.946659327 1763812514.953288555 0
Nov 22 11:55:14 standalone object-server[127617]: 172.20.0.100 - - [22/Nov/2025:11:55:14 +0000] "GET /d1/96/AUTH_b003c8af711b41ad9b63847f0b2549cc/gnocchi.9ce6b38c-4b46-4980-be8d-125b80152424/1763640000.0_mean_300.0_v3" 200 16 "GET http://172.18.0.2:8080/v1/AUTH_b003c8af711b41ad9b63847f0b2549cc/gnocchi.9ce6b38c-4b46-4980-be8d-125b80152424/1763640000.0_mean_300.0_v3" "tx9607d787c0f443598c294-006921a4a2" "proxy-server 20" 0.0006 "-" 22 0
Nov 22 11:55:14 standalone proxy-server[129425]: 172.18.0.2 172.18.0.100 22/Nov/2025/11/55/14 GET /v1/AUTH_b003c8af711b41ad9b63847f0b2549cc/gnocchi.9ce6b38c-4b46-4980-be8d-125b80152424/1763640000.0_mean_300.0_v3 HTTP/1.0 200 - python-swiftclient-3.11.1 gAAAAABpIaQzeESC... - 16 - tx9607d787c0f443598c294-006921a4a2 - 0.0063 - - 1763812514.956096172 1763812514.962351322 0
Nov 22 11:55:14 standalone container-server[127464]: 172.20.0.100 - - [22/Nov/2025:11:55:14 +0000] "PUT /d1/131/AUTH_b003c8af711b41ad9b63847f0b2549cc/gnocchi.9ce6b38c-4b46-4980-be8d-125b80152424/1763640000.0_mean_300.0_v3" 201 - "PUT http://172.18.0.2:8080/d1/96/AUTH_b003c8af711b41ad9b63847f0b2549cc/gnocchi.9ce6b38c-4b46-4980-be8d-125b80152424/1763640000.0_mean_300.0_v3" "tx4f605440b5f24fc08b655-006921a4a2" "object-server 22" 0.0005 "-" 23 0
Nov 22 11:55:14 standalone object-server[127617]: 172.20.0.100 - - [22/Nov/2025:11:55:14 +0000] "PUT /d1/96/AUTH_b003c8af711b41ad9b63847f0b2549cc/gnocchi.9ce6b38c-4b46-4980-be8d-125b80152424/1763640000.0_mean_300.0_v3" 201 - "PUT http://172.18.0.2:8080/v1/AUTH_b003c8af711b41ad9b63847f0b2549cc/gnocchi.9ce6b38c-4b46-4980-be8d-125b80152424/1763640000.0_mean_300.0_v3" "tx4f605440b5f24fc08b655-006921a4a2" "proxy-server 20" 0.0090 "-" 22 0
Nov 22 11:55:14 standalone proxy-server[129425]: 172.18.0.2 172.18.0.100 22/Nov/2025/11/55/14 PUT /v1/AUTH_b003c8af711b41ad9b63847f0b2549cc/gnocchi.9ce6b38c-4b46-4980-be8d-125b80152424/1763640000.0_mean_300.0_v3 HTTP/1.0 201 - python-swiftclient-3.11.1 gAAAAABpIaQzeESC... 16 - - tx4f605440b5f24fc08b655-006921a4a2 - 0.0123 - - 1763812514.964292765 1763812514.976613522 0
Nov 22 11:55:14 standalone container-server[127423]: 172.20.0.100 - - [22/Nov/2025:11:55:14 +0000] "PUT /d1/131/AUTH_b003c8af711b41ad9b63847f0b2549cc/gnocchi.9ce6b38c-4b46-4980-be8d-125b80152424/none_v3" 201 - "PUT http://172.18.0.2:8080/d1/798/AUTH_b003c8af711b41ad9b63847f0b2549cc/gnocchi.9ce6b38c-4b46-4980-be8d-125b80152424/none_v3" "tx97ed311136984962847bf-006921a4a2" "object-server 23" 0.0003 "-" 19 0
Nov 22 11:55:14 standalone object-server[127628]: 172.20.0.100 - - [22/Nov/2025:11:55:14 +0000] "PUT /d1/798/AUTH_b003c8af711b41ad9b63847f0b2549cc/gnocchi.9ce6b38c-4b46-4980-be8d-125b80152424/none_v3" 201 - "PUT http://172.18.0.2:8080/v1/AUTH_b003c8af711b41ad9b63847f0b2549cc/gnocchi.9ce6b38c-4b46-4980-be8d-125b80152424/none_v3" "tx97ed311136984962847bf-006921a4a2" "proxy-server 20" 0.0100 "-" 23 0
Nov 22 11:55:14 standalone proxy-server[129425]: 172.18.0.2 172.18.0.100 22/Nov/2025/11/55/14 PUT /v1/AUTH_b003c8af711b41ad9b63847f0b2549cc/gnocchi.9ce6b38c-4b46-4980-be8d-125b80152424/none_v3 HTTP/1.0 201 - python-swiftclient-3.11.1 gAAAAABpIaQzeESC... 31 - - tx97ed311136984962847bf-006921a4a2 - 0.0148 - - 1763812514.978503704 1763812514.993324041 0
Nov 22 11:55:23 standalone account-server[127329]: 172.20.0.100 - - [22/Nov/2025:11:55:23 +0000] "HEAD /d1/28/AUTH_b003c8af711b41ad9b63847f0b2549cc" 204 - "HEAD http://172.18.0.2:8080/v1/AUTH_b003c8af711b41ad9b63847f0b2549cc?format=json" "tx5d1cd1b8f49e416192cd3-006921a4ab" "proxy-server 20" 0.0069 "-" 14 -
Nov 22 11:55:23 standalone proxy-server[129425]: - - 22/Nov/2025/11/55/23 HEAD /v1/AUTH_b003c8af711b41ad9b63847f0b2549cc%3Fformat%3Djson HTTP/1.0 204 - Swift - - - - tx5d1cd1b8f49e416192cd3-006921a4ab - 0.0127 RL - 1763812523.439586401 1763812523.452242851 -
Nov 22 11:55:23 standalone object-server[127628]: 172.20.0.100 - - [22/Nov/2025:11:55:23 +0000] "GET /d1/991/AUTH_b003c8af711b41ad9b63847f0b2549cc/gnocchi.200393f0-02fe-4b1f-a477-0d2b11387779/none_v3" 200 22 "GET http://172.18.0.2:8080/v1/AUTH_b003c8af711b41ad9b63847f0b2549cc/gnocchi.200393f0-02fe-4b1f-a477-0d2b11387779/none_v3" "tx5d1cd1b8f49e416192cd3-006921a4ab" "proxy-server 20" 0.0016 "-" 23 0
Nov 22 11:55:23 standalone proxy-server[129425]: 172.18.0.2 172.18.0.100 22/Nov/2025/11/55/23 GET /v1/AUTH_b003c8af711b41ad9b63847f0b2549cc/gnocchi.200393f0-02fe-4b1f-a477-0d2b11387779/none_v3 HTTP/1.0 200 - python-swiftclient-3.11.1 gAAAAABpIaQzeESC... - 22 - tx5d1cd1b8f49e416192cd3-006921a4ab - 0.0256 - - 1763812523.438228130 1763812523.463800430 0
Nov 22 11:55:23 standalone container-server[127434]: 172.20.0.100 - - [22/Nov/2025:11:55:23 +0000] "GET /d1/854/AUTH_b003c8af711b41ad9b63847f0b2549cc/gnocchi.200393f0-02fe-4b1f-a477-0d2b11387779" 200 357 "GET http://172.18.0.2:8080/v1/AUTH_b003c8af711b41ad9b63847f0b2549cc/gnocchi.200393f0-02fe-4b1f-a477-0d2b11387779?format=json&states=listing" "tx44a6ef3d95e642299b52b-006921a4ab" "proxy-server 20" 0.0098 "-" 20 0
Nov 22 11:55:23 standalone proxy-server[129425]: 172.18.0.2 172.18.0.100 22/Nov/2025/11/55/23 GET /v1/AUTH_b003c8af711b41ad9b63847f0b2549cc/gnocchi.200393f0-02fe-4b1f-a477-0d2b11387779%3Fformat%3Djson%26states%3Dlisting HTTP/1.0 200 - python-swiftclient-3.11.1 gAAAAABpIaQzeESC... - 357 - tx44a6ef3d95e642299b52b-006921a4ab - 0.0399 - - 1763812523.469923735 1763812523.509793758 0
Nov 22 11:55:23 standalone container-server[127423]: 172.20.0.100 - - [22/Nov/2025:11:55:23 +0000] "GET /d1/854/AUTH_b003c8af711b41ad9b63847f0b2549cc/gnocchi.200393f0-02fe-4b1f-a477-0d2b11387779" 200 2 "GET http://172.18.0.2:8080/v1/AUTH_b003c8af711b41ad9b63847f0b2549cc/gnocchi.200393f0-02fe-4b1f-a477-0d2b11387779?format=json&marker=none_v3&states=listing" "tx51e59f2537ff4382a10af-006921a4ab" "proxy-server 20" 0.0044 "-" 19 0
Nov 22 11:55:23 standalone proxy-server[129425]: 172.18.0.2 172.18.0.100 22/Nov/2025/11/55/23 GET /v1/AUTH_b003c8af711b41ad9b63847f0b2549cc/gnocchi.200393f0-02fe-4b1f-a477-0d2b11387779%3Fformat%3Djson%26marker%3Dnone_v3%26states%3Dlisting HTTP/1.0 200 - python-swiftclient-3.11.1 gAAAAABpIaQzeESC... - 2 - tx51e59f2537ff4382a10af-006921a4ab - 0.0168 - - 1763812523.514654398 1763812523.531464338 0
Nov 22 11:55:23 standalone object-server[127641]: 172.20.0.100 - - [22/Nov/2025:11:55:23 +0000] "GET /d1/36/AUTH_b003c8af711b41ad9b63847f0b2549cc/gnocchi.200393f0-02fe-4b1f-a477-0d2b11387779/1763640000.0_mean_300.0_v3" 200 23 "GET http://172.18.0.2:8080/v1/AUTH_b003c8af711b41ad9b63847f0b2549cc/gnocchi.200393f0-02fe-4b1f-a477-0d2b11387779/1763640000.0_mean_300.0_v3" "tx758bcc70ea7148c689b8d-006921a4ab" "proxy-server 20" 0.0011 "-" 25 0
Nov 22 11:55:23 standalone proxy-server[129425]: 172.18.0.2 172.18.0.100 22/Nov/2025/11/55/23 GET /v1/AUTH_b003c8af711b41ad9b63847f0b2549cc/gnocchi.200393f0-02fe-4b1f-a477-0d2b11387779/1763640000.0_mean_300.0_v3 HTTP/1.0 200 - python-swiftclient-3.11.1 gAAAAABpIaQzeESC... - 23 - tx758bcc70ea7148c689b8d-006921a4ab - 0.0105 - - 1763812523.537098169 1763812523.547585487 0
Nov 22 11:55:23 standalone container-server[127434]: 172.20.0.100 - - [22/Nov/2025:11:55:23 +0000] "PUT /d1/854/AUTH_b003c8af711b41ad9b63847f0b2549cc/gnocchi.200393f0-02fe-4b1f-a477-0d2b11387779/1763640000.0_mean_300.0_v3" 201 - "PUT http://172.18.0.2:8080/d1/36/AUTH_b003c8af711b41ad9b63847f0b2549cc/gnocchi.200393f0-02fe-4b1f-a477-0d2b11387779/1763640000.0_mean_300.0_v3" "tx822480a27b0f4f8db4187-006921a4ab" "object-server 24" 0.0010 "-" 20 0
Nov 22 11:55:23 standalone object-server[127636]: 172.20.0.100 - - [22/Nov/2025:11:55:23 +0000] "PUT /d1/36/AUTH_b003c8af711b41ad9b63847f0b2549cc/gnocchi.200393f0-02fe-4b1f-a477-0d2b11387779/1763640000.0_mean_300.0_v3" 201 - "PUT http://172.18.0.2:8080/v1/AUTH_b003c8af711b41ad9b63847f0b2549cc/gnocchi.200393f0-02fe-4b1f-a477-0d2b11387779/1763640000.0_mean_300.0_v3" "tx822480a27b0f4f8db4187-006921a4ab" "proxy-server 20" 0.0187 "-" 24 0
Nov 22 11:55:23 standalone proxy-server[129425]: 172.18.0.2 172.18.0.100 22/Nov/2025/11/55/23 PUT /v1/AUTH_b003c8af711b41ad9b63847f0b2549cc/gnocchi.200393f0-02fe-4b1f-a477-0d2b11387779/1763640000.0_mean_300.0_v3 HTTP/1.0 201 - python-swiftclient-3.11.1 gAAAAABpIaQzeESC... 23 - - tx822480a27b0f4f8db4187-006921a4ab - 0.0275 - - 1763812523.552660227 1763812523.580141068 0
Nov 22 11:55:23 standalone container-server[127454]: 172.20.0.100 - - [22/Nov/2025:11:55:23 +0000] "PUT /d1/854/AUTH_b003c8af711b41ad9b63847f0b2549cc/gnocchi.200393f0-02fe-4b1f-a477-0d2b11387779/none_v3" 201 - "PUT http://172.18.0.2:8080/d1/991/AUTH_b003c8af711b41ad9b63847f0b2549cc/gnocchi.200393f0-02fe-4b1f-a477-0d2b11387779/none_v3" "tx1569fce9145746c68596d-006921a4ab" "object-server 23" 0.0006 "-" 22 0
Nov 22 11:55:23 standalone object-server[127628]: 172.20.0.100 - - [22/Nov/2025:11:55:23 +0000] "PUT /d1/991/AUTH_b003c8af711b41ad9b63847f0b2549cc/gnocchi.200393f0-02fe-4b1f-a477-0d2b11387779/none_v3" 201 - "PUT http://172.18.0.2:8080/v1/AUTH_b003c8af711b41ad9b63847f0b2549cc/gnocchi.200393f0-02fe-4b1f-a477-0d2b11387779/none_v3" "tx1569fce9145746c68596d-006921a4ab" "proxy-server 20" 0.0117 "-" 23 0
Nov 22 11:55:23 standalone proxy-server[129425]: 172.18.0.2 172.18.0.100 22/Nov/2025/11/55/23 PUT /v1/AUTH_b003c8af711b41ad9b63847f0b2549cc/gnocchi.200393f0-02fe-4b1f-a477-0d2b11387779/none_v3 HTTP/1.0 201 - python-swiftclient-3.11.1 gAAAAABpIaQzeESC... 32 - - tx1569fce9145746c68596d-006921a4ab - 0.0206 - - 1763812523.585010290 1763812523.605639696 0
Nov 22 11:55:24 standalone object-server[127636]: 172.20.0.100 - - [22/Nov/2025:11:55:24 +0000] "GET /d1/991/AUTH_b003c8af711b41ad9b63847f0b2549cc/gnocchi.200393f0-02fe-4b1f-a477-0d2b11387779/none_v3" 200 32 "GET http://172.18.0.2:8080/v1/AUTH_b003c8af711b41ad9b63847f0b2549cc/gnocchi.200393f0-02fe-4b1f-a477-0d2b11387779/none_v3" "tx601cfc5315cd432abeefd-006921a4ac" "proxy-server 20" 0.0015 "-" 24 0
Nov 22 11:55:24 standalone proxy-server[129425]: 172.18.0.2 172.18.0.100 22/Nov/2025/11/55/24 GET /v1/AUTH_b003c8af711b41ad9b63847f0b2549cc/gnocchi.200393f0-02fe-4b1f-a477-0d2b11387779/none_v3 HTTP/1.0 200 - python-swiftclient-3.11.1 gAAAAABpIaQzeESC... - 32 - tx601cfc5315cd432abeefd-006921a4ac - 0.0085 - - 1763812524.471297741 1763812524.479817390 0
Nov 22 11:55:24 standalone container-server[127464]: 172.20.0.100 - - [22/Nov/2025:11:55:24 +0000] "GET /d1/854/AUTH_b003c8af711b41ad9b63847f0b2549cc/gnocchi.200393f0-02fe-4b1f-a477-0d2b11387779" 200 357 "GET http://172.18.0.2:8080/v1/AUTH_b003c8af711b41ad9b63847f0b2549cc/gnocchi.200393f0-02fe-4b1f-a477-0d2b11387779?format=json&states=listing" "tx6bd12939b6a246cb80a90-006921a4ac" "proxy-server 20" 0.0115 "-" 23 0
Nov 22 11:55:24 standalone proxy-server[129425]: 172.18.0.2 172.18.0.100 22/Nov/2025/11/55/24 GET /v1/AUTH_b003c8af711b41ad9b63847f0b2549cc/gnocchi.200393f0-02fe-4b1f-a477-0d2b11387779%3Fformat%3Djson%26states%3Dlisting HTTP/1.0 200 - python-swiftclient-3.11.1 gAAAAABpIaQzeESC... - 357 - tx6bd12939b6a246cb80a90-006921a4ac - 0.0181 - - 1763812524.482849360 1763812524.500962257 0
Nov 22 11:55:24 standalone container-server[127434]: 172.20.0.100 - - [22/Nov/2025:11:55:24 +0000] "GET /d1/854/AUTH_b003c8af711b41ad9b63847f0b2549cc/gnocchi.200393f0-02fe-4b1f-a477-0d2b11387779" 200 2 "GET http://172.18.0.2:8080/v1/AUTH_b003c8af711b41ad9b63847f0b2549cc/gnocchi.200393f0-02fe-4b1f-a477-0d2b11387779?format=json&marker=none_v3&states=listing" "txd6a9005f0af947819c3af-006921a4ac" "proxy-server 20" 0.0041 "-" 20 0
Nov 22 11:55:24 standalone proxy-server[129425]: 172.18.0.2 172.18.0.100 22/Nov/2025/11/55/24 GET /v1/AUTH_b003c8af711b41ad9b63847f0b2549cc/gnocchi.200393f0-02fe-4b1f-a477-0d2b11387779%3Fformat%3Djson%26marker%3Dnone_v3%26states%3Dlisting HTTP/1.0 200 - python-swiftclient-3.11.1 gAAAAABpIaQzeESC... - 2 - txd6a9005f0af947819c3af-006921a4ac - 0.0093 - - 1763812524.503201008 1763812524.512498617 0
Nov 22 11:55:24 standalone object-server[127617]: 172.20.0.100 - - [22/Nov/2025:11:55:24 +0000] "GET /d1/36/AUTH_b003c8af711b41ad9b63847f0b2549cc/gnocchi.200393f0-02fe-4b1f-a477-0d2b11387779/1763640000.0_mean_300.0_v3" 200 23 "GET http://172.18.0.2:8080/v1/AUTH_b003c8af711b41ad9b63847f0b2549cc/gnocchi.200393f0-02fe-4b1f-a477-0d2b11387779/1763640000.0_mean_300.0_v3" "txc899e06123504e7b87c73-006921a4ac" "proxy-server 20" 0.0011 "-" 22 0
Nov 22 11:55:24 standalone proxy-server[129425]: 172.18.0.2 172.18.0.100 22/Nov/2025/11/55/24 GET /v1/AUTH_b003c8af711b41ad9b63847f0b2549cc/gnocchi.200393f0-02fe-4b1f-a477-0d2b11387779/1763640000.0_mean_300.0_v3 HTTP/1.0 200 - python-swiftclient-3.11.1 gAAAAABpIaQzeESC... - 23 - txc899e06123504e7b87c73-006921a4ac - 0.0065 - - 1763812524.514871836 1763812524.521420956 0
Nov 22 11:55:24 standalone container-server[127464]: 172.20.0.100 - - [22/Nov/2025:11:55:24 +0000] "PUT /d1/854/AUTH_b003c8af711b41ad9b63847f0b2549cc/gnocchi.200393f0-02fe-4b1f-a477-0d2b11387779/1763640000.0_mean_300.0_v3" 201 - "PUT http://172.18.0.2:8080/d1/36/AUTH_b003c8af711b41ad9b63847f0b2549cc/gnocchi.200393f0-02fe-4b1f-a477-0d2b11387779/1763640000.0_mean_300.0_v3" "txb058771c55764895a3ae5-006921a4ac" "object-server 23" 0.0009 "-" 23 0
Nov 22 11:55:24 standalone object-server[127628]: 172.20.0.100 - - [22/Nov/2025:11:55:24 +0000] "PUT /d1/36/AUTH_b003c8af711b41ad9b63847f0b2549cc/gnocchi.200393f0-02fe-4b1f-a477-0d2b11387779/1763640000.0_mean_300.0_v3" 201 - "PUT http://172.18.0.2:8080/v1/AUTH_b003c8af711b41ad9b63847f0b2549cc/gnocchi.200393f0-02fe-4b1f-a477-0d2b11387779/1763640000.0_mean_300.0_v3" "txb058771c55764895a3ae5-006921a4ac" "proxy-server 20" 0.0131 "-" 23 0
Nov 22 11:55:24 standalone proxy-server[129425]: 172.18.0.2 172.18.0.100 22/Nov/2025/11/55/24 PUT /v1/AUTH_b003c8af711b41ad9b63847f0b2549cc/gnocchi.200393f0-02fe-4b1f-a477-0d2b11387779/1763640000.0_mean_300.0_v3 HTTP/1.0 201 - python-swiftclient-3.11.1 gAAAAABpIaQzeESC... 23 - - txb058771c55764895a3ae5-006921a4ac - 0.0176 - - 1763812524.523465633 1763812524.541030645 0
Nov 22 11:55:24 standalone container-server[127434]: 172.20.0.100 - - [22/Nov/2025:11:55:24 +0000] "PUT /d1/854/AUTH_b003c8af711b41ad9b63847f0b2549cc/gnocchi.200393f0-02fe-4b1f-a477-0d2b11387779/none_v3" 201 - "PUT http://172.18.0.2:8080/d1/991/AUTH_b003c8af711b41ad9b63847f0b2549cc/gnocchi.200393f0-02fe-4b1f-a477-0d2b11387779/none_v3" "txd37bd684d32146e299bbb-006921a4ac" "object-server 23" 0.0008 "-" 20 0
Nov 22 11:55:24 standalone object-server[127628]: 172.20.0.100 - - [22/Nov/2025:11:55:24 +0000] "PUT /d1/991/AUTH_b003c8af711b41ad9b63847f0b2549cc/gnocchi.200393f0-02fe-4b1f-a477-0d2b11387779/none_v3" 201 - "PUT http://172.18.0.2:8080/v1/AUTH_b003c8af711b41ad9b63847f0b2549cc/gnocchi.200393f0-02fe-4b1f-a477-0d2b11387779/none_v3" "txd37bd684d32146e299bbb-006921a4ac" "proxy-server 20" 0.0118 "-" 23 0
Nov 22 11:55:24 standalone proxy-server[129425]: 172.18.0.2 172.18.0.100 22/Nov/2025/11/55/24 PUT /v1/AUTH_b003c8af711b41ad9b63847f0b2549cc/gnocchi.200393f0-02fe-4b1f-a477-0d2b11387779/none_v3 HTTP/1.0 201 - python-swiftclient-3.11.1 gAAAAABpIaQzeESC... 45 - - txd37bd684d32146e299bbb-006921a4ac - 0.0164 - - 1763812524.543180704 1763812524.559602976 0
Nov 22 11:55:24 standalone object-server[127636]: 172.20.0.100 - - [22/Nov/2025:11:55:24 +0000] "GET /d1/219/AUTH_b003c8af711b41ad9b63847f0b2549cc/gnocchi.5359c362-6b41-4ba4-9d02-e698ad9d440f/none_v3" 200 22 "GET http://172.18.0.2:8080/v1/AUTH_b003c8af711b41ad9b63847f0b2549cc/gnocchi.5359c362-6b41-4ba4-9d02-e698ad9d440f/none_v3" "txa43bfecf2c4244b8a00f7-006921a4ac" "proxy-server 20" 0.0010 "-" 24 0
Nov 22 11:55:24 standalone proxy-server[129425]: 172.18.0.2 172.18.0.100 22/Nov/2025/11/55/24 GET /v1/AUTH_b003c8af711b41ad9b63847f0b2549cc/gnocchi.5359c362-6b41-4ba4-9d02-e698ad9d440f/none_v3 HTTP/1.0 200 - python-swiftclient-3.11.1 gAAAAABpIaQzeESC... - 22 - txa43bfecf2c4244b8a00f7-006921a4ac - 0.0066 - - 1763812524.569641113 1763812524.576215267 0
Nov 22 11:55:24 standalone object-server[127641]: 172.20.0.100 - - [22/Nov/2025:11:55:24 +0000] "GET /d1/551/AUTH_b003c8af711b41ad9b63847f0b2549cc/gnocchi.e23dbc42-069e-4312-99cd-f1b2fa5cd80f/none_v3" 200 22 "GET http://172.18.0.2:8080/v1/AUTH_b003c8af711b41ad9b63847f0b2549cc/gnocchi.e23dbc42-069e-4312-99cd-f1b2fa5cd80f/none_v3" "txa9681066b4ec4a1dbb6b3-006921a4ac" "proxy-server 20" 0.0009 "-" 25 0
Nov 22 11:55:24 standalone proxy-server[129425]: 172.18.0.2 172.18.0.100 22/Nov/2025/11/55/24 GET /v1/AUTH_b003c8af711b41ad9b63847f0b2549cc/gnocchi.e23dbc42-069e-4312-99cd-f1b2fa5cd80f/none_v3 HTTP/1.0 200 - python-swiftclient-3.11.1 gAAAAABpIaQzeESC... - 22 - txa9681066b4ec4a1dbb6b3-006921a4ac - 0.0065 - - 1763812524.578109026 1763812524.584626675 0
Nov 22 11:55:24 standalone container-server[127434]: 172.20.0.100 - - [22/Nov/2025:11:55:24 +0000] "GET /d1/881/AUTH_b003c8af711b41ad9b63847f0b2549cc/gnocchi.5359c362-6b41-4ba4-9d02-e698ad9d440f" 200 357 "GET http://172.18.0.2:8080/v1/AUTH_b003c8af711b41ad9b63847f0b2549cc/gnocchi.5359c362-6b41-4ba4-9d02-e698ad9d440f?format=json&states=listing" "tx0676b33a47e8497eba759-006921a4ac" "proxy-server 20" 0.0095 "-" 20 0
Nov 22 11:55:24 standalone proxy-server[129425]: 172.18.0.2 172.18.0.100 22/Nov/2025/11/55/24 GET /v1/AUTH_b003c8af711b41ad9b63847f0b2549cc/gnocchi.5359c362-6b41-4ba4-9d02-e698ad9d440f%3Fformat%3Djson%26states%3Dlisting HTTP/1.0 200 - python-swiftclient-3.11.1 gAAAAABpIaQzeESC... - 357 - tx0676b33a47e8497eba759-006921a4ac - 0.0156 - - 1763812524.586789370 1763812524.602392435 0
Nov 22 11:55:24 standalone container-server[127434]: 172.20.0.100 - - [22/Nov/2025:11:55:24 +0000] "GET /d1/881/AUTH_b003c8af711b41ad9b63847f0b2549cc/gnocchi.5359c362-6b41-4ba4-9d02-e698ad9d440f" 200 2 "GET http://172.18.0.2:8080/v1/AUTH_b003c8af711b41ad9b63847f0b2549cc/gnocchi.5359c362-6b41-4ba4-9d02-e698ad9d440f?format=json&marker=none_v3&states=listing" "tx2b6504f4ce374c26872b8-006921a4ac" "proxy-server 20" 0.0039 "-" 20 0
Nov 22 11:55:24 standalone proxy-server[129425]: 172.18.0.2 172.18.0.100 22/Nov/2025/11/55/24 GET /v1/AUTH_b003c8af711b41ad9b63847f0b2549cc/gnocchi.5359c362-6b41-4ba4-9d02-e698ad9d440f%3Fformat%3Djson%26marker%3Dnone_v3%26states%3Dlisting HTTP/1.0 200 - python-swiftclient-3.11.1 gAAAAABpIaQzeESC... - 2 - tx2b6504f4ce374c26872b8-006921a4ac - 0.0112 - - 1763812524.604564428 1763812524.615749359 0
Nov 22 11:55:24 standalone container-server[127464]: 172.20.0.100 - - [22/Nov/2025:11:55:24 +0000] "GET /d1/245/AUTH_b003c8af711b41ad9b63847f0b2549cc/gnocchi.e23dbc42-069e-4312-99cd-f1b2fa5cd80f" 200 357 "GET http://172.18.0.2:8080/v1/AUTH_b003c8af711b41ad9b63847f0b2549cc/gnocchi.e23dbc42-069e-4312-99cd-f1b2fa5cd80f?format=json&states=listing" "tx10bfc1ae28404867b7125-006921a4ac" "proxy-server 20" 0.0090 "-" 23 0
Nov 22 11:55:24 standalone proxy-server[129425]: 172.18.0.2 172.18.0.100 22/Nov/2025/11/55/24 GET /v1/AUTH_b003c8af711b41ad9b63847f0b2549cc/gnocchi.e23dbc42-069e-4312-99cd-f1b2fa5cd80f%3Fformat%3Djson%26states%3Dlisting HTTP/1.0 200 - python-swiftclient-3.11.1 gAAAAABpIaQzeESC... - 357 - tx10bfc1ae28404867b7125-006921a4ac - 0.0199 - - 1763812524.619661093 1763812524.639598370 0
Nov 22 11:55:24 standalone container-server[127434]: 172.20.0.100 - - [22/Nov/2025:11:55:24 +0000] "GET /d1/245/AUTH_b003c8af711b41ad9b63847f0b2549cc/gnocchi.e23dbc42-069e-4312-99cd-f1b2fa5cd80f" 200 2 "GET http://172.18.0.2:8080/v1/AUTH_b003c8af711b41ad9b63847f0b2549cc/gnocchi.e23dbc42-069e-4312-99cd-f1b2fa5cd80f?format=json&marker=none_v3&states=listing" "tx791a22bf4e574cc4b5b96-006921a4ac" "proxy-server 20" 0.0039 "-" 20 0
Nov 22 11:55:24 standalone proxy-server[129425]: 172.18.0.2 172.18.0.100 22/Nov/2025/11/55/24 GET /v1/AUTH_b003c8af711b41ad9b63847f0b2549cc/gnocchi.e23dbc42-069e-4312-99cd-f1b2fa5cd80f%3Fformat%3Djson%26marker%3Dnone_v3%26states%3Dlisting HTTP/1.0 200 - python-swiftclient-3.11.1 gAAAAABpIaQzeESC... - 2 - tx791a22bf4e574cc4b5b96-006921a4ac - 0.0140 - - 1763812524.643557787 1763812524.657551527 0
Nov 22 11:55:24 standalone object-server[127617]: 172.20.0.100 - - [22/Nov/2025:11:55:24 +0000] "GET /d1/215/AUTH_b003c8af711b41ad9b63847f0b2549cc/gnocchi.5359c362-6b41-4ba4-9d02-e698ad9d440f/1763640000.0_mean_300.0_v3" 200 16 "GET http://172.18.0.2:8080/v1/AUTH_b003c8af711b41ad9b63847f0b2549cc/gnocchi.5359c362-6b41-4ba4-9d02-e698ad9d440f/1763640000.0_mean_300.0_v3" "tx34648203b37945aba8ee7-006921a4ac" "proxy-server 20" 0.0011 "-" 22 0
Nov 22 11:55:24 standalone proxy-server[129425]: 172.18.0.2 172.18.0.100 22/Nov/2025/11/55/24 GET /v1/AUTH_b003c8af711b41ad9b63847f0b2549cc/gnocchi.5359c362-6b41-4ba4-9d02-e698ad9d440f/1763640000.0_mean_300.0_v3 HTTP/1.0 200 - python-swiftclient-3.11.1 gAAAAABpIaQzeESC... - 16 - tx34648203b37945aba8ee7-006921a4ac - 0.0103 - - 1763812524.664463282 1763812524.674750566 0
Nov 22 11:55:24 standalone object-server[127641]: 172.20.0.100 - - [22/Nov/2025:11:55:24 +0000] "GET /d1/804/AUTH_b003c8af711b41ad9b63847f0b2549cc/gnocchi.e23dbc42-069e-4312-99cd-f1b2fa5cd80f/1763640000.0_mean_300.0_v3" 200 16 "GET http://172.18.0.2:8080/v1/AUTH_b003c8af711b41ad9b63847f0b2549cc/gnocchi.e23dbc42-069e-4312-99cd-f1b2fa5cd80f/1763640000.0_mean_300.0_v3" "tx0ac9dbfd405a4e68b8d96-006921a4ac" "proxy-server 20" 0.0012 "-" 25 0
Nov 22 11:55:24 standalone proxy-server[129425]: 172.18.0.2 172.18.0.100 22/Nov/2025/11/55/24 GET /v1/AUTH_b003c8af711b41ad9b63847f0b2549cc/gnocchi.e23dbc42-069e-4312-99cd-f1b2fa5cd80f/1763640000.0_mean_300.0_v3 HTTP/1.0 200 - python-swiftclient-3.11.1 gAAAAABpIaQzeESC... - 16 - tx0ac9dbfd405a4e68b8d96-006921a4ac - 0.0102 - - 1763812524.678913832 1763812524.689084530 0
Nov 22 11:55:24 standalone container-server[127464]: 172.20.0.100 - - [22/Nov/2025:11:55:24 +0000] "PUT /d1/881/AUTH_b003c8af711b41ad9b63847f0b2549cc/gnocchi.5359c362-6b41-4ba4-9d02-e698ad9d440f/1763640000.0_mean_300.0_v3" 201 - "PUT http://172.18.0.2:8080/d1/215/AUTH_b003c8af711b41ad9b63847f0b2549cc/gnocchi.5359c362-6b41-4ba4-9d02-e698ad9d440f/1763640000.0_mean_300.0_v3" "txd0c55cb6e646474096b53-006921a4ac" "object-server 25" 0.0007 "-" 23 0
Nov 22 11:55:24 standalone object-server[127641]: 172.20.0.100 - - [22/Nov/2025:11:55:24 +0000] "PUT /d1/215/AUTH_b003c8af711b41ad9b63847f0b2549cc/gnocchi.5359c362-6b41-4ba4-9d02-e698ad9d440f/1763640000.0_mean_300.0_v3" 201 - "PUT http://172.18.0.2:8080/v1/AUTH_b003c8af711b41ad9b63847f0b2549cc/gnocchi.5359c362-6b41-4ba4-9d02-e698ad9d440f/1763640000.0_mean_300.0_v3" "txd0c55cb6e646474096b53-006921a4ac" "proxy-server 20" 0.0138 "-" 25 0
Nov 22 11:55:24 standalone proxy-server[129425]: 172.18.0.2 172.18.0.100 22/Nov/2025/11/55/24 PUT /v1/AUTH_b003c8af711b41ad9b63847f0b2549cc/gnocchi.5359c362-6b41-4ba4-9d02-e698ad9d440f/1763640000.0_mean_300.0_v3 HTTP/1.0 201 - python-swiftclient-3.11.1 gAAAAABpIaQzeESC... 23 - - txd0c55cb6e646474096b53-006921a4ac - 0.0221 - - 1763812524.693832636 1763812524.715901375 0
Nov 22 11:55:24 standalone container-server[127464]: 172.20.0.100 - - [22/Nov/2025:11:55:24 +0000] "PUT /d1/245/AUTH_b003c8af711b41ad9b63847f0b2549cc/gnocchi.e23dbc42-069e-4312-99cd-f1b2fa5cd80f/1763640000.0_mean_300.0_v3" 201 - "PUT http://172.18.0.2:8080/d1/804/AUTH_b003c8af711b41ad9b63847f0b2549cc/gnocchi.e23dbc42-069e-4312-99cd-f1b2fa5cd80f/1763640000.0_mean_300.0_v3" "tx65fbdd6b2cda4d3b8bef3-006921a4ac" "object-server 22" 0.0004 "-" 23 0
Nov 22 11:55:24 standalone object-server[127617]: 172.20.0.100 - - [22/Nov/2025:11:55:24 +0000] "PUT /d1/804/AUTH_b003c8af711b41ad9b63847f0b2549cc/gnocchi.e23dbc42-069e-4312-99cd-f1b2fa5cd80f/1763640000.0_mean_300.0_v3" 201 - "PUT http://172.18.0.2:8080/v1/AUTH_b003c8af711b41ad9b63847f0b2549cc/gnocchi.e23dbc42-069e-4312-99cd-f1b2fa5cd80f/1763640000.0_mean_300.0_v3" "tx65fbdd6b2cda4d3b8bef3-006921a4ac" "proxy-server 20" 0.0118 "-" 22 0
Nov 22 11:55:24 standalone proxy-server[129425]: 172.18.0.2 172.18.0.100 22/Nov/2025/11/55/24 PUT /v1/AUTH_b003c8af711b41ad9b63847f0b2549cc/gnocchi.e23dbc42-069e-4312-99cd-f1b2fa5cd80f/1763640000.0_mean_300.0_v3 HTTP/1.0 201 - python-swiftclient-3.11.1 gAAAAABpIaQzeESC... 23 - - tx65fbdd6b2cda4d3b8bef3-006921a4ac - 0.0210 - - 1763812524.724492311 1763812524.745531797 0
Nov 22 11:55:24 standalone container-server[127464]: 172.20.0.100 - - [22/Nov/2025:11:55:24 +0000] "PUT /d1/881/AUTH_b003c8af711b41ad9b63847f0b2549cc/gnocchi.5359c362-6b41-4ba4-9d02-e698ad9d440f/none_v3" 201 - "PUT http://172.18.0.2:8080/d1/219/AUTH_b003c8af711b41ad9b63847f0b2549cc/gnocchi.5359c362-6b41-4ba4-9d02-e698ad9d440f/none_v3" "tx25bb27d923d448748d04c-006921a4ac" "object-server 23" 0.0004 "-" 23 0
Nov 22 11:55:24 standalone object-server[127628]: 172.20.0.100 - - [22/Nov/2025:11:55:24 +0000] "PUT /d1/219/AUTH_b003c8af711b41ad9b63847f0b2549cc/gnocchi.5359c362-6b41-4ba4-9d02-e698ad9d440f/none_v3" 201 - "PUT http://172.18.0.2:8080/v1/AUTH_b003c8af711b41ad9b63847f0b2549cc/gnocchi.5359c362-6b41-4ba4-9d02-e698ad9d440f/none_v3" "tx25bb27d923d448748d04c-006921a4ac" "proxy-server 20" 0.0090 "-" 23 0
Nov 22 11:55:24 standalone proxy-server[129425]: 172.18.0.2 172.18.0.100 22/Nov/2025/11/55/24 PUT /v1/AUTH_b003c8af711b41ad9b63847f0b2549cc/gnocchi.5359c362-6b41-4ba4-9d02-e698ad9d440f/none_v3 HTTP/1.0 201 - python-swiftclient-3.11.1 gAAAAABpIaQzeESC... 22 - - tx25bb27d923d448748d04c-006921a4ac - 0.0164 - - 1763812524.749710083 1763812524.766131163 0
Nov 22 11:55:24 standalone container-server[127434]: 172.20.0.100 - - [22/Nov/2025:11:55:24 +0000] "PUT /d1/245/AUTH_b003c8af711b41ad9b63847f0b2549cc/gnocchi.e23dbc42-069e-4312-99cd-f1b2fa5cd80f/none_v3" 201 - "PUT http://172.18.0.2:8080/d1/551/AUTH_b003c8af711b41ad9b63847f0b2549cc/gnocchi.e23dbc42-069e-4312-99cd-f1b2fa5cd80f/none_v3" "tx1adfaec93b284dbcb79b0-006921a4ac" "object-server 25" 0.0008 "-" 20 0
Nov 22 11:55:24 standalone object-server[127641]: 172.20.0.100 - - [22/Nov/2025:11:55:24 +0000] "PUT /d1/551/AUTH_b003c8af711b41ad9b63847f0b2549cc/gnocchi.e23dbc42-069e-4312-99cd-f1b2fa5cd80f/none_v3" 201 - "PUT http://172.18.0.2:8080/v1/AUTH_b003c8af711b41ad9b63847f0b2549cc/gnocchi.e23dbc42-069e-4312-99cd-f1b2fa5cd80f/none_v3" "tx1adfaec93b284dbcb79b0-006921a4ac" "proxy-server 20" 0.0126 "-" 25 0
Nov 22 11:55:24 standalone proxy-server[129425]: 172.18.0.2 172.18.0.100 22/Nov/2025/11/55/24 PUT /v1/AUTH_b003c8af711b41ad9b63847f0b2549cc/gnocchi.e23dbc42-069e-4312-99cd-f1b2fa5cd80f/none_v3 HTTP/1.0 201 - python-swiftclient-3.11.1 gAAAAABpIaQzeESC... 22 - - tx1adfaec93b284dbcb79b0-006921a4ac - 0.0224 - - 1763812524.769729614 1763812524.792131424 0
Nov 22 11:55:24 standalone object-server[127636]: 172.20.0.100 - - [22/Nov/2025:11:55:24 +0000] "GET /d1/487/AUTH_b003c8af711b41ad9b63847f0b2549cc/gnocchi.61bc8fc9-c88c-404a-95ec-f04af0195258/none_v3" 200 22 "GET http://172.18.0.2:8080/v1/AUTH_b003c8af711b41ad9b63847f0b2549cc/gnocchi.61bc8fc9-c88c-404a-95ec-f04af0195258/none_v3" "tx3c0c0d57631c49a3acf11-006921a4ac" "proxy-server 20" 0.0012 "-" 24 0
Nov 22 11:55:24 standalone proxy-server[129425]: 172.18.0.2 172.18.0.100 22/Nov/2025/11/55/24 GET /v1/AUTH_b003c8af711b41ad9b63847f0b2549cc/gnocchi.61bc8fc9-c88c-404a-95ec-f04af0195258/none_v3 HTTP/1.0 200 - python-swiftclient-3.11.1 gAAAAABpIaQzeESC... - 22 - tx3c0c0d57631c49a3acf11-006921a4ac - 0.0102 - - 1763812524.805907726 1763812524.816148520 0
Nov 22 11:55:24 standalone container-server[127434]: 172.20.0.100 - - [22/Nov/2025:11:55:24 +0000] "GET /d1/739/AUTH_b003c8af711b41ad9b63847f0b2549cc/gnocchi.61bc8fc9-c88c-404a-95ec-f04af0195258" 200 357 "GET http://172.18.0.2:8080/v1/AUTH_b003c8af711b41ad9b63847f0b2549cc/gnocchi.61bc8fc9-c88c-404a-95ec-f04af0195258?format=json&states=listing" "txf2861cb6537f40288b4a8-006921a4ac" "proxy-server 20" 0.0116 "-" 20 0
Nov 22 11:55:24 standalone proxy-server[129425]: 172.18.0.2 172.18.0.100 22/Nov/2025/11/55/24 GET /v1/AUTH_b003c8af711b41ad9b63847f0b2549cc/gnocchi.61bc8fc9-c88c-404a-95ec-f04af0195258%3Fformat%3Djson%26states%3Dlisting HTTP/1.0 200 - python-swiftclient-3.11.1 gAAAAABpIaQzeESC... - 357 - txf2861cb6537f40288b4a8-006921a4ac - 0.0198 - - 1763812524.821003675 1763812524.840799093 0
Nov 22 11:55:24 standalone container-server[127423]: 172.20.0.100 - - [22/Nov/2025:11:55:24 +0000] "GET /d1/739/AUTH_b003c8af711b41ad9b63847f0b2549cc/gnocchi.61bc8fc9-c88c-404a-95ec-f04af0195258" 200 2 "GET http://172.18.0.2:8080/v1/AUTH_b003c8af711b41ad9b63847f0b2549cc/gnocchi.61bc8fc9-c88c-404a-95ec-f04af0195258?format=json&marker=none_v3&states=listing" "tx52589e8b62c04726b1659-006921a4ac" "proxy-server 20" 0.0025 "-" 19 0
Nov 22 11:55:24 standalone proxy-server[129425]: 172.18.0.2 172.18.0.100 22/Nov/2025/11/55/24 GET /v1/AUTH_b003c8af711b41ad9b63847f0b2549cc/gnocchi.61bc8fc9-c88c-404a-95ec-f04af0195258%3Fformat%3Djson%26marker%3Dnone_v3%26states%3Dlisting HTTP/1.0 200 - python-swiftclient-3.11.1 gAAAAABpIaQzeESC... - 2 - tx52589e8b62c04726b1659-006921a4ac - 0.0103 - - 1763812524.844713688 1763812524.854970694 0
Nov 22 11:55:24 standalone object-server[127617]: 172.20.0.100 - - [22/Nov/2025:11:55:24 +0000] "GET /d1/245/AUTH_b003c8af711b41ad9b63847f0b2549cc/gnocchi.61bc8fc9-c88c-404a-95ec-f04af0195258/1763640000.0_mean_300.0_v3" 200 16 "GET http://172.18.0.2:8080/v1/AUTH_b003c8af711b41ad9b63847f0b2549cc/gnocchi.61bc8fc9-c88c-404a-95ec-f04af0195258/1763640000.0_mean_300.0_v3" "txbf5117201e1040c39a08b-006921a4ac" "proxy-server 20" 0.0012 "-" 22 0
Nov 22 11:55:24 standalone proxy-server[129425]: 172.18.0.2 172.18.0.100 22/Nov/2025/11/55/24 GET /v1/AUTH_b003c8af711b41ad9b63847f0b2549cc/gnocchi.61bc8fc9-c88c-404a-95ec-f04af0195258/1763640000.0_mean_300.0_v3 HTTP/1.0 200 - python-swiftclient-3.11.1 gAAAAABpIaQzeESC... - 16 - txbf5117201e1040c39a08b-006921a4ac - 0.0092 - - 1763812524.859569311 1763812524.868731022 0
Nov 22 11:55:24 standalone container-server[127464]: 172.20.0.100 - - [22/Nov/2025:11:55:24 +0000] "PUT /d1/739/AUTH_b003c8af711b41ad9b63847f0b2549cc/gnocchi.61bc8fc9-c88c-404a-95ec-f04af0195258/1763640000.0_mean_300.0_v3" 201 - "PUT http://172.18.0.2:8080/d1/245/AUTH_b003c8af711b41ad9b63847f0b2549cc/gnocchi.61bc8fc9-c88c-404a-95ec-f04af0195258/1763640000.0_mean_300.0_v3" "tx655bbb141bdc4323b3f6e-006921a4ac" "object-server 22" 0.0005 "-" 23 0
Nov 22 11:55:24 standalone object-server[127617]: 172.20.0.100 - - [22/Nov/2025:11:55:24 +0000] "PUT /d1/245/AUTH_b003c8af711b41ad9b63847f0b2549cc/gnocchi.61bc8fc9-c88c-404a-95ec-f04af0195258/1763640000.0_mean_300.0_v3" 201 - "PUT http://172.18.0.2:8080/v1/AUTH_b003c8af711b41ad9b63847f0b2549cc/gnocchi.61bc8fc9-c88c-404a-95ec-f04af0195258/1763640000.0_mean_300.0_v3" "tx655bbb141bdc4323b3f6e-006921a4ac" "proxy-server 20" 0.0110 "-" 22 0
Nov 22 11:55:24 standalone proxy-server[129425]: 172.18.0.2 172.18.0.100 22/Nov/2025/11/55/24 PUT /v1/AUTH_b003c8af711b41ad9b63847f0b2549cc/gnocchi.61bc8fc9-c88c-404a-95ec-f04af0195258/1763640000.0_mean_300.0_v3 HTTP/1.0 201 - python-swiftclient-3.11.1 gAAAAABpIaQzeESC... 23 - - tx655bbb141bdc4323b3f6e-006921a4ac - 0.0180 - - 1763812524.872788191 1763812524.890774488 0
Nov 22 11:55:24 standalone container-server[127423]: 172.20.0.100 - - [22/Nov/2025:11:55:24 +0000] "PUT /d1/739/AUTH_b003c8af711b41ad9b63847f0b2549cc/gnocchi.61bc8fc9-c88c-404a-95ec-f04af0195258/none_v3" 201 - "PUT http://172.18.0.2:8080/d1/487/AUTH_b003c8af711b41ad9b63847f0b2549cc/gnocchi.61bc8fc9-c88c-404a-95ec-f04af0195258/none_v3" "txf996ab5047d84f80b3427-006921a4ac" "object-server 23" 0.0005 "-" 19 0
Nov 22 11:55:24 standalone object-server[127628]: 172.20.0.100 - - [22/Nov/2025:11:55:24 +0000] "PUT /d1/487/AUTH_b003c8af711b41ad9b63847f0b2549cc/gnocchi.61bc8fc9-c88c-404a-95ec-f04af0195258/none_v3" 201 - "PUT http://172.18.0.2:8080/v1/AUTH_b003c8af711b41ad9b63847f0b2549cc/gnocchi.61bc8fc9-c88c-404a-95ec-f04af0195258/none_v3" "txf996ab5047d84f80b3427-006921a4ac" "proxy-server 20" 0.0110 "-" 23 0
Nov 22 11:55:24 standalone proxy-server[129425]: 172.18.0.2 172.18.0.100 22/Nov/2025/11/55/24 PUT /v1/AUTH_b003c8af711b41ad9b63847f0b2549cc/gnocchi.61bc8fc9-c88c-404a-95ec-f04af0195258/none_v3 HTTP/1.0 201 - python-swiftclient-3.11.1 gAAAAABpIaQzeESC... 22 - - txf996ab5047d84f80b3427-006921a4ac - 0.0187 - - 1763812524.894165754 1763812524.912850380 0
Nov 22 11:55:24 standalone object-server[127636]: 172.20.0.100 - - [22/Nov/2025:11:55:24 +0000] "GET /d1/801/AUTH_b003c8af711b41ad9b63847f0b2549cc/gnocchi.d75901e8-a3f9-41e0-8d9f-6395adbf8218/none_v3" 200 22 "GET http://172.18.0.2:8080/v1/AUTH_b003c8af711b41ad9b63847f0b2549cc/gnocchi.d75901e8-a3f9-41e0-8d9f-6395adbf8218/none_v3" "txc5b1a402d62f49379f393-006921a4ac" "proxy-server 20" 0.0013 "-" 24 0
Nov 22 11:55:24 standalone proxy-server[129425]: 172.18.0.2 172.18.0.100 22/Nov/2025/11/55/24 GET /v1/AUTH_b003c8af711b41ad9b63847f0b2549cc/gnocchi.d75901e8-a3f9-41e0-8d9f-6395adbf8218/none_v3 HTTP/1.0 200 - python-swiftclient-3.11.1 gAAAAABpIaQzeESC... - 22 - txc5b1a402d62f49379f393-006921a4ac - 0.0117 - - 1763812524.926341534 1763812524.938020945 0
Nov 22 11:55:24 standalone container-server[127423]: 172.20.0.100 - - [22/Nov/2025:11:55:24 +0000] "GET /d1/72/AUTH_b003c8af711b41ad9b63847f0b2549cc/gnocchi.d75901e8-a3f9-41e0-8d9f-6395adbf8218" 200 357 "GET http://172.18.0.2:8080/v1/AUTH_b003c8af711b41ad9b63847f0b2549cc/gnocchi.d75901e8-a3f9-41e0-8d9f-6395adbf8218?format=json&states=listing" "tx6b192f1f00a34170af642-006921a4ac" "proxy-server 20" 0.0079 "-" 19 0
Nov 22 11:55:24 standalone proxy-server[129425]: 172.18.0.2 172.18.0.100 22/Nov/2025/11/55/24 GET /v1/AUTH_b003c8af711b41ad9b63847f0b2549cc/gnocchi.d75901e8-a3f9-41e0-8d9f-6395adbf8218%3Fformat%3Djson%26states%3Dlisting HTTP/1.0 200 - python-swiftclient-3.11.1 gAAAAABpIaQzeESC... - 357 - tx6b192f1f00a34170af642-006921a4ac - 0.0169 - - 1763812524.944330454 1763812524.961195707 0
Nov 22 11:55:24 standalone container-server[127464]: 172.20.0.100 - - [22/Nov/2025:11:55:24 +0000] "GET /d1/72/AUTH_b003c8af711b41ad9b63847f0b2549cc/gnocchi.d75901e8-a3f9-41e0-8d9f-6395adbf8218" 200 2 "GET http://172.18.0.2:8080/v1/AUTH_b003c8af711b41ad9b63847f0b2549cc/gnocchi.d75901e8-a3f9-41e0-8d9f-6395adbf8218?format=json&marker=none_v3&states=listing" "tx1d80e689d11b43b384867-006921a4ac" "proxy-server 20" 0.0022 "-" 23 0
Nov 22 11:55:24 standalone proxy-server[129425]: 172.18.0.2 172.18.0.100 22/Nov/2025/11/55/24 GET /v1/AUTH_b003c8af711b41ad9b63847f0b2549cc/gnocchi.d75901e8-a3f9-41e0-8d9f-6395adbf8218%3Fformat%3Djson%26marker%3Dnone_v3%26states%3Dlisting HTTP/1.0 200 - python-swiftclient-3.11.1 gAAAAABpIaQzeESC... - 2 - tx1d80e689d11b43b384867-006921a4ac - 0.0109 - - 1763812524.965009928 1763812524.975882769 0
Nov 22 11:55:24 standalone object-server[127617]: 172.20.0.100 - - [22/Nov/2025:11:55:24 +0000] "GET /d1/605/AUTH_b003c8af711b41ad9b63847f0b2549cc/gnocchi.d75901e8-a3f9-41e0-8d9f-6395adbf8218/1763640000.0_mean_300.0_v3" 200 16 "GET http://172.18.0.2:8080/v1/AUTH_b003c8af711b41ad9b63847f0b2549cc/gnocchi.d75901e8-a3f9-41e0-8d9f-6395adbf8218/1763640000.0_mean_300.0_v3" "txb2278ae25d0343f5959b6-006921a4ac" "proxy-server 20" 0.0013 "-" 22 0
Nov 22 11:55:24 standalone proxy-server[129425]: 172.18.0.2 172.18.0.100 22/Nov/2025/11/55/24 GET /v1/AUTH_b003c8af711b41ad9b63847f0b2549cc/gnocchi.d75901e8-a3f9-41e0-8d9f-6395adbf8218/1763640000.0_mean_300.0_v3 HTTP/1.0 200 - python-swiftclient-3.11.1 gAAAAABpIaQzeESC... - 16 - txb2278ae25d0343f5959b6-006921a4ac - 0.0092 - - 1763812524.980744600 1763812524.989959240 0
Nov 22 11:55:25 standalone container-server[127423]: 172.20.0.100 - - [22/Nov/2025:11:55:25 +0000] "PUT /d1/72/AUTH_b003c8af711b41ad9b63847f0b2549cc/gnocchi.d75901e8-a3f9-41e0-8d9f-6395adbf8218/1763640000.0_mean_300.0_v3" 201 - "PUT http://172.18.0.2:8080/d1/605/AUTH_b003c8af711b41ad9b63847f0b2549cc/gnocchi.d75901e8-a3f9-41e0-8d9f-6395adbf8218/1763640000.0_mean_300.0_v3" "tx247c40c05da749ef97bf6-006921a4ac" "object-server 22" 0.0005 "-" 19 0
Nov 22 11:55:25 standalone object-server[127617]: 172.20.0.100 - - [22/Nov/2025:11:55:25 +0000] "PUT /d1/605/AUTH_b003c8af711b41ad9b63847f0b2549cc/gnocchi.d75901e8-a3f9-41e0-8d9f-6395adbf8218/1763640000.0_mean_300.0_v3" 201 - "PUT http://172.18.0.2:8080/v1/AUTH_b003c8af711b41ad9b63847f0b2549cc/gnocchi.d75901e8-a3f9-41e0-8d9f-6395adbf8218/1763640000.0_mean_300.0_v3" "tx247c40c05da749ef97bf6-006921a4ac" "proxy-server 20" 0.0100 "-" 22 0
Nov 22 11:55:25 standalone proxy-server[129425]: 172.18.0.2 172.18.0.100 22/Nov/2025/11/55/25 PUT /v1/AUTH_b003c8af711b41ad9b63847f0b2549cc/gnocchi.d75901e8-a3f9-41e0-8d9f-6395adbf8218/1763640000.0_mean_300.0_v3 HTTP/1.0 201 - python-swiftclient-3.11.1 gAAAAABpIaQzeESC... 23 - - tx247c40c05da749ef97bf6-006921a4ac - 0.0171 - - 1763812524.993871927 1763812525.010938406 0
Nov 22 11:55:25 standalone container-server[127454]: 172.20.0.100 - - [22/Nov/2025:11:55:25 +0000] "PUT /d1/72/AUTH_b003c8af711b41ad9b63847f0b2549cc/gnocchi.d75901e8-a3f9-41e0-8d9f-6395adbf8218/none_v3" 201 - "PUT http://172.18.0.2:8080/d1/801/AUTH_b003c8af711b41ad9b63847f0b2549cc/gnocchi.d75901e8-a3f9-41e0-8d9f-6395adbf8218/none_v3" "tx69027c2aafaf46b78848b-006921a4ad" "object-server 22" 0.0008 "-" 22 0
Nov 22 11:55:25 standalone object-server[127617]: 172.20.0.100 - - [22/Nov/2025:11:55:25 +0000] "PUT /d1/801/AUTH_b003c8af711b41ad9b63847f0b2549cc/gnocchi.d75901e8-a3f9-41e0-8d9f-6395adbf8218/none_v3" 201 - "PUT http://172.18.0.2:8080/v1/AUTH_b003c8af711b41ad9b63847f0b2549cc/gnocchi.d75901e8-a3f9-41e0-8d9f-6395adbf8218/none_v3" "tx69027c2aafaf46b78848b-006921a4ad" "proxy-server 20" 0.0113 "-" 22 0
Nov 22 11:55:25 standalone proxy-server[129425]: 172.18.0.2 172.18.0.100 22/Nov/2025/11/55/25 PUT /v1/AUTH_b003c8af711b41ad9b63847f0b2549cc/gnocchi.d75901e8-a3f9-41e0-8d9f-6395adbf8218/none_v3 HTTP/1.0 201 - python-swiftclient-3.11.1 gAAAAABpIaQzeESC... 22 - - tx69027c2aafaf46b78848b-006921a4ad - 0.0183 - - 1763812525.014258146 1763812525.032538176 0
Nov 22 11:55:27 standalone container-server[127464]: 172.20.0.100 - - [22/Nov/2025:11:55:27 +0000] "HEAD /d1/531/AUTH_b003c8af711b41ad9b63847f0b2549cc/gnocchi.4af19abc-6a71-4060-b746-2f8a2d251121" 404 - "HEAD http://172.18.0.2:8080/v1/AUTH_b003c8af711b41ad9b63847f0b2549cc/gnocchi.4af19abc-6a71-4060-b746-2f8a2d251121?format=json&states=listing" "tx0015161fb21b4e41b3696-006921a4af" "proxy-server 20" 0.0008 "-" 23 0
Nov 22 11:55:27 standalone object-server[127617]: 172.20.0.100 - - [22/Nov/2025:11:55:27 +0000] "GET /d1/652/AUTH_b003c8af711b41ad9b63847f0b2549cc/gnocchi.4af19abc-6a71-4060-b746-2f8a2d251121/none_v3" 404 70 "GET http://172.18.0.2:8080/v1/AUTH_b003c8af711b41ad9b63847f0b2549cc/gnocchi.4af19abc-6a71-4060-b746-2f8a2d251121/none_v3" "tx0015161fb21b4e41b3696-006921a4af" "proxy-server 20" 0.0004 "-" 22 0
Nov 22 11:55:27 standalone proxy-server[129425]: 172.18.0.2 172.18.0.100 22/Nov/2025/11/55/27 GET /v1/AUTH_b003c8af711b41ad9b63847f0b2549cc/gnocchi.4af19abc-6a71-4060-b746-2f8a2d251121/none_v3 HTTP/1.0 404 - python-swiftclient-3.11.1 gAAAAABpIaQzeESC... - 70 - tx0015161fb21b4e41b3696-006921a4af - 0.0088 - - 1763812527.982848406 1763812527.991623640 0
Nov 22 11:55:28 standalone account-server[127347]: 172.20.0.100 - - [22/Nov/2025:11:55:28 +0000] "PUT /d1/28/AUTH_b003c8af711b41ad9b63847f0b2549cc/gnocchi.4af19abc-6a71-4060-b746-2f8a2d251121" 201 - "PUT http://172.20.0.100:6001/d1/531/AUTH_b003c8af711b41ad9b63847f0b2549cc/gnocchi.4af19abc-6a71-4060-b746-2f8a2d251121" "tx9db36b430b8a4c65aa35e-006921a4af" "container-server 23" 0.0030 "-" 15 0
Nov 22 11:55:28 standalone container-server[127464]: 172.20.0.100 - - [22/Nov/2025:11:55:28 +0000] "PUT /d1/531/AUTH_b003c8af711b41ad9b63847f0b2549cc/gnocchi.4af19abc-6a71-4060-b746-2f8a2d251121" 201 - "PUT http://172.18.0.2:8080/v1/AUTH_b003c8af711b41ad9b63847f0b2549cc/gnocchi.4af19abc-6a71-4060-b746-2f8a2d251121" "tx9db36b430b8a4c65aa35e-006921a4af" "proxy-server 20" 0.0183 "-" 23 0
Nov 22 11:55:28 standalone proxy-server[129425]: 172.18.0.2 172.18.0.100 22/Nov/2025/11/55/28 PUT /v1/AUTH_b003c8af711b41ad9b63847f0b2549cc/gnocchi.4af19abc-6a71-4060-b746-2f8a2d251121 HTTP/1.0 201 - python-swiftclient-3.11.1 gAAAAABpIaQzeESC... - - - tx9db36b430b8a4c65aa35e-006921a4af - 0.0228 - - 1763812527.994671106 1763812528.017511129 0
Nov 22 11:55:28 standalone container-server[127464]: 172.20.0.100 - - [22/Nov/2025:11:55:28 +0000] "HEAD /d1/531/AUTH_b003c8af711b41ad9b63847f0b2549cc/gnocchi.4af19abc-6a71-4060-b746-2f8a2d251121" 204 - "HEAD http://172.18.0.2:8080/v1/AUTH_b003c8af711b41ad9b63847f0b2549cc/gnocchi.4af19abc-6a71-4060-b746-2f8a2d251121?format=json&states=listing" "txdb8bc80df7a84a3aa33c4-006921a4b0" "proxy-server 20" 0.0015 "-" 23 0
Nov 22 11:55:28 standalone proxy-server[129425]: - - 22/Nov/2025/11/55/28 HEAD /v1/AUTH_b003c8af711b41ad9b63847f0b2549cc/gnocchi.4af19abc-6a71-4060-b746-2f8a2d251121%3Fformat%3Djson%26states%3Dlisting HTTP/1.0 204 - Swift - - - - txdb8bc80df7a84a3aa33c4-006921a4b0 - 0.0046 RL - 1763812528.022253752 1763812528.026846886 0
Nov 22 11:55:28 standalone container-server[127454]: 172.20.0.100 - - [22/Nov/2025:11:55:28 +0000] "GET /d1/531/AUTH_b003c8af711b41ad9b63847f0b2549cc/gnocchi.4af19abc-6a71-4060-b746-2f8a2d251121" 200 2 "GET http://172.18.0.2:8080/v1/AUTH_b003c8af711b41ad9b63847f0b2549cc/gnocchi.4af19abc-6a71-4060-b746-2f8a2d251121?format=json&states=listing" "txdb8bc80df7a84a3aa33c4-006921a4b0" "proxy-server 20" 0.0020 "-" 22 0
Nov 22 11:55:28 standalone proxy-server[129425]: 172.18.0.2 172.18.0.100 22/Nov/2025/11/55/28 GET /v1/AUTH_b003c8af711b41ad9b63847f0b2549cc/gnocchi.4af19abc-6a71-4060-b746-2f8a2d251121%3Fformat%3Djson%26states%3Dlisting HTTP/1.0 200 - python-swiftclient-3.11.1 gAAAAABpIaQzeESC... - 2 - txdb8bc80df7a84a3aa33c4-006921a4b0 - 0.0145 - - 1763812528.021131039 1763812528.035677195 0
Nov 22 11:55:28 standalone object-server[127641]: 172.20.0.100 - - [22/Nov/2025:11:55:28 +0000] "GET /d1/109/AUTH_b003c8af711b41ad9b63847f0b2549cc/gnocchi.4af19abc-6a71-4060-b746-2f8a2d251121/1763640000.0_mean_300.0_v3" 404 70 "GET http://172.18.0.2:8080/v1/AUTH_b003c8af711b41ad9b63847f0b2549cc/gnocchi.4af19abc-6a71-4060-b746-2f8a2d251121/1763640000.0_mean_300.0_v3" "txf10e365496844f589826b-006921a4b0" "proxy-server 20" 0.0007 "-" 25 0
Nov 22 11:55:28 standalone proxy-server[129425]: 172.18.0.2 172.18.0.100 22/Nov/2025/11/55/28 GET /v1/AUTH_b003c8af711b41ad9b63847f0b2549cc/gnocchi.4af19abc-6a71-4060-b746-2f8a2d251121/1763640000.0_mean_300.0_v3 HTTP/1.0 404 - python-swiftclient-3.11.1 gAAAAABpIaQzeESC... - 70 - txf10e365496844f589826b-006921a4b0 - 0.0084 - - 1763812528.040773630 1763812528.049138546 0
Nov 22 11:55:28 standalone container-server[127464]: 172.20.0.100 - - [22/Nov/2025:11:55:28 +0000] "PUT /d1/531/AUTH_b003c8af711b41ad9b63847f0b2549cc/gnocchi.4af19abc-6a71-4060-b746-2f8a2d251121/1763640000.0_mean_300.0_v3" 201 - "PUT http://172.18.0.2:8080/d1/109/AUTH_b003c8af711b41ad9b63847f0b2549cc/gnocchi.4af19abc-6a71-4060-b746-2f8a2d251121/1763640000.0_mean_300.0_v3" "txdf688274ce49459db771f-006921a4b0" "object-server 23" 0.0009 "-" 23 0
Nov 22 11:55:28 standalone object-server[127628]: 172.20.0.100 - - [22/Nov/2025:11:55:28 +0000] "PUT /d1/109/AUTH_b003c8af711b41ad9b63847f0b2549cc/gnocchi.4af19abc-6a71-4060-b746-2f8a2d251121/1763640000.0_mean_300.0_v3" 201 - "PUT http://172.18.0.2:8080/v1/AUTH_b003c8af711b41ad9b63847f0b2549cc/gnocchi.4af19abc-6a71-4060-b746-2f8a2d251121/1763640000.0_mean_300.0_v3" "txdf688274ce49459db771f-006921a4b0" "proxy-server 20" 0.0149 "-" 23 0
Nov 22 11:55:28 standalone proxy-server[129425]: 172.18.0.2 172.18.0.100 22/Nov/2025/11/55/28 PUT /v1/AUTH_b003c8af711b41ad9b63847f0b2549cc/gnocchi.4af19abc-6a71-4060-b746-2f8a2d251121/1763640000.0_mean_300.0_v3 HTTP/1.0 201 - python-swiftclient-3.11.1 gAAAAABpIaQzeESC... 16 - - txdf688274ce49459db771f-006921a4b0 - 0.0248 - - 1763812528.055457830 1763812528.080227375 0
Nov 22 11:55:28 standalone container-server[127464]: 172.20.0.100 - - [22/Nov/2025:11:55:28 +0000] "PUT /d1/531/AUTH_b003c8af711b41ad9b63847f0b2549cc/gnocchi.4af19abc-6a71-4060-b746-2f8a2d251121/none_v3" 201 - "PUT http://172.18.0.2:8080/d1/652/AUTH_b003c8af711b41ad9b63847f0b2549cc/gnocchi.4af19abc-6a71-4060-b746-2f8a2d251121/none_v3" "txe12cf1ad44a24f22874ea-006921a4b0" "object-server 23" 0.0013 "-" 23 0
Nov 22 11:55:28 standalone object-server[127628]: 172.20.0.100 - - [22/Nov/2025:11:55:28 +0000] "PUT /d1/652/AUTH_b003c8af711b41ad9b63847f0b2549cc/gnocchi.4af19abc-6a71-4060-b746-2f8a2d251121/none_v3" 201 - "PUT http://172.18.0.2:8080/v1/AUTH_b003c8af711b41ad9b63847f0b2549cc/gnocchi.4af19abc-6a71-4060-b746-2f8a2d251121/none_v3" "txe12cf1ad44a24f22874ea-006921a4b0" "proxy-server 20" 0.0212 "-" 23 0
Nov 22 11:55:28 standalone proxy-server[129425]: 172.18.0.2 172.18.0.100 22/Nov/2025/11/55/28 PUT /v1/AUTH_b003c8af711b41ad9b63847f0b2549cc/gnocchi.4af19abc-6a71-4060-b746-2f8a2d251121/none_v3 HTTP/1.0 201 - python-swiftclient-3.11.1 gAAAAABpIaQzeESC... 22 - - txe12cf1ad44a24f22874ea-006921a4b0 - 0.0302 - - 1763812528.084670067 1763812528.114832640 0
Nov 22 11:55:28 standalone object-server[127636]: 172.20.0.100 - - [22/Nov/2025:11:55:28 +0000] "GET /d1/216/AUTH_b003c8af711b41ad9b63847f0b2549cc/gnocchi.de4357a9-e3eb-4571-8644-4f2cb58e4650/none_v3" 200 33 "GET http://172.18.0.2:8080/v1/AUTH_b003c8af711b41ad9b63847f0b2549cc/gnocchi.de4357a9-e3eb-4571-8644-4f2cb58e4650/none_v3" "txd05e2f5645734ca488b9a-006921a4b0" "proxy-server 20" 0.0011 "-" 24 0
Nov 22 11:55:28 standalone proxy-server[129425]: 172.18.0.2 172.18.0.100 22/Nov/2025/11/55/28 GET /v1/AUTH_b003c8af711b41ad9b63847f0b2549cc/gnocchi.de4357a9-e3eb-4571-8644-4f2cb58e4650/none_v3 HTTP/1.0 200 - python-swiftclient-3.11.1 gAAAAABpIaQzeESC... - 33 - txd05e2f5645734ca488b9a-006921a4b0 - 0.0121 - - 1763812528.180046320 1763812528.192106009 0
Nov 22 11:55:28 standalone container-server[127434]: 172.20.0.100 - - [22/Nov/2025:11:55:28 +0000] "GET /d1/328/AUTH_b003c8af711b41ad9b63847f0b2549cc/gnocchi.de4357a9-e3eb-4571-8644-4f2cb58e4650" 200 357 "GET http://172.18.0.2:8080/v1/AUTH_b003c8af711b41ad9b63847f0b2549cc/gnocchi.de4357a9-e3eb-4571-8644-4f2cb58e4650?format=json&states=listing" "tx6f058f1edef042548c885-006921a4b0" "proxy-server 20" 0.0071 "-" 20 0
Nov 22 11:55:28 standalone proxy-server[129425]: 172.18.0.2 172.18.0.100 22/Nov/2025/11/55/28 GET /v1/AUTH_b003c8af711b41ad9b63847f0b2549cc/gnocchi.de4357a9-e3eb-4571-8644-4f2cb58e4650%3Fformat%3Djson%26states%3Dlisting HTTP/1.0 200 - python-swiftclient-3.11.1 gAAAAABpIaQzeESC... - 357 - tx6f058f1edef042548c885-006921a4b0 - 0.0159 - - 1763812528.198281288 1763812528.214162827 0
Nov 22 11:55:28 standalone container-server[127423]: 172.20.0.100 - - [22/Nov/2025:11:55:28 +0000] "GET /d1/328/AUTH_b003c8af711b41ad9b63847f0b2549cc/gnocchi.de4357a9-e3eb-4571-8644-4f2cb58e4650" 200 2 "GET http://172.18.0.2:8080/v1/AUTH_b003c8af711b41ad9b63847f0b2549cc/gnocchi.de4357a9-e3eb-4571-8644-4f2cb58e4650?format=json&marker=none_v3&states=listing" "txd188105b96104061a30cb-006921a4b0" "proxy-server 20" 0.0046 "-" 19 0
Nov 22 11:55:28 standalone proxy-server[129425]: 172.18.0.2 172.18.0.100 22/Nov/2025/11/55/28 GET /v1/AUTH_b003c8af711b41ad9b63847f0b2549cc/gnocchi.de4357a9-e3eb-4571-8644-4f2cb58e4650%3Fformat%3Djson%26marker%3Dnone_v3%26states%3Dlisting HTTP/1.0 200 - python-swiftclient-3.11.1 gAAAAABpIaQzeESC... - 2 - txd188105b96104061a30cb-006921a4b0 - 0.0146 - - 1763812528.218550444 1763812528.233114719 0
Nov 22 11:55:28 standalone object-server[127641]: 172.20.0.100 - - [22/Nov/2025:11:55:28 +0000] "GET /d1/536/AUTH_b003c8af711b41ad9b63847f0b2549cc/gnocchi.de4357a9-e3eb-4571-8644-4f2cb58e4650/1763640000.0_mean_300.0_v3" 200 16 "GET http://172.18.0.2:8080/v1/AUTH_b003c8af711b41ad9b63847f0b2549cc/gnocchi.de4357a9-e3eb-4571-8644-4f2cb58e4650/1763640000.0_mean_300.0_v3" "tx29fbcaf727214e7e9c750-006921a4b0" "proxy-server 20" 0.0008 "-" 25 0
Nov 22 11:55:28 standalone proxy-server[129425]: 172.18.0.2 172.18.0.100 22/Nov/2025/11/55/28 GET /v1/AUTH_b003c8af711b41ad9b63847f0b2549cc/gnocchi.de4357a9-e3eb-4571-8644-4f2cb58e4650/1763640000.0_mean_300.0_v3 HTTP/1.0 200 - python-swiftclient-3.11.1 gAAAAABpIaQzeESC... - 16 - tx29fbcaf727214e7e9c750-006921a4b0 - 0.0083 - - 1763812528.239256144 1763812528.247549772 0
Nov 22 11:55:28 standalone container-server[127434]: 172.20.0.100 - - [22/Nov/2025:11:55:28 +0000] "PUT /d1/328/AUTH_b003c8af711b41ad9b63847f0b2549cc/gnocchi.de4357a9-e3eb-4571-8644-4f2cb58e4650/1763640000.0_mean_300.0_v3" 201 - "PUT http://172.18.0.2:8080/d1/536/AUTH_b003c8af711b41ad9b63847f0b2549cc/gnocchi.de4357a9-e3eb-4571-8644-4f2cb58e4650/1763640000.0_mean_300.0_v3" "tx00f78e0c34ee4d0187490-006921a4b0" "object-server 25" 0.0004 "-" 20 0
Nov 22 11:55:28 standalone object-server[127641]: 172.20.0.100 - - [22/Nov/2025:11:55:28 +0000] "PUT /d1/536/AUTH_b003c8af711b41ad9b63847f0b2549cc/gnocchi.de4357a9-e3eb-4571-8644-4f2cb58e4650/1763640000.0_mean_300.0_v3" 201 - "PUT http://172.18.0.2:8080/v1/AUTH_b003c8af711b41ad9b63847f0b2549cc/gnocchi.de4357a9-e3eb-4571-8644-4f2cb58e4650/1763640000.0_mean_300.0_v3" "tx00f78e0c34ee4d0187490-006921a4b0" "proxy-server 20" 0.0086 "-" 25 0
