Nov 22 11:57:10 standalone object-server[245418]: Object update sweep of d1 completed: 0.00s, 0 successes, 0 failures, 0 quarantines, 0 unlinks, 0 errors, 0 redirects
Nov 22 11:57:10 standalone object-server[127568]: Object update sweep completed: 0.13s
Nov 22 11:57:24 standalone account-server[127329]: 172.20.0.100 - - [22/Nov/2025:11:57:24 +0000] "HEAD /d1/558/.expiring_objects" 404 - "HEAD http://localhost/v1/.expiring_objects?format=json" "tx942702dac0c7415c96479-006921a524" "proxy-server 2" 0.0007 "-" 14 -
Nov 22 11:57:24 standalone object-expirer[127252]: Pass completed in 0s; 0 objects expired (txn: tx942702dac0c7415c96479-006921a524)
Nov 22 11:58:45 standalone container-server[127205]: Begin container update sweep
Nov 22 11:58:45 standalone account-server[127347]: 172.20.0.100 - - [22/Nov/2025:11:58:45 +0000] "PUT /d1/28/AUTH_b003c8af711b41ad9b63847f0b2549cc/gnocchi.709f02d1-fbcc-48fa-b6c4-373fc485e85f" 201 - "-" "-" "container-updater 2" 0.0012 "-" 15 0
Nov 22 11:58:45 standalone account-server[127356]: 172.20.0.100 - - [22/Nov/2025:11:58:45 +0000] "PUT /d1/28/AUTH_b003c8af711b41ad9b63847f0b2549cc/gnocchi.73401767-5c46-48ab-9298-17f454e4f8c5" 201 - "-" "-" "container-updater 2" 0.0015 "-" 16 0
Nov 22 11:58:45 standalone account-server[127386]: 172.20.0.100 - - [22/Nov/2025:11:58:45 +0000] "PUT /d1/28/AUTH_b003c8af711b41ad9b63847f0b2549cc/gnocchi.b3d88dac-07d4-4538-a4cf-224ad4c3f45d" 201 - "-" "-" "container-updater 2" 0.0005 "-" 17 0
Nov 22 11:58:45 standalone account-server[127347]: 172.20.0.100 - - [22/Nov/2025:11:58:45 +0000] "PUT /d1/28/AUTH_b003c8af711b41ad9b63847f0b2549cc/gnocchi.1acb3005-56c5-448a-bdc3-e810746de932" 201 - "-" "-" "container-updater 2" 0.0007 "-" 15 0
Nov 22 11:58:45 standalone account-server[127356]: 172.20.0.100 - - [22/Nov/2025:11:58:45 +0000] "PUT /d1/28/AUTH_b003c8af711b41ad9b63847f0b2549cc/gnocchi.e3da13c7-90df-4af5-a03b-699a778970ec" 201 - "-" "-" "container-updater 2" 0.0011 "-" 16 0
Nov 22 11:58:45 standalone account-server[127329]: 172.20.0.100 - - [22/Nov/2025:11:58:45 +0000] "PUT /d1/28/AUTH_b003c8af711b41ad9b63847f0b2549cc/gnocchi.f62cf615-766e-4c8f-85db-731ff024df6d" 201 - "-" "-" "container-updater 2" 0.0007 "-" 14 0
Nov 22 11:58:46 standalone account-server[127356]: 172.20.0.100 - - [22/Nov/2025:11:58:46 +0000] "PUT /d1/28/AUTH_b003c8af711b41ad9b63847f0b2549cc/gnocchi.556b535f-e958-496c-a89d-f94ba05a3930" 201 - "-" "-" "container-updater 2" 0.0011 "-" 16 0
Nov 22 11:58:46 standalone account-server[127329]: 172.20.0.100 - - [22/Nov/2025:11:58:46 +0000] "PUT /d1/28/AUTH_b003c8af711b41ad9b63847f0b2549cc/gnocchi.88ebb790-4207-46c0-a3b6-d96743d4e570" 201 - "-" "-" "container-updater 2" 0.0004 "-" 14 0
Nov 22 11:58:46 standalone account-server[127329]: 172.20.0.100 - - [22/Nov/2025:11:58:46 +0000] "PUT /d1/28/AUTH_b003c8af711b41ad9b63847f0b2549cc/gnocchi.5242c365-8dbf-48d4-8453-9f968568816c" 201 - "-" "-" "container-updater 2" 0.0004 "-" 14 0
Nov 22 11:58:46 standalone account-server[127386]: 172.20.0.100 - - [22/Nov/2025:11:58:46 +0000] "PUT /d1/28/AUTH_b003c8af711b41ad9b63847f0b2549cc/gnocchi.200393f0-02fe-4b1f-a477-0d2b11387779" 201 - "-" "-" "container-updater 2" 0.0007 "-" 17 0
Nov 22 11:58:46 standalone account-server[127329]: 172.20.0.100 - - [22/Nov/2025:11:58:46 +0000] "PUT /d1/28/AUTH_b003c8af711b41ad9b63847f0b2549cc/gnocchi.e263b178-6419-4e3a-b68e-f1cad05c1978" 201 - "-" "-" "container-updater 2" 0.0006 "-" 14 0
Nov 22 11:58:46 standalone account-server[127347]: 172.20.0.100 - - [22/Nov/2025:11:58:46 +0000] "PUT /d1/28/AUTH_b003c8af711b41ad9b63847f0b2549cc/gnocchi.8426ae5b-75ee-4037-8fa6-a58e42b243da" 201 - "-" "-" "container-updater 2" 0.0007 "-" 15 0
Nov 22 11:58:46 standalone account-server[127329]: 172.20.0.100 - - [22/Nov/2025:11:58:46 +0000] "PUT /d1/28/AUTH_b003c8af711b41ad9b63847f0b2549cc/gnocchi.e23dbc42-069e-4312-99cd-f1b2fa5cd80f" 201 - "-" "-" "container-updater 2" 0.0006 "-" 14 0
Nov 22 11:58:46 standalone account-server[127347]: 172.20.0.100 - - [22/Nov/2025:11:58:46 +0000] "PUT /d1/28/AUTH_b003c8af711b41ad9b63847f0b2549cc/gnocchi.c3be7b01-fdf1-4d8b-a375-d2bf9b838201" 201 - "-" "-" "container-updater 2" 0.0007 "-" 15 0
Nov 22 11:58:46 standalone account-server[127356]: 172.20.0.100 - - [22/Nov/2025:11:58:46 +0000] "PUT /d1/28/AUTH_b003c8af711b41ad9b63847f0b2549cc/gnocchi.0c7d9232-51b0-49fa-9a28-46ce5ea64dc2" 201 - "-" "-" "container-updater 2" 0.0009 "-" 16 0
Nov 22 11:58:46 standalone account-server[127347]: 172.20.0.100 - - [22/Nov/2025:11:58:46 +0000] "PUT /d1/28/AUTH_b003c8af711b41ad9b63847f0b2549cc/gnocchi.0e2d5669-5659-4a26-9c54-3bdcb39b638b" 201 - "-" "-" "container-updater 2" 0.0007 "-" 15 0
Nov 22 11:58:47 standalone account-server[127356]: 172.20.0.100 - - [22/Nov/2025:11:58:47 +0000] "PUT /d1/28/AUTH_b003c8af711b41ad9b63847f0b2549cc/gnocchi.56bd6c0b-95f0-42db-9ce9-41ad1ec3bc57" 201 - "-" "-" "container-updater 2" 0.0008 "-" 16 0
Nov 22 11:58:47 standalone account-server[127347]: 172.20.0.100 - - [22/Nov/2025:11:58:47 +0000] "PUT /d1/28/AUTH_b003c8af711b41ad9b63847f0b2549cc/gnocchi.a3e5c87c-d2cb-4303-bfc1-3148d36cca62" 201 - "-" "-" "container-updater 2" 0.0007 "-" 15 0
Nov 22 11:58:47 standalone account-server[127356]: 172.20.0.100 - - [22/Nov/2025:11:58:47 +0000] "PUT /d1/28/AUTH_b003c8af711b41ad9b63847f0b2549cc/gnocchi.c57ff1f1-14ba-4f15-8220-a8869e50af5d" 201 - "-" "-" "container-updater 2" 0.0007 "-" 16 0
Nov 22 11:58:47 standalone account-server[127329]: 172.20.0.100 - - [22/Nov/2025:11:58:47 +0000] "PUT /d1/28/AUTH_b003c8af711b41ad9b63847f0b2549cc/gnocchi.d75901e8-a3f9-41e0-8d9f-6395adbf8218" 201 - "-" "-" "container-updater 2" 0.0007 "-" 14 0
Nov 22 11:58:47 standalone account-server[127386]: 172.20.0.100 - - [22/Nov/2025:11:58:47 +0000] "PUT /d1/28/AUTH_b003c8af711b41ad9b63847f0b2549cc/gnocchi.210378d4-f9a3-4c74-a28f-0f713500f413" 201 - "-" "-" "container-updater 2" 0.0007 "-" 17 0
Nov 22 11:58:47 standalone account-server[127329]: 172.20.0.100 - - [22/Nov/2025:11:58:47 +0000] "PUT /d1/28/AUTH_b003c8af711b41ad9b63847f0b2549cc/gnocchi.544bc003-524d-482b-986a-25de19256323" 201 - "-" "-" "container-updater 2" 0.0006 "-" 14 0
Nov 22 11:58:47 standalone account-server[127329]: 172.20.0.100 - - [22/Nov/2025:11:58:47 +0000] "PUT /d1/28/AUTH_b003c8af711b41ad9b63847f0b2549cc/gnocchi.c497f199-e49c-4662-9ad3-d3d8152a5ef8" 201 - "-" "-" "container-updater 2" 0.0007 "-" 14 0
Nov 22 11:58:47 standalone account-server[127386]: 172.20.0.100 - - [22/Nov/2025:11:58:47 +0000] "PUT /d1/28/AUTH_b003c8af711b41ad9b63847f0b2549cc/gnocchi.de4357a9-e3eb-4571-8644-4f2cb58e4650" 201 - "-" "-" "container-updater 2" 0.0012 "-" 17 0
Nov 22 11:58:47 standalone account-server[127347]: 172.20.0.100 - - [22/Nov/2025:11:58:47 +0000] "PUT /d1/28/AUTH_b003c8af711b41ad9b63847f0b2549cc/gnocchi.6d3f9ce7-7230-429b-8020-e3a33eddc961" 201 - "-" "-" "container-updater 2" 0.0005 "-" 15 0
Nov 22 11:58:48 standalone account-server[127329]: 172.20.0.100 - - [22/Nov/2025:11:58:48 +0000] "PUT /d1/28/AUTH_b003c8af711b41ad9b63847f0b2549cc/gnocchi.027e9219-e240-42d5-89e6-221621e66d8e" 201 - "-" "-" "container-updater 2" 0.0007 "-" 14 0
Nov 22 11:58:48 standalone account-server[127356]: 172.20.0.100 - - [22/Nov/2025:11:58:48 +0000] "PUT /d1/28/AUTH_b003c8af711b41ad9b63847f0b2549cc/gnocchi.9ce6b38c-4b46-4980-be8d-125b80152424" 201 - "-" "-" "container-updater 2" 0.0010 "-" 16 0
Nov 22 11:58:48 standalone account-server[127329]: 172.20.0.100 - - [22/Nov/2025:11:58:48 +0000] "PUT /d1/28/AUTH_b003c8af711b41ad9b63847f0b2549cc/gnocchi.82b7751b-1c57-4f1d-b2e0-1c40f1255a87" 201 - "-" "-" "container-updater 2" 0.0009 "-" 14 0
Nov 22 11:58:48 standalone account-server[127386]: 172.20.0.100 - - [22/Nov/2025:11:58:48 +0000] "PUT /d1/28/AUTH_b003c8af711b41ad9b63847f0b2549cc/gnocchi.68645852-b256-4290-a4de-57840acb4f81" 201 - "-" "-" "container-updater 2" 0.0009 "-" 17 0
Nov 22 11:58:48 standalone account-server[127386]: 172.20.0.100 - - [22/Nov/2025:11:58:48 +0000] "PUT /d1/28/AUTH_b003c8af711b41ad9b63847f0b2549cc/gnocchi.e848d4a6-58ae-4ae9-a307-f961ae3c5429" 201 - "-" "-" "container-updater 2" 0.0008 "-" 17 0
Nov 22 11:58:48 standalone account-server[127356]: 172.20.0.100 - - [22/Nov/2025:11:58:48 +0000] "PUT /d1/28/AUTH_b003c8af711b41ad9b63847f0b2549cc/gnocchi.61bc8fc9-c88c-404a-95ec-f04af0195258" 201 - "-" "-" "container-updater 2" 0.0011 "-" 16 0
Nov 22 11:58:48 standalone account-server[127356]: 172.20.0.100 - - [22/Nov/2025:11:58:48 +0000] "PUT /d1/28/AUTH_b003c8af711b41ad9b63847f0b2549cc/gnocchi.b0816d76-3018-4231-a76f-0ccab2094541" 201 - "-" "-" "container-updater 2" 0.0007 "-" 16 0
Nov 22 11:58:48 standalone account-server[127347]: 172.20.0.100 - - [22/Nov/2025:11:58:48 +0000] "PUT /d1/28/AUTH_b003c8af711b41ad9b63847f0b2549cc/gnocchi.c80bc00e-d10b-427c-a978-f0bace327090" 201 - "-" "-" "container-updater 2" 0.0007 "-" 15 0
Nov 22 11:58:48 standalone account-server[127347]: 172.20.0.100 - - [22/Nov/2025:11:58:48 +0000] "PUT /d1/28/AUTH_b003c8af711b41ad9b63847f0b2549cc/gnocchi.5bd23bd4-ea9a-469b-8440-189b13e7c9c9" 201 - "-" "-" "container-updater 2" 0.0008 "-" 15 0
Nov 22 11:58:48 standalone account-server[127356]: 172.20.0.100 - - [22/Nov/2025:11:58:48 +0000] "PUT /d1/28/AUTH_b003c8af711b41ad9b63847f0b2549cc/gnocchi.0cdd2003-be9e-4061-8f2e-88e349fe646a" 201 - "-" "-" "container-updater 2" 0.0009 "-" 16 0
Nov 22 11:58:48 standalone account-server[127347]: 172.20.0.100 - - [22/Nov/2025:11:58:48 +0000] "PUT /d1/28/AUTH_b003c8af711b41ad9b63847f0b2549cc/gnocchi.92c3ec22-278f-4f4f-a5e2-2f7510aa494d" 201 - "-" "-" "container-updater 2" 0.0005 "-" 15 0
Nov 22 11:58:49 standalone account-server[127329]: 172.20.0.100 - - [22/Nov/2025:11:58:49 +0000] "PUT /d1/28/AUTH_b003c8af711b41ad9b63847f0b2549cc/gnocchi.55a99ebd-4b53-497c-9e68-403fa5c7dbdc" 201 - "-" "-" "container-updater 2" 0.0006 "-" 14 0
Nov 22 11:58:49 standalone account-server[127356]: 172.20.0.100 - - [22/Nov/2025:11:58:49 +0000] "PUT /d1/28/AUTH_b003c8af711b41ad9b63847f0b2549cc/gnocchi.1e12ecc7-81eb-47fe-9b58-11960cf49d4a" 201 - "-" "-" "container-updater 2" 0.0007 "-" 16 0
Nov 22 11:58:49 standalone account-server[127329]: 172.20.0.100 - - [22/Nov/2025:11:58:49 +0000] "PUT /d1/28/AUTH_b003c8af711b41ad9b63847f0b2549cc/gnocchi.5359c362-6b41-4ba4-9d02-e698ad9d440f" 201 - "-" "-" "container-updater 2" 0.0010 "-" 14 0
Nov 22 11:58:49 standalone account-server[127356]: 172.20.0.100 - - [22/Nov/2025:11:58:49 +0000] "PUT /d1/28/AUTH_b003c8af711b41ad9b63847f0b2549cc/gnocchi.c48c94fd-7185-423f-881c-51ffaed66f62" 201 - "-" "-" "container-updater 2" 0.0007 "-" 16 0
Nov 22 11:58:49 standalone account-server[127386]: 172.20.0.100 - - [22/Nov/2025:11:58:49 +0000] "PUT /d1/28/AUTH_b003c8af711b41ad9b63847f0b2549cc/gnocchi.2a4c13b7-7f24-4756-a7bf-e2c4dc18be4c" 201 - "-" "-" "container-updater 2" 0.0008 "-" 17 0
Nov 22 11:58:49 standalone account-server[127347]: 172.20.0.100 - - [22/Nov/2025:11:58:49 +0000] "PUT /d1/28/AUTH_b003c8af711b41ad9b63847f0b2549cc/gnocchi.56f2d584-342b-4936-8884-7497a3b45ca1" 201 - "-" "-" "container-updater 2" 0.0004 "-" 15 0
Nov 22 11:58:49 standalone account-server[127329]: 172.20.0.100 - - [22/Nov/2025:11:58:49 +0000] "PUT /d1/28/AUTH_b003c8af711b41ad9b63847f0b2549cc/gnocchi.0ee50775-37e3-4181-b621-7b8bbed4f5c1" 201 - "-" "-" "container-updater 2" 0.0004 "-" 14 0
Nov 22 11:58:49 standalone account-server[127356]: 172.20.0.100 - - [22/Nov/2025:11:58:49 +0000] "PUT /d1/28/AUTH_b003c8af711b41ad9b63847f0b2549cc/gnocchi.8490dfe8-65da-4068-9669-84dd78885f40" 201 - "-" "-" "container-updater 2" 0.0008 "-" 16 0
Nov 22 11:58:49 standalone account-server[127347]: 172.20.0.100 - - [22/Nov/2025:11:58:49 +0000] "PUT /d1/28/AUTH_b003c8af711b41ad9b63847f0b2549cc/gnocchi.0ef67a3f-9e4f-4527-bff2-41931eb22eac" 201 - "-" "-" "container-updater 2" 0.0007 "-" 15 0
Nov 22 11:58:50 standalone account-server[127356]: 172.20.0.100 - - [22/Nov/2025:11:58:50 +0000] "PUT /d1/28/AUTH_b003c8af711b41ad9b63847f0b2549cc/gnocchi.4af19abc-6a71-4060-b746-2f8a2d251121" 201 - "-" "-" "container-updater 2" 0.0008 "-" 16 0
Nov 22 11:58:50 standalone account-server[127329]: 172.20.0.100 - - [22/Nov/2025:11:58:50 +0000] "PUT /d1/28/AUTH_b003c8af711b41ad9b63847f0b2549cc/gnocchi.b5523f5a-c353-4789-a7f6-7caa119f12e9" 201 - "-" "-" "container-updater 2" 0.0006 "-" 14 0
Nov 22 11:58:50 standalone account-server[127356]: 172.20.0.100 - - [22/Nov/2025:11:58:50 +0000] "PUT /d1/28/AUTH_b003c8af711b41ad9b63847f0b2549cc/gnocchi.29725fd8-cad7-4bde-8efd-d4cd34215e37" 201 - "-" "-" "container-updater 2" 0.0008 "-" 16 0
Nov 22 11:58:50 standalone container-server[127205]: Container update sweep completed: 4.93s
Nov 22 12:00:04 standalone account-server[127347]: 172.20.0.100 - - [22/Nov/2025:12:00:04 +0000] "HEAD /d1/28/AUTH_b003c8af711b41ad9b63847f0b2549cc" 204 - "HEAD http://172.18.0.2:8080/v1/AUTH_b003c8af711b41ad9b63847f0b2549cc?format=json" "tx0007f73697194fdeb25b9-006921a5c4" "proxy-server 20" 0.0116 "-" 15 -
Nov 22 12:00:04 standalone proxy-server[129425]: - - 22/Nov/2025/12/00/04 HEAD /v1/AUTH_b003c8af711b41ad9b63847f0b2549cc%3Fformat%3Djson HTTP/1.0 204 - Swift - - - - tx0007f73697194fdeb25b9-006921a5c4 - 0.0167 RL - 1763812804.103745937 1763812804.120436192 -
Nov 22 12:00:04 standalone container-server[127434]: 172.20.0.100 - - [22/Nov/2025:12:00:04 +0000] "HEAD /d1/157/AUTH_b003c8af711b41ad9b63847f0b2549cc/gnocchi.0e2d5669-5659-4a26-9c54-3bdcb39b638b" 204 - "HEAD http://172.18.0.2:8080/v1/AUTH_b003c8af711b41ad9b63847f0b2549cc/gnocchi.0e2d5669-5659-4a26-9c54-3bdcb39b638b?format=json&states=listing" "tx0007f73697194fdeb25b9-006921a5c4" "proxy-server 20" 0.0030 "-" 20 0
Nov 22 12:00:04 standalone object-server[127641]: 172.20.0.100 - - [22/Nov/2025:12:00:04 +0000] "GET /d1/24/AUTH_b003c8af711b41ad9b63847f0b2549cc/gnocchi.0e2d5669-5659-4a26-9c54-3bdcb39b638b/none_v3" 200 22 "GET http://172.18.0.2:8080/v1/AUTH_b003c8af711b41ad9b63847f0b2549cc/gnocchi.0e2d5669-5659-4a26-9c54-3bdcb39b638b/none_v3" "tx0007f73697194fdeb25b9-006921a5c4" "proxy-server 20" 0.0010 "-" 25 0
Nov 22 12:00:04 standalone proxy-server[129425]: 172.18.0.2 172.18.0.100 22/Nov/2025/12/00/04 GET /v1/AUTH_b003c8af711b41ad9b63847f0b2549cc/gnocchi.0e2d5669-5659-4a26-9c54-3bdcb39b638b/none_v3 HTTP/1.0 200 - python-swiftclient-3.11.1 gAAAAABpIaQzeESC... - 22 - tx0007f73697194fdeb25b9-006921a5c4 - 0.0622 - - 1763812804.102351189 1763812804.164584875 0
Nov 22 12:00:04 standalone container-server[127454]: 172.20.0.100 - - [22/Nov/2025:12:00:04 +0000] "GET /d1/157/AUTH_b003c8af711b41ad9b63847f0b2549cc/gnocchi.0e2d5669-5659-4a26-9c54-3bdcb39b638b" 200 357 "GET http://172.18.0.2:8080/v1/AUTH_b003c8af711b41ad9b63847f0b2549cc/gnocchi.0e2d5669-5659-4a26-9c54-3bdcb39b638b?format=json&states=listing" "txb1980ae814dd49a888f43-006921a5c4" "proxy-server 20" 0.0039 "-" 22 0
Nov 22 12:00:04 standalone proxy-server[129425]: 172.18.0.2 172.18.0.100 22/Nov/2025/12/00/04 GET /v1/AUTH_b003c8af711b41ad9b63847f0b2549cc/gnocchi.0e2d5669-5659-4a26-9c54-3bdcb39b638b%3Fformat%3Djson%26states%3Dlisting HTTP/1.0 200 - python-swiftclient-3.11.1 gAAAAABpIaQzeESC... - 357 - txb1980ae814dd49a888f43-006921a5c4 - 0.0138 - - 1763812804.168089390 1763812804.181846619 0
Nov 22 12:00:04 standalone container-server[127423]: 172.20.0.100 - - [22/Nov/2025:12:00:04 +0000] "GET /d1/157/AUTH_b003c8af711b41ad9b63847f0b2549cc/gnocchi.0e2d5669-5659-4a26-9c54-3bdcb39b638b" 200 2 "GET http://172.18.0.2:8080/v1/AUTH_b003c8af711b41ad9b63847f0b2549cc/gnocchi.0e2d5669-5659-4a26-9c54-3bdcb39b638b?format=json&marker=none_v3&states=listing" "tx2f6e2188258e45c78181a-006921a5c4" "proxy-server 20" 0.0040 "-" 19 0
Nov 22 12:00:04 standalone proxy-server[129425]: 172.18.0.2 172.18.0.100 22/Nov/2025/12/00/04 GET /v1/AUTH_b003c8af711b41ad9b63847f0b2549cc/gnocchi.0e2d5669-5659-4a26-9c54-3bdcb39b638b%3Fformat%3Djson%26marker%3Dnone_v3%26states%3Dlisting HTTP/1.0 200 - python-swiftclient-3.11.1 gAAAAABpIaQzeESC... - 2 - tx2f6e2188258e45c78181a-006921a5c4 - 0.0130 - - 1763812804.184485674 1763812804.197472334 0
Nov 22 12:00:04 standalone object-server[127628]: 172.20.0.100 - - [22/Nov/2025:12:00:04 +0000] "GET /d1/941/AUTH_b003c8af711b41ad9b63847f0b2549cc/gnocchi.0e2d5669-5659-4a26-9c54-3bdcb39b638b/1763640000.0_mean_300.0_v3" 200 16 "GET http://172.18.0.2:8080/v1/AUTH_b003c8af711b41ad9b63847f0b2549cc/gnocchi.0e2d5669-5659-4a26-9c54-3bdcb39b638b/1763640000.0_mean_300.0_v3" "tx750ce420724447daafb0d-006921a5c4" "proxy-server 20" 0.0012 "-" 23 0
Nov 22 12:00:04 standalone proxy-server[129425]: 172.18.0.2 172.18.0.100 22/Nov/2025/12/00/04 GET /v1/AUTH_b003c8af711b41ad9b63847f0b2549cc/gnocchi.0e2d5669-5659-4a26-9c54-3bdcb39b638b/1763640000.0_mean_300.0_v3 HTTP/1.0 200 - python-swiftclient-3.11.1 gAAAAABpIaQzeESC... - 16 - tx750ce420724447daafb0d-006921a5c4 - 0.0095 - - 1763812804.200532436 1763812804.210054398 0
Nov 22 12:00:04 standalone container-server[127434]: 172.20.0.100 - - [22/Nov/2025:12:00:04 +0000] "PUT /d1/157/AUTH_b003c8af711b41ad9b63847f0b2549cc/gnocchi.0e2d5669-5659-4a26-9c54-3bdcb39b638b/1763640000.0_mean_300.0_v3" 201 - "PUT http://172.18.0.2:8080/d1/941/AUTH_b003c8af711b41ad9b63847f0b2549cc/gnocchi.0e2d5669-5659-4a26-9c54-3bdcb39b638b/1763640000.0_mean_300.0_v3" "tx39721034e6f24006b9b1d-006921a5c4" "object-server 23" 0.0009 "-" 20 0
Nov 22 12:00:04 standalone object-server[127628]: 172.20.0.100 - - [22/Nov/2025:12:00:04 +0000] "PUT /d1/941/AUTH_b003c8af711b41ad9b63847f0b2549cc/gnocchi.0e2d5669-5659-4a26-9c54-3bdcb39b638b/1763640000.0_mean_300.0_v3" 201 - "PUT http://172.18.0.2:8080/v1/AUTH_b003c8af711b41ad9b63847f0b2549cc/gnocchi.0e2d5669-5659-4a26-9c54-3bdcb39b638b/1763640000.0_mean_300.0_v3" "tx39721034e6f24006b9b1d-006921a5c4" "proxy-server 20" 0.0111 "-" 23 0
Nov 22 12:00:04 standalone proxy-server[129425]: 172.18.0.2 172.18.0.100 22/Nov/2025/12/00/04 PUT /v1/AUTH_b003c8af711b41ad9b63847f0b2549cc/gnocchi.0e2d5669-5659-4a26-9c54-3bdcb39b638b/1763640000.0_mean_300.0_v3 HTTP/1.0 201 - python-swiftclient-3.11.1 gAAAAABpIaQzeESC... 23 - - tx39721034e6f24006b9b1d-006921a5c4 - 0.0193 - - 1763812804.212773323 1763812804.232056618 0
Nov 22 12:00:04 standalone container-server[127434]: 172.20.0.100 - - [22/Nov/2025:12:00:04 +0000] "PUT /d1/157/AUTH_b003c8af711b41ad9b63847f0b2549cc/gnocchi.0e2d5669-5659-4a26-9c54-3bdcb39b638b/none_v3" 201 - "PUT http://172.18.0.2:8080/d1/24/AUTH_b003c8af711b41ad9b63847f0b2549cc/gnocchi.0e2d5669-5659-4a26-9c54-3bdcb39b638b/none_v3" "tx50b9a4d21ca64c62af486-006921a5c4" "object-server 25" 0.0007 "-" 20 0
Nov 22 12:00:04 standalone object-server[127641]: 172.20.0.100 - - [22/Nov/2025:12:00:04 +0000] "PUT /d1/24/AUTH_b003c8af711b41ad9b63847f0b2549cc/gnocchi.0e2d5669-5659-4a26-9c54-3bdcb39b638b/none_v3" 201 - "PUT http://172.18.0.2:8080/v1/AUTH_b003c8af711b41ad9b63847f0b2549cc/gnocchi.0e2d5669-5659-4a26-9c54-3bdcb39b638b/none_v3" "tx50b9a4d21ca64c62af486-006921a5c4" "proxy-server 20" 0.0114 "-" 25 0
Nov 22 12:00:04 standalone proxy-server[129425]: 172.18.0.2 172.18.0.100 22/Nov/2025/12/00/04 PUT /v1/AUTH_b003c8af711b41ad9b63847f0b2549cc/gnocchi.0e2d5669-5659-4a26-9c54-3bdcb39b638b/none_v3 HTTP/1.0 201 - python-swiftclient-3.11.1 gAAAAABpIaQzeESC... 22 - - tx50b9a4d21ca64c62af486-006921a5c4 - 0.0190 - - 1763812804.235096931 1763812804.254053831 0
Nov 22 12:00:04 standalone container-server[127434]: 172.20.0.100 - - [22/Nov/2025:12:00:04 +0000] "HEAD /d1/309/AUTH_b003c8af711b41ad9b63847f0b2549cc/gnocchi.c48c94fd-7185-423f-881c-51ffaed66f62" 204 - "HEAD http://172.18.0.2:8080/v1/AUTH_b003c8af711b41ad9b63847f0b2549cc/gnocchi.c48c94fd-7185-423f-881c-51ffaed66f62?format=json&states=listing" "txbd0b8c00fc0b4b1692e7a-006921a5c4" "proxy-server 20" 0.0026 "-" 20 0
Nov 22 12:00:04 standalone object-server[127636]: 172.20.0.100 - - [22/Nov/2025:12:00:04 +0000] "GET /d1/704/AUTH_b003c8af711b41ad9b63847f0b2549cc/gnocchi.c48c94fd-7185-423f-881c-51ffaed66f62/none_v3" 200 22 "GET http://172.18.0.2:8080/v1/AUTH_b003c8af711b41ad9b63847f0b2549cc/gnocchi.c48c94fd-7185-423f-881c-51ffaed66f62/none_v3" "txbd0b8c00fc0b4b1692e7a-006921a5c4" "proxy-server 20" 0.0012 "-" 24 0
Nov 22 12:00:04 standalone proxy-server[129425]: 172.18.0.2 172.18.0.100 22/Nov/2025/12/00/04 GET /v1/AUTH_b003c8af711b41ad9b63847f0b2549cc/gnocchi.c48c94fd-7185-423f-881c-51ffaed66f62/none_v3 HTTP/1.0 200 - python-swiftclient-3.11.1 gAAAAABpIaQzeESC... - 22 - txbd0b8c00fc0b4b1692e7a-006921a5c4 - 0.0191 - - 1763812804.264943361 1763812804.284030199 0
Nov 22 12:00:04 standalone container-server[127464]: 172.20.0.100 - - [22/Nov/2025:12:00:04 +0000] "GET /d1/309/AUTH_b003c8af711b41ad9b63847f0b2549cc/gnocchi.c48c94fd-7185-423f-881c-51ffaed66f62" 200 357 "GET http://172.18.0.2:8080/v1/AUTH_b003c8af711b41ad9b63847f0b2549cc/gnocchi.c48c94fd-7185-423f-881c-51ffaed66f62?format=json&states=listing" "txbb54313789e749d7af5cf-006921a5c4" "proxy-server 20" 0.0039 "-" 23 0
Nov 22 12:00:04 standalone proxy-server[129425]: 172.18.0.2 172.18.0.100 22/Nov/2025/12/00/04 GET /v1/AUTH_b003c8af711b41ad9b63847f0b2549cc/gnocchi.c48c94fd-7185-423f-881c-51ffaed66f62%3Fformat%3Djson%26states%3Dlisting HTTP/1.0 200 - python-swiftclient-3.11.1 gAAAAABpIaQzeESC... - 357 - txbb54313789e749d7af5cf-006921a5c4 - 0.0145 - - 1763812804.287148714 1763812804.301664114 0
Nov 22 12:00:04 standalone container-server[127464]: 172.20.0.100 - - [22/Nov/2025:12:00:04 +0000] "GET /d1/309/AUTH_b003c8af711b41ad9b63847f0b2549cc/gnocchi.c48c94fd-7185-423f-881c-51ffaed66f62" 200 2 "GET http://172.18.0.2:8080/v1/AUTH_b003c8af711b41ad9b63847f0b2549cc/gnocchi.c48c94fd-7185-423f-881c-51ffaed66f62?format=json&marker=none_v3&states=listing" "tx1215c6e63d854d96ba4bd-006921a5c4" "proxy-server 20" 0.0035 "-" 23 0
Nov 22 12:00:04 standalone proxy-server[129425]: 172.18.0.2 172.18.0.100 22/Nov/2025/12/00/04 GET /v1/AUTH_b003c8af711b41ad9b63847f0b2549cc/gnocchi.c48c94fd-7185-423f-881c-51ffaed66f62%3Fformat%3Djson%26marker%3Dnone_v3%26states%3Dlisting HTTP/1.0 200 - python-swiftclient-3.11.1 gAAAAABpIaQzeESC... - 2 - tx1215c6e63d854d96ba4bd-006921a5c4 - 0.0126 - - 1763812804.308001995 1763812804.320569515 0
Nov 22 12:00:04 standalone object-server[127617]: 172.20.0.100 - - [22/Nov/2025:12:00:04 +0000] "GET /d1/64/AUTH_b003c8af711b41ad9b63847f0b2549cc/gnocchi.c48c94fd-7185-423f-881c-51ffaed66f62/1763640000.0_mean_300.0_v3" 200 16 "GET http://172.18.0.2:8080/v1/AUTH_b003c8af711b41ad9b63847f0b2549cc/gnocchi.c48c94fd-7185-423f-881c-51ffaed66f62/1763640000.0_mean_300.0_v3" "tx70b61afd8bda4298bba3d-006921a5c4" "proxy-server 20" 0.0007 "-" 22 0
Nov 22 12:00:04 standalone proxy-server[129425]: 172.18.0.2 172.18.0.100 22/Nov/2025/12/00/04 GET /v1/AUTH_b003c8af711b41ad9b63847f0b2549cc/gnocchi.c48c94fd-7185-423f-881c-51ffaed66f62/1763640000.0_mean_300.0_v3 HTTP/1.0 200 - python-swiftclient-3.11.1 gAAAAABpIaQzeESC... - 16 - tx70b61afd8bda4298bba3d-006921a5c4 - 0.0079 - - 1763812804.325435638 1763812804.333316326 0
Nov 22 12:00:04 standalone container-server[127464]: 172.20.0.100 - - [22/Nov/2025:12:00:04 +0000] "PUT /d1/309/AUTH_b003c8af711b41ad9b63847f0b2549cc/gnocchi.c48c94fd-7185-423f-881c-51ffaed66f62/1763640000.0_mean_300.0_v3" 201 - "PUT http://172.18.0.2:8080/d1/64/AUTH_b003c8af711b41ad9b63847f0b2549cc/gnocchi.c48c94fd-7185-423f-881c-51ffaed66f62/1763640000.0_mean_300.0_v3" "txf8471b75c7bd47ccbea60-006921a5c4" "object-server 25" 0.0006 "-" 23 0
Nov 22 12:00:04 standalone object-server[127641]: 172.20.0.100 - - [22/Nov/2025:12:00:04 +0000] "PUT /d1/64/AUTH_b003c8af711b41ad9b63847f0b2549cc/gnocchi.c48c94fd-7185-423f-881c-51ffaed66f62/1763640000.0_mean_300.0_v3" 201 - "PUT http://172.18.0.2:8080/v1/AUTH_b003c8af711b41ad9b63847f0b2549cc/gnocchi.c48c94fd-7185-423f-881c-51ffaed66f62/1763640000.0_mean_300.0_v3" "txf8471b75c7bd47ccbea60-006921a5c4" "proxy-server 20" 0.0205 "-" 25 0
Nov 22 12:00:04 standalone proxy-server[129425]: 172.18.0.2 172.18.0.100 22/Nov/2025/12/00/04 PUT /v1/AUTH_b003c8af711b41ad9b63847f0b2549cc/gnocchi.c48c94fd-7185-423f-881c-51ffaed66f62/1763640000.0_mean_300.0_v3 HTTP/1.0 201 - python-swiftclient-3.11.1 gAAAAABpIaQzeESC... 23 - - txf8471b75c7bd47ccbea60-006921a5c4 - 0.0280 - - 1763812804.335991144 1763812804.364014626 0
Nov 22 12:00:04 standalone container-server[127454]: 172.20.0.100 - - [22/Nov/2025:12:00:04 +0000] "PUT /d1/309/AUTH_b003c8af711b41ad9b63847f0b2549cc/gnocchi.c48c94fd-7185-423f-881c-51ffaed66f62/none_v3" 201 - "PUT http://172.18.0.2:8080/d1/704/AUTH_b003c8af711b41ad9b63847f0b2549cc/gnocchi.c48c94fd-7185-423f-881c-51ffaed66f62/none_v3" "tx55eba078cdbf4cd994895-006921a5c4" "object-server 25" 0.0009 "-" 22 0
Nov 22 12:00:04 standalone object-server[127641]: 172.20.0.100 - - [22/Nov/2025:12:00:04 +0000] "PUT /d1/704/AUTH_b003c8af711b41ad9b63847f0b2549cc/gnocchi.c48c94fd-7185-423f-881c-51ffaed66f62/none_v3" 201 - "PUT http://172.18.0.2:8080/v1/AUTH_b003c8af711b41ad9b63847f0b2549cc/gnocchi.c48c94fd-7185-423f-881c-51ffaed66f62/none_v3" "tx55eba078cdbf4cd994895-006921a5c4" "proxy-server 20" 0.0172 "-" 25 0
Nov 22 12:00:04 standalone proxy-server[129425]: 172.18.0.2 172.18.0.100 22/Nov/2025/12/00/04 PUT /v1/AUTH_b003c8af711b41ad9b63847f0b2549cc/gnocchi.c48c94fd-7185-423f-881c-51ffaed66f62/none_v3 HTTP/1.0 201 - python-swiftclient-3.11.1 gAAAAABpIaQzeESC... 22 - - tx55eba078cdbf4cd994895-006921a5c4 - 0.0254 - - 1763812804.368166208 1763812804.393582821 0
Nov 22 12:00:04 standalone container-server[127464]: 172.20.0.100 - - [22/Nov/2025:12:00:04 +0000] "HEAD /d1/948/AUTH_b003c8af711b41ad9b63847f0b2549cc/gnocchi.92c3ec22-278f-4f4f-a5e2-2f7510aa494d" 204 - "HEAD http://172.18.0.2:8080/v1/AUTH_b003c8af711b41ad9b63847f0b2549cc/gnocchi.92c3ec22-278f-4f4f-a5e2-2f7510aa494d?format=json&states=listing" "tx9c1d677dac404be08bbea-006921a5c4" "proxy-server 20" 0.0013 "-" 23 0
Nov 22 12:00:04 standalone object-server[127636]: 172.20.0.100 - - [22/Nov/2025:12:00:04 +0000] "GET /d1/856/AUTH_b003c8af711b41ad9b63847f0b2549cc/gnocchi.92c3ec22-278f-4f4f-a5e2-2f7510aa494d/none_v3" 200 22 "GET http://172.18.0.2:8080/v1/AUTH_b003c8af711b41ad9b63847f0b2549cc/gnocchi.92c3ec22-278f-4f4f-a5e2-2f7510aa494d/none_v3" "tx9c1d677dac404be08bbea-006921a5c4" "proxy-server 20" 0.0008 "-" 24 0
Nov 22 12:00:04 standalone proxy-server[129425]: 172.18.0.2 172.18.0.100 22/Nov/2025/12/00/04 GET /v1/AUTH_b003c8af711b41ad9b63847f0b2549cc/gnocchi.92c3ec22-278f-4f4f-a5e2-2f7510aa494d/none_v3 HTTP/1.0 200 - python-swiftclient-3.11.1 gAAAAABpIaQzeESC... - 22 - tx9c1d677dac404be08bbea-006921a5c4 - 0.0180 - - 1763812804.408088923 1763812804.426053047 0
Nov 22 12:00:04 standalone container-server[127464]: 172.20.0.100 - - [22/Nov/2025:12:00:04 +0000] "GET /d1/948/AUTH_b003c8af711b41ad9b63847f0b2549cc/gnocchi.92c3ec22-278f-4f4f-a5e2-2f7510aa494d" 200 357 "GET http://172.18.0.2:8080/v1/AUTH_b003c8af711b41ad9b63847f0b2549cc/gnocchi.92c3ec22-278f-4f4f-a5e2-2f7510aa494d?format=json&states=listing" "tx991ef5d768f84047bc03a-006921a5c4" "proxy-server 20" 0.0016 "-" 23 0
Nov 22 12:00:04 standalone proxy-server[129425]: 172.18.0.2 172.18.0.100 22/Nov/2025/12/00/04 GET /v1/AUTH_b003c8af711b41ad9b63847f0b2549cc/gnocchi.92c3ec22-278f-4f4f-a5e2-2f7510aa494d%3Fformat%3Djson%26states%3Dlisting HTTP/1.0 200 - python-swiftclient-3.11.1 gAAAAABpIaQzeESC... - 357 - tx991ef5d768f84047bc03a-006921a5c4 - 0.0071 - - 1763812804.430864334 1763812804.437998772 0
Nov 22 12:00:04 standalone container-server[127423]: 172.20.0.100 - - [22/Nov/2025:12:00:04 +0000] "GET /d1/948/AUTH_b003c8af711b41ad9b63847f0b2549cc/gnocchi.92c3ec22-278f-4f4f-a5e2-2f7510aa494d" 200 2 "GET http://172.18.0.2:8080/v1/AUTH_b003c8af711b41ad9b63847f0b2549cc/gnocchi.92c3ec22-278f-4f4f-a5e2-2f7510aa494d?format=json&marker=none_v3&states=listing" "tx9ecb29c6b1914f67a10a8-006921a5c4" "proxy-server 20" 0.0025 "-" 19 0
Nov 22 12:00:04 standalone proxy-server[129425]: 172.18.0.2 172.18.0.100 22/Nov/2025/12/00/04 GET /v1/AUTH_b003c8af711b41ad9b63847f0b2549cc/gnocchi.92c3ec22-278f-4f4f-a5e2-2f7510aa494d%3Fformat%3Djson%26marker%3Dnone_v3%26states%3Dlisting HTTP/1.0 200 - python-swiftclient-3.11.1 gAAAAABpIaQzeESC... - 2 - tx9ecb29c6b1914f67a10a8-006921a5c4 - 0.0101 - - 1763812804.439983368 1763812804.450046062 0
Nov 22 12:00:04 standalone object-server[127617]: 172.20.0.100 - - [22/Nov/2025:12:00:04 +0000] "GET /d1/35/AUTH_b003c8af711b41ad9b63847f0b2549cc/gnocchi.92c3ec22-278f-4f4f-a5e2-2f7510aa494d/1763640000.0_mean_300.0_v3" 200 16 "GET http://172.18.0.2:8080/v1/AUTH_b003c8af711b41ad9b63847f0b2549cc/gnocchi.92c3ec22-278f-4f4f-a5e2-2f7510aa494d/1763640000.0_mean_300.0_v3" "tx6bf6a557135b40248bc71-006921a5c4" "proxy-server 20" 0.0007 "-" 22 0
Nov 22 12:00:04 standalone proxy-server[129425]: 172.18.0.2 172.18.0.100 22/Nov/2025/12/00/04 GET /v1/AUTH_b003c8af711b41ad9b63847f0b2549cc/gnocchi.92c3ec22-278f-4f4f-a5e2-2f7510aa494d/1763640000.0_mean_300.0_v3 HTTP/1.0 200 - python-swiftclient-3.11.1 gAAAAABpIaQzeESC... - 16 - tx6bf6a557135b40248bc71-006921a5c4 - 0.0057 - - 1763812804.453117609 1763812804.458845615 0
Nov 22 12:00:04 standalone container-server[127423]: 172.20.0.100 - - [22/Nov/2025:12:00:04 +0000] "PUT /d1/948/AUTH_b003c8af711b41ad9b63847f0b2549cc/gnocchi.92c3ec22-278f-4f4f-a5e2-2f7510aa494d/1763640000.0_mean_300.0_v3" 201 - "PUT http://172.18.0.2:8080/d1/35/AUTH_b003c8af711b41ad9b63847f0b2549cc/gnocchi.92c3ec22-278f-4f4f-a5e2-2f7510aa494d/1763640000.0_mean_300.0_v3" "txf64758b94cde4de19dff4-006921a5c4" "object-server 23" 0.0006 "-" 19 0
Nov 22 12:00:04 standalone object-server[127628]: 172.20.0.100 - - [22/Nov/2025:12:00:04 +0000] "PUT /d1/35/AUTH_b003c8af711b41ad9b63847f0b2549cc/gnocchi.92c3ec22-278f-4f4f-a5e2-2f7510aa494d/1763640000.0_mean_300.0_v3" 201 - "PUT http://172.18.0.2:8080/v1/AUTH_b003c8af711b41ad9b63847f0b2549cc/gnocchi.92c3ec22-278f-4f4f-a5e2-2f7510aa494d/1763640000.0_mean_300.0_v3" "txf64758b94cde4de19dff4-006921a5c4" "proxy-server 20" 0.0114 "-" 23 0
Nov 22 12:00:04 standalone proxy-server[129425]: 172.18.0.2 172.18.0.100 22/Nov/2025/12/00/04 PUT /v1/AUTH_b003c8af711b41ad9b63847f0b2549cc/gnocchi.92c3ec22-278f-4f4f-a5e2-2f7510aa494d/1763640000.0_mean_300.0_v3 HTTP/1.0 201 - python-swiftclient-3.11.1 gAAAAABpIaQzeESC... 23 - - txf64758b94cde4de19dff4-006921a5c4 - 0.0158 - - 1763812804.461144924 1763812804.476913691 0
Nov 22 12:00:04 standalone container-server[127434]: 172.20.0.100 - - [22/Nov/2025:12:00:04 +0000] "PUT /d1/948/AUTH_b003c8af711b41ad9b63847f0b2549cc/gnocchi.92c3ec22-278f-4f4f-a5e2-2f7510aa494d/none_v3" 201 - "PUT http://172.18.0.2:8080/d1/856/AUTH_b003c8af711b41ad9b63847f0b2549cc/gnocchi.92c3ec22-278f-4f4f-a5e2-2f7510aa494d/none_v3" "tx7df3a2cf9bc54101a9f12-006921a5c4" "object-server 22" 0.0008 "-" 20 0
Nov 22 12:00:04 standalone object-server[127617]: 172.20.0.100 - - [22/Nov/2025:12:00:04 +0000] "PUT /d1/856/AUTH_b003c8af711b41ad9b63847f0b2549cc/gnocchi.92c3ec22-278f-4f4f-a5e2-2f7510aa494d/none_v3" 201 - "PUT http://172.18.0.2:8080/v1/AUTH_b003c8af711b41ad9b63847f0b2549cc/gnocchi.92c3ec22-278f-4f4f-a5e2-2f7510aa494d/none_v3" "tx7df3a2cf9bc54101a9f12-006921a5c4" "proxy-server 20" 0.0088 "-" 22 0
Nov 22 12:00:04 standalone proxy-server[129425]: 172.18.0.2 172.18.0.100 22/Nov/2025/12/00/04 PUT /v1/AUTH_b003c8af711b41ad9b63847f0b2549cc/gnocchi.92c3ec22-278f-4f4f-a5e2-2f7510aa494d/none_v3 HTTP/1.0 201 - python-swiftclient-3.11.1 gAAAAABpIaQzeESC... 22 - - tx7df3a2cf9bc54101a9f12-006921a5c4 - 0.0133 - - 1763812804.478637218 1763812804.491969585 0
Nov 22 12:00:04 standalone container-server[127464]: 172.20.0.100 - - [22/Nov/2025:12:00:04 +0000] "HEAD /d1/293/AUTH_b003c8af711b41ad9b63847f0b2549cc/gnocchi.82b7751b-1c57-4f1d-b2e0-1c40f1255a87" 204 - "HEAD http://172.18.0.2:8080/v1/AUTH_b003c8af711b41ad9b63847f0b2549cc/gnocchi.82b7751b-1c57-4f1d-b2e0-1c40f1255a87?format=json&states=listing" "tx280910e6693c42d0afe10-006921a5c4" "proxy-server 20" 0.0016 "-" 23 0
Nov 22 12:00:04 standalone object-server[127628]: 172.20.0.100 - - [22/Nov/2025:12:00:04 +0000] "GET /d1/479/AUTH_b003c8af711b41ad9b63847f0b2549cc/gnocchi.82b7751b-1c57-4f1d-b2e0-1c40f1255a87/none_v3" 200 22 "GET http://172.18.0.2:8080/v1/AUTH_b003c8af711b41ad9b63847f0b2549cc/gnocchi.82b7751b-1c57-4f1d-b2e0-1c40f1255a87/none_v3" "tx280910e6693c42d0afe10-006921a5c4" "proxy-server 20" 0.0008 "-" 23 0
Nov 22 12:00:04 standalone proxy-server[129425]: 172.18.0.2 172.18.0.100 22/Nov/2025/12/00/04 GET /v1/AUTH_b003c8af711b41ad9b63847f0b2549cc/gnocchi.82b7751b-1c57-4f1d-b2e0-1c40f1255a87/none_v3 HTTP/1.0 200 - python-swiftclient-3.11.1 gAAAAABpIaQzeESC... - 22 - tx280910e6693c42d0afe10-006921a5c4 - 0.0119 - - 1763812804.500662327 1763812804.512599468 0
Nov 22 12:00:04 standalone container-server[127464]: 172.20.0.100 - - [22/Nov/2025:12:00:04 +0000] "GET /d1/293/AUTH_b003c8af711b41ad9b63847f0b2549cc/gnocchi.82b7751b-1c57-4f1d-b2e0-1c40f1255a87" 200 357 "GET http://172.18.0.2:8080/v1/AUTH_b003c8af711b41ad9b63847f0b2549cc/gnocchi.82b7751b-1c57-4f1d-b2e0-1c40f1255a87?format=json&states=listing" "txb2d9f4bc6f5d457f89e16-006921a5c4" "proxy-server 20" 0.0029 "-" 23 0
Nov 22 12:00:04 standalone proxy-server[129425]: 172.18.0.2 172.18.0.100 22/Nov/2025/12/00/04 GET /v1/AUTH_b003c8af711b41ad9b63847f0b2549cc/gnocchi.82b7751b-1c57-4f1d-b2e0-1c40f1255a87%3Fformat%3Djson%26states%3Dlisting HTTP/1.0 200 - python-swiftclient-3.11.1 gAAAAABpIaQzeESC... - 357 - txb2d9f4bc6f5d457f89e16-006921a5c4 - 0.0137 - - 1763812804.516265869 1763812804.529916763 0
Nov 22 12:00:04 standalone container-server[127464]: 172.20.0.100 - - [22/Nov/2025:12:00:04 +0000] "GET /d1/293/AUTH_b003c8af711b41ad9b63847f0b2549cc/gnocchi.82b7751b-1c57-4f1d-b2e0-1c40f1255a87" 200 2 "GET http://172.18.0.2:8080/v1/AUTH_b003c8af711b41ad9b63847f0b2549cc/gnocchi.82b7751b-1c57-4f1d-b2e0-1c40f1255a87?format=json&marker=none_v3&states=listing" "txbcba08a96aa74daea8b02-006921a5c4" "proxy-server 20" 0.0022 "-" 23 0
Nov 22 12:00:04 standalone proxy-server[129425]: 172.18.0.2 172.18.0.100 22/Nov/2025/12/00/04 GET /v1/AUTH_b003c8af711b41ad9b63847f0b2549cc/gnocchi.82b7751b-1c57-4f1d-b2e0-1c40f1255a87%3Fformat%3Djson%26marker%3Dnone_v3%26states%3Dlisting HTTP/1.0 200 - python-swiftclient-3.11.1 gAAAAABpIaQzeESC... - 2 - txbcba08a96aa74daea8b02-006921a5c4 - 0.0108 - - 1763812804.534004211 1763812804.544767380 0
Nov 22 12:00:04 standalone object-server[127641]: 172.20.0.100 - - [22/Nov/2025:12:00:04 +0000] "GET /d1/148/AUTH_b003c8af711b41ad9b63847f0b2549cc/gnocchi.82b7751b-1c57-4f1d-b2e0-1c40f1255a87/1763640000.0_mean_300.0_v3" 200 16 "GET http://172.18.0.2:8080/v1/AUTH_b003c8af711b41ad9b63847f0b2549cc/gnocchi.82b7751b-1c57-4f1d-b2e0-1c40f1255a87/1763640000.0_mean_300.0_v3" "tx4da43405c13b4971a6ea4-006921a5c4" "proxy-server 20" 0.0013 "-" 25 0
Nov 22 12:00:04 standalone proxy-server[129425]: 172.18.0.2 172.18.0.100 22/Nov/2025/12/00/04 GET /v1/AUTH_b003c8af711b41ad9b63847f0b2549cc/gnocchi.82b7751b-1c57-4f1d-b2e0-1c40f1255a87/1763640000.0_mean_300.0_v3 HTTP/1.0 200 - python-swiftclient-3.11.1 gAAAAABpIaQzeESC... - 16 - tx4da43405c13b4971a6ea4-006921a5c4 - 0.0100 - - 1763812804.548635483 1763812804.558639765 0
Nov 22 12:00:04 standalone container-server[127464]: 172.20.0.100 - - [22/Nov/2025:12:00:04 +0000] "PUT /d1/293/AUTH_b003c8af711b41ad9b63847f0b2549cc/gnocchi.82b7751b-1c57-4f1d-b2e0-1c40f1255a87/1763640000.0_mean_300.0_v3" 201 - "PUT http://172.18.0.2:8080/d1/148/AUTH_b003c8af711b41ad9b63847f0b2549cc/gnocchi.82b7751b-1c57-4f1d-b2e0-1c40f1255a87/1763640000.0_mean_300.0_v3" "txdba8aab5f1ab46c8a6ac0-006921a5c4" "object-server 23" 0.0006 "-" 23 0
Nov 22 12:00:04 standalone object-server[127628]: 172.20.0.100 - - [22/Nov/2025:12:00:04 +0000] "PUT /d1/148/AUTH_b003c8af711b41ad9b63847f0b2549cc/gnocchi.82b7751b-1c57-4f1d-b2e0-1c40f1255a87/1763640000.0_mean_300.0_v3" 201 - "PUT http://172.18.0.2:8080/v1/AUTH_b003c8af711b41ad9b63847f0b2549cc/gnocchi.82b7751b-1c57-4f1d-b2e0-1c40f1255a87/1763640000.0_mean_300.0_v3" "txdba8aab5f1ab46c8a6ac0-006921a5c4" "proxy-server 20" 0.0111 "-" 23 0
Nov 22 12:00:04 standalone proxy-server[129425]: 172.18.0.2 172.18.0.100 22/Nov/2025/12/00/04 PUT /v1/AUTH_b003c8af711b41ad9b63847f0b2549cc/gnocchi.82b7751b-1c57-4f1d-b2e0-1c40f1255a87/1763640000.0_mean_300.0_v3 HTTP/1.0 201 - python-swiftclient-3.11.1 gAAAAABpIaQzeESC... 23 - - txdba8aab5f1ab46c8a6ac0-006921a5c4 - 0.0182 - - 1763812804.562730551 1763812804.580977678 0
Nov 22 12:00:04 standalone container-server[127423]: 172.20.0.100 - - [22/Nov/2025:12:00:04 +0000] "PUT /d1/293/AUTH_b003c8af711b41ad9b63847f0b2549cc/gnocchi.82b7751b-1c57-4f1d-b2e0-1c40f1255a87/none_v3" 201 - "PUT http://172.18.0.2:8080/d1/479/AUTH_b003c8af711b41ad9b63847f0b2549cc/gnocchi.82b7751b-1c57-4f1d-b2e0-1c40f1255a87/none_v3" "txbd2a77c27ec64d82b16ab-006921a5c4" "object-server 23" 0.0009 "-" 19 0
Nov 22 12:00:04 standalone object-server[127628]: 172.20.0.100 - - [22/Nov/2025:12:00:04 +0000] "PUT /d1/479/AUTH_b003c8af711b41ad9b63847f0b2549cc/gnocchi.82b7751b-1c57-4f1d-b2e0-1c40f1255a87/none_v3" 201 - "PUT http://172.18.0.2:8080/v1/AUTH_b003c8af711b41ad9b63847f0b2549cc/gnocchi.82b7751b-1c57-4f1d-b2e0-1c40f1255a87/none_v3" "txbd2a77c27ec64d82b16ab-006921a5c4" "proxy-server 20" 0.0102 "-" 23 0
Nov 22 12:00:04 standalone proxy-server[129425]: 172.18.0.2 172.18.0.100 22/Nov/2025/12/00/04 PUT /v1/AUTH_b003c8af711b41ad9b63847f0b2549cc/gnocchi.82b7751b-1c57-4f1d-b2e0-1c40f1255a87/none_v3 HTTP/1.0 201 - python-swiftclient-3.11.1 gAAAAABpIaQzeESC... 22 - - txbd2a77c27ec64d82b16ab-006921a5c4 - 0.0188 - - 1763812804.584304333 1763812804.603119373 0
Nov 22 12:01:08 standalone account-server[127329]: 172.20.0.100 - - [22/Nov/2025:12:01:08 +0000] "HEAD /d1/558/.expiring_objects" 404 - "HEAD http://localhost/v1/.expiring_objects?format=json" "tx5031932238834ce8bd276-006921a604" "proxy-server 2" 0.0007 "-" 14 -
Nov 22 12:01:08 standalone object-expirer[127252]: Pass completed in 0s; 0 objects expired (txn: tx5031932238834ce8bd276-006921a604)
Nov 22 12:01:44 standalone account-server[127386]: 172.20.0.100 - - [22/Nov/2025:12:01:44 +0000] "HEAD /d1/558/.expiring_objects" 404 - "HEAD http://localhost/v1/.expiring_objects?format=json" "tx4b8b63c535cf4f31b2bdc-006921a628" "proxy-server 2" 0.0006 "-" 17 -
Nov 22 12:01:44 standalone object-expirer[127252]: Pass completed in 0s; 0 objects expired (txn: tx4b8b63c535cf4f31b2bdc-006921a628)
Nov 22 12:02:10 standalone object-server[127568]: Begin object update sweep
Nov 22 12:02:10 standalone object-server[277849]: Object update sweep starting on /srv/node/d1 (pid: 16)
Nov 22 12:02:10 standalone object-server[277849]: Object update sweep completed on /srv/node/d1 in 0.00s seconds:, 0 successes, 0 failures, 0 quarantines, 0 unlinks, 0 errors, 0 redirects (pid: 16)
Nov 22 12:02:10 standalone object-server[277849]: Object update sweep of d1 completed: 0.00s, 0 successes, 0 failures, 0 quarantines, 0 unlinks, 0 errors, 0 redirects
Nov 22 12:02:10 standalone object-server[127568]: Object update sweep completed: 0.08s
Nov 22 12:03:45 standalone container-server[127205]: Begin container update sweep
Nov 22 12:03:45 standalone account-server[127347]: 172.20.0.100 - - [22/Nov/2025:12:03:45 +0000] "PUT /d1/28/AUTH_b003c8af711b41ad9b63847f0b2549cc/gnocchi.92c3ec22-278f-4f4f-a5e2-2f7510aa494d" 201 - "-" "-" "container-updater 2" 0.0009 "-" 15 0
Nov 22 12:03:46 standalone account-server[127329]: 172.20.0.100 - - [22/Nov/2025:12:03:46 +0000] "PUT /d1/28/AUTH_b003c8af711b41ad9b63847f0b2549cc/gnocchi.c48c94fd-7185-423f-881c-51ffaed66f62" 201 - "-" "-" "container-updater 2" 0.0007 "-" 14 0
Nov 22 12:03:48 standalone account-server[127329]: 172.20.0.100 - - [22/Nov/2025:12:03:48 +0000] "PUT /d1/28/AUTH_b003c8af711b41ad9b63847f0b2549cc/gnocchi.82b7751b-1c57-4f1d-b2e0-1c40f1255a87" 201 - "-" "-" "container-updater 2" 0.0007 "-" 14 0
Nov 22 12:03:49 standalone account-server[127356]: 172.20.0.100 - - [22/Nov/2025:12:03:49 +0000] "PUT /d1/28/AUTH_b003c8af711b41ad9b63847f0b2549cc/gnocchi.0e2d5669-5659-4a26-9c54-3bdcb39b638b" 201 - "-" "-" "container-updater 2" 0.0008 "-" 16 0
Nov 22 12:03:49 standalone container-server[127205]: Container update sweep completed: 4.24s
Nov 22 12:04:26 standalone account-server[127329]: 172.20.0.100 - - [22/Nov/2025:12:04:26 +0000] "HEAD /d1/558/.expiring_objects" 404 - "HEAD http://localhost/v1/.expiring_objects?format=json" "tx5ec1ea7440324d4d9e967-006921a6ca" "proxy-server 2" 0.0009 "-" 14 -
Nov 22 12:04:26 standalone object-expirer[127252]: Pass completed in 0s; 0 objects expired (txn: tx5ec1ea7440324d4d9e967-006921a6ca)
Nov 22 12:06:27 standalone account-server[127386]: 172.20.0.100 - - [22/Nov/2025:12:06:27 +0000] "HEAD /d1/558/.expiring_objects" 404 - "HEAD http://localhost/v1/.expiring_objects?format=json" "txc963c0a865e24cd599110-006921a743" "proxy-server 2" 0.0009 "-" 17 -
Nov 22 12:06:27 standalone object-expirer[127252]: Pass completed in 0s; 0 objects expired (txn: txc963c0a865e24cd599110-006921a743)
Nov 22 12:07:10 standalone object-server[127568]: Begin object update sweep
Nov 22 12:07:10 standalone object-server[302573]: Object update sweep starting on /srv/node/d1 (pid: 17)
Nov 22 12:07:10 standalone object-server[302573]: Object update sweep completed on /srv/node/d1 in 0.00s seconds:, 0 successes, 0 failures, 0 quarantines, 0 unlinks, 0 errors, 0 redirects (pid: 17)
Nov 22 12:07:10 standalone object-server[302573]: Object update sweep of d1 completed: 0.00s, 0 successes, 0 failures, 0 quarantines, 0 unlinks, 0 errors, 0 redirects
Nov 22 12:07:10 standalone object-server[127568]: Object update sweep completed: 0.09s
Nov 22 12:08:45 standalone container-server[127205]: Begin container update sweep
Nov 22 12:08:48 standalone container-server[127205]: Container update sweep completed: 3.03s
Nov 22 12:09:33 standalone account-server[127356]: 172.20.0.100 - - [22/Nov/2025:12:09:33 +0000] "HEAD /d1/558/.expiring_objects" 404 - "HEAD http://localhost/v1/.expiring_objects?format=json" "tx0214c2591abc4e568d3ef-006921a7fd" "proxy-server 2" 0.0013 "-" 16 -
Nov 22 12:09:33 standalone object-expirer[127252]: Pass completed in 0s; 0 objects expired (txn: tx0214c2591abc4e568d3ef-006921a7fd)
Nov 22 12:10:47 standalone account-server[126864]: Devices pass completed: 0.00s
Nov 22 12:12:10 standalone object-server[127568]: Begin object update sweep
Nov 22 12:12:10 standalone object-server[326196]: Object update sweep starting on /srv/node/d1 (pid: 18)
Nov 22 12:12:10 standalone object-server[326196]: Object update sweep completed on /srv/node/d1 in 0.00s seconds:, 0 successes, 0 failures, 0 quarantines, 0 unlinks, 0 errors, 0 redirects (pid: 18)
Nov 22 12:12:10 standalone object-server[326196]: Object update sweep of d1 completed: 0.00s, 0 successes, 0 failures, 0 quarantines, 0 unlinks, 0 errors, 0 redirects
Nov 22 12:12:10 standalone object-server[127568]: Object update sweep completed: 0.08s
Nov 22 12:12:54 standalone account-server[127329]: 172.20.0.100 - - [22/Nov/2025:12:12:54 +0000] "HEAD /d1/558/.expiring_objects" 404 - "HEAD http://localhost/v1/.expiring_objects?format=json" "tx65d5c37ace1a49e5bc240-006921a8c6" "proxy-server 2" 0.0008 "-" 14 -
Nov 22 12:12:54 standalone object-expirer[127252]: Pass completed in 0s; 0 objects expired (txn: tx65d5c37ace1a49e5bc240-006921a8c6)
Nov 22 12:13:45 standalone container-server[127205]: Begin container update sweep
Nov 22 12:13:48 standalone container-server[127205]: Container update sweep completed: 3.16s
Nov 22 12:16:57 standalone account-server[127347]: 172.20.0.100 - - [22/Nov/2025:12:16:57 +0000] "HEAD /d1/558/.expiring_objects" 404 - "HEAD http://localhost/v1/.expiring_objects?format=json" "txa13e161110ec4b19a8968-006921a9b9" "proxy-server 2" 0.0008 "-" 15 -
Nov 22 12:16:57 standalone object-expirer[127252]: Pass completed in 0s; 0 objects expired (txn: txa13e161110ec4b19a8968-006921a9b9)
Nov 22 12:17:10 standalone object-server[127568]: Begin object update sweep
Nov 22 12:17:10 standalone object-server[347287]: Object update sweep starting on /srv/node/d1 (pid: 19)
Nov 22 12:17:10 standalone object-server[347287]: Object update sweep completed on /srv/node/d1 in 0.00s seconds:, 0 successes, 0 failures, 0 quarantines, 0 unlinks, 0 errors, 0 redirects (pid: 19)
Nov 22 12:17:10 standalone object-server[347287]: Object update sweep of d1 completed: 0.00s, 0 successes, 0 failures, 0 quarantines, 0 unlinks, 0 errors, 0 redirects
Nov 22 12:17:10 standalone object-server[127568]: Object update sweep completed: 0.08s
Nov 22 12:17:57 standalone account-server[127329]: 172.20.0.100 - - [22/Nov/2025:12:17:57 +0000] "HEAD /d1/558/.expiring_objects" 404 - "HEAD http://localhost/v1/.expiring_objects?format=json" "tx359cf171759e48828e59c-006921a9f5" "proxy-server 2" 0.0008 "-" 14 -
Nov 22 12:17:57 standalone object-expirer[127252]: Pass completed in 0s; 0 objects expired (txn: tx359cf171759e48828e59c-006921a9f5)
Nov 22 12:18:28 standalone account-server[127356]: 172.20.0.100 - - [22/Nov/2025:12:18:28 +0000] "HEAD /d1/558/.expiring_objects" 404 - "HEAD http://localhost/v1/.expiring_objects?format=json" "tx6bdc10df52d347ada2c87-006921aa14" "proxy-server 2" 0.0006 "-" 16 -
Nov 22 12:18:28 standalone object-expirer[127252]: Pass completed in 0s; 0 objects expired (txn: tx6bdc10df52d347ada2c87-006921aa14)
Nov 22 12:18:45 standalone container-server[127205]: Begin container update sweep
Nov 22 12:18:46 standalone account-server[127386]: 172.20.0.100 - - [22/Nov/2025:12:18:46 +0000] "HEAD /d1/558/.expiring_objects" 404 - "HEAD http://localhost/v1/.expiring_objects?format=json" "tx53a4807c8f544ce89ed16-006921aa26" "proxy-server 2" 0.0007 "-" 17 -
Nov 22 12:18:46 standalone object-expirer[127252]: Pass completed in 0s; 0 objects expired (txn: tx53a4807c8f544ce89ed16-006921aa26)
Nov 22 12:18:48 standalone container-server[127205]: Container update sweep completed: 3.18s
Nov 22 12:19:51 standalone account-server[127356]: 172.20.0.100 - - [22/Nov/2025:12:19:51 +0000] "HEAD /d1/558/.expiring_objects" 404 - "HEAD http://localhost/v1/.expiring_objects?format=json" "tx0aee867f5d1a4115a6c5d-006921aa67" "proxy-server 2" 0.0007 "-" 16 -
Nov 22 12:19:51 standalone object-expirer[127252]: Pass completed in 0s; 0 objects expired (txn: tx0aee867f5d1a4115a6c5d-006921aa67)
Nov 22 12:22:10 standalone object-server[127568]: Begin object update sweep
Nov 22 12:22:10 standalone object-server[368586]: Object update sweep starting on /srv/node/d1 (pid: 20)
Nov 22 12:22:10 standalone object-server[368586]: Object update sweep completed on /srv/node/d1 in 0.00s seconds:, 0 successes, 0 failures, 0 quarantines, 0 unlinks, 0 errors, 0 redirects (pid: 20)
Nov 22 12:22:10 standalone object-server[368586]: Object update sweep of d1 completed: 0.00s, 0 successes, 0 failures, 0 quarantines, 0 unlinks, 0 errors, 0 redirects
Nov 22 12:22:10 standalone object-server[127568]: Object update sweep completed: 0.08s
Nov 22 12:23:45 standalone container-server[127205]: Begin container update sweep
Nov 22 12:23:49 standalone container-server[127205]: Container update sweep completed: 3.41s
Nov 22 12:24:40 standalone account-server[127347]: 172.20.0.100 - - [22/Nov/2025:12:24:40 +0000] "HEAD /d1/558/.expiring_objects" 404 - "HEAD http://localhost/v1/.expiring_objects?format=json" "tx993e84ac8049415cb3bf8-006921ab88" "proxy-server 2" 0.0008 "-" 15 -
Nov 22 12:24:40 standalone object-expirer[127252]: Pass completed in 0s; 0 objects expired (txn: tx993e84ac8049415cb3bf8-006921ab88)
Nov 22 12:24:54 standalone account-server[127386]: 172.20.0.100 - - [22/Nov/2025:12:24:54 +0000] "HEAD /d1/558/.expiring_objects" 404 - "HEAD http://localhost/v1/.expiring_objects?format=json" "tx96ad5040b7114e3a9e503-006921ab96" "proxy-server 2" 0.0007 "-" 17 -
Nov 22 12:24:54 standalone object-expirer[127252]: Pass completed in 0s; 0 objects expired (txn: tx96ad5040b7114e3a9e503-006921ab96)
Nov 22 12:27:10 standalone object-server[127568]: Begin object update sweep
Nov 22 12:27:10 standalone object-server[388432]: Object update sweep starting on /srv/node/d1 (pid: 21)
Nov 22 12:27:10 standalone object-server[388432]: Object update sweep completed on /srv/node/d1 in 0.00s seconds:, 0 successes, 0 failures, 0 quarantines, 0 unlinks, 0 errors, 0 redirects (pid: 21)
Nov 22 12:27:10 standalone object-server[388432]: Object update sweep of d1 completed: 0.00s, 0 successes, 0 failures, 0 quarantines, 0 unlinks, 0 errors, 0 redirects
Nov 22 12:27:10 standalone object-server[127568]: Object update sweep completed: 0.08s
Nov 22 12:27:15 standalone account-server[127347]: 172.20.0.100 - - [22/Nov/2025:12:27:15 +0000] "HEAD /d1/558/.expiring_objects" 404 - "HEAD http://localhost/v1/.expiring_objects?format=json" "tx03b1cff5b55c49e49b396-006921ac23" "proxy-server 2" 0.0005 "-" 15 -
Nov 22 12:27:15 standalone object-expirer[127252]: Pass completed in 0s; 0 objects expired (txn: tx03b1cff5b55c49e49b396-006921ac23)
Nov 22 12:28:33 standalone account-server[127386]: 172.20.0.100 - - [22/Nov/2025:12:28:33 +0000] "HEAD /d1/558/.expiring_objects" 404 - "HEAD http://localhost/v1/.expiring_objects?format=json" "txbbee00811b55443faa5c0-006921ac71" "proxy-server 2" 0.0007 "-" 17 -
Nov 22 12:28:33 standalone object-expirer[127252]: Pass completed in 0s; 0 objects expired (txn: txbbee00811b55443faa5c0-006921ac71)
Nov 22 12:28:46 standalone container-server[127205]: Begin container update sweep
Nov 22 12:28:49 standalone container-server[127205]: Container update sweep completed: 3.18s
Nov 22 12:31:10 standalone account-server[127356]: 172.20.0.100 - - [22/Nov/2025:12:31:10 +0000] "HEAD /d1/558/.expiring_objects" 404 - "HEAD http://localhost/v1/.expiring_objects?format=json" "tx11893c589219433fb6d2f-006921ad0e" "proxy-server 2" 0.0005 "-" 16 -
Nov 22 12:31:10 standalone object-expirer[127252]: Pass completed in 0s; 0 objects expired (txn: tx11893c589219433fb6d2f-006921ad0e)
Nov 22 12:32:10 standalone object-server[127568]: Begin object update sweep
Nov 22 12:32:10 standalone object-server[395883]: Object update sweep starting on /srv/node/d1 (pid: 22)
Nov 22 12:32:10 standalone object-server[395883]: Object update sweep completed on /srv/node/d1 in 0.00s seconds:, 0 successes, 0 failures, 0 quarantines, 0 unlinks, 0 errors, 0 redirects (pid: 22)
