Nov 22 11:55:41 standalone container-server[127464]: 172.20.0.100 - - [22/Nov/2025:11:55:41 +0000] "PUT /d1/948/AUTH_b003c8af711b41ad9b63847f0b2549cc/gnocchi.92c3ec22-278f-4f4f-a5e2-2f7510aa494d/1763640000.0_mean_300.0_v3" 201 - "PUT http://172.18.0.2:8080/d1/35/AUTH_b003c8af711b41ad9b63847f0b2549cc/gnocchi.92c3ec22-278f-4f4f-a5e2-2f7510aa494d/1763640000.0_mean_300.0_v3" "tx60ab0f1f65ff4125b7da1-006921a4bd" "object-server 25" 0.0014 "-" 23 0
Nov 22 11:55:41 standalone object-server[127641]: 172.20.0.100 - - [22/Nov/2025:11:55:41 +0000] "PUT /d1/35/AUTH_b003c8af711b41ad9b63847f0b2549cc/gnocchi.92c3ec22-278f-4f4f-a5e2-2f7510aa494d/1763640000.0_mean_300.0_v3" 201 - "PUT http://172.18.0.2:8080/v1/AUTH_b003c8af711b41ad9b63847f0b2549cc/gnocchi.92c3ec22-278f-4f4f-a5e2-2f7510aa494d/1763640000.0_mean_300.0_v3" "tx60ab0f1f65ff4125b7da1-006921a4bd" "proxy-server 20" 0.0151 "-" 25 0
Nov 22 11:55:41 standalone proxy-server[129425]: 172.18.0.2 172.18.0.100 22/Nov/2025/11/55/41 PUT /v1/AUTH_b003c8af711b41ad9b63847f0b2549cc/gnocchi.92c3ec22-278f-4f4f-a5e2-2f7510aa494d/1763640000.0_mean_300.0_v3 HTTP/1.0 201 - python-swiftclient-3.11.1 gAAAAABpIaQzeESC... 16 - - tx60ab0f1f65ff4125b7da1-006921a4bd - 0.0282 - - 1763812541.428932428 1763812541.457171917 0
Nov 22 11:55:41 standalone container-server[127454]: 172.20.0.100 - - [22/Nov/2025:11:55:41 +0000] "PUT /d1/948/AUTH_b003c8af711b41ad9b63847f0b2549cc/gnocchi.92c3ec22-278f-4f4f-a5e2-2f7510aa494d/none_v3" 201 - "PUT http://172.18.0.2:8080/d1/856/AUTH_b003c8af711b41ad9b63847f0b2549cc/gnocchi.92c3ec22-278f-4f4f-a5e2-2f7510aa494d/none_v3" "txdaf53c4c973e4f7f849ac-006921a4bd" "object-server 22" 0.0012 "-" 22 0
Nov 22 11:55:41 standalone object-server[127617]: 172.20.0.100 - - [22/Nov/2025:11:55:41 +0000] "PUT /d1/856/AUTH_b003c8af711b41ad9b63847f0b2549cc/gnocchi.92c3ec22-278f-4f4f-a5e2-2f7510aa494d/none_v3" 201 - "PUT http://172.18.0.2:8080/v1/AUTH_b003c8af711b41ad9b63847f0b2549cc/gnocchi.92c3ec22-278f-4f4f-a5e2-2f7510aa494d/none_v3" "txdaf53c4c973e4f7f849ac-006921a4bd" "proxy-server 20" 0.0141 "-" 22 0
Nov 22 11:55:41 standalone proxy-server[129425]: 172.18.0.2 172.18.0.100 22/Nov/2025/11/55/41 PUT /v1/AUTH_b003c8af711b41ad9b63847f0b2549cc/gnocchi.92c3ec22-278f-4f4f-a5e2-2f7510aa494d/none_v3 HTTP/1.0 201 - python-swiftclient-3.11.1 gAAAAABpIaQzeESC... 22 - - txdaf53c4c973e4f7f849ac-006921a4bd - 0.0237 - - 1763812541.460373878 1763812541.484102726 0
Nov 22 11:55:41 standalone container-server[127434]: 172.20.0.100 - - [22/Nov/2025:11:55:41 +0000] "HEAD /d1/157/AUTH_b003c8af711b41ad9b63847f0b2549cc/gnocchi.0e2d5669-5659-4a26-9c54-3bdcb39b638b" 404 - "HEAD http://172.18.0.2:8080/v1/AUTH_b003c8af711b41ad9b63847f0b2549cc/gnocchi.0e2d5669-5659-4a26-9c54-3bdcb39b638b?format=json&states=listing" "tx9fe2b83cf6d84a5988ae9-006921a4bd" "proxy-server 20" 0.0006 "-" 20 0
Nov 22 11:55:41 standalone object-server[127628]: 172.20.0.100 - - [22/Nov/2025:11:55:41 +0000] "GET /d1/24/AUTH_b003c8af711b41ad9b63847f0b2549cc/gnocchi.0e2d5669-5659-4a26-9c54-3bdcb39b638b/none_v3" 404 70 "GET http://172.18.0.2:8080/v1/AUTH_b003c8af711b41ad9b63847f0b2549cc/gnocchi.0e2d5669-5659-4a26-9c54-3bdcb39b638b/none_v3" "tx9fe2b83cf6d84a5988ae9-006921a4bd" "proxy-server 20" 0.0008 "-" 23 0
Nov 22 11:55:41 standalone proxy-server[129425]: 172.18.0.2 172.18.0.100 22/Nov/2025/11/55/41 GET /v1/AUTH_b003c8af711b41ad9b63847f0b2549cc/gnocchi.0e2d5669-5659-4a26-9c54-3bdcb39b638b/none_v3 HTTP/1.0 404 - python-swiftclient-3.11.1 gAAAAABpIaQzeESC... - 70 - tx9fe2b83cf6d84a5988ae9-006921a4bd - 0.0164 - - 1763812541.496176720 1763812541.512554646 0
Nov 22 11:55:41 standalone account-server[127356]: 172.20.0.100 - - [22/Nov/2025:11:55:41 +0000] "PUT /d1/28/AUTH_b003c8af711b41ad9b63847f0b2549cc/gnocchi.0e2d5669-5659-4a26-9c54-3bdcb39b638b" 201 - "PUT http://172.20.0.100:6001/d1/157/AUTH_b003c8af711b41ad9b63847f0b2549cc/gnocchi.0e2d5669-5659-4a26-9c54-3bdcb39b638b" "txd0ff1c7b3d144283b2410-006921a4bd" "container-server 19" 0.0063 "-" 16 0
Nov 22 11:55:41 standalone container-server[127423]: 172.20.0.100 - - [22/Nov/2025:11:55:41 +0000] "PUT /d1/157/AUTH_b003c8af711b41ad9b63847f0b2549cc/gnocchi.0e2d5669-5659-4a26-9c54-3bdcb39b638b" 201 - "PUT http://172.18.0.2:8080/v1/AUTH_b003c8af711b41ad9b63847f0b2549cc/gnocchi.0e2d5669-5659-4a26-9c54-3bdcb39b638b" "txd0ff1c7b3d144283b2410-006921a4bd" "proxy-server 20" 0.0253 "-" 19 0
Nov 22 11:55:41 standalone proxy-server[129425]: 172.18.0.2 172.18.0.100 22/Nov/2025/11/55/41 PUT /v1/AUTH_b003c8af711b41ad9b63847f0b2549cc/gnocchi.0e2d5669-5659-4a26-9c54-3bdcb39b638b HTTP/1.0 201 - python-swiftclient-3.11.1 gAAAAABpIaQzeESC... - - - txd0ff1c7b3d144283b2410-006921a4bd - 0.0390 - - 1763812541.517556190 1763812541.556585073 0
Nov 22 11:55:41 standalone container-server[127464]: 172.20.0.100 - - [22/Nov/2025:11:55:41 +0000] "HEAD /d1/157/AUTH_b003c8af711b41ad9b63847f0b2549cc/gnocchi.0e2d5669-5659-4a26-9c54-3bdcb39b638b" 204 - "HEAD http://172.18.0.2:8080/v1/AUTH_b003c8af711b41ad9b63847f0b2549cc/gnocchi.0e2d5669-5659-4a26-9c54-3bdcb39b638b?format=json&states=listing" "txfba51f16859541a7ac67e-006921a4bd" "proxy-server 20" 0.0041 "-" 23 0
Nov 22 11:55:41 standalone proxy-server[129425]: - - 22/Nov/2025/11/55/41 HEAD /v1/AUTH_b003c8af711b41ad9b63847f0b2549cc/gnocchi.0e2d5669-5659-4a26-9c54-3bdcb39b638b%3Fformat%3Djson%26states%3Dlisting HTTP/1.0 204 - Swift - - - - txfba51f16859541a7ac67e-006921a4bd - 0.0108 RL - 1763812541.574805975 1763812541.585650206 0
Nov 22 11:55:41 standalone container-server[127423]: 172.20.0.100 - - [22/Nov/2025:11:55:41 +0000] "GET /d1/157/AUTH_b003c8af711b41ad9b63847f0b2549cc/gnocchi.0e2d5669-5659-4a26-9c54-3bdcb39b638b" 200 2 "GET http://172.18.0.2:8080/v1/AUTH_b003c8af711b41ad9b63847f0b2549cc/gnocchi.0e2d5669-5659-4a26-9c54-3bdcb39b638b?format=json&states=listing" "txfba51f16859541a7ac67e-006921a4bd" "proxy-server 20" 0.0057 "-" 19 0
Nov 22 11:55:41 standalone proxy-server[129425]: 172.18.0.2 172.18.0.100 22/Nov/2025/11/55/41 GET /v1/AUTH_b003c8af711b41ad9b63847f0b2549cc/gnocchi.0e2d5669-5659-4a26-9c54-3bdcb39b638b%3Fformat%3Djson%26states%3Dlisting HTTP/1.0 200 - python-swiftclient-3.11.1 gAAAAABpIaQzeESC... - 2 - txfba51f16859541a7ac67e-006921a4bd - 0.0314 - - 1763812541.571145058 1763812541.602523327 0
Nov 22 11:55:41 standalone object-server[127636]: 172.20.0.100 - - [22/Nov/2025:11:55:41 +0000] "GET /d1/941/AUTH_b003c8af711b41ad9b63847f0b2549cc/gnocchi.0e2d5669-5659-4a26-9c54-3bdcb39b638b/1763640000.0_mean_300.0_v3" 404 70 "GET http://172.18.0.2:8080/v1/AUTH_b003c8af711b41ad9b63847f0b2549cc/gnocchi.0e2d5669-5659-4a26-9c54-3bdcb39b638b/1763640000.0_mean_300.0_v3" "tx32c5e811f51f41ebaa17f-006921a4bd" "proxy-server 20" 0.0007 "-" 24 0
Nov 22 11:55:41 standalone proxy-server[129425]: 172.18.0.2 172.18.0.100 22/Nov/2025/11/55/41 GET /v1/AUTH_b003c8af711b41ad9b63847f0b2549cc/gnocchi.0e2d5669-5659-4a26-9c54-3bdcb39b638b/1763640000.0_mean_300.0_v3 HTTP/1.0 404 - python-swiftclient-3.11.1 gAAAAABpIaQzeESC... - 70 - tx32c5e811f51f41ebaa17f-006921a4bd - 0.0089 - - 1763812541.609108925 1763812541.618047953 0
Nov 22 11:55:41 standalone container-server[127454]: 172.20.0.100 - - [22/Nov/2025:11:55:41 +0000] "PUT /d1/157/AUTH_b003c8af711b41ad9b63847f0b2549cc/gnocchi.0e2d5669-5659-4a26-9c54-3bdcb39b638b/1763640000.0_mean_300.0_v3" 201 - "PUT http://172.18.0.2:8080/d1/941/AUTH_b003c8af711b41ad9b63847f0b2549cc/gnocchi.0e2d5669-5659-4a26-9c54-3bdcb39b638b/1763640000.0_mean_300.0_v3" "txdea0aeabe04a451c9dc1b-006921a4bd" "object-server 22" 0.0015 "-" 22 0
Nov 22 11:55:41 standalone object-server[127617]: 172.20.0.100 - - [22/Nov/2025:11:55:41 +0000] "PUT /d1/941/AUTH_b003c8af711b41ad9b63847f0b2549cc/gnocchi.0e2d5669-5659-4a26-9c54-3bdcb39b638b/1763640000.0_mean_300.0_v3" 201 - "PUT http://172.18.0.2:8080/v1/AUTH_b003c8af711b41ad9b63847f0b2549cc/gnocchi.0e2d5669-5659-4a26-9c54-3bdcb39b638b/1763640000.0_mean_300.0_v3" "txdea0aeabe04a451c9dc1b-006921a4bd" "proxy-server 20" 0.0179 "-" 22 0
Nov 22 11:55:41 standalone proxy-server[129425]: 172.18.0.2 172.18.0.100 22/Nov/2025/11/55/41 PUT /v1/AUTH_b003c8af711b41ad9b63847f0b2549cc/gnocchi.0e2d5669-5659-4a26-9c54-3bdcb39b638b/1763640000.0_mean_300.0_v3 HTTP/1.0 201 - python-swiftclient-3.11.1 gAAAAABpIaQzeESC... 16 - - txdea0aeabe04a451c9dc1b-006921a4bd - 0.0271 - - 1763812541.622121572 1763812541.649224997 0
Nov 22 11:55:41 standalone container-server[127464]: 172.20.0.100 - - [22/Nov/2025:11:55:41 +0000] "PUT /d1/157/AUTH_b003c8af711b41ad9b63847f0b2549cc/gnocchi.0e2d5669-5659-4a26-9c54-3bdcb39b638b/none_v3" 201 - "PUT http://172.18.0.2:8080/d1/24/AUTH_b003c8af711b41ad9b63847f0b2549cc/gnocchi.0e2d5669-5659-4a26-9c54-3bdcb39b638b/none_v3" "tx600c2cf84f904d6c989e5-006921a4bd" "object-server 25" 0.0013 "-" 23 0
Nov 22 11:55:41 standalone object-server[127641]: 172.20.0.100 - - [22/Nov/2025:11:55:41 +0000] "PUT /d1/24/AUTH_b003c8af711b41ad9b63847f0b2549cc/gnocchi.0e2d5669-5659-4a26-9c54-3bdcb39b638b/none_v3" 201 - "PUT http://172.18.0.2:8080/v1/AUTH_b003c8af711b41ad9b63847f0b2549cc/gnocchi.0e2d5669-5659-4a26-9c54-3bdcb39b638b/none_v3" "tx600c2cf84f904d6c989e5-006921a4bd" "proxy-server 20" 0.0130 "-" 25 0
Nov 22 11:55:41 standalone proxy-server[129425]: 172.18.0.2 172.18.0.100 22/Nov/2025/11/55/41 PUT /v1/AUTH_b003c8af711b41ad9b63847f0b2549cc/gnocchi.0e2d5669-5659-4a26-9c54-3bdcb39b638b/none_v3 HTTP/1.0 201 - python-swiftclient-3.11.1 gAAAAABpIaQzeESC... 22 - - tx600c2cf84f904d6c989e5-006921a4bd - 0.0228 - - 1763812541.652045488 1763812541.674802542 0
Nov 22 11:55:47 standalone container-server[127464]: 172.20.0.100 - - [22/Nov/2025:11:55:47 +0000] "HEAD /d1/82/AUTH_b003c8af711b41ad9b63847f0b2549cc/gnocchi.0ee50775-37e3-4181-b621-7b8bbed4f5c1" 404 - "HEAD http://172.18.0.2:8080/v1/AUTH_b003c8af711b41ad9b63847f0b2549cc/gnocchi.0ee50775-37e3-4181-b621-7b8bbed4f5c1?format=json&states=listing" "tx8a3780d5d8584149a1755-006921a4c3" "proxy-server 20" 0.0007 "-" 23 0
Nov 22 11:55:47 standalone object-server[127641]: 172.20.0.100 - - [22/Nov/2025:11:55:47 +0000] "GET /d1/111/AUTH_b003c8af711b41ad9b63847f0b2549cc/gnocchi.0ee50775-37e3-4181-b621-7b8bbed4f5c1/none_v3" 404 70 "GET http://172.18.0.2:8080/v1/AUTH_b003c8af711b41ad9b63847f0b2549cc/gnocchi.0ee50775-37e3-4181-b621-7b8bbed4f5c1/none_v3" "tx8a3780d5d8584149a1755-006921a4c3" "proxy-server 20" 0.0007 "-" 25 0
Nov 22 11:55:47 standalone proxy-server[129425]: 172.18.0.2 172.18.0.100 22/Nov/2025/11/55/47 GET /v1/AUTH_b003c8af711b41ad9b63847f0b2549cc/gnocchi.0ee50775-37e3-4181-b621-7b8bbed4f5c1/none_v3 HTTP/1.0 404 - python-swiftclient-3.11.1 gAAAAABpIaQzeESC... - 70 - tx8a3780d5d8584149a1755-006921a4c3 - 0.0202 - - 1763812547.448424339 1763812547.468613863 0
Nov 22 11:55:47 standalone account-server[127329]: 172.20.0.100 - - [22/Nov/2025:11:55:47 +0000] "PUT /d1/28/AUTH_b003c8af711b41ad9b63847f0b2549cc/gnocchi.0ee50775-37e3-4181-b621-7b8bbed4f5c1" 201 - "PUT http://172.20.0.100:6001/d1/82/AUTH_b003c8af711b41ad9b63847f0b2549cc/gnocchi.0ee50775-37e3-4181-b621-7b8bbed4f5c1" "txfb428bb99f87402284547-006921a4c3" "container-server 23" 0.0046 "-" 14 0
Nov 22 11:55:47 standalone container-server[127464]: 172.20.0.100 - - [22/Nov/2025:11:55:47 +0000] "PUT /d1/82/AUTH_b003c8af711b41ad9b63847f0b2549cc/gnocchi.0ee50775-37e3-4181-b621-7b8bbed4f5c1" 201 - "PUT http://172.18.0.2:8080/v1/AUTH_b003c8af711b41ad9b63847f0b2549cc/gnocchi.0ee50775-37e3-4181-b621-7b8bbed4f5c1" "txfb428bb99f87402284547-006921a4c3" "proxy-server 20" 0.0161 "-" 23 0
Nov 22 11:55:47 standalone proxy-server[129425]: 172.18.0.2 172.18.0.100 22/Nov/2025/11/55/47 PUT /v1/AUTH_b003c8af711b41ad9b63847f0b2549cc/gnocchi.0ee50775-37e3-4181-b621-7b8bbed4f5c1 HTTP/1.0 201 - python-swiftclient-3.11.1 gAAAAABpIaQzeESC... - - - txfb428bb99f87402284547-006921a4c3 - 0.0224 - - 1763812547.472578526 1763812547.495014906 0
Nov 22 11:55:47 standalone container-server[127423]: 172.20.0.100 - - [22/Nov/2025:11:55:47 +0000] "HEAD /d1/82/AUTH_b003c8af711b41ad9b63847f0b2549cc/gnocchi.0ee50775-37e3-4181-b621-7b8bbed4f5c1" 204 - "HEAD http://172.18.0.2:8080/v1/AUTH_b003c8af711b41ad9b63847f0b2549cc/gnocchi.0ee50775-37e3-4181-b621-7b8bbed4f5c1?format=json&states=listing" "txdf2efb4bfc8348b3841df-006921a4c3" "proxy-server 20" 0.0012 "-" 19 0
Nov 22 11:55:47 standalone proxy-server[129425]: - - 22/Nov/2025/11/55/47 HEAD /v1/AUTH_b003c8af711b41ad9b63847f0b2549cc/gnocchi.0ee50775-37e3-4181-b621-7b8bbed4f5c1%3Fformat%3Djson%26states%3Dlisting HTTP/1.0 204 - Swift - - - - txdf2efb4bfc8348b3841df-006921a4c3 - 0.0063 RL - 1763812547.501125574 1763812547.507440567 0
Nov 22 11:55:47 standalone container-server[127464]: 172.20.0.100 - - [22/Nov/2025:11:55:47 +0000] "GET /d1/82/AUTH_b003c8af711b41ad9b63847f0b2549cc/gnocchi.0ee50775-37e3-4181-b621-7b8bbed4f5c1" 200 2 "GET http://172.18.0.2:8080/v1/AUTH_b003c8af711b41ad9b63847f0b2549cc/gnocchi.0ee50775-37e3-4181-b621-7b8bbed4f5c1?format=json&states=listing" "txdf2efb4bfc8348b3841df-006921a4c3" "proxy-server 20" 0.0032 "-" 23 0
Nov 22 11:55:47 standalone proxy-server[129425]: 172.18.0.2 172.18.0.100 22/Nov/2025/11/55/47 GET /v1/AUTH_b003c8af711b41ad9b63847f0b2549cc/gnocchi.0ee50775-37e3-4181-b621-7b8bbed4f5c1%3Fformat%3Djson%26states%3Dlisting HTTP/1.0 200 - python-swiftclient-3.11.1 gAAAAABpIaQzeESC... - 2 - txdf2efb4bfc8348b3841df-006921a4c3 - 0.0205 - - 1763812547.499534369 1763812547.520041704 0
Nov 22 11:55:47 standalone object-server[127617]: 172.20.0.100 - - [22/Nov/2025:11:55:47 +0000] "GET /d1/711/AUTH_b003c8af711b41ad9b63847f0b2549cc/gnocchi.0ee50775-37e3-4181-b621-7b8bbed4f5c1/1763640000.0_mean_300.0_v3" 404 70 "GET http://172.18.0.2:8080/v1/AUTH_b003c8af711b41ad9b63847f0b2549cc/gnocchi.0ee50775-37e3-4181-b621-7b8bbed4f5c1/1763640000.0_mean_300.0_v3" "txd278c8c462284a11add0e-006921a4c3" "proxy-server 20" 0.0009 "-" 22 0
Nov 22 11:55:47 standalone proxy-server[129425]: 172.18.0.2 172.18.0.100 22/Nov/2025/11/55/47 GET /v1/AUTH_b003c8af711b41ad9b63847f0b2549cc/gnocchi.0ee50775-37e3-4181-b621-7b8bbed4f5c1/1763640000.0_mean_300.0_v3 HTTP/1.0 404 - python-swiftclient-3.11.1 gAAAAABpIaQzeESC... - 70 - txd278c8c462284a11add0e-006921a4c3 - 0.0145 - - 1763812547.532325983 1763812547.546830416 0
Nov 22 11:55:47 standalone container-server[127454]: 172.20.0.100 - - [22/Nov/2025:11:55:47 +0000] "PUT /d1/82/AUTH_b003c8af711b41ad9b63847f0b2549cc/gnocchi.0ee50775-37e3-4181-b621-7b8bbed4f5c1/1763640000.0_mean_300.0_v3" 201 - "PUT http://172.18.0.2:8080/d1/711/AUTH_b003c8af711b41ad9b63847f0b2549cc/gnocchi.0ee50775-37e3-4181-b621-7b8bbed4f5c1/1763640000.0_mean_300.0_v3" "tx8b845eec1c46435ba4e92-006921a4c3" "object-server 25" 0.0009 "-" 22 0
Nov 22 11:55:47 standalone object-server[127641]: 172.20.0.100 - - [22/Nov/2025:11:55:47 +0000] "PUT /d1/711/AUTH_b003c8af711b41ad9b63847f0b2549cc/gnocchi.0ee50775-37e3-4181-b621-7b8bbed4f5c1/1763640000.0_mean_300.0_v3" 201 - "PUT http://172.18.0.2:8080/v1/AUTH_b003c8af711b41ad9b63847f0b2549cc/gnocchi.0ee50775-37e3-4181-b621-7b8bbed4f5c1/1763640000.0_mean_300.0_v3" "tx8b845eec1c46435ba4e92-006921a4c3" "proxy-server 20" 0.0194 "-" 25 0
Nov 22 11:55:47 standalone proxy-server[129425]: 172.18.0.2 172.18.0.100 22/Nov/2025/11/55/47 PUT /v1/AUTH_b003c8af711b41ad9b63847f0b2549cc/gnocchi.0ee50775-37e3-4181-b621-7b8bbed4f5c1/1763640000.0_mean_300.0_v3 HTTP/1.0 201 - python-swiftclient-3.11.1 gAAAAABpIaQzeESC... 16 - - tx8b845eec1c46435ba4e92-006921a4c3 - 0.0277 - - 1763812547.550299168 1763812547.578000784 0
Nov 22 11:55:47 standalone container-server[127423]: 172.20.0.100 - - [22/Nov/2025:11:55:47 +0000] "PUT /d1/82/AUTH_b003c8af711b41ad9b63847f0b2549cc/gnocchi.0ee50775-37e3-4181-b621-7b8bbed4f5c1/none_v3" 201 - "PUT http://172.18.0.2:8080/d1/111/AUTH_b003c8af711b41ad9b63847f0b2549cc/gnocchi.0ee50775-37e3-4181-b621-7b8bbed4f5c1/none_v3" "tx9a87740c3ce54720a0f01-006921a4c3" "object-server 23" 0.0007 "-" 19 0
Nov 22 11:55:47 standalone object-server[127628]: 172.20.0.100 - - [22/Nov/2025:11:55:47 +0000] "PUT /d1/111/AUTH_b003c8af711b41ad9b63847f0b2549cc/gnocchi.0ee50775-37e3-4181-b621-7b8bbed4f5c1/none_v3" 201 - "PUT http://172.18.0.2:8080/v1/AUTH_b003c8af711b41ad9b63847f0b2549cc/gnocchi.0ee50775-37e3-4181-b621-7b8bbed4f5c1/none_v3" "tx9a87740c3ce54720a0f01-006921a4c3" "proxy-server 20" 0.0102 "-" 23 0
Nov 22 11:55:47 standalone proxy-server[129425]: 172.18.0.2 172.18.0.100 22/Nov/2025/11/55/47 PUT /v1/AUTH_b003c8af711b41ad9b63847f0b2549cc/gnocchi.0ee50775-37e3-4181-b621-7b8bbed4f5c1/none_v3 HTTP/1.0 201 - python-swiftclient-3.11.1 gAAAAABpIaQzeESC... 22 - - tx9a87740c3ce54720a0f01-006921a4c3 - 0.0184 - - 1763812547.581622124 1763812547.599979639 0
Nov 22 11:55:53 standalone object-server[127641]: 172.20.0.100 - - [22/Nov/2025:11:55:53 +0000] "GET /d1/111/AUTH_b003c8af711b41ad9b63847f0b2549cc/gnocchi.0ee50775-37e3-4181-b621-7b8bbed4f5c1/none_v3" 200 22 "GET http://172.18.0.2:8080/v1/AUTH_b003c8af711b41ad9b63847f0b2549cc/gnocchi.0ee50775-37e3-4181-b621-7b8bbed4f5c1/none_v3" "tx77594f869e3246309782d-006921a4c9" "proxy-server 20" 0.0017 "-" 25 0
Nov 22 11:55:53 standalone proxy-server[129425]: 172.18.0.2 172.18.0.100 22/Nov/2025/11/55/53 GET /v1/AUTH_b003c8af711b41ad9b63847f0b2549cc/gnocchi.0ee50775-37e3-4181-b621-7b8bbed4f5c1/none_v3 HTTP/1.0 200 - python-swiftclient-3.11.1 gAAAAABpIaQzeESC... - 22 - tx77594f869e3246309782d-006921a4c9 - 0.0164 - - 1763812553.119818926 1763812553.136188745 0
Nov 22 11:55:53 standalone container-server[127454]: 172.20.0.100 - - [22/Nov/2025:11:55:53 +0000] "GET /d1/82/AUTH_b003c8af711b41ad9b63847f0b2549cc/gnocchi.0ee50775-37e3-4181-b621-7b8bbed4f5c1" 200 357 "GET http://172.18.0.2:8080/v1/AUTH_b003c8af711b41ad9b63847f0b2549cc/gnocchi.0ee50775-37e3-4181-b621-7b8bbed4f5c1?format=json&states=listing" "txb4b3f92e7922494493d6a-006921a4c9" "proxy-server 20" 0.0113 "-" 22 0
Nov 22 11:55:53 standalone proxy-server[129425]: 172.18.0.2 172.18.0.100 22/Nov/2025/11/55/53 GET /v1/AUTH_b003c8af711b41ad9b63847f0b2549cc/gnocchi.0ee50775-37e3-4181-b621-7b8bbed4f5c1%3Fformat%3Djson%26states%3Dlisting HTTP/1.0 200 - python-swiftclient-3.11.1 gAAAAABpIaQzeESC... - 357 - txb4b3f92e7922494493d6a-006921a4c9 - 0.0182 - - 1763812553.141842604 1763812553.160081148 0
Nov 22 11:55:53 standalone container-server[127464]: 172.20.0.100 - - [22/Nov/2025:11:55:53 +0000] "GET /d1/82/AUTH_b003c8af711b41ad9b63847f0b2549cc/gnocchi.0ee50775-37e3-4181-b621-7b8bbed4f5c1" 200 2 "GET http://172.18.0.2:8080/v1/AUTH_b003c8af711b41ad9b63847f0b2549cc/gnocchi.0ee50775-37e3-4181-b621-7b8bbed4f5c1?format=json&marker=none_v3&states=listing" "tx39d12a5a046b49fcb753d-006921a4c9" "proxy-server 20" 0.0039 "-" 23 0
Nov 22 11:55:53 standalone proxy-server[129425]: 172.18.0.2 172.18.0.100 22/Nov/2025/11/55/53 GET /v1/AUTH_b003c8af711b41ad9b63847f0b2549cc/gnocchi.0ee50775-37e3-4181-b621-7b8bbed4f5c1%3Fformat%3Djson%26marker%3Dnone_v3%26states%3Dlisting HTTP/1.0 200 - python-swiftclient-3.11.1 gAAAAABpIaQzeESC... - 2 - tx39d12a5a046b49fcb753d-006921a4c9 - 0.0095 - - 1763812553.164528847 1763812553.174032688 0
Nov 22 11:55:53 standalone object-server[127641]: 172.20.0.100 - - [22/Nov/2025:11:55:53 +0000] "GET /d1/711/AUTH_b003c8af711b41ad9b63847f0b2549cc/gnocchi.0ee50775-37e3-4181-b621-7b8bbed4f5c1/1763640000.0_mean_300.0_v3" 200 16 "GET http://172.18.0.2:8080/v1/AUTH_b003c8af711b41ad9b63847f0b2549cc/gnocchi.0ee50775-37e3-4181-b621-7b8bbed4f5c1/1763640000.0_mean_300.0_v3" "tx54570d1bb8b9462e809cd-006921a4c9" "proxy-server 20" 0.0015 "-" 25 0
Nov 22 11:55:53 standalone proxy-server[129425]: 172.18.0.2 172.18.0.100 22/Nov/2025/11/55/53 GET /v1/AUTH_b003c8af711b41ad9b63847f0b2549cc/gnocchi.0ee50775-37e3-4181-b621-7b8bbed4f5c1/1763640000.0_mean_300.0_v3 HTTP/1.0 200 - python-swiftclient-3.11.1 gAAAAABpIaQzeESC... - 16 - tx54570d1bb8b9462e809cd-006921a4c9 - 0.0127 - - 1763812553.180593014 1763812553.193308830 0
Nov 22 11:55:53 standalone container-server[127423]: 172.20.0.100 - - [22/Nov/2025:11:55:53 +0000] "PUT /d1/82/AUTH_b003c8af711b41ad9b63847f0b2549cc/gnocchi.0ee50775-37e3-4181-b621-7b8bbed4f5c1/1763640000.0_mean_300.0_v3" 201 - "PUT http://172.18.0.2:8080/d1/711/AUTH_b003c8af711b41ad9b63847f0b2549cc/gnocchi.0ee50775-37e3-4181-b621-7b8bbed4f5c1/1763640000.0_mean_300.0_v3" "tx8e6c7a75634445eb84433-006921a4c9" "object-server 24" 0.0009 "-" 19 0
Nov 22 11:55:53 standalone object-server[127636]: 172.20.0.100 - - [22/Nov/2025:11:55:53 +0000] "PUT /d1/711/AUTH_b003c8af711b41ad9b63847f0b2549cc/gnocchi.0ee50775-37e3-4181-b621-7b8bbed4f5c1/1763640000.0_mean_300.0_v3" 201 - "PUT http://172.18.0.2:8080/v1/AUTH_b003c8af711b41ad9b63847f0b2549cc/gnocchi.0ee50775-37e3-4181-b621-7b8bbed4f5c1/1763640000.0_mean_300.0_v3" "tx8e6c7a75634445eb84433-006921a4c9" "proxy-server 20" 0.0177 "-" 24 0
Nov 22 11:55:53 standalone proxy-server[129425]: 172.18.0.2 172.18.0.100 22/Nov/2025/11/55/53 PUT /v1/AUTH_b003c8af711b41ad9b63847f0b2549cc/gnocchi.0ee50775-37e3-4181-b621-7b8bbed4f5c1/1763640000.0_mean_300.0_v3 HTTP/1.0 201 - python-swiftclient-3.11.1 gAAAAABpIaQzeESC... 16 - - tx8e6c7a75634445eb84433-006921a4c9 - 0.0288 - - 1763812553.198202610 1763812553.227042675 0
Nov 22 11:55:53 standalone container-server[127454]: 172.20.0.100 - - [22/Nov/2025:11:55:53 +0000] "PUT /d1/82/AUTH_b003c8af711b41ad9b63847f0b2549cc/gnocchi.0ee50775-37e3-4181-b621-7b8bbed4f5c1/none_v3" 201 - "PUT http://172.18.0.2:8080/d1/111/AUTH_b003c8af711b41ad9b63847f0b2549cc/gnocchi.0ee50775-37e3-4181-b621-7b8bbed4f5c1/none_v3" "tx4cae9380f947447db86d0-006921a4c9" "object-server 22" 0.0008 "-" 22 0
Nov 22 11:55:53 standalone object-server[127617]: 172.20.0.100 - - [22/Nov/2025:11:55:53 +0000] "PUT /d1/111/AUTH_b003c8af711b41ad9b63847f0b2549cc/gnocchi.0ee50775-37e3-4181-b621-7b8bbed4f5c1/none_v3" 201 - "PUT http://172.18.0.2:8080/v1/AUTH_b003c8af711b41ad9b63847f0b2549cc/gnocchi.0ee50775-37e3-4181-b621-7b8bbed4f5c1/none_v3" "tx4cae9380f947447db86d0-006921a4c9" "proxy-server 20" 0.0118 "-" 22 0
Nov 22 11:55:53 standalone proxy-server[129425]: 172.18.0.2 172.18.0.100 22/Nov/2025/11/55/53 PUT /v1/AUTH_b003c8af711b41ad9b63847f0b2549cc/gnocchi.0ee50775-37e3-4181-b621-7b8bbed4f5c1/none_v3 HTTP/1.0 201 - python-swiftclient-3.11.1 gAAAAABpIaQzeESC... 32 - - tx4cae9380f947447db86d0-006921a4c9 - 0.0217 - - 1763812553.231756449 1763812553.253462791 0
Nov 22 11:56:15 standalone account-server[127329]: 172.20.0.100 - - [22/Nov/2025:11:56:15 +0000] "HEAD /d1/558/.expiring_objects" 404 - "HEAD http://localhost/v1/.expiring_objects?format=json" "txa3f3258fbf7f460c91f0b-006921a4df" "proxy-server 2" 0.0003 "-" 14 -
Nov 22 11:56:15 standalone object-expirer[127252]: Pass completed in 0s; 0 objects expired (txn: txa3f3258fbf7f460c91f0b-006921a4df)
Nov 22 11:56:16 standalone container-server[127454]: 172.20.0.100 - - [22/Nov/2025:11:56:16 +0000] "HEAD /d1/889/AUTH_b003c8af711b41ad9b63847f0b2549cc/gnocchi.0ef67a3f-9e4f-4527-bff2-41931eb22eac" 404 - "HEAD http://172.18.0.2:8080/v1/AUTH_b003c8af711b41ad9b63847f0b2549cc/gnocchi.0ef67a3f-9e4f-4527-bff2-41931eb22eac?format=json&states=listing" "tx144c5d96c26043eda3fdc-006921a4e0" "proxy-server 20" 0.0006 "-" 22 0
Nov 22 11:56:16 standalone object-server[127636]: 172.20.0.100 - - [22/Nov/2025:11:56:16 +0000] "GET /d1/245/AUTH_b003c8af711b41ad9b63847f0b2549cc/gnocchi.0ef67a3f-9e4f-4527-bff2-41931eb22eac/none_v3" 404 70 "GET http://172.18.0.2:8080/v1/AUTH_b003c8af711b41ad9b63847f0b2549cc/gnocchi.0ef67a3f-9e4f-4527-bff2-41931eb22eac/none_v3" "tx144c5d96c26043eda3fdc-006921a4e0" "proxy-server 20" 0.0004 "-" 24 0
Nov 22 11:56:16 standalone proxy-server[129425]: 172.18.0.2 172.18.0.100 22/Nov/2025/11/56/16 GET /v1/AUTH_b003c8af711b41ad9b63847f0b2549cc/gnocchi.0ef67a3f-9e4f-4527-bff2-41931eb22eac/none_v3 HTTP/1.0 404 - python-swiftclient-3.11.1 gAAAAABpIaQzeESC... - 70 - tx144c5d96c26043eda3fdc-006921a4e0 - 0.0124 - - 1763812576.174330473 1763812576.186721087 0
Nov 22 11:56:16 standalone account-server[127347]: 172.20.0.100 - - [22/Nov/2025:11:56:16 +0000] "PUT /d1/28/AUTH_b003c8af711b41ad9b63847f0b2549cc/gnocchi.0ef67a3f-9e4f-4527-bff2-41931eb22eac" 201 - "PUT http://172.20.0.100:6001/d1/889/AUTH_b003c8af711b41ad9b63847f0b2549cc/gnocchi.0ef67a3f-9e4f-4527-bff2-41931eb22eac" "txff972af2f2b248e3973f8-006921a4e0" "container-server 22" 0.0046 "-" 15 0
Nov 22 11:56:16 standalone container-server[127454]: 172.20.0.100 - - [22/Nov/2025:11:56:16 +0000] "PUT /d1/889/AUTH_b003c8af711b41ad9b63847f0b2549cc/gnocchi.0ef67a3f-9e4f-4527-bff2-41931eb22eac" 201 - "PUT http://172.18.0.2:8080/v1/AUTH_b003c8af711b41ad9b63847f0b2549cc/gnocchi.0ef67a3f-9e4f-4527-bff2-41931eb22eac" "txff972af2f2b248e3973f8-006921a4e0" "proxy-server 20" 0.0257 "-" 22 0
Nov 22 11:56:16 standalone proxy-server[129425]: 172.18.0.2 172.18.0.100 22/Nov/2025/11/56/16 PUT /v1/AUTH_b003c8af711b41ad9b63847f0b2549cc/gnocchi.0ef67a3f-9e4f-4527-bff2-41931eb22eac HTTP/1.0 201 - python-swiftclient-3.11.1 gAAAAABpIaQzeESC... - - - txff972af2f2b248e3973f8-006921a4e0 - 0.0302 - - 1763812576.192634106 1763812576.222882509 0
Nov 22 11:56:16 standalone container-server[127423]: 172.20.0.100 - - [22/Nov/2025:11:56:16 +0000] "HEAD /d1/889/AUTH_b003c8af711b41ad9b63847f0b2549cc/gnocchi.0ef67a3f-9e4f-4527-bff2-41931eb22eac" 204 - "HEAD http://172.18.0.2:8080/v1/AUTH_b003c8af711b41ad9b63847f0b2549cc/gnocchi.0ef67a3f-9e4f-4527-bff2-41931eb22eac?format=json&states=listing" "tx7bce4e12710348f29e20d-006921a4e0" "proxy-server 20" 0.0012 "-" 19 0
Nov 22 11:56:16 standalone proxy-server[129425]: - - 22/Nov/2025/11/56/16 HEAD /v1/AUTH_b003c8af711b41ad9b63847f0b2549cc/gnocchi.0ef67a3f-9e4f-4527-bff2-41931eb22eac%3Fformat%3Djson%26states%3Dlisting HTTP/1.0 204 - Swift - - - - tx7bce4e12710348f29e20d-006921a4e0 - 0.0236 RL - 1763812576.231262207 1763812576.254820585 0
Nov 22 11:56:16 standalone container-server[127434]: 172.20.0.100 - - [22/Nov/2025:11:56:16 +0000] "GET /d1/889/AUTH_b003c8af711b41ad9b63847f0b2549cc/gnocchi.0ef67a3f-9e4f-4527-bff2-41931eb22eac" 200 2 "GET http://172.18.0.2:8080/v1/AUTH_b003c8af711b41ad9b63847f0b2549cc/gnocchi.0ef67a3f-9e4f-4527-bff2-41931eb22eac?format=json&states=listing" "tx7bce4e12710348f29e20d-006921a4e0" "proxy-server 20" 0.0017 "-" 20 0
Nov 22 11:56:16 standalone proxy-server[129425]: 172.18.0.2 172.18.0.100 22/Nov/2025/11/56/16 GET /v1/AUTH_b003c8af711b41ad9b63847f0b2549cc/gnocchi.0ef67a3f-9e4f-4527-bff2-41931eb22eac%3Fformat%3Djson%26states%3Dlisting HTTP/1.0 200 - python-swiftclient-3.11.1 gAAAAABpIaQzeESC... - 2 - tx7bce4e12710348f29e20d-006921a4e0 - 0.0339 - - 1763812576.229849339 1763812576.263775587 0
Nov 22 11:56:16 standalone object-server[127628]: 172.20.0.100 - - [22/Nov/2025:11:56:16 +0000] "GET /d1/33/AUTH_b003c8af711b41ad9b63847f0b2549cc/gnocchi.0ef67a3f-9e4f-4527-bff2-41931eb22eac/1763640000.0_mean_300.0_v3" 404 70 "GET http://172.18.0.2:8080/v1/AUTH_b003c8af711b41ad9b63847f0b2549cc/gnocchi.0ef67a3f-9e4f-4527-bff2-41931eb22eac/1763640000.0_mean_300.0_v3" "txe152c75330f248f19f4d0-006921a4e0" "proxy-server 20" 0.0004 "-" 23 0
Nov 22 11:56:16 standalone proxy-server[129425]: 172.18.0.2 172.18.0.100 22/Nov/2025/11/56/16 GET /v1/AUTH_b003c8af711b41ad9b63847f0b2549cc/gnocchi.0ef67a3f-9e4f-4527-bff2-41931eb22eac/1763640000.0_mean_300.0_v3 HTTP/1.0 404 - python-swiftclient-3.11.1 gAAAAABpIaQzeESC... - 70 - txe152c75330f248f19f4d0-006921a4e0 - 0.0082 - - 1763812576.268494844 1763812576.276740074 0
Nov 22 11:56:16 standalone container-server[127423]: 172.20.0.100 - - [22/Nov/2025:11:56:16 +0000] "PUT /d1/889/AUTH_b003c8af711b41ad9b63847f0b2549cc/gnocchi.0ef67a3f-9e4f-4527-bff2-41931eb22eac/1763640000.0_mean_300.0_v3" 201 - "PUT http://172.18.0.2:8080/d1/33/AUTH_b003c8af711b41ad9b63847f0b2549cc/gnocchi.0ef67a3f-9e4f-4527-bff2-41931eb22eac/1763640000.0_mean_300.0_v3" "tx0853fc045b004a5ebfc16-006921a4e0" "object-server 23" 0.0006 "-" 19 0
Nov 22 11:56:16 standalone object-server[127628]: 172.20.0.100 - - [22/Nov/2025:11:56:16 +0000] "PUT /d1/33/AUTH_b003c8af711b41ad9b63847f0b2549cc/gnocchi.0ef67a3f-9e4f-4527-bff2-41931eb22eac/1763640000.0_mean_300.0_v3" 201 - "PUT http://172.18.0.2:8080/v1/AUTH_b003c8af711b41ad9b63847f0b2549cc/gnocchi.0ef67a3f-9e4f-4527-bff2-41931eb22eac/1763640000.0_mean_300.0_v3" "tx0853fc045b004a5ebfc16-006921a4e0" "proxy-server 20" 0.0101 "-" 23 0
Nov 22 11:56:16 standalone proxy-server[129425]: 172.18.0.2 172.18.0.100 22/Nov/2025/11/56/16 PUT /v1/AUTH_b003c8af711b41ad9b63847f0b2549cc/gnocchi.0ef67a3f-9e4f-4527-bff2-41931eb22eac/1763640000.0_mean_300.0_v3 HTTP/1.0 201 - python-swiftclient-3.11.1 gAAAAABpIaQzeESC... 16 - - tx0853fc045b004a5ebfc16-006921a4e0 - 0.0156 - - 1763812576.280405045 1763812576.295963287 0
Nov 22 11:56:16 standalone container-server[127464]: 172.20.0.100 - - [22/Nov/2025:11:56:16 +0000] "PUT /d1/889/AUTH_b003c8af711b41ad9b63847f0b2549cc/gnocchi.0ef67a3f-9e4f-4527-bff2-41931eb22eac/none_v3" 201 - "PUT http://172.18.0.2:8080/d1/245/AUTH_b003c8af711b41ad9b63847f0b2549cc/gnocchi.0ef67a3f-9e4f-4527-bff2-41931eb22eac/none_v3" "tx243df0f217634531ad513-006921a4e0" "object-server 25" 0.0005 "-" 23 0
Nov 22 11:56:16 standalone object-server[127641]: 172.20.0.100 - - [22/Nov/2025:11:56:16 +0000] "PUT /d1/245/AUTH_b003c8af711b41ad9b63847f0b2549cc/gnocchi.0ef67a3f-9e4f-4527-bff2-41931eb22eac/none_v3" 201 - "PUT http://172.18.0.2:8080/v1/AUTH_b003c8af711b41ad9b63847f0b2549cc/gnocchi.0ef67a3f-9e4f-4527-bff2-41931eb22eac/none_v3" "tx243df0f217634531ad513-006921a4e0" "proxy-server 20" 0.0192 "-" 25 0
Nov 22 11:56:16 standalone proxy-server[129425]: 172.18.0.2 172.18.0.100 22/Nov/2025/11/56/16 PUT /v1/AUTH_b003c8af711b41ad9b63847f0b2549cc/gnocchi.0ef67a3f-9e4f-4527-bff2-41931eb22eac/none_v3 HTTP/1.0 201 - python-swiftclient-3.11.1 gAAAAABpIaQzeESC... 22 - - tx243df0f217634531ad513-006921a4e0 - 0.0294 - - 1763812576.302159786 1763812576.331583977 0
Nov 22 11:56:16 standalone container-server[127454]: 172.20.0.100 - - [22/Nov/2025:11:56:16 +0000] "HEAD /d1/529/AUTH_b003c8af711b41ad9b63847f0b2549cc/gnocchi.b0816d76-3018-4231-a76f-0ccab2094541" 404 - "HEAD http://172.18.0.2:8080/v1/AUTH_b003c8af711b41ad9b63847f0b2549cc/gnocchi.b0816d76-3018-4231-a76f-0ccab2094541?format=json&states=listing" "tx238ffc338f264f7e826b8-006921a4e0" "proxy-server 20" 0.0003 "-" 22 0
Nov 22 11:56:16 standalone object-server[127628]: 172.20.0.100 - - [22/Nov/2025:11:56:16 +0000] "GET /d1/1015/AUTH_b003c8af711b41ad9b63847f0b2549cc/gnocchi.b0816d76-3018-4231-a76f-0ccab2094541/none_v3" 404 70 "GET http://172.18.0.2:8080/v1/AUTH_b003c8af711b41ad9b63847f0b2549cc/gnocchi.b0816d76-3018-4231-a76f-0ccab2094541/none_v3" "tx238ffc338f264f7e826b8-006921a4e0" "proxy-server 20" 0.0003 "-" 23 0
Nov 22 11:56:16 standalone proxy-server[129425]: 172.18.0.2 172.18.0.100 22/Nov/2025/11/56/16 GET /v1/AUTH_b003c8af711b41ad9b63847f0b2549cc/gnocchi.b0816d76-3018-4231-a76f-0ccab2094541/none_v3 HTTP/1.0 404 - python-swiftclient-3.11.1 gAAAAABpIaQzeESC... - 70 - tx238ffc338f264f7e826b8-006921a4e0 - 0.0078 - - 1763812576.382641077 1763812576.390408039 0
Nov 22 11:56:16 standalone account-server[127347]: 172.20.0.100 - - [22/Nov/2025:11:56:16 +0000] "PUT /d1/28/AUTH_b003c8af711b41ad9b63847f0b2549cc/gnocchi.b0816d76-3018-4231-a76f-0ccab2094541" 201 - "PUT http://172.20.0.100:6001/d1/529/AUTH_b003c8af711b41ad9b63847f0b2549cc/gnocchi.b0816d76-3018-4231-a76f-0ccab2094541" "tx5b1379d327da414b959b1-006921a4e0" "container-server 20" 0.0106 "-" 15 0
Nov 22 11:56:16 standalone container-server[127434]: 172.20.0.100 - - [22/Nov/2025:11:56:16 +0000] "PUT /d1/529/AUTH_b003c8af711b41ad9b63847f0b2549cc/gnocchi.b0816d76-3018-4231-a76f-0ccab2094541" 201 - "PUT http://172.18.0.2:8080/v1/AUTH_b003c8af711b41ad9b63847f0b2549cc/gnocchi.b0816d76-3018-4231-a76f-0ccab2094541" "tx5b1379d327da414b959b1-006921a4e0" "proxy-server 20" 0.0199 "-" 20 0
Nov 22 11:56:16 standalone proxy-server[129425]: 172.18.0.2 172.18.0.100 22/Nov/2025/11/56/16 PUT /v1/AUTH_b003c8af711b41ad9b63847f0b2549cc/gnocchi.b0816d76-3018-4231-a76f-0ccab2094541 HTTP/1.0 201 - python-swiftclient-3.11.1 gAAAAABpIaQzeESC... - - - tx5b1379d327da414b959b1-006921a4e0 - 0.0242 - - 1763812576.395153761 1763812576.419310093 0
Nov 22 11:56:16 standalone container-server[127464]: 172.20.0.100 - - [22/Nov/2025:11:56:16 +0000] "HEAD /d1/529/AUTH_b003c8af711b41ad9b63847f0b2549cc/gnocchi.b0816d76-3018-4231-a76f-0ccab2094541" 204 - "HEAD http://172.18.0.2:8080/v1/AUTH_b003c8af711b41ad9b63847f0b2549cc/gnocchi.b0816d76-3018-4231-a76f-0ccab2094541?format=json&states=listing" "tx14e0a225b9fa4745b1afe-006921a4e0" "proxy-server 20" 0.0019 "-" 23 0
Nov 22 11:56:16 standalone proxy-server[129425]: - - 22/Nov/2025/11/56/16 HEAD /v1/AUTH_b003c8af711b41ad9b63847f0b2549cc/gnocchi.b0816d76-3018-4231-a76f-0ccab2094541%3Fformat%3Djson%26states%3Dlisting HTTP/1.0 204 - Swift - - - - tx14e0a225b9fa4745b1afe-006921a4e0 - 0.0047 RL - 1763812576.423228979 1763812576.427946329 0
Nov 22 11:56:16 standalone container-server[127434]: 172.20.0.100 - - [22/Nov/2025:11:56:16 +0000] "GET /d1/529/AUTH_b003c8af711b41ad9b63847f0b2549cc/gnocchi.b0816d76-3018-4231-a76f-0ccab2094541" 200 2 "GET http://172.18.0.2:8080/v1/AUTH_b003c8af711b41ad9b63847f0b2549cc/gnocchi.b0816d76-3018-4231-a76f-0ccab2094541?format=json&states=listing" "tx14e0a225b9fa4745b1afe-006921a4e0" "proxy-server 20" 0.0015 "-" 20 0
Nov 22 11:56:16 standalone proxy-server[129425]: 172.18.0.2 172.18.0.100 22/Nov/2025/11/56/16 GET /v1/AUTH_b003c8af711b41ad9b63847f0b2549cc/gnocchi.b0816d76-3018-4231-a76f-0ccab2094541%3Fformat%3Djson%26states%3Dlisting HTTP/1.0 200 - python-swiftclient-3.11.1 gAAAAABpIaQzeESC... - 2 - tx14e0a225b9fa4745b1afe-006921a4e0 - 0.0109 - - 1763812576.422474146 1763812576.433406115 0
Nov 22 11:56:16 standalone object-server[127617]: 172.20.0.100 - - [22/Nov/2025:11:56:16 +0000] "GET /d1/189/AUTH_b003c8af711b41ad9b63847f0b2549cc/gnocchi.b0816d76-3018-4231-a76f-0ccab2094541/1763640000.0_mean_300.0_v3" 404 70 "GET http://172.18.0.2:8080/v1/AUTH_b003c8af711b41ad9b63847f0b2549cc/gnocchi.b0816d76-3018-4231-a76f-0ccab2094541/1763640000.0_mean_300.0_v3" "tx65f5941068674fec9352e-006921a4e0" "proxy-server 20" 0.0003 "-" 22 0
Nov 22 11:56:16 standalone proxy-server[129425]: 172.18.0.2 172.18.0.100 22/Nov/2025/11/56/16 GET /v1/AUTH_b003c8af711b41ad9b63847f0b2549cc/gnocchi.b0816d76-3018-4231-a76f-0ccab2094541/1763640000.0_mean_300.0_v3 HTTP/1.0 404 - python-swiftclient-3.11.1 gAAAAABpIaQzeESC... - 70 - tx65f5941068674fec9352e-006921a4e0 - 0.0056 - - 1763812576.436858892 1763812576.442419529 0
Nov 22 11:56:16 standalone container-server[127454]: 172.20.0.100 - - [22/Nov/2025:11:56:16 +0000] "PUT /d1/529/AUTH_b003c8af711b41ad9b63847f0b2549cc/gnocchi.b0816d76-3018-4231-a76f-0ccab2094541/1763640000.0_mean_300.0_v3" 201 - "PUT http://172.18.0.2:8080/d1/189/AUTH_b003c8af711b41ad9b63847f0b2549cc/gnocchi.b0816d76-3018-4231-a76f-0ccab2094541/1763640000.0_mean_300.0_v3" "txc237ea6c200645d4a9d04-006921a4e0" "object-server 25" 0.0006 "-" 22 0
Nov 22 11:56:16 standalone object-server[127641]: 172.20.0.100 - - [22/Nov/2025:11:56:16 +0000] "PUT /d1/189/AUTH_b003c8af711b41ad9b63847f0b2549cc/gnocchi.b0816d76-3018-4231-a76f-0ccab2094541/1763640000.0_mean_300.0_v3" 201 - "PUT http://172.18.0.2:8080/v1/AUTH_b003c8af711b41ad9b63847f0b2549cc/gnocchi.b0816d76-3018-4231-a76f-0ccab2094541/1763640000.0_mean_300.0_v3" "txc237ea6c200645d4a9d04-006921a4e0" "proxy-server 20" 0.0104 "-" 25 0
Nov 22 11:56:16 standalone proxy-server[129425]: 172.18.0.2 172.18.0.100 22/Nov/2025/11/56/16 PUT /v1/AUTH_b003c8af711b41ad9b63847f0b2549cc/gnocchi.b0816d76-3018-4231-a76f-0ccab2094541/1763640000.0_mean_300.0_v3 HTTP/1.0 201 - python-swiftclient-3.11.1 gAAAAABpIaQzeESC... 16 - - txc237ea6c200645d4a9d04-006921a4e0 - 0.0146 - - 1763812576.444240093 1763812576.458875656 0
Nov 22 11:56:16 standalone container-server[127464]: 172.20.0.100 - - [22/Nov/2025:11:56:16 +0000] "PUT /d1/529/AUTH_b003c8af711b41ad9b63847f0b2549cc/gnocchi.b0816d76-3018-4231-a76f-0ccab2094541/none_v3" 201 - "PUT http://172.18.0.2:8080/d1/1015/AUTH_b003c8af711b41ad9b63847f0b2549cc/gnocchi.b0816d76-3018-4231-a76f-0ccab2094541/none_v3" "txa23c9f0f5f934d1fa2fac-006921a4e0" "object-server 22" 0.0004 "-" 23 0
Nov 22 11:56:16 standalone object-server[127617]: 172.20.0.100 - - [22/Nov/2025:11:56:16 +0000] "PUT /d1/1015/AUTH_b003c8af711b41ad9b63847f0b2549cc/gnocchi.b0816d76-3018-4231-a76f-0ccab2094541/none_v3" 201 - "PUT http://172.18.0.2:8080/v1/AUTH_b003c8af711b41ad9b63847f0b2549cc/gnocchi.b0816d76-3018-4231-a76f-0ccab2094541/none_v3" "txa23c9f0f5f934d1fa2fac-006921a4e0" "proxy-server 20" 0.0065 "-" 22 0
Nov 22 11:56:16 standalone proxy-server[129425]: 172.18.0.2 172.18.0.100 22/Nov/2025/11/56/16 PUT /v1/AUTH_b003c8af711b41ad9b63847f0b2549cc/gnocchi.b0816d76-3018-4231-a76f-0ccab2094541/none_v3 HTTP/1.0 201 - python-swiftclient-3.11.1 gAAAAABpIaQzeESC... 22 - - txa23c9f0f5f934d1fa2fac-006921a4e0 - 0.0099 - - 1763812576.460555792 1763812576.470462322 0
Nov 22 11:56:16 standalone container-server[127434]: 172.20.0.100 - - [22/Nov/2025:11:56:16 +0000] "HEAD /d1/422/AUTH_b003c8af711b41ad9b63847f0b2549cc/gnocchi.0c7d9232-51b0-49fa-9a28-46ce5ea64dc2" 404 - "HEAD http://172.18.0.2:8080/v1/AUTH_b003c8af711b41ad9b63847f0b2549cc/gnocchi.0c7d9232-51b0-49fa-9a28-46ce5ea64dc2?format=json&states=listing" "txf1547de7f79e4068be73f-006921a4e0" "proxy-server 20" 0.0003 "-" 20 0
Nov 22 11:56:16 standalone object-server[127617]: 172.20.0.100 - - [22/Nov/2025:11:56:16 +0000] "GET /d1/323/AUTH_b003c8af711b41ad9b63847f0b2549cc/gnocchi.0c7d9232-51b0-49fa-9a28-46ce5ea64dc2/none_v3" 404 70 "GET http://172.18.0.2:8080/v1/AUTH_b003c8af711b41ad9b63847f0b2549cc/gnocchi.0c7d9232-51b0-49fa-9a28-46ce5ea64dc2/none_v3" "txf1547de7f79e4068be73f-006921a4e0" "proxy-server 20" 0.0002 "-" 22 0
Nov 22 11:56:16 standalone proxy-server[129425]: 172.18.0.2 172.18.0.100 22/Nov/2025/11/56/16 GET /v1/AUTH_b003c8af711b41ad9b63847f0b2549cc/gnocchi.0c7d9232-51b0-49fa-9a28-46ce5ea64dc2/none_v3 HTTP/1.0 404 - python-swiftclient-3.11.1 gAAAAABpIaQzeESC... - 70 - txf1547de7f79e4068be73f-006921a4e0 - 0.0056 - - 1763812576.478055000 1763812576.483698368 0
Nov 22 11:56:16 standalone account-server[127386]: 172.20.0.100 - - [22/Nov/2025:11:56:16 +0000] "PUT /d1/28/AUTH_b003c8af711b41ad9b63847f0b2549cc/gnocchi.0c7d9232-51b0-49fa-9a28-46ce5ea64dc2" 201 - "PUT http://172.20.0.100:6001/d1/422/AUTH_b003c8af711b41ad9b63847f0b2549cc/gnocchi.0c7d9232-51b0-49fa-9a28-46ce5ea64dc2" "txa9f30f8641eb4089a8a6e-006921a4e0" "container-server 23" 0.0044 "-" 17 0
Nov 22 11:56:16 standalone container-server[127464]: 172.20.0.100 - - [22/Nov/2025:11:56:16 +0000] "PUT /d1/422/AUTH_b003c8af711b41ad9b63847f0b2549cc/gnocchi.0c7d9232-51b0-49fa-9a28-46ce5ea64dc2" 201 - "PUT http://172.18.0.2:8080/v1/AUTH_b003c8af711b41ad9b63847f0b2549cc/gnocchi.0c7d9232-51b0-49fa-9a28-46ce5ea64dc2" "txa9f30f8641eb4089a8a6e-006921a4e0" "proxy-server 20" 0.0154 "-" 23 0
Nov 22 11:56:16 standalone proxy-server[129425]: 172.18.0.2 172.18.0.100 22/Nov/2025/11/56/16 PUT /v1/AUTH_b003c8af711b41ad9b63847f0b2549cc/gnocchi.0c7d9232-51b0-49fa-9a28-46ce5ea64dc2 HTTP/1.0 201 - python-swiftclient-3.11.1 gAAAAABpIaQzeESC... - - - txa9f30f8641eb4089a8a6e-006921a4e0 - 0.0182 - - 1763812576.485474586 1763812576.503673792 0
Nov 22 11:56:16 standalone container-server[127423]: 172.20.0.100 - - [22/Nov/2025:11:56:16 +0000] "HEAD /d1/422/AUTH_b003c8af711b41ad9b63847f0b2549cc/gnocchi.0c7d9232-51b0-49fa-9a28-46ce5ea64dc2" 204 - "HEAD http://172.18.0.2:8080/v1/AUTH_b003c8af711b41ad9b63847f0b2549cc/gnocchi.0c7d9232-51b0-49fa-9a28-46ce5ea64dc2?format=json&states=listing" "tx04a457aa629e45ef81759-006921a4e0" "proxy-server 20" 0.0012 "-" 19 0
Nov 22 11:56:16 standalone proxy-server[129425]: - - 22/Nov/2025/11/56/16 HEAD /v1/AUTH_b003c8af711b41ad9b63847f0b2549cc/gnocchi.0c7d9232-51b0-49fa-9a28-46ce5ea64dc2%3Fformat%3Djson%26states%3Dlisting HTTP/1.0 204 - Swift - - - - tx04a457aa629e45ef81759-006921a4e0 - 0.0035 RL - 1763812576.506337881 1763812576.509886742 0
Nov 22 11:56:16 standalone container-server[127464]: 172.20.0.100 - - [22/Nov/2025:11:56:16 +0000] "GET /d1/422/AUTH_b003c8af711b41ad9b63847f0b2549cc/gnocchi.0c7d9232-51b0-49fa-9a28-46ce5ea64dc2" 200 2 "GET http://172.18.0.2:8080/v1/AUTH_b003c8af711b41ad9b63847f0b2549cc/gnocchi.0c7d9232-51b0-49fa-9a28-46ce5ea64dc2?format=json&states=listing" "tx04a457aa629e45ef81759-006921a4e0" "proxy-server 20" 0.0014 "-" 23 0
Nov 22 11:56:16 standalone proxy-server[129425]: 172.18.0.2 172.18.0.100 22/Nov/2025/11/56/16 GET /v1/AUTH_b003c8af711b41ad9b63847f0b2549cc/gnocchi.0c7d9232-51b0-49fa-9a28-46ce5ea64dc2%3Fformat%3Djson%26states%3Dlisting HTTP/1.0 200 - python-swiftclient-3.11.1 gAAAAABpIaQzeESC... - 2 - tx04a457aa629e45ef81759-006921a4e0 - 0.0091 - - 1763812576.505698919 1763812576.514751673 0
Nov 22 11:56:16 standalone object-server[127617]: 172.20.0.100 - - [22/Nov/2025:11:56:16 +0000] "GET /d1/448/AUTH_b003c8af711b41ad9b63847f0b2549cc/gnocchi.0c7d9232-51b0-49fa-9a28-46ce5ea64dc2/1763640000.0_mean_300.0_v3" 404 70 "GET http://172.18.0.2:8080/v1/AUTH_b003c8af711b41ad9b63847f0b2549cc/gnocchi.0c7d9232-51b0-49fa-9a28-46ce5ea64dc2/1763640000.0_mean_300.0_v3" "tx7e448e035c73445bb8900-006921a4e0" "proxy-server 20" 0.0002 "-" 22 0
Nov 22 11:56:16 standalone proxy-server[129425]: 172.18.0.2 172.18.0.100 22/Nov/2025/11/56/16 GET /v1/AUTH_b003c8af711b41ad9b63847f0b2549cc/gnocchi.0c7d9232-51b0-49fa-9a28-46ce5ea64dc2/1763640000.0_mean_300.0_v3 HTTP/1.0 404 - python-swiftclient-3.11.1 gAAAAABpIaQzeESC... - 70 - tx7e448e035c73445bb8900-006921a4e0 - 0.0035 - - 1763812576.516838312 1763812576.520336151 0
Nov 22 11:56:16 standalone container-server[127464]: 172.20.0.100 - - [22/Nov/2025:11:56:16 +0000] "PUT /d1/422/AUTH_b003c8af711b41ad9b63847f0b2549cc/gnocchi.0c7d9232-51b0-49fa-9a28-46ce5ea64dc2/1763640000.0_mean_300.0_v3" 201 - "PUT http://172.18.0.2:8080/d1/448/AUTH_b003c8af711b41ad9b63847f0b2549cc/gnocchi.0c7d9232-51b0-49fa-9a28-46ce5ea64dc2/1763640000.0_mean_300.0_v3" "txede18e9ebc8b425c8650f-006921a4e0" "object-server 25" 0.0003 "-" 23 0
Nov 22 11:56:16 standalone object-server[127641]: 172.20.0.100 - - [22/Nov/2025:11:56:16 +0000] "PUT /d1/448/AUTH_b003c8af711b41ad9b63847f0b2549cc/gnocchi.0c7d9232-51b0-49fa-9a28-46ce5ea64dc2/1763640000.0_mean_300.0_v3" 201 - "PUT http://172.18.0.2:8080/v1/AUTH_b003c8af711b41ad9b63847f0b2549cc/gnocchi.0c7d9232-51b0-49fa-9a28-46ce5ea64dc2/1763640000.0_mean_300.0_v3" "txede18e9ebc8b425c8650f-006921a4e0" "proxy-server 20" 0.0075 "-" 25 0
Nov 22 11:56:16 standalone proxy-server[129425]: 172.18.0.2 172.18.0.100 22/Nov/2025/11/56/16 PUT /v1/AUTH_b003c8af711b41ad9b63847f0b2549cc/gnocchi.0c7d9232-51b0-49fa-9a28-46ce5ea64dc2/1763640000.0_mean_300.0_v3 HTTP/1.0 201 - python-swiftclient-3.11.1 gAAAAABpIaQzeESC... 16 - - txede18e9ebc8b425c8650f-006921a4e0 - 0.0113 - - 1763812576.522161722 1763812576.533481359 0
Nov 22 11:56:16 standalone container-server[127464]: 172.20.0.100 - - [22/Nov/2025:11:56:16 +0000] "PUT /d1/422/AUTH_b003c8af711b41ad9b63847f0b2549cc/gnocchi.0c7d9232-51b0-49fa-9a28-46ce5ea64dc2/none_v3" 201 - "PUT http://172.18.0.2:8080/d1/323/AUTH_b003c8af711b41ad9b63847f0b2549cc/gnocchi.0c7d9232-51b0-49fa-9a28-46ce5ea64dc2/none_v3" "tx0ace13fca9c44a789b740-006921a4e0" "object-server 24" 0.0002 "-" 23 0
Nov 22 11:56:16 standalone object-server[127636]: 172.20.0.100 - - [22/Nov/2025:11:56:16 +0000] "PUT /d1/323/AUTH_b003c8af711b41ad9b63847f0b2549cc/gnocchi.0c7d9232-51b0-49fa-9a28-46ce5ea64dc2/none_v3" 201 - "PUT http://172.18.0.2:8080/v1/AUTH_b003c8af711b41ad9b63847f0b2549cc/gnocchi.0c7d9232-51b0-49fa-9a28-46ce5ea64dc2/none_v3" "tx0ace13fca9c44a789b740-006921a4e0" "proxy-server 20" 0.0079 "-" 24 0
Nov 22 11:56:16 standalone proxy-server[129425]: 172.18.0.2 172.18.0.100 22/Nov/2025/11/56/16 PUT /v1/AUTH_b003c8af711b41ad9b63847f0b2549cc/gnocchi.0c7d9232-51b0-49fa-9a28-46ce5ea64dc2/none_v3 HTTP/1.0 201 - python-swiftclient-3.11.1 gAAAAABpIaQzeESC... 22 - - tx0ace13fca9c44a789b740-006921a4e0 - 0.0154 - - 1763812576.536009789 1763812576.551380396 0
Nov 22 11:56:16 standalone container-server[127454]: 172.20.0.100 - - [22/Nov/2025:11:56:16 +0000] "HEAD /d1/753/AUTH_b003c8af711b41ad9b63847f0b2549cc/gnocchi.73401767-5c46-48ab-9298-17f454e4f8c5" 404 - "HEAD http://172.18.0.2:8080/v1/AUTH_b003c8af711b41ad9b63847f0b2549cc/gnocchi.73401767-5c46-48ab-9298-17f454e4f8c5?format=json&states=listing" "tx92760847641a46d88f826-006921a4e0" "proxy-server 20" 0.0006 "-" 22 0
Nov 22 11:56:16 standalone object-server[127628]: 172.20.0.100 - - [22/Nov/2025:11:56:16 +0000] "GET /d1/175/AUTH_b003c8af711b41ad9b63847f0b2549cc/gnocchi.73401767-5c46-48ab-9298-17f454e4f8c5/none_v3" 404 70 "GET http://172.18.0.2:8080/v1/AUTH_b003c8af711b41ad9b63847f0b2549cc/gnocchi.73401767-5c46-48ab-9298-17f454e4f8c5/none_v3" "tx92760847641a46d88f826-006921a4e0" "proxy-server 20" 0.0003 "-" 23 0
Nov 22 11:56:16 standalone proxy-server[129425]: 172.18.0.2 172.18.0.100 22/Nov/2025/11/56/16 GET /v1/AUTH_b003c8af711b41ad9b63847f0b2549cc/gnocchi.73401767-5c46-48ab-9298-17f454e4f8c5/none_v3 HTTP/1.0 404 - python-swiftclient-3.11.1 gAAAAABpIaQzeESC... - 70 - tx92760847641a46d88f826-006921a4e0 - 0.0076 - - 1763812576.564835310 1763812576.572448015 0
Nov 22 11:56:16 standalone account-server[127329]: 172.20.0.100 - - [22/Nov/2025:11:56:16 +0000] "PUT /d1/28/AUTH_b003c8af711b41ad9b63847f0b2549cc/gnocchi.73401767-5c46-48ab-9298-17f454e4f8c5" 201 - "PUT http://172.20.0.100:6001/d1/753/AUTH_b003c8af711b41ad9b63847f0b2549cc/gnocchi.73401767-5c46-48ab-9298-17f454e4f8c5" "txbc129b0c1a3c4320aa6e7-006921a4e0" "container-server 20" 0.0055 "-" 14 0
Nov 22 11:56:16 standalone container-server[127434]: 172.20.0.100 - - [22/Nov/2025:11:56:16 +0000] "PUT /d1/753/AUTH_b003c8af711b41ad9b63847f0b2549cc/gnocchi.73401767-5c46-48ab-9298-17f454e4f8c5" 201 - "PUT http://172.18.0.2:8080/v1/AUTH_b003c8af711b41ad9b63847f0b2549cc/gnocchi.73401767-5c46-48ab-9298-17f454e4f8c5" "txbc129b0c1a3c4320aa6e7-006921a4e0" "proxy-server 20" 0.0185 "-" 20 0
Nov 22 11:56:16 standalone proxy-server[129425]: 172.18.0.2 172.18.0.100 22/Nov/2025/11/56/16 PUT /v1/AUTH_b003c8af711b41ad9b63847f0b2549cc/gnocchi.73401767-5c46-48ab-9298-17f454e4f8c5 HTTP/1.0 201 - python-swiftclient-3.11.1 gAAAAABpIaQzeESC... - - - txbc129b0c1a3c4320aa6e7-006921a4e0 - 0.0230 - - 1763812576.575198412 1763812576.598215342 0
Nov 22 11:56:16 standalone container-server[127423]: 172.20.0.100 - - [22/Nov/2025:11:56:16 +0000] "HEAD /d1/753/AUTH_b003c8af711b41ad9b63847f0b2549cc/gnocchi.73401767-5c46-48ab-9298-17f454e4f8c5" 204 - "HEAD http://172.18.0.2:8080/v1/AUTH_b003c8af711b41ad9b63847f0b2549cc/gnocchi.73401767-5c46-48ab-9298-17f454e4f8c5?format=json&states=listing" "txd2b8ca6bd0e34ab1b24d2-006921a4e0" "proxy-server 20" 0.0015 "-" 19 0
Nov 22 11:56:16 standalone proxy-server[129425]: - - 22/Nov/2025/11/56/16 HEAD /v1/AUTH_b003c8af711b41ad9b63847f0b2549cc/gnocchi.73401767-5c46-48ab-9298-17f454e4f8c5%3Fformat%3Djson%26states%3Dlisting HTTP/1.0 204 - Swift - - - - txd2b8ca6bd0e34ab1b24d2-006921a4e0 - 0.0066 RL - 1763812576.602682590 1763812576.609271288 0
Nov 22 11:56:16 standalone container-server[127464]: 172.20.0.100 - - [22/Nov/2025:11:56:16 +0000] "GET /d1/753/AUTH_b003c8af711b41ad9b63847f0b2549cc/gnocchi.73401767-5c46-48ab-9298-17f454e4f8c5" 200 2 "GET http://172.18.0.2:8080/v1/AUTH_b003c8af711b41ad9b63847f0b2549cc/gnocchi.73401767-5c46-48ab-9298-17f454e4f8c5?format=json&states=listing" "txd2b8ca6bd0e34ab1b24d2-006921a4e0" "proxy-server 20" 0.0015 "-" 23 0
Nov 22 11:56:16 standalone proxy-server[129425]: 172.18.0.2 172.18.0.100 22/Nov/2025/11/56/16 GET /v1/AUTH_b003c8af711b41ad9b63847f0b2549cc/gnocchi.73401767-5c46-48ab-9298-17f454e4f8c5%3Fformat%3Djson%26states%3Dlisting HTTP/1.0 200 - python-swiftclient-3.11.1 gAAAAABpIaQzeESC... - 2 - txd2b8ca6bd0e34ab1b24d2-006921a4e0 - 0.0126 - - 1763812576.601966619 1763812576.614566088 0
Nov 22 11:56:16 standalone object-server[127617]: 172.20.0.100 - - [22/Nov/2025:11:56:16 +0000] "GET /d1/511/AUTH_b003c8af711b41ad9b63847f0b2549cc/gnocchi.73401767-5c46-48ab-9298-17f454e4f8c5/1763640000.0_mean_300.0_v3" 404 70 "GET http://172.18.0.2:8080/v1/AUTH_b003c8af711b41ad9b63847f0b2549cc/gnocchi.73401767-5c46-48ab-9298-17f454e4f8c5/1763640000.0_mean_300.0_v3" "txc25c3f4c1a1944e88ed4c-006921a4e0" "proxy-server 20" 0.0004 "-" 22 0
Nov 22 11:56:16 standalone proxy-server[129425]: 172.18.0.2 172.18.0.100 22/Nov/2025/11/56/16 GET /v1/AUTH_b003c8af711b41ad9b63847f0b2549cc/gnocchi.73401767-5c46-48ab-9298-17f454e4f8c5/1763640000.0_mean_300.0_v3 HTTP/1.0 404 - python-swiftclient-3.11.1 gAAAAABpIaQzeESC... - 70 - txc25c3f4c1a1944e88ed4c-006921a4e0 - 0.0041 - - 1763812576.618270159 1763812576.622398376 0
Nov 22 11:56:16 standalone container-server[127434]: 172.20.0.100 - - [22/Nov/2025:11:56:16 +0000] "PUT /d1/753/AUTH_b003c8af711b41ad9b63847f0b2549cc/gnocchi.73401767-5c46-48ab-9298-17f454e4f8c5/1763640000.0_mean_300.0_v3" 201 - "PUT http://172.18.0.2:8080/d1/511/AUTH_b003c8af711b41ad9b63847f0b2549cc/gnocchi.73401767-5c46-48ab-9298-17f454e4f8c5/1763640000.0_mean_300.0_v3" "txde30552d6383402c9309e-006921a4e0" "object-server 22" 0.0012 "-" 20 0
Nov 22 11:56:16 standalone object-server[127617]: 172.20.0.100 - - [22/Nov/2025:11:56:16 +0000] "PUT /d1/511/AUTH_b003c8af711b41ad9b63847f0b2549cc/gnocchi.73401767-5c46-48ab-9298-17f454e4f8c5/1763640000.0_mean_300.0_v3" 201 - "PUT http://172.18.0.2:8080/v1/AUTH_b003c8af711b41ad9b63847f0b2549cc/gnocchi.73401767-5c46-48ab-9298-17f454e4f8c5/1763640000.0_mean_300.0_v3" "txde30552d6383402c9309e-006921a4e0" "proxy-server 20" 0.0100 "-" 22 0
Nov 22 11:56:16 standalone proxy-server[129425]: 172.18.0.2 172.18.0.100 22/Nov/2025/11/56/16 PUT /v1/AUTH_b003c8af711b41ad9b63847f0b2549cc/gnocchi.73401767-5c46-48ab-9298-17f454e4f8c5/1763640000.0_mean_300.0_v3 HTTP/1.0 201 - python-swiftclient-3.11.1 gAAAAABpIaQzeESC... 16 - - txde30552d6383402c9309e-006921a4e0 - 0.0139 - - 1763812576.625556707 1763812576.639456987 0
