Nov 22 11:41:18 standalone account-server[126864]: Starting 2
Nov 22 11:41:19 standalone account-server[127064]: Started child 14 from parent 2
Nov 22 11:41:19 standalone account-server[127064]: Started child 15 from parent 2
Nov 22 11:41:19 standalone account-server[127064]: Started child 16 from parent 2
Nov 22 11:41:19 standalone account-server[127064]: Started child 17 from parent 2
Nov 22 11:41:19 standalone container-server[127177]: Option allow_versions is deprecated. Configure the versioned_writes middleware in the proxy-server instead. This option will be ignored in a future release.
Nov 22 11:41:19 standalone container-server[127205]: Starting 2
Nov 22 11:41:19 standalone container-server[127423]: Option allow_versions is deprecated. Configure the versioned_writes middleware in the proxy-server instead. This option will be ignored in a future release.
Nov 22 11:41:19 standalone container-server[127177]: Started child 19 from parent 2
Nov 22 11:41:19 standalone container-server[127434]: Option allow_versions is deprecated. Configure the versioned_writes middleware in the proxy-server instead. This option will be ignored in a future release.
Nov 22 11:41:19 standalone container-server[127177]: Started child 20 from parent 2
Nov 22 11:41:19 standalone container-server[127454]: Option allow_versions is deprecated. Configure the versioned_writes middleware in the proxy-server instead. This option will be ignored in a future release.
Nov 22 11:41:19 standalone container-server[127177]: Started child 22 from parent 2
Nov 22 11:41:19 standalone container-server[127464]: Option allow_versions is deprecated. Configure the versioned_writes middleware in the proxy-server instead. This option will be ignored in a future release.
Nov 22 11:41:19 standalone container-server[127177]: Started child 23 from parent 2
Nov 22 11:41:19 standalone object-expirer[127252]: Starting 2
Nov 22 11:41:19 standalone object-expirer[127252]: Option auto_create_account_prefix is deprecated. Configure auto_create_account_prefix under the swift-constraints section of swift.conf. This option will be ignored in a future release.
Nov 22 11:41:20 standalone object-server[127493]: Started child 22 from parent 2
Nov 22 11:41:20 standalone object-server[127493]: Started child 23 from parent 2
Nov 22 11:41:20 standalone object-server[127493]: Started child 24 from parent 2
Nov 22 11:41:20 standalone object-server[127493]: Started child 25 from parent 2
Nov 22 11:41:20 standalone object-server[127568]: Starting 2
Nov 22 11:41:26 standalone proxy-server[129293]: Starting Keystone auth_token middleware
Nov 22 11:41:26 standalone proxy-server[129293]: AuthToken middleware is set with keystone_authtoken.service_token_roles_required set to False. This is backwards compatible but deprecated behaviour. Please set this to True.
Nov 22 11:41:26 standalone proxy-server[129425]: Starting Keystone auth_token middleware
Nov 22 11:41:26 standalone proxy-server[129425]: STDERR: The option "bind_port" is not known to keystonemiddleware
Nov 22 11:41:26 standalone proxy-server[129425]: STDERR: The option "workers" is not known to keystonemiddleware
Nov 22 11:41:26 standalone proxy-server[129425]: STDERR: The option "user" is not known to keystonemiddleware
Nov 22 11:41:26 standalone proxy-server[129425]: STDERR: The option "bind_ip" is not known to keystonemiddleware
Nov 22 11:41:26 standalone proxy-server[129425]: STDERR: The option "log_name" is not known to keystonemiddleware
Nov 22 11:41:26 standalone proxy-server[129425]: STDERR: The option "log_facility" is not known to keystonemiddleware
Nov 22 11:41:26 standalone proxy-server[129425]: STDERR: The option "log_level" is not known to keystonemiddleware
Nov 22 11:41:26 standalone proxy-server[129425]: STDERR: The option "log_headers" is not known to keystonemiddleware
Nov 22 11:41:26 standalone proxy-server[129425]: STDERR: The option "log_address" is not known to keystonemiddleware
Nov 22 11:41:26 standalone proxy-server[129425]: STDERR: The option "project_name" is not known to keystonemiddleware
Nov 22 11:41:26 standalone proxy-server[129425]: STDERR: The option "username" is not known to keystonemiddleware
Nov 22 11:41:26 standalone proxy-server[129425]: STDERR: The option "password" is not known to keystonemiddleware
Nov 22 11:41:26 standalone proxy-server[129425]: STDERR: The option "auth_url" is not known to keystonemiddleware
Nov 22 11:41:26 standalone proxy-server[129425]: STDERR: The option "signing_dir" is not known to keystonemiddleware
Nov 22 11:41:26 standalone proxy-server[129425]: STDERR: The option "project_domain_id" is not known to keystonemiddleware
Nov 22 11:41:26 standalone proxy-server[129425]: STDERR: The option "user_domain_id" is not known to keystonemiddleware
Nov 22 11:41:26 standalone proxy-server[129425]: STDERR: The option "__name__" is not known to keystonemiddleware
Nov 22 11:41:26 standalone proxy-server[129425]: AuthToken middleware is set with keystone_authtoken.service_token_roles_required set to False. This is backwards compatible but deprecated behaviour. Please set this to True.
Nov 22 11:41:26 standalone proxy-server[129293]: Started child 20 from parent 2
Nov 22 11:42:09 standalone object-server[127568]: Begin object update sweep
Nov 22 11:42:09 standalone object-server[133799]: Object update sweep starting on /srv/node/d1 (pid: 11)
Nov 22 11:42:09 standalone object-server[133799]: Object update sweep completed on /srv/node/d1 in 0.00s seconds:, 0 successes, 0 failures, 0 quarantines, 0 unlinks, 0 errors, 0 redirects (pid: 11)
Nov 22 11:42:09 standalone object-server[133799]: Object update sweep of d1 completed: 0.00s, 0 successes, 0 failures, 0 quarantines, 0 unlinks, 0 errors, 0 redirects
Nov 22 11:42:10 standalone object-server[127568]: Object update sweep completed: 0.08s
Nov 22 11:43:45 standalone container-server[127205]: Begin container update sweep
Nov 22 11:43:45 standalone container-server[127205]: Container update sweep completed: 0.00s
Nov 22 11:45:54 standalone account-server[127386]: 172.20.0.100 - - [22/Nov/2025:11:45:54 +0000] "HEAD /d1/558/.expiring_objects" 404 - "HEAD http://localhost/v1/.expiring_objects?format=json" "tx701b878ddbb240c09ac7b-006921a272" "proxy-server 2" 0.0016 "-" 17 -
Nov 22 11:45:54 standalone object-expirer[127252]: Pass completed in 0s; 0 objects expired (txn: tx701b878ddbb240c09ac7b-006921a272)
Nov 22 11:47:10 standalone object-server[127568]: Begin object update sweep
Nov 22 11:47:10 standalone object-server[171338]: Object update sweep starting on /srv/node/d1 (pid: 13)
Nov 22 11:47:10 standalone object-server[171338]: Object update sweep completed on /srv/node/d1 in 0.00s seconds:, 0 successes, 0 failures, 0 quarantines, 0 unlinks, 0 errors, 0 redirects (pid: 13)
Nov 22 11:47:10 standalone object-server[171338]: Object update sweep of d1 completed: 0.00s, 0 successes, 0 failures, 0 quarantines, 0 unlinks, 0 errors, 0 redirects
Nov 22 11:47:10 standalone object-server[127568]: Object update sweep completed: 0.12s
Nov 22 11:48:39 standalone account-server[127329]: 172.20.0.100 - - [22/Nov/2025:11:48:39 +0000] "HEAD /d1/558/.expiring_objects" 404 - "HEAD http://localhost/v1/.expiring_objects?format=json" "tx9385fffb5637440fa27aa-006921a317" "proxy-server 2" 0.0011 "-" 14 -
Nov 22 11:48:39 standalone object-expirer[127252]: Pass completed in 0s; 0 objects expired (txn: tx9385fffb5637440fa27aa-006921a317)
Nov 22 11:48:45 standalone container-server[127205]: Begin container update sweep
Nov 22 11:48:45 standalone container-server[127205]: Container update sweep completed: 0.00s
Nov 22 11:49:25 standalone account-server[127386]: 172.20.0.100 - - [22/Nov/2025:11:49:25 +0000] "HEAD /d1/558/.expiring_objects" 404 - "HEAD http://localhost/v1/.expiring_objects?format=json" "tx58e79a0e3d18466694d2d-006921a345" "proxy-server 2" 0.0007 "-" 17 -
Nov 22 11:49:25 standalone object-expirer[127252]: Pass completed in 0s; 0 objects expired (txn: tx58e79a0e3d18466694d2d-006921a345)
Nov 22 11:52:10 standalone object-server[127568]: Begin object update sweep
Nov 22 11:52:10 standalone object-server[211964]: Object update sweep starting on /srv/node/d1 (pid: 14)
Nov 22 11:52:10 standalone object-server[211964]: Object update sweep completed on /srv/node/d1 in 0.00s seconds:, 0 successes, 0 failures, 0 quarantines, 0 unlinks, 0 errors, 0 redirects (pid: 14)
Nov 22 11:52:10 standalone object-server[211964]: Object update sweep of d1 completed: 0.00s, 0 successes, 0 failures, 0 quarantines, 0 unlinks, 0 errors, 0 redirects
Nov 22 11:52:10 standalone object-server[127568]: Object update sweep completed: 0.09s
Nov 22 11:52:50 standalone account-server[127347]: 172.20.0.100 - - [22/Nov/2025:11:52:50 +0000] "HEAD /d1/558/.expiring_objects" 404 - "HEAD http://localhost/v1/.expiring_objects?format=json" "tx8680c9092c5c4661bc5f4-006921a412" "proxy-server 2" 0.0017 "-" 15 -
Nov 22 11:52:50 standalone object-expirer[127252]: Pass completed in 0s; 0 objects expired (txn: tx8680c9092c5c4661bc5f4-006921a412)
Nov 22 11:53:23 standalone account-server[127347]: 172.20.0.100 - - [22/Nov/2025:11:53:23 +0000] "HEAD /d1/28/AUTH_b003c8af711b41ad9b63847f0b2549cc" 404 - "HEAD http://172.18.0.2:8080/v1/AUTH_b003c8af711b41ad9b63847f0b2549cc?format=json" "txefc897bb4bf4408bab435-006921a433" "proxy-server 20" 0.0007 "-" 15 -
Nov 22 11:53:23 standalone proxy-server[129425]: - - 22/Nov/2025/11/53/23 HEAD /v1/AUTH_b003c8af711b41ad9b63847f0b2549cc%3Fformat%3Djson HTTP/1.0 200 - Swift - - - - txefc897bb4bf4408bab435-006921a433 - 0.0165 RL - 1763812403.697744131 1763812403.714226961 -
Nov 22 11:53:24 standalone object-server[127641]: 172.20.0.100 - - [22/Nov/2025:11:53:24 +0000] "GET /d1/575/AUTH_b003c8af711b41ad9b63847f0b2549cc/gnocchi.eab78a5f-7d85-4cb6-af3d-d9789afcfca6/none_v3" 404 70 "GET http://172.18.0.2:8080/v1/AUTH_b003c8af711b41ad9b63847f0b2549cc/gnocchi.eab78a5f-7d85-4cb6-af3d-d9789afcfca6/none_v3" "txefc897bb4bf4408bab435-006921a433" "proxy-server 20" 0.0015 "-" 25 0
Nov 22 11:53:24 standalone proxy-server[129425]: 172.18.0.2 172.18.0.100 22/Nov/2025/11/53/24 GET /v1/AUTH_b003c8af711b41ad9b63847f0b2549cc/gnocchi.eab78a5f-7d85-4cb6-af3d-d9789afcfca6/none_v3 HTTP/1.0 404 - python-swiftclient-3.11.1 gAAAAABpIaQzeESC... - 70 - txefc897bb4bf4408bab435-006921a433 - 0.4608 - - 1763812403.691795349 1763812404.152590990 0
Nov 22 11:53:24 standalone account-server[127329]: 172.20.0.100 - - [22/Nov/2025:11:53:24 +0000] "PUT /d1/28/AUTH_b003c8af711b41ad9b63847f0b2549cc" 201 - "-" "txe1dc4c46e2c84b12aaf9e-006921a434" "-" 0.0202 "-" 14 -
Nov 22 11:53:24 standalone proxy-server[129425]: autocreate account '/AUTH_b003c8af711b41ad9b63847f0b2549cc' (txn: txe1dc4c46e2c84b12aaf9e-006921a434)
Nov 22 11:53:24 standalone account-server[127329]: 172.20.0.100 - - [22/Nov/2025:11:53:24 +0000] "HEAD /d1/28/AUTH_b003c8af711b41ad9b63847f0b2549cc" 204 - "HEAD http://172.18.0.2:8080/v1/AUTH_b003c8af711b41ad9b63847f0b2549cc?format=json" "txe1dc4c46e2c84b12aaf9e-006921a434" "proxy-server 20" 0.0017 "-" 14 -
Nov 22 11:53:24 standalone account-server[127356]: 172.20.0.100 - - [22/Nov/2025:11:53:24 +0000] "PUT /d1/28/AUTH_b003c8af711b41ad9b63847f0b2549cc/gnocchi.eab78a5f-7d85-4cb6-af3d-d9789afcfca6" 201 - "PUT http://172.20.0.100:6001/d1/24/AUTH_b003c8af711b41ad9b63847f0b2549cc/gnocchi.eab78a5f-7d85-4cb6-af3d-d9789afcfca6" "txe1dc4c46e2c84b12aaf9e-006921a434" "container-server 22" 0.0038 "-" 16 0
Nov 22 11:53:24 standalone container-server[127454]: 172.20.0.100 - - [22/Nov/2025:11:53:24 +0000] "PUT /d1/24/AUTH_b003c8af711b41ad9b63847f0b2549cc/gnocchi.eab78a5f-7d85-4cb6-af3d-d9789afcfca6" 201 - "PUT http://172.18.0.2:8080/v1/AUTH_b003c8af711b41ad9b63847f0b2549cc/gnocchi.eab78a5f-7d85-4cb6-af3d-d9789afcfca6" "txe1dc4c46e2c84b12aaf9e-006921a434" "proxy-server 20" 0.0212 "-" 22 0
Nov 22 11:53:24 standalone proxy-server[129425]: 172.18.0.2 172.18.0.100 22/Nov/2025/11/53/24 PUT /v1/AUTH_b003c8af711b41ad9b63847f0b2549cc/gnocchi.eab78a5f-7d85-4cb6-af3d-d9789afcfca6 HTTP/1.0 201 - python-swiftclient-3.11.1 gAAAAABpIaQzeESC... - - - txe1dc4c46e2c84b12aaf9e-006921a434 - 0.0603 - - 1763812404.157727480 1763812404.217985868 0
Nov 22 11:53:24 standalone container-server[127464]: 172.20.0.100 - - [22/Nov/2025:11:53:24 +0000] "HEAD /d1/24/AUTH_b003c8af711b41ad9b63847f0b2549cc/gnocchi.eab78a5f-7d85-4cb6-af3d-d9789afcfca6" 204 - "HEAD http://172.18.0.2:8080/v1/AUTH_b003c8af711b41ad9b63847f0b2549cc/gnocchi.eab78a5f-7d85-4cb6-af3d-d9789afcfca6?format=json&states=listing" "tx05a46f4572c4492cbb572-006921a434" "proxy-server 20" 0.0046 "-" 23 0
Nov 22 11:53:24 standalone proxy-server[129425]: - - 22/Nov/2025/11/53/24 HEAD /v1/AUTH_b003c8af711b41ad9b63847f0b2549cc/gnocchi.eab78a5f-7d85-4cb6-af3d-d9789afcfca6%3Fformat%3Djson%26states%3Dlisting HTTP/1.0 204 - Swift - - - - tx05a46f4572c4492cbb572-006921a434 - 0.0102 RL - 1763812404.227042913 1763812404.237287283 0
Nov 22 11:53:24 standalone container-server[127434]: 172.20.0.100 - - [22/Nov/2025:11:53:24 +0000] "GET /d1/24/AUTH_b003c8af711b41ad9b63847f0b2549cc/gnocchi.eab78a5f-7d85-4cb6-af3d-d9789afcfca6" 200 2 "GET http://172.18.0.2:8080/v1/AUTH_b003c8af711b41ad9b63847f0b2549cc/gnocchi.eab78a5f-7d85-4cb6-af3d-d9789afcfca6?format=json&states=listing" "tx05a46f4572c4492cbb572-006921a434" "proxy-server 20" 0.0033 "-" 20 0
Nov 22 11:53:24 standalone proxy-server[129425]: 172.18.0.2 172.18.0.100 22/Nov/2025/11/53/24 GET /v1/AUTH_b003c8af711b41ad9b63847f0b2549cc/gnocchi.eab78a5f-7d85-4cb6-af3d-d9789afcfca6%3Fformat%3Djson%26states%3Dlisting HTTP/1.0 200 - python-swiftclient-3.11.1 gAAAAABpIaQzeESC... - 2 - tx05a46f4572c4492cbb572-006921a434 - 0.0246 - - 1763812404.225405931 1763812404.250019073 0
Nov 22 11:53:24 standalone object-server[127617]: 172.20.0.100 - - [22/Nov/2025:11:53:24 +0000] "GET /d1/326/AUTH_b003c8af711b41ad9b63847f0b2549cc/gnocchi.eab78a5f-7d85-4cb6-af3d-d9789afcfca6/1763640000.0_mean_300.0_v3" 404 70 "GET http://172.18.0.2:8080/v1/AUTH_b003c8af711b41ad9b63847f0b2549cc/gnocchi.eab78a5f-7d85-4cb6-af3d-d9789afcfca6/1763640000.0_mean_300.0_v3" "tx1957b6df6f534500a56ff-006921a434" "proxy-server 20" 0.0012 "-" 22 0
Nov 22 11:53:24 standalone proxy-server[129425]: 172.18.0.2 172.18.0.100 22/Nov/2025/11/53/24 GET /v1/AUTH_b003c8af711b41ad9b63847f0b2549cc/gnocchi.eab78a5f-7d85-4cb6-af3d-d9789afcfca6/1763640000.0_mean_300.0_v3 HTTP/1.0 404 - python-swiftclient-3.11.1 gAAAAABpIaQzeESC... - 70 - tx1957b6df6f534500a56ff-006921a434 - 0.0093 - - 1763812404.255821466 1763812404.265122652 0
Nov 22 11:53:24 standalone container-server[127464]: 172.20.0.100 - - [22/Nov/2025:11:53:24 +0000] "PUT /d1/24/AUTH_b003c8af711b41ad9b63847f0b2549cc/gnocchi.eab78a5f-7d85-4cb6-af3d-d9789afcfca6/1763640000.0_mean_300.0_v3" 201 - "PUT http://172.18.0.2:8080/d1/326/AUTH_b003c8af711b41ad9b63847f0b2549cc/gnocchi.eab78a5f-7d85-4cb6-af3d-d9789afcfca6/1763640000.0_mean_300.0_v3" "txf694b92fbf1c4936919a7-006921a434" "object-server 22" 0.0011 "-" 23 0
Nov 22 11:53:24 standalone object-server[127617]: 172.20.0.100 - - [22/Nov/2025:11:53:24 +0000] "PUT /d1/326/AUTH_b003c8af711b41ad9b63847f0b2549cc/gnocchi.eab78a5f-7d85-4cb6-af3d-d9789afcfca6/1763640000.0_mean_300.0_v3" 201 - "PUT http://172.18.0.2:8080/v1/AUTH_b003c8af711b41ad9b63847f0b2549cc/gnocchi.eab78a5f-7d85-4cb6-af3d-d9789afcfca6/1763640000.0_mean_300.0_v3" "txf694b92fbf1c4936919a7-006921a434" "proxy-server 20" 0.0399 "-" 22 0
Nov 22 11:53:24 standalone proxy-server[129425]: 172.18.0.2 172.18.0.100 22/Nov/2025/11/53/24 PUT /v1/AUTH_b003c8af711b41ad9b63847f0b2549cc/gnocchi.eab78a5f-7d85-4cb6-af3d-d9789afcfca6/1763640000.0_mean_300.0_v3 HTTP/1.0 201 - python-swiftclient-3.11.1 gAAAAABpIaQzeESC... 16 - - txf694b92fbf1c4936919a7-006921a434 - 0.0480 - - 1763812404.269168615 1763812404.317146778 0
Nov 22 11:53:24 standalone container-server[127464]: 172.20.0.100 - - [22/Nov/2025:11:53:24 +0000] "PUT /d1/24/AUTH_b003c8af711b41ad9b63847f0b2549cc/gnocchi.eab78a5f-7d85-4cb6-af3d-d9789afcfca6/none_v3" 201 - "PUT http://172.18.0.2:8080/d1/575/AUTH_b003c8af711b41ad9b63847f0b2549cc/gnocchi.eab78a5f-7d85-4cb6-af3d-d9789afcfca6/none_v3" "txa9cec99f90b845a899cbf-006921a434" "object-server 23" 0.0007 "-" 23 0
Nov 22 11:53:24 standalone object-server[127628]: 172.20.0.100 - - [22/Nov/2025:11:53:24 +0000] "PUT /d1/575/AUTH_b003c8af711b41ad9b63847f0b2549cc/gnocchi.eab78a5f-7d85-4cb6-af3d-d9789afcfca6/none_v3" 201 - "PUT http://172.18.0.2:8080/v1/AUTH_b003c8af711b41ad9b63847f0b2549cc/gnocchi.eab78a5f-7d85-4cb6-af3d-d9789afcfca6/none_v3" "txa9cec99f90b845a899cbf-006921a434" "proxy-server 20" 0.0351 "-" 23 0
Nov 22 11:53:24 standalone proxy-server[129425]: 172.18.0.2 172.18.0.100 22/Nov/2025/11/53/24 PUT /v1/AUTH_b003c8af711b41ad9b63847f0b2549cc/gnocchi.eab78a5f-7d85-4cb6-af3d-d9789afcfca6/none_v3 HTTP/1.0 201 - python-swiftclient-3.11.1 gAAAAABpIaQzeESC... 32 - - txa9cec99f90b845a899cbf-006921a434 - 0.0439 - - 1763812404.320983648 1763812404.364869118 0
Nov 22 11:53:45 standalone container-server[127205]: Begin container update sweep
Nov 22 11:53:45 standalone account-server[127356]: 172.20.0.100 - - [22/Nov/2025:11:53:45 +0000] "PUT /d1/28/AUTH_b003c8af711b41ad9b63847f0b2549cc/gnocchi.eab78a5f-7d85-4cb6-af3d-d9789afcfca6" 201 - "-" "-" "container-updater 2" 0.0008 "-" 16 0
Nov 22 11:53:45 standalone container-server[127205]: Container update sweep completed: 0.11s
Nov 22 11:54:23 standalone account-server[127329]: 172.20.0.100 - - [22/Nov/2025:11:54:23 +0000] "HEAD /d1/28/AUTH_b003c8af711b41ad9b63847f0b2549cc" 204 - "HEAD http://172.18.0.2:8080/v1/AUTH_b003c8af711b41ad9b63847f0b2549cc?format=json" "tx65ea2c9fc384416f97ab7-006921a46f" "proxy-server 20" 0.0080 "-" 14 -
Nov 22 11:54:23 standalone proxy-server[129425]: - - 22/Nov/2025/11/54/23 HEAD /v1/AUTH_b003c8af711b41ad9b63847f0b2549cc%3Fformat%3Djson HTTP/1.0 204 - Swift - - - - tx65ea2c9fc384416f97ab7-006921a46f - 0.0132 RL - 1763812463.930729866 1763812463.943915367 -
Nov 22 11:54:23 standalone container-server[127454]: 172.20.0.100 - - [22/Nov/2025:11:54:23 +0000] "HEAD /d1/328/AUTH_b003c8af711b41ad9b63847f0b2549cc/gnocchi.de4357a9-e3eb-4571-8644-4f2cb58e4650" 404 - "HEAD http://172.18.0.2:8080/v1/AUTH_b003c8af711b41ad9b63847f0b2549cc/gnocchi.de4357a9-e3eb-4571-8644-4f2cb58e4650?format=json&states=listing" "tx65ea2c9fc384416f97ab7-006921a46f" "proxy-server 20" 0.0011 "-" 22 0
Nov 22 11:54:23 standalone object-server[127636]: 172.20.0.100 - - [22/Nov/2025:11:54:23 +0000] "GET /d1/216/AUTH_b003c8af711b41ad9b63847f0b2549cc/gnocchi.de4357a9-e3eb-4571-8644-4f2cb58e4650/none_v3" 404 70 "GET http://172.18.0.2:8080/v1/AUTH_b003c8af711b41ad9b63847f0b2549cc/gnocchi.de4357a9-e3eb-4571-8644-4f2cb58e4650/none_v3" "tx65ea2c9fc384416f97ab7-006921a46f" "proxy-server 20" 0.0011 "-" 24 0
Nov 22 11:54:23 standalone proxy-server[129425]: 172.18.0.2 172.18.0.100 22/Nov/2025/11/54/23 GET /v1/AUTH_b003c8af711b41ad9b63847f0b2549cc/gnocchi.de4357a9-e3eb-4571-8644-4f2cb58e4650/none_v3 HTTP/1.0 404 - python-swiftclient-3.11.1 gAAAAABpIaQzeESC... - 70 - tx65ea2c9fc384416f97ab7-006921a46f - 0.0273 - - 1763812463.929652929 1763812463.956963539 0
Nov 22 11:54:23 standalone account-server[127329]: 172.20.0.100 - - [22/Nov/2025:11:54:23 +0000] "PUT /d1/28/AUTH_b003c8af711b41ad9b63847f0b2549cc/gnocchi.de4357a9-e3eb-4571-8644-4f2cb58e4650" 201 - "PUT http://172.20.0.100:6001/d1/328/AUTH_b003c8af711b41ad9b63847f0b2549cc/gnocchi.de4357a9-e3eb-4571-8644-4f2cb58e4650" "tx030a2e1c1d524ac286265-006921a46f" "container-server 22" 0.0019 "-" 14 0
Nov 22 11:54:23 standalone container-server[127454]: 172.20.0.100 - - [22/Nov/2025:11:54:23 +0000] "PUT /d1/328/AUTH_b003c8af711b41ad9b63847f0b2549cc/gnocchi.de4357a9-e3eb-4571-8644-4f2cb58e4650" 201 - "PUT http://172.18.0.2:8080/v1/AUTH_b003c8af711b41ad9b63847f0b2549cc/gnocchi.de4357a9-e3eb-4571-8644-4f2cb58e4650" "tx030a2e1c1d524ac286265-006921a46f" "proxy-server 20" 0.0138 "-" 22 0
Nov 22 11:54:23 standalone proxy-server[129425]: 172.18.0.2 172.18.0.100 22/Nov/2025/11/54/23 PUT /v1/AUTH_b003c8af711b41ad9b63847f0b2549cc/gnocchi.de4357a9-e3eb-4571-8644-4f2cb58e4650 HTTP/1.0 201 - python-swiftclient-3.11.1 gAAAAABpIaQzeESC... - - - tx030a2e1c1d524ac286265-006921a46f - 0.0202 - - 1763812463.960309744 1763812463.980500460 0
Nov 22 11:54:23 standalone container-server[127434]: 172.20.0.100 - - [22/Nov/2025:11:54:23 +0000] "HEAD /d1/328/AUTH_b003c8af711b41ad9b63847f0b2549cc/gnocchi.de4357a9-e3eb-4571-8644-4f2cb58e4650" 204 - "HEAD http://172.18.0.2:8080/v1/AUTH_b003c8af711b41ad9b63847f0b2549cc/gnocchi.de4357a9-e3eb-4571-8644-4f2cb58e4650?format=json&states=listing" "tx1c16e0fd87274bd0a88b5-006921a46f" "proxy-server 20" 0.0023 "-" 20 0
Nov 22 11:54:23 standalone proxy-server[129425]: - - 22/Nov/2025/11/54/23 HEAD /v1/AUTH_b003c8af711b41ad9b63847f0b2549cc/gnocchi.de4357a9-e3eb-4571-8644-4f2cb58e4650%3Fformat%3Djson%26states%3Dlisting HTTP/1.0 204 - Swift - - - - tx1c16e0fd87274bd0a88b5-006921a46f - 0.0072 RL - 1763812463.989654064 1763812463.996809244 0
Nov 22 11:54:24 standalone container-server[127464]: 172.20.0.100 - - [22/Nov/2025:11:54:24 +0000] "GET /d1/328/AUTH_b003c8af711b41ad9b63847f0b2549cc/gnocchi.de4357a9-e3eb-4571-8644-4f2cb58e4650" 200 2 "GET http://172.18.0.2:8080/v1/AUTH_b003c8af711b41ad9b63847f0b2549cc/gnocchi.de4357a9-e3eb-4571-8644-4f2cb58e4650?format=json&states=listing" "tx1c16e0fd87274bd0a88b5-006921a46f" "proxy-server 20" 0.0039 "-" 23 0
Nov 22 11:54:24 standalone proxy-server[129425]: 172.18.0.2 172.18.0.100 22/Nov/2025/11/54/24 GET /v1/AUTH_b003c8af711b41ad9b63847f0b2549cc/gnocchi.de4357a9-e3eb-4571-8644-4f2cb58e4650%3Fformat%3Djson%26states%3Dlisting HTTP/1.0 200 - python-swiftclient-3.11.1 gAAAAABpIaQzeESC... - 2 - tx1c16e0fd87274bd0a88b5-006921a46f - 0.0231 - - 1763812463.988279104 1763812464.011379480 0
Nov 22 11:54:24 standalone object-server[127641]: 172.20.0.100 - - [22/Nov/2025:11:54:24 +0000] "GET /d1/536/AUTH_b003c8af711b41ad9b63847f0b2549cc/gnocchi.de4357a9-e3eb-4571-8644-4f2cb58e4650/1763640000.0_mean_300.0_v3" 404 70 "GET http://172.18.0.2:8080/v1/AUTH_b003c8af711b41ad9b63847f0b2549cc/gnocchi.de4357a9-e3eb-4571-8644-4f2cb58e4650/1763640000.0_mean_300.0_v3" "tx87e90f38cc3049aa84ab1-006921a470" "proxy-server 20" 0.0005 "-" 25 0
Nov 22 11:54:24 standalone proxy-server[129425]: 172.18.0.2 172.18.0.100 22/Nov/2025/11/54/24 GET /v1/AUTH_b003c8af711b41ad9b63847f0b2549cc/gnocchi.de4357a9-e3eb-4571-8644-4f2cb58e4650/1763640000.0_mean_300.0_v3 HTTP/1.0 404 - python-swiftclient-3.11.1 gAAAAABpIaQzeESC... - 70 - tx87e90f38cc3049aa84ab1-006921a470 - 0.0068 - - 1763812464.017139196 1763812464.023917675 0
Nov 22 11:54:24 standalone container-server[127434]: 172.20.0.100 - - [22/Nov/2025:11:54:24 +0000] "PUT /d1/328/AUTH_b003c8af711b41ad9b63847f0b2549cc/gnocchi.de4357a9-e3eb-4571-8644-4f2cb58e4650/1763640000.0_mean_300.0_v3" 201 - "PUT http://172.18.0.2:8080/d1/536/AUTH_b003c8af711b41ad9b63847f0b2549cc/gnocchi.de4357a9-e3eb-4571-8644-4f2cb58e4650/1763640000.0_mean_300.0_v3" "tx0d56700000a249c799ef2-006921a470" "object-server 25" 0.0011 "-" 20 0
Nov 22 11:54:24 standalone object-server[127641]: 172.20.0.100 - - [22/Nov/2025:11:54:24 +0000] "PUT /d1/536/AUTH_b003c8af711b41ad9b63847f0b2549cc/gnocchi.de4357a9-e3eb-4571-8644-4f2cb58e4650/1763640000.0_mean_300.0_v3" 201 - "PUT http://172.18.0.2:8080/v1/AUTH_b003c8af711b41ad9b63847f0b2549cc/gnocchi.de4357a9-e3eb-4571-8644-4f2cb58e4650/1763640000.0_mean_300.0_v3" "tx0d56700000a249c799ef2-006921a470" "proxy-server 20" 0.0386 "-" 25 0
Nov 22 11:54:24 standalone proxy-server[129425]: 172.18.0.2 172.18.0.100 22/Nov/2025/11/54/24 PUT /v1/AUTH_b003c8af711b41ad9b63847f0b2549cc/gnocchi.de4357a9-e3eb-4571-8644-4f2cb58e4650/1763640000.0_mean_300.0_v3 HTTP/1.0 201 - python-swiftclient-3.11.1 gAAAAABpIaQzeESC... 16 - - tx0d56700000a249c799ef2-006921a470 - 0.0447 - - 1763812464.027928114 1763812464.072606564 0
Nov 22 11:54:24 standalone container-server[127423]: 172.20.0.100 - - [22/Nov/2025:11:54:24 +0000] "PUT /d1/328/AUTH_b003c8af711b41ad9b63847f0b2549cc/gnocchi.de4357a9-e3eb-4571-8644-4f2cb58e4650/none_v3" 201 - "PUT http://172.18.0.2:8080/d1/216/AUTH_b003c8af711b41ad9b63847f0b2549cc/gnocchi.de4357a9-e3eb-4571-8644-4f2cb58e4650/none_v3" "tx4c48521d60654048abef1-006921a470" "object-server 23" 0.0012 "-" 19 0
Nov 22 11:54:24 standalone object-server[127628]: 172.20.0.100 - - [22/Nov/2025:11:54:24 +0000] "PUT /d1/216/AUTH_b003c8af711b41ad9b63847f0b2549cc/gnocchi.de4357a9-e3eb-4571-8644-4f2cb58e4650/none_v3" 201 - "PUT http://172.18.0.2:8080/v1/AUTH_b003c8af711b41ad9b63847f0b2549cc/gnocchi.de4357a9-e3eb-4571-8644-4f2cb58e4650/none_v3" "tx4c48521d60654048abef1-006921a470" "proxy-server 20" 0.0141 "-" 23 0
Nov 22 11:54:24 standalone proxy-server[129425]: 172.18.0.2 172.18.0.100 22/Nov/2025/11/54/24 PUT /v1/AUTH_b003c8af711b41ad9b63847f0b2549cc/gnocchi.de4357a9-e3eb-4571-8644-4f2cb58e4650/none_v3 HTTP/1.0 201 - python-swiftclient-3.11.1 gAAAAABpIaQzeESC... 22 - - tx4c48521d60654048abef1-006921a470 - 0.0226 - - 1763812464.077939749 1763812464.100521564 0
Nov 22 11:54:24 standalone container-server[127464]: 172.20.0.100 - - [22/Nov/2025:11:54:24 +0000] "HEAD /d1/1010/AUTH_b003c8af711b41ad9b63847f0b2549cc/gnocchi.1acb3005-56c5-448a-bdc3-e810746de932" 404 - "HEAD http://172.18.0.2:8080/v1/AUTH_b003c8af711b41ad9b63847f0b2549cc/gnocchi.1acb3005-56c5-448a-bdc3-e810746de932?format=json&states=listing" "txa64c65278aab4d97a1f0b-006921a470" "proxy-server 20" 0.0006 "-" 23 0
Nov 22 11:54:24 standalone object-server[127617]: 172.20.0.100 - - [22/Nov/2025:11:54:24 +0000] "GET /d1/990/AUTH_b003c8af711b41ad9b63847f0b2549cc/gnocchi.1acb3005-56c5-448a-bdc3-e810746de932/none_v3" 404 70 "GET http://172.18.0.2:8080/v1/AUTH_b003c8af711b41ad9b63847f0b2549cc/gnocchi.1acb3005-56c5-448a-bdc3-e810746de932/none_v3" "txa64c65278aab4d97a1f0b-006921a470" "proxy-server 20" 0.0004 "-" 22 0
Nov 22 11:54:24 standalone proxy-server[129425]: 172.18.0.2 172.18.0.100 22/Nov/2025/11/54/24 GET /v1/AUTH_b003c8af711b41ad9b63847f0b2549cc/gnocchi.1acb3005-56c5-448a-bdc3-e810746de932/none_v3 HTTP/1.0 404 - python-swiftclient-3.11.1 gAAAAABpIaQzeESC... - 70 - txa64c65278aab4d97a1f0b-006921a470 - 0.0099 - - 1763812464.112840176 1763812464.122722626 0
Nov 22 11:54:24 standalone account-server[127356]: 172.20.0.100 - - [22/Nov/2025:11:54:24 +0000] "PUT /d1/28/AUTH_b003c8af711b41ad9b63847f0b2549cc/gnocchi.1acb3005-56c5-448a-bdc3-e810746de932" 201 - "PUT http://172.20.0.100:6001/d1/1010/AUTH_b003c8af711b41ad9b63847f0b2549cc/gnocchi.1acb3005-56c5-448a-bdc3-e810746de932" "txba4e9fb4a02a4b7eb940c-006921a470" "container-server 20" 0.0059 "-" 16 0
Nov 22 11:54:24 standalone container-server[127434]: 172.20.0.100 - - [22/Nov/2025:11:54:24 +0000] "PUT /d1/1010/AUTH_b003c8af711b41ad9b63847f0b2549cc/gnocchi.1acb3005-56c5-448a-bdc3-e810746de932" 201 - "PUT http://172.18.0.2:8080/v1/AUTH_b003c8af711b41ad9b63847f0b2549cc/gnocchi.1acb3005-56c5-448a-bdc3-e810746de932" "txba4e9fb4a02a4b7eb940c-006921a470" "proxy-server 20" 0.0190 "-" 20 0
Nov 22 11:54:24 standalone proxy-server[129425]: 172.18.0.2 172.18.0.100 22/Nov/2025/11/54/24 PUT /v1/AUTH_b003c8af711b41ad9b63847f0b2549cc/gnocchi.1acb3005-56c5-448a-bdc3-e810746de932 HTTP/1.0 201 - python-swiftclient-3.11.1 gAAAAABpIaQzeESC... - - - txba4e9fb4a02a4b7eb940c-006921a470 - 0.0243 - - 1763812464.125681400 1763812464.149947166 0
Nov 22 11:54:24 standalone container-server[127454]: 172.20.0.100 - - [22/Nov/2025:11:54:24 +0000] "HEAD /d1/1010/AUTH_b003c8af711b41ad9b63847f0b2549cc/gnocchi.1acb3005-56c5-448a-bdc3-e810746de932" 204 - "HEAD http://172.18.0.2:8080/v1/AUTH_b003c8af711b41ad9b63847f0b2549cc/gnocchi.1acb3005-56c5-448a-bdc3-e810746de932?format=json&states=listing" "tx3185d57f3c5a492c9d94a-006921a470" "proxy-server 20" 0.0028 "-" 22 0
Nov 22 11:54:24 standalone proxy-server[129425]: - - 22/Nov/2025/11/54/24 HEAD /v1/AUTH_b003c8af711b41ad9b63847f0b2549cc/gnocchi.1acb3005-56c5-448a-bdc3-e810746de932%3Fformat%3Djson%26states%3Dlisting HTTP/1.0 204 - Swift - - - - tx3185d57f3c5a492c9d94a-006921a470 - 0.0083 RL - 1763812464.160501242 1763812464.168785334 0
Nov 22 11:54:24 standalone container-server[127423]: 172.20.0.100 - - [22/Nov/2025:11:54:24 +0000] "GET /d1/1010/AUTH_b003c8af711b41ad9b63847f0b2549cc/gnocchi.1acb3005-56c5-448a-bdc3-e810746de932" 200 2 "GET http://172.18.0.2:8080/v1/AUTH_b003c8af711b41ad9b63847f0b2549cc/gnocchi.1acb3005-56c5-448a-bdc3-e810746de932?format=json&states=listing" "tx3185d57f3c5a492c9d94a-006921a470" "proxy-server 20" 0.0054 "-" 19 0
Nov 22 11:54:24 standalone proxy-server[129425]: 172.18.0.2 172.18.0.100 22/Nov/2025/11/54/24 GET /v1/AUTH_b003c8af711b41ad9b63847f0b2549cc/gnocchi.1acb3005-56c5-448a-bdc3-e810746de932%3Fformat%3Djson%26states%3Dlisting HTTP/1.0 200 - python-swiftclient-3.11.1 gAAAAABpIaQzeESC... - 2 - tx3185d57f3c5a492c9d94a-006921a470 - 0.0255 - - 1763812464.158841372 1763812464.184380054 0
Nov 22 11:54:24 standalone object-server[127617]: 172.20.0.100 - - [22/Nov/2025:11:54:24 +0000] "GET /d1/102/AUTH_b003c8af711b41ad9b63847f0b2549cc/gnocchi.1acb3005-56c5-448a-bdc3-e810746de932/1763640000.0_mean_300.0_v3" 404 70 "GET http://172.18.0.2:8080/v1/AUTH_b003c8af711b41ad9b63847f0b2549cc/gnocchi.1acb3005-56c5-448a-bdc3-e810746de932/1763640000.0_mean_300.0_v3" "tx6c9956e6b7b346149e7e7-006921a470" "proxy-server 20" 0.0004 "-" 22 0
Nov 22 11:54:24 standalone proxy-server[129425]: 172.18.0.2 172.18.0.100 22/Nov/2025/11/54/24 GET /v1/AUTH_b003c8af711b41ad9b63847f0b2549cc/gnocchi.1acb3005-56c5-448a-bdc3-e810746de932/1763640000.0_mean_300.0_v3 HTTP/1.0 404 - python-swiftclient-3.11.1 gAAAAABpIaQzeESC... - 70 - tx6c9956e6b7b346149e7e7-006921a470 - 0.0053 - - 1763812464.188713074 1763812464.193979740 0
Nov 22 11:54:24 standalone container-server[127454]: 172.20.0.100 - - [22/Nov/2025:11:54:24 +0000] "PUT /d1/1010/AUTH_b003c8af711b41ad9b63847f0b2549cc/gnocchi.1acb3005-56c5-448a-bdc3-e810746de932/1763640000.0_mean_300.0_v3" 201 - "PUT http://172.18.0.2:8080/d1/102/AUTH_b003c8af711b41ad9b63847f0b2549cc/gnocchi.1acb3005-56c5-448a-bdc3-e810746de932/1763640000.0_mean_300.0_v3" "tx9facb411e7e34f36afa9b-006921a470" "object-server 25" 0.0010 "-" 22 0
Nov 22 11:54:24 standalone object-server[127641]: 172.20.0.100 - - [22/Nov/2025:11:54:24 +0000] "PUT /d1/102/AUTH_b003c8af711b41ad9b63847f0b2549cc/gnocchi.1acb3005-56c5-448a-bdc3-e810746de932/1763640000.0_mean_300.0_v3" 201 - "PUT http://172.18.0.2:8080/v1/AUTH_b003c8af711b41ad9b63847f0b2549cc/gnocchi.1acb3005-56c5-448a-bdc3-e810746de932/1763640000.0_mean_300.0_v3" "tx9facb411e7e34f36afa9b-006921a470" "proxy-server 20" 0.0117 "-" 25 0
Nov 22 11:54:24 standalone proxy-server[129425]: 172.18.0.2 172.18.0.100 22/Nov/2025/11/54/24 PUT /v1/AUTH_b003c8af711b41ad9b63847f0b2549cc/gnocchi.1acb3005-56c5-448a-bdc3-e810746de932/1763640000.0_mean_300.0_v3 HTTP/1.0 201 - python-swiftclient-3.11.1 gAAAAABpIaQzeESC... 16 - - tx9facb411e7e34f36afa9b-006921a470 - 0.0172 - - 1763812464.197105646 1763812464.214265585 0
Nov 22 11:54:24 standalone container-server[127434]: 172.20.0.100 - - [22/Nov/2025:11:54:24 +0000] "PUT /d1/1010/AUTH_b003c8af711b41ad9b63847f0b2549cc/gnocchi.1acb3005-56c5-448a-bdc3-e810746de932/none_v3" 201 - "PUT http://172.18.0.2:8080/d1/990/AUTH_b003c8af711b41ad9b63847f0b2549cc/gnocchi.1acb3005-56c5-448a-bdc3-e810746de932/none_v3" "tx32b2b27cce5942fa8ae9f-006921a470" "object-server 24" 0.0008 "-" 20 0
Nov 22 11:54:24 standalone object-server[127636]: 172.20.0.100 - - [22/Nov/2025:11:54:24 +0000] "PUT /d1/990/AUTH_b003c8af711b41ad9b63847f0b2549cc/gnocchi.1acb3005-56c5-448a-bdc3-e810746de932/none_v3" 201 - "PUT http://172.18.0.2:8080/v1/AUTH_b003c8af711b41ad9b63847f0b2549cc/gnocchi.1acb3005-56c5-448a-bdc3-e810746de932/none_v3" "tx32b2b27cce5942fa8ae9f-006921a470" "proxy-server 20" 0.0373 "-" 24 0
Nov 22 11:54:24 standalone proxy-server[129425]: 172.18.0.2 172.18.0.100 22/Nov/2025/11/54/24 PUT /v1/AUTH_b003c8af711b41ad9b63847f0b2549cc/gnocchi.1acb3005-56c5-448a-bdc3-e810746de932/none_v3 HTTP/1.0 201 - python-swiftclient-3.11.1 gAAAAABpIaQzeESC... 22 - - tx32b2b27cce5942fa8ae9f-006921a470 - 0.0431 - - 1763812464.217046976 1763812464.260179758 0
Nov 22 11:54:31 standalone container-server[127464]: 172.20.0.100 - - [22/Nov/2025:11:54:31 +0000] "HEAD /d1/950/AUTH_b003c8af711b41ad9b63847f0b2549cc/gnocchi.210378d4-f9a3-4c74-a28f-0f713500f413" 404 - "HEAD http://172.18.0.2:8080/v1/AUTH_b003c8af711b41ad9b63847f0b2549cc/gnocchi.210378d4-f9a3-4c74-a28f-0f713500f413?format=json&states=listing" "tx5d7a19c854784e3db59f9-006921a477" "proxy-server 20" 0.0006 "-" 23 0
Nov 22 11:54:31 standalone object-server[127636]: 172.20.0.100 - - [22/Nov/2025:11:54:31 +0000] "GET /d1/373/AUTH_b003c8af711b41ad9b63847f0b2549cc/gnocchi.210378d4-f9a3-4c74-a28f-0f713500f413/none_v3" 404 70 "GET http://172.18.0.2:8080/v1/AUTH_b003c8af711b41ad9b63847f0b2549cc/gnocchi.210378d4-f9a3-4c74-a28f-0f713500f413/none_v3" "tx5d7a19c854784e3db59f9-006921a477" "proxy-server 20" 0.0005 "-" 24 0
Nov 22 11:54:31 standalone proxy-server[129425]: 172.18.0.2 172.18.0.100 22/Nov/2025/11/54/31 GET /v1/AUTH_b003c8af711b41ad9b63847f0b2549cc/gnocchi.210378d4-f9a3-4c74-a28f-0f713500f413/none_v3 HTTP/1.0 404 - python-swiftclient-3.11.1 gAAAAABpIaQzeESC... - 70 - tx5d7a19c854784e3db59f9-006921a477 - 0.0128 - - 1763812471.163287878 1763812471.176075697 0
Nov 22 11:54:31 standalone account-server[127347]: 172.20.0.100 - - [22/Nov/2025:11:54:31 +0000] "PUT /d1/28/AUTH_b003c8af711b41ad9b63847f0b2549cc/gnocchi.210378d4-f9a3-4c74-a28f-0f713500f413" 201 - "PUT http://172.20.0.100:6001/d1/950/AUTH_b003c8af711b41ad9b63847f0b2549cc/gnocchi.210378d4-f9a3-4c74-a28f-0f713500f413" "tx71edceae65ec49a990678-006921a477" "container-server 22" 0.0121 "-" 15 0
Nov 22 11:54:31 standalone container-server[127454]: 172.20.0.100 - - [22/Nov/2025:11:54:31 +0000] "PUT /d1/950/AUTH_b003c8af711b41ad9b63847f0b2549cc/gnocchi.210378d4-f9a3-4c74-a28f-0f713500f413" 201 - "PUT http://172.18.0.2:8080/v1/AUTH_b003c8af711b41ad9b63847f0b2549cc/gnocchi.210378d4-f9a3-4c74-a28f-0f713500f413" "tx71edceae65ec49a990678-006921a477" "proxy-server 20" 0.0253 "-" 22 0
Nov 22 11:54:31 standalone proxy-server[129425]: 172.18.0.2 172.18.0.100 22/Nov/2025/11/54/31 PUT /v1/AUTH_b003c8af711b41ad9b63847f0b2549cc/gnocchi.210378d4-f9a3-4c74-a28f-0f713500f413 HTTP/1.0 201 - python-swiftclient-3.11.1 gAAAAABpIaQzeESC... - - - tx71edceae65ec49a990678-006921a477 - 0.0298 - - 1763812471.179050922 1763812471.208848715 0
Nov 22 11:54:31 standalone container-server[127464]: 172.20.0.100 - - [22/Nov/2025:11:54:31 +0000] "HEAD /d1/950/AUTH_b003c8af711b41ad9b63847f0b2549cc/gnocchi.210378d4-f9a3-4c74-a28f-0f713500f413" 204 - "HEAD http://172.18.0.2:8080/v1/AUTH_b003c8af711b41ad9b63847f0b2549cc/gnocchi.210378d4-f9a3-4c74-a28f-0f713500f413?format=json&states=listing" "tx6ee01f59791640fab99d2-006921a477" "proxy-server 20" 0.0013 "-" 23 0
Nov 22 11:54:31 standalone proxy-server[129425]: - - 22/Nov/2025/11/54/31 HEAD /v1/AUTH_b003c8af711b41ad9b63847f0b2549cc/gnocchi.210378d4-f9a3-4c74-a28f-0f713500f413%3Fformat%3Djson%26states%3Dlisting HTTP/1.0 204 - Swift - - - - tx6ee01f59791640fab99d2-006921a477 - 0.0042 RL - 1763812471.212431908 1763812471.216680050 0
Nov 22 11:54:31 standalone container-server[127454]: 172.20.0.100 - - [22/Nov/2025:11:54:31 +0000] "GET /d1/950/AUTH_b003c8af711b41ad9b63847f0b2549cc/gnocchi.210378d4-f9a3-4c74-a28f-0f713500f413" 200 2 "GET http://172.18.0.2:8080/v1/AUTH_b003c8af711b41ad9b63847f0b2549cc/gnocchi.210378d4-f9a3-4c74-a28f-0f713500f413?format=json&states=listing" "tx6ee01f59791640fab99d2-006921a477" "proxy-server 20" 0.0022 "-" 22 0
Nov 22 11:54:31 standalone proxy-server[129425]: 172.18.0.2 172.18.0.100 22/Nov/2025/11/54/31 GET /v1/AUTH_b003c8af711b41ad9b63847f0b2549cc/gnocchi.210378d4-f9a3-4c74-a28f-0f713500f413%3Fformat%3Djson%26states%3Dlisting HTTP/1.0 200 - python-swiftclient-3.11.1 gAAAAABpIaQzeESC... - 2 - tx6ee01f59791640fab99d2-006921a477 - 0.0122 - - 1763812471.211642981 1763812471.223863840 0
Nov 22 11:54:31 standalone object-server[127641]: 172.20.0.100 - - [22/Nov/2025:11:54:31 +0000] "GET /d1/8/AUTH_b003c8af711b41ad9b63847f0b2549cc/gnocchi.210378d4-f9a3-4c74-a28f-0f713500f413/1763640000.0_mean_300.0_v3" 404 70 "GET http://172.18.0.2:8080/v1/AUTH_b003c8af711b41ad9b63847f0b2549cc/gnocchi.210378d4-f9a3-4c74-a28f-0f713500f413/1763640000.0_mean_300.0_v3" "tx0be56ac85cc34a19a74a7-006921a477" "proxy-server 20" 0.0005 "-" 25 0
Nov 22 11:54:31 standalone proxy-server[129425]: 172.18.0.2 172.18.0.100 22/Nov/2025/11/54/31 GET /v1/AUTH_b003c8af711b41ad9b63847f0b2549cc/gnocchi.210378d4-f9a3-4c74-a28f-0f713500f413/1763640000.0_mean_300.0_v3 HTTP/1.0 404 - python-swiftclient-3.11.1 gAAAAABpIaQzeESC... - 70 - tx0be56ac85cc34a19a74a7-006921a477 - 0.0076 - - 1763812471.230826378 1763812471.238464355 0
Nov 22 11:54:31 standalone container-server[127454]: 172.20.0.100 - - [22/Nov/2025:11:54:31 +0000] "PUT /d1/950/AUTH_b003c8af711b41ad9b63847f0b2549cc/gnocchi.210378d4-f9a3-4c74-a28f-0f713500f413/1763640000.0_mean_300.0_v3" 201 - "PUT http://172.18.0.2:8080/d1/8/AUTH_b003c8af711b41ad9b63847f0b2549cc/gnocchi.210378d4-f9a3-4c74-a28f-0f713500f413/1763640000.0_mean_300.0_v3" "tx6b7e802b4032447392bc0-006921a477" "object-server 25" 0.0010 "-" 22 0
Nov 22 11:54:31 standalone object-server[127641]: 172.20.0.100 - - [22/Nov/2025:11:54:31 +0000] "PUT /d1/8/AUTH_b003c8af711b41ad9b63847f0b2549cc/gnocchi.210378d4-f9a3-4c74-a28f-0f713500f413/1763640000.0_mean_300.0_v3" 201 - "PUT http://172.18.0.2:8080/v1/AUTH_b003c8af711b41ad9b63847f0b2549cc/gnocchi.210378d4-f9a3-4c74-a28f-0f713500f413/1763640000.0_mean_300.0_v3" "tx6b7e802b4032447392bc0-006921a477" "proxy-server 20" 0.0148 "-" 25 0
Nov 22 11:54:31 standalone proxy-server[129425]: 172.18.0.2 172.18.0.100 22/Nov/2025/11/54/31 PUT /v1/AUTH_b003c8af711b41ad9b63847f0b2549cc/gnocchi.210378d4-f9a3-4c74-a28f-0f713500f413/1763640000.0_mean_300.0_v3 HTTP/1.0 201 - python-swiftclient-3.11.1 gAAAAABpIaQzeESC... 16 - - tx6b7e802b4032447392bc0-006921a477 - 0.0274 - - 1763812471.242459297 1763812471.269839048 0
Nov 22 11:54:31 standalone container-server[127423]: 172.20.0.100 - - [22/Nov/2025:11:54:31 +0000] "PUT /d1/950/AUTH_b003c8af711b41ad9b63847f0b2549cc/gnocchi.210378d4-f9a3-4c74-a28f-0f713500f413/none_v3" 201 - "PUT http://172.18.0.2:8080/d1/373/AUTH_b003c8af711b41ad9b63847f0b2549cc/gnocchi.210378d4-f9a3-4c74-a28f-0f713500f413/none_v3" "tx973894cbf3a04726be65f-006921a477" "object-server 25" 0.0005 "-" 19 0
Nov 22 11:54:31 standalone object-server[127641]: 172.20.0.100 - - [22/Nov/2025:11:54:31 +0000] "PUT /d1/373/AUTH_b003c8af711b41ad9b63847f0b2549cc/gnocchi.210378d4-f9a3-4c74-a28f-0f713500f413/none_v3" 201 - "PUT http://172.18.0.2:8080/v1/AUTH_b003c8af711b41ad9b63847f0b2549cc/gnocchi.210378d4-f9a3-4c74-a28f-0f713500f413/none_v3" "tx973894cbf3a04726be65f-006921a477" "proxy-server 20" 0.0128 "-" 25 0
Nov 22 11:54:31 standalone proxy-server[129425]: 172.18.0.2 172.18.0.100 22/Nov/2025/11/54/31 PUT /v1/AUTH_b003c8af711b41ad9b63847f0b2549cc/gnocchi.210378d4-f9a3-4c74-a28f-0f713500f413/none_v3 HTTP/1.0 201 - python-swiftclient-3.11.1 gAAAAABpIaQzeESC... 22 - - tx973894cbf3a04726be65f-006921a477 - 0.0246 - - 1763812471.273072958 1763812471.297641993 0
Nov 22 11:54:31 standalone container-server[127434]: 172.20.0.100 - - [22/Nov/2025:11:54:31 +0000] "HEAD /d1/881/AUTH_b003c8af711b41ad9b63847f0b2549cc/gnocchi.5359c362-6b41-4ba4-9d02-e698ad9d440f" 404 - "HEAD http://172.18.0.2:8080/v1/AUTH_b003c8af711b41ad9b63847f0b2549cc/gnocchi.5359c362-6b41-4ba4-9d02-e698ad9d440f?format=json&states=listing" "txb2cebb627d2c4ea59b23e-006921a477" "proxy-server 20" 0.0005 "-" 20 0
Nov 22 11:54:31 standalone object-server[127628]: 172.20.0.100 - - [22/Nov/2025:11:54:31 +0000] "GET /d1/219/AUTH_b003c8af711b41ad9b63847f0b2549cc/gnocchi.5359c362-6b41-4ba4-9d02-e698ad9d440f/none_v3" 404 70 "GET http://172.18.0.2:8080/v1/AUTH_b003c8af711b41ad9b63847f0b2549cc/gnocchi.5359c362-6b41-4ba4-9d02-e698ad9d440f/none_v3" "txb2cebb627d2c4ea59b23e-006921a477" "proxy-server 20" 0.0009 "-" 23 0
Nov 22 11:54:31 standalone proxy-server[129425]: 172.18.0.2 172.18.0.100 22/Nov/2025/11/54/31 GET /v1/AUTH_b003c8af711b41ad9b63847f0b2549cc/gnocchi.5359c362-6b41-4ba4-9d02-e698ad9d440f/none_v3 HTTP/1.0 404 - python-swiftclient-3.11.1 gAAAAABpIaQzeESC... - 70 - txb2cebb627d2c4ea59b23e-006921a477 - 0.0104 - - 1763812471.307553768 1763812471.317950487 0
Nov 22 11:54:31 standalone account-server[127329]: 172.20.0.100 - - [22/Nov/2025:11:54:31 +0000] "PUT /d1/28/AUTH_b003c8af711b41ad9b63847f0b2549cc/gnocchi.5359c362-6b41-4ba4-9d02-e698ad9d440f" 201 - "PUT http://172.20.0.100:6001/d1/881/AUTH_b003c8af711b41ad9b63847f0b2549cc/gnocchi.5359c362-6b41-4ba4-9d02-e698ad9d440f" "tx506769fcecc14b0fbe797-006921a477" "container-server 22" 0.0053 "-" 14 0
Nov 22 11:54:31 standalone container-server[127454]: 172.20.0.100 - - [22/Nov/2025:11:54:31 +0000] "PUT /d1/881/AUTH_b003c8af711b41ad9b63847f0b2549cc/gnocchi.5359c362-6b41-4ba4-9d02-e698ad9d440f" 201 - "PUT http://172.18.0.2:8080/v1/AUTH_b003c8af711b41ad9b63847f0b2549cc/gnocchi.5359c362-6b41-4ba4-9d02-e698ad9d440f" "tx506769fcecc14b0fbe797-006921a477" "proxy-server 20" 0.0179 "-" 22 0
Nov 22 11:54:31 standalone proxy-server[129425]: 172.18.0.2 172.18.0.100 22/Nov/2025/11/54/31 PUT /v1/AUTH_b003c8af711b41ad9b63847f0b2549cc/gnocchi.5359c362-6b41-4ba4-9d02-e698ad9d440f HTTP/1.0 201 - python-swiftclient-3.11.1 gAAAAABpIaQzeESC... - - - tx506769fcecc14b0fbe797-006921a477 - 0.0341 - - 1763812471.325543880 1763812471.359665155 0
Nov 22 11:54:31 standalone container-server[127434]: 172.20.0.100 - - [22/Nov/2025:11:54:31 +0000] "HEAD /d1/245/AUTH_b003c8af711b41ad9b63847f0b2549cc/gnocchi.e23dbc42-069e-4312-99cd-f1b2fa5cd80f" 404 - "HEAD http://172.18.0.2:8080/v1/AUTH_b003c8af711b41ad9b63847f0b2549cc/gnocchi.e23dbc42-069e-4312-99cd-f1b2fa5cd80f?format=json&states=listing" "txb88bf471bf194899bcc59-006921a477" "proxy-server 20" 0.0004 "-" 20 0
Nov 22 11:54:31 standalone object-server[127641]: 172.20.0.100 - - [22/Nov/2025:11:54:31 +0000] "GET /d1/551/AUTH_b003c8af711b41ad9b63847f0b2549cc/gnocchi.e23dbc42-069e-4312-99cd-f1b2fa5cd80f/none_v3" 404 70 "GET http://172.18.0.2:8080/v1/AUTH_b003c8af711b41ad9b63847f0b2549cc/gnocchi.e23dbc42-069e-4312-99cd-f1b2fa5cd80f/none_v3" "txb88bf471bf194899bcc59-006921a477" "proxy-server 20" 0.0005 "-" 25 0
Nov 22 11:54:31 standalone proxy-server[129425]: 172.18.0.2 172.18.0.100 22/Nov/2025/11/54/31 GET /v1/AUTH_b003c8af711b41ad9b63847f0b2549cc/gnocchi.e23dbc42-069e-4312-99cd-f1b2fa5cd80f/none_v3 HTTP/1.0 404 - python-swiftclient-3.11.1 gAAAAABpIaQzeESC... - 70 - txb88bf471bf194899bcc59-006921a477 - 0.0123 - - 1763812471.364125252 1763812471.376379967 0
Nov 22 11:54:31 standalone account-server[127347]: 172.20.0.100 - - [22/Nov/2025:11:54:31 +0000] "PUT /d1/28/AUTH_b003c8af711b41ad9b63847f0b2549cc/gnocchi.e23dbc42-069e-4312-99cd-f1b2fa5cd80f" 201 - "PUT http://172.20.0.100:6001/d1/245/AUTH_b003c8af711b41ad9b63847f0b2549cc/gnocchi.e23dbc42-069e-4312-99cd-f1b2fa5cd80f" "txae46e9b5488043748fff8-006921a477" "container-server 19" 0.0044 "-" 15 0
Nov 22 11:54:31 standalone container-server[127423]: 172.20.0.100 - - [22/Nov/2025:11:54:31 +0000] "PUT /d1/245/AUTH_b003c8af711b41ad9b63847f0b2549cc/gnocchi.e23dbc42-069e-4312-99cd-f1b2fa5cd80f" 201 - "PUT http://172.18.0.2:8080/v1/AUTH_b003c8af711b41ad9b63847f0b2549cc/gnocchi.e23dbc42-069e-4312-99cd-f1b2fa5cd80f" "txae46e9b5488043748fff8-006921a477" "proxy-server 20" 0.0196 "-" 19 0
Nov 22 11:54:31 standalone proxy-server[129425]: 172.18.0.2 172.18.0.100 22/Nov/2025/11/54/31 PUT /v1/AUTH_b003c8af711b41ad9b63847f0b2549cc/gnocchi.e23dbc42-069e-4312-99cd-f1b2fa5cd80f HTTP/1.0 201 - python-swiftclient-3.11.1 gAAAAABpIaQzeESC... - - - txae46e9b5488043748fff8-006921a477 - 0.0315 - - 1763812471.379032612 1763812471.410540342 0
Nov 22 11:54:31 standalone container-server[127434]: 172.20.0.100 - - [22/Nov/2025:11:54:31 +0000] "HEAD /d1/881/AUTH_b003c8af711b41ad9b63847f0b2549cc/gnocchi.5359c362-6b41-4ba4-9d02-e698ad9d440f" 204 - "HEAD http://172.18.0.2:8080/v1/AUTH_b003c8af711b41ad9b63847f0b2549cc/gnocchi.5359c362-6b41-4ba4-9d02-e698ad9d440f?format=json&states=listing" "tx8d0fb5d174be4a6e97410-006921a477" "proxy-server 20" 0.0012 "-" 20 0
Nov 22 11:54:31 standalone proxy-server[129425]: - - 22/Nov/2025/11/54/31 HEAD /v1/AUTH_b003c8af711b41ad9b63847f0b2549cc/gnocchi.5359c362-6b41-4ba4-9d02-e698ad9d440f%3Fformat%3Djson%26states%3Dlisting HTTP/1.0 204 - Swift - - - - tx8d0fb5d174be4a6e97410-006921a477 - 0.0053 RL - 1763812471.418343782 1763812471.423667192 0
Nov 22 11:54:31 standalone container-server[127423]: 172.20.0.100 - - [22/Nov/2025:11:54:31 +0000] "GET /d1/881/AUTH_b003c8af711b41ad9b63847f0b2549cc/gnocchi.5359c362-6b41-4ba4-9d02-e698ad9d440f" 200 2 "GET http://172.18.0.2:8080/v1/AUTH_b003c8af711b41ad9b63847f0b2549cc/gnocchi.5359c362-6b41-4ba4-9d02-e698ad9d440f?format=json&states=listing" "tx8d0fb5d174be4a6e97410-006921a477" "proxy-server 20" 0.0070 "-" 19 0
Nov 22 11:54:31 standalone proxy-server[129425]: 172.18.0.2 172.18.0.100 22/Nov/2025/11/54/31 GET /v1/AUTH_b003c8af711b41ad9b63847f0b2549cc/gnocchi.5359c362-6b41-4ba4-9d02-e698ad9d440f%3Fformat%3Djson%26states%3Dlisting HTTP/1.0 200 - python-swiftclient-3.11.1 gAAAAABpIaQzeESC... - 2 - tx8d0fb5d174be4a6e97410-006921a477 - 0.0287 - - 1763812471.415157080 1763812471.443872452 0
Nov 22 11:54:31 standalone container-server[127434]: 172.20.0.100 - - [22/Nov/2025:11:54:31 +0000] "HEAD /d1/245/AUTH_b003c8af711b41ad9b63847f0b2549cc/gnocchi.e23dbc42-069e-4312-99cd-f1b2fa5cd80f" 204 - "HEAD http://172.18.0.2:8080/v1/AUTH_b003c8af711b41ad9b63847f0b2549cc/gnocchi.e23dbc42-069e-4312-99cd-f1b2fa5cd80f?format=json&states=listing" "tx04e8c4359e494d73aa591-006921a477" "proxy-server 20" 0.0010 "-" 20 0
Nov 22 11:54:31 standalone proxy-server[129425]: - - 22/Nov/2025/11/54/31 HEAD /v1/AUTH_b003c8af711b41ad9b63847f0b2549cc/gnocchi.e23dbc42-069e-4312-99cd-f1b2fa5cd80f%3Fformat%3Djson%26states%3Dlisting HTTP/1.0 204 - Swift - - - - tx04e8c4359e494d73aa591-006921a477 - 0.0044 RL - 1763812471.451677322 1763812471.456089497 0
Nov 22 11:54:31 standalone container-server[127423]: 172.20.0.100 - - [22/Nov/2025:11:54:31 +0000] "GET /d1/245/AUTH_b003c8af711b41ad9b63847f0b2549cc/gnocchi.e23dbc42-069e-4312-99cd-f1b2fa5cd80f" 200 2 "GET http://172.18.0.2:8080/v1/AUTH_b003c8af711b41ad9b63847f0b2549cc/gnocchi.e23dbc42-069e-4312-99cd-f1b2fa5cd80f?format=json&states=listing" "tx04e8c4359e494d73aa591-006921a477" "proxy-server 20" 0.0024 "-" 19 0
Nov 22 11:54:31 standalone proxy-server[129425]: 172.18.0.2 172.18.0.100 22/Nov/2025/11/54/31 GET /v1/AUTH_b003c8af711b41ad9b63847f0b2549cc/gnocchi.e23dbc42-069e-4312-99cd-f1b2fa5cd80f%3Fformat%3Djson%26states%3Dlisting HTTP/1.0 200 - python-swiftclient-3.11.1 gAAAAABpIaQzeESC... - 2 - tx04e8c4359e494d73aa591-006921a477 - 0.0155 - - 1763812471.450496435 1763812471.466008425 0
Nov 22 11:54:31 standalone object-server[127636]: 172.20.0.100 - - [22/Nov/2025:11:54:31 +0000] "GET /d1/215/AUTH_b003c8af711b41ad9b63847f0b2549cc/gnocchi.5359c362-6b41-4ba4-9d02-e698ad9d440f/1763640000.0_mean_300.0_v3" 404 70 "GET http://172.18.0.2:8080/v1/AUTH_b003c8af711b41ad9b63847f0b2549cc/gnocchi.5359c362-6b41-4ba4-9d02-e698ad9d440f/1763640000.0_mean_300.0_v3" "tx5e2281f66a9a4c08b5bb5-006921a477" "proxy-server 20" 0.0010 "-" 24 0
Nov 22 11:54:31 standalone proxy-server[129425]: 172.18.0.2 172.18.0.100 22/Nov/2025/11/54/31 GET /v1/AUTH_b003c8af711b41ad9b63847f0b2549cc/gnocchi.5359c362-6b41-4ba4-9d02-e698ad9d440f/1763640000.0_mean_300.0_v3 HTTP/1.0 404 - python-swiftclient-3.11.1 gAAAAABpIaQzeESC... - 70 - tx5e2281f66a9a4c08b5bb5-006921a477 - 0.0091 - - 1763812471.472875357 1763812471.481950521 0
Nov 22 11:54:31 standalone object-server[127641]: 172.20.0.100 - - [22/Nov/2025:11:54:31 +0000] "GET /d1/804/AUTH_b003c8af711b41ad9b63847f0b2549cc/gnocchi.e23dbc42-069e-4312-99cd-f1b2fa5cd80f/1763640000.0_mean_300.0_v3" 404 70 "GET http://172.18.0.2:8080/v1/AUTH_b003c8af711b41ad9b63847f0b2549cc/gnocchi.e23dbc42-069e-4312-99cd-f1b2fa5cd80f/1763640000.0_mean_300.0_v3" "txbc7ee57d015b40fa90811-006921a477" "proxy-server 20" 0.0003 "-" 25 0
Nov 22 11:54:31 standalone proxy-server[129425]: 172.18.0.2 172.18.0.100 22/Nov/2025/11/54/31 GET /v1/AUTH_b003c8af711b41ad9b63847f0b2549cc/gnocchi.e23dbc42-069e-4312-99cd-f1b2fa5cd80f/1763640000.0_mean_300.0_v3 HTTP/1.0 404 - python-swiftclient-3.11.1 gAAAAABpIaQzeESC... - 70 - txbc7ee57d015b40fa90811-006921a477 - 0.0052 - - 1763812471.484434366 1763812471.489624023 0
Nov 22 11:54:31 standalone container-server[127434]: 172.20.0.100 - - [22/Nov/2025:11:54:31 +0000] "PUT /d1/881/AUTH_b003c8af711b41ad9b63847f0b2549cc/gnocchi.5359c362-6b41-4ba4-9d02-e698ad9d440f/1763640000.0_mean_300.0_v3" 201 - "PUT http://172.18.0.2:8080/d1/215/AUTH_b003c8af711b41ad9b63847f0b2549cc/gnocchi.5359c362-6b41-4ba4-9d02-e698ad9d440f/1763640000.0_mean_300.0_v3" "txda4b986ef7e34a6e944ce-006921a477" "object-server 22" 0.0011 "-" 20 0
Nov 22 11:54:31 standalone object-server[127617]: 172.20.0.100 - - [22/Nov/2025:11:54:31 +0000] "PUT /d1/215/AUTH_b003c8af711b41ad9b63847f0b2549cc/gnocchi.5359c362-6b41-4ba4-9d02-e698ad9d440f/1763640000.0_mean_300.0_v3" 201 - "PUT http://172.18.0.2:8080/v1/AUTH_b003c8af711b41ad9b63847f0b2549cc/gnocchi.5359c362-6b41-4ba4-9d02-e698ad9d440f/1763640000.0_mean_300.0_v3" "txda4b986ef7e34a6e944ce-006921a477" "proxy-server 20" 0.0119 "-" 22 0
Nov 22 11:54:31 standalone proxy-server[129425]: 172.18.0.2 172.18.0.100 22/Nov/2025/11/54/31 PUT /v1/AUTH_b003c8af711b41ad9b63847f0b2549cc/gnocchi.5359c362-6b41-4ba4-9d02-e698ad9d440f/1763640000.0_mean_300.0_v3 HTTP/1.0 201 - python-swiftclient-3.11.1 gAAAAABpIaQzeESC... 16 - - txda4b986ef7e34a6e944ce-006921a477 - 0.0221 - - 1763812471.498574257 1763812471.520706892 0
