Nov 22 11:56:17 standalone object-server[127628]: 172.20.0.100 - - [22/Nov/2025:11:56:17 +0000] "PUT /d1/568/AUTH_b003c8af711b41ad9b63847f0b2549cc/gnocchi.c57ff1f1-14ba-4f15-8220-a8869e50af5d/none_v3" 201 - "PUT http://172.18.0.2:8080/v1/AUTH_b003c8af711b41ad9b63847f0b2549cc/gnocchi.c57ff1f1-14ba-4f15-8220-a8869e50af5d/none_v3" "tx088522bba8774a39a54cd-006921a4e1" "proxy-server 20" 0.0135 "-" 23 0
Nov 22 11:56:17 standalone proxy-server[129425]: 172.18.0.2 172.18.0.100 22/Nov/2025/11/56/17 PUT /v1/AUTH_b003c8af711b41ad9b63847f0b2549cc/gnocchi.c57ff1f1-14ba-4f15-8220-a8869e50af5d/none_v3 HTTP/1.0 201 - python-swiftclient-3.11.1 gAAAAABpIaQzeESC... 22 - - tx088522bba8774a39a54cd-006921a4e1 - 0.0229 - - 1763812577.740901470 1763812577.763842106 0
Nov 22 11:56:17 standalone container-server[127423]: 172.20.0.100 - - [22/Nov/2025:11:56:17 +0000] "HEAD /d1/888/AUTH_b003c8af711b41ad9b63847f0b2549cc/gnocchi.709f02d1-fbcc-48fa-b6c4-373fc485e85f" 404 - "HEAD http://172.18.0.2:8080/v1/AUTH_b003c8af711b41ad9b63847f0b2549cc/gnocchi.709f02d1-fbcc-48fa-b6c4-373fc485e85f?format=json&states=listing" "txda673d9dd2aa43a38a0ef-006921a4e1" "proxy-server 20" 0.0005 "-" 19 0
Nov 22 11:56:17 standalone object-server[127617]: 172.20.0.100 - - [22/Nov/2025:11:56:17 +0000] "GET /d1/813/AUTH_b003c8af711b41ad9b63847f0b2549cc/gnocchi.709f02d1-fbcc-48fa-b6c4-373fc485e85f/none_v3" 404 70 "GET http://172.18.0.2:8080/v1/AUTH_b003c8af711b41ad9b63847f0b2549cc/gnocchi.709f02d1-fbcc-48fa-b6c4-373fc485e85f/none_v3" "txda673d9dd2aa43a38a0ef-006921a4e1" "proxy-server 20" 0.0006 "-" 22 0
Nov 22 11:56:17 standalone proxy-server[129425]: 172.18.0.2 172.18.0.100 22/Nov/2025/11/56/17 GET /v1/AUTH_b003c8af711b41ad9b63847f0b2549cc/gnocchi.709f02d1-fbcc-48fa-b6c4-373fc485e85f/none_v3 HTTP/1.0 404 - python-swiftclient-3.11.1 gAAAAABpIaQzeESC... - 70 - txda673d9dd2aa43a38a0ef-006921a4e1 - 0.0151 - - 1763812577.777881145 1763812577.792941093 0
Nov 22 11:56:17 standalone account-server[127347]: 172.20.0.100 - - [22/Nov/2025:11:56:17 +0000] "PUT /d1/28/AUTH_b003c8af711b41ad9b63847f0b2549cc/gnocchi.709f02d1-fbcc-48fa-b6c4-373fc485e85f" 201 - "PUT http://172.20.0.100:6001/d1/888/AUTH_b003c8af711b41ad9b63847f0b2549cc/gnocchi.709f02d1-fbcc-48fa-b6c4-373fc485e85f" "tx6c650de92bbb4cee9730f-006921a4e1" "container-server 19" 0.0057 "-" 15 0
Nov 22 11:56:17 standalone container-server[127423]: 172.20.0.100 - - [22/Nov/2025:11:56:17 +0000] "PUT /d1/888/AUTH_b003c8af711b41ad9b63847f0b2549cc/gnocchi.709f02d1-fbcc-48fa-b6c4-373fc485e85f" 201 - "PUT http://172.18.0.2:8080/v1/AUTH_b003c8af711b41ad9b63847f0b2549cc/gnocchi.709f02d1-fbcc-48fa-b6c4-373fc485e85f" "tx6c650de92bbb4cee9730f-006921a4e1" "proxy-server 20" 0.0168 "-" 19 0
Nov 22 11:56:17 standalone proxy-server[129425]: 172.18.0.2 172.18.0.100 22/Nov/2025/11/56/17 PUT /v1/AUTH_b003c8af711b41ad9b63847f0b2549cc/gnocchi.709f02d1-fbcc-48fa-b6c4-373fc485e85f HTTP/1.0 201 - python-swiftclient-3.11.1 gAAAAABpIaQzeESC... - - - tx6c650de92bbb4cee9730f-006921a4e1 - 0.0241 - - 1763812577.797148466 1763812577.821272612 0
Nov 22 11:56:17 standalone container-server[127423]: 172.20.0.100 - - [22/Nov/2025:11:56:17 +0000] "HEAD /d1/888/AUTH_b003c8af711b41ad9b63847f0b2549cc/gnocchi.709f02d1-fbcc-48fa-b6c4-373fc485e85f" 204 - "HEAD http://172.18.0.2:8080/v1/AUTH_b003c8af711b41ad9b63847f0b2549cc/gnocchi.709f02d1-fbcc-48fa-b6c4-373fc485e85f?format=json&states=listing" "txd0feb4eb92064547b2da9-006921a4e1" "proxy-server 20" 0.0019 "-" 19 0
Nov 22 11:56:17 standalone proxy-server[129425]: - - 22/Nov/2025/11/56/17 HEAD /v1/AUTH_b003c8af711b41ad9b63847f0b2549cc/gnocchi.709f02d1-fbcc-48fa-b6c4-373fc485e85f%3Fformat%3Djson%26states%3Dlisting HTTP/1.0 204 - Swift - - - - txd0feb4eb92064547b2da9-006921a4e1 - 0.0071 RL - 1763812577.828266859 1763812577.835342169 0
Nov 22 11:56:17 standalone container-server[127454]: 172.20.0.100 - - [22/Nov/2025:11:56:17 +0000] "GET /d1/888/AUTH_b003c8af711b41ad9b63847f0b2549cc/gnocchi.709f02d1-fbcc-48fa-b6c4-373fc485e85f" 200 2 "GET http://172.18.0.2:8080/v1/AUTH_b003c8af711b41ad9b63847f0b2549cc/gnocchi.709f02d1-fbcc-48fa-b6c4-373fc485e85f?format=json&states=listing" "txd0feb4eb92064547b2da9-006921a4e1" "proxy-server 20" 0.0027 "-" 22 0
Nov 22 11:56:17 standalone proxy-server[129425]: 172.18.0.2 172.18.0.100 22/Nov/2025/11/56/17 GET /v1/AUTH_b003c8af711b41ad9b63847f0b2549cc/gnocchi.709f02d1-fbcc-48fa-b6c4-373fc485e85f%3Fformat%3Djson%26states%3Dlisting HTTP/1.0 200 - python-swiftclient-3.11.1 gAAAAABpIaQzeESC... - 2 - txd0feb4eb92064547b2da9-006921a4e1 - 0.0202 - - 1763812577.826451063 1763812577.846685648 0
Nov 22 11:56:17 standalone object-server[127628]: 172.20.0.100 - - [22/Nov/2025:11:56:17 +0000] "GET /d1/697/AUTH_b003c8af711b41ad9b63847f0b2549cc/gnocchi.709f02d1-fbcc-48fa-b6c4-373fc485e85f/1763640000.0_mean_300.0_v3" 404 70 "GET http://172.18.0.2:8080/v1/AUTH_b003c8af711b41ad9b63847f0b2549cc/gnocchi.709f02d1-fbcc-48fa-b6c4-373fc485e85f/1763640000.0_mean_300.0_v3" "tx19ff58ccd8574c20b1d93-006921a4e1" "proxy-server 20" 0.0006 "-" 23 0
Nov 22 11:56:17 standalone proxy-server[129425]: 172.18.0.2 172.18.0.100 22/Nov/2025/11/56/17 GET /v1/AUTH_b003c8af711b41ad9b63847f0b2549cc/gnocchi.709f02d1-fbcc-48fa-b6c4-373fc485e85f/1763640000.0_mean_300.0_v3 HTTP/1.0 404 - python-swiftclient-3.11.1 gAAAAABpIaQzeESC... - 70 - tx19ff58ccd8574c20b1d93-006921a4e1 - 0.0103 - - 1763812577.852494955 1763812577.862787247 0
Nov 22 11:56:17 standalone container-server[127464]: 172.20.0.100 - - [22/Nov/2025:11:56:17 +0000] "PUT /d1/888/AUTH_b003c8af711b41ad9b63847f0b2549cc/gnocchi.709f02d1-fbcc-48fa-b6c4-373fc485e85f/1763640000.0_mean_300.0_v3" 201 - "PUT http://172.18.0.2:8080/d1/697/AUTH_b003c8af711b41ad9b63847f0b2549cc/gnocchi.709f02d1-fbcc-48fa-b6c4-373fc485e85f/1763640000.0_mean_300.0_v3" "txb086e079d33f46988689e-006921a4e1" "object-server 23" 0.0010 "-" 23 0
Nov 22 11:56:17 standalone object-server[127628]: 172.20.0.100 - - [22/Nov/2025:11:56:17 +0000] "PUT /d1/697/AUTH_b003c8af711b41ad9b63847f0b2549cc/gnocchi.709f02d1-fbcc-48fa-b6c4-373fc485e85f/1763640000.0_mean_300.0_v3" 201 - "PUT http://172.18.0.2:8080/v1/AUTH_b003c8af711b41ad9b63847f0b2549cc/gnocchi.709f02d1-fbcc-48fa-b6c4-373fc485e85f/1763640000.0_mean_300.0_v3" "txb086e079d33f46988689e-006921a4e1" "proxy-server 20" 0.0112 "-" 23 0
Nov 22 11:56:17 standalone proxy-server[129425]: 172.18.0.2 172.18.0.100 22/Nov/2025/11/56/17 PUT /v1/AUTH_b003c8af711b41ad9b63847f0b2549cc/gnocchi.709f02d1-fbcc-48fa-b6c4-373fc485e85f/1763640000.0_mean_300.0_v3 HTTP/1.0 201 - python-swiftclient-3.11.1 gAAAAABpIaQzeESC... 16 - - txb086e079d33f46988689e-006921a4e1 - 0.0192 - - 1763812577.869022369 1763812577.888189793 0
Nov 22 11:56:17 standalone container-server[127454]: 172.20.0.100 - - [22/Nov/2025:11:56:17 +0000] "PUT /d1/888/AUTH_b003c8af711b41ad9b63847f0b2549cc/gnocchi.709f02d1-fbcc-48fa-b6c4-373fc485e85f/none_v3" 201 - "PUT http://172.18.0.2:8080/d1/813/AUTH_b003c8af711b41ad9b63847f0b2549cc/gnocchi.709f02d1-fbcc-48fa-b6c4-373fc485e85f/none_v3" "tx8e8e7a5c14c64ea0adfbc-006921a4e1" "object-server 23" 0.0008 "-" 22 0
Nov 22 11:56:17 standalone object-server[127628]: 172.20.0.100 - - [22/Nov/2025:11:56:17 +0000] "PUT /d1/813/AUTH_b003c8af711b41ad9b63847f0b2549cc/gnocchi.709f02d1-fbcc-48fa-b6c4-373fc485e85f/none_v3" 201 - "PUT http://172.18.0.2:8080/v1/AUTH_b003c8af711b41ad9b63847f0b2549cc/gnocchi.709f02d1-fbcc-48fa-b6c4-373fc485e85f/none_v3" "tx8e8e7a5c14c64ea0adfbc-006921a4e1" "proxy-server 20" 0.0139 "-" 23 0
Nov 22 11:56:17 standalone proxy-server[129425]: 172.18.0.2 172.18.0.100 22/Nov/2025/11/56/17 PUT /v1/AUTH_b003c8af711b41ad9b63847f0b2549cc/gnocchi.709f02d1-fbcc-48fa-b6c4-373fc485e85f/none_v3 HTTP/1.0 201 - python-swiftclient-3.11.1 gAAAAABpIaQzeESC... 22 - - tx8e8e7a5c14c64ea0adfbc-006921a4e1 - 0.0224 - - 1763812577.892524481 1763812577.914924860 0
Nov 22 11:56:17 standalone container-server[127423]: 172.20.0.100 - - [22/Nov/2025:11:56:17 +0000] "HEAD /d1/126/AUTH_b003c8af711b41ad9b63847f0b2549cc/gnocchi.6d3f9ce7-7230-429b-8020-e3a33eddc961" 404 - "HEAD http://172.18.0.2:8080/v1/AUTH_b003c8af711b41ad9b63847f0b2549cc/gnocchi.6d3f9ce7-7230-429b-8020-e3a33eddc961?format=json&states=listing" "txe142d42a02c44ee48beaf-006921a4e1" "proxy-server 20" 0.0007 "-" 19 0
Nov 22 11:56:17 standalone object-server[127628]: 172.20.0.100 - - [22/Nov/2025:11:56:17 +0000] "GET /d1/1019/AUTH_b003c8af711b41ad9b63847f0b2549cc/gnocchi.6d3f9ce7-7230-429b-8020-e3a33eddc961/none_v3" 404 70 "GET http://172.18.0.2:8080/v1/AUTH_b003c8af711b41ad9b63847f0b2549cc/gnocchi.6d3f9ce7-7230-429b-8020-e3a33eddc961/none_v3" "txe142d42a02c44ee48beaf-006921a4e1" "proxy-server 20" 0.0005 "-" 23 0
Nov 22 11:56:17 standalone proxy-server[129425]: 172.18.0.2 172.18.0.100 22/Nov/2025/11/56/17 GET /v1/AUTH_b003c8af711b41ad9b63847f0b2549cc/gnocchi.6d3f9ce7-7230-429b-8020-e3a33eddc961/none_v3 HTTP/1.0 404 - python-swiftclient-3.11.1 gAAAAABpIaQzeESC... - 70 - txe142d42a02c44ee48beaf-006921a4e1 - 0.0131 - - 1763812577.929575682 1763812577.942663431 0
Nov 22 11:56:17 standalone account-server[127386]: 172.20.0.100 - - [22/Nov/2025:11:56:17 +0000] "PUT /d1/28/AUTH_b003c8af711b41ad9b63847f0b2549cc/gnocchi.6d3f9ce7-7230-429b-8020-e3a33eddc961" 201 - "PUT http://172.20.0.100:6001/d1/126/AUTH_b003c8af711b41ad9b63847f0b2549cc/gnocchi.6d3f9ce7-7230-429b-8020-e3a33eddc961" "txc79b7076378845b6b7def-006921a4e1" "container-server 23" 0.0065 "-" 17 0
Nov 22 11:56:17 standalone container-server[127464]: 172.20.0.100 - - [22/Nov/2025:11:56:17 +0000] "PUT /d1/126/AUTH_b003c8af711b41ad9b63847f0b2549cc/gnocchi.6d3f9ce7-7230-429b-8020-e3a33eddc961" 201 - "PUT http://172.18.0.2:8080/v1/AUTH_b003c8af711b41ad9b63847f0b2549cc/gnocchi.6d3f9ce7-7230-429b-8020-e3a33eddc961" "txc79b7076378845b6b7def-006921a4e1" "proxy-server 20" 0.0216 "-" 23 0
Nov 22 11:56:17 standalone proxy-server[129425]: 172.18.0.2 172.18.0.100 22/Nov/2025/11/56/17 PUT /v1/AUTH_b003c8af711b41ad9b63847f0b2549cc/gnocchi.6d3f9ce7-7230-429b-8020-e3a33eddc961 HTTP/1.0 201 - python-swiftclient-3.11.1 gAAAAABpIaQzeESC... - - - txc79b7076378845b6b7def-006921a4e1 - 0.0286 - - 1763812577.946041584 1763812577.974690914 0
Nov 22 11:56:17 standalone container-server[127423]: 172.20.0.100 - - [22/Nov/2025:11:56:17 +0000] "HEAD /d1/126/AUTH_b003c8af711b41ad9b63847f0b2549cc/gnocchi.6d3f9ce7-7230-429b-8020-e3a33eddc961" 204 - "HEAD http://172.18.0.2:8080/v1/AUTH_b003c8af711b41ad9b63847f0b2549cc/gnocchi.6d3f9ce7-7230-429b-8020-e3a33eddc961?format=json&states=listing" "tx841f094875e74d6086ad8-006921a4e1" "proxy-server 20" 0.0024 "-" 19 0
Nov 22 11:56:17 standalone proxy-server[129425]: - - 22/Nov/2025/11/56/17 HEAD /v1/AUTH_b003c8af711b41ad9b63847f0b2549cc/gnocchi.6d3f9ce7-7230-429b-8020-e3a33eddc961%3Fformat%3Djson%26states%3Dlisting HTTP/1.0 204 - Swift - - - - tx841f094875e74d6086ad8-006921a4e1 - 0.0071 RL - 1763812577.981059551 1763812577.988193512 0
Nov 22 11:56:18 standalone container-server[127423]: 172.20.0.100 - - [22/Nov/2025:11:56:18 +0000] "GET /d1/126/AUTH_b003c8af711b41ad9b63847f0b2549cc/gnocchi.6d3f9ce7-7230-429b-8020-e3a33eddc961" 200 2 "GET http://172.18.0.2:8080/v1/AUTH_b003c8af711b41ad9b63847f0b2549cc/gnocchi.6d3f9ce7-7230-429b-8020-e3a33eddc961?format=json&states=listing" "tx841f094875e74d6086ad8-006921a4e1" "proxy-server 20" 0.0044 "-" 19 0
Nov 22 11:56:18 standalone proxy-server[129425]: 172.18.0.2 172.18.0.100 22/Nov/2025/11/56/18 GET /v1/AUTH_b003c8af711b41ad9b63847f0b2549cc/gnocchi.6d3f9ce7-7230-429b-8020-e3a33eddc961%3Fformat%3Djson%26states%3Dlisting HTTP/1.0 200 - python-swiftclient-3.11.1 gAAAAABpIaQzeESC... - 2 - tx841f094875e74d6086ad8-006921a4e1 - 0.0290 - - 1763812577.978954077 1763812578.007934093 0
Nov 22 11:56:18 standalone object-server[127628]: 172.20.0.100 - - [22/Nov/2025:11:56:18 +0000] "GET /d1/558/AUTH_b003c8af711b41ad9b63847f0b2549cc/gnocchi.6d3f9ce7-7230-429b-8020-e3a33eddc961/1763640000.0_mean_300.0_v3" 404 70 "GET http://172.18.0.2:8080/v1/AUTH_b003c8af711b41ad9b63847f0b2549cc/gnocchi.6d3f9ce7-7230-429b-8020-e3a33eddc961/1763640000.0_mean_300.0_v3" "txfb1c919ff1374ace80b25-006921a4e2" "proxy-server 20" 0.0004 "-" 23 0
Nov 22 11:56:18 standalone proxy-server[129425]: 172.18.0.2 172.18.0.100 22/Nov/2025/11/56/18 GET /v1/AUTH_b003c8af711b41ad9b63847f0b2549cc/gnocchi.6d3f9ce7-7230-429b-8020-e3a33eddc961/1763640000.0_mean_300.0_v3 HTTP/1.0 404 - python-swiftclient-3.11.1 gAAAAABpIaQzeESC... - 70 - txfb1c919ff1374ace80b25-006921a4e2 - 0.0070 - - 1763812578.012330055 1763812578.019341469 0
Nov 22 11:56:18 standalone container-server[127423]: 172.20.0.100 - - [22/Nov/2025:11:56:18 +0000] "PUT /d1/126/AUTH_b003c8af711b41ad9b63847f0b2549cc/gnocchi.6d3f9ce7-7230-429b-8020-e3a33eddc961/1763640000.0_mean_300.0_v3" 201 - "PUT http://172.18.0.2:8080/d1/558/AUTH_b003c8af711b41ad9b63847f0b2549cc/gnocchi.6d3f9ce7-7230-429b-8020-e3a33eddc961/1763640000.0_mean_300.0_v3" "tx61d96d8a32414cbe88fa5-006921a4e2" "object-server 25" 0.0013 "-" 19 0
Nov 22 11:56:18 standalone object-server[127641]: 172.20.0.100 - - [22/Nov/2025:11:56:18 +0000] "PUT /d1/558/AUTH_b003c8af711b41ad9b63847f0b2549cc/gnocchi.6d3f9ce7-7230-429b-8020-e3a33eddc961/1763640000.0_mean_300.0_v3" 201 - "PUT http://172.18.0.2:8080/v1/AUTH_b003c8af711b41ad9b63847f0b2549cc/gnocchi.6d3f9ce7-7230-429b-8020-e3a33eddc961/1763640000.0_mean_300.0_v3" "tx61d96d8a32414cbe88fa5-006921a4e2" "proxy-server 20" 0.0122 "-" 25 0
Nov 22 11:56:18 standalone proxy-server[129425]: 172.18.0.2 172.18.0.100 22/Nov/2025/11/56/18 PUT /v1/AUTH_b003c8af711b41ad9b63847f0b2549cc/gnocchi.6d3f9ce7-7230-429b-8020-e3a33eddc961/1763640000.0_mean_300.0_v3 HTTP/1.0 201 - python-swiftclient-3.11.1 gAAAAABpIaQzeESC... 16 - - tx61d96d8a32414cbe88fa5-006921a4e2 - 0.0199 - - 1763812578.023272276 1763812578.043210745 0
Nov 22 11:56:18 standalone container-server[127464]: 172.20.0.100 - - [22/Nov/2025:11:56:18 +0000] "PUT /d1/126/AUTH_b003c8af711b41ad9b63847f0b2549cc/gnocchi.6d3f9ce7-7230-429b-8020-e3a33eddc961/none_v3" 201 - "PUT http://172.18.0.2:8080/d1/1019/AUTH_b003c8af711b41ad9b63847f0b2549cc/gnocchi.6d3f9ce7-7230-429b-8020-e3a33eddc961/none_v3" "tx0d4b09bd5021478b9ecd8-006921a4e2" "object-server 25" 0.0008 "-" 23 0
Nov 22 11:56:18 standalone object-server[127641]: 172.20.0.100 - - [22/Nov/2025:11:56:18 +0000] "PUT /d1/1019/AUTH_b003c8af711b41ad9b63847f0b2549cc/gnocchi.6d3f9ce7-7230-429b-8020-e3a33eddc961/none_v3" 201 - "PUT http://172.18.0.2:8080/v1/AUTH_b003c8af711b41ad9b63847f0b2549cc/gnocchi.6d3f9ce7-7230-429b-8020-e3a33eddc961/none_v3" "tx0d4b09bd5021478b9ecd8-006921a4e2" "proxy-server 20" 0.0113 "-" 25 0
Nov 22 11:56:18 standalone proxy-server[129425]: 172.18.0.2 172.18.0.100 22/Nov/2025/11/56/18 PUT /v1/AUTH_b003c8af711b41ad9b63847f0b2549cc/gnocchi.6d3f9ce7-7230-429b-8020-e3a33eddc961/none_v3 HTTP/1.0 201 - python-swiftclient-3.11.1 gAAAAABpIaQzeESC... 22 - - tx0d4b09bd5021478b9ecd8-006921a4e2 - 0.0186 - - 1763812578.046769142 1763812578.065391779 0
Nov 22 11:56:18 standalone container-server[127454]: 172.20.0.100 - - [22/Nov/2025:11:56:18 +0000] "HEAD /d1/96/AUTH_b003c8af711b41ad9b63847f0b2549cc/gnocchi.b5523f5a-c353-4789-a7f6-7caa119f12e9" 404 - "HEAD http://172.18.0.2:8080/v1/AUTH_b003c8af711b41ad9b63847f0b2549cc/gnocchi.b5523f5a-c353-4789-a7f6-7caa119f12e9?format=json&states=listing" "txab4f42fb50b347bdac402-006921a4e2" "proxy-server 20" 0.0007 "-" 22 0
Nov 22 11:56:18 standalone object-server[127617]: 172.20.0.100 - - [22/Nov/2025:11:56:18 +0000] "GET /d1/878/AUTH_b003c8af711b41ad9b63847f0b2549cc/gnocchi.b5523f5a-c353-4789-a7f6-7caa119f12e9/none_v3" 404 70 "GET http://172.18.0.2:8080/v1/AUTH_b003c8af711b41ad9b63847f0b2549cc/gnocchi.b5523f5a-c353-4789-a7f6-7caa119f12e9/none_v3" "txab4f42fb50b347bdac402-006921a4e2" "proxy-server 20" 0.0007 "-" 22 0
Nov 22 11:56:18 standalone proxy-server[129425]: 172.18.0.2 172.18.0.100 22/Nov/2025/11/56/18 GET /v1/AUTH_b003c8af711b41ad9b63847f0b2549cc/gnocchi.b5523f5a-c353-4789-a7f6-7caa119f12e9/none_v3 HTTP/1.0 404 - python-swiftclient-3.11.1 gAAAAABpIaQzeESC... - 70 - txab4f42fb50b347bdac402-006921a4e2 - 0.0189 - - 1763812578.093033314 1763812578.111935139 0
Nov 22 11:56:18 standalone account-server[127356]: 172.20.0.100 - - [22/Nov/2025:11:56:18 +0000] "PUT /d1/28/AUTH_b003c8af711b41ad9b63847f0b2549cc/gnocchi.b5523f5a-c353-4789-a7f6-7caa119f12e9" 201 - "PUT http://172.20.0.100:6001/d1/96/AUTH_b003c8af711b41ad9b63847f0b2549cc/gnocchi.b5523f5a-c353-4789-a7f6-7caa119f12e9" "tx34b366e70e914674aca43-006921a4e2" "container-server 23" 0.0058 "-" 16 0
Nov 22 11:56:18 standalone container-server[127464]: 172.20.0.100 - - [22/Nov/2025:11:56:18 +0000] "PUT /d1/96/AUTH_b003c8af711b41ad9b63847f0b2549cc/gnocchi.b5523f5a-c353-4789-a7f6-7caa119f12e9" 201 - "PUT http://172.18.0.2:8080/v1/AUTH_b003c8af711b41ad9b63847f0b2549cc/gnocchi.b5523f5a-c353-4789-a7f6-7caa119f12e9" "tx34b366e70e914674aca43-006921a4e2" "proxy-server 20" 0.0182 "-" 23 0
Nov 22 11:56:18 standalone proxy-server[129425]: 172.18.0.2 172.18.0.100 22/Nov/2025/11/56/18 PUT /v1/AUTH_b003c8af711b41ad9b63847f0b2549cc/gnocchi.b5523f5a-c353-4789-a7f6-7caa119f12e9 HTTP/1.0 201 - python-swiftclient-3.11.1 gAAAAABpIaQzeESC... - - - tx34b366e70e914674aca43-006921a4e2 - 0.0248 - - 1763812578.116190672 1763812578.141015768 0
Nov 22 11:56:18 standalone container-server[127434]: 172.20.0.100 - - [22/Nov/2025:11:56:18 +0000] "HEAD /d1/96/AUTH_b003c8af711b41ad9b63847f0b2549cc/gnocchi.b5523f5a-c353-4789-a7f6-7caa119f12e9" 204 - "HEAD http://172.18.0.2:8080/v1/AUTH_b003c8af711b41ad9b63847f0b2549cc/gnocchi.b5523f5a-c353-4789-a7f6-7caa119f12e9?format=json&states=listing" "txc19b346eafda4fd88a8c6-006921a4e2" "proxy-server 20" 0.0025 "-" 20 0
Nov 22 11:56:18 standalone proxy-server[129425]: - - 22/Nov/2025/11/56/18 HEAD /v1/AUTH_b003c8af711b41ad9b63847f0b2549cc/gnocchi.b5523f5a-c353-4789-a7f6-7caa119f12e9%3Fformat%3Djson%26states%3Dlisting HTTP/1.0 204 - Swift - - - - txc19b346eafda4fd88a8c6-006921a4e2 - 0.0081 RL - 1763812578.148044109 1763812578.156182766 0
Nov 22 11:56:18 standalone container-server[127464]: 172.20.0.100 - - [22/Nov/2025:11:56:18 +0000] "GET /d1/96/AUTH_b003c8af711b41ad9b63847f0b2549cc/gnocchi.b5523f5a-c353-4789-a7f6-7caa119f12e9" 200 2 "GET http://172.18.0.2:8080/v1/AUTH_b003c8af711b41ad9b63847f0b2549cc/gnocchi.b5523f5a-c353-4789-a7f6-7caa119f12e9?format=json&states=listing" "txc19b346eafda4fd88a8c6-006921a4e2" "proxy-server 20" 0.0032 "-" 23 0
Nov 22 11:56:18 standalone proxy-server[129425]: 172.18.0.2 172.18.0.100 22/Nov/2025/11/56/18 GET /v1/AUTH_b003c8af711b41ad9b63847f0b2549cc/gnocchi.b5523f5a-c353-4789-a7f6-7caa119f12e9%3Fformat%3Djson%26states%3Dlisting HTTP/1.0 200 - python-swiftclient-3.11.1 gAAAAABpIaQzeESC... - 2 - txc19b346eafda4fd88a8c6-006921a4e2 - 0.0228 - - 1763812578.146152973 1763812578.168927431 0
Nov 22 11:56:18 standalone object-server[127628]: 172.20.0.100 - - [22/Nov/2025:11:56:18 +0000] "GET /d1/873/AUTH_b003c8af711b41ad9b63847f0b2549cc/gnocchi.b5523f5a-c353-4789-a7f6-7caa119f12e9/1763640000.0_mean_300.0_v3" 404 70 "GET http://172.18.0.2:8080/v1/AUTH_b003c8af711b41ad9b63847f0b2549cc/gnocchi.b5523f5a-c353-4789-a7f6-7caa119f12e9/1763640000.0_mean_300.0_v3" "tx662446dce57243c48122e-006921a4e2" "proxy-server 20" 0.0005 "-" 23 0
Nov 22 11:56:18 standalone proxy-server[129425]: 172.18.0.2 172.18.0.100 22/Nov/2025/11/56/18 GET /v1/AUTH_b003c8af711b41ad9b63847f0b2549cc/gnocchi.b5523f5a-c353-4789-a7f6-7caa119f12e9/1763640000.0_mean_300.0_v3 HTTP/1.0 404 - python-swiftclient-3.11.1 gAAAAABpIaQzeESC... - 70 - tx662446dce57243c48122e-006921a4e2 - 0.0087 - - 1763812578.174166203 1763812578.182864189 0
Nov 22 11:56:18 standalone container-server[127423]: 172.20.0.100 - - [22/Nov/2025:11:56:18 +0000] "PUT /d1/96/AUTH_b003c8af711b41ad9b63847f0b2549cc/gnocchi.b5523f5a-c353-4789-a7f6-7caa119f12e9/1763640000.0_mean_300.0_v3" 201 - "PUT http://172.18.0.2:8080/d1/873/AUTH_b003c8af711b41ad9b63847f0b2549cc/gnocchi.b5523f5a-c353-4789-a7f6-7caa119f12e9/1763640000.0_mean_300.0_v3" "tx8a7567fbf1c346ba866db-006921a4e2" "object-server 24" 0.0011 "-" 19 0
Nov 22 11:56:18 standalone object-server[127636]: 172.20.0.100 - - [22/Nov/2025:11:56:18 +0000] "PUT /d1/873/AUTH_b003c8af711b41ad9b63847f0b2549cc/gnocchi.b5523f5a-c353-4789-a7f6-7caa119f12e9/1763640000.0_mean_300.0_v3" 201 - "PUT http://172.18.0.2:8080/v1/AUTH_b003c8af711b41ad9b63847f0b2549cc/gnocchi.b5523f5a-c353-4789-a7f6-7caa119f12e9/1763640000.0_mean_300.0_v3" "tx8a7567fbf1c346ba866db-006921a4e2" "proxy-server 20" 0.0130 "-" 24 0
Nov 22 11:56:18 standalone proxy-server[129425]: 172.18.0.2 172.18.0.100 22/Nov/2025/11/56/18 PUT /v1/AUTH_b003c8af711b41ad9b63847f0b2549cc/gnocchi.b5523f5a-c353-4789-a7f6-7caa119f12e9/1763640000.0_mean_300.0_v3 HTTP/1.0 201 - python-swiftclient-3.11.1 gAAAAABpIaQzeESC... 16 - - tx8a7567fbf1c346ba866db-006921a4e2 - 0.0211 - - 1763812578.186938763 1763812578.208071709 0
Nov 22 11:56:18 standalone container-server[127454]: 172.20.0.100 - - [22/Nov/2025:11:56:18 +0000] "PUT /d1/96/AUTH_b003c8af711b41ad9b63847f0b2549cc/gnocchi.b5523f5a-c353-4789-a7f6-7caa119f12e9/none_v3" 201 - "PUT http://172.18.0.2:8080/d1/878/AUTH_b003c8af711b41ad9b63847f0b2549cc/gnocchi.b5523f5a-c353-4789-a7f6-7caa119f12e9/none_v3" "txe1750494ad194a6eae293-006921a4e2" "object-server 25" 0.0020 "-" 22 0
Nov 22 11:56:18 standalone object-server[127641]: 172.20.0.100 - - [22/Nov/2025:11:56:18 +0000] "PUT /d1/878/AUTH_b003c8af711b41ad9b63847f0b2549cc/gnocchi.b5523f5a-c353-4789-a7f6-7caa119f12e9/none_v3" 201 - "PUT http://172.18.0.2:8080/v1/AUTH_b003c8af711b41ad9b63847f0b2549cc/gnocchi.b5523f5a-c353-4789-a7f6-7caa119f12e9/none_v3" "txe1750494ad194a6eae293-006921a4e2" "proxy-server 20" 0.0137 "-" 25 0
Nov 22 11:56:18 standalone proxy-server[129425]: 172.18.0.2 172.18.0.100 22/Nov/2025/11/56/18 PUT /v1/AUTH_b003c8af711b41ad9b63847f0b2549cc/gnocchi.b5523f5a-c353-4789-a7f6-7caa119f12e9/none_v3 HTTP/1.0 201 - python-swiftclient-3.11.1 gAAAAABpIaQzeESC... 22 - - txe1750494ad194a6eae293-006921a4e2 - 0.0226 - - 1763812578.211751461 1763812578.234332323 0
Nov 22 11:56:18 standalone container-server[127423]: 172.20.0.100 - - [22/Nov/2025:11:56:18 +0000] "HEAD /d1/393/AUTH_b003c8af711b41ad9b63847f0b2549cc/gnocchi.0cdd2003-be9e-4061-8f2e-88e349fe646a" 404 - "HEAD http://172.18.0.2:8080/v1/AUTH_b003c8af711b41ad9b63847f0b2549cc/gnocchi.0cdd2003-be9e-4061-8f2e-88e349fe646a?format=json&states=listing" "tx6e43a66e1a4e4ed894a4f-006921a4e2" "proxy-server 20" 0.0005 "-" 19 0
Nov 22 11:56:18 standalone object-server[127641]: 172.20.0.100 - - [22/Nov/2025:11:56:18 +0000] "GET /d1/759/AUTH_b003c8af711b41ad9b63847f0b2549cc/gnocchi.0cdd2003-be9e-4061-8f2e-88e349fe646a/none_v3" 404 70 "GET http://172.18.0.2:8080/v1/AUTH_b003c8af711b41ad9b63847f0b2549cc/gnocchi.0cdd2003-be9e-4061-8f2e-88e349fe646a/none_v3" "tx6e43a66e1a4e4ed894a4f-006921a4e2" "proxy-server 20" 0.0004 "-" 25 0
Nov 22 11:56:18 standalone proxy-server[129425]: 172.18.0.2 172.18.0.100 22/Nov/2025/11/56/18 GET /v1/AUTH_b003c8af711b41ad9b63847f0b2549cc/gnocchi.0cdd2003-be9e-4061-8f2e-88e349fe646a/none_v3 HTTP/1.0 404 - python-swiftclient-3.11.1 gAAAAABpIaQzeESC... - 70 - tx6e43a66e1a4e4ed894a4f-006921a4e2 - 0.0131 - - 1763812578.249179363 1763812578.262319803 0
Nov 22 11:56:18 standalone account-server[127329]: 172.20.0.100 - - [22/Nov/2025:11:56:18 +0000] "PUT /d1/28/AUTH_b003c8af711b41ad9b63847f0b2549cc/gnocchi.0cdd2003-be9e-4061-8f2e-88e349fe646a" 201 - "PUT http://172.20.0.100:6001/d1/393/AUTH_b003c8af711b41ad9b63847f0b2549cc/gnocchi.0cdd2003-be9e-4061-8f2e-88e349fe646a" "txc74b39c36bbd41bf982a5-006921a4e2" "container-server 22" 0.0062 "-" 14 0
Nov 22 11:56:18 standalone container-server[127454]: 172.20.0.100 - - [22/Nov/2025:11:56:18 +0000] "PUT /d1/393/AUTH_b003c8af711b41ad9b63847f0b2549cc/gnocchi.0cdd2003-be9e-4061-8f2e-88e349fe646a" 201 - "PUT http://172.18.0.2:8080/v1/AUTH_b003c8af711b41ad9b63847f0b2549cc/gnocchi.0cdd2003-be9e-4061-8f2e-88e349fe646a" "txc74b39c36bbd41bf982a5-006921a4e2" "proxy-server 20" 0.0202 "-" 22 0
Nov 22 11:56:18 standalone proxy-server[129425]: 172.18.0.2 172.18.0.100 22/Nov/2025/11/56/18 PUT /v1/AUTH_b003c8af711b41ad9b63847f0b2549cc/gnocchi.0cdd2003-be9e-4061-8f2e-88e349fe646a HTTP/1.0 201 - python-swiftclient-3.11.1 gAAAAABpIaQzeESC... - - - txc74b39c36bbd41bf982a5-006921a4e2 - 0.0275 - - 1763812578.268126726 1763812578.295604706 0
Nov 22 11:56:18 standalone container-server[127423]: 172.20.0.100 - - [22/Nov/2025:11:56:18 +0000] "HEAD /d1/393/AUTH_b003c8af711b41ad9b63847f0b2549cc/gnocchi.0cdd2003-be9e-4061-8f2e-88e349fe646a" 204 - "HEAD http://172.18.0.2:8080/v1/AUTH_b003c8af711b41ad9b63847f0b2549cc/gnocchi.0cdd2003-be9e-4061-8f2e-88e349fe646a?format=json&states=listing" "tx5cb08f7845524eec99746-006921a4e2" "proxy-server 20" 0.0029 "-" 19 0
Nov 22 11:56:18 standalone proxy-server[129425]: - - 22/Nov/2025/11/56/18 HEAD /v1/AUTH_b003c8af711b41ad9b63847f0b2549cc/gnocchi.0cdd2003-be9e-4061-8f2e-88e349fe646a%3Fformat%3Djson%26states%3Dlisting HTTP/1.0 204 - Swift - - - - tx5cb08f7845524eec99746-006921a4e2 - 0.0074 RL - 1763812578.302054167 1763812578.309466124 0
Nov 22 11:56:18 standalone container-server[127464]: 172.20.0.100 - - [22/Nov/2025:11:56:18 +0000] "GET /d1/393/AUTH_b003c8af711b41ad9b63847f0b2549cc/gnocchi.0cdd2003-be9e-4061-8f2e-88e349fe646a" 200 2 "GET http://172.18.0.2:8080/v1/AUTH_b003c8af711b41ad9b63847f0b2549cc/gnocchi.0cdd2003-be9e-4061-8f2e-88e349fe646a?format=json&states=listing" "tx5cb08f7845524eec99746-006921a4e2" "proxy-server 20" 0.0051 "-" 23 0
Nov 22 11:56:18 standalone proxy-server[129425]: 172.18.0.2 172.18.0.100 22/Nov/2025/11/56/18 GET /v1/AUTH_b003c8af711b41ad9b63847f0b2549cc/gnocchi.0cdd2003-be9e-4061-8f2e-88e349fe646a%3Fformat%3Djson%26states%3Dlisting HTTP/1.0 200 - python-swiftclient-3.11.1 gAAAAABpIaQzeESC... - 2 - tx5cb08f7845524eec99746-006921a4e2 - 0.0239 - - 1763812578.300474882 1763812578.324325800 0
Nov 22 11:56:18 standalone object-server[127641]: 172.20.0.100 - - [22/Nov/2025:11:56:18 +0000] "GET /d1/807/AUTH_b003c8af711b41ad9b63847f0b2549cc/gnocchi.0cdd2003-be9e-4061-8f2e-88e349fe646a/1763640000.0_mean_300.0_v3" 404 70 "GET http://172.18.0.2:8080/v1/AUTH_b003c8af711b41ad9b63847f0b2549cc/gnocchi.0cdd2003-be9e-4061-8f2e-88e349fe646a/1763640000.0_mean_300.0_v3" "txa8b505f64e6a4544bb41d-006921a4e2" "proxy-server 20" 0.0004 "-" 25 0
Nov 22 11:56:18 standalone proxy-server[129425]: 172.18.0.2 172.18.0.100 22/Nov/2025/11/56/18 GET /v1/AUTH_b003c8af711b41ad9b63847f0b2549cc/gnocchi.0cdd2003-be9e-4061-8f2e-88e349fe646a/1763640000.0_mean_300.0_v3 HTTP/1.0 404 - python-swiftclient-3.11.1 gAAAAABpIaQzeESC... - 70 - txa8b505f64e6a4544bb41d-006921a4e2 - 0.0075 - - 1763812578.331685781 1763812578.339140177 0
Nov 22 11:56:18 standalone container-server[127454]: 172.20.0.100 - - [22/Nov/2025:11:56:18 +0000] "PUT /d1/393/AUTH_b003c8af711b41ad9b63847f0b2549cc/gnocchi.0cdd2003-be9e-4061-8f2e-88e349fe646a/1763640000.0_mean_300.0_v3" 201 - "PUT http://172.18.0.2:8080/d1/807/AUTH_b003c8af711b41ad9b63847f0b2549cc/gnocchi.0cdd2003-be9e-4061-8f2e-88e349fe646a/1763640000.0_mean_300.0_v3" "txd293cf7846ac4d55bad67-006921a4e2" "object-server 22" 0.0009 "-" 22 0
Nov 22 11:56:18 standalone object-server[127617]: 172.20.0.100 - - [22/Nov/2025:11:56:18 +0000] "PUT /d1/807/AUTH_b003c8af711b41ad9b63847f0b2549cc/gnocchi.0cdd2003-be9e-4061-8f2e-88e349fe646a/1763640000.0_mean_300.0_v3" 201 - "PUT http://172.18.0.2:8080/v1/AUTH_b003c8af711b41ad9b63847f0b2549cc/gnocchi.0cdd2003-be9e-4061-8f2e-88e349fe646a/1763640000.0_mean_300.0_v3" "txd293cf7846ac4d55bad67-006921a4e2" "proxy-server 20" 0.0133 "-" 22 0
Nov 22 11:56:18 standalone proxy-server[129425]: 172.18.0.2 172.18.0.100 22/Nov/2025/11/56/18 PUT /v1/AUTH_b003c8af711b41ad9b63847f0b2549cc/gnocchi.0cdd2003-be9e-4061-8f2e-88e349fe646a/1763640000.0_mean_300.0_v3 HTTP/1.0 201 - python-swiftclient-3.11.1 gAAAAABpIaQzeESC... 16 - - txd293cf7846ac4d55bad67-006921a4e2 - 0.0223 - - 1763812578.343553305 1763812578.365873575 0
Nov 22 11:56:18 standalone container-server[127454]: 172.20.0.100 - - [22/Nov/2025:11:56:18 +0000] "PUT /d1/393/AUTH_b003c8af711b41ad9b63847f0b2549cc/gnocchi.0cdd2003-be9e-4061-8f2e-88e349fe646a/none_v3" 201 - "PUT http://172.18.0.2:8080/d1/759/AUTH_b003c8af711b41ad9b63847f0b2549cc/gnocchi.0cdd2003-be9e-4061-8f2e-88e349fe646a/none_v3" "txde0af5169ed84e4cb0369-006921a4e2" "object-server 22" 0.0010 "-" 22 0
Nov 22 11:56:18 standalone object-server[127617]: 172.20.0.100 - - [22/Nov/2025:11:56:18 +0000] "PUT /d1/759/AUTH_b003c8af711b41ad9b63847f0b2549cc/gnocchi.0cdd2003-be9e-4061-8f2e-88e349fe646a/none_v3" 201 - "PUT http://172.18.0.2:8080/v1/AUTH_b003c8af711b41ad9b63847f0b2549cc/gnocchi.0cdd2003-be9e-4061-8f2e-88e349fe646a/none_v3" "txde0af5169ed84e4cb0369-006921a4e2" "proxy-server 20" 0.0128 "-" 22 0
Nov 22 11:56:18 standalone proxy-server[129425]: 172.18.0.2 172.18.0.100 22/Nov/2025/11/56/18 PUT /v1/AUTH_b003c8af711b41ad9b63847f0b2549cc/gnocchi.0cdd2003-be9e-4061-8f2e-88e349fe646a/none_v3 HTTP/1.0 201 - python-swiftclient-3.11.1 gAAAAABpIaQzeESC... 22 - - txde0af5169ed84e4cb0369-006921a4e2 - 0.0204 - - 1763812578.369671345 1763812578.390059233 0
Nov 22 11:56:18 standalone container-server[127423]: 172.20.0.100 - - [22/Nov/2025:11:56:18 +0000] "HEAD /d1/706/AUTH_b003c8af711b41ad9b63847f0b2549cc/gnocchi.5242c365-8dbf-48d4-8453-9f968568816c" 404 - "HEAD http://172.18.0.2:8080/v1/AUTH_b003c8af711b41ad9b63847f0b2549cc/gnocchi.5242c365-8dbf-48d4-8453-9f968568816c?format=json&states=listing" "txbb6e07b2b327430c89c79-006921a4e2" "proxy-server 20" 0.0008 "-" 19 0
Nov 22 11:56:18 standalone object-server[127641]: 172.20.0.100 - - [22/Nov/2025:11:56:18 +0000] "GET /d1/823/AUTH_b003c8af711b41ad9b63847f0b2549cc/gnocchi.5242c365-8dbf-48d4-8453-9f968568816c/none_v3" 404 70 "GET http://172.18.0.2:8080/v1/AUTH_b003c8af711b41ad9b63847f0b2549cc/gnocchi.5242c365-8dbf-48d4-8453-9f968568816c/none_v3" "txbb6e07b2b327430c89c79-006921a4e2" "proxy-server 20" 0.0003 "-" 25 0
Nov 22 11:56:18 standalone proxy-server[129425]: 172.18.0.2 172.18.0.100 22/Nov/2025/11/56/18 GET /v1/AUTH_b003c8af711b41ad9b63847f0b2549cc/gnocchi.5242c365-8dbf-48d4-8453-9f968568816c/none_v3 HTTP/1.0 404 - python-swiftclient-3.11.1 gAAAAABpIaQzeESC... - 70 - txbb6e07b2b327430c89c79-006921a4e2 - 0.0160 - - 1763812578.409466267 1763812578.425469160 0
Nov 22 11:56:18 standalone account-server[127329]: 172.20.0.100 - - [22/Nov/2025:11:56:18 +0000] "PUT /d1/28/AUTH_b003c8af711b41ad9b63847f0b2549cc/gnocchi.5242c365-8dbf-48d4-8453-9f968568816c" 201 - "PUT http://172.20.0.100:6001/d1/706/AUTH_b003c8af711b41ad9b63847f0b2549cc/gnocchi.5242c365-8dbf-48d4-8453-9f968568816c" "tx6561f6a25d654d1dab806-006921a4e2" "container-server 19" 0.0058 "-" 14 0
Nov 22 11:56:18 standalone container-server[127423]: 172.20.0.100 - - [22/Nov/2025:11:56:18 +0000] "PUT /d1/706/AUTH_b003c8af711b41ad9b63847f0b2549cc/gnocchi.5242c365-8dbf-48d4-8453-9f968568816c" 201 - "PUT http://172.18.0.2:8080/v1/AUTH_b003c8af711b41ad9b63847f0b2549cc/gnocchi.5242c365-8dbf-48d4-8453-9f968568816c" "tx6561f6a25d654d1dab806-006921a4e2" "proxy-server 20" 0.0203 "-" 19 0
Nov 22 11:56:18 standalone proxy-server[129425]: 172.18.0.2 172.18.0.100 22/Nov/2025/11/56/18 PUT /v1/AUTH_b003c8af711b41ad9b63847f0b2549cc/gnocchi.5242c365-8dbf-48d4-8453-9f968568816c HTTP/1.0 201 - python-swiftclient-3.11.1 gAAAAABpIaQzeESC... - - - tx6561f6a25d654d1dab806-006921a4e2 - 0.0279 - - 1763812578.430567265 1763812578.458494663 0
Nov 22 11:56:18 standalone container-server[127423]: 172.20.0.100 - - [22/Nov/2025:11:56:18 +0000] "HEAD /d1/1010/AUTH_b003c8af711b41ad9b63847f0b2549cc/gnocchi.e3da13c7-90df-4af5-a03b-699a778970ec" 404 - "HEAD http://172.18.0.2:8080/v1/AUTH_b003c8af711b41ad9b63847f0b2549cc/gnocchi.e3da13c7-90df-4af5-a03b-699a778970ec?format=json&states=listing" "tx7cab7f5c915244e899a04-006921a4e2" "proxy-server 20" 0.0004 "-" 19 0
Nov 22 11:56:18 standalone object-server[127636]: 172.20.0.100 - - [22/Nov/2025:11:56:18 +0000] "GET /d1/672/AUTH_b003c8af711b41ad9b63847f0b2549cc/gnocchi.e3da13c7-90df-4af5-a03b-699a778970ec/none_v3" 404 70 "GET http://172.18.0.2:8080/v1/AUTH_b003c8af711b41ad9b63847f0b2549cc/gnocchi.e3da13c7-90df-4af5-a03b-699a778970ec/none_v3" "tx7cab7f5c915244e899a04-006921a4e2" "proxy-server 20" 0.0006 "-" 24 0
Nov 22 11:56:18 standalone proxy-server[129425]: 172.18.0.2 172.18.0.100 22/Nov/2025/11/56/18 GET /v1/AUTH_b003c8af711b41ad9b63847f0b2549cc/gnocchi.e3da13c7-90df-4af5-a03b-699a778970ec/none_v3 HTTP/1.0 404 - python-swiftclient-3.11.1 gAAAAABpIaQzeESC... - 70 - tx7cab7f5c915244e899a04-006921a4e2 - 0.0160 - - 1763812578.462615967 1763812578.478635788 0
Nov 22 11:56:18 standalone account-server[127329]: 172.20.0.100 - - [22/Nov/2025:11:56:18 +0000] "PUT /d1/28/AUTH_b003c8af711b41ad9b63847f0b2549cc/gnocchi.e3da13c7-90df-4af5-a03b-699a778970ec" 201 - "PUT http://172.20.0.100:6001/d1/1010/AUTH_b003c8af711b41ad9b63847f0b2549cc/gnocchi.e3da13c7-90df-4af5-a03b-699a778970ec" "txa1b81864b4504e3d94775-006921a4e2" "container-server 19" 0.0062 "-" 14 0
Nov 22 11:56:18 standalone container-server[127423]: 172.20.0.100 - - [22/Nov/2025:11:56:18 +0000] "PUT /d1/1010/AUTH_b003c8af711b41ad9b63847f0b2549cc/gnocchi.e3da13c7-90df-4af5-a03b-699a778970ec" 201 - "PUT http://172.18.0.2:8080/v1/AUTH_b003c8af711b41ad9b63847f0b2549cc/gnocchi.e3da13c7-90df-4af5-a03b-699a778970ec" "txa1b81864b4504e3d94775-006921a4e2" "proxy-server 20" 0.0192 "-" 19 0
Nov 22 11:56:18 standalone proxy-server[129425]: 172.18.0.2 172.18.0.100 22/Nov/2025/11/56/18 PUT /v1/AUTH_b003c8af711b41ad9b63847f0b2549cc/gnocchi.e3da13c7-90df-4af5-a03b-699a778970ec HTTP/1.0 201 - python-swiftclient-3.11.1 gAAAAABpIaQzeESC... - - - txa1b81864b4504e3d94775-006921a4e2 - 0.0267 - - 1763812578.482798576 1763812578.509484291 0
Nov 22 11:56:18 standalone container-server[127434]: 172.20.0.100 - - [22/Nov/2025:11:56:18 +0000] "HEAD /d1/706/AUTH_b003c8af711b41ad9b63847f0b2549cc/gnocchi.5242c365-8dbf-48d4-8453-9f968568816c" 204 - "HEAD http://172.18.0.2:8080/v1/AUTH_b003c8af711b41ad9b63847f0b2549cc/gnocchi.5242c365-8dbf-48d4-8453-9f968568816c?format=json&states=listing" "tx6c60c143829a4ffab4cdc-006921a4e2" "proxy-server 20" 0.0023 "-" 20 0
Nov 22 11:56:18 standalone proxy-server[129425]: - - 22/Nov/2025/11/56/18 HEAD /v1/AUTH_b003c8af711b41ad9b63847f0b2549cc/gnocchi.5242c365-8dbf-48d4-8453-9f968568816c%3Fformat%3Djson%26states%3Dlisting HTTP/1.0 204 - Swift - - - - tx6c60c143829a4ffab4cdc-006921a4e2 - 0.0078 RL - 1763812578.516133070 1763812578.523897409 0
Nov 22 11:56:18 standalone container-server[127464]: 172.20.0.100 - - [22/Nov/2025:11:56:18 +0000] "GET /d1/706/AUTH_b003c8af711b41ad9b63847f0b2549cc/gnocchi.5242c365-8dbf-48d4-8453-9f968568816c" 200 2 "GET http://172.18.0.2:8080/v1/AUTH_b003c8af711b41ad9b63847f0b2549cc/gnocchi.5242c365-8dbf-48d4-8453-9f968568816c?format=json&states=listing" "tx6c60c143829a4ffab4cdc-006921a4e2" "proxy-server 20" 0.0041 "-" 23 0
Nov 22 11:56:18 standalone proxy-server[129425]: 172.18.0.2 172.18.0.100 22/Nov/2025/11/56/18 GET /v1/AUTH_b003c8af711b41ad9b63847f0b2549cc/gnocchi.5242c365-8dbf-48d4-8453-9f968568816c%3Fformat%3Djson%26states%3Dlisting HTTP/1.0 200 - python-swiftclient-3.11.1 gAAAAABpIaQzeESC... - 2 - tx6c60c143829a4ffab4cdc-006921a4e2 - 0.0235 - - 1763812578.514251947 1763812578.537786961 0
Nov 22 11:56:18 standalone container-server[127423]: 172.20.0.100 - - [22/Nov/2025:11:56:18 +0000] "HEAD /d1/1010/AUTH_b003c8af711b41ad9b63847f0b2549cc/gnocchi.e3da13c7-90df-4af5-a03b-699a778970ec" 204 - "HEAD http://172.18.0.2:8080/v1/AUTH_b003c8af711b41ad9b63847f0b2549cc/gnocchi.e3da13c7-90df-4af5-a03b-699a778970ec?format=json&states=listing" "tx5e93a112b4f94a3997313-006921a4e2" "proxy-server 20" 0.0022 "-" 19 0
Nov 22 11:56:18 standalone proxy-server[129425]: - - 22/Nov/2025/11/56/18 HEAD /v1/AUTH_b003c8af711b41ad9b63847f0b2549cc/gnocchi.e3da13c7-90df-4af5-a03b-699a778970ec%3Fformat%3Djson%26states%3Dlisting HTTP/1.0 204 - Swift - - - - tx5e93a112b4f94a3997313-006921a4e2 - 0.0075 RL - 1763812578.547171831 1763812578.554625511 0
Nov 22 11:56:18 standalone container-server[127464]: 172.20.0.100 - - [22/Nov/2025:11:56:18 +0000] "GET /d1/1010/AUTH_b003c8af711b41ad9b63847f0b2549cc/gnocchi.e3da13c7-90df-4af5-a03b-699a778970ec" 200 2 "GET http://172.18.0.2:8080/v1/AUTH_b003c8af711b41ad9b63847f0b2549cc/gnocchi.e3da13c7-90df-4af5-a03b-699a778970ec?format=json&states=listing" "tx5e93a112b4f94a3997313-006921a4e2" "proxy-server 20" 0.0035 "-" 23 0
Nov 22 11:56:18 standalone proxy-server[129425]: 172.18.0.2 172.18.0.100 22/Nov/2025/11/56/18 GET /v1/AUTH_b003c8af711b41ad9b63847f0b2549cc/gnocchi.e3da13c7-90df-4af5-a03b-699a778970ec%3Fformat%3Djson%26states%3Dlisting HTTP/1.0 200 - python-swiftclient-3.11.1 gAAAAABpIaQzeESC... - 2 - tx5e93a112b4f94a3997313-006921a4e2 - 0.0215 - - 1763812578.545095682 1763812578.566555738 0
Nov 22 11:56:18 standalone object-server[127628]: 172.20.0.100 - - [22/Nov/2025:11:56:18 +0000] "GET /d1/846/AUTH_b003c8af711b41ad9b63847f0b2549cc/gnocchi.5242c365-8dbf-48d4-8453-9f968568816c/1763640000.0_mean_300.0_v3" 404 70 "GET http://172.18.0.2:8080/v1/AUTH_b003c8af711b41ad9b63847f0b2549cc/gnocchi.5242c365-8dbf-48d4-8453-9f968568816c/1763640000.0_mean_300.0_v3" "tx89dd6b5a27344ca7a89be-006921a4e2" "proxy-server 20" 0.0006 "-" 23 0
Nov 22 11:56:18 standalone proxy-server[129425]: 172.18.0.2 172.18.0.100 22/Nov/2025/11/56/18 GET /v1/AUTH_b003c8af711b41ad9b63847f0b2549cc/gnocchi.5242c365-8dbf-48d4-8453-9f968568816c/1763640000.0_mean_300.0_v3 HTTP/1.0 404 - python-swiftclient-3.11.1 gAAAAABpIaQzeESC... - 70 - tx89dd6b5a27344ca7a89be-006921a4e2 - 0.0089 - - 1763812578.571345568 1763812578.580261469 0
Nov 22 11:56:18 standalone object-server[127617]: 172.20.0.100 - - [22/Nov/2025:11:56:18 +0000] "GET /d1/687/AUTH_b003c8af711b41ad9b63847f0b2549cc/gnocchi.e3da13c7-90df-4af5-a03b-699a778970ec/1763640000.0_mean_300.0_v3" 404 70 "GET http://172.18.0.2:8080/v1/AUTH_b003c8af711b41ad9b63847f0b2549cc/gnocchi.e3da13c7-90df-4af5-a03b-699a778970ec/1763640000.0_mean_300.0_v3" "txe5803dbdd434444f813ab-006921a4e2" "proxy-server 20" 0.0005 "-" 22 0
Nov 22 11:56:18 standalone proxy-server[129425]: 172.18.0.2 172.18.0.100 22/Nov/2025/11/56/18 GET /v1/AUTH_b003c8af711b41ad9b63847f0b2549cc/gnocchi.e3da13c7-90df-4af5-a03b-699a778970ec/1763640000.0_mean_300.0_v3 HTTP/1.0 404 - python-swiftclient-3.11.1 gAAAAABpIaQzeESC... - 70 - txe5803dbdd434444f813ab-006921a4e2 - 0.0083 - - 1763812578.584421396 1763812578.592716455 0
Nov 22 11:56:18 standalone container-server[127454]: 172.20.0.100 - - [22/Nov/2025:11:56:18 +0000] "PUT /d1/706/AUTH_b003c8af711b41ad9b63847f0b2549cc/gnocchi.5242c365-8dbf-48d4-8453-9f968568816c/1763640000.0_mean_300.0_v3" 201 - "PUT http://172.18.0.2:8080/d1/846/AUTH_b003c8af711b41ad9b63847f0b2549cc/gnocchi.5242c365-8dbf-48d4-8453-9f968568816c/1763640000.0_mean_300.0_v3" "tx892cc0b50ca14bd38f1ee-006921a4e2" "object-server 25" 0.0010 "-" 22 0
Nov 22 11:56:18 standalone object-server[127641]: 172.20.0.100 - - [22/Nov/2025:11:56:18 +0000] "PUT /d1/846/AUTH_b003c8af711b41ad9b63847f0b2549cc/gnocchi.5242c365-8dbf-48d4-8453-9f968568816c/1763640000.0_mean_300.0_v3" 201 - "PUT http://172.18.0.2:8080/v1/AUTH_b003c8af711b41ad9b63847f0b2549cc/gnocchi.5242c365-8dbf-48d4-8453-9f968568816c/1763640000.0_mean_300.0_v3" "tx892cc0b50ca14bd38f1ee-006921a4e2" "proxy-server 20" 0.0123 "-" 25 0
Nov 22 11:56:18 standalone proxy-server[129425]: 172.18.0.2 172.18.0.100 22/Nov/2025/11/56/18 PUT /v1/AUTH_b003c8af711b41ad9b63847f0b2549cc/gnocchi.5242c365-8dbf-48d4-8453-9f968568816c/1763640000.0_mean_300.0_v3 HTTP/1.0 201 - python-swiftclient-3.11.1 gAAAAABpIaQzeESC... 16 - - tx892cc0b50ca14bd38f1ee-006921a4e2 - 0.0204 - - 1763812578.597020864 1763812578.617468119 0
Nov 22 11:56:18 standalone container-server[127434]: 172.20.0.100 - - [22/Nov/2025:11:56:18 +0000] "PUT /d1/1010/AUTH_b003c8af711b41ad9b63847f0b2549cc/gnocchi.e3da13c7-90df-4af5-a03b-699a778970ec/1763640000.0_mean_300.0_v3" 201 - "PUT http://172.18.0.2:8080/d1/687/AUTH_b003c8af711b41ad9b63847f0b2549cc/gnocchi.e3da13c7-90df-4af5-a03b-699a778970ec/1763640000.0_mean_300.0_v3" "tx2808c58f9348443e95d38-006921a4e2" "object-server 22" 0.0008 "-" 20 0
Nov 22 11:56:18 standalone object-server[127617]: 172.20.0.100 - - [22/Nov/2025:11:56:18 +0000] "PUT /d1/687/AUTH_b003c8af711b41ad9b63847f0b2549cc/gnocchi.e3da13c7-90df-4af5-a03b-699a778970ec/1763640000.0_mean_300.0_v3" 201 - "PUT http://172.18.0.2:8080/v1/AUTH_b003c8af711b41ad9b63847f0b2549cc/gnocchi.e3da13c7-90df-4af5-a03b-699a778970ec/1763640000.0_mean_300.0_v3" "tx2808c58f9348443e95d38-006921a4e2" "proxy-server 20" 0.0122 "-" 22 0
Nov 22 11:56:18 standalone proxy-server[129425]: 172.18.0.2 172.18.0.100 22/Nov/2025/11/56/18 PUT /v1/AUTH_b003c8af711b41ad9b63847f0b2549cc/gnocchi.e3da13c7-90df-4af5-a03b-699a778970ec/1763640000.0_mean_300.0_v3 HTTP/1.0 201 - python-swiftclient-3.11.1 gAAAAABpIaQzeESC... 16 - - tx2808c58f9348443e95d38-006921a4e2 - 0.0208 - - 1763812578.622692585 1763812578.643460035 0
Nov 22 11:56:18 standalone container-server[127454]: 172.20.0.100 - - [22/Nov/2025:11:56:18 +0000] "PUT /d1/706/AUTH_b003c8af711b41ad9b63847f0b2549cc/gnocchi.5242c365-8dbf-48d4-8453-9f968568816c/none_v3" 201 - "PUT http://172.18.0.2:8080/d1/823/AUTH_b003c8af711b41ad9b63847f0b2549cc/gnocchi.5242c365-8dbf-48d4-8453-9f968568816c/none_v3" "tx64326d89c85b4e63b3478-006921a4e2" "object-server 24" 0.0008 "-" 22 0
Nov 22 11:56:18 standalone object-server[127636]: 172.20.0.100 - - [22/Nov/2025:11:56:18 +0000] "PUT /d1/823/AUTH_b003c8af711b41ad9b63847f0b2549cc/gnocchi.5242c365-8dbf-48d4-8453-9f968568816c/none_v3" 201 - "PUT http://172.18.0.2:8080/v1/AUTH_b003c8af711b41ad9b63847f0b2549cc/gnocchi.5242c365-8dbf-48d4-8453-9f968568816c/none_v3" "tx64326d89c85b4e63b3478-006921a4e2" "proxy-server 20" 0.0119 "-" 24 0
Nov 22 11:56:18 standalone proxy-server[129425]: 172.18.0.2 172.18.0.100 22/Nov/2025/11/56/18 PUT /v1/AUTH_b003c8af711b41ad9b63847f0b2549cc/gnocchi.5242c365-8dbf-48d4-8453-9f968568816c/none_v3 HTTP/1.0 201 - python-swiftclient-3.11.1 gAAAAABpIaQzeESC... 22 - - tx64326d89c85b4e63b3478-006921a4e2 - 0.0195 - - 1763812578.647605181 1763812578.667096376 0
Nov 22 11:56:18 standalone container-server[127423]: 172.20.0.100 - - [22/Nov/2025:11:56:18 +0000] "PUT /d1/1010/AUTH_b003c8af711b41ad9b63847f0b2549cc/gnocchi.e3da13c7-90df-4af5-a03b-699a778970ec/none_v3" 201 - "PUT http://172.18.0.2:8080/d1/672/AUTH_b003c8af711b41ad9b63847f0b2549cc/gnocchi.e3da13c7-90df-4af5-a03b-699a778970ec/none_v3" "txfade2805d3694db6aa8a4-006921a4e2" "object-server 22" 0.0011 "-" 19 0
Nov 22 11:56:18 standalone object-server[127617]: 172.20.0.100 - - [22/Nov/2025:11:56:18 +0000] "PUT /d1/672/AUTH_b003c8af711b41ad9b63847f0b2549cc/gnocchi.e3da13c7-90df-4af5-a03b-699a778970ec/none_v3" 201 - "PUT http://172.18.0.2:8080/v1/AUTH_b003c8af711b41ad9b63847f0b2549cc/gnocchi.e3da13c7-90df-4af5-a03b-699a778970ec/none_v3" "txfade2805d3694db6aa8a4-006921a4e2" "proxy-server 20" 0.0130 "-" 22 0
Nov 22 11:56:18 standalone proxy-server[129425]: 172.18.0.2 172.18.0.100 22/Nov/2025/11/56/18 PUT /v1/AUTH_b003c8af711b41ad9b63847f0b2549cc/gnocchi.e3da13c7-90df-4af5-a03b-699a778970ec/none_v3 HTTP/1.0 201 - python-swiftclient-3.11.1 gAAAAABpIaQzeESC... 22 - - txfade2805d3694db6aa8a4-006921a4e2 - 0.0210 - - 1763812578.670771122 1763812578.691805363 0
Nov 22 11:56:18 standalone container-server[127454]: 172.20.0.100 - - [22/Nov/2025:11:56:18 +0000] "HEAD /d1/644/AUTH_b003c8af711b41ad9b63847f0b2549cc/gnocchi.f62cf615-766e-4c8f-85db-731ff024df6d" 404 - "HEAD http://172.18.0.2:8080/v1/AUTH_b003c8af711b41ad9b63847f0b2549cc/gnocchi.f62cf615-766e-4c8f-85db-731ff024df6d?format=json&states=listing" "txbe512d650d284c399a2bb-006921a4e2" "proxy-server 20" 0.0006 "-" 22 0
Nov 22 11:56:18 standalone object-server[127641]: 172.20.0.100 - - [22/Nov/2025:11:56:18 +0000] "GET /d1/268/AUTH_b003c8af711b41ad9b63847f0b2549cc/gnocchi.f62cf615-766e-4c8f-85db-731ff024df6d/none_v3" 404 70 "GET http://172.18.0.2:8080/v1/AUTH_b003c8af711b41ad9b63847f0b2549cc/gnocchi.f62cf615-766e-4c8f-85db-731ff024df6d/none_v3" "txbe512d650d284c399a2bb-006921a4e2" "proxy-server 20" 0.0005 "-" 25 0
Nov 22 11:56:18 standalone proxy-server[129425]: 172.18.0.2 172.18.0.100 22/Nov/2025/11/56/18 GET /v1/AUTH_b003c8af711b41ad9b63847f0b2549cc/gnocchi.f62cf615-766e-4c8f-85db-731ff024df6d/none_v3 HTTP/1.0 404 - python-swiftclient-3.11.1 gAAAAABpIaQzeESC... - 70 - txbe512d650d284c399a2bb-006921a4e2 - 0.0150 - - 1763812578.708047390 1763812578.723050833 0
Nov 22 11:56:18 standalone account-server[127386]: 172.20.0.100 - - [22/Nov/2025:11:56:18 +0000] "PUT /d1/28/AUTH_b003c8af711b41ad9b63847f0b2549cc/gnocchi.f62cf615-766e-4c8f-85db-731ff024df6d" 201 - "PUT http://172.20.0.100:6001/d1/644/AUTH_b003c8af711b41ad9b63847f0b2549cc/gnocchi.f62cf615-766e-4c8f-85db-731ff024df6d" "tx06dcd0345f4e4c21884d6-006921a4e2" "container-server 19" 0.0078 "-" 17 0
Nov 22 11:56:18 standalone container-server[127423]: 172.20.0.100 - - [22/Nov/2025:11:56:18 +0000] "PUT /d1/644/AUTH_b003c8af711b41ad9b63847f0b2549cc/gnocchi.f62cf615-766e-4c8f-85db-731ff024df6d" 201 - "PUT http://172.18.0.2:8080/v1/AUTH_b003c8af711b41ad9b63847f0b2549cc/gnocchi.f62cf615-766e-4c8f-85db-731ff024df6d" "tx06dcd0345f4e4c21884d6-006921a4e2" "proxy-server 20" 0.0229 "-" 19 0
Nov 22 11:56:18 standalone proxy-server[129425]: 172.18.0.2 172.18.0.100 22/Nov/2025/11/56/18 PUT /v1/AUTH_b003c8af711b41ad9b63847f0b2549cc/gnocchi.f62cf615-766e-4c8f-85db-731ff024df6d HTTP/1.0 201 - python-swiftclient-3.11.1 gAAAAABpIaQzeESC... - - - tx06dcd0345f4e4c21884d6-006921a4e2 - 0.0317 - - 1763812578.727269173 1763812578.758985996 0
Nov 22 11:56:18 standalone container-server[127464]: 172.20.0.100 - - [22/Nov/2025:11:56:18 +0000] "HEAD /d1/644/AUTH_b003c8af711b41ad9b63847f0b2549cc/gnocchi.f62cf615-766e-4c8f-85db-731ff024df6d" 204 - "HEAD http://172.18.0.2:8080/v1/AUTH_b003c8af711b41ad9b63847f0b2549cc/gnocchi.f62cf615-766e-4c8f-85db-731ff024df6d?format=json&states=listing" "tx6493dfe547f046018fe09-006921a4e2" "proxy-server 20" 0.0022 "-" 23 0
Nov 22 11:56:18 standalone proxy-server[129425]: - - 22/Nov/2025/11/56/18 HEAD /v1/AUTH_b003c8af711b41ad9b63847f0b2549cc/gnocchi.f62cf615-766e-4c8f-85db-731ff024df6d%3Fformat%3Djson%26states%3Dlisting HTTP/1.0 204 - Swift - - - - tx6493dfe547f046018fe09-006921a4e2 - 0.0078 RL - 1763812578.765625954 1763812578.773436308 0
Nov 22 11:56:18 standalone container-server[127464]: 172.20.0.100 - - [22/Nov/2025:11:56:18 +0000] "GET /d1/644/AUTH_b003c8af711b41ad9b63847f0b2549cc/gnocchi.f62cf615-766e-4c8f-85db-731ff024df6d" 200 2 "GET http://172.18.0.2:8080/v1/AUTH_b003c8af711b41ad9b63847f0b2549cc/gnocchi.f62cf615-766e-4c8f-85db-731ff024df6d?format=json&states=listing" "tx6493dfe547f046018fe09-006921a4e2" "proxy-server 20" 0.0059 "-" 23 0
Nov 22 11:56:18 standalone proxy-server[129425]: 172.18.0.2 172.18.0.100 22/Nov/2025/11/56/18 GET /v1/AUTH_b003c8af711b41ad9b63847f0b2549cc/gnocchi.f62cf615-766e-4c8f-85db-731ff024df6d%3Fformat%3Djson%26states%3Dlisting HTTP/1.0 200 - python-swiftclient-3.11.1 gAAAAABpIaQzeESC... - 2 - tx6493dfe547f046018fe09-006921a4e2 - 0.0261 - - 1763812578.763912439 1763812578.790008068 0
Nov 22 11:56:18 standalone object-server[127641]: 172.20.0.100 - - [22/Nov/2025:11:56:18 +0000] "GET /d1/496/AUTH_b003c8af711b41ad9b63847f0b2549cc/gnocchi.f62cf615-766e-4c8f-85db-731ff024df6d/1763640000.0_mean_300.0_v3" 404 70 "GET http://172.18.0.2:8080/v1/AUTH_b003c8af711b41ad9b63847f0b2549cc/gnocchi.f62cf615-766e-4c8f-85db-731ff024df6d/1763640000.0_mean_300.0_v3" "txfdc7d3152fcc4def8f5c1-006921a4e2" "proxy-server 20" 0.0008 "-" 25 0
Nov 22 11:56:18 standalone proxy-server[129425]: 172.18.0.2 172.18.0.100 22/Nov/2025/11/56/18 GET /v1/AUTH_b003c8af711b41ad9b63847f0b2549cc/gnocchi.f62cf615-766e-4c8f-85db-731ff024df6d/1763640000.0_mean_300.0_v3 HTTP/1.0 404 - python-swiftclient-3.11.1 gAAAAABpIaQzeESC... - 70 - txfdc7d3152fcc4def8f5c1-006921a4e2 - 0.0070 - - 1763812578.794457674 1763812578.801426888 0
Nov 22 11:56:18 standalone container-server[127464]: 172.20.0.100 - - [22/Nov/2025:11:56:18 +0000] "PUT /d1/644/AUTH_b003c8af711b41ad9b63847f0b2549cc/gnocchi.f62cf615-766e-4c8f-85db-731ff024df6d/1763640000.0_mean_300.0_v3" 201 - "PUT http://172.18.0.2:8080/d1/496/AUTH_b003c8af711b41ad9b63847f0b2549cc/gnocchi.f62cf615-766e-4c8f-85db-731ff024df6d/1763640000.0_mean_300.0_v3" "txdd5d46a0ab984bd787d8a-006921a4e2" "object-server 22" 0.0009 "-" 23 0
Nov 22 11:56:18 standalone object-server[127617]: 172.20.0.100 - - [22/Nov/2025:11:56:18 +0000] "PUT /d1/496/AUTH_b003c8af711b41ad9b63847f0b2549cc/gnocchi.f62cf615-766e-4c8f-85db-731ff024df6d/1763640000.0_mean_300.0_v3" 201 - "PUT http://172.18.0.2:8080/v1/AUTH_b003c8af711b41ad9b63847f0b2549cc/gnocchi.f62cf615-766e-4c8f-85db-731ff024df6d/1763640000.0_mean_300.0_v3" "txdd5d46a0ab984bd787d8a-006921a4e2" "proxy-server 20" 0.0133 "-" 22 0
Nov 22 11:56:18 standalone proxy-server[129425]: 172.18.0.2 172.18.0.100 22/Nov/2025/11/56/18 PUT /v1/AUTH_b003c8af711b41ad9b63847f0b2549cc/gnocchi.f62cf615-766e-4c8f-85db-731ff024df6d/1763640000.0_mean_300.0_v3 HTTP/1.0 201 - python-swiftclient-3.11.1 gAAAAABpIaQzeESC... 16 - - txdd5d46a0ab984bd787d8a-006921a4e2 - 0.0193 - - 1763812578.804819822 1763812578.824076176 0
Nov 22 11:56:18 standalone container-server[127434]: 172.20.0.100 - - [22/Nov/2025:11:56:18 +0000] "PUT /d1/644/AUTH_b003c8af711b41ad9b63847f0b2549cc/gnocchi.f62cf615-766e-4c8f-85db-731ff024df6d/none_v3" 201 - "PUT http://172.18.0.2:8080/d1/268/AUTH_b003c8af711b41ad9b63847f0b2549cc/gnocchi.f62cf615-766e-4c8f-85db-731ff024df6d/none_v3" "txe30ad390a0154f3f95d8b-006921a4e2" "object-server 25" 0.0006 "-" 20 0
Nov 22 11:56:18 standalone object-server[127641]: 172.20.0.100 - - [22/Nov/2025:11:56:18 +0000] "PUT /d1/268/AUTH_b003c8af711b41ad9b63847f0b2549cc/gnocchi.f62cf615-766e-4c8f-85db-731ff024df6d/none_v3" 201 - "PUT http://172.18.0.2:8080/v1/AUTH_b003c8af711b41ad9b63847f0b2549cc/gnocchi.f62cf615-766e-4c8f-85db-731ff024df6d/none_v3" "txe30ad390a0154f3f95d8b-006921a4e2" "proxy-server 20" 0.0104 "-" 25 0
