Mar 10 19:59:16 standalone account-server[121972]: Starting 2
Mar 10 19:59:16 standalone account-server[122067]: Started child 20 from parent 2
Mar 10 19:59:16 standalone account-server[122067]: Started child 21 from parent 2
Mar 10 19:59:16 standalone account-server[122067]: Started child 22 from parent 2
Mar 10 19:59:16 standalone account-server[122067]: Started child 23 from parent 2
Mar 10 19:59:17 standalone object-expirer[122299]: Starting 2
Mar 10 19:59:17 standalone object-expirer[122299]: Option auto_create_account_prefix is deprecated. Configure auto_create_account_prefix under the swift-constraints section of swift.conf. This option will be ignored in a future release.
Mar 10 19:59:17 standalone container-server[122210]: Option allow_versions is deprecated. Configure the versioned_writes middleware in the proxy-server instead. This option will be ignored in a future release.
Mar 10 19:59:17 standalone container-server[122469]: Option allow_versions is deprecated. Configure the versioned_writes middleware in the proxy-server instead. This option will be ignored in a future release.
Mar 10 19:59:17 standalone container-server[122210]: Started child 14 from parent 2
Mar 10 19:59:17 standalone container-server[122476]: Option allow_versions is deprecated. Configure the versioned_writes middleware in the proxy-server instead. This option will be ignored in a future release.
Mar 10 19:59:17 standalone container-server[122210]: Started child 15 from parent 2
Mar 10 19:59:17 standalone container-server[122477]: Option allow_versions is deprecated. Configure the versioned_writes middleware in the proxy-server instead. This option will be ignored in a future release.
Mar 10 19:59:17 standalone container-server[122210]: Started child 16 from parent 2
Mar 10 19:59:17 standalone container-server[122479]: Option allow_versions is deprecated. Configure the versioned_writes middleware in the proxy-server instead. This option will be ignored in a future release.
Mar 10 19:59:17 standalone container-server[122210]: Started child 17 from parent 2
Mar 10 19:59:17 standalone container-server[122360]: Starting 2
Mar 10 19:59:17 standalone object-server[122442]: Started child 22 from parent 2
Mar 10 19:59:17 standalone object-server[122442]: Started child 23 from parent 2
Mar 10 19:59:17 standalone object-server[122442]: Started child 24 from parent 2
Mar 10 19:59:17 standalone object-server[122442]: Started child 25 from parent 2
Mar 10 19:59:18 standalone object-server[122510]: Starting 2
Mar 10 19:59:24 standalone proxy-server[124142]: Starting Keystone auth_token middleware
Mar 10 19:59:24 standalone proxy-server[124142]: AuthToken middleware is set with keystone_authtoken.service_token_roles_required set to False. This is backwards compatible but deprecated behaviour. Please set this to True.
Mar 10 19:59:24 standalone proxy-server[124473]: Starting Keystone auth_token middleware
Mar 10 19:59:24 standalone proxy-server[124473]: STDERR: The option "bind_port" is not known to keystonemiddleware
Mar 10 19:59:24 standalone proxy-server[124473]: STDERR: The option "workers" is not known to keystonemiddleware
Mar 10 19:59:24 standalone proxy-server[124473]: STDERR: The option "user" is not known to keystonemiddleware
Mar 10 19:59:24 standalone proxy-server[124473]: STDERR: The option "bind_ip" is not known to keystonemiddleware
Mar 10 19:59:24 standalone proxy-server[124473]: STDERR: The option "log_name" is not known to keystonemiddleware
Mar 10 19:59:24 standalone proxy-server[124473]: STDERR: The option "log_facility" is not known to keystonemiddleware
Mar 10 19:59:24 standalone proxy-server[124473]: STDERR: The option "log_level" is not known to keystonemiddleware
Mar 10 19:59:24 standalone proxy-server[124473]: STDERR: The option "log_headers" is not known to keystonemiddleware
Mar 10 19:59:24 standalone proxy-server[124473]: STDERR: The option "log_address" is not known to keystonemiddleware
Mar 10 19:59:24 standalone proxy-server[124473]: STDERR: The option "project_name" is not known to keystonemiddleware
Mar 10 19:59:24 standalone proxy-server[124473]: STDERR: The option "username" is not known to keystonemiddleware
Mar 10 19:59:24 standalone proxy-server[124473]: STDERR: The option "password" is not known to keystonemiddleware
Mar 10 19:59:24 standalone proxy-server[124473]: STDERR: The option "auth_url" is not known to keystonemiddleware
Mar 10 19:59:24 standalone proxy-server[124473]: STDERR: The option "signing_dir" is not known to keystonemiddleware
Mar 10 19:59:24 standalone proxy-server[124473]: STDERR: The option "project_domain_id" is not known to keystonemiddleware
Mar 10 19:59:24 standalone proxy-server[124473]: STDERR: The option "user_domain_id" is not known to keystonemiddleware
Mar 10 19:59:24 standalone proxy-server[124473]: STDERR: The option "__name__" is not known to keystonemiddleware
Mar 10 19:59:24 standalone proxy-server[124473]: AuthToken middleware is set with keystone_authtoken.service_token_roles_required set to False. This is backwards compatible but deprecated behaviour. Please set this to True.
Mar 10 19:59:24 standalone proxy-server[124142]: Started child 21 from parent 2
Mar 10 20:01:52 standalone container-server[122360]: Begin container update sweep
Mar 10 20:01:52 standalone container-server[122360]: Container update sweep completed: 0.00s
Mar 10 20:02:22 standalone account-server[122298]: 172.20.0.100 - - [10/Mar/2026:20:02:22 +0000] "HEAD /d1/83/.expiring_objects" 404 - "HEAD http://localhost/v1/.expiring_objects?format=json" "tx08dde0a5b9bd46ab91126-0069b078ce" "proxy-server 2" 0.0018 "-" 21 -
Mar 10 20:02:22 standalone object-expirer[122299]: Pass completed in 0s; 0 objects expired (txn: tx08dde0a5b9bd46ab91126-0069b078ce)
Mar 10 20:02:59 standalone object-server[122510]: Begin object update sweep
Mar 10 20:02:59 standalone object-server[148018]: Object update sweep starting on /srv/node/d1 (pid: 11)
Mar 10 20:02:59 standalone object-server[148018]: Object update sweep completed on /srv/node/d1 in 0.00s seconds:, 0 successes, 0 failures, 0 quarantines, 0 unlinks, 0 errors, 0 redirects (pid: 11)
Mar 10 20:02:59 standalone object-server[148018]: Object update sweep of d1 completed: 0.00s, 0 successes, 0 failures, 0 quarantines, 0 unlinks, 0 errors, 0 redirects
Mar 10 20:02:59 standalone object-server[122510]: Object update sweep completed: 0.08s
Mar 10 20:06:02 standalone account-server[122314]: 172.20.0.100 - - [10/Mar/2026:20:06:02 +0000] "HEAD /d1/188/AUTH_9881c5e8a1ee4b85a8547d82a943073d" 404 - "HEAD http://localhost:8080/v1/AUTH_9881c5e8a1ee4b85a8547d82a943073d?format=json" "txc387b40694b74e73a4600-0069b079aa" "proxy-server 21" 0.0011 "-" 23 -
Mar 10 20:06:02 standalone proxy-server[124473]: - - 10/Mar/2026/20/06/02 HEAD /v1/AUTH_9881c5e8a1ee4b85a8547d82a943073d%3Fformat%3Djson HTTP/1.0 200 - Swift - - - - txc387b40694b74e73a4600-0069b079aa - 0.0049 RL - 1773173162.526157379 1773173162.531039476 -
Mar 10 20:06:03 standalone proxy-server[124473]: 172.18.0.2 ::1 10/Mar/2026/20/06/03 HEAD /v1/AUTH_9881c5e8a1ee4b85a8547d82a943073d/glance%3Fformat%3Djson HTTP/1.0 404 - python-swiftclient-3.11.1 gAAAAABpsHmqbShk... - - - txc387b40694b74e73a4600-0069b079aa - 0.6799 - - 1773173162.518979311 1773173163.198878765 -
Mar 10 20:06:03 standalone account-server[122288]: 172.20.0.100 - - [10/Mar/2026:20:06:03 +0000] "PUT /d1/188/AUTH_9881c5e8a1ee4b85a8547d82a943073d" 201 - "-" "tx1e4ded58542a4dfd8e4d1-0069b079ab" "-" 0.0155 "-" 20 -
Mar 10 20:06:03 standalone proxy-server[124473]: autocreate account '/AUTH_9881c5e8a1ee4b85a8547d82a943073d' (txn: tx1e4ded58542a4dfd8e4d1-0069b079ab)
Mar 10 20:06:03 standalone account-server[122298]: 172.20.0.100 - - [10/Mar/2026:20:06:03 +0000] "HEAD /d1/188/AUTH_9881c5e8a1ee4b85a8547d82a943073d" 204 - "HEAD http://localhost:8080/v1/AUTH_9881c5e8a1ee4b85a8547d82a943073d?format=json" "tx1e4ded58542a4dfd8e4d1-0069b079ab" "proxy-server 21" 0.0028 "-" 21 -
Mar 10 20:06:03 standalone account-server[122288]: 172.20.0.100 - - [10/Mar/2026:20:06:03 +0000] "PUT /d1/188/AUTH_9881c5e8a1ee4b85a8547d82a943073d/glance" 201 - "PUT http://172.20.0.100:6001/d1/608/AUTH_9881c5e8a1ee4b85a8547d82a943073d/glance" "tx1e4ded58542a4dfd8e4d1-0069b079ab" "container-server 17" 0.0019 "-" 20 0
Mar 10 20:06:03 standalone container-server[122479]: 172.20.0.100 - - [10/Mar/2026:20:06:03 +0000] "PUT /d1/608/AUTH_9881c5e8a1ee4b85a8547d82a943073d/glance" 201 - "PUT http://localhost:8080/v1/AUTH_9881c5e8a1ee4b85a8547d82a943073d/glance" "tx1e4ded58542a4dfd8e4d1-0069b079ab" "proxy-server 21" 0.0200 "-" 17 0
Mar 10 20:06:03 standalone proxy-server[124473]: 172.18.0.2 ::1 10/Mar/2026/20/06/03 PUT /v1/AUTH_9881c5e8a1ee4b85a8547d82a943073d/glance HTTP/1.0 201 - python-swiftclient-3.11.1 gAAAAABpsHmqbShk... - - - tx1e4ded58542a4dfd8e4d1-0069b079ab - 0.0592 - - 1773173163.210647345 1773173163.269816399 0
Mar 10 20:06:03 standalone container-server[122479]: 172.20.0.100 - - [10/Mar/2026:20:06:03 +0000] "HEAD /d1/608/AUTH_9881c5e8a1ee4b85a8547d82a943073d/glance" 204 - "HEAD http://localhost:8080/v1/AUTH_9881c5e8a1ee4b85a8547d82a943073d/glance?format=json&states=listing" "tx1b96a714d4ea450dab062-0069b079ab" "proxy-server 21" 0.0019 "-" 17 0
Mar 10 20:06:03 standalone proxy-server[124473]: - - 10/Mar/2026/20/06/03 HEAD /v1/AUTH_9881c5e8a1ee4b85a8547d82a943073d/glance%3Fformat%3Djson%26states%3Dlisting HTTP/1.0 204 - Swift - - - - tx1b96a714d4ea450dab062-0069b079ab - 0.0144 RL - 1773173163.287186384 1773173163.301568031 0
Mar 10 20:06:10 standalone account-server[122308]: 172.20.0.100 - - [10/Mar/2026:20:06:10 +0000] "HEAD /d1/83/.expiring_objects" 404 - "HEAD http://localhost/v1/.expiring_objects?format=json" "tx82e2aa4551f848f699c2a-0069b079b2" "proxy-server 2" 0.0010 "-" 22 -
Mar 10 20:06:10 standalone object-expirer[122299]: Pass completed in 0s; 0 objects expired (txn: tx82e2aa4551f848f699c2a-0069b079b2)
Mar 10 20:06:21 standalone container-server[122479]: 172.20.0.100 - - [10/Mar/2026:20:06:21 +0000] "PUT /d1/608/AUTH_9881c5e8a1ee4b85a8547d82a943073d/glance/346d7168-490c-4472-8619-e055604dbe8c" 201 - "PUT http://localhost:8080/d1/138/AUTH_9881c5e8a1ee4b85a8547d82a943073d/glance/346d7168-490c-4472-8619-e055604dbe8c" "tx1b96a714d4ea450dab062-0069b079ab" "object-server 23" 0.0012 "-" 17 0
Mar 10 20:06:21 standalone object-server[122555]: 172.20.0.100 - - [10/Mar/2026:20:06:21 +0000] "PUT /d1/138/AUTH_9881c5e8a1ee4b85a8547d82a943073d/glance/346d7168-490c-4472-8619-e055604dbe8c" 201 - "PUT http://localhost:8080/v1/AUTH_9881c5e8a1ee4b85a8547d82a943073d/glance/346d7168-490c-4472-8619-e055604dbe8c" "tx1b96a714d4ea450dab062-0069b079ab" "proxy-server 21" 18.1544 "-" 23 0
Mar 10 20:06:21 standalone proxy-server[124473]: 172.18.0.2 ::1 10/Mar/2026/20/06/21 PUT /v1/AUTH_9881c5e8a1ee4b85a8547d82a943073d/glance/346d7168-490c-4472-8619-e055604dbe8c HTTP/1.0 201 - python-swiftclient-3.11.1 gAAAAABpsHmqbShk... 1481900032 - - tx1b96a714d4ea450dab062-0069b079ab - 18.1861 - - 1773173163.281813860 1773173181.467958450 0
Mar 10 20:06:52 standalone container-server[122360]: Begin container update sweep
Mar 10 20:06:52 standalone account-server[122314]: 172.20.0.100 - - [10/Mar/2026:20:06:52 +0000] "PUT /d1/188/AUTH_9881c5e8a1ee4b85a8547d82a943073d/glance" 201 - "-" "-" "container-updater 2" 0.0012 "-" 23 0
Mar 10 20:06:52 standalone container-server[122360]: Container update sweep completed: 0.10s
Mar 10 20:07:10 standalone account-server[122288]: 172.20.0.100 - - [10/Mar/2026:20:07:10 +0000] "HEAD /d1/83/.expiring_objects" 404 - "HEAD http://localhost/v1/.expiring_objects?format=json" "txcbd6a91f31dd4b10a3635-0069b079ee" "proxy-server 2" 0.0008 "-" 20 -
Mar 10 20:07:10 standalone object-expirer[122299]: Pass completed in 0s; 0 objects expired (txn: txcbd6a91f31dd4b10a3635-0069b079ee)
Mar 10 20:07:59 standalone object-server[122510]: Begin object update sweep
Mar 10 20:07:59 standalone object-server[188047]: Object update sweep starting on /srv/node/d1 (pid: 13)
Mar 10 20:07:59 standalone object-server[188047]: Object update sweep completed on /srv/node/d1 in 0.00s seconds:, 0 successes, 0 failures, 0 quarantines, 0 unlinks, 0 errors, 0 redirects (pid: 13)
Mar 10 20:07:59 standalone object-server[188047]: Object update sweep of d1 completed: 0.00s, 0 successes, 0 failures, 0 quarantines, 0 unlinks, 0 errors, 0 redirects
Mar 10 20:07:59 standalone object-server[122510]: Object update sweep completed: 0.06s
Mar 10 20:10:26 standalone account-server[122288]: 172.20.0.100 - - [10/Mar/2026:20:10:26 +0000] "HEAD /d1/83/.expiring_objects" 404 - "HEAD http://localhost/v1/.expiring_objects?format=json" "txd03142f98dd646c8bf950-0069b07ab2" "proxy-server 2" 0.0026 "-" 20 -
Mar 10 20:10:26 standalone object-expirer[122299]: Pass completed in 0s; 0 objects expired (txn: txd03142f98dd646c8bf950-0069b07ab2)
Mar 10 20:11:11 standalone account-server[122314]: 172.20.0.100 - - [10/Mar/2026:20:11:11 +0000] "HEAD /d1/188/AUTH_9881c5e8a1ee4b85a8547d82a943073d" 204 - "HEAD http://localhost:8080/v1/AUTH_9881c5e8a1ee4b85a8547d82a943073d?format=json" "tx184c9062786e49d2a95c2-0069b07adf" "proxy-server 21" 0.0121 "-" 23 -
Mar 10 20:11:11 standalone proxy-server[124473]: - - 10/Mar/2026/20/11/11 HEAD /v1/AUTH_9881c5e8a1ee4b85a8547d82a943073d%3Fformat%3Djson HTTP/1.0 204 - Swift - - - - tx184c9062786e49d2a95c2-0069b07adf - 0.0195 RL - 1773173471.437653303 1773173471.457148790 -
Mar 10 20:11:11 standalone container-server[122476]: 172.20.0.100 - - [10/Mar/2026:20:11:11 +0000] "HEAD /d1/608/AUTH_9881c5e8a1ee4b85a8547d82a943073d/glance" 204 - "HEAD http://localhost:8080/v1/AUTH_9881c5e8a1ee4b85a8547d82a943073d/glance?format=json&states=listing" "tx184c9062786e49d2a95c2-0069b07adf" "proxy-server 21" 0.0025 "-" 15 0
Mar 10 20:11:11 standalone proxy-server[124473]: 172.18.0.2 ::1 10/Mar/2026/20/11/11 HEAD /v1/AUTH_9881c5e8a1ee4b85a8547d82a943073d/glance%3Fformat%3Djson%26states%3Dlisting HTTP/1.0 204 - python-swiftclient-3.11.1 gAAAAABpsHrfKYaB... - - - tx184c9062786e49d2a95c2-0069b07adf - 0.1039 - - 1773173471.436283112 1773173471.540169954 0
Mar 10 20:11:14 standalone container-server[122476]: 172.20.0.100 - - [10/Mar/2026:20:11:14 +0000] "PUT /d1/608/AUTH_9881c5e8a1ee4b85a8547d82a943073d/glance/d9e66d3d-0e4e-4ee5-ae96-6c389e09cac8-00001" 201 - "PUT http://localhost:8080/d1/578/AUTH_9881c5e8a1ee4b85a8547d82a943073d/glance/d9e66d3d-0e4e-4ee5-ae96-6c389e09cac8-00001" "tx798bd883daa44469bbabb-0069b07adf" "object-server 25" 0.0011 "-" 15 0
Mar 10 20:11:14 standalone object-server[122585]: 172.20.0.100 - - [10/Mar/2026:20:11:14 +0000] "PUT /d1/578/AUTH_9881c5e8a1ee4b85a8547d82a943073d/glance/d9e66d3d-0e4e-4ee5-ae96-6c389e09cac8-00001" 201 - "PUT http://localhost:8080/v1/AUTH_9881c5e8a1ee4b85a8547d82a943073d/glance/d9e66d3d-0e4e-4ee5-ae96-6c389e09cac8-00001" "tx798bd883daa44469bbabb-0069b07adf" "proxy-server 21" 2.9534 "-" 25 0
Mar 10 20:11:14 standalone proxy-server[124473]: 172.18.0.2 ::1 10/Mar/2026/20/11/14 PUT /v1/AUTH_9881c5e8a1ee4b85a8547d82a943073d/glance/d9e66d3d-0e4e-4ee5-ae96-6c389e09cac8-00001 HTTP/1.0 201 - python-swiftclient-3.11.1 gAAAAABpsHrfKYaB... 21692416 - - tx798bd883daa44469bbabb-0069b07adf - 2.9599 - - 1773173471.545467615 1773173474.505398989 0
Mar 10 20:11:14 standalone container-server[122477]: 172.20.0.100 - - [10/Mar/2026:20:11:14 +0000] "PUT /d1/608/AUTH_9881c5e8a1ee4b85a8547d82a943073d/glance/d9e66d3d-0e4e-4ee5-ae96-6c389e09cac8" 201 - "PUT http://localhost:8080/d1/768/AUTH_9881c5e8a1ee4b85a8547d82a943073d/glance/d9e66d3d-0e4e-4ee5-ae96-6c389e09cac8" "tx80b384ab9cbc4dc9a54ad-0069b07ae2" "object-server 24" 0.0017 "-" 16 0
Mar 10 20:11:14 standalone object-server[122569]: 172.20.0.100 - - [10/Mar/2026:20:11:14 +0000] "PUT /d1/768/AUTH_9881c5e8a1ee4b85a8547d82a943073d/glance/d9e66d3d-0e4e-4ee5-ae96-6c389e09cac8" 201 - "PUT http://localhost:8080/v1/AUTH_9881c5e8a1ee4b85a8547d82a943073d/glance/d9e66d3d-0e4e-4ee5-ae96-6c389e09cac8" "tx80b384ab9cbc4dc9a54ad-0069b07ae2" "proxy-server 21" 0.0281 "-" 24 0
Mar 10 20:11:14 standalone proxy-server[124473]: 172.18.0.2 ::1 10/Mar/2026/20/11/14 PUT /v1/AUTH_9881c5e8a1ee4b85a8547d82a943073d/glance/d9e66d3d-0e4e-4ee5-ae96-6c389e09cac8 HTTP/1.0 201 - python-swiftclient-3.11.1 gAAAAABpsHrfKYaB... - - - tx80b384ab9cbc4dc9a54ad-0069b07ae2 - 0.0373 - - 1773173474.510303497 1773173474.547568560 0
Mar 10 20:11:15 standalone container-server[122479]: 172.20.0.100 - - [10/Mar/2026:20:11:15 +0000] "HEAD /d1/837/AUTH_9881c5e8a1ee4b85a8547d82a943073d/gnocchi.1e24263c-1299-414a-95a7-2bbd33fbfbb6" 404 - "HEAD http://localhost:8080/v1/AUTH_9881c5e8a1ee4b85a8547d82a943073d/gnocchi.1e24263c-1299-414a-95a7-2bbd33fbfbb6?format=json&states=listing" "tx6ea65f7cc754482bbb96b-0069b07ae3" "proxy-server 21" 0.0009 "-" 17 0
Mar 10 20:11:15 standalone object-server[122549]: 172.20.0.100 - - [10/Mar/2026:20:11:15 +0000] "GET /d1/492/AUTH_9881c5e8a1ee4b85a8547d82a943073d/gnocchi.1e24263c-1299-414a-95a7-2bbd33fbfbb6/none_v3" 404 70 "GET http://localhost:8080/v1/AUTH_9881c5e8a1ee4b85a8547d82a943073d/gnocchi.1e24263c-1299-414a-95a7-2bbd33fbfbb6/none_v3" "tx6ea65f7cc754482bbb96b-0069b07ae3" "proxy-server 21" 0.0008 "-" 22 0
Mar 10 20:11:15 standalone proxy-server[124473]: 172.18.0.2 ::1 10/Mar/2026/20/11/15 GET /v1/AUTH_9881c5e8a1ee4b85a8547d82a943073d/gnocchi.1e24263c-1299-414a-95a7-2bbd33fbfbb6/none_v3 HTTP/1.0 404 - python-swiftclient-3.11.1 gAAAAABpsHrj4bC9... - 70 - tx6ea65f7cc754482bbb96b-0069b07ae3 - 0.0449 - - 1773173475.203956366 1773173475.248896599 0
Mar 10 20:11:15 standalone account-server[122298]: 172.20.0.100 - - [10/Mar/2026:20:11:15 +0000] "PUT /d1/188/AUTH_9881c5e8a1ee4b85a8547d82a943073d/gnocchi.1e24263c-1299-414a-95a7-2bbd33fbfbb6" 201 - "PUT http://172.20.0.100:6001/d1/837/AUTH_9881c5e8a1ee4b85a8547d82a943073d/gnocchi.1e24263c-1299-414a-95a7-2bbd33fbfbb6" "txc6f749e72ebe4e069439e-0069b07ae3" "container-server 17" 0.0015 "-" 21 0
Mar 10 20:11:15 standalone container-server[122479]: 172.20.0.100 - - [10/Mar/2026:20:11:15 +0000] "PUT /d1/837/AUTH_9881c5e8a1ee4b85a8547d82a943073d/gnocchi.1e24263c-1299-414a-95a7-2bbd33fbfbb6" 201 - "PUT http://localhost:8080/v1/AUTH_9881c5e8a1ee4b85a8547d82a943073d/gnocchi.1e24263c-1299-414a-95a7-2bbd33fbfbb6" "txc6f749e72ebe4e069439e-0069b07ae3" "proxy-server 21" 0.0191 "-" 17 0
Mar 10 20:11:15 standalone proxy-server[124473]: 172.18.0.2 ::1 10/Mar/2026/20/11/15 PUT /v1/AUTH_9881c5e8a1ee4b85a8547d82a943073d/gnocchi.1e24263c-1299-414a-95a7-2bbd33fbfbb6 HTTP/1.0 201 - python-swiftclient-3.11.1 gAAAAABpsHrj4bC9... - - - txc6f749e72ebe4e069439e-0069b07ae3 - 0.0250 - - 1773173475.252409935 1773173475.277369738 0
Mar 10 20:11:15 standalone container-server[122476]: 172.20.0.100 - - [10/Mar/2026:20:11:15 +0000] "HEAD /d1/837/AUTH_9881c5e8a1ee4b85a8547d82a943073d/gnocchi.1e24263c-1299-414a-95a7-2bbd33fbfbb6" 204 - "HEAD http://localhost:8080/v1/AUTH_9881c5e8a1ee4b85a8547d82a943073d/gnocchi.1e24263c-1299-414a-95a7-2bbd33fbfbb6?format=json&states=listing" "txdab374670ae242c3b96d1-0069b07ae3" "proxy-server 21" 0.0014 "-" 15 0
Mar 10 20:11:15 standalone proxy-server[124473]: - - 10/Mar/2026/20/11/15 HEAD /v1/AUTH_9881c5e8a1ee4b85a8547d82a943073d/gnocchi.1e24263c-1299-414a-95a7-2bbd33fbfbb6%3Fformat%3Djson%26states%3Dlisting HTTP/1.0 204 - Swift - - - - txdab374670ae242c3b96d1-0069b07ae3 - 0.0048 RL - 1773173475.288724184 1773173475.293569565 0
Mar 10 20:11:15 standalone container-server[122476]: 172.20.0.100 - - [10/Mar/2026:20:11:15 +0000] "GET /d1/837/AUTH_9881c5e8a1ee4b85a8547d82a943073d/gnocchi.1e24263c-1299-414a-95a7-2bbd33fbfbb6" 200 2 "GET http://localhost:8080/v1/AUTH_9881c5e8a1ee4b85a8547d82a943073d/gnocchi.1e24263c-1299-414a-95a7-2bbd33fbfbb6?format=json&states=listing" "txdab374670ae242c3b96d1-0069b07ae3" "proxy-server 21" 0.0023 "-" 15 0
Mar 10 20:11:15 standalone proxy-server[124473]: 172.18.0.2 ::1 10/Mar/2026/20/11/15 GET /v1/AUTH_9881c5e8a1ee4b85a8547d82a943073d/gnocchi.1e24263c-1299-414a-95a7-2bbd33fbfbb6%3Fformat%3Djson%26states%3Dlisting HTTP/1.0 200 - python-swiftclient-3.11.1 gAAAAABpsHrj4bC9... - 2 - txdab374670ae242c3b96d1-0069b07ae3 - 0.0154 - - 1773173475.287529230 1773173475.302954912 0
Mar 10 20:11:15 standalone object-server[122549]: 172.20.0.100 - - [10/Mar/2026:20:11:15 +0000] "GET /d1/504/AUTH_9881c5e8a1ee4b85a8547d82a943073d/gnocchi.1e24263c-1299-414a-95a7-2bbd33fbfbb6/1772280000.0_mean_300.0_v3" 404 70 "GET http://localhost:8080/v1/AUTH_9881c5e8a1ee4b85a8547d82a943073d/gnocchi.1e24263c-1299-414a-95a7-2bbd33fbfbb6/1772280000.0_mean_300.0_v3" "tx57fe229441464d3b9dbf6-0069b07ae3" "proxy-server 21" 0.0003 "-" 22 0
Mar 10 20:11:15 standalone proxy-server[124473]: 172.18.0.2 ::1 10/Mar/2026/20/11/15 GET /v1/AUTH_9881c5e8a1ee4b85a8547d82a943073d/gnocchi.1e24263c-1299-414a-95a7-2bbd33fbfbb6/1772280000.0_mean_300.0_v3 HTTP/1.0 404 - python-swiftclient-3.11.1 gAAAAABpsHrj4bC9... - 70 - tx57fe229441464d3b9dbf6-0069b07ae3 - 0.0050 - - 1773173475.308240175 1773173475.313288450 0
Mar 10 20:11:15 standalone container-server[122477]: 172.20.0.100 - - [10/Mar/2026:20:11:15 +0000] "PUT /d1/837/AUTH_9881c5e8a1ee4b85a8547d82a943073d/gnocchi.1e24263c-1299-414a-95a7-2bbd33fbfbb6/1772280000.0_mean_300.0_v3" 201 - "PUT http://localhost:8080/d1/504/AUTH_9881c5e8a1ee4b85a8547d82a943073d/gnocchi.1e24263c-1299-414a-95a7-2bbd33fbfbb6/1772280000.0_mean_300.0_v3" "txce6d76a5c69e4f7a9c79f-0069b07ae3" "object-server 24" 0.0005 "-" 16 0
Mar 10 20:11:15 standalone object-server[122569]: 172.20.0.100 - - [10/Mar/2026:20:11:15 +0000] "PUT /d1/504/AUTH_9881c5e8a1ee4b85a8547d82a943073d/gnocchi.1e24263c-1299-414a-95a7-2bbd33fbfbb6/1772280000.0_mean_300.0_v3" 201 - "PUT http://localhost:8080/v1/AUTH_9881c5e8a1ee4b85a8547d82a943073d/gnocchi.1e24263c-1299-414a-95a7-2bbd33fbfbb6/1772280000.0_mean_300.0_v3" "txce6d76a5c69e4f7a9c79f-0069b07ae3" "proxy-server 21" 0.0182 "-" 24 0
Mar 10 20:11:15 standalone proxy-server[124473]: 172.18.0.2 ::1 10/Mar/2026/20/11/15 PUT /v1/AUTH_9881c5e8a1ee4b85a8547d82a943073d/gnocchi.1e24263c-1299-414a-95a7-2bbd33fbfbb6/1772280000.0_mean_300.0_v3 HTTP/1.0 201 - python-swiftclient-3.11.1 gAAAAABpsHrj4bC9... 16 - - txce6d76a5c69e4f7a9c79f-0069b07ae3 - 0.0248 - - 1773173475.317425728 1773173475.342180014 0
Mar 10 20:11:15 standalone container-server[122469]: 172.20.0.100 - - [10/Mar/2026:20:11:15 +0000] "PUT /d1/837/AUTH_9881c5e8a1ee4b85a8547d82a943073d/gnocchi.1e24263c-1299-414a-95a7-2bbd33fbfbb6/none_v3" 201 - "PUT http://localhost:8080/d1/492/AUTH_9881c5e8a1ee4b85a8547d82a943073d/gnocchi.1e24263c-1299-414a-95a7-2bbd33fbfbb6/none_v3" "txeab4be333673439e8c699-0069b07ae3" "object-server 24" 0.0009 "-" 14 0
Mar 10 20:11:15 standalone object-server[122569]: 172.20.0.100 - - [10/Mar/2026:20:11:15 +0000] "PUT /d1/492/AUTH_9881c5e8a1ee4b85a8547d82a943073d/gnocchi.1e24263c-1299-414a-95a7-2bbd33fbfbb6/none_v3" 201 - "PUT http://localhost:8080/v1/AUTH_9881c5e8a1ee4b85a8547d82a943073d/gnocchi.1e24263c-1299-414a-95a7-2bbd33fbfbb6/none_v3" "txeab4be333673439e8c699-0069b07ae3" "proxy-server 21" 0.0122 "-" 24 0
Mar 10 20:11:15 standalone proxy-server[124473]: 172.18.0.2 ::1 10/Mar/2026/20/11/15 PUT /v1/AUTH_9881c5e8a1ee4b85a8547d82a943073d/gnocchi.1e24263c-1299-414a-95a7-2bbd33fbfbb6/none_v3 HTTP/1.0 201 - python-swiftclient-3.11.1 gAAAAABpsHrj4bC9... 22 - - txeab4be333673439e8c699-0069b07ae3 - 0.0178 - - 1773173475.346109867 1773173475.363890171 0
Mar 10 20:11:44 standalone object-server[122549]: 172.20.0.100 - - [10/Mar/2026:20:11:44 +0000] "GET /d1/492/AUTH_9881c5e8a1ee4b85a8547d82a943073d/gnocchi.1e24263c-1299-414a-95a7-2bbd33fbfbb6/none_v3" 200 22 "GET http://localhost:8080/v1/AUTH_9881c5e8a1ee4b85a8547d82a943073d/gnocchi.1e24263c-1299-414a-95a7-2bbd33fbfbb6/none_v3" "txe6a6a99b879b481385044-0069b07b00" "proxy-server 21" 0.0012 "-" 22 0
Mar 10 20:11:44 standalone proxy-server[124473]: 172.18.0.2 ::1 10/Mar/2026/20/11/44 GET /v1/AUTH_9881c5e8a1ee4b85a8547d82a943073d/gnocchi.1e24263c-1299-414a-95a7-2bbd33fbfbb6/none_v3 HTTP/1.0 200 - python-swiftclient-3.11.1 gAAAAABpsHrj4bC9... - 22 - txe6a6a99b879b481385044-0069b07b00 - 0.0156 - - 1773173504.893348694 1773173504.908996582 0
Mar 10 20:11:44 standalone container-server[122469]: 172.20.0.100 - - [10/Mar/2026:20:11:44 +0000] "GET /d1/837/AUTH_9881c5e8a1ee4b85a8547d82a943073d/gnocchi.1e24263c-1299-414a-95a7-2bbd33fbfbb6" 200 357 "GET http://localhost:8080/v1/AUTH_9881c5e8a1ee4b85a8547d82a943073d/gnocchi.1e24263c-1299-414a-95a7-2bbd33fbfbb6?format=json&states=listing" "tx11941598930a42469068e-0069b07b00" "proxy-server 21" 0.0234 "-" 14 0
Mar 10 20:11:44 standalone proxy-server[124473]: 172.18.0.2 ::1 10/Mar/2026/20/11/44 GET /v1/AUTH_9881c5e8a1ee4b85a8547d82a943073d/gnocchi.1e24263c-1299-414a-95a7-2bbd33fbfbb6%3Fformat%3Djson%26states%3Dlisting HTTP/1.0 200 - python-swiftclient-3.11.1 gAAAAABpsHrj4bC9... - 357 - tx11941598930a42469068e-0069b07b00 - 0.0347 - - 1773173504.914113045 1773173504.948860645 0
Mar 10 20:11:44 standalone container-server[122479]: 172.20.0.100 - - [10/Mar/2026:20:11:44 +0000] "GET /d1/837/AUTH_9881c5e8a1ee4b85a8547d82a943073d/gnocchi.1e24263c-1299-414a-95a7-2bbd33fbfbb6" 200 2 "GET http://localhost:8080/v1/AUTH_9881c5e8a1ee4b85a8547d82a943073d/gnocchi.1e24263c-1299-414a-95a7-2bbd33fbfbb6?format=json&marker=none_v3&states=listing" "tx0a9f02e190774ebe82559-0069b07b00" "proxy-server 21" 0.0023 "-" 17 0
Mar 10 20:11:44 standalone proxy-server[124473]: 172.18.0.2 ::1 10/Mar/2026/20/11/44 GET /v1/AUTH_9881c5e8a1ee4b85a8547d82a943073d/gnocchi.1e24263c-1299-414a-95a7-2bbd33fbfbb6%3Fformat%3Djson%26marker%3Dnone_v3%26states%3Dlisting HTTP/1.0 200 - python-swiftclient-3.11.1 gAAAAABpsHrj4bC9... - 2 - tx0a9f02e190774ebe82559-0069b07b00 - 0.0151 - - 1773173504.955994129 1773173504.971089363 0
Mar 10 20:11:44 standalone object-server[122569]: 172.20.0.100 - - [10/Mar/2026:20:11:44 +0000] "GET /d1/504/AUTH_9881c5e8a1ee4b85a8547d82a943073d/gnocchi.1e24263c-1299-414a-95a7-2bbd33fbfbb6/1772280000.0_mean_300.0_v3" 200 16 "GET http://localhost:8080/v1/AUTH_9881c5e8a1ee4b85a8547d82a943073d/gnocchi.1e24263c-1299-414a-95a7-2bbd33fbfbb6/1772280000.0_mean_300.0_v3" "txac6b39649a834870b9765-0069b07b00" "proxy-server 21" 0.0008 "-" 24 0
Mar 10 20:11:44 standalone proxy-server[124473]: 172.18.0.2 ::1 10/Mar/2026/20/11/44 GET /v1/AUTH_9881c5e8a1ee4b85a8547d82a943073d/gnocchi.1e24263c-1299-414a-95a7-2bbd33fbfbb6/1772280000.0_mean_300.0_v3 HTTP/1.0 200 - python-swiftclient-3.11.1 gAAAAABpsHrj4bC9... - 16 - txac6b39649a834870b9765-0069b07b00 - 0.0109 - - 1773173504.982874870 1773173504.993726254 0
Mar 10 20:11:45 standalone container-server[122469]: 172.20.0.100 - - [10/Mar/2026:20:11:45 +0000] "PUT /d1/837/AUTH_9881c5e8a1ee4b85a8547d82a943073d/gnocchi.1e24263c-1299-414a-95a7-2bbd33fbfbb6/1772280000.0_mean_300.0_v3" 201 - "PUT http://localhost:8080/d1/504/AUTH_9881c5e8a1ee4b85a8547d82a943073d/gnocchi.1e24263c-1299-414a-95a7-2bbd33fbfbb6/1772280000.0_mean_300.0_v3" "txcb89d9dd27564a51939fa-0069b07b00" "object-server 23" 0.0012 "-" 14 0
Mar 10 20:11:45 standalone object-server[122555]: 172.20.0.100 - - [10/Mar/2026:20:11:45 +0000] "PUT /d1/504/AUTH_9881c5e8a1ee4b85a8547d82a943073d/gnocchi.1e24263c-1299-414a-95a7-2bbd33fbfbb6/1772280000.0_mean_300.0_v3" 201 - "PUT http://localhost:8080/v1/AUTH_9881c5e8a1ee4b85a8547d82a943073d/gnocchi.1e24263c-1299-414a-95a7-2bbd33fbfbb6/1772280000.0_mean_300.0_v3" "txcb89d9dd27564a51939fa-0069b07b00" "proxy-server 21" 0.0111 "-" 23 0
Mar 10 20:11:45 standalone proxy-server[124473]: 172.18.0.2 ::1 10/Mar/2026/20/11/45 PUT /v1/AUTH_9881c5e8a1ee4b85a8547d82a943073d/gnocchi.1e24263c-1299-414a-95a7-2bbd33fbfbb6/1772280000.0_mean_300.0_v3 HTTP/1.0 201 - python-swiftclient-3.11.1 gAAAAABpsHrj4bC9... 16 - - txcb89d9dd27564a51939fa-0069b07b00 - 0.0194 - - 1773173504.997851849 1773173505.017225981 0
Mar 10 20:11:45 standalone container-server[122469]: 172.20.0.100 - - [10/Mar/2026:20:11:45 +0000] "PUT /d1/837/AUTH_9881c5e8a1ee4b85a8547d82a943073d/gnocchi.1e24263c-1299-414a-95a7-2bbd33fbfbb6/none_v3" 201 - "PUT http://localhost:8080/d1/492/AUTH_9881c5e8a1ee4b85a8547d82a943073d/gnocchi.1e24263c-1299-414a-95a7-2bbd33fbfbb6/none_v3" "tx10910024f11f42b19d997-0069b07b01" "object-server 22" 0.0009 "-" 14 0
Mar 10 20:11:45 standalone object-server[122549]: 172.20.0.100 - - [10/Mar/2026:20:11:45 +0000] "PUT /d1/492/AUTH_9881c5e8a1ee4b85a8547d82a943073d/gnocchi.1e24263c-1299-414a-95a7-2bbd33fbfbb6/none_v3" 201 - "PUT http://localhost:8080/v1/AUTH_9881c5e8a1ee4b85a8547d82a943073d/gnocchi.1e24263c-1299-414a-95a7-2bbd33fbfbb6/none_v3" "tx10910024f11f42b19d997-0069b07b01" "proxy-server 21" 0.0283 "-" 22 0
Mar 10 20:11:45 standalone proxy-server[124473]: 172.18.0.2 ::1 10/Mar/2026/20/11/45 PUT /v1/AUTH_9881c5e8a1ee4b85a8547d82a943073d/gnocchi.1e24263c-1299-414a-95a7-2bbd33fbfbb6/none_v3 HTTP/1.0 201 - python-swiftclient-3.11.1 gAAAAABpsHrj4bC9... 32 - - tx10910024f11f42b19d997-0069b07b01 - 0.0413 - - 1773173505.020567894 1773173505.061877728 0
Mar 10 20:11:52 standalone container-server[122360]: Begin container update sweep
Mar 10 20:11:52 standalone account-server[122298]: 172.20.0.100 - - [10/Mar/2026:20:11:52 +0000] "PUT /d1/188/AUTH_9881c5e8a1ee4b85a8547d82a943073d/glance" 201 - "-" "-" "container-updater 2" 0.0010 "-" 21 0
Mar 10 20:11:52 standalone account-server[122288]: 172.20.0.100 - - [10/Mar/2026:20:11:52 +0000] "PUT /d1/188/AUTH_9881c5e8a1ee4b85a8547d82a943073d/gnocchi.1e24263c-1299-414a-95a7-2bbd33fbfbb6" 201 - "-" "-" "container-updater 2" 0.0005 "-" 20 0
Mar 10 20:11:52 standalone container-server[122360]: Container update sweep completed: 0.18s
Mar 10 20:12:01 standalone account-server[122288]: 172.20.0.100 - - [10/Mar/2026:20:12:01 +0000] "HEAD /d1/83/.expiring_objects" 404 - "HEAD http://localhost/v1/.expiring_objects?format=json" "txcf94e453866d4e7bb742c-0069b07b11" "proxy-server 2" 0.0004 "-" 20 -
Mar 10 20:12:01 standalone object-expirer[122299]: Pass completed in 0s; 0 objects expired (txn: txcf94e453866d4e7bb742c-0069b07b11)
Mar 10 20:12:17 standalone account-server[122298]: 172.20.0.100 - - [10/Mar/2026:20:12:17 +0000] "HEAD /d1/188/AUTH_9881c5e8a1ee4b85a8547d82a943073d" 204 - "HEAD http://localhost:8080/v1/AUTH_9881c5e8a1ee4b85a8547d82a943073d?format=json" "tx8d4151c584f04f4db0429-0069b07b21" "proxy-server 21" 0.0087 "-" 21 -
Mar 10 20:12:17 standalone proxy-server[124473]: - - 10/Mar/2026/20/12/17 HEAD /v1/AUTH_9881c5e8a1ee4b85a8547d82a943073d%3Fformat%3Djson HTTP/1.0 204 - Swift - - - - tx8d4151c584f04f4db0429-0069b07b21 - 0.0155 RL - 1773173537.524405241 1773173537.539887190 -
Mar 10 20:12:17 standalone container-server[122479]: 172.20.0.100 - - [10/Mar/2026:20:12:17 +0000] "HEAD /d1/608/AUTH_9881c5e8a1ee4b85a8547d82a943073d/glance" 204 - "HEAD http://localhost:8080/v1/AUTH_9881c5e8a1ee4b85a8547d82a943073d/glance?format=json&states=listing" "tx8d4151c584f04f4db0429-0069b07b21" "proxy-server 21" 0.0029 "-" 17 0
Mar 10 20:12:17 standalone object-server[122555]: 172.20.0.100 - - [10/Mar/2026:20:12:17 +0000] "GET /d1/768/AUTH_9881c5e8a1ee4b85a8547d82a943073d/glance/d9e66d3d-0e4e-4ee5-ae96-6c389e09cac8" 200 - "GET http://localhost:8080/v1/AUTH_9881c5e8a1ee4b85a8547d82a943073d/glance/d9e66d3d-0e4e-4ee5-ae96-6c389e09cac8" "tx8d4151c584f04f4db0429-0069b07b21" "proxy-server 21" 0.0017 "-" 23 0
Mar 10 20:12:17 standalone container-server[122469]: 172.20.0.100 - - [10/Mar/2026:20:12:17 +0000] "GET /d1/608/AUTH_9881c5e8a1ee4b85a8547d82a943073d/glance" 200 210 "GET http://localhost:8080/v1/AUTH_9881c5e8a1ee4b85a8547d82a943073d/glance?prefix=d9e66d3d-0e4e-4ee5-ae96-6c389e09cac8-&format=json&states=listing" "tx8d4151c584f04f4db0429-0069b07b21" "proxy-server 21" 0.0037 "-" 14 0
Mar 10 20:12:17 standalone proxy-server[124473]: - - 10/Mar/2026/20/12/17 GET /v1/AUTH_9881c5e8a1ee4b85a8547d82a943073d/glance%3Fprefix%3Dd9e66d3d-0e4e-4ee5-ae96-6c389e09cac8-%26format%3Djson%26states%3Dlisting HTTP/1.0 200 - python-swiftclient-3.11.1%20DLO%20MultipartGET gAAAAABpsHshLeQM... - 210 - tx8d4151c584f04f4db0429-0069b07b21 - 0.0083 DLO - 1773173537.669670343 1773173537.677934170 0
Mar 10 20:12:17 standalone object-server[122569]: 172.20.0.100 - - [10/Mar/2026:20:12:17 +0000] "GET /d1/578/AUTH_9881c5e8a1ee4b85a8547d82a943073d/glance/d9e66d3d-0e4e-4ee5-ae96-6c389e09cac8-00001" 200 21692416 "GET http://localhost:8080/v1/AUTH_9881c5e8a1ee4b85a8547d82a943073d/glance/d9e66d3d-0e4e-4ee5-ae96-6c389e09cac8-00001?multipart-manifest=get" "tx8d4151c584f04f4db0429-0069b07b21" "proxy-server 21" 0.0011 "-" 24 0
Mar 10 20:12:17 standalone proxy-server[124473]: - - 10/Mar/2026/20/12/17 GET /v1/AUTH_9881c5e8a1ee4b85a8547d82a943073d/glance/d9e66d3d-0e4e-4ee5-ae96-6c389e09cac8-00001%3Fmultipart-manifest%3Dget HTTP/1.0 200 - python-swiftclient-3.11.1%20%20DLO%20MultipartGET gAAAAABpsHshLeQM... - 21692416 - tx8d4151c584f04f4db0429-0069b07b21 - 0.1448 DLO - 1773173537.679279804 1773173537.824091911 0
Mar 10 20:12:17 standalone proxy-server[124473]: 172.18.0.2 ::1 10/Mar/2026/20/12/17 GET /v1/AUTH_9881c5e8a1ee4b85a8547d82a943073d/glance/d9e66d3d-0e4e-4ee5-ae96-6c389e09cac8 HTTP/1.0 200 - python-swiftclient-3.11.1 gAAAAABpsHshLeQM... - 21692416 - tx8d4151c584f04f4db0429-0069b07b21 - 0.3015 - - 1773173537.523091316 1773173537.824574471 0
Mar 10 20:12:18 standalone container-server[122469]: 172.20.0.100 - - [10/Mar/2026:20:12:18 +0000] "HEAD /d1/627/AUTH_9881c5e8a1ee4b85a8547d82a943073d/gnocchi.11248138-5bae-4aa9-8956-ae36b855d009" 404 - "HEAD http://localhost:8080/v1/AUTH_9881c5e8a1ee4b85a8547d82a943073d/gnocchi.11248138-5bae-4aa9-8956-ae36b855d009?format=json&states=listing" "txd88936e9e80b42729812e-0069b07b22" "proxy-server 21" 0.0008 "-" 14 0
Mar 10 20:12:18 standalone object-server[122555]: 172.20.0.100 - - [10/Mar/2026:20:12:18 +0000] "GET /d1/680/AUTH_9881c5e8a1ee4b85a8547d82a943073d/gnocchi.11248138-5bae-4aa9-8956-ae36b855d009/none_v3" 404 70 "GET http://localhost:8080/v1/AUTH_9881c5e8a1ee4b85a8547d82a943073d/gnocchi.11248138-5bae-4aa9-8956-ae36b855d009/none_v3" "txd88936e9e80b42729812e-0069b07b22" "proxy-server 21" 0.0005 "-" 23 0
Mar 10 20:12:18 standalone proxy-server[124473]: 172.18.0.2 ::1 10/Mar/2026/20/12/18 GET /v1/AUTH_9881c5e8a1ee4b85a8547d82a943073d/gnocchi.11248138-5bae-4aa9-8956-ae36b855d009/none_v3 HTTP/1.0 404 - python-swiftclient-3.11.1 gAAAAABpsHrj4bC9... - 70 - txd88936e9e80b42729812e-0069b07b22 - 0.0118 - - 1773173538.478851080 1773173538.490682840 0
Mar 10 20:12:18 standalone account-server[122298]: 172.20.0.100 - - [10/Mar/2026:20:12:18 +0000] "PUT /d1/188/AUTH_9881c5e8a1ee4b85a8547d82a943073d/gnocchi.11248138-5bae-4aa9-8956-ae36b855d009" 201 - "PUT http://172.20.0.100:6001/d1/627/AUTH_9881c5e8a1ee4b85a8547d82a943073d/gnocchi.11248138-5bae-4aa9-8956-ae36b855d009" "tx7c16eb6f5b94424fac3ba-0069b07b22" "container-server 17" 0.0016 "-" 21 0
Mar 10 20:12:18 standalone container-server[122479]: 172.20.0.100 - - [10/Mar/2026:20:12:18 +0000] "PUT /d1/627/AUTH_9881c5e8a1ee4b85a8547d82a943073d/gnocchi.11248138-5bae-4aa9-8956-ae36b855d009" 201 - "PUT http://localhost:8080/v1/AUTH_9881c5e8a1ee4b85a8547d82a943073d/gnocchi.11248138-5bae-4aa9-8956-ae36b855d009" "tx7c16eb6f5b94424fac3ba-0069b07b22" "proxy-server 21" 0.0119 "-" 17 0
Mar 10 20:12:18 standalone proxy-server[124473]: 172.18.0.2 ::1 10/Mar/2026/20/12/18 PUT /v1/AUTH_9881c5e8a1ee4b85a8547d82a943073d/gnocchi.11248138-5bae-4aa9-8956-ae36b855d009 HTTP/1.0 201 - python-swiftclient-3.11.1 gAAAAABpsHrj4bC9... - - - tx7c16eb6f5b94424fac3ba-0069b07b22 - 0.0174 - - 1773173538.494329929 1773173538.511717558 0
Mar 10 20:12:18 standalone container-server[122477]: 172.20.0.100 - - [10/Mar/2026:20:12:18 +0000] "HEAD /d1/627/AUTH_9881c5e8a1ee4b85a8547d82a943073d/gnocchi.11248138-5bae-4aa9-8956-ae36b855d009" 204 - "HEAD http://localhost:8080/v1/AUTH_9881c5e8a1ee4b85a8547d82a943073d/gnocchi.11248138-5bae-4aa9-8956-ae36b855d009?format=json&states=listing" "tx54d8faf4635e46d7a8cee-0069b07b22" "proxy-server 21" 0.0024 "-" 16 0
Mar 10 20:12:18 standalone proxy-server[124473]: - - 10/Mar/2026/20/12/18 HEAD /v1/AUTH_9881c5e8a1ee4b85a8547d82a943073d/gnocchi.11248138-5bae-4aa9-8956-ae36b855d009%3Fformat%3Djson%26states%3Dlisting HTTP/1.0 204 - Swift - - - - tx54d8faf4635e46d7a8cee-0069b07b22 - 0.0068 RL - 1773173538.517724752 1773173538.524497271 0
Mar 10 20:12:18 standalone container-server[122476]: 172.20.0.100 - - [10/Mar/2026:20:12:18 +0000] "GET /d1/627/AUTH_9881c5e8a1ee4b85a8547d82a943073d/gnocchi.11248138-5bae-4aa9-8956-ae36b855d009" 200 2 "GET http://localhost:8080/v1/AUTH_9881c5e8a1ee4b85a8547d82a943073d/gnocchi.11248138-5bae-4aa9-8956-ae36b855d009?format=json&states=listing" "tx54d8faf4635e46d7a8cee-0069b07b22" "proxy-server 21" 0.0024 "-" 15 0
Mar 10 20:12:18 standalone proxy-server[124473]: 172.18.0.2 ::1 10/Mar/2026/20/12/18 GET /v1/AUTH_9881c5e8a1ee4b85a8547d82a943073d/gnocchi.11248138-5bae-4aa9-8956-ae36b855d009%3Fformat%3Djson%26states%3Dlisting HTTP/1.0 200 - python-swiftclient-3.11.1 gAAAAABpsHrj4bC9... - 2 - tx54d8faf4635e46d7a8cee-0069b07b22 - 0.0169 - - 1773173538.516238689 1773173538.533115864 0
Mar 10 20:12:18 standalone object-server[122585]: 172.20.0.100 - - [10/Mar/2026:20:12:18 +0000] "GET /d1/688/AUTH_9881c5e8a1ee4b85a8547d82a943073d/gnocchi.11248138-5bae-4aa9-8956-ae36b855d009/1772280000.0_mean_300.0_v3" 404 70 "GET http://localhost:8080/v1/AUTH_9881c5e8a1ee4b85a8547d82a943073d/gnocchi.11248138-5bae-4aa9-8956-ae36b855d009/1772280000.0_mean_300.0_v3" "tx0e663af825124f798ca2a-0069b07b22" "proxy-server 21" 0.0005 "-" 25 0
Mar 10 20:12:18 standalone proxy-server[124473]: 172.18.0.2 ::1 10/Mar/2026/20/12/18 GET /v1/AUTH_9881c5e8a1ee4b85a8547d82a943073d/gnocchi.11248138-5bae-4aa9-8956-ae36b855d009/1772280000.0_mean_300.0_v3 HTTP/1.0 404 - python-swiftclient-3.11.1 gAAAAABpsHrj4bC9... - 70 - tx0e663af825124f798ca2a-0069b07b22 - 0.0065 - - 1773173538.541786909 1773173538.548272848 0
Mar 10 20:12:18 standalone container-server[122479]: 172.20.0.100 - - [10/Mar/2026:20:12:18 +0000] "PUT /d1/627/AUTH_9881c5e8a1ee4b85a8547d82a943073d/gnocchi.11248138-5bae-4aa9-8956-ae36b855d009/1772280000.0_mean_300.0_v3" 201 - "PUT http://localhost:8080/d1/688/AUTH_9881c5e8a1ee4b85a8547d82a943073d/gnocchi.11248138-5bae-4aa9-8956-ae36b855d009/1772280000.0_mean_300.0_v3" "tx4a8fd8d927ea4ae9a0b72-0069b07b22" "object-server 25" 0.0006 "-" 17 0
Mar 10 20:12:18 standalone object-server[122585]: 172.20.0.100 - - [10/Mar/2026:20:12:18 +0000] "PUT /d1/688/AUTH_9881c5e8a1ee4b85a8547d82a943073d/gnocchi.11248138-5bae-4aa9-8956-ae36b855d009/1772280000.0_mean_300.0_v3" 201 - "PUT http://localhost:8080/v1/AUTH_9881c5e8a1ee4b85a8547d82a943073d/gnocchi.11248138-5bae-4aa9-8956-ae36b855d009/1772280000.0_mean_300.0_v3" "tx4a8fd8d927ea4ae9a0b72-0069b07b22" "proxy-server 21" 0.0123 "-" 25 0
Mar 10 20:12:18 standalone proxy-server[124473]: 172.18.0.2 ::1 10/Mar/2026/20/12/18 PUT /v1/AUTH_9881c5e8a1ee4b85a8547d82a943073d/gnocchi.11248138-5bae-4aa9-8956-ae36b855d009/1772280000.0_mean_300.0_v3 HTTP/1.0 201 - python-swiftclient-3.11.1 gAAAAABpsHrj4bC9... 16 - - tx4a8fd8d927ea4ae9a0b72-0069b07b22 - 0.0181 - - 1773173538.556035757 1773173538.574096680 0
Mar 10 20:12:18 standalone container-server[122469]: 172.20.0.100 - - [10/Mar/2026:20:12:18 +0000] "PUT /d1/627/AUTH_9881c5e8a1ee4b85a8547d82a943073d/gnocchi.11248138-5bae-4aa9-8956-ae36b855d009/none_v3" 201 - "PUT http://localhost:8080/d1/680/AUTH_9881c5e8a1ee4b85a8547d82a943073d/gnocchi.11248138-5bae-4aa9-8956-ae36b855d009/none_v3" "tx0402e1c699a84b2790e48-0069b07b22" "object-server 22" 0.0008 "-" 14 0
Mar 10 20:12:18 standalone object-server[122549]: 172.20.0.100 - - [10/Mar/2026:20:12:18 +0000] "PUT /d1/680/AUTH_9881c5e8a1ee4b85a8547d82a943073d/gnocchi.11248138-5bae-4aa9-8956-ae36b855d009/none_v3" 201 - "PUT http://localhost:8080/v1/AUTH_9881c5e8a1ee4b85a8547d82a943073d/gnocchi.11248138-5bae-4aa9-8956-ae36b855d009/none_v3" "tx0402e1c699a84b2790e48-0069b07b22" "proxy-server 21" 0.0137 "-" 22 0
Mar 10 20:12:18 standalone proxy-server[124473]: 172.18.0.2 ::1 10/Mar/2026/20/12/18 PUT /v1/AUTH_9881c5e8a1ee4b85a8547d82a943073d/gnocchi.11248138-5bae-4aa9-8956-ae36b855d009/none_v3 HTTP/1.0 201 - python-swiftclient-3.11.1 gAAAAABpsHrj4bC9... 22 - - tx0402e1c699a84b2790e48-0069b07b22 - 0.0220 - - 1773173538.577760458 1773173538.599772453 0
Mar 10 20:12:18 standalone container-server[122479]: 172.20.0.100 - - [10/Mar/2026:20:12:18 +0000] "HEAD /d1/115/AUTH_9881c5e8a1ee4b85a8547d82a943073d/gnocchi.bfd5ea47-31d4-4019-a522-153d9dde5847" 404 - "HEAD http://localhost:8080/v1/AUTH_9881c5e8a1ee4b85a8547d82a943073d/gnocchi.bfd5ea47-31d4-4019-a522-153d9dde5847?format=json&states=listing" "txa216cc3cb00c4187b72f0-0069b07b22" "proxy-server 21" 0.0008 "-" 17 0
Mar 10 20:12:18 standalone object-server[122555]: 172.20.0.100 - - [10/Mar/2026:20:12:18 +0000] "GET /d1/686/AUTH_9881c5e8a1ee4b85a8547d82a943073d/gnocchi.bfd5ea47-31d4-4019-a522-153d9dde5847/none_v3" 404 70 "GET http://localhost:8080/v1/AUTH_9881c5e8a1ee4b85a8547d82a943073d/gnocchi.bfd5ea47-31d4-4019-a522-153d9dde5847/none_v3" "txa216cc3cb00c4187b72f0-0069b07b22" "proxy-server 21" 0.0005 "-" 23 0
Mar 10 20:12:18 standalone proxy-server[124473]: 172.18.0.2 ::1 10/Mar/2026/20/12/18 GET /v1/AUTH_9881c5e8a1ee4b85a8547d82a943073d/gnocchi.bfd5ea47-31d4-4019-a522-153d9dde5847/none_v3 HTTP/1.0 404 - python-swiftclient-3.11.1 gAAAAABpsHrj4bC9... - 70 - txa216cc3cb00c4187b72f0-0069b07b22 - 0.0137 - - 1773173538.641175747 1773173538.654873610 0
Mar 10 20:12:18 standalone account-server[122298]: 172.20.0.100 - - [10/Mar/2026:20:12:18 +0000] "PUT /d1/188/AUTH_9881c5e8a1ee4b85a8547d82a943073d/gnocchi.bfd5ea47-31d4-4019-a522-153d9dde5847" 201 - "PUT http://172.20.0.100:6001/d1/115/AUTH_9881c5e8a1ee4b85a8547d82a943073d/gnocchi.bfd5ea47-31d4-4019-a522-153d9dde5847" "tx4234ee574db547d48d4ab-0069b07b22" "container-server 14" 0.0072 "-" 21 0
Mar 10 20:12:18 standalone container-server[122469]: 172.20.0.100 - - [10/Mar/2026:20:12:18 +0000] "PUT /d1/115/AUTH_9881c5e8a1ee4b85a8547d82a943073d/gnocchi.bfd5ea47-31d4-4019-a522-153d9dde5847" 201 - "PUT http://localhost:8080/v1/AUTH_9881c5e8a1ee4b85a8547d82a943073d/gnocchi.bfd5ea47-31d4-4019-a522-153d9dde5847" "tx4234ee574db547d48d4ab-0069b07b22" "proxy-server 21" 0.0222 "-" 14 0
Mar 10 20:12:18 standalone proxy-server[124473]: 172.18.0.2 ::1 10/Mar/2026/20/12/18 PUT /v1/AUTH_9881c5e8a1ee4b85a8547d82a943073d/gnocchi.bfd5ea47-31d4-4019-a522-153d9dde5847 HTTP/1.0 201 - python-swiftclient-3.11.1 gAAAAABpsHrj4bC9... - - - tx4234ee574db547d48d4ab-0069b07b22 - 0.0281 - - 1773173538.659439325 1773173538.687510967 0
Mar 10 20:12:18 standalone container-server[122479]: 172.20.0.100 - - [10/Mar/2026:20:12:18 +0000] "HEAD /d1/115/AUTH_9881c5e8a1ee4b85a8547d82a943073d/gnocchi.bfd5ea47-31d4-4019-a522-153d9dde5847" 204 - "HEAD http://localhost:8080/v1/AUTH_9881c5e8a1ee4b85a8547d82a943073d/gnocchi.bfd5ea47-31d4-4019-a522-153d9dde5847?format=json&states=listing" "tx9496943e3eae4d1f9edc3-0069b07b22" "proxy-server 21" 0.0025 "-" 17 0
Mar 10 20:12:18 standalone proxy-server[124473]: - - 10/Mar/2026/20/12/18 HEAD /v1/AUTH_9881c5e8a1ee4b85a8547d82a943073d/gnocchi.bfd5ea47-31d4-4019-a522-153d9dde5847%3Fformat%3Djson%26states%3Dlisting HTTP/1.0 204 - Swift - - - - tx9496943e3eae4d1f9edc3-0069b07b22 - 0.0067 RL - 1773173538.693987370 1773173538.700674295 0
Mar 10 20:12:18 standalone container-server[122469]: 172.20.0.100 - - [10/Mar/2026:20:12:18 +0000] "GET /d1/115/AUTH_9881c5e8a1ee4b85a8547d82a943073d/gnocchi.bfd5ea47-31d4-4019-a522-153d9dde5847" 200 2 "GET http://localhost:8080/v1/AUTH_9881c5e8a1ee4b85a8547d82a943073d/gnocchi.bfd5ea47-31d4-4019-a522-153d9dde5847?format=json&states=listing" "tx9496943e3eae4d1f9edc3-0069b07b22" "proxy-server 21" 0.0033 "-" 14 0
Mar 10 20:12:18 standalone proxy-server[124473]: 172.18.0.2 ::1 10/Mar/2026/20/12/18 GET /v1/AUTH_9881c5e8a1ee4b85a8547d82a943073d/gnocchi.bfd5ea47-31d4-4019-a522-153d9dde5847%3Fformat%3Djson%26states%3Dlisting HTTP/1.0 200 - python-swiftclient-3.11.1 gAAAAABpsHrj4bC9... - 2 - tx9496943e3eae4d1f9edc3-0069b07b22 - 0.0183 - - 1773173538.692600012 1773173538.710912704 0
Mar 10 20:12:18 standalone object-server[122569]: 172.20.0.100 - - [10/Mar/2026:20:12:18 +0000] "GET /d1/416/AUTH_9881c5e8a1ee4b85a8547d82a943073d/gnocchi.bfd5ea47-31d4-4019-a522-153d9dde5847/1772280000.0_mean_300.0_v3" 404 70 "GET http://localhost:8080/v1/AUTH_9881c5e8a1ee4b85a8547d82a943073d/gnocchi.bfd5ea47-31d4-4019-a522-153d9dde5847/1772280000.0_mean_300.0_v3" "tx6ae44fb767c14aceb45dc-0069b07b22" "proxy-server 21" 0.0005 "-" 24 0
Mar 10 20:12:18 standalone proxy-server[124473]: 172.18.0.2 ::1 10/Mar/2026/20/12/18 GET /v1/AUTH_9881c5e8a1ee4b85a8547d82a943073d/gnocchi.bfd5ea47-31d4-4019-a522-153d9dde5847/1772280000.0_mean_300.0_v3 HTTP/1.0 404 - python-swiftclient-3.11.1 gAAAAABpsHrj4bC9... - 70 - tx6ae44fb767c14aceb45dc-0069b07b22 - 0.0071 - - 1773173538.729247332 1773173538.736331224 0
Mar 10 20:12:18 standalone container-server[122477]: 172.20.0.100 - - [10/Mar/2026:20:12:18 +0000] "PUT /d1/115/AUTH_9881c5e8a1ee4b85a8547d82a943073d/gnocchi.bfd5ea47-31d4-4019-a522-153d9dde5847/1772280000.0_mean_300.0_v3" 201 - "PUT http://localhost:8080/d1/416/AUTH_9881c5e8a1ee4b85a8547d82a943073d/gnocchi.bfd5ea47-31d4-4019-a522-153d9dde5847/1772280000.0_mean_300.0_v3" "txbae844b192004eaa8ca5d-0069b07b22" "object-server 25" 0.0010 "-" 16 0
Mar 10 20:12:18 standalone object-server[122585]: 172.20.0.100 - - [10/Mar/2026:20:12:18 +0000] "PUT /d1/416/AUTH_9881c5e8a1ee4b85a8547d82a943073d/gnocchi.bfd5ea47-31d4-4019-a522-153d9dde5847/1772280000.0_mean_300.0_v3" 201 - "PUT http://localhost:8080/v1/AUTH_9881c5e8a1ee4b85a8547d82a943073d/gnocchi.bfd5ea47-31d4-4019-a522-153d9dde5847/1772280000.0_mean_300.0_v3" "txbae844b192004eaa8ca5d-0069b07b22" "proxy-server 21" 0.0113 "-" 25 0
Mar 10 20:12:18 standalone proxy-server[124473]: 172.18.0.2 ::1 10/Mar/2026/20/12/18 PUT /v1/AUTH_9881c5e8a1ee4b85a8547d82a943073d/gnocchi.bfd5ea47-31d4-4019-a522-153d9dde5847/1772280000.0_mean_300.0_v3 HTTP/1.0 201 - python-swiftclient-3.11.1 gAAAAABpsHrj4bC9... 16 - - txbae844b192004eaa8ca5d-0069b07b22 - 0.0173 - - 1773173538.740360498 1773173538.757681131 0
Mar 10 20:12:18 standalone container-server[122479]: 172.20.0.100 - - [10/Mar/2026:20:12:18 +0000] "PUT /d1/115/AUTH_9881c5e8a1ee4b85a8547d82a943073d/gnocchi.bfd5ea47-31d4-4019-a522-153d9dde5847/none_v3" 201 - "PUT http://localhost:8080/d1/686/AUTH_9881c5e8a1ee4b85a8547d82a943073d/gnocchi.bfd5ea47-31d4-4019-a522-153d9dde5847/none_v3" "txe1d9aaf9ad6747e88c897-0069b07b22" "object-server 22" 0.0009 "-" 17 0
Mar 10 20:12:18 standalone object-server[122549]: 172.20.0.100 - - [10/Mar/2026:20:12:18 +0000] "PUT /d1/686/AUTH_9881c5e8a1ee4b85a8547d82a943073d/gnocchi.bfd5ea47-31d4-4019-a522-153d9dde5847/none_v3" 201 - "PUT http://localhost:8080/v1/AUTH_9881c5e8a1ee4b85a8547d82a943073d/gnocchi.bfd5ea47-31d4-4019-a522-153d9dde5847/none_v3" "txe1d9aaf9ad6747e88c897-0069b07b22" "proxy-server 21" 0.0150 "-" 22 0
Mar 10 20:12:18 standalone proxy-server[124473]: 172.18.0.2 ::1 10/Mar/2026/20/12/18 PUT /v1/AUTH_9881c5e8a1ee4b85a8547d82a943073d/gnocchi.bfd5ea47-31d4-4019-a522-153d9dde5847/none_v3 HTTP/1.0 201 - python-swiftclient-3.11.1 gAAAAABpsHrj4bC9... 22 - - txe1d9aaf9ad6747e88c897-0069b07b22 - 0.0265 - - 1773173538.782635689 1773173538.809166193 0
Mar 10 20:12:23 standalone container-server[122469]: 172.20.0.100 - - [10/Mar/2026:20:12:23 +0000] "HEAD /d1/861/AUTH_9881c5e8a1ee4b85a8547d82a943073d/gnocchi.52b4b7da-f381-43f1-b844-9b2996c12a53" 404 - "HEAD http://localhost:8080/v1/AUTH_9881c5e8a1ee4b85a8547d82a943073d/gnocchi.52b4b7da-f381-43f1-b844-9b2996c12a53?format=json&states=listing" "tx0bf554bc69cf4c68a22e7-0069b07b27" "proxy-server 21" 0.0010 "-" 14 0
Mar 10 20:12:23 standalone object-server[122549]: 172.20.0.100 - - [10/Mar/2026:20:12:23 +0000] "GET /d1/621/AUTH_9881c5e8a1ee4b85a8547d82a943073d/gnocchi.52b4b7da-f381-43f1-b844-9b2996c12a53/none_v3" 404 70 "GET http://localhost:8080/v1/AUTH_9881c5e8a1ee4b85a8547d82a943073d/gnocchi.52b4b7da-f381-43f1-b844-9b2996c12a53/none_v3" "tx0bf554bc69cf4c68a22e7-0069b07b27" "proxy-server 21" 0.0006 "-" 22 0
Mar 10 20:12:23 standalone proxy-server[124473]: 172.18.0.2 ::1 10/Mar/2026/20/12/23 GET /v1/AUTH_9881c5e8a1ee4b85a8547d82a943073d/gnocchi.52b4b7da-f381-43f1-b844-9b2996c12a53/none_v3 HTTP/1.0 404 - python-swiftclient-3.11.1 gAAAAABpsHrj4bC9... - 70 - tx0bf554bc69cf4c68a22e7-0069b07b27 - 0.0113 - - 1773173543.447358131 1773173543.458691120 0
Mar 10 20:12:23 standalone account-server[122298]: 172.20.0.100 - - [10/Mar/2026:20:12:23 +0000] "PUT /d1/188/AUTH_9881c5e8a1ee4b85a8547d82a943073d/gnocchi.52b4b7da-f381-43f1-b844-9b2996c12a53" 201 - "PUT http://172.20.0.100:6001/d1/861/AUTH_9881c5e8a1ee4b85a8547d82a943073d/gnocchi.52b4b7da-f381-43f1-b844-9b2996c12a53" "tx5c618f0af6ab420fa540c-0069b07b27" "container-server 17" 0.0099 "-" 21 0
Mar 10 20:12:23 standalone container-server[122479]: 172.20.0.100 - - [10/Mar/2026:20:12:23 +0000] "PUT /d1/861/AUTH_9881c5e8a1ee4b85a8547d82a943073d/gnocchi.52b4b7da-f381-43f1-b844-9b2996c12a53" 201 - "PUT http://localhost:8080/v1/AUTH_9881c5e8a1ee4b85a8547d82a943073d/gnocchi.52b4b7da-f381-43f1-b844-9b2996c12a53" "tx5c618f0af6ab420fa540c-0069b07b27" "proxy-server 21" 0.0247 "-" 17 0
Mar 10 20:12:23 standalone proxy-server[124473]: 172.18.0.2 ::1 10/Mar/2026/20/12/23 PUT /v1/AUTH_9881c5e8a1ee4b85a8547d82a943073d/gnocchi.52b4b7da-f381-43f1-b844-9b2996c12a53 HTTP/1.0 201 - python-swiftclient-3.11.1 gAAAAABpsHrj4bC9... - - - tx5c618f0af6ab420fa540c-0069b07b27 - 0.0299 - - 1773173543.464469910 1773173543.494359255 0
Mar 10 20:12:23 standalone container-server[122479]: 172.20.0.100 - - [10/Mar/2026:20:12:23 +0000] "HEAD /d1/861/AUTH_9881c5e8a1ee4b85a8547d82a943073d/gnocchi.52b4b7da-f381-43f1-b844-9b2996c12a53" 204 - "HEAD http://localhost:8080/v1/AUTH_9881c5e8a1ee4b85a8547d82a943073d/gnocchi.52b4b7da-f381-43f1-b844-9b2996c12a53?format=json&states=listing" "tx6a5a4024ae054296ad325-0069b07b27" "proxy-server 21" 0.0025 "-" 17 0
