Mar 10 20:14:14 standalone proxy-server[124473]: 172.18.0.2 ::1 10/Mar/2026/20/14/14 PUT /v1/AUTH_9881c5e8a1ee4b85a8547d82a943073d/gnocchi.767d932a-c171-4fec-bbc7-682bfe71a2d1 HTTP/1.0 201 - python-swiftclient-3.11.1 gAAAAABpsHrj4bC9... - - - tx3df629ef00eb45619ce67-0069b07b96 - 0.0176 - - 1773173654.263484240 1773173654.281061649 0
Mar 10 20:14:14 standalone container-server[122479]: 172.20.0.100 - - [10/Mar/2026:20:14:14 +0000] "HEAD /d1/36/AUTH_9881c5e8a1ee4b85a8547d82a943073d/gnocchi.767d932a-c171-4fec-bbc7-682bfe71a2d1" 204 - "HEAD http://localhost:8080/v1/AUTH_9881c5e8a1ee4b85a8547d82a943073d/gnocchi.767d932a-c171-4fec-bbc7-682bfe71a2d1?format=json&states=listing" "tx0282c32baa0146c59af6b-0069b07b96" "proxy-server 21" 0.0011 "-" 17 0
Mar 10 20:14:14 standalone proxy-server[124473]: - - 10/Mar/2026/20/14/14 HEAD /v1/AUTH_9881c5e8a1ee4b85a8547d82a943073d/gnocchi.767d932a-c171-4fec-bbc7-682bfe71a2d1%3Fformat%3Djson%26states%3Dlisting HTTP/1.0 204 - Swift - - - - tx0282c32baa0146c59af6b-0069b07b96 - 0.0038 RL - 1773173654.284692764 1773173654.288448572 0
Mar 10 20:14:14 standalone container-server[122476]: 172.20.0.100 - - [10/Mar/2026:20:14:14 +0000] "GET /d1/36/AUTH_9881c5e8a1ee4b85a8547d82a943073d/gnocchi.767d932a-c171-4fec-bbc7-682bfe71a2d1" 200 2 "GET http://localhost:8080/v1/AUTH_9881c5e8a1ee4b85a8547d82a943073d/gnocchi.767d932a-c171-4fec-bbc7-682bfe71a2d1?format=json&states=listing" "tx0282c32baa0146c59af6b-0069b07b96" "proxy-server 21" 0.0016 "-" 15 0
Mar 10 20:14:14 standalone proxy-server[124473]: 172.18.0.2 ::1 10/Mar/2026/20/14/14 GET /v1/AUTH_9881c5e8a1ee4b85a8547d82a943073d/gnocchi.767d932a-c171-4fec-bbc7-682bfe71a2d1%3Fformat%3Djson%26states%3Dlisting HTTP/1.0 200 - python-swiftclient-3.11.1 gAAAAABpsHrj4bC9... - 2 - tx0282c32baa0146c59af6b-0069b07b96 - 0.0109 - - 1773173654.283733845 1773173654.294635296 0
Mar 10 20:14:14 standalone object-server[122585]: 172.20.0.100 - - [10/Mar/2026:20:14:14 +0000] "GET /d1/273/AUTH_9881c5e8a1ee4b85a8547d82a943073d/gnocchi.767d932a-c171-4fec-bbc7-682bfe71a2d1/1772280000.0_mean_300.0_v3" 404 70 "GET http://localhost:8080/v1/AUTH_9881c5e8a1ee4b85a8547d82a943073d/gnocchi.767d932a-c171-4fec-bbc7-682bfe71a2d1/1772280000.0_mean_300.0_v3" "tx2edfec5c86a34ef0bdfcb-0069b07b96" "proxy-server 21" 0.0003 "-" 25 0
Mar 10 20:14:14 standalone proxy-server[124473]: 172.18.0.2 ::1 10/Mar/2026/20/14/14 GET /v1/AUTH_9881c5e8a1ee4b85a8547d82a943073d/gnocchi.767d932a-c171-4fec-bbc7-682bfe71a2d1/1772280000.0_mean_300.0_v3 HTTP/1.0 404 - python-swiftclient-3.11.1 gAAAAABpsHrj4bC9... - 70 - tx2edfec5c86a34ef0bdfcb-0069b07b96 - 0.0040 - - 1773173654.298319578 1773173654.302280903 0
Mar 10 20:14:14 standalone container-server[122477]: 172.20.0.100 - - [10/Mar/2026:20:14:14 +0000] "PUT /d1/36/AUTH_9881c5e8a1ee4b85a8547d82a943073d/gnocchi.767d932a-c171-4fec-bbc7-682bfe71a2d1/1772280000.0_mean_300.0_v3" 201 - "PUT http://localhost:8080/d1/273/AUTH_9881c5e8a1ee4b85a8547d82a943073d/gnocchi.767d932a-c171-4fec-bbc7-682bfe71a2d1/1772280000.0_mean_300.0_v3" "txf432060626a14dcf93fbc-0069b07b96" "object-server 23" 0.0009 "-" 16 0
Mar 10 20:14:14 standalone object-server[122555]: 172.20.0.100 - - [10/Mar/2026:20:14:14 +0000] "PUT /d1/273/AUTH_9881c5e8a1ee4b85a8547d82a943073d/gnocchi.767d932a-c171-4fec-bbc7-682bfe71a2d1/1772280000.0_mean_300.0_v3" 201 - "PUT http://localhost:8080/v1/AUTH_9881c5e8a1ee4b85a8547d82a943073d/gnocchi.767d932a-c171-4fec-bbc7-682bfe71a2d1/1772280000.0_mean_300.0_v3" "txf432060626a14dcf93fbc-0069b07b96" "proxy-server 21" 0.0082 "-" 23 0
Mar 10 20:14:14 standalone proxy-server[124473]: 172.18.0.2 ::1 10/Mar/2026/20/14/14 PUT /v1/AUTH_9881c5e8a1ee4b85a8547d82a943073d/gnocchi.767d932a-c171-4fec-bbc7-682bfe71a2d1/1772280000.0_mean_300.0_v3 HTTP/1.0 201 - python-swiftclient-3.11.1 gAAAAABpsHrj4bC9... 16 - - txf432060626a14dcf93fbc-0069b07b96 - 0.0122 - - 1773173654.304693699 1773173654.316895008 0
Mar 10 20:14:14 standalone container-server[122479]: 172.20.0.100 - - [10/Mar/2026:20:14:14 +0000] "PUT /d1/36/AUTH_9881c5e8a1ee4b85a8547d82a943073d/gnocchi.767d932a-c171-4fec-bbc7-682bfe71a2d1/none_v3" 201 - "PUT http://localhost:8080/d1/552/AUTH_9881c5e8a1ee4b85a8547d82a943073d/gnocchi.767d932a-c171-4fec-bbc7-682bfe71a2d1/none_v3" "tx800ed356c0f94641a6ef1-0069b07b96" "object-server 22" 0.0005 "-" 17 0
Mar 10 20:14:14 standalone object-server[122549]: 172.20.0.100 - - [10/Mar/2026:20:14:14 +0000] "PUT /d1/552/AUTH_9881c5e8a1ee4b85a8547d82a943073d/gnocchi.767d932a-c171-4fec-bbc7-682bfe71a2d1/none_v3" 201 - "PUT http://localhost:8080/v1/AUTH_9881c5e8a1ee4b85a8547d82a943073d/gnocchi.767d932a-c171-4fec-bbc7-682bfe71a2d1/none_v3" "tx800ed356c0f94641a6ef1-0069b07b96" "proxy-server 21" 0.0124 "-" 22 0
Mar 10 20:14:14 standalone proxy-server[124473]: 172.18.0.2 ::1 10/Mar/2026/20/14/14 PUT /v1/AUTH_9881c5e8a1ee4b85a8547d82a943073d/gnocchi.767d932a-c171-4fec-bbc7-682bfe71a2d1/none_v3 HTTP/1.0 201 - python-swiftclient-3.11.1 gAAAAABpsHrj4bC9... 22 - - tx800ed356c0f94641a6ef1-0069b07b96 - 0.0169 - - 1773173654.319056749 1773173654.335968733 0
Mar 10 20:14:14 standalone container-server[122477]: 172.20.0.100 - - [10/Mar/2026:20:14:14 +0000] "HEAD /d1/440/AUTH_9881c5e8a1ee4b85a8547d82a943073d/gnocchi.9350ca4a-e522-4b48-84f2-167043893f1f" 404 - "HEAD http://localhost:8080/v1/AUTH_9881c5e8a1ee4b85a8547d82a943073d/gnocchi.9350ca4a-e522-4b48-84f2-167043893f1f?format=json&states=listing" "tx65a883008eb5415997e0c-0069b07b96" "proxy-server 21" 0.0005 "-" 16 0
Mar 10 20:14:14 standalone object-server[122555]: 172.20.0.100 - - [10/Mar/2026:20:14:14 +0000] "GET /d1/823/AUTH_9881c5e8a1ee4b85a8547d82a943073d/gnocchi.9350ca4a-e522-4b48-84f2-167043893f1f/none_v3" 404 70 "GET http://localhost:8080/v1/AUTH_9881c5e8a1ee4b85a8547d82a943073d/gnocchi.9350ca4a-e522-4b48-84f2-167043893f1f/none_v3" "tx65a883008eb5415997e0c-0069b07b96" "proxy-server 21" 0.0003 "-" 23 0
Mar 10 20:14:14 standalone proxy-server[124473]: 172.18.0.2 ::1 10/Mar/2026/20/14/14 GET /v1/AUTH_9881c5e8a1ee4b85a8547d82a943073d/gnocchi.9350ca4a-e522-4b48-84f2-167043893f1f/none_v3 HTTP/1.0 404 - python-swiftclient-3.11.1 gAAAAABpsHrj4bC9... - 70 - tx65a883008eb5415997e0c-0069b07b96 - 0.0097 - - 1773173654.349517107 1773173654.359238625 0
Mar 10 20:14:14 standalone account-server[122314]: 172.20.0.100 - - [10/Mar/2026:20:14:14 +0000] "PUT /d1/188/AUTH_9881c5e8a1ee4b85a8547d82a943073d/gnocchi.9350ca4a-e522-4b48-84f2-167043893f1f" 201 - "PUT http://172.20.0.100:6001/d1/440/AUTH_9881c5e8a1ee4b85a8547d82a943073d/gnocchi.9350ca4a-e522-4b48-84f2-167043893f1f" "tx07071ce8c91647dc9ed53-0069b07b96" "container-server 17" 0.0052 "-" 23 0
Mar 10 20:14:14 standalone container-server[122479]: 172.20.0.100 - - [10/Mar/2026:20:14:14 +0000] "PUT /d1/440/AUTH_9881c5e8a1ee4b85a8547d82a943073d/gnocchi.9350ca4a-e522-4b48-84f2-167043893f1f" 201 - "PUT http://localhost:8080/v1/AUTH_9881c5e8a1ee4b85a8547d82a943073d/gnocchi.9350ca4a-e522-4b48-84f2-167043893f1f" "tx07071ce8c91647dc9ed53-0069b07b96" "proxy-server 21" 0.0153 "-" 17 0
Mar 10 20:14:14 standalone proxy-server[124473]: 172.18.0.2 ::1 10/Mar/2026/20/14/14 PUT /v1/AUTH_9881c5e8a1ee4b85a8547d82a943073d/gnocchi.9350ca4a-e522-4b48-84f2-167043893f1f HTTP/1.0 201 - python-swiftclient-3.11.1 gAAAAABpsHrj4bC9... - - - tx07071ce8c91647dc9ed53-0069b07b96 - 0.0195 - - 1773173654.363044500 1773173654.382509470 0
Mar 10 20:14:14 standalone container-server[122479]: 172.20.0.100 - - [10/Mar/2026:20:14:14 +0000] "HEAD /d1/440/AUTH_9881c5e8a1ee4b85a8547d82a943073d/gnocchi.9350ca4a-e522-4b48-84f2-167043893f1f" 204 - "HEAD http://localhost:8080/v1/AUTH_9881c5e8a1ee4b85a8547d82a943073d/gnocchi.9350ca4a-e522-4b48-84f2-167043893f1f?format=json&states=listing" "tx2048fb23a01540bfbd564-0069b07b96" "proxy-server 21" 0.0011 "-" 17 0
Mar 10 20:14:14 standalone proxy-server[124473]: - - 10/Mar/2026/20/14/14 HEAD /v1/AUTH_9881c5e8a1ee4b85a8547d82a943073d/gnocchi.9350ca4a-e522-4b48-84f2-167043893f1f%3Fformat%3Djson%26states%3Dlisting HTTP/1.0 204 - Swift - - - - tx2048fb23a01540bfbd564-0069b07b96 - 0.0038 RL - 1773173654.387980223 1773173654.391749144 0
Mar 10 20:14:14 standalone container-server[122469]: 172.20.0.100 - - [10/Mar/2026:20:14:14 +0000] "GET /d1/440/AUTH_9881c5e8a1ee4b85a8547d82a943073d/gnocchi.9350ca4a-e522-4b48-84f2-167043893f1f" 200 2 "GET http://localhost:8080/v1/AUTH_9881c5e8a1ee4b85a8547d82a943073d/gnocchi.9350ca4a-e522-4b48-84f2-167043893f1f?format=json&states=listing" "tx2048fb23a01540bfbd564-0069b07b96" "proxy-server 21" 0.0034 "-" 14 0
Mar 10 20:14:14 standalone proxy-server[124473]: 172.18.0.2 ::1 10/Mar/2026/20/14/14 GET /v1/AUTH_9881c5e8a1ee4b85a8547d82a943073d/gnocchi.9350ca4a-e522-4b48-84f2-167043893f1f%3Fformat%3Djson%26states%3Dlisting HTTP/1.0 200 - python-swiftclient-3.11.1 gAAAAABpsHrj4bC9... - 2 - tx2048fb23a01540bfbd564-0069b07b96 - 0.0134 - - 1773173654.387004614 1773173654.400380850 0
Mar 10 20:14:14 standalone object-server[122549]: 172.20.0.100 - - [10/Mar/2026:20:14:14 +0000] "GET /d1/966/AUTH_9881c5e8a1ee4b85a8547d82a943073d/gnocchi.9350ca4a-e522-4b48-84f2-167043893f1f/1772280000.0_mean_300.0_v3" 404 70 "GET http://localhost:8080/v1/AUTH_9881c5e8a1ee4b85a8547d82a943073d/gnocchi.9350ca4a-e522-4b48-84f2-167043893f1f/1772280000.0_mean_300.0_v3" "tx46d103acc04d4968bab92-0069b07b96" "proxy-server 21" 0.0003 "-" 22 0
Mar 10 20:14:14 standalone proxy-server[124473]: 172.18.0.2 ::1 10/Mar/2026/20/14/14 GET /v1/AUTH_9881c5e8a1ee4b85a8547d82a943073d/gnocchi.9350ca4a-e522-4b48-84f2-167043893f1f/1772280000.0_mean_300.0_v3 HTTP/1.0 404 - python-swiftclient-3.11.1 gAAAAABpsHrj4bC9... - 70 - tx46d103acc04d4968bab92-0069b07b96 - 0.0043 - - 1773173654.405057907 1773173654.409349442 0
Mar 10 20:14:14 standalone container-server[122477]: 172.20.0.100 - - [10/Mar/2026:20:14:14 +0000] "PUT /d1/440/AUTH_9881c5e8a1ee4b85a8547d82a943073d/gnocchi.9350ca4a-e522-4b48-84f2-167043893f1f/1772280000.0_mean_300.0_v3" 201 - "PUT http://localhost:8080/d1/966/AUTH_9881c5e8a1ee4b85a8547d82a943073d/gnocchi.9350ca4a-e522-4b48-84f2-167043893f1f/1772280000.0_mean_300.0_v3" "tx2b6fdfcf0f4441679791e-0069b07b96" "object-server 25" 0.0007 "-" 16 0
Mar 10 20:14:14 standalone object-server[122585]: 172.20.0.100 - - [10/Mar/2026:20:14:14 +0000] "PUT /d1/966/AUTH_9881c5e8a1ee4b85a8547d82a943073d/gnocchi.9350ca4a-e522-4b48-84f2-167043893f1f/1772280000.0_mean_300.0_v3" 201 - "PUT http://localhost:8080/v1/AUTH_9881c5e8a1ee4b85a8547d82a943073d/gnocchi.9350ca4a-e522-4b48-84f2-167043893f1f/1772280000.0_mean_300.0_v3" "tx2b6fdfcf0f4441679791e-0069b07b96" "proxy-server 21" 0.0086 "-" 25 0
Mar 10 20:14:14 standalone proxy-server[124473]: 172.18.0.2 ::1 10/Mar/2026/20/14/14 PUT /v1/AUTH_9881c5e8a1ee4b85a8547d82a943073d/gnocchi.9350ca4a-e522-4b48-84f2-167043893f1f/1772280000.0_mean_300.0_v3 HTTP/1.0 201 - python-swiftclient-3.11.1 gAAAAABpsHrj4bC9... 16 - - tx2b6fdfcf0f4441679791e-0069b07b96 - 0.0127 - - 1773173654.412494659 1773173654.425210714 0
Mar 10 20:14:14 standalone container-server[122469]: 172.20.0.100 - - [10/Mar/2026:20:14:14 +0000] "PUT /d1/440/AUTH_9881c5e8a1ee4b85a8547d82a943073d/gnocchi.9350ca4a-e522-4b48-84f2-167043893f1f/none_v3" 201 - "PUT http://localhost:8080/d1/823/AUTH_9881c5e8a1ee4b85a8547d82a943073d/gnocchi.9350ca4a-e522-4b48-84f2-167043893f1f/none_v3" "txaa8ebf945a904ab28a75d-0069b07b96" "object-server 25" 0.0007 "-" 14 0
Mar 10 20:14:14 standalone object-server[122585]: 172.20.0.100 - - [10/Mar/2026:20:14:14 +0000] "PUT /d1/823/AUTH_9881c5e8a1ee4b85a8547d82a943073d/gnocchi.9350ca4a-e522-4b48-84f2-167043893f1f/none_v3" 201 - "PUT http://localhost:8080/v1/AUTH_9881c5e8a1ee4b85a8547d82a943073d/gnocchi.9350ca4a-e522-4b48-84f2-167043893f1f/none_v3" "txaa8ebf945a904ab28a75d-0069b07b96" "proxy-server 21" 0.0091 "-" 25 0
Mar 10 20:14:14 standalone proxy-server[124473]: 172.18.0.2 ::1 10/Mar/2026/20/14/14 PUT /v1/AUTH_9881c5e8a1ee4b85a8547d82a943073d/gnocchi.9350ca4a-e522-4b48-84f2-167043893f1f/none_v3 HTTP/1.0 201 - python-swiftclient-3.11.1 gAAAAABpsHrj4bC9... 22 - - txaa8ebf945a904ab28a75d-0069b07b96 - 0.0131 - - 1773173654.428002596 1773173654.441136837 0
Mar 10 20:14:14 standalone container-server[122477]: 172.20.0.100 - - [10/Mar/2026:20:14:14 +0000] "HEAD /d1/545/AUTH_9881c5e8a1ee4b85a8547d82a943073d/gnocchi.43deac57-8ce9-43b1-ae5b-839c290db2c7" 404 - "HEAD http://localhost:8080/v1/AUTH_9881c5e8a1ee4b85a8547d82a943073d/gnocchi.43deac57-8ce9-43b1-ae5b-839c290db2c7?format=json&states=listing" "txb778686809b54256bd00c-0069b07b96" "proxy-server 21" 0.0004 "-" 16 0
Mar 10 20:14:14 standalone object-server[122569]: 172.20.0.100 - - [10/Mar/2026:20:14:14 +0000] "GET /d1/326/AUTH_9881c5e8a1ee4b85a8547d82a943073d/gnocchi.43deac57-8ce9-43b1-ae5b-839c290db2c7/none_v3" 404 70 "GET http://localhost:8080/v1/AUTH_9881c5e8a1ee4b85a8547d82a943073d/gnocchi.43deac57-8ce9-43b1-ae5b-839c290db2c7/none_v3" "txb778686809b54256bd00c-0069b07b96" "proxy-server 21" 0.0003 "-" 24 0
Mar 10 20:14:14 standalone proxy-server[124473]: 172.18.0.2 ::1 10/Mar/2026/20/14/14 GET /v1/AUTH_9881c5e8a1ee4b85a8547d82a943073d/gnocchi.43deac57-8ce9-43b1-ae5b-839c290db2c7/none_v3 HTTP/1.0 404 - python-swiftclient-3.11.1 gAAAAABpsHrj4bC9... - 70 - txb778686809b54256bd00c-0069b07b96 - 0.0078 - - 1773173654.451737881 1773173654.459501743 0
Mar 10 20:14:14 standalone account-server[122308]: 172.20.0.100 - - [10/Mar/2026:20:14:14 +0000] "PUT /d1/188/AUTH_9881c5e8a1ee4b85a8547d82a943073d/gnocchi.43deac57-8ce9-43b1-ae5b-839c290db2c7" 201 - "PUT http://172.20.0.100:6001/d1/545/AUTH_9881c5e8a1ee4b85a8547d82a943073d/gnocchi.43deac57-8ce9-43b1-ae5b-839c290db2c7" "txf878374bc75c4164a7212-0069b07b96" "container-server 15" 0.0066 "-" 22 0
Mar 10 20:14:14 standalone container-server[122476]: 172.20.0.100 - - [10/Mar/2026:20:14:14 +0000] "PUT /d1/545/AUTH_9881c5e8a1ee4b85a8547d82a943073d/gnocchi.43deac57-8ce9-43b1-ae5b-839c290db2c7" 201 - "PUT http://localhost:8080/v1/AUTH_9881c5e8a1ee4b85a8547d82a943073d/gnocchi.43deac57-8ce9-43b1-ae5b-839c290db2c7" "txf878374bc75c4164a7212-0069b07b96" "proxy-server 21" 0.0194 "-" 15 0
Mar 10 20:14:14 standalone proxy-server[124473]: 172.18.0.2 ::1 10/Mar/2026/20/14/14 PUT /v1/AUTH_9881c5e8a1ee4b85a8547d82a943073d/gnocchi.43deac57-8ce9-43b1-ae5b-839c290db2c7 HTTP/1.0 201 - python-swiftclient-3.11.1 gAAAAABpsHrj4bC9... - - - txf878374bc75c4164a7212-0069b07b96 - 0.0241 - - 1773173654.462745905 1773173654.486804724 0
Mar 10 20:14:14 standalone container-server[122469]: 172.20.0.100 - - [10/Mar/2026:20:14:14 +0000] "HEAD /d1/545/AUTH_9881c5e8a1ee4b85a8547d82a943073d/gnocchi.43deac57-8ce9-43b1-ae5b-839c290db2c7" 204 - "HEAD http://localhost:8080/v1/AUTH_9881c5e8a1ee4b85a8547d82a943073d/gnocchi.43deac57-8ce9-43b1-ae5b-839c290db2c7?format=json&states=listing" "tx46943c6c2c74452089ca6-0069b07b96" "proxy-server 21" 0.0020 "-" 14 0
Mar 10 20:14:14 standalone proxy-server[124473]: - - 10/Mar/2026/20/14/14 HEAD /v1/AUTH_9881c5e8a1ee4b85a8547d82a943073d/gnocchi.43deac57-8ce9-43b1-ae5b-839c290db2c7%3Fformat%3Djson%26states%3Dlisting HTTP/1.0 204 - Swift - - - - tx46943c6c2c74452089ca6-0069b07b96 - 0.0061 RL - 1773173654.491886139 1773173654.497964144 0
Mar 10 20:14:14 standalone container-server[122477]: 172.20.0.100 - - [10/Mar/2026:20:14:14 +0000] "GET /d1/545/AUTH_9881c5e8a1ee4b85a8547d82a943073d/gnocchi.43deac57-8ce9-43b1-ae5b-839c290db2c7" 200 2 "GET http://localhost:8080/v1/AUTH_9881c5e8a1ee4b85a8547d82a943073d/gnocchi.43deac57-8ce9-43b1-ae5b-839c290db2c7?format=json&states=listing" "tx46943c6c2c74452089ca6-0069b07b96" "proxy-server 21" 0.0023 "-" 16 0
Mar 10 20:14:14 standalone proxy-server[124473]: 172.18.0.2 ::1 10/Mar/2026/20/14/14 GET /v1/AUTH_9881c5e8a1ee4b85a8547d82a943073d/gnocchi.43deac57-8ce9-43b1-ae5b-839c290db2c7%3Fformat%3Djson%26states%3Dlisting HTTP/1.0 200 - python-swiftclient-3.11.1 gAAAAABpsHrj4bC9... - 2 - tx46943c6c2c74452089ca6-0069b07b96 - 0.0141 - - 1773173654.490921497 1773173654.504987717 0
Mar 10 20:14:14 standalone object-server[122549]: 172.20.0.100 - - [10/Mar/2026:20:14:14 +0000] "GET /d1/435/AUTH_9881c5e8a1ee4b85a8547d82a943073d/gnocchi.43deac57-8ce9-43b1-ae5b-839c290db2c7/1772280000.0_mean_300.0_v3" 404 70 "GET http://localhost:8080/v1/AUTH_9881c5e8a1ee4b85a8547d82a943073d/gnocchi.43deac57-8ce9-43b1-ae5b-839c290db2c7/1772280000.0_mean_300.0_v3" "tx90e8e823cb3b4c419cd51-0069b07b96" "proxy-server 21" 0.0003 "-" 22 0
Mar 10 20:14:14 standalone proxy-server[124473]: 172.18.0.2 ::1 10/Mar/2026/20/14/14 GET /v1/AUTH_9881c5e8a1ee4b85a8547d82a943073d/gnocchi.43deac57-8ce9-43b1-ae5b-839c290db2c7/1772280000.0_mean_300.0_v3 HTTP/1.0 404 - python-swiftclient-3.11.1 gAAAAABpsHrj4bC9... - 70 - tx90e8e823cb3b4c419cd51-0069b07b96 - 0.0043 - - 1773173654.508231878 1773173654.512535810 0
Mar 10 20:14:14 standalone container-server[122479]: 172.20.0.100 - - [10/Mar/2026:20:14:14 +0000] "PUT /d1/545/AUTH_9881c5e8a1ee4b85a8547d82a943073d/gnocchi.43deac57-8ce9-43b1-ae5b-839c290db2c7/1772280000.0_mean_300.0_v3" 201 - "PUT http://localhost:8080/d1/435/AUTH_9881c5e8a1ee4b85a8547d82a943073d/gnocchi.43deac57-8ce9-43b1-ae5b-839c290db2c7/1772280000.0_mean_300.0_v3" "txcb449f8345624e7192337-0069b07b96" "object-server 23" 0.0009 "-" 17 0
Mar 10 20:14:14 standalone object-server[122555]: 172.20.0.100 - - [10/Mar/2026:20:14:14 +0000] "PUT /d1/435/AUTH_9881c5e8a1ee4b85a8547d82a943073d/gnocchi.43deac57-8ce9-43b1-ae5b-839c290db2c7/1772280000.0_mean_300.0_v3" 201 - "PUT http://localhost:8080/v1/AUTH_9881c5e8a1ee4b85a8547d82a943073d/gnocchi.43deac57-8ce9-43b1-ae5b-839c290db2c7/1772280000.0_mean_300.0_v3" "txcb449f8345624e7192337-0069b07b96" "proxy-server 21" 0.0123 "-" 23 0
Mar 10 20:14:14 standalone proxy-server[124473]: 172.18.0.2 ::1 10/Mar/2026/20/14/14 PUT /v1/AUTH_9881c5e8a1ee4b85a8547d82a943073d/gnocchi.43deac57-8ce9-43b1-ae5b-839c290db2c7/1772280000.0_mean_300.0_v3 HTTP/1.0 201 - python-swiftclient-3.11.1 gAAAAABpsHrj4bC9... 16 - - txcb449f8345624e7192337-0069b07b96 - 0.0182 - - 1773173654.515169382 1773173654.533405066 0
Mar 10 20:14:14 standalone container-server[122479]: 172.20.0.100 - - [10/Mar/2026:20:14:14 +0000] "PUT /d1/545/AUTH_9881c5e8a1ee4b85a8547d82a943073d/gnocchi.43deac57-8ce9-43b1-ae5b-839c290db2c7/none_v3" 201 - "PUT http://localhost:8080/d1/326/AUTH_9881c5e8a1ee4b85a8547d82a943073d/gnocchi.43deac57-8ce9-43b1-ae5b-839c290db2c7/none_v3" "txad980fe953bb43b7b3f90-0069b07b96" "object-server 23" 0.0007 "-" 17 0
Mar 10 20:14:14 standalone object-server[122555]: 172.20.0.100 - - [10/Mar/2026:20:14:14 +0000] "PUT /d1/326/AUTH_9881c5e8a1ee4b85a8547d82a943073d/gnocchi.43deac57-8ce9-43b1-ae5b-839c290db2c7/none_v3" 201 - "PUT http://localhost:8080/v1/AUTH_9881c5e8a1ee4b85a8547d82a943073d/gnocchi.43deac57-8ce9-43b1-ae5b-839c290db2c7/none_v3" "txad980fe953bb43b7b3f90-0069b07b96" "proxy-server 21" 0.0107 "-" 23 0
Mar 10 20:14:14 standalone proxy-server[124473]: 172.18.0.2 ::1 10/Mar/2026/20/14/14 PUT /v1/AUTH_9881c5e8a1ee4b85a8547d82a943073d/gnocchi.43deac57-8ce9-43b1-ae5b-839c290db2c7/none_v3 HTTP/1.0 201 - python-swiftclient-3.11.1 gAAAAABpsHrj4bC9... 22 - - txad980fe953bb43b7b3f90-0069b07b96 - 0.0163 - - 1773173654.536823511 1773173654.553103924 0
Mar 10 20:14:14 standalone container-server[122477]: 172.20.0.100 - - [10/Mar/2026:20:14:14 +0000] "HEAD /d1/606/AUTH_9881c5e8a1ee4b85a8547d82a943073d/gnocchi.18772946-f413-4483-8557-2e52677db9e7" 404 - "HEAD http://localhost:8080/v1/AUTH_9881c5e8a1ee4b85a8547d82a943073d/gnocchi.18772946-f413-4483-8557-2e52677db9e7?format=json&states=listing" "txa6de2b92609a4a8fb913d-0069b07b96" "proxy-server 21" 0.0005 "-" 16 0
Mar 10 20:14:14 standalone object-server[122555]: 172.20.0.100 - - [10/Mar/2026:20:14:14 +0000] "GET /d1/293/AUTH_9881c5e8a1ee4b85a8547d82a943073d/gnocchi.18772946-f413-4483-8557-2e52677db9e7/none_v3" 404 70 "GET http://localhost:8080/v1/AUTH_9881c5e8a1ee4b85a8547d82a943073d/gnocchi.18772946-f413-4483-8557-2e52677db9e7/none_v3" "txa6de2b92609a4a8fb913d-0069b07b96" "proxy-server 21" 0.0004 "-" 23 0
Mar 10 20:14:14 standalone proxy-server[124473]: 172.18.0.2 ::1 10/Mar/2026/20/14/14 GET /v1/AUTH_9881c5e8a1ee4b85a8547d82a943073d/gnocchi.18772946-f413-4483-8557-2e52677db9e7/none_v3 HTTP/1.0 404 - python-swiftclient-3.11.1 gAAAAABpsHrj4bC9... - 70 - txa6de2b92609a4a8fb913d-0069b07b96 - 0.0093 - - 1773173654.563296318 1773173654.572572947 0
Mar 10 20:14:14 standalone account-server[122298]: 172.20.0.100 - - [10/Mar/2026:20:14:14 +0000] "PUT /d1/188/AUTH_9881c5e8a1ee4b85a8547d82a943073d/gnocchi.18772946-f413-4483-8557-2e52677db9e7" 201 - "PUT http://172.20.0.100:6001/d1/606/AUTH_9881c5e8a1ee4b85a8547d82a943073d/gnocchi.18772946-f413-4483-8557-2e52677db9e7" "tx16c6e396bbf543868cec6-0069b07b96" "container-server 15" 0.0069 "-" 21 0
Mar 10 20:14:14 standalone container-server[122476]: 172.20.0.100 - - [10/Mar/2026:20:14:14 +0000] "PUT /d1/606/AUTH_9881c5e8a1ee4b85a8547d82a943073d/gnocchi.18772946-f413-4483-8557-2e52677db9e7" 201 - "PUT http://localhost:8080/v1/AUTH_9881c5e8a1ee4b85a8547d82a943073d/gnocchi.18772946-f413-4483-8557-2e52677db9e7" "tx16c6e396bbf543868cec6-0069b07b96" "proxy-server 21" 0.0555 "-" 15 0
Mar 10 20:14:14 standalone proxy-server[124473]: 172.18.0.2 ::1 10/Mar/2026/20/14/14 PUT /v1/AUTH_9881c5e8a1ee4b85a8547d82a943073d/gnocchi.18772946-f413-4483-8557-2e52677db9e7 HTTP/1.0 201 - python-swiftclient-3.11.1 gAAAAABpsHrj4bC9... - - - tx16c6e396bbf543868cec6-0069b07b96 - 0.0614 - - 1773173654.575377464 1773173654.636774540 0
Mar 10 20:14:14 standalone container-server[122477]: 172.20.0.100 - - [10/Mar/2026:20:14:14 +0000] "HEAD /d1/606/AUTH_9881c5e8a1ee4b85a8547d82a943073d/gnocchi.18772946-f413-4483-8557-2e52677db9e7" 204 - "HEAD http://localhost:8080/v1/AUTH_9881c5e8a1ee4b85a8547d82a943073d/gnocchi.18772946-f413-4483-8557-2e52677db9e7?format=json&states=listing" "txd0e86c6c842d4366a9849-0069b07b96" "proxy-server 21" 0.0028 "-" 16 0
Mar 10 20:14:14 standalone proxy-server[124473]: - - 10/Mar/2026/20/14/14 HEAD /v1/AUTH_9881c5e8a1ee4b85a8547d82a943073d/gnocchi.18772946-f413-4483-8557-2e52677db9e7%3Fformat%3Djson%26states%3Dlisting HTTP/1.0 204 - Swift - - - - txd0e86c6c842d4366a9849-0069b07b96 - 0.0063 RL - 1773173654.641514778 1773173654.647858620 0
Mar 10 20:14:14 standalone container-server[122479]: 172.20.0.100 - - [10/Mar/2026:20:14:14 +0000] "GET /d1/606/AUTH_9881c5e8a1ee4b85a8547d82a943073d/gnocchi.18772946-f413-4483-8557-2e52677db9e7" 200 2 "GET http://localhost:8080/v1/AUTH_9881c5e8a1ee4b85a8547d82a943073d/gnocchi.18772946-f413-4483-8557-2e52677db9e7?format=json&states=listing" "txd0e86c6c842d4366a9849-0069b07b96" "proxy-server 21" 0.0040 "-" 17 0
Mar 10 20:14:14 standalone proxy-server[124473]: 172.18.0.2 ::1 10/Mar/2026/20/14/14 GET /v1/AUTH_9881c5e8a1ee4b85a8547d82a943073d/gnocchi.18772946-f413-4483-8557-2e52677db9e7%3Fformat%3Djson%26states%3Dlisting HTTP/1.0 200 - python-swiftclient-3.11.1 gAAAAABpsHrj4bC9... - 2 - txd0e86c6c842d4366a9849-0069b07b96 - 0.0171 - - 1773173654.640435934 1773173654.657527924 0
Mar 10 20:14:14 standalone object-server[122585]: 172.20.0.100 - - [10/Mar/2026:20:14:14 +0000] "GET /d1/179/AUTH_9881c5e8a1ee4b85a8547d82a943073d/gnocchi.18772946-f413-4483-8557-2e52677db9e7/1772280000.0_mean_300.0_v3" 404 70 "GET http://localhost:8080/v1/AUTH_9881c5e8a1ee4b85a8547d82a943073d/gnocchi.18772946-f413-4483-8557-2e52677db9e7/1772280000.0_mean_300.0_v3" "tx443dafbf87ac4b6688ee5-0069b07b96" "proxy-server 21" 0.0005 "-" 25 0
Mar 10 20:14:14 standalone proxy-server[124473]: 172.18.0.2 ::1 10/Mar/2026/20/14/14 GET /v1/AUTH_9881c5e8a1ee4b85a8547d82a943073d/gnocchi.18772946-f413-4483-8557-2e52677db9e7/1772280000.0_mean_300.0_v3 HTTP/1.0 404 - python-swiftclient-3.11.1 gAAAAABpsHrj4bC9... - 70 - tx443dafbf87ac4b6688ee5-0069b07b96 - 0.0058 - - 1773173654.661096811 1773173654.666900635 0
Mar 10 20:14:14 standalone container-server[122479]: 172.20.0.100 - - [10/Mar/2026:20:14:14 +0000] "PUT /d1/606/AUTH_9881c5e8a1ee4b85a8547d82a943073d/gnocchi.18772946-f413-4483-8557-2e52677db9e7/1772280000.0_mean_300.0_v3" 201 - "PUT http://localhost:8080/d1/179/AUTH_9881c5e8a1ee4b85a8547d82a943073d/gnocchi.18772946-f413-4483-8557-2e52677db9e7/1772280000.0_mean_300.0_v3" "tx6d8940c925704e0585b53-0069b07b96" "object-server 22" 0.0009 "-" 17 0
Mar 10 20:14:14 standalone object-server[122549]: 172.20.0.100 - - [10/Mar/2026:20:14:14 +0000] "PUT /d1/179/AUTH_9881c5e8a1ee4b85a8547d82a943073d/gnocchi.18772946-f413-4483-8557-2e52677db9e7/1772280000.0_mean_300.0_v3" 201 - "PUT http://localhost:8080/v1/AUTH_9881c5e8a1ee4b85a8547d82a943073d/gnocchi.18772946-f413-4483-8557-2e52677db9e7/1772280000.0_mean_300.0_v3" "tx6d8940c925704e0585b53-0069b07b96" "proxy-server 21" 0.0129 "-" 22 0
Mar 10 20:14:14 standalone proxy-server[124473]: 172.18.0.2 ::1 10/Mar/2026/20/14/14 PUT /v1/AUTH_9881c5e8a1ee4b85a8547d82a943073d/gnocchi.18772946-f413-4483-8557-2e52677db9e7/1772280000.0_mean_300.0_v3 HTTP/1.0 201 - python-swiftclient-3.11.1 gAAAAABpsHrj4bC9... 16 - - tx6d8940c925704e0585b53-0069b07b96 - 0.0184 - - 1773173654.669421673 1773173654.687800169 0
Mar 10 20:14:14 standalone container-server[122479]: 172.20.0.100 - - [10/Mar/2026:20:14:14 +0000] "PUT /d1/606/AUTH_9881c5e8a1ee4b85a8547d82a943073d/gnocchi.18772946-f413-4483-8557-2e52677db9e7/none_v3" 201 - "PUT http://localhost:8080/d1/293/AUTH_9881c5e8a1ee4b85a8547d82a943073d/gnocchi.18772946-f413-4483-8557-2e52677db9e7/none_v3" "txcc6ca39769794989bf728-0069b07b96" "object-server 23" 0.0006 "-" 17 0
Mar 10 20:14:14 standalone object-server[122555]: 172.20.0.100 - - [10/Mar/2026:20:14:14 +0000] "PUT /d1/293/AUTH_9881c5e8a1ee4b85a8547d82a943073d/gnocchi.18772946-f413-4483-8557-2e52677db9e7/none_v3" 201 - "PUT http://localhost:8080/v1/AUTH_9881c5e8a1ee4b85a8547d82a943073d/gnocchi.18772946-f413-4483-8557-2e52677db9e7/none_v3" "txcc6ca39769794989bf728-0069b07b96" "proxy-server 21" 0.0111 "-" 23 0
Mar 10 20:14:14 standalone proxy-server[124473]: 172.18.0.2 ::1 10/Mar/2026/20/14/14 PUT /v1/AUTH_9881c5e8a1ee4b85a8547d82a943073d/gnocchi.18772946-f413-4483-8557-2e52677db9e7/none_v3 HTTP/1.0 201 - python-swiftclient-3.11.1 gAAAAABpsHrj4bC9... 22 - - txcc6ca39769794989bf728-0069b07b96 - 0.0162 - - 1773173654.690165758 1773173654.706405401 0
Mar 10 20:14:14 standalone container-server[122469]: 172.20.0.100 - - [10/Mar/2026:20:14:14 +0000] "HEAD /d1/500/AUTH_9881c5e8a1ee4b85a8547d82a943073d/gnocchi.658189af-1d8a-44d1-b438-c38fba8bb0d4" 404 - "HEAD http://localhost:8080/v1/AUTH_9881c5e8a1ee4b85a8547d82a943073d/gnocchi.658189af-1d8a-44d1-b438-c38fba8bb0d4?format=json&states=listing" "tx09fcb2eead3d4af19a7ed-0069b07b96" "proxy-server 21" 0.0006 "-" 14 0
Mar 10 20:14:14 standalone object-server[122555]: 172.20.0.100 - - [10/Mar/2026:20:14:14 +0000] "GET /d1/394/AUTH_9881c5e8a1ee4b85a8547d82a943073d/gnocchi.658189af-1d8a-44d1-b438-c38fba8bb0d4/none_v3" 404 70 "GET http://localhost:8080/v1/AUTH_9881c5e8a1ee4b85a8547d82a943073d/gnocchi.658189af-1d8a-44d1-b438-c38fba8bb0d4/none_v3" "tx09fcb2eead3d4af19a7ed-0069b07b96" "proxy-server 21" 0.0004 "-" 23 0
Mar 10 20:14:14 standalone proxy-server[124473]: 172.18.0.2 ::1 10/Mar/2026/20/14/14 GET /v1/AUTH_9881c5e8a1ee4b85a8547d82a943073d/gnocchi.658189af-1d8a-44d1-b438-c38fba8bb0d4/none_v3 HTTP/1.0 404 - python-swiftclient-3.11.1 gAAAAABpsHrj4bC9... - 70 - tx09fcb2eead3d4af19a7ed-0069b07b96 - 0.0085 - - 1773173654.715296030 1773173654.723748922 0
Mar 10 20:14:14 standalone account-server[122298]: 172.20.0.100 - - [10/Mar/2026:20:14:14 +0000] "PUT /d1/188/AUTH_9881c5e8a1ee4b85a8547d82a943073d/gnocchi.658189af-1d8a-44d1-b438-c38fba8bb0d4" 201 - "PUT http://172.20.0.100:6001/d1/500/AUTH_9881c5e8a1ee4b85a8547d82a943073d/gnocchi.658189af-1d8a-44d1-b438-c38fba8bb0d4" "txaa6c7f343f82487daed47-0069b07b96" "container-server 15" 0.0058 "-" 21 0
Mar 10 20:14:14 standalone container-server[122476]: 172.20.0.100 - - [10/Mar/2026:20:14:14 +0000] "PUT /d1/500/AUTH_9881c5e8a1ee4b85a8547d82a943073d/gnocchi.658189af-1d8a-44d1-b438-c38fba8bb0d4" 201 - "PUT http://localhost:8080/v1/AUTH_9881c5e8a1ee4b85a8547d82a943073d/gnocchi.658189af-1d8a-44d1-b438-c38fba8bb0d4" "txaa6c7f343f82487daed47-0069b07b96" "proxy-server 21" 0.0217 "-" 15 0
Mar 10 20:14:14 standalone proxy-server[124473]: 172.18.0.2 ::1 10/Mar/2026/20/14/14 PUT /v1/AUTH_9881c5e8a1ee4b85a8547d82a943073d/gnocchi.658189af-1d8a-44d1-b438-c38fba8bb0d4 HTTP/1.0 201 - python-swiftclient-3.11.1 gAAAAABpsHrj4bC9... - - - txaa6c7f343f82487daed47-0069b07b96 - 0.0262 - - 1773173654.726048231 1773173654.752243042 0
Mar 10 20:14:14 standalone container-server[122477]: 172.20.0.100 - - [10/Mar/2026:20:14:14 +0000] "HEAD /d1/500/AUTH_9881c5e8a1ee4b85a8547d82a943073d/gnocchi.658189af-1d8a-44d1-b438-c38fba8bb0d4" 204 - "HEAD http://localhost:8080/v1/AUTH_9881c5e8a1ee4b85a8547d82a943073d/gnocchi.658189af-1d8a-44d1-b438-c38fba8bb0d4?format=json&states=listing" "tx18e0e1052ff3401789a59-0069b07b96" "proxy-server 21" 0.0022 "-" 16 0
Mar 10 20:14:14 standalone proxy-server[124473]: - - 10/Mar/2026/20/14/14 HEAD /v1/AUTH_9881c5e8a1ee4b85a8547d82a943073d/gnocchi.658189af-1d8a-44d1-b438-c38fba8bb0d4%3Fformat%3Djson%26states%3Dlisting HTTP/1.0 204 - Swift - - - - tx18e0e1052ff3401789a59-0069b07b96 - 0.0057 RL - 1773173654.755854845 1773173654.761525393 0
Mar 10 20:14:14 standalone container-server[122476]: 172.20.0.100 - - [10/Mar/2026:20:14:14 +0000] "GET /d1/500/AUTH_9881c5e8a1ee4b85a8547d82a943073d/gnocchi.658189af-1d8a-44d1-b438-c38fba8bb0d4" 200 2 "GET http://localhost:8080/v1/AUTH_9881c5e8a1ee4b85a8547d82a943073d/gnocchi.658189af-1d8a-44d1-b438-c38fba8bb0d4?format=json&states=listing" "tx18e0e1052ff3401789a59-0069b07b96" "proxy-server 21" 0.0034 "-" 15 0
Mar 10 20:14:14 standalone proxy-server[124473]: 172.18.0.2 ::1 10/Mar/2026/20/14/14 GET /v1/AUTH_9881c5e8a1ee4b85a8547d82a943073d/gnocchi.658189af-1d8a-44d1-b438-c38fba8bb0d4%3Fformat%3Djson%26states%3Dlisting HTTP/1.0 200 - python-swiftclient-3.11.1 gAAAAABpsHrj4bC9... - 2 - tx18e0e1052ff3401789a59-0069b07b96 - 0.0152 - - 1773173654.755014181 1773173654.770250797 0
Mar 10 20:14:14 standalone object-server[122569]: 172.20.0.100 - - [10/Mar/2026:20:14:14 +0000] "GET /d1/943/AUTH_9881c5e8a1ee4b85a8547d82a943073d/gnocchi.658189af-1d8a-44d1-b438-c38fba8bb0d4/1772280000.0_mean_300.0_v3" 404 70 "GET http://localhost:8080/v1/AUTH_9881c5e8a1ee4b85a8547d82a943073d/gnocchi.658189af-1d8a-44d1-b438-c38fba8bb0d4/1772280000.0_mean_300.0_v3" "tx60cc2f008c3b4b2cbc8ed-0069b07b96" "proxy-server 21" 0.0005 "-" 24 0
Mar 10 20:14:14 standalone proxy-server[124473]: 172.18.0.2 ::1 10/Mar/2026/20/14/14 GET /v1/AUTH_9881c5e8a1ee4b85a8547d82a943073d/gnocchi.658189af-1d8a-44d1-b438-c38fba8bb0d4/1772280000.0_mean_300.0_v3 HTTP/1.0 404 - python-swiftclient-3.11.1 gAAAAABpsHrj4bC9... - 70 - tx60cc2f008c3b4b2cbc8ed-0069b07b96 - 0.0051 - - 1773173654.773102760 1773173654.778169632 0
Mar 10 20:14:14 standalone container-server[122469]: 172.20.0.100 - - [10/Mar/2026:20:14:14 +0000] "PUT /d1/500/AUTH_9881c5e8a1ee4b85a8547d82a943073d/gnocchi.658189af-1d8a-44d1-b438-c38fba8bb0d4/1772280000.0_mean_300.0_v3" 201 - "PUT http://localhost:8080/d1/943/AUTH_9881c5e8a1ee4b85a8547d82a943073d/gnocchi.658189af-1d8a-44d1-b438-c38fba8bb0d4/1772280000.0_mean_300.0_v3" "txe2515f7f7ced430d8778e-0069b07b96" "object-server 25" 0.0008 "-" 14 0
Mar 10 20:14:14 standalone object-server[122585]: 172.20.0.100 - - [10/Mar/2026:20:14:14 +0000] "PUT /d1/943/AUTH_9881c5e8a1ee4b85a8547d82a943073d/gnocchi.658189af-1d8a-44d1-b438-c38fba8bb0d4/1772280000.0_mean_300.0_v3" 201 - "PUT http://localhost:8080/v1/AUTH_9881c5e8a1ee4b85a8547d82a943073d/gnocchi.658189af-1d8a-44d1-b438-c38fba8bb0d4/1772280000.0_mean_300.0_v3" "txe2515f7f7ced430d8778e-0069b07b96" "proxy-server 21" 0.0118 "-" 25 0
Mar 10 20:14:14 standalone proxy-server[124473]: 172.18.0.2 ::1 10/Mar/2026/20/14/14 PUT /v1/AUTH_9881c5e8a1ee4b85a8547d82a943073d/gnocchi.658189af-1d8a-44d1-b438-c38fba8bb0d4/1772280000.0_mean_300.0_v3 HTTP/1.0 201 - python-swiftclient-3.11.1 gAAAAABpsHrj4bC9... 16 - - txe2515f7f7ced430d8778e-0069b07b96 - 0.0198 - - 1773173654.782303095 1773173654.802085876 0
Mar 10 20:14:14 standalone container-server[122469]: 172.20.0.100 - - [10/Mar/2026:20:14:14 +0000] "PUT /d1/500/AUTH_9881c5e8a1ee4b85a8547d82a943073d/gnocchi.658189af-1d8a-44d1-b438-c38fba8bb0d4/none_v3" 201 - "PUT http://localhost:8080/d1/394/AUTH_9881c5e8a1ee4b85a8547d82a943073d/gnocchi.658189af-1d8a-44d1-b438-c38fba8bb0d4/none_v3" "tx15e44725540045b6bf59e-0069b07b96" "object-server 22" 0.0006 "-" 14 0
Mar 10 20:14:14 standalone object-server[122549]: 172.20.0.100 - - [10/Mar/2026:20:14:14 +0000] "PUT /d1/394/AUTH_9881c5e8a1ee4b85a8547d82a943073d/gnocchi.658189af-1d8a-44d1-b438-c38fba8bb0d4/none_v3" 201 - "PUT http://localhost:8080/v1/AUTH_9881c5e8a1ee4b85a8547d82a943073d/gnocchi.658189af-1d8a-44d1-b438-c38fba8bb0d4/none_v3" "tx15e44725540045b6bf59e-0069b07b96" "proxy-server 21" 0.0113 "-" 22 0
Mar 10 20:14:14 standalone proxy-server[124473]: 172.18.0.2 ::1 10/Mar/2026/20/14/14 PUT /v1/AUTH_9881c5e8a1ee4b85a8547d82a943073d/gnocchi.658189af-1d8a-44d1-b438-c38fba8bb0d4/none_v3 HTTP/1.0 201 - python-swiftclient-3.11.1 gAAAAABpsHrj4bC9... 22 - - tx15e44725540045b6bf59e-0069b07b96 - 0.0177 - - 1773173654.805952311 1773173654.823632956 0
Mar 10 20:14:14 standalone container-server[122479]: 172.20.0.100 - - [10/Mar/2026:20:14:14 +0000] "HEAD /d1/125/AUTH_9881c5e8a1ee4b85a8547d82a943073d/gnocchi.b1ee7fd6-2a0d-488a-9037-add4740d27aa" 404 - "HEAD http://localhost:8080/v1/AUTH_9881c5e8a1ee4b85a8547d82a943073d/gnocchi.b1ee7fd6-2a0d-488a-9037-add4740d27aa?format=json&states=listing" "txcf74e69b91184a7ca8c0c-0069b07b96" "proxy-server 21" 0.0010 "-" 17 0
Mar 10 20:14:14 standalone object-server[122569]: 172.20.0.100 - - [10/Mar/2026:20:14:14 +0000] "GET /d1/906/AUTH_9881c5e8a1ee4b85a8547d82a943073d/gnocchi.b1ee7fd6-2a0d-488a-9037-add4740d27aa/none_v3" 404 70 "GET http://localhost:8080/v1/AUTH_9881c5e8a1ee4b85a8547d82a943073d/gnocchi.b1ee7fd6-2a0d-488a-9037-add4740d27aa/none_v3" "txcf74e69b91184a7ca8c0c-0069b07b96" "proxy-server 21" 0.0004 "-" 24 0
Mar 10 20:14:14 standalone proxy-server[124473]: 172.18.0.2 ::1 10/Mar/2026/20/14/14 GET /v1/AUTH_9881c5e8a1ee4b85a8547d82a943073d/gnocchi.b1ee7fd6-2a0d-488a-9037-add4740d27aa/none_v3 HTTP/1.0 404 - python-swiftclient-3.11.1 gAAAAABpsHrj4bC9... - 70 - txcf74e69b91184a7ca8c0c-0069b07b96 - 0.0115 - - 1773173654.835007191 1773173654.846549988 0
Mar 10 20:14:14 standalone account-server[122308]: 172.20.0.100 - - [10/Mar/2026:20:14:14 +0000] "PUT /d1/188/AUTH_9881c5e8a1ee4b85a8547d82a943073d/gnocchi.b1ee7fd6-2a0d-488a-9037-add4740d27aa" 201 - "PUT http://172.20.0.100:6001/d1/125/AUTH_9881c5e8a1ee4b85a8547d82a943073d/gnocchi.b1ee7fd6-2a0d-488a-9037-add4740d27aa" "tx2f2000f946674cf197081-0069b07b96" "container-server 15" 0.0064 "-" 22 0
Mar 10 20:14:14 standalone container-server[122476]: 172.20.0.100 - - [10/Mar/2026:20:14:14 +0000] "PUT /d1/125/AUTH_9881c5e8a1ee4b85a8547d82a943073d/gnocchi.b1ee7fd6-2a0d-488a-9037-add4740d27aa" 201 - "PUT http://localhost:8080/v1/AUTH_9881c5e8a1ee4b85a8547d82a943073d/gnocchi.b1ee7fd6-2a0d-488a-9037-add4740d27aa" "tx2f2000f946674cf197081-0069b07b96" "proxy-server 21" 0.0213 "-" 15 0
Mar 10 20:14:14 standalone proxy-server[124473]: 172.18.0.2 ::1 10/Mar/2026/20/14/14 PUT /v1/AUTH_9881c5e8a1ee4b85a8547d82a943073d/gnocchi.b1ee7fd6-2a0d-488a-9037-add4740d27aa HTTP/1.0 201 - python-swiftclient-3.11.1 gAAAAABpsHrj4bC9... - - - tx2f2000f946674cf197081-0069b07b96 - 0.0281 - - 1773173654.849893093 1773173654.877993822 0
Mar 10 20:14:14 standalone container-server[122477]: 172.20.0.100 - - [10/Mar/2026:20:14:14 +0000] "HEAD /d1/125/AUTH_9881c5e8a1ee4b85a8547d82a943073d/gnocchi.b1ee7fd6-2a0d-488a-9037-add4740d27aa" 204 - "HEAD http://localhost:8080/v1/AUTH_9881c5e8a1ee4b85a8547d82a943073d/gnocchi.b1ee7fd6-2a0d-488a-9037-add4740d27aa?format=json&states=listing" "tx5ba9d9f4de8146fc98c0f-0069b07b96" "proxy-server 21" 0.0025 "-" 16 0
Mar 10 20:14:14 standalone proxy-server[124473]: - - 10/Mar/2026/20/14/14 HEAD /v1/AUTH_9881c5e8a1ee4b85a8547d82a943073d/gnocchi.b1ee7fd6-2a0d-488a-9037-add4740d27aa%3Fformat%3Djson%26states%3Dlisting HTTP/1.0 204 - Swift - - - - tx5ba9d9f4de8146fc98c0f-0069b07b96 - 0.0084 RL - 1773173654.886060238 1773173654.894415140 0
Mar 10 20:14:14 standalone container-server[122476]: 172.20.0.100 - - [10/Mar/2026:20:14:14 +0000] "GET /d1/125/AUTH_9881c5e8a1ee4b85a8547d82a943073d/gnocchi.b1ee7fd6-2a0d-488a-9037-add4740d27aa" 200 2 "GET http://localhost:8080/v1/AUTH_9881c5e8a1ee4b85a8547d82a943073d/gnocchi.b1ee7fd6-2a0d-488a-9037-add4740d27aa?format=json&states=listing" "tx5ba9d9f4de8146fc98c0f-0069b07b96" "proxy-server 21" 0.0034 "-" 15 0
Mar 10 20:14:14 standalone proxy-server[124473]: 172.18.0.2 ::1 10/Mar/2026/20/14/14 GET /v1/AUTH_9881c5e8a1ee4b85a8547d82a943073d/gnocchi.b1ee7fd6-2a0d-488a-9037-add4740d27aa%3Fformat%3Djson%26states%3Dlisting HTTP/1.0 200 - python-swiftclient-3.11.1 gAAAAABpsHrj4bC9... - 2 - tx5ba9d9f4de8146fc98c0f-0069b07b96 - 0.0233 - - 1773173654.884235859 1773173654.907536983 0
Mar 10 20:14:14 standalone object-server[122555]: 172.20.0.100 - - [10/Mar/2026:20:14:14 +0000] "GET /d1/825/AUTH_9881c5e8a1ee4b85a8547d82a943073d/gnocchi.b1ee7fd6-2a0d-488a-9037-add4740d27aa/1772280000.0_mean_300.0_v3" 404 70 "GET http://localhost:8080/v1/AUTH_9881c5e8a1ee4b85a8547d82a943073d/gnocchi.b1ee7fd6-2a0d-488a-9037-add4740d27aa/1772280000.0_mean_300.0_v3" "tx1ce36b75a489452ab28b8-0069b07b96" "proxy-server 21" 0.0006 "-" 23 0
Mar 10 20:14:14 standalone proxy-server[124473]: 172.18.0.2 ::1 10/Mar/2026/20/14/14 GET /v1/AUTH_9881c5e8a1ee4b85a8547d82a943073d/gnocchi.b1ee7fd6-2a0d-488a-9037-add4740d27aa/1772280000.0_mean_300.0_v3 HTTP/1.0 404 - python-swiftclient-3.11.1 gAAAAABpsHrj4bC9... - 70 - tx1ce36b75a489452ab28b8-0069b07b96 - 0.0089 - - 1773173654.914103031 1773173654.923006296 0
Mar 10 20:14:14 standalone container-server[122476]: 172.20.0.100 - - [10/Mar/2026:20:14:14 +0000] "PUT /d1/125/AUTH_9881c5e8a1ee4b85a8547d82a943073d/gnocchi.b1ee7fd6-2a0d-488a-9037-add4740d27aa/1772280000.0_mean_300.0_v3" 201 - "PUT http://localhost:8080/d1/825/AUTH_9881c5e8a1ee4b85a8547d82a943073d/gnocchi.b1ee7fd6-2a0d-488a-9037-add4740d27aa/1772280000.0_mean_300.0_v3" "tx511e7bd00f54401b9f183-0069b07b96" "object-server 24" 0.0008 "-" 15 0
Mar 10 20:14:14 standalone object-server[122569]: 172.20.0.100 - - [10/Mar/2026:20:14:14 +0000] "PUT /d1/825/AUTH_9881c5e8a1ee4b85a8547d82a943073d/gnocchi.b1ee7fd6-2a0d-488a-9037-add4740d27aa/1772280000.0_mean_300.0_v3" 201 - "PUT http://localhost:8080/v1/AUTH_9881c5e8a1ee4b85a8547d82a943073d/gnocchi.b1ee7fd6-2a0d-488a-9037-add4740d27aa/1772280000.0_mean_300.0_v3" "tx511e7bd00f54401b9f183-0069b07b96" "proxy-server 21" 0.0120 "-" 24 0
Mar 10 20:14:14 standalone proxy-server[124473]: 172.18.0.2 ::1 10/Mar/2026/20/14/14 PUT /v1/AUTH_9881c5e8a1ee4b85a8547d82a943073d/gnocchi.b1ee7fd6-2a0d-488a-9037-add4740d27aa/1772280000.0_mean_300.0_v3 HTTP/1.0 201 - python-swiftclient-3.11.1 gAAAAABpsHrj4bC9... 16 - - tx511e7bd00f54401b9f183-0069b07b96 - 0.0210 - - 1773173654.928345203 1773173654.949321032 0
Mar 10 20:14:14 standalone container-server[122479]: 172.20.0.100 - - [10/Mar/2026:20:14:14 +0000] "PUT /d1/125/AUTH_9881c5e8a1ee4b85a8547d82a943073d/gnocchi.b1ee7fd6-2a0d-488a-9037-add4740d27aa/none_v3" 201 - "PUT http://localhost:8080/d1/906/AUTH_9881c5e8a1ee4b85a8547d82a943073d/gnocchi.b1ee7fd6-2a0d-488a-9037-add4740d27aa/none_v3" "tx75fb5d344fa141f88101c-0069b07b96" "object-server 22" 0.0008 "-" 17 0
Mar 10 20:14:14 standalone object-server[122549]: 172.20.0.100 - - [10/Mar/2026:20:14:14 +0000] "PUT /d1/906/AUTH_9881c5e8a1ee4b85a8547d82a943073d/gnocchi.b1ee7fd6-2a0d-488a-9037-add4740d27aa/none_v3" 201 - "PUT http://localhost:8080/v1/AUTH_9881c5e8a1ee4b85a8547d82a943073d/gnocchi.b1ee7fd6-2a0d-488a-9037-add4740d27aa/none_v3" "tx75fb5d344fa141f88101c-0069b07b96" "proxy-server 21" 0.0115 "-" 22 0
Mar 10 20:14:14 standalone proxy-server[124473]: 172.18.0.2 ::1 10/Mar/2026/20/14/14 PUT /v1/AUTH_9881c5e8a1ee4b85a8547d82a943073d/gnocchi.b1ee7fd6-2a0d-488a-9037-add4740d27aa/none_v3 HTTP/1.0 201 - python-swiftclient-3.11.1 gAAAAABpsHrj4bC9... 22 - - tx75fb5d344fa141f88101c-0069b07b96 - 0.0193 - - 1773173654.954324484 1773173654.973581314 0
Mar 10 20:14:14 standalone container-server[122477]: 172.20.0.100 - - [10/Mar/2026:20:14:14 +0000] "HEAD /d1/597/AUTH_9881c5e8a1ee4b85a8547d82a943073d/gnocchi.8b7aa810-c1af-4335-9537-41bac9262e64" 404 - "HEAD http://localhost:8080/v1/AUTH_9881c5e8a1ee4b85a8547d82a943073d/gnocchi.8b7aa810-c1af-4335-9537-41bac9262e64?format=json&states=listing" "tx9578f093a6c54c42a6750-0069b07b96" "proxy-server 21" 0.0006 "-" 16 0
Mar 10 20:14:15 standalone object-server[122555]: 172.20.0.100 - - [10/Mar/2026:20:14:15 +0000] "GET /d1/982/AUTH_9881c5e8a1ee4b85a8547d82a943073d/gnocchi.8b7aa810-c1af-4335-9537-41bac9262e64/none_v3" 404 70 "GET http://localhost:8080/v1/AUTH_9881c5e8a1ee4b85a8547d82a943073d/gnocchi.8b7aa810-c1af-4335-9537-41bac9262e64/none_v3" "tx9578f093a6c54c42a6750-0069b07b96" "proxy-server 21" 0.0006 "-" 23 0
Mar 10 20:14:15 standalone proxy-server[124473]: 172.18.0.2 ::1 10/Mar/2026/20/14/15 GET /v1/AUTH_9881c5e8a1ee4b85a8547d82a943073d/gnocchi.8b7aa810-c1af-4335-9537-41bac9262e64/none_v3 HTTP/1.0 404 - python-swiftclient-3.11.1 gAAAAABpsHrj4bC9... - 70 - tx9578f093a6c54c42a6750-0069b07b96 - 0.0191 - - 1773173654.989051819 1773173655.008160114 0
Mar 10 20:14:15 standalone account-server[122298]: 172.20.0.100 - - [10/Mar/2026:20:14:15 +0000] "PUT /d1/188/AUTH_9881c5e8a1ee4b85a8547d82a943073d/gnocchi.8b7aa810-c1af-4335-9537-41bac9262e64" 201 - "PUT http://172.20.0.100:6001/d1/597/AUTH_9881c5e8a1ee4b85a8547d82a943073d/gnocchi.8b7aa810-c1af-4335-9537-41bac9262e64" "txec48e9413921424c8b62c-0069b07b97" "container-server 15" 0.0062 "-" 21 0
Mar 10 20:14:15 standalone container-server[122476]: 172.20.0.100 - - [10/Mar/2026:20:14:15 +0000] "PUT /d1/597/AUTH_9881c5e8a1ee4b85a8547d82a943073d/gnocchi.8b7aa810-c1af-4335-9537-41bac9262e64" 201 - "PUT http://localhost:8080/v1/AUTH_9881c5e8a1ee4b85a8547d82a943073d/gnocchi.8b7aa810-c1af-4335-9537-41bac9262e64" "txec48e9413921424c8b62c-0069b07b97" "proxy-server 21" 0.0190 "-" 15 0
Mar 10 20:14:15 standalone proxy-server[124473]: 172.18.0.2 ::1 10/Mar/2026/20/14/15 PUT /v1/AUTH_9881c5e8a1ee4b85a8547d82a943073d/gnocchi.8b7aa810-c1af-4335-9537-41bac9262e64 HTTP/1.0 201 - python-swiftclient-3.11.1 gAAAAABpsHrj4bC9... - - - txec48e9413921424c8b62c-0069b07b97 - 0.0255 - - 1773173655.014022350 1773173655.039531708 0
Mar 10 20:14:15 standalone container-server[122469]: 172.20.0.100 - - [10/Mar/2026:20:14:15 +0000] "HEAD /d1/597/AUTH_9881c5e8a1ee4b85a8547d82a943073d/gnocchi.8b7aa810-c1af-4335-9537-41bac9262e64" 204 - "HEAD http://localhost:8080/v1/AUTH_9881c5e8a1ee4b85a8547d82a943073d/gnocchi.8b7aa810-c1af-4335-9537-41bac9262e64?format=json&states=listing" "tx10a1f4e0e12a466cb9b1e-0069b07b97" "proxy-server 21" 0.0024 "-" 14 0
Mar 10 20:14:15 standalone proxy-server[124473]: - - 10/Mar/2026/20/14/15 HEAD /v1/AUTH_9881c5e8a1ee4b85a8547d82a943073d/gnocchi.8b7aa810-c1af-4335-9537-41bac9262e64%3Fformat%3Djson%26states%3Dlisting HTTP/1.0 204 - Swift - - - - tx10a1f4e0e12a466cb9b1e-0069b07b97 - 0.0077 RL - 1773173655.046948433 1773173655.054665565 0
Mar 10 20:14:15 standalone container-server[122477]: 172.20.0.100 - - [10/Mar/2026:20:14:15 +0000] "GET /d1/597/AUTH_9881c5e8a1ee4b85a8547d82a943073d/gnocchi.8b7aa810-c1af-4335-9537-41bac9262e64" 200 2 "GET http://localhost:8080/v1/AUTH_9881c5e8a1ee4b85a8547d82a943073d/gnocchi.8b7aa810-c1af-4335-9537-41bac9262e64?format=json&states=listing" "tx10a1f4e0e12a466cb9b1e-0069b07b97" "proxy-server 21" 0.0023 "-" 16 0
Mar 10 20:14:15 standalone proxy-server[124473]: 172.18.0.2 ::1 10/Mar/2026/20/14/15 GET /v1/AUTH_9881c5e8a1ee4b85a8547d82a943073d/gnocchi.8b7aa810-c1af-4335-9537-41bac9262e64%3Fformat%3Djson%26states%3Dlisting HTTP/1.0 200 - python-swiftclient-3.11.1 gAAAAABpsHrj4bC9... - 2 - tx10a1f4e0e12a466cb9b1e-0069b07b97 - 0.0203 - - 1773173655.045406103 1773173655.065693378 0
Mar 10 20:14:15 standalone object-server[122555]: 172.20.0.100 - - [10/Mar/2026:20:14:15 +0000] "GET /d1/940/AUTH_9881c5e8a1ee4b85a8547d82a943073d/gnocchi.8b7aa810-c1af-4335-9537-41bac9262e64/1772280000.0_mean_300.0_v3" 404 70 "GET http://localhost:8080/v1/AUTH_9881c5e8a1ee4b85a8547d82a943073d/gnocchi.8b7aa810-c1af-4335-9537-41bac9262e64/1772280000.0_mean_300.0_v3" "txc49f8df68af746718e14b-0069b07b97" "proxy-server 21" 0.0005 "-" 23 0
Mar 10 20:14:15 standalone proxy-server[124473]: 172.18.0.2 ::1 10/Mar/2026/20/14/15 GET /v1/AUTH_9881c5e8a1ee4b85a8547d82a943073d/gnocchi.8b7aa810-c1af-4335-9537-41bac9262e64/1772280000.0_mean_300.0_v3 HTTP/1.0 404 - python-swiftclient-3.11.1 gAAAAABpsHrj4bC9... - 70 - txc49f8df68af746718e14b-0069b07b97 - 0.0086 - - 1773173655.071193695 1773173655.079836369 0
Mar 10 20:14:15 standalone container-server[122477]: 172.20.0.100 - - [10/Mar/2026:20:14:15 +0000] "PUT /d1/597/AUTH_9881c5e8a1ee4b85a8547d82a943073d/gnocchi.8b7aa810-c1af-4335-9537-41bac9262e64/1772280000.0_mean_300.0_v3" 201 - "PUT http://localhost:8080/d1/940/AUTH_9881c5e8a1ee4b85a8547d82a943073d/gnocchi.8b7aa810-c1af-4335-9537-41bac9262e64/1772280000.0_mean_300.0_v3" "tx42d178cf42d9458eb6eef-0069b07b97" "object-server 25" 0.0009 "-" 16 0
Mar 10 20:14:15 standalone object-server[122585]: 172.20.0.100 - - [10/Mar/2026:20:14:15 +0000] "PUT /d1/940/AUTH_9881c5e8a1ee4b85a8547d82a943073d/gnocchi.8b7aa810-c1af-4335-9537-41bac9262e64/1772280000.0_mean_300.0_v3" 201 - "PUT http://localhost:8080/v1/AUTH_9881c5e8a1ee4b85a8547d82a943073d/gnocchi.8b7aa810-c1af-4335-9537-41bac9262e64/1772280000.0_mean_300.0_v3" "tx42d178cf42d9458eb6eef-0069b07b97" "proxy-server 21" 0.0113 "-" 25 0
Mar 10 20:14:15 standalone proxy-server[124473]: 172.18.0.2 ::1 10/Mar/2026/20/14/15 PUT /v1/AUTH_9881c5e8a1ee4b85a8547d82a943073d/gnocchi.8b7aa810-c1af-4335-9537-41bac9262e64/1772280000.0_mean_300.0_v3 HTTP/1.0 201 - python-swiftclient-3.11.1 gAAAAABpsHrj4bC9... 16 - - tx42d178cf42d9458eb6eef-0069b07b97 - 0.0210 - - 1773173655.086122751 1773173655.107094288 0
Mar 10 20:14:15 standalone container-server[122477]: 172.20.0.100 - - [10/Mar/2026:20:14:15 +0000] "PUT /d1/597/AUTH_9881c5e8a1ee4b85a8547d82a943073d/gnocchi.8b7aa810-c1af-4335-9537-41bac9262e64/none_v3" 201 - "PUT http://localhost:8080/d1/982/AUTH_9881c5e8a1ee4b85a8547d82a943073d/gnocchi.8b7aa810-c1af-4335-9537-41bac9262e64/none_v3" "txb31afdd3c77744b9b98bd-0069b07b97" "object-server 23" 0.0007 "-" 16 0
Mar 10 20:14:15 standalone object-server[122555]: 172.20.0.100 - - [10/Mar/2026:20:14:15 +0000] "PUT /d1/982/AUTH_9881c5e8a1ee4b85a8547d82a943073d/gnocchi.8b7aa810-c1af-4335-9537-41bac9262e64/none_v3" 201 - "PUT http://localhost:8080/v1/AUTH_9881c5e8a1ee4b85a8547d82a943073d/gnocchi.8b7aa810-c1af-4335-9537-41bac9262e64/none_v3" "txb31afdd3c77744b9b98bd-0069b07b97" "proxy-server 21" 0.0112 "-" 23 0
Mar 10 20:14:15 standalone proxy-server[124473]: 172.18.0.2 ::1 10/Mar/2026/20/14/15 PUT /v1/AUTH_9881c5e8a1ee4b85a8547d82a943073d/gnocchi.8b7aa810-c1af-4335-9537-41bac9262e64/none_v3 HTTP/1.0 201 - python-swiftclient-3.11.1 gAAAAABpsHrj4bC9... 22 - - txb31afdd3c77744b9b98bd-0069b07b97 - 0.0198 - - 1773173655.112388134 1773173655.132155895 0
Mar 10 20:14:15 standalone container-server[122476]: 172.20.0.100 - - [10/Mar/2026:20:14:15 +0000] "HEAD /d1/250/AUTH_9881c5e8a1ee4b85a8547d82a943073d/gnocchi.59f07a21-a55a-40a6-9093-ff9aa6ea93fb" 404 - "HEAD http://localhost:8080/v1/AUTH_9881c5e8a1ee4b85a8547d82a943073d/gnocchi.59f07a21-a55a-40a6-9093-ff9aa6ea93fb?format=json&states=listing" "tx6dff1c07e9a8418e9658d-0069b07b97" "proxy-server 21" 0.0005 "-" 15 0
Mar 10 20:14:15 standalone object-server[122585]: 172.20.0.100 - - [10/Mar/2026:20:14:15 +0000] "GET /d1/592/AUTH_9881c5e8a1ee4b85a8547d82a943073d/gnocchi.59f07a21-a55a-40a6-9093-ff9aa6ea93fb/none_v3" 404 70 "GET http://localhost:8080/v1/AUTH_9881c5e8a1ee4b85a8547d82a943073d/gnocchi.59f07a21-a55a-40a6-9093-ff9aa6ea93fb/none_v3" "tx6dff1c07e9a8418e9658d-0069b07b97" "proxy-server 21" 0.0005 "-" 25 0
Mar 10 20:14:15 standalone proxy-server[124473]: 172.18.0.2 ::1 10/Mar/2026/20/14/15 GET /v1/AUTH_9881c5e8a1ee4b85a8547d82a943073d/gnocchi.59f07a21-a55a-40a6-9093-ff9aa6ea93fb/none_v3 HTTP/1.0 404 - python-swiftclient-3.11.1 gAAAAABpsHrj4bC9... - 70 - tx6dff1c07e9a8418e9658d-0069b07b97 - 0.0137 - - 1773173655.147695303 1773173655.161425114 0
Mar 10 20:14:15 standalone account-server[122288]: 172.20.0.100 - - [10/Mar/2026:20:14:15 +0000] "PUT /d1/188/AUTH_9881c5e8a1ee4b85a8547d82a943073d/gnocchi.59f07a21-a55a-40a6-9093-ff9aa6ea93fb" 201 - "PUT http://172.20.0.100:6001/d1/250/AUTH_9881c5e8a1ee4b85a8547d82a943073d/gnocchi.59f07a21-a55a-40a6-9093-ff9aa6ea93fb" "txc0011db1d11845ea8c65f-0069b07b97" "container-server 16" 0.0061 "-" 20 0
Mar 10 20:14:15 standalone container-server[122477]: 172.20.0.100 - - [10/Mar/2026:20:14:15 +0000] "PUT /d1/250/AUTH_9881c5e8a1ee4b85a8547d82a943073d/gnocchi.59f07a21-a55a-40a6-9093-ff9aa6ea93fb" 201 - "PUT http://localhost:8080/v1/AUTH_9881c5e8a1ee4b85a8547d82a943073d/gnocchi.59f07a21-a55a-40a6-9093-ff9aa6ea93fb" "txc0011db1d11845ea8c65f-0069b07b97" "proxy-server 21" 0.0196 "-" 16 0
Mar 10 20:14:15 standalone proxy-server[124473]: 172.18.0.2 ::1 10/Mar/2026/20/14/15 PUT /v1/AUTH_9881c5e8a1ee4b85a8547d82a943073d/gnocchi.59f07a21-a55a-40a6-9093-ff9aa6ea93fb HTTP/1.0 201 - python-swiftclient-3.11.1 gAAAAABpsHrj4bC9... - - - txc0011db1d11845ea8c65f-0069b07b97 - 0.0262 - - 1773173655.166304111 1773173655.192498446 0
Mar 10 20:14:15 standalone container-server[122479]: 172.20.0.100 - - [10/Mar/2026:20:14:15 +0000] "HEAD /d1/250/AUTH_9881c5e8a1ee4b85a8547d82a943073d/gnocchi.59f07a21-a55a-40a6-9093-ff9aa6ea93fb" 204 - "HEAD http://localhost:8080/v1/AUTH_9881c5e8a1ee4b85a8547d82a943073d/gnocchi.59f07a21-a55a-40a6-9093-ff9aa6ea93fb?format=json&states=listing" "tx951148cca6d7408fad212-0069b07b97" "proxy-server 21" 0.0023 "-" 17 0
