Mar 10 20:12:23 standalone proxy-server[124473]: - - 10/Mar/2026/20/12/23 HEAD /v1/AUTH_9881c5e8a1ee4b85a8547d82a943073d/gnocchi.52b4b7da-f381-43f1-b844-9b2996c12a53%3Fformat%3Djson%26states%3Dlisting HTTP/1.0 204 - Swift - - - - tx6a5a4024ae054296ad325-0069b07b27 - 0.0060 RL - 1773173543.502223253 1773173543.508267164 0
Mar 10 20:12:23 standalone container-server[122477]: 172.20.0.100 - - [10/Mar/2026:20:12:23 +0000] "GET /d1/861/AUTH_9881c5e8a1ee4b85a8547d82a943073d/gnocchi.52b4b7da-f381-43f1-b844-9b2996c12a53" 200 2 "GET http://localhost:8080/v1/AUTH_9881c5e8a1ee4b85a8547d82a943073d/gnocchi.52b4b7da-f381-43f1-b844-9b2996c12a53?format=json&states=listing" "tx6a5a4024ae054296ad325-0069b07b27" "proxy-server 21" 0.0067 "-" 16 0
Mar 10 20:12:23 standalone proxy-server[124473]: 172.18.0.2 ::1 10/Mar/2026/20/12/23 GET /v1/AUTH_9881c5e8a1ee4b85a8547d82a943073d/gnocchi.52b4b7da-f381-43f1-b844-9b2996c12a53%3Fformat%3Djson%26states%3Dlisting HTTP/1.0 200 - python-swiftclient-3.11.1 gAAAAABpsHrj4bC9... - 2 - tx6a5a4024ae054296ad325-0069b07b27 - 0.0230 - - 1773173543.501323223 1773173543.524326801 0
Mar 10 20:12:23 standalone object-server[122549]: 172.20.0.100 - - [10/Mar/2026:20:12:23 +0000] "GET /d1/482/AUTH_9881c5e8a1ee4b85a8547d82a943073d/gnocchi.52b4b7da-f381-43f1-b844-9b2996c12a53/1772280000.0_mean_300.0_v3" 404 70 "GET http://localhost:8080/v1/AUTH_9881c5e8a1ee4b85a8547d82a943073d/gnocchi.52b4b7da-f381-43f1-b844-9b2996c12a53/1772280000.0_mean_300.0_v3" "tx3e5b15a03df94297a63b6-0069b07b27" "proxy-server 21" 0.0005 "-" 22 0
Mar 10 20:12:23 standalone proxy-server[124473]: 172.18.0.2 ::1 10/Mar/2026/20/12/23 GET /v1/AUTH_9881c5e8a1ee4b85a8547d82a943073d/gnocchi.52b4b7da-f381-43f1-b844-9b2996c12a53/1772280000.0_mean_300.0_v3 HTTP/1.0 404 - python-swiftclient-3.11.1 gAAAAABpsHrj4bC9... - 70 - tx3e5b15a03df94297a63b6-0069b07b27 - 0.0075 - - 1773173543.531486273 1773173543.538999796 0
Mar 10 20:12:23 standalone container-server[122479]: 172.20.0.100 - - [10/Mar/2026:20:12:23 +0000] "PUT /d1/861/AUTH_9881c5e8a1ee4b85a8547d82a943073d/gnocchi.52b4b7da-f381-43f1-b844-9b2996c12a53/1772280000.0_mean_300.0_v3" 201 - "PUT http://localhost:8080/d1/482/AUTH_9881c5e8a1ee4b85a8547d82a943073d/gnocchi.52b4b7da-f381-43f1-b844-9b2996c12a53/1772280000.0_mean_300.0_v3" "txb88a026d3d914d30b7360-0069b07b27" "object-server 22" 0.0016 "-" 17 0
Mar 10 20:12:23 standalone object-server[122549]: 172.20.0.100 - - [10/Mar/2026:20:12:23 +0000] "PUT /d1/482/AUTH_9881c5e8a1ee4b85a8547d82a943073d/gnocchi.52b4b7da-f381-43f1-b844-9b2996c12a53/1772280000.0_mean_300.0_v3" 201 - "PUT http://localhost:8080/v1/AUTH_9881c5e8a1ee4b85a8547d82a943073d/gnocchi.52b4b7da-f381-43f1-b844-9b2996c12a53/1772280000.0_mean_300.0_v3" "txb88a026d3d914d30b7360-0069b07b27" "proxy-server 21" 0.0125 "-" 22 0
Mar 10 20:12:23 standalone proxy-server[124473]: 172.18.0.2 ::1 10/Mar/2026/20/12/23 PUT /v1/AUTH_9881c5e8a1ee4b85a8547d82a943073d/gnocchi.52b4b7da-f381-43f1-b844-9b2996c12a53/1772280000.0_mean_300.0_v3 HTTP/1.0 201 - python-swiftclient-3.11.1 gAAAAABpsHrj4bC9... 16 - - txb88a026d3d914d30b7360-0069b07b27 - 0.0256 - - 1773173543.547007084 1773173543.572561264 0
Mar 10 20:12:23 standalone container-server[122469]: 172.20.0.100 - - [10/Mar/2026:20:12:23 +0000] "PUT /d1/861/AUTH_9881c5e8a1ee4b85a8547d82a943073d/gnocchi.52b4b7da-f381-43f1-b844-9b2996c12a53/none_v3" 201 - "PUT http://localhost:8080/d1/621/AUTH_9881c5e8a1ee4b85a8547d82a943073d/gnocchi.52b4b7da-f381-43f1-b844-9b2996c12a53/none_v3" "tx3519f3b04fee416597a90-0069b07b27" "object-server 22" 0.0005 "-" 14 0
Mar 10 20:12:23 standalone object-server[122549]: 172.20.0.100 - - [10/Mar/2026:20:12:23 +0000] "PUT /d1/621/AUTH_9881c5e8a1ee4b85a8547d82a943073d/gnocchi.52b4b7da-f381-43f1-b844-9b2996c12a53/none_v3" 201 - "PUT http://localhost:8080/v1/AUTH_9881c5e8a1ee4b85a8547d82a943073d/gnocchi.52b4b7da-f381-43f1-b844-9b2996c12a53/none_v3" "tx3519f3b04fee416597a90-0069b07b27" "proxy-server 21" 0.0109 "-" 22 0
Mar 10 20:12:23 standalone proxy-server[124473]: 172.18.0.2 ::1 10/Mar/2026/20/12/23 PUT /v1/AUTH_9881c5e8a1ee4b85a8547d82a943073d/gnocchi.52b4b7da-f381-43f1-b844-9b2996c12a53/none_v3 HTTP/1.0 201 - python-swiftclient-3.11.1 gAAAAABpsHrj4bC9... 22 - - tx3519f3b04fee416597a90-0069b07b27 - 0.0265 - - 1773173543.582650900 1773173543.609142780 0
Mar 10 20:12:23 standalone container-server[122469]: 172.20.0.100 - - [10/Mar/2026:20:12:23 +0000] "HEAD /d1/999/AUTH_9881c5e8a1ee4b85a8547d82a943073d/gnocchi.ebc1e7f3-d85b-4e6a-afea-21f1fcbeb4e5" 404 - "HEAD http://localhost:8080/v1/AUTH_9881c5e8a1ee4b85a8547d82a943073d/gnocchi.ebc1e7f3-d85b-4e6a-afea-21f1fcbeb4e5?format=json&states=listing" "txbd912af544f0414bb4f11-0069b07b27" "proxy-server 21" 0.0003 "-" 14 0
Mar 10 20:12:23 standalone object-server[122549]: 172.20.0.100 - - [10/Mar/2026:20:12:23 +0000] "GET /d1/502/AUTH_9881c5e8a1ee4b85a8547d82a943073d/gnocchi.ebc1e7f3-d85b-4e6a-afea-21f1fcbeb4e5/none_v3" 404 70 "GET http://localhost:8080/v1/AUTH_9881c5e8a1ee4b85a8547d82a943073d/gnocchi.ebc1e7f3-d85b-4e6a-afea-21f1fcbeb4e5/none_v3" "txbd912af544f0414bb4f11-0069b07b27" "proxy-server 21" 0.0003 "-" 22 0
Mar 10 20:12:23 standalone proxy-server[124473]: 172.18.0.2 ::1 10/Mar/2026/20/12/23 GET /v1/AUTH_9881c5e8a1ee4b85a8547d82a943073d/gnocchi.ebc1e7f3-d85b-4e6a-afea-21f1fcbeb4e5/none_v3 HTTP/1.0 404 - python-swiftclient-3.11.1 gAAAAABpsHrj4bC9... - 70 - txbd912af544f0414bb4f11-0069b07b27 - 0.0170 - - 1773173543.634935856 1773173543.651906013 0
Mar 10 20:12:23 standalone account-server[122308]: 172.20.0.100 - - [10/Mar/2026:20:12:23 +0000] "PUT /d1/188/AUTH_9881c5e8a1ee4b85a8547d82a943073d/gnocchi.ebc1e7f3-d85b-4e6a-afea-21f1fcbeb4e5" 201 - "PUT http://172.20.0.100:6001/d1/999/AUTH_9881c5e8a1ee4b85a8547d82a943073d/gnocchi.ebc1e7f3-d85b-4e6a-afea-21f1fcbeb4e5" "tx9f6a4a3596d544d881b40-0069b07b27" "container-server 17" 0.0073 "-" 22 0
Mar 10 20:12:23 standalone container-server[122479]: 172.20.0.100 - - [10/Mar/2026:20:12:23 +0000] "PUT /d1/999/AUTH_9881c5e8a1ee4b85a8547d82a943073d/gnocchi.ebc1e7f3-d85b-4e6a-afea-21f1fcbeb4e5" 201 - "PUT http://localhost:8080/v1/AUTH_9881c5e8a1ee4b85a8547d82a943073d/gnocchi.ebc1e7f3-d85b-4e6a-afea-21f1fcbeb4e5" "tx9f6a4a3596d544d881b40-0069b07b27" "proxy-server 21" 0.0203 "-" 17 0
Mar 10 20:12:23 standalone proxy-server[124473]: 172.18.0.2 ::1 10/Mar/2026/20/12/23 PUT /v1/AUTH_9881c5e8a1ee4b85a8547d82a943073d/gnocchi.ebc1e7f3-d85b-4e6a-afea-21f1fcbeb4e5 HTTP/1.0 201 - python-swiftclient-3.11.1 gAAAAABpsHrj4bC9... - - - tx9f6a4a3596d544d881b40-0069b07b27 - 0.0290 - - 1773173543.661757231 1773173543.690769434 0
Mar 10 20:12:23 standalone container-server[122476]: 172.20.0.100 - - [10/Mar/2026:20:12:23 +0000] "HEAD /d1/999/AUTH_9881c5e8a1ee4b85a8547d82a943073d/gnocchi.ebc1e7f3-d85b-4e6a-afea-21f1fcbeb4e5" 204 - "HEAD http://localhost:8080/v1/AUTH_9881c5e8a1ee4b85a8547d82a943073d/gnocchi.ebc1e7f3-d85b-4e6a-afea-21f1fcbeb4e5?format=json&states=listing" "txf03d98ed29534bec998a9-0069b07b27" "proxy-server 21" 0.0024 "-" 15 0
Mar 10 20:12:23 standalone proxy-server[124473]: - - 10/Mar/2026/20/12/23 HEAD /v1/AUTH_9881c5e8a1ee4b85a8547d82a943073d/gnocchi.ebc1e7f3-d85b-4e6a-afea-21f1fcbeb4e5%3Fformat%3Djson%26states%3Dlisting HTTP/1.0 204 - Swift - - - - txf03d98ed29534bec998a9-0069b07b27 - 0.0099 RL - 1773173543.727375507 1773173543.737239361 0
Mar 10 20:12:23 standalone container-server[122479]: 172.20.0.100 - - [10/Mar/2026:20:12:23 +0000] "GET /d1/999/AUTH_9881c5e8a1ee4b85a8547d82a943073d/gnocchi.ebc1e7f3-d85b-4e6a-afea-21f1fcbeb4e5" 200 2 "GET http://localhost:8080/v1/AUTH_9881c5e8a1ee4b85a8547d82a943073d/gnocchi.ebc1e7f3-d85b-4e6a-afea-21f1fcbeb4e5?format=json&states=listing" "txf03d98ed29534bec998a9-0069b07b27" "proxy-server 21" 0.0023 "-" 17 0
Mar 10 20:12:23 standalone proxy-server[124473]: 172.18.0.2 ::1 10/Mar/2026/20/12/23 GET /v1/AUTH_9881c5e8a1ee4b85a8547d82a943073d/gnocchi.ebc1e7f3-d85b-4e6a-afea-21f1fcbeb4e5%3Fformat%3Djson%26states%3Dlisting HTTP/1.0 200 - python-swiftclient-3.11.1 gAAAAABpsHrj4bC9... - 2 - txf03d98ed29534bec998a9-0069b07b27 - 0.0230 - - 1773173543.725395679 1773173543.748355627 0
Mar 10 20:12:23 standalone object-server[122569]: 172.20.0.100 - - [10/Mar/2026:20:12:23 +0000] "GET /d1/909/AUTH_9881c5e8a1ee4b85a8547d82a943073d/gnocchi.ebc1e7f3-d85b-4e6a-afea-21f1fcbeb4e5/1772280000.0_mean_300.0_v3" 404 70 "GET http://localhost:8080/v1/AUTH_9881c5e8a1ee4b85a8547d82a943073d/gnocchi.ebc1e7f3-d85b-4e6a-afea-21f1fcbeb4e5/1772280000.0_mean_300.0_v3" "txeeac8a952708449bafa04-0069b07b27" "proxy-server 21" 0.0004 "-" 24 0
Mar 10 20:12:23 standalone proxy-server[124473]: 172.18.0.2 ::1 10/Mar/2026/20/12/23 GET /v1/AUTH_9881c5e8a1ee4b85a8547d82a943073d/gnocchi.ebc1e7f3-d85b-4e6a-afea-21f1fcbeb4e5/1772280000.0_mean_300.0_v3 HTTP/1.0 404 - python-swiftclient-3.11.1 gAAAAABpsHrj4bC9... - 70 - txeeac8a952708449bafa04-0069b07b27 - 0.0126 - - 1773173543.756283045 1773173543.768892527 0
Mar 10 20:12:23 standalone container-server[122479]: 172.20.0.100 - - [10/Mar/2026:20:12:23 +0000] "PUT /d1/999/AUTH_9881c5e8a1ee4b85a8547d82a943073d/gnocchi.ebc1e7f3-d85b-4e6a-afea-21f1fcbeb4e5/1772280000.0_mean_300.0_v3" 201 - "PUT http://localhost:8080/d1/909/AUTH_9881c5e8a1ee4b85a8547d82a943073d/gnocchi.ebc1e7f3-d85b-4e6a-afea-21f1fcbeb4e5/1772280000.0_mean_300.0_v3" "tx3e73604f2a014ed0be1d4-0069b07b27" "object-server 25" 0.0006 "-" 17 0
Mar 10 20:12:23 standalone object-server[122585]: 172.20.0.100 - - [10/Mar/2026:20:12:23 +0000] "PUT /d1/909/AUTH_9881c5e8a1ee4b85a8547d82a943073d/gnocchi.ebc1e7f3-d85b-4e6a-afea-21f1fcbeb4e5/1772280000.0_mean_300.0_v3" 201 - "PUT http://localhost:8080/v1/AUTH_9881c5e8a1ee4b85a8547d82a943073d/gnocchi.ebc1e7f3-d85b-4e6a-afea-21f1fcbeb4e5/1772280000.0_mean_300.0_v3" "tx3e73604f2a014ed0be1d4-0069b07b27" "proxy-server 21" 0.0175 "-" 25 0
Mar 10 20:12:23 standalone proxy-server[124473]: 172.18.0.2 ::1 10/Mar/2026/20/12/23 PUT /v1/AUTH_9881c5e8a1ee4b85a8547d82a943073d/gnocchi.ebc1e7f3-d85b-4e6a-afea-21f1fcbeb4e5/1772280000.0_mean_300.0_v3 HTTP/1.0 201 - python-swiftclient-3.11.1 gAAAAABpsHrj4bC9... 16 - - tx3e73604f2a014ed0be1d4-0069b07b27 - 0.0245 - - 1773173543.776283741 1773173543.800745964 0
Mar 10 20:12:23 standalone container-server[122476]: 172.20.0.100 - - [10/Mar/2026:20:12:23 +0000] "PUT /d1/999/AUTH_9881c5e8a1ee4b85a8547d82a943073d/gnocchi.ebc1e7f3-d85b-4e6a-afea-21f1fcbeb4e5/none_v3" 201 - "PUT http://localhost:8080/d1/502/AUTH_9881c5e8a1ee4b85a8547d82a943073d/gnocchi.ebc1e7f3-d85b-4e6a-afea-21f1fcbeb4e5/none_v3" "tx53e1d4d74e494100af5ba-0069b07b27" "object-server 22" 0.0013 "-" 15 0
Mar 10 20:12:23 standalone object-server[122549]: 172.20.0.100 - - [10/Mar/2026:20:12:23 +0000] "PUT /d1/502/AUTH_9881c5e8a1ee4b85a8547d82a943073d/gnocchi.ebc1e7f3-d85b-4e6a-afea-21f1fcbeb4e5/none_v3" 201 - "PUT http://localhost:8080/v1/AUTH_9881c5e8a1ee4b85a8547d82a943073d/gnocchi.ebc1e7f3-d85b-4e6a-afea-21f1fcbeb4e5/none_v3" "tx53e1d4d74e494100af5ba-0069b07b27" "proxy-server 21" 0.0107 "-" 22 0
Mar 10 20:12:23 standalone proxy-server[124473]: 172.18.0.2 ::1 10/Mar/2026/20/12/23 PUT /v1/AUTH_9881c5e8a1ee4b85a8547d82a943073d/gnocchi.ebc1e7f3-d85b-4e6a-afea-21f1fcbeb4e5/none_v3 HTTP/1.0 201 - python-swiftclient-3.11.1 gAAAAABpsHrj4bC9... 22 - - tx53e1d4d74e494100af5ba-0069b07b27 - 0.0159 - - 1773173543.805996180 1773173543.821904421 0
Mar 10 20:12:23 standalone container-server[122476]: 172.20.0.100 - - [10/Mar/2026:20:12:23 +0000] "HEAD /d1/81/AUTH_9881c5e8a1ee4b85a8547d82a943073d/gnocchi.1c14f62f-6a82-47e7-8d16-d4a36826968b" 404 - "HEAD http://localhost:8080/v1/AUTH_9881c5e8a1ee4b85a8547d82a943073d/gnocchi.1c14f62f-6a82-47e7-8d16-d4a36826968b?format=json&states=listing" "tx5b320a95646b4e33be8ca-0069b07b27" "proxy-server 21" 0.0007 "-" 15 0
Mar 10 20:12:23 standalone object-server[122585]: 172.20.0.100 - - [10/Mar/2026:20:12:23 +0000] "GET /d1/967/AUTH_9881c5e8a1ee4b85a8547d82a943073d/gnocchi.1c14f62f-6a82-47e7-8d16-d4a36826968b/none_v3" 404 70 "GET http://localhost:8080/v1/AUTH_9881c5e8a1ee4b85a8547d82a943073d/gnocchi.1c14f62f-6a82-47e7-8d16-d4a36826968b/none_v3" "tx5b320a95646b4e33be8ca-0069b07b27" "proxy-server 21" 0.0007 "-" 25 0
Mar 10 20:12:23 standalone proxy-server[124473]: 172.18.0.2 ::1 10/Mar/2026/20/12/23 GET /v1/AUTH_9881c5e8a1ee4b85a8547d82a943073d/gnocchi.1c14f62f-6a82-47e7-8d16-d4a36826968b/none_v3 HTTP/1.0 404 - python-swiftclient-3.11.1 gAAAAABpsHrj4bC9... - 70 - tx5b320a95646b4e33be8ca-0069b07b27 - 0.0114 - - 1773173543.845822811 1773173543.857191086 0
Mar 10 20:12:23 standalone account-server[122288]: 172.20.0.100 - - [10/Mar/2026:20:12:23 +0000] "PUT /d1/188/AUTH_9881c5e8a1ee4b85a8547d82a943073d/gnocchi.1c14f62f-6a82-47e7-8d16-d4a36826968b" 201 - "PUT http://172.20.0.100:6001/d1/81/AUTH_9881c5e8a1ee4b85a8547d82a943073d/gnocchi.1c14f62f-6a82-47e7-8d16-d4a36826968b" "tx69da8df825944a8b85457-0069b07b27" "container-server 17" 0.0068 "-" 20 0
Mar 10 20:12:23 standalone container-server[122479]: 172.20.0.100 - - [10/Mar/2026:20:12:23 +0000] "PUT /d1/81/AUTH_9881c5e8a1ee4b85a8547d82a943073d/gnocchi.1c14f62f-6a82-47e7-8d16-d4a36826968b" 201 - "PUT http://localhost:8080/v1/AUTH_9881c5e8a1ee4b85a8547d82a943073d/gnocchi.1c14f62f-6a82-47e7-8d16-d4a36826968b" "tx69da8df825944a8b85457-0069b07b27" "proxy-server 21" 0.0190 "-" 17 0
Mar 10 20:12:23 standalone proxy-server[124473]: 172.18.0.2 ::1 10/Mar/2026/20/12/23 PUT /v1/AUTH_9881c5e8a1ee4b85a8547d82a943073d/gnocchi.1c14f62f-6a82-47e7-8d16-d4a36826968b HTTP/1.0 201 - python-swiftclient-3.11.1 gAAAAABpsHrj4bC9... - - - tx69da8df825944a8b85457-0069b07b27 - 0.0233 - - 1773173543.861479759 1773173543.884807825 0
Mar 10 20:12:23 standalone container-server[122469]: 172.20.0.100 - - [10/Mar/2026:20:12:23 +0000] "HEAD /d1/81/AUTH_9881c5e8a1ee4b85a8547d82a943073d/gnocchi.1c14f62f-6a82-47e7-8d16-d4a36826968b" 204 - "HEAD http://localhost:8080/v1/AUTH_9881c5e8a1ee4b85a8547d82a943073d/gnocchi.1c14f62f-6a82-47e7-8d16-d4a36826968b?format=json&states=listing" "tx97377d6bbf734ebeb0c1b-0069b07b27" "proxy-server 21" 0.0011 "-" 14 0
Mar 10 20:12:23 standalone proxy-server[124473]: - - 10/Mar/2026/20/12/23 HEAD /v1/AUTH_9881c5e8a1ee4b85a8547d82a943073d/gnocchi.1c14f62f-6a82-47e7-8d16-d4a36826968b%3Fformat%3Djson%26states%3Dlisting HTTP/1.0 204 - Swift - - - - tx97377d6bbf734ebeb0c1b-0069b07b27 - 0.0047 RL - 1773173543.890672445 1773173543.895379782 0
Mar 10 20:12:23 standalone container-server[122476]: 172.20.0.100 - - [10/Mar/2026:20:12:23 +0000] "GET /d1/81/AUTH_9881c5e8a1ee4b85a8547d82a943073d/gnocchi.1c14f62f-6a82-47e7-8d16-d4a36826968b" 200 2 "GET http://localhost:8080/v1/AUTH_9881c5e8a1ee4b85a8547d82a943073d/gnocchi.1c14f62f-6a82-47e7-8d16-d4a36826968b?format=json&states=listing" "tx97377d6bbf734ebeb0c1b-0069b07b27" "proxy-server 21" 0.0046 "-" 15 0
Mar 10 20:12:23 standalone proxy-server[124473]: 172.18.0.2 ::1 10/Mar/2026/20/12/23 GET /v1/AUTH_9881c5e8a1ee4b85a8547d82a943073d/gnocchi.1c14f62f-6a82-47e7-8d16-d4a36826968b%3Fformat%3Djson%26states%3Dlisting HTTP/1.0 200 - python-swiftclient-3.11.1 gAAAAABpsHrj4bC9... - 2 - tx97377d6bbf734ebeb0c1b-0069b07b27 - 0.0177 - - 1773173543.889597416 1773173543.907311678 0
Mar 10 20:12:23 standalone object-server[122555]: 172.20.0.100 - - [10/Mar/2026:20:12:23 +0000] "GET /d1/60/AUTH_9881c5e8a1ee4b85a8547d82a943073d/gnocchi.1c14f62f-6a82-47e7-8d16-d4a36826968b/1772280000.0_mean_300.0_v3" 404 70 "GET http://localhost:8080/v1/AUTH_9881c5e8a1ee4b85a8547d82a943073d/gnocchi.1c14f62f-6a82-47e7-8d16-d4a36826968b/1772280000.0_mean_300.0_v3" "tx5fc2b3e6053d4871b16ef-0069b07b27" "proxy-server 21" 0.0007 "-" 23 0
Mar 10 20:12:23 standalone proxy-server[124473]: 172.18.0.2 ::1 10/Mar/2026/20/12/23 GET /v1/AUTH_9881c5e8a1ee4b85a8547d82a943073d/gnocchi.1c14f62f-6a82-47e7-8d16-d4a36826968b/1772280000.0_mean_300.0_v3 HTTP/1.0 404 - python-swiftclient-3.11.1 gAAAAABpsHrj4bC9... - 70 - tx5fc2b3e6053d4871b16ef-0069b07b27 - 0.0076 - - 1773173543.913036108 1773173543.920673847 0
Mar 10 20:12:23 standalone container-server[122469]: 172.20.0.100 - - [10/Mar/2026:20:12:23 +0000] "PUT /d1/81/AUTH_9881c5e8a1ee4b85a8547d82a943073d/gnocchi.1c14f62f-6a82-47e7-8d16-d4a36826968b/1772280000.0_mean_300.0_v3" 201 - "PUT http://localhost:8080/d1/60/AUTH_9881c5e8a1ee4b85a8547d82a943073d/gnocchi.1c14f62f-6a82-47e7-8d16-d4a36826968b/1772280000.0_mean_300.0_v3" "tx289b0875a39e4cdb828ee-0069b07b27" "object-server 24" 0.0006 "-" 14 0
Mar 10 20:12:23 standalone object-server[122569]: 172.20.0.100 - - [10/Mar/2026:20:12:23 +0000] "PUT /d1/60/AUTH_9881c5e8a1ee4b85a8547d82a943073d/gnocchi.1c14f62f-6a82-47e7-8d16-d4a36826968b/1772280000.0_mean_300.0_v3" 201 - "PUT http://localhost:8080/v1/AUTH_9881c5e8a1ee4b85a8547d82a943073d/gnocchi.1c14f62f-6a82-47e7-8d16-d4a36826968b/1772280000.0_mean_300.0_v3" "tx289b0875a39e4cdb828ee-0069b07b27" "proxy-server 21" 0.0220 "-" 24 0
Mar 10 20:12:23 standalone proxy-server[124473]: 172.18.0.2 ::1 10/Mar/2026/20/12/23 PUT /v1/AUTH_9881c5e8a1ee4b85a8547d82a943073d/gnocchi.1c14f62f-6a82-47e7-8d16-d4a36826968b/1772280000.0_mean_300.0_v3 HTTP/1.0 201 - python-swiftclient-3.11.1 gAAAAABpsHrj4bC9... 16 - - tx289b0875a39e4cdb828ee-0069b07b27 - 0.0295 - - 1773173543.925980568 1773173543.955481291 0
Mar 10 20:12:23 standalone container-server[122469]: 172.20.0.100 - - [10/Mar/2026:20:12:23 +0000] "PUT /d1/81/AUTH_9881c5e8a1ee4b85a8547d82a943073d/gnocchi.1c14f62f-6a82-47e7-8d16-d4a36826968b/none_v3" 201 - "PUT http://localhost:8080/d1/967/AUTH_9881c5e8a1ee4b85a8547d82a943073d/gnocchi.1c14f62f-6a82-47e7-8d16-d4a36826968b/none_v3" "txbb75d371fa5841ac8cf8a-0069b07b27" "object-server 23" 0.0003 "-" 14 0
Mar 10 20:12:23 standalone object-server[122555]: 172.20.0.100 - - [10/Mar/2026:20:12:23 +0000] "PUT /d1/967/AUTH_9881c5e8a1ee4b85a8547d82a943073d/gnocchi.1c14f62f-6a82-47e7-8d16-d4a36826968b/none_v3" 201 - "PUT http://localhost:8080/v1/AUTH_9881c5e8a1ee4b85a8547d82a943073d/gnocchi.1c14f62f-6a82-47e7-8d16-d4a36826968b/none_v3" "txbb75d371fa5841ac8cf8a-0069b07b27" "proxy-server 21" 0.0160 "-" 23 0
Mar 10 20:12:23 standalone proxy-server[124473]: 172.18.0.2 ::1 10/Mar/2026/20/12/23 PUT /v1/AUTH_9881c5e8a1ee4b85a8547d82a943073d/gnocchi.1c14f62f-6a82-47e7-8d16-d4a36826968b/none_v3 HTTP/1.0 201 - python-swiftclient-3.11.1 gAAAAABpsHrj4bC9... 22 - - txbb75d371fa5841ac8cf8a-0069b07b27 - 0.0244 - - 1773173543.963377237 1773173543.987771034 0
Mar 10 20:12:24 standalone container-server[122477]: 172.20.0.100 - - [10/Mar/2026:20:12:24 +0000] "HEAD /d1/53/AUTH_9881c5e8a1ee4b85a8547d82a943073d/gnocchi.5497878a-d07f-4310-af3e-82fe1b5ae902" 404 - "HEAD http://localhost:8080/v1/AUTH_9881c5e8a1ee4b85a8547d82a943073d/gnocchi.5497878a-d07f-4310-af3e-82fe1b5ae902?format=json&states=listing" "tx13846c9b5da74a9fa8933-0069b07b28" "proxy-server 21" 0.0009 "-" 16 0
Mar 10 20:12:24 standalone object-server[122555]: 172.20.0.100 - - [10/Mar/2026:20:12:24 +0000] "GET /d1/31/AUTH_9881c5e8a1ee4b85a8547d82a943073d/gnocchi.5497878a-d07f-4310-af3e-82fe1b5ae902/none_v3" 404 70 "GET http://localhost:8080/v1/AUTH_9881c5e8a1ee4b85a8547d82a943073d/gnocchi.5497878a-d07f-4310-af3e-82fe1b5ae902/none_v3" "tx13846c9b5da74a9fa8933-0069b07b28" "proxy-server 21" 0.0005 "-" 23 0
Mar 10 20:12:24 standalone proxy-server[124473]: 172.18.0.2 ::1 10/Mar/2026/20/12/24 GET /v1/AUTH_9881c5e8a1ee4b85a8547d82a943073d/gnocchi.5497878a-d07f-4310-af3e-82fe1b5ae902/none_v3 HTTP/1.0 404 - python-swiftclient-3.11.1 gAAAAABpsHrj4bC9... - 70 - tx13846c9b5da74a9fa8933-0069b07b28 - 0.0139 - - 1773173544.006052017 1773173544.019945621 0
Mar 10 20:12:24 standalone account-server[122314]: 172.20.0.100 - - [10/Mar/2026:20:12:24 +0000] "PUT /d1/188/AUTH_9881c5e8a1ee4b85a8547d82a943073d/gnocchi.5497878a-d07f-4310-af3e-82fe1b5ae902" 201 - "PUT http://172.20.0.100:6001/d1/53/AUTH_9881c5e8a1ee4b85a8547d82a943073d/gnocchi.5497878a-d07f-4310-af3e-82fe1b5ae902" "txbc3ca957f33644cc8512c-0069b07b28" "container-server 15" 0.0068 "-" 23 0
Mar 10 20:12:24 standalone container-server[122476]: 172.20.0.100 - - [10/Mar/2026:20:12:24 +0000] "PUT /d1/53/AUTH_9881c5e8a1ee4b85a8547d82a943073d/gnocchi.5497878a-d07f-4310-af3e-82fe1b5ae902" 201 - "PUT http://localhost:8080/v1/AUTH_9881c5e8a1ee4b85a8547d82a943073d/gnocchi.5497878a-d07f-4310-af3e-82fe1b5ae902" "txbc3ca957f33644cc8512c-0069b07b28" "proxy-server 21" 0.0257 "-" 15 0
Mar 10 20:12:24 standalone proxy-server[124473]: 172.18.0.2 ::1 10/Mar/2026/20/12/24 PUT /v1/AUTH_9881c5e8a1ee4b85a8547d82a943073d/gnocchi.5497878a-d07f-4310-af3e-82fe1b5ae902 HTTP/1.0 201 - python-swiftclient-3.11.1 gAAAAABpsHrj4bC9... - - - txbc3ca957f33644cc8512c-0069b07b28 - 0.0325 - - 1773173544.024854898 1773173544.057338715 0
Mar 10 20:12:24 standalone container-server[122469]: 172.20.0.100 - - [10/Mar/2026:20:12:24 +0000] "HEAD /d1/53/AUTH_9881c5e8a1ee4b85a8547d82a943073d/gnocchi.5497878a-d07f-4310-af3e-82fe1b5ae902" 204 - "HEAD http://localhost:8080/v1/AUTH_9881c5e8a1ee4b85a8547d82a943073d/gnocchi.5497878a-d07f-4310-af3e-82fe1b5ae902?format=json&states=listing" "txaf7842b3e45c494f8cd47-0069b07b28" "proxy-server 21" 0.0011 "-" 14 0
Mar 10 20:12:24 standalone proxy-server[124473]: - - 10/Mar/2026/20/12/24 HEAD /v1/AUTH_9881c5e8a1ee4b85a8547d82a943073d/gnocchi.5497878a-d07f-4310-af3e-82fe1b5ae902%3Fformat%3Djson%26states%3Dlisting HTTP/1.0 204 - Swift - - - - txaf7842b3e45c494f8cd47-0069b07b28 - 0.0045 RL - 1773173544.062386513 1773173544.066876173 0
Mar 10 20:12:24 standalone container-server[122469]: 172.20.0.100 - - [10/Mar/2026:20:12:24 +0000] "GET /d1/53/AUTH_9881c5e8a1ee4b85a8547d82a943073d/gnocchi.5497878a-d07f-4310-af3e-82fe1b5ae902" 200 2 "GET http://localhost:8080/v1/AUTH_9881c5e8a1ee4b85a8547d82a943073d/gnocchi.5497878a-d07f-4310-af3e-82fe1b5ae902?format=json&states=listing" "txaf7842b3e45c494f8cd47-0069b07b28" "proxy-server 21" 0.0015 "-" 14 0
Mar 10 20:12:24 standalone proxy-server[124473]: 172.18.0.2 ::1 10/Mar/2026/20/12/24 GET /v1/AUTH_9881c5e8a1ee4b85a8547d82a943073d/gnocchi.5497878a-d07f-4310-af3e-82fe1b5ae902%3Fformat%3Djson%26states%3Dlisting HTTP/1.0 200 - python-swiftclient-3.11.1 gAAAAABpsHrj4bC9... - 2 - txaf7842b3e45c494f8cd47-0069b07b28 - 0.0138 - - 1773173544.061144590 1773173544.074966192 0
Mar 10 20:12:24 standalone object-server[122585]: 172.20.0.100 - - [10/Mar/2026:20:12:24 +0000] "GET /d1/825/AUTH_9881c5e8a1ee4b85a8547d82a943073d/gnocchi.5497878a-d07f-4310-af3e-82fe1b5ae902/1772280000.0_mean_300.0_v3" 404 70 "GET http://localhost:8080/v1/AUTH_9881c5e8a1ee4b85a8547d82a943073d/gnocchi.5497878a-d07f-4310-af3e-82fe1b5ae902/1772280000.0_mean_300.0_v3" "txc93f4bb6df504e4b8a362-0069b07b28" "proxy-server 21" 0.0006 "-" 25 0
Mar 10 20:12:24 standalone proxy-server[124473]: 172.18.0.2 ::1 10/Mar/2026/20/12/24 GET /v1/AUTH_9881c5e8a1ee4b85a8547d82a943073d/gnocchi.5497878a-d07f-4310-af3e-82fe1b5ae902/1772280000.0_mean_300.0_v3 HTTP/1.0 404 - python-swiftclient-3.11.1 gAAAAABpsHrj4bC9... - 70 - txc93f4bb6df504e4b8a362-0069b07b28 - 0.0077 - - 1773173544.078543186 1773173544.086236238 0
Mar 10 20:12:24 standalone container-server[122469]: 172.20.0.100 - - [10/Mar/2026:20:12:24 +0000] "PUT /d1/53/AUTH_9881c5e8a1ee4b85a8547d82a943073d/gnocchi.5497878a-d07f-4310-af3e-82fe1b5ae902/1772280000.0_mean_300.0_v3" 201 - "PUT http://localhost:8080/d1/825/AUTH_9881c5e8a1ee4b85a8547d82a943073d/gnocchi.5497878a-d07f-4310-af3e-82fe1b5ae902/1772280000.0_mean_300.0_v3" "tx830b1cdf57bf4a749ea30-0069b07b28" "object-server 22" 0.0004 "-" 14 0
Mar 10 20:12:24 standalone object-server[122549]: 172.20.0.100 - - [10/Mar/2026:20:12:24 +0000] "PUT /d1/825/AUTH_9881c5e8a1ee4b85a8547d82a943073d/gnocchi.5497878a-d07f-4310-af3e-82fe1b5ae902/1772280000.0_mean_300.0_v3" 201 - "PUT http://localhost:8080/v1/AUTH_9881c5e8a1ee4b85a8547d82a943073d/gnocchi.5497878a-d07f-4310-af3e-82fe1b5ae902/1772280000.0_mean_300.0_v3" "tx830b1cdf57bf4a749ea30-0069b07b28" "proxy-server 21" 0.0096 "-" 22 0
Mar 10 20:12:24 standalone proxy-server[124473]: 172.18.0.2 ::1 10/Mar/2026/20/12/24 PUT /v1/AUTH_9881c5e8a1ee4b85a8547d82a943073d/gnocchi.5497878a-d07f-4310-af3e-82fe1b5ae902/1772280000.0_mean_300.0_v3 HTTP/1.0 201 - python-swiftclient-3.11.1 gAAAAABpsHrj4bC9... 16 - - tx830b1cdf57bf4a749ea30-0069b07b28 - 0.0168 - - 1773173544.089289665 1773173544.106046915 0
Mar 10 20:12:24 standalone container-server[122469]: 172.20.0.100 - - [10/Mar/2026:20:12:24 +0000] "PUT /d1/53/AUTH_9881c5e8a1ee4b85a8547d82a943073d/gnocchi.5497878a-d07f-4310-af3e-82fe1b5ae902/none_v3" 201 - "PUT http://localhost:8080/d1/31/AUTH_9881c5e8a1ee4b85a8547d82a943073d/gnocchi.5497878a-d07f-4310-af3e-82fe1b5ae902/none_v3" "tx235845785e43441cb0d60-0069b07b28" "object-server 25" 0.0003 "-" 14 0
Mar 10 20:12:24 standalone object-server[122585]: 172.20.0.100 - - [10/Mar/2026:20:12:24 +0000] "PUT /d1/31/AUTH_9881c5e8a1ee4b85a8547d82a943073d/gnocchi.5497878a-d07f-4310-af3e-82fe1b5ae902/none_v3" 201 - "PUT http://localhost:8080/v1/AUTH_9881c5e8a1ee4b85a8547d82a943073d/gnocchi.5497878a-d07f-4310-af3e-82fe1b5ae902/none_v3" "tx235845785e43441cb0d60-0069b07b28" "proxy-server 21" 0.0130 "-" 25 0
Mar 10 20:12:24 standalone proxy-server[124473]: 172.18.0.2 ::1 10/Mar/2026/20/12/24 PUT /v1/AUTH_9881c5e8a1ee4b85a8547d82a943073d/gnocchi.5497878a-d07f-4310-af3e-82fe1b5ae902/none_v3 HTTP/1.0 201 - python-swiftclient-3.11.1 gAAAAABpsHrj4bC9... 22 - - tx235845785e43441cb0d60-0069b07b28 - 0.0200 - - 1773173544.109531879 1773173544.129495382 0
Mar 10 20:12:24 standalone container-server[122477]: 172.20.0.100 - - [10/Mar/2026:20:12:24 +0000] "HEAD /d1/579/AUTH_9881c5e8a1ee4b85a8547d82a943073d/gnocchi.864738fe-a96f-4391-9439-51a3a7b177fc" 404 - "HEAD http://localhost:8080/v1/AUTH_9881c5e8a1ee4b85a8547d82a943073d/gnocchi.864738fe-a96f-4391-9439-51a3a7b177fc?format=json&states=listing" "txcb775ea9b87e417aac9cf-0069b07b28" "proxy-server 21" 0.0006 "-" 16 0
Mar 10 20:12:24 standalone object-server[122555]: 172.20.0.100 - - [10/Mar/2026:20:12:24 +0000] "GET /d1/83/AUTH_9881c5e8a1ee4b85a8547d82a943073d/gnocchi.864738fe-a96f-4391-9439-51a3a7b177fc/none_v3" 404 70 "GET http://localhost:8080/v1/AUTH_9881c5e8a1ee4b85a8547d82a943073d/gnocchi.864738fe-a96f-4391-9439-51a3a7b177fc/none_v3" "txcb775ea9b87e417aac9cf-0069b07b28" "proxy-server 21" 0.0004 "-" 23 0
Mar 10 20:12:24 standalone proxy-server[124473]: 172.18.0.2 ::1 10/Mar/2026/20/12/24 GET /v1/AUTH_9881c5e8a1ee4b85a8547d82a943073d/gnocchi.864738fe-a96f-4391-9439-51a3a7b177fc/none_v3 HTTP/1.0 404 - python-swiftclient-3.11.1 gAAAAABpsHrj4bC9... - 70 - txcb775ea9b87e417aac9cf-0069b07b28 - 0.0128 - - 1773173544.138952971 1773173544.151761055 0
Mar 10 20:12:24 standalone account-server[122288]: 172.20.0.100 - - [10/Mar/2026:20:12:24 +0000] "PUT /d1/188/AUTH_9881c5e8a1ee4b85a8547d82a943073d/gnocchi.864738fe-a96f-4391-9439-51a3a7b177fc" 201 - "PUT http://172.20.0.100:6001/d1/579/AUTH_9881c5e8a1ee4b85a8547d82a943073d/gnocchi.864738fe-a96f-4391-9439-51a3a7b177fc" "txf74934cb0215493f9b75a-0069b07b28" "container-server 15" 0.0042 "-" 20 0
Mar 10 20:12:24 standalone container-server[122476]: 172.20.0.100 - - [10/Mar/2026:20:12:24 +0000] "PUT /d1/579/AUTH_9881c5e8a1ee4b85a8547d82a943073d/gnocchi.864738fe-a96f-4391-9439-51a3a7b177fc" 201 - "PUT http://localhost:8080/v1/AUTH_9881c5e8a1ee4b85a8547d82a943073d/gnocchi.864738fe-a96f-4391-9439-51a3a7b177fc" "txf74934cb0215493f9b75a-0069b07b28" "proxy-server 21" 0.0136 "-" 15 0
Mar 10 20:12:24 standalone proxy-server[124473]: 172.18.0.2 ::1 10/Mar/2026/20/12/24 PUT /v1/AUTH_9881c5e8a1ee4b85a8547d82a943073d/gnocchi.864738fe-a96f-4391-9439-51a3a7b177fc HTTP/1.0 201 - python-swiftclient-3.11.1 gAAAAABpsHrj4bC9... - - - txf74934cb0215493f9b75a-0069b07b28 - 0.0183 - - 1773173544.154960871 1773173544.173217297 0
Mar 10 20:12:24 standalone container-server[122477]: 172.20.0.100 - - [10/Mar/2026:20:12:24 +0000] "HEAD /d1/579/AUTH_9881c5e8a1ee4b85a8547d82a943073d/gnocchi.864738fe-a96f-4391-9439-51a3a7b177fc" 204 - "HEAD http://localhost:8080/v1/AUTH_9881c5e8a1ee4b85a8547d82a943073d/gnocchi.864738fe-a96f-4391-9439-51a3a7b177fc?format=json&states=listing" "tx20ccbc8b8f474c478f392-0069b07b28" "proxy-server 21" 0.0032 "-" 16 0
Mar 10 20:12:24 standalone proxy-server[124473]: - - 10/Mar/2026/20/12/24 HEAD /v1/AUTH_9881c5e8a1ee4b85a8547d82a943073d/gnocchi.864738fe-a96f-4391-9439-51a3a7b177fc%3Fformat%3Djson%26states%3Dlisting HTTP/1.0 204 - Swift - - - - tx20ccbc8b8f474c478f392-0069b07b28 - 0.0096 RL - 1773173544.178049803 1773173544.187663794 0
Mar 10 20:12:24 standalone container-server[122479]: 172.20.0.100 - - [10/Mar/2026:20:12:24 +0000] "GET /d1/579/AUTH_9881c5e8a1ee4b85a8547d82a943073d/gnocchi.864738fe-a96f-4391-9439-51a3a7b177fc" 200 2 "GET http://localhost:8080/v1/AUTH_9881c5e8a1ee4b85a8547d82a943073d/gnocchi.864738fe-a96f-4391-9439-51a3a7b177fc?format=json&states=listing" "tx20ccbc8b8f474c478f392-0069b07b28" "proxy-server 21" 0.0128 "-" 17 0
Mar 10 20:12:24 standalone proxy-server[124473]: 172.18.0.2 ::1 10/Mar/2026/20/12/24 GET /v1/AUTH_9881c5e8a1ee4b85a8547d82a943073d/gnocchi.864738fe-a96f-4391-9439-51a3a7b177fc%3Fformat%3Djson%26states%3Dlisting HTTP/1.0 200 - python-swiftclient-3.11.1 gAAAAABpsHrj4bC9... - 2 - tx20ccbc8b8f474c478f392-0069b07b28 - 0.0309 - - 1773173544.176814556 1773173544.207741976 0
Mar 10 20:12:24 standalone object-server[122549]: 172.20.0.100 - - [10/Mar/2026:20:12:24 +0000] "GET /d1/675/AUTH_9881c5e8a1ee4b85a8547d82a943073d/gnocchi.864738fe-a96f-4391-9439-51a3a7b177fc/1772280000.0_mean_300.0_v3" 404 70 "GET http://localhost:8080/v1/AUTH_9881c5e8a1ee4b85a8547d82a943073d/gnocchi.864738fe-a96f-4391-9439-51a3a7b177fc/1772280000.0_mean_300.0_v3" "tx8e6da99edb6842f9b0769-0069b07b28" "proxy-server 21" 0.0003 "-" 22 0
Mar 10 20:12:24 standalone proxy-server[124473]: 172.18.0.2 ::1 10/Mar/2026/20/12/24 GET /v1/AUTH_9881c5e8a1ee4b85a8547d82a943073d/gnocchi.864738fe-a96f-4391-9439-51a3a7b177fc/1772280000.0_mean_300.0_v3 HTTP/1.0 404 - python-swiftclient-3.11.1 gAAAAABpsHrj4bC9... - 70 - tx8e6da99edb6842f9b0769-0069b07b28 - 0.0067 - - 1773173544.211983204 1773173544.218680382 0
Mar 10 20:12:24 standalone container-server[122477]: 172.20.0.100 - - [10/Mar/2026:20:12:24 +0000] "PUT /d1/579/AUTH_9881c5e8a1ee4b85a8547d82a943073d/gnocchi.864738fe-a96f-4391-9439-51a3a7b177fc/1772280000.0_mean_300.0_v3" 201 - "PUT http://localhost:8080/d1/675/AUTH_9881c5e8a1ee4b85a8547d82a943073d/gnocchi.864738fe-a96f-4391-9439-51a3a7b177fc/1772280000.0_mean_300.0_v3" "tx1bc818923f2a4ba48af1d-0069b07b28" "object-server 24" 0.0010 "-" 16 0
Mar 10 20:12:24 standalone object-server[122569]: 172.20.0.100 - - [10/Mar/2026:20:12:24 +0000] "PUT /d1/675/AUTH_9881c5e8a1ee4b85a8547d82a943073d/gnocchi.864738fe-a96f-4391-9439-51a3a7b177fc/1772280000.0_mean_300.0_v3" 201 - "PUT http://localhost:8080/v1/AUTH_9881c5e8a1ee4b85a8547d82a943073d/gnocchi.864738fe-a96f-4391-9439-51a3a7b177fc/1772280000.0_mean_300.0_v3" "tx1bc818923f2a4ba48af1d-0069b07b28" "proxy-server 21" 0.0127 "-" 24 0
Mar 10 20:12:24 standalone proxy-server[124473]: 172.18.0.2 ::1 10/Mar/2026/20/12/24 PUT /v1/AUTH_9881c5e8a1ee4b85a8547d82a943073d/gnocchi.864738fe-a96f-4391-9439-51a3a7b177fc/1772280000.0_mean_300.0_v3 HTTP/1.0 201 - python-swiftclient-3.11.1 gAAAAABpsHrj4bC9... 16 - - tx1bc818923f2a4ba48af1d-0069b07b28 - 0.0199 - - 1773173544.234931946 1773173544.254803896 0
Mar 10 20:12:24 standalone container-server[122479]: 172.20.0.100 - - [10/Mar/2026:20:12:24 +0000] "PUT /d1/579/AUTH_9881c5e8a1ee4b85a8547d82a943073d/gnocchi.864738fe-a96f-4391-9439-51a3a7b177fc/none_v3" 201 - "PUT http://localhost:8080/d1/83/AUTH_9881c5e8a1ee4b85a8547d82a943073d/gnocchi.864738fe-a96f-4391-9439-51a3a7b177fc/none_v3" "tx840c1debf0094a8e885b1-0069b07b28" "object-server 23" 0.0006 "-" 17 0
Mar 10 20:12:24 standalone object-server[122555]: 172.20.0.100 - - [10/Mar/2026:20:12:24 +0000] "PUT /d1/83/AUTH_9881c5e8a1ee4b85a8547d82a943073d/gnocchi.864738fe-a96f-4391-9439-51a3a7b177fc/none_v3" 201 - "PUT http://localhost:8080/v1/AUTH_9881c5e8a1ee4b85a8547d82a943073d/gnocchi.864738fe-a96f-4391-9439-51a3a7b177fc/none_v3" "tx840c1debf0094a8e885b1-0069b07b28" "proxy-server 21" 0.0086 "-" 23 0
Mar 10 20:12:24 standalone proxy-server[124473]: 172.18.0.2 ::1 10/Mar/2026/20/12/24 PUT /v1/AUTH_9881c5e8a1ee4b85a8547d82a943073d/gnocchi.864738fe-a96f-4391-9439-51a3a7b177fc/none_v3 HTTP/1.0 201 - python-swiftclient-3.11.1 gAAAAABpsHrj4bC9... 22 - - tx840c1debf0094a8e885b1-0069b07b28 - 0.0137 - - 1773173544.257307529 1773173544.270962000 0
Mar 10 20:12:55 standalone account-server[122298]: 172.20.0.100 - - [10/Mar/2026:20:12:55 +0000] "HEAD /d1/83/.expiring_objects" 404 - "HEAD http://localhost/v1/.expiring_objects?format=json" "txdc8de3a272c74661bda6a-0069b07b47" "proxy-server 2" 0.0004 "-" 21 -
Mar 10 20:12:55 standalone object-expirer[122299]: Pass completed in 0s; 0 objects expired (txn: txdc8de3a272c74661bda6a-0069b07b47)
Mar 10 20:12:59 standalone object-server[122510]: Begin object update sweep
Mar 10 20:12:59 standalone object-server[220242]: Object update sweep starting on /srv/node/d1 (pid: 14)
Mar 10 20:12:59 standalone object-server[220242]: Object update sweep completed on /srv/node/d1 in 0.00s seconds:, 0 successes, 0 failures, 0 quarantines, 0 unlinks, 0 errors, 0 redirects (pid: 14)
Mar 10 20:12:59 standalone object-server[220242]: Object update sweep of d1 completed: 0.00s, 0 successes, 0 failures, 0 quarantines, 0 unlinks, 0 errors, 0 redirects
Mar 10 20:12:59 standalone object-server[122510]: Object update sweep completed: 0.08s
Mar 10 20:14:14 standalone account-server[122308]: 172.20.0.100 - - [10/Mar/2026:20:14:14 +0000] "HEAD /d1/188/AUTH_9881c5e8a1ee4b85a8547d82a943073d" 204 - "HEAD http://localhost:8080/v1/AUTH_9881c5e8a1ee4b85a8547d82a943073d?format=json" "tx5c330f3defd14d8098053-0069b07b96" "proxy-server 21" 0.0071 "-" 22 -
Mar 10 20:14:14 standalone proxy-server[124473]: - - 10/Mar/2026/20/14/14 HEAD /v1/AUTH_9881c5e8a1ee4b85a8547d82a943073d%3Fformat%3Djson HTTP/1.0 204 - Swift - - - - tx5c330f3defd14d8098053-0069b07b96 - 0.0106 RL - 1773173654.036769390 1773173654.047369003 -
Mar 10 20:14:14 standalone container-server[122476]: 172.20.0.100 - - [10/Mar/2026:20:14:14 +0000] "HEAD /d1/95/AUTH_9881c5e8a1ee4b85a8547d82a943073d/gnocchi.e56a133f-0c12-4b5b-a3d0-ef3e1eacd834" 404 - "HEAD http://localhost:8080/v1/AUTH_9881c5e8a1ee4b85a8547d82a943073d/gnocchi.e56a133f-0c12-4b5b-a3d0-ef3e1eacd834?format=json&states=listing" "tx5c330f3defd14d8098053-0069b07b96" "proxy-server 21" 0.0005 "-" 15 0
Mar 10 20:14:14 standalone object-server[122585]: 172.20.0.100 - - [10/Mar/2026:20:14:14 +0000] "GET /d1/264/AUTH_9881c5e8a1ee4b85a8547d82a943073d/gnocchi.e56a133f-0c12-4b5b-a3d0-ef3e1eacd834/none_v3" 404 70 "GET http://localhost:8080/v1/AUTH_9881c5e8a1ee4b85a8547d82a943073d/gnocchi.e56a133f-0c12-4b5b-a3d0-ef3e1eacd834/none_v3" "tx5c330f3defd14d8098053-0069b07b96" "proxy-server 21" 0.0006 "-" 25 0
Mar 10 20:14:14 standalone proxy-server[124473]: 172.18.0.2 ::1 10/Mar/2026/20/14/14 GET /v1/AUTH_9881c5e8a1ee4b85a8547d82a943073d/gnocchi.e56a133f-0c12-4b5b-a3d0-ef3e1eacd834/none_v3 HTTP/1.0 404 - python-swiftclient-3.11.1 gAAAAABpsHrj4bC9... - 70 - tx5c330f3defd14d8098053-0069b07b96 - 0.0220 - - 1773173654.035999060 1773173654.057971478 0
Mar 10 20:14:14 standalone account-server[122308]: 172.20.0.100 - - [10/Mar/2026:20:14:14 +0000] "PUT /d1/188/AUTH_9881c5e8a1ee4b85a8547d82a943073d/gnocchi.e56a133f-0c12-4b5b-a3d0-ef3e1eacd834" 201 - "PUT http://172.20.0.100:6001/d1/95/AUTH_9881c5e8a1ee4b85a8547d82a943073d/gnocchi.e56a133f-0c12-4b5b-a3d0-ef3e1eacd834" "tx8e44f9e7801e47c48cb75-0069b07b96" "container-server 14" 0.0010 "-" 22 0
Mar 10 20:14:14 standalone container-server[122469]: 172.20.0.100 - - [10/Mar/2026:20:14:14 +0000] "PUT /d1/95/AUTH_9881c5e8a1ee4b85a8547d82a943073d/gnocchi.e56a133f-0c12-4b5b-a3d0-ef3e1eacd834" 201 - "PUT http://localhost:8080/v1/AUTH_9881c5e8a1ee4b85a8547d82a943073d/gnocchi.e56a133f-0c12-4b5b-a3d0-ef3e1eacd834" "tx8e44f9e7801e47c48cb75-0069b07b96" "proxy-server 21" 0.0087 "-" 14 0
Mar 10 20:14:14 standalone proxy-server[124473]: 172.18.0.2 ::1 10/Mar/2026/20/14/14 PUT /v1/AUTH_9881c5e8a1ee4b85a8547d82a943073d/gnocchi.e56a133f-0c12-4b5b-a3d0-ef3e1eacd834 HTTP/1.0 201 - python-swiftclient-3.11.1 gAAAAABpsHrj4bC9... - - - tx8e44f9e7801e47c48cb75-0069b07b96 - 0.0137 - - 1773173654.062432528 1773173654.076116562 0
Mar 10 20:14:14 standalone container-server[122479]: 172.20.0.100 - - [10/Mar/2026:20:14:14 +0000] "HEAD /d1/95/AUTH_9881c5e8a1ee4b85a8547d82a943073d/gnocchi.e56a133f-0c12-4b5b-a3d0-ef3e1eacd834" 204 - "HEAD http://localhost:8080/v1/AUTH_9881c5e8a1ee4b85a8547d82a943073d/gnocchi.e56a133f-0c12-4b5b-a3d0-ef3e1eacd834?format=json&states=listing" "txce4b01d77b7045798c0a1-0069b07b96" "proxy-server 21" 0.0011 "-" 17 0
Mar 10 20:14:14 standalone proxy-server[124473]: - - 10/Mar/2026/20/14/14 HEAD /v1/AUTH_9881c5e8a1ee4b85a8547d82a943073d/gnocchi.e56a133f-0c12-4b5b-a3d0-ef3e1eacd834%3Fformat%3Djson%26states%3Dlisting HTTP/1.0 204 - Swift - - - - txce4b01d77b7045798c0a1-0069b07b96 - 0.0041 RL - 1773173654.081068754 1773173654.085164785 0
Mar 10 20:14:14 standalone container-server[122477]: 172.20.0.100 - - [10/Mar/2026:20:14:14 +0000] "GET /d1/95/AUTH_9881c5e8a1ee4b85a8547d82a943073d/gnocchi.e56a133f-0c12-4b5b-a3d0-ef3e1eacd834" 200 2 "GET http://localhost:8080/v1/AUTH_9881c5e8a1ee4b85a8547d82a943073d/gnocchi.e56a133f-0c12-4b5b-a3d0-ef3e1eacd834?format=json&states=listing" "txce4b01d77b7045798c0a1-0069b07b96" "proxy-server 21" 0.0023 "-" 16 0
Mar 10 20:14:14 standalone proxy-server[124473]: 172.18.0.2 ::1 10/Mar/2026/20/14/14 GET /v1/AUTH_9881c5e8a1ee4b85a8547d82a943073d/gnocchi.e56a133f-0c12-4b5b-a3d0-ef3e1eacd834%3Fformat%3Djson%26states%3Dlisting HTTP/1.0 200 - python-swiftclient-3.11.1 gAAAAABpsHrj4bC9... - 2 - txce4b01d77b7045798c0a1-0069b07b96 - 0.0179 - - 1773173654.080041885 1773173654.097904921 0
Mar 10 20:14:14 standalone object-server[122569]: 172.20.0.100 - - [10/Mar/2026:20:14:14 +0000] "GET /d1/699/AUTH_9881c5e8a1ee4b85a8547d82a943073d/gnocchi.e56a133f-0c12-4b5b-a3d0-ef3e1eacd834/1772280000.0_mean_300.0_v3" 404 70 "GET http://localhost:8080/v1/AUTH_9881c5e8a1ee4b85a8547d82a943073d/gnocchi.e56a133f-0c12-4b5b-a3d0-ef3e1eacd834/1772280000.0_mean_300.0_v3" "txb16a89d704e146c890769-0069b07b96" "proxy-server 21" 0.0003 "-" 24 0
Mar 10 20:14:14 standalone proxy-server[124473]: 172.18.0.2 ::1 10/Mar/2026/20/14/14 GET /v1/AUTH_9881c5e8a1ee4b85a8547d82a943073d/gnocchi.e56a133f-0c12-4b5b-a3d0-ef3e1eacd834/1772280000.0_mean_300.0_v3 HTTP/1.0 404 - python-swiftclient-3.11.1 gAAAAABpsHrj4bC9... - 70 - txb16a89d704e146c890769-0069b07b96 - 0.0082 - - 1773173654.102176189 1773173654.110400200 0
Mar 10 20:14:14 standalone container-server[122479]: 172.20.0.100 - - [10/Mar/2026:20:14:14 +0000] "PUT /d1/95/AUTH_9881c5e8a1ee4b85a8547d82a943073d/gnocchi.e56a133f-0c12-4b5b-a3d0-ef3e1eacd834/1772280000.0_mean_300.0_v3" 201 - "PUT http://localhost:8080/d1/699/AUTH_9881c5e8a1ee4b85a8547d82a943073d/gnocchi.e56a133f-0c12-4b5b-a3d0-ef3e1eacd834/1772280000.0_mean_300.0_v3" "tx493650e5572f4caa81cd5-0069b07b96" "object-server 24" 0.0005 "-" 17 0
Mar 10 20:14:14 standalone object-server[122569]: 172.20.0.100 - - [10/Mar/2026:20:14:14 +0000] "PUT /d1/699/AUTH_9881c5e8a1ee4b85a8547d82a943073d/gnocchi.e56a133f-0c12-4b5b-a3d0-ef3e1eacd834/1772280000.0_mean_300.0_v3" 201 - "PUT http://localhost:8080/v1/AUTH_9881c5e8a1ee4b85a8547d82a943073d/gnocchi.e56a133f-0c12-4b5b-a3d0-ef3e1eacd834/1772280000.0_mean_300.0_v3" "tx493650e5572f4caa81cd5-0069b07b96" "proxy-server 21" 0.0081 "-" 24 0
Mar 10 20:14:14 standalone proxy-server[124473]: 172.18.0.2 ::1 10/Mar/2026/20/14/14 PUT /v1/AUTH_9881c5e8a1ee4b85a8547d82a943073d/gnocchi.e56a133f-0c12-4b5b-a3d0-ef3e1eacd834/1772280000.0_mean_300.0_v3 HTTP/1.0 201 - python-swiftclient-3.11.1 gAAAAABpsHrj4bC9... 16 - - tx493650e5572f4caa81cd5-0069b07b96 - 0.0160 - - 1773173654.115804434 1773173654.131851673 0
Mar 10 20:14:14 standalone container-server[122476]: 172.20.0.100 - - [10/Mar/2026:20:14:14 +0000] "PUT /d1/95/AUTH_9881c5e8a1ee4b85a8547d82a943073d/gnocchi.e56a133f-0c12-4b5b-a3d0-ef3e1eacd834/none_v3" 201 - "PUT http://localhost:8080/d1/264/AUTH_9881c5e8a1ee4b85a8547d82a943073d/gnocchi.e56a133f-0c12-4b5b-a3d0-ef3e1eacd834/none_v3" "tx5a5e0b9a08e54cf0a2ce3-0069b07b96" "object-server 22" 0.0005 "-" 15 0
Mar 10 20:14:14 standalone object-server[122549]: 172.20.0.100 - - [10/Mar/2026:20:14:14 +0000] "PUT /d1/264/AUTH_9881c5e8a1ee4b85a8547d82a943073d/gnocchi.e56a133f-0c12-4b5b-a3d0-ef3e1eacd834/none_v3" 201 - "PUT http://localhost:8080/v1/AUTH_9881c5e8a1ee4b85a8547d82a943073d/gnocchi.e56a133f-0c12-4b5b-a3d0-ef3e1eacd834/none_v3" "tx5a5e0b9a08e54cf0a2ce3-0069b07b96" "proxy-server 21" 0.0088 "-" 22 0
Mar 10 20:14:14 standalone proxy-server[124473]: 172.18.0.2 ::1 10/Mar/2026/20/14/14 PUT /v1/AUTH_9881c5e8a1ee4b85a8547d82a943073d/gnocchi.e56a133f-0c12-4b5b-a3d0-ef3e1eacd834/none_v3 HTTP/1.0 201 - python-swiftclient-3.11.1 gAAAAABpsHrj4bC9... 22 - - tx5a5e0b9a08e54cf0a2ce3-0069b07b96 - 0.0132 - - 1773173654.135132790 1773173654.148319721 0
Mar 10 20:14:14 standalone container-server[122479]: 172.20.0.100 - - [10/Mar/2026:20:14:14 +0000] "HEAD /d1/175/AUTH_9881c5e8a1ee4b85a8547d82a943073d/gnocchi.d670d3bb-c476-4eed-9253-1440914a660d" 404 - "HEAD http://localhost:8080/v1/AUTH_9881c5e8a1ee4b85a8547d82a943073d/gnocchi.d670d3bb-c476-4eed-9253-1440914a660d?format=json&states=listing" "txe8f33dd3499e431784816-0069b07b96" "proxy-server 21" 0.0004 "-" 17 0
Mar 10 20:14:14 standalone object-server[122549]: 172.20.0.100 - - [10/Mar/2026:20:14:14 +0000] "GET /d1/116/AUTH_9881c5e8a1ee4b85a8547d82a943073d/gnocchi.d670d3bb-c476-4eed-9253-1440914a660d/none_v3" 404 70 "GET http://localhost:8080/v1/AUTH_9881c5e8a1ee4b85a8547d82a943073d/gnocchi.d670d3bb-c476-4eed-9253-1440914a660d/none_v3" "txe8f33dd3499e431784816-0069b07b96" "proxy-server 21" 0.0003 "-" 22 0
Mar 10 20:14:14 standalone proxy-server[124473]: 172.18.0.2 ::1 10/Mar/2026/20/14/14 GET /v1/AUTH_9881c5e8a1ee4b85a8547d82a943073d/gnocchi.d670d3bb-c476-4eed-9253-1440914a660d/none_v3 HTTP/1.0 404 - python-swiftclient-3.11.1 gAAAAABpsHrj4bC9... - 70 - txe8f33dd3499e431784816-0069b07b96 - 0.0083 - - 1773173654.160406590 1773173654.168667555 0
Mar 10 20:14:14 standalone account-server[122288]: 172.20.0.100 - - [10/Mar/2026:20:14:14 +0000] "PUT /d1/188/AUTH_9881c5e8a1ee4b85a8547d82a943073d/gnocchi.d670d3bb-c476-4eed-9253-1440914a660d" 201 - "PUT http://172.20.0.100:6001/d1/175/AUTH_9881c5e8a1ee4b85a8547d82a943073d/gnocchi.d670d3bb-c476-4eed-9253-1440914a660d" "tx44003f246b9e417da9c53-0069b07b96" "container-server 15" 0.0044 "-" 20 0
Mar 10 20:14:14 standalone container-server[122476]: 172.20.0.100 - - [10/Mar/2026:20:14:14 +0000] "PUT /d1/175/AUTH_9881c5e8a1ee4b85a8547d82a943073d/gnocchi.d670d3bb-c476-4eed-9253-1440914a660d" 201 - "PUT http://localhost:8080/v1/AUTH_9881c5e8a1ee4b85a8547d82a943073d/gnocchi.d670d3bb-c476-4eed-9253-1440914a660d" "tx44003f246b9e417da9c53-0069b07b96" "proxy-server 21" 0.0154 "-" 15 0
Mar 10 20:14:14 standalone proxy-server[124473]: 172.18.0.2 ::1 10/Mar/2026/20/14/14 PUT /v1/AUTH_9881c5e8a1ee4b85a8547d82a943073d/gnocchi.d670d3bb-c476-4eed-9253-1440914a660d HTTP/1.0 201 - python-swiftclient-3.11.1 gAAAAABpsHrj4bC9... - - - tx44003f246b9e417da9c53-0069b07b96 - 0.0195 - - 1773173654.171574116 1773173654.191083193 0
Mar 10 20:14:14 standalone container-server[122469]: 172.20.0.100 - - [10/Mar/2026:20:14:14 +0000] "HEAD /d1/175/AUTH_9881c5e8a1ee4b85a8547d82a943073d/gnocchi.d670d3bb-c476-4eed-9253-1440914a660d" 204 - "HEAD http://localhost:8080/v1/AUTH_9881c5e8a1ee4b85a8547d82a943073d/gnocchi.d670d3bb-c476-4eed-9253-1440914a660d?format=json&states=listing" "tx1017bb5d7acd4ba387adf-0069b07b96" "proxy-server 21" 0.0011 "-" 14 0
Mar 10 20:14:14 standalone proxy-server[124473]: - - 10/Mar/2026/20/14/14 HEAD /v1/AUTH_9881c5e8a1ee4b85a8547d82a943073d/gnocchi.d670d3bb-c476-4eed-9253-1440914a660d%3Fformat%3Djson%26states%3Dlisting HTTP/1.0 204 - Swift - - - - tx1017bb5d7acd4ba387adf-0069b07b96 - 0.0040 RL - 1773173654.195774317 1773173654.199816942 0
Mar 10 20:14:14 standalone container-server[122477]: 172.20.0.100 - - [10/Mar/2026:20:14:14 +0000] "GET /d1/175/AUTH_9881c5e8a1ee4b85a8547d82a943073d/gnocchi.d670d3bb-c476-4eed-9253-1440914a660d" 200 2 "GET http://localhost:8080/v1/AUTH_9881c5e8a1ee4b85a8547d82a943073d/gnocchi.d670d3bb-c476-4eed-9253-1440914a660d?format=json&states=listing" "tx1017bb5d7acd4ba387adf-0069b07b96" "proxy-server 21" 0.0022 "-" 16 0
Mar 10 20:14:14 standalone proxy-server[124473]: 172.18.0.2 ::1 10/Mar/2026/20/14/14 GET /v1/AUTH_9881c5e8a1ee4b85a8547d82a943073d/gnocchi.d670d3bb-c476-4eed-9253-1440914a660d%3Fformat%3Djson%26states%3Dlisting HTTP/1.0 200 - python-swiftclient-3.11.1 gAAAAABpsHrj4bC9... - 2 - tx1017bb5d7acd4ba387adf-0069b07b96 - 0.0118 - - 1773173654.194923878 1773173654.206690311 0
Mar 10 20:14:14 standalone object-server[122549]: 172.20.0.100 - - [10/Mar/2026:20:14:14 +0000] "GET /d1/710/AUTH_9881c5e8a1ee4b85a8547d82a943073d/gnocchi.d670d3bb-c476-4eed-9253-1440914a660d/1772280000.0_mean_300.0_v3" 404 70 "GET http://localhost:8080/v1/AUTH_9881c5e8a1ee4b85a8547d82a943073d/gnocchi.d670d3bb-c476-4eed-9253-1440914a660d/1772280000.0_mean_300.0_v3" "tx4a9ff7606a724caab3090-0069b07b96" "proxy-server 21" 0.0003 "-" 22 0
Mar 10 20:14:14 standalone proxy-server[124473]: 172.18.0.2 ::1 10/Mar/2026/20/14/14 GET /v1/AUTH_9881c5e8a1ee4b85a8547d82a943073d/gnocchi.d670d3bb-c476-4eed-9253-1440914a660d/1772280000.0_mean_300.0_v3 HTTP/1.0 404 - python-swiftclient-3.11.1 gAAAAABpsHrj4bC9... - 70 - tx4a9ff7606a724caab3090-0069b07b96 - 0.0053 - - 1773173654.210877180 1773173654.216214418 0
Mar 10 20:14:14 standalone container-server[122469]: 172.20.0.100 - - [10/Mar/2026:20:14:14 +0000] "PUT /d1/175/AUTH_9881c5e8a1ee4b85a8547d82a943073d/gnocchi.d670d3bb-c476-4eed-9253-1440914a660d/1772280000.0_mean_300.0_v3" 201 - "PUT http://localhost:8080/d1/710/AUTH_9881c5e8a1ee4b85a8547d82a943073d/gnocchi.d670d3bb-c476-4eed-9253-1440914a660d/1772280000.0_mean_300.0_v3" "tx0280927263f148af97bba-0069b07b96" "object-server 25" 0.0005 "-" 14 0
Mar 10 20:14:14 standalone object-server[122585]: 172.20.0.100 - - [10/Mar/2026:20:14:14 +0000] "PUT /d1/710/AUTH_9881c5e8a1ee4b85a8547d82a943073d/gnocchi.d670d3bb-c476-4eed-9253-1440914a660d/1772280000.0_mean_300.0_v3" 201 - "PUT http://localhost:8080/v1/AUTH_9881c5e8a1ee4b85a8547d82a943073d/gnocchi.d670d3bb-c476-4eed-9253-1440914a660d/1772280000.0_mean_300.0_v3" "tx0280927263f148af97bba-0069b07b96" "proxy-server 21" 0.0065 "-" 25 0
Mar 10 20:14:14 standalone proxy-server[124473]: 172.18.0.2 ::1 10/Mar/2026/20/14/14 PUT /v1/AUTH_9881c5e8a1ee4b85a8547d82a943073d/gnocchi.d670d3bb-c476-4eed-9253-1440914a660d/1772280000.0_mean_300.0_v3 HTTP/1.0 201 - python-swiftclient-3.11.1 gAAAAABpsHrj4bC9... 16 - - tx0280927263f148af97bba-0069b07b96 - 0.0129 - - 1773173654.218921185 1773173654.231778622 0
Mar 10 20:14:14 standalone container-server[122477]: 172.20.0.100 - - [10/Mar/2026:20:14:14 +0000] "PUT /d1/175/AUTH_9881c5e8a1ee4b85a8547d82a943073d/gnocchi.d670d3bb-c476-4eed-9253-1440914a660d/none_v3" 201 - "PUT http://localhost:8080/d1/116/AUTH_9881c5e8a1ee4b85a8547d82a943073d/gnocchi.d670d3bb-c476-4eed-9253-1440914a660d/none_v3" "txd3cfdacc12a242c9ac604-0069b07b96" "object-server 25" 0.0006 "-" 16 0
Mar 10 20:14:14 standalone object-server[122585]: 172.20.0.100 - - [10/Mar/2026:20:14:14 +0000] "PUT /d1/116/AUTH_9881c5e8a1ee4b85a8547d82a943073d/gnocchi.d670d3bb-c476-4eed-9253-1440914a660d/none_v3" 201 - "PUT http://localhost:8080/v1/AUTH_9881c5e8a1ee4b85a8547d82a943073d/gnocchi.d670d3bb-c476-4eed-9253-1440914a660d/none_v3" "txd3cfdacc12a242c9ac604-0069b07b96" "proxy-server 21" 0.0073 "-" 25 0
Mar 10 20:14:14 standalone proxy-server[124473]: 172.18.0.2 ::1 10/Mar/2026/20/14/14 PUT /v1/AUTH_9881c5e8a1ee4b85a8547d82a943073d/gnocchi.d670d3bb-c476-4eed-9253-1440914a660d/none_v3 HTTP/1.0 201 - python-swiftclient-3.11.1 gAAAAABpsHrj4bC9... 22 - - txd3cfdacc12a242c9ac604-0069b07b96 - 0.0119 - - 1773173654.234325409 1773173654.246239424 0
Mar 10 20:14:14 standalone container-server[122476]: 172.20.0.100 - - [10/Mar/2026:20:14:14 +0000] "HEAD /d1/36/AUTH_9881c5e8a1ee4b85a8547d82a943073d/gnocchi.767d932a-c171-4fec-bbc7-682bfe71a2d1" 404 - "HEAD http://localhost:8080/v1/AUTH_9881c5e8a1ee4b85a8547d82a943073d/gnocchi.767d932a-c171-4fec-bbc7-682bfe71a2d1?format=json&states=listing" "tx968d0b3b54fd49e6b5301-0069b07b96" "proxy-server 21" 0.0003 "-" 15 0
Mar 10 20:14:14 standalone object-server[122555]: 172.20.0.100 - - [10/Mar/2026:20:14:14 +0000] "GET /d1/552/AUTH_9881c5e8a1ee4b85a8547d82a943073d/gnocchi.767d932a-c171-4fec-bbc7-682bfe71a2d1/none_v3" 404 70 "GET http://localhost:8080/v1/AUTH_9881c5e8a1ee4b85a8547d82a943073d/gnocchi.767d932a-c171-4fec-bbc7-682bfe71a2d1/none_v3" "tx968d0b3b54fd49e6b5301-0069b07b96" "proxy-server 21" 0.0003 "-" 23 0
Mar 10 20:14:14 standalone proxy-server[124473]: 172.18.0.2 ::1 10/Mar/2026/20/14/14 GET /v1/AUTH_9881c5e8a1ee4b85a8547d82a943073d/gnocchi.767d932a-c171-4fec-bbc7-682bfe71a2d1/none_v3 HTTP/1.0 404 - python-swiftclient-3.11.1 gAAAAABpsHrj4bC9... - 70 - tx968d0b3b54fd49e6b5301-0069b07b96 - 0.0064 - - 1773173654.254881620 1773173654.261328697 0
Mar 10 20:14:14 standalone account-server[122308]: 172.20.0.100 - - [10/Mar/2026:20:14:14 +0000] "PUT /d1/188/AUTH_9881c5e8a1ee4b85a8547d82a943073d/gnocchi.767d932a-c171-4fec-bbc7-682bfe71a2d1" 201 - "PUT http://172.20.0.100:6001/d1/36/AUTH_9881c5e8a1ee4b85a8547d82a943073d/gnocchi.767d932a-c171-4fec-bbc7-682bfe71a2d1" "tx3df629ef00eb45619ce67-0069b07b96" "container-server 16" 0.0044 "-" 22 0
Mar 10 20:14:14 standalone container-server[122477]: 172.20.0.100 - - [10/Mar/2026:20:14:14 +0000] "PUT /d1/36/AUTH_9881c5e8a1ee4b85a8547d82a943073d/gnocchi.767d932a-c171-4fec-bbc7-682bfe71a2d1" 201 - "PUT http://localhost:8080/v1/AUTH_9881c5e8a1ee4b85a8547d82a943073d/gnocchi.767d932a-c171-4fec-bbc7-682bfe71a2d1" "tx3df629ef00eb45619ce67-0069b07b96" "proxy-server 21" 0.0140 "-" 16 0
