Mar 10 20:14:15 standalone proxy-server[124473]: - - 10/Mar/2026/20/14/15 HEAD /v1/AUTH_9881c5e8a1ee4b85a8547d82a943073d/gnocchi.59f07a21-a55a-40a6-9093-ff9aa6ea93fb%3Fformat%3Djson%26states%3Dlisting HTTP/1.0 204 - Swift - - - - tx951148cca6d7408fad212-0069b07b97 - 0.0075 RL - 1773173655.199619055 1773173655.207147837 0
Mar 10 20:14:15 standalone container-server[122469]: 172.20.0.100 - - [10/Mar/2026:20:14:15 +0000] "GET /d1/250/AUTH_9881c5e8a1ee4b85a8547d82a943073d/gnocchi.59f07a21-a55a-40a6-9093-ff9aa6ea93fb" 200 2 "GET http://localhost:8080/v1/AUTH_9881c5e8a1ee4b85a8547d82a943073d/gnocchi.59f07a21-a55a-40a6-9093-ff9aa6ea93fb?format=json&states=listing" "tx951148cca6d7408fad212-0069b07b97" "proxy-server 21" 0.0038 "-" 14 0
Mar 10 20:14:15 standalone proxy-server[124473]: 172.18.0.2 ::1 10/Mar/2026/20/14/15 GET /v1/AUTH_9881c5e8a1ee4b85a8547d82a943073d/gnocchi.59f07a21-a55a-40a6-9093-ff9aa6ea93fb%3Fformat%3Djson%26states%3Dlisting HTTP/1.0 200 - python-swiftclient-3.11.1 gAAAAABpsHrj4bC9... - 2 - tx951148cca6d7408fad212-0069b07b97 - 0.0223 - - 1773173655.198019981 1773173655.220360518 0
Mar 10 20:14:15 standalone object-server[122585]: 172.20.0.100 - - [10/Mar/2026:20:14:15 +0000] "GET /d1/881/AUTH_9881c5e8a1ee4b85a8547d82a943073d/gnocchi.59f07a21-a55a-40a6-9093-ff9aa6ea93fb/1772280000.0_mean_300.0_v3" 404 70 "GET http://localhost:8080/v1/AUTH_9881c5e8a1ee4b85a8547d82a943073d/gnocchi.59f07a21-a55a-40a6-9093-ff9aa6ea93fb/1772280000.0_mean_300.0_v3" "tx487761d29bf64acab027b-0069b07b97" "proxy-server 21" 0.0007 "-" 25 0
Mar 10 20:14:15 standalone proxy-server[124473]: 172.18.0.2 ::1 10/Mar/2026/20/14/15 GET /v1/AUTH_9881c5e8a1ee4b85a8547d82a943073d/gnocchi.59f07a21-a55a-40a6-9093-ff9aa6ea93fb/1772280000.0_mean_300.0_v3 HTTP/1.0 404 - python-swiftclient-3.11.1 gAAAAABpsHrj4bC9... - 70 - tx487761d29bf64acab027b-0069b07b97 - 0.0093 - - 1773173655.225997210 1773173655.235328913 0
Mar 10 20:14:15 standalone container-server[122476]: 172.20.0.100 - - [10/Mar/2026:20:14:15 +0000] "PUT /d1/250/AUTH_9881c5e8a1ee4b85a8547d82a943073d/gnocchi.59f07a21-a55a-40a6-9093-ff9aa6ea93fb/1772280000.0_mean_300.0_v3" 201 - "PUT http://localhost:8080/d1/881/AUTH_9881c5e8a1ee4b85a8547d82a943073d/gnocchi.59f07a21-a55a-40a6-9093-ff9aa6ea93fb/1772280000.0_mean_300.0_v3" "tx9936ae12746645dabc95e-0069b07b97" "object-server 23" 0.0009 "-" 15 0
Mar 10 20:14:15 standalone object-server[122555]: 172.20.0.100 - - [10/Mar/2026:20:14:15 +0000] "PUT /d1/881/AUTH_9881c5e8a1ee4b85a8547d82a943073d/gnocchi.59f07a21-a55a-40a6-9093-ff9aa6ea93fb/1772280000.0_mean_300.0_v3" 201 - "PUT http://localhost:8080/v1/AUTH_9881c5e8a1ee4b85a8547d82a943073d/gnocchi.59f07a21-a55a-40a6-9093-ff9aa6ea93fb/1772280000.0_mean_300.0_v3" "tx9936ae12746645dabc95e-0069b07b97" "proxy-server 21" 0.0124 "-" 23 0
Mar 10 20:14:15 standalone proxy-server[124473]: 172.18.0.2 ::1 10/Mar/2026/20/14/15 PUT /v1/AUTH_9881c5e8a1ee4b85a8547d82a943073d/gnocchi.59f07a21-a55a-40a6-9093-ff9aa6ea93fb/1772280000.0_mean_300.0_v3 HTTP/1.0 201 - python-swiftclient-3.11.1 gAAAAABpsHrj4bC9... 16 - - tx9936ae12746645dabc95e-0069b07b97 - 0.0206 - - 1773173655.240250349 1773173655.260875463 0
Mar 10 20:14:15 standalone container-server[122477]: 172.20.0.100 - - [10/Mar/2026:20:14:15 +0000] "PUT /d1/250/AUTH_9881c5e8a1ee4b85a8547d82a943073d/gnocchi.59f07a21-a55a-40a6-9093-ff9aa6ea93fb/none_v3" 201 - "PUT http://localhost:8080/d1/592/AUTH_9881c5e8a1ee4b85a8547d82a943073d/gnocchi.59f07a21-a55a-40a6-9093-ff9aa6ea93fb/none_v3" "txc1a5233e42614ff3bd3f0-0069b07b97" "object-server 24" 0.0009 "-" 16 0
Mar 10 20:14:15 standalone object-server[122569]: 172.20.0.100 - - [10/Mar/2026:20:14:15 +0000] "PUT /d1/592/AUTH_9881c5e8a1ee4b85a8547d82a943073d/gnocchi.59f07a21-a55a-40a6-9093-ff9aa6ea93fb/none_v3" 201 - "PUT http://localhost:8080/v1/AUTH_9881c5e8a1ee4b85a8547d82a943073d/gnocchi.59f07a21-a55a-40a6-9093-ff9aa6ea93fb/none_v3" "txc1a5233e42614ff3bd3f0-0069b07b97" "proxy-server 21" 0.0115 "-" 24 0
Mar 10 20:14:15 standalone proxy-server[124473]: 172.18.0.2 ::1 10/Mar/2026/20/14/15 PUT /v1/AUTH_9881c5e8a1ee4b85a8547d82a943073d/gnocchi.59f07a21-a55a-40a6-9093-ff9aa6ea93fb/none_v3 HTTP/1.0 201 - python-swiftclient-3.11.1 gAAAAABpsHrj4bC9... 22 - - txc1a5233e42614ff3bd3f0-0069b07b97 - 0.0207 - - 1773173655.266434669 1773173655.287168741 0
Mar 10 20:14:15 standalone container-server[122476]: 172.20.0.100 - - [10/Mar/2026:20:14:15 +0000] "HEAD /d1/680/AUTH_9881c5e8a1ee4b85a8547d82a943073d/gnocchi.a781a3b1-9ce2-435a-a2c3-78a0d9b55245" 404 - "HEAD http://localhost:8080/v1/AUTH_9881c5e8a1ee4b85a8547d82a943073d/gnocchi.a781a3b1-9ce2-435a-a2c3-78a0d9b55245?format=json&states=listing" "tx9bdb7bb82f1c4ccd95172-0069b07b97" "proxy-server 21" 0.0005 "-" 15 0
Mar 10 20:14:15 standalone object-server[122555]: 172.20.0.100 - - [10/Mar/2026:20:14:15 +0000] "GET /d1/120/AUTH_9881c5e8a1ee4b85a8547d82a943073d/gnocchi.a781a3b1-9ce2-435a-a2c3-78a0d9b55245/none_v3" 404 70 "GET http://localhost:8080/v1/AUTH_9881c5e8a1ee4b85a8547d82a943073d/gnocchi.a781a3b1-9ce2-435a-a2c3-78a0d9b55245/none_v3" "tx9bdb7bb82f1c4ccd95172-0069b07b97" "proxy-server 21" 0.0005 "-" 23 0
Mar 10 20:14:15 standalone proxy-server[124473]: 172.18.0.2 ::1 10/Mar/2026/20/14/15 GET /v1/AUTH_9881c5e8a1ee4b85a8547d82a943073d/gnocchi.a781a3b1-9ce2-435a-a2c3-78a0d9b55245/none_v3 HTTP/1.0 404 - python-swiftclient-3.11.1 gAAAAABpsHrj4bC9... - 70 - tx9bdb7bb82f1c4ccd95172-0069b07b97 - 0.0150 - - 1773173655.304476500 1773173655.319490671 0
Mar 10 20:14:15 standalone account-server[122314]: 172.20.0.100 - - [10/Mar/2026:20:14:15 +0000] "PUT /d1/188/AUTH_9881c5e8a1ee4b85a8547d82a943073d/gnocchi.a781a3b1-9ce2-435a-a2c3-78a0d9b55245" 201 - "PUT http://172.20.0.100:6001/d1/680/AUTH_9881c5e8a1ee4b85a8547d82a943073d/gnocchi.a781a3b1-9ce2-435a-a2c3-78a0d9b55245" "tx10aa5ec4a78b435caf766-0069b07b97" "container-server 16" 0.0061 "-" 23 0
Mar 10 20:14:15 standalone container-server[122477]: 172.20.0.100 - - [10/Mar/2026:20:14:15 +0000] "PUT /d1/680/AUTH_9881c5e8a1ee4b85a8547d82a943073d/gnocchi.a781a3b1-9ce2-435a-a2c3-78a0d9b55245" 201 - "PUT http://localhost:8080/v1/AUTH_9881c5e8a1ee4b85a8547d82a943073d/gnocchi.a781a3b1-9ce2-435a-a2c3-78a0d9b55245" "tx10aa5ec4a78b435caf766-0069b07b97" "proxy-server 21" 0.0211 "-" 16 0
Mar 10 20:14:15 standalone proxy-server[124473]: 172.18.0.2 ::1 10/Mar/2026/20/14/15 PUT /v1/AUTH_9881c5e8a1ee4b85a8547d82a943073d/gnocchi.a781a3b1-9ce2-435a-a2c3-78a0d9b55245 HTTP/1.0 201 - python-swiftclient-3.11.1 gAAAAABpsHrj4bC9... - - - tx10aa5ec4a78b435caf766-0069b07b97 - 0.0286 - - 1773173655.324099064 1773173655.352664471 0
Mar 10 20:14:15 standalone container-server[122476]: 172.20.0.100 - - [10/Mar/2026:20:14:15 +0000] "HEAD /d1/680/AUTH_9881c5e8a1ee4b85a8547d82a943073d/gnocchi.a781a3b1-9ce2-435a-a2c3-78a0d9b55245" 204 - "HEAD http://localhost:8080/v1/AUTH_9881c5e8a1ee4b85a8547d82a943073d/gnocchi.a781a3b1-9ce2-435a-a2c3-78a0d9b55245?format=json&states=listing" "txd91de17501594b018489c-0069b07b97" "proxy-server 21" 0.0022 "-" 15 0
Mar 10 20:14:15 standalone proxy-server[124473]: - - 10/Mar/2026/20/14/15 HEAD /v1/AUTH_9881c5e8a1ee4b85a8547d82a943073d/gnocchi.a781a3b1-9ce2-435a-a2c3-78a0d9b55245%3Fformat%3Djson%26states%3Dlisting HTTP/1.0 204 - Swift - - - - txd91de17501594b018489c-0069b07b97 - 0.0072 RL - 1773173655.360097170 1773173655.367306232 0
Mar 10 20:14:15 standalone container-server[122476]: 172.20.0.100 - - [10/Mar/2026:20:14:15 +0000] "GET /d1/680/AUTH_9881c5e8a1ee4b85a8547d82a943073d/gnocchi.a781a3b1-9ce2-435a-a2c3-78a0d9b55245" 200 2 "GET http://localhost:8080/v1/AUTH_9881c5e8a1ee4b85a8547d82a943073d/gnocchi.a781a3b1-9ce2-435a-a2c3-78a0d9b55245?format=json&states=listing" "txd91de17501594b018489c-0069b07b97" "proxy-server 21" 0.0031 "-" 15 0
Mar 10 20:14:15 standalone proxy-server[124473]: 172.18.0.2 ::1 10/Mar/2026/20/14/15 GET /v1/AUTH_9881c5e8a1ee4b85a8547d82a943073d/gnocchi.a781a3b1-9ce2-435a-a2c3-78a0d9b55245%3Fformat%3Djson%26states%3Dlisting HTTP/1.0 200 - python-swiftclient-3.11.1 gAAAAABpsHrj4bC9... - 2 - txd91de17501594b018489c-0069b07b97 - 0.0212 - - 1773173655.358319759 1773173655.379564047 0
Mar 10 20:14:15 standalone object-server[122549]: 172.20.0.100 - - [10/Mar/2026:20:14:15 +0000] "GET /d1/283/AUTH_9881c5e8a1ee4b85a8547d82a943073d/gnocchi.a781a3b1-9ce2-435a-a2c3-78a0d9b55245/1772280000.0_mean_300.0_v3" 404 70 "GET http://localhost:8080/v1/AUTH_9881c5e8a1ee4b85a8547d82a943073d/gnocchi.a781a3b1-9ce2-435a-a2c3-78a0d9b55245/1772280000.0_mean_300.0_v3" "tx1ef7e77f5e0046e8b910c-0069b07b97" "proxy-server 21" 0.0005 "-" 22 0
Mar 10 20:14:15 standalone proxy-server[124473]: 172.18.0.2 ::1 10/Mar/2026/20/14/15 GET /v1/AUTH_9881c5e8a1ee4b85a8547d82a943073d/gnocchi.a781a3b1-9ce2-435a-a2c3-78a0d9b55245/1772280000.0_mean_300.0_v3 HTTP/1.0 404 - python-swiftclient-3.11.1 gAAAAABpsHrj4bC9... - 70 - tx1ef7e77f5e0046e8b910c-0069b07b97 - 0.0084 - - 1773173655.385089636 1773173655.393522263 0
Mar 10 20:14:15 standalone container-server[122477]: 172.20.0.100 - - [10/Mar/2026:20:14:15 +0000] "PUT /d1/680/AUTH_9881c5e8a1ee4b85a8547d82a943073d/gnocchi.a781a3b1-9ce2-435a-a2c3-78a0d9b55245/1772280000.0_mean_300.0_v3" 201 - "PUT http://localhost:8080/d1/283/AUTH_9881c5e8a1ee4b85a8547d82a943073d/gnocchi.a781a3b1-9ce2-435a-a2c3-78a0d9b55245/1772280000.0_mean_300.0_v3" "tx1d9ae7161ed04ffbbef6e-0069b07b97" "object-server 22" 0.0010 "-" 16 0
Mar 10 20:14:15 standalone object-server[122549]: 172.20.0.100 - - [10/Mar/2026:20:14:15 +0000] "PUT /d1/283/AUTH_9881c5e8a1ee4b85a8547d82a943073d/gnocchi.a781a3b1-9ce2-435a-a2c3-78a0d9b55245/1772280000.0_mean_300.0_v3" 201 - "PUT http://localhost:8080/v1/AUTH_9881c5e8a1ee4b85a8547d82a943073d/gnocchi.a781a3b1-9ce2-435a-a2c3-78a0d9b55245/1772280000.0_mean_300.0_v3" "tx1d9ae7161ed04ffbbef6e-0069b07b97" "proxy-server 21" 0.0123 "-" 22 0
Mar 10 20:14:15 standalone proxy-server[124473]: 172.18.0.2 ::1 10/Mar/2026/20/14/15 PUT /v1/AUTH_9881c5e8a1ee4b85a8547d82a943073d/gnocchi.a781a3b1-9ce2-435a-a2c3-78a0d9b55245/1772280000.0_mean_300.0_v3 HTTP/1.0 201 - python-swiftclient-3.11.1 gAAAAABpsHrj4bC9... 16 - - tx1d9ae7161ed04ffbbef6e-0069b07b97 - 0.0208 - - 1773173655.398495913 1773173655.419325352 0
Mar 10 20:14:15 standalone container-server[122469]: 172.20.0.100 - - [10/Mar/2026:20:14:15 +0000] "PUT /d1/680/AUTH_9881c5e8a1ee4b85a8547d82a943073d/gnocchi.a781a3b1-9ce2-435a-a2c3-78a0d9b55245/none_v3" 201 - "PUT http://localhost:8080/d1/120/AUTH_9881c5e8a1ee4b85a8547d82a943073d/gnocchi.a781a3b1-9ce2-435a-a2c3-78a0d9b55245/none_v3" "txe5c224cb3eb84157a8c2b-0069b07b97" "object-server 22" 0.0008 "-" 14 0
Mar 10 20:14:15 standalone object-server[122549]: 172.20.0.100 - - [10/Mar/2026:20:14:15 +0000] "PUT /d1/120/AUTH_9881c5e8a1ee4b85a8547d82a943073d/gnocchi.a781a3b1-9ce2-435a-a2c3-78a0d9b55245/none_v3" 201 - "PUT http://localhost:8080/v1/AUTH_9881c5e8a1ee4b85a8547d82a943073d/gnocchi.a781a3b1-9ce2-435a-a2c3-78a0d9b55245/none_v3" "txe5c224cb3eb84157a8c2b-0069b07b97" "proxy-server 21" 0.0136 "-" 22 0
Mar 10 20:14:15 standalone proxy-server[124473]: 172.18.0.2 ::1 10/Mar/2026/20/14/15 PUT /v1/AUTH_9881c5e8a1ee4b85a8547d82a943073d/gnocchi.a781a3b1-9ce2-435a-a2c3-78a0d9b55245/none_v3 HTTP/1.0 201 - python-swiftclient-3.11.1 gAAAAABpsHrj4bC9... 22 - - txe5c224cb3eb84157a8c2b-0069b07b97 - 0.0219 - - 1773173655.424121141 1773173655.445981503 0
Mar 10 20:14:15 standalone container-server[122477]: 172.20.0.100 - - [10/Mar/2026:20:14:15 +0000] "HEAD /d1/874/AUTH_9881c5e8a1ee4b85a8547d82a943073d/gnocchi.b63e2141-4455-436a-b33b-9b118e612381" 404 - "HEAD http://localhost:8080/v1/AUTH_9881c5e8a1ee4b85a8547d82a943073d/gnocchi.b63e2141-4455-436a-b33b-9b118e612381?format=json&states=listing" "tx33e490445e4a4ef491d22-0069b07b97" "proxy-server 21" 0.0007 "-" 16 0
Mar 10 20:14:15 standalone object-server[122585]: 172.20.0.100 - - [10/Mar/2026:20:14:15 +0000] "GET /d1/733/AUTH_9881c5e8a1ee4b85a8547d82a943073d/gnocchi.b63e2141-4455-436a-b33b-9b118e612381/none_v3" 404 70 "GET http://localhost:8080/v1/AUTH_9881c5e8a1ee4b85a8547d82a943073d/gnocchi.b63e2141-4455-436a-b33b-9b118e612381/none_v3" "tx33e490445e4a4ef491d22-0069b07b97" "proxy-server 21" 0.0005 "-" 25 0
Mar 10 20:14:15 standalone proxy-server[124473]: 172.18.0.2 ::1 10/Mar/2026/20/14/15 GET /v1/AUTH_9881c5e8a1ee4b85a8547d82a943073d/gnocchi.b63e2141-4455-436a-b33b-9b118e612381/none_v3 HTTP/1.0 404 - python-swiftclient-3.11.1 gAAAAABpsHrj4bC9... - 70 - tx33e490445e4a4ef491d22-0069b07b97 - 0.0149 - - 1773173655.465755224 1773173655.480646610 0
Mar 10 20:14:15 standalone account-server[122288]: 172.20.0.100 - - [10/Mar/2026:20:14:15 +0000] "PUT /d1/188/AUTH_9881c5e8a1ee4b85a8547d82a943073d/gnocchi.b63e2141-4455-436a-b33b-9b118e612381" 201 - "PUT http://172.20.0.100:6001/d1/874/AUTH_9881c5e8a1ee4b85a8547d82a943073d/gnocchi.b63e2141-4455-436a-b33b-9b118e612381" "txbd4b7cf92f6d40cb89e5d-0069b07b97" "container-server 16" 0.0059 "-" 20 0
Mar 10 20:14:15 standalone container-server[122477]: 172.20.0.100 - - [10/Mar/2026:20:14:15 +0000] "PUT /d1/874/AUTH_9881c5e8a1ee4b85a8547d82a943073d/gnocchi.b63e2141-4455-436a-b33b-9b118e612381" 201 - "PUT http://localhost:8080/v1/AUTH_9881c5e8a1ee4b85a8547d82a943073d/gnocchi.b63e2141-4455-436a-b33b-9b118e612381" "txbd4b7cf92f6d40cb89e5d-0069b07b97" "proxy-server 21" 0.0209 "-" 16 0
Mar 10 20:14:15 standalone proxy-server[124473]: 172.18.0.2 ::1 10/Mar/2026/20/14/15 PUT /v1/AUTH_9881c5e8a1ee4b85a8547d82a943073d/gnocchi.b63e2141-4455-436a-b33b-9b118e612381 HTTP/1.0 201 - python-swiftclient-3.11.1 gAAAAABpsHrj4bC9... - - - txbd4b7cf92f6d40cb89e5d-0069b07b97 - 0.0281 - - 1773173655.485333204 1773173655.513425827 0
Mar 10 20:14:15 standalone container-server[122479]: 172.20.0.100 - - [10/Mar/2026:20:14:15 +0000] "HEAD /d1/874/AUTH_9881c5e8a1ee4b85a8547d82a943073d/gnocchi.b63e2141-4455-436a-b33b-9b118e612381" 204 - "HEAD http://localhost:8080/v1/AUTH_9881c5e8a1ee4b85a8547d82a943073d/gnocchi.b63e2141-4455-436a-b33b-9b118e612381?format=json&states=listing" "txc2963393f09c49329d3e3-0069b07b97" "proxy-server 21" 0.0025 "-" 17 0
Mar 10 20:14:15 standalone proxy-server[124473]: - - 10/Mar/2026/20/14/15 HEAD /v1/AUTH_9881c5e8a1ee4b85a8547d82a943073d/gnocchi.b63e2141-4455-436a-b33b-9b118e612381%3Fformat%3Djson%26states%3Dlisting HTTP/1.0 204 - Swift - - - - txc2963393f09c49329d3e3-0069b07b97 - 0.0075 RL - 1773173655.521572351 1773173655.529108763 0
Mar 10 20:14:15 standalone container-server[122476]: 172.20.0.100 - - [10/Mar/2026:20:14:15 +0000] "GET /d1/874/AUTH_9881c5e8a1ee4b85a8547d82a943073d/gnocchi.b63e2141-4455-436a-b33b-9b118e612381" 200 2 "GET http://localhost:8080/v1/AUTH_9881c5e8a1ee4b85a8547d82a943073d/gnocchi.b63e2141-4455-436a-b33b-9b118e612381?format=json&states=listing" "txc2963393f09c49329d3e3-0069b07b97" "proxy-server 21" 0.0030 "-" 15 0
Mar 10 20:14:15 standalone proxy-server[124473]: 172.18.0.2 ::1 10/Mar/2026/20/14/15 GET /v1/AUTH_9881c5e8a1ee4b85a8547d82a943073d/gnocchi.b63e2141-4455-436a-b33b-9b118e612381%3Fformat%3Djson%26states%3Dlisting HTTP/1.0 200 - python-swiftclient-3.11.1 gAAAAABpsHrj4bC9... - 2 - txc2963393f09c49329d3e3-0069b07b97 - 0.0207 - - 1773173655.519959211 1773173655.540609360 0
Mar 10 20:14:15 standalone object-server[122549]: 172.20.0.100 - - [10/Mar/2026:20:14:15 +0000] "GET /d1/274/AUTH_9881c5e8a1ee4b85a8547d82a943073d/gnocchi.b63e2141-4455-436a-b33b-9b118e612381/1772280000.0_mean_300.0_v3" 404 70 "GET http://localhost:8080/v1/AUTH_9881c5e8a1ee4b85a8547d82a943073d/gnocchi.b63e2141-4455-436a-b33b-9b118e612381/1772280000.0_mean_300.0_v3" "txb8dfa847b9f44223ad080-0069b07b97" "proxy-server 21" 0.0006 "-" 22 0
Mar 10 20:14:15 standalone proxy-server[124473]: 172.18.0.2 ::1 10/Mar/2026/20/14/15 GET /v1/AUTH_9881c5e8a1ee4b85a8547d82a943073d/gnocchi.b63e2141-4455-436a-b33b-9b118e612381/1772280000.0_mean_300.0_v3 HTTP/1.0 404 - python-swiftclient-3.11.1 gAAAAABpsHrj4bC9... - 70 - txb8dfa847b9f44223ad080-0069b07b97 - 0.0096 - - 1773173655.546191931 1773173655.555761337 0
Mar 10 20:14:15 standalone container-server[122476]: 172.20.0.100 - - [10/Mar/2026:20:14:15 +0000] "PUT /d1/874/AUTH_9881c5e8a1ee4b85a8547d82a943073d/gnocchi.b63e2141-4455-436a-b33b-9b118e612381/1772280000.0_mean_300.0_v3" 201 - "PUT http://localhost:8080/d1/274/AUTH_9881c5e8a1ee4b85a8547d82a943073d/gnocchi.b63e2141-4455-436a-b33b-9b118e612381/1772280000.0_mean_300.0_v3" "txbd4319007d614f39a3b8f-0069b07b97" "object-server 23" 0.0007 "-" 15 0
Mar 10 20:14:15 standalone object-server[122555]: 172.20.0.100 - - [10/Mar/2026:20:14:15 +0000] "PUT /d1/274/AUTH_9881c5e8a1ee4b85a8547d82a943073d/gnocchi.b63e2141-4455-436a-b33b-9b118e612381/1772280000.0_mean_300.0_v3" 201 - "PUT http://localhost:8080/v1/AUTH_9881c5e8a1ee4b85a8547d82a943073d/gnocchi.b63e2141-4455-436a-b33b-9b118e612381/1772280000.0_mean_300.0_v3" "txbd4319007d614f39a3b8f-0069b07b97" "proxy-server 21" 0.0123 "-" 23 0
Mar 10 20:14:15 standalone proxy-server[124473]: 172.18.0.2 ::1 10/Mar/2026/20/14/15 PUT /v1/AUTH_9881c5e8a1ee4b85a8547d82a943073d/gnocchi.b63e2141-4455-436a-b33b-9b118e612381/1772280000.0_mean_300.0_v3 HTTP/1.0 201 - python-swiftclient-3.11.1 gAAAAABpsHrj4bC9... 16 - - txbd4319007d614f39a3b8f-0069b07b97 - 0.0207 - - 1773173655.561277151 1773173655.582018375 0
Mar 10 20:14:15 standalone container-server[122476]: 172.20.0.100 - - [10/Mar/2026:20:14:15 +0000] "PUT /d1/874/AUTH_9881c5e8a1ee4b85a8547d82a943073d/gnocchi.b63e2141-4455-436a-b33b-9b118e612381/none_v3" 201 - "PUT http://localhost:8080/d1/733/AUTH_9881c5e8a1ee4b85a8547d82a943073d/gnocchi.b63e2141-4455-436a-b33b-9b118e612381/none_v3" "tx6228e29e919845efabbeb-0069b07b97" "object-server 24" 0.0006 "-" 15 0
Mar 10 20:14:15 standalone object-server[122569]: 172.20.0.100 - - [10/Mar/2026:20:14:15 +0000] "PUT /d1/733/AUTH_9881c5e8a1ee4b85a8547d82a943073d/gnocchi.b63e2141-4455-436a-b33b-9b118e612381/none_v3" 201 - "PUT http://localhost:8080/v1/AUTH_9881c5e8a1ee4b85a8547d82a943073d/gnocchi.b63e2141-4455-436a-b33b-9b118e612381/none_v3" "tx6228e29e919845efabbeb-0069b07b97" "proxy-server 21" 0.0116 "-" 24 0
Mar 10 20:14:15 standalone proxy-server[124473]: 172.18.0.2 ::1 10/Mar/2026/20/14/15 PUT /v1/AUTH_9881c5e8a1ee4b85a8547d82a943073d/gnocchi.b63e2141-4455-436a-b33b-9b118e612381/none_v3 HTTP/1.0 201 - python-swiftclient-3.11.1 gAAAAABpsHrj4bC9... 22 - - tx6228e29e919845efabbeb-0069b07b97 - 0.0196 - - 1773173655.587189913 1773173655.606777906 0
Mar 10 20:14:15 standalone container-server[122479]: 172.20.0.100 - - [10/Mar/2026:20:14:15 +0000] "HEAD /d1/1007/AUTH_9881c5e8a1ee4b85a8547d82a943073d/gnocchi.7d0563b5-6337-4520-8266-8244c8143607" 404 - "HEAD http://localhost:8080/v1/AUTH_9881c5e8a1ee4b85a8547d82a943073d/gnocchi.7d0563b5-6337-4520-8266-8244c8143607?format=json&states=listing" "txf7ea6c502e334bb082656-0069b07b97" "proxy-server 21" 0.0005 "-" 17 0
Mar 10 20:14:15 standalone object-server[122555]: 172.20.0.100 - - [10/Mar/2026:20:14:15 +0000] "GET /d1/551/AUTH_9881c5e8a1ee4b85a8547d82a943073d/gnocchi.7d0563b5-6337-4520-8266-8244c8143607/none_v3" 404 70 "GET http://localhost:8080/v1/AUTH_9881c5e8a1ee4b85a8547d82a943073d/gnocchi.7d0563b5-6337-4520-8266-8244c8143607/none_v3" "txf7ea6c502e334bb082656-0069b07b97" "proxy-server 21" 0.0005 "-" 23 0
Mar 10 20:14:15 standalone proxy-server[124473]: 172.18.0.2 ::1 10/Mar/2026/20/14/15 GET /v1/AUTH_9881c5e8a1ee4b85a8547d82a943073d/gnocchi.7d0563b5-6337-4520-8266-8244c8143607/none_v3 HTTP/1.0 404 - python-swiftclient-3.11.1 gAAAAABpsHrj4bC9... - 70 - txf7ea6c502e334bb082656-0069b07b97 - 0.0144 - - 1773173655.621709824 1773173655.636158228 0
Mar 10 20:14:15 standalone account-server[122308]: 172.20.0.100 - - [10/Mar/2026:20:14:15 +0000] "PUT /d1/188/AUTH_9881c5e8a1ee4b85a8547d82a943073d/gnocchi.7d0563b5-6337-4520-8266-8244c8143607" 201 - "PUT http://172.20.0.100:6001/d1/1007/AUTH_9881c5e8a1ee4b85a8547d82a943073d/gnocchi.7d0563b5-6337-4520-8266-8244c8143607" "tx46d9ba0df17e45658494d-0069b07b97" "container-server 15" 0.0067 "-" 22 0
Mar 10 20:14:15 standalone container-server[122476]: 172.20.0.100 - - [10/Mar/2026:20:14:15 +0000] "PUT /d1/1007/AUTH_9881c5e8a1ee4b85a8547d82a943073d/gnocchi.7d0563b5-6337-4520-8266-8244c8143607" 201 - "PUT http://localhost:8080/v1/AUTH_9881c5e8a1ee4b85a8547d82a943073d/gnocchi.7d0563b5-6337-4520-8266-8244c8143607" "tx46d9ba0df17e45658494d-0069b07b97" "proxy-server 21" 0.0194 "-" 15 0
Mar 10 20:14:15 standalone proxy-server[124473]: 172.18.0.2 ::1 10/Mar/2026/20/14/15 PUT /v1/AUTH_9881c5e8a1ee4b85a8547d82a943073d/gnocchi.7d0563b5-6337-4520-8266-8244c8143607 HTTP/1.0 201 - python-swiftclient-3.11.1 gAAAAABpsHrj4bC9... - - - tx46d9ba0df17e45658494d-0069b07b97 - 0.0263 - - 1773173655.640766382 1773173655.667109013 0
Mar 10 20:14:15 standalone container-server[122476]: 172.20.0.100 - - [10/Mar/2026:20:14:15 +0000] "HEAD /d1/1007/AUTH_9881c5e8a1ee4b85a8547d82a943073d/gnocchi.7d0563b5-6337-4520-8266-8244c8143607" 204 - "HEAD http://localhost:8080/v1/AUTH_9881c5e8a1ee4b85a8547d82a943073d/gnocchi.7d0563b5-6337-4520-8266-8244c8143607?format=json&states=listing" "tx9904e0a605874eb194843-0069b07b97" "proxy-server 21" 0.0018 "-" 15 0
Mar 10 20:14:15 standalone proxy-server[124473]: - - 10/Mar/2026/20/14/15 HEAD /v1/AUTH_9881c5e8a1ee4b85a8547d82a943073d/gnocchi.7d0563b5-6337-4520-8266-8244c8143607%3Fformat%3Djson%26states%3Dlisting HTTP/1.0 204 - Swift - - - - tx9904e0a605874eb194843-0069b07b97 - 0.0074 RL - 1773173655.678552389 1773173655.685970783 0
Mar 10 20:14:15 standalone container-server[122476]: 172.20.0.100 - - [10/Mar/2026:20:14:15 +0000] "GET /d1/1007/AUTH_9881c5e8a1ee4b85a8547d82a943073d/gnocchi.7d0563b5-6337-4520-8266-8244c8143607" 200 2 "GET http://localhost:8080/v1/AUTH_9881c5e8a1ee4b85a8547d82a943073d/gnocchi.7d0563b5-6337-4520-8266-8244c8143607?format=json&states=listing" "tx9904e0a605874eb194843-0069b07b97" "proxy-server 21" 0.0032 "-" 15 0
Mar 10 20:14:15 standalone proxy-server[124473]: 172.18.0.2 ::1 10/Mar/2026/20/14/15 GET /v1/AUTH_9881c5e8a1ee4b85a8547d82a943073d/gnocchi.7d0563b5-6337-4520-8266-8244c8143607%3Fformat%3Djson%26states%3Dlisting HTTP/1.0 200 - python-swiftclient-3.11.1 gAAAAABpsHrj4bC9... - 2 - tx9904e0a605874eb194843-0069b07b97 - 0.0259 - - 1773173655.672331333 1773173655.698214293 0
Mar 10 20:14:15 standalone object-server[122555]: 172.20.0.100 - - [10/Mar/2026:20:14:15 +0000] "GET /d1/981/AUTH_9881c5e8a1ee4b85a8547d82a943073d/gnocchi.7d0563b5-6337-4520-8266-8244c8143607/1772280000.0_mean_300.0_v3" 404 70 "GET http://localhost:8080/v1/AUTH_9881c5e8a1ee4b85a8547d82a943073d/gnocchi.7d0563b5-6337-4520-8266-8244c8143607/1772280000.0_mean_300.0_v3" "txc6da039b926b4eb994dc2-0069b07b97" "proxy-server 21" 0.0006 "-" 23 0
Mar 10 20:14:15 standalone proxy-server[124473]: 172.18.0.2 ::1 10/Mar/2026/20/14/15 GET /v1/AUTH_9881c5e8a1ee4b85a8547d82a943073d/gnocchi.7d0563b5-6337-4520-8266-8244c8143607/1772280000.0_mean_300.0_v3 HTTP/1.0 404 - python-swiftclient-3.11.1 gAAAAABpsHrj4bC9... - 70 - txc6da039b926b4eb994dc2-0069b07b97 - 0.0082 - - 1773173655.703922033 1773173655.712094545 0
Mar 10 20:14:15 standalone container-server[122469]: 172.20.0.100 - - [10/Mar/2026:20:14:15 +0000] "PUT /d1/1007/AUTH_9881c5e8a1ee4b85a8547d82a943073d/gnocchi.7d0563b5-6337-4520-8266-8244c8143607/1772280000.0_mean_300.0_v3" 201 - "PUT http://localhost:8080/d1/981/AUTH_9881c5e8a1ee4b85a8547d82a943073d/gnocchi.7d0563b5-6337-4520-8266-8244c8143607/1772280000.0_mean_300.0_v3" "tx592cfe84ce70483d94dd3-0069b07b97" "object-server 24" 0.0013 "-" 14 0
Mar 10 20:14:15 standalone object-server[122569]: 172.20.0.100 - - [10/Mar/2026:20:14:15 +0000] "PUT /d1/981/AUTH_9881c5e8a1ee4b85a8547d82a943073d/gnocchi.7d0563b5-6337-4520-8266-8244c8143607/1772280000.0_mean_300.0_v3" 201 - "PUT http://localhost:8080/v1/AUTH_9881c5e8a1ee4b85a8547d82a943073d/gnocchi.7d0563b5-6337-4520-8266-8244c8143607/1772280000.0_mean_300.0_v3" "tx592cfe84ce70483d94dd3-0069b07b97" "proxy-server 21" 0.0118 "-" 24 0
Mar 10 20:14:15 standalone proxy-server[124473]: 172.18.0.2 ::1 10/Mar/2026/20/14/15 PUT /v1/AUTH_9881c5e8a1ee4b85a8547d82a943073d/gnocchi.7d0563b5-6337-4520-8266-8244c8143607/1772280000.0_mean_300.0_v3 HTTP/1.0 201 - python-swiftclient-3.11.1 gAAAAABpsHrj4bC9... 16 - - tx592cfe84ce70483d94dd3-0069b07b97 - 0.0201 - - 1773173655.716661692 1773173655.736751080 0
Mar 10 20:14:15 standalone container-server[122479]: 172.20.0.100 - - [10/Mar/2026:20:14:15 +0000] "PUT /d1/1007/AUTH_9881c5e8a1ee4b85a8547d82a943073d/gnocchi.7d0563b5-6337-4520-8266-8244c8143607/none_v3" 201 - "PUT http://localhost:8080/d1/551/AUTH_9881c5e8a1ee4b85a8547d82a943073d/gnocchi.7d0563b5-6337-4520-8266-8244c8143607/none_v3" "tx3684830081b0434488bad-0069b07b97" "object-server 25" 0.0009 "-" 17 0
Mar 10 20:14:15 standalone object-server[122585]: 172.20.0.100 - - [10/Mar/2026:20:14:15 +0000] "PUT /d1/551/AUTH_9881c5e8a1ee4b85a8547d82a943073d/gnocchi.7d0563b5-6337-4520-8266-8244c8143607/none_v3" 201 - "PUT http://localhost:8080/v1/AUTH_9881c5e8a1ee4b85a8547d82a943073d/gnocchi.7d0563b5-6337-4520-8266-8244c8143607/none_v3" "tx3684830081b0434488bad-0069b07b97" "proxy-server 21" 0.0108 "-" 25 0
Mar 10 20:14:15 standalone proxy-server[124473]: 172.18.0.2 ::1 10/Mar/2026/20/14/15 PUT /v1/AUTH_9881c5e8a1ee4b85a8547d82a943073d/gnocchi.7d0563b5-6337-4520-8266-8244c8143607/none_v3 HTTP/1.0 201 - python-swiftclient-3.11.1 gAAAAABpsHrj4bC9... 22 - - tx3684830081b0434488bad-0069b07b97 - 0.0210 - - 1773173655.742127657 1773173655.763173819 0
Mar 10 20:14:15 standalone container-server[122476]: 172.20.0.100 - - [10/Mar/2026:20:14:15 +0000] "HEAD /d1/440/AUTH_9881c5e8a1ee4b85a8547d82a943073d/gnocchi.002b0ba9-e6a0-48ef-b2ce-a7396254cbbc" 404 - "HEAD http://localhost:8080/v1/AUTH_9881c5e8a1ee4b85a8547d82a943073d/gnocchi.002b0ba9-e6a0-48ef-b2ce-a7396254cbbc?format=json&states=listing" "txd533d1af9e004f569fb9c-0069b07b97" "proxy-server 21" 0.0006 "-" 15 0
Mar 10 20:14:15 standalone object-server[122569]: 172.20.0.100 - - [10/Mar/2026:20:14:15 +0000] "GET /d1/782/AUTH_9881c5e8a1ee4b85a8547d82a943073d/gnocchi.002b0ba9-e6a0-48ef-b2ce-a7396254cbbc/none_v3" 404 70 "GET http://localhost:8080/v1/AUTH_9881c5e8a1ee4b85a8547d82a943073d/gnocchi.002b0ba9-e6a0-48ef-b2ce-a7396254cbbc/none_v3" "txd533d1af9e004f569fb9c-0069b07b97" "proxy-server 21" 0.0005 "-" 24 0
Mar 10 20:14:15 standalone proxy-server[124473]: 172.18.0.2 ::1 10/Mar/2026/20/14/15 GET /v1/AUTH_9881c5e8a1ee4b85a8547d82a943073d/gnocchi.002b0ba9-e6a0-48ef-b2ce-a7396254cbbc/none_v3 HTTP/1.0 404 - python-swiftclient-3.11.1 gAAAAABpsHrj4bC9... - 70 - txd533d1af9e004f569fb9c-0069b07b97 - 0.0139 - - 1773173655.778445721 1773173655.792370081 0
Mar 10 20:14:15 standalone account-server[122308]: 172.20.0.100 - - [10/Mar/2026:20:14:15 +0000] "PUT /d1/188/AUTH_9881c5e8a1ee4b85a8547d82a943073d/gnocchi.002b0ba9-e6a0-48ef-b2ce-a7396254cbbc" 201 - "PUT http://172.20.0.100:6001/d1/440/AUTH_9881c5e8a1ee4b85a8547d82a943073d/gnocchi.002b0ba9-e6a0-48ef-b2ce-a7396254cbbc" "txca40ad89f852402fabcb6-0069b07b97" "container-server 16" 0.0058 "-" 22 0
Mar 10 20:14:15 standalone container-server[122477]: 172.20.0.100 - - [10/Mar/2026:20:14:15 +0000] "PUT /d1/440/AUTH_9881c5e8a1ee4b85a8547d82a943073d/gnocchi.002b0ba9-e6a0-48ef-b2ce-a7396254cbbc" 201 - "PUT http://localhost:8080/v1/AUTH_9881c5e8a1ee4b85a8547d82a943073d/gnocchi.002b0ba9-e6a0-48ef-b2ce-a7396254cbbc" "txca40ad89f852402fabcb6-0069b07b97" "proxy-server 21" 0.0186 "-" 16 0
Mar 10 20:14:15 standalone proxy-server[124473]: 172.18.0.2 ::1 10/Mar/2026/20/14/15 PUT /v1/AUTH_9881c5e8a1ee4b85a8547d82a943073d/gnocchi.002b0ba9-e6a0-48ef-b2ce-a7396254cbbc HTTP/1.0 201 - python-swiftclient-3.11.1 gAAAAABpsHrj4bC9... - - - txca40ad89f852402fabcb6-0069b07b97 - 0.0254 - - 1773173655.797851324 1773173655.823283434 0
Mar 10 20:14:15 standalone container-server[122476]: 172.20.0.100 - - [10/Mar/2026:20:14:15 +0000] "HEAD /d1/440/AUTH_9881c5e8a1ee4b85a8547d82a943073d/gnocchi.002b0ba9-e6a0-48ef-b2ce-a7396254cbbc" 204 - "HEAD http://localhost:8080/v1/AUTH_9881c5e8a1ee4b85a8547d82a943073d/gnocchi.002b0ba9-e6a0-48ef-b2ce-a7396254cbbc?format=json&states=listing" "tx81802a1fbf4f451182410-0069b07b97" "proxy-server 21" 0.0020 "-" 15 0
Mar 10 20:14:15 standalone proxy-server[124473]: - - 10/Mar/2026/20/14/15 HEAD /v1/AUTH_9881c5e8a1ee4b85a8547d82a943073d/gnocchi.002b0ba9-e6a0-48ef-b2ce-a7396254cbbc%3Fformat%3Djson%26states%3Dlisting HTTP/1.0 204 - Swift - - - - tx81802a1fbf4f451182410-0069b07b97 - 0.0067 RL - 1773173655.831811666 1773173655.838521719 0
Mar 10 20:14:15 standalone container-server[122477]: 172.20.0.100 - - [10/Mar/2026:20:14:15 +0000] "GET /d1/440/AUTH_9881c5e8a1ee4b85a8547d82a943073d/gnocchi.002b0ba9-e6a0-48ef-b2ce-a7396254cbbc" 200 2 "GET http://localhost:8080/v1/AUTH_9881c5e8a1ee4b85a8547d82a943073d/gnocchi.002b0ba9-e6a0-48ef-b2ce-a7396254cbbc?format=json&states=listing" "tx81802a1fbf4f451182410-0069b07b97" "proxy-server 21" 0.0039 "-" 16 0
Mar 10 20:14:15 standalone proxy-server[124473]: 172.18.0.2 ::1 10/Mar/2026/20/14/15 GET /v1/AUTH_9881c5e8a1ee4b85a8547d82a943073d/gnocchi.002b0ba9-e6a0-48ef-b2ce-a7396254cbbc%3Fformat%3Djson%26states%3Dlisting HTTP/1.0 200 - python-swiftclient-3.11.1 gAAAAABpsHrj4bC9... - 2 - tx81802a1fbf4f451182410-0069b07b97 - 0.0212 - - 1773173655.830285072 1773173655.851532459 0
Mar 10 20:14:15 standalone object-server[122549]: 172.20.0.100 - - [10/Mar/2026:20:14:15 +0000] "GET /d1/187/AUTH_9881c5e8a1ee4b85a8547d82a943073d/gnocchi.002b0ba9-e6a0-48ef-b2ce-a7396254cbbc/1772280000.0_mean_300.0_v3" 404 70 "GET http://localhost:8080/v1/AUTH_9881c5e8a1ee4b85a8547d82a943073d/gnocchi.002b0ba9-e6a0-48ef-b2ce-a7396254cbbc/1772280000.0_mean_300.0_v3" "txec25f726f3684ae4a880d-0069b07b97" "proxy-server 21" 0.0005 "-" 22 0
Mar 10 20:14:15 standalone proxy-server[124473]: 172.18.0.2 ::1 10/Mar/2026/20/14/15 GET /v1/AUTH_9881c5e8a1ee4b85a8547d82a943073d/gnocchi.002b0ba9-e6a0-48ef-b2ce-a7396254cbbc/1772280000.0_mean_300.0_v3 HTTP/1.0 404 - python-swiftclient-3.11.1 gAAAAABpsHrj4bC9... - 70 - txec25f726f3684ae4a880d-0069b07b97 - 0.0078 - - 1773173655.857384920 1773173655.865222692 0
Mar 10 20:14:15 standalone container-server[122479]: 172.20.0.100 - - [10/Mar/2026:20:14:15 +0000] "PUT /d1/440/AUTH_9881c5e8a1ee4b85a8547d82a943073d/gnocchi.002b0ba9-e6a0-48ef-b2ce-a7396254cbbc/1772280000.0_mean_300.0_v3" 201 - "PUT http://localhost:8080/d1/187/AUTH_9881c5e8a1ee4b85a8547d82a943073d/gnocchi.002b0ba9-e6a0-48ef-b2ce-a7396254cbbc/1772280000.0_mean_300.0_v3" "tx88ea9996fb2448dd945ad-0069b07b97" "object-server 24" 0.0009 "-" 17 0
Mar 10 20:14:15 standalone object-server[122569]: 172.20.0.100 - - [10/Mar/2026:20:14:15 +0000] "PUT /d1/187/AUTH_9881c5e8a1ee4b85a8547d82a943073d/gnocchi.002b0ba9-e6a0-48ef-b2ce-a7396254cbbc/1772280000.0_mean_300.0_v3" 201 - "PUT http://localhost:8080/v1/AUTH_9881c5e8a1ee4b85a8547d82a943073d/gnocchi.002b0ba9-e6a0-48ef-b2ce-a7396254cbbc/1772280000.0_mean_300.0_v3" "tx88ea9996fb2448dd945ad-0069b07b97" "proxy-server 21" 0.0115 "-" 24 0
Mar 10 20:14:15 standalone proxy-server[124473]: 172.18.0.2 ::1 10/Mar/2026/20/14/15 PUT /v1/AUTH_9881c5e8a1ee4b85a8547d82a943073d/gnocchi.002b0ba9-e6a0-48ef-b2ce-a7396254cbbc/1772280000.0_mean_300.0_v3 HTTP/1.0 201 - python-swiftclient-3.11.1 gAAAAABpsHrj4bC9... 16 - - tx88ea9996fb2448dd945ad-0069b07b97 - 0.0193 - - 1773173655.869951248 1773173655.889292717 0
Mar 10 20:14:15 standalone container-server[122477]: 172.20.0.100 - - [10/Mar/2026:20:14:15 +0000] "PUT /d1/440/AUTH_9881c5e8a1ee4b85a8547d82a943073d/gnocchi.002b0ba9-e6a0-48ef-b2ce-a7396254cbbc/none_v3" 201 - "PUT http://localhost:8080/d1/782/AUTH_9881c5e8a1ee4b85a8547d82a943073d/gnocchi.002b0ba9-e6a0-48ef-b2ce-a7396254cbbc/none_v3" "txb5ed26bd805e4439beb0e-0069b07b97" "object-server 24" 0.0008 "-" 16 0
Mar 10 20:14:15 standalone object-server[122569]: 172.20.0.100 - - [10/Mar/2026:20:14:15 +0000] "PUT /d1/782/AUTH_9881c5e8a1ee4b85a8547d82a943073d/gnocchi.002b0ba9-e6a0-48ef-b2ce-a7396254cbbc/none_v3" 201 - "PUT http://localhost:8080/v1/AUTH_9881c5e8a1ee4b85a8547d82a943073d/gnocchi.002b0ba9-e6a0-48ef-b2ce-a7396254cbbc/none_v3" "txb5ed26bd805e4439beb0e-0069b07b97" "proxy-server 21" 0.0115 "-" 24 0
Mar 10 20:14:15 standalone proxy-server[124473]: 172.18.0.2 ::1 10/Mar/2026/20/14/15 PUT /v1/AUTH_9881c5e8a1ee4b85a8547d82a943073d/gnocchi.002b0ba9-e6a0-48ef-b2ce-a7396254cbbc/none_v3 HTTP/1.0 201 - python-swiftclient-3.11.1 gAAAAABpsHrj4bC9... 22 - - txb5ed26bd805e4439beb0e-0069b07b97 - 0.0189 - - 1773173655.894828558 1773173655.913772345 0
Mar 10 20:15:23 standalone account-server[122298]: 172.20.0.100 - - [10/Mar/2026:20:15:23 +0000] "HEAD /d1/83/.expiring_objects" 404 - "HEAD http://localhost/v1/.expiring_objects?format=json" "txb31ccc2bddba447d9e093-0069b07bdb" "proxy-server 2" 0.0009 "-" 21 -
Mar 10 20:15:23 standalone object-expirer[122299]: Pass completed in 0s; 0 objects expired (txn: txb31ccc2bddba447d9e093-0069b07bdb)
Mar 10 20:16:52 standalone container-server[122360]: Begin container update sweep
Mar 10 20:16:52 standalone account-server[122308]: 172.20.0.100 - - [10/Mar/2026:20:16:52 +0000] "PUT /d1/188/AUTH_9881c5e8a1ee4b85a8547d82a943073d/gnocchi.ebc1e7f3-d85b-4e6a-afea-21f1fcbeb4e5" 201 - "-" "-" "container-updater 2" 0.0010 "-" 22 0
Mar 10 20:16:52 standalone account-server[122314]: 172.20.0.100 - - [10/Mar/2026:20:16:52 +0000] "PUT /d1/188/AUTH_9881c5e8a1ee4b85a8547d82a943073d/gnocchi.d670d3bb-c476-4eed-9253-1440914a660d" 201 - "-" "-" "container-updater 2" 0.0006 "-" 23 0
Mar 10 20:16:52 standalone account-server[122288]: 172.20.0.100 - - [10/Mar/2026:20:16:52 +0000] "PUT /d1/188/AUTH_9881c5e8a1ee4b85a8547d82a943073d/gnocchi.7d0563b5-6337-4520-8266-8244c8143607" 201 - "-" "-" "container-updater 2" 0.0005 "-" 20 0
Mar 10 20:16:53 standalone account-server[122288]: 172.20.0.100 - - [10/Mar/2026:20:16:53 +0000] "PUT /d1/188/AUTH_9881c5e8a1ee4b85a8547d82a943073d/gnocchi.59f07a21-a55a-40a6-9093-ff9aa6ea93fb" 201 - "-" "-" "container-updater 2" 0.0012 "-" 20 0
Mar 10 20:16:53 standalone account-server[122308]: 172.20.0.100 - - [10/Mar/2026:20:16:53 +0000] "PUT /d1/188/AUTH_9881c5e8a1ee4b85a8547d82a943073d/gnocchi.8b7aa810-c1af-4335-9537-41bac9262e64" 201 - "-" "-" "container-updater 2" 0.0006 "-" 22 0
Mar 10 20:16:53 standalone account-server[122288]: 172.20.0.100 - - [10/Mar/2026:20:16:53 +0000] "PUT /d1/188/AUTH_9881c5e8a1ee4b85a8547d82a943073d/gnocchi.767d932a-c171-4fec-bbc7-682bfe71a2d1" 201 - "-" "-" "container-updater 2" 0.0011 "-" 20 0
Mar 10 20:16:53 standalone account-server[122314]: 172.20.0.100 - - [10/Mar/2026:20:16:53 +0000] "PUT /d1/188/AUTH_9881c5e8a1ee4b85a8547d82a943073d/gnocchi.11248138-5bae-4aa9-8956-ae36b855d009" 201 - "-" "-" "container-updater 2" 0.0008 "-" 23 0
Mar 10 20:16:53 standalone account-server[122308]: 172.20.0.100 - - [10/Mar/2026:20:16:53 +0000] "PUT /d1/188/AUTH_9881c5e8a1ee4b85a8547d82a943073d/gnocchi.658189af-1d8a-44d1-b438-c38fba8bb0d4" 201 - "-" "-" "container-updater 2" 0.0004 "-" 22 0
Mar 10 20:16:53 standalone account-server[122288]: 172.20.0.100 - - [10/Mar/2026:20:16:53 +0000] "PUT /d1/188/AUTH_9881c5e8a1ee4b85a8547d82a943073d/gnocchi.b63e2141-4455-436a-b33b-9b118e612381" 201 - "-" "-" "container-updater 2" 0.0008 "-" 20 0
Mar 10 20:16:53 standalone account-server[122288]: 172.20.0.100 - - [10/Mar/2026:20:16:53 +0000] "PUT /d1/188/AUTH_9881c5e8a1ee4b85a8547d82a943073d/gnocchi.43deac57-8ce9-43b1-ae5b-839c290db2c7" 201 - "-" "-" "container-updater 2" 0.0007 "-" 20 0
Mar 10 20:16:53 standalone account-server[122298]: 172.20.0.100 - - [10/Mar/2026:20:16:53 +0000] "PUT /d1/188/AUTH_9881c5e8a1ee4b85a8547d82a943073d/gnocchi.9350ca4a-e522-4b48-84f2-167043893f1f" 201 - "-" "-" "container-updater 2" 0.0007 "-" 21 0
Mar 10 20:16:53 standalone account-server[122288]: 172.20.0.100 - - [10/Mar/2026:20:16:53 +0000] "PUT /d1/188/AUTH_9881c5e8a1ee4b85a8547d82a943073d/gnocchi.002b0ba9-e6a0-48ef-b2ce-a7396254cbbc" 201 - "-" "-" "container-updater 2" 0.0007 "-" 20 0
Mar 10 20:16:54 standalone account-server[122288]: 172.20.0.100 - - [10/Mar/2026:20:16:54 +0000] "PUT /d1/188/AUTH_9881c5e8a1ee4b85a8547d82a943073d/gnocchi.b1ee7fd6-2a0d-488a-9037-add4740d27aa" 201 - "-" "-" "container-updater 2" 0.0007 "-" 20 0
Mar 10 20:16:54 standalone account-server[122314]: 172.20.0.100 - - [10/Mar/2026:20:16:54 +0000] "PUT /d1/188/AUTH_9881c5e8a1ee4b85a8547d82a943073d/gnocchi.18772946-f413-4483-8557-2e52677db9e7" 201 - "-" "-" "container-updater 2" 0.0008 "-" 23 0
Mar 10 20:16:54 standalone account-server[122314]: 172.20.0.100 - - [10/Mar/2026:20:16:54 +0000] "PUT /d1/188/AUTH_9881c5e8a1ee4b85a8547d82a943073d/gnocchi.bfd5ea47-31d4-4019-a522-153d9dde5847" 201 - "-" "-" "container-updater 2" 0.0007 "-" 23 0
Mar 10 20:16:54 standalone account-server[122308]: 172.20.0.100 - - [10/Mar/2026:20:16:54 +0000] "PUT /d1/188/AUTH_9881c5e8a1ee4b85a8547d82a943073d/gnocchi.864738fe-a96f-4391-9439-51a3a7b177fc" 201 - "-" "-" "container-updater 2" 0.0004 "-" 22 0
Mar 10 20:16:54 standalone account-server[122288]: 172.20.0.100 - - [10/Mar/2026:20:16:54 +0000] "PUT /d1/188/AUTH_9881c5e8a1ee4b85a8547d82a943073d/gnocchi.e56a133f-0c12-4b5b-a3d0-ef3e1eacd834" 201 - "-" "-" "container-updater 2" 0.0008 "-" 20 0
Mar 10 20:16:54 standalone account-server[122308]: 172.20.0.100 - - [10/Mar/2026:20:16:54 +0000] "PUT /d1/188/AUTH_9881c5e8a1ee4b85a8547d82a943073d/gnocchi.1c14f62f-6a82-47e7-8d16-d4a36826968b" 201 - "-" "-" "container-updater 2" 0.0007 "-" 22 0
Mar 10 20:16:54 standalone account-server[122288]: 172.20.0.100 - - [10/Mar/2026:20:16:54 +0000] "PUT /d1/188/AUTH_9881c5e8a1ee4b85a8547d82a943073d/gnocchi.5497878a-d07f-4310-af3e-82fe1b5ae902" 201 - "-" "-" "container-updater 2" 0.0011 "-" 20 0
Mar 10 20:16:54 standalone account-server[122314]: 172.20.0.100 - - [10/Mar/2026:20:16:54 +0000] "PUT /d1/188/AUTH_9881c5e8a1ee4b85a8547d82a943073d/gnocchi.52b4b7da-f381-43f1-b844-9b2996c12a53" 201 - "-" "-" "container-updater 2" 0.0007 "-" 23 0
Mar 10 20:16:55 standalone account-server[122298]: 172.20.0.100 - - [10/Mar/2026:20:16:55 +0000] "PUT /d1/188/AUTH_9881c5e8a1ee4b85a8547d82a943073d/gnocchi.a781a3b1-9ce2-435a-a2c3-78a0d9b55245" 201 - "-" "-" "container-updater 2" 0.0007 "-" 21 0
Mar 10 20:16:55 standalone container-server[122360]: Container update sweep completed: 2.54s
Mar 10 20:17:59 standalone object-server[122510]: Begin object update sweep
Mar 10 20:17:59 standalone object-server[251017]: Object update sweep starting on /srv/node/d1 (pid: 15)
Mar 10 20:17:59 standalone object-server[251017]: Object update sweep completed on /srv/node/d1 in 0.00s seconds:, 0 successes, 0 failures, 0 quarantines, 0 unlinks, 0 errors, 0 redirects (pid: 15)
Mar 10 20:17:59 standalone object-server[251017]: Object update sweep of d1 completed: 0.00s, 0 successes, 0 failures, 0 quarantines, 0 unlinks, 0 errors, 0 redirects
Mar 10 20:17:59 standalone object-server[122510]: Object update sweep completed: 0.08s
Mar 10 20:18:42 standalone account-server[122298]: 172.20.0.100 - - [10/Mar/2026:20:18:42 +0000] "HEAD /d1/83/.expiring_objects" 404 - "HEAD http://localhost/v1/.expiring_objects?format=json" "txa93f75966ab14ee8ac768-0069b07ca2" "proxy-server 2" 0.0008 "-" 21 -
Mar 10 20:18:42 standalone object-expirer[122299]: Pass completed in 0s; 0 objects expired (txn: txa93f75966ab14ee8ac768-0069b07ca2)
Mar 10 20:21:52 standalone container-server[122360]: Begin container update sweep
Mar 10 20:21:54 standalone container-server[122360]: Container update sweep completed: 1.60s
Mar 10 20:22:49 standalone account-server[122288]: 172.20.0.100 - - [10/Mar/2026:20:22:49 +0000] "HEAD /d1/83/.expiring_objects" 404 - "HEAD http://localhost/v1/.expiring_objects?format=json" "txbc25e30cb7ea437c96324-0069b07d99" "proxy-server 2" 0.0004 "-" 20 -
Mar 10 20:22:49 standalone object-expirer[122299]: Pass completed in 0s; 0 objects expired (txn: txbc25e30cb7ea437c96324-0069b07d99)
Mar 10 20:22:59 standalone object-server[122510]: Begin object update sweep
Mar 10 20:22:59 standalone object-server[274992]: Object update sweep starting on /srv/node/d1 (pid: 16)
Mar 10 20:22:59 standalone object-server[274992]: Object update sweep completed on /srv/node/d1 in 0.00s seconds:, 0 successes, 0 failures, 0 quarantines, 0 unlinks, 0 errors, 0 redirects (pid: 16)
Mar 10 20:22:59 standalone object-server[274992]: Object update sweep of d1 completed: 0.00s, 0 successes, 0 failures, 0 quarantines, 0 unlinks, 0 errors, 0 redirects
Mar 10 20:22:59 standalone object-server[122510]: Object update sweep completed: 0.08s
Mar 10 20:23:52 standalone account-server[122314]: 172.20.0.100 - - [10/Mar/2026:20:23:52 +0000] "HEAD /d1/83/.expiring_objects" 404 - "HEAD http://localhost/v1/.expiring_objects?format=json" "tx8ddb7dc8f7b945bcb4961-0069b07dd8" "proxy-server 2" 0.0007 "-" 23 -
Mar 10 20:23:52 standalone object-expirer[122299]: Pass completed in 0s; 0 objects expired (txn: tx8ddb7dc8f7b945bcb4961-0069b07dd8)
Mar 10 20:26:52 standalone container-server[122360]: Begin container update sweep
Mar 10 20:26:54 standalone container-server[122360]: Container update sweep completed: 1.99s
Mar 10 20:27:59 standalone object-server[122510]: Begin object update sweep
Mar 10 20:27:59 standalone object-server[295444]: Object update sweep starting on /srv/node/d1 (pid: 17)
Mar 10 20:27:59 standalone object-server[295444]: Object update sweep completed on /srv/node/d1 in 0.00s seconds:, 0 successes, 0 failures, 0 quarantines, 0 unlinks, 0 errors, 0 redirects (pid: 17)
Mar 10 20:27:59 standalone object-server[295444]: Object update sweep of d1 completed: 0.00s, 0 successes, 0 failures, 0 quarantines, 0 unlinks, 0 errors, 0 redirects
Mar 10 20:27:59 standalone object-server[122510]: Object update sweep completed: 0.08s
Mar 10 20:28:41 standalone account-server[122308]: 172.20.0.100 - - [10/Mar/2026:20:28:41 +0000] "HEAD /d1/83/.expiring_objects" 404 - "HEAD http://localhost/v1/.expiring_objects?format=json" "txa321011d33774b3b90d8d-0069b07ef9" "proxy-server 2" 0.0017 "-" 22 -
Mar 10 20:28:41 standalone object-expirer[122299]: Pass completed in 0s; 0 objects expired (txn: txa321011d33774b3b90d8d-0069b07ef9)
Mar 10 20:29:07 standalone account-server[122314]: 172.20.0.100 - - [10/Mar/2026:20:29:07 +0000] "HEAD /d1/83/.expiring_objects" 404 - "HEAD http://localhost/v1/.expiring_objects?format=json" "tx9ca17a6dc4804da2b0fe3-0069b07f13" "proxy-server 2" 0.0006 "-" 23 -
Mar 10 20:29:07 standalone object-expirer[122299]: Pass completed in 0s; 0 objects expired (txn: tx9ca17a6dc4804da2b0fe3-0069b07f13)
Mar 10 20:31:52 standalone container-server[122360]: Begin container update sweep
Mar 10 20:31:54 standalone container-server[122360]: Container update sweep completed: 1.36s
Mar 10 20:32:34 standalone account-server[122288]: 172.20.0.100 - - [10/Mar/2026:20:32:34 +0000] "HEAD /d1/83/.expiring_objects" 404 - "HEAD http://localhost/v1/.expiring_objects?format=json" "tx2b6caf5d998b4dc6aabf0-0069b07fe2" "proxy-server 2" 0.0008 "-" 20 -
Mar 10 20:32:34 standalone object-expirer[122299]: Pass completed in 0s; 0 objects expired (txn: tx2b6caf5d998b4dc6aabf0-0069b07fe2)
Mar 10 20:32:59 standalone object-server[122510]: Begin object update sweep
Mar 10 20:32:59 standalone object-server[315693]: Object update sweep starting on /srv/node/d1 (pid: 18)
Mar 10 20:32:59 standalone object-server[315693]: Object update sweep completed on /srv/node/d1 in 0.00s seconds:, 0 successes, 0 failures, 0 quarantines, 0 unlinks, 0 errors, 0 redirects (pid: 18)
Mar 10 20:32:59 standalone object-server[315693]: Object update sweep of d1 completed: 0.00s, 0 successes, 0 failures, 0 quarantines, 0 unlinks, 0 errors, 0 redirects
Mar 10 20:32:59 standalone object-server[122510]: Object update sweep completed: 0.08s
Mar 10 20:33:30 standalone account-server[122314]: 172.20.0.100 - - [10/Mar/2026:20:33:30 +0000] "HEAD /d1/83/.expiring_objects" 404 - "HEAD http://localhost/v1/.expiring_objects?format=json" "tx0dc6884904154028808fb-0069b0801a" "proxy-server 2" 0.0008 "-" 23 -
Mar 10 20:33:30 standalone object-expirer[122299]: Pass completed in 0s; 0 objects expired (txn: tx0dc6884904154028808fb-0069b0801a)
Mar 10 20:36:43 standalone account-server[122308]: 172.20.0.100 - - [10/Mar/2026:20:36:43 +0000] "HEAD /d1/83/.expiring_objects" 404 - "HEAD http://localhost/v1/.expiring_objects?format=json" "txef2b59b6716b4e74b68b0-0069b080db" "proxy-server 2" 0.0007 "-" 22 -
Mar 10 20:36:43 standalone object-expirer[122299]: Pass completed in 0s; 0 objects expired (txn: txef2b59b6716b4e74b68b0-0069b080db)
Mar 10 20:36:53 standalone container-server[122360]: Begin container update sweep
Mar 10 20:36:54 standalone container-server[122360]: Container update sweep completed: 1.24s
Mar 10 20:37:59 standalone object-server[122510]: Begin object update sweep
Mar 10 20:37:59 standalone object-server[336381]: Object update sweep starting on /srv/node/d1 (pid: 19)
Mar 10 20:37:59 standalone object-server[336381]: Object update sweep completed on /srv/node/d1 in 0.00s seconds:, 0 successes, 0 failures, 0 quarantines, 0 unlinks, 0 errors, 0 redirects (pid: 19)
Mar 10 20:37:59 standalone object-server[336381]: Object update sweep of d1 completed: 0.00s, 0 successes, 0 failures, 0 quarantines, 0 unlinks, 0 errors, 0 redirects
Mar 10 20:37:59 standalone object-server[122510]: Object update sweep completed: 0.08s