Jan 6 09:39:10 standalone container-server[121810]: 172.20.0.100 - - [06/Jan/2026:09:39:10 +0000] "GET /d1/588/AUTH_c3584fad902c4095b48f95aff5c97c86/gnocchi.21e1bd44-2645-4ca5-a413-4ade93d7d736" 200 2 "GET http://localhost:8080/v1/AUTH_c3584fad902c4095b48f95aff5c97c86/gnocchi.21e1bd44-2645-4ca5-a413-4ade93d7d736?format=json&states=listing" "txb6b2d79fa88f4e49addc3-00695cd83e" "proxy-server 12" 0.0039 "-" 14 0
Jan 6 09:39:10 standalone proxy-server[123936]: 172.18.0.2 ::1 06/Jan/2026/09/39/10 GET /v1/AUTH_c3584fad902c4095b48f95aff5c97c86/gnocchi.21e1bd44-2645-4ca5-a413-4ade93d7d736%3Fformat%3Djson%26states%3Dlisting HTTP/1.0 200 - python-swiftclient-3.11.1 gAAAAABpXNd_qBc0... - 2 - txb6b2d79fa88f4e49addc3-00695cd83e - 0.0250 - - 1767692350.899427652 1767692350.924438000 0
Jan 6 09:39:10 standalone object-server[121997]: 172.20.0.100 - - [06/Jan/2026:09:39:10 +0000] "GET /d1/673/AUTH_c3584fad902c4095b48f95aff5c97c86/gnocchi.21e1bd44-2645-4ca5-a413-4ade93d7d736/1766880000.0_mean_300.0_v3" 404 70 "GET http://localhost:8080/v1/AUTH_c3584fad902c4095b48f95aff5c97c86/gnocchi.21e1bd44-2645-4ca5-a413-4ade93d7d736/1766880000.0_mean_300.0_v3" "tx19fff799f5c549d9a244d-00695cd83e" "proxy-server 12" 0.0007 "-" 25 0
Jan 6 09:39:10 standalone proxy-server[123936]: 172.18.0.2 ::1 06/Jan/2026/09/39/10 GET /v1/AUTH_c3584fad902c4095b48f95aff5c97c86/gnocchi.21e1bd44-2645-4ca5-a413-4ade93d7d736/1766880000.0_mean_300.0_v3 HTTP/1.0 404 - python-swiftclient-3.11.1 gAAAAABpXNd_qBc0... - 70 - tx19fff799f5c549d9a244d-00695cd83e - 0.0094 - - 1767692350.931318283 1767692350.940751553 0
Jan 6 09:39:10 standalone container-server[121839]: 172.20.0.100 - - [06/Jan/2026:09:39:10 +0000] "PUT /d1/588/AUTH_c3584fad902c4095b48f95aff5c97c86/gnocchi.21e1bd44-2645-4ca5-a413-4ade93d7d736/1766880000.0_mean_300.0_v3" 201 - "PUT http://localhost:8080/d1/673/AUTH_c3584fad902c4095b48f95aff5c97c86/gnocchi.21e1bd44-2645-4ca5-a413-4ade93d7d736/1766880000.0_mean_300.0_v3" "tx91a98da8812d4866854be-00695cd83e" "object-server 25" 0.0010 "-" 17 0
Jan 6 09:39:10 standalone object-server[121997]: 172.20.0.100 - - [06/Jan/2026:09:39:10 +0000] "PUT /d1/673/AUTH_c3584fad902c4095b48f95aff5c97c86/gnocchi.21e1bd44-2645-4ca5-a413-4ade93d7d736/1766880000.0_mean_300.0_v3" 201 - "PUT http://localhost:8080/v1/AUTH_c3584fad902c4095b48f95aff5c97c86/gnocchi.21e1bd44-2645-4ca5-a413-4ade93d7d736/1766880000.0_mean_300.0_v3" "tx91a98da8812d4866854be-00695cd83e" "proxy-server 12" 0.0406 "-" 25 0
Jan 6 09:39:10 standalone proxy-server[123936]: 172.18.0.2 ::1 06/Jan/2026/09/39/10 PUT /v1/AUTH_c3584fad902c4095b48f95aff5c97c86/gnocchi.21e1bd44-2645-4ca5-a413-4ade93d7d736/1766880000.0_mean_300.0_v3 HTTP/1.0 201 - python-swiftclient-3.11.1 gAAAAABpXNd_qBc0... 16 - - tx91a98da8812d4866854be-00695cd83e - 0.0492 - - 1767692350.945861816 1767692350.995024920 0
Jan 6 09:39:11 standalone container-server[121810]: 172.20.0.100 - - [06/Jan/2026:09:39:11 +0000] "PUT /d1/588/AUTH_c3584fad902c4095b48f95aff5c97c86/gnocchi.21e1bd44-2645-4ca5-a413-4ade93d7d736/none_v3" 201 - "PUT http://localhost:8080/d1/411/AUTH_c3584fad902c4095b48f95aff5c97c86/gnocchi.21e1bd44-2645-4ca5-a413-4ade93d7d736/none_v3" "txf1f894bec59742eb8fb19-00695cd83f" "object-server 24" 0.0009 "-" 14 0
Jan 6 09:39:11 standalone object-server[121995]: 172.20.0.100 - - [06/Jan/2026:09:39:11 +0000] "PUT /d1/411/AUTH_c3584fad902c4095b48f95aff5c97c86/gnocchi.21e1bd44-2645-4ca5-a413-4ade93d7d736/none_v3" 201 - "PUT http://localhost:8080/v1/AUTH_c3584fad902c4095b48f95aff5c97c86/gnocchi.21e1bd44-2645-4ca5-a413-4ade93d7d736/none_v3" "txf1f894bec59742eb8fb19-00695cd83f" "proxy-server 12" 0.0131 "-" 24 0
Jan 6 09:39:11 standalone proxy-server[123936]: 172.18.0.2 ::1 06/Jan/2026/09/39/11 PUT /v1/AUTH_c3584fad902c4095b48f95aff5c97c86/gnocchi.21e1bd44-2645-4ca5-a413-4ade93d7d736/none_v3 HTTP/1.0 201 - python-swiftclient-3.11.1 gAAAAABpXNd_qBc0... 22 - - txf1f894bec59742eb8fb19-00695cd83f - 0.0236 - - 1767692351.001704693 1767692351.025352716 0
Jan 6 09:39:11 standalone container-server[121810]: 172.20.0.100 - - [06/Jan/2026:09:39:11 +0000] "HEAD /d1/572/AUTH_c3584fad902c4095b48f95aff5c97c86/gnocchi.07a1f44e-7e04-4dcb-a797-c222a06517c6" 404 - "HEAD http://localhost:8080/v1/AUTH_c3584fad902c4095b48f95aff5c97c86/gnocchi.07a1f44e-7e04-4dcb-a797-c222a06517c6?format=json&states=listing" "tx914499022a5743608a7c4-00695cd83f" "proxy-server 12" 0.0008 "-" 14 0
Jan 6 09:39:11 standalone object-server[121993]: 172.20.0.100 - - [06/Jan/2026:09:39:11 +0000] "GET /d1/723/AUTH_c3584fad902c4095b48f95aff5c97c86/gnocchi.07a1f44e-7e04-4dcb-a797-c222a06517c6/none_v3" 404 70 "GET http://localhost:8080/v1/AUTH_c3584fad902c4095b48f95aff5c97c86/gnocchi.07a1f44e-7e04-4dcb-a797-c222a06517c6/none_v3" "tx914499022a5743608a7c4-00695cd83f" "proxy-server 12" 0.0007 "-" 22 0
Jan 6 09:39:11 standalone proxy-server[123936]: 172.18.0.2 ::1 06/Jan/2026/09/39/11 GET /v1/AUTH_c3584fad902c4095b48f95aff5c97c86/gnocchi.07a1f44e-7e04-4dcb-a797-c222a06517c6/none_v3 HTTP/1.0 404 - python-swiftclient-3.11.1 gAAAAABpXNd_qBc0... - 70 - tx914499022a5743608a7c4-00695cd83f - 0.0169 - - 1767692351.084941387 1767692351.101848841 0
Jan 6 09:39:11 standalone account-server[121775]: 172.20.0.100 - - [06/Jan/2026:09:39:11 +0000] "PUT /d1/389/AUTH_c3584fad902c4095b48f95aff5c97c86/gnocchi.07a1f44e-7e04-4dcb-a797-c222a06517c6" 201 - "PUT http://172.20.0.100:6001/d1/572/AUTH_c3584fad902c4095b48f95aff5c97c86/gnocchi.07a1f44e-7e04-4dcb-a797-c222a06517c6" "txb93001f6ec6f4ff39e72c-00695cd83f" "container-server 17" 0.0058 "-" 16 0
Jan 6 09:39:11 standalone container-server[121839]: 172.20.0.100 - - [06/Jan/2026:09:39:11 +0000] "PUT /d1/572/AUTH_c3584fad902c4095b48f95aff5c97c86/gnocchi.07a1f44e-7e04-4dcb-a797-c222a06517c6" 201 - "PUT http://localhost:8080/v1/AUTH_c3584fad902c4095b48f95aff5c97c86/gnocchi.07a1f44e-7e04-4dcb-a797-c222a06517c6" "txb93001f6ec6f4ff39e72c-00695cd83f" "proxy-server 12" 0.0219 "-" 17 0
Jan 6 09:39:11 standalone proxy-server[123936]: 172.18.0.2 ::1 06/Jan/2026/09/39/11 PUT /v1/AUTH_c3584fad902c4095b48f95aff5c97c86/gnocchi.07a1f44e-7e04-4dcb-a797-c222a06517c6 HTTP/1.0 201 - python-swiftclient-3.11.1 gAAAAABpXNd_qBc0... - - - txb93001f6ec6f4ff39e72c-00695cd83f - 0.0288 - - 1767692351.107390642 1767692351.136142731 0
Jan 6 09:39:11 standalone container-server[121811]: 172.20.0.100 - - [06/Jan/2026:09:39:11 +0000] "HEAD /d1/572/AUTH_c3584fad902c4095b48f95aff5c97c86/gnocchi.07a1f44e-7e04-4dcb-a797-c222a06517c6" 204 - "HEAD http://localhost:8080/v1/AUTH_c3584fad902c4095b48f95aff5c97c86/gnocchi.07a1f44e-7e04-4dcb-a797-c222a06517c6?format=json&states=listing" "txb5f54d6e64b644c1a660f-00695cd83f" "proxy-server 12" 0.0016 "-" 15 0
Jan 6 09:39:11 standalone proxy-server[123936]: - - 06/Jan/2026/09/39/11 HEAD /v1/AUTH_c3584fad902c4095b48f95aff5c97c86/gnocchi.07a1f44e-7e04-4dcb-a797-c222a06517c6%3Fformat%3Djson%26states%3Dlisting HTTP/1.0 204 - Swift - - - - txb5f54d6e64b644c1a660f-00695cd83f - 0.0058 RL - 1767692351.144449949 1767692351.150282145 0
Jan 6 09:39:11 standalone container-server[121822]: 172.20.0.100 - - [06/Jan/2026:09:39:11 +0000] "GET /d1/572/AUTH_c3584fad902c4095b48f95aff5c97c86/gnocchi.07a1f44e-7e04-4dcb-a797-c222a06517c6" 200 2 "GET http://localhost:8080/v1/AUTH_c3584fad902c4095b48f95aff5c97c86/gnocchi.07a1f44e-7e04-4dcb-a797-c222a06517c6?format=json&states=listing" "txb5f54d6e64b644c1a660f-00695cd83f" "proxy-server 12" 0.0040 "-" 16 0
Jan 6 09:39:11 standalone proxy-server[123936]: 172.18.0.2 ::1 06/Jan/2026/09/39/11 GET /v1/AUTH_c3584fad902c4095b48f95aff5c97c86/gnocchi.07a1f44e-7e04-4dcb-a797-c222a06517c6%3Fformat%3Djson%26states%3Dlisting HTTP/1.0 200 - python-swiftclient-3.11.1 gAAAAABpXNd_qBc0... - 2 - txb5f54d6e64b644c1a660f-00695cd83f - 0.0210 - - 1767692351.142862082 1767692351.163882017 0
Jan 6 09:39:11 standalone object-server[121994]: 172.20.0.100 - - [06/Jan/2026:09:39:11 +0000] "GET /d1/775/AUTH_c3584fad902c4095b48f95aff5c97c86/gnocchi.07a1f44e-7e04-4dcb-a797-c222a06517c6/1766880000.0_mean_300.0_v3" 404 70 "GET http://localhost:8080/v1/AUTH_c3584fad902c4095b48f95aff5c97c86/gnocchi.07a1f44e-7e04-4dcb-a797-c222a06517c6/1766880000.0_mean_300.0_v3" "txd475f613e70740a4a2451-00695cd83f" "proxy-server 12" 0.0006 "-" 23 0
Jan 6 09:39:11 standalone proxy-server[123936]: 172.18.0.2 ::1 06/Jan/2026/09/39/11 GET /v1/AUTH_c3584fad902c4095b48f95aff5c97c86/gnocchi.07a1f44e-7e04-4dcb-a797-c222a06517c6/1766880000.0_mean_300.0_v3 HTTP/1.0 404 - python-swiftclient-3.11.1 gAAAAABpXNd_qBc0... - 70 - txd475f613e70740a4a2451-00695cd83f - 0.0094 - - 1767692351.171725512 1767692351.181093454 0
Jan 6 09:39:11 standalone container-server[121811]: 172.20.0.100 - - [06/Jan/2026:09:39:11 +0000] "PUT /d1/572/AUTH_c3584fad902c4095b48f95aff5c97c86/gnocchi.07a1f44e-7e04-4dcb-a797-c222a06517c6/1766880000.0_mean_300.0_v3" 201 - "PUT http://localhost:8080/d1/775/AUTH_c3584fad902c4095b48f95aff5c97c86/gnocchi.07a1f44e-7e04-4dcb-a797-c222a06517c6/1766880000.0_mean_300.0_v3" "tx65f5f4e1f46a47df9b54c-00695cd83f" "object-server 24" 0.0010 "-" 15 0
Jan 6 09:39:11 standalone object-server[121995]: 172.20.0.100 - - [06/Jan/2026:09:39:11 +0000] "PUT /d1/775/AUTH_c3584fad902c4095b48f95aff5c97c86/gnocchi.07a1f44e-7e04-4dcb-a797-c222a06517c6/1766880000.0_mean_300.0_v3" 201 - "PUT http://localhost:8080/v1/AUTH_c3584fad902c4095b48f95aff5c97c86/gnocchi.07a1f44e-7e04-4dcb-a797-c222a06517c6/1766880000.0_mean_300.0_v3" "tx65f5f4e1f46a47df9b54c-00695cd83f" "proxy-server 12" 0.0142 "-" 24 0
Jan 6 09:39:11 standalone proxy-server[123936]: 172.18.0.2 ::1 06/Jan/2026/09/39/11 PUT /v1/AUTH_c3584fad902c4095b48f95aff5c97c86/gnocchi.07a1f44e-7e04-4dcb-a797-c222a06517c6/1766880000.0_mean_300.0_v3 HTTP/1.0 201 - python-swiftclient-3.11.1 gAAAAABpXNd_qBc0... 16 - - tx65f5f4e1f46a47df9b54c-00695cd83f - 0.0240 - - 1767692351.186617374 1767692351.210629225 0
Jan 6 09:39:11 standalone container-server[121810]: 172.20.0.100 - - [06/Jan/2026:09:39:11 +0000] "PUT /d1/572/AUTH_c3584fad902c4095b48f95aff5c97c86/gnocchi.07a1f44e-7e04-4dcb-a797-c222a06517c6/none_v3" 201 - "PUT http://localhost:8080/d1/723/AUTH_c3584fad902c4095b48f95aff5c97c86/gnocchi.07a1f44e-7e04-4dcb-a797-c222a06517c6/none_v3" "tx1bf89547402245478437f-00695cd83f" "object-server 23" 0.0006 "-" 14 0
Jan 6 09:39:11 standalone object-server[121994]: 172.20.0.100 - - [06/Jan/2026:09:39:11 +0000] "PUT /d1/723/AUTH_c3584fad902c4095b48f95aff5c97c86/gnocchi.07a1f44e-7e04-4dcb-a797-c222a06517c6/none_v3" 201 - "PUT http://localhost:8080/v1/AUTH_c3584fad902c4095b48f95aff5c97c86/gnocchi.07a1f44e-7e04-4dcb-a797-c222a06517c6/none_v3" "tx1bf89547402245478437f-00695cd83f" "proxy-server 12" 0.0121 "-" 23 0
Jan 6 09:39:11 standalone proxy-server[123936]: 172.18.0.2 ::1 06/Jan/2026/09/39/11 PUT /v1/AUTH_c3584fad902c4095b48f95aff5c97c86/gnocchi.07a1f44e-7e04-4dcb-a797-c222a06517c6/none_v3 HTTP/1.0 201 - python-swiftclient-3.11.1 gAAAAABpXNd_qBc0... 22 - - tx1bf89547402245478437f-00695cd83f - 0.0211 - - 1767692351.217153072 1767692351.238289118 0
Jan 6 09:39:11 standalone container-server[121822]: 172.20.0.100 - - [06/Jan/2026:09:39:11 +0000] "HEAD /d1/577/AUTH_c3584fad902c4095b48f95aff5c97c86/gnocchi.350e59a6-068b-4e7a-aaca-bb6af44a28d3" 404 - "HEAD http://localhost:8080/v1/AUTH_c3584fad902c4095b48f95aff5c97c86/gnocchi.350e59a6-068b-4e7a-aaca-bb6af44a28d3?format=json&states=listing" "tx06d1f2d810ce43708a93c-00695cd83f" "proxy-server 12" 0.0008 "-" 16 0
Jan 6 09:39:11 standalone object-server[121997]: 172.20.0.100 - - [06/Jan/2026:09:39:11 +0000] "GET /d1/456/AUTH_c3584fad902c4095b48f95aff5c97c86/gnocchi.350e59a6-068b-4e7a-aaca-bb6af44a28d3/none_v3" 404 70 "GET http://localhost:8080/v1/AUTH_c3584fad902c4095b48f95aff5c97c86/gnocchi.350e59a6-068b-4e7a-aaca-bb6af44a28d3/none_v3" "tx06d1f2d810ce43708a93c-00695cd83f" "proxy-server 12" 0.0006 "-" 25 0
Jan 6 09:39:11 standalone proxy-server[123936]: 172.18.0.2 ::1 06/Jan/2026/09/39/11 GET /v1/AUTH_c3584fad902c4095b48f95aff5c97c86/gnocchi.350e59a6-068b-4e7a-aaca-bb6af44a28d3/none_v3 HTTP/1.0 404 - python-swiftclient-3.11.1 gAAAAABpXNd_qBc0... - 70 - tx06d1f2d810ce43708a93c-00695cd83f - 0.0165 - - 1767692351.291757345 1767692351.308287144 0
Jan 6 09:39:11 standalone account-server[121771]: 172.20.0.100 - - [06/Jan/2026:09:39:11 +0000] "PUT /d1/389/AUTH_c3584fad902c4095b48f95aff5c97c86/gnocchi.350e59a6-068b-4e7a-aaca-bb6af44a28d3" 201 - "PUT http://172.20.0.100:6001/d1/577/AUTH_c3584fad902c4095b48f95aff5c97c86/gnocchi.350e59a6-068b-4e7a-aaca-bb6af44a28d3" "tx5bebf61f24004ee8b658a-00695cd83f" "container-server 14" 0.0060 "-" 15 0
Jan 6 09:39:11 standalone container-server[121810]: 172.20.0.100 - - [06/Jan/2026:09:39:11 +0000] "PUT /d1/577/AUTH_c3584fad902c4095b48f95aff5c97c86/gnocchi.350e59a6-068b-4e7a-aaca-bb6af44a28d3" 201 - "PUT http://localhost:8080/v1/AUTH_c3584fad902c4095b48f95aff5c97c86/gnocchi.350e59a6-068b-4e7a-aaca-bb6af44a28d3" "tx5bebf61f24004ee8b658a-00695cd83f" "proxy-server 12" 0.0210 "-" 14 0
Jan 6 09:39:11 standalone proxy-server[123936]: 172.18.0.2 ::1 06/Jan/2026/09/39/11 PUT /v1/AUTH_c3584fad902c4095b48f95aff5c97c86/gnocchi.350e59a6-068b-4e7a-aaca-bb6af44a28d3 HTTP/1.0 201 - python-swiftclient-3.11.1 gAAAAABpXNd_qBc0... - - - tx5bebf61f24004ee8b658a-00695cd83f - 0.0297 - - 1767692351.314496994 1767692351.344185829 0
Jan 6 09:39:11 standalone container-server[121811]: 172.20.0.100 - - [06/Jan/2026:09:39:11 +0000] "HEAD /d1/577/AUTH_c3584fad902c4095b48f95aff5c97c86/gnocchi.350e59a6-068b-4e7a-aaca-bb6af44a28d3" 204 - "HEAD http://localhost:8080/v1/AUTH_c3584fad902c4095b48f95aff5c97c86/gnocchi.350e59a6-068b-4e7a-aaca-bb6af44a28d3?format=json&states=listing" "txcea9a933616741498a417-00695cd83f" "proxy-server 12" 0.0025 "-" 15 0
Jan 6 09:39:11 standalone proxy-server[123936]: - - 06/Jan/2026/09/39/11 HEAD /v1/AUTH_c3584fad902c4095b48f95aff5c97c86/gnocchi.350e59a6-068b-4e7a-aaca-bb6af44a28d3%3Fformat%3Djson%26states%3Dlisting HTTP/1.0 204 - Swift - - - - txcea9a933616741498a417-00695cd83f - 0.0079 RL - 1767692351.351495981 1767692351.359382868 0
Jan 6 09:39:11 standalone container-server[121822]: 172.20.0.100 - - [06/Jan/2026:09:39:11 +0000] "GET /d1/577/AUTH_c3584fad902c4095b48f95aff5c97c86/gnocchi.350e59a6-068b-4e7a-aaca-bb6af44a28d3" 200 2 "GET http://localhost:8080/v1/AUTH_c3584fad902c4095b48f95aff5c97c86/gnocchi.350e59a6-068b-4e7a-aaca-bb6af44a28d3?format=json&states=listing" "txcea9a933616741498a417-00695cd83f" "proxy-server 12" 0.0041 "-" 16 0
Jan 6 09:39:11 standalone proxy-server[123936]: 172.18.0.2 ::1 06/Jan/2026/09/39/11 GET /v1/AUTH_c3584fad902c4095b48f95aff5c97c86/gnocchi.350e59a6-068b-4e7a-aaca-bb6af44a28d3%3Fformat%3Djson%26states%3Dlisting HTTP/1.0 200 - python-swiftclient-3.11.1 gAAAAABpXNd_qBc0... - 2 - txcea9a933616741498a417-00695cd83f - 0.0233 - - 1767692351.349689007 1767692351.373034239 0
Jan 6 09:39:11 standalone object-server[121993]: 172.20.0.100 - - [06/Jan/2026:09:39:11 +0000] "GET /d1/835/AUTH_c3584fad902c4095b48f95aff5c97c86/gnocchi.350e59a6-068b-4e7a-aaca-bb6af44a28d3/1766880000.0_mean_300.0_v3" 404 70 "GET http://localhost:8080/v1/AUTH_c3584fad902c4095b48f95aff5c97c86/gnocchi.350e59a6-068b-4e7a-aaca-bb6af44a28d3/1766880000.0_mean_300.0_v3" "txa41b7c87e95241b1b82a0-00695cd83f" "proxy-server 12" 0.0008 "-" 22 0
Jan 6 09:39:11 standalone proxy-server[123936]: 172.18.0.2 ::1 06/Jan/2026/09/39/11 GET /v1/AUTH_c3584fad902c4095b48f95aff5c97c86/gnocchi.350e59a6-068b-4e7a-aaca-bb6af44a28d3/1766880000.0_mean_300.0_v3 HTTP/1.0 404 - python-swiftclient-3.11.1 gAAAAABpXNd_qBc0... - 70 - txa41b7c87e95241b1b82a0-00695cd83f - 0.0090 - - 1767692351.378642797 1767692351.387621641 0
Jan 6 09:39:11 standalone container-server[121822]: 172.20.0.100 - - [06/Jan/2026:09:39:11 +0000] "PUT /d1/577/AUTH_c3584fad902c4095b48f95aff5c97c86/gnocchi.350e59a6-068b-4e7a-aaca-bb6af44a28d3/1766880000.0_mean_300.0_v3" 201 - "PUT http://localhost:8080/d1/835/AUTH_c3584fad902c4095b48f95aff5c97c86/gnocchi.350e59a6-068b-4e7a-aaca-bb6af44a28d3/1766880000.0_mean_300.0_v3" "txe856e87cd2594e5baf26a-00695cd83f" "object-server 24" 0.0010 "-" 16 0
Jan 6 09:39:11 standalone object-server[121995]: 172.20.0.100 - - [06/Jan/2026:09:39:11 +0000] "PUT /d1/835/AUTH_c3584fad902c4095b48f95aff5c97c86/gnocchi.350e59a6-068b-4e7a-aaca-bb6af44a28d3/1766880000.0_mean_300.0_v3" 201 - "PUT http://localhost:8080/v1/AUTH_c3584fad902c4095b48f95aff5c97c86/gnocchi.350e59a6-068b-4e7a-aaca-bb6af44a28d3/1766880000.0_mean_300.0_v3" "txe856e87cd2594e5baf26a-00695cd83f" "proxy-server 12" 0.0134 "-" 24 0
Jan 6 09:39:11 standalone proxy-server[123936]: 172.18.0.2 ::1 06/Jan/2026/09/39/11 PUT /v1/AUTH_c3584fad902c4095b48f95aff5c97c86/gnocchi.350e59a6-068b-4e7a-aaca-bb6af44a28d3/1766880000.0_mean_300.0_v3 HTTP/1.0 201 - python-swiftclient-3.11.1 gAAAAABpXNd_qBc0... 16 - - txe856e87cd2594e5baf26a-00695cd83f - 0.0221 - - 1767692351.392326355 1767692351.414385080 0
Jan 6 09:39:11 standalone container-server[121810]: 172.20.0.100 - - [06/Jan/2026:09:39:11 +0000] "PUT /d1/577/AUTH_c3584fad902c4095b48f95aff5c97c86/gnocchi.350e59a6-068b-4e7a-aaca-bb6af44a28d3/none_v3" 201 - "PUT http://localhost:8080/d1/456/AUTH_c3584fad902c4095b48f95aff5c97c86/gnocchi.350e59a6-068b-4e7a-aaca-bb6af44a28d3/none_v3" "tx2ddd0203e74147f480754-00695cd83f" "object-server 24" 0.0008 "-" 14 0
Jan 6 09:39:11 standalone object-server[121995]: 172.20.0.100 - - [06/Jan/2026:09:39:11 +0000] "PUT /d1/456/AUTH_c3584fad902c4095b48f95aff5c97c86/gnocchi.350e59a6-068b-4e7a-aaca-bb6af44a28d3/none_v3" 201 - "PUT http://localhost:8080/v1/AUTH_c3584fad902c4095b48f95aff5c97c86/gnocchi.350e59a6-068b-4e7a-aaca-bb6af44a28d3/none_v3" "tx2ddd0203e74147f480754-00695cd83f" "proxy-server 12" 0.0133 "-" 24 0
Jan 6 09:39:11 standalone proxy-server[123936]: 172.18.0.2 ::1 06/Jan/2026/09/39/11 PUT /v1/AUTH_c3584fad902c4095b48f95aff5c97c86/gnocchi.350e59a6-068b-4e7a-aaca-bb6af44a28d3/none_v3 HTTP/1.0 201 - python-swiftclient-3.11.1 gAAAAABpXNd_qBc0... 22 - - tx2ddd0203e74147f480754-00695cd83f - 0.0218 - - 1767692351.418530464 1767692351.440324783 0
Jan 6 09:39:11 standalone container-server[121811]: 172.20.0.100 - - [06/Jan/2026:09:39:11 +0000] "HEAD /d1/253/AUTH_c3584fad902c4095b48f95aff5c97c86/gnocchi.3fbf7191-14ab-4bbb-8ea4-8dcc6620c3e1" 404 - "HEAD http://localhost:8080/v1/AUTH_c3584fad902c4095b48f95aff5c97c86/gnocchi.3fbf7191-14ab-4bbb-8ea4-8dcc6620c3e1?format=json&states=listing" "txd333b2ea42b84ffbb0ab8-00695cd83f" "proxy-server 12" 0.0009 "-" 15 0
Jan 6 09:39:11 standalone object-server[121997]: 172.20.0.100 - - [06/Jan/2026:09:39:11 +0000] "GET /d1/534/AUTH_c3584fad902c4095b48f95aff5c97c86/gnocchi.3fbf7191-14ab-4bbb-8ea4-8dcc6620c3e1/none_v3" 404 70 "GET http://localhost:8080/v1/AUTH_c3584fad902c4095b48f95aff5c97c86/gnocchi.3fbf7191-14ab-4bbb-8ea4-8dcc6620c3e1/none_v3" "txd333b2ea42b84ffbb0ab8-00695cd83f" "proxy-server 12" 0.0005 "-" 25 0
Jan 6 09:39:11 standalone proxy-server[123936]: 172.18.0.2 ::1 06/Jan/2026/09/39/11 GET /v1/AUTH_c3584fad902c4095b48f95aff5c97c86/gnocchi.3fbf7191-14ab-4bbb-8ea4-8dcc6620c3e1/none_v3 HTTP/1.0 404 - python-swiftclient-3.11.1 gAAAAABpXNd_qBc0... - 70 - txd333b2ea42b84ffbb0ab8-00695cd83f - 0.0139 - - 1767692351.485381126 1767692351.499270916 0
Jan 6 09:39:11 standalone account-server[121771]: 172.20.0.100 - - [06/Jan/2026:09:39:11 +0000] "PUT /d1/389/AUTH_c3584fad902c4095b48f95aff5c97c86/gnocchi.3fbf7191-14ab-4bbb-8ea4-8dcc6620c3e1" 201 - "PUT http://172.20.0.100:6001/d1/253/AUTH_c3584fad902c4095b48f95aff5c97c86/gnocchi.3fbf7191-14ab-4bbb-8ea4-8dcc6620c3e1" "txcc9ca42d9f8a49fa812dd-00695cd83f" "container-server 17" 0.0060 "-" 15 0
Jan 6 09:39:11 standalone container-server[121839]: 172.20.0.100 - - [06/Jan/2026:09:39:11 +0000] "PUT /d1/253/AUTH_c3584fad902c4095b48f95aff5c97c86/gnocchi.3fbf7191-14ab-4bbb-8ea4-8dcc6620c3e1" 201 - "PUT http://localhost:8080/v1/AUTH_c3584fad902c4095b48f95aff5c97c86/gnocchi.3fbf7191-14ab-4bbb-8ea4-8dcc6620c3e1" "txcc9ca42d9f8a49fa812dd-00695cd83f" "proxy-server 12" 0.0202 "-" 17 0
Jan 6 09:39:11 standalone proxy-server[123936]: 172.18.0.2 ::1 06/Jan/2026/09/39/11 PUT /v1/AUTH_c3584fad902c4095b48f95aff5c97c86/gnocchi.3fbf7191-14ab-4bbb-8ea4-8dcc6620c3e1 HTTP/1.0 201 - python-swiftclient-3.11.1 gAAAAABpXNd_qBc0... - - - txcc9ca42d9f8a49fa812dd-00695cd83f - 0.0268 - - 1767692351.503692627 1767692351.530507565 0
Jan 6 09:39:11 standalone container-server[121822]: 172.20.0.100 - - [06/Jan/2026:09:39:11 +0000] "HEAD /d1/253/AUTH_c3584fad902c4095b48f95aff5c97c86/gnocchi.3fbf7191-14ab-4bbb-8ea4-8dcc6620c3e1" 204 - "HEAD http://localhost:8080/v1/AUTH_c3584fad902c4095b48f95aff5c97c86/gnocchi.3fbf7191-14ab-4bbb-8ea4-8dcc6620c3e1?format=json&states=listing" "txad6efc8998a4498d823c7-00695cd83f" "proxy-server 12" 0.0027 "-" 16 0
Jan 6 09:39:11 standalone proxy-server[123936]: - - 06/Jan/2026/09/39/11 HEAD /v1/AUTH_c3584fad902c4095b48f95aff5c97c86/gnocchi.3fbf7191-14ab-4bbb-8ea4-8dcc6620c3e1%3Fformat%3Djson%26states%3Dlisting HTTP/1.0 204 - Swift - - - - txad6efc8998a4498d823c7-00695cd83f - 0.0079 RL - 1767692351.537360907 1767692351.545258284 0
Jan 6 09:39:11 standalone container-server[121822]: 172.20.0.100 - - [06/Jan/2026:09:39:11 +0000] "GET /d1/253/AUTH_c3584fad902c4095b48f95aff5c97c86/gnocchi.3fbf7191-14ab-4bbb-8ea4-8dcc6620c3e1" 200 2 "GET http://localhost:8080/v1/AUTH_c3584fad902c4095b48f95aff5c97c86/gnocchi.3fbf7191-14ab-4bbb-8ea4-8dcc6620c3e1?format=json&states=listing" "txad6efc8998a4498d823c7-00695cd83f" "proxy-server 12" 0.0033 "-" 16 0
Jan 6 09:39:11 standalone proxy-server[123936]: 172.18.0.2 ::1 06/Jan/2026/09/39/11 GET /v1/AUTH_c3584fad902c4095b48f95aff5c97c86/gnocchi.3fbf7191-14ab-4bbb-8ea4-8dcc6620c3e1%3Fformat%3Djson%26states%3Dlisting HTTP/1.0 200 - python-swiftclient-3.11.1 gAAAAABpXNd_qBc0... - 2 - txad6efc8998a4498d823c7-00695cd83f - 0.0217 - - 1767692351.535816193 1767692351.557524681 0
Jan 6 09:39:11 standalone object-server[121994]: 172.20.0.100 - - [06/Jan/2026:09:39:11 +0000] "GET /d1/137/AUTH_c3584fad902c4095b48f95aff5c97c86/gnocchi.3fbf7191-14ab-4bbb-8ea4-8dcc6620c3e1/1766880000.0_mean_300.0_v3" 404 70 "GET http://localhost:8080/v1/AUTH_c3584fad902c4095b48f95aff5c97c86/gnocchi.3fbf7191-14ab-4bbb-8ea4-8dcc6620c3e1/1766880000.0_mean_300.0_v3" "tx65f92f90c0ec42edb8415-00695cd83f" "proxy-server 12" 0.0007 "-" 23 0
Jan 6 09:39:11 standalone proxy-server[123936]: 172.18.0.2 ::1 06/Jan/2026/09/39/11 GET /v1/AUTH_c3584fad902c4095b48f95aff5c97c86/gnocchi.3fbf7191-14ab-4bbb-8ea4-8dcc6620c3e1/1766880000.0_mean_300.0_v3 HTTP/1.0 404 - python-swiftclient-3.11.1 gAAAAABpXNd_qBc0... - 70 - tx65f92f90c0ec42edb8415-00695cd83f - 0.0099 - - 1767692351.562952995 1767692351.572855234 0
Jan 6 09:39:11 standalone container-server[121839]: 172.20.0.100 - - [06/Jan/2026:09:39:11 +0000] "PUT /d1/253/AUTH_c3584fad902c4095b48f95aff5c97c86/gnocchi.3fbf7191-14ab-4bbb-8ea4-8dcc6620c3e1/1766880000.0_mean_300.0_v3" 201 - "PUT http://localhost:8080/d1/137/AUTH_c3584fad902c4095b48f95aff5c97c86/gnocchi.3fbf7191-14ab-4bbb-8ea4-8dcc6620c3e1/1766880000.0_mean_300.0_v3" "txe232f178b76f4bccbbafb-00695cd83f" "object-server 23" 0.0009 "-" 17 0
Jan 6 09:39:11 standalone object-server[121994]: 172.20.0.100 - - [06/Jan/2026:09:39:11 +0000] "PUT /d1/137/AUTH_c3584fad902c4095b48f95aff5c97c86/gnocchi.3fbf7191-14ab-4bbb-8ea4-8dcc6620c3e1/1766880000.0_mean_300.0_v3" 201 - "PUT http://localhost:8080/v1/AUTH_c3584fad902c4095b48f95aff5c97c86/gnocchi.3fbf7191-14ab-4bbb-8ea4-8dcc6620c3e1/1766880000.0_mean_300.0_v3" "txe232f178b76f4bccbbafb-00695cd83f" "proxy-server 12" 0.0133 "-" 23 0
Jan 6 09:39:11 standalone proxy-server[123936]: 172.18.0.2 ::1 06/Jan/2026/09/39/11 PUT /v1/AUTH_c3584fad902c4095b48f95aff5c97c86/gnocchi.3fbf7191-14ab-4bbb-8ea4-8dcc6620c3e1/1766880000.0_mean_300.0_v3 HTTP/1.0 201 - python-swiftclient-3.11.1 gAAAAABpXNd_qBc0... 16 - - txe232f178b76f4bccbbafb-00695cd83f - 0.0205 - - 1767692351.577500105 1767692351.598024845 0
Jan 6 09:39:11 standalone container-server[121822]: 172.20.0.100 - - [06/Jan/2026:09:39:11 +0000] "PUT /d1/253/AUTH_c3584fad902c4095b48f95aff5c97c86/gnocchi.3fbf7191-14ab-4bbb-8ea4-8dcc6620c3e1/none_v3" 201 - "PUT http://localhost:8080/d1/534/AUTH_c3584fad902c4095b48f95aff5c97c86/gnocchi.3fbf7191-14ab-4bbb-8ea4-8dcc6620c3e1/none_v3" "txe0aea675699e4c9e8d443-00695cd83f" "object-server 25" 0.0009 "-" 16 0
Jan 6 09:39:11 standalone object-server[121997]: 172.20.0.100 - - [06/Jan/2026:09:39:11 +0000] "PUT /d1/534/AUTH_c3584fad902c4095b48f95aff5c97c86/gnocchi.3fbf7191-14ab-4bbb-8ea4-8dcc6620c3e1/none_v3" 201 - "PUT http://localhost:8080/v1/AUTH_c3584fad902c4095b48f95aff5c97c86/gnocchi.3fbf7191-14ab-4bbb-8ea4-8dcc6620c3e1/none_v3" "txe0aea675699e4c9e8d443-00695cd83f" "proxy-server 12" 0.0127 "-" 25 0
Jan 6 09:39:11 standalone proxy-server[123936]: 172.18.0.2 ::1 06/Jan/2026/09/39/11 PUT /v1/AUTH_c3584fad902c4095b48f95aff5c97c86/gnocchi.3fbf7191-14ab-4bbb-8ea4-8dcc6620c3e1/none_v3 HTTP/1.0 201 - python-swiftclient-3.11.1 gAAAAABpXNd_qBc0... 22 - - txe0aea675699e4c9e8d443-00695cd83f - 0.0483 - - 1767692351.603484869 1767692351.651825905 0
Jan 6 09:39:11 standalone container-server[121811]: 172.20.0.100 - - [06/Jan/2026:09:39:11 +0000] "HEAD /d1/960/AUTH_c3584fad902c4095b48f95aff5c97c86/gnocchi.5ca109e6-1d29-4241-8144-69eb859aa570" 404 - "HEAD http://localhost:8080/v1/AUTH_c3584fad902c4095b48f95aff5c97c86/gnocchi.5ca109e6-1d29-4241-8144-69eb859aa570?format=json&states=listing" "tx698f338df28d485a9055a-00695cd83f" "proxy-server 12" 0.0005 "-" 15 0
Jan 6 09:39:11 standalone object-server[121993]: 172.20.0.100 - - [06/Jan/2026:09:39:11 +0000] "GET /d1/126/AUTH_c3584fad902c4095b48f95aff5c97c86/gnocchi.5ca109e6-1d29-4241-8144-69eb859aa570/none_v3" 404 70 "GET http://localhost:8080/v1/AUTH_c3584fad902c4095b48f95aff5c97c86/gnocchi.5ca109e6-1d29-4241-8144-69eb859aa570/none_v3" "tx698f338df28d485a9055a-00695cd83f" "proxy-server 12" 0.0006 "-" 22 0
Jan 6 09:39:11 standalone proxy-server[123936]: 172.18.0.2 ::1 06/Jan/2026/09/39/11 GET /v1/AUTH_c3584fad902c4095b48f95aff5c97c86/gnocchi.5ca109e6-1d29-4241-8144-69eb859aa570/none_v3 HTTP/1.0 404 - python-swiftclient-3.11.1 gAAAAABpXNd_qBc0... - 70 - tx698f338df28d485a9055a-00695cd83f - 0.0144 - - 1767692351.696689129 1767692351.711069107 0
Jan 6 09:39:11 standalone account-server[121762]: 172.20.0.100 - - [06/Jan/2026:09:39:11 +0000] "PUT /d1/389/AUTH_c3584fad902c4095b48f95aff5c97c86/gnocchi.5ca109e6-1d29-4241-8144-69eb859aa570" 201 - "PUT http://172.20.0.100:6001/d1/960/AUTH_c3584fad902c4095b48f95aff5c97c86/gnocchi.5ca109e6-1d29-4241-8144-69eb859aa570" "tx268154ff4f3c4af2b6cef-00695cd83f" "container-server 15" 0.0047 "-" 14 0
Jan 6 09:39:11 standalone container-server[121811]: 172.20.0.100 - - [06/Jan/2026:09:39:11 +0000] "PUT /d1/960/AUTH_c3584fad902c4095b48f95aff5c97c86/gnocchi.5ca109e6-1d29-4241-8144-69eb859aa570" 201 - "PUT http://localhost:8080/v1/AUTH_c3584fad902c4095b48f95aff5c97c86/gnocchi.5ca109e6-1d29-4241-8144-69eb859aa570" "tx268154ff4f3c4af2b6cef-00695cd83f" "proxy-server 12" 0.0148 "-" 15 0
Jan 6 09:39:11 standalone proxy-server[123936]: 172.18.0.2 ::1 06/Jan/2026/09/39/11 PUT /v1/AUTH_c3584fad902c4095b48f95aff5c97c86/gnocchi.5ca109e6-1d29-4241-8144-69eb859aa570 HTTP/1.0 201 - python-swiftclient-3.11.1 gAAAAABpXNd_qBc0... - - - tx268154ff4f3c4af2b6cef-00695cd83f - 0.0207 - - 1767692351.715867758 1767692351.736579180 0
Jan 6 09:39:11 standalone container-server[121810]: 172.20.0.100 - - [06/Jan/2026:09:39:11 +0000] "HEAD /d1/960/AUTH_c3584fad902c4095b48f95aff5c97c86/gnocchi.5ca109e6-1d29-4241-8144-69eb859aa570" 204 - "HEAD http://localhost:8080/v1/AUTH_c3584fad902c4095b48f95aff5c97c86/gnocchi.5ca109e6-1d29-4241-8144-69eb859aa570?format=json&states=listing" "tx6702e7f8e20e42ed9201a-00695cd83f" "proxy-server 12" 0.0024 "-" 14 0
Jan 6 09:39:11 standalone proxy-server[123936]: - - 06/Jan/2026/09/39/11 HEAD /v1/AUTH_c3584fad902c4095b48f95aff5c97c86/gnocchi.5ca109e6-1d29-4241-8144-69eb859aa570%3Fformat%3Djson%26states%3Dlisting HTTP/1.0 204 - Swift - - - - tx6702e7f8e20e42ed9201a-00695cd83f - 0.0076 RL - 1767692351.743568659 1767692351.751198292 0
Jan 6 09:39:11 standalone container-server[121810]: 172.20.0.100 - - [06/Jan/2026:09:39:11 +0000] "GET /d1/960/AUTH_c3584fad902c4095b48f95aff5c97c86/gnocchi.5ca109e6-1d29-4241-8144-69eb859aa570" 200 2 "GET http://localhost:8080/v1/AUTH_c3584fad902c4095b48f95aff5c97c86/gnocchi.5ca109e6-1d29-4241-8144-69eb859aa570?format=json&states=listing" "tx6702e7f8e20e42ed9201a-00695cd83f" "proxy-server 12" 0.0031 "-" 14 0
Jan 6 09:39:11 standalone proxy-server[123936]: 172.18.0.2 ::1 06/Jan/2026/09/39/11 GET /v1/AUTH_c3584fad902c4095b48f95aff5c97c86/gnocchi.5ca109e6-1d29-4241-8144-69eb859aa570%3Fformat%3Djson%26states%3Dlisting HTTP/1.0 200 - python-swiftclient-3.11.1 gAAAAABpXNd_qBc0... - 2 - tx6702e7f8e20e42ed9201a-00695cd83f - 0.0210 - - 1767692351.741894484 1767692351.762845039 0
Jan 6 09:39:11 standalone object-server[121997]: 172.20.0.100 - - [06/Jan/2026:09:39:11 +0000] "GET /d1/791/AUTH_c3584fad902c4095b48f95aff5c97c86/gnocchi.5ca109e6-1d29-4241-8144-69eb859aa570/1766880000.0_mean_300.0_v3" 404 70 "GET http://localhost:8080/v1/AUTH_c3584fad902c4095b48f95aff5c97c86/gnocchi.5ca109e6-1d29-4241-8144-69eb859aa570/1766880000.0_mean_300.0_v3" "tx6233dac1d3874ea292b9e-00695cd83f" "proxy-server 12" 0.0004 "-" 25 0
Jan 6 09:39:11 standalone proxy-server[123936]: 172.18.0.2 ::1 06/Jan/2026/09/39/11 GET /v1/AUTH_c3584fad902c4095b48f95aff5c97c86/gnocchi.5ca109e6-1d29-4241-8144-69eb859aa570/1766880000.0_mean_300.0_v3 HTTP/1.0 404 - python-swiftclient-3.11.1 gAAAAABpXNd_qBc0... - 70 - tx6233dac1d3874ea292b9e-00695cd83f - 0.0075 - - 1767692351.768094540 1767692351.775548220 0
Jan 6 09:39:11 standalone container-server[121839]: 172.20.0.100 - - [06/Jan/2026:09:39:11 +0000] "PUT /d1/960/AUTH_c3584fad902c4095b48f95aff5c97c86/gnocchi.5ca109e6-1d29-4241-8144-69eb859aa570/1766880000.0_mean_300.0_v3" 201 - "PUT http://localhost:8080/d1/791/AUTH_c3584fad902c4095b48f95aff5c97c86/gnocchi.5ca109e6-1d29-4241-8144-69eb859aa570/1766880000.0_mean_300.0_v3" "txd64c92594ce940878df4f-00695cd83f" "object-server 24" 0.0009 "-" 17 0
Jan 6 09:39:11 standalone object-server[121995]: 172.20.0.100 - - [06/Jan/2026:09:39:11 +0000] "PUT /d1/791/AUTH_c3584fad902c4095b48f95aff5c97c86/gnocchi.5ca109e6-1d29-4241-8144-69eb859aa570/1766880000.0_mean_300.0_v3" 201 - "PUT http://localhost:8080/v1/AUTH_c3584fad902c4095b48f95aff5c97c86/gnocchi.5ca109e6-1d29-4241-8144-69eb859aa570/1766880000.0_mean_300.0_v3" "txd64c92594ce940878df4f-00695cd83f" "proxy-server 12" 0.0120 "-" 24 0
Jan 6 09:39:11 standalone proxy-server[123936]: 172.18.0.2 ::1 06/Jan/2026/09/39/11 PUT /v1/AUTH_c3584fad902c4095b48f95aff5c97c86/gnocchi.5ca109e6-1d29-4241-8144-69eb859aa570/1766880000.0_mean_300.0_v3 HTTP/1.0 201 - python-swiftclient-3.11.1 gAAAAABpXNd_qBc0... 16 - - txd64c92594ce940878df4f-00695cd83f - 0.0200 - - 1767692351.780009985 1767692351.799972057 0
Jan 6 09:39:11 standalone container-server[121810]: 172.20.0.100 - - [06/Jan/2026:09:39:11 +0000] "PUT /d1/960/AUTH_c3584fad902c4095b48f95aff5c97c86/gnocchi.5ca109e6-1d29-4241-8144-69eb859aa570/none_v3" 201 - "PUT http://localhost:8080/d1/126/AUTH_c3584fad902c4095b48f95aff5c97c86/gnocchi.5ca109e6-1d29-4241-8144-69eb859aa570/none_v3" "tx5020aa67513c4bada8a81-00695cd83f" "object-server 25" 0.0007 "-" 14 0
Jan 6 09:39:11 standalone object-server[121997]: 172.20.0.100 - - [06/Jan/2026:09:39:11 +0000] "PUT /d1/126/AUTH_c3584fad902c4095b48f95aff5c97c86/gnocchi.5ca109e6-1d29-4241-8144-69eb859aa570/none_v3" 201 - "PUT http://localhost:8080/v1/AUTH_c3584fad902c4095b48f95aff5c97c86/gnocchi.5ca109e6-1d29-4241-8144-69eb859aa570/none_v3" "tx5020aa67513c4bada8a81-00695cd83f" "proxy-server 12" 0.0104 "-" 25 0
Jan 6 09:39:11 standalone proxy-server[123936]: 172.18.0.2 ::1 06/Jan/2026/09/39/11 PUT /v1/AUTH_c3584fad902c4095b48f95aff5c97c86/gnocchi.5ca109e6-1d29-4241-8144-69eb859aa570/none_v3 HTTP/1.0 201 - python-swiftclient-3.11.1 gAAAAABpXNd_qBc0... 22 - - tx5020aa67513c4bada8a81-00695cd83f - 0.0169 - - 1767692351.804028988 1767692351.820969105 0
Jan 6 09:39:24 standalone container-server[121729]: Begin container update sweep
Jan 6 09:39:24 standalone account-server[121762]: 172.20.0.100 - - [06/Jan/2026:09:39:24 +0000] "PUT /d1/389/AUTH_c3584fad902c4095b48f95aff5c97c86/gnocchi.33ac4e50-c1d8-4cd5-b0ab-1b5a7ea1d93b" 201 - "-" "-" "container-updater 2" 0.0012 "-" 14 0
Jan 6 09:39:25 standalone account-server[121771]: 172.20.0.100 - - [06/Jan/2026:09:39:25 +0000] "PUT /d1/389/AUTH_c3584fad902c4095b48f95aff5c97c86/gnocchi.b265099c-2d34-4c70-9712-b67c5478b871" 201 - "-" "-" "container-updater 2" 0.0007 "-" 15 0
Jan 6 09:39:25 standalone account-server[121771]: 172.20.0.100 - - [06/Jan/2026:09:39:25 +0000] "PUT /d1/389/AUTH_c3584fad902c4095b48f95aff5c97c86/gnocchi.24abb42c-decc-40d9-ac7b-af078a7b7f35" 201 - "-" "-" "container-updater 2" 0.0005 "-" 15 0
Jan 6 09:39:25 standalone account-server[121775]: 172.20.0.100 - - [06/Jan/2026:09:39:25 +0000] "PUT /d1/389/AUTH_c3584fad902c4095b48f95aff5c97c86/gnocchi.3fbf7191-14ab-4bbb-8ea4-8dcc6620c3e1" 201 - "-" "-" "container-updater 2" 0.0007 "-" 16 0
Jan 6 09:39:25 standalone account-server[121762]: 172.20.0.100 - - [06/Jan/2026:09:39:25 +0000] "PUT /d1/389/AUTH_c3584fad902c4095b48f95aff5c97c86/gnocchi.6436fba8-f976-44e4-a8ee-e47aecbb8595" 201 - "-" "-" "container-updater 2" 0.0007 "-" 14 0
Jan 6 09:39:25 standalone account-server[121762]: 172.20.0.100 - - [06/Jan/2026:09:39:25 +0000] "PUT /d1/389/AUTH_c3584fad902c4095b48f95aff5c97c86/gnocchi.2fef597a-b4e9-46bc-b282-6920f978d687" 201 - "-" "-" "container-updater 2" 0.0007 "-" 14 0
Jan 6 09:39:25 standalone account-server[121780]: 172.20.0.100 - - [06/Jan/2026:09:39:25 +0000] "PUT /d1/389/AUTH_c3584fad902c4095b48f95aff5c97c86/glance" 201 - "-" "-" "container-updater 2" 0.0008 "-" 17 0
Jan 6 09:39:25 standalone account-server[121775]: 172.20.0.100 - - [06/Jan/2026:09:39:25 +0000] "PUT /d1/389/AUTH_c3584fad902c4095b48f95aff5c97c86/gnocchi.65a5d557-97e5-4b82-8f8b-489b70071d57" 201 - "-" "-" "container-updater 2" 0.0007 "-" 16 0
Jan 6 09:39:26 standalone account-server[121762]: 172.20.0.100 - - [06/Jan/2026:09:39:26 +0000] "PUT /d1/389/AUTH_c3584fad902c4095b48f95aff5c97c86/gnocchi.44d5853c-5977-4ab1-9ef2-55af6e73ec87" 201 - "-" "-" "container-updater 2" 0.0006 "-" 14 0
Jan 6 09:39:26 standalone account-server[121762]: 172.20.0.100 - - [06/Jan/2026:09:39:26 +0000] "PUT /d1/389/AUTH_c3584fad902c4095b48f95aff5c97c86/gnocchi.54c2dcb9-db59-4bee-a022-d9b9849c6de2" 201 - "-" "-" "container-updater 2" 0.0007 "-" 14 0
Jan 6 09:39:26 standalone account-server[121775]: 172.20.0.100 - - [06/Jan/2026:09:39:26 +0000] "PUT /d1/389/AUTH_c3584fad902c4095b48f95aff5c97c86/gnocchi.82b66a0d-2aac-45ea-bf14-9e99349f01c4" 201 - "-" "-" "container-updater 2" 0.0005 "-" 16 0
Jan 6 09:39:26 standalone account-server[121780]: 172.20.0.100 - - [06/Jan/2026:09:39:26 +0000] "PUT /d1/389/AUTH_c3584fad902c4095b48f95aff5c97c86/gnocchi.faab503e-d411-4b92-a1d6-91b792bd68d6" 201 - "-" "-" "container-updater 2" 0.0005 "-" 17 0
Jan 6 09:39:26 standalone account-server[121775]: 172.20.0.100 - - [06/Jan/2026:09:39:26 +0000] "PUT /d1/389/AUTH_c3584fad902c4095b48f95aff5c97c86/gnocchi.b39e4ae5-b51f-41cc-87a4-bf805dd0f9b4" 201 - "-" "-" "container-updater 2" 0.0004 "-" 16 0
Jan 6 09:39:26 standalone account-server[121775]: 172.20.0.100 - - [06/Jan/2026:09:39:26 +0000] "PUT /d1/389/AUTH_c3584fad902c4095b48f95aff5c97c86/gnocchi.9119b100-4378-4109-b14d-8e572b4c9f41" 201 - "-" "-" "container-updater 2" 0.0007 "-" 16 0
Jan 6 09:39:26 standalone account-server[121771]: 172.20.0.100 - - [06/Jan/2026:09:39:26 +0000] "PUT /d1/389/AUTH_c3584fad902c4095b48f95aff5c97c86/gnocchi.07a1f44e-7e04-4dcb-a797-c222a06517c6" 201 - "-" "-" "container-updater 2" 0.0008 "-" 15 0
Jan 6 09:39:27 standalone account-server[121780]: 172.20.0.100 - - [06/Jan/2026:09:39:27 +0000] "PUT /d1/389/AUTH_c3584fad902c4095b48f95aff5c97c86/gnocchi.c66fadf4-6a96-4b64-ad5c-024bce6ba6ac" 201 - "-" "-" "container-updater 2" 0.0007 "-" 17 0
Jan 6 09:39:27 standalone account-server[121771]: 172.20.0.100 - - [06/Jan/2026:09:39:27 +0000] "PUT /d1/389/AUTH_c3584fad902c4095b48f95aff5c97c86/gnocchi.350e59a6-068b-4e7a-aaca-bb6af44a28d3" 201 - "-" "-" "container-updater 2" 0.0006 "-" 15 0
Jan 6 09:39:27 standalone account-server[121771]: 172.20.0.100 - - [06/Jan/2026:09:39:27 +0000] "PUT /d1/389/AUTH_c3584fad902c4095b48f95aff5c97c86/gnocchi.5ca109e6-1d29-4241-8144-69eb859aa570" 201 - "-" "-" "container-updater 2" 0.0005 "-" 15 0
Jan 6 09:39:27 standalone account-server[121771]: 172.20.0.100 - - [06/Jan/2026:09:39:27 +0000] "PUT /d1/389/AUTH_c3584fad902c4095b48f95aff5c97c86/gnocchi.a17aace7-8c2b-4b08-a84c-d38fe068d298" 201 - "-" "-" "container-updater 2" 0.0005 "-" 15 0
Jan 6 09:39:27 standalone account-server[121775]: 172.20.0.100 - - [06/Jan/2026:09:39:27 +0000] "PUT /d1/389/AUTH_c3584fad902c4095b48f95aff5c97c86/gnocchi.0cb84dda-6218-48d0-8448-a8ce79ede497" 201 - "-" "-" "container-updater 2" 0.0007 "-" 16 0
Jan 6 09:39:28 standalone account-server[121780]: 172.20.0.100 - - [06/Jan/2026:09:39:28 +0000] "PUT /d1/389/AUTH_c3584fad902c4095b48f95aff5c97c86/gnocchi.8de4c2d7-6043-4a53-899a-2b975de0fc02" 201 - "-" "-" "container-updater 2" 0.0008 "-" 17 0
Jan 6 09:39:28 standalone account-server[121762]: 172.20.0.100 - - [06/Jan/2026:09:39:28 +0000] "PUT /d1/389/AUTH_c3584fad902c4095b48f95aff5c97c86/gnocchi.21e1bd44-2645-4ca5-a413-4ade93d7d736" 201 - "-" "-" "container-updater 2" 0.0010 "-" 14 0
Jan 6 09:39:28 standalone account-server[121771]: 172.20.0.100 - - [06/Jan/2026:09:39:28 +0000] "PUT /d1/389/AUTH_c3584fad902c4095b48f95aff5c97c86/gnocchi.ecd19bd5-8be3-4aea-bcf1-3fe0fc3cb18c" 201 - "-" "-" "container-updater 2" 0.0007 "-" 15 0
Jan 6 09:39:28 standalone container-server[121729]: Container update sweep completed: 3.72s
Jan 6 09:42:01 standalone account-server[121762]: 172.20.0.100 - - [06/Jan/2026:09:42:01 +0000] "HEAD /d1/876/.expiring_objects" 404 - "HEAD http://localhost/v1/.expiring_objects?format=json" "tx75a2878a58804c51aaf7c-00695cd8e9" "proxy-server 2" 0.0010 "-" 14 -
Jan 6 09:42:01 standalone object-expirer[121817]: Pass completed in 0s; 0 objects expired (txn: tx75a2878a58804c51aaf7c-00695cd8e9)
Jan 6 09:42:30 standalone object-server[121961]: Begin object update sweep
Jan 6 09:42:30 standalone object-server[246805]: Object update sweep starting on /srv/node/d1 (pid: 15)
Jan 6 09:42:30 standalone object-server[246805]: Object update sweep completed on /srv/node/d1 in 0.00s seconds:, 0 successes, 0 failures, 0 quarantines, 0 unlinks, 0 errors, 0 redirects (pid: 15)
Jan 6 09:42:30 standalone object-server[246805]: Object update sweep of d1 completed: 0.00s, 0 successes, 0 failures, 0 quarantines, 0 unlinks, 0 errors, 0 redirects
Jan 6 09:42:30 standalone object-server[121961]: Object update sweep completed: 0.10s
Jan 6 09:44:24 standalone container-server[121729]: Begin container update sweep
Jan 6 09:44:26 standalone container-server[121729]: Container update sweep completed: 1.81s
Jan 6 09:45:04 standalone account-server[121780]: 172.20.0.100 - - [06/Jan/2026:09:45:04 +0000] "HEAD /d1/876/.expiring_objects" 404 - "HEAD http://localhost/v1/.expiring_objects?format=json" "tx89459243301f479c8432d-00695cd9a0" "proxy-server 2" 0.0006 "-" 17 -
Jan 6 09:45:04 standalone object-expirer[121817]: Pass completed in 0s; 0 objects expired (txn: tx89459243301f479c8432d-00695cd9a0)
Jan 6 09:46:31 standalone account-server[121762]: 172.20.0.100 - - [06/Jan/2026:09:46:31 +0000] "HEAD /d1/876/.expiring_objects" 404 - "HEAD http://localhost/v1/.expiring_objects?format=json" "tx34ccb9f31d4a4d8cbb1d5-00695cd9f7" "proxy-server 2" 0.0007 "-" 14 -
Jan 6 09:46:31 standalone object-expirer[121817]: Pass completed in 0s; 0 objects expired (txn: tx34ccb9f31d4a4d8cbb1d5-00695cd9f7)
Jan 6 09:47:30 standalone object-server[121961]: Begin object update sweep
Jan 6 09:47:30 standalone object-server[272483]: Object update sweep starting on /srv/node/d1 (pid: 16)
Jan 6 09:47:30 standalone object-server[272483]: Object update sweep completed on /srv/node/d1 in 0.00s seconds:, 0 successes, 0 failures, 0 quarantines, 0 unlinks, 0 errors, 0 redirects (pid: 16)
Jan 6 09:47:30 standalone object-server[272483]: Object update sweep of d1 completed: 0.00s, 0 successes, 0 failures, 0 quarantines, 0 unlinks, 0 errors, 0 redirects
Jan 6 09:47:30 standalone object-server[121961]: Object update sweep completed: 0.08s