Jan 6 09:37:09 standalone proxy-server[123936]: - - 06/Jan/2026/09/37/09 HEAD /v1/AUTH_c3584fad902c4095b48f95aff5c97c86/gnocchi.65a5d557-97e5-4b82-8f8b-489b70071d57%3Fformat%3Djson%26states%3Dlisting HTTP/1.0 204 - Swift - - - - tx01d0be1c93aa48aaa91e0-00695cd7c5 - 0.0046 RL - 1767692229.021991491 1767692229.026546955 0
Jan 6 09:37:09 standalone container-server[121811]: 172.20.0.100 - - [06/Jan/2026:09:37:09 +0000] "GET /d1/313/AUTH_c3584fad902c4095b48f95aff5c97c86/gnocchi.65a5d557-97e5-4b82-8f8b-489b70071d57" 200 2 "GET http://localhost:8080/v1/AUTH_c3584fad902c4095b48f95aff5c97c86/gnocchi.65a5d557-97e5-4b82-8f8b-489b70071d57?format=json&states=listing" "tx01d0be1c93aa48aaa91e0-00695cd7c5" "proxy-server 12" 0.0021 "-" 15 0
Jan 6 09:37:09 standalone proxy-server[123936]: 172.18.0.2 ::1 06/Jan/2026/09/37/09 GET /v1/AUTH_c3584fad902c4095b48f95aff5c97c86/gnocchi.65a5d557-97e5-4b82-8f8b-489b70071d57%3Fformat%3Djson%26states%3Dlisting HTTP/1.0 200 - python-swiftclient-3.11.1 gAAAAABpXNd_qBc0... - 2 - tx01d0be1c93aa48aaa91e0-00695cd7c5 - 0.0146 - - 1767692229.020498753 1767692229.035062313 0
Jan 6 09:37:09 standalone object-server[121994]: 172.20.0.100 - - [06/Jan/2026:09:37:09 +0000] "GET /d1/947/AUTH_c3584fad902c4095b48f95aff5c97c86/gnocchi.65a5d557-97e5-4b82-8f8b-489b70071d57/1766880000.0_mean_300.0_v3" 404 70 "GET http://localhost:8080/v1/AUTH_c3584fad902c4095b48f95aff5c97c86/gnocchi.65a5d557-97e5-4b82-8f8b-489b70071d57/1766880000.0_mean_300.0_v3" "txe74d4f6e4a8b489bba83d-00695cd7c5" "proxy-server 12" 0.0007 "-" 23 0
Jan 6 09:37:09 standalone proxy-server[123936]: 172.18.0.2 ::1 06/Jan/2026/09/37/09 GET /v1/AUTH_c3584fad902c4095b48f95aff5c97c86/gnocchi.65a5d557-97e5-4b82-8f8b-489b70071d57/1766880000.0_mean_300.0_v3 HTTP/1.0 404 - python-swiftclient-3.11.1 gAAAAABpXNd_qBc0... - 70 - txe74d4f6e4a8b489bba83d-00695cd7c5 - 0.0084 - - 1767692229.039578438 1767692229.047932625 0
Jan 6 09:37:09 standalone container-server[121839]: 172.20.0.100 - - [06/Jan/2026:09:37:09 +0000] "PUT /d1/313/AUTH_c3584fad902c4095b48f95aff5c97c86/gnocchi.65a5d557-97e5-4b82-8f8b-489b70071d57/1766880000.0_mean_300.0_v3" 201 - "PUT http://localhost:8080/d1/947/AUTH_c3584fad902c4095b48f95aff5c97c86/gnocchi.65a5d557-97e5-4b82-8f8b-489b70071d57/1766880000.0_mean_300.0_v3" "tx81791455c6924a338bd24-00695cd7c5" "object-server 24" 0.0006 "-" 17 0
Jan 6 09:37:09 standalone object-server[121995]: 172.20.0.100 - - [06/Jan/2026:09:37:09 +0000] "PUT /d1/947/AUTH_c3584fad902c4095b48f95aff5c97c86/gnocchi.65a5d557-97e5-4b82-8f8b-489b70071d57/1766880000.0_mean_300.0_v3" 201 - "PUT http://localhost:8080/v1/AUTH_c3584fad902c4095b48f95aff5c97c86/gnocchi.65a5d557-97e5-4b82-8f8b-489b70071d57/1766880000.0_mean_300.0_v3" "tx81791455c6924a338bd24-00695cd7c5" "proxy-server 12" 0.0104 "-" 24 0
Jan 6 09:37:09 standalone proxy-server[123936]: 172.18.0.2 ::1 06/Jan/2026/09/37/09 PUT /v1/AUTH_c3584fad902c4095b48f95aff5c97c86/gnocchi.65a5d557-97e5-4b82-8f8b-489b70071d57/1766880000.0_mean_300.0_v3 HTTP/1.0 201 - python-swiftclient-3.11.1 gAAAAABpXNd_qBc0... 16 - - tx81791455c6924a338bd24-00695cd7c5 - 0.0168 - - 1767692229.051916361 1767692229.068678617 0
Jan 6 09:37:09 standalone container-server[121810]: 172.20.0.100 - - [06/Jan/2026:09:37:09 +0000] "PUT /d1/313/AUTH_c3584fad902c4095b48f95aff5c97c86/gnocchi.65a5d557-97e5-4b82-8f8b-489b70071d57/none_v3" 201 - "PUT http://localhost:8080/d1/186/AUTH_c3584fad902c4095b48f95aff5c97c86/gnocchi.65a5d557-97e5-4b82-8f8b-489b70071d57/none_v3" "txc710c987de864b5e947d5-00695cd7c5" "object-server 22" 0.0008 "-" 14 0
Jan 6 09:37:09 standalone object-server[121993]: 172.20.0.100 - - [06/Jan/2026:09:37:09 +0000] "PUT /d1/186/AUTH_c3584fad902c4095b48f95aff5c97c86/gnocchi.65a5d557-97e5-4b82-8f8b-489b70071d57/none_v3" 201 - "PUT http://localhost:8080/v1/AUTH_c3584fad902c4095b48f95aff5c97c86/gnocchi.65a5d557-97e5-4b82-8f8b-489b70071d57/none_v3" "txc710c987de864b5e947d5-00695cd7c5" "proxy-server 12" 0.0219 "-" 22 0
Jan 6 09:37:09 standalone proxy-server[123936]: 172.18.0.2 ::1 06/Jan/2026/09/37/09 PUT /v1/AUTH_c3584fad902c4095b48f95aff5c97c86/gnocchi.65a5d557-97e5-4b82-8f8b-489b70071d57/none_v3 HTTP/1.0 201 - python-swiftclient-3.11.1 gAAAAABpXNd_qBc0... 22 - - txc710c987de864b5e947d5-00695cd7c5 - 0.0324 - - 1767692229.072600365 1767692229.104966640 0
Jan 6 09:37:09 standalone container-server[121811]: 172.20.0.100 - - [06/Jan/2026:09:37:09 +0000] "HEAD /d1/188/AUTH_c3584fad902c4095b48f95aff5c97c86/gnocchi.0cb84dda-6218-48d0-8448-a8ce79ede497" 404 - "HEAD http://localhost:8080/v1/AUTH_c3584fad902c4095b48f95aff5c97c86/gnocchi.0cb84dda-6218-48d0-8448-a8ce79ede497?format=json&states=listing" "tx42d61b92620d44ab838d3-00695cd7c5" "proxy-server 12" 0.0010 "-" 15 0
Jan 6 09:37:09 standalone object-server[121995]: 172.20.0.100 - - [06/Jan/2026:09:37:09 +0000] "GET /d1/711/AUTH_c3584fad902c4095b48f95aff5c97c86/gnocchi.0cb84dda-6218-48d0-8448-a8ce79ede497/none_v3" 404 70 "GET http://localhost:8080/v1/AUTH_c3584fad902c4095b48f95aff5c97c86/gnocchi.0cb84dda-6218-48d0-8448-a8ce79ede497/none_v3" "tx42d61b92620d44ab838d3-00695cd7c5" "proxy-server 12" 0.0005 "-" 24 0
Jan 6 09:37:09 standalone proxy-server[123936]: 172.18.0.2 ::1 06/Jan/2026/09/37/09 GET /v1/AUTH_c3584fad902c4095b48f95aff5c97c86/gnocchi.0cb84dda-6218-48d0-8448-a8ce79ede497/none_v3 HTTP/1.0 404 - python-swiftclient-3.11.1 gAAAAABpXNd_qBc0... - 70 - tx42d61b92620d44ab838d3-00695cd7c5 - 0.0132 - - 1767692229.127524614 1767692229.140702486 0
Jan 6 09:37:09 standalone account-server[121775]: 172.20.0.100 - - [06/Jan/2026:09:37:09 +0000] "PUT /d1/389/AUTH_c3584fad902c4095b48f95aff5c97c86/gnocchi.0cb84dda-6218-48d0-8448-a8ce79ede497" 201 - "PUT http://172.20.0.100:6001/d1/188/AUTH_c3584fad902c4095b48f95aff5c97c86/gnocchi.0cb84dda-6218-48d0-8448-a8ce79ede497" "tx569ef0ee43f94ff499e82-00695cd7c5" "container-server 17" 0.0073 "-" 16 0
Jan 6 09:37:09 standalone container-server[121839]: 172.20.0.100 - - [06/Jan/2026:09:37:09 +0000] "PUT /d1/188/AUTH_c3584fad902c4095b48f95aff5c97c86/gnocchi.0cb84dda-6218-48d0-8448-a8ce79ede497" 201 - "PUT http://localhost:8080/v1/AUTH_c3584fad902c4095b48f95aff5c97c86/gnocchi.0cb84dda-6218-48d0-8448-a8ce79ede497" "tx569ef0ee43f94ff499e82-00695cd7c5" "proxy-server 12" 0.0169 "-" 17 0
Jan 6 09:37:09 standalone proxy-server[123936]: 172.18.0.2 ::1 06/Jan/2026/09/37/09 PUT /v1/AUTH_c3584fad902c4095b48f95aff5c97c86/gnocchi.0cb84dda-6218-48d0-8448-a8ce79ede497 HTTP/1.0 201 - python-swiftclient-3.11.1 gAAAAABpXNd_qBc0... - - - tx569ef0ee43f94ff499e82-00695cd7c5 - 0.0218 - - 1767692229.145807028 1767692229.167585611 0
Jan 6 09:37:09 standalone container-server[121839]: 172.20.0.100 - - [06/Jan/2026:09:37:09 +0000] "HEAD /d1/188/AUTH_c3584fad902c4095b48f95aff5c97c86/gnocchi.0cb84dda-6218-48d0-8448-a8ce79ede497" 204 - "HEAD http://localhost:8080/v1/AUTH_c3584fad902c4095b48f95aff5c97c86/gnocchi.0cb84dda-6218-48d0-8448-a8ce79ede497?format=json&states=listing" "txc2a3a3c85e8f421f886dc-00695cd7c5" "proxy-server 12" 0.0011 "-" 17 0
Jan 6 09:37:09 standalone proxy-server[123936]: - - 06/Jan/2026/09/37/09 HEAD /v1/AUTH_c3584fad902c4095b48f95aff5c97c86/gnocchi.0cb84dda-6218-48d0-8448-a8ce79ede497%3Fformat%3Djson%26states%3Dlisting HTTP/1.0 204 - Swift - - - - txc2a3a3c85e8f421f886dc-00695cd7c5 - 0.0033 RL - 1767692229.172543049 1767692229.175831795 0
Jan 6 09:37:09 standalone container-server[121810]: 172.20.0.100 - - [06/Jan/2026:09:37:09 +0000] "GET /d1/188/AUTH_c3584fad902c4095b48f95aff5c97c86/gnocchi.0cb84dda-6218-48d0-8448-a8ce79ede497" 200 2 "GET http://localhost:8080/v1/AUTH_c3584fad902c4095b48f95aff5c97c86/gnocchi.0cb84dda-6218-48d0-8448-a8ce79ede497?format=json&states=listing" "txc2a3a3c85e8f421f886dc-00695cd7c5" "proxy-server 12" 0.0024 "-" 14 0
Jan 6 09:37:09 standalone proxy-server[123936]: 172.18.0.2 ::1 06/Jan/2026/09/37/09 GET /v1/AUTH_c3584fad902c4095b48f95aff5c97c86/gnocchi.0cb84dda-6218-48d0-8448-a8ce79ede497%3Fformat%3Djson%26states%3Dlisting HTTP/1.0 200 - python-swiftclient-3.11.1 gAAAAABpXNd_qBc0... - 2 - txc2a3a3c85e8f421f886dc-00695cd7c5 - 0.0113 - - 1767692229.171648264 1767692229.182918310 0
Jan 6 09:37:09 standalone object-server[121994]: 172.20.0.100 - - [06/Jan/2026:09:37:09 +0000] "GET /d1/103/AUTH_c3584fad902c4095b48f95aff5c97c86/gnocchi.0cb84dda-6218-48d0-8448-a8ce79ede497/1766880000.0_mean_300.0_v3" 404 70 "GET http://localhost:8080/v1/AUTH_c3584fad902c4095b48f95aff5c97c86/gnocchi.0cb84dda-6218-48d0-8448-a8ce79ede497/1766880000.0_mean_300.0_v3" "txd36a80344fae4a8f9bfd9-00695cd7c5" "proxy-server 12" 0.0013 "-" 23 0
Jan 6 09:37:09 standalone proxy-server[123936]: 172.18.0.2 ::1 06/Jan/2026/09/37/09 GET /v1/AUTH_c3584fad902c4095b48f95aff5c97c86/gnocchi.0cb84dda-6218-48d0-8448-a8ce79ede497/1766880000.0_mean_300.0_v3 HTTP/1.0 404 - python-swiftclient-3.11.1 gAAAAABpXNd_qBc0... - 70 - txd36a80344fae4a8f9bfd9-00695cd7c5 - 0.0078 - - 1767692229.187837362 1767692229.195675850 0
Jan 6 09:37:09 standalone container-server[121811]: 172.20.0.100 - - [06/Jan/2026:09:37:09 +0000] "PUT /d1/188/AUTH_c3584fad902c4095b48f95aff5c97c86/gnocchi.0cb84dda-6218-48d0-8448-a8ce79ede497/1766880000.0_mean_300.0_v3" 201 - "PUT http://localhost:8080/d1/103/AUTH_c3584fad902c4095b48f95aff5c97c86/gnocchi.0cb84dda-6218-48d0-8448-a8ce79ede497/1766880000.0_mean_300.0_v3" "txa10bd33c55424a4ab1963-00695cd7c5" "object-server 22" 0.0009 "-" 15 0
Jan 6 09:37:09 standalone object-server[121993]: 172.20.0.100 - - [06/Jan/2026:09:37:09 +0000] "PUT /d1/103/AUTH_c3584fad902c4095b48f95aff5c97c86/gnocchi.0cb84dda-6218-48d0-8448-a8ce79ede497/1766880000.0_mean_300.0_v3" 201 - "PUT http://localhost:8080/v1/AUTH_c3584fad902c4095b48f95aff5c97c86/gnocchi.0cb84dda-6218-48d0-8448-a8ce79ede497/1766880000.0_mean_300.0_v3" "txa10bd33c55424a4ab1963-00695cd7c5" "proxy-server 12" 0.0157 "-" 22 0
Jan 6 09:37:09 standalone proxy-server[123936]: 172.18.0.2 ::1 06/Jan/2026/09/37/09 PUT /v1/AUTH_c3584fad902c4095b48f95aff5c97c86/gnocchi.0cb84dda-6218-48d0-8448-a8ce79ede497/1766880000.0_mean_300.0_v3 HTTP/1.0 201 - python-swiftclient-3.11.1 gAAAAABpXNd_qBc0... 16 - - txa10bd33c55424a4ab1963-00695cd7c5 - 0.0213 - - 1767692229.199751139 1767692229.221084833 0
Jan 6 09:37:09 standalone container-server[121822]: 172.20.0.100 - - [06/Jan/2026:09:37:09 +0000] "PUT /d1/188/AUTH_c3584fad902c4095b48f95aff5c97c86/gnocchi.0cb84dda-6218-48d0-8448-a8ce79ede497/none_v3" 201 - "PUT http://localhost:8080/d1/711/AUTH_c3584fad902c4095b48f95aff5c97c86/gnocchi.0cb84dda-6218-48d0-8448-a8ce79ede497/none_v3" "txb8673a7faa9b40c1b11ed-00695cd7c5" "object-server 22" 0.0008 "-" 16 0
Jan 6 09:37:09 standalone object-server[121993]: 172.20.0.100 - - [06/Jan/2026:09:37:09 +0000] "PUT /d1/711/AUTH_c3584fad902c4095b48f95aff5c97c86/gnocchi.0cb84dda-6218-48d0-8448-a8ce79ede497/none_v3" 201 - "PUT http://localhost:8080/v1/AUTH_c3584fad902c4095b48f95aff5c97c86/gnocchi.0cb84dda-6218-48d0-8448-a8ce79ede497/none_v3" "txb8673a7faa9b40c1b11ed-00695cd7c5" "proxy-server 12" 0.0160 "-" 22 0
Jan 6 09:37:09 standalone proxy-server[123936]: 172.18.0.2 ::1 06/Jan/2026/09/37/09 PUT /v1/AUTH_c3584fad902c4095b48f95aff5c97c86/gnocchi.0cb84dda-6218-48d0-8448-a8ce79ede497/none_v3 HTTP/1.0 201 - python-swiftclient-3.11.1 gAAAAABpXNd_qBc0... 22 - - txb8673a7faa9b40c1b11ed-00695cd7c5 - 0.0220 - - 1767692229.225123167 1767692229.247082472 0
Jan 6 09:37:09 standalone container-server[121839]: 172.20.0.100 - - [06/Jan/2026:09:37:09 +0000] "HEAD /d1/998/AUTH_c3584fad902c4095b48f95aff5c97c86/gnocchi.9119b100-4378-4109-b14d-8e572b4c9f41" 404 - "HEAD http://localhost:8080/v1/AUTH_c3584fad902c4095b48f95aff5c97c86/gnocchi.9119b100-4378-4109-b14d-8e572b4c9f41?format=json&states=listing" "txc033053a1a604a14a00e4-00695cd7c5" "proxy-server 12" 0.0003 "-" 17 0
Jan 6 09:37:09 standalone object-server[121997]: 172.20.0.100 - - [06/Jan/2026:09:37:09 +0000] "GET /d1/901/AUTH_c3584fad902c4095b48f95aff5c97c86/gnocchi.9119b100-4378-4109-b14d-8e572b4c9f41/none_v3" 404 70 "GET http://localhost:8080/v1/AUTH_c3584fad902c4095b48f95aff5c97c86/gnocchi.9119b100-4378-4109-b14d-8e572b4c9f41/none_v3" "txc033053a1a604a14a00e4-00695cd7c5" "proxy-server 12" 0.0005 "-" 25 0
Jan 6 09:37:09 standalone proxy-server[123936]: 172.18.0.2 ::1 06/Jan/2026/09/37/09 GET /v1/AUTH_c3584fad902c4095b48f95aff5c97c86/gnocchi.9119b100-4378-4109-b14d-8e572b4c9f41/none_v3 HTTP/1.0 404 - python-swiftclient-3.11.1 gAAAAABpXNd_qBc0... - 70 - txc033053a1a604a14a00e4-00695cd7c5 - 0.0085 - - 1767692229.263258934 1767692229.271754265 0
Jan 6 09:37:09 standalone account-server[121762]: 172.20.0.100 - - [06/Jan/2026:09:37:09 +0000] "PUT /d1/389/AUTH_c3584fad902c4095b48f95aff5c97c86/gnocchi.9119b100-4378-4109-b14d-8e572b4c9f41" 201 - "PUT http://172.20.0.100:6001/d1/998/AUTH_c3584fad902c4095b48f95aff5c97c86/gnocchi.9119b100-4378-4109-b14d-8e572b4c9f41" "tx1fcad3cc4cc749f39885d-00695cd7c5" "container-server 17" 0.0055 "-" 14 0
Jan 6 09:37:09 standalone container-server[121839]: 172.20.0.100 - - [06/Jan/2026:09:37:09 +0000] "PUT /d1/998/AUTH_c3584fad902c4095b48f95aff5c97c86/gnocchi.9119b100-4378-4109-b14d-8e572b4c9f41" 201 - "PUT http://localhost:8080/v1/AUTH_c3584fad902c4095b48f95aff5c97c86/gnocchi.9119b100-4378-4109-b14d-8e572b4c9f41" "tx1fcad3cc4cc749f39885d-00695cd7c5" "proxy-server 12" 0.0145 "-" 17 0
Jan 6 09:37:09 standalone proxy-server[123936]: 172.18.0.2 ::1 06/Jan/2026/09/37/09 PUT /v1/AUTH_c3584fad902c4095b48f95aff5c97c86/gnocchi.9119b100-4378-4109-b14d-8e572b4c9f41 HTTP/1.0 201 - python-swiftclient-3.11.1 gAAAAABpXNd_qBc0... - - - tx1fcad3cc4cc749f39885d-00695cd7c5 - 0.0176 - - 1767692229.276102304 1767692229.293715954 0
Jan 6 09:37:09 standalone container-server[121839]: 172.20.0.100 - - [06/Jan/2026:09:37:09 +0000] "HEAD /d1/998/AUTH_c3584fad902c4095b48f95aff5c97c86/gnocchi.9119b100-4378-4109-b14d-8e572b4c9f41" 204 - "HEAD http://localhost:8080/v1/AUTH_c3584fad902c4095b48f95aff5c97c86/gnocchi.9119b100-4378-4109-b14d-8e572b4c9f41?format=json&states=listing" "txafedb6cb881144f19cfeb-00695cd7c5" "proxy-server 12" 0.0010 "-" 17 0
Jan 6 09:37:09 standalone proxy-server[123936]: - - 06/Jan/2026/09/37/09 HEAD /v1/AUTH_c3584fad902c4095b48f95aff5c97c86/gnocchi.9119b100-4378-4109-b14d-8e572b4c9f41%3Fformat%3Djson%26states%3Dlisting HTTP/1.0 204 - Swift - - - - txafedb6cb881144f19cfeb-00695cd7c5 - 0.0032 RL - 1767692229.300166368 1767692229.303316832 0
Jan 6 09:37:09 standalone container-server[121811]: 172.20.0.100 - - [06/Jan/2026:09:37:09 +0000] "GET /d1/998/AUTH_c3584fad902c4095b48f95aff5c97c86/gnocchi.9119b100-4378-4109-b14d-8e572b4c9f41" 200 2 "GET http://localhost:8080/v1/AUTH_c3584fad902c4095b48f95aff5c97c86/gnocchi.9119b100-4378-4109-b14d-8e572b4c9f41?format=json&states=listing" "txafedb6cb881144f19cfeb-00695cd7c5" "proxy-server 12" 0.0049 "-" 15 0
Jan 6 09:37:09 standalone proxy-server[123936]: 172.18.0.2 ::1 06/Jan/2026/09/37/09 GET /v1/AUTH_c3584fad902c4095b48f95aff5c97c86/gnocchi.9119b100-4378-4109-b14d-8e572b4c9f41%3Fformat%3Djson%26states%3Dlisting HTTP/1.0 200 - python-swiftclient-3.11.1 gAAAAABpXNd_qBc0... - 2 - txafedb6cb881144f19cfeb-00695cd7c5 - 0.0149 - - 1767692229.299294233 1767692229.314154387 0
Jan 6 09:37:09 standalone object-server[121994]: 172.20.0.100 - - [06/Jan/2026:09:37:09 +0000] "GET /d1/136/AUTH_c3584fad902c4095b48f95aff5c97c86/gnocchi.9119b100-4378-4109-b14d-8e572b4c9f41/1766880000.0_mean_300.0_v3" 404 70 "GET http://localhost:8080/v1/AUTH_c3584fad902c4095b48f95aff5c97c86/gnocchi.9119b100-4378-4109-b14d-8e572b4c9f41/1766880000.0_mean_300.0_v3" "tx4a83131658ff4fa196d84-00695cd7c5" "proxy-server 12" 0.0006 "-" 23 0
Jan 6 09:37:09 standalone proxy-server[123936]: 172.18.0.2 ::1 06/Jan/2026/09/37/09 GET /v1/AUTH_c3584fad902c4095b48f95aff5c97c86/gnocchi.9119b100-4378-4109-b14d-8e572b4c9f41/1766880000.0_mean_300.0_v3 HTTP/1.0 404 - python-swiftclient-3.11.1 gAAAAABpXNd_qBc0... - 70 - tx4a83131658ff4fa196d84-00695cd7c5 - 0.0059 - - 1767692229.319706678 1767692229.325605869 0
Jan 6 09:37:09 standalone container-server[121822]: 172.20.0.100 - - [06/Jan/2026:09:37:09 +0000] "PUT /d1/998/AUTH_c3584fad902c4095b48f95aff5c97c86/gnocchi.9119b100-4378-4109-b14d-8e572b4c9f41/1766880000.0_mean_300.0_v3" 201 - "PUT http://localhost:8080/d1/136/AUTH_c3584fad902c4095b48f95aff5c97c86/gnocchi.9119b100-4378-4109-b14d-8e572b4c9f41/1766880000.0_mean_300.0_v3" "tx5b51abf5a2b84f0e84c5e-00695cd7c5" "object-server 23" 0.0008 "-" 16 0
Jan 6 09:37:09 standalone object-server[121994]: 172.20.0.100 - - [06/Jan/2026:09:37:09 +0000] "PUT /d1/136/AUTH_c3584fad902c4095b48f95aff5c97c86/gnocchi.9119b100-4378-4109-b14d-8e572b4c9f41/1766880000.0_mean_300.0_v3" 201 - "PUT http://localhost:8080/v1/AUTH_c3584fad902c4095b48f95aff5c97c86/gnocchi.9119b100-4378-4109-b14d-8e572b4c9f41/1766880000.0_mean_300.0_v3" "tx5b51abf5a2b84f0e84c5e-00695cd7c5" "proxy-server 12" 0.0128 "-" 23 0
Jan 6 09:37:09 standalone proxy-server[123936]: 172.18.0.2 ::1 06/Jan/2026/09/37/09 PUT /v1/AUTH_c3584fad902c4095b48f95aff5c97c86/gnocchi.9119b100-4378-4109-b14d-8e572b4c9f41/1766880000.0_mean_300.0_v3 HTTP/1.0 201 - python-swiftclient-3.11.1 gAAAAABpXNd_qBc0... 16 - - tx5b51abf5a2b84f0e84c5e-00695cd7c5 - 0.0182 - - 1767692229.330131054 1767692229.348322153 0
Jan 6 09:37:09 standalone container-server[121822]: 172.20.0.100 - - [06/Jan/2026:09:37:09 +0000] "PUT /d1/998/AUTH_c3584fad902c4095b48f95aff5c97c86/gnocchi.9119b100-4378-4109-b14d-8e572b4c9f41/none_v3" 201 - "PUT http://localhost:8080/d1/901/AUTH_c3584fad902c4095b48f95aff5c97c86/gnocchi.9119b100-4378-4109-b14d-8e572b4c9f41/none_v3" "tx17997a26f4794e53bc483-00695cd7c5" "object-server 23" 0.0005 "-" 16 0
Jan 6 09:37:09 standalone object-server[121994]: 172.20.0.100 - - [06/Jan/2026:09:37:09 +0000] "PUT /d1/901/AUTH_c3584fad902c4095b48f95aff5c97c86/gnocchi.9119b100-4378-4109-b14d-8e572b4c9f41/none_v3" 201 - "PUT http://localhost:8080/v1/AUTH_c3584fad902c4095b48f95aff5c97c86/gnocchi.9119b100-4378-4109-b14d-8e572b4c9f41/none_v3" "tx17997a26f4794e53bc483-00695cd7c5" "proxy-server 12" 0.0227 "-" 23 0
Jan 6 09:37:09 standalone proxy-server[123936]: 172.18.0.2 ::1 06/Jan/2026/09/37/09 PUT /v1/AUTH_c3584fad902c4095b48f95aff5c97c86/gnocchi.9119b100-4378-4109-b14d-8e572b4c9f41/none_v3 HTTP/1.0 201 - python-swiftclient-3.11.1 gAAAAABpXNd_qBc0... 22 - - tx17997a26f4794e53bc483-00695cd7c5 - 0.0297 - - 1767692229.353435755 1767692229.383173704 0
Jan 6 09:37:09 standalone container-server[121839]: 172.20.0.100 - - [06/Jan/2026:09:37:09 +0000] "HEAD /d1/750/AUTH_c3584fad902c4095b48f95aff5c97c86/gnocchi.b265099c-2d34-4c70-9712-b67c5478b871" 404 - "HEAD http://localhost:8080/v1/AUTH_c3584fad902c4095b48f95aff5c97c86/gnocchi.b265099c-2d34-4c70-9712-b67c5478b871?format=json&states=listing" "tx5f88cf4ddcce4345bd142-00695cd7c5" "proxy-server 12" 0.0003 "-" 17 0
Jan 6 09:37:09 standalone object-server[121995]: 172.20.0.100 - - [06/Jan/2026:09:37:09 +0000] "GET /d1/724/AUTH_c3584fad902c4095b48f95aff5c97c86/gnocchi.b265099c-2d34-4c70-9712-b67c5478b871/none_v3" 404 70 "GET http://localhost:8080/v1/AUTH_c3584fad902c4095b48f95aff5c97c86/gnocchi.b265099c-2d34-4c70-9712-b67c5478b871/none_v3" "tx5f88cf4ddcce4345bd142-00695cd7c5" "proxy-server 12" 0.0004 "-" 24 0
Jan 6 09:37:09 standalone proxy-server[123936]: 172.18.0.2 ::1 06/Jan/2026/09/37/09 GET /v1/AUTH_c3584fad902c4095b48f95aff5c97c86/gnocchi.b265099c-2d34-4c70-9712-b67c5478b871/none_v3 HTTP/1.0 404 - python-swiftclient-3.11.1 gAAAAABpXNd_qBc0... - 70 - tx5f88cf4ddcce4345bd142-00695cd7c5 - 0.0078 - - 1767692229.397179365 1767692229.404973030 0
Jan 6 09:37:09 standalone account-server[121780]: 172.20.0.100 - - [06/Jan/2026:09:37:09 +0000] "PUT /d1/389/AUTH_c3584fad902c4095b48f95aff5c97c86/gnocchi.b265099c-2d34-4c70-9712-b67c5478b871" 201 - "PUT http://172.20.0.100:6001/d1/750/AUTH_c3584fad902c4095b48f95aff5c97c86/gnocchi.b265099c-2d34-4c70-9712-b67c5478b871" "txf3daa7943de949be8eae2-00695cd7c5" "container-server 15" 0.0075 "-" 17 0
Jan 6 09:37:09 standalone container-server[121811]: 172.20.0.100 - - [06/Jan/2026:09:37:09 +0000] "PUT /d1/750/AUTH_c3584fad902c4095b48f95aff5c97c86/gnocchi.b265099c-2d34-4c70-9712-b67c5478b871" 201 - "PUT http://localhost:8080/v1/AUTH_c3584fad902c4095b48f95aff5c97c86/gnocchi.b265099c-2d34-4c70-9712-b67c5478b871" "txf3daa7943de949be8eae2-00695cd7c5" "proxy-server 12" 0.0252 "-" 15 0
Jan 6 09:37:09 standalone proxy-server[123936]: 172.18.0.2 ::1 06/Jan/2026/09/37/09 PUT /v1/AUTH_c3584fad902c4095b48f95aff5c97c86/gnocchi.b265099c-2d34-4c70-9712-b67c5478b871 HTTP/1.0 201 - python-swiftclient-3.11.1 gAAAAABpXNd_qBc0... - - - txf3daa7943de949be8eae2-00695cd7c5 - 0.0306 - - 1767692229.409309626 1767692229.439944267 0
Jan 6 09:37:09 standalone container-server[121822]: 172.20.0.100 - - [06/Jan/2026:09:37:09 +0000] "HEAD /d1/750/AUTH_c3584fad902c4095b48f95aff5c97c86/gnocchi.b265099c-2d34-4c70-9712-b67c5478b871" 204 - "HEAD http://localhost:8080/v1/AUTH_c3584fad902c4095b48f95aff5c97c86/gnocchi.b265099c-2d34-4c70-9712-b67c5478b871?format=json&states=listing" "tx2b10b29a64444079ab3ee-00695cd7c5" "proxy-server 12" 0.0018 "-" 16 0
Jan 6 09:37:09 standalone proxy-server[123936]: - - 06/Jan/2026/09/37/09 HEAD /v1/AUTH_c3584fad902c4095b48f95aff5c97c86/gnocchi.b265099c-2d34-4c70-9712-b67c5478b871%3Fformat%3Djson%26states%3Dlisting HTTP/1.0 204 - Swift - - - - tx2b10b29a64444079ab3ee-00695cd7c5 - 0.0048 RL - 1767692229.444417953 1767692229.449191093 0
Jan 6 09:37:09 standalone container-server[121810]: 172.20.0.100 - - [06/Jan/2026:09:37:09 +0000] "GET /d1/750/AUTH_c3584fad902c4095b48f95aff5c97c86/gnocchi.b265099c-2d34-4c70-9712-b67c5478b871" 200 2 "GET http://localhost:8080/v1/AUTH_c3584fad902c4095b48f95aff5c97c86/gnocchi.b265099c-2d34-4c70-9712-b67c5478b871?format=json&states=listing" "tx2b10b29a64444079ab3ee-00695cd7c5" "proxy-server 12" 0.0023 "-" 14 0
Jan 6 09:37:09 standalone proxy-server[123936]: 172.18.0.2 ::1 06/Jan/2026/09/37/09 GET /v1/AUTH_c3584fad902c4095b48f95aff5c97c86/gnocchi.b265099c-2d34-4c70-9712-b67c5478b871%3Fformat%3Djson%26states%3Dlisting HTTP/1.0 200 - python-swiftclient-3.11.1 gAAAAABpXNd_qBc0... - 2 - tx2b10b29a64444079ab3ee-00695cd7c5 - 0.0132 - - 1767692229.443449259 1767692229.456698179 0
Jan 6 09:37:09 standalone object-server[121997]: 172.20.0.100 - - [06/Jan/2026:09:37:09 +0000] "GET /d1/24/AUTH_c3584fad902c4095b48f95aff5c97c86/gnocchi.b265099c-2d34-4c70-9712-b67c5478b871/1766880000.0_mean_300.0_v3" 404 70 "GET http://localhost:8080/v1/AUTH_c3584fad902c4095b48f95aff5c97c86/gnocchi.b265099c-2d34-4c70-9712-b67c5478b871/1766880000.0_mean_300.0_v3" "tx132526e223794c009c0aa-00695cd7c5" "proxy-server 12" 0.0005 "-" 25 0
Jan 6 09:37:09 standalone proxy-server[123936]: 172.18.0.2 ::1 06/Jan/2026/09/37/09 GET /v1/AUTH_c3584fad902c4095b48f95aff5c97c86/gnocchi.b265099c-2d34-4c70-9712-b67c5478b871/1766880000.0_mean_300.0_v3 HTTP/1.0 404 - python-swiftclient-3.11.1 gAAAAABpXNd_qBc0... - 70 - tx132526e223794c009c0aa-00695cd7c5 - 0.0051 - - 1767692229.460746527 1767692229.465858221 0
Jan 6 09:37:09 standalone container-server[121822]: 172.20.0.100 - - [06/Jan/2026:09:37:09 +0000] "PUT /d1/750/AUTH_c3584fad902c4095b48f95aff5c97c86/gnocchi.b265099c-2d34-4c70-9712-b67c5478b871/1766880000.0_mean_300.0_v3" 201 - "PUT http://localhost:8080/d1/24/AUTH_c3584fad902c4095b48f95aff5c97c86/gnocchi.b265099c-2d34-4c70-9712-b67c5478b871/1766880000.0_mean_300.0_v3" "tx839d5dfcddf6444b936d2-00695cd7c5" "object-server 23" 0.0010 "-" 16 0
Jan 6 09:37:09 standalone object-server[121994]: 172.20.0.100 - - [06/Jan/2026:09:37:09 +0000] "PUT /d1/24/AUTH_c3584fad902c4095b48f95aff5c97c86/gnocchi.b265099c-2d34-4c70-9712-b67c5478b871/1766880000.0_mean_300.0_v3" 201 - "PUT http://localhost:8080/v1/AUTH_c3584fad902c4095b48f95aff5c97c86/gnocchi.b265099c-2d34-4c70-9712-b67c5478b871/1766880000.0_mean_300.0_v3" "tx839d5dfcddf6444b936d2-00695cd7c5" "proxy-server 12" 0.0278 "-" 23 0
Jan 6 09:37:09 standalone proxy-server[123936]: 172.18.0.2 ::1 06/Jan/2026/09/37/09 PUT /v1/AUTH_c3584fad902c4095b48f95aff5c97c86/gnocchi.b265099c-2d34-4c70-9712-b67c5478b871/1766880000.0_mean_300.0_v3 HTTP/1.0 201 - python-swiftclient-3.11.1 gAAAAABpXNd_qBc0... 16 - - tx839d5dfcddf6444b936d2-00695cd7c5 - 0.0426 - - 1767692229.469686508 1767692229.512305737 0
Jan 6 09:37:09 standalone container-server[121822]: 172.20.0.100 - - [06/Jan/2026:09:37:09 +0000] "PUT /d1/750/AUTH_c3584fad902c4095b48f95aff5c97c86/gnocchi.b265099c-2d34-4c70-9712-b67c5478b871/none_v3" 201 - "PUT http://localhost:8080/d1/724/AUTH_c3584fad902c4095b48f95aff5c97c86/gnocchi.b265099c-2d34-4c70-9712-b67c5478b871/none_v3" "tx34daca9d0e984a338e3db-00695cd7c5" "object-server 25" 0.0004 "-" 16 0
Jan 6 09:37:09 standalone object-server[121997]: 172.20.0.100 - - [06/Jan/2026:09:37:09 +0000] "PUT /d1/724/AUTH_c3584fad902c4095b48f95aff5c97c86/gnocchi.b265099c-2d34-4c70-9712-b67c5478b871/none_v3" 201 - "PUT http://localhost:8080/v1/AUTH_c3584fad902c4095b48f95aff5c97c86/gnocchi.b265099c-2d34-4c70-9712-b67c5478b871/none_v3" "tx34daca9d0e984a338e3db-00695cd7c5" "proxy-server 12" 0.0084 "-" 25 0
Jan 6 09:37:09 standalone proxy-server[123936]: 172.18.0.2 ::1 06/Jan/2026/09/37/09 PUT /v1/AUTH_c3584fad902c4095b48f95aff5c97c86/gnocchi.b265099c-2d34-4c70-9712-b67c5478b871/none_v3 HTTP/1.0 201 - python-swiftclient-3.11.1 gAAAAABpXNd_qBc0... 22 - - tx34daca9d0e984a338e3db-00695cd7c5 - 0.0135 - - 1767692229.516678810 1767692229.530163765 0
Jan 6 09:37:09 standalone container-server[121811]: 172.20.0.100 - - [06/Jan/2026:09:37:09 +0000] "HEAD /d1/183/AUTH_c3584fad902c4095b48f95aff5c97c86/gnocchi.24abb42c-decc-40d9-ac7b-af078a7b7f35" 404 - "HEAD http://localhost:8080/v1/AUTH_c3584fad902c4095b48f95aff5c97c86/gnocchi.24abb42c-decc-40d9-ac7b-af078a7b7f35?format=json&states=listing" "txe2d72ebfda0f4f0797a56-00695cd7c5" "proxy-server 12" 0.0006 "-" 15 0
Jan 6 09:37:09 standalone object-server[121994]: 172.20.0.100 - - [06/Jan/2026:09:37:09 +0000] "GET /d1/977/AUTH_c3584fad902c4095b48f95aff5c97c86/gnocchi.24abb42c-decc-40d9-ac7b-af078a7b7f35/none_v3" 404 70 "GET http://localhost:8080/v1/AUTH_c3584fad902c4095b48f95aff5c97c86/gnocchi.24abb42c-decc-40d9-ac7b-af078a7b7f35/none_v3" "txe2d72ebfda0f4f0797a56-00695cd7c5" "proxy-server 12" 0.0013 "-" 23 0
Jan 6 09:37:09 standalone proxy-server[123936]: 172.18.0.2 ::1 06/Jan/2026/09/37/09 GET /v1/AUTH_c3584fad902c4095b48f95aff5c97c86/gnocchi.24abb42c-decc-40d9-ac7b-af078a7b7f35/none_v3 HTTP/1.0 404 - python-swiftclient-3.11.1 gAAAAABpXNd_qBc0... - 70 - txe2d72ebfda0f4f0797a56-00695cd7c5 - 0.0112 - - 1767692229.549887419 1767692229.561135054 0
Jan 6 09:37:09 standalone account-server[121762]: 172.20.0.100 - - [06/Jan/2026:09:37:09 +0000] "PUT /d1/389/AUTH_c3584fad902c4095b48f95aff5c97c86/gnocchi.24abb42c-decc-40d9-ac7b-af078a7b7f35" 201 - "PUT http://172.20.0.100:6001/d1/183/AUTH_c3584fad902c4095b48f95aff5c97c86/gnocchi.24abb42c-decc-40d9-ac7b-af078a7b7f35" "tx49fd5d94dab8419e828bf-00695cd7c5" "container-server 15" 0.0060 "-" 14 0
Jan 6 09:37:09 standalone container-server[121811]: 172.20.0.100 - - [06/Jan/2026:09:37:09 +0000] "PUT /d1/183/AUTH_c3584fad902c4095b48f95aff5c97c86/gnocchi.24abb42c-decc-40d9-ac7b-af078a7b7f35" 201 - "PUT http://localhost:8080/v1/AUTH_c3584fad902c4095b48f95aff5c97c86/gnocchi.24abb42c-decc-40d9-ac7b-af078a7b7f35" "tx49fd5d94dab8419e828bf-00695cd7c5" "proxy-server 12" 0.0205 "-" 15 0
Jan 6 09:37:09 standalone proxy-server[123936]: 172.18.0.2 ::1 06/Jan/2026/09/37/09 PUT /v1/AUTH_c3584fad902c4095b48f95aff5c97c86/gnocchi.24abb42c-decc-40d9-ac7b-af078a7b7f35 HTTP/1.0 201 - python-swiftclient-3.11.1 gAAAAABpXNd_qBc0... - - - tx49fd5d94dab8419e828bf-00695cd7c5 - 0.0254 - - 1767692229.564812660 1767692229.590187550 0
Jan 6 09:37:09 standalone container-server[121822]: 172.20.0.100 - - [06/Jan/2026:09:37:09 +0000] "HEAD /d1/183/AUTH_c3584fad902c4095b48f95aff5c97c86/gnocchi.24abb42c-decc-40d9-ac7b-af078a7b7f35" 204 - "HEAD http://localhost:8080/v1/AUTH_c3584fad902c4095b48f95aff5c97c86/gnocchi.24abb42c-decc-40d9-ac7b-af078a7b7f35?format=json&states=listing" "txe7696421eaf7467998760-00695cd7c5" "proxy-server 12" 0.0015 "-" 16 0
Jan 6 09:37:09 standalone proxy-server[123936]: - - 06/Jan/2026/09/37/09 HEAD /v1/AUTH_c3584fad902c4095b48f95aff5c97c86/gnocchi.24abb42c-decc-40d9-ac7b-af078a7b7f35%3Fformat%3Djson%26states%3Dlisting HTTP/1.0 204 - Swift - - - - txe7696421eaf7467998760-00695cd7c5 - 0.0049 RL - 1767692229.595781565 1767692229.600724697 0
Jan 6 09:37:09 standalone container-server[121822]: 172.20.0.100 - - [06/Jan/2026:09:37:09 +0000] "GET /d1/183/AUTH_c3584fad902c4095b48f95aff5c97c86/gnocchi.24abb42c-decc-40d9-ac7b-af078a7b7f35" 200 2 "GET http://localhost:8080/v1/AUTH_c3584fad902c4095b48f95aff5c97c86/gnocchi.24abb42c-decc-40d9-ac7b-af078a7b7f35?format=json&states=listing" "txe7696421eaf7467998760-00695cd7c5" "proxy-server 12" 0.0017 "-" 16 0
Jan 6 09:37:09 standalone proxy-server[123936]: 172.18.0.2 ::1 06/Jan/2026/09/37/09 GET /v1/AUTH_c3584fad902c4095b48f95aff5c97c86/gnocchi.24abb42c-decc-40d9-ac7b-af078a7b7f35%3Fformat%3Djson%26states%3Dlisting HTTP/1.0 200 - python-swiftclient-3.11.1 gAAAAABpXNd_qBc0... - 2 - txe7696421eaf7467998760-00695cd7c5 - 0.0122 - - 1767692229.594687223 1767692229.606863260 0
Jan 6 09:37:09 standalone object-server[121994]: 172.20.0.100 - - [06/Jan/2026:09:37:09 +0000] "GET /d1/251/AUTH_c3584fad902c4095b48f95aff5c97c86/gnocchi.24abb42c-decc-40d9-ac7b-af078a7b7f35/1766880000.0_mean_300.0_v3" 404 70 "GET http://localhost:8080/v1/AUTH_c3584fad902c4095b48f95aff5c97c86/gnocchi.24abb42c-decc-40d9-ac7b-af078a7b7f35/1766880000.0_mean_300.0_v3" "tx0d43dae955244d4c80716-00695cd7c5" "proxy-server 12" 0.0034 "-" 23 0
Jan 6 09:37:09 standalone proxy-server[123936]: 172.18.0.2 ::1 06/Jan/2026/09/37/09 GET /v1/AUTH_c3584fad902c4095b48f95aff5c97c86/gnocchi.24abb42c-decc-40d9-ac7b-af078a7b7f35/1766880000.0_mean_300.0_v3 HTTP/1.0 404 - python-swiftclient-3.11.1 gAAAAABpXNd_qBc0... - 70 - tx0d43dae955244d4c80716-00695cd7c5 - 0.0104 - - 1767692229.610703945 1767692229.621078014 0
Jan 6 09:37:09 standalone container-server[121811]: 172.20.0.100 - - [06/Jan/2026:09:37:09 +0000] "PUT /d1/183/AUTH_c3584fad902c4095b48f95aff5c97c86/gnocchi.24abb42c-decc-40d9-ac7b-af078a7b7f35/1766880000.0_mean_300.0_v3" 201 - "PUT http://localhost:8080/d1/251/AUTH_c3584fad902c4095b48f95aff5c97c86/gnocchi.24abb42c-decc-40d9-ac7b-af078a7b7f35/1766880000.0_mean_300.0_v3" "tx401113b22cae47019f3d2-00695cd7c5" "object-server 25" 0.0005 "-" 15 0
Jan 6 09:37:09 standalone object-server[121997]: 172.20.0.100 - - [06/Jan/2026:09:37:09 +0000] "PUT /d1/251/AUTH_c3584fad902c4095b48f95aff5c97c86/gnocchi.24abb42c-decc-40d9-ac7b-af078a7b7f35/1766880000.0_mean_300.0_v3" 201 - "PUT http://localhost:8080/v1/AUTH_c3584fad902c4095b48f95aff5c97c86/gnocchi.24abb42c-decc-40d9-ac7b-af078a7b7f35/1766880000.0_mean_300.0_v3" "tx401113b22cae47019f3d2-00695cd7c5" "proxy-server 12" 0.0083 "-" 25 0
Jan 6 09:37:09 standalone proxy-server[123936]: 172.18.0.2 ::1 06/Jan/2026/09/37/09 PUT /v1/AUTH_c3584fad902c4095b48f95aff5c97c86/gnocchi.24abb42c-decc-40d9-ac7b-af078a7b7f35/1766880000.0_mean_300.0_v3 HTTP/1.0 201 - python-swiftclient-3.11.1 gAAAAABpXNd_qBc0... 16 - - tx401113b22cae47019f3d2-00695cd7c5 - 0.0128 - - 1767692229.624312162 1767692229.637089252 0
Jan 6 09:37:09 standalone container-server[121810]: 172.20.0.100 - - [06/Jan/2026:09:37:09 +0000] "PUT /d1/183/AUTH_c3584fad902c4095b48f95aff5c97c86/gnocchi.24abb42c-decc-40d9-ac7b-af078a7b7f35/none_v3" 201 - "PUT http://localhost:8080/d1/977/AUTH_c3584fad902c4095b48f95aff5c97c86/gnocchi.24abb42c-decc-40d9-ac7b-af078a7b7f35/none_v3" "tx8360e67aaf574ac4bee03-00695cd7c5" "object-server 25" 0.0007 "-" 14 0
Jan 6 09:37:09 standalone object-server[121997]: 172.20.0.100 - - [06/Jan/2026:09:37:09 +0000] "PUT /d1/977/AUTH_c3584fad902c4095b48f95aff5c97c86/gnocchi.24abb42c-decc-40d9-ac7b-af078a7b7f35/none_v3" 201 - "PUT http://localhost:8080/v1/AUTH_c3584fad902c4095b48f95aff5c97c86/gnocchi.24abb42c-decc-40d9-ac7b-af078a7b7f35/none_v3" "tx8360e67aaf574ac4bee03-00695cd7c5" "proxy-server 12" 0.0095 "-" 25 0
Jan 6 09:37:09 standalone proxy-server[123936]: 172.18.0.2 ::1 06/Jan/2026/09/37/09 PUT /v1/AUTH_c3584fad902c4095b48f95aff5c97c86/gnocchi.24abb42c-decc-40d9-ac7b-af078a7b7f35/none_v3 HTTP/1.0 201 - python-swiftclient-3.11.1 gAAAAABpXNd_qBc0... 22 - - tx8360e67aaf574ac4bee03-00695cd7c5 - 0.0135 - - 1767692229.642065525 1767692229.655555010 0
Jan 6 09:37:15 standalone account-server[121775]: 172.20.0.100 - - [06/Jan/2026:09:37:15 +0000] "HEAD /d1/876/.expiring_objects" 404 - "HEAD http://localhost/v1/.expiring_objects?format=json" "tx6c4e4ef6fd9649fe85c08-00695cd7cb" "proxy-server 2" 0.0009 "-" 16 -
Jan 6 09:37:16 standalone object-expirer[121817]: Pass completed in 0s; 0 objects expired (txn: tx6c4e4ef6fd9649fe85c08-00695cd7cb)
Jan 6 09:37:29 standalone object-server[121961]: Begin object update sweep
Jan 6 09:37:29 standalone object-server[216908]: Object update sweep starting on /srv/node/d1 (pid: 14)
Jan 6 09:37:29 standalone object-server[216908]: Object update sweep completed on /srv/node/d1 in 0.00s seconds:, 0 successes, 0 failures, 0 quarantines, 0 unlinks, 0 errors, 0 redirects (pid: 14)
Jan 6 09:37:29 standalone object-server[216908]: Object update sweep of d1 completed: 0.00s, 0 successes, 0 failures, 0 quarantines, 0 unlinks, 0 errors, 0 redirects
Jan 6 09:37:29 standalone object-server[121961]: Object update sweep completed: 0.09s
Jan 6 09:39:09 standalone account-server[121762]: 172.20.0.100 - - [06/Jan/2026:09:39:09 +0000] "HEAD /d1/389/AUTH_c3584fad902c4095b48f95aff5c97c86" 204 - "HEAD http://localhost:8080/v1/AUTH_c3584fad902c4095b48f95aff5c97c86?format=json" "txe452e7d860784d138bb06-00695cd83d" "proxy-server 12" 0.0059 "-" 14 -
Jan 6 09:39:09 standalone proxy-server[123936]: - - 06/Jan/2026/09/39/09 HEAD /v1/AUTH_c3584fad902c4095b48f95aff5c97c86%3Fformat%3Djson HTTP/1.0 204 - Swift - - - - txe452e7d860784d138bb06-00695cd83d - 0.0113 RL - 1767692349.135507107 1767692349.146785498 -
Jan 6 09:39:09 standalone container-server[121839]: 172.20.0.100 - - [06/Jan/2026:09:39:09 +0000] "HEAD /d1/775/AUTH_c3584fad902c4095b48f95aff5c97c86/gnocchi.33ac4e50-c1d8-4cd5-b0ab-1b5a7ea1d93b" 404 - "HEAD http://localhost:8080/v1/AUTH_c3584fad902c4095b48f95aff5c97c86/gnocchi.33ac4e50-c1d8-4cd5-b0ab-1b5a7ea1d93b?format=json&states=listing" "txe452e7d860784d138bb06-00695cd83d" "proxy-server 12" 0.0010 "-" 17 0
Jan 6 09:39:09 standalone object-server[121997]: 172.20.0.100 - - [06/Jan/2026:09:39:09 +0000] "GET /d1/838/AUTH_c3584fad902c4095b48f95aff5c97c86/gnocchi.33ac4e50-c1d8-4cd5-b0ab-1b5a7ea1d93b/none_v3" 404 70 "GET http://localhost:8080/v1/AUTH_c3584fad902c4095b48f95aff5c97c86/gnocchi.33ac4e50-c1d8-4cd5-b0ab-1b5a7ea1d93b/none_v3" "txe452e7d860784d138bb06-00695cd83d" "proxy-server 12" 0.0006 "-" 25 0
Jan 6 09:39:09 standalone proxy-server[123936]: 172.18.0.2 ::1 06/Jan/2026/09/39/09 GET /v1/AUTH_c3584fad902c4095b48f95aff5c97c86/gnocchi.33ac4e50-c1d8-4cd5-b0ab-1b5a7ea1d93b/none_v3 HTTP/1.0 404 - python-swiftclient-3.11.1 gAAAAABpXNd_qBc0... - 70 - txe452e7d860784d138bb06-00695cd83d - 0.0269 - - 1767692349.134572029 1767692349.161501884 0
Jan 6 09:39:09 standalone account-server[121762]: 172.20.0.100 - - [06/Jan/2026:09:39:09 +0000] "PUT /d1/389/AUTH_c3584fad902c4095b48f95aff5c97c86/gnocchi.33ac4e50-c1d8-4cd5-b0ab-1b5a7ea1d93b" 201 - "PUT http://172.20.0.100:6001/d1/775/AUTH_c3584fad902c4095b48f95aff5c97c86/gnocchi.33ac4e50-c1d8-4cd5-b0ab-1b5a7ea1d93b" "txc58fd9da1a414889a336e-00695cd83d" "container-server 17" 0.0013 "-" 14 0
Jan 6 09:39:09 standalone container-server[121839]: 172.20.0.100 - - [06/Jan/2026:09:39:09 +0000] "PUT /d1/775/AUTH_c3584fad902c4095b48f95aff5c97c86/gnocchi.33ac4e50-c1d8-4cd5-b0ab-1b5a7ea1d93b" 201 - "PUT http://localhost:8080/v1/AUTH_c3584fad902c4095b48f95aff5c97c86/gnocchi.33ac4e50-c1d8-4cd5-b0ab-1b5a7ea1d93b" "txc58fd9da1a414889a336e-00695cd83d" "proxy-server 12" 0.0098 "-" 17 0
Jan 6 09:39:09 standalone proxy-server[123936]: 172.18.0.2 ::1 06/Jan/2026/09/39/09 PUT /v1/AUTH_c3584fad902c4095b48f95aff5c97c86/gnocchi.33ac4e50-c1d8-4cd5-b0ab-1b5a7ea1d93b HTTP/1.0 201 - python-swiftclient-3.11.1 gAAAAABpXNd_qBc0... - - - txc58fd9da1a414889a336e-00695cd83d - 0.0142 - - 1767692349.165492773 1767692349.179673672 0
Jan 6 09:39:09 standalone container-server[121810]: 172.20.0.100 - - [06/Jan/2026:09:39:09 +0000] "HEAD /d1/775/AUTH_c3584fad902c4095b48f95aff5c97c86/gnocchi.33ac4e50-c1d8-4cd5-b0ab-1b5a7ea1d93b" 204 - "HEAD http://localhost:8080/v1/AUTH_c3584fad902c4095b48f95aff5c97c86/gnocchi.33ac4e50-c1d8-4cd5-b0ab-1b5a7ea1d93b?format=json&states=listing" "txc786064cf5c141708690a-00695cd83d" "proxy-server 12" 0.0016 "-" 14 0
Jan 6 09:39:09 standalone proxy-server[123936]: - - 06/Jan/2026/09/39/09 HEAD /v1/AUTH_c3584fad902c4095b48f95aff5c97c86/gnocchi.33ac4e50-c1d8-4cd5-b0ab-1b5a7ea1d93b%3Fformat%3Djson%26states%3Dlisting HTTP/1.0 204 - Swift - - - - txc786064cf5c141708690a-00695cd83d - 0.0050 RL - 1767692349.184395552 1767692349.189401627 0
Jan 6 09:39:09 standalone container-server[121810]: 172.20.0.100 - - [06/Jan/2026:09:39:09 +0000] "GET /d1/775/AUTH_c3584fad902c4095b48f95aff5c97c86/gnocchi.33ac4e50-c1d8-4cd5-b0ab-1b5a7ea1d93b" 200 2 "GET http://localhost:8080/v1/AUTH_c3584fad902c4095b48f95aff5c97c86/gnocchi.33ac4e50-c1d8-4cd5-b0ab-1b5a7ea1d93b?format=json&states=listing" "txc786064cf5c141708690a-00695cd83d" "proxy-server 12" 0.0015 "-" 14 0
Jan 6 09:39:09 standalone proxy-server[123936]: 172.18.0.2 ::1 06/Jan/2026/09/39/09 GET /v1/AUTH_c3584fad902c4095b48f95aff5c97c86/gnocchi.33ac4e50-c1d8-4cd5-b0ab-1b5a7ea1d93b%3Fformat%3Djson%26states%3Dlisting HTTP/1.0 200 - python-swiftclient-3.11.1 gAAAAABpXNd_qBc0... - 2 - txc786064cf5c141708690a-00695cd83d - 0.0111 - - 1767692349.183541775 1767692349.194599628 0
Jan 6 09:39:09 standalone object-server[121995]: 172.20.0.100 - - [06/Jan/2026:09:39:09 +0000] "GET /d1/154/AUTH_c3584fad902c4095b48f95aff5c97c86/gnocchi.33ac4e50-c1d8-4cd5-b0ab-1b5a7ea1d93b/1766880000.0_mean_300.0_v3" 404 70 "GET http://localhost:8080/v1/AUTH_c3584fad902c4095b48f95aff5c97c86/gnocchi.33ac4e50-c1d8-4cd5-b0ab-1b5a7ea1d93b/1766880000.0_mean_300.0_v3" "txdb5677b1c7e8418099d65-00695cd83d" "proxy-server 12" 0.0005 "-" 24 0
Jan 6 09:39:09 standalone proxy-server[123936]: 172.18.0.2 ::1 06/Jan/2026/09/39/09 GET /v1/AUTH_c3584fad902c4095b48f95aff5c97c86/gnocchi.33ac4e50-c1d8-4cd5-b0ab-1b5a7ea1d93b/1766880000.0_mean_300.0_v3 HTTP/1.0 404 - python-swiftclient-3.11.1 gAAAAABpXNd_qBc0... - 70 - txdb5677b1c7e8418099d65-00695cd83d - 0.0048 - - 1767692349.198470592 1767692349.203238964 0
Jan 6 09:39:09 standalone container-server[121839]: 172.20.0.100 - - [06/Jan/2026:09:39:09 +0000] "PUT /d1/775/AUTH_c3584fad902c4095b48f95aff5c97c86/gnocchi.33ac4e50-c1d8-4cd5-b0ab-1b5a7ea1d93b/1766880000.0_mean_300.0_v3" 201 - "PUT http://localhost:8080/d1/154/AUTH_c3584fad902c4095b48f95aff5c97c86/gnocchi.33ac4e50-c1d8-4cd5-b0ab-1b5a7ea1d93b/1766880000.0_mean_300.0_v3" "tx4b4fe25f4d5f411eab65f-00695cd83d" "object-server 23" 0.0009 "-" 17 0
Jan 6 09:39:09 standalone object-server[121994]: 172.20.0.100 - - [06/Jan/2026:09:39:09 +0000] "PUT /d1/154/AUTH_c3584fad902c4095b48f95aff5c97c86/gnocchi.33ac4e50-c1d8-4cd5-b0ab-1b5a7ea1d93b/1766880000.0_mean_300.0_v3" 201 - "PUT http://localhost:8080/v1/AUTH_c3584fad902c4095b48f95aff5c97c86/gnocchi.33ac4e50-c1d8-4cd5-b0ab-1b5a7ea1d93b/1766880000.0_mean_300.0_v3" "tx4b4fe25f4d5f411eab65f-00695cd83d" "proxy-server 12" 0.0088 "-" 23 0
Jan 6 09:39:09 standalone proxy-server[123936]: 172.18.0.2 ::1 06/Jan/2026/09/39/09 PUT /v1/AUTH_c3584fad902c4095b48f95aff5c97c86/gnocchi.33ac4e50-c1d8-4cd5-b0ab-1b5a7ea1d93b/1766880000.0_mean_300.0_v3 HTTP/1.0 201 - python-swiftclient-3.11.1 gAAAAABpXNd_qBc0... 16 - - tx4b4fe25f4d5f411eab65f-00695cd83d - 0.0132 - - 1767692349.206251860 1767692349.219424486 0
Jan 6 09:39:09 standalone container-server[121810]: 172.20.0.100 - - [06/Jan/2026:09:39:09 +0000] "PUT /d1/775/AUTH_c3584fad902c4095b48f95aff5c97c86/gnocchi.33ac4e50-c1d8-4cd5-b0ab-1b5a7ea1d93b/none_v3" 201 - "PUT http://localhost:8080/d1/838/AUTH_c3584fad902c4095b48f95aff5c97c86/gnocchi.33ac4e50-c1d8-4cd5-b0ab-1b5a7ea1d93b/none_v3" "txc6bbc00bdd724e6eb9b54-00695cd83d" "object-server 25" 0.0004 "-" 14 0
Jan 6 09:39:09 standalone object-server[121997]: 172.20.0.100 - - [06/Jan/2026:09:39:09 +0000] "PUT /d1/838/AUTH_c3584fad902c4095b48f95aff5c97c86/gnocchi.33ac4e50-c1d8-4cd5-b0ab-1b5a7ea1d93b/none_v3" 201 - "PUT http://localhost:8080/v1/AUTH_c3584fad902c4095b48f95aff5c97c86/gnocchi.33ac4e50-c1d8-4cd5-b0ab-1b5a7ea1d93b/none_v3" "txc6bbc00bdd724e6eb9b54-00695cd83d" "proxy-server 12" 0.0077 "-" 25 0
Jan 6 09:39:09 standalone proxy-server[123936]: 172.18.0.2 ::1 06/Jan/2026/09/39/09 PUT /v1/AUTH_c3584fad902c4095b48f95aff5c97c86/gnocchi.33ac4e50-c1d8-4cd5-b0ab-1b5a7ea1d93b/none_v3 HTTP/1.0 201 - python-swiftclient-3.11.1 gAAAAABpXNd_qBc0... 22 - - txc6bbc00bdd724e6eb9b54-00695cd83d - 0.0119 - - 1767692349.221707344 1767692349.233580828 0
Jan 6 09:39:09 standalone container-server[121810]: 172.20.0.100 - - [06/Jan/2026:09:39:09 +0000] "HEAD /d1/969/AUTH_c3584fad902c4095b48f95aff5c97c86/gnocchi.faab503e-d411-4b92-a1d6-91b792bd68d6" 404 - "HEAD http://localhost:8080/v1/AUTH_c3584fad902c4095b48f95aff5c97c86/gnocchi.faab503e-d411-4b92-a1d6-91b792bd68d6?format=json&states=listing" "tx2c08e5ae676f425597ea4-00695cd83d" "proxy-server 12" 0.0009 "-" 14 0
Jan 6 09:39:09 standalone object-server[121997]: 172.20.0.100 - - [06/Jan/2026:09:39:09 +0000] "GET /d1/987/AUTH_c3584fad902c4095b48f95aff5c97c86/gnocchi.faab503e-d411-4b92-a1d6-91b792bd68d6/none_v3" 404 70 "GET http://localhost:8080/v1/AUTH_c3584fad902c4095b48f95aff5c97c86/gnocchi.faab503e-d411-4b92-a1d6-91b792bd68d6/none_v3" "tx2c08e5ae676f425597ea4-00695cd83d" "proxy-server 12" 0.0005 "-" 25 0
Jan 6 09:39:09 standalone proxy-server[123936]: 172.18.0.2 ::1 06/Jan/2026/09/39/09 GET /v1/AUTH_c3584fad902c4095b48f95aff5c97c86/gnocchi.faab503e-d411-4b92-a1d6-91b792bd68d6/none_v3 HTTP/1.0 404 - python-swiftclient-3.11.1 gAAAAABpXNd_qBc0... - 70 - tx2c08e5ae676f425597ea4-00695cd83d - 0.0087 - - 1767692349.272233963 1767692349.280948639 0
Jan 6 09:39:09 standalone account-server[121775]: 172.20.0.100 - - [06/Jan/2026:09:39:09 +0000] "PUT /d1/389/AUTH_c3584fad902c4095b48f95aff5c97c86/gnocchi.faab503e-d411-4b92-a1d6-91b792bd68d6" 201 - "PUT http://172.20.0.100:6001/d1/969/AUTH_c3584fad902c4095b48f95aff5c97c86/gnocchi.faab503e-d411-4b92-a1d6-91b792bd68d6" "tx3a6845306ff84fe68d8a7-00695cd83d" "container-server 14" 0.0043 "-" 16 0
Jan 6 09:39:09 standalone container-server[121810]: 172.20.0.100 - - [06/Jan/2026:09:39:09 +0000] "PUT /d1/969/AUTH_c3584fad902c4095b48f95aff5c97c86/gnocchi.faab503e-d411-4b92-a1d6-91b792bd68d6" 201 - "PUT http://localhost:8080/v1/AUTH_c3584fad902c4095b48f95aff5c97c86/gnocchi.faab503e-d411-4b92-a1d6-91b792bd68d6" "tx3a6845306ff84fe68d8a7-00695cd83d" "proxy-server 12" 0.0127 "-" 14 0
Jan 6 09:39:09 standalone proxy-server[123936]: 172.18.0.2 ::1 06/Jan/2026/09/39/09 PUT /v1/AUTH_c3584fad902c4095b48f95aff5c97c86/gnocchi.faab503e-d411-4b92-a1d6-91b792bd68d6 HTTP/1.0 201 - python-swiftclient-3.11.1 gAAAAABpXNd_qBc0... - - - tx3a6845306ff84fe68d8a7-00695cd83d - 0.0158 - - 1767692349.283294201 1767692349.299044371 0
Jan 6 09:39:09 standalone container-server[121811]: 172.20.0.100 - - [06/Jan/2026:09:39:09 +0000] "HEAD /d1/969/AUTH_c3584fad902c4095b48f95aff5c97c86/gnocchi.faab503e-d411-4b92-a1d6-91b792bd68d6" 204 - "HEAD http://localhost:8080/v1/AUTH_c3584fad902c4095b48f95aff5c97c86/gnocchi.faab503e-d411-4b92-a1d6-91b792bd68d6?format=json&states=listing" "tx1a1f8e6ed54e409695823-00695cd83d" "proxy-server 12" 0.0014 "-" 15 0
Jan 6 09:39:09 standalone proxy-server[123936]: - - 06/Jan/2026/09/39/09 HEAD /v1/AUTH_c3584fad902c4095b48f95aff5c97c86/gnocchi.faab503e-d411-4b92-a1d6-91b792bd68d6%3Fformat%3Djson%26states%3Dlisting HTTP/1.0 204 - Swift - - - - tx1a1f8e6ed54e409695823-00695cd83d - 0.0041 RL - 1767692349.302734375 1767692349.306807756 0
Jan 6 09:39:09 standalone container-server[121811]: 172.20.0.100 - - [06/Jan/2026:09:39:09 +0000] "GET /d1/969/AUTH_c3584fad902c4095b48f95aff5c97c86/gnocchi.faab503e-d411-4b92-a1d6-91b792bd68d6" 200 2 "GET http://localhost:8080/v1/AUTH_c3584fad902c4095b48f95aff5c97c86/gnocchi.faab503e-d411-4b92-a1d6-91b792bd68d6?format=json&states=listing" "tx1a1f8e6ed54e409695823-00695cd83d" "proxy-server 12" 0.0016 "-" 15 0
Jan 6 09:39:09 standalone proxy-server[123936]: 172.18.0.2 ::1 06/Jan/2026/09/39/09 GET /v1/AUTH_c3584fad902c4095b48f95aff5c97c86/gnocchi.faab503e-d411-4b92-a1d6-91b792bd68d6%3Fformat%3Djson%26states%3Dlisting HTTP/1.0 200 - python-swiftclient-3.11.1 gAAAAABpXNd_qBc0... - 2 - tx1a1f8e6ed54e409695823-00695cd83d - 0.0102 - - 1767692349.302019596 1767692349.312171459 0
Jan 6 09:39:09 standalone object-server[121997]: 172.20.0.100 - - [06/Jan/2026:09:39:09 +0000] "GET /d1/147/AUTH_c3584fad902c4095b48f95aff5c97c86/gnocchi.faab503e-d411-4b92-a1d6-91b792bd68d6/1766880000.0_mean_300.0_v3" 404 70 "GET http://localhost:8080/v1/AUTH_c3584fad902c4095b48f95aff5c97c86/gnocchi.faab503e-d411-4b92-a1d6-91b792bd68d6/1766880000.0_mean_300.0_v3" "tx139b871fdb7c4d04a11f2-00695cd83d" "proxy-server 12" 0.0005 "-" 25 0
Jan 6 09:39:09 standalone proxy-server[123936]: 172.18.0.2 ::1 06/Jan/2026/09/39/09 GET /v1/AUTH_c3584fad902c4095b48f95aff5c97c86/gnocchi.faab503e-d411-4b92-a1d6-91b792bd68d6/1766880000.0_mean_300.0_v3 HTTP/1.0 404 - python-swiftclient-3.11.1 gAAAAABpXNd_qBc0... - 70 - tx139b871fdb7c4d04a11f2-00695cd83d - 0.0049 - - 1767692349.316663742 1767692349.321553707 0
Jan 6 09:39:09 standalone container-server[121810]: 172.20.0.100 - - [06/Jan/2026:09:39:09 +0000] "PUT /d1/969/AUTH_c3584fad902c4095b48f95aff5c97c86/gnocchi.faab503e-d411-4b92-a1d6-91b792bd68d6/1766880000.0_mean_300.0_v3" 201 - "PUT http://localhost:8080/d1/147/AUTH_c3584fad902c4095b48f95aff5c97c86/gnocchi.faab503e-d411-4b92-a1d6-91b792bd68d6/1766880000.0_mean_300.0_v3" "tx413f3fd5bc7f4fd0a4486-00695cd83d" "object-server 25" 0.0007 "-" 14 0
Jan 6 09:39:09 standalone object-server[121997]: 172.20.0.100 - - [06/Jan/2026:09:39:09 +0000] "PUT /d1/147/AUTH_c3584fad902c4095b48f95aff5c97c86/gnocchi.faab503e-d411-4b92-a1d6-91b792bd68d6/1766880000.0_mean_300.0_v3" 201 - "PUT http://localhost:8080/v1/AUTH_c3584fad902c4095b48f95aff5c97c86/gnocchi.faab503e-d411-4b92-a1d6-91b792bd68d6/1766880000.0_mean_300.0_v3" "tx413f3fd5bc7f4fd0a4486-00695cd83d" "proxy-server 12" 0.0107 "-" 25 0
Jan 6 09:39:09 standalone proxy-server[123936]: 172.18.0.2 ::1 06/Jan/2026/09/39/09 PUT /v1/AUTH_c3584fad902c4095b48f95aff5c97c86/gnocchi.faab503e-d411-4b92-a1d6-91b792bd68d6/1766880000.0_mean_300.0_v3 HTTP/1.0 201 - python-swiftclient-3.11.1 gAAAAABpXNd_qBc0... 16 - - tx413f3fd5bc7f4fd0a4486-00695cd83d - 0.0145 - - 1767692349.324285507 1767692349.338793993 0
Jan 6 09:39:09 standalone container-server[121822]: 172.20.0.100 - - [06/Jan/2026:09:39:09 +0000] "PUT /d1/969/AUTH_c3584fad902c4095b48f95aff5c97c86/gnocchi.faab503e-d411-4b92-a1d6-91b792bd68d6/none_v3" 201 - "PUT http://localhost:8080/d1/987/AUTH_c3584fad902c4095b48f95aff5c97c86/gnocchi.faab503e-d411-4b92-a1d6-91b792bd68d6/none_v3" "txc52c8499b91d452a92d8f-00695cd83d" "object-server 24" 0.0011 "-" 16 0
Jan 6 09:39:09 standalone object-server[121995]: 172.20.0.100 - - [06/Jan/2026:09:39:09 +0000] "PUT /d1/987/AUTH_c3584fad902c4095b48f95aff5c97c86/gnocchi.faab503e-d411-4b92-a1d6-91b792bd68d6/none_v3" 201 - "PUT http://localhost:8080/v1/AUTH_c3584fad902c4095b48f95aff5c97c86/gnocchi.faab503e-d411-4b92-a1d6-91b792bd68d6/none_v3" "txc52c8499b91d452a92d8f-00695cd83d" "proxy-server 12" 0.0157 "-" 24 0
Jan 6 09:39:09 standalone proxy-server[123936]: 172.18.0.2 ::1 06/Jan/2026/09/39/09 PUT /v1/AUTH_c3584fad902c4095b48f95aff5c97c86/gnocchi.faab503e-d411-4b92-a1d6-91b792bd68d6/none_v3 HTTP/1.0 201 - python-swiftclient-3.11.1 gAAAAABpXNd_qBc0... 22 - - txc52c8499b91d452a92d8f-00695cd83d - 0.0205 - - 1767692349.341726303 1767692349.362267971 0
Jan 6 09:39:09 standalone container-server[121810]: 172.20.0.100 - - [06/Jan/2026:09:39:09 +0000] "HEAD /d1/233/AUTH_c3584fad902c4095b48f95aff5c97c86/gnocchi.54c2dcb9-db59-4bee-a022-d9b9849c6de2" 404 - "HEAD http://localhost:8080/v1/AUTH_c3584fad902c4095b48f95aff5c97c86/gnocchi.54c2dcb9-db59-4bee-a022-d9b9849c6de2?format=json&states=listing" "txba7cdc6d5406485498363-00695cd83d" "proxy-server 12" 0.0005 "-" 14 0
Jan 6 09:39:09 standalone object-server[121995]: 172.20.0.100 - - [06/Jan/2026:09:39:09 +0000] "GET /d1/42/AUTH_c3584fad902c4095b48f95aff5c97c86/gnocchi.54c2dcb9-db59-4bee-a022-d9b9849c6de2/none_v3" 404 70 "GET http://localhost:8080/v1/AUTH_c3584fad902c4095b48f95aff5c97c86/gnocchi.54c2dcb9-db59-4bee-a022-d9b9849c6de2/none_v3" "txba7cdc6d5406485498363-00695cd83d" "proxy-server 12" 0.0004 "-" 24 0
Jan 6 09:39:09 standalone proxy-server[123936]: 172.18.0.2 ::1 06/Jan/2026/09/39/09 GET /v1/AUTH_c3584fad902c4095b48f95aff5c97c86/gnocchi.54c2dcb9-db59-4bee-a022-d9b9849c6de2/none_v3 HTTP/1.0 404 - python-swiftclient-3.11.1 gAAAAABpXNd_qBc0... - 70 - txba7cdc6d5406485498363-00695cd83d - 0.0080 - - 1767692349.379377127 1767692349.387390375 0
Jan 6 09:39:09 standalone account-server[121762]: 172.20.0.100 - - [06/Jan/2026:09:39:09 +0000] "PUT /d1/389/AUTH_c3584fad902c4095b48f95aff5c97c86/gnocchi.54c2dcb9-db59-4bee-a022-d9b9849c6de2" 201 - "PUT http://172.20.0.100:6001/d1/233/AUTH_c3584fad902c4095b48f95aff5c97c86/gnocchi.54c2dcb9-db59-4bee-a022-d9b9849c6de2" "tx50f5030af41244168a072-00695cd83d" "container-server 14" 0.0046 "-" 14 0
Jan 6 09:39:09 standalone container-server[121810]: 172.20.0.100 - - [06/Jan/2026:09:39:09 +0000] "PUT /d1/233/AUTH_c3584fad902c4095b48f95aff5c97c86/gnocchi.54c2dcb9-db59-4bee-a022-d9b9849c6de2" 201 - "PUT http://localhost:8080/v1/AUTH_c3584fad902c4095b48f95aff5c97c86/gnocchi.54c2dcb9-db59-4bee-a022-d9b9849c6de2" "tx50f5030af41244168a072-00695cd83d" "proxy-server 12" 0.0162 "-" 14 0
