Jan 6 09:39:09 standalone proxy-server[123936]: 172.18.0.2 ::1 06/Jan/2026/09/39/09 PUT /v1/AUTH_c3584fad902c4095b48f95aff5c97c86/gnocchi.54c2dcb9-db59-4bee-a022-d9b9849c6de2 HTTP/1.0 201 - python-swiftclient-3.11.1 gAAAAABpXNd_qBc0... - - - tx50f5030af41244168a072-00695cd83d - 0.0204 - - 1767692349.390527487 1767692349.410904884 0
Jan 6 09:39:09 standalone container-server[121839]: 172.20.0.100 - - [06/Jan/2026:09:39:09 +0000] "HEAD /d1/233/AUTH_c3584fad902c4095b48f95aff5c97c86/gnocchi.54c2dcb9-db59-4bee-a022-d9b9849c6de2" 204 - "HEAD http://localhost:8080/v1/AUTH_c3584fad902c4095b48f95aff5c97c86/gnocchi.54c2dcb9-db59-4bee-a022-d9b9849c6de2?format=json&states=listing" "tx1378fddaf77a4f4caa0e2-00695cd83d" "proxy-server 12" 0.0018 "-" 17 0
Jan 6 09:39:09 standalone proxy-server[123936]: - - 06/Jan/2026/09/39/09 HEAD /v1/AUTH_c3584fad902c4095b48f95aff5c97c86/gnocchi.54c2dcb9-db59-4bee-a022-d9b9849c6de2%3Fformat%3Djson%26states%3Dlisting HTTP/1.0 204 - Swift - - - - tx1378fddaf77a4f4caa0e2-00695cd83d - 0.0049 RL - 1767692349.416015148 1767692349.420936823 0
Jan 6 09:39:09 standalone container-server[121822]: 172.20.0.100 - - [06/Jan/2026:09:39:09 +0000] "GET /d1/233/AUTH_c3584fad902c4095b48f95aff5c97c86/gnocchi.54c2dcb9-db59-4bee-a022-d9b9849c6de2" 200 2 "GET http://localhost:8080/v1/AUTH_c3584fad902c4095b48f95aff5c97c86/gnocchi.54c2dcb9-db59-4bee-a022-d9b9849c6de2?format=json&states=listing" "tx1378fddaf77a4f4caa0e2-00695cd83d" "proxy-server 12" 0.0026 "-" 16 0
Jan 6 09:39:09 standalone proxy-server[123936]: 172.18.0.2 ::1 06/Jan/2026/09/39/09 GET /v1/AUTH_c3584fad902c4095b48f95aff5c97c86/gnocchi.54c2dcb9-db59-4bee-a022-d9b9849c6de2%3Fformat%3Djson%26states%3Dlisting HTTP/1.0 200 - python-swiftclient-3.11.1 gAAAAABpXNd_qBc0... - 2 - tx1378fddaf77a4f4caa0e2-00695cd83d - 0.0129 - - 1767692349.415235758 1767692349.428160191 0
Jan 6 09:39:09 standalone object-server[121994]: 172.20.0.100 - - [06/Jan/2026:09:39:09 +0000] "GET /d1/416/AUTH_c3584fad902c4095b48f95aff5c97c86/gnocchi.54c2dcb9-db59-4bee-a022-d9b9849c6de2/1766880000.0_mean_300.0_v3" 404 70 "GET http://localhost:8080/v1/AUTH_c3584fad902c4095b48f95aff5c97c86/gnocchi.54c2dcb9-db59-4bee-a022-d9b9849c6de2/1766880000.0_mean_300.0_v3" "tx2f6e12c838aa4b4f84b52-00695cd83d" "proxy-server 12" 0.0004 "-" 23 0
Jan 6 09:39:09 standalone proxy-server[123936]: 172.18.0.2 ::1 06/Jan/2026/09/39/09 GET /v1/AUTH_c3584fad902c4095b48f95aff5c97c86/gnocchi.54c2dcb9-db59-4bee-a022-d9b9849c6de2/1766880000.0_mean_300.0_v3 HTTP/1.0 404 - python-swiftclient-3.11.1 gAAAAABpXNd_qBc0... - 70 - tx2f6e12c838aa4b4f84b52-00695cd83d - 0.0043 - - 1767692349.431710958 1767692349.435986757 0
Jan 6 09:39:09 standalone container-server[121810]: 172.20.0.100 - - [06/Jan/2026:09:39:09 +0000] "PUT /d1/233/AUTH_c3584fad902c4095b48f95aff5c97c86/gnocchi.54c2dcb9-db59-4bee-a022-d9b9849c6de2/1766880000.0_mean_300.0_v3" 201 - "PUT http://localhost:8080/d1/416/AUTH_c3584fad902c4095b48f95aff5c97c86/gnocchi.54c2dcb9-db59-4bee-a022-d9b9849c6de2/1766880000.0_mean_300.0_v3" "tx2ac9e32230724a72b5fc0-00695cd83d" "object-server 23" 0.0006 "-" 14 0
Jan 6 09:39:09 standalone object-server[121994]: 172.20.0.100 - - [06/Jan/2026:09:39:09 +0000] "PUT /d1/416/AUTH_c3584fad902c4095b48f95aff5c97c86/gnocchi.54c2dcb9-db59-4bee-a022-d9b9849c6de2/1766880000.0_mean_300.0_v3" 201 - "PUT http://localhost:8080/v1/AUTH_c3584fad902c4095b48f95aff5c97c86/gnocchi.54c2dcb9-db59-4bee-a022-d9b9849c6de2/1766880000.0_mean_300.0_v3" "tx2ac9e32230724a72b5fc0-00695cd83d" "proxy-server 12" 0.0083 "-" 23 0
Jan 6 09:39:09 standalone proxy-server[123936]: 172.18.0.2 ::1 06/Jan/2026/09/39/09 PUT /v1/AUTH_c3584fad902c4095b48f95aff5c97c86/gnocchi.54c2dcb9-db59-4bee-a022-d9b9849c6de2/1766880000.0_mean_300.0_v3 HTTP/1.0 201 - python-swiftclient-3.11.1 gAAAAABpXNd_qBc0... 16 - - tx2ac9e32230724a72b5fc0-00695cd83d - 0.0117 - - 1767692349.438295364 1767692349.450019360 0
Jan 6 09:39:09 standalone container-server[121810]: 172.20.0.100 - - [06/Jan/2026:09:39:09 +0000] "PUT /d1/233/AUTH_c3584fad902c4095b48f95aff5c97c86/gnocchi.54c2dcb9-db59-4bee-a022-d9b9849c6de2/none_v3" 201 - "PUT http://localhost:8080/d1/42/AUTH_c3584fad902c4095b48f95aff5c97c86/gnocchi.54c2dcb9-db59-4bee-a022-d9b9849c6de2/none_v3" "txcb44343d339f4a5dbb170-00695cd83d" "object-server 23" 0.0003 "-" 14 0
Jan 6 09:39:09 standalone object-server[121994]: 172.20.0.100 - - [06/Jan/2026:09:39:09 +0000] "PUT /d1/42/AUTH_c3584fad902c4095b48f95aff5c97c86/gnocchi.54c2dcb9-db59-4bee-a022-d9b9849c6de2/none_v3" 201 - "PUT http://localhost:8080/v1/AUTH_c3584fad902c4095b48f95aff5c97c86/gnocchi.54c2dcb9-db59-4bee-a022-d9b9849c6de2/none_v3" "txcb44343d339f4a5dbb170-00695cd83d" "proxy-server 12" 0.0081 "-" 23 0
Jan 6 09:39:09 standalone proxy-server[123936]: 172.18.0.2 ::1 06/Jan/2026/09/39/09 PUT /v1/AUTH_c3584fad902c4095b48f95aff5c97c86/gnocchi.54c2dcb9-db59-4bee-a022-d9b9849c6de2/none_v3 HTTP/1.0 201 - python-swiftclient-3.11.1 gAAAAABpXNd_qBc0... 22 - - txcb44343d339f4a5dbb170-00695cd83d - 0.0114 - - 1767692349.452356577 1767692349.463732004 0
Jan 6 09:39:09 standalone container-server[121810]: 172.20.0.100 - - [06/Jan/2026:09:39:09 +0000] "HEAD /d1/767/AUTH_c3584fad902c4095b48f95aff5c97c86/gnocchi.82b66a0d-2aac-45ea-bf14-9e99349f01c4" 404 - "HEAD http://localhost:8080/v1/AUTH_c3584fad902c4095b48f95aff5c97c86/gnocchi.82b66a0d-2aac-45ea-bf14-9e99349f01c4?format=json&states=listing" "txb18580e0479d4c3ab277b-00695cd83d" "proxy-server 12" 0.0006 "-" 14 0
Jan 6 09:39:09 standalone object-server[121997]: 172.20.0.100 - - [06/Jan/2026:09:39:09 +0000] "GET /d1/1017/AUTH_c3584fad902c4095b48f95aff5c97c86/gnocchi.82b66a0d-2aac-45ea-bf14-9e99349f01c4/none_v3" 404 70 "GET http://localhost:8080/v1/AUTH_c3584fad902c4095b48f95aff5c97c86/gnocchi.82b66a0d-2aac-45ea-bf14-9e99349f01c4/none_v3" "txb18580e0479d4c3ab277b-00695cd83d" "proxy-server 12" 0.0007 "-" 25 0
Jan 6 09:39:09 standalone proxy-server[123936]: 172.18.0.2 ::1 06/Jan/2026/09/39/09 GET /v1/AUTH_c3584fad902c4095b48f95aff5c97c86/gnocchi.82b66a0d-2aac-45ea-bf14-9e99349f01c4/none_v3 HTTP/1.0 404 - python-swiftclient-3.11.1 gAAAAABpXNd_qBc0... - 70 - txb18580e0479d4c3ab277b-00695cd83d - 0.0097 - - 1767692349.480727196 1767692349.490472794 0
Jan 6 09:39:09 standalone account-server[121775]: 172.20.0.100 - - [06/Jan/2026:09:39:09 +0000] "PUT /d1/389/AUTH_c3584fad902c4095b48f95aff5c97c86/gnocchi.82b66a0d-2aac-45ea-bf14-9e99349f01c4" 201 - "PUT http://172.20.0.100:6001/d1/767/AUTH_c3584fad902c4095b48f95aff5c97c86/gnocchi.82b66a0d-2aac-45ea-bf14-9e99349f01c4" "tx6c8d83fdb496432ca7f75-00695cd83d" "container-server 15" 0.0061 "-" 16 0
Jan 6 09:39:09 standalone container-server[121811]: 172.20.0.100 - - [06/Jan/2026:09:39:09 +0000] "PUT /d1/767/AUTH_c3584fad902c4095b48f95aff5c97c86/gnocchi.82b66a0d-2aac-45ea-bf14-9e99349f01c4" 201 - "PUT http://localhost:8080/v1/AUTH_c3584fad902c4095b48f95aff5c97c86/gnocchi.82b66a0d-2aac-45ea-bf14-9e99349f01c4" "tx6c8d83fdb496432ca7f75-00695cd83d" "proxy-server 12" 0.0228 "-" 15 0
Jan 6 09:39:09 standalone proxy-server[123936]: 172.18.0.2 ::1 06/Jan/2026/09/39/09 PUT /v1/AUTH_c3584fad902c4095b48f95aff5c97c86/gnocchi.82b66a0d-2aac-45ea-bf14-9e99349f01c4 HTTP/1.0 201 - python-swiftclient-3.11.1 gAAAAABpXNd_qBc0... - - - tx6c8d83fdb496432ca7f75-00695cd83d - 0.0311 - - 1767692349.495471001 1767692349.526546001 0
Jan 6 09:39:09 standalone container-server[121839]: 172.20.0.100 - - [06/Jan/2026:09:39:09 +0000] "HEAD /d1/767/AUTH_c3584fad902c4095b48f95aff5c97c86/gnocchi.82b66a0d-2aac-45ea-bf14-9e99349f01c4" 204 - "HEAD http://localhost:8080/v1/AUTH_c3584fad902c4095b48f95aff5c97c86/gnocchi.82b66a0d-2aac-45ea-bf14-9e99349f01c4?format=json&states=listing" "txef570c89450a418599a75-00695cd83d" "proxy-server 12" 0.0024 "-" 17 0
Jan 6 09:39:09 standalone proxy-server[123936]: - - 06/Jan/2026/09/39/09 HEAD /v1/AUTH_c3584fad902c4095b48f95aff5c97c86/gnocchi.82b66a0d-2aac-45ea-bf14-9e99349f01c4%3Fformat%3Djson%26states%3Dlisting HTTP/1.0 204 - Swift - - - - txef570c89450a418599a75-00695cd83d - 0.0070 RL - 1767692349.533863306 1767692349.540862322 0
Jan 6 09:39:09 standalone container-server[121810]: 172.20.0.100 - - [06/Jan/2026:09:39:09 +0000] "GET /d1/767/AUTH_c3584fad902c4095b48f95aff5c97c86/gnocchi.82b66a0d-2aac-45ea-bf14-9e99349f01c4" 200 2 "GET http://localhost:8080/v1/AUTH_c3584fad902c4095b48f95aff5c97c86/gnocchi.82b66a0d-2aac-45ea-bf14-9e99349f01c4?format=json&states=listing" "txef570c89450a418599a75-00695cd83d" "proxy-server 12" 0.0037 "-" 14 0
Jan 6 09:39:09 standalone proxy-server[123936]: 172.18.0.2 ::1 06/Jan/2026/09/39/09 GET /v1/AUTH_c3584fad902c4095b48f95aff5c97c86/gnocchi.82b66a0d-2aac-45ea-bf14-9e99349f01c4%3Fformat%3Djson%26states%3Dlisting HTTP/1.0 200 - python-swiftclient-3.11.1 gAAAAABpXNd_qBc0... - 2 - txef570c89450a418599a75-00695cd83d - 0.0208 - - 1767692349.532458067 1767692349.553257465 0
Jan 6 09:39:09 standalone object-server[121994]: 172.20.0.100 - - [06/Jan/2026:09:39:09 +0000] "GET /d1/155/AUTH_c3584fad902c4095b48f95aff5c97c86/gnocchi.82b66a0d-2aac-45ea-bf14-9e99349f01c4/1766880000.0_mean_300.0_v3" 404 70 "GET http://localhost:8080/v1/AUTH_c3584fad902c4095b48f95aff5c97c86/gnocchi.82b66a0d-2aac-45ea-bf14-9e99349f01c4/1766880000.0_mean_300.0_v3" "tx1253c05b65db4ab29b103-00695cd83d" "proxy-server 12" 0.0006 "-" 23 0
Jan 6 09:39:09 standalone proxy-server[123936]: 172.18.0.2 ::1 06/Jan/2026/09/39/09 GET /v1/AUTH_c3584fad902c4095b48f95aff5c97c86/gnocchi.82b66a0d-2aac-45ea-bf14-9e99349f01c4/1766880000.0_mean_300.0_v3 HTTP/1.0 404 - python-swiftclient-3.11.1 gAAAAABpXNd_qBc0... - 70 - tx1253c05b65db4ab29b103-00695cd83d - 0.0092 - - 1767692349.560143709 1767692349.569302320 0
Jan 6 09:39:09 standalone container-server[121839]: 172.20.0.100 - - [06/Jan/2026:09:39:09 +0000] "PUT /d1/767/AUTH_c3584fad902c4095b48f95aff5c97c86/gnocchi.82b66a0d-2aac-45ea-bf14-9e99349f01c4/1766880000.0_mean_300.0_v3" 201 - "PUT http://localhost:8080/d1/155/AUTH_c3584fad902c4095b48f95aff5c97c86/gnocchi.82b66a0d-2aac-45ea-bf14-9e99349f01c4/1766880000.0_mean_300.0_v3" "txb90ab2d5edde4ae38d53d-00695cd83d" "object-server 25" 0.0008 "-" 17 0
Jan 6 09:39:09 standalone object-server[121997]: 172.20.0.100 - - [06/Jan/2026:09:39:09 +0000] "PUT /d1/155/AUTH_c3584fad902c4095b48f95aff5c97c86/gnocchi.82b66a0d-2aac-45ea-bf14-9e99349f01c4/1766880000.0_mean_300.0_v3" 201 - "PUT http://localhost:8080/v1/AUTH_c3584fad902c4095b48f95aff5c97c86/gnocchi.82b66a0d-2aac-45ea-bf14-9e99349f01c4/1766880000.0_mean_300.0_v3" "txb90ab2d5edde4ae38d53d-00695cd83d" "proxy-server 12" 0.0105 "-" 25 0
Jan 6 09:39:09 standalone proxy-server[123936]: 172.18.0.2 ::1 06/Jan/2026/09/39/09 PUT /v1/AUTH_c3584fad902c4095b48f95aff5c97c86/gnocchi.82b66a0d-2aac-45ea-bf14-9e99349f01c4/1766880000.0_mean_300.0_v3 HTTP/1.0 201 - python-swiftclient-3.11.1 gAAAAABpXNd_qBc0... 16 - - txb90ab2d5edde4ae38d53d-00695cd83d - 0.0184 - - 1767692349.575545073 1767692349.593920946 0
Jan 6 09:39:09 standalone container-server[121810]: 172.20.0.100 - - [06/Jan/2026:09:39:09 +0000] "PUT /d1/767/AUTH_c3584fad902c4095b48f95aff5c97c86/gnocchi.82b66a0d-2aac-45ea-bf14-9e99349f01c4/none_v3" 201 - "PUT http://localhost:8080/d1/1017/AUTH_c3584fad902c4095b48f95aff5c97c86/gnocchi.82b66a0d-2aac-45ea-bf14-9e99349f01c4/none_v3" "tx92595a3c3ca14f5bad6bb-00695cd83d" "object-server 24" 0.0011 "-" 14 0
Jan 6 09:39:09 standalone object-server[121995]: 172.20.0.100 - - [06/Jan/2026:09:39:09 +0000] "PUT /d1/1017/AUTH_c3584fad902c4095b48f95aff5c97c86/gnocchi.82b66a0d-2aac-45ea-bf14-9e99349f01c4/none_v3" 201 - "PUT http://localhost:8080/v1/AUTH_c3584fad902c4095b48f95aff5c97c86/gnocchi.82b66a0d-2aac-45ea-bf14-9e99349f01c4/none_v3" "tx92595a3c3ca14f5bad6bb-00695cd83d" "proxy-server 12" 0.0117 "-" 24 0
Jan 6 09:39:09 standalone proxy-server[123936]: 172.18.0.2 ::1 06/Jan/2026/09/39/09 PUT /v1/AUTH_c3584fad902c4095b48f95aff5c97c86/gnocchi.82b66a0d-2aac-45ea-bf14-9e99349f01c4/none_v3 HTTP/1.0 201 - python-swiftclient-3.11.1 gAAAAABpXNd_qBc0... 22 - - tx92595a3c3ca14f5bad6bb-00695cd83d - 0.0194 - - 1767692349.606359959 1767692349.625799656 0
Jan 6 09:39:09 standalone container-server[121839]: 172.20.0.100 - - [06/Jan/2026:09:39:09 +0000] "HEAD /d1/858/AUTH_c3584fad902c4095b48f95aff5c97c86/gnocchi.2fef597a-b4e9-46bc-b282-6920f978d687" 404 - "HEAD http://localhost:8080/v1/AUTH_c3584fad902c4095b48f95aff5c97c86/gnocchi.2fef597a-b4e9-46bc-b282-6920f978d687?format=json&states=listing" "txd33de5d1e3c34d0bac9b0-00695cd83d" "proxy-server 12" 0.0006 "-" 17 0
Jan 6 09:39:09 standalone object-server[121995]: 172.20.0.100 - - [06/Jan/2026:09:39:09 +0000] "GET /d1/800/AUTH_c3584fad902c4095b48f95aff5c97c86/gnocchi.2fef597a-b4e9-46bc-b282-6920f978d687/none_v3" 404 70 "GET http://localhost:8080/v1/AUTH_c3584fad902c4095b48f95aff5c97c86/gnocchi.2fef597a-b4e9-46bc-b282-6920f978d687/none_v3" "txd33de5d1e3c34d0bac9b0-00695cd83d" "proxy-server 12" 0.0005 "-" 24 0
Jan 6 09:39:09 standalone proxy-server[123936]: 172.18.0.2 ::1 06/Jan/2026/09/39/09 GET /v1/AUTH_c3584fad902c4095b48f95aff5c97c86/gnocchi.2fef597a-b4e9-46bc-b282-6920f978d687/none_v3 HTTP/1.0 404 - python-swiftclient-3.11.1 gAAAAABpXNd_qBc0... - 70 - txd33de5d1e3c34d0bac9b0-00695cd83d - 0.0128 - - 1767692349.659777164 1767692349.672562599 0
Jan 6 09:39:09 standalone account-server[121775]: 172.20.0.100 - - [06/Jan/2026:09:39:09 +0000] "PUT /d1/389/AUTH_c3584fad902c4095b48f95aff5c97c86/gnocchi.2fef597a-b4e9-46bc-b282-6920f978d687" 201 - "PUT http://172.20.0.100:6001/d1/858/AUTH_c3584fad902c4095b48f95aff5c97c86/gnocchi.2fef597a-b4e9-46bc-b282-6920f978d687" "txddd69d5707ad4b9ea37e7-00695cd83d" "container-server 14" 0.0057 "-" 16 0
Jan 6 09:39:09 standalone container-server[121810]: 172.20.0.100 - - [06/Jan/2026:09:39:09 +0000] "PUT /d1/858/AUTH_c3584fad902c4095b48f95aff5c97c86/gnocchi.2fef597a-b4e9-46bc-b282-6920f978d687" 201 - "PUT http://localhost:8080/v1/AUTH_c3584fad902c4095b48f95aff5c97c86/gnocchi.2fef597a-b4e9-46bc-b282-6920f978d687" "txddd69d5707ad4b9ea37e7-00695cd83d" "proxy-server 12" 0.0209 "-" 14 0
Jan 6 09:39:09 standalone proxy-server[123936]: 172.18.0.2 ::1 06/Jan/2026/09/39/09 PUT /v1/AUTH_c3584fad902c4095b48f95aff5c97c86/gnocchi.2fef597a-b4e9-46bc-b282-6920f978d687 HTTP/1.0 201 - python-swiftclient-3.11.1 gAAAAABpXNd_qBc0... - - - txddd69d5707ad4b9ea37e7-00695cd83d - 0.0298 - - 1767692349.677822351 1767692349.707640409 0
Jan 6 09:39:09 standalone container-server[121839]: 172.20.0.100 - - [06/Jan/2026:09:39:09 +0000] "HEAD /d1/598/AUTH_c3584fad902c4095b48f95aff5c97c86/gnocchi.44d5853c-5977-4ab1-9ef2-55af6e73ec87" 404 - "HEAD http://localhost:8080/v1/AUTH_c3584fad902c4095b48f95aff5c97c86/gnocchi.44d5853c-5977-4ab1-9ef2-55af6e73ec87?format=json&states=listing" "tx0af3565b7698440f83bb7-00695cd83d" "proxy-server 12" 0.0007 "-" 17 0
Jan 6 09:39:09 standalone object-server[121994]: 172.20.0.100 - - [06/Jan/2026:09:39:09 +0000] "GET /d1/509/AUTH_c3584fad902c4095b48f95aff5c97c86/gnocchi.44d5853c-5977-4ab1-9ef2-55af6e73ec87/none_v3" 404 70 "GET http://localhost:8080/v1/AUTH_c3584fad902c4095b48f95aff5c97c86/gnocchi.44d5853c-5977-4ab1-9ef2-55af6e73ec87/none_v3" "tx0af3565b7698440f83bb7-00695cd83d" "proxy-server 12" 0.0006 "-" 23 0
Jan 6 09:39:09 standalone proxy-server[123936]: 172.18.0.2 ::1 06/Jan/2026/09/39/09 GET /v1/AUTH_c3584fad902c4095b48f95aff5c97c86/gnocchi.44d5853c-5977-4ab1-9ef2-55af6e73ec87/none_v3 HTTP/1.0 404 - python-swiftclient-3.11.1 gAAAAABpXNd_qBc0... - 70 - tx0af3565b7698440f83bb7-00695cd83d - 0.0162 - - 1767692349.713397503 1767692349.729608297 0
Jan 6 09:39:09 standalone account-server[121762]: 172.20.0.100 - - [06/Jan/2026:09:39:09 +0000] "PUT /d1/389/AUTH_c3584fad902c4095b48f95aff5c97c86/gnocchi.44d5853c-5977-4ab1-9ef2-55af6e73ec87" 201 - "PUT http://172.20.0.100:6001/d1/598/AUTH_c3584fad902c4095b48f95aff5c97c86/gnocchi.44d5853c-5977-4ab1-9ef2-55af6e73ec87" "tx9a2302f6b63f4994bf7c1-00695cd83d" "container-server 14" 0.0057 "-" 14 0
Jan 6 09:39:09 standalone container-server[121810]: 172.20.0.100 - - [06/Jan/2026:09:39:09 +0000] "PUT /d1/598/AUTH_c3584fad902c4095b48f95aff5c97c86/gnocchi.44d5853c-5977-4ab1-9ef2-55af6e73ec87" 201 - "PUT http://localhost:8080/v1/AUTH_c3584fad902c4095b48f95aff5c97c86/gnocchi.44d5853c-5977-4ab1-9ef2-55af6e73ec87" "tx9a2302f6b63f4994bf7c1-00695cd83d" "proxy-server 12" 0.0180 "-" 14 0
Jan 6 09:39:09 standalone proxy-server[123936]: 172.18.0.2 ::1 06/Jan/2026/09/39/09 PUT /v1/AUTH_c3584fad902c4095b48f95aff5c97c86/gnocchi.44d5853c-5977-4ab1-9ef2-55af6e73ec87 HTTP/1.0 201 - python-swiftclient-3.11.1 gAAAAABpXNd_qBc0... - - - tx9a2302f6b63f4994bf7c1-00695cd83d - 0.0263 - - 1767692349.735508919 1767692349.761826038 0
Jan 6 09:39:09 standalone container-server[121822]: 172.20.0.100 - - [06/Jan/2026:09:39:09 +0000] "HEAD /d1/858/AUTH_c3584fad902c4095b48f95aff5c97c86/gnocchi.2fef597a-b4e9-46bc-b282-6920f978d687" 204 - "HEAD http://localhost:8080/v1/AUTH_c3584fad902c4095b48f95aff5c97c86/gnocchi.2fef597a-b4e9-46bc-b282-6920f978d687?format=json&states=listing" "tx0f07bfdb49e94d06aea49-00695cd83d" "proxy-server 12" 0.0028 "-" 16 0
Jan 6 09:39:09 standalone proxy-server[123936]: - - 06/Jan/2026/09/39/09 HEAD /v1/AUTH_c3584fad902c4095b48f95aff5c97c86/gnocchi.2fef597a-b4e9-46bc-b282-6920f978d687%3Fformat%3Djson%26states%3Dlisting HTTP/1.0 204 - Swift - - - - tx0f07bfdb49e94d06aea49-00695cd83d - 0.0083 RL - 1767692349.770019293 1767692349.778294086 0
Jan 6 09:39:09 standalone container-server[121839]: 172.20.0.100 - - [06/Jan/2026:09:39:09 +0000] "GET /d1/858/AUTH_c3584fad902c4095b48f95aff5c97c86/gnocchi.2fef597a-b4e9-46bc-b282-6920f978d687" 200 2 "GET http://localhost:8080/v1/AUTH_c3584fad902c4095b48f95aff5c97c86/gnocchi.2fef597a-b4e9-46bc-b282-6920f978d687?format=json&states=listing" "tx0f07bfdb49e94d06aea49-00695cd83d" "proxy-server 12" 0.0036 "-" 17 0
Jan 6 09:39:09 standalone proxy-server[123936]: 172.18.0.2 ::1 06/Jan/2026/09/39/09 GET /v1/AUTH_c3584fad902c4095b48f95aff5c97c86/gnocchi.2fef597a-b4e9-46bc-b282-6920f978d687%3Fformat%3Djson%26states%3Dlisting HTTP/1.0 200 - python-swiftclient-3.11.1 gAAAAABpXNd_qBc0... - 2 - tx0f07bfdb49e94d06aea49-00695cd83d - 0.0228 - - 1767692349.768289804 1767692349.791071892 0
Jan 6 09:39:09 standalone container-server[121810]: 172.20.0.100 - - [06/Jan/2026:09:39:09 +0000] "HEAD /d1/598/AUTH_c3584fad902c4095b48f95aff5c97c86/gnocchi.44d5853c-5977-4ab1-9ef2-55af6e73ec87" 204 - "HEAD http://localhost:8080/v1/AUTH_c3584fad902c4095b48f95aff5c97c86/gnocchi.44d5853c-5977-4ab1-9ef2-55af6e73ec87?format=json&states=listing" "tx6b0c370f9a41479aaeb4f-00695cd83d" "proxy-server 12" 0.0020 "-" 14 0
Jan 6 09:39:09 standalone proxy-server[123936]: - - 06/Jan/2026/09/39/09 HEAD /v1/AUTH_c3584fad902c4095b48f95aff5c97c86/gnocchi.44d5853c-5977-4ab1-9ef2-55af6e73ec87%3Fformat%3Djson%26states%3Dlisting HTTP/1.0 204 - Swift - - - - tx6b0c370f9a41479aaeb4f-00695cd83d - 0.0069 RL - 1767692349.799684763 1767692349.806561708 0
Jan 6 09:39:09 standalone container-server[121822]: 172.20.0.100 - - [06/Jan/2026:09:39:09 +0000] "GET /d1/598/AUTH_c3584fad902c4095b48f95aff5c97c86/gnocchi.44d5853c-5977-4ab1-9ef2-55af6e73ec87" 200 2 "GET http://localhost:8080/v1/AUTH_c3584fad902c4095b48f95aff5c97c86/gnocchi.44d5853c-5977-4ab1-9ef2-55af6e73ec87?format=json&states=listing" "tx6b0c370f9a41479aaeb4f-00695cd83d" "proxy-server 12" 0.0022 "-" 16 0
Jan 6 09:39:09 standalone proxy-server[123936]: 172.18.0.2 ::1 06/Jan/2026/09/39/09 GET /v1/AUTH_c3584fad902c4095b48f95aff5c97c86/gnocchi.44d5853c-5977-4ab1-9ef2-55af6e73ec87%3Fformat%3Djson%26states%3Dlisting HTTP/1.0 200 - python-swiftclient-3.11.1 gAAAAABpXNd_qBc0... - 2 - tx6b0c370f9a41479aaeb4f-00695cd83d - 0.0189 - - 1767692349.798059225 1767692349.816911459 0
Jan 6 09:39:09 standalone object-server[121997]: 172.20.0.100 - - [06/Jan/2026:09:39:09 +0000] "GET /d1/427/AUTH_c3584fad902c4095b48f95aff5c97c86/gnocchi.2fef597a-b4e9-46bc-b282-6920f978d687/1766880000.0_mean_300.0_v3" 404 70 "GET http://localhost:8080/v1/AUTH_c3584fad902c4095b48f95aff5c97c86/gnocchi.2fef597a-b4e9-46bc-b282-6920f978d687/1766880000.0_mean_300.0_v3" "tx43c48d5141da448c999e5-00695cd83d" "proxy-server 12" 0.0005 "-" 25 0
Jan 6 09:39:09 standalone proxy-server[123936]: 172.18.0.2 ::1 06/Jan/2026/09/39/09 GET /v1/AUTH_c3584fad902c4095b48f95aff5c97c86/gnocchi.2fef597a-b4e9-46bc-b282-6920f978d687/1766880000.0_mean_300.0_v3 HTTP/1.0 404 - python-swiftclient-3.11.1 gAAAAABpXNd_qBc0... - 70 - tx43c48d5141da448c999e5-00695cd83d - 0.0082 - - 1767692349.823350430 1767692349.831528187 0
Jan 6 09:39:09 standalone object-server[121993]: 172.20.0.100 - - [06/Jan/2026:09:39:09 +0000] "GET /d1/947/AUTH_c3584fad902c4095b48f95aff5c97c86/gnocchi.44d5853c-5977-4ab1-9ef2-55af6e73ec87/1766880000.0_mean_300.0_v3" 404 70 "GET http://localhost:8080/v1/AUTH_c3584fad902c4095b48f95aff5c97c86/gnocchi.44d5853c-5977-4ab1-9ef2-55af6e73ec87/1766880000.0_mean_300.0_v3" "tx1ba19fd83ae641ff8e2ec-00695cd83d" "proxy-server 12" 0.0013 "-" 22 0
Jan 6 09:39:09 standalone proxy-server[123936]: 172.18.0.2 ::1 06/Jan/2026/09/39/09 GET /v1/AUTH_c3584fad902c4095b48f95aff5c97c86/gnocchi.44d5853c-5977-4ab1-9ef2-55af6e73ec87/1766880000.0_mean_300.0_v3 HTTP/1.0 404 - python-swiftclient-3.11.1 gAAAAABpXNd_qBc0... - 70 - tx1ba19fd83ae641ff8e2ec-00695cd83d - 0.0092 - - 1767692349.836266041 1767692349.845417023 0
Jan 6 09:39:09 standalone container-server[121822]: 172.20.0.100 - - [06/Jan/2026:09:39:09 +0000] "PUT /d1/858/AUTH_c3584fad902c4095b48f95aff5c97c86/gnocchi.2fef597a-b4e9-46bc-b282-6920f978d687/1766880000.0_mean_300.0_v3" 201 - "PUT http://localhost:8080/d1/427/AUTH_c3584fad902c4095b48f95aff5c97c86/gnocchi.2fef597a-b4e9-46bc-b282-6920f978d687/1766880000.0_mean_300.0_v3" "txbaa511e9a8c1432b864a0-00695cd83d" "object-server 24" 0.0016 "-" 16 0
Jan 6 09:39:09 standalone object-server[121995]: 172.20.0.100 - - [06/Jan/2026:09:39:09 +0000] "PUT /d1/427/AUTH_c3584fad902c4095b48f95aff5c97c86/gnocchi.2fef597a-b4e9-46bc-b282-6920f978d687/1766880000.0_mean_300.0_v3" 201 - "PUT http://localhost:8080/v1/AUTH_c3584fad902c4095b48f95aff5c97c86/gnocchi.2fef597a-b4e9-46bc-b282-6920f978d687/1766880000.0_mean_300.0_v3" "txbaa511e9a8c1432b864a0-00695cd83d" "proxy-server 12" 0.0129 "-" 24 0
Jan 6 09:39:09 standalone proxy-server[123936]: 172.18.0.2 ::1 06/Jan/2026/09/39/09 PUT /v1/AUTH_c3584fad902c4095b48f95aff5c97c86/gnocchi.2fef597a-b4e9-46bc-b282-6920f978d687/1766880000.0_mean_300.0_v3 HTTP/1.0 201 - python-swiftclient-3.11.1 gAAAAABpXNd_qBc0... 16 - - txbaa511e9a8c1432b864a0-00695cd83d - 0.0225 - - 1767692349.852019787 1767692349.874537468 0
Jan 6 09:39:09 standalone container-server[121810]: 172.20.0.100 - - [06/Jan/2026:09:39:09 +0000] "PUT /d1/598/AUTH_c3584fad902c4095b48f95aff5c97c86/gnocchi.44d5853c-5977-4ab1-9ef2-55af6e73ec87/1766880000.0_mean_300.0_v3" 201 - "PUT http://localhost:8080/d1/947/AUTH_c3584fad902c4095b48f95aff5c97c86/gnocchi.44d5853c-5977-4ab1-9ef2-55af6e73ec87/1766880000.0_mean_300.0_v3" "tx058aac7d479d442e84f17-00695cd83d" "object-server 22" 0.0010 "-" 14 0
Jan 6 09:39:09 standalone object-server[121993]: 172.20.0.100 - - [06/Jan/2026:09:39:09 +0000] "PUT /d1/947/AUTH_c3584fad902c4095b48f95aff5c97c86/gnocchi.44d5853c-5977-4ab1-9ef2-55af6e73ec87/1766880000.0_mean_300.0_v3" 201 - "PUT http://localhost:8080/v1/AUTH_c3584fad902c4095b48f95aff5c97c86/gnocchi.44d5853c-5977-4ab1-9ef2-55af6e73ec87/1766880000.0_mean_300.0_v3" "tx058aac7d479d442e84f17-00695cd83d" "proxy-server 12" 0.0129 "-" 22 0
Jan 6 09:39:09 standalone proxy-server[123936]: 172.18.0.2 ::1 06/Jan/2026/09/39/09 PUT /v1/AUTH_c3584fad902c4095b48f95aff5c97c86/gnocchi.44d5853c-5977-4ab1-9ef2-55af6e73ec87/1766880000.0_mean_300.0_v3 HTTP/1.0 201 - python-swiftclient-3.11.1 gAAAAABpXNd_qBc0... 16 - - tx058aac7d479d442e84f17-00695cd83d - 0.0218 - - 1767692349.879971981 1767692349.901724100 0
Jan 6 09:39:09 standalone container-server[121811]: 172.20.0.100 - - [06/Jan/2026:09:39:09 +0000] "PUT /d1/858/AUTH_c3584fad902c4095b48f95aff5c97c86/gnocchi.2fef597a-b4e9-46bc-b282-6920f978d687/none_v3" 201 - "PUT http://localhost:8080/d1/800/AUTH_c3584fad902c4095b48f95aff5c97c86/gnocchi.2fef597a-b4e9-46bc-b282-6920f978d687/none_v3" "tx42c9d99dd5e84e0396572-00695cd83d" "object-server 23" 0.0007 "-" 15 0
Jan 6 09:39:09 standalone object-server[121994]: 172.20.0.100 - - [06/Jan/2026:09:39:09 +0000] "PUT /d1/800/AUTH_c3584fad902c4095b48f95aff5c97c86/gnocchi.2fef597a-b4e9-46bc-b282-6920f978d687/none_v3" 201 - "PUT http://localhost:8080/v1/AUTH_c3584fad902c4095b48f95aff5c97c86/gnocchi.2fef597a-b4e9-46bc-b282-6920f978d687/none_v3" "tx42c9d99dd5e84e0396572-00695cd83d" "proxy-server 12" 0.0094 "-" 23 0
Jan 6 09:39:09 standalone proxy-server[123936]: 172.18.0.2 ::1 06/Jan/2026/09/39/09 PUT /v1/AUTH_c3584fad902c4095b48f95aff5c97c86/gnocchi.2fef597a-b4e9-46bc-b282-6920f978d687/none_v3 HTTP/1.0 201 - python-swiftclient-3.11.1 gAAAAABpXNd_qBc0... 22 - - tx42c9d99dd5e84e0396572-00695cd83d - 0.0174 - - 1767692349.907652855 1767692349.925020695 0
Jan 6 09:39:09 standalone container-server[121839]: 172.20.0.100 - - [06/Jan/2026:09:39:09 +0000] "PUT /d1/598/AUTH_c3584fad902c4095b48f95aff5c97c86/gnocchi.44d5853c-5977-4ab1-9ef2-55af6e73ec87/none_v3" 201 - "PUT http://localhost:8080/d1/509/AUTH_c3584fad902c4095b48f95aff5c97c86/gnocchi.44d5853c-5977-4ab1-9ef2-55af6e73ec87/none_v3" "tx475cac491d5049b4a08d4-00695cd83d" "object-server 24" 0.0008 "-" 17 0
Jan 6 09:39:09 standalone object-server[121995]: 172.20.0.100 - - [06/Jan/2026:09:39:09 +0000] "PUT /d1/509/AUTH_c3584fad902c4095b48f95aff5c97c86/gnocchi.44d5853c-5977-4ab1-9ef2-55af6e73ec87/none_v3" 201 - "PUT http://localhost:8080/v1/AUTH_c3584fad902c4095b48f95aff5c97c86/gnocchi.44d5853c-5977-4ab1-9ef2-55af6e73ec87/none_v3" "tx475cac491d5049b4a08d4-00695cd83d" "proxy-server 12" 0.0102 "-" 24 0
Jan 6 09:39:09 standalone proxy-server[123936]: 172.18.0.2 ::1 06/Jan/2026/09/39/09 PUT /v1/AUTH_c3584fad902c4095b48f95aff5c97c86/gnocchi.44d5853c-5977-4ab1-9ef2-55af6e73ec87/none_v3 HTTP/1.0 201 - python-swiftclient-3.11.1 gAAAAABpXNd_qBc0... 22 - - tx475cac491d5049b4a08d4-00695cd83d - 0.0184 - - 1767692349.931159496 1767692349.949509859 0
Jan 6 09:39:09 standalone container-server[121810]: 172.20.0.100 - - [06/Jan/2026:09:39:09 +0000] "HEAD /d1/990/AUTH_c3584fad902c4095b48f95aff5c97c86/gnocchi.ecd19bd5-8be3-4aea-bcf1-3fe0fc3cb18c" 404 - "HEAD http://localhost:8080/v1/AUTH_c3584fad902c4095b48f95aff5c97c86/gnocchi.ecd19bd5-8be3-4aea-bcf1-3fe0fc3cb18c?format=json&states=listing" "tx1320aa39236549ff9068a-00695cd83d" "proxy-server 12" 0.0005 "-" 14 0
Jan 6 09:39:09 standalone object-server[121995]: 172.20.0.100 - - [06/Jan/2026:09:39:09 +0000] "GET /d1/241/AUTH_c3584fad902c4095b48f95aff5c97c86/gnocchi.ecd19bd5-8be3-4aea-bcf1-3fe0fc3cb18c/none_v3" 404 70 "GET http://localhost:8080/v1/AUTH_c3584fad902c4095b48f95aff5c97c86/gnocchi.ecd19bd5-8be3-4aea-bcf1-3fe0fc3cb18c/none_v3" "tx1320aa39236549ff9068a-00695cd83d" "proxy-server 12" 0.0005 "-" 24 0
Jan 6 09:39:09 standalone proxy-server[123936]: 172.18.0.2 ::1 06/Jan/2026/09/39/09 GET /v1/AUTH_c3584fad902c4095b48f95aff5c97c86/gnocchi.ecd19bd5-8be3-4aea-bcf1-3fe0fc3cb18c/none_v3 HTTP/1.0 404 - python-swiftclient-3.11.1 gAAAAABpXNd_qBc0... - 70 - tx1320aa39236549ff9068a-00695cd83d - 0.0125 - - 1767692349.974161148 1767692349.986614704 0
Jan 6 09:39:10 standalone account-server[121762]: 172.20.0.100 - - [06/Jan/2026:09:39:10 +0000] "PUT /d1/389/AUTH_c3584fad902c4095b48f95aff5c97c86/gnocchi.ecd19bd5-8be3-4aea-bcf1-3fe0fc3cb18c" 201 - "PUT http://172.20.0.100:6001/d1/990/AUTH_c3584fad902c4095b48f95aff5c97c86/gnocchi.ecd19bd5-8be3-4aea-bcf1-3fe0fc3cb18c" "txf909e8b574134907b35c1-00695cd83d" "container-server 16" 0.0056 "-" 14 0
Jan 6 09:39:10 standalone container-server[121822]: 172.20.0.100 - - [06/Jan/2026:09:39:10 +0000] "PUT /d1/990/AUTH_c3584fad902c4095b48f95aff5c97c86/gnocchi.ecd19bd5-8be3-4aea-bcf1-3fe0fc3cb18c" 201 - "PUT http://localhost:8080/v1/AUTH_c3584fad902c4095b48f95aff5c97c86/gnocchi.ecd19bd5-8be3-4aea-bcf1-3fe0fc3cb18c" "txf909e8b574134907b35c1-00695cd83d" "proxy-server 12" 0.0179 "-" 16 0
Jan 6 09:39:10 standalone proxy-server[123936]: 172.18.0.2 ::1 06/Jan/2026/09/39/10 PUT /v1/AUTH_c3584fad902c4095b48f95aff5c97c86/gnocchi.ecd19bd5-8be3-4aea-bcf1-3fe0fc3cb18c HTTP/1.0 201 - python-swiftclient-3.11.1 gAAAAABpXNd_qBc0... - - - txf909e8b574134907b35c1-00695cd83d - 0.0239 - - 1767692349.991294384 1767692350.015183210 0
Jan 6 09:39:10 standalone container-server[121810]: 172.20.0.100 - - [06/Jan/2026:09:39:10 +0000] "HEAD /d1/990/AUTH_c3584fad902c4095b48f95aff5c97c86/gnocchi.ecd19bd5-8be3-4aea-bcf1-3fe0fc3cb18c" 204 - "HEAD http://localhost:8080/v1/AUTH_c3584fad902c4095b48f95aff5c97c86/gnocchi.ecd19bd5-8be3-4aea-bcf1-3fe0fc3cb18c?format=json&states=listing" "tx28db448c67264547b1a87-00695cd83e" "proxy-server 12" 0.0025 "-" 14 0
Jan 6 09:39:10 standalone proxy-server[123936]: - - 06/Jan/2026/09/39/10 HEAD /v1/AUTH_c3584fad902c4095b48f95aff5c97c86/gnocchi.ecd19bd5-8be3-4aea-bcf1-3fe0fc3cb18c%3Fformat%3Djson%26states%3Dlisting HTTP/1.0 204 - Swift - - - - tx28db448c67264547b1a87-00695cd83e - 0.0063 RL - 1767692350.022058249 1767692350.028352499 0
Jan 6 09:39:10 standalone container-server[121811]: 172.20.0.100 - - [06/Jan/2026:09:39:10 +0000] "GET /d1/990/AUTH_c3584fad902c4095b48f95aff5c97c86/gnocchi.ecd19bd5-8be3-4aea-bcf1-3fe0fc3cb18c" 200 2 "GET http://localhost:8080/v1/AUTH_c3584fad902c4095b48f95aff5c97c86/gnocchi.ecd19bd5-8be3-4aea-bcf1-3fe0fc3cb18c?format=json&states=listing" "tx28db448c67264547b1a87-00695cd83e" "proxy-server 12" 0.0037 "-" 15 0
Jan 6 09:39:10 standalone proxy-server[123936]: 172.18.0.2 ::1 06/Jan/2026/09/39/10 GET /v1/AUTH_c3584fad902c4095b48f95aff5c97c86/gnocchi.ecd19bd5-8be3-4aea-bcf1-3fe0fc3cb18c%3Fformat%3Djson%26states%3Dlisting HTTP/1.0 200 - python-swiftclient-3.11.1 gAAAAABpXNd_qBc0... - 2 - tx28db448c67264547b1a87-00695cd83e - 0.0178 - - 1767692350.020943403 1767692350.038730145 0
Jan 6 09:39:10 standalone object-server[121994]: 172.20.0.100 - - [06/Jan/2026:09:39:10 +0000] "GET /d1/192/AUTH_c3584fad902c4095b48f95aff5c97c86/gnocchi.ecd19bd5-8be3-4aea-bcf1-3fe0fc3cb18c/1766880000.0_mean_300.0_v3" 404 70 "GET http://localhost:8080/v1/AUTH_c3584fad902c4095b48f95aff5c97c86/gnocchi.ecd19bd5-8be3-4aea-bcf1-3fe0fc3cb18c/1766880000.0_mean_300.0_v3" "txc2ccecc21ec9467ca50be-00695cd83e" "proxy-server 12" 0.0005 "-" 23 0
Jan 6 09:39:10 standalone proxy-server[123936]: 172.18.0.2 ::1 06/Jan/2026/09/39/10 GET /v1/AUTH_c3584fad902c4095b48f95aff5c97c86/gnocchi.ecd19bd5-8be3-4aea-bcf1-3fe0fc3cb18c/1766880000.0_mean_300.0_v3 HTTP/1.0 404 - python-swiftclient-3.11.1 gAAAAABpXNd_qBc0... - 70 - txc2ccecc21ec9467ca50be-00695cd83e - 0.0062 - - 1767692350.045026779 1767692350.051249504 0
Jan 6 09:39:10 standalone container-server[121811]: 172.20.0.100 - - [06/Jan/2026:09:39:10 +0000] "PUT /d1/990/AUTH_c3584fad902c4095b48f95aff5c97c86/gnocchi.ecd19bd5-8be3-4aea-bcf1-3fe0fc3cb18c/1766880000.0_mean_300.0_v3" 201 - "PUT http://localhost:8080/d1/192/AUTH_c3584fad902c4095b48f95aff5c97c86/gnocchi.ecd19bd5-8be3-4aea-bcf1-3fe0fc3cb18c/1766880000.0_mean_300.0_v3" "txfdd22d02e61347e994ec6-00695cd83e" "object-server 24" 0.0012 "-" 15 0
Jan 6 09:39:10 standalone object-server[121995]: 172.20.0.100 - - [06/Jan/2026:09:39:10 +0000] "PUT /d1/192/AUTH_c3584fad902c4095b48f95aff5c97c86/gnocchi.ecd19bd5-8be3-4aea-bcf1-3fe0fc3cb18c/1766880000.0_mean_300.0_v3" 201 - "PUT http://localhost:8080/v1/AUTH_c3584fad902c4095b48f95aff5c97c86/gnocchi.ecd19bd5-8be3-4aea-bcf1-3fe0fc3cb18c/1766880000.0_mean_300.0_v3" "txfdd22d02e61347e994ec6-00695cd83e" "proxy-server 12" 0.0119 "-" 24 0
Jan 6 09:39:10 standalone proxy-server[123936]: 172.18.0.2 ::1 06/Jan/2026/09/39/10 PUT /v1/AUTH_c3584fad902c4095b48f95aff5c97c86/gnocchi.ecd19bd5-8be3-4aea-bcf1-3fe0fc3cb18c/1766880000.0_mean_300.0_v3 HTTP/1.0 201 - python-swiftclient-3.11.1 gAAAAABpXNd_qBc0... 16 - - txfdd22d02e61347e994ec6-00695cd83e - 0.0182 - - 1767692350.055674791 1767692350.073899031 0
Jan 6 09:39:10 standalone container-server[121811]: 172.20.0.100 - - [06/Jan/2026:09:39:10 +0000] "PUT /d1/990/AUTH_c3584fad902c4095b48f95aff5c97c86/gnocchi.ecd19bd5-8be3-4aea-bcf1-3fe0fc3cb18c/none_v3" 201 - "PUT http://localhost:8080/d1/241/AUTH_c3584fad902c4095b48f95aff5c97c86/gnocchi.ecd19bd5-8be3-4aea-bcf1-3fe0fc3cb18c/none_v3" "tx3c87772ed48f432da6e2d-00695cd83e" "object-server 25" 0.0009 "-" 15 0
Jan 6 09:39:10 standalone object-server[121997]: 172.20.0.100 - - [06/Jan/2026:09:39:10 +0000] "PUT /d1/241/AUTH_c3584fad902c4095b48f95aff5c97c86/gnocchi.ecd19bd5-8be3-4aea-bcf1-3fe0fc3cb18c/none_v3" 201 - "PUT http://localhost:8080/v1/AUTH_c3584fad902c4095b48f95aff5c97c86/gnocchi.ecd19bd5-8be3-4aea-bcf1-3fe0fc3cb18c/none_v3" "tx3c87772ed48f432da6e2d-00695cd83e" "proxy-server 12" 0.0177 "-" 25 0
Jan 6 09:39:10 standalone proxy-server[123936]: 172.18.0.2 ::1 06/Jan/2026/09/39/10 PUT /v1/AUTH_c3584fad902c4095b48f95aff5c97c86/gnocchi.ecd19bd5-8be3-4aea-bcf1-3fe0fc3cb18c/none_v3 HTTP/1.0 201 - python-swiftclient-3.11.1 gAAAAABpXNd_qBc0... 22 - - tx3c87772ed48f432da6e2d-00695cd83e - 0.0247 - - 1767692350.079373598 1767692350.104039669 0
Jan 6 09:39:10 standalone container-server[121822]: 172.20.0.100 - - [06/Jan/2026:09:39:10 +0000] "HEAD /d1/647/AUTH_c3584fad902c4095b48f95aff5c97c86/gnocchi.a17aace7-8c2b-4b08-a84c-d38fe068d298" 404 - "HEAD http://localhost:8080/v1/AUTH_c3584fad902c4095b48f95aff5c97c86/gnocchi.a17aace7-8c2b-4b08-a84c-d38fe068d298?format=json&states=listing" "tx0a7f373ab5fc43c18ff0b-00695cd83e" "proxy-server 12" 0.0008 "-" 16 0
Jan 6 09:39:10 standalone object-server[121997]: 172.20.0.100 - - [06/Jan/2026:09:39:10 +0000] "GET /d1/769/AUTH_c3584fad902c4095b48f95aff5c97c86/gnocchi.a17aace7-8c2b-4b08-a84c-d38fe068d298/none_v3" 404 70 "GET http://localhost:8080/v1/AUTH_c3584fad902c4095b48f95aff5c97c86/gnocchi.a17aace7-8c2b-4b08-a84c-d38fe068d298/none_v3" "tx0a7f373ab5fc43c18ff0b-00695cd83e" "proxy-server 12" 0.0006 "-" 25 0
Jan 6 09:39:10 standalone proxy-server[123936]: 172.18.0.2 ::1 06/Jan/2026/09/39/10 GET /v1/AUTH_c3584fad902c4095b48f95aff5c97c86/gnocchi.a17aace7-8c2b-4b08-a84c-d38fe068d298/none_v3 HTTP/1.0 404 - python-swiftclient-3.11.1 gAAAAABpXNd_qBc0... - 70 - tx0a7f373ab5fc43c18ff0b-00695cd83e - 0.0138 - - 1767692350.134474993 1767692350.148231506 0
Jan 6 09:39:10 standalone account-server[121771]: 172.20.0.100 - - [06/Jan/2026:09:39:10 +0000] "PUT /d1/389/AUTH_c3584fad902c4095b48f95aff5c97c86/gnocchi.a17aace7-8c2b-4b08-a84c-d38fe068d298" 201 - "PUT http://172.20.0.100:6001/d1/647/AUTH_c3584fad902c4095b48f95aff5c97c86/gnocchi.a17aace7-8c2b-4b08-a84c-d38fe068d298" "tx9d94d1cf1dfa4570a1e6a-00695cd83e" "container-server 16" 0.0044 "-" 15 0
Jan 6 09:39:10 standalone container-server[121822]: 172.20.0.100 - - [06/Jan/2026:09:39:10 +0000] "PUT /d1/647/AUTH_c3584fad902c4095b48f95aff5c97c86/gnocchi.a17aace7-8c2b-4b08-a84c-d38fe068d298" 201 - "PUT http://localhost:8080/v1/AUTH_c3584fad902c4095b48f95aff5c97c86/gnocchi.a17aace7-8c2b-4b08-a84c-d38fe068d298" "tx9d94d1cf1dfa4570a1e6a-00695cd83e" "proxy-server 12" 0.0171 "-" 16 0
Jan 6 09:39:10 standalone proxy-server[123936]: 172.18.0.2 ::1 06/Jan/2026/09/39/10 PUT /v1/AUTH_c3584fad902c4095b48f95aff5c97c86/gnocchi.a17aace7-8c2b-4b08-a84c-d38fe068d298 HTTP/1.0 201 - python-swiftclient-3.11.1 gAAAAABpXNd_qBc0... - - - tx9d94d1cf1dfa4570a1e6a-00695cd83e - 0.0234 - - 1767692350.151916027 1767692350.175348282 0
Jan 6 09:39:10 standalone container-server[121839]: 172.20.0.100 - - [06/Jan/2026:09:39:10 +0000] "HEAD /d1/647/AUTH_c3584fad902c4095b48f95aff5c97c86/gnocchi.a17aace7-8c2b-4b08-a84c-d38fe068d298" 204 - "HEAD http://localhost:8080/v1/AUTH_c3584fad902c4095b48f95aff5c97c86/gnocchi.a17aace7-8c2b-4b08-a84c-d38fe068d298?format=json&states=listing" "txc6cbd8cf65854f77ad259-00695cd83e" "proxy-server 12" 0.0016 "-" 17 0
Jan 6 09:39:10 standalone proxy-server[123936]: - - 06/Jan/2026/09/39/10 HEAD /v1/AUTH_c3584fad902c4095b48f95aff5c97c86/gnocchi.a17aace7-8c2b-4b08-a84c-d38fe068d298%3Fformat%3Djson%26states%3Dlisting HTTP/1.0 204 - Swift - - - - txc6cbd8cf65854f77ad259-00695cd83e - 0.0061 RL - 1767692350.181437016 1767692350.187566042 0
Jan 6 09:39:10 standalone container-server[121811]: 172.20.0.100 - - [06/Jan/2026:09:39:10 +0000] "GET /d1/647/AUTH_c3584fad902c4095b48f95aff5c97c86/gnocchi.a17aace7-8c2b-4b08-a84c-d38fe068d298" 200 2 "GET http://localhost:8080/v1/AUTH_c3584fad902c4095b48f95aff5c97c86/gnocchi.a17aace7-8c2b-4b08-a84c-d38fe068d298?format=json&states=listing" "txc6cbd8cf65854f77ad259-00695cd83e" "proxy-server 12" 0.0025 "-" 15 0
Jan 6 09:39:10 standalone proxy-server[123936]: 172.18.0.2 ::1 06/Jan/2026/09/39/10 GET /v1/AUTH_c3584fad902c4095b48f95aff5c97c86/gnocchi.a17aace7-8c2b-4b08-a84c-d38fe068d298%3Fformat%3Djson%26states%3Dlisting HTTP/1.0 200 - python-swiftclient-3.11.1 gAAAAABpXNd_qBc0... - 2 - txc6cbd8cf65854f77ad259-00695cd83e - 0.0180 - - 1767692350.179833174 1767692350.197851419 0
Jan 6 09:39:10 standalone object-server[121997]: 172.20.0.100 - - [06/Jan/2026:09:39:10 +0000] "GET /d1/847/AUTH_c3584fad902c4095b48f95aff5c97c86/gnocchi.a17aace7-8c2b-4b08-a84c-d38fe068d298/1766880000.0_mean_300.0_v3" 404 70 "GET http://localhost:8080/v1/AUTH_c3584fad902c4095b48f95aff5c97c86/gnocchi.a17aace7-8c2b-4b08-a84c-d38fe068d298/1766880000.0_mean_300.0_v3" "tx9937d5ece33e49e5b2dd0-00695cd83e" "proxy-server 12" 0.0007 "-" 25 0
Jan 6 09:39:10 standalone proxy-server[123936]: 172.18.0.2 ::1 06/Jan/2026/09/39/10 GET /v1/AUTH_c3584fad902c4095b48f95aff5c97c86/gnocchi.a17aace7-8c2b-4b08-a84c-d38fe068d298/1766880000.0_mean_300.0_v3 HTTP/1.0 404 - python-swiftclient-3.11.1 gAAAAABpXNd_qBc0... - 70 - tx9937d5ece33e49e5b2dd0-00695cd83e - 0.0074 - - 1767692350.201711416 1767692350.209146261 0
Jan 6 09:39:10 standalone container-server[121822]: 172.20.0.100 - - [06/Jan/2026:09:39:10 +0000] "PUT /d1/647/AUTH_c3584fad902c4095b48f95aff5c97c86/gnocchi.a17aace7-8c2b-4b08-a84c-d38fe068d298/1766880000.0_mean_300.0_v3" 201 - "PUT http://localhost:8080/d1/847/AUTH_c3584fad902c4095b48f95aff5c97c86/gnocchi.a17aace7-8c2b-4b08-a84c-d38fe068d298/1766880000.0_mean_300.0_v3" "txd2e5fb718e6142feb1920-00695cd83e" "object-server 22" 0.0007 "-" 16 0
Jan 6 09:39:10 standalone object-server[121993]: 172.20.0.100 - - [06/Jan/2026:09:39:10 +0000] "PUT /d1/847/AUTH_c3584fad902c4095b48f95aff5c97c86/gnocchi.a17aace7-8c2b-4b08-a84c-d38fe068d298/1766880000.0_mean_300.0_v3" 201 - "PUT http://localhost:8080/v1/AUTH_c3584fad902c4095b48f95aff5c97c86/gnocchi.a17aace7-8c2b-4b08-a84c-d38fe068d298/1766880000.0_mean_300.0_v3" "txd2e5fb718e6142feb1920-00695cd83e" "proxy-server 12" 0.0106 "-" 22 0
Jan 6 09:39:10 standalone proxy-server[123936]: 172.18.0.2 ::1 06/Jan/2026/09/39/10 PUT /v1/AUTH_c3584fad902c4095b48f95aff5c97c86/gnocchi.a17aace7-8c2b-4b08-a84c-d38fe068d298/1766880000.0_mean_300.0_v3 HTTP/1.0 201 - python-swiftclient-3.11.1 gAAAAABpXNd_qBc0... 16 - - txd2e5fb718e6142feb1920-00695cd83e - 0.0173 - - 1767692350.212360144 1767692350.229661942 0
Jan 6 09:39:10 standalone container-server[121839]: 172.20.0.100 - - [06/Jan/2026:09:39:10 +0000] "PUT /d1/647/AUTH_c3584fad902c4095b48f95aff5c97c86/gnocchi.a17aace7-8c2b-4b08-a84c-d38fe068d298/none_v3" 201 - "PUT http://localhost:8080/d1/769/AUTH_c3584fad902c4095b48f95aff5c97c86/gnocchi.a17aace7-8c2b-4b08-a84c-d38fe068d298/none_v3" "tx47730d8d50c046a5a58d9-00695cd83e" "object-server 22" 0.0008 "-" 17 0
Jan 6 09:39:10 standalone object-server[121993]: 172.20.0.100 - - [06/Jan/2026:09:39:10 +0000] "PUT /d1/769/AUTH_c3584fad902c4095b48f95aff5c97c86/gnocchi.a17aace7-8c2b-4b08-a84c-d38fe068d298/none_v3" 201 - "PUT http://localhost:8080/v1/AUTH_c3584fad902c4095b48f95aff5c97c86/gnocchi.a17aace7-8c2b-4b08-a84c-d38fe068d298/none_v3" "tx47730d8d50c046a5a58d9-00695cd83e" "proxy-server 12" 0.0113 "-" 22 0
Jan 6 09:39:10 standalone proxy-server[123936]: 172.18.0.2 ::1 06/Jan/2026/09/39/10 PUT /v1/AUTH_c3584fad902c4095b48f95aff5c97c86/gnocchi.a17aace7-8c2b-4b08-a84c-d38fe068d298/none_v3 HTTP/1.0 201 - python-swiftclient-3.11.1 gAAAAABpXNd_qBc0... 22 - - tx47730d8d50c046a5a58d9-00695cd83e - 0.0196 - - 1767692350.232979774 1767692350.252577305 0
Jan 6 09:39:10 standalone container-server[121822]: 172.20.0.100 - - [06/Jan/2026:09:39:10 +0000] "HEAD /d1/149/AUTH_c3584fad902c4095b48f95aff5c97c86/gnocchi.c66fadf4-6a96-4b64-ad5c-024bce6ba6ac" 404 - "HEAD http://localhost:8080/v1/AUTH_c3584fad902c4095b48f95aff5c97c86/gnocchi.c66fadf4-6a96-4b64-ad5c-024bce6ba6ac?format=json&states=listing" "tx036f3fcfd8e149c5ad0fe-00695cd83e" "proxy-server 12" 0.0009 "-" 16 0
Jan 6 09:39:10 standalone object-server[121993]: 172.20.0.100 - - [06/Jan/2026:09:39:10 +0000] "GET /d1/787/AUTH_c3584fad902c4095b48f95aff5c97c86/gnocchi.c66fadf4-6a96-4b64-ad5c-024bce6ba6ac/none_v3" 404 70 "GET http://localhost:8080/v1/AUTH_c3584fad902c4095b48f95aff5c97c86/gnocchi.c66fadf4-6a96-4b64-ad5c-024bce6ba6ac/none_v3" "tx036f3fcfd8e149c5ad0fe-00695cd83e" "proxy-server 12" 0.0005 "-" 22 0
Jan 6 09:39:10 standalone proxy-server[123936]: 172.18.0.2 ::1 06/Jan/2026/09/39/10 GET /v1/AUTH_c3584fad902c4095b48f95aff5c97c86/gnocchi.c66fadf4-6a96-4b64-ad5c-024bce6ba6ac/none_v3 HTTP/1.0 404 - python-swiftclient-3.11.1 gAAAAABpXNd_qBc0... - 70 - tx036f3fcfd8e149c5ad0fe-00695cd83e - 0.0144 - - 1767692350.294964552 1767692350.309317589 0
Jan 6 09:39:10 standalone account-server[121775]: 172.20.0.100 - - [06/Jan/2026:09:39:10 +0000] "PUT /d1/389/AUTH_c3584fad902c4095b48f95aff5c97c86/gnocchi.c66fadf4-6a96-4b64-ad5c-024bce6ba6ac" 201 - "PUT http://172.20.0.100:6001/d1/149/AUTH_c3584fad902c4095b48f95aff5c97c86/gnocchi.c66fadf4-6a96-4b64-ad5c-024bce6ba6ac" "tx2ef1e90e8dae4fd49886b-00695cd83e" "container-server 15" 0.1127 "-" 16 0
Jan 6 09:39:10 standalone container-server[121811]: 172.20.0.100 - - [06/Jan/2026:09:39:10 +0000] "PUT /d1/149/AUTH_c3584fad902c4095b48f95aff5c97c86/gnocchi.c66fadf4-6a96-4b64-ad5c-024bce6ba6ac" 201 - "PUT http://localhost:8080/v1/AUTH_c3584fad902c4095b48f95aff5c97c86/gnocchi.c66fadf4-6a96-4b64-ad5c-024bce6ba6ac" "tx2ef1e90e8dae4fd49886b-00695cd83e" "proxy-server 12" 0.1647 "-" 15 0
Jan 6 09:39:10 standalone proxy-server[123936]: 172.18.0.2 ::1 06/Jan/2026/09/39/10 PUT /v1/AUTH_c3584fad902c4095b48f95aff5c97c86/gnocchi.c66fadf4-6a96-4b64-ad5c-024bce6ba6ac HTTP/1.0 201 - python-swiftclient-3.11.1 gAAAAABpXNd_qBc0... - - - tx2ef1e90e8dae4fd49886b-00695cd83e - 0.1732 - - 1767692350.319697380 1767692350.492892981 0
Jan 6 09:39:10 standalone container-server[121810]: 172.20.0.100 - - [06/Jan/2026:09:39:10 +0000] "HEAD /d1/149/AUTH_c3584fad902c4095b48f95aff5c97c86/gnocchi.c66fadf4-6a96-4b64-ad5c-024bce6ba6ac" 204 - "HEAD http://localhost:8080/v1/AUTH_c3584fad902c4095b48f95aff5c97c86/gnocchi.c66fadf4-6a96-4b64-ad5c-024bce6ba6ac?format=json&states=listing" "tx60210fcc5f2a4e3eb5e78-00695cd83e" "proxy-server 12" 0.0016 "-" 14 0
Jan 6 09:39:10 standalone proxy-server[123936]: - - 06/Jan/2026/09/39/10 HEAD /v1/AUTH_c3584fad902c4095b48f95aff5c97c86/gnocchi.c66fadf4-6a96-4b64-ad5c-024bce6ba6ac%3Fformat%3Djson%26states%3Dlisting HTTP/1.0 204 - Swift - - - - tx60210fcc5f2a4e3eb5e78-00695cd83e - 0.0061 RL - 1767692350.502208948 1767692350.508291483 0
Jan 6 09:39:10 standalone container-server[121822]: 172.20.0.100 - - [06/Jan/2026:09:39:10 +0000] "GET /d1/149/AUTH_c3584fad902c4095b48f95aff5c97c86/gnocchi.c66fadf4-6a96-4b64-ad5c-024bce6ba6ac" 200 2 "GET http://localhost:8080/v1/AUTH_c3584fad902c4095b48f95aff5c97c86/gnocchi.c66fadf4-6a96-4b64-ad5c-024bce6ba6ac?format=json&states=listing" "tx60210fcc5f2a4e3eb5e78-00695cd83e" "proxy-server 12" 0.0021 "-" 16 0
Jan 6 09:39:10 standalone proxy-server[123936]: 172.18.0.2 ::1 06/Jan/2026/09/39/10 GET /v1/AUTH_c3584fad902c4095b48f95aff5c97c86/gnocchi.c66fadf4-6a96-4b64-ad5c-024bce6ba6ac%3Fformat%3Djson%26states%3Dlisting HTTP/1.0 200 - python-swiftclient-3.11.1 gAAAAABpXNd_qBc0... - 2 - tx60210fcc5f2a4e3eb5e78-00695cd83e - 0.0182 - - 1767692350.500195980 1767692350.518445730 0
Jan 6 09:39:10 standalone object-server[121995]: 172.20.0.100 - - [06/Jan/2026:09:39:10 +0000] "GET /d1/329/AUTH_c3584fad902c4095b48f95aff5c97c86/gnocchi.c66fadf4-6a96-4b64-ad5c-024bce6ba6ac/1766880000.0_mean_300.0_v3" 404 70 "GET http://localhost:8080/v1/AUTH_c3584fad902c4095b48f95aff5c97c86/gnocchi.c66fadf4-6a96-4b64-ad5c-024bce6ba6ac/1766880000.0_mean_300.0_v3" "tx3746466af5b24aa8b6a9b-00695cd83e" "proxy-server 12" 0.0006 "-" 24 0
Jan 6 09:39:10 standalone proxy-server[123936]: 172.18.0.2 ::1 06/Jan/2026/09/39/10 GET /v1/AUTH_c3584fad902c4095b48f95aff5c97c86/gnocchi.c66fadf4-6a96-4b64-ad5c-024bce6ba6ac/1766880000.0_mean_300.0_v3 HTTP/1.0 404 - python-swiftclient-3.11.1 gAAAAABpXNd_qBc0... - 70 - tx3746466af5b24aa8b6a9b-00695cd83e - 0.0088 - - 1767692350.524480820 1767692350.533297777 0
Jan 6 09:39:10 standalone container-server[121822]: 172.20.0.100 - - [06/Jan/2026:09:39:10 +0000] "PUT /d1/149/AUTH_c3584fad902c4095b48f95aff5c97c86/gnocchi.c66fadf4-6a96-4b64-ad5c-024bce6ba6ac/1766880000.0_mean_300.0_v3" 201 - "PUT http://localhost:8080/d1/329/AUTH_c3584fad902c4095b48f95aff5c97c86/gnocchi.c66fadf4-6a96-4b64-ad5c-024bce6ba6ac/1766880000.0_mean_300.0_v3" "txf1ce1996fc8b4d3cb76c3-00695cd83e" "object-server 24" 0.0013 "-" 16 0
Jan 6 09:39:10 standalone object-server[121995]: 172.20.0.100 - - [06/Jan/2026:09:39:10 +0000] "PUT /d1/329/AUTH_c3584fad902c4095b48f95aff5c97c86/gnocchi.c66fadf4-6a96-4b64-ad5c-024bce6ba6ac/1766880000.0_mean_300.0_v3" 201 - "PUT http://localhost:8080/v1/AUTH_c3584fad902c4095b48f95aff5c97c86/gnocchi.c66fadf4-6a96-4b64-ad5c-024bce6ba6ac/1766880000.0_mean_300.0_v3" "txf1ce1996fc8b4d3cb76c3-00695cd83e" "proxy-server 12" 0.0872 "-" 24 0
Jan 6 09:39:10 standalone proxy-server[123936]: 172.18.0.2 ::1 06/Jan/2026/09/39/10 PUT /v1/AUTH_c3584fad902c4095b48f95aff5c97c86/gnocchi.c66fadf4-6a96-4b64-ad5c-024bce6ba6ac/1766880000.0_mean_300.0_v3 HTTP/1.0 201 - python-swiftclient-3.11.1 gAAAAABpXNd_qBc0... 16 - - txf1ce1996fc8b4d3cb76c3-00695cd83e - 0.0957 - - 1767692350.537707567 1767692350.633375645 0
Jan 6 09:39:10 standalone container-server[121839]: 172.20.0.100 - - [06/Jan/2026:09:39:10 +0000] "PUT /d1/149/AUTH_c3584fad902c4095b48f95aff5c97c86/gnocchi.c66fadf4-6a96-4b64-ad5c-024bce6ba6ac/none_v3" 201 - "PUT http://localhost:8080/d1/787/AUTH_c3584fad902c4095b48f95aff5c97c86/gnocchi.c66fadf4-6a96-4b64-ad5c-024bce6ba6ac/none_v3" "txc2093be001804e1baeb92-00695cd83e" "object-server 24" 0.0006 "-" 17 0
Jan 6 09:39:10 standalone object-server[121995]: 172.20.0.100 - - [06/Jan/2026:09:39:10 +0000] "PUT /d1/787/AUTH_c3584fad902c4095b48f95aff5c97c86/gnocchi.c66fadf4-6a96-4b64-ad5c-024bce6ba6ac/none_v3" 201 - "PUT http://localhost:8080/v1/AUTH_c3584fad902c4095b48f95aff5c97c86/gnocchi.c66fadf4-6a96-4b64-ad5c-024bce6ba6ac/none_v3" "txc2093be001804e1baeb92-00695cd83e" "proxy-server 12" 0.0997 "-" 24 0
Jan 6 09:39:10 standalone proxy-server[123936]: 172.18.0.2 ::1 06/Jan/2026/09/39/10 PUT /v1/AUTH_c3584fad902c4095b48f95aff5c97c86/gnocchi.c66fadf4-6a96-4b64-ad5c-024bce6ba6ac/none_v3 HTTP/1.0 201 - python-swiftclient-3.11.1 gAAAAABpXNd_qBc0... 22 - - txc2093be001804e1baeb92-00695cd83e - 0.1084 - - 1767692350.638586044 1767692350.747032404 0
Jan 6 09:39:10 standalone container-server[121811]: 172.20.0.100 - - [06/Jan/2026:09:39:10 +0000] "HEAD /d1/588/AUTH_c3584fad902c4095b48f95aff5c97c86/gnocchi.21e1bd44-2645-4ca5-a413-4ade93d7d736" 404 - "HEAD http://localhost:8080/v1/AUTH_c3584fad902c4095b48f95aff5c97c86/gnocchi.21e1bd44-2645-4ca5-a413-4ade93d7d736?format=json&states=listing" "tx043eec16051746de97d69-00695cd83e" "proxy-server 12" 0.0008 "-" 15 0
Jan 6 09:39:10 standalone object-server[121997]: 172.20.0.100 - - [06/Jan/2026:09:39:10 +0000] "GET /d1/411/AUTH_c3584fad902c4095b48f95aff5c97c86/gnocchi.21e1bd44-2645-4ca5-a413-4ade93d7d736/none_v3" 404 70 "GET http://localhost:8080/v1/AUTH_c3584fad902c4095b48f95aff5c97c86/gnocchi.21e1bd44-2645-4ca5-a413-4ade93d7d736/none_v3" "tx043eec16051746de97d69-00695cd83e" "proxy-server 12" 0.0006 "-" 25 0
Jan 6 09:39:10 standalone proxy-server[123936]: 172.18.0.2 ::1 06/Jan/2026/09/39/10 GET /v1/AUTH_c3584fad902c4095b48f95aff5c97c86/gnocchi.21e1bd44-2645-4ca5-a413-4ade93d7d736/none_v3 HTTP/1.0 404 - python-swiftclient-3.11.1 gAAAAABpXNd_qBc0... - 70 - tx043eec16051746de97d69-00695cd83e - 0.0183 - - 1767692350.790074825 1767692350.808403015 0
Jan 6 09:39:10 standalone account-server[121762]: 172.20.0.100 - - [06/Jan/2026:09:39:10 +0000] "PUT /d1/389/AUTH_c3584fad902c4095b48f95aff5c97c86/gnocchi.21e1bd44-2645-4ca5-a413-4ade93d7d736" 201 - "PUT http://172.20.0.100:6001/d1/588/AUTH_c3584fad902c4095b48f95aff5c97c86/gnocchi.21e1bd44-2645-4ca5-a413-4ade93d7d736" "tx1f1a130fcc9445779182a-00695cd83e" "container-server 17" 0.0217 "-" 14 0
Jan 6 09:39:10 standalone container-server[121839]: 172.20.0.100 - - [06/Jan/2026:09:39:10 +0000] "PUT /d1/588/AUTH_c3584fad902c4095b48f95aff5c97c86/gnocchi.21e1bd44-2645-4ca5-a413-4ade93d7d736" 201 - "PUT http://localhost:8080/v1/AUTH_c3584fad902c4095b48f95aff5c97c86/gnocchi.21e1bd44-2645-4ca5-a413-4ade93d7d736" "tx1f1a130fcc9445779182a-00695cd83e" "proxy-server 12" 0.0674 "-" 17 0
Jan 6 09:39:10 standalone proxy-server[123936]: 172.18.0.2 ::1 06/Jan/2026/09/39/10 PUT /v1/AUTH_c3584fad902c4095b48f95aff5c97c86/gnocchi.21e1bd44-2645-4ca5-a413-4ade93d7d736 HTTP/1.0 201 - python-swiftclient-3.11.1 gAAAAABpXNd_qBc0... - - - tx1f1a130fcc9445779182a-00695cd83e - 0.0766 - - 1767692350.814175129 1767692350.890758514 0
Jan 6 09:39:10 standalone container-server[121822]: 172.20.0.100 - - [06/Jan/2026:09:39:10 +0000] "HEAD /d1/588/AUTH_c3584fad902c4095b48f95aff5c97c86/gnocchi.21e1bd44-2645-4ca5-a413-4ade93d7d736" 204 - "HEAD http://localhost:8080/v1/AUTH_c3584fad902c4095b48f95aff5c97c86/gnocchi.21e1bd44-2645-4ca5-a413-4ade93d7d736?format=json&states=listing" "txb6b2d79fa88f4e49addc3-00695cd83e" "proxy-server 12" 0.0027 "-" 16 0
Jan 6 09:39:10 standalone proxy-server[123936]: - - 06/Jan/2026/09/39/10 HEAD /v1/AUTH_c3584fad902c4095b48f95aff5c97c86/gnocchi.21e1bd44-2645-4ca5-a413-4ade93d7d736%3Fformat%3Djson%26states%3Dlisting HTTP/1.0 204 - Swift - - - - txb6b2d79fa88f4e49addc3-00695cd83e - 0.0086 RL - 1767692350.901396990 1767692350.910012007 0
