Jan 6 09:24:11 standalone account-server[121509]: Starting 2
Jan 6 09:24:11 standalone account-server[121531]: Started child 14 from parent 2
Jan 6 09:24:11 standalone account-server[121531]: Started child 15 from parent 2
Jan 6 09:24:11 standalone account-server[121531]: Started child 16 from parent 2
Jan 6 09:24:11 standalone account-server[121531]: Started child 17 from parent 2
Jan 6 09:24:11 standalone container-server[121615]: Option allow_versions is deprecated. Configure the versioned_writes middleware in the proxy-server instead. This option will be ignored in a future release.
Jan 6 09:24:11 standalone container-server[121810]: Option allow_versions is deprecated. Configure the versioned_writes middleware in the proxy-server instead. This option will be ignored in a future release.
Jan 6 09:24:11 standalone container-server[121615]: Started child 14 from parent 2
Jan 6 09:24:11 standalone container-server[121811]: Option allow_versions is deprecated. Configure the versioned_writes middleware in the proxy-server instead. This option will be ignored in a future release.
Jan 6 09:24:11 standalone container-server[121615]: Started child 15 from parent 2
Jan 6 09:24:11 standalone container-server[121822]: Option allow_versions is deprecated. Configure the versioned_writes middleware in the proxy-server instead. This option will be ignored in a future release.
Jan 6 09:24:11 standalone container-server[121615]: Started child 16 from parent 2
Jan 6 09:24:11 standalone container-server[121839]: Option allow_versions is deprecated. Configure the versioned_writes middleware in the proxy-server instead. This option will be ignored in a future release.
Jan 6 09:24:11 standalone container-server[121615]: Started child 17 from parent 2
Jan 6 09:24:11 standalone container-server[121729]: Starting 2
Jan 6 09:24:12 standalone object-expirer[121817]: Starting 2
Jan 6 09:24:12 standalone object-expirer[121817]: Option auto_create_account_prefix is deprecated. Configure auto_create_account_prefix under the swift-constraints section of swift.conf. This option will be ignored in a future release.
Jan 6 09:24:12 standalone object-server[121871]: Started child 22 from parent 2
Jan 6 09:24:12 standalone object-server[121871]: Started child 23 from parent 2
Jan 6 09:24:12 standalone object-server[121871]: Started child 24 from parent 2
Jan 6 09:24:12 standalone object-server[121871]: Started child 25 from parent 2
Jan 6 09:24:12 standalone object-server[121961]: Starting 2
Jan 6 09:24:18 standalone proxy-server[123630]: Starting Keystone auth_token middleware
Jan 6 09:24:18 standalone proxy-server[123630]: AuthToken middleware is set with keystone_authtoken.service_token_roles_required set to False. This is backwards compatible but deprecated behaviour. Please set this to True.
Jan 6 09:24:18 standalone proxy-server[123936]: Starting Keystone auth_token middleware
Jan 6 09:24:18 standalone proxy-server[123936]: STDERR: The option "bind_port" is not known to keystonemiddleware
Jan 6 09:24:18 standalone proxy-server[123936]: STDERR: The option "workers" is not known to keystonemiddleware
Jan 6 09:24:18 standalone proxy-server[123936]: STDERR: The option "user" is not known to keystonemiddleware
Jan 6 09:24:18 standalone proxy-server[123936]: STDERR: The option "bind_ip" is not known to keystonemiddleware
Jan 6 09:24:18 standalone proxy-server[123936]: STDERR: The option "log_name" is not known to keystonemiddleware
Jan 6 09:24:18 standalone proxy-server[123936]: STDERR: The option "log_facility" is not known to keystonemiddleware
Jan 6 09:24:18 standalone proxy-server[123936]: STDERR: The option "log_level" is not known to keystonemiddleware
Jan 6 09:24:18 standalone proxy-server[123936]: STDERR: The option "log_headers" is not known to keystonemiddleware
Jan 6 09:24:18 standalone proxy-server[123936]: STDERR: The option "log_address" is not known to keystonemiddleware
Jan 6 09:24:18 standalone proxy-server[123936]: STDERR: The option "project_name" is not known to keystonemiddleware
Jan 6 09:24:18 standalone proxy-server[123936]: STDERR: The option "username" is not known to keystonemiddleware
Jan 6 09:24:18 standalone proxy-server[123936]: STDERR: The option "password" is not known to keystonemiddleware
Jan 6 09:24:18 standalone proxy-server[123936]: STDERR: The option "auth_url" is not known to keystonemiddleware
Jan 6 09:24:18 standalone proxy-server[123936]: STDERR: The option "signing_dir" is not known to keystonemiddleware
Jan 6 09:24:18 standalone proxy-server[123936]: STDERR: The option "project_domain_id" is not known to keystonemiddleware
Jan 6 09:24:18 standalone proxy-server[123936]: STDERR: The option "user_domain_id" is not known to keystonemiddleware
Jan 6 09:24:18 standalone proxy-server[123936]: STDERR: The option "__name__" is not known to keystonemiddleware
Jan 6 09:24:18 standalone proxy-server[123936]: AuthToken middleware is set with keystone_authtoken.service_token_roles_required set to False. This is backwards compatible but deprecated behaviour. Please set this to True.
Jan 6 09:24:18 standalone proxy-server[123630]: Started child 12 from parent 2
Jan 6 09:24:24 standalone container-server[121729]: Begin container update sweep
Jan 6 09:24:24 standalone container-server[121729]: Container update sweep completed: 0.00s
Jan 6 09:27:29 standalone object-server[121961]: Begin object update sweep
Jan 6 09:27:29 standalone object-server[145369]: Object update sweep starting on /srv/node/d1 (pid: 11)
Jan 6 09:27:29 standalone object-server[145369]: Object update sweep completed on /srv/node/d1 in 0.00s seconds:, 0 successes, 0 failures, 0 quarantines, 0 unlinks, 0 errors, 0 redirects (pid: 11)
Jan 6 09:27:29 standalone object-server[145369]: Object update sweep of d1 completed: 0.00s, 0 successes, 0 failures, 0 quarantines, 0 unlinks, 0 errors, 0 redirects
Jan 6 09:27:29 standalone object-server[121961]: Object update sweep completed: 0.07s
Jan 6 09:27:33 standalone account-server[121775]: 172.20.0.100 - - [06/Jan/2026:09:27:32 +0000] "HEAD /d1/876/.expiring_objects" 404 - "HEAD http://localhost/v1/.expiring_objects?format=json" "txfbc0cf89df7f4d7989ae8-00695cd584" "proxy-server 2" 0.0015 "-" 16 -
Jan 6 09:27:33 standalone object-expirer[121817]: Pass completed in 0s; 0 objects expired (txn: txfbc0cf89df7f4d7989ae8-00695cd584)
Jan 6 09:28:47 standalone account-server[121775]: 172.20.0.100 - - [06/Jan/2026:09:28:47 +0000] "HEAD /d1/876/.expiring_objects" 404 - "HEAD http://localhost/v1/.expiring_objects?format=json" "txb39eed671ae14c3d9adaa-00695cd5cf" "proxy-server 2" 0.0004 "-" 16 -
Jan 6 09:28:47 standalone object-expirer[121817]: Pass completed in 0s; 0 objects expired (txn: txb39eed671ae14c3d9adaa-00695cd5cf)
Jan 6 09:28:49 standalone account-server[121509]: Devices pass completed: 0.00s
Jan 6 09:29:11 standalone account-server[121775]: 172.20.0.100 - - [06/Jan/2026:09:29:11 +0000] "HEAD /d1/876/.expiring_objects" 404 - "HEAD http://localhost/v1/.expiring_objects?format=json" "tx1bc168e84cb247f3befbf-00695cd5e7" "proxy-server 2" 0.0008 "-" 16 -
Jan 6 09:29:11 standalone object-expirer[121817]: Pass completed in 0s; 0 objects expired (txn: tx1bc168e84cb247f3befbf-00695cd5e7)
Jan 6 09:29:24 standalone container-server[121729]: Begin container update sweep
Jan 6 09:29:24 standalone container-server[121729]: Container update sweep completed: 0.00s
Jan 6 09:30:45 standalone account-server[121775]: 172.20.0.100 - - [06/Jan/2026:09:30:45 +0000] "HEAD /d1/389/AUTH_c3584fad902c4095b48f95aff5c97c86" 404 - "HEAD http://localhost:8080/v1/AUTH_c3584fad902c4095b48f95aff5c97c86?format=json" "tx0d54a94af1f445e7835b7-00695cd645" "proxy-server 12" 0.0011 "-" 16 -
Jan 6 09:30:45 standalone proxy-server[123936]: - - 06/Jan/2026/09/30/45 HEAD /v1/AUTH_c3584fad902c4095b48f95aff5c97c86%3Fformat%3Djson HTTP/1.0 200 - Swift - - - - tx0d54a94af1f445e7835b7-00695cd645 - 0.0110 RL - 1767691845.836016893 1767691845.846977234 -
Jan 6 09:30:46 standalone proxy-server[123936]: 172.18.0.2 ::1 06/Jan/2026/09/30/46 HEAD /v1/AUTH_c3584fad902c4095b48f95aff5c97c86/glance%3Fformat%3Djson HTTP/1.0 404 - python-swiftclient-3.11.1 gAAAAABpXNZFJDfi... - - - tx0d54a94af1f445e7835b7-00695cd645 - 0.4862 - - 1767691845.826670647 1767691846.312886477 -
Jan 6 09:30:46 standalone account-server[121780]: 172.20.0.100 - - [06/Jan/2026:09:30:46 +0000] "PUT /d1/389/AUTH_c3584fad902c4095b48f95aff5c97c86" 201 - "-" "tx98a117a483f6478ea07d2-00695cd646" "-" 0.0181 "-" 17 -
Jan 6 09:30:46 standalone proxy-server[123936]: autocreate account '/AUTH_c3584fad902c4095b48f95aff5c97c86' (txn: tx98a117a483f6478ea07d2-00695cd646)
Jan 6 09:30:46 standalone account-server[121771]: 172.20.0.100 - - [06/Jan/2026:09:30:46 +0000] "HEAD /d1/389/AUTH_c3584fad902c4095b48f95aff5c97c86" 204 - "HEAD http://localhost:8080/v1/AUTH_c3584fad902c4095b48f95aff5c97c86?format=json" "tx98a117a483f6478ea07d2-00695cd646" "proxy-server 12" 0.0023 "-" 15 -
Jan 6 09:30:46 standalone account-server[121775]: 172.20.0.100 - - [06/Jan/2026:09:30:46 +0000] "PUT /d1/389/AUTH_c3584fad902c4095b48f95aff5c97c86/glance" 201 - "PUT http://172.20.0.100:6001/d1/943/AUTH_c3584fad902c4095b48f95aff5c97c86/glance" "tx98a117a483f6478ea07d2-00695cd646" "container-server 14" 0.0029 "-" 16 0
Jan 6 09:30:46 standalone container-server[121810]: 172.20.0.100 - - [06/Jan/2026:09:30:46 +0000] "PUT /d1/943/AUTH_c3584fad902c4095b48f95aff5c97c86/glance" 201 - "PUT http://localhost:8080/v1/AUTH_c3584fad902c4095b48f95aff5c97c86/glance" "tx98a117a483f6478ea07d2-00695cd646" "proxy-server 12" 0.0210 "-" 14 0
Jan 6 09:30:46 standalone proxy-server[123936]: 172.18.0.2 ::1 06/Jan/2026/09/30/46 PUT /v1/AUTH_c3584fad902c4095b48f95aff5c97c86/glance HTTP/1.0 201 - python-swiftclient-3.11.1 gAAAAABpXNZFJDfi... - - - tx98a117a483f6478ea07d2-00695cd646 - 0.0564 - - 1767691846.318923473 1767691846.375333309 0
Jan 6 09:30:46 standalone container-server[121810]: 172.20.0.100 - - [06/Jan/2026:09:30:46 +0000] "HEAD /d1/943/AUTH_c3584fad902c4095b48f95aff5c97c86/glance" 204 - "HEAD http://localhost:8080/v1/AUTH_c3584fad902c4095b48f95aff5c97c86/glance?format=json&states=listing" "tx391bb479119041e7bc2f0-00695cd646" "proxy-server 12" 0.0015 "-" 14 0
Jan 6 09:30:46 standalone proxy-server[123936]: - - 06/Jan/2026/09/30/46 HEAD /v1/AUTH_c3584fad902c4095b48f95aff5c97c86/glance%3Fformat%3Djson%26states%3Dlisting HTTP/1.0 204 - Swift - - - - tx391bb479119041e7bc2f0-00695cd646 - 0.0045 RL - 1767691846.386287451 1767691846.390824556 0
Jan 6 09:31:05 standalone container-server[121810]: 172.20.0.100 - - [06/Jan/2026:09:31:05 +0000] "PUT /d1/943/AUTH_c3584fad902c4095b48f95aff5c97c86/glance/67e98835-2ad9-4bec-a484-1f3cd334c031" 201 - "PUT http://localhost:8080/d1/504/AUTH_c3584fad902c4095b48f95aff5c97c86/glance/67e98835-2ad9-4bec-a484-1f3cd334c031" "tx391bb479119041e7bc2f0-00695cd646" "object-server 24" 0.0011 "-" 14 0
Jan 6 09:31:05 standalone object-server[121995]: 172.20.0.100 - - [06/Jan/2026:09:31:05 +0000] "PUT /d1/504/AUTH_c3584fad902c4095b48f95aff5c97c86/glance/67e98835-2ad9-4bec-a484-1f3cd334c031" 201 - "PUT http://localhost:8080/v1/AUTH_c3584fad902c4095b48f95aff5c97c86/glance/67e98835-2ad9-4bec-a484-1f3cd334c031" "tx391bb479119041e7bc2f0-00695cd646" "proxy-server 12" 18.6576 "-" 24 0
Jan 6 09:31:05 standalone proxy-server[123936]: 172.18.0.2 ::1 06/Jan/2026/09/31/05 PUT /v1/AUTH_c3584fad902c4095b48f95aff5c97c86/glance/67e98835-2ad9-4bec-a484-1f3cd334c031 HTTP/1.0 201 - python-swiftclient-3.11.1 gAAAAABpXNZFJDfi... 1472724992 - - tx391bb479119041e7bc2f0-00695cd646 - 18.6692 - - 1767691846.385274172 1767691865.054474354 0
Jan 6 09:32:29 standalone object-server[121961]: Begin object update sweep
Jan 6 09:32:29 standalone object-server[183862]: Object update sweep starting on /srv/node/d1 (pid: 13)
Jan 6 09:32:29 standalone object-server[183862]: Object update sweep completed on /srv/node/d1 in 0.00s seconds:, 0 successes, 0 failures, 0 quarantines, 0 unlinks, 0 errors, 0 redirects (pid: 13)
Jan 6 09:32:29 standalone object-server[183862]: Object update sweep of d1 completed: 0.00s, 0 successes, 0 failures, 0 quarantines, 0 unlinks, 0 errors, 0 redirects
Jan 6 09:32:29 standalone object-server[121961]: Object update sweep completed: 0.09s
Jan 6 09:33:19 standalone account-server[121762]: 172.20.0.100 - - [06/Jan/2026:09:33:19 +0000] "HEAD /d1/876/.expiring_objects" 404 - "HEAD http://localhost/v1/.expiring_objects?format=json" "txb8d25d740aac4f899e73c-00695cd6df" "proxy-server 2" 0.0011 "-" 14 -
Jan 6 09:33:19 standalone object-expirer[121817]: Pass completed in 0s; 0 objects expired (txn: txb8d25d740aac4f899e73c-00695cd6df)
Jan 6 09:34:24 standalone container-server[121729]: Begin container update sweep
Jan 6 09:34:24 standalone account-server[121771]: 172.20.0.100 - - [06/Jan/2026:09:34:24 +0000] "PUT /d1/389/AUTH_c3584fad902c4095b48f95aff5c97c86/glance" 201 - "-" "-" "container-updater 2" 0.0015 "-" 15 0
Jan 6 09:34:24 standalone container-server[121729]: Container update sweep completed: 0.12s
Jan 6 09:35:24 standalone account-server[121780]: 172.20.0.100 - - [06/Jan/2026:09:35:24 +0000] "HEAD /d1/876/.expiring_objects" 404 - "HEAD http://localhost/v1/.expiring_objects?format=json" "tx8cfdb34bf6b24a3ab87db-00695cd75c" "proxy-server 2" 0.0014 "-" 17 -
Jan 6 09:35:24 standalone object-expirer[121817]: Pass completed in 0s; 0 objects expired (txn: tx8cfdb34bf6b24a3ab87db-00695cd75c)
Jan 6 09:35:40 standalone account-server[121780]: 172.20.0.100 - - [06/Jan/2026:09:35:40 +0000] "HEAD /d1/876/.expiring_objects" 404 - "HEAD http://localhost/v1/.expiring_objects?format=json" "tx92ab37ac18664179ad6e5-00695cd76c" "proxy-server 2" 0.0007 "-" 17 -
Jan 6 09:35:40 standalone object-expirer[121817]: Pass completed in 0s; 0 objects expired (txn: tx92ab37ac18664179ad6e5-00695cd76c)
Jan 6 09:35:55 standalone account-server[121771]: 172.20.0.100 - - [06/Jan/2026:09:35:55 +0000] "HEAD /d1/389/AUTH_c3584fad902c4095b48f95aff5c97c86" 204 - "HEAD http://localhost:8080/v1/AUTH_c3584fad902c4095b48f95aff5c97c86?format=json" "txaff4d3e9997c466db6204-00695cd77b" "proxy-server 12" 0.0100 "-" 15 -
Jan 6 09:35:55 standalone proxy-server[123936]: - - 06/Jan/2026/09/35/55 HEAD /v1/AUTH_c3584fad902c4095b48f95aff5c97c86%3Fformat%3Djson HTTP/1.0 204 - Swift - - - - txaff4d3e9997c466db6204-00695cd77b - 0.0162 RL - 1767692155.949665546 1767692155.965828896 -
Jan 6 09:35:56 standalone container-server[121811]: 172.20.0.100 - - [06/Jan/2026:09:35:56 +0000] "HEAD /d1/943/AUTH_c3584fad902c4095b48f95aff5c97c86/glance" 204 - "HEAD http://localhost:8080/v1/AUTH_c3584fad902c4095b48f95aff5c97c86/glance?format=json&states=listing" "txaff4d3e9997c466db6204-00695cd77b" "proxy-server 12" 0.0052 "-" 15 0
Jan 6 09:35:56 standalone proxy-server[123936]: 172.18.0.2 ::1 06/Jan/2026/09/35/56 HEAD /v1/AUTH_c3584fad902c4095b48f95aff5c97c86/glance%3Fformat%3Djson%26states%3Dlisting HTTP/1.0 204 - python-swiftclient-3.11.1 gAAAAABpXNd7Ymvk... - - - txaff4d3e9997c466db6204-00695cd77b - 0.1433 - - 1767692155.948348045 1767692156.091620207 0
Jan 6 09:35:58 standalone container-server[121822]: 172.20.0.100 - - [06/Jan/2026:09:35:58 +0000] "PUT /d1/943/AUTH_c3584fad902c4095b48f95aff5c97c86/glance/21548e1b-8f9d-418f-883a-5ec0d68c28c9-00001" 201 - "PUT http://localhost:8080/d1/118/AUTH_c3584fad902c4095b48f95aff5c97c86/glance/21548e1b-8f9d-418f-883a-5ec0d68c28c9-00001" "txda84b3ab6f924d70bb5ae-00695cd77c" "object-server 22" 0.0018 "-" 16 0
Jan 6 09:35:58 standalone object-server[121993]: 172.20.0.100 - - [06/Jan/2026:09:35:58 +0000] "PUT /d1/118/AUTH_c3584fad902c4095b48f95aff5c97c86/glance/21548e1b-8f9d-418f-883a-5ec0d68c28c9-00001" 201 - "PUT http://localhost:8080/v1/AUTH_c3584fad902c4095b48f95aff5c97c86/glance/21548e1b-8f9d-418f-883a-5ec0d68c28c9-00001" "txda84b3ab6f924d70bb5ae-00695cd77c" "proxy-server 12" 2.6577 "-" 22 0
Jan 6 09:35:58 standalone proxy-server[123936]: 172.18.0.2 ::1 06/Jan/2026/09/35/58 PUT /v1/AUTH_c3584fad902c4095b48f95aff5c97c86/glance/21548e1b-8f9d-418f-883a-5ec0d68c28c9-00001 HTTP/1.0 201 - python-swiftclient-3.11.1 gAAAAABpXNd7Ymvk... 21692416 - - txda84b3ab6f924d70bb5ae-00695cd77c - 2.6646 - - 1767692156.099063873 1767692158.763666391 0
Jan 6 09:35:58 standalone container-server[121810]: 172.20.0.100 - - [06/Jan/2026:09:35:58 +0000] "PUT /d1/943/AUTH_c3584fad902c4095b48f95aff5c97c86/glance/21548e1b-8f9d-418f-883a-5ec0d68c28c9" 201 - "PUT http://localhost:8080/d1/686/AUTH_c3584fad902c4095b48f95aff5c97c86/glance/21548e1b-8f9d-418f-883a-5ec0d68c28c9" "txad03111dd59a4c16b28e2-00695cd77e" "object-server 23" 0.0008 "-" 14 0
Jan 6 09:35:58 standalone object-server[121994]: 172.20.0.100 - - [06/Jan/2026:09:35:58 +0000] "PUT /d1/686/AUTH_c3584fad902c4095b48f95aff5c97c86/glance/21548e1b-8f9d-418f-883a-5ec0d68c28c9" 201 - "PUT http://localhost:8080/v1/AUTH_c3584fad902c4095b48f95aff5c97c86/glance/21548e1b-8f9d-418f-883a-5ec0d68c28c9" "txad03111dd59a4c16b28e2-00695cd77e" "proxy-server 12" 0.0285 "-" 23 0
Jan 6 09:35:58 standalone proxy-server[123936]: 172.18.0.2 ::1 06/Jan/2026/09/35/58 PUT /v1/AUTH_c3584fad902c4095b48f95aff5c97c86/glance/21548e1b-8f9d-418f-883a-5ec0d68c28c9 HTTP/1.0 201 - python-swiftclient-3.11.1 gAAAAABpXNd7Ymvk... - - - txad03111dd59a4c16b28e2-00695cd77e - 0.0370 - - 1767692158.774985552 1767692158.811998606 0
Jan 6 09:35:59 standalone container-server[121811]: 172.20.0.100 - - [06/Jan/2026:09:35:59 +0000] "HEAD /d1/1023/AUTH_c3584fad902c4095b48f95aff5c97c86/gnocchi.8de4c2d7-6043-4a53-899a-2b975de0fc02" 404 - "HEAD http://localhost:8080/v1/AUTH_c3584fad902c4095b48f95aff5c97c86/gnocchi.8de4c2d7-6043-4a53-899a-2b975de0fc02?format=json&states=listing" "tx6469b2de525c49218958b-00695cd77f" "proxy-server 12" 0.0004 "-" 15 0
Jan 6 09:35:59 standalone object-server[121995]: 172.20.0.100 - - [06/Jan/2026:09:35:59 +0000] "GET /d1/359/AUTH_c3584fad902c4095b48f95aff5c97c86/gnocchi.8de4c2d7-6043-4a53-899a-2b975de0fc02/none_v3" 404 70 "GET http://localhost:8080/v1/AUTH_c3584fad902c4095b48f95aff5c97c86/gnocchi.8de4c2d7-6043-4a53-899a-2b975de0fc02/none_v3" "tx6469b2de525c49218958b-00695cd77f" "proxy-server 12" 0.0003 "-" 24 0
Jan 6 09:35:59 standalone proxy-server[123936]: 172.18.0.2 ::1 06/Jan/2026/09/35/59 GET /v1/AUTH_c3584fad902c4095b48f95aff5c97c86/gnocchi.8de4c2d7-6043-4a53-899a-2b975de0fc02/none_v3 HTTP/1.0 404 - python-swiftclient-3.11.1 gAAAAABpXNd_qBc0... - 70 - tx6469b2de525c49218958b-00695cd77f - 0.0629 - - 1767692159.550689697 1767692159.613554955 0
Jan 6 09:35:59 standalone account-server[121762]: 172.20.0.100 - - [06/Jan/2026:09:35:59 +0000] "PUT /d1/389/AUTH_c3584fad902c4095b48f95aff5c97c86/gnocchi.8de4c2d7-6043-4a53-899a-2b975de0fc02" 201 - "PUT http://172.20.0.100:6001/d1/1023/AUTH_c3584fad902c4095b48f95aff5c97c86/gnocchi.8de4c2d7-6043-4a53-899a-2b975de0fc02" "tx5366aa5ab406424881875-00695cd77f" "container-server 15" 0.0029 "-" 14 0
Jan 6 09:35:59 standalone container-server[121811]: 172.20.0.100 - - [06/Jan/2026:09:35:59 +0000] "PUT /d1/1023/AUTH_c3584fad902c4095b48f95aff5c97c86/gnocchi.8de4c2d7-6043-4a53-899a-2b975de0fc02" 201 - "PUT http://localhost:8080/v1/AUTH_c3584fad902c4095b48f95aff5c97c86/gnocchi.8de4c2d7-6043-4a53-899a-2b975de0fc02" "tx5366aa5ab406424881875-00695cd77f" "proxy-server 12" 0.0134 "-" 15 0
Jan 6 09:35:59 standalone proxy-server[123936]: 172.18.0.2 ::1 06/Jan/2026/09/35/59 PUT /v1/AUTH_c3584fad902c4095b48f95aff5c97c86/gnocchi.8de4c2d7-6043-4a53-899a-2b975de0fc02 HTTP/1.0 201 - python-swiftclient-3.11.1 gAAAAABpXNd_qBc0... - - - tx5366aa5ab406424881875-00695cd77f - 0.0190 - - 1767692159.617570639 1767692159.636577129 0
Jan 6 09:35:59 standalone container-server[121839]: 172.20.0.100 - - [06/Jan/2026:09:35:59 +0000] "HEAD /d1/1023/AUTH_c3584fad902c4095b48f95aff5c97c86/gnocchi.8de4c2d7-6043-4a53-899a-2b975de0fc02" 204 - "HEAD http://localhost:8080/v1/AUTH_c3584fad902c4095b48f95aff5c97c86/gnocchi.8de4c2d7-6043-4a53-899a-2b975de0fc02?format=json&states=listing" "tx68f8dd830c784c678bd4c-00695cd77f" "proxy-server 12" 0.0048 "-" 17 0
Jan 6 09:35:59 standalone proxy-server[123936]: - - 06/Jan/2026/09/35/59 HEAD /v1/AUTH_c3584fad902c4095b48f95aff5c97c86/gnocchi.8de4c2d7-6043-4a53-899a-2b975de0fc02%3Fformat%3Djson%26states%3Dlisting HTTP/1.0 204 - Swift - - - - tx68f8dd830c784c678bd4c-00695cd77f - 0.0100 RL - 1767692159.642510414 1767692159.652470589 0
Jan 6 09:35:59 standalone container-server[121839]: 172.20.0.100 - - [06/Jan/2026:09:35:59 +0000] "GET /d1/1023/AUTH_c3584fad902c4095b48f95aff5c97c86/gnocchi.8de4c2d7-6043-4a53-899a-2b975de0fc02" 200 2 "GET http://localhost:8080/v1/AUTH_c3584fad902c4095b48f95aff5c97c86/gnocchi.8de4c2d7-6043-4a53-899a-2b975de0fc02?format=json&states=listing" "tx68f8dd830c784c678bd4c-00695cd77f" "proxy-server 12" 0.0038 "-" 17 0
Jan 6 09:35:59 standalone proxy-server[123936]: 172.18.0.2 ::1 06/Jan/2026/09/35/59 GET /v1/AUTH_c3584fad902c4095b48f95aff5c97c86/gnocchi.8de4c2d7-6043-4a53-899a-2b975de0fc02%3Fformat%3Djson%26states%3Dlisting HTTP/1.0 200 - python-swiftclient-3.11.1 gAAAAABpXNd_qBc0... - 2 - tx68f8dd830c784c678bd4c-00695cd77f - 0.0238 - - 1767692159.640907526 1767692159.664672613 0
Jan 6 09:35:59 standalone object-server[121997]: 172.20.0.100 - - [06/Jan/2026:09:35:59 +0000] "GET /d1/142/AUTH_c3584fad902c4095b48f95aff5c97c86/gnocchi.8de4c2d7-6043-4a53-899a-2b975de0fc02/1766880000.0_mean_300.0_v3" 404 70 "GET http://localhost:8080/v1/AUTH_c3584fad902c4095b48f95aff5c97c86/gnocchi.8de4c2d7-6043-4a53-899a-2b975de0fc02/1766880000.0_mean_300.0_v3" "txdfc69306b0a94f60a7343-00695cd77f" "proxy-server 12" 0.0011 "-" 25 0
Jan 6 09:35:59 standalone proxy-server[123936]: 172.18.0.2 ::1 06/Jan/2026/09/35/59 GET /v1/AUTH_c3584fad902c4095b48f95aff5c97c86/gnocchi.8de4c2d7-6043-4a53-899a-2b975de0fc02/1766880000.0_mean_300.0_v3 HTTP/1.0 404 - python-swiftclient-3.11.1 gAAAAABpXNd_qBc0... - 70 - txdfc69306b0a94f60a7343-00695cd77f - 0.0083 - - 1767692159.668653488 1767692159.676935911 0
Jan 6 09:35:59 standalone container-server[121822]: 172.20.0.100 - - [06/Jan/2026:09:35:59 +0000] "PUT /d1/1023/AUTH_c3584fad902c4095b48f95aff5c97c86/gnocchi.8de4c2d7-6043-4a53-899a-2b975de0fc02/1766880000.0_mean_300.0_v3" 201 - "PUT http://localhost:8080/d1/142/AUTH_c3584fad902c4095b48f95aff5c97c86/gnocchi.8de4c2d7-6043-4a53-899a-2b975de0fc02/1766880000.0_mean_300.0_v3" "txd15fa9acbd614af5bb680-00695cd77f" "object-server 25" 0.0009 "-" 16 0
Jan 6 09:35:59 standalone object-server[121997]: 172.20.0.100 - - [06/Jan/2026:09:35:59 +0000] "PUT /d1/142/AUTH_c3584fad902c4095b48f95aff5c97c86/gnocchi.8de4c2d7-6043-4a53-899a-2b975de0fc02/1766880000.0_mean_300.0_v3" 201 - "PUT http://localhost:8080/v1/AUTH_c3584fad902c4095b48f95aff5c97c86/gnocchi.8de4c2d7-6043-4a53-899a-2b975de0fc02/1766880000.0_mean_300.0_v3" "txd15fa9acbd614af5bb680-00695cd77f" "proxy-server 12" 0.0351 "-" 25 0
Jan 6 09:35:59 standalone proxy-server[123936]: 172.18.0.2 ::1 06/Jan/2026/09/35/59 PUT /v1/AUTH_c3584fad902c4095b48f95aff5c97c86/gnocchi.8de4c2d7-6043-4a53-899a-2b975de0fc02/1766880000.0_mean_300.0_v3 HTTP/1.0 201 - python-swiftclient-3.11.1 gAAAAABpXNd_qBc0... 16 - - txd15fa9acbd614af5bb680-00695cd77f - 0.0428 - - 1767692159.679724693 1767692159.722535133 0
Jan 6 09:35:59 standalone container-server[121811]: 172.20.0.100 - - [06/Jan/2026:09:35:59 +0000] "PUT /d1/1023/AUTH_c3584fad902c4095b48f95aff5c97c86/gnocchi.8de4c2d7-6043-4a53-899a-2b975de0fc02/none_v3" 201 - "PUT http://localhost:8080/d1/359/AUTH_c3584fad902c4095b48f95aff5c97c86/gnocchi.8de4c2d7-6043-4a53-899a-2b975de0fc02/none_v3" "txaf84fffb5b114bac9a5f5-00695cd77f" "object-server 22" 0.0004 "-" 15 0
Jan 6 09:35:59 standalone object-server[121993]: 172.20.0.100 - - [06/Jan/2026:09:35:59 +0000] "PUT /d1/359/AUTH_c3584fad902c4095b48f95aff5c97c86/gnocchi.8de4c2d7-6043-4a53-899a-2b975de0fc02/none_v3" 201 - "PUT http://localhost:8080/v1/AUTH_c3584fad902c4095b48f95aff5c97c86/gnocchi.8de4c2d7-6043-4a53-899a-2b975de0fc02/none_v3" "txaf84fffb5b114bac9a5f5-00695cd77f" "proxy-server 12" 0.0144 "-" 22 0
Jan 6 09:35:59 standalone proxy-server[123936]: 172.18.0.2 ::1 06/Jan/2026/09/35/59 PUT /v1/AUTH_c3584fad902c4095b48f95aff5c97c86/gnocchi.8de4c2d7-6043-4a53-899a-2b975de0fc02/none_v3 HTTP/1.0 201 - python-swiftclient-3.11.1 gAAAAABpXNd_qBc0... 22 - - txaf84fffb5b114bac9a5f5-00695cd77f - 0.0217 - - 1767692159.725661278 1767692159.747362375 0
Jan 6 09:36:29 standalone object-server[121995]: 172.20.0.100 - - [06/Jan/2026:09:36:29 +0000] "GET /d1/359/AUTH_c3584fad902c4095b48f95aff5c97c86/gnocchi.8de4c2d7-6043-4a53-899a-2b975de0fc02/none_v3" 200 22 "GET http://localhost:8080/v1/AUTH_c3584fad902c4095b48f95aff5c97c86/gnocchi.8de4c2d7-6043-4a53-899a-2b975de0fc02/none_v3" "tx518e227d5f4045be988f5-00695cd79d" "proxy-server 12" 0.0008 "-" 24 0
Jan 6 09:36:29 standalone proxy-server[123936]: 172.18.0.2 ::1 06/Jan/2026/09/36/29 GET /v1/AUTH_c3584fad902c4095b48f95aff5c97c86/gnocchi.8de4c2d7-6043-4a53-899a-2b975de0fc02/none_v3 HTTP/1.0 200 - python-swiftclient-3.11.1 gAAAAABpXNd_qBc0... - 22 - tx518e227d5f4045be988f5-00695cd79d - 0.0073 - - 1767692189.112288237 1767692189.119560480 0
Jan 6 09:36:29 standalone container-server[121810]: 172.20.0.100 - - [06/Jan/2026:09:36:29 +0000] "GET /d1/1023/AUTH_c3584fad902c4095b48f95aff5c97c86/gnocchi.8de4c2d7-6043-4a53-899a-2b975de0fc02" 200 357 "GET http://localhost:8080/v1/AUTH_c3584fad902c4095b48f95aff5c97c86/gnocchi.8de4c2d7-6043-4a53-899a-2b975de0fc02?format=json&states=listing" "tx5ad0e933989e4d6d8c9bf-00695cd79d" "proxy-server 12" 0.0161 "-" 14 0
Jan 6 09:36:29 standalone proxy-server[123936]: 172.18.0.2 ::1 06/Jan/2026/09/36/29 GET /v1/AUTH_c3584fad902c4095b48f95aff5c97c86/gnocchi.8de4c2d7-6043-4a53-899a-2b975de0fc02%3Fformat%3Djson%26states%3Dlisting HTTP/1.0 200 - python-swiftclient-3.11.1 gAAAAABpXNd_qBc0... - 357 - tx5ad0e933989e4d6d8c9bf-00695cd79d - 0.0244 - - 1767692189.124460459 1767692189.148856163 0
Jan 6 09:36:29 standalone container-server[121822]: 172.20.0.100 - - [06/Jan/2026:09:36:29 +0000] "GET /d1/1023/AUTH_c3584fad902c4095b48f95aff5c97c86/gnocchi.8de4c2d7-6043-4a53-899a-2b975de0fc02" 200 2 "GET http://localhost:8080/v1/AUTH_c3584fad902c4095b48f95aff5c97c86/gnocchi.8de4c2d7-6043-4a53-899a-2b975de0fc02?format=json&marker=none_v3&states=listing" "txd3a7871684aa4175ba633-00695cd79d" "proxy-server 12" 0.0087 "-" 16 0
Jan 6 09:36:29 standalone proxy-server[123936]: 172.18.0.2 ::1 06/Jan/2026/09/36/29 GET /v1/AUTH_c3584fad902c4095b48f95aff5c97c86/gnocchi.8de4c2d7-6043-4a53-899a-2b975de0fc02%3Fformat%3Djson%26marker%3Dnone_v3%26states%3Dlisting HTTP/1.0 200 - python-swiftclient-3.11.1 gAAAAABpXNd_qBc0... - 2 - txd3a7871684aa4175ba633-00695cd79d - 0.0149 - - 1767692189.152525425 1767692189.167421341 0
Jan 6 09:36:29 standalone object-server[121993]: 172.20.0.100 - - [06/Jan/2026:09:36:29 +0000] "GET /d1/142/AUTH_c3584fad902c4095b48f95aff5c97c86/gnocchi.8de4c2d7-6043-4a53-899a-2b975de0fc02/1766880000.0_mean_300.0_v3" 200 16 "GET http://localhost:8080/v1/AUTH_c3584fad902c4095b48f95aff5c97c86/gnocchi.8de4c2d7-6043-4a53-899a-2b975de0fc02/1766880000.0_mean_300.0_v3" "tx26501fb4a49d4591a9d8d-00695cd79d" "proxy-server 12" 0.0012 "-" 22 0
Jan 6 09:36:29 standalone proxy-server[123936]: 172.18.0.2 ::1 06/Jan/2026/09/36/29 GET /v1/AUTH_c3584fad902c4095b48f95aff5c97c86/gnocchi.8de4c2d7-6043-4a53-899a-2b975de0fc02/1766880000.0_mean_300.0_v3 HTTP/1.0 200 - python-swiftclient-3.11.1 gAAAAABpXNd_qBc0... - 16 - tx26501fb4a49d4591a9d8d-00695cd79d - 0.0084 - - 1767692189.171196222 1767692189.179606676 0
Jan 6 09:36:29 standalone container-server[121811]: 172.20.0.100 - - [06/Jan/2026:09:36:29 +0000] "PUT /d1/1023/AUTH_c3584fad902c4095b48f95aff5c97c86/gnocchi.8de4c2d7-6043-4a53-899a-2b975de0fc02/1766880000.0_mean_300.0_v3" 201 - "PUT http://localhost:8080/d1/142/AUTH_c3584fad902c4095b48f95aff5c97c86/gnocchi.8de4c2d7-6043-4a53-899a-2b975de0fc02/1766880000.0_mean_300.0_v3" "txc723efe1546445dc8c2a2-00695cd79d" "object-server 23" 0.0005 "-" 15 0
Jan 6 09:36:29 standalone object-server[121994]: 172.20.0.100 - - [06/Jan/2026:09:36:29 +0000] "PUT /d1/142/AUTH_c3584fad902c4095b48f95aff5c97c86/gnocchi.8de4c2d7-6043-4a53-899a-2b975de0fc02/1766880000.0_mean_300.0_v3" 201 - "PUT http://localhost:8080/v1/AUTH_c3584fad902c4095b48f95aff5c97c86/gnocchi.8de4c2d7-6043-4a53-899a-2b975de0fc02/1766880000.0_mean_300.0_v3" "txc723efe1546445dc8c2a2-00695cd79d" "proxy-server 12" 0.0178 "-" 23 0
Jan 6 09:36:29 standalone proxy-server[123936]: 172.18.0.2 ::1 06/Jan/2026/09/36/29 PUT /v1/AUTH_c3584fad902c4095b48f95aff5c97c86/gnocchi.8de4c2d7-6043-4a53-899a-2b975de0fc02/1766880000.0_mean_300.0_v3 HTTP/1.0 201 - python-swiftclient-3.11.1 gAAAAABpXNd_qBc0... 16 - - txc723efe1546445dc8c2a2-00695cd79d - 0.0272 - - 1767692189.183340073 1767692189.210549831 0
Jan 6 09:36:29 standalone container-server[121839]: 172.20.0.100 - - [06/Jan/2026:09:36:29 +0000] "PUT /d1/1023/AUTH_c3584fad902c4095b48f95aff5c97c86/gnocchi.8de4c2d7-6043-4a53-899a-2b975de0fc02/none_v3" 201 - "PUT http://localhost:8080/d1/359/AUTH_c3584fad902c4095b48f95aff5c97c86/gnocchi.8de4c2d7-6043-4a53-899a-2b975de0fc02/none_v3" "txa2930625cb0c417fbe4f5-00695cd79d" "object-server 25" 0.0005 "-" 17 0
Jan 6 09:36:29 standalone object-server[121997]: 172.20.0.100 - - [06/Jan/2026:09:36:29 +0000] "PUT /d1/359/AUTH_c3584fad902c4095b48f95aff5c97c86/gnocchi.8de4c2d7-6043-4a53-899a-2b975de0fc02/none_v3" 201 - "PUT http://localhost:8080/v1/AUTH_c3584fad902c4095b48f95aff5c97c86/gnocchi.8de4c2d7-6043-4a53-899a-2b975de0fc02/none_v3" "txa2930625cb0c417fbe4f5-00695cd79d" "proxy-server 12" 0.0240 "-" 25 0
Jan 6 09:36:29 standalone proxy-server[123936]: 172.18.0.2 ::1 06/Jan/2026/09/36/29 PUT /v1/AUTH_c3584fad902c4095b48f95aff5c97c86/gnocchi.8de4c2d7-6043-4a53-899a-2b975de0fc02/none_v3 HTTP/1.0 201 - python-swiftclient-3.11.1 gAAAAABpXNd_qBc0... 32 - - txa2930625cb0c417fbe4f5-00695cd79d - 0.0303 - - 1767692189.219557285 1767692189.249860764 0
Jan 6 09:37:03 standalone account-server[121775]: 172.20.0.100 - - [06/Jan/2026:09:37:03 +0000] "HEAD /d1/389/AUTH_c3584fad902c4095b48f95aff5c97c86" 204 - "HEAD http://localhost:8080/v1/AUTH_c3584fad902c4095b48f95aff5c97c86?format=json" "tx86bee31aecf0486a8ec60-00695cd7bf" "proxy-server 12" 0.0080 "-" 16 -
Jan 6 09:37:03 standalone proxy-server[123936]: - - 06/Jan/2026/09/37/03 HEAD /v1/AUTH_c3584fad902c4095b48f95aff5c97c86%3Fformat%3Djson HTTP/1.0 204 - Swift - - - - tx86bee31aecf0486a8ec60-00695cd7bf - 0.0146 RL - 1767692223.495606899 1767692223.510216713 -
Jan 6 09:37:03 standalone container-server[121839]: 172.20.0.100 - - [06/Jan/2026:09:37:03 +0000] "HEAD /d1/943/AUTH_c3584fad902c4095b48f95aff5c97c86/glance" 204 - "HEAD http://localhost:8080/v1/AUTH_c3584fad902c4095b48f95aff5c97c86/glance?format=json&states=listing" "tx86bee31aecf0486a8ec60-00695cd7bf" "proxy-server 12" 0.0143 "-" 17 0
Jan 6 09:37:03 standalone object-server[121994]: 172.20.0.100 - - [06/Jan/2026:09:37:03 +0000] "GET /d1/686/AUTH_c3584fad902c4095b48f95aff5c97c86/glance/21548e1b-8f9d-418f-883a-5ec0d68c28c9" 200 - "GET http://localhost:8080/v1/AUTH_c3584fad902c4095b48f95aff5c97c86/glance/21548e1b-8f9d-418f-883a-5ec0d68c28c9" "tx86bee31aecf0486a8ec60-00695cd7bf" "proxy-server 12" 0.0013 "-" 23 0
Jan 6 09:37:03 standalone container-server[121810]: 172.20.0.100 - - [06/Jan/2026:09:37:03 +0000] "GET /d1/943/AUTH_c3584fad902c4095b48f95aff5c97c86/glance" 200 210 "GET http://localhost:8080/v1/AUTH_c3584fad902c4095b48f95aff5c97c86/glance?prefix=21548e1b-8f9d-418f-883a-5ec0d68c28c9-&format=json&states=listing" "tx86bee31aecf0486a8ec60-00695cd7bf" "proxy-server 12" 0.0033 "-" 14 0
Jan 6 09:37:03 standalone proxy-server[123936]: - - 06/Jan/2026/09/37/03 GET /v1/AUTH_c3584fad902c4095b48f95aff5c97c86/glance%3Fprefix%3D21548e1b-8f9d-418f-883a-5ec0d68c28c9-%26format%3Djson%26states%3Dlisting HTTP/1.0 200 - python-swiftclient-3.11.1%20DLO%20MultipartGET gAAAAABpXNe_fUSZ... - 210 - tx86bee31aecf0486a8ec60-00695cd7bf - 0.0156 DLO - 1767692223.636048794 1767692223.651696682 0
Jan 6 09:37:03 standalone object-server[121997]: 172.20.0.100 - - [06/Jan/2026:09:37:03 +0000] "GET /d1/118/AUTH_c3584fad902c4095b48f95aff5c97c86/glance/21548e1b-8f9d-418f-883a-5ec0d68c28c9-00001" 200 21692416 "GET http://localhost:8080/v1/AUTH_c3584fad902c4095b48f95aff5c97c86/glance/21548e1b-8f9d-418f-883a-5ec0d68c28c9-00001?multipart-manifest=get" "tx86bee31aecf0486a8ec60-00695cd7bf" "proxy-server 12" 0.0007 "-" 25 0
Jan 6 09:37:03 standalone proxy-server[123936]: - - 06/Jan/2026/09/37/03 GET /v1/AUTH_c3584fad902c4095b48f95aff5c97c86/glance/21548e1b-8f9d-418f-883a-5ec0d68c28c9-00001%3Fmultipart-manifest%3Dget HTTP/1.0 200 - python-swiftclient-3.11.1%20%20DLO%20MultipartGET gAAAAABpXNe_fUSZ... - 21692416 - tx86bee31aecf0486a8ec60-00695cd7bf - 0.0804 DLO - 1767692223.652579308 1767692223.732937098 0
Jan 6 09:37:03 standalone proxy-server[123936]: 172.18.0.2 ::1 06/Jan/2026/09/37/03 GET /v1/AUTH_c3584fad902c4095b48f95aff5c97c86/glance/21548e1b-8f9d-418f-883a-5ec0d68c28c9 HTTP/1.0 200 - python-swiftclient-3.11.1 gAAAAABpXNe_fUSZ... - 21692416 - tx86bee31aecf0486a8ec60-00695cd7bf - 0.2391 - - 1767692223.494259596 1767692223.733407736 0
Jan 6 09:37:04 standalone container-server[121839]: 172.20.0.100 - - [06/Jan/2026:09:37:04 +0000] "HEAD /d1/506/AUTH_c3584fad902c4095b48f95aff5c97c86/gnocchi.b39e4ae5-b51f-41cc-87a4-bf805dd0f9b4" 404 - "HEAD http://localhost:8080/v1/AUTH_c3584fad902c4095b48f95aff5c97c86/gnocchi.b39e4ae5-b51f-41cc-87a4-bf805dd0f9b4?format=json&states=listing" "txbfd800822bc64f9d8395a-00695cd7c0" "proxy-server 12" 0.0005 "-" 17 0
Jan 6 09:37:04 standalone object-server[121997]: 172.20.0.100 - - [06/Jan/2026:09:37:04 +0000] "GET /d1/262/AUTH_c3584fad902c4095b48f95aff5c97c86/gnocchi.b39e4ae5-b51f-41cc-87a4-bf805dd0f9b4/none_v3" 404 70 "GET http://localhost:8080/v1/AUTH_c3584fad902c4095b48f95aff5c97c86/gnocchi.b39e4ae5-b51f-41cc-87a4-bf805dd0f9b4/none_v3" "txbfd800822bc64f9d8395a-00695cd7c0" "proxy-server 12" 0.0005 "-" 25 0
Jan 6 09:37:04 standalone proxy-server[123936]: 172.18.0.2 ::1 06/Jan/2026/09/37/04 GET /v1/AUTH_c3584fad902c4095b48f95aff5c97c86/gnocchi.b39e4ae5-b51f-41cc-87a4-bf805dd0f9b4/none_v3 HTTP/1.0 404 - python-swiftclient-3.11.1 gAAAAABpXNd_qBc0... - 70 - txbfd800822bc64f9d8395a-00695cd7c0 - 0.0130 - - 1767692224.068464994 1767692224.081418514 0
Jan 6 09:37:04 standalone account-server[121762]: 172.20.0.100 - - [06/Jan/2026:09:37:04 +0000] "PUT /d1/389/AUTH_c3584fad902c4095b48f95aff5c97c86/gnocchi.b39e4ae5-b51f-41cc-87a4-bf805dd0f9b4" 201 - "PUT http://172.20.0.100:6001/d1/506/AUTH_c3584fad902c4095b48f95aff5c97c86/gnocchi.b39e4ae5-b51f-41cc-87a4-bf805dd0f9b4" "tx613b0173d6704f789a3cc-00695cd7c0" "container-server 16" 0.0026 "-" 14 0
Jan 6 09:37:04 standalone container-server[121822]: 172.20.0.100 - - [06/Jan/2026:09:37:04 +0000] "PUT /d1/506/AUTH_c3584fad902c4095b48f95aff5c97c86/gnocchi.b39e4ae5-b51f-41cc-87a4-bf805dd0f9b4" 201 - "PUT http://localhost:8080/v1/AUTH_c3584fad902c4095b48f95aff5c97c86/gnocchi.b39e4ae5-b51f-41cc-87a4-bf805dd0f9b4" "tx613b0173d6704f789a3cc-00695cd7c0" "proxy-server 12" 0.0498 "-" 16 0
Jan 6 09:37:04 standalone proxy-server[123936]: 172.18.0.2 ::1 06/Jan/2026/09/37/04 PUT /v1/AUTH_c3584fad902c4095b48f95aff5c97c86/gnocchi.b39e4ae5-b51f-41cc-87a4-bf805dd0f9b4 HTTP/1.0 201 - python-swiftclient-3.11.1 gAAAAABpXNd_qBc0... - - - tx613b0173d6704f789a3cc-00695cd7c0 - 0.0570 - - 1767692224.085819721 1767692224.142857075 0
Jan 6 09:37:04 standalone container-server[121822]: 172.20.0.100 - - [06/Jan/2026:09:37:04 +0000] "HEAD /d1/506/AUTH_c3584fad902c4095b48f95aff5c97c86/gnocchi.b39e4ae5-b51f-41cc-87a4-bf805dd0f9b4" 204 - "HEAD http://localhost:8080/v1/AUTH_c3584fad902c4095b48f95aff5c97c86/gnocchi.b39e4ae5-b51f-41cc-87a4-bf805dd0f9b4?format=json&states=listing" "txff58f6e4fda14435b8041-00695cd7c0" "proxy-server 12" 0.0019 "-" 16 0
Jan 6 09:37:04 standalone proxy-server[123936]: - - 06/Jan/2026/09/37/04 HEAD /v1/AUTH_c3584fad902c4095b48f95aff5c97c86/gnocchi.b39e4ae5-b51f-41cc-87a4-bf805dd0f9b4%3Fformat%3Djson%26states%3Dlisting HTTP/1.0 204 - Swift - - - - txff58f6e4fda14435b8041-00695cd7c0 - 0.0056 RL - 1767692224.148791313 1767692224.154380083 0
Jan 6 09:37:04 standalone container-server[121811]: 172.20.0.100 - - [06/Jan/2026:09:37:04 +0000] "GET /d1/506/AUTH_c3584fad902c4095b48f95aff5c97c86/gnocchi.b39e4ae5-b51f-41cc-87a4-bf805dd0f9b4" 200 2 "GET http://localhost:8080/v1/AUTH_c3584fad902c4095b48f95aff5c97c86/gnocchi.b39e4ae5-b51f-41cc-87a4-bf805dd0f9b4?format=json&states=listing" "txff58f6e4fda14435b8041-00695cd7c0" "proxy-server 12" 0.0043 "-" 15 0
Jan 6 09:37:04 standalone proxy-server[123936]: 172.18.0.2 ::1 06/Jan/2026/09/37/04 GET /v1/AUTH_c3584fad902c4095b48f95aff5c97c86/gnocchi.b39e4ae5-b51f-41cc-87a4-bf805dd0f9b4%3Fformat%3Djson%26states%3Dlisting HTTP/1.0 200 - python-swiftclient-3.11.1 gAAAAABpXNd_qBc0... - 2 - txff58f6e4fda14435b8041-00695cd7c0 - 0.0182 - - 1767692224.147408962 1767692224.165614367 0
Jan 6 09:37:04 standalone object-server[121995]: 172.20.0.100 - - [06/Jan/2026:09:37:04 +0000] "GET /d1/337/AUTH_c3584fad902c4095b48f95aff5c97c86/gnocchi.b39e4ae5-b51f-41cc-87a4-bf805dd0f9b4/1766880000.0_mean_300.0_v3" 404 70 "GET http://localhost:8080/v1/AUTH_c3584fad902c4095b48f95aff5c97c86/gnocchi.b39e4ae5-b51f-41cc-87a4-bf805dd0f9b4/1766880000.0_mean_300.0_v3" "txf5910093cad44521a777b-00695cd7c0" "proxy-server 12" 0.0007 "-" 24 0
Jan 6 09:37:04 standalone proxy-server[123936]: 172.18.0.2 ::1 06/Jan/2026/09/37/04 GET /v1/AUTH_c3584fad902c4095b48f95aff5c97c86/gnocchi.b39e4ae5-b51f-41cc-87a4-bf805dd0f9b4/1766880000.0_mean_300.0_v3 HTTP/1.0 404 - python-swiftclient-3.11.1 gAAAAABpXNd_qBc0... - 70 - txf5910093cad44521a777b-00695cd7c0 - 0.0078 - - 1767692224.170256615 1767692224.178033352 0
Jan 6 09:37:04 standalone container-server[121822]: 172.20.0.100 - - [06/Jan/2026:09:37:04 +0000] "PUT /d1/506/AUTH_c3584fad902c4095b48f95aff5c97c86/gnocchi.b39e4ae5-b51f-41cc-87a4-bf805dd0f9b4/1766880000.0_mean_300.0_v3" 201 - "PUT http://localhost:8080/d1/337/AUTH_c3584fad902c4095b48f95aff5c97c86/gnocchi.b39e4ae5-b51f-41cc-87a4-bf805dd0f9b4/1766880000.0_mean_300.0_v3" "txfe21d68857ec48c28b8ab-00695cd7c0" "object-server 22" 0.0008 "-" 16 0
Jan 6 09:37:04 standalone object-server[121993]: 172.20.0.100 - - [06/Jan/2026:09:37:04 +0000] "PUT /d1/337/AUTH_c3584fad902c4095b48f95aff5c97c86/gnocchi.b39e4ae5-b51f-41cc-87a4-bf805dd0f9b4/1766880000.0_mean_300.0_v3" 201 - "PUT http://localhost:8080/v1/AUTH_c3584fad902c4095b48f95aff5c97c86/gnocchi.b39e4ae5-b51f-41cc-87a4-bf805dd0f9b4/1766880000.0_mean_300.0_v3" "txfe21d68857ec48c28b8ab-00695cd7c0" "proxy-server 12" 0.0464 "-" 22 0
Jan 6 09:37:04 standalone proxy-server[123936]: 172.18.0.2 ::1 06/Jan/2026/09/37/04 PUT /v1/AUTH_c3584fad902c4095b48f95aff5c97c86/gnocchi.b39e4ae5-b51f-41cc-87a4-bf805dd0f9b4/1766880000.0_mean_300.0_v3 HTTP/1.0 201 - python-swiftclient-3.11.1 gAAAAABpXNd_qBc0... 16 - - txfe21d68857ec48c28b8ab-00695cd7c0 - 0.0538 - - 1767692224.181755543 1767692224.235510111 0
Jan 6 09:37:04 standalone container-server[121822]: 172.20.0.100 - - [06/Jan/2026:09:37:04 +0000] "PUT /d1/506/AUTH_c3584fad902c4095b48f95aff5c97c86/gnocchi.b39e4ae5-b51f-41cc-87a4-bf805dd0f9b4/none_v3" 201 - "PUT http://localhost:8080/d1/262/AUTH_c3584fad902c4095b48f95aff5c97c86/gnocchi.b39e4ae5-b51f-41cc-87a4-bf805dd0f9b4/none_v3" "tx96470f43e6094e89b389a-00695cd7c0" "object-server 22" 0.0008 "-" 16 0
Jan 6 09:37:04 standalone object-server[121993]: 172.20.0.100 - - [06/Jan/2026:09:37:04 +0000] "PUT /d1/262/AUTH_c3584fad902c4095b48f95aff5c97c86/gnocchi.b39e4ae5-b51f-41cc-87a4-bf805dd0f9b4/none_v3" 201 - "PUT http://localhost:8080/v1/AUTH_c3584fad902c4095b48f95aff5c97c86/gnocchi.b39e4ae5-b51f-41cc-87a4-bf805dd0f9b4/none_v3" "tx96470f43e6094e89b389a-00695cd7c0" "proxy-server 12" 0.0232 "-" 22 0
Jan 6 09:37:04 standalone proxy-server[123936]: 172.18.0.2 ::1 06/Jan/2026/09/37/04 PUT /v1/AUTH_c3584fad902c4095b48f95aff5c97c86/gnocchi.b39e4ae5-b51f-41cc-87a4-bf805dd0f9b4/none_v3 HTTP/1.0 201 - python-swiftclient-3.11.1 gAAAAABpXNd_qBc0... 22 - - tx96470f43e6094e89b389a-00695cd7c0 - 0.0304 - - 1767692224.239928007 1767692224.270334244 0
Jan 6 09:37:04 standalone container-server[121811]: 172.20.0.100 - - [06/Jan/2026:09:37:04 +0000] "HEAD /d1/240/AUTH_c3584fad902c4095b48f95aff5c97c86/gnocchi.6436fba8-f976-44e4-a8ee-e47aecbb8595" 404 - "HEAD http://localhost:8080/v1/AUTH_c3584fad902c4095b48f95aff5c97c86/gnocchi.6436fba8-f976-44e4-a8ee-e47aecbb8595?format=json&states=listing" "tx36926fa441da4a5f957a3-00695cd7c0" "proxy-server 12" 0.0005 "-" 15 0
Jan 6 09:37:04 standalone object-server[121995]: 172.20.0.100 - - [06/Jan/2026:09:37:04 +0000] "GET /d1/1009/AUTH_c3584fad902c4095b48f95aff5c97c86/gnocchi.6436fba8-f976-44e4-a8ee-e47aecbb8595/none_v3" 404 70 "GET http://localhost:8080/v1/AUTH_c3584fad902c4095b48f95aff5c97c86/gnocchi.6436fba8-f976-44e4-a8ee-e47aecbb8595/none_v3" "tx36926fa441da4a5f957a3-00695cd7c0" "proxy-server 12" 0.0007 "-" 24 0
Jan 6 09:37:04 standalone proxy-server[123936]: 172.18.0.2 ::1 06/Jan/2026/09/37/04 GET /v1/AUTH_c3584fad902c4095b48f95aff5c97c86/gnocchi.6436fba8-f976-44e4-a8ee-e47aecbb8595/none_v3 HTTP/1.0 404 - python-swiftclient-3.11.1 gAAAAABpXNd_qBc0... - 70 - tx36926fa441da4a5f957a3-00695cd7c0 - 0.0142 - - 1767692224.284279585 1767692224.298474312 0
Jan 6 09:37:04 standalone account-server[121775]: 172.20.0.100 - - [06/Jan/2026:09:37:04 +0000] "PUT /d1/389/AUTH_c3584fad902c4095b48f95aff5c97c86/gnocchi.6436fba8-f976-44e4-a8ee-e47aecbb8595" 201 - "PUT http://172.20.0.100:6001/d1/240/AUTH_c3584fad902c4095b48f95aff5c97c86/gnocchi.6436fba8-f976-44e4-a8ee-e47aecbb8595" "tx2be8642ddb84448da545c-00695cd7c0" "container-server 16" 0.0055 "-" 16 0
Jan 6 09:37:04 standalone container-server[121822]: 172.20.0.100 - - [06/Jan/2026:09:37:04 +0000] "PUT /d1/240/AUTH_c3584fad902c4095b48f95aff5c97c86/gnocchi.6436fba8-f976-44e4-a8ee-e47aecbb8595" 201 - "PUT http://localhost:8080/v1/AUTH_c3584fad902c4095b48f95aff5c97c86/gnocchi.6436fba8-f976-44e4-a8ee-e47aecbb8595" "tx2be8642ddb84448da545c-00695cd7c0" "proxy-server 12" 0.0210 "-" 16 0
Jan 6 09:37:04 standalone proxy-server[123936]: 172.18.0.2 ::1 06/Jan/2026/09/37/04 PUT /v1/AUTH_c3584fad902c4095b48f95aff5c97c86/gnocchi.6436fba8-f976-44e4-a8ee-e47aecbb8595 HTTP/1.0 201 - python-swiftclient-3.11.1 gAAAAABpXNd_qBc0... - - - tx2be8642ddb84448da545c-00695cd7c0 - 0.0292 - - 1767692224.302970648 1767692224.332144976 0
Jan 6 09:37:04 standalone container-server[121810]: 172.20.0.100 - - [06/Jan/2026:09:37:04 +0000] "HEAD /d1/240/AUTH_c3584fad902c4095b48f95aff5c97c86/gnocchi.6436fba8-f976-44e4-a8ee-e47aecbb8595" 204 - "HEAD http://localhost:8080/v1/AUTH_c3584fad902c4095b48f95aff5c97c86/gnocchi.6436fba8-f976-44e4-a8ee-e47aecbb8595?format=json&states=listing" "tx257e901090c440c894769-00695cd7c0" "proxy-server 12" 0.0027 "-" 14 0
Jan 6 09:37:04 standalone proxy-server[123936]: - - 06/Jan/2026/09/37/04 HEAD /v1/AUTH_c3584fad902c4095b48f95aff5c97c86/gnocchi.6436fba8-f976-44e4-a8ee-e47aecbb8595%3Fformat%3Djson%26states%3Dlisting HTTP/1.0 204 - Swift - - - - tx257e901090c440c894769-00695cd7c0 - 0.0092 RL - 1767692224.339008093 1767692224.348202467 0
Jan 6 09:37:04 standalone container-server[121811]: 172.20.0.100 - - [06/Jan/2026:09:37:04 +0000] "GET /d1/240/AUTH_c3584fad902c4095b48f95aff5c97c86/gnocchi.6436fba8-f976-44e4-a8ee-e47aecbb8595" 200 2 "GET http://localhost:8080/v1/AUTH_c3584fad902c4095b48f95aff5c97c86/gnocchi.6436fba8-f976-44e4-a8ee-e47aecbb8595?format=json&states=listing" "tx257e901090c440c894769-00695cd7c0" "proxy-server 12" 0.0033 "-" 15 0
Jan 6 09:37:04 standalone proxy-server[123936]: 172.18.0.2 ::1 06/Jan/2026/09/37/04 GET /v1/AUTH_c3584fad902c4095b48f95aff5c97c86/gnocchi.6436fba8-f976-44e4-a8ee-e47aecbb8595%3Fformat%3Djson%26states%3Dlisting HTTP/1.0 200 - python-swiftclient-3.11.1 gAAAAABpXNd_qBc0... - 2 - tx257e901090c440c894769-00695cd7c0 - 0.0250 - - 1767692224.337454081 1767692224.362481594 0
Jan 6 09:37:04 standalone object-server[121994]: 172.20.0.100 - - [06/Jan/2026:09:37:04 +0000] "GET /d1/979/AUTH_c3584fad902c4095b48f95aff5c97c86/gnocchi.6436fba8-f976-44e4-a8ee-e47aecbb8595/1766880000.0_mean_300.0_v3" 404 70 "GET http://localhost:8080/v1/AUTH_c3584fad902c4095b48f95aff5c97c86/gnocchi.6436fba8-f976-44e4-a8ee-e47aecbb8595/1766880000.0_mean_300.0_v3" "txefd3684618504cc5aadf3-00695cd7c0" "proxy-server 12" 0.0004 "-" 23 0
Jan 6 09:37:04 standalone proxy-server[123936]: 172.18.0.2 ::1 06/Jan/2026/09/37/04 GET /v1/AUTH_c3584fad902c4095b48f95aff5c97c86/gnocchi.6436fba8-f976-44e4-a8ee-e47aecbb8595/1766880000.0_mean_300.0_v3 HTTP/1.0 404 - python-swiftclient-3.11.1 gAAAAABpXNd_qBc0... - 70 - txefd3684618504cc5aadf3-00695cd7c0 - 0.0095 - - 1767692224.368620634 1767692224.378160715 0
Jan 6 09:37:04 standalone container-server[121839]: 172.20.0.100 - - [06/Jan/2026:09:37:04 +0000] "PUT /d1/240/AUTH_c3584fad902c4095b48f95aff5c97c86/gnocchi.6436fba8-f976-44e4-a8ee-e47aecbb8595/1766880000.0_mean_300.0_v3" 201 - "PUT http://localhost:8080/d1/979/AUTH_c3584fad902c4095b48f95aff5c97c86/gnocchi.6436fba8-f976-44e4-a8ee-e47aecbb8595/1766880000.0_mean_300.0_v3" "txb75b4c1e8d014dd5b78b2-00695cd7c0" "object-server 25" 0.0007 "-" 17 0
Jan 6 09:37:04 standalone object-server[121997]: 172.20.0.100 - - [06/Jan/2026:09:37:04 +0000] "PUT /d1/979/AUTH_c3584fad902c4095b48f95aff5c97c86/gnocchi.6436fba8-f976-44e4-a8ee-e47aecbb8595/1766880000.0_mean_300.0_v3" 201 - "PUT http://localhost:8080/v1/AUTH_c3584fad902c4095b48f95aff5c97c86/gnocchi.6436fba8-f976-44e4-a8ee-e47aecbb8595/1766880000.0_mean_300.0_v3" "txb75b4c1e8d014dd5b78b2-00695cd7c0" "proxy-server 12" 0.0092 "-" 25 0
Jan 6 09:37:04 standalone proxy-server[123936]: 172.18.0.2 ::1 06/Jan/2026/09/37/04 PUT /v1/AUTH_c3584fad902c4095b48f95aff5c97c86/gnocchi.6436fba8-f976-44e4-a8ee-e47aecbb8595/1766880000.0_mean_300.0_v3 HTTP/1.0 201 - python-swiftclient-3.11.1 gAAAAABpXNd_qBc0... 16 - - txb75b4c1e8d014dd5b78b2-00695cd7c0 - 0.0188 - - 1767692224.383838654 1767692224.402616978 0
Jan 6 09:37:04 standalone container-server[121839]: 172.20.0.100 - - [06/Jan/2026:09:37:04 +0000] "PUT /d1/240/AUTH_c3584fad902c4095b48f95aff5c97c86/gnocchi.6436fba8-f976-44e4-a8ee-e47aecbb8595/none_v3" 201 - "PUT http://localhost:8080/d1/1009/AUTH_c3584fad902c4095b48f95aff5c97c86/gnocchi.6436fba8-f976-44e4-a8ee-e47aecbb8595/none_v3" "txc90456d4c575495fb214a-00695cd7c0" "object-server 25" 0.0010 "-" 17 0
Jan 6 09:37:04 standalone object-server[121997]: 172.20.0.100 - - [06/Jan/2026:09:37:04 +0000] "PUT /d1/1009/AUTH_c3584fad902c4095b48f95aff5c97c86/gnocchi.6436fba8-f976-44e4-a8ee-e47aecbb8595/none_v3" 201 - "PUT http://localhost:8080/v1/AUTH_c3584fad902c4095b48f95aff5c97c86/gnocchi.6436fba8-f976-44e4-a8ee-e47aecbb8595/none_v3" "txc90456d4c575495fb214a-00695cd7c0" "proxy-server 12" 0.0145 "-" 25 0
Jan 6 09:37:04 standalone proxy-server[123936]: 172.18.0.2 ::1 06/Jan/2026/09/37/04 PUT /v1/AUTH_c3584fad902c4095b48f95aff5c97c86/gnocchi.6436fba8-f976-44e4-a8ee-e47aecbb8595/none_v3 HTTP/1.0 201 - python-swiftclient-3.11.1 gAAAAABpXNd_qBc0... 22 - - txc90456d4c575495fb214a-00695cd7c0 - 0.0272 - - 1767692224.407440186 1767692224.434643269 0
Jan 6 09:37:08 standalone container-server[121839]: 172.20.0.100 - - [06/Jan/2026:09:37:08 +0000] "HEAD /d1/313/AUTH_c3584fad902c4095b48f95aff5c97c86/gnocchi.65a5d557-97e5-4b82-8f8b-489b70071d57" 404 - "HEAD http://localhost:8080/v1/AUTH_c3584fad902c4095b48f95aff5c97c86/gnocchi.65a5d557-97e5-4b82-8f8b-489b70071d57?format=json&states=listing" "tx6a3ea876872c45d183486-00695cd7c4" "proxy-server 12" 0.0009 "-" 17 0
Jan 6 09:37:08 standalone object-server[121995]: 172.20.0.100 - - [06/Jan/2026:09:37:08 +0000] "GET /d1/186/AUTH_c3584fad902c4095b48f95aff5c97c86/gnocchi.65a5d557-97e5-4b82-8f8b-489b70071d57/none_v3" 404 70 "GET http://localhost:8080/v1/AUTH_c3584fad902c4095b48f95aff5c97c86/gnocchi.65a5d557-97e5-4b82-8f8b-489b70071d57/none_v3" "tx6a3ea876872c45d183486-00695cd7c4" "proxy-server 12" 0.0008 "-" 24 0
Jan 6 09:37:08 standalone proxy-server[123936]: 172.18.0.2 ::1 06/Jan/2026/09/37/08 GET /v1/AUTH_c3584fad902c4095b48f95aff5c97c86/gnocchi.65a5d557-97e5-4b82-8f8b-489b70071d57/none_v3 HTTP/1.0 404 - python-swiftclient-3.11.1 gAAAAABpXNd_qBc0... - 70 - tx6a3ea876872c45d183486-00695cd7c4 - 0.0126 - - 1767692228.972643852 1767692228.985291958 0
Jan 6 09:37:09 standalone account-server[121762]: 172.20.0.100 - - [06/Jan/2026:09:37:09 +0000] "PUT /d1/389/AUTH_c3584fad902c4095b48f95aff5c97c86/gnocchi.65a5d557-97e5-4b82-8f8b-489b70071d57" 201 - "PUT http://172.20.0.100:6001/d1/313/AUTH_c3584fad902c4095b48f95aff5c97c86/gnocchi.65a5d557-97e5-4b82-8f8b-489b70071d57" "txa6980eabc0be429c87373-00695cd7c4" "container-server 17" 0.0061 "-" 14 0
Jan 6 09:37:09 standalone container-server[121839]: 172.20.0.100 - - [06/Jan/2026:09:37:09 +0000] "PUT /d1/313/AUTH_c3584fad902c4095b48f95aff5c97c86/gnocchi.65a5d557-97e5-4b82-8f8b-489b70071d57" 201 - "PUT http://localhost:8080/v1/AUTH_c3584fad902c4095b48f95aff5c97c86/gnocchi.65a5d557-97e5-4b82-8f8b-489b70071d57" "txa6980eabc0be429c87373-00695cd7c4" "proxy-server 12" 0.0182 "-" 17 0
Jan 6 09:37:09 standalone proxy-server[123936]: 172.18.0.2 ::1 06/Jan/2026/09/37/09 PUT /v1/AUTH_c3584fad902c4095b48f95aff5c97c86/gnocchi.65a5d557-97e5-4b82-8f8b-489b70071d57 HTTP/1.0 201 - python-swiftclient-3.11.1 gAAAAABpXNd_qBc0... - - - txa6980eabc0be429c87373-00695cd7c4 - 0.0237 - - 1767692228.991722822 1767692229.015432119 0
Jan 6 09:37:09 standalone container-server[121822]: 172.20.0.100 - - [06/Jan/2026:09:37:09 +0000] "HEAD /d1/313/AUTH_c3584fad902c4095b48f95aff5c97c86/gnocchi.65a5d557-97e5-4b82-8f8b-489b70071d57" 204 - "HEAD http://localhost:8080/v1/AUTH_c3584fad902c4095b48f95aff5c97c86/gnocchi.65a5d557-97e5-4b82-8f8b-489b70071d57?format=json&states=listing" "tx01d0be1c93aa48aaa91e0-00695cd7c5" "proxy-server 12" 0.0015 "-" 16 0
