Dec 5 22:05:10 standalone proxy-server[124988]: - - 05/Dec/2025/22/05/10 HEAD /v1/AUTH_691e22e5287d458fb957eb85d88a6c04/gnocchi.a7ee816d-a18c-4960-9dd2-917ff80d3d73%3Fformat%3Djson%26states%3Dlisting HTTP/1.0 204 - Swift - - - - txc1463d2df93941e389729-0069335716 - 0.0056 RL - 1764972310.481582165 1764972310.487205267 0
Dec 5 22:05:10 standalone container-server[122818]: 172.20.0.100 - - [05/Dec/2025:22:05:10 +0000] "GET /d1/117/AUTH_691e22e5287d458fb957eb85d88a6c04/gnocchi.a7ee816d-a18c-4960-9dd2-917ff80d3d73" 200 2 "GET http://localhost:8080/v1/AUTH_691e22e5287d458fb957eb85d88a6c04/gnocchi.a7ee816d-a18c-4960-9dd2-917ff80d3d73?format=json&states=listing" "txc1463d2df93941e389729-0069335716" "proxy-server 21" 0.0023 "-" 21 0
Dec 5 22:05:10 standalone proxy-server[124988]: 172.18.0.2 ::1 05/Dec/2025/22/05/10 GET /v1/AUTH_691e22e5287d458fb957eb85d88a6c04/gnocchi.a7ee816d-a18c-4960-9dd2-917ff80d3d73%3Fformat%3Djson%26states%3Dlisting HTTP/1.0 200 - python-swiftclient-3.11.1 gAAAAABpM1ZwvNeA... - 2 - txc1463d2df93941e389729-0069335716 - 0.0149 - - 1764972310.480201006 1764972310.495057344 0
Dec 5 22:05:10 standalone object-server[123024]: 172.20.0.100 - - [05/Dec/2025:22:05:10 +0000] "GET /d1/25/AUTH_691e22e5287d458fb957eb85d88a6c04/gnocchi.a7ee816d-a18c-4960-9dd2-917ff80d3d73/1764720000.0_mean_300.0_v3" 404 70 "GET http://localhost:8080/v1/AUTH_691e22e5287d458fb957eb85d88a6c04/gnocchi.a7ee816d-a18c-4960-9dd2-917ff80d3d73/1764720000.0_mean_300.0_v3" "tx5199886b61174ed38d00b-0069335716" "proxy-server 21" 0.0003 "-" 23 0
Dec 5 22:05:10 standalone proxy-server[124988]: 172.18.0.2 ::1 05/Dec/2025/22/05/10 GET /v1/AUTH_691e22e5287d458fb957eb85d88a6c04/gnocchi.a7ee816d-a18c-4960-9dd2-917ff80d3d73/1764720000.0_mean_300.0_v3 HTTP/1.0 404 - python-swiftclient-3.11.1 gAAAAABpM1ZwvNeA... - 70 - tx5199886b61174ed38d00b-0069335716 - 0.0040 - - 1764972310.498246670 1764972310.502210855 0
Dec 5 22:05:10 standalone container-server[122824]: 172.20.0.100 - - [05/Dec/2025:22:05:10 +0000] "PUT /d1/117/AUTH_691e22e5287d458fb957eb85d88a6c04/gnocchi.a7ee816d-a18c-4960-9dd2-917ff80d3d73/1764720000.0_mean_300.0_v3" 201 - "PUT http://localhost:8080/d1/25/AUTH_691e22e5287d458fb957eb85d88a6c04/gnocchi.a7ee816d-a18c-4960-9dd2-917ff80d3d73/1764720000.0_mean_300.0_v3" "tx4c9c23d1abf94098bbab8-0069335716" "object-server 25" 0.0006 "-" 22 0
Dec 5 22:05:10 standalone object-server[123026]: 172.20.0.100 - - [05/Dec/2025:22:05:10 +0000] "PUT /d1/25/AUTH_691e22e5287d458fb957eb85d88a6c04/gnocchi.a7ee816d-a18c-4960-9dd2-917ff80d3d73/1764720000.0_mean_300.0_v3" 201 - "PUT http://localhost:8080/v1/AUTH_691e22e5287d458fb957eb85d88a6c04/gnocchi.a7ee816d-a18c-4960-9dd2-917ff80d3d73/1764720000.0_mean_300.0_v3" "tx4c9c23d1abf94098bbab8-0069335716" "proxy-server 21" 0.0081 "-" 25 0
Dec 5 22:05:10 standalone proxy-server[124988]: 172.18.0.2 ::1 05/Dec/2025/22/05/10 PUT /v1/AUTH_691e22e5287d458fb957eb85d88a6c04/gnocchi.a7ee816d-a18c-4960-9dd2-917ff80d3d73/1764720000.0_mean_300.0_v3 HTTP/1.0 201 - python-swiftclient-3.11.1 gAAAAABpM1ZwvNeA... 16 - - tx4c9c23d1abf94098bbab8-0069335716 - 0.0128 - - 1764972310.504754066 1764972310.517532349 0
Dec 5 22:05:10 standalone container-server[122818]: 172.20.0.100 - - [05/Dec/2025:22:05:10 +0000] "PUT /d1/117/AUTH_691e22e5287d458fb957eb85d88a6c04/gnocchi.a7ee816d-a18c-4960-9dd2-917ff80d3d73/none_v3" 201 - "PUT http://localhost:8080/d1/476/AUTH_691e22e5287d458fb957eb85d88a6c04/gnocchi.a7ee816d-a18c-4960-9dd2-917ff80d3d73/none_v3" "tx1fe12d051deb476d98410-0069335716" "object-server 25" 0.0006 "-" 21 0
Dec 5 22:05:10 standalone object-server[123026]: 172.20.0.100 - - [05/Dec/2025:22:05:10 +0000] "PUT /d1/476/AUTH_691e22e5287d458fb957eb85d88a6c04/gnocchi.a7ee816d-a18c-4960-9dd2-917ff80d3d73/none_v3" 201 - "PUT http://localhost:8080/v1/AUTH_691e22e5287d458fb957eb85d88a6c04/gnocchi.a7ee816d-a18c-4960-9dd2-917ff80d3d73/none_v3" "tx1fe12d051deb476d98410-0069335716" "proxy-server 21" 0.0073 "-" 25 0
Dec 5 22:05:10 standalone proxy-server[124988]: 172.18.0.2 ::1 05/Dec/2025/22/05/10 PUT /v1/AUTH_691e22e5287d458fb957eb85d88a6c04/gnocchi.a7ee816d-a18c-4960-9dd2-917ff80d3d73/none_v3 HTTP/1.0 201 - python-swiftclient-3.11.1 gAAAAABpM1ZwvNeA... 22 - - tx1fe12d051deb476d98410-0069335716 - 0.0106 - - 1764972310.519988775 1764972310.530574799 0
Dec 5 22:05:10 standalone container-server[122791]: 172.20.0.100 - - [05/Dec/2025:22:05:10 +0000] "HEAD /d1/311/AUTH_691e22e5287d458fb957eb85d88a6c04/gnocchi.91d57963-5b5b-488e-a794-46847059f926" 404 - "HEAD http://localhost:8080/v1/AUTH_691e22e5287d458fb957eb85d88a6c04/gnocchi.91d57963-5b5b-488e-a794-46847059f926?format=json&states=listing" "txfc579606e63e4ca3a3aa1-0069335716" "proxy-server 21" 0.0003 "-" 17 0
Dec 5 22:05:10 standalone object-server[123025]: 172.20.0.100 - - [05/Dec/2025:22:05:10 +0000] "GET /d1/931/AUTH_691e22e5287d458fb957eb85d88a6c04/gnocchi.91d57963-5b5b-488e-a794-46847059f926/none_v3" 404 70 "GET http://localhost:8080/v1/AUTH_691e22e5287d458fb957eb85d88a6c04/gnocchi.91d57963-5b5b-488e-a794-46847059f926/none_v3" "txfc579606e63e4ca3a3aa1-0069335716" "proxy-server 21" 0.0003 "-" 24 0
Dec 5 22:05:10 standalone proxy-server[124988]: 172.18.0.2 ::1 05/Dec/2025/22/05/10 GET /v1/AUTH_691e22e5287d458fb957eb85d88a6c04/gnocchi.91d57963-5b5b-488e-a794-46847059f926/none_v3 HTTP/1.0 404 - python-swiftclient-3.11.1 gAAAAABpM1ZwvNeA... - 70 - txfc579606e63e4ca3a3aa1-0069335716 - 0.0074 - - 1764972310.538655281 1764972310.546036959 0
Dec 5 22:05:10 standalone account-server[122898]: 172.20.0.100 - - [05/Dec/2025:22:05:10 +0000] "PUT /d1/350/AUTH_691e22e5287d458fb957eb85d88a6c04/gnocchi.91d57963-5b5b-488e-a794-46847059f926" 201 - "PUT http://172.20.0.100:6001/d1/311/AUTH_691e22e5287d458fb957eb85d88a6c04/gnocchi.91d57963-5b5b-488e-a794-46847059f926" "txdd92f50bd3534abfb29c4-0069335716" "container-server 21" 0.0048 "-" 23 0
Dec 5 22:05:10 standalone container-server[122818]: 172.20.0.100 - - [05/Dec/2025:22:05:10 +0000] "PUT /d1/311/AUTH_691e22e5287d458fb957eb85d88a6c04/gnocchi.91d57963-5b5b-488e-a794-46847059f926" 201 - "PUT http://localhost:8080/v1/AUTH_691e22e5287d458fb957eb85d88a6c04/gnocchi.91d57963-5b5b-488e-a794-46847059f926" "txdd92f50bd3534abfb29c4-0069335716" "proxy-server 21" 0.0140 "-" 21 0
Dec 5 22:05:10 standalone proxy-server[124988]: 172.18.0.2 ::1 05/Dec/2025/22/05/10 PUT /v1/AUTH_691e22e5287d458fb957eb85d88a6c04/gnocchi.91d57963-5b5b-488e-a794-46847059f926 HTTP/1.0 201 - python-swiftclient-3.11.1 gAAAAABpM1ZwvNeA... - - - txdd92f50bd3534abfb29c4-0069335716 - 0.0181 - - 1764972310.549773216 1764972310.567906141 0
Dec 5 22:05:10 standalone container-server[122791]: 172.20.0.100 - - [05/Dec/2025:22:05:10 +0000] "HEAD /d1/311/AUTH_691e22e5287d458fb957eb85d88a6c04/gnocchi.91d57963-5b5b-488e-a794-46847059f926" 204 - "HEAD http://localhost:8080/v1/AUTH_691e22e5287d458fb957eb85d88a6c04/gnocchi.91d57963-5b5b-488e-a794-46847059f926?format=json&states=listing" "txe1c61760f8834e1084d09-0069335716" "proxy-server 21" 0.0011 "-" 17 0
Dec 5 22:05:10 standalone proxy-server[124988]: - - 05/Dec/2025/22/05/10 HEAD /v1/AUTH_691e22e5287d458fb957eb85d88a6c04/gnocchi.91d57963-5b5b-488e-a794-46847059f926%3Fformat%3Djson%26states%3Dlisting HTTP/1.0 204 - Swift - - - - txe1c61760f8834e1084d09-0069335716 - 0.0034 RL - 1764972310.571033239 1764972310.574399948 0
Dec 5 22:05:10 standalone container-server[122791]: 172.20.0.100 - - [05/Dec/2025:22:05:10 +0000] "GET /d1/311/AUTH_691e22e5287d458fb957eb85d88a6c04/gnocchi.91d57963-5b5b-488e-a794-46847059f926" 200 2 "GET http://localhost:8080/v1/AUTH_691e22e5287d458fb957eb85d88a6c04/gnocchi.91d57963-5b5b-488e-a794-46847059f926?format=json&states=listing" "txe1c61760f8834e1084d09-0069335716" "proxy-server 21" 0.0013 "-" 17 0
Dec 5 22:05:10 standalone proxy-server[124988]: 172.18.0.2 ::1 05/Dec/2025/22/05/10 GET /v1/AUTH_691e22e5287d458fb957eb85d88a6c04/gnocchi.91d57963-5b5b-488e-a794-46847059f926%3Fformat%3Djson%26states%3Dlisting HTTP/1.0 200 - python-swiftclient-3.11.1 gAAAAABpM1ZwvNeA... - 2 - txe1c61760f8834e1084d09-0069335716 - 0.0092 - - 1764972310.570248365 1764972310.579423189 0
Dec 5 22:05:10 standalone object-server[123026]: 172.20.0.100 - - [05/Dec/2025:22:05:10 +0000] "GET /d1/303/AUTH_691e22e5287d458fb957eb85d88a6c04/gnocchi.91d57963-5b5b-488e-a794-46847059f926/1764720000.0_mean_300.0_v3" 404 70 "GET http://localhost:8080/v1/AUTH_691e22e5287d458fb957eb85d88a6c04/gnocchi.91d57963-5b5b-488e-a794-46847059f926/1764720000.0_mean_300.0_v3" "tx1dcc2743739a47889432c-0069335716" "proxy-server 21" 0.0003 "-" 25 0
Dec 5 22:05:10 standalone proxy-server[124988]: 172.18.0.2 ::1 05/Dec/2025/22/05/10 GET /v1/AUTH_691e22e5287d458fb957eb85d88a6c04/gnocchi.91d57963-5b5b-488e-a794-46847059f926/1764720000.0_mean_300.0_v3 HTTP/1.0 404 - python-swiftclient-3.11.1 gAAAAABpM1ZwvNeA... - 70 - tx1dcc2743739a47889432c-0069335716 - 0.0054 - - 1764972310.581809998 1764972310.587193012 0
Dec 5 22:05:10 standalone container-server[122809]: 172.20.0.100 - - [05/Dec/2025:22:05:10 +0000] "PUT /d1/311/AUTH_691e22e5287d458fb957eb85d88a6c04/gnocchi.91d57963-5b5b-488e-a794-46847059f926/1764720000.0_mean_300.0_v3" 201 - "PUT http://localhost:8080/d1/303/AUTH_691e22e5287d458fb957eb85d88a6c04/gnocchi.91d57963-5b5b-488e-a794-46847059f926/1764720000.0_mean_300.0_v3" "txad08a147229244eda4541-0069335716" "object-server 25" 0.0010 "-" 20 0
Dec 5 22:05:10 standalone object-server[123026]: 172.20.0.100 - - [05/Dec/2025:22:05:10 +0000] "PUT /d1/303/AUTH_691e22e5287d458fb957eb85d88a6c04/gnocchi.91d57963-5b5b-488e-a794-46847059f926/1764720000.0_mean_300.0_v3" 201 - "PUT http://localhost:8080/v1/AUTH_691e22e5287d458fb957eb85d88a6c04/gnocchi.91d57963-5b5b-488e-a794-46847059f926/1764720000.0_mean_300.0_v3" "txad08a147229244eda4541-0069335716" "proxy-server 21" 0.0108 "-" 25 0
Dec 5 22:05:10 standalone proxy-server[124988]: 172.18.0.2 ::1 05/Dec/2025/22/05/10 PUT /v1/AUTH_691e22e5287d458fb957eb85d88a6c04/gnocchi.91d57963-5b5b-488e-a794-46847059f926/1764720000.0_mean_300.0_v3 HTTP/1.0 201 - python-swiftclient-3.11.1 gAAAAABpM1ZwvNeA... 16 - - txad08a147229244eda4541-0069335716 - 0.0151 - - 1764972310.589340448 1764972310.604417562 0
Dec 5 22:05:10 standalone container-server[122824]: 172.20.0.100 - - [05/Dec/2025:22:05:10 +0000] "PUT /d1/311/AUTH_691e22e5287d458fb957eb85d88a6c04/gnocchi.91d57963-5b5b-488e-a794-46847059f926/none_v3" 201 - "PUT http://localhost:8080/d1/931/AUTH_691e22e5287d458fb957eb85d88a6c04/gnocchi.91d57963-5b5b-488e-a794-46847059f926/none_v3" "tx2656d633bb2546a7a80a4-0069335716" "object-server 23" 0.0006 "-" 22 0
Dec 5 22:05:10 standalone object-server[123024]: 172.20.0.100 - - [05/Dec/2025:22:05:10 +0000] "PUT /d1/931/AUTH_691e22e5287d458fb957eb85d88a6c04/gnocchi.91d57963-5b5b-488e-a794-46847059f926/none_v3" 201 - "PUT http://localhost:8080/v1/AUTH_691e22e5287d458fb957eb85d88a6c04/gnocchi.91d57963-5b5b-488e-a794-46847059f926/none_v3" "tx2656d633bb2546a7a80a4-0069335716" "proxy-server 21" 0.0117 "-" 23 0
Dec 5 22:05:10 standalone proxy-server[124988]: 172.18.0.2 ::1 05/Dec/2025/22/05/10 PUT /v1/AUTH_691e22e5287d458fb957eb85d88a6c04/gnocchi.91d57963-5b5b-488e-a794-46847059f926/none_v3 HTTP/1.0 201 - python-swiftclient-3.11.1 gAAAAABpM1ZwvNeA... 22 - - tx2656d633bb2546a7a80a4-0069335716 - 0.0166 - - 1764972310.606347561 1764972310.622943640 0
Dec 5 22:05:10 standalone container-server[122824]: 172.20.0.100 - - [05/Dec/2025:22:05:10 +0000] "HEAD /d1/113/AUTH_691e22e5287d458fb957eb85d88a6c04/gnocchi.10dcb180-426a-487e-9feb-2090af3ea2be" 404 - "HEAD http://localhost:8080/v1/AUTH_691e22e5287d458fb957eb85d88a6c04/gnocchi.10dcb180-426a-487e-9feb-2090af3ea2be?format=json&states=listing" "tx2fad8536fdc44f8b804e8-0069335716" "proxy-server 21" 0.0003 "-" 22 0
Dec 5 22:05:10 standalone object-server[123026]: 172.20.0.100 - - [05/Dec/2025:22:05:10 +0000] "GET /d1/602/AUTH_691e22e5287d458fb957eb85d88a6c04/gnocchi.10dcb180-426a-487e-9feb-2090af3ea2be/none_v3" 404 70 "GET http://localhost:8080/v1/AUTH_691e22e5287d458fb957eb85d88a6c04/gnocchi.10dcb180-426a-487e-9feb-2090af3ea2be/none_v3" "tx2fad8536fdc44f8b804e8-0069335716" "proxy-server 21" 0.0004 "-" 25 0
Dec 5 22:05:10 standalone proxy-server[124988]: 172.18.0.2 ::1 05/Dec/2025/22/05/10 GET /v1/AUTH_691e22e5287d458fb957eb85d88a6c04/gnocchi.10dcb180-426a-487e-9feb-2090af3ea2be/none_v3 HTTP/1.0 404 - python-swiftclient-3.11.1 gAAAAABpM1ZwvNeA... - 70 - tx2fad8536fdc44f8b804e8-0069335716 - 0.0073 - - 1764972310.637397289 1764972310.644740820 0
Dec 5 22:05:10 standalone account-server[122894]: 172.20.0.100 - - [05/Dec/2025:22:05:10 +0000] "PUT /d1/350/AUTH_691e22e5287d458fb957eb85d88a6c04/gnocchi.10dcb180-426a-487e-9feb-2090af3ea2be" 201 - "PUT http://172.20.0.100:6001/d1/113/AUTH_691e22e5287d458fb957eb85d88a6c04/gnocchi.10dcb180-426a-487e-9feb-2090af3ea2be" "tx0e4d1fd113c042b39e05c-0069335716" "container-server 17" 0.0068 "-" 22 0
Dec 5 22:05:10 standalone container-server[122791]: 172.20.0.100 - - [05/Dec/2025:22:05:10 +0000] "PUT /d1/113/AUTH_691e22e5287d458fb957eb85d88a6c04/gnocchi.10dcb180-426a-487e-9feb-2090af3ea2be" 201 - "PUT http://localhost:8080/v1/AUTH_691e22e5287d458fb957eb85d88a6c04/gnocchi.10dcb180-426a-487e-9feb-2090af3ea2be" "tx0e4d1fd113c042b39e05c-0069335716" "proxy-server 21" 0.0210 "-" 17 0
Dec 5 22:05:10 standalone proxy-server[124988]: 172.18.0.2 ::1 05/Dec/2025/22/05/10 PUT /v1/AUTH_691e22e5287d458fb957eb85d88a6c04/gnocchi.10dcb180-426a-487e-9feb-2090af3ea2be HTTP/1.0 201 - python-swiftclient-3.11.1 gAAAAABpM1ZwvNeA... - - - tx0e4d1fd113c042b39e05c-0069335716 - 0.0250 - - 1764972310.648115396 1764972310.673161507 0
Dec 5 22:05:10 standalone container-server[122791]: 172.20.0.100 - - [05/Dec/2025:22:05:10 +0000] "HEAD /d1/113/AUTH_691e22e5287d458fb957eb85d88a6c04/gnocchi.10dcb180-426a-487e-9feb-2090af3ea2be" 204 - "HEAD http://localhost:8080/v1/AUTH_691e22e5287d458fb957eb85d88a6c04/gnocchi.10dcb180-426a-487e-9feb-2090af3ea2be?format=json&states=listing" "tx49923c2d9c794ec4b62b6-0069335716" "proxy-server 21" 0.0020 "-" 17 0
Dec 5 22:05:10 standalone proxy-server[124988]: - - 05/Dec/2025/22/05/10 HEAD /v1/AUTH_691e22e5287d458fb957eb85d88a6c04/gnocchi.10dcb180-426a-487e-9feb-2090af3ea2be%3Fformat%3Djson%26states%3Dlisting HTTP/1.0 204 - Swift - - - - tx49923c2d9c794ec4b62b6-0069335716 - 0.0049 RL - 1764972310.677918196 1764972310.682794571 0
Dec 5 22:05:10 standalone container-server[122791]: 172.20.0.100 - - [05/Dec/2025:22:05:10 +0000] "GET /d1/113/AUTH_691e22e5287d458fb957eb85d88a6c04/gnocchi.10dcb180-426a-487e-9feb-2090af3ea2be" 200 2 "GET http://localhost:8080/v1/AUTH_691e22e5287d458fb957eb85d88a6c04/gnocchi.10dcb180-426a-487e-9feb-2090af3ea2be?format=json&states=listing" "tx49923c2d9c794ec4b62b6-0069335716" "proxy-server 21" 0.0018 "-" 17 0
Dec 5 22:05:10 standalone proxy-server[124988]: 172.18.0.2 ::1 05/Dec/2025/22/05/10 GET /v1/AUTH_691e22e5287d458fb957eb85d88a6c04/gnocchi.10dcb180-426a-487e-9feb-2090af3ea2be%3Fformat%3Djson%26states%3Dlisting HTTP/1.0 200 - python-swiftclient-3.11.1 gAAAAABpM1ZwvNeA... - 2 - tx49923c2d9c794ec4b62b6-0069335716 - 0.0116 - - 1764972310.677068710 1764972310.688629150 0
Dec 5 22:05:10 standalone object-server[123026]: 172.20.0.100 - - [05/Dec/2025:22:05:10 +0000] "GET /d1/728/AUTH_691e22e5287d458fb957eb85d88a6c04/gnocchi.10dcb180-426a-487e-9feb-2090af3ea2be/1764720000.0_mean_300.0_v3" 404 70 "GET http://localhost:8080/v1/AUTH_691e22e5287d458fb957eb85d88a6c04/gnocchi.10dcb180-426a-487e-9feb-2090af3ea2be/1764720000.0_mean_300.0_v3" "txc52b5b3b1bd44799809b5-0069335716" "proxy-server 21" 0.0005 "-" 25 0
Dec 5 22:05:10 standalone proxy-server[124988]: 172.18.0.2 ::1 05/Dec/2025/22/05/10 GET /v1/AUTH_691e22e5287d458fb957eb85d88a6c04/gnocchi.10dcb180-426a-487e-9feb-2090af3ea2be/1764720000.0_mean_300.0_v3 HTTP/1.0 404 - python-swiftclient-3.11.1 gAAAAABpM1ZwvNeA... - 70 - txc52b5b3b1bd44799809b5-0069335716 - 0.0056 - - 1764972310.692900896 1764972310.698492765 0
Dec 5 22:05:10 standalone container-server[122818]: 172.20.0.100 - - [05/Dec/2025:22:05:10 +0000] "PUT /d1/113/AUTH_691e22e5287d458fb957eb85d88a6c04/gnocchi.10dcb180-426a-487e-9feb-2090af3ea2be/1764720000.0_mean_300.0_v3" 201 - "PUT http://localhost:8080/d1/728/AUTH_691e22e5287d458fb957eb85d88a6c04/gnocchi.10dcb180-426a-487e-9feb-2090af3ea2be/1764720000.0_mean_300.0_v3" "txf696fc5382cf4f6a88c2f-0069335716" "object-server 25" 0.0012 "-" 21 0
Dec 5 22:05:10 standalone object-server[123026]: 172.20.0.100 - - [05/Dec/2025:22:05:10 +0000] "PUT /d1/728/AUTH_691e22e5287d458fb957eb85d88a6c04/gnocchi.10dcb180-426a-487e-9feb-2090af3ea2be/1764720000.0_mean_300.0_v3" 201 - "PUT http://localhost:8080/v1/AUTH_691e22e5287d458fb957eb85d88a6c04/gnocchi.10dcb180-426a-487e-9feb-2090af3ea2be/1764720000.0_mean_300.0_v3" "txf696fc5382cf4f6a88c2f-0069335716" "proxy-server 21" 0.0120 "-" 25 0
Dec 5 22:05:10 standalone proxy-server[124988]: 172.18.0.2 ::1 05/Dec/2025/22/05/10 PUT /v1/AUTH_691e22e5287d458fb957eb85d88a6c04/gnocchi.10dcb180-426a-487e-9feb-2090af3ea2be/1764720000.0_mean_300.0_v3 HTTP/1.0 201 - python-swiftclient-3.11.1 gAAAAABpM1ZwvNeA... 16 - - txf696fc5382cf4f6a88c2f-0069335716 - 0.0164 - - 1764972310.702251196 1764972310.718601465 0
Dec 5 22:05:10 standalone container-server[122824]: 172.20.0.100 - - [05/Dec/2025:22:05:10 +0000] "PUT /d1/113/AUTH_691e22e5287d458fb957eb85d88a6c04/gnocchi.10dcb180-426a-487e-9feb-2090af3ea2be/none_v3" 201 - "PUT http://localhost:8080/d1/602/AUTH_691e22e5287d458fb957eb85d88a6c04/gnocchi.10dcb180-426a-487e-9feb-2090af3ea2be/none_v3" "txc4d1e4494709435ba01c5-0069335716" "object-server 24" 0.0008 "-" 22 0
Dec 5 22:05:10 standalone object-server[123025]: 172.20.0.100 - - [05/Dec/2025:22:05:10 +0000] "PUT /d1/602/AUTH_691e22e5287d458fb957eb85d88a6c04/gnocchi.10dcb180-426a-487e-9feb-2090af3ea2be/none_v3" 201 - "PUT http://localhost:8080/v1/AUTH_691e22e5287d458fb957eb85d88a6c04/gnocchi.10dcb180-426a-487e-9feb-2090af3ea2be/none_v3" "txc4d1e4494709435ba01c5-0069335716" "proxy-server 21" 0.0094 "-" 24 0
Dec 5 22:05:10 standalone proxy-server[124988]: 172.18.0.2 ::1 05/Dec/2025/22/05/10 PUT /v1/AUTH_691e22e5287d458fb957eb85d88a6c04/gnocchi.10dcb180-426a-487e-9feb-2090af3ea2be/none_v3 HTTP/1.0 201 - python-swiftclient-3.11.1 gAAAAABpM1ZwvNeA... 22 - - txc4d1e4494709435ba01c5-0069335716 - 0.0135 - - 1764972310.721994162 1764972310.735533714 0
Dec 5 22:05:10 standalone container-server[122809]: 172.20.0.100 - - [05/Dec/2025:22:05:10 +0000] "HEAD /d1/709/AUTH_691e22e5287d458fb957eb85d88a6c04/gnocchi.432da6dd-2802-483c-b166-5888a2e8a303" 404 - "HEAD http://localhost:8080/v1/AUTH_691e22e5287d458fb957eb85d88a6c04/gnocchi.432da6dd-2802-483c-b166-5888a2e8a303?format=json&states=listing" "tx827e2d25a7e546f89e7bd-0069335716" "proxy-server 21" 0.0006 "-" 20 0
Dec 5 22:05:10 standalone object-server[123023]: 172.20.0.100 - - [05/Dec/2025:22:05:10 +0000] "GET /d1/371/AUTH_691e22e5287d458fb957eb85d88a6c04/gnocchi.432da6dd-2802-483c-b166-5888a2e8a303/none_v3" 404 70 "GET http://localhost:8080/v1/AUTH_691e22e5287d458fb957eb85d88a6c04/gnocchi.432da6dd-2802-483c-b166-5888a2e8a303/none_v3" "tx827e2d25a7e546f89e7bd-0069335716" "proxy-server 21" 0.0003 "-" 22 0
Dec 5 22:05:10 standalone proxy-server[124988]: 172.18.0.2 ::1 05/Dec/2025/22/05/10 GET /v1/AUTH_691e22e5287d458fb957eb85d88a6c04/gnocchi.432da6dd-2802-483c-b166-5888a2e8a303/none_v3 HTTP/1.0 404 - python-swiftclient-3.11.1 gAAAAABpM1ZwvNeA... - 70 - tx827e2d25a7e546f89e7bd-0069335716 - 0.0082 - - 1764972310.753456354 1764972310.761648655 0
Dec 5 22:05:10 standalone account-server[122894]: 172.20.0.100 - - [05/Dec/2025:22:05:10 +0000] "PUT /d1/350/AUTH_691e22e5287d458fb957eb85d88a6c04/gnocchi.432da6dd-2802-483c-b166-5888a2e8a303" 201 - "PUT http://172.20.0.100:6001/d1/709/AUTH_691e22e5287d458fb957eb85d88a6c04/gnocchi.432da6dd-2802-483c-b166-5888a2e8a303" "tx6798c77c846d4b4685404-0069335716" "container-server 20" 0.0057 "-" 22 0
Dec 5 22:05:10 standalone container-server[122809]: 172.20.0.100 - - [05/Dec/2025:22:05:10 +0000] "PUT /d1/709/AUTH_691e22e5287d458fb957eb85d88a6c04/gnocchi.432da6dd-2802-483c-b166-5888a2e8a303" 201 - "PUT http://localhost:8080/v1/AUTH_691e22e5287d458fb957eb85d88a6c04/gnocchi.432da6dd-2802-483c-b166-5888a2e8a303" "tx6798c77c846d4b4685404-0069335716" "proxy-server 21" 0.0204 "-" 20 0
Dec 5 22:05:10 standalone proxy-server[124988]: 172.18.0.2 ::1 05/Dec/2025/22/05/10 PUT /v1/AUTH_691e22e5287d458fb957eb85d88a6c04/gnocchi.432da6dd-2802-483c-b166-5888a2e8a303 HTTP/1.0 201 - python-swiftclient-3.11.1 gAAAAABpM1ZwvNeA... - - - tx6798c77c846d4b4685404-0069335716 - 0.0278 - - 1764972310.797311068 1764972310.825111389 0
Dec 5 22:05:10 standalone container-server[122824]: 172.20.0.100 - - [05/Dec/2025:22:05:10 +0000] "HEAD /d1/709/AUTH_691e22e5287d458fb957eb85d88a6c04/gnocchi.432da6dd-2802-483c-b166-5888a2e8a303" 204 - "HEAD http://localhost:8080/v1/AUTH_691e22e5287d458fb957eb85d88a6c04/gnocchi.432da6dd-2802-483c-b166-5888a2e8a303?format=json&states=listing" "tx158d5a103abf41c88a446-0069335716" "proxy-server 21" 0.0022 "-" 22 0
Dec 5 22:05:10 standalone proxy-server[124988]: - - 05/Dec/2025/22/05/10 HEAD /v1/AUTH_691e22e5287d458fb957eb85d88a6c04/gnocchi.432da6dd-2802-483c-b166-5888a2e8a303%3Fformat%3Djson%26states%3Dlisting HTTP/1.0 204 - Swift - - - - tx158d5a103abf41c88a446-0069335716 - 0.0065 RL - 1764972310.831653118 1764972310.838165998 0
Dec 5 22:05:10 standalone container-server[122791]: 172.20.0.100 - - [05/Dec/2025:22:05:10 +0000] "GET /d1/709/AUTH_691e22e5287d458fb957eb85d88a6c04/gnocchi.432da6dd-2802-483c-b166-5888a2e8a303" 200 2 "GET http://localhost:8080/v1/AUTH_691e22e5287d458fb957eb85d88a6c04/gnocchi.432da6dd-2802-483c-b166-5888a2e8a303?format=json&states=listing" "tx158d5a103abf41c88a446-0069335716" "proxy-server 21" 0.0030 "-" 17 0
Dec 5 22:05:10 standalone proxy-server[124988]: 172.18.0.2 ::1 05/Dec/2025/22/05/10 GET /v1/AUTH_691e22e5287d458fb957eb85d88a6c04/gnocchi.432da6dd-2802-483c-b166-5888a2e8a303%3Fformat%3Djson%26states%3Dlisting HTTP/1.0 200 - python-swiftclient-3.11.1 gAAAAABpM1ZwvNeA... - 2 - tx158d5a103abf41c88a446-0069335716 - 0.0197 - - 1764972310.829995632 1764972310.849650383 0
Dec 5 22:05:10 standalone object-server[123024]: 172.20.0.100 - - [05/Dec/2025:22:05:10 +0000] "GET /d1/714/AUTH_691e22e5287d458fb957eb85d88a6c04/gnocchi.432da6dd-2802-483c-b166-5888a2e8a303/1764720000.0_mean_300.0_v3" 404 70 "GET http://localhost:8080/v1/AUTH_691e22e5287d458fb957eb85d88a6c04/gnocchi.432da6dd-2802-483c-b166-5888a2e8a303/1764720000.0_mean_300.0_v3" "tx2ef7757bda73421c82b9a-0069335716" "proxy-server 21" 0.0005 "-" 23 0
Dec 5 22:05:10 standalone proxy-server[124988]: 172.18.0.2 ::1 05/Dec/2025/22/05/10 GET /v1/AUTH_691e22e5287d458fb957eb85d88a6c04/gnocchi.432da6dd-2802-483c-b166-5888a2e8a303/1764720000.0_mean_300.0_v3 HTTP/1.0 404 - python-swiftclient-3.11.1 gAAAAABpM1ZwvNeA... - 70 - tx2ef7757bda73421c82b9a-0069335716 - 0.0077 - - 1764972310.854948759 1764972310.862657547 0
Dec 5 22:05:10 standalone container-server[122809]: 172.20.0.100 - - [05/Dec/2025:22:05:10 +0000] "PUT /d1/709/AUTH_691e22e5287d458fb957eb85d88a6c04/gnocchi.432da6dd-2802-483c-b166-5888a2e8a303/1764720000.0_mean_300.0_v3" 201 - "PUT http://localhost:8080/d1/714/AUTH_691e22e5287d458fb957eb85d88a6c04/gnocchi.432da6dd-2802-483c-b166-5888a2e8a303/1764720000.0_mean_300.0_v3" "txd009c352b9334649b5c6a-0069335716" "object-server 25" 0.0009 "-" 20 0
Dec 5 22:05:10 standalone object-server[123026]: 172.20.0.100 - - [05/Dec/2025:22:05:10 +0000] "PUT /d1/714/AUTH_691e22e5287d458fb957eb85d88a6c04/gnocchi.432da6dd-2802-483c-b166-5888a2e8a303/1764720000.0_mean_300.0_v3" 201 - "PUT http://localhost:8080/v1/AUTH_691e22e5287d458fb957eb85d88a6c04/gnocchi.432da6dd-2802-483c-b166-5888a2e8a303/1764720000.0_mean_300.0_v3" "txd009c352b9334649b5c6a-0069335716" "proxy-server 21" 0.0118 "-" 25 0
Dec 5 22:05:10 standalone proxy-server[124988]: 172.18.0.2 ::1 05/Dec/2025/22/05/10 PUT /v1/AUTH_691e22e5287d458fb957eb85d88a6c04/gnocchi.432da6dd-2802-483c-b166-5888a2e8a303/1764720000.0_mean_300.0_v3 HTTP/1.0 201 - python-swiftclient-3.11.1 gAAAAABpM1ZwvNeA... 16 - - txd009c352b9334649b5c6a-0069335716 - 0.0206 - - 1764972310.866957903 1764972310.887593985 0
Dec 5 22:05:10 standalone container-server[122824]: 172.20.0.100 - - [05/Dec/2025:22:05:10 +0000] "PUT /d1/709/AUTH_691e22e5287d458fb957eb85d88a6c04/gnocchi.432da6dd-2802-483c-b166-5888a2e8a303/none_v3" 201 - "PUT http://localhost:8080/d1/371/AUTH_691e22e5287d458fb957eb85d88a6c04/gnocchi.432da6dd-2802-483c-b166-5888a2e8a303/none_v3" "txac7bbc0c184e468b8810e-0069335716" "object-server 22" 0.0006 "-" 22 0
Dec 5 22:05:10 standalone object-server[123023]: 172.20.0.100 - - [05/Dec/2025:22:05:10 +0000] "PUT /d1/371/AUTH_691e22e5287d458fb957eb85d88a6c04/gnocchi.432da6dd-2802-483c-b166-5888a2e8a303/none_v3" 201 - "PUT http://localhost:8080/v1/AUTH_691e22e5287d458fb957eb85d88a6c04/gnocchi.432da6dd-2802-483c-b166-5888a2e8a303/none_v3" "txac7bbc0c184e468b8810e-0069335716" "proxy-server 21" 0.0107 "-" 22 0
Dec 5 22:05:10 standalone proxy-server[124988]: 172.18.0.2 ::1 05/Dec/2025/22/05/10 PUT /v1/AUTH_691e22e5287d458fb957eb85d88a6c04/gnocchi.432da6dd-2802-483c-b166-5888a2e8a303/none_v3 HTTP/1.0 201 - python-swiftclient-3.11.1 gAAAAABpM1ZwvNeA... 22 - - txac7bbc0c184e468b8810e-0069335716 - 0.0190 - - 1764972310.896733046 1764972310.915684462 0
Dec 5 22:05:10 standalone container-server[122824]: 172.20.0.100 - - [05/Dec/2025:22:05:10 +0000] "HEAD /d1/838/AUTH_691e22e5287d458fb957eb85d88a6c04/gnocchi.fd4be671-4c09-4871-92cb-f10717141c7a" 404 - "HEAD http://localhost:8080/v1/AUTH_691e22e5287d458fb957eb85d88a6c04/gnocchi.fd4be671-4c09-4871-92cb-f10717141c7a?format=json&states=listing" "txc0d1f52da39b41ada22d6-0069335716" "proxy-server 21" 0.0005 "-" 22 0
Dec 5 22:05:10 standalone object-server[123025]: 172.20.0.100 - - [05/Dec/2025:22:05:10 +0000] "GET /d1/158/AUTH_691e22e5287d458fb957eb85d88a6c04/gnocchi.fd4be671-4c09-4871-92cb-f10717141c7a/none_v3" 404 70 "GET http://localhost:8080/v1/AUTH_691e22e5287d458fb957eb85d88a6c04/gnocchi.fd4be671-4c09-4871-92cb-f10717141c7a/none_v3" "txc0d1f52da39b41ada22d6-0069335716" "proxy-server 21" 0.0005 "-" 24 0
Dec 5 22:05:10 standalone proxy-server[124988]: 172.18.0.2 ::1 05/Dec/2025/22/05/10 GET /v1/AUTH_691e22e5287d458fb957eb85d88a6c04/gnocchi.fd4be671-4c09-4871-92cb-f10717141c7a/none_v3 HTTP/1.0 404 - python-swiftclient-3.11.1 gAAAAABpM1ZwvNeA... - 70 - txc0d1f52da39b41ada22d6-0069335716 - 0.0120 - - 1764972310.929263115 1764972310.941275120 0
Dec 5 22:05:10 standalone account-server[122885]: 172.20.0.100 - - [05/Dec/2025:22:05:10 +0000] "PUT /d1/350/AUTH_691e22e5287d458fb957eb85d88a6c04/gnocchi.fd4be671-4c09-4871-92cb-f10717141c7a" 201 - "PUT http://172.20.0.100:6001/d1/838/AUTH_691e22e5287d458fb957eb85d88a6c04/gnocchi.fd4be671-4c09-4871-92cb-f10717141c7a" "tx0a6fd3f30b0c40d888db5-0069335716" "container-server 17" 0.0053 "-" 20 0
Dec 5 22:05:10 standalone container-server[122791]: 172.20.0.100 - - [05/Dec/2025:22:05:10 +0000] "PUT /d1/838/AUTH_691e22e5287d458fb957eb85d88a6c04/gnocchi.fd4be671-4c09-4871-92cb-f10717141c7a" 201 - "PUT http://localhost:8080/v1/AUTH_691e22e5287d458fb957eb85d88a6c04/gnocchi.fd4be671-4c09-4871-92cb-f10717141c7a" "tx0a6fd3f30b0c40d888db5-0069335716" "proxy-server 21" 0.0193 "-" 17 0
Dec 5 22:05:10 standalone proxy-server[124988]: 172.18.0.2 ::1 05/Dec/2025/22/05/10 PUT /v1/AUTH_691e22e5287d458fb957eb85d88a6c04/gnocchi.fd4be671-4c09-4871-92cb-f10717141c7a HTTP/1.0 201 - python-swiftclient-3.11.1 gAAAAABpM1ZwvNeA... - - - tx0a6fd3f30b0c40d888db5-0069335716 - 0.0263 - - 1764972310.946422577 1764972310.972739697 0
Dec 5 22:05:10 standalone container-server[122791]: 172.20.0.100 - - [05/Dec/2025:22:05:10 +0000] "HEAD /d1/838/AUTH_691e22e5287d458fb957eb85d88a6c04/gnocchi.fd4be671-4c09-4871-92cb-f10717141c7a" 204 - "HEAD http://localhost:8080/v1/AUTH_691e22e5287d458fb957eb85d88a6c04/gnocchi.fd4be671-4c09-4871-92cb-f10717141c7a?format=json&states=listing" "txee76d6a4943e46448d890-0069335716" "proxy-server 21" 0.0018 "-" 17 0
Dec 5 22:05:10 standalone proxy-server[124988]: - - 05/Dec/2025/22/05/10 HEAD /v1/AUTH_691e22e5287d458fb957eb85d88a6c04/gnocchi.fd4be671-4c09-4871-92cb-f10717141c7a%3Fformat%3Djson%26states%3Dlisting HTTP/1.0 204 - Swift - - - - txee76d6a4943e46448d890-0069335716 - 0.0062 RL - 1764972310.979714870 1764972310.985931873 0
Dec 5 22:05:10 standalone container-server[122809]: 172.20.0.100 - - [05/Dec/2025:22:05:10 +0000] "GET /d1/838/AUTH_691e22e5287d458fb957eb85d88a6c04/gnocchi.fd4be671-4c09-4871-92cb-f10717141c7a" 200 2 "GET http://localhost:8080/v1/AUTH_691e22e5287d458fb957eb85d88a6c04/gnocchi.fd4be671-4c09-4871-92cb-f10717141c7a?format=json&states=listing" "txee76d6a4943e46448d890-0069335716" "proxy-server 21" 0.0037 "-" 20 0
Dec 5 22:05:11 standalone proxy-server[124988]: 172.18.0.2 ::1 05/Dec/2025/22/05/11 GET /v1/AUTH_691e22e5287d458fb957eb85d88a6c04/gnocchi.fd4be671-4c09-4871-92cb-f10717141c7a%3Fformat%3Djson%26states%3Dlisting HTTP/1.0 200 - python-swiftclient-3.11.1 gAAAAABpM1ZwvNeA... - 2 - txee76d6a4943e46448d890-0069335716 - 0.0222 - - 1764972310.977878571 1764972311.000054598 0
Dec 5 22:05:11 standalone object-server[123025]: 172.20.0.100 - - [05/Dec/2025:22:05:11 +0000] "GET /d1/85/AUTH_691e22e5287d458fb957eb85d88a6c04/gnocchi.fd4be671-4c09-4871-92cb-f10717141c7a/1764720000.0_mean_300.0_v3" 404 70 "GET http://localhost:8080/v1/AUTH_691e22e5287d458fb957eb85d88a6c04/gnocchi.fd4be671-4c09-4871-92cb-f10717141c7a/1764720000.0_mean_300.0_v3" "tx4bc25df3ee6742ab91e94-0069335717" "proxy-server 21" 0.0007 "-" 24 0
Dec 5 22:05:11 standalone proxy-server[124988]: 172.18.0.2 ::1 05/Dec/2025/22/05/11 GET /v1/AUTH_691e22e5287d458fb957eb85d88a6c04/gnocchi.fd4be671-4c09-4871-92cb-f10717141c7a/1764720000.0_mean_300.0_v3 HTTP/1.0 404 - python-swiftclient-3.11.1 gAAAAABpM1ZwvNeA... - 70 - tx4bc25df3ee6742ab91e94-0069335717 - 0.0127 - - 1764972311.005414486 1764972311.018087626 0
Dec 5 22:05:11 standalone container-server[122818]: 172.20.0.100 - - [05/Dec/2025:22:05:11 +0000] "PUT /d1/838/AUTH_691e22e5287d458fb957eb85d88a6c04/gnocchi.fd4be671-4c09-4871-92cb-f10717141c7a/1764720000.0_mean_300.0_v3" 201 - "PUT http://localhost:8080/d1/85/AUTH_691e22e5287d458fb957eb85d88a6c04/gnocchi.fd4be671-4c09-4871-92cb-f10717141c7a/1764720000.0_mean_300.0_v3" "tx001816da385649fa8ca3f-0069335717" "object-server 22" 0.0010 "-" 21 0
Dec 5 22:05:11 standalone object-server[123023]: 172.20.0.100 - - [05/Dec/2025:22:05:11 +0000] "PUT /d1/85/AUTH_691e22e5287d458fb957eb85d88a6c04/gnocchi.fd4be671-4c09-4871-92cb-f10717141c7a/1764720000.0_mean_300.0_v3" 201 - "PUT http://localhost:8080/v1/AUTH_691e22e5287d458fb957eb85d88a6c04/gnocchi.fd4be671-4c09-4871-92cb-f10717141c7a/1764720000.0_mean_300.0_v3" "tx001816da385649fa8ca3f-0069335717" "proxy-server 21" 0.0120 "-" 22 0
Dec 5 22:05:11 standalone proxy-server[124988]: 172.18.0.2 ::1 05/Dec/2025/22/05/11 PUT /v1/AUTH_691e22e5287d458fb957eb85d88a6c04/gnocchi.fd4be671-4c09-4871-92cb-f10717141c7a/1764720000.0_mean_300.0_v3 HTTP/1.0 201 - python-swiftclient-3.11.1 gAAAAABpM1ZwvNeA... 16 - - tx001816da385649fa8ca3f-0069335717 - 0.0216 - - 1764972311.022842646 1764972311.044432163 0
Dec 5 22:05:11 standalone container-server[122791]: 172.20.0.100 - - [05/Dec/2025:22:05:11 +0000] "PUT /d1/838/AUTH_691e22e5287d458fb957eb85d88a6c04/gnocchi.fd4be671-4c09-4871-92cb-f10717141c7a/none_v3" 201 - "PUT http://localhost:8080/d1/158/AUTH_691e22e5287d458fb957eb85d88a6c04/gnocchi.fd4be671-4c09-4871-92cb-f10717141c7a/none_v3" "tx53a17f4755cb4b93ac3ca-0069335717" "object-server 22" 0.0006 "-" 17 0
Dec 5 22:05:11 standalone object-server[123023]: 172.20.0.100 - - [05/Dec/2025:22:05:11 +0000] "PUT /d1/158/AUTH_691e22e5287d458fb957eb85d88a6c04/gnocchi.fd4be671-4c09-4871-92cb-f10717141c7a/none_v3" 201 - "PUT http://localhost:8080/v1/AUTH_691e22e5287d458fb957eb85d88a6c04/gnocchi.fd4be671-4c09-4871-92cb-f10717141c7a/none_v3" "tx53a17f4755cb4b93ac3ca-0069335717" "proxy-server 21" 0.0091 "-" 22 0
Dec 5 22:05:11 standalone proxy-server[124988]: 172.18.0.2 ::1 05/Dec/2025/22/05/11 PUT /v1/AUTH_691e22e5287d458fb957eb85d88a6c04/gnocchi.fd4be671-4c09-4871-92cb-f10717141c7a/none_v3 HTTP/1.0 201 - python-swiftclient-3.11.1 gAAAAABpM1ZwvNeA... 22 - - tx53a17f4755cb4b93ac3ca-0069335717 - 0.0169 - - 1764972311.054356337 1764972311.071286678 0
Dec 5 22:05:11 standalone container-server[122818]: 172.20.0.100 - - [05/Dec/2025:22:05:11 +0000] "HEAD /d1/134/AUTH_691e22e5287d458fb957eb85d88a6c04/gnocchi.66dd89d0-68c6-4dfe-8d43-a3d8efb96e3c" 404 - "HEAD http://localhost:8080/v1/AUTH_691e22e5287d458fb957eb85d88a6c04/gnocchi.66dd89d0-68c6-4dfe-8d43-a3d8efb96e3c?format=json&states=listing" "tx5e066f33156b45748f348-0069335717" "proxy-server 21" 0.0005 "-" 21 0
Dec 5 22:05:11 standalone object-server[123024]: 172.20.0.100 - - [05/Dec/2025:22:05:11 +0000] "GET /d1/698/AUTH_691e22e5287d458fb957eb85d88a6c04/gnocchi.66dd89d0-68c6-4dfe-8d43-a3d8efb96e3c/none_v3" 404 70 "GET http://localhost:8080/v1/AUTH_691e22e5287d458fb957eb85d88a6c04/gnocchi.66dd89d0-68c6-4dfe-8d43-a3d8efb96e3c/none_v3" "tx5e066f33156b45748f348-0069335717" "proxy-server 21" 0.0005 "-" 23 0
Dec 5 22:05:11 standalone proxy-server[124988]: 172.18.0.2 ::1 05/Dec/2025/22/05/11 GET /v1/AUTH_691e22e5287d458fb957eb85d88a6c04/gnocchi.66dd89d0-68c6-4dfe-8d43-a3d8efb96e3c/none_v3 HTTP/1.0 404 - python-swiftclient-3.11.1 gAAAAABpM1ZwvNeA... - 70 - tx5e066f33156b45748f348-0069335717 - 0.0135 - - 1764972311.086656570 1764972311.100150585 0
Dec 5 22:05:11 standalone account-server[122894]: 172.20.0.100 - - [05/Dec/2025:22:05:11 +0000] "PUT /d1/350/AUTH_691e22e5287d458fb957eb85d88a6c04/gnocchi.66dd89d0-68c6-4dfe-8d43-a3d8efb96e3c" 201 - "PUT http://172.20.0.100:6001/d1/134/AUTH_691e22e5287d458fb957eb85d88a6c04/gnocchi.66dd89d0-68c6-4dfe-8d43-a3d8efb96e3c" "tx74440eafe7d64359bf213-0069335717" "container-server 22" 0.0056 "-" 22 0
Dec 5 22:05:11 standalone container-server[122824]: 172.20.0.100 - - [05/Dec/2025:22:05:11 +0000] "PUT /d1/134/AUTH_691e22e5287d458fb957eb85d88a6c04/gnocchi.66dd89d0-68c6-4dfe-8d43-a3d8efb96e3c" 201 - "PUT http://localhost:8080/v1/AUTH_691e22e5287d458fb957eb85d88a6c04/gnocchi.66dd89d0-68c6-4dfe-8d43-a3d8efb96e3c" "tx74440eafe7d64359bf213-0069335717" "proxy-server 21" 0.0197 "-" 22 0
Dec 5 22:05:11 standalone proxy-server[124988]: 172.18.0.2 ::1 05/Dec/2025/22/05/11 PUT /v1/AUTH_691e22e5287d458fb957eb85d88a6c04/gnocchi.66dd89d0-68c6-4dfe-8d43-a3d8efb96e3c HTTP/1.0 201 - python-swiftclient-3.11.1 gAAAAABpM1ZwvNeA... - - - tx74440eafe7d64359bf213-0069335717 - 0.0276 - - 1764972311.104515791 1764972311.132089138 0
Dec 5 22:05:11 standalone container-server[122818]: 172.20.0.100 - - [05/Dec/2025:22:05:11 +0000] "HEAD /d1/134/AUTH_691e22e5287d458fb957eb85d88a6c04/gnocchi.66dd89d0-68c6-4dfe-8d43-a3d8efb96e3c" 204 - "HEAD http://localhost:8080/v1/AUTH_691e22e5287d458fb957eb85d88a6c04/gnocchi.66dd89d0-68c6-4dfe-8d43-a3d8efb96e3c?format=json&states=listing" "txce13d13a782045c5af860-0069335717" "proxy-server 21" 0.0025 "-" 21 0
Dec 5 22:05:11 standalone proxy-server[124988]: - - 05/Dec/2025/22/05/11 HEAD /v1/AUTH_691e22e5287d458fb957eb85d88a6c04/gnocchi.66dd89d0-68c6-4dfe-8d43-a3d8efb96e3c%3Fformat%3Djson%26states%3Dlisting HTTP/1.0 204 - Swift - - - - txce13d13a782045c5af860-0069335717 - 0.0078 RL - 1764972311.139193058 1764972311.146955967 0
Dec 5 22:05:11 standalone container-server[122818]: 172.20.0.100 - - [05/Dec/2025:22:05:11 +0000] "GET /d1/134/AUTH_691e22e5287d458fb957eb85d88a6c04/gnocchi.66dd89d0-68c6-4dfe-8d43-a3d8efb96e3c" 200 2 "GET http://localhost:8080/v1/AUTH_691e22e5287d458fb957eb85d88a6c04/gnocchi.66dd89d0-68c6-4dfe-8d43-a3d8efb96e3c?format=json&states=listing" "txce13d13a782045c5af860-0069335717" "proxy-server 21" 0.0031 "-" 21 0
Dec 5 22:05:11 standalone proxy-server[124988]: 172.18.0.2 ::1 05/Dec/2025/22/05/11 GET /v1/AUTH_691e22e5287d458fb957eb85d88a6c04/gnocchi.66dd89d0-68c6-4dfe-8d43-a3d8efb96e3c%3Fformat%3Djson%26states%3Dlisting HTTP/1.0 200 - python-swiftclient-3.11.1 gAAAAABpM1ZwvNeA... - 2 - txce13d13a782045c5af860-0069335717 - 0.0217 - - 1764972311.137441397 1764972311.159112453 0
Dec 5 22:05:11 standalone object-server[123025]: 172.20.0.100 - - [05/Dec/2025:22:05:11 +0000] "GET /d1/66/AUTH_691e22e5287d458fb957eb85d88a6c04/gnocchi.66dd89d0-68c6-4dfe-8d43-a3d8efb96e3c/1764720000.0_mean_300.0_v3" 404 70 "GET http://localhost:8080/v1/AUTH_691e22e5287d458fb957eb85d88a6c04/gnocchi.66dd89d0-68c6-4dfe-8d43-a3d8efb96e3c/1764720000.0_mean_300.0_v3" "tx39468bff9e7b4031849cf-0069335717" "proxy-server 21" 0.0007 "-" 24 0
Dec 5 22:05:11 standalone proxy-server[124988]: 172.18.0.2 ::1 05/Dec/2025/22/05/11 GET /v1/AUTH_691e22e5287d458fb957eb85d88a6c04/gnocchi.66dd89d0-68c6-4dfe-8d43-a3d8efb96e3c/1764720000.0_mean_300.0_v3 HTTP/1.0 404 - python-swiftclient-3.11.1 gAAAAABpM1ZwvNeA... - 70 - tx39468bff9e7b4031849cf-0069335717 - 0.0102 - - 1764972311.165665627 1764972311.175893307 0
Dec 5 22:05:11 standalone container-server[122818]: 172.20.0.100 - - [05/Dec/2025:22:05:11 +0000] "PUT /d1/134/AUTH_691e22e5287d458fb957eb85d88a6c04/gnocchi.66dd89d0-68c6-4dfe-8d43-a3d8efb96e3c/1764720000.0_mean_300.0_v3" 201 - "PUT http://localhost:8080/d1/66/AUTH_691e22e5287d458fb957eb85d88a6c04/gnocchi.66dd89d0-68c6-4dfe-8d43-a3d8efb96e3c/1764720000.0_mean_300.0_v3" "tx660912eada184c28a334d-0069335717" "object-server 22" 0.0011 "-" 21 0
Dec 5 22:05:11 standalone object-server[123023]: 172.20.0.100 - - [05/Dec/2025:22:05:11 +0000] "PUT /d1/66/AUTH_691e22e5287d458fb957eb85d88a6c04/gnocchi.66dd89d0-68c6-4dfe-8d43-a3d8efb96e3c/1764720000.0_mean_300.0_v3" 201 - "PUT http://localhost:8080/v1/AUTH_691e22e5287d458fb957eb85d88a6c04/gnocchi.66dd89d0-68c6-4dfe-8d43-a3d8efb96e3c/1764720000.0_mean_300.0_v3" "tx660912eada184c28a334d-0069335717" "proxy-server 21" 0.0141 "-" 22 0
Dec 5 22:05:11 standalone proxy-server[124988]: 172.18.0.2 ::1 05/Dec/2025/22/05/11 PUT /v1/AUTH_691e22e5287d458fb957eb85d88a6c04/gnocchi.66dd89d0-68c6-4dfe-8d43-a3d8efb96e3c/1764720000.0_mean_300.0_v3 HTTP/1.0 201 - python-swiftclient-3.11.1 gAAAAABpM1ZwvNeA... 16 - - tx660912eada184c28a334d-0069335717 - 0.0243 - - 1764972311.181382656 1764972311.205651522 0
Dec 5 22:05:11 standalone container-server[122809]: 172.20.0.100 - - [05/Dec/2025:22:05:11 +0000] "PUT /d1/134/AUTH_691e22e5287d458fb957eb85d88a6c04/gnocchi.66dd89d0-68c6-4dfe-8d43-a3d8efb96e3c/none_v3" 201 - "PUT http://localhost:8080/d1/698/AUTH_691e22e5287d458fb957eb85d88a6c04/gnocchi.66dd89d0-68c6-4dfe-8d43-a3d8efb96e3c/none_v3" "tx9e40d8d6137147c7b90c8-0069335717" "object-server 22" 0.0009 "-" 20 0
Dec 5 22:05:11 standalone object-server[123023]: 172.20.0.100 - - [05/Dec/2025:22:05:11 +0000] "PUT /d1/698/AUTH_691e22e5287d458fb957eb85d88a6c04/gnocchi.66dd89d0-68c6-4dfe-8d43-a3d8efb96e3c/none_v3" 201 - "PUT http://localhost:8080/v1/AUTH_691e22e5287d458fb957eb85d88a6c04/gnocchi.66dd89d0-68c6-4dfe-8d43-a3d8efb96e3c/none_v3" "tx9e40d8d6137147c7b90c8-0069335717" "proxy-server 21" 0.0107 "-" 22 0
Dec 5 22:05:11 standalone proxy-server[124988]: 172.18.0.2 ::1 05/Dec/2025/22/05/11 PUT /v1/AUTH_691e22e5287d458fb957eb85d88a6c04/gnocchi.66dd89d0-68c6-4dfe-8d43-a3d8efb96e3c/none_v3 HTTP/1.0 201 - python-swiftclient-3.11.1 gAAAAABpM1ZwvNeA... 22 - - tx9e40d8d6137147c7b90c8-0069335717 - 0.0191 - - 1764972311.210426807 1764972311.229524851 0
Dec 5 22:05:11 standalone container-server[122809]: 172.20.0.100 - - [05/Dec/2025:22:05:11 +0000] "HEAD /d1/24/AUTH_691e22e5287d458fb957eb85d88a6c04/gnocchi.5214e454-8f4a-40c6-ba79-d186460ac2ea" 404 - "HEAD http://localhost:8080/v1/AUTH_691e22e5287d458fb957eb85d88a6c04/gnocchi.5214e454-8f4a-40c6-ba79-d186460ac2ea?format=json&states=listing" "tx6391c645324a43aaa7b5c-0069335717" "proxy-server 21" 0.0005 "-" 20 0
Dec 5 22:05:11 standalone object-server[123023]: 172.20.0.100 - - [05/Dec/2025:22:05:11 +0000] "GET /d1/356/AUTH_691e22e5287d458fb957eb85d88a6c04/gnocchi.5214e454-8f4a-40c6-ba79-d186460ac2ea/none_v3" 404 70 "GET http://localhost:8080/v1/AUTH_691e22e5287d458fb957eb85d88a6c04/gnocchi.5214e454-8f4a-40c6-ba79-d186460ac2ea/none_v3" "tx6391c645324a43aaa7b5c-0069335717" "proxy-server 21" 0.0004 "-" 22 0
Dec 5 22:05:11 standalone proxy-server[124988]: 172.18.0.2 ::1 05/Dec/2025/22/05/11 GET /v1/AUTH_691e22e5287d458fb957eb85d88a6c04/gnocchi.5214e454-8f4a-40c6-ba79-d186460ac2ea/none_v3 HTTP/1.0 404 - python-swiftclient-3.11.1 gAAAAABpM1ZwvNeA... - 70 - tx6391c645324a43aaa7b5c-0069335717 - 0.0131 - - 1764972311.243885994 1764972311.256944656 0
Dec 5 22:05:11 standalone account-server[122894]: 172.20.0.100 - - [05/Dec/2025:22:05:11 +0000] "PUT /d1/350/AUTH_691e22e5287d458fb957eb85d88a6c04/gnocchi.5214e454-8f4a-40c6-ba79-d186460ac2ea" 201 - "PUT http://172.20.0.100:6001/d1/24/AUTH_691e22e5287d458fb957eb85d88a6c04/gnocchi.5214e454-8f4a-40c6-ba79-d186460ac2ea" "txcf27efbfc8cd4fbf9cf5e-0069335717" "container-server 22" 0.0045 "-" 22 0
Dec 5 22:05:11 standalone container-server[122824]: 172.20.0.100 - - [05/Dec/2025:22:05:11 +0000] "PUT /d1/24/AUTH_691e22e5287d458fb957eb85d88a6c04/gnocchi.5214e454-8f4a-40c6-ba79-d186460ac2ea" 201 - "PUT http://localhost:8080/v1/AUTH_691e22e5287d458fb957eb85d88a6c04/gnocchi.5214e454-8f4a-40c6-ba79-d186460ac2ea" "txcf27efbfc8cd4fbf9cf5e-0069335717" "proxy-server 21" 0.0196 "-" 22 0
Dec 5 22:05:11 standalone proxy-server[124988]: 172.18.0.2 ::1 05/Dec/2025/22/05/11 PUT /v1/AUTH_691e22e5287d458fb957eb85d88a6c04/gnocchi.5214e454-8f4a-40c6-ba79-d186460ac2ea HTTP/1.0 201 - python-swiftclient-3.11.1 gAAAAABpM1ZwvNeA... - - - txcf27efbfc8cd4fbf9cf5e-0069335717 - 0.0296 - - 1764972311.263009548 1764972311.292626619 0
Dec 5 22:05:11 standalone container-server[122791]: 172.20.0.100 - - [05/Dec/2025:22:05:11 +0000] "HEAD /d1/24/AUTH_691e22e5287d458fb957eb85d88a6c04/gnocchi.5214e454-8f4a-40c6-ba79-d186460ac2ea" 204 - "HEAD http://localhost:8080/v1/AUTH_691e22e5287d458fb957eb85d88a6c04/gnocchi.5214e454-8f4a-40c6-ba79-d186460ac2ea?format=json&states=listing" "tx7a07a69764124622af35c-0069335717" "proxy-server 21" 0.0020 "-" 17 0
Dec 5 22:05:11 standalone proxy-server[124988]: - - 05/Dec/2025/22/05/11 HEAD /v1/AUTH_691e22e5287d458fb957eb85d88a6c04/gnocchi.5214e454-8f4a-40c6-ba79-d186460ac2ea%3Fformat%3Djson%26states%3Dlisting HTTP/1.0 204 - Swift - - - - tx7a07a69764124622af35c-0069335717 - 0.0070 RL - 1764972311.300218344 1764972311.307215452 0
Dec 5 22:05:11 standalone container-server[122824]: 172.20.0.100 - - [05/Dec/2025:22:05:11 +0000] "GET /d1/24/AUTH_691e22e5287d458fb957eb85d88a6c04/gnocchi.5214e454-8f4a-40c6-ba79-d186460ac2ea" 200 2 "GET http://localhost:8080/v1/AUTH_691e22e5287d458fb957eb85d88a6c04/gnocchi.5214e454-8f4a-40c6-ba79-d186460ac2ea?format=json&states=listing" "tx7a07a69764124622af35c-0069335717" "proxy-server 21" 0.0042 "-" 22 0
Dec 5 22:05:11 standalone proxy-server[124988]: 172.18.0.2 ::1 05/Dec/2025/22/05/11 GET /v1/AUTH_691e22e5287d458fb957eb85d88a6c04/gnocchi.5214e454-8f4a-40c6-ba79-d186460ac2ea%3Fformat%3Djson%26states%3Dlisting HTTP/1.0 200 - python-swiftclient-3.11.1 gAAAAABpM1ZwvNeA... - 2 - tx7a07a69764124622af35c-0069335717 - 0.0238 - - 1764972311.298235655 1764972311.322028399 0
Dec 5 22:05:11 standalone object-server[123025]: 172.20.0.100 - - [05/Dec/2025:22:05:11 +0000] "GET /d1/640/AUTH_691e22e5287d458fb957eb85d88a6c04/gnocchi.5214e454-8f4a-40c6-ba79-d186460ac2ea/1764720000.0_mean_300.0_v3" 404 70 "GET http://localhost:8080/v1/AUTH_691e22e5287d458fb957eb85d88a6c04/gnocchi.5214e454-8f4a-40c6-ba79-d186460ac2ea/1764720000.0_mean_300.0_v3" "txaa150eb232064c3391724-0069335717" "proxy-server 21" 0.0007 "-" 24 0
Dec 5 22:05:11 standalone proxy-server[124988]: 172.18.0.2 ::1 05/Dec/2025/22/05/11 GET /v1/AUTH_691e22e5287d458fb957eb85d88a6c04/gnocchi.5214e454-8f4a-40c6-ba79-d186460ac2ea/1764720000.0_mean_300.0_v3 HTTP/1.0 404 - python-swiftclient-3.11.1 gAAAAABpM1ZwvNeA... - 70 - txaa150eb232064c3391724-0069335717 - 0.0098 - - 1764972311.327935457 1764972311.337782860 0
Dec 5 22:05:11 standalone container-server[122791]: 172.20.0.100 - - [05/Dec/2025:22:05:11 +0000] "PUT /d1/24/AUTH_691e22e5287d458fb957eb85d88a6c04/gnocchi.5214e454-8f4a-40c6-ba79-d186460ac2ea/1764720000.0_mean_300.0_v3" 201 - "PUT http://localhost:8080/d1/640/AUTH_691e22e5287d458fb957eb85d88a6c04/gnocchi.5214e454-8f4a-40c6-ba79-d186460ac2ea/1764720000.0_mean_300.0_v3" "tx9b687e6f7f7e4bf790857-0069335717" "object-server 25" 0.0005 "-" 17 0
Dec 5 22:05:11 standalone object-server[123026]: 172.20.0.100 - - [05/Dec/2025:22:05:11 +0000] "PUT /d1/640/AUTH_691e22e5287d458fb957eb85d88a6c04/gnocchi.5214e454-8f4a-40c6-ba79-d186460ac2ea/1764720000.0_mean_300.0_v3" 201 - "PUT http://localhost:8080/v1/AUTH_691e22e5287d458fb957eb85d88a6c04/gnocchi.5214e454-8f4a-40c6-ba79-d186460ac2ea/1764720000.0_mean_300.0_v3" "tx9b687e6f7f7e4bf790857-0069335717" "proxy-server 21" 0.0100 "-" 25 0
Dec 5 22:05:11 standalone proxy-server[124988]: 172.18.0.2 ::1 05/Dec/2025/22/05/11 PUT /v1/AUTH_691e22e5287d458fb957eb85d88a6c04/gnocchi.5214e454-8f4a-40c6-ba79-d186460ac2ea/1764720000.0_mean_300.0_v3 HTTP/1.0 201 - python-swiftclient-3.11.1 gAAAAABpM1ZwvNeA... 16 - - tx9b687e6f7f7e4bf790857-0069335717 - 0.0180 - - 1764972311.342432261 1764972311.360456944 0
Dec 5 22:05:11 standalone container-server[122818]: 172.20.0.100 - - [05/Dec/2025:22:05:11 +0000] "PUT /d1/24/AUTH_691e22e5287d458fb957eb85d88a6c04/gnocchi.5214e454-8f4a-40c6-ba79-d186460ac2ea/none_v3" 201 - "PUT http://localhost:8080/d1/356/AUTH_691e22e5287d458fb957eb85d88a6c04/gnocchi.5214e454-8f4a-40c6-ba79-d186460ac2ea/none_v3" "txc503571a56754fcb9f879-0069335717" "object-server 23" 0.0010 "-" 21 0
Dec 5 22:05:11 standalone object-server[123024]: 172.20.0.100 - - [05/Dec/2025:22:05:11 +0000] "PUT /d1/356/AUTH_691e22e5287d458fb957eb85d88a6c04/gnocchi.5214e454-8f4a-40c6-ba79-d186460ac2ea/none_v3" 201 - "PUT http://localhost:8080/v1/AUTH_691e22e5287d458fb957eb85d88a6c04/gnocchi.5214e454-8f4a-40c6-ba79-d186460ac2ea/none_v3" "txc503571a56754fcb9f879-0069335717" "proxy-server 21" 0.0118 "-" 23 0
Dec 5 22:05:11 standalone proxy-server[124988]: 172.18.0.2 ::1 05/Dec/2025/22/05/11 PUT /v1/AUTH_691e22e5287d458fb957eb85d88a6c04/gnocchi.5214e454-8f4a-40c6-ba79-d186460ac2ea/none_v3 HTTP/1.0 201 - python-swiftclient-3.11.1 gAAAAABpM1ZwvNeA... 22 - - txc503571a56754fcb9f879-0069335717 - 0.0206 - - 1764972311.366833210 1764972311.387466192 0
Dec 5 22:05:11 standalone container-server[122809]: 172.20.0.100 - - [05/Dec/2025:22:05:11 +0000] "HEAD /d1/117/AUTH_691e22e5287d458fb957eb85d88a6c04/gnocchi.61904576-ca54-4485-86ce-65bdc297d35e" 404 - "HEAD http://localhost:8080/v1/AUTH_691e22e5287d458fb957eb85d88a6c04/gnocchi.61904576-ca54-4485-86ce-65bdc297d35e?format=json&states=listing" "tx1eb010a4962e4f9285d46-0069335717" "proxy-server 21" 0.0006 "-" 20 0
Dec 5 22:05:11 standalone object-server[123024]: 172.20.0.100 - - [05/Dec/2025:22:05:11 +0000] "GET /d1/560/AUTH_691e22e5287d458fb957eb85d88a6c04/gnocchi.61904576-ca54-4485-86ce-65bdc297d35e/none_v3" 404 70 "GET http://localhost:8080/v1/AUTH_691e22e5287d458fb957eb85d88a6c04/gnocchi.61904576-ca54-4485-86ce-65bdc297d35e/none_v3" "tx1eb010a4962e4f9285d46-0069335717" "proxy-server 21" 0.0004 "-" 23 0
Dec 5 22:05:11 standalone proxy-server[124988]: 172.18.0.2 ::1 05/Dec/2025/22/05/11 GET /v1/AUTH_691e22e5287d458fb957eb85d88a6c04/gnocchi.61904576-ca54-4485-86ce-65bdc297d35e/none_v3 HTTP/1.0 404 - python-swiftclient-3.11.1 gAAAAABpM1ZwvNeA... - 70 - tx1eb010a4962e4f9285d46-0069335717 - 0.0131 - - 1764972311.404258490 1764972311.417391062 0
Dec 5 22:05:11 standalone account-server[122898]: 172.20.0.100 - - [05/Dec/2025:22:05:11 +0000] "PUT /d1/350/AUTH_691e22e5287d458fb957eb85d88a6c04/gnocchi.61904576-ca54-4485-86ce-65bdc297d35e" 201 - "PUT http://172.20.0.100:6001/d1/117/AUTH_691e22e5287d458fb957eb85d88a6c04/gnocchi.61904576-ca54-4485-86ce-65bdc297d35e" "tx29358aef7c80481fa7bb4-0069335717" "container-server 21" 0.0046 "-" 23 0
Dec 5 22:05:11 standalone container-server[122818]: 172.20.0.100 - - [05/Dec/2025:22:05:11 +0000] "PUT /d1/117/AUTH_691e22e5287d458fb957eb85d88a6c04/gnocchi.61904576-ca54-4485-86ce-65bdc297d35e" 201 - "PUT http://localhost:8080/v1/AUTH_691e22e5287d458fb957eb85d88a6c04/gnocchi.61904576-ca54-4485-86ce-65bdc297d35e" "tx29358aef7c80481fa7bb4-0069335717" "proxy-server 21" 0.0169 "-" 21 0
Dec 5 22:05:11 standalone proxy-server[124988]: 172.18.0.2 ::1 05/Dec/2025/22/05/11 PUT /v1/AUTH_691e22e5287d458fb957eb85d88a6c04/gnocchi.61904576-ca54-4485-86ce-65bdc297d35e HTTP/1.0 201 - python-swiftclient-3.11.1 gAAAAABpM1ZwvNeA... - - - tx29358aef7c80481fa7bb4-0069335717 - 0.0249 - - 1764972311.421818972 1764972311.446724653 0
Dec 5 22:05:11 standalone container-server[122824]: 172.20.0.100 - - [05/Dec/2025:22:05:11 +0000] "HEAD /d1/117/AUTH_691e22e5287d458fb957eb85d88a6c04/gnocchi.61904576-ca54-4485-86ce-65bdc297d35e" 204 - "HEAD http://localhost:8080/v1/AUTH_691e22e5287d458fb957eb85d88a6c04/gnocchi.61904576-ca54-4485-86ce-65bdc297d35e?format=json&states=listing" "txf0d73ecc90674fb097d24-0069335717" "proxy-server 21" 0.0024 "-" 22 0
Dec 5 22:05:11 standalone proxy-server[124988]: - - 05/Dec/2025/22/05/11 HEAD /v1/AUTH_691e22e5287d458fb957eb85d88a6c04/gnocchi.61904576-ca54-4485-86ce-65bdc297d35e%3Fformat%3Djson%26states%3Dlisting HTTP/1.0 204 - Swift - - - - txf0d73ecc90674fb097d24-0069335717 - 0.0076 RL - 1764972311.454746962 1764972311.462307692 0
Dec 5 22:05:11 standalone container-server[122809]: 172.20.0.100 - - [05/Dec/2025:22:05:11 +0000] "GET /d1/117/AUTH_691e22e5287d458fb957eb85d88a6c04/gnocchi.61904576-ca54-4485-86ce-65bdc297d35e" 200 2 "GET http://localhost:8080/v1/AUTH_691e22e5287d458fb957eb85d88a6c04/gnocchi.61904576-ca54-4485-86ce-65bdc297d35e?format=json&states=listing" "txf0d73ecc90674fb097d24-0069335717" "proxy-server 21" 0.0035 "-" 20 0
Dec 5 22:05:11 standalone proxy-server[124988]: 172.18.0.2 ::1 05/Dec/2025/22/05/11 GET /v1/AUTH_691e22e5287d458fb957eb85d88a6c04/gnocchi.61904576-ca54-4485-86ce-65bdc297d35e%3Fformat%3Djson%26states%3Dlisting HTTP/1.0 200 - python-swiftclient-3.11.1 gAAAAABpM1ZwvNeA... - 2 - txf0d73ecc90674fb097d24-0069335717 - 0.0207 - - 1764972311.453204155 1764972311.473914862 0
