Dec 5 21:50:12 standalone account-server[122474]: Starting 2
Dec 5 21:50:12 standalone container-server[122610]: Option allow_versions is deprecated. Configure the versioned_writes middleware in the proxy-server instead. This option will be ignored in a future release.
Dec 5 21:50:12 standalone container-server[122791]: Option allow_versions is deprecated. Configure the versioned_writes middleware in the proxy-server instead. This option will be ignored in a future release.
Dec 5 21:50:12 standalone container-server[122610]: Started child 17 from parent 2
Dec 5 21:50:12 standalone container-server[122809]: Option allow_versions is deprecated. Configure the versioned_writes middleware in the proxy-server instead. This option will be ignored in a future release.
Dec 5 21:50:12 standalone container-server[122610]: Started child 20 from parent 2
Dec 5 21:50:12 standalone container-server[122818]: Option allow_versions is deprecated. Configure the versioned_writes middleware in the proxy-server instead. This option will be ignored in a future release.
Dec 5 21:50:12 standalone container-server[122610]: Started child 21 from parent 2
Dec 5 21:50:12 standalone container-server[122645]: Starting 2
Dec 5 21:50:12 standalone container-server[122824]: Option allow_versions is deprecated. Configure the versioned_writes middleware in the proxy-server instead. This option will be ignored in a future release.
Dec 5 21:50:12 standalone container-server[122610]: Started child 22 from parent 2
Dec 5 21:50:12 standalone account-server[122609]: Started child 20 from parent 2
Dec 5 21:50:12 standalone account-server[122609]: Started child 21 from parent 2
Dec 5 21:50:12 standalone account-server[122609]: Started child 22 from parent 2
Dec 5 21:50:12 standalone account-server[122609]: Started child 23 from parent 2
Dec 5 21:50:13 standalone object-expirer[122781]: Starting 2
Dec 5 21:50:13 standalone object-expirer[122781]: Option auto_create_account_prefix is deprecated. Configure auto_create_account_prefix under the swift-constraints section of swift.conf. This option will be ignored in a future release.
Dec 5 21:50:13 standalone object-server[122921]: Starting 2
Dec 5 21:50:13 standalone object-server[122936]: Started child 22 from parent 2
Dec 5 21:50:13 standalone object-server[122936]: Started child 23 from parent 2
Dec 5 21:50:13 standalone object-server[122936]: Started child 24 from parent 2
Dec 5 21:50:13 standalone object-server[122936]: Started child 25 from parent 2
Dec 5 21:50:20 standalone proxy-server[124803]: Starting Keystone auth_token middleware
Dec 5 21:50:20 standalone proxy-server[124803]: AuthToken middleware is set with keystone_authtoken.service_token_roles_required set to False. This is backwards compatible but deprecated behaviour. Please set this to True.
Dec 5 21:50:20 standalone proxy-server[124988]: Starting Keystone auth_token middleware
Dec 5 21:50:20 standalone proxy-server[124988]: STDERR: The option "bind_port" is not known to keystonemiddleware
Dec 5 21:50:20 standalone proxy-server[124988]: STDERR: The option "workers" is not known to keystonemiddleware
Dec 5 21:50:20 standalone proxy-server[124988]: STDERR: The option "user" is not known to keystonemiddleware
Dec 5 21:50:20 standalone proxy-server[124988]: STDERR: The option "bind_ip" is not known to keystonemiddleware
Dec 5 21:50:20 standalone proxy-server[124988]: STDERR: The option "log_name" is not known to keystonemiddleware
Dec 5 21:50:20 standalone proxy-server[124988]: STDERR: The option "log_facility" is not known to keystonemiddleware
Dec 5 21:50:20 standalone proxy-server[124988]: STDERR: The option "log_level" is not known to keystonemiddleware
Dec 5 21:50:20 standalone proxy-server[124988]: STDERR: The option "log_headers" is not known to keystonemiddleware
Dec 5 21:50:20 standalone proxy-server[124988]: STDERR: The option "log_address" is not known to keystonemiddleware
Dec 5 21:50:20 standalone proxy-server[124988]: STDERR: The option "project_name" is not known to keystonemiddleware
Dec 5 21:50:20 standalone proxy-server[124988]: STDERR: The option "username" is not known to keystonemiddleware
Dec 5 21:50:20 standalone proxy-server[124988]: STDERR: The option "password" is not known to keystonemiddleware
Dec 5 21:50:20 standalone proxy-server[124988]: STDERR: The option "auth_url" is not known to keystonemiddleware
Dec 5 21:50:20 standalone proxy-server[124988]: STDERR: The option "signing_dir" is not known to keystonemiddleware
Dec 5 21:50:20 standalone proxy-server[124988]: STDERR: The option "project_domain_id" is not known to keystonemiddleware
Dec 5 21:50:20 standalone proxy-server[124988]: STDERR: The option "user_domain_id" is not known to keystonemiddleware
Dec 5 21:50:20 standalone proxy-server[124988]: STDERR: The option "__name__" is not known to keystonemiddleware
Dec 5 21:50:20 standalone proxy-server[124988]: AuthToken middleware is set with keystone_authtoken.service_token_roles_required set to False. This is backwards compatible but deprecated behaviour. Please set this to True.
Dec 5 21:50:20 standalone proxy-server[124803]: Started child 21 from parent 2
Dec 5 21:52:14 standalone account-server[122898]: 172.20.0.100 - - [05/Dec/2025:21:52:14 +0000] "HEAD /d1/117/.expiring_objects" 404 - "HEAD http://localhost/v1/.expiring_objects?format=json" "txe52100f007434b00b3bd2-006933540e" "proxy-server 2" 0.0016 "-" 23 -
Dec 5 21:52:14 standalone object-expirer[122781]: Pass completed in 0s; 0 objects expired (txn: txe52100f007434b00b3bd2-006933540e)
Dec 5 21:52:32 standalone container-server[122645]: Begin container update sweep
Dec 5 21:52:32 standalone container-server[122645]: Container update sweep completed: 0.00s
Dec 5 21:53:42 standalone object-server[122921]: Begin object update sweep
Dec 5 21:53:42 standalone object-server[147111]: Object update sweep starting on /srv/node/d1 (pid: 11)
Dec 5 21:53:42 standalone object-server[147111]: Object update sweep completed on /srv/node/d1 in 0.00s seconds:, 0 successes, 0 failures, 0 quarantines, 0 unlinks, 0 errors, 0 redirects (pid: 11)
Dec 5 21:53:42 standalone object-server[147111]: Object update sweep of d1 completed: 0.00s, 0 successes, 0 failures, 0 quarantines, 0 unlinks, 0 errors, 0 redirects
Dec 5 21:53:42 standalone object-server[122921]: Object update sweep completed: 0.09s
Dec 5 21:56:40 standalone account-server[122898]: 172.20.0.100 - - [05/Dec/2025:21:56:40 +0000] "HEAD /d1/117/.expiring_objects" 404 - "HEAD http://localhost/v1/.expiring_objects?format=json" "tx5f771780054449fea8fd4-0069335518" "proxy-server 2" 0.0009 "-" 23 -
Dec 5 21:56:40 standalone object-expirer[122781]: Pass completed in 0s; 0 objects expired (txn: tx5f771780054449fea8fd4-0069335518)
Dec 5 21:56:48 standalone account-server[122887]: 172.20.0.100 - - [05/Dec/2025:21:56:48 +0000] "HEAD /d1/350/AUTH_691e22e5287d458fb957eb85d88a6c04" 404 - "HEAD http://localhost:8080/v1/AUTH_691e22e5287d458fb957eb85d88a6c04?format=json" "tx206da3e533b641909c437-0069335520" "proxy-server 21" 0.0014 "-" 21 -
Dec 5 21:56:48 standalone proxy-server[124988]: - - 05/Dec/2025/21/56/48 HEAD /v1/AUTH_691e22e5287d458fb957eb85d88a6c04%3Fformat%3Djson HTTP/1.0 200 - Swift - - - - tx206da3e533b641909c437-0069335520 - 0.0087 RL - 1764971808.475395918 1764971808.484059811 -
Dec 5 21:56:48 standalone proxy-server[124988]: 172.18.0.2 ::1 05/Dec/2025/21/56/48 HEAD /v1/AUTH_691e22e5287d458fb957eb85d88a6c04/glance%3Fformat%3Djson HTTP/1.0 404 - python-swiftclient-3.11.1 gAAAAABpM1UgbLI4... - - - tx206da3e533b641909c437-0069335520 - 0.4399 - - 1764971808.469852686 1764971808.909712076 -
Dec 5 21:56:48 standalone account-server[122898]: 172.20.0.100 - - [05/Dec/2025:21:56:48 +0000] "PUT /d1/350/AUTH_691e22e5287d458fb957eb85d88a6c04" 201 - "-" "tx48affe8c4929415ca2451-0069335520" "-" 0.0187 "-" 23 -
Dec 5 21:56:48 standalone proxy-server[124988]: autocreate account '/AUTH_691e22e5287d458fb957eb85d88a6c04' (txn: tx48affe8c4929415ca2451-0069335520)
Dec 5 21:56:48 standalone account-server[122894]: 172.20.0.100 - - [05/Dec/2025:21:56:48 +0000] "HEAD /d1/350/AUTH_691e22e5287d458fb957eb85d88a6c04" 204 - "HEAD http://localhost:8080/v1/AUTH_691e22e5287d458fb957eb85d88a6c04?format=json" "tx48affe8c4929415ca2451-0069335520" "proxy-server 21" 0.0040 "-" 22 -
Dec 5 21:56:48 standalone account-server[122887]: 172.20.0.100 - - [05/Dec/2025:21:56:48 +0000] "PUT /d1/350/AUTH_691e22e5287d458fb957eb85d88a6c04/glance" 201 - "PUT http://172.20.0.100:6001/d1/1018/AUTH_691e22e5287d458fb957eb85d88a6c04/glance" "tx48affe8c4929415ca2451-0069335520" "container-server 21" 0.0034 "-" 21 0
Dec 5 21:56:48 standalone container-server[122818]: 172.20.0.100 - - [05/Dec/2025:21:56:48 +0000] "PUT /d1/1018/AUTH_691e22e5287d458fb957eb85d88a6c04/glance" 201 - "PUT http://localhost:8080/v1/AUTH_691e22e5287d458fb957eb85d88a6c04/glance" "tx48affe8c4929415ca2451-0069335520" "proxy-server 21" 0.0225 "-" 21 0
Dec 5 21:56:48 standalone proxy-server[124988]: 172.18.0.2 ::1 05/Dec/2025/21/56/48 PUT /v1/AUTH_691e22e5287d458fb957eb85d88a6c04/glance HTTP/1.0 201 - python-swiftclient-3.11.1 gAAAAABpM1UgbLI4... - - - tx48affe8c4929415ca2451-0069335520 - 0.0599 - - 1764971808.915690899 1764971808.975614786 0
Dec 5 21:56:49 standalone container-server[122818]: 172.20.0.100 - - [05/Dec/2025:21:56:48 +0000] "HEAD /d1/1018/AUTH_691e22e5287d458fb957eb85d88a6c04/glance" 204 - "HEAD http://localhost:8080/v1/AUTH_691e22e5287d458fb957eb85d88a6c04/glance?format=json&states=listing" "txe6eca31ca75f4214b7c10-0069335520" "proxy-server 21" 0.0027 "-" 21 0
Dec 5 21:56:49 standalone proxy-server[124988]: - - 05/Dec/2025/21/56/48 HEAD /v1/AUTH_691e22e5287d458fb957eb85d88a6c04/glance%3Fformat%3Djson%26states%3Dlisting HTTP/1.0 204 - Swift - - - - txe6eca31ca75f4214b7c10-0069335520 - 0.0083 RL - 1764971808.987078428 1764971808.995392561 0
Dec 5 21:57:08 standalone container-server[122791]: 172.20.0.100 - - [05/Dec/2025:21:57:08 +0000] "PUT /d1/1018/AUTH_691e22e5287d458fb957eb85d88a6c04/glance/88100e9f-d9eb-4c85-9607-86007aa9b51e" 201 - "PUT http://localhost:8080/d1/1020/AUTH_691e22e5287d458fb957eb85d88a6c04/glance/88100e9f-d9eb-4c85-9607-86007aa9b51e" "txe6eca31ca75f4214b7c10-0069335520" "object-server 25" 0.0014 "-" 17 0
Dec 5 21:57:08 standalone object-server[123026]: 172.20.0.100 - - [05/Dec/2025:21:57:08 +0000] "PUT /d1/1020/AUTH_691e22e5287d458fb957eb85d88a6c04/glance/88100e9f-d9eb-4c85-9607-86007aa9b51e" 201 - "PUT http://localhost:8080/v1/AUTH_691e22e5287d458fb957eb85d88a6c04/glance/88100e9f-d9eb-4c85-9607-86007aa9b51e" "txe6eca31ca75f4214b7c10-0069335520" "proxy-server 21" 19.8002 "-" 25 0
Dec 5 21:57:08 standalone proxy-server[124988]: 172.18.0.2 ::1 05/Dec/2025/21/57/08 PUT /v1/AUTH_691e22e5287d458fb957eb85d88a6c04/glance/88100e9f-d9eb-4c85-9607-86007aa9b51e HTTP/1.0 201 - python-swiftclient-3.11.1 gAAAAABpM1UgbLI4... 1472724992 - - txe6eca31ca75f4214b7c10-0069335520 - 19.8348 - - 1764971808.982520103 1764971828.817271471 0
Dec 5 21:57:33 standalone container-server[122645]: Begin container update sweep
Dec 5 21:57:33 standalone account-server[122898]: 172.20.0.100 - - [05/Dec/2025:21:57:33 +0000] "PUT /d1/350/AUTH_691e22e5287d458fb957eb85d88a6c04/glance" 201 - "-" "-" "container-updater 2" 0.0008 "-" 23 0
Dec 5 21:57:33 standalone container-server[122645]: Container update sweep completed: 0.12s
Dec 5 21:58:42 standalone object-server[122921]: Begin object update sweep
Dec 5 21:58:42 standalone object-server[186322]: Object update sweep starting on /srv/node/d1 (pid: 13)
Dec 5 21:58:42 standalone object-server[186322]: Object update sweep completed on /srv/node/d1 in 0.00s seconds:, 0 successes, 0 failures, 0 quarantines, 0 unlinks, 0 errors, 0 redirects (pid: 13)
Dec 5 21:58:42 standalone object-server[186322]: Object update sweep of d1 completed: 0.00s, 0 successes, 0 failures, 0 quarantines, 0 unlinks, 0 errors, 0 redirects
Dec 5 21:58:42 standalone object-server[122921]: Object update sweep completed: 0.11s
Dec 5 21:59:50 standalone account-server[122898]: 172.20.0.100 - - [05/Dec/2025:21:59:50 +0000] "HEAD /d1/117/.expiring_objects" 404 - "HEAD http://localhost/v1/.expiring_objects?format=json" "tx8480079c8863473d8c7a6-00693355d6" "proxy-server 2" 0.0006 "-" 23 -
Dec 5 21:59:50 standalone object-expirer[122781]: Pass completed in 0s; 0 objects expired (txn: tx8480079c8863473d8c7a6-00693355d6)
Dec 5 22:02:08 standalone account-server[122885]: 172.20.0.100 - - [05/Dec/2025:22:02:08 +0000] "HEAD /d1/117/.expiring_objects" 404 - "HEAD http://localhost/v1/.expiring_objects?format=json" "txef6a2bbee8854d18b6030-0069335660" "proxy-server 2" 0.0017 "-" 20 -
Dec 5 22:02:08 standalone object-expirer[122781]: Pass completed in 0s; 0 objects expired (txn: txef6a2bbee8854d18b6030-0069335660)
Dec 5 22:02:20 standalone account-server[122887]: 172.20.0.100 - - [05/Dec/2025:22:02:20 +0000] "HEAD /d1/350/AUTH_691e22e5287d458fb957eb85d88a6c04" 204 - "HEAD http://localhost:8080/v1/AUTH_691e22e5287d458fb957eb85d88a6c04?format=json" "txc322772610084b8384be4-006933566c" "proxy-server 21" 0.0093 "-" 21 -
Dec 5 22:02:20 standalone proxy-server[124988]: - - 05/Dec/2025/22/02/20 HEAD /v1/AUTH_691e22e5287d458fb957eb85d88a6c04%3Fformat%3Djson HTTP/1.0 204 - Swift - - - - txc322772610084b8384be4-006933566c - 0.0153 RL - 1764972140.432961941 1764972140.448212147 -
Dec 5 22:02:20 standalone container-server[122818]: 172.20.0.100 - - [05/Dec/2025:22:02:20 +0000] "HEAD /d1/1018/AUTH_691e22e5287d458fb957eb85d88a6c04/glance" 204 - "HEAD http://localhost:8080/v1/AUTH_691e22e5287d458fb957eb85d88a6c04/glance?format=json&states=listing" "txc322772610084b8384be4-006933566c" "proxy-server 21" 0.0027 "-" 21 0
Dec 5 22:02:20 standalone proxy-server[124988]: 172.18.0.2 ::1 05/Dec/2025/22/02/20 HEAD /v1/AUTH_691e22e5287d458fb957eb85d88a6c04/glance%3Fformat%3Djson%26states%3Dlisting HTTP/1.0 204 - python-swiftclient-3.11.1 gAAAAABpM1Zst6Wz... - - - txc322772610084b8384be4-006933566c - 0.1232 - - 1764972140.430899620 1764972140.554053783 0
Dec 5 22:02:23 standalone container-server[122809]: 172.20.0.100 - - [05/Dec/2025:22:02:23 +0000] "PUT /d1/1018/AUTH_691e22e5287d458fb957eb85d88a6c04/glance/ddc55cab-e088-4c6f-9baf-be028fd52b58-00001" 201 - "PUT http://localhost:8080/d1/210/AUTH_691e22e5287d458fb957eb85d88a6c04/glance/ddc55cab-e088-4c6f-9baf-be028fd52b58-00001" "txea0b4db4dcec416fba7b1-006933566c" "object-server 22" 0.0017 "-" 20 0
Dec 5 22:02:23 standalone object-server[123023]: 172.20.0.100 - - [05/Dec/2025:22:02:23 +0000] "PUT /d1/210/AUTH_691e22e5287d458fb957eb85d88a6c04/glance/ddc55cab-e088-4c6f-9baf-be028fd52b58-00001" 201 - "PUT http://localhost:8080/v1/AUTH_691e22e5287d458fb957eb85d88a6c04/glance/ddc55cab-e088-4c6f-9baf-be028fd52b58-00001" "txea0b4db4dcec416fba7b1-006933566c" "proxy-server 21" 2.8144 "-" 22 0
Dec 5 22:02:23 standalone proxy-server[124988]: 172.18.0.2 ::1 05/Dec/2025/22/02/23 PUT /v1/AUTH_691e22e5287d458fb957eb85d88a6c04/glance/ddc55cab-e088-4c6f-9baf-be028fd52b58-00001 HTTP/1.0 201 - python-swiftclient-3.11.1 gAAAAABpM1Zst6Wz... 21692416 - - txea0b4db4dcec416fba7b1-006933566c - 2.8219 - - 1764972140.568314791 1764972143.390216589 0
Dec 5 22:02:23 standalone container-server[122791]: 172.20.0.100 - - [05/Dec/2025:22:02:23 +0000] "PUT /d1/1018/AUTH_691e22e5287d458fb957eb85d88a6c04/glance/ddc55cab-e088-4c6f-9baf-be028fd52b58" 201 - "PUT http://localhost:8080/d1/356/AUTH_691e22e5287d458fb957eb85d88a6c04/glance/ddc55cab-e088-4c6f-9baf-be028fd52b58" "tx6fcdbd798e8f4e82ae2b7-006933566f" "object-server 25" 0.0005 "-" 17 0
Dec 5 22:02:23 standalone object-server[123026]: 172.20.0.100 - - [05/Dec/2025:22:02:23 +0000] "PUT /d1/356/AUTH_691e22e5287d458fb957eb85d88a6c04/glance/ddc55cab-e088-4c6f-9baf-be028fd52b58" 201 - "PUT http://localhost:8080/v1/AUTH_691e22e5287d458fb957eb85d88a6c04/glance/ddc55cab-e088-4c6f-9baf-be028fd52b58" "tx6fcdbd798e8f4e82ae2b7-006933566f" "proxy-server 21" 0.0100 "-" 25 0
Dec 5 22:02:23 standalone proxy-server[124988]: 172.18.0.2 ::1 05/Dec/2025/22/02/23 PUT /v1/AUTH_691e22e5287d458fb957eb85d88a6c04/glance/ddc55cab-e088-4c6f-9baf-be028fd52b58 HTTP/1.0 201 - python-swiftclient-3.11.1 gAAAAABpM1Zst6Wz... - - - tx6fcdbd798e8f4e82ae2b7-006933566f - 0.0198 - - 1764972143.398473740 1764972143.418254614 0
Dec 5 22:02:24 standalone container-server[122809]: 172.20.0.100 - - [05/Dec/2025:22:02:24 +0000] "HEAD /d1/956/AUTH_691e22e5287d458fb957eb85d88a6c04/gnocchi.73edf623-cb21-4b9f-9962-02e357ab8c90" 404 - "HEAD http://localhost:8080/v1/AUTH_691e22e5287d458fb957eb85d88a6c04/gnocchi.73edf623-cb21-4b9f-9962-02e357ab8c90?format=json&states=listing" "tx1e98c11e64bd47d2b842c-0069335670" "proxy-server 21" 0.0010 "-" 20 0
Dec 5 22:02:24 standalone object-server[123025]: 172.20.0.100 - - [05/Dec/2025:22:02:24 +0000] "GET /d1/598/AUTH_691e22e5287d458fb957eb85d88a6c04/gnocchi.73edf623-cb21-4b9f-9962-02e357ab8c90/none_v3" 404 70 "GET http://localhost:8080/v1/AUTH_691e22e5287d458fb957eb85d88a6c04/gnocchi.73edf623-cb21-4b9f-9962-02e357ab8c90/none_v3" "tx1e98c11e64bd47d2b842c-0069335670" "proxy-server 21" 0.0009 "-" 24 0
Dec 5 22:02:24 standalone proxy-server[124988]: 172.18.0.2 ::1 05/Dec/2025/22/02/24 GET /v1/AUTH_691e22e5287d458fb957eb85d88a6c04/gnocchi.73edf623-cb21-4b9f-9962-02e357ab8c90/none_v3 HTTP/1.0 404 - python-swiftclient-3.11.1 gAAAAABpM1ZwvNeA... - 70 - tx1e98c11e64bd47d2b842c-0069335670 - 0.0475 - - 1764972144.611205816 1764972144.658674240 0
Dec 5 22:02:24 standalone account-server[122885]: 172.20.0.100 - - [05/Dec/2025:22:02:24 +0000] "PUT /d1/350/AUTH_691e22e5287d458fb957eb85d88a6c04/gnocchi.73edf623-cb21-4b9f-9962-02e357ab8c90" 201 - "PUT http://172.20.0.100:6001/d1/956/AUTH_691e22e5287d458fb957eb85d88a6c04/gnocchi.73edf623-cb21-4b9f-9962-02e357ab8c90" "tx5094be83c1e34a058b88a-0069335670" "container-server 20" 0.0016 "-" 20 0
Dec 5 22:02:24 standalone container-server[122809]: 172.20.0.100 - - [05/Dec/2025:22:02:24 +0000] "PUT /d1/956/AUTH_691e22e5287d458fb957eb85d88a6c04/gnocchi.73edf623-cb21-4b9f-9962-02e357ab8c90" 201 - "PUT http://localhost:8080/v1/AUTH_691e22e5287d458fb957eb85d88a6c04/gnocchi.73edf623-cb21-4b9f-9962-02e357ab8c90" "tx5094be83c1e34a058b88a-0069335670" "proxy-server 21" 0.0127 "-" 20 0
Dec 5 22:02:24 standalone proxy-server[124988]: 172.18.0.2 ::1 05/Dec/2025/22/02/24 PUT /v1/AUTH_691e22e5287d458fb957eb85d88a6c04/gnocchi.73edf623-cb21-4b9f-9962-02e357ab8c90 HTTP/1.0 201 - python-swiftclient-3.11.1 gAAAAABpM1ZwvNeA... - - - tx5094be83c1e34a058b88a-0069335670 - 0.0374 - - 1764972144.662289858 1764972144.699668407 0
Dec 5 22:02:24 standalone container-server[122824]: 172.20.0.100 - - [05/Dec/2025:22:02:24 +0000] "HEAD /d1/956/AUTH_691e22e5287d458fb957eb85d88a6c04/gnocchi.73edf623-cb21-4b9f-9962-02e357ab8c90" 204 - "HEAD http://localhost:8080/v1/AUTH_691e22e5287d458fb957eb85d88a6c04/gnocchi.73edf623-cb21-4b9f-9962-02e357ab8c90?format=json&states=listing" "txab2f590fee8d410095621-0069335670" "proxy-server 21" 0.0021 "-" 22 0
Dec 5 22:02:24 standalone proxy-server[124988]: - - 05/Dec/2025/22/02/24 HEAD /v1/AUTH_691e22e5287d458fb957eb85d88a6c04/gnocchi.73edf623-cb21-4b9f-9962-02e357ab8c90%3Fformat%3Djson%26states%3Dlisting HTTP/1.0 204 - Swift - - - - txab2f590fee8d410095621-0069335670 - 0.0077 RL - 1764972144.710059881 1764972144.717722178 0
Dec 5 22:02:24 standalone container-server[122818]: 172.20.0.100 - - [05/Dec/2025:22:02:24 +0000] "GET /d1/956/AUTH_691e22e5287d458fb957eb85d88a6c04/gnocchi.73edf623-cb21-4b9f-9962-02e357ab8c90" 200 2 "GET http://localhost:8080/v1/AUTH_691e22e5287d458fb957eb85d88a6c04/gnocchi.73edf623-cb21-4b9f-9962-02e357ab8c90?format=json&states=listing" "txab2f590fee8d410095621-0069335670" "proxy-server 21" 0.0019 "-" 21 0
Dec 5 22:02:24 standalone proxy-server[124988]: 172.18.0.2 ::1 05/Dec/2025/22/02/24 GET /v1/AUTH_691e22e5287d458fb957eb85d88a6c04/gnocchi.73edf623-cb21-4b9f-9962-02e357ab8c90%3Fformat%3Djson%26states%3Dlisting HTTP/1.0 200 - python-swiftclient-3.11.1 gAAAAABpM1ZwvNeA... - 2 - txab2f590fee8d410095621-0069335670 - 0.0202 - - 1764972144.704429150 1764972144.724646330 0
Dec 5 22:02:24 standalone object-server[123026]: 172.20.0.100 - - [05/Dec/2025:22:02:24 +0000] "GET /d1/690/AUTH_691e22e5287d458fb957eb85d88a6c04/gnocchi.73edf623-cb21-4b9f-9962-02e357ab8c90/1764720000.0_mean_300.0_v3" 404 70 "GET http://localhost:8080/v1/AUTH_691e22e5287d458fb957eb85d88a6c04/gnocchi.73edf623-cb21-4b9f-9962-02e357ab8c90/1764720000.0_mean_300.0_v3" "txf585cefa1c7d4609ab6e5-0069335670" "proxy-server 21" 0.0004 "-" 25 0
Dec 5 22:02:24 standalone proxy-server[124988]: 172.18.0.2 ::1 05/Dec/2025/22/02/24 GET /v1/AUTH_691e22e5287d458fb957eb85d88a6c04/gnocchi.73edf623-cb21-4b9f-9962-02e357ab8c90/1764720000.0_mean_300.0_v3 HTTP/1.0 404 - python-swiftclient-3.11.1 gAAAAABpM1ZwvNeA... - 70 - txf585cefa1c7d4609ab6e5-0069335670 - 0.0043 - - 1764972144.727949381 1764972144.732259989 0
Dec 5 22:02:24 standalone container-server[122809]: 172.20.0.100 - - [05/Dec/2025:22:02:24 +0000] "PUT /d1/956/AUTH_691e22e5287d458fb957eb85d88a6c04/gnocchi.73edf623-cb21-4b9f-9962-02e357ab8c90/1764720000.0_mean_300.0_v3" 201 - "PUT http://localhost:8080/d1/690/AUTH_691e22e5287d458fb957eb85d88a6c04/gnocchi.73edf623-cb21-4b9f-9962-02e357ab8c90/1764720000.0_mean_300.0_v3" "tx324ab3996a0348c8bae60-0069335670" "object-server 23" 0.0008 "-" 20 0
Dec 5 22:02:24 standalone object-server[123024]: 172.20.0.100 - - [05/Dec/2025:22:02:24 +0000] "PUT /d1/690/AUTH_691e22e5287d458fb957eb85d88a6c04/gnocchi.73edf623-cb21-4b9f-9962-02e357ab8c90/1764720000.0_mean_300.0_v3" 201 - "PUT http://localhost:8080/v1/AUTH_691e22e5287d458fb957eb85d88a6c04/gnocchi.73edf623-cb21-4b9f-9962-02e357ab8c90/1764720000.0_mean_300.0_v3" "tx324ab3996a0348c8bae60-0069335670" "proxy-server 21" 0.0484 "-" 23 0
Dec 5 22:02:24 standalone proxy-server[124988]: 172.18.0.2 ::1 05/Dec/2025/22/02/24 PUT /v1/AUTH_691e22e5287d458fb957eb85d88a6c04/gnocchi.73edf623-cb21-4b9f-9962-02e357ab8c90/1764720000.0_mean_300.0_v3 HTTP/1.0 201 - python-swiftclient-3.11.1 gAAAAABpM1ZwvNeA... 16 - - tx324ab3996a0348c8bae60-0069335670 - 0.0562 - - 1764972144.734389544 1764972144.790562391 0
Dec 5 22:02:24 standalone container-server[122791]: 172.20.0.100 - - [05/Dec/2025:22:02:24 +0000] "PUT /d1/956/AUTH_691e22e5287d458fb957eb85d88a6c04/gnocchi.73edf623-cb21-4b9f-9962-02e357ab8c90/none_v3" 201 - "PUT http://localhost:8080/d1/598/AUTH_691e22e5287d458fb957eb85d88a6c04/gnocchi.73edf623-cb21-4b9f-9962-02e357ab8c90/none_v3" "tx2e0066a4ae7f495fbd0c0-0069335670" "object-server 23" 0.0004 "-" 17 0
Dec 5 22:02:24 standalone object-server[123024]: 172.20.0.100 - - [05/Dec/2025:22:02:24 +0000] "PUT /d1/598/AUTH_691e22e5287d458fb957eb85d88a6c04/gnocchi.73edf623-cb21-4b9f-9962-02e357ab8c90/none_v3" 201 - "PUT http://localhost:8080/v1/AUTH_691e22e5287d458fb957eb85d88a6c04/gnocchi.73edf623-cb21-4b9f-9962-02e357ab8c90/none_v3" "tx2e0066a4ae7f495fbd0c0-0069335670" "proxy-server 21" 0.0101 "-" 23 0
Dec 5 22:02:24 standalone proxy-server[124988]: 172.18.0.2 ::1 05/Dec/2025/22/02/24 PUT /v1/AUTH_691e22e5287d458fb957eb85d88a6c04/gnocchi.73edf623-cb21-4b9f-9962-02e357ab8c90/none_v3 HTTP/1.0 201 - python-swiftclient-3.11.1 gAAAAABpM1ZwvNeA... 22 - - tx2e0066a4ae7f495fbd0c0-0069335670 - 0.0226 - - 1764972144.799979448 1764972144.822590351 0
Dec 5 22:02:33 standalone container-server[122645]: Begin container update sweep
Dec 5 22:02:33 standalone account-server[122885]: 172.20.0.100 - - [05/Dec/2025:22:02:33 +0000] "PUT /d1/350/AUTH_691e22e5287d458fb957eb85d88a6c04/glance" 201 - "-" "-" "container-updater 2" 0.0009 "-" 20 0
Dec 5 22:02:33 standalone account-server[122885]: 172.20.0.100 - - [05/Dec/2025:22:02:33 +0000] "PUT /d1/350/AUTH_691e22e5287d458fb957eb85d88a6c04/gnocchi.73edf623-cb21-4b9f-9962-02e357ab8c90" 201 - "-" "-" "container-updater 2" 0.0006 "-" 20 0
Dec 5 22:02:33 standalone container-server[122645]: Container update sweep completed: 0.18s
Dec 5 22:02:42 standalone account-server[122894]: 172.20.0.100 - - [05/Dec/2025:22:02:42 +0000] "HEAD /d1/117/.expiring_objects" 404 - "HEAD http://localhost/v1/.expiring_objects?format=json" "tx373adc7f38164e159510c-0069335682" "proxy-server 2" 0.0009 "-" 22 -
Dec 5 22:02:42 standalone object-expirer[122781]: Pass completed in 0s; 0 objects expired (txn: tx373adc7f38164e159510c-0069335682)
Dec 5 22:02:54 standalone object-server[123025]: 172.20.0.100 - - [05/Dec/2025:22:02:54 +0000] "GET /d1/598/AUTH_691e22e5287d458fb957eb85d88a6c04/gnocchi.73edf623-cb21-4b9f-9962-02e357ab8c90/none_v3" 200 22 "GET http://localhost:8080/v1/AUTH_691e22e5287d458fb957eb85d88a6c04/gnocchi.73edf623-cb21-4b9f-9962-02e357ab8c90/none_v3" "txdc7328d851a347fba97e7-006933568e" "proxy-server 21" 0.0012 "-" 24 0
Dec 5 22:02:54 standalone proxy-server[124988]: 172.18.0.2 ::1 05/Dec/2025/22/02/54 GET /v1/AUTH_691e22e5287d458fb957eb85d88a6c04/gnocchi.73edf623-cb21-4b9f-9962-02e357ab8c90/none_v3 HTTP/1.0 200 - python-swiftclient-3.11.1 gAAAAABpM1ZwvNeA... - 22 - txdc7328d851a347fba97e7-006933568e - 0.0164 - - 1764972174.239948511 1764972174.256376266 0
Dec 5 22:02:54 standalone container-server[122791]: 172.20.0.100 - - [05/Dec/2025:22:02:54 +0000] "GET /d1/956/AUTH_691e22e5287d458fb957eb85d88a6c04/gnocchi.73edf623-cb21-4b9f-9962-02e357ab8c90" 200 357 "GET http://localhost:8080/v1/AUTH_691e22e5287d458fb957eb85d88a6c04/gnocchi.73edf623-cb21-4b9f-9962-02e357ab8c90?format=json&states=listing" "tx5659984454ee4effa7987-006933568e" "proxy-server 21" 0.0063 "-" 17 0
Dec 5 22:02:54 standalone proxy-server[124988]: 172.18.0.2 ::1 05/Dec/2025/22/02/54 GET /v1/AUTH_691e22e5287d458fb957eb85d88a6c04/gnocchi.73edf623-cb21-4b9f-9962-02e357ab8c90%3Fformat%3Djson%26states%3Dlisting HTTP/1.0 200 - python-swiftclient-3.11.1 gAAAAABpM1ZwvNeA... - 357 - tx5659984454ee4effa7987-006933568e - 0.0124 - - 1764972174.259962559 1764972174.272344351 0
Dec 5 22:02:54 standalone container-server[122791]: 172.20.0.100 - - [05/Dec/2025:22:02:54 +0000] "GET /d1/956/AUTH_691e22e5287d458fb957eb85d88a6c04/gnocchi.73edf623-cb21-4b9f-9962-02e357ab8c90" 200 2 "GET http://localhost:8080/v1/AUTH_691e22e5287d458fb957eb85d88a6c04/gnocchi.73edf623-cb21-4b9f-9962-02e357ab8c90?format=json&marker=none_v3&states=listing" "txa3ba021411724cafaa6cd-006933568e" "proxy-server 21" 0.0032 "-" 17 0
Dec 5 22:02:54 standalone proxy-server[124988]: 172.18.0.2 ::1 05/Dec/2025/22/02/54 GET /v1/AUTH_691e22e5287d458fb957eb85d88a6c04/gnocchi.73edf623-cb21-4b9f-9962-02e357ab8c90%3Fformat%3Djson%26marker%3Dnone_v3%26states%3Dlisting HTTP/1.0 200 - python-swiftclient-3.11.1 gAAAAABpM1ZwvNeA... - 2 - txa3ba021411724cafaa6cd-006933568e - 0.0083 - - 1764972174.276193619 1764972174.284540892 0
Dec 5 22:02:54 standalone object-server[123026]: 172.20.0.100 - - [05/Dec/2025:22:02:54 +0000] "GET /d1/690/AUTH_691e22e5287d458fb957eb85d88a6c04/gnocchi.73edf623-cb21-4b9f-9962-02e357ab8c90/1764720000.0_mean_300.0_v3" 200 16 "GET http://localhost:8080/v1/AUTH_691e22e5287d458fb957eb85d88a6c04/gnocchi.73edf623-cb21-4b9f-9962-02e357ab8c90/1764720000.0_mean_300.0_v3" "tx960f6c3d7a124920b2f61-006933568e" "proxy-server 21" 0.0016 "-" 25 0
Dec 5 22:02:54 standalone proxy-server[124988]: 172.18.0.2 ::1 05/Dec/2025/22/02/54 GET /v1/AUTH_691e22e5287d458fb957eb85d88a6c04/gnocchi.73edf623-cb21-4b9f-9962-02e357ab8c90/1764720000.0_mean_300.0_v3 HTTP/1.0 200 - python-swiftclient-3.11.1 gAAAAABpM1ZwvNeA... - 16 - tx960f6c3d7a124920b2f61-006933568e - 0.0080 - - 1764972174.289634466 1764972174.297656775 0
Dec 5 22:02:54 standalone container-server[122809]: 172.20.0.100 - - [05/Dec/2025:22:02:54 +0000] "PUT /d1/956/AUTH_691e22e5287d458fb957eb85d88a6c04/gnocchi.73edf623-cb21-4b9f-9962-02e357ab8c90/1764720000.0_mean_300.0_v3" 201 - "PUT http://localhost:8080/d1/690/AUTH_691e22e5287d458fb957eb85d88a6c04/gnocchi.73edf623-cb21-4b9f-9962-02e357ab8c90/1764720000.0_mean_300.0_v3" "txd491985cb997491782fa5-006933568e" "object-server 23" 0.0009 "-" 20 0
Dec 5 22:02:54 standalone object-server[123024]: 172.20.0.100 - - [05/Dec/2025:22:02:54 +0000] "PUT /d1/690/AUTH_691e22e5287d458fb957eb85d88a6c04/gnocchi.73edf623-cb21-4b9f-9962-02e357ab8c90/1764720000.0_mean_300.0_v3" 201 - "PUT http://localhost:8080/v1/AUTH_691e22e5287d458fb957eb85d88a6c04/gnocchi.73edf623-cb21-4b9f-9962-02e357ab8c90/1764720000.0_mean_300.0_v3" "txd491985cb997491782fa5-006933568e" "proxy-server 21" 0.0125 "-" 23 0
Dec 5 22:02:54 standalone proxy-server[124988]: 172.18.0.2 ::1 05/Dec/2025/22/02/54 PUT /v1/AUTH_691e22e5287d458fb957eb85d88a6c04/gnocchi.73edf623-cb21-4b9f-9962-02e357ab8c90/1764720000.0_mean_300.0_v3 HTTP/1.0 201 - python-swiftclient-3.11.1 gAAAAABpM1ZwvNeA... 16 - - txd491985cb997491782fa5-006933568e - 0.0188 - - 1764972174.301648855 1764972174.320497751 0
Dec 5 22:02:54 standalone container-server[122809]: 172.20.0.100 - - [05/Dec/2025:22:02:54 +0000] "PUT /d1/956/AUTH_691e22e5287d458fb957eb85d88a6c04/gnocchi.73edf623-cb21-4b9f-9962-02e357ab8c90/none_v3" 201 - "PUT http://localhost:8080/d1/598/AUTH_691e22e5287d458fb957eb85d88a6c04/gnocchi.73edf623-cb21-4b9f-9962-02e357ab8c90/none_v3" "tx5e11afaf0e9f4dd5b904c-006933568e" "object-server 22" 0.0006 "-" 20 0
Dec 5 22:02:54 standalone object-server[123023]: 172.20.0.100 - - [05/Dec/2025:22:02:54 +0000] "PUT /d1/598/AUTH_691e22e5287d458fb957eb85d88a6c04/gnocchi.73edf623-cb21-4b9f-9962-02e357ab8c90/none_v3" 201 - "PUT http://localhost:8080/v1/AUTH_691e22e5287d458fb957eb85d88a6c04/gnocchi.73edf623-cb21-4b9f-9962-02e357ab8c90/none_v3" "tx5e11afaf0e9f4dd5b904c-006933568e" "proxy-server 21" 0.0231 "-" 22 0
Dec 5 22:02:54 standalone proxy-server[124988]: 172.18.0.2 ::1 05/Dec/2025/22/02/54 PUT /v1/AUTH_691e22e5287d458fb957eb85d88a6c04/gnocchi.73edf623-cb21-4b9f-9962-02e357ab8c90/none_v3 HTTP/1.0 201 - python-swiftclient-3.11.1 gAAAAABpM1ZwvNeA... 32 - - tx5e11afaf0e9f4dd5b904c-006933568e - 0.0295 - - 1764972174.326349020 1764972174.355844498 0
Dec 5 22:03:24 standalone account-server[122887]: 172.20.0.100 - - [05/Dec/2025:22:03:24 +0000] "HEAD /d1/350/AUTH_691e22e5287d458fb957eb85d88a6c04" 204 - "HEAD http://localhost:8080/v1/AUTH_691e22e5287d458fb957eb85d88a6c04?format=json" "txa15354b2945146c7bb4c2-00693356ac" "proxy-server 21" 0.0061 "-" 21 -
Dec 5 22:03:24 standalone proxy-server[124988]: - - 05/Dec/2025/22/03/24 HEAD /v1/AUTH_691e22e5287d458fb957eb85d88a6c04%3Fformat%3Djson HTTP/1.0 204 - Swift - - - - txa15354b2945146c7bb4c2-00693356ac - 0.0099 RL - 1764972204.923311472 1764972204.933224440 -
Dec 5 22:03:25 standalone container-server[122824]: 172.20.0.100 - - [05/Dec/2025:22:03:25 +0000] "HEAD /d1/1018/AUTH_691e22e5287d458fb957eb85d88a6c04/glance" 204 - "HEAD http://localhost:8080/v1/AUTH_691e22e5287d458fb957eb85d88a6c04/glance?format=json&states=listing" "txa15354b2945146c7bb4c2-00693356ac" "proxy-server 21" 0.0029 "-" 22 0
Dec 5 22:03:25 standalone object-server[123023]: 172.20.0.100 - - [05/Dec/2025:22:03:25 +0000] "GET /d1/356/AUTH_691e22e5287d458fb957eb85d88a6c04/glance/ddc55cab-e088-4c6f-9baf-be028fd52b58" 200 - "GET http://localhost:8080/v1/AUTH_691e22e5287d458fb957eb85d88a6c04/glance/ddc55cab-e088-4c6f-9baf-be028fd52b58" "txa15354b2945146c7bb4c2-00693356ac" "proxy-server 21" 0.0015 "-" 22 0
Dec 5 22:03:25 standalone container-server[122818]: 172.20.0.100 - - [05/Dec/2025:22:03:25 +0000] "GET /d1/1018/AUTH_691e22e5287d458fb957eb85d88a6c04/glance" 200 210 "GET http://localhost:8080/v1/AUTH_691e22e5287d458fb957eb85d88a6c04/glance?prefix=ddc55cab-e088-4c6f-9baf-be028fd52b58-&format=json&states=listing" "txa15354b2945146c7bb4c2-00693356ac" "proxy-server 21" 0.0038 "-" 21 0
Dec 5 22:03:25 standalone proxy-server[124988]: - - 05/Dec/2025/22/03/25 GET /v1/AUTH_691e22e5287d458fb957eb85d88a6c04/glance%3Fprefix%3Dddc55cab-e088-4c6f-9baf-be028fd52b58-%26format%3Djson%26states%3Dlisting HTTP/1.0 200 - python-swiftclient-3.11.1%20DLO%20MultipartGET gAAAAABpM1ashvc1... - 210 - txa15354b2945146c7bb4c2-00693356ac - 0.0099 DLO - 1764972205.047466516 1764972205.057324886 0
Dec 5 22:03:25 standalone object-server[123024]: 172.20.0.100 - - [05/Dec/2025:22:03:25 +0000] "GET /d1/210/AUTH_691e22e5287d458fb957eb85d88a6c04/glance/ddc55cab-e088-4c6f-9baf-be028fd52b58-00001" 200 21692416 "GET http://localhost:8080/v1/AUTH_691e22e5287d458fb957eb85d88a6c04/glance/ddc55cab-e088-4c6f-9baf-be028fd52b58-00001?multipart-manifest=get" "txa15354b2945146c7bb4c2-00693356ac" "proxy-server 21" 0.0011 "-" 23 0
Dec 5 22:03:25 standalone proxy-server[124988]: - - 05/Dec/2025/22/03/25 GET /v1/AUTH_691e22e5287d458fb957eb85d88a6c04/glance/ddc55cab-e088-4c6f-9baf-be028fd52b58-00001%3Fmultipart-manifest%3Dget HTTP/1.0 200 - python-swiftclient-3.11.1%20%20DLO%20MultipartGET gAAAAABpM1ashvc1... - 21692416 - txa15354b2945146c7bb4c2-00693356ac - 0.1203 DLO - 1764972205.058472633 1764972205.178795576 0
Dec 5 22:03:25 standalone proxy-server[124988]: 172.18.0.2 ::1 05/Dec/2025/22/03/25 GET /v1/AUTH_691e22e5287d458fb957eb85d88a6c04/glance/ddc55cab-e088-4c6f-9baf-be028fd52b58 HTTP/1.0 200 - python-swiftclient-3.11.1 gAAAAABpM1ashvc1... - 21692416 - txa15354b2945146c7bb4c2-00693356ac - 0.2568 - - 1764972204.922529936 1764972205.179316044 0
Dec 5 22:03:25 standalone container-server[122818]: 172.20.0.100 - - [05/Dec/2025:22:03:25 +0000] "HEAD /d1/591/AUTH_691e22e5287d458fb957eb85d88a6c04/gnocchi.4cac2e05-3c00-4ab7-82f0-c4f8b5c85cca" 404 - "HEAD http://localhost:8080/v1/AUTH_691e22e5287d458fb957eb85d88a6c04/gnocchi.4cac2e05-3c00-4ab7-82f0-c4f8b5c85cca?format=json&states=listing" "tx3ceccb1bf45d4f8580b57-00693356ad" "proxy-server 21" 0.0004 "-" 21 0
Dec 5 22:03:25 standalone object-server[123023]: 172.20.0.100 - - [05/Dec/2025:22:03:25 +0000] "GET /d1/167/AUTH_691e22e5287d458fb957eb85d88a6c04/gnocchi.4cac2e05-3c00-4ab7-82f0-c4f8b5c85cca/none_v3" 404 70 "GET http://localhost:8080/v1/AUTH_691e22e5287d458fb957eb85d88a6c04/gnocchi.4cac2e05-3c00-4ab7-82f0-c4f8b5c85cca/none_v3" "tx3ceccb1bf45d4f8580b57-00693356ad" "proxy-server 21" 0.0005 "-" 22 0
Dec 5 22:03:25 standalone proxy-server[124988]: 172.18.0.2 ::1 05/Dec/2025/22/03/25 GET /v1/AUTH_691e22e5287d458fb957eb85d88a6c04/gnocchi.4cac2e05-3c00-4ab7-82f0-c4f8b5c85cca/none_v3 HTTP/1.0 404 - python-swiftclient-3.11.1 gAAAAABpM1ZwvNeA... - 70 - tx3ceccb1bf45d4f8580b57-00693356ad - 0.0103 - - 1764972205.420715332 1764972205.430971384 0
Dec 5 22:03:25 standalone account-server[122898]: 172.20.0.100 - - [05/Dec/2025:22:03:25 +0000] "PUT /d1/350/AUTH_691e22e5287d458fb957eb85d88a6c04/gnocchi.4cac2e05-3c00-4ab7-82f0-c4f8b5c85cca" 201 - "PUT http://172.20.0.100:6001/d1/591/AUTH_691e22e5287d458fb957eb85d88a6c04/gnocchi.4cac2e05-3c00-4ab7-82f0-c4f8b5c85cca" "tx1f51fa941011444fafd13-00693356ad" "container-server 17" 0.0012 "-" 23 0
Dec 5 22:03:25 standalone container-server[122791]: 172.20.0.100 - - [05/Dec/2025:22:03:25 +0000] "PUT /d1/591/AUTH_691e22e5287d458fb957eb85d88a6c04/gnocchi.4cac2e05-3c00-4ab7-82f0-c4f8b5c85cca" 201 - "PUT http://localhost:8080/v1/AUTH_691e22e5287d458fb957eb85d88a6c04/gnocchi.4cac2e05-3c00-4ab7-82f0-c4f8b5c85cca" "tx1f51fa941011444fafd13-00693356ad" "proxy-server 21" 0.0113 "-" 17 0
Dec 5 22:03:25 standalone proxy-server[124988]: 172.18.0.2 ::1 05/Dec/2025/22/03/25 PUT /v1/AUTH_691e22e5287d458fb957eb85d88a6c04/gnocchi.4cac2e05-3c00-4ab7-82f0-c4f8b5c85cca HTTP/1.0 201 - python-swiftclient-3.11.1 gAAAAABpM1ZwvNeA... - - - tx1f51fa941011444fafd13-00693356ad - 0.0186 - - 1764972205.435420752 1764972205.453979731 0
Dec 5 22:03:25 standalone container-server[122791]: 172.20.0.100 - - [05/Dec/2025:22:03:25 +0000] "HEAD /d1/591/AUTH_691e22e5287d458fb957eb85d88a6c04/gnocchi.4cac2e05-3c00-4ab7-82f0-c4f8b5c85cca" 204 - "HEAD http://localhost:8080/v1/AUTH_691e22e5287d458fb957eb85d88a6c04/gnocchi.4cac2e05-3c00-4ab7-82f0-c4f8b5c85cca?format=json&states=listing" "tx6e08702b21124842b6cd3-00693356ad" "proxy-server 21" 0.0016 "-" 17 0
Dec 5 22:03:25 standalone proxy-server[124988]: - - 05/Dec/2025/22/03/25 HEAD /v1/AUTH_691e22e5287d458fb957eb85d88a6c04/gnocchi.4cac2e05-3c00-4ab7-82f0-c4f8b5c85cca%3Fformat%3Djson%26states%3Dlisting HTTP/1.0 204 - Swift - - - - tx6e08702b21124842b6cd3-00693356ad - 0.0067 RL - 1764972205.463391542 1764972205.470103502 0
Dec 5 22:03:25 standalone container-server[122791]: 172.20.0.100 - - [05/Dec/2025:22:03:25 +0000] "GET /d1/591/AUTH_691e22e5287d458fb957eb85d88a6c04/gnocchi.4cac2e05-3c00-4ab7-82f0-c4f8b5c85cca" 200 2 "GET http://localhost:8080/v1/AUTH_691e22e5287d458fb957eb85d88a6c04/gnocchi.4cac2e05-3c00-4ab7-82f0-c4f8b5c85cca?format=json&states=listing" "tx6e08702b21124842b6cd3-00693356ad" "proxy-server 21" 0.0021 "-" 17 0
Dec 5 22:03:25 standalone proxy-server[124988]: 172.18.0.2 ::1 05/Dec/2025/22/03/25 GET /v1/AUTH_691e22e5287d458fb957eb85d88a6c04/gnocchi.4cac2e05-3c00-4ab7-82f0-c4f8b5c85cca%3Fformat%3Djson%26states%3Dlisting HTTP/1.0 200 - python-swiftclient-3.11.1 gAAAAABpM1ZwvNeA... - 2 - tx6e08702b21124842b6cd3-00693356ad - 0.0242 - - 1764972205.462164640 1764972205.486402988 0
Dec 5 22:03:25 standalone object-server[123025]: 172.20.0.100 - - [05/Dec/2025:22:03:25 +0000] "GET /d1/0/AUTH_691e22e5287d458fb957eb85d88a6c04/gnocchi.4cac2e05-3c00-4ab7-82f0-c4f8b5c85cca/1764720000.0_mean_300.0_v3" 404 70 "GET http://localhost:8080/v1/AUTH_691e22e5287d458fb957eb85d88a6c04/gnocchi.4cac2e05-3c00-4ab7-82f0-c4f8b5c85cca/1764720000.0_mean_300.0_v3" "tx17d9cbff3593420c86647-00693356ad" "proxy-server 21" 0.0007 "-" 24 0
Dec 5 22:03:25 standalone proxy-server[124988]: 172.18.0.2 ::1 05/Dec/2025/22/03/25 GET /v1/AUTH_691e22e5287d458fb957eb85d88a6c04/gnocchi.4cac2e05-3c00-4ab7-82f0-c4f8b5c85cca/1764720000.0_mean_300.0_v3 HTTP/1.0 404 - python-swiftclient-3.11.1 gAAAAABpM1ZwvNeA... - 70 - tx17d9cbff3593420c86647-00693356ad - 0.0111 - - 1764972205.491706848 1764972205.502766371 0
Dec 5 22:03:25 standalone container-server[122809]: 172.20.0.100 - - [05/Dec/2025:22:03:25 +0000] "PUT /d1/591/AUTH_691e22e5287d458fb957eb85d88a6c04/gnocchi.4cac2e05-3c00-4ab7-82f0-c4f8b5c85cca/1764720000.0_mean_300.0_v3" 201 - "PUT http://localhost:8080/d1/0/AUTH_691e22e5287d458fb957eb85d88a6c04/gnocchi.4cac2e05-3c00-4ab7-82f0-c4f8b5c85cca/1764720000.0_mean_300.0_v3" "tx480190c3bbb547d0830bf-00693356ad" "object-server 25" 0.0005 "-" 20 0
Dec 5 22:03:25 standalone object-server[123026]: 172.20.0.100 - - [05/Dec/2025:22:03:25 +0000] "PUT /d1/0/AUTH_691e22e5287d458fb957eb85d88a6c04/gnocchi.4cac2e05-3c00-4ab7-82f0-c4f8b5c85cca/1764720000.0_mean_300.0_v3" 201 - "PUT http://localhost:8080/v1/AUTH_691e22e5287d458fb957eb85d88a6c04/gnocchi.4cac2e05-3c00-4ab7-82f0-c4f8b5c85cca/1764720000.0_mean_300.0_v3" "tx480190c3bbb547d0830bf-00693356ad" "proxy-server 21" 0.0372 "-" 25 0
Dec 5 22:03:25 standalone proxy-server[124988]: 172.18.0.2 ::1 05/Dec/2025/22/03/25 PUT /v1/AUTH_691e22e5287d458fb957eb85d88a6c04/gnocchi.4cac2e05-3c00-4ab7-82f0-c4f8b5c85cca/1764720000.0_mean_300.0_v3 HTTP/1.0 201 - python-swiftclient-3.11.1 gAAAAABpM1ZwvNeA... 16 - - tx480190c3bbb547d0830bf-00693356ad - 0.0442 - - 1764972205.507504702 1764972205.551750660 0
Dec 5 22:03:25 standalone container-server[122809]: 172.20.0.100 - - [05/Dec/2025:22:03:25 +0000] "PUT /d1/591/AUTH_691e22e5287d458fb957eb85d88a6c04/gnocchi.4cac2e05-3c00-4ab7-82f0-c4f8b5c85cca/none_v3" 201 - "PUT http://localhost:8080/d1/167/AUTH_691e22e5287d458fb957eb85d88a6c04/gnocchi.4cac2e05-3c00-4ab7-82f0-c4f8b5c85cca/none_v3" "tx10edcec1733a42c3add66-00693356ad" "object-server 22" 0.0004 "-" 20 0
Dec 5 22:03:25 standalone object-server[123023]: 172.20.0.100 - - [05/Dec/2025:22:03:25 +0000] "PUT /d1/167/AUTH_691e22e5287d458fb957eb85d88a6c04/gnocchi.4cac2e05-3c00-4ab7-82f0-c4f8b5c85cca/none_v3" 201 - "PUT http://localhost:8080/v1/AUTH_691e22e5287d458fb957eb85d88a6c04/gnocchi.4cac2e05-3c00-4ab7-82f0-c4f8b5c85cca/none_v3" "tx10edcec1733a42c3add66-00693356ad" "proxy-server 21" 0.0311 "-" 22 0
Dec 5 22:03:25 standalone proxy-server[124988]: 172.18.0.2 ::1 05/Dec/2025/22/03/25 PUT /v1/AUTH_691e22e5287d458fb957eb85d88a6c04/gnocchi.4cac2e05-3c00-4ab7-82f0-c4f8b5c85cca/none_v3 HTTP/1.0 201 - python-swiftclient-3.11.1 gAAAAABpM1ZwvNeA... 22 - - tx10edcec1733a42c3add66-00693356ad - 0.0366 - - 1764972205.555434465 1764972205.592040539 0
Dec 5 22:03:25 standalone container-server[122809]: 172.20.0.100 - - [05/Dec/2025:22:03:25 +0000] "HEAD /d1/909/AUTH_691e22e5287d458fb957eb85d88a6c04/gnocchi.b280ee9b-894c-48ad-85f1-f2c51b260454" 404 - "HEAD http://localhost:8080/v1/AUTH_691e22e5287d458fb957eb85d88a6c04/gnocchi.b280ee9b-894c-48ad-85f1-f2c51b260454?format=json&states=listing" "txa6599128397040eeba497-00693356ad" "proxy-server 21" 0.0004 "-" 20 0
Dec 5 22:03:25 standalone object-server[123023]: 172.20.0.100 - - [05/Dec/2025:22:03:25 +0000] "GET /d1/845/AUTH_691e22e5287d458fb957eb85d88a6c04/gnocchi.b280ee9b-894c-48ad-85f1-f2c51b260454/none_v3" 404 70 "GET http://localhost:8080/v1/AUTH_691e22e5287d458fb957eb85d88a6c04/gnocchi.b280ee9b-894c-48ad-85f1-f2c51b260454/none_v3" "txa6599128397040eeba497-00693356ad" "proxy-server 21" 0.0003 "-" 22 0
Dec 5 22:03:25 standalone proxy-server[124988]: 172.18.0.2 ::1 05/Dec/2025/22/03/25 GET /v1/AUTH_691e22e5287d458fb957eb85d88a6c04/gnocchi.b280ee9b-894c-48ad-85f1-f2c51b260454/none_v3 HTTP/1.0 404 - python-swiftclient-3.11.1 gAAAAABpM1ZwvNeA... - 70 - txa6599128397040eeba497-00693356ad - 0.0101 - - 1764972205.609091043 1764972205.619152546 0
Dec 5 22:03:25 standalone account-server[122894]: 172.20.0.100 - - [05/Dec/2025:22:03:25 +0000] "PUT /d1/350/AUTH_691e22e5287d458fb957eb85d88a6c04/gnocchi.b280ee9b-894c-48ad-85f1-f2c51b260454" 201 - "PUT http://172.20.0.100:6001/d1/909/AUTH_691e22e5287d458fb957eb85d88a6c04/gnocchi.b280ee9b-894c-48ad-85f1-f2c51b260454" "tx66774cf4940e4b65b814e-00693356ad" "container-server 17" 0.0205 "-" 22 0
Dec 5 22:03:25 standalone container-server[122791]: 172.20.0.100 - - [05/Dec/2025:22:03:25 +0000] "PUT /d1/909/AUTH_691e22e5287d458fb957eb85d88a6c04/gnocchi.b280ee9b-894c-48ad-85f1-f2c51b260454" 201 - "PUT http://localhost:8080/v1/AUTH_691e22e5287d458fb957eb85d88a6c04/gnocchi.b280ee9b-894c-48ad-85f1-f2c51b260454" "tx66774cf4940e4b65b814e-00693356ad" "proxy-server 21" 0.0677 "-" 17 0
Dec 5 22:03:25 standalone proxy-server[124988]: 172.18.0.2 ::1 05/Dec/2025/22/03/25 PUT /v1/AUTH_691e22e5287d458fb957eb85d88a6c04/gnocchi.b280ee9b-894c-48ad-85f1-f2c51b260454 HTTP/1.0 201 - python-swiftclient-3.11.1 gAAAAABpM1ZwvNeA... - - - tx66774cf4940e4b65b814e-00693356ad - 0.0742 - - 1764972205.623206377 1764972205.697410345 0
Dec 5 22:03:25 standalone container-server[122818]: 172.20.0.100 - - [05/Dec/2025:22:03:25 +0000] "HEAD /d1/909/AUTH_691e22e5287d458fb957eb85d88a6c04/gnocchi.b280ee9b-894c-48ad-85f1-f2c51b260454" 204 - "HEAD http://localhost:8080/v1/AUTH_691e22e5287d458fb957eb85d88a6c04/gnocchi.b280ee9b-894c-48ad-85f1-f2c51b260454?format=json&states=listing" "tx15c0e7937ec84b6bb6825-00693356ad" "proxy-server 21" 0.0016 "-" 21 0
Dec 5 22:03:25 standalone proxy-server[124988]: - - 05/Dec/2025/22/03/25 HEAD /v1/AUTH_691e22e5287d458fb957eb85d88a6c04/gnocchi.b280ee9b-894c-48ad-85f1-f2c51b260454%3Fformat%3Djson%26states%3Dlisting HTTP/1.0 204 - Swift - - - - tx15c0e7937ec84b6bb6825-00693356ad - 0.0124 RL - 1764972205.702799082 1764972205.715234995 0
Dec 5 22:03:25 standalone container-server[122824]: 172.20.0.100 - - [05/Dec/2025:22:03:25 +0000] "GET /d1/909/AUTH_691e22e5287d458fb957eb85d88a6c04/gnocchi.b280ee9b-894c-48ad-85f1-f2c51b260454" 200 2 "GET http://localhost:8080/v1/AUTH_691e22e5287d458fb957eb85d88a6c04/gnocchi.b280ee9b-894c-48ad-85f1-f2c51b260454?format=json&states=listing" "tx15c0e7937ec84b6bb6825-00693356ad" "proxy-server 21" 0.0039 "-" 22 0
Dec 5 22:03:25 standalone proxy-server[124988]: 172.18.0.2 ::1 05/Dec/2025/22/03/25 GET /v1/AUTH_691e22e5287d458fb957eb85d88a6c04/gnocchi.b280ee9b-894c-48ad-85f1-f2c51b260454%3Fformat%3Djson%26states%3Dlisting HTTP/1.0 200 - python-swiftclient-3.11.1 gAAAAABpM1ZwvNeA... - 2 - tx15c0e7937ec84b6bb6825-00693356ad - 0.0306 - - 1764972205.701743126 1764972205.732305527 0
Dec 5 22:03:25 standalone object-server[123023]: 172.20.0.100 - - [05/Dec/2025:22:03:25 +0000] "GET /d1/455/AUTH_691e22e5287d458fb957eb85d88a6c04/gnocchi.b280ee9b-894c-48ad-85f1-f2c51b260454/1764720000.0_mean_300.0_v3" 404 70 "GET http://localhost:8080/v1/AUTH_691e22e5287d458fb957eb85d88a6c04/gnocchi.b280ee9b-894c-48ad-85f1-f2c51b260454/1764720000.0_mean_300.0_v3" "tx4d94bc45c09346e582355-00693356ad" "proxy-server 21" 0.0007 "-" 22 0
Dec 5 22:03:25 standalone proxy-server[124988]: 172.18.0.2 ::1 05/Dec/2025/22/03/25 GET /v1/AUTH_691e22e5287d458fb957eb85d88a6c04/gnocchi.b280ee9b-894c-48ad-85f1-f2c51b260454/1764720000.0_mean_300.0_v3 HTTP/1.0 404 - python-swiftclient-3.11.1 gAAAAABpM1ZwvNeA... - 70 - tx4d94bc45c09346e582355-00693356ad - 0.0193 - - 1764972205.738986969 1764972205.758280277 0
Dec 5 22:03:25 standalone container-server[122791]: 172.20.0.100 - - [05/Dec/2025:22:03:25 +0000] "PUT /d1/909/AUTH_691e22e5287d458fb957eb85d88a6c04/gnocchi.b280ee9b-894c-48ad-85f1-f2c51b260454/1764720000.0_mean_300.0_v3" 201 - "PUT http://localhost:8080/d1/455/AUTH_691e22e5287d458fb957eb85d88a6c04/gnocchi.b280ee9b-894c-48ad-85f1-f2c51b260454/1764720000.0_mean_300.0_v3" "tx106718a1f3bb4d72a9fc0-00693356ad" "object-server 23" 0.0005 "-" 17 0
Dec 5 22:03:25 standalone object-server[123024]: 172.20.0.100 - - [05/Dec/2025:22:03:25 +0000] "PUT /d1/455/AUTH_691e22e5287d458fb957eb85d88a6c04/gnocchi.b280ee9b-894c-48ad-85f1-f2c51b260454/1764720000.0_mean_300.0_v3" 201 - "PUT http://localhost:8080/v1/AUTH_691e22e5287d458fb957eb85d88a6c04/gnocchi.b280ee9b-894c-48ad-85f1-f2c51b260454/1764720000.0_mean_300.0_v3" "tx106718a1f3bb4d72a9fc0-00693356ad" "proxy-server 21" 0.0134 "-" 23 0
Dec 5 22:03:25 standalone proxy-server[124988]: 172.18.0.2 ::1 05/Dec/2025/22/03/25 PUT /v1/AUTH_691e22e5287d458fb957eb85d88a6c04/gnocchi.b280ee9b-894c-48ad-85f1-f2c51b260454/1764720000.0_mean_300.0_v3 HTTP/1.0 201 - python-swiftclient-3.11.1 gAAAAABpM1ZwvNeA... 16 - - tx106718a1f3bb4d72a9fc0-00693356ad - 0.0288 - - 1764972205.763954163 1764972205.792707920 0
Dec 5 22:03:25 standalone container-server[122824]: 172.20.0.100 - - [05/Dec/2025:22:03:25 +0000] "PUT /d1/909/AUTH_691e22e5287d458fb957eb85d88a6c04/gnocchi.b280ee9b-894c-48ad-85f1-f2c51b260454/none_v3" 201 - "PUT http://localhost:8080/d1/845/AUTH_691e22e5287d458fb957eb85d88a6c04/gnocchi.b280ee9b-894c-48ad-85f1-f2c51b260454/none_v3" "txa48a00c0e44042a081cdc-00693356ad" "object-server 25" 0.0008 "-" 22 0
Dec 5 22:03:25 standalone object-server[123026]: 172.20.0.100 - - [05/Dec/2025:22:03:25 +0000] "PUT /d1/845/AUTH_691e22e5287d458fb957eb85d88a6c04/gnocchi.b280ee9b-894c-48ad-85f1-f2c51b260454/none_v3" 201 - "PUT http://localhost:8080/v1/AUTH_691e22e5287d458fb957eb85d88a6c04/gnocchi.b280ee9b-894c-48ad-85f1-f2c51b260454/none_v3" "txa48a00c0e44042a081cdc-00693356ad" "proxy-server 21" 0.0156 "-" 25 0
Dec 5 22:03:25 standalone proxy-server[124988]: 172.18.0.2 ::1 05/Dec/2025/22/03/25 PUT /v1/AUTH_691e22e5287d458fb957eb85d88a6c04/gnocchi.b280ee9b-894c-48ad-85f1-f2c51b260454/none_v3 HTTP/1.0 201 - python-swiftclient-3.11.1 gAAAAABpM1ZwvNeA... 22 - - txa48a00c0e44042a081cdc-00693356ad - 0.0271 - - 1764972205.796004772 1764972205.823135853 0
Dec 5 22:03:30 standalone container-server[122824]: 172.20.0.100 - - [05/Dec/2025:22:03:30 +0000] "HEAD /d1/511/AUTH_691e22e5287d458fb957eb85d88a6c04/gnocchi.71bf64f5-215f-49c9-a86c-dec1ba358b4a" 404 - "HEAD http://localhost:8080/v1/AUTH_691e22e5287d458fb957eb85d88a6c04/gnocchi.71bf64f5-215f-49c9-a86c-dec1ba358b4a?format=json&states=listing" "tx4ff7cff1e2624256a0242-00693356b2" "proxy-server 21" 0.0008 "-" 22 0
Dec 5 22:03:30 standalone object-server[123026]: 172.20.0.100 - - [05/Dec/2025:22:03:30 +0000] "GET /d1/461/AUTH_691e22e5287d458fb957eb85d88a6c04/gnocchi.71bf64f5-215f-49c9-a86c-dec1ba358b4a/none_v3" 404 70 "GET http://localhost:8080/v1/AUTH_691e22e5287d458fb957eb85d88a6c04/gnocchi.71bf64f5-215f-49c9-a86c-dec1ba358b4a/none_v3" "tx4ff7cff1e2624256a0242-00693356b2" "proxy-server 21" 0.0004 "-" 25 0
Dec 5 22:03:30 standalone proxy-server[124988]: 172.18.0.2 ::1 05/Dec/2025/22/03/30 GET /v1/AUTH_691e22e5287d458fb957eb85d88a6c04/gnocchi.71bf64f5-215f-49c9-a86c-dec1ba358b4a/none_v3 HTTP/1.0 404 - python-swiftclient-3.11.1 gAAAAABpM1ZwvNeA... - 70 - tx4ff7cff1e2624256a0242-00693356b2 - 0.0179 - - 1764972210.168516159 1764972210.186408997 0
Dec 5 22:03:30 standalone account-server[122894]: 172.20.0.100 - - [05/Dec/2025:22:03:30 +0000] "PUT /d1/350/AUTH_691e22e5287d458fb957eb85d88a6c04/gnocchi.71bf64f5-215f-49c9-a86c-dec1ba358b4a" 201 - "PUT http://172.20.0.100:6001/d1/511/AUTH_691e22e5287d458fb957eb85d88a6c04/gnocchi.71bf64f5-215f-49c9-a86c-dec1ba358b4a" "txdc05001465ee4fa9881b0-00693356b2" "container-server 20" 0.0063 "-" 22 0
Dec 5 22:03:30 standalone container-server[122809]: 172.20.0.100 - - [05/Dec/2025:22:03:30 +0000] "PUT /d1/511/AUTH_691e22e5287d458fb957eb85d88a6c04/gnocchi.71bf64f5-215f-49c9-a86c-dec1ba358b4a" 201 - "PUT http://localhost:8080/v1/AUTH_691e22e5287d458fb957eb85d88a6c04/gnocchi.71bf64f5-215f-49c9-a86c-dec1ba358b4a" "txdc05001465ee4fa9881b0-00693356b2" "proxy-server 21" 0.0217 "-" 20 0
Dec 5 22:03:30 standalone proxy-server[124988]: 172.18.0.2 ::1 05/Dec/2025/22/03/30 PUT /v1/AUTH_691e22e5287d458fb957eb85d88a6c04/gnocchi.71bf64f5-215f-49c9-a86c-dec1ba358b4a HTTP/1.0 201 - python-swiftclient-3.11.1 gAAAAABpM1ZwvNeA... - - - txdc05001465ee4fa9881b0-00693356b2 - 0.0284 - - 1764972210.190721512 1764972210.219095707 0
Dec 5 22:03:30 standalone container-server[122818]: 172.20.0.100 - - [05/Dec/2025:22:03:30 +0000] "HEAD /d1/511/AUTH_691e22e5287d458fb957eb85d88a6c04/gnocchi.71bf64f5-215f-49c9-a86c-dec1ba358b4a" 204 - "HEAD http://localhost:8080/v1/AUTH_691e22e5287d458fb957eb85d88a6c04/gnocchi.71bf64f5-215f-49c9-a86c-dec1ba358b4a?format=json&states=listing" "tx91f9a47395d542838852a-00693356b2" "proxy-server 21" 0.0018 "-" 21 0
Dec 5 22:03:30 standalone proxy-server[124988]: - - 05/Dec/2025/22/03/30 HEAD /v1/AUTH_691e22e5287d458fb957eb85d88a6c04/gnocchi.71bf64f5-215f-49c9-a86c-dec1ba358b4a%3Fformat%3Djson%26states%3Dlisting HTTP/1.0 204 - Swift - - - - tx91f9a47395d542838852a-00693356b2 - 0.0066 RL - 1764972210.224639416 1764972210.231229782 0
