Dec 5 22:03:30 standalone container-server[122791]: 172.20.0.100 - - [05/Dec/2025:22:03:30 +0000] "GET /d1/511/AUTH_691e22e5287d458fb957eb85d88a6c04/gnocchi.71bf64f5-215f-49c9-a86c-dec1ba358b4a" 200 2 "GET http://localhost:8080/v1/AUTH_691e22e5287d458fb957eb85d88a6c04/gnocchi.71bf64f5-215f-49c9-a86c-dec1ba358b4a?format=json&states=listing" "tx91f9a47395d542838852a-00693356b2" "proxy-server 21" 0.0027 "-" 17 0
Dec 5 22:03:30 standalone proxy-server[124988]: 172.18.0.2 ::1 05/Dec/2025/22/03/30 GET /v1/AUTH_691e22e5287d458fb957eb85d88a6c04/gnocchi.71bf64f5-215f-49c9-a86c-dec1ba358b4a%3Fformat%3Djson%26states%3Dlisting HTTP/1.0 200 - python-swiftclient-3.11.1 gAAAAABpM1ZwvNeA... - 2 - tx91f9a47395d542838852a-00693356b2 - 0.0212 - - 1764972210.223251104 1764972210.244474649 0
Dec 5 22:03:30 standalone object-server[123025]: 172.20.0.100 - - [05/Dec/2025:22:03:30 +0000] "GET /d1/826/AUTH_691e22e5287d458fb957eb85d88a6c04/gnocchi.71bf64f5-215f-49c9-a86c-dec1ba358b4a/1764720000.0_mean_300.0_v3" 404 70 "GET http://localhost:8080/v1/AUTH_691e22e5287d458fb957eb85d88a6c04/gnocchi.71bf64f5-215f-49c9-a86c-dec1ba358b4a/1764720000.0_mean_300.0_v3" "tx12bba8317a9b4ee189b9b-00693356b2" "proxy-server 21" 0.0006 "-" 24 0
Dec 5 22:03:30 standalone proxy-server[124988]: 172.18.0.2 ::1 05/Dec/2025/22/03/30 GET /v1/AUTH_691e22e5287d458fb957eb85d88a6c04/gnocchi.71bf64f5-215f-49c9-a86c-dec1ba358b4a/1764720000.0_mean_300.0_v3 HTTP/1.0 404 - python-swiftclient-3.11.1 gAAAAABpM1ZwvNeA... - 70 - tx12bba8317a9b4ee189b9b-00693356b2 - 0.0095 - - 1764972210.253900051 1764972210.263372183 0
Dec 5 22:03:30 standalone container-server[122818]: 172.20.0.100 - - [05/Dec/2025:22:03:30 +0000] "PUT /d1/511/AUTH_691e22e5287d458fb957eb85d88a6c04/gnocchi.71bf64f5-215f-49c9-a86c-dec1ba358b4a/1764720000.0_mean_300.0_v3" 201 - "PUT http://localhost:8080/d1/826/AUTH_691e22e5287d458fb957eb85d88a6c04/gnocchi.71bf64f5-215f-49c9-a86c-dec1ba358b4a/1764720000.0_mean_300.0_v3" "tx0e832417104447b39fb17-00693356b2" "object-server 25" 0.0010 "-" 21 0
Dec 5 22:03:30 standalone object-server[123026]: 172.20.0.100 - - [05/Dec/2025:22:03:30 +0000] "PUT /d1/826/AUTH_691e22e5287d458fb957eb85d88a6c04/gnocchi.71bf64f5-215f-49c9-a86c-dec1ba358b4a/1764720000.0_mean_300.0_v3" 201 - "PUT http://localhost:8080/v1/AUTH_691e22e5287d458fb957eb85d88a6c04/gnocchi.71bf64f5-215f-49c9-a86c-dec1ba358b4a/1764720000.0_mean_300.0_v3" "tx0e832417104447b39fb17-00693356b2" "proxy-server 21" 0.0204 "-" 25 0
Dec 5 22:03:30 standalone proxy-server[124988]: 172.18.0.2 ::1 05/Dec/2025/22/03/30 PUT /v1/AUTH_691e22e5287d458fb957eb85d88a6c04/gnocchi.71bf64f5-215f-49c9-a86c-dec1ba358b4a/1764720000.0_mean_300.0_v3 HTTP/1.0 201 - python-swiftclient-3.11.1 gAAAAABpM1ZwvNeA... 16 - - tx0e832417104447b39fb17-00693356b2 - 0.0297 - - 1764972210.271747112 1764972210.301417112 0
Dec 5 22:03:30 standalone container-server[122824]: 172.20.0.100 - - [05/Dec/2025:22:03:30 +0000] "PUT /d1/511/AUTH_691e22e5287d458fb957eb85d88a6c04/gnocchi.71bf64f5-215f-49c9-a86c-dec1ba358b4a/none_v3" 201 - "PUT http://localhost:8080/d1/461/AUTH_691e22e5287d458fb957eb85d88a6c04/gnocchi.71bf64f5-215f-49c9-a86c-dec1ba358b4a/none_v3" "tx836c465279e14a93935c2-00693356b2" "object-server 22" 0.0005 "-" 22 0
Dec 5 22:03:30 standalone object-server[123023]: 172.20.0.100 - - [05/Dec/2025:22:03:30 +0000] "PUT /d1/461/AUTH_691e22e5287d458fb957eb85d88a6c04/gnocchi.71bf64f5-215f-49c9-a86c-dec1ba358b4a/none_v3" 201 - "PUT http://localhost:8080/v1/AUTH_691e22e5287d458fb957eb85d88a6c04/gnocchi.71bf64f5-215f-49c9-a86c-dec1ba358b4a/none_v3" "tx836c465279e14a93935c2-00693356b2" "proxy-server 21" 0.0087 "-" 22 0
Dec 5 22:03:30 standalone proxy-server[124988]: 172.18.0.2 ::1 05/Dec/2025/22/03/30 PUT /v1/AUTH_691e22e5287d458fb957eb85d88a6c04/gnocchi.71bf64f5-215f-49c9-a86c-dec1ba358b4a/none_v3 HTTP/1.0 201 - python-swiftclient-3.11.1 gAAAAABpM1ZwvNeA... 22 - - tx836c465279e14a93935c2-00693356b2 - 0.0166 - - 1764972210.306976557 1764972210.323577404 0
Dec 5 22:03:30 standalone container-server[122818]: 172.20.0.100 - - [05/Dec/2025:22:03:30 +0000] "HEAD /d1/97/AUTH_691e22e5287d458fb957eb85d88a6c04/gnocchi.f6d6eb3a-e58b-465c-9edc-2b59f190024d" 404 - "HEAD http://localhost:8080/v1/AUTH_691e22e5287d458fb957eb85d88a6c04/gnocchi.f6d6eb3a-e58b-465c-9edc-2b59f190024d?format=json&states=listing" "tx9d4acf2ad0fc444da6b5b-00693356b2" "proxy-server 21" 0.0006 "-" 21 0
Dec 5 22:03:30 standalone object-server[123025]: 172.20.0.100 - - [05/Dec/2025:22:03:30 +0000] "GET /d1/779/AUTH_691e22e5287d458fb957eb85d88a6c04/gnocchi.f6d6eb3a-e58b-465c-9edc-2b59f190024d/none_v3" 404 70 "GET http://localhost:8080/v1/AUTH_691e22e5287d458fb957eb85d88a6c04/gnocchi.f6d6eb3a-e58b-465c-9edc-2b59f190024d/none_v3" "tx9d4acf2ad0fc444da6b5b-00693356b2" "proxy-server 21" 0.0006 "-" 24 0
Dec 5 22:03:30 standalone proxy-server[124988]: 172.18.0.2 ::1 05/Dec/2025/22/03/30 GET /v1/AUTH_691e22e5287d458fb957eb85d88a6c04/gnocchi.f6d6eb3a-e58b-465c-9edc-2b59f190024d/none_v3 HTTP/1.0 404 - python-swiftclient-3.11.1 gAAAAABpM1ZwvNeA... - 70 - tx9d4acf2ad0fc444da6b5b-00693356b2 - 0.0162 - - 1764972210.398439407 1764972210.414675951 0
Dec 5 22:03:30 standalone account-server[122898]: 172.20.0.100 - - [05/Dec/2025:22:03:30 +0000] "PUT /d1/350/AUTH_691e22e5287d458fb957eb85d88a6c04/gnocchi.f6d6eb3a-e58b-465c-9edc-2b59f190024d" 201 - "PUT http://172.20.0.100:6001/d1/97/AUTH_691e22e5287d458fb957eb85d88a6c04/gnocchi.f6d6eb3a-e58b-465c-9edc-2b59f190024d" "txc507691edef34ede94464-00693356b2" "container-server 21" 0.0071 "-" 23 0
Dec 5 22:03:30 standalone container-server[122818]: 172.20.0.100 - - [05/Dec/2025:22:03:30 +0000] "PUT /d1/97/AUTH_691e22e5287d458fb957eb85d88a6c04/gnocchi.f6d6eb3a-e58b-465c-9edc-2b59f190024d" 201 - "PUT http://localhost:8080/v1/AUTH_691e22e5287d458fb957eb85d88a6c04/gnocchi.f6d6eb3a-e58b-465c-9edc-2b59f190024d" "txc507691edef34ede94464-00693356b2" "proxy-server 21" 0.0210 "-" 21 0
Dec 5 22:03:30 standalone proxy-server[124988]: 172.18.0.2 ::1 05/Dec/2025/22/03/30 PUT /v1/AUTH_691e22e5287d458fb957eb85d88a6c04/gnocchi.f6d6eb3a-e58b-465c-9edc-2b59f190024d HTTP/1.0 201 - python-swiftclient-3.11.1 gAAAAABpM1ZwvNeA... - - - txc507691edef34ede94464-00693356b2 - 0.0309 - - 1764972210.418987513 1764972210.449867249 0
Dec 5 22:03:30 standalone container-server[122824]: 172.20.0.100 - - [05/Dec/2025:22:03:30 +0000] "HEAD /d1/97/AUTH_691e22e5287d458fb957eb85d88a6c04/gnocchi.f6d6eb3a-e58b-465c-9edc-2b59f190024d" 204 - "HEAD http://localhost:8080/v1/AUTH_691e22e5287d458fb957eb85d88a6c04/gnocchi.f6d6eb3a-e58b-465c-9edc-2b59f190024d?format=json&states=listing" "tx0070dff5a3b9480e92aab-00693356b2" "proxy-server 21" 0.0064 "-" 22 0
Dec 5 22:03:30 standalone proxy-server[124988]: - - 05/Dec/2025/22/03/30 HEAD /v1/AUTH_691e22e5287d458fb957eb85d88a6c04/gnocchi.f6d6eb3a-e58b-465c-9edc-2b59f190024d%3Fformat%3Djson%26states%3Dlisting HTTP/1.0 204 - Swift - - - - tx0070dff5a3b9480e92aab-00693356b2 - 0.0221 RL - 1764972210.456008673 1764972210.478124619 0
Dec 5 22:03:30 standalone container-server[122818]: 172.20.0.100 - - [05/Dec/2025:22:03:30 +0000] "GET /d1/97/AUTH_691e22e5287d458fb957eb85d88a6c04/gnocchi.f6d6eb3a-e58b-465c-9edc-2b59f190024d" 200 2 "GET http://localhost:8080/v1/AUTH_691e22e5287d458fb957eb85d88a6c04/gnocchi.f6d6eb3a-e58b-465c-9edc-2b59f190024d?format=json&states=listing" "tx0070dff5a3b9480e92aab-00693356b2" "proxy-server 21" 0.0051 "-" 21 0
Dec 5 22:03:30 standalone proxy-server[124988]: 172.18.0.2 ::1 05/Dec/2025/22/03/30 GET /v1/AUTH_691e22e5287d458fb957eb85d88a6c04/gnocchi.f6d6eb3a-e58b-465c-9edc-2b59f190024d%3Fformat%3Djson%26states%3Dlisting HTTP/1.0 200 - python-swiftclient-3.11.1 gAAAAABpM1ZwvNeA... - 2 - tx0070dff5a3b9480e92aab-00693356b2 - 0.0348 - - 1764972210.454887390 1764972210.489705801 0
Dec 5 22:03:30 standalone object-server[123026]: 172.20.0.100 - - [05/Dec/2025:22:03:30 +0000] "GET /d1/433/AUTH_691e22e5287d458fb957eb85d88a6c04/gnocchi.f6d6eb3a-e58b-465c-9edc-2b59f190024d/1764720000.0_mean_300.0_v3" 404 70 "GET http://localhost:8080/v1/AUTH_691e22e5287d458fb957eb85d88a6c04/gnocchi.f6d6eb3a-e58b-465c-9edc-2b59f190024d/1764720000.0_mean_300.0_v3" "txec5b06a290cb4a9abbdda-00693356b2" "proxy-server 21" 0.0013 "-" 25 0
Dec 5 22:03:30 standalone proxy-server[124988]: 172.18.0.2 ::1 05/Dec/2025/22/03/30 GET /v1/AUTH_691e22e5287d458fb957eb85d88a6c04/gnocchi.f6d6eb3a-e58b-465c-9edc-2b59f190024d/1764720000.0_mean_300.0_v3 HTTP/1.0 404 - python-swiftclient-3.11.1 gAAAAABpM1ZwvNeA... - 70 - txec5b06a290cb4a9abbdda-00693356b2 - 0.0141 - - 1764972210.503002167 1764972210.517071247 0
Dec 5 22:03:30 standalone container-server[122824]: 172.20.0.100 - - [05/Dec/2025:22:03:30 +0000] "PUT /d1/97/AUTH_691e22e5287d458fb957eb85d88a6c04/gnocchi.f6d6eb3a-e58b-465c-9edc-2b59f190024d/1764720000.0_mean_300.0_v3" 201 - "PUT http://localhost:8080/d1/433/AUTH_691e22e5287d458fb957eb85d88a6c04/gnocchi.f6d6eb3a-e58b-465c-9edc-2b59f190024d/1764720000.0_mean_300.0_v3" "tx3c3e4cea538447fc9b89b-00693356b2" "object-server 22" 0.0026 "-" 22 0
Dec 5 22:03:30 standalone object-server[123023]: 172.20.0.100 - - [05/Dec/2025:22:03:30 +0000] "PUT /d1/433/AUTH_691e22e5287d458fb957eb85d88a6c04/gnocchi.f6d6eb3a-e58b-465c-9edc-2b59f190024d/1764720000.0_mean_300.0_v3" 201 - "PUT http://localhost:8080/v1/AUTH_691e22e5287d458fb957eb85d88a6c04/gnocchi.f6d6eb3a-e58b-465c-9edc-2b59f190024d/1764720000.0_mean_300.0_v3" "tx3c3e4cea538447fc9b89b-00693356b2" "proxy-server 21" 0.0148 "-" 22 0
Dec 5 22:03:30 standalone proxy-server[124988]: 172.18.0.2 ::1 05/Dec/2025/22/03/30 PUT /v1/AUTH_691e22e5287d458fb957eb85d88a6c04/gnocchi.f6d6eb3a-e58b-465c-9edc-2b59f190024d/1764720000.0_mean_300.0_v3 HTTP/1.0 201 - python-swiftclient-3.11.1 gAAAAABpM1ZwvNeA... 16 - - tx3c3e4cea538447fc9b89b-00693356b2 - 0.0225 - - 1764972210.524160147 1764972210.546708107 0
Dec 5 22:03:30 standalone container-server[122809]: 172.20.0.100 - - [05/Dec/2025:22:03:30 +0000] "PUT /d1/97/AUTH_691e22e5287d458fb957eb85d88a6c04/gnocchi.f6d6eb3a-e58b-465c-9edc-2b59f190024d/none_v3" 201 - "PUT http://localhost:8080/d1/779/AUTH_691e22e5287d458fb957eb85d88a6c04/gnocchi.f6d6eb3a-e58b-465c-9edc-2b59f190024d/none_v3" "txeaf75a895aab4416ac785-00693356b2" "object-server 23" 0.0006 "-" 20 0
Dec 5 22:03:30 standalone object-server[123024]: 172.20.0.100 - - [05/Dec/2025:22:03:30 +0000] "PUT /d1/779/AUTH_691e22e5287d458fb957eb85d88a6c04/gnocchi.f6d6eb3a-e58b-465c-9edc-2b59f190024d/none_v3" 201 - "PUT http://localhost:8080/v1/AUTH_691e22e5287d458fb957eb85d88a6c04/gnocchi.f6d6eb3a-e58b-465c-9edc-2b59f190024d/none_v3" "txeaf75a895aab4416ac785-00693356b2" "proxy-server 21" 0.0128 "-" 23 0
Dec 5 22:03:30 standalone proxy-server[124988]: 172.18.0.2 ::1 05/Dec/2025/22/03/30 PUT /v1/AUTH_691e22e5287d458fb957eb85d88a6c04/gnocchi.f6d6eb3a-e58b-465c-9edc-2b59f190024d/none_v3 HTTP/1.0 201 - python-swiftclient-3.11.1 gAAAAABpM1ZwvNeA... 22 - - txeaf75a895aab4416ac785-00693356b2 - 0.0218 - - 1764972210.552464485 1764972210.574279785 0
Dec 5 22:03:30 standalone container-server[122824]: 172.20.0.100 - - [05/Dec/2025:22:03:30 +0000] "HEAD /d1/901/AUTH_691e22e5287d458fb957eb85d88a6c04/gnocchi.854f2d9f-1758-45b8-a6e1-0f00861bef8d" 404 - "HEAD http://localhost:8080/v1/AUTH_691e22e5287d458fb957eb85d88a6c04/gnocchi.854f2d9f-1758-45b8-a6e1-0f00861bef8d?format=json&states=listing" "txfff7361c5fa34f3a8856a-00693356b2" "proxy-server 21" 0.0005 "-" 22 0
Dec 5 22:03:30 standalone object-server[123025]: 172.20.0.100 - - [05/Dec/2025:22:03:30 +0000] "GET /d1/990/AUTH_691e22e5287d458fb957eb85d88a6c04/gnocchi.854f2d9f-1758-45b8-a6e1-0f00861bef8d/none_v3" 404 70 "GET http://localhost:8080/v1/AUTH_691e22e5287d458fb957eb85d88a6c04/gnocchi.854f2d9f-1758-45b8-a6e1-0f00861bef8d/none_v3" "txfff7361c5fa34f3a8856a-00693356b2" "proxy-server 21" 0.0007 "-" 24 0
Dec 5 22:03:30 standalone proxy-server[124988]: 172.18.0.2 ::1 05/Dec/2025/22/03/30 GET /v1/AUTH_691e22e5287d458fb957eb85d88a6c04/gnocchi.854f2d9f-1758-45b8-a6e1-0f00861bef8d/none_v3 HTTP/1.0 404 - python-swiftclient-3.11.1 gAAAAABpM1ZwvNeA... - 70 - txfff7361c5fa34f3a8856a-00693356b2 - 0.0128 - - 1764972210.597957611 1764972210.610724449 0
Dec 5 22:03:30 standalone account-server[122898]: 172.20.0.100 - - [05/Dec/2025:22:03:30 +0000] "PUT /d1/350/AUTH_691e22e5287d458fb957eb85d88a6c04/gnocchi.854f2d9f-1758-45b8-a6e1-0f00861bef8d" 201 - "PUT http://172.20.0.100:6001/d1/901/AUTH_691e22e5287d458fb957eb85d88a6c04/gnocchi.854f2d9f-1758-45b8-a6e1-0f00861bef8d" "tx87d13f5555c9408fb0670-00693356b2" "container-server 20" 0.0075 "-" 23 0
Dec 5 22:03:30 standalone container-server[122809]: 172.20.0.100 - - [05/Dec/2025:22:03:30 +0000] "PUT /d1/901/AUTH_691e22e5287d458fb957eb85d88a6c04/gnocchi.854f2d9f-1758-45b8-a6e1-0f00861bef8d" 201 - "PUT http://localhost:8080/v1/AUTH_691e22e5287d458fb957eb85d88a6c04/gnocchi.854f2d9f-1758-45b8-a6e1-0f00861bef8d" "tx87d13f5555c9408fb0670-00693356b2" "proxy-server 21" 0.0181 "-" 20 0
Dec 5 22:03:30 standalone proxy-server[124988]: 172.18.0.2 ::1 05/Dec/2025/22/03/30 PUT /v1/AUTH_691e22e5287d458fb957eb85d88a6c04/gnocchi.854f2d9f-1758-45b8-a6e1-0f00861bef8d HTTP/1.0 201 - python-swiftclient-3.11.1 gAAAAABpM1ZwvNeA... - - - tx87d13f5555c9408fb0670-00693356b2 - 0.0250 - - 1764972210.615726948 1764972210.640690804 0
Dec 5 22:03:30 standalone container-server[122809]: 172.20.0.100 - - [05/Dec/2025:22:03:30 +0000] "HEAD /d1/901/AUTH_691e22e5287d458fb957eb85d88a6c04/gnocchi.854f2d9f-1758-45b8-a6e1-0f00861bef8d" 204 - "HEAD http://localhost:8080/v1/AUTH_691e22e5287d458fb957eb85d88a6c04/gnocchi.854f2d9f-1758-45b8-a6e1-0f00861bef8d?format=json&states=listing" "txc9659eb855254ccbbb305-00693356b2" "proxy-server 21" 0.0012 "-" 20 0
Dec 5 22:03:30 standalone proxy-server[124988]: - - 05/Dec/2025/22/03/30 HEAD /v1/AUTH_691e22e5287d458fb957eb85d88a6c04/gnocchi.854f2d9f-1758-45b8-a6e1-0f00861bef8d%3Fformat%3Djson%26states%3Dlisting HTTP/1.0 204 - Swift - - - - txc9659eb855254ccbbb305-00693356b2 - 0.0045 RL - 1764972210.651073217 1764972210.655555725 0
Dec 5 22:03:30 standalone container-server[122818]: 172.20.0.100 - - [05/Dec/2025:22:03:30 +0000] "GET /d1/901/AUTH_691e22e5287d458fb957eb85d88a6c04/gnocchi.854f2d9f-1758-45b8-a6e1-0f00861bef8d" 200 2 "GET http://localhost:8080/v1/AUTH_691e22e5287d458fb957eb85d88a6c04/gnocchi.854f2d9f-1758-45b8-a6e1-0f00861bef8d?format=json&states=listing" "txc9659eb855254ccbbb305-00693356b2" "proxy-server 21" 0.0047 "-" 21 0
Dec 5 22:03:30 standalone proxy-server[124988]: 172.18.0.2 ::1 05/Dec/2025/22/03/30 GET /v1/AUTH_691e22e5287d458fb957eb85d88a6c04/gnocchi.854f2d9f-1758-45b8-a6e1-0f00861bef8d%3Fformat%3Djson%26states%3Dlisting HTTP/1.0 200 - python-swiftclient-3.11.1 gAAAAABpM1ZwvNeA... - 2 - txc9659eb855254ccbbb305-00693356b2 - 0.0206 - - 1764972210.649214983 1764972210.669781208 0
Dec 5 22:03:30 standalone object-server[123023]: 172.20.0.100 - - [05/Dec/2025:22:03:30 +0000] "GET /d1/589/AUTH_691e22e5287d458fb957eb85d88a6c04/gnocchi.854f2d9f-1758-45b8-a6e1-0f00861bef8d/1764720000.0_mean_300.0_v3" 404 70 "GET http://localhost:8080/v1/AUTH_691e22e5287d458fb957eb85d88a6c04/gnocchi.854f2d9f-1758-45b8-a6e1-0f00861bef8d/1764720000.0_mean_300.0_v3" "tx21510587358d46a3ba67f-00693356b2" "proxy-server 21" 0.0004 "-" 22 0
Dec 5 22:03:30 standalone proxy-server[124988]: 172.18.0.2 ::1 05/Dec/2025/22/03/30 GET /v1/AUTH_691e22e5287d458fb957eb85d88a6c04/gnocchi.854f2d9f-1758-45b8-a6e1-0f00861bef8d/1764720000.0_mean_300.0_v3 HTTP/1.0 404 - python-swiftclient-3.11.1 gAAAAABpM1ZwvNeA... - 70 - tx21510587358d46a3ba67f-00693356b2 - 0.0089 - - 1764972210.677778959 1764972210.686645269 0
Dec 5 22:03:30 standalone container-server[122818]: 172.20.0.100 - - [05/Dec/2025:22:03:30 +0000] "PUT /d1/901/AUTH_691e22e5287d458fb957eb85d88a6c04/gnocchi.854f2d9f-1758-45b8-a6e1-0f00861bef8d/1764720000.0_mean_300.0_v3" 201 - "PUT http://localhost:8080/d1/589/AUTH_691e22e5287d458fb957eb85d88a6c04/gnocchi.854f2d9f-1758-45b8-a6e1-0f00861bef8d/1764720000.0_mean_300.0_v3" "tx9c2cf91a5379488cb296d-00693356b2" "object-server 22" 0.0010 "-" 21 0
Dec 5 22:03:30 standalone object-server[123023]: 172.20.0.100 - - [05/Dec/2025:22:03:30 +0000] "PUT /d1/589/AUTH_691e22e5287d458fb957eb85d88a6c04/gnocchi.854f2d9f-1758-45b8-a6e1-0f00861bef8d/1764720000.0_mean_300.0_v3" 201 - "PUT http://localhost:8080/v1/AUTH_691e22e5287d458fb957eb85d88a6c04/gnocchi.854f2d9f-1758-45b8-a6e1-0f00861bef8d/1764720000.0_mean_300.0_v3" "tx9c2cf91a5379488cb296d-00693356b2" "proxy-server 21" 0.0106 "-" 22 0
Dec 5 22:03:30 standalone proxy-server[124988]: 172.18.0.2 ::1 05/Dec/2025/22/03/30 PUT /v1/AUTH_691e22e5287d458fb957eb85d88a6c04/gnocchi.854f2d9f-1758-45b8-a6e1-0f00861bef8d/1764720000.0_mean_300.0_v3 HTTP/1.0 201 - python-swiftclient-3.11.1 gAAAAABpM1ZwvNeA... 16 - - tx9c2cf91a5379488cb296d-00693356b2 - 0.0201 - - 1764972210.694368601 1764972210.714434624 0
Dec 5 22:03:30 standalone container-server[122824]: 172.20.0.100 - - [05/Dec/2025:22:03:30 +0000] "PUT /d1/901/AUTH_691e22e5287d458fb957eb85d88a6c04/gnocchi.854f2d9f-1758-45b8-a6e1-0f00861bef8d/none_v3" 201 - "PUT http://localhost:8080/d1/990/AUTH_691e22e5287d458fb957eb85d88a6c04/gnocchi.854f2d9f-1758-45b8-a6e1-0f00861bef8d/none_v3" "txacdf62dd217a4bcfbe599-00693356b2" "object-server 23" 0.0007 "-" 22 0
Dec 5 22:03:30 standalone object-server[123024]: 172.20.0.100 - - [05/Dec/2025:22:03:30 +0000] "PUT /d1/990/AUTH_691e22e5287d458fb957eb85d88a6c04/gnocchi.854f2d9f-1758-45b8-a6e1-0f00861bef8d/none_v3" 201 - "PUT http://localhost:8080/v1/AUTH_691e22e5287d458fb957eb85d88a6c04/gnocchi.854f2d9f-1758-45b8-a6e1-0f00861bef8d/none_v3" "txacdf62dd217a4bcfbe599-00693356b2" "proxy-server 21" 0.0140 "-" 23 0
Dec 5 22:03:30 standalone proxy-server[124988]: 172.18.0.2 ::1 05/Dec/2025/22/03/30 PUT /v1/AUTH_691e22e5287d458fb957eb85d88a6c04/gnocchi.854f2d9f-1758-45b8-a6e1-0f00861bef8d/none_v3 HTTP/1.0 201 - python-swiftclient-3.11.1 gAAAAABpM1ZwvNeA... 22 - - txacdf62dd217a4bcfbe599-00693356b2 - 0.0232 - - 1764972210.720427036 1764972210.743587732 0
Dec 5 22:03:30 standalone container-server[122824]: 172.20.0.100 - - [05/Dec/2025:22:03:30 +0000] "HEAD /d1/339/AUTH_691e22e5287d458fb957eb85d88a6c04/gnocchi.45c4b239-148e-440b-8852-51ff18276d7d" 404 - "HEAD http://localhost:8080/v1/AUTH_691e22e5287d458fb957eb85d88a6c04/gnocchi.45c4b239-148e-440b-8852-51ff18276d7d?format=json&states=listing" "txb6739f567a404bda9d022-00693356b2" "proxy-server 21" 0.0007 "-" 22 0
Dec 5 22:03:30 standalone object-server[123026]: 172.20.0.100 - - [05/Dec/2025:22:03:30 +0000] "GET /d1/485/AUTH_691e22e5287d458fb957eb85d88a6c04/gnocchi.45c4b239-148e-440b-8852-51ff18276d7d/none_v3" 404 70 "GET http://localhost:8080/v1/AUTH_691e22e5287d458fb957eb85d88a6c04/gnocchi.45c4b239-148e-440b-8852-51ff18276d7d/none_v3" "txb6739f567a404bda9d022-00693356b2" "proxy-server 21" 0.0005 "-" 25 0
Dec 5 22:03:30 standalone proxy-server[124988]: 172.18.0.2 ::1 05/Dec/2025/22/03/30 GET /v1/AUTH_691e22e5287d458fb957eb85d88a6c04/gnocchi.45c4b239-148e-440b-8852-51ff18276d7d/none_v3 HTTP/1.0 404 - python-swiftclient-3.11.1 gAAAAABpM1ZwvNeA... - 70 - txb6739f567a404bda9d022-00693356b2 - 0.0133 - - 1764972210.771027803 1764972210.784335375 0
Dec 5 22:03:30 standalone account-server[122885]: 172.20.0.100 - - [05/Dec/2025:22:03:30 +0000] "PUT /d1/350/AUTH_691e22e5287d458fb957eb85d88a6c04/gnocchi.45c4b239-148e-440b-8852-51ff18276d7d" 201 - "PUT http://172.20.0.100:6001/d1/339/AUTH_691e22e5287d458fb957eb85d88a6c04/gnocchi.45c4b239-148e-440b-8852-51ff18276d7d" "tx60c417e2a926408dbc272-00693356b2" "container-server 20" 0.0079 "-" 20 0
Dec 5 22:03:30 standalone container-server[122809]: 172.20.0.100 - - [05/Dec/2025:22:03:30 +0000] "PUT /d1/339/AUTH_691e22e5287d458fb957eb85d88a6c04/gnocchi.45c4b239-148e-440b-8852-51ff18276d7d" 201 - "PUT http://localhost:8080/v1/AUTH_691e22e5287d458fb957eb85d88a6c04/gnocchi.45c4b239-148e-440b-8852-51ff18276d7d" "tx60c417e2a926408dbc272-00693356b2" "proxy-server 21" 0.0370 "-" 20 0
Dec 5 22:03:30 standalone proxy-server[124988]: 172.18.0.2 ::1 05/Dec/2025/22/03/30 PUT /v1/AUTH_691e22e5287d458fb957eb85d88a6c04/gnocchi.45c4b239-148e-440b-8852-51ff18276d7d HTTP/1.0 201 - python-swiftclient-3.11.1 gAAAAABpM1ZwvNeA... - - - tx60c417e2a926408dbc272-00693356b2 - 0.0442 - - 1764972210.789912462 1764972210.834160328 0
Dec 5 22:03:30 standalone container-server[122818]: 172.20.0.100 - - [05/Dec/2025:22:03:30 +0000] "HEAD /d1/339/AUTH_691e22e5287d458fb957eb85d88a6c04/gnocchi.45c4b239-148e-440b-8852-51ff18276d7d" 204 - "HEAD http://localhost:8080/v1/AUTH_691e22e5287d458fb957eb85d88a6c04/gnocchi.45c4b239-148e-440b-8852-51ff18276d7d?format=json&states=listing" "txc1f5785d22d84d7e9cc4b-00693356b2" "proxy-server 21" 0.0026 "-" 21 0
Dec 5 22:03:30 standalone proxy-server[124988]: - - 05/Dec/2025/22/03/30 HEAD /v1/AUTH_691e22e5287d458fb957eb85d88a6c04/gnocchi.45c4b239-148e-440b-8852-51ff18276d7d%3Fformat%3Djson%26states%3Dlisting HTTP/1.0 204 - Swift - - - - txc1f5785d22d84d7e9cc4b-00693356b2 - 0.0074 RL - 1764972210.842464209 1764972210.849873066 0
Dec 5 22:03:30 standalone container-server[122791]: 172.20.0.100 - - [05/Dec/2025:22:03:30 +0000] "GET /d1/339/AUTH_691e22e5287d458fb957eb85d88a6c04/gnocchi.45c4b239-148e-440b-8852-51ff18276d7d" 200 2 "GET http://localhost:8080/v1/AUTH_691e22e5287d458fb957eb85d88a6c04/gnocchi.45c4b239-148e-440b-8852-51ff18276d7d?format=json&states=listing" "txc1f5785d22d84d7e9cc4b-00693356b2" "proxy-server 21" 0.0048 "-" 17 0
Dec 5 22:03:30 standalone proxy-server[124988]: 172.18.0.2 ::1 05/Dec/2025/22/03/30 GET /v1/AUTH_691e22e5287d458fb957eb85d88a6c04/gnocchi.45c4b239-148e-440b-8852-51ff18276d7d%3Fformat%3Djson%26states%3Dlisting HTTP/1.0 200 - python-swiftclient-3.11.1 gAAAAABpM1ZwvNeA... - 2 - txc1f5785d22d84d7e9cc4b-00693356b2 - 0.0232 - - 1764972210.840998888 1764972210.864234686 0
Dec 5 22:03:30 standalone object-server[123024]: 172.20.0.100 - - [05/Dec/2025:22:03:30 +0000] "GET /d1/1006/AUTH_691e22e5287d458fb957eb85d88a6c04/gnocchi.45c4b239-148e-440b-8852-51ff18276d7d/1764720000.0_mean_300.0_v3" 404 70 "GET http://localhost:8080/v1/AUTH_691e22e5287d458fb957eb85d88a6c04/gnocchi.45c4b239-148e-440b-8852-51ff18276d7d/1764720000.0_mean_300.0_v3" "txebf60319a18943a7a513e-00693356b2" "proxy-server 21" 0.0006 "-" 23 0
Dec 5 22:03:30 standalone proxy-server[124988]: 172.18.0.2 ::1 05/Dec/2025/22/03/30 GET /v1/AUTH_691e22e5287d458fb957eb85d88a6c04/gnocchi.45c4b239-148e-440b-8852-51ff18276d7d/1764720000.0_mean_300.0_v3 HTTP/1.0 404 - python-swiftclient-3.11.1 gAAAAABpM1ZwvNeA... - 70 - txebf60319a18943a7a513e-00693356b2 - 0.0078 - - 1764972210.870861769 1764972210.878700495 0
Dec 5 22:03:30 standalone container-server[122818]: 172.20.0.100 - - [05/Dec/2025:22:03:30 +0000] "PUT /d1/339/AUTH_691e22e5287d458fb957eb85d88a6c04/gnocchi.45c4b239-148e-440b-8852-51ff18276d7d/1764720000.0_mean_300.0_v3" 201 - "PUT http://localhost:8080/d1/1006/AUTH_691e22e5287d458fb957eb85d88a6c04/gnocchi.45c4b239-148e-440b-8852-51ff18276d7d/1764720000.0_mean_300.0_v3" "tx638000594ad94c58beaf9-00693356b2" "object-server 24" 0.0009 "-" 21 0
Dec 5 22:03:30 standalone object-server[123025]: 172.20.0.100 - - [05/Dec/2025:22:03:30 +0000] "PUT /d1/1006/AUTH_691e22e5287d458fb957eb85d88a6c04/gnocchi.45c4b239-148e-440b-8852-51ff18276d7d/1764720000.0_mean_300.0_v3" 201 - "PUT http://localhost:8080/v1/AUTH_691e22e5287d458fb957eb85d88a6c04/gnocchi.45c4b239-148e-440b-8852-51ff18276d7d/1764720000.0_mean_300.0_v3" "tx638000594ad94c58beaf9-00693356b2" "proxy-server 21" 0.0393 "-" 24 0
Dec 5 22:03:30 standalone proxy-server[124988]: 172.18.0.2 ::1 05/Dec/2025/22/03/30 PUT /v1/AUTH_691e22e5287d458fb957eb85d88a6c04/gnocchi.45c4b239-148e-440b-8852-51ff18276d7d/1764720000.0_mean_300.0_v3 HTTP/1.0 201 - python-swiftclient-3.11.1 gAAAAABpM1ZwvNeA... 16 - - tx638000594ad94c58beaf9-00693356b2 - 0.0474 - - 1764972210.884853363 1764972210.932267666 0
Dec 5 22:03:30 standalone container-server[122791]: 172.20.0.100 - - [05/Dec/2025:22:03:30 +0000] "PUT /d1/339/AUTH_691e22e5287d458fb957eb85d88a6c04/gnocchi.45c4b239-148e-440b-8852-51ff18276d7d/none_v3" 201 - "PUT http://localhost:8080/d1/485/AUTH_691e22e5287d458fb957eb85d88a6c04/gnocchi.45c4b239-148e-440b-8852-51ff18276d7d/none_v3" "tx32bcee13554547dd9da4e-00693356b2" "object-server 24" 0.0008 "-" 17 0
Dec 5 22:03:30 standalone object-server[123025]: 172.20.0.100 - - [05/Dec/2025:22:03:30 +0000] "PUT /d1/485/AUTH_691e22e5287d458fb957eb85d88a6c04/gnocchi.45c4b239-148e-440b-8852-51ff18276d7d/none_v3" 201 - "PUT http://localhost:8080/v1/AUTH_691e22e5287d458fb957eb85d88a6c04/gnocchi.45c4b239-148e-440b-8852-51ff18276d7d/none_v3" "tx32bcee13554547dd9da4e-00693356b2" "proxy-server 21" 0.0157 "-" 24 0
Dec 5 22:03:30 standalone proxy-server[124988]: 172.18.0.2 ::1 05/Dec/2025/22/03/30 PUT /v1/AUTH_691e22e5287d458fb957eb85d88a6c04/gnocchi.45c4b239-148e-440b-8852-51ff18276d7d/none_v3 HTTP/1.0 201 - python-swiftclient-3.11.1 gAAAAABpM1ZwvNeA... 22 - - tx32bcee13554547dd9da4e-00693356b2 - 0.0235 - - 1764972210.941333055 1764972210.964843273 0
Dec 5 22:03:30 standalone container-server[122824]: 172.20.0.100 - - [05/Dec/2025:22:03:30 +0000] "HEAD /d1/316/AUTH_691e22e5287d458fb957eb85d88a6c04/gnocchi.a0982122-4d1d-40e4-9c94-c13ffa994bd8" 404 - "HEAD http://localhost:8080/v1/AUTH_691e22e5287d458fb957eb85d88a6c04/gnocchi.a0982122-4d1d-40e4-9c94-c13ffa994bd8?format=json&states=listing" "txff26ab99a9ab406f8c637-00693356b2" "proxy-server 21" 0.0005 "-" 22 0
Dec 5 22:03:30 standalone object-server[123023]: 172.20.0.100 - - [05/Dec/2025:22:03:30 +0000] "GET /d1/717/AUTH_691e22e5287d458fb957eb85d88a6c04/gnocchi.a0982122-4d1d-40e4-9c94-c13ffa994bd8/none_v3" 404 70 "GET http://localhost:8080/v1/AUTH_691e22e5287d458fb957eb85d88a6c04/gnocchi.a0982122-4d1d-40e4-9c94-c13ffa994bd8/none_v3" "txff26ab99a9ab406f8c637-00693356b2" "proxy-server 21" 0.0005 "-" 22 0
Dec 5 22:03:31 standalone proxy-server[124988]: 172.18.0.2 ::1 05/Dec/2025/22/03/30 GET /v1/AUTH_691e22e5287d458fb957eb85d88a6c04/gnocchi.a0982122-4d1d-40e4-9c94-c13ffa994bd8/none_v3 HTTP/1.0 404 - python-swiftclient-3.11.1 gAAAAABpM1ZwvNeA... - 70 - txff26ab99a9ab406f8c637-00693356b2 - 0.0172 - - 1764972210.982552290 1764972210.999720097 0
Dec 5 22:03:31 standalone account-server[122894]: 172.20.0.100 - - [05/Dec/2025:22:03:31 +0000] "PUT /d1/350/AUTH_691e22e5287d458fb957eb85d88a6c04/gnocchi.a0982122-4d1d-40e4-9c94-c13ffa994bd8" 201 - "PUT http://172.20.0.100:6001/d1/316/AUTH_691e22e5287d458fb957eb85d88a6c04/gnocchi.a0982122-4d1d-40e4-9c94-c13ffa994bd8" "tx9da6b804a8374246b84b0-00693356b3" "container-server 22" 0.0056 "-" 22 0
Dec 5 22:03:31 standalone container-server[122824]: 172.20.0.100 - - [05/Dec/2025:22:03:31 +0000] "PUT /d1/316/AUTH_691e22e5287d458fb957eb85d88a6c04/gnocchi.a0982122-4d1d-40e4-9c94-c13ffa994bd8" 201 - "PUT http://localhost:8080/v1/AUTH_691e22e5287d458fb957eb85d88a6c04/gnocchi.a0982122-4d1d-40e4-9c94-c13ffa994bd8" "tx9da6b804a8374246b84b0-00693356b3" "proxy-server 21" 0.0241 "-" 22 0
Dec 5 22:03:31 standalone proxy-server[124988]: 172.18.0.2 ::1 05/Dec/2025/22/03/31 PUT /v1/AUTH_691e22e5287d458fb957eb85d88a6c04/gnocchi.a0982122-4d1d-40e4-9c94-c13ffa994bd8 HTTP/1.0 201 - python-swiftclient-3.11.1 gAAAAABpM1ZwvNeA... - - - tx9da6b804a8374246b84b0-00693356b3 - 0.0304 - - 1764972211.004533291 1764972211.034925461 0
Dec 5 22:03:31 standalone container-server[122824]: 172.20.0.100 - - [05/Dec/2025:22:03:31 +0000] "HEAD /d1/316/AUTH_691e22e5287d458fb957eb85d88a6c04/gnocchi.a0982122-4d1d-40e4-9c94-c13ffa994bd8" 204 - "HEAD http://localhost:8080/v1/AUTH_691e22e5287d458fb957eb85d88a6c04/gnocchi.a0982122-4d1d-40e4-9c94-c13ffa994bd8?format=json&states=listing" "txfcb51d167cb649cd9ed95-00693356b3" "proxy-server 21" 0.0021 "-" 22 0
Dec 5 22:03:31 standalone proxy-server[124988]: - - 05/Dec/2025/22/03/31 HEAD /v1/AUTH_691e22e5287d458fb957eb85d88a6c04/gnocchi.a0982122-4d1d-40e4-9c94-c13ffa994bd8%3Fformat%3Djson%26states%3Dlisting HTTP/1.0 204 - Swift - - - - txfcb51d167cb649cd9ed95-00693356b3 - 0.0072 RL - 1764972211.041792870 1764972211.049007177 0
Dec 5 22:03:31 standalone container-server[122791]: 172.20.0.100 - - [05/Dec/2025:22:03:31 +0000] "GET /d1/316/AUTH_691e22e5287d458fb957eb85d88a6c04/gnocchi.a0982122-4d1d-40e4-9c94-c13ffa994bd8" 200 2 "GET http://localhost:8080/v1/AUTH_691e22e5287d458fb957eb85d88a6c04/gnocchi.a0982122-4d1d-40e4-9c94-c13ffa994bd8?format=json&states=listing" "txfcb51d167cb649cd9ed95-00693356b3" "proxy-server 21" 0.0048 "-" 17 0
Dec 5 22:03:31 standalone proxy-server[124988]: 172.18.0.2 ::1 05/Dec/2025/22/03/31 GET /v1/AUTH_691e22e5287d458fb957eb85d88a6c04/gnocchi.a0982122-4d1d-40e4-9c94-c13ffa994bd8%3Fformat%3Djson%26states%3Dlisting HTTP/1.0 200 - python-swiftclient-3.11.1 gAAAAABpM1ZwvNeA... - 2 - txfcb51d167cb649cd9ed95-00693356b3 - 0.0226 - - 1764972211.040421486 1764972211.062994480 0
Dec 5 22:03:31 standalone object-server[123023]: 172.20.0.100 - - [05/Dec/2025:22:03:31 +0000] "GET /d1/486/AUTH_691e22e5287d458fb957eb85d88a6c04/gnocchi.a0982122-4d1d-40e4-9c94-c13ffa994bd8/1764720000.0_mean_300.0_v3" 404 70 "GET http://localhost:8080/v1/AUTH_691e22e5287d458fb957eb85d88a6c04/gnocchi.a0982122-4d1d-40e4-9c94-c13ffa994bd8/1764720000.0_mean_300.0_v3" "tx3ce49378084940488ad20-00693356b3" "proxy-server 21" 0.0008 "-" 22 0
Dec 5 22:03:31 standalone proxy-server[124988]: 172.18.0.2 ::1 05/Dec/2025/22/03/31 GET /v1/AUTH_691e22e5287d458fb957eb85d88a6c04/gnocchi.a0982122-4d1d-40e4-9c94-c13ffa994bd8/1764720000.0_mean_300.0_v3 HTTP/1.0 404 - python-swiftclient-3.11.1 gAAAAABpM1ZwvNeA... - 70 - tx3ce49378084940488ad20-00693356b3 - 0.0122 - - 1764972211.071679592 1764972211.083919287 0
Dec 5 22:03:31 standalone container-server[122809]: 172.20.0.100 - - [05/Dec/2025:22:03:31 +0000] "PUT /d1/316/AUTH_691e22e5287d458fb957eb85d88a6c04/gnocchi.a0982122-4d1d-40e4-9c94-c13ffa994bd8/1764720000.0_mean_300.0_v3" 201 - "PUT http://localhost:8080/d1/486/AUTH_691e22e5287d458fb957eb85d88a6c04/gnocchi.a0982122-4d1d-40e4-9c94-c13ffa994bd8/1764720000.0_mean_300.0_v3" "tx8b86972345494bdb9aa7e-00693356b3" "object-server 23" 0.0010 "-" 20 0
Dec 5 22:03:31 standalone object-server[123024]: 172.20.0.100 - - [05/Dec/2025:22:03:31 +0000] "PUT /d1/486/AUTH_691e22e5287d458fb957eb85d88a6c04/gnocchi.a0982122-4d1d-40e4-9c94-c13ffa994bd8/1764720000.0_mean_300.0_v3" 201 - "PUT http://localhost:8080/v1/AUTH_691e22e5287d458fb957eb85d88a6c04/gnocchi.a0982122-4d1d-40e4-9c94-c13ffa994bd8/1764720000.0_mean_300.0_v3" "tx8b86972345494bdb9aa7e-00693356b3" "proxy-server 21" 0.0102 "-" 23 0
Dec 5 22:03:31 standalone proxy-server[124988]: 172.18.0.2 ::1 05/Dec/2025/22/03/31 PUT /v1/AUTH_691e22e5287d458fb957eb85d88a6c04/gnocchi.a0982122-4d1d-40e4-9c94-c13ffa994bd8/1764720000.0_mean_300.0_v3 HTTP/1.0 201 - python-swiftclient-3.11.1 gAAAAABpM1ZwvNeA... 16 - - tx8b86972345494bdb9aa7e-00693356b3 - 0.0175 - - 1764972211.091408730 1764972211.108938932 0
Dec 5 22:03:31 standalone container-server[122824]: 172.20.0.100 - - [05/Dec/2025:22:03:31 +0000] "PUT /d1/316/AUTH_691e22e5287d458fb957eb85d88a6c04/gnocchi.a0982122-4d1d-40e4-9c94-c13ffa994bd8/none_v3" 201 - "PUT http://localhost:8080/d1/717/AUTH_691e22e5287d458fb957eb85d88a6c04/gnocchi.a0982122-4d1d-40e4-9c94-c13ffa994bd8/none_v3" "txbd985a611a164154bd30d-00693356b3" "object-server 24" 0.0004 "-" 22 0
Dec 5 22:03:31 standalone object-server[123025]: 172.20.0.100 - - [05/Dec/2025:22:03:31 +0000] "PUT /d1/717/AUTH_691e22e5287d458fb957eb85d88a6c04/gnocchi.a0982122-4d1d-40e4-9c94-c13ffa994bd8/none_v3" 201 - "PUT http://localhost:8080/v1/AUTH_691e22e5287d458fb957eb85d88a6c04/gnocchi.a0982122-4d1d-40e4-9c94-c13ffa994bd8/none_v3" "txbd985a611a164154bd30d-00693356b3" "proxy-server 21" 0.0082 "-" 24 0
Dec 5 22:03:31 standalone proxy-server[124988]: 172.18.0.2 ::1 05/Dec/2025/22/03/31 PUT /v1/AUTH_691e22e5287d458fb957eb85d88a6c04/gnocchi.a0982122-4d1d-40e4-9c94-c13ffa994bd8/none_v3 HTTP/1.0 201 - python-swiftclient-3.11.1 gAAAAABpM1ZwvNeA... 22 - - txbd985a611a164154bd30d-00693356b3 - 0.0164 - - 1764972211.113911867 1764972211.130302429 0
Dec 5 22:03:42 standalone object-server[122921]: Begin object update sweep
Dec 5 22:03:42 standalone object-server[218929]: Object update sweep starting on /srv/node/d1 (pid: 14)
Dec 5 22:03:42 standalone object-server[218929]: Object update sweep completed on /srv/node/d1 in 0.00s seconds:, 0 successes, 0 failures, 0 quarantines, 0 unlinks, 0 errors, 0 redirects (pid: 14)
Dec 5 22:03:42 standalone object-server[218929]: Object update sweep of d1 completed: 0.00s, 0 successes, 0 failures, 0 quarantines, 0 unlinks, 0 errors, 0 redirects
Dec 5 22:03:42 standalone object-server[122921]: Object update sweep completed: 0.07s
Dec 5 22:05:10 standalone account-server[122887]: 172.20.0.100 - - [05/Dec/2025:22:05:10 +0000] "HEAD /d1/350/AUTH_691e22e5287d458fb957eb85d88a6c04" 204 - "HEAD http://localhost:8080/v1/AUTH_691e22e5287d458fb957eb85d88a6c04?format=json" "tx3decd9e74e814f2395653-0069335716" "proxy-server 21" 0.0056 "-" 21 -
Dec 5 22:05:10 standalone proxy-server[124988]: - - 05/Dec/2025/22/05/10 HEAD /v1/AUTH_691e22e5287d458fb957eb85d88a6c04%3Fformat%3Djson HTTP/1.0 204 - Swift - - - - tx3decd9e74e814f2395653-0069335716 - 0.0098 RL - 1764972310.268933773 1764972310.278723955 -
Dec 5 22:05:10 standalone container-server[122791]: 172.20.0.100 - - [05/Dec/2025:22:05:10 +0000] "HEAD /d1/350/AUTH_691e22e5287d458fb957eb85d88a6c04/gnocchi.7e7c82ed-9c1b-415b-9650-7feae2a4059e" 404 - "HEAD http://localhost:8080/v1/AUTH_691e22e5287d458fb957eb85d88a6c04/gnocchi.7e7c82ed-9c1b-415b-9650-7feae2a4059e?format=json&states=listing" "tx3decd9e74e814f2395653-0069335716" "proxy-server 21" 0.0006 "-" 17 0
Dec 5 22:05:10 standalone object-server[123024]: 172.20.0.100 - - [05/Dec/2025:22:05:10 +0000] "GET /d1/940/AUTH_691e22e5287d458fb957eb85d88a6c04/gnocchi.7e7c82ed-9c1b-415b-9650-7feae2a4059e/none_v3" 404 70 "GET http://localhost:8080/v1/AUTH_691e22e5287d458fb957eb85d88a6c04/gnocchi.7e7c82ed-9c1b-415b-9650-7feae2a4059e/none_v3" "tx3decd9e74e814f2395653-0069335716" "proxy-server 21" 0.0006 "-" 23 0
Dec 5 22:05:10 standalone proxy-server[124988]: 172.18.0.2 ::1 05/Dec/2025/22/05/10 GET /v1/AUTH_691e22e5287d458fb957eb85d88a6c04/gnocchi.7e7c82ed-9c1b-415b-9650-7feae2a4059e/none_v3 HTTP/1.0 404 - python-swiftclient-3.11.1 gAAAAABpM1ZwvNeA... - 70 - tx3decd9e74e814f2395653-0069335716 - 0.0197 - - 1764972310.268109560 1764972310.287791014 0
Dec 5 22:05:10 standalone account-server[122898]: 172.20.0.100 - - [05/Dec/2025:22:05:10 +0000] "PUT /d1/350/AUTH_691e22e5287d458fb957eb85d88a6c04/gnocchi.7e7c82ed-9c1b-415b-9650-7feae2a4059e" 201 - "PUT http://172.20.0.100:6001/d1/350/AUTH_691e22e5287d458fb957eb85d88a6c04/gnocchi.7e7c82ed-9c1b-415b-9650-7feae2a4059e" "txb1f3dc70d6014161acad5-0069335716" "container-server 21" 0.0010 "-" 23 0
Dec 5 22:05:10 standalone container-server[122818]: 172.20.0.100 - - [05/Dec/2025:22:05:10 +0000] "PUT /d1/350/AUTH_691e22e5287d458fb957eb85d88a6c04/gnocchi.7e7c82ed-9c1b-415b-9650-7feae2a4059e" 201 - "PUT http://localhost:8080/v1/AUTH_691e22e5287d458fb957eb85d88a6c04/gnocchi.7e7c82ed-9c1b-415b-9650-7feae2a4059e" "txb1f3dc70d6014161acad5-0069335716" "proxy-server 21" 0.0118 "-" 21 0
Dec 5 22:05:10 standalone proxy-server[124988]: 172.18.0.2 ::1 05/Dec/2025/22/05/10 PUT /v1/AUTH_691e22e5287d458fb957eb85d88a6c04/gnocchi.7e7c82ed-9c1b-415b-9650-7feae2a4059e HTTP/1.0 201 - python-swiftclient-3.11.1 gAAAAABpM1ZwvNeA... - - - txb1f3dc70d6014161acad5-0069335716 - 0.0180 - - 1764972310.290635109 1764972310.308629274 0
Dec 5 22:05:10 standalone container-server[122818]: 172.20.0.100 - - [05/Dec/2025:22:05:10 +0000] "HEAD /d1/350/AUTH_691e22e5287d458fb957eb85d88a6c04/gnocchi.7e7c82ed-9c1b-415b-9650-7feae2a4059e" 204 - "HEAD http://localhost:8080/v1/AUTH_691e22e5287d458fb957eb85d88a6c04/gnocchi.7e7c82ed-9c1b-415b-9650-7feae2a4059e?format=json&states=listing" "tx4b62ddb0565c449390d3e-0069335716" "proxy-server 21" 0.0010 "-" 21 0
Dec 5 22:05:10 standalone proxy-server[124988]: - - 05/Dec/2025/22/05/10 HEAD /v1/AUTH_691e22e5287d458fb957eb85d88a6c04/gnocchi.7e7c82ed-9c1b-415b-9650-7feae2a4059e%3Fformat%3Djson%26states%3Dlisting HTTP/1.0 204 - Swift - - - - tx4b62ddb0565c449390d3e-0069335716 - 0.0032 RL - 1764972310.312390327 1764972310.315540552 0
Dec 5 22:05:10 standalone container-server[122791]: 172.20.0.100 - - [05/Dec/2025:22:05:10 +0000] "GET /d1/350/AUTH_691e22e5287d458fb957eb85d88a6c04/gnocchi.7e7c82ed-9c1b-415b-9650-7feae2a4059e" 200 2 "GET http://localhost:8080/v1/AUTH_691e22e5287d458fb957eb85d88a6c04/gnocchi.7e7c82ed-9c1b-415b-9650-7feae2a4059e?format=json&states=listing" "tx4b62ddb0565c449390d3e-0069335716" "proxy-server 21" 0.0016 "-" 17 0
Dec 5 22:05:10 standalone proxy-server[124988]: 172.18.0.2 ::1 05/Dec/2025/22/05/10 GET /v1/AUTH_691e22e5287d458fb957eb85d88a6c04/gnocchi.7e7c82ed-9c1b-415b-9650-7feae2a4059e%3Fformat%3Djson%26states%3Dlisting HTTP/1.0 200 - python-swiftclient-3.11.1 gAAAAABpM1ZwvNeA... - 2 - tx4b62ddb0565c449390d3e-0069335716 - 0.0093 - - 1764972310.311574221 1764972310.320875168 0
Dec 5 22:05:10 standalone object-server[123025]: 172.20.0.100 - - [05/Dec/2025:22:05:10 +0000] "GET /d1/485/AUTH_691e22e5287d458fb957eb85d88a6c04/gnocchi.7e7c82ed-9c1b-415b-9650-7feae2a4059e/1764720000.0_mean_300.0_v3" 404 70 "GET http://localhost:8080/v1/AUTH_691e22e5287d458fb957eb85d88a6c04/gnocchi.7e7c82ed-9c1b-415b-9650-7feae2a4059e/1764720000.0_mean_300.0_v3" "tx46c29fd36c794c6196430-0069335716" "proxy-server 21" 0.0003 "-" 24 0
Dec 5 22:05:10 standalone proxy-server[124988]: 172.18.0.2 ::1 05/Dec/2025/22/05/10 GET /v1/AUTH_691e22e5287d458fb957eb85d88a6c04/gnocchi.7e7c82ed-9c1b-415b-9650-7feae2a4059e/1764720000.0_mean_300.0_v3 HTTP/1.0 404 - python-swiftclient-3.11.1 gAAAAABpM1ZwvNeA... - 70 - tx46c29fd36c794c6196430-0069335716 - 0.0040 - - 1764972310.323527575 1764972310.327504635 0
Dec 5 22:05:10 standalone container-server[122818]: 172.20.0.100 - - [05/Dec/2025:22:05:10 +0000] "PUT /d1/350/AUTH_691e22e5287d458fb957eb85d88a6c04/gnocchi.7e7c82ed-9c1b-415b-9650-7feae2a4059e/1764720000.0_mean_300.0_v3" 201 - "PUT http://localhost:8080/d1/485/AUTH_691e22e5287d458fb957eb85d88a6c04/gnocchi.7e7c82ed-9c1b-415b-9650-7feae2a4059e/1764720000.0_mean_300.0_v3" "tx007b43a9a56e4628b04c4-0069335716" "object-server 25" 0.0004 "-" 21 0
Dec 5 22:05:10 standalone object-server[123026]: 172.20.0.100 - - [05/Dec/2025:22:05:10 +0000] "PUT /d1/485/AUTH_691e22e5287d458fb957eb85d88a6c04/gnocchi.7e7c82ed-9c1b-415b-9650-7feae2a4059e/1764720000.0_mean_300.0_v3" 201 - "PUT http://localhost:8080/v1/AUTH_691e22e5287d458fb957eb85d88a6c04/gnocchi.7e7c82ed-9c1b-415b-9650-7feae2a4059e/1764720000.0_mean_300.0_v3" "tx007b43a9a56e4628b04c4-0069335716" "proxy-server 21" 0.0082 "-" 25 0
Dec 5 22:05:10 standalone proxy-server[124988]: 172.18.0.2 ::1 05/Dec/2025/22/05/10 PUT /v1/AUTH_691e22e5287d458fb957eb85d88a6c04/gnocchi.7e7c82ed-9c1b-415b-9650-7feae2a4059e/1764720000.0_mean_300.0_v3 HTTP/1.0 201 - python-swiftclient-3.11.1 gAAAAABpM1ZwvNeA... 16 - - tx007b43a9a56e4628b04c4-0069335716 - 0.0122 - - 1764972310.329654217 1764972310.341865540 0
Dec 5 22:05:10 standalone container-server[122818]: 172.20.0.100 - - [05/Dec/2025:22:05:10 +0000] "PUT /d1/350/AUTH_691e22e5287d458fb957eb85d88a6c04/gnocchi.7e7c82ed-9c1b-415b-9650-7feae2a4059e/none_v3" 201 - "PUT http://localhost:8080/d1/940/AUTH_691e22e5287d458fb957eb85d88a6c04/gnocchi.7e7c82ed-9c1b-415b-9650-7feae2a4059e/none_v3" "txc46eaf4e75c8430b97de2-0069335716" "object-server 25" 0.0002 "-" 21 0
Dec 5 22:05:10 standalone object-server[123026]: 172.20.0.100 - - [05/Dec/2025:22:05:10 +0000] "PUT /d1/940/AUTH_691e22e5287d458fb957eb85d88a6c04/gnocchi.7e7c82ed-9c1b-415b-9650-7feae2a4059e/none_v3" 201 - "PUT http://localhost:8080/v1/AUTH_691e22e5287d458fb957eb85d88a6c04/gnocchi.7e7c82ed-9c1b-415b-9650-7feae2a4059e/none_v3" "txc46eaf4e75c8430b97de2-0069335716" "proxy-server 21" 0.0058 "-" 25 0
Dec 5 22:05:10 standalone proxy-server[124988]: 172.18.0.2 ::1 05/Dec/2025/22/05/10 PUT /v1/AUTH_691e22e5287d458fb957eb85d88a6c04/gnocchi.7e7c82ed-9c1b-415b-9650-7feae2a4059e/none_v3 HTTP/1.0 201 - python-swiftclient-3.11.1 gAAAAABpM1ZwvNeA... 22 - - txc46eaf4e75c8430b97de2-0069335716 - 0.0091 - - 1764972310.344324827 1764972310.353386641 0
Dec 5 22:05:10 standalone container-server[122791]: 172.20.0.100 - - [05/Dec/2025:22:05:10 +0000] "HEAD /d1/1012/AUTH_691e22e5287d458fb957eb85d88a6c04/gnocchi.53268bff-fc24-40f7-8f81-c027cb3917e2" 404 - "HEAD http://localhost:8080/v1/AUTH_691e22e5287d458fb957eb85d88a6c04/gnocchi.53268bff-fc24-40f7-8f81-c027cb3917e2?format=json&states=listing" "tx717bd2c8a350445384c39-0069335716" "proxy-server 21" 0.0002 "-" 17 0
Dec 5 22:05:10 standalone object-server[123024]: 172.20.0.100 - - [05/Dec/2025:22:05:10 +0000] "GET /d1/924/AUTH_691e22e5287d458fb957eb85d88a6c04/gnocchi.53268bff-fc24-40f7-8f81-c027cb3917e2/none_v3" 404 70 "GET http://localhost:8080/v1/AUTH_691e22e5287d458fb957eb85d88a6c04/gnocchi.53268bff-fc24-40f7-8f81-c027cb3917e2/none_v3" "tx717bd2c8a350445384c39-0069335716" "proxy-server 21" 0.0003 "-" 23 0
Dec 5 22:05:10 standalone proxy-server[124988]: 172.18.0.2 ::1 05/Dec/2025/22/05/10 GET /v1/AUTH_691e22e5287d458fb957eb85d88a6c04/gnocchi.53268bff-fc24-40f7-8f81-c027cb3917e2/none_v3 HTTP/1.0 404 - python-swiftclient-3.11.1 gAAAAABpM1ZwvNeA... - 70 - tx717bd2c8a350445384c39-0069335716 - 0.0062 - - 1764972310.364703655 1764972310.370927334 0
Dec 5 22:05:10 standalone account-server[122885]: 172.20.0.100 - - [05/Dec/2025:22:05:10 +0000] "PUT /d1/350/AUTH_691e22e5287d458fb957eb85d88a6c04/gnocchi.53268bff-fc24-40f7-8f81-c027cb3917e2" 201 - "PUT http://172.20.0.100:6001/d1/1012/AUTH_691e22e5287d458fb957eb85d88a6c04/gnocchi.53268bff-fc24-40f7-8f81-c027cb3917e2" "tx7b49b09c4cdf4ed7b6695-0069335716" "container-server 21" 0.0038 "-" 20 0
Dec 5 22:05:10 standalone container-server[122818]: 172.20.0.100 - - [05/Dec/2025:22:05:10 +0000] "PUT /d1/1012/AUTH_691e22e5287d458fb957eb85d88a6c04/gnocchi.53268bff-fc24-40f7-8f81-c027cb3917e2" 201 - "PUT http://localhost:8080/v1/AUTH_691e22e5287d458fb957eb85d88a6c04/gnocchi.53268bff-fc24-40f7-8f81-c027cb3917e2" "tx7b49b09c4cdf4ed7b6695-0069335716" "proxy-server 21" 0.0113 "-" 21 0
Dec 5 22:05:10 standalone proxy-server[124988]: 172.18.0.2 ::1 05/Dec/2025/22/05/10 PUT /v1/AUTH_691e22e5287d458fb957eb85d88a6c04/gnocchi.53268bff-fc24-40f7-8f81-c027cb3917e2 HTTP/1.0 201 - python-swiftclient-3.11.1 gAAAAABpM1ZwvNeA... - - - tx7b49b09c4cdf4ed7b6695-0069335716 - 0.0143 - - 1764972310.373051405 1764972310.387381077 0
Dec 5 22:05:10 standalone container-server[122791]: 172.20.0.100 - - [05/Dec/2025:22:05:10 +0000] "HEAD /d1/1012/AUTH_691e22e5287d458fb957eb85d88a6c04/gnocchi.53268bff-fc24-40f7-8f81-c027cb3917e2" 204 - "HEAD http://localhost:8080/v1/AUTH_691e22e5287d458fb957eb85d88a6c04/gnocchi.53268bff-fc24-40f7-8f81-c027cb3917e2?format=json&states=listing" "tx654430bf52d146b69bc6b-0069335716" "proxy-server 21" 0.0008 "-" 17 0
Dec 5 22:05:10 standalone proxy-server[124988]: - - 05/Dec/2025/22/05/10 HEAD /v1/AUTH_691e22e5287d458fb957eb85d88a6c04/gnocchi.53268bff-fc24-40f7-8f81-c027cb3917e2%3Fformat%3Djson%26states%3Dlisting HTTP/1.0 204 - Swift - - - - tx654430bf52d146b69bc6b-0069335716 - 0.0027 RL - 1764972310.390700340 1764972310.393363237 0
Dec 5 22:05:10 standalone container-server[122818]: 172.20.0.100 - - [05/Dec/2025:22:05:10 +0000] "GET /d1/1012/AUTH_691e22e5287d458fb957eb85d88a6c04/gnocchi.53268bff-fc24-40f7-8f81-c027cb3917e2" 200 2 "GET http://localhost:8080/v1/AUTH_691e22e5287d458fb957eb85d88a6c04/gnocchi.53268bff-fc24-40f7-8f81-c027cb3917e2?format=json&states=listing" "tx654430bf52d146b69bc6b-0069335716" "proxy-server 21" 0.0015 "-" 21 0
Dec 5 22:05:10 standalone proxy-server[124988]: 172.18.0.2 ::1 05/Dec/2025/22/05/10 GET /v1/AUTH_691e22e5287d458fb957eb85d88a6c04/gnocchi.53268bff-fc24-40f7-8f81-c027cb3917e2%3Fformat%3Djson%26states%3Dlisting HTTP/1.0 200 - python-swiftclient-3.11.1 gAAAAABpM1ZwvNeA... - 2 - tx654430bf52d146b69bc6b-0069335716 - 0.0087 - - 1764972310.389943361 1764972310.398626328 0
Dec 5 22:05:10 standalone object-server[123025]: 172.20.0.100 - - [05/Dec/2025:22:05:10 +0000] "GET /d1/589/AUTH_691e22e5287d458fb957eb85d88a6c04/gnocchi.53268bff-fc24-40f7-8f81-c027cb3917e2/1764720000.0_mean_300.0_v3" 404 70 "GET http://localhost:8080/v1/AUTH_691e22e5287d458fb957eb85d88a6c04/gnocchi.53268bff-fc24-40f7-8f81-c027cb3917e2/1764720000.0_mean_300.0_v3" "tx80deb28048e643a09a316-0069335716" "proxy-server 21" 0.0003 "-" 24 0
Dec 5 22:05:10 standalone proxy-server[124988]: 172.18.0.2 ::1 05/Dec/2025/22/05/10 GET /v1/AUTH_691e22e5287d458fb957eb85d88a6c04/gnocchi.53268bff-fc24-40f7-8f81-c027cb3917e2/1764720000.0_mean_300.0_v3 HTTP/1.0 404 - python-swiftclient-3.11.1 gAAAAABpM1ZwvNeA... - 70 - tx80deb28048e643a09a316-0069335716 - 0.0039 - - 1764972310.401257038 1764972310.405153751 0
Dec 5 22:05:10 standalone container-server[122809]: 172.20.0.100 - - [05/Dec/2025:22:05:10 +0000] "PUT /d1/1012/AUTH_691e22e5287d458fb957eb85d88a6c04/gnocchi.53268bff-fc24-40f7-8f81-c027cb3917e2/1764720000.0_mean_300.0_v3" 201 - "PUT http://localhost:8080/d1/589/AUTH_691e22e5287d458fb957eb85d88a6c04/gnocchi.53268bff-fc24-40f7-8f81-c027cb3917e2/1764720000.0_mean_300.0_v3" "tx882a0771ddab4063963f5-0069335716" "object-server 22" 0.0006 "-" 20 0
Dec 5 22:05:10 standalone object-server[123023]: 172.20.0.100 - - [05/Dec/2025:22:05:10 +0000] "PUT /d1/589/AUTH_691e22e5287d458fb957eb85d88a6c04/gnocchi.53268bff-fc24-40f7-8f81-c027cb3917e2/1764720000.0_mean_300.0_v3" 201 - "PUT http://localhost:8080/v1/AUTH_691e22e5287d458fb957eb85d88a6c04/gnocchi.53268bff-fc24-40f7-8f81-c027cb3917e2/1764720000.0_mean_300.0_v3" "tx882a0771ddab4063963f5-0069335716" "proxy-server 21" 0.0089 "-" 22 0
Dec 5 22:05:10 standalone proxy-server[124988]: 172.18.0.2 ::1 05/Dec/2025/22/05/10 PUT /v1/AUTH_691e22e5287d458fb957eb85d88a6c04/gnocchi.53268bff-fc24-40f7-8f81-c027cb3917e2/1764720000.0_mean_300.0_v3 HTTP/1.0 201 - python-swiftclient-3.11.1 gAAAAABpM1ZwvNeA... 16 - - tx882a0771ddab4063963f5-0069335716 - 0.0127 - - 1764972310.407294035 1764972310.420002699 0
Dec 5 22:05:10 standalone container-server[122809]: 172.20.0.100 - - [05/Dec/2025:22:05:10 +0000] "PUT /d1/1012/AUTH_691e22e5287d458fb957eb85d88a6c04/gnocchi.53268bff-fc24-40f7-8f81-c027cb3917e2/none_v3" 201 - "PUT http://localhost:8080/d1/924/AUTH_691e22e5287d458fb957eb85d88a6c04/gnocchi.53268bff-fc24-40f7-8f81-c027cb3917e2/none_v3" "txb33721bc4e0e43a68da76-0069335716" "object-server 22" 0.0007 "-" 20 0
Dec 5 22:05:10 standalone object-server[123023]: 172.20.0.100 - - [05/Dec/2025:22:05:10 +0000] "PUT /d1/924/AUTH_691e22e5287d458fb957eb85d88a6c04/gnocchi.53268bff-fc24-40f7-8f81-c027cb3917e2/none_v3" 201 - "PUT http://localhost:8080/v1/AUTH_691e22e5287d458fb957eb85d88a6c04/gnocchi.53268bff-fc24-40f7-8f81-c027cb3917e2/none_v3" "txb33721bc4e0e43a68da76-0069335716" "proxy-server 21" 0.0103 "-" 22 0
Dec 5 22:05:10 standalone proxy-server[124988]: 172.18.0.2 ::1 05/Dec/2025/22/05/10 PUT /v1/AUTH_691e22e5287d458fb957eb85d88a6c04/gnocchi.53268bff-fc24-40f7-8f81-c027cb3917e2/none_v3 HTTP/1.0 201 - python-swiftclient-3.11.1 gAAAAABpM1ZwvNeA... 22 - - txb33721bc4e0e43a68da76-0069335716 - 0.0138 - - 1764972310.421996117 1764972310.435773611 0
Dec 5 22:05:10 standalone container-server[122824]: 172.20.0.100 - - [05/Dec/2025:22:05:10 +0000] "HEAD /d1/117/AUTH_691e22e5287d458fb957eb85d88a6c04/gnocchi.a7ee816d-a18c-4960-9dd2-917ff80d3d73" 404 - "HEAD http://localhost:8080/v1/AUTH_691e22e5287d458fb957eb85d88a6c04/gnocchi.a7ee816d-a18c-4960-9dd2-917ff80d3d73?format=json&states=listing" "tx82ae6c4bd25c4205b2a7f-0069335716" "proxy-server 21" 0.0004 "-" 22 0
Dec 5 22:05:10 standalone object-server[123025]: 172.20.0.100 - - [05/Dec/2025:22:05:10 +0000] "GET /d1/476/AUTH_691e22e5287d458fb957eb85d88a6c04/gnocchi.a7ee816d-a18c-4960-9dd2-917ff80d3d73/none_v3" 404 70 "GET http://localhost:8080/v1/AUTH_691e22e5287d458fb957eb85d88a6c04/gnocchi.a7ee816d-a18c-4960-9dd2-917ff80d3d73/none_v3" "tx82ae6c4bd25c4205b2a7f-0069335716" "proxy-server 21" 0.0003 "-" 24 0
Dec 5 22:05:10 standalone proxy-server[124988]: 172.18.0.2 ::1 05/Dec/2025/22/05/10 GET /v1/AUTH_691e22e5287d458fb957eb85d88a6c04/gnocchi.a7ee816d-a18c-4960-9dd2-917ff80d3d73/none_v3 HTTP/1.0 404 - python-swiftclient-3.11.1 gAAAAABpM1ZwvNeA... - 70 - tx82ae6c4bd25c4205b2a7f-0069335716 - 0.0075 - - 1764972310.443500519 1764972310.450984716 0
Dec 5 22:05:10 standalone account-server[122885]: 172.20.0.100 - - [05/Dec/2025:22:05:10 +0000] "PUT /d1/350/AUTH_691e22e5287d458fb957eb85d88a6c04/gnocchi.a7ee816d-a18c-4960-9dd2-917ff80d3d73" 201 - "PUT http://172.20.0.100:6001/d1/117/AUTH_691e22e5287d458fb957eb85d88a6c04/gnocchi.a7ee816d-a18c-4960-9dd2-917ff80d3d73" "tx5d35a2bbcead4b4abbd6b-0069335716" "container-server 20" 0.0061 "-" 20 0
Dec 5 22:05:10 standalone container-server[122809]: 172.20.0.100 - - [05/Dec/2025:22:05:10 +0000] "PUT /d1/117/AUTH_691e22e5287d458fb957eb85d88a6c04/gnocchi.a7ee816d-a18c-4960-9dd2-917ff80d3d73" 201 - "PUT http://localhost:8080/v1/AUTH_691e22e5287d458fb957eb85d88a6c04/gnocchi.a7ee816d-a18c-4960-9dd2-917ff80d3d73" "tx5d35a2bbcead4b4abbd6b-0069335716" "proxy-server 21" 0.0166 "-" 20 0
Dec 5 22:05:10 standalone proxy-server[124988]: 172.18.0.2 ::1 05/Dec/2025/22/05/10 PUT /v1/AUTH_691e22e5287d458fb957eb85d88a6c04/gnocchi.a7ee816d-a18c-4960-9dd2-917ff80d3d73 HTTP/1.0 201 - python-swiftclient-3.11.1 gAAAAABpM1ZwvNeA... - - - tx5d35a2bbcead4b4abbd6b-0069335716 - 0.0226 - - 1764972310.453714848 1764972310.476334572 0
Dec 5 22:05:10 standalone container-server[122809]: 172.20.0.100 - - [05/Dec/2025:22:05:10 +0000] "HEAD /d1/117/AUTH_691e22e5287d458fb957eb85d88a6c04/gnocchi.a7ee816d-a18c-4960-9dd2-917ff80d3d73" 204 - "HEAD http://localhost:8080/v1/AUTH_691e22e5287d458fb957eb85d88a6c04/gnocchi.a7ee816d-a18c-4960-9dd2-917ff80d3d73?format=json&states=listing" "txc1463d2df93941e389729-0069335716" "proxy-server 21" 0.0011 "-" 20 0
