Dec 5 22:05:11 standalone object-server[123025]: 172.20.0.100 - - [05/Dec/2025:22:05:11 +0000] "GET /d1/140/AUTH_691e22e5287d458fb957eb85d88a6c04/gnocchi.61904576-ca54-4485-86ce-65bdc297d35e/1764720000.0_mean_300.0_v3" 404 70 "GET http://localhost:8080/v1/AUTH_691e22e5287d458fb957eb85d88a6c04/gnocchi.61904576-ca54-4485-86ce-65bdc297d35e/1764720000.0_mean_300.0_v3" "tx1883c5f61ba84b1082303-0069335717" "proxy-server 21" 0.0007 "-" 24 0
Dec 5 22:05:11 standalone proxy-server[124988]: 172.18.0.2 ::1 05/Dec/2025/22/05/11 GET /v1/AUTH_691e22e5287d458fb957eb85d88a6c04/gnocchi.61904576-ca54-4485-86ce-65bdc297d35e/1764720000.0_mean_300.0_v3 HTTP/1.0 404 - python-swiftclient-3.11.1 gAAAAABpM1ZwvNeA... - 70 - tx1883c5f61ba84b1082303-0069335717 - 0.0086 - - 1764972311.479638100 1764972311.488283634 0
Dec 5 22:05:11 standalone container-server[122809]: 172.20.0.100 - - [05/Dec/2025:22:05:11 +0000] "PUT /d1/117/AUTH_691e22e5287d458fb957eb85d88a6c04/gnocchi.61904576-ca54-4485-86ce-65bdc297d35e/1764720000.0_mean_300.0_v3" 201 - "PUT http://localhost:8080/d1/140/AUTH_691e22e5287d458fb957eb85d88a6c04/gnocchi.61904576-ca54-4485-86ce-65bdc297d35e/1764720000.0_mean_300.0_v3" "txbb6e82e7baae4cc18b417-0069335717" "object-server 25" 0.0008 "-" 20 0
Dec 5 22:05:11 standalone object-server[123026]: 172.20.0.100 - - [05/Dec/2025:22:05:11 +0000] "PUT /d1/140/AUTH_691e22e5287d458fb957eb85d88a6c04/gnocchi.61904576-ca54-4485-86ce-65bdc297d35e/1764720000.0_mean_300.0_v3" 201 - "PUT http://localhost:8080/v1/AUTH_691e22e5287d458fb957eb85d88a6c04/gnocchi.61904576-ca54-4485-86ce-65bdc297d35e/1764720000.0_mean_300.0_v3" "txbb6e82e7baae4cc18b417-0069335717" "proxy-server 21" 0.0107 "-" 25 0
Dec 5 22:05:11 standalone proxy-server[124988]: 172.18.0.2 ::1 05/Dec/2025/22/05/11 PUT /v1/AUTH_691e22e5287d458fb957eb85d88a6c04/gnocchi.61904576-ca54-4485-86ce-65bdc297d35e/1764720000.0_mean_300.0_v3 HTTP/1.0 201 - python-swiftclient-3.11.1 gAAAAABpM1ZwvNeA... 16 - - txbb6e82e7baae4cc18b417-0069335717 - 0.0198 - - 1764972311.493153334 1764972311.512987614 0
Dec 5 22:05:11 standalone container-server[122818]: 172.20.0.100 - - [05/Dec/2025:22:05:11 +0000] "PUT /d1/117/AUTH_691e22e5287d458fb957eb85d88a6c04/gnocchi.61904576-ca54-4485-86ce-65bdc297d35e/none_v3" 201 - "PUT http://localhost:8080/d1/560/AUTH_691e22e5287d458fb957eb85d88a6c04/gnocchi.61904576-ca54-4485-86ce-65bdc297d35e/none_v3" "tx62e8fed30fe046b891d38-0069335717" "object-server 22" 0.0009 "-" 21 0
Dec 5 22:05:11 standalone object-server[123023]: 172.20.0.100 - - [05/Dec/2025:22:05:11 +0000] "PUT /d1/560/AUTH_691e22e5287d458fb957eb85d88a6c04/gnocchi.61904576-ca54-4485-86ce-65bdc297d35e/none_v3" 201 - "PUT http://localhost:8080/v1/AUTH_691e22e5287d458fb957eb85d88a6c04/gnocchi.61904576-ca54-4485-86ce-65bdc297d35e/none_v3" "tx62e8fed30fe046b891d38-0069335717" "proxy-server 21" 0.0116 "-" 22 0
Dec 5 22:05:11 standalone proxy-server[124988]: 172.18.0.2 ::1 05/Dec/2025/22/05/11 PUT /v1/AUTH_691e22e5287d458fb957eb85d88a6c04/gnocchi.61904576-ca54-4485-86ce-65bdc297d35e/none_v3 HTTP/1.0 201 - python-swiftclient-3.11.1 gAAAAABpM1ZwvNeA... 22 - - tx62e8fed30fe046b891d38-0069335717 - 0.0200 - - 1764972311.517562866 1764972311.537552834 0
Dec 5 22:05:11 standalone container-server[122824]: 172.20.0.100 - - [05/Dec/2025:22:05:11 +0000] "HEAD /d1/1001/AUTH_691e22e5287d458fb957eb85d88a6c04/gnocchi.1ef52262-9291-46f0-8ea0-b25039af75e7" 404 - "HEAD http://localhost:8080/v1/AUTH_691e22e5287d458fb957eb85d88a6c04/gnocchi.1ef52262-9291-46f0-8ea0-b25039af75e7?format=json&states=listing" "tx9c3e96c2b99a491e809ef-0069335717" "proxy-server 21" 0.0007 "-" 22 0
Dec 5 22:05:11 standalone object-server[123024]: 172.20.0.100 - - [05/Dec/2025:22:05:11 +0000] "GET /d1/289/AUTH_691e22e5287d458fb957eb85d88a6c04/gnocchi.1ef52262-9291-46f0-8ea0-b25039af75e7/none_v3" 404 70 "GET http://localhost:8080/v1/AUTH_691e22e5287d458fb957eb85d88a6c04/gnocchi.1ef52262-9291-46f0-8ea0-b25039af75e7/none_v3" "tx9c3e96c2b99a491e809ef-0069335717" "proxy-server 21" 0.0005 "-" 23 0
Dec 5 22:05:11 standalone proxy-server[124988]: 172.18.0.2 ::1 05/Dec/2025/22/05/11 GET /v1/AUTH_691e22e5287d458fb957eb85d88a6c04/gnocchi.1ef52262-9291-46f0-8ea0-b25039af75e7/none_v3 HTTP/1.0 404 - python-swiftclient-3.11.1 gAAAAABpM1ZwvNeA... - 70 - tx9c3e96c2b99a491e809ef-0069335717 - 0.0173 - - 1764972311.554252148 1764972311.571583748 0
Dec 5 22:05:11 standalone account-server[122885]: 172.20.0.100 - - [05/Dec/2025:22:05:11 +0000] "PUT /d1/350/AUTH_691e22e5287d458fb957eb85d88a6c04/gnocchi.1ef52262-9291-46f0-8ea0-b25039af75e7" 201 - "PUT http://172.20.0.100:6001/d1/1001/AUTH_691e22e5287d458fb957eb85d88a6c04/gnocchi.1ef52262-9291-46f0-8ea0-b25039af75e7" "txddf17d5429404f86bebe9-0069335717" "container-server 17" 0.0060 "-" 20 0
Dec 5 22:05:11 standalone container-server[122791]: 172.20.0.100 - - [05/Dec/2025:22:05:11 +0000] "PUT /d1/1001/AUTH_691e22e5287d458fb957eb85d88a6c04/gnocchi.1ef52262-9291-46f0-8ea0-b25039af75e7" 201 - "PUT http://localhost:8080/v1/AUTH_691e22e5287d458fb957eb85d88a6c04/gnocchi.1ef52262-9291-46f0-8ea0-b25039af75e7" "txddf17d5429404f86bebe9-0069335717" "proxy-server 21" 0.0160 "-" 17 0
Dec 5 22:05:11 standalone proxy-server[124988]: 172.18.0.2 ::1 05/Dec/2025/22/05/11 PUT /v1/AUTH_691e22e5287d458fb957eb85d88a6c04/gnocchi.1ef52262-9291-46f0-8ea0-b25039af75e7 HTTP/1.0 201 - python-swiftclient-3.11.1 gAAAAABpM1ZwvNeA... - - - txddf17d5429404f86bebe9-0069335717 - 0.0231 - - 1764972311.577139139 1764972311.600197554 0
Dec 5 22:05:11 standalone container-server[122809]: 172.20.0.100 - - [05/Dec/2025:22:05:11 +0000] "HEAD /d1/1001/AUTH_691e22e5287d458fb957eb85d88a6c04/gnocchi.1ef52262-9291-46f0-8ea0-b25039af75e7" 204 - "HEAD http://localhost:8080/v1/AUTH_691e22e5287d458fb957eb85d88a6c04/gnocchi.1ef52262-9291-46f0-8ea0-b25039af75e7?format=json&states=listing" "tx59db0eb8483648f0bb737-0069335717" "proxy-server 21" 0.0023 "-" 20 0
Dec 5 22:05:11 standalone proxy-server[124988]: - - 05/Dec/2025/22/05/11 HEAD /v1/AUTH_691e22e5287d458fb957eb85d88a6c04/gnocchi.1ef52262-9291-46f0-8ea0-b25039af75e7%3Fformat%3Djson%26states%3Dlisting HTTP/1.0 204 - Swift - - - - tx59db0eb8483648f0bb737-0069335717 - 0.0076 RL - 1764972311.605606794 1764972311.613182545 0
Dec 5 22:05:11 standalone container-server[122791]: 172.20.0.100 - - [05/Dec/2025:22:05:11 +0000] "GET /d1/1001/AUTH_691e22e5287d458fb957eb85d88a6c04/gnocchi.1ef52262-9291-46f0-8ea0-b25039af75e7" 200 2 "GET http://localhost:8080/v1/AUTH_691e22e5287d458fb957eb85d88a6c04/gnocchi.1ef52262-9291-46f0-8ea0-b25039af75e7?format=json&states=listing" "tx59db0eb8483648f0bb737-0069335717" "proxy-server 21" 0.0018 "-" 17 0
Dec 5 22:05:11 standalone proxy-server[124988]: 172.18.0.2 ::1 05/Dec/2025/22/05/11 GET /v1/AUTH_691e22e5287d458fb957eb85d88a6c04/gnocchi.1ef52262-9291-46f0-8ea0-b25039af75e7%3Fformat%3Djson%26states%3Dlisting HTTP/1.0 200 - python-swiftclient-3.11.1 gAAAAABpM1ZwvNeA... - 2 - tx59db0eb8483648f0bb737-0069335717 - 0.0552 - - 1764972311.603927851 1764972311.659174442 0
Dec 5 22:05:11 standalone object-server[123026]: 172.20.0.100 - - [05/Dec/2025:22:05:11 +0000] "GET /d1/918/AUTH_691e22e5287d458fb957eb85d88a6c04/gnocchi.1ef52262-9291-46f0-8ea0-b25039af75e7/1764720000.0_mean_300.0_v3" 404 70 "GET http://localhost:8080/v1/AUTH_691e22e5287d458fb957eb85d88a6c04/gnocchi.1ef52262-9291-46f0-8ea0-b25039af75e7/1764720000.0_mean_300.0_v3" "tx2999024dee06484cbee36-0069335717" "proxy-server 21" 0.0005 "-" 25 0
Dec 5 22:05:11 standalone proxy-server[124988]: 172.18.0.2 ::1 05/Dec/2025/22/05/11 GET /v1/AUTH_691e22e5287d458fb957eb85d88a6c04/gnocchi.1ef52262-9291-46f0-8ea0-b25039af75e7/1764720000.0_mean_300.0_v3 HTTP/1.0 404 - python-swiftclient-3.11.1 gAAAAABpM1ZwvNeA... - 70 - tx2999024dee06484cbee36-0069335717 - 0.0076 - - 1764972311.666086912 1764972311.673683882 0
Dec 5 22:05:11 standalone container-server[122824]: 172.20.0.100 - - [05/Dec/2025:22:05:11 +0000] "PUT /d1/1001/AUTH_691e22e5287d458fb957eb85d88a6c04/gnocchi.1ef52262-9291-46f0-8ea0-b25039af75e7/1764720000.0_mean_300.0_v3" 201 - "PUT http://localhost:8080/d1/918/AUTH_691e22e5287d458fb957eb85d88a6c04/gnocchi.1ef52262-9291-46f0-8ea0-b25039af75e7/1764720000.0_mean_300.0_v3" "tx6c1ff393ec1f40cb9aeca-0069335717" "object-server 23" 0.0012 "-" 22 0
Dec 5 22:05:11 standalone object-server[123024]: 172.20.0.100 - - [05/Dec/2025:22:05:11 +0000] "PUT /d1/918/AUTH_691e22e5287d458fb957eb85d88a6c04/gnocchi.1ef52262-9291-46f0-8ea0-b25039af75e7/1764720000.0_mean_300.0_v3" 201 - "PUT http://localhost:8080/v1/AUTH_691e22e5287d458fb957eb85d88a6c04/gnocchi.1ef52262-9291-46f0-8ea0-b25039af75e7/1764720000.0_mean_300.0_v3" "tx6c1ff393ec1f40cb9aeca-0069335717" "proxy-server 21" 0.0119 "-" 23 0
Dec 5 22:05:11 standalone proxy-server[124988]: 172.18.0.2 ::1 05/Dec/2025/22/05/11 PUT /v1/AUTH_691e22e5287d458fb957eb85d88a6c04/gnocchi.1ef52262-9291-46f0-8ea0-b25039af75e7/1764720000.0_mean_300.0_v3 HTTP/1.0 201 - python-swiftclient-3.11.1 gAAAAABpM1ZwvNeA... 16 - - tx6c1ff393ec1f40cb9aeca-0069335717 - 0.0177 - - 1764972311.678085089 1764972311.695767879 0
Dec 5 22:05:11 standalone container-server[122809]: 172.20.0.100 - - [05/Dec/2025:22:05:11 +0000] "PUT /d1/1001/AUTH_691e22e5287d458fb957eb85d88a6c04/gnocchi.1ef52262-9291-46f0-8ea0-b25039af75e7/none_v3" 201 - "PUT http://localhost:8080/d1/289/AUTH_691e22e5287d458fb957eb85d88a6c04/gnocchi.1ef52262-9291-46f0-8ea0-b25039af75e7/none_v3" "tx99d1bce0c6504bfdb8982-0069335717" "object-server 23" 0.0007 "-" 20 0
Dec 5 22:05:11 standalone object-server[123024]: 172.20.0.100 - - [05/Dec/2025:22:05:11 +0000] "PUT /d1/289/AUTH_691e22e5287d458fb957eb85d88a6c04/gnocchi.1ef52262-9291-46f0-8ea0-b25039af75e7/none_v3" 201 - "PUT http://localhost:8080/v1/AUTH_691e22e5287d458fb957eb85d88a6c04/gnocchi.1ef52262-9291-46f0-8ea0-b25039af75e7/none_v3" "tx99d1bce0c6504bfdb8982-0069335717" "proxy-server 21" 0.0089 "-" 23 0
Dec 5 22:05:11 standalone proxy-server[124988]: 172.18.0.2 ::1 05/Dec/2025/22/05/11 PUT /v1/AUTH_691e22e5287d458fb957eb85d88a6c04/gnocchi.1ef52262-9291-46f0-8ea0-b25039af75e7/none_v3 HTTP/1.0 201 - python-swiftclient-3.11.1 gAAAAABpM1ZwvNeA... 22 - - tx99d1bce0c6504bfdb8982-0069335717 - 0.0144 - - 1764972311.700177193 1764972311.714622974 0
Dec 5 22:05:11 standalone container-server[122824]: 172.20.0.100 - - [05/Dec/2025:22:05:11 +0000] "HEAD /d1/115/AUTH_691e22e5287d458fb957eb85d88a6c04/gnocchi.ff2dbc73-bd7a-4149-ac41-e5d9784eb765" 404 - "HEAD http://localhost:8080/v1/AUTH_691e22e5287d458fb957eb85d88a6c04/gnocchi.ff2dbc73-bd7a-4149-ac41-e5d9784eb765?format=json&states=listing" "txacde4c9f7d3744d186b9f-0069335717" "proxy-server 21" 0.0005 "-" 22 0
Dec 5 22:05:11 standalone object-server[123026]: 172.20.0.100 - - [05/Dec/2025:22:05:11 +0000] "GET /d1/883/AUTH_691e22e5287d458fb957eb85d88a6c04/gnocchi.ff2dbc73-bd7a-4149-ac41-e5d9784eb765/none_v3" 404 70 "GET http://localhost:8080/v1/AUTH_691e22e5287d458fb957eb85d88a6c04/gnocchi.ff2dbc73-bd7a-4149-ac41-e5d9784eb765/none_v3" "txacde4c9f7d3744d186b9f-0069335717" "proxy-server 21" 0.0005 "-" 25 0
Dec 5 22:05:11 standalone proxy-server[124988]: 172.18.0.2 ::1 05/Dec/2025/22/05/11 GET /v1/AUTH_691e22e5287d458fb957eb85d88a6c04/gnocchi.ff2dbc73-bd7a-4149-ac41-e5d9784eb765/none_v3 HTTP/1.0 404 - python-swiftclient-3.11.1 gAAAAABpM1ZwvNeA... - 70 - txacde4c9f7d3744d186b9f-0069335717 - 0.0100 - - 1764972311.730273724 1764972311.740227222 0
Dec 5 22:05:11 standalone account-server[122898]: 172.20.0.100 - - [05/Dec/2025:22:05:11 +0000] "PUT /d1/350/AUTH_691e22e5287d458fb957eb85d88a6c04/gnocchi.ff2dbc73-bd7a-4149-ac41-e5d9784eb765" 201 - "PUT http://172.20.0.100:6001/d1/115/AUTH_691e22e5287d458fb957eb85d88a6c04/gnocchi.ff2dbc73-bd7a-4149-ac41-e5d9784eb765" "txee02b97be66e4bb6a8f76-0069335717" "container-server 17" 0.0046 "-" 23 0
Dec 5 22:05:11 standalone container-server[122791]: 172.20.0.100 - - [05/Dec/2025:22:05:11 +0000] "PUT /d1/115/AUTH_691e22e5287d458fb957eb85d88a6c04/gnocchi.ff2dbc73-bd7a-4149-ac41-e5d9784eb765" 201 - "PUT http://localhost:8080/v1/AUTH_691e22e5287d458fb957eb85d88a6c04/gnocchi.ff2dbc73-bd7a-4149-ac41-e5d9784eb765" "txee02b97be66e4bb6a8f76-0069335717" "proxy-server 21" 0.0146 "-" 17 0
Dec 5 22:05:11 standalone proxy-server[124988]: 172.18.0.2 ::1 05/Dec/2025/22/05/11 PUT /v1/AUTH_691e22e5287d458fb957eb85d88a6c04/gnocchi.ff2dbc73-bd7a-4149-ac41-e5d9784eb765 HTTP/1.0 201 - python-swiftclient-3.11.1 gAAAAABpM1ZwvNeA... - - - txee02b97be66e4bb6a8f76-0069335717 - 0.0212 - - 1764972311.743912697 1764972311.765115738 0
Dec 5 22:05:11 standalone container-server[122809]: 172.20.0.100 - - [05/Dec/2025:22:05:11 +0000] "HEAD /d1/115/AUTH_691e22e5287d458fb957eb85d88a6c04/gnocchi.ff2dbc73-bd7a-4149-ac41-e5d9784eb765" 204 - "HEAD http://localhost:8080/v1/AUTH_691e22e5287d458fb957eb85d88a6c04/gnocchi.ff2dbc73-bd7a-4149-ac41-e5d9784eb765?format=json&states=listing" "tx9ee7946cf63547168283c-0069335717" "proxy-server 21" 0.0016 "-" 20 0
Dec 5 22:05:11 standalone proxy-server[124988]: - - 05/Dec/2025/22/05/11 HEAD /v1/AUTH_691e22e5287d458fb957eb85d88a6c04/gnocchi.ff2dbc73-bd7a-4149-ac41-e5d9784eb765%3Fformat%3Djson%26states%3Dlisting HTTP/1.0 204 - Swift - - - - tx9ee7946cf63547168283c-0069335717 - 0.0051 RL - 1764972311.771455765 1764972311.776582718 0
Dec 5 22:05:11 standalone container-server[122809]: 172.20.0.100 - - [05/Dec/2025:22:05:11 +0000] "GET /d1/115/AUTH_691e22e5287d458fb957eb85d88a6c04/gnocchi.ff2dbc73-bd7a-4149-ac41-e5d9784eb765" 200 2 "GET http://localhost:8080/v1/AUTH_691e22e5287d458fb957eb85d88a6c04/gnocchi.ff2dbc73-bd7a-4149-ac41-e5d9784eb765?format=json&states=listing" "tx9ee7946cf63547168283c-0069335717" "proxy-server 21" 0.0020 "-" 20 0
Dec 5 22:05:11 standalone proxy-server[124988]: 172.18.0.2 ::1 05/Dec/2025/22/05/11 GET /v1/AUTH_691e22e5287d458fb957eb85d88a6c04/gnocchi.ff2dbc73-bd7a-4149-ac41-e5d9784eb765%3Fformat%3Djson%26states%3Dlisting HTTP/1.0 200 - python-swiftclient-3.11.1 gAAAAABpM1ZwvNeA... - 2 - tx9ee7946cf63547168283c-0069335717 - 0.0141 - - 1764972311.770070076 1764972311.784123659 0
Dec 5 22:05:11 standalone object-server[123025]: 172.20.0.100 - - [05/Dec/2025:22:05:11 +0000] "GET /d1/379/AUTH_691e22e5287d458fb957eb85d88a6c04/gnocchi.ff2dbc73-bd7a-4149-ac41-e5d9784eb765/1764720000.0_mean_300.0_v3" 404 70 "GET http://localhost:8080/v1/AUTH_691e22e5287d458fb957eb85d88a6c04/gnocchi.ff2dbc73-bd7a-4149-ac41-e5d9784eb765/1764720000.0_mean_300.0_v3" "txc22f129206f64443a3b61-0069335717" "proxy-server 21" 0.0005 "-" 24 0
Dec 5 22:05:11 standalone proxy-server[124988]: 172.18.0.2 ::1 05/Dec/2025/22/05/11 GET /v1/AUTH_691e22e5287d458fb957eb85d88a6c04/gnocchi.ff2dbc73-bd7a-4149-ac41-e5d9784eb765/1764720000.0_mean_300.0_v3 HTTP/1.0 404 - python-swiftclient-3.11.1 gAAAAABpM1ZwvNeA... - 70 - txc22f129206f64443a3b61-0069335717 - 0.0066 - - 1764972311.788977623 1764972311.795547247 0
Dec 5 22:05:11 standalone container-server[122809]: 172.20.0.100 - - [05/Dec/2025:22:05:11 +0000] "PUT /d1/115/AUTH_691e22e5287d458fb957eb85d88a6c04/gnocchi.ff2dbc73-bd7a-4149-ac41-e5d9784eb765/1764720000.0_mean_300.0_v3" 201 - "PUT http://localhost:8080/d1/379/AUTH_691e22e5287d458fb957eb85d88a6c04/gnocchi.ff2dbc73-bd7a-4149-ac41-e5d9784eb765/1764720000.0_mean_300.0_v3" "tx148fff404c524c9a825ee-0069335717" "object-server 24" 0.0008 "-" 20 0
Dec 5 22:05:11 standalone object-server[123025]: 172.20.0.100 - - [05/Dec/2025:22:05:11 +0000] "PUT /d1/379/AUTH_691e22e5287d458fb957eb85d88a6c04/gnocchi.ff2dbc73-bd7a-4149-ac41-e5d9784eb765/1764720000.0_mean_300.0_v3" 201 - "PUT http://localhost:8080/v1/AUTH_691e22e5287d458fb957eb85d88a6c04/gnocchi.ff2dbc73-bd7a-4149-ac41-e5d9784eb765/1764720000.0_mean_300.0_v3" "tx148fff404c524c9a825ee-0069335717" "proxy-server 21" 0.0119 "-" 24 0
Dec 5 22:05:11 standalone proxy-server[124988]: 172.18.0.2 ::1 05/Dec/2025/22/05/11 PUT /v1/AUTH_691e22e5287d458fb957eb85d88a6c04/gnocchi.ff2dbc73-bd7a-4149-ac41-e5d9784eb765/1764720000.0_mean_300.0_v3 HTTP/1.0 201 - python-swiftclient-3.11.1 gAAAAABpM1ZwvNeA... 16 - - tx148fff404c524c9a825ee-0069335717 - 0.0173 - - 1764972311.799724579 1764972311.817022562 0
Dec 5 22:05:11 standalone container-server[122809]: 172.20.0.100 - - [05/Dec/2025:22:05:11 +0000] "PUT /d1/115/AUTH_691e22e5287d458fb957eb85d88a6c04/gnocchi.ff2dbc73-bd7a-4149-ac41-e5d9784eb765/none_v3" 201 - "PUT http://localhost:8080/d1/883/AUTH_691e22e5287d458fb957eb85d88a6c04/gnocchi.ff2dbc73-bd7a-4149-ac41-e5d9784eb765/none_v3" "txbed4170e5ac640ed9a2e0-0069335717" "object-server 24" 0.0006 "-" 20 0
Dec 5 22:05:11 standalone object-server[123025]: 172.20.0.100 - - [05/Dec/2025:22:05:11 +0000] "PUT /d1/883/AUTH_691e22e5287d458fb957eb85d88a6c04/gnocchi.ff2dbc73-bd7a-4149-ac41-e5d9784eb765/none_v3" 201 - "PUT http://localhost:8080/v1/AUTH_691e22e5287d458fb957eb85d88a6c04/gnocchi.ff2dbc73-bd7a-4149-ac41-e5d9784eb765/none_v3" "txbed4170e5ac640ed9a2e0-0069335717" "proxy-server 21" 0.0092 "-" 24 0
Dec 5 22:05:11 standalone proxy-server[124988]: 172.18.0.2 ::1 05/Dec/2025/22/05/11 PUT /v1/AUTH_691e22e5287d458fb957eb85d88a6c04/gnocchi.ff2dbc73-bd7a-4149-ac41-e5d9784eb765/none_v3 HTTP/1.0 201 - python-swiftclient-3.11.1 gAAAAABpM1ZwvNeA... 22 - - txbed4170e5ac640ed9a2e0-0069335717 - 0.0165 - - 1764972311.822095871 1764972311.838565588 0
Dec 5 22:05:11 standalone container-server[122824]: 172.20.0.100 - - [05/Dec/2025:22:05:11 +0000] "HEAD /d1/498/AUTH_691e22e5287d458fb957eb85d88a6c04/gnocchi.7e2e5177-fed1-4694-8916-e02076cd9c98" 404 - "HEAD http://localhost:8080/v1/AUTH_691e22e5287d458fb957eb85d88a6c04/gnocchi.7e2e5177-fed1-4694-8916-e02076cd9c98?format=json&states=listing" "txd2a07dedc04a427a84f2b-0069335717" "proxy-server 21" 0.0006 "-" 22 0
Dec 5 22:05:11 standalone object-server[123023]: 172.20.0.100 - - [05/Dec/2025:22:05:11 +0000] "GET /d1/937/AUTH_691e22e5287d458fb957eb85d88a6c04/gnocchi.7e2e5177-fed1-4694-8916-e02076cd9c98/none_v3" 404 70 "GET http://localhost:8080/v1/AUTH_691e22e5287d458fb957eb85d88a6c04/gnocchi.7e2e5177-fed1-4694-8916-e02076cd9c98/none_v3" "txd2a07dedc04a427a84f2b-0069335717" "proxy-server 21" 0.0005 "-" 22 0
Dec 5 22:05:11 standalone proxy-server[124988]: 172.18.0.2 ::1 05/Dec/2025/22/05/11 GET /v1/AUTH_691e22e5287d458fb957eb85d88a6c04/gnocchi.7e2e5177-fed1-4694-8916-e02076cd9c98/none_v3 HTTP/1.0 404 - python-swiftclient-3.11.1 gAAAAABpM1ZwvNeA... - 70 - txd2a07dedc04a427a84f2b-0069335717 - 0.0194 - - 1764972311.852989197 1764972311.872412443 0
Dec 5 22:05:11 standalone account-server[122887]: 172.20.0.100 - - [05/Dec/2025:22:05:11 +0000] "PUT /d1/350/AUTH_691e22e5287d458fb957eb85d88a6c04/gnocchi.7e2e5177-fed1-4694-8916-e02076cd9c98" 201 - "PUT http://172.20.0.100:6001/d1/498/AUTH_691e22e5287d458fb957eb85d88a6c04/gnocchi.7e2e5177-fed1-4694-8916-e02076cd9c98" "tx32e19745049f4c79bccdc-0069335717" "container-server 20" 0.0046 "-" 21 0
Dec 5 22:05:11 standalone container-server[122809]: 172.20.0.100 - - [05/Dec/2025:22:05:11 +0000] "PUT /d1/498/AUTH_691e22e5287d458fb957eb85d88a6c04/gnocchi.7e2e5177-fed1-4694-8916-e02076cd9c98" 201 - "PUT http://localhost:8080/v1/AUTH_691e22e5287d458fb957eb85d88a6c04/gnocchi.7e2e5177-fed1-4694-8916-e02076cd9c98" "tx32e19745049f4c79bccdc-0069335717" "proxy-server 21" 0.0202 "-" 20 0
Dec 5 22:05:11 standalone proxy-server[124988]: 172.18.0.2 ::1 05/Dec/2025/22/05/11 PUT /v1/AUTH_691e22e5287d458fb957eb85d88a6c04/gnocchi.7e2e5177-fed1-4694-8916-e02076cd9c98 HTTP/1.0 201 - python-swiftclient-3.11.1 gAAAAABpM1ZwvNeA... - - - tx32e19745049f4c79bccdc-0069335717 - 0.0298 - - 1764972311.878864527 1764972311.908650398 0
Dec 5 22:05:11 standalone container-server[122809]: 172.20.0.100 - - [05/Dec/2025:22:05:11 +0000] "HEAD /d1/498/AUTH_691e22e5287d458fb957eb85d88a6c04/gnocchi.7e2e5177-fed1-4694-8916-e02076cd9c98" 204 - "HEAD http://localhost:8080/v1/AUTH_691e22e5287d458fb957eb85d88a6c04/gnocchi.7e2e5177-fed1-4694-8916-e02076cd9c98?format=json&states=listing" "tx9566ba916dd54cbcacf8a-0069335717" "proxy-server 21" 0.0021 "-" 20 0
Dec 5 22:05:11 standalone proxy-server[124988]: - - 05/Dec/2025/22/05/11 HEAD /v1/AUTH_691e22e5287d458fb957eb85d88a6c04/gnocchi.7e2e5177-fed1-4694-8916-e02076cd9c98%3Fformat%3Djson%26states%3Dlisting HTTP/1.0 204 - Swift - - - - tx9566ba916dd54cbcacf8a-0069335717 - 0.0079 RL - 1764972311.915783644 1764972311.923657417 0
Dec 5 22:05:11 standalone container-server[122818]: 172.20.0.100 - - [05/Dec/2025:22:05:11 +0000] "GET /d1/498/AUTH_691e22e5287d458fb957eb85d88a6c04/gnocchi.7e2e5177-fed1-4694-8916-e02076cd9c98" 200 2 "GET http://localhost:8080/v1/AUTH_691e22e5287d458fb957eb85d88a6c04/gnocchi.7e2e5177-fed1-4694-8916-e02076cd9c98?format=json&states=listing" "tx9566ba916dd54cbcacf8a-0069335717" "proxy-server 21" 0.0028 "-" 21 0
Dec 5 22:05:11 standalone proxy-server[124988]: 172.18.0.2 ::1 05/Dec/2025/22/05/11 GET /v1/AUTH_691e22e5287d458fb957eb85d88a6c04/gnocchi.7e2e5177-fed1-4694-8916-e02076cd9c98%3Fformat%3Djson%26states%3Dlisting HTTP/1.0 200 - python-swiftclient-3.11.1 gAAAAABpM1ZwvNeA... - 2 - tx9566ba916dd54cbcacf8a-0069335717 - 0.0216 - - 1764972311.914178610 1764972311.935772896 0
Dec 5 22:05:11 standalone object-server[123025]: 172.20.0.100 - - [05/Dec/2025:22:05:11 +0000] "GET /d1/244/AUTH_691e22e5287d458fb957eb85d88a6c04/gnocchi.7e2e5177-fed1-4694-8916-e02076cd9c98/1764720000.0_mean_300.0_v3" 404 70 "GET http://localhost:8080/v1/AUTH_691e22e5287d458fb957eb85d88a6c04/gnocchi.7e2e5177-fed1-4694-8916-e02076cd9c98/1764720000.0_mean_300.0_v3" "tx119971894b4e4afc8224d-0069335717" "proxy-server 21" 0.0004 "-" 24 0
Dec 5 22:05:11 standalone proxy-server[124988]: 172.18.0.2 ::1 05/Dec/2025/22/05/11 GET /v1/AUTH_691e22e5287d458fb957eb85d88a6c04/gnocchi.7e2e5177-fed1-4694-8916-e02076cd9c98/1764720000.0_mean_300.0_v3 HTTP/1.0 404 - python-swiftclient-3.11.1 gAAAAABpM1ZwvNeA... - 70 - tx119971894b4e4afc8224d-0069335717 - 0.0069 - - 1764972311.941456556 1764972311.948376656 0
Dec 5 22:05:11 standalone container-server[122809]: 172.20.0.100 - - [05/Dec/2025:22:05:11 +0000] "PUT /d1/498/AUTH_691e22e5287d458fb957eb85d88a6c04/gnocchi.7e2e5177-fed1-4694-8916-e02076cd9c98/1764720000.0_mean_300.0_v3" 201 - "PUT http://localhost:8080/d1/244/AUTH_691e22e5287d458fb957eb85d88a6c04/gnocchi.7e2e5177-fed1-4694-8916-e02076cd9c98/1764720000.0_mean_300.0_v3" "tx34202b4679c64982b0f57-0069335717" "object-server 25" 0.0008 "-" 20 0
Dec 5 22:05:11 standalone object-server[123026]: 172.20.0.100 - - [05/Dec/2025:22:05:11 +0000] "PUT /d1/244/AUTH_691e22e5287d458fb957eb85d88a6c04/gnocchi.7e2e5177-fed1-4694-8916-e02076cd9c98/1764720000.0_mean_300.0_v3" 201 - "PUT http://localhost:8080/v1/AUTH_691e22e5287d458fb957eb85d88a6c04/gnocchi.7e2e5177-fed1-4694-8916-e02076cd9c98/1764720000.0_mean_300.0_v3" "tx34202b4679c64982b0f57-0069335717" "proxy-server 21" 0.0112 "-" 25 0
Dec 5 22:05:11 standalone proxy-server[124988]: 172.18.0.2 ::1 05/Dec/2025/22/05/11 PUT /v1/AUTH_691e22e5287d458fb957eb85d88a6c04/gnocchi.7e2e5177-fed1-4694-8916-e02076cd9c98/1764720000.0_mean_300.0_v3 HTTP/1.0 201 - python-swiftclient-3.11.1 gAAAAABpM1ZwvNeA... 16 - - tx34202b4679c64982b0f57-0069335717 - 0.0185 - - 1764972311.952806711 1764972311.971327543 0
Dec 5 22:05:11 standalone container-server[122809]: 172.20.0.100 - - [05/Dec/2025:22:05:11 +0000] "PUT /d1/498/AUTH_691e22e5287d458fb957eb85d88a6c04/gnocchi.7e2e5177-fed1-4694-8916-e02076cd9c98/none_v3" 201 - "PUT http://localhost:8080/d1/937/AUTH_691e22e5287d458fb957eb85d88a6c04/gnocchi.7e2e5177-fed1-4694-8916-e02076cd9c98/none_v3" "tx9ea184b23de6423394fc1-0069335717" "object-server 22" 0.0007 "-" 20 0
Dec 5 22:05:11 standalone object-server[123023]: 172.20.0.100 - - [05/Dec/2025:22:05:11 +0000] "PUT /d1/937/AUTH_691e22e5287d458fb957eb85d88a6c04/gnocchi.7e2e5177-fed1-4694-8916-e02076cd9c98/none_v3" 201 - "PUT http://localhost:8080/v1/AUTH_691e22e5287d458fb957eb85d88a6c04/gnocchi.7e2e5177-fed1-4694-8916-e02076cd9c98/none_v3" "tx9ea184b23de6423394fc1-0069335717" "proxy-server 21" 0.0119 "-" 22 0
Dec 5 22:05:11 standalone proxy-server[124988]: 172.18.0.2 ::1 05/Dec/2025/22/05/11 PUT /v1/AUTH_691e22e5287d458fb957eb85d88a6c04/gnocchi.7e2e5177-fed1-4694-8916-e02076cd9c98/none_v3 HTTP/1.0 201 - python-swiftclient-3.11.1 gAAAAABpM1ZwvNeA... 22 - - tx9ea184b23de6423394fc1-0069335717 - 0.0201 - - 1764972311.975636959 1764972311.995714903 0
Dec 5 22:05:12 standalone container-server[122818]: 172.20.0.100 - - [05/Dec/2025:22:05:12 +0000] "HEAD /d1/876/AUTH_691e22e5287d458fb957eb85d88a6c04/gnocchi.4eb25023-c75b-42fe-8d73-c31306bd18e8" 404 - "HEAD http://localhost:8080/v1/AUTH_691e22e5287d458fb957eb85d88a6c04/gnocchi.4eb25023-c75b-42fe-8d73-c31306bd18e8?format=json&states=listing" "txf0e5a515702e437791fcb-0069335718" "proxy-server 21" 0.0005 "-" 21 0
Dec 5 22:05:12 standalone object-server[123026]: 172.20.0.100 - - [05/Dec/2025:22:05:12 +0000] "GET /d1/966/AUTH_691e22e5287d458fb957eb85d88a6c04/gnocchi.4eb25023-c75b-42fe-8d73-c31306bd18e8/none_v3" 404 70 "GET http://localhost:8080/v1/AUTH_691e22e5287d458fb957eb85d88a6c04/gnocchi.4eb25023-c75b-42fe-8d73-c31306bd18e8/none_v3" "txf0e5a515702e437791fcb-0069335718" "proxy-server 21" 0.0002 "-" 25 0
Dec 5 22:05:12 standalone proxy-server[124988]: 172.18.0.2 ::1 05/Dec/2025/22/05/12 GET /v1/AUTH_691e22e5287d458fb957eb85d88a6c04/gnocchi.4eb25023-c75b-42fe-8d73-c31306bd18e8/none_v3 HTTP/1.0 404 - python-swiftclient-3.11.1 gAAAAABpM1ZwvNeA... - 70 - txf0e5a515702e437791fcb-0069335718 - 0.0110 - - 1764972312.010362864 1764972312.021324873 0
Dec 5 22:05:12 standalone account-server[122885]: 172.20.0.100 - - [05/Dec/2025:22:05:12 +0000] "PUT /d1/350/AUTH_691e22e5287d458fb957eb85d88a6c04/gnocchi.4eb25023-c75b-42fe-8d73-c31306bd18e8" 201 - "PUT http://172.20.0.100:6001/d1/876/AUTH_691e22e5287d458fb957eb85d88a6c04/gnocchi.4eb25023-c75b-42fe-8d73-c31306bd18e8" "tx649e0ff3cefc4b7681dbc-0069335718" "container-server 22" 0.0048 "-" 20 0
Dec 5 22:05:12 standalone container-server[122824]: 172.20.0.100 - - [05/Dec/2025:22:05:12 +0000] "PUT /d1/876/AUTH_691e22e5287d458fb957eb85d88a6c04/gnocchi.4eb25023-c75b-42fe-8d73-c31306bd18e8" 201 - "PUT http://localhost:8080/v1/AUTH_691e22e5287d458fb957eb85d88a6c04/gnocchi.4eb25023-c75b-42fe-8d73-c31306bd18e8" "tx649e0ff3cefc4b7681dbc-0069335718" "proxy-server 21" 0.0181 "-" 22 0
Dec 5 22:05:12 standalone proxy-server[124988]: 172.18.0.2 ::1 05/Dec/2025/22/05/12 PUT /v1/AUTH_691e22e5287d458fb957eb85d88a6c04/gnocchi.4eb25023-c75b-42fe-8d73-c31306bd18e8 HTTP/1.0 201 - python-swiftclient-3.11.1 gAAAAABpM1ZwvNeA... - - - tx649e0ff3cefc4b7681dbc-0069335718 - 0.0248 - - 1764972312.025323868 1764972312.050108671 0
Dec 5 22:05:12 standalone container-server[122809]: 172.20.0.100 - - [05/Dec/2025:22:05:12 +0000] "HEAD /d1/876/AUTH_691e22e5287d458fb957eb85d88a6c04/gnocchi.4eb25023-c75b-42fe-8d73-c31306bd18e8" 204 - "HEAD http://localhost:8080/v1/AUTH_691e22e5287d458fb957eb85d88a6c04/gnocchi.4eb25023-c75b-42fe-8d73-c31306bd18e8?format=json&states=listing" "tx7bc2e94be0e849e0957b1-0069335718" "proxy-server 21" 0.0025 "-" 20 0
Dec 5 22:05:12 standalone proxy-server[124988]: - - 05/Dec/2025/22/05/12 HEAD /v1/AUTH_691e22e5287d458fb957eb85d88a6c04/gnocchi.4eb25023-c75b-42fe-8d73-c31306bd18e8%3Fformat%3Djson%26states%3Dlisting HTTP/1.0 204 - Swift - - - - tx7bc2e94be0e849e0957b1-0069335718 - 0.0073 RL - 1764972312.056026697 1764972312.063350677 0
Dec 5 22:05:12 standalone container-server[122824]: 172.20.0.100 - - [05/Dec/2025:22:05:12 +0000] "GET /d1/876/AUTH_691e22e5287d458fb957eb85d88a6c04/gnocchi.4eb25023-c75b-42fe-8d73-c31306bd18e8" 200 2 "GET http://localhost:8080/v1/AUTH_691e22e5287d458fb957eb85d88a6c04/gnocchi.4eb25023-c75b-42fe-8d73-c31306bd18e8?format=json&states=listing" "tx7bc2e94be0e849e0957b1-0069335718" "proxy-server 21" 0.0033 "-" 22 0
Dec 5 22:05:12 standalone proxy-server[124988]: 172.18.0.2 ::1 05/Dec/2025/22/05/12 GET /v1/AUTH_691e22e5287d458fb957eb85d88a6c04/gnocchi.4eb25023-c75b-42fe-8d73-c31306bd18e8%3Fformat%3Djson%26states%3Dlisting HTTP/1.0 200 - python-swiftclient-3.11.1 gAAAAABpM1ZwvNeA... - 2 - tx7bc2e94be0e849e0957b1-0069335718 - 0.0202 - - 1764972312.054646254 1764972312.074846268 0
Dec 5 22:05:12 standalone object-server[123026]: 172.20.0.100 - - [05/Dec/2025:22:05:12 +0000] "GET /d1/628/AUTH_691e22e5287d458fb957eb85d88a6c04/gnocchi.4eb25023-c75b-42fe-8d73-c31306bd18e8/1764720000.0_mean_300.0_v3" 404 70 "GET http://localhost:8080/v1/AUTH_691e22e5287d458fb957eb85d88a6c04/gnocchi.4eb25023-c75b-42fe-8d73-c31306bd18e8/1764720000.0_mean_300.0_v3" "txab37aa4a1a86460c9ab64-0069335718" "proxy-server 21" 0.0003 "-" 25 0
Dec 5 22:05:12 standalone proxy-server[124988]: 172.18.0.2 ::1 05/Dec/2025/22/05/12 GET /v1/AUTH_691e22e5287d458fb957eb85d88a6c04/gnocchi.4eb25023-c75b-42fe-8d73-c31306bd18e8/1764720000.0_mean_300.0_v3 HTTP/1.0 404 - python-swiftclient-3.11.1 gAAAAABpM1ZwvNeA... - 70 - txab37aa4a1a86460c9ab64-0069335718 - 0.0060 - - 1764972312.080013990 1764972312.085977316 0
Dec 5 22:05:12 standalone container-server[122824]: 172.20.0.100 - - [05/Dec/2025:22:05:12 +0000] "PUT /d1/876/AUTH_691e22e5287d458fb957eb85d88a6c04/gnocchi.4eb25023-c75b-42fe-8d73-c31306bd18e8/1764720000.0_mean_300.0_v3" 201 - "PUT http://localhost:8080/d1/628/AUTH_691e22e5287d458fb957eb85d88a6c04/gnocchi.4eb25023-c75b-42fe-8d73-c31306bd18e8/1764720000.0_mean_300.0_v3" "tx45028d764cd74b8a926de-0069335718" "object-server 25" 0.0007 "-" 22 0
Dec 5 22:05:12 standalone object-server[123026]: 172.20.0.100 - - [05/Dec/2025:22:05:12 +0000] "PUT /d1/628/AUTH_691e22e5287d458fb957eb85d88a6c04/gnocchi.4eb25023-c75b-42fe-8d73-c31306bd18e8/1764720000.0_mean_300.0_v3" 201 - "PUT http://localhost:8080/v1/AUTH_691e22e5287d458fb957eb85d88a6c04/gnocchi.4eb25023-c75b-42fe-8d73-c31306bd18e8/1764720000.0_mean_300.0_v3" "tx45028d764cd74b8a926de-0069335718" "proxy-server 21" 0.0106 "-" 25 0
Dec 5 22:05:12 standalone proxy-server[124988]: 172.18.0.2 ::1 05/Dec/2025/22/05/12 PUT /v1/AUTH_691e22e5287d458fb957eb85d88a6c04/gnocchi.4eb25023-c75b-42fe-8d73-c31306bd18e8/1764720000.0_mean_300.0_v3 HTTP/1.0 201 - python-swiftclient-3.11.1 gAAAAABpM1ZwvNeA... 16 - - tx45028d764cd74b8a926de-0069335718 - 0.0168 - - 1764972312.090337515 1764972312.107123613 0
Dec 5 22:05:12 standalone container-server[122791]: 172.20.0.100 - - [05/Dec/2025:22:05:12 +0000] "PUT /d1/876/AUTH_691e22e5287d458fb957eb85d88a6c04/gnocchi.4eb25023-c75b-42fe-8d73-c31306bd18e8/none_v3" 201 - "PUT http://localhost:8080/d1/966/AUTH_691e22e5287d458fb957eb85d88a6c04/gnocchi.4eb25023-c75b-42fe-8d73-c31306bd18e8/none_v3" "tx1b5695693291414f8c74c-0069335718" "object-server 25" 0.0008 "-" 17 0
Dec 5 22:05:12 standalone object-server[123026]: 172.20.0.100 - - [05/Dec/2025:22:05:12 +0000] "PUT /d1/966/AUTH_691e22e5287d458fb957eb85d88a6c04/gnocchi.4eb25023-c75b-42fe-8d73-c31306bd18e8/none_v3" 201 - "PUT http://localhost:8080/v1/AUTH_691e22e5287d458fb957eb85d88a6c04/gnocchi.4eb25023-c75b-42fe-8d73-c31306bd18e8/none_v3" "tx1b5695693291414f8c74c-0069335718" "proxy-server 21" 0.0092 "-" 25 0
Dec 5 22:05:12 standalone proxy-server[124988]: 172.18.0.2 ::1 05/Dec/2025/22/05/12 PUT /v1/AUTH_691e22e5287d458fb957eb85d88a6c04/gnocchi.4eb25023-c75b-42fe-8d73-c31306bd18e8/none_v3 HTTP/1.0 201 - python-swiftclient-3.11.1 gAAAAABpM1ZwvNeA... 22 - - tx1b5695693291414f8c74c-0069335718 - 0.0159 - - 1764972312.111226082 1764972312.127096176 0
Dec 5 22:05:49 standalone account-server[122894]: 172.20.0.100 - - [05/Dec/2025:22:05:49 +0000] "HEAD /d1/117/.expiring_objects" 404 - "HEAD http://localhost/v1/.expiring_objects?format=json" "tx2f9e8c1bc9ab48dab3e25-006933573d" "proxy-server 2" 0.0010 "-" 22 -
Dec 5 22:05:49 standalone object-expirer[122781]: Pass completed in 0s; 0 objects expired (txn: tx2f9e8c1bc9ab48dab3e25-006933573d)
Dec 5 22:07:33 standalone container-server[122645]: Begin container update sweep
Dec 5 22:07:33 standalone account-server[122887]: 172.20.0.100 - - [05/Dec/2025:22:07:33 +0000] "PUT /d1/350/AUTH_691e22e5287d458fb957eb85d88a6c04/gnocchi.a0982122-4d1d-40e4-9c94-c13ffa994bd8" 201 - "-" "-" "container-updater 2" 0.0012 "-" 21 0
Dec 5 22:07:33 standalone account-server[122885]: 172.20.0.100 - - [05/Dec/2025:22:07:33 +0000] "PUT /d1/350/AUTH_691e22e5287d458fb957eb85d88a6c04/gnocchi.b280ee9b-894c-48ad-85f1-f2c51b260454" 201 - "-" "-" "container-updater 2" 0.0009 "-" 20 0
Dec 5 22:07:33 standalone account-server[122898]: 172.20.0.100 - - [05/Dec/2025:22:07:33 +0000] "PUT /d1/350/AUTH_691e22e5287d458fb957eb85d88a6c04/gnocchi.53268bff-fc24-40f7-8f81-c027cb3917e2" 201 - "-" "-" "container-updater 2" 0.0007 "-" 23 0
Dec 5 22:07:33 standalone account-server[122898]: 172.20.0.100 - - [05/Dec/2025:22:07:33 +0000] "PUT /d1/350/AUTH_691e22e5287d458fb957eb85d88a6c04/gnocchi.432da6dd-2802-483c-b166-5888a2e8a303" 201 - "-" "-" "container-updater 2" 0.0005 "-" 23 0
Dec 5 22:07:33 standalone account-server[122898]: 172.20.0.100 - - [05/Dec/2025:22:07:33 +0000] "PUT /d1/350/AUTH_691e22e5287d458fb957eb85d88a6c04/gnocchi.66dd89d0-68c6-4dfe-8d43-a3d8efb96e3c" 201 - "-" "-" "container-updater 2" 0.0007 "-" 23 0
Dec 5 22:07:33 standalone account-server[122894]: 172.20.0.100 - - [05/Dec/2025:22:07:33 +0000] "PUT /d1/350/AUTH_691e22e5287d458fb957eb85d88a6c04/gnocchi.7e7c82ed-9c1b-415b-9650-7feae2a4059e" 201 - "-" "-" "container-updater 2" 0.0028 "-" 22 0
Dec 5 22:07:33 standalone account-server[122898]: 172.20.0.100 - - [05/Dec/2025:22:07:33 +0000] "PUT /d1/350/AUTH_691e22e5287d458fb957eb85d88a6c04/gnocchi.5214e454-8f4a-40c6-ba79-d186460ac2ea" 201 - "-" "-" "container-updater 2" 0.0008 "-" 23 0
Dec 5 22:07:34 standalone account-server[122894]: 172.20.0.100 - - [05/Dec/2025:22:07:34 +0000] "PUT /d1/350/AUTH_691e22e5287d458fb957eb85d88a6c04/gnocchi.4cac2e05-3c00-4ab7-82f0-c4f8b5c85cca" 201 - "-" "-" "container-updater 2" 0.0009 "-" 22 0
Dec 5 22:07:34 standalone account-server[122887]: 172.20.0.100 - - [05/Dec/2025:22:07:34 +0000] "PUT /d1/350/AUTH_691e22e5287d458fb957eb85d88a6c04/gnocchi.7e2e5177-fed1-4694-8916-e02076cd9c98" 201 - "-" "-" "container-updater 2" 0.0008 "-" 21 0
Dec 5 22:07:34 standalone account-server[122898]: 172.20.0.100 - - [05/Dec/2025:22:07:34 +0000] "PUT /d1/350/AUTH_691e22e5287d458fb957eb85d88a6c04/gnocchi.854f2d9f-1758-45b8-a6e1-0f00861bef8d" 201 - "-" "-" "container-updater 2" 0.0007 "-" 23 0
Dec 5 22:07:34 standalone account-server[122887]: 172.20.0.100 - - [05/Dec/2025:22:07:34 +0000] "PUT /d1/350/AUTH_691e22e5287d458fb957eb85d88a6c04/gnocchi.1ef52262-9291-46f0-8ea0-b25039af75e7" 201 - "-" "-" "container-updater 2" 0.0007 "-" 21 0
Dec 5 22:07:34 standalone account-server[122894]: 172.20.0.100 - - [05/Dec/2025:22:07:34 +0000] "PUT /d1/350/AUTH_691e22e5287d458fb957eb85d88a6c04/gnocchi.4eb25023-c75b-42fe-8d73-c31306bd18e8" 201 - "-" "-" "container-updater 2" 0.0006 "-" 22 0
Dec 5 22:07:34 standalone account-server[122885]: 172.20.0.100 - - [05/Dec/2025:22:07:34 +0000] "PUT /d1/350/AUTH_691e22e5287d458fb957eb85d88a6c04/gnocchi.f6d6eb3a-e58b-465c-9edc-2b59f190024d" 201 - "-" "-" "container-updater 2" 0.0009 "-" 20 0
Dec 5 22:07:34 standalone account-server[122898]: 172.20.0.100 - - [05/Dec/2025:22:07:34 +0000] "PUT /d1/350/AUTH_691e22e5287d458fb957eb85d88a6c04/gnocchi.ff2dbc73-bd7a-4149-ac41-e5d9784eb765" 201 - "-" "-" "container-updater 2" 0.0010 "-" 23 0
Dec 5 22:07:34 standalone account-server[122885]: 172.20.0.100 - - [05/Dec/2025:22:07:34 +0000] "PUT /d1/350/AUTH_691e22e5287d458fb957eb85d88a6c04/gnocchi.fd4be671-4c09-4871-92cb-f10717141c7a" 201 - "-" "-" "container-updater 2" 0.0009 "-" 20 0
Dec 5 22:07:34 standalone account-server[122898]: 172.20.0.100 - - [05/Dec/2025:22:07:34 +0000] "PUT /d1/350/AUTH_691e22e5287d458fb957eb85d88a6c04/gnocchi.73edf623-cb21-4b9f-9962-02e357ab8c90" 201 - "-" "-" "container-updater 2" 0.0008 "-" 23 0
Dec 5 22:07:35 standalone account-server[122885]: 172.20.0.100 - - [05/Dec/2025:22:07:35 +0000] "PUT /d1/350/AUTH_691e22e5287d458fb957eb85d88a6c04/gnocchi.45c4b239-148e-440b-8852-51ff18276d7d" 201 - "-" "-" "container-updater 2" 0.0009 "-" 20 0
Dec 5 22:07:35 standalone account-server[122898]: 172.20.0.100 - - [05/Dec/2025:22:07:35 +0000] "PUT /d1/350/AUTH_691e22e5287d458fb957eb85d88a6c04/gnocchi.10dcb180-426a-487e-9feb-2090af3ea2be" 201 - "-" "-" "container-updater 2" 0.0007 "-" 23 0
Dec 5 22:07:35 standalone account-server[122894]: 172.20.0.100 - - [05/Dec/2025:22:07:35 +0000] "PUT /d1/350/AUTH_691e22e5287d458fb957eb85d88a6c04/gnocchi.91d57963-5b5b-488e-a794-46847059f926" 201 - "-" "-" "container-updater 2" 0.0010 "-" 22 0
Dec 5 22:07:35 standalone account-server[122898]: 172.20.0.100 - - [05/Dec/2025:22:07:35 +0000] "PUT /d1/350/AUTH_691e22e5287d458fb957eb85d88a6c04/gnocchi.71bf64f5-215f-49c9-a86c-dec1ba358b4a" 201 - "-" "-" "container-updater 2" 0.0007 "-" 23 0
Dec 5 22:07:35 standalone account-server[122885]: 172.20.0.100 - - [05/Dec/2025:22:07:35 +0000] "PUT /d1/350/AUTH_691e22e5287d458fb957eb85d88a6c04/gnocchi.a7ee816d-a18c-4960-9dd2-917ff80d3d73" 201 - "-" "-" "container-updater 2" 0.0010 "-" 20 0
Dec 5 22:07:35 standalone account-server[122885]: 172.20.0.100 - - [05/Dec/2025:22:07:35 +0000] "PUT /d1/350/AUTH_691e22e5287d458fb957eb85d88a6c04/gnocchi.61904576-ca54-4485-86ce-65bdc297d35e" 201 - "-" "-" "container-updater 2" 0.0006 "-" 20 0
Dec 5 22:07:35 standalone container-server[122645]: Container update sweep completed: 2.38s
Dec 5 22:08:42 standalone object-server[122921]: Begin object update sweep
Dec 5 22:08:42 standalone object-server[249939]: Object update sweep starting on /srv/node/d1 (pid: 15)
Dec 5 22:08:42 standalone object-server[249939]: Object update sweep completed on /srv/node/d1 in 0.00s seconds:, 0 successes, 0 failures, 0 quarantines, 0 unlinks, 0 errors, 0 redirects (pid: 15)
Dec 5 22:08:42 standalone object-server[249939]: Object update sweep of d1 completed: 0.00s, 0 successes, 0 failures, 0 quarantines, 0 unlinks, 0 errors, 0 redirects
Dec 5 22:08:42 standalone object-server[122921]: Object update sweep completed: 0.13s
Dec 5 22:10:02 standalone account-server[122885]: 172.20.0.100 - - [05/Dec/2025:22:10:02 +0000] "HEAD /d1/117/.expiring_objects" 404 - "HEAD http://localhost/v1/.expiring_objects?format=json" "tx01f7bdb5bde940739b8cf-006933583a" "proxy-server 2" 0.0009 "-" 20 -
Dec 5 22:10:02 standalone object-expirer[122781]: Pass completed in 0s; 0 objects expired (txn: tx01f7bdb5bde940739b8cf-006933583a)
Dec 5 22:12:33 standalone container-server[122645]: Begin container update sweep
Dec 5 22:12:35 standalone container-server[122645]: Container update sweep completed: 1.82s
Dec 5 22:13:10 standalone account-server[122898]: 172.20.0.100 - - [05/Dec/2025:22:13:10 +0000] "HEAD /d1/117/.expiring_objects" 404 - "HEAD http://localhost/v1/.expiring_objects?format=json" "tx6023e02449b1404ab798e-00693358f6" "proxy-server 2" 0.0009 "-" 23 -
Dec 5 22:13:10 standalone object-expirer[122781]: Pass completed in 0s; 0 objects expired (txn: tx6023e02449b1404ab798e-00693358f6)
Dec 5 22:13:42 standalone object-server[122921]: Begin object update sweep
Dec 5 22:13:42 standalone object-server[273709]: Object update sweep starting on /srv/node/d1 (pid: 16)
Dec 5 22:13:42 standalone object-server[273709]: Object update sweep completed on /srv/node/d1 in 0.00s seconds:, 0 successes, 0 failures, 0 quarantines, 0 unlinks, 0 errors, 0 redirects (pid: 16)
Dec 5 22:13:42 standalone object-server[273709]: Object update sweep of d1 completed: 0.00s, 0 successes, 0 failures, 0 quarantines, 0 unlinks, 0 errors, 0 redirects
Dec 5 22:13:42 standalone object-server[122921]: Object update sweep completed: 0.07s
Dec 5 22:15:36 standalone account-server[122885]: 172.20.0.100 - - [05/Dec/2025:22:15:36 +0000] "HEAD /d1/117/.expiring_objects" 404 - "HEAD http://localhost/v1/.expiring_objects?format=json" "txb9012bf63cca481b8fb79-0069335988" "proxy-server 2" 0.0011 "-" 20 -
Dec 5 22:15:36 standalone object-expirer[122781]: Pass completed in 0s; 0 objects expired (txn: txb9012bf63cca481b8fb79-0069335988)
Dec 5 22:16:11 standalone account-server[122885]: 172.20.0.31 - - [05/Dec/2025:22:16:11 +0000] "HEAD /d1/917/AUTH_acb1fee2030d4d68b9e92d8c3aed391f" 404 - "HEAD http://swift-public-openstack.apps-crc.testing/v1/AUTH_acb1fee2030d4d68b9e92d8c3aed391f?format=json" "tx70005673fe174f2ba3096-00693359ab" "proxy-server 13" 0.0008 "-" 20 -
Dec 5 22:16:12 standalone account-server[122885]: 172.20.0.31 - - [05/Dec/2025:22:16:12 +0000] "GET /d1/917/AUTH_acb1fee2030d4d68b9e92d8c3aed391f" 404 - "GET http://swift-public-openstack.apps-crc.testing/v1/AUTH_acb1fee2030d4d68b9e92d8c3aed391f?format=json" "tx70005673fe174f2ba3096-00693359ab" "proxy-server 13" 0.0005 "-" 20 -
Dec 5 22:16:54 standalone account-server[122898]: 172.20.0.100 - - [05/Dec/2025:22:16:54 +0000] "HEAD /d1/117/.expiring_objects" 404 - "HEAD http://localhost/v1/.expiring_objects?format=json" "tx7eb723f5c47b4e4e81080-00693359d6" "proxy-server 2" 0.0006 "-" 23 -
Dec 5 22:16:54 standalone object-expirer[122781]: Pass completed in 0s; 0 objects expired (txn: tx7eb723f5c47b4e4e81080-00693359d6)
Dec 5 22:17:33 standalone container-server[122645]: Begin container update sweep
Dec 5 22:17:34 standalone container-server[122645]: Container update sweep completed: 1.48s
Dec 5 22:17:47 standalone account-server[122885]: 172.20.0.100 - - [05/Dec/2025:22:17:47 +0000] "HEAD /d1/117/.expiring_objects" 404 - "HEAD http://localhost/v1/.expiring_objects?format=json" "tx1e0a40937793446a8c108-0069335a0b" "proxy-server 2" 0.0008 "-" 20 -
Dec 5 22:17:47 standalone object-expirer[122781]: Pass completed in 0s; 0 objects expired (txn: tx1e0a40937793446a8c108-0069335a0b)
Dec 5 22:18:42 standalone object-server[122921]: Begin object update sweep
Dec 5 22:18:42 standalone object-server[294309]: Object update sweep starting on /srv/node/d1 (pid: 17)
Dec 5 22:18:42 standalone object-server[294309]: Object update sweep completed on /srv/node/d1 in 0.00s seconds:, 0 successes, 0 failures, 0 quarantines, 0 unlinks, 0 errors, 0 redirects (pid: 17)
Dec 5 22:18:42 standalone object-server[294309]: Object update sweep of d1 completed: 0.00s, 0 successes, 0 failures, 0 quarantines, 0 unlinks, 0 errors, 0 redirects
Dec 5 22:18:42 standalone object-server[122921]: Object update sweep completed: 0.09s
Dec 5 22:22:32 standalone account-server[122894]: 172.20.0.31 - - [05/Dec/2025:22:22:32 +0000] "HEAD /d1/350/AUTH_691e22e5287d458fb957eb85d88a6c04" 204 - "HEAD http://swift-internal.openstack.svc:8080/v1/AUTH_691e22e5287d458fb957eb85d88a6c04?format=json" "tx341a72d9dad44d20a899c-0069335b28" "proxy-server 12" 0.0153 "-" 22 -
Dec 5 22:22:32 standalone container-server[122818]: 172.20.0.31 - - [05/Dec/2025:22:22:32 +0000] "HEAD /d1/1018/AUTH_691e22e5287d458fb957eb85d88a6c04/glance" 204 - "HEAD http://swift-internal.openstack.svc:8080/v1/AUTH_691e22e5287d458fb957eb85d88a6c04/glance?format=json&states=listing" "tx341a72d9dad44d20a899c-0069335b28" "proxy-server 12" 0.0029 "-" 21 0
Dec 5 22:22:33 standalone container-server[122645]: Begin container update sweep
Dec 5 22:22:34 standalone container-server[122824]: 172.20.0.100 - - [05/Dec/2025:22:22:34 +0000] "PUT /d1/1018/AUTH_691e22e5287d458fb957eb85d88a6c04/glance/7417610e-26a2-4bd3-982b-e840bba78a5d-00001" 201 - "PUT http://swift-internal.openstack.svc:8080/d1/1002/AUTH_691e22e5287d458fb957eb85d88a6c04/glance/7417610e-26a2-4bd3-982b-e840bba78a5d-00001" "tx6df39aa79a294662b34cf-0069335b28" "object-server 23" 0.0010 "-" 22 0
Dec 5 22:22:34 standalone object-server[123024]: 172.20.0.31 - - [05/Dec/2025:22:22:34 +0000] "PUT /d1/1002/AUTH_691e22e5287d458fb957eb85d88a6c04/glance/7417610e-26a2-4bd3-982b-e840bba78a5d-00001" 201 - "PUT http://swift-internal.openstack.svc:8080/v1/AUTH_691e22e5287d458fb957eb85d88a6c04/glance/7417610e-26a2-4bd3-982b-e840bba78a5d-00001" "tx6df39aa79a294662b34cf-0069335b28" "proxy-server 12" 2.4056 "-" 23 0
Dec 5 22:22:35 standalone container-server[122645]: Container update sweep completed: 1.67s
Dec 5 22:22:36 standalone account-server[122885]: 172.20.0.100 - - [05/Dec/2025:22:22:36 +0000] "HEAD /d1/117/.expiring_objects" 404 - "HEAD http://localhost/v1/.expiring_objects?format=json" "txe0aa84371eee44ae90695-0069335b2c" "proxy-server 2" 0.0005 "-" 20 -
Dec 5 22:22:36 standalone object-expirer[122781]: Pass completed in 0s; 0 objects expired (txn: txe0aa84371eee44ae90695-0069335b2c)
Dec 5 22:22:37 standalone container-server[122824]: 172.20.0.100 - - [05/Dec/2025:22:22:37 +0000] "PUT /d1/1018/AUTH_691e22e5287d458fb957eb85d88a6c04/glance/7417610e-26a2-4bd3-982b-e840bba78a5d-00002" 201 - "PUT http://swift-internal.openstack.svc:8080/d1/790/AUTH_691e22e5287d458fb957eb85d88a6c04/glance/7417610e-26a2-4bd3-982b-e840bba78a5d-00002" "tx5cce8898d6e0409da5d49-0069335b2a" "object-server 22" 0.0007 "-" 22 0
Dec 5 22:22:37 standalone object-server[123023]: 172.20.0.31 - - [05/Dec/2025:22:22:37 +0000] "PUT /d1/790/AUTH_691e22e5287d458fb957eb85d88a6c04/glance/7417610e-26a2-4bd3-982b-e840bba78a5d-00002" 201 - "PUT http://swift-internal.openstack.svc:8080/v1/AUTH_691e22e5287d458fb957eb85d88a6c04/glance/7417610e-26a2-4bd3-982b-e840bba78a5d-00002" "tx5cce8898d6e0409da5d49-0069335b2a" "proxy-server 12" 2.5649 "-" 22 0
Dec 5 22:22:39 standalone container-server[122791]: 172.20.0.100 - - [05/Dec/2025:22:22:39 +0000] "PUT /d1/1018/AUTH_691e22e5287d458fb957eb85d88a6c04/glance/7417610e-26a2-4bd3-982b-e840bba78a5d-00003" 201 - "PUT http://swift-internal.openstack.svc:8080/d1/23/AUTH_691e22e5287d458fb957eb85d88a6c04/glance/7417610e-26a2-4bd3-982b-e840bba78a5d-00003" "tx1ae9726f8a3946398b8a4-0069335b2d" "object-server 25" 0.0012 "-" 17 0
Dec 5 22:22:39 standalone object-server[123026]: 172.20.0.31 - - [05/Dec/2025:22:22:39 +0000] "PUT /d1/23/AUTH_691e22e5287d458fb957eb85d88a6c04/glance/7417610e-26a2-4bd3-982b-e840bba78a5d-00003" 201 - "PUT http://swift-internal.openstack.svc:8080/v1/AUTH_691e22e5287d458fb957eb85d88a6c04/glance/7417610e-26a2-4bd3-982b-e840bba78a5d-00003" "tx1ae9726f8a3946398b8a4-0069335b2d" "proxy-server 12" 1.5384 "-" 25 0
Dec 5 22:22:39 standalone container-server[122824]: 172.20.0.100 - - [05/Dec/2025:22:22:39 +0000] "PUT /d1/1018/AUTH_691e22e5287d458fb957eb85d88a6c04/glance/7417610e-26a2-4bd3-982b-e840bba78a5d" 201 - "PUT http://swift-internal.openstack.svc:8080/d1/54/AUTH_691e22e5287d458fb957eb85d88a6c04/glance/7417610e-26a2-4bd3-982b-e840bba78a5d" "tx8556a9ee029647aba2387-0069335b2f" "object-server 22" 0.0007 "-" 22 0
Dec 5 22:22:39 standalone object-server[123023]: 172.20.0.31 - - [05/Dec/2025:22:22:39 +0000] "PUT /d1/54/AUTH_691e22e5287d458fb957eb85d88a6c04/glance/7417610e-26a2-4bd3-982b-e840bba78a5d" 201 - "PUT http://swift-internal.openstack.svc:8080/v1/AUTH_691e22e5287d458fb957eb85d88a6c04/glance/7417610e-26a2-4bd3-982b-e840bba78a5d" "tx8556a9ee029647aba2387-0069335b2f" "proxy-server 12" 0.0124 "-" 22 0
Dec 5 22:23:35 standalone account-server[122894]: 172.20.0.100 - - [05/Dec/2025:22:23:35 +0000] "HEAD /d1/117/.expiring_objects" 404 - "HEAD http://localhost/v1/.expiring_objects?format=json" "tx363f5c3885f548738fc36-0069335b67" "proxy-server 2" 0.0008 "-" 22 -
Dec 5 22:23:35 standalone object-expirer[122781]: Pass completed in 0s; 0 objects expired (txn: tx363f5c3885f548738fc36-0069335b67)
Dec 5 22:23:42 standalone object-server[122921]: Begin object update sweep
Dec 5 22:23:42 standalone object-server[314996]: Object update sweep starting on /srv/node/d1 (pid: 18)
Dec 5 22:23:42 standalone object-server[314996]: Object update sweep completed on /srv/node/d1 in 0.00s seconds:, 0 successes, 0 failures, 0 quarantines, 0 unlinks, 0 errors, 0 redirects (pid: 18)
Dec 5 22:23:42 standalone object-server[314996]: Object update sweep of d1 completed: 0.00s, 0 successes, 0 failures, 0 quarantines, 0 unlinks, 0 errors, 0 redirects
Dec 5 22:23:42 standalone object-server[122921]: Object update sweep completed: 0.09s
Dec 5 22:27:23 standalone account-server[122885]: 172.20.0.100 - - [05/Dec/2025:22:27:23 +0000] "HEAD /d1/117/.expiring_objects" 404 - "HEAD http://localhost/v1/.expiring_objects?format=json" "tx675d7475a5c746c7b364d-0069335c4b" "proxy-server 2" 0.0011 "-" 20 -
Dec 5 22:27:23 standalone object-expirer[122781]: Pass completed in 0s; 0 objects expired (txn: tx675d7475a5c746c7b364d-0069335c4b)
Dec 5 22:27:33 standalone container-server[122645]: Begin container update sweep
Dec 5 22:27:33 standalone account-server[122887]: 172.20.0.100 - - [05/Dec/2025:22:27:33 +0000] "PUT /d1/350/AUTH_691e22e5287d458fb957eb85d88a6c04/glance" 201 - "-" "-" "container-updater 2" 0.0013 "-" 21 0
Dec 5 22:27:35 standalone container-server[122645]: Container update sweep completed: 2.03s
Dec 5 22:28:19 standalone account-server[122898]: 172.20.0.31 - - [05/Dec/2025:22:28:19 +0000] "HEAD /d1/917/AUTH_acb1fee2030d4d68b9e92d8c3aed391f" 404 - "HEAD http://swift-internal.openstack.svc:8080/v1/AUTH_acb1fee2030d4d68b9e92d8c3aed391f?format=json" "txdc6e16f60e014393aba36-0069335c83" "proxy-server 5" 0.0010 "-" 23 -
Dec 5 22:28:20 standalone account-server[122894]: 172.20.0.31 - - [05/Dec/2025:22:28:20 +0000] "HEAD /d1/917/AUTH_acb1fee2030d4d68b9e92d8c3aed391f" 404 - "HEAD http://swift-internal.openstack.svc:8080/v1/AUTH_acb1fee2030d4d68b9e92d8c3aed391f?format=json" "txdc6e16f60e014393aba36-0069335c83" "proxy-server 5" 0.0005 "-" 22 -
Dec 5 22:28:20 standalone account-server[122885]: 172.20.0.31 - - [05/Dec/2025:22:28:20 +0000] "HEAD /d1/350/AUTH_691e22e5287d458fb957eb85d88a6c04" 204 - "HEAD http://swift-internal.openstack.svc:8080/v1/AUTH_691e22e5287d458fb957eb85d88a6c04?format=json" "txe18f417356914315b584b-0069335c84" "proxy-server 8" 0.0092 "-" 20 -
Dec 5 22:28:21 standalone account-server[122887]: 172.20.0.31 - - [05/Dec/2025:22:28:21 +0000] "HEAD /d1/350/AUTH_691e22e5287d458fb957eb85d88a6c04" 204 - "HEAD http://swift-internal.openstack.svc:8080/v1/AUTH_691e22e5287d458fb957eb85d88a6c04?format=json" "txe18f417356914315b584b-0069335c84" "proxy-server 8" 0.0043 "-" 21 -
Dec 5 22:28:21 standalone account-server[122898]: 172.20.0.31 - - [05/Dec/2025:22:28:21 +0000] "GET /d1/917/AUTH_acb1fee2030d4d68b9e92d8c3aed391f" 404 - "GET http://swift-internal.openstack.svc:8080/v1/AUTH_acb1fee2030d4d68b9e92d8c3aed391f?format=json" "tx26ccf6f5ee6b482f836c3-0069335c85" "proxy-server 8" 0.0005 "-" 23 -
