Oct 2 14:57:09 standalone account-server[124794]: 172.20.0.100 - - [02/Oct/2025:14:57:09 +0000] "PUT /d1/486/AUTH_5d9b7941c0d740cf9eadba3e36ca3edd/gnocchi.8169b192-ace5-46ad-95fb-1510c27ee937" 201 - "PUT http://172.20.0.100:6001/d1/1007/AUTH_5d9b7941c0d740cf9eadba3e36ca3edd/gnocchi.8169b192-ace5-46ad-95fb-1510c27ee937" "tx5b83ebb4951b45c2bab54-0068de92c5" "container-server 20" 0.0052 "-" 23 0
Oct 2 14:57:09 standalone container-server[124833]: 172.20.0.100 - - [02/Oct/2025:14:57:09 +0000] "PUT /d1/1007/AUTH_5d9b7941c0d740cf9eadba3e36ca3edd/gnocchi.8169b192-ace5-46ad-95fb-1510c27ee937" 201 - "PUT http://localhost:8080/v1/AUTH_5d9b7941c0d740cf9eadba3e36ca3edd/gnocchi.8169b192-ace5-46ad-95fb-1510c27ee937" "tx5b83ebb4951b45c2bab54-0068de92c5" "proxy-server 21" 0.0172 "-" 20 0
Oct 2 14:57:09 standalone proxy-server[126935]: 172.18.0.2 ::1 02/Oct/2025/14/57/09 PUT /v1/AUTH_5d9b7941c0d740cf9eadba3e36ca3edd/gnocchi.8169b192-ace5-46ad-95fb-1510c27ee937 HTTP/1.0 201 - python-swiftclient-3.11.1 gAAAAABo3pIFMj76... - - - tx5b83ebb4951b45c2bab54-0068de92c5 - 0.0235 - - 1759417029.719055414 1759417029.742516994 0
Oct 2 14:57:09 standalone container-server[124833]: 172.20.0.100 - - [02/Oct/2025:14:57:09 +0000] "HEAD /d1/1007/AUTH_5d9b7941c0d740cf9eadba3e36ca3edd/gnocchi.8169b192-ace5-46ad-95fb-1510c27ee937" 204 - "HEAD http://localhost:8080/v1/AUTH_5d9b7941c0d740cf9eadba3e36ca3edd/gnocchi.8169b192-ace5-46ad-95fb-1510c27ee937?format=json&states=listing" "tx7b765e8d9fd94ddd8c6a8-0068de92c5" "proxy-server 21" 0.0014 "-" 20 0
Oct 2 14:57:09 standalone proxy-server[126935]: - - 02/Oct/2025/14/57/09 HEAD /v1/AUTH_5d9b7941c0d740cf9eadba3e36ca3edd/gnocchi.8169b192-ace5-46ad-95fb-1510c27ee937%3Fformat%3Djson%26states%3Dlisting HTTP/1.0 204 - Swift - - - - tx7b765e8d9fd94ddd8c6a8-0068de92c5 - 0.0047 RL - 1759417029.749899626 1759417029.754591703 0
Oct 2 14:57:09 standalone container-server[124854]: 172.20.0.100 - - [02/Oct/2025:14:57:09 +0000] "GET /d1/1007/AUTH_5d9b7941c0d740cf9eadba3e36ca3edd/gnocchi.8169b192-ace5-46ad-95fb-1510c27ee937" 200 2 "GET http://localhost:8080/v1/AUTH_5d9b7941c0d740cf9eadba3e36ca3edd/gnocchi.8169b192-ace5-46ad-95fb-1510c27ee937?format=json&states=listing" "tx7b765e8d9fd94ddd8c6a8-0068de92c5" "proxy-server 21" 0.0038 "-" 22 0
Oct 2 14:57:09 standalone proxy-server[126935]: 172.18.0.2 ::1 02/Oct/2025/14/57/09 GET /v1/AUTH_5d9b7941c0d740cf9eadba3e36ca3edd/gnocchi.8169b192-ace5-46ad-95fb-1510c27ee937%3Fformat%3Djson%26states%3Dlisting HTTP/1.0 200 - python-swiftclient-3.11.1 gAAAAABo3pIFMj76... - 2 - tx7b765e8d9fd94ddd8c6a8-0068de92c5 - 0.0179 - - 1759417029.748751640 1759417029.766602516 0
Oct 2 14:57:09 standalone object-server[125135]: 172.20.0.100 - - [02/Oct/2025:14:57:09 +0000] "GET /d1/353/AUTH_5d9b7941c0d740cf9eadba3e36ca3edd/gnocchi.8169b192-ace5-46ad-95fb-1510c27ee937/1759320000.0_mean_300.0_v3" 404 70 "GET http://localhost:8080/v1/AUTH_5d9b7941c0d740cf9eadba3e36ca3edd/gnocchi.8169b192-ace5-46ad-95fb-1510c27ee937/1759320000.0_mean_300.0_v3" "tx236aa9065de14f89840b5-0068de92c5" "proxy-server 21" 0.0004 "-" 21 0
Oct 2 14:57:09 standalone proxy-server[126935]: 172.18.0.2 ::1 02/Oct/2025/14/57/09 GET /v1/AUTH_5d9b7941c0d740cf9eadba3e36ca3edd/gnocchi.8169b192-ace5-46ad-95fb-1510c27ee937/1759320000.0_mean_300.0_v3 HTTP/1.0 404 - python-swiftclient-3.11.1 gAAAAABo3pIFMj76... - 70 - tx236aa9065de14f89840b5-0068de92c5 - 0.0052 - - 1759417029.772427082 1759417029.777585983 0
Oct 2 14:57:09 standalone container-server[124846]: 172.20.0.100 - - [02/Oct/2025:14:57:09 +0000] "PUT /d1/1007/AUTH_5d9b7941c0d740cf9eadba3e36ca3edd/gnocchi.8169b192-ace5-46ad-95fb-1510c27ee937/1759320000.0_mean_300.0_v3" 201 - "PUT http://localhost:8080/d1/353/AUTH_5d9b7941c0d740cf9eadba3e36ca3edd/gnocchi.8169b192-ace5-46ad-95fb-1510c27ee937/1759320000.0_mean_300.0_v3" "tx9ff3d870eddd414794bcc-0068de92c5" "object-server 21" 0.0009 "-" 21 0
Oct 2 14:57:09 standalone object-server[125135]: 172.20.0.100 - - [02/Oct/2025:14:57:09 +0000] "PUT /d1/353/AUTH_5d9b7941c0d740cf9eadba3e36ca3edd/gnocchi.8169b192-ace5-46ad-95fb-1510c27ee937/1759320000.0_mean_300.0_v3" 201 - "PUT http://localhost:8080/v1/AUTH_5d9b7941c0d740cf9eadba3e36ca3edd/gnocchi.8169b192-ace5-46ad-95fb-1510c27ee937/1759320000.0_mean_300.0_v3" "tx9ff3d870eddd414794bcc-0068de92c5" "proxy-server 21" 0.0100 "-" 21 0
Oct 2 14:57:09 standalone proxy-server[126935]: 172.18.0.2 ::1 02/Oct/2025/14/57/09 PUT /v1/AUTH_5d9b7941c0d740cf9eadba3e36ca3edd/gnocchi.8169b192-ace5-46ad-95fb-1510c27ee937/1759320000.0_mean_300.0_v3 HTTP/1.0 201 - python-swiftclient-3.11.1 gAAAAABo3pIFMj76... 16 - - tx9ff3d870eddd414794bcc-0068de92c5 - 0.0142 - - 1759417029.782918215 1759417029.797120333 0
Oct 2 14:57:09 standalone container-server[124846]: 172.20.0.100 - - [02/Oct/2025:14:57:09 +0000] "PUT /d1/1007/AUTH_5d9b7941c0d740cf9eadba3e36ca3edd/gnocchi.8169b192-ace5-46ad-95fb-1510c27ee937/none_v3" 201 - "PUT http://localhost:8080/d1/192/AUTH_5d9b7941c0d740cf9eadba3e36ca3edd/gnocchi.8169b192-ace5-46ad-95fb-1510c27ee937/none_v3" "txe549e5c451eb4ae1a54bc-0068de92c5" "object-server 22" 0.0009 "-" 21 0
Oct 2 14:57:09 standalone object-server[125136]: 172.20.0.100 - - [02/Oct/2025:14:57:09 +0000] "PUT /d1/192/AUTH_5d9b7941c0d740cf9eadba3e36ca3edd/gnocchi.8169b192-ace5-46ad-95fb-1510c27ee937/none_v3" 201 - "PUT http://localhost:8080/v1/AUTH_5d9b7941c0d740cf9eadba3e36ca3edd/gnocchi.8169b192-ace5-46ad-95fb-1510c27ee937/none_v3" "txe549e5c451eb4ae1a54bc-0068de92c5" "proxy-server 21" 0.0114 "-" 22 0
Oct 2 14:57:09 standalone proxy-server[126935]: 172.18.0.2 ::1 02/Oct/2025/14/57/09 PUT /v1/AUTH_5d9b7941c0d740cf9eadba3e36ca3edd/gnocchi.8169b192-ace5-46ad-95fb-1510c27ee937/none_v3 HTTP/1.0 201 - python-swiftclient-3.11.1 gAAAAABo3pIFMj76... 22 - - txe549e5c451eb4ae1a54bc-0068de92c5 - 0.0210 - - 1759417029.801659346 1759417029.822625399 0
Oct 2 14:57:09 standalone container-server[124846]: 172.20.0.100 - - [02/Oct/2025:14:57:09 +0000] "HEAD /d1/757/AUTH_5d9b7941c0d740cf9eadba3e36ca3edd/gnocchi.188a8be9-a460-4670-8836-f7aa43829ec8" 404 - "HEAD http://localhost:8080/v1/AUTH_5d9b7941c0d740cf9eadba3e36ca3edd/gnocchi.188a8be9-a460-4670-8836-f7aa43829ec8?format=json&states=listing" "tx4c21690e259a4541972fd-0068de92c5" "proxy-server 21" 0.0007 "-" 21 0
Oct 2 14:57:09 standalone object-server[125135]: 172.20.0.100 - - [02/Oct/2025:14:57:09 +0000] "GET /d1/342/AUTH_5d9b7941c0d740cf9eadba3e36ca3edd/gnocchi.188a8be9-a460-4670-8836-f7aa43829ec8/none_v3" 404 70 "GET http://localhost:8080/v1/AUTH_5d9b7941c0d740cf9eadba3e36ca3edd/gnocchi.188a8be9-a460-4670-8836-f7aa43829ec8/none_v3" "tx4c21690e259a4541972fd-0068de92c5" "proxy-server 21" 0.0004 "-" 21 0
Oct 2 14:57:09 standalone proxy-server[126935]: 172.18.0.2 ::1 02/Oct/2025/14/57/09 GET /v1/AUTH_5d9b7941c0d740cf9eadba3e36ca3edd/gnocchi.188a8be9-a460-4670-8836-f7aa43829ec8/none_v3 HTTP/1.0 404 - python-swiftclient-3.11.1 gAAAAABo3pIFMj76... - 70 - tx4c21690e259a4541972fd-0068de92c5 - 0.0154 - - 1759417029.845578909 1759417029.861028671 0
Oct 2 14:57:09 standalone account-server[124769]: 172.20.0.100 - - [02/Oct/2025:14:57:09 +0000] "PUT /d1/486/AUTH_5d9b7941c0d740cf9eadba3e36ca3edd/gnocchi.188a8be9-a460-4670-8836-f7aa43829ec8" 201 - "PUT http://172.20.0.100:6001/d1/757/AUTH_5d9b7941c0d740cf9eadba3e36ca3edd/gnocchi.188a8be9-a460-4670-8836-f7aa43829ec8" "txe32189a6d25140b6b6699-0068de92c5" "container-server 20" 0.0066 "-" 19 0
Oct 2 14:57:09 standalone container-server[124833]: 172.20.0.100 - - [02/Oct/2025:14:57:09 +0000] "PUT /d1/757/AUTH_5d9b7941c0d740cf9eadba3e36ca3edd/gnocchi.188a8be9-a460-4670-8836-f7aa43829ec8" 201 - "PUT http://localhost:8080/v1/AUTH_5d9b7941c0d740cf9eadba3e36ca3edd/gnocchi.188a8be9-a460-4670-8836-f7aa43829ec8" "txe32189a6d25140b6b6699-0068de92c5" "proxy-server 21" 0.0192 "-" 20 0
Oct 2 14:57:09 standalone proxy-server[126935]: 172.18.0.2 ::1 02/Oct/2025/14/57/09 PUT /v1/AUTH_5d9b7941c0d740cf9eadba3e36ca3edd/gnocchi.188a8be9-a460-4670-8836-f7aa43829ec8 HTTP/1.0 201 - python-swiftclient-3.11.1 gAAAAABo3pIFMj76... - - - txe32189a6d25140b6b6699-0068de92c5 - 0.0242 - - 1759417029.865025759 1759417029.889242649 0
Oct 2 14:57:09 standalone container-server[124862]: 172.20.0.100 - - [02/Oct/2025:14:57:09 +0000] "HEAD /d1/903/AUTH_5d9b7941c0d740cf9eadba3e36ca3edd/gnocchi.586f23f8-b818-4295-820f-35dc99645648" 404 - "HEAD http://localhost:8080/v1/AUTH_5d9b7941c0d740cf9eadba3e36ca3edd/gnocchi.586f23f8-b818-4295-820f-35dc99645648?format=json&states=listing" "tx69454252691f40fa82a03-0068de92c5" "proxy-server 21" 0.0004 "-" 23 0
Oct 2 14:57:09 standalone object-server[125138]: 172.20.0.100 - - [02/Oct/2025:14:57:09 +0000] "GET /d1/290/AUTH_5d9b7941c0d740cf9eadba3e36ca3edd/gnocchi.586f23f8-b818-4295-820f-35dc99645648/none_v3" 404 70 "GET http://localhost:8080/v1/AUTH_5d9b7941c0d740cf9eadba3e36ca3edd/gnocchi.586f23f8-b818-4295-820f-35dc99645648/none_v3" "tx69454252691f40fa82a03-0068de92c5" "proxy-server 21" 0.0004 "-" 23 0
Oct 2 14:57:09 standalone proxy-server[126935]: 172.18.0.2 ::1 02/Oct/2025/14/57/09 GET /v1/AUTH_5d9b7941c0d740cf9eadba3e36ca3edd/gnocchi.586f23f8-b818-4295-820f-35dc99645648/none_v3 HTTP/1.0 404 - python-swiftclient-3.11.1 gAAAAABo3pIFMj76... - 70 - tx69454252691f40fa82a03-0068de92c5 - 0.0083 - - 1759417029.892467976 1759417029.900792599 0
Oct 2 14:57:09 standalone account-server[124786]: 172.20.0.100 - - [02/Oct/2025:14:57:09 +0000] "PUT /d1/486/AUTH_5d9b7941c0d740cf9eadba3e36ca3edd/gnocchi.586f23f8-b818-4295-820f-35dc99645648" 201 - "PUT http://172.20.0.100:6001/d1/903/AUTH_5d9b7941c0d740cf9eadba3e36ca3edd/gnocchi.586f23f8-b818-4295-820f-35dc99645648" "txe9a6b14259124d77aed06-0068de92c5" "container-server 22" 0.0049 "-" 22 0
Oct 2 14:57:09 standalone container-server[124854]: 172.20.0.100 - - [02/Oct/2025:14:57:09 +0000] "PUT /d1/903/AUTH_5d9b7941c0d740cf9eadba3e36ca3edd/gnocchi.586f23f8-b818-4295-820f-35dc99645648" 201 - "PUT http://localhost:8080/v1/AUTH_5d9b7941c0d740cf9eadba3e36ca3edd/gnocchi.586f23f8-b818-4295-820f-35dc99645648" "txe9a6b14259124d77aed06-0068de92c5" "proxy-server 21" 0.0210 "-" 22 0
Oct 2 14:57:09 standalone proxy-server[126935]: 172.18.0.2 ::1 02/Oct/2025/14/57/09 PUT /v1/AUTH_5d9b7941c0d740cf9eadba3e36ca3edd/gnocchi.586f23f8-b818-4295-820f-35dc99645648 HTTP/1.0 201 - python-swiftclient-3.11.1 gAAAAABo3pIFMj76... - - - txe9a6b14259124d77aed06-0068de92c5 - 0.0269 - - 1759417029.903383732 1759417029.930266619 0
Oct 2 14:57:09 standalone container-server[124862]: 172.20.0.100 - - [02/Oct/2025:14:57:09 +0000] "HEAD /d1/757/AUTH_5d9b7941c0d740cf9eadba3e36ca3edd/gnocchi.188a8be9-a460-4670-8836-f7aa43829ec8" 204 - "HEAD http://localhost:8080/v1/AUTH_5d9b7941c0d740cf9eadba3e36ca3edd/gnocchi.188a8be9-a460-4670-8836-f7aa43829ec8?format=json&states=listing" "tx95d2d66a2a2e499ea087e-0068de92c5" "proxy-server 21" 0.0022 "-" 23 0
Oct 2 14:57:09 standalone proxy-server[126935]: - - 02/Oct/2025/14/57/09 HEAD /v1/AUTH_5d9b7941c0d740cf9eadba3e36ca3edd/gnocchi.188a8be9-a460-4670-8836-f7aa43829ec8%3Fformat%3Djson%26states%3Dlisting HTTP/1.0 204 - Swift - - - - tx95d2d66a2a2e499ea087e-0068de92c5 - 0.0059 RL - 1759417029.935136318 1759417029.941032648 0
Oct 2 14:57:09 standalone container-server[124833]: 172.20.0.100 - - [02/Oct/2025:14:57:09 +0000] "GET /d1/757/AUTH_5d9b7941c0d740cf9eadba3e36ca3edd/gnocchi.188a8be9-a460-4670-8836-f7aa43829ec8" 200 2 "GET http://localhost:8080/v1/AUTH_5d9b7941c0d740cf9eadba3e36ca3edd/gnocchi.188a8be9-a460-4670-8836-f7aa43829ec8?format=json&states=listing" "tx95d2d66a2a2e499ea087e-0068de92c5" "proxy-server 21" 0.0031 "-" 20 0
Oct 2 14:57:09 standalone proxy-server[126935]: 172.18.0.2 ::1 02/Oct/2025/14/57/09 GET /v1/AUTH_5d9b7941c0d740cf9eadba3e36ca3edd/gnocchi.188a8be9-a460-4670-8836-f7aa43829ec8%3Fformat%3Djson%26states%3Dlisting HTTP/1.0 200 - python-swiftclient-3.11.1 gAAAAABo3pIFMj76... - 2 - tx95d2d66a2a2e499ea087e-0068de92c5 - 0.0172 - - 1759417029.933841705 1759417029.951053858 0
Oct 2 14:57:09 standalone container-server[124862]: 172.20.0.100 - - [02/Oct/2025:14:57:09 +0000] "HEAD /d1/903/AUTH_5d9b7941c0d740cf9eadba3e36ca3edd/gnocchi.586f23f8-b818-4295-820f-35dc99645648" 204 - "HEAD http://localhost:8080/v1/AUTH_5d9b7941c0d740cf9eadba3e36ca3edd/gnocchi.586f23f8-b818-4295-820f-35dc99645648?format=json&states=listing" "tx08766ad41a4e43cf8a802-0068de92c5" "proxy-server 21" 0.0023 "-" 23 0
Oct 2 14:57:09 standalone proxy-server[126935]: - - 02/Oct/2025/14/57/09 HEAD /v1/AUTH_5d9b7941c0d740cf9eadba3e36ca3edd/gnocchi.586f23f8-b818-4295-820f-35dc99645648%3Fformat%3Djson%26states%3Dlisting HTTP/1.0 204 - Swift - - - - tx08766ad41a4e43cf8a802-0068de92c5 - 0.0061 RL - 1759417029.957876205 1759417029.963989735 0
Oct 2 14:57:09 standalone container-server[124854]: 172.20.0.100 - - [02/Oct/2025:14:57:09 +0000] "GET /d1/903/AUTH_5d9b7941c0d740cf9eadba3e36ca3edd/gnocchi.586f23f8-b818-4295-820f-35dc99645648" 200 2 "GET http://localhost:8080/v1/AUTH_5d9b7941c0d740cf9eadba3e36ca3edd/gnocchi.586f23f8-b818-4295-820f-35dc99645648?format=json&states=listing" "tx08766ad41a4e43cf8a802-0068de92c5" "proxy-server 21" 0.0043 "-" 22 0
Oct 2 14:57:09 standalone proxy-server[126935]: 172.18.0.2 ::1 02/Oct/2025/14/57/09 GET /v1/AUTH_5d9b7941c0d740cf9eadba3e36ca3edd/gnocchi.586f23f8-b818-4295-820f-35dc99645648%3Fformat%3Djson%26states%3Dlisting HTTP/1.0 200 - python-swiftclient-3.11.1 gAAAAABo3pIFMj76... - 2 - tx08766ad41a4e43cf8a802-0068de92c5 - 0.0189 - - 1759417029.956661463 1759417029.975581884 0
Oct 2 14:57:09 standalone object-server[125136]: 172.20.0.100 - - [02/Oct/2025:14:57:09 +0000] "GET /d1/424/AUTH_5d9b7941c0d740cf9eadba3e36ca3edd/gnocchi.188a8be9-a460-4670-8836-f7aa43829ec8/1759320000.0_mean_300.0_v3" 404 70 "GET http://localhost:8080/v1/AUTH_5d9b7941c0d740cf9eadba3e36ca3edd/gnocchi.188a8be9-a460-4670-8836-f7aa43829ec8/1759320000.0_mean_300.0_v3" "tx004324a510e548bbac611-0068de92c5" "proxy-server 21" 0.0006 "-" 22 0
Oct 2 14:57:09 standalone proxy-server[126935]: 172.18.0.2 ::1 02/Oct/2025/14/57/09 GET /v1/AUTH_5d9b7941c0d740cf9eadba3e36ca3edd/gnocchi.188a8be9-a460-4670-8836-f7aa43829ec8/1759320000.0_mean_300.0_v3 HTTP/1.0 404 - python-swiftclient-3.11.1 gAAAAABo3pIFMj76... - 70 - tx004324a510e548bbac611-0068de92c5 - 0.0071 - - 1759417029.979409218 1759417029.986463308 0
Oct 2 14:57:09 standalone object-server[125135]: 172.20.0.100 - - [02/Oct/2025:14:57:09 +0000] "GET /d1/691/AUTH_5d9b7941c0d740cf9eadba3e36ca3edd/gnocchi.586f23f8-b818-4295-820f-35dc99645648/1759320000.0_mean_300.0_v3" 404 70 "GET http://localhost:8080/v1/AUTH_5d9b7941c0d740cf9eadba3e36ca3edd/gnocchi.586f23f8-b818-4295-820f-35dc99645648/1759320000.0_mean_300.0_v3" "tx77213e71e69145d5b22f5-0068de92c5" "proxy-server 21" 0.0003 "-" 21 0
Oct 2 14:57:09 standalone proxy-server[126935]: 172.18.0.2 ::1 02/Oct/2025/14/57/09 GET /v1/AUTH_5d9b7941c0d740cf9eadba3e36ca3edd/gnocchi.586f23f8-b818-4295-820f-35dc99645648/1759320000.0_mean_300.0_v3 HTTP/1.0 404 - python-swiftclient-3.11.1 gAAAAABo3pIFMj76... - 70 - tx77213e71e69145d5b22f5-0068de92c5 - 0.0050 - - 1759417029.989444256 1759417029.994480371 0
Oct 2 14:57:10 standalone container-server[124833]: 172.20.0.100 - - [02/Oct/2025:14:57:10 +0000] "PUT /d1/757/AUTH_5d9b7941c0d740cf9eadba3e36ca3edd/gnocchi.188a8be9-a460-4670-8836-f7aa43829ec8/1759320000.0_mean_300.0_v3" 201 - "PUT http://localhost:8080/d1/424/AUTH_5d9b7941c0d740cf9eadba3e36ca3edd/gnocchi.188a8be9-a460-4670-8836-f7aa43829ec8/1759320000.0_mean_300.0_v3" "tx53c761d0a9b3453c84740-0068de92c5" "object-server 25" 0.0008 "-" 20 0
Oct 2 14:57:10 standalone object-server[125140]: 172.20.0.100 - - [02/Oct/2025:14:57:10 +0000] "PUT /d1/424/AUTH_5d9b7941c0d740cf9eadba3e36ca3edd/gnocchi.188a8be9-a460-4670-8836-f7aa43829ec8/1759320000.0_mean_300.0_v3" 201 - "PUT http://localhost:8080/v1/AUTH_5d9b7941c0d740cf9eadba3e36ca3edd/gnocchi.188a8be9-a460-4670-8836-f7aa43829ec8/1759320000.0_mean_300.0_v3" "tx53c761d0a9b3453c84740-0068de92c5" "proxy-server 21" 0.0085 "-" 25 0
Oct 2 14:57:10 standalone proxy-server[126935]: 172.18.0.2 ::1 02/Oct/2025/14/57/10 PUT /v1/AUTH_5d9b7941c0d740cf9eadba3e36ca3edd/gnocchi.188a8be9-a460-4670-8836-f7aa43829ec8/1759320000.0_mean_300.0_v3 HTTP/1.0 201 - python-swiftclient-3.11.1 gAAAAABo3pIFMj76... 16 - - tx53c761d0a9b3453c84740-0068de92c5 - 0.0135 - - 1759417029.998124838 1759417030.011651039 0
Oct 2 14:57:10 standalone container-server[124862]: 172.20.0.100 - - [02/Oct/2025:14:57:10 +0000] "PUT /d1/903/AUTH_5d9b7941c0d740cf9eadba3e36ca3edd/gnocchi.586f23f8-b818-4295-820f-35dc99645648/1759320000.0_mean_300.0_v3" 201 - "PUT http://localhost:8080/d1/691/AUTH_5d9b7941c0d740cf9eadba3e36ca3edd/gnocchi.586f23f8-b818-4295-820f-35dc99645648/1759320000.0_mean_300.0_v3" "txc135e717f1be46db94f06-0068de92c6" "object-server 21" 0.0008 "-" 23 0
Oct 2 14:57:10 standalone object-server[125135]: 172.20.0.100 - - [02/Oct/2025:14:57:10 +0000] "PUT /d1/691/AUTH_5d9b7941c0d740cf9eadba3e36ca3edd/gnocchi.586f23f8-b818-4295-820f-35dc99645648/1759320000.0_mean_300.0_v3" 201 - "PUT http://localhost:8080/v1/AUTH_5d9b7941c0d740cf9eadba3e36ca3edd/gnocchi.586f23f8-b818-4295-820f-35dc99645648/1759320000.0_mean_300.0_v3" "txc135e717f1be46db94f06-0068de92c6" "proxy-server 21" 0.0101 "-" 21 0
Oct 2 14:57:10 standalone proxy-server[126935]: 172.18.0.2 ::1 02/Oct/2025/14/57/10 PUT /v1/AUTH_5d9b7941c0d740cf9eadba3e36ca3edd/gnocchi.586f23f8-b818-4295-820f-35dc99645648/1759320000.0_mean_300.0_v3 HTTP/1.0 201 - python-swiftclient-3.11.1 gAAAAABo3pIFMj76... 16 - - txc135e717f1be46db94f06-0068de92c6 - 0.0151 - - 1759417030.014921904 1759417030.029999733 0
Oct 2 14:57:10 standalone container-server[124854]: 172.20.0.100 - - [02/Oct/2025:14:57:10 +0000] "PUT /d1/757/AUTH_5d9b7941c0d740cf9eadba3e36ca3edd/gnocchi.188a8be9-a460-4670-8836-f7aa43829ec8/none_v3" 201 - "PUT http://localhost:8080/d1/342/AUTH_5d9b7941c0d740cf9eadba3e36ca3edd/gnocchi.188a8be9-a460-4670-8836-f7aa43829ec8/none_v3" "tx5357d90ffaf64bdeb5602-0068de92c6" "object-server 21" 0.0008 "-" 22 0
Oct 2 14:57:10 standalone object-server[125135]: 172.20.0.100 - - [02/Oct/2025:14:57:10 +0000] "PUT /d1/342/AUTH_5d9b7941c0d740cf9eadba3e36ca3edd/gnocchi.188a8be9-a460-4670-8836-f7aa43829ec8/none_v3" 201 - "PUT http://localhost:8080/v1/AUTH_5d9b7941c0d740cf9eadba3e36ca3edd/gnocchi.188a8be9-a460-4670-8836-f7aa43829ec8/none_v3" "tx5357d90ffaf64bdeb5602-0068de92c6" "proxy-server 21" 0.0103 "-" 21 0
Oct 2 14:57:10 standalone proxy-server[126935]: 172.18.0.2 ::1 02/Oct/2025/14/57/10 PUT /v1/AUTH_5d9b7941c0d740cf9eadba3e36ca3edd/gnocchi.188a8be9-a460-4670-8836-f7aa43829ec8/none_v3 HTTP/1.0 201 - python-swiftclient-3.11.1 gAAAAABo3pIFMj76... 22 - - tx5357d90ffaf64bdeb5602-0068de92c6 - 0.0151 - - 1759417030.033962011 1759417030.049086571 0
Oct 2 14:57:10 standalone container-server[124862]: 172.20.0.100 - - [02/Oct/2025:14:57:10 +0000] "PUT /d1/903/AUTH_5d9b7941c0d740cf9eadba3e36ca3edd/gnocchi.586f23f8-b818-4295-820f-35dc99645648/none_v3" 201 - "PUT http://localhost:8080/d1/290/AUTH_5d9b7941c0d740cf9eadba3e36ca3edd/gnocchi.586f23f8-b818-4295-820f-35dc99645648/none_v3" "tx2460d82f0b584c939976f-0068de92c6" "object-server 23" 0.0007 "-" 23 0
Oct 2 14:57:10 standalone object-server[125138]: 172.20.0.100 - - [02/Oct/2025:14:57:10 +0000] "PUT /d1/290/AUTH_5d9b7941c0d740cf9eadba3e36ca3edd/gnocchi.586f23f8-b818-4295-820f-35dc99645648/none_v3" 201 - "PUT http://localhost:8080/v1/AUTH_5d9b7941c0d740cf9eadba3e36ca3edd/gnocchi.586f23f8-b818-4295-820f-35dc99645648/none_v3" "tx2460d82f0b584c939976f-0068de92c6" "proxy-server 21" 0.0134 "-" 23 0
Oct 2 14:57:10 standalone proxy-server[126935]: 172.18.0.2 ::1 02/Oct/2025/14/57/10 PUT /v1/AUTH_5d9b7941c0d740cf9eadba3e36ca3edd/gnocchi.586f23f8-b818-4295-820f-35dc99645648/none_v3 HTTP/1.0 201 - python-swiftclient-3.11.1 gAAAAABo3pIFMj76... 22 - - tx2460d82f0b584c939976f-0068de92c6 - 0.0197 - - 1759417030.052232265 1759417030.071914434 0
Oct 2 14:57:10 standalone container-server[124862]: 172.20.0.100 - - [02/Oct/2025:14:57:10 +0000] "HEAD /d1/758/AUTH_5d9b7941c0d740cf9eadba3e36ca3edd/gnocchi.48b91646-505b-4de9-9cdc-4d3a6c03532f" 404 - "HEAD http://localhost:8080/v1/AUTH_5d9b7941c0d740cf9eadba3e36ca3edd/gnocchi.48b91646-505b-4de9-9cdc-4d3a6c03532f?format=json&states=listing" "txbcd4fe5ad1414cc78aa52-0068de92c6" "proxy-server 21" 0.0004 "-" 23 0
Oct 2 14:57:10 standalone object-server[125135]: 172.20.0.100 - - [02/Oct/2025:14:57:10 +0000] "GET /d1/630/AUTH_5d9b7941c0d740cf9eadba3e36ca3edd/gnocchi.48b91646-505b-4de9-9cdc-4d3a6c03532f/none_v3" 404 70 "GET http://localhost:8080/v1/AUTH_5d9b7941c0d740cf9eadba3e36ca3edd/gnocchi.48b91646-505b-4de9-9cdc-4d3a6c03532f/none_v3" "txbcd4fe5ad1414cc78aa52-0068de92c6" "proxy-server 21" 0.0003 "-" 21 0
Oct 2 14:57:10 standalone proxy-server[126935]: 172.18.0.2 ::1 02/Oct/2025/14/57/10 GET /v1/AUTH_5d9b7941c0d740cf9eadba3e36ca3edd/gnocchi.48b91646-505b-4de9-9cdc-4d3a6c03532f/none_v3 HTTP/1.0 404 - python-swiftclient-3.11.1 gAAAAABo3pIFMj76... - 70 - txbcd4fe5ad1414cc78aa52-0068de92c6 - 0.0090 - - 1759417030.084178925 1759417030.093209028 0
Oct 2 14:57:10 standalone account-server[124786]: 172.20.0.100 - - [02/Oct/2025:14:57:10 +0000] "PUT /d1/486/AUTH_5d9b7941c0d740cf9eadba3e36ca3edd/gnocchi.48b91646-505b-4de9-9cdc-4d3a6c03532f" 201 - "PUT http://172.20.0.100:6001/d1/758/AUTH_5d9b7941c0d740cf9eadba3e36ca3edd/gnocchi.48b91646-505b-4de9-9cdc-4d3a6c03532f" "tx9f828b28cee749c4a38f0-0068de92c6" "container-server 20" 0.0062 "-" 22 0
Oct 2 14:57:10 standalone container-server[124833]: 172.20.0.100 - - [02/Oct/2025:14:57:10 +0000] "PUT /d1/758/AUTH_5d9b7941c0d740cf9eadba3e36ca3edd/gnocchi.48b91646-505b-4de9-9cdc-4d3a6c03532f" 201 - "PUT http://localhost:8080/v1/AUTH_5d9b7941c0d740cf9eadba3e36ca3edd/gnocchi.48b91646-505b-4de9-9cdc-4d3a6c03532f" "tx9f828b28cee749c4a38f0-0068de92c6" "proxy-server 21" 0.0172 "-" 20 0
Oct 2 14:57:10 standalone proxy-server[126935]: 172.18.0.2 ::1 02/Oct/2025/14/57/10 PUT /v1/AUTH_5d9b7941c0d740cf9eadba3e36ca3edd/gnocchi.48b91646-505b-4de9-9cdc-4d3a6c03532f HTTP/1.0 201 - python-swiftclient-3.11.1 gAAAAABo3pIFMj76... - - - tx9f828b28cee749c4a38f0-0068de92c6 - 0.0225 - - 1759417030.096628189 1759417030.119105577 0
Oct 2 14:57:10 standalone container-server[124862]: 172.20.0.100 - - [02/Oct/2025:14:57:10 +0000] "HEAD /d1/975/AUTH_5d9b7941c0d740cf9eadba3e36ca3edd/gnocchi.984d9d24-17db-4f9a-bb7e-30a7dc71f32f" 404 - "HEAD http://localhost:8080/v1/AUTH_5d9b7941c0d740cf9eadba3e36ca3edd/gnocchi.984d9d24-17db-4f9a-bb7e-30a7dc71f32f?format=json&states=listing" "txe46e2577a51b47c29c169-0068de92c6" "proxy-server 21" 0.0005 "-" 23 0
Oct 2 14:57:10 standalone object-server[125136]: 172.20.0.100 - - [02/Oct/2025:14:57:10 +0000] "GET /d1/106/AUTH_5d9b7941c0d740cf9eadba3e36ca3edd/gnocchi.984d9d24-17db-4f9a-bb7e-30a7dc71f32f/none_v3" 404 70 "GET http://localhost:8080/v1/AUTH_5d9b7941c0d740cf9eadba3e36ca3edd/gnocchi.984d9d24-17db-4f9a-bb7e-30a7dc71f32f/none_v3" "txe46e2577a51b47c29c169-0068de92c6" "proxy-server 21" 0.0005 "-" 22 0
Oct 2 14:57:10 standalone proxy-server[126935]: 172.18.0.2 ::1 02/Oct/2025/14/57/10 GET /v1/AUTH_5d9b7941c0d740cf9eadba3e36ca3edd/gnocchi.984d9d24-17db-4f9a-bb7e-30a7dc71f32f/none_v3 HTTP/1.0 404 - python-swiftclient-3.11.1 gAAAAABo3pIFMj76... - 70 - txe46e2577a51b47c29c169-0068de92c6 - 0.0108 - - 1759417030.122638702 1759417030.133464813 0
Oct 2 14:57:10 standalone account-server[124794]: 172.20.0.100 - - [02/Oct/2025:14:57:10 +0000] "PUT /d1/486/AUTH_5d9b7941c0d740cf9eadba3e36ca3edd/gnocchi.984d9d24-17db-4f9a-bb7e-30a7dc71f32f" 201 - "PUT http://172.20.0.100:6001/d1/975/AUTH_5d9b7941c0d740cf9eadba3e36ca3edd/gnocchi.984d9d24-17db-4f9a-bb7e-30a7dc71f32f" "txd4fb78c29391423685660-0068de92c6" "container-server 21" 0.0061 "-" 23 0
Oct 2 14:57:10 standalone container-server[124846]: 172.20.0.100 - - [02/Oct/2025:14:57:10 +0000] "PUT /d1/975/AUTH_5d9b7941c0d740cf9eadba3e36ca3edd/gnocchi.984d9d24-17db-4f9a-bb7e-30a7dc71f32f" 201 - "PUT http://localhost:8080/v1/AUTH_5d9b7941c0d740cf9eadba3e36ca3edd/gnocchi.984d9d24-17db-4f9a-bb7e-30a7dc71f32f" "txd4fb78c29391423685660-0068de92c6" "proxy-server 21" 0.0203 "-" 21 0
Oct 2 14:57:10 standalone proxy-server[126935]: 172.18.0.2 ::1 02/Oct/2025/14/57/10 PUT /v1/AUTH_5d9b7941c0d740cf9eadba3e36ca3edd/gnocchi.984d9d24-17db-4f9a-bb7e-30a7dc71f32f HTTP/1.0 201 - python-swiftclient-3.11.1 gAAAAABo3pIFMj76... - - - txd4fb78c29391423685660-0068de92c6 - 0.0265 - - 1759417030.136417866 1759417030.162897348 0
Oct 2 14:57:10 standalone container-server[124833]: 172.20.0.100 - - [02/Oct/2025:14:57:10 +0000] "HEAD /d1/758/AUTH_5d9b7941c0d740cf9eadba3e36ca3edd/gnocchi.48b91646-505b-4de9-9cdc-4d3a6c03532f" 204 - "HEAD http://localhost:8080/v1/AUTH_5d9b7941c0d740cf9eadba3e36ca3edd/gnocchi.48b91646-505b-4de9-9cdc-4d3a6c03532f?format=json&states=listing" "tx955f877fe98249b6b40dc-0068de92c6" "proxy-server 21" 0.0016 "-" 20 0
Oct 2 14:57:10 standalone proxy-server[126935]: - - 02/Oct/2025/14/57/10 HEAD /v1/AUTH_5d9b7941c0d740cf9eadba3e36ca3edd/gnocchi.48b91646-505b-4de9-9cdc-4d3a6c03532f%3Fformat%3Djson%26states%3Dlisting HTTP/1.0 204 - Swift - - - - tx955f877fe98249b6b40dc-0068de92c6 - 0.0053 RL - 1759417030.168537617 1759417030.173866510 0
Oct 2 14:57:10 standalone container-server[124862]: 172.20.0.100 - - [02/Oct/2025:14:57:10 +0000] "GET /d1/758/AUTH_5d9b7941c0d740cf9eadba3e36ca3edd/gnocchi.48b91646-505b-4de9-9cdc-4d3a6c03532f" 200 2 "GET http://localhost:8080/v1/AUTH_5d9b7941c0d740cf9eadba3e36ca3edd/gnocchi.48b91646-505b-4de9-9cdc-4d3a6c03532f?format=json&states=listing" "tx955f877fe98249b6b40dc-0068de92c6" "proxy-server 21" 0.0038 "-" 23 0
Oct 2 14:57:10 standalone proxy-server[126935]: 172.18.0.2 ::1 02/Oct/2025/14/57/10 GET /v1/AUTH_5d9b7941c0d740cf9eadba3e36ca3edd/gnocchi.48b91646-505b-4de9-9cdc-4d3a6c03532f%3Fformat%3Djson%26states%3Dlisting HTTP/1.0 200 - python-swiftclient-3.11.1 gAAAAABo3pIFMj76... - 2 - tx955f877fe98249b6b40dc-0068de92c6 - 0.0476 - - 1759417030.167418718 1759417030.215039015 0
Oct 2 14:57:10 standalone container-server[124862]: 172.20.0.100 - - [02/Oct/2025:14:57:10 +0000] "HEAD /d1/975/AUTH_5d9b7941c0d740cf9eadba3e36ca3edd/gnocchi.984d9d24-17db-4f9a-bb7e-30a7dc71f32f" 204 - "HEAD http://localhost:8080/v1/AUTH_5d9b7941c0d740cf9eadba3e36ca3edd/gnocchi.984d9d24-17db-4f9a-bb7e-30a7dc71f32f?format=json&states=listing" "tx686eb52cac3c464883541-0068de92c6" "proxy-server 21" 0.0019 "-" 23 0
Oct 2 14:57:10 standalone proxy-server[126935]: - - 02/Oct/2025/14/57/10 HEAD /v1/AUTH_5d9b7941c0d740cf9eadba3e36ca3edd/gnocchi.984d9d24-17db-4f9a-bb7e-30a7dc71f32f%3Fformat%3Djson%26states%3Dlisting HTTP/1.0 204 - Swift - - - - tx686eb52cac3c464883541-0068de92c6 - 0.0052 RL - 1759417030.222138643 1759417030.227336407 0
Oct 2 14:57:10 standalone container-server[124854]: 172.20.0.100 - - [02/Oct/2025:14:57:10 +0000] "GET /d1/975/AUTH_5d9b7941c0d740cf9eadba3e36ca3edd/gnocchi.984d9d24-17db-4f9a-bb7e-30a7dc71f32f" 200 2 "GET http://localhost:8080/v1/AUTH_5d9b7941c0d740cf9eadba3e36ca3edd/gnocchi.984d9d24-17db-4f9a-bb7e-30a7dc71f32f?format=json&states=listing" "tx686eb52cac3c464883541-0068de92c6" "proxy-server 21" 0.0034 "-" 22 0
Oct 2 14:57:10 standalone proxy-server[126935]: 172.18.0.2 ::1 02/Oct/2025/14/57/10 GET /v1/AUTH_5d9b7941c0d740cf9eadba3e36ca3edd/gnocchi.984d9d24-17db-4f9a-bb7e-30a7dc71f32f%3Fformat%3Djson%26states%3Dlisting HTTP/1.0 200 - python-swiftclient-3.11.1 gAAAAABo3pIFMj76... - 2 - tx686eb52cac3c464883541-0068de92c6 - 0.0160 - - 1759417030.221035719 1759417030.237081528 0
Oct 2 14:57:10 standalone object-server[125136]: 172.20.0.100 - - [02/Oct/2025:14:57:10 +0000] "GET /d1/279/AUTH_5d9b7941c0d740cf9eadba3e36ca3edd/gnocchi.48b91646-505b-4de9-9cdc-4d3a6c03532f/1759320000.0_mean_300.0_v3" 404 70 "GET http://localhost:8080/v1/AUTH_5d9b7941c0d740cf9eadba3e36ca3edd/gnocchi.48b91646-505b-4de9-9cdc-4d3a6c03532f/1759320000.0_mean_300.0_v3" "tx1ed79734de6447108db23-0068de92c6" "proxy-server 21" 0.0005 "-" 22 0
Oct 2 14:57:10 standalone proxy-server[126935]: 172.18.0.2 ::1 02/Oct/2025/14/57/10 GET /v1/AUTH_5d9b7941c0d740cf9eadba3e36ca3edd/gnocchi.48b91646-505b-4de9-9cdc-4d3a6c03532f/1759320000.0_mean_300.0_v3 HTTP/1.0 404 - python-swiftclient-3.11.1 gAAAAABo3pIFMj76... - 70 - tx1ed79734de6447108db23-0068de92c6 - 0.0064 - - 1759417030.241481066 1759417030.247854948 0
Oct 2 14:57:10 standalone object-server[125136]: 172.20.0.100 - - [02/Oct/2025:14:57:10 +0000] "GET /d1/356/AUTH_5d9b7941c0d740cf9eadba3e36ca3edd/gnocchi.984d9d24-17db-4f9a-bb7e-30a7dc71f32f/1759320000.0_mean_300.0_v3" 404 70 "GET http://localhost:8080/v1/AUTH_5d9b7941c0d740cf9eadba3e36ca3edd/gnocchi.984d9d24-17db-4f9a-bb7e-30a7dc71f32f/1759320000.0_mean_300.0_v3" "tx9508dbff9ae8467d8d6ff-0068de92c6" "proxy-server 21" 0.0004 "-" 22 0
Oct 2 14:57:10 standalone proxy-server[126935]: 172.18.0.2 ::1 02/Oct/2025/14/57/10 GET /v1/AUTH_5d9b7941c0d740cf9eadba3e36ca3edd/gnocchi.984d9d24-17db-4f9a-bb7e-30a7dc71f32f/1759320000.0_mean_300.0_v3 HTTP/1.0 404 - python-swiftclient-3.11.1 gAAAAABo3pIFMj76... - 70 - tx9508dbff9ae8467d8d6ff-0068de92c6 - 0.0052 - - 1759417030.251058102 1759417030.256295681 0
Oct 2 14:57:10 standalone container-server[124862]: 172.20.0.100 - - [02/Oct/2025:14:57:10 +0000] "PUT /d1/758/AUTH_5d9b7941c0d740cf9eadba3e36ca3edd/gnocchi.48b91646-505b-4de9-9cdc-4d3a6c03532f/1759320000.0_mean_300.0_v3" 201 - "PUT http://localhost:8080/d1/279/AUTH_5d9b7941c0d740cf9eadba3e36ca3edd/gnocchi.48b91646-505b-4de9-9cdc-4d3a6c03532f/1759320000.0_mean_300.0_v3" "tx6160b819198147f88fb31-0068de92c6" "object-server 25" 0.0010 "-" 23 0
Oct 2 14:57:10 standalone object-server[125140]: 172.20.0.100 - - [02/Oct/2025:14:57:10 +0000] "PUT /d1/279/AUTH_5d9b7941c0d740cf9eadba3e36ca3edd/gnocchi.48b91646-505b-4de9-9cdc-4d3a6c03532f/1759320000.0_mean_300.0_v3" 201 - "PUT http://localhost:8080/v1/AUTH_5d9b7941c0d740cf9eadba3e36ca3edd/gnocchi.48b91646-505b-4de9-9cdc-4d3a6c03532f/1759320000.0_mean_300.0_v3" "tx6160b819198147f88fb31-0068de92c6" "proxy-server 21" 0.0121 "-" 25 0
Oct 2 14:57:10 standalone proxy-server[126935]: 172.18.0.2 ::1 02/Oct/2025/14/57/10 PUT /v1/AUTH_5d9b7941c0d740cf9eadba3e36ca3edd/gnocchi.48b91646-505b-4de9-9cdc-4d3a6c03532f/1759320000.0_mean_300.0_v3 HTTP/1.0 201 - python-swiftclient-3.11.1 gAAAAABo3pIFMj76... 16 - - tx6160b819198147f88fb31-0068de92c6 - 0.0176 - - 1759417030.259881020 1759417030.277476549 0
Oct 2 14:57:10 standalone container-server[124833]: 172.20.0.100 - - [02/Oct/2025:14:57:10 +0000] "PUT /d1/975/AUTH_5d9b7941c0d740cf9eadba3e36ca3edd/gnocchi.984d9d24-17db-4f9a-bb7e-30a7dc71f32f/1759320000.0_mean_300.0_v3" 201 - "PUT http://localhost:8080/d1/356/AUTH_5d9b7941c0d740cf9eadba3e36ca3edd/gnocchi.984d9d24-17db-4f9a-bb7e-30a7dc71f32f/1759320000.0_mean_300.0_v3" "tx220035c18be4460285a89-0068de92c6" "object-server 25" 0.0008 "-" 20 0
Oct 2 14:57:10 standalone object-server[125140]: 172.20.0.100 - - [02/Oct/2025:14:57:10 +0000] "PUT /d1/356/AUTH_5d9b7941c0d740cf9eadba3e36ca3edd/gnocchi.984d9d24-17db-4f9a-bb7e-30a7dc71f32f/1759320000.0_mean_300.0_v3" 201 - "PUT http://localhost:8080/v1/AUTH_5d9b7941c0d740cf9eadba3e36ca3edd/gnocchi.984d9d24-17db-4f9a-bb7e-30a7dc71f32f/1759320000.0_mean_300.0_v3" "tx220035c18be4460285a89-0068de92c6" "proxy-server 21" 0.0095 "-" 25 0
Oct 2 14:57:10 standalone proxy-server[126935]: 172.18.0.2 ::1 02/Oct/2025/14/57/10 PUT /v1/AUTH_5d9b7941c0d740cf9eadba3e36ca3edd/gnocchi.984d9d24-17db-4f9a-bb7e-30a7dc71f32f/1759320000.0_mean_300.0_v3 HTTP/1.0 201 - python-swiftclient-3.11.1 gAAAAABo3pIFMj76... 16 - - tx220035c18be4460285a89-0068de92c6 - 0.0147 - - 1759417030.281406641 1759417030.296126366 0
Oct 2 14:57:10 standalone container-server[124846]: 172.20.0.100 - - [02/Oct/2025:14:57:10 +0000] "PUT /d1/758/AUTH_5d9b7941c0d740cf9eadba3e36ca3edd/gnocchi.48b91646-505b-4de9-9cdc-4d3a6c03532f/none_v3" 201 - "PUT http://localhost:8080/d1/630/AUTH_5d9b7941c0d740cf9eadba3e36ca3edd/gnocchi.48b91646-505b-4de9-9cdc-4d3a6c03532f/none_v3" "txff250f2d4f9146778107f-0068de92c6" "object-server 25" 0.0007 "-" 21 0
Oct 2 14:57:10 standalone object-server[125140]: 172.20.0.100 - - [02/Oct/2025:14:57:10 +0000] "PUT /d1/630/AUTH_5d9b7941c0d740cf9eadba3e36ca3edd/gnocchi.48b91646-505b-4de9-9cdc-4d3a6c03532f/none_v3" 201 - "PUT http://localhost:8080/v1/AUTH_5d9b7941c0d740cf9eadba3e36ca3edd/gnocchi.48b91646-505b-4de9-9cdc-4d3a6c03532f/none_v3" "txff250f2d4f9146778107f-0068de92c6" "proxy-server 21" 0.0090 "-" 25 0
Oct 2 14:57:10 standalone proxy-server[126935]: 172.18.0.2 ::1 02/Oct/2025/14/57/10 PUT /v1/AUTH_5d9b7941c0d740cf9eadba3e36ca3edd/gnocchi.48b91646-505b-4de9-9cdc-4d3a6c03532f/none_v3 HTTP/1.0 201 - python-swiftclient-3.11.1 gAAAAABo3pIFMj76... 22 - - txff250f2d4f9146778107f-0068de92c6 - 0.0138 - - 1759417030.299591064 1759417030.313392162 0
Oct 2 14:57:10 standalone container-server[124862]: 172.20.0.100 - - [02/Oct/2025:14:57:10 +0000] "PUT /d1/975/AUTH_5d9b7941c0d740cf9eadba3e36ca3edd/gnocchi.984d9d24-17db-4f9a-bb7e-30a7dc71f32f/none_v3" 201 - "PUT http://localhost:8080/d1/106/AUTH_5d9b7941c0d740cf9eadba3e36ca3edd/gnocchi.984d9d24-17db-4f9a-bb7e-30a7dc71f32f/none_v3" "tx6f1d06b96d7b4560a9c50-0068de92c6" "object-server 23" 0.0007 "-" 23 0
Oct 2 14:57:10 standalone object-server[125138]: 172.20.0.100 - - [02/Oct/2025:14:57:10 +0000] "PUT /d1/106/AUTH_5d9b7941c0d740cf9eadba3e36ca3edd/gnocchi.984d9d24-17db-4f9a-bb7e-30a7dc71f32f/none_v3" 201 - "PUT http://localhost:8080/v1/AUTH_5d9b7941c0d740cf9eadba3e36ca3edd/gnocchi.984d9d24-17db-4f9a-bb7e-30a7dc71f32f/none_v3" "tx6f1d06b96d7b4560a9c50-0068de92c6" "proxy-server 21" 0.0119 "-" 23 0
Oct 2 14:57:10 standalone proxy-server[126935]: 172.18.0.2 ::1 02/Oct/2025/14/57/10 PUT /v1/AUTH_5d9b7941c0d740cf9eadba3e36ca3edd/gnocchi.984d9d24-17db-4f9a-bb7e-30a7dc71f32f/none_v3 HTTP/1.0 201 - python-swiftclient-3.11.1 gAAAAABo3pIFMj76... 22 - - tx6f1d06b96d7b4560a9c50-0068de92c6 - 0.0201 - - 1759417030.316852331 1759417030.336961269 0
Oct 2 14:57:10 standalone container-server[124846]: 172.20.0.100 - - [02/Oct/2025:14:57:10 +0000] "HEAD /d1/525/AUTH_5d9b7941c0d740cf9eadba3e36ca3edd/gnocchi.da1d9b56-8b3f-4f4f-9c50-ea6fad6bada6" 404 - "HEAD http://localhost:8080/v1/AUTH_5d9b7941c0d740cf9eadba3e36ca3edd/gnocchi.da1d9b56-8b3f-4f4f-9c50-ea6fad6bada6?format=json&states=listing" "tx3402f8e4f7e84848997f9-0068de92c6" "proxy-server 21" 0.0005 "-" 21 0
Oct 2 14:57:10 standalone object-server[125140]: 172.20.0.100 - - [02/Oct/2025:14:57:10 +0000] "GET /d1/788/AUTH_5d9b7941c0d740cf9eadba3e36ca3edd/gnocchi.da1d9b56-8b3f-4f4f-9c50-ea6fad6bada6/none_v3" 404 70 "GET http://localhost:8080/v1/AUTH_5d9b7941c0d740cf9eadba3e36ca3edd/gnocchi.da1d9b56-8b3f-4f4f-9c50-ea6fad6bada6/none_v3" "tx3402f8e4f7e84848997f9-0068de92c6" "proxy-server 21" 0.0004 "-" 25 0
Oct 2 14:57:10 standalone proxy-server[126935]: 172.18.0.2 ::1 02/Oct/2025/14/57/10 GET /v1/AUTH_5d9b7941c0d740cf9eadba3e36ca3edd/gnocchi.da1d9b56-8b3f-4f4f-9c50-ea6fad6bada6/none_v3 HTTP/1.0 404 - python-swiftclient-3.11.1 gAAAAABo3pIFMj76... - 70 - tx3402f8e4f7e84848997f9-0068de92c6 - 0.0131 - - 1759417030.354445219 1759417030.367497206 0
Oct 2 14:57:10 standalone account-server[124794]: 172.20.0.100 - - [02/Oct/2025:14:57:10 +0000] "PUT /d1/486/AUTH_5d9b7941c0d740cf9eadba3e36ca3edd/gnocchi.da1d9b56-8b3f-4f4f-9c50-ea6fad6bada6" 201 - "PUT http://172.20.0.100:6001/d1/525/AUTH_5d9b7941c0d740cf9eadba3e36ca3edd/gnocchi.da1d9b56-8b3f-4f4f-9c50-ea6fad6bada6" "tx3032224e8e0b4072acfeb-0068de92c6" "container-server 22" 0.0063 "-" 23 0
Oct 2 14:57:10 standalone container-server[124854]: 172.20.0.100 - - [02/Oct/2025:14:57:10 +0000] "PUT /d1/525/AUTH_5d9b7941c0d740cf9eadba3e36ca3edd/gnocchi.da1d9b56-8b3f-4f4f-9c50-ea6fad6bada6" 201 - "PUT http://localhost:8080/v1/AUTH_5d9b7941c0d740cf9eadba3e36ca3edd/gnocchi.da1d9b56-8b3f-4f4f-9c50-ea6fad6bada6" "tx3032224e8e0b4072acfeb-0068de92c6" "proxy-server 21" 0.0184 "-" 22 0
Oct 2 14:57:10 standalone proxy-server[126935]: 172.18.0.2 ::1 02/Oct/2025/14/57/10 PUT /v1/AUTH_5d9b7941c0d740cf9eadba3e36ca3edd/gnocchi.da1d9b56-8b3f-4f4f-9c50-ea6fad6bada6 HTTP/1.0 201 - python-swiftclient-3.11.1 gAAAAABo3pIFMj76... - - - tx3032224e8e0b4072acfeb-0068de92c6 - 0.0277 - - 1759417030.373642445 1759417030.401357412 0
Oct 2 14:57:10 standalone container-server[124833]: 172.20.0.100 - - [02/Oct/2025:14:57:10 +0000] "HEAD /d1/525/AUTH_5d9b7941c0d740cf9eadba3e36ca3edd/gnocchi.da1d9b56-8b3f-4f4f-9c50-ea6fad6bada6" 204 - "HEAD http://localhost:8080/v1/AUTH_5d9b7941c0d740cf9eadba3e36ca3edd/gnocchi.da1d9b56-8b3f-4f4f-9c50-ea6fad6bada6?format=json&states=listing" "tx26133a0acc59489c86bd7-0068de92c6" "proxy-server 21" 0.0024 "-" 20 0
Oct 2 14:57:10 standalone proxy-server[126935]: - - 02/Oct/2025/14/57/10 HEAD /v1/AUTH_5d9b7941c0d740cf9eadba3e36ca3edd/gnocchi.da1d9b56-8b3f-4f4f-9c50-ea6fad6bada6%3Fformat%3Djson%26states%3Dlisting HTTP/1.0 204 - Swift - - - - tx26133a0acc59489c86bd7-0068de92c6 - 0.0071 RL - 1759417030.409600973 1759417030.416679382 0
Oct 2 14:57:10 standalone container-server[124854]: 172.20.0.100 - - [02/Oct/2025:14:57:10 +0000] "GET /d1/525/AUTH_5d9b7941c0d740cf9eadba3e36ca3edd/gnocchi.da1d9b56-8b3f-4f4f-9c50-ea6fad6bada6" 200 2 "GET http://localhost:8080/v1/AUTH_5d9b7941c0d740cf9eadba3e36ca3edd/gnocchi.da1d9b56-8b3f-4f4f-9c50-ea6fad6bada6?format=json&states=listing" "tx26133a0acc59489c86bd7-0068de92c6" "proxy-server 21" 0.0028 "-" 22 0
Oct 2 14:57:10 standalone proxy-server[126935]: 172.18.0.2 ::1 02/Oct/2025/14/57/10 GET /v1/AUTH_5d9b7941c0d740cf9eadba3e36ca3edd/gnocchi.da1d9b56-8b3f-4f4f-9c50-ea6fad6bada6%3Fformat%3Djson%26states%3Dlisting HTTP/1.0 200 - python-swiftclient-3.11.1 gAAAAABo3pIFMj76... - 2 - tx26133a0acc59489c86bd7-0068de92c6 - 0.0189 - - 1759417030.407750130 1759417030.426638603 0
Oct 2 14:57:10 standalone object-server[125138]: 172.20.0.100 - - [02/Oct/2025:14:57:10 +0000] "GET /d1/877/AUTH_5d9b7941c0d740cf9eadba3e36ca3edd/gnocchi.da1d9b56-8b3f-4f4f-9c50-ea6fad6bada6/1759320000.0_mean_300.0_v3" 404 70 "GET http://localhost:8080/v1/AUTH_5d9b7941c0d740cf9eadba3e36ca3edd/gnocchi.da1d9b56-8b3f-4f4f-9c50-ea6fad6bada6/1759320000.0_mean_300.0_v3" "tx3b38479d5397453985be2-0068de92c6" "proxy-server 21" 0.0005 "-" 23 0
Oct 2 14:57:10 standalone proxy-server[126935]: 172.18.0.2 ::1 02/Oct/2025/14/57/10 GET /v1/AUTH_5d9b7941c0d740cf9eadba3e36ca3edd/gnocchi.da1d9b56-8b3f-4f4f-9c50-ea6fad6bada6/1759320000.0_mean_300.0_v3 HTTP/1.0 404 - python-swiftclient-3.11.1 gAAAAABo3pIFMj76... - 70 - tx3b38479d5397453985be2-0068de92c6 - 0.0062 - - 1759417030.432496071 1759417030.438693285 0
Oct 2 14:57:10 standalone container-server[124833]: 172.20.0.100 - - [02/Oct/2025:14:57:10 +0000] "PUT /d1/525/AUTH_5d9b7941c0d740cf9eadba3e36ca3edd/gnocchi.da1d9b56-8b3f-4f4f-9c50-ea6fad6bada6/1759320000.0_mean_300.0_v3" 201 - "PUT http://localhost:8080/d1/877/AUTH_5d9b7941c0d740cf9eadba3e36ca3edd/gnocchi.da1d9b56-8b3f-4f4f-9c50-ea6fad6bada6/1759320000.0_mean_300.0_v3" "txe66bf0eed0434406b7ef5-0068de92c6" "object-server 21" 0.0012 "-" 20 0
Oct 2 14:57:10 standalone object-server[125135]: 172.20.0.100 - - [02/Oct/2025:14:57:10 +0000] "PUT /d1/877/AUTH_5d9b7941c0d740cf9eadba3e36ca3edd/gnocchi.da1d9b56-8b3f-4f4f-9c50-ea6fad6bada6/1759320000.0_mean_300.0_v3" 201 - "PUT http://localhost:8080/v1/AUTH_5d9b7941c0d740cf9eadba3e36ca3edd/gnocchi.da1d9b56-8b3f-4f4f-9c50-ea6fad6bada6/1759320000.0_mean_300.0_v3" "txe66bf0eed0434406b7ef5-0068de92c6" "proxy-server 21" 0.0133 "-" 21 0
Oct 2 14:57:10 standalone proxy-server[126935]: 172.18.0.2 ::1 02/Oct/2025/14/57/10 PUT /v1/AUTH_5d9b7941c0d740cf9eadba3e36ca3edd/gnocchi.da1d9b56-8b3f-4f4f-9c50-ea6fad6bada6/1759320000.0_mean_300.0_v3 HTTP/1.0 201 - python-swiftclient-3.11.1 gAAAAABo3pIFMj76... 16 - - txe66bf0eed0434406b7ef5-0068de92c6 - 0.0198 - - 1759417030.442982197 1759417030.462746859 0
Oct 2 14:57:10 standalone container-server[124862]: 172.20.0.100 - - [02/Oct/2025:14:57:10 +0000] "PUT /d1/525/AUTH_5d9b7941c0d740cf9eadba3e36ca3edd/gnocchi.da1d9b56-8b3f-4f4f-9c50-ea6fad6bada6/none_v3" 201 - "PUT http://localhost:8080/d1/788/AUTH_5d9b7941c0d740cf9eadba3e36ca3edd/gnocchi.da1d9b56-8b3f-4f4f-9c50-ea6fad6bada6/none_v3" "txc2e24f86b2aa4af6b0383-0068de92c6" "object-server 25" 0.0010 "-" 23 0
Oct 2 14:57:10 standalone object-server[125140]: 172.20.0.100 - - [02/Oct/2025:14:57:10 +0000] "PUT /d1/788/AUTH_5d9b7941c0d740cf9eadba3e36ca3edd/gnocchi.da1d9b56-8b3f-4f4f-9c50-ea6fad6bada6/none_v3" 201 - "PUT http://localhost:8080/v1/AUTH_5d9b7941c0d740cf9eadba3e36ca3edd/gnocchi.da1d9b56-8b3f-4f4f-9c50-ea6fad6bada6/none_v3" "txc2e24f86b2aa4af6b0383-0068de92c6" "proxy-server 21" 0.0123 "-" 25 0
Oct 2 14:57:10 standalone proxy-server[126935]: 172.18.0.2 ::1 02/Oct/2025/14/57/10 PUT /v1/AUTH_5d9b7941c0d740cf9eadba3e36ca3edd/gnocchi.da1d9b56-8b3f-4f4f-9c50-ea6fad6bada6/none_v3 HTTP/1.0 201 - python-swiftclient-3.11.1 gAAAAABo3pIFMj76... 22 - - txc2e24f86b2aa4af6b0383-0068de92c6 - 0.0188 - - 1759417030.467919350 1759417030.486699104 0
Oct 2 14:57:10 standalone container-server[124833]: 172.20.0.100 - - [02/Oct/2025:14:57:10 +0000] "HEAD /d1/490/AUTH_5d9b7941c0d740cf9eadba3e36ca3edd/gnocchi.9ee8a392-7990-4175-8965-14bbe6988a5f" 404 - "HEAD http://localhost:8080/v1/AUTH_5d9b7941c0d740cf9eadba3e36ca3edd/gnocchi.9ee8a392-7990-4175-8965-14bbe6988a5f?format=json&states=listing" "tx46b02802df37478b803a0-0068de92c6" "proxy-server 21" 0.0006 "-" 20 0
Oct 2 14:57:10 standalone object-server[125138]: 172.20.0.100 - - [02/Oct/2025:14:57:10 +0000] "GET /d1/393/AUTH_5d9b7941c0d740cf9eadba3e36ca3edd/gnocchi.9ee8a392-7990-4175-8965-14bbe6988a5f/none_v3" 404 70 "GET http://localhost:8080/v1/AUTH_5d9b7941c0d740cf9eadba3e36ca3edd/gnocchi.9ee8a392-7990-4175-8965-14bbe6988a5f/none_v3" "tx46b02802df37478b803a0-0068de92c6" "proxy-server 21" 0.0004 "-" 23 0
Oct 2 14:57:10 standalone proxy-server[126935]: 172.18.0.2 ::1 02/Oct/2025/14/57/10 GET /v1/AUTH_5d9b7941c0d740cf9eadba3e36ca3edd/gnocchi.9ee8a392-7990-4175-8965-14bbe6988a5f/none_v3 HTTP/1.0 404 - python-swiftclient-3.11.1 gAAAAABo3pIFMj76... - 70 - tx46b02802df37478b803a0-0068de92c6 - 0.0110 - - 1759417030.500340223 1759417030.511295795 0
Oct 2 14:57:10 standalone account-server[124769]: 172.20.0.100 - - [02/Oct/2025:14:57:10 +0000] "PUT /d1/486/AUTH_5d9b7941c0d740cf9eadba3e36ca3edd/gnocchi.9ee8a392-7990-4175-8965-14bbe6988a5f" 201 - "PUT http://172.20.0.100:6001/d1/490/AUTH_5d9b7941c0d740cf9eadba3e36ca3edd/gnocchi.9ee8a392-7990-4175-8965-14bbe6988a5f" "tx4d75470b3fcc494293760-0068de92c6" "container-server 20" 0.0058 "-" 19 0
Oct 2 14:57:10 standalone container-server[124833]: 172.20.0.100 - - [02/Oct/2025:14:57:10 +0000] "PUT /d1/490/AUTH_5d9b7941c0d740cf9eadba3e36ca3edd/gnocchi.9ee8a392-7990-4175-8965-14bbe6988a5f" 201 - "PUT http://localhost:8080/v1/AUTH_5d9b7941c0d740cf9eadba3e36ca3edd/gnocchi.9ee8a392-7990-4175-8965-14bbe6988a5f" "tx4d75470b3fcc494293760-0068de92c6" "proxy-server 21" 0.0180 "-" 20 0
Oct 2 14:57:10 standalone proxy-server[126935]: 172.18.0.2 ::1 02/Oct/2025/14/57/10 PUT /v1/AUTH_5d9b7941c0d740cf9eadba3e36ca3edd/gnocchi.9ee8a392-7990-4175-8965-14bbe6988a5f HTTP/1.0 201 - python-swiftclient-3.11.1 gAAAAABo3pIFMj76... - - - tx4d75470b3fcc494293760-0068de92c6 - 0.0242 - - 1759417030.515014172 1759417030.539211512 0
Oct 2 14:57:10 standalone container-server[124833]: 172.20.0.100 - - [02/Oct/2025:14:57:10 +0000] "HEAD /d1/490/AUTH_5d9b7941c0d740cf9eadba3e36ca3edd/gnocchi.9ee8a392-7990-4175-8965-14bbe6988a5f" 204 - "HEAD http://localhost:8080/v1/AUTH_5d9b7941c0d740cf9eadba3e36ca3edd/gnocchi.9ee8a392-7990-4175-8965-14bbe6988a5f?format=json&states=listing" "txfd3d41cfd4e547d79e83d-0068de92c6" "proxy-server 21" 0.0014 "-" 20 0
Oct 2 14:57:10 standalone proxy-server[126935]: - - 02/Oct/2025/14/57/10 HEAD /v1/AUTH_5d9b7941c0d740cf9eadba3e36ca3edd/gnocchi.9ee8a392-7990-4175-8965-14bbe6988a5f%3Fformat%3Djson%26states%3Dlisting HTTP/1.0 204 - Swift - - - - txfd3d41cfd4e547d79e83d-0068de92c6 - 0.0049 RL - 1759417030.545626163 1759417030.550528049 0
Oct 2 14:57:10 standalone container-server[124846]: 172.20.0.100 - - [02/Oct/2025:14:57:10 +0000] "GET /d1/490/AUTH_5d9b7941c0d740cf9eadba3e36ca3edd/gnocchi.9ee8a392-7990-4175-8965-14bbe6988a5f" 200 2 "GET http://localhost:8080/v1/AUTH_5d9b7941c0d740cf9eadba3e36ca3edd/gnocchi.9ee8a392-7990-4175-8965-14bbe6988a5f?format=json&states=listing" "txfd3d41cfd4e547d79e83d-0068de92c6" "proxy-server 21" 0.0031 "-" 21 0
Oct 2 14:57:10 standalone proxy-server[126935]: 172.18.0.2 ::1 02/Oct/2025/14/57/10 GET /v1/AUTH_5d9b7941c0d740cf9eadba3e36ca3edd/gnocchi.9ee8a392-7990-4175-8965-14bbe6988a5f%3Fformat%3Djson%26states%3Dlisting HTTP/1.0 200 - python-swiftclient-3.11.1 gAAAAABo3pIFMj76... - 2 - txfd3d41cfd4e547d79e83d-0068de92c6 - 0.0178 - - 1759417030.544287443 1759417030.562093735 0
Oct 2 14:57:10 standalone object-server[125138]: 172.20.0.100 - - [02/Oct/2025:14:57:10 +0000] "GET /d1/949/AUTH_5d9b7941c0d740cf9eadba3e36ca3edd/gnocchi.9ee8a392-7990-4175-8965-14bbe6988a5f/1759320000.0_mean_300.0_v3" 404 70 "GET http://localhost:8080/v1/AUTH_5d9b7941c0d740cf9eadba3e36ca3edd/gnocchi.9ee8a392-7990-4175-8965-14bbe6988a5f/1759320000.0_mean_300.0_v3" "tx525c9fe817e04954ad76e-0068de92c6" "proxy-server 21" 0.0003 "-" 23 0
Oct 2 14:57:10 standalone proxy-server[126935]: 172.18.0.2 ::1 02/Oct/2025/14/57/10 GET /v1/AUTH_5d9b7941c0d740cf9eadba3e36ca3edd/gnocchi.9ee8a392-7990-4175-8965-14bbe6988a5f/1759320000.0_mean_300.0_v3 HTTP/1.0 404 - python-swiftclient-3.11.1 gAAAAABo3pIFMj76... - 70 - tx525c9fe817e04954ad76e-0068de92c6 - 0.0078 - - 1759417030.567261934 1759417030.575081825 0
Oct 2 14:57:10 standalone container-server[124862]: 172.20.0.100 - - [02/Oct/2025:14:57:10 +0000] "PUT /d1/490/AUTH_5d9b7941c0d740cf9eadba3e36ca3edd/gnocchi.9ee8a392-7990-4175-8965-14bbe6988a5f/1759320000.0_mean_300.0_v3" 201 - "PUT http://localhost:8080/d1/949/AUTH_5d9b7941c0d740cf9eadba3e36ca3edd/gnocchi.9ee8a392-7990-4175-8965-14bbe6988a5f/1759320000.0_mean_300.0_v3" "tx9b7ab2b3c63f4ceeae620-0068de92c6" "object-server 22" 0.0013 "-" 23 0
Oct 2 14:57:10 standalone object-server[125136]: 172.20.0.100 - - [02/Oct/2025:14:57:10 +0000] "PUT /d1/949/AUTH_5d9b7941c0d740cf9eadba3e36ca3edd/gnocchi.9ee8a392-7990-4175-8965-14bbe6988a5f/1759320000.0_mean_300.0_v3" 201 - "PUT http://localhost:8080/v1/AUTH_5d9b7941c0d740cf9eadba3e36ca3edd/gnocchi.9ee8a392-7990-4175-8965-14bbe6988a5f/1759320000.0_mean_300.0_v3" "tx9b7ab2b3c63f4ceeae620-0068de92c6" "proxy-server 21" 0.0124 "-" 22 0
Oct 2 14:57:10 standalone proxy-server[126935]: 172.18.0.2 ::1 02/Oct/2025/14/57/10 PUT /v1/AUTH_5d9b7941c0d740cf9eadba3e36ca3edd/gnocchi.9ee8a392-7990-4175-8965-14bbe6988a5f/1759320000.0_mean_300.0_v3 HTTP/1.0 201 - python-swiftclient-3.11.1 gAAAAABo3pIFMj76... 16 - - tx9b7ab2b3c63f4ceeae620-0068de92c6 - 0.0206 - - 1759417030.578741550 1759417030.599387407 0
Oct 2 14:57:10 standalone container-server[124833]: 172.20.0.100 - - [02/Oct/2025:14:57:10 +0000] "PUT /d1/490/AUTH_5d9b7941c0d740cf9eadba3e36ca3edd/gnocchi.9ee8a392-7990-4175-8965-14bbe6988a5f/none_v3" 201 - "PUT http://localhost:8080/d1/393/AUTH_5d9b7941c0d740cf9eadba3e36ca3edd/gnocchi.9ee8a392-7990-4175-8965-14bbe6988a5f/none_v3" "txbf46054c764a4994b8b95-0068de92c6" "object-server 25" 0.0008 "-" 20 0
Oct 2 14:57:10 standalone object-server[125140]: 172.20.0.100 - - [02/Oct/2025:14:57:10 +0000] "PUT /d1/393/AUTH_5d9b7941c0d740cf9eadba3e36ca3edd/gnocchi.9ee8a392-7990-4175-8965-14bbe6988a5f/none_v3" 201 - "PUT http://localhost:8080/v1/AUTH_5d9b7941c0d740cf9eadba3e36ca3edd/gnocchi.9ee8a392-7990-4175-8965-14bbe6988a5f/none_v3" "txbf46054c764a4994b8b95-0068de92c6" "proxy-server 21" 0.0122 "-" 25 0
Oct 2 14:57:10 standalone proxy-server[126935]: 172.18.0.2 ::1 02/Oct/2025/14/57/10 PUT /v1/AUTH_5d9b7941c0d740cf9eadba3e36ca3edd/gnocchi.9ee8a392-7990-4175-8965-14bbe6988a5f/none_v3 HTTP/1.0 201 - python-swiftclient-3.11.1 gAAAAABo3pIFMj76... 22 - - txbf46054c764a4994b8b95-0068de92c6 - 0.0211 - - 1759417030.602981806 1759417030.624032974 0
Oct 2 14:57:10 standalone container-server[124846]: 172.20.0.100 - - [02/Oct/2025:14:57:10 +0000] "HEAD /d1/344/AUTH_5d9b7941c0d740cf9eadba3e36ca3edd/gnocchi.89003f65-adf9-46e4-b8ca-b3770dadae2c" 404 - "HEAD http://localhost:8080/v1/AUTH_5d9b7941c0d740cf9eadba3e36ca3edd/gnocchi.89003f65-adf9-46e4-b8ca-b3770dadae2c?format=json&states=listing" "txbae09385acb64907848e5-0068de92c6" "proxy-server 21" 0.0004 "-" 21 0
Oct 2 14:57:10 standalone object-server[125136]: 172.20.0.100 - - [02/Oct/2025:14:57:10 +0000] "GET /d1/183/AUTH_5d9b7941c0d740cf9eadba3e36ca3edd/gnocchi.89003f65-adf9-46e4-b8ca-b3770dadae2c/none_v3" 404 70 "GET http://localhost:8080/v1/AUTH_5d9b7941c0d740cf9eadba3e36ca3edd/gnocchi.89003f65-adf9-46e4-b8ca-b3770dadae2c/none_v3" "txbae09385acb64907848e5-0068de92c6" "proxy-server 21" 0.0005 "-" 22 0
Oct 2 14:57:10 standalone proxy-server[126935]: 172.18.0.2 ::1 02/Oct/2025/14/57/10 GET /v1/AUTH_5d9b7941c0d740cf9eadba3e36ca3edd/gnocchi.89003f65-adf9-46e4-b8ca-b3770dadae2c/none_v3 HTTP/1.0 404 - python-swiftclient-3.11.1 gAAAAABo3pIFMj76... - 70 - txbae09385acb64907848e5-0068de92c6 - 0.0140 - - 1759417030.636411428 1759417030.650435686 0
Oct 2 14:57:10 standalone account-server[124786]: 172.20.0.100 - - [02/Oct/2025:14:57:10 +0000] "PUT /d1/486/AUTH_5d9b7941c0d740cf9eadba3e36ca3edd/gnocchi.89003f65-adf9-46e4-b8ca-b3770dadae2c" 201 - "PUT http://172.20.0.100:6001/d1/344/AUTH_5d9b7941c0d740cf9eadba3e36ca3edd/gnocchi.89003f65-adf9-46e4-b8ca-b3770dadae2c" "tx41ae4c2c87f74261ba104-0068de92c6" "container-server 21" 0.0059 "-" 22 0
Oct 2 14:57:10 standalone container-server[124846]: 172.20.0.100 - - [02/Oct/2025:14:57:10 +0000] "PUT /d1/344/AUTH_5d9b7941c0d740cf9eadba3e36ca3edd/gnocchi.89003f65-adf9-46e4-b8ca-b3770dadae2c" 201 - "PUT http://localhost:8080/v1/AUTH_5d9b7941c0d740cf9eadba3e36ca3edd/gnocchi.89003f65-adf9-46e4-b8ca-b3770dadae2c" "tx41ae4c2c87f74261ba104-0068de92c6" "proxy-server 21" 0.0187 "-" 21 0
