Oct 2 14:55:10 standalone account-server[124794]: 172.20.0.100 - - [02/Oct/2025:14:55:10 +0000] "PUT /d1/486/AUTH_5d9b7941c0d740cf9eadba3e36ca3edd/gnocchi.1490b8d7-80d1-45e4-8d89-199185bd4ce7" 201 - "PUT http://172.20.0.100:6001/d1/241/AUTH_5d9b7941c0d740cf9eadba3e36ca3edd/gnocchi.1490b8d7-80d1-45e4-8d89-199185bd4ce7" "txcaa04d1a45284ad0bd46e-0068de924e" "container-server 20" 0.0099 "-" 23 0
Oct 2 14:55:10 standalone container-server[124833]: 172.20.0.100 - - [02/Oct/2025:14:55:10 +0000] "PUT /d1/241/AUTH_5d9b7941c0d740cf9eadba3e36ca3edd/gnocchi.1490b8d7-80d1-45e4-8d89-199185bd4ce7" 201 - "PUT http://localhost:8080/v1/AUTH_5d9b7941c0d740cf9eadba3e36ca3edd/gnocchi.1490b8d7-80d1-45e4-8d89-199185bd4ce7" "txcaa04d1a45284ad0bd46e-0068de924e" "proxy-server 21" 0.0363 "-" 20 0
Oct 2 14:55:10 standalone proxy-server[126935]: 172.18.0.2 ::1 02/Oct/2025/14/55/10 PUT /v1/AUTH_5d9b7941c0d740cf9eadba3e36ca3edd/gnocchi.1490b8d7-80d1-45e4-8d89-199185bd4ce7 HTTP/1.0 201 - python-swiftclient-3.11.1 gAAAAABo3pIFMj76... - - - txcaa04d1a45284ad0bd46e-0068de924e - 0.0431 - - 1759416910.244809389 1759416910.287912607 0
Oct 2 14:55:10 standalone container-server[124846]: 172.20.0.100 - - [02/Oct/2025:14:55:10 +0000] "HEAD /d1/241/AUTH_5d9b7941c0d740cf9eadba3e36ca3edd/gnocchi.1490b8d7-80d1-45e4-8d89-199185bd4ce7" 204 - "HEAD http://localhost:8080/v1/AUTH_5d9b7941c0d740cf9eadba3e36ca3edd/gnocchi.1490b8d7-80d1-45e4-8d89-199185bd4ce7?format=json&states=listing" "tx3464c1b5e5aa443181f4e-0068de924e" "proxy-server 21" 0.0032 "-" 21 0
Oct 2 14:55:10 standalone proxy-server[126935]: - - 02/Oct/2025/14/55/10 HEAD /v1/AUTH_5d9b7941c0d740cf9eadba3e36ca3edd/gnocchi.1490b8d7-80d1-45e4-8d89-199185bd4ce7%3Fformat%3Djson%26states%3Dlisting HTTP/1.0 204 - Swift - - - - tx3464c1b5e5aa443181f4e-0068de924e - 0.0074 RL - 1759416910.301923037 1759416910.309335470 0
Oct 2 14:55:10 standalone container-server[124862]: 172.20.0.100 - - [02/Oct/2025:14:55:10 +0000] "GET /d1/241/AUTH_5d9b7941c0d740cf9eadba3e36ca3edd/gnocchi.1490b8d7-80d1-45e4-8d89-199185bd4ce7" 200 2 "GET http://localhost:8080/v1/AUTH_5d9b7941c0d740cf9eadba3e36ca3edd/gnocchi.1490b8d7-80d1-45e4-8d89-199185bd4ce7?format=json&states=listing" "tx3464c1b5e5aa443181f4e-0068de924e" "proxy-server 21" 0.0027 "-" 23 0
Oct 2 14:55:10 standalone proxy-server[126935]: 172.18.0.2 ::1 02/Oct/2025/14/55/10 GET /v1/AUTH_5d9b7941c0d740cf9eadba3e36ca3edd/gnocchi.1490b8d7-80d1-45e4-8d89-199185bd4ce7%3Fformat%3Djson%26states%3Dlisting HTTP/1.0 200 - python-swiftclient-3.11.1 gAAAAABo3pIFMj76... - 2 - tx3464c1b5e5aa443181f4e-0068de924e - 0.0172 - - 1759416910.300668955 1759416910.317845345 0
Oct 2 14:55:10 standalone object-server[125138]: 172.20.0.100 - - [02/Oct/2025:14:55:10 +0000] "GET /d1/148/AUTH_5d9b7941c0d740cf9eadba3e36ca3edd/gnocchi.1490b8d7-80d1-45e4-8d89-199185bd4ce7/1759320000.0_mean_300.0_v3" 404 70 "GET http://localhost:8080/v1/AUTH_5d9b7941c0d740cf9eadba3e36ca3edd/gnocchi.1490b8d7-80d1-45e4-8d89-199185bd4ce7/1759320000.0_mean_300.0_v3" "tx2b4c098c907d43fdb879f-0068de924e" "proxy-server 21" 0.0006 "-" 23 0
Oct 2 14:55:10 standalone proxy-server[126935]: 172.18.0.2 ::1 02/Oct/2025/14/55/10 GET /v1/AUTH_5d9b7941c0d740cf9eadba3e36ca3edd/gnocchi.1490b8d7-80d1-45e4-8d89-199185bd4ce7/1759320000.0_mean_300.0_v3 HTTP/1.0 404 - python-swiftclient-3.11.1 gAAAAABo3pIFMj76... - 70 - tx2b4c098c907d43fdb879f-0068de924e - 0.0071 - - 1759416910.326096296 1759416910.333169937 0
Oct 2 14:55:10 standalone container-server[124854]: 172.20.0.100 - - [02/Oct/2025:14:55:10 +0000] "PUT /d1/241/AUTH_5d9b7941c0d740cf9eadba3e36ca3edd/gnocchi.1490b8d7-80d1-45e4-8d89-199185bd4ce7/1759320000.0_mean_300.0_v3" 201 - "PUT http://localhost:8080/d1/148/AUTH_5d9b7941c0d740cf9eadba3e36ca3edd/gnocchi.1490b8d7-80d1-45e4-8d89-199185bd4ce7/1759320000.0_mean_300.0_v3" "tx111eb42072324169a95ad-0068de924e" "object-server 22" 0.0010 "-" 22 0
Oct 2 14:55:10 standalone object-server[125136]: 172.20.0.100 - - [02/Oct/2025:14:55:10 +0000] "PUT /d1/148/AUTH_5d9b7941c0d740cf9eadba3e36ca3edd/gnocchi.1490b8d7-80d1-45e4-8d89-199185bd4ce7/1759320000.0_mean_300.0_v3" 201 - "PUT http://localhost:8080/v1/AUTH_5d9b7941c0d740cf9eadba3e36ca3edd/gnocchi.1490b8d7-80d1-45e4-8d89-199185bd4ce7/1759320000.0_mean_300.0_v3" "tx111eb42072324169a95ad-0068de924e" "proxy-server 21" 0.0199 "-" 22 0
Oct 2 14:55:10 standalone proxy-server[126935]: 172.18.0.2 ::1 02/Oct/2025/14/55/10 PUT /v1/AUTH_5d9b7941c0d740cf9eadba3e36ca3edd/gnocchi.1490b8d7-80d1-45e4-8d89-199185bd4ce7/1759320000.0_mean_300.0_v3 HTTP/1.0 201 - python-swiftclient-3.11.1 gAAAAABo3pIFMj76... 16 - - tx111eb42072324169a95ad-0068de924e - 0.0268 - - 1759416910.338964701 1759416910.365758657 0
Oct 2 14:55:10 standalone container-server[124833]: 172.20.0.100 - - [02/Oct/2025:14:55:10 +0000] "PUT /d1/241/AUTH_5d9b7941c0d740cf9eadba3e36ca3edd/gnocchi.1490b8d7-80d1-45e4-8d89-199185bd4ce7/none_v3" 201 - "PUT http://localhost:8080/d1/437/AUTH_5d9b7941c0d740cf9eadba3e36ca3edd/gnocchi.1490b8d7-80d1-45e4-8d89-199185bd4ce7/none_v3" "txa524fe075df846c0a1c2d-0068de924e" "object-server 21" 0.0009 "-" 20 0
Oct 2 14:55:10 standalone object-server[125135]: 172.20.0.100 - - [02/Oct/2025:14:55:10 +0000] "PUT /d1/437/AUTH_5d9b7941c0d740cf9eadba3e36ca3edd/gnocchi.1490b8d7-80d1-45e4-8d89-199185bd4ce7/none_v3" 201 - "PUT http://localhost:8080/v1/AUTH_5d9b7941c0d740cf9eadba3e36ca3edd/gnocchi.1490b8d7-80d1-45e4-8d89-199185bd4ce7/none_v3" "txa524fe075df846c0a1c2d-0068de924e" "proxy-server 21" 0.0122 "-" 21 0
Oct 2 14:55:10 standalone proxy-server[126935]: 172.18.0.2 ::1 02/Oct/2025/14/55/10 PUT /v1/AUTH_5d9b7941c0d740cf9eadba3e36ca3edd/gnocchi.1490b8d7-80d1-45e4-8d89-199185bd4ce7/none_v3 HTTP/1.0 201 - python-swiftclient-3.11.1 gAAAAABo3pIFMj76... 22 - - txa524fe075df846c0a1c2d-0068de924e - 0.0191 - - 1759416910.380978346 1759416910.400081635 0
Oct 2 14:55:10 standalone container-server[124846]: 172.20.0.100 - - [02/Oct/2025:14:55:10 +0000] "HEAD /d1/136/AUTH_5d9b7941c0d740cf9eadba3e36ca3edd/gnocchi.dc4bb745-831f-4527-ad3d-ac75709fb7e9" 404 - "HEAD http://localhost:8080/v1/AUTH_5d9b7941c0d740cf9eadba3e36ca3edd/gnocchi.dc4bb745-831f-4527-ad3d-ac75709fb7e9?format=json&states=listing" "txe6d103cd84b84bb9aad7b-0068de924e" "proxy-server 21" 0.0005 "-" 21 0
Oct 2 14:55:10 standalone object-server[125138]: 172.20.0.100 - - [02/Oct/2025:14:55:10 +0000] "GET /d1/170/AUTH_5d9b7941c0d740cf9eadba3e36ca3edd/gnocchi.dc4bb745-831f-4527-ad3d-ac75709fb7e9/none_v3" 404 70 "GET http://localhost:8080/v1/AUTH_5d9b7941c0d740cf9eadba3e36ca3edd/gnocchi.dc4bb745-831f-4527-ad3d-ac75709fb7e9/none_v3" "txe6d103cd84b84bb9aad7b-0068de924e" "proxy-server 21" 0.0004 "-" 23 0
Oct 2 14:55:10 standalone proxy-server[126935]: 172.18.0.2 ::1 02/Oct/2025/14/55/10 GET /v1/AUTH_5d9b7941c0d740cf9eadba3e36ca3edd/gnocchi.dc4bb745-831f-4527-ad3d-ac75709fb7e9/none_v3 HTTP/1.0 404 - python-swiftclient-3.11.1 gAAAAABo3pIFMj76... - 70 - txe6d103cd84b84bb9aad7b-0068de924e - 0.0090 - - 1759416910.506836176 1759416910.515883446 0
Oct 2 14:55:10 standalone account-server[124786]: 172.20.0.100 - - [02/Oct/2025:14:55:10 +0000] "PUT /d1/486/AUTH_5d9b7941c0d740cf9eadba3e36ca3edd/gnocchi.dc4bb745-831f-4527-ad3d-ac75709fb7e9" 201 - "PUT http://172.20.0.100:6001/d1/136/AUTH_5d9b7941c0d740cf9eadba3e36ca3edd/gnocchi.dc4bb745-831f-4527-ad3d-ac75709fb7e9" "txde773764f0fc49a09f5be-0068de924e" "container-server 21" 0.0044 "-" 22 0
Oct 2 14:55:10 standalone container-server[124846]: 172.20.0.100 - - [02/Oct/2025:14:55:10 +0000] "PUT /d1/136/AUTH_5d9b7941c0d740cf9eadba3e36ca3edd/gnocchi.dc4bb745-831f-4527-ad3d-ac75709fb7e9" 201 - "PUT http://localhost:8080/v1/AUTH_5d9b7941c0d740cf9eadba3e36ca3edd/gnocchi.dc4bb745-831f-4527-ad3d-ac75709fb7e9" "txde773764f0fc49a09f5be-0068de924e" "proxy-server 21" 0.0164 "-" 21 0
Oct 2 14:55:10 standalone proxy-server[126935]: 172.18.0.2 ::1 02/Oct/2025/14/55/10 PUT /v1/AUTH_5d9b7941c0d740cf9eadba3e36ca3edd/gnocchi.dc4bb745-831f-4527-ad3d-ac75709fb7e9 HTTP/1.0 201 - python-swiftclient-3.11.1 gAAAAABo3pIFMj76... - - - txde773764f0fc49a09f5be-0068de924e - 0.0206 - - 1759416910.521938801 1759416910.542536736 0
Oct 2 14:55:10 standalone container-server[124846]: 172.20.0.100 - - [02/Oct/2025:14:55:10 +0000] "HEAD /d1/136/AUTH_5d9b7941c0d740cf9eadba3e36ca3edd/gnocchi.dc4bb745-831f-4527-ad3d-ac75709fb7e9" 204 - "HEAD http://localhost:8080/v1/AUTH_5d9b7941c0d740cf9eadba3e36ca3edd/gnocchi.dc4bb745-831f-4527-ad3d-ac75709fb7e9?format=json&states=listing" "tx39838aacb4ca45cdac8c2-0068de924e" "proxy-server 21" 0.0019 "-" 21 0
Oct 2 14:55:10 standalone proxy-server[126935]: - - 02/Oct/2025/14/55/10 HEAD /v1/AUTH_5d9b7941c0d740cf9eadba3e36ca3edd/gnocchi.dc4bb745-831f-4527-ad3d-ac75709fb7e9%3Fformat%3Djson%26states%3Dlisting HTTP/1.0 204 - Swift - - - - tx39838aacb4ca45cdac8c2-0068de924e - 0.0046 RL - 1759416910.550718784 1759416910.555367708 0
Oct 2 14:55:10 standalone container-server[124854]: 172.20.0.100 - - [02/Oct/2025:14:55:10 +0000] "GET /d1/136/AUTH_5d9b7941c0d740cf9eadba3e36ca3edd/gnocchi.dc4bb745-831f-4527-ad3d-ac75709fb7e9" 200 2 "GET http://localhost:8080/v1/AUTH_5d9b7941c0d740cf9eadba3e36ca3edd/gnocchi.dc4bb745-831f-4527-ad3d-ac75709fb7e9?format=json&states=listing" "tx39838aacb4ca45cdac8c2-0068de924e" "proxy-server 21" 0.0030 "-" 22 0
Oct 2 14:55:10 standalone proxy-server[126935]: 172.18.0.2 ::1 02/Oct/2025/14/55/10 GET /v1/AUTH_5d9b7941c0d740cf9eadba3e36ca3edd/gnocchi.dc4bb745-831f-4527-ad3d-ac75709fb7e9%3Fformat%3Djson%26states%3Dlisting HTTP/1.0 200 - python-swiftclient-3.11.1 gAAAAABo3pIFMj76... - 2 - tx39838aacb4ca45cdac8c2-0068de924e - 0.0144 - - 1759416910.549841881 1759416910.564208269 0
Oct 2 14:55:10 standalone object-server[125140]: 172.20.0.100 - - [02/Oct/2025:14:55:10 +0000] "GET /d1/585/AUTH_5d9b7941c0d740cf9eadba3e36ca3edd/gnocchi.dc4bb745-831f-4527-ad3d-ac75709fb7e9/1759320000.0_mean_300.0_v3" 404 70 "GET http://localhost:8080/v1/AUTH_5d9b7941c0d740cf9eadba3e36ca3edd/gnocchi.dc4bb745-831f-4527-ad3d-ac75709fb7e9/1759320000.0_mean_300.0_v3" "txce18910ffef34834894e8-0068de924e" "proxy-server 21" 0.0005 "-" 25 0
Oct 2 14:55:10 standalone proxy-server[126935]: 172.18.0.2 ::1 02/Oct/2025/14/55/10 GET /v1/AUTH_5d9b7941c0d740cf9eadba3e36ca3edd/gnocchi.dc4bb745-831f-4527-ad3d-ac75709fb7e9/1759320000.0_mean_300.0_v3 HTTP/1.0 404 - python-swiftclient-3.11.1 gAAAAABo3pIFMj76... - 70 - txce18910ffef34834894e8-0068de924e - 0.0051 - - 1759416910.573132038 1759416910.578236103 0
Oct 2 14:55:10 standalone container-server[124846]: 172.20.0.100 - - [02/Oct/2025:14:55:10 +0000] "PUT /d1/136/AUTH_5d9b7941c0d740cf9eadba3e36ca3edd/gnocchi.dc4bb745-831f-4527-ad3d-ac75709fb7e9/1759320000.0_mean_300.0_v3" 201 - "PUT http://localhost:8080/d1/585/AUTH_5d9b7941c0d740cf9eadba3e36ca3edd/gnocchi.dc4bb745-831f-4527-ad3d-ac75709fb7e9/1759320000.0_mean_300.0_v3" "tx5e36d0d58bca4bfe95283-0068de924e" "object-server 25" 0.0007 "-" 21 0
Oct 2 14:55:10 standalone object-server[125140]: 172.20.0.100 - - [02/Oct/2025:14:55:10 +0000] "PUT /d1/585/AUTH_5d9b7941c0d740cf9eadba3e36ca3edd/gnocchi.dc4bb745-831f-4527-ad3d-ac75709fb7e9/1759320000.0_mean_300.0_v3" 201 - "PUT http://localhost:8080/v1/AUTH_5d9b7941c0d740cf9eadba3e36ca3edd/gnocchi.dc4bb745-831f-4527-ad3d-ac75709fb7e9/1759320000.0_mean_300.0_v3" "tx5e36d0d58bca4bfe95283-0068de924e" "proxy-server 21" 0.0144 "-" 25 0
Oct 2 14:55:10 standalone proxy-server[126935]: 172.18.0.2 ::1 02/Oct/2025/14/55/10 PUT /v1/AUTH_5d9b7941c0d740cf9eadba3e36ca3edd/gnocchi.dc4bb745-831f-4527-ad3d-ac75709fb7e9/1759320000.0_mean_300.0_v3 HTTP/1.0 201 - python-swiftclient-3.11.1 gAAAAABo3pIFMj76... 16 - - tx5e36d0d58bca4bfe95283-0068de924e - 0.0188 - - 1759416910.584240913 1759416910.603071690 0
Oct 2 14:55:10 standalone container-server[124862]: 172.20.0.100 - - [02/Oct/2025:14:55:10 +0000] "PUT /d1/136/AUTH_5d9b7941c0d740cf9eadba3e36ca3edd/gnocchi.dc4bb745-831f-4527-ad3d-ac75709fb7e9/none_v3" 201 - "PUT http://localhost:8080/d1/170/AUTH_5d9b7941c0d740cf9eadba3e36ca3edd/gnocchi.dc4bb745-831f-4527-ad3d-ac75709fb7e9/none_v3" "tx7c8ef1776bfd4f699dbb8-0068de924e" "object-server 23" 0.0008 "-" 23 0
Oct 2 14:55:10 standalone object-server[125138]: 172.20.0.100 - - [02/Oct/2025:14:55:10 +0000] "PUT /d1/170/AUTH_5d9b7941c0d740cf9eadba3e36ca3edd/gnocchi.dc4bb745-831f-4527-ad3d-ac75709fb7e9/none_v3" 201 - "PUT http://localhost:8080/v1/AUTH_5d9b7941c0d740cf9eadba3e36ca3edd/gnocchi.dc4bb745-831f-4527-ad3d-ac75709fb7e9/none_v3" "tx7c8ef1776bfd4f699dbb8-0068de924e" "proxy-server 21" 0.0151 "-" 23 0
Oct 2 14:55:10 standalone proxy-server[126935]: 172.18.0.2 ::1 02/Oct/2025/14/55/10 PUT /v1/AUTH_5d9b7941c0d740cf9eadba3e36ca3edd/gnocchi.dc4bb745-831f-4527-ad3d-ac75709fb7e9/none_v3 HTTP/1.0 201 - python-swiftclient-3.11.1 gAAAAABo3pIFMj76... 22 - - tx7c8ef1776bfd4f699dbb8-0068de924e - 0.0212 - - 1759416910.610306978 1759416910.631505489 0
Oct 2 14:55:10 standalone container-server[124862]: 172.20.0.100 - - [02/Oct/2025:14:55:10 +0000] "HEAD /d1/338/AUTH_5d9b7941c0d740cf9eadba3e36ca3edd/gnocchi.4f64ea4d-6070-416d-99cb-5d8b3a974410" 404 - "HEAD http://localhost:8080/v1/AUTH_5d9b7941c0d740cf9eadba3e36ca3edd/gnocchi.4f64ea4d-6070-416d-99cb-5d8b3a974410?format=json&states=listing" "txb5ce8e82ad4046d4b1c4a-0068de924e" "proxy-server 21" 0.0006 "-" 23 0
Oct 2 14:55:10 standalone object-server[125140]: 172.20.0.100 - - [02/Oct/2025:14:55:10 +0000] "GET /d1/20/AUTH_5d9b7941c0d740cf9eadba3e36ca3edd/gnocchi.4f64ea4d-6070-416d-99cb-5d8b3a974410/none_v3" 404 70 "GET http://localhost:8080/v1/AUTH_5d9b7941c0d740cf9eadba3e36ca3edd/gnocchi.4f64ea4d-6070-416d-99cb-5d8b3a974410/none_v3" "txb5ce8e82ad4046d4b1c4a-0068de924e" "proxy-server 21" 0.0005 "-" 25 0
Oct 2 14:55:10 standalone proxy-server[126935]: 172.18.0.2 ::1 02/Oct/2025/14/55/10 GET /v1/AUTH_5d9b7941c0d740cf9eadba3e36ca3edd/gnocchi.4f64ea4d-6070-416d-99cb-5d8b3a974410/none_v3 HTTP/1.0 404 - python-swiftclient-3.11.1 gAAAAABo3pIFMj76... - 70 - txb5ce8e82ad4046d4b1c4a-0068de924e - 0.0094 - - 1759416910.656835318 1759416910.666190624 0
Oct 2 14:55:10 standalone account-server[124794]: 172.20.0.100 - - [02/Oct/2025:14:55:10 +0000] "PUT /d1/486/AUTH_5d9b7941c0d740cf9eadba3e36ca3edd/gnocchi.4f64ea4d-6070-416d-99cb-5d8b3a974410" 201 - "PUT http://172.20.0.100:6001/d1/338/AUTH_5d9b7941c0d740cf9eadba3e36ca3edd/gnocchi.4f64ea4d-6070-416d-99cb-5d8b3a974410" "tx76d8164ad66141eab91fa-0068de924e" "container-server 22" 0.0084 "-" 23 0
Oct 2 14:55:10 standalone container-server[124854]: 172.20.0.100 - - [02/Oct/2025:14:55:10 +0000] "PUT /d1/338/AUTH_5d9b7941c0d740cf9eadba3e36ca3edd/gnocchi.4f64ea4d-6070-416d-99cb-5d8b3a974410" 201 - "PUT http://localhost:8080/v1/AUTH_5d9b7941c0d740cf9eadba3e36ca3edd/gnocchi.4f64ea4d-6070-416d-99cb-5d8b3a974410" "tx76d8164ad66141eab91fa-0068de924e" "proxy-server 21" 0.0274 "-" 22 0
Oct 2 14:55:10 standalone proxy-server[126935]: 172.18.0.2 ::1 02/Oct/2025/14/55/10 PUT /v1/AUTH_5d9b7941c0d740cf9eadba3e36ca3edd/gnocchi.4f64ea4d-6070-416d-99cb-5d8b3a974410 HTTP/1.0 201 - python-swiftclient-3.11.1 gAAAAABo3pIFMj76... - - - tx76d8164ad66141eab91fa-0068de924e - 0.0329 - - 1759416910.671186447 1759416910.704128504 0
Oct 2 14:55:10 standalone container-server[124862]: 172.20.0.100 - - [02/Oct/2025:14:55:10 +0000] "HEAD /d1/338/AUTH_5d9b7941c0d740cf9eadba3e36ca3edd/gnocchi.4f64ea4d-6070-416d-99cb-5d8b3a974410" 204 - "HEAD http://localhost:8080/v1/AUTH_5d9b7941c0d740cf9eadba3e36ca3edd/gnocchi.4f64ea4d-6070-416d-99cb-5d8b3a974410?format=json&states=listing" "txfccb9fef51ba4c5fb3721-0068de924e" "proxy-server 21" 0.0016 "-" 23 0
Oct 2 14:55:10 standalone proxy-server[126935]: - - 02/Oct/2025/14/55/10 HEAD /v1/AUTH_5d9b7941c0d740cf9eadba3e36ca3edd/gnocchi.4f64ea4d-6070-416d-99cb-5d8b3a974410%3Fformat%3Djson%26states%3Dlisting HTTP/1.0 204 - Swift - - - - txfccb9fef51ba4c5fb3721-0068de924e - 0.0048 RL - 1759416910.713304520 1759416910.718057871 0
Oct 2 14:55:10 standalone container-server[124862]: 172.20.0.100 - - [02/Oct/2025:14:55:10 +0000] "GET /d1/338/AUTH_5d9b7941c0d740cf9eadba3e36ca3edd/gnocchi.4f64ea4d-6070-416d-99cb-5d8b3a974410" 200 2 "GET http://localhost:8080/v1/AUTH_5d9b7941c0d740cf9eadba3e36ca3edd/gnocchi.4f64ea4d-6070-416d-99cb-5d8b3a974410?format=json&states=listing" "txfccb9fef51ba4c5fb3721-0068de924e" "proxy-server 21" 0.0018 "-" 23 0
Oct 2 14:55:10 standalone proxy-server[126935]: 172.18.0.2 ::1 02/Oct/2025/14/55/10 GET /v1/AUTH_5d9b7941c0d740cf9eadba3e36ca3edd/gnocchi.4f64ea4d-6070-416d-99cb-5d8b3a974410%3Fformat%3Djson%26states%3Dlisting HTTP/1.0 200 - python-swiftclient-3.11.1 gAAAAABo3pIFMj76... - 2 - txfccb9fef51ba4c5fb3721-0068de924e - 0.0115 - - 1759416910.712221384 1759416910.723708630 0
Oct 2 14:55:10 standalone object-server[125136]: 172.20.0.100 - - [02/Oct/2025:14:55:10 +0000] "GET /d1/199/AUTH_5d9b7941c0d740cf9eadba3e36ca3edd/gnocchi.4f64ea4d-6070-416d-99cb-5d8b3a974410/1759320000.0_mean_300.0_v3" 404 70 "GET http://localhost:8080/v1/AUTH_5d9b7941c0d740cf9eadba3e36ca3edd/gnocchi.4f64ea4d-6070-416d-99cb-5d8b3a974410/1759320000.0_mean_300.0_v3" "tx00bd56d5b7b84cdf81d5a-0068de924e" "proxy-server 21" 0.0005 "-" 22 0
Oct 2 14:55:10 standalone proxy-server[126935]: 172.18.0.2 ::1 02/Oct/2025/14/55/10 GET /v1/AUTH_5d9b7941c0d740cf9eadba3e36ca3edd/gnocchi.4f64ea4d-6070-416d-99cb-5d8b3a974410/1759320000.0_mean_300.0_v3 HTTP/1.0 404 - python-swiftclient-3.11.1 gAAAAABo3pIFMj76... - 70 - tx00bd56d5b7b84cdf81d5a-0068de924e - 0.0051 - - 1759416910.732396364 1759416910.737487316 0
Oct 2 14:55:10 standalone container-server[124854]: 172.20.0.100 - - [02/Oct/2025:14:55:10 +0000] "PUT /d1/338/AUTH_5d9b7941c0d740cf9eadba3e36ca3edd/gnocchi.4f64ea4d-6070-416d-99cb-5d8b3a974410/1759320000.0_mean_300.0_v3" 201 - "PUT http://localhost:8080/d1/199/AUTH_5d9b7941c0d740cf9eadba3e36ca3edd/gnocchi.4f64ea4d-6070-416d-99cb-5d8b3a974410/1759320000.0_mean_300.0_v3" "txeab7d600bc754c8fb3a14-0068de924e" "object-server 21" 0.0013 "-" 22 0
Oct 2 14:55:10 standalone object-server[125135]: 172.20.0.100 - - [02/Oct/2025:14:55:10 +0000] "PUT /d1/199/AUTH_5d9b7941c0d740cf9eadba3e36ca3edd/gnocchi.4f64ea4d-6070-416d-99cb-5d8b3a974410/1759320000.0_mean_300.0_v3" 201 - "PUT http://localhost:8080/v1/AUTH_5d9b7941c0d740cf9eadba3e36ca3edd/gnocchi.4f64ea4d-6070-416d-99cb-5d8b3a974410/1759320000.0_mean_300.0_v3" "txeab7d600bc754c8fb3a14-0068de924e" "proxy-server 21" 0.0146 "-" 21 0
Oct 2 14:55:10 standalone proxy-server[126935]: 172.18.0.2 ::1 02/Oct/2025/14/55/10 PUT /v1/AUTH_5d9b7941c0d740cf9eadba3e36ca3edd/gnocchi.4f64ea4d-6070-416d-99cb-5d8b3a974410/1759320000.0_mean_300.0_v3 HTTP/1.0 201 - python-swiftclient-3.11.1 gAAAAABo3pIFMj76... 16 - - txeab7d600bc754c8fb3a14-0068de924e - 0.0205 - - 1759416910.743569374 1759416910.764053345 0
Oct 2 14:55:10 standalone container-server[124862]: 172.20.0.100 - - [02/Oct/2025:14:55:10 +0000] "PUT /d1/338/AUTH_5d9b7941c0d740cf9eadba3e36ca3edd/gnocchi.4f64ea4d-6070-416d-99cb-5d8b3a974410/none_v3" 201 - "PUT http://localhost:8080/d1/20/AUTH_5d9b7941c0d740cf9eadba3e36ca3edd/gnocchi.4f64ea4d-6070-416d-99cb-5d8b3a974410/none_v3" "txc1516e3722604b769bfa6-0068de924e" "object-server 23" 0.0011 "-" 23 0
Oct 2 14:55:10 standalone object-server[125138]: 172.20.0.100 - - [02/Oct/2025:14:55:10 +0000] "PUT /d1/20/AUTH_5d9b7941c0d740cf9eadba3e36ca3edd/gnocchi.4f64ea4d-6070-416d-99cb-5d8b3a974410/none_v3" 201 - "PUT http://localhost:8080/v1/AUTH_5d9b7941c0d740cf9eadba3e36ca3edd/gnocchi.4f64ea4d-6070-416d-99cb-5d8b3a974410/none_v3" "txc1516e3722604b769bfa6-0068de924e" "proxy-server 21" 0.0139 "-" 23 0
Oct 2 14:55:10 standalone proxy-server[126935]: 172.18.0.2 ::1 02/Oct/2025/14/55/10 PUT /v1/AUTH_5d9b7941c0d740cf9eadba3e36ca3edd/gnocchi.4f64ea4d-6070-416d-99cb-5d8b3a974410/none_v3 HTTP/1.0 201 - python-swiftclient-3.11.1 gAAAAABo3pIFMj76... 22 - - txc1516e3722604b769bfa6-0068de924e - 0.0212 - - 1759416910.771983147 1759416910.793228149 0
Oct 2 14:55:10 standalone container-server[124854]: 172.20.0.100 - - [02/Oct/2025:14:55:10 +0000] "HEAD /d1/697/AUTH_5d9b7941c0d740cf9eadba3e36ca3edd/gnocchi.f095e395-5415-4dc1-a339-d036baa16c5d" 404 - "HEAD http://localhost:8080/v1/AUTH_5d9b7941c0d740cf9eadba3e36ca3edd/gnocchi.f095e395-5415-4dc1-a339-d036baa16c5d?format=json&states=listing" "txebeda5dbd75f4289b6245-0068de924e" "proxy-server 21" 0.0010 "-" 22 0
Oct 2 14:55:10 standalone object-server[125136]: 172.20.0.100 - - [02/Oct/2025:14:55:10 +0000] "GET /d1/260/AUTH_5d9b7941c0d740cf9eadba3e36ca3edd/gnocchi.f095e395-5415-4dc1-a339-d036baa16c5d/none_v3" 404 70 "GET http://localhost:8080/v1/AUTH_5d9b7941c0d740cf9eadba3e36ca3edd/gnocchi.f095e395-5415-4dc1-a339-d036baa16c5d/none_v3" "txebeda5dbd75f4289b6245-0068de924e" "proxy-server 21" 0.0004 "-" 22 0
Oct 2 14:55:10 standalone proxy-server[126935]: 172.18.0.2 ::1 02/Oct/2025/14/55/10 GET /v1/AUTH_5d9b7941c0d740cf9eadba3e36ca3edd/gnocchi.f095e395-5415-4dc1-a339-d036baa16c5d/none_v3 HTTP/1.0 404 - python-swiftclient-3.11.1 gAAAAABo3pIFMj76... - 70 - txebeda5dbd75f4289b6245-0068de924e - 0.0103 - - 1759416910.816123247 1759416910.826380014 0
Oct 2 14:55:10 standalone account-server[124794]: 172.20.0.100 - - [02/Oct/2025:14:55:10 +0000] "PUT /d1/486/AUTH_5d9b7941c0d740cf9eadba3e36ca3edd/gnocchi.f095e395-5415-4dc1-a339-d036baa16c5d" 201 - "PUT http://172.20.0.100:6001/d1/697/AUTH_5d9b7941c0d740cf9eadba3e36ca3edd/gnocchi.f095e395-5415-4dc1-a339-d036baa16c5d" "tx882de1d8c62e4c51b2254-0068de924e" "container-server 21" 0.0082 "-" 23 0
Oct 2 14:55:10 standalone container-server[124846]: 172.20.0.100 - - [02/Oct/2025:14:55:10 +0000] "PUT /d1/697/AUTH_5d9b7941c0d740cf9eadba3e36ca3edd/gnocchi.f095e395-5415-4dc1-a339-d036baa16c5d" 201 - "PUT http://localhost:8080/v1/AUTH_5d9b7941c0d740cf9eadba3e36ca3edd/gnocchi.f095e395-5415-4dc1-a339-d036baa16c5d" "tx882de1d8c62e4c51b2254-0068de924e" "proxy-server 21" 0.0226 "-" 21 0
Oct 2 14:55:10 standalone proxy-server[126935]: 172.18.0.2 ::1 02/Oct/2025/14/55/10 PUT /v1/AUTH_5d9b7941c0d740cf9eadba3e36ca3edd/gnocchi.f095e395-5415-4dc1-a339-d036baa16c5d HTTP/1.0 201 - python-swiftclient-3.11.1 gAAAAABo3pIFMj76... - - - tx882de1d8c62e4c51b2254-0068de924e - 0.0286 - - 1759416910.830825329 1759416910.859428883 0
Oct 2 14:55:10 standalone container-server[124862]: 172.20.0.100 - - [02/Oct/2025:14:55:10 +0000] "HEAD /d1/697/AUTH_5d9b7941c0d740cf9eadba3e36ca3edd/gnocchi.f095e395-5415-4dc1-a339-d036baa16c5d" 204 - "HEAD http://localhost:8080/v1/AUTH_5d9b7941c0d740cf9eadba3e36ca3edd/gnocchi.f095e395-5415-4dc1-a339-d036baa16c5d?format=json&states=listing" "tx701f83600e38425284c71-0068de924e" "proxy-server 21" 0.0019 "-" 23 0
Oct 2 14:55:10 standalone proxy-server[126935]: - - 02/Oct/2025/14/55/10 HEAD /v1/AUTH_5d9b7941c0d740cf9eadba3e36ca3edd/gnocchi.f095e395-5415-4dc1-a339-d036baa16c5d%3Fformat%3Djson%26states%3Dlisting HTTP/1.0 204 - Swift - - - - tx701f83600e38425284c71-0068de924e - 0.0053 RL - 1759416910.865576982 1759416910.870885372 0
Oct 2 14:55:10 standalone container-server[124846]: 172.20.0.100 - - [02/Oct/2025:14:55:10 +0000] "GET /d1/697/AUTH_5d9b7941c0d740cf9eadba3e36ca3edd/gnocchi.f095e395-5415-4dc1-a339-d036baa16c5d" 200 2 "GET http://localhost:8080/v1/AUTH_5d9b7941c0d740cf9eadba3e36ca3edd/gnocchi.f095e395-5415-4dc1-a339-d036baa16c5d?format=json&states=listing" "tx701f83600e38425284c71-0068de924e" "proxy-server 21" 0.0082 "-" 21 0
Oct 2 14:55:10 standalone proxy-server[126935]: 172.18.0.2 ::1 02/Oct/2025/14/55/10 GET /v1/AUTH_5d9b7941c0d740cf9eadba3e36ca3edd/gnocchi.f095e395-5415-4dc1-a339-d036baa16c5d%3Fformat%3Djson%26states%3Dlisting HTTP/1.0 200 - python-swiftclient-3.11.1 gAAAAABo3pIFMj76... - 2 - tx701f83600e38425284c71-0068de924e - 0.0206 - - 1759416910.864615440 1759416910.885232925 0
Oct 2 14:55:10 standalone object-server[125136]: 172.20.0.100 - - [02/Oct/2025:14:55:10 +0000] "GET /d1/375/AUTH_5d9b7941c0d740cf9eadba3e36ca3edd/gnocchi.f095e395-5415-4dc1-a339-d036baa16c5d/1759320000.0_mean_300.0_v3" 404 70 "GET http://localhost:8080/v1/AUTH_5d9b7941c0d740cf9eadba3e36ca3edd/gnocchi.f095e395-5415-4dc1-a339-d036baa16c5d/1759320000.0_mean_300.0_v3" "tx44170e74f7af48efadc11-0068de924e" "proxy-server 21" 0.0005 "-" 22 0
Oct 2 14:55:10 standalone proxy-server[126935]: 172.18.0.2 ::1 02/Oct/2025/14/55/10 GET /v1/AUTH_5d9b7941c0d740cf9eadba3e36ca3edd/gnocchi.f095e395-5415-4dc1-a339-d036baa16c5d/1759320000.0_mean_300.0_v3 HTTP/1.0 404 - python-swiftclient-3.11.1 gAAAAABo3pIFMj76... - 70 - tx44170e74f7af48efadc11-0068de924e - 0.0051 - - 1759416910.891035318 1759416910.896119833 0
Oct 2 14:55:10 standalone container-server[124833]: 172.20.0.100 - - [02/Oct/2025:14:55:10 +0000] "PUT /d1/697/AUTH_5d9b7941c0d740cf9eadba3e36ca3edd/gnocchi.f095e395-5415-4dc1-a339-d036baa16c5d/1759320000.0_mean_300.0_v3" 201 - "PUT http://localhost:8080/d1/375/AUTH_5d9b7941c0d740cf9eadba3e36ca3edd/gnocchi.f095e395-5415-4dc1-a339-d036baa16c5d/1759320000.0_mean_300.0_v3" "tx97702e8df87c4f93baa50-0068de924e" "object-server 23" 0.0011 "-" 20 0
Oct 2 14:55:10 standalone object-server[125138]: 172.20.0.100 - - [02/Oct/2025:14:55:10 +0000] "PUT /d1/375/AUTH_5d9b7941c0d740cf9eadba3e36ca3edd/gnocchi.f095e395-5415-4dc1-a339-d036baa16c5d/1759320000.0_mean_300.0_v3" 201 - "PUT http://localhost:8080/v1/AUTH_5d9b7941c0d740cf9eadba3e36ca3edd/gnocchi.f095e395-5415-4dc1-a339-d036baa16c5d/1759320000.0_mean_300.0_v3" "tx97702e8df87c4f93baa50-0068de924e" "proxy-server 21" 0.0128 "-" 23 0
Oct 2 14:55:10 standalone proxy-server[126935]: 172.18.0.2 ::1 02/Oct/2025/14/55/10 PUT /v1/AUTH_5d9b7941c0d740cf9eadba3e36ca3edd/gnocchi.f095e395-5415-4dc1-a339-d036baa16c5d/1759320000.0_mean_300.0_v3 HTTP/1.0 201 - python-swiftclient-3.11.1 gAAAAABo3pIFMj76... 16 - - tx97702e8df87c4f93baa50-0068de924e - 0.0177 - - 1759416910.900569439 1759416910.918250322 0
Oct 2 14:55:10 standalone container-server[124854]: 172.20.0.100 - - [02/Oct/2025:14:55:10 +0000] "PUT /d1/697/AUTH_5d9b7941c0d740cf9eadba3e36ca3edd/gnocchi.f095e395-5415-4dc1-a339-d036baa16c5d/none_v3" 201 - "PUT http://localhost:8080/d1/260/AUTH_5d9b7941c0d740cf9eadba3e36ca3edd/gnocchi.f095e395-5415-4dc1-a339-d036baa16c5d/none_v3" "tx3ec211824a594f8899807-0068de924e" "object-server 22" 0.0008 "-" 22 0
Oct 2 14:55:10 standalone object-server[125136]: 172.20.0.100 - - [02/Oct/2025:14:55:10 +0000] "PUT /d1/260/AUTH_5d9b7941c0d740cf9eadba3e36ca3edd/gnocchi.f095e395-5415-4dc1-a339-d036baa16c5d/none_v3" 201 - "PUT http://localhost:8080/v1/AUTH_5d9b7941c0d740cf9eadba3e36ca3edd/gnocchi.f095e395-5415-4dc1-a339-d036baa16c5d/none_v3" "tx3ec211824a594f8899807-0068de924e" "proxy-server 21" 0.0123 "-" 22 0
Oct 2 14:55:10 standalone proxy-server[126935]: 172.18.0.2 ::1 02/Oct/2025/14/55/10 PUT /v1/AUTH_5d9b7941c0d740cf9eadba3e36ca3edd/gnocchi.f095e395-5415-4dc1-a339-d036baa16c5d/none_v3 HTTP/1.0 201 - python-swiftclient-3.11.1 gAAAAABo3pIFMj76... 22 - - tx3ec211824a594f8899807-0068de924e - 0.0166 - - 1759416910.926946402 1759416910.943515062 0
Oct 2 14:56:32 standalone account-server[124779]: 172.20.0.100 - - [02/Oct/2025:14:56:32 +0000] "HEAD /d1/181/.expiring_objects" 404 - "HEAD http://localhost/v1/.expiring_objects?format=json" "txeb6b198db302437ab5c11-0068de92a0" "proxy-server 2" 0.0005 "-" 21 -
Oct 2 14:56:32 standalone object-expirer[124927]: Pass completed in 0s; 0 objects expired (txn: txeb6b198db302437ab5c11-0068de92a0)
Oct 2 14:57:09 standalone account-server[124794]: 172.20.0.100 - - [02/Oct/2025:14:57:09 +0000] "HEAD /d1/486/AUTH_5d9b7941c0d740cf9eadba3e36ca3edd" 204 - "HEAD http://localhost:8080/v1/AUTH_5d9b7941c0d740cf9eadba3e36ca3edd?format=json" "tx9e73bb21ca4f4104827d8-0068de92c5" "proxy-server 21" 0.0137 "-" 23 -
Oct 2 14:57:09 standalone proxy-server[126935]: - - 02/Oct/2025/14/57/09 HEAD /v1/AUTH_5d9b7941c0d740cf9eadba3e36ca3edd%3Fformat%3Djson HTTP/1.0 204 - Swift - - - - tx9e73bb21ca4f4104827d8-0068de92c5 - 0.0197 RL - 1759417029.213258505 1759417029.232957602 -
Oct 2 14:57:09 standalone container-server[124862]: 172.20.0.100 - - [02/Oct/2025:14:57:09 +0000] "HEAD /d1/294/AUTH_5d9b7941c0d740cf9eadba3e36ca3edd/gnocchi.ac60fc8e-f3c8-4491-99c0-0b3ded963035" 404 - "HEAD http://localhost:8080/v1/AUTH_5d9b7941c0d740cf9eadba3e36ca3edd/gnocchi.ac60fc8e-f3c8-4491-99c0-0b3ded963035?format=json&states=listing" "tx9e73bb21ca4f4104827d8-0068de92c5" "proxy-server 21" 0.0008 "-" 23 0
Oct 2 14:57:09 standalone object-server[125136]: 172.20.0.100 - - [02/Oct/2025:14:57:09 +0000] "GET /d1/613/AUTH_5d9b7941c0d740cf9eadba3e36ca3edd/gnocchi.ac60fc8e-f3c8-4491-99c0-0b3ded963035/none_v3" 404 70 "GET http://localhost:8080/v1/AUTH_5d9b7941c0d740cf9eadba3e36ca3edd/gnocchi.ac60fc8e-f3c8-4491-99c0-0b3ded963035/none_v3" "tx9e73bb21ca4f4104827d8-0068de92c5" "proxy-server 21" 0.0006 "-" 22 0
Oct 2 14:57:09 standalone proxy-server[126935]: 172.18.0.2 ::1 02/Oct/2025/14/57/09 GET /v1/AUTH_5d9b7941c0d740cf9eadba3e36ca3edd/gnocchi.ac60fc8e-f3c8-4491-99c0-0b3ded963035/none_v3 HTTP/1.0 404 - python-swiftclient-3.11.1 gAAAAABo3pIFMj76... - 70 - tx9e73bb21ca4f4104827d8-0068de92c5 - 0.0326 - - 1759417029.212476015 1759417029.245065928 0
Oct 2 14:57:09 standalone account-server[124786]: 172.20.0.100 - - [02/Oct/2025:14:57:09 +0000] "PUT /d1/486/AUTH_5d9b7941c0d740cf9eadba3e36ca3edd/gnocchi.ac60fc8e-f3c8-4491-99c0-0b3ded963035" 201 - "PUT http://172.20.0.100:6001/d1/294/AUTH_5d9b7941c0d740cf9eadba3e36ca3edd/gnocchi.ac60fc8e-f3c8-4491-99c0-0b3ded963035" "txaea547da1c3f4f4a9c920-0068de92c5" "container-server 22" 0.0012 "-" 22 0
Oct 2 14:57:09 standalone container-server[124854]: 172.20.0.100 - - [02/Oct/2025:14:57:09 +0000] "PUT /d1/294/AUTH_5d9b7941c0d740cf9eadba3e36ca3edd/gnocchi.ac60fc8e-f3c8-4491-99c0-0b3ded963035" 201 - "PUT http://localhost:8080/v1/AUTH_5d9b7941c0d740cf9eadba3e36ca3edd/gnocchi.ac60fc8e-f3c8-4491-99c0-0b3ded963035" "txaea547da1c3f4f4a9c920-0068de92c5" "proxy-server 21" 0.0393 "-" 22 0
Oct 2 14:57:09 standalone proxy-server[126935]: 172.18.0.2 ::1 02/Oct/2025/14/57/09 PUT /v1/AUTH_5d9b7941c0d740cf9eadba3e36ca3edd/gnocchi.ac60fc8e-f3c8-4491-99c0-0b3ded963035 HTTP/1.0 201 - python-swiftclient-3.11.1 gAAAAABo3pIFMj76... - - - txaea547da1c3f4f4a9c920-0068de92c5 - 0.0449 - - 1759417029.248279095 1759417029.293194056 0
Oct 2 14:57:09 standalone container-server[124833]: 172.20.0.100 - - [02/Oct/2025:14:57:09 +0000] "HEAD /d1/294/AUTH_5d9b7941c0d740cf9eadba3e36ca3edd/gnocchi.ac60fc8e-f3c8-4491-99c0-0b3ded963035" 204 - "HEAD http://localhost:8080/v1/AUTH_5d9b7941c0d740cf9eadba3e36ca3edd/gnocchi.ac60fc8e-f3c8-4491-99c0-0b3ded963035?format=json&states=listing" "tx11511c65ff194e3fbb794-0068de92c5" "proxy-server 21" 0.0017 "-" 20 0
Oct 2 14:57:09 standalone proxy-server[126935]: - - 02/Oct/2025/14/57/09 HEAD /v1/AUTH_5d9b7941c0d740cf9eadba3e36ca3edd/gnocchi.ac60fc8e-f3c8-4491-99c0-0b3ded963035%3Fformat%3Djson%26states%3Dlisting HTTP/1.0 204 - Swift - - - - tx11511c65ff194e3fbb794-0068de92c5 - 0.0048 RL - 1759417029.297811031 1759417029.302566051 0
Oct 2 14:57:09 standalone container-server[124846]: 172.20.0.100 - - [02/Oct/2025:14:57:09 +0000] "GET /d1/294/AUTH_5d9b7941c0d740cf9eadba3e36ca3edd/gnocchi.ac60fc8e-f3c8-4491-99c0-0b3ded963035" 200 2 "GET http://localhost:8080/v1/AUTH_5d9b7941c0d740cf9eadba3e36ca3edd/gnocchi.ac60fc8e-f3c8-4491-99c0-0b3ded963035?format=json&states=listing" "tx11511c65ff194e3fbb794-0068de92c5" "proxy-server 21" 0.0020 "-" 21 0
Oct 2 14:57:09 standalone proxy-server[126935]: 172.18.0.2 ::1 02/Oct/2025/14/57/09 GET /v1/AUTH_5d9b7941c0d740cf9eadba3e36ca3edd/gnocchi.ac60fc8e-f3c8-4491-99c0-0b3ded963035%3Fformat%3Djson%26states%3Dlisting HTTP/1.0 200 - python-swiftclient-3.11.1 gAAAAABo3pIFMj76... - 2 - tx11511c65ff194e3fbb794-0068de92c5 - 0.0126 - - 1759417029.296881676 1759417029.309472561 0
Oct 2 14:57:09 standalone object-server[125138]: 172.20.0.100 - - [02/Oct/2025:14:57:09 +0000] "GET /d1/555/AUTH_5d9b7941c0d740cf9eadba3e36ca3edd/gnocchi.ac60fc8e-f3c8-4491-99c0-0b3ded963035/1759320000.0_mean_300.0_v3" 404 70 "GET http://localhost:8080/v1/AUTH_5d9b7941c0d740cf9eadba3e36ca3edd/gnocchi.ac60fc8e-f3c8-4491-99c0-0b3ded963035/1759320000.0_mean_300.0_v3" "tx8512503d4dd24a61bb5c9-0068de92c5" "proxy-server 21" 0.0004 "-" 23 0
Oct 2 14:57:09 standalone proxy-server[126935]: 172.18.0.2 ::1 02/Oct/2025/14/57/09 GET /v1/AUTH_5d9b7941c0d740cf9eadba3e36ca3edd/gnocchi.ac60fc8e-f3c8-4491-99c0-0b3ded963035/1759320000.0_mean_300.0_v3 HTTP/1.0 404 - python-swiftclient-3.11.1 gAAAAABo3pIFMj76... - 70 - tx8512503d4dd24a61bb5c9-0068de92c5 - 0.0048 - - 1759417029.313393831 1759417029.318232775 0
Oct 2 14:57:09 standalone container-server[124862]: 172.20.0.100 - - [02/Oct/2025:14:57:09 +0000] "PUT /d1/294/AUTH_5d9b7941c0d740cf9eadba3e36ca3edd/gnocchi.ac60fc8e-f3c8-4491-99c0-0b3ded963035/1759320000.0_mean_300.0_v3" 201 - "PUT http://localhost:8080/d1/555/AUTH_5d9b7941c0d740cf9eadba3e36ca3edd/gnocchi.ac60fc8e-f3c8-4491-99c0-0b3ded963035/1759320000.0_mean_300.0_v3" "txe4f36d085c0147828a245-0068de92c5" "object-server 25" 0.0009 "-" 23 0
Oct 2 14:57:09 standalone object-server[125140]: 172.20.0.100 - - [02/Oct/2025:14:57:09 +0000] "PUT /d1/555/AUTH_5d9b7941c0d740cf9eadba3e36ca3edd/gnocchi.ac60fc8e-f3c8-4491-99c0-0b3ded963035/1759320000.0_mean_300.0_v3" 201 - "PUT http://localhost:8080/v1/AUTH_5d9b7941c0d740cf9eadba3e36ca3edd/gnocchi.ac60fc8e-f3c8-4491-99c0-0b3ded963035/1759320000.0_mean_300.0_v3" "txe4f36d085c0147828a245-0068de92c5" "proxy-server 21" 0.0310 "-" 25 0
Oct 2 14:57:09 standalone proxy-server[126935]: 172.18.0.2 ::1 02/Oct/2025/14/57/09 PUT /v1/AUTH_5d9b7941c0d740cf9eadba3e36ca3edd/gnocchi.ac60fc8e-f3c8-4491-99c0-0b3ded963035/1759320000.0_mean_300.0_v3 HTTP/1.0 201 - python-swiftclient-3.11.1 gAAAAABo3pIFMj76... 16 - - txe4f36d085c0147828a245-0068de92c5 - 0.0390 - - 1759417029.322104931 1759417029.361112356 0
Oct 2 14:57:09 standalone container-server[124846]: 172.20.0.100 - - [02/Oct/2025:14:57:09 +0000] "PUT /d1/294/AUTH_5d9b7941c0d740cf9eadba3e36ca3edd/gnocchi.ac60fc8e-f3c8-4491-99c0-0b3ded963035/none_v3" 201 - "PUT http://localhost:8080/d1/613/AUTH_5d9b7941c0d740cf9eadba3e36ca3edd/gnocchi.ac60fc8e-f3c8-4491-99c0-0b3ded963035/none_v3" "txa2c1f709b77847b183f84-0068de92c5" "object-server 22" 0.0009 "-" 21 0
Oct 2 14:57:09 standalone object-server[125136]: 172.20.0.100 - - [02/Oct/2025:14:57:09 +0000] "PUT /d1/613/AUTH_5d9b7941c0d740cf9eadba3e36ca3edd/gnocchi.ac60fc8e-f3c8-4491-99c0-0b3ded963035/none_v3" 201 - "PUT http://localhost:8080/v1/AUTH_5d9b7941c0d740cf9eadba3e36ca3edd/gnocchi.ac60fc8e-f3c8-4491-99c0-0b3ded963035/none_v3" "txa2c1f709b77847b183f84-0068de92c5" "proxy-server 21" 0.0114 "-" 22 0
Oct 2 14:57:09 standalone proxy-server[126935]: 172.18.0.2 ::1 02/Oct/2025/14/57/09 PUT /v1/AUTH_5d9b7941c0d740cf9eadba3e36ca3edd/gnocchi.ac60fc8e-f3c8-4491-99c0-0b3ded963035/none_v3 HTTP/1.0 201 - python-swiftclient-3.11.1 gAAAAABo3pIFMj76... 22 - - txa2c1f709b77847b183f84-0068de92c5 - 0.0181 - - 1759417029.366802454 1759417029.384861469 0
Oct 2 14:57:09 standalone container-server[124862]: 172.20.0.100 - - [02/Oct/2025:14:57:09 +0000] "HEAD /d1/87/AUTH_5d9b7941c0d740cf9eadba3e36ca3edd/gnocchi.0df15d90-a598-4804-a4e5-f74053b027be" 404 - "HEAD http://localhost:8080/v1/AUTH_5d9b7941c0d740cf9eadba3e36ca3edd/gnocchi.0df15d90-a598-4804-a4e5-f74053b027be?format=json&states=listing" "tx72ce12b673f84751a9442-0068de92c5" "proxy-server 21" 0.0005 "-" 23 0
Oct 2 14:57:09 standalone object-server[125138]: 172.20.0.100 - - [02/Oct/2025:14:57:09 +0000] "GET /d1/581/AUTH_5d9b7941c0d740cf9eadba3e36ca3edd/gnocchi.0df15d90-a598-4804-a4e5-f74053b027be/none_v3" 404 70 "GET http://localhost:8080/v1/AUTH_5d9b7941c0d740cf9eadba3e36ca3edd/gnocchi.0df15d90-a598-4804-a4e5-f74053b027be/none_v3" "tx72ce12b673f84751a9442-0068de92c5" "proxy-server 21" 0.0004 "-" 23 0
Oct 2 14:57:09 standalone proxy-server[126935]: 172.18.0.2 ::1 02/Oct/2025/14/57/09 GET /v1/AUTH_5d9b7941c0d740cf9eadba3e36ca3edd/gnocchi.0df15d90-a598-4804-a4e5-f74053b027be/none_v3 HTTP/1.0 404 - python-swiftclient-3.11.1 gAAAAABo3pIFMj76... - 70 - tx72ce12b673f84751a9442-0068de92c5 - 0.0108 - - 1759417029.402203560 1759417029.413033962 0
Oct 2 14:57:09 standalone account-server[124769]: 172.20.0.100 - - [02/Oct/2025:14:57:09 +0000] "PUT /d1/486/AUTH_5d9b7941c0d740cf9eadba3e36ca3edd/gnocchi.0df15d90-a598-4804-a4e5-f74053b027be" 201 - "PUT http://172.20.0.100:6001/d1/87/AUTH_5d9b7941c0d740cf9eadba3e36ca3edd/gnocchi.0df15d90-a598-4804-a4e5-f74053b027be" "txa401846277dc4dc89ac8c-0068de92c5" "container-server 20" 0.0066 "-" 19 0
Oct 2 14:57:09 standalone container-server[124833]: 172.20.0.100 - - [02/Oct/2025:14:57:09 +0000] "PUT /d1/87/AUTH_5d9b7941c0d740cf9eadba3e36ca3edd/gnocchi.0df15d90-a598-4804-a4e5-f74053b027be" 201 - "PUT http://localhost:8080/v1/AUTH_5d9b7941c0d740cf9eadba3e36ca3edd/gnocchi.0df15d90-a598-4804-a4e5-f74053b027be" "txa401846277dc4dc89ac8c-0068de92c5" "proxy-server 21" 0.0199 "-" 20 0
Oct 2 14:57:09 standalone proxy-server[126935]: 172.18.0.2 ::1 02/Oct/2025/14/57/09 PUT /v1/AUTH_5d9b7941c0d740cf9eadba3e36ca3edd/gnocchi.0df15d90-a598-4804-a4e5-f74053b027be HTTP/1.0 201 - python-swiftclient-3.11.1 gAAAAABo3pIFMj76... - - - txa401846277dc4dc89ac8c-0068de92c5 - 0.0284 - - 1759417029.418452978 1759417029.446863413 0
Oct 2 14:57:09 standalone container-server[124862]: 172.20.0.100 - - [02/Oct/2025:14:57:09 +0000] "HEAD /d1/87/AUTH_5d9b7941c0d740cf9eadba3e36ca3edd/gnocchi.0df15d90-a598-4804-a4e5-f74053b027be" 204 - "HEAD http://localhost:8080/v1/AUTH_5d9b7941c0d740cf9eadba3e36ca3edd/gnocchi.0df15d90-a598-4804-a4e5-f74053b027be?format=json&states=listing" "txc96fc96adfcb499cabf92-0068de92c5" "proxy-server 21" 0.0011 "-" 23 0
Oct 2 14:57:09 standalone proxy-server[126935]: - - 02/Oct/2025/14/57/09 HEAD /v1/AUTH_5d9b7941c0d740cf9eadba3e36ca3edd/gnocchi.0df15d90-a598-4804-a4e5-f74053b027be%3Fformat%3Djson%26states%3Dlisting HTTP/1.0 204 - Swift - - - - txc96fc96adfcb499cabf92-0068de92c5 - 0.0054 RL - 1759417029.457928181 1759417029.463345766 0
Oct 2 14:57:09 standalone container-server[124833]: 172.20.0.100 - - [02/Oct/2025:14:57:09 +0000] "GET /d1/87/AUTH_5d9b7941c0d740cf9eadba3e36ca3edd/gnocchi.0df15d90-a598-4804-a4e5-f74053b027be" 200 2 "GET http://localhost:8080/v1/AUTH_5d9b7941c0d740cf9eadba3e36ca3edd/gnocchi.0df15d90-a598-4804-a4e5-f74053b027be?format=json&states=listing" "txc96fc96adfcb499cabf92-0068de92c5" "proxy-server 21" 0.0017 "-" 20 0
Oct 2 14:57:09 standalone proxy-server[126935]: 172.18.0.2 ::1 02/Oct/2025/14/57/09 GET /v1/AUTH_5d9b7941c0d740cf9eadba3e36ca3edd/gnocchi.0df15d90-a598-4804-a4e5-f74053b027be%3Fformat%3Djson%26states%3Dlisting HTTP/1.0 200 - python-swiftclient-3.11.1 gAAAAABo3pIFMj76... - 2 - txc96fc96adfcb499cabf92-0068de92c5 - 0.0168 - - 1759417029.456036806 1759417029.472790003 0
Oct 2 14:57:09 standalone object-server[125138]: 172.20.0.100 - - [02/Oct/2025:14:57:09 +0000] "GET /d1/264/AUTH_5d9b7941c0d740cf9eadba3e36ca3edd/gnocchi.0df15d90-a598-4804-a4e5-f74053b027be/1759320000.0_mean_300.0_v3" 404 70 "GET http://localhost:8080/v1/AUTH_5d9b7941c0d740cf9eadba3e36ca3edd/gnocchi.0df15d90-a598-4804-a4e5-f74053b027be/1759320000.0_mean_300.0_v3" "txfb3cf616770f4c69b11dd-0068de92c5" "proxy-server 21" 0.0004 "-" 23 0
Oct 2 14:57:09 standalone proxy-server[126935]: 172.18.0.2 ::1 02/Oct/2025/14/57/09 GET /v1/AUTH_5d9b7941c0d740cf9eadba3e36ca3edd/gnocchi.0df15d90-a598-4804-a4e5-f74053b027be/1759320000.0_mean_300.0_v3 HTTP/1.0 404 - python-swiftclient-3.11.1 gAAAAABo3pIFMj76... - 70 - txfb3cf616770f4c69b11dd-0068de92c5 - 0.0075 - - 1759417029.478963375 1759417029.486499071 0
Oct 2 14:57:09 standalone container-server[124833]: 172.20.0.100 - - [02/Oct/2025:14:57:09 +0000] "PUT /d1/87/AUTH_5d9b7941c0d740cf9eadba3e36ca3edd/gnocchi.0df15d90-a598-4804-a4e5-f74053b027be/1759320000.0_mean_300.0_v3" 201 - "PUT http://localhost:8080/d1/264/AUTH_5d9b7941c0d740cf9eadba3e36ca3edd/gnocchi.0df15d90-a598-4804-a4e5-f74053b027be/1759320000.0_mean_300.0_v3" "tx5e0bca6886254c0db595b-0068de92c5" "object-server 25" 0.0006 "-" 20 0
Oct 2 14:57:09 standalone object-server[125140]: 172.20.0.100 - - [02/Oct/2025:14:57:09 +0000] "PUT /d1/264/AUTH_5d9b7941c0d740cf9eadba3e36ca3edd/gnocchi.0df15d90-a598-4804-a4e5-f74053b027be/1759320000.0_mean_300.0_v3" 201 - "PUT http://localhost:8080/v1/AUTH_5d9b7941c0d740cf9eadba3e36ca3edd/gnocchi.0df15d90-a598-4804-a4e5-f74053b027be/1759320000.0_mean_300.0_v3" "tx5e0bca6886254c0db595b-0068de92c5" "proxy-server 21" 0.0119 "-" 25 0
Oct 2 14:57:09 standalone proxy-server[126935]: 172.18.0.2 ::1 02/Oct/2025/14/57/09 PUT /v1/AUTH_5d9b7941c0d740cf9eadba3e36ca3edd/gnocchi.0df15d90-a598-4804-a4e5-f74053b027be/1759320000.0_mean_300.0_v3 HTTP/1.0 201 - python-swiftclient-3.11.1 gAAAAABo3pIFMj76... 16 - - tx5e0bca6886254c0db595b-0068de92c5 - 0.0201 - - 1759417029.491593122 1759417029.511671543 0
Oct 2 14:57:09 standalone container-server[124833]: 172.20.0.100 - - [02/Oct/2025:14:57:09 +0000] "PUT /d1/87/AUTH_5d9b7941c0d740cf9eadba3e36ca3edd/gnocchi.0df15d90-a598-4804-a4e5-f74053b027be/none_v3" 201 - "PUT http://localhost:8080/d1/581/AUTH_5d9b7941c0d740cf9eadba3e36ca3edd/gnocchi.0df15d90-a598-4804-a4e5-f74053b027be/none_v3" "txb129e37f5f1b4a5fbae5f-0068de92c5" "object-server 22" 0.0003 "-" 20 0
Oct 2 14:57:09 standalone object-server[125136]: 172.20.0.100 - - [02/Oct/2025:14:57:09 +0000] "PUT /d1/581/AUTH_5d9b7941c0d740cf9eadba3e36ca3edd/gnocchi.0df15d90-a598-4804-a4e5-f74053b027be/none_v3" 201 - "PUT http://localhost:8080/v1/AUTH_5d9b7941c0d740cf9eadba3e36ca3edd/gnocchi.0df15d90-a598-4804-a4e5-f74053b027be/none_v3" "txb129e37f5f1b4a5fbae5f-0068de92c5" "proxy-server 21" 0.0094 "-" 22 0
Oct 2 14:57:09 standalone proxy-server[126935]: 172.18.0.2 ::1 02/Oct/2025/14/57/09 PUT /v1/AUTH_5d9b7941c0d740cf9eadba3e36ca3edd/gnocchi.0df15d90-a598-4804-a4e5-f74053b027be/none_v3 HTTP/1.0 201 - python-swiftclient-3.11.1 gAAAAABo3pIFMj76... 22 - - txb129e37f5f1b4a5fbae5f-0068de92c5 - 0.0178 - - 1759417029.516733885 1759417029.534533739 0
Oct 2 14:57:09 standalone container-server[124854]: 172.20.0.100 - - [02/Oct/2025:14:57:09 +0000] "HEAD /d1/466/AUTH_5d9b7941c0d740cf9eadba3e36ca3edd/gnocchi.6600ba9e-3064-4242-8b5a-a92c61bbb6d3" 404 - "HEAD http://localhost:8080/v1/AUTH_5d9b7941c0d740cf9eadba3e36ca3edd/gnocchi.6600ba9e-3064-4242-8b5a-a92c61bbb6d3?format=json&states=listing" "tx1781a6820737498ebfeae-0068de92c5" "proxy-server 21" 0.0008 "-" 22 0
Oct 2 14:57:09 standalone object-server[125135]: 172.20.0.100 - - [02/Oct/2025:14:57:09 +0000] "GET /d1/567/AUTH_5d9b7941c0d740cf9eadba3e36ca3edd/gnocchi.6600ba9e-3064-4242-8b5a-a92c61bbb6d3/none_v3" 404 70 "GET http://localhost:8080/v1/AUTH_5d9b7941c0d740cf9eadba3e36ca3edd/gnocchi.6600ba9e-3064-4242-8b5a-a92c61bbb6d3/none_v3" "tx1781a6820737498ebfeae-0068de92c5" "proxy-server 21" 0.0007 "-" 21 0
Oct 2 14:57:09 standalone proxy-server[126935]: 172.18.0.2 ::1 02/Oct/2025/14/57/09 GET /v1/AUTH_5d9b7941c0d740cf9eadba3e36ca3edd/gnocchi.6600ba9e-3064-4242-8b5a-a92c61bbb6d3/none_v3 HTTP/1.0 404 - python-swiftclient-3.11.1 gAAAAABo3pIFMj76... - 70 - tx1781a6820737498ebfeae-0068de92c5 - 0.0109 - - 1759417029.550148249 1759417029.561000586 0
Oct 2 14:57:09 standalone account-server[124779]: 172.20.0.100 - - [02/Oct/2025:14:57:09 +0000] "PUT /d1/486/AUTH_5d9b7941c0d740cf9eadba3e36ca3edd/gnocchi.6600ba9e-3064-4242-8b5a-a92c61bbb6d3" 201 - "PUT http://172.20.0.100:6001/d1/466/AUTH_5d9b7941c0d740cf9eadba3e36ca3edd/gnocchi.6600ba9e-3064-4242-8b5a-a92c61bbb6d3" "tx7bf0d0e127dc4c4eaa29e-0068de92c5" "container-server 20" 0.0082 "-" 21 0
Oct 2 14:57:09 standalone container-server[124833]: 172.20.0.100 - - [02/Oct/2025:14:57:09 +0000] "PUT /d1/466/AUTH_5d9b7941c0d740cf9eadba3e36ca3edd/gnocchi.6600ba9e-3064-4242-8b5a-a92c61bbb6d3" 201 - "PUT http://localhost:8080/v1/AUTH_5d9b7941c0d740cf9eadba3e36ca3edd/gnocchi.6600ba9e-3064-4242-8b5a-a92c61bbb6d3" "tx7bf0d0e127dc4c4eaa29e-0068de92c5" "proxy-server 21" 0.0241 "-" 20 0
Oct 2 14:57:09 standalone proxy-server[126935]: 172.18.0.2 ::1 02/Oct/2025/14/57/09 PUT /v1/AUTH_5d9b7941c0d740cf9eadba3e36ca3edd/gnocchi.6600ba9e-3064-4242-8b5a-a92c61bbb6d3 HTTP/1.0 201 - python-swiftclient-3.11.1 gAAAAABo3pIFMj76... - - - tx7bf0d0e127dc4c4eaa29e-0068de92c5 - 0.0303 - - 1759417029.565818071 1759417029.596093893 0
Oct 2 14:57:09 standalone container-server[124833]: 172.20.0.100 - - [02/Oct/2025:14:57:09 +0000] "HEAD /d1/466/AUTH_5d9b7941c0d740cf9eadba3e36ca3edd/gnocchi.6600ba9e-3064-4242-8b5a-a92c61bbb6d3" 204 - "HEAD http://localhost:8080/v1/AUTH_5d9b7941c0d740cf9eadba3e36ca3edd/gnocchi.6600ba9e-3064-4242-8b5a-a92c61bbb6d3?format=json&states=listing" "tx80d2f2dabc6a482badab1-0068de92c5" "proxy-server 21" 0.0015 "-" 20 0
Oct 2 14:57:09 standalone proxy-server[126935]: - - 02/Oct/2025/14/57/09 HEAD /v1/AUTH_5d9b7941c0d740cf9eadba3e36ca3edd/gnocchi.6600ba9e-3064-4242-8b5a-a92c61bbb6d3%3Fformat%3Djson%26states%3Dlisting HTTP/1.0 204 - Swift - - - - tx80d2f2dabc6a482badab1-0068de92c5 - 0.0047 RL - 1759417029.604077578 1759417029.608733654 0
Oct 2 14:57:09 standalone container-server[124854]: 172.20.0.100 - - [02/Oct/2025:14:57:09 +0000] "GET /d1/466/AUTH_5d9b7941c0d740cf9eadba3e36ca3edd/gnocchi.6600ba9e-3064-4242-8b5a-a92c61bbb6d3" 200 2 "GET http://localhost:8080/v1/AUTH_5d9b7941c0d740cf9eadba3e36ca3edd/gnocchi.6600ba9e-3064-4242-8b5a-a92c61bbb6d3?format=json&states=listing" "tx80d2f2dabc6a482badab1-0068de92c5" "proxy-server 21" 0.0043 "-" 22 0
Oct 2 14:57:09 standalone proxy-server[126935]: 172.18.0.2 ::1 02/Oct/2025/14/57/09 GET /v1/AUTH_5d9b7941c0d740cf9eadba3e36ca3edd/gnocchi.6600ba9e-3064-4242-8b5a-a92c61bbb6d3%3Fformat%3Djson%26states%3Dlisting HTTP/1.0 200 - python-swiftclient-3.11.1 gAAAAABo3pIFMj76... - 2 - tx80d2f2dabc6a482badab1-0068de92c5 - 0.0170 - - 1759417029.602877140 1759417029.619894505 0
Oct 2 14:57:09 standalone object-server[125135]: 172.20.0.100 - - [02/Oct/2025:14:57:09 +0000] "GET /d1/148/AUTH_5d9b7941c0d740cf9eadba3e36ca3edd/gnocchi.6600ba9e-3064-4242-8b5a-a92c61bbb6d3/1759320000.0_mean_300.0_v3" 404 70 "GET http://localhost:8080/v1/AUTH_5d9b7941c0d740cf9eadba3e36ca3edd/gnocchi.6600ba9e-3064-4242-8b5a-a92c61bbb6d3/1759320000.0_mean_300.0_v3" "tx4307ec4a6b41426697762-0068de92c5" "proxy-server 21" 0.0007 "-" 21 0
Oct 2 14:57:09 standalone proxy-server[126935]: 172.18.0.2 ::1 02/Oct/2025/14/57/09 GET /v1/AUTH_5d9b7941c0d740cf9eadba3e36ca3edd/gnocchi.6600ba9e-3064-4242-8b5a-a92c61bbb6d3/1759320000.0_mean_300.0_v3 HTTP/1.0 404 - python-swiftclient-3.11.1 gAAAAABo3pIFMj76... - 70 - tx4307ec4a6b41426697762-0068de92c5 - 0.0061 - - 1759417029.625988722 1759417029.632119656 0
Oct 2 14:57:09 standalone container-server[124854]: 172.20.0.100 - - [02/Oct/2025:14:57:09 +0000] "PUT /d1/466/AUTH_5d9b7941c0d740cf9eadba3e36ca3edd/gnocchi.6600ba9e-3064-4242-8b5a-a92c61bbb6d3/1759320000.0_mean_300.0_v3" 201 - "PUT http://localhost:8080/d1/148/AUTH_5d9b7941c0d740cf9eadba3e36ca3edd/gnocchi.6600ba9e-3064-4242-8b5a-a92c61bbb6d3/1759320000.0_mean_300.0_v3" "tx66497037bff7415b97afb-0068de92c5" "object-server 22" 0.0009 "-" 22 0
Oct 2 14:57:09 standalone object-server[125136]: 172.20.0.100 - - [02/Oct/2025:14:57:09 +0000] "PUT /d1/148/AUTH_5d9b7941c0d740cf9eadba3e36ca3edd/gnocchi.6600ba9e-3064-4242-8b5a-a92c61bbb6d3/1759320000.0_mean_300.0_v3" 201 - "PUT http://localhost:8080/v1/AUTH_5d9b7941c0d740cf9eadba3e36ca3edd/gnocchi.6600ba9e-3064-4242-8b5a-a92c61bbb6d3/1759320000.0_mean_300.0_v3" "tx66497037bff7415b97afb-0068de92c5" "proxy-server 21" 0.0118 "-" 22 0
Oct 2 14:57:09 standalone proxy-server[126935]: 172.18.0.2 ::1 02/Oct/2025/14/57/09 PUT /v1/AUTH_5d9b7941c0d740cf9eadba3e36ca3edd/gnocchi.6600ba9e-3064-4242-8b5a-a92c61bbb6d3/1759320000.0_mean_300.0_v3 HTTP/1.0 201 - python-swiftclient-3.11.1 gAAAAABo3pIFMj76... 16 - - tx66497037bff7415b97afb-0068de92c5 - 0.0173 - - 1759417029.636803627 1759417029.654058933 0
Oct 2 14:57:09 standalone container-server[124862]: 172.20.0.100 - - [02/Oct/2025:14:57:09 +0000] "PUT /d1/466/AUTH_5d9b7941c0d740cf9eadba3e36ca3edd/gnocchi.6600ba9e-3064-4242-8b5a-a92c61bbb6d3/none_v3" 201 - "PUT http://localhost:8080/d1/567/AUTH_5d9b7941c0d740cf9eadba3e36ca3edd/gnocchi.6600ba9e-3064-4242-8b5a-a92c61bbb6d3/none_v3" "tx77704071a1f2475587128-0068de92c5" "object-server 22" 0.0008 "-" 23 0
Oct 2 14:57:09 standalone object-server[125136]: 172.20.0.100 - - [02/Oct/2025:14:57:09 +0000] "PUT /d1/567/AUTH_5d9b7941c0d740cf9eadba3e36ca3edd/gnocchi.6600ba9e-3064-4242-8b5a-a92c61bbb6d3/none_v3" 201 - "PUT http://localhost:8080/v1/AUTH_5d9b7941c0d740cf9eadba3e36ca3edd/gnocchi.6600ba9e-3064-4242-8b5a-a92c61bbb6d3/none_v3" "tx77704071a1f2475587128-0068de92c5" "proxy-server 21" 0.0112 "-" 22 0
Oct 2 14:57:09 standalone proxy-server[126935]: 172.18.0.2 ::1 02/Oct/2025/14/57/09 PUT /v1/AUTH_5d9b7941c0d740cf9eadba3e36ca3edd/gnocchi.6600ba9e-3064-4242-8b5a-a92c61bbb6d3/none_v3 HTTP/1.0 201 - python-swiftclient-3.11.1 gAAAAABo3pIFMj76... 22 - - tx77704071a1f2475587128-0068de92c5 - 0.0164 - - 1759417029.658722639 1759417029.675127029 0
Oct 2 14:57:09 standalone container-server[124846]: 172.20.0.100 - - [02/Oct/2025:14:57:09 +0000] "HEAD /d1/1007/AUTH_5d9b7941c0d740cf9eadba3e36ca3edd/gnocchi.8169b192-ace5-46ad-95fb-1510c27ee937" 404 - "HEAD http://localhost:8080/v1/AUTH_5d9b7941c0d740cf9eadba3e36ca3edd/gnocchi.8169b192-ace5-46ad-95fb-1510c27ee937?format=json&states=listing" "txd7ea6cdeca044fc1b3f3d-0068de92c5" "proxy-server 21" 0.0013 "-" 21 0
Oct 2 14:57:09 standalone object-server[125138]: 172.20.0.100 - - [02/Oct/2025:14:57:09 +0000] "GET /d1/192/AUTH_5d9b7941c0d740cf9eadba3e36ca3edd/gnocchi.8169b192-ace5-46ad-95fb-1510c27ee937/none_v3" 404 70 "GET http://localhost:8080/v1/AUTH_5d9b7941c0d740cf9eadba3e36ca3edd/gnocchi.8169b192-ace5-46ad-95fb-1510c27ee937/none_v3" "txd7ea6cdeca044fc1b3f3d-0068de92c5" "proxy-server 21" 0.0007 "-" 23 0
Oct 2 14:57:09 standalone proxy-server[126935]: 172.18.0.2 ::1 02/Oct/2025/14/57/09 GET /v1/AUTH_5d9b7941c0d740cf9eadba3e36ca3edd/gnocchi.8169b192-ace5-46ad-95fb-1510c27ee937/none_v3 HTTP/1.0 404 - python-swiftclient-3.11.1 gAAAAABo3pIFMj76... - 70 - txd7ea6cdeca044fc1b3f3d-0068de92c5 - 0.0156 - - 1759417029.696877718 1759417029.712487459 0
