Oct 2 14:57:10 standalone proxy-server[126935]: 172.18.0.2 ::1 02/Oct/2025/14/57/10 PUT /v1/AUTH_5d9b7941c0d740cf9eadba3e36ca3edd/gnocchi.89003f65-adf9-46e4-b8ca-b3770dadae2c HTTP/1.0 201 - python-swiftclient-3.11.1 gAAAAABo3pIFMj76... - - - tx41ae4c2c87f74261ba104-0068de92c6 - 0.0253 - - 1759417030.655073881 1759417030.680370092 0
Oct 2 14:57:10 standalone container-server[124854]: 172.20.0.100 - - [02/Oct/2025:14:57:10 +0000] "HEAD /d1/344/AUTH_5d9b7941c0d740cf9eadba3e36ca3edd/gnocchi.89003f65-adf9-46e4-b8ca-b3770dadae2c" 204 - "HEAD http://localhost:8080/v1/AUTH_5d9b7941c0d740cf9eadba3e36ca3edd/gnocchi.89003f65-adf9-46e4-b8ca-b3770dadae2c?format=json&states=listing" "tx0f5a13e70c4340538b932-0068de92c6" "proxy-server 21" 0.0022 "-" 22 0
Oct 2 14:57:10 standalone proxy-server[126935]: - - 02/Oct/2025/14/57/10 HEAD /v1/AUTH_5d9b7941c0d740cf9eadba3e36ca3edd/gnocchi.89003f65-adf9-46e4-b8ca-b3770dadae2c%3Fformat%3Djson%26states%3Dlisting HTTP/1.0 204 - Swift - - - - tx0f5a13e70c4340538b932-0068de92c6 - 0.0076 RL - 1759417030.688559294 1759417030.696139574 0
Oct 2 14:57:10 standalone container-server[124854]: 172.20.0.100 - - [02/Oct/2025:14:57:10 +0000] "GET /d1/344/AUTH_5d9b7941c0d740cf9eadba3e36ca3edd/gnocchi.89003f65-adf9-46e4-b8ca-b3770dadae2c" 200 2 "GET http://localhost:8080/v1/AUTH_5d9b7941c0d740cf9eadba3e36ca3edd/gnocchi.89003f65-adf9-46e4-b8ca-b3770dadae2c?format=json&states=listing" "tx0f5a13e70c4340538b932-0068de92c6" "proxy-server 21" 0.0035 "-" 22 0
Oct 2 14:57:10 standalone proxy-server[126935]: 172.18.0.2 ::1 02/Oct/2025/14/57/10 GET /v1/AUTH_5d9b7941c0d740cf9eadba3e36ca3edd/gnocchi.89003f65-adf9-46e4-b8ca-b3770dadae2c%3Fformat%3Djson%26states%3Dlisting HTTP/1.0 200 - python-swiftclient-3.11.1 gAAAAABo3pIFMj76... - 2 - tx0f5a13e70c4340538b932-0068de92c6 - 0.0212 - - 1759417030.686949730 1759417030.708175659 0
Oct 2 14:57:10 standalone object-server[125135]: 172.20.0.100 - - [02/Oct/2025:14:57:10 +0000] "GET /d1/884/AUTH_5d9b7941c0d740cf9eadba3e36ca3edd/gnocchi.89003f65-adf9-46e4-b8ca-b3770dadae2c/1759320000.0_mean_300.0_v3" 404 70 "GET http://localhost:8080/v1/AUTH_5d9b7941c0d740cf9eadba3e36ca3edd/gnocchi.89003f65-adf9-46e4-b8ca-b3770dadae2c/1759320000.0_mean_300.0_v3" "txb9180db2ef4241d7981ef-0068de92c6" "proxy-server 21" 0.0003 "-" 21 0
Oct 2 14:57:10 standalone proxy-server[126935]: 172.18.0.2 ::1 02/Oct/2025/14/57/10 GET /v1/AUTH_5d9b7941c0d740cf9eadba3e36ca3edd/gnocchi.89003f65-adf9-46e4-b8ca-b3770dadae2c/1759320000.0_mean_300.0_v3 HTTP/1.0 404 - python-swiftclient-3.11.1 gAAAAABo3pIFMj76... - 70 - txb9180db2ef4241d7981ef-0068de92c6 - 0.0078 - - 1759417030.714789152 1759417030.722609043 0
Oct 2 14:57:10 standalone container-server[124846]: 172.20.0.100 - - [02/Oct/2025:14:57:10 +0000] "PUT /d1/344/AUTH_5d9b7941c0d740cf9eadba3e36ca3edd/gnocchi.89003f65-adf9-46e4-b8ca-b3770dadae2c/1759320000.0_mean_300.0_v3" 201 - "PUT http://localhost:8080/d1/884/AUTH_5d9b7941c0d740cf9eadba3e36ca3edd/gnocchi.89003f65-adf9-46e4-b8ca-b3770dadae2c/1759320000.0_mean_300.0_v3" "txef5398bdb33143c48ec5c-0068de92c6" "object-server 22" 0.0013 "-" 21 0
Oct 2 14:57:10 standalone object-server[125136]: 172.20.0.100 - - [02/Oct/2025:14:57:10 +0000] "PUT /d1/884/AUTH_5d9b7941c0d740cf9eadba3e36ca3edd/gnocchi.89003f65-adf9-46e4-b8ca-b3770dadae2c/1759320000.0_mean_300.0_v3" 201 - "PUT http://localhost:8080/v1/AUTH_5d9b7941c0d740cf9eadba3e36ca3edd/gnocchi.89003f65-adf9-46e4-b8ca-b3770dadae2c/1759320000.0_mean_300.0_v3" "txef5398bdb33143c48ec5c-0068de92c6" "proxy-server 21" 0.0130 "-" 22 0
Oct 2 14:57:10 standalone proxy-server[126935]: 172.18.0.2 ::1 02/Oct/2025/14/57/10 PUT /v1/AUTH_5d9b7941c0d740cf9eadba3e36ca3edd/gnocchi.89003f65-adf9-46e4-b8ca-b3770dadae2c/1759320000.0_mean_300.0_v3 HTTP/1.0 201 - python-swiftclient-3.11.1 gAAAAABo3pIFMj76... 16 - - txef5398bdb33143c48ec5c-0068de92c6 - 0.0237 - - 1759417030.729105949 1759417030.752839565 0
Oct 2 14:57:10 standalone container-server[124846]: 172.20.0.100 - - [02/Oct/2025:14:57:10 +0000] "PUT /d1/344/AUTH_5d9b7941c0d740cf9eadba3e36ca3edd/gnocchi.89003f65-adf9-46e4-b8ca-b3770dadae2c/none_v3" 201 - "PUT http://localhost:8080/d1/183/AUTH_5d9b7941c0d740cf9eadba3e36ca3edd/gnocchi.89003f65-adf9-46e4-b8ca-b3770dadae2c/none_v3" "tx0c18d5312e47423db4a73-0068de92c6" "object-server 25" 0.0010 "-" 21 0
Oct 2 14:57:10 standalone object-server[125140]: 172.20.0.100 - - [02/Oct/2025:14:57:10 +0000] "PUT /d1/183/AUTH_5d9b7941c0d740cf9eadba3e36ca3edd/gnocchi.89003f65-adf9-46e4-b8ca-b3770dadae2c/none_v3" 201 - "PUT http://localhost:8080/v1/AUTH_5d9b7941c0d740cf9eadba3e36ca3edd/gnocchi.89003f65-adf9-46e4-b8ca-b3770dadae2c/none_v3" "tx0c18d5312e47423db4a73-0068de92c6" "proxy-server 21" 0.0129 "-" 25 0
Oct 2 14:57:10 standalone proxy-server[126935]: 172.18.0.2 ::1 02/Oct/2025/14/57/10 PUT /v1/AUTH_5d9b7941c0d740cf9eadba3e36ca3edd/gnocchi.89003f65-adf9-46e4-b8ca-b3770dadae2c/none_v3 HTTP/1.0 201 - python-swiftclient-3.11.1 gAAAAABo3pIFMj76... 22 - - tx0c18d5312e47423db4a73-0068de92c6 - 0.0241 - - 1759417030.759202957 1759417030.783269644 0
Oct 2 14:57:10 standalone container-server[124846]: 172.20.0.100 - - [02/Oct/2025:14:57:10 +0000] "HEAD /d1/341/AUTH_5d9b7941c0d740cf9eadba3e36ca3edd/gnocchi.2bf03cf2-a33f-4090-a3bd-195eb390238c" 404 - "HEAD http://localhost:8080/v1/AUTH_5d9b7941c0d740cf9eadba3e36ca3edd/gnocchi.2bf03cf2-a33f-4090-a3bd-195eb390238c?format=json&states=listing" "tx6b6b0ee84dc54b60813f4-0068de92c6" "proxy-server 21" 0.0005 "-" 21 0
Oct 2 14:57:10 standalone object-server[125135]: 172.20.0.100 - - [02/Oct/2025:14:57:10 +0000] "GET /d1/549/AUTH_5d9b7941c0d740cf9eadba3e36ca3edd/gnocchi.2bf03cf2-a33f-4090-a3bd-195eb390238c/none_v3" 404 70 "GET http://localhost:8080/v1/AUTH_5d9b7941c0d740cf9eadba3e36ca3edd/gnocchi.2bf03cf2-a33f-4090-a3bd-195eb390238c/none_v3" "tx6b6b0ee84dc54b60813f4-0068de92c6" "proxy-server 21" 0.0002 "-" 21 0
Oct 2 14:57:10 standalone proxy-server[126935]: 172.18.0.2 ::1 02/Oct/2025/14/57/10 GET /v1/AUTH_5d9b7941c0d740cf9eadba3e36ca3edd/gnocchi.2bf03cf2-a33f-4090-a3bd-195eb390238c/none_v3 HTTP/1.0 404 - python-swiftclient-3.11.1 gAAAAABo3pIFMj76... - 70 - tx6b6b0ee84dc54b60813f4-0068de92c6 - 0.0144 - - 1759417030.800664425 1759417030.815087557 0
Oct 2 14:57:10 standalone account-server[124779]: 172.20.0.100 - - [02/Oct/2025:14:57:10 +0000] "PUT /d1/486/AUTH_5d9b7941c0d740cf9eadba3e36ca3edd/gnocchi.2bf03cf2-a33f-4090-a3bd-195eb390238c" 201 - "PUT http://172.20.0.100:6001/d1/341/AUTH_5d9b7941c0d740cf9eadba3e36ca3edd/gnocchi.2bf03cf2-a33f-4090-a3bd-195eb390238c" "tx996bc0e80d804eb6b18fc-0068de92c6" "container-server 23" 0.0040 "-" 21 0
Oct 2 14:57:10 standalone container-server[124862]: 172.20.0.100 - - [02/Oct/2025:14:57:10 +0000] "PUT /d1/341/AUTH_5d9b7941c0d740cf9eadba3e36ca3edd/gnocchi.2bf03cf2-a33f-4090-a3bd-195eb390238c" 201 - "PUT http://localhost:8080/v1/AUTH_5d9b7941c0d740cf9eadba3e36ca3edd/gnocchi.2bf03cf2-a33f-4090-a3bd-195eb390238c" "tx996bc0e80d804eb6b18fc-0068de92c6" "proxy-server 21" 0.0133 "-" 23 0
Oct 2 14:57:10 standalone proxy-server[126935]: 172.18.0.2 ::1 02/Oct/2025/14/57/10 PUT /v1/AUTH_5d9b7941c0d740cf9eadba3e36ca3edd/gnocchi.2bf03cf2-a33f-4090-a3bd-195eb390238c HTTP/1.0 201 - python-swiftclient-3.11.1 gAAAAABo3pIFMj76... - - - tx996bc0e80d804eb6b18fc-0068de92c6 - 0.0211 - - 1759417030.820295572 1759417030.841434002 0
Oct 2 14:57:10 standalone container-server[124862]: 172.20.0.100 - - [02/Oct/2025:14:57:10 +0000] "HEAD /d1/341/AUTH_5d9b7941c0d740cf9eadba3e36ca3edd/gnocchi.2bf03cf2-a33f-4090-a3bd-195eb390238c" 204 - "HEAD http://localhost:8080/v1/AUTH_5d9b7941c0d740cf9eadba3e36ca3edd/gnocchi.2bf03cf2-a33f-4090-a3bd-195eb390238c?format=json&states=listing" "tx6d39d36de5ab4a0dbce4b-0068de92c6" "proxy-server 21" 0.0008 "-" 23 0
Oct 2 14:57:10 standalone proxy-server[126935]: - - 02/Oct/2025/14/57/10 HEAD /v1/AUTH_5d9b7941c0d740cf9eadba3e36ca3edd/gnocchi.2bf03cf2-a33f-4090-a3bd-195eb390238c%3Fformat%3Djson%26states%3Dlisting HTTP/1.0 204 - Swift - - - - tx6d39d36de5ab4a0dbce4b-0068de92c6 - 0.0047 RL - 1759417030.855224371 1759417030.859951735 0
Oct 2 14:57:10 standalone container-server[124846]: 172.20.0.100 - - [02/Oct/2025:14:57:10 +0000] "GET /d1/341/AUTH_5d9b7941c0d740cf9eadba3e36ca3edd/gnocchi.2bf03cf2-a33f-4090-a3bd-195eb390238c" 200 2 "GET http://localhost:8080/v1/AUTH_5d9b7941c0d740cf9eadba3e36ca3edd/gnocchi.2bf03cf2-a33f-4090-a3bd-195eb390238c?format=json&states=listing" "tx6d39d36de5ab4a0dbce4b-0068de92c6" "proxy-server 21" 0.0035 "-" 21 0
Oct 2 14:57:10 standalone proxy-server[126935]: 172.18.0.2 ::1 02/Oct/2025/14/57/10 GET /v1/AUTH_5d9b7941c0d740cf9eadba3e36ca3edd/gnocchi.2bf03cf2-a33f-4090-a3bd-195eb390238c%3Fformat%3Djson%26states%3Dlisting HTTP/1.0 200 - python-swiftclient-3.11.1 gAAAAABo3pIFMj76... - 2 - tx6d39d36de5ab4a0dbce4b-0068de92c6 - 0.0213 - - 1759417030.853642702 1759417030.874958277 0
Oct 2 14:57:10 standalone object-server[125136]: 172.20.0.100 - - [02/Oct/2025:14:57:10 +0000] "GET /d1/247/AUTH_5d9b7941c0d740cf9eadba3e36ca3edd/gnocchi.2bf03cf2-a33f-4090-a3bd-195eb390238c/1759320000.0_mean_300.0_v3" 404 70 "GET http://localhost:8080/v1/AUTH_5d9b7941c0d740cf9eadba3e36ca3edd/gnocchi.2bf03cf2-a33f-4090-a3bd-195eb390238c/1759320000.0_mean_300.0_v3" "tx046b618b6014410fa83d6-0068de92c6" "proxy-server 21" 0.0005 "-" 22 0
Oct 2 14:57:10 standalone proxy-server[126935]: 172.18.0.2 ::1 02/Oct/2025/14/57/10 GET /v1/AUTH_5d9b7941c0d740cf9eadba3e36ca3edd/gnocchi.2bf03cf2-a33f-4090-a3bd-195eb390238c/1759320000.0_mean_300.0_v3 HTTP/1.0 404 - python-swiftclient-3.11.1 gAAAAABo3pIFMj76... - 70 - tx046b618b6014410fa83d6-0068de92c6 - 0.0069 - - 1759417030.882050753 1759417030.888953924 0
Oct 2 14:57:10 standalone container-server[124846]: 172.20.0.100 - - [02/Oct/2025:14:57:10 +0000] "PUT /d1/341/AUTH_5d9b7941c0d740cf9eadba3e36ca3edd/gnocchi.2bf03cf2-a33f-4090-a3bd-195eb390238c/1759320000.0_mean_300.0_v3" 201 - "PUT http://localhost:8080/d1/247/AUTH_5d9b7941c0d740cf9eadba3e36ca3edd/gnocchi.2bf03cf2-a33f-4090-a3bd-195eb390238c/1759320000.0_mean_300.0_v3" "tx7c219f51dede47f588bf4-0068de92c6" "object-server 23" 0.0010 "-" 21 0
Oct 2 14:57:10 standalone object-server[125138]: 172.20.0.100 - - [02/Oct/2025:14:57:10 +0000] "PUT /d1/247/AUTH_5d9b7941c0d740cf9eadba3e36ca3edd/gnocchi.2bf03cf2-a33f-4090-a3bd-195eb390238c/1759320000.0_mean_300.0_v3" 201 - "PUT http://localhost:8080/v1/AUTH_5d9b7941c0d740cf9eadba3e36ca3edd/gnocchi.2bf03cf2-a33f-4090-a3bd-195eb390238c/1759320000.0_mean_300.0_v3" "tx7c219f51dede47f588bf4-0068de92c6" "proxy-server 21" 0.0113 "-" 23 0
Oct 2 14:57:10 standalone proxy-server[126935]: 172.18.0.2 ::1 02/Oct/2025/14/57/10 PUT /v1/AUTH_5d9b7941c0d740cf9eadba3e36ca3edd/gnocchi.2bf03cf2-a33f-4090-a3bd-195eb390238c/1759320000.0_mean_300.0_v3 HTTP/1.0 201 - python-swiftclient-3.11.1 gAAAAABo3pIFMj76... 16 - - tx7c219f51dede47f588bf4-0068de92c6 - 0.0175 - - 1759417030.893882513 1759417030.911344290 0
Oct 2 14:57:10 standalone container-server[124833]: 172.20.0.100 - - [02/Oct/2025:14:57:10 +0000] "PUT /d1/341/AUTH_5d9b7941c0d740cf9eadba3e36ca3edd/gnocchi.2bf03cf2-a33f-4090-a3bd-195eb390238c/none_v3" 201 - "PUT http://localhost:8080/d1/549/AUTH_5d9b7941c0d740cf9eadba3e36ca3edd/gnocchi.2bf03cf2-a33f-4090-a3bd-195eb390238c/none_v3" "tx06ef10a21e30464185e63-0068de92c6" "object-server 22" 0.0011 "-" 20 0
Oct 2 14:57:10 standalone object-server[125136]: 172.20.0.100 - - [02/Oct/2025:14:57:10 +0000] "PUT /d1/549/AUTH_5d9b7941c0d740cf9eadba3e36ca3edd/gnocchi.2bf03cf2-a33f-4090-a3bd-195eb390238c/none_v3" 201 - "PUT http://localhost:8080/v1/AUTH_5d9b7941c0d740cf9eadba3e36ca3edd/gnocchi.2bf03cf2-a33f-4090-a3bd-195eb390238c/none_v3" "tx06ef10a21e30464185e63-0068de92c6" "proxy-server 21" 0.0117 "-" 22 0
Oct 2 14:57:10 standalone proxy-server[126935]: 172.18.0.2 ::1 02/Oct/2025/14/57/10 PUT /v1/AUTH_5d9b7941c0d740cf9eadba3e36ca3edd/gnocchi.2bf03cf2-a33f-4090-a3bd-195eb390238c/none_v3 HTTP/1.0 201 - python-swiftclient-3.11.1 gAAAAABo3pIFMj76... 22 - - tx06ef10a21e30464185e63-0068de92c6 - 0.0177 - - 1759417030.916169643 1759417030.933852434 0
Oct 2 14:57:11 standalone container-server[124862]: 172.20.0.100 - - [02/Oct/2025:14:57:11 +0000] "HEAD /d1/184/AUTH_5d9b7941c0d740cf9eadba3e36ca3edd/gnocchi.b1619e39-edad-4f6b-836a-dec027a1553e" 404 - "HEAD http://localhost:8080/v1/AUTH_5d9b7941c0d740cf9eadba3e36ca3edd/gnocchi.b1619e39-edad-4f6b-836a-dec027a1553e?format=json&states=listing" "tx41ca427cd8384d5580045-0068de92c7" "proxy-server 21" 0.0007 "-" 23 0
Oct 2 14:57:11 standalone object-server[125136]: 172.20.0.100 - - [02/Oct/2025:14:57:11 +0000] "GET /d1/812/AUTH_5d9b7941c0d740cf9eadba3e36ca3edd/gnocchi.b1619e39-edad-4f6b-836a-dec027a1553e/none_v3" 404 70 "GET http://localhost:8080/v1/AUTH_5d9b7941c0d740cf9eadba3e36ca3edd/gnocchi.b1619e39-edad-4f6b-836a-dec027a1553e/none_v3" "tx41ca427cd8384d5580045-0068de92c7" "proxy-server 21" 0.0005 "-" 22 0
Oct 2 14:57:11 standalone proxy-server[126935]: 172.18.0.2 ::1 02/Oct/2025/14/57/11 GET /v1/AUTH_5d9b7941c0d740cf9eadba3e36ca3edd/gnocchi.b1619e39-edad-4f6b-836a-dec027a1553e/none_v3 HTTP/1.0 404 - python-swiftclient-3.11.1 gAAAAABo3pIFMj76... - 70 - tx41ca427cd8384d5580045-0068de92c7 - 0.0167 - - 1759417031.125394583 1759417031.142136097 0
Oct 2 14:57:11 standalone account-server[124769]: 172.20.0.100 - - [02/Oct/2025:14:57:11 +0000] "PUT /d1/486/AUTH_5d9b7941c0d740cf9eadba3e36ca3edd/gnocchi.b1619e39-edad-4f6b-836a-dec027a1553e" 201 - "PUT http://172.20.0.100:6001/d1/184/AUTH_5d9b7941c0d740cf9eadba3e36ca3edd/gnocchi.b1619e39-edad-4f6b-836a-dec027a1553e" "txb4379d1a98ce4f969af3a-0068de92c7" "container-server 22" 0.0059 "-" 19 0
Oct 2 14:57:11 standalone container-server[124854]: 172.20.0.100 - - [02/Oct/2025:14:57:11 +0000] "PUT /d1/184/AUTH_5d9b7941c0d740cf9eadba3e36ca3edd/gnocchi.b1619e39-edad-4f6b-836a-dec027a1553e" 201 - "PUT http://localhost:8080/v1/AUTH_5d9b7941c0d740cf9eadba3e36ca3edd/gnocchi.b1619e39-edad-4f6b-836a-dec027a1553e" "txb4379d1a98ce4f969af3a-0068de92c7" "proxy-server 21" 0.0239 "-" 22 0
Oct 2 14:57:11 standalone proxy-server[126935]: 172.18.0.2 ::1 02/Oct/2025/14/57/11 PUT /v1/AUTH_5d9b7941c0d740cf9eadba3e36ca3edd/gnocchi.b1619e39-edad-4f6b-836a-dec027a1553e HTTP/1.0 201 - python-swiftclient-3.11.1 gAAAAABo3pIFMj76... - - - txb4379d1a98ce4f969af3a-0068de92c7 - 0.0323 - - 1759417031.147446871 1759417031.179763317 0
Oct 2 14:57:11 standalone container-server[124833]: 172.20.0.100 - - [02/Oct/2025:14:57:11 +0000] "HEAD /d1/184/AUTH_5d9b7941c0d740cf9eadba3e36ca3edd/gnocchi.b1619e39-edad-4f6b-836a-dec027a1553e" 204 - "HEAD http://localhost:8080/v1/AUTH_5d9b7941c0d740cf9eadba3e36ca3edd/gnocchi.b1619e39-edad-4f6b-836a-dec027a1553e?format=json&states=listing" "tx1469bf81ce9c4eadab994-0068de92c7" "proxy-server 21" 0.0025 "-" 20 0
Oct 2 14:57:11 standalone proxy-server[126935]: - - 02/Oct/2025/14/57/11 HEAD /v1/AUTH_5d9b7941c0d740cf9eadba3e36ca3edd/gnocchi.b1619e39-edad-4f6b-836a-dec027a1553e%3Fformat%3Djson%26states%3Dlisting HTTP/1.0 204 - Swift - - - - tx1469bf81ce9c4eadab994-0068de92c7 - 0.0081 RL - 1759417031.188281298 1759417031.196421623 0
Oct 2 14:57:11 standalone container-server[124854]: 172.20.0.100 - - [02/Oct/2025:14:57:11 +0000] "GET /d1/184/AUTH_5d9b7941c0d740cf9eadba3e36ca3edd/gnocchi.b1619e39-edad-4f6b-836a-dec027a1553e" 200 2 "GET http://localhost:8080/v1/AUTH_5d9b7941c0d740cf9eadba3e36ca3edd/gnocchi.b1619e39-edad-4f6b-836a-dec027a1553e?format=json&states=listing" "tx1469bf81ce9c4eadab994-0068de92c7" "proxy-server 21" 0.0039 "-" 22 0
Oct 2 14:57:11 standalone proxy-server[126935]: 172.18.0.2 ::1 02/Oct/2025/14/57/11 GET /v1/AUTH_5d9b7941c0d740cf9eadba3e36ca3edd/gnocchi.b1619e39-edad-4f6b-836a-dec027a1553e%3Fformat%3Djson%26states%3Dlisting HTTP/1.0 200 - python-swiftclient-3.11.1 gAAAAABo3pIFMj76... - 2 - tx1469bf81ce9c4eadab994-0068de92c7 - 0.0255 - - 1759417031.186445713 1759417031.211946726 0
Oct 2 14:57:11 standalone object-server[125135]: 172.20.0.100 - - [02/Oct/2025:14:57:11 +0000] "GET /d1/959/AUTH_5d9b7941c0d740cf9eadba3e36ca3edd/gnocchi.b1619e39-edad-4f6b-836a-dec027a1553e/1759320000.0_mean_300.0_v3" 404 70 "GET http://localhost:8080/v1/AUTH_5d9b7941c0d740cf9eadba3e36ca3edd/gnocchi.b1619e39-edad-4f6b-836a-dec027a1553e/1759320000.0_mean_300.0_v3" "txbf230ae712114b18a60a3-0068de92c7" "proxy-server 21" 0.0003 "-" 21 0
Oct 2 14:57:11 standalone proxy-server[126935]: 172.18.0.2 ::1 02/Oct/2025/14/57/11 GET /v1/AUTH_5d9b7941c0d740cf9eadba3e36ca3edd/gnocchi.b1619e39-edad-4f6b-836a-dec027a1553e/1759320000.0_mean_300.0_v3 HTTP/1.0 404 - python-swiftclient-3.11.1 gAAAAABo3pIFMj76... - 70 - txbf230ae712114b18a60a3-0068de92c7 - 0.0075 - - 1759417031.219058752 1759417031.226575851 0
Oct 2 14:57:11 standalone container-server[124862]: 172.20.0.100 - - [02/Oct/2025:14:57:11 +0000] "PUT /d1/184/AUTH_5d9b7941c0d740cf9eadba3e36ca3edd/gnocchi.b1619e39-edad-4f6b-836a-dec027a1553e/1759320000.0_mean_300.0_v3" 201 - "PUT http://localhost:8080/d1/959/AUTH_5d9b7941c0d740cf9eadba3e36ca3edd/gnocchi.b1619e39-edad-4f6b-836a-dec027a1553e/1759320000.0_mean_300.0_v3" "txe0024561f8ea4ab989738-0068de92c7" "object-server 21" 0.0009 "-" 23 0
Oct 2 14:57:11 standalone object-server[125135]: 172.20.0.100 - - [02/Oct/2025:14:57:11 +0000] "PUT /d1/959/AUTH_5d9b7941c0d740cf9eadba3e36ca3edd/gnocchi.b1619e39-edad-4f6b-836a-dec027a1553e/1759320000.0_mean_300.0_v3" 201 - "PUT http://localhost:8080/v1/AUTH_5d9b7941c0d740cf9eadba3e36ca3edd/gnocchi.b1619e39-edad-4f6b-836a-dec027a1553e/1759320000.0_mean_300.0_v3" "txe0024561f8ea4ab989738-0068de92c7" "proxy-server 21" 0.0100 "-" 21 0
Oct 2 14:57:11 standalone proxy-server[126935]: 172.18.0.2 ::1 02/Oct/2025/14/57/11 PUT /v1/AUTH_5d9b7941c0d740cf9eadba3e36ca3edd/gnocchi.b1619e39-edad-4f6b-836a-dec027a1553e/1759320000.0_mean_300.0_v3 HTTP/1.0 201 - python-swiftclient-3.11.1 gAAAAABo3pIFMj76... 16 - - txe0024561f8ea4ab989738-0068de92c7 - 0.0178 - - 1759417031.231279850 1759417031.249071836 0
Oct 2 14:57:11 standalone container-server[124833]: 172.20.0.100 - - [02/Oct/2025:14:57:11 +0000] "PUT /d1/184/AUTH_5d9b7941c0d740cf9eadba3e36ca3edd/gnocchi.b1619e39-edad-4f6b-836a-dec027a1553e/none_v3" 201 - "PUT http://localhost:8080/d1/812/AUTH_5d9b7941c0d740cf9eadba3e36ca3edd/gnocchi.b1619e39-edad-4f6b-836a-dec027a1553e/none_v3" "tx43e4ec9f777d446ca93b0-0068de92c7" "object-server 25" 0.0011 "-" 20 0
Oct 2 14:57:11 standalone object-server[125140]: 172.20.0.100 - - [02/Oct/2025:14:57:11 +0000] "PUT /d1/812/AUTH_5d9b7941c0d740cf9eadba3e36ca3edd/gnocchi.b1619e39-edad-4f6b-836a-dec027a1553e/none_v3" 201 - "PUT http://localhost:8080/v1/AUTH_5d9b7941c0d740cf9eadba3e36ca3edd/gnocchi.b1619e39-edad-4f6b-836a-dec027a1553e/none_v3" "tx43e4ec9f777d446ca93b0-0068de92c7" "proxy-server 21" 0.0166 "-" 25 0
Oct 2 14:57:11 standalone proxy-server[126935]: 172.18.0.2 ::1 02/Oct/2025/14/57/11 PUT /v1/AUTH_5d9b7941c0d740cf9eadba3e36ca3edd/gnocchi.b1619e39-edad-4f6b-836a-dec027a1553e/none_v3 HTTP/1.0 201 - python-swiftclient-3.11.1 gAAAAABo3pIFMj76... 22 - - tx43e4ec9f777d446ca93b0-0068de92c7 - 0.0280 - - 1759417031.254077196 1759417031.282080412 0
Oct 2 14:57:11 standalone container-server[124854]: 172.20.0.100 - - [02/Oct/2025:14:57:11 +0000] "HEAD /d1/630/AUTH_5d9b7941c0d740cf9eadba3e36ca3edd/gnocchi.27dfa3fd-6674-4e8b-8402-6bdd37d32950" 404 - "HEAD http://localhost:8080/v1/AUTH_5d9b7941c0d740cf9eadba3e36ca3edd/gnocchi.27dfa3fd-6674-4e8b-8402-6bdd37d32950?format=json&states=listing" "txb417829dc5084ecb8b2ad-0068de92c7" "proxy-server 21" 0.0004 "-" 22 0
Oct 2 14:57:11 standalone object-server[125138]: 172.20.0.100 - - [02/Oct/2025:14:57:11 +0000] "GET /d1/346/AUTH_5d9b7941c0d740cf9eadba3e36ca3edd/gnocchi.27dfa3fd-6674-4e8b-8402-6bdd37d32950/none_v3" 404 70 "GET http://localhost:8080/v1/AUTH_5d9b7941c0d740cf9eadba3e36ca3edd/gnocchi.27dfa3fd-6674-4e8b-8402-6bdd37d32950/none_v3" "txb417829dc5084ecb8b2ad-0068de92c7" "proxy-server 21" 0.0007 "-" 23 0
Oct 2 14:57:11 standalone proxy-server[126935]: 172.18.0.2 ::1 02/Oct/2025/14/57/11 GET /v1/AUTH_5d9b7941c0d740cf9eadba3e36ca3edd/gnocchi.27dfa3fd-6674-4e8b-8402-6bdd37d32950/none_v3 HTTP/1.0 404 - python-swiftclient-3.11.1 gAAAAABo3pIFMj76... - 70 - txb417829dc5084ecb8b2ad-0068de92c7 - 0.0124 - - 1759417031.346263647 1759417031.358668089 0
Oct 2 14:57:11 standalone account-server[124769]: 172.20.0.100 - - [02/Oct/2025:14:57:11 +0000] "PUT /d1/486/AUTH_5d9b7941c0d740cf9eadba3e36ca3edd/gnocchi.27dfa3fd-6674-4e8b-8402-6bdd37d32950" 201 - "PUT http://172.20.0.100:6001/d1/630/AUTH_5d9b7941c0d740cf9eadba3e36ca3edd/gnocchi.27dfa3fd-6674-4e8b-8402-6bdd37d32950" "tx87efcc8733e7402b952fe-0068de92c7" "container-server 23" 0.0056 "-" 19 0
Oct 2 14:57:11 standalone container-server[124862]: 172.20.0.100 - - [02/Oct/2025:14:57:11 +0000] "PUT /d1/630/AUTH_5d9b7941c0d740cf9eadba3e36ca3edd/gnocchi.27dfa3fd-6674-4e8b-8402-6bdd37d32950" 201 - "PUT http://localhost:8080/v1/AUTH_5d9b7941c0d740cf9eadba3e36ca3edd/gnocchi.27dfa3fd-6674-4e8b-8402-6bdd37d32950" "tx87efcc8733e7402b952fe-0068de92c7" "proxy-server 21" 0.0205 "-" 23 0
Oct 2 14:57:11 standalone proxy-server[126935]: 172.18.0.2 ::1 02/Oct/2025/14/57/11 PUT /v1/AUTH_5d9b7941c0d740cf9eadba3e36ca3edd/gnocchi.27dfa3fd-6674-4e8b-8402-6bdd37d32950 HTTP/1.0 201 - python-swiftclient-3.11.1 gAAAAABo3pIFMj76... - - - tx87efcc8733e7402b952fe-0068de92c7 - 0.0304 - - 1759417031.365761042 1759417031.396203518 0
Oct 2 14:57:11 standalone container-server[124854]: 172.20.0.100 - - [02/Oct/2025:14:57:11 +0000] "HEAD /d1/630/AUTH_5d9b7941c0d740cf9eadba3e36ca3edd/gnocchi.27dfa3fd-6674-4e8b-8402-6bdd37d32950" 204 - "HEAD http://localhost:8080/v1/AUTH_5d9b7941c0d740cf9eadba3e36ca3edd/gnocchi.27dfa3fd-6674-4e8b-8402-6bdd37d32950?format=json&states=listing" "txc70a1607e98542f9afb38-0068de92c7" "proxy-server 21" 0.0024 "-" 22 0
Oct 2 14:57:11 standalone proxy-server[126935]: - - 02/Oct/2025/14/57/11 HEAD /v1/AUTH_5d9b7941c0d740cf9eadba3e36ca3edd/gnocchi.27dfa3fd-6674-4e8b-8402-6bdd37d32950%3Fformat%3Djson%26states%3Dlisting HTTP/1.0 204 - Swift - - - - txc70a1607e98542f9afb38-0068de92c7 - 0.0099 RL - 1759417031.407278061 1759417031.417160034 0
Oct 2 14:57:11 standalone container-server[124854]: 172.20.0.100 - - [02/Oct/2025:14:57:11 +0000] "GET /d1/630/AUTH_5d9b7941c0d740cf9eadba3e36ca3edd/gnocchi.27dfa3fd-6674-4e8b-8402-6bdd37d32950" 200 2 "GET http://localhost:8080/v1/AUTH_5d9b7941c0d740cf9eadba3e36ca3edd/gnocchi.27dfa3fd-6674-4e8b-8402-6bdd37d32950?format=json&states=listing" "txc70a1607e98542f9afb38-0068de92c7" "proxy-server 21" 0.0044 "-" 22 0
Oct 2 14:57:11 standalone proxy-server[126935]: 172.18.0.2 ::1 02/Oct/2025/14/57/11 GET /v1/AUTH_5d9b7941c0d740cf9eadba3e36ca3edd/gnocchi.27dfa3fd-6674-4e8b-8402-6bdd37d32950%3Fformat%3Djson%26states%3Dlisting HTTP/1.0 200 - python-swiftclient-3.11.1 gAAAAABo3pIFMj76... - 2 - txc70a1607e98542f9afb38-0068de92c7 - 0.0280 - - 1759417031.405040741 1759417031.433045149 0
Oct 2 14:57:11 standalone object-server[125140]: 172.20.0.100 - - [02/Oct/2025:14:57:11 +0000] "GET /d1/545/AUTH_5d9b7941c0d740cf9eadba3e36ca3edd/gnocchi.27dfa3fd-6674-4e8b-8402-6bdd37d32950/1759320000.0_mean_300.0_v3" 404 70 "GET http://localhost:8080/v1/AUTH_5d9b7941c0d740cf9eadba3e36ca3edd/gnocchi.27dfa3fd-6674-4e8b-8402-6bdd37d32950/1759320000.0_mean_300.0_v3" "tx48495586c45a462f832da-0068de92c7" "proxy-server 21" 0.0004 "-" 25 0
Oct 2 14:57:11 standalone proxy-server[126935]: 172.18.0.2 ::1 02/Oct/2025/14/57/11 GET /v1/AUTH_5d9b7941c0d740cf9eadba3e36ca3edd/gnocchi.27dfa3fd-6674-4e8b-8402-6bdd37d32950/1759320000.0_mean_300.0_v3 HTTP/1.0 404 - python-swiftclient-3.11.1 gAAAAABo3pIFMj76... - 70 - tx48495586c45a462f832da-0068de92c7 - 0.0066 - - 1759417031.440898657 1759417031.447545052 0
Oct 2 14:57:11 standalone container-server[124846]: 172.20.0.100 - - [02/Oct/2025:14:57:11 +0000] "PUT /d1/630/AUTH_5d9b7941c0d740cf9eadba3e36ca3edd/gnocchi.27dfa3fd-6674-4e8b-8402-6bdd37d32950/1759320000.0_mean_300.0_v3" 201 - "PUT http://localhost:8080/d1/545/AUTH_5d9b7941c0d740cf9eadba3e36ca3edd/gnocchi.27dfa3fd-6674-4e8b-8402-6bdd37d32950/1759320000.0_mean_300.0_v3" "tx6edf7d4aa7d7404ebdcdf-0068de92c7" "object-server 22" 0.0010 "-" 21 0
Oct 2 14:57:11 standalone object-server[125136]: 172.20.0.100 - - [02/Oct/2025:14:57:11 +0000] "PUT /d1/545/AUTH_5d9b7941c0d740cf9eadba3e36ca3edd/gnocchi.27dfa3fd-6674-4e8b-8402-6bdd37d32950/1759320000.0_mean_300.0_v3" 201 - "PUT http://localhost:8080/v1/AUTH_5d9b7941c0d740cf9eadba3e36ca3edd/gnocchi.27dfa3fd-6674-4e8b-8402-6bdd37d32950/1759320000.0_mean_300.0_v3" "tx6edf7d4aa7d7404ebdcdf-0068de92c7" "proxy-server 21" 0.0099 "-" 22 0
Oct 2 14:57:11 standalone proxy-server[126935]: 172.18.0.2 ::1 02/Oct/2025/14/57/11 PUT /v1/AUTH_5d9b7941c0d740cf9eadba3e36ca3edd/gnocchi.27dfa3fd-6674-4e8b-8402-6bdd37d32950/1759320000.0_mean_300.0_v3 HTTP/1.0 201 - python-swiftclient-3.11.1 gAAAAABo3pIFMj76... 16 - - tx6edf7d4aa7d7404ebdcdf-0068de92c7 - 0.0160 - - 1759417031.452823639 1759417031.468859434 0
Oct 2 14:57:11 standalone container-server[124846]: 172.20.0.100 - - [02/Oct/2025:14:57:11 +0000] "PUT /d1/630/AUTH_5d9b7941c0d740cf9eadba3e36ca3edd/gnocchi.27dfa3fd-6674-4e8b-8402-6bdd37d32950/none_v3" 201 - "PUT http://localhost:8080/d1/346/AUTH_5d9b7941c0d740cf9eadba3e36ca3edd/gnocchi.27dfa3fd-6674-4e8b-8402-6bdd37d32950/none_v3" "tx31c4fa3bb93d440c8502e-0068de92c7" "object-server 21" 0.0011 "-" 21 0
Oct 2 14:57:11 standalone object-server[125135]: 172.20.0.100 - - [02/Oct/2025:14:57:11 +0000] "PUT /d1/346/AUTH_5d9b7941c0d740cf9eadba3e36ca3edd/gnocchi.27dfa3fd-6674-4e8b-8402-6bdd37d32950/none_v3" 201 - "PUT http://localhost:8080/v1/AUTH_5d9b7941c0d740cf9eadba3e36ca3edd/gnocchi.27dfa3fd-6674-4e8b-8402-6bdd37d32950/none_v3" "tx31c4fa3bb93d440c8502e-0068de92c7" "proxy-server 21" 0.0124 "-" 21 0
Oct 2 14:57:11 standalone proxy-server[126935]: 172.18.0.2 ::1 02/Oct/2025/14/57/11 PUT /v1/AUTH_5d9b7941c0d740cf9eadba3e36ca3edd/gnocchi.27dfa3fd-6674-4e8b-8402-6bdd37d32950/none_v3 HTTP/1.0 201 - python-swiftclient-3.11.1 gAAAAABo3pIFMj76... 22 - - tx31c4fa3bb93d440c8502e-0068de92c7 - 0.0176 - - 1759417031.474492788 1759417031.492109299 0
Oct 2 14:57:48 standalone container-server[124647]: Begin container update sweep
Oct 2 14:57:48 standalone account-server[124786]: 172.20.0.100 - - [02/Oct/2025:14:57:48 +0000] "PUT /d1/486/AUTH_5d9b7941c0d740cf9eadba3e36ca3edd/gnocchi.188a8be9-a460-4670-8836-f7aa43829ec8" 201 - "-" "-" "container-updater 2" 0.0011 "-" 22 0
Oct 2 14:57:48 standalone account-server[124779]: 172.20.0.100 - - [02/Oct/2025:14:57:48 +0000] "PUT /d1/486/AUTH_5d9b7941c0d740cf9eadba3e36ca3edd/gnocchi.c8c40536-5843-47f5-b13b-6f8791733b93" 201 - "-" "-" "container-updater 2" 0.0007 "-" 21 0
Oct 2 14:57:49 standalone account-server[124779]: 172.20.0.100 - - [02/Oct/2025:14:57:49 +0000] "PUT /d1/486/AUTH_5d9b7941c0d740cf9eadba3e36ca3edd/gnocchi.8169b192-ace5-46ad-95fb-1510c27ee937" 201 - "-" "-" "container-updater 2" 0.0006 "-" 21 0
Oct 2 14:57:49 standalone account-server[124794]: 172.20.0.100 - - [02/Oct/2025:14:57:49 +0000] "PUT /d1/486/AUTH_5d9b7941c0d740cf9eadba3e36ca3edd/gnocchi.89003f65-adf9-46e4-b8ca-b3770dadae2c" 201 - "-" "-" "container-updater 2" 0.0007 "-" 23 0
Oct 2 14:57:49 standalone account-server[124786]: 172.20.0.100 - - [02/Oct/2025:14:57:49 +0000] "PUT /d1/486/AUTH_5d9b7941c0d740cf9eadba3e36ca3edd/gnocchi.6600ba9e-3064-4242-8b5a-a92c61bbb6d3" 201 - "-" "-" "container-updater 2" 0.0008 "-" 22 0
Oct 2 14:57:49 standalone account-server[124786]: 172.20.0.100 - - [02/Oct/2025:14:57:49 +0000] "PUT /d1/486/AUTH_5d9b7941c0d740cf9eadba3e36ca3edd/gnocchi.da1d9b56-8b3f-4f4f-9c50-ea6fad6bada6" 201 - "-" "-" "container-updater 2" 0.0007 "-" 22 0
Oct 2 14:57:49 standalone account-server[124769]: 172.20.0.100 - - [02/Oct/2025:14:57:49 +0000] "PUT /d1/486/AUTH_5d9b7941c0d740cf9eadba3e36ca3edd/gnocchi.27dfa3fd-6674-4e8b-8402-6bdd37d32950" 201 - "-" "-" "container-updater 2" 0.0009 "-" 19 0
Oct 2 14:57:49 standalone account-server[124779]: 172.20.0.100 - - [02/Oct/2025:14:57:49 +0000] "PUT /d1/486/AUTH_5d9b7941c0d740cf9eadba3e36ca3edd/gnocchi.4f64ea4d-6070-416d-99cb-5d8b3a974410" 201 - "-" "-" "container-updater 2" 0.0008 "-" 21 0
Oct 2 14:57:49 standalone account-server[124769]: 172.20.0.100 - - [02/Oct/2025:14:57:49 +0000] "PUT /d1/486/AUTH_5d9b7941c0d740cf9eadba3e36ca3edd/gnocchi.9ee8a392-7990-4175-8965-14bbe6988a5f" 201 - "-" "-" "container-updater 2" 0.0008 "-" 19 0
Oct 2 14:57:49 standalone account-server[124786]: 172.20.0.100 - - [02/Oct/2025:14:57:49 +0000] "PUT /d1/486/AUTH_5d9b7941c0d740cf9eadba3e36ca3edd/gnocchi.de208787-6f8d-4c0b-b7af-593f6503336d" 201 - "-" "-" "container-updater 2" 0.0005 "-" 22 0
Oct 2 14:57:50 standalone account-server[124779]: 172.20.0.100 - - [02/Oct/2025:14:57:50 +0000] "PUT /d1/486/AUTH_5d9b7941c0d740cf9eadba3e36ca3edd/gnocchi.ac60fc8e-f3c8-4491-99c0-0b3ded963035" 201 - "-" "-" "container-updater 2" 0.0007 "-" 21 0
Oct 2 14:57:50 standalone account-server[124769]: 172.20.0.100 - - [02/Oct/2025:14:57:50 +0000] "PUT /d1/486/AUTH_5d9b7941c0d740cf9eadba3e36ca3edd/gnocchi.48b91646-505b-4de9-9cdc-4d3a6c03532f" 201 - "-" "-" "container-updater 2" 0.0008 "-" 19 0
Oct 2 14:57:50 standalone account-server[124769]: 172.20.0.100 - - [02/Oct/2025:14:57:50 +0000] "PUT /d1/486/AUTH_5d9b7941c0d740cf9eadba3e36ca3edd/gnocchi.984d9d24-17db-4f9a-bb7e-30a7dc71f32f" 201 - "-" "-" "container-updater 2" 0.0007 "-" 19 0
Oct 2 14:57:50 standalone account-server[124786]: 172.20.0.100 - - [02/Oct/2025:14:57:50 +0000] "PUT /d1/486/AUTH_5d9b7941c0d740cf9eadba3e36ca3edd/gnocchi.dc4bb745-831f-4527-ad3d-ac75709fb7e9" 201 - "-" "-" "container-updater 2" 0.0005 "-" 22 0
Oct 2 14:57:50 standalone account-server[124769]: 172.20.0.100 - - [02/Oct/2025:14:57:50 +0000] "PUT /d1/486/AUTH_5d9b7941c0d740cf9eadba3e36ca3edd/gnocchi.f095e395-5415-4dc1-a339-d036baa16c5d" 201 - "-" "-" "container-updater 2" 0.0007 "-" 19 0
Oct 2 14:57:50 standalone account-server[124786]: 172.20.0.100 - - [02/Oct/2025:14:57:50 +0000] "PUT /d1/486/AUTH_5d9b7941c0d740cf9eadba3e36ca3edd/glance" 201 - "-" "-" "container-updater 2" 0.0009 "-" 22 0
Oct 2 14:57:50 standalone account-server[124769]: 172.20.0.100 - - [02/Oct/2025:14:57:50 +0000] "PUT /d1/486/AUTH_5d9b7941c0d740cf9eadba3e36ca3edd/gnocchi.586f23f8-b818-4295-820f-35dc99645648" 201 - "-" "-" "container-updater 2" 0.0006 "-" 19 0
Oct 2 14:57:50 standalone account-server[124794]: 172.20.0.100 - - [02/Oct/2025:14:57:50 +0000] "PUT /d1/486/AUTH_5d9b7941c0d740cf9eadba3e36ca3edd/gnocchi.4499a9e8-1596-43aa-a552-4caaeb1b47b4" 201 - "-" "-" "container-updater 2" 0.0006 "-" 23 0
Oct 2 14:57:50 standalone account-server[124779]: 172.20.0.100 - - [02/Oct/2025:14:57:50 +0000] "PUT /d1/486/AUTH_5d9b7941c0d740cf9eadba3e36ca3edd/gnocchi.b1619e39-edad-4f6b-836a-dec027a1553e" 201 - "-" "-" "container-updater 2" 0.0009 "-" 21 0
Oct 2 14:57:51 standalone account-server[124794]: 172.20.0.100 - - [02/Oct/2025:14:57:51 +0000] "PUT /d1/486/AUTH_5d9b7941c0d740cf9eadba3e36ca3edd/gnocchi.2bf03cf2-a33f-4090-a3bd-195eb390238c" 201 - "-" "-" "container-updater 2" 0.0007 "-" 23 0
Oct 2 14:57:51 standalone object-server[125069]: Begin object update sweep
Oct 2 14:57:51 standalone object-server[234223]: Object update sweep starting on /srv/node/d1 (pid: 15)
Oct 2 14:57:51 standalone object-server[234223]: Object update sweep completed on /srv/node/d1 in 0.00s seconds:, 0 successes, 0 failures, 0 quarantines, 0 unlinks, 0 errors, 0 redirects (pid: 15)
Oct 2 14:57:51 standalone object-server[234223]: Object update sweep of d1 completed: 0.00s, 0 successes, 0 failures, 0 quarantines, 0 unlinks, 0 errors, 0 redirects
Oct 2 14:57:51 standalone account-server[124779]: 172.20.0.100 - - [02/Oct/2025:14:57:51 +0000] "PUT /d1/486/AUTH_5d9b7941c0d740cf9eadba3e36ca3edd/gnocchi.1490b8d7-80d1-45e4-8d89-199185bd4ce7" 201 - "-" "-" "container-updater 2" 0.0007 "-" 21 0
Oct 2 14:57:51 standalone object-server[125069]: Object update sweep completed: 0.08s
Oct 2 14:57:51 standalone account-server[124786]: 172.20.0.100 - - [02/Oct/2025:14:57:51 +0000] "PUT /d1/486/AUTH_5d9b7941c0d740cf9eadba3e36ca3edd/gnocchi.0df15d90-a598-4804-a4e5-f74053b027be" 201 - "-" "-" "container-updater 2" 0.0007 "-" 22 0
Oct 2 14:57:51 standalone account-server[124769]: 172.20.0.100 - - [02/Oct/2025:14:57:51 +0000] "PUT /d1/486/AUTH_5d9b7941c0d740cf9eadba3e36ca3edd/gnocchi.481dc73a-8258-4387-a735-d5c2b52b33ad" 201 - "-" "-" "container-updater 2" 0.0008 "-" 19 0
Oct 2 14:57:51 standalone container-server[124647]: Container update sweep completed: 2.79s
Oct 2 15:01:06 standalone account-server[124779]: 172.20.0.100 - - [02/Oct/2025:15:01:06 +0000] "HEAD /d1/181/.expiring_objects" 404 - "HEAD http://localhost/v1/.expiring_objects?format=json" "tx1712431554c24693a9b27-0068de93b2" "proxy-server 2" 0.0009 "-" 21 -
Oct 2 15:01:06 standalone object-expirer[124927]: Pass completed in 0s; 0 objects expired (txn: tx1712431554c24693a9b27-0068de93b2)
Oct 2 15:02:31 standalone account-server[124779]: 172.20.0.100 - - [02/Oct/2025:15:02:31 +0000] "HEAD /d1/181/.expiring_objects" 404 - "HEAD http://localhost/v1/.expiring_objects?format=json" "tx9568ee320b6241bb88b2a-0068de9407" "proxy-server 2" 0.0008 "-" 21 -
Oct 2 15:02:31 standalone object-expirer[124927]: Pass completed in 0s; 0 objects expired (txn: tx9568ee320b6241bb88b2a-0068de9407)
Oct 2 15:02:48 standalone container-server[124647]: Begin container update sweep
Oct 2 15:02:50 standalone container-server[124647]: Container update sweep completed: 1.84s
Oct 2 15:02:51 standalone object-server[125069]: Begin object update sweep
Oct 2 15:02:51 standalone object-server[264163]: Object update sweep starting on /srv/node/d1 (pid: 16)
Oct 2 15:02:51 standalone object-server[264163]: Object update sweep completed on /srv/node/d1 in 0.00s seconds:, 0 successes, 0 failures, 0 quarantines, 0 unlinks, 0 errors, 0 redirects (pid: 16)
Oct 2 15:02:51 standalone object-server[264163]: Object update sweep of d1 completed: 0.00s, 0 successes, 0 failures, 0 quarantines, 0 unlinks, 0 errors, 0 redirects
Oct 2 15:02:51 standalone object-server[125069]: Object update sweep completed: 0.09s
Oct 2 15:04:04 standalone account-server[124786]: 172.20.0.100 - - [02/Oct/2025:15:04:04 +0000] "HEAD /d1/181/.expiring_objects" 404 - "HEAD http://localhost/v1/.expiring_objects?format=json" "tx17cfbe503d794b40b2397-0068de9464" "proxy-server 2" 0.0007 "-" 22 -
Oct 2 15:04:04 standalone object-expirer[124927]: Pass completed in 0s; 0 objects expired (txn: tx17cfbe503d794b40b2397-0068de9464)
Oct 2 15:07:17 standalone account-server[124794]: 172.20.0.100 - - [02/Oct/2025:15:07:17 +0000] "HEAD /d1/181/.expiring_objects" 404 - "HEAD http://localhost/v1/.expiring_objects?format=json" "tx77ff805cf9d345f3bbe9b-0068de9525" "proxy-server 2" 0.0015 "-" 23 -
Oct 2 15:07:17 standalone object-expirer[124927]: Pass completed in 0s; 0 objects expired (txn: tx77ff805cf9d345f3bbe9b-0068de9525)
Oct 2 15:07:48 standalone container-server[124647]: Begin container update sweep
Oct 2 15:07:50 standalone container-server[124647]: Container update sweep completed: 1.73s
Oct 2 15:07:51 standalone object-server[125069]: Begin object update sweep
Oct 2 15:07:51 standalone object-server[284838]: Object update sweep starting on /srv/node/d1 (pid: 17)
Oct 2 15:07:51 standalone object-server[284838]: Object update sweep completed on /srv/node/d1 in 0.00s seconds:, 0 successes, 0 failures, 0 quarantines, 0 unlinks, 0 errors, 0 redirects (pid: 17)
Oct 2 15:07:51 standalone object-server[284838]: Object update sweep of d1 completed: 0.00s, 0 successes, 0 failures, 0 quarantines, 0 unlinks, 0 errors, 0 redirects
Oct 2 15:07:51 standalone object-server[125069]: Object update sweep completed: 0.09s
Oct 2 15:10:52 standalone account-server[124794]: 172.20.0.100 - - [02/Oct/2025:15:10:52 +0000] "HEAD /d1/181/.expiring_objects" 404 - "HEAD http://localhost/v1/.expiring_objects?format=json" "txa0c790f38839411992a7c-0068de95fc" "proxy-server 2" 0.0007 "-" 23 -
Oct 2 15:10:52 standalone object-expirer[124927]: Pass completed in 0s; 0 objects expired (txn: txa0c790f38839411992a7c-0068de95fc)
Oct 2 15:11:25 standalone account-server[124769]: 172.20.0.5 - - [02/Oct/2025:15:11:25 +0000] "HEAD /d1/401/AUTH_01f8b1d0889241abbd8b51ee24ad1179" 404 - "HEAD http://swift-public-openstack.apps-crc.testing/v1/AUTH_01f8b1d0889241abbd8b51ee24ad1179?format=json" "txce447111157a4e24b6ca0-0068de961d" "proxy-server 5" 0.0016 "-" 19 -
Oct 2 15:11:25 standalone account-server[124779]: 172.20.0.5 - - [02/Oct/2025:15:11:25 +0000] "GET /d1/401/AUTH_01f8b1d0889241abbd8b51ee24ad1179" 404 - "GET http://swift-public-openstack.apps-crc.testing/v1/AUTH_01f8b1d0889241abbd8b51ee24ad1179?format=json" "txce447111157a4e24b6ca0-0068de961d" "proxy-server 5" 0.0006 "-" 21 -
Oct 2 15:12:43 standalone account-server[124779]: 172.20.0.100 - - [02/Oct/2025:15:12:43 +0000] "HEAD /d1/181/.expiring_objects" 404 - "HEAD http://localhost/v1/.expiring_objects?format=json" "tx3ed6f8a2a0da46da9e2eb-0068de966b" "proxy-server 2" 0.0007 "-" 21 -
Oct 2 15:12:43 standalone object-expirer[124927]: Pass completed in 0s; 0 objects expired (txn: tx3ed6f8a2a0da46da9e2eb-0068de966b)
Oct 2 15:12:49 standalone container-server[124647]: Begin container update sweep
Oct 2 15:12:51 standalone container-server[124647]: Container update sweep completed: 1.96s
Oct 2 15:12:51 standalone object-server[125069]: Begin object update sweep
Oct 2 15:12:51 standalone object-server[305350]: Object update sweep starting on /srv/node/d1 (pid: 18)
Oct 2 15:12:51 standalone object-server[305350]: Object update sweep completed on /srv/node/d1 in 0.00s seconds:, 0 successes, 0 failures, 0 quarantines, 0 unlinks, 0 errors, 0 redirects (pid: 18)
Oct 2 15:12:51 standalone object-server[305350]: Object update sweep of d1 completed: 0.00s, 0 successes, 0 failures, 0 quarantines, 0 unlinks, 0 errors, 0 redirects
Oct 2 15:12:51 standalone object-server[125069]: Object update sweep completed: 0.09s
Oct 2 15:16:47 standalone account-server[124769]: 172.20.0.100 - - [02/Oct/2025:15:16:47 +0000] "HEAD /d1/181/.expiring_objects" 404 - "HEAD http://localhost/v1/.expiring_objects?format=json" "tx5f6944e0a35341f2ac2b3-0068de975f" "proxy-server 2" 0.0008 "-" 19 -
Oct 2 15:16:47 standalone object-expirer[124927]: Pass completed in 0s; 0 objects expired (txn: tx5f6944e0a35341f2ac2b3-0068de975f)
Oct 2 15:17:49 standalone container-server[124647]: Begin container update sweep
Oct 2 15:17:50 standalone container-server[124647]: Container update sweep completed: 1.60s
Oct 2 15:17:51 standalone object-server[125069]: Begin object update sweep
Oct 2 15:17:51 standalone object-server[325922]: Object update sweep starting on /srv/node/d1 (pid: 19)
Oct 2 15:17:51 standalone object-server[325922]: Object update sweep completed on /srv/node/d1 in 0.00s seconds:, 0 successes, 0 failures, 0 quarantines, 0 unlinks, 0 errors, 0 redirects (pid: 19)
Oct 2 15:17:51 standalone object-server[325922]: Object update sweep of d1 completed: 0.00s, 0 successes, 0 failures, 0 quarantines, 0 unlinks, 0 errors, 0 redirects
Oct 2 15:17:51 standalone object-server[125069]: Object update sweep completed: 0.08s
Oct 2 15:17:52 standalone account-server[124769]: 172.20.0.100 - - [02/Oct/2025:15:17:52 +0000] "HEAD /d1/181/.expiring_objects" 404 - "HEAD http://localhost/v1/.expiring_objects?format=json" "tx16e0e82c306b4fe09126e-0068de97a0" "proxy-server 2" 0.0011 "-" 19 -
Oct 2 15:17:52 standalone object-expirer[124927]: Pass completed in 0s; 0 objects expired (txn: tx16e0e82c306b4fe09126e-0068de97a0)
Oct 2 15:20:01 standalone account-server[124779]: 172.20.0.5 - - [02/Oct/2025:15:20:01 +0000] "HEAD /d1/486/AUTH_5d9b7941c0d740cf9eadba3e36ca3edd" 204 - "HEAD http://swift-internal.openstack.svc:8080/v1/AUTH_5d9b7941c0d740cf9eadba3e36ca3edd?format=json" "txe087842cc5294c809f11b-0068de9821" "proxy-server 8" 0.0174 "-" 21 -
Oct 2 15:20:01 standalone container-server[124833]: 172.20.0.5 - - [02/Oct/2025:15:20:01 +0000] "HEAD /d1/9/AUTH_5d9b7941c0d740cf9eadba3e36ca3edd/glance" 204 - "HEAD http://swift-internal.openstack.svc:8080/v1/AUTH_5d9b7941c0d740cf9eadba3e36ca3edd/glance?format=json&states=listing" "txe087842cc5294c809f11b-0068de9821" "proxy-server 8" 0.0041 "-" 20 0
Oct 2 15:20:03 standalone container-server[124854]: 172.20.0.100 - - [02/Oct/2025:15:20:03 +0000] "PUT /d1/9/AUTH_5d9b7941c0d740cf9eadba3e36ca3edd/glance/a054c6a1-d7b3-4a84-8788-2d22e034ad9f-00001" 201 - "PUT http://swift-internal.openstack.svc:8080/d1/779/AUTH_5d9b7941c0d740cf9eadba3e36ca3edd/glance/a054c6a1-d7b3-4a84-8788-2d22e034ad9f-00001" "tx0297c8fbd79a45ce81abc-0068de9821" "object-server 22" 0.0011 "-" 22 0
Oct 2 15:20:03 standalone object-server[125136]: 172.20.0.5 - - [02/Oct/2025:15:20:03 +0000] "PUT /d1/779/AUTH_5d9b7941c0d740cf9eadba3e36ca3edd/glance/a054c6a1-d7b3-4a84-8788-2d22e034ad9f-00001" 201 - "PUT http://swift-internal.openstack.svc:8080/v1/AUTH_5d9b7941c0d740cf9eadba3e36ca3edd/glance/a054c6a1-d7b3-4a84-8788-2d22e034ad9f-00001" "tx0297c8fbd79a45ce81abc-0068de9821" "proxy-server 8" 2.1341 "-" 22 0
Oct 2 15:20:06 standalone container-server[124846]: 172.20.0.100 - - [02/Oct/2025:15:20:06 +0000] "PUT /d1/9/AUTH_5d9b7941c0d740cf9eadba3e36ca3edd/glance/a054c6a1-d7b3-4a84-8788-2d22e034ad9f-00002" 201 - "PUT http://swift-internal.openstack.svc:8080/d1/279/AUTH_5d9b7941c0d740cf9eadba3e36ca3edd/glance/a054c6a1-d7b3-4a84-8788-2d22e034ad9f-00002" "txf146e5ff52c84419a5b7a-0068de9823" "object-server 21" 0.0029 "-" 21 0
Oct 2 15:20:06 standalone object-server[125135]: 172.20.0.5 - - [02/Oct/2025:15:20:06 +0000] "PUT /d1/279/AUTH_5d9b7941c0d740cf9eadba3e36ca3edd/glance/a054c6a1-d7b3-4a84-8788-2d22e034ad9f-00002" 201 - "PUT http://swift-internal.openstack.svc:8080/v1/AUTH_5d9b7941c0d740cf9eadba3e36ca3edd/glance/a054c6a1-d7b3-4a84-8788-2d22e034ad9f-00002" "txf146e5ff52c84419a5b7a-0068de9823" "proxy-server 8" 2.2365 "-" 21 0
Oct 2 15:20:07 standalone container-server[124862]: 172.20.0.100 - - [02/Oct/2025:15:20:07 +0000] "PUT /d1/9/AUTH_5d9b7941c0d740cf9eadba3e36ca3edd/glance/a054c6a1-d7b3-4a84-8788-2d22e034ad9f-00003" 201 - "PUT http://swift-internal.openstack.svc:8080/d1/61/AUTH_5d9b7941c0d740cf9eadba3e36ca3edd/glance/a054c6a1-d7b3-4a84-8788-2d22e034ad9f-00003" "tx8fb58e5272e8460cab2b9-0068de9826" "object-server 25" 0.0013 "-" 23 0
Oct 2 15:20:07 standalone object-server[125140]: 172.20.0.5 - - [02/Oct/2025:15:20:07 +0000] "PUT /d1/61/AUTH_5d9b7941c0d740cf9eadba3e36ca3edd/glance/a054c6a1-d7b3-4a84-8788-2d22e034ad9f-00003" 201 - "PUT http://swift-internal.openstack.svc:8080/v1/AUTH_5d9b7941c0d740cf9eadba3e36ca3edd/glance/a054c6a1-d7b3-4a84-8788-2d22e034ad9f-00003" "tx8fb58e5272e8460cab2b9-0068de9826" "proxy-server 8" 1.3858 "-" 25 0
Oct 2 15:20:07 standalone container-server[124862]: 172.20.0.100 - - [02/Oct/2025:15:20:07 +0000] "PUT /d1/9/AUTH_5d9b7941c0d740cf9eadba3e36ca3edd/glance/a054c6a1-d7b3-4a84-8788-2d22e034ad9f" 201 - "PUT http://swift-internal.openstack.svc:8080/d1/758/AUTH_5d9b7941c0d740cf9eadba3e36ca3edd/glance/a054c6a1-d7b3-4a84-8788-2d22e034ad9f" "txe285c08d3a8340a99f68e-0068de9827" "object-server 22" 0.0006 "-" 23 0
Oct 2 15:20:07 standalone object-server[125136]: 172.20.0.5 - - [02/Oct/2025:15:20:07 +0000] "PUT /d1/758/AUTH_5d9b7941c0d740cf9eadba3e36ca3edd/glance/a054c6a1-d7b3-4a84-8788-2d22e034ad9f" 201 - "PUT http://swift-internal.openstack.svc:8080/v1/AUTH_5d9b7941c0d740cf9eadba3e36ca3edd/glance/a054c6a1-d7b3-4a84-8788-2d22e034ad9f" "txe285c08d3a8340a99f68e-0068de9827" "proxy-server 8" 0.0098 "-" 22 0
Oct 2 15:20:20 standalone account-server[124794]: 172.20.0.100 - - [02/Oct/2025:15:20:20 +0000] "HEAD /d1/181/.expiring_objects" 404 - "HEAD http://localhost/v1/.expiring_objects?format=json" "tx0f1720d3eef744c5a8389-0068de9834" "proxy-server 2" 0.0006 "-" 23 -
Oct 2 15:20:20 standalone object-expirer[124927]: Pass completed in 0s; 0 objects expired (txn: tx0f1720d3eef744c5a8389-0068de9834)
Oct 2 15:21:18 standalone account-server[124534]: Devices pass completed: 0.01s
Oct 2 15:21:24 standalone account-server[124786]: 172.20.0.100 - - [02/Oct/2025:15:21:24 +0000] "HEAD /d1/181/.expiring_objects" 404 - "HEAD http://localhost/v1/.expiring_objects?format=json" "tx7985c87f574c47c29b661-0068de9874" "proxy-server 2" 0.0009 "-" 22 -
Oct 2 15:21:24 standalone object-expirer[124927]: Pass completed in 0s; 0 objects expired (txn: tx7985c87f574c47c29b661-0068de9874)
Oct 2 15:22:32 standalone account-server[124769]: 172.20.0.100 - - [02/Oct/2025:15:22:32 +0000] "HEAD /d1/181/.expiring_objects" 404 - "HEAD http://localhost/v1/.expiring_objects?format=json" "tx042a2cb003d5469489166-0068de98b8" "proxy-server 2" 0.0014 "-" 19 -
Oct 2 15:22:32 standalone object-expirer[124927]: Pass completed in 0s; 0 objects expired (txn: tx042a2cb003d5469489166-0068de98b8)
Oct 2 15:22:49 standalone container-server[124647]: Begin container update sweep
Oct 2 15:22:50 standalone account-server[124794]: 172.20.0.100 - - [02/Oct/2025:15:22:50 +0000] "PUT /d1/486/AUTH_5d9b7941c0d740cf9eadba3e36ca3edd/glance" 201 - "-" "-" "container-updater 2" 0.0023 "-" 23 0
Oct 2 15:22:51 standalone container-server[124647]: Container update sweep completed: 1.90s
Oct 2 15:22:51 standalone object-server[125069]: Begin object update sweep
Oct 2 15:22:51 standalone object-server[346478]: Object update sweep starting on /srv/node/d1 (pid: 20)
Oct 2 15:22:51 standalone object-server[346478]: Object update sweep completed on /srv/node/d1 in 0.00s seconds:, 0 successes, 0 failures, 0 quarantines, 0 unlinks, 0 errors, 0 redirects (pid: 20)
Oct 2 15:22:51 standalone object-server[346478]: Object update sweep of d1 completed: 0.00s, 0 successes, 0 failures, 0 quarantines, 0 unlinks, 0 errors, 0 redirects
Oct 2 15:22:51 standalone object-server[125069]: Object update sweep completed: 0.07s
Oct 2 15:23:59 standalone account-server[124779]: 172.20.0.100 - - [02/Oct/2025:15:23:59 +0000] "HEAD /d1/181/.expiring_objects" 404 - "HEAD http://localhost/v1/.expiring_objects?format=json" "tx3cd023c13fc4468089e96-0068de990f" "proxy-server 2" 0.0009 "-" 21 -
Oct 2 15:23:59 standalone object-expirer[124927]: Pass completed in 0s; 0 objects expired (txn: tx3cd023c13fc4468089e96-0068de990f)
Oct 2 15:24:33 standalone account-server[124786]: 172.20.0.100 - - [02/Oct/2025:15:24:33 +0000] "HEAD /d1/181/.expiring_objects" 404 - "HEAD http://localhost/v1/.expiring_objects?format=json" "txcbd96985daf441289f0fa-0068de9931" "proxy-server 2" 0.0005 "-" 22 -
Oct 2 15:24:33 standalone object-expirer[124927]: Pass completed in 0s; 0 objects expired (txn: txcbd96985daf441289f0fa-0068de9931)
Oct 2 15:26:13 standalone account-server[124769]: 172.20.0.5 - - [02/Oct/2025:15:26:13 +0000] "HEAD /d1/401/AUTH_01f8b1d0889241abbd8b51ee24ad1179" 404 - "HEAD http://swift-internal.openstack.svc:8080/v1/AUTH_01f8b1d0889241abbd8b51ee24ad1179?format=json" "tx317956190d504384ac97c-0068de9995" "proxy-server 9" 0.0008 "-" 19 -
Oct 2 15:26:13 standalone account-server[124769]: 172.20.0.5 - - [02/Oct/2025:15:26:13 +0000] "GET /d1/401/AUTH_01f8b1d0889241abbd8b51ee24ad1179" 404 - "GET http://swift-internal.openstack.svc:8080/v1/AUTH_01f8b1d0889241abbd8b51ee24ad1179?format=json" "tx317956190d504384ac97c-0068de9995" "proxy-server 9" 0.0005 "-" 19 -
Oct 2 15:26:13 standalone account-server[124794]: 172.20.0.5 - - [02/Oct/2025:15:26:13 +0000] "HEAD /d1/486/AUTH_5d9b7941c0d740cf9eadba3e36ca3edd" 204 - "HEAD http://swift-internal.openstack.svc:8080/v1/AUTH_5d9b7941c0d740cf9eadba3e36ca3edd?format=json" "tx06c62327c07b4c4ab4b34-0068de9995" "proxy-server 9" 0.0104 "-" 23 -
Oct 2 15:26:13 standalone account-server[124786]: 172.20.0.5 - - [02/Oct/2025:15:26:13 +0000] "GET /d1/486/AUTH_5d9b7941c0d740cf9eadba3e36ca3edd" 200 2960 "GET http://swift-internal.openstack.svc:8080/v1/AUTH_5d9b7941c0d740cf9eadba3e36ca3edd?format=json" "tx06c62327c07b4c4ab4b34-0068de9995" "proxy-server 9" 0.0052 "-" 22 -
Oct 2 15:26:18 standalone account-server[124794]: 172.20.0.5 - - [02/Oct/2025:15:26:18 +0000] "HEAD /d1/401/AUTH_01f8b1d0889241abbd8b51ee24ad1179" 404 - "HEAD http://swift-internal.openstack.svc:8080/v1/AUTH_01f8b1d0889241abbd8b51ee24ad1179?format=json" "tx369d40c9f0a34b168a9a3-0068de999a" "proxy-server 8" 0.0008 "-" 23 -
Oct 2 15:26:18 standalone account-server[124779]: 172.20.0.5 - - [02/Oct/2025:15:26:18 +0000] "HEAD /d1/486/AUTH_5d9b7941c0d740cf9eadba3e36ca3edd" 204 - "HEAD http://swift-internal.openstack.svc:8080/v1/AUTH_5d9b7941c0d740cf9eadba3e36ca3edd?format=json" "tx2fb731628734453d94f7d-0068de999a" "proxy-server 8" 0.0018 "-" 21 -
Oct 2 15:26:54 standalone account-server[124786]: 172.20.0.5 - - [02/Oct/2025:15:26:54 +0000] "HEAD /d1/401/AUTH_01f8b1d0889241abbd8b51ee24ad1179" 404 - "HEAD http://swift-internal.openstack.svc:8080/v1/AUTH_01f8b1d0889241abbd8b51ee24ad1179?format=json" "tx2f269b514cad4b3fb8734-0068de99be" "proxy-server 9" 0.0006 "-" 22 -
Oct 2 15:26:54 standalone account-server[124786]: 172.20.0.5 - - [02/Oct/2025:15:26:54 +0000] "HEAD /d1/486/AUTH_5d9b7941c0d740cf9eadba3e36ca3edd" 204 - "HEAD http://swift-internal.openstack.svc:8080/v1/AUTH_5d9b7941c0d740cf9eadba3e36ca3edd?format=json" "tx7c455d1d3cd949508c3a5-0068de99be" "proxy-server 9" 0.0032 "-" 22 -
Oct 2 15:26:56 standalone account-server[124786]: 172.20.0.5 - - [02/Oct/2025:15:26:56 +0000] "GET /d1/401/AUTH_01f8b1d0889241abbd8b51ee24ad1179" 404 - "GET http://swift-internal.openstack.svc:8080/v1/AUTH_01f8b1d0889241abbd8b51ee24ad1179?format=json" "txd8c3f5998dce471b9f9bc-0068de99c0" "proxy-server 9" 0.0005 "-" 22 -
Oct 2 15:26:57 standalone account-server[124786]: 172.20.0.5 - - [02/Oct/2025:15:26:57 +0000] "GET /d1/486/AUTH_5d9b7941c0d740cf9eadba3e36ca3edd" 200 2960 "GET http://swift-internal.openstack.svc:8080/v1/AUTH_5d9b7941c0d740cf9eadba3e36ca3edd?format=json" "tx6b3baa2f45e04ac8a88b5-0068de99c0" "proxy-server 6" 0.0030 "-" 22 -
Oct 2 15:27:07 standalone account-server[124794]: 172.20.0.5 - - [02/Oct/2025:15:27:07 +0000] "GET /d1/401/AUTH_01f8b1d0889241abbd8b51ee24ad1179" 404 - "GET http://swift-internal.openstack.svc:8080/v1/AUTH_01f8b1d0889241abbd8b51ee24ad1179?format=json" "tx2b6ed1b034574005b44ee-0068de99cb" "proxy-server 8" 0.0014 "-" 23 -
