Oct 2 14:42:11 standalone account-server[124534]: Starting 2
Oct 2 14:42:11 standalone account-server[124552]: Started child 19 from parent 2
Oct 2 14:42:11 standalone account-server[124552]: Started child 21 from parent 2
Oct 2 14:42:11 standalone account-server[124552]: Started child 22 from parent 2
Oct 2 14:42:11 standalone account-server[124552]: Started child 23 from parent 2
Oct 2 14:42:11 standalone container-server[124647]: Starting 2
Oct 2 14:42:11 standalone container-server[124564]: Option allow_versions is deprecated. Configure the versioned_writes middleware in the proxy-server instead. This option will be ignored in a future release.
Oct 2 14:42:11 standalone container-server[124833]: Option allow_versions is deprecated. Configure the versioned_writes middleware in the proxy-server instead. This option will be ignored in a future release.
Oct 2 14:42:11 standalone container-server[124564]: Started child 20 from parent 2
Oct 2 14:42:11 standalone container-server[124846]: Option allow_versions is deprecated. Configure the versioned_writes middleware in the proxy-server instead. This option will be ignored in a future release.
Oct 2 14:42:11 standalone container-server[124564]: Started child 21 from parent 2
Oct 2 14:42:11 standalone container-server[124854]: Option allow_versions is deprecated. Configure the versioned_writes middleware in the proxy-server instead. This option will be ignored in a future release.
Oct 2 14:42:11 standalone container-server[124564]: Started child 22 from parent 2
Oct 2 14:42:11 standalone container-server[124862]: Option allow_versions is deprecated. Configure the versioned_writes middleware in the proxy-server instead. This option will be ignored in a future release.
Oct 2 14:42:11 standalone container-server[124564]: Started child 23 from parent 2
Oct 2 14:42:12 standalone object-expirer[124927]: Starting 2
Oct 2 14:42:12 standalone object-expirer[124927]: Option auto_create_account_prefix is deprecated. Configure auto_create_account_prefix under the swift-constraints section of swift.conf. This option will be ignored in a future release.
Oct 2 14:42:12 standalone object-server[124940]: Started child 21 from parent 2
Oct 2 14:42:12 standalone object-server[124940]: Started child 22 from parent 2
Oct 2 14:42:12 standalone object-server[124940]: Started child 23 from parent 2
Oct 2 14:42:12 standalone object-server[124940]: Started child 25 from parent 2
Oct 2 14:42:12 standalone object-server[125069]: Starting 2
Oct 2 14:42:19 standalone proxy-server[126697]: Starting Keystone auth_token middleware
Oct 2 14:42:19 standalone proxy-server[126697]: AuthToken middleware is set with keystone_authtoken.service_token_roles_required set to False. This is backwards compatible but deprecated behaviour. Please set this to True.
Oct 2 14:42:19 standalone proxy-server[126935]: Starting Keystone auth_token middleware
Oct 2 14:42:19 standalone proxy-server[126935]: STDERR: The option "bind_port" is not known to keystonemiddleware
Oct 2 14:42:19 standalone proxy-server[126935]: STDERR: The option "workers" is not known to keystonemiddleware
Oct 2 14:42:19 standalone proxy-server[126935]: STDERR: The option "user" is not known to keystonemiddleware
Oct 2 14:42:19 standalone proxy-server[126935]: STDERR: The option "bind_ip" is not known to keystonemiddleware
Oct 2 14:42:19 standalone proxy-server[126935]: STDERR: The option "log_name" is not known to keystonemiddleware
Oct 2 14:42:19 standalone proxy-server[126935]: STDERR: The option "log_facility" is not known to keystonemiddleware
Oct 2 14:42:19 standalone proxy-server[126935]: STDERR: The option "log_level" is not known to keystonemiddleware
Oct 2 14:42:19 standalone proxy-server[126935]: STDERR: The option "log_headers" is not known to keystonemiddleware
Oct 2 14:42:19 standalone proxy-server[126935]: STDERR: The option "log_address" is not known to keystonemiddleware
Oct 2 14:42:19 standalone proxy-server[126935]: STDERR: The option "project_name" is not known to keystonemiddleware
Oct 2 14:42:19 standalone proxy-server[126935]: STDERR: The option "username" is not known to keystonemiddleware
Oct 2 14:42:19 standalone proxy-server[126935]: STDERR: The option "password" is not known to keystonemiddleware
Oct 2 14:42:19 standalone proxy-server[126935]: STDERR: The option "auth_url" is not known to keystonemiddleware
Oct 2 14:42:19 standalone proxy-server[126935]: STDERR: The option "signing_dir" is not known to keystonemiddleware
Oct 2 14:42:19 standalone proxy-server[126935]: STDERR: The option "project_domain_id" is not known to keystonemiddleware
Oct 2 14:42:19 standalone proxy-server[126935]: STDERR: The option "user_domain_id" is not known to keystonemiddleware
Oct 2 14:42:19 standalone proxy-server[126935]: STDERR: The option "__name__" is not known to keystonemiddleware
Oct 2 14:42:19 standalone proxy-server[126935]: AuthToken middleware is set with keystone_authtoken.service_token_roles_required set to False. This is backwards compatible but deprecated behaviour. Please set this to True.
Oct 2 14:42:19 standalone proxy-server[126697]: Started child 21 from parent 2
Oct 2 14:42:48 standalone container-server[124647]: Begin container update sweep
Oct 2 14:42:48 standalone container-server[124647]: Container update sweep completed: 0.00s
Oct 2 14:42:50 standalone object-server[125069]: Begin object update sweep
Oct 2 14:42:50 standalone object-server[130643]: Object update sweep starting on /srv/node/d1 (pid: 11)
Oct 2 14:42:50 standalone object-server[130643]: Object update sweep completed on /srv/node/d1 in 0.00s seconds:, 0 successes, 0 failures, 0 quarantines, 0 unlinks, 0 errors, 0 redirects (pid: 11)
Oct 2 14:42:50 standalone object-server[130643]: Object update sweep of d1 completed: 0.00s, 0 successes, 0 failures, 0 quarantines, 0 unlinks, 0 errors, 0 redirects
Oct 2 14:42:50 standalone object-server[125069]: Object update sweep completed: 0.08s
Oct 2 14:43:37 standalone account-server[124769]: 172.20.0.100 - - [02/Oct/2025:14:43:37 +0000] "HEAD /d1/181/.expiring_objects" 404 - "HEAD http://localhost/v1/.expiring_objects?format=json" "txe3c1f9b186064a82ab076-0068de8f99" "proxy-server 2" 0.0011 "-" 19 -
Oct 2 14:43:37 standalone object-expirer[124927]: Pass completed in 0s; 0 objects expired (txn: txe3c1f9b186064a82ab076-0068de8f99)
Oct 2 14:46:03 standalone account-server[124794]: 172.20.0.100 - - [02/Oct/2025:14:46:03 +0000] "HEAD /d1/181/.expiring_objects" 404 - "HEAD http://localhost/v1/.expiring_objects?format=json" "txd69bdfbc38a541e0be2db-0068de902b" "proxy-server 2" 0.0009 "-" 23 -
Oct 2 14:46:03 standalone object-expirer[124927]: Pass completed in 0s; 0 objects expired (txn: txd69bdfbc38a541e0be2db-0068de902b)
Oct 2 14:47:48 standalone container-server[124647]: Begin container update sweep
Oct 2 14:47:48 standalone container-server[124647]: Container update sweep completed: 0.00s
Oct 2 14:47:50 standalone object-server[125069]: Begin object update sweep
Oct 2 14:47:51 standalone object-server[165327]: Object update sweep starting on /srv/node/d1 (pid: 13)
Oct 2 14:47:51 standalone object-server[165327]: Object update sweep completed on /srv/node/d1 in 0.00s seconds:, 0 successes, 0 failures, 0 quarantines, 0 unlinks, 0 errors, 0 redirects (pid: 13)
Oct 2 14:47:51 standalone object-server[165327]: Object update sweep of d1 completed: 0.00s, 0 successes, 0 failures, 0 quarantines, 0 unlinks, 0 errors, 0 redirects
Oct 2 14:47:51 standalone object-server[125069]: Object update sweep completed: 0.08s
Oct 2 14:47:54 standalone account-server[124786]: 172.20.0.100 - - [02/Oct/2025:14:47:54 +0000] "HEAD /d1/181/.expiring_objects" 404 - "HEAD http://localhost/v1/.expiring_objects?format=json" "txa6cefdcd7b654ffd94b5e-0068de909a" "proxy-server 2" 0.0017 "-" 22 -
Oct 2 14:47:54 standalone object-expirer[124927]: Pass completed in 0s; 0 objects expired (txn: txa6cefdcd7b654ffd94b5e-0068de909a)
Oct 2 14:48:48 standalone account-server[124779]: 172.20.0.100 - - [02/Oct/2025:14:48:48 +0000] "HEAD /d1/486/AUTH_5d9b7941c0d740cf9eadba3e36ca3edd" 404 - "HEAD http://localhost:8080/v1/AUTH_5d9b7941c0d740cf9eadba3e36ca3edd?format=json" "tx5fd8031d1ba546139828e-0068de90d0" "proxy-server 21" 0.0016 "-" 21 -
Oct 2 14:48:48 standalone proxy-server[126935]: - - 02/Oct/2025/14/48/48 HEAD /v1/AUTH_5d9b7941c0d740cf9eadba3e36ca3edd%3Fformat%3Djson HTTP/1.0 200 - Swift - - - - tx5fd8031d1ba546139828e-0068de90d0 - 0.0078 RL - 1759416528.923618555 1759416528.931460619 -
Oct 2 14:48:49 standalone proxy-server[126935]: 172.18.0.2 ::1 02/Oct/2025/14/48/49 HEAD /v1/AUTH_5d9b7941c0d740cf9eadba3e36ca3edd/glance%3Fformat%3Djson HTTP/1.0 404 - python-swiftclient-3.11.1 gAAAAABo3pDQwE2A... - - - tx5fd8031d1ba546139828e-0068de90d0 - 0.5416 - - 1759416528.917996883 1759416529.459557533 -
Oct 2 14:48:49 standalone account-server[124779]: 172.20.0.100 - - [02/Oct/2025:14:48:49 +0000] "PUT /d1/486/AUTH_5d9b7941c0d740cf9eadba3e36ca3edd" 201 - "-" "tx6c9ddfb8ab354126bc9b7-0068de90d1" "-" 0.0196 "-" 21 -
Oct 2 14:48:49 standalone proxy-server[126935]: autocreate account '/AUTH_5d9b7941c0d740cf9eadba3e36ca3edd' (txn: tx6c9ddfb8ab354126bc9b7-0068de90d1)
Oct 2 14:48:49 standalone account-server[124786]: 172.20.0.100 - - [02/Oct/2025:14:48:49 +0000] "HEAD /d1/486/AUTH_5d9b7941c0d740cf9eadba3e36ca3edd" 204 - "HEAD http://localhost:8080/v1/AUTH_5d9b7941c0d740cf9eadba3e36ca3edd?format=json" "tx6c9ddfb8ab354126bc9b7-0068de90d1" "proxy-server 21" 0.0014 "-" 22 -
Oct 2 14:48:49 standalone account-server[124786]: 172.20.0.100 - - [02/Oct/2025:14:48:49 +0000] "PUT /d1/486/AUTH_5d9b7941c0d740cf9eadba3e36ca3edd/glance" 201 - "PUT http://172.20.0.100:6001/d1/9/AUTH_5d9b7941c0d740cf9eadba3e36ca3edd/glance" "tx6c9ddfb8ab354126bc9b7-0068de90d1" "container-server 23" 0.0013 "-" 22 0
Oct 2 14:48:49 standalone container-server[124862]: 172.20.0.100 - - [02/Oct/2025:14:48:49 +0000] "PUT /d1/9/AUTH_5d9b7941c0d740cf9eadba3e36ca3edd/glance" 201 - "PUT http://localhost:8080/v1/AUTH_5d9b7941c0d740cf9eadba3e36ca3edd/glance" "tx6c9ddfb8ab354126bc9b7-0068de90d1" "proxy-server 21" 0.0212 "-" 23 0
Oct 2 14:48:49 standalone proxy-server[126935]: 172.18.0.2 ::1 02/Oct/2025/14/48/49 PUT /v1/AUTH_5d9b7941c0d740cf9eadba3e36ca3edd/glance HTTP/1.0 201 - python-swiftclient-3.11.1 gAAAAABo3pDQwE2A... - - - tx6c9ddfb8ab354126bc9b7-0068de90d1 - 0.0613 - - 1759416529.466649532 1759416529.527998447 0
Oct 2 14:48:49 standalone container-server[124833]: 172.20.0.100 - - [02/Oct/2025:14:48:49 +0000] "HEAD /d1/9/AUTH_5d9b7941c0d740cf9eadba3e36ca3edd/glance" 204 - "HEAD http://localhost:8080/v1/AUTH_5d9b7941c0d740cf9eadba3e36ca3edd/glance?format=json&states=listing" "tx673dbfc6fb174ad7bfade-0068de90d1" "proxy-server 21" 0.0043 "-" 20 0
Oct 2 14:48:49 standalone proxy-server[126935]: - - 02/Oct/2025/14/48/49 HEAD /v1/AUTH_5d9b7941c0d740cf9eadba3e36ca3edd/glance%3Fformat%3Djson%26states%3Dlisting HTTP/1.0 204 - Swift - - - - tx673dbfc6fb174ad7bfade-0068de90d1 - 0.0165 RL - 1759416529.538097382 1759416529.554606915 0
Oct 2 14:49:09 standalone container-server[124854]: 172.20.0.100 - - [02/Oct/2025:14:49:09 +0000] "PUT /d1/9/AUTH_5d9b7941c0d740cf9eadba3e36ca3edd/glance/d0504ca6-1e51-44fa-9fa3-8f460c264cb6" 201 - "PUT http://localhost:8080/d1/628/AUTH_5d9b7941c0d740cf9eadba3e36ca3edd/glance/d0504ca6-1e51-44fa-9fa3-8f460c264cb6" "tx673dbfc6fb174ad7bfade-0068de90d1" "object-server 25" 0.0022 "-" 22 0
Oct 2 14:49:09 standalone object-server[125140]: 172.20.0.100 - - [02/Oct/2025:14:49:09 +0000] "PUT /d1/628/AUTH_5d9b7941c0d740cf9eadba3e36ca3edd/glance/d0504ca6-1e51-44fa-9fa3-8f460c264cb6" 201 - "PUT http://localhost:8080/v1/AUTH_5d9b7941c0d740cf9eadba3e36ca3edd/glance/d0504ca6-1e51-44fa-9fa3-8f460c264cb6" "tx673dbfc6fb174ad7bfade-0068de90d1" "proxy-server 21" 19.7909 "-" 25 0
Oct 2 14:49:09 standalone proxy-server[126935]: 172.18.0.2 ::1 02/Oct/2025/14/49/09 PUT /v1/AUTH_5d9b7941c0d740cf9eadba3e36ca3edd/glance/d0504ca6-1e51-44fa-9fa3-8f460c264cb6 HTTP/1.0 201 - python-swiftclient-3.11.1 gAAAAABo3pDQwE2A... 1445986304 - - tx673dbfc6fb174ad7bfade-0068de90d1 - 19.8169 - - 1759416529.536633968 1759416549.353487968 0
Oct 2 14:52:08 standalone account-server[124769]: 172.20.0.100 - - [02/Oct/2025:14:52:08 +0000] "HEAD /d1/181/.expiring_objects" 404 - "HEAD http://localhost/v1/.expiring_objects?format=json" "tx0914e169068d4a2ca9385-0068de9198" "proxy-server 2" 0.0007 "-" 19 -
Oct 2 14:52:08 standalone object-expirer[124927]: Pass completed in 0s; 0 objects expired (txn: tx0914e169068d4a2ca9385-0068de9198)
Oct 2 14:52:48 standalone container-server[124647]: Begin container update sweep
Oct 2 14:52:48 standalone account-server[124786]: 172.20.0.100 - - [02/Oct/2025:14:52:48 +0000] "PUT /d1/486/AUTH_5d9b7941c0d740cf9eadba3e36ca3edd/glance" 201 - "-" "-" "container-updater 2" 0.0010 "-" 22 0
Oct 2 14:52:48 standalone container-server[124647]: Container update sweep completed: 0.12s
Oct 2 14:52:51 standalone object-server[125069]: Begin object update sweep
Oct 2 14:52:51 standalone object-server[203763]: Object update sweep starting on /srv/node/d1 (pid: 14)
Oct 2 14:52:51 standalone object-server[203763]: Object update sweep completed on /srv/node/d1 in 0.00s seconds:, 0 successes, 0 failures, 0 quarantines, 0 unlinks, 0 errors, 0 redirects (pid: 14)
Oct 2 14:52:51 standalone object-server[203763]: Object update sweep of d1 completed: 0.00s, 0 successes, 0 failures, 0 quarantines, 0 unlinks, 0 errors, 0 redirects
Oct 2 14:52:51 standalone object-server[125069]: Object update sweep completed: 0.08s
Oct 2 14:53:54 standalone account-server[124779]: 172.20.0.100 - - [02/Oct/2025:14:53:54 +0000] "HEAD /d1/486/AUTH_5d9b7941c0d740cf9eadba3e36ca3edd" 204 - "HEAD http://localhost:8080/v1/AUTH_5d9b7941c0d740cf9eadba3e36ca3edd?format=json" "tx9e07f2775af148e7a9da8-0068de9202" "proxy-server 21" 0.0099 "-" 21 -
Oct 2 14:53:54 standalone proxy-server[126935]: - - 02/Oct/2025/14/53/54 HEAD /v1/AUTH_5d9b7941c0d740cf9eadba3e36ca3edd%3Fformat%3Djson HTTP/1.0 204 - Swift - - - - tx9e07f2775af148e7a9da8-0068de9202 - 0.0146 RL - 1759416834.321670294 1759416834.336237669 -
Oct 2 14:53:54 standalone container-server[124833]: 172.20.0.100 - - [02/Oct/2025:14:53:54 +0000] "HEAD /d1/9/AUTH_5d9b7941c0d740cf9eadba3e36ca3edd/glance" 204 - "HEAD http://localhost:8080/v1/AUTH_5d9b7941c0d740cf9eadba3e36ca3edd/glance?format=json&states=listing" "tx9e07f2775af148e7a9da8-0068de9202" "proxy-server 21" 0.0033 "-" 20 0
Oct 2 14:53:54 standalone proxy-server[126935]: 172.18.0.2 ::1 02/Oct/2025/14/53/54 HEAD /v1/AUTH_5d9b7941c0d740cf9eadba3e36ca3edd/glance%3Fformat%3Djson%26states%3Dlisting HTTP/1.0 204 - python-swiftclient-3.11.1 gAAAAABo3pIChvRP... - - - tx9e07f2775af148e7a9da8-0068de9202 - 0.1038 - - 1759416834.320878267 1759416834.424688816 0
Oct 2 14:53:57 standalone container-server[124833]: 172.20.0.100 - - [02/Oct/2025:14:53:57 +0000] "PUT /d1/9/AUTH_5d9b7941c0d740cf9eadba3e36ca3edd/glance/5c93e15a-7e8a-4787-b474-1e9aaf315f01-00001" 201 - "PUT http://localhost:8080/d1/152/AUTH_5d9b7941c0d740cf9eadba3e36ca3edd/glance/5c93e15a-7e8a-4787-b474-1e9aaf315f01-00001" "tx84ed96f1250144afb02f9-0068de9202" "object-server 21" 0.0014 "-" 20 0
Oct 2 14:53:57 standalone object-server[125135]: 172.20.0.100 - - [02/Oct/2025:14:53:57 +0000] "PUT /d1/152/AUTH_5d9b7941c0d740cf9eadba3e36ca3edd/glance/5c93e15a-7e8a-4787-b474-1e9aaf315f01-00001" 201 - "PUT http://localhost:8080/v1/AUTH_5d9b7941c0d740cf9eadba3e36ca3edd/glance/5c93e15a-7e8a-4787-b474-1e9aaf315f01-00001" "tx84ed96f1250144afb02f9-0068de9202" "proxy-server 21" 2.8499 "-" 21 0
Oct 2 14:53:57 standalone proxy-server[126935]: 172.18.0.2 ::1 02/Oct/2025/14/53/57 PUT /v1/AUTH_5d9b7941c0d740cf9eadba3e36ca3edd/glance/5c93e15a-7e8a-4787-b474-1e9aaf315f01-00001 HTTP/1.0 201 - python-swiftclient-3.11.1 gAAAAABo3pIChvRP... 21692416 - - tx84ed96f1250144afb02f9-0068de9202 - 2.8586 - - 1759416834.432188272 1759416837.290806770 0
Oct 2 14:53:57 standalone container-server[124862]: 172.20.0.100 - - [02/Oct/2025:14:53:57 +0000] "PUT /d1/9/AUTH_5d9b7941c0d740cf9eadba3e36ca3edd/glance/5c93e15a-7e8a-4787-b474-1e9aaf315f01" 201 - "PUT http://localhost:8080/d1/954/AUTH_5d9b7941c0d740cf9eadba3e36ca3edd/glance/5c93e15a-7e8a-4787-b474-1e9aaf315f01" "tx817ce465edaf49b0a3a68-0068de9205" "object-server 22" 0.0009 "-" 23 0
Oct 2 14:53:57 standalone object-server[125136]: 172.20.0.100 - - [02/Oct/2025:14:53:57 +0000] "PUT /d1/954/AUTH_5d9b7941c0d740cf9eadba3e36ca3edd/glance/5c93e15a-7e8a-4787-b474-1e9aaf315f01" 201 - "PUT http://localhost:8080/v1/AUTH_5d9b7941c0d740cf9eadba3e36ca3edd/glance/5c93e15a-7e8a-4787-b474-1e9aaf315f01" "tx817ce465edaf49b0a3a68-0068de9205" "proxy-server 21" 0.0269 "-" 22 0
Oct 2 14:53:57 standalone proxy-server[126935]: 172.18.0.2 ::1 02/Oct/2025/14/53/57 PUT /v1/AUTH_5d9b7941c0d740cf9eadba3e36ca3edd/glance/5c93e15a-7e8a-4787-b474-1e9aaf315f01 HTTP/1.0 201 - python-swiftclient-3.11.1 gAAAAABo3pIChvRP... - - - tx817ce465edaf49b0a3a68-0068de9205 - 0.0343 - - 1759416837.303194284 1759416837.337498903 0
Oct 2 14:53:58 standalone container-server[124833]: 172.20.0.100 - - [02/Oct/2025:14:53:58 +0000] "HEAD /d1/495/AUTH_5d9b7941c0d740cf9eadba3e36ca3edd/gnocchi.de208787-6f8d-4c0b-b7af-593f6503336d" 404 - "HEAD http://localhost:8080/v1/AUTH_5d9b7941c0d740cf9eadba3e36ca3edd/gnocchi.de208787-6f8d-4c0b-b7af-593f6503336d?format=json&states=listing" "txfaa9ff9482124dc28d91f-0068de9206" "proxy-server 21" 0.0006 "-" 20 0
Oct 2 14:53:58 standalone object-server[125138]: 172.20.0.100 - - [02/Oct/2025:14:53:58 +0000] "GET /d1/548/AUTH_5d9b7941c0d740cf9eadba3e36ca3edd/gnocchi.de208787-6f8d-4c0b-b7af-593f6503336d/none_v3" 404 70 "GET http://localhost:8080/v1/AUTH_5d9b7941c0d740cf9eadba3e36ca3edd/gnocchi.de208787-6f8d-4c0b-b7af-593f6503336d/none_v3" "txfaa9ff9482124dc28d91f-0068de9206" "proxy-server 21" 0.0007 "-" 23 0
Oct 2 14:53:58 standalone proxy-server[126935]: 172.18.0.2 ::1 02/Oct/2025/14/53/58 GET /v1/AUTH_5d9b7941c0d740cf9eadba3e36ca3edd/gnocchi.de208787-6f8d-4c0b-b7af-593f6503336d/none_v3 HTTP/1.0 404 - python-swiftclient-3.11.1 gAAAAABo3pIFMj76... - 70 - txfaa9ff9482124dc28d91f-0068de9206 - 0.0426 - - 1759416838.027166128 1759416838.069738388 0
Oct 2 14:53:58 standalone account-server[124786]: 172.20.0.100 - - [02/Oct/2025:14:53:58 +0000] "PUT /d1/486/AUTH_5d9b7941c0d740cf9eadba3e36ca3edd/gnocchi.de208787-6f8d-4c0b-b7af-593f6503336d" 201 - "PUT http://172.20.0.100:6001/d1/495/AUTH_5d9b7941c0d740cf9eadba3e36ca3edd/gnocchi.de208787-6f8d-4c0b-b7af-593f6503336d" "tx627fbd7c83e147429516b-0068de9206" "container-server 21" 0.0013 "-" 22 0
Oct 2 14:53:58 standalone container-server[124846]: 172.20.0.100 - - [02/Oct/2025:14:53:58 +0000] "PUT /d1/495/AUTH_5d9b7941c0d740cf9eadba3e36ca3edd/gnocchi.de208787-6f8d-4c0b-b7af-593f6503336d" 201 - "PUT http://localhost:8080/v1/AUTH_5d9b7941c0d740cf9eadba3e36ca3edd/gnocchi.de208787-6f8d-4c0b-b7af-593f6503336d" "tx627fbd7c83e147429516b-0068de9206" "proxy-server 21" 0.0135 "-" 21 0
Oct 2 14:53:58 standalone proxy-server[126935]: 172.18.0.2 ::1 02/Oct/2025/14/53/58 PUT /v1/AUTH_5d9b7941c0d740cf9eadba3e36ca3edd/gnocchi.de208787-6f8d-4c0b-b7af-593f6503336d HTTP/1.0 201 - python-swiftclient-3.11.1 gAAAAABo3pIFMj76... - - - tx627fbd7c83e147429516b-0068de9206 - 0.0193 - - 1759416838.075614691 1759416838.094872713 0
Oct 2 14:53:58 standalone container-server[124833]: 172.20.0.100 - - [02/Oct/2025:14:53:58 +0000] "HEAD /d1/495/AUTH_5d9b7941c0d740cf9eadba3e36ca3edd/gnocchi.de208787-6f8d-4c0b-b7af-593f6503336d" 204 - "HEAD http://localhost:8080/v1/AUTH_5d9b7941c0d740cf9eadba3e36ca3edd/gnocchi.de208787-6f8d-4c0b-b7af-593f6503336d?format=json&states=listing" "tx11a17cd0bdbb45d4b93b2-0068de9206" "proxy-server 21" 0.0012 "-" 20 0
Oct 2 14:53:58 standalone proxy-server[126935]: - - 02/Oct/2025/14/53/58 HEAD /v1/AUTH_5d9b7941c0d740cf9eadba3e36ca3edd/gnocchi.de208787-6f8d-4c0b-b7af-593f6503336d%3Fformat%3Djson%26states%3Dlisting HTTP/1.0 204 - Swift - - - - tx11a17cd0bdbb45d4b93b2-0068de9206 - 0.0038 RL - 1759416838.100026846 1759416838.103860140 0
Oct 2 14:53:58 standalone container-server[124846]: 172.20.0.100 - - [02/Oct/2025:14:53:58 +0000] "GET /d1/495/AUTH_5d9b7941c0d740cf9eadba3e36ca3edd/gnocchi.de208787-6f8d-4c0b-b7af-593f6503336d" 200 2 "GET http://localhost:8080/v1/AUTH_5d9b7941c0d740cf9eadba3e36ca3edd/gnocchi.de208787-6f8d-4c0b-b7af-593f6503336d?format=json&states=listing" "tx11a17cd0bdbb45d4b93b2-0068de9206" "proxy-server 21" 0.0022 "-" 21 0
Oct 2 14:53:58 standalone proxy-server[126935]: 172.18.0.2 ::1 02/Oct/2025/14/53/58 GET /v1/AUTH_5d9b7941c0d740cf9eadba3e36ca3edd/gnocchi.de208787-6f8d-4c0b-b7af-593f6503336d%3Fformat%3Djson%26states%3Dlisting HTTP/1.0 200 - python-swiftclient-3.11.1 gAAAAABo3pIFMj76... - 2 - tx11a17cd0bdbb45d4b93b2-0068de9206 - 0.0111 - - 1759416838.099169016 1759416838.110301733 0
Oct 2 14:53:58 standalone object-server[125136]: 172.20.0.100 - - [02/Oct/2025:14:53:58 +0000] "GET /d1/182/AUTH_5d9b7941c0d740cf9eadba3e36ca3edd/gnocchi.de208787-6f8d-4c0b-b7af-593f6503336d/1759320000.0_mean_300.0_v3" 404 70 "GET http://localhost:8080/v1/AUTH_5d9b7941c0d740cf9eadba3e36ca3edd/gnocchi.de208787-6f8d-4c0b-b7af-593f6503336d/1759320000.0_mean_300.0_v3" "tx6a7bd6200f39452d8be7c-0068de9206" "proxy-server 21" 0.0003 "-" 22 0
Oct 2 14:53:58 standalone proxy-server[126935]: 172.18.0.2 ::1 02/Oct/2025/14/53/58 GET /v1/AUTH_5d9b7941c0d740cf9eadba3e36ca3edd/gnocchi.de208787-6f8d-4c0b-b7af-593f6503336d/1759320000.0_mean_300.0_v3 HTTP/1.0 404 - python-swiftclient-3.11.1 gAAAAABo3pIFMj76... - 70 - tx6a7bd6200f39452d8be7c-0068de9206 - 0.0038 - - 1759416838.113239765 1759416838.117074490 0
Oct 2 14:53:58 standalone container-server[124862]: 172.20.0.100 - - [02/Oct/2025:14:53:58 +0000] "PUT /d1/495/AUTH_5d9b7941c0d740cf9eadba3e36ca3edd/gnocchi.de208787-6f8d-4c0b-b7af-593f6503336d/1759320000.0_mean_300.0_v3" 201 - "PUT http://localhost:8080/d1/182/AUTH_5d9b7941c0d740cf9eadba3e36ca3edd/gnocchi.de208787-6f8d-4c0b-b7af-593f6503336d/1759320000.0_mean_300.0_v3" "txb85540302fba43d7a2855-0068de9206" "object-server 22" 0.0005 "-" 23 0
Oct 2 14:53:58 standalone object-server[125136]: 172.20.0.100 - - [02/Oct/2025:14:53:58 +0000] "PUT /d1/182/AUTH_5d9b7941c0d740cf9eadba3e36ca3edd/gnocchi.de208787-6f8d-4c0b-b7af-593f6503336d/1759320000.0_mean_300.0_v3" 201 - "PUT http://localhost:8080/v1/AUTH_5d9b7941c0d740cf9eadba3e36ca3edd/gnocchi.de208787-6f8d-4c0b-b7af-593f6503336d/1759320000.0_mean_300.0_v3" "txb85540302fba43d7a2855-0068de9206" "proxy-server 21" 0.0173 "-" 22 0
Oct 2 14:53:58 standalone proxy-server[126935]: 172.18.0.2 ::1 02/Oct/2025/14/53/58 PUT /v1/AUTH_5d9b7941c0d740cf9eadba3e36ca3edd/gnocchi.de208787-6f8d-4c0b-b7af-593f6503336d/1759320000.0_mean_300.0_v3 HTTP/1.0 201 - python-swiftclient-3.11.1 gAAAAABo3pIFMj76... 16 - - txb85540302fba43d7a2855-0068de9206 - 0.0210 - - 1759416838.119192839 1759416838.140177727 0
Oct 2 14:53:58 standalone container-server[124854]: 172.20.0.100 - - [02/Oct/2025:14:53:58 +0000] "PUT /d1/495/AUTH_5d9b7941c0d740cf9eadba3e36ca3edd/gnocchi.de208787-6f8d-4c0b-b7af-593f6503336d/none_v3" 201 - "PUT http://localhost:8080/d1/548/AUTH_5d9b7941c0d740cf9eadba3e36ca3edd/gnocchi.de208787-6f8d-4c0b-b7af-593f6503336d/none_v3" "txc4f984af2654445584f91-0068de9206" "object-server 23" 0.0005 "-" 22 0
Oct 2 14:53:58 standalone object-server[125138]: 172.20.0.100 - - [02/Oct/2025:14:53:58 +0000] "PUT /d1/548/AUTH_5d9b7941c0d740cf9eadba3e36ca3edd/gnocchi.de208787-6f8d-4c0b-b7af-593f6503336d/none_v3" 201 - "PUT http://localhost:8080/v1/AUTH_5d9b7941c0d740cf9eadba3e36ca3edd/gnocchi.de208787-6f8d-4c0b-b7af-593f6503336d/none_v3" "txc4f984af2654445584f91-0068de9206" "proxy-server 21" 0.0206 "-" 23 0
Oct 2 14:53:58 standalone proxy-server[126935]: 172.18.0.2 ::1 02/Oct/2025/14/53/58 PUT /v1/AUTH_5d9b7941c0d740cf9eadba3e36ca3edd/gnocchi.de208787-6f8d-4c0b-b7af-593f6503336d/none_v3 HTTP/1.0 201 - python-swiftclient-3.11.1 gAAAAABo3pIFMj76... 32 - - txc4f984af2654445584f91-0068de9206 - 0.0249 - - 1759416838.142902851 1759416838.167808056 0
Oct 2 14:53:59 standalone account-server[124769]: 172.20.0.100 - - [02/Oct/2025:14:53:59 +0000] "HEAD /d1/181/.expiring_objects" 404 - "HEAD http://localhost/v1/.expiring_objects?format=json" "tx84bb8a66f9c74f6d82947-0068de9207" "proxy-server 2" 0.0005 "-" 19 -
Oct 2 14:53:59 standalone object-expirer[124927]: Pass completed in 0s; 0 objects expired (txn: tx84bb8a66f9c74f6d82947-0068de9207)
Oct 2 14:55:03 standalone account-server[124794]: 172.20.0.100 - - [02/Oct/2025:14:55:03 +0000] "HEAD /d1/486/AUTH_5d9b7941c0d740cf9eadba3e36ca3edd" 204 - "HEAD http://localhost:8080/v1/AUTH_5d9b7941c0d740cf9eadba3e36ca3edd?format=json" "txfbd1c06cdcd14c13ac870-0068de9247" "proxy-server 21" 0.0078 "-" 23 -
Oct 2 14:55:03 standalone proxy-server[126935]: - - 02/Oct/2025/14/55/03 HEAD /v1/AUTH_5d9b7941c0d740cf9eadba3e36ca3edd%3Fformat%3Djson HTTP/1.0 204 - Swift - - - - txfbd1c06cdcd14c13ac870-0068de9247 - 0.0148 RL - 1759416903.542555809 1759416903.557338953 -
Oct 2 14:55:03 standalone container-server[124846]: 172.20.0.100 - - [02/Oct/2025:14:55:03 +0000] "HEAD /d1/9/AUTH_5d9b7941c0d740cf9eadba3e36ca3edd/glance" 204 - "HEAD http://localhost:8080/v1/AUTH_5d9b7941c0d740cf9eadba3e36ca3edd/glance?format=json&states=listing" "txfbd1c06cdcd14c13ac870-0068de9247" "proxy-server 21" 0.0157 "-" 21 0
Oct 2 14:55:03 standalone object-server[125138]: 172.20.0.100 - - [02/Oct/2025:14:55:03 +0000] "GET /d1/954/AUTH_5d9b7941c0d740cf9eadba3e36ca3edd/glance/5c93e15a-7e8a-4787-b474-1e9aaf315f01" 200 - "GET http://localhost:8080/v1/AUTH_5d9b7941c0d740cf9eadba3e36ca3edd/glance/5c93e15a-7e8a-4787-b474-1e9aaf315f01" "txfbd1c06cdcd14c13ac870-0068de9247" "proxy-server 21" 0.0025 "-" 23 0
Oct 2 14:55:03 standalone container-server[124862]: 172.20.0.100 - - [02/Oct/2025:14:55:03 +0000] "GET /d1/9/AUTH_5d9b7941c0d740cf9eadba3e36ca3edd/glance" 200 210 "GET http://localhost:8080/v1/AUTH_5d9b7941c0d740cf9eadba3e36ca3edd/glance?prefix=5c93e15a-7e8a-4787-b474-1e9aaf315f01-&format=json&states=listing" "txfbd1c06cdcd14c13ac870-0068de9247" "proxy-server 21" 0.0047 "-" 23 0
Oct 2 14:55:03 standalone proxy-server[126935]: - - 02/Oct/2025/14/55/03 GET /v1/AUTH_5d9b7941c0d740cf9eadba3e36ca3edd/glance%3Fprefix%3D5c93e15a-7e8a-4787-b474-1e9aaf315f01-%26format%3Djson%26states%3Dlisting HTTP/1.0 200 - python-swiftclient-3.11.1%20DLO%20MultipartGET gAAAAABo3pJH7F4L... - 210 - txfbd1c06cdcd14c13ac870-0068de9247 - 0.0101 DLO - 1759416903.702874422 1759416903.712956667 0
Oct 2 14:55:03 standalone object-server[125140]: 172.20.0.100 - - [02/Oct/2025:14:55:03 +0000] "GET /d1/152/AUTH_5d9b7941c0d740cf9eadba3e36ca3edd/glance/5c93e15a-7e8a-4787-b474-1e9aaf315f01-00001" 200 21692416 "GET http://localhost:8080/v1/AUTH_5d9b7941c0d740cf9eadba3e36ca3edd/glance/5c93e15a-7e8a-4787-b474-1e9aaf315f01-00001?multipart-manifest=get" "txfbd1c06cdcd14c13ac870-0068de9247" "proxy-server 21" 0.0016 "-" 25 0
Oct 2 14:55:03 standalone proxy-server[126935]: - - 02/Oct/2025/14/55/03 GET /v1/AUTH_5d9b7941c0d740cf9eadba3e36ca3edd/glance/5c93e15a-7e8a-4787-b474-1e9aaf315f01-00001%3Fmultipart-manifest%3Dget HTTP/1.0 200 - python-swiftclient-3.11.1%20%20DLO%20MultipartGET gAAAAABo3pJH7F4L... - 21692416 - txfbd1c06cdcd14c13ac870-0068de9247 - 0.1187 DLO - 1759416903.714088440 1759416903.832748652 0
Oct 2 14:55:03 standalone proxy-server[126935]: 172.18.0.2 ::1 02/Oct/2025/14/55/03 GET /v1/AUTH_5d9b7941c0d740cf9eadba3e36ca3edd/glance/5c93e15a-7e8a-4787-b474-1e9aaf315f01 HTTP/1.0 200 - python-swiftclient-3.11.1 gAAAAABo3pJH7F4L... - 21692416 - txfbd1c06cdcd14c13ac870-0068de9247 - 0.2927 - - 1759416903.540711403 1759416903.833402395 0
Oct 2 14:55:04 standalone container-server[124862]: 172.20.0.100 - - [02/Oct/2025:14:55:04 +0000] "HEAD /d1/26/AUTH_5d9b7941c0d740cf9eadba3e36ca3edd/gnocchi.4499a9e8-1596-43aa-a552-4caaeb1b47b4" 404 - "HEAD http://localhost:8080/v1/AUTH_5d9b7941c0d740cf9eadba3e36ca3edd/gnocchi.4499a9e8-1596-43aa-a552-4caaeb1b47b4?format=json&states=listing" "tx19be082191d84fe89fe94-0068de9248" "proxy-server 21" 0.0007 "-" 23 0
Oct 2 14:55:04 standalone object-server[125138]: 172.20.0.100 - - [02/Oct/2025:14:55:04 +0000] "GET /d1/351/AUTH_5d9b7941c0d740cf9eadba3e36ca3edd/gnocchi.4499a9e8-1596-43aa-a552-4caaeb1b47b4/none_v3" 404 70 "GET http://localhost:8080/v1/AUTH_5d9b7941c0d740cf9eadba3e36ca3edd/gnocchi.4499a9e8-1596-43aa-a552-4caaeb1b47b4/none_v3" "tx19be082191d84fe89fe94-0068de9248" "proxy-server 21" 0.0005 "-" 23 0
Oct 2 14:55:04 standalone proxy-server[126935]: 172.18.0.2 ::1 02/Oct/2025/14/55/04 GET /v1/AUTH_5d9b7941c0d740cf9eadba3e36ca3edd/gnocchi.4499a9e8-1596-43aa-a552-4caaeb1b47b4/none_v3 HTTP/1.0 404 - python-swiftclient-3.11.1 gAAAAABo3pIFMj76... - 70 - tx19be082191d84fe89fe94-0068de9248 - 0.0126 - - 1759416904.663466692 1759416904.676034212 0
Oct 2 14:55:04 standalone account-server[124769]: 172.20.0.100 - - [02/Oct/2025:14:55:04 +0000] "PUT /d1/486/AUTH_5d9b7941c0d740cf9eadba3e36ca3edd/gnocchi.4499a9e8-1596-43aa-a552-4caaeb1b47b4" 201 - "PUT http://172.20.0.100:6001/d1/26/AUTH_5d9b7941c0d740cf9eadba3e36ca3edd/gnocchi.4499a9e8-1596-43aa-a552-4caaeb1b47b4" "txb9c323a5f28b4cc9a8a6c-0068de9248" "container-server 20" 0.0035 "-" 19 0
Oct 2 14:55:04 standalone container-server[124833]: 172.20.0.100 - - [02/Oct/2025:14:55:04 +0000] "PUT /d1/26/AUTH_5d9b7941c0d740cf9eadba3e36ca3edd/gnocchi.4499a9e8-1596-43aa-a552-4caaeb1b47b4" 201 - "PUT http://localhost:8080/v1/AUTH_5d9b7941c0d740cf9eadba3e36ca3edd/gnocchi.4499a9e8-1596-43aa-a552-4caaeb1b47b4" "txb9c323a5f28b4cc9a8a6c-0068de9248" "proxy-server 21" 0.0131 "-" 20 0
Oct 2 14:55:04 standalone proxy-server[126935]: 172.18.0.2 ::1 02/Oct/2025/14/55/04 PUT /v1/AUTH_5d9b7941c0d740cf9eadba3e36ca3edd/gnocchi.4499a9e8-1596-43aa-a552-4caaeb1b47b4 HTTP/1.0 201 - python-swiftclient-3.11.1 gAAAAABo3pIFMj76... - - - txb9c323a5f28b4cc9a8a6c-0068de9248 - 0.0208 - - 1759416904.681676865 1759416904.702450037 0
Oct 2 14:55:04 standalone container-server[124846]: 172.20.0.100 - - [02/Oct/2025:14:55:04 +0000] "HEAD /d1/26/AUTH_5d9b7941c0d740cf9eadba3e36ca3edd/gnocchi.4499a9e8-1596-43aa-a552-4caaeb1b47b4" 204 - "HEAD http://localhost:8080/v1/AUTH_5d9b7941c0d740cf9eadba3e36ca3edd/gnocchi.4499a9e8-1596-43aa-a552-4caaeb1b47b4?format=json&states=listing" "txf47a4fe048164e06b49e4-0068de9248" "proxy-server 21" 0.0016 "-" 21 0
Oct 2 14:55:04 standalone proxy-server[126935]: - - 02/Oct/2025/14/55/04 HEAD /v1/AUTH_5d9b7941c0d740cf9eadba3e36ca3edd/gnocchi.4499a9e8-1596-43aa-a552-4caaeb1b47b4%3Fformat%3Djson%26states%3Dlisting HTTP/1.0 204 - Swift - - - - txf47a4fe048164e06b49e4-0068de9248 - 0.0050 RL - 1759416904.707830429 1759416904.712822676 0
Oct 2 14:55:04 standalone container-server[124833]: 172.20.0.100 - - [02/Oct/2025:14:55:04 +0000] "GET /d1/26/AUTH_5d9b7941c0d740cf9eadba3e36ca3edd/gnocchi.4499a9e8-1596-43aa-a552-4caaeb1b47b4" 200 2 "GET http://localhost:8080/v1/AUTH_5d9b7941c0d740cf9eadba3e36ca3edd/gnocchi.4499a9e8-1596-43aa-a552-4caaeb1b47b4?format=json&states=listing" "txf47a4fe048164e06b49e4-0068de9248" "proxy-server 21" 0.0019 "-" 20 0
Oct 2 14:55:04 standalone proxy-server[126935]: 172.18.0.2 ::1 02/Oct/2025/14/55/04 GET /v1/AUTH_5d9b7941c0d740cf9eadba3e36ca3edd/gnocchi.4499a9e8-1596-43aa-a552-4caaeb1b47b4%3Fformat%3Djson%26states%3Dlisting HTTP/1.0 200 - python-swiftclient-3.11.1 gAAAAABo3pIFMj76... - 2 - txf47a4fe048164e06b49e4-0068de9248 - 0.0149 - - 1759416904.706768990 1759416904.721663713 0
Oct 2 14:55:04 standalone object-server[125140]: 172.20.0.100 - - [02/Oct/2025:14:55:04 +0000] "GET /d1/895/AUTH_5d9b7941c0d740cf9eadba3e36ca3edd/gnocchi.4499a9e8-1596-43aa-a552-4caaeb1b47b4/1759320000.0_mean_300.0_v3" 404 70 "GET http://localhost:8080/v1/AUTH_5d9b7941c0d740cf9eadba3e36ca3edd/gnocchi.4499a9e8-1596-43aa-a552-4caaeb1b47b4/1759320000.0_mean_300.0_v3" "txac6d612aac0d45debdef0-0068de9248" "proxy-server 21" 0.0005 "-" 25 0
Oct 2 14:55:04 standalone proxy-server[126935]: 172.18.0.2 ::1 02/Oct/2025/14/55/04 GET /v1/AUTH_5d9b7941c0d740cf9eadba3e36ca3edd/gnocchi.4499a9e8-1596-43aa-a552-4caaeb1b47b4/1759320000.0_mean_300.0_v3 HTTP/1.0 404 - python-swiftclient-3.11.1 gAAAAABo3pIFMj76... - 70 - txac6d612aac0d45debdef0-0068de9248 - 0.0058 - - 1759416904.727699280 1759416904.733517647 0
Oct 2 14:55:04 standalone container-server[124833]: 172.20.0.100 - - [02/Oct/2025:14:55:04 +0000] "PUT /d1/26/AUTH_5d9b7941c0d740cf9eadba3e36ca3edd/gnocchi.4499a9e8-1596-43aa-a552-4caaeb1b47b4/1759320000.0_mean_300.0_v3" 201 - "PUT http://localhost:8080/d1/895/AUTH_5d9b7941c0d740cf9eadba3e36ca3edd/gnocchi.4499a9e8-1596-43aa-a552-4caaeb1b47b4/1759320000.0_mean_300.0_v3" "tx161f64e751c14da3bcb38-0068de9248" "object-server 23" 0.0007 "-" 20 0
Oct 2 14:55:04 standalone object-server[125138]: 172.20.0.100 - - [02/Oct/2025:14:55:04 +0000] "PUT /d1/895/AUTH_5d9b7941c0d740cf9eadba3e36ca3edd/gnocchi.4499a9e8-1596-43aa-a552-4caaeb1b47b4/1759320000.0_mean_300.0_v3" 201 - "PUT http://localhost:8080/v1/AUTH_5d9b7941c0d740cf9eadba3e36ca3edd/gnocchi.4499a9e8-1596-43aa-a552-4caaeb1b47b4/1759320000.0_mean_300.0_v3" "tx161f64e751c14da3bcb38-0068de9248" "proxy-server 21" 0.0203 "-" 23 0
Oct 2 14:55:04 standalone proxy-server[126935]: 172.18.0.2 ::1 02/Oct/2025/14/55/04 PUT /v1/AUTH_5d9b7941c0d740cf9eadba3e36ca3edd/gnocchi.4499a9e8-1596-43aa-a552-4caaeb1b47b4/1759320000.0_mean_300.0_v3 HTTP/1.0 201 - python-swiftclient-3.11.1 gAAAAABo3pIFMj76... 16 - - tx161f64e751c14da3bcb38-0068de9248 - 0.0259 - - 1759416904.736881971 1759416904.762831450 0
Oct 2 14:55:04 standalone container-server[124854]: 172.20.0.100 - - [02/Oct/2025:14:55:04 +0000] "PUT /d1/26/AUTH_5d9b7941c0d740cf9eadba3e36ca3edd/gnocchi.4499a9e8-1596-43aa-a552-4caaeb1b47b4/none_v3" 201 - "PUT http://localhost:8080/d1/351/AUTH_5d9b7941c0d740cf9eadba3e36ca3edd/gnocchi.4499a9e8-1596-43aa-a552-4caaeb1b47b4/none_v3" "txa57fb5035eb0441a90a0e-0068de9248" "object-server 21" 0.0007 "-" 22 0
Oct 2 14:55:04 standalone object-server[125135]: 172.20.0.100 - - [02/Oct/2025:14:55:04 +0000] "PUT /d1/351/AUTH_5d9b7941c0d740cf9eadba3e36ca3edd/gnocchi.4499a9e8-1596-43aa-a552-4caaeb1b47b4/none_v3" 201 - "PUT http://localhost:8080/v1/AUTH_5d9b7941c0d740cf9eadba3e36ca3edd/gnocchi.4499a9e8-1596-43aa-a552-4caaeb1b47b4/none_v3" "txa57fb5035eb0441a90a0e-0068de9248" "proxy-server 21" 0.0194 "-" 21 0
Oct 2 14:55:04 standalone proxy-server[126935]: 172.18.0.2 ::1 02/Oct/2025/14/55/04 PUT /v1/AUTH_5d9b7941c0d740cf9eadba3e36ca3edd/gnocchi.4499a9e8-1596-43aa-a552-4caaeb1b47b4/none_v3 HTTP/1.0 201 - python-swiftclient-3.11.1 gAAAAABo3pIFMj76... 22 - - txa57fb5035eb0441a90a0e-0068de9248 - 0.0270 - - 1759416904.771231651 1759416904.798274755 0
Oct 2 14:55:04 standalone container-server[124846]: 172.20.0.100 - - [02/Oct/2025:14:55:04 +0000] "HEAD /d1/793/AUTH_5d9b7941c0d740cf9eadba3e36ca3edd/gnocchi.c8c40536-5843-47f5-b13b-6f8791733b93" 404 - "HEAD http://localhost:8080/v1/AUTH_5d9b7941c0d740cf9eadba3e36ca3edd/gnocchi.c8c40536-5843-47f5-b13b-6f8791733b93?format=json&states=listing" "txae997b192d4c41069c1bf-0068de9248" "proxy-server 21" 0.0004 "-" 21 0
Oct 2 14:55:04 standalone object-server[125135]: 172.20.0.100 - - [02/Oct/2025:14:55:04 +0000] "GET /d1/79/AUTH_5d9b7941c0d740cf9eadba3e36ca3edd/gnocchi.c8c40536-5843-47f5-b13b-6f8791733b93/none_v3" 404 70 "GET http://localhost:8080/v1/AUTH_5d9b7941c0d740cf9eadba3e36ca3edd/gnocchi.c8c40536-5843-47f5-b13b-6f8791733b93/none_v3" "txae997b192d4c41069c1bf-0068de9248" "proxy-server 21" 0.0004 "-" 21 0
Oct 2 14:55:04 standalone proxy-server[126935]: 172.18.0.2 ::1 02/Oct/2025/14/55/04 GET /v1/AUTH_5d9b7941c0d740cf9eadba3e36ca3edd/gnocchi.c8c40536-5843-47f5-b13b-6f8791733b93/none_v3 HTTP/1.0 404 - python-swiftclient-3.11.1 gAAAAABo3pIFMj76... - 70 - txae997b192d4c41069c1bf-0068de9248 - 0.0099 - - 1759416904.836954117 1759416904.846872568 0
Oct 2 14:55:04 standalone account-server[124794]: 172.20.0.100 - - [02/Oct/2025:14:55:04 +0000] "PUT /d1/486/AUTH_5d9b7941c0d740cf9eadba3e36ca3edd/gnocchi.c8c40536-5843-47f5-b13b-6f8791733b93" 201 - "PUT http://172.20.0.100:6001/d1/793/AUTH_5d9b7941c0d740cf9eadba3e36ca3edd/gnocchi.c8c40536-5843-47f5-b13b-6f8791733b93" "tx67234fb4b41d4bf79ad60-0068de9248" "container-server 23" 0.0079 "-" 23 0
Oct 2 14:55:04 standalone container-server[124862]: 172.20.0.100 - - [02/Oct/2025:14:55:04 +0000] "PUT /d1/793/AUTH_5d9b7941c0d740cf9eadba3e36ca3edd/gnocchi.c8c40536-5843-47f5-b13b-6f8791733b93" 201 - "PUT http://localhost:8080/v1/AUTH_5d9b7941c0d740cf9eadba3e36ca3edd/gnocchi.c8c40536-5843-47f5-b13b-6f8791733b93" "tx67234fb4b41d4bf79ad60-0068de9248" "proxy-server 21" 0.0235 "-" 23 0
Oct 2 14:55:04 standalone proxy-server[126935]: 172.18.0.2 ::1 02/Oct/2025/14/55/04 PUT /v1/AUTH_5d9b7941c0d740cf9eadba3e36ca3edd/gnocchi.c8c40536-5843-47f5-b13b-6f8791733b93 HTTP/1.0 201 - python-swiftclient-3.11.1 gAAAAABo3pIFMj76... - - - tx67234fb4b41d4bf79ad60-0068de9248 - 0.0387 - - 1759416904.859585285 1759416904.898330688 0
Oct 2 14:55:04 standalone container-server[124854]: 172.20.0.100 - - [02/Oct/2025:14:55:04 +0000] "HEAD /d1/793/AUTH_5d9b7941c0d740cf9eadba3e36ca3edd/gnocchi.c8c40536-5843-47f5-b13b-6f8791733b93" 204 - "HEAD http://localhost:8080/v1/AUTH_5d9b7941c0d740cf9eadba3e36ca3edd/gnocchi.c8c40536-5843-47f5-b13b-6f8791733b93?format=json&states=listing" "tx44d76511bdb54221aa5ef-0068de9248" "proxy-server 21" 0.0023 "-" 22 0
Oct 2 14:55:04 standalone proxy-server[126935]: - - 02/Oct/2025/14/55/04 HEAD /v1/AUTH_5d9b7941c0d740cf9eadba3e36ca3edd/gnocchi.c8c40536-5843-47f5-b13b-6f8791733b93%3Fformat%3Djson%26states%3Dlisting HTTP/1.0 204 - Swift - - - - tx44d76511bdb54221aa5ef-0068de9248 - 0.0064 RL - 1759416904.909413576 1759416904.915845633 0
Oct 2 14:55:04 standalone container-server[124846]: 172.20.0.100 - - [02/Oct/2025:14:55:04 +0000] "GET /d1/793/AUTH_5d9b7941c0d740cf9eadba3e36ca3edd/gnocchi.c8c40536-5843-47f5-b13b-6f8791733b93" 200 2 "GET http://localhost:8080/v1/AUTH_5d9b7941c0d740cf9eadba3e36ca3edd/gnocchi.c8c40536-5843-47f5-b13b-6f8791733b93?format=json&states=listing" "tx44d76511bdb54221aa5ef-0068de9248" "proxy-server 21" 0.0019 "-" 21 0
Oct 2 14:55:04 standalone proxy-server[126935]: 172.18.0.2 ::1 02/Oct/2025/14/55/04 GET /v1/AUTH_5d9b7941c0d740cf9eadba3e36ca3edd/gnocchi.c8c40536-5843-47f5-b13b-6f8791733b93%3Fformat%3Djson%26states%3Dlisting HTTP/1.0 200 - python-swiftclient-3.11.1 gAAAAABo3pIFMj76... - 2 - tx44d76511bdb54221aa5ef-0068de9248 - 0.0166 - - 1759416904.908191919 1759416904.924752712 0
Oct 2 14:55:04 standalone object-server[125135]: 172.20.0.100 - - [02/Oct/2025:14:55:04 +0000] "GET /d1/67/AUTH_5d9b7941c0d740cf9eadba3e36ca3edd/gnocchi.c8c40536-5843-47f5-b13b-6f8791733b93/1759320000.0_mean_300.0_v3" 404 70 "GET http://localhost:8080/v1/AUTH_5d9b7941c0d740cf9eadba3e36ca3edd/gnocchi.c8c40536-5843-47f5-b13b-6f8791733b93/1759320000.0_mean_300.0_v3" "tx0fafd23ca254453cb9237-0068de9248" "proxy-server 21" 0.0003 "-" 21 0
Oct 2 14:55:04 standalone proxy-server[126935]: 172.18.0.2 ::1 02/Oct/2025/14/55/04 GET /v1/AUTH_5d9b7941c0d740cf9eadba3e36ca3edd/gnocchi.c8c40536-5843-47f5-b13b-6f8791733b93/1759320000.0_mean_300.0_v3 HTTP/1.0 404 - python-swiftclient-3.11.1 gAAAAABo3pIFMj76... - 70 - tx0fafd23ca254453cb9237-0068de9248 - 0.0044 - - 1759416904.931963444 1759416904.936405182 0
Oct 2 14:55:04 standalone container-server[124846]: 172.20.0.100 - - [02/Oct/2025:14:55:04 +0000] "PUT /d1/793/AUTH_5d9b7941c0d740cf9eadba3e36ca3edd/gnocchi.c8c40536-5843-47f5-b13b-6f8791733b93/1759320000.0_mean_300.0_v3" 201 - "PUT http://localhost:8080/d1/67/AUTH_5d9b7941c0d740cf9eadba3e36ca3edd/gnocchi.c8c40536-5843-47f5-b13b-6f8791733b93/1759320000.0_mean_300.0_v3" "tx93cd89f9955143258745f-0068de9248" "object-server 25" 0.0006 "-" 21 0
Oct 2 14:55:04 standalone object-server[125140]: 172.20.0.100 - - [02/Oct/2025:14:55:04 +0000] "PUT /d1/67/AUTH_5d9b7941c0d740cf9eadba3e36ca3edd/gnocchi.c8c40536-5843-47f5-b13b-6f8791733b93/1759320000.0_mean_300.0_v3" 201 - "PUT http://localhost:8080/v1/AUTH_5d9b7941c0d740cf9eadba3e36ca3edd/gnocchi.c8c40536-5843-47f5-b13b-6f8791733b93/1759320000.0_mean_300.0_v3" "tx93cd89f9955143258745f-0068de9248" "proxy-server 21" 0.0091 "-" 25 0
Oct 2 14:55:04 standalone proxy-server[126935]: 172.18.0.2 ::1 02/Oct/2025/14/55/04 PUT /v1/AUTH_5d9b7941c0d740cf9eadba3e36ca3edd/gnocchi.c8c40536-5843-47f5-b13b-6f8791733b93/1759320000.0_mean_300.0_v3 HTTP/1.0 201 - python-swiftclient-3.11.1 gAAAAABo3pIFMj76... 16 - - tx93cd89f9955143258745f-0068de9248 - 0.0155 - - 1759416904.944839001 1759416904.960347414 0
Oct 2 14:55:04 standalone container-server[124862]: 172.20.0.100 - - [02/Oct/2025:14:55:04 +0000] "PUT /d1/793/AUTH_5d9b7941c0d740cf9eadba3e36ca3edd/gnocchi.c8c40536-5843-47f5-b13b-6f8791733b93/none_v3" 201 - "PUT http://localhost:8080/d1/79/AUTH_5d9b7941c0d740cf9eadba3e36ca3edd/gnocchi.c8c40536-5843-47f5-b13b-6f8791733b93/none_v3" "tx646367053bf448ac96093-0068de9248" "object-server 23" 0.0012 "-" 23 0
Oct 2 14:55:04 standalone object-server[125138]: 172.20.0.100 - - [02/Oct/2025:14:55:04 +0000] "PUT /d1/79/AUTH_5d9b7941c0d740cf9eadba3e36ca3edd/gnocchi.c8c40536-5843-47f5-b13b-6f8791733b93/none_v3" 201 - "PUT http://localhost:8080/v1/AUTH_5d9b7941c0d740cf9eadba3e36ca3edd/gnocchi.c8c40536-5843-47f5-b13b-6f8791733b93/none_v3" "tx646367053bf448ac96093-0068de9248" "proxy-server 21" 0.0153 "-" 23 0
Oct 2 14:55:04 standalone proxy-server[126935]: 172.18.0.2 ::1 02/Oct/2025/14/55/04 PUT /v1/AUTH_5d9b7941c0d740cf9eadba3e36ca3edd/gnocchi.c8c40536-5843-47f5-b13b-6f8791733b93/none_v3 HTTP/1.0 201 - python-swiftclient-3.11.1 gAAAAABo3pIFMj76... 22 - - tx646367053bf448ac96093-0068de9248 - 0.0215 - - 1759416904.963106632 1759416904.984572172 0
Oct 2 14:55:10 standalone container-server[124846]: 172.20.0.100 - - [02/Oct/2025:14:55:10 +0000] "HEAD /d1/226/AUTH_5d9b7941c0d740cf9eadba3e36ca3edd/gnocchi.481dc73a-8258-4387-a735-d5c2b52b33ad" 404 - "HEAD http://localhost:8080/v1/AUTH_5d9b7941c0d740cf9eadba3e36ca3edd/gnocchi.481dc73a-8258-4387-a735-d5c2b52b33ad?format=json&states=listing" "txc51ebc345ce74b47a9434-0068de924e" "proxy-server 21" 0.0009 "-" 21 0
Oct 2 14:55:10 standalone object-server[125138]: 172.20.0.100 - - [02/Oct/2025:14:55:10 +0000] "GET /d1/336/AUTH_5d9b7941c0d740cf9eadba3e36ca3edd/gnocchi.481dc73a-8258-4387-a735-d5c2b52b33ad/none_v3" 404 70 "GET http://localhost:8080/v1/AUTH_5d9b7941c0d740cf9eadba3e36ca3edd/gnocchi.481dc73a-8258-4387-a735-d5c2b52b33ad/none_v3" "txc51ebc345ce74b47a9434-0068de924e" "proxy-server 21" 0.0020 "-" 23 0
Oct 2 14:55:10 standalone proxy-server[126935]: 172.18.0.2 ::1 02/Oct/2025/14/55/10 GET /v1/AUTH_5d9b7941c0d740cf9eadba3e36ca3edd/gnocchi.481dc73a-8258-4387-a735-d5c2b52b33ad/none_v3 HTTP/1.0 404 - python-swiftclient-3.11.1 gAAAAABo3pIFMj76... - 70 - txc51ebc345ce74b47a9434-0068de924e - 0.0183 - - 1759416910.047555923 1759416910.065861702 0
Oct 2 14:55:10 standalone account-server[124794]: 172.20.0.100 - - [02/Oct/2025:14:55:10 +0000] "PUT /d1/486/AUTH_5d9b7941c0d740cf9eadba3e36ca3edd/gnocchi.481dc73a-8258-4387-a735-d5c2b52b33ad" 201 - "PUT http://172.20.0.100:6001/d1/226/AUTH_5d9b7941c0d740cf9eadba3e36ca3edd/gnocchi.481dc73a-8258-4387-a735-d5c2b52b33ad" "tx990a11bdd81e40f68998b-0068de924e" "container-server 20" 0.0080 "-" 23 0
Oct 2 14:55:10 standalone container-server[124833]: 172.20.0.100 - - [02/Oct/2025:14:55:10 +0000] "PUT /d1/226/AUTH_5d9b7941c0d740cf9eadba3e36ca3edd/gnocchi.481dc73a-8258-4387-a735-d5c2b52b33ad" 201 - "PUT http://localhost:8080/v1/AUTH_5d9b7941c0d740cf9eadba3e36ca3edd/gnocchi.481dc73a-8258-4387-a735-d5c2b52b33ad" "tx990a11bdd81e40f68998b-0068de924e" "proxy-server 21" 0.0221 "-" 20 0
Oct 2 14:55:10 standalone proxy-server[126935]: 172.18.0.2 ::1 02/Oct/2025/14/55/10 PUT /v1/AUTH_5d9b7941c0d740cf9eadba3e36ca3edd/gnocchi.481dc73a-8258-4387-a735-d5c2b52b33ad HTTP/1.0 201 - python-swiftclient-3.11.1 gAAAAABo3pIFMj76... - - - tx990a11bdd81e40f68998b-0068de924e - 0.0268 - - 1759416910.073049068 1759416910.099822521 0
Oct 2 14:55:10 standalone container-server[124862]: 172.20.0.100 - - [02/Oct/2025:14:55:10 +0000] "HEAD /d1/226/AUTH_5d9b7941c0d740cf9eadba3e36ca3edd/gnocchi.481dc73a-8258-4387-a735-d5c2b52b33ad" 204 - "HEAD http://localhost:8080/v1/AUTH_5d9b7941c0d740cf9eadba3e36ca3edd/gnocchi.481dc73a-8258-4387-a735-d5c2b52b33ad?format=json&states=listing" "tx97543bfe886a457bbc08e-0068de924e" "proxy-server 21" 0.0017 "-" 23 0
Oct 2 14:55:10 standalone proxy-server[126935]: - - 02/Oct/2025/14/55/10 HEAD /v1/AUTH_5d9b7941c0d740cf9eadba3e36ca3edd/gnocchi.481dc73a-8258-4387-a735-d5c2b52b33ad%3Fformat%3Djson%26states%3Dlisting HTTP/1.0 204 - Swift - - - - tx97543bfe886a457bbc08e-0068de924e - 0.0057 RL - 1759416910.105767012 1759416910.111421585 0
Oct 2 14:55:10 standalone container-server[124854]: 172.20.0.100 - - [02/Oct/2025:14:55:10 +0000] "GET /d1/226/AUTH_5d9b7941c0d740cf9eadba3e36ca3edd/gnocchi.481dc73a-8258-4387-a735-d5c2b52b33ad" 200 2 "GET http://localhost:8080/v1/AUTH_5d9b7941c0d740cf9eadba3e36ca3edd/gnocchi.481dc73a-8258-4387-a735-d5c2b52b33ad?format=json&states=listing" "tx97543bfe886a457bbc08e-0068de924e" "proxy-server 21" 0.0033 "-" 22 0
Oct 2 14:55:10 standalone proxy-server[126935]: 172.18.0.2 ::1 02/Oct/2025/14/55/10 GET /v1/AUTH_5d9b7941c0d740cf9eadba3e36ca3edd/gnocchi.481dc73a-8258-4387-a735-d5c2b52b33ad%3Fformat%3Djson%26states%3Dlisting HTTP/1.0 200 - python-swiftclient-3.11.1 gAAAAABo3pIFMj76... - 2 - tx97543bfe886a457bbc08e-0068de924e - 0.0151 - - 1759416910.104879379 1759416910.119935036 0
Oct 2 14:55:10 standalone object-server[125140]: 172.20.0.100 - - [02/Oct/2025:14:55:10 +0000] "GET /d1/953/AUTH_5d9b7941c0d740cf9eadba3e36ca3edd/gnocchi.481dc73a-8258-4387-a735-d5c2b52b33ad/1759320000.0_mean_300.0_v3" 404 70 "GET http://localhost:8080/v1/AUTH_5d9b7941c0d740cf9eadba3e36ca3edd/gnocchi.481dc73a-8258-4387-a735-d5c2b52b33ad/1759320000.0_mean_300.0_v3" "txd46bb15fb36f4935a0711-0068de924e" "proxy-server 21" 0.0005 "-" 25 0
Oct 2 14:55:10 standalone proxy-server[126935]: 172.18.0.2 ::1 02/Oct/2025/14/55/10 GET /v1/AUTH_5d9b7941c0d740cf9eadba3e36ca3edd/gnocchi.481dc73a-8258-4387-a735-d5c2b52b33ad/1759320000.0_mean_300.0_v3 HTTP/1.0 404 - python-swiftclient-3.11.1 gAAAAABo3pIFMj76... - 70 - txd46bb15fb36f4935a0711-0068de924e - 0.0053 - - 1759416910.132786036 1759416910.138097048 0
Oct 2 14:55:10 standalone container-server[124833]: 172.20.0.100 - - [02/Oct/2025:14:55:10 +0000] "PUT /d1/226/AUTH_5d9b7941c0d740cf9eadba3e36ca3edd/gnocchi.481dc73a-8258-4387-a735-d5c2b52b33ad/1759320000.0_mean_300.0_v3" 201 - "PUT http://localhost:8080/d1/953/AUTH_5d9b7941c0d740cf9eadba3e36ca3edd/gnocchi.481dc73a-8258-4387-a735-d5c2b52b33ad/1759320000.0_mean_300.0_v3" "tx3e4fd6b6f5744c31a042d-0068de924e" "object-server 22" 0.0011 "-" 20 0
Oct 2 14:55:10 standalone object-server[125136]: 172.20.0.100 - - [02/Oct/2025:14:55:10 +0000] "PUT /d1/953/AUTH_5d9b7941c0d740cf9eadba3e36ca3edd/gnocchi.481dc73a-8258-4387-a735-d5c2b52b33ad/1759320000.0_mean_300.0_v3" 201 - "PUT http://localhost:8080/v1/AUTH_5d9b7941c0d740cf9eadba3e36ca3edd/gnocchi.481dc73a-8258-4387-a735-d5c2b52b33ad/1759320000.0_mean_300.0_v3" "tx3e4fd6b6f5744c31a042d-0068de924e" "proxy-server 21" 0.0152 "-" 22 0
Oct 2 14:55:10 standalone proxy-server[126935]: 172.18.0.2 ::1 02/Oct/2025/14/55/10 PUT /v1/AUTH_5d9b7941c0d740cf9eadba3e36ca3edd/gnocchi.481dc73a-8258-4387-a735-d5c2b52b33ad/1759320000.0_mean_300.0_v3 HTTP/1.0 201 - python-swiftclient-3.11.1 gAAAAABo3pIFMj76... 16 - - tx3e4fd6b6f5744c31a042d-0068de924e - 0.0212 - - 1759416910.141926289 1759416910.163131952 0
Oct 2 14:55:10 standalone container-server[124854]: 172.20.0.100 - - [02/Oct/2025:14:55:10 +0000] "PUT /d1/226/AUTH_5d9b7941c0d740cf9eadba3e36ca3edd/gnocchi.481dc73a-8258-4387-a735-d5c2b52b33ad/none_v3" 201 - "PUT http://localhost:8080/d1/336/AUTH_5d9b7941c0d740cf9eadba3e36ca3edd/gnocchi.481dc73a-8258-4387-a735-d5c2b52b33ad/none_v3" "tx48867c4d16a84ec98023b-0068de924e" "object-server 25" 0.0009 "-" 22 0
Oct 2 14:55:10 standalone object-server[125140]: 172.20.0.100 - - [02/Oct/2025:14:55:10 +0000] "PUT /d1/336/AUTH_5d9b7941c0d740cf9eadba3e36ca3edd/gnocchi.481dc73a-8258-4387-a735-d5c2b52b33ad/none_v3" 201 - "PUT http://localhost:8080/v1/AUTH_5d9b7941c0d740cf9eadba3e36ca3edd/gnocchi.481dc73a-8258-4387-a735-d5c2b52b33ad/none_v3" "tx48867c4d16a84ec98023b-0068de924e" "proxy-server 21" 0.0128 "-" 25 0
Oct 2 14:55:10 standalone proxy-server[126935]: 172.18.0.2 ::1 02/Oct/2025/14/55/10 PUT /v1/AUTH_5d9b7941c0d740cf9eadba3e36ca3edd/gnocchi.481dc73a-8258-4387-a735-d5c2b52b33ad/none_v3 HTTP/1.0 201 - python-swiftclient-3.11.1 gAAAAABo3pIFMj76... 22 - - tx48867c4d16a84ec98023b-0068de924e - 0.0184 - - 1759416910.168846846 1759416910.187211990 0
Oct 2 14:55:10 standalone container-server[124833]: 172.20.0.100 - - [02/Oct/2025:14:55:10 +0000] "HEAD /d1/241/AUTH_5d9b7941c0d740cf9eadba3e36ca3edd/gnocchi.1490b8d7-80d1-45e4-8d89-199185bd4ce7" 404 - "HEAD http://localhost:8080/v1/AUTH_5d9b7941c0d740cf9eadba3e36ca3edd/gnocchi.1490b8d7-80d1-45e4-8d89-199185bd4ce7?format=json&states=listing" "tx89f58aec00774f589fd04-0068de924e" "proxy-server 21" 0.0008 "-" 20 0
Oct 2 14:55:10 standalone object-server[125138]: 172.20.0.100 - - [02/Oct/2025:14:55:10 +0000] "GET /d1/437/AUTH_5d9b7941c0d740cf9eadba3e36ca3edd/gnocchi.1490b8d7-80d1-45e4-8d89-199185bd4ce7/none_v3" 404 70 "GET http://localhost:8080/v1/AUTH_5d9b7941c0d740cf9eadba3e36ca3edd/gnocchi.1490b8d7-80d1-45e4-8d89-199185bd4ce7/none_v3" "tx89f58aec00774f589fd04-0068de924e" "proxy-server 21" 0.0012 "-" 23 0
Oct 2 14:55:10 standalone proxy-server[126935]: 172.18.0.2 ::1 02/Oct/2025/14/55/10 GET /v1/AUTH_5d9b7941c0d740cf9eadba3e36ca3edd/gnocchi.1490b8d7-80d1-45e4-8d89-199185bd4ce7/none_v3 HTTP/1.0 404 - python-swiftclient-3.11.1 gAAAAABo3pIFMj76... - 70 - tx89f58aec00774f589fd04-0068de924e - 0.0151 - - 1759416910.221385002 1759416910.236484528 0
