Nov 21 15:41:07.819804 np0005531460.novalocal devstack@g-api.service[108574]: DEBUG glance.api.middleware.version_negotiation [None req-1af2b1e7-e813-4063-816e-44691e79aa35 tempest-BasicOperationsImagesAdminTest-1001522022 tempest-BasicOperationsImagesAdminTest-1001522022-project-admin] new path /v2/images {{(pid=108574) process_request /opt/stack/glance/glance/api/middleware/version_negotiation.py:70}}
Nov 21 15:41:07.842488 np0005531460.novalocal devstack@g-api.service[108575]: DEBUG glance.location [None req-0ec32644-21c7-407a-81bb-7f40bb696aee tempest-ServerActionsTestOtherB-807810886 tempest-ServerActionsTestOtherB-807810886-project-member] Enabling in-flight format inspection for qcow2 {{(pid=108575) set_data /opt/stack/glance/glance/location.py:616}}
Nov 21 15:41:07.843114 np0005531460.novalocal devstack@g-api.service[108575]: DEBUG glance_store.backend [None req-0ec32644-21c7-407a-81bb-7f40bb696aee tempest-ServerActionsTestOtherB-807810886 tempest-ServerActionsTestOtherB-807810886-project-member] Attempting to import store swift {{(pid=108575) _load_store /usr/local/lib/python3.12/site-packages/glance_store/backend.py:215}}
Nov 21 15:41:07.845789 np0005531460.novalocal devstack@g-api.service[108575]: DEBUG glance_store.capabilities [None req-0ec32644-21c7-407a-81bb-7f40bb696aee tempest-ServerActionsTestOtherB-807810886 tempest-ServerActionsTestOtherB-807810886-project-member] Store glance_store._drivers.swift.store.SingleTenantStore doesn't support updating dynamic storage capabilities. Please overwrite 'update_capabilities' method of the store to implement updating logics if needed. {{(pid=108575) update_capabilities /usr/local/lib/python3.12/site-packages/glance_store/capabilities.py:91}}
Nov 21 15:41:07.845980 np0005531460.novalocal devstack@g-api.service[108575]: DEBUG glance_store.driver [None req-0ec32644-21c7-407a-81bb-7f40bb696aee tempest-ServerActionsTestOtherB-807810886 tempest-ServerActionsTestOtherB-807810886-project-member] Late loading location class glance_store._drivers.swift.store.StoreLocation {{(pid=108575) get_store_location_class /usr/local/lib/python3.12/site-packages/glance_store/driver.py:134}}
Nov 21 15:41:07.846159 np0005531460.novalocal devstack@g-api.service[108575]: DEBUG glance_store.location [None req-0ec32644-21c7-407a-81bb-7f40bb696aee tempest-ServerActionsTestOtherB-807810886 tempest-ServerActionsTestOtherB-807810886-project-member] Registering scheme swift+https with {'store': , 'location_class': , 'store_entry': 'swift'} {{(pid=108575) register_scheme_map /usr/local/lib/python3.12/site-packages/glance_store/location.py:146}}
Nov 21 15:41:07.847800 np0005531460.novalocal devstack@g-api.service[108575]: DEBUG glance_store.location [None req-0ec32644-21c7-407a-81bb-7f40bb696aee tempest-ServerActionsTestOtherB-807810886 tempest-ServerActionsTestOtherB-807810886-project-member] Registering scheme swift+https with {'store': , 'location_class': , 'store_entry': 'swift'} {{(pid=108575) register_scheme_map /usr/local/lib/python3.12/site-packages/glance_store/location.py:146}}
Nov 21 15:41:07.847800 np0005531460.novalocal devstack@g-api.service[108575]: DEBUG glance_store.location [None req-0ec32644-21c7-407a-81bb-7f40bb696aee tempest-ServerActionsTestOtherB-807810886 tempest-ServerActionsTestOtherB-807810886-project-member] Registering scheme swift with {'store': , 'location_class': , 'store_entry': 'swift'} {{(pid=108575) register_scheme_map /usr/local/lib/python3.12/site-packages/glance_store/location.py:146}}
Nov 21 15:41:07.847800 np0005531460.novalocal devstack@g-api.service[108575]: DEBUG glance_store.location [None req-0ec32644-21c7-407a-81bb-7f40bb696aee tempest-ServerActionsTestOtherB-807810886 tempest-ServerActionsTestOtherB-807810886-project-member] Registering scheme swift+https with {'store': , 'location_class': , 'store_entry': 'swift'} {{(pid=108575) register_scheme_map /usr/local/lib/python3.12/site-packages/glance_store/location.py:146}}
Nov 21 15:41:07.847800 np0005531460.novalocal devstack@g-api.service[108575]: DEBUG glance_store.location [None req-0ec32644-21c7-407a-81bb-7f40bb696aee tempest-ServerActionsTestOtherB-807810886 tempest-ServerActionsTestOtherB-807810886-project-member] Registering scheme swift with {'store': , 'location_class': , 'store_entry': 'swift'} {{(pid=108575) register_scheme_map /usr/local/lib/python3.12/site-packages/glance_store/location.py:146}}
Nov 21 15:41:07.847800 np0005531460.novalocal devstack@g-api.service[108575]: DEBUG glance_store.location [None req-0ec32644-21c7-407a-81bb-7f40bb696aee tempest-ServerActionsTestOtherB-807810886 tempest-ServerActionsTestOtherB-807810886-project-member] Registering scheme swift+http with {'store': , 'location_class': , 'store_entry': 'swift'} {{(pid=108575) register_scheme_map /usr/local/lib/python3.12/site-packages/glance_store/location.py:146}}
Nov 21 15:41:07.847800 np0005531460.novalocal devstack@g-api.service[108575]: DEBUG glance_store.location [None req-0ec32644-21c7-407a-81bb-7f40bb696aee tempest-ServerActionsTestOtherB-807810886 tempest-ServerActionsTestOtherB-807810886-project-member] Registering scheme swift+https with {'store': , 'location_class': , 'store_entry': 'swift'} {{(pid=108575) register_scheme_map /usr/local/lib/python3.12/site-packages/glance_store/location.py:146}}
Nov 21 15:41:07.847800 np0005531460.novalocal devstack@g-api.service[108575]: DEBUG glance_store.location [None req-0ec32644-21c7-407a-81bb-7f40bb696aee tempest-ServerActionsTestOtherB-807810886 tempest-ServerActionsTestOtherB-807810886-project-member] Registering scheme swift with {'store': , 'location_class': , 'store_entry': 'swift'} {{(pid=108575) register_scheme_map /usr/local/lib/python3.12/site-packages/glance_store/location.py:146}}
Nov 21 15:41:07.847800 np0005531460.novalocal devstack@g-api.service[108575]: DEBUG glance_store.location [None req-0ec32644-21c7-407a-81bb-7f40bb696aee tempest-ServerActionsTestOtherB-807810886 tempest-ServerActionsTestOtherB-807810886-project-member] Registering scheme swift+http with {'store': , 'location_class': , 'store_entry': 'swift'} {{(pid=108575) register_scheme_map /usr/local/lib/python3.12/site-packages/glance_store/location.py:146}}
Nov 21 15:41:07.847800 np0005531460.novalocal devstack@g-api.service[108575]: DEBUG glance_store.location [None req-0ec32644-21c7-407a-81bb-7f40bb696aee tempest-ServerActionsTestOtherB-807810886 tempest-ServerActionsTestOtherB-807810886-project-member] Registering scheme swift+config with {'store': , 'location_class': , 'store_entry': 'swift'} {{(pid=108575) register_scheme_map /usr/local/lib/python3.12/site-packages/glance_store/location.py:146}}
Nov 21 15:41:07.869941 np0005531460.novalocal devstack@g-api.service[108574]: [pid: 108574|app: 0|req: 504/986] 127.0.0.1 () {40 vars in 810 bytes} [Fri Nov 21 15:41:07 2025] GET /v2/images => generated 3867 bytes in 51 msecs (HTTP/1.1 200) 4 headers in 158 bytes (1 switches on core 0)
Nov 21 15:41:07.880849 np0005531460.novalocal devstack@g-api.service[108574]: DEBUG glance.api.middleware.version_negotiation [None req-8da32509-ac02-4546-99b7-22ed2c495bbe tempest-BasicOperationsImagesAdminTest-1655070234 tempest-BasicOperationsImagesAdminTest-1655070234-project-member] Determining version of request: DELETE /v2/images/9701f0a9-d1c7-4201-97be-6e580d681930 Accept: application/json {{(pid=108574) process_request /opt/stack/glance/glance/api/middleware/version_negotiation.py:44}}
Nov 21 15:41:07.880849 np0005531460.novalocal devstack@g-api.service[108574]: DEBUG glance.api.middleware.version_negotiation [None req-8da32509-ac02-4546-99b7-22ed2c495bbe tempest-BasicOperationsImagesAdminTest-1655070234 tempest-BasicOperationsImagesAdminTest-1655070234-project-member] Using url versioning {{(pid=108574) process_request /opt/stack/glance/glance/api/middleware/version_negotiation.py:57}}
Nov 21 15:41:07.880849 np0005531460.novalocal devstack@g-api.service[108574]: DEBUG glance.api.middleware.version_negotiation [None req-8da32509-ac02-4546-99b7-22ed2c495bbe tempest-BasicOperationsImagesAdminTest-1655070234 tempest-BasicOperationsImagesAdminTest-1655070234-project-member] Matched version: v2 {{(pid=108574) process_request /opt/stack/glance/glance/api/middleware/version_negotiation.py:69}}
Nov 21 15:41:07.880849 np0005531460.novalocal devstack@g-api.service[108574]: DEBUG glance.api.middleware.version_negotiation [None req-8da32509-ac02-4546-99b7-22ed2c495bbe tempest-BasicOperationsImagesAdminTest-1655070234 tempest-BasicOperationsImagesAdminTest-1655070234-project-member] new path /v2/images/9701f0a9-d1c7-4201-97be-6e580d681930 {{(pid=108574) process_request /opt/stack/glance/glance/api/middleware/version_negotiation.py:70}}
Nov 21 15:41:07.888827 np0005531460.novalocal devstack@g-api.service[108574]: WARNING glance.api.v2.images [None req-647e2a1e-0df8-4251-bfbd-46da210560c9 tempest-BasicOperationsImagesAdminTest-1001522022 tempest-BasicOperationsImagesAdminTest-1001522022-project-admin] After upload to backend, deletion of staged image data has failed because it cannot be found at /tmp/staging//9701f0a9-d1c7-4201-97be-6e580d681930
Nov 21 15:41:07.914498 np0005531460.novalocal devstack@g-api.service[108574]: [pid: 108574|app: 0|req: 505/987] 127.0.0.1 () {40 vars in 887 bytes} [Fri Nov 21 15:41:07 2025] DELETE /v2/images/9701f0a9-d1c7-4201-97be-6e580d681930 => generated 0 bytes in 35 msecs (HTTP/1.1 204) 4 headers in 171 bytes (1 switches on core 0)
Nov 21 15:41:07.927922 np0005531460.novalocal devstack@g-api.service[108574]: DEBUG glance.api.middleware.version_negotiation [None req-647e2a1e-0df8-4251-bfbd-46da210560c9 tempest-BasicOperationsImagesAdminTest-1001522022 tempest-BasicOperationsImagesAdminTest-1001522022-project-admin] Determining version of request: POST /v2/images Accept: application/json {{(pid=108574) process_request /opt/stack/glance/glance/api/middleware/version_negotiation.py:44}}
Nov 21 15:41:07.927922 np0005531460.novalocal devstack@g-api.service[108574]: DEBUG glance.api.middleware.version_negotiation [None req-647e2a1e-0df8-4251-bfbd-46da210560c9 tempest-BasicOperationsImagesAdminTest-1001522022 tempest-BasicOperationsImagesAdminTest-1001522022-project-admin] Using url versioning {{(pid=108574) process_request /opt/stack/glance/glance/api/middleware/version_negotiation.py:57}}
Nov 21 15:41:07.927922 np0005531460.novalocal devstack@g-api.service[108574]: DEBUG glance.api.middleware.version_negotiation [None req-647e2a1e-0df8-4251-bfbd-46da210560c9 tempest-BasicOperationsImagesAdminTest-1001522022 tempest-BasicOperationsImagesAdminTest-1001522022-project-admin] Matched version: v2 {{(pid=108574) process_request /opt/stack/glance/glance/api/middleware/version_negotiation.py:69}}
Nov 21 15:41:07.927922 np0005531460.novalocal devstack@g-api.service[108574]: DEBUG glance.api.middleware.version_negotiation [None req-647e2a1e-0df8-4251-bfbd-46da210560c9 tempest-BasicOperationsImagesAdminTest-1001522022 tempest-BasicOperationsImagesAdminTest-1001522022-project-admin] new path /v2/images {{(pid=108574) process_request /opt/stack/glance/glance/api/middleware/version_negotiation.py:70}}
Nov 21 15:41:08.024587 np0005531460.novalocal devstack@g-api.service[108575]: DEBUG swiftclient [None req-0ec32644-21c7-407a-81bb-7f40bb696aee tempest-ServerActionsTestOtherB-807810886 tempest-ServerActionsTestOtherB-807810886-project-member] REQ: curl -i https://38.102.83.94:8080/v1/AUTH_24f4decc6bb34e7cb39a1da116c5c19c/glance -I -H "X-Auth-Token: gAAAAABpIM5jVsvL..." {{(pid=108575) http_log /usr/local/lib/python3.12/site-packages/swiftclient/client.py:160}}
Nov 21 15:41:08.024761 np0005531460.novalocal devstack@g-api.service[108575]: DEBUG swiftclient [None req-0ec32644-21c7-407a-81bb-7f40bb696aee tempest-ServerActionsTestOtherB-807810886 tempest-ServerActionsTestOtherB-807810886-project-member] RESP STATUS: 204 No Content {{(pid=108575) http_log /usr/local/lib/python3.12/site-packages/swiftclient/client.py:161}}
Nov 21 15:41:08.025071 np0005531460.novalocal devstack@g-api.service[108575]: DEBUG swiftclient [None req-0ec32644-21c7-407a-81bb-7f40bb696aee tempest-ServerActionsTestOtherB-807810886 tempest-ServerActionsTestOtherB-807810886-project-member] RESP HEADERS: {'Date': 'Fri, 21 Nov 2025 20:41:08 GMT', 'Server': 'Apache/2.4.63 (CentOS Stream) OpenSSL/3.5.1 mod_wsgi/5.0.0 Python/3.12', 'Content-Type': 'text/plain; charset=utf-8', 'X-Container-Object-Count': '6', 'X-Container-Bytes-Used': '64356352', 'X-Timestamp': '1763756421.37506', 'Last-Modified': 'Fri, 21 Nov 2025 20:20:22 GMT', 'Accept-Ranges': 'bytes', 'X-Storage-Policy': 'Policy-0', 'X-Container-Sharding': 'False', 'Vary': 'Accept', 'X-Trans-Id': 'txf9796357cde441d39d6a5-006920ce63', 'X-Openstack-Request-Id': 'txf9796357cde441d39d6a5-006920ce63', 'Connection': 'close'} {{(pid=108575) http_log /usr/local/lib/python3.12/site-packages/swiftclient/client.py:162}}
Nov 21 15:41:08.025342 np0005531460.novalocal devstack@g-api.service[108575]: DEBUG glance_store._drivers.swift.store [None req-0ec32644-21c7-407a-81bb-7f40bb696aee tempest-ServerActionsTestOtherB-807810886 tempest-ServerActionsTestOtherB-807810886-project-member] Adding image object '37e284bf-3165-426f-a125-1b57d4972ea4' to Swift {{(pid=108575) add /usr/local/lib/python3.12/site-packages/glance_store/_drivers/swift/store.py:932}}
Nov 21 15:41:08.025500 np0005531460.novalocal devstack@g-api.service[108575]: DEBUG glance_store._drivers.swift.store [None req-0ec32644-21c7-407a-81bb-7f40bb696aee tempest-ServerActionsTestOtherB-807810886 tempest-ServerActionsTestOtherB-807810886-project-member] Cannot determine image size because it is either not provided in the request or chunked-transfer encoding is used. Adding image as a segmented object to Swift. {{(pid=108575) add /usr/local/lib/python3.12/site-packages/glance_store/_drivers/swift/store.py:956}}
Nov 21 15:41:08.025853 np0005531460.novalocal devstack@g-api.service[108575]: DEBUG oslo_utils.imageutils.format_inspector [None req-0ec32644-21c7-407a-81bb-7f40bb696aee tempest-ServerActionsTestOtherB-807810886 tempest-ServerActionsTestOtherB-807810886-project-member] Format inspector for vmdk does not match, excluding from consideration (Signature KDMV not found: b'QFI\xfb') {{(pid=108575) _process_chunk /usr/local/lib/python3.12/site-packages/oslo_utils/imageutils/format_inspector.py:1365}}
Nov 21 15:41:08.039617 np0005531460.novalocal devstack@g-api.service[108575]: DEBUG oslo_utils.imageutils.format_inspector [None req-0ec32644-21c7-407a-81bb-7f40bb696aee tempest-ServerActionsTestOtherB-807810886 tempest-ServerActionsTestOtherB-807810886-project-member] Format inspector for vhdx does not match, excluding from consideration (Region signature not found at 30000) {{(pid=108575) _process_chunk /usr/local/lib/python3.12/site-packages/oslo_utils/imageutils/format_inspector.py:1365}}
Nov 21 15:41:08.315879 np0005531460.novalocal devstack@g-api.service[108575]: DEBUG swiftclient [None req-0ec32644-21c7-407a-81bb-7f40bb696aee tempest-ServerActionsTestOtherB-807810886 tempest-ServerActionsTestOtherB-807810886-project-member] REQ: curl -i https://38.102.83.94:8080/v1/AUTH_24f4decc6bb34e7cb39a1da116c5c19c/glance/37e284bf-3165-426f-a125-1b57d4972ea4-00001 -X PUT -H "X-Auth-Token: gAAAAABpIM5jVsvL..." {{(pid=108575) http_log /usr/local/lib/python3.12/site-packages/swiftclient/client.py:160}}
Nov 21 15:41:08.315974 np0005531460.novalocal devstack@g-api.service[108575]: DEBUG swiftclient [None req-0ec32644-21c7-407a-81bb-7f40bb696aee tempest-ServerActionsTestOtherB-807810886 tempest-ServerActionsTestOtherB-807810886-project-member] RESP STATUS: 201 Created {{(pid=108575) http_log /usr/local/lib/python3.12/site-packages/swiftclient/client.py:161}}
Nov 21 15:41:08.316139 np0005531460.novalocal devstack@g-api.service[108575]: DEBUG swiftclient [None req-0ec32644-21c7-407a-81bb-7f40bb696aee tempest-ServerActionsTestOtherB-807810886 tempest-ServerActionsTestOtherB-807810886-project-member] RESP HEADERS: {'Date': 'Fri, 21 Nov 2025 20:41:08 GMT', 'Server': 'Apache/2.4.63 (CentOS Stream) OpenSSL/3.5.1 mod_wsgi/5.0.0 Python/3.12', 'Content-Type': 'text/html; charset=UTF-8', 'Content-Length': '0', 'Etag': '4fa343ee581d8d2e78533191fd1ac3e1', 'Last-Modified': 'Fri, 21 Nov 2025 20:41:09 GMT', 'X-Trans-Id': 'tx8799f19b822f4a0fb266a-006920ce64', 'X-Openstack-Request-Id': 'tx8799f19b822f4a0fb266a-006920ce64', 'Connection': 'close'} {{(pid=108575) http_log /usr/local/lib/python3.12/site-packages/swiftclient/client.py:162}}
Nov 21 15:41:08.316292 np0005531460.novalocal devstack@g-api.service[108575]: DEBUG glance_store._drivers.swift.store [None req-0ec32644-21c7-407a-81bb-7f40bb696aee tempest-ServerActionsTestOtherB-807810886 tempest-ServerActionsTestOtherB-807810886-project-member] Wrote chunk 37e284bf-3165-426f-a125-1b57d4972ea4-00001 (1/?) of length 23527424 to Swift returning MD5 of content: 4fa343ee581d8d2e78533191fd1ac3e1 {{(pid=108575) add /usr/local/lib/python3.12/site-packages/glance_store/_drivers/swift/store.py:1020}}
Nov 21 15:41:08.316513 np0005531460.novalocal devstack@g-api.service[108575]: DEBUG glance_store._drivers.swift.store [None req-0ec32644-21c7-407a-81bb-7f40bb696aee tempest-ServerActionsTestOtherB-807810886 tempest-ServerActionsTestOtherB-807810886-project-member] Not writing zero-length chunk. {{(pid=108575) add /usr/local/lib/python3.12/site-packages/glance_store/_drivers/swift/store.py:989}}
Nov 21 15:41:08.323634 np0005531460.novalocal devstack@g-api.service[108574]: [pid: 108574|app: 0|req: 506/988] 127.0.0.1 () {42 vars in 831 bytes} [Fri Nov 21 15:41:07 2025] POST /v2/images => generated 609 bytes in 397 msecs (HTTP/1.1 201) 6 headers in 315 bytes (1 switches on core 0)
Nov 21 15:41:08.341899 np0005531460.novalocal devstack@g-api.service[108574]: DEBUG glance.api.middleware.version_negotiation [None req-5de0f17b-4f92-424d-abda-44b085978f54 tempest-BasicOperationsImagesAdminTest-1001522022 tempest-BasicOperationsImagesAdminTest-1001522022-project-admin] Determining version of request: GET /v2/images/2aac9adc-62fb-44a1-b8d4-5eddade0be82 Accept: application/json {{(pid=108574) process_request /opt/stack/glance/glance/api/middleware/version_negotiation.py:44}}
Nov 21 15:41:08.342153 np0005531460.novalocal devstack@g-api.service[108574]: DEBUG glance.api.middleware.version_negotiation [None req-5de0f17b-4f92-424d-abda-44b085978f54 tempest-BasicOperationsImagesAdminTest-1001522022 tempest-BasicOperationsImagesAdminTest-1001522022-project-admin] Using url versioning {{(pid=108574) process_request /opt/stack/glance/glance/api/middleware/version_negotiation.py:57}}
Nov 21 15:41:08.342452 np0005531460.novalocal devstack@g-api.service[108574]: DEBUG glance.api.middleware.version_negotiation [None req-5de0f17b-4f92-424d-abda-44b085978f54 tempest-BasicOperationsImagesAdminTest-1001522022 tempest-BasicOperationsImagesAdminTest-1001522022-project-admin] Matched version: v2 {{(pid=108574) process_request /opt/stack/glance/glance/api/middleware/version_negotiation.py:69}}
Nov 21 15:41:08.342682 np0005531460.novalocal devstack@g-api.service[108574]: DEBUG glance.api.middleware.version_negotiation [None req-5de0f17b-4f92-424d-abda-44b085978f54 tempest-BasicOperationsImagesAdminTest-1001522022 tempest-BasicOperationsImagesAdminTest-1001522022-project-admin] new path /v2/images/2aac9adc-62fb-44a1-b8d4-5eddade0be82 {{(pid=108574) process_request /opt/stack/glance/glance/api/middleware/version_negotiation.py:70}}
Nov 21 15:41:08.353794 np0005531460.novalocal devstack@g-api.service[108574]: [pid: 108574|app: 0|req: 507/989] 127.0.0.1 () {40 vars in 884 bytes} [Fri Nov 21 15:41:08 2025] GET /v2/images/2aac9adc-62fb-44a1-b8d4-5eddade0be82 => generated 609 bytes in 12 msecs (HTTP/1.1 200) 4 headers in 157 bytes (1 switches on core 0)
Nov 21 15:41:08.353978 np0005531460.novalocal devstack@g-api.service[108575]: DEBUG swiftclient [None req-0ec32644-21c7-407a-81bb-7f40bb696aee tempest-ServerActionsTestOtherB-807810886 tempest-ServerActionsTestOtherB-807810886-project-member] REQ: curl -i https://38.102.83.94:8080/v1/AUTH_24f4decc6bb34e7cb39a1da116c5c19c/glance/37e284bf-3165-426f-a125-1b57d4972ea4 -X PUT -H "X-Object-Manifest: glance/37e284bf-3165-426f-a125-1b57d4972ea4-" -H "X-Auth-Token: gAAAAABpIM5jVsvL..." -H "Content-Length: 0" {{(pid=108575) http_log /usr/local/lib/python3.12/site-packages/swiftclient/client.py:160}}
Nov 21 15:41:08.354139 np0005531460.novalocal devstack@g-api.service[108575]: DEBUG swiftclient [None req-0ec32644-21c7-407a-81bb-7f40bb696aee tempest-ServerActionsTestOtherB-807810886 tempest-ServerActionsTestOtherB-807810886-project-member] RESP STATUS: 201 Created {{(pid=108575) http_log /usr/local/lib/python3.12/site-packages/swiftclient/client.py:161}}
Nov 21 15:41:08.354406 np0005531460.novalocal devstack@g-api.service[108575]: DEBUG swiftclient [None req-0ec32644-21c7-407a-81bb-7f40bb696aee tempest-ServerActionsTestOtherB-807810886 tempest-ServerActionsTestOtherB-807810886-project-member] RESP HEADERS: {'Date': 'Fri, 21 Nov 2025 20:41:08 GMT', 'Server': 'Apache/2.4.63 (CentOS Stream) OpenSSL/3.5.1 mod_wsgi/5.0.0 Python/3.12', 'Content-Type': 'text/html; charset=UTF-8', 'Content-Length': '0', 'Etag': 'd41d8cd98f00b204e9800998ecf8427e', 'Last-Modified': 'Fri, 21 Nov 2025 20:41:09 GMT', 'X-Trans-Id': 'txd4ae84ae17ef449d9bbb5-006920ce64', 'X-Openstack-Request-Id': 'txd4ae84ae17ef449d9bbb5-006920ce64', 'Connection': 'close'} {{(pid=108575) http_log /usr/local/lib/python3.12/site-packages/swiftclient/client.py:162}}
Nov 21 15:41:08.355113 np0005531460.novalocal devstack@g-api.service[108575]: INFO glance.location [None req-0ec32644-21c7-407a-81bb-7f40bb696aee tempest-ServerActionsTestOtherB-807810886 tempest-ServerActionsTestOtherB-807810886-project-member] Image format matched and virtual size computed: 1073741824
Nov 21 15:41:08.363124 np0005531460.novalocal devstack@g-api.service[108574]: DEBUG glance.api.middleware.version_negotiation [None req-39b88b45-5739-4b64-a65f-dc9f6c56557d tempest-BasicOperationsImagesAdminTest-1001522022 tempest-BasicOperationsImagesAdminTest-1001522022-project-admin] Determining version of request: PATCH /v2/images/2aac9adc-62fb-44a1-b8d4-5eddade0be82 Accept: {{(pid=108574) process_request /opt/stack/glance/glance/api/middleware/version_negotiation.py:44}}
Nov 21 15:41:08.363307 np0005531460.novalocal devstack@g-api.service[108574]: DEBUG glance.api.middleware.version_negotiation [None req-39b88b45-5739-4b64-a65f-dc9f6c56557d tempest-BasicOperationsImagesAdminTest-1001522022 tempest-BasicOperationsImagesAdminTest-1001522022-project-admin] Using url versioning {{(pid=108574) process_request /opt/stack/glance/glance/api/middleware/version_negotiation.py:57}}
Nov 21 15:41:08.363524 np0005531460.novalocal devstack@g-api.service[108574]: DEBUG glance.api.middleware.version_negotiation [None req-39b88b45-5739-4b64-a65f-dc9f6c56557d tempest-BasicOperationsImagesAdminTest-1001522022 tempest-BasicOperationsImagesAdminTest-1001522022-project-admin] Matched version: v2 {{(pid=108574) process_request /opt/stack/glance/glance/api/middleware/version_negotiation.py:69}}
Nov 21 15:41:08.363705 np0005531460.novalocal devstack@g-api.service[108574]: DEBUG glance.api.middleware.version_negotiation [None req-39b88b45-5739-4b64-a65f-dc9f6c56557d tempest-BasicOperationsImagesAdminTest-1001522022 tempest-BasicOperationsImagesAdminTest-1001522022-project-admin] new path /v2/images/2aac9adc-62fb-44a1-b8d4-5eddade0be82 {{(pid=108574) process_request /opt/stack/glance/glance/api/middleware/version_negotiation.py:70}}
Nov 21 15:41:08.400885 np0005531460.novalocal devstack@g-api.service[108575]: DEBUG glance_store.backend [None req-0ec32644-21c7-407a-81bb-7f40bb696aee tempest-ServerActionsTestOtherB-807810886 tempest-ServerActionsTestOtherB-807810886-project-member] Attempting to import store swift {{(pid=108575) _load_store /usr/local/lib/python3.12/site-packages/glance_store/backend.py:215}}
Nov 21 15:41:08.402759 np0005531460.novalocal devstack@g-api.service[108575]: DEBUG glance_store.capabilities [None req-0ec32644-21c7-407a-81bb-7f40bb696aee tempest-ServerActionsTestOtherB-807810886 tempest-ServerActionsTestOtherB-807810886-project-member] Store glance_store._drivers.swift.store.SingleTenantStore doesn't support updating dynamic storage capabilities. Please overwrite 'update_capabilities' method of the store to implement updating logics if needed. {{(pid=108575) update_capabilities /usr/local/lib/python3.12/site-packages/glance_store/capabilities.py:91}}
Nov 21 15:41:08.402962 np0005531460.novalocal devstack@g-api.service[108575]: DEBUG glance_store.driver [None req-0ec32644-21c7-407a-81bb-7f40bb696aee tempest-ServerActionsTestOtherB-807810886 tempest-ServerActionsTestOtherB-807810886-project-member] Late loading location class glance_store._drivers.swift.store.StoreLocation {{(pid=108575) get_store_location_class /usr/local/lib/python3.12/site-packages/glance_store/driver.py:134}}
Nov 21 15:41:08.403137 np0005531460.novalocal devstack@g-api.service[108575]: DEBUG glance_store.location [None req-0ec32644-21c7-407a-81bb-7f40bb696aee tempest-ServerActionsTestOtherB-807810886 tempest-ServerActionsTestOtherB-807810886-project-member] Registering scheme swift+https with {'store': , 'location_class': , 'store_entry': 'swift'} {{(pid=108575) register_scheme_map /usr/local/lib/python3.12/site-packages/glance_store/location.py:146}}
Nov 21 15:41:08.403289 np0005531460.novalocal devstack@g-api.service[108575]: DEBUG glance_store.location [None req-0ec32644-21c7-407a-81bb-7f40bb696aee tempest-ServerActionsTestOtherB-807810886 tempest-ServerActionsTestOtherB-807810886-project-member] Registering scheme swift+https with {'store': , 'location_class': , 'store_entry': 'swift'} {{(pid=108575) register_scheme_map /usr/local/lib/python3.12/site-packages/glance_store/location.py:146}}
Nov 21 15:41:08.403439 np0005531460.novalocal devstack@g-api.service[108575]: DEBUG glance_store.location [None req-0ec32644-21c7-407a-81bb-7f40bb696aee tempest-ServerActionsTestOtherB-807810886 tempest-ServerActionsTestOtherB-807810886-project-member] Registering scheme swift with {'store': , 'location_class': , 'store_entry': 'swift'} {{(pid=108575) register_scheme_map /usr/local/lib/python3.12/site-packages/glance_store/location.py:146}}
Nov 21 15:41:08.403574 np0005531460.novalocal devstack@g-api.service[108575]: DEBUG glance_store.location [None req-0ec32644-21c7-407a-81bb-7f40bb696aee tempest-ServerActionsTestOtherB-807810886 tempest-ServerActionsTestOtherB-807810886-project-member] Registering scheme swift+https with {'store': , 'location_class': , 'store_entry': 'swift'} {{(pid=108575) register_scheme_map /usr/local/lib/python3.12/site-packages/glance_store/location.py:146}}
Nov 21 15:41:08.403716 np0005531460.novalocal devstack@g-api.service[108575]: DEBUG glance_store.location [None req-0ec32644-21c7-407a-81bb-7f40bb696aee tempest-ServerActionsTestOtherB-807810886 tempest-ServerActionsTestOtherB-807810886-project-member] Registering scheme swift with {'store': , 'location_class': , 'store_entry': 'swift'} {{(pid=108575) register_scheme_map /usr/local/lib/python3.12/site-packages/glance_store/location.py:146}}
Nov 21 15:41:08.403904 np0005531460.novalocal devstack@g-api.service[108575]: DEBUG glance_store.location [None req-0ec32644-21c7-407a-81bb-7f40bb696aee tempest-ServerActionsTestOtherB-807810886 tempest-ServerActionsTestOtherB-807810886-project-member] Registering scheme swift+http with {'store': , 'location_class': , 'store_entry': 'swift'} {{(pid=108575) register_scheme_map /usr/local/lib/python3.12/site-packages/glance_store/location.py:146}}
Nov 21 15:41:08.404030 np0005531460.novalocal devstack@g-api.service[108575]: DEBUG glance_store.location [None req-0ec32644-21c7-407a-81bb-7f40bb696aee tempest-ServerActionsTestOtherB-807810886 tempest-ServerActionsTestOtherB-807810886-project-member] Registering scheme swift+https with {'store': , 'location_class': , 'store_entry': 'swift'} {{(pid=108575) register_scheme_map /usr/local/lib/python3.12/site-packages/glance_store/location.py:146}}
Nov 21 15:41:08.404168 np0005531460.novalocal devstack@g-api.service[108575]: DEBUG glance_store.location [None req-0ec32644-21c7-407a-81bb-7f40bb696aee tempest-ServerActionsTestOtherB-807810886 tempest-ServerActionsTestOtherB-807810886-project-member] Registering scheme swift with {'store': , 'location_class': , 'store_entry': 'swift'} {{(pid=108575) register_scheme_map /usr/local/lib/python3.12/site-packages/glance_store/location.py:146}}
Nov 21 15:41:08.404337 np0005531460.novalocal devstack@g-api.service[108575]: DEBUG glance_store.location [None req-0ec32644-21c7-407a-81bb-7f40bb696aee tempest-ServerActionsTestOtherB-807810886 tempest-ServerActionsTestOtherB-807810886-project-member] Registering scheme swift+http with {'store': , 'location_class': , 'store_entry': 'swift'} {{(pid=108575) register_scheme_map /usr/local/lib/python3.12/site-packages/glance_store/location.py:146}}
Nov 21 15:41:08.404477 np0005531460.novalocal devstack@g-api.service[108575]: DEBUG glance_store.location [None req-0ec32644-21c7-407a-81bb-7f40bb696aee tempest-ServerActionsTestOtherB-807810886 tempest-ServerActionsTestOtherB-807810886-project-member] Registering scheme swift+config with {'store': , 'location_class': , 'store_entry': 'swift'} {{(pid=108575) register_scheme_map /usr/local/lib/python3.12/site-packages/glance_store/location.py:146}}
Nov 21 15:41:08.404628 np0005531460.novalocal devstack@g-api.service[108575]: DEBUG glance_store.backend [None req-0ec32644-21c7-407a-81bb-7f40bb696aee tempest-ServerActionsTestOtherB-807810886 tempest-ServerActionsTestOtherB-807810886-project-member] Skipping store.set_acls... not implemented. {{(pid=108575) set_acls /usr/local/lib/python3.12/site-packages/glance_store/backend.py:507}}
Nov 21 15:41:08.406966 np0005531460.novalocal devstack@g-api.service[108575]: [pid: 108575|app: 0|req: 483/990] 127.0.0.1 () {46 vars in 1202 bytes} [Fri Nov 21 15:41:07 2025] PUT /v2/images/37e284bf-3165-426f-a125-1b57d4972ea4/file => generated 0 bytes in 1319 msecs (HTTP/1.1 204) 4 headers in 171 bytes (1 switches on core 0)
Nov 21 15:41:08.425211 np0005531460.novalocal devstack@g-api.service[108574]: [pid: 108574|app: 0|req: 508/991] 127.0.0.1 () {40 vars in 903 bytes} [Fri Nov 21 15:41:08 2025] PATCH /v2/images/2aac9adc-62fb-44a1-b8d4-5eddade0be82 => generated 609 bytes in 62 msecs (HTTP/1.1 200) 4 headers in 157 bytes (1 switches on core 0)
Nov 21 15:41:08.438539 np0005531460.novalocal devstack@g-api.service[108575]: DEBUG glance.api.middleware.version_negotiation [None req-0ec32644-21c7-407a-81bb-7f40bb696aee tempest-ServerActionsTestOtherB-807810886 tempest-ServerActionsTestOtherB-807810886-project-member] Determining version of request: GET /v2/images/2aac9adc-62fb-44a1-b8d4-5eddade0be82 Accept: application/json {{(pid=108575) process_request /opt/stack/glance/glance/api/middleware/version_negotiation.py:44}}
Nov 21 15:41:08.438749 np0005531460.novalocal devstack@g-api.service[108575]: DEBUG glance.api.middleware.version_negotiation [None req-0ec32644-21c7-407a-81bb-7f40bb696aee tempest-ServerActionsTestOtherB-807810886 tempest-ServerActionsTestOtherB-807810886-project-member] Using url versioning {{(pid=108575) process_request /opt/stack/glance/glance/api/middleware/version_negotiation.py:57}}
Nov 21 15:41:08.439005 np0005531460.novalocal devstack@g-api.service[108575]: DEBUG glance.api.middleware.version_negotiation [None req-0ec32644-21c7-407a-81bb-7f40bb696aee tempest-ServerActionsTestOtherB-807810886 tempest-ServerActionsTestOtherB-807810886-project-member] Matched version: v2 {{(pid=108575) process_request /opt/stack/glance/glance/api/middleware/version_negotiation.py:69}}
Nov 21 15:41:08.439155 np0005531460.novalocal devstack@g-api.service[108575]: DEBUG glance.api.middleware.version_negotiation [None req-0ec32644-21c7-407a-81bb-7f40bb696aee tempest-ServerActionsTestOtherB-807810886 tempest-ServerActionsTestOtherB-807810886-project-member] new path /v2/images/2aac9adc-62fb-44a1-b8d4-5eddade0be82 {{(pid=108575) process_request /opt/stack/glance/glance/api/middleware/version_negotiation.py:70}}
Nov 21 15:41:08.443187 np0005531460.novalocal devstack@g-api.service[108574]: DEBUG glance.api.middleware.version_negotiation [None req-99c5bc24-22dd-4fac-861a-a91412b0485c tempest-BasicOperationsImagesAdminTest-1001522022 tempest-BasicOperationsImagesAdminTest-1001522022-project-admin] Determining version of request: GET /v2/images/37e284bf-3165-426f-a125-1b57d4972ea4 Accept: */* {{(pid=108574) process_request /opt/stack/glance/glance/api/middleware/version_negotiation.py:44}}
Nov 21 15:41:08.443342 np0005531460.novalocal devstack@g-api.service[108574]: DEBUG glance.api.middleware.version_negotiation [None req-99c5bc24-22dd-4fac-861a-a91412b0485c tempest-BasicOperationsImagesAdminTest-1001522022 tempest-BasicOperationsImagesAdminTest-1001522022-project-admin] Using url versioning {{(pid=108574) process_request /opt/stack/glance/glance/api/middleware/version_negotiation.py:57}}
Nov 21 15:41:08.443498 np0005531460.novalocal devstack@g-api.service[108574]: DEBUG glance.api.middleware.version_negotiation [None req-99c5bc24-22dd-4fac-861a-a91412b0485c tempest-BasicOperationsImagesAdminTest-1001522022 tempest-BasicOperationsImagesAdminTest-1001522022-project-admin] Matched version: v2 {{(pid=108574) process_request /opt/stack/glance/glance/api/middleware/version_negotiation.py:69}}
Nov 21 15:41:08.443655 np0005531460.novalocal devstack@g-api.service[108574]: DEBUG glance.api.middleware.version_negotiation [None req-99c5bc24-22dd-4fac-861a-a91412b0485c tempest-BasicOperationsImagesAdminTest-1001522022 tempest-BasicOperationsImagesAdminTest-1001522022-project-admin] new path /v2/images/37e284bf-3165-426f-a125-1b57d4972ea4 {{(pid=108574) process_request /opt/stack/glance/glance/api/middleware/version_negotiation.py:70}}
Nov 21 15:41:08.448282 np0005531460.novalocal devstack@g-api.service[108575]: [pid: 108575|app: 0|req: 484/992] 127.0.0.1 () {40 vars in 884 bytes} [Fri Nov 21 15:41:08 2025] GET /v2/images/2aac9adc-62fb-44a1-b8d4-5eddade0be82 => generated 609 bytes in 10 msecs (HTTP/1.1 200) 4 headers in 157 bytes (1 switches on core 0)
Nov 21 15:41:08.456270 np0005531460.novalocal devstack@g-api.service[108574]: [pid: 108574|app: 0|req: 509/993] 127.0.0.1 () {44 vars in 1159 bytes} [Fri Nov 21 15:41:08 2025] GET /v2/images/37e284bf-3165-426f-a125-1b57d4972ea4 => generated 1609 bytes in 13 msecs (HTTP/1.1 200) 4 headers in 158 bytes (1 switches on core 0)
Nov 21 15:41:08.458016 np0005531460.novalocal devstack@g-api.service[108575]: DEBUG glance.api.middleware.version_negotiation [None req-c19f2747-5ab7-41e3-9b29-b096b5afd518 tempest-BasicOperationsImagesAdminTest-1001522022 tempest-BasicOperationsImagesAdminTest-1001522022-project-admin] Determining version of request: DELETE /v2/images/2aac9adc-62fb-44a1-b8d4-5eddade0be82 Accept: application/json {{(pid=108575) process_request /opt/stack/glance/glance/api/middleware/version_negotiation.py:44}}
Nov 21 15:41:08.458238 np0005531460.novalocal devstack@g-api.service[108575]: DEBUG glance.api.middleware.version_negotiation [None req-c19f2747-5ab7-41e3-9b29-b096b5afd518 tempest-BasicOperationsImagesAdminTest-1001522022 tempest-BasicOperationsImagesAdminTest-1001522022-project-admin] Using url versioning {{(pid=108575) process_request /opt/stack/glance/glance/api/middleware/version_negotiation.py:57}}
Nov 21 15:41:08.458464 np0005531460.novalocal devstack@g-api.service[108575]: DEBUG glance.api.middleware.version_negotiation [None req-c19f2747-5ab7-41e3-9b29-b096b5afd518 tempest-BasicOperationsImagesAdminTest-1001522022 tempest-BasicOperationsImagesAdminTest-1001522022-project-admin] Matched version: v2 {{(pid=108575) process_request /opt/stack/glance/glance/api/middleware/version_negotiation.py:69}}
Nov 21 15:41:08.458635 np0005531460.novalocal devstack@g-api.service[108575]: DEBUG glance.api.middleware.version_negotiation [None req-c19f2747-5ab7-41e3-9b29-b096b5afd518 tempest-BasicOperationsImagesAdminTest-1001522022 tempest-BasicOperationsImagesAdminTest-1001522022-project-admin] new path /v2/images/2aac9adc-62fb-44a1-b8d4-5eddade0be82 {{(pid=108575) process_request /opt/stack/glance/glance/api/middleware/version_negotiation.py:70}}
Nov 21 15:41:08.466240 np0005531460.novalocal devstack@g-api.service[108575]: WARNING glance.api.v2.images [None req-b0696334-bbdd-4363-a6fb-01bdf7645f0b tempest-BasicOperationsImagesAdminTest-1001522022 tempest-BasicOperationsImagesAdminTest-1001522022-project-admin] After upload to backend, deletion of staged image data has failed because it cannot be found at /tmp/staging//2aac9adc-62fb-44a1-b8d4-5eddade0be82
Nov 21 15:41:08.489926 np0005531460.novalocal devstack@g-api.service[108574]: DEBUG glance.api.middleware.version_negotiation [None req-0ec32644-21c7-407a-81bb-7f40bb696aee tempest-ServerActionsTestOtherB-807810886 tempest-ServerActionsTestOtherB-807810886-project-member] Determining version of request: GET /v2/schemas/image Accept: */* {{(pid=108574) process_request /opt/stack/glance/glance/api/middleware/version_negotiation.py:44}}
Nov 21 15:41:08.490076 np0005531460.novalocal devstack@g-api.service[108574]: DEBUG glance.api.middleware.version_negotiation [None req-0ec32644-21c7-407a-81bb-7f40bb696aee tempest-ServerActionsTestOtherB-807810886 tempest-ServerActionsTestOtherB-807810886-project-member] Using url versioning {{(pid=108574) process_request /opt/stack/glance/glance/api/middleware/version_negotiation.py:57}}
Nov 21 15:41:08.490214 np0005531460.novalocal devstack@g-api.service[108574]: DEBUG glance.api.middleware.version_negotiation [None req-0ec32644-21c7-407a-81bb-7f40bb696aee tempest-ServerActionsTestOtherB-807810886 tempest-ServerActionsTestOtherB-807810886-project-member] Matched version: v2 {{(pid=108574) process_request /opt/stack/glance/glance/api/middleware/version_negotiation.py:69}}
Nov 21 15:41:08.490351 np0005531460.novalocal devstack@g-api.service[108574]: DEBUG glance.api.middleware.version_negotiation [None req-0ec32644-21c7-407a-81bb-7f40bb696aee tempest-ServerActionsTestOtherB-807810886 tempest-ServerActionsTestOtherB-807810886-project-member] new path /v2/schemas/image {{(pid=108574) process_request /opt/stack/glance/glance/api/middleware/version_negotiation.py:70}}
Nov 21 15:41:08.492711 np0005531460.novalocal devstack@g-api.service[108574]: [pid: 108574|app: 0|req: 510/994] 127.0.0.1 () {44 vars in 1099 bytes} [Fri Nov 21 15:41:08 2025] GET /v2/schemas/image => generated 6083 bytes in 3 msecs (HTTP/1.1 200) 4 headers in 158 bytes (1 switches on core 0)
Nov 21 15:41:08.496968 np0005531460.novalocal devstack@g-api.service[108575]: [pid: 108575|app: 0|req: 485/995] 127.0.0.1 () {40 vars in 887 bytes} [Fri Nov 21 15:41:08 2025] DELETE /v2/images/2aac9adc-62fb-44a1-b8d4-5eddade0be82 => generated 0 bytes in 39 msecs (HTTP/1.1 204) 4 headers in 171 bytes (1 switches on core 0)
Nov 21 15:41:11.048912 np0005531460.novalocal devstack@g-api.service[108574]: DEBUG glance.api.middleware.version_negotiation [None req-0ec32644-21c7-407a-81bb-7f40bb696aee tempest-ServerActionsTestOtherB-807810886 tempest-ServerActionsTestOtherB-807810886-project-member] Determining version of request: POST /v2/metadefs/namespaces Accept: application/json {{(pid=108574) process_request /opt/stack/glance/glance/api/middleware/version_negotiation.py:44}}
Nov 21 15:41:11.049291 np0005531460.novalocal devstack@g-api.service[108574]: DEBUG glance.api.middleware.version_negotiation [None req-0ec32644-21c7-407a-81bb-7f40bb696aee tempest-ServerActionsTestOtherB-807810886 tempest-ServerActionsTestOtherB-807810886-project-member] Using url versioning {{(pid=108574) process_request /opt/stack/glance/glance/api/middleware/version_negotiation.py:57}}
Nov 21 15:41:11.049291 np0005531460.novalocal devstack@g-api.service[108574]: DEBUG glance.api.middleware.version_negotiation [None req-0ec32644-21c7-407a-81bb-7f40bb696aee tempest-ServerActionsTestOtherB-807810886 tempest-ServerActionsTestOtherB-807810886-project-member] Matched version: v2 {{(pid=108574) process_request /opt/stack/glance/glance/api/middleware/version_negotiation.py:69}}
Nov 21 15:41:11.049291 np0005531460.novalocal devstack@g-api.service[108574]: DEBUG glance.api.middleware.version_negotiation [None req-0ec32644-21c7-407a-81bb-7f40bb696aee tempest-ServerActionsTestOtherB-807810886 tempest-ServerActionsTestOtherB-807810886-project-member] new path /v2/metadefs/namespaces {{(pid=108574) process_request /opt/stack/glance/glance/api/middleware/version_negotiation.py:70}}
Nov 21 15:41:11.168816 np0005531460.novalocal devstack@g-api.service[108574]: [pid: 108574|app: 0|req: 511/996] 127.0.0.1 () {42 vars in 858 bytes} [Fri Nov 21 15:41:11 2025] POST /v2/metadefs/namespaces => generated 383 bytes in 120 msecs (HTTP/1.1 201) 5 headers in 246 bytes (1 switches on core 0)
Nov 21 15:41:11.183136 np0005531460.novalocal devstack@g-api.service[108575]: DEBUG glance.api.middleware.version_negotiation [None req-b0696334-bbdd-4363-a6fb-01bdf7645f0b tempest-BasicOperationsImagesAdminTest-1001522022 tempest-BasicOperationsImagesAdminTest-1001522022-project-admin] Determining version of request: POST /v2/metadefs/namespaces/tempest-test-ns-826950777/objects Accept: application/json {{(pid=108575) process_request /opt/stack/glance/glance/api/middleware/version_negotiation.py:44}}
Nov 21 15:41:11.183431 np0005531460.novalocal devstack@g-api.service[108575]: DEBUG glance.api.middleware.version_negotiation [None req-b0696334-bbdd-4363-a6fb-01bdf7645f0b tempest-BasicOperationsImagesAdminTest-1001522022 tempest-BasicOperationsImagesAdminTest-1001522022-project-admin] Using url versioning {{(pid=108575) process_request /opt/stack/glance/glance/api/middleware/version_negotiation.py:57}}
Nov 21 15:41:11.183431 np0005531460.novalocal devstack@g-api.service[108575]: DEBUG glance.api.middleware.version_negotiation [None req-b0696334-bbdd-4363-a6fb-01bdf7645f0b tempest-BasicOperationsImagesAdminTest-1001522022 tempest-BasicOperationsImagesAdminTest-1001522022-project-admin] Matched version: v2 {{(pid=108575) process_request /opt/stack/glance/glance/api/middleware/version_negotiation.py:69}}
Nov 21 15:41:11.183431 np0005531460.novalocal devstack@g-api.service[108575]: DEBUG glance.api.middleware.version_negotiation [None req-b0696334-bbdd-4363-a6fb-01bdf7645f0b tempest-BasicOperationsImagesAdminTest-1001522022 tempest-BasicOperationsImagesAdminTest-1001522022-project-admin] new path /v2/metadefs/namespaces/tempest-test-ns-826950777/objects {{(pid=108575) process_request /opt/stack/glance/glance/api/middleware/version_negotiation.py:70}}
Nov 21 15:41:11.230555 np0005531460.novalocal devstack@g-api.service[108575]: [pid: 108575|app: 0|req: 486/997] 127.0.0.1 () {42 vars in 925 bytes} [Fri Nov 21 15:41:11 2025] POST /v2/metadefs/namespaces/tempest-test-ns-826950777/objects => generated 307 bytes in 49 msecs (HTTP/1.1 201) 4 headers in 162 bytes (1 switches on core 0)
Nov 21 15:41:11.240596 np0005531460.novalocal devstack@g-api.service[108574]: DEBUG glance.api.middleware.version_negotiation [None req-977eaab3-0463-4d56-a9b4-2842f143c140 tempest-MetadataNamespaceObjectsTest-1359659162 tempest-MetadataNamespaceObjectsTest-1359659162-project-admin] Determining version of request: PUT /v2/metadefs/namespaces/tempest-test-ns-826950777/objects/tempest-MetadataNamespaceObjectsTest-object-1978000670 Accept: application/json {{(pid=108574) process_request /opt/stack/glance/glance/api/middleware/version_negotiation.py:44}}
Nov 21 15:41:11.240696 np0005531460.novalocal devstack@g-api.service[108574]: DEBUG glance.api.middleware.version_negotiation [None req-977eaab3-0463-4d56-a9b4-2842f143c140 tempest-MetadataNamespaceObjectsTest-1359659162 tempest-MetadataNamespaceObjectsTest-1359659162-project-admin] Using url versioning {{(pid=108574) process_request /opt/stack/glance/glance/api/middleware/version_negotiation.py:57}}
Nov 21 15:41:11.240807 np0005531460.novalocal devstack@g-api.service[108574]: DEBUG glance.api.middleware.version_negotiation [None req-977eaab3-0463-4d56-a9b4-2842f143c140 tempest-MetadataNamespaceObjectsTest-1359659162 tempest-MetadataNamespaceObjectsTest-1359659162-project-admin] Matched version: v2 {{(pid=108574) process_request /opt/stack/glance/glance/api/middleware/version_negotiation.py:69}}
Nov 21 15:41:11.240884 np0005531460.novalocal devstack@g-api.service[108574]: DEBUG glance.api.middleware.version_negotiation [None req-977eaab3-0463-4d56-a9b4-2842f143c140 tempest-MetadataNamespaceObjectsTest-1359659162 tempest-MetadataNamespaceObjectsTest-1359659162-project-admin] new path /v2/metadefs/namespaces/tempest-test-ns-826950777/objects/tempest-MetadataNamespaceObjectsTest-object-1978000670 {{(pid=108574) process_request /opt/stack/glance/glance/api/middleware/version_negotiation.py:70}}
Nov 21 15:41:11.297813 np0005531460.novalocal devstack@g-api.service[108574]: [pid: 108574|app: 0|req: 512/998] 127.0.0.1 () {42 vars in 1034 bytes} [Fri Nov 21 15:41:11 2025] PUT /v2/metadefs/namespaces/tempest-test-ns-826950777/objects/tempest-MetadataNamespaceObjectsTest-object-1978000670 => generated 263 bytes in 57 msecs (HTTP/1.1 200) 4 headers in 157 bytes (1 switches on core 0)
Nov 21 15:41:11.309962 np0005531460.novalocal devstack@g-api.service[108575]: DEBUG glance.api.middleware.version_negotiation [None req-52996ef1-14dd-4207-9ebf-60ebc9d19ac8 tempest-MetadataNamespaceObjectsTest-1359659162 tempest-MetadataNamespaceObjectsTest-1359659162-project-admin] Determining version of request: DELETE /v2/metadefs/namespaces/tempest-test-ns-826950777/objects/tempest-update-object-2077291183 Accept: application/json {{(pid=108575) process_request /opt/stack/glance/glance/api/middleware/version_negotiation.py:44}}
Nov 21 15:41:11.310188 np0005531460.novalocal devstack@g-api.service[108575]: DEBUG glance.api.middleware.version_negotiation [None req-52996ef1-14dd-4207-9ebf-60ebc9d19ac8 tempest-MetadataNamespaceObjectsTest-1359659162 tempest-MetadataNamespaceObjectsTest-1359659162-project-admin] Using url versioning {{(pid=108575) process_request /opt/stack/glance/glance/api/middleware/version_negotiation.py:57}}
Nov 21 15:41:11.310264 np0005531460.novalocal devstack@g-api.service[108575]: DEBUG glance.api.middleware.version_negotiation [None req-52996ef1-14dd-4207-9ebf-60ebc9d19ac8 tempest-MetadataNamespaceObjectsTest-1359659162 tempest-MetadataNamespaceObjectsTest-1359659162-project-admin] Matched version: v2 {{(pid=108575) process_request /opt/stack/glance/glance/api/middleware/version_negotiation.py:69}}
Nov 21 15:41:11.310324 np0005531460.novalocal devstack@g-api.service[108575]: DEBUG glance.api.middleware.version_negotiation [None req-52996ef1-14dd-4207-9ebf-60ebc9d19ac8 tempest-MetadataNamespaceObjectsTest-1359659162 tempest-MetadataNamespaceObjectsTest-1359659162-project-admin] new path /v2/metadefs/namespaces/tempest-test-ns-826950777/objects/tempest-update-object-2077291183 {{(pid=108575) process_request /opt/stack/glance/glance/api/middleware/version_negotiation.py:70}}
Nov 21 15:41:11.328138 np0005531460.novalocal devstack@g-api.service[108575]: [pid: 108575|app: 0|req: 487/999] 127.0.0.1 () {40 vars in 973 bytes} [Fri Nov 21 15:41:11 2025] DELETE /v2/metadefs/namespaces/tempest-test-ns-826950777/objects/tempest-update-object-2077291183 => generated 0 bytes in 18 msecs (HTTP/1.1 204) 4 headers in 171 bytes (1 switches on core 0)
Nov 21 15:41:11.336429 np0005531460.novalocal devstack@g-api.service[108574]: DEBUG glance.api.middleware.version_negotiation [None req-afd2bd06-9a6b-4ed9-8b6f-50c2b3fb1b17 tempest-MetadataNamespaceObjectsTest-1359659162 tempest-MetadataNamespaceObjectsTest-1359659162-project-admin] Determining version of request: GET /v2/metadefs/namespaces/tempest-test-ns-826950777/objects Accept: application/json {{(pid=108574) process_request /opt/stack/glance/glance/api/middleware/version_negotiation.py:44}}
Nov 21 15:41:11.336613 np0005531460.novalocal devstack@g-api.service[108574]: DEBUG glance.api.middleware.version_negotiation [None req-afd2bd06-9a6b-4ed9-8b6f-50c2b3fb1b17 tempest-MetadataNamespaceObjectsTest-1359659162 tempest-MetadataNamespaceObjectsTest-1359659162-project-admin] Using url versioning {{(pid=108574) process_request /opt/stack/glance/glance/api/middleware/version_negotiation.py:57}}
Nov 21 15:41:11.336712 np0005531460.novalocal devstack@g-api.service[108574]: DEBUG glance.api.middleware.version_negotiation [None req-afd2bd06-9a6b-4ed9-8b6f-50c2b3fb1b17 tempest-MetadataNamespaceObjectsTest-1359659162 tempest-MetadataNamespaceObjectsTest-1359659162-project-admin] Matched version: v2 {{(pid=108574) process_request /opt/stack/glance/glance/api/middleware/version_negotiation.py:69}}
Nov 21 15:41:11.336829 np0005531460.novalocal devstack@g-api.service[108574]: DEBUG glance.api.middleware.version_negotiation [None req-afd2bd06-9a6b-4ed9-8b6f-50c2b3fb1b17 tempest-MetadataNamespaceObjectsTest-1359659162 tempest-MetadataNamespaceObjectsTest-1359659162-project-admin] new path /v2/metadefs/namespaces/tempest-test-ns-826950777/objects {{(pid=108574) process_request /opt/stack/glance/glance/api/middleware/version_negotiation.py:70}}
Nov 21 15:41:11.346002 np0005531460.novalocal devstack@g-api.service[108574]: [pid: 108574|app: 0|req: 513/1000] 127.0.0.1 () {40 vars in 904 bytes} [Fri Nov 21 15:41:11 2025] GET /v2/metadefs/namespaces/tempest-test-ns-826950777/objects => generated 56 bytes in 10 msecs (HTTP/1.1 200) 4 headers in 156 bytes (1 switches on core 0)
