Nov 21 15:46:04.697873 np0005531460.novalocal cinder-volume[107814]: DEBUG oslo_concurrency.lockutils [req-b72c3bd6-130e-4859-8d44-5143da930dca req-1cfa47b5-a147-465a-9f93-a3c4b7cac68a tempest-VolumesSnapshotTestJSON-591229851 None] Lock "lioadm" acquired by "cinder.volume.targets.lio.LioAdm._execute" :: waited 0.000s {{(pid=107814) inner /usr/local/lib/python3.12/site-packages/oslo_concurrency/lockutils.py:410}}
Nov 21 15:46:04.698818 np0005531460.novalocal cinder-volume[107814]: DEBUG oslo_concurrency.processutils [req-b72c3bd6-130e-4859-8d44-5143da930dca req-1cfa47b5-a147-465a-9f93-a3c4b7cac68a tempest-VolumesSnapshotTestJSON-591229851 None] Running cmd (subprocess): sudo cinder-rootwrap /etc/cinder/rootwrap.conf cinder-rtstool add-initiator iqn.2010-10.org.openstack:volume-91e4290a-317b-4203-98d8-651c09e8a45b jaB4rirer9ij85TD984q XTNbRHJ7gHtUEDhy iqn.1994-05.com.redhat:1e2adedf8ac {{(pid=107814) execute /usr/local/lib/python3.12/site-packages/oslo_concurrency/processutils.py:349}}
Nov 21 15:46:04.720403 np0005531460.novalocal sudo[144390]: stack : PWD=/ ; USER=root ; COMMAND=/usr/local/bin/cinder-rootwrap /etc/cinder/rootwrap.conf cinder-rtstool add-initiator iqn.2010-10.org.openstack:volume-91e4290a-317b-4203-98d8-651c09e8a45b jaB4rirer9ij85TD984q XTNbRHJ7gHtUEDhy iqn.1994-05.com.redhat:1e2adedf8ac
Nov 21 15:46:04.802130 np0005531460.novalocal cinder-volume[107814]: DEBUG oslo_concurrency.processutils [None req-29096165-5776-41f7-b7a9-08a8d21a9689 tempest-ServerStableDeviceRescueTest-1365384294 None] CMD "sudo cinder-rootwrap /etc/cinder/rootwrap.conf env LC_ALL=C lvcreate -T -V 1g -n volume-1f31334b-da3d-4de9-bb6e-48cc28c10b12 stack-volumes-lvmdriver-1/stack-volumes-lvmdriver-1-pool" returned: 0 in 0.455s {{(pid=107814) execute /usr/local/lib/python3.12/site-packages/oslo_concurrency/processutils.py:372}}
Nov 21 15:46:04.802130 np0005531460.novalocal cinder-volume[107814]: DEBUG cinder.volume.manager [None req-29096165-5776-41f7-b7a9-08a8d21a9689 tempest-ServerStableDeviceRescueTest-1365384294 None] Task 'cinder.volume.flows.manager.create_volume.CreateVolumeFromSpecTask;volume:create' (89503b82-f28c-4134-9c1c-7a8337c8ee18) transitioned into state 'SUCCESS' from state 'RUNNING' with result '{'status': 'creating', 'volume_name': 'volume-1f31334b-da3d-4de9-bb6e-48cc28c10b12', 'volume_size': 1}' {{(pid=107814) _task_receiver /usr/local/lib/python3.12/site-packages/taskflow/listeners/logging.py:182}}
Nov 21 15:46:04.802927 np0005531460.novalocal cinder-volume[107814]: DEBUG cinder.volume.manager [None req-29096165-5776-41f7-b7a9-08a8d21a9689 tempest-ServerStableDeviceRescueTest-1365384294 None] Task 'cinder.volume.flows.manager.create_volume.CreateVolumeOnFinishTask;volume:create, create.end' (ec3f484e-d51e-4772-a7bd-4a2ef58de384) transitioned into state 'RUNNING' from state 'PENDING' {{(pid=107814) _task_receiver /usr/local/lib/python3.12/site-packages/taskflow/listeners/logging.py:194}}
Nov 21 15:46:04.811141 np0005531460.novalocal cinder-volume[107814]: INFO cinder.volume.flows.manager.create_volume [None req-29096165-5776-41f7-b7a9-08a8d21a9689 tempest-ServerStableDeviceRescueTest-1365384294 None] Volume volume-1f31334b-da3d-4de9-bb6e-48cc28c10b12 (1f31334b-da3d-4de9-bb6e-48cc28c10b12): created successfully
Nov 21 15:46:04.813064 np0005531460.novalocal cinder-volume[107814]: DEBUG cinder.volume.manager [None req-29096165-5776-41f7-b7a9-08a8d21a9689 tempest-ServerStableDeviceRescueTest-1365384294 None] Task 'cinder.volume.flows.manager.create_volume.CreateVolumeOnFinishTask;volume:create, create.end' (ec3f484e-d51e-4772-a7bd-4a2ef58de384) transitioned into state 'SUCCESS' from state 'RUNNING' with result 'None' {{(pid=107814) _task_receiver /usr/local/lib/python3.12/site-packages/taskflow/listeners/logging.py:182}}
Nov 21 15:46:04.815348 np0005531460.novalocal cinder-volume[107814]: DEBUG cinder.volume.manager [None req-29096165-5776-41f7-b7a9-08a8d21a9689 tempest-ServerStableDeviceRescueTest-1365384294 None] Flow 'volume_create_manager' (5bc48384-5fc0-4ce8-9681-87d6b49033eb) transitioned into state 'SUCCESS' from state 'RUNNING' {{(pid=107814) _flow_receiver /usr/local/lib/python3.12/site-packages/taskflow/listeners/logging.py:145}}
Nov 21 15:46:04.821442 np0005531460.novalocal cinder-volume[107814]: INFO cinder.volume.manager [None req-29096165-5776-41f7-b7a9-08a8d21a9689 tempest-ServerStableDeviceRescueTest-1365384294 None] Created volume successfully.
Nov 21 15:46:05.254267 np0005531460.novalocal cinder-volume[107814]: DEBUG oslo_concurrency.processutils [req-b72c3bd6-130e-4859-8d44-5143da930dca req-1cfa47b5-a147-465a-9f93-a3c4b7cac68a tempest-VolumesSnapshotTestJSON-591229851 None] CMD "sudo cinder-rootwrap /etc/cinder/rootwrap.conf cinder-rtstool add-initiator iqn.2010-10.org.openstack:volume-91e4290a-317b-4203-98d8-651c09e8a45b jaB4rirer9ij85TD984q XTNbRHJ7gHtUEDhy iqn.1994-05.com.redhat:1e2adedf8ac" returned: 0 in 0.556s {{(pid=107814) execute /usr/local/lib/python3.12/site-packages/oslo_concurrency/processutils.py:372}}
Nov 21 15:46:05.254790 np0005531460.novalocal cinder-volume[107814]: DEBUG oslo_concurrency.lockutils [req-b72c3bd6-130e-4859-8d44-5143da930dca req-1cfa47b5-a147-465a-9f93-a3c4b7cac68a tempest-VolumesSnapshotTestJSON-591229851 None] Lock "lioadm" "released" by "cinder.volume.targets.lio.LioAdm._execute" :: held 0.557s {{(pid=107814) inner /usr/local/lib/python3.12/site-packages/oslo_concurrency/lockutils.py:424}}
Nov 21 15:46:05.254790 np0005531460.novalocal cinder-volume[107814]: DEBUG oslo_concurrency.lockutils [req-b72c3bd6-130e-4859-8d44-5143da930dca req-1cfa47b5-a147-465a-9f93-a3c4b7cac68a tempest-VolumesSnapshotTestJSON-591229851 None] Acquiring lock "lioadm" by "cinder.volume.targets.lio.LioAdm._execute" {{(pid=107814) inner /usr/local/lib/python3.12/site-packages/oslo_concurrency/lockutils.py:405}}
Nov 21 15:46:05.255212 np0005531460.novalocal cinder-volume[107814]: DEBUG oslo_concurrency.lockutils [req-b72c3bd6-130e-4859-8d44-5143da930dca req-1cfa47b5-a147-465a-9f93-a3c4b7cac68a tempest-VolumesSnapshotTestJSON-591229851 None] Lock "lioadm" acquired by "cinder.volume.targets.lio.LioAdm._execute" :: waited 0.000s {{(pid=107814) inner /usr/local/lib/python3.12/site-packages/oslo_concurrency/lockutils.py:410}}
Nov 21 15:46:05.255572 np0005531460.novalocal cinder-volume[107814]: DEBUG oslo_concurrency.processutils [req-b72c3bd6-130e-4859-8d44-5143da930dca req-1cfa47b5-a147-465a-9f93-a3c4b7cac68a tempest-VolumesSnapshotTestJSON-591229851 None] Running cmd (subprocess): sudo cinder-rootwrap /etc/cinder/rootwrap.conf cinder-rtstool save {{(pid=107814) execute /usr/local/lib/python3.12/site-packages/oslo_concurrency/processutils.py:349}}
Nov 21 15:46:05.290676 np0005531460.novalocal sudo[144398]: stack : PWD=/ ; USER=root ; COMMAND=/usr/local/bin/cinder-rootwrap /etc/cinder/rootwrap.conf cinder-rtstool save
Nov 21 15:46:05.823106 np0005531460.novalocal cinder-volume[107814]: DEBUG oslo_concurrency.processutils [req-b72c3bd6-130e-4859-8d44-5143da930dca req-1cfa47b5-a147-465a-9f93-a3c4b7cac68a tempest-VolumesSnapshotTestJSON-591229851 None] CMD "sudo cinder-rootwrap /etc/cinder/rootwrap.conf cinder-rtstool save" returned: 0 in 0.567s {{(pid=107814) execute /usr/local/lib/python3.12/site-packages/oslo_concurrency/processutils.py:372}}
Nov 21 15:46:05.823106 np0005531460.novalocal cinder-volume[107814]: DEBUG oslo_concurrency.lockutils [req-b72c3bd6-130e-4859-8d44-5143da930dca req-1cfa47b5-a147-465a-9f93-a3c4b7cac68a tempest-VolumesSnapshotTestJSON-591229851 None] Lock "lioadm" "released" by "cinder.volume.targets.lio.LioAdm._execute" :: held 0.568s {{(pid=107814) inner /usr/local/lib/python3.12/site-packages/oslo_concurrency/lockutils.py:424}}
Nov 21 15:46:05.846299 np0005531460.novalocal cinder-volume[107814]: DEBUG cinder.volume.manager [req-b72c3bd6-130e-4859-8d44-5143da930dca req-1cfa47b5-a147-465a-9f93-a3c4b7cac68a tempest-VolumesSnapshotTestJSON-591229851 None] Connection info returned from driver {'target_discovered': False, 'target_portal': '38.102.83.94:3260', 'target_iqn': 'iqn.2010-10.org.openstack:volume-91e4290a-317b-4203-98d8-651c09e8a45b', 'target_lun': 0, 'volume_id': '91e4290a-317b-4203-98d8-651c09e8a45b', 'auth_method': 'CHAP', 'auth_username': 'jaB4rirer9ij85TD984q', 'auth_password': '***', 'encrypted': False, 'qos_specs': None, 'access_mode': 'rw', 'cacheable': False, 'driver_volume_type': 'iscsi', 'attachment_id': '7526a104-1bc8-4d8b-af35-59358b6bfea0', 'enforce_multipath': True} {{(pid=107814) _connection_create /opt/stack/cinder/cinder/volume/manager.py:4892}}
Nov 21 15:46:05.886934 np0005531460.novalocal cinder-volume[107814]: INFO cinder.volume.manager [req-b72c3bd6-130e-4859-8d44-5143da930dca req-1cfa47b5-a147-465a-9f93-a3c4b7cac68a tempest-VolumesSnapshotTestJSON-591229851 None] attachment_update completed successfully.
Nov 21 15:46:11.082041 np0005531460.novalocal cinder-volume[107814]: DEBUG cinder.volume.flows.manager.create_volume [None req-63b2b489-fec3-4e24-8e02-ea21fca17ab7 tempest-VolumesBackupsTest-633227990 None] Volume reschedule parameters: True retry: {'num_attempts': 1, 'backends': ['np0005531460.novalocal@lvmdriver-1#lvmdriver-1'], 'hosts': ['np0005531460.novalocal@lvmdriver-1#lvmdriver-1']} {{(pid=107814) get_flow /opt/stack/cinder/cinder/volume/flows/manager/create_volume.py:1384}}
Nov 21 15:46:11.095540 np0005531460.novalocal cinder-volume[107814]: DEBUG cinder.volume.manager [None req-63b2b489-fec3-4e24-8e02-ea21fca17ab7 tempest-VolumesBackupsTest-633227990 None] Flow 'volume_create_manager' (d5dbff3b-1a38-4641-bbfe-9ac05f25d7cb) transitioned into state 'RUNNING' from state 'PENDING' {{(pid=107814) _flow_receiver /usr/local/lib/python3.12/site-packages/taskflow/listeners/logging.py:145}}
Nov 21 15:46:11.099424 np0005531460.novalocal cinder-volume[107814]: DEBUG cinder.volume.manager [None req-63b2b489-fec3-4e24-8e02-ea21fca17ab7 tempest-VolumesBackupsTest-633227990 None] Task 'cinder.volume.flows.manager.create_volume.ExtractVolumeRefTask;volume:create' (4e8d9511-912c-4481-9628-3d49b58e4b41) transitioned into state 'RUNNING' from state 'PENDING' {{(pid=107814) _task_receiver /usr/local/lib/python3.12/site-packages/taskflow/listeners/logging.py:194}}
Nov 21 15:46:11.108678 np0005531460.novalocal cinder-volume[107814]: DEBUG cinder.volume.manager [None req-63b2b489-fec3-4e24-8e02-ea21fca17ab7 tempest-VolumesBackupsTest-633227990 None] Task 'cinder.volume.flows.manager.create_volume.ExtractVolumeRefTask;volume:create' (4e8d9511-912c-4481-9628-3d49b58e4b41) transitioned into state 'SUCCESS' from state 'RUNNING' with result 'Volume(_name_id=None,admin_metadata=,attach_status='detached',availability_zone='nova',bootable=False,cluster=,cluster_name=None,consistencygroup=,consistencygroup_id=None,created_at=2025-11-21T20:46:10Z,deleted=False,deleted_at=None,display_description=None,display_name='tempest-VolumesBackupsTest-Volume-1911093223',ec2_id=None,encryption_key_id=None,glance_metadata=,group=,group_id=None,host='np0005531460.novalocal@lvmdriver-1#lvmdriver-1',id=bdef1043-6af8-4f7e-a163-b9104519911a,launched_at=None,metadata={},migration_status=None,multiattach=False,previous_status=None,project_id='99dea2ee54874291a7a3284a115f81e4',provider_auth=None,provider_geometry=None,provider_id=None,provider_location=None,replication_driver_data=None,replication_extended_status=None,replication_status=None,scheduled_at=2025-11-21T20:46:11Z,service_uuid=None,shared_targets=True,size=1,snapshot_id=None,snapshots=,source_volid=None,status='creating',terminated_at=None,updated_at=2025-11-21T20:46:11Z,use_quota=True,user_id='78aab0b8a676406dab9c030d6a4b429f',volume_attachment=VolumeAttachmentList,volume_type=VolumeType(099441c3-a89d-49d9-8e0f-b86f1daa5de4),volume_type_id=099441c3-a89d-49d9-8e0f-b86f1daa5de4)' {{(pid=107814) _task_receiver /usr/local/lib/python3.12/site-packages/taskflow/listeners/logging.py:182}}
Nov 21 15:46:11.110951 np0005531460.novalocal cinder-volume[107814]: DEBUG cinder.volume.manager [None req-63b2b489-fec3-4e24-8e02-ea21fca17ab7 tempest-VolumesBackupsTest-633227990 None] Task 'cinder.volume.flows.manager.create_volume.OnFailureRescheduleTask;volume:create' (20683121-5bff-41a6-91fc-24bd271c1502) transitioned into state 'RUNNING' from state 'PENDING' {{(pid=107814) _task_receiver /usr/local/lib/python3.12/site-packages/taskflow/listeners/logging.py:194}}
Nov 21 15:46:11.112611 np0005531460.novalocal cinder-volume[107814]: DEBUG cinder.volume.manager [None req-63b2b489-fec3-4e24-8e02-ea21fca17ab7 tempest-VolumesBackupsTest-633227990 None] Task 'cinder.volume.flows.manager.create_volume.OnFailureRescheduleTask;volume:create' (20683121-5bff-41a6-91fc-24bd271c1502) transitioned into state 'SUCCESS' from state 'RUNNING' with result 'None' {{(pid=107814) _task_receiver /usr/local/lib/python3.12/site-packages/taskflow/listeners/logging.py:182}}
Nov 21 15:46:11.116032 np0005531460.novalocal cinder-volume[107814]: DEBUG cinder.volume.manager [None req-63b2b489-fec3-4e24-8e02-ea21fca17ab7 tempest-VolumesBackupsTest-633227990 None] Task 'cinder.volume.flows.manager.create_volume.ExtractVolumeSpecTask;volume:create' (4c4d39a1-61ea-479c-a40c-d3eb702caf7e) transitioned into state 'RUNNING' from state 'PENDING' {{(pid=107814) _task_receiver /usr/local/lib/python3.12/site-packages/taskflow/listeners/logging.py:194}}
Nov 21 15:46:11.118098 np0005531460.novalocal cinder-volume[107814]: DEBUG cinder.volume.manager [None req-63b2b489-fec3-4e24-8e02-ea21fca17ab7 tempest-VolumesBackupsTest-633227990 None] Task 'cinder.volume.flows.manager.create_volume.ExtractVolumeSpecTask;volume:create' (4c4d39a1-61ea-479c-a40c-d3eb702caf7e) transitioned into state 'SUCCESS' from state 'RUNNING' with result '{'status': 'creating', 'type': 'raw', 'volume_id': 'bdef1043-6af8-4f7e-a163-b9104519911a', 'volume_name': 'volume-bdef1043-6af8-4f7e-a163-b9104519911a', 'volume_size': 1}' {{(pid=107814) _task_receiver /usr/local/lib/python3.12/site-packages/taskflow/listeners/logging.py:182}}
Nov 21 15:46:11.120184 np0005531460.novalocal cinder-volume[107814]: DEBUG cinder.volume.manager [None req-63b2b489-fec3-4e24-8e02-ea21fca17ab7 tempest-VolumesBackupsTest-633227990 None] Task 'cinder.volume.flows.manager.create_volume.NotifyVolumeActionTask;volume:create, create.start' (e197110c-dfa4-4f67-8e30-ce9b808370fb) transitioned into state 'RUNNING' from state 'PENDING' {{(pid=107814) _task_receiver /usr/local/lib/python3.12/site-packages/taskflow/listeners/logging.py:194}}
Nov 21 15:46:11.121842 np0005531460.novalocal cinder-volume[107814]: DEBUG cinder.volume.manager [None req-63b2b489-fec3-4e24-8e02-ea21fca17ab7 tempest-VolumesBackupsTest-633227990 None] Task 'cinder.volume.flows.manager.create_volume.NotifyVolumeActionTask;volume:create, create.start' (e197110c-dfa4-4f67-8e30-ce9b808370fb) transitioned into state 'SUCCESS' from state 'RUNNING' with result 'None' {{(pid=107814) _task_receiver /usr/local/lib/python3.12/site-packages/taskflow/listeners/logging.py:182}}
Nov 21 15:46:11.123102 np0005531460.novalocal cinder-volume[107814]: DEBUG cinder.volume.manager [None req-63b2b489-fec3-4e24-8e02-ea21fca17ab7 tempest-VolumesBackupsTest-633227990 None] Task 'cinder.volume.flows.manager.create_volume.CreateVolumeFromSpecTask;volume:create' (4622267a-c4ee-4385-ba73-2af7d1e64d77) transitioned into state 'RUNNING' from state 'PENDING' {{(pid=107814) _task_receiver /usr/local/lib/python3.12/site-packages/taskflow/listeners/logging.py:194}}
Nov 21 15:46:11.123487 np0005531460.novalocal cinder-volume[107814]: INFO cinder.volume.flows.manager.create_volume [None req-63b2b489-fec3-4e24-8e02-ea21fca17ab7 tempest-VolumesBackupsTest-633227990 None] Volume bdef1043-6af8-4f7e-a163-b9104519911a: being created as raw with specification: {'status': 'creating', 'volume_name': 'volume-bdef1043-6af8-4f7e-a163-b9104519911a', 'volume_size': 1}
Nov 21 15:46:11.124000 np0005531460.novalocal cinder-volume[107814]: DEBUG oslo_concurrency.processutils [None req-63b2b489-fec3-4e24-8e02-ea21fca17ab7 tempest-VolumesBackupsTest-633227990 None] Running cmd (subprocess): sudo cinder-rootwrap /etc/cinder/rootwrap.conf env LC_ALL=C lvcreate -T -V 1g -n volume-bdef1043-6af8-4f7e-a163-b9104519911a stack-volumes-lvmdriver-1/stack-volumes-lvmdriver-1-pool {{(pid=107814) execute /usr/local/lib/python3.12/site-packages/oslo_concurrency/processutils.py:349}}
Nov 21 15:46:11.158887 np0005531460.novalocal sudo[144452]: stack : PWD=/ ; USER=root ; COMMAND=/usr/local/bin/cinder-rootwrap /etc/cinder/rootwrap.conf env LC_ALL=C lvcreate -T -V 1g -n volume-bdef1043-6af8-4f7e-a163-b9104519911a stack-volumes-lvmdriver-1/stack-volumes-lvmdriver-1-pool
Nov 21 15:46:11.617734 np0005531460.novalocal cinder-volume[107814]: DEBUG oslo_concurrency.processutils [None req-63b2b489-fec3-4e24-8e02-ea21fca17ab7 tempest-VolumesBackupsTest-633227990 None] CMD "sudo cinder-rootwrap /etc/cinder/rootwrap.conf env LC_ALL=C lvcreate -T -V 1g -n volume-bdef1043-6af8-4f7e-a163-b9104519911a stack-volumes-lvmdriver-1/stack-volumes-lvmdriver-1-pool" returned: 0 in 0.493s {{(pid=107814) execute /usr/local/lib/python3.12/site-packages/oslo_concurrency/processutils.py:372}}
Nov 21 15:46:11.619817 np0005531460.novalocal cinder-volume[107814]: DEBUG cinder.volume.manager [None req-63b2b489-fec3-4e24-8e02-ea21fca17ab7 tempest-VolumesBackupsTest-633227990 None] Task 'cinder.volume.flows.manager.create_volume.CreateVolumeFromSpecTask;volume:create' (4622267a-c4ee-4385-ba73-2af7d1e64d77) transitioned into state 'SUCCESS' from state 'RUNNING' with result '{'status': 'creating', 'volume_name': 'volume-bdef1043-6af8-4f7e-a163-b9104519911a', 'volume_size': 1}' {{(pid=107814) _task_receiver /usr/local/lib/python3.12/site-packages/taskflow/listeners/logging.py:182}}
Nov 21 15:46:11.620655 np0005531460.novalocal cinder-volume[107814]: DEBUG cinder.volume.manager [None req-63b2b489-fec3-4e24-8e02-ea21fca17ab7 tempest-VolumesBackupsTest-633227990 None] Task 'cinder.volume.flows.manager.create_volume.CreateVolumeOnFinishTask;volume:create, create.end' (c3224ac9-48cb-4827-a524-6b5fb57a4309) transitioned into state 'RUNNING' from state 'PENDING' {{(pid=107814) _task_receiver /usr/local/lib/python3.12/site-packages/taskflow/listeners/logging.py:194}}
Nov 21 15:46:11.625873 np0005531460.novalocal cinder-volume[107814]: INFO cinder.volume.flows.manager.create_volume [None req-63b2b489-fec3-4e24-8e02-ea21fca17ab7 tempest-VolumesBackupsTest-633227990 None] Volume volume-bdef1043-6af8-4f7e-a163-b9104519911a (bdef1043-6af8-4f7e-a163-b9104519911a): created successfully
Nov 21 15:46:11.627269 np0005531460.novalocal cinder-volume[107814]: DEBUG cinder.volume.manager [None req-63b2b489-fec3-4e24-8e02-ea21fca17ab7 tempest-VolumesBackupsTest-633227990 None] Task 'cinder.volume.flows.manager.create_volume.CreateVolumeOnFinishTask;volume:create, create.end' (c3224ac9-48cb-4827-a524-6b5fb57a4309) transitioned into state 'SUCCESS' from state 'RUNNING' with result 'None' {{(pid=107814) _task_receiver /usr/local/lib/python3.12/site-packages/taskflow/listeners/logging.py:182}}
Nov 21 15:46:11.629438 np0005531460.novalocal cinder-volume[107814]: DEBUG cinder.volume.manager [None req-63b2b489-fec3-4e24-8e02-ea21fca17ab7 tempest-VolumesBackupsTest-633227990 None] Flow 'volume_create_manager' (d5dbff3b-1a38-4641-bbfe-9ac05f25d7cb) transitioned into state 'SUCCESS' from state 'RUNNING' {{(pid=107814) _flow_receiver /usr/local/lib/python3.12/site-packages/taskflow/listeners/logging.py:145}}
Nov 21 15:46:11.634244 np0005531460.novalocal cinder-volume[107814]: INFO cinder.volume.manager [None req-63b2b489-fec3-4e24-8e02-ea21fca17ab7 tempest-VolumesBackupsTest-633227990 None] Created volume successfully.
Nov 21 15:46:12.773734 np0005531460.novalocal cinder-volume[107814]: DEBUG oslo_concurrency.processutils [None req-73ff2f16-058a-4f93-ba1d-c7f9923d21bf tempest-VolumesSnapshotTestJSON-591229851 None] Running cmd (subprocess): sudo cinder-rootwrap /etc/cinder/rootwrap.conf env LC_ALL=C lvs --noheadings --unit=g -o vg_name,name,size --nosuffix --readonly stack-volumes-lvmdriver-1/volume-91e4290a-317b-4203-98d8-651c09e8a45b {{(pid=107814) execute /usr/local/lib/python3.12/site-packages/oslo_concurrency/processutils.py:349}}
Nov 21 15:46:12.798914 np0005531460.novalocal sudo[144479]: stack : PWD=/ ; USER=root ; COMMAND=/usr/local/bin/cinder-rootwrap /etc/cinder/rootwrap.conf env LC_ALL=C lvs --noheadings --unit=g -o vg_name,name,size --nosuffix --readonly stack-volumes-lvmdriver-1/volume-91e4290a-317b-4203-98d8-651c09e8a45b
Nov 21 15:46:13.153281 np0005531460.novalocal cinder-volume[107814]: DEBUG oslo_concurrency.processutils [None req-73ff2f16-058a-4f93-ba1d-c7f9923d21bf tempest-VolumesSnapshotTestJSON-591229851 None] CMD "sudo cinder-rootwrap /etc/cinder/rootwrap.conf env LC_ALL=C lvs --noheadings --unit=g -o vg_name,name,size --nosuffix --readonly stack-volumes-lvmdriver-1/volume-91e4290a-317b-4203-98d8-651c09e8a45b" returned: 0 in 0.379s {{(pid=107814) execute /usr/local/lib/python3.12/site-packages/oslo_concurrency/processutils.py:372}}
Nov 21 15:46:13.155418 np0005531460.novalocal cinder-volume[107814]: DEBUG oslo_concurrency.processutils [None req-73ff2f16-058a-4f93-ba1d-c7f9923d21bf tempest-VolumesSnapshotTestJSON-591229851 None] Running cmd (subprocess): sudo cinder-rootwrap /etc/cinder/rootwrap.conf env LC_ALL=C lvcreate --name _snapshot-ac4de8ba-d9cc-40bd-898d-74e202d3ce89 --snapshot stack-volumes-lvmdriver-1/volume-91e4290a-317b-4203-98d8-651c09e8a45b {{(pid=107814) execute /usr/local/lib/python3.12/site-packages/oslo_concurrency/processutils.py:349}}
Nov 21 15:46:13.189234 np0005531460.novalocal sudo[144499]: stack : PWD=/ ; USER=root ; COMMAND=/usr/local/bin/cinder-rootwrap /etc/cinder/rootwrap.conf env LC_ALL=C lvcreate --name _snapshot-ac4de8ba-d9cc-40bd-898d-74e202d3ce89 --snapshot stack-volumes-lvmdriver-1/volume-91e4290a-317b-4203-98d8-651c09e8a45b
Nov 21 15:46:13.683510 np0005531460.novalocal cinder-volume[107814]: DEBUG oslo_concurrency.processutils [None req-73ff2f16-058a-4f93-ba1d-c7f9923d21bf tempest-VolumesSnapshotTestJSON-591229851 None] CMD "sudo cinder-rootwrap /etc/cinder/rootwrap.conf env LC_ALL=C lvcreate --name _snapshot-ac4de8ba-d9cc-40bd-898d-74e202d3ce89 --snapshot stack-volumes-lvmdriver-1/volume-91e4290a-317b-4203-98d8-651c09e8a45b" returned: 0 in 0.528s {{(pid=107814) execute /usr/local/lib/python3.12/site-packages/oslo_concurrency/processutils.py:372}}
Nov 21 15:46:13.742290 np0005531460.novalocal cinder-volume[107814]: INFO cinder.volume.manager [None req-73ff2f16-058a-4f93-ba1d-c7f9923d21bf tempest-VolumesSnapshotTestJSON-591229851 None] Create snapshot completed successfully
Nov 21 15:46:13.965723 np0005531460.novalocal cinder-volume[107814]: DEBUG oslo_concurrency.processutils [None req-a085f1c9-687b-4a72-a7af-512f43d98c48 tempest-VolumesSnapshotTestJSON-591229851 None] Running cmd (subprocess): sudo cinder-rootwrap /etc/cinder/rootwrap.conf env LC_ALL=C lvs --noheadings --unit=g -o vg_name,name,size --nosuffix --readonly stack-volumes-lvmdriver-1/volume-91e4290a-317b-4203-98d8-651c09e8a45b {{(pid=107814) execute /usr/local/lib/python3.12/site-packages/oslo_concurrency/processutils.py:349}}
Nov 21 15:46:14.000954 np0005531460.novalocal sudo[144511]: stack : PWD=/ ; USER=root ; COMMAND=/usr/local/bin/cinder-rootwrap /etc/cinder/rootwrap.conf env LC_ALL=C lvs --noheadings --unit=g -o vg_name,name,size --nosuffix --readonly stack-volumes-lvmdriver-1/volume-91e4290a-317b-4203-98d8-651c09e8a45b
Nov 21 15:46:14.402891 np0005531460.novalocal cinder-volume[107814]: DEBUG oslo_concurrency.processutils [None req-a085f1c9-687b-4a72-a7af-512f43d98c48 tempest-VolumesSnapshotTestJSON-591229851 None] CMD "sudo cinder-rootwrap /etc/cinder/rootwrap.conf env LC_ALL=C lvs --noheadings --unit=g -o vg_name,name,size --nosuffix --readonly stack-volumes-lvmdriver-1/volume-91e4290a-317b-4203-98d8-651c09e8a45b" returned: 0 in 0.437s {{(pid=107814) execute /usr/local/lib/python3.12/site-packages/oslo_concurrency/processutils.py:372}}
Nov 21 15:46:14.403537 np0005531460.novalocal cinder-volume[107814]: DEBUG oslo_concurrency.processutils [None req-a085f1c9-687b-4a72-a7af-512f43d98c48 tempest-VolumesSnapshotTestJSON-591229851 None] Running cmd (subprocess): sudo cinder-rootwrap /etc/cinder/rootwrap.conf env LC_ALL=C lvcreate --name _snapshot-0db055be-c8fe-4b8b-9943-62274929faee --snapshot stack-volumes-lvmdriver-1/volume-91e4290a-317b-4203-98d8-651c09e8a45b {{(pid=107814) execute /usr/local/lib/python3.12/site-packages/oslo_concurrency/processutils.py:349}}
Nov 21 15:46:14.442755 np0005531460.novalocal sudo[144516]: stack : PWD=/ ; USER=root ; COMMAND=/usr/local/bin/cinder-rootwrap /etc/cinder/rootwrap.conf env LC_ALL=C lvcreate --name _snapshot-0db055be-c8fe-4b8b-9943-62274929faee --snapshot stack-volumes-lvmdriver-1/volume-91e4290a-317b-4203-98d8-651c09e8a45b
Nov 21 15:46:14.853496 np0005531460.novalocal cinder-volume[107814]: DEBUG oslo_concurrency.processutils [None req-a085f1c9-687b-4a72-a7af-512f43d98c48 tempest-VolumesSnapshotTestJSON-591229851 None] CMD "sudo cinder-rootwrap /etc/cinder/rootwrap.conf env LC_ALL=C lvcreate --name _snapshot-0db055be-c8fe-4b8b-9943-62274929faee --snapshot stack-volumes-lvmdriver-1/volume-91e4290a-317b-4203-98d8-651c09e8a45b" returned: 0 in 0.450s {{(pid=107814) execute /usr/local/lib/python3.12/site-packages/oslo_concurrency/processutils.py:372}}
Nov 21 15:46:14.891264 np0005531460.novalocal cinder-volume[107814]: INFO cinder.volume.manager [None req-a085f1c9-687b-4a72-a7af-512f43d98c48 tempest-VolumesSnapshotTestJSON-591229851 None] Create snapshot completed successfully
Nov 21 15:46:15.207062 np0005531460.novalocal cinder-volume[107814]: DEBUG oslo_concurrency.processutils [None req-5de81057-d7c8-4b0d-ab88-aebb2d421ae8 tempest-VolumesSnapshotTestJSON-591229851 None] Running cmd (subprocess): sudo cinder-rootwrap /etc/cinder/rootwrap.conf env LC_ALL=C lvs --noheadings --unit=g -o vg_name,name,size --nosuffix --readonly stack-volumes-lvmdriver-1/volume-91e4290a-317b-4203-98d8-651c09e8a45b {{(pid=107814) execute /usr/local/lib/python3.12/site-packages/oslo_concurrency/processutils.py:349}}
Nov 21 15:46:15.227864 np0005531460.novalocal sudo[144529]: stack : PWD=/ ; USER=root ; COMMAND=/usr/local/bin/cinder-rootwrap /etc/cinder/rootwrap.conf env LC_ALL=C lvs --noheadings --unit=g -o vg_name,name,size --nosuffix --readonly stack-volumes-lvmdriver-1/volume-91e4290a-317b-4203-98d8-651c09e8a45b
Nov 21 15:46:15.653729 np0005531460.novalocal cinder-volume[107814]: DEBUG oslo_concurrency.processutils [None req-5de81057-d7c8-4b0d-ab88-aebb2d421ae8 tempest-VolumesSnapshotTestJSON-591229851 None] CMD "sudo cinder-rootwrap /etc/cinder/rootwrap.conf env LC_ALL=C lvs --noheadings --unit=g -o vg_name,name,size --nosuffix --readonly stack-volumes-lvmdriver-1/volume-91e4290a-317b-4203-98d8-651c09e8a45b" returned: 0 in 0.447s {{(pid=107814) execute /usr/local/lib/python3.12/site-packages/oslo_concurrency/processutils.py:372}}
Nov 21 15:46:15.654877 np0005531460.novalocal cinder-volume[107814]: DEBUG oslo_concurrency.processutils [None req-5de81057-d7c8-4b0d-ab88-aebb2d421ae8 tempest-VolumesSnapshotTestJSON-591229851 None] Running cmd (subprocess): sudo cinder-rootwrap /etc/cinder/rootwrap.conf env LC_ALL=C lvcreate --name _snapshot-525ed5af-9dae-4aee-80b6-de031e5afbbd --snapshot stack-volumes-lvmdriver-1/volume-91e4290a-317b-4203-98d8-651c09e8a45b {{(pid=107814) execute /usr/local/lib/python3.12/site-packages/oslo_concurrency/processutils.py:349}}
Nov 21 15:46:15.680221 np0005531460.novalocal sudo[144537]: stack : PWD=/ ; USER=root ; COMMAND=/usr/local/bin/cinder-rootwrap /etc/cinder/rootwrap.conf env LC_ALL=C lvcreate --name _snapshot-525ed5af-9dae-4aee-80b6-de031e5afbbd --snapshot stack-volumes-lvmdriver-1/volume-91e4290a-317b-4203-98d8-651c09e8a45b
Nov 21 15:46:16.120667 np0005531460.novalocal cinder-volume[107814]: DEBUG oslo_concurrency.processutils [None req-5de81057-d7c8-4b0d-ab88-aebb2d421ae8 tempest-VolumesSnapshotTestJSON-591229851 None] CMD "sudo cinder-rootwrap /etc/cinder/rootwrap.conf env LC_ALL=C lvcreate --name _snapshot-525ed5af-9dae-4aee-80b6-de031e5afbbd --snapshot stack-volumes-lvmdriver-1/volume-91e4290a-317b-4203-98d8-651c09e8a45b" returned: 0 in 0.465s {{(pid=107814) execute /usr/local/lib/python3.12/site-packages/oslo_concurrency/processutils.py:372}}
Nov 21 15:46:16.167409 np0005531460.novalocal cinder-volume[107814]: INFO cinder.volume.manager [None req-5de81057-d7c8-4b0d-ab88-aebb2d421ae8 tempest-VolumesSnapshotTestJSON-591229851 None] Create snapshot completed successfully
Nov 21 15:46:16.282462 np0005531460.novalocal cinder-volume[107814]: DEBUG cinder.coordination [None req-9a1e450e-2a0b-4e74-b305-cdb5675905ad tempest-VolumesSnapshotTestJSON-591229851 None] Acquiring lock "cinder-ac4de8ba-d9cc-40bd-898d-74e202d3ce89-delete_snapshot" by "delete_snapshot" {{(pid=107814) __acquire /opt/stack/cinder/cinder/coordination.py:143}}
Nov 21 15:46:16.292043 np0005531460.novalocal cinder-volume[107814]: DEBUG cinder.coordination [None req-9a1e450e-2a0b-4e74-b305-cdb5675905ad tempest-VolumesSnapshotTestJSON-591229851 None] Lock "cinder-ac4de8ba-d9cc-40bd-898d-74e202d3ce89-delete_snapshot" acquired by "delete_snapshot" :: waited 0.010s {{(pid=107814) __acquire /opt/stack/cinder/cinder/coordination.py:146}}
Nov 21 15:46:16.293552 np0005531460.novalocal cinder-volume[107814]: DEBUG oslo_concurrency.processutils [None req-9a1e450e-2a0b-4e74-b305-cdb5675905ad tempest-VolumesSnapshotTestJSON-591229851 None] Running cmd (subprocess): sudo cinder-rootwrap /etc/cinder/rootwrap.conf env LC_ALL=C lvs --noheadings --unit=g -o vg_name,name,size --nosuffix --readonly stack-volumes-lvmdriver-1/_snapshot-ac4de8ba-d9cc-40bd-898d-74e202d3ce89 {{(pid=107814) execute /usr/local/lib/python3.12/site-packages/oslo_concurrency/processutils.py:349}}
Nov 21 15:46:16.324859 np0005531460.novalocal sudo[144548]: stack : PWD=/ ; USER=root ; COMMAND=/usr/local/bin/cinder-rootwrap /etc/cinder/rootwrap.conf env LC_ALL=C lvs --noheadings --unit=g -o vg_name,name,size --nosuffix --readonly stack-volumes-lvmdriver-1/_snapshot-ac4de8ba-d9cc-40bd-898d-74e202d3ce89
Nov 21 15:46:16.684841 np0005531460.novalocal cinder-volume[107814]: DEBUG oslo_concurrency.processutils [None req-9a1e450e-2a0b-4e74-b305-cdb5675905ad tempest-VolumesSnapshotTestJSON-591229851 None] CMD "sudo cinder-rootwrap /etc/cinder/rootwrap.conf env LC_ALL=C lvs --noheadings --unit=g -o vg_name,name,size --nosuffix --readonly stack-volumes-lvmdriver-1/_snapshot-ac4de8ba-d9cc-40bd-898d-74e202d3ce89" returned: 0 in 0.390s {{(pid=107814) execute /usr/local/lib/python3.12/site-packages/oslo_concurrency/processutils.py:372}}
Nov 21 15:46:16.686807 np0005531460.novalocal cinder-volume[107814]: DEBUG oslo_concurrency.processutils [None req-9a1e450e-2a0b-4e74-b305-cdb5675905ad tempest-VolumesSnapshotTestJSON-591229851 None] Running cmd (subprocess): sudo cinder-rootwrap /etc/cinder/rootwrap.conf lvremove --config activation { retry_deactivation = 1} -f stack-volumes-lvmdriver-1/_snapshot-ac4de8ba-d9cc-40bd-898d-74e202d3ce89 {{(pid=107814) execute /usr/local/lib/python3.12/site-packages/oslo_concurrency/processutils.py:349}}
Nov 21 15:46:16.711574 np0005531460.novalocal sudo[144553]: stack : PWD=/ ; USER=root ; COMMAND=/usr/local/bin/cinder-rootwrap /etc/cinder/rootwrap.conf lvremove --config 'activation { retry_deactivation = 1} ' -f stack-volumes-lvmdriver-1/_snapshot-ac4de8ba-d9cc-40bd-898d-74e202d3ce89
Nov 21 15:46:17.165244 np0005531460.novalocal cinder-volume[107814]: DEBUG oslo_concurrency.processutils [None req-9a1e450e-2a0b-4e74-b305-cdb5675905ad tempest-VolumesSnapshotTestJSON-591229851 None] CMD "sudo cinder-rootwrap /etc/cinder/rootwrap.conf lvremove --config activation { retry_deactivation = 1} -f stack-volumes-lvmdriver-1/_snapshot-ac4de8ba-d9cc-40bd-898d-74e202d3ce89" returned: 0 in 0.478s {{(pid=107814) execute /usr/local/lib/python3.12/site-packages/oslo_concurrency/processutils.py:372}}
Nov 21 15:46:17.221434 np0005531460.novalocal cinder-volume[107814]: DEBUG cinder.quota [None req-9a1e450e-2a0b-4e74-b305-cdb5675905ad tempest-VolumesSnapshotTestJSON-591229851 None] Created reservations ['59a27dff-edf9-4571-854b-d59ab38fb731', '47c5ec7a-2393-4f3e-8d12-2a35b08e2a7f', '9b09668b-32bc-4917-9fbd-6d961a13769e', 'd69134b2-8b1a-4d00-afec-956421597b67'] {{(pid=107814) reserve /opt/stack/cinder/cinder/quota.py:752}}
Nov 21 15:46:17.252417 np0005531460.novalocal cinder-volume[107814]: INFO cinder.volume.manager [None req-9a1e450e-2a0b-4e74-b305-cdb5675905ad tempest-VolumesSnapshotTestJSON-591229851 None] Delete snapshot completed successfully.
Nov 21 15:46:17.257312 np0005531460.novalocal cinder-volume[107814]: DEBUG cinder.coordination [None req-9a1e450e-2a0b-4e74-b305-cdb5675905ad tempest-VolumesSnapshotTestJSON-591229851 None] Lock "cinder-ac4de8ba-d9cc-40bd-898d-74e202d3ce89-delete_snapshot" released by "delete_snapshot" :: held 0.965s {{(pid=107814) __release /opt/stack/cinder/cinder/coordination.py:157}}
Nov 21 15:46:17.382243 np0005531460.novalocal cinder-volume[107814]: DEBUG cinder.coordination [None req-8232e19e-fa25-4db8-a090-dd70efd37261 tempest-VolumesSnapshotTestJSON-591229851 None] Acquiring lock "cinder-525ed5af-9dae-4aee-80b6-de031e5afbbd-delete_snapshot" by "delete_snapshot" {{(pid=107814) __acquire /opt/stack/cinder/cinder/coordination.py:143}}
Nov 21 15:46:17.392243 np0005531460.novalocal cinder-volume[107814]: DEBUG cinder.coordination [None req-8232e19e-fa25-4db8-a090-dd70efd37261 tempest-VolumesSnapshotTestJSON-591229851 None] Lock "cinder-525ed5af-9dae-4aee-80b6-de031e5afbbd-delete_snapshot" acquired by "delete_snapshot" :: waited 0.010s {{(pid=107814) __acquire /opt/stack/cinder/cinder/coordination.py:146}}
Nov 21 15:46:17.394268 np0005531460.novalocal cinder-volume[107814]: DEBUG oslo_concurrency.processutils [None req-8232e19e-fa25-4db8-a090-dd70efd37261 tempest-VolumesSnapshotTestJSON-591229851 None] Running cmd (subprocess): sudo cinder-rootwrap /etc/cinder/rootwrap.conf env LC_ALL=C lvs --noheadings --unit=g -o vg_name,name,size --nosuffix --readonly stack-volumes-lvmdriver-1/_snapshot-525ed5af-9dae-4aee-80b6-de031e5afbbd {{(pid=107814) execute /usr/local/lib/python3.12/site-packages/oslo_concurrency/processutils.py:349}}
Nov 21 15:46:17.432221 np0005531460.novalocal sudo[144564]: stack : PWD=/ ; USER=root ; COMMAND=/usr/local/bin/cinder-rootwrap /etc/cinder/rootwrap.conf env LC_ALL=C lvs --noheadings --unit=g -o vg_name,name,size --nosuffix --readonly stack-volumes-lvmdriver-1/_snapshot-525ed5af-9dae-4aee-80b6-de031e5afbbd
Nov 21 15:46:17.798131 np0005531460.novalocal cinder-volume[107814]: DEBUG oslo_concurrency.processutils [None req-8232e19e-fa25-4db8-a090-dd70efd37261 tempest-VolumesSnapshotTestJSON-591229851 None] CMD "sudo cinder-rootwrap /etc/cinder/rootwrap.conf env LC_ALL=C lvs --noheadings --unit=g -o vg_name,name,size --nosuffix --readonly stack-volumes-lvmdriver-1/_snapshot-525ed5af-9dae-4aee-80b6-de031e5afbbd" returned: 0 in 0.403s {{(pid=107814) execute /usr/local/lib/python3.12/site-packages/oslo_concurrency/processutils.py:372}}
Nov 21 15:46:17.799815 np0005531460.novalocal cinder-volume[107814]: DEBUG oslo_concurrency.processutils [None req-8232e19e-fa25-4db8-a090-dd70efd37261 tempest-VolumesSnapshotTestJSON-591229851 None] Running cmd (subprocess): sudo cinder-rootwrap /etc/cinder/rootwrap.conf lvremove --config activation { retry_deactivation = 1} -f stack-volumes-lvmdriver-1/_snapshot-525ed5af-9dae-4aee-80b6-de031e5afbbd {{(pid=107814) execute /usr/local/lib/python3.12/site-packages/oslo_concurrency/processutils.py:349}}
Nov 21 15:46:17.840615 np0005531460.novalocal sudo[144585]: stack : PWD=/ ; USER=root ; COMMAND=/usr/local/bin/cinder-rootwrap /etc/cinder/rootwrap.conf lvremove --config 'activation { retry_deactivation = 1} ' -f stack-volumes-lvmdriver-1/_snapshot-525ed5af-9dae-4aee-80b6-de031e5afbbd
Nov 21 15:46:18.236292 np0005531460.novalocal cinder-volume[107814]: DEBUG oslo_concurrency.processutils [None req-8232e19e-fa25-4db8-a090-dd70efd37261 tempest-VolumesSnapshotTestJSON-591229851 None] CMD "sudo cinder-rootwrap /etc/cinder/rootwrap.conf lvremove --config activation { retry_deactivation = 1} -f stack-volumes-lvmdriver-1/_snapshot-525ed5af-9dae-4aee-80b6-de031e5afbbd" returned: 0 in 0.436s {{(pid=107814) execute /usr/local/lib/python3.12/site-packages/oslo_concurrency/processutils.py:372}}
Nov 21 15:46:18.298493 np0005531460.novalocal cinder-volume[107814]: DEBUG cinder.quota [None req-8232e19e-fa25-4db8-a090-dd70efd37261 tempest-VolumesSnapshotTestJSON-591229851 None] Created reservations ['ec2394aa-2cdd-4b8a-8ff6-bb79df536159', '3eadc03c-91b6-4eb5-bbce-6c167aeb72d0', 'b5175035-005a-4b0a-b224-210bf6b9d895', 'd023554a-3ac6-417f-8d50-94714e72dcea'] {{(pid=107814) reserve /opt/stack/cinder/cinder/quota.py:752}}
Nov 21 15:46:18.341382 np0005531460.novalocal cinder-volume[107814]: INFO cinder.volume.manager [None req-8232e19e-fa25-4db8-a090-dd70efd37261 tempest-VolumesSnapshotTestJSON-591229851 None] Delete snapshot completed successfully.
Nov 21 15:46:18.346978 np0005531460.novalocal cinder-volume[107814]: DEBUG cinder.coordination [None req-8232e19e-fa25-4db8-a090-dd70efd37261 tempest-VolumesSnapshotTestJSON-591229851 None] Lock "cinder-525ed5af-9dae-4aee-80b6-de031e5afbbd-delete_snapshot" released by "delete_snapshot" :: held 0.955s {{(pid=107814) __release /opt/stack/cinder/cinder/coordination.py:157}}
Nov 21 15:46:18.512756 np0005531460.novalocal cinder-volume[107814]: DEBUG cinder.coordination [None req-c52a47ff-9465-417b-b61c-ccb2dfd86f03 tempest-VolumesSnapshotTestJSON-591229851 None] Acquiring lock "cinder-0db055be-c8fe-4b8b-9943-62274929faee-delete_snapshot" by "delete_snapshot" {{(pid=107814) __acquire /opt/stack/cinder/cinder/coordination.py:143}}
Nov 21 15:46:18.526459 np0005531460.novalocal cinder-volume[107814]: DEBUG cinder.coordination [None req-c52a47ff-9465-417b-b61c-ccb2dfd86f03 tempest-VolumesSnapshotTestJSON-591229851 None] Lock "cinder-0db055be-c8fe-4b8b-9943-62274929faee-delete_snapshot" acquired by "delete_snapshot" :: waited 0.014s {{(pid=107814) __acquire /opt/stack/cinder/cinder/coordination.py:146}}
Nov 21 15:46:18.527626 np0005531460.novalocal cinder-volume[107814]: DEBUG oslo_concurrency.processutils [None req-c52a47ff-9465-417b-b61c-ccb2dfd86f03 tempest-VolumesSnapshotTestJSON-591229851 None] Running cmd (subprocess): sudo cinder-rootwrap /etc/cinder/rootwrap.conf env LC_ALL=C lvs --noheadings --unit=g -o vg_name,name,size --nosuffix --readonly stack-volumes-lvmdriver-1/_snapshot-0db055be-c8fe-4b8b-9943-62274929faee {{(pid=107814) execute /usr/local/lib/python3.12/site-packages/oslo_concurrency/processutils.py:349}}
Nov 21 15:46:18.562963 np0005531460.novalocal sudo[144616]: stack : PWD=/ ; USER=root ; COMMAND=/usr/local/bin/cinder-rootwrap /etc/cinder/rootwrap.conf env LC_ALL=C lvs --noheadings --unit=g -o vg_name,name,size --nosuffix --readonly stack-volumes-lvmdriver-1/_snapshot-0db055be-c8fe-4b8b-9943-62274929faee
Nov 21 15:46:18.960407 np0005531460.novalocal cinder-volume[107814]: DEBUG oslo_concurrency.processutils [None req-c52a47ff-9465-417b-b61c-ccb2dfd86f03 tempest-VolumesSnapshotTestJSON-591229851 None] CMD "sudo cinder-rootwrap /etc/cinder/rootwrap.conf env LC_ALL=C lvs --noheadings --unit=g -o vg_name,name,size --nosuffix --readonly stack-volumes-lvmdriver-1/_snapshot-0db055be-c8fe-4b8b-9943-62274929faee" returned: 0 in 0.432s {{(pid=107814) execute /usr/local/lib/python3.12/site-packages/oslo_concurrency/processutils.py:372}}
Nov 21 15:46:18.961467 np0005531460.novalocal cinder-volume[107814]: DEBUG oslo_concurrency.processutils [None req-c52a47ff-9465-417b-b61c-ccb2dfd86f03 tempest-VolumesSnapshotTestJSON-591229851 None] Running cmd (subprocess): sudo cinder-rootwrap /etc/cinder/rootwrap.conf lvremove --config activation { retry_deactivation = 1} -f stack-volumes-lvmdriver-1/_snapshot-0db055be-c8fe-4b8b-9943-62274929faee {{(pid=107814) execute /usr/local/lib/python3.12/site-packages/oslo_concurrency/processutils.py:349}}
Nov 21 15:46:18.989510 np0005531460.novalocal sudo[144622]: stack : PWD=/ ; USER=root ; COMMAND=/usr/local/bin/cinder-rootwrap /etc/cinder/rootwrap.conf lvremove --config 'activation { retry_deactivation = 1} ' -f stack-volumes-lvmdriver-1/_snapshot-0db055be-c8fe-4b8b-9943-62274929faee
Nov 21 15:46:19.404115 np0005531460.novalocal cinder-volume[107814]: DEBUG oslo_concurrency.processutils [None req-c52a47ff-9465-417b-b61c-ccb2dfd86f03 tempest-VolumesSnapshotTestJSON-591229851 None] CMD "sudo cinder-rootwrap /etc/cinder/rootwrap.conf lvremove --config activation { retry_deactivation = 1} -f stack-volumes-lvmdriver-1/_snapshot-0db055be-c8fe-4b8b-9943-62274929faee" returned: 0 in 0.439s {{(pid=107814) execute /usr/local/lib/python3.12/site-packages/oslo_concurrency/processutils.py:372}}
Nov 21 15:46:19.444680 np0005531460.novalocal cinder-volume[107814]: DEBUG cinder.quota [None req-c52a47ff-9465-417b-b61c-ccb2dfd86f03 tempest-VolumesSnapshotTestJSON-591229851 None] Created reservations ['a5855822-f4b9-4d0a-a6a2-cf13ef7fa5bf', 'a37dde3f-5ff0-4b56-bcf6-09ec1f1fec22', '94c32197-71bc-41cc-9387-0dda1956e44e', 'e5e5fe0f-bc1d-4c76-9831-9db601cec90f'] {{(pid=107814) reserve /opt/stack/cinder/cinder/quota.py:752}}
Nov 21 15:46:19.468791 np0005531460.novalocal cinder-volume[107814]: INFO cinder.volume.manager [None req-c52a47ff-9465-417b-b61c-ccb2dfd86f03 tempest-VolumesSnapshotTestJSON-591229851 None] Delete snapshot completed successfully.
Nov 21 15:46:19.469244 np0005531460.novalocal cinder-volume[107814]: DEBUG cinder.coordination [None req-c52a47ff-9465-417b-b61c-ccb2dfd86f03 tempest-VolumesSnapshotTestJSON-591229851 None] Lock "cinder-0db055be-c8fe-4b8b-9943-62274929faee-delete_snapshot" released by "delete_snapshot" :: held 0.942s {{(pid=107814) __release /opt/stack/cinder/cinder/coordination.py:157}}
Nov 21 15:46:21.288827 np0005531460.novalocal cinder-volume[107814]: DEBUG oslo_concurrency.lockutils [req-93a30af3-cb73-4019-91f3-e0aa14fd28ac req-74e2c5c1-2d69-4df5-a4e6-8da808e1e2a6 tempest-VolumesSnapshotTestJSON-591229851 None] Acquiring lock "lioadm" by "cinder.volume.targets.lio.LioAdm._execute" {{(pid=107814) inner /usr/local/lib/python3.12/site-packages/oslo_concurrency/lockutils.py:405}}
Nov 21 15:46:21.289213 np0005531460.novalocal cinder-volume[107814]: DEBUG oslo_concurrency.lockutils [req-93a30af3-cb73-4019-91f3-e0aa14fd28ac req-74e2c5c1-2d69-4df5-a4e6-8da808e1e2a6 tempest-VolumesSnapshotTestJSON-591229851 None] Lock "lioadm" acquired by "cinder.volume.targets.lio.LioAdm._execute" :: waited 0.001s {{(pid=107814) inner /usr/local/lib/python3.12/site-packages/oslo_concurrency/lockutils.py:410}}
Nov 21 15:46:21.289506 np0005531460.novalocal cinder-volume[107814]: DEBUG oslo_concurrency.processutils [req-93a30af3-cb73-4019-91f3-e0aa14fd28ac req-74e2c5c1-2d69-4df5-a4e6-8da808e1e2a6 tempest-VolumesSnapshotTestJSON-591229851 None] Running cmd (subprocess): sudo cinder-rootwrap /etc/cinder/rootwrap.conf cinder-rtstool delete-initiator iqn.2010-10.org.openstack:volume-91e4290a-317b-4203-98d8-651c09e8a45b iqn.1994-05.com.redhat:1e2adedf8ac {{(pid=107814) execute /usr/local/lib/python3.12/site-packages/oslo_concurrency/processutils.py:349}}
Nov 21 15:46:21.321199 np0005531460.novalocal sudo[144678]: stack : PWD=/ ; USER=root ; COMMAND=/usr/local/bin/cinder-rootwrap /etc/cinder/rootwrap.conf cinder-rtstool delete-initiator iqn.2010-10.org.openstack:volume-91e4290a-317b-4203-98d8-651c09e8a45b iqn.1994-05.com.redhat:1e2adedf8ac
Nov 21 15:46:21.802438 np0005531460.novalocal cinder-volume[107814]: DEBUG oslo_concurrency.processutils [req-93a30af3-cb73-4019-91f3-e0aa14fd28ac req-74e2c5c1-2d69-4df5-a4e6-8da808e1e2a6 tempest-VolumesSnapshotTestJSON-591229851 None] CMD "sudo cinder-rootwrap /etc/cinder/rootwrap.conf cinder-rtstool delete-initiator iqn.2010-10.org.openstack:volume-91e4290a-317b-4203-98d8-651c09e8a45b iqn.1994-05.com.redhat:1e2adedf8ac" returned: 0 in 0.511s {{(pid=107814) execute /usr/local/lib/python3.12/site-packages/oslo_concurrency/processutils.py:372}}
Nov 21 15:46:21.802816 np0005531460.novalocal cinder-volume[107814]: DEBUG oslo_concurrency.lockutils [req-93a30af3-cb73-4019-91f3-e0aa14fd28ac req-74e2c5c1-2d69-4df5-a4e6-8da808e1e2a6 tempest-VolumesSnapshotTestJSON-591229851 None] Lock "lioadm" "released" by "cinder.volume.targets.lio.LioAdm._execute" :: held 0.514s {{(pid=107814) inner /usr/local/lib/python3.12/site-packages/oslo_concurrency/lockutils.py:424}}
Nov 21 15:46:21.803005 np0005531460.novalocal cinder-volume[107814]: DEBUG oslo_concurrency.lockutils [req-93a30af3-cb73-4019-91f3-e0aa14fd28ac req-74e2c5c1-2d69-4df5-a4e6-8da808e1e2a6 tempest-VolumesSnapshotTestJSON-591229851 None] Acquiring lock "lioadm" by "cinder.volume.targets.lio.LioAdm._execute" {{(pid=107814) inner /usr/local/lib/python3.12/site-packages/oslo_concurrency/lockutils.py:405}}
Nov 21 15:46:21.803435 np0005531460.novalocal cinder-volume[107814]: DEBUG oslo_concurrency.lockutils [req-93a30af3-cb73-4019-91f3-e0aa14fd28ac req-74e2c5c1-2d69-4df5-a4e6-8da808e1e2a6 tempest-VolumesSnapshotTestJSON-591229851 None] Lock "lioadm" acquired by "cinder.volume.targets.lio.LioAdm._execute" :: waited 0.000s {{(pid=107814) inner /usr/local/lib/python3.12/site-packages/oslo_concurrency/lockutils.py:410}}
Nov 21 15:46:21.803804 np0005531460.novalocal cinder-volume[107814]: DEBUG oslo_concurrency.processutils [req-93a30af3-cb73-4019-91f3-e0aa14fd28ac req-74e2c5c1-2d69-4df5-a4e6-8da808e1e2a6 tempest-VolumesSnapshotTestJSON-591229851 None] Running cmd (subprocess): sudo cinder-rootwrap /etc/cinder/rootwrap.conf cinder-rtstool save {{(pid=107814) execute /usr/local/lib/python3.12/site-packages/oslo_concurrency/processutils.py:349}}
Nov 21 15:46:21.832572 np0005531460.novalocal sudo[144706]: stack : PWD=/ ; USER=root ; COMMAND=/usr/local/bin/cinder-rootwrap /etc/cinder/rootwrap.conf cinder-rtstool save
Nov 21 15:46:22.360702 np0005531460.novalocal cinder-volume[107814]: DEBUG oslo_concurrency.processutils [req-93a30af3-cb73-4019-91f3-e0aa14fd28ac req-74e2c5c1-2d69-4df5-a4e6-8da808e1e2a6 tempest-VolumesSnapshotTestJSON-591229851 None] CMD "sudo cinder-rootwrap /etc/cinder/rootwrap.conf cinder-rtstool save" returned: 0 in 0.555s {{(pid=107814) execute /usr/local/lib/python3.12/site-packages/oslo_concurrency/processutils.py:372}}
Nov 21 15:46:22.361398 np0005531460.novalocal cinder-volume[107814]: DEBUG oslo_concurrency.lockutils [req-93a30af3-cb73-4019-91f3-e0aa14fd28ac req-74e2c5c1-2d69-4df5-a4e6-8da808e1e2a6 tempest-VolumesSnapshotTestJSON-591229851 None] Lock "lioadm" "released" by "cinder.volume.targets.lio.LioAdm._execute" :: held 0.558s {{(pid=107814) inner /usr/local/lib/python3.12/site-packages/oslo_concurrency/lockutils.py:424}}
Nov 21 15:46:22.362591 np0005531460.novalocal cinder-volume[107814]: INFO cinder.volume.manager [req-93a30af3-cb73-4019-91f3-e0aa14fd28ac req-74e2c5c1-2d69-4df5-a4e6-8da808e1e2a6 tempest-VolumesSnapshotTestJSON-591229851 None] Terminate volume connection completed successfully.
Nov 21 15:46:22.362738 np0005531460.novalocal cinder-volume[107814]: DEBUG cinder.volume.manager [req-93a30af3-cb73-4019-91f3-e0aa14fd28ac req-74e2c5c1-2d69-4df5-a4e6-8da808e1e2a6 tempest-VolumesSnapshotTestJSON-591229851 None] Deleting attachment 7526a104-1bc8-4d8b-af35-59358b6bfea0. {{(pid=107814) attachment_delete /opt/stack/cinder/cinder/volume/manager.py:5023}}
Nov 21 15:46:22.363275 np0005531460.novalocal cinder-volume[107814]: DEBUG oslo_concurrency.lockutils [req-93a30af3-cb73-4019-91f3-e0aa14fd28ac req-74e2c5c1-2d69-4df5-a4e6-8da808e1e2a6 tempest-VolumesSnapshotTestJSON-591229851 None] Acquiring lock "lioadm" by "cinder.volume.targets.lio.LioAdm._execute" {{(pid=107814) inner /usr/local/lib/python3.12/site-packages/oslo_concurrency/lockutils.py:405}}
Nov 21 15:46:22.363580 np0005531460.novalocal cinder-volume[107814]: DEBUG oslo_concurrency.lockutils [req-93a30af3-cb73-4019-91f3-e0aa14fd28ac req-74e2c5c1-2d69-4df5-a4e6-8da808e1e2a6 tempest-VolumesSnapshotTestJSON-591229851 None] Lock "lioadm" acquired by "cinder.volume.targets.lio.LioAdm._execute" :: waited 0.001s {{(pid=107814) inner /usr/local/lib/python3.12/site-packages/oslo_concurrency/lockutils.py:410}}
Nov 21 15:46:22.363886 np0005531460.novalocal cinder-volume[107814]: DEBUG oslo_concurrency.processutils [req-93a30af3-cb73-4019-91f3-e0aa14fd28ac req-74e2c5c1-2d69-4df5-a4e6-8da808e1e2a6 tempest-VolumesSnapshotTestJSON-591229851 None] Running cmd (subprocess): sudo cinder-rootwrap /etc/cinder/rootwrap.conf cinder-rtstool get-targets {{(pid=107814) execute /usr/local/lib/python3.12/site-packages/oslo_concurrency/processutils.py:349}}
Nov 21 15:46:22.388556 np0005531460.novalocal sudo[144724]: stack : PWD=/ ; USER=root ; COMMAND=/usr/local/bin/cinder-rootwrap /etc/cinder/rootwrap.conf cinder-rtstool get-targets
Nov 21 15:46:22.941356 np0005531460.novalocal cinder-volume[107814]: DEBUG oslo_concurrency.processutils [req-93a30af3-cb73-4019-91f3-e0aa14fd28ac req-74e2c5c1-2d69-4df5-a4e6-8da808e1e2a6 tempest-VolumesSnapshotTestJSON-591229851 None] CMD "sudo cinder-rootwrap /etc/cinder/rootwrap.conf cinder-rtstool get-targets" returned: 0 in 0.577s {{(pid=107814) execute /usr/local/lib/python3.12/site-packages/oslo_concurrency/processutils.py:372}}
Nov 21 15:46:22.944693 np0005531460.novalocal cinder-volume[107814]: DEBUG oslo_concurrency.lockutils [req-93a30af3-cb73-4019-91f3-e0aa14fd28ac req-74e2c5c1-2d69-4df5-a4e6-8da808e1e2a6 tempest-VolumesSnapshotTestJSON-591229851 None] Lock "lioadm" "released" by "cinder.volume.targets.lio.LioAdm._execute" :: held 0.578s {{(pid=107814) inner /usr/local/lib/python3.12/site-packages/oslo_concurrency/lockutils.py:424}}
