Nov 21 15:37:31.314704 np0005531460.novalocal cinder-volume[107814]: DEBUG cinder.volume.manager [None req-2367555e-c108-4343-97be-2848f82a4b9d tempest-AttachVolumeMultiAttachTest-1543991123 None] Flow 'volume_create_manager' (46e4e429-7c89-4f02-b059-b1cbd4c57ece) transitioned into state 'SUCCESS' from state 'RUNNING' {{(pid=107814) _flow_receiver /usr/local/lib/python3.12/site-packages/taskflow/listeners/logging.py:145}}
Nov 21 15:37:31.319864 np0005531460.novalocal cinder-volume[107814]: INFO cinder.volume.manager [None req-2367555e-c108-4343-97be-2848f82a4b9d tempest-AttachVolumeMultiAttachTest-1543991123 None] Created volume successfully.
Nov 21 15:37:31.632583 np0005531460.novalocal cinder-volume[107814]: DEBUG oslo_concurrency.processutils [req-4a6a314d-cc63-4b95-9f79-66f204801ebb req-f518b5f3-af86-4604-9740-745e108f6136 tempest-ServerActionsTestOtherA-1866915635 None] CMD "sudo cinder-rootwrap /etc/cinder/rootwrap.conf cinder-rtstool get-targets" returned: 0 in 0.579s {{(pid=107814) execute /usr/local/lib/python3.12/site-packages/oslo_concurrency/processutils.py:372}}
Nov 21 15:37:31.637791 np0005531460.novalocal cinder-volume[107814]: DEBUG oslo_concurrency.lockutils [req-4a6a314d-cc63-4b95-9f79-66f204801ebb req-f518b5f3-af86-4604-9740-745e108f6136 tempest-ServerActionsTestOtherA-1866915635 None] Lock "lioadm" "released" by "cinder.volume.targets.lio.LioAdm._execute" :: held 0.585s {{(pid=107814) inner /usr/local/lib/python3.12/site-packages/oslo_concurrency/lockutils.py:424}}
Nov 21 15:37:31.640112 np0005531460.novalocal cinder-volume[107814]: INFO cinder.volume.targets.iscsi [req-4a6a314d-cc63-4b95-9f79-66f204801ebb req-f518b5f3-af86-4604-9740-745e108f6136 tempest-ServerActionsTestOtherA-1866915635 None] Skipping remove_export. No iscsi_target is presently exported for volume: b1f0f376-5642-4dec-a68c-919afefefa74
Nov 21 15:37:31.642122 np0005531460.novalocal cinder-volume[107814]: DEBUG oslo_concurrency.processutils [req-4a6a314d-cc63-4b95-9f79-66f204801ebb req-f518b5f3-af86-4604-9740-745e108f6136 tempest-ServerActionsTestOtherA-1866915635 None] Running cmd (subprocess): sudo cinder-rootwrap /etc/cinder/rootwrap.conf env LC_ALL=C lvs --noheadings --unit=g -o vg_name,name,size --nosuffix --readonly stack-volumes-lvmdriver-1/volume-b1f0f376-5642-4dec-a68c-919afefefa74 {{(pid=107814) execute /usr/local/lib/python3.12/site-packages/oslo_concurrency/processutils.py:349}}
Nov 21 15:37:31.679101 np0005531460.novalocal sudo[134335]: stack : PWD=/ ; USER=root ; COMMAND=/usr/local/bin/cinder-rootwrap /etc/cinder/rootwrap.conf env LC_ALL=C lvs --noheadings --unit=g -o vg_name,name,size --nosuffix --readonly stack-volumes-lvmdriver-1/volume-b1f0f376-5642-4dec-a68c-919afefefa74
Nov 21 15:37:32.019852 np0005531460.novalocal cinder-volume[107814]: DEBUG oslo_concurrency.processutils [req-4a6a314d-cc63-4b95-9f79-66f204801ebb req-f518b5f3-af86-4604-9740-745e108f6136 tempest-ServerActionsTestOtherA-1866915635 None] CMD "sudo cinder-rootwrap /etc/cinder/rootwrap.conf env LC_ALL=C lvs --noheadings --unit=g -o vg_name,name,size --nosuffix --readonly stack-volumes-lvmdriver-1/volume-b1f0f376-5642-4dec-a68c-919afefefa74" returned: 0 in 0.378s {{(pid=107814) execute /usr/local/lib/python3.12/site-packages/oslo_concurrency/processutils.py:372}}
Nov 21 15:37:32.020623 np0005531460.novalocal cinder-volume[107814]: DEBUG oslo_concurrency.processutils [req-4a6a314d-cc63-4b95-9f79-66f204801ebb req-f518b5f3-af86-4604-9740-745e108f6136 tempest-ServerActionsTestOtherA-1866915635 None] Running cmd (subprocess): sudo cinder-rootwrap /etc/cinder/rootwrap.conf env LC_ALL=C lvdisplay --noheading -C -o Attr --readonly stack-volumes-lvmdriver-1/volume-b1f0f376-5642-4dec-a68c-919afefefa74 {{(pid=107814) execute /usr/local/lib/python3.12/site-packages/oslo_concurrency/processutils.py:349}}
Nov 21 15:37:32.047862 np0005531460.novalocal sudo[134340]: stack : PWD=/ ; USER=root ; COMMAND=/usr/local/bin/cinder-rootwrap /etc/cinder/rootwrap.conf env LC_ALL=C lvdisplay --noheading -C -o Attr --readonly stack-volumes-lvmdriver-1/volume-b1f0f376-5642-4dec-a68c-919afefefa74
Nov 21 15:37:32.380378 np0005531460.novalocal cinder-volume[107814]: DEBUG oslo_concurrency.processutils [req-4a6a314d-cc63-4b95-9f79-66f204801ebb req-f518b5f3-af86-4604-9740-745e108f6136 tempest-ServerActionsTestOtherA-1866915635 None] CMD "sudo cinder-rootwrap /etc/cinder/rootwrap.conf env LC_ALL=C lvdisplay --noheading -C -o Attr --readonly stack-volumes-lvmdriver-1/volume-b1f0f376-5642-4dec-a68c-919afefefa74" returned: 0 in 0.359s {{(pid=107814) execute /usr/local/lib/python3.12/site-packages/oslo_concurrency/processutils.py:372}}
Nov 21 15:37:32.381931 np0005531460.novalocal cinder-volume[107814]: DEBUG oslo_concurrency.processutils [req-4a6a314d-cc63-4b95-9f79-66f204801ebb req-f518b5f3-af86-4604-9740-745e108f6136 tempest-ServerActionsTestOtherA-1866915635 None] Running cmd (subprocess): sudo cinder-rootwrap /etc/cinder/rootwrap.conf lvremove --config activation { retry_deactivation = 1} -f stack-volumes-lvmdriver-1/volume-b1f0f376-5642-4dec-a68c-919afefefa74 {{(pid=107814) execute /usr/local/lib/python3.12/site-packages/oslo_concurrency/processutils.py:349}}
Nov 21 15:37:32.406696 np0005531460.novalocal sudo[134347]: stack : PWD=/ ; USER=root ; COMMAND=/usr/local/bin/cinder-rootwrap /etc/cinder/rootwrap.conf lvremove --config 'activation { retry_deactivation = 1} ' -f stack-volumes-lvmdriver-1/volume-b1f0f376-5642-4dec-a68c-919afefefa74
Nov 21 15:37:32.845910 np0005531460.novalocal cinder-volume[107814]: DEBUG oslo_concurrency.processutils [req-4a6a314d-cc63-4b95-9f79-66f204801ebb req-f518b5f3-af86-4604-9740-745e108f6136 tempest-ServerActionsTestOtherA-1866915635 None] CMD "sudo cinder-rootwrap /etc/cinder/rootwrap.conf lvremove --config activation { retry_deactivation = 1} -f stack-volumes-lvmdriver-1/volume-b1f0f376-5642-4dec-a68c-919afefefa74" returned: 0 in 0.464s {{(pid=107814) execute /usr/local/lib/python3.12/site-packages/oslo_concurrency/processutils.py:372}}
Nov 21 15:37:32.846626 np0005531460.novalocal cinder-volume[107814]: INFO cinder.volume.drivers.lvm [req-4a6a314d-cc63-4b95-9f79-66f204801ebb req-f518b5f3-af86-4604-9740-745e108f6136 tempest-ServerActionsTestOtherA-1866915635 None] Successfully deleted volume: b1f0f376-5642-4dec-a68c-919afefefa74
Nov 21 15:37:32.891820 np0005531460.novalocal cinder-volume[107814]: DEBUG cinder.quota [req-4a6a314d-cc63-4b95-9f79-66f204801ebb req-f518b5f3-af86-4604-9740-745e108f6136 tempest-ServerActionsTestOtherA-1866915635 None] Created reservations ['b269bae1-bb48-49e7-894a-4325115bfc80', 'b81b88a8-3647-41de-b673-a7b50c9ae185', 'f6c51075-7c1f-4597-98b5-80963fab52fc', 'a5b233da-d9ab-42d5-9d6b-77a94a0b0005'] {{(pid=107814) reserve /opt/stack/cinder/cinder/quota.py:752}}
Nov 21 15:37:32.950083 np0005531460.novalocal cinder-volume[107814]: DEBUG cinder.volume.drivers.lvm [req-4a6a314d-cc63-4b95-9f79-66f204801ebb req-f518b5f3-af86-4604-9740-745e108f6136 tempest-ServerActionsTestOtherA-1866915635 None] Updating volume stats {{(pid=107814) _update_volume_stats /opt/stack/cinder/cinder/volume/drivers/lvm.py:228}}
Nov 21 15:37:32.950668 np0005531460.novalocal cinder-volume[107814]: DEBUG oslo_concurrency.processutils [req-4a6a314d-cc63-4b95-9f79-66f204801ebb req-f518b5f3-af86-4604-9740-745e108f6136 tempest-ServerActionsTestOtherA-1866915635 None] Running cmd (subprocess): sudo cinder-rootwrap /etc/cinder/rootwrap.conf env LC_ALL=C vgs --noheadings --unit=g -o name,size,free,lv_count,uuid --separator : --nosuffix stack-volumes-lvmdriver-1 {{(pid=107814) execute /usr/local/lib/python3.12/site-packages/oslo_concurrency/processutils.py:349}}
Nov 21 15:37:32.985279 np0005531460.novalocal sudo[134354]: stack : PWD=/ ; USER=root ; COMMAND=/usr/local/bin/cinder-rootwrap /etc/cinder/rootwrap.conf env LC_ALL=C vgs --noheadings --unit=g -o name,size,free,lv_count,uuid --separator : --nosuffix stack-volumes-lvmdriver-1
Nov 21 15:37:33.347096 np0005531460.novalocal cinder-volume[107814]: DEBUG oslo_concurrency.processutils [req-4a6a314d-cc63-4b95-9f79-66f204801ebb req-f518b5f3-af86-4604-9740-745e108f6136 tempest-ServerActionsTestOtherA-1866915635 None] CMD "sudo cinder-rootwrap /etc/cinder/rootwrap.conf env LC_ALL=C vgs --noheadings --unit=g -o name,size,free,lv_count,uuid --separator : --nosuffix stack-volumes-lvmdriver-1" returned: 0 in 0.396s {{(pid=107814) execute /usr/local/lib/python3.12/site-packages/oslo_concurrency/processutils.py:372}}
Nov 21 15:37:33.347874 np0005531460.novalocal cinder-volume[107814]: DEBUG oslo_concurrency.processutils [req-4a6a314d-cc63-4b95-9f79-66f204801ebb req-f518b5f3-af86-4604-9740-745e108f6136 tempest-ServerActionsTestOtherA-1866915635 None] Running cmd (subprocess): sudo cinder-rootwrap /etc/cinder/rootwrap.conf env LC_ALL=C lvs --noheadings --unit=g -o vg_name,name,size --nosuffix --readonly stack-volumes-lvmdriver-1 {{(pid=107814) execute /usr/local/lib/python3.12/site-packages/oslo_concurrency/processutils.py:349}}
Nov 21 15:37:33.378387 np0005531460.novalocal sudo[134359]: stack : PWD=/ ; USER=root ; COMMAND=/usr/local/bin/cinder-rootwrap /etc/cinder/rootwrap.conf env LC_ALL=C lvs --noheadings --unit=g -o vg_name,name,size --nosuffix --readonly stack-volumes-lvmdriver-1
Nov 21 15:37:33.737891 np0005531460.novalocal cinder-volume[107814]: DEBUG oslo_concurrency.processutils [req-4a6a314d-cc63-4b95-9f79-66f204801ebb req-f518b5f3-af86-4604-9740-745e108f6136 tempest-ServerActionsTestOtherA-1866915635 None] CMD "sudo cinder-rootwrap /etc/cinder/rootwrap.conf env LC_ALL=C lvs --noheadings --unit=g -o vg_name,name,size --nosuffix --readonly stack-volumes-lvmdriver-1" returned: 0 in 0.390s {{(pid=107814) execute /usr/local/lib/python3.12/site-packages/oslo_concurrency/processutils.py:372}}
Nov 21 15:37:33.738599 np0005531460.novalocal cinder-volume[107814]: DEBUG oslo_concurrency.processutils [req-4a6a314d-cc63-4b95-9f79-66f204801ebb req-f518b5f3-af86-4604-9740-745e108f6136 tempest-ServerActionsTestOtherA-1866915635 None] Running cmd (subprocess): sudo cinder-rootwrap /etc/cinder/rootwrap.conf env LC_ALL=C lvs --noheadings --unit=g -o size,data_percent --separator : --nosuffix /dev/stack-volumes-lvmdriver-1/stack-volumes-lvmdriver-1-pool {{(pid=107814) execute /usr/local/lib/python3.12/site-packages/oslo_concurrency/processutils.py:349}}
Nov 21 15:37:33.794839 np0005531460.novalocal sudo[134364]: stack : PWD=/ ; USER=root ; COMMAND=/usr/local/bin/cinder-rootwrap /etc/cinder/rootwrap.conf env LC_ALL=C lvs --noheadings --unit=g -o size,data_percent --separator : --nosuffix /dev/stack-volumes-lvmdriver-1/stack-volumes-lvmdriver-1-pool
Nov 21 15:37:34.105552 np0005531460.novalocal cinder-volume[107814]: DEBUG oslo_concurrency.processutils [req-4a6a314d-cc63-4b95-9f79-66f204801ebb req-f518b5f3-af86-4604-9740-745e108f6136 tempest-ServerActionsTestOtherA-1866915635 None] CMD "sudo cinder-rootwrap /etc/cinder/rootwrap.conf env LC_ALL=C lvs --noheadings --unit=g -o size,data_percent --separator : --nosuffix /dev/stack-volumes-lvmdriver-1/stack-volumes-lvmdriver-1-pool" returned: 0 in 0.366s {{(pid=107814) execute /usr/local/lib/python3.12/site-packages/oslo_concurrency/processutils.py:372}}
Nov 21 15:37:34.106161 np0005531460.novalocal cinder-volume[107814]: DEBUG oslo_concurrency.processutils [req-4a6a314d-cc63-4b95-9f79-66f204801ebb req-f518b5f3-af86-4604-9740-745e108f6136 tempest-ServerActionsTestOtherA-1866915635 None] Running cmd (subprocess): sudo cinder-rootwrap /etc/cinder/rootwrap.conf env LC_ALL=C lvs --noheadings --unit=g -o vg_name,name,size --nosuffix --readonly stack-volumes-lvmdriver-1 {{(pid=107814) execute /usr/local/lib/python3.12/site-packages/oslo_concurrency/processutils.py:349}}
Nov 21 15:37:34.137349 np0005531460.novalocal sudo[134379]: stack : PWD=/ ; USER=root ; COMMAND=/usr/local/bin/cinder-rootwrap /etc/cinder/rootwrap.conf env LC_ALL=C lvs --noheadings --unit=g -o vg_name,name,size --nosuffix --readonly stack-volumes-lvmdriver-1
Nov 21 15:37:34.474679 np0005531460.novalocal cinder-volume[107814]: DEBUG oslo_concurrency.processutils [req-4a6a314d-cc63-4b95-9f79-66f204801ebb req-f518b5f3-af86-4604-9740-745e108f6136 tempest-ServerActionsTestOtherA-1866915635 None] CMD "sudo cinder-rootwrap /etc/cinder/rootwrap.conf env LC_ALL=C lvs --noheadings --unit=g -o vg_name,name,size --nosuffix --readonly stack-volumes-lvmdriver-1" returned: 0 in 0.365s {{(pid=107814) execute /usr/local/lib/python3.12/site-packages/oslo_concurrency/processutils.py:372}}
Nov 21 15:37:34.474679 np0005531460.novalocal cinder-volume[107814]: DEBUG cinder.manager [req-4a6a314d-cc63-4b95-9f79-66f204801ebb req-f518b5f3-af86-4604-9740-745e108f6136 tempest-ServerActionsTestOtherA-1866915635 None] Notifying Schedulers of capabilities ... {{(pid=107814) _publish_service_capabilities /opt/stack/cinder/cinder/manager.py:202}}
Nov 21 15:37:34.482934 np0005531460.novalocal cinder-volume[107814]: INFO cinder.volume.manager [req-4a6a314d-cc63-4b95-9f79-66f204801ebb req-f518b5f3-af86-4604-9740-745e108f6136 tempest-ServerActionsTestOtherA-1866915635 None] Deleted volume successfully.
Nov 21 15:37:34.497415 np0005531460.novalocal cinder-volume[107814]: DEBUG cinder.coordination [req-4a6a314d-cc63-4b95-9f79-66f204801ebb req-f518b5f3-af86-4604-9740-745e108f6136 tempest-ServerActionsTestOtherA-1866915635 None] Lock "cinder-b1f0f376-5642-4dec-a68c-919afefefa74-delete_volume" released by "delete_volume" :: held 3.458s {{(pid=107814) __release /opt/stack/cinder/cinder/coordination.py:157}}
Nov 21 15:37:38.946030 np0005531460.novalocal cinder-volume[107814]: DEBUG oslo_concurrency.processutils [req-3b685a0e-52cb-42b2-8c5b-b109c335d56e req-41edd512-58c3-4485-b5d7-28d1fd6f9ef0 tempest-AttachVolumeMultiAttachTest-1543991123 None] Running cmd (subprocess): sudo cinder-rootwrap /etc/cinder/rootwrap.conf lvchange -a y --yes -K stack-volumes-lvmdriver-1/volume-7de57b72-9b0d-4df9-9db7-b7a36adf476e {{(pid=107814) execute /usr/local/lib/python3.12/site-packages/oslo_concurrency/processutils.py:349}}
Nov 21 15:37:38.974110 np0005531460.novalocal sudo[134486]: stack : PWD=/ ; USER=root ; COMMAND=/usr/local/bin/cinder-rootwrap /etc/cinder/rootwrap.conf lvchange -a y --yes -K stack-volumes-lvmdriver-1/volume-7de57b72-9b0d-4df9-9db7-b7a36adf476e
Nov 21 15:37:39.382678 np0005531460.novalocal cinder-volume[107814]: DEBUG oslo_concurrency.processutils [req-3b685a0e-52cb-42b2-8c5b-b109c335d56e req-41edd512-58c3-4485-b5d7-28d1fd6f9ef0 tempest-AttachVolumeMultiAttachTest-1543991123 None] CMD "sudo cinder-rootwrap /etc/cinder/rootwrap.conf lvchange -a y --yes -K stack-volumes-lvmdriver-1/volume-7de57b72-9b0d-4df9-9db7-b7a36adf476e" returned: 0 in 0.436s {{(pid=107814) execute /usr/local/lib/python3.12/site-packages/oslo_concurrency/processutils.py:372}}
Nov 21 15:37:39.388839 np0005531460.novalocal cinder-volume[107814]: INFO cinder.volume.targets.lio [req-3b685a0e-52cb-42b2-8c5b-b109c335d56e req-41edd512-58c3-4485-b5d7-28d1fd6f9ef0 tempest-AttachVolumeMultiAttachTest-1543991123 None] Creating iscsi_target for volume: volume-7de57b72-9b0d-4df9-9db7-b7a36adf476e
Nov 21 15:37:39.389038 np0005531460.novalocal cinder-volume[107814]: DEBUG oslo_concurrency.lockutils [req-3b685a0e-52cb-42b2-8c5b-b109c335d56e req-41edd512-58c3-4485-b5d7-28d1fd6f9ef0 tempest-AttachVolumeMultiAttachTest-1543991123 None] Acquiring lock "lioadm" by "cinder.volume.targets.lio.LioAdm._execute" {{(pid=107814) inner /usr/local/lib/python3.12/site-packages/oslo_concurrency/lockutils.py:405}}
Nov 21 15:37:39.389500 np0005531460.novalocal cinder-volume[107814]: DEBUG oslo_concurrency.lockutils [req-3b685a0e-52cb-42b2-8c5b-b109c335d56e req-41edd512-58c3-4485-b5d7-28d1fd6f9ef0 tempest-AttachVolumeMultiAttachTest-1543991123 None] Lock "lioadm" acquired by "cinder.volume.targets.lio.LioAdm._execute" :: waited 0.001s {{(pid=107814) inner /usr/local/lib/python3.12/site-packages/oslo_concurrency/lockutils.py:410}}
Nov 21 15:37:39.389741 np0005531460.novalocal cinder-volume[107814]: DEBUG oslo_concurrency.processutils [req-3b685a0e-52cb-42b2-8c5b-b109c335d56e req-41edd512-58c3-4485-b5d7-28d1fd6f9ef0 tempest-AttachVolumeMultiAttachTest-1543991123 None] Running cmd (subprocess): sudo cinder-rootwrap /etc/cinder/rootwrap.conf cinder-rtstool create /dev/stack-volumes-lvmdriver-1/volume-7de57b72-9b0d-4df9-9db7-b7a36adf476e iqn.2010-10.org.openstack:volume-7de57b72-9b0d-4df9-9db7-b7a36adf476e p7HtLTFd7peFaSmBfA8f pqhz7JR2dmrVuM8g False -p3260 -a38.102.83.94 {{(pid=107814) execute /usr/local/lib/python3.12/site-packages/oslo_concurrency/processutils.py:349}}
Nov 21 15:37:39.421278 np0005531460.novalocal sudo[134491]: stack : PWD=/ ; USER=root ; COMMAND=/usr/local/bin/cinder-rootwrap /etc/cinder/rootwrap.conf cinder-rtstool create /dev/stack-volumes-lvmdriver-1/volume-7de57b72-9b0d-4df9-9db7-b7a36adf476e iqn.2010-10.org.openstack:volume-7de57b72-9b0d-4df9-9db7-b7a36adf476e p7HtLTFd7peFaSmBfA8f pqhz7JR2dmrVuM8g False -p3260 -a38.102.83.94
Nov 21 15:37:39.994420 np0005531460.novalocal cinder-volume[107814]: DEBUG oslo_concurrency.processutils [req-3b685a0e-52cb-42b2-8c5b-b109c335d56e req-41edd512-58c3-4485-b5d7-28d1fd6f9ef0 tempest-AttachVolumeMultiAttachTest-1543991123 None] CMD "sudo cinder-rootwrap /etc/cinder/rootwrap.conf cinder-rtstool create /dev/stack-volumes-lvmdriver-1/volume-7de57b72-9b0d-4df9-9db7-b7a36adf476e iqn.2010-10.org.openstack:volume-7de57b72-9b0d-4df9-9db7-b7a36adf476e p7HtLTFd7peFaSmBfA8f pqhz7JR2dmrVuM8g False -p3260 -a38.102.83.94" returned: 0 in 0.604s {{(pid=107814) execute /usr/local/lib/python3.12/site-packages/oslo_concurrency/processutils.py:372}}
Nov 21 15:37:39.995229 np0005531460.novalocal cinder-volume[107814]: DEBUG oslo_concurrency.lockutils [req-3b685a0e-52cb-42b2-8c5b-b109c335d56e req-41edd512-58c3-4485-b5d7-28d1fd6f9ef0 tempest-AttachVolumeMultiAttachTest-1543991123 None] Lock "lioadm" "released" by "cinder.volume.targets.lio.LioAdm._execute" :: held 0.605s {{(pid=107814) inner /usr/local/lib/python3.12/site-packages/oslo_concurrency/lockutils.py:424}}
Nov 21 15:37:39.995229 np0005531460.novalocal cinder-volume[107814]: DEBUG oslo_concurrency.lockutils [req-3b685a0e-52cb-42b2-8c5b-b109c335d56e req-41edd512-58c3-4485-b5d7-28d1fd6f9ef0 tempest-AttachVolumeMultiAttachTest-1543991123 None] Acquiring lock "lioadm" by "cinder.volume.targets.lio.LioAdm._execute" {{(pid=107814) inner /usr/local/lib/python3.12/site-packages/oslo_concurrency/lockutils.py:405}}
Nov 21 15:37:39.995425 np0005531460.novalocal cinder-volume[107814]: DEBUG oslo_concurrency.lockutils [req-3b685a0e-52cb-42b2-8c5b-b109c335d56e req-41edd512-58c3-4485-b5d7-28d1fd6f9ef0 tempest-AttachVolumeMultiAttachTest-1543991123 None] Lock "lioadm" acquired by "cinder.volume.targets.lio.LioAdm._execute" :: waited 0.000s {{(pid=107814) inner /usr/local/lib/python3.12/site-packages/oslo_concurrency/lockutils.py:410}}
Nov 21 15:37:39.995830 np0005531460.novalocal cinder-volume[107814]: DEBUG oslo_concurrency.processutils [req-3b685a0e-52cb-42b2-8c5b-b109c335d56e req-41edd512-58c3-4485-b5d7-28d1fd6f9ef0 tempest-AttachVolumeMultiAttachTest-1543991123 None] Running cmd (subprocess): sudo cinder-rootwrap /etc/cinder/rootwrap.conf cinder-rtstool get-targets {{(pid=107814) execute /usr/local/lib/python3.12/site-packages/oslo_concurrency/processutils.py:349}}
Nov 21 15:37:40.027214 np0005531460.novalocal sudo[134504]: stack : PWD=/ ; USER=root ; COMMAND=/usr/local/bin/cinder-rootwrap /etc/cinder/rootwrap.conf cinder-rtstool get-targets
Nov 21 15:37:40.588422 np0005531460.novalocal cinder-volume[107814]: DEBUG oslo_concurrency.processutils [req-3b685a0e-52cb-42b2-8c5b-b109c335d56e req-41edd512-58c3-4485-b5d7-28d1fd6f9ef0 tempest-AttachVolumeMultiAttachTest-1543991123 None] CMD "sudo cinder-rootwrap /etc/cinder/rootwrap.conf cinder-rtstool get-targets" returned: 0 in 0.592s {{(pid=107814) execute /usr/local/lib/python3.12/site-packages/oslo_concurrency/processutils.py:372}}
Nov 21 15:37:40.589121 np0005531460.novalocal cinder-volume[107814]: DEBUG oslo_concurrency.lockutils [req-3b685a0e-52cb-42b2-8c5b-b109c335d56e req-41edd512-58c3-4485-b5d7-28d1fd6f9ef0 tempest-AttachVolumeMultiAttachTest-1543991123 None] Lock "lioadm" "released" by "cinder.volume.targets.lio.LioAdm._execute" :: held 0.594s {{(pid=107814) inner /usr/local/lib/python3.12/site-packages/oslo_concurrency/lockutils.py:424}}
Nov 21 15:37:40.589407 np0005531460.novalocal cinder-volume[107814]: DEBUG oslo_concurrency.lockutils [req-3b685a0e-52cb-42b2-8c5b-b109c335d56e req-41edd512-58c3-4485-b5d7-28d1fd6f9ef0 tempest-AttachVolumeMultiAttachTest-1543991123 None] Acquiring lock "lioadm" by "cinder.volume.targets.lio.LioAdm._execute" {{(pid=107814) inner /usr/local/lib/python3.12/site-packages/oslo_concurrency/lockutils.py:405}}
Nov 21 15:37:40.590132 np0005531460.novalocal cinder-volume[107814]: DEBUG oslo_concurrency.lockutils [req-3b685a0e-52cb-42b2-8c5b-b109c335d56e req-41edd512-58c3-4485-b5d7-28d1fd6f9ef0 tempest-AttachVolumeMultiAttachTest-1543991123 None] Lock "lioadm" acquired by "cinder.volume.targets.lio.LioAdm._execute" :: waited 0.001s {{(pid=107814) inner /usr/local/lib/python3.12/site-packages/oslo_concurrency/lockutils.py:410}}
Nov 21 15:37:40.590749 np0005531460.novalocal cinder-volume[107814]: DEBUG oslo_concurrency.processutils [req-3b685a0e-52cb-42b2-8c5b-b109c335d56e req-41edd512-58c3-4485-b5d7-28d1fd6f9ef0 tempest-AttachVolumeMultiAttachTest-1543991123 None] Running cmd (subprocess): sudo cinder-rootwrap /etc/cinder/rootwrap.conf cinder-rtstool save {{(pid=107814) execute /usr/local/lib/python3.12/site-packages/oslo_concurrency/processutils.py:349}}
Nov 21 15:37:40.623703 np0005531460.novalocal sudo[134510]: stack : PWD=/ ; USER=root ; COMMAND=/usr/local/bin/cinder-rootwrap /etc/cinder/rootwrap.conf cinder-rtstool save
Nov 21 15:37:41.222515 np0005531460.novalocal cinder-volume[107814]: DEBUG oslo_concurrency.processutils [req-3b685a0e-52cb-42b2-8c5b-b109c335d56e req-41edd512-58c3-4485-b5d7-28d1fd6f9ef0 tempest-AttachVolumeMultiAttachTest-1543991123 None] CMD "sudo cinder-rootwrap /etc/cinder/rootwrap.conf cinder-rtstool save" returned: 0 in 0.630s {{(pid=107814) execute /usr/local/lib/python3.12/site-packages/oslo_concurrency/processutils.py:372}}
Nov 21 15:37:41.222515 np0005531460.novalocal cinder-volume[107814]: DEBUG oslo_concurrency.lockutils [req-3b685a0e-52cb-42b2-8c5b-b109c335d56e req-41edd512-58c3-4485-b5d7-28d1fd6f9ef0 tempest-AttachVolumeMultiAttachTest-1543991123 None] Lock "lioadm" "released" by "cinder.volume.targets.lio.LioAdm._execute" :: held 0.631s {{(pid=107814) inner /usr/local/lib/python3.12/site-packages/oslo_concurrency/lockutils.py:424}}
Nov 21 15:37:41.222515 np0005531460.novalocal cinder-volume[107814]: DEBUG cinder.volume.targets.iscsi [req-3b685a0e-52cb-42b2-8c5b-b109c335d56e req-41edd512-58c3-4485-b5d7-28d1fd6f9ef0 tempest-AttachVolumeMultiAttachTest-1543991123 None] Set provider_location to: 38.102.83.94:3260,iqn.2010-10.org.openstack:volume-7de57b72-9b0d-4df9-9db7-b7a36adf476e iqn.2010-10.org.openstack:volume-7de57b72-9b0d-4df9-9db7-b7a36adf476e 0 {{(pid=107814) create_export /opt/stack/cinder/cinder/volume/targets/iscsi.py:205}}
Nov 21 15:37:41.230898 np0005531460.novalocal cinder-volume[107814]: DEBUG oslo_concurrency.lockutils [req-3b685a0e-52cb-42b2-8c5b-b109c335d56e req-41edd512-58c3-4485-b5d7-28d1fd6f9ef0 tempest-AttachVolumeMultiAttachTest-1543991123 None] Acquiring lock "lioadm" by "cinder.volume.targets.lio.LioAdm._execute" {{(pid=107814) inner /usr/local/lib/python3.12/site-packages/oslo_concurrency/lockutils.py:405}}
Nov 21 15:37:41.231349 np0005531460.novalocal cinder-volume[107814]: DEBUG oslo_concurrency.lockutils [req-3b685a0e-52cb-42b2-8c5b-b109c335d56e req-41edd512-58c3-4485-b5d7-28d1fd6f9ef0 tempest-AttachVolumeMultiAttachTest-1543991123 None] Lock "lioadm" acquired by "cinder.volume.targets.lio.LioAdm._execute" :: waited 0.001s {{(pid=107814) inner /usr/local/lib/python3.12/site-packages/oslo_concurrency/lockutils.py:410}}
Nov 21 15:37:41.231880 np0005531460.novalocal cinder-volume[107814]: DEBUG oslo_concurrency.processutils [req-3b685a0e-52cb-42b2-8c5b-b109c335d56e req-41edd512-58c3-4485-b5d7-28d1fd6f9ef0 tempest-AttachVolumeMultiAttachTest-1543991123 None] Running cmd (subprocess): sudo cinder-rootwrap /etc/cinder/rootwrap.conf cinder-rtstool add-initiator iqn.2010-10.org.openstack:volume-7de57b72-9b0d-4df9-9db7-b7a36adf476e p7HtLTFd7peFaSmBfA8f pqhz7JR2dmrVuM8g iqn.1994-05.com.redhat:1e2adedf8ac {{(pid=107814) execute /usr/local/lib/python3.12/site-packages/oslo_concurrency/processutils.py:349}}
Nov 21 15:37:41.256109 np0005531460.novalocal sudo[134516]: stack : PWD=/ ; USER=root ; COMMAND=/usr/local/bin/cinder-rootwrap /etc/cinder/rootwrap.conf cinder-rtstool add-initiator iqn.2010-10.org.openstack:volume-7de57b72-9b0d-4df9-9db7-b7a36adf476e p7HtLTFd7peFaSmBfA8f pqhz7JR2dmrVuM8g iqn.1994-05.com.redhat:1e2adedf8ac
Nov 21 15:37:41.719237 np0005531460.novalocal cinder-volume[107814]: DEBUG oslo_concurrency.processutils [req-3b685a0e-52cb-42b2-8c5b-b109c335d56e req-41edd512-58c3-4485-b5d7-28d1fd6f9ef0 tempest-AttachVolumeMultiAttachTest-1543991123 None] CMD "sudo cinder-rootwrap /etc/cinder/rootwrap.conf cinder-rtstool add-initiator iqn.2010-10.org.openstack:volume-7de57b72-9b0d-4df9-9db7-b7a36adf476e p7HtLTFd7peFaSmBfA8f pqhz7JR2dmrVuM8g iqn.1994-05.com.redhat:1e2adedf8ac" returned: 0 in 0.486s {{(pid=107814) execute /usr/local/lib/python3.12/site-packages/oslo_concurrency/processutils.py:372}}
Nov 21 15:37:41.719900 np0005531460.novalocal cinder-volume[107814]: DEBUG oslo_concurrency.lockutils [req-3b685a0e-52cb-42b2-8c5b-b109c335d56e req-41edd512-58c3-4485-b5d7-28d1fd6f9ef0 tempest-AttachVolumeMultiAttachTest-1543991123 None] Lock "lioadm" "released" by "cinder.volume.targets.lio.LioAdm._execute" :: held 0.488s {{(pid=107814) inner /usr/local/lib/python3.12/site-packages/oslo_concurrency/lockutils.py:424}}
Nov 21 15:37:41.720229 np0005531460.novalocal cinder-volume[107814]: DEBUG oslo_concurrency.lockutils [req-3b685a0e-52cb-42b2-8c5b-b109c335d56e req-41edd512-58c3-4485-b5d7-28d1fd6f9ef0 tempest-AttachVolumeMultiAttachTest-1543991123 None] Acquiring lock "lioadm" by "cinder.volume.targets.lio.LioAdm._execute" {{(pid=107814) inner /usr/local/lib/python3.12/site-packages/oslo_concurrency/lockutils.py:405}}
Nov 21 15:37:41.720886 np0005531460.novalocal cinder-volume[107814]: DEBUG oslo_concurrency.lockutils [req-3b685a0e-52cb-42b2-8c5b-b109c335d56e req-41edd512-58c3-4485-b5d7-28d1fd6f9ef0 tempest-AttachVolumeMultiAttachTest-1543991123 None] Lock "lioadm" acquired by "cinder.volume.targets.lio.LioAdm._execute" :: waited 0.001s {{(pid=107814) inner /usr/local/lib/python3.12/site-packages/oslo_concurrency/lockutils.py:410}}
Nov 21 15:37:41.721462 np0005531460.novalocal cinder-volume[107814]: DEBUG oslo_concurrency.processutils [req-3b685a0e-52cb-42b2-8c5b-b109c335d56e req-41edd512-58c3-4485-b5d7-28d1fd6f9ef0 tempest-AttachVolumeMultiAttachTest-1543991123 None] Running cmd (subprocess): sudo cinder-rootwrap /etc/cinder/rootwrap.conf cinder-rtstool save {{(pid=107814) execute /usr/local/lib/python3.12/site-packages/oslo_concurrency/processutils.py:349}}
Nov 21 15:37:41.754290 np0005531460.novalocal sudo[134530]: stack : PWD=/ ; USER=root ; COMMAND=/usr/local/bin/cinder-rootwrap /etc/cinder/rootwrap.conf cinder-rtstool save
Nov 21 15:37:42.312280 np0005531460.novalocal cinder-volume[107814]: DEBUG oslo_concurrency.processutils [req-3b685a0e-52cb-42b2-8c5b-b109c335d56e req-41edd512-58c3-4485-b5d7-28d1fd6f9ef0 tempest-AttachVolumeMultiAttachTest-1543991123 None] CMD "sudo cinder-rootwrap /etc/cinder/rootwrap.conf cinder-rtstool save" returned: 0 in 0.588s {{(pid=107814) execute /usr/local/lib/python3.12/site-packages/oslo_concurrency/processutils.py:372}}
Nov 21 15:37:42.312280 np0005531460.novalocal cinder-volume[107814]: DEBUG oslo_concurrency.lockutils [req-3b685a0e-52cb-42b2-8c5b-b109c335d56e req-41edd512-58c3-4485-b5d7-28d1fd6f9ef0 tempest-AttachVolumeMultiAttachTest-1543991123 None] Lock "lioadm" "released" by "cinder.volume.targets.lio.LioAdm._execute" :: held 0.590s {{(pid=107814) inner /usr/local/lib/python3.12/site-packages/oslo_concurrency/lockutils.py:424}}
Nov 21 15:37:42.344872 np0005531460.novalocal cinder-volume[107814]: DEBUG cinder.volume.manager [req-3b685a0e-52cb-42b2-8c5b-b109c335d56e req-41edd512-58c3-4485-b5d7-28d1fd6f9ef0 tempest-AttachVolumeMultiAttachTest-1543991123 None] Connection info returned from driver {'target_discovered': False, 'target_portal': '38.102.83.94:3260', 'target_iqn': 'iqn.2010-10.org.openstack:volume-7de57b72-9b0d-4df9-9db7-b7a36adf476e', 'target_lun': 0, 'volume_id': '7de57b72-9b0d-4df9-9db7-b7a36adf476e', 'auth_method': 'CHAP', 'auth_username': 'p7HtLTFd7peFaSmBfA8f', 'auth_password': '***', 'encrypted': False, 'qos_specs': None, 'access_mode': 'rw', 'cacheable': False, 'driver_volume_type': 'iscsi', 'attachment_id': '3807adb5-1f23-4767-9abb-5e05edfe9f1a', 'enforce_multipath': True} {{(pid=107814) _connection_create /opt/stack/cinder/cinder/volume/manager.py:4892}}
Nov 21 15:37:42.400321 np0005531460.novalocal cinder-volume[107814]: INFO cinder.volume.manager [req-3b685a0e-52cb-42b2-8c5b-b109c335d56e req-41edd512-58c3-4485-b5d7-28d1fd6f9ef0 tempest-AttachVolumeMultiAttachTest-1543991123 None] attachment_update completed successfully.
Nov 21 15:37:46.746888 np0005531460.novalocal cinder-volume[107814]: DEBUG oslo_service.periodic_task [None req-b105bcdd-0988-4663-8b3c-4b6ff127e175 None None] Running periodic task VolumeManager.publish_service_capabilities {{(pid=107814) run_periodic_tasks /usr/local/lib/python3.12/site-packages/oslo_service/periodic_task.py:210}}
Nov 21 15:37:46.747463 np0005531460.novalocal cinder-volume[107814]: DEBUG cinder.volume.drivers.lvm [None req-b105bcdd-0988-4663-8b3c-4b6ff127e175 None None] Updating volume stats {{(pid=107814) _update_volume_stats /opt/stack/cinder/cinder/volume/drivers/lvm.py:228}}
Nov 21 15:37:46.747936 np0005531460.novalocal cinder-volume[107814]: DEBUG oslo_concurrency.processutils [None req-b105bcdd-0988-4663-8b3c-4b6ff127e175 None None] Running cmd (subprocess): sudo cinder-rootwrap /etc/cinder/rootwrap.conf env LC_ALL=C vgs --noheadings --unit=g -o name,size,free,lv_count,uuid --separator : --nosuffix stack-volumes-lvmdriver-1 {{(pid=107814) execute /usr/local/lib/python3.12/site-packages/oslo_concurrency/processutils.py:349}}
Nov 21 15:37:46.795873 np0005531460.novalocal sudo[134691]: stack : PWD=/ ; USER=root ; COMMAND=/usr/local/bin/cinder-rootwrap /etc/cinder/rootwrap.conf env LC_ALL=C vgs --noheadings --unit=g -o name,size,free,lv_count,uuid --separator : --nosuffix stack-volumes-lvmdriver-1
Nov 21 15:37:47.200658 np0005531460.novalocal cinder-volume[107814]: DEBUG oslo_concurrency.processutils [None req-b105bcdd-0988-4663-8b3c-4b6ff127e175 None None] CMD "sudo cinder-rootwrap /etc/cinder/rootwrap.conf env LC_ALL=C vgs --noheadings --unit=g -o name,size,free,lv_count,uuid --separator : --nosuffix stack-volumes-lvmdriver-1" returned: 0 in 0.452s {{(pid=107814) execute /usr/local/lib/python3.12/site-packages/oslo_concurrency/processutils.py:372}}
Nov 21 15:37:47.201704 np0005531460.novalocal cinder-volume[107814]: DEBUG oslo_concurrency.processutils [None req-b105bcdd-0988-4663-8b3c-4b6ff127e175 None None] Running cmd (subprocess): sudo cinder-rootwrap /etc/cinder/rootwrap.conf env LC_ALL=C lvs --noheadings --unit=g -o vg_name,name,size --nosuffix --readonly stack-volumes-lvmdriver-1 {{(pid=107814) execute /usr/local/lib/python3.12/site-packages/oslo_concurrency/processutils.py:349}}
Nov 21 15:37:47.232553 np0005531460.novalocal sudo[134698]: stack : PWD=/ ; USER=root ; COMMAND=/usr/local/bin/cinder-rootwrap /etc/cinder/rootwrap.conf env LC_ALL=C lvs --noheadings --unit=g -o vg_name,name,size --nosuffix --readonly stack-volumes-lvmdriver-1
Nov 21 15:37:47.621252 np0005531460.novalocal cinder-volume[107814]: DEBUG oslo_concurrency.processutils [None req-b105bcdd-0988-4663-8b3c-4b6ff127e175 None None] CMD "sudo cinder-rootwrap /etc/cinder/rootwrap.conf env LC_ALL=C lvs --noheadings --unit=g -o vg_name,name,size --nosuffix --readonly stack-volumes-lvmdriver-1" returned: 0 in 0.419s {{(pid=107814) execute /usr/local/lib/python3.12/site-packages/oslo_concurrency/processutils.py:372}}
Nov 21 15:37:47.622442 np0005531460.novalocal cinder-volume[107814]: DEBUG oslo_concurrency.processutils [None req-b105bcdd-0988-4663-8b3c-4b6ff127e175 None None] Running cmd (subprocess): sudo cinder-rootwrap /etc/cinder/rootwrap.conf env LC_ALL=C lvs --noheadings --unit=g -o size,data_percent --separator : --nosuffix /dev/stack-volumes-lvmdriver-1/stack-volumes-lvmdriver-1-pool {{(pid=107814) execute /usr/local/lib/python3.12/site-packages/oslo_concurrency/processutils.py:349}}
Nov 21 15:37:47.647770 np0005531460.novalocal sudo[134710]: stack : PWD=/ ; USER=root ; COMMAND=/usr/local/bin/cinder-rootwrap /etc/cinder/rootwrap.conf env LC_ALL=C lvs --noheadings --unit=g -o size,data_percent --separator : --nosuffix /dev/stack-volumes-lvmdriver-1/stack-volumes-lvmdriver-1-pool
Nov 21 15:37:48.036856 np0005531460.novalocal cinder-volume[107814]: DEBUG oslo_concurrency.processutils [None req-b105bcdd-0988-4663-8b3c-4b6ff127e175 None None] CMD "sudo cinder-rootwrap /etc/cinder/rootwrap.conf env LC_ALL=C lvs --noheadings --unit=g -o size,data_percent --separator : --nosuffix /dev/stack-volumes-lvmdriver-1/stack-volumes-lvmdriver-1-pool" returned: 0 in 0.413s {{(pid=107814) execute /usr/local/lib/python3.12/site-packages/oslo_concurrency/processutils.py:372}}
Nov 21 15:37:48.037977 np0005531460.novalocal cinder-volume[107814]: DEBUG oslo_concurrency.processutils [None req-b105bcdd-0988-4663-8b3c-4b6ff127e175 None None] Running cmd (subprocess): sudo cinder-rootwrap /etc/cinder/rootwrap.conf env LC_ALL=C lvs --noheadings --unit=g -o vg_name,name,size --nosuffix --readonly stack-volumes-lvmdriver-1 {{(pid=107814) execute /usr/local/lib/python3.12/site-packages/oslo_concurrency/processutils.py:349}}
Nov 21 15:37:48.070264 np0005531460.novalocal sudo[134716]: stack : PWD=/ ; USER=root ; COMMAND=/usr/local/bin/cinder-rootwrap /etc/cinder/rootwrap.conf env LC_ALL=C lvs --noheadings --unit=g -o vg_name,name,size --nosuffix --readonly stack-volumes-lvmdriver-1
Nov 21 15:37:48.447000 np0005531460.novalocal cinder-volume[107814]: DEBUG oslo_concurrency.processutils [None req-b105bcdd-0988-4663-8b3c-4b6ff127e175 None None] CMD "sudo cinder-rootwrap /etc/cinder/rootwrap.conf env LC_ALL=C lvs --noheadings --unit=g -o vg_name,name,size --nosuffix --readonly stack-volumes-lvmdriver-1" returned: 0 in 0.409s {{(pid=107814) execute /usr/local/lib/python3.12/site-packages/oslo_concurrency/processutils.py:372}}
Nov 21 15:37:48.447624 np0005531460.novalocal cinder-volume[107814]: DEBUG cinder.manager [None req-b105bcdd-0988-4663-8b3c-4b6ff127e175 None None] Notifying Schedulers of capabilities ... {{(pid=107814) _publish_service_capabilities /opt/stack/cinder/cinder/manager.py:202}}
Nov 21 15:37:52.395277 np0005531460.novalocal cinder-volume[107814]: DEBUG dbcounter [-] [107814] Writing DB stats cinder:SELECT=25,cinder:UPDATE=15,cinder:INSERT=8 {{(pid=107814) stat_writer /usr/local/lib/python3.12/site-packages/dbcounter.py:115}}
Nov 21 15:37:52.398814 np0005531460.novalocal cinder-volume[107814]: DEBUG dbcounter [-] [107814] Writing DB stats cinder:SELECT=30,cinder:UPDATE=11,cinder:INSERT=10,cinder:DELETE=2 {{(pid=107814) stat_writer /usr/local/lib/python3.12/site-packages/dbcounter.py:115}}
Nov 21 15:37:53.099143 np0005531460.novalocal cinder-volume[107814]: DEBUG oslo_concurrency.processutils [req-86d66529-844d-49a6-a342-eb2b329f16b3 req-dec75696-b42d-4859-abf7-bf802fe1e80d tempest-AttachVolumeMultiAttachTest-1543991123 None] Running cmd (subprocess): sudo cinder-rootwrap /etc/cinder/rootwrap.conf env LC_ALL=C lvs --noheadings --unit=g -o vg_name,name,size --nosuffix --readonly stack-volumes-lvmdriver-1/volume-7de57b72-9b0d-4df9-9db7-b7a36adf476e {{(pid=107814) execute /usr/local/lib/python3.12/site-packages/oslo_concurrency/processutils.py:349}}
Nov 21 15:37:53.127873 np0005531460.novalocal sudo[134772]: stack : PWD=/ ; USER=root ; COMMAND=/usr/local/bin/cinder-rootwrap /etc/cinder/rootwrap.conf env LC_ALL=C lvs --noheadings --unit=g -o vg_name,name,size --nosuffix --readonly stack-volumes-lvmdriver-1/volume-7de57b72-9b0d-4df9-9db7-b7a36adf476e
Nov 21 15:37:53.502949 np0005531460.novalocal cinder-volume[107814]: DEBUG oslo_concurrency.processutils [req-86d66529-844d-49a6-a342-eb2b329f16b3 req-dec75696-b42d-4859-abf7-bf802fe1e80d tempest-AttachVolumeMultiAttachTest-1543991123 None] CMD "sudo cinder-rootwrap /etc/cinder/rootwrap.conf env LC_ALL=C lvs --noheadings --unit=g -o vg_name,name,size --nosuffix --readonly stack-volumes-lvmdriver-1/volume-7de57b72-9b0d-4df9-9db7-b7a36adf476e" returned: 0 in 0.403s {{(pid=107814) execute /usr/local/lib/python3.12/site-packages/oslo_concurrency/processutils.py:372}}
Nov 21 15:37:53.503894 np0005531460.novalocal cinder-volume[107814]: DEBUG oslo_concurrency.processutils [req-86d66529-844d-49a6-a342-eb2b329f16b3 req-dec75696-b42d-4859-abf7-bf802fe1e80d tempest-AttachVolumeMultiAttachTest-1543991123 None] Running cmd (subprocess): sudo cinder-rootwrap /etc/cinder/rootwrap.conf env LC_ALL=C lvcreate --name _snapshot-8b9632a5-91e0-4468-a1b7-4c3601daf21f --snapshot stack-volumes-lvmdriver-1/volume-7de57b72-9b0d-4df9-9db7-b7a36adf476e {{(pid=107814) execute /usr/local/lib/python3.12/site-packages/oslo_concurrency/processutils.py:349}}
Nov 21 15:37:53.531985 np0005531460.novalocal sudo[134778]: stack : PWD=/ ; USER=root ; COMMAND=/usr/local/bin/cinder-rootwrap /etc/cinder/rootwrap.conf env LC_ALL=C lvcreate --name _snapshot-8b9632a5-91e0-4468-a1b7-4c3601daf21f --snapshot stack-volumes-lvmdriver-1/volume-7de57b72-9b0d-4df9-9db7-b7a36adf476e
Nov 21 15:37:53.988738 np0005531460.novalocal cinder-volume[107814]: DEBUG oslo_concurrency.processutils [req-86d66529-844d-49a6-a342-eb2b329f16b3 req-dec75696-b42d-4859-abf7-bf802fe1e80d tempest-AttachVolumeMultiAttachTest-1543991123 None] CMD "sudo cinder-rootwrap /etc/cinder/rootwrap.conf env LC_ALL=C lvcreate --name _snapshot-8b9632a5-91e0-4468-a1b7-4c3601daf21f --snapshot stack-volumes-lvmdriver-1/volume-7de57b72-9b0d-4df9-9db7-b7a36adf476e" returned: 0 in 0.484s {{(pid=107814) execute /usr/local/lib/python3.12/site-packages/oslo_concurrency/processutils.py:372}}
Nov 21 15:37:54.038332 np0005531460.novalocal cinder-volume[107814]: INFO cinder.volume.manager [req-86d66529-844d-49a6-a342-eb2b329f16b3 req-dec75696-b42d-4859-abf7-bf802fe1e80d tempest-AttachVolumeMultiAttachTest-1543991123 None] Create snapshot completed successfully
Nov 21 15:37:59.566600 np0005531460.novalocal cinder-volume[107814]: DEBUG oslo_concurrency.lockutils [req-da922ebc-81f5-4a5e-acbf-3129b8dadb4b req-d152802a-26f7-498a-b36a-46520ffb3cf2 tempest-AttachVolumeMultiAttachTest-1543991123 None] Acquiring lock "lioadm" by "cinder.volume.targets.lio.LioAdm._execute" {{(pid=107814) inner /usr/local/lib/python3.12/site-packages/oslo_concurrency/lockutils.py:405}}
Nov 21 15:37:59.567294 np0005531460.novalocal cinder-volume[107814]: DEBUG oslo_concurrency.lockutils [req-da922ebc-81f5-4a5e-acbf-3129b8dadb4b req-d152802a-26f7-498a-b36a-46520ffb3cf2 tempest-AttachVolumeMultiAttachTest-1543991123 None] Lock "lioadm" acquired by "cinder.volume.targets.lio.LioAdm._execute" :: waited 0.001s {{(pid=107814) inner /usr/local/lib/python3.12/site-packages/oslo_concurrency/lockutils.py:410}}
Nov 21 15:37:59.567899 np0005531460.novalocal cinder-volume[107814]: DEBUG oslo_concurrency.processutils [req-da922ebc-81f5-4a5e-acbf-3129b8dadb4b req-d152802a-26f7-498a-b36a-46520ffb3cf2 tempest-AttachVolumeMultiAttachTest-1543991123 None] Running cmd (subprocess): sudo cinder-rootwrap /etc/cinder/rootwrap.conf cinder-rtstool delete-initiator iqn.2010-10.org.openstack:volume-7de57b72-9b0d-4df9-9db7-b7a36adf476e iqn.1994-05.com.redhat:1e2adedf8ac {{(pid=107814) execute /usr/local/lib/python3.12/site-packages/oslo_concurrency/processutils.py:349}}
Nov 21 15:37:59.593846 np0005531460.novalocal sudo[134923]: stack : PWD=/ ; USER=root ; COMMAND=/usr/local/bin/cinder-rootwrap /etc/cinder/rootwrap.conf cinder-rtstool delete-initiator iqn.2010-10.org.openstack:volume-7de57b72-9b0d-4df9-9db7-b7a36adf476e iqn.1994-05.com.redhat:1e2adedf8ac
Nov 21 15:38:00.163818 np0005531460.novalocal cinder-volume[107814]: DEBUG oslo_concurrency.processutils [req-da922ebc-81f5-4a5e-acbf-3129b8dadb4b req-d152802a-26f7-498a-b36a-46520ffb3cf2 tempest-AttachVolumeMultiAttachTest-1543991123 None] CMD "sudo cinder-rootwrap /etc/cinder/rootwrap.conf cinder-rtstool delete-initiator iqn.2010-10.org.openstack:volume-7de57b72-9b0d-4df9-9db7-b7a36adf476e iqn.1994-05.com.redhat:1e2adedf8ac" returned: 0 in 0.595s {{(pid=107814) execute /usr/local/lib/python3.12/site-packages/oslo_concurrency/processutils.py:372}}
Nov 21 15:38:00.164452 np0005531460.novalocal cinder-volume[107814]: DEBUG oslo_concurrency.lockutils [req-da922ebc-81f5-4a5e-acbf-3129b8dadb4b req-d152802a-26f7-498a-b36a-46520ffb3cf2 tempest-AttachVolumeMultiAttachTest-1543991123 None] Lock "lioadm" "released" by "cinder.volume.targets.lio.LioAdm._execute" :: held 0.597s {{(pid=107814) inner /usr/local/lib/python3.12/site-packages/oslo_concurrency/lockutils.py:424}}
Nov 21 15:38:00.164762 np0005531460.novalocal cinder-volume[107814]: DEBUG oslo_concurrency.lockutils [req-da922ebc-81f5-4a5e-acbf-3129b8dadb4b req-d152802a-26f7-498a-b36a-46520ffb3cf2 tempest-AttachVolumeMultiAttachTest-1543991123 None] Acquiring lock "lioadm" by "cinder.volume.targets.lio.LioAdm._execute" {{(pid=107814) inner /usr/local/lib/python3.12/site-packages/oslo_concurrency/lockutils.py:405}}
Nov 21 15:38:00.165681 np0005531460.novalocal cinder-volume[107814]: DEBUG oslo_concurrency.lockutils [req-da922ebc-81f5-4a5e-acbf-3129b8dadb4b req-d152802a-26f7-498a-b36a-46520ffb3cf2 tempest-AttachVolumeMultiAttachTest-1543991123 None] Lock "lioadm" acquired by "cinder.volume.targets.lio.LioAdm._execute" :: waited 0.001s {{(pid=107814) inner /usr/local/lib/python3.12/site-packages/oslo_concurrency/lockutils.py:410}}
Nov 21 15:38:00.167170 np0005531460.novalocal cinder-volume[107814]: DEBUG oslo_concurrency.processutils [req-da922ebc-81f5-4a5e-acbf-3129b8dadb4b req-d152802a-26f7-498a-b36a-46520ffb3cf2 tempest-AttachVolumeMultiAttachTest-1543991123 None] Running cmd (subprocess): sudo cinder-rootwrap /etc/cinder/rootwrap.conf cinder-rtstool save {{(pid=107814) execute /usr/local/lib/python3.12/site-packages/oslo_concurrency/processutils.py:349}}
Nov 21 15:38:00.213953 np0005531460.novalocal sudo[134966]: stack : PWD=/ ; USER=root ; COMMAND=/usr/local/bin/cinder-rootwrap /etc/cinder/rootwrap.conf cinder-rtstool save
Nov 21 15:38:00.809936 np0005531460.novalocal cinder-volume[107814]: DEBUG oslo_concurrency.processutils [req-da922ebc-81f5-4a5e-acbf-3129b8dadb4b req-d152802a-26f7-498a-b36a-46520ffb3cf2 tempest-AttachVolumeMultiAttachTest-1543991123 None] CMD "sudo cinder-rootwrap /etc/cinder/rootwrap.conf cinder-rtstool save" returned: 0 in 0.640s {{(pid=107814) execute /usr/local/lib/python3.12/site-packages/oslo_concurrency/processutils.py:372}}
Nov 21 15:38:00.809936 np0005531460.novalocal cinder-volume[107814]: DEBUG oslo_concurrency.lockutils [req-da922ebc-81f5-4a5e-acbf-3129b8dadb4b req-d152802a-26f7-498a-b36a-46520ffb3cf2 tempest-AttachVolumeMultiAttachTest-1543991123 None] Lock "lioadm" "released" by "cinder.volume.targets.lio.LioAdm._execute" :: held 0.642s {{(pid=107814) inner /usr/local/lib/python3.12/site-packages/oslo_concurrency/lockutils.py:424}}
Nov 21 15:38:00.809936 np0005531460.novalocal cinder-volume[107814]: INFO cinder.volume.manager [req-da922ebc-81f5-4a5e-acbf-3129b8dadb4b req-d152802a-26f7-498a-b36a-46520ffb3cf2 tempest-AttachVolumeMultiAttachTest-1543991123 None] Terminate volume connection completed successfully.
Nov 21 15:38:00.809936 np0005531460.novalocal cinder-volume[107814]: DEBUG cinder.volume.manager [req-da922ebc-81f5-4a5e-acbf-3129b8dadb4b req-d152802a-26f7-498a-b36a-46520ffb3cf2 tempest-AttachVolumeMultiAttachTest-1543991123 None] Deleting attachment 3807adb5-1f23-4767-9abb-5e05edfe9f1a. {{(pid=107814) attachment_delete /opt/stack/cinder/cinder/volume/manager.py:5023}}
Nov 21 15:38:00.809936 np0005531460.novalocal cinder-volume[107814]: DEBUG oslo_concurrency.lockutils [req-da922ebc-81f5-4a5e-acbf-3129b8dadb4b req-d152802a-26f7-498a-b36a-46520ffb3cf2 tempest-AttachVolumeMultiAttachTest-1543991123 None] Acquiring lock "lioadm" by "cinder.volume.targets.lio.LioAdm._execute" {{(pid=107814) inner /usr/local/lib/python3.12/site-packages/oslo_concurrency/lockutils.py:405}}
Nov 21 15:38:00.810440 np0005531460.novalocal cinder-volume[107814]: DEBUG oslo_concurrency.lockutils [req-da922ebc-81f5-4a5e-acbf-3129b8dadb4b req-d152802a-26f7-498a-b36a-46520ffb3cf2 tempest-AttachVolumeMultiAttachTest-1543991123 None] Lock "lioadm" acquired by "cinder.volume.targets.lio.LioAdm._execute" :: waited 0.001s {{(pid=107814) inner /usr/local/lib/python3.12/site-packages/oslo_concurrency/lockutils.py:410}}
Nov 21 15:38:00.810947 np0005531460.novalocal cinder-volume[107814]: DEBUG oslo_concurrency.processutils [req-da922ebc-81f5-4a5e-acbf-3129b8dadb4b req-d152802a-26f7-498a-b36a-46520ffb3cf2 tempest-AttachVolumeMultiAttachTest-1543991123 None] Running cmd (subprocess): sudo cinder-rootwrap /etc/cinder/rootwrap.conf cinder-rtstool get-targets {{(pid=107814) execute /usr/local/lib/python3.12/site-packages/oslo_concurrency/processutils.py:349}}
Nov 21 15:38:00.845827 np0005531460.novalocal sudo[134973]: stack : PWD=/ ; USER=root ; COMMAND=/usr/local/bin/cinder-rootwrap /etc/cinder/rootwrap.conf cinder-rtstool get-targets
Nov 21 15:38:01.390256 np0005531460.novalocal cinder-volume[107814]: DEBUG oslo_concurrency.processutils [req-da922ebc-81f5-4a5e-acbf-3129b8dadb4b req-d152802a-26f7-498a-b36a-46520ffb3cf2 tempest-AttachVolumeMultiAttachTest-1543991123 None] CMD "sudo cinder-rootwrap /etc/cinder/rootwrap.conf cinder-rtstool get-targets" returned: 0 in 0.579s {{(pid=107814) execute /usr/local/lib/python3.12/site-packages/oslo_concurrency/processutils.py:372}}
Nov 21 15:38:01.390596 np0005531460.novalocal cinder-volume[107814]: DEBUG oslo_concurrency.lockutils [req-da922ebc-81f5-4a5e-acbf-3129b8dadb4b req-d152802a-26f7-498a-b36a-46520ffb3cf2 tempest-AttachVolumeMultiAttachTest-1543991123 None] Lock "lioadm" "released" by "cinder.volume.targets.lio.LioAdm._execute" :: held 0.581s {{(pid=107814) inner /usr/local/lib/python3.12/site-packages/oslo_concurrency/lockutils.py:424}}
Nov 21 15:38:01.390803 np0005531460.novalocal cinder-volume[107814]: INFO cinder.volume.targets.lio [req-da922ebc-81f5-4a5e-acbf-3129b8dadb4b req-d152802a-26f7-498a-b36a-46520ffb3cf2 tempest-AttachVolumeMultiAttachTest-1543991123 None] Removing iscsi_target: 7de57b72-9b0d-4df9-9db7-b7a36adf476e
Nov 21 15:38:01.390946 np0005531460.novalocal cinder-volume[107814]: DEBUG oslo_concurrency.lockutils [req-da922ebc-81f5-4a5e-acbf-3129b8dadb4b req-d152802a-26f7-498a-b36a-46520ffb3cf2 tempest-AttachVolumeMultiAttachTest-1543991123 None] Acquiring lock "lioadm" by "cinder.volume.targets.lio.LioAdm._execute" {{(pid=107814) inner /usr/local/lib/python3.12/site-packages/oslo_concurrency/lockutils.py:405}}
Nov 21 15:38:01.391319 np0005531460.novalocal cinder-volume[107814]: DEBUG oslo_concurrency.lockutils [req-da922ebc-81f5-4a5e-acbf-3129b8dadb4b req-d152802a-26f7-498a-b36a-46520ffb3cf2 tempest-AttachVolumeMultiAttachTest-1543991123 None] Lock "lioadm" acquired by "cinder.volume.targets.lio.LioAdm._execute" :: waited 0.000s {{(pid=107814) inner /usr/local/lib/python3.12/site-packages/oslo_concurrency/lockutils.py:410}}
Nov 21 15:38:01.391673 np0005531460.novalocal cinder-volume[107814]: DEBUG oslo_concurrency.processutils [req-da922ebc-81f5-4a5e-acbf-3129b8dadb4b req-d152802a-26f7-498a-b36a-46520ffb3cf2 tempest-AttachVolumeMultiAttachTest-1543991123 None] Running cmd (subprocess): sudo cinder-rootwrap /etc/cinder/rootwrap.conf cinder-rtstool delete iqn.2010-10.org.openstack:volume-7de57b72-9b0d-4df9-9db7-b7a36adf476e {{(pid=107814) execute /usr/local/lib/python3.12/site-packages/oslo_concurrency/processutils.py:349}}
Nov 21 15:38:01.433303 np0005531460.novalocal sudo[134979]: stack : PWD=/ ; USER=root ; COMMAND=/usr/local/bin/cinder-rootwrap /etc/cinder/rootwrap.conf cinder-rtstool delete iqn.2010-10.org.openstack:volume-7de57b72-9b0d-4df9-9db7-b7a36adf476e
Nov 21 15:38:02.148227 np0005531460.novalocal cinder-volume[107814]: DEBUG oslo_concurrency.processutils [req-da922ebc-81f5-4a5e-acbf-3129b8dadb4b req-d152802a-26f7-498a-b36a-46520ffb3cf2 tempest-AttachVolumeMultiAttachTest-1543991123 None] CMD "sudo cinder-rootwrap /etc/cinder/rootwrap.conf cinder-rtstool delete iqn.2010-10.org.openstack:volume-7de57b72-9b0d-4df9-9db7-b7a36adf476e" returned: 0 in 0.756s {{(pid=107814) execute /usr/local/lib/python3.12/site-packages/oslo_concurrency/processutils.py:372}}
Nov 21 15:38:02.148642 np0005531460.novalocal cinder-volume[107814]: DEBUG oslo_concurrency.lockutils [req-da922ebc-81f5-4a5e-acbf-3129b8dadb4b req-d152802a-26f7-498a-b36a-46520ffb3cf2 tempest-AttachVolumeMultiAttachTest-1543991123 None] Lock "lioadm" "released" by "cinder.volume.targets.lio.LioAdm._execute" :: held 0.757s {{(pid=107814) inner /usr/local/lib/python3.12/site-packages/oslo_concurrency/lockutils.py:424}}
Nov 21 15:38:02.148853 np0005531460.novalocal cinder-volume[107814]: DEBUG oslo_concurrency.lockutils [req-da922ebc-81f5-4a5e-acbf-3129b8dadb4b req-d152802a-26f7-498a-b36a-46520ffb3cf2 tempest-AttachVolumeMultiAttachTest-1543991123 None] Acquiring lock "lioadm" by "cinder.volume.targets.lio.LioAdm._execute" {{(pid=107814) inner /usr/local/lib/python3.12/site-packages/oslo_concurrency/lockutils.py:405}}
