Nov 21 15:44:35.880033 np0005531460.novalocal cinder-volume[107814]: DEBUG cinder.volume.manager [None req-b3e11611-2e68-46d1-b82d-8026218bbf92 tempest-SnapshotMetadataTestJSON-194540237 None] Flow 'volume_create_manager' (2bfbf560-3832-4c7e-911c-75bae9578118) transitioned into state 'SUCCESS' from state 'RUNNING' {{(pid=107814) _flow_receiver /usr/local/lib/python3.12/site-packages/taskflow/listeners/logging.py:145}}
Nov 21 15:44:35.883871 np0005531460.novalocal cinder-volume[107814]: INFO cinder.volume.manager [None req-b3e11611-2e68-46d1-b82d-8026218bbf92 tempest-SnapshotMetadataTestJSON-194540237 None] Created volume successfully.
Nov 21 15:44:36.458689 np0005531460.novalocal cinder-volume[107814]: DEBUG oslo_concurrency.processutils [None req-aec79da9-f7e6-4b6f-b3ed-fcf62df880ec tempest-SnapshotMetadataTestJSON-194540237 None] Running cmd (subprocess): sudo cinder-rootwrap /etc/cinder/rootwrap.conf env LC_ALL=C lvs --noheadings --unit=g -o vg_name,name,size --nosuffix --readonly stack-volumes-lvmdriver-1/volume-0ca83b09-4cd8-43a0-b963-d6904fc566fd {{(pid=107814) execute /usr/local/lib/python3.12/site-packages/oslo_concurrency/processutils.py:349}}
Nov 21 15:44:36.489339 np0005531460.novalocal sudo[142410]: stack : PWD=/ ; USER=root ; COMMAND=/usr/local/bin/cinder-rootwrap /etc/cinder/rootwrap.conf env LC_ALL=C lvs --noheadings --unit=g -o vg_name,name,size --nosuffix --readonly stack-volumes-lvmdriver-1/volume-0ca83b09-4cd8-43a0-b963-d6904fc566fd
Nov 21 15:44:36.906374 np0005531460.novalocal cinder-volume[107814]: DEBUG oslo_concurrency.processutils [None req-aec79da9-f7e6-4b6f-b3ed-fcf62df880ec tempest-SnapshotMetadataTestJSON-194540237 None] CMD "sudo cinder-rootwrap /etc/cinder/rootwrap.conf env LC_ALL=C lvs --noheadings --unit=g -o vg_name,name,size --nosuffix --readonly stack-volumes-lvmdriver-1/volume-0ca83b09-4cd8-43a0-b963-d6904fc566fd" returned: 0 in 0.447s {{(pid=107814) execute /usr/local/lib/python3.12/site-packages/oslo_concurrency/processutils.py:372}}
Nov 21 15:44:36.907800 np0005531460.novalocal cinder-volume[107814]: DEBUG oslo_concurrency.processutils [None req-aec79da9-f7e6-4b6f-b3ed-fcf62df880ec tempest-SnapshotMetadataTestJSON-194540237 None] Running cmd (subprocess): sudo cinder-rootwrap /etc/cinder/rootwrap.conf env LC_ALL=C lvcreate --name _snapshot-5559caa8-b366-47ef-b9a0-07bab8ac794d --snapshot stack-volumes-lvmdriver-1/volume-0ca83b09-4cd8-43a0-b963-d6904fc566fd {{(pid=107814) execute /usr/local/lib/python3.12/site-packages/oslo_concurrency/processutils.py:349}}
Nov 21 15:44:36.938603 np0005531460.novalocal sudo[142417]: stack : PWD=/ ; USER=root ; COMMAND=/usr/local/bin/cinder-rootwrap /etc/cinder/rootwrap.conf env LC_ALL=C lvcreate --name _snapshot-5559caa8-b366-47ef-b9a0-07bab8ac794d --snapshot stack-volumes-lvmdriver-1/volume-0ca83b09-4cd8-43a0-b963-d6904fc566fd
Nov 21 15:44:37.610158 np0005531460.novalocal cinder-volume[107814]: DEBUG oslo_concurrency.processutils [None req-aec79da9-f7e6-4b6f-b3ed-fcf62df880ec tempest-SnapshotMetadataTestJSON-194540237 None] CMD "sudo cinder-rootwrap /etc/cinder/rootwrap.conf env LC_ALL=C lvcreate --name _snapshot-5559caa8-b366-47ef-b9a0-07bab8ac794d --snapshot stack-volumes-lvmdriver-1/volume-0ca83b09-4cd8-43a0-b963-d6904fc566fd" returned: 0 in 0.702s {{(pid=107814) execute /usr/local/lib/python3.12/site-packages/oslo_concurrency/processutils.py:372}}
Nov 21 15:44:37.627042 np0005531460.novalocal cinder-volume[107814]: INFO cinder.volume.manager [None req-aec79da9-f7e6-4b6f-b3ed-fcf62df880ec tempest-SnapshotMetadataTestJSON-194540237 None] Create snapshot completed successfully
Nov 21 15:44:39.088541 np0005531460.novalocal cinder-volume[107814]: DEBUG cinder.coordination [None req-05fea672-4166-47dc-b3e2-65ed26c3e804 tempest-SnapshotMetadataTestJSON-194540237 None] Acquiring lock "cinder-5559caa8-b366-47ef-b9a0-07bab8ac794d-delete_snapshot" by "delete_snapshot" {{(pid=107814) __acquire /opt/stack/cinder/cinder/coordination.py:143}}
Nov 21 15:44:39.099284 np0005531460.novalocal cinder-volume[107814]: DEBUG cinder.coordination [None req-05fea672-4166-47dc-b3e2-65ed26c3e804 tempest-SnapshotMetadataTestJSON-194540237 None] Lock "cinder-5559caa8-b366-47ef-b9a0-07bab8ac794d-delete_snapshot" acquired by "delete_snapshot" :: waited 0.011s {{(pid=107814) __acquire /opt/stack/cinder/cinder/coordination.py:146}}
Nov 21 15:44:39.101608 np0005531460.novalocal cinder-volume[107814]: DEBUG oslo_concurrency.processutils [None req-05fea672-4166-47dc-b3e2-65ed26c3e804 tempest-SnapshotMetadataTestJSON-194540237 None] Running cmd (subprocess): sudo cinder-rootwrap /etc/cinder/rootwrap.conf env LC_ALL=C lvs --noheadings --unit=g -o vg_name,name,size --nosuffix --readonly stack-volumes-lvmdriver-1/_snapshot-5559caa8-b366-47ef-b9a0-07bab8ac794d {{(pid=107814) execute /usr/local/lib/python3.12/site-packages/oslo_concurrency/processutils.py:349}}
Nov 21 15:44:39.130590 np0005531460.novalocal sudo[142433]: stack : PWD=/ ; USER=root ; COMMAND=/usr/local/bin/cinder-rootwrap /etc/cinder/rootwrap.conf env LC_ALL=C lvs --noheadings --unit=g -o vg_name,name,size --nosuffix --readonly stack-volumes-lvmdriver-1/_snapshot-5559caa8-b366-47ef-b9a0-07bab8ac794d
Nov 21 15:44:39.526981 np0005531460.novalocal cinder-volume[107814]: DEBUG oslo_concurrency.processutils [None req-05fea672-4166-47dc-b3e2-65ed26c3e804 tempest-SnapshotMetadataTestJSON-194540237 None] CMD "sudo cinder-rootwrap /etc/cinder/rootwrap.conf env LC_ALL=C lvs --noheadings --unit=g -o vg_name,name,size --nosuffix --readonly stack-volumes-lvmdriver-1/_snapshot-5559caa8-b366-47ef-b9a0-07bab8ac794d" returned: 0 in 0.425s {{(pid=107814) execute /usr/local/lib/python3.12/site-packages/oslo_concurrency/processutils.py:372}}
Nov 21 15:44:39.528402 np0005531460.novalocal cinder-volume[107814]: DEBUG oslo_concurrency.processutils [None req-05fea672-4166-47dc-b3e2-65ed26c3e804 tempest-SnapshotMetadataTestJSON-194540237 None] Running cmd (subprocess): sudo cinder-rootwrap /etc/cinder/rootwrap.conf lvremove --config activation { retry_deactivation = 1} -f stack-volumes-lvmdriver-1/_snapshot-5559caa8-b366-47ef-b9a0-07bab8ac794d {{(pid=107814) execute /usr/local/lib/python3.12/site-packages/oslo_concurrency/processutils.py:349}}
Nov 21 15:44:39.569329 np0005531460.novalocal sudo[142439]: stack : PWD=/ ; USER=root ; COMMAND=/usr/local/bin/cinder-rootwrap /etc/cinder/rootwrap.conf lvremove --config 'activation { retry_deactivation = 1} ' -f stack-volumes-lvmdriver-1/_snapshot-5559caa8-b366-47ef-b9a0-07bab8ac794d
Nov 21 15:44:40.047662 np0005531460.novalocal cinder-volume[107814]: DEBUG oslo_concurrency.processutils [None req-05fea672-4166-47dc-b3e2-65ed26c3e804 tempest-SnapshotMetadataTestJSON-194540237 None] CMD "sudo cinder-rootwrap /etc/cinder/rootwrap.conf lvremove --config activation { retry_deactivation = 1} -f stack-volumes-lvmdriver-1/_snapshot-5559caa8-b366-47ef-b9a0-07bab8ac794d" returned: 0 in 0.519s {{(pid=107814) execute /usr/local/lib/python3.12/site-packages/oslo_concurrency/processutils.py:372}}
Nov 21 15:44:40.107646 np0005531460.novalocal cinder-volume[107814]: DEBUG cinder.quota [None req-05fea672-4166-47dc-b3e2-65ed26c3e804 tempest-SnapshotMetadataTestJSON-194540237 None] Created reservations ['9a736706-7bee-4380-ad2f-af937462da31', 'df978c6a-3ad2-4d7f-8be5-6eecfe950b30', '95989f2a-f683-4d0e-a134-550a98f5904a', '06305140-4c32-473f-9f20-52c26a7e5e49'] {{(pid=107814) reserve /opt/stack/cinder/cinder/quota.py:752}}
Nov 21 15:44:40.155318 np0005531460.novalocal cinder-volume[107814]: INFO cinder.volume.manager [None req-05fea672-4166-47dc-b3e2-65ed26c3e804 tempest-SnapshotMetadataTestJSON-194540237 None] Delete snapshot completed successfully.
Nov 21 15:44:40.162260 np0005531460.novalocal cinder-volume[107814]: DEBUG cinder.coordination [None req-05fea672-4166-47dc-b3e2-65ed26c3e804 tempest-SnapshotMetadataTestJSON-194540237 None] Lock "cinder-5559caa8-b366-47ef-b9a0-07bab8ac794d-delete_snapshot" released by "delete_snapshot" :: held 1.062s {{(pid=107814) __release /opt/stack/cinder/cinder/coordination.py:157}}
Nov 21 15:44:40.288764 np0005531460.novalocal cinder-volume[107814]: DEBUG cinder.coordination [None req-7bdb4c18-5d71-4274-94d0-5daeda93081b tempest-SnapshotMetadataTestJSON-194540237 None] Acquiring lock "cinder-0ca83b09-4cd8-43a0-b963-d6904fc566fd-delete_volume" by "delete_volume" {{(pid=107814) __acquire /opt/stack/cinder/cinder/coordination.py:143}}
Nov 21 15:44:40.298331 np0005531460.novalocal cinder-volume[107814]: DEBUG cinder.coordination [None req-7bdb4c18-5d71-4274-94d0-5daeda93081b tempest-SnapshotMetadataTestJSON-194540237 None] Lock "cinder-0ca83b09-4cd8-43a0-b963-d6904fc566fd-delete_volume" acquired by "delete_volume" :: waited 0.010s {{(pid=107814) __acquire /opt/stack/cinder/cinder/coordination.py:146}}
Nov 21 15:44:40.320798 np0005531460.novalocal cinder-volume[107814]: INFO cinder.volume.targets.iscsi [None req-7bdb4c18-5d71-4274-94d0-5daeda93081b tempest-SnapshotMetadataTestJSON-194540237 None] Skipping remove_export. No iscsi_target is presently exported for volume: 0ca83b09-4cd8-43a0-b963-d6904fc566fd
Nov 21 15:44:40.320798 np0005531460.novalocal cinder-volume[107814]: DEBUG oslo_concurrency.processutils [None req-7bdb4c18-5d71-4274-94d0-5daeda93081b tempest-SnapshotMetadataTestJSON-194540237 None] Running cmd (subprocess): sudo cinder-rootwrap /etc/cinder/rootwrap.conf env LC_ALL=C lvs --noheadings --unit=g -o vg_name,name,size --nosuffix --readonly stack-volumes-lvmdriver-1/volume-0ca83b09-4cd8-43a0-b963-d6904fc566fd {{(pid=107814) execute /usr/local/lib/python3.12/site-packages/oslo_concurrency/processutils.py:349}}
Nov 21 15:44:40.353647 np0005531460.novalocal sudo[142509]: stack : PWD=/ ; USER=root ; COMMAND=/usr/local/bin/cinder-rootwrap /etc/cinder/rootwrap.conf env LC_ALL=C lvs --noheadings --unit=g -o vg_name,name,size --nosuffix --readonly stack-volumes-lvmdriver-1/volume-0ca83b09-4cd8-43a0-b963-d6904fc566fd
Nov 21 15:44:40.755980 np0005531460.novalocal cinder-volume[107814]: DEBUG oslo_concurrency.processutils [None req-7bdb4c18-5d71-4274-94d0-5daeda93081b tempest-SnapshotMetadataTestJSON-194540237 None] CMD "sudo cinder-rootwrap /etc/cinder/rootwrap.conf env LC_ALL=C lvs --noheadings --unit=g -o vg_name,name,size --nosuffix --readonly stack-volumes-lvmdriver-1/volume-0ca83b09-4cd8-43a0-b963-d6904fc566fd" returned: 0 in 0.435s {{(pid=107814) execute /usr/local/lib/python3.12/site-packages/oslo_concurrency/processutils.py:372}}
Nov 21 15:44:40.758587 np0005531460.novalocal cinder-volume[107814]: DEBUG oslo_concurrency.processutils [None req-7bdb4c18-5d71-4274-94d0-5daeda93081b tempest-SnapshotMetadataTestJSON-194540237 None] Running cmd (subprocess): sudo cinder-rootwrap /etc/cinder/rootwrap.conf env LC_ALL=C lvdisplay --noheading -C -o Attr --readonly stack-volumes-lvmdriver-1/volume-0ca83b09-4cd8-43a0-b963-d6904fc566fd {{(pid=107814) execute /usr/local/lib/python3.12/site-packages/oslo_concurrency/processutils.py:349}}
Nov 21 15:44:40.786141 np0005531460.novalocal sudo[142523]: stack : PWD=/ ; USER=root ; COMMAND=/usr/local/bin/cinder-rootwrap /etc/cinder/rootwrap.conf env LC_ALL=C lvdisplay --noheading -C -o Attr --readonly stack-volumes-lvmdriver-1/volume-0ca83b09-4cd8-43a0-b963-d6904fc566fd
Nov 21 15:44:41.123017 np0005531460.novalocal cinder-volume[107814]: DEBUG oslo_concurrency.processutils [None req-7bdb4c18-5d71-4274-94d0-5daeda93081b tempest-SnapshotMetadataTestJSON-194540237 None] CMD "sudo cinder-rootwrap /etc/cinder/rootwrap.conf env LC_ALL=C lvdisplay --noheading -C -o Attr --readonly stack-volumes-lvmdriver-1/volume-0ca83b09-4cd8-43a0-b963-d6904fc566fd" returned: 0 in 0.365s {{(pid=107814) execute /usr/local/lib/python3.12/site-packages/oslo_concurrency/processutils.py:372}}
Nov 21 15:44:41.124004 np0005531460.novalocal cinder-volume[107814]: DEBUG oslo_concurrency.processutils [None req-7bdb4c18-5d71-4274-94d0-5daeda93081b tempest-SnapshotMetadataTestJSON-194540237 None] Running cmd (subprocess): sudo cinder-rootwrap /etc/cinder/rootwrap.conf lvremove --config activation { retry_deactivation = 1} -f stack-volumes-lvmdriver-1/volume-0ca83b09-4cd8-43a0-b963-d6904fc566fd {{(pid=107814) execute /usr/local/lib/python3.12/site-packages/oslo_concurrency/processutils.py:349}}
Nov 21 15:44:41.159004 np0005531460.novalocal sudo[142528]: stack : PWD=/ ; USER=root ; COMMAND=/usr/local/bin/cinder-rootwrap /etc/cinder/rootwrap.conf lvremove --config 'activation { retry_deactivation = 1} ' -f stack-volumes-lvmdriver-1/volume-0ca83b09-4cd8-43a0-b963-d6904fc566fd
Nov 21 15:44:41.533975 np0005531460.novalocal cinder-volume[107814]: DEBUG oslo_concurrency.processutils [None req-7bdb4c18-5d71-4274-94d0-5daeda93081b tempest-SnapshotMetadataTestJSON-194540237 None] CMD "sudo cinder-rootwrap /etc/cinder/rootwrap.conf lvremove --config activation { retry_deactivation = 1} -f stack-volumes-lvmdriver-1/volume-0ca83b09-4cd8-43a0-b963-d6904fc566fd" returned: 0 in 0.409s {{(pid=107814) execute /usr/local/lib/python3.12/site-packages/oslo_concurrency/processutils.py:372}}
Nov 21 15:44:41.533975 np0005531460.novalocal cinder-volume[107814]: INFO cinder.volume.drivers.lvm [None req-7bdb4c18-5d71-4274-94d0-5daeda93081b tempest-SnapshotMetadataTestJSON-194540237 None] Successfully deleted volume: 0ca83b09-4cd8-43a0-b963-d6904fc566fd
Nov 21 15:44:41.565510 np0005531460.novalocal cinder-volume[107814]: DEBUG cinder.quota [None req-7bdb4c18-5d71-4274-94d0-5daeda93081b tempest-SnapshotMetadataTestJSON-194540237 None] Created reservations ['e128d1da-bfcd-45d8-a50c-00ea6ea56a45', '442ceb2d-e584-44f2-a0a0-3dd8496584f7', '04899768-5268-4e3c-90ac-30628492b6fb', 'e45693d4-d80f-4fbe-8dc4-986c8f0018db'] {{(pid=107814) reserve /opt/stack/cinder/cinder/quota.py:752}}
Nov 21 15:44:41.591936 np0005531460.novalocal cinder-volume[107814]: DEBUG cinder.volume.drivers.lvm [None req-7bdb4c18-5d71-4274-94d0-5daeda93081b tempest-SnapshotMetadataTestJSON-194540237 None] Updating volume stats {{(pid=107814) _update_volume_stats /opt/stack/cinder/cinder/volume/drivers/lvm.py:228}}
Nov 21 15:44:41.591936 np0005531460.novalocal cinder-volume[107814]: DEBUG oslo_concurrency.processutils [None req-7bdb4c18-5d71-4274-94d0-5daeda93081b tempest-SnapshotMetadataTestJSON-194540237 None] Running cmd (subprocess): sudo cinder-rootwrap /etc/cinder/rootwrap.conf env LC_ALL=C vgs --noheadings --unit=g -o name,size,free,lv_count,uuid --separator : --nosuffix stack-volumes-lvmdriver-1 {{(pid=107814) execute /usr/local/lib/python3.12/site-packages/oslo_concurrency/processutils.py:349}}
Nov 21 15:44:41.617320 np0005531460.novalocal sudo[142536]: stack : PWD=/ ; USER=root ; COMMAND=/usr/local/bin/cinder-rootwrap /etc/cinder/rootwrap.conf env LC_ALL=C vgs --noheadings --unit=g -o name,size,free,lv_count,uuid --separator : --nosuffix stack-volumes-lvmdriver-1
Nov 21 15:44:41.963095 np0005531460.novalocal cinder-volume[107814]: DEBUG oslo_concurrency.processutils [None req-7bdb4c18-5d71-4274-94d0-5daeda93081b tempest-SnapshotMetadataTestJSON-194540237 None] CMD "sudo cinder-rootwrap /etc/cinder/rootwrap.conf env LC_ALL=C vgs --noheadings --unit=g -o name,size,free,lv_count,uuid --separator : --nosuffix stack-volumes-lvmdriver-1" returned: 0 in 0.370s {{(pid=107814) execute /usr/local/lib/python3.12/site-packages/oslo_concurrency/processutils.py:372}}
Nov 21 15:44:41.963095 np0005531460.novalocal cinder-volume[107814]: DEBUG oslo_concurrency.processutils [None req-7bdb4c18-5d71-4274-94d0-5daeda93081b tempest-SnapshotMetadataTestJSON-194540237 None] Running cmd (subprocess): sudo cinder-rootwrap /etc/cinder/rootwrap.conf env LC_ALL=C lvs --noheadings --unit=g -o vg_name,name,size --nosuffix --readonly stack-volumes-lvmdriver-1 {{(pid=107814) execute /usr/local/lib/python3.12/site-packages/oslo_concurrency/processutils.py:349}}
Nov 21 15:44:42.008482 np0005531460.novalocal sudo[142541]: stack : PWD=/ ; USER=root ; COMMAND=/usr/local/bin/cinder-rootwrap /etc/cinder/rootwrap.conf env LC_ALL=C lvs --noheadings --unit=g -o vg_name,name,size --nosuffix --readonly stack-volumes-lvmdriver-1
Nov 21 15:44:42.350003 np0005531460.novalocal cinder-volume[107814]: DEBUG oslo_concurrency.processutils [None req-7bdb4c18-5d71-4274-94d0-5daeda93081b tempest-SnapshotMetadataTestJSON-194540237 None] CMD "sudo cinder-rootwrap /etc/cinder/rootwrap.conf env LC_ALL=C lvs --noheadings --unit=g -o vg_name,name,size --nosuffix --readonly stack-volumes-lvmdriver-1" returned: 0 in 0.383s {{(pid=107814) execute /usr/local/lib/python3.12/site-packages/oslo_concurrency/processutils.py:372}}
Nov 21 15:44:42.350003 np0005531460.novalocal cinder-volume[107814]: DEBUG oslo_concurrency.processutils [None req-7bdb4c18-5d71-4274-94d0-5daeda93081b tempest-SnapshotMetadataTestJSON-194540237 None] Running cmd (subprocess): sudo cinder-rootwrap /etc/cinder/rootwrap.conf env LC_ALL=C lvs --noheadings --unit=g -o size,data_percent --separator : --nosuffix /dev/stack-volumes-lvmdriver-1/stack-volumes-lvmdriver-1-pool {{(pid=107814) execute /usr/local/lib/python3.12/site-packages/oslo_concurrency/processutils.py:349}}
Nov 21 15:44:42.370466 np0005531460.novalocal sudo[142546]: stack : PWD=/ ; USER=root ; COMMAND=/usr/local/bin/cinder-rootwrap /etc/cinder/rootwrap.conf env LC_ALL=C lvs --noheadings --unit=g -o size,data_percent --separator : --nosuffix /dev/stack-volumes-lvmdriver-1/stack-volumes-lvmdriver-1-pool
Nov 21 15:44:42.737706 np0005531460.novalocal cinder-volume[107814]: DEBUG oslo_concurrency.processutils [None req-7bdb4c18-5d71-4274-94d0-5daeda93081b tempest-SnapshotMetadataTestJSON-194540237 None] CMD "sudo cinder-rootwrap /etc/cinder/rootwrap.conf env LC_ALL=C lvs --noheadings --unit=g -o size,data_percent --separator : --nosuffix /dev/stack-volumes-lvmdriver-1/stack-volumes-lvmdriver-1-pool" returned: 0 in 0.390s {{(pid=107814) execute /usr/local/lib/python3.12/site-packages/oslo_concurrency/processutils.py:372}}
Nov 21 15:44:42.739533 np0005531460.novalocal cinder-volume[107814]: DEBUG oslo_concurrency.processutils [None req-7bdb4c18-5d71-4274-94d0-5daeda93081b tempest-SnapshotMetadataTestJSON-194540237 None] Running cmd (subprocess): sudo cinder-rootwrap /etc/cinder/rootwrap.conf env LC_ALL=C lvs --noheadings --unit=g -o vg_name,name,size --nosuffix --readonly stack-volumes-lvmdriver-1 {{(pid=107814) execute /usr/local/lib/python3.12/site-packages/oslo_concurrency/processutils.py:349}}
Nov 21 15:44:42.768043 np0005531460.novalocal sudo[142552]: stack : PWD=/ ; USER=root ; COMMAND=/usr/local/bin/cinder-rootwrap /etc/cinder/rootwrap.conf env LC_ALL=C lvs --noheadings --unit=g -o vg_name,name,size --nosuffix --readonly stack-volumes-lvmdriver-1
Nov 21 15:44:43.131457 np0005531460.novalocal cinder-volume[107814]: DEBUG oslo_concurrency.processutils [None req-7bdb4c18-5d71-4274-94d0-5daeda93081b tempest-SnapshotMetadataTestJSON-194540237 None] CMD "sudo cinder-rootwrap /etc/cinder/rootwrap.conf env LC_ALL=C lvs --noheadings --unit=g -o vg_name,name,size --nosuffix --readonly stack-volumes-lvmdriver-1" returned: 0 in 0.391s {{(pid=107814) execute /usr/local/lib/python3.12/site-packages/oslo_concurrency/processutils.py:372}}
Nov 21 15:44:43.132535 np0005531460.novalocal cinder-volume[107814]: DEBUG cinder.manager [None req-7bdb4c18-5d71-4274-94d0-5daeda93081b tempest-SnapshotMetadataTestJSON-194540237 None] Notifying Schedulers of capabilities ... {{(pid=107814) _publish_service_capabilities /opt/stack/cinder/cinder/manager.py:202}}
Nov 21 15:44:43.138419 np0005531460.novalocal cinder-volume[107814]: INFO cinder.volume.manager [None req-7bdb4c18-5d71-4274-94d0-5daeda93081b tempest-SnapshotMetadataTestJSON-194540237 None] Deleted volume successfully.
Nov 21 15:44:43.150008 np0005531460.novalocal cinder-volume[107814]: DEBUG cinder.coordination [None req-7bdb4c18-5d71-4274-94d0-5daeda93081b tempest-SnapshotMetadataTestJSON-194540237 None] Lock "cinder-0ca83b09-4cd8-43a0-b963-d6904fc566fd-delete_volume" released by "delete_volume" :: held 2.852s {{(pid=107814) __release /opt/stack/cinder/cinder/coordination.py:157}}
Nov 21 15:44:44.550229 np0005531460.novalocal cinder-volume[107814]: DEBUG cinder.volume.flows.manager.create_volume [None req-8fc8f7f0-8369-4bde-a053-667b20bca932 tempest-AbsoluteLimitsTests-147834384 None] Volume reschedule parameters: True retry: {'num_attempts': 1, 'backends': ['np0005531460.novalocal@lvmdriver-1#lvmdriver-1'], 'hosts': ['np0005531460.novalocal@lvmdriver-1#lvmdriver-1']} {{(pid=107814) get_flow /opt/stack/cinder/cinder/volume/flows/manager/create_volume.py:1384}}
Nov 21 15:44:44.557536 np0005531460.novalocal cinder-volume[107814]: DEBUG cinder.volume.manager [None req-8fc8f7f0-8369-4bde-a053-667b20bca932 tempest-AbsoluteLimitsTests-147834384 None] Flow 'volume_create_manager' (7a0a8edd-46e9-4219-b953-bc20026790bd) transitioned into state 'RUNNING' from state 'PENDING' {{(pid=107814) _flow_receiver /usr/local/lib/python3.12/site-packages/taskflow/listeners/logging.py:145}}
Nov 21 15:44:44.559535 np0005531460.novalocal cinder-volume[107814]: DEBUG cinder.volume.manager [None req-8fc8f7f0-8369-4bde-a053-667b20bca932 tempest-AbsoluteLimitsTests-147834384 None] Task 'cinder.volume.flows.manager.create_volume.ExtractVolumeRefTask;volume:create' (70f4343b-ecc0-4383-acea-5d90c4ef78d5) transitioned into state 'RUNNING' from state 'PENDING' {{(pid=107814) _task_receiver /usr/local/lib/python3.12/site-packages/taskflow/listeners/logging.py:194}}
Nov 21 15:44:44.569005 np0005531460.novalocal cinder-volume[107814]: DEBUG cinder.volume.manager [None req-8fc8f7f0-8369-4bde-a053-667b20bca932 tempest-AbsoluteLimitsTests-147834384 None] Task 'cinder.volume.flows.manager.create_volume.ExtractVolumeRefTask;volume:create' (70f4343b-ecc0-4383-acea-5d90c4ef78d5) transitioned into state 'SUCCESS' from state 'RUNNING' with result 'Volume(_name_id=None,admin_metadata=,attach_status='detached',availability_zone='nova',bootable=False,cluster=,cluster_name=None,consistencygroup=,consistencygroup_id=None,created_at=2025-11-21T20:44:44Z,deleted=False,deleted_at=None,display_description=None,display_name='tempest-AbsoluteLimitsTests-Volume-312683882',ec2_id=None,encryption_key_id=None,glance_metadata=,group=,group_id=None,host='np0005531460.novalocal@lvmdriver-1#lvmdriver-1',id=571d4f36-bb7c-453e-97cd-23ca2c7daaf0,launched_at=None,metadata={},migration_status=None,multiattach=False,previous_status=None,project_id='9efb038de4f4498da182b734e2bc5269',provider_auth=None,provider_geometry=None,provider_id=None,provider_location=None,replication_driver_data=None,replication_extended_status=None,replication_status=None,scheduled_at=2025-11-21T20:44:44Z,service_uuid=None,shared_targets=True,size=1,snapshot_id=None,snapshots=,source_volid=None,status='creating',terminated_at=None,updated_at=2025-11-21T20:44:44Z,use_quota=True,user_id='92c4c90a534f4781aa92ef6e0e79472b',volume_attachment=VolumeAttachmentList,volume_type=VolumeType(099441c3-a89d-49d9-8e0f-b86f1daa5de4),volume_type_id=099441c3-a89d-49d9-8e0f-b86f1daa5de4)' {{(pid=107814) _task_receiver /usr/local/lib/python3.12/site-packages/taskflow/listeners/logging.py:182}}
Nov 21 15:44:44.570522 np0005531460.novalocal cinder-volume[107814]: DEBUG cinder.volume.manager [None req-8fc8f7f0-8369-4bde-a053-667b20bca932 tempest-AbsoluteLimitsTests-147834384 None] Task 'cinder.volume.flows.manager.create_volume.OnFailureRescheduleTask;volume:create' (3b2c11a3-3c20-443f-b4f9-5e660999db9c) transitioned into state 'RUNNING' from state 'PENDING' {{(pid=107814) _task_receiver /usr/local/lib/python3.12/site-packages/taskflow/listeners/logging.py:194}}
Nov 21 15:44:44.571712 np0005531460.novalocal cinder-volume[107814]: DEBUG cinder.volume.manager [None req-8fc8f7f0-8369-4bde-a053-667b20bca932 tempest-AbsoluteLimitsTests-147834384 None] Task 'cinder.volume.flows.manager.create_volume.OnFailureRescheduleTask;volume:create' (3b2c11a3-3c20-443f-b4f9-5e660999db9c) transitioned into state 'SUCCESS' from state 'RUNNING' with result 'None' {{(pid=107814) _task_receiver /usr/local/lib/python3.12/site-packages/taskflow/listeners/logging.py:182}}
Nov 21 15:44:44.573147 np0005531460.novalocal cinder-volume[107814]: DEBUG cinder.volume.manager [None req-8fc8f7f0-8369-4bde-a053-667b20bca932 tempest-AbsoluteLimitsTests-147834384 None] Task 'cinder.volume.flows.manager.create_volume.ExtractVolumeSpecTask;volume:create' (602d382b-3aed-42e0-97ae-fbc7e2ff6806) transitioned into state 'RUNNING' from state 'PENDING' {{(pid=107814) _task_receiver /usr/local/lib/python3.12/site-packages/taskflow/listeners/logging.py:194}}
Nov 21 15:44:44.574645 np0005531460.novalocal cinder-volume[107814]: DEBUG cinder.volume.manager [None req-8fc8f7f0-8369-4bde-a053-667b20bca932 tempest-AbsoluteLimitsTests-147834384 None] Task 'cinder.volume.flows.manager.create_volume.ExtractVolumeSpecTask;volume:create' (602d382b-3aed-42e0-97ae-fbc7e2ff6806) transitioned into state 'SUCCESS' from state 'RUNNING' with result '{'status': 'creating', 'type': 'raw', 'volume_id': '571d4f36-bb7c-453e-97cd-23ca2c7daaf0', 'volume_name': 'volume-571d4f36-bb7c-453e-97cd-23ca2c7daaf0', 'volume_size': 1}' {{(pid=107814) _task_receiver /usr/local/lib/python3.12/site-packages/taskflow/listeners/logging.py:182}}
Nov 21 15:44:44.576119 np0005531460.novalocal cinder-volume[107814]: DEBUG cinder.volume.manager [None req-8fc8f7f0-8369-4bde-a053-667b20bca932 tempest-AbsoluteLimitsTests-147834384 None] Task 'cinder.volume.flows.manager.create_volume.NotifyVolumeActionTask;volume:create, create.start' (de722dfe-16b3-444d-a1da-57331cbd6eeb) transitioned into state 'RUNNING' from state 'PENDING' {{(pid=107814) _task_receiver /usr/local/lib/python3.12/site-packages/taskflow/listeners/logging.py:194}}
Nov 21 15:44:44.577423 np0005531460.novalocal cinder-volume[107814]: DEBUG cinder.volume.manager [None req-8fc8f7f0-8369-4bde-a053-667b20bca932 tempest-AbsoluteLimitsTests-147834384 None] Task 'cinder.volume.flows.manager.create_volume.NotifyVolumeActionTask;volume:create, create.start' (de722dfe-16b3-444d-a1da-57331cbd6eeb) transitioned into state 'SUCCESS' from state 'RUNNING' with result 'None' {{(pid=107814) _task_receiver /usr/local/lib/python3.12/site-packages/taskflow/listeners/logging.py:182}}
Nov 21 15:44:44.578837 np0005531460.novalocal cinder-volume[107814]: DEBUG cinder.volume.manager [None req-8fc8f7f0-8369-4bde-a053-667b20bca932 tempest-AbsoluteLimitsTests-147834384 None] Task 'cinder.volume.flows.manager.create_volume.CreateVolumeFromSpecTask;volume:create' (6cea5391-9f2c-4d7e-9c51-2c2581813ae6) transitioned into state 'RUNNING' from state 'PENDING' {{(pid=107814) _task_receiver /usr/local/lib/python3.12/site-packages/taskflow/listeners/logging.py:194}}
Nov 21 15:44:44.579165 np0005531460.novalocal cinder-volume[107814]: INFO cinder.volume.flows.manager.create_volume [None req-8fc8f7f0-8369-4bde-a053-667b20bca932 tempest-AbsoluteLimitsTests-147834384 None] Volume 571d4f36-bb7c-453e-97cd-23ca2c7daaf0: being created as raw with specification: {'status': 'creating', 'volume_name': 'volume-571d4f36-bb7c-453e-97cd-23ca2c7daaf0', 'volume_size': 1}
Nov 21 15:44:44.579549 np0005531460.novalocal cinder-volume[107814]: DEBUG oslo_concurrency.processutils [None req-8fc8f7f0-8369-4bde-a053-667b20bca932 tempest-AbsoluteLimitsTests-147834384 None] Running cmd (subprocess): sudo cinder-rootwrap /etc/cinder/rootwrap.conf env LC_ALL=C lvcreate -T -V 1g -n volume-571d4f36-bb7c-453e-97cd-23ca2c7daaf0 stack-volumes-lvmdriver-1/stack-volumes-lvmdriver-1-pool {{(pid=107814) execute /usr/local/lib/python3.12/site-packages/oslo_concurrency/processutils.py:349}}
Nov 21 15:44:44.632791 np0005531460.novalocal sudo[142661]: stack : PWD=/ ; USER=root ; COMMAND=/usr/local/bin/cinder-rootwrap /etc/cinder/rootwrap.conf env LC_ALL=C lvcreate -T -V 1g -n volume-571d4f36-bb7c-453e-97cd-23ca2c7daaf0 stack-volumes-lvmdriver-1/stack-volumes-lvmdriver-1-pool
Nov 21 15:44:45.079520 np0005531460.novalocal cinder-volume[107814]: DEBUG oslo_concurrency.processutils [None req-8fc8f7f0-8369-4bde-a053-667b20bca932 tempest-AbsoluteLimitsTests-147834384 None] CMD "sudo cinder-rootwrap /etc/cinder/rootwrap.conf env LC_ALL=C lvcreate -T -V 1g -n volume-571d4f36-bb7c-453e-97cd-23ca2c7daaf0 stack-volumes-lvmdriver-1/stack-volumes-lvmdriver-1-pool" returned: 0 in 0.499s {{(pid=107814) execute /usr/local/lib/python3.12/site-packages/oslo_concurrency/processutils.py:372}}
Nov 21 15:44:45.081011 np0005531460.novalocal cinder-volume[107814]: DEBUG cinder.volume.manager [None req-8fc8f7f0-8369-4bde-a053-667b20bca932 tempest-AbsoluteLimitsTests-147834384 None] Task 'cinder.volume.flows.manager.create_volume.CreateVolumeFromSpecTask;volume:create' (6cea5391-9f2c-4d7e-9c51-2c2581813ae6) transitioned into state 'SUCCESS' from state 'RUNNING' with result '{'status': 'creating', 'volume_name': 'volume-571d4f36-bb7c-453e-97cd-23ca2c7daaf0', 'volume_size': 1}' {{(pid=107814) _task_receiver /usr/local/lib/python3.12/site-packages/taskflow/listeners/logging.py:182}}
Nov 21 15:44:45.082813 np0005531460.novalocal cinder-volume[107814]: DEBUG cinder.volume.manager [None req-8fc8f7f0-8369-4bde-a053-667b20bca932 tempest-AbsoluteLimitsTests-147834384 None] Task 'cinder.volume.flows.manager.create_volume.CreateVolumeOnFinishTask;volume:create, create.end' (c44ec522-1bc7-47d1-a9da-4b61afde83f6) transitioned into state 'RUNNING' from state 'PENDING' {{(pid=107814) _task_receiver /usr/local/lib/python3.12/site-packages/taskflow/listeners/logging.py:194}}
Nov 21 15:44:45.089164 np0005531460.novalocal cinder-volume[107814]: INFO cinder.volume.flows.manager.create_volume [None req-8fc8f7f0-8369-4bde-a053-667b20bca932 tempest-AbsoluteLimitsTests-147834384 None] Volume volume-571d4f36-bb7c-453e-97cd-23ca2c7daaf0 (571d4f36-bb7c-453e-97cd-23ca2c7daaf0): created successfully
Nov 21 15:44:45.090480 np0005531460.novalocal cinder-volume[107814]: DEBUG cinder.volume.manager [None req-8fc8f7f0-8369-4bde-a053-667b20bca932 tempest-AbsoluteLimitsTests-147834384 None] Task 'cinder.volume.flows.manager.create_volume.CreateVolumeOnFinishTask;volume:create, create.end' (c44ec522-1bc7-47d1-a9da-4b61afde83f6) transitioned into state 'SUCCESS' from state 'RUNNING' with result 'None' {{(pid=107814) _task_receiver /usr/local/lib/python3.12/site-packages/taskflow/listeners/logging.py:182}}
Nov 21 15:44:45.092130 np0005531460.novalocal cinder-volume[107814]: DEBUG cinder.volume.manager [None req-8fc8f7f0-8369-4bde-a053-667b20bca932 tempest-AbsoluteLimitsTests-147834384 None] Flow 'volume_create_manager' (7a0a8edd-46e9-4219-b953-bc20026790bd) transitioned into state 'SUCCESS' from state 'RUNNING' {{(pid=107814) _flow_receiver /usr/local/lib/python3.12/site-packages/taskflow/listeners/logging.py:145}}
Nov 21 15:44:45.096452 np0005531460.novalocal cinder-volume[107814]: INFO cinder.volume.manager [None req-8fc8f7f0-8369-4bde-a053-667b20bca932 tempest-AbsoluteLimitsTests-147834384 None] Created volume successfully.
Nov 21 15:44:45.675431 np0005531460.novalocal cinder-volume[107814]: DEBUG cinder.coordination [None req-535c2b51-9601-40b8-bf8e-d4d4cd445b48 tempest-AbsoluteLimitsTests-147834384 None] Acquiring lock "cinder-571d4f36-bb7c-453e-97cd-23ca2c7daaf0-delete_volume" by "delete_volume" {{(pid=107814) __acquire /opt/stack/cinder/cinder/coordination.py:143}}
Nov 21 15:44:45.683842 np0005531460.novalocal cinder-volume[107814]: DEBUG cinder.coordination [None req-535c2b51-9601-40b8-bf8e-d4d4cd445b48 tempest-AbsoluteLimitsTests-147834384 None] Lock "cinder-571d4f36-bb7c-453e-97cd-23ca2c7daaf0-delete_volume" acquired by "delete_volume" :: waited 0.008s {{(pid=107814) __acquire /opt/stack/cinder/cinder/coordination.py:146}}
Nov 21 15:44:45.733066 np0005531460.novalocal cinder-volume[107814]: INFO cinder.volume.targets.iscsi [None req-535c2b51-9601-40b8-bf8e-d4d4cd445b48 tempest-AbsoluteLimitsTests-147834384 None] Skipping remove_export. No iscsi_target is presently exported for volume: 571d4f36-bb7c-453e-97cd-23ca2c7daaf0
Nov 21 15:44:45.733578 np0005531460.novalocal cinder-volume[107814]: DEBUG oslo_concurrency.processutils [None req-535c2b51-9601-40b8-bf8e-d4d4cd445b48 tempest-AbsoluteLimitsTests-147834384 None] Running cmd (subprocess): sudo cinder-rootwrap /etc/cinder/rootwrap.conf env LC_ALL=C lvs --noheadings --unit=g -o vg_name,name,size --nosuffix --readonly stack-volumes-lvmdriver-1/volume-571d4f36-bb7c-453e-97cd-23ca2c7daaf0 {{(pid=107814) execute /usr/local/lib/python3.12/site-packages/oslo_concurrency/processutils.py:349}}
Nov 21 15:44:45.764163 np0005531460.novalocal sudo[142715]: stack : PWD=/ ; USER=root ; COMMAND=/usr/local/bin/cinder-rootwrap /etc/cinder/rootwrap.conf env LC_ALL=C lvs --noheadings --unit=g -o vg_name,name,size --nosuffix --readonly stack-volumes-lvmdriver-1/volume-571d4f36-bb7c-453e-97cd-23ca2c7daaf0
Nov 21 15:44:45.813258 np0005531460.novalocal cinder-volume[107814]: DEBUG cinder.volume.flows.manager.create_volume [None req-87cc00c1-51b4-4336-bcb2-d2d296f2981a tempest-VolumesSnapshotTestJSON-591229851 None] Volume reschedule parameters: True retry: {'num_attempts': 1, 'backends': ['np0005531460.novalocal@lvmdriver-1#lvmdriver-1'], 'hosts': ['np0005531460.novalocal@lvmdriver-1#lvmdriver-1']} {{(pid=107814) get_flow /opt/stack/cinder/cinder/volume/flows/manager/create_volume.py:1384}}
Nov 21 15:44:45.826650 np0005531460.novalocal cinder-volume[107814]: DEBUG cinder.volume.manager [None req-87cc00c1-51b4-4336-bcb2-d2d296f2981a tempest-VolumesSnapshotTestJSON-591229851 None] Flow 'volume_create_manager' (508db991-ba8a-4a5f-befc-5e4e5a33b649) transitioned into state 'RUNNING' from state 'PENDING' {{(pid=107814) _flow_receiver /usr/local/lib/python3.12/site-packages/taskflow/listeners/logging.py:145}}
Nov 21 15:44:45.832722 np0005531460.novalocal cinder-volume[107814]: DEBUG cinder.volume.manager [None req-87cc00c1-51b4-4336-bcb2-d2d296f2981a tempest-VolumesSnapshotTestJSON-591229851 None] Task 'cinder.volume.flows.manager.create_volume.ExtractVolumeRefTask;volume:create' (05074c0f-43a8-464d-8606-58e6dc191259) transitioned into state 'RUNNING' from state 'PENDING' {{(pid=107814) _task_receiver /usr/local/lib/python3.12/site-packages/taskflow/listeners/logging.py:194}}
Nov 21 15:44:45.841309 np0005531460.novalocal cinder-volume[107814]: DEBUG cinder.volume.manager [None req-87cc00c1-51b4-4336-bcb2-d2d296f2981a tempest-VolumesSnapshotTestJSON-591229851 None] Task 'cinder.volume.flows.manager.create_volume.ExtractVolumeRefTask;volume:create' (05074c0f-43a8-464d-8606-58e6dc191259) transitioned into state 'SUCCESS' from state 'RUNNING' with result 'Volume(_name_id=None,admin_metadata=,attach_status='detached',availability_zone='nova',bootable=False,cluster=,cluster_name=None,consistencygroup=,consistencygroup_id=None,created_at=2025-11-21T20:44:45Z,deleted=False,deleted_at=None,display_description=None,display_name='tempest-VolumesSnapshotTestJSON-Volume-1948047061',ec2_id=None,encryption_key_id=None,glance_metadata=,group=,group_id=None,host='np0005531460.novalocal@lvmdriver-1#lvmdriver-1',id=9c1a3edc-b2e4-4d0a-91b8-2e7927922a43,launched_at=None,metadata={},migration_status=None,multiattach=False,previous_status=None,project_id='3b0b29d08f624beea07311e5d7808f9d',provider_auth=None,provider_geometry=None,provider_id=None,provider_location=None,replication_driver_data=None,replication_extended_status=None,replication_status=None,scheduled_at=2025-11-21T20:44:45Z,service_uuid=None,shared_targets=True,size=1,snapshot_id=None,snapshots=,source_volid=None,status='creating',terminated_at=None,updated_at=2025-11-21T20:44:45Z,use_quota=True,user_id='da0e13bccf5b45dd9ed5da34c845ffea',volume_attachment=VolumeAttachmentList,volume_type=VolumeType(099441c3-a89d-49d9-8e0f-b86f1daa5de4),volume_type_id=099441c3-a89d-49d9-8e0f-b86f1daa5de4)' {{(pid=107814) _task_receiver /usr/local/lib/python3.12/site-packages/taskflow/listeners/logging.py:182}}
Nov 21 15:44:45.843491 np0005531460.novalocal cinder-volume[107814]: DEBUG cinder.volume.manager [None req-87cc00c1-51b4-4336-bcb2-d2d296f2981a tempest-VolumesSnapshotTestJSON-591229851 None] Task 'cinder.volume.flows.manager.create_volume.OnFailureRescheduleTask;volume:create' (39e528a7-dff7-4fa2-ad06-d5d76b0b57df) transitioned into state 'RUNNING' from state 'PENDING' {{(pid=107814) _task_receiver /usr/local/lib/python3.12/site-packages/taskflow/listeners/logging.py:194}}
Nov 21 15:44:45.844873 np0005531460.novalocal cinder-volume[107814]: DEBUG cinder.volume.manager [None req-87cc00c1-51b4-4336-bcb2-d2d296f2981a tempest-VolumesSnapshotTestJSON-591229851 None] Task 'cinder.volume.flows.manager.create_volume.OnFailureRescheduleTask;volume:create' (39e528a7-dff7-4fa2-ad06-d5d76b0b57df) transitioned into state 'SUCCESS' from state 'RUNNING' with result 'None' {{(pid=107814) _task_receiver /usr/local/lib/python3.12/site-packages/taskflow/listeners/logging.py:182}}
Nov 21 15:44:45.846708 np0005531460.novalocal cinder-volume[107814]: DEBUG cinder.volume.manager [None req-87cc00c1-51b4-4336-bcb2-d2d296f2981a tempest-VolumesSnapshotTestJSON-591229851 None] Task 'cinder.volume.flows.manager.create_volume.ExtractVolumeSpecTask;volume:create' (96b9c7d8-0389-4334-ad5f-77fb0a015d86) transitioned into state 'RUNNING' from state 'PENDING' {{(pid=107814) _task_receiver /usr/local/lib/python3.12/site-packages/taskflow/listeners/logging.py:194}}
Nov 21 15:44:45.848276 np0005531460.novalocal cinder-volume[107814]: DEBUG cinder.volume.manager [None req-87cc00c1-51b4-4336-bcb2-d2d296f2981a tempest-VolumesSnapshotTestJSON-591229851 None] Task 'cinder.volume.flows.manager.create_volume.ExtractVolumeSpecTask;volume:create' (96b9c7d8-0389-4334-ad5f-77fb0a015d86) transitioned into state 'SUCCESS' from state 'RUNNING' with result '{'status': 'creating', 'type': 'raw', 'volume_id': '9c1a3edc-b2e4-4d0a-91b8-2e7927922a43', 'volume_name': 'volume-9c1a3edc-b2e4-4d0a-91b8-2e7927922a43', 'volume_size': 1}' {{(pid=107814) _task_receiver /usr/local/lib/python3.12/site-packages/taskflow/listeners/logging.py:182}}
Nov 21 15:44:45.850178 np0005531460.novalocal cinder-volume[107814]: DEBUG cinder.volume.manager [None req-87cc00c1-51b4-4336-bcb2-d2d296f2981a tempest-VolumesSnapshotTestJSON-591229851 None] Task 'cinder.volume.flows.manager.create_volume.NotifyVolumeActionTask;volume:create, create.start' (c9c8088b-9f3c-4f94-9c52-90f5f68f69be) transitioned into state 'RUNNING' from state 'PENDING' {{(pid=107814) _task_receiver /usr/local/lib/python3.12/site-packages/taskflow/listeners/logging.py:194}}
Nov 21 15:44:45.851695 np0005531460.novalocal cinder-volume[107814]: DEBUG cinder.volume.manager [None req-87cc00c1-51b4-4336-bcb2-d2d296f2981a tempest-VolumesSnapshotTestJSON-591229851 None] Task 'cinder.volume.flows.manager.create_volume.NotifyVolumeActionTask;volume:create, create.start' (c9c8088b-9f3c-4f94-9c52-90f5f68f69be) transitioned into state 'SUCCESS' from state 'RUNNING' with result 'None' {{(pid=107814) _task_receiver /usr/local/lib/python3.12/site-packages/taskflow/listeners/logging.py:182}}
Nov 21 15:44:45.853417 np0005531460.novalocal cinder-volume[107814]: DEBUG cinder.volume.manager [None req-87cc00c1-51b4-4336-bcb2-d2d296f2981a tempest-VolumesSnapshotTestJSON-591229851 None] Task 'cinder.volume.flows.manager.create_volume.CreateVolumeFromSpecTask;volume:create' (39b5438f-b7d1-418c-9054-e2c8e342d793) transitioned into state 'RUNNING' from state 'PENDING' {{(pid=107814) _task_receiver /usr/local/lib/python3.12/site-packages/taskflow/listeners/logging.py:194}}
Nov 21 15:44:45.853873 np0005531460.novalocal cinder-volume[107814]: INFO cinder.volume.flows.manager.create_volume [None req-87cc00c1-51b4-4336-bcb2-d2d296f2981a tempest-VolumesSnapshotTestJSON-591229851 None] Volume 9c1a3edc-b2e4-4d0a-91b8-2e7927922a43: being created as raw with specification: {'status': 'creating', 'volume_name': 'volume-9c1a3edc-b2e4-4d0a-91b8-2e7927922a43', 'volume_size': 1}
Nov 21 15:44:45.854470 np0005531460.novalocal cinder-volume[107814]: DEBUG oslo_concurrency.processutils [None req-87cc00c1-51b4-4336-bcb2-d2d296f2981a tempest-VolumesSnapshotTestJSON-591229851 None] Running cmd (subprocess): sudo cinder-rootwrap /etc/cinder/rootwrap.conf env LC_ALL=C lvcreate -T -V 1g -n volume-9c1a3edc-b2e4-4d0a-91b8-2e7927922a43 stack-volumes-lvmdriver-1/stack-volumes-lvmdriver-1-pool {{(pid=107814) execute /usr/local/lib/python3.12/site-packages/oslo_concurrency/processutils.py:349}}
Nov 21 15:44:45.877506 np0005531460.novalocal sudo[142720]: stack : PWD=/ ; USER=root ; COMMAND=/usr/local/bin/cinder-rootwrap /etc/cinder/rootwrap.conf env LC_ALL=C lvcreate -T -V 1g -n volume-9c1a3edc-b2e4-4d0a-91b8-2e7927922a43 stack-volumes-lvmdriver-1/stack-volumes-lvmdriver-1-pool
Nov 21 15:44:46.126120 np0005531460.novalocal cinder-volume[107814]: DEBUG oslo_concurrency.processutils [None req-535c2b51-9601-40b8-bf8e-d4d4cd445b48 tempest-AbsoluteLimitsTests-147834384 None] CMD "sudo cinder-rootwrap /etc/cinder/rootwrap.conf env LC_ALL=C lvs --noheadings --unit=g -o vg_name,name,size --nosuffix --readonly stack-volumes-lvmdriver-1/volume-571d4f36-bb7c-453e-97cd-23ca2c7daaf0" returned: 0 in 0.392s {{(pid=107814) execute /usr/local/lib/python3.12/site-packages/oslo_concurrency/processutils.py:372}}
Nov 21 15:44:46.126945 np0005531460.novalocal cinder-volume[107814]: DEBUG oslo_concurrency.processutils [None req-535c2b51-9601-40b8-bf8e-d4d4cd445b48 tempest-AbsoluteLimitsTests-147834384 None] Running cmd (subprocess): sudo cinder-rootwrap /etc/cinder/rootwrap.conf env LC_ALL=C lvdisplay --noheading -C -o Attr --readonly stack-volumes-lvmdriver-1/volume-571d4f36-bb7c-453e-97cd-23ca2c7daaf0 {{(pid=107814) execute /usr/local/lib/python3.12/site-packages/oslo_concurrency/processutils.py:349}}
Nov 21 15:44:46.161925 np0005531460.novalocal sudo[142729]: stack : PWD=/ ; USER=root ; COMMAND=/usr/local/bin/cinder-rootwrap /etc/cinder/rootwrap.conf env LC_ALL=C lvdisplay --noheading -C -o Attr --readonly stack-volumes-lvmdriver-1/volume-571d4f36-bb7c-453e-97cd-23ca2c7daaf0
Nov 21 15:44:46.303074 np0005531460.novalocal cinder-volume[107814]: DEBUG oslo_concurrency.processutils [None req-87cc00c1-51b4-4336-bcb2-d2d296f2981a tempest-VolumesSnapshotTestJSON-591229851 None] CMD "sudo cinder-rootwrap /etc/cinder/rootwrap.conf env LC_ALL=C lvcreate -T -V 1g -n volume-9c1a3edc-b2e4-4d0a-91b8-2e7927922a43 stack-volumes-lvmdriver-1/stack-volumes-lvmdriver-1-pool" returned: 0 in 0.447s {{(pid=107814) execute /usr/local/lib/python3.12/site-packages/oslo_concurrency/processutils.py:372}}
Nov 21 15:44:46.303842 np0005531460.novalocal cinder-volume[107814]: DEBUG cinder.volume.manager [None req-87cc00c1-51b4-4336-bcb2-d2d296f2981a tempest-VolumesSnapshotTestJSON-591229851 None] Task 'cinder.volume.flows.manager.create_volume.CreateVolumeFromSpecTask;volume:create' (39b5438f-b7d1-418c-9054-e2c8e342d793) transitioned into state 'SUCCESS' from state 'RUNNING' with result '{'status': 'creating', 'volume_name': 'volume-9c1a3edc-b2e4-4d0a-91b8-2e7927922a43', 'volume_size': 1}' {{(pid=107814) _task_receiver /usr/local/lib/python3.12/site-packages/taskflow/listeners/logging.py:182}}
Nov 21 15:44:46.305997 np0005531460.novalocal cinder-volume[107814]: DEBUG cinder.volume.manager [None req-87cc00c1-51b4-4336-bcb2-d2d296f2981a tempest-VolumesSnapshotTestJSON-591229851 None] Task 'cinder.volume.flows.manager.create_volume.CreateVolumeOnFinishTask;volume:create, create.end' (9ca1d326-b4e2-4a96-87f4-f6568d8e1454) transitioned into state 'RUNNING' from state 'PENDING' {{(pid=107814) _task_receiver /usr/local/lib/python3.12/site-packages/taskflow/listeners/logging.py:194}}
Nov 21 15:44:46.313569 np0005531460.novalocal cinder-volume[107814]: INFO cinder.volume.flows.manager.create_volume [None req-87cc00c1-51b4-4336-bcb2-d2d296f2981a tempest-VolumesSnapshotTestJSON-591229851 None] Volume volume-9c1a3edc-b2e4-4d0a-91b8-2e7927922a43 (9c1a3edc-b2e4-4d0a-91b8-2e7927922a43): created successfully
Nov 21 15:44:46.314679 np0005531460.novalocal cinder-volume[107814]: DEBUG cinder.volume.manager [None req-87cc00c1-51b4-4336-bcb2-d2d296f2981a tempest-VolumesSnapshotTestJSON-591229851 None] Task 'cinder.volume.flows.manager.create_volume.CreateVolumeOnFinishTask;volume:create, create.end' (9ca1d326-b4e2-4a96-87f4-f6568d8e1454) transitioned into state 'SUCCESS' from state 'RUNNING' with result 'None' {{(pid=107814) _task_receiver /usr/local/lib/python3.12/site-packages/taskflow/listeners/logging.py:182}}
Nov 21 15:44:46.316196 np0005531460.novalocal cinder-volume[107814]: DEBUG cinder.volume.manager [None req-87cc00c1-51b4-4336-bcb2-d2d296f2981a tempest-VolumesSnapshotTestJSON-591229851 None] Flow 'volume_create_manager' (508db991-ba8a-4a5f-befc-5e4e5a33b649) transitioned into state 'SUCCESS' from state 'RUNNING' {{(pid=107814) _flow_receiver /usr/local/lib/python3.12/site-packages/taskflow/listeners/logging.py:145}}
Nov 21 15:44:46.321095 np0005531460.novalocal cinder-volume[107814]: INFO cinder.volume.manager [None req-87cc00c1-51b4-4336-bcb2-d2d296f2981a tempest-VolumesSnapshotTestJSON-591229851 None] Created volume successfully.
Nov 21 15:44:46.540944 np0005531460.novalocal cinder-volume[107814]: DEBUG oslo_concurrency.processutils [None req-535c2b51-9601-40b8-bf8e-d4d4cd445b48 tempest-AbsoluteLimitsTests-147834384 None] CMD "sudo cinder-rootwrap /etc/cinder/rootwrap.conf env LC_ALL=C lvdisplay --noheading -C -o Attr --readonly stack-volumes-lvmdriver-1/volume-571d4f36-bb7c-453e-97cd-23ca2c7daaf0" returned: 0 in 0.414s {{(pid=107814) execute /usr/local/lib/python3.12/site-packages/oslo_concurrency/processutils.py:372}}
Nov 21 15:44:46.541833 np0005531460.novalocal cinder-volume[107814]: DEBUG oslo_concurrency.processutils [None req-535c2b51-9601-40b8-bf8e-d4d4cd445b48 tempest-AbsoluteLimitsTests-147834384 None] Running cmd (subprocess): sudo cinder-rootwrap /etc/cinder/rootwrap.conf lvremove --config activation { retry_deactivation = 1} -f stack-volumes-lvmdriver-1/volume-571d4f36-bb7c-453e-97cd-23ca2c7daaf0 {{(pid=107814) execute /usr/local/lib/python3.12/site-packages/oslo_concurrency/processutils.py:349}}
Nov 21 15:44:46.561833 np0005531460.novalocal sudo[142741]: stack : PWD=/ ; USER=root ; COMMAND=/usr/local/bin/cinder-rootwrap /etc/cinder/rootwrap.conf lvremove --config 'activation { retry_deactivation = 1} ' -f stack-volumes-lvmdriver-1/volume-571d4f36-bb7c-453e-97cd-23ca2c7daaf0
Nov 21 15:44:46.765207 np0005531460.novalocal cinder-volume[107814]: DEBUG oslo_service.periodic_task [None req-b105bcdd-0988-4663-8b3c-4b6ff127e175 None None] Running periodic task VolumeManager.publish_service_capabilities {{(pid=107814) run_periodic_tasks /usr/local/lib/python3.12/site-packages/oslo_service/periodic_task.py:210}}
Nov 21 15:44:46.765675 np0005531460.novalocal cinder-volume[107814]: DEBUG cinder.volume.drivers.lvm [None req-b105bcdd-0988-4663-8b3c-4b6ff127e175 None None] Updating volume stats {{(pid=107814) _update_volume_stats /opt/stack/cinder/cinder/volume/drivers/lvm.py:228}}
Nov 21 15:44:46.766415 np0005531460.novalocal cinder-volume[107814]: DEBUG oslo_concurrency.processutils [None req-b105bcdd-0988-4663-8b3c-4b6ff127e175 None None] Running cmd (subprocess): sudo cinder-rootwrap /etc/cinder/rootwrap.conf env LC_ALL=C vgs --noheadings --unit=g -o name,size,free,lv_count,uuid --separator : --nosuffix stack-volumes-lvmdriver-1 {{(pid=107814) execute /usr/local/lib/python3.12/site-packages/oslo_concurrency/processutils.py:349}}
Nov 21 15:44:46.807595 np0005531460.novalocal sudo[142744]: stack : PWD=/ ; USER=root ; COMMAND=/usr/local/bin/cinder-rootwrap /etc/cinder/rootwrap.conf env LC_ALL=C vgs --noheadings --unit=g -o name,size,free,lv_count,uuid --separator : --nosuffix stack-volumes-lvmdriver-1
Nov 21 15:44:46.968180 np0005531460.novalocal cinder-volume[107814]: DEBUG oslo_concurrency.processutils [None req-535c2b51-9601-40b8-bf8e-d4d4cd445b48 tempest-AbsoluteLimitsTests-147834384 None] CMD "sudo cinder-rootwrap /etc/cinder/rootwrap.conf lvremove --config activation { retry_deactivation = 1} -f stack-volumes-lvmdriver-1/volume-571d4f36-bb7c-453e-97cd-23ca2c7daaf0" returned: 0 in 0.425s {{(pid=107814) execute /usr/local/lib/python3.12/site-packages/oslo_concurrency/processutils.py:372}}
Nov 21 15:44:46.968180 np0005531460.novalocal cinder-volume[107814]: INFO cinder.volume.drivers.lvm [None req-535c2b51-9601-40b8-bf8e-d4d4cd445b48 tempest-AbsoluteLimitsTests-147834384 None] Successfully deleted volume: 571d4f36-bb7c-453e-97cd-23ca2c7daaf0
Nov 21 15:44:47.004496 np0005531460.novalocal cinder-volume[107814]: DEBUG cinder.quota [None req-535c2b51-9601-40b8-bf8e-d4d4cd445b48 tempest-AbsoluteLimitsTests-147834384 None] Created reservations ['de780886-2389-4b45-8c17-794db2f56bbc', '700199e2-7a9c-44a2-91de-4086f13b2ae3', '10e34201-fe44-4139-b76e-30eb09dfab2e', '155a5f91-3485-431d-b8ff-0b97ca21b67c'] {{(pid=107814) reserve /opt/stack/cinder/cinder/quota.py:752}}
Nov 21 15:44:47.033444 np0005531460.novalocal cinder-volume[107814]: DEBUG cinder.volume.drivers.lvm [None req-535c2b51-9601-40b8-bf8e-d4d4cd445b48 tempest-AbsoluteLimitsTests-147834384 None] Updating volume stats {{(pid=107814) _update_volume_stats /opt/stack/cinder/cinder/volume/drivers/lvm.py:228}}
Nov 21 15:44:47.033722 np0005531460.novalocal cinder-volume[107814]: DEBUG oslo_concurrency.processutils [None req-535c2b51-9601-40b8-bf8e-d4d4cd445b48 tempest-AbsoluteLimitsTests-147834384 None] Running cmd (subprocess): sudo cinder-rootwrap /etc/cinder/rootwrap.conf env LC_ALL=C vgs --noheadings --unit=g -o name,size,free,lv_count,uuid --separator : --nosuffix stack-volumes-lvmdriver-1 {{(pid=107814) execute /usr/local/lib/python3.12/site-packages/oslo_concurrency/processutils.py:349}}
