Nov 21 15:46:54.016976 np0005531460.novalocal cinder-volume[107814]: DEBUG oslo_concurrency.processutils [req-2f2c0a61-66d2-4688-a96a-f66d427b4e95 req-dc730384-a8e1-42f1-9d26-565e1f716ffa tempest-VolumesBackupsTest-633227990 None] CMD "sudo cinder-rootwrap /etc/cinder/rootwrap.conf cinder-rtstool save" returned: 0 in 0.531s {{(pid=107814) execute /usr/local/lib/python3.12/site-packages/oslo_concurrency/processutils.py:372}}
Nov 21 15:46:54.018415 np0005531460.novalocal cinder-volume[107814]: DEBUG oslo_concurrency.lockutils [req-2f2c0a61-66d2-4688-a96a-f66d427b4e95 req-dc730384-a8e1-42f1-9d26-565e1f716ffa tempest-VolumesBackupsTest-633227990 None] Lock "lioadm" "released" by "cinder.volume.targets.lio.LioAdm._execute" :: held 0.533s {{(pid=107814) inner /usr/local/lib/python3.12/site-packages/oslo_concurrency/lockutils.py:424}}
Nov 21 15:46:54.043260 np0005531460.novalocal cinder-volume[107814]: DEBUG cinder.volume.manager [req-2f2c0a61-66d2-4688-a96a-f66d427b4e95 req-dc730384-a8e1-42f1-9d26-565e1f716ffa tempest-VolumesBackupsTest-633227990 None] Connection info returned from driver {'target_discovered': False, 'target_portal': '38.102.83.94:3260', 'target_iqn': 'iqn.2010-10.org.openstack:volume-bdef1043-6af8-4f7e-a163-b9104519911a', 'target_lun': 0, 'volume_id': 'bdef1043-6af8-4f7e-a163-b9104519911a', 'auth_method': 'CHAP', 'auth_username': 'RvK2MYHTRyJNBDqcD5AE', 'auth_password': '***', 'encrypted': False, 'qos_specs': None, 'access_mode': 'rw', 'cacheable': False, 'driver_volume_type': 'iscsi', 'attachment_id': '8145f64c-65f6-4fe0-a502-0537060d7873', 'enforce_multipath': True} {{(pid=107814) _connection_create /opt/stack/cinder/cinder/volume/manager.py:4892}}
Nov 21 15:46:54.067781 np0005531460.novalocal cinder-volume[107814]: INFO cinder.volume.manager [req-2f2c0a61-66d2-4688-a96a-f66d427b4e95 req-dc730384-a8e1-42f1-9d26-565e1f716ffa tempest-VolumesBackupsTest-633227990 None] attachment_update completed successfully.
Nov 21 15:46:55.862655 np0005531460.novalocal cinder-volume[107814]: DEBUG oslo_concurrency.processutils [req-e0723830-d5ef-4d67-bc11-5c35a91d46c8 req-d7cb24cb-a3a3-4391-8560-32400f06a93f tempest-ServerStableDeviceRescueTest-1365384294 None] Running cmd (subprocess): sudo cinder-rootwrap /etc/cinder/rootwrap.conf lvchange -a y --yes -K stack-volumes-lvmdriver-1/volume-1f31334b-da3d-4de9-bb6e-48cc28c10b12 {{(pid=107814) execute /usr/local/lib/python3.12/site-packages/oslo_concurrency/processutils.py:349}}
Nov 21 15:46:55.898414 np0005531460.novalocal sudo[145273]: stack : PWD=/ ; USER=root ; COMMAND=/usr/local/bin/cinder-rootwrap /etc/cinder/rootwrap.conf lvchange -a y --yes -K stack-volumes-lvmdriver-1/volume-1f31334b-da3d-4de9-bb6e-48cc28c10b12
Nov 21 15:46:56.289606 np0005531460.novalocal cinder-volume[107814]: DEBUG oslo_concurrency.processutils [req-e0723830-d5ef-4d67-bc11-5c35a91d46c8 req-d7cb24cb-a3a3-4391-8560-32400f06a93f tempest-ServerStableDeviceRescueTest-1365384294 None] CMD "sudo cinder-rootwrap /etc/cinder/rootwrap.conf lvchange -a y --yes -K stack-volumes-lvmdriver-1/volume-1f31334b-da3d-4de9-bb6e-48cc28c10b12" returned: 0 in 0.426s {{(pid=107814) execute /usr/local/lib/python3.12/site-packages/oslo_concurrency/processutils.py:372}}
Nov 21 15:46:56.305486 np0005531460.novalocal cinder-volume[107814]: INFO cinder.volume.targets.lio [req-e0723830-d5ef-4d67-bc11-5c35a91d46c8 req-d7cb24cb-a3a3-4391-8560-32400f06a93f tempest-ServerStableDeviceRescueTest-1365384294 None] Creating iscsi_target for volume: volume-1f31334b-da3d-4de9-bb6e-48cc28c10b12
Nov 21 15:46:56.305984 np0005531460.novalocal cinder-volume[107814]: DEBUG oslo_concurrency.lockutils [req-e0723830-d5ef-4d67-bc11-5c35a91d46c8 req-d7cb24cb-a3a3-4391-8560-32400f06a93f tempest-ServerStableDeviceRescueTest-1365384294 None] Acquiring lock "lioadm" by "cinder.volume.targets.lio.LioAdm._execute" {{(pid=107814) inner /usr/local/lib/python3.12/site-packages/oslo_concurrency/lockutils.py:405}}
Nov 21 15:46:56.307006 np0005531460.novalocal cinder-volume[107814]: DEBUG oslo_concurrency.lockutils [req-e0723830-d5ef-4d67-bc11-5c35a91d46c8 req-d7cb24cb-a3a3-4391-8560-32400f06a93f tempest-ServerStableDeviceRescueTest-1365384294 None] Lock "lioadm" acquired by "cinder.volume.targets.lio.LioAdm._execute" :: waited 0.001s {{(pid=107814) inner /usr/local/lib/python3.12/site-packages/oslo_concurrency/lockutils.py:410}}
Nov 21 15:46:56.307687 np0005531460.novalocal cinder-volume[107814]: DEBUG oslo_concurrency.processutils [req-e0723830-d5ef-4d67-bc11-5c35a91d46c8 req-d7cb24cb-a3a3-4391-8560-32400f06a93f tempest-ServerStableDeviceRescueTest-1365384294 None] Running cmd (subprocess): sudo cinder-rootwrap /etc/cinder/rootwrap.conf cinder-rtstool create /dev/stack-volumes-lvmdriver-1/volume-1f31334b-da3d-4de9-bb6e-48cc28c10b12 iqn.2010-10.org.openstack:volume-1f31334b-da3d-4de9-bb6e-48cc28c10b12 4TfRVc4eBnL4R8QjpjfZ JwWdmuwHBr5PAEkG False -p3260 -a38.102.83.94 {{(pid=107814) execute /usr/local/lib/python3.12/site-packages/oslo_concurrency/processutils.py:349}}
Nov 21 15:46:56.338375 np0005531460.novalocal sudo[145280]: stack : PWD=/ ; USER=root ; COMMAND=/usr/local/bin/cinder-rootwrap /etc/cinder/rootwrap.conf cinder-rtstool create /dev/stack-volumes-lvmdriver-1/volume-1f31334b-da3d-4de9-bb6e-48cc28c10b12 iqn.2010-10.org.openstack:volume-1f31334b-da3d-4de9-bb6e-48cc28c10b12 4TfRVc4eBnL4R8QjpjfZ JwWdmuwHBr5PAEkG False -p3260 -a38.102.83.94
Nov 21 15:46:56.913445 np0005531460.novalocal cinder-volume[107814]: DEBUG oslo_concurrency.processutils [req-e0723830-d5ef-4d67-bc11-5c35a91d46c8 req-d7cb24cb-a3a3-4391-8560-32400f06a93f tempest-ServerStableDeviceRescueTest-1365384294 None] CMD "sudo cinder-rootwrap /etc/cinder/rootwrap.conf cinder-rtstool create /dev/stack-volumes-lvmdriver-1/volume-1f31334b-da3d-4de9-bb6e-48cc28c10b12 iqn.2010-10.org.openstack:volume-1f31334b-da3d-4de9-bb6e-48cc28c10b12 4TfRVc4eBnL4R8QjpjfZ JwWdmuwHBr5PAEkG False -p3260 -a38.102.83.94" returned: 0 in 0.604s {{(pid=107814) execute /usr/local/lib/python3.12/site-packages/oslo_concurrency/processutils.py:372}}
Nov 21 15:46:56.913445 np0005531460.novalocal cinder-volume[107814]: DEBUG oslo_concurrency.lockutils [req-e0723830-d5ef-4d67-bc11-5c35a91d46c8 req-d7cb24cb-a3a3-4391-8560-32400f06a93f tempest-ServerStableDeviceRescueTest-1365384294 None] Lock "lioadm" "released" by "cinder.volume.targets.lio.LioAdm._execute" :: held 0.605s {{(pid=107814) inner /usr/local/lib/python3.12/site-packages/oslo_concurrency/lockutils.py:424}}
Nov 21 15:46:56.913445 np0005531460.novalocal cinder-volume[107814]: DEBUG oslo_concurrency.lockutils [req-e0723830-d5ef-4d67-bc11-5c35a91d46c8 req-d7cb24cb-a3a3-4391-8560-32400f06a93f tempest-ServerStableDeviceRescueTest-1365384294 None] Acquiring lock "lioadm" by "cinder.volume.targets.lio.LioAdm._execute" {{(pid=107814) inner /usr/local/lib/python3.12/site-packages/oslo_concurrency/lockutils.py:405}}
Nov 21 15:46:56.913445 np0005531460.novalocal cinder-volume[107814]: DEBUG oslo_concurrency.lockutils [req-e0723830-d5ef-4d67-bc11-5c35a91d46c8 req-d7cb24cb-a3a3-4391-8560-32400f06a93f tempest-ServerStableDeviceRescueTest-1365384294 None] Lock "lioadm" acquired by "cinder.volume.targets.lio.LioAdm._execute" :: waited 0.000s {{(pid=107814) inner /usr/local/lib/python3.12/site-packages/oslo_concurrency/lockutils.py:410}}
Nov 21 15:46:56.918718 np0005531460.novalocal cinder-volume[107814]: DEBUG oslo_concurrency.processutils [req-e0723830-d5ef-4d67-bc11-5c35a91d46c8 req-d7cb24cb-a3a3-4391-8560-32400f06a93f tempest-ServerStableDeviceRescueTest-1365384294 None] Running cmd (subprocess): sudo cinder-rootwrap /etc/cinder/rootwrap.conf cinder-rtstool get-targets {{(pid=107814) execute /usr/local/lib/python3.12/site-packages/oslo_concurrency/processutils.py:349}}
Nov 21 15:46:56.938517 np0005531460.novalocal sudo[145290]: stack : PWD=/ ; USER=root ; COMMAND=/usr/local/bin/cinder-rootwrap /etc/cinder/rootwrap.conf cinder-rtstool get-targets
Nov 21 15:46:57.504926 np0005531460.novalocal cinder-volume[107814]: DEBUG oslo_concurrency.processutils [req-e0723830-d5ef-4d67-bc11-5c35a91d46c8 req-d7cb24cb-a3a3-4391-8560-32400f06a93f tempest-ServerStableDeviceRescueTest-1365384294 None] CMD "sudo cinder-rootwrap /etc/cinder/rootwrap.conf cinder-rtstool get-targets" returned: 0 in 0.589s {{(pid=107814) execute /usr/local/lib/python3.12/site-packages/oslo_concurrency/processutils.py:372}}
Nov 21 15:46:57.504926 np0005531460.novalocal cinder-volume[107814]: DEBUG oslo_concurrency.lockutils [req-e0723830-d5ef-4d67-bc11-5c35a91d46c8 req-d7cb24cb-a3a3-4391-8560-32400f06a93f tempest-ServerStableDeviceRescueTest-1365384294 None] Lock "lioadm" "released" by "cinder.volume.targets.lio.LioAdm._execute" :: held 0.590s {{(pid=107814) inner /usr/local/lib/python3.12/site-packages/oslo_concurrency/lockutils.py:424}}
Nov 21 15:46:57.504926 np0005531460.novalocal cinder-volume[107814]: DEBUG oslo_concurrency.lockutils [req-e0723830-d5ef-4d67-bc11-5c35a91d46c8 req-d7cb24cb-a3a3-4391-8560-32400f06a93f tempest-ServerStableDeviceRescueTest-1365384294 None] Acquiring lock "lioadm" by "cinder.volume.targets.lio.LioAdm._execute" {{(pid=107814) inner /usr/local/lib/python3.12/site-packages/oslo_concurrency/lockutils.py:405}}
Nov 21 15:46:57.504926 np0005531460.novalocal cinder-volume[107814]: DEBUG oslo_concurrency.lockutils [req-e0723830-d5ef-4d67-bc11-5c35a91d46c8 req-d7cb24cb-a3a3-4391-8560-32400f06a93f tempest-ServerStableDeviceRescueTest-1365384294 None] Lock "lioadm" acquired by "cinder.volume.targets.lio.LioAdm._execute" :: waited 0.000s {{(pid=107814) inner /usr/local/lib/python3.12/site-packages/oslo_concurrency/lockutils.py:410}}
Nov 21 15:46:57.504926 np0005531460.novalocal cinder-volume[107814]: DEBUG oslo_concurrency.processutils [req-e0723830-d5ef-4d67-bc11-5c35a91d46c8 req-d7cb24cb-a3a3-4391-8560-32400f06a93f tempest-ServerStableDeviceRescueTest-1365384294 None] Running cmd (subprocess): sudo cinder-rootwrap /etc/cinder/rootwrap.conf cinder-rtstool save {{(pid=107814) execute /usr/local/lib/python3.12/site-packages/oslo_concurrency/processutils.py:349}}
Nov 21 15:46:57.539010 np0005531460.novalocal sudo[145301]: stack : PWD=/ ; USER=root ; COMMAND=/usr/local/bin/cinder-rootwrap /etc/cinder/rootwrap.conf cinder-rtstool save
Nov 21 15:46:58.096283 np0005531460.novalocal cinder-volume[107814]: DEBUG oslo_concurrency.processutils [req-e0723830-d5ef-4d67-bc11-5c35a91d46c8 req-d7cb24cb-a3a3-4391-8560-32400f06a93f tempest-ServerStableDeviceRescueTest-1365384294 None] CMD "sudo cinder-rootwrap /etc/cinder/rootwrap.conf cinder-rtstool save" returned: 0 in 0.591s {{(pid=107814) execute /usr/local/lib/python3.12/site-packages/oslo_concurrency/processutils.py:372}}
Nov 21 15:46:58.097634 np0005531460.novalocal cinder-volume[107814]: DEBUG oslo_concurrency.lockutils [req-e0723830-d5ef-4d67-bc11-5c35a91d46c8 req-d7cb24cb-a3a3-4391-8560-32400f06a93f tempest-ServerStableDeviceRescueTest-1365384294 None] Lock "lioadm" "released" by "cinder.volume.targets.lio.LioAdm._execute" :: held 0.593s {{(pid=107814) inner /usr/local/lib/python3.12/site-packages/oslo_concurrency/lockutils.py:424}}
Nov 21 15:46:58.098413 np0005531460.novalocal cinder-volume[107814]: DEBUG cinder.volume.targets.iscsi [req-e0723830-d5ef-4d67-bc11-5c35a91d46c8 req-d7cb24cb-a3a3-4391-8560-32400f06a93f tempest-ServerStableDeviceRescueTest-1365384294 None] Set provider_location to: 38.102.83.94:3260,iqn.2010-10.org.openstack:volume-1f31334b-da3d-4de9-bb6e-48cc28c10b12 iqn.2010-10.org.openstack:volume-1f31334b-da3d-4de9-bb6e-48cc28c10b12 0 {{(pid=107814) create_export /opt/stack/cinder/cinder/volume/targets/iscsi.py:205}}
Nov 21 15:46:58.113688 np0005531460.novalocal cinder-volume[107814]: DEBUG oslo_concurrency.lockutils [req-e0723830-d5ef-4d67-bc11-5c35a91d46c8 req-d7cb24cb-a3a3-4391-8560-32400f06a93f tempest-ServerStableDeviceRescueTest-1365384294 None] Acquiring lock "lioadm" by "cinder.volume.targets.lio.LioAdm._execute" {{(pid=107814) inner /usr/local/lib/python3.12/site-packages/oslo_concurrency/lockutils.py:405}}
Nov 21 15:46:58.114168 np0005531460.novalocal cinder-volume[107814]: DEBUG oslo_concurrency.lockutils [req-e0723830-d5ef-4d67-bc11-5c35a91d46c8 req-d7cb24cb-a3a3-4391-8560-32400f06a93f tempest-ServerStableDeviceRescueTest-1365384294 None] Lock "lioadm" acquired by "cinder.volume.targets.lio.LioAdm._execute" :: waited 0.001s {{(pid=107814) inner /usr/local/lib/python3.12/site-packages/oslo_concurrency/lockutils.py:410}}
Nov 21 15:46:58.114609 np0005531460.novalocal cinder-volume[107814]: DEBUG oslo_concurrency.processutils [req-e0723830-d5ef-4d67-bc11-5c35a91d46c8 req-d7cb24cb-a3a3-4391-8560-32400f06a93f tempest-ServerStableDeviceRescueTest-1365384294 None] Running cmd (subprocess): sudo cinder-rootwrap /etc/cinder/rootwrap.conf cinder-rtstool add-initiator iqn.2010-10.org.openstack:volume-1f31334b-da3d-4de9-bb6e-48cc28c10b12 4TfRVc4eBnL4R8QjpjfZ JwWdmuwHBr5PAEkG iqn.1994-05.com.redhat:1e2adedf8ac {{(pid=107814) execute /usr/local/lib/python3.12/site-packages/oslo_concurrency/processutils.py:349}}
Nov 21 15:46:58.147383 np0005531460.novalocal sudo[145307]: stack : PWD=/ ; USER=root ; COMMAND=/usr/local/bin/cinder-rootwrap /etc/cinder/rootwrap.conf cinder-rtstool add-initiator iqn.2010-10.org.openstack:volume-1f31334b-da3d-4de9-bb6e-48cc28c10b12 4TfRVc4eBnL4R8QjpjfZ JwWdmuwHBr5PAEkG iqn.1994-05.com.redhat:1e2adedf8ac
Nov 21 15:46:58.742522 np0005531460.novalocal cinder-volume[107814]: DEBUG oslo_concurrency.processutils [req-e0723830-d5ef-4d67-bc11-5c35a91d46c8 req-d7cb24cb-a3a3-4391-8560-32400f06a93f tempest-ServerStableDeviceRescueTest-1365384294 None] CMD "sudo cinder-rootwrap /etc/cinder/rootwrap.conf cinder-rtstool add-initiator iqn.2010-10.org.openstack:volume-1f31334b-da3d-4de9-bb6e-48cc28c10b12 4TfRVc4eBnL4R8QjpjfZ JwWdmuwHBr5PAEkG iqn.1994-05.com.redhat:1e2adedf8ac" returned: 0 in 0.627s {{(pid=107814) execute /usr/local/lib/python3.12/site-packages/oslo_concurrency/processutils.py:372}}
Nov 21 15:46:58.742929 np0005531460.novalocal cinder-volume[107814]: DEBUG oslo_concurrency.lockutils [req-e0723830-d5ef-4d67-bc11-5c35a91d46c8 req-d7cb24cb-a3a3-4391-8560-32400f06a93f tempest-ServerStableDeviceRescueTest-1365384294 None] Lock "lioadm" "released" by "cinder.volume.targets.lio.LioAdm._execute" :: held 0.629s {{(pid=107814) inner /usr/local/lib/python3.12/site-packages/oslo_concurrency/lockutils.py:424}}
Nov 21 15:46:58.743103 np0005531460.novalocal cinder-volume[107814]: DEBUG oslo_concurrency.lockutils [req-e0723830-d5ef-4d67-bc11-5c35a91d46c8 req-d7cb24cb-a3a3-4391-8560-32400f06a93f tempest-ServerStableDeviceRescueTest-1365384294 None] Acquiring lock "lioadm" by "cinder.volume.targets.lio.LioAdm._execute" {{(pid=107814) inner /usr/local/lib/python3.12/site-packages/oslo_concurrency/lockutils.py:405}}
Nov 21 15:46:58.743529 np0005531460.novalocal cinder-volume[107814]: DEBUG oslo_concurrency.lockutils [req-e0723830-d5ef-4d67-bc11-5c35a91d46c8 req-d7cb24cb-a3a3-4391-8560-32400f06a93f tempest-ServerStableDeviceRescueTest-1365384294 None] Lock "lioadm" acquired by "cinder.volume.targets.lio.LioAdm._execute" :: waited 0.000s {{(pid=107814) inner /usr/local/lib/python3.12/site-packages/oslo_concurrency/lockutils.py:410}}
Nov 21 15:46:58.743902 np0005531460.novalocal cinder-volume[107814]: DEBUG oslo_concurrency.processutils [req-e0723830-d5ef-4d67-bc11-5c35a91d46c8 req-d7cb24cb-a3a3-4391-8560-32400f06a93f tempest-ServerStableDeviceRescueTest-1365384294 None] Running cmd (subprocess): sudo cinder-rootwrap /etc/cinder/rootwrap.conf cinder-rtstool save {{(pid=107814) execute /usr/local/lib/python3.12/site-packages/oslo_concurrency/processutils.py:349}}
Nov 21 15:46:58.775546 np0005531460.novalocal sudo[145313]: stack : PWD=/ ; USER=root ; COMMAND=/usr/local/bin/cinder-rootwrap /etc/cinder/rootwrap.conf cinder-rtstool save
Nov 21 15:46:59.390254 np0005531460.novalocal cinder-volume[107814]: DEBUG oslo_concurrency.processutils [req-e0723830-d5ef-4d67-bc11-5c35a91d46c8 req-d7cb24cb-a3a3-4391-8560-32400f06a93f tempest-ServerStableDeviceRescueTest-1365384294 None] CMD "sudo cinder-rootwrap /etc/cinder/rootwrap.conf cinder-rtstool save" returned: 0 in 0.646s {{(pid=107814) execute /usr/local/lib/python3.12/site-packages/oslo_concurrency/processutils.py:372}}
Nov 21 15:46:59.391268 np0005531460.novalocal cinder-volume[107814]: DEBUG oslo_concurrency.lockutils [req-e0723830-d5ef-4d67-bc11-5c35a91d46c8 req-d7cb24cb-a3a3-4391-8560-32400f06a93f tempest-ServerStableDeviceRescueTest-1365384294 None] Lock "lioadm" "released" by "cinder.volume.targets.lio.LioAdm._execute" :: held 0.647s {{(pid=107814) inner /usr/local/lib/python3.12/site-packages/oslo_concurrency/lockutils.py:424}}
Nov 21 15:46:59.409904 np0005531460.novalocal cinder-volume[107814]: DEBUG cinder.volume.manager [req-e0723830-d5ef-4d67-bc11-5c35a91d46c8 req-d7cb24cb-a3a3-4391-8560-32400f06a93f tempest-ServerStableDeviceRescueTest-1365384294 None] Connection info returned from driver {'target_discovered': False, 'target_portal': '38.102.83.94:3260', 'target_iqn': 'iqn.2010-10.org.openstack:volume-1f31334b-da3d-4de9-bb6e-48cc28c10b12', 'target_lun': 0, 'volume_id': '1f31334b-da3d-4de9-bb6e-48cc28c10b12', 'auth_method': 'CHAP', 'auth_username': '4TfRVc4eBnL4R8QjpjfZ', 'auth_password': '***', 'encrypted': False, 'qos_specs': None, 'access_mode': 'rw', 'cacheable': False, 'driver_volume_type': 'iscsi', 'attachment_id': '0e374b4b-02db-4e1a-afc9-64c5137636a7', 'enforce_multipath': True} {{(pid=107814) _connection_create /opt/stack/cinder/cinder/volume/manager.py:4892}}
Nov 21 15:46:59.465008 np0005531460.novalocal cinder-volume[107814]: INFO cinder.volume.manager [req-e0723830-d5ef-4d67-bc11-5c35a91d46c8 req-d7cb24cb-a3a3-4391-8560-32400f06a93f tempest-ServerStableDeviceRescueTest-1365384294 None] attachment_update completed successfully.
Nov 21 15:47:00.795119 np0005531460.novalocal cinder-volume[107814]: DEBUG cinder.volume.driver [None req-72ed889e-d455-43c3-bd79-8beac27f5757 tempest-VolumesBackupsTest-633227990 None] Creating a new backup for volume volume-bdef1043-6af8-4f7e-a163-b9104519911a. {{(pid=107814) _get_backup_volume_temp_volume /opt/stack/cinder/cinder/volume/driver.py:1266}}
Nov 21 15:47:00.808787 np0005531460.novalocal cinder-volume[107814]: DEBUG oslo_concurrency.processutils [None req-72ed889e-d455-43c3-bd79-8beac27f5757 tempest-VolumesBackupsTest-633227990 None] Running cmd (subprocess): sudo cinder-rootwrap /etc/cinder/rootwrap.conf env LC_ALL=C lvs --noheadings --unit=g -o vg_name,name,size --nosuffix --readonly stack-volumes-lvmdriver-1/volume-bdef1043-6af8-4f7e-a163-b9104519911a {{(pid=107814) execute /usr/local/lib/python3.12/site-packages/oslo_concurrency/processutils.py:349}}
Nov 21 15:47:00.840173 np0005531460.novalocal sudo[145325]: stack : PWD=/ ; USER=root ; COMMAND=/usr/local/bin/cinder-rootwrap /etc/cinder/rootwrap.conf env LC_ALL=C lvs --noheadings --unit=g -o vg_name,name,size --nosuffix --readonly stack-volumes-lvmdriver-1/volume-bdef1043-6af8-4f7e-a163-b9104519911a
Nov 21 15:47:01.265027 np0005531460.novalocal cinder-volume[107814]: DEBUG oslo_concurrency.processutils [None req-72ed889e-d455-43c3-bd79-8beac27f5757 tempest-VolumesBackupsTest-633227990 None] CMD "sudo cinder-rootwrap /etc/cinder/rootwrap.conf env LC_ALL=C lvs --noheadings --unit=g -o vg_name,name,size --nosuffix --readonly stack-volumes-lvmdriver-1/volume-bdef1043-6af8-4f7e-a163-b9104519911a" returned: 0 in 0.456s {{(pid=107814) execute /usr/local/lib/python3.12/site-packages/oslo_concurrency/processutils.py:372}}
Nov 21 15:47:01.265673 np0005531460.novalocal cinder-volume[107814]: DEBUG oslo_concurrency.processutils [None req-72ed889e-d455-43c3-bd79-8beac27f5757 tempest-VolumesBackupsTest-633227990 None] Running cmd (subprocess): sudo cinder-rootwrap /etc/cinder/rootwrap.conf env LC_ALL=C lvcreate --name volume-25c0d3bc-23ea-4195-85db-6d6b326990b4 --snapshot stack-volumes-lvmdriver-1/volume-bdef1043-6af8-4f7e-a163-b9104519911a {{(pid=107814) execute /usr/local/lib/python3.12/site-packages/oslo_concurrency/processutils.py:349}}
Nov 21 15:47:01.299882 np0005531460.novalocal sudo[145370]: stack : PWD=/ ; USER=root ; COMMAND=/usr/local/bin/cinder-rootwrap /etc/cinder/rootwrap.conf env LC_ALL=C lvcreate --name volume-25c0d3bc-23ea-4195-85db-6d6b326990b4 --snapshot stack-volumes-lvmdriver-1/volume-bdef1043-6af8-4f7e-a163-b9104519911a
Nov 21 15:47:01.762001 np0005531460.novalocal cinder-volume[107814]: DEBUG oslo_concurrency.processutils [None req-72ed889e-d455-43c3-bd79-8beac27f5757 tempest-VolumesBackupsTest-633227990 None] CMD "sudo cinder-rootwrap /etc/cinder/rootwrap.conf env LC_ALL=C lvcreate --name volume-25c0d3bc-23ea-4195-85db-6d6b326990b4 --snapshot stack-volumes-lvmdriver-1/volume-bdef1043-6af8-4f7e-a163-b9104519911a" returned: 0 in 0.496s {{(pid=107814) execute /usr/local/lib/python3.12/site-packages/oslo_concurrency/processutils.py:372}}
Nov 21 15:47:01.763337 np0005531460.novalocal cinder-volume[107814]: DEBUG oslo_concurrency.processutils [None req-72ed889e-d455-43c3-bd79-8beac27f5757 tempest-VolumesBackupsTest-633227990 None] Running cmd (subprocess): sudo cinder-rootwrap /etc/cinder/rootwrap.conf lvchange -a y --yes -k n stack-volumes-lvmdriver-1/volume-25c0d3bc-23ea-4195-85db-6d6b326990b4 {{(pid=107814) execute /usr/local/lib/python3.12/site-packages/oslo_concurrency/processutils.py:349}}
Nov 21 15:47:01.800363 np0005531460.novalocal sudo[145381]: stack : PWD=/ ; USER=root ; COMMAND=/usr/local/bin/cinder-rootwrap /etc/cinder/rootwrap.conf lvchange -a y --yes -k n stack-volumes-lvmdriver-1/volume-25c0d3bc-23ea-4195-85db-6d6b326990b4
Nov 21 15:47:02.265324 np0005531460.novalocal cinder-volume[107814]: DEBUG oslo_concurrency.processutils [None req-72ed889e-d455-43c3-bd79-8beac27f5757 tempest-VolumesBackupsTest-633227990 None] CMD "sudo cinder-rootwrap /etc/cinder/rootwrap.conf lvchange -a y --yes -k n stack-volumes-lvmdriver-1/volume-25c0d3bc-23ea-4195-85db-6d6b326990b4" returned: 0 in 0.499s {{(pid=107814) execute /usr/local/lib/python3.12/site-packages/oslo_concurrency/processutils.py:372}}
Nov 21 15:47:02.283945 np0005531460.novalocal cinder-volume[107814]: INFO cinder.volume.manager [None req-72ed889e-d455-43c3-bd79-8beac27f5757 tempest-VolumesBackupsTest-633227990 None] Calling backup continue_backup for: Backup(availability_zone='nova',container='tempest-volumesbackupstest-backup-container-1629482955',created_at=2025-11-21T20:47:00Z,data_timestamp=2025-11-21T20:47:00Z,deleted=False,deleted_at=None,display_description=None,display_name='tempest-VolumesBackupsTest-Backup-1979407560',encryption_key_id=None,fail_reason=None,host='np0005531460.novalocal',id=ef556dbc-2857-4a84-aa19-e41f0f153047,metadata={},num_dependent_backups=0,object_count=0,parent=None,parent_id=None,project_id='99dea2ee54874291a7a3284a115f81e4',restore_volume_id=None,service='cinder.backup.drivers.swift.SwiftBackupDriver',service_metadata=None,size=1,snapshot_id=None,status='creating',temp_snapshot_id=None,temp_volume_id='25c0d3bc-23ea-4195-85db-6d6b326990b4',updated_at=None,user_id='78aab0b8a676406dab9c030d6a4b429f',volume_id=bdef1043-6af8-4f7e-a163-b9104519911a)
Nov 21 15:47:02.285173 np0005531460.novalocal cinder-volume[107814]: DEBUG cinder.backup.rpcapi [None req-72ed889e-d455-43c3-bd79-8beac27f5757 tempest-VolumesBackupsTest-633227990 None] continue_backup in rpcapi backup_id ef556dbc-2857-4a84-aa19-e41f0f153047 {{(pid=107814) continue_backup /opt/stack/cinder/cinder/backup/rpcapi.py:65}}
Nov 21 15:47:02.386014 np0005531460.novalocal cinder-volume[107814]: DEBUG oslo_concurrency.processutils [None req-72ed889e-d455-43c3-bd79-8beac27f5757 tempest-VolumesBackupsTest-633227990 None] Running cmd (subprocess): sudo cinder-rootwrap /etc/cinder/rootwrap.conf lvchange -a y --yes -K stack-volumes-lvmdriver-1/volume-25c0d3bc-23ea-4195-85db-6d6b326990b4 {{(pid=107814) execute /usr/local/lib/python3.12/site-packages/oslo_concurrency/processutils.py:349}}
Nov 21 15:47:02.420451 np0005531460.novalocal sudo[145399]: stack : PWD=/ ; USER=root ; COMMAND=/usr/local/bin/cinder-rootwrap /etc/cinder/rootwrap.conf lvchange -a y --yes -K stack-volumes-lvmdriver-1/volume-25c0d3bc-23ea-4195-85db-6d6b326990b4
Nov 21 15:47:02.815282 np0005531460.novalocal cinder-volume[107814]: DEBUG oslo_concurrency.processutils [None req-72ed889e-d455-43c3-bd79-8beac27f5757 tempest-VolumesBackupsTest-633227990 None] CMD "sudo cinder-rootwrap /etc/cinder/rootwrap.conf lvchange -a y --yes -K stack-volumes-lvmdriver-1/volume-25c0d3bc-23ea-4195-85db-6d6b326990b4" returned: 0 in 0.429s {{(pid=107814) execute /usr/local/lib/python3.12/site-packages/oslo_concurrency/processutils.py:372}}
Nov 21 15:47:02.832102 np0005531460.novalocal cinder-volume[107814]: INFO cinder.volume.targets.lio [None req-72ed889e-d455-43c3-bd79-8beac27f5757 tempest-VolumesBackupsTest-633227990 None] Creating iscsi_target for volume: volume-25c0d3bc-23ea-4195-85db-6d6b326990b4
Nov 21 15:47:02.832416 np0005531460.novalocal cinder-volume[107814]: DEBUG oslo_concurrency.lockutils [None req-72ed889e-d455-43c3-bd79-8beac27f5757 tempest-VolumesBackupsTest-633227990 None] Acquiring lock "lioadm" by "cinder.volume.targets.lio.LioAdm._execute" {{(pid=107814) inner /usr/local/lib/python3.12/site-packages/oslo_concurrency/lockutils.py:405}}
Nov 21 15:47:02.833228 np0005531460.novalocal cinder-volume[107814]: DEBUG oslo_concurrency.lockutils [None req-72ed889e-d455-43c3-bd79-8beac27f5757 tempest-VolumesBackupsTest-633227990 None] Lock "lioadm" acquired by "cinder.volume.targets.lio.LioAdm._execute" :: waited 0.001s {{(pid=107814) inner /usr/local/lib/python3.12/site-packages/oslo_concurrency/lockutils.py:410}}
Nov 21 15:47:02.833939 np0005531460.novalocal cinder-volume[107814]: DEBUG oslo_concurrency.processutils [None req-72ed889e-d455-43c3-bd79-8beac27f5757 tempest-VolumesBackupsTest-633227990 None] Running cmd (subprocess): sudo cinder-rootwrap /etc/cinder/rootwrap.conf cinder-rtstool create /dev/stack-volumes-lvmdriver-1/volume-25c0d3bc-23ea-4195-85db-6d6b326990b4 iqn.2010-10.org.openstack:volume-25c0d3bc-23ea-4195-85db-6d6b326990b4 YdoLJPSg8zViNiJbGY2r 3CWAYwXAgcf6Wmqd False -p3260 -a38.102.83.94 {{(pid=107814) execute /usr/local/lib/python3.12/site-packages/oslo_concurrency/processutils.py:349}}
Nov 21 15:47:02.867124 np0005531460.novalocal sudo[145415]: stack : PWD=/ ; USER=root ; COMMAND=/usr/local/bin/cinder-rootwrap /etc/cinder/rootwrap.conf cinder-rtstool create /dev/stack-volumes-lvmdriver-1/volume-25c0d3bc-23ea-4195-85db-6d6b326990b4 iqn.2010-10.org.openstack:volume-25c0d3bc-23ea-4195-85db-6d6b326990b4 YdoLJPSg8zViNiJbGY2r 3CWAYwXAgcf6Wmqd False -p3260 -a38.102.83.94
Nov 21 15:47:03.385612 np0005531460.novalocal cinder-volume[107814]: DEBUG oslo_concurrency.processutils [None req-72ed889e-d455-43c3-bd79-8beac27f5757 tempest-VolumesBackupsTest-633227990 None] CMD "sudo cinder-rootwrap /etc/cinder/rootwrap.conf cinder-rtstool create /dev/stack-volumes-lvmdriver-1/volume-25c0d3bc-23ea-4195-85db-6d6b326990b4 iqn.2010-10.org.openstack:volume-25c0d3bc-23ea-4195-85db-6d6b326990b4 YdoLJPSg8zViNiJbGY2r 3CWAYwXAgcf6Wmqd False -p3260 -a38.102.83.94" returned: 0 in 0.551s {{(pid=107814) execute /usr/local/lib/python3.12/site-packages/oslo_concurrency/processutils.py:372}}
Nov 21 15:47:03.386175 np0005531460.novalocal cinder-volume[107814]: DEBUG oslo_concurrency.lockutils [None req-72ed889e-d455-43c3-bd79-8beac27f5757 tempest-VolumesBackupsTest-633227990 None] Lock "lioadm" "released" by "cinder.volume.targets.lio.LioAdm._execute" :: held 0.552s {{(pid=107814) inner /usr/local/lib/python3.12/site-packages/oslo_concurrency/lockutils.py:424}}
Nov 21 15:47:03.386175 np0005531460.novalocal cinder-volume[107814]: DEBUG oslo_concurrency.lockutils [None req-72ed889e-d455-43c3-bd79-8beac27f5757 tempest-VolumesBackupsTest-633227990 None] Acquiring lock "lioadm" by "cinder.volume.targets.lio.LioAdm._execute" {{(pid=107814) inner /usr/local/lib/python3.12/site-packages/oslo_concurrency/lockutils.py:405}}
Nov 21 15:47:03.386748 np0005531460.novalocal cinder-volume[107814]: DEBUG oslo_concurrency.lockutils [None req-72ed889e-d455-43c3-bd79-8beac27f5757 tempest-VolumesBackupsTest-633227990 None] Lock "lioadm" acquired by "cinder.volume.targets.lio.LioAdm._execute" :: waited 0.001s {{(pid=107814) inner /usr/local/lib/python3.12/site-packages/oslo_concurrency/lockutils.py:410}}
Nov 21 15:47:03.388191 np0005531460.novalocal cinder-volume[107814]: DEBUG oslo_concurrency.processutils [None req-72ed889e-d455-43c3-bd79-8beac27f5757 tempest-VolumesBackupsTest-633227990 None] Running cmd (subprocess): sudo cinder-rootwrap /etc/cinder/rootwrap.conf cinder-rtstool get-targets {{(pid=107814) execute /usr/local/lib/python3.12/site-packages/oslo_concurrency/processutils.py:349}}
Nov 21 15:47:03.419482 np0005531460.novalocal sudo[145422]: stack : PWD=/ ; USER=root ; COMMAND=/usr/local/bin/cinder-rootwrap /etc/cinder/rootwrap.conf cinder-rtstool get-targets
Nov 21 15:47:04.007718 np0005531460.novalocal cinder-volume[107814]: DEBUG oslo_concurrency.processutils [None req-72ed889e-d455-43c3-bd79-8beac27f5757 tempest-VolumesBackupsTest-633227990 None] CMD "sudo cinder-rootwrap /etc/cinder/rootwrap.conf cinder-rtstool get-targets" returned: 0 in 0.619s {{(pid=107814) execute /usr/local/lib/python3.12/site-packages/oslo_concurrency/processutils.py:372}}
Nov 21 15:47:04.008463 np0005531460.novalocal cinder-volume[107814]: DEBUG oslo_concurrency.lockutils [None req-72ed889e-d455-43c3-bd79-8beac27f5757 tempest-VolumesBackupsTest-633227990 None] Lock "lioadm" "released" by "cinder.volume.targets.lio.LioAdm._execute" :: held 0.622s {{(pid=107814) inner /usr/local/lib/python3.12/site-packages/oslo_concurrency/lockutils.py:424}}
Nov 21 15:47:04.008785 np0005531460.novalocal cinder-volume[107814]: DEBUG oslo_concurrency.lockutils [None req-72ed889e-d455-43c3-bd79-8beac27f5757 tempest-VolumesBackupsTest-633227990 None] Acquiring lock "lioadm" by "cinder.volume.targets.lio.LioAdm._execute" {{(pid=107814) inner /usr/local/lib/python3.12/site-packages/oslo_concurrency/lockutils.py:405}}
Nov 21 15:47:04.009436 np0005531460.novalocal cinder-volume[107814]: DEBUG oslo_concurrency.lockutils [None req-72ed889e-d455-43c3-bd79-8beac27f5757 tempest-VolumesBackupsTest-633227990 None] Lock "lioadm" acquired by "cinder.volume.targets.lio.LioAdm._execute" :: waited 0.001s {{(pid=107814) inner /usr/local/lib/python3.12/site-packages/oslo_concurrency/lockutils.py:410}}
Nov 21 15:47:04.010613 np0005531460.novalocal cinder-volume[107814]: DEBUG oslo_concurrency.processutils [None req-72ed889e-d455-43c3-bd79-8beac27f5757 tempest-VolumesBackupsTest-633227990 None] Running cmd (subprocess): sudo cinder-rootwrap /etc/cinder/rootwrap.conf cinder-rtstool save {{(pid=107814) execute /usr/local/lib/python3.12/site-packages/oslo_concurrency/processutils.py:349}}
Nov 21 15:47:04.038291 np0005531460.novalocal sudo[145431]: stack : PWD=/ ; USER=root ; COMMAND=/usr/local/bin/cinder-rootwrap /etc/cinder/rootwrap.conf cinder-rtstool save
Nov 21 15:47:04.582571 np0005531460.novalocal cinder-volume[107814]: DEBUG oslo_concurrency.processutils [None req-72ed889e-d455-43c3-bd79-8beac27f5757 tempest-VolumesBackupsTest-633227990 None] CMD "sudo cinder-rootwrap /etc/cinder/rootwrap.conf cinder-rtstool save" returned: 0 in 0.572s {{(pid=107814) execute /usr/local/lib/python3.12/site-packages/oslo_concurrency/processutils.py:372}}
Nov 21 15:47:04.583603 np0005531460.novalocal cinder-volume[107814]: DEBUG oslo_concurrency.lockutils [None req-72ed889e-d455-43c3-bd79-8beac27f5757 tempest-VolumesBackupsTest-633227990 None] Lock "lioadm" "released" by "cinder.volume.targets.lio.LioAdm._execute" :: held 0.574s {{(pid=107814) inner /usr/local/lib/python3.12/site-packages/oslo_concurrency/lockutils.py:424}}
Nov 21 15:47:04.584200 np0005531460.novalocal cinder-volume[107814]: DEBUG cinder.volume.targets.iscsi [None req-72ed889e-d455-43c3-bd79-8beac27f5757 tempest-VolumesBackupsTest-633227990 None] Set provider_location to: 38.102.83.94:3260,iqn.2010-10.org.openstack:volume-25c0d3bc-23ea-4195-85db-6d6b326990b4 iqn.2010-10.org.openstack:volume-25c0d3bc-23ea-4195-85db-6d6b326990b4 0 {{(pid=107814) create_export /opt/stack/cinder/cinder/volume/targets/iscsi.py:205}}
Nov 21 15:47:04.605583 np0005531460.novalocal cinder-volume[107814]: DEBUG oslo_concurrency.lockutils [None req-72ed889e-d455-43c3-bd79-8beac27f5757 tempest-VolumesBackupsTest-633227990 None] Acquiring lock "lioadm" by "cinder.volume.targets.lio.LioAdm._execute" {{(pid=107814) inner /usr/local/lib/python3.12/site-packages/oslo_concurrency/lockutils.py:405}}
Nov 21 15:47:04.605583 np0005531460.novalocal cinder-volume[107814]: DEBUG oslo_concurrency.lockutils [None req-72ed889e-d455-43c3-bd79-8beac27f5757 tempest-VolumesBackupsTest-633227990 None] Lock "lioadm" acquired by "cinder.volume.targets.lio.LioAdm._execute" :: waited 0.001s {{(pid=107814) inner /usr/local/lib/python3.12/site-packages/oslo_concurrency/lockutils.py:410}}
Nov 21 15:47:04.605583 np0005531460.novalocal cinder-volume[107814]: DEBUG oslo_concurrency.processutils [None req-72ed889e-d455-43c3-bd79-8beac27f5757 tempest-VolumesBackupsTest-633227990 None] Running cmd (subprocess): sudo cinder-rootwrap /etc/cinder/rootwrap.conf cinder-rtstool add-initiator iqn.2010-10.org.openstack:volume-25c0d3bc-23ea-4195-85db-6d6b326990b4 YdoLJPSg8zViNiJbGY2r 3CWAYwXAgcf6Wmqd iqn.1994-05.com.redhat:1e2adedf8ac {{(pid=107814) execute /usr/local/lib/python3.12/site-packages/oslo_concurrency/processutils.py:349}}
Nov 21 15:47:04.648098 np0005531460.novalocal sudo[145443]: stack : PWD=/ ; USER=root ; COMMAND=/usr/local/bin/cinder-rootwrap /etc/cinder/rootwrap.conf cinder-rtstool add-initiator iqn.2010-10.org.openstack:volume-25c0d3bc-23ea-4195-85db-6d6b326990b4 YdoLJPSg8zViNiJbGY2r 3CWAYwXAgcf6Wmqd iqn.1994-05.com.redhat:1e2adedf8ac
Nov 21 15:47:05.173197 np0005531460.novalocal cinder-volume[107814]: DEBUG oslo_concurrency.processutils [None req-72ed889e-d455-43c3-bd79-8beac27f5757 tempest-VolumesBackupsTest-633227990 None] CMD "sudo cinder-rootwrap /etc/cinder/rootwrap.conf cinder-rtstool add-initiator iqn.2010-10.org.openstack:volume-25c0d3bc-23ea-4195-85db-6d6b326990b4 YdoLJPSg8zViNiJbGY2r 3CWAYwXAgcf6Wmqd iqn.1994-05.com.redhat:1e2adedf8ac" returned: 0 in 0.567s {{(pid=107814) execute /usr/local/lib/python3.12/site-packages/oslo_concurrency/processutils.py:372}}
Nov 21 15:47:05.173754 np0005531460.novalocal cinder-volume[107814]: DEBUG oslo_concurrency.lockutils [None req-72ed889e-d455-43c3-bd79-8beac27f5757 tempest-VolumesBackupsTest-633227990 None] Lock "lioadm" "released" by "cinder.volume.targets.lio.LioAdm._execute" :: held 0.569s {{(pid=107814) inner /usr/local/lib/python3.12/site-packages/oslo_concurrency/lockutils.py:424}}
Nov 21 15:47:05.174723 np0005531460.novalocal cinder-volume[107814]: DEBUG oslo_concurrency.lockutils [None req-72ed889e-d455-43c3-bd79-8beac27f5757 tempest-VolumesBackupsTest-633227990 None] Acquiring lock "lioadm" by "cinder.volume.targets.lio.LioAdm._execute" {{(pid=107814) inner /usr/local/lib/python3.12/site-packages/oslo_concurrency/lockutils.py:405}}
Nov 21 15:47:05.174723 np0005531460.novalocal cinder-volume[107814]: DEBUG oslo_concurrency.lockutils [None req-72ed889e-d455-43c3-bd79-8beac27f5757 tempest-VolumesBackupsTest-633227990 None] Lock "lioadm" acquired by "cinder.volume.targets.lio.LioAdm._execute" :: waited 0.001s {{(pid=107814) inner /usr/local/lib/python3.12/site-packages/oslo_concurrency/lockutils.py:410}}
Nov 21 15:47:05.175323 np0005531460.novalocal cinder-volume[107814]: DEBUG oslo_concurrency.processutils [None req-72ed889e-d455-43c3-bd79-8beac27f5757 tempest-VolumesBackupsTest-633227990 None] Running cmd (subprocess): sudo cinder-rootwrap /etc/cinder/rootwrap.conf cinder-rtstool save {{(pid=107814) execute /usr/local/lib/python3.12/site-packages/oslo_concurrency/processutils.py:349}}
Nov 21 15:47:05.206055 np0005531460.novalocal sudo[145450]: stack : PWD=/ ; USER=root ; COMMAND=/usr/local/bin/cinder-rootwrap /etc/cinder/rootwrap.conf cinder-rtstool save
Nov 21 15:47:05.780566 np0005531460.novalocal cinder-volume[107814]: DEBUG oslo_concurrency.processutils [None req-72ed889e-d455-43c3-bd79-8beac27f5757 tempest-VolumesBackupsTest-633227990 None] CMD "sudo cinder-rootwrap /etc/cinder/rootwrap.conf cinder-rtstool save" returned: 0 in 0.603s {{(pid=107814) execute /usr/local/lib/python3.12/site-packages/oslo_concurrency/processutils.py:372}}
Nov 21 15:47:05.780566 np0005531460.novalocal cinder-volume[107814]: DEBUG oslo_concurrency.lockutils [None req-72ed889e-d455-43c3-bd79-8beac27f5757 tempest-VolumesBackupsTest-633227990 None] Lock "lioadm" "released" by "cinder.volume.targets.lio.LioAdm._execute" :: held 0.604s {{(pid=107814) inner /usr/local/lib/python3.12/site-packages/oslo_concurrency/lockutils.py:424}}
Nov 21 15:47:05.792295 np0005531460.novalocal cinder-volume[107814]: INFO cinder.volume.manager [None req-72ed889e-d455-43c3-bd79-8beac27f5757 tempest-VolumesBackupsTest-633227990 None] Initialize volume connection completed successfully.
Nov 21 15:47:15.786937 np0005531460.novalocal cinder-volume[107814]: DEBUG dbcounter [-] [107814] Writing DB stats cinder:SELECT=18,cinder:UPDATE=3,cinder:INSERT=1 {{(pid=107814) stat_writer /usr/local/lib/python3.12/site-packages/dbcounter.py:115}}
Nov 21 15:47:15.792785 np0005531460.novalocal cinder-volume[107814]: DEBUG dbcounter [-] [107814] Writing DB stats cinder:SELECT=13,cinder:UPDATE=8 {{(pid=107814) stat_writer /usr/local/lib/python3.12/site-packages/dbcounter.py:115}}
Nov 21 15:47:20.667853 np0005531460.novalocal cinder-volume[107814]: DEBUG oslo_concurrency.lockutils [None req-72ed889e-d455-43c3-bd79-8beac27f5757 tempest-VolumesBackupsTest-633227990 None] Acquiring lock "lioadm" by "cinder.volume.targets.lio.LioAdm._execute" {{(pid=107814) inner /usr/local/lib/python3.12/site-packages/oslo_concurrency/lockutils.py:405}}
Nov 21 15:47:20.668264 np0005531460.novalocal cinder-volume[107814]: DEBUG oslo_concurrency.lockutils [None req-72ed889e-d455-43c3-bd79-8beac27f5757 tempest-VolumesBackupsTest-633227990 None] Lock "lioadm" acquired by "cinder.volume.targets.lio.LioAdm._execute" :: waited 0.001s {{(pid=107814) inner /usr/local/lib/python3.12/site-packages/oslo_concurrency/lockutils.py:410}}
Nov 21 15:47:20.668621 np0005531460.novalocal cinder-volume[107814]: DEBUG oslo_concurrency.processutils [None req-72ed889e-d455-43c3-bd79-8beac27f5757 tempest-VolumesBackupsTest-633227990 None] Running cmd (subprocess): sudo cinder-rootwrap /etc/cinder/rootwrap.conf cinder-rtstool delete-initiator iqn.2010-10.org.openstack:volume-25c0d3bc-23ea-4195-85db-6d6b326990b4 iqn.1994-05.com.redhat:1e2adedf8ac {{(pid=107814) execute /usr/local/lib/python3.12/site-packages/oslo_concurrency/processutils.py:349}}
Nov 21 15:47:20.703159 np0005531460.novalocal sudo[145687]: stack : PWD=/ ; USER=root ; COMMAND=/usr/local/bin/cinder-rootwrap /etc/cinder/rootwrap.conf cinder-rtstool delete-initiator iqn.2010-10.org.openstack:volume-25c0d3bc-23ea-4195-85db-6d6b326990b4 iqn.1994-05.com.redhat:1e2adedf8ac
Nov 21 15:47:21.228417 np0005531460.novalocal cinder-volume[107814]: DEBUG oslo_concurrency.processutils [None req-72ed889e-d455-43c3-bd79-8beac27f5757 tempest-VolumesBackupsTest-633227990 None] CMD "sudo cinder-rootwrap /etc/cinder/rootwrap.conf cinder-rtstool delete-initiator iqn.2010-10.org.openstack:volume-25c0d3bc-23ea-4195-85db-6d6b326990b4 iqn.1994-05.com.redhat:1e2adedf8ac" returned: 0 in 0.559s {{(pid=107814) execute /usr/local/lib/python3.12/site-packages/oslo_concurrency/processutils.py:372}}
Nov 21 15:47:21.228821 np0005531460.novalocal cinder-volume[107814]: DEBUG oslo_concurrency.lockutils [None req-72ed889e-d455-43c3-bd79-8beac27f5757 tempest-VolumesBackupsTest-633227990 None] Lock "lioadm" "released" by "cinder.volume.targets.lio.LioAdm._execute" :: held 0.561s {{(pid=107814) inner /usr/local/lib/python3.12/site-packages/oslo_concurrency/lockutils.py:424}}
Nov 21 15:47:21.230968 np0005531460.novalocal cinder-volume[107814]: DEBUG oslo_concurrency.lockutils [None req-72ed889e-d455-43c3-bd79-8beac27f5757 tempest-VolumesBackupsTest-633227990 None] Acquiring lock "lioadm" by "cinder.volume.targets.lio.LioAdm._execute" {{(pid=107814) inner /usr/local/lib/python3.12/site-packages/oslo_concurrency/lockutils.py:405}}
Nov 21 15:47:21.230968 np0005531460.novalocal cinder-volume[107814]: DEBUG oslo_concurrency.lockutils [None req-72ed889e-d455-43c3-bd79-8beac27f5757 tempest-VolumesBackupsTest-633227990 None] Lock "lioadm" acquired by "cinder.volume.targets.lio.LioAdm._execute" :: waited 0.000s {{(pid=107814) inner /usr/local/lib/python3.12/site-packages/oslo_concurrency/lockutils.py:410}}
Nov 21 15:47:21.230968 np0005531460.novalocal cinder-volume[107814]: DEBUG oslo_concurrency.processutils [None req-72ed889e-d455-43c3-bd79-8beac27f5757 tempest-VolumesBackupsTest-633227990 None] Running cmd (subprocess): sudo cinder-rootwrap /etc/cinder/rootwrap.conf cinder-rtstool save {{(pid=107814) execute /usr/local/lib/python3.12/site-packages/oslo_concurrency/processutils.py:349}}
Nov 21 15:47:21.251165 np0005531460.novalocal sudo[145719]: stack : PWD=/ ; USER=root ; COMMAND=/usr/local/bin/cinder-rootwrap /etc/cinder/rootwrap.conf cinder-rtstool save
Nov 21 15:47:21.282032 np0005531460.novalocal cinder-volume[107814]: DEBUG oslo_concurrency.processutils [req-fcf40791-0315-4e3c-8536-e9ae758955f8 req-26a3077f-52d8-4e30-8b09-1c57a0a3283e tempest-VolumesSnapshotTestJSON-591229851 None] Running cmd (subprocess): sudo cinder-rootwrap /etc/cinder/rootwrap.conf lvchange -a y --yes -K stack-volumes-lvmdriver-1/volume-9c1a3edc-b2e4-4d0a-91b8-2e7927922a43 {{(pid=107814) execute /usr/local/lib/python3.12/site-packages/oslo_concurrency/processutils.py:349}}
Nov 21 15:47:21.302403 np0005531460.novalocal sudo[145726]: stack : PWD=/ ; USER=root ; COMMAND=/usr/local/bin/cinder-rootwrap /etc/cinder/rootwrap.conf lvchange -a y --yes -K stack-volumes-lvmdriver-1/volume-9c1a3edc-b2e4-4d0a-91b8-2e7927922a43
Nov 21 15:47:21.639488 np0005531460.novalocal cinder-volume[107814]: DEBUG oslo_concurrency.processutils [req-fcf40791-0315-4e3c-8536-e9ae758955f8 req-26a3077f-52d8-4e30-8b09-1c57a0a3283e tempest-VolumesSnapshotTestJSON-591229851 None] CMD "sudo cinder-rootwrap /etc/cinder/rootwrap.conf lvchange -a y --yes -K stack-volumes-lvmdriver-1/volume-9c1a3edc-b2e4-4d0a-91b8-2e7927922a43" returned: 0 in 0.358s {{(pid=107814) execute /usr/local/lib/python3.12/site-packages/oslo_concurrency/processutils.py:372}}
Nov 21 15:47:21.648418 np0005531460.novalocal cinder-volume[107814]: INFO cinder.volume.targets.lio [req-fcf40791-0315-4e3c-8536-e9ae758955f8 req-26a3077f-52d8-4e30-8b09-1c57a0a3283e tempest-VolumesSnapshotTestJSON-591229851 None] Creating iscsi_target for volume: volume-9c1a3edc-b2e4-4d0a-91b8-2e7927922a43
Nov 21 15:47:21.648618 np0005531460.novalocal cinder-volume[107814]: DEBUG oslo_concurrency.lockutils [req-fcf40791-0315-4e3c-8536-e9ae758955f8 req-26a3077f-52d8-4e30-8b09-1c57a0a3283e tempest-VolumesSnapshotTestJSON-591229851 None] Acquiring lock "lioadm" by "cinder.volume.targets.lio.LioAdm._execute" {{(pid=107814) inner /usr/local/lib/python3.12/site-packages/oslo_concurrency/lockutils.py:405}}
Nov 21 15:47:21.722738 np0005531460.novalocal cinder-volume[107814]: DEBUG oslo_concurrency.processutils [None req-72ed889e-d455-43c3-bd79-8beac27f5757 tempest-VolumesBackupsTest-633227990 None] CMD "sudo cinder-rootwrap /etc/cinder/rootwrap.conf cinder-rtstool save" returned: 0 in 0.490s {{(pid=107814) execute /usr/local/lib/python3.12/site-packages/oslo_concurrency/processutils.py:372}}
Nov 21 15:47:21.722738 np0005531460.novalocal cinder-volume[107814]: DEBUG oslo_concurrency.lockutils [None req-72ed889e-d455-43c3-bd79-8beac27f5757 tempest-VolumesBackupsTest-633227990 None] Lock "lioadm" "released" by "cinder.volume.targets.lio.LioAdm._execute" :: held 0.491s {{(pid=107814) inner /usr/local/lib/python3.12/site-packages/oslo_concurrency/lockutils.py:424}}
Nov 21 15:47:21.722738 np0005531460.novalocal cinder-volume[107814]: INFO cinder.volume.manager [None req-72ed889e-d455-43c3-bd79-8beac27f5757 tempest-VolumesBackupsTest-633227990 None] Terminate volume connection completed successfully.
Nov 21 15:47:21.725272 np0005531460.novalocal cinder-volume[107814]: DEBUG oslo_concurrency.lockutils [req-fcf40791-0315-4e3c-8536-e9ae758955f8 req-26a3077f-52d8-4e30-8b09-1c57a0a3283e tempest-VolumesSnapshotTestJSON-591229851 None] Lock "lioadm" acquired by "cinder.volume.targets.lio.LioAdm._execute" :: waited 0.076s {{(pid=107814) inner /usr/local/lib/python3.12/site-packages/oslo_concurrency/lockutils.py:410}}
Nov 21 15:47:21.726019 np0005531460.novalocal cinder-volume[107814]: DEBUG oslo_concurrency.processutils [req-fcf40791-0315-4e3c-8536-e9ae758955f8 req-26a3077f-52d8-4e30-8b09-1c57a0a3283e tempest-VolumesSnapshotTestJSON-591229851 None] Running cmd (subprocess): sudo cinder-rootwrap /etc/cinder/rootwrap.conf cinder-rtstool create /dev/stack-volumes-lvmdriver-1/volume-9c1a3edc-b2e4-4d0a-91b8-2e7927922a43 iqn.2010-10.org.openstack:volume-9c1a3edc-b2e4-4d0a-91b8-2e7927922a43 ptizWT8BbtnjK4Xf5agZ MrLVngpecH72e9JA False -p3260 -a38.102.83.94 {{(pid=107814) execute /usr/local/lib/python3.12/site-packages/oslo_concurrency/processutils.py:349}}
Nov 21 15:47:21.749385 np0005531460.novalocal sudo[145752]: stack : PWD=/ ; USER=root ; COMMAND=/usr/local/bin/cinder-rootwrap /etc/cinder/rootwrap.conf cinder-rtstool create /dev/stack-volumes-lvmdriver-1/volume-9c1a3edc-b2e4-4d0a-91b8-2e7927922a43 iqn.2010-10.org.openstack:volume-9c1a3edc-b2e4-4d0a-91b8-2e7927922a43 ptizWT8BbtnjK4Xf5agZ MrLVngpecH72e9JA False -p3260 -a38.102.83.94
Nov 21 15:47:22.169795 np0005531460.novalocal cinder-volume[107814]: DEBUG oslo_concurrency.lockutils [None req-72ed889e-d455-43c3-bd79-8beac27f5757 tempest-VolumesBackupsTest-633227990 None] Acquiring lock "lioadm" by "cinder.volume.targets.lio.LioAdm._execute" {{(pid=107814) inner /usr/local/lib/python3.12/site-packages/oslo_concurrency/lockutils.py:405}}
Nov 21 15:47:22.305788 np0005531460.novalocal cinder-volume[107814]: DEBUG oslo_concurrency.processutils [req-fcf40791-0315-4e3c-8536-e9ae758955f8 req-26a3077f-52d8-4e30-8b09-1c57a0a3283e tempest-VolumesSnapshotTestJSON-591229851 None] CMD "sudo cinder-rootwrap /etc/cinder/rootwrap.conf cinder-rtstool create /dev/stack-volumes-lvmdriver-1/volume-9c1a3edc-b2e4-4d0a-91b8-2e7927922a43 iqn.2010-10.org.openstack:volume-9c1a3edc-b2e4-4d0a-91b8-2e7927922a43 ptizWT8BbtnjK4Xf5agZ MrLVngpecH72e9JA False -p3260 -a38.102.83.94" returned: 0 in 0.580s {{(pid=107814) execute /usr/local/lib/python3.12/site-packages/oslo_concurrency/processutils.py:372}}
Nov 21 15:47:22.306479 np0005531460.novalocal cinder-volume[107814]: DEBUG oslo_concurrency.lockutils [req-fcf40791-0315-4e3c-8536-e9ae758955f8 req-26a3077f-52d8-4e30-8b09-1c57a0a3283e tempest-VolumesSnapshotTestJSON-591229851 None] Lock "lioadm" "released" by "cinder.volume.targets.lio.LioAdm._execute" :: held 0.582s {{(pid=107814) inner /usr/local/lib/python3.12/site-packages/oslo_concurrency/lockutils.py:424}}
Nov 21 15:47:22.306895 np0005531460.novalocal cinder-volume[107814]: DEBUG oslo_concurrency.lockutils [req-fcf40791-0315-4e3c-8536-e9ae758955f8 req-26a3077f-52d8-4e30-8b09-1c57a0a3283e tempest-VolumesSnapshotTestJSON-591229851 None] Acquiring lock "lioadm" by "cinder.volume.targets.lio.LioAdm._execute" {{(pid=107814) inner /usr/local/lib/python3.12/site-packages/oslo_concurrency/lockutils.py:405}}
Nov 21 15:47:22.307996 np0005531460.novalocal cinder-volume[107814]: DEBUG oslo_concurrency.lockutils [req-fcf40791-0315-4e3c-8536-e9ae758955f8 req-26a3077f-52d8-4e30-8b09-1c57a0a3283e tempest-VolumesSnapshotTestJSON-591229851 None] Lock "lioadm" acquired by "cinder.volume.targets.lio.LioAdm._execute" :: waited 0.001s {{(pid=107814) inner /usr/local/lib/python3.12/site-packages/oslo_concurrency/lockutils.py:410}}
Nov 21 15:47:22.308728 np0005531460.novalocal cinder-volume[107814]: DEBUG oslo_concurrency.processutils [req-fcf40791-0315-4e3c-8536-e9ae758955f8 req-26a3077f-52d8-4e30-8b09-1c57a0a3283e tempest-VolumesSnapshotTestJSON-591229851 None] Running cmd (subprocess): sudo cinder-rootwrap /etc/cinder/rootwrap.conf cinder-rtstool get-targets {{(pid=107814) execute /usr/local/lib/python3.12/site-packages/oslo_concurrency/processutils.py:349}}
Nov 21 15:47:22.336829 np0005531460.novalocal sudo[145765]: stack : PWD=/ ; USER=root ; COMMAND=/usr/local/bin/cinder-rootwrap /etc/cinder/rootwrap.conf cinder-rtstool get-targets
Nov 21 15:47:22.886669 np0005531460.novalocal cinder-volume[107814]: DEBUG oslo_concurrency.processutils [req-fcf40791-0315-4e3c-8536-e9ae758955f8 req-26a3077f-52d8-4e30-8b09-1c57a0a3283e tempest-VolumesSnapshotTestJSON-591229851 None] CMD "sudo cinder-rootwrap /etc/cinder/rootwrap.conf cinder-rtstool get-targets" returned: 0 in 0.578s {{(pid=107814) execute /usr/local/lib/python3.12/site-packages/oslo_concurrency/processutils.py:372}}
Nov 21 15:47:22.887252 np0005531460.novalocal cinder-volume[107814]: DEBUG oslo_concurrency.lockutils [req-fcf40791-0315-4e3c-8536-e9ae758955f8 req-26a3077f-52d8-4e30-8b09-1c57a0a3283e tempest-VolumesSnapshotTestJSON-591229851 None] Lock "lioadm" "released" by "cinder.volume.targets.lio.LioAdm._execute" :: held 0.580s {{(pid=107814) inner /usr/local/lib/python3.12/site-packages/oslo_concurrency/lockutils.py:424}}
Nov 21 15:47:22.887554 np0005531460.novalocal cinder-volume[107814]: DEBUG oslo_concurrency.lockutils [req-fcf40791-0315-4e3c-8536-e9ae758955f8 req-26a3077f-52d8-4e30-8b09-1c57a0a3283e tempest-VolumesSnapshotTestJSON-591229851 None] Acquiring lock "lioadm" by "cinder.volume.targets.lio.LioAdm._execute" {{(pid=107814) inner /usr/local/lib/python3.12/site-packages/oslo_concurrency/lockutils.py:405}}
