Nov 21 15:47:22.888163 np0005531460.novalocal cinder-volume[107814]: DEBUG oslo_concurrency.lockutils [req-fcf40791-0315-4e3c-8536-e9ae758955f8 req-26a3077f-52d8-4e30-8b09-1c57a0a3283e tempest-VolumesSnapshotTestJSON-591229851 None] Lock "lioadm" acquired by "cinder.volume.targets.lio.LioAdm._execute" :: waited 0.001s {{(pid=107814) inner /usr/local/lib/python3.12/site-packages/oslo_concurrency/lockutils.py:410}}
Nov 21 15:47:22.888736 np0005531460.novalocal cinder-volume[107814]: DEBUG oslo_concurrency.processutils [req-fcf40791-0315-4e3c-8536-e9ae758955f8 req-26a3077f-52d8-4e30-8b09-1c57a0a3283e tempest-VolumesSnapshotTestJSON-591229851 None] Running cmd (subprocess): sudo cinder-rootwrap /etc/cinder/rootwrap.conf cinder-rtstool save {{(pid=107814) execute /usr/local/lib/python3.12/site-packages/oslo_concurrency/processutils.py:349}}
Nov 21 15:47:22.910462 np0005531460.novalocal sudo[145771]: stack : PWD=/ ; USER=root ; COMMAND=/usr/local/bin/cinder-rootwrap /etc/cinder/rootwrap.conf cinder-rtstool save
Nov 21 15:47:23.494637 np0005531460.novalocal cinder-volume[107814]: DEBUG oslo_concurrency.processutils [req-fcf40791-0315-4e3c-8536-e9ae758955f8 req-26a3077f-52d8-4e30-8b09-1c57a0a3283e tempest-VolumesSnapshotTestJSON-591229851 None] CMD "sudo cinder-rootwrap /etc/cinder/rootwrap.conf cinder-rtstool save" returned: 0 in 0.606s {{(pid=107814) execute /usr/local/lib/python3.12/site-packages/oslo_concurrency/processutils.py:372}}
Nov 21 15:47:23.494943 np0005531460.novalocal cinder-volume[107814]: DEBUG oslo_concurrency.lockutils [req-fcf40791-0315-4e3c-8536-e9ae758955f8 req-26a3077f-52d8-4e30-8b09-1c57a0a3283e tempest-VolumesSnapshotTestJSON-591229851 None] Lock "lioadm" "released" by "cinder.volume.targets.lio.LioAdm._execute" :: held 0.607s {{(pid=107814) inner /usr/local/lib/python3.12/site-packages/oslo_concurrency/lockutils.py:424}}
Nov 21 15:47:23.495177 np0005531460.novalocal cinder-volume[107814]: DEBUG cinder.volume.targets.iscsi [req-fcf40791-0315-4e3c-8536-e9ae758955f8 req-26a3077f-52d8-4e30-8b09-1c57a0a3283e tempest-VolumesSnapshotTestJSON-591229851 None] Set provider_location to: 38.102.83.94:3260,iqn.2010-10.org.openstack:volume-9c1a3edc-b2e4-4d0a-91b8-2e7927922a43 iqn.2010-10.org.openstack:volume-9c1a3edc-b2e4-4d0a-91b8-2e7927922a43 0 {{(pid=107814) create_export /opt/stack/cinder/cinder/volume/targets/iscsi.py:205}}
Nov 21 15:47:23.499463 np0005531460.novalocal cinder-volume[107814]: DEBUG oslo_concurrency.lockutils [None req-72ed889e-d455-43c3-bd79-8beac27f5757 tempest-VolumesBackupsTest-633227990 None] Lock "lioadm" acquired by "cinder.volume.targets.lio.LioAdm._execute" :: waited 1.330s {{(pid=107814) inner /usr/local/lib/python3.12/site-packages/oslo_concurrency/lockutils.py:410}}
Nov 21 15:47:23.499805 np0005531460.novalocal cinder-volume[107814]: DEBUG oslo_concurrency.processutils [None req-72ed889e-d455-43c3-bd79-8beac27f5757 tempest-VolumesBackupsTest-633227990 None] Running cmd (subprocess): sudo cinder-rootwrap /etc/cinder/rootwrap.conf cinder-rtstool get-targets {{(pid=107814) execute /usr/local/lib/python3.12/site-packages/oslo_concurrency/processutils.py:349}}
Nov 21 15:47:23.508790 np0005531460.novalocal cinder-volume[107814]: DEBUG oslo_concurrency.lockutils [req-fcf40791-0315-4e3c-8536-e9ae758955f8 req-26a3077f-52d8-4e30-8b09-1c57a0a3283e tempest-VolumesSnapshotTestJSON-591229851 None] Acquiring lock "lioadm" by "cinder.volume.targets.lio.LioAdm._execute" {{(pid=107814) inner /usr/local/lib/python3.12/site-packages/oslo_concurrency/lockutils.py:405}}
Nov 21 15:47:23.528720 np0005531460.novalocal sudo[145826]: stack : PWD=/ ; USER=root ; COMMAND=/usr/local/bin/cinder-rootwrap /etc/cinder/rootwrap.conf cinder-rtstool get-targets
Nov 21 15:47:24.110356 np0005531460.novalocal cinder-volume[107814]: DEBUG oslo_concurrency.processutils [None req-72ed889e-d455-43c3-bd79-8beac27f5757 tempest-VolumesBackupsTest-633227990 None] CMD "sudo cinder-rootwrap /etc/cinder/rootwrap.conf cinder-rtstool get-targets" returned: 0 in 0.610s {{(pid=107814) execute /usr/local/lib/python3.12/site-packages/oslo_concurrency/processutils.py:372}}
Nov 21 15:47:24.111358 np0005531460.novalocal cinder-volume[107814]: DEBUG oslo_concurrency.lockutils [None req-72ed889e-d455-43c3-bd79-8beac27f5757 tempest-VolumesBackupsTest-633227990 None] Lock "lioadm" "released" by "cinder.volume.targets.lio.LioAdm._execute" :: held 0.611s {{(pid=107814) inner /usr/local/lib/python3.12/site-packages/oslo_concurrency/lockutils.py:424}}
Nov 21 15:47:24.111564 np0005531460.novalocal cinder-volume[107814]: INFO cinder.volume.targets.lio [None req-72ed889e-d455-43c3-bd79-8beac27f5757 tempest-VolumesBackupsTest-633227990 None] Removing iscsi_target: 25c0d3bc-23ea-4195-85db-6d6b326990b4
Nov 21 15:47:24.111865 np0005531460.novalocal cinder-volume[107814]: DEBUG oslo_concurrency.lockutils [None req-72ed889e-d455-43c3-bd79-8beac27f5757 tempest-VolumesBackupsTest-633227990 None] Acquiring lock "lioadm" by "cinder.volume.targets.lio.LioAdm._execute" {{(pid=107814) inner /usr/local/lib/python3.12/site-packages/oslo_concurrency/lockutils.py:405}}
Nov 21 15:47:24.112412 np0005531460.novalocal cinder-volume[107814]: DEBUG oslo_concurrency.lockutils [None req-72ed889e-d455-43c3-bd79-8beac27f5757 tempest-VolumesBackupsTest-633227990 None] Lock "lioadm" acquired by "cinder.volume.targets.lio.LioAdm._execute" :: waited 0.001s {{(pid=107814) inner /usr/local/lib/python3.12/site-packages/oslo_concurrency/lockutils.py:410}}
Nov 21 15:47:24.113027 np0005531460.novalocal cinder-volume[107814]: DEBUG oslo_concurrency.processutils [None req-72ed889e-d455-43c3-bd79-8beac27f5757 tempest-VolumesBackupsTest-633227990 None] Running cmd (subprocess): sudo cinder-rootwrap /etc/cinder/rootwrap.conf cinder-rtstool delete iqn.2010-10.org.openstack:volume-25c0d3bc-23ea-4195-85db-6d6b326990b4 {{(pid=107814) execute /usr/local/lib/python3.12/site-packages/oslo_concurrency/processutils.py:349}}
Nov 21 15:47:24.146993 np0005531460.novalocal sudo[145852]: stack : PWD=/ ; USER=root ; COMMAND=/usr/local/bin/cinder-rootwrap /etc/cinder/rootwrap.conf cinder-rtstool delete iqn.2010-10.org.openstack:volume-25c0d3bc-23ea-4195-85db-6d6b326990b4
Nov 21 15:47:24.754543 np0005531460.novalocal cinder-volume[107814]: DEBUG oslo_concurrency.processutils [None req-72ed889e-d455-43c3-bd79-8beac27f5757 tempest-VolumesBackupsTest-633227990 None] CMD "sudo cinder-rootwrap /etc/cinder/rootwrap.conf cinder-rtstool delete iqn.2010-10.org.openstack:volume-25c0d3bc-23ea-4195-85db-6d6b326990b4" returned: 0 in 0.641s {{(pid=107814) execute /usr/local/lib/python3.12/site-packages/oslo_concurrency/processutils.py:372}}
Nov 21 15:47:24.755163 np0005531460.novalocal cinder-volume[107814]: DEBUG oslo_concurrency.lockutils [None req-72ed889e-d455-43c3-bd79-8beac27f5757 tempest-VolumesBackupsTest-633227990 None] Lock "lioadm" "released" by "cinder.volume.targets.lio.LioAdm._execute" :: held 0.643s {{(pid=107814) inner /usr/local/lib/python3.12/site-packages/oslo_concurrency/lockutils.py:424}}
Nov 21 15:47:24.755445 np0005531460.novalocal cinder-volume[107814]: DEBUG oslo_concurrency.lockutils [None req-72ed889e-d455-43c3-bd79-8beac27f5757 tempest-VolumesBackupsTest-633227990 None] Acquiring lock "lioadm" by "cinder.volume.targets.lio.LioAdm._execute" {{(pid=107814) inner /usr/local/lib/python3.12/site-packages/oslo_concurrency/lockutils.py:405}}
Nov 21 15:47:24.756169 np0005531460.novalocal cinder-volume[107814]: DEBUG oslo_concurrency.lockutils [None req-72ed889e-d455-43c3-bd79-8beac27f5757 tempest-VolumesBackupsTest-633227990 None] Lock "lioadm" acquired by "cinder.volume.targets.lio.LioAdm._execute" :: waited 0.001s {{(pid=107814) inner /usr/local/lib/python3.12/site-packages/oslo_concurrency/lockutils.py:410}}
Nov 21 15:47:24.758792 np0005531460.novalocal cinder-volume[107814]: DEBUG oslo_concurrency.processutils [None req-72ed889e-d455-43c3-bd79-8beac27f5757 tempest-VolumesBackupsTest-633227990 None] Running cmd (subprocess): sudo cinder-rootwrap /etc/cinder/rootwrap.conf cinder-rtstool save {{(pid=107814) execute /usr/local/lib/python3.12/site-packages/oslo_concurrency/processutils.py:349}}
Nov 21 15:47:24.796965 np0005531460.novalocal sudo[145882]: stack : PWD=/ ; USER=root ; COMMAND=/usr/local/bin/cinder-rootwrap /etc/cinder/rootwrap.conf cinder-rtstool save
Nov 21 15:47:25.405269 np0005531460.novalocal cinder-volume[107814]: DEBUG oslo_concurrency.processutils [None req-72ed889e-d455-43c3-bd79-8beac27f5757 tempest-VolumesBackupsTest-633227990 None] CMD "sudo cinder-rootwrap /etc/cinder/rootwrap.conf cinder-rtstool save" returned: 0 in 0.648s {{(pid=107814) execute /usr/local/lib/python3.12/site-packages/oslo_concurrency/processutils.py:372}}
Nov 21 15:47:25.405698 np0005531460.novalocal cinder-volume[107814]: DEBUG oslo_concurrency.lockutils [None req-72ed889e-d455-43c3-bd79-8beac27f5757 tempest-VolumesBackupsTest-633227990 None] Lock "lioadm" "released" by "cinder.volume.targets.lio.LioAdm._execute" :: held 0.650s {{(pid=107814) inner /usr/local/lib/python3.12/site-packages/oslo_concurrency/lockutils.py:424}}
Nov 21 15:47:25.406100 np0005531460.novalocal cinder-volume[107814]: INFO cinder.volume.manager [None req-72ed889e-d455-43c3-bd79-8beac27f5757 tempest-VolumesBackupsTest-633227990 None] Remove volume export completed successfully.
Nov 21 15:47:25.407338 np0005531460.novalocal cinder-volume[107814]: DEBUG oslo_concurrency.lockutils [req-fcf40791-0315-4e3c-8536-e9ae758955f8 req-26a3077f-52d8-4e30-8b09-1c57a0a3283e tempest-VolumesSnapshotTestJSON-591229851 None] Lock "lioadm" acquired by "cinder.volume.targets.lio.LioAdm._execute" :: waited 1.900s {{(pid=107814) inner /usr/local/lib/python3.12/site-packages/oslo_concurrency/lockutils.py:410}}
Nov 21 15:47:25.407750 np0005531460.novalocal cinder-volume[107814]: DEBUG oslo_concurrency.processutils [req-fcf40791-0315-4e3c-8536-e9ae758955f8 req-26a3077f-52d8-4e30-8b09-1c57a0a3283e tempest-VolumesSnapshotTestJSON-591229851 None] Running cmd (subprocess): sudo cinder-rootwrap /etc/cinder/rootwrap.conf cinder-rtstool add-initiator iqn.2010-10.org.openstack:volume-9c1a3edc-b2e4-4d0a-91b8-2e7927922a43 ptizWT8BbtnjK4Xf5agZ MrLVngpecH72e9JA iqn.1994-05.com.redhat:1e2adedf8ac {{(pid=107814) execute /usr/local/lib/python3.12/site-packages/oslo_concurrency/processutils.py:349}}
Nov 21 15:47:25.440466 np0005531460.novalocal sudo[145889]: stack : PWD=/ ; USER=root ; COMMAND=/usr/local/bin/cinder-rootwrap /etc/cinder/rootwrap.conf cinder-rtstool add-initiator iqn.2010-10.org.openstack:volume-9c1a3edc-b2e4-4d0a-91b8-2e7927922a43 ptizWT8BbtnjK4Xf5agZ MrLVngpecH72e9JA iqn.1994-05.com.redhat:1e2adedf8ac
Nov 21 15:47:25.685296 np0005531460.novalocal cinder-volume[107814]: DEBUG cinder.coordination [None req-72ed889e-d455-43c3-bd79-8beac27f5757 tempest-VolumesBackupsTest-633227990 None] Acquiring lock "cinder-25c0d3bc-23ea-4195-85db-6d6b326990b4-delete_volume" by "delete_volume" {{(pid=107814) __acquire /opt/stack/cinder/cinder/coordination.py:143}}
Nov 21 15:47:25.695214 np0005531460.novalocal cinder-volume[107814]: DEBUG cinder.coordination [None req-72ed889e-d455-43c3-bd79-8beac27f5757 tempest-VolumesBackupsTest-633227990 None] Lock "cinder-25c0d3bc-23ea-4195-85db-6d6b326990b4-delete_volume" acquired by "delete_volume" :: waited 0.010s {{(pid=107814) __acquire /opt/stack/cinder/cinder/coordination.py:146}}
Nov 21 15:47:25.708675 np0005531460.novalocal cinder-volume[107814]: DEBUG oslo_concurrency.lockutils [None req-72ed889e-d455-43c3-bd79-8beac27f5757 tempest-VolumesBackupsTest-633227990 None] Acquiring lock "lioadm" by "cinder.volume.targets.lio.LioAdm._execute" {{(pid=107814) inner /usr/local/lib/python3.12/site-packages/oslo_concurrency/lockutils.py:405}}
Nov 21 15:47:25.989730 np0005531460.novalocal cinder-volume[107814]: DEBUG oslo_concurrency.processutils [req-fcf40791-0315-4e3c-8536-e9ae758955f8 req-26a3077f-52d8-4e30-8b09-1c57a0a3283e tempest-VolumesSnapshotTestJSON-591229851 None] CMD "sudo cinder-rootwrap /etc/cinder/rootwrap.conf cinder-rtstool add-initiator iqn.2010-10.org.openstack:volume-9c1a3edc-b2e4-4d0a-91b8-2e7927922a43 ptizWT8BbtnjK4Xf5agZ MrLVngpecH72e9JA iqn.1994-05.com.redhat:1e2adedf8ac" returned: 0 in 0.581s {{(pid=107814) execute /usr/local/lib/python3.12/site-packages/oslo_concurrency/processutils.py:372}}
Nov 21 15:47:25.990165 np0005531460.novalocal cinder-volume[107814]: DEBUG oslo_concurrency.lockutils [req-fcf40791-0315-4e3c-8536-e9ae758955f8 req-26a3077f-52d8-4e30-8b09-1c57a0a3283e tempest-VolumesSnapshotTestJSON-591229851 None] Lock "lioadm" "released" by "cinder.volume.targets.lio.LioAdm._execute" :: held 0.583s {{(pid=107814) inner /usr/local/lib/python3.12/site-packages/oslo_concurrency/lockutils.py:424}}
Nov 21 15:47:25.990607 np0005531460.novalocal cinder-volume[107814]: DEBUG oslo_concurrency.lockutils [req-fcf40791-0315-4e3c-8536-e9ae758955f8 req-26a3077f-52d8-4e30-8b09-1c57a0a3283e tempest-VolumesSnapshotTestJSON-591229851 None] Acquiring lock "lioadm" by "cinder.volume.targets.lio.LioAdm._execute" {{(pid=107814) inner /usr/local/lib/python3.12/site-packages/oslo_concurrency/lockutils.py:405}}
Nov 21 15:47:25.991384 np0005531460.novalocal cinder-volume[107814]: DEBUG oslo_concurrency.lockutils [req-fcf40791-0315-4e3c-8536-e9ae758955f8 req-26a3077f-52d8-4e30-8b09-1c57a0a3283e tempest-VolumesSnapshotTestJSON-591229851 None] Lock "lioadm" acquired by "cinder.volume.targets.lio.LioAdm._execute" :: waited 0.001s {{(pid=107814) inner /usr/local/lib/python3.12/site-packages/oslo_concurrency/lockutils.py:410}}
Nov 21 15:47:25.992309 np0005531460.novalocal cinder-volume[107814]: DEBUG oslo_concurrency.processutils [req-fcf40791-0315-4e3c-8536-e9ae758955f8 req-26a3077f-52d8-4e30-8b09-1c57a0a3283e tempest-VolumesSnapshotTestJSON-591229851 None] Running cmd (subprocess): sudo cinder-rootwrap /etc/cinder/rootwrap.conf cinder-rtstool save {{(pid=107814) execute /usr/local/lib/python3.12/site-packages/oslo_concurrency/processutils.py:349}}
Nov 21 15:47:26.029433 np0005531460.novalocal sudo[145895]: stack : PWD=/ ; USER=root ; COMMAND=/usr/local/bin/cinder-rootwrap /etc/cinder/rootwrap.conf cinder-rtstool save
Nov 21 15:47:26.601805 np0005531460.novalocal cinder-volume[107814]: DEBUG oslo_concurrency.processutils [req-fcf40791-0315-4e3c-8536-e9ae758955f8 req-26a3077f-52d8-4e30-8b09-1c57a0a3283e tempest-VolumesSnapshotTestJSON-591229851 None] CMD "sudo cinder-rootwrap /etc/cinder/rootwrap.conf cinder-rtstool save" returned: 0 in 0.608s {{(pid=107814) execute /usr/local/lib/python3.12/site-packages/oslo_concurrency/processutils.py:372}}
Nov 21 15:47:26.601805 np0005531460.novalocal cinder-volume[107814]: DEBUG oslo_concurrency.lockutils [req-fcf40791-0315-4e3c-8536-e9ae758955f8 req-26a3077f-52d8-4e30-8b09-1c57a0a3283e tempest-VolumesSnapshotTestJSON-591229851 None] Lock "lioadm" "released" by "cinder.volume.targets.lio.LioAdm._execute" :: held 0.610s {{(pid=107814) inner /usr/local/lib/python3.12/site-packages/oslo_concurrency/lockutils.py:424}}
Nov 21 15:47:26.609156 np0005531460.novalocal cinder-volume[107814]: DEBUG oslo_concurrency.lockutils [None req-72ed889e-d455-43c3-bd79-8beac27f5757 tempest-VolumesBackupsTest-633227990 None] Lock "lioadm" acquired by "cinder.volume.targets.lio.LioAdm._execute" :: waited 0.900s {{(pid=107814) inner /usr/local/lib/python3.12/site-packages/oslo_concurrency/lockutils.py:410}}
Nov 21 15:47:26.609817 np0005531460.novalocal cinder-volume[107814]: DEBUG oslo_concurrency.processutils [None req-72ed889e-d455-43c3-bd79-8beac27f5757 tempest-VolumesBackupsTest-633227990 None] Running cmd (subprocess): sudo cinder-rootwrap /etc/cinder/rootwrap.conf cinder-rtstool get-targets {{(pid=107814) execute /usr/local/lib/python3.12/site-packages/oslo_concurrency/processutils.py:349}}
Nov 21 15:47:26.641565 np0005531460.novalocal cinder-volume[107814]: DEBUG cinder.volume.manager [req-fcf40791-0315-4e3c-8536-e9ae758955f8 req-26a3077f-52d8-4e30-8b09-1c57a0a3283e tempest-VolumesSnapshotTestJSON-591229851 None] Connection info returned from driver {'target_discovered': False, 'target_portal': '38.102.83.94:3260', 'target_iqn': 'iqn.2010-10.org.openstack:volume-9c1a3edc-b2e4-4d0a-91b8-2e7927922a43', 'target_lun': 0, 'volume_id': '9c1a3edc-b2e4-4d0a-91b8-2e7927922a43', 'auth_method': 'CHAP', 'auth_username': 'ptizWT8BbtnjK4Xf5agZ', 'auth_password': '***', 'encrypted': False, 'qos_specs': None, 'access_mode': 'rw', 'cacheable': False, 'driver_volume_type': 'iscsi', 'attachment_id': '5df94d97-17ef-4d3b-b029-41a4c9a27a4c', 'enforce_multipath': True} {{(pid=107814) _connection_create /opt/stack/cinder/cinder/volume/manager.py:4892}}
Nov 21 15:47:26.646998 np0005531460.novalocal sudo[145901]: stack : PWD=/ ; USER=root ; COMMAND=/usr/local/bin/cinder-rootwrap /etc/cinder/rootwrap.conf cinder-rtstool get-targets
Nov 21 15:47:26.687045 np0005531460.novalocal cinder-volume[107814]: INFO cinder.volume.manager [req-fcf40791-0315-4e3c-8536-e9ae758955f8 req-26a3077f-52d8-4e30-8b09-1c57a0a3283e tempest-VolumesSnapshotTestJSON-591229851 None] attachment_update completed successfully.
Nov 21 15:47:27.264475 np0005531460.novalocal cinder-volume[107814]: DEBUG oslo_concurrency.processutils [None req-72ed889e-d455-43c3-bd79-8beac27f5757 tempest-VolumesBackupsTest-633227990 None] CMD "sudo cinder-rootwrap /etc/cinder/rootwrap.conf cinder-rtstool get-targets" returned: 0 in 0.655s {{(pid=107814) execute /usr/local/lib/python3.12/site-packages/oslo_concurrency/processutils.py:372}}
Nov 21 15:47:27.264590 np0005531460.novalocal cinder-volume[107814]: DEBUG oslo_concurrency.lockutils [None req-72ed889e-d455-43c3-bd79-8beac27f5757 tempest-VolumesBackupsTest-633227990 None] Lock "lioadm" "released" by "cinder.volume.targets.lio.LioAdm._execute" :: held 0.656s {{(pid=107814) inner /usr/local/lib/python3.12/site-packages/oslo_concurrency/lockutils.py:424}}
Nov 21 15:47:27.264817 np0005531460.novalocal cinder-volume[107814]: INFO cinder.volume.targets.iscsi [None req-72ed889e-d455-43c3-bd79-8beac27f5757 tempest-VolumesBackupsTest-633227990 None] Skipping remove_export. No iscsi_target is presently exported for volume: 25c0d3bc-23ea-4195-85db-6d6b326990b4
Nov 21 15:47:27.267789 np0005531460.novalocal cinder-volume[107814]: DEBUG oslo_concurrency.processutils [None req-72ed889e-d455-43c3-bd79-8beac27f5757 tempest-VolumesBackupsTest-633227990 None] Running cmd (subprocess): sudo cinder-rootwrap /etc/cinder/rootwrap.conf env LC_ALL=C lvs --noheadings --unit=g -o vg_name,name,size --nosuffix --readonly stack-volumes-lvmdriver-1/volume-25c0d3bc-23ea-4195-85db-6d6b326990b4 {{(pid=107814) execute /usr/local/lib/python3.12/site-packages/oslo_concurrency/processutils.py:349}}
Nov 21 15:47:27.299965 np0005531460.novalocal sudo[145913]: stack : PWD=/ ; USER=root ; COMMAND=/usr/local/bin/cinder-rootwrap /etc/cinder/rootwrap.conf env LC_ALL=C lvs --noheadings --unit=g -o vg_name,name,size --nosuffix --readonly stack-volumes-lvmdriver-1/volume-25c0d3bc-23ea-4195-85db-6d6b326990b4
Nov 21 15:47:27.653639 np0005531460.novalocal cinder-volume[107814]: DEBUG oslo_concurrency.processutils [None req-72ed889e-d455-43c3-bd79-8beac27f5757 tempest-VolumesBackupsTest-633227990 None] CMD "sudo cinder-rootwrap /etc/cinder/rootwrap.conf env LC_ALL=C lvs --noheadings --unit=g -o vg_name,name,size --nosuffix --readonly stack-volumes-lvmdriver-1/volume-25c0d3bc-23ea-4195-85db-6d6b326990b4" returned: 0 in 0.386s {{(pid=107814) execute /usr/local/lib/python3.12/site-packages/oslo_concurrency/processutils.py:372}}
Nov 21 15:47:27.656175 np0005531460.novalocal cinder-volume[107814]: DEBUG oslo_concurrency.processutils [None req-72ed889e-d455-43c3-bd79-8beac27f5757 tempest-VolumesBackupsTest-633227990 None] Running cmd (subprocess): sudo cinder-rootwrap /etc/cinder/rootwrap.conf env LC_ALL=C lvdisplay --noheading -C -o Attr --readonly stack-volumes-lvmdriver-1/volume-25c0d3bc-23ea-4195-85db-6d6b326990b4 {{(pid=107814) execute /usr/local/lib/python3.12/site-packages/oslo_concurrency/processutils.py:349}}
Nov 21 15:47:27.682597 np0005531460.novalocal sudo[145918]: stack : PWD=/ ; USER=root ; COMMAND=/usr/local/bin/cinder-rootwrap /etc/cinder/rootwrap.conf env LC_ALL=C lvdisplay --noheading -C -o Attr --readonly stack-volumes-lvmdriver-1/volume-25c0d3bc-23ea-4195-85db-6d6b326990b4
Nov 21 15:47:28.069964 np0005531460.novalocal cinder-volume[107814]: DEBUG oslo_concurrency.processutils [None req-72ed889e-d455-43c3-bd79-8beac27f5757 tempest-VolumesBackupsTest-633227990 None] CMD "sudo cinder-rootwrap /etc/cinder/rootwrap.conf env LC_ALL=C lvdisplay --noheading -C -o Attr --readonly stack-volumes-lvmdriver-1/volume-25c0d3bc-23ea-4195-85db-6d6b326990b4" returned: 0 in 0.413s {{(pid=107814) execute /usr/local/lib/python3.12/site-packages/oslo_concurrency/processutils.py:372}}
Nov 21 15:47:28.070315 np0005531460.novalocal cinder-volume[107814]: DEBUG oslo_concurrency.processutils [None req-72ed889e-d455-43c3-bd79-8beac27f5757 tempest-VolumesBackupsTest-633227990 None] Running cmd (subprocess): sudo cinder-rootwrap /etc/cinder/rootwrap.conf lvremove --config activation { retry_deactivation = 1} -f stack-volumes-lvmdriver-1/volume-25c0d3bc-23ea-4195-85db-6d6b326990b4 {{(pid=107814) execute /usr/local/lib/python3.12/site-packages/oslo_concurrency/processutils.py:349}}
Nov 21 15:47:28.100957 np0005531460.novalocal sudo[145954]: stack : PWD=/ ; USER=root ; COMMAND=/usr/local/bin/cinder-rootwrap /etc/cinder/rootwrap.conf lvremove --config 'activation { retry_deactivation = 1} ' -f stack-volumes-lvmdriver-1/volume-25c0d3bc-23ea-4195-85db-6d6b326990b4
Nov 21 15:47:28.527931 np0005531460.novalocal cinder-volume[107814]: DEBUG oslo_concurrency.processutils [None req-72ed889e-d455-43c3-bd79-8beac27f5757 tempest-VolumesBackupsTest-633227990 None] CMD "sudo cinder-rootwrap /etc/cinder/rootwrap.conf lvremove --config activation { retry_deactivation = 1} -f stack-volumes-lvmdriver-1/volume-25c0d3bc-23ea-4195-85db-6d6b326990b4" returned: 0 in 0.456s {{(pid=107814) execute /usr/local/lib/python3.12/site-packages/oslo_concurrency/processutils.py:372}}
Nov 21 15:47:28.529200 np0005531460.novalocal cinder-volume[107814]: INFO cinder.volume.drivers.lvm [None req-72ed889e-d455-43c3-bd79-8beac27f5757 tempest-VolumesBackupsTest-633227990 None] Successfully deleted volume: 25c0d3bc-23ea-4195-85db-6d6b326990b4
Nov 21 15:47:28.554849 np0005531460.novalocal cinder-volume[107814]: INFO cinder.volume.manager [None req-72ed889e-d455-43c3-bd79-8beac27f5757 tempest-VolumesBackupsTest-633227990 None] Deleted volume successfully.
Nov 21 15:47:28.561311 np0005531460.novalocal cinder-volume[107814]: DEBUG cinder.coordination [None req-72ed889e-d455-43c3-bd79-8beac27f5757 tempest-VolumesBackupsTest-633227990 None] Lock "cinder-25c0d3bc-23ea-4195-85db-6d6b326990b4-delete_volume" released by "delete_volume" :: held 2.866s {{(pid=107814) __release /opt/stack/cinder/cinder/coordination.py:157}}
Nov 21 15:47:29.621116 np0005531460.novalocal cinder-volume[107814]: DEBUG oslo_concurrency.lockutils [req-78180bc3-f927-49dc-b409-ba050b1b447e req-5c96cf08-3331-47dd-a11b-ea9a96a4eeda tempest-VolumesBackupsTest-633227990 None] Acquiring lock "lioadm" by "cinder.volume.targets.lio.LioAdm._execute" {{(pid=107814) inner /usr/local/lib/python3.12/site-packages/oslo_concurrency/lockutils.py:405}}
Nov 21 15:47:29.621953 np0005531460.novalocal cinder-volume[107814]: DEBUG oslo_concurrency.lockutils [req-78180bc3-f927-49dc-b409-ba050b1b447e req-5c96cf08-3331-47dd-a11b-ea9a96a4eeda tempest-VolumesBackupsTest-633227990 None] Lock "lioadm" acquired by "cinder.volume.targets.lio.LioAdm._execute" :: waited 0.001s {{(pid=107814) inner /usr/local/lib/python3.12/site-packages/oslo_concurrency/lockutils.py:410}}
Nov 21 15:47:29.622253 np0005531460.novalocal cinder-volume[107814]: DEBUG oslo_concurrency.processutils [req-78180bc3-f927-49dc-b409-ba050b1b447e req-5c96cf08-3331-47dd-a11b-ea9a96a4eeda tempest-VolumesBackupsTest-633227990 None] Running cmd (subprocess): sudo cinder-rootwrap /etc/cinder/rootwrap.conf cinder-rtstool delete-initiator iqn.2010-10.org.openstack:volume-bdef1043-6af8-4f7e-a163-b9104519911a iqn.1994-05.com.redhat:1e2adedf8ac {{(pid=107814) execute /usr/local/lib/python3.12/site-packages/oslo_concurrency/processutils.py:349}}
Nov 21 15:47:29.660664 np0005531460.novalocal sudo[146014]: stack : PWD=/ ; USER=root ; COMMAND=/usr/local/bin/cinder-rootwrap /etc/cinder/rootwrap.conf cinder-rtstool delete-initiator iqn.2010-10.org.openstack:volume-bdef1043-6af8-4f7e-a163-b9104519911a iqn.1994-05.com.redhat:1e2adedf8ac
Nov 21 15:47:30.215686 np0005531460.novalocal cinder-volume[107814]: DEBUG oslo_concurrency.processutils [req-78180bc3-f927-49dc-b409-ba050b1b447e req-5c96cf08-3331-47dd-a11b-ea9a96a4eeda tempest-VolumesBackupsTest-633227990 None] CMD "sudo cinder-rootwrap /etc/cinder/rootwrap.conf cinder-rtstool delete-initiator iqn.2010-10.org.openstack:volume-bdef1043-6af8-4f7e-a163-b9104519911a iqn.1994-05.com.redhat:1e2adedf8ac" returned: 0 in 0.593s {{(pid=107814) execute /usr/local/lib/python3.12/site-packages/oslo_concurrency/processutils.py:372}}
Nov 21 15:47:30.216584 np0005531460.novalocal cinder-volume[107814]: DEBUG oslo_concurrency.lockutils [req-78180bc3-f927-49dc-b409-ba050b1b447e req-5c96cf08-3331-47dd-a11b-ea9a96a4eeda tempest-VolumesBackupsTest-633227990 None] Lock "lioadm" "released" by "cinder.volume.targets.lio.LioAdm._execute" :: held 0.595s {{(pid=107814) inner /usr/local/lib/python3.12/site-packages/oslo_concurrency/lockutils.py:424}}
Nov 21 15:47:30.216928 np0005531460.novalocal cinder-volume[107814]: DEBUG oslo_concurrency.lockutils [req-78180bc3-f927-49dc-b409-ba050b1b447e req-5c96cf08-3331-47dd-a11b-ea9a96a4eeda tempest-VolumesBackupsTest-633227990 None] Acquiring lock "lioadm" by "cinder.volume.targets.lio.LioAdm._execute" {{(pid=107814) inner /usr/local/lib/python3.12/site-packages/oslo_concurrency/lockutils.py:405}}
Nov 21 15:47:30.217655 np0005531460.novalocal cinder-volume[107814]: DEBUG oslo_concurrency.lockutils [req-78180bc3-f927-49dc-b409-ba050b1b447e req-5c96cf08-3331-47dd-a11b-ea9a96a4eeda tempest-VolumesBackupsTest-633227990 None] Lock "lioadm" acquired by "cinder.volume.targets.lio.LioAdm._execute" :: waited 0.001s {{(pid=107814) inner /usr/local/lib/python3.12/site-packages/oslo_concurrency/lockutils.py:410}}
Nov 21 15:47:30.218319 np0005531460.novalocal cinder-volume[107814]: DEBUG oslo_concurrency.processutils [req-78180bc3-f927-49dc-b409-ba050b1b447e req-5c96cf08-3331-47dd-a11b-ea9a96a4eeda tempest-VolumesBackupsTest-633227990 None] Running cmd (subprocess): sudo cinder-rootwrap /etc/cinder/rootwrap.conf cinder-rtstool save {{(pid=107814) execute /usr/local/lib/python3.12/site-packages/oslo_concurrency/processutils.py:349}}
Nov 21 15:47:30.247078 np0005531460.novalocal sudo[146022]: stack : PWD=/ ; USER=root ; COMMAND=/usr/local/bin/cinder-rootwrap /etc/cinder/rootwrap.conf cinder-rtstool save
Nov 21 15:47:30.818780 np0005531460.novalocal cinder-volume[107814]: DEBUG oslo_concurrency.processutils [req-78180bc3-f927-49dc-b409-ba050b1b447e req-5c96cf08-3331-47dd-a11b-ea9a96a4eeda tempest-VolumesBackupsTest-633227990 None] CMD "sudo cinder-rootwrap /etc/cinder/rootwrap.conf cinder-rtstool save" returned: 0 in 0.600s {{(pid=107814) execute /usr/local/lib/python3.12/site-packages/oslo_concurrency/processutils.py:372}}
Nov 21 15:47:30.819804 np0005531460.novalocal cinder-volume[107814]: DEBUG oslo_concurrency.lockutils [req-78180bc3-f927-49dc-b409-ba050b1b447e req-5c96cf08-3331-47dd-a11b-ea9a96a4eeda tempest-VolumesBackupsTest-633227990 None] Lock "lioadm" "released" by "cinder.volume.targets.lio.LioAdm._execute" :: held 0.602s {{(pid=107814) inner /usr/local/lib/python3.12/site-packages/oslo_concurrency/lockutils.py:424}}
Nov 21 15:47:30.820645 np0005531460.novalocal cinder-volume[107814]: INFO cinder.volume.manager [req-78180bc3-f927-49dc-b409-ba050b1b447e req-5c96cf08-3331-47dd-a11b-ea9a96a4eeda tempest-VolumesBackupsTest-633227990 None] Terminate volume connection completed successfully.
Nov 21 15:47:30.821091 np0005531460.novalocal cinder-volume[107814]: DEBUG cinder.volume.manager [req-78180bc3-f927-49dc-b409-ba050b1b447e req-5c96cf08-3331-47dd-a11b-ea9a96a4eeda tempest-VolumesBackupsTest-633227990 None] Deleting attachment 8145f64c-65f6-4fe0-a502-0537060d7873. {{(pid=107814) attachment_delete /opt/stack/cinder/cinder/volume/manager.py:5023}}
Nov 21 15:47:30.822660 np0005531460.novalocal cinder-volume[107814]: DEBUG oslo_concurrency.lockutils [req-78180bc3-f927-49dc-b409-ba050b1b447e req-5c96cf08-3331-47dd-a11b-ea9a96a4eeda tempest-VolumesBackupsTest-633227990 None] Acquiring lock "lioadm" by "cinder.volume.targets.lio.LioAdm._execute" {{(pid=107814) inner /usr/local/lib/python3.12/site-packages/oslo_concurrency/lockutils.py:405}}
Nov 21 15:47:30.823704 np0005531460.novalocal cinder-volume[107814]: DEBUG oslo_concurrency.lockutils [req-78180bc3-f927-49dc-b409-ba050b1b447e req-5c96cf08-3331-47dd-a11b-ea9a96a4eeda tempest-VolumesBackupsTest-633227990 None] Lock "lioadm" acquired by "cinder.volume.targets.lio.LioAdm._execute" :: waited 0.002s {{(pid=107814) inner /usr/local/lib/python3.12/site-packages/oslo_concurrency/lockutils.py:410}}
Nov 21 15:47:30.824377 np0005531460.novalocal cinder-volume[107814]: DEBUG oslo_concurrency.processutils [req-78180bc3-f927-49dc-b409-ba050b1b447e req-5c96cf08-3331-47dd-a11b-ea9a96a4eeda tempest-VolumesBackupsTest-633227990 None] Running cmd (subprocess): sudo cinder-rootwrap /etc/cinder/rootwrap.conf cinder-rtstool get-targets {{(pid=107814) execute /usr/local/lib/python3.12/site-packages/oslo_concurrency/processutils.py:349}}
Nov 21 15:47:30.850260 np0005531460.novalocal sudo[146029]: stack : PWD=/ ; USER=root ; COMMAND=/usr/local/bin/cinder-rootwrap /etc/cinder/rootwrap.conf cinder-rtstool get-targets
Nov 21 15:47:31.364164 np0005531460.novalocal cinder-volume[107814]: DEBUG oslo_concurrency.processutils [req-78180bc3-f927-49dc-b409-ba050b1b447e req-5c96cf08-3331-47dd-a11b-ea9a96a4eeda tempest-VolumesBackupsTest-633227990 None] CMD "sudo cinder-rootwrap /etc/cinder/rootwrap.conf cinder-rtstool get-targets" returned: 0 in 0.538s {{(pid=107814) execute /usr/local/lib/python3.12/site-packages/oslo_concurrency/processutils.py:372}}
Nov 21 15:47:31.365188 np0005531460.novalocal cinder-volume[107814]: DEBUG oslo_concurrency.lockutils [req-78180bc3-f927-49dc-b409-ba050b1b447e req-5c96cf08-3331-47dd-a11b-ea9a96a4eeda tempest-VolumesBackupsTest-633227990 None] Lock "lioadm" "released" by "cinder.volume.targets.lio.LioAdm._execute" :: held 0.541s {{(pid=107814) inner /usr/local/lib/python3.12/site-packages/oslo_concurrency/lockutils.py:424}}
Nov 21 15:47:31.365675 np0005531460.novalocal cinder-volume[107814]: INFO cinder.volume.targets.lio [req-78180bc3-f927-49dc-b409-ba050b1b447e req-5c96cf08-3331-47dd-a11b-ea9a96a4eeda tempest-VolumesBackupsTest-633227990 None] Removing iscsi_target: bdef1043-6af8-4f7e-a163-b9104519911a
Nov 21 15:47:31.367278 np0005531460.novalocal cinder-volume[107814]: DEBUG oslo_concurrency.lockutils [req-78180bc3-f927-49dc-b409-ba050b1b447e req-5c96cf08-3331-47dd-a11b-ea9a96a4eeda tempest-VolumesBackupsTest-633227990 None] Acquiring lock "lioadm" by "cinder.volume.targets.lio.LioAdm._execute" {{(pid=107814) inner /usr/local/lib/python3.12/site-packages/oslo_concurrency/lockutils.py:405}}
Nov 21 15:47:31.367681 np0005531460.novalocal cinder-volume[107814]: DEBUG oslo_concurrency.lockutils [req-78180bc3-f927-49dc-b409-ba050b1b447e req-5c96cf08-3331-47dd-a11b-ea9a96a4eeda tempest-VolumesBackupsTest-633227990 None] Lock "lioadm" acquired by "cinder.volume.targets.lio.LioAdm._execute" :: waited 0.001s {{(pid=107814) inner /usr/local/lib/python3.12/site-packages/oslo_concurrency/lockutils.py:410}}
Nov 21 15:47:31.368726 np0005531460.novalocal cinder-volume[107814]: DEBUG oslo_concurrency.processutils [req-78180bc3-f927-49dc-b409-ba050b1b447e req-5c96cf08-3331-47dd-a11b-ea9a96a4eeda tempest-VolumesBackupsTest-633227990 None] Running cmd (subprocess): sudo cinder-rootwrap /etc/cinder/rootwrap.conf cinder-rtstool delete iqn.2010-10.org.openstack:volume-bdef1043-6af8-4f7e-a163-b9104519911a {{(pid=107814) execute /usr/local/lib/python3.12/site-packages/oslo_concurrency/processutils.py:349}}
Nov 21 15:47:31.399210 np0005531460.novalocal sudo[146035]: stack : PWD=/ ; USER=root ; COMMAND=/usr/local/bin/cinder-rootwrap /etc/cinder/rootwrap.conf cinder-rtstool delete iqn.2010-10.org.openstack:volume-bdef1043-6af8-4f7e-a163-b9104519911a
Nov 21 15:47:31.965166 np0005531460.novalocal cinder-volume[107814]: DEBUG oslo_concurrency.processutils [req-78180bc3-f927-49dc-b409-ba050b1b447e req-5c96cf08-3331-47dd-a11b-ea9a96a4eeda tempest-VolumesBackupsTest-633227990 None] CMD "sudo cinder-rootwrap /etc/cinder/rootwrap.conf cinder-rtstool delete iqn.2010-10.org.openstack:volume-bdef1043-6af8-4f7e-a163-b9104519911a" returned: 0 in 0.594s {{(pid=107814) execute /usr/local/lib/python3.12/site-packages/oslo_concurrency/processutils.py:372}}
Nov 21 15:47:31.965166 np0005531460.novalocal cinder-volume[107814]: DEBUG oslo_concurrency.lockutils [req-78180bc3-f927-49dc-b409-ba050b1b447e req-5c96cf08-3331-47dd-a11b-ea9a96a4eeda tempest-VolumesBackupsTest-633227990 None] Lock "lioadm" "released" by "cinder.volume.targets.lio.LioAdm._execute" :: held 0.597s {{(pid=107814) inner /usr/local/lib/python3.12/site-packages/oslo_concurrency/lockutils.py:424}}
Nov 21 15:47:31.965166 np0005531460.novalocal cinder-volume[107814]: DEBUG oslo_concurrency.lockutils [req-78180bc3-f927-49dc-b409-ba050b1b447e req-5c96cf08-3331-47dd-a11b-ea9a96a4eeda tempest-VolumesBackupsTest-633227990 None] Acquiring lock "lioadm" by "cinder.volume.targets.lio.LioAdm._execute" {{(pid=107814) inner /usr/local/lib/python3.12/site-packages/oslo_concurrency/lockutils.py:405}}
Nov 21 15:47:31.966427 np0005531460.novalocal cinder-volume[107814]: DEBUG oslo_concurrency.lockutils [req-78180bc3-f927-49dc-b409-ba050b1b447e req-5c96cf08-3331-47dd-a11b-ea9a96a4eeda tempest-VolumesBackupsTest-633227990 None] Lock "lioadm" acquired by "cinder.volume.targets.lio.LioAdm._execute" :: waited 0.001s {{(pid=107814) inner /usr/local/lib/python3.12/site-packages/oslo_concurrency/lockutils.py:410}}
Nov 21 15:47:31.968463 np0005531460.novalocal cinder-volume[107814]: DEBUG oslo_concurrency.processutils [req-78180bc3-f927-49dc-b409-ba050b1b447e req-5c96cf08-3331-47dd-a11b-ea9a96a4eeda tempest-VolumesBackupsTest-633227990 None] Running cmd (subprocess): sudo cinder-rootwrap /etc/cinder/rootwrap.conf cinder-rtstool save {{(pid=107814) execute /usr/local/lib/python3.12/site-packages/oslo_concurrency/processutils.py:349}}
Nov 21 15:47:32.006940 np0005531460.novalocal sudo[146043]: stack : PWD=/ ; USER=root ; COMMAND=/usr/local/bin/cinder-rootwrap /etc/cinder/rootwrap.conf cinder-rtstool save
Nov 21 15:47:32.563593 np0005531460.novalocal cinder-volume[107814]: DEBUG oslo_concurrency.processutils [req-78180bc3-f927-49dc-b409-ba050b1b447e req-5c96cf08-3331-47dd-a11b-ea9a96a4eeda tempest-VolumesBackupsTest-633227990 None] CMD "sudo cinder-rootwrap /etc/cinder/rootwrap.conf cinder-rtstool save" returned: 0 in 0.595s {{(pid=107814) execute /usr/local/lib/python3.12/site-packages/oslo_concurrency/processutils.py:372}}
Nov 21 15:47:32.565643 np0005531460.novalocal cinder-volume[107814]: DEBUG oslo_concurrency.lockutils [req-78180bc3-f927-49dc-b409-ba050b1b447e req-5c96cf08-3331-47dd-a11b-ea9a96a4eeda tempest-VolumesBackupsTest-633227990 None] Lock "lioadm" "released" by "cinder.volume.targets.lio.LioAdm._execute" :: held 0.598s {{(pid=107814) inner /usr/local/lib/python3.12/site-packages/oslo_concurrency/lockutils.py:424}}
Nov 21 15:47:33.489839 np0005531460.novalocal cinder-volume[107814]: DEBUG oslo_concurrency.processutils [None req-ccbd6a11-8ec9-44f9-8d4d-33092b978be3 tempest-VolumesSnapshotTestJSON-591229851 None] Running cmd (subprocess): sudo cinder-rootwrap /etc/cinder/rootwrap.conf env LC_ALL=C lvs --noheadings --unit=g -o vg_name,name,size --nosuffix --readonly stack-volumes-lvmdriver-1/volume-9c1a3edc-b2e4-4d0a-91b8-2e7927922a43 {{(pid=107814) execute /usr/local/lib/python3.12/site-packages/oslo_concurrency/processutils.py:349}}
Nov 21 15:47:33.520550 np0005531460.novalocal sudo[146057]: stack : PWD=/ ; USER=root ; COMMAND=/usr/local/bin/cinder-rootwrap /etc/cinder/rootwrap.conf env LC_ALL=C lvs --noheadings --unit=g -o vg_name,name,size --nosuffix --readonly stack-volumes-lvmdriver-1/volume-9c1a3edc-b2e4-4d0a-91b8-2e7927922a43
Nov 21 15:47:33.946592 np0005531460.novalocal cinder-volume[107814]: DEBUG oslo_concurrency.processutils [None req-ccbd6a11-8ec9-44f9-8d4d-33092b978be3 tempest-VolumesSnapshotTestJSON-591229851 None] CMD "sudo cinder-rootwrap /etc/cinder/rootwrap.conf env LC_ALL=C lvs --noheadings --unit=g -o vg_name,name,size --nosuffix --readonly stack-volumes-lvmdriver-1/volume-9c1a3edc-b2e4-4d0a-91b8-2e7927922a43" returned: 0 in 0.457s {{(pid=107814) execute /usr/local/lib/python3.12/site-packages/oslo_concurrency/processutils.py:372}}
Nov 21 15:47:33.949284 np0005531460.novalocal cinder-volume[107814]: DEBUG oslo_concurrency.processutils [None req-ccbd6a11-8ec9-44f9-8d4d-33092b978be3 tempest-VolumesSnapshotTestJSON-591229851 None] Running cmd (subprocess): sudo cinder-rootwrap /etc/cinder/rootwrap.conf env LC_ALL=C lvcreate --name _snapshot-cbc34f0f-8bdb-435d-ae27-838959f3f60c --snapshot stack-volumes-lvmdriver-1/volume-9c1a3edc-b2e4-4d0a-91b8-2e7927922a43 {{(pid=107814) execute /usr/local/lib/python3.12/site-packages/oslo_concurrency/processutils.py:349}}
Nov 21 15:47:33.970630 np0005531460.novalocal sudo[146062]: stack : PWD=/ ; USER=root ; COMMAND=/usr/local/bin/cinder-rootwrap /etc/cinder/rootwrap.conf env LC_ALL=C lvcreate --name _snapshot-cbc34f0f-8bdb-435d-ae27-838959f3f60c --snapshot stack-volumes-lvmdriver-1/volume-9c1a3edc-b2e4-4d0a-91b8-2e7927922a43
Nov 21 15:47:34.455214 np0005531460.novalocal cinder-volume[107814]: DEBUG oslo_concurrency.processutils [None req-ccbd6a11-8ec9-44f9-8d4d-33092b978be3 tempest-VolumesSnapshotTestJSON-591229851 None] CMD "sudo cinder-rootwrap /etc/cinder/rootwrap.conf env LC_ALL=C lvcreate --name _snapshot-cbc34f0f-8bdb-435d-ae27-838959f3f60c --snapshot stack-volumes-lvmdriver-1/volume-9c1a3edc-b2e4-4d0a-91b8-2e7927922a43" returned: 0 in 0.505s {{(pid=107814) execute /usr/local/lib/python3.12/site-packages/oslo_concurrency/processutils.py:372}}
Nov 21 15:47:34.481628 np0005531460.novalocal cinder-volume[107814]: INFO cinder.volume.manager [None req-ccbd6a11-8ec9-44f9-8d4d-33092b978be3 tempest-VolumesSnapshotTestJSON-591229851 None] Create snapshot completed successfully
Nov 21 15:47:35.628584 np0005531460.novalocal cinder-volume[107814]: DEBUG oslo_concurrency.processutils [None req-d1a1edc5-66b3-4240-96da-6006a69f2271 tempest-VolumesSnapshotTestJSON-591229851 None] Running cmd (subprocess): sudo cinder-rootwrap /etc/cinder/rootwrap.conf env LC_ALL=C lvs --noheadings --unit=g -o vg_name,name,size --nosuffix --readonly stack-volumes-lvmdriver-1/volume-9c1a3edc-b2e4-4d0a-91b8-2e7927922a43 {{(pid=107814) execute /usr/local/lib/python3.12/site-packages/oslo_concurrency/processutils.py:349}}
Nov 21 15:47:35.661289 np0005531460.novalocal sudo[146114]: stack : PWD=/ ; USER=root ; COMMAND=/usr/local/bin/cinder-rootwrap /etc/cinder/rootwrap.conf env LC_ALL=C lvs --noheadings --unit=g -o vg_name,name,size --nosuffix --readonly stack-volumes-lvmdriver-1/volume-9c1a3edc-b2e4-4d0a-91b8-2e7927922a43
Nov 21 15:47:36.053228 np0005531460.novalocal cinder-volume[107814]: DEBUG oslo_concurrency.processutils [None req-d1a1edc5-66b3-4240-96da-6006a69f2271 tempest-VolumesSnapshotTestJSON-591229851 None] CMD "sudo cinder-rootwrap /etc/cinder/rootwrap.conf env LC_ALL=C lvs --noheadings --unit=g -o vg_name,name,size --nosuffix --readonly stack-volumes-lvmdriver-1/volume-9c1a3edc-b2e4-4d0a-91b8-2e7927922a43" returned: 0 in 0.424s {{(pid=107814) execute /usr/local/lib/python3.12/site-packages/oslo_concurrency/processutils.py:372}}
Nov 21 15:47:36.054363 np0005531460.novalocal cinder-volume[107814]: DEBUG oslo_concurrency.processutils [None req-d1a1edc5-66b3-4240-96da-6006a69f2271 tempest-VolumesSnapshotTestJSON-591229851 None] Running cmd (subprocess): sudo cinder-rootwrap /etc/cinder/rootwrap.conf env LC_ALL=C lvcreate --name _snapshot-9346aa39-4d48-4979-ad50-edfab54a5d6c --snapshot stack-volumes-lvmdriver-1/volume-9c1a3edc-b2e4-4d0a-91b8-2e7927922a43 {{(pid=107814) execute /usr/local/lib/python3.12/site-packages/oslo_concurrency/processutils.py:349}}
Nov 21 15:47:36.081302 np0005531460.novalocal sudo[146119]: stack : PWD=/ ; USER=root ; COMMAND=/usr/local/bin/cinder-rootwrap /etc/cinder/rootwrap.conf env LC_ALL=C lvcreate --name _snapshot-9346aa39-4d48-4979-ad50-edfab54a5d6c --snapshot stack-volumes-lvmdriver-1/volume-9c1a3edc-b2e4-4d0a-91b8-2e7927922a43
Nov 21 15:47:36.539793 np0005531460.novalocal cinder-volume[107814]: DEBUG oslo_concurrency.processutils [None req-d1a1edc5-66b3-4240-96da-6006a69f2271 tempest-VolumesSnapshotTestJSON-591229851 None] CMD "sudo cinder-rootwrap /etc/cinder/rootwrap.conf env LC_ALL=C lvcreate --name _snapshot-9346aa39-4d48-4979-ad50-edfab54a5d6c --snapshot stack-volumes-lvmdriver-1/volume-9c1a3edc-b2e4-4d0a-91b8-2e7927922a43" returned: 0 in 0.485s {{(pid=107814) execute /usr/local/lib/python3.12/site-packages/oslo_concurrency/processutils.py:372}}
Nov 21 15:47:36.562497 np0005531460.novalocal cinder-volume[107814]: INFO cinder.volume.manager [None req-d1a1edc5-66b3-4240-96da-6006a69f2271 tempest-VolumesSnapshotTestJSON-591229851 None] Create snapshot completed successfully
Nov 21 15:47:36.692514 np0005531460.novalocal cinder-volume[107814]: DEBUG cinder.coordination [None req-4523d4cb-a474-4bb1-8f1f-d8a9d9168098 tempest-VolumesSnapshotTestJSON-591229851 None] Acquiring lock "cinder-9346aa39-4d48-4979-ad50-edfab54a5d6c-delete_snapshot" by "delete_snapshot" {{(pid=107814) __acquire /opt/stack/cinder/cinder/coordination.py:143}}
Nov 21 15:47:36.701649 np0005531460.novalocal cinder-volume[107814]: DEBUG cinder.coordination [None req-4523d4cb-a474-4bb1-8f1f-d8a9d9168098 tempest-VolumesSnapshotTestJSON-591229851 None] Lock "cinder-9346aa39-4d48-4979-ad50-edfab54a5d6c-delete_snapshot" acquired by "delete_snapshot" :: waited 0.009s {{(pid=107814) __acquire /opt/stack/cinder/cinder/coordination.py:146}}
Nov 21 15:47:36.703208 np0005531460.novalocal cinder-volume[107814]: DEBUG oslo_concurrency.processutils [None req-4523d4cb-a474-4bb1-8f1f-d8a9d9168098 tempest-VolumesSnapshotTestJSON-591229851 None] Running cmd (subprocess): sudo cinder-rootwrap /etc/cinder/rootwrap.conf env LC_ALL=C lvs --noheadings --unit=g -o vg_name,name,size --nosuffix --readonly stack-volumes-lvmdriver-1/_snapshot-9346aa39-4d48-4979-ad50-edfab54a5d6c {{(pid=107814) execute /usr/local/lib/python3.12/site-packages/oslo_concurrency/processutils.py:349}}
Nov 21 15:47:36.733805 np0005531460.novalocal sudo[146132]: stack : PWD=/ ; USER=root ; COMMAND=/usr/local/bin/cinder-rootwrap /etc/cinder/rootwrap.conf env LC_ALL=C lvs --noheadings --unit=g -o vg_name,name,size --nosuffix --readonly stack-volumes-lvmdriver-1/_snapshot-9346aa39-4d48-4979-ad50-edfab54a5d6c
Nov 21 15:47:37.142992 np0005531460.novalocal cinder-volume[107814]: DEBUG oslo_concurrency.processutils [None req-4523d4cb-a474-4bb1-8f1f-d8a9d9168098 tempest-VolumesSnapshotTestJSON-591229851 None] CMD "sudo cinder-rootwrap /etc/cinder/rootwrap.conf env LC_ALL=C lvs --noheadings --unit=g -o vg_name,name,size --nosuffix --readonly stack-volumes-lvmdriver-1/_snapshot-9346aa39-4d48-4979-ad50-edfab54a5d6c" returned: 0 in 0.439s {{(pid=107814) execute /usr/local/lib/python3.12/site-packages/oslo_concurrency/processutils.py:372}}
Nov 21 15:47:37.144187 np0005531460.novalocal cinder-volume[107814]: DEBUG oslo_concurrency.processutils [None req-4523d4cb-a474-4bb1-8f1f-d8a9d9168098 tempest-VolumesSnapshotTestJSON-591229851 None] Running cmd (subprocess): sudo cinder-rootwrap /etc/cinder/rootwrap.conf lvremove --config activation { retry_deactivation = 1} -f stack-volumes-lvmdriver-1/_snapshot-9346aa39-4d48-4979-ad50-edfab54a5d6c {{(pid=107814) execute /usr/local/lib/python3.12/site-packages/oslo_concurrency/processutils.py:349}}
Nov 21 15:47:37.177615 np0005531460.novalocal sudo[146140]: stack : PWD=/ ; USER=root ; COMMAND=/usr/local/bin/cinder-rootwrap /etc/cinder/rootwrap.conf lvremove --config 'activation { retry_deactivation = 1} ' -f stack-volumes-lvmdriver-1/_snapshot-9346aa39-4d48-4979-ad50-edfab54a5d6c
Nov 21 15:47:37.786365 np0005531460.novalocal cinder-volume[107814]: DEBUG oslo_concurrency.processutils [None req-4523d4cb-a474-4bb1-8f1f-d8a9d9168098 tempest-VolumesSnapshotTestJSON-591229851 None] CMD "sudo cinder-rootwrap /etc/cinder/rootwrap.conf lvremove --config activation { retry_deactivation = 1} -f stack-volumes-lvmdriver-1/_snapshot-9346aa39-4d48-4979-ad50-edfab54a5d6c" returned: 0 in 0.642s {{(pid=107814) execute /usr/local/lib/python3.12/site-packages/oslo_concurrency/processutils.py:372}}
Nov 21 15:47:37.826871 np0005531460.novalocal cinder-volume[107814]: DEBUG cinder.quota [None req-4523d4cb-a474-4bb1-8f1f-d8a9d9168098 tempest-VolumesSnapshotTestJSON-591229851 None] Created reservations ['b236adf7-7392-4587-b446-acd2908e7295', '110d519c-1c73-461d-9079-383d477c53a0', '89364074-e9cd-489d-872a-1931ed483565', 'f99c2197-d170-40d0-9e31-78c1dedb4f61'] {{(pid=107814) reserve /opt/stack/cinder/cinder/quota.py:752}}
Nov 21 15:47:37.847951 np0005531460.novalocal cinder-volume[107814]: INFO cinder.volume.manager [None req-4523d4cb-a474-4bb1-8f1f-d8a9d9168098 tempest-VolumesSnapshotTestJSON-591229851 None] Delete snapshot completed successfully.
Nov 21 15:47:37.852117 np0005531460.novalocal cinder-volume[107814]: DEBUG cinder.coordination [None req-4523d4cb-a474-4bb1-8f1f-d8a9d9168098 tempest-VolumesSnapshotTestJSON-591229851 None] Lock "cinder-9346aa39-4d48-4979-ad50-edfab54a5d6c-delete_snapshot" released by "delete_snapshot" :: held 1.151s {{(pid=107814) __release /opt/stack/cinder/cinder/coordination.py:157}}
Nov 21 15:47:38.839898 np0005531460.novalocal cinder-volume[107814]: DEBUG cinder.coordination [None req-a60fc37c-8815-4968-bf96-c3651a29af1c tempest-VolumesSnapshotTestJSON-591229851 None] Acquiring lock "cinder-6366e377-62eb-4eaf-adca-11137dcceac8-delete_snapshot" by "delete_snapshot" {{(pid=107814) __acquire /opt/stack/cinder/cinder/coordination.py:143}}
Nov 21 15:47:38.847745 np0005531460.novalocal cinder-volume[107814]: DEBUG cinder.coordination [None req-a60fc37c-8815-4968-bf96-c3651a29af1c tempest-VolumesSnapshotTestJSON-591229851 None] Lock "cinder-6366e377-62eb-4eaf-adca-11137dcceac8-delete_snapshot" acquired by "delete_snapshot" :: waited 0.008s {{(pid=107814) __acquire /opt/stack/cinder/cinder/coordination.py:146}}
Nov 21 15:47:38.849224 np0005531460.novalocal cinder-volume[107814]: DEBUG oslo_concurrency.processutils [None req-a60fc37c-8815-4968-bf96-c3651a29af1c tempest-VolumesSnapshotTestJSON-591229851 None] Running cmd (subprocess): sudo cinder-rootwrap /etc/cinder/rootwrap.conf env LC_ALL=C lvs --noheadings --unit=g -o vg_name,name,size --nosuffix --readonly stack-volumes-lvmdriver-1/_snapshot-6366e377-62eb-4eaf-adca-11137dcceac8 {{(pid=107814) execute /usr/local/lib/python3.12/site-packages/oslo_concurrency/processutils.py:349}}
Nov 21 15:47:38.884190 np0005531460.novalocal sudo[146146]: stack : PWD=/ ; USER=root ; COMMAND=/usr/local/bin/cinder-rootwrap /etc/cinder/rootwrap.conf env LC_ALL=C lvs --noheadings --unit=g -o vg_name,name,size --nosuffix --readonly stack-volumes-lvmdriver-1/_snapshot-6366e377-62eb-4eaf-adca-11137dcceac8
Nov 21 15:47:39.248786 np0005531460.novalocal cinder-volume[107814]: DEBUG oslo_concurrency.processutils [None req-a60fc37c-8815-4968-bf96-c3651a29af1c tempest-VolumesSnapshotTestJSON-591229851 None] CMD "sudo cinder-rootwrap /etc/cinder/rootwrap.conf env LC_ALL=C lvs --noheadings --unit=g -o vg_name,name,size --nosuffix --readonly stack-volumes-lvmdriver-1/_snapshot-6366e377-62eb-4eaf-adca-11137dcceac8" returned: 0 in 0.399s {{(pid=107814) execute /usr/local/lib/python3.12/site-packages/oslo_concurrency/processutils.py:372}}
Nov 21 15:47:39.250313 np0005531460.novalocal cinder-volume[107814]: DEBUG oslo_concurrency.processutils [None req-a60fc37c-8815-4968-bf96-c3651a29af1c tempest-VolumesSnapshotTestJSON-591229851 None] Running cmd (subprocess): sudo cinder-rootwrap /etc/cinder/rootwrap.conf lvremove --config activation { retry_deactivation = 1} -f stack-volumes-lvmdriver-1/_snapshot-6366e377-62eb-4eaf-adca-11137dcceac8 {{(pid=107814) execute /usr/local/lib/python3.12/site-packages/oslo_concurrency/processutils.py:349}}
Nov 21 15:47:39.275195 np0005531460.novalocal sudo[146153]: stack : PWD=/ ; USER=root ; COMMAND=/usr/local/bin/cinder-rootwrap /etc/cinder/rootwrap.conf lvremove --config 'activation { retry_deactivation = 1} ' -f stack-volumes-lvmdriver-1/_snapshot-6366e377-62eb-4eaf-adca-11137dcceac8
Nov 21 15:47:39.696883 np0005531460.novalocal cinder-volume[107814]: DEBUG oslo_concurrency.processutils [None req-a60fc37c-8815-4968-bf96-c3651a29af1c tempest-VolumesSnapshotTestJSON-591229851 None] CMD "sudo cinder-rootwrap /etc/cinder/rootwrap.conf lvremove --config activation { retry_deactivation = 1} -f stack-volumes-lvmdriver-1/_snapshot-6366e377-62eb-4eaf-adca-11137dcceac8" returned: 0 in 0.404s {{(pid=107814) execute /usr/local/lib/python3.12/site-packages/oslo_concurrency/processutils.py:372}}
Nov 21 15:47:39.709804 np0005531460.novalocal cinder-volume[107814]: DEBUG cinder.quota [None req-a60fc37c-8815-4968-bf96-c3651a29af1c tempest-VolumesSnapshotTestJSON-591229851 None] Created reservations ['087b95cd-6b35-4695-b398-4677191b7e1b', 'b8a26544-40f0-459e-a3c7-347f6f1becc1', 'c3e2f3f3-d45e-445d-b1cc-09a9b006c2a0', 'e8e86714-0cc4-4145-9aa3-ccdd978f167f'] {{(pid=107814) reserve /opt/stack/cinder/cinder/quota.py:752}}
