Nov 21 15:46:22.945151 np0005531460.novalocal cinder-volume[107814]: INFO cinder.volume.targets.lio [req-93a30af3-cb73-4019-91f3-e0aa14fd28ac req-74e2c5c1-2d69-4df5-a4e6-8da808e1e2a6 tempest-VolumesSnapshotTestJSON-591229851 None] Removing iscsi_target: 91e4290a-317b-4203-98d8-651c09e8a45b
Nov 21 15:46:22.945452 np0005531460.novalocal cinder-volume[107814]: DEBUG oslo_concurrency.lockutils [req-93a30af3-cb73-4019-91f3-e0aa14fd28ac req-74e2c5c1-2d69-4df5-a4e6-8da808e1e2a6 tempest-VolumesSnapshotTestJSON-591229851 None] Acquiring lock "lioadm" by "cinder.volume.targets.lio.LioAdm._execute" {{(pid=107814) inner /usr/local/lib/python3.12/site-packages/oslo_concurrency/lockutils.py:405}}
Nov 21 15:46:22.948077 np0005531460.novalocal cinder-volume[107814]: DEBUG oslo_concurrency.lockutils [req-93a30af3-cb73-4019-91f3-e0aa14fd28ac req-74e2c5c1-2d69-4df5-a4e6-8da808e1e2a6 tempest-VolumesSnapshotTestJSON-591229851 None] Lock "lioadm" acquired by "cinder.volume.targets.lio.LioAdm._execute" :: waited 0.001s {{(pid=107814) inner /usr/local/lib/python3.12/site-packages/oslo_concurrency/lockutils.py:410}}
Nov 21 15:46:22.948695 np0005531460.novalocal cinder-volume[107814]: DEBUG oslo_concurrency.processutils [req-93a30af3-cb73-4019-91f3-e0aa14fd28ac req-74e2c5c1-2d69-4df5-a4e6-8da808e1e2a6 tempest-VolumesSnapshotTestJSON-591229851 None] Running cmd (subprocess): sudo cinder-rootwrap /etc/cinder/rootwrap.conf cinder-rtstool delete iqn.2010-10.org.openstack:volume-91e4290a-317b-4203-98d8-651c09e8a45b {{(pid=107814) execute /usr/local/lib/python3.12/site-packages/oslo_concurrency/processutils.py:349}}
Nov 21 15:46:23.003390 np0005531460.novalocal sudo[144730]: stack : PWD=/ ; USER=root ; COMMAND=/usr/local/bin/cinder-rootwrap /etc/cinder/rootwrap.conf cinder-rtstool delete iqn.2010-10.org.openstack:volume-91e4290a-317b-4203-98d8-651c09e8a45b
Nov 21 15:46:23.606801 np0005531460.novalocal cinder-volume[107814]: DEBUG oslo_concurrency.processutils [req-93a30af3-cb73-4019-91f3-e0aa14fd28ac req-74e2c5c1-2d69-4df5-a4e6-8da808e1e2a6 tempest-VolumesSnapshotTestJSON-591229851 None] CMD "sudo cinder-rootwrap /etc/cinder/rootwrap.conf cinder-rtstool delete iqn.2010-10.org.openstack:volume-91e4290a-317b-4203-98d8-651c09e8a45b" returned: 0 in 0.655s {{(pid=107814) execute /usr/local/lib/python3.12/site-packages/oslo_concurrency/processutils.py:372}}
Nov 21 15:46:23.606801 np0005531460.novalocal cinder-volume[107814]: DEBUG oslo_concurrency.lockutils [req-93a30af3-cb73-4019-91f3-e0aa14fd28ac req-74e2c5c1-2d69-4df5-a4e6-8da808e1e2a6 tempest-VolumesSnapshotTestJSON-591229851 None] Lock "lioadm" "released" by "cinder.volume.targets.lio.LioAdm._execute" :: held 0.659s {{(pid=107814) inner /usr/local/lib/python3.12/site-packages/oslo_concurrency/lockutils.py:424}}
Nov 21 15:46:23.606801 np0005531460.novalocal cinder-volume[107814]: DEBUG oslo_concurrency.lockutils [req-93a30af3-cb73-4019-91f3-e0aa14fd28ac req-74e2c5c1-2d69-4df5-a4e6-8da808e1e2a6 tempest-VolumesSnapshotTestJSON-591229851 None] Acquiring lock "lioadm" by "cinder.volume.targets.lio.LioAdm._execute" {{(pid=107814) inner /usr/local/lib/python3.12/site-packages/oslo_concurrency/lockutils.py:405}}
Nov 21 15:46:23.606801 np0005531460.novalocal cinder-volume[107814]: DEBUG oslo_concurrency.lockutils [req-93a30af3-cb73-4019-91f3-e0aa14fd28ac req-74e2c5c1-2d69-4df5-a4e6-8da808e1e2a6 tempest-VolumesSnapshotTestJSON-591229851 None] Lock "lioadm" acquired by "cinder.volume.targets.lio.LioAdm._execute" :: waited 0.000s {{(pid=107814) inner /usr/local/lib/python3.12/site-packages/oslo_concurrency/lockutils.py:410}}
Nov 21 15:46:23.607177 np0005531460.novalocal cinder-volume[107814]: DEBUG oslo_concurrency.processutils [req-93a30af3-cb73-4019-91f3-e0aa14fd28ac req-74e2c5c1-2d69-4df5-a4e6-8da808e1e2a6 tempest-VolumesSnapshotTestJSON-591229851 None] Running cmd (subprocess): sudo cinder-rootwrap /etc/cinder/rootwrap.conf cinder-rtstool save {{(pid=107814) execute /usr/local/lib/python3.12/site-packages/oslo_concurrency/processutils.py:349}}
Nov 21 15:46:23.631529 np0005531460.novalocal sudo[144736]: stack : PWD=/ ; USER=root ; COMMAND=/usr/local/bin/cinder-rootwrap /etc/cinder/rootwrap.conf cinder-rtstool save
Nov 21 15:46:24.153249 np0005531460.novalocal cinder-volume[107814]: DEBUG oslo_concurrency.processutils [req-93a30af3-cb73-4019-91f3-e0aa14fd28ac req-74e2c5c1-2d69-4df5-a4e6-8da808e1e2a6 tempest-VolumesSnapshotTestJSON-591229851 None] CMD "sudo cinder-rootwrap /etc/cinder/rootwrap.conf cinder-rtstool save" returned: 0 in 0.546s {{(pid=107814) execute /usr/local/lib/python3.12/site-packages/oslo_concurrency/processutils.py:372}}
Nov 21 15:46:24.153547 np0005531460.novalocal cinder-volume[107814]: DEBUG oslo_concurrency.lockutils [req-93a30af3-cb73-4019-91f3-e0aa14fd28ac req-74e2c5c1-2d69-4df5-a4e6-8da808e1e2a6 tempest-VolumesSnapshotTestJSON-591229851 None] Lock "lioadm" "released" by "cinder.volume.targets.lio.LioAdm._execute" :: held 0.547s {{(pid=107814) inner /usr/local/lib/python3.12/site-packages/oslo_concurrency/lockutils.py:424}}
Nov 21 15:46:31.732859 np0005531460.novalocal cinder-volume[107814]: DEBUG dbcounter [-] [107814] Writing DB stats cinder:UPDATE=33,cinder:SELECT=43,cinder:INSERT=31,cinder:DELETE=3 {{(pid=107814) stat_writer /usr/local/lib/python3.12/site-packages/dbcounter.py:115}}
Nov 21 15:46:31.739689 np0005531460.novalocal cinder-volume[107814]: DEBUG dbcounter [-] [107814] Writing DB stats cinder:SELECT=41,cinder:UPDATE=35,cinder:INSERT=27,cinder:DELETE=3 {{(pid=107814) stat_writer /usr/local/lib/python3.12/site-packages/dbcounter.py:115}}
Nov 21 15:46:32.440997 np0005531460.novalocal cinder-volume[107814]: DEBUG cinder.coordination [None req-071c78be-2311-4683-b127-a0ff4f0d71a2 tempest-VolumesSnapshotTestJSON-591229851 None] Acquiring lock "cinder-91e4290a-317b-4203-98d8-651c09e8a45b-delete_volume" by "delete_volume" {{(pid=107814) __acquire /opt/stack/cinder/cinder/coordination.py:143}}
Nov 21 15:46:32.452223 np0005531460.novalocal cinder-volume[107814]: DEBUG cinder.coordination [None req-071c78be-2311-4683-b127-a0ff4f0d71a2 tempest-VolumesSnapshotTestJSON-591229851 None] Lock "cinder-91e4290a-317b-4203-98d8-651c09e8a45b-delete_volume" acquired by "delete_volume" :: waited 0.010s {{(pid=107814) __acquire /opt/stack/cinder/cinder/coordination.py:146}}
Nov 21 15:46:32.474662 np0005531460.novalocal cinder-volume[107814]: DEBUG oslo_concurrency.lockutils [None req-071c78be-2311-4683-b127-a0ff4f0d71a2 tempest-VolumesSnapshotTestJSON-591229851 None] Acquiring lock "lioadm" by "cinder.volume.targets.lio.LioAdm._execute" {{(pid=107814) inner /usr/local/lib/python3.12/site-packages/oslo_concurrency/lockutils.py:405}}
Nov 21 15:46:32.475725 np0005531460.novalocal cinder-volume[107814]: DEBUG oslo_concurrency.lockutils [None req-071c78be-2311-4683-b127-a0ff4f0d71a2 tempest-VolumesSnapshotTestJSON-591229851 None] Lock "lioadm" acquired by "cinder.volume.targets.lio.LioAdm._execute" :: waited 0.001s {{(pid=107814) inner /usr/local/lib/python3.12/site-packages/oslo_concurrency/lockutils.py:410}}
Nov 21 15:46:32.476642 np0005531460.novalocal cinder-volume[107814]: DEBUG oslo_concurrency.processutils [None req-071c78be-2311-4683-b127-a0ff4f0d71a2 tempest-VolumesSnapshotTestJSON-591229851 None] Running cmd (subprocess): sudo cinder-rootwrap /etc/cinder/rootwrap.conf cinder-rtstool get-targets {{(pid=107814) execute /usr/local/lib/python3.12/site-packages/oslo_concurrency/processutils.py:349}}
Nov 21 15:46:32.510805 np0005531460.novalocal sudo[144889]: stack : PWD=/ ; USER=root ; COMMAND=/usr/local/bin/cinder-rootwrap /etc/cinder/rootwrap.conf cinder-rtstool get-targets
Nov 21 15:46:33.076166 np0005531460.novalocal cinder-volume[107814]: DEBUG oslo_concurrency.processutils [None req-071c78be-2311-4683-b127-a0ff4f0d71a2 tempest-VolumesSnapshotTestJSON-591229851 None] CMD "sudo cinder-rootwrap /etc/cinder/rootwrap.conf cinder-rtstool get-targets" returned: 0 in 0.594s {{(pid=107814) execute /usr/local/lib/python3.12/site-packages/oslo_concurrency/processutils.py:372}}
Nov 21 15:46:33.077672 np0005531460.novalocal cinder-volume[107814]: DEBUG oslo_concurrency.lockutils [None req-071c78be-2311-4683-b127-a0ff4f0d71a2 tempest-VolumesSnapshotTestJSON-591229851 None] Lock "lioadm" "released" by "cinder.volume.targets.lio.LioAdm._execute" :: held 0.601s {{(pid=107814) inner /usr/local/lib/python3.12/site-packages/oslo_concurrency/lockutils.py:424}}
Nov 21 15:46:33.078160 np0005531460.novalocal cinder-volume[107814]: INFO cinder.volume.targets.iscsi [None req-071c78be-2311-4683-b127-a0ff4f0d71a2 tempest-VolumesSnapshotTestJSON-591229851 None] Skipping remove_export. No iscsi_target is presently exported for volume: 91e4290a-317b-4203-98d8-651c09e8a45b
Nov 21 15:46:33.079706 np0005531460.novalocal cinder-volume[107814]: DEBUG oslo_concurrency.processutils [None req-071c78be-2311-4683-b127-a0ff4f0d71a2 tempest-VolumesSnapshotTestJSON-591229851 None] Running cmd (subprocess): sudo cinder-rootwrap /etc/cinder/rootwrap.conf env LC_ALL=C lvs --noheadings --unit=g -o vg_name,name,size --nosuffix --readonly stack-volumes-lvmdriver-1/volume-91e4290a-317b-4203-98d8-651c09e8a45b {{(pid=107814) execute /usr/local/lib/python3.12/site-packages/oslo_concurrency/processutils.py:349}}
Nov 21 15:46:33.112230 np0005531460.novalocal sudo[144896]: stack : PWD=/ ; USER=root ; COMMAND=/usr/local/bin/cinder-rootwrap /etc/cinder/rootwrap.conf env LC_ALL=C lvs --noheadings --unit=g -o vg_name,name,size --nosuffix --readonly stack-volumes-lvmdriver-1/volume-91e4290a-317b-4203-98d8-651c09e8a45b
Nov 21 15:46:33.499467 np0005531460.novalocal cinder-volume[107814]: DEBUG oslo_concurrency.processutils [None req-071c78be-2311-4683-b127-a0ff4f0d71a2 tempest-VolumesSnapshotTestJSON-591229851 None] CMD "sudo cinder-rootwrap /etc/cinder/rootwrap.conf env LC_ALL=C lvs --noheadings --unit=g -o vg_name,name,size --nosuffix --readonly stack-volumes-lvmdriver-1/volume-91e4290a-317b-4203-98d8-651c09e8a45b" returned: 0 in 0.419s {{(pid=107814) execute /usr/local/lib/python3.12/site-packages/oslo_concurrency/processutils.py:372}}
Nov 21 15:46:33.501812 np0005531460.novalocal cinder-volume[107814]: DEBUG oslo_concurrency.processutils [None req-071c78be-2311-4683-b127-a0ff4f0d71a2 tempest-VolumesSnapshotTestJSON-591229851 None] Running cmd (subprocess): sudo cinder-rootwrap /etc/cinder/rootwrap.conf env LC_ALL=C lvdisplay --noheading -C -o Attr --readonly stack-volumes-lvmdriver-1/volume-91e4290a-317b-4203-98d8-651c09e8a45b {{(pid=107814) execute /usr/local/lib/python3.12/site-packages/oslo_concurrency/processutils.py:349}}
Nov 21 15:46:33.530948 np0005531460.novalocal sudo[144901]: stack : PWD=/ ; USER=root ; COMMAND=/usr/local/bin/cinder-rootwrap /etc/cinder/rootwrap.conf env LC_ALL=C lvdisplay --noheading -C -o Attr --readonly stack-volumes-lvmdriver-1/volume-91e4290a-317b-4203-98d8-651c09e8a45b
Nov 21 15:46:33.897556 np0005531460.novalocal cinder-volume[107814]: DEBUG oslo_concurrency.processutils [None req-071c78be-2311-4683-b127-a0ff4f0d71a2 tempest-VolumesSnapshotTestJSON-591229851 None] CMD "sudo cinder-rootwrap /etc/cinder/rootwrap.conf env LC_ALL=C lvdisplay --noheading -C -o Attr --readonly stack-volumes-lvmdriver-1/volume-91e4290a-317b-4203-98d8-651c09e8a45b" returned: 0 in 0.396s {{(pid=107814) execute /usr/local/lib/python3.12/site-packages/oslo_concurrency/processutils.py:372}}
Nov 21 15:46:33.900747 np0005531460.novalocal cinder-volume[107814]: DEBUG oslo_concurrency.processutils [None req-071c78be-2311-4683-b127-a0ff4f0d71a2 tempest-VolumesSnapshotTestJSON-591229851 None] Running cmd (subprocess): sudo cinder-rootwrap /etc/cinder/rootwrap.conf lvremove --config activation { retry_deactivation = 1} -f stack-volumes-lvmdriver-1/volume-91e4290a-317b-4203-98d8-651c09e8a45b {{(pid=107814) execute /usr/local/lib/python3.12/site-packages/oslo_concurrency/processutils.py:349}}
Nov 21 15:46:33.932292 np0005531460.novalocal sudo[144907]: stack : PWD=/ ; USER=root ; COMMAND=/usr/local/bin/cinder-rootwrap /etc/cinder/rootwrap.conf lvremove --config 'activation { retry_deactivation = 1} ' -f stack-volumes-lvmdriver-1/volume-91e4290a-317b-4203-98d8-651c09e8a45b
Nov 21 15:46:34.372268 np0005531460.novalocal cinder-volume[107814]: DEBUG oslo_concurrency.processutils [None req-071c78be-2311-4683-b127-a0ff4f0d71a2 tempest-VolumesSnapshotTestJSON-591229851 None] CMD "sudo cinder-rootwrap /etc/cinder/rootwrap.conf lvremove --config activation { retry_deactivation = 1} -f stack-volumes-lvmdriver-1/volume-91e4290a-317b-4203-98d8-651c09e8a45b" returned: 0 in 0.471s {{(pid=107814) execute /usr/local/lib/python3.12/site-packages/oslo_concurrency/processutils.py:372}}
Nov 21 15:46:34.373607 np0005531460.novalocal cinder-volume[107814]: INFO cinder.volume.drivers.lvm [None req-071c78be-2311-4683-b127-a0ff4f0d71a2 tempest-VolumesSnapshotTestJSON-591229851 None] Successfully deleted volume: 91e4290a-317b-4203-98d8-651c09e8a45b
Nov 21 15:46:34.420431 np0005531460.novalocal cinder-volume[107814]: DEBUG cinder.quota [None req-071c78be-2311-4683-b127-a0ff4f0d71a2 tempest-VolumesSnapshotTestJSON-591229851 None] Created reservations ['056e0ae8-fc91-4901-94d3-331f7a583021', '75b207a8-4eff-4e81-8afd-d4d26876e9ff', '3e01a569-0859-4388-9e78-25865eb3436d', '7f4e0667-14bb-44b9-b167-7f554a39585d'] {{(pid=107814) reserve /opt/stack/cinder/cinder/quota.py:752}}
Nov 21 15:46:34.468796 np0005531460.novalocal cinder-volume[107814]: DEBUG cinder.volume.drivers.lvm [None req-071c78be-2311-4683-b127-a0ff4f0d71a2 tempest-VolumesSnapshotTestJSON-591229851 None] Updating volume stats {{(pid=107814) _update_volume_stats /opt/stack/cinder/cinder/volume/drivers/lvm.py:228}}
Nov 21 15:46:34.469429 np0005531460.novalocal cinder-volume[107814]: DEBUG oslo_concurrency.processutils [None req-071c78be-2311-4683-b127-a0ff4f0d71a2 tempest-VolumesSnapshotTestJSON-591229851 None] Running cmd (subprocess): sudo cinder-rootwrap /etc/cinder/rootwrap.conf env LC_ALL=C vgs --noheadings --unit=g -o name,size,free,lv_count,uuid --separator : --nosuffix stack-volumes-lvmdriver-1 {{(pid=107814) execute /usr/local/lib/python3.12/site-packages/oslo_concurrency/processutils.py:349}}
Nov 21 15:46:34.500026 np0005531460.novalocal sudo[144922]: stack : PWD=/ ; USER=root ; COMMAND=/usr/local/bin/cinder-rootwrap /etc/cinder/rootwrap.conf env LC_ALL=C vgs --noheadings --unit=g -o name,size,free,lv_count,uuid --separator : --nosuffix stack-volumes-lvmdriver-1
Nov 21 15:46:34.728848 np0005531460.novalocal cinder-volume[107814]: DEBUG oslo_concurrency.processutils [None req-41c5ea56-0152-485d-a35c-41ec2adee33d tempest-VolumesSnapshotTestJSON-591229851 None] Running cmd (subprocess): sudo cinder-rootwrap /etc/cinder/rootwrap.conf env LC_ALL=C lvs --noheadings --unit=g -o vg_name,name,size --nosuffix --readonly stack-volumes-lvmdriver-1/volume-9c1a3edc-b2e4-4d0a-91b8-2e7927922a43 {{(pid=107814) execute /usr/local/lib/python3.12/site-packages/oslo_concurrency/processutils.py:349}}
Nov 21 15:46:34.757189 np0005531460.novalocal sudo[144925]: stack : PWD=/ ; USER=root ; COMMAND=/usr/local/bin/cinder-rootwrap /etc/cinder/rootwrap.conf env LC_ALL=C lvs --noheadings --unit=g -o vg_name,name,size --nosuffix --readonly stack-volumes-lvmdriver-1/volume-9c1a3edc-b2e4-4d0a-91b8-2e7927922a43
Nov 21 15:46:34.932101 np0005531460.novalocal cinder-volume[107814]: DEBUG oslo_concurrency.processutils [None req-071c78be-2311-4683-b127-a0ff4f0d71a2 tempest-VolumesSnapshotTestJSON-591229851 None] CMD "sudo cinder-rootwrap /etc/cinder/rootwrap.conf env LC_ALL=C vgs --noheadings --unit=g -o name,size,free,lv_count,uuid --separator : --nosuffix stack-volumes-lvmdriver-1" returned: 0 in 0.462s {{(pid=107814) execute /usr/local/lib/python3.12/site-packages/oslo_concurrency/processutils.py:372}}
Nov 21 15:46:34.933657 np0005531460.novalocal cinder-volume[107814]: DEBUG oslo_concurrency.processutils [None req-071c78be-2311-4683-b127-a0ff4f0d71a2 tempest-VolumesSnapshotTestJSON-591229851 None] Running cmd (subprocess): sudo cinder-rootwrap /etc/cinder/rootwrap.conf env LC_ALL=C lvs --noheadings --unit=g -o vg_name,name,size --nosuffix --readonly stack-volumes-lvmdriver-1 {{(pid=107814) execute /usr/local/lib/python3.12/site-packages/oslo_concurrency/processutils.py:349}}
Nov 21 15:46:34.961968 np0005531460.novalocal sudo[144932]: stack : PWD=/ ; USER=root ; COMMAND=/usr/local/bin/cinder-rootwrap /etc/cinder/rootwrap.conf env LC_ALL=C lvs --noheadings --unit=g -o vg_name,name,size --nosuffix --readonly stack-volumes-lvmdriver-1
Nov 21 15:46:35.218082 np0005531460.novalocal cinder-volume[107814]: DEBUG oslo_concurrency.processutils [None req-41c5ea56-0152-485d-a35c-41ec2adee33d tempest-VolumesSnapshotTestJSON-591229851 None] CMD "sudo cinder-rootwrap /etc/cinder/rootwrap.conf env LC_ALL=C lvs --noheadings --unit=g -o vg_name,name,size --nosuffix --readonly stack-volumes-lvmdriver-1/volume-9c1a3edc-b2e4-4d0a-91b8-2e7927922a43" returned: 0 in 0.489s {{(pid=107814) execute /usr/local/lib/python3.12/site-packages/oslo_concurrency/processutils.py:372}}
Nov 21 15:46:35.219310 np0005531460.novalocal cinder-volume[107814]: DEBUG oslo_concurrency.processutils [None req-41c5ea56-0152-485d-a35c-41ec2adee33d tempest-VolumesSnapshotTestJSON-591229851 None] Running cmd (subprocess): sudo cinder-rootwrap /etc/cinder/rootwrap.conf env LC_ALL=C lvcreate --name _snapshot-0f3c9ef0-6e29-4dff-a084-424b4225e0bb --snapshot stack-volumes-lvmdriver-1/volume-9c1a3edc-b2e4-4d0a-91b8-2e7927922a43 {{(pid=107814) execute /usr/local/lib/python3.12/site-packages/oslo_concurrency/processutils.py:349}}
Nov 21 15:46:35.248817 np0005531460.novalocal sudo[144938]: stack : PWD=/ ; USER=root ; COMMAND=/usr/local/bin/cinder-rootwrap /etc/cinder/rootwrap.conf env LC_ALL=C lvcreate --name _snapshot-0f3c9ef0-6e29-4dff-a084-424b4225e0bb --snapshot stack-volumes-lvmdriver-1/volume-9c1a3edc-b2e4-4d0a-91b8-2e7927922a43
Nov 21 15:46:35.325441 np0005531460.novalocal cinder-volume[107814]: DEBUG oslo_concurrency.processutils [None req-071c78be-2311-4683-b127-a0ff4f0d71a2 tempest-VolumesSnapshotTestJSON-591229851 None] CMD "sudo cinder-rootwrap /etc/cinder/rootwrap.conf env LC_ALL=C lvs --noheadings --unit=g -o vg_name,name,size --nosuffix --readonly stack-volumes-lvmdriver-1" returned: 0 in 0.392s {{(pid=107814) execute /usr/local/lib/python3.12/site-packages/oslo_concurrency/processutils.py:372}}
Nov 21 15:46:35.326067 np0005531460.novalocal cinder-volume[107814]: DEBUG oslo_concurrency.processutils [None req-071c78be-2311-4683-b127-a0ff4f0d71a2 tempest-VolumesSnapshotTestJSON-591229851 None] Running cmd (subprocess): sudo cinder-rootwrap /etc/cinder/rootwrap.conf env LC_ALL=C lvs --noheadings --unit=g -o size,data_percent --separator : --nosuffix /dev/stack-volumes-lvmdriver-1/stack-volumes-lvmdriver-1-pool {{(pid=107814) execute /usr/local/lib/python3.12/site-packages/oslo_concurrency/processutils.py:349}}
Nov 21 15:46:35.351622 np0005531460.novalocal sudo[144942]: stack : PWD=/ ; USER=root ; COMMAND=/usr/local/bin/cinder-rootwrap /etc/cinder/rootwrap.conf env LC_ALL=C lvs --noheadings --unit=g -o size,data_percent --separator : --nosuffix /dev/stack-volumes-lvmdriver-1/stack-volumes-lvmdriver-1-pool
Nov 21 15:46:35.699874 np0005531460.novalocal cinder-volume[107814]: DEBUG oslo_concurrency.processutils [None req-071c78be-2311-4683-b127-a0ff4f0d71a2 tempest-VolumesSnapshotTestJSON-591229851 None] CMD "sudo cinder-rootwrap /etc/cinder/rootwrap.conf env LC_ALL=C lvs --noheadings --unit=g -o size,data_percent --separator : --nosuffix /dev/stack-volumes-lvmdriver-1/stack-volumes-lvmdriver-1-pool" returned: 0 in 0.373s {{(pid=107814) execute /usr/local/lib/python3.12/site-packages/oslo_concurrency/processutils.py:372}}
Nov 21 15:46:35.702449 np0005531460.novalocal cinder-volume[107814]: DEBUG oslo_concurrency.processutils [None req-071c78be-2311-4683-b127-a0ff4f0d71a2 tempest-VolumesSnapshotTestJSON-591229851 None] Running cmd (subprocess): sudo cinder-rootwrap /etc/cinder/rootwrap.conf env LC_ALL=C lvs --noheadings --unit=g -o vg_name,name,size --nosuffix --readonly stack-volumes-lvmdriver-1 {{(pid=107814) execute /usr/local/lib/python3.12/site-packages/oslo_concurrency/processutils.py:349}}
Nov 21 15:46:35.714422 np0005531460.novalocal cinder-volume[107814]: DEBUG oslo_concurrency.processutils [None req-41c5ea56-0152-485d-a35c-41ec2adee33d tempest-VolumesSnapshotTestJSON-591229851 None] CMD "sudo cinder-rootwrap /etc/cinder/rootwrap.conf env LC_ALL=C lvcreate --name _snapshot-0f3c9ef0-6e29-4dff-a084-424b4225e0bb --snapshot stack-volumes-lvmdriver-1/volume-9c1a3edc-b2e4-4d0a-91b8-2e7927922a43" returned: 0 in 0.493s {{(pid=107814) execute /usr/local/lib/python3.12/site-packages/oslo_concurrency/processutils.py:372}}
Nov 21 15:46:35.732023 np0005531460.novalocal sudo[144955]: stack : PWD=/ ; USER=root ; COMMAND=/usr/local/bin/cinder-rootwrap /etc/cinder/rootwrap.conf env LC_ALL=C lvs --noheadings --unit=g -o vg_name,name,size --nosuffix --readonly stack-volumes-lvmdriver-1
Nov 21 15:46:35.753788 np0005531460.novalocal cinder-volume[107814]: INFO cinder.volume.manager [None req-41c5ea56-0152-485d-a35c-41ec2adee33d tempest-VolumesSnapshotTestJSON-591229851 None] Create snapshot completed successfully
Nov 21 15:46:36.111401 np0005531460.novalocal cinder-volume[107814]: DEBUG oslo_concurrency.processutils [None req-071c78be-2311-4683-b127-a0ff4f0d71a2 tempest-VolumesSnapshotTestJSON-591229851 None] CMD "sudo cinder-rootwrap /etc/cinder/rootwrap.conf env LC_ALL=C lvs --noheadings --unit=g -o vg_name,name,size --nosuffix --readonly stack-volumes-lvmdriver-1" returned: 0 in 0.410s {{(pid=107814) execute /usr/local/lib/python3.12/site-packages/oslo_concurrency/processutils.py:372}}
Nov 21 15:46:36.112674 np0005531460.novalocal cinder-volume[107814]: DEBUG cinder.manager [None req-071c78be-2311-4683-b127-a0ff4f0d71a2 tempest-VolumesSnapshotTestJSON-591229851 None] Notifying Schedulers of capabilities ... {{(pid=107814) _publish_service_capabilities /opt/stack/cinder/cinder/manager.py:202}}
Nov 21 15:46:36.118455 np0005531460.novalocal cinder-volume[107814]: INFO cinder.volume.manager [None req-071c78be-2311-4683-b127-a0ff4f0d71a2 tempest-VolumesSnapshotTestJSON-591229851 None] Deleted volume successfully.
Nov 21 15:46:36.128135 np0005531460.novalocal cinder-volume[107814]: DEBUG cinder.coordination [None req-071c78be-2311-4683-b127-a0ff4f0d71a2 tempest-VolumesSnapshotTestJSON-591229851 None] Lock "cinder-91e4290a-317b-4203-98d8-651c09e8a45b-delete_volume" released by "delete_volume" :: held 3.677s {{(pid=107814) __release /opt/stack/cinder/cinder/coordination.py:157}}
Nov 21 15:46:36.948192 np0005531460.novalocal cinder-volume[107814]: DEBUG cinder.coordination [None req-bc1d663e-6b6e-4218-95d8-ea2c735efd70 tempest-VolumesSnapshotTestJSON-591229851 None] Acquiring lock "cinder-0f3c9ef0-6e29-4dff-a084-424b4225e0bb-delete_snapshot" by "delete_snapshot" {{(pid=107814) __acquire /opt/stack/cinder/cinder/coordination.py:143}}
Nov 21 15:46:36.955643 np0005531460.novalocal cinder-volume[107814]: DEBUG cinder.coordination [None req-bc1d663e-6b6e-4218-95d8-ea2c735efd70 tempest-VolumesSnapshotTestJSON-591229851 None] Lock "cinder-0f3c9ef0-6e29-4dff-a084-424b4225e0bb-delete_snapshot" acquired by "delete_snapshot" :: waited 0.008s {{(pid=107814) __acquire /opt/stack/cinder/cinder/coordination.py:146}}
Nov 21 15:46:36.987406 np0005531460.novalocal cinder-volume[107814]: DEBUG oslo_concurrency.processutils [None req-bc1d663e-6b6e-4218-95d8-ea2c735efd70 tempest-VolumesSnapshotTestJSON-591229851 None] Running cmd (subprocess): sudo cinder-rootwrap /etc/cinder/rootwrap.conf env LC_ALL=C lvs --noheadings --unit=g -o vg_name,name,size --nosuffix --readonly stack-volumes-lvmdriver-1/_snapshot-0f3c9ef0-6e29-4dff-a084-424b4225e0bb {{(pid=107814) execute /usr/local/lib/python3.12/site-packages/oslo_concurrency/processutils.py:349}}
Nov 21 15:46:37.016134 np0005531460.novalocal sudo[144962]: stack : PWD=/ ; USER=root ; COMMAND=/usr/local/bin/cinder-rootwrap /etc/cinder/rootwrap.conf env LC_ALL=C lvs --noheadings --unit=g -o vg_name,name,size --nosuffix --readonly stack-volumes-lvmdriver-1/_snapshot-0f3c9ef0-6e29-4dff-a084-424b4225e0bb
Nov 21 15:46:37.843426 np0005531460.novalocal cinder-volume[107814]: DEBUG oslo_concurrency.processutils [None req-bc1d663e-6b6e-4218-95d8-ea2c735efd70 tempest-VolumesSnapshotTestJSON-591229851 None] CMD "sudo cinder-rootwrap /etc/cinder/rootwrap.conf env LC_ALL=C lvs --noheadings --unit=g -o vg_name,name,size --nosuffix --readonly stack-volumes-lvmdriver-1/_snapshot-0f3c9ef0-6e29-4dff-a084-424b4225e0bb" returned: 0 in 0.856s {{(pid=107814) execute /usr/local/lib/python3.12/site-packages/oslo_concurrency/processutils.py:372}}
Nov 21 15:46:37.844898 np0005531460.novalocal cinder-volume[107814]: DEBUG oslo_concurrency.processutils [None req-bc1d663e-6b6e-4218-95d8-ea2c735efd70 tempest-VolumesSnapshotTestJSON-591229851 None] Running cmd (subprocess): sudo cinder-rootwrap /etc/cinder/rootwrap.conf lvremove --config activation { retry_deactivation = 1} -f stack-volumes-lvmdriver-1/_snapshot-0f3c9ef0-6e29-4dff-a084-424b4225e0bb {{(pid=107814) execute /usr/local/lib/python3.12/site-packages/oslo_concurrency/processutils.py:349}}
Nov 21 15:46:37.874493 np0005531460.novalocal sudo[144968]: stack : PWD=/ ; USER=root ; COMMAND=/usr/local/bin/cinder-rootwrap /etc/cinder/rootwrap.conf lvremove --config 'activation { retry_deactivation = 1} ' -f stack-volumes-lvmdriver-1/_snapshot-0f3c9ef0-6e29-4dff-a084-424b4225e0bb
Nov 21 15:46:38.296699 np0005531460.novalocal cinder-volume[107814]: DEBUG oslo_concurrency.processutils [None req-bc1d663e-6b6e-4218-95d8-ea2c735efd70 tempest-VolumesSnapshotTestJSON-591229851 None] CMD "sudo cinder-rootwrap /etc/cinder/rootwrap.conf lvremove --config activation { retry_deactivation = 1} -f stack-volumes-lvmdriver-1/_snapshot-0f3c9ef0-6e29-4dff-a084-424b4225e0bb" returned: 0 in 0.451s {{(pid=107814) execute /usr/local/lib/python3.12/site-packages/oslo_concurrency/processutils.py:372}}
Nov 21 15:46:38.352444 np0005531460.novalocal cinder-volume[107814]: DEBUG cinder.quota [None req-bc1d663e-6b6e-4218-95d8-ea2c735efd70 tempest-VolumesSnapshotTestJSON-591229851 None] Created reservations ['3d703796-0115-45f6-a479-3939b4ece365', '69f9a260-2aae-4587-a48a-5daf6421ba1d', 'dfc81c22-d8d0-4386-a024-abc76c89030e', '56b7a8f9-69d0-4a19-a90c-0953bc7f2b2e'] {{(pid=107814) reserve /opt/stack/cinder/cinder/quota.py:752}}
Nov 21 15:46:38.385483 np0005531460.novalocal cinder-volume[107814]: INFO cinder.volume.manager [None req-bc1d663e-6b6e-4218-95d8-ea2c735efd70 tempest-VolumesSnapshotTestJSON-591229851 None] Delete snapshot completed successfully.
Nov 21 15:46:38.391630 np0005531460.novalocal cinder-volume[107814]: DEBUG cinder.coordination [None req-bc1d663e-6b6e-4218-95d8-ea2c735efd70 tempest-VolumesSnapshotTestJSON-591229851 None] Lock "cinder-0f3c9ef0-6e29-4dff-a084-424b4225e0bb-delete_snapshot" released by "delete_snapshot" :: held 1.436s {{(pid=107814) __release /opt/stack/cinder/cinder/coordination.py:157}}
Nov 21 15:46:39.212366 np0005531460.novalocal cinder-volume[107814]: DEBUG oslo_concurrency.processutils [None req-a14badfb-ec4d-4582-92c8-afda63ae3de5 tempest-VolumesSnapshotTestJSON-591229851 None] Running cmd (subprocess): sudo cinder-rootwrap /etc/cinder/rootwrap.conf env LC_ALL=C lvs --noheadings --unit=g -o vg_name,name,size --nosuffix --readonly stack-volumes-lvmdriver-1/volume-9c1a3edc-b2e4-4d0a-91b8-2e7927922a43 {{(pid=107814) execute /usr/local/lib/python3.12/site-packages/oslo_concurrency/processutils.py:349}}
Nov 21 15:46:39.246927 np0005531460.novalocal sudo[144975]: stack : PWD=/ ; USER=root ; COMMAND=/usr/local/bin/cinder-rootwrap /etc/cinder/rootwrap.conf env LC_ALL=C lvs --noheadings --unit=g -o vg_name,name,size --nosuffix --readonly stack-volumes-lvmdriver-1/volume-9c1a3edc-b2e4-4d0a-91b8-2e7927922a43
Nov 21 15:46:39.609252 np0005531460.novalocal cinder-volume[107814]: DEBUG oslo_concurrency.processutils [None req-a14badfb-ec4d-4582-92c8-afda63ae3de5 tempest-VolumesSnapshotTestJSON-591229851 None] CMD "sudo cinder-rootwrap /etc/cinder/rootwrap.conf env LC_ALL=C lvs --noheadings --unit=g -o vg_name,name,size --nosuffix --readonly stack-volumes-lvmdriver-1/volume-9c1a3edc-b2e4-4d0a-91b8-2e7927922a43" returned: 0 in 0.397s {{(pid=107814) execute /usr/local/lib/python3.12/site-packages/oslo_concurrency/processutils.py:372}}
Nov 21 15:46:39.610469 np0005531460.novalocal cinder-volume[107814]: DEBUG oslo_concurrency.processutils [None req-a14badfb-ec4d-4582-92c8-afda63ae3de5 tempest-VolumesSnapshotTestJSON-591229851 None] Running cmd (subprocess): sudo cinder-rootwrap /etc/cinder/rootwrap.conf env LC_ALL=C lvcreate --name _snapshot-6366e377-62eb-4eaf-adca-11137dcceac8 --snapshot stack-volumes-lvmdriver-1/volume-9c1a3edc-b2e4-4d0a-91b8-2e7927922a43 {{(pid=107814) execute /usr/local/lib/python3.12/site-packages/oslo_concurrency/processutils.py:349}}
Nov 21 15:46:39.645075 np0005531460.novalocal sudo[144980]: stack : PWD=/ ; USER=root ; COMMAND=/usr/local/bin/cinder-rootwrap /etc/cinder/rootwrap.conf env LC_ALL=C lvcreate --name _snapshot-6366e377-62eb-4eaf-adca-11137dcceac8 --snapshot stack-volumes-lvmdriver-1/volume-9c1a3edc-b2e4-4d0a-91b8-2e7927922a43
Nov 21 15:46:40.077877 np0005531460.novalocal cinder-volume[107814]: DEBUG oslo_concurrency.processutils [None req-a14badfb-ec4d-4582-92c8-afda63ae3de5 tempest-VolumesSnapshotTestJSON-591229851 None] CMD "sudo cinder-rootwrap /etc/cinder/rootwrap.conf env LC_ALL=C lvcreate --name _snapshot-6366e377-62eb-4eaf-adca-11137dcceac8 --snapshot stack-volumes-lvmdriver-1/volume-9c1a3edc-b2e4-4d0a-91b8-2e7927922a43" returned: 0 in 0.467s {{(pid=107814) execute /usr/local/lib/python3.12/site-packages/oslo_concurrency/processutils.py:372}}
Nov 21 15:46:40.102956 np0005531460.novalocal cinder-volume[107814]: INFO cinder.volume.manager [None req-a14badfb-ec4d-4582-92c8-afda63ae3de5 tempest-VolumesSnapshotTestJSON-591229851 None] Create snapshot completed successfully
Nov 21 15:46:46.767152 np0005531460.novalocal cinder-volume[107814]: DEBUG oslo_service.periodic_task [None req-b105bcdd-0988-4663-8b3c-4b6ff127e175 None None] Running periodic task VolumeManager.publish_service_capabilities {{(pid=107814) run_periodic_tasks /usr/local/lib/python3.12/site-packages/oslo_service/periodic_task.py:210}}
Nov 21 15:46:46.767562 np0005531460.novalocal cinder-volume[107814]: DEBUG cinder.volume.drivers.lvm [None req-b105bcdd-0988-4663-8b3c-4b6ff127e175 None None] Updating volume stats {{(pid=107814) _update_volume_stats /opt/stack/cinder/cinder/volume/drivers/lvm.py:228}}
Nov 21 15:46:46.767729 np0005531460.novalocal cinder-volume[107814]: DEBUG oslo_concurrency.processutils [None req-b105bcdd-0988-4663-8b3c-4b6ff127e175 None None] Running cmd (subprocess): sudo cinder-rootwrap /etc/cinder/rootwrap.conf env LC_ALL=C vgs --noheadings --unit=g -o name,size,free,lv_count,uuid --separator : --nosuffix stack-volumes-lvmdriver-1 {{(pid=107814) execute /usr/local/lib/python3.12/site-packages/oslo_concurrency/processutils.py:349}}
Nov 21 15:46:46.809523 np0005531460.novalocal sudo[145016]: stack : PWD=/ ; USER=root ; COMMAND=/usr/local/bin/cinder-rootwrap /etc/cinder/rootwrap.conf env LC_ALL=C vgs --noheadings --unit=g -o name,size,free,lv_count,uuid --separator : --nosuffix stack-volumes-lvmdriver-1
Nov 21 15:46:47.190129 np0005531460.novalocal cinder-volume[107814]: DEBUG oslo_concurrency.processutils [None req-b105bcdd-0988-4663-8b3c-4b6ff127e175 None None] CMD "sudo cinder-rootwrap /etc/cinder/rootwrap.conf env LC_ALL=C vgs --noheadings --unit=g -o name,size,free,lv_count,uuid --separator : --nosuffix stack-volumes-lvmdriver-1" returned: 0 in 0.422s {{(pid=107814) execute /usr/local/lib/python3.12/site-packages/oslo_concurrency/processutils.py:372}}
Nov 21 15:46:47.191188 np0005531460.novalocal cinder-volume[107814]: DEBUG oslo_concurrency.processutils [None req-b105bcdd-0988-4663-8b3c-4b6ff127e175 None None] Running cmd (subprocess): sudo cinder-rootwrap /etc/cinder/rootwrap.conf env LC_ALL=C lvs --noheadings --unit=g -o vg_name,name,size --nosuffix --readonly stack-volumes-lvmdriver-1 {{(pid=107814) execute /usr/local/lib/python3.12/site-packages/oslo_concurrency/processutils.py:349}}
Nov 21 15:46:47.208490 np0005531460.novalocal sudo[145022]: stack : PWD=/ ; USER=root ; COMMAND=/usr/local/bin/cinder-rootwrap /etc/cinder/rootwrap.conf env LC_ALL=C lvs --noheadings --unit=g -o vg_name,name,size --nosuffix --readonly stack-volumes-lvmdriver-1
Nov 21 15:46:47.649380 np0005531460.novalocal cinder-volume[107814]: DEBUG oslo_concurrency.processutils [None req-b105bcdd-0988-4663-8b3c-4b6ff127e175 None None] CMD "sudo cinder-rootwrap /etc/cinder/rootwrap.conf env LC_ALL=C lvs --noheadings --unit=g -o vg_name,name,size --nosuffix --readonly stack-volumes-lvmdriver-1" returned: 0 in 0.458s {{(pid=107814) execute /usr/local/lib/python3.12/site-packages/oslo_concurrency/processutils.py:372}}
Nov 21 15:46:47.650495 np0005531460.novalocal cinder-volume[107814]: DEBUG oslo_concurrency.processutils [None req-b105bcdd-0988-4663-8b3c-4b6ff127e175 None None] Running cmd (subprocess): sudo cinder-rootwrap /etc/cinder/rootwrap.conf env LC_ALL=C lvs --noheadings --unit=g -o size,data_percent --separator : --nosuffix /dev/stack-volumes-lvmdriver-1/stack-volumes-lvmdriver-1-pool {{(pid=107814) execute /usr/local/lib/python3.12/site-packages/oslo_concurrency/processutils.py:349}}
Nov 21 15:46:47.670548 np0005531460.novalocal sudo[145037]: stack : PWD=/ ; USER=root ; COMMAND=/usr/local/bin/cinder-rootwrap /etc/cinder/rootwrap.conf env LC_ALL=C lvs --noheadings --unit=g -o size,data_percent --separator : --nosuffix /dev/stack-volumes-lvmdriver-1/stack-volumes-lvmdriver-1-pool
Nov 21 15:46:48.033438 np0005531460.novalocal cinder-volume[107814]: DEBUG oslo_concurrency.processutils [None req-b105bcdd-0988-4663-8b3c-4b6ff127e175 None None] CMD "sudo cinder-rootwrap /etc/cinder/rootwrap.conf env LC_ALL=C lvs --noheadings --unit=g -o size,data_percent --separator : --nosuffix /dev/stack-volumes-lvmdriver-1/stack-volumes-lvmdriver-1-pool" returned: 0 in 0.383s {{(pid=107814) execute /usr/local/lib/python3.12/site-packages/oslo_concurrency/processutils.py:372}}
Nov 21 15:46:48.034501 np0005531460.novalocal cinder-volume[107814]: DEBUG oslo_concurrency.processutils [None req-b105bcdd-0988-4663-8b3c-4b6ff127e175 None None] Running cmd (subprocess): sudo cinder-rootwrap /etc/cinder/rootwrap.conf env LC_ALL=C lvs --noheadings --unit=g -o vg_name,name,size --nosuffix --readonly stack-volumes-lvmdriver-1 {{(pid=107814) execute /usr/local/lib/python3.12/site-packages/oslo_concurrency/processutils.py:349}}
Nov 21 15:46:48.059336 np0005531460.novalocal sudo[145062]: stack : PWD=/ ; USER=root ; COMMAND=/usr/local/bin/cinder-rootwrap /etc/cinder/rootwrap.conf env LC_ALL=C lvs --noheadings --unit=g -o vg_name,name,size --nosuffix --readonly stack-volumes-lvmdriver-1
Nov 21 15:46:48.439003 np0005531460.novalocal cinder-volume[107814]: DEBUG oslo_concurrency.processutils [None req-b105bcdd-0988-4663-8b3c-4b6ff127e175 None None] CMD "sudo cinder-rootwrap /etc/cinder/rootwrap.conf env LC_ALL=C lvs --noheadings --unit=g -o vg_name,name,size --nosuffix --readonly stack-volumes-lvmdriver-1" returned: 0 in 0.404s {{(pid=107814) execute /usr/local/lib/python3.12/site-packages/oslo_concurrency/processutils.py:372}}
Nov 21 15:46:48.440759 np0005531460.novalocal cinder-volume[107814]: DEBUG cinder.manager [None req-b105bcdd-0988-4663-8b3c-4b6ff127e175 None None] Notifying Schedulers of capabilities ... {{(pid=107814) _publish_service_capabilities /opt/stack/cinder/cinder/manager.py:202}}
Nov 21 15:46:50.089246 np0005531460.novalocal cinder-volume[107814]: DEBUG dbcounter [-] [107814] Writing DB stats cinder:SELECT=22,cinder:INSERT=5,cinder:UPDATE=12,cinder:DELETE=1 {{(pid=107814) stat_writer /usr/local/lib/python3.12/site-packages/dbcounter.py:115}}
Nov 21 15:46:50.106640 np0005531460.novalocal cinder-volume[107814]: DEBUG dbcounter [-] [107814] Writing DB stats cinder:UPDATE=20,cinder:SELECT=15,cinder:INSERT=3,cinder:DELETE=2 {{(pid=107814) stat_writer /usr/local/lib/python3.12/site-packages/dbcounter.py:115}}
Nov 21 15:46:50.717327 np0005531460.novalocal cinder-volume[107814]: DEBUG oslo_concurrency.processutils [req-2f2c0a61-66d2-4688-a96a-f66d427b4e95 req-dc730384-a8e1-42f1-9d26-565e1f716ffa tempest-VolumesBackupsTest-633227990 None] Running cmd (subprocess): sudo cinder-rootwrap /etc/cinder/rootwrap.conf lvchange -a y --yes -K stack-volumes-lvmdriver-1/volume-bdef1043-6af8-4f7e-a163-b9104519911a {{(pid=107814) execute /usr/local/lib/python3.12/site-packages/oslo_concurrency/processutils.py:349}}
Nov 21 15:46:50.749191 np0005531460.novalocal sudo[145116]: stack : PWD=/ ; USER=root ; COMMAND=/usr/local/bin/cinder-rootwrap /etc/cinder/rootwrap.conf lvchange -a y --yes -K stack-volumes-lvmdriver-1/volume-bdef1043-6af8-4f7e-a163-b9104519911a
Nov 21 15:46:51.183209 np0005531460.novalocal cinder-volume[107814]: DEBUG oslo_concurrency.processutils [req-2f2c0a61-66d2-4688-a96a-f66d427b4e95 req-dc730384-a8e1-42f1-9d26-565e1f716ffa tempest-VolumesBackupsTest-633227990 None] CMD "sudo cinder-rootwrap /etc/cinder/rootwrap.conf lvchange -a y --yes -K stack-volumes-lvmdriver-1/volume-bdef1043-6af8-4f7e-a163-b9104519911a" returned: 0 in 0.465s {{(pid=107814) execute /usr/local/lib/python3.12/site-packages/oslo_concurrency/processutils.py:372}}
Nov 21 15:46:51.197899 np0005531460.novalocal cinder-volume[107814]: INFO cinder.volume.targets.lio [req-2f2c0a61-66d2-4688-a96a-f66d427b4e95 req-dc730384-a8e1-42f1-9d26-565e1f716ffa tempest-VolumesBackupsTest-633227990 None] Creating iscsi_target for volume: volume-bdef1043-6af8-4f7e-a163-b9104519911a
Nov 21 15:46:51.198228 np0005531460.novalocal cinder-volume[107814]: DEBUG oslo_concurrency.lockutils [req-2f2c0a61-66d2-4688-a96a-f66d427b4e95 req-dc730384-a8e1-42f1-9d26-565e1f716ffa tempest-VolumesBackupsTest-633227990 None] Acquiring lock "lioadm" by "cinder.volume.targets.lio.LioAdm._execute" {{(pid=107814) inner /usr/local/lib/python3.12/site-packages/oslo_concurrency/lockutils.py:405}}
Nov 21 15:46:51.199039 np0005531460.novalocal cinder-volume[107814]: DEBUG oslo_concurrency.lockutils [req-2f2c0a61-66d2-4688-a96a-f66d427b4e95 req-dc730384-a8e1-42f1-9d26-565e1f716ffa tempest-VolumesBackupsTest-633227990 None] Lock "lioadm" acquired by "cinder.volume.targets.lio.LioAdm._execute" :: waited 0.001s {{(pid=107814) inner /usr/local/lib/python3.12/site-packages/oslo_concurrency/lockutils.py:410}}
Nov 21 15:46:51.199740 np0005531460.novalocal cinder-volume[107814]: DEBUG oslo_concurrency.processutils [req-2f2c0a61-66d2-4688-a96a-f66d427b4e95 req-dc730384-a8e1-42f1-9d26-565e1f716ffa tempest-VolumesBackupsTest-633227990 None] Running cmd (subprocess): sudo cinder-rootwrap /etc/cinder/rootwrap.conf cinder-rtstool create /dev/stack-volumes-lvmdriver-1/volume-bdef1043-6af8-4f7e-a163-b9104519911a iqn.2010-10.org.openstack:volume-bdef1043-6af8-4f7e-a163-b9104519911a RvK2MYHTRyJNBDqcD5AE dNrz5C29RTpx7uc8 False -p3260 -a38.102.83.94 {{(pid=107814) execute /usr/local/lib/python3.12/site-packages/oslo_concurrency/processutils.py:349}}
Nov 21 15:46:51.225902 np0005531460.novalocal sudo[145122]: stack : PWD=/ ; USER=root ; COMMAND=/usr/local/bin/cinder-rootwrap /etc/cinder/rootwrap.conf cinder-rtstool create /dev/stack-volumes-lvmdriver-1/volume-bdef1043-6af8-4f7e-a163-b9104519911a iqn.2010-10.org.openstack:volume-bdef1043-6af8-4f7e-a163-b9104519911a RvK2MYHTRyJNBDqcD5AE dNrz5C29RTpx7uc8 False -p3260 -a38.102.83.94
Nov 21 15:46:51.769219 np0005531460.novalocal cinder-volume[107814]: DEBUG oslo_concurrency.processutils [req-2f2c0a61-66d2-4688-a96a-f66d427b4e95 req-dc730384-a8e1-42f1-9d26-565e1f716ffa tempest-VolumesBackupsTest-633227990 None] CMD "sudo cinder-rootwrap /etc/cinder/rootwrap.conf cinder-rtstool create /dev/stack-volumes-lvmdriver-1/volume-bdef1043-6af8-4f7e-a163-b9104519911a iqn.2010-10.org.openstack:volume-bdef1043-6af8-4f7e-a163-b9104519911a RvK2MYHTRyJNBDqcD5AE dNrz5C29RTpx7uc8 False -p3260 -a38.102.83.94" returned: 0 in 0.569s {{(pid=107814) execute /usr/local/lib/python3.12/site-packages/oslo_concurrency/processutils.py:372}}
Nov 21 15:46:51.769787 np0005531460.novalocal cinder-volume[107814]: DEBUG oslo_concurrency.lockutils [req-2f2c0a61-66d2-4688-a96a-f66d427b4e95 req-dc730384-a8e1-42f1-9d26-565e1f716ffa tempest-VolumesBackupsTest-633227990 None] Lock "lioadm" "released" by "cinder.volume.targets.lio.LioAdm._execute" :: held 0.571s {{(pid=107814) inner /usr/local/lib/python3.12/site-packages/oslo_concurrency/lockutils.py:424}}
Nov 21 15:46:51.770067 np0005531460.novalocal cinder-volume[107814]: DEBUG oslo_concurrency.lockutils [req-2f2c0a61-66d2-4688-a96a-f66d427b4e95 req-dc730384-a8e1-42f1-9d26-565e1f716ffa tempest-VolumesBackupsTest-633227990 None] Acquiring lock "lioadm" by "cinder.volume.targets.lio.LioAdm._execute" {{(pid=107814) inner /usr/local/lib/python3.12/site-packages/oslo_concurrency/lockutils.py:405}}
Nov 21 15:46:51.770636 np0005531460.novalocal cinder-volume[107814]: DEBUG oslo_concurrency.lockutils [req-2f2c0a61-66d2-4688-a96a-f66d427b4e95 req-dc730384-a8e1-42f1-9d26-565e1f716ffa tempest-VolumesBackupsTest-633227990 None] Lock "lioadm" acquired by "cinder.volume.targets.lio.LioAdm._execute" :: waited 0.001s {{(pid=107814) inner /usr/local/lib/python3.12/site-packages/oslo_concurrency/lockutils.py:410}}
Nov 21 15:46:51.771262 np0005531460.novalocal cinder-volume[107814]: DEBUG oslo_concurrency.processutils [req-2f2c0a61-66d2-4688-a96a-f66d427b4e95 req-dc730384-a8e1-42f1-9d26-565e1f716ffa tempest-VolumesBackupsTest-633227990 None] Running cmd (subprocess): sudo cinder-rootwrap /etc/cinder/rootwrap.conf cinder-rtstool get-targets {{(pid=107814) execute /usr/local/lib/python3.12/site-packages/oslo_concurrency/processutils.py:349}}
Nov 21 15:46:51.798847 np0005531460.novalocal sudo[145132]: stack : PWD=/ ; USER=root ; COMMAND=/usr/local/bin/cinder-rootwrap /etc/cinder/rootwrap.conf cinder-rtstool get-targets
Nov 21 15:46:52.312927 np0005531460.novalocal cinder-volume[107814]: DEBUG oslo_concurrency.processutils [req-2f2c0a61-66d2-4688-a96a-f66d427b4e95 req-dc730384-a8e1-42f1-9d26-565e1f716ffa tempest-VolumesBackupsTest-633227990 None] CMD "sudo cinder-rootwrap /etc/cinder/rootwrap.conf cinder-rtstool get-targets" returned: 0 in 0.541s {{(pid=107814) execute /usr/local/lib/python3.12/site-packages/oslo_concurrency/processutils.py:372}}
Nov 21 15:46:52.313580 np0005531460.novalocal cinder-volume[107814]: DEBUG oslo_concurrency.lockutils [req-2f2c0a61-66d2-4688-a96a-f66d427b4e95 req-dc730384-a8e1-42f1-9d26-565e1f716ffa tempest-VolumesBackupsTest-633227990 None] Lock "lioadm" "released" by "cinder.volume.targets.lio.LioAdm._execute" :: held 0.543s {{(pid=107814) inner /usr/local/lib/python3.12/site-packages/oslo_concurrency/lockutils.py:424}}
Nov 21 15:46:52.313880 np0005531460.novalocal cinder-volume[107814]: DEBUG oslo_concurrency.lockutils [req-2f2c0a61-66d2-4688-a96a-f66d427b4e95 req-dc730384-a8e1-42f1-9d26-565e1f716ffa tempest-VolumesBackupsTest-633227990 None] Acquiring lock "lioadm" by "cinder.volume.targets.lio.LioAdm._execute" {{(pid=107814) inner /usr/local/lib/python3.12/site-packages/oslo_concurrency/lockutils.py:405}}
Nov 21 15:46:52.314476 np0005531460.novalocal cinder-volume[107814]: DEBUG oslo_concurrency.lockutils [req-2f2c0a61-66d2-4688-a96a-f66d427b4e95 req-dc730384-a8e1-42f1-9d26-565e1f716ffa tempest-VolumesBackupsTest-633227990 None] Lock "lioadm" acquired by "cinder.volume.targets.lio.LioAdm._execute" :: waited 0.001s {{(pid=107814) inner /usr/local/lib/python3.12/site-packages/oslo_concurrency/lockutils.py:410}}
Nov 21 15:46:52.315071 np0005531460.novalocal cinder-volume[107814]: DEBUG oslo_concurrency.processutils [req-2f2c0a61-66d2-4688-a96a-f66d427b4e95 req-dc730384-a8e1-42f1-9d26-565e1f716ffa tempest-VolumesBackupsTest-633227990 None] Running cmd (subprocess): sudo cinder-rootwrap /etc/cinder/rootwrap.conf cinder-rtstool save {{(pid=107814) execute /usr/local/lib/python3.12/site-packages/oslo_concurrency/processutils.py:349}}
Nov 21 15:46:52.337178 np0005531460.novalocal sudo[145138]: stack : PWD=/ ; USER=root ; COMMAND=/usr/local/bin/cinder-rootwrap /etc/cinder/rootwrap.conf cinder-rtstool save
Nov 21 15:46:52.936087 np0005531460.novalocal cinder-volume[107814]: DEBUG oslo_concurrency.processutils [req-2f2c0a61-66d2-4688-a96a-f66d427b4e95 req-dc730384-a8e1-42f1-9d26-565e1f716ffa tempest-VolumesBackupsTest-633227990 None] CMD "sudo cinder-rootwrap /etc/cinder/rootwrap.conf cinder-rtstool save" returned: 0 in 0.620s {{(pid=107814) execute /usr/local/lib/python3.12/site-packages/oslo_concurrency/processutils.py:372}}
Nov 21 15:46:52.936490 np0005531460.novalocal cinder-volume[107814]: DEBUG oslo_concurrency.lockutils [req-2f2c0a61-66d2-4688-a96a-f66d427b4e95 req-dc730384-a8e1-42f1-9d26-565e1f716ffa tempest-VolumesBackupsTest-633227990 None] Lock "lioadm" "released" by "cinder.volume.targets.lio.LioAdm._execute" :: held 0.622s {{(pid=107814) inner /usr/local/lib/python3.12/site-packages/oslo_concurrency/lockutils.py:424}}
Nov 21 15:46:52.936897 np0005531460.novalocal cinder-volume[107814]: DEBUG cinder.volume.targets.iscsi [req-2f2c0a61-66d2-4688-a96a-f66d427b4e95 req-dc730384-a8e1-42f1-9d26-565e1f716ffa tempest-VolumesBackupsTest-633227990 None] Set provider_location to: 38.102.83.94:3260,iqn.2010-10.org.openstack:volume-bdef1043-6af8-4f7e-a163-b9104519911a iqn.2010-10.org.openstack:volume-bdef1043-6af8-4f7e-a163-b9104519911a 0 {{(pid=107814) create_export /opt/stack/cinder/cinder/volume/targets/iscsi.py:205}}
Nov 21 15:46:52.946771 np0005531460.novalocal cinder-volume[107814]: DEBUG oslo_concurrency.lockutils [req-2f2c0a61-66d2-4688-a96a-f66d427b4e95 req-dc730384-a8e1-42f1-9d26-565e1f716ffa tempest-VolumesBackupsTest-633227990 None] Acquiring lock "lioadm" by "cinder.volume.targets.lio.LioAdm._execute" {{(pid=107814) inner /usr/local/lib/python3.12/site-packages/oslo_concurrency/lockutils.py:405}}
Nov 21 15:46:52.946771 np0005531460.novalocal cinder-volume[107814]: DEBUG oslo_concurrency.lockutils [req-2f2c0a61-66d2-4688-a96a-f66d427b4e95 req-dc730384-a8e1-42f1-9d26-565e1f716ffa tempest-VolumesBackupsTest-633227990 None] Lock "lioadm" acquired by "cinder.volume.targets.lio.LioAdm._execute" :: waited 0.000s {{(pid=107814) inner /usr/local/lib/python3.12/site-packages/oslo_concurrency/lockutils.py:410}}
Nov 21 15:46:52.946771 np0005531460.novalocal cinder-volume[107814]: DEBUG oslo_concurrency.processutils [req-2f2c0a61-66d2-4688-a96a-f66d427b4e95 req-dc730384-a8e1-42f1-9d26-565e1f716ffa tempest-VolumesBackupsTest-633227990 None] Running cmd (subprocess): sudo cinder-rootwrap /etc/cinder/rootwrap.conf cinder-rtstool add-initiator iqn.2010-10.org.openstack:volume-bdef1043-6af8-4f7e-a163-b9104519911a RvK2MYHTRyJNBDqcD5AE dNrz5C29RTpx7uc8 iqn.1994-05.com.redhat:1e2adedf8ac {{(pid=107814) execute /usr/local/lib/python3.12/site-packages/oslo_concurrency/processutils.py:349}}
Nov 21 15:46:52.974436 np0005531460.novalocal sudo[145144]: stack : PWD=/ ; USER=root ; COMMAND=/usr/local/bin/cinder-rootwrap /etc/cinder/rootwrap.conf cinder-rtstool add-initiator iqn.2010-10.org.openstack:volume-bdef1043-6af8-4f7e-a163-b9104519911a RvK2MYHTRyJNBDqcD5AE dNrz5C29RTpx7uc8 iqn.1994-05.com.redhat:1e2adedf8ac
Nov 21 15:46:53.483179 np0005531460.novalocal cinder-volume[107814]: DEBUG oslo_concurrency.processutils [req-2f2c0a61-66d2-4688-a96a-f66d427b4e95 req-dc730384-a8e1-42f1-9d26-565e1f716ffa tempest-VolumesBackupsTest-633227990 None] CMD "sudo cinder-rootwrap /etc/cinder/rootwrap.conf cinder-rtstool add-initiator iqn.2010-10.org.openstack:volume-bdef1043-6af8-4f7e-a163-b9104519911a RvK2MYHTRyJNBDqcD5AE dNrz5C29RTpx7uc8 iqn.1994-05.com.redhat:1e2adedf8ac" returned: 0 in 0.536s {{(pid=107814) execute /usr/local/lib/python3.12/site-packages/oslo_concurrency/processutils.py:372}}
Nov 21 15:46:53.483699 np0005531460.novalocal cinder-volume[107814]: DEBUG oslo_concurrency.lockutils [req-2f2c0a61-66d2-4688-a96a-f66d427b4e95 req-dc730384-a8e1-42f1-9d26-565e1f716ffa tempest-VolumesBackupsTest-633227990 None] Lock "lioadm" "released" by "cinder.volume.targets.lio.LioAdm._execute" :: held 0.537s {{(pid=107814) inner /usr/local/lib/python3.12/site-packages/oslo_concurrency/lockutils.py:424}}
Nov 21 15:46:53.483699 np0005531460.novalocal cinder-volume[107814]: DEBUG oslo_concurrency.lockutils [req-2f2c0a61-66d2-4688-a96a-f66d427b4e95 req-dc730384-a8e1-42f1-9d26-565e1f716ffa tempest-VolumesBackupsTest-633227990 None] Acquiring lock "lioadm" by "cinder.volume.targets.lio.LioAdm._execute" {{(pid=107814) inner /usr/local/lib/python3.12/site-packages/oslo_concurrency/lockutils.py:405}}
Nov 21 15:46:53.484177 np0005531460.novalocal cinder-volume[107814]: DEBUG oslo_concurrency.lockutils [req-2f2c0a61-66d2-4688-a96a-f66d427b4e95 req-dc730384-a8e1-42f1-9d26-565e1f716ffa tempest-VolumesBackupsTest-633227990 None] Lock "lioadm" acquired by "cinder.volume.targets.lio.LioAdm._execute" :: waited 0.001s {{(pid=107814) inner /usr/local/lib/python3.12/site-packages/oslo_concurrency/lockutils.py:410}}
Nov 21 15:46:53.484737 np0005531460.novalocal cinder-volume[107814]: DEBUG oslo_concurrency.processutils [req-2f2c0a61-66d2-4688-a96a-f66d427b4e95 req-dc730384-a8e1-42f1-9d26-565e1f716ffa tempest-VolumesBackupsTest-633227990 None] Running cmd (subprocess): sudo cinder-rootwrap /etc/cinder/rootwrap.conf cinder-rtstool save {{(pid=107814) execute /usr/local/lib/python3.12/site-packages/oslo_concurrency/processutils.py:349}}
Nov 21 15:46:53.512164 np0005531460.novalocal sudo[145153]: stack : PWD=/ ; USER=root ; COMMAND=/usr/local/bin/cinder-rootwrap /etc/cinder/rootwrap.conf cinder-rtstool save
