Oct 6 22:39:03 standalone account-server[125304]: Starting 2
Oct 6 22:39:03 standalone account-server[125327]: Started child 20 from parent 2
Oct 6 22:39:03 standalone account-server[125327]: Started child 21 from parent 2
Oct 6 22:39:03 standalone account-server[125327]: Started child 22 from parent 2
Oct 6 22:39:03 standalone account-server[125327]: Started child 23 from parent 2
Oct 6 22:39:04 standalone container-server[125405]: Option allow_versions is deprecated. Configure the versioned_writes middleware in the proxy-server instead. This option will be ignored in a future release.
Oct 6 22:39:04 standalone container-server[125705]: Option allow_versions is deprecated. Configure the versioned_writes middleware in the proxy-server instead. This option will be ignored in a future release.
Oct 6 22:39:04 standalone container-server[125405]: Started child 14 from parent 2
Oct 6 22:39:04 standalone object-expirer[125620]: Starting 2
Oct 6 22:39:04 standalone object-expirer[125620]: Option auto_create_account_prefix is deprecated. Configure auto_create_account_prefix under the swift-constraints section of swift.conf. This option will be ignored in a future release.
Oct 6 22:39:04 standalone container-server[125710]: Option allow_versions is deprecated. Configure the versioned_writes middleware in the proxy-server instead. This option will be ignored in a future release.
Oct 6 22:39:04 standalone container-server[125405]: Started child 15 from parent 2
Oct 6 22:39:04 standalone container-server[125725]: Option allow_versions is deprecated. Configure the versioned_writes middleware in the proxy-server instead. This option will be ignored in a future release.
Oct 6 22:39:04 standalone container-server[125405]: Started child 16 from parent 2
Oct 6 22:39:04 standalone container-server[125548]: Starting 2
Oct 6 22:39:04 standalone container-server[125730]: Option allow_versions is deprecated. Configure the versioned_writes middleware in the proxy-server instead. This option will be ignored in a future release.
Oct 6 22:39:04 standalone container-server[125405]: Started child 17 from parent 2
Oct 6 22:39:04 standalone object-server[125673]: Started child 22 from parent 2
Oct 6 22:39:04 standalone object-server[125673]: Started child 23 from parent 2
Oct 6 22:39:04 standalone object-server[125673]: Started child 24 from parent 2
Oct 6 22:39:04 standalone object-server[125673]: Started child 25 from parent 2
Oct 6 22:39:04 standalone object-server[125774]: Starting 2
Oct 6 22:39:10 standalone proxy-server[127343]: Starting Keystone auth_token middleware
Oct 6 22:39:10 standalone proxy-server[127343]: AuthToken middleware is set with keystone_authtoken.service_token_roles_required set to False. This is backwards compatible but deprecated behaviour. Please set this to True.
Oct 6 22:39:11 standalone proxy-server[127590]: Starting Keystone auth_token middleware
Oct 6 22:39:11 standalone proxy-server[127590]: STDERR: The option "bind_port" is not known to keystonemiddleware
Oct 6 22:39:11 standalone proxy-server[127590]: STDERR: The option "workers" is not known to keystonemiddleware
Oct 6 22:39:11 standalone proxy-server[127590]: STDERR: The option "user" is not known to keystonemiddleware
Oct 6 22:39:11 standalone proxy-server[127590]: STDERR: The option "bind_ip" is not known to keystonemiddleware
Oct 6 22:39:11 standalone proxy-server[127590]: STDERR: The option "log_name" is not known to keystonemiddleware
Oct 6 22:39:11 standalone proxy-server[127590]: STDERR: The option "log_facility" is not known to keystonemiddleware
Oct 6 22:39:11 standalone proxy-server[127590]: STDERR: The option "log_level" is not known to keystonemiddleware
Oct 6 22:39:11 standalone proxy-server[127590]: STDERR: The option "log_headers" is not known to keystonemiddleware
Oct 6 22:39:11 standalone proxy-server[127590]: STDERR: The option "log_address" is not known to keystonemiddleware
Oct 6 22:39:11 standalone proxy-server[127590]: STDERR: The option "project_name" is not known to keystonemiddleware
Oct 6 22:39:11 standalone proxy-server[127590]: STDERR: The option "username" is not known to keystonemiddleware
Oct 6 22:39:11 standalone proxy-server[127590]: STDERR: The option "password" is not known to keystonemiddleware
Oct 6 22:39:11 standalone proxy-server[127590]: STDERR: The option "auth_url" is not known to keystonemiddleware
Oct 6 22:39:11 standalone proxy-server[127590]: STDERR: The option "signing_dir" is not known to keystonemiddleware
Oct 6 22:39:11 standalone proxy-server[127590]: STDERR: The option "project_domain_id" is not known to keystonemiddleware
Oct 6 22:39:11 standalone proxy-server[127590]: STDERR: The option "user_domain_id" is not known to keystonemiddleware
Oct 6 22:39:11 standalone proxy-server[127590]: STDERR: The option "__name__" is not known to keystonemiddleware
Oct 6 22:39:11 standalone proxy-server[127590]: AuthToken middleware is set with keystone_authtoken.service_token_roles_required set to False. This is backwards compatible but deprecated behaviour. Please set this to True.
Oct 6 22:39:11 standalone proxy-server[127343]: Started child 21 from parent 2
Oct 6 22:39:22 standalone account-server[125532]: 172.20.0.100 - - [06/Oct/2025:22:39:22 +0000] "HEAD /d1/979/.expiring_objects" 404 - "HEAD http://localhost/v1/.expiring_objects?format=json" "tx278c1abe9cad4a8796fe0-0068e4451a" "proxy-server 2" 0.0017 "-" 23 -
Oct 6 22:39:22 standalone object-expirer[125620]: Pass completed in 0s; 0 objects expired (txn: tx278c1abe9cad4a8796fe0-0068e4451a)
Oct 6 22:39:23 standalone container-server[125548]: Begin container update sweep
Oct 6 22:39:23 standalone container-server[125548]: Container update sweep completed: 0.00s
Oct 6 22:40:07 standalone account-server[125304]: Devices pass completed: 0.00s
Oct 6 22:40:32 standalone object-server[125774]: Begin object update sweep
Oct 6 22:40:32 standalone object-server[137039]: Object update sweep starting on /srv/node/d1 (pid: 11)
Oct 6 22:40:32 standalone object-server[137039]: Object update sweep completed on /srv/node/d1 in 0.00s seconds:, 0 successes, 0 failures, 0 quarantines, 0 unlinks, 0 errors, 0 redirects (pid: 11)
Oct 6 22:40:32 standalone object-server[137039]: Object update sweep of d1 completed: 0.00s, 0 successes, 0 failures, 0 quarantines, 0 unlinks, 0 errors, 0 redirects
Oct 6 22:40:32 standalone object-server[125774]: Object update sweep completed: 0.06s
Oct 6 22:43:20 standalone account-server[125532]: 172.20.0.100 - - [06/Oct/2025:22:43:20 +0000] "HEAD /d1/979/.expiring_objects" 404 - "HEAD http://localhost/v1/.expiring_objects?format=json" "tx376f6e54ed5944e19f2b8-0068e44608" "proxy-server 2" 0.0008 "-" 23 -
Oct 6 22:43:20 standalone object-expirer[125620]: Pass completed in 0s; 0 objects expired (txn: tx376f6e54ed5944e19f2b8-0068e44608)
Oct 6 22:44:23 standalone container-server[125548]: Begin container update sweep
Oct 6 22:44:23 standalone container-server[125548]: Container update sweep completed: 0.00s
Oct 6 22:45:17 standalone account-server[125523]: 172.20.0.100 - - [06/Oct/2025:22:45:17 +0000] "HEAD /d1/979/.expiring_objects" 404 - "HEAD http://localhost/v1/.expiring_objects?format=json" "tx21767a32df614d9680db5-0068e4467d" "proxy-server 2" 0.0019 "-" 22 -
Oct 6 22:45:17 standalone object-expirer[125620]: Pass completed in 0s; 0 objects expired (txn: tx21767a32df614d9680db5-0068e4467d)
Oct 6 22:45:32 standalone object-server[125774]: Begin object update sweep
Oct 6 22:45:32 standalone object-server[172470]: Object update sweep starting on /srv/node/d1 (pid: 13)
Oct 6 22:45:32 standalone object-server[172470]: Object update sweep completed on /srv/node/d1 in 0.00s seconds:, 0 successes, 0 failures, 0 quarantines, 0 unlinks, 0 errors, 0 redirects (pid: 13)
Oct 6 22:45:32 standalone object-server[172470]: Object update sweep of d1 completed: 0.00s, 0 successes, 0 failures, 0 quarantines, 0 unlinks, 0 errors, 0 redirects
Oct 6 22:45:32 standalone object-server[125774]: Object update sweep completed: 0.08s
Oct 6 22:45:39 standalone account-server[125518]: 172.20.0.100 - - [06/Oct/2025:22:45:39 +0000] "HEAD /d1/29/AUTH_3db879dc43e34bcaa1aadfc758f92782" 404 - "HEAD http://localhost:8080/v1/AUTH_3db879dc43e34bcaa1aadfc758f92782?format=json" "tx402010b2d52945f49c57c-0068e44693" "proxy-server 21" 0.0015 "-" 21 -
Oct 6 22:45:39 standalone proxy-server[127590]: - - 06/Oct/2025/22/45/39 HEAD /v1/AUTH_3db879dc43e34bcaa1aadfc758f92782%3Fformat%3Djson HTTP/1.0 200 - Swift - - - - tx402010b2d52945f49c57c-0068e44693 - 0.0058 RL - 1759790739.782233000 1759790739.788035393 -
Oct 6 22:45:40 standalone proxy-server[127590]: 172.18.0.2 ::1 06/Oct/2025/22/45/40 HEAD /v1/AUTH_3db879dc43e34bcaa1aadfc758f92782/glance%3Fformat%3Djson HTTP/1.0 404 - python-swiftclient-3.11.1 gAAAAABo5EaTA9Ep... - - - tx402010b2d52945f49c57c-0068e44693 - 0.4836 - - 1759790739.776999235 1759790740.260586500 -
Oct 6 22:45:40 standalone account-server[125523]: 172.20.0.100 - - [06/Oct/2025:22:45:40 +0000] "PUT /d1/29/AUTH_3db879dc43e34bcaa1aadfc758f92782" 201 - "-" "txf22e11e99c5149bd8a0fd-0068e44694" "-" 0.0158 "-" 22 -
Oct 6 22:45:40 standalone proxy-server[127590]: autocreate account '/AUTH_3db879dc43e34bcaa1aadfc758f92782' (txn: txf22e11e99c5149bd8a0fd-0068e44694)
Oct 6 22:45:40 standalone account-server[125516]: 172.20.0.100 - - [06/Oct/2025:22:45:40 +0000] "HEAD /d1/29/AUTH_3db879dc43e34bcaa1aadfc758f92782" 204 - "HEAD http://localhost:8080/v1/AUTH_3db879dc43e34bcaa1aadfc758f92782?format=json" "txf22e11e99c5149bd8a0fd-0068e44694" "proxy-server 21" 0.0021 "-" 20 -
Oct 6 22:45:40 standalone account-server[125532]: 172.20.0.100 - - [06/Oct/2025:22:45:40 +0000] "PUT /d1/29/AUTH_3db879dc43e34bcaa1aadfc758f92782/glance" 201 - "PUT http://172.20.0.100:6001/d1/704/AUTH_3db879dc43e34bcaa1aadfc758f92782/glance" "txf22e11e99c5149bd8a0fd-0068e44694" "container-server 17" 0.0014 "-" 23 0
Oct 6 22:45:40 standalone container-server[125730]: 172.20.0.100 - - [06/Oct/2025:22:45:40 +0000] "PUT /d1/704/AUTH_3db879dc43e34bcaa1aadfc758f92782/glance" 201 - "PUT http://localhost:8080/v1/AUTH_3db879dc43e34bcaa1aadfc758f92782/glance" "txf22e11e99c5149bd8a0fd-0068e44694" "proxy-server 21" 0.0122 "-" 17 0
Oct 6 22:45:40 standalone proxy-server[127590]: 172.18.0.2 ::1 06/Oct/2025/22/45/40 PUT /v1/AUTH_3db879dc43e34bcaa1aadfc758f92782/glance HTTP/1.0 201 - python-swiftclient-3.11.1 gAAAAABo5EaTA9Ep... - - - txf22e11e99c5149bd8a0fd-0068e44694 - 0.0412 - - 1759790740.268163919 1759790740.309318066 0
Oct 6 22:45:40 standalone container-server[125710]: 172.20.0.100 - - [06/Oct/2025:22:45:40 +0000] "HEAD /d1/704/AUTH_3db879dc43e34bcaa1aadfc758f92782/glance" 204 - "HEAD http://localhost:8080/v1/AUTH_3db879dc43e34bcaa1aadfc758f92782/glance?format=json&states=listing" "tx0d30d494f0ae4be0a9a7a-0068e44694" "proxy-server 21" 0.0031 "-" 15 0
Oct 6 22:45:40 standalone proxy-server[127590]: - - 06/Oct/2025/22/45/40 HEAD /v1/AUTH_3db879dc43e34bcaa1aadfc758f92782/glance%3Fformat%3Djson%26states%3Dlisting HTTP/1.0 204 - Swift - - - - tx0d30d494f0ae4be0a9a7a-0068e44694 - 0.0167 RL - 1759790740.318549156 1759790740.335222721 0
Oct 6 22:45:58 standalone container-server[125710]: 172.20.0.100 - - [06/Oct/2025:22:45:58 +0000] "PUT /d1/704/AUTH_3db879dc43e34bcaa1aadfc758f92782/glance/ba3c4c59-808c-4c03-a199-139c7a675cd4" 201 - "PUT http://localhost:8080/d1/25/AUTH_3db879dc43e34bcaa1aadfc758f92782/glance/ba3c4c59-808c-4c03-a199-139c7a675cd4" "tx0d30d494f0ae4be0a9a7a-0068e44694" "object-server 25" 0.0011 "-" 15 0
Oct 6 22:45:58 standalone object-server[125791]: 172.20.0.100 - - [06/Oct/2025:22:45:58 +0000] "PUT /d1/25/AUTH_3db879dc43e34bcaa1aadfc758f92782/glance/ba3c4c59-808c-4c03-a199-139c7a675cd4" 201 - "PUT http://localhost:8080/v1/AUTH_3db879dc43e34bcaa1aadfc758f92782/glance/ba3c4c59-808c-4c03-a199-139c7a675cd4" "tx0d30d494f0ae4be0a9a7a-0068e44694" "proxy-server 21" 17.7747 "-" 25 0
Oct 6 22:45:58 standalone proxy-server[127590]: 172.18.0.2 ::1 06/Oct/2025/22/45/58 PUT /v1/AUTH_3db879dc43e34bcaa1aadfc758f92782/glance/ba3c4c59-808c-4c03-a199-139c7a675cd4 HTTP/1.0 201 - python-swiftclient-3.11.1 gAAAAABo5EaTA9Ep... 1445986304 - - tx0d30d494f0ae4be0a9a7a-0068e44694 - 17.8020 - - 1759790740.317378998 1759790758.119391203 0
Oct 6 22:49:12 standalone account-server[125532]: 172.20.0.100 - - [06/Oct/2025:22:49:12 +0000] "HEAD /d1/979/.expiring_objects" 404 - "HEAD http://localhost/v1/.expiring_objects?format=json" "tx893bd1b427f140bd9c3b4-0068e44768" "proxy-server 2" 0.0006 "-" 23 -
Oct 6 22:49:12 standalone object-expirer[125620]: Pass completed in 0s; 0 objects expired (txn: tx893bd1b427f140bd9c3b4-0068e44768)
Oct 6 22:49:23 standalone container-server[125548]: Begin container update sweep
Oct 6 22:49:23 standalone account-server[125523]: 172.20.0.100 - - [06/Oct/2025:22:49:23 +0000] "PUT /d1/29/AUTH_3db879dc43e34bcaa1aadfc758f92782/glance" 201 - "-" "-" "container-updater 2" 0.0012 "-" 22 0
Oct 6 22:49:23 standalone container-server[125548]: Container update sweep completed: 0.09s
Oct 6 22:50:32 standalone object-server[125774]: Begin object update sweep
Oct 6 22:50:32 standalone object-server[209506]: Object update sweep starting on /srv/node/d1 (pid: 14)
Oct 6 22:50:32 standalone object-server[209506]: Object update sweep completed on /srv/node/d1 in 0.00s seconds:, 0 successes, 0 failures, 0 quarantines, 0 unlinks, 0 errors, 0 redirects (pid: 14)
Oct 6 22:50:32 standalone object-server[209506]: Object update sweep of d1 completed: 0.00s, 0 successes, 0 failures, 0 quarantines, 0 unlinks, 0 errors, 0 redirects
Oct 6 22:50:32 standalone object-server[125774]: Object update sweep completed: 0.05s
Oct 6 22:50:38 standalone account-server[125516]: 172.20.0.100 - - [06/Oct/2025:22:50:38 +0000] "HEAD /d1/29/AUTH_3db879dc43e34bcaa1aadfc758f92782" 204 - "HEAD http://localhost:8080/v1/AUTH_3db879dc43e34bcaa1aadfc758f92782?format=json" "txea381297e84d4184a56dd-0068e447be" "proxy-server 21" 0.0092 "-" 20 -
Oct 6 22:50:38 standalone proxy-server[127590]: - - 06/Oct/2025/22/50/38 HEAD /v1/AUTH_3db879dc43e34bcaa1aadfc758f92782%3Fformat%3Djson HTTP/1.0 204 - Swift - - - - txea381297e84d4184a56dd-0068e447be - 0.0193 RL - 1759791038.962542534 1759791038.981844425 -
Oct 6 22:50:39 standalone container-server[125725]: 172.20.0.100 - - [06/Oct/2025:22:50:39 +0000] "HEAD /d1/704/AUTH_3db879dc43e34bcaa1aadfc758f92782/glance" 204 - "HEAD http://localhost:8080/v1/AUTH_3db879dc43e34bcaa1aadfc758f92782/glance?format=json&states=listing" "txea381297e84d4184a56dd-0068e447be" "proxy-server 21" 0.0032 "-" 16 0
Oct 6 22:50:39 standalone proxy-server[127590]: 172.18.0.2 ::1 06/Oct/2025/22/50/39 HEAD /v1/AUTH_3db879dc43e34bcaa1aadfc758f92782/glance%3Fformat%3Djson%26states%3Dlisting HTTP/1.0 204 - python-swiftclient-3.11.1 gAAAAABo5Ee-AUmP... - - - txea381297e84d4184a56dd-0068e447be - 0.0961 - - 1759791038.961764336 1759791039.057842016 0
Oct 6 22:50:41 standalone container-server[125730]: 172.20.0.100 - - [06/Oct/2025:22:50:41 +0000] "PUT /d1/704/AUTH_3db879dc43e34bcaa1aadfc758f92782/glance/fa09d600-d214-40d4-b968-04abc5d405c9-00001" 201 - "PUT http://localhost:8080/d1/132/AUTH_3db879dc43e34bcaa1aadfc758f92782/glance/fa09d600-d214-40d4-b968-04abc5d405c9-00001" "txc882d72233744a5486749-0068e447bf" "object-server 25" 0.0013 "-" 17 0
Oct 6 22:50:41 standalone object-server[125791]: 172.20.0.100 - - [06/Oct/2025:22:50:41 +0000] "PUT /d1/132/AUTH_3db879dc43e34bcaa1aadfc758f92782/glance/fa09d600-d214-40d4-b968-04abc5d405c9-00001" 201 - "PUT http://localhost:8080/v1/AUTH_3db879dc43e34bcaa1aadfc758f92782/glance/fa09d600-d214-40d4-b968-04abc5d405c9-00001" "txc882d72233744a5486749-0068e447bf" "proxy-server 21" 2.5731 "-" 25 0
Oct 6 22:50:41 standalone proxy-server[127590]: 172.18.0.2 ::1 06/Oct/2025/22/50/41 PUT /v1/AUTH_3db879dc43e34bcaa1aadfc758f92782/glance/fa09d600-d214-40d4-b968-04abc5d405c9-00001 HTTP/1.0 201 - python-swiftclient-3.11.1 gAAAAABo5Ee-AUmP... 21692416 - - txc882d72233744a5486749-0068e447bf - 2.5789 - - 1759791039.065508842 1759791041.644434690 0
Oct 6 22:50:41 standalone container-server[125730]: 172.20.0.100 - - [06/Oct/2025:22:50:41 +0000] "PUT /d1/704/AUTH_3db879dc43e34bcaa1aadfc758f92782/glance/fa09d600-d214-40d4-b968-04abc5d405c9" 201 - "PUT http://localhost:8080/d1/607/AUTH_3db879dc43e34bcaa1aadfc758f92782/glance/fa09d600-d214-40d4-b968-04abc5d405c9" "txefc64bb0f3164591821a9-0068e447c1" "object-server 23" 0.0006 "-" 17 0
Oct 6 22:50:41 standalone object-server[125784]: 172.20.0.100 - - [06/Oct/2025:22:50:41 +0000] "PUT /d1/607/AUTH_3db879dc43e34bcaa1aadfc758f92782/glance/fa09d600-d214-40d4-b968-04abc5d405c9" 201 - "PUT http://localhost:8080/v1/AUTH_3db879dc43e34bcaa1aadfc758f92782/glance/fa09d600-d214-40d4-b968-04abc5d405c9" "txefc64bb0f3164591821a9-0068e447c1" "proxy-server 21" 0.0233 "-" 23 0
Oct 6 22:50:41 standalone proxy-server[127590]: 172.18.0.2 ::1 06/Oct/2025/22/50/41 PUT /v1/AUTH_3db879dc43e34bcaa1aadfc758f92782/glance/fa09d600-d214-40d4-b968-04abc5d405c9 HTTP/1.0 201 - python-swiftclient-3.11.1 gAAAAABo5Ee-AUmP... - - - txefc64bb0f3164591821a9-0068e447c1 - 0.0306 - - 1759791041.650053978 1759791041.680638313 0
Oct 6 22:50:42 standalone container-server[125730]: 172.20.0.100 - - [06/Oct/2025:22:50:42 +0000] "HEAD /d1/789/AUTH_3db879dc43e34bcaa1aadfc758f92782/gnocchi.f4b91f44-b451-4aa8-8cf9-ba529c08d5eb" 404 - "HEAD http://localhost:8080/v1/AUTH_3db879dc43e34bcaa1aadfc758f92782/gnocchi.f4b91f44-b451-4aa8-8cf9-ba529c08d5eb?format=json&states=listing" "tx45f77d20e5094b6bb6f83-0068e447c2" "proxy-server 21" 0.0006 "-" 17 0
Oct 6 22:50:42 standalone object-server[125788]: 172.20.0.100 - - [06/Oct/2025:22:50:42 +0000] "GET /d1/284/AUTH_3db879dc43e34bcaa1aadfc758f92782/gnocchi.f4b91f44-b451-4aa8-8cf9-ba529c08d5eb/none_v3" 404 70 "GET http://localhost:8080/v1/AUTH_3db879dc43e34bcaa1aadfc758f92782/gnocchi.f4b91f44-b451-4aa8-8cf9-ba529c08d5eb/none_v3" "tx45f77d20e5094b6bb6f83-0068e447c2" "proxy-server 21" 0.0012 "-" 24 0
Oct 6 22:50:42 standalone proxy-server[127590]: 172.18.0.2 ::1 06/Oct/2025/22/50/42 GET /v1/AUTH_3db879dc43e34bcaa1aadfc758f92782/gnocchi.f4b91f44-b451-4aa8-8cf9-ba529c08d5eb/none_v3 HTTP/1.0 404 - python-swiftclient-3.11.1 gAAAAABo5EfCvXdz... - 70 - tx45f77d20e5094b6bb6f83-0068e447c2 - 0.0394 - - 1759791042.377196312 1759791042.416610718 0
Oct 6 22:50:42 standalone account-server[125516]: 172.20.0.100 - - [06/Oct/2025:22:50:42 +0000] "PUT /d1/29/AUTH_3db879dc43e34bcaa1aadfc758f92782/gnocchi.f4b91f44-b451-4aa8-8cf9-ba529c08d5eb" 201 - "PUT http://172.20.0.100:6001/d1/789/AUTH_3db879dc43e34bcaa1aadfc758f92782/gnocchi.f4b91f44-b451-4aa8-8cf9-ba529c08d5eb" "tx3e3e1b620e6b441397754-0068e447c2" "container-server 15" 0.0021 "-" 20 0
Oct 6 22:50:42 standalone container-server[125710]: 172.20.0.100 - - [06/Oct/2025:22:50:42 +0000] "PUT /d1/789/AUTH_3db879dc43e34bcaa1aadfc758f92782/gnocchi.f4b91f44-b451-4aa8-8cf9-ba529c08d5eb" 201 - "PUT http://localhost:8080/v1/AUTH_3db879dc43e34bcaa1aadfc758f92782/gnocchi.f4b91f44-b451-4aa8-8cf9-ba529c08d5eb" "tx3e3e1b620e6b441397754-0068e447c2" "proxy-server 21" 0.0122 "-" 15 0
Oct 6 22:50:42 standalone proxy-server[127590]: 172.18.0.2 ::1 06/Oct/2025/22/50/42 PUT /v1/AUTH_3db879dc43e34bcaa1aadfc758f92782/gnocchi.f4b91f44-b451-4aa8-8cf9-ba529c08d5eb HTTP/1.0 201 - python-swiftclient-3.11.1 gAAAAABo5EfCvXdz... - - - tx3e3e1b620e6b441397754-0068e447c2 - 0.0182 - - 1759791042.421525240 1759791042.439697504 0
Oct 6 22:50:42 standalone container-server[125730]: 172.20.0.100 - - [06/Oct/2025:22:50:42 +0000] "HEAD /d1/789/AUTH_3db879dc43e34bcaa1aadfc758f92782/gnocchi.f4b91f44-b451-4aa8-8cf9-ba529c08d5eb" 204 - "HEAD http://localhost:8080/v1/AUTH_3db879dc43e34bcaa1aadfc758f92782/gnocchi.f4b91f44-b451-4aa8-8cf9-ba529c08d5eb?format=json&states=listing" "tx367584ab9d464bb59cef1-0068e447c2" "proxy-server 21" 0.0022 "-" 17 0
Oct 6 22:50:42 standalone proxy-server[127590]: - - 06/Oct/2025/22/50/42 HEAD /v1/AUTH_3db879dc43e34bcaa1aadfc758f92782/gnocchi.f4b91f44-b451-4aa8-8cf9-ba529c08d5eb%3Fformat%3Djson%26states%3Dlisting HTTP/1.0 204 - Swift - - - - tx367584ab9d464bb59cef1-0068e447c2 - 0.0066 RL - 1759791042.450323105 1759791042.456898212 0
Oct 6 22:50:42 standalone container-server[125705]: 172.20.0.100 - - [06/Oct/2025:22:50:42 +0000] "GET /d1/789/AUTH_3db879dc43e34bcaa1aadfc758f92782/gnocchi.f4b91f44-b451-4aa8-8cf9-ba529c08d5eb" 200 2 "GET http://localhost:8080/v1/AUTH_3db879dc43e34bcaa1aadfc758f92782/gnocchi.f4b91f44-b451-4aa8-8cf9-ba529c08d5eb?format=json&states=listing" "tx367584ab9d464bb59cef1-0068e447c2" "proxy-server 21" 0.0029 "-" 14 0
Oct 6 22:50:42 standalone proxy-server[127590]: 172.18.0.2 ::1 06/Oct/2025/22/50/42 GET /v1/AUTH_3db879dc43e34bcaa1aadfc758f92782/gnocchi.f4b91f44-b451-4aa8-8cf9-ba529c08d5eb%3Fformat%3Djson%26states%3Dlisting HTTP/1.0 200 - python-swiftclient-3.11.1 gAAAAABo5EfCvXdz... - 2 - tx367584ab9d464bb59cef1-0068e447c2 - 0.0184 - - 1759791042.448842764 1759791042.467272043 0
Oct 6 22:50:42 standalone object-server[125772]: 172.20.0.100 - - [06/Oct/2025:22:50:42 +0000] "GET /d1/161/AUTH_3db879dc43e34bcaa1aadfc758f92782/gnocchi.f4b91f44-b451-4aa8-8cf9-ba529c08d5eb/1759320000.0_mean_300.0_v3" 404 70 "GET http://localhost:8080/v1/AUTH_3db879dc43e34bcaa1aadfc758f92782/gnocchi.f4b91f44-b451-4aa8-8cf9-ba529c08d5eb/1759320000.0_mean_300.0_v3" "txea4689b947294e92b99fb-0068e447c2" "proxy-server 21" 0.0007 "-" 22 0
Oct 6 22:50:42 standalone proxy-server[127590]: 172.18.0.2 ::1 06/Oct/2025/22/50/42 GET /v1/AUTH_3db879dc43e34bcaa1aadfc758f92782/gnocchi.f4b91f44-b451-4aa8-8cf9-ba529c08d5eb/1759320000.0_mean_300.0_v3 HTTP/1.0 404 - python-swiftclient-3.11.1 gAAAAABo5EfCvXdz... - 70 - txea4689b947294e92b99fb-0068e447c2 - 0.0072 - - 1759791042.472909212 1759791042.480077505 0
Oct 6 22:50:42 standalone container-server[125725]: 172.20.0.100 - - [06/Oct/2025:22:50:42 +0000] "PUT /d1/789/AUTH_3db879dc43e34bcaa1aadfc758f92782/gnocchi.f4b91f44-b451-4aa8-8cf9-ba529c08d5eb/1759320000.0_mean_300.0_v3" 201 - "PUT http://localhost:8080/d1/161/AUTH_3db879dc43e34bcaa1aadfc758f92782/gnocchi.f4b91f44-b451-4aa8-8cf9-ba529c08d5eb/1759320000.0_mean_300.0_v3" "tx491b68501d50471aaeebf-0068e447c2" "object-server 24" 0.0007 "-" 16 0
Oct 6 22:50:42 standalone object-server[125788]: 172.20.0.100 - - [06/Oct/2025:22:50:42 +0000] "PUT /d1/161/AUTH_3db879dc43e34bcaa1aadfc758f92782/gnocchi.f4b91f44-b451-4aa8-8cf9-ba529c08d5eb/1759320000.0_mean_300.0_v3" 201 - "PUT http://localhost:8080/v1/AUTH_3db879dc43e34bcaa1aadfc758f92782/gnocchi.f4b91f44-b451-4aa8-8cf9-ba529c08d5eb/1759320000.0_mean_300.0_v3" "tx491b68501d50471aaeebf-0068e447c2" "proxy-server 21" 0.0325 "-" 24 0
Oct 6 22:50:42 standalone proxy-server[127590]: 172.18.0.2 ::1 06/Oct/2025/22/50/42 PUT /v1/AUTH_3db879dc43e34bcaa1aadfc758f92782/gnocchi.f4b91f44-b451-4aa8-8cf9-ba529c08d5eb/1759320000.0_mean_300.0_v3 HTTP/1.0 201 - python-swiftclient-3.11.1 gAAAAABo5EfCvXdz... 16 - - tx491b68501d50471aaeebf-0068e447c2 - 0.0404 - - 1759791042.484800816 1759791042.525241613 0
Oct 6 22:50:42 standalone container-server[125730]: 172.20.0.100 - - [06/Oct/2025:22:50:42 +0000] "PUT /d1/789/AUTH_3db879dc43e34bcaa1aadfc758f92782/gnocchi.f4b91f44-b451-4aa8-8cf9-ba529c08d5eb/none_v3" 201 - "PUT http://localhost:8080/d1/284/AUTH_3db879dc43e34bcaa1aadfc758f92782/gnocchi.f4b91f44-b451-4aa8-8cf9-ba529c08d5eb/none_v3" "tx697a9c423de449cd84b6b-0068e447c2" "object-server 23" 0.0005 "-" 17 0
Oct 6 22:50:42 standalone object-server[125784]: 172.20.0.100 - - [06/Oct/2025:22:50:42 +0000] "PUT /d1/284/AUTH_3db879dc43e34bcaa1aadfc758f92782/gnocchi.f4b91f44-b451-4aa8-8cf9-ba529c08d5eb/none_v3" 201 - "PUT http://localhost:8080/v1/AUTH_3db879dc43e34bcaa1aadfc758f92782/gnocchi.f4b91f44-b451-4aa8-8cf9-ba529c08d5eb/none_v3" "tx697a9c423de449cd84b6b-0068e447c2" "proxy-server 21" 0.0169 "-" 23 0
Oct 6 22:50:42 standalone proxy-server[127590]: 172.18.0.2 ::1 06/Oct/2025/22/50/42 PUT /v1/AUTH_3db879dc43e34bcaa1aadfc758f92782/gnocchi.f4b91f44-b451-4aa8-8cf9-ba529c08d5eb/none_v3 HTTP/1.0 201 - python-swiftclient-3.11.1 gAAAAABo5EfCvXdz... 22 - - tx697a9c423de449cd84b6b-0068e447c2 - 0.0264 - - 1759791042.530420065 1759791042.556832075 0
Oct 6 22:51:12 standalone object-server[125791]: 172.20.0.100 - - [06/Oct/2025:22:51:12 +0000] "GET /d1/284/AUTH_3db879dc43e34bcaa1aadfc758f92782/gnocchi.f4b91f44-b451-4aa8-8cf9-ba529c08d5eb/none_v3" 200 22 "GET http://localhost:8080/v1/AUTH_3db879dc43e34bcaa1aadfc758f92782/gnocchi.f4b91f44-b451-4aa8-8cf9-ba529c08d5eb/none_v3" "tx2eb7dabb4ecb413bb8e35-0068e447e0" "proxy-server 21" 0.0017 "-" 25 0
Oct 6 22:51:12 standalone proxy-server[127590]: 172.18.0.2 ::1 06/Oct/2025/22/51/12 GET /v1/AUTH_3db879dc43e34bcaa1aadfc758f92782/gnocchi.f4b91f44-b451-4aa8-8cf9-ba529c08d5eb/none_v3 HTTP/1.0 200 - python-swiftclient-3.11.1 gAAAAABo5EfCvXdz... - 22 - tx2eb7dabb4ecb413bb8e35-0068e447e0 - 0.0118 - - 1759791072.174596071 1759791072.186429262 0
Oct 6 22:51:12 standalone container-server[125705]: 172.20.0.100 - - [06/Oct/2025:22:51:12 +0000] "GET /d1/789/AUTH_3db879dc43e34bcaa1aadfc758f92782/gnocchi.f4b91f44-b451-4aa8-8cf9-ba529c08d5eb" 200 357 "GET http://localhost:8080/v1/AUTH_3db879dc43e34bcaa1aadfc758f92782/gnocchi.f4b91f44-b451-4aa8-8cf9-ba529c08d5eb?format=json&states=listing" "tx5220c649e7014f2683c7f-0068e447e0" "proxy-server 21" 0.0214 "-" 14 0
Oct 6 22:51:12 standalone proxy-server[127590]: 172.18.0.2 ::1 06/Oct/2025/22/51/12 GET /v1/AUTH_3db879dc43e34bcaa1aadfc758f92782/gnocchi.f4b91f44-b451-4aa8-8cf9-ba529c08d5eb%3Fformat%3Djson%26states%3Dlisting HTTP/1.0 200 - python-swiftclient-3.11.1 gAAAAABo5EfCvXdz... - 357 - tx5220c649e7014f2683c7f-0068e447e0 - 0.0322 - - 1759791072.191314936 1759791072.223506451 0
Oct 6 22:51:12 standalone container-server[125725]: 172.20.0.100 - - [06/Oct/2025:22:51:12 +0000] "GET /d1/789/AUTH_3db879dc43e34bcaa1aadfc758f92782/gnocchi.f4b91f44-b451-4aa8-8cf9-ba529c08d5eb" 200 2 "GET http://localhost:8080/v1/AUTH_3db879dc43e34bcaa1aadfc758f92782/gnocchi.f4b91f44-b451-4aa8-8cf9-ba529c08d5eb?format=json&marker=none_v3&states=listing" "tx6da249db0bf94792a3190-0068e447e0" "proxy-server 21" 0.0042 "-" 16 0
Oct 6 22:51:12 standalone proxy-server[127590]: 172.18.0.2 ::1 06/Oct/2025/22/51/12 GET /v1/AUTH_3db879dc43e34bcaa1aadfc758f92782/gnocchi.f4b91f44-b451-4aa8-8cf9-ba529c08d5eb%3Fformat%3Djson%26marker%3Dnone_v3%26states%3Dlisting HTTP/1.0 200 - python-swiftclient-3.11.1 gAAAAABo5EfCvXdz... - 2 - tx6da249db0bf94792a3190-0068e447e0 - 0.0145 - - 1759791072.227720737 1759791072.242224455 0
Oct 6 22:51:12 standalone object-server[125788]: 172.20.0.100 - - [06/Oct/2025:22:51:12 +0000] "GET /d1/161/AUTH_3db879dc43e34bcaa1aadfc758f92782/gnocchi.f4b91f44-b451-4aa8-8cf9-ba529c08d5eb/1759320000.0_mean_300.0_v3" 200 16 "GET http://localhost:8080/v1/AUTH_3db879dc43e34bcaa1aadfc758f92782/gnocchi.f4b91f44-b451-4aa8-8cf9-ba529c08d5eb/1759320000.0_mean_300.0_v3" "tx42b48fc2ded64502bf4b8-0068e447e0" "proxy-server 21" 0.0013 "-" 24 0
Oct 6 22:51:12 standalone proxy-server[127590]: 172.18.0.2 ::1 06/Oct/2025/22/51/12 GET /v1/AUTH_3db879dc43e34bcaa1aadfc758f92782/gnocchi.f4b91f44-b451-4aa8-8cf9-ba529c08d5eb/1759320000.0_mean_300.0_v3 HTTP/1.0 200 - python-swiftclient-3.11.1 gAAAAABo5EfCvXdz... - 16 - tx42b48fc2ded64502bf4b8-0068e447e0 - 0.0097 - - 1759791072.246730089 1759791072.256399155 0
Oct 6 22:51:12 standalone container-server[125730]: 172.20.0.100 - - [06/Oct/2025:22:51:12 +0000] "PUT /d1/789/AUTH_3db879dc43e34bcaa1aadfc758f92782/gnocchi.f4b91f44-b451-4aa8-8cf9-ba529c08d5eb/1759320000.0_mean_300.0_v3" 201 - "PUT http://localhost:8080/d1/161/AUTH_3db879dc43e34bcaa1aadfc758f92782/gnocchi.f4b91f44-b451-4aa8-8cf9-ba529c08d5eb/1759320000.0_mean_300.0_v3" "txe8cc7a0740ca4bc5b369b-0068e447e0" "object-server 22" 0.0006 "-" 17 0
Oct 6 22:51:12 standalone object-server[125772]: 172.20.0.100 - - [06/Oct/2025:22:51:12 +0000] "PUT /d1/161/AUTH_3db879dc43e34bcaa1aadfc758f92782/gnocchi.f4b91f44-b451-4aa8-8cf9-ba529c08d5eb/1759320000.0_mean_300.0_v3" 201 - "PUT http://localhost:8080/v1/AUTH_3db879dc43e34bcaa1aadfc758f92782/gnocchi.f4b91f44-b451-4aa8-8cf9-ba529c08d5eb/1759320000.0_mean_300.0_v3" "txe8cc7a0740ca4bc5b369b-0068e447e0" "proxy-server 21" 0.0311 "-" 22 0
Oct 6 22:51:12 standalone proxy-server[127590]: 172.18.0.2 ::1 06/Oct/2025/22/51/12 PUT /v1/AUTH_3db879dc43e34bcaa1aadfc758f92782/gnocchi.f4b91f44-b451-4aa8-8cf9-ba529c08d5eb/1759320000.0_mean_300.0_v3 HTTP/1.0 201 - python-swiftclient-3.11.1 gAAAAABo5EfCvXdz... 16 - - txe8cc7a0740ca4bc5b369b-0068e447e0 - 0.0389 - - 1759791072.260661840 1759791072.299539566 0
Oct 6 22:51:12 standalone container-server[125710]: 172.20.0.100 - - [06/Oct/2025:22:51:12 +0000] "PUT /d1/789/AUTH_3db879dc43e34bcaa1aadfc758f92782/gnocchi.f4b91f44-b451-4aa8-8cf9-ba529c08d5eb/none_v3" 201 - "PUT http://localhost:8080/d1/284/AUTH_3db879dc43e34bcaa1aadfc758f92782/gnocchi.f4b91f44-b451-4aa8-8cf9-ba529c08d5eb/none_v3" "tx65fdebe04f0045f58c157-0068e447e0" "object-server 23" 0.0008 "-" 15 0
Oct 6 22:51:12 standalone object-server[125784]: 172.20.0.100 - - [06/Oct/2025:22:51:12 +0000] "PUT /d1/284/AUTH_3db879dc43e34bcaa1aadfc758f92782/gnocchi.f4b91f44-b451-4aa8-8cf9-ba529c08d5eb/none_v3" 201 - "PUT http://localhost:8080/v1/AUTH_3db879dc43e34bcaa1aadfc758f92782/gnocchi.f4b91f44-b451-4aa8-8cf9-ba529c08d5eb/none_v3" "tx65fdebe04f0045f58c157-0068e447e0" "proxy-server 21" 0.0149 "-" 23 0
Oct 6 22:51:12 standalone proxy-server[127590]: 172.18.0.2 ::1 06/Oct/2025/22/51/12 PUT /v1/AUTH_3db879dc43e34bcaa1aadfc758f92782/gnocchi.f4b91f44-b451-4aa8-8cf9-ba529c08d5eb/none_v3 HTTP/1.0 201 - python-swiftclient-3.11.1 gAAAAABo5EfCvXdz... 32 - - tx65fdebe04f0045f58c157-0068e447e0 - 0.0233 - - 1759791072.304611683 1759791072.327900648 0
Oct 6 22:51:43 standalone account-server[125532]: 172.20.0.100 - - [06/Oct/2025:22:51:43 +0000] "HEAD /d1/29/AUTH_3db879dc43e34bcaa1aadfc758f92782" 204 - "HEAD http://localhost:8080/v1/AUTH_3db879dc43e34bcaa1aadfc758f92782?format=json" "tx79b39c0a7bf647a5b9dd2-0068e447ff" "proxy-server 21" 0.0056 "-" 23 -
Oct 6 22:51:43 standalone proxy-server[127590]: - - 06/Oct/2025/22/51/43 HEAD /v1/AUTH_3db879dc43e34bcaa1aadfc758f92782%3Fformat%3Djson HTTP/1.0 204 - Swift - - - - tx79b39c0a7bf647a5b9dd2-0068e447ff - 0.0107 RL - 1759791103.641548872 1759791103.652265072 -
Oct 6 22:51:43 standalone container-server[125730]: 172.20.0.100 - - [06/Oct/2025:22:51:43 +0000] "HEAD /d1/704/AUTH_3db879dc43e34bcaa1aadfc758f92782/glance" 204 - "HEAD http://localhost:8080/v1/AUTH_3db879dc43e34bcaa1aadfc758f92782/glance?format=json&states=listing" "tx79b39c0a7bf647a5b9dd2-0068e447ff" "proxy-server 21" 0.0111 "-" 17 0
Oct 6 22:51:43 standalone object-server[125772]: 172.20.0.100 - - [06/Oct/2025:22:51:43 +0000] "GET /d1/607/AUTH_3db879dc43e34bcaa1aadfc758f92782/glance/fa09d600-d214-40d4-b968-04abc5d405c9" 200 - "GET http://localhost:8080/v1/AUTH_3db879dc43e34bcaa1aadfc758f92782/glance/fa09d600-d214-40d4-b968-04abc5d405c9" "tx79b39c0a7bf647a5b9dd2-0068e447ff" "proxy-server 21" 0.0016 "-" 22 0
Oct 6 22:51:43 standalone container-server[125730]: 172.20.0.100 - - [06/Oct/2025:22:51:43 +0000] "GET /d1/704/AUTH_3db879dc43e34bcaa1aadfc758f92782/glance" 200 210 "GET http://localhost:8080/v1/AUTH_3db879dc43e34bcaa1aadfc758f92782/glance?prefix=fa09d600-d214-40d4-b968-04abc5d405c9-&format=json&states=listing" "tx79b39c0a7bf647a5b9dd2-0068e447ff" "proxy-server 21" 0.0027 "-" 17 0
Oct 6 22:51:43 standalone proxy-server[127590]: - - 06/Oct/2025/22/51/43 GET /v1/AUTH_3db879dc43e34bcaa1aadfc758f92782/glance%3Fprefix%3Dfa09d600-d214-40d4-b968-04abc5d405c9-%26format%3Djson%26states%3Dlisting HTTP/1.0 200 - python-swiftclient-3.11.1%20DLO%20MultipartGET gAAAAABo5Ef_eZgS... - 210 - tx79b39c0a7bf647a5b9dd2-0068e447ff - 0.0065 DLO - 1759791103.773376465 1759791103.779853821 0
Oct 6 22:51:43 standalone object-server[125784]: 172.20.0.100 - - [06/Oct/2025:22:51:43 +0000] "GET /d1/132/AUTH_3db879dc43e34bcaa1aadfc758f92782/glance/fa09d600-d214-40d4-b968-04abc5d405c9-00001" 200 21692416 "GET http://localhost:8080/v1/AUTH_3db879dc43e34bcaa1aadfc758f92782/glance/fa09d600-d214-40d4-b968-04abc5d405c9-00001?multipart-manifest=get" "tx79b39c0a7bf647a5b9dd2-0068e447ff" "proxy-server 21" 0.0007 "-" 23 0
Oct 6 22:51:43 standalone proxy-server[127590]: - - 06/Oct/2025/22/51/43 GET /v1/AUTH_3db879dc43e34bcaa1aadfc758f92782/glance/fa09d600-d214-40d4-b968-04abc5d405c9-00001%3Fmultipart-manifest%3Dget HTTP/1.0 200 - python-swiftclient-3.11.1%20%20DLO%20MultipartGET gAAAAABo5Ef_eZgS... - 21692416 - tx79b39c0a7bf647a5b9dd2-0068e447ff - 0.1317 DLO - 1759791103.780798674 1759791103.912461758 0
Oct 6 22:51:43 standalone proxy-server[127590]: 172.18.0.2 ::1 06/Oct/2025/22/51/43 GET /v1/AUTH_3db879dc43e34bcaa1aadfc758f92782/glance/fa09d600-d214-40d4-b968-04abc5d405c9 HTTP/1.0 200 - python-swiftclient-3.11.1 gAAAAABo5Ef_eZgS... - 21692416 - tx79b39c0a7bf647a5b9dd2-0068e447ff - 0.2730 - - 1759791103.640042305 1759791103.913065672 0
Oct 6 22:51:44 standalone container-server[125705]: 172.20.0.100 - - [06/Oct/2025:22:51:44 +0000] "HEAD /d1/250/AUTH_3db879dc43e34bcaa1aadfc758f92782/gnocchi.79583f8b-61d1-46d3-912f-8e28ae40bb4d" 404 - "HEAD http://localhost:8080/v1/AUTH_3db879dc43e34bcaa1aadfc758f92782/gnocchi.79583f8b-61d1-46d3-912f-8e28ae40bb4d?format=json&states=listing" "tx9ae6e921a26a4ebc80493-0068e44800" "proxy-server 21" 0.0006 "-" 14 0
Oct 6 22:51:44 standalone object-server[125772]: 172.20.0.100 - - [06/Oct/2025:22:51:44 +0000] "GET /d1/62/AUTH_3db879dc43e34bcaa1aadfc758f92782/gnocchi.79583f8b-61d1-46d3-912f-8e28ae40bb4d/none_v3" 404 70 "GET http://localhost:8080/v1/AUTH_3db879dc43e34bcaa1aadfc758f92782/gnocchi.79583f8b-61d1-46d3-912f-8e28ae40bb4d/none_v3" "tx9ae6e921a26a4ebc80493-0068e44800" "proxy-server 21" 0.0004 "-" 22 0
Oct 6 22:51:44 standalone proxy-server[127590]: 172.18.0.2 ::1 06/Oct/2025/22/51/44 GET /v1/AUTH_3db879dc43e34bcaa1aadfc758f92782/gnocchi.79583f8b-61d1-46d3-912f-8e28ae40bb4d/none_v3 HTTP/1.0 404 - python-swiftclient-3.11.1 gAAAAABo5EfCvXdz... - 70 - tx9ae6e921a26a4ebc80493-0068e44800 - 0.0137 - - 1759791104.731018543 1759791104.744704485 0
Oct 6 22:51:44 standalone account-server[125518]: 172.20.0.100 - - [06/Oct/2025:22:51:44 +0000] "PUT /d1/29/AUTH_3db879dc43e34bcaa1aadfc758f92782/gnocchi.79583f8b-61d1-46d3-912f-8e28ae40bb4d" 201 - "PUT http://172.20.0.100:6001/d1/250/AUTH_3db879dc43e34bcaa1aadfc758f92782/gnocchi.79583f8b-61d1-46d3-912f-8e28ae40bb4d" "txbbe33aabb5684bee98e6e-0068e44800" "container-server 14" 0.0021 "-" 21 0
Oct 6 22:51:44 standalone container-server[125705]: 172.20.0.100 - - [06/Oct/2025:22:51:44 +0000] "PUT /d1/250/AUTH_3db879dc43e34bcaa1aadfc758f92782/gnocchi.79583f8b-61d1-46d3-912f-8e28ae40bb4d" 201 - "PUT http://localhost:8080/v1/AUTH_3db879dc43e34bcaa1aadfc758f92782/gnocchi.79583f8b-61d1-46d3-912f-8e28ae40bb4d" "txbbe33aabb5684bee98e6e-0068e44800" "proxy-server 21" 0.0109 "-" 14 0
Oct 6 22:51:44 standalone proxy-server[127590]: 172.18.0.2 ::1 06/Oct/2025/22/51/44 PUT /v1/AUTH_3db879dc43e34bcaa1aadfc758f92782/gnocchi.79583f8b-61d1-46d3-912f-8e28ae40bb4d HTTP/1.0 201 - python-swiftclient-3.11.1 gAAAAABo5EfCvXdz... - - - txbbe33aabb5684bee98e6e-0068e44800 - 0.0150 - - 1759791104.747932911 1759791104.762932062 0
Oct 6 22:51:44 standalone container-server[125730]: 172.20.0.100 - - [06/Oct/2025:22:51:44 +0000] "HEAD /d1/250/AUTH_3db879dc43e34bcaa1aadfc758f92782/gnocchi.79583f8b-61d1-46d3-912f-8e28ae40bb4d" 204 - "HEAD http://localhost:8080/v1/AUTH_3db879dc43e34bcaa1aadfc758f92782/gnocchi.79583f8b-61d1-46d3-912f-8e28ae40bb4d?format=json&states=listing" "tx5aab882fe5fa49ab9e473-0068e44800" "proxy-server 21" 0.0011 "-" 17 0
Oct 6 22:51:44 standalone proxy-server[127590]: - - 06/Oct/2025/22/51/44 HEAD /v1/AUTH_3db879dc43e34bcaa1aadfc758f92782/gnocchi.79583f8b-61d1-46d3-912f-8e28ae40bb4d%3Fformat%3Djson%26states%3Dlisting HTTP/1.0 204 - Swift - - - - tx5aab882fe5fa49ab9e473-0068e44800 - 0.0037 RL - 1759791104.766617298 1759791104.770304680 0
Oct 6 22:51:44 standalone container-server[125710]: 172.20.0.100 - - [06/Oct/2025:22:51:44 +0000] "GET /d1/250/AUTH_3db879dc43e34bcaa1aadfc758f92782/gnocchi.79583f8b-61d1-46d3-912f-8e28ae40bb4d" 200 2 "GET http://localhost:8080/v1/AUTH_3db879dc43e34bcaa1aadfc758f92782/gnocchi.79583f8b-61d1-46d3-912f-8e28ae40bb4d?format=json&states=listing" "tx5aab882fe5fa49ab9e473-0068e44800" "proxy-server 21" 0.0019 "-" 15 0
Oct 6 22:51:44 standalone proxy-server[127590]: 172.18.0.2 ::1 06/Oct/2025/22/51/44 GET /v1/AUTH_3db879dc43e34bcaa1aadfc758f92782/gnocchi.79583f8b-61d1-46d3-912f-8e28ae40bb4d%3Fformat%3Djson%26states%3Dlisting HTTP/1.0 200 - python-swiftclient-3.11.1 gAAAAABo5EfCvXdz... - 2 - tx5aab882fe5fa49ab9e473-0068e44800 - 0.0107 - - 1759791104.765848637 1759791104.776592016 0
Oct 6 22:51:44 standalone object-server[125791]: 172.20.0.100 - - [06/Oct/2025:22:51:44 +0000] "GET /d1/656/AUTH_3db879dc43e34bcaa1aadfc758f92782/gnocchi.79583f8b-61d1-46d3-912f-8e28ae40bb4d/1759320000.0_mean_300.0_v3" 404 70 "GET http://localhost:8080/v1/AUTH_3db879dc43e34bcaa1aadfc758f92782/gnocchi.79583f8b-61d1-46d3-912f-8e28ae40bb4d/1759320000.0_mean_300.0_v3" "txc4a84c5eb9ab48d1a7f87-0068e44800" "proxy-server 21" 0.0003 "-" 25 0
Oct 6 22:51:44 standalone proxy-server[127590]: 172.18.0.2 ::1 06/Oct/2025/22/51/44 GET /v1/AUTH_3db879dc43e34bcaa1aadfc758f92782/gnocchi.79583f8b-61d1-46d3-912f-8e28ae40bb4d/1759320000.0_mean_300.0_v3 HTTP/1.0 404 - python-swiftclient-3.11.1 gAAAAABo5EfCvXdz... - 70 - txc4a84c5eb9ab48d1a7f87-0068e44800 - 0.0078 - - 1759791104.779185772 1759791104.787033796 0
Oct 6 22:51:44 standalone container-server[125710]: 172.20.0.100 - - [06/Oct/2025:22:51:44 +0000] "PUT /d1/250/AUTH_3db879dc43e34bcaa1aadfc758f92782/gnocchi.79583f8b-61d1-46d3-912f-8e28ae40bb4d/1759320000.0_mean_300.0_v3" 201 - "PUT http://localhost:8080/d1/656/AUTH_3db879dc43e34bcaa1aadfc758f92782/gnocchi.79583f8b-61d1-46d3-912f-8e28ae40bb4d/1759320000.0_mean_300.0_v3" "tx00465f8a2bff46948a381-0068e44800" "object-server 25" 0.0005 "-" 15 0
Oct 6 22:51:44 standalone object-server[125791]: 172.20.0.100 - - [06/Oct/2025:22:51:44 +0000] "PUT /d1/656/AUTH_3db879dc43e34bcaa1aadfc758f92782/gnocchi.79583f8b-61d1-46d3-912f-8e28ae40bb4d/1759320000.0_mean_300.0_v3" 201 - "PUT http://localhost:8080/v1/AUTH_3db879dc43e34bcaa1aadfc758f92782/gnocchi.79583f8b-61d1-46d3-912f-8e28ae40bb4d/1759320000.0_mean_300.0_v3" "tx00465f8a2bff46948a381-0068e44800" "proxy-server 21" 0.0115 "-" 25 0
Oct 6 22:51:44 standalone proxy-server[127590]: 172.18.0.2 ::1 06/Oct/2025/22/51/44 PUT /v1/AUTH_3db879dc43e34bcaa1aadfc758f92782/gnocchi.79583f8b-61d1-46d3-912f-8e28ae40bb4d/1759320000.0_mean_300.0_v3 HTTP/1.0 201 - python-swiftclient-3.11.1 gAAAAABo5EfCvXdz... 16 - - tx00465f8a2bff46948a381-0068e44800 - 0.0173 - - 1759791104.789307594 1759791104.806567907 0
Oct 6 22:51:44 standalone container-server[125725]: 172.20.0.100 - - [06/Oct/2025:22:51:44 +0000] "PUT /d1/250/AUTH_3db879dc43e34bcaa1aadfc758f92782/gnocchi.79583f8b-61d1-46d3-912f-8e28ae40bb4d/none_v3" 201 - "PUT http://localhost:8080/d1/62/AUTH_3db879dc43e34bcaa1aadfc758f92782/gnocchi.79583f8b-61d1-46d3-912f-8e28ae40bb4d/none_v3" "txcaf4bcd065ce40e5850c1-0068e44800" "object-server 23" 0.0004 "-" 16 0
Oct 6 22:51:44 standalone object-server[125784]: 172.20.0.100 - - [06/Oct/2025:22:51:44 +0000] "PUT /d1/62/AUTH_3db879dc43e34bcaa1aadfc758f92782/gnocchi.79583f8b-61d1-46d3-912f-8e28ae40bb4d/none_v3" 201 - "PUT http://localhost:8080/v1/AUTH_3db879dc43e34bcaa1aadfc758f92782/gnocchi.79583f8b-61d1-46d3-912f-8e28ae40bb4d/none_v3" "txcaf4bcd065ce40e5850c1-0068e44800" "proxy-server 21" 0.0064 "-" 23 0
Oct 6 22:51:44 standalone proxy-server[127590]: 172.18.0.2 ::1 06/Oct/2025/22/51/44 PUT /v1/AUTH_3db879dc43e34bcaa1aadfc758f92782/gnocchi.79583f8b-61d1-46d3-912f-8e28ae40bb4d/none_v3 HTTP/1.0 201 - python-swiftclient-3.11.1 gAAAAABo5EfCvXdz... 22 - - txcaf4bcd065ce40e5850c1-0068e44800 - 0.0106 - - 1759791104.809778690 1759791104.820406675 0
Oct 6 22:51:44 standalone container-server[125730]: 172.20.0.100 - - [06/Oct/2025:22:51:44 +0000] "HEAD /d1/92/AUTH_3db879dc43e34bcaa1aadfc758f92782/gnocchi.ada6416a-3b85-4d26-a432-bf4d310a51e8" 404 - "HEAD http://localhost:8080/v1/AUTH_3db879dc43e34bcaa1aadfc758f92782/gnocchi.ada6416a-3b85-4d26-a432-bf4d310a51e8?format=json&states=listing" "txd4223436f9df49ab85544-0068e44800" "proxy-server 21" 0.0005 "-" 17 0
Oct 6 22:51:44 standalone object-server[125791]: 172.20.0.100 - - [06/Oct/2025:22:51:44 +0000] "GET /d1/505/AUTH_3db879dc43e34bcaa1aadfc758f92782/gnocchi.ada6416a-3b85-4d26-a432-bf4d310a51e8/none_v3" 404 70 "GET http://localhost:8080/v1/AUTH_3db879dc43e34bcaa1aadfc758f92782/gnocchi.ada6416a-3b85-4d26-a432-bf4d310a51e8/none_v3" "txd4223436f9df49ab85544-0068e44800" "proxy-server 21" 0.0003 "-" 25 0
Oct 6 22:51:44 standalone proxy-server[127590]: 172.18.0.2 ::1 06/Oct/2025/22/51/44 GET /v1/AUTH_3db879dc43e34bcaa1aadfc758f92782/gnocchi.ada6416a-3b85-4d26-a432-bf4d310a51e8/none_v3 HTTP/1.0 404 - python-swiftclient-3.11.1 gAAAAABo5EfCvXdz... - 70 - txd4223436f9df49ab85544-0068e44800 - 0.0070 - - 1759791104.867343187 1759791104.874337435 0
Oct 6 22:51:44 standalone account-server[125516]: 172.20.0.100 - - [06/Oct/2025:22:51:44 +0000] "PUT /d1/29/AUTH_3db879dc43e34bcaa1aadfc758f92782/gnocchi.ada6416a-3b85-4d26-a432-bf4d310a51e8" 201 - "PUT http://172.20.0.100:6001/d1/92/AUTH_3db879dc43e34bcaa1aadfc758f92782/gnocchi.ada6416a-3b85-4d26-a432-bf4d310a51e8" "tx1e93d1c0029a4205b11aa-0068e44800" "container-server 14" 0.0055 "-" 20 0
Oct 6 22:51:44 standalone container-server[125705]: 172.20.0.100 - - [06/Oct/2025:22:51:44 +0000] "PUT /d1/92/AUTH_3db879dc43e34bcaa1aadfc758f92782/gnocchi.ada6416a-3b85-4d26-a432-bf4d310a51e8" 201 - "PUT http://localhost:8080/v1/AUTH_3db879dc43e34bcaa1aadfc758f92782/gnocchi.ada6416a-3b85-4d26-a432-bf4d310a51e8" "tx1e93d1c0029a4205b11aa-0068e44800" "proxy-server 21" 0.0140 "-" 14 0
Oct 6 22:51:44 standalone proxy-server[127590]: 172.18.0.2 ::1 06/Oct/2025/22/51/44 PUT /v1/AUTH_3db879dc43e34bcaa1aadfc758f92782/gnocchi.ada6416a-3b85-4d26-a432-bf4d310a51e8 HTTP/1.0 201 - python-swiftclient-3.11.1 gAAAAABo5EfCvXdz... - - - tx1e93d1c0029a4205b11aa-0068e44800 - 0.0197 - - 1759791104.877345800 1759791104.897002697 0
Oct 6 22:51:44 standalone container-server[125710]: 172.20.0.100 - - [06/Oct/2025:22:51:44 +0000] "HEAD /d1/92/AUTH_3db879dc43e34bcaa1aadfc758f92782/gnocchi.ada6416a-3b85-4d26-a432-bf4d310a51e8" 204 - "HEAD http://localhost:8080/v1/AUTH_3db879dc43e34bcaa1aadfc758f92782/gnocchi.ada6416a-3b85-4d26-a432-bf4d310a51e8?format=json&states=listing" "tx6f86c5cdc285459893f1a-0068e44800" "proxy-server 21" 0.0011 "-" 15 0
Oct 6 22:51:44 standalone proxy-server[127590]: - - 06/Oct/2025/22/51/44 HEAD /v1/AUTH_3db879dc43e34bcaa1aadfc758f92782/gnocchi.ada6416a-3b85-4d26-a432-bf4d310a51e8%3Fformat%3Djson%26states%3Dlisting HTTP/1.0 204 - Swift - - - - tx6f86c5cdc285459893f1a-0068e44800 - 0.0045 RL - 1759791104.903264523 1759791104.907755852 0
Oct 6 22:51:44 standalone container-server[125730]: 172.20.0.100 - - [06/Oct/2025:22:51:44 +0000] "GET /d1/92/AUTH_3db879dc43e34bcaa1aadfc758f92782/gnocchi.ada6416a-3b85-4d26-a432-bf4d310a51e8" 200 2 "GET http://localhost:8080/v1/AUTH_3db879dc43e34bcaa1aadfc758f92782/gnocchi.ada6416a-3b85-4d26-a432-bf4d310a51e8?format=json&states=listing" "tx6f86c5cdc285459893f1a-0068e44800" "proxy-server 21" 0.0017 "-" 17 0
Oct 6 22:51:44 standalone proxy-server[127590]: 172.18.0.2 ::1 06/Oct/2025/22/51/44 GET /v1/AUTH_3db879dc43e34bcaa1aadfc758f92782/gnocchi.ada6416a-3b85-4d26-a432-bf4d310a51e8%3Fformat%3Djson%26states%3Dlisting HTTP/1.0 200 - python-swiftclient-3.11.1 gAAAAABo5EfCvXdz... - 2 - tx6f86c5cdc285459893f1a-0068e44800 - 0.0113 - - 1759791104.902248621 1759791104.913552523 0
Oct 6 22:51:44 standalone object-server[125772]: 172.20.0.100 - - [06/Oct/2025:22:51:44 +0000] "GET /d1/600/AUTH_3db879dc43e34bcaa1aadfc758f92782/gnocchi.ada6416a-3b85-4d26-a432-bf4d310a51e8/1759320000.0_mean_300.0_v3" 404 70 "GET http://localhost:8080/v1/AUTH_3db879dc43e34bcaa1aadfc758f92782/gnocchi.ada6416a-3b85-4d26-a432-bf4d310a51e8/1759320000.0_mean_300.0_v3" "tx508afe78b2cc4e7f925bb-0068e44800" "proxy-server 21" 0.0003 "-" 22 0
Oct 6 22:51:44 standalone proxy-server[127590]: 172.18.0.2 ::1 06/Oct/2025/22/51/44 GET /v1/AUTH_3db879dc43e34bcaa1aadfc758f92782/gnocchi.ada6416a-3b85-4d26-a432-bf4d310a51e8/1759320000.0_mean_300.0_v3 HTTP/1.0 404 - python-swiftclient-3.11.1 gAAAAABo5EfCvXdz... - 70 - tx508afe78b2cc4e7f925bb-0068e44800 - 0.0050 - - 1759791104.917555094 1759791104.922541857 0
Oct 6 22:51:44 standalone container-server[125730]: 172.20.0.100 - - [06/Oct/2025:22:51:44 +0000] "PUT /d1/92/AUTH_3db879dc43e34bcaa1aadfc758f92782/gnocchi.ada6416a-3b85-4d26-a432-bf4d310a51e8/1759320000.0_mean_300.0_v3" 201 - "PUT http://localhost:8080/d1/600/AUTH_3db879dc43e34bcaa1aadfc758f92782/gnocchi.ada6416a-3b85-4d26-a432-bf4d310a51e8/1759320000.0_mean_300.0_v3" "tx9b2392a1c1f94073b7177-0068e44800" "object-server 24" 0.0004 "-" 17 0
Oct 6 22:51:44 standalone object-server[125788]: 172.20.0.100 - - [06/Oct/2025:22:51:44 +0000] "PUT /d1/600/AUTH_3db879dc43e34bcaa1aadfc758f92782/gnocchi.ada6416a-3b85-4d26-a432-bf4d310a51e8/1759320000.0_mean_300.0_v3" 201 - "PUT http://localhost:8080/v1/AUTH_3db879dc43e34bcaa1aadfc758f92782/gnocchi.ada6416a-3b85-4d26-a432-bf4d310a51e8/1759320000.0_mean_300.0_v3" "tx9b2392a1c1f94073b7177-0068e44800" "proxy-server 21" 0.0079 "-" 24 0
Oct 6 22:51:44 standalone proxy-server[127590]: 172.18.0.2 ::1 06/Oct/2025/22/51/44 PUT /v1/AUTH_3db879dc43e34bcaa1aadfc758f92782/gnocchi.ada6416a-3b85-4d26-a432-bf4d310a51e8/1759320000.0_mean_300.0_v3 HTTP/1.0 201 - python-swiftclient-3.11.1 gAAAAABo5EfCvXdz... 16 - - tx9b2392a1c1f94073b7177-0068e44800 - 0.0140 - - 1759791104.928446054 1759791104.942419767 0
Oct 6 22:51:44 standalone container-server[125710]: 172.20.0.100 - - [06/Oct/2025:22:51:44 +0000] "PUT /d1/92/AUTH_3db879dc43e34bcaa1aadfc758f92782/gnocchi.ada6416a-3b85-4d26-a432-bf4d310a51e8/none_v3" 201 - "PUT http://localhost:8080/d1/505/AUTH_3db879dc43e34bcaa1aadfc758f92782/gnocchi.ada6416a-3b85-4d26-a432-bf4d310a51e8/none_v3" "tx12162cbdd7c74145a5e44-0068e44800" "object-server 23" 0.0004 "-" 15 0
Oct 6 22:51:44 standalone object-server[125784]: 172.20.0.100 - - [06/Oct/2025:22:51:44 +0000] "PUT /d1/505/AUTH_3db879dc43e34bcaa1aadfc758f92782/gnocchi.ada6416a-3b85-4d26-a432-bf4d310a51e8/none_v3" 201 - "PUT http://localhost:8080/v1/AUTH_3db879dc43e34bcaa1aadfc758f92782/gnocchi.ada6416a-3b85-4d26-a432-bf4d310a51e8/none_v3" "tx12162cbdd7c74145a5e44-0068e44800" "proxy-server 21" 0.0095 "-" 23 0
Oct 6 22:51:44 standalone proxy-server[127590]: 172.18.0.2 ::1 06/Oct/2025/22/51/44 PUT /v1/AUTH_3db879dc43e34bcaa1aadfc758f92782/gnocchi.ada6416a-3b85-4d26-a432-bf4d310a51e8/none_v3 HTTP/1.0 201 - python-swiftclient-3.11.1 gAAAAABo5EfCvXdz... 22 - - tx12162cbdd7c74145a5e44-0068e44800 - 0.0196 - - 1759791104.945408583 1759791104.965015411 0
Oct 6 22:51:49 standalone container-server[125725]: 172.20.0.100 - - [06/Oct/2025:22:51:49 +0000] "HEAD /d1/39/AUTH_3db879dc43e34bcaa1aadfc758f92782/gnocchi.c28d320e-b9fc-4596-9d62-51e4ee6127dd" 404 - "HEAD http://localhost:8080/v1/AUTH_3db879dc43e34bcaa1aadfc758f92782/gnocchi.c28d320e-b9fc-4596-9d62-51e4ee6127dd?format=json&states=listing" "txe15f39296c314226ab9d9-0068e44805" "proxy-server 21" 0.0009 "-" 16 0
Oct 6 22:51:49 standalone object-server[125784]: 172.20.0.100 - - [06/Oct/2025:22:51:49 +0000] "GET /d1/577/AUTH_3db879dc43e34bcaa1aadfc758f92782/gnocchi.c28d320e-b9fc-4596-9d62-51e4ee6127dd/none_v3" 404 70 "GET http://localhost:8080/v1/AUTH_3db879dc43e34bcaa1aadfc758f92782/gnocchi.c28d320e-b9fc-4596-9d62-51e4ee6127dd/none_v3" "txe15f39296c314226ab9d9-0068e44805" "proxy-server 21" 0.0007 "-" 23 0
Oct 6 22:51:49 standalone proxy-server[127590]: 172.18.0.2 ::1 06/Oct/2025/22/51/49 GET /v1/AUTH_3db879dc43e34bcaa1aadfc758f92782/gnocchi.c28d320e-b9fc-4596-9d62-51e4ee6127dd/none_v3 HTTP/1.0 404 - python-swiftclient-3.11.1 gAAAAABo5EfCvXdz... - 70 - txe15f39296c314226ab9d9-0068e44805 - 0.0160 - - 1759791109.419528961 1759791109.435546160 0
Oct 6 22:51:49 standalone account-server[125516]: 172.20.0.100 - - [06/Oct/2025:22:51:49 +0000] "PUT /d1/29/AUTH_3db879dc43e34bcaa1aadfc758f92782/gnocchi.c28d320e-b9fc-4596-9d62-51e4ee6127dd" 201 - "PUT http://172.20.0.100:6001/d1/39/AUTH_3db879dc43e34bcaa1aadfc758f92782/gnocchi.c28d320e-b9fc-4596-9d62-51e4ee6127dd" "tx54dacb0024f14901959be-0068e44805" "container-server 16" 0.0123 "-" 20 0
Oct 6 22:51:49 standalone container-server[125725]: 172.20.0.100 - - [06/Oct/2025:22:51:49 +0000] "PUT /d1/39/AUTH_3db879dc43e34bcaa1aadfc758f92782/gnocchi.c28d320e-b9fc-4596-9d62-51e4ee6127dd" 201 - "PUT http://localhost:8080/v1/AUTH_3db879dc43e34bcaa1aadfc758f92782/gnocchi.c28d320e-b9fc-4596-9d62-51e4ee6127dd" "tx54dacb0024f14901959be-0068e44805" "proxy-server 21" 0.0434 "-" 16 0
Oct 6 22:51:49 standalone proxy-server[127590]: 172.18.0.2 ::1 06/Oct/2025/22/51/49 PUT /v1/AUTH_3db879dc43e34bcaa1aadfc758f92782/gnocchi.c28d320e-b9fc-4596-9d62-51e4ee6127dd HTTP/1.0 201 - python-swiftclient-3.11.1 gAAAAABo5EfCvXdz... - - - tx54dacb0024f14901959be-0068e44805 - 0.0524 - - 1759791109.441247225 1759791109.493695736 0
Oct 6 22:51:49 standalone container-server[125705]: 172.20.0.100 - - [06/Oct/2025:22:51:49 +0000] "HEAD /d1/39/AUTH_3db879dc43e34bcaa1aadfc758f92782/gnocchi.c28d320e-b9fc-4596-9d62-51e4ee6127dd" 204 - "HEAD http://localhost:8080/v1/AUTH_3db879dc43e34bcaa1aadfc758f92782/gnocchi.c28d320e-b9fc-4596-9d62-51e4ee6127dd?format=json&states=listing" "tx11fcbeb4f64e47f89811e-0068e44805" "proxy-server 21" 0.0032 "-" 14 0
Oct 6 22:51:49 standalone proxy-server[127590]: - - 06/Oct/2025/22/51/49 HEAD /v1/AUTH_3db879dc43e34bcaa1aadfc758f92782/gnocchi.c28d320e-b9fc-4596-9d62-51e4ee6127dd%3Fformat%3Djson%26states%3Dlisting HTTP/1.0 204 - Swift - - - - tx11fcbeb4f64e47f89811e-0068e44805 - 0.0078 RL - 1759791109.502356052 1759791109.510149956 0
