Oct 6 22:54:01 standalone object-server[125784]: 172.20.0.100 - - [06/Oct/2025:22:54:01 +0000] "GET /d1/246/AUTH_3db879dc43e34bcaa1aadfc758f92782/gnocchi.3d860197-21c2-49a8-9516-6788f1d9bbc9/1759320000.0_mean_300.0_v3" 404 70 "GET http://localhost:8080/v1/AUTH_3db879dc43e34bcaa1aadfc758f92782/gnocchi.3d860197-21c2-49a8-9516-6788f1d9bbc9/1759320000.0_mean_300.0_v3" "txe2ce1b70d1a247ac8fb32-0068e44889" "proxy-server 21" 0.0005 "-" 23 0
Oct 6 22:54:01 standalone proxy-server[127590]: 172.18.0.2 ::1 06/Oct/2025/22/54/01 GET /v1/AUTH_3db879dc43e34bcaa1aadfc758f92782/gnocchi.3d860197-21c2-49a8-9516-6788f1d9bbc9/1759320000.0_mean_300.0_v3 HTTP/1.0 404 - python-swiftclient-3.11.1 gAAAAABo5EfCvXdz... - 70 - txe2ce1b70d1a247ac8fb32-0068e44889 - 0.0091 - - 1759791241.485719919 1759791241.494830132 0
Oct 6 22:54:01 standalone container-server[125725]: 172.20.0.100 - - [06/Oct/2025:22:54:01 +0000] "PUT /d1/374/AUTH_3db879dc43e34bcaa1aadfc758f92782/gnocchi.3d860197-21c2-49a8-9516-6788f1d9bbc9/1759320000.0_mean_300.0_v3" 201 - "PUT http://localhost:8080/d1/246/AUTH_3db879dc43e34bcaa1aadfc758f92782/gnocchi.3d860197-21c2-49a8-9516-6788f1d9bbc9/1759320000.0_mean_300.0_v3" "tx007a1c01b7c2457392acd-0068e44889" "object-server 25" 0.0012 "-" 16 0
Oct 6 22:54:01 standalone object-server[125791]: 172.20.0.100 - - [06/Oct/2025:22:54:01 +0000] "PUT /d1/246/AUTH_3db879dc43e34bcaa1aadfc758f92782/gnocchi.3d860197-21c2-49a8-9516-6788f1d9bbc9/1759320000.0_mean_300.0_v3" 201 - "PUT http://localhost:8080/v1/AUTH_3db879dc43e34bcaa1aadfc758f92782/gnocchi.3d860197-21c2-49a8-9516-6788f1d9bbc9/1759320000.0_mean_300.0_v3" "tx007a1c01b7c2457392acd-0068e44889" "proxy-server 21" 0.0165 "-" 25 0
Oct 6 22:54:01 standalone proxy-server[127590]: 172.18.0.2 ::1 06/Oct/2025/22/54/01 PUT /v1/AUTH_3db879dc43e34bcaa1aadfc758f92782/gnocchi.3d860197-21c2-49a8-9516-6788f1d9bbc9/1759320000.0_mean_300.0_v3 HTTP/1.0 201 - python-swiftclient-3.11.1 gAAAAABo5EfCvXdz... 16 - - tx007a1c01b7c2457392acd-0068e44889 - 0.0271 - - 1759791241.501539469 1759791241.528650999 0
Oct 6 22:54:01 standalone container-server[125705]: 172.20.0.100 - - [06/Oct/2025:22:54:01 +0000] "PUT /d1/374/AUTH_3db879dc43e34bcaa1aadfc758f92782/gnocchi.3d860197-21c2-49a8-9516-6788f1d9bbc9/none_v3" 201 - "PUT http://localhost:8080/d1/741/AUTH_3db879dc43e34bcaa1aadfc758f92782/gnocchi.3d860197-21c2-49a8-9516-6788f1d9bbc9/none_v3" "tx23a47ee2cd5448ee90558-0068e44889" "object-server 23" 0.0007 "-" 14 0
Oct 6 22:54:01 standalone object-server[125784]: 172.20.0.100 - - [06/Oct/2025:22:54:01 +0000] "PUT /d1/741/AUTH_3db879dc43e34bcaa1aadfc758f92782/gnocchi.3d860197-21c2-49a8-9516-6788f1d9bbc9/none_v3" 201 - "PUT http://localhost:8080/v1/AUTH_3db879dc43e34bcaa1aadfc758f92782/gnocchi.3d860197-21c2-49a8-9516-6788f1d9bbc9/none_v3" "tx23a47ee2cd5448ee90558-0068e44889" "proxy-server 21" 0.0119 "-" 23 0
Oct 6 22:54:01 standalone proxy-server[127590]: 172.18.0.2 ::1 06/Oct/2025/22/54/01 PUT /v1/AUTH_3db879dc43e34bcaa1aadfc758f92782/gnocchi.3d860197-21c2-49a8-9516-6788f1d9bbc9/none_v3 HTTP/1.0 201 - python-swiftclient-3.11.1 gAAAAABo5EfCvXdz... 22 - - tx23a47ee2cd5448ee90558-0068e44889 - 0.0203 - - 1759791241.534244776 1759791241.554531574 0
Oct 6 22:54:01 standalone container-server[125705]: 172.20.0.100 - - [06/Oct/2025:22:54:01 +0000] "HEAD /d1/848/AUTH_3db879dc43e34bcaa1aadfc758f92782/gnocchi.6964364d-931a-4a48-9d68-d8fcdf51a9b0" 404 - "HEAD http://localhost:8080/v1/AUTH_3db879dc43e34bcaa1aadfc758f92782/gnocchi.6964364d-931a-4a48-9d68-d8fcdf51a9b0?format=json&states=listing" "txd18f9bbd7fdd49e2ad877-0068e44889" "proxy-server 21" 0.0004 "-" 14 0
Oct 6 22:54:01 standalone object-server[125784]: 172.20.0.100 - - [06/Oct/2025:22:54:01 +0000] "GET /d1/928/AUTH_3db879dc43e34bcaa1aadfc758f92782/gnocchi.6964364d-931a-4a48-9d68-d8fcdf51a9b0/none_v3" 404 70 "GET http://localhost:8080/v1/AUTH_3db879dc43e34bcaa1aadfc758f92782/gnocchi.6964364d-931a-4a48-9d68-d8fcdf51a9b0/none_v3" "txd18f9bbd7fdd49e2ad877-0068e44889" "proxy-server 21" 0.0004 "-" 23 0
Oct 6 22:54:01 standalone proxy-server[127590]: 172.18.0.2 ::1 06/Oct/2025/22/54/01 GET /v1/AUTH_3db879dc43e34bcaa1aadfc758f92782/gnocchi.6964364d-931a-4a48-9d68-d8fcdf51a9b0/none_v3 HTTP/1.0 404 - python-swiftclient-3.11.1 gAAAAABo5EfCvXdz... - 70 - txd18f9bbd7fdd49e2ad877-0068e44889 - 0.0124 - - 1759791241.570872068 1759791241.583321095 0
Oct 6 22:54:01 standalone account-server[125523]: 172.20.0.100 - - [06/Oct/2025:22:54:01 +0000] "PUT /d1/29/AUTH_3db879dc43e34bcaa1aadfc758f92782/gnocchi.6964364d-931a-4a48-9d68-d8fcdf51a9b0" 201 - "PUT http://172.20.0.100:6001/d1/848/AUTH_3db879dc43e34bcaa1aadfc758f92782/gnocchi.6964364d-931a-4a48-9d68-d8fcdf51a9b0" "tx2211ea33454d48b89dc52-0068e44889" "container-server 17" 0.0061 "-" 22 0
Oct 6 22:54:01 standalone container-server[125730]: 172.20.0.100 - - [06/Oct/2025:22:54:01 +0000] "PUT /d1/848/AUTH_3db879dc43e34bcaa1aadfc758f92782/gnocchi.6964364d-931a-4a48-9d68-d8fcdf51a9b0" 201 - "PUT http://localhost:8080/v1/AUTH_3db879dc43e34bcaa1aadfc758f92782/gnocchi.6964364d-931a-4a48-9d68-d8fcdf51a9b0" "tx2211ea33454d48b89dc52-0068e44889" "proxy-server 21" 0.0202 "-" 17 0
Oct 6 22:54:01 standalone proxy-server[127590]: 172.18.0.2 ::1 06/Oct/2025/22/54/01 PUT /v1/AUTH_3db879dc43e34bcaa1aadfc758f92782/gnocchi.6964364d-931a-4a48-9d68-d8fcdf51a9b0 HTTP/1.0 201 - python-swiftclient-3.11.1 gAAAAABo5EfCvXdz... - - - tx2211ea33454d48b89dc52-0068e44889 - 0.0276 - - 1759791241.587501049 1759791241.615138769 0
Oct 6 22:54:01 standalone container-server[125710]: 172.20.0.100 - - [06/Oct/2025:22:54:01 +0000] "HEAD /d1/848/AUTH_3db879dc43e34bcaa1aadfc758f92782/gnocchi.6964364d-931a-4a48-9d68-d8fcdf51a9b0" 204 - "HEAD http://localhost:8080/v1/AUTH_3db879dc43e34bcaa1aadfc758f92782/gnocchi.6964364d-931a-4a48-9d68-d8fcdf51a9b0?format=json&states=listing" "txb0cb66c832cc47d5b0452-0068e44889" "proxy-server 21" 0.0026 "-" 15 0
Oct 6 22:54:01 standalone proxy-server[127590]: - - 06/Oct/2025/22/54/01 HEAD /v1/AUTH_3db879dc43e34bcaa1aadfc758f92782/gnocchi.6964364d-931a-4a48-9d68-d8fcdf51a9b0%3Fformat%3Djson%26states%3Dlisting HTTP/1.0 204 - Swift - - - - txb0cb66c832cc47d5b0452-0068e44889 - 0.0075 RL - 1759791241.621972084 1759791241.629452467 0
Oct 6 22:54:01 standalone container-server[125710]: 172.20.0.100 - - [06/Oct/2025:22:54:01 +0000] "GET /d1/848/AUTH_3db879dc43e34bcaa1aadfc758f92782/gnocchi.6964364d-931a-4a48-9d68-d8fcdf51a9b0" 200 2 "GET http://localhost:8080/v1/AUTH_3db879dc43e34bcaa1aadfc758f92782/gnocchi.6964364d-931a-4a48-9d68-d8fcdf51a9b0?format=json&states=listing" "txb0cb66c832cc47d5b0452-0068e44889" "proxy-server 21" 0.0034 "-" 15 0
Oct 6 22:54:01 standalone proxy-server[127590]: 172.18.0.2 ::1 06/Oct/2025/22/54/01 GET /v1/AUTH_3db879dc43e34bcaa1aadfc758f92782/gnocchi.6964364d-931a-4a48-9d68-d8fcdf51a9b0%3Fformat%3Djson%26states%3Dlisting HTTP/1.0 200 - python-swiftclient-3.11.1 gAAAAABo5EfCvXdz... - 2 - txb0cb66c832cc47d5b0452-0068e44889 - 0.0204 - - 1759791241.620294094 1759791241.640648365 0
Oct 6 22:54:01 standalone object-server[125791]: 172.20.0.100 - - [06/Oct/2025:22:54:01 +0000] "GET /d1/80/AUTH_3db879dc43e34bcaa1aadfc758f92782/gnocchi.6964364d-931a-4a48-9d68-d8fcdf51a9b0/1759320000.0_mean_300.0_v3" 404 70 "GET http://localhost:8080/v1/AUTH_3db879dc43e34bcaa1aadfc758f92782/gnocchi.6964364d-931a-4a48-9d68-d8fcdf51a9b0/1759320000.0_mean_300.0_v3" "tx000dbf4097874437a4e9a-0068e44889" "proxy-server 21" 0.0004 "-" 25 0
Oct 6 22:54:01 standalone proxy-server[127590]: 172.18.0.2 ::1 06/Oct/2025/22/54/01 GET /v1/AUTH_3db879dc43e34bcaa1aadfc758f92782/gnocchi.6964364d-931a-4a48-9d68-d8fcdf51a9b0/1759320000.0_mean_300.0_v3 HTTP/1.0 404 - python-swiftclient-3.11.1 gAAAAABo5EfCvXdz... - 70 - tx000dbf4097874437a4e9a-0068e44889 - 0.0072 - - 1759791241.646072626 1759791241.653295040 0
Oct 6 22:54:01 standalone container-server[125705]: 172.20.0.100 - - [06/Oct/2025:22:54:01 +0000] "PUT /d1/848/AUTH_3db879dc43e34bcaa1aadfc758f92782/gnocchi.6964364d-931a-4a48-9d68-d8fcdf51a9b0/1759320000.0_mean_300.0_v3" 201 - "PUT http://localhost:8080/d1/80/AUTH_3db879dc43e34bcaa1aadfc758f92782/gnocchi.6964364d-931a-4a48-9d68-d8fcdf51a9b0/1759320000.0_mean_300.0_v3" "txad77d773d0624532af973-0068e44889" "object-server 24" 0.0007 "-" 14 0
Oct 6 22:54:01 standalone object-server[125788]: 172.20.0.100 - - [06/Oct/2025:22:54:01 +0000] "PUT /d1/80/AUTH_3db879dc43e34bcaa1aadfc758f92782/gnocchi.6964364d-931a-4a48-9d68-d8fcdf51a9b0/1759320000.0_mean_300.0_v3" 201 - "PUT http://localhost:8080/v1/AUTH_3db879dc43e34bcaa1aadfc758f92782/gnocchi.6964364d-931a-4a48-9d68-d8fcdf51a9b0/1759320000.0_mean_300.0_v3" "txad77d773d0624532af973-0068e44889" "proxy-server 21" 0.0117 "-" 24 0
Oct 6 22:54:01 standalone proxy-server[127590]: 172.18.0.2 ::1 06/Oct/2025/22/54/01 PUT /v1/AUTH_3db879dc43e34bcaa1aadfc758f92782/gnocchi.6964364d-931a-4a48-9d68-d8fcdf51a9b0/1759320000.0_mean_300.0_v3 HTTP/1.0 201 - python-swiftclient-3.11.1 gAAAAABo5EfCvXdz... 16 - - txad77d773d0624532af973-0068e44889 - 0.0198 - - 1759791241.657647133 1759791241.677446604 0
Oct 6 22:54:01 standalone container-server[125730]: 172.20.0.100 - - [06/Oct/2025:22:54:01 +0000] "PUT /d1/848/AUTH_3db879dc43e34bcaa1aadfc758f92782/gnocchi.6964364d-931a-4a48-9d68-d8fcdf51a9b0/none_v3" 201 - "PUT http://localhost:8080/d1/928/AUTH_3db879dc43e34bcaa1aadfc758f92782/gnocchi.6964364d-931a-4a48-9d68-d8fcdf51a9b0/none_v3" "txf740de2d5d95488e84c5c-0068e44889" "object-server 25" 0.0008 "-" 17 0
Oct 6 22:54:01 standalone object-server[125791]: 172.20.0.100 - - [06/Oct/2025:22:54:01 +0000] "PUT /d1/928/AUTH_3db879dc43e34bcaa1aadfc758f92782/gnocchi.6964364d-931a-4a48-9d68-d8fcdf51a9b0/none_v3" 201 - "PUT http://localhost:8080/v1/AUTH_3db879dc43e34bcaa1aadfc758f92782/gnocchi.6964364d-931a-4a48-9d68-d8fcdf51a9b0/none_v3" "txf740de2d5d95488e84c5c-0068e44889" "proxy-server 21" 0.0111 "-" 25 0
Oct 6 22:54:01 standalone proxy-server[127590]: 172.18.0.2 ::1 06/Oct/2025/22/54/01 PUT /v1/AUTH_3db879dc43e34bcaa1aadfc758f92782/gnocchi.6964364d-931a-4a48-9d68-d8fcdf51a9b0/none_v3 HTTP/1.0 201 - python-swiftclient-3.11.1 gAAAAABo5EfCvXdz... 22 - - txf740de2d5d95488e84c5c-0068e44889 - 0.0195 - - 1759791241.681907892 1759791241.701402664 0
Oct 6 22:54:01 standalone container-server[125730]: 172.20.0.100 - - [06/Oct/2025:22:54:01 +0000] "HEAD /d1/41/AUTH_3db879dc43e34bcaa1aadfc758f92782/gnocchi.4889a13d-6a41-4b99-a8cc-b2d4a948f8c3" 404 - "HEAD http://localhost:8080/v1/AUTH_3db879dc43e34bcaa1aadfc758f92782/gnocchi.4889a13d-6a41-4b99-a8cc-b2d4a948f8c3?format=json&states=listing" "txb25b0a0e8fb54b98bf8bc-0068e44889" "proxy-server 21" 0.0005 "-" 17 0
Oct 6 22:54:01 standalone object-server[125791]: 172.20.0.100 - - [06/Oct/2025:22:54:01 +0000] "GET /d1/568/AUTH_3db879dc43e34bcaa1aadfc758f92782/gnocchi.4889a13d-6a41-4b99-a8cc-b2d4a948f8c3/none_v3" 404 70 "GET http://localhost:8080/v1/AUTH_3db879dc43e34bcaa1aadfc758f92782/gnocchi.4889a13d-6a41-4b99-a8cc-b2d4a948f8c3/none_v3" "txb25b0a0e8fb54b98bf8bc-0068e44889" "proxy-server 21" 0.0003 "-" 25 0
Oct 6 22:54:01 standalone proxy-server[127590]: 172.18.0.2 ::1 06/Oct/2025/22/54/01 GET /v1/AUTH_3db879dc43e34bcaa1aadfc758f92782/gnocchi.4889a13d-6a41-4b99-a8cc-b2d4a948f8c3/none_v3 HTTP/1.0 404 - python-swiftclient-3.11.1 gAAAAABo5EfCvXdz... - 70 - txb25b0a0e8fb54b98bf8bc-0068e44889 - 0.0115 - - 1759791241.717087984 1759791241.728624582 0
Oct 6 22:54:01 standalone account-server[125518]: 172.20.0.100 - - [06/Oct/2025:22:54:01 +0000] "PUT /d1/29/AUTH_3db879dc43e34bcaa1aadfc758f92782/gnocchi.4889a13d-6a41-4b99-a8cc-b2d4a948f8c3" 201 - "PUT http://172.20.0.100:6001/d1/41/AUTH_3db879dc43e34bcaa1aadfc758f92782/gnocchi.4889a13d-6a41-4b99-a8cc-b2d4a948f8c3" "tx5e4b9b5fc954457781341-0068e44889" "container-server 17" 0.0062 "-" 21 0
Oct 6 22:54:01 standalone container-server[125730]: 172.20.0.100 - - [06/Oct/2025:22:54:01 +0000] "PUT /d1/41/AUTH_3db879dc43e34bcaa1aadfc758f92782/gnocchi.4889a13d-6a41-4b99-a8cc-b2d4a948f8c3" 201 - "PUT http://localhost:8080/v1/AUTH_3db879dc43e34bcaa1aadfc758f92782/gnocchi.4889a13d-6a41-4b99-a8cc-b2d4a948f8c3" "tx5e4b9b5fc954457781341-0068e44889" "proxy-server 21" 0.0199 "-" 17 0
Oct 6 22:54:01 standalone proxy-server[127590]: 172.18.0.2 ::1 06/Oct/2025/22/54/01 PUT /v1/AUTH_3db879dc43e34bcaa1aadfc758f92782/gnocchi.4889a13d-6a41-4b99-a8cc-b2d4a948f8c3 HTTP/1.0 201 - python-swiftclient-3.11.1 gAAAAABo5EfCvXdz... - - - tx5e4b9b5fc954457781341-0068e44889 - 0.0266 - - 1759791241.735026836 1759791241.761613607 0
Oct 6 22:54:01 standalone container-server[125710]: 172.20.0.100 - - [06/Oct/2025:22:54:01 +0000] "HEAD /d1/41/AUTH_3db879dc43e34bcaa1aadfc758f92782/gnocchi.4889a13d-6a41-4b99-a8cc-b2d4a948f8c3" 204 - "HEAD http://localhost:8080/v1/AUTH_3db879dc43e34bcaa1aadfc758f92782/gnocchi.4889a13d-6a41-4b99-a8cc-b2d4a948f8c3?format=json&states=listing" "tx67291e6cdcb74684a03e9-0068e44889" "proxy-server 21" 0.0026 "-" 15 0
Oct 6 22:54:01 standalone proxy-server[127590]: - - 06/Oct/2025/22/54/01 HEAD /v1/AUTH_3db879dc43e34bcaa1aadfc758f92782/gnocchi.4889a13d-6a41-4b99-a8cc-b2d4a948f8c3%3Fformat%3Djson%26states%3Dlisting HTTP/1.0 204 - Swift - - - - tx67291e6cdcb74684a03e9-0068e44889 - 0.0079 RL - 1759791241.768727064 1759791241.776601076 0
Oct 6 22:54:01 standalone container-server[125725]: 172.20.0.100 - - [06/Oct/2025:22:54:01 +0000] "GET /d1/41/AUTH_3db879dc43e34bcaa1aadfc758f92782/gnocchi.4889a13d-6a41-4b99-a8cc-b2d4a948f8c3" 200 2 "GET http://localhost:8080/v1/AUTH_3db879dc43e34bcaa1aadfc758f92782/gnocchi.4889a13d-6a41-4b99-a8cc-b2d4a948f8c3?format=json&states=listing" "tx67291e6cdcb74684a03e9-0068e44889" "proxy-server 21" 0.0040 "-" 16 0
Oct 6 22:54:01 standalone proxy-server[127590]: 172.18.0.2 ::1 06/Oct/2025/22/54/01 GET /v1/AUTH_3db879dc43e34bcaa1aadfc758f92782/gnocchi.4889a13d-6a41-4b99-a8cc-b2d4a948f8c3%3Fformat%3Djson%26states%3Dlisting HTTP/1.0 200 - python-swiftclient-3.11.1 gAAAAABo5EfCvXdz... - 2 - tx67291e6cdcb74684a03e9-0068e44889 - 0.0224 - - 1759791241.767041683 1759791241.789430380 0
Oct 6 22:54:01 standalone object-server[125784]: 172.20.0.100 - - [06/Oct/2025:22:54:01 +0000] "GET /d1/571/AUTH_3db879dc43e34bcaa1aadfc758f92782/gnocchi.4889a13d-6a41-4b99-a8cc-b2d4a948f8c3/1759320000.0_mean_300.0_v3" 404 70 "GET http://localhost:8080/v1/AUTH_3db879dc43e34bcaa1aadfc758f92782/gnocchi.4889a13d-6a41-4b99-a8cc-b2d4a948f8c3/1759320000.0_mean_300.0_v3" "txc08d4d2046404e7f97a7f-0068e44889" "proxy-server 21" 0.0005 "-" 23 0
Oct 6 22:54:01 standalone proxy-server[127590]: 172.18.0.2 ::1 06/Oct/2025/22/54/01 GET /v1/AUTH_3db879dc43e34bcaa1aadfc758f92782/gnocchi.4889a13d-6a41-4b99-a8cc-b2d4a948f8c3/1759320000.0_mean_300.0_v3 HTTP/1.0 404 - python-swiftclient-3.11.1 gAAAAABo5EfCvXdz... - 70 - txc08d4d2046404e7f97a7f-0068e44889 - 0.0333 - - 1759791241.794812679 1759791241.828104496 0
Oct 6 22:54:01 standalone container-server[125710]: 172.20.0.100 - - [06/Oct/2025:22:54:01 +0000] "PUT /d1/41/AUTH_3db879dc43e34bcaa1aadfc758f92782/gnocchi.4889a13d-6a41-4b99-a8cc-b2d4a948f8c3/1759320000.0_mean_300.0_v3" 201 - "PUT http://localhost:8080/d1/571/AUTH_3db879dc43e34bcaa1aadfc758f92782/gnocchi.4889a13d-6a41-4b99-a8cc-b2d4a948f8c3/1759320000.0_mean_300.0_v3" "tx2baa95a6d8c4467280698-0068e44889" "object-server 23" 0.0014 "-" 15 0
Oct 6 22:54:01 standalone object-server[125784]: 172.20.0.100 - - [06/Oct/2025:22:54:01 +0000] "PUT /d1/571/AUTH_3db879dc43e34bcaa1aadfc758f92782/gnocchi.4889a13d-6a41-4b99-a8cc-b2d4a948f8c3/1759320000.0_mean_300.0_v3" 201 - "PUT http://localhost:8080/v1/AUTH_3db879dc43e34bcaa1aadfc758f92782/gnocchi.4889a13d-6a41-4b99-a8cc-b2d4a948f8c3/1759320000.0_mean_300.0_v3" "tx2baa95a6d8c4467280698-0068e44889" "proxy-server 21" 0.0126 "-" 23 0
Oct 6 22:54:01 standalone proxy-server[127590]: 172.18.0.2 ::1 06/Oct/2025/22/54/01 PUT /v1/AUTH_3db879dc43e34bcaa1aadfc758f92782/gnocchi.4889a13d-6a41-4b99-a8cc-b2d4a948f8c3/1759320000.0_mean_300.0_v3 HTTP/1.0 201 - python-swiftclient-3.11.1 gAAAAABo5EfCvXdz... 16 - - tx2baa95a6d8c4467280698-0068e44889 - 0.0203 - - 1759791241.833246231 1759791241.853533745 0
Oct 6 22:54:01 standalone container-server[125710]: 172.20.0.100 - - [06/Oct/2025:22:54:01 +0000] "PUT /d1/41/AUTH_3db879dc43e34bcaa1aadfc758f92782/gnocchi.4889a13d-6a41-4b99-a8cc-b2d4a948f8c3/none_v3" 201 - "PUT http://localhost:8080/d1/568/AUTH_3db879dc43e34bcaa1aadfc758f92782/gnocchi.4889a13d-6a41-4b99-a8cc-b2d4a948f8c3/none_v3" "txb35e0c747e214caa92383-0068e44889" "object-server 24" 0.0008 "-" 15 0
Oct 6 22:54:01 standalone object-server[125788]: 172.20.0.100 - - [06/Oct/2025:22:54:01 +0000] "PUT /d1/568/AUTH_3db879dc43e34bcaa1aadfc758f92782/gnocchi.4889a13d-6a41-4b99-a8cc-b2d4a948f8c3/none_v3" 201 - "PUT http://localhost:8080/v1/AUTH_3db879dc43e34bcaa1aadfc758f92782/gnocchi.4889a13d-6a41-4b99-a8cc-b2d4a948f8c3/none_v3" "txb35e0c747e214caa92383-0068e44889" "proxy-server 21" 0.0141 "-" 24 0
Oct 6 22:54:01 standalone proxy-server[127590]: 172.18.0.2 ::1 06/Oct/2025/22/54/01 PUT /v1/AUTH_3db879dc43e34bcaa1aadfc758f92782/gnocchi.4889a13d-6a41-4b99-a8cc-b2d4a948f8c3/none_v3 HTTP/1.0 201 - python-swiftclient-3.11.1 gAAAAABo5EfCvXdz... 22 - - txb35e0c747e214caa92383-0068e44889 - 0.0220 - - 1759791241.859055281 1759791241.881048203 0
Oct 6 22:54:01 standalone container-server[125730]: 172.20.0.100 - - [06/Oct/2025:22:54:01 +0000] "HEAD /d1/839/AUTH_3db879dc43e34bcaa1aadfc758f92782/gnocchi.97a9fb73-938f-40a2-b19b-52cbea748351" 404 - "HEAD http://localhost:8080/v1/AUTH_3db879dc43e34bcaa1aadfc758f92782/gnocchi.97a9fb73-938f-40a2-b19b-52cbea748351?format=json&states=listing" "tx5d1f16fb45ce48cba2845-0068e44889" "proxy-server 21" 0.0006 "-" 17 0
Oct 6 22:54:01 standalone object-server[125791]: 172.20.0.100 - - [06/Oct/2025:22:54:01 +0000] "GET /d1/37/AUTH_3db879dc43e34bcaa1aadfc758f92782/gnocchi.97a9fb73-938f-40a2-b19b-52cbea748351/none_v3" 404 70 "GET http://localhost:8080/v1/AUTH_3db879dc43e34bcaa1aadfc758f92782/gnocchi.97a9fb73-938f-40a2-b19b-52cbea748351/none_v3" "tx5d1f16fb45ce48cba2845-0068e44889" "proxy-server 21" 0.0005 "-" 25 0
Oct 6 22:54:01 standalone proxy-server[127590]: 172.18.0.2 ::1 06/Oct/2025/22/54/01 GET /v1/AUTH_3db879dc43e34bcaa1aadfc758f92782/gnocchi.97a9fb73-938f-40a2-b19b-52cbea748351/none_v3 HTTP/1.0 404 - python-swiftclient-3.11.1 gAAAAABo5EfCvXdz... - 70 - tx5d1f16fb45ce48cba2845-0068e44889 - 0.0152 - - 1759791241.897731066 1759791241.912911654 0
Oct 6 22:54:01 standalone account-server[125516]: 172.20.0.100 - - [06/Oct/2025:22:54:01 +0000] "PUT /d1/29/AUTH_3db879dc43e34bcaa1aadfc758f92782/gnocchi.97a9fb73-938f-40a2-b19b-52cbea748351" 201 - "PUT http://172.20.0.100:6001/d1/839/AUTH_3db879dc43e34bcaa1aadfc758f92782/gnocchi.97a9fb73-938f-40a2-b19b-52cbea748351" "tx12f29717b8134516be065-0068e44889" "container-server 14" 0.0062 "-" 20 0
Oct 6 22:54:01 standalone container-server[125705]: 172.20.0.100 - - [06/Oct/2025:22:54:01 +0000] "PUT /d1/839/AUTH_3db879dc43e34bcaa1aadfc758f92782/gnocchi.97a9fb73-938f-40a2-b19b-52cbea748351" 201 - "PUT http://localhost:8080/v1/AUTH_3db879dc43e34bcaa1aadfc758f92782/gnocchi.97a9fb73-938f-40a2-b19b-52cbea748351" "tx12f29717b8134516be065-0068e44889" "proxy-server 21" 0.0183 "-" 14 0
Oct 6 22:54:01 standalone proxy-server[127590]: 172.18.0.2 ::1 06/Oct/2025/22/54/01 PUT /v1/AUTH_3db879dc43e34bcaa1aadfc758f92782/gnocchi.97a9fb73-938f-40a2-b19b-52cbea748351 HTTP/1.0 201 - python-swiftclient-3.11.1 gAAAAABo5EfCvXdz... - - - tx12f29717b8134516be065-0068e44889 - 0.0255 - - 1759791241.917839766 1759791241.943359852 0
Oct 6 22:54:01 standalone container-server[125705]: 172.20.0.100 - - [06/Oct/2025:22:54:01 +0000] "HEAD /d1/839/AUTH_3db879dc43e34bcaa1aadfc758f92782/gnocchi.97a9fb73-938f-40a2-b19b-52cbea748351" 204 - "HEAD http://localhost:8080/v1/AUTH_3db879dc43e34bcaa1aadfc758f92782/gnocchi.97a9fb73-938f-40a2-b19b-52cbea748351?format=json&states=listing" "txaca174f4eb4246cd9424a-0068e44889" "proxy-server 21" 0.0020 "-" 14 0
Oct 6 22:54:01 standalone proxy-server[127590]: - - 06/Oct/2025/22/54/01 HEAD /v1/AUTH_3db879dc43e34bcaa1aadfc758f92782/gnocchi.97a9fb73-938f-40a2-b19b-52cbea748351%3Fformat%3Djson%26states%3Dlisting HTTP/1.0 204 - Swift - - - - txaca174f4eb4246cd9424a-0068e44889 - 0.0067 RL - 1759791241.951046944 1759791241.957767010 0
Oct 6 22:54:01 standalone container-server[125730]: 172.20.0.100 - - [06/Oct/2025:22:54:01 +0000] "GET /d1/839/AUTH_3db879dc43e34bcaa1aadfc758f92782/gnocchi.97a9fb73-938f-40a2-b19b-52cbea748351" 200 2 "GET http://localhost:8080/v1/AUTH_3db879dc43e34bcaa1aadfc758f92782/gnocchi.97a9fb73-938f-40a2-b19b-52cbea748351?format=json&states=listing" "txaca174f4eb4246cd9424a-0068e44889" "proxy-server 21" 0.0044 "-" 17 0
Oct 6 22:54:01 standalone proxy-server[127590]: 172.18.0.2 ::1 06/Oct/2025/22/54/01 GET /v1/AUTH_3db879dc43e34bcaa1aadfc758f92782/gnocchi.97a9fb73-938f-40a2-b19b-52cbea748351%3Fformat%3Djson%26states%3Dlisting HTTP/1.0 200 - python-swiftclient-3.11.1 gAAAAABo5EfCvXdz... - 2 - txaca174f4eb4246cd9424a-0068e44889 - 0.0227 - - 1759791241.949150562 1759791241.971817970 0
Oct 6 22:54:01 standalone object-server[125791]: 172.20.0.100 - - [06/Oct/2025:22:54:01 +0000] "GET /d1/547/AUTH_3db879dc43e34bcaa1aadfc758f92782/gnocchi.97a9fb73-938f-40a2-b19b-52cbea748351/1759320000.0_mean_300.0_v3" 404 70 "GET http://localhost:8080/v1/AUTH_3db879dc43e34bcaa1aadfc758f92782/gnocchi.97a9fb73-938f-40a2-b19b-52cbea748351/1759320000.0_mean_300.0_v3" "txc045931e556c4291a86fe-0068e44889" "proxy-server 21" 0.0004 "-" 25 0
Oct 6 22:54:01 standalone proxy-server[127590]: 172.18.0.2 ::1 06/Oct/2025/22/54/01 GET /v1/AUTH_3db879dc43e34bcaa1aadfc758f92782/gnocchi.97a9fb73-938f-40a2-b19b-52cbea748351/1759320000.0_mean_300.0_v3 HTTP/1.0 404 - python-swiftclient-3.11.1 gAAAAABo5EfCvXdz... - 70 - txc045931e556c4291a86fe-0068e44889 - 0.0076 - - 1759791241.977347374 1759791241.984993458 0
Oct 6 22:54:02 standalone container-server[125705]: 172.20.0.100 - - [06/Oct/2025:22:54:02 +0000] "PUT /d1/839/AUTH_3db879dc43e34bcaa1aadfc758f92782/gnocchi.97a9fb73-938f-40a2-b19b-52cbea748351/1759320000.0_mean_300.0_v3" 201 - "PUT http://localhost:8080/d1/547/AUTH_3db879dc43e34bcaa1aadfc758f92782/gnocchi.97a9fb73-938f-40a2-b19b-52cbea748351/1759320000.0_mean_300.0_v3" "tx8cc98a5745084cd88288c-0068e44889" "object-server 23" 0.0008 "-" 14 0
Oct 6 22:54:02 standalone object-server[125784]: 172.20.0.100 - - [06/Oct/2025:22:54:02 +0000] "PUT /d1/547/AUTH_3db879dc43e34bcaa1aadfc758f92782/gnocchi.97a9fb73-938f-40a2-b19b-52cbea748351/1759320000.0_mean_300.0_v3" 201 - "PUT http://localhost:8080/v1/AUTH_3db879dc43e34bcaa1aadfc758f92782/gnocchi.97a9fb73-938f-40a2-b19b-52cbea748351/1759320000.0_mean_300.0_v3" "tx8cc98a5745084cd88288c-0068e44889" "proxy-server 21" 0.0110 "-" 23 0
Oct 6 22:54:02 standalone proxy-server[127590]: 172.18.0.2 ::1 06/Oct/2025/22/54/02 PUT /v1/AUTH_3db879dc43e34bcaa1aadfc758f92782/gnocchi.97a9fb73-938f-40a2-b19b-52cbea748351/1759320000.0_mean_300.0_v3 HTTP/1.0 201 - python-swiftclient-3.11.1 gAAAAABo5EfCvXdz... 16 - - tx8cc98a5745084cd88288c-0068e44889 - 0.0189 - - 1759791241.991938353 1759791242.010861397 0
Oct 6 22:54:02 standalone container-server[125725]: 172.20.0.100 - - [06/Oct/2025:22:54:02 +0000] "PUT /d1/839/AUTH_3db879dc43e34bcaa1aadfc758f92782/gnocchi.97a9fb73-938f-40a2-b19b-52cbea748351/none_v3" 201 - "PUT http://localhost:8080/d1/37/AUTH_3db879dc43e34bcaa1aadfc758f92782/gnocchi.97a9fb73-938f-40a2-b19b-52cbea748351/none_v3" "tx2ed220b9d9d94d42bc44d-0068e4488a" "object-server 24" 0.0008 "-" 16 0
Oct 6 22:54:02 standalone object-server[125788]: 172.20.0.100 - - [06/Oct/2025:22:54:02 +0000] "PUT /d1/37/AUTH_3db879dc43e34bcaa1aadfc758f92782/gnocchi.97a9fb73-938f-40a2-b19b-52cbea748351/none_v3" 201 - "PUT http://localhost:8080/v1/AUTH_3db879dc43e34bcaa1aadfc758f92782/gnocchi.97a9fb73-938f-40a2-b19b-52cbea748351/none_v3" "tx2ed220b9d9d94d42bc44d-0068e4488a" "proxy-server 21" 0.0137 "-" 24 0
Oct 6 22:54:02 standalone proxy-server[127590]: 172.18.0.2 ::1 06/Oct/2025/22/54/02 PUT /v1/AUTH_3db879dc43e34bcaa1aadfc758f92782/gnocchi.97a9fb73-938f-40a2-b19b-52cbea748351/none_v3 HTTP/1.0 201 - python-swiftclient-3.11.1 gAAAAABo5EfCvXdz... 22 - - tx2ed220b9d9d94d42bc44d-0068e4488a - 0.0217 - - 1759791242.015264273 1759791242.037009001 0
Oct 6 22:54:02 standalone container-server[125725]: 172.20.0.100 - - [06/Oct/2025:22:54:02 +0000] "HEAD /d1/472/AUTH_3db879dc43e34bcaa1aadfc758f92782/gnocchi.9f770a4b-4a78-479b-93b6-c8cf6152a65b" 404 - "HEAD http://localhost:8080/v1/AUTH_3db879dc43e34bcaa1aadfc758f92782/gnocchi.9f770a4b-4a78-479b-93b6-c8cf6152a65b?format=json&states=listing" "tx1976f63379f1443ab8b9d-0068e4488a" "proxy-server 21" 0.0005 "-" 16 0
Oct 6 22:54:02 standalone object-server[125788]: 172.20.0.100 - - [06/Oct/2025:22:54:02 +0000] "GET /d1/989/AUTH_3db879dc43e34bcaa1aadfc758f92782/gnocchi.9f770a4b-4a78-479b-93b6-c8cf6152a65b/none_v3" 404 70 "GET http://localhost:8080/v1/AUTH_3db879dc43e34bcaa1aadfc758f92782/gnocchi.9f770a4b-4a78-479b-93b6-c8cf6152a65b/none_v3" "tx1976f63379f1443ab8b9d-0068e4488a" "proxy-server 21" 0.0004 "-" 24 0
Oct 6 22:54:02 standalone proxy-server[127590]: 172.18.0.2 ::1 06/Oct/2025/22/54/02 GET /v1/AUTH_3db879dc43e34bcaa1aadfc758f92782/gnocchi.9f770a4b-4a78-479b-93b6-c8cf6152a65b/none_v3 HTTP/1.0 404 - python-swiftclient-3.11.1 gAAAAABo5EfCvXdz... - 70 - tx1976f63379f1443ab8b9d-0068e4488a - 0.0131 - - 1759791242.054051638 1759791242.067128420 0
Oct 6 22:54:02 standalone account-server[125532]: 172.20.0.100 - - [06/Oct/2025:22:54:02 +0000] "PUT /d1/29/AUTH_3db879dc43e34bcaa1aadfc758f92782/gnocchi.9f770a4b-4a78-479b-93b6-c8cf6152a65b" 201 - "PUT http://172.20.0.100:6001/d1/472/AUTH_3db879dc43e34bcaa1aadfc758f92782/gnocchi.9f770a4b-4a78-479b-93b6-c8cf6152a65b" "txb1c3247c4b824743b5e83-0068e4488a" "container-server 15" 0.0064 "-" 23 0
Oct 6 22:54:02 standalone container-server[125710]: 172.20.0.100 - - [06/Oct/2025:22:54:02 +0000] "PUT /d1/472/AUTH_3db879dc43e34bcaa1aadfc758f92782/gnocchi.9f770a4b-4a78-479b-93b6-c8cf6152a65b" 201 - "PUT http://localhost:8080/v1/AUTH_3db879dc43e34bcaa1aadfc758f92782/gnocchi.9f770a4b-4a78-479b-93b6-c8cf6152a65b" "txb1c3247c4b824743b5e83-0068e4488a" "proxy-server 21" 0.0204 "-" 15 0
Oct 6 22:54:02 standalone proxy-server[127590]: 172.18.0.2 ::1 06/Oct/2025/22/54/02 PUT /v1/AUTH_3db879dc43e34bcaa1aadfc758f92782/gnocchi.9f770a4b-4a78-479b-93b6-c8cf6152a65b HTTP/1.0 201 - python-swiftclient-3.11.1 gAAAAABo5EfCvXdz... - - - txb1c3247c4b824743b5e83-0068e4488a - 0.0282 - - 1759791242.071649075 1759791242.099857092 0
Oct 6 22:54:02 standalone container-server[125710]: 172.20.0.100 - - [06/Oct/2025:22:54:02 +0000] "HEAD /d1/472/AUTH_3db879dc43e34bcaa1aadfc758f92782/gnocchi.9f770a4b-4a78-479b-93b6-c8cf6152a65b" 204 - "HEAD http://localhost:8080/v1/AUTH_3db879dc43e34bcaa1aadfc758f92782/gnocchi.9f770a4b-4a78-479b-93b6-c8cf6152a65b?format=json&states=listing" "tx857aa1ebbe264764bf293-0068e4488a" "proxy-server 21" 0.0020 "-" 15 0
Oct 6 22:54:02 standalone proxy-server[127590]: - - 06/Oct/2025/22/54/02 HEAD /v1/AUTH_3db879dc43e34bcaa1aadfc758f92782/gnocchi.9f770a4b-4a78-479b-93b6-c8cf6152a65b%3Fformat%3Djson%26states%3Dlisting HTTP/1.0 204 - Swift - - - - tx857aa1ebbe264764bf293-0068e4488a - 0.0071 RL - 1759791242.106896877 1759791242.113987923 0
Oct 6 22:54:02 standalone container-server[125710]: 172.20.0.100 - - [06/Oct/2025:22:54:02 +0000] "GET /d1/472/AUTH_3db879dc43e34bcaa1aadfc758f92782/gnocchi.9f770a4b-4a78-479b-93b6-c8cf6152a65b" 200 2 "GET http://localhost:8080/v1/AUTH_3db879dc43e34bcaa1aadfc758f92782/gnocchi.9f770a4b-4a78-479b-93b6-c8cf6152a65b?format=json&states=listing" "tx857aa1ebbe264764bf293-0068e4488a" "proxy-server 21" 0.0031 "-" 15 0
Oct 6 22:54:02 standalone proxy-server[127590]: 172.18.0.2 ::1 06/Oct/2025/22/54/02 GET /v1/AUTH_3db879dc43e34bcaa1aadfc758f92782/gnocchi.9f770a4b-4a78-479b-93b6-c8cf6152a65b%3Fformat%3Djson%26states%3Dlisting HTTP/1.0 200 - python-swiftclient-3.11.1 gAAAAABo5EfCvXdz... - 2 - tx857aa1ebbe264764bf293-0068e4488a - 0.0208 - - 1759791242.104974508 1759791242.125751972 0
Oct 6 22:54:02 standalone object-server[125772]: 172.20.0.100 - - [06/Oct/2025:22:54:02 +0000] "GET /d1/888/AUTH_3db879dc43e34bcaa1aadfc758f92782/gnocchi.9f770a4b-4a78-479b-93b6-c8cf6152a65b/1759320000.0_mean_300.0_v3" 404 70 "GET http://localhost:8080/v1/AUTH_3db879dc43e34bcaa1aadfc758f92782/gnocchi.9f770a4b-4a78-479b-93b6-c8cf6152a65b/1759320000.0_mean_300.0_v3" "tx818e3ea3a0ea431e95a9e-0068e4488a" "proxy-server 21" 0.0005 "-" 22 0
Oct 6 22:54:02 standalone proxy-server[127590]: 172.18.0.2 ::1 06/Oct/2025/22/54/02 GET /v1/AUTH_3db879dc43e34bcaa1aadfc758f92782/gnocchi.9f770a4b-4a78-479b-93b6-c8cf6152a65b/1759320000.0_mean_300.0_v3 HTTP/1.0 404 - python-swiftclient-3.11.1 gAAAAABo5EfCvXdz... - 70 - tx818e3ea3a0ea431e95a9e-0068e4488a - 0.0082 - - 1759791242.131103754 1759791242.139300108 0
Oct 6 22:54:02 standalone container-server[125725]: 172.20.0.100 - - [06/Oct/2025:22:54:02 +0000] "PUT /d1/472/AUTH_3db879dc43e34bcaa1aadfc758f92782/gnocchi.9f770a4b-4a78-479b-93b6-c8cf6152a65b/1759320000.0_mean_300.0_v3" 201 - "PUT http://localhost:8080/d1/888/AUTH_3db879dc43e34bcaa1aadfc758f92782/gnocchi.9f770a4b-4a78-479b-93b6-c8cf6152a65b/1759320000.0_mean_300.0_v3" "txbfcc884b2f734ff59ae95-0068e4488a" "object-server 25" 0.0009 "-" 16 0
Oct 6 22:54:02 standalone object-server[125791]: 172.20.0.100 - - [06/Oct/2025:22:54:02 +0000] "PUT /d1/888/AUTH_3db879dc43e34bcaa1aadfc758f92782/gnocchi.9f770a4b-4a78-479b-93b6-c8cf6152a65b/1759320000.0_mean_300.0_v3" 201 - "PUT http://localhost:8080/v1/AUTH_3db879dc43e34bcaa1aadfc758f92782/gnocchi.9f770a4b-4a78-479b-93b6-c8cf6152a65b/1759320000.0_mean_300.0_v3" "txbfcc884b2f734ff59ae95-0068e4488a" "proxy-server 21" 0.0111 "-" 25 0
Oct 6 22:54:02 standalone proxy-server[127590]: 172.18.0.2 ::1 06/Oct/2025/22/54/02 PUT /v1/AUTH_3db879dc43e34bcaa1aadfc758f92782/gnocchi.9f770a4b-4a78-479b-93b6-c8cf6152a65b/1759320000.0_mean_300.0_v3 HTTP/1.0 201 - python-swiftclient-3.11.1 gAAAAABo5EfCvXdz... 16 - - txbfcc884b2f734ff59ae95-0068e4488a - 0.0189 - - 1759791242.144286394 1759791242.163177967 0
Oct 6 22:54:02 standalone container-server[125725]: 172.20.0.100 - - [06/Oct/2025:22:54:02 +0000] "PUT /d1/472/AUTH_3db879dc43e34bcaa1aadfc758f92782/gnocchi.9f770a4b-4a78-479b-93b6-c8cf6152a65b/none_v3" 201 - "PUT http://localhost:8080/d1/989/AUTH_3db879dc43e34bcaa1aadfc758f92782/gnocchi.9f770a4b-4a78-479b-93b6-c8cf6152a65b/none_v3" "tx90a1751d6c7147d8b8626-0068e4488a" "object-server 25" 0.0007 "-" 16 0
Oct 6 22:54:02 standalone object-server[125791]: 172.20.0.100 - - [06/Oct/2025:22:54:02 +0000] "PUT /d1/989/AUTH_3db879dc43e34bcaa1aadfc758f92782/gnocchi.9f770a4b-4a78-479b-93b6-c8cf6152a65b/none_v3" 201 - "PUT http://localhost:8080/v1/AUTH_3db879dc43e34bcaa1aadfc758f92782/gnocchi.9f770a4b-4a78-479b-93b6-c8cf6152a65b/none_v3" "tx90a1751d6c7147d8b8626-0068e4488a" "proxy-server 21" 0.0099 "-" 25 0
Oct 6 22:54:02 standalone proxy-server[127590]: 172.18.0.2 ::1 06/Oct/2025/22/54/02 PUT /v1/AUTH_3db879dc43e34bcaa1aadfc758f92782/gnocchi.9f770a4b-4a78-479b-93b6-c8cf6152a65b/none_v3 HTTP/1.0 201 - python-swiftclient-3.11.1 gAAAAABo5EfCvXdz... 22 - - tx90a1751d6c7147d8b8626-0068e4488a - 0.0170 - - 1759791242.168182611 1759791242.185195684 0
Oct 6 22:54:23 standalone container-server[125548]: Begin container update sweep
Oct 6 22:54:23 standalone account-server[125518]: 172.20.0.100 - - [06/Oct/2025:22:54:23 +0000] "PUT /d1/29/AUTH_3db879dc43e34bcaa1aadfc758f92782/gnocchi.aa3d219d-93ad-4d02-b3fc-007ab596220a" 201 - "-" "-" "container-updater 2" 0.0010 "-" 21 0
Oct 6 22:54:23 standalone account-server[125532]: 172.20.0.100 - - [06/Oct/2025:22:54:23 +0000] "PUT /d1/29/AUTH_3db879dc43e34bcaa1aadfc758f92782/gnocchi.403f8d29-90f9-44a2-8008-3eb73d2a9a00" 201 - "-" "-" "container-updater 2" 0.0007 "-" 23 0
Oct 6 22:54:24 standalone account-server[125532]: 172.20.0.100 - - [06/Oct/2025:22:54:24 +0000] "PUT /d1/29/AUTH_3db879dc43e34bcaa1aadfc758f92782/gnocchi.3d860197-21c2-49a8-9516-6788f1d9bbc9" 201 - "-" "-" "container-updater 2" 0.0005 "-" 23 0
Oct 6 22:54:24 standalone account-server[125523]: 172.20.0.100 - - [06/Oct/2025:22:54:24 +0000] "PUT /d1/29/AUTH_3db879dc43e34bcaa1aadfc758f92782/gnocchi.3ff68989-541f-4fff-91a7-f3f2d7dd8126" 201 - "-" "-" "container-updater 2" 0.0006 "-" 22 0
Oct 6 22:54:24 standalone account-server[125518]: 172.20.0.100 - - [06/Oct/2025:22:54:24 +0000] "PUT /d1/29/AUTH_3db879dc43e34bcaa1aadfc758f92782/gnocchi.e1bb1f38-ad26-4572-b244-3bd3307ce1fb" 201 - "-" "-" "container-updater 2" 0.0006 "-" 21 0
Oct 6 22:54:24 standalone account-server[125518]: 172.20.0.100 - - [06/Oct/2025:22:54:24 +0000] "PUT /d1/29/AUTH_3db879dc43e34bcaa1aadfc758f92782/gnocchi.79583f8b-61d1-46d3-912f-8e28ae40bb4d" 201 - "-" "-" "container-updater 2" 0.0006 "-" 21 0
Oct 6 22:54:24 standalone account-server[125532]: 172.20.0.100 - - [06/Oct/2025:22:54:24 +0000] "PUT /d1/29/AUTH_3db879dc43e34bcaa1aadfc758f92782/gnocchi.12f57385-64d0-4533-b437-7f9b045ce12c" 201 - "-" "-" "container-updater 2" 0.0007 "-" 23 0
Oct 6 22:54:24 standalone account-server[125532]: 172.20.0.100 - - [06/Oct/2025:22:54:24 +0000] "PUT /d1/29/AUTH_3db879dc43e34bcaa1aadfc758f92782/gnocchi.9f770a4b-4a78-479b-93b6-c8cf6152a65b" 201 - "-" "-" "container-updater 2" 0.0005 "-" 23 0
Oct 6 22:54:24 standalone account-server[125518]: 172.20.0.100 - - [06/Oct/2025:22:54:24 +0000] "PUT /d1/29/AUTH_3db879dc43e34bcaa1aadfc758f92782/gnocchi.6184fca3-0f0a-45a1-82f4-72d57140696d" 201 - "-" "-" "container-updater 2" 0.0005 "-" 21 0
Oct 6 22:54:24 standalone account-server[125523]: 172.20.0.100 - - [06/Oct/2025:22:54:24 +0000] "PUT /d1/29/AUTH_3db879dc43e34bcaa1aadfc758f92782/gnocchi.4889a13d-6a41-4b99-a8cc-b2d4a948f8c3" 201 - "-" "-" "container-updater 2" 0.0004 "-" 22 0
Oct 6 22:54:24 standalone account-server[125518]: 172.20.0.100 - - [06/Oct/2025:22:54:24 +0000] "PUT /d1/29/AUTH_3db879dc43e34bcaa1aadfc758f92782/gnocchi.c28d320e-b9fc-4596-9d62-51e4ee6127dd" 201 - "-" "-" "container-updater 2" 0.0003 "-" 21 0
Oct 6 22:54:24 standalone account-server[125523]: 172.20.0.100 - - [06/Oct/2025:22:54:24 +0000] "PUT /d1/29/AUTH_3db879dc43e34bcaa1aadfc758f92782/gnocchi.da4dad3e-b757-4a8b-b24c-6420ea8fb911" 201 - "-" "-" "container-updater 2" 0.0006 "-" 22 0
Oct 6 22:54:24 standalone account-server[125532]: 172.20.0.100 - - [06/Oct/2025:22:54:24 +0000] "PUT /d1/29/AUTH_3db879dc43e34bcaa1aadfc758f92782/gnocchi.85fb4e1c-6cd4-47c4-9792-905de6390bbe" 201 - "-" "-" "container-updater 2" 0.0006 "-" 23 0
Oct 6 22:54:24 standalone account-server[125523]: 172.20.0.100 - - [06/Oct/2025:22:54:24 +0000] "PUT /d1/29/AUTH_3db879dc43e34bcaa1aadfc758f92782/gnocchi.97a9fb73-938f-40a2-b19b-52cbea748351" 201 - "-" "-" "container-updater 2" 0.0006 "-" 22 0
Oct 6 22:54:24 standalone account-server[125516]: 172.20.0.100 - - [06/Oct/2025:22:54:24 +0000] "PUT /d1/29/AUTH_3db879dc43e34bcaa1aadfc758f92782/gnocchi.6964364d-931a-4a48-9d68-d8fcdf51a9b0" 201 - "-" "-" "container-updater 2" 0.0006 "-" 20 0
Oct 6 22:54:24 standalone account-server[125516]: 172.20.0.100 - - [06/Oct/2025:22:54:24 +0000] "PUT /d1/29/AUTH_3db879dc43e34bcaa1aadfc758f92782/gnocchi.36483d61-f05d-4bb9-b703-ebb41ae8e7e3" 201 - "-" "-" "container-updater 2" 0.0006 "-" 20 0
Oct 6 22:54:25 standalone account-server[125518]: 172.20.0.100 - - [06/Oct/2025:22:54:25 +0000] "PUT /d1/29/AUTH_3db879dc43e34bcaa1aadfc758f92782/gnocchi.95f99594-81e3-42a3-8384-60858df7f825" 201 - "-" "-" "container-updater 2" 0.0006 "-" 21 0
Oct 6 22:54:25 standalone account-server[125532]: 172.20.0.100 - - [06/Oct/2025:22:54:25 +0000] "PUT /d1/29/AUTH_3db879dc43e34bcaa1aadfc758f92782/gnocchi.ada6416a-3b85-4d26-a432-bf4d310a51e8" 201 - "-" "-" "container-updater 2" 0.0005 "-" 23 0
Oct 6 22:54:25 standalone account-server[125523]: 172.20.0.100 - - [06/Oct/2025:22:54:25 +0000] "PUT /d1/29/AUTH_3db879dc43e34bcaa1aadfc758f92782/gnocchi.f4b91f44-b451-4aa8-8cf9-ba529c08d5eb" 201 - "-" "-" "container-updater 2" 0.0005 "-" 22 0
Oct 6 22:54:25 standalone account-server[125516]: 172.20.0.100 - - [06/Oct/2025:22:54:25 +0000] "PUT /d1/29/AUTH_3db879dc43e34bcaa1aadfc758f92782/gnocchi.49738a77-8f6c-4c5a-abe4-c3b87c39e0dd" 201 - "-" "-" "container-updater 2" 0.0006 "-" 20 0
Oct 6 22:54:25 standalone account-server[125523]: 172.20.0.100 - - [06/Oct/2025:22:54:25 +0000] "PUT /d1/29/AUTH_3db879dc43e34bcaa1aadfc758f92782/gnocchi.c46ea663-52b2-46e8-ba13-f84ff088e09f" 201 - "-" "-" "container-updater 2" 0.0006 "-" 22 0
Oct 6 22:54:25 standalone account-server[125516]: 172.20.0.100 - - [06/Oct/2025:22:54:25 +0000] "PUT /d1/29/AUTH_3db879dc43e34bcaa1aadfc758f92782/gnocchi.6f5108ad-e860-4734-aa83-69270c7e544c" 201 - "-" "-" "container-updater 2" 0.0007 "-" 20 0
Oct 6 22:54:25 standalone account-server[125518]: 172.20.0.100 - - [06/Oct/2025:22:54:25 +0000] "PUT /d1/29/AUTH_3db879dc43e34bcaa1aadfc758f92782/glance" 201 - "-" "-" "container-updater 2" 0.0006 "-" 21 0
Oct 6 22:54:25 standalone container-server[125548]: Container update sweep completed: 1.85s
Oct 6 22:55:26 standalone account-server[125518]: 172.20.0.100 - - [06/Oct/2025:22:55:26 +0000] "HEAD /d1/979/.expiring_objects" 404 - "HEAD http://localhost/v1/.expiring_objects?format=json" "tx8b4b531b564f421cb4158-0068e448de" "proxy-server 2" 0.0007 "-" 21 -
Oct 6 22:55:26 standalone object-expirer[125620]: Pass completed in 0s; 0 objects expired (txn: tx8b4b531b564f421cb4158-0068e448de)
Oct 6 22:55:32 standalone object-server[125774]: Begin object update sweep
Oct 6 22:55:32 standalone object-server[240758]: Object update sweep starting on /srv/node/d1 (pid: 15)
Oct 6 22:55:32 standalone object-server[240758]: Object update sweep completed on /srv/node/d1 in 0.00s seconds:, 0 successes, 0 failures, 0 quarantines, 0 unlinks, 0 errors, 0 redirects (pid: 15)
Oct 6 22:55:32 standalone object-server[240758]: Object update sweep of d1 completed: 0.00s, 0 successes, 0 failures, 0 quarantines, 0 unlinks, 0 errors, 0 redirects
Oct 6 22:55:32 standalone object-server[125774]: Object update sweep completed: 0.10s
Oct 6 22:58:34 standalone account-server[125523]: 172.20.0.100 - - [06/Oct/2025:22:58:34 +0000] "HEAD /d1/979/.expiring_objects" 404 - "HEAD http://localhost/v1/.expiring_objects?format=json" "tx60c6fa9ac9cc40fc8027c-0068e4499a" "proxy-server 2" 0.0008 "-" 22 -
Oct 6 22:58:34 standalone object-expirer[125620]: Pass completed in 0s; 0 objects expired (txn: tx60c6fa9ac9cc40fc8027c-0068e4499a)
Oct 6 22:59:17 standalone account-server[125523]: 172.20.0.100 - - [06/Oct/2025:22:59:17 +0000] "HEAD /d1/979/.expiring_objects" 404 - "HEAD http://localhost/v1/.expiring_objects?format=json" "tx53c90740ba4d40fb8c497-0068e449c5" "proxy-server 2" 0.0007 "-" 22 -
Oct 6 22:59:17 standalone object-expirer[125620]: Pass completed in 0s; 0 objects expired (txn: tx53c90740ba4d40fb8c497-0068e449c5)
Oct 6 22:59:23 standalone container-server[125548]: Begin container update sweep
Oct 6 22:59:25 standalone container-server[125548]: Container update sweep completed: 1.58s
Oct 6 22:59:51 standalone account-server[125532]: 172.20.0.100 - - [06/Oct/2025:22:59:51 +0000] "HEAD /d1/979/.expiring_objects" 404 - "HEAD http://localhost/v1/.expiring_objects?format=json" "txeaf8e155d3484ea8929b2-0068e449e7" "proxy-server 2" 0.0008 "-" 23 -
Oct 6 22:59:51 standalone object-expirer[125620]: Pass completed in 0s; 0 objects expired (txn: txeaf8e155d3484ea8929b2-0068e449e7)
Oct 6 23:00:32 standalone object-server[125774]: Begin object update sweep
Oct 6 23:00:32 standalone object-server[268326]: Object update sweep starting on /srv/node/d1 (pid: 16)
Oct 6 23:00:32 standalone object-server[268326]: Object update sweep completed on /srv/node/d1 in 0.00s seconds:, 0 successes, 0 failures, 0 quarantines, 0 unlinks, 0 errors, 0 redirects (pid: 16)
Oct 6 23:00:32 standalone object-server[268326]: Object update sweep of d1 completed: 0.00s, 0 successes, 0 failures, 0 quarantines, 0 unlinks, 0 errors, 0 redirects
Oct 6 23:00:32 standalone object-server[125774]: Object update sweep completed: 0.08s
Oct 6 23:02:16 standalone account-server[125523]: 172.20.0.100 - - [06/Oct/2025:23:02:16 +0000] "HEAD /d1/979/.expiring_objects" 404 - "HEAD http://localhost/v1/.expiring_objects?format=json" "tx940667c180394d52acf8a-0068e44a78" "proxy-server 2" 0.0008 "-" 22 -
Oct 6 23:02:16 standalone object-expirer[125620]: Pass completed in 0s; 0 objects expired (txn: tx940667c180394d52acf8a-0068e44a78)
Oct 6 23:04:23 standalone container-server[125548]: Begin container update sweep
Oct 6 23:04:25 standalone container-server[125548]: Container update sweep completed: 1.47s