Oct 6 22:54:00 standalone container-server[125730]: 172.20.0.100 - - [06/Oct/2025:22:54:00 +0000] "GET /d1/519/AUTH_3db879dc43e34bcaa1aadfc758f92782/gnocchi.6f5108ad-e860-4734-aa83-69270c7e544c" 200 2 "GET http://localhost:8080/v1/AUTH_3db879dc43e34bcaa1aadfc758f92782/gnocchi.6f5108ad-e860-4734-aa83-69270c7e544c?format=json&states=listing" "txed081c0116bb440c8974c-0068e44888" "proxy-server 21" 0.0014 "-" 17 0
Oct 6 22:54:00 standalone proxy-server[127590]: 172.18.0.2 ::1 06/Oct/2025/22/54/00 GET /v1/AUTH_3db879dc43e34bcaa1aadfc758f92782/gnocchi.6f5108ad-e860-4734-aa83-69270c7e544c%3Fformat%3Djson%26states%3Dlisting HTTP/1.0 200 - python-swiftclient-3.11.1 gAAAAABo5EfCvXdz... - 2 - txed081c0116bb440c8974c-0068e44888 - 0.0086 - - 1759791240.630789280 1759791240.639374495 0
Oct 6 22:54:00 standalone object-server[125788]: 172.20.0.100 - - [06/Oct/2025:22:54:00 +0000] "GET /d1/423/AUTH_3db879dc43e34bcaa1aadfc758f92782/gnocchi.6f5108ad-e860-4734-aa83-69270c7e544c/1759320000.0_mean_300.0_v3" 404 70 "GET http://localhost:8080/v1/AUTH_3db879dc43e34bcaa1aadfc758f92782/gnocchi.6f5108ad-e860-4734-aa83-69270c7e544c/1759320000.0_mean_300.0_v3" "tx2f07f854d40d4ff8b2c32-0068e44888" "proxy-server 21" 0.0004 "-" 24 0
Oct 6 22:54:00 standalone proxy-server[127590]: 172.18.0.2 ::1 06/Oct/2025/22/54/00 GET /v1/AUTH_3db879dc43e34bcaa1aadfc758f92782/gnocchi.6f5108ad-e860-4734-aa83-69270c7e544c/1759320000.0_mean_300.0_v3 HTTP/1.0 404 - python-swiftclient-3.11.1 gAAAAABo5EfCvXdz... - 70 - tx2f07f854d40d4ff8b2c32-0068e44888 - 0.0046 - - 1759791240.641586781 1759791240.646137714 0
Oct 6 22:54:00 standalone container-server[125705]: 172.20.0.100 - - [06/Oct/2025:22:54:00 +0000] "PUT /d1/519/AUTH_3db879dc43e34bcaa1aadfc758f92782/gnocchi.6f5108ad-e860-4734-aa83-69270c7e544c/1759320000.0_mean_300.0_v3" 201 - "PUT http://localhost:8080/d1/423/AUTH_3db879dc43e34bcaa1aadfc758f92782/gnocchi.6f5108ad-e860-4734-aa83-69270c7e544c/1759320000.0_mean_300.0_v3" "tx41351d332373423e9aaa2-0068e44888" "object-server 22" 0.0004 "-" 14 0
Oct 6 22:54:00 standalone object-server[125772]: 172.20.0.100 - - [06/Oct/2025:22:54:00 +0000] "PUT /d1/423/AUTH_3db879dc43e34bcaa1aadfc758f92782/gnocchi.6f5108ad-e860-4734-aa83-69270c7e544c/1759320000.0_mean_300.0_v3" 201 - "PUT http://localhost:8080/v1/AUTH_3db879dc43e34bcaa1aadfc758f92782/gnocchi.6f5108ad-e860-4734-aa83-69270c7e544c/1759320000.0_mean_300.0_v3" "tx41351d332373423e9aaa2-0068e44888" "proxy-server 21" 0.0086 "-" 22 0
Oct 6 22:54:00 standalone proxy-server[127590]: 172.18.0.2 ::1 06/Oct/2025/22/54/00 PUT /v1/AUTH_3db879dc43e34bcaa1aadfc758f92782/gnocchi.6f5108ad-e860-4734-aa83-69270c7e544c/1759320000.0_mean_300.0_v3 HTTP/1.0 201 - python-swiftclient-3.11.1 gAAAAABo5EfCvXdz... 16 - - tx41351d332373423e9aaa2-0068e44888 - 0.0131 - - 1759791240.648070812 1759791240.661220312 0
Oct 6 22:54:00 standalone container-server[125705]: 172.20.0.100 - - [06/Oct/2025:22:54:00 +0000] "PUT /d1/519/AUTH_3db879dc43e34bcaa1aadfc758f92782/gnocchi.6f5108ad-e860-4734-aa83-69270c7e544c/none_v3" 201 - "PUT http://localhost:8080/d1/736/AUTH_3db879dc43e34bcaa1aadfc758f92782/gnocchi.6f5108ad-e860-4734-aa83-69270c7e544c/none_v3" "tx9b290dc064e54dffa510f-0068e44888" "object-server 23" 0.0003 "-" 14 0
Oct 6 22:54:00 standalone object-server[125784]: 172.20.0.100 - - [06/Oct/2025:22:54:00 +0000] "PUT /d1/736/AUTH_3db879dc43e34bcaa1aadfc758f92782/gnocchi.6f5108ad-e860-4734-aa83-69270c7e544c/none_v3" 201 - "PUT http://localhost:8080/v1/AUTH_3db879dc43e34bcaa1aadfc758f92782/gnocchi.6f5108ad-e860-4734-aa83-69270c7e544c/none_v3" "tx9b290dc064e54dffa510f-0068e44888" "proxy-server 21" 0.0087 "-" 23 0
Oct 6 22:54:00 standalone proxy-server[127590]: 172.18.0.2 ::1 06/Oct/2025/22/54/00 PUT /v1/AUTH_3db879dc43e34bcaa1aadfc758f92782/gnocchi.6f5108ad-e860-4734-aa83-69270c7e544c/none_v3 HTTP/1.0 201 - python-swiftclient-3.11.1 gAAAAABo5EfCvXdz... 22 - - tx9b290dc064e54dffa510f-0068e44888 - 0.0129 - - 1759791240.663000345 1759791240.675949812 0
Oct 6 22:54:00 standalone container-server[125730]: 172.20.0.100 - - [06/Oct/2025:22:54:00 +0000] "HEAD /d1/351/AUTH_3db879dc43e34bcaa1aadfc758f92782/gnocchi.e1bb1f38-ad26-4572-b244-3bd3307ce1fb" 404 - "HEAD http://localhost:8080/v1/AUTH_3db879dc43e34bcaa1aadfc758f92782/gnocchi.e1bb1f38-ad26-4572-b244-3bd3307ce1fb?format=json&states=listing" "txf67c4e3a4d5b40fe84fc6-0068e44888" "proxy-server 21" 0.0002 "-" 17 0
Oct 6 22:54:00 standalone object-server[125772]: 172.20.0.100 - - [06/Oct/2025:22:54:00 +0000] "GET /d1/456/AUTH_3db879dc43e34bcaa1aadfc758f92782/gnocchi.e1bb1f38-ad26-4572-b244-3bd3307ce1fb/none_v3" 404 70 "GET http://localhost:8080/v1/AUTH_3db879dc43e34bcaa1aadfc758f92782/gnocchi.e1bb1f38-ad26-4572-b244-3bd3307ce1fb/none_v3" "txf67c4e3a4d5b40fe84fc6-0068e44888" "proxy-server 21" 0.0003 "-" 22 0
Oct 6 22:54:00 standalone proxy-server[127590]: 172.18.0.2 ::1 06/Oct/2025/22/54/00 GET /v1/AUTH_3db879dc43e34bcaa1aadfc758f92782/gnocchi.e1bb1f38-ad26-4572-b244-3bd3307ce1fb/none_v3 HTTP/1.0 404 - python-swiftclient-3.11.1 gAAAAABo5EfCvXdz... - 70 - txf67c4e3a4d5b40fe84fc6-0068e44888 - 0.0065 - - 1759791240.682966709 1759791240.689466953 0
Oct 6 22:54:00 standalone account-server[125523]: 172.20.0.100 - - [06/Oct/2025:22:54:00 +0000] "PUT /d1/29/AUTH_3db879dc43e34bcaa1aadfc758f92782/gnocchi.e1bb1f38-ad26-4572-b244-3bd3307ce1fb" 201 - "PUT http://172.20.0.100:6001/d1/351/AUTH_3db879dc43e34bcaa1aadfc758f92782/gnocchi.e1bb1f38-ad26-4572-b244-3bd3307ce1fb" "txfef00ae9a93a4bab89249-0068e44888" "container-server 14" 0.0063 "-" 22 0
Oct 6 22:54:00 standalone container-server[125705]: 172.20.0.100 - - [06/Oct/2025:22:54:00 +0000] "PUT /d1/351/AUTH_3db879dc43e34bcaa1aadfc758f92782/gnocchi.e1bb1f38-ad26-4572-b244-3bd3307ce1fb" 201 - "PUT http://localhost:8080/v1/AUTH_3db879dc43e34bcaa1aadfc758f92782/gnocchi.e1bb1f38-ad26-4572-b244-3bd3307ce1fb" "txfef00ae9a93a4bab89249-0068e44888" "proxy-server 21" 0.0139 "-" 14 0
Oct 6 22:54:00 standalone proxy-server[127590]: 172.18.0.2 ::1 06/Oct/2025/22/54/00 PUT /v1/AUTH_3db879dc43e34bcaa1aadfc758f92782/gnocchi.e1bb1f38-ad26-4572-b244-3bd3307ce1fb HTTP/1.0 201 - python-swiftclient-3.11.1 gAAAAABo5EfCvXdz... - - - txfef00ae9a93a4bab89249-0068e44888 - 0.0167 - - 1759791240.691203833 1759791240.707907438 0
Oct 6 22:54:00 standalone container-server[125725]: 172.20.0.100 - - [06/Oct/2025:22:54:00 +0000] "HEAD /d1/351/AUTH_3db879dc43e34bcaa1aadfc758f92782/gnocchi.e1bb1f38-ad26-4572-b244-3bd3307ce1fb" 204 - "HEAD http://localhost:8080/v1/AUTH_3db879dc43e34bcaa1aadfc758f92782/gnocchi.e1bb1f38-ad26-4572-b244-3bd3307ce1fb?format=json&states=listing" "tx5603249d7c134783bb24b-0068e44888" "proxy-server 21" 0.0019 "-" 16 0
Oct 6 22:54:00 standalone proxy-server[127590]: - - 06/Oct/2025/22/54/00 HEAD /v1/AUTH_3db879dc43e34bcaa1aadfc758f92782/gnocchi.e1bb1f38-ad26-4572-b244-3bd3307ce1fb%3Fformat%3Djson%26states%3Dlisting HTTP/1.0 204 - Swift - - - - tx5603249d7c134783bb24b-0068e44888 - 0.0048 RL - 1759791240.710762739 1759791240.715556622 0
Oct 6 22:54:00 standalone container-server[125710]: 172.20.0.100 - - [06/Oct/2025:22:54:00 +0000] "GET /d1/351/AUTH_3db879dc43e34bcaa1aadfc758f92782/gnocchi.e1bb1f38-ad26-4572-b244-3bd3307ce1fb" 200 2 "GET http://localhost:8080/v1/AUTH_3db879dc43e34bcaa1aadfc758f92782/gnocchi.e1bb1f38-ad26-4572-b244-3bd3307ce1fb?format=json&states=listing" "tx5603249d7c134783bb24b-0068e44888" "proxy-server 21" 0.0031 "-" 15 0
Oct 6 22:54:00 standalone proxy-server[127590]: 172.18.0.2 ::1 06/Oct/2025/22/54/00 GET /v1/AUTH_3db879dc43e34bcaa1aadfc758f92782/gnocchi.e1bb1f38-ad26-4572-b244-3bd3307ce1fb%3Fformat%3Djson%26states%3Dlisting HTTP/1.0 200 - python-swiftclient-3.11.1 gAAAAABo5EfCvXdz... - 2 - tx5603249d7c134783bb24b-0068e44888 - 0.0131 - - 1759791240.710113287 1759791240.723246336 0
Oct 6 22:54:00 standalone object-server[125788]: 172.20.0.100 - - [06/Oct/2025:22:54:00 +0000] "GET /d1/12/AUTH_3db879dc43e34bcaa1aadfc758f92782/gnocchi.e1bb1f38-ad26-4572-b244-3bd3307ce1fb/1759320000.0_mean_300.0_v3" 404 70 "GET http://localhost:8080/v1/AUTH_3db879dc43e34bcaa1aadfc758f92782/gnocchi.e1bb1f38-ad26-4572-b244-3bd3307ce1fb/1759320000.0_mean_300.0_v3" "tx8d274dc3485f410fb9a8d-0068e44888" "proxy-server 21" 0.0004 "-" 24 0
Oct 6 22:54:00 standalone proxy-server[127590]: 172.18.0.2 ::1 06/Oct/2025/22/54/00 GET /v1/AUTH_3db879dc43e34bcaa1aadfc758f92782/gnocchi.e1bb1f38-ad26-4572-b244-3bd3307ce1fb/1759320000.0_mean_300.0_v3 HTTP/1.0 404 - python-swiftclient-3.11.1 gAAAAABo5EfCvXdz... - 70 - tx8d274dc3485f410fb9a8d-0068e44888 - 0.0044 - - 1759791240.725480795 1759791240.729888201 0
Oct 6 22:54:00 standalone container-server[125725]: 172.20.0.100 - - [06/Oct/2025:22:54:00 +0000] "PUT /d1/351/AUTH_3db879dc43e34bcaa1aadfc758f92782/gnocchi.e1bb1f38-ad26-4572-b244-3bd3307ce1fb/1759320000.0_mean_300.0_v3" 201 - "PUT http://localhost:8080/d1/12/AUTH_3db879dc43e34bcaa1aadfc758f92782/gnocchi.e1bb1f38-ad26-4572-b244-3bd3307ce1fb/1759320000.0_mean_300.0_v3" "tx7d50b6ef98304f6aa0cb0-0068e44888" "object-server 25" 0.0007 "-" 16 0
Oct 6 22:54:00 standalone object-server[125791]: 172.20.0.100 - - [06/Oct/2025:22:54:00 +0000] "PUT /d1/12/AUTH_3db879dc43e34bcaa1aadfc758f92782/gnocchi.e1bb1f38-ad26-4572-b244-3bd3307ce1fb/1759320000.0_mean_300.0_v3" 201 - "PUT http://localhost:8080/v1/AUTH_3db879dc43e34bcaa1aadfc758f92782/gnocchi.e1bb1f38-ad26-4572-b244-3bd3307ce1fb/1759320000.0_mean_300.0_v3" "tx7d50b6ef98304f6aa0cb0-0068e44888" "proxy-server 21" 0.0083 "-" 25 0
Oct 6 22:54:00 standalone proxy-server[127590]: 172.18.0.2 ::1 06/Oct/2025/22/54/00 PUT /v1/AUTH_3db879dc43e34bcaa1aadfc758f92782/gnocchi.e1bb1f38-ad26-4572-b244-3bd3307ce1fb/1759320000.0_mean_300.0_v3 HTTP/1.0 201 - python-swiftclient-3.11.1 gAAAAABo5EfCvXdz... 16 - - tx7d50b6ef98304f6aa0cb0-0068e44888 - 0.0117 - - 1759791240.731836319 1759791240.743560791 0
Oct 6 22:54:00 standalone container-server[125705]: 172.20.0.100 - - [06/Oct/2025:22:54:00 +0000] "PUT /d1/351/AUTH_3db879dc43e34bcaa1aadfc758f92782/gnocchi.e1bb1f38-ad26-4572-b244-3bd3307ce1fb/none_v3" 201 - "PUT http://localhost:8080/d1/456/AUTH_3db879dc43e34bcaa1aadfc758f92782/gnocchi.e1bb1f38-ad26-4572-b244-3bd3307ce1fb/none_v3" "tx9fbc587cbc144d2585495-0068e44888" "object-server 24" 0.0003 "-" 14 0
Oct 6 22:54:00 standalone object-server[125788]: 172.20.0.100 - - [06/Oct/2025:22:54:00 +0000] "PUT /d1/456/AUTH_3db879dc43e34bcaa1aadfc758f92782/gnocchi.e1bb1f38-ad26-4572-b244-3bd3307ce1fb/none_v3" 201 - "PUT http://localhost:8080/v1/AUTH_3db879dc43e34bcaa1aadfc758f92782/gnocchi.e1bb1f38-ad26-4572-b244-3bd3307ce1fb/none_v3" "tx9fbc587cbc144d2585495-0068e44888" "proxy-server 21" 0.0085 "-" 24 0
Oct 6 22:54:00 standalone proxy-server[127590]: 172.18.0.2 ::1 06/Oct/2025/22/54/00 PUT /v1/AUTH_3db879dc43e34bcaa1aadfc758f92782/gnocchi.e1bb1f38-ad26-4572-b244-3bd3307ce1fb/none_v3 HTTP/1.0 201 - python-swiftclient-3.11.1 gAAAAABo5EfCvXdz... 22 - - tx9fbc587cbc144d2585495-0068e44888 - 0.0125 - - 1759791240.745412827 1759791240.757894039 0
Oct 6 22:54:00 standalone container-server[125705]: 172.20.0.100 - - [06/Oct/2025:22:54:00 +0000] "HEAD /d1/85/AUTH_3db879dc43e34bcaa1aadfc758f92782/gnocchi.95f99594-81e3-42a3-8384-60858df7f825" 404 - "HEAD http://localhost:8080/v1/AUTH_3db879dc43e34bcaa1aadfc758f92782/gnocchi.95f99594-81e3-42a3-8384-60858df7f825?format=json&states=listing" "txfebbfcc7d228431fb0db2-0068e44888" "proxy-server 21" 0.0002 "-" 14 0
Oct 6 22:54:00 standalone object-server[125788]: 172.20.0.100 - - [06/Oct/2025:22:54:00 +0000] "GET /d1/878/AUTH_3db879dc43e34bcaa1aadfc758f92782/gnocchi.95f99594-81e3-42a3-8384-60858df7f825/none_v3" 404 70 "GET http://localhost:8080/v1/AUTH_3db879dc43e34bcaa1aadfc758f92782/gnocchi.95f99594-81e3-42a3-8384-60858df7f825/none_v3" "txfebbfcc7d228431fb0db2-0068e44888" "proxy-server 21" 0.0003 "-" 24 0
Oct 6 22:54:00 standalone proxy-server[127590]: 172.18.0.2 ::1 06/Oct/2025/22/54/00 GET /v1/AUTH_3db879dc43e34bcaa1aadfc758f92782/gnocchi.95f99594-81e3-42a3-8384-60858df7f825/none_v3 HTTP/1.0 404 - python-swiftclient-3.11.1 gAAAAABo5EfCvXdz... - 70 - txfebbfcc7d228431fb0db2-0068e44888 - 0.0063 - - 1759791240.765044212 1759791240.771307945 0
Oct 6 22:54:00 standalone account-server[125516]: 172.20.0.100 - - [06/Oct/2025:22:54:00 +0000] "PUT /d1/29/AUTH_3db879dc43e34bcaa1aadfc758f92782/gnocchi.95f99594-81e3-42a3-8384-60858df7f825" 201 - "PUT http://172.20.0.100:6001/d1/85/AUTH_3db879dc43e34bcaa1aadfc758f92782/gnocchi.95f99594-81e3-42a3-8384-60858df7f825" "txac69eee6a5f94993af7e9-0068e44888" "container-server 15" 0.0063 "-" 20 0
Oct 6 22:54:00 standalone container-server[125710]: 172.20.0.100 - - [06/Oct/2025:22:54:00 +0000] "PUT /d1/85/AUTH_3db879dc43e34bcaa1aadfc758f92782/gnocchi.95f99594-81e3-42a3-8384-60858df7f825" 201 - "PUT http://localhost:8080/v1/AUTH_3db879dc43e34bcaa1aadfc758f92782/gnocchi.95f99594-81e3-42a3-8384-60858df7f825" "txac69eee6a5f94993af7e9-0068e44888" "proxy-server 21" 0.0211 "-" 15 0
Oct 6 22:54:00 standalone proxy-server[127590]: 172.18.0.2 ::1 06/Oct/2025/22/54/00 PUT /v1/AUTH_3db879dc43e34bcaa1aadfc758f92782/gnocchi.95f99594-81e3-42a3-8384-60858df7f825 HTTP/1.0 201 - python-swiftclient-3.11.1 gAAAAABo5EfCvXdz... - - - txac69eee6a5f94993af7e9-0068e44888 - 0.0246 - - 1759791240.773140669 1759791240.797778606 0
Oct 6 22:54:00 standalone container-server[125730]: 172.20.0.100 - - [06/Oct/2025:22:54:00 +0000] "HEAD /d1/85/AUTH_3db879dc43e34bcaa1aadfc758f92782/gnocchi.95f99594-81e3-42a3-8384-60858df7f825" 204 - "HEAD http://localhost:8080/v1/AUTH_3db879dc43e34bcaa1aadfc758f92782/gnocchi.95f99594-81e3-42a3-8384-60858df7f825?format=json&states=listing" "tx17ff86e87c484c61b0e01-0068e44888" "proxy-server 21" 0.0010 "-" 17 0
Oct 6 22:54:00 standalone proxy-server[127590]: - - 06/Oct/2025/22/54/00 HEAD /v1/AUTH_3db879dc43e34bcaa1aadfc758f92782/gnocchi.95f99594-81e3-42a3-8384-60858df7f825%3Fformat%3Djson%26states%3Dlisting HTTP/1.0 204 - Swift - - - - tx17ff86e87c484c61b0e01-0068e44888 - 0.0032 RL - 1759791240.800551891 1759791240.803789616 0
Oct 6 22:54:00 standalone container-server[125705]: 172.20.0.100 - - [06/Oct/2025:22:54:00 +0000] "GET /d1/85/AUTH_3db879dc43e34bcaa1aadfc758f92782/gnocchi.95f99594-81e3-42a3-8384-60858df7f825" 200 2 "GET http://localhost:8080/v1/AUTH_3db879dc43e34bcaa1aadfc758f92782/gnocchi.95f99594-81e3-42a3-8384-60858df7f825?format=json&states=listing" "tx17ff86e87c484c61b0e01-0068e44888" "proxy-server 21" 0.0015 "-" 14 0
Oct 6 22:54:00 standalone proxy-server[127590]: 172.18.0.2 ::1 06/Oct/2025/22/54/00 GET /v1/AUTH_3db879dc43e34bcaa1aadfc758f92782/gnocchi.95f99594-81e3-42a3-8384-60858df7f825%3Fformat%3Djson%26states%3Dlisting HTTP/1.0 200 - python-swiftclient-3.11.1 gAAAAABo5EfCvXdz... - 2 - tx17ff86e87c484c61b0e01-0068e44888 - 0.0089 - - 1759791240.799925089 1759791240.808809996 0
Oct 6 22:54:00 standalone object-server[125784]: 172.20.0.100 - - [06/Oct/2025:22:54:00 +0000] "GET /d1/566/AUTH_3db879dc43e34bcaa1aadfc758f92782/gnocchi.95f99594-81e3-42a3-8384-60858df7f825/1759320000.0_mean_300.0_v3" 404 70 "GET http://localhost:8080/v1/AUTH_3db879dc43e34bcaa1aadfc758f92782/gnocchi.95f99594-81e3-42a3-8384-60858df7f825/1759320000.0_mean_300.0_v3" "tx5c38fcb174bb44d6824b0-0068e44888" "proxy-server 21" 0.0004 "-" 23 0
Oct 6 22:54:00 standalone proxy-server[127590]: 172.18.0.2 ::1 06/Oct/2025/22/54/00 GET /v1/AUTH_3db879dc43e34bcaa1aadfc758f92782/gnocchi.95f99594-81e3-42a3-8384-60858df7f825/1759320000.0_mean_300.0_v3 HTTP/1.0 404 - python-swiftclient-3.11.1 gAAAAABo5EfCvXdz... - 70 - tx5c38fcb174bb44d6824b0-0068e44888 - 0.0048 - - 1759791240.811023474 1759791240.815834045 0
Oct 6 22:54:00 standalone container-server[125725]: 172.20.0.100 - - [06/Oct/2025:22:54:00 +0000] "PUT /d1/85/AUTH_3db879dc43e34bcaa1aadfc758f92782/gnocchi.95f99594-81e3-42a3-8384-60858df7f825/1759320000.0_mean_300.0_v3" 201 - "PUT http://localhost:8080/d1/566/AUTH_3db879dc43e34bcaa1aadfc758f92782/gnocchi.95f99594-81e3-42a3-8384-60858df7f825/1759320000.0_mean_300.0_v3" "txf7ef8bd505bd4205affda-0068e44888" "object-server 24" 0.0008 "-" 16 0
Oct 6 22:54:00 standalone object-server[125788]: 172.20.0.100 - - [06/Oct/2025:22:54:00 +0000] "PUT /d1/566/AUTH_3db879dc43e34bcaa1aadfc758f92782/gnocchi.95f99594-81e3-42a3-8384-60858df7f825/1759320000.0_mean_300.0_v3" 201 - "PUT http://localhost:8080/v1/AUTH_3db879dc43e34bcaa1aadfc758f92782/gnocchi.95f99594-81e3-42a3-8384-60858df7f825/1759320000.0_mean_300.0_v3" "txf7ef8bd505bd4205affda-0068e44888" "proxy-server 21" 0.0106 "-" 24 0
Oct 6 22:54:00 standalone proxy-server[127590]: 172.18.0.2 ::1 06/Oct/2025/22/54/00 PUT /v1/AUTH_3db879dc43e34bcaa1aadfc758f92782/gnocchi.95f99594-81e3-42a3-8384-60858df7f825/1759320000.0_mean_300.0_v3 HTTP/1.0 201 - python-swiftclient-3.11.1 gAAAAABo5EfCvXdz... 16 - - txf7ef8bd505bd4205affda-0068e44888 - 0.0147 - - 1759791240.817754269 1759791240.832454443 0
Oct 6 22:54:00 standalone container-server[125705]: 172.20.0.100 - - [06/Oct/2025:22:54:00 +0000] "PUT /d1/85/AUTH_3db879dc43e34bcaa1aadfc758f92782/gnocchi.95f99594-81e3-42a3-8384-60858df7f825/none_v3" 201 - "PUT http://localhost:8080/d1/878/AUTH_3db879dc43e34bcaa1aadfc758f92782/gnocchi.95f99594-81e3-42a3-8384-60858df7f825/none_v3" "tx1782926872564e6197e29-0068e44888" "object-server 22" 0.0003 "-" 14 0
Oct 6 22:54:00 standalone object-server[125772]: 172.20.0.100 - - [06/Oct/2025:22:54:00 +0000] "PUT /d1/878/AUTH_3db879dc43e34bcaa1aadfc758f92782/gnocchi.95f99594-81e3-42a3-8384-60858df7f825/none_v3" 201 - "PUT http://localhost:8080/v1/AUTH_3db879dc43e34bcaa1aadfc758f92782/gnocchi.95f99594-81e3-42a3-8384-60858df7f825/none_v3" "tx1782926872564e6197e29-0068e44888" "proxy-server 21" 0.0102 "-" 22 0
Oct 6 22:54:00 standalone proxy-server[127590]: 172.18.0.2 ::1 06/Oct/2025/22/54/00 PUT /v1/AUTH_3db879dc43e34bcaa1aadfc758f92782/gnocchi.95f99594-81e3-42a3-8384-60858df7f825/none_v3 HTTP/1.0 201 - python-swiftclient-3.11.1 gAAAAABo5EfCvXdz... 22 - - tx1782926872564e6197e29-0068e44888 - 0.0150 - - 1759791240.834351540 1759791240.849307537 0
Oct 6 22:54:00 standalone container-server[125730]: 172.20.0.100 - - [06/Oct/2025:22:54:00 +0000] "HEAD /d1/583/AUTH_3db879dc43e34bcaa1aadfc758f92782/gnocchi.3ff68989-541f-4fff-91a7-f3f2d7dd8126" 404 - "HEAD http://localhost:8080/v1/AUTH_3db879dc43e34bcaa1aadfc758f92782/gnocchi.3ff68989-541f-4fff-91a7-f3f2d7dd8126?format=json&states=listing" "txa473becfe4ce49ed967ed-0068e44888" "proxy-server 21" 0.0002 "-" 17 0
Oct 6 22:54:00 standalone object-server[125772]: 172.20.0.100 - - [06/Oct/2025:22:54:00 +0000] "GET /d1/64/AUTH_3db879dc43e34bcaa1aadfc758f92782/gnocchi.3ff68989-541f-4fff-91a7-f3f2d7dd8126/none_v3" 404 70 "GET http://localhost:8080/v1/AUTH_3db879dc43e34bcaa1aadfc758f92782/gnocchi.3ff68989-541f-4fff-91a7-f3f2d7dd8126/none_v3" "txa473becfe4ce49ed967ed-0068e44888" "proxy-server 21" 0.0004 "-" 22 0
Oct 6 22:54:00 standalone proxy-server[127590]: 172.18.0.2 ::1 06/Oct/2025/22/54/00 GET /v1/AUTH_3db879dc43e34bcaa1aadfc758f92782/gnocchi.3ff68989-541f-4fff-91a7-f3f2d7dd8126/none_v3 HTTP/1.0 404 - python-swiftclient-3.11.1 gAAAAABo5EfCvXdz... - 70 - txa473becfe4ce49ed967ed-0068e44888 - 0.0064 - - 1759791240.857212305 1759791240.863630295 0
Oct 6 22:54:00 standalone account-server[125518]: 172.20.0.100 - - [06/Oct/2025:22:54:00 +0000] "PUT /d1/29/AUTH_3db879dc43e34bcaa1aadfc758f92782/gnocchi.3ff68989-541f-4fff-91a7-f3f2d7dd8126" 201 - "PUT http://172.20.0.100:6001/d1/583/AUTH_3db879dc43e34bcaa1aadfc758f92782/gnocchi.3ff68989-541f-4fff-91a7-f3f2d7dd8126" "tx16233b88d7114a378adf8-0068e44888" "container-server 17" 0.0067 "-" 21 0
Oct 6 22:54:00 standalone container-server[125730]: 172.20.0.100 - - [06/Oct/2025:22:54:00 +0000] "PUT /d1/583/AUTH_3db879dc43e34bcaa1aadfc758f92782/gnocchi.3ff68989-541f-4fff-91a7-f3f2d7dd8126" 201 - "PUT http://localhost:8080/v1/AUTH_3db879dc43e34bcaa1aadfc758f92782/gnocchi.3ff68989-541f-4fff-91a7-f3f2d7dd8126" "tx16233b88d7114a378adf8-0068e44888" "proxy-server 21" 0.0157 "-" 17 0
Oct 6 22:54:00 standalone proxy-server[127590]: 172.18.0.2 ::1 06/Oct/2025/22/54/00 PUT /v1/AUTH_3db879dc43e34bcaa1aadfc758f92782/gnocchi.3ff68989-541f-4fff-91a7-f3f2d7dd8126 HTTP/1.0 201 - python-swiftclient-3.11.1 gAAAAABo5EfCvXdz... - - - tx16233b88d7114a378adf8-0068e44888 - 0.0191 - - 1759791240.865471125 1759791240.884571552 0
Oct 6 22:54:00 standalone container-server[125705]: 172.20.0.100 - - [06/Oct/2025:22:54:00 +0000] "HEAD /d1/583/AUTH_3db879dc43e34bcaa1aadfc758f92782/gnocchi.3ff68989-541f-4fff-91a7-f3f2d7dd8126" 204 - "HEAD http://localhost:8080/v1/AUTH_3db879dc43e34bcaa1aadfc758f92782/gnocchi.3ff68989-541f-4fff-91a7-f3f2d7dd8126?format=json&states=listing" "txf597a8af4bc1463096a4d-0068e44888" "proxy-server 21" 0.0010 "-" 14 0
Oct 6 22:54:00 standalone proxy-server[127590]: - - 06/Oct/2025/22/54/00 HEAD /v1/AUTH_3db879dc43e34bcaa1aadfc758f92782/gnocchi.3ff68989-541f-4fff-91a7-f3f2d7dd8126%3Fformat%3Djson%26states%3Dlisting HTTP/1.0 204 - Swift - - - - txf597a8af4bc1463096a4d-0068e44888 - 0.0044 RL - 1759791240.889979362 1759791240.894396067 0
Oct 6 22:54:00 standalone container-server[125710]: 172.20.0.100 - - [06/Oct/2025:22:54:00 +0000] "GET /d1/583/AUTH_3db879dc43e34bcaa1aadfc758f92782/gnocchi.3ff68989-541f-4fff-91a7-f3f2d7dd8126" 200 2 "GET http://localhost:8080/v1/AUTH_3db879dc43e34bcaa1aadfc758f92782/gnocchi.3ff68989-541f-4fff-91a7-f3f2d7dd8126?format=json&states=listing" "txf597a8af4bc1463096a4d-0068e44888" "proxy-server 21" 0.0033 "-" 15 0
Oct 6 22:54:00 standalone proxy-server[127590]: 172.18.0.2 ::1 06/Oct/2025/22/54/00 GET /v1/AUTH_3db879dc43e34bcaa1aadfc758f92782/gnocchi.3ff68989-541f-4fff-91a7-f3f2d7dd8126%3Fformat%3Djson%26states%3Dlisting HTTP/1.0 200 - python-swiftclient-3.11.1 gAAAAABo5EfCvXdz... - 2 - txf597a8af4bc1463096a4d-0068e44888 - 0.0183 - - 1759791240.887833357 1759791240.906164646 0
Oct 6 22:54:00 standalone object-server[125784]: 172.20.0.100 - - [06/Oct/2025:22:54:00 +0000] "GET /d1/854/AUTH_3db879dc43e34bcaa1aadfc758f92782/gnocchi.3ff68989-541f-4fff-91a7-f3f2d7dd8126/1759320000.0_mean_300.0_v3" 404 70 "GET http://localhost:8080/v1/AUTH_3db879dc43e34bcaa1aadfc758f92782/gnocchi.3ff68989-541f-4fff-91a7-f3f2d7dd8126/1759320000.0_mean_300.0_v3" "tx2a5ed856977e4e0894796-0068e44888" "proxy-server 21" 0.0007 "-" 23 0
Oct 6 22:54:00 standalone proxy-server[127590]: 172.18.0.2 ::1 06/Oct/2025/22/54/00 GET /v1/AUTH_3db879dc43e34bcaa1aadfc758f92782/gnocchi.3ff68989-541f-4fff-91a7-f3f2d7dd8126/1759320000.0_mean_300.0_v3 HTTP/1.0 404 - python-swiftclient-3.11.1 gAAAAABo5EfCvXdz... - 70 - tx2a5ed856977e4e0894796-0068e44888 - 0.0090 - - 1759791240.909507751 1759791240.918481350 0
Oct 6 22:54:00 standalone container-server[125725]: 172.20.0.100 - - [06/Oct/2025:22:54:00 +0000] "PUT /d1/583/AUTH_3db879dc43e34bcaa1aadfc758f92782/gnocchi.3ff68989-541f-4fff-91a7-f3f2d7dd8126/1759320000.0_mean_300.0_v3" 201 - "PUT http://localhost:8080/d1/854/AUTH_3db879dc43e34bcaa1aadfc758f92782/gnocchi.3ff68989-541f-4fff-91a7-f3f2d7dd8126/1759320000.0_mean_300.0_v3" "tx0c78984971d844579a02d-0068e44888" "object-server 25" 0.0012 "-" 16 0
Oct 6 22:54:00 standalone object-server[125791]: 172.20.0.100 - - [06/Oct/2025:22:54:00 +0000] "PUT /d1/854/AUTH_3db879dc43e34bcaa1aadfc758f92782/gnocchi.3ff68989-541f-4fff-91a7-f3f2d7dd8126/1759320000.0_mean_300.0_v3" 201 - "PUT http://localhost:8080/v1/AUTH_3db879dc43e34bcaa1aadfc758f92782/gnocchi.3ff68989-541f-4fff-91a7-f3f2d7dd8126/1759320000.0_mean_300.0_v3" "tx0c78984971d844579a02d-0068e44888" "proxy-server 21" 0.0089 "-" 25 0
Oct 6 22:54:00 standalone proxy-server[127590]: 172.18.0.2 ::1 06/Oct/2025/22/54/00 PUT /v1/AUTH_3db879dc43e34bcaa1aadfc758f92782/gnocchi.3ff68989-541f-4fff-91a7-f3f2d7dd8126/1759320000.0_mean_300.0_v3 HTTP/1.0 201 - python-swiftclient-3.11.1 gAAAAABo5EfCvXdz... 16 - - tx0c78984971d844579a02d-0068e44888 - 0.0164 - - 1759791240.921775579 1759791240.938133955 0
Oct 6 22:54:00 standalone container-server[125725]: 172.20.0.100 - - [06/Oct/2025:22:54:00 +0000] "PUT /d1/583/AUTH_3db879dc43e34bcaa1aadfc758f92782/gnocchi.3ff68989-541f-4fff-91a7-f3f2d7dd8126/none_v3" 201 - "PUT http://localhost:8080/d1/64/AUTH_3db879dc43e34bcaa1aadfc758f92782/gnocchi.3ff68989-541f-4fff-91a7-f3f2d7dd8126/none_v3" "tx76bde9fff78d4f2687bd1-0068e44888" "object-server 24" 0.0006 "-" 16 0
Oct 6 22:54:00 standalone object-server[125788]: 172.20.0.100 - - [06/Oct/2025:22:54:00 +0000] "PUT /d1/64/AUTH_3db879dc43e34bcaa1aadfc758f92782/gnocchi.3ff68989-541f-4fff-91a7-f3f2d7dd8126/none_v3" 201 - "PUT http://localhost:8080/v1/AUTH_3db879dc43e34bcaa1aadfc758f92782/gnocchi.3ff68989-541f-4fff-91a7-f3f2d7dd8126/none_v3" "tx76bde9fff78d4f2687bd1-0068e44888" "proxy-server 21" 0.0137 "-" 24 0
Oct 6 22:54:00 standalone proxy-server[127590]: 172.18.0.2 ::1 06/Oct/2025/22/54/00 PUT /v1/AUTH_3db879dc43e34bcaa1aadfc758f92782/gnocchi.3ff68989-541f-4fff-91a7-f3f2d7dd8126/none_v3 HTTP/1.0 201 - python-swiftclient-3.11.1 gAAAAABo5EfCvXdz... 22 - - tx76bde9fff78d4f2687bd1-0068e44888 - 0.0265 - - 1759791240.941046238 1759791240.967553377 0
Oct 6 22:54:00 standalone container-server[125730]: 172.20.0.100 - - [06/Oct/2025:22:54:00 +0000] "HEAD /d1/392/AUTH_3db879dc43e34bcaa1aadfc758f92782/gnocchi.49738a77-8f6c-4c5a-abe4-c3b87c39e0dd" 404 - "HEAD http://localhost:8080/v1/AUTH_3db879dc43e34bcaa1aadfc758f92782/gnocchi.49738a77-8f6c-4c5a-abe4-c3b87c39e0dd?format=json&states=listing" "txe661181eff5d44a0ae458-0068e44888" "proxy-server 21" 0.0006 "-" 17 0
Oct 6 22:54:00 standalone object-server[125791]: 172.20.0.100 - - [06/Oct/2025:22:54:00 +0000] "GET /d1/954/AUTH_3db879dc43e34bcaa1aadfc758f92782/gnocchi.49738a77-8f6c-4c5a-abe4-c3b87c39e0dd/none_v3" 404 70 "GET http://localhost:8080/v1/AUTH_3db879dc43e34bcaa1aadfc758f92782/gnocchi.49738a77-8f6c-4c5a-abe4-c3b87c39e0dd/none_v3" "txe661181eff5d44a0ae458-0068e44888" "proxy-server 21" 0.0003 "-" 25 0
Oct 6 22:54:00 standalone proxy-server[127590]: 172.18.0.2 ::1 06/Oct/2025/22/54/00 GET /v1/AUTH_3db879dc43e34bcaa1aadfc758f92782/gnocchi.49738a77-8f6c-4c5a-abe4-c3b87c39e0dd/none_v3 HTTP/1.0 404 - python-swiftclient-3.11.1 gAAAAABo5EfCvXdz... - 70 - txe661181eff5d44a0ae458-0068e44888 - 0.0085 - - 1759791240.979159832 1759791240.987709284 0
Oct 6 22:54:01 standalone account-server[125532]: 172.20.0.100 - - [06/Oct/2025:22:54:01 +0000] "PUT /d1/29/AUTH_3db879dc43e34bcaa1aadfc758f92782/gnocchi.49738a77-8f6c-4c5a-abe4-c3b87c39e0dd" 201 - "PUT http://172.20.0.100:6001/d1/392/AUTH_3db879dc43e34bcaa1aadfc758f92782/gnocchi.49738a77-8f6c-4c5a-abe4-c3b87c39e0dd" "tx2f32b226b13e4eac8d87f-0068e44888" "container-server 14" 0.0059 "-" 23 0
Oct 6 22:54:01 standalone container-server[125705]: 172.20.0.100 - - [06/Oct/2025:22:54:01 +0000] "PUT /d1/392/AUTH_3db879dc43e34bcaa1aadfc758f92782/gnocchi.49738a77-8f6c-4c5a-abe4-c3b87c39e0dd" 201 - "PUT http://localhost:8080/v1/AUTH_3db879dc43e34bcaa1aadfc758f92782/gnocchi.49738a77-8f6c-4c5a-abe4-c3b87c39e0dd" "tx2f32b226b13e4eac8d87f-0068e44888" "proxy-server 21" 0.0157 "-" 14 0
Oct 6 22:54:01 standalone proxy-server[127590]: 172.18.0.2 ::1 06/Oct/2025/22/54/01 PUT /v1/AUTH_3db879dc43e34bcaa1aadfc758f92782/gnocchi.49738a77-8f6c-4c5a-abe4-c3b87c39e0dd HTTP/1.0 201 - python-swiftclient-3.11.1 gAAAAABo5EfCvXdz... - - - tx2f32b226b13e4eac8d87f-0068e44888 - 0.0202 - - 1759791240.991150379 1759791241.011327982 0
Oct 6 22:54:01 standalone container-server[125730]: 172.20.0.100 - - [06/Oct/2025:22:54:01 +0000] "HEAD /d1/392/AUTH_3db879dc43e34bcaa1aadfc758f92782/gnocchi.49738a77-8f6c-4c5a-abe4-c3b87c39e0dd" 204 - "HEAD http://localhost:8080/v1/AUTH_3db879dc43e34bcaa1aadfc758f92782/gnocchi.49738a77-8f6c-4c5a-abe4-c3b87c39e0dd?format=json&states=listing" "tx5ce54768babc4c07a70f5-0068e44889" "proxy-server 21" 0.0024 "-" 17 0
Oct 6 22:54:01 standalone proxy-server[127590]: - - 06/Oct/2025/22/54/01 HEAD /v1/AUTH_3db879dc43e34bcaa1aadfc758f92782/gnocchi.49738a77-8f6c-4c5a-abe4-c3b87c39e0dd%3Fformat%3Djson%26states%3Dlisting HTTP/1.0 204 - Swift - - - - tx5ce54768babc4c07a70f5-0068e44889 - 0.0069 RL - 1759791241.019044638 1759791241.025947332 0
Oct 6 22:54:01 standalone container-server[125725]: 172.20.0.100 - - [06/Oct/2025:22:54:01 +0000] "GET /d1/392/AUTH_3db879dc43e34bcaa1aadfc758f92782/gnocchi.49738a77-8f6c-4c5a-abe4-c3b87c39e0dd" 200 2 "GET http://localhost:8080/v1/AUTH_3db879dc43e34bcaa1aadfc758f92782/gnocchi.49738a77-8f6c-4c5a-abe4-c3b87c39e0dd?format=json&states=listing" "tx5ce54768babc4c07a70f5-0068e44889" "proxy-server 21" 0.0032 "-" 16 0
Oct 6 22:54:01 standalone proxy-server[127590]: 172.18.0.2 ::1 06/Oct/2025/22/54/01 GET /v1/AUTH_3db879dc43e34bcaa1aadfc758f92782/gnocchi.49738a77-8f6c-4c5a-abe4-c3b87c39e0dd%3Fformat%3Djson%26states%3Dlisting HTTP/1.0 200 - python-swiftclient-3.11.1 gAAAAABo5EfCvXdz... - 2 - tx5ce54768babc4c07a70f5-0068e44889 - 0.0201 - - 1759791241.017189741 1759791241.037254810 0
Oct 6 22:54:01 standalone object-server[125791]: 172.20.0.100 - - [06/Oct/2025:22:54:01 +0000] "GET /d1/620/AUTH_3db879dc43e34bcaa1aadfc758f92782/gnocchi.49738a77-8f6c-4c5a-abe4-c3b87c39e0dd/1759320000.0_mean_300.0_v3" 404 70 "GET http://localhost:8080/v1/AUTH_3db879dc43e34bcaa1aadfc758f92782/gnocchi.49738a77-8f6c-4c5a-abe4-c3b87c39e0dd/1759320000.0_mean_300.0_v3" "txe49403965a4b49d49d706-0068e44889" "proxy-server 21" 0.0002 "-" 25 0
Oct 6 22:54:01 standalone proxy-server[127590]: 172.18.0.2 ::1 06/Oct/2025/22/54/01 GET /v1/AUTH_3db879dc43e34bcaa1aadfc758f92782/gnocchi.49738a77-8f6c-4c5a-abe4-c3b87c39e0dd/1759320000.0_mean_300.0_v3 HTTP/1.0 404 - python-swiftclient-3.11.1 gAAAAABo5EfCvXdz... - 70 - txe49403965a4b49d49d706-0068e44889 - 0.0061 - - 1759791241.042402506 1759791241.048514366 0
Oct 6 22:54:01 standalone container-server[125725]: 172.20.0.100 - - [06/Oct/2025:22:54:01 +0000] "PUT /d1/392/AUTH_3db879dc43e34bcaa1aadfc758f92782/gnocchi.49738a77-8f6c-4c5a-abe4-c3b87c39e0dd/1759320000.0_mean_300.0_v3" 201 - "PUT http://localhost:8080/d1/620/AUTH_3db879dc43e34bcaa1aadfc758f92782/gnocchi.49738a77-8f6c-4c5a-abe4-c3b87c39e0dd/1759320000.0_mean_300.0_v3" "tx6b3afd7d3c8c408b851c0-0068e44889" "object-server 22" 0.0008 "-" 16 0
Oct 6 22:54:01 standalone object-server[125772]: 172.20.0.100 - - [06/Oct/2025:22:54:01 +0000] "PUT /d1/620/AUTH_3db879dc43e34bcaa1aadfc758f92782/gnocchi.49738a77-8f6c-4c5a-abe4-c3b87c39e0dd/1759320000.0_mean_300.0_v3" 201 - "PUT http://localhost:8080/v1/AUTH_3db879dc43e34bcaa1aadfc758f92782/gnocchi.49738a77-8f6c-4c5a-abe4-c3b87c39e0dd/1759320000.0_mean_300.0_v3" "tx6b3afd7d3c8c408b851c0-0068e44889" "proxy-server 21" 0.0110 "-" 22 0
Oct 6 22:54:01 standalone proxy-server[127590]: 172.18.0.2 ::1 06/Oct/2025/22/54/01 PUT /v1/AUTH_3db879dc43e34bcaa1aadfc758f92782/gnocchi.49738a77-8f6c-4c5a-abe4-c3b87c39e0dd/1759320000.0_mean_300.0_v3 HTTP/1.0 201 - python-swiftclient-3.11.1 gAAAAABo5EfCvXdz... 16 - - tx6b3afd7d3c8c408b851c0-0068e44889 - 0.0187 - - 1759791241.053292751 1759791241.072004795 0
Oct 6 22:54:01 standalone container-server[125710]: 172.20.0.100 - - [06/Oct/2025:22:54:01 +0000] "PUT /d1/392/AUTH_3db879dc43e34bcaa1aadfc758f92782/gnocchi.49738a77-8f6c-4c5a-abe4-c3b87c39e0dd/none_v3" 201 - "PUT http://localhost:8080/d1/954/AUTH_3db879dc43e34bcaa1aadfc758f92782/gnocchi.49738a77-8f6c-4c5a-abe4-c3b87c39e0dd/none_v3" "txbaea78e75b76487c95084-0068e44889" "object-server 22" 0.0007 "-" 15 0
Oct 6 22:54:01 standalone object-server[125772]: 172.20.0.100 - - [06/Oct/2025:22:54:01 +0000] "PUT /d1/954/AUTH_3db879dc43e34bcaa1aadfc758f92782/gnocchi.49738a77-8f6c-4c5a-abe4-c3b87c39e0dd/none_v3" 201 - "PUT http://localhost:8080/v1/AUTH_3db879dc43e34bcaa1aadfc758f92782/gnocchi.49738a77-8f6c-4c5a-abe4-c3b87c39e0dd/none_v3" "txbaea78e75b76487c95084-0068e44889" "proxy-server 21" 0.0105 "-" 22 0
Oct 6 22:54:01 standalone proxy-server[127590]: 172.18.0.2 ::1 06/Oct/2025/22/54/01 PUT /v1/AUTH_3db879dc43e34bcaa1aadfc758f92782/gnocchi.49738a77-8f6c-4c5a-abe4-c3b87c39e0dd/none_v3 HTTP/1.0 201 - python-swiftclient-3.11.1 gAAAAABo5EfCvXdz... 22 - - txbaea78e75b76487c95084-0068e44889 - 0.0184 - - 1759791241.076614618 1759791241.094993591 0
Oct 6 22:54:01 standalone container-server[125705]: 172.20.0.100 - - [06/Oct/2025:22:54:01 +0000] "HEAD /d1/868/AUTH_3db879dc43e34bcaa1aadfc758f92782/gnocchi.12f57385-64d0-4533-b437-7f9b045ce12c" 404 - "HEAD http://localhost:8080/v1/AUTH_3db879dc43e34bcaa1aadfc758f92782/gnocchi.12f57385-64d0-4533-b437-7f9b045ce12c?format=json&states=listing" "tx4fdecf8a7ab54b02ac9b7-0068e44889" "proxy-server 21" 0.0005 "-" 14 0
Oct 6 22:54:01 standalone object-server[125784]: 172.20.0.100 - - [06/Oct/2025:22:54:01 +0000] "GET /d1/158/AUTH_3db879dc43e34bcaa1aadfc758f92782/gnocchi.12f57385-64d0-4533-b437-7f9b045ce12c/none_v3" 404 70 "GET http://localhost:8080/v1/AUTH_3db879dc43e34bcaa1aadfc758f92782/gnocchi.12f57385-64d0-4533-b437-7f9b045ce12c/none_v3" "tx4fdecf8a7ab54b02ac9b7-0068e44889" "proxy-server 21" 0.0005 "-" 23 0
Oct 6 22:54:01 standalone proxy-server[127590]: 172.18.0.2 ::1 06/Oct/2025/22/54/01 GET /v1/AUTH_3db879dc43e34bcaa1aadfc758f92782/gnocchi.12f57385-64d0-4533-b437-7f9b045ce12c/none_v3 HTTP/1.0 404 - python-swiftclient-3.11.1 gAAAAABo5EfCvXdz... - 70 - tx4fdecf8a7ab54b02ac9b7-0068e44889 - 0.0127 - - 1759791241.110202789 1759791241.122859955 0
Oct 6 22:54:01 standalone account-server[125532]: 172.20.0.100 - - [06/Oct/2025:22:54:01 +0000] "PUT /d1/29/AUTH_3db879dc43e34bcaa1aadfc758f92782/gnocchi.12f57385-64d0-4533-b437-7f9b045ce12c" 201 - "PUT http://172.20.0.100:6001/d1/868/AUTH_3db879dc43e34bcaa1aadfc758f92782/gnocchi.12f57385-64d0-4533-b437-7f9b045ce12c" "tx2031e1746ca54291acc73-0068e44889" "container-server 16" 0.0062 "-" 23 0
Oct 6 22:54:01 standalone container-server[125725]: 172.20.0.100 - - [06/Oct/2025:22:54:01 +0000] "PUT /d1/868/AUTH_3db879dc43e34bcaa1aadfc758f92782/gnocchi.12f57385-64d0-4533-b437-7f9b045ce12c" 201 - "PUT http://localhost:8080/v1/AUTH_3db879dc43e34bcaa1aadfc758f92782/gnocchi.12f57385-64d0-4533-b437-7f9b045ce12c" "tx2031e1746ca54291acc73-0068e44889" "proxy-server 21" 0.0194 "-" 16 0
Oct 6 22:54:01 standalone proxy-server[127590]: 172.18.0.2 ::1 06/Oct/2025/22/54/01 PUT /v1/AUTH_3db879dc43e34bcaa1aadfc758f92782/gnocchi.12f57385-64d0-4533-b437-7f9b045ce12c HTTP/1.0 201 - python-swiftclient-3.11.1 gAAAAABo5EfCvXdz... - - - tx2031e1746ca54291acc73-0068e44889 - 0.0261 - - 1759791241.127094269 1759791241.153200150 0
Oct 6 22:54:01 standalone container-server[125725]: 172.20.0.100 - - [06/Oct/2025:22:54:01 +0000] "HEAD /d1/868/AUTH_3db879dc43e34bcaa1aadfc758f92782/gnocchi.12f57385-64d0-4533-b437-7f9b045ce12c" 204 - "HEAD http://localhost:8080/v1/AUTH_3db879dc43e34bcaa1aadfc758f92782/gnocchi.12f57385-64d0-4533-b437-7f9b045ce12c?format=json&states=listing" "tx5ee5b69d847f4c1ea26d0-0068e44889" "proxy-server 21" 0.0022 "-" 16 0
Oct 6 22:54:01 standalone proxy-server[127590]: - - 06/Oct/2025/22/54/01 HEAD /v1/AUTH_3db879dc43e34bcaa1aadfc758f92782/gnocchi.12f57385-64d0-4533-b437-7f9b045ce12c%3Fformat%3Djson%26states%3Dlisting HTTP/1.0 204 - Swift - - - - tx5ee5b69d847f4c1ea26d0-0068e44889 - 0.0068 RL - 1759791241.159832001 1759791241.166645288 0
Oct 6 22:54:01 standalone container-server[125710]: 172.20.0.100 - - [06/Oct/2025:22:54:01 +0000] "GET /d1/868/AUTH_3db879dc43e34bcaa1aadfc758f92782/gnocchi.12f57385-64d0-4533-b437-7f9b045ce12c" 200 2 "GET http://localhost:8080/v1/AUTH_3db879dc43e34bcaa1aadfc758f92782/gnocchi.12f57385-64d0-4533-b437-7f9b045ce12c?format=json&states=listing" "tx5ee5b69d847f4c1ea26d0-0068e44889" "proxy-server 21" 0.0033 "-" 15 0
Oct 6 22:54:01 standalone proxy-server[127590]: 172.18.0.2 ::1 06/Oct/2025/22/54/01 GET /v1/AUTH_3db879dc43e34bcaa1aadfc758f92782/gnocchi.12f57385-64d0-4533-b437-7f9b045ce12c%3Fformat%3Djson%26states%3Dlisting HTTP/1.0 200 - python-swiftclient-3.11.1 gAAAAABo5EfCvXdz... - 2 - tx5ee5b69d847f4c1ea26d0-0068e44889 - 0.0199 - - 1759791241.158230305 1759791241.178117037 0
Oct 6 22:54:01 standalone object-server[125772]: 172.20.0.100 - - [06/Oct/2025:22:54:01 +0000] "GET /d1/1002/AUTH_3db879dc43e34bcaa1aadfc758f92782/gnocchi.12f57385-64d0-4533-b437-7f9b045ce12c/1759320000.0_mean_300.0_v3" 404 70 "GET http://localhost:8080/v1/AUTH_3db879dc43e34bcaa1aadfc758f92782/gnocchi.12f57385-64d0-4533-b437-7f9b045ce12c/1759320000.0_mean_300.0_v3" "tx6351e0953328478cb6b78-0068e44889" "proxy-server 21" 0.0004 "-" 22 0
Oct 6 22:54:01 standalone proxy-server[127590]: 172.18.0.2 ::1 06/Oct/2025/22/54/01 GET /v1/AUTH_3db879dc43e34bcaa1aadfc758f92782/gnocchi.12f57385-64d0-4533-b437-7f9b045ce12c/1759320000.0_mean_300.0_v3 HTTP/1.0 404 - python-swiftclient-3.11.1 gAAAAABo5EfCvXdz... - 70 - tx6351e0953328478cb6b78-0068e44889 - 0.0069 - - 1759791241.183451891 1759791241.190387249 0
Oct 6 22:54:01 standalone container-server[125730]: 172.20.0.100 - - [06/Oct/2025:22:54:01 +0000] "PUT /d1/868/AUTH_3db879dc43e34bcaa1aadfc758f92782/gnocchi.12f57385-64d0-4533-b437-7f9b045ce12c/1759320000.0_mean_300.0_v3" 201 - "PUT http://localhost:8080/d1/1002/AUTH_3db879dc43e34bcaa1aadfc758f92782/gnocchi.12f57385-64d0-4533-b437-7f9b045ce12c/1759320000.0_mean_300.0_v3" "tx4563cf5899034c5fab632-0068e44889" "object-server 24" 0.0009 "-" 17 0
Oct 6 22:54:01 standalone object-server[125788]: 172.20.0.100 - - [06/Oct/2025:22:54:01 +0000] "PUT /d1/1002/AUTH_3db879dc43e34bcaa1aadfc758f92782/gnocchi.12f57385-64d0-4533-b437-7f9b045ce12c/1759320000.0_mean_300.0_v3" 201 - "PUT http://localhost:8080/v1/AUTH_3db879dc43e34bcaa1aadfc758f92782/gnocchi.12f57385-64d0-4533-b437-7f9b045ce12c/1759320000.0_mean_300.0_v3" "tx4563cf5899034c5fab632-0068e44889" "proxy-server 21" 0.0123 "-" 24 0
Oct 6 22:54:01 standalone proxy-server[127590]: 172.18.0.2 ::1 06/Oct/2025/22/54/01 PUT /v1/AUTH_3db879dc43e34bcaa1aadfc758f92782/gnocchi.12f57385-64d0-4533-b437-7f9b045ce12c/1759320000.0_mean_300.0_v3 HTTP/1.0 201 - python-swiftclient-3.11.1 gAAAAABo5EfCvXdz... 16 - - tx4563cf5899034c5fab632-0068e44889 - 0.0208 - - 1759791241.194924831 1759791241.215717554 0
Oct 6 22:54:01 standalone container-server[125710]: 172.20.0.100 - - [06/Oct/2025:22:54:01 +0000] "PUT /d1/868/AUTH_3db879dc43e34bcaa1aadfc758f92782/gnocchi.12f57385-64d0-4533-b437-7f9b045ce12c/none_v3" 201 - "PUT http://localhost:8080/d1/158/AUTH_3db879dc43e34bcaa1aadfc758f92782/gnocchi.12f57385-64d0-4533-b437-7f9b045ce12c/none_v3" "tx8e01f17d702a4ecaa8e66-0068e44889" "object-server 22" 0.0007 "-" 15 0
Oct 6 22:54:01 standalone object-server[125772]: 172.20.0.100 - - [06/Oct/2025:22:54:01 +0000] "PUT /d1/158/AUTH_3db879dc43e34bcaa1aadfc758f92782/gnocchi.12f57385-64d0-4533-b437-7f9b045ce12c/none_v3" 201 - "PUT http://localhost:8080/v1/AUTH_3db879dc43e34bcaa1aadfc758f92782/gnocchi.12f57385-64d0-4533-b437-7f9b045ce12c/none_v3" "tx8e01f17d702a4ecaa8e66-0068e44889" "proxy-server 21" 0.0105 "-" 22 0
Oct 6 22:54:01 standalone proxy-server[127590]: 172.18.0.2 ::1 06/Oct/2025/22/54/01 PUT /v1/AUTH_3db879dc43e34bcaa1aadfc758f92782/gnocchi.12f57385-64d0-4533-b437-7f9b045ce12c/none_v3 HTTP/1.0 201 - python-swiftclient-3.11.1 gAAAAABo5EfCvXdz... 22 - - tx8e01f17d702a4ecaa8e66-0068e44889 - 0.0176 - - 1759791241.220088005 1759791241.237715244 0
Oct 6 22:54:01 standalone container-server[125730]: 172.20.0.100 - - [06/Oct/2025:22:54:01 +0000] "HEAD /d1/938/AUTH_3db879dc43e34bcaa1aadfc758f92782/gnocchi.85fb4e1c-6cd4-47c4-9792-905de6390bbe" 404 - "HEAD http://localhost:8080/v1/AUTH_3db879dc43e34bcaa1aadfc758f92782/gnocchi.85fb4e1c-6cd4-47c4-9792-905de6390bbe?format=json&states=listing" "tx74a42da135e34a4f831b5-0068e44889" "proxy-server 21" 0.0005 "-" 17 0
Oct 6 22:54:01 standalone object-server[125784]: 172.20.0.100 - - [06/Oct/2025:22:54:01 +0000] "GET /d1/715/AUTH_3db879dc43e34bcaa1aadfc758f92782/gnocchi.85fb4e1c-6cd4-47c4-9792-905de6390bbe/none_v3" 404 70 "GET http://localhost:8080/v1/AUTH_3db879dc43e34bcaa1aadfc758f92782/gnocchi.85fb4e1c-6cd4-47c4-9792-905de6390bbe/none_v3" "tx74a42da135e34a4f831b5-0068e44889" "proxy-server 21" 0.0005 "-" 23 0
Oct 6 22:54:01 standalone proxy-server[127590]: 172.18.0.2 ::1 06/Oct/2025/22/54/01 GET /v1/AUTH_3db879dc43e34bcaa1aadfc758f92782/gnocchi.85fb4e1c-6cd4-47c4-9792-905de6390bbe/none_v3 HTTP/1.0 404 - python-swiftclient-3.11.1 gAAAAABo5EfCvXdz... - 70 - tx74a42da135e34a4f831b5-0068e44889 - 0.0129 - - 1759791241.251887560 1759791241.264753103 0
Oct 6 22:54:01 standalone account-server[125516]: 172.20.0.100 - - [06/Oct/2025:22:54:01 +0000] "PUT /d1/29/AUTH_3db879dc43e34bcaa1aadfc758f92782/gnocchi.85fb4e1c-6cd4-47c4-9792-905de6390bbe" 201 - "PUT http://172.20.0.100:6001/d1/938/AUTH_3db879dc43e34bcaa1aadfc758f92782/gnocchi.85fb4e1c-6cd4-47c4-9792-905de6390bbe" "tx2993d759933f42d4ad6b5-0068e44889" "container-server 15" 0.0062 "-" 20 0
Oct 6 22:54:01 standalone container-server[125710]: 172.20.0.100 - - [06/Oct/2025:22:54:01 +0000] "PUT /d1/938/AUTH_3db879dc43e34bcaa1aadfc758f92782/gnocchi.85fb4e1c-6cd4-47c4-9792-905de6390bbe" 201 - "PUT http://localhost:8080/v1/AUTH_3db879dc43e34bcaa1aadfc758f92782/gnocchi.85fb4e1c-6cd4-47c4-9792-905de6390bbe" "tx2993d759933f42d4ad6b5-0068e44889" "proxy-server 21" 0.0194 "-" 15 0
Oct 6 22:54:01 standalone proxy-server[127590]: 172.18.0.2 ::1 06/Oct/2025/22/54/01 PUT /v1/AUTH_3db879dc43e34bcaa1aadfc758f92782/gnocchi.85fb4e1c-6cd4-47c4-9792-905de6390bbe HTTP/1.0 201 - python-swiftclient-3.11.1 gAAAAABo5EfCvXdz... - - - tx2993d759933f42d4ad6b5-0068e44889 - 0.0261 - - 1759791241.268857956 1759791241.294910431 0
Oct 6 22:54:01 standalone container-server[125705]: 172.20.0.100 - - [06/Oct/2025:22:54:01 +0000] "HEAD /d1/938/AUTH_3db879dc43e34bcaa1aadfc758f92782/gnocchi.85fb4e1c-6cd4-47c4-9792-905de6390bbe" 204 - "HEAD http://localhost:8080/v1/AUTH_3db879dc43e34bcaa1aadfc758f92782/gnocchi.85fb4e1c-6cd4-47c4-9792-905de6390bbe?format=json&states=listing" "txf5c956040666431cac302-0068e44889" "proxy-server 21" 0.0022 "-" 14 0
Oct 6 22:54:01 standalone proxy-server[127590]: - - 06/Oct/2025/22/54/01 HEAD /v1/AUTH_3db879dc43e34bcaa1aadfc758f92782/gnocchi.85fb4e1c-6cd4-47c4-9792-905de6390bbe%3Fformat%3Djson%26states%3Dlisting HTTP/1.0 204 - Swift - - - - txf5c956040666431cac302-0068e44889 - 0.0065 RL - 1759791241.302575827 1759791241.309103966 0
Oct 6 22:54:01 standalone container-server[125705]: 172.20.0.100 - - [06/Oct/2025:22:54:01 +0000] "GET /d1/938/AUTH_3db879dc43e34bcaa1aadfc758f92782/gnocchi.85fb4e1c-6cd4-47c4-9792-905de6390bbe" 200 2 "GET http://localhost:8080/v1/AUTH_3db879dc43e34bcaa1aadfc758f92782/gnocchi.85fb4e1c-6cd4-47c4-9792-905de6390bbe?format=json&states=listing" "txf5c956040666431cac302-0068e44889" "proxy-server 21" 0.0034 "-" 14 0
Oct 6 22:54:01 standalone proxy-server[127590]: 172.18.0.2 ::1 06/Oct/2025/22/54/01 GET /v1/AUTH_3db879dc43e34bcaa1aadfc758f92782/gnocchi.85fb4e1c-6cd4-47c4-9792-905de6390bbe%3Fformat%3Djson%26states%3Dlisting HTTP/1.0 200 - python-swiftclient-3.11.1 gAAAAABo5EfCvXdz... - 2 - txf5c956040666431cac302-0068e44889 - 0.0194 - - 1759791241.301051378 1759791241.320465326 0
Oct 6 22:54:01 standalone object-server[125784]: 172.20.0.100 - - [06/Oct/2025:22:54:01 +0000] "GET /d1/837/AUTH_3db879dc43e34bcaa1aadfc758f92782/gnocchi.85fb4e1c-6cd4-47c4-9792-905de6390bbe/1759320000.0_mean_300.0_v3" 404 70 "GET http://localhost:8080/v1/AUTH_3db879dc43e34bcaa1aadfc758f92782/gnocchi.85fb4e1c-6cd4-47c4-9792-905de6390bbe/1759320000.0_mean_300.0_v3" "txd26467bea895453f80752-0068e44889" "proxy-server 21" 0.0004 "-" 23 0
Oct 6 22:54:01 standalone proxy-server[127590]: 172.18.0.2 ::1 06/Oct/2025/22/54/01 GET /v1/AUTH_3db879dc43e34bcaa1aadfc758f92782/gnocchi.85fb4e1c-6cd4-47c4-9792-905de6390bbe/1759320000.0_mean_300.0_v3 HTTP/1.0 404 - python-swiftclient-3.11.1 gAAAAABo5EfCvXdz... - 70 - txd26467bea895453f80752-0068e44889 - 0.0092 - - 1759791241.327042103 1759791241.336213589 0
Oct 6 22:54:01 standalone container-server[125725]: 172.20.0.100 - - [06/Oct/2025:22:54:01 +0000] "PUT /d1/938/AUTH_3db879dc43e34bcaa1aadfc758f92782/gnocchi.85fb4e1c-6cd4-47c4-9792-905de6390bbe/1759320000.0_mean_300.0_v3" 201 - "PUT http://localhost:8080/d1/837/AUTH_3db879dc43e34bcaa1aadfc758f92782/gnocchi.85fb4e1c-6cd4-47c4-9792-905de6390bbe/1759320000.0_mean_300.0_v3" "txaf14180425ba4ae589232-0068e44889" "object-server 23" 0.0009 "-" 16 0
Oct 6 22:54:01 standalone object-server[125784]: 172.20.0.100 - - [06/Oct/2025:22:54:01 +0000] "PUT /d1/837/AUTH_3db879dc43e34bcaa1aadfc758f92782/gnocchi.85fb4e1c-6cd4-47c4-9792-905de6390bbe/1759320000.0_mean_300.0_v3" 201 - "PUT http://localhost:8080/v1/AUTH_3db879dc43e34bcaa1aadfc758f92782/gnocchi.85fb4e1c-6cd4-47c4-9792-905de6390bbe/1759320000.0_mean_300.0_v3" "txaf14180425ba4ae589232-0068e44889" "proxy-server 21" 0.0127 "-" 23 0
Oct 6 22:54:01 standalone proxy-server[127590]: 172.18.0.2 ::1 06/Oct/2025/22/54/01 PUT /v1/AUTH_3db879dc43e34bcaa1aadfc758f92782/gnocchi.85fb4e1c-6cd4-47c4-9792-905de6390bbe/1759320000.0_mean_300.0_v3 HTTP/1.0 201 - python-swiftclient-3.11.1 gAAAAABo5EfCvXdz... 16 - - txaf14180425ba4ae589232-0068e44889 - 0.0210 - - 1759791241.341064215 1759791241.362025023 0
Oct 6 22:54:01 standalone container-server[125730]: 172.20.0.100 - - [06/Oct/2025:22:54:01 +0000] "PUT /d1/938/AUTH_3db879dc43e34bcaa1aadfc758f92782/gnocchi.85fb4e1c-6cd4-47c4-9792-905de6390bbe/none_v3" 201 - "PUT http://localhost:8080/d1/715/AUTH_3db879dc43e34bcaa1aadfc758f92782/gnocchi.85fb4e1c-6cd4-47c4-9792-905de6390bbe/none_v3" "tx8bb2d324ab1243c7beb49-0068e44889" "object-server 24" 0.0008 "-" 17 0
Oct 6 22:54:01 standalone object-server[125788]: 172.20.0.100 - - [06/Oct/2025:22:54:01 +0000] "PUT /d1/715/AUTH_3db879dc43e34bcaa1aadfc758f92782/gnocchi.85fb4e1c-6cd4-47c4-9792-905de6390bbe/none_v3" 201 - "PUT http://localhost:8080/v1/AUTH_3db879dc43e34bcaa1aadfc758f92782/gnocchi.85fb4e1c-6cd4-47c4-9792-905de6390bbe/none_v3" "tx8bb2d324ab1243c7beb49-0068e44889" "proxy-server 21" 0.0131 "-" 24 0
Oct 6 22:54:01 standalone proxy-server[127590]: 172.18.0.2 ::1 06/Oct/2025/22/54/01 PUT /v1/AUTH_3db879dc43e34bcaa1aadfc758f92782/gnocchi.85fb4e1c-6cd4-47c4-9792-905de6390bbe/none_v3 HTTP/1.0 201 - python-swiftclient-3.11.1 gAAAAABo5EfCvXdz... 22 - - tx8bb2d324ab1243c7beb49-0068e44889 - 0.0217 - - 1759791241.368030548 1759791241.389730930 0
Oct 6 22:54:01 standalone container-server[125710]: 172.20.0.100 - - [06/Oct/2025:22:54:01 +0000] "HEAD /d1/374/AUTH_3db879dc43e34bcaa1aadfc758f92782/gnocchi.3d860197-21c2-49a8-9516-6788f1d9bbc9" 404 - "HEAD http://localhost:8080/v1/AUTH_3db879dc43e34bcaa1aadfc758f92782/gnocchi.3d860197-21c2-49a8-9516-6788f1d9bbc9?format=json&states=listing" "tx5553d91afdc9415d9baad-0068e44889" "proxy-server 21" 0.0007 "-" 15 0
Oct 6 22:54:01 standalone object-server[125791]: 172.20.0.100 - - [06/Oct/2025:22:54:01 +0000] "GET /d1/741/AUTH_3db879dc43e34bcaa1aadfc758f92782/gnocchi.3d860197-21c2-49a8-9516-6788f1d9bbc9/none_v3" 404 70 "GET http://localhost:8080/v1/AUTH_3db879dc43e34bcaa1aadfc758f92782/gnocchi.3d860197-21c2-49a8-9516-6788f1d9bbc9/none_v3" "tx5553d91afdc9415d9baad-0068e44889" "proxy-server 21" 0.0005 "-" 25 0
Oct 6 22:54:01 standalone proxy-server[127590]: 172.18.0.2 ::1 06/Oct/2025/22/54/01 GET /v1/AUTH_3db879dc43e34bcaa1aadfc758f92782/gnocchi.3d860197-21c2-49a8-9516-6788f1d9bbc9/none_v3 HTTP/1.0 404 - python-swiftclient-3.11.1 gAAAAABo5EfCvXdz... - 70 - tx5553d91afdc9415d9baad-0068e44889 - 0.0137 - - 1759791241.405195713 1759791241.418886423 0
Oct 6 22:54:01 standalone account-server[125518]: 172.20.0.100 - - [06/Oct/2025:22:54:01 +0000] "PUT /d1/29/AUTH_3db879dc43e34bcaa1aadfc758f92782/gnocchi.3d860197-21c2-49a8-9516-6788f1d9bbc9" 201 - "PUT http://172.20.0.100:6001/d1/374/AUTH_3db879dc43e34bcaa1aadfc758f92782/gnocchi.3d860197-21c2-49a8-9516-6788f1d9bbc9" "tx5ff9b48058fb4f88bec32-0068e44889" "container-server 16" 0.0065 "-" 21 0
Oct 6 22:54:01 standalone container-server[125725]: 172.20.0.100 - - [06/Oct/2025:22:54:01 +0000] "PUT /d1/374/AUTH_3db879dc43e34bcaa1aadfc758f92782/gnocchi.3d860197-21c2-49a8-9516-6788f1d9bbc9" 201 - "PUT http://localhost:8080/v1/AUTH_3db879dc43e34bcaa1aadfc758f92782/gnocchi.3d860197-21c2-49a8-9516-6788f1d9bbc9" "tx5ff9b48058fb4f88bec32-0068e44889" "proxy-server 21" 0.0214 "-" 16 0
Oct 6 22:54:01 standalone proxy-server[127590]: 172.18.0.2 ::1 06/Oct/2025/22/54/01 PUT /v1/AUTH_3db879dc43e34bcaa1aadfc758f92782/gnocchi.3d860197-21c2-49a8-9516-6788f1d9bbc9 HTTP/1.0 201 - python-swiftclient-3.11.1 gAAAAABo5EfCvXdz... - - - tx5ff9b48058fb4f88bec32-0068e44889 - 0.0283 - - 1759791241.423070669 1759791241.451402426 0
Oct 6 22:54:01 standalone container-server[125705]: 172.20.0.100 - - [06/Oct/2025:22:54:01 +0000] "HEAD /d1/374/AUTH_3db879dc43e34bcaa1aadfc758f92782/gnocchi.3d860197-21c2-49a8-9516-6788f1d9bbc9" 204 - "HEAD http://localhost:8080/v1/AUTH_3db879dc43e34bcaa1aadfc758f92782/gnocchi.3d860197-21c2-49a8-9516-6788f1d9bbc9?format=json&states=listing" "tx247037d11e7140d7aab2c-0068e44889" "proxy-server 21" 0.0022 "-" 14 0
Oct 6 22:54:01 standalone proxy-server[127590]: - - 06/Oct/2025/22/54/01 HEAD /v1/AUTH_3db879dc43e34bcaa1aadfc758f92782/gnocchi.3d860197-21c2-49a8-9516-6788f1d9bbc9%3Fformat%3Djson%26states%3Dlisting HTTP/1.0 204 - Swift - - - - tx247037d11e7140d7aab2c-0068e44889 - 0.0069 RL - 1759791241.458076477 1759791241.464944839 0
Oct 6 22:54:01 standalone container-server[125705]: 172.20.0.100 - - [06/Oct/2025:22:54:01 +0000] "GET /d1/374/AUTH_3db879dc43e34bcaa1aadfc758f92782/gnocchi.3d860197-21c2-49a8-9516-6788f1d9bbc9" 200 2 "GET http://localhost:8080/v1/AUTH_3db879dc43e34bcaa1aadfc758f92782/gnocchi.3d860197-21c2-49a8-9516-6788f1d9bbc9?format=json&states=listing" "tx247037d11e7140d7aab2c-0068e44889" "proxy-server 21" 0.0032 "-" 14 0
Oct 6 22:54:01 standalone proxy-server[127590]: 172.18.0.2 ::1 06/Oct/2025/22/54/01 GET /v1/AUTH_3db879dc43e34bcaa1aadfc758f92782/gnocchi.3d860197-21c2-49a8-9516-6788f1d9bbc9%3Fformat%3Djson%26states%3Dlisting HTTP/1.0 200 - python-swiftclient-3.11.1 gAAAAABo5EfCvXdz... - 2 - tx247037d11e7140d7aab2c-0068e44889 - 0.0217 - - 1759791241.456408262 1759791241.478077412 0
