Oct 6 22:51:49 standalone container-server[125725]: 172.20.0.100 - - [06/Oct/2025:22:51:49 +0000] "GET /d1/39/AUTH_3db879dc43e34bcaa1aadfc758f92782/gnocchi.c28d320e-b9fc-4596-9d62-51e4ee6127dd" 200 2 "GET http://localhost:8080/v1/AUTH_3db879dc43e34bcaa1aadfc758f92782/gnocchi.c28d320e-b9fc-4596-9d62-51e4ee6127dd?format=json&states=listing" "tx11fcbeb4f64e47f89811e-0068e44805" "proxy-server 21" 0.0032 "-" 16 0
Oct 6 22:51:49 standalone proxy-server[127590]: 172.18.0.2 ::1 06/Oct/2025/22/51/49 GET /v1/AUTH_3db879dc43e34bcaa1aadfc758f92782/gnocchi.c28d320e-b9fc-4596-9d62-51e4ee6127dd%3Fformat%3Djson%26states%3Dlisting HTTP/1.0 200 - python-swiftclient-3.11.1 gAAAAABo5EfCvXdz... - 2 - tx11fcbeb4f64e47f89811e-0068e44805 - 0.0183 - - 1759791109.500748396 1759791109.519052267 0
Oct 6 22:51:49 standalone object-server[125784]: 172.20.0.100 - - [06/Oct/2025:22:51:49 +0000] "GET /d1/1014/AUTH_3db879dc43e34bcaa1aadfc758f92782/gnocchi.c28d320e-b9fc-4596-9d62-51e4ee6127dd/1759320000.0_mean_300.0_v3" 404 70 "GET http://localhost:8080/v1/AUTH_3db879dc43e34bcaa1aadfc758f92782/gnocchi.c28d320e-b9fc-4596-9d62-51e4ee6127dd/1759320000.0_mean_300.0_v3" "tx8fb81ecb5fc14eda8c7cf-0068e44805" "proxy-server 21" 0.0003 "-" 23 0
Oct 6 22:51:49 standalone proxy-server[127590]: 172.18.0.2 ::1 06/Oct/2025/22/51/49 GET /v1/AUTH_3db879dc43e34bcaa1aadfc758f92782/gnocchi.c28d320e-b9fc-4596-9d62-51e4ee6127dd/1759320000.0_mean_300.0_v3 HTTP/1.0 404 - python-swiftclient-3.11.1 gAAAAABo5EfCvXdz... - 70 - tx8fb81ecb5fc14eda8c7cf-0068e44805 - 0.0049 - - 1759791109.523572922 1759791109.528500557 0
Oct 6 22:51:49 standalone container-server[125710]: 172.20.0.100 - - [06/Oct/2025:22:51:49 +0000] "PUT /d1/39/AUTH_3db879dc43e34bcaa1aadfc758f92782/gnocchi.c28d320e-b9fc-4596-9d62-51e4ee6127dd/1759320000.0_mean_300.0_v3" 201 - "PUT http://localhost:8080/d1/1014/AUTH_3db879dc43e34bcaa1aadfc758f92782/gnocchi.c28d320e-b9fc-4596-9d62-51e4ee6127dd/1759320000.0_mean_300.0_v3" "tx50a2f0776c8444b2a8a52-0068e44805" "object-server 22" 0.0009 "-" 15 0
Oct 6 22:51:49 standalone object-server[125772]: 172.20.0.100 - - [06/Oct/2025:22:51:49 +0000] "PUT /d1/1014/AUTH_3db879dc43e34bcaa1aadfc758f92782/gnocchi.c28d320e-b9fc-4596-9d62-51e4ee6127dd/1759320000.0_mean_300.0_v3" 201 - "PUT http://localhost:8080/v1/AUTH_3db879dc43e34bcaa1aadfc758f92782/gnocchi.c28d320e-b9fc-4596-9d62-51e4ee6127dd/1759320000.0_mean_300.0_v3" "tx50a2f0776c8444b2a8a52-0068e44805" "proxy-server 21" 0.0145 "-" 22 0
Oct 6 22:51:49 standalone proxy-server[127590]: 172.18.0.2 ::1 06/Oct/2025/22/51/49 PUT /v1/AUTH_3db879dc43e34bcaa1aadfc758f92782/gnocchi.c28d320e-b9fc-4596-9d62-51e4ee6127dd/1759320000.0_mean_300.0_v3 HTTP/1.0 201 - python-swiftclient-3.11.1 gAAAAABo5EfCvXdz... 16 - - tx50a2f0776c8444b2a8a52-0068e44805 - 0.0222 - - 1759791109.533792734 1759791109.555969477 0
Oct 6 22:51:49 standalone container-server[125725]: 172.20.0.100 - - [06/Oct/2025:22:51:49 +0000] "PUT /d1/39/AUTH_3db879dc43e34bcaa1aadfc758f92782/gnocchi.c28d320e-b9fc-4596-9d62-51e4ee6127dd/none_v3" 201 - "PUT http://localhost:8080/d1/577/AUTH_3db879dc43e34bcaa1aadfc758f92782/gnocchi.c28d320e-b9fc-4596-9d62-51e4ee6127dd/none_v3" "txc546b5eb01d74e57a3e4d-0068e44805" "object-server 22" 0.0016 "-" 16 0
Oct 6 22:51:49 standalone object-server[125772]: 172.20.0.100 - - [06/Oct/2025:22:51:49 +0000] "PUT /d1/577/AUTH_3db879dc43e34bcaa1aadfc758f92782/gnocchi.c28d320e-b9fc-4596-9d62-51e4ee6127dd/none_v3" 201 - "PUT http://localhost:8080/v1/AUTH_3db879dc43e34bcaa1aadfc758f92782/gnocchi.c28d320e-b9fc-4596-9d62-51e4ee6127dd/none_v3" "txc546b5eb01d74e57a3e4d-0068e44805" "proxy-server 21" 0.0137 "-" 22 0
Oct 6 22:51:49 standalone proxy-server[127590]: 172.18.0.2 ::1 06/Oct/2025/22/51/49 PUT /v1/AUTH_3db879dc43e34bcaa1aadfc758f92782/gnocchi.c28d320e-b9fc-4596-9d62-51e4ee6127dd/none_v3 HTTP/1.0 201 - python-swiftclient-3.11.1 gAAAAABo5EfCvXdz... 22 - - txc546b5eb01d74e57a3e4d-0068e44805 - 0.0209 - - 1759791109.560916424 1759791109.581822395 0
Oct 6 22:51:49 standalone container-server[125725]: 172.20.0.100 - - [06/Oct/2025:22:51:49 +0000] "HEAD /d1/756/AUTH_3db879dc43e34bcaa1aadfc758f92782/gnocchi.aa3d219d-93ad-4d02-b3fc-007ab596220a" 404 - "HEAD http://localhost:8080/v1/AUTH_3db879dc43e34bcaa1aadfc758f92782/gnocchi.aa3d219d-93ad-4d02-b3fc-007ab596220a?format=json&states=listing" "tx801f16994eef45a68f8be-0068e44805" "proxy-server 21" 0.0006 "-" 16 0
Oct 6 22:51:49 standalone object-server[125791]: 172.20.0.100 - - [06/Oct/2025:22:51:49 +0000] "GET /d1/973/AUTH_3db879dc43e34bcaa1aadfc758f92782/gnocchi.aa3d219d-93ad-4d02-b3fc-007ab596220a/none_v3" 404 70 "GET http://localhost:8080/v1/AUTH_3db879dc43e34bcaa1aadfc758f92782/gnocchi.aa3d219d-93ad-4d02-b3fc-007ab596220a/none_v3" "tx801f16994eef45a68f8be-0068e44805" "proxy-server 21" 0.0007 "-" 25 0
Oct 6 22:51:49 standalone proxy-server[127590]: 172.18.0.2 ::1 06/Oct/2025/22/51/49 GET /v1/AUTH_3db879dc43e34bcaa1aadfc758f92782/gnocchi.aa3d219d-93ad-4d02-b3fc-007ab596220a/none_v3 HTTP/1.0 404 - python-swiftclient-3.11.1 gAAAAABo5EfCvXdz... - 70 - tx801f16994eef45a68f8be-0068e44805 - 0.0139 - - 1759791109.608780622 1759791109.622646570 0
Oct 6 22:51:49 standalone account-server[125532]: 172.20.0.100 - - [06/Oct/2025:22:51:49 +0000] "PUT /d1/29/AUTH_3db879dc43e34bcaa1aadfc758f92782/gnocchi.aa3d219d-93ad-4d02-b3fc-007ab596220a" 201 - "PUT http://172.20.0.100:6001/d1/756/AUTH_3db879dc43e34bcaa1aadfc758f92782/gnocchi.aa3d219d-93ad-4d02-b3fc-007ab596220a" "tx032fe57bc2364d8a8254e-0068e44805" "container-server 15" 0.0100 "-" 23 0
Oct 6 22:51:49 standalone container-server[125710]: 172.20.0.100 - - [06/Oct/2025:22:51:49 +0000] "PUT /d1/756/AUTH_3db879dc43e34bcaa1aadfc758f92782/gnocchi.aa3d219d-93ad-4d02-b3fc-007ab596220a" 201 - "PUT http://localhost:8080/v1/AUTH_3db879dc43e34bcaa1aadfc758f92782/gnocchi.aa3d219d-93ad-4d02-b3fc-007ab596220a" "tx032fe57bc2364d8a8254e-0068e44805" "proxy-server 21" 0.0267 "-" 15 0
Oct 6 22:51:49 standalone proxy-server[127590]: 172.18.0.2 ::1 06/Oct/2025/22/51/49 PUT /v1/AUTH_3db879dc43e34bcaa1aadfc758f92782/gnocchi.aa3d219d-93ad-4d02-b3fc-007ab596220a HTTP/1.0 201 - python-swiftclient-3.11.1 gAAAAABo5EfCvXdz... - - - tx032fe57bc2364d8a8254e-0068e44805 - 0.0331 - - 1759791109.627822876 1759791109.660964251 0
Oct 6 22:51:49 standalone container-server[125725]: 172.20.0.100 - - [06/Oct/2025:22:51:49 +0000] "HEAD /d1/756/AUTH_3db879dc43e34bcaa1aadfc758f92782/gnocchi.aa3d219d-93ad-4d02-b3fc-007ab596220a" 204 - "HEAD http://localhost:8080/v1/AUTH_3db879dc43e34bcaa1aadfc758f92782/gnocchi.aa3d219d-93ad-4d02-b3fc-007ab596220a?format=json&states=listing" "tx3292a59550554a9192a30-0068e44805" "proxy-server 21" 0.0045 "-" 16 0
Oct 6 22:51:49 standalone proxy-server[127590]: - - 06/Oct/2025/22/51/49 HEAD /v1/AUTH_3db879dc43e34bcaa1aadfc758f92782/gnocchi.aa3d219d-93ad-4d02-b3fc-007ab596220a%3Fformat%3Djson%26states%3Dlisting HTTP/1.0 204 - Swift - - - - tx3292a59550554a9192a30-0068e44805 - 0.0115 RL - 1759791109.669177771 1759791109.680691481 0
Oct 6 22:51:49 standalone container-server[125730]: 172.20.0.100 - - [06/Oct/2025:22:51:49 +0000] "GET /d1/756/AUTH_3db879dc43e34bcaa1aadfc758f92782/gnocchi.aa3d219d-93ad-4d02-b3fc-007ab596220a" 200 2 "GET http://localhost:8080/v1/AUTH_3db879dc43e34bcaa1aadfc758f92782/gnocchi.aa3d219d-93ad-4d02-b3fc-007ab596220a?format=json&states=listing" "tx3292a59550554a9192a30-0068e44805" "proxy-server 21" 0.0033 "-" 17 0
Oct 6 22:51:49 standalone proxy-server[127590]: 172.18.0.2 ::1 06/Oct/2025/22/51/49 GET /v1/AUTH_3db879dc43e34bcaa1aadfc758f92782/gnocchi.aa3d219d-93ad-4d02-b3fc-007ab596220a%3Fformat%3Djson%26states%3Dlisting HTTP/1.0 200 - python-swiftclient-3.11.1 gAAAAABo5EfCvXdz... - 2 - tx3292a59550554a9192a30-0068e44805 - 0.0222 - - 1759791109.667730331 1759791109.689960480 0
Oct 6 22:51:49 standalone object-server[125772]: 172.20.0.100 - - [06/Oct/2025:22:51:49 +0000] "GET /d1/442/AUTH_3db879dc43e34bcaa1aadfc758f92782/gnocchi.aa3d219d-93ad-4d02-b3fc-007ab596220a/1759320000.0_mean_300.0_v3" 404 70 "GET http://localhost:8080/v1/AUTH_3db879dc43e34bcaa1aadfc758f92782/gnocchi.aa3d219d-93ad-4d02-b3fc-007ab596220a/1759320000.0_mean_300.0_v3" "txd898361ced254ae88294c-0068e44805" "proxy-server 21" 0.0008 "-" 22 0
Oct 6 22:51:49 standalone proxy-server[127590]: 172.18.0.2 ::1 06/Oct/2025/22/51/49 GET /v1/AUTH_3db879dc43e34bcaa1aadfc758f92782/gnocchi.aa3d219d-93ad-4d02-b3fc-007ab596220a/1759320000.0_mean_300.0_v3 HTTP/1.0 404 - python-swiftclient-3.11.1 gAAAAABo5EfCvXdz... - 70 - txd898361ced254ae88294c-0068e44805 - 0.0086 - - 1759791109.721136570 1759791109.729752302 0
Oct 6 22:51:49 standalone container-server[125725]: 172.20.0.100 - - [06/Oct/2025:22:51:49 +0000] "PUT /d1/756/AUTH_3db879dc43e34bcaa1aadfc758f92782/gnocchi.aa3d219d-93ad-4d02-b3fc-007ab596220a/1759320000.0_mean_300.0_v3" 201 - "PUT http://localhost:8080/d1/442/AUTH_3db879dc43e34bcaa1aadfc758f92782/gnocchi.aa3d219d-93ad-4d02-b3fc-007ab596220a/1759320000.0_mean_300.0_v3" "tx99ae3ebbe928435db78dc-0068e44805" "object-server 22" 0.0009 "-" 16 0
Oct 6 22:51:49 standalone object-server[125772]: 172.20.0.100 - - [06/Oct/2025:22:51:49 +0000] "PUT /d1/442/AUTH_3db879dc43e34bcaa1aadfc758f92782/gnocchi.aa3d219d-93ad-4d02-b3fc-007ab596220a/1759320000.0_mean_300.0_v3" 201 - "PUT http://localhost:8080/v1/AUTH_3db879dc43e34bcaa1aadfc758f92782/gnocchi.aa3d219d-93ad-4d02-b3fc-007ab596220a/1759320000.0_mean_300.0_v3" "tx99ae3ebbe928435db78dc-0068e44805" "proxy-server 21" 0.0126 "-" 22 0
Oct 6 22:51:49 standalone proxy-server[127590]: 172.18.0.2 ::1 06/Oct/2025/22/51/49 PUT /v1/AUTH_3db879dc43e34bcaa1aadfc758f92782/gnocchi.aa3d219d-93ad-4d02-b3fc-007ab596220a/1759320000.0_mean_300.0_v3 HTTP/1.0 201 - python-swiftclient-3.11.1 gAAAAABo5EfCvXdz... 16 - - tx99ae3ebbe928435db78dc-0068e44805 - 0.0199 - - 1759791109.735404491 1759791109.755291939 0
Oct 6 22:51:49 standalone container-server[125725]: 172.20.0.100 - - [06/Oct/2025:22:51:49 +0000] "PUT /d1/756/AUTH_3db879dc43e34bcaa1aadfc758f92782/gnocchi.aa3d219d-93ad-4d02-b3fc-007ab596220a/none_v3" 201 - "PUT http://localhost:8080/d1/973/AUTH_3db879dc43e34bcaa1aadfc758f92782/gnocchi.aa3d219d-93ad-4d02-b3fc-007ab596220a/none_v3" "tx0f1001b0b326453e9fae0-0068e44805" "object-server 23" 0.0015 "-" 16 0
Oct 6 22:51:49 standalone object-server[125784]: 172.20.0.100 - - [06/Oct/2025:22:51:49 +0000] "PUT /d1/973/AUTH_3db879dc43e34bcaa1aadfc758f92782/gnocchi.aa3d219d-93ad-4d02-b3fc-007ab596220a/none_v3" 201 - "PUT http://localhost:8080/v1/AUTH_3db879dc43e34bcaa1aadfc758f92782/gnocchi.aa3d219d-93ad-4d02-b3fc-007ab596220a/none_v3" "tx0f1001b0b326453e9fae0-0068e44805" "proxy-server 21" 0.0152 "-" 23 0
Oct 6 22:51:49 standalone proxy-server[127590]: 172.18.0.2 ::1 06/Oct/2025/22/51/49 PUT /v1/AUTH_3db879dc43e34bcaa1aadfc758f92782/gnocchi.aa3d219d-93ad-4d02-b3fc-007ab596220a/none_v3 HTTP/1.0 201 - python-swiftclient-3.11.1 gAAAAABo5EfCvXdz... 22 - - tx0f1001b0b326453e9fae0-0068e44805 - 0.0219 - - 1759791109.760568857 1759791109.782505274 0
Oct 6 22:51:49 standalone container-server[125725]: 172.20.0.100 - - [06/Oct/2025:22:51:49 +0000] "HEAD /d1/973/AUTH_3db879dc43e34bcaa1aadfc758f92782/gnocchi.da4dad3e-b757-4a8b-b24c-6420ea8fb911" 404 - "HEAD http://localhost:8080/v1/AUTH_3db879dc43e34bcaa1aadfc758f92782/gnocchi.da4dad3e-b757-4a8b-b24c-6420ea8fb911?format=json&states=listing" "tx2d140d00d6f94394b9fab-0068e44805" "proxy-server 21" 0.0007 "-" 16 0
Oct 6 22:51:49 standalone object-server[125772]: 172.20.0.100 - - [06/Oct/2025:22:51:49 +0000] "GET /d1/326/AUTH_3db879dc43e34bcaa1aadfc758f92782/gnocchi.da4dad3e-b757-4a8b-b24c-6420ea8fb911/none_v3" 404 70 "GET http://localhost:8080/v1/AUTH_3db879dc43e34bcaa1aadfc758f92782/gnocchi.da4dad3e-b757-4a8b-b24c-6420ea8fb911/none_v3" "tx2d140d00d6f94394b9fab-0068e44805" "proxy-server 21" 0.0011 "-" 22 0
Oct 6 22:51:49 standalone proxy-server[127590]: 172.18.0.2 ::1 06/Oct/2025/22/51/49 GET /v1/AUTH_3db879dc43e34bcaa1aadfc758f92782/gnocchi.da4dad3e-b757-4a8b-b24c-6420ea8fb911/none_v3 HTTP/1.0 404 - python-swiftclient-3.11.1 gAAAAABo5EfCvXdz... - 70 - tx2d140d00d6f94394b9fab-0068e44805 - 0.0220 - - 1759791109.801099777 1759791109.823082685 0
Oct 6 22:51:49 standalone account-server[125523]: 172.20.0.100 - - [06/Oct/2025:22:51:49 +0000] "PUT /d1/29/AUTH_3db879dc43e34bcaa1aadfc758f92782/gnocchi.da4dad3e-b757-4a8b-b24c-6420ea8fb911" 201 - "PUT http://172.20.0.100:6001/d1/973/AUTH_3db879dc43e34bcaa1aadfc758f92782/gnocchi.da4dad3e-b757-4a8b-b24c-6420ea8fb911" "txbe52f8abf31b410db9b71-0068e44805" "container-server 16" 0.0071 "-" 22 0
Oct 6 22:51:49 standalone container-server[125725]: 172.20.0.100 - - [06/Oct/2025:22:51:49 +0000] "PUT /d1/973/AUTH_3db879dc43e34bcaa1aadfc758f92782/gnocchi.da4dad3e-b757-4a8b-b24c-6420ea8fb911" 201 - "PUT http://localhost:8080/v1/AUTH_3db879dc43e34bcaa1aadfc758f92782/gnocchi.da4dad3e-b757-4a8b-b24c-6420ea8fb911" "txbe52f8abf31b410db9b71-0068e44805" "proxy-server 21" 0.0233 "-" 16 0
Oct 6 22:51:49 standalone proxy-server[127590]: 172.18.0.2 ::1 06/Oct/2025/22/51/49 PUT /v1/AUTH_3db879dc43e34bcaa1aadfc758f92782/gnocchi.da4dad3e-b757-4a8b-b24c-6420ea8fb911 HTTP/1.0 201 - python-swiftclient-3.11.1 gAAAAABo5EfCvXdz... - - - txbe52f8abf31b410db9b71-0068e44805 - 0.0300 - - 1759791109.830531120 1759791109.860507965 0
Oct 6 22:51:49 standalone container-server[125710]: 172.20.0.100 - - [06/Oct/2025:22:51:49 +0000] "HEAD /d1/973/AUTH_3db879dc43e34bcaa1aadfc758f92782/gnocchi.da4dad3e-b757-4a8b-b24c-6420ea8fb911" 204 - "HEAD http://localhost:8080/v1/AUTH_3db879dc43e34bcaa1aadfc758f92782/gnocchi.da4dad3e-b757-4a8b-b24c-6420ea8fb911?format=json&states=listing" "txd686e449c7674d50894b4-0068e44805" "proxy-server 21" 0.0023 "-" 15 0
Oct 6 22:51:49 standalone proxy-server[127590]: - - 06/Oct/2025/22/51/49 HEAD /v1/AUTH_3db879dc43e34bcaa1aadfc758f92782/gnocchi.da4dad3e-b757-4a8b-b24c-6420ea8fb911%3Fformat%3Djson%26states%3Dlisting HTTP/1.0 204 - Swift - - - - txd686e449c7674d50894b4-0068e44805 - 0.0091 RL - 1759791109.875446796 1759791109.884556055 0
Oct 6 22:51:49 standalone container-server[125710]: 172.20.0.100 - - [06/Oct/2025:22:51:49 +0000] "GET /d1/973/AUTH_3db879dc43e34bcaa1aadfc758f92782/gnocchi.da4dad3e-b757-4a8b-b24c-6420ea8fb911" 200 2 "GET http://localhost:8080/v1/AUTH_3db879dc43e34bcaa1aadfc758f92782/gnocchi.da4dad3e-b757-4a8b-b24c-6420ea8fb911?format=json&states=listing" "txd686e449c7674d50894b4-0068e44805" "proxy-server 21" 0.0082 "-" 15 0
Oct 6 22:51:49 standalone proxy-server[127590]: 172.18.0.2 ::1 06/Oct/2025/22/51/49 GET /v1/AUTH_3db879dc43e34bcaa1aadfc758f92782/gnocchi.da4dad3e-b757-4a8b-b24c-6420ea8fb911%3Fformat%3Djson%26states%3Dlisting HTTP/1.0 200 - python-swiftclient-3.11.1 gAAAAABo5EfCvXdz... - 2 - txd686e449c7674d50894b4-0068e44805 - 0.0497 - - 1759791109.872871161 1759791109.922573566 0
Oct 6 22:51:49 standalone object-server[125772]: 172.20.0.100 - - [06/Oct/2025:22:51:49 +0000] "GET /d1/983/AUTH_3db879dc43e34bcaa1aadfc758f92782/gnocchi.da4dad3e-b757-4a8b-b24c-6420ea8fb911/1759320000.0_mean_300.0_v3" 404 70 "GET http://localhost:8080/v1/AUTH_3db879dc43e34bcaa1aadfc758f92782/gnocchi.da4dad3e-b757-4a8b-b24c-6420ea8fb911/1759320000.0_mean_300.0_v3" "txf4b1b4c5618c4326922fa-0068e44805" "proxy-server 21" 0.0010 "-" 22 0
Oct 6 22:51:49 standalone proxy-server[127590]: 172.18.0.2 ::1 06/Oct/2025/22/51/49 GET /v1/AUTH_3db879dc43e34bcaa1aadfc758f92782/gnocchi.da4dad3e-b757-4a8b-b24c-6420ea8fb911/1759320000.0_mean_300.0_v3 HTTP/1.0 404 - python-swiftclient-3.11.1 gAAAAABo5EfCvXdz... - 70 - txf4b1b4c5618c4326922fa-0068e44805 - 0.0216 - - 1759791109.938095331 1759791109.959730387 0
Oct 6 22:51:49 standalone container-server[125725]: 172.20.0.100 - - [06/Oct/2025:22:51:49 +0000] "PUT /d1/973/AUTH_3db879dc43e34bcaa1aadfc758f92782/gnocchi.da4dad3e-b757-4a8b-b24c-6420ea8fb911/1759320000.0_mean_300.0_v3" 201 - "PUT http://localhost:8080/d1/983/AUTH_3db879dc43e34bcaa1aadfc758f92782/gnocchi.da4dad3e-b757-4a8b-b24c-6420ea8fb911/1759320000.0_mean_300.0_v3" "txf830b3e490bd40f78454f-0068e44805" "object-server 23" 0.0006 "-" 16 0
Oct 6 22:51:49 standalone object-server[125784]: 172.20.0.100 - - [06/Oct/2025:22:51:49 +0000] "PUT /d1/983/AUTH_3db879dc43e34bcaa1aadfc758f92782/gnocchi.da4dad3e-b757-4a8b-b24c-6420ea8fb911/1759320000.0_mean_300.0_v3" 201 - "PUT http://localhost:8080/v1/AUTH_3db879dc43e34bcaa1aadfc758f92782/gnocchi.da4dad3e-b757-4a8b-b24c-6420ea8fb911/1759320000.0_mean_300.0_v3" "txf830b3e490bd40f78454f-0068e44805" "proxy-server 21" 0.0091 "-" 23 0
Oct 6 22:51:50 standalone proxy-server[127590]: 172.18.0.2 ::1 06/Oct/2025/22/51/50 PUT /v1/AUTH_3db879dc43e34bcaa1aadfc758f92782/gnocchi.da4dad3e-b757-4a8b-b24c-6420ea8fb911/1759320000.0_mean_300.0_v3 HTTP/1.0 201 - python-swiftclient-3.11.1 gAAAAABo5EfCvXdz... 16 - - txf830b3e490bd40f78454f-0068e44805 - 0.0374 - - 1759791109.973948002 1759791110.011316061 0
Oct 6 22:51:50 standalone container-server[125705]: 172.20.0.100 - - [06/Oct/2025:22:51:50 +0000] "PUT /d1/973/AUTH_3db879dc43e34bcaa1aadfc758f92782/gnocchi.da4dad3e-b757-4a8b-b24c-6420ea8fb911/none_v3" 201 - "PUT http://localhost:8080/d1/326/AUTH_3db879dc43e34bcaa1aadfc758f92782/gnocchi.da4dad3e-b757-4a8b-b24c-6420ea8fb911/none_v3" "tx2e1c106e4aca4c4c9a21a-0068e44806" "object-server 25" 0.0006 "-" 14 0
Oct 6 22:51:50 standalone object-server[125791]: 172.20.0.100 - - [06/Oct/2025:22:51:50 +0000] "PUT /d1/326/AUTH_3db879dc43e34bcaa1aadfc758f92782/gnocchi.da4dad3e-b757-4a8b-b24c-6420ea8fb911/none_v3" 201 - "PUT http://localhost:8080/v1/AUTH_3db879dc43e34bcaa1aadfc758f92782/gnocchi.da4dad3e-b757-4a8b-b24c-6420ea8fb911/none_v3" "tx2e1c106e4aca4c4c9a21a-0068e44806" "proxy-server 21" 0.0135 "-" 25 0
Oct 6 22:51:50 standalone proxy-server[127590]: 172.18.0.2 ::1 06/Oct/2025/22/51/50 PUT /v1/AUTH_3db879dc43e34bcaa1aadfc758f92782/gnocchi.da4dad3e-b757-4a8b-b24c-6420ea8fb911/none_v3 HTTP/1.0 201 - python-swiftclient-3.11.1 gAAAAABo5EfCvXdz... 22 - - tx2e1c106e4aca4c4c9a21a-0068e44806 - 0.0277 - - 1759791110.022208452 1759791110.049872398 0
Oct 6 22:51:50 standalone container-server[125710]: 172.20.0.100 - - [06/Oct/2025:22:51:50 +0000] "HEAD /d1/1009/AUTH_3db879dc43e34bcaa1aadfc758f92782/gnocchi.c46ea663-52b2-46e8-ba13-f84ff088e09f" 404 - "HEAD http://localhost:8080/v1/AUTH_3db879dc43e34bcaa1aadfc758f92782/gnocchi.c46ea663-52b2-46e8-ba13-f84ff088e09f?format=json&states=listing" "tx8559a7ea6e7043fea799a-0068e44806" "proxy-server 21" 0.0006 "-" 15 0
Oct 6 22:51:50 standalone object-server[125791]: 172.20.0.100 - - [06/Oct/2025:22:51:50 +0000] "GET /d1/294/AUTH_3db879dc43e34bcaa1aadfc758f92782/gnocchi.c46ea663-52b2-46e8-ba13-f84ff088e09f/none_v3" 404 70 "GET http://localhost:8080/v1/AUTH_3db879dc43e34bcaa1aadfc758f92782/gnocchi.c46ea663-52b2-46e8-ba13-f84ff088e09f/none_v3" "tx8559a7ea6e7043fea799a-0068e44806" "proxy-server 21" 0.0005 "-" 25 0
Oct 6 22:51:50 standalone proxy-server[127590]: 172.18.0.2 ::1 06/Oct/2025/22/51/50 GET /v1/AUTH_3db879dc43e34bcaa1aadfc758f92782/gnocchi.c46ea663-52b2-46e8-ba13-f84ff088e09f/none_v3 HTTP/1.0 404 - python-swiftclient-3.11.1 gAAAAABo5EfCvXdz... - 70 - tx8559a7ea6e7043fea799a-0068e44806 - 0.0182 - - 1759791110.076792717 1759791110.094968081 0
Oct 6 22:51:50 standalone account-server[125523]: 172.20.0.100 - - [06/Oct/2025:22:51:50 +0000] "PUT /d1/29/AUTH_3db879dc43e34bcaa1aadfc758f92782/gnocchi.c46ea663-52b2-46e8-ba13-f84ff088e09f" 201 - "PUT http://172.20.0.100:6001/d1/1009/AUTH_3db879dc43e34bcaa1aadfc758f92782/gnocchi.c46ea663-52b2-46e8-ba13-f84ff088e09f" "tx5edc27d2a1354023b5cd5-0068e44806" "container-server 15" 0.0054 "-" 22 0
Oct 6 22:51:50 standalone container-server[125710]: 172.20.0.100 - - [06/Oct/2025:22:51:50 +0000] "PUT /d1/1009/AUTH_3db879dc43e34bcaa1aadfc758f92782/gnocchi.c46ea663-52b2-46e8-ba13-f84ff088e09f" 201 - "PUT http://localhost:8080/v1/AUTH_3db879dc43e34bcaa1aadfc758f92782/gnocchi.c46ea663-52b2-46e8-ba13-f84ff088e09f" "tx5edc27d2a1354023b5cd5-0068e44806" "proxy-server 21" 0.0226 "-" 15 0
Oct 6 22:51:50 standalone proxy-server[127590]: 172.18.0.2 ::1 06/Oct/2025/22/51/50 PUT /v1/AUTH_3db879dc43e34bcaa1aadfc758f92782/gnocchi.c46ea663-52b2-46e8-ba13-f84ff088e09f HTTP/1.0 201 - python-swiftclient-3.11.1 gAAAAABo5EfCvXdz... - - - tx5edc27d2a1354023b5cd5-0068e44806 - 0.0333 - - 1759791110.106991529 1759791110.140324593 0
Oct 6 22:51:50 standalone container-server[125725]: 172.20.0.100 - - [06/Oct/2025:22:51:50 +0000] "HEAD /d1/1009/AUTH_3db879dc43e34bcaa1aadfc758f92782/gnocchi.c46ea663-52b2-46e8-ba13-f84ff088e09f" 204 - "HEAD http://localhost:8080/v1/AUTH_3db879dc43e34bcaa1aadfc758f92782/gnocchi.c46ea663-52b2-46e8-ba13-f84ff088e09f?format=json&states=listing" "tx84465a74c562410bb6c41-0068e44806" "proxy-server 21" 0.0029 "-" 16 0
Oct 6 22:51:50 standalone proxy-server[127590]: - - 06/Oct/2025/22/51/50 HEAD /v1/AUTH_3db879dc43e34bcaa1aadfc758f92782/gnocchi.c46ea663-52b2-46e8-ba13-f84ff088e09f%3Fformat%3Djson%26states%3Dlisting HTTP/1.0 204 - Swift - - - - tx84465a74c562410bb6c41-0068e44806 - 0.0104 RL - 1759791110.155640602 1759791110.166011333 0
Oct 6 22:51:50 standalone container-server[125710]: 172.20.0.100 - - [06/Oct/2025:22:51:50 +0000] "GET /d1/1009/AUTH_3db879dc43e34bcaa1aadfc758f92782/gnocchi.c46ea663-52b2-46e8-ba13-f84ff088e09f" 200 2 "GET http://localhost:8080/v1/AUTH_3db879dc43e34bcaa1aadfc758f92782/gnocchi.c46ea663-52b2-46e8-ba13-f84ff088e09f?format=json&states=listing" "tx84465a74c562410bb6c41-0068e44806" "proxy-server 21" 0.0033 "-" 15 0
Oct 6 22:51:50 standalone proxy-server[127590]: 172.18.0.2 ::1 06/Oct/2025/22/51/50 GET /v1/AUTH_3db879dc43e34bcaa1aadfc758f92782/gnocchi.c46ea663-52b2-46e8-ba13-f84ff088e09f%3Fformat%3Djson%26states%3Dlisting HTTP/1.0 200 - python-swiftclient-3.11.1 gAAAAABo5EfCvXdz... - 2 - tx84465a74c562410bb6c41-0068e44806 - 0.0279 - - 1759791110.153281450 1759791110.181213140 0
Oct 6 22:51:50 standalone object-server[125772]: 172.20.0.100 - - [06/Oct/2025:22:51:50 +0000] "GET /d1/145/AUTH_3db879dc43e34bcaa1aadfc758f92782/gnocchi.c46ea663-52b2-46e8-ba13-f84ff088e09f/1759320000.0_mean_300.0_v3" 404 70 "GET http://localhost:8080/v1/AUTH_3db879dc43e34bcaa1aadfc758f92782/gnocchi.c46ea663-52b2-46e8-ba13-f84ff088e09f/1759320000.0_mean_300.0_v3" "tx4a444635910348d884ca8-0068e44806" "proxy-server 21" 0.0007 "-" 22 0
Oct 6 22:51:50 standalone proxy-server[127590]: 172.18.0.2 ::1 06/Oct/2025/22/51/50 GET /v1/AUTH_3db879dc43e34bcaa1aadfc758f92782/gnocchi.c46ea663-52b2-46e8-ba13-f84ff088e09f/1759320000.0_mean_300.0_v3 HTTP/1.0 404 - python-swiftclient-3.11.1 gAAAAABo5EfCvXdz... - 70 - tx4a444635910348d884ca8-0068e44806 - 0.0123 - - 1759791110.192234278 1759791110.204489708 0
Oct 6 22:51:50 standalone container-server[125710]: 172.20.0.100 - - [06/Oct/2025:22:51:50 +0000] "PUT /d1/1009/AUTH_3db879dc43e34bcaa1aadfc758f92782/gnocchi.c46ea663-52b2-46e8-ba13-f84ff088e09f/1759320000.0_mean_300.0_v3" 201 - "PUT http://localhost:8080/d1/145/AUTH_3db879dc43e34bcaa1aadfc758f92782/gnocchi.c46ea663-52b2-46e8-ba13-f84ff088e09f/1759320000.0_mean_300.0_v3" "txf91476af633f4d75bd1a1-0068e44806" "object-server 23" 0.0014 "-" 15 0
Oct 6 22:51:50 standalone object-server[125784]: 172.20.0.100 - - [06/Oct/2025:22:51:50 +0000] "PUT /d1/145/AUTH_3db879dc43e34bcaa1aadfc758f92782/gnocchi.c46ea663-52b2-46e8-ba13-f84ff088e09f/1759320000.0_mean_300.0_v3" 201 - "PUT http://localhost:8080/v1/AUTH_3db879dc43e34bcaa1aadfc758f92782/gnocchi.c46ea663-52b2-46e8-ba13-f84ff088e09f/1759320000.0_mean_300.0_v3" "txf91476af633f4d75bd1a1-0068e44806" "proxy-server 21" 0.0150 "-" 23 0
Oct 6 22:51:50 standalone proxy-server[127590]: 172.18.0.2 ::1 06/Oct/2025/22/51/50 PUT /v1/AUTH_3db879dc43e34bcaa1aadfc758f92782/gnocchi.c46ea663-52b2-46e8-ba13-f84ff088e09f/1759320000.0_mean_300.0_v3 HTTP/1.0 201 - python-swiftclient-3.11.1 gAAAAABo5EfCvXdz... 16 - - txf91476af633f4d75bd1a1-0068e44806 - 0.0289 - - 1759791110.211931944 1759791110.240861654 0
Oct 6 22:51:50 standalone container-server[125705]: 172.20.0.100 - - [06/Oct/2025:22:51:50 +0000] "PUT /d1/1009/AUTH_3db879dc43e34bcaa1aadfc758f92782/gnocchi.c46ea663-52b2-46e8-ba13-f84ff088e09f/none_v3" 201 - "PUT http://localhost:8080/d1/294/AUTH_3db879dc43e34bcaa1aadfc758f92782/gnocchi.c46ea663-52b2-46e8-ba13-f84ff088e09f/none_v3" "tx9adb354bf3fe41e19f02a-0068e44806" "object-server 25" 0.0010 "-" 14 0
Oct 6 22:51:50 standalone object-server[125791]: 172.20.0.100 - - [06/Oct/2025:22:51:50 +0000] "PUT /d1/294/AUTH_3db879dc43e34bcaa1aadfc758f92782/gnocchi.c46ea663-52b2-46e8-ba13-f84ff088e09f/none_v3" 201 - "PUT http://localhost:8080/v1/AUTH_3db879dc43e34bcaa1aadfc758f92782/gnocchi.c46ea663-52b2-46e8-ba13-f84ff088e09f/none_v3" "tx9adb354bf3fe41e19f02a-0068e44806" "proxy-server 21" 0.0151 "-" 25 0
Oct 6 22:51:50 standalone proxy-server[127590]: 172.18.0.2 ::1 06/Oct/2025/22/51/50 PUT /v1/AUTH_3db879dc43e34bcaa1aadfc758f92782/gnocchi.c46ea663-52b2-46e8-ba13-f84ff088e09f/none_v3 HTTP/1.0 201 - python-swiftclient-3.11.1 gAAAAABo5EfCvXdz... 22 - - tx9adb354bf3fe41e19f02a-0068e44806 - 0.0263 - - 1759791110.247278690 1759791110.273603678 0
Oct 6 22:51:50 standalone container-server[125710]: 172.20.0.100 - - [06/Oct/2025:22:51:50 +0000] "HEAD /d1/541/AUTH_3db879dc43e34bcaa1aadfc758f92782/gnocchi.6184fca3-0f0a-45a1-82f4-72d57140696d" 404 - "HEAD http://localhost:8080/v1/AUTH_3db879dc43e34bcaa1aadfc758f92782/gnocchi.6184fca3-0f0a-45a1-82f4-72d57140696d?format=json&states=listing" "tx83919003c7dc4d5d83c72-0068e44806" "proxy-server 21" 0.0008 "-" 15 0
Oct 6 22:51:50 standalone object-server[125788]: 172.20.0.100 - - [06/Oct/2025:22:51:50 +0000] "GET /d1/293/AUTH_3db879dc43e34bcaa1aadfc758f92782/gnocchi.6184fca3-0f0a-45a1-82f4-72d57140696d/none_v3" 404 70 "GET http://localhost:8080/v1/AUTH_3db879dc43e34bcaa1aadfc758f92782/gnocchi.6184fca3-0f0a-45a1-82f4-72d57140696d/none_v3" "tx83919003c7dc4d5d83c72-0068e44806" "proxy-server 21" 0.0004 "-" 24 0
Oct 6 22:51:50 standalone proxy-server[127590]: 172.18.0.2 ::1 06/Oct/2025/22/51/50 GET /v1/AUTH_3db879dc43e34bcaa1aadfc758f92782/gnocchi.6184fca3-0f0a-45a1-82f4-72d57140696d/none_v3 HTTP/1.0 404 - python-swiftclient-3.11.1 gAAAAABo5EfCvXdz... - 70 - tx83919003c7dc4d5d83c72-0068e44806 - 0.0227 - - 1759791110.296319962 1759791110.318991184 0
Oct 6 22:51:50 standalone account-server[125516]: 172.20.0.100 - - [06/Oct/2025:22:51:50 +0000] "PUT /d1/29/AUTH_3db879dc43e34bcaa1aadfc758f92782/gnocchi.6184fca3-0f0a-45a1-82f4-72d57140696d" 201 - "PUT http://172.20.0.100:6001/d1/541/AUTH_3db879dc43e34bcaa1aadfc758f92782/gnocchi.6184fca3-0f0a-45a1-82f4-72d57140696d" "tx90503c6714ac453a89926-0068e44806" "container-server 17" 0.0077 "-" 20 0
Oct 6 22:51:50 standalone container-server[125730]: 172.20.0.100 - - [06/Oct/2025:22:51:50 +0000] "PUT /d1/541/AUTH_3db879dc43e34bcaa1aadfc758f92782/gnocchi.6184fca3-0f0a-45a1-82f4-72d57140696d" 201 - "PUT http://localhost:8080/v1/AUTH_3db879dc43e34bcaa1aadfc758f92782/gnocchi.6184fca3-0f0a-45a1-82f4-72d57140696d" "tx90503c6714ac453a89926-0068e44806" "proxy-server 21" 0.0190 "-" 17 0
Oct 6 22:51:50 standalone proxy-server[127590]: 172.18.0.2 ::1 06/Oct/2025/22/51/50 PUT /v1/AUTH_3db879dc43e34bcaa1aadfc758f92782/gnocchi.6184fca3-0f0a-45a1-82f4-72d57140696d HTTP/1.0 201 - python-swiftclient-3.11.1 gAAAAABo5EfCvXdz... - - - tx90503c6714ac453a89926-0068e44806 - 0.0302 - - 1759791110.324081421 1759791110.354311705 0
Oct 6 22:51:50 standalone container-server[125725]: 172.20.0.100 - - [06/Oct/2025:22:51:50 +0000] "HEAD /d1/541/AUTH_3db879dc43e34bcaa1aadfc758f92782/gnocchi.6184fca3-0f0a-45a1-82f4-72d57140696d" 204 - "HEAD http://localhost:8080/v1/AUTH_3db879dc43e34bcaa1aadfc758f92782/gnocchi.6184fca3-0f0a-45a1-82f4-72d57140696d?format=json&states=listing" "tx43805a5b03604ce7b3c0e-0068e44806" "proxy-server 21" 0.0048 "-" 16 0
Oct 6 22:51:50 standalone proxy-server[127590]: - - 06/Oct/2025/22/51/50 HEAD /v1/AUTH_3db879dc43e34bcaa1aadfc758f92782/gnocchi.6184fca3-0f0a-45a1-82f4-72d57140696d%3Fformat%3Djson%26states%3Dlisting HTTP/1.0 204 - Swift - - - - tx43805a5b03604ce7b3c0e-0068e44806 - 0.0127 RL - 1759791110.361516953 1759791110.374209881 0
Oct 6 22:51:50 standalone container-server[125725]: 172.20.0.100 - - [06/Oct/2025:22:51:50 +0000] "GET /d1/541/AUTH_3db879dc43e34bcaa1aadfc758f92782/gnocchi.6184fca3-0f0a-45a1-82f4-72d57140696d" 200 2 "GET http://localhost:8080/v1/AUTH_3db879dc43e34bcaa1aadfc758f92782/gnocchi.6184fca3-0f0a-45a1-82f4-72d57140696d?format=json&states=listing" "tx43805a5b03604ce7b3c0e-0068e44806" "proxy-server 21" 0.0070 "-" 16 0
Oct 6 22:51:50 standalone proxy-server[127590]: 172.18.0.2 ::1 06/Oct/2025/22/51/50 GET /v1/AUTH_3db879dc43e34bcaa1aadfc758f92782/gnocchi.6184fca3-0f0a-45a1-82f4-72d57140696d%3Fformat%3Djson%26states%3Dlisting HTTP/1.0 200 - python-swiftclient-3.11.1 gAAAAABo5EfCvXdz... - 2 - tx43805a5b03604ce7b3c0e-0068e44806 - 0.0369 - - 1759791110.359063387 1759791110.395977259 0
Oct 6 22:51:50 standalone object-server[125788]: 172.20.0.100 - - [06/Oct/2025:22:51:50 +0000] "GET /d1/881/AUTH_3db879dc43e34bcaa1aadfc758f92782/gnocchi.6184fca3-0f0a-45a1-82f4-72d57140696d/1759320000.0_mean_300.0_v3" 404 70 "GET http://localhost:8080/v1/AUTH_3db879dc43e34bcaa1aadfc758f92782/gnocchi.6184fca3-0f0a-45a1-82f4-72d57140696d/1759320000.0_mean_300.0_v3" "tx6c9797ad74514c7b946d5-0068e44806" "proxy-server 21" 0.0006 "-" 24 0
Oct 6 22:51:50 standalone proxy-server[127590]: 172.18.0.2 ::1 06/Oct/2025/22/51/50 GET /v1/AUTH_3db879dc43e34bcaa1aadfc758f92782/gnocchi.6184fca3-0f0a-45a1-82f4-72d57140696d/1759320000.0_mean_300.0_v3 HTTP/1.0 404 - python-swiftclient-3.11.1 gAAAAABo5EfCvXdz... - 70 - tx6c9797ad74514c7b946d5-0068e44806 - 0.0138 - - 1759791110.405763388 1759791110.419591665 0
Oct 6 22:51:50 standalone container-server[125730]: 172.20.0.100 - - [06/Oct/2025:22:51:50 +0000] "PUT /d1/541/AUTH_3db879dc43e34bcaa1aadfc758f92782/gnocchi.6184fca3-0f0a-45a1-82f4-72d57140696d/1759320000.0_mean_300.0_v3" 201 - "PUT http://localhost:8080/d1/881/AUTH_3db879dc43e34bcaa1aadfc758f92782/gnocchi.6184fca3-0f0a-45a1-82f4-72d57140696d/1759320000.0_mean_300.0_v3" "tx1a29ae7810a645be945ab-0068e44806" "object-server 24" 0.0016 "-" 17 0
Oct 6 22:51:50 standalone object-server[125788]: 172.20.0.100 - - [06/Oct/2025:22:51:50 +0000] "PUT /d1/881/AUTH_3db879dc43e34bcaa1aadfc758f92782/gnocchi.6184fca3-0f0a-45a1-82f4-72d57140696d/1759320000.0_mean_300.0_v3" 201 - "PUT http://localhost:8080/v1/AUTH_3db879dc43e34bcaa1aadfc758f92782/gnocchi.6184fca3-0f0a-45a1-82f4-72d57140696d/1759320000.0_mean_300.0_v3" "tx1a29ae7810a645be945ab-0068e44806" "proxy-server 21" 0.0192 "-" 24 0
Oct 6 22:51:50 standalone proxy-server[127590]: 172.18.0.2 ::1 06/Oct/2025/22/51/50 PUT /v1/AUTH_3db879dc43e34bcaa1aadfc758f92782/gnocchi.6184fca3-0f0a-45a1-82f4-72d57140696d/1759320000.0_mean_300.0_v3 HTTP/1.0 201 - python-swiftclient-3.11.1 gAAAAABo5EfCvXdz... 16 - - tx1a29ae7810a645be945ab-0068e44806 - 0.0316 - - 1759791110.427256823 1759791110.458867311 0
Oct 6 22:51:50 standalone container-server[125710]: 172.20.0.100 - - [06/Oct/2025:22:51:50 +0000] "PUT /d1/541/AUTH_3db879dc43e34bcaa1aadfc758f92782/gnocchi.6184fca3-0f0a-45a1-82f4-72d57140696d/none_v3" 201 - "PUT http://localhost:8080/d1/293/AUTH_3db879dc43e34bcaa1aadfc758f92782/gnocchi.6184fca3-0f0a-45a1-82f4-72d57140696d/none_v3" "tx2db1c1ab547a4d21814df-0068e44806" "object-server 23" 0.0019 "-" 15 0
Oct 6 22:51:50 standalone object-server[125784]: 172.20.0.100 - - [06/Oct/2025:22:51:50 +0000] "PUT /d1/293/AUTH_3db879dc43e34bcaa1aadfc758f92782/gnocchi.6184fca3-0f0a-45a1-82f4-72d57140696d/none_v3" 201 - "PUT http://localhost:8080/v1/AUTH_3db879dc43e34bcaa1aadfc758f92782/gnocchi.6184fca3-0f0a-45a1-82f4-72d57140696d/none_v3" "tx2db1c1ab547a4d21814df-0068e44806" "proxy-server 21" 0.0152 "-" 23 0
Oct 6 22:51:50 standalone proxy-server[127590]: 172.18.0.2 ::1 06/Oct/2025/22/51/50 PUT /v1/AUTH_3db879dc43e34bcaa1aadfc758f92782/gnocchi.6184fca3-0f0a-45a1-82f4-72d57140696d/none_v3 HTTP/1.0 201 - python-swiftclient-3.11.1 gAAAAABo5EfCvXdz... 22 - - tx2db1c1ab547a4d21814df-0068e44806 - 0.0278 - - 1759791110.466156960 1759791110.494001865 0
Oct 6 22:52:48 standalone account-server[125532]: 172.20.0.100 - - [06/Oct/2025:22:52:48 +0000] "HEAD /d1/979/.expiring_objects" 404 - "HEAD http://localhost/v1/.expiring_objects?format=json" "txef95eed4884b421abbe18-0068e44840" "proxy-server 2" 0.0008 "-" 23 -
Oct 6 22:52:48 standalone object-expirer[125620]: Pass completed in 0s; 0 objects expired (txn: txef95eed4884b421abbe18-0068e44840)
Oct 6 22:54:00 standalone account-server[125516]: 172.20.0.100 - - [06/Oct/2025:22:54:00 +0000] "HEAD /d1/29/AUTH_3db879dc43e34bcaa1aadfc758f92782" 204 - "HEAD http://localhost:8080/v1/AUTH_3db879dc43e34bcaa1aadfc758f92782?format=json" "tx0d392994b7584bb6b7ee2-0068e44888" "proxy-server 21" 0.0050 "-" 20 -
Oct 6 22:54:00 standalone proxy-server[127590]: - - 06/Oct/2025/22/54/00 HEAD /v1/AUTH_3db879dc43e34bcaa1aadfc758f92782%3Fformat%3Djson HTTP/1.0 204 - Swift - - - - tx0d392994b7584bb6b7ee2-0068e44888 - 0.0085 RL - 1759791240.420897722 1759791240.429428816 -
Oct 6 22:54:00 standalone container-server[125710]: 172.20.0.100 - - [06/Oct/2025:22:54:00 +0000] "HEAD /d1/706/AUTH_3db879dc43e34bcaa1aadfc758f92782/gnocchi.403f8d29-90f9-44a2-8008-3eb73d2a9a00" 404 - "HEAD http://localhost:8080/v1/AUTH_3db879dc43e34bcaa1aadfc758f92782/gnocchi.403f8d29-90f9-44a2-8008-3eb73d2a9a00?format=json&states=listing" "tx0d392994b7584bb6b7ee2-0068e44888" "proxy-server 21" 0.0005 "-" 15 0
Oct 6 22:54:00 standalone object-server[125788]: 172.20.0.100 - - [06/Oct/2025:22:54:00 +0000] "GET /d1/933/AUTH_3db879dc43e34bcaa1aadfc758f92782/gnocchi.403f8d29-90f9-44a2-8008-3eb73d2a9a00/none_v3" 404 70 "GET http://localhost:8080/v1/AUTH_3db879dc43e34bcaa1aadfc758f92782/gnocchi.403f8d29-90f9-44a2-8008-3eb73d2a9a00/none_v3" "tx0d392994b7584bb6b7ee2-0068e44888" "proxy-server 21" 0.0005 "-" 24 0
Oct 6 22:54:00 standalone proxy-server[127590]: 172.18.0.2 ::1 06/Oct/2025/22/54/00 GET /v1/AUTH_3db879dc43e34bcaa1aadfc758f92782/gnocchi.403f8d29-90f9-44a2-8008-3eb73d2a9a00/none_v3 HTTP/1.0 404 - python-swiftclient-3.11.1 gAAAAABo5EfCvXdz... - 70 - tx0d392994b7584bb6b7ee2-0068e44888 - 0.0184 - - 1759791240.420216560 1759791240.438630581 0
Oct 6 22:54:00 standalone account-server[125532]: 172.20.0.100 - - [06/Oct/2025:22:54:00 +0000] "PUT /d1/29/AUTH_3db879dc43e34bcaa1aadfc758f92782/gnocchi.403f8d29-90f9-44a2-8008-3eb73d2a9a00" 201 - "PUT http://172.20.0.100:6001/d1/706/AUTH_3db879dc43e34bcaa1aadfc758f92782/gnocchi.403f8d29-90f9-44a2-8008-3eb73d2a9a00" "tx54fc04c03b0249a3bc950-0068e44888" "container-server 16" 0.0010 "-" 23 0
Oct 6 22:54:00 standalone container-server[125725]: 172.20.0.100 - - [06/Oct/2025:22:54:00 +0000] "PUT /d1/706/AUTH_3db879dc43e34bcaa1aadfc758f92782/gnocchi.403f8d29-90f9-44a2-8008-3eb73d2a9a00" 201 - "PUT http://localhost:8080/v1/AUTH_3db879dc43e34bcaa1aadfc758f92782/gnocchi.403f8d29-90f9-44a2-8008-3eb73d2a9a00" "tx54fc04c03b0249a3bc950-0068e44888" "proxy-server 21" 0.0087 "-" 16 0
Oct 6 22:54:00 standalone proxy-server[127590]: 172.18.0.2 ::1 06/Oct/2025/22/54/00 PUT /v1/AUTH_3db879dc43e34bcaa1aadfc758f92782/gnocchi.403f8d29-90f9-44a2-8008-3eb73d2a9a00 HTTP/1.0 201 - python-swiftclient-3.11.1 gAAAAABo5EfCvXdz... - - - tx54fc04c03b0249a3bc950-0068e44888 - 0.0159 - - 1759791240.441500664 1759791240.457366943 0
Oct 6 22:54:00 standalone container-server[125725]: 172.20.0.100 - - [06/Oct/2025:22:54:00 +0000] "HEAD /d1/706/AUTH_3db879dc43e34bcaa1aadfc758f92782/gnocchi.403f8d29-90f9-44a2-8008-3eb73d2a9a00" 204 - "HEAD http://localhost:8080/v1/AUTH_3db879dc43e34bcaa1aadfc758f92782/gnocchi.403f8d29-90f9-44a2-8008-3eb73d2a9a00?format=json&states=listing" "tx6adce13927b4476f86038-0068e44888" "proxy-server 21" 0.0011 "-" 16 0
Oct 6 22:54:00 standalone proxy-server[127590]: - - 06/Oct/2025/22/54/00 HEAD /v1/AUTH_3db879dc43e34bcaa1aadfc758f92782/gnocchi.403f8d29-90f9-44a2-8008-3eb73d2a9a00%3Fformat%3Djson%26states%3Dlisting HTTP/1.0 204 - Swift - - - - tx6adce13927b4476f86038-0068e44888 - 0.0049 RL - 1759791240.472799063 1759791240.477692604 0
Oct 6 22:54:00 standalone container-server[125705]: 172.20.0.100 - - [06/Oct/2025:22:54:00 +0000] "GET /d1/706/AUTH_3db879dc43e34bcaa1aadfc758f92782/gnocchi.403f8d29-90f9-44a2-8008-3eb73d2a9a00" 200 2 "GET http://localhost:8080/v1/AUTH_3db879dc43e34bcaa1aadfc758f92782/gnocchi.403f8d29-90f9-44a2-8008-3eb73d2a9a00?format=json&states=listing" "tx6adce13927b4476f86038-0068e44888" "proxy-server 21" 0.0017 "-" 14 0
Oct 6 22:54:00 standalone proxy-server[127590]: 172.18.0.2 ::1 06/Oct/2025/22/54/00 GET /v1/AUTH_3db879dc43e34bcaa1aadfc758f92782/gnocchi.403f8d29-90f9-44a2-8008-3eb73d2a9a00%3Fformat%3Djson%26states%3Dlisting HTTP/1.0 200 - python-swiftclient-3.11.1 gAAAAABo5EfCvXdz... - 2 - tx6adce13927b4476f86038-0068e44888 - 0.0171 - - 1759791240.467217445 1759791240.484313488 0
Oct 6 22:54:00 standalone object-server[125791]: 172.20.0.100 - - [06/Oct/2025:22:54:00 +0000] "GET /d1/205/AUTH_3db879dc43e34bcaa1aadfc758f92782/gnocchi.403f8d29-90f9-44a2-8008-3eb73d2a9a00/1759320000.0_mean_300.0_v3" 404 70 "GET http://localhost:8080/v1/AUTH_3db879dc43e34bcaa1aadfc758f92782/gnocchi.403f8d29-90f9-44a2-8008-3eb73d2a9a00/1759320000.0_mean_300.0_v3" "tx49db26de05cb418fa8f4b-0068e44888" "proxy-server 21" 0.0003 "-" 25 0
Oct 6 22:54:00 standalone proxy-server[127590]: 172.18.0.2 ::1 06/Oct/2025/22/54/00 GET /v1/AUTH_3db879dc43e34bcaa1aadfc758f92782/gnocchi.403f8d29-90f9-44a2-8008-3eb73d2a9a00/1759320000.0_mean_300.0_v3 HTTP/1.0 404 - python-swiftclient-3.11.1 gAAAAABo5EfCvXdz... - 70 - tx49db26de05cb418fa8f4b-0068e44888 - 0.0052 - - 1759791240.488007307 1759791240.493185997 0
Oct 6 22:54:00 standalone container-server[125710]: 172.20.0.100 - - [06/Oct/2025:22:54:00 +0000] "PUT /d1/706/AUTH_3db879dc43e34bcaa1aadfc758f92782/gnocchi.403f8d29-90f9-44a2-8008-3eb73d2a9a00/1759320000.0_mean_300.0_v3" 201 - "PUT http://localhost:8080/d1/205/AUTH_3db879dc43e34bcaa1aadfc758f92782/gnocchi.403f8d29-90f9-44a2-8008-3eb73d2a9a00/1759320000.0_mean_300.0_v3" "txae830c427e684573a4636-0068e44888" "object-server 22" 0.0005 "-" 15 0
Oct 6 22:54:00 standalone object-server[125772]: 172.20.0.100 - - [06/Oct/2025:22:54:00 +0000] "PUT /d1/205/AUTH_3db879dc43e34bcaa1aadfc758f92782/gnocchi.403f8d29-90f9-44a2-8008-3eb73d2a9a00/1759320000.0_mean_300.0_v3" 201 - "PUT http://localhost:8080/v1/AUTH_3db879dc43e34bcaa1aadfc758f92782/gnocchi.403f8d29-90f9-44a2-8008-3eb73d2a9a00/1759320000.0_mean_300.0_v3" "txae830c427e684573a4636-0068e44888" "proxy-server 21" 0.0097 "-" 22 0
Oct 6 22:54:00 standalone proxy-server[127590]: 172.18.0.2 ::1 06/Oct/2025/22/54/00 PUT /v1/AUTH_3db879dc43e34bcaa1aadfc758f92782/gnocchi.403f8d29-90f9-44a2-8008-3eb73d2a9a00/1759320000.0_mean_300.0_v3 HTTP/1.0 201 - python-swiftclient-3.11.1 gAAAAABo5EfCvXdz... 16 - - txae830c427e684573a4636-0068e44888 - 0.0151 - - 1759791240.495760441 1759791240.510874510 0
Oct 6 22:54:00 standalone container-server[125705]: 172.20.0.100 - - [06/Oct/2025:22:54:00 +0000] "PUT /d1/706/AUTH_3db879dc43e34bcaa1aadfc758f92782/gnocchi.403f8d29-90f9-44a2-8008-3eb73d2a9a00/none_v3" 201 - "PUT http://localhost:8080/d1/933/AUTH_3db879dc43e34bcaa1aadfc758f92782/gnocchi.403f8d29-90f9-44a2-8008-3eb73d2a9a00/none_v3" "tx46a8643772424fb282d12-0068e44888" "object-server 24" 0.0004 "-" 14 0
Oct 6 22:54:00 standalone object-server[125788]: 172.20.0.100 - - [06/Oct/2025:22:54:00 +0000] "PUT /d1/933/AUTH_3db879dc43e34bcaa1aadfc758f92782/gnocchi.403f8d29-90f9-44a2-8008-3eb73d2a9a00/none_v3" 201 - "PUT http://localhost:8080/v1/AUTH_3db879dc43e34bcaa1aadfc758f92782/gnocchi.403f8d29-90f9-44a2-8008-3eb73d2a9a00/none_v3" "tx46a8643772424fb282d12-0068e44888" "proxy-server 21" 0.0070 "-" 24 0
Oct 6 22:54:00 standalone proxy-server[127590]: 172.18.0.2 ::1 06/Oct/2025/22/54/00 PUT /v1/AUTH_3db879dc43e34bcaa1aadfc758f92782/gnocchi.403f8d29-90f9-44a2-8008-3eb73d2a9a00/none_v3 HTTP/1.0 201 - python-swiftclient-3.11.1 gAAAAABo5EfCvXdz... 22 - - tx46a8643772424fb282d12-0068e44888 - 0.0125 - - 1759791240.513228893 1759791240.525733709 0
Oct 6 22:54:00 standalone container-server[125710]: 172.20.0.100 - - [06/Oct/2025:22:54:00 +0000] "HEAD /d1/822/AUTH_3db879dc43e34bcaa1aadfc758f92782/gnocchi.36483d61-f05d-4bb9-b703-ebb41ae8e7e3" 404 - "HEAD http://localhost:8080/v1/AUTH_3db879dc43e34bcaa1aadfc758f92782/gnocchi.36483d61-f05d-4bb9-b703-ebb41ae8e7e3?format=json&states=listing" "tx8751ae8e9ad646128c97a-0068e44888" "proxy-server 21" 0.0004 "-" 15 0
Oct 6 22:54:00 standalone object-server[125791]: 172.20.0.100 - - [06/Oct/2025:22:54:00 +0000] "GET /d1/357/AUTH_3db879dc43e34bcaa1aadfc758f92782/gnocchi.36483d61-f05d-4bb9-b703-ebb41ae8e7e3/none_v3" 404 70 "GET http://localhost:8080/v1/AUTH_3db879dc43e34bcaa1aadfc758f92782/gnocchi.36483d61-f05d-4bb9-b703-ebb41ae8e7e3/none_v3" "tx8751ae8e9ad646128c97a-0068e44888" "proxy-server 21" 0.0003 "-" 25 0
Oct 6 22:54:00 standalone proxy-server[127590]: 172.18.0.2 ::1 06/Oct/2025/22/54/00 GET /v1/AUTH_3db879dc43e34bcaa1aadfc758f92782/gnocchi.36483d61-f05d-4bb9-b703-ebb41ae8e7e3/none_v3 HTTP/1.0 404 - python-swiftclient-3.11.1 gAAAAABo5EfCvXdz... - 70 - tx8751ae8e9ad646128c97a-0068e44888 - 0.0065 - - 1759791240.534060001 1759791240.540591955 0
Oct 6 22:54:00 standalone account-server[125516]: 172.20.0.100 - - [06/Oct/2025:22:54:00 +0000] "PUT /d1/29/AUTH_3db879dc43e34bcaa1aadfc758f92782/gnocchi.36483d61-f05d-4bb9-b703-ebb41ae8e7e3" 201 - "PUT http://172.20.0.100:6001/d1/822/AUTH_3db879dc43e34bcaa1aadfc758f92782/gnocchi.36483d61-f05d-4bb9-b703-ebb41ae8e7e3" "txa85c4f76aa044dc398ff7-0068e44888" "container-server 16" 0.0043 "-" 20 0
Oct 6 22:54:00 standalone container-server[125725]: 172.20.0.100 - - [06/Oct/2025:22:54:00 +0000] "PUT /d1/822/AUTH_3db879dc43e34bcaa1aadfc758f92782/gnocchi.36483d61-f05d-4bb9-b703-ebb41ae8e7e3" 201 - "PUT http://localhost:8080/v1/AUTH_3db879dc43e34bcaa1aadfc758f92782/gnocchi.36483d61-f05d-4bb9-b703-ebb41ae8e7e3" "txa85c4f76aa044dc398ff7-0068e44888" "proxy-server 21" 0.0122 "-" 16 0
Oct 6 22:54:00 standalone proxy-server[127590]: 172.18.0.2 ::1 06/Oct/2025/22/54/00 PUT /v1/AUTH_3db879dc43e34bcaa1aadfc758f92782/gnocchi.36483d61-f05d-4bb9-b703-ebb41ae8e7e3 HTTP/1.0 201 - python-swiftclient-3.11.1 gAAAAABo5EfCvXdz... - - - txa85c4f76aa044dc398ff7-0068e44888 - 0.0152 - - 1759791240.542436838 1759791240.557627201 0
Oct 6 22:54:00 standalone container-server[125705]: 172.20.0.100 - - [06/Oct/2025:22:54:00 +0000] "HEAD /d1/822/AUTH_3db879dc43e34bcaa1aadfc758f92782/gnocchi.36483d61-f05d-4bb9-b703-ebb41ae8e7e3" 204 - "HEAD http://localhost:8080/v1/AUTH_3db879dc43e34bcaa1aadfc758f92782/gnocchi.36483d61-f05d-4bb9-b703-ebb41ae8e7e3?format=json&states=listing" "tx584ace44f6e14a7f97d3a-0068e44888" "proxy-server 21" 0.0011 "-" 14 0
Oct 6 22:54:00 standalone proxy-server[127590]: - - 06/Oct/2025/22/54/00 HEAD /v1/AUTH_3db879dc43e34bcaa1aadfc758f92782/gnocchi.36483d61-f05d-4bb9-b703-ebb41ae8e7e3%3Fformat%3Djson%26states%3Dlisting HTTP/1.0 204 - Swift - - - - tx584ace44f6e14a7f97d3a-0068e44888 - 0.0032 RL - 1759791240.560566425 1759791240.563760042 0
Oct 6 22:54:00 standalone container-server[125710]: 172.20.0.100 - - [06/Oct/2025:22:54:00 +0000] "GET /d1/822/AUTH_3db879dc43e34bcaa1aadfc758f92782/gnocchi.36483d61-f05d-4bb9-b703-ebb41ae8e7e3" 200 2 "GET http://localhost:8080/v1/AUTH_3db879dc43e34bcaa1aadfc758f92782/gnocchi.36483d61-f05d-4bb9-b703-ebb41ae8e7e3?format=json&states=listing" "tx584ace44f6e14a7f97d3a-0068e44888" "proxy-server 21" 0.0015 "-" 15 0
Oct 6 22:54:00 standalone proxy-server[127590]: 172.18.0.2 ::1 06/Oct/2025/22/54/00 GET /v1/AUTH_3db879dc43e34bcaa1aadfc758f92782/gnocchi.36483d61-f05d-4bb9-b703-ebb41ae8e7e3%3Fformat%3Djson%26states%3Dlisting HTTP/1.0 200 - python-swiftclient-3.11.1 gAAAAABo5EfCvXdz... - 2 - tx584ace44f6e14a7f97d3a-0068e44888 - 0.0091 - - 1759791240.559917212 1759791240.568973064 0
Oct 6 22:54:00 standalone object-server[125788]: 172.20.0.100 - - [06/Oct/2025:22:54:00 +0000] "GET /d1/291/AUTH_3db879dc43e34bcaa1aadfc758f92782/gnocchi.36483d61-f05d-4bb9-b703-ebb41ae8e7e3/1759320000.0_mean_300.0_v3" 404 70 "GET http://localhost:8080/v1/AUTH_3db879dc43e34bcaa1aadfc758f92782/gnocchi.36483d61-f05d-4bb9-b703-ebb41ae8e7e3/1759320000.0_mean_300.0_v3" "txc91b7f7dfd744b0292ac9-0068e44888" "proxy-server 21" 0.0002 "-" 24 0
Oct 6 22:54:00 standalone proxy-server[127590]: 172.18.0.2 ::1 06/Oct/2025/22/54/00 GET /v1/AUTH_3db879dc43e34bcaa1aadfc758f92782/gnocchi.36483d61-f05d-4bb9-b703-ebb41ae8e7e3/1759320000.0_mean_300.0_v3 HTTP/1.0 404 - python-swiftclient-3.11.1 gAAAAABo5EfCvXdz... - 70 - txc91b7f7dfd744b0292ac9-0068e44888 - 0.0039 - - 1759791240.571271181 1759791240.575127602 0
Oct 6 22:54:00 standalone container-server[125710]: 172.20.0.100 - - [06/Oct/2025:22:54:00 +0000] "PUT /d1/822/AUTH_3db879dc43e34bcaa1aadfc758f92782/gnocchi.36483d61-f05d-4bb9-b703-ebb41ae8e7e3/1759320000.0_mean_300.0_v3" 201 - "PUT http://localhost:8080/d1/291/AUTH_3db879dc43e34bcaa1aadfc758f92782/gnocchi.36483d61-f05d-4bb9-b703-ebb41ae8e7e3/1759320000.0_mean_300.0_v3" "tx42143b7916bf471e808c4-0068e44888" "object-server 24" 0.0003 "-" 15 0
Oct 6 22:54:00 standalone object-server[125788]: 172.20.0.100 - - [06/Oct/2025:22:54:00 +0000] "PUT /d1/291/AUTH_3db879dc43e34bcaa1aadfc758f92782/gnocchi.36483d61-f05d-4bb9-b703-ebb41ae8e7e3/1759320000.0_mean_300.0_v3" 201 - "PUT http://localhost:8080/v1/AUTH_3db879dc43e34bcaa1aadfc758f92782/gnocchi.36483d61-f05d-4bb9-b703-ebb41ae8e7e3/1759320000.0_mean_300.0_v3" "tx42143b7916bf471e808c4-0068e44888" "proxy-server 21" 0.0065 "-" 24 0
Oct 6 22:54:00 standalone proxy-server[127590]: 172.18.0.2 ::1 06/Oct/2025/22/54/00 PUT /v1/AUTH_3db879dc43e34bcaa1aadfc758f92782/gnocchi.36483d61-f05d-4bb9-b703-ebb41ae8e7e3/1759320000.0_mean_300.0_v3 HTTP/1.0 201 - python-swiftclient-3.11.1 gAAAAABo5EfCvXdz... 16 - - tx42143b7916bf471e808c4-0068e44888 - 0.0096 - - 1759791240.577074289 1759791240.586660147 0
Oct 6 22:54:00 standalone container-server[125730]: 172.20.0.100 - - [06/Oct/2025:22:54:00 +0000] "PUT /d1/822/AUTH_3db879dc43e34bcaa1aadfc758f92782/gnocchi.36483d61-f05d-4bb9-b703-ebb41ae8e7e3/none_v3" 201 - "PUT http://localhost:8080/d1/357/AUTH_3db879dc43e34bcaa1aadfc758f92782/gnocchi.36483d61-f05d-4bb9-b703-ebb41ae8e7e3/none_v3" "tx31af02db891e48a692503-0068e44888" "object-server 25" 0.0004 "-" 17 0
Oct 6 22:54:00 standalone object-server[125791]: 172.20.0.100 - - [06/Oct/2025:22:54:00 +0000] "PUT /d1/357/AUTH_3db879dc43e34bcaa1aadfc758f92782/gnocchi.36483d61-f05d-4bb9-b703-ebb41ae8e7e3/none_v3" 201 - "PUT http://localhost:8080/v1/AUTH_3db879dc43e34bcaa1aadfc758f92782/gnocchi.36483d61-f05d-4bb9-b703-ebb41ae8e7e3/none_v3" "tx31af02db891e48a692503-0068e44888" "proxy-server 21" 0.0066 "-" 25 0
Oct 6 22:54:00 standalone proxy-server[127590]: 172.18.0.2 ::1 06/Oct/2025/22/54/00 PUT /v1/AUTH_3db879dc43e34bcaa1aadfc758f92782/gnocchi.36483d61-f05d-4bb9-b703-ebb41ae8e7e3/none_v3 HTTP/1.0 201 - python-swiftclient-3.11.1 gAAAAABo5EfCvXdz... 22 - - tx31af02db891e48a692503-0068e44888 - 0.0098 - - 1759791240.588548660 1759791240.598375797 0
Oct 6 22:54:00 standalone container-server[125705]: 172.20.0.100 - - [06/Oct/2025:22:54:00 +0000] "HEAD /d1/519/AUTH_3db879dc43e34bcaa1aadfc758f92782/gnocchi.6f5108ad-e860-4734-aa83-69270c7e544c" 404 - "HEAD http://localhost:8080/v1/AUTH_3db879dc43e34bcaa1aadfc758f92782/gnocchi.6f5108ad-e860-4734-aa83-69270c7e544c?format=json&states=listing" "txc943a3db973a4affb45c9-0068e44888" "proxy-server 21" 0.0003 "-" 14 0
Oct 6 22:54:00 standalone object-server[125772]: 172.20.0.100 - - [06/Oct/2025:22:54:00 +0000] "GET /d1/736/AUTH_3db879dc43e34bcaa1aadfc758f92782/gnocchi.6f5108ad-e860-4734-aa83-69270c7e544c/none_v3" 404 70 "GET http://localhost:8080/v1/AUTH_3db879dc43e34bcaa1aadfc758f92782/gnocchi.6f5108ad-e860-4734-aa83-69270c7e544c/none_v3" "txc943a3db973a4affb45c9-0068e44888" "proxy-server 21" 0.0004 "-" 22 0
Oct 6 22:54:00 standalone proxy-server[127590]: 172.18.0.2 ::1 06/Oct/2025/22/54/00 GET /v1/AUTH_3db879dc43e34bcaa1aadfc758f92782/gnocchi.6f5108ad-e860-4734-aa83-69270c7e544c/none_v3 HTTP/1.0 404 - python-swiftclient-3.11.1 gAAAAABo5EfCvXdz... - 70 - txc943a3db973a4affb45c9-0068e44888 - 0.0067 - - 1759791240.605781317 1759791240.612496853 0
Oct 6 22:54:00 standalone account-server[125532]: 172.20.0.100 - - [06/Oct/2025:22:54:00 +0000] "PUT /d1/29/AUTH_3db879dc43e34bcaa1aadfc758f92782/gnocchi.6f5108ad-e860-4734-aa83-69270c7e544c" 201 - "PUT http://172.20.0.100:6001/d1/519/AUTH_3db879dc43e34bcaa1aadfc758f92782/gnocchi.6f5108ad-e860-4734-aa83-69270c7e544c" "tx955e8f5c96264fe08b98b-0068e44888" "container-server 17" 0.0042 "-" 23 0
Oct 6 22:54:00 standalone container-server[125730]: 172.20.0.100 - - [06/Oct/2025:22:54:00 +0000] "PUT /d1/519/AUTH_3db879dc43e34bcaa1aadfc758f92782/gnocchi.6f5108ad-e860-4734-aa83-69270c7e544c" 201 - "PUT http://localhost:8080/v1/AUTH_3db879dc43e34bcaa1aadfc758f92782/gnocchi.6f5108ad-e860-4734-aa83-69270c7e544c" "tx955e8f5c96264fe08b98b-0068e44888" "proxy-server 21" 0.0115 "-" 17 0
Oct 6 22:54:00 standalone proxy-server[127590]: 172.18.0.2 ::1 06/Oct/2025/22/54/00 PUT /v1/AUTH_3db879dc43e34bcaa1aadfc758f92782/gnocchi.6f5108ad-e860-4734-aa83-69270c7e544c HTTP/1.0 201 - python-swiftclient-3.11.1 gAAAAABo5EfCvXdz... - - - tx955e8f5c96264fe08b98b-0068e44888 - 0.0143 - - 1759791240.614282131 1759791240.628625870 0
Oct 6 22:54:00 standalone container-server[125710]: 172.20.0.100 - - [06/Oct/2025:22:54:00 +0000] "HEAD /d1/519/AUTH_3db879dc43e34bcaa1aadfc758f92782/gnocchi.6f5108ad-e860-4734-aa83-69270c7e544c" 204 - "HEAD http://localhost:8080/v1/AUTH_3db879dc43e34bcaa1aadfc758f92782/gnocchi.6f5108ad-e860-4734-aa83-69270c7e544c?format=json&states=listing" "txed081c0116bb440c8974c-0068e44888" "proxy-server 21" 0.0010 "-" 15 0
Oct 6 22:54:00 standalone proxy-server[127590]: - - 06/Oct/2025/22/54/00 HEAD /v1/AUTH_3db879dc43e34bcaa1aadfc758f92782/gnocchi.6f5108ad-e860-4734-aa83-69270c7e544c%3Fformat%3Djson%26states%3Dlisting HTTP/1.0 204 - Swift - - - - txed081c0116bb440c8974c-0068e44888 - 0.0030 RL - 1759791240.631412506 1759791240.634381771 0
