2025-10-06 22:39:08.998 2 DEBUG oslo_service.service [-] database.mysql_enable_ndb = False log_opt_values /usr/lib/python3.9/site-packages/oslo_config/cfg.py:2613
2025-10-06 22:39:08.998 2 DEBUG oslo_service.service [-] database.mysql_sql_mode = TRADITIONAL log_opt_values /usr/lib/python3.9/site-packages/oslo_config/cfg.py:2613
2025-10-06 22:39:08.998 2 DEBUG oslo_service.service [-] database.pool_timeout = None log_opt_values /usr/lib/python3.9/site-packages/oslo_config/cfg.py:2613
2025-10-06 22:39:08.998 2 DEBUG oslo_service.service [-] database.retry_interval = 10 log_opt_values /usr/lib/python3.9/site-packages/oslo_config/cfg.py:2613
2025-10-06 22:39:08.998 2 DEBUG oslo_service.service [-] database.slave_connection = **** log_opt_values /usr/lib/python3.9/site-packages/oslo_config/cfg.py:2613
2025-10-06 22:39:08.998 2 DEBUG oslo_service.service [-] database.sqlite_synchronous = True log_opt_values /usr/lib/python3.9/site-packages/oslo_config/cfg.py:2613
2025-10-06 22:39:08.998 2 DEBUG oslo_service.service [-] database.use_db_reconnect = False log_opt_values /usr/lib/python3.9/site-packages/oslo_config/cfg.py:2613
2025-10-06 22:39:08.999 2 DEBUG oslo_service.service [-] ovn.broadcast_arps_to_all_routers = True log_opt_values /usr/lib/python3.9/site-packages/oslo_config/cfg.py:2613
2025-10-06 22:39:08.999 2 DEBUG oslo_service.service [-] ovn.dhcp_default_lease_time = 43200 log_opt_values /usr/lib/python3.9/site-packages/oslo_config/cfg.py:2613
2025-10-06 22:39:08.999 2 DEBUG oslo_service.service [-] ovn.disable_ovn_dhcp_for_baremetal_ports = False log_opt_values /usr/lib/python3.9/site-packages/oslo_config/cfg.py:2613
2025-10-06 22:39:08.999 2 DEBUG oslo_service.service [-] ovn.dns_servers = [] log_opt_values /usr/lib/python3.9/site-packages/oslo_config/cfg.py:2613
2025-10-06 22:39:08.999 2 DEBUG oslo_service.service [-] ovn.enable_distributed_floating_ip = True log_opt_values /usr/lib/python3.9/site-packages/oslo_config/cfg.py:2613
2025-10-06 22:39:08.999 2 DEBUG oslo_service.service [-] ovn.fdb_age_threshold = 0 log_opt_values /usr/lib/python3.9/site-packages/oslo_config/cfg.py:2613
2025-10-06 22:39:08.999 2 DEBUG oslo_service.service [-] ovn.localnet_learn_fdb = False log_opt_values /usr/lib/python3.9/site-packages/oslo_config/cfg.py:2613
2025-10-06 22:39:08.999 2 DEBUG oslo_service.service [-] ovn.mac_binding_age_threshold = 0 log_opt_values /usr/lib/python3.9/site-packages/oslo_config/cfg.py:2613
2025-10-06 22:39:08.999 2 DEBUG oslo_service.service [-] ovn.neutron_sync_mode = log log_opt_values /usr/lib/python3.9/site-packages/oslo_config/cfg.py:2613
2025-10-06 22:39:08.999 2 DEBUG oslo_service.service [-] ovn.ovn_dhcp4_global_options = {} log_opt_values /usr/lib/python3.9/site-packages/oslo_config/cfg.py:2613
2025-10-06 22:39:08.999 2 DEBUG oslo_service.service [-] ovn.ovn_dhcp6_global_options = {} log_opt_values /usr/lib/python3.9/site-packages/oslo_config/cfg.py:2613
2025-10-06 22:39:08.999 2 DEBUG oslo_service.service [-] ovn.ovn_emit_need_to_frag = True log_opt_values /usr/lib/python3.9/site-packages/oslo_config/cfg.py:2613
2025-10-06 22:39:09.000 2 DEBUG oslo_service.service [-] ovn.ovn_l3_mode = True log_opt_values /usr/lib/python3.9/site-packages/oslo_config/cfg.py:2613
2025-10-06 22:39:09.000 2 DEBUG oslo_service.service [-] ovn.ovn_l3_scheduler = leastloaded log_opt_values /usr/lib/python3.9/site-packages/oslo_config/cfg.py:2613
2025-10-06 22:39:09.000 2 DEBUG oslo_service.service [-] ovn.ovn_metadata_enabled = True log_opt_values /usr/lib/python3.9/site-packages/oslo_config/cfg.py:2613
2025-10-06 22:39:09.000 2 DEBUG oslo_service.service [-] ovn.ovn_nb_ca_cert = /etc/ipa/ca.crt log_opt_values /usr/lib/python3.9/site-packages/oslo_config/cfg.py:2613
2025-10-06 22:39:09.000 2 DEBUG oslo_service.service [-] ovn.ovn_nb_certificate = /etc/pki/tls/certs/neutron_ovn.crt log_opt_values /usr/lib/python3.9/site-packages/oslo_config/cfg.py:2613
2025-10-06 22:39:09.000 2 DEBUG oslo_service.service [-] ovn.ovn_nb_connection = ssl:172.17.0.100:6641 log_opt_values /usr/lib/python3.9/site-packages/oslo_config/cfg.py:2613
2025-10-06 22:39:09.000 2 DEBUG oslo_service.service [-] ovn.ovn_nb_private_key = /etc/pki/tls/private/neutron_ovn.key log_opt_values /usr/lib/python3.9/site-packages/oslo_config/cfg.py:2613
2025-10-06 22:39:09.001 2 DEBUG oslo_service.service [-] ovn.ovn_router_indirect_snat = False log_opt_values /usr/lib/python3.9/site-packages/oslo_config/cfg.py:2613
2025-10-06 22:39:09.001 2 DEBUG oslo_service.service [-] ovn.ovn_sb_ca_cert = /etc/ipa/ca.crt log_opt_values /usr/lib/python3.9/site-packages/oslo_config/cfg.py:2613
2025-10-06 22:39:09.001 2 DEBUG oslo_service.service [-] ovn.ovn_sb_certificate = /etc/pki/tls/certs/neutron_ovn.crt log_opt_values /usr/lib/python3.9/site-packages/oslo_config/cfg.py:2613
2025-10-06 22:39:09.001 2 DEBUG oslo_service.service [-] ovn.ovn_sb_connection = ssl:172.17.0.100:6642 log_opt_values /usr/lib/python3.9/site-packages/oslo_config/cfg.py:2613
2025-10-06 22:39:09.001 2 DEBUG oslo_service.service [-] ovn.ovn_sb_private_key = /etc/pki/tls/private/neutron_ovn.key log_opt_values /usr/lib/python3.9/site-packages/oslo_config/cfg.py:2613
2025-10-06 22:39:09.001 2 DEBUG oslo_service.service [-] ovn.ovsdb_connection_timeout = 180 log_opt_values /usr/lib/python3.9/site-packages/oslo_config/cfg.py:2613
2025-10-06 22:39:09.001 2 DEBUG oslo_service.service [-] ovn.ovsdb_log_level = INFO log_opt_values /usr/lib/python3.9/site-packages/oslo_config/cfg.py:2613
2025-10-06 22:39:09.001 2 DEBUG oslo_service.service [-] ovn.ovsdb_probe_interval = 60000 log_opt_values /usr/lib/python3.9/site-packages/oslo_config/cfg.py:2613
2025-10-06 22:39:09.001 2 DEBUG oslo_service.service [-] ovn.ovsdb_retry_max_interval = 180 log_opt_values /usr/lib/python3.9/site-packages/oslo_config/cfg.py:2613
2025-10-06 22:39:09.001 2 DEBUG oslo_service.service [-] ovn.vhost_sock_dir = /var/run/openvswitch log_opt_values /usr/lib/python3.9/site-packages/oslo_config/cfg.py:2613
2025-10-06 22:39:09.001 2 DEBUG oslo_service.service [-] ovn.vif_type = ovs log_opt_values /usr/lib/python3.9/site-packages/oslo_config/cfg.py:2613
2025-10-06 22:39:09.001 2 DEBUG oslo_service.service [-] OVS.bridge_mac_table_size = 50000 log_opt_values /usr/lib/python3.9/site-packages/oslo_config/cfg.py:2613
2025-10-06 22:39:09.001 2 DEBUG oslo_service.service [-] OVS.igmp_snooping_enable = False log_opt_values /usr/lib/python3.9/site-packages/oslo_config/cfg.py:2613
2025-10-06 22:39:09.001 2 DEBUG oslo_service.service [-] OVS.ovsdb_timeout = 10 log_opt_values /usr/lib/python3.9/site-packages/oslo_config/cfg.py:2613
2025-10-06 22:39:09.001 2 DEBUG oslo_service.service [-] ovn_nb_global.fdb_removal_limit = 0 log_opt_values /usr/lib/python3.9/site-packages/oslo_config/cfg.py:2613
2025-10-06 22:39:09.001 2 DEBUG oslo_service.service [-] ovn_nb_global.ignore_lsp_down = False log_opt_values /usr/lib/python3.9/site-packages/oslo_config/cfg.py:2613
2025-10-06 22:39:09.001 2 DEBUG oslo_service.service [-] ovn_nb_global.mac_binding_removal_limit = 0 log_opt_values /usr/lib/python3.9/site-packages/oslo_config/cfg.py:2613
2025-10-06 22:39:09.002 2 DEBUG oslo_service.service [-] ******************************************************************************** log_opt_values /usr/lib/python3.9/site-packages/oslo_config/cfg.py:2617
2025-10-06 22:39:09.003 20 DEBUG ovsdbapp.backend.ovs_idl [-] Created lookup_table index Logical_Switch.name autocreate_indices /usr/lib/python3.9/site-packages/ovsdbapp/backend/ovs_idl/__init__.py:107
2025-10-06 22:39:09.003 20 DEBUG ovsdbapp.backend.ovs_idl [-] Created lookup_table index Logical_Router.name autocreate_indices /usr/lib/python3.9/site-packages/ovsdbapp/backend/ovs_idl/__init__.py:107
2025-10-06 22:39:09.003 20 DEBUG ovsdbapp.backend.ovs_idl [-] Created lookup_table index Load_Balancer.name autocreate_indices /usr/lib/python3.9/site-packages/ovsdbapp/backend/ovs_idl/__init__.py:107
2025-10-06 22:39:09.003 20 DEBUG ovsdbapp.backend.ovs_idl [-] Created schema index Meter.name autocreate_indices /usr/lib/python3.9/site-packages/ovsdbapp/backend/ovs_idl/__init__.py:126
2025-10-06 22:39:09.004 20 DEBUG ovsdbapp.backend.ovs_idl [-] Created schema index Copp.name autocreate_indices /usr/lib/python3.9/site-packages/ovsdbapp/backend/ovs_idl/__init__.py:126
2025-10-06 22:39:09.004 20 DEBUG ovsdbapp.backend.ovs_idl [-] Created schema index Logical_Switch_Port.name autocreate_indices /usr/lib/python3.9/site-packages/ovsdbapp/backend/ovs_idl/__init__.py:126
2025-10-06 22:39:09.004 20 DEBUG ovsdbapp.backend.ovs_idl [-] Created schema index Chassis_Template_Var.chassis autocreate_indices /usr/lib/python3.9/site-packages/ovsdbapp/backend/ovs_idl/__init__.py:126
2025-10-06 22:39:09.004 20 DEBUG ovsdbapp.backend.ovs_idl [-] Created schema index Gateway_Chassis.name autocreate_indices /usr/lib/python3.9/site-packages/ovsdbapp/backend/ovs_idl/__init__.py:126
2025-10-06 22:39:09.004 20 DEBUG ovsdbapp.backend.ovs_idl [-] Created schema index Connection.target autocreate_indices /usr/lib/python3.9/site-packages/ovsdbapp/backend/ovs_idl/__init__.py:126
2025-10-06 22:39:09.004 20 DEBUG ovsdbapp.backend.ovs_idl [-] Created schema index Port_Group.name autocreate_indices /usr/lib/python3.9/site-packages/ovsdbapp/backend/ovs_idl/__init__.py:126
2025-10-06 22:39:09.004 20 DEBUG ovsdbapp.backend.ovs_idl [-] Created schema index Logical_Router_Port.name autocreate_indices /usr/lib/python3.9/site-packages/ovsdbapp/backend/ovs_idl/__init__.py:126
2025-10-06 22:39:09.005 20 DEBUG ovsdbapp.backend.ovs_idl [-] Created schema index HA_Chassis_Group.name autocreate_indices /usr/lib/python3.9/site-packages/ovsdbapp/backend/ovs_idl/__init__.py:126
2025-10-06 22:39:09.005 20 DEBUG ovsdbapp.backend.ovs_idl [-] Created schema index Mirror.name autocreate_indices /usr/lib/python3.9/site-packages/ovsdbapp/backend/ovs_idl/__init__.py:126
2025-10-06 22:39:09.005 20 DEBUG ovsdbapp.backend.ovs_idl [-] Created schema index Address_Set.name autocreate_indices /usr/lib/python3.9/site-packages/ovsdbapp/backend/ovs_idl/__init__.py:126
2025-10-06 22:39:09.005 20 DEBUG ovsdbapp.backend.ovs_idl [-] Created schema index Load_Balancer_Group.name autocreate_indices /usr/lib/python3.9/site-packages/ovsdbapp/backend/ovs_idl/__init__.py:126
2025-10-06 22:39:08.983 16 DEBUG ovsdbapp.backend.ovs_idl [req-6dda7b5f-52f0-4224-897c-c2e7454e7982 - - - - -] Created schema index Load_Balancer_Group.name autocreate_indices /usr/lib/python3.9/site-packages/ovsdbapp/backend/ovs_idl/__init__.py:126
2025-10-06 22:39:09.019 16 INFO ovsdbapp.backend.ovs_idl.vlog [req-6dda7b5f-52f0-4224-897c-c2e7454e7982 - - - - -] ssl:172.17.0.100:6641: connecting...
2025-10-06 22:39:09.024 20 INFO ovsdbapp.backend.ovs_idl.vlog [-] ssl:172.17.0.100:6641: connecting...
2025-10-06 22:39:09.035 20 INFO ovsdbapp.backend.ovs_idl.vlog [-] ssl:172.17.0.100:6641: connected
2025-10-06 22:39:09.036 16 INFO ovsdbapp.backend.ovs_idl.vlog [req-6dda7b5f-52f0-4224-897c-c2e7454e7982 - - - - -] ssl:172.17.0.100:6641: connected
2025-10-06 22:39:09.041 18 DEBUG neutron.common.ovn.hash_ring_manager [req-b6babc51-9dc5-4cf8-b761-cba14ffcbb21 - - - - -] Allow caching, nodes 1>=1 _wait_startup_before_caching /usr/lib/python3.9/site-packages/neutron/common/ovn/hash_ring_manager.py:64
2025-10-06 22:39:09.045 20 INFO neutron.plugins.ml2.drivers.ovn.mech_driver.ovsdb.impl_idl_ovn [-] Getting OvsdbSbOvnIdl for MaintenanceWorker with retry
2025-10-06 22:39:09.054 20 DEBUG ovsdbapp.backend.ovs_idl [-] Created lookup_table index Chassis.name autocreate_indices /usr/lib/python3.9/site-packages/ovsdbapp/backend/ovs_idl/__init__.py:107
2025-10-06 22:39:09.055 20 DEBUG ovsdbapp.backend.ovs_idl [-] Created schema index Chassis_Private.name autocreate_indices /usr/lib/python3.9/site-packages/ovsdbapp/backend/ovs_idl/__init__.py:126
2025-10-06 22:39:09.055 20 DEBUG ovsdbapp.backend.ovs_idl [-] Created schema index Datapath_Binding.tunnel_key autocreate_indices /usr/lib/python3.9/site-packages/ovsdbapp/backend/ovs_idl/__init__.py:126
2025-10-06 22:39:09.062 20 INFO ovsdbapp.backend.ovs_idl.vlog [-] ssl:172.17.0.100:6642: connecting...
2025-10-06 22:39:09.066 20 INFO ovsdbapp.backend.ovs_idl.vlog [-] ssl:172.17.0.100:6642: connected
2025-10-06 22:39:09.066 16 DEBUG neutron.common.ovn.hash_ring_manager [req-6dda7b5f-52f0-4224-897c-c2e7454e7982 - - - - -] Allow caching, nodes 1>=1 _wait_startup_before_caching /usr/lib/python3.9/site-packages/neutron/common/ovn/hash_ring_manager.py:64
2025-10-06 22:39:09.078 20 INFO neutron.plugins.ml2.drivers.ovn.mech_driver.ovsdb.extensions.qos [-] Starting OVNClientQosExtension
2025-10-06 22:39:09.078 20 INFO neutron.plugins.ml2.drivers.ovn.mech_driver.ovsdb.extensions.qos [-] Starting OVNClientQosExtension
2025-10-06 22:39:09.079 20 DEBUG neutron.plugins.ml2.drivers.ovn.mech_driver.ovsdb.maintenance [-] Schema aware periodic task found: DBInconsistenciesPeriodics.migrate_to_port_groups _set_schema_aware_periodics /usr/lib/python3.9/site-packages/neutron/plugins/ml2/drivers/ovn/mech_driver/ovsdb/maintenance.py:135
2025-10-06 22:39:09.079 20 DEBUG neutron.plugins.ml2.drivers.ovn.mech_driver.ovsdb.maintenance [-] Periodic task found: DBInconsistenciesPeriodics.add_vnic_type_and_pb_capabilities_to_lsp add_periodics /usr/lib/python3.9/site-packages/neutron/plugins/ml2/drivers/ovn/mech_driver/ovsdb/maintenance.py:74
2025-10-06 22:39:09.079 20 DEBUG neutron.plugins.ml2.drivers.ovn.mech_driver.ovsdb.maintenance [-] Periodic task found: DBInconsistenciesPeriodics.check_baremetal_ports_dhcp_options add_periodics /usr/lib/python3.9/site-packages/neutron/plugins/ml2/drivers/ovn/mech_driver/ovsdb/maintenance.py:74
2025-10-06 22:39:09.079 20 DEBUG neutron.plugins.ml2.drivers.ovn.mech_driver.ovsdb.maintenance [-] Periodic task found: DBInconsistenciesPeriodics.check_fair_meter_consistency add_periodics /usr/lib/python3.9/site-packages/neutron/plugins/ml2/drivers/ovn/mech_driver/ovsdb/maintenance.py:74
2025-10-06 22:39:09.079 20 DEBUG neutron.plugins.ml2.drivers.ovn.mech_driver.ovsdb.maintenance [-] Periodic task found: DBInconsistenciesPeriodics.check_fdb_aging_settings add_periodics /usr/lib/python3.9/site-packages/neutron/plugins/ml2/drivers/ovn/mech_driver/ovsdb/maintenance.py:74
2025-10-06 22:39:09.079 20 DEBUG neutron.plugins.ml2.drivers.ovn.mech_driver.ovsdb.maintenance [-] Periodic task found: DBInconsistenciesPeriodics.check_for_fragmentation_support add_periodics /usr/lib/python3.9/site-packages/neutron/plugins/ml2/drivers/ovn/mech_driver/ovsdb/maintenance.py:74
2025-10-06 22:39:09.080 20 DEBUG neutron.plugins.ml2.drivers.ovn.mech_driver.ovsdb.maintenance [-] Periodic task found: DBInconsistenciesPeriodics.check_for_ha_chassis_group add_periodics /usr/lib/python3.9/site-packages/neutron/plugins/ml2/drivers/ovn/mech_driver/ovsdb/maintenance.py:74
2025-10-06 22:39:09.080 20 DEBUG neutron.plugins.ml2.drivers.ovn.mech_driver.ovsdb.maintenance [-] Periodic task found: DBInconsistenciesPeriodics.check_for_igmp_snoop_support add_periodics /usr/lib/python3.9/site-packages/neutron/plugins/ml2/drivers/ovn/mech_driver/ovsdb/maintenance.py:74
2025-10-06 22:39:09.080 20 DEBUG neutron.plugins.ml2.drivers.ovn.mech_driver.ovsdb.maintenance [-] Periodic task found: DBInconsistenciesPeriodics.check_for_inconsistencies add_periodics /usr/lib/python3.9/site-packages/neutron/plugins/ml2/drivers/ovn/mech_driver/ovsdb/maintenance.py:74
2025-10-06 22:39:09.080 20 DEBUG neutron.plugins.ml2.drivers.ovn.mech_driver.ovsdb.maintenance [-] Periodic task found: DBInconsistenciesPeriodics.check_for_localnet_legacy_port_name add_periodics /usr/lib/python3.9/site-packages/neutron/plugins/ml2/drivers/ovn/mech_driver/ovsdb/maintenance.py:74
2025-10-06 22:39:09.080 20 DEBUG neutron.plugins.ml2.drivers.ovn.mech_driver.ovsdb.maintenance [-] Periodic task found: DBInconsistenciesPeriodics.check_for_mcast_flood_reports add_periodics /usr/lib/python3.9/site-packages/neutron/plugins/ml2/drivers/ovn/mech_driver/ovsdb/maintenance.py:74
2025-10-06 22:39:09.080 20 DEBUG neutron.plugins.ml2.drivers.ovn.mech_driver.ovsdb.maintenance [-] Periodic task found: DBInconsistenciesPeriodics.check_for_port_security_unknown_address add_periodics /usr/lib/python3.9/site-packages/neutron/plugins/ml2/drivers/ovn/mech_driver/ovsdb/maintenance.py:74
2025-10-06 22:39:09.080 20 DEBUG neutron.plugins.ml2.drivers.ovn.mech_driver.ovsdb.maintenance [-] Periodic task found: DBInconsistenciesPeriodics.check_global_dhcp_opts add_periodics /usr/lib/python3.9/site-packages/neutron/plugins/ml2/drivers/ovn/mech_driver/ovsdb/maintenance.py:74
2025-10-06 22:39:09.080 20 DEBUG neutron.plugins.ml2.drivers.ovn.mech_driver.ovsdb.maintenance [-] Periodic task found: DBInconsistenciesPeriodics.check_localnet_port_has_learn_fdb add_periodics /usr/lib/python3.9/site-packages/neutron/plugins/ml2/drivers/ovn/mech_driver/ovsdb/maintenance.py:74
2025-10-06 22:39:09.080 20 DEBUG neutron.plugins.ml2.drivers.ovn.mech_driver.ovsdb.maintenance [-] Periodic task found: DBInconsistenciesPeriodics.check_metadata_ports add_periodics /usr/lib/python3.9/site-packages/neutron/plugins/ml2/drivers/ovn/mech_driver/ovsdb/maintenance.py:74
2025-10-06 22:39:09.080 20 DEBUG neutron.plugins.ml2.drivers.ovn.mech_driver.ovsdb.maintenance [-] Periodic task found: DBInconsistenciesPeriodics.check_network_broadcast_arps_to_all_routers add_periodics /usr/lib/python3.9/site-packages/neutron/plugins/ml2/drivers/ovn/mech_driver/ovsdb/maintenance.py:74
2025-10-06 22:39:09.080 20 DEBUG neutron.plugins.ml2.drivers.ovn.mech_driver.ovsdb.maintenance [-] Periodic task found: DBInconsistenciesPeriodics.check_port_has_address_scope add_periodics /usr/lib/python3.9/site-packages/neutron/plugins/ml2/drivers/ovn/mech_driver/ovsdb/maintenance.py:74
2025-10-06 22:39:09.080 20 DEBUG neutron.plugins.ml2.drivers.ovn.mech_driver.ovsdb.maintenance [-] Periodic task found: DBInconsistenciesPeriodics.check_provider_distributed_ports add_periodics /usr/lib/python3.9/site-packages/neutron/plugins/ml2/drivers/ovn/mech_driver/ovsdb/maintenance.py:74
2025-10-06 22:39:09.080 20 DEBUG neutron.plugins.ml2.drivers.ovn.mech_driver.ovsdb.maintenance [-] Periodic task found: DBInconsistenciesPeriodics.check_redirect_type_router_gateway_ports add_periodics /usr/lib/python3.9/site-packages/neutron/plugins/ml2/drivers/ovn/mech_driver/ovsdb/maintenance.py:74
2025-10-06 22:39:09.081 20 DEBUG neutron.plugins.ml2.drivers.ovn.mech_driver.ovsdb.maintenance [-] Periodic task found: DBInconsistenciesPeriodics.check_router_mac_binding_options add_periodics /usr/lib/python3.9/site-packages/neutron/plugins/ml2/drivers/ovn/mech_driver/ovsdb/maintenance.py:74
2025-10-06 22:39:09.081 20 DEBUG neutron.plugins.ml2.drivers.ovn.mech_driver.ovsdb.maintenance [-] Periodic task found: DBInconsistenciesPeriodics.cleanup_old_hash_ring_nodes add_periodics /usr/lib/python3.9/site-packages/neutron/plugins/ml2/drivers/ovn/mech_driver/ovsdb/maintenance.py:74
2025-10-06 22:39:09.081 20 DEBUG neutron.plugins.ml2.drivers.ovn.mech_driver.ovsdb.maintenance [-] Periodic task found: DBInconsistenciesPeriodics.configure_nb_global add_periodics /usr/lib/python3.9/site-packages/neutron/plugins/ml2/drivers/ovn/mech_driver/ovsdb/maintenance.py:74
2025-10-06 22:39:09.081 20 DEBUG neutron.plugins.ml2.drivers.ovn.mech_driver.ovsdb.maintenance [-] Periodic task found: DBInconsistenciesPeriodics.create_router_extra_attributes_registers add_periodics /usr/lib/python3.9/site-packages/neutron/plugins/ml2/drivers/ovn/mech_driver/ovsdb/maintenance.py:74
2025-10-06 22:39:09.081 20 DEBUG neutron.plugins.ml2.drivers.ovn.mech_driver.ovsdb.maintenance [-] Periodic task found: DBInconsistenciesPeriodics.migrate_to_port_groups add_periodics /usr/lib/python3.9/site-packages/neutron/plugins/ml2/drivers/ovn/mech_driver/ovsdb/maintenance.py:74
2025-10-06 22:39:09.081 20 DEBUG neutron.plugins.ml2.drivers.ovn.mech_driver.ovsdb.maintenance [-] Periodic task found: DBInconsistenciesPeriodics.remove_duplicated_chassis_registers add_periodics /usr/lib/python3.9/site-packages/neutron/plugins/ml2/drivers/ovn/mech_driver/ovsdb/maintenance.py:74
2025-10-06 22:39:09.081 20 DEBUG neutron.plugins.ml2.drivers.ovn.mech_driver.ovsdb.maintenance [-] Periodic task found: DBInconsistenciesPeriodics.remove_invalid_gateway_chassis_from_unbound_lrp add_periodics /usr/lib/python3.9/site-packages/neutron/plugins/ml2/drivers/ovn/mech_driver/ovsdb/maintenance.py:74
2025-10-06 22:39:09.081 20 DEBUG neutron.plugins.ml2.drivers.ovn.mech_driver.ovsdb.maintenance [-] Periodic task found: DBInconsistenciesPeriodics.sync_metadata_ports add_periodics /usr/lib/python3.9/site-packages/neutron/plugins/ml2/drivers/ovn/mech_driver/ovsdb/maintenance.py:74
2025-10-06 22:39:09.081 20 DEBUG neutron.plugins.ml2.drivers.ovn.mech_driver.ovsdb.maintenance [-] Periodic task found: DBInconsistenciesPeriodics.update_logical_router_with_gateway_network_id add_periodics /usr/lib/python3.9/site-packages/neutron/plugins/ml2/drivers/ovn/mech_driver/ovsdb/maintenance.py:74
2025-10-06 22:39:09.081 20 DEBUG neutron.plugins.ml2.drivers.ovn.mech_driver.ovsdb.maintenance [-] Periodic task found: DBInconsistenciesPeriodics.update_mac_aging_settings add_periodics /usr/lib/python3.9/site-packages/neutron/plugins/ml2/drivers/ovn/mech_driver/ovsdb/maintenance.py:74
2025-10-06 22:39:09.081 20 DEBUG neutron.plugins.ml2.drivers.ovn.mech_driver.ovsdb.maintenance [-] Periodic task found: DBInconsistenciesPeriodics.update_port_qos_with_external_ids_reference add_periodics /usr/lib/python3.9/site-packages/neutron/plugins/ml2/drivers/ovn/mech_driver/ovsdb/maintenance.py:74
2025-10-06 22:39:09.081 20 DEBUG neutron.plugins.ml2.drivers.ovn.mech_driver.ovsdb.maintenance [-] Periodic task found: DBInconsistenciesPeriodics.update_port_virtual_type add_periodics /usr/lib/python3.9/site-packages/neutron/plugins/ml2/drivers/ovn/mech_driver/ovsdb/maintenance.py:74
2025-10-06 22:39:09.081 20 DEBUG neutron.plugins.ml2.drivers.ovn.mech_driver.ovsdb.maintenance [-] Periodic task found: DBInconsistenciesPeriodics.update_qos_fip_rule_priority add_periodics /usr/lib/python3.9/site-packages/neutron/plugins/ml2/drivers/ovn/mech_driver/ovsdb/maintenance.py:74
2025-10-06 22:39:09.082 20 DEBUG futurist.periodics [-] Submitting immediate callback 'neutron.plugins.ml2.drivers.ovn.mech_driver.ovsdb.maintenance.DBInconsistenciesPeriodics.add_vnic_type_and_pb_capabilities_to_lsp' _process_immediates /usr/lib/python3.9/site-packages/futurist/periodics.py:676
2025-10-06 22:39:09.091 20 INFO neutron.plugins.ml2.drivers.ovn.mech_driver.mech_driver [-] Maintenance task thread has started
2025-10-06 22:39:09.091 20 INFO neutron.plugins.ml2.drivers.ovn.mech_driver.mech_driver [-] MaintenanceWorker process has finished the post initialization
2025-10-06 22:39:09.091 18 DEBUG neutron.common.ovn.hash_ring_manager [req-b6babc51-9dc5-4cf8-b761-cba14ffcbb21 - - - - -] Hash Ring loaded. 1 active nodes. 0 offline nodes _load_hash_ring /usr/lib/python3.9/site-packages/neutron/common/ovn/hash_ring_manager.py:99
2025-10-06 22:39:09.100 20 DEBUG ovsdbapp.backend.ovs_idl.transaction [-] There are no commands to commit do_commit /usr/lib/python3.9/site-packages/ovsdbapp/backend/ovs_idl/transaction.py:78
2025-10-06 22:39:09.101 20 DEBUG futurist.periodics [req-412b86cf-2447-4580-a30b-c03151cc71ed - - - - -] Periodic callback 'neutron.plugins.ml2.drivers.ovn.mech_driver.ovsdb.maintenance.DBInconsistenciesPeriodics.add_vnic_type_and_pb_capabilities_to_lsp' raised 'NeverAgain' exception, stopping any further execution of it. _on_done /usr/lib/python3.9/site-packages/futurist/periodics.py:713
2025-10-06 22:39:09.101 20 DEBUG futurist.periodics [req-412b86cf-2447-4580-a30b-c03151cc71ed - - - - -] Submitting immediate callback 'neutron.plugins.ml2.drivers.ovn.mech_driver.ovsdb.maintenance.DBInconsistenciesPeriodics.check_baremetal_ports_dhcp_options' _process_immediates /usr/lib/python3.9/site-packages/futurist/periodics.py:676
2025-10-06 22:39:09.104 16 DEBUG neutron.common.ovn.hash_ring_manager [req-6dda7b5f-52f0-4224-897c-c2e7454e7982 - - - - -] Hash Ring loaded. 1 active nodes. 0 offline nodes _load_hash_ring /usr/lib/python3.9/site-packages/neutron/common/ovn/hash_ring_manager.py:99
2025-10-06 22:39:09.118 18 INFO neutron.plugins.ml2.drivers.ovn.mech_driver.ovsdb.impl_idl_ovn [req-b6babc51-9dc5-4cf8-b761-cba14ffcbb21 - - - - -] Getting OvsdbSbOvnIdl for RpcWorker with retry
2025-10-06 22:39:09.139 16 DEBUG neutron.plugins.ml2.drivers.ovn.mech_driver.ovsdb.ovsdb_monitor [req-6dda7b5f-52f0-4224-897c-c2e7454e7982 - - - - -] Hash Ring: Node 56968334-05ea-48b6-b1f9-963ab322c09e (host: standalone.ooo.test) handling event "create" for row 2be02d0d-4206-4323-88eb-def85f6e5461 (table: Database) notify /usr/lib/python3.9/site-packages/neutron/plugins/ml2/drivers/ovn/mech_driver/ovsdb/ovsdb_monitor.py:791
2025-10-06 22:39:09.139 16 DEBUG neutron.plugins.ml2.drivers.ovn.mech_driver.ovsdb.ovsdb_monitor [req-6dda7b5f-52f0-4224-897c-c2e7454e7982 - - - - -] Hash Ring: Node 56968334-05ea-48b6-b1f9-963ab322c09e (host: standalone.ooo.test) handling event "create" for row b3166587-8f1a-456b-a7d0-30906d83d903 (table: Database) notify /usr/lib/python3.9/site-packages/neutron/plugins/ml2/drivers/ovn/mech_driver/ovsdb/ovsdb_monitor.py:791
2025-10-06 22:39:09.141 16 DEBUG neutron.plugins.ml2.drivers.ovn.mech_driver.ovsdb.ovsdb_monitor [req-6dda7b5f-52f0-4224-897c-c2e7454e7982 - - - - -] Hash Ring: Node 56968334-05ea-48b6-b1f9-963ab322c09e (host: standalone.ooo.test) handling event "create" for row fa5da45d-8538-4a57-b02c-b97c30245fd8 (table: NB_Global) notify /usr/lib/python3.9/site-packages/neutron/plugins/ml2/drivers/ovn/mech_driver/ovsdb/ovsdb_monitor.py:791
2025-10-06 22:39:09.142 16 DEBUG neutron.plugins.ml2.drivers.ovn.mech_driver.ovsdb.ovsdb_monitor [req-6dda7b5f-52f0-4224-897c-c2e7454e7982 - - - - -] Hash Ring: Node 56968334-05ea-48b6-b1f9-963ab322c09e (host: standalone.ooo.test) handling event "create" for row f3ac130c-d16d-4837-8e13-62a310351632 (table: Connection) notify /usr/lib/python3.9/site-packages/neutron/plugins/ml2/drivers/ovn/mech_driver/ovsdb/ovsdb_monitor.py:791
2025-10-06 22:39:09.142 16 DEBUG neutron.plugins.ml2.drivers.ovn.mech_driver.ovsdb.ovsdb_monitor [req-6dda7b5f-52f0-4224-897c-c2e7454e7982 - - - - -] Hash Ring: Node 56968334-05ea-48b6-b1f9-963ab322c09e (host: standalone.ooo.test) handling event "create" for row 30b6abf6-efcc-4d16-b5f8-6ddd1ae67a0b (table: Port_Group) notify /usr/lib/python3.9/site-packages/neutron/plugins/ml2/drivers/ovn/mech_driver/ovsdb/ovsdb_monitor.py:791
2025-10-06 22:39:09.142 16 DEBUG neutron.plugins.ml2.drivers.ovn.mech_driver.ovsdb.ovsdb_monitor [req-6dda7b5f-52f0-4224-897c-c2e7454e7982 - - - - -] Hash Ring: Node 56968334-05ea-48b6-b1f9-963ab322c09e (host: standalone.ooo.test) handling event "create" for row eaf115b1-bed0-46a6-a954-4cd9ed5973c9 (table: ACL) notify /usr/lib/python3.9/site-packages/neutron/plugins/ml2/drivers/ovn/mech_driver/ovsdb/ovsdb_monitor.py:791
2025-10-06 22:39:09.142 16 DEBUG neutron.plugins.ml2.drivers.ovn.mech_driver.ovsdb.ovsdb_monitor [req-6dda7b5f-52f0-4224-897c-c2e7454e7982 - - - - -] Hash Ring: Node 56968334-05ea-48b6-b1f9-963ab322c09e (host: standalone.ooo.test) handling event "create" for row 67db062e-fce1-4f5b-83a1-108e1073847e (table: ACL) notify /usr/lib/python3.9/site-packages/neutron/plugins/ml2/drivers/ovn/mech_driver/ovsdb/ovsdb_monitor.py:791
2025-10-06 22:39:09.143 16 INFO neutron.plugins.ml2.drivers.ovn.mech_driver.ovsdb.impl_idl_ovn [req-6dda7b5f-52f0-4224-897c-c2e7454e7982 - - - - -] Getting OvsdbSbOvnIdl for WorkerService with retry
2025-10-06 22:39:09.154 18 DEBUG ovsdbapp.backend.ovs_idl [req-b6babc51-9dc5-4cf8-b761-cba14ffcbb21 - - - - -] Created lookup_table index Chassis.name autocreate_indices /usr/lib/python3.9/site-packages/ovsdbapp/backend/ovs_idl/__init__.py:107
2025-10-06 22:39:09.154 18 DEBUG ovsdbapp.backend.ovs_idl [req-b6babc51-9dc5-4cf8-b761-cba14ffcbb21 - - - - -] Created schema index Chassis_Private.name autocreate_indices /usr/lib/python3.9/site-packages/ovsdbapp/backend/ovs_idl/__init__.py:126
2025-10-06 22:39:09.155 18 DEBUG ovsdbapp.backend.ovs_idl [req-b6babc51-9dc5-4cf8-b761-cba14ffcbb21 - - - - -] Created schema index Datapath_Binding.tunnel_key autocreate_indices /usr/lib/python3.9/site-packages/ovsdbapp/backend/ovs_idl/__init__.py:126
2025-10-06 22:39:09.161 16 DEBUG ovsdbapp.backend.ovs_idl [req-6dda7b5f-52f0-4224-897c-c2e7454e7982 - - - - -] Created lookup_table index Chassis.name autocreate_indices /usr/lib/python3.9/site-packages/ovsdbapp/backend/ovs_idl/__init__.py:107
2025-10-06 22:39:09.161 16 DEBUG ovsdbapp.backend.ovs_idl [req-6dda7b5f-52f0-4224-897c-c2e7454e7982 - - - - -] Created schema index Chassis_Private.name autocreate_indices /usr/lib/python3.9/site-packages/ovsdbapp/backend/ovs_idl/__init__.py:126
2025-10-06 22:39:09.161 16 DEBUG ovsdbapp.backend.ovs_idl [req-6dda7b5f-52f0-4224-897c-c2e7454e7982 - - - - -] Created schema index Datapath_Binding.tunnel_key autocreate_indices /usr/lib/python3.9/site-packages/ovsdbapp/backend/ovs_idl/__init__.py:126
2025-10-06 22:39:09.171 18 INFO ovsdbapp.backend.ovs_idl.vlog [req-b6babc51-9dc5-4cf8-b761-cba14ffcbb21 - - - - -] ssl:172.17.0.100:6642: connecting...
2025-10-06 22:39:09.175 16 INFO ovsdbapp.backend.ovs_idl.vlog [req-6dda7b5f-52f0-4224-897c-c2e7454e7982 - - - - -] ssl:172.17.0.100:6642: connecting...
2025-10-06 22:39:09.185 20 DEBUG futurist.periodics [req-412b86cf-2447-4580-a30b-c03151cc71ed - - - - -] Periodic callback 'neutron.plugins.ml2.drivers.ovn.mech_driver.ovsdb.maintenance.DBInconsistenciesPeriodics.check_baremetal_ports_dhcp_options' raised 'NeverAgain' exception, stopping any further execution of it. _on_done /usr/lib/python3.9/site-packages/futurist/periodics.py:713
2025-10-06 22:39:09.187 20 DEBUG futurist.periodics [req-412b86cf-2447-4580-a30b-c03151cc71ed - - - - -] Submitting immediate callback 'neutron.plugins.ml2.drivers.ovn.mech_driver.ovsdb.maintenance.DBInconsistenciesPeriodics.check_fair_meter_consistency' _process_immediates /usr/lib/python3.9/site-packages/futurist/periodics.py:676
2025-10-06 22:39:09.188 20 DEBUG futurist.periodics [req-412b86cf-2447-4580-a30b-c03151cc71ed - - - - -] Periodic callback 'neutron.plugins.ml2.drivers.ovn.mech_driver.ovsdb.maintenance.DBInconsistenciesPeriodics.check_fair_meter_consistency' raised 'NeverAgain' exception, stopping any further execution of it. _on_done /usr/lib/python3.9/site-packages/futurist/periodics.py:713
2025-10-06 22:39:09.188 20 DEBUG futurist.periodics [req-412b86cf-2447-4580-a30b-c03151cc71ed - - - - -] Submitting immediate callback 'neutron.plugins.ml2.drivers.ovn.mech_driver.ovsdb.maintenance.DBInconsistenciesPeriodics.check_fdb_aging_settings' _process_immediates /usr/lib/python3.9/site-packages/futurist/periodics.py:676
2025-10-06 22:39:09.190 16 INFO ovsdbapp.backend.ovs_idl.vlog [req-6dda7b5f-52f0-4224-897c-c2e7454e7982 - - - - -] ssl:172.17.0.100:6642: connected
2025-10-06 22:39:09.221 18 INFO ovsdbapp.backend.ovs_idl.vlog [req-b6babc51-9dc5-4cf8-b761-cba14ffcbb21 - - - - -] ssl:172.17.0.100:6642: connected
2025-10-06 22:39:09.225 16 DEBUG neutron.common.ovn.hash_ring_manager [req-6dda7b5f-52f0-4224-897c-c2e7454e7982 - - - - -] Allow caching, nodes 1>=1 _wait_startup_before_caching /usr/lib/python3.9/site-packages/neutron/common/ovn/hash_ring_manager.py:64
2025-10-06 22:39:09.228 20 DEBUG ovsdbapp.backend.ovs_idl.transaction [-] Running txn n=1 command(idx=0): DbSetCommand(table=NB_Global, record=., col_values=dict_items([('options', {'fdb_removal_limit': '0'})]), if_exists=True) do_commit /usr/lib/python3.9/site-packages/ovsdbapp/backend/ovs_idl/transaction.py:89
2025-10-06 22:39:09.256 20 DEBUG futurist.periodics [req-412b86cf-2447-4580-a30b-c03151cc71ed - - - - -] Periodic callback 'neutron.plugins.ml2.drivers.ovn.mech_driver.ovsdb.maintenance.DBInconsistenciesPeriodics.check_fdb_aging_settings' raised 'NeverAgain' exception, stopping any further execution of it. _on_done /usr/lib/python3.9/site-packages/futurist/periodics.py:713
2025-10-06 22:39:09.256 20 DEBUG futurist.periodics [req-412b86cf-2447-4580-a30b-c03151cc71ed - - - - -] Submitting immediate callback 'neutron.plugins.ml2.drivers.ovn.mech_driver.ovsdb.maintenance.DBInconsistenciesPeriodics.check_for_fragmentation_support' _process_immediates /usr/lib/python3.9/site-packages/futurist/periodics.py:676
2025-10-06 22:39:09.259 18 DEBUG neutron.common.ovn.hash_ring_manager [req-b6babc51-9dc5-4cf8-b761-cba14ffcbb21 - - - - -] Allow caching, nodes 1>=1 _wait_startup_before_caching /usr/lib/python3.9/site-packages/neutron/common/ovn/hash_ring_manager.py:64
2025-10-06 22:39:09.273 16 DEBUG neutron.plugins.ml2.drivers.ovn.mech_driver.ovsdb.ovsdb_monitor [-] Hash Ring: Node 56968334-05ea-48b6-b1f9-963ab322c09e (host: standalone.ooo.test) handling event "update" for row fa5da45d-8538-4a57-b02c-b97c30245fd8 (table: NB_Global) notify /usr/lib/python3.9/site-packages/neutron/plugins/ml2/drivers/ovn/mech_driver/ovsdb/ovsdb_monitor.py:791
2025-10-06 22:39:09.273 16 DEBUG neutron.plugins.ml2.drivers.ovn.mech_driver.ovsdb.ovsdb_monitor [-] Hash Ring: Node 56968334-05ea-48b6-b1f9-963ab322c09e (host: standalone.ooo.test) handling event "update" for row 2be02d0d-4206-4323-88eb-def85f6e5461 (table: Database) notify /usr/lib/python3.9/site-packages/neutron/plugins/ml2/drivers/ovn/mech_driver/ovsdb/ovsdb_monitor.py:791
2025-10-06 22:39:09.274 16 DEBUG neutron.common.ovn.hash_ring_manager [req-6dda7b5f-52f0-4224-897c-c2e7454e7982 - - - - -] Hash Ring loaded. 1 active nodes. 0 offline nodes _load_hash_ring /usr/lib/python3.9/site-packages/neutron/common/ovn/hash_ring_manager.py:99
2025-10-06 22:39:09.283 18 DEBUG neutron.common.ovn.hash_ring_manager [req-b6babc51-9dc5-4cf8-b761-cba14ffcbb21 - - - - -] Hash Ring loaded. 1 active nodes. 0 offline nodes _load_hash_ring /usr/lib/python3.9/site-packages/neutron/common/ovn/hash_ring_manager.py:99
2025-10-06 22:39:09.289 16 DEBUG neutron.plugins.ml2.drivers.ovn.mech_driver.ovsdb.ovsdb_monitor [req-6dda7b5f-52f0-4224-897c-c2e7454e7982 - - - - -] Hash Ring: Node 56968334-05ea-48b6-b1f9-963ab322c09e (host: standalone.ooo.test) handling event "create" for row 8fa66019-0a19-47b9-92fc-64480929ea68 (table: Database) notify /usr/lib/python3.9/site-packages/neutron/plugins/ml2/drivers/ovn/mech_driver/ovsdb/ovsdb_monitor.py:791
2025-10-06 22:39:09.298 16 DEBUG neutron.plugins.ml2.drivers.ovn.mech_driver.ovsdb.ovsdb_monitor [req-6dda7b5f-52f0-4224-897c-c2e7454e7982 - - - - -] Hash Ring: Node 56968334-05ea-48b6-b1f9-963ab322c09e (host: standalone.ooo.test) handling event "create" for row ff454c10-cca2-4a85-b0bc-89e22ebe3dd2 (table: Database) notify /usr/lib/python3.9/site-packages/neutron/plugins/ml2/drivers/ovn/mech_driver/ovsdb/ovsdb_monitor.py:791
2025-10-06 22:39:09.301 16 DEBUG neutron.plugins.ml2.drivers.ovn.mech_driver.ovsdb.ovsdb_monitor [req-6dda7b5f-52f0-4224-897c-c2e7454e7982 - - - - -] Hash Ring: Node 56968334-05ea-48b6-b1f9-963ab322c09e (host: standalone.ooo.test) handling event "update" for row ff454c10-cca2-4a85-b0bc-89e22ebe3dd2 (table: Database) notify /usr/lib/python3.9/site-packages/neutron/plugins/ml2/drivers/ovn/mech_driver/ovsdb/ovsdb_monitor.py:791
2025-10-06 22:39:09.302 16 DEBUG neutron.plugins.ml2.drivers.ovn.mech_driver.ovsdb.ovsdb_monitor [req-6dda7b5f-52f0-4224-897c-c2e7454e7982 - - - - -] Hash Ring: Node 56968334-05ea-48b6-b1f9-963ab322c09e (host: standalone.ooo.test) handling event "update" for row ff454c10-cca2-4a85-b0bc-89e22ebe3dd2 (table: Database) notify /usr/lib/python3.9/site-packages/neutron/plugins/ml2/drivers/ovn/mech_driver/ovsdb/ovsdb_monitor.py:791
2025-10-06 22:39:09.304 16 DEBUG neutron.plugins.ml2.drivers.ovn.mech_driver.ovsdb.ovsdb_monitor [req-6dda7b5f-52f0-4224-897c-c2e7454e7982 - - - - -] Hash Ring: Node 56968334-05ea-48b6-b1f9-963ab322c09e (host: standalone.ooo.test) handling event "create" for row fca21c05-9ead-4e1c-9550-697521101933 (table: Chassis) notify /usr/lib/python3.9/site-packages/neutron/plugins/ml2/drivers/ovn/mech_driver/ovsdb/ovsdb_monitor.py:791
2025-10-06 22:39:09.304 16 DEBUG neutron.plugins.ml2.drivers.ovn.mech_driver.ovsdb.ovsdb_monitor [req-6dda7b5f-52f0-4224-897c-c2e7454e7982 - - - - -] ChassisAgentWriteEvent : Matched Chassis_Private, create, None None matches /usr/lib/python3.9/site-packages/neutron/plugins/ml2/drivers/ovn/mech_driver/ovsdb/ovsdb_monitor.py:61
2025-10-06 22:39:09.304 16 DEBUG neutron.plugins.ml2.drivers.ovn.mech_driver.ovsdb.ovsdb_monitor [req-6dda7b5f-52f0-4224-897c-c2e7454e7982 - - - - -] Hash Ring: Node 56968334-05ea-48b6-b1f9-963ab322c09e (host: standalone.ooo.test) handling event "create" for row e5446c78-d7d2-47b7-a923-1a6b97d7e4a8 (table: Chassis_Private) notify /usr/lib/python3.9/site-packages/neutron/plugins/ml2/drivers/ovn/mech_driver/ovsdb/ovsdb_monitor.py:791
2025-10-06 22:39:09.304 16 DEBUG neutron.plugins.ml2.drivers.ovn.mech_driver.ovsdb.ovsdb_monitor [req-6dda7b5f-52f0-4224-897c-c2e7454e7982 - - - - -] Hash Ring: Node 56968334-05ea-48b6-b1f9-963ab322c09e (host: standalone.ooo.test) handling event "create" for row 486aec4a-c16c-499c-be3d-d2b752199fbc (table: Encap) notify /usr/lib/python3.9/site-packages/neutron/plugins/ml2/drivers/ovn/mech_driver/ovsdb/ovsdb_monitor.py:791
2025-10-06 22:39:09.306 16 INFO neutron.plugins.ml2.drivers.ovn.mech_driver.mech_driver [req-6dda7b5f-52f0-4224-897c-c2e7454e7982 - - - - -] WorkerService process has finished the post initialization
2025-10-06 22:39:09.307 16 INFO neutron.wsgi [-] (16) wsgi starting up on http://[::1]:9696
2025-10-06 22:39:09.312 20 DEBUG futurist.periodics [req-412b86cf-2447-4580-a30b-c03151cc71ed - - - - -] Periodic callback 'neutron.plugins.ml2.drivers.ovn.mech_driver.ovsdb.maintenance.DBInconsistenciesPeriodics.check_for_fragmentation_support' raised 'NeverAgain' exception, stopping any further execution of it. _on_done /usr/lib/python3.9/site-packages/futurist/periodics.py:713
2025-10-06 22:39:09.315 18 DEBUG neutron.plugins.ml2.drivers.ovn.mech_driver.ovsdb.ovsdb_monitor [req-b6babc51-9dc5-4cf8-b761-cba14ffcbb21 - - - - -] ChassisAgentWriteEvent : Matched Chassis_Private, create, None None matches /usr/lib/python3.9/site-packages/neutron/plugins/ml2/drivers/ovn/mech_driver/ovsdb/ovsdb_monitor.py:61
2025-10-06 22:39:09.319 20 DEBUG futurist.periodics [req-412b86cf-2447-4580-a30b-c03151cc71ed - - - - -] Submitting immediate callback 'neutron.plugins.ml2.drivers.ovn.mech_driver.ovsdb.maintenance.DBInconsistenciesPeriodics.check_for_ha_chassis_group' _process_immediates /usr/lib/python3.9/site-packages/futurist/periodics.py:676
2025-10-06 22:39:09.320 20 DEBUG ovsdbapp.backend.ovs_idl.transaction [-] Running txn n=1 command(idx=0): HAChassisGroupDelCommand(name=default_ha_chassis_group, if_exists=True) do_commit /usr/lib/python3.9/site-packages/ovsdbapp/backend/ovs_idl/transaction.py:89
2025-10-06 22:39:09.320 20 DEBUG ovsdbapp.backend.ovs_idl.transaction [-] Transaction caused no change do_commit /usr/lib/python3.9/site-packages/ovsdbapp/backend/ovs_idl/transaction.py:129
2025-10-06 22:39:09.321 20 DEBUG futurist.periodics [req-412b86cf-2447-4580-a30b-c03151cc71ed - - - - -] Periodic callback 'neutron.plugins.ml2.drivers.ovn.mech_driver.ovsdb.maintenance.DBInconsistenciesPeriodics.check_for_ha_chassis_group' raised 'NeverAgain' exception, stopping any further execution of it. _on_done /usr/lib/python3.9/site-packages/futurist/periodics.py:713
2025-10-06 22:39:09.321 20 DEBUG futurist.periodics [req-412b86cf-2447-4580-a30b-c03151cc71ed - - - - -] Submitting immediate callback 'neutron.plugins.ml2.drivers.ovn.mech_driver.ovsdb.maintenance.DBInconsistenciesPeriodics.check_for_igmp_snoop_support' _process_immediates /usr/lib/python3.9/site-packages/futurist/periodics.py:676
2025-10-06 22:39:09.321 20 DEBUG ovsdbapp.backend.ovs_idl.transaction [-] There are no commands to commit do_commit /usr/lib/python3.9/site-packages/ovsdbapp/backend/ovs_idl/transaction.py:78
2025-10-06 22:39:09.321 20 DEBUG futurist.periodics [req-412b86cf-2447-4580-a30b-c03151cc71ed - - - - -] Periodic callback 'neutron.plugins.ml2.drivers.ovn.mech_driver.ovsdb.maintenance.DBInconsistenciesPeriodics.check_for_igmp_snoop_support' raised 'NeverAgain' exception, stopping any further execution of it. _on_done /usr/lib/python3.9/site-packages/futurist/periodics.py:713
2025-10-06 22:39:09.321 18 INFO neutron.plugins.ml2.drivers.ovn.mech_driver.mech_driver [req-b6babc51-9dc5-4cf8-b761-cba14ffcbb21 - - - - -] RpcWorker process has finished the post initialization
2025-10-06 22:39:09.322 20 DEBUG futurist.periodics [req-412b86cf-2447-4580-a30b-c03151cc71ed - - - - -] Submitting immediate callback 'neutron.plugins.ml2.drivers.ovn.mech_driver.ovsdb.maintenance.DBInconsistenciesPeriodics.check_for_inconsistencies' _process_immediates /usr/lib/python3.9/site-packages/futurist/periodics.py:676
2025-10-06 22:39:09.322 18 DEBUG neutron.plugins.ml2.plugin [req-b6babc51-9dc5-4cf8-b761-cba14ffcbb21 - - - - -] neutron.plugins.ml2.plugin.Ml2Plugin method start_rpc_listeners called with arguments () {} wrapper /usr/lib/python3.9/site-packages/oslo_log/helpers.py:65
2025-10-06 22:39:09.334 20 DEBUG neutron.plugins.ml2.drivers.ovn.mech_driver.ovsdb.maintenance [req-412b86cf-2447-4580-a30b-c03151cc71ed - - - - -] Maintenance task: No inconsistencies found. Skipping check_for_inconsistencies /usr/lib/python3.9/site-packages/neutron/plugins/ml2/drivers/ovn/mech_driver/ovsdb/maintenance.py:363
2025-10-06 22:39:09.334 20 DEBUG futurist.periodics [req-412b86cf-2447-4580-a30b-c03151cc71ed - - - - -] Submitting immediate callback 'neutron.plugins.ml2.drivers.ovn.mech_driver.ovsdb.maintenance.DBInconsistenciesPeriodics.check_for_localnet_legacy_port_name' _process_immediates /usr/lib/python3.9/site-packages/futurist/periodics.py:676
2025-10-06 22:39:09.335 20 DEBUG futurist.periodics [req-412b86cf-2447-4580-a30b-c03151cc71ed - - - - -] Periodic callback 'neutron.plugins.ml2.drivers.ovn.mech_driver.ovsdb.maintenance.DBInconsistenciesPeriodics.check_for_localnet_legacy_port_name' raised 'NeverAgain' exception, stopping any further execution of it. _on_done /usr/lib/python3.9/site-packages/futurist/periodics.py:713
2025-10-06 22:39:09.335 20 DEBUG futurist.periodics [req-412b86cf-2447-4580-a30b-c03151cc71ed - - - - -] Submitting immediate callback 'neutron.plugins.ml2.drivers.ovn.mech_driver.ovsdb.maintenance.DBInconsistenciesPeriodics.check_for_mcast_flood_reports' _process_immediates /usr/lib/python3.9/site-packages/futurist/periodics.py:676
2025-10-06 22:39:09.335 20 DEBUG futurist.periodics [req-412b86cf-2447-4580-a30b-c03151cc71ed - - - - -] Periodic callback 'neutron.plugins.ml2.drivers.ovn.mech_driver.ovsdb.maintenance.DBInconsistenciesPeriodics.check_for_mcast_flood_reports' raised 'NeverAgain' exception, stopping any further execution of it. _on_done /usr/lib/python3.9/site-packages/futurist/periodics.py:713
2025-10-06 22:39:09.335 20 DEBUG futurist.periodics [req-412b86cf-2447-4580-a30b-c03151cc71ed - - - - -] Submitting immediate callback 'neutron.plugins.ml2.drivers.ovn.mech_driver.ovsdb.maintenance.DBInconsistenciesPeriodics.check_for_port_security_unknown_address' _process_immediates /usr/lib/python3.9/site-packages/futurist/periodics.py:676
2025-10-06 22:39:09.336 20 DEBUG futurist.periodics [req-412b86cf-2447-4580-a30b-c03151cc71ed - - - - -] Periodic callback 'neutron.plugins.ml2.drivers.ovn.mech_driver.ovsdb.maintenance.DBInconsistenciesPeriodics.check_for_port_security_unknown_address' raised 'NeverAgain' exception, stopping any further execution of it. _on_done /usr/lib/python3.9/site-packages/futurist/periodics.py:713
2025-10-06 22:39:09.336 20 DEBUG futurist.periodics [req-412b86cf-2447-4580-a30b-c03151cc71ed - - - - -] Submitting immediate callback 'neutron.plugins.ml2.drivers.ovn.mech_driver.ovsdb.maintenance.DBInconsistenciesPeriodics.check_global_dhcp_opts' _process_immediates /usr/lib/python3.9/site-packages/futurist/periodics.py:676
2025-10-06 22:39:09.338 20 DEBUG futurist.periodics [req-412b86cf-2447-4580-a30b-c03151cc71ed - - - - -] Periodic callback 'neutron.plugins.ml2.drivers.ovn.mech_driver.ovsdb.maintenance.DBInconsistenciesPeriodics.check_global_dhcp_opts' raised 'NeverAgain' exception, stopping any further execution of it. _on_done /usr/lib/python3.9/site-packages/futurist/periodics.py:713
2025-10-06 22:39:09.338 20 DEBUG futurist.periodics [req-412b86cf-2447-4580-a30b-c03151cc71ed - - - - -] Submitting immediate callback 'neutron.plugins.ml2.drivers.ovn.mech_driver.ovsdb.maintenance.DBInconsistenciesPeriodics.check_localnet_port_has_learn_fdb' _process_immediates /usr/lib/python3.9/site-packages/futurist/periodics.py:676
2025-10-06 22:39:09.339 20 DEBUG ovsdbapp.backend.ovs_idl.transaction [-] There are no commands to commit do_commit /usr/lib/python3.9/site-packages/ovsdbapp/backend/ovs_idl/transaction.py:78
2025-10-06 22:39:09.339 20 DEBUG futurist.periodics [req-412b86cf-2447-4580-a30b-c03151cc71ed - - - - -] Periodic callback 'neutron.plugins.ml2.drivers.ovn.mech_driver.ovsdb.maintenance.DBInconsistenciesPeriodics.check_localnet_port_has_learn_fdb' raised 'NeverAgain' exception, stopping any further execution of it. _on_done /usr/lib/python3.9/site-packages/futurist/periodics.py:713
2025-10-06 22:39:09.339 20 DEBUG futurist.periodics [req-412b86cf-2447-4580-a30b-c03151cc71ed - - - - -] Submitting immediate callback 'neutron.plugins.ml2.drivers.ovn.mech_driver.ovsdb.maintenance.DBInconsistenciesPeriodics.check_metadata_ports' _process_immediates /usr/lib/python3.9/site-packages/futurist/periodics.py:676
2025-10-06 22:39:09.352 20 DEBUG futurist.periodics [req-412b86cf-2447-4580-a30b-c03151cc71ed - - - - -] Periodic callback 'neutron.plugins.ml2.drivers.ovn.mech_driver.ovsdb.maintenance.DBInconsistenciesPeriodics.check_metadata_ports' raised 'NeverAgain' exception, stopping any further execution of it. _on_done /usr/lib/python3.9/site-packages/futurist/periodics.py:713
2025-10-06 22:39:09.352 20 DEBUG futurist.periodics [req-412b86cf-2447-4580-a30b-c03151cc71ed - - - - -] Submitting immediate callback 'neutron.plugins.ml2.drivers.ovn.mech_driver.ovsdb.maintenance.DBInconsistenciesPeriodics.check_network_broadcast_arps_to_all_routers' _process_immediates /usr/lib/python3.9/site-packages/futurist/periodics.py:676
2025-10-06 22:39:09.360 20 DEBUG futurist.periodics [req-412b86cf-2447-4580-a30b-c03151cc71ed - - - - -] Periodic callback 'neutron.plugins.ml2.drivers.ovn.mech_driver.ovsdb.maintenance.DBInconsistenciesPeriodics.check_network_broadcast_arps_to_all_routers' raised 'NeverAgain' exception, stopping any further execution of it. _on_done /usr/lib/python3.9/site-packages/futurist/periodics.py:713
2025-10-06 22:39:09.360 20 DEBUG futurist.periodics [req-412b86cf-2447-4580-a30b-c03151cc71ed - - - - -] Submitting immediate callback 'neutron.plugins.ml2.drivers.ovn.mech_driver.ovsdb.maintenance.DBInconsistenciesPeriodics.check_port_has_address_scope' _process_immediates /usr/lib/python3.9/site-packages/futurist/periodics.py:676
2025-10-06 22:39:09.360 20 DEBUG ovsdbapp.backend.ovs_idl.transaction [-] There are no commands to commit do_commit /usr/lib/python3.9/site-packages/ovsdbapp/backend/ovs_idl/transaction.py:78
2025-10-06 22:39:09.361 20 DEBUG futurist.periodics [req-412b86cf-2447-4580-a30b-c03151cc71ed - - - - -] Periodic callback 'neutron.plugins.ml2.drivers.ovn.mech_driver.ovsdb.maintenance.DBInconsistenciesPeriodics.check_port_has_address_scope' raised 'NeverAgain' exception, stopping any further execution of it. _on_done /usr/lib/python3.9/site-packages/futurist/periodics.py:713
2025-10-06 22:39:09.361 20 DEBUG futurist.periodics [req-412b86cf-2447-4580-a30b-c03151cc71ed - - - - -] Submitting immediate callback 'neutron.plugins.ml2.drivers.ovn.mech_driver.ovsdb.maintenance.DBInconsistenciesPeriodics.check_provider_distributed_ports' _process_immediates /usr/lib/python3.9/site-packages/futurist/periodics.py:676
2025-10-06 22:39:09.409 20 DEBUG futurist.periodics [req-412b86cf-2447-4580-a30b-c03151cc71ed - - - - -] Periodic callback 'neutron.plugins.ml2.drivers.ovn.mech_driver.ovsdb.maintenance.DBInconsistenciesPeriodics.check_provider_distributed_ports' raised 'NeverAgain' exception, stopping any further execution of it. _on_done /usr/lib/python3.9/site-packages/futurist/periodics.py:713
2025-10-06 22:39:09.410 20 DEBUG futurist.periodics [req-412b86cf-2447-4580-a30b-c03151cc71ed - - - - -] Submitting immediate callback 'neutron.plugins.ml2.drivers.ovn.mech_driver.ovsdb.maintenance.DBInconsistenciesPeriodics.check_redirect_type_router_gateway_ports' _process_immediates /usr/lib/python3.9/site-packages/futurist/periodics.py:676
2025-10-06 22:39:09.430 20 DEBUG futurist.periodics [req-412b86cf-2447-4580-a30b-c03151cc71ed - - - - -] Periodic callback 'neutron.plugins.ml2.drivers.ovn.mech_driver.ovsdb.maintenance.DBInconsistenciesPeriodics.check_redirect_type_router_gateway_ports' raised 'NeverAgain' exception, stopping any further execution of it. _on_done /usr/lib/python3.9/site-packages/futurist/periodics.py:713
2025-10-06 22:39:09.430 20 DEBUG futurist.periodics [req-412b86cf-2447-4580-a30b-c03151cc71ed - - - - -] Submitting immediate callback 'neutron.plugins.ml2.drivers.ovn.mech_driver.ovsdb.maintenance.DBInconsistenciesPeriodics.check_router_mac_binding_options' _process_immediates /usr/lib/python3.9/site-packages/futurist/periodics.py:676
2025-10-06 22:39:09.430 20 DEBUG futurist.periodics [req-412b86cf-2447-4580-a30b-c03151cc71ed - - - - -] Periodic callback 'neutron.plugins.ml2.drivers.ovn.mech_driver.ovsdb.maintenance.DBInconsistenciesPeriodics.check_router_mac_binding_options' raised 'NeverAgain' exception, stopping any further execution of it. _on_done /usr/lib/python3.9/site-packages/futurist/periodics.py:713
