Jan 30 06:22:18 standalone container-server[127067]: 172.20.0.100 - - [30/Jan/2026:06:22:18 +0000] "GET /d1/130/AUTH_bb095502870147c682a17549ab21d6b7/gnocchi.43983267-def3-4aaa-9672-255d1fbab431" 200 357 "GET http://172.18.0.2:8080/v1/AUTH_bb095502870147c682a17549ab21d6b7/gnocchi.43983267-def3-4aaa-9672-255d1fbab431?format=json&states=listing" "tx4627dada10304e1889750-00697c4e1a" "proxy-server 12" 0.0145 "-" 14 0
Jan 30 06:22:18 standalone proxy-server[129384]: 172.18.0.2 172.18.0.100 30/Jan/2026/06/22/18 GET /v1/AUTH_bb095502870147c682a17549ab21d6b7/gnocchi.43983267-def3-4aaa-9672-255d1fbab431%3Fformat%3Djson%26states%3Dlisting HTTP/1.0 200 - python-swiftclient-3.11.1 gAAAAABpfE2qeuGt... - 357 - tx4627dada10304e1889750-00697c4e1a - 0.0225 - - 1769754138.921516895 1769754138.944011688 0
Jan 30 06:22:18 standalone container-server[127054]: 172.20.0.100 - - [30/Jan/2026:06:22:18 +0000] "GET /d1/130/AUTH_bb095502870147c682a17549ab21d6b7/gnocchi.43983267-def3-4aaa-9672-255d1fbab431" 200 2 "GET http://172.18.0.2:8080/v1/AUTH_bb095502870147c682a17549ab21d6b7/gnocchi.43983267-def3-4aaa-9672-255d1fbab431?format=json&marker=none_v3&states=listing" "txc3f07e068ab44153b38b0-00697c4e1a" "proxy-server 12" 0.0030 "-" 9 0
Jan 30 06:22:18 standalone proxy-server[129384]: 172.18.0.2 172.18.0.100 30/Jan/2026/06/22/18 GET /v1/AUTH_bb095502870147c682a17549ab21d6b7/gnocchi.43983267-def3-4aaa-9672-255d1fbab431%3Fformat%3Djson%26marker%3Dnone_v3%26states%3Dlisting HTTP/1.0 200 - python-swiftclient-3.11.1 gAAAAABpfE2qeuGt... - 2 - txc3f07e068ab44153b38b0-00697c4e1a - 0.0093 - - 1769754138.947435856 1769754138.956758499 0
Jan 30 06:22:18 standalone object-server[127453]: 172.20.0.100 - - [30/Jan/2026:06:22:18 +0000] "GET /d1/513/AUTH_bb095502870147c682a17549ab21d6b7/gnocchi.43983267-def3-4aaa-9672-255d1fbab431/1769040000.0_mean_300.0_v3" 200 16 "GET http://172.18.0.2:8080/v1/AUTH_bb095502870147c682a17549ab21d6b7/gnocchi.43983267-def3-4aaa-9672-255d1fbab431/1769040000.0_mean_300.0_v3" "txf3292562e0a34c6590cea-00697c4e1a" "proxy-server 12" 0.0008 "-" 23 0
Jan 30 06:22:18 standalone proxy-server[129384]: 172.18.0.2 172.18.0.100 30/Jan/2026/06/22/18 GET /v1/AUTH_bb095502870147c682a17549ab21d6b7/gnocchi.43983267-def3-4aaa-9672-255d1fbab431/1769040000.0_mean_300.0_v3 HTTP/1.0 200 - python-swiftclient-3.11.1 gAAAAABpfE2qeuGt... - 16 - txf3292562e0a34c6590cea-00697c4e1a - 0.0069 - - 1769754138.961125135 1769754138.968067169 0
Jan 30 06:22:18 standalone container-server[127072]: 172.20.0.100 - - [30/Jan/2026:06:22:18 +0000] "PUT /d1/130/AUTH_bb095502870147c682a17549ab21d6b7/gnocchi.43983267-def3-4aaa-9672-255d1fbab431/1769040000.0_mean_300.0_v3" 201 - "PUT http://172.18.0.2:8080/d1/513/AUTH_bb095502870147c682a17549ab21d6b7/gnocchi.43983267-def3-4aaa-9672-255d1fbab431/1769040000.0_mean_300.0_v3" "txc3b2b92d590641eca397c-00697c4e1a" "object-server 21" 0.0008 "-" 17 0
Jan 30 06:22:18 standalone object-server[127451]: 172.20.0.100 - - [30/Jan/2026:06:22:18 +0000] "PUT /d1/513/AUTH_bb095502870147c682a17549ab21d6b7/gnocchi.43983267-def3-4aaa-9672-255d1fbab431/1769040000.0_mean_300.0_v3" 201 - "PUT http://172.18.0.2:8080/v1/AUTH_bb095502870147c682a17549ab21d6b7/gnocchi.43983267-def3-4aaa-9672-255d1fbab431/1769040000.0_mean_300.0_v3" "txc3b2b92d590641eca397c-00697c4e1a" "proxy-server 12" 0.0105 "-" 21 0
Jan 30 06:22:18 standalone proxy-server[129384]: 172.18.0.2 172.18.0.100 30/Jan/2026/06/22/18 PUT /v1/AUTH_bb095502870147c682a17549ab21d6b7/gnocchi.43983267-def3-4aaa-9672-255d1fbab431/1769040000.0_mean_300.0_v3 HTTP/1.0 201 - python-swiftclient-3.11.1 gAAAAABpfE2qeuGt... 16 - - txc3b2b92d590641eca397c-00697c4e1a - 0.0154 - - 1769754138.971455336 1769754138.986809969 0
Jan 30 06:22:19 standalone container-server[127072]: 172.20.0.100 - - [30/Jan/2026:06:22:19 +0000] "PUT /d1/130/AUTH_bb095502870147c682a17549ab21d6b7/gnocchi.43983267-def3-4aaa-9672-255d1fbab431/none_v3" 201 - "PUT http://172.18.0.2:8080/d1/0/AUTH_bb095502870147c682a17549ab21d6b7/gnocchi.43983267-def3-4aaa-9672-255d1fbab431/none_v3" "tx525f34c3ae5a46d6bdd95-00697c4e1a" "object-server 24" 0.0006 "-" 17 0
Jan 30 06:22:19 standalone object-server[127455]: 172.20.0.100 - - [30/Jan/2026:06:22:19 +0000] "PUT /d1/0/AUTH_bb095502870147c682a17549ab21d6b7/gnocchi.43983267-def3-4aaa-9672-255d1fbab431/none_v3" 201 - "PUT http://172.18.0.2:8080/v1/AUTH_bb095502870147c682a17549ab21d6b7/gnocchi.43983267-def3-4aaa-9672-255d1fbab431/none_v3" "tx525f34c3ae5a46d6bdd95-00697c4e1a" "proxy-server 12" 0.0109 "-" 24 0
Jan 30 06:22:19 standalone proxy-server[129384]: 172.18.0.2 172.18.0.100 30/Jan/2026/06/22/19 PUT /v1/AUTH_bb095502870147c682a17549ab21d6b7/gnocchi.43983267-def3-4aaa-9672-255d1fbab431/none_v3 HTTP/1.0 201 - python-swiftclient-3.11.1 gAAAAABpfE2qeuGt... 31 - - tx525f34c3ae5a46d6bdd95-00697c4e1a - 0.0166 - - 1769754138.989829540 1769754139.006478310 0
Jan 30 06:22:27 standalone account-server[127295]: 172.20.0.100 - - [30/Jan/2026:06:22:27 +0000] "HEAD /d1/762/AUTH_bb095502870147c682a17549ab21d6b7" 204 - "HEAD http://172.18.0.2:8080/v1/AUTH_bb095502870147c682a17549ab21d6b7?format=json" "tx8e255eb8a82d44ffafcb3-00697c4e23" "proxy-server 12" 0.0072 "-" 21 -
Jan 30 06:22:27 standalone proxy-server[129384]: - - 30/Jan/2026/06/22/27 HEAD /v1/AUTH_bb095502870147c682a17549ab21d6b7%3Fformat%3Djson HTTP/1.0 204 - Swift - - - - tx8e255eb8a82d44ffafcb3-00697c4e23 - 0.0467 RL - 1769754147.675388575 1769754147.722086430 -
Jan 30 06:22:27 standalone object-server[127451]: 172.20.0.100 - - [30/Jan/2026:06:22:27 +0000] "GET /d1/741/AUTH_bb095502870147c682a17549ab21d6b7/gnocchi.4e4921a2-2cfa-4008-ae62-b5432c6b4b73/none_v3" 200 31 "GET http://172.18.0.2:8080/v1/AUTH_bb095502870147c682a17549ab21d6b7/gnocchi.4e4921a2-2cfa-4008-ae62-b5432c6b4b73/none_v3" "tx8e255eb8a82d44ffafcb3-00697c4e23" "proxy-server 12" 0.0013 "-" 21 0
Jan 30 06:22:27 standalone proxy-server[129384]: 172.18.0.2 172.18.0.100 30/Jan/2026/06/22/27 GET /v1/AUTH_bb095502870147c682a17549ab21d6b7/gnocchi.4e4921a2-2cfa-4008-ae62-b5432c6b4b73/none_v3 HTTP/1.0 200 - python-swiftclient-3.11.1 gAAAAABpfE2qeuGt... - 31 - tx8e255eb8a82d44ffafcb3-00697c4e23 - 0.0596 - - 1769754147.674228191 1769754147.733793497 0
Jan 30 06:22:27 standalone container-server[127059]: 172.20.0.100 - - [30/Jan/2026:06:22:27 +0000] "GET /d1/583/AUTH_bb095502870147c682a17549ab21d6b7/gnocchi.4e4921a2-2cfa-4008-ae62-b5432c6b4b73" 200 357 "GET http://172.18.0.2:8080/v1/AUTH_bb095502870147c682a17549ab21d6b7/gnocchi.4e4921a2-2cfa-4008-ae62-b5432c6b4b73?format=json&states=listing" "tx216f450b53ec47e3b3ffe-00697c4e23" "proxy-server 12" 0.0190 "-" 11 0
Jan 30 06:22:27 standalone proxy-server[129384]: 172.18.0.2 172.18.0.100 30/Jan/2026/06/22/27 GET /v1/AUTH_bb095502870147c682a17549ab21d6b7/gnocchi.4e4921a2-2cfa-4008-ae62-b5432c6b4b73%3Fformat%3Djson%26states%3Dlisting HTTP/1.0 200 - python-swiftclient-3.11.1 gAAAAABpfE2qeuGt... - 357 - tx216f450b53ec47e3b3ffe-00697c4e23 - 0.0313 - - 1769754147.740707874 1769754147.771983147 0
Jan 30 06:22:27 standalone container-server[127067]: 172.20.0.100 - - [30/Jan/2026:06:22:27 +0000] "GET /d1/583/AUTH_bb095502870147c682a17549ab21d6b7/gnocchi.4e4921a2-2cfa-4008-ae62-b5432c6b4b73" 200 2 "GET http://172.18.0.2:8080/v1/AUTH_bb095502870147c682a17549ab21d6b7/gnocchi.4e4921a2-2cfa-4008-ae62-b5432c6b4b73?format=json&marker=none_v3&states=listing" "tx11881c1eda784688a29b4-00697c4e23" "proxy-server 12" 0.0035 "-" 14 0
Jan 30 06:22:27 standalone proxy-server[129384]: 172.18.0.2 172.18.0.100 30/Jan/2026/06/22/27 GET /v1/AUTH_bb095502870147c682a17549ab21d6b7/gnocchi.4e4921a2-2cfa-4008-ae62-b5432c6b4b73%3Fformat%3Djson%26marker%3Dnone_v3%26states%3Dlisting HTTP/1.0 200 - python-swiftclient-3.11.1 gAAAAABpfE2qeuGt... - 2 - tx11881c1eda784688a29b4-00697c4e23 - 0.0118 - - 1769754147.778858662 1769754147.790706396 0
Jan 30 06:22:27 standalone object-server[127455]: 172.20.0.100 - - [30/Jan/2026:06:22:27 +0000] "GET /d1/488/AUTH_bb095502870147c682a17549ab21d6b7/gnocchi.4e4921a2-2cfa-4008-ae62-b5432c6b4b73/1769040000.0_mean_300.0_v3" 200 16 "GET http://172.18.0.2:8080/v1/AUTH_bb095502870147c682a17549ab21d6b7/gnocchi.4e4921a2-2cfa-4008-ae62-b5432c6b4b73/1769040000.0_mean_300.0_v3" "tx1564a090a26c4b298244a-00697c4e23" "proxy-server 12" 0.0006 "-" 24 0
Jan 30 06:22:27 standalone proxy-server[129384]: 172.18.0.2 172.18.0.100 30/Jan/2026/06/22/27 GET /v1/AUTH_bb095502870147c682a17549ab21d6b7/gnocchi.4e4921a2-2cfa-4008-ae62-b5432c6b4b73/1769040000.0_mean_300.0_v3 HTTP/1.0 200 - python-swiftclient-3.11.1 gAAAAABpfE2qeuGt... - 16 - tx1564a090a26c4b298244a-00697c4e23 - 0.0080 - - 1769754147.795232534 1769754147.803257942 0
Jan 30 06:22:27 standalone container-server[127059]: 172.20.0.100 - - [30/Jan/2026:06:22:27 +0000] "PUT /d1/583/AUTH_bb095502870147c682a17549ab21d6b7/gnocchi.4e4921a2-2cfa-4008-ae62-b5432c6b4b73/1769040000.0_mean_300.0_v3" 201 - "PUT http://172.18.0.2:8080/d1/488/AUTH_bb095502870147c682a17549ab21d6b7/gnocchi.4e4921a2-2cfa-4008-ae62-b5432c6b4b73/1769040000.0_mean_300.0_v3" "tx9b0fac29595f45c9813da-00697c4e23" "object-server 24" 0.0005 "-" 11 0
Jan 30 06:22:27 standalone object-server[127455]: 172.20.0.100 - - [30/Jan/2026:06:22:27 +0000] "PUT /d1/488/AUTH_bb095502870147c682a17549ab21d6b7/gnocchi.4e4921a2-2cfa-4008-ae62-b5432c6b4b73/1769040000.0_mean_300.0_v3" 201 - "PUT http://172.18.0.2:8080/v1/AUTH_bb095502870147c682a17549ab21d6b7/gnocchi.4e4921a2-2cfa-4008-ae62-b5432c6b4b73/1769040000.0_mean_300.0_v3" "tx9b0fac29595f45c9813da-00697c4e23" "proxy-server 12" 0.0122 "-" 24 0
Jan 30 06:22:27 standalone proxy-server[129384]: 172.18.0.2 172.18.0.100 30/Jan/2026/06/22/27 PUT /v1/AUTH_bb095502870147c682a17549ab21d6b7/gnocchi.4e4921a2-2cfa-4008-ae62-b5432c6b4b73/1769040000.0_mean_300.0_v3 HTTP/1.0 201 - python-swiftclient-3.11.1 gAAAAABpfE2qeuGt... 16 - - tx9b0fac29595f45c9813da-00697c4e23 - 0.0178 - - 1769754147.806866169 1769754147.824681520 0
Jan 30 06:22:27 standalone container-server[127067]: 172.20.0.100 - - [30/Jan/2026:06:22:27 +0000] "PUT /d1/583/AUTH_bb095502870147c682a17549ab21d6b7/gnocchi.4e4921a2-2cfa-4008-ae62-b5432c6b4b73/none_v3" 201 - "PUT http://172.18.0.2:8080/d1/741/AUTH_bb095502870147c682a17549ab21d6b7/gnocchi.4e4921a2-2cfa-4008-ae62-b5432c6b4b73/none_v3" "tx03c7fa84da1c40579ca73-00697c4e23" "object-server 23" 0.0006 "-" 14 0
Jan 30 06:22:27 standalone object-server[127453]: 172.20.0.100 - - [30/Jan/2026:06:22:27 +0000] "PUT /d1/741/AUTH_bb095502870147c682a17549ab21d6b7/gnocchi.4e4921a2-2cfa-4008-ae62-b5432c6b4b73/none_v3" 201 - "PUT http://172.18.0.2:8080/v1/AUTH_bb095502870147c682a17549ab21d6b7/gnocchi.4e4921a2-2cfa-4008-ae62-b5432c6b4b73/none_v3" "tx03c7fa84da1c40579ca73-00697c4e23" "proxy-server 12" 0.0109 "-" 23 0
Jan 30 06:22:27 standalone proxy-server[129384]: 172.18.0.2 172.18.0.100 30/Jan/2026/06/22/27 PUT /v1/AUTH_bb095502870147c682a17549ab21d6b7/gnocchi.4e4921a2-2cfa-4008-ae62-b5432c6b4b73/none_v3 HTTP/1.0 201 - python-swiftclient-3.11.1 gAAAAABpfE2qeuGt... 44 - - tx03c7fa84da1c40579ca73-00697c4e23 - 0.0161 - - 1769754147.827017546 1769754147.843076706 0
Jan 30 06:22:28 standalone object-server[127452]: 172.20.0.100 - - [30/Jan/2026:06:22:28 +0000] "GET /d1/741/AUTH_bb095502870147c682a17549ab21d6b7/gnocchi.4e4921a2-2cfa-4008-ae62-b5432c6b4b73/none_v3" 200 44 "GET http://172.18.0.2:8080/v1/AUTH_bb095502870147c682a17549ab21d6b7/gnocchi.4e4921a2-2cfa-4008-ae62-b5432c6b4b73/none_v3" "txa726f335895143559a41e-00697c4e24" "proxy-server 12" 0.0009 "-" 22 0
Jan 30 06:22:28 standalone proxy-server[129384]: 172.18.0.2 172.18.0.100 30/Jan/2026/06/22/28 GET /v1/AUTH_bb095502870147c682a17549ab21d6b7/gnocchi.4e4921a2-2cfa-4008-ae62-b5432c6b4b73/none_v3 HTTP/1.0 200 - python-swiftclient-3.11.1 gAAAAABpfE2qeuGt... - 44 - txa726f335895143559a41e-00697c4e24 - 0.0099 - - 1769754148.665312767 1769754148.675247908 0
Jan 30 06:22:28 standalone container-server[127059]: 172.20.0.100 - - [30/Jan/2026:06:22:28 +0000] "GET /d1/583/AUTH_bb095502870147c682a17549ab21d6b7/gnocchi.4e4921a2-2cfa-4008-ae62-b5432c6b4b73" 200 357 "GET http://172.18.0.2:8080/v1/AUTH_bb095502870147c682a17549ab21d6b7/gnocchi.4e4921a2-2cfa-4008-ae62-b5432c6b4b73?format=json&states=listing" "tx53e8a49691344ef3a6795-00697c4e24" "proxy-server 12" 0.0159 "-" 11 0
Jan 30 06:22:28 standalone proxy-server[129384]: 172.18.0.2 172.18.0.100 30/Jan/2026/06/22/28 GET /v1/AUTH_bb095502870147c682a17549ab21d6b7/gnocchi.4e4921a2-2cfa-4008-ae62-b5432c6b4b73%3Fformat%3Djson%26states%3Dlisting HTTP/1.0 200 - python-swiftclient-3.11.1 gAAAAABpfE2qeuGt... - 357 - tx53e8a49691344ef3a6795-00697c4e24 - 0.0305 - - 1769754148.679535866 1769754148.710021257 0
Jan 30 06:22:28 standalone container-server[127054]: 172.20.0.100 - - [30/Jan/2026:06:22:28 +0000] "GET /d1/583/AUTH_bb095502870147c682a17549ab21d6b7/gnocchi.4e4921a2-2cfa-4008-ae62-b5432c6b4b73" 200 2 "GET http://172.18.0.2:8080/v1/AUTH_bb095502870147c682a17549ab21d6b7/gnocchi.4e4921a2-2cfa-4008-ae62-b5432c6b4b73?format=json&marker=none_v3&states=listing" "txc9d2ec55e59649ec968cb-00697c4e24" "proxy-server 12" 0.0035 "-" 9 0
Jan 30 06:22:28 standalone proxy-server[129384]: 172.18.0.2 172.18.0.100 30/Jan/2026/06/22/28 GET /v1/AUTH_bb095502870147c682a17549ab21d6b7/gnocchi.4e4921a2-2cfa-4008-ae62-b5432c6b4b73%3Fformat%3Djson%26marker%3Dnone_v3%26states%3Dlisting HTTP/1.0 200 - python-swiftclient-3.11.1 gAAAAABpfE2qeuGt... - 2 - txc9d2ec55e59649ec968cb-00697c4e24 - 0.0137 - - 1769754148.713312626 1769754148.727043629 0
Jan 30 06:22:28 standalone object-server[127452]: 172.20.0.100 - - [30/Jan/2026:06:22:28 +0000] "GET /d1/488/AUTH_bb095502870147c682a17549ab21d6b7/gnocchi.4e4921a2-2cfa-4008-ae62-b5432c6b4b73/1769040000.0_mean_300.0_v3" 200 16 "GET http://172.18.0.2:8080/v1/AUTH_bb095502870147c682a17549ab21d6b7/gnocchi.4e4921a2-2cfa-4008-ae62-b5432c6b4b73/1769040000.0_mean_300.0_v3" "tx39910fe30376406e8a1bf-00697c4e24" "proxy-server 12" 0.0007 "-" 22 0
Jan 30 06:22:28 standalone proxy-server[129384]: 172.18.0.2 172.18.0.100 30/Jan/2026/06/22/28 GET /v1/AUTH_bb095502870147c682a17549ab21d6b7/gnocchi.4e4921a2-2cfa-4008-ae62-b5432c6b4b73/1769040000.0_mean_300.0_v3 HTTP/1.0 200 - python-swiftclient-3.11.1 gAAAAABpfE2qeuGt... - 16 - tx39910fe30376406e8a1bf-00697c4e24 - 0.0099 - - 1769754148.731602907 1769754148.741538048 0
Jan 30 06:22:28 standalone container-server[127072]: 172.20.0.100 - - [30/Jan/2026:06:22:28 +0000] "PUT /d1/583/AUTH_bb095502870147c682a17549ab21d6b7/gnocchi.4e4921a2-2cfa-4008-ae62-b5432c6b4b73/1769040000.0_mean_300.0_v3" 201 - "PUT http://172.18.0.2:8080/d1/488/AUTH_bb095502870147c682a17549ab21d6b7/gnocchi.4e4921a2-2cfa-4008-ae62-b5432c6b4b73/1769040000.0_mean_300.0_v3" "tx31c8c5a34ddb4634ab4e7-00697c4e24" "object-server 24" 0.0006 "-" 17 0
Jan 30 06:22:28 standalone object-server[127455]: 172.20.0.100 - - [30/Jan/2026:06:22:28 +0000] "PUT /d1/488/AUTH_bb095502870147c682a17549ab21d6b7/gnocchi.4e4921a2-2cfa-4008-ae62-b5432c6b4b73/1769040000.0_mean_300.0_v3" 201 - "PUT http://172.18.0.2:8080/v1/AUTH_bb095502870147c682a17549ab21d6b7/gnocchi.4e4921a2-2cfa-4008-ae62-b5432c6b4b73/1769040000.0_mean_300.0_v3" "tx31c8c5a34ddb4634ab4e7-00697c4e24" "proxy-server 12" 0.0114 "-" 24 0
Jan 30 06:22:28 standalone proxy-server[129384]: 172.18.0.2 172.18.0.100 30/Jan/2026/06/22/28 PUT /v1/AUTH_bb095502870147c682a17549ab21d6b7/gnocchi.4e4921a2-2cfa-4008-ae62-b5432c6b4b73/1769040000.0_mean_300.0_v3 HTTP/1.0 201 - python-swiftclient-3.11.1 gAAAAABpfE2qeuGt... 16 - - tx31c8c5a34ddb4634ab4e7-00697c4e24 - 0.0188 - - 1769754148.747486830 1769754148.766283751 0
Jan 30 06:22:28 standalone container-server[127054]: 172.20.0.100 - - [30/Jan/2026:06:22:28 +0000] "PUT /d1/583/AUTH_bb095502870147c682a17549ab21d6b7/gnocchi.4e4921a2-2cfa-4008-ae62-b5432c6b4b73/none_v3" 201 - "PUT http://172.18.0.2:8080/d1/741/AUTH_bb095502870147c682a17549ab21d6b7/gnocchi.4e4921a2-2cfa-4008-ae62-b5432c6b4b73/none_v3" "txf546a9f7aaed4677a3f03-00697c4e24" "object-server 24" 0.0006 "-" 9 0
Jan 30 06:22:28 standalone object-server[127455]: 172.20.0.100 - - [30/Jan/2026:06:22:28 +0000] "PUT /d1/741/AUTH_bb095502870147c682a17549ab21d6b7/gnocchi.4e4921a2-2cfa-4008-ae62-b5432c6b4b73/none_v3" 201 - "PUT http://172.18.0.2:8080/v1/AUTH_bb095502870147c682a17549ab21d6b7/gnocchi.4e4921a2-2cfa-4008-ae62-b5432c6b4b73/none_v3" "txf546a9f7aaed4677a3f03-00697c4e24" "proxy-server 12" 0.0099 "-" 24 0
Jan 30 06:22:28 standalone proxy-server[129384]: 172.18.0.2 172.18.0.100 30/Jan/2026/06/22/28 PUT /v1/AUTH_bb095502870147c682a17549ab21d6b7/gnocchi.4e4921a2-2cfa-4008-ae62-b5432c6b4b73/none_v3 HTTP/1.0 201 - python-swiftclient-3.11.1 gAAAAABpfE2qeuGt... 53 - - txf546a9f7aaed4677a3f03-00697c4e24 - 0.0169 - - 1769754148.768904209 1769754148.785789490 0
Jan 30 06:22:28 standalone object-server[127451]: 172.20.0.100 - - [30/Jan/2026:06:22:28 +0000] "GET /d1/923/AUTH_bb095502870147c682a17549ab21d6b7/gnocchi.41305016-ab3e-4cbe-bb47-f5ee622caacb/none_v3" 200 22 "GET http://172.18.0.2:8080/v1/AUTH_bb095502870147c682a17549ab21d6b7/gnocchi.41305016-ab3e-4cbe-bb47-f5ee622caacb/none_v3" "tx6cdd0dfbe00e4cc7b9125-00697c4e24" "proxy-server 12" 0.0010 "-" 21 0
Jan 30 06:22:28 standalone proxy-server[129384]: 172.18.0.2 172.18.0.100 30/Jan/2026/06/22/28 GET /v1/AUTH_bb095502870147c682a17549ab21d6b7/gnocchi.41305016-ab3e-4cbe-bb47-f5ee622caacb/none_v3 HTTP/1.0 200 - python-swiftclient-3.11.1 gAAAAABpfE2qeuGt... - 22 - tx6cdd0dfbe00e4cc7b9125-00697c4e24 - 0.0104 - - 1769754148.795337200 1769754148.805757761 0
Jan 30 06:22:28 standalone container-server[127067]: 172.20.0.100 - - [30/Jan/2026:06:22:28 +0000] "GET /d1/152/AUTH_bb095502870147c682a17549ab21d6b7/gnocchi.41305016-ab3e-4cbe-bb47-f5ee622caacb" 200 357 "GET http://172.18.0.2:8080/v1/AUTH_bb095502870147c682a17549ab21d6b7/gnocchi.41305016-ab3e-4cbe-bb47-f5ee622caacb?format=json&states=listing" "txb13a12d3ec1e433aaa046-00697c4e24" "proxy-server 12" 0.0082 "-" 14 0
Jan 30 06:22:28 standalone proxy-server[129384]: 172.18.0.2 172.18.0.100 30/Jan/2026/06/22/28 GET /v1/AUTH_bb095502870147c682a17549ab21d6b7/gnocchi.41305016-ab3e-4cbe-bb47-f5ee622caacb%3Fformat%3Djson%26states%3Dlisting HTTP/1.0 200 - python-swiftclient-3.11.1 gAAAAABpfE2qeuGt... - 357 - txb13a12d3ec1e433aaa046-00697c4e24 - 0.0168 - - 1769754148.809255600 1769754148.826009750 0
Jan 30 06:22:28 standalone container-server[127067]: 172.20.0.100 - - [30/Jan/2026:06:22:28 +0000] "GET /d1/152/AUTH_bb095502870147c682a17549ab21d6b7/gnocchi.41305016-ab3e-4cbe-bb47-f5ee622caacb" 200 2 "GET http://172.18.0.2:8080/v1/AUTH_bb095502870147c682a17549ab21d6b7/gnocchi.41305016-ab3e-4cbe-bb47-f5ee622caacb?format=json&marker=none_v3&states=listing" "tx4b4a523c19a44ba09f993-00697c4e24" "proxy-server 12" 0.0033 "-" 14 0
Jan 30 06:22:28 standalone proxy-server[129384]: 172.18.0.2 172.18.0.100 30/Jan/2026/06/22/28 GET /v1/AUTH_bb095502870147c682a17549ab21d6b7/gnocchi.41305016-ab3e-4cbe-bb47-f5ee622caacb%3Fformat%3Djson%26marker%3Dnone_v3%26states%3Dlisting HTTP/1.0 200 - python-swiftclient-3.11.1 gAAAAABpfE2qeuGt... - 2 - tx4b4a523c19a44ba09f993-00697c4e24 - 0.0125 - - 1769754148.828649282 1769754148.841143608 0
Jan 30 06:22:28 standalone object-server[127453]: 172.20.0.100 - - [30/Jan/2026:06:22:28 +0000] "GET /d1/179/AUTH_bb095502870147c682a17549ab21d6b7/gnocchi.41305016-ab3e-4cbe-bb47-f5ee622caacb/1769040000.0_mean_300.0_v3" 200 16 "GET http://172.18.0.2:8080/v1/AUTH_bb095502870147c682a17549ab21d6b7/gnocchi.41305016-ab3e-4cbe-bb47-f5ee622caacb/1769040000.0_mean_300.0_v3" "txe43e656a1b624456b0130-00697c4e24" "proxy-server 12" 0.0014 "-" 23 0
Jan 30 06:22:28 standalone proxy-server[129384]: 172.18.0.2 172.18.0.100 30/Jan/2026/06/22/28 GET /v1/AUTH_bb095502870147c682a17549ab21d6b7/gnocchi.41305016-ab3e-4cbe-bb47-f5ee622caacb/1769040000.0_mean_300.0_v3 HTTP/1.0 200 - python-swiftclient-3.11.1 gAAAAABpfE2qeuGt... - 16 - txe43e656a1b624456b0130-00697c4e24 - 0.0100 - - 1769754148.844825268 1769754148.854848862 0
Jan 30 06:22:28 standalone container-server[127067]: 172.20.0.100 - - [30/Jan/2026:06:22:28 +0000] "PUT /d1/152/AUTH_bb095502870147c682a17549ab21d6b7/gnocchi.41305016-ab3e-4cbe-bb47-f5ee622caacb/1769040000.0_mean_300.0_v3" 201 - "PUT http://172.18.0.2:8080/d1/179/AUTH_bb095502870147c682a17549ab21d6b7/gnocchi.41305016-ab3e-4cbe-bb47-f5ee622caacb/1769040000.0_mean_300.0_v3" "tx4a3caf3a31af41d6983d1-00697c4e24" "object-server 23" 0.0007 "-" 14 0
Jan 30 06:22:28 standalone object-server[127453]: 172.20.0.100 - - [30/Jan/2026:06:22:28 +0000] "PUT /d1/179/AUTH_bb095502870147c682a17549ab21d6b7/gnocchi.41305016-ab3e-4cbe-bb47-f5ee622caacb/1769040000.0_mean_300.0_v3" 201 - "PUT http://172.18.0.2:8080/v1/AUTH_bb095502870147c682a17549ab21d6b7/gnocchi.41305016-ab3e-4cbe-bb47-f5ee622caacb/1769040000.0_mean_300.0_v3" "tx4a3caf3a31af41d6983d1-00697c4e24" "proxy-server 12" 0.0107 "-" 23 0
Jan 30 06:22:28 standalone proxy-server[129384]: 172.18.0.2 172.18.0.100 30/Jan/2026/06/22/28 PUT /v1/AUTH_bb095502870147c682a17549ab21d6b7/gnocchi.41305016-ab3e-4cbe-bb47-f5ee622caacb/1769040000.0_mean_300.0_v3 HTTP/1.0 201 - python-swiftclient-3.11.1 gAAAAABpfE2qeuGt... 16 - - tx4a3caf3a31af41d6983d1-00697c4e24 - 0.0190 - - 1769754148.858057737 1769754148.877086163 0
Jan 30 06:22:28 standalone container-server[127072]: 172.20.0.100 - - [30/Jan/2026:06:22:28 +0000] "PUT /d1/152/AUTH_bb095502870147c682a17549ab21d6b7/gnocchi.41305016-ab3e-4cbe-bb47-f5ee622caacb/none_v3" 201 - "PUT http://172.18.0.2:8080/d1/923/AUTH_bb095502870147c682a17549ab21d6b7/gnocchi.41305016-ab3e-4cbe-bb47-f5ee622caacb/none_v3" "txfdb588a68eec4e62b3d7a-00697c4e24" "object-server 24" 0.0005 "-" 17 0
Jan 30 06:22:28 standalone object-server[127455]: 172.20.0.100 - - [30/Jan/2026:06:22:28 +0000] "PUT /d1/923/AUTH_bb095502870147c682a17549ab21d6b7/gnocchi.41305016-ab3e-4cbe-bb47-f5ee622caacb/none_v3" 201 - "PUT http://172.18.0.2:8080/v1/AUTH_bb095502870147c682a17549ab21d6b7/gnocchi.41305016-ab3e-4cbe-bb47-f5ee622caacb/none_v3" "txfdb588a68eec4e62b3d7a-00697c4e24" "proxy-server 12" 0.0145 "-" 24 0
Jan 30 06:22:28 standalone proxy-server[129384]: 172.18.0.2 172.18.0.100 30/Jan/2026/06/22/28 PUT /v1/AUTH_bb095502870147c682a17549ab21d6b7/gnocchi.41305016-ab3e-4cbe-bb47-f5ee622caacb/none_v3 HTTP/1.0 201 - python-swiftclient-3.11.1 gAAAAABpfE2qeuGt... 32 - - txfdb588a68eec4e62b3d7a-00697c4e24 - 0.0226 - - 1769754148.879875183 1769754148.902523041 0
Jan 30 06:22:28 standalone object-server[127455]: 172.20.0.100 - - [30/Jan/2026:06:22:28 +0000] "GET /d1/737/AUTH_bb095502870147c682a17549ab21d6b7/gnocchi.47bf3fd7-fe4f-4fb4-bbeb-0f96422b47fe/none_v3" 200 22 "GET http://172.18.0.2:8080/v1/AUTH_bb095502870147c682a17549ab21d6b7/gnocchi.47bf3fd7-fe4f-4fb4-bbeb-0f96422b47fe/none_v3" "txdef9347dafce4cea9770f-00697c4e24" "proxy-server 12" 0.0011 "-" 24 0
Jan 30 06:22:28 standalone proxy-server[129384]: 172.18.0.2 172.18.0.100 30/Jan/2026/06/22/28 GET /v1/AUTH_bb095502870147c682a17549ab21d6b7/gnocchi.47bf3fd7-fe4f-4fb4-bbeb-0f96422b47fe/none_v3 HTTP/1.0 200 - python-swiftclient-3.11.1 gAAAAABpfE2qeuGt... - 22 - txdef9347dafce4cea9770f-00697c4e24 - 0.0092 - - 1769754148.912213802 1769754148.921364546 0
Jan 30 06:22:28 standalone container-server[127054]: 172.20.0.100 - - [30/Jan/2026:06:22:28 +0000] "GET /d1/937/AUTH_bb095502870147c682a17549ab21d6b7/gnocchi.47bf3fd7-fe4f-4fb4-bbeb-0f96422b47fe" 200 357 "GET http://172.18.0.2:8080/v1/AUTH_bb095502870147c682a17549ab21d6b7/gnocchi.47bf3fd7-fe4f-4fb4-bbeb-0f96422b47fe?format=json&states=listing" "tx6bd977e79d674b45a4e83-00697c4e24" "proxy-server 12" 0.0093 "-" 9 0
Jan 30 06:22:28 standalone proxy-server[129384]: 172.18.0.2 172.18.0.100 30/Jan/2026/06/22/28 GET /v1/AUTH_bb095502870147c682a17549ab21d6b7/gnocchi.47bf3fd7-fe4f-4fb4-bbeb-0f96422b47fe%3Fformat%3Djson%26states%3Dlisting HTTP/1.0 200 - python-swiftclient-3.11.1 gAAAAABpfE2qeuGt... - 357 - tx6bd977e79d674b45a4e83-00697c4e24 - 0.0173 - - 1769754148.924731970 1769754148.942079306 0
Jan 30 06:22:28 standalone container-server[127059]: 172.20.0.100 - - [30/Jan/2026:06:22:28 +0000] "GET /d1/937/AUTH_bb095502870147c682a17549ab21d6b7/gnocchi.47bf3fd7-fe4f-4fb4-bbeb-0f96422b47fe" 200 2 "GET http://172.18.0.2:8080/v1/AUTH_bb095502870147c682a17549ab21d6b7/gnocchi.47bf3fd7-fe4f-4fb4-bbeb-0f96422b47fe?format=json&marker=none_v3&states=listing" "tx85d1fd9189ca430ab1be0-00697c4e24" "proxy-server 12" 0.0037 "-" 11 0
Jan 30 06:22:28 standalone proxy-server[129384]: 172.18.0.2 172.18.0.100 30/Jan/2026/06/22/28 GET /v1/AUTH_bb095502870147c682a17549ab21d6b7/gnocchi.47bf3fd7-fe4f-4fb4-bbeb-0f96422b47fe%3Fformat%3Djson%26marker%3Dnone_v3%26states%3Dlisting HTTP/1.0 200 - python-swiftclient-3.11.1 gAAAAABpfE2qeuGt... - 2 - tx85d1fd9189ca430ab1be0-00697c4e24 - 0.0134 - - 1769754148.944766521 1769754148.958128929 0
Jan 30 06:22:28 standalone object-server[127455]: 172.20.0.100 - - [30/Jan/2026:06:22:28 +0000] "GET /d1/486/AUTH_bb095502870147c682a17549ab21d6b7/gnocchi.47bf3fd7-fe4f-4fb4-bbeb-0f96422b47fe/1769040000.0_mean_300.0_v3" 200 16 "GET http://172.18.0.2:8080/v1/AUTH_bb095502870147c682a17549ab21d6b7/gnocchi.47bf3fd7-fe4f-4fb4-bbeb-0f96422b47fe/1769040000.0_mean_300.0_v3" "txa344e85c247843e9af520-00697c4e24" "proxy-server 12" 0.0008 "-" 24 0
Jan 30 06:22:28 standalone proxy-server[129384]: 172.18.0.2 172.18.0.100 30/Jan/2026/06/22/28 GET /v1/AUTH_bb095502870147c682a17549ab21d6b7/gnocchi.47bf3fd7-fe4f-4fb4-bbeb-0f96422b47fe/1769040000.0_mean_300.0_v3 HTTP/1.0 200 - python-swiftclient-3.11.1 gAAAAABpfE2qeuGt... - 16 - txa344e85c247843e9af520-00697c4e24 - 0.0069 - - 1769754148.961421967 1769754148.968320847 0
Jan 30 06:22:28 standalone container-server[127067]: 172.20.0.100 - - [30/Jan/2026:06:22:28 +0000] "PUT /d1/937/AUTH_bb095502870147c682a17549ab21d6b7/gnocchi.47bf3fd7-fe4f-4fb4-bbeb-0f96422b47fe/1769040000.0_mean_300.0_v3" 201 - "PUT http://172.18.0.2:8080/d1/486/AUTH_bb095502870147c682a17549ab21d6b7/gnocchi.47bf3fd7-fe4f-4fb4-bbeb-0f96422b47fe/1769040000.0_mean_300.0_v3" "txa723fbaddc73432889b3a-00697c4e24" "object-server 24" 0.0015 "-" 14 0
Jan 30 06:22:28 standalone object-server[127455]: 172.20.0.100 - - [30/Jan/2026:06:22:28 +0000] "PUT /d1/486/AUTH_bb095502870147c682a17549ab21d6b7/gnocchi.47bf3fd7-fe4f-4fb4-bbeb-0f96422b47fe/1769040000.0_mean_300.0_v3" 201 - "PUT http://172.18.0.2:8080/v1/AUTH_bb095502870147c682a17549ab21d6b7/gnocchi.47bf3fd7-fe4f-4fb4-bbeb-0f96422b47fe/1769040000.0_mean_300.0_v3" "txa723fbaddc73432889b3a-00697c4e24" "proxy-server 12" 0.0128 "-" 24 0
Jan 30 06:22:28 standalone proxy-server[129384]: 172.18.0.2 172.18.0.100 30/Jan/2026/06/22/28 PUT /v1/AUTH_bb095502870147c682a17549ab21d6b7/gnocchi.47bf3fd7-fe4f-4fb4-bbeb-0f96422b47fe/1769040000.0_mean_300.0_v3 HTTP/1.0 201 - python-swiftclient-3.11.1 gAAAAABpfE2qeuGt... 16 - - txa723fbaddc73432889b3a-00697c4e24 - 0.0183 - - 1769754148.975446939 1769754148.993763924 0
Jan 30 06:22:29 standalone container-server[127059]: 172.20.0.100 - - [30/Jan/2026:06:22:29 +0000] "PUT /d1/937/AUTH_bb095502870147c682a17549ab21d6b7/gnocchi.47bf3fd7-fe4f-4fb4-bbeb-0f96422b47fe/none_v3" 201 - "PUT http://172.18.0.2:8080/d1/737/AUTH_bb095502870147c682a17549ab21d6b7/gnocchi.47bf3fd7-fe4f-4fb4-bbeb-0f96422b47fe/none_v3" "tx7d44ed1b0ee84152b68c4-00697c4e24" "object-server 24" 0.0006 "-" 11 0
Jan 30 06:22:29 standalone object-server[127455]: 172.20.0.100 - - [30/Jan/2026:06:22:29 +0000] "PUT /d1/737/AUTH_bb095502870147c682a17549ab21d6b7/gnocchi.47bf3fd7-fe4f-4fb4-bbeb-0f96422b47fe/none_v3" 201 - "PUT http://172.18.0.2:8080/v1/AUTH_bb095502870147c682a17549ab21d6b7/gnocchi.47bf3fd7-fe4f-4fb4-bbeb-0f96422b47fe/none_v3" "tx7d44ed1b0ee84152b68c4-00697c4e24" "proxy-server 12" 0.0100 "-" 24 0
Jan 30 06:22:29 standalone proxy-server[129384]: 172.18.0.2 172.18.0.100 30/Jan/2026/06/22/29 PUT /v1/AUTH_bb095502870147c682a17549ab21d6b7/gnocchi.47bf3fd7-fe4f-4fb4-bbeb-0f96422b47fe/none_v3 HTTP/1.0 201 - python-swiftclient-3.11.1 gAAAAABpfE2qeuGt... 32 - - tx7d44ed1b0ee84152b68c4-00697c4e24 - 0.0156 - - 1769754148.996118307 1769754149.011671305 0
Jan 30 06:22:29 standalone object-server[127451]: 172.20.0.100 - - [30/Jan/2026:06:22:29 +0000] "GET /d1/243/AUTH_bb095502870147c682a17549ab21d6b7/gnocchi.0c47d12b-45db-4020-a483-4601620015e5/none_v3" 200 22 "GET http://172.18.0.2:8080/v1/AUTH_bb095502870147c682a17549ab21d6b7/gnocchi.0c47d12b-45db-4020-a483-4601620015e5/none_v3" "txd9597d66e3d44d87b9443-00697c4e25" "proxy-server 12" 0.0011 "-" 21 0
Jan 30 06:22:29 standalone proxy-server[129384]: 172.18.0.2 172.18.0.100 30/Jan/2026/06/22/29 GET /v1/AUTH_bb095502870147c682a17549ab21d6b7/gnocchi.0c47d12b-45db-4020-a483-4601620015e5/none_v3 HTTP/1.0 200 - python-swiftclient-3.11.1 gAAAAABpfE2qeuGt... - 22 - txd9597d66e3d44d87b9443-00697c4e25 - 0.0074 - - 1769754149.020134211 1769754149.027545691 0
Jan 30 06:22:29 standalone container-server[127072]: 172.20.0.100 - - [30/Jan/2026:06:22:29 +0000] "GET /d1/416/AUTH_bb095502870147c682a17549ab21d6b7/gnocchi.0c47d12b-45db-4020-a483-4601620015e5" 200 357 "GET http://172.18.0.2:8080/v1/AUTH_bb095502870147c682a17549ab21d6b7/gnocchi.0c47d12b-45db-4020-a483-4601620015e5?format=json&states=listing" "txf37df447f5364722ba9e6-00697c4e25" "proxy-server 12" 0.0081 "-" 17 0
Jan 30 06:22:29 standalone proxy-server[129384]: 172.18.0.2 172.18.0.100 30/Jan/2026/06/22/29 GET /v1/AUTH_bb095502870147c682a17549ab21d6b7/gnocchi.0c47d12b-45db-4020-a483-4601620015e5%3Fformat%3Djson%26states%3Dlisting HTTP/1.0 200 - python-swiftclient-3.11.1 gAAAAABpfE2qeuGt... - 357 - txf37df447f5364722ba9e6-00697c4e25 - 0.0140 - - 1769754149.030292988 1769754149.044304609 0
Jan 30 06:22:29 standalone container-server[127054]: 172.20.0.100 - - [30/Jan/2026:06:22:29 +0000] "GET /d1/416/AUTH_bb095502870147c682a17549ab21d6b7/gnocchi.0c47d12b-45db-4020-a483-4601620015e5" 200 2 "GET http://172.18.0.2:8080/v1/AUTH_bb095502870147c682a17549ab21d6b7/gnocchi.0c47d12b-45db-4020-a483-4601620015e5?format=json&marker=none_v3&states=listing" "txa114612d0d664ce1b79c1-00697c4e25" "proxy-server 12" 0.0037 "-" 9 0
Jan 30 06:22:29 standalone proxy-server[129384]: 172.18.0.2 172.18.0.100 30/Jan/2026/06/22/29 GET /v1/AUTH_bb095502870147c682a17549ab21d6b7/gnocchi.0c47d12b-45db-4020-a483-4601620015e5%3Fformat%3Djson%26marker%3Dnone_v3%26states%3Dlisting HTTP/1.0 200 - python-swiftclient-3.11.1 gAAAAABpfE2qeuGt... - 2 - txa114612d0d664ce1b79c1-00697c4e25 - 0.0100 - - 1769754149.046622276 1769754149.056578398 0
Jan 30 06:22:29 standalone object-server[127455]: 172.20.0.100 - - [30/Jan/2026:06:22:29 +0000] "GET /d1/945/AUTH_bb095502870147c682a17549ab21d6b7/gnocchi.0c47d12b-45db-4020-a483-4601620015e5/1769040000.0_mean_300.0_v3" 200 16 "GET http://172.18.0.2:8080/v1/AUTH_bb095502870147c682a17549ab21d6b7/gnocchi.0c47d12b-45db-4020-a483-4601620015e5/1769040000.0_mean_300.0_v3" "tx50183dc82eee4c709cae8-00697c4e25" "proxy-server 12" 0.0009 "-" 24 0
Jan 30 06:22:29 standalone proxy-server[129384]: 172.18.0.2 172.18.0.100 30/Jan/2026/06/22/29 GET /v1/AUTH_bb095502870147c682a17549ab21d6b7/gnocchi.0c47d12b-45db-4020-a483-4601620015e5/1769040000.0_mean_300.0_v3 HTTP/1.0 200 - python-swiftclient-3.11.1 gAAAAABpfE2qeuGt... - 16 - tx50183dc82eee4c709cae8-00697c4e25 - 0.0071 - - 1769754149.059465170 1769754149.066529036 0
Jan 30 06:22:29 standalone container-server[127067]: 172.20.0.100 - - [30/Jan/2026:06:22:29 +0000] "PUT /d1/416/AUTH_bb095502870147c682a17549ab21d6b7/gnocchi.0c47d12b-45db-4020-a483-4601620015e5/1769040000.0_mean_300.0_v3" 201 - "PUT http://172.18.0.2:8080/d1/945/AUTH_bb095502870147c682a17549ab21d6b7/gnocchi.0c47d12b-45db-4020-a483-4601620015e5/1769040000.0_mean_300.0_v3" "tx70fa5ef6586d4cff83784-00697c4e25" "object-server 22" 0.0013 "-" 14 0
Jan 30 06:22:29 standalone object-server[127452]: 172.20.0.100 - - [30/Jan/2026:06:22:29 +0000] "PUT /d1/945/AUTH_bb095502870147c682a17549ab21d6b7/gnocchi.0c47d12b-45db-4020-a483-4601620015e5/1769040000.0_mean_300.0_v3" 201 - "PUT http://172.18.0.2:8080/v1/AUTH_bb095502870147c682a17549ab21d6b7/gnocchi.0c47d12b-45db-4020-a483-4601620015e5/1769040000.0_mean_300.0_v3" "tx70fa5ef6586d4cff83784-00697c4e25" "proxy-server 12" 0.0101 "-" 22 0
Jan 30 06:22:29 standalone proxy-server[129384]: 172.18.0.2 172.18.0.100 30/Jan/2026/06/22/29 PUT /v1/AUTH_bb095502870147c682a17549ab21d6b7/gnocchi.0c47d12b-45db-4020-a483-4601620015e5/1769040000.0_mean_300.0_v3 HTTP/1.0 201 - python-swiftclient-3.11.1 gAAAAABpfE2qeuGt... 16 - - tx70fa5ef6586d4cff83784-00697c4e25 - 0.0156 - - 1769754149.068980694 1769754149.084596395 0
Jan 30 06:22:29 standalone container-server[127072]: 172.20.0.100 - - [30/Jan/2026:06:22:29 +0000] "PUT /d1/416/AUTH_bb095502870147c682a17549ab21d6b7/gnocchi.0c47d12b-45db-4020-a483-4601620015e5/none_v3" 201 - "PUT http://172.18.0.2:8080/d1/243/AUTH_bb095502870147c682a17549ab21d6b7/gnocchi.0c47d12b-45db-4020-a483-4601620015e5/none_v3" "txf9c074b8aade43e5aa815-00697c4e25" "object-server 22" 0.0005 "-" 17 0
Jan 30 06:22:29 standalone object-server[127452]: 172.20.0.100 - - [30/Jan/2026:06:22:29 +0000] "PUT /d1/243/AUTH_bb095502870147c682a17549ab21d6b7/gnocchi.0c47d12b-45db-4020-a483-4601620015e5/none_v3" 201 - "PUT http://172.18.0.2:8080/v1/AUTH_bb095502870147c682a17549ab21d6b7/gnocchi.0c47d12b-45db-4020-a483-4601620015e5/none_v3" "txf9c074b8aade43e5aa815-00697c4e25" "proxy-server 12" 0.0092 "-" 22 0
Jan 30 06:22:29 standalone proxy-server[129384]: 172.18.0.2 172.18.0.100 30/Jan/2026/06/22/29 PUT /v1/AUTH_bb095502870147c682a17549ab21d6b7/gnocchi.0c47d12b-45db-4020-a483-4601620015e5/none_v3 HTTP/1.0 201 - python-swiftclient-3.11.1 gAAAAABpfE2qeuGt... 32 - - txf9c074b8aade43e5aa815-00697c4e25 - 0.0140 - - 1769754149.086949825 1769754149.100952864 0
Jan 30 06:22:29 standalone object-server[127455]: 172.20.0.100 - - [30/Jan/2026:06:22:29 +0000] "GET /d1/356/AUTH_bb095502870147c682a17549ab21d6b7/gnocchi.8dcb79ad-86ed-4ddd-94c4-5adc717f0ded/none_v3" 200 22 "GET http://172.18.0.2:8080/v1/AUTH_bb095502870147c682a17549ab21d6b7/gnocchi.8dcb79ad-86ed-4ddd-94c4-5adc717f0ded/none_v3" "txc548f14e5e6a4e189a38a-00697c4e25" "proxy-server 12" 0.0008 "-" 24 0
Jan 30 06:22:29 standalone proxy-server[129384]: 172.18.0.2 172.18.0.100 30/Jan/2026/06/22/29 GET /v1/AUTH_bb095502870147c682a17549ab21d6b7/gnocchi.8dcb79ad-86ed-4ddd-94c4-5adc717f0ded/none_v3 HTTP/1.0 200 - python-swiftclient-3.11.1 gAAAAABpfE2qeuGt... - 22 - txc548f14e5e6a4e189a38a-00697c4e25 - 0.0070 - - 1769754149.109419584 1769754149.116404057 0
Jan 30 06:22:29 standalone container-server[127067]: 172.20.0.100 - - [30/Jan/2026:06:22:29 +0000] "GET /d1/685/AUTH_bb095502870147c682a17549ab21d6b7/gnocchi.8dcb79ad-86ed-4ddd-94c4-5adc717f0ded" 200 357 "GET http://172.18.0.2:8080/v1/AUTH_bb095502870147c682a17549ab21d6b7/gnocchi.8dcb79ad-86ed-4ddd-94c4-5adc717f0ded?format=json&states=listing" "tx60465a36513a4d1aa160d-00697c4e25" "proxy-server 12" 0.0101 "-" 14 0
Jan 30 06:22:29 standalone proxy-server[129384]: 172.18.0.2 172.18.0.100 30/Jan/2026/06/22/29 GET /v1/AUTH_bb095502870147c682a17549ab21d6b7/gnocchi.8dcb79ad-86ed-4ddd-94c4-5adc717f0ded%3Fformat%3Djson%26states%3Dlisting HTTP/1.0 200 - python-swiftclient-3.11.1 gAAAAABpfE2qeuGt... - 357 - tx60465a36513a4d1aa160d-00697c4e25 - 0.0180 - - 1769754149.119065046 1769754149.137032509 0
Jan 30 06:22:29 standalone container-server[127067]: 172.20.0.100 - - [30/Jan/2026:06:22:29 +0000] "GET /d1/685/AUTH_bb095502870147c682a17549ab21d6b7/gnocchi.8dcb79ad-86ed-4ddd-94c4-5adc717f0ded" 200 2 "GET http://172.18.0.2:8080/v1/AUTH_bb095502870147c682a17549ab21d6b7/gnocchi.8dcb79ad-86ed-4ddd-94c4-5adc717f0ded?format=json&marker=none_v3&states=listing" "tx71f8847186ee4cd49e38f-00697c4e25" "proxy-server 12" 0.0036 "-" 14 0
Jan 30 06:22:29 standalone proxy-server[129384]: 172.18.0.2 172.18.0.100 30/Jan/2026/06/22/29 GET /v1/AUTH_bb095502870147c682a17549ab21d6b7/gnocchi.8dcb79ad-86ed-4ddd-94c4-5adc717f0ded%3Fformat%3Djson%26marker%3Dnone_v3%26states%3Dlisting HTTP/1.0 200 - python-swiftclient-3.11.1 gAAAAABpfE2qeuGt... - 2 - tx71f8847186ee4cd49e38f-00697c4e25 - 0.0138 - - 1769754149.140102863 1769754149.153897524 0
Jan 30 06:22:29 standalone object-server[127452]: 172.20.0.100 - - [30/Jan/2026:06:22:29 +0000] "GET /d1/897/AUTH_bb095502870147c682a17549ab21d6b7/gnocchi.8dcb79ad-86ed-4ddd-94c4-5adc717f0ded/1769040000.0_mean_300.0_v3" 200 16 "GET http://172.18.0.2:8080/v1/AUTH_bb095502870147c682a17549ab21d6b7/gnocchi.8dcb79ad-86ed-4ddd-94c4-5adc717f0ded/1769040000.0_mean_300.0_v3" "tx5ef3a975c99243f7a4f19-00697c4e25" "proxy-server 12" 0.0010 "-" 22 0
Jan 30 06:22:29 standalone proxy-server[129384]: 172.18.0.2 172.18.0.100 30/Jan/2026/06/22/29 GET /v1/AUTH_bb095502870147c682a17549ab21d6b7/gnocchi.8dcb79ad-86ed-4ddd-94c4-5adc717f0ded/1769040000.0_mean_300.0_v3 HTTP/1.0 200 - python-swiftclient-3.11.1 gAAAAABpfE2qeuGt... - 16 - tx5ef3a975c99243f7a4f19-00697c4e25 - 0.0076 - - 1769754149.157852173 1769754149.165413141 0
Jan 30 06:22:29 standalone container-server[127067]: 172.20.0.100 - - [30/Jan/2026:06:22:29 +0000] "PUT /d1/685/AUTH_bb095502870147c682a17549ab21d6b7/gnocchi.8dcb79ad-86ed-4ddd-94c4-5adc717f0ded/1769040000.0_mean_300.0_v3" 201 - "PUT http://172.18.0.2:8080/d1/897/AUTH_bb095502870147c682a17549ab21d6b7/gnocchi.8dcb79ad-86ed-4ddd-94c4-5adc717f0ded/1769040000.0_mean_300.0_v3" "txb2649cd0878743f5acf5b-00697c4e25" "object-server 22" 0.0006 "-" 14 0
Jan 30 06:22:29 standalone object-server[127452]: 172.20.0.100 - - [30/Jan/2026:06:22:29 +0000] "PUT /d1/897/AUTH_bb095502870147c682a17549ab21d6b7/gnocchi.8dcb79ad-86ed-4ddd-94c4-5adc717f0ded/1769040000.0_mean_300.0_v3" 201 - "PUT http://172.18.0.2:8080/v1/AUTH_bb095502870147c682a17549ab21d6b7/gnocchi.8dcb79ad-86ed-4ddd-94c4-5adc717f0ded/1769040000.0_mean_300.0_v3" "txb2649cd0878743f5acf5b-00697c4e25" "proxy-server 12" 0.0400 "-" 22 0
Jan 30 06:22:29 standalone proxy-server[129384]: 172.18.0.2 172.18.0.100 30/Jan/2026/06/22/29 PUT /v1/AUTH_bb095502870147c682a17549ab21d6b7/gnocchi.8dcb79ad-86ed-4ddd-94c4-5adc717f0ded/1769040000.0_mean_300.0_v3 HTTP/1.0 201 - python-swiftclient-3.11.1 gAAAAABpfE2qeuGt... 16 - - txb2649cd0878743f5acf5b-00697c4e25 - 0.0483 - - 1769754149.171406507 1769754149.219738960 0
Jan 30 06:22:29 standalone container-server[127054]: 172.20.0.100 - - [30/Jan/2026:06:22:29 +0000] "PUT /d1/685/AUTH_bb095502870147c682a17549ab21d6b7/gnocchi.8dcb79ad-86ed-4ddd-94c4-5adc717f0ded/none_v3" 201 - "PUT http://172.18.0.2:8080/d1/356/AUTH_bb095502870147c682a17549ab21d6b7/gnocchi.8dcb79ad-86ed-4ddd-94c4-5adc717f0ded/none_v3" "txa2b9918cc1c9416887d03-00697c4e25" "object-server 23" 0.0008 "-" 9 0
Jan 30 06:22:29 standalone object-server[127453]: 172.20.0.100 - - [30/Jan/2026:06:22:29 +0000] "PUT /d1/356/AUTH_bb095502870147c682a17549ab21d6b7/gnocchi.8dcb79ad-86ed-4ddd-94c4-5adc717f0ded/none_v3" 201 - "PUT http://172.18.0.2:8080/v1/AUTH_bb095502870147c682a17549ab21d6b7/gnocchi.8dcb79ad-86ed-4ddd-94c4-5adc717f0ded/none_v3" "txa2b9918cc1c9416887d03-00697c4e25" "proxy-server 12" 0.0124 "-" 23 0
Jan 30 06:22:29 standalone proxy-server[129384]: 172.18.0.2 172.18.0.100 30/Jan/2026/06/22/29 PUT /v1/AUTH_bb095502870147c682a17549ab21d6b7/gnocchi.8dcb79ad-86ed-4ddd-94c4-5adc717f0ded/none_v3 HTTP/1.0 201 - python-swiftclient-3.11.1 gAAAAABpfE2qeuGt... 32 - - txa2b9918cc1c9416887d03-00697c4e25 - 0.0211 - - 1769754149.224666119 1769754149.245786667 0
Jan 30 06:22:32 standalone container-server[127072]: 172.20.0.100 - - [30/Jan/2026:06:22:32 +0000] "HEAD /d1/747/AUTH_bb095502870147c682a17549ab21d6b7/gnocchi.add1411f-718a-4102-a224-9a22a2225c4e" 404 - "HEAD http://172.18.0.2:8080/v1/AUTH_bb095502870147c682a17549ab21d6b7/gnocchi.add1411f-718a-4102-a224-9a22a2225c4e?format=json&states=listing" "tx55b118e02a0b48018f2ff-00697c4e28" "proxy-server 12" 0.0009 "-" 17 0
Jan 30 06:22:32 standalone object-server[127451]: 172.20.0.100 - - [30/Jan/2026:06:22:32 +0000] "GET /d1/721/AUTH_bb095502870147c682a17549ab21d6b7/gnocchi.add1411f-718a-4102-a224-9a22a2225c4e/none_v3" 404 70 "GET http://172.18.0.2:8080/v1/AUTH_bb095502870147c682a17549ab21d6b7/gnocchi.add1411f-718a-4102-a224-9a22a2225c4e/none_v3" "tx55b118e02a0b48018f2ff-00697c4e28" "proxy-server 12" 0.0005 "-" 21 0
Jan 30 06:22:32 standalone proxy-server[129384]: 172.18.0.2 172.18.0.100 30/Jan/2026/06/22/32 GET /v1/AUTH_bb095502870147c682a17549ab21d6b7/gnocchi.add1411f-718a-4102-a224-9a22a2225c4e/none_v3 HTTP/1.0 404 - python-swiftclient-3.11.1 gAAAAABpfE2qeuGt... - 70 - tx55b118e02a0b48018f2ff-00697c4e28 - 0.0113 - - 1769754152.253899574 1769754152.265185356 0
Jan 30 06:22:32 standalone account-server[127301]: 172.20.0.100 - - [30/Jan/2026:06:22:32 +0000] "PUT /d1/762/AUTH_bb095502870147c682a17549ab21d6b7/gnocchi.add1411f-718a-4102-a224-9a22a2225c4e" 201 - "PUT http://172.20.0.100:6001/d1/747/AUTH_bb095502870147c682a17549ab21d6b7/gnocchi.add1411f-718a-4102-a224-9a22a2225c4e" "tx08079243128945e7a1a00-00697c4e28" "container-server 11" 0.0022 "-" 23 0
Jan 30 06:22:32 standalone container-server[127059]: 172.20.0.100 - - [30/Jan/2026:06:22:32 +0000] "PUT /d1/747/AUTH_bb095502870147c682a17549ab21d6b7/gnocchi.add1411f-718a-4102-a224-9a22a2225c4e" 201 - "PUT http://172.18.0.2:8080/v1/AUTH_bb095502870147c682a17549ab21d6b7/gnocchi.add1411f-718a-4102-a224-9a22a2225c4e" "tx08079243128945e7a1a00-00697c4e28" "proxy-server 12" 0.0158 "-" 11 0
Jan 30 06:22:32 standalone proxy-server[129384]: 172.18.0.2 172.18.0.100 30/Jan/2026/06/22/32 PUT /v1/AUTH_bb095502870147c682a17549ab21d6b7/gnocchi.add1411f-718a-4102-a224-9a22a2225c4e HTTP/1.0 201 - python-swiftclient-3.11.1 gAAAAABpfE2qeuGt... - - - tx08079243128945e7a1a00-00697c4e28 - 0.0226 - - 1769754152.268744230 1769754152.291306734 0
Jan 30 06:22:32 standalone container-server[127072]: 172.20.0.100 - - [30/Jan/2026:06:22:32 +0000] "HEAD /d1/747/AUTH_bb095502870147c682a17549ab21d6b7/gnocchi.add1411f-718a-4102-a224-9a22a2225c4e" 204 - "HEAD http://172.18.0.2:8080/v1/AUTH_bb095502870147c682a17549ab21d6b7/gnocchi.add1411f-718a-4102-a224-9a22a2225c4e?format=json&states=listing" "txfdd676255674454396120-00697c4e28" "proxy-server 12" 0.0023 "-" 17 0
Jan 30 06:22:32 standalone proxy-server[129384]: - - 30/Jan/2026/06/22/32 HEAD /v1/AUTH_bb095502870147c682a17549ab21d6b7/gnocchi.add1411f-718a-4102-a224-9a22a2225c4e%3Fformat%3Djson%26states%3Dlisting HTTP/1.0 204 - Swift - - - - txfdd676255674454396120-00697c4e28 - 0.0084 RL - 1769754152.304101229 1769754152.312461376 0
Jan 30 06:22:32 standalone container-server[127059]: 172.20.0.100 - - [30/Jan/2026:06:22:32 +0000] "GET /d1/747/AUTH_bb095502870147c682a17549ab21d6b7/gnocchi.add1411f-718a-4102-a224-9a22a2225c4e" 200 2 "GET http://172.18.0.2:8080/v1/AUTH_bb095502870147c682a17549ab21d6b7/gnocchi.add1411f-718a-4102-a224-9a22a2225c4e?format=json&states=listing" "txfdd676255674454396120-00697c4e28" "proxy-server 12" 0.0018 "-" 11 0
Jan 30 06:22:32 standalone proxy-server[129384]: 172.18.0.2 172.18.0.100 30/Jan/2026/06/22/32 GET /v1/AUTH_bb095502870147c682a17549ab21d6b7/gnocchi.add1411f-718a-4102-a224-9a22a2225c4e%3Fformat%3Djson%26states%3Dlisting HTTP/1.0 200 - python-swiftclient-3.11.1 gAAAAABpfE2qeuGt... - 2 - txfdd676255674454396120-00697c4e28 - 0.0214 - - 1769754152.300967693 1769754152.322331190 0
Jan 30 06:22:32 standalone object-server[127455]: 172.20.0.100 - - [30/Jan/2026:06:22:32 +0000] "GET /d1/811/AUTH_bb095502870147c682a17549ab21d6b7/gnocchi.add1411f-718a-4102-a224-9a22a2225c4e/1769040000.0_mean_300.0_v3" 404 70 "GET http://172.18.0.2:8080/v1/AUTH_bb095502870147c682a17549ab21d6b7/gnocchi.add1411f-718a-4102-a224-9a22a2225c4e/1769040000.0_mean_300.0_v3" "tx7a04d805b4d14b51ad734-00697c4e28" "proxy-server 12" 0.0005 "-" 24 0
Jan 30 06:22:32 standalone proxy-server[129384]: 172.18.0.2 172.18.0.100 30/Jan/2026/06/22/32 GET /v1/AUTH_bb095502870147c682a17549ab21d6b7/gnocchi.add1411f-718a-4102-a224-9a22a2225c4e/1769040000.0_mean_300.0_v3 HTTP/1.0 404 - python-swiftclient-3.11.1 gAAAAABpfE2qeuGt... - 70 - tx7a04d805b4d14b51ad734-00697c4e28 - 0.0090 - - 1769754152.327471256 1769754152.336466074 0
Jan 30 06:22:32 standalone container-server[127067]: 172.20.0.100 - - [30/Jan/2026:06:22:32 +0000] "PUT /d1/747/AUTH_bb095502870147c682a17549ab21d6b7/gnocchi.add1411f-718a-4102-a224-9a22a2225c4e/1769040000.0_mean_300.0_v3" 201 - "PUT http://172.18.0.2:8080/d1/811/AUTH_bb095502870147c682a17549ab21d6b7/gnocchi.add1411f-718a-4102-a224-9a22a2225c4e/1769040000.0_mean_300.0_v3" "tx944b901f4bcf4c1a87035-00697c4e28" "object-server 24" 0.0006 "-" 14 0
Jan 30 06:22:32 standalone object-server[127455]: 172.20.0.100 - - [30/Jan/2026:06:22:32 +0000] "PUT /d1/811/AUTH_bb095502870147c682a17549ab21d6b7/gnocchi.add1411f-718a-4102-a224-9a22a2225c4e/1769040000.0_mean_300.0_v3" 201 - "PUT http://172.18.0.2:8080/v1/AUTH_bb095502870147c682a17549ab21d6b7/gnocchi.add1411f-718a-4102-a224-9a22a2225c4e/1769040000.0_mean_300.0_v3" "tx944b901f4bcf4c1a87035-00697c4e28" "proxy-server 12" 0.0138 "-" 24 0
Jan 30 06:22:32 standalone proxy-server[129384]: 172.18.0.2 172.18.0.100 30/Jan/2026/06/22/32 PUT /v1/AUTH_bb095502870147c682a17549ab21d6b7/gnocchi.add1411f-718a-4102-a224-9a22a2225c4e/1769040000.0_mean_300.0_v3 HTTP/1.0 201 - python-swiftclient-3.11.1 gAAAAABpfE2qeuGt... 16 - - tx944b901f4bcf4c1a87035-00697c4e28 - 0.0230 - - 1769754152.342026949 1769754152.365005016 0
Jan 30 06:22:32 standalone container-server[127054]: 172.20.0.100 - - [30/Jan/2026:06:22:32 +0000] "PUT /d1/747/AUTH_bb095502870147c682a17549ab21d6b7/gnocchi.add1411f-718a-4102-a224-9a22a2225c4e/none_v3" 201 - "PUT http://172.18.0.2:8080/d1/721/AUTH_bb095502870147c682a17549ab21d6b7/gnocchi.add1411f-718a-4102-a224-9a22a2225c4e/none_v3" "tx8f0749746d6545bf90fa4-00697c4e28" "object-server 22" 0.0008 "-" 9 0
Jan 30 06:22:32 standalone object-server[127452]: 172.20.0.100 - - [30/Jan/2026:06:22:32 +0000] "PUT /d1/721/AUTH_bb095502870147c682a17549ab21d6b7/gnocchi.add1411f-718a-4102-a224-9a22a2225c4e/none_v3" 201 - "PUT http://172.18.0.2:8080/v1/AUTH_bb095502870147c682a17549ab21d6b7/gnocchi.add1411f-718a-4102-a224-9a22a2225c4e/none_v3" "tx8f0749746d6545bf90fa4-00697c4e28" "proxy-server 12" 0.0127 "-" 22 0
Jan 30 06:22:32 standalone proxy-server[129384]: 172.18.0.2 172.18.0.100 30/Jan/2026/06/22/32 PUT /v1/AUTH_bb095502870147c682a17549ab21d6b7/gnocchi.add1411f-718a-4102-a224-9a22a2225c4e/none_v3 HTTP/1.0 201 - python-swiftclient-3.11.1 gAAAAABpfE2qeuGt... 22 - - tx8f0749746d6545bf90fa4-00697c4e28 - 0.0243 - - 1769754152.369159937 1769754152.393506527 0
Jan 30 06:22:32 standalone object-server[127452]: 172.20.0.100 - - [30/Jan/2026:06:22:32 +0000] "GET /d1/806/AUTH_bb095502870147c682a17549ab21d6b7/gnocchi.46d14619-413d-4b47-ad67-c29d57b8472a/none_v3" 200 33 "GET http://172.18.0.2:8080/v1/AUTH_bb095502870147c682a17549ab21d6b7/gnocchi.46d14619-413d-4b47-ad67-c29d57b8472a/none_v3" "txa5b61e6f6566428d9bc23-00697c4e28" "proxy-server 12" 0.0012 "-" 22 0
Jan 30 06:22:32 standalone proxy-server[129384]: 172.18.0.2 172.18.0.100 30/Jan/2026/06/22/32 GET /v1/AUTH_bb095502870147c682a17549ab21d6b7/gnocchi.46d14619-413d-4b47-ad67-c29d57b8472a/none_v3 HTTP/1.0 200 - python-swiftclient-3.11.1 gAAAAABpfE2qeuGt... - 33 - txa5b61e6f6566428d9bc23-00697c4e28 - 0.0136 - - 1769754152.517608881 1769754152.531237364 0
Jan 30 06:22:32 standalone container-server[127054]: 172.20.0.100 - - [30/Jan/2026:06:22:32 +0000] "GET /d1/450/AUTH_bb095502870147c682a17549ab21d6b7/gnocchi.46d14619-413d-4b47-ad67-c29d57b8472a" 200 357 "GET http://172.18.0.2:8080/v1/AUTH_bb095502870147c682a17549ab21d6b7/gnocchi.46d14619-413d-4b47-ad67-c29d57b8472a?format=json&states=listing" "tx82e043eca29544f39f070-00697c4e28" "proxy-server 12" 0.0099 "-" 9 0
Jan 30 06:22:32 standalone proxy-server[129384]: 172.18.0.2 172.18.0.100 30/Jan/2026/06/22/32 GET /v1/AUTH_bb095502870147c682a17549ab21d6b7/gnocchi.46d14619-413d-4b47-ad67-c29d57b8472a%3Fformat%3Djson%26states%3Dlisting HTTP/1.0 200 - python-swiftclient-3.11.1 gAAAAABpfE2qeuGt... - 357 - tx82e043eca29544f39f070-00697c4e28 - 0.0202 - - 1769754152.536388159 1769754152.556569815 0
Jan 30 06:22:32 standalone container-server[127072]: 172.20.0.100 - - [30/Jan/2026:06:22:32 +0000] "GET /d1/450/AUTH_bb095502870147c682a17549ab21d6b7/gnocchi.46d14619-413d-4b47-ad67-c29d57b8472a" 200 2 "GET http://172.18.0.2:8080/v1/AUTH_bb095502870147c682a17549ab21d6b7/gnocchi.46d14619-413d-4b47-ad67-c29d57b8472a?format=json&marker=none_v3&states=listing" "txd6760faf10cd4bd29a1e6-00697c4e28" "proxy-server 12" 0.0035 "-" 17 0
Jan 30 06:22:32 standalone proxy-server[129384]: 172.18.0.2 172.18.0.100 30/Jan/2026/06/22/32 GET /v1/AUTH_bb095502870147c682a17549ab21d6b7/gnocchi.46d14619-413d-4b47-ad67-c29d57b8472a%3Fformat%3Djson%26marker%3Dnone_v3%26states%3Dlisting HTTP/1.0 200 - python-swiftclient-3.11.1 gAAAAABpfE2qeuGt... - 2 - txd6760faf10cd4bd29a1e6-00697c4e28 - 0.0152 - - 1769754152.560747147 1769754152.575994730 0
Jan 30 06:22:32 standalone object-server[127452]: 172.20.0.100 - - [30/Jan/2026:06:22:32 +0000] "GET /d1/294/AUTH_bb095502870147c682a17549ab21d6b7/gnocchi.46d14619-413d-4b47-ad67-c29d57b8472a/1769040000.0_mean_300.0_v3" 200 16 "GET http://172.18.0.2:8080/v1/AUTH_bb095502870147c682a17549ab21d6b7/gnocchi.46d14619-413d-4b47-ad67-c29d57b8472a/1769040000.0_mean_300.0_v3" "tx06fcf0ab8124400f83417-00697c4e28" "proxy-server 12" 0.0010 "-" 22 0
Jan 30 06:22:32 standalone proxy-server[129384]: 172.18.0.2 172.18.0.100 30/Jan/2026/06/22/32 GET /v1/AUTH_bb095502870147c682a17549ab21d6b7/gnocchi.46d14619-413d-4b47-ad67-c29d57b8472a/1769040000.0_mean_300.0_v3 HTTP/1.0 200 - python-swiftclient-3.11.1 gAAAAABpfE2qeuGt... - 16 - tx06fcf0ab8124400f83417-00697c4e28 - 0.0103 - - 1769754152.581954241 1769754152.592222929 0
Jan 30 06:22:32 standalone container-server[127059]: 172.20.0.100 - - [30/Jan/2026:06:22:32 +0000] "PUT /d1/450/AUTH_bb095502870147c682a17549ab21d6b7/gnocchi.46d14619-413d-4b47-ad67-c29d57b8472a/1769040000.0_mean_300.0_v3" 201 - "PUT http://172.18.0.2:8080/d1/294/AUTH_bb095502870147c682a17549ab21d6b7/gnocchi.46d14619-413d-4b47-ad67-c29d57b8472a/1769040000.0_mean_300.0_v3" "tx748bfb0fc031466b83e23-00697c4e28" "object-server 22" 0.0008 "-" 11 0
