Jan 30 06:23:23 standalone container-server[127054]: 172.20.0.100 - - [30/Jan/2026:06:23:23 +0000] "PUT /d1/17/AUTH_bb095502870147c682a17549ab21d6b7/gnocchi.a1067f37-4a63-44ea-acde-e03def02d82d/none_v3" 201 - "PUT http://172.18.0.2:8080/d1/139/AUTH_bb095502870147c682a17549ab21d6b7/gnocchi.a1067f37-4a63-44ea-acde-e03def02d82d/none_v3" "tx1a7dd51bdad448929bacb-00697c4e5b" "object-server 22" 0.0007 "-" 9 0
Jan 30 06:23:23 standalone object-server[127452]: 172.20.0.100 - - [30/Jan/2026:06:23:23 +0000] "PUT /d1/139/AUTH_bb095502870147c682a17549ab21d6b7/gnocchi.a1067f37-4a63-44ea-acde-e03def02d82d/none_v3" 201 - "PUT http://172.18.0.2:8080/v1/AUTH_bb095502870147c682a17549ab21d6b7/gnocchi.a1067f37-4a63-44ea-acde-e03def02d82d/none_v3" "tx1a7dd51bdad448929bacb-00697c4e5b" "proxy-server 12" 0.0127 "-" 22 0
Jan 30 06:23:23 standalone proxy-server[129384]: 172.18.0.2 172.18.0.100 30/Jan/2026/06/23/23 PUT /v1/AUTH_bb095502870147c682a17549ab21d6b7/gnocchi.a1067f37-4a63-44ea-acde-e03def02d82d/none_v3 HTTP/1.0 201 - python-swiftclient-3.11.1 gAAAAABpfE2qeuGt... 22 - - tx1a7dd51bdad448929bacb-00697c4e5b - 0.0223 - - 1769754203.158483744 1769754203.180816174 0
Jan 30 06:23:23 standalone container-server[127072]: 172.20.0.100 - - [30/Jan/2026:06:23:23 +0000] "HEAD /d1/901/AUTH_bb095502870147c682a17549ab21d6b7/gnocchi.35be9316-0b00-4d85-8b15-e8a5449059ae" 404 - "HEAD http://172.18.0.2:8080/v1/AUTH_bb095502870147c682a17549ab21d6b7/gnocchi.35be9316-0b00-4d85-8b15-e8a5449059ae?format=json&states=listing" "txf3612f0df80c434fa1156-00697c4e5b" "proxy-server 12" 0.0005 "-" 17 0
Jan 30 06:23:23 standalone object-server[127452]: 172.20.0.100 - - [30/Jan/2026:06:23:23 +0000] "GET /d1/329/AUTH_bb095502870147c682a17549ab21d6b7/gnocchi.35be9316-0b00-4d85-8b15-e8a5449059ae/none_v3" 404 70 "GET http://172.18.0.2:8080/v1/AUTH_bb095502870147c682a17549ab21d6b7/gnocchi.35be9316-0b00-4d85-8b15-e8a5449059ae/none_v3" "txf3612f0df80c434fa1156-00697c4e5b" "proxy-server 12" 0.0005 "-" 22 0
Jan 30 06:23:23 standalone proxy-server[129384]: 172.18.0.2 172.18.0.100 30/Jan/2026/06/23/23 GET /v1/AUTH_bb095502870147c682a17549ab21d6b7/gnocchi.35be9316-0b00-4d85-8b15-e8a5449059ae/none_v3 HTTP/1.0 404 - python-swiftclient-3.11.1 gAAAAABpfE2qeuGt... - 70 - txf3612f0df80c434fa1156-00697c4e5b - 0.0129 - - 1769754203.193579674 1769754203.206498861 0
Jan 30 06:23:23 standalone account-server[127295]: 172.20.0.100 - - [30/Jan/2026:06:23:23 +0000] "PUT /d1/762/AUTH_bb095502870147c682a17549ab21d6b7/gnocchi.35be9316-0b00-4d85-8b15-e8a5449059ae" 201 - "PUT http://172.20.0.100:6001/d1/901/AUTH_bb095502870147c682a17549ab21d6b7/gnocchi.35be9316-0b00-4d85-8b15-e8a5449059ae" "tx07f7a6a7a18745c4b4695-00697c4e5b" "container-server 11" 0.0070 "-" 21 0
Jan 30 06:23:23 standalone container-server[127059]: 172.20.0.100 - - [30/Jan/2026:06:23:23 +0000] "PUT /d1/901/AUTH_bb095502870147c682a17549ab21d6b7/gnocchi.35be9316-0b00-4d85-8b15-e8a5449059ae" 201 - "PUT http://172.18.0.2:8080/v1/AUTH_bb095502870147c682a17549ab21d6b7/gnocchi.35be9316-0b00-4d85-8b15-e8a5449059ae" "tx07f7a6a7a18745c4b4695-00697c4e5b" "proxy-server 12" 0.0222 "-" 11 0
Jan 30 06:23:23 standalone proxy-server[129384]: 172.18.0.2 172.18.0.100 30/Jan/2026/06/23/23 PUT /v1/AUTH_bb095502870147c682a17549ab21d6b7/gnocchi.35be9316-0b00-4d85-8b15-e8a5449059ae HTTP/1.0 201 - python-swiftclient-3.11.1 gAAAAABpfE2qeuGt... - - - tx07f7a6a7a18745c4b4695-00697c4e5b - 0.0292 - - 1769754203.209408522 1769754203.238601446 0
Jan 30 06:23:23 standalone container-server[127059]: 172.20.0.100 - - [30/Jan/2026:06:23:23 +0000] "HEAD /d1/901/AUTH_bb095502870147c682a17549ab21d6b7/gnocchi.35be9316-0b00-4d85-8b15-e8a5449059ae" 204 - "HEAD http://172.18.0.2:8080/v1/AUTH_bb095502870147c682a17549ab21d6b7/gnocchi.35be9316-0b00-4d85-8b15-e8a5449059ae?format=json&states=listing" "txa6dcbe7ebe024a9a9a46c-00697c4e5b" "proxy-server 12" 0.0019 "-" 11 0
Jan 30 06:23:23 standalone proxy-server[129384]: - - 30/Jan/2026/06/23/23 HEAD /v1/AUTH_bb095502870147c682a17549ab21d6b7/gnocchi.35be9316-0b00-4d85-8b15-e8a5449059ae%3Fformat%3Djson%26states%3Dlisting HTTP/1.0 204 - Swift - - - - txa6dcbe7ebe024a9a9a46c-00697c4e5b - 0.0061 RL - 1769754203.243479252 1769754203.249562263 0
Jan 30 06:23:23 standalone container-server[127067]: 172.20.0.100 - - [30/Jan/2026:06:23:23 +0000] "GET /d1/901/AUTH_bb095502870147c682a17549ab21d6b7/gnocchi.35be9316-0b00-4d85-8b15-e8a5449059ae" 200 2 "GET http://172.18.0.2:8080/v1/AUTH_bb095502870147c682a17549ab21d6b7/gnocchi.35be9316-0b00-4d85-8b15-e8a5449059ae?format=json&states=listing" "txa6dcbe7ebe024a9a9a46c-00697c4e5b" "proxy-server 12" 0.0034 "-" 14 0
Jan 30 06:23:23 standalone proxy-server[129384]: 172.18.0.2 172.18.0.100 30/Jan/2026/06/23/23 GET /v1/AUTH_bb095502870147c682a17549ab21d6b7/gnocchi.35be9316-0b00-4d85-8b15-e8a5449059ae%3Fformat%3Djson%26states%3Dlisting HTTP/1.0 200 - python-swiftclient-3.11.1 gAAAAABpfE2qeuGt... - 2 - txa6dcbe7ebe024a9a9a46c-00697c4e5b - 0.0198 - - 1769754203.241805077 1769754203.261577845 0
Jan 30 06:23:23 standalone object-server[127452]: 172.20.0.100 - - [30/Jan/2026:06:23:23 +0000] "GET /d1/775/AUTH_bb095502870147c682a17549ab21d6b7/gnocchi.35be9316-0b00-4d85-8b15-e8a5449059ae/1769040000.0_mean_300.0_v3" 404 70 "GET http://172.18.0.2:8080/v1/AUTH_bb095502870147c682a17549ab21d6b7/gnocchi.35be9316-0b00-4d85-8b15-e8a5449059ae/1769040000.0_mean_300.0_v3" "txb18ce1f9b5fb48f590e9e-00697c4e5b" "proxy-server 12" 0.0005 "-" 22 0
Jan 30 06:23:23 standalone proxy-server[129384]: 172.18.0.2 172.18.0.100 30/Jan/2026/06/23/23 GET /v1/AUTH_bb095502870147c682a17549ab21d6b7/gnocchi.35be9316-0b00-4d85-8b15-e8a5449059ae/1769040000.0_mean_300.0_v3 HTTP/1.0 404 - python-swiftclient-3.11.1 gAAAAABpfE2qeuGt... - 70 - txb18ce1f9b5fb48f590e9e-00697c4e5b - 0.0082 - - 1769754203.264766216 1769754203.272919178 0
Jan 30 06:23:23 standalone container-server[127059]: 172.20.0.100 - - [30/Jan/2026:06:23:23 +0000] "PUT /d1/901/AUTH_bb095502870147c682a17549ab21d6b7/gnocchi.35be9316-0b00-4d85-8b15-e8a5449059ae/1769040000.0_mean_300.0_v3" 201 - "PUT http://172.18.0.2:8080/d1/775/AUTH_bb095502870147c682a17549ab21d6b7/gnocchi.35be9316-0b00-4d85-8b15-e8a5449059ae/1769040000.0_mean_300.0_v3" "txddd82e199b754538af867-00697c4e5b" "object-server 22" 0.0009 "-" 11 0
Jan 30 06:23:23 standalone object-server[127452]: 172.20.0.100 - - [30/Jan/2026:06:23:23 +0000] "PUT /d1/775/AUTH_bb095502870147c682a17549ab21d6b7/gnocchi.35be9316-0b00-4d85-8b15-e8a5449059ae/1769040000.0_mean_300.0_v3" 201 - "PUT http://172.18.0.2:8080/v1/AUTH_bb095502870147c682a17549ab21d6b7/gnocchi.35be9316-0b00-4d85-8b15-e8a5449059ae/1769040000.0_mean_300.0_v3" "txddd82e199b754538af867-00697c4e5b" "proxy-server 12" 0.0135 "-" 22 0
Jan 30 06:23:23 standalone proxy-server[129384]: 172.18.0.2 172.18.0.100 30/Jan/2026/06/23/23 PUT /v1/AUTH_bb095502870147c682a17549ab21d6b7/gnocchi.35be9316-0b00-4d85-8b15-e8a5449059ae/1769040000.0_mean_300.0_v3 HTTP/1.0 201 - python-swiftclient-3.11.1 gAAAAABpfE2qeuGt... 16 - - txddd82e199b754538af867-00697c4e5b - 0.0207 - - 1769754203.275912523 1769754203.296563625 0
Jan 30 06:23:23 standalone container-server[127059]: 172.20.0.100 - - [30/Jan/2026:06:23:23 +0000] "PUT /d1/901/AUTH_bb095502870147c682a17549ab21d6b7/gnocchi.35be9316-0b00-4d85-8b15-e8a5449059ae/none_v3" 201 - "PUT http://172.18.0.2:8080/d1/329/AUTH_bb095502870147c682a17549ab21d6b7/gnocchi.35be9316-0b00-4d85-8b15-e8a5449059ae/none_v3" "tx2dcddb36f39f484cbcd96-00697c4e5b" "object-server 21" 0.0007 "-" 11 0
Jan 30 06:23:23 standalone object-server[127451]: 172.20.0.100 - - [30/Jan/2026:06:23:23 +0000] "PUT /d1/329/AUTH_bb095502870147c682a17549ab21d6b7/gnocchi.35be9316-0b00-4d85-8b15-e8a5449059ae/none_v3" 201 - "PUT http://172.18.0.2:8080/v1/AUTH_bb095502870147c682a17549ab21d6b7/gnocchi.35be9316-0b00-4d85-8b15-e8a5449059ae/none_v3" "tx2dcddb36f39f484cbcd96-00697c4e5b" "proxy-server 12" 0.0129 "-" 21 0
Jan 30 06:23:23 standalone proxy-server[129384]: 172.18.0.2 172.18.0.100 30/Jan/2026/06/23/23 PUT /v1/AUTH_bb095502870147c682a17549ab21d6b7/gnocchi.35be9316-0b00-4d85-8b15-e8a5449059ae/none_v3 HTTP/1.0 201 - python-swiftclient-3.11.1 gAAAAABpfE2qeuGt... 22 - - tx2dcddb36f39f484cbcd96-00697c4e5b - 0.0207 - - 1769754203.299380302 1769754203.320091724 0
Jan 30 06:23:23 standalone container-server[127072]: 172.20.0.100 - - [30/Jan/2026:06:23:23 +0000] "HEAD /d1/495/AUTH_bb095502870147c682a17549ab21d6b7/gnocchi.649744c4-ff37-4b41-b735-befddd0ae9af" 404 - "HEAD http://172.18.0.2:8080/v1/AUTH_bb095502870147c682a17549ab21d6b7/gnocchi.649744c4-ff37-4b41-b735-befddd0ae9af?format=json&states=listing" "tx6dff57049e91483fa1ab4-00697c4e5b" "proxy-server 12" 0.0006 "-" 17 0
Jan 30 06:23:23 standalone object-server[127452]: 172.20.0.100 - - [30/Jan/2026:06:23:23 +0000] "GET /d1/425/AUTH_bb095502870147c682a17549ab21d6b7/gnocchi.649744c4-ff37-4b41-b735-befddd0ae9af/none_v3" 404 70 "GET http://172.18.0.2:8080/v1/AUTH_bb095502870147c682a17549ab21d6b7/gnocchi.649744c4-ff37-4b41-b735-befddd0ae9af/none_v3" "tx6dff57049e91483fa1ab4-00697c4e5b" "proxy-server 12" 0.0005 "-" 22 0
Jan 30 06:23:23 standalone proxy-server[129384]: 172.18.0.2 172.18.0.100 30/Jan/2026/06/23/23 GET /v1/AUTH_bb095502870147c682a17549ab21d6b7/gnocchi.649744c4-ff37-4b41-b735-befddd0ae9af/none_v3 HTTP/1.0 404 - python-swiftclient-3.11.1 gAAAAABpfE2qeuGt... - 70 - tx6dff57049e91483fa1ab4-00697c4e5b - 0.0161 - - 1769754203.329536438 1769754203.345663071 0
Jan 30 06:23:23 standalone account-server[127300]: 172.20.0.100 - - [30/Jan/2026:06:23:23 +0000] "PUT /d1/762/AUTH_bb095502870147c682a17549ab21d6b7/gnocchi.649744c4-ff37-4b41-b735-befddd0ae9af" 201 - "PUT http://172.20.0.100:6001/d1/495/AUTH_bb095502870147c682a17549ab21d6b7/gnocchi.649744c4-ff37-4b41-b735-befddd0ae9af" "tx373dbbbc2c8c4b3596588-00697c4e5b" "container-server 14" 0.0058 "-" 22 0
Jan 30 06:23:23 standalone container-server[127067]: 172.20.0.100 - - [30/Jan/2026:06:23:23 +0000] "PUT /d1/495/AUTH_bb095502870147c682a17549ab21d6b7/gnocchi.649744c4-ff37-4b41-b735-befddd0ae9af" 201 - "PUT http://172.18.0.2:8080/v1/AUTH_bb095502870147c682a17549ab21d6b7/gnocchi.649744c4-ff37-4b41-b735-befddd0ae9af" "tx373dbbbc2c8c4b3596588-00697c4e5b" "proxy-server 12" 0.0247 "-" 14 0
Jan 30 06:23:23 standalone proxy-server[129384]: 172.18.0.2 172.18.0.100 30/Jan/2026/06/23/23 PUT /v1/AUTH_bb095502870147c682a17549ab21d6b7/gnocchi.649744c4-ff37-4b41-b735-befddd0ae9af HTTP/1.0 201 - python-swiftclient-3.11.1 gAAAAABpfE2qeuGt... - - - tx373dbbbc2c8c4b3596588-00697c4e5b - 0.0332 - - 1769754203.349397182 1769754203.382630587 0
Jan 30 06:23:23 standalone container-server[127067]: 172.20.0.100 - - [30/Jan/2026:06:23:23 +0000] "HEAD /d1/495/AUTH_bb095502870147c682a17549ab21d6b7/gnocchi.649744c4-ff37-4b41-b735-befddd0ae9af" 204 - "HEAD http://172.18.0.2:8080/v1/AUTH_bb095502870147c682a17549ab21d6b7/gnocchi.649744c4-ff37-4b41-b735-befddd0ae9af?format=json&states=listing" "txee62626a5e264b62a7882-00697c4e5b" "proxy-server 12" 0.0021 "-" 14 0
Jan 30 06:23:23 standalone proxy-server[129384]: - - 30/Jan/2026/06/23/23 HEAD /v1/AUTH_bb095502870147c682a17549ab21d6b7/gnocchi.649744c4-ff37-4b41-b735-befddd0ae9af%3Fformat%3Djson%26states%3Dlisting HTTP/1.0 204 - Swift - - - - txee62626a5e264b62a7882-00697c4e5b - 0.0067 RL - 1769754203.389891624 1769754203.396622419 0
Jan 30 06:23:23 standalone container-server[127072]: 172.20.0.100 - - [30/Jan/2026:06:23:23 +0000] "GET /d1/495/AUTH_bb095502870147c682a17549ab21d6b7/gnocchi.649744c4-ff37-4b41-b735-befddd0ae9af" 200 2 "GET http://172.18.0.2:8080/v1/AUTH_bb095502870147c682a17549ab21d6b7/gnocchi.649744c4-ff37-4b41-b735-befddd0ae9af?format=json&states=listing" "txee62626a5e264b62a7882-00697c4e5b" "proxy-server 12" 0.0042 "-" 17 0
Jan 30 06:23:23 standalone proxy-server[129384]: 172.18.0.2 172.18.0.100 30/Jan/2026/06/23/23 GET /v1/AUTH_bb095502870147c682a17549ab21d6b7/gnocchi.649744c4-ff37-4b41-b735-befddd0ae9af%3Fformat%3Djson%26states%3Dlisting HTTP/1.0 200 - python-swiftclient-3.11.1 gAAAAABpfE2qeuGt... - 2 - txee62626a5e264b62a7882-00697c4e5b - 0.0210 - - 1769754203.388120890 1769754203.409144878 0
Jan 30 06:23:23 standalone object-server[127452]: 172.20.0.100 - - [30/Jan/2026:06:23:23 +0000] "GET /d1/295/AUTH_bb095502870147c682a17549ab21d6b7/gnocchi.649744c4-ff37-4b41-b735-befddd0ae9af/1769040000.0_mean_300.0_v3" 404 70 "GET http://172.18.0.2:8080/v1/AUTH_bb095502870147c682a17549ab21d6b7/gnocchi.649744c4-ff37-4b41-b735-befddd0ae9af/1769040000.0_mean_300.0_v3" "tx5d880997ac1244e786d01-00697c4e5b" "proxy-server 12" 0.0004 "-" 22 0
Jan 30 06:23:23 standalone proxy-server[129384]: 172.18.0.2 172.18.0.100 30/Jan/2026/06/23/23 GET /v1/AUTH_bb095502870147c682a17549ab21d6b7/gnocchi.649744c4-ff37-4b41-b735-befddd0ae9af/1769040000.0_mean_300.0_v3 HTTP/1.0 404 - python-swiftclient-3.11.1 gAAAAABpfE2qeuGt... - 70 - tx5d880997ac1244e786d01-00697c4e5b - 0.0073 - - 1769754203.414374828 1769754203.421720743 0
Jan 30 06:23:23 standalone container-server[127059]: 172.20.0.100 - - [30/Jan/2026:06:23:23 +0000] "PUT /d1/495/AUTH_bb095502870147c682a17549ab21d6b7/gnocchi.649744c4-ff37-4b41-b735-befddd0ae9af/1769040000.0_mean_300.0_v3" 201 - "PUT http://172.18.0.2:8080/d1/295/AUTH_bb095502870147c682a17549ab21d6b7/gnocchi.649744c4-ff37-4b41-b735-befddd0ae9af/1769040000.0_mean_300.0_v3" "tx9d7a45a9e132414ca1d86-00697c4e5b" "object-server 23" 0.0006 "-" 11 0
Jan 30 06:23:23 standalone object-server[127453]: 172.20.0.100 - - [30/Jan/2026:06:23:23 +0000] "PUT /d1/295/AUTH_bb095502870147c682a17549ab21d6b7/gnocchi.649744c4-ff37-4b41-b735-befddd0ae9af/1769040000.0_mean_300.0_v3" 201 - "PUT http://172.18.0.2:8080/v1/AUTH_bb095502870147c682a17549ab21d6b7/gnocchi.649744c4-ff37-4b41-b735-befddd0ae9af/1769040000.0_mean_300.0_v3" "tx9d7a45a9e132414ca1d86-00697c4e5b" "proxy-server 12" 0.0093 "-" 23 0
Jan 30 06:23:23 standalone proxy-server[129384]: 172.18.0.2 172.18.0.100 30/Jan/2026/06/23/23 PUT /v1/AUTH_bb095502870147c682a17549ab21d6b7/gnocchi.649744c4-ff37-4b41-b735-befddd0ae9af/1769040000.0_mean_300.0_v3 HTTP/1.0 201 - python-swiftclient-3.11.1 gAAAAABpfE2qeuGt... 16 - - tx9d7a45a9e132414ca1d86-00697c4e5b - 0.0161 - - 1769754203.425634384 1769754203.441776037 0
Jan 30 06:23:23 standalone container-server[127059]: 172.20.0.100 - - [30/Jan/2026:06:23:23 +0000] "PUT /d1/495/AUTH_bb095502870147c682a17549ab21d6b7/gnocchi.649744c4-ff37-4b41-b735-befddd0ae9af/none_v3" 201 - "PUT http://172.18.0.2:8080/d1/425/AUTH_bb095502870147c682a17549ab21d6b7/gnocchi.649744c4-ff37-4b41-b735-befddd0ae9af/none_v3" "tx1df987071b534ff6b232d-00697c4e5b" "object-server 22" 0.0004 "-" 11 0
Jan 30 06:23:23 standalone object-server[127452]: 172.20.0.100 - - [30/Jan/2026:06:23:23 +0000] "PUT /d1/425/AUTH_bb095502870147c682a17549ab21d6b7/gnocchi.649744c4-ff37-4b41-b735-befddd0ae9af/none_v3" 201 - "PUT http://172.18.0.2:8080/v1/AUTH_bb095502870147c682a17549ab21d6b7/gnocchi.649744c4-ff37-4b41-b735-befddd0ae9af/none_v3" "tx1df987071b534ff6b232d-00697c4e5b" "proxy-server 12" 0.0087 "-" 22 0
Jan 30 06:23:23 standalone proxy-server[129384]: 172.18.0.2 172.18.0.100 30/Jan/2026/06/23/23 PUT /v1/AUTH_bb095502870147c682a17549ab21d6b7/gnocchi.649744c4-ff37-4b41-b735-befddd0ae9af/none_v3 HTTP/1.0 201 - python-swiftclient-3.11.1 gAAAAABpfE2qeuGt... 22 - - tx1df987071b534ff6b232d-00697c4e5b - 0.0152 - - 1769754203.445438385 1769754203.460606098 0
Jan 30 06:23:23 standalone container-server[127054]: 172.20.0.100 - - [30/Jan/2026:06:23:23 +0000] "HEAD /d1/537/AUTH_bb095502870147c682a17549ab21d6b7/gnocchi.f6e56ec4-9120-49ba-b75e-8a6b23ef8139" 404 - "HEAD http://172.18.0.2:8080/v1/AUTH_bb095502870147c682a17549ab21d6b7/gnocchi.f6e56ec4-9120-49ba-b75e-8a6b23ef8139?format=json&states=listing" "txa82e1b4e65624e64b2815-00697c4e5b" "proxy-server 12" 0.0005 "-" 9 0
Jan 30 06:23:23 standalone object-server[127451]: 172.20.0.100 - - [30/Jan/2026:06:23:23 +0000] "GET /d1/941/AUTH_bb095502870147c682a17549ab21d6b7/gnocchi.f6e56ec4-9120-49ba-b75e-8a6b23ef8139/none_v3" 404 70 "GET http://172.18.0.2:8080/v1/AUTH_bb095502870147c682a17549ab21d6b7/gnocchi.f6e56ec4-9120-49ba-b75e-8a6b23ef8139/none_v3" "txa82e1b4e65624e64b2815-00697c4e5b" "proxy-server 12" 0.0003 "-" 21 0
Jan 30 06:23:23 standalone proxy-server[129384]: 172.18.0.2 172.18.0.100 30/Jan/2026/06/23/23 GET /v1/AUTH_bb095502870147c682a17549ab21d6b7/gnocchi.f6e56ec4-9120-49ba-b75e-8a6b23ef8139/none_v3 HTTP/1.0 404 - python-swiftclient-3.11.1 gAAAAABpfE2qeuGt... - 70 - txa82e1b4e65624e64b2815-00697c4e5b - 0.0102 - - 1769754203.484528542 1769754203.494707823 0
Jan 30 06:23:23 standalone account-server[127285]: 172.20.0.100 - - [30/Jan/2026:06:23:23 +0000] "PUT /d1/762/AUTH_bb095502870147c682a17549ab21d6b7/gnocchi.f6e56ec4-9120-49ba-b75e-8a6b23ef8139" 201 - "PUT http://172.20.0.100:6001/d1/537/AUTH_bb095502870147c682a17549ab21d6b7/gnocchi.f6e56ec4-9120-49ba-b75e-8a6b23ef8139" "tx2608f5577d094bc88e333-00697c4e5b" "container-server 9" 0.0059 "-" 20 0
Jan 30 06:23:23 standalone container-server[127054]: 172.20.0.100 - - [30/Jan/2026:06:23:23 +0000] "PUT /d1/537/AUTH_bb095502870147c682a17549ab21d6b7/gnocchi.f6e56ec4-9120-49ba-b75e-8a6b23ef8139" 201 - "PUT http://172.18.0.2:8080/v1/AUTH_bb095502870147c682a17549ab21d6b7/gnocchi.f6e56ec4-9120-49ba-b75e-8a6b23ef8139" "tx2608f5577d094bc88e333-00697c4e5b" "proxy-server 12" 0.0209 "-" 9 0
Jan 30 06:23:23 standalone proxy-server[129384]: 172.18.0.2 172.18.0.100 30/Jan/2026/06/23/23 PUT /v1/AUTH_bb095502870147c682a17549ab21d6b7/gnocchi.f6e56ec4-9120-49ba-b75e-8a6b23ef8139 HTTP/1.0 201 - python-swiftclient-3.11.1 gAAAAABpfE2qeuGt... - - - tx2608f5577d094bc88e333-00697c4e5b - 0.0280 - - 1769754203.498274326 1769754203.526254177 0
Jan 30 06:23:23 standalone container-server[127072]: 172.20.0.100 - - [30/Jan/2026:06:23:23 +0000] "HEAD /d1/537/AUTH_bb095502870147c682a17549ab21d6b7/gnocchi.f6e56ec4-9120-49ba-b75e-8a6b23ef8139" 204 - "HEAD http://172.18.0.2:8080/v1/AUTH_bb095502870147c682a17549ab21d6b7/gnocchi.f6e56ec4-9120-49ba-b75e-8a6b23ef8139?format=json&states=listing" "txb76a983002f845a6adb57-00697c4e5b" "proxy-server 12" 0.0024 "-" 17 0
Jan 30 06:23:23 standalone proxy-server[129384]: - - 30/Jan/2026/06/23/23 HEAD /v1/AUTH_bb095502870147c682a17549ab21d6b7/gnocchi.f6e56ec4-9120-49ba-b75e-8a6b23ef8139%3Fformat%3Djson%26states%3Dlisting HTTP/1.0 204 - Swift - - - - txb76a983002f845a6adb57-00697c4e5b - 0.0072 RL - 1769754203.532407045 1769754203.539607525 0
Jan 30 06:23:23 standalone container-server[127072]: 172.20.0.100 - - [30/Jan/2026:06:23:23 +0000] "GET /d1/537/AUTH_bb095502870147c682a17549ab21d6b7/gnocchi.f6e56ec4-9120-49ba-b75e-8a6b23ef8139" 200 2 "GET http://172.18.0.2:8080/v1/AUTH_bb095502870147c682a17549ab21d6b7/gnocchi.f6e56ec4-9120-49ba-b75e-8a6b23ef8139?format=json&states=listing" "txb76a983002f845a6adb57-00697c4e5b" "proxy-server 12" 0.0033 "-" 17 0
Jan 30 06:23:23 standalone proxy-server[129384]: 172.18.0.2 172.18.0.100 30/Jan/2026/06/23/23 GET /v1/AUTH_bb095502870147c682a17549ab21d6b7/gnocchi.f6e56ec4-9120-49ba-b75e-8a6b23ef8139%3Fformat%3Djson%26states%3Dlisting HTTP/1.0 200 - python-swiftclient-3.11.1 gAAAAABpfE2qeuGt... - 2 - txb76a983002f845a6adb57-00697c4e5b - 0.0202 - - 1769754203.530707359 1769754203.550918579 0
Jan 30 06:23:23 standalone object-server[127455]: 172.20.0.100 - - [30/Jan/2026:06:23:23 +0000] "GET /d1/615/AUTH_bb095502870147c682a17549ab21d6b7/gnocchi.f6e56ec4-9120-49ba-b75e-8a6b23ef8139/1769040000.0_mean_300.0_v3" 404 70 "GET http://172.18.0.2:8080/v1/AUTH_bb095502870147c682a17549ab21d6b7/gnocchi.f6e56ec4-9120-49ba-b75e-8a6b23ef8139/1769040000.0_mean_300.0_v3" "tx4a452405fcd845bab66f4-00697c4e5b" "proxy-server 12" 0.0003 "-" 24 0
Jan 30 06:23:23 standalone proxy-server[129384]: 172.18.0.2 172.18.0.100 30/Jan/2026/06/23/23 GET /v1/AUTH_bb095502870147c682a17549ab21d6b7/gnocchi.f6e56ec4-9120-49ba-b75e-8a6b23ef8139/1769040000.0_mean_300.0_v3 HTTP/1.0 404 - python-swiftclient-3.11.1 gAAAAABpfE2qeuGt... - 70 - tx4a452405fcd845bab66f4-00697c4e5b - 0.0065 - - 1769754203.555546284 1769754203.562090397 0
Jan 30 06:23:23 standalone container-server[127067]: 172.20.0.100 - - [30/Jan/2026:06:23:23 +0000] "PUT /d1/537/AUTH_bb095502870147c682a17549ab21d6b7/gnocchi.f6e56ec4-9120-49ba-b75e-8a6b23ef8139/1769040000.0_mean_300.0_v3" 201 - "PUT http://172.18.0.2:8080/d1/615/AUTH_bb095502870147c682a17549ab21d6b7/gnocchi.f6e56ec4-9120-49ba-b75e-8a6b23ef8139/1769040000.0_mean_300.0_v3" "tx3722f49df1fd4a18953c5-00697c4e5b" "object-server 21" 0.0009 "-" 14 0
Jan 30 06:23:23 standalone object-server[127451]: 172.20.0.100 - - [30/Jan/2026:06:23:23 +0000] "PUT /d1/615/AUTH_bb095502870147c682a17549ab21d6b7/gnocchi.f6e56ec4-9120-49ba-b75e-8a6b23ef8139/1769040000.0_mean_300.0_v3" 201 - "PUT http://172.18.0.2:8080/v1/AUTH_bb095502870147c682a17549ab21d6b7/gnocchi.f6e56ec4-9120-49ba-b75e-8a6b23ef8139/1769040000.0_mean_300.0_v3" "tx3722f49df1fd4a18953c5-00697c4e5b" "proxy-server 12" 0.0088 "-" 21 0
Jan 30 06:23:23 standalone proxy-server[129384]: 172.18.0.2 172.18.0.100 30/Jan/2026/06/23/23 PUT /v1/AUTH_bb095502870147c682a17549ab21d6b7/gnocchi.f6e56ec4-9120-49ba-b75e-8a6b23ef8139/1769040000.0_mean_300.0_v3 HTTP/1.0 201 - python-swiftclient-3.11.1 gAAAAABpfE2qeuGt... 16 - - tx3722f49df1fd4a18953c5-00697c4e5b - 0.0154 - - 1769754203.565959454 1769754203.581338644 0
Jan 30 06:23:23 standalone container-server[127067]: 172.20.0.100 - - [30/Jan/2026:06:23:23 +0000] "PUT /d1/537/AUTH_bb095502870147c682a17549ab21d6b7/gnocchi.f6e56ec4-9120-49ba-b75e-8a6b23ef8139/none_v3" 201 - "PUT http://172.18.0.2:8080/d1/941/AUTH_bb095502870147c682a17549ab21d6b7/gnocchi.f6e56ec4-9120-49ba-b75e-8a6b23ef8139/none_v3" "txb7deed3e7e7a400ca41d4-00697c4e5b" "object-server 23" 0.0006 "-" 14 0
Jan 30 06:23:23 standalone object-server[127453]: 172.20.0.100 - - [30/Jan/2026:06:23:23 +0000] "PUT /d1/941/AUTH_bb095502870147c682a17549ab21d6b7/gnocchi.f6e56ec4-9120-49ba-b75e-8a6b23ef8139/none_v3" 201 - "PUT http://172.18.0.2:8080/v1/AUTH_bb095502870147c682a17549ab21d6b7/gnocchi.f6e56ec4-9120-49ba-b75e-8a6b23ef8139/none_v3" "txb7deed3e7e7a400ca41d4-00697c4e5b" "proxy-server 12" 0.0103 "-" 23 0
Jan 30 06:23:23 standalone proxy-server[129384]: 172.18.0.2 172.18.0.100 30/Jan/2026/06/23/23 PUT /v1/AUTH_bb095502870147c682a17549ab21d6b7/gnocchi.f6e56ec4-9120-49ba-b75e-8a6b23ef8139/none_v3 HTTP/1.0 201 - python-swiftclient-3.11.1 gAAAAABpfE2qeuGt... 22 - - txb7deed3e7e7a400ca41d4-00697c4e5b - 0.0175 - - 1769754203.585011244 1769754203.602542400 0
Jan 30 06:23:23 standalone container-server[127054]: 172.20.0.100 - - [30/Jan/2026:06:23:23 +0000] "HEAD /d1/718/AUTH_bb095502870147c682a17549ab21d6b7/gnocchi.aa46d9a0-991a-4654-bb06-7a8427021140" 404 - "HEAD http://172.18.0.2:8080/v1/AUTH_bb095502870147c682a17549ab21d6b7/gnocchi.aa46d9a0-991a-4654-bb06-7a8427021140?format=json&states=listing" "txc825f4b949c44be987e62-00697c4e5b" "proxy-server 12" 0.0005 "-" 9 0
Jan 30 06:23:23 standalone object-server[127452]: 172.20.0.100 - - [30/Jan/2026:06:23:23 +0000] "GET /d1/963/AUTH_bb095502870147c682a17549ab21d6b7/gnocchi.aa46d9a0-991a-4654-bb06-7a8427021140/none_v3" 404 70 "GET http://172.18.0.2:8080/v1/AUTH_bb095502870147c682a17549ab21d6b7/gnocchi.aa46d9a0-991a-4654-bb06-7a8427021140/none_v3" "txc825f4b949c44be987e62-00697c4e5b" "proxy-server 12" 0.0008 "-" 22 0
Jan 30 06:23:23 standalone proxy-server[129384]: 172.18.0.2 172.18.0.100 30/Jan/2026/06/23/23 GET /v1/AUTH_bb095502870147c682a17549ab21d6b7/gnocchi.aa46d9a0-991a-4654-bb06-7a8427021140/none_v3 HTTP/1.0 404 - python-swiftclient-3.11.1 gAAAAABpfE2qeuGt... - 70 - txc825f4b949c44be987e62-00697c4e5b - 0.0136 - - 1769754203.623933792 1769754203.637525558 0
Jan 30 06:23:23 standalone account-server[127295]: 172.20.0.100 - - [30/Jan/2026:06:23:23 +0000] "PUT /d1/762/AUTH_bb095502870147c682a17549ab21d6b7/gnocchi.aa46d9a0-991a-4654-bb06-7a8427021140" 201 - "PUT http://172.20.0.100:6001/d1/718/AUTH_bb095502870147c682a17549ab21d6b7/gnocchi.aa46d9a0-991a-4654-bb06-7a8427021140" "tx35af8e49833349aea48a8-00697c4e5b" "container-server 14" 0.0064 "-" 21 0
Jan 30 06:23:23 standalone container-server[127067]: 172.20.0.100 - - [30/Jan/2026:06:23:23 +0000] "PUT /d1/718/AUTH_bb095502870147c682a17549ab21d6b7/gnocchi.aa46d9a0-991a-4654-bb06-7a8427021140" 201 - "PUT http://172.18.0.2:8080/v1/AUTH_bb095502870147c682a17549ab21d6b7/gnocchi.aa46d9a0-991a-4654-bb06-7a8427021140" "tx35af8e49833349aea48a8-00697c4e5b" "proxy-server 12" 0.0209 "-" 14 0
Jan 30 06:23:23 standalone proxy-server[129384]: 172.18.0.2 172.18.0.100 30/Jan/2026/06/23/23 PUT /v1/AUTH_bb095502870147c682a17549ab21d6b7/gnocchi.aa46d9a0-991a-4654-bb06-7a8427021140 HTTP/1.0 201 - python-swiftclient-3.11.1 gAAAAABpfE2qeuGt... - - - tx35af8e49833349aea48a8-00697c4e5b - 0.0280 - - 1769754203.641237736 1769754203.669208765 0
Jan 30 06:23:23 standalone container-server[127067]: 172.20.0.100 - - [30/Jan/2026:06:23:23 +0000] "HEAD /d1/718/AUTH_bb095502870147c682a17549ab21d6b7/gnocchi.aa46d9a0-991a-4654-bb06-7a8427021140" 204 - "HEAD http://172.18.0.2:8080/v1/AUTH_bb095502870147c682a17549ab21d6b7/gnocchi.aa46d9a0-991a-4654-bb06-7a8427021140?format=json&states=listing" "tx709a57b2aa3040c0868ba-00697c4e5b" "proxy-server 12" 0.0019 "-" 14 0
Jan 30 06:23:23 standalone proxy-server[129384]: - - 30/Jan/2026/06/23/23 HEAD /v1/AUTH_bb095502870147c682a17549ab21d6b7/gnocchi.aa46d9a0-991a-4654-bb06-7a8427021140%3Fformat%3Djson%26states%3Dlisting HTTP/1.0 204 - Swift - - - - tx709a57b2aa3040c0868ba-00697c4e5b - 0.0065 RL - 1769754203.675787210 1769754203.682329893 0
Jan 30 06:23:23 standalone container-server[127067]: 172.20.0.100 - - [30/Jan/2026:06:23:23 +0000] "GET /d1/718/AUTH_bb095502870147c682a17549ab21d6b7/gnocchi.aa46d9a0-991a-4654-bb06-7a8427021140" 200 2 "GET http://172.18.0.2:8080/v1/AUTH_bb095502870147c682a17549ab21d6b7/gnocchi.aa46d9a0-991a-4654-bb06-7a8427021140?format=json&states=listing" "tx709a57b2aa3040c0868ba-00697c4e5b" "proxy-server 12" 0.0029 "-" 14 0
Jan 30 06:23:23 standalone proxy-server[129384]: 172.18.0.2 172.18.0.100 30/Jan/2026/06/23/23 GET /v1/AUTH_bb095502870147c682a17549ab21d6b7/gnocchi.aa46d9a0-991a-4654-bb06-7a8427021140%3Fformat%3Djson%26states%3Dlisting HTTP/1.0 200 - python-swiftclient-3.11.1 gAAAAABpfE2qeuGt... - 2 - tx709a57b2aa3040c0868ba-00697c4e5b - 0.0201 - - 1769754203.673975468 1769754203.694092512 0
Jan 30 06:23:23 standalone object-server[127451]: 172.20.0.100 - - [30/Jan/2026:06:23:23 +0000] "GET /d1/199/AUTH_bb095502870147c682a17549ab21d6b7/gnocchi.aa46d9a0-991a-4654-bb06-7a8427021140/1769040000.0_mean_300.0_v3" 404 70 "GET http://172.18.0.2:8080/v1/AUTH_bb095502870147c682a17549ab21d6b7/gnocchi.aa46d9a0-991a-4654-bb06-7a8427021140/1769040000.0_mean_300.0_v3" "tx1e5c6c2d5b3a4ea2b0c2d-00697c4e5b" "proxy-server 12" 0.0005 "-" 21 0
Jan 30 06:23:23 standalone proxy-server[129384]: 172.18.0.2 172.18.0.100 30/Jan/2026/06/23/23 GET /v1/AUTH_bb095502870147c682a17549ab21d6b7/gnocchi.aa46d9a0-991a-4654-bb06-7a8427021140/1769040000.0_mean_300.0_v3 HTTP/1.0 404 - python-swiftclient-3.11.1 gAAAAABpfE2qeuGt... - 70 - tx1e5c6c2d5b3a4ea2b0c2d-00697c4e5b - 0.0099 - - 1769754203.699563503 1769754203.709506273 0
Jan 30 06:23:23 standalone container-server[127054]: 172.20.0.100 - - [30/Jan/2026:06:23:23 +0000] "PUT /d1/718/AUTH_bb095502870147c682a17549ab21d6b7/gnocchi.aa46d9a0-991a-4654-bb06-7a8427021140/1769040000.0_mean_300.0_v3" 201 - "PUT http://172.18.0.2:8080/d1/199/AUTH_bb095502870147c682a17549ab21d6b7/gnocchi.aa46d9a0-991a-4654-bb06-7a8427021140/1769040000.0_mean_300.0_v3" "txc14f054ea9894197a59e8-00697c4e5b" "object-server 21" 0.0009 "-" 9 0
Jan 30 06:23:23 standalone object-server[127451]: 172.20.0.100 - - [30/Jan/2026:06:23:23 +0000] "PUT /d1/199/AUTH_bb095502870147c682a17549ab21d6b7/gnocchi.aa46d9a0-991a-4654-bb06-7a8427021140/1769040000.0_mean_300.0_v3" 201 - "PUT http://172.18.0.2:8080/v1/AUTH_bb095502870147c682a17549ab21d6b7/gnocchi.aa46d9a0-991a-4654-bb06-7a8427021140/1769040000.0_mean_300.0_v3" "txc14f054ea9894197a59e8-00697c4e5b" "proxy-server 12" 0.0121 "-" 21 0
Jan 30 06:23:23 standalone proxy-server[129384]: 172.18.0.2 172.18.0.100 30/Jan/2026/06/23/23 PUT /v1/AUTH_bb095502870147c682a17549ab21d6b7/gnocchi.aa46d9a0-991a-4654-bb06-7a8427021140/1769040000.0_mean_300.0_v3 HTTP/1.0 201 - python-swiftclient-3.11.1 gAAAAABpfE2qeuGt... 16 - - txc14f054ea9894197a59e8-00697c4e5b - 0.0209 - - 1769754203.713708639 1769754203.734636545 0
Jan 30 06:23:23 standalone container-server[127059]: 172.20.0.100 - - [30/Jan/2026:06:23:23 +0000] "PUT /d1/718/AUTH_bb095502870147c682a17549ab21d6b7/gnocchi.aa46d9a0-991a-4654-bb06-7a8427021140/none_v3" 201 - "PUT http://172.18.0.2:8080/d1/963/AUTH_bb095502870147c682a17549ab21d6b7/gnocchi.aa46d9a0-991a-4654-bb06-7a8427021140/none_v3" "txfe8e575937244f7b80e46-00697c4e5b" "object-server 24" 0.0010 "-" 11 0
Jan 30 06:23:23 standalone object-server[127455]: 172.20.0.100 - - [30/Jan/2026:06:23:23 +0000] "PUT /d1/963/AUTH_bb095502870147c682a17549ab21d6b7/gnocchi.aa46d9a0-991a-4654-bb06-7a8427021140/none_v3" 201 - "PUT http://172.18.0.2:8080/v1/AUTH_bb095502870147c682a17549ab21d6b7/gnocchi.aa46d9a0-991a-4654-bb06-7a8427021140/none_v3" "txfe8e575937244f7b80e46-00697c4e5b" "proxy-server 12" 0.0124 "-" 24 0
Jan 30 06:23:23 standalone proxy-server[129384]: 172.18.0.2 172.18.0.100 30/Jan/2026/06/23/23 PUT /v1/AUTH_bb095502870147c682a17549ab21d6b7/gnocchi.aa46d9a0-991a-4654-bb06-7a8427021140/none_v3 HTTP/1.0 201 - python-swiftclient-3.11.1 gAAAAABpfE2qeuGt... 22 - - txfe8e575937244f7b80e46-00697c4e5b - 0.0204 - - 1769754203.738462210 1769754203.758842468 0
Jan 30 06:23:23 standalone container-server[127067]: 172.20.0.100 - - [30/Jan/2026:06:23:23 +0000] "HEAD /d1/89/AUTH_bb095502870147c682a17549ab21d6b7/gnocchi.3fe672a7-efac-484e-8bba-9e4efe7cc3c4" 404 - "HEAD http://172.18.0.2:8080/v1/AUTH_bb095502870147c682a17549ab21d6b7/gnocchi.3fe672a7-efac-484e-8bba-9e4efe7cc3c4?format=json&states=listing" "tx47f6596fd2fb460496b22-00697c4e5b" "proxy-server 12" 0.0006 "-" 14 0
Jan 30 06:23:23 standalone object-server[127455]: 172.20.0.100 - - [30/Jan/2026:06:23:23 +0000] "GET /d1/165/AUTH_bb095502870147c682a17549ab21d6b7/gnocchi.3fe672a7-efac-484e-8bba-9e4efe7cc3c4/none_v3" 404 70 "GET http://172.18.0.2:8080/v1/AUTH_bb095502870147c682a17549ab21d6b7/gnocchi.3fe672a7-efac-484e-8bba-9e4efe7cc3c4/none_v3" "tx47f6596fd2fb460496b22-00697c4e5b" "proxy-server 12" 0.0004 "-" 24 0
Jan 30 06:23:23 standalone proxy-server[129384]: 172.18.0.2 172.18.0.100 30/Jan/2026/06/23/23 GET /v1/AUTH_bb095502870147c682a17549ab21d6b7/gnocchi.3fe672a7-efac-484e-8bba-9e4efe7cc3c4/none_v3 HTTP/1.0 404 - python-swiftclient-3.11.1 gAAAAABpfE2qeuGt... - 70 - tx47f6596fd2fb460496b22-00697c4e5b - 0.0134 - - 1769754203.775089741 1769754203.788484097 0
Jan 30 06:23:23 standalone account-server[127300]: 172.20.0.100 - - [30/Jan/2026:06:23:23 +0000] "PUT /d1/762/AUTH_bb095502870147c682a17549ab21d6b7/gnocchi.3fe672a7-efac-484e-8bba-9e4efe7cc3c4" 201 - "PUT http://172.20.0.100:6001/d1/89/AUTH_bb095502870147c682a17549ab21d6b7/gnocchi.3fe672a7-efac-484e-8bba-9e4efe7cc3c4" "tx9f4dcebc1d43411496241-00697c4e5b" "container-server 14" 0.0062 "-" 22 0
Jan 30 06:23:23 standalone container-server[127067]: 172.20.0.100 - - [30/Jan/2026:06:23:23 +0000] "PUT /d1/89/AUTH_bb095502870147c682a17549ab21d6b7/gnocchi.3fe672a7-efac-484e-8bba-9e4efe7cc3c4" 201 - "PUT http://172.18.0.2:8080/v1/AUTH_bb095502870147c682a17549ab21d6b7/gnocchi.3fe672a7-efac-484e-8bba-9e4efe7cc3c4" "tx9f4dcebc1d43411496241-00697c4e5b" "proxy-server 12" 0.0186 "-" 14 0
Jan 30 06:23:23 standalone proxy-server[129384]: 172.18.0.2 172.18.0.100 30/Jan/2026/06/23/23 PUT /v1/AUTH_bb095502870147c682a17549ab21d6b7/gnocchi.3fe672a7-efac-484e-8bba-9e4efe7cc3c4 HTTP/1.0 201 - python-swiftclient-3.11.1 gAAAAABpfE2qeuGt... - - - tx9f4dcebc1d43411496241-00697c4e5b - 0.0258 - - 1769754203.791954279 1769754203.817755461 0
Jan 30 06:23:23 standalone container-server[127059]: 172.20.0.100 - - [30/Jan/2026:06:23:23 +0000] "HEAD /d1/89/AUTH_bb095502870147c682a17549ab21d6b7/gnocchi.3fe672a7-efac-484e-8bba-9e4efe7cc3c4" 204 - "HEAD http://172.18.0.2:8080/v1/AUTH_bb095502870147c682a17549ab21d6b7/gnocchi.3fe672a7-efac-484e-8bba-9e4efe7cc3c4?format=json&states=listing" "txf4732d61bf2c4d45a4c3c-00697c4e5b" "proxy-server 12" 0.0023 "-" 11 0
Jan 30 06:23:23 standalone proxy-server[129384]: - - 30/Jan/2026/06/23/23 HEAD /v1/AUTH_bb095502870147c682a17549ab21d6b7/gnocchi.3fe672a7-efac-484e-8bba-9e4efe7cc3c4%3Fformat%3Djson%26states%3Dlisting HTTP/1.0 204 - Swift - - - - txf4732d61bf2c4d45a4c3c-00697c4e5b - 0.0075 RL - 1769754203.824872971 1769754203.832365274 0
Jan 30 06:23:23 standalone container-server[127072]: 172.20.0.100 - - [30/Jan/2026:06:23:23 +0000] "GET /d1/89/AUTH_bb095502870147c682a17549ab21d6b7/gnocchi.3fe672a7-efac-484e-8bba-9e4efe7cc3c4" 200 2 "GET http://172.18.0.2:8080/v1/AUTH_bb095502870147c682a17549ab21d6b7/gnocchi.3fe672a7-efac-484e-8bba-9e4efe7cc3c4?format=json&states=listing" "txf4732d61bf2c4d45a4c3c-00697c4e5b" "proxy-server 12" 0.0063 "-" 17 0
Jan 30 06:23:23 standalone proxy-server[129384]: 172.18.0.2 172.18.0.100 30/Jan/2026/06/23/23 GET /v1/AUTH_bb095502870147c682a17549ab21d6b7/gnocchi.3fe672a7-efac-484e-8bba-9e4efe7cc3c4%3Fformat%3Djson%26states%3Dlisting HTTP/1.0 200 - python-swiftclient-3.11.1 gAAAAABpfE2qeuGt... - 2 - txf4732d61bf2c4d45a4c3c-00697c4e5b - 0.0249 - - 1769754203.823079348 1769754203.847937584 0
Jan 30 06:23:23 standalone object-server[127451]: 172.20.0.100 - - [30/Jan/2026:06:23:23 +0000] "GET /d1/945/AUTH_bb095502870147c682a17549ab21d6b7/gnocchi.3fe672a7-efac-484e-8bba-9e4efe7cc3c4/1769040000.0_mean_300.0_v3" 404 70 "GET http://172.18.0.2:8080/v1/AUTH_bb095502870147c682a17549ab21d6b7/gnocchi.3fe672a7-efac-484e-8bba-9e4efe7cc3c4/1769040000.0_mean_300.0_v3" "tx72ebf17c65bd41e3a2b03-00697c4e5b" "proxy-server 12" 0.0005 "-" 21 0
Jan 30 06:23:23 standalone proxy-server[129384]: 172.18.0.2 172.18.0.100 30/Jan/2026/06/23/23 GET /v1/AUTH_bb095502870147c682a17549ab21d6b7/gnocchi.3fe672a7-efac-484e-8bba-9e4efe7cc3c4/1769040000.0_mean_300.0_v3 HTTP/1.0 404 - python-swiftclient-3.11.1 gAAAAABpfE2qeuGt... - 70 - tx72ebf17c65bd41e3a2b03-00697c4e5b - 0.0078 - - 1769754203.852576733 1769754203.860376596 0
Jan 30 06:23:23 standalone container-server[127067]: 172.20.0.100 - - [30/Jan/2026:06:23:23 +0000] "PUT /d1/89/AUTH_bb095502870147c682a17549ab21d6b7/gnocchi.3fe672a7-efac-484e-8bba-9e4efe7cc3c4/1769040000.0_mean_300.0_v3" 201 - "PUT http://172.18.0.2:8080/d1/945/AUTH_bb095502870147c682a17549ab21d6b7/gnocchi.3fe672a7-efac-484e-8bba-9e4efe7cc3c4/1769040000.0_mean_300.0_v3" "tx5efc1d1e8b7e4c77a4ef9-00697c4e5b" "object-server 22" 0.0008 "-" 14 0
Jan 30 06:23:23 standalone object-server[127452]: 172.20.0.100 - - [30/Jan/2026:06:23:23 +0000] "PUT /d1/945/AUTH_bb095502870147c682a17549ab21d6b7/gnocchi.3fe672a7-efac-484e-8bba-9e4efe7cc3c4/1769040000.0_mean_300.0_v3" 201 - "PUT http://172.18.0.2:8080/v1/AUTH_bb095502870147c682a17549ab21d6b7/gnocchi.3fe672a7-efac-484e-8bba-9e4efe7cc3c4/1769040000.0_mean_300.0_v3" "tx5efc1d1e8b7e4c77a4ef9-00697c4e5b" "proxy-server 12" 0.0146 "-" 22 0
Jan 30 06:23:23 standalone proxy-server[129384]: 172.18.0.2 172.18.0.100 30/Jan/2026/06/23/23 PUT /v1/AUTH_bb095502870147c682a17549ab21d6b7/gnocchi.3fe672a7-efac-484e-8bba-9e4efe7cc3c4/1769040000.0_mean_300.0_v3 HTTP/1.0 201 - python-swiftclient-3.11.1 gAAAAABpfE2qeuGt... 16 - - tx5efc1d1e8b7e4c77a4ef9-00697c4e5b - 0.0221 - - 1769754203.864793062 1769754203.886898518 0
Jan 30 06:23:23 standalone container-server[127059]: 172.20.0.100 - - [30/Jan/2026:06:23:23 +0000] "PUT /d1/89/AUTH_bb095502870147c682a17549ab21d6b7/gnocchi.3fe672a7-efac-484e-8bba-9e4efe7cc3c4/none_v3" 201 - "PUT http://172.18.0.2:8080/d1/165/AUTH_bb095502870147c682a17549ab21d6b7/gnocchi.3fe672a7-efac-484e-8bba-9e4efe7cc3c4/none_v3" "tx0a1c0f84dc2840d1aa954-00697c4e5b" "object-server 21" 0.0008 "-" 11 0
Jan 30 06:23:23 standalone object-server[127451]: 172.20.0.100 - - [30/Jan/2026:06:23:23 +0000] "PUT /d1/165/AUTH_bb095502870147c682a17549ab21d6b7/gnocchi.3fe672a7-efac-484e-8bba-9e4efe7cc3c4/none_v3" 201 - "PUT http://172.18.0.2:8080/v1/AUTH_bb095502870147c682a17549ab21d6b7/gnocchi.3fe672a7-efac-484e-8bba-9e4efe7cc3c4/none_v3" "tx0a1c0f84dc2840d1aa954-00697c4e5b" "proxy-server 12" 0.0115 "-" 21 0
Jan 30 06:23:23 standalone proxy-server[129384]: 172.18.0.2 172.18.0.100 30/Jan/2026/06/23/23 PUT /v1/AUTH_bb095502870147c682a17549ab21d6b7/gnocchi.3fe672a7-efac-484e-8bba-9e4efe7cc3c4/none_v3 HTTP/1.0 201 - python-swiftclient-3.11.1 gAAAAABpfE2qeuGt... 22 - - tx0a1c0f84dc2840d1aa954-00697c4e5b - 0.0195 - - 1769754203.890583515 1769754203.910048246 0
Jan 30 06:23:23 standalone container-server[127072]: 172.20.0.100 - - [30/Jan/2026:06:23:23 +0000] "HEAD /d1/91/AUTH_bb095502870147c682a17549ab21d6b7/gnocchi.9d5e8661-5d59-449f-a8fb-13e41bb2edc8" 404 - "HEAD http://172.18.0.2:8080/v1/AUTH_bb095502870147c682a17549ab21d6b7/gnocchi.9d5e8661-5d59-449f-a8fb-13e41bb2edc8?format=json&states=listing" "txe1b77f6131ca4bbab4efe-00697c4e5b" "proxy-server 12" 0.0006 "-" 17 0
Jan 30 06:23:23 standalone object-server[127453]: 172.20.0.100 - - [30/Jan/2026:06:23:23 +0000] "GET /d1/464/AUTH_bb095502870147c682a17549ab21d6b7/gnocchi.9d5e8661-5d59-449f-a8fb-13e41bb2edc8/none_v3" 404 70 "GET http://172.18.0.2:8080/v1/AUTH_bb095502870147c682a17549ab21d6b7/gnocchi.9d5e8661-5d59-449f-a8fb-13e41bb2edc8/none_v3" "txe1b77f6131ca4bbab4efe-00697c4e5b" "proxy-server 12" 0.0004 "-" 23 0
Jan 30 06:23:23 standalone proxy-server[129384]: 172.18.0.2 172.18.0.100 30/Jan/2026/06/23/23 GET /v1/AUTH_bb095502870147c682a17549ab21d6b7/gnocchi.9d5e8661-5d59-449f-a8fb-13e41bb2edc8/none_v3 HTTP/1.0 404 - python-swiftclient-3.11.1 gAAAAABpfE2qeuGt... - 70 - txe1b77f6131ca4bbab4efe-00697c4e5b - 0.0123 - - 1769754203.926194429 1769754203.938541651 0
Jan 30 06:23:23 standalone account-server[127300]: 172.20.0.100 - - [30/Jan/2026:06:23:23 +0000] "PUT /d1/762/AUTH_bb095502870147c682a17549ab21d6b7/gnocchi.9d5e8661-5d59-449f-a8fb-13e41bb2edc8" 201 - "PUT http://172.20.0.100:6001/d1/91/AUTH_bb095502870147c682a17549ab21d6b7/gnocchi.9d5e8661-5d59-449f-a8fb-13e41bb2edc8" "tx67deb9282b9a4d5e97f7c-00697c4e5b" "container-server 9" 0.0063 "-" 22 0
Jan 30 06:23:23 standalone container-server[127054]: 172.20.0.100 - - [30/Jan/2026:06:23:23 +0000] "PUT /d1/91/AUTH_bb095502870147c682a17549ab21d6b7/gnocchi.9d5e8661-5d59-449f-a8fb-13e41bb2edc8" 201 - "PUT http://172.18.0.2:8080/v1/AUTH_bb095502870147c682a17549ab21d6b7/gnocchi.9d5e8661-5d59-449f-a8fb-13e41bb2edc8" "tx67deb9282b9a4d5e97f7c-00697c4e5b" "proxy-server 12" 0.0200 "-" 9 0
Jan 30 06:23:23 standalone proxy-server[129384]: 172.18.0.2 172.18.0.100 30/Jan/2026/06/23/23 PUT /v1/AUTH_bb095502870147c682a17549ab21d6b7/gnocchi.9d5e8661-5d59-449f-a8fb-13e41bb2edc8 HTTP/1.0 201 - python-swiftclient-3.11.1 gAAAAABpfE2qeuGt... - - - tx67deb9282b9a4d5e97f7c-00697c4e5b - 0.0267 - - 1769754203.942060947 1769754203.968758345 0
Jan 30 06:23:23 standalone container-server[127072]: 172.20.0.100 - - [30/Jan/2026:06:23:23 +0000] "HEAD /d1/91/AUTH_bb095502870147c682a17549ab21d6b7/gnocchi.9d5e8661-5d59-449f-a8fb-13e41bb2edc8" 204 - "HEAD http://172.18.0.2:8080/v1/AUTH_bb095502870147c682a17549ab21d6b7/gnocchi.9d5e8661-5d59-449f-a8fb-13e41bb2edc8?format=json&states=listing" "tx65e7b3467bdd453e969a3-00697c4e5b" "proxy-server 12" 0.0022 "-" 17 0
Jan 30 06:23:23 standalone proxy-server[129384]: - - 30/Jan/2026/06/23/23 HEAD /v1/AUTH_bb095502870147c682a17549ab21d6b7/gnocchi.9d5e8661-5d59-449f-a8fb-13e41bb2edc8%3Fformat%3Djson%26states%3Dlisting HTTP/1.0 204 - Swift - - - - tx65e7b3467bdd453e969a3-00697c4e5b - 0.0068 RL - 1769754203.974985361 1769754203.981799841 0
Jan 30 06:23:23 standalone container-server[127054]: 172.20.0.100 - - [30/Jan/2026:06:23:23 +0000] "GET /d1/91/AUTH_bb095502870147c682a17549ab21d6b7/gnocchi.9d5e8661-5d59-449f-a8fb-13e41bb2edc8" 200 2 "GET http://172.18.0.2:8080/v1/AUTH_bb095502870147c682a17549ab21d6b7/gnocchi.9d5e8661-5d59-449f-a8fb-13e41bb2edc8?format=json&states=listing" "tx65e7b3467bdd453e969a3-00697c4e5b" "proxy-server 12" 0.0031 "-" 9 0
Jan 30 06:23:23 standalone proxy-server[129384]: 172.18.0.2 172.18.0.100 30/Jan/2026/06/23/23 GET /v1/AUTH_bb095502870147c682a17549ab21d6b7/gnocchi.9d5e8661-5d59-449f-a8fb-13e41bb2edc8%3Fformat%3Djson%26states%3Dlisting HTTP/1.0 200 - python-swiftclient-3.11.1 gAAAAABpfE2qeuGt... - 2 - tx65e7b3467bdd453e969a3-00697c4e5b - 0.0191 - - 1769754203.973520041 1769754203.992610216 0
Jan 30 06:23:24 standalone object-server[127453]: 172.20.0.100 - - [30/Jan/2026:06:23:24 +0000] "GET /d1/981/AUTH_bb095502870147c682a17549ab21d6b7/gnocchi.9d5e8661-5d59-449f-a8fb-13e41bb2edc8/1769040000.0_mean_300.0_v3" 404 70 "GET http://172.18.0.2:8080/v1/AUTH_bb095502870147c682a17549ab21d6b7/gnocchi.9d5e8661-5d59-449f-a8fb-13e41bb2edc8/1769040000.0_mean_300.0_v3" "tx3fa95a859dfe4ddd9d8d1-00697c4e5b" "proxy-server 12" 0.0005 "-" 23 0
Jan 30 06:23:24 standalone proxy-server[129384]: 172.18.0.2 172.18.0.100 30/Jan/2026/06/23/24 GET /v1/AUTH_bb095502870147c682a17549ab21d6b7/gnocchi.9d5e8661-5d59-449f-a8fb-13e41bb2edc8/1769040000.0_mean_300.0_v3 HTTP/1.0 404 - python-swiftclient-3.11.1 gAAAAABpfE2qeuGt... - 70 - tx3fa95a859dfe4ddd9d8d1-00697c4e5b - 0.0076 - - 1769754203.997142315 1769754204.004757404 0
Jan 30 06:23:24 standalone container-server[127059]: 172.20.0.100 - - [30/Jan/2026:06:23:24 +0000] "PUT /d1/91/AUTH_bb095502870147c682a17549ab21d6b7/gnocchi.9d5e8661-5d59-449f-a8fb-13e41bb2edc8/1769040000.0_mean_300.0_v3" 201 - "PUT http://172.18.0.2:8080/d1/981/AUTH_bb095502870147c682a17549ab21d6b7/gnocchi.9d5e8661-5d59-449f-a8fb-13e41bb2edc8/1769040000.0_mean_300.0_v3" "tx99e6af22448c459fac468-00697c4e5c" "object-server 22" 0.0008 "-" 11 0
Jan 30 06:23:24 standalone object-server[127452]: 172.20.0.100 - - [30/Jan/2026:06:23:24 +0000] "PUT /d1/981/AUTH_bb095502870147c682a17549ab21d6b7/gnocchi.9d5e8661-5d59-449f-a8fb-13e41bb2edc8/1769040000.0_mean_300.0_v3" 201 - "PUT http://172.18.0.2:8080/v1/AUTH_bb095502870147c682a17549ab21d6b7/gnocchi.9d5e8661-5d59-449f-a8fb-13e41bb2edc8/1769040000.0_mean_300.0_v3" "tx99e6af22448c459fac468-00697c4e5c" "proxy-server 12" 0.0115 "-" 22 0
Jan 30 06:23:24 standalone proxy-server[129384]: 172.18.0.2 172.18.0.100 30/Jan/2026/06/23/24 PUT /v1/AUTH_bb095502870147c682a17549ab21d6b7/gnocchi.9d5e8661-5d59-449f-a8fb-13e41bb2edc8/1769040000.0_mean_300.0_v3 HTTP/1.0 201 - python-swiftclient-3.11.1 gAAAAABpfE2qeuGt... 16 - - tx99e6af22448c459fac468-00697c4e5c - 0.0200 - - 1769754204.008882284 1769754204.028902769 0
Jan 30 06:23:24 standalone container-server[127072]: 172.20.0.100 - - [30/Jan/2026:06:23:24 +0000] "PUT /d1/91/AUTH_bb095502870147c682a17549ab21d6b7/gnocchi.9d5e8661-5d59-449f-a8fb-13e41bb2edc8/none_v3" 201 - "PUT http://172.18.0.2:8080/d1/464/AUTH_bb095502870147c682a17549ab21d6b7/gnocchi.9d5e8661-5d59-449f-a8fb-13e41bb2edc8/none_v3" "tx1bcbffe017a64638af0bd-00697c4e5c" "object-server 22" 0.0008 "-" 17 0
Jan 30 06:23:24 standalone object-server[127452]: 172.20.0.100 - - [30/Jan/2026:06:23:24 +0000] "PUT /d1/464/AUTH_bb095502870147c682a17549ab21d6b7/gnocchi.9d5e8661-5d59-449f-a8fb-13e41bb2edc8/none_v3" 201 - "PUT http://172.18.0.2:8080/v1/AUTH_bb095502870147c682a17549ab21d6b7/gnocchi.9d5e8661-5d59-449f-a8fb-13e41bb2edc8/none_v3" "tx1bcbffe017a64638af0bd-00697c4e5c" "proxy-server 12" 0.0100 "-" 22 0
Jan 30 06:23:24 standalone proxy-server[129384]: 172.18.0.2 172.18.0.100 30/Jan/2026/06/23/24 PUT /v1/AUTH_bb095502870147c682a17549ab21d6b7/gnocchi.9d5e8661-5d59-449f-a8fb-13e41bb2edc8/none_v3 HTTP/1.0 201 - python-swiftclient-3.11.1 gAAAAABpfE2qeuGt... 22 - - tx1bcbffe017a64638af0bd-00697c4e5c - 0.0174 - - 1769754204.032752991 1769754204.050125599 0
Jan 30 06:23:24 standalone container-server[127054]: 172.20.0.100 - - [30/Jan/2026:06:23:24 +0000] "HEAD /d1/35/AUTH_bb095502870147c682a17549ab21d6b7/gnocchi.2a4711bf-2772-413b-a580-a5b09628fecb" 404 - "HEAD http://172.18.0.2:8080/v1/AUTH_bb095502870147c682a17549ab21d6b7/gnocchi.2a4711bf-2772-413b-a580-a5b09628fecb?format=json&states=listing" "txd8a54daa85c84e1aa5c11-00697c4e5c" "proxy-server 12" 0.0005 "-" 9 0
Jan 30 06:23:24 standalone object-server[127455]: 172.20.0.100 - - [30/Jan/2026:06:23:24 +0000] "GET /d1/71/AUTH_bb095502870147c682a17549ab21d6b7/gnocchi.2a4711bf-2772-413b-a580-a5b09628fecb/none_v3" 404 70 "GET http://172.18.0.2:8080/v1/AUTH_bb095502870147c682a17549ab21d6b7/gnocchi.2a4711bf-2772-413b-a580-a5b09628fecb/none_v3" "txd8a54daa85c84e1aa5c11-00697c4e5c" "proxy-server 12" 0.0005 "-" 24 0
Jan 30 06:23:24 standalone proxy-server[129384]: 172.18.0.2 172.18.0.100 30/Jan/2026/06/23/24 GET /v1/AUTH_bb095502870147c682a17549ab21d6b7/gnocchi.2a4711bf-2772-413b-a580-a5b09628fecb/none_v3 HTTP/1.0 404 - python-swiftclient-3.11.1 gAAAAABpfE2qeuGt... - 70 - txd8a54daa85c84e1aa5c11-00697c4e5c - 0.0128 - - 1769754204.065516472 1769754204.078321457 0
Jan 30 06:23:24 standalone account-server[127300]: 172.20.0.100 - - [30/Jan/2026:06:23:24 +0000] "PUT /d1/762/AUTH_bb095502870147c682a17549ab21d6b7/gnocchi.2a4711bf-2772-413b-a580-a5b09628fecb" 201 - "PUT http://172.20.0.100:6001/d1/35/AUTH_bb095502870147c682a17549ab21d6b7/gnocchi.2a4711bf-2772-413b-a580-a5b09628fecb" "tx3242d41b14ba4abbb5d74-00697c4e5c" "container-server 9" 0.0056 "-" 22 0
Jan 30 06:23:24 standalone container-server[127054]: 172.20.0.100 - - [30/Jan/2026:06:23:24 +0000] "PUT /d1/35/AUTH_bb095502870147c682a17549ab21d6b7/gnocchi.2a4711bf-2772-413b-a580-a5b09628fecb" 201 - "PUT http://172.18.0.2:8080/v1/AUTH_bb095502870147c682a17549ab21d6b7/gnocchi.2a4711bf-2772-413b-a580-a5b09628fecb" "tx3242d41b14ba4abbb5d74-00697c4e5c" "proxy-server 12" 0.0195 "-" 9 0
Jan 30 06:23:24 standalone proxy-server[129384]: 172.18.0.2 172.18.0.100 30/Jan/2026/06/23/24 PUT /v1/AUTH_bb095502870147c682a17549ab21d6b7/gnocchi.2a4711bf-2772-413b-a580-a5b09628fecb HTTP/1.0 201 - python-swiftclient-3.11.1 gAAAAABpfE2qeuGt... - - - tx3242d41b14ba4abbb5d74-00697c4e5c - 0.0256 - - 1769754204.081834555 1769754204.107440472 0
Jan 30 06:23:24 standalone container-server[127072]: 172.20.0.100 - - [30/Jan/2026:06:23:24 +0000] "HEAD /d1/35/AUTH_bb095502870147c682a17549ab21d6b7/gnocchi.2a4711bf-2772-413b-a580-a5b09628fecb" 204 - "HEAD http://172.18.0.2:8080/v1/AUTH_bb095502870147c682a17549ab21d6b7/gnocchi.2a4711bf-2772-413b-a580-a5b09628fecb?format=json&states=listing" "tx251f950c50814c3a83063-00697c4e5c" "proxy-server 12" 0.0021 "-" 17 0
Jan 30 06:23:24 standalone proxy-server[129384]: - - 30/Jan/2026/06/23/24 HEAD /v1/AUTH_bb095502870147c682a17549ab21d6b7/gnocchi.2a4711bf-2772-413b-a580-a5b09628fecb%3Fformat%3Djson%26states%3Dlisting HTTP/1.0 204 - Swift - - - - tx251f950c50814c3a83063-00697c4e5c - 0.0066 RL - 1769754204.113467216 1769754204.120043993 0
Jan 30 06:23:24 standalone container-server[127072]: 172.20.0.100 - - [30/Jan/2026:06:23:24 +0000] "GET /d1/35/AUTH_bb095502870147c682a17549ab21d6b7/gnocchi.2a4711bf-2772-413b-a580-a5b09628fecb" 200 2 "GET http://172.18.0.2:8080/v1/AUTH_bb095502870147c682a17549ab21d6b7/gnocchi.2a4711bf-2772-413b-a580-a5b09628fecb?format=json&states=listing" "tx251f950c50814c3a83063-00697c4e5c" "proxy-server 12" 0.0032 "-" 17 0
Jan 30 06:23:24 standalone proxy-server[129384]: 172.18.0.2 172.18.0.100 30/Jan/2026/06/23/24 GET /v1/AUTH_bb095502870147c682a17549ab21d6b7/gnocchi.2a4711bf-2772-413b-a580-a5b09628fecb%3Fformat%3Djson%26states%3Dlisting HTTP/1.0 200 - python-swiftclient-3.11.1 gAAAAABpfE2qeuGt... - 2 - tx251f950c50814c3a83063-00697c4e5c - 0.0191 - - 1769754204.111919641 1769754204.131029129 0
Jan 30 06:23:24 standalone object-server[127455]: 172.20.0.100 - - [30/Jan/2026:06:23:24 +0000] "GET /d1/797/AUTH_bb095502870147c682a17549ab21d6b7/gnocchi.2a4711bf-2772-413b-a580-a5b09628fecb/1769040000.0_mean_300.0_v3" 404 70 "GET http://172.18.0.2:8080/v1/AUTH_bb095502870147c682a17549ab21d6b7/gnocchi.2a4711bf-2772-413b-a580-a5b09628fecb/1769040000.0_mean_300.0_v3" "tx7eaffbc5ea9147acbf43a-00697c4e5c" "proxy-server 12" 0.0003 "-" 24 0
Jan 30 06:23:24 standalone proxy-server[129384]: 172.18.0.2 172.18.0.100 30/Jan/2026/06/23/24 GET /v1/AUTH_bb095502870147c682a17549ab21d6b7/gnocchi.2a4711bf-2772-413b-a580-a5b09628fecb/1769040000.0_mean_300.0_v3 HTTP/1.0 404 - python-swiftclient-3.11.1 gAAAAABpfE2qeuGt... - 70 - tx7eaffbc5ea9147acbf43a-00697c4e5c - 0.0051 - - 1769754204.135073900 1769754204.140207291 0
Jan 30 06:23:24 standalone container-server[127067]: 172.20.0.100 - - [30/Jan/2026:06:23:24 +0000] "PUT /d1/35/AUTH_bb095502870147c682a17549ab21d6b7/gnocchi.2a4711bf-2772-413b-a580-a5b09628fecb/1769040000.0_mean_300.0_v3" 201 - "PUT http://172.18.0.2:8080/d1/797/AUTH_bb095502870147c682a17549ab21d6b7/gnocchi.2a4711bf-2772-413b-a580-a5b09628fecb/1769040000.0_mean_300.0_v3" "txb5361f4a54234481a1b1d-00697c4e5c" "object-server 24" 0.0009 "-" 14 0
Jan 30 06:23:24 standalone object-server[127455]: 172.20.0.100 - - [30/Jan/2026:06:23:24 +0000] "PUT /d1/797/AUTH_bb095502870147c682a17549ab21d6b7/gnocchi.2a4711bf-2772-413b-a580-a5b09628fecb/1769040000.0_mean_300.0_v3" 201 - "PUT http://172.18.0.2:8080/v1/AUTH_bb095502870147c682a17549ab21d6b7/gnocchi.2a4711bf-2772-413b-a580-a5b09628fecb/1769040000.0_mean_300.0_v3" "txb5361f4a54234481a1b1d-00697c4e5c" "proxy-server 12" 0.0103 "-" 24 0
Jan 30 06:23:24 standalone proxy-server[129384]: 172.18.0.2 172.18.0.100 30/Jan/2026/06/23/24 PUT /v1/AUTH_bb095502870147c682a17549ab21d6b7/gnocchi.2a4711bf-2772-413b-a580-a5b09628fecb/1769040000.0_mean_300.0_v3 HTTP/1.0 201 - python-swiftclient-3.11.1 gAAAAABpfE2qeuGt... 16 - - txb5361f4a54234481a1b1d-00697c4e5c - 0.0146 - - 1769754204.143260479 1769754204.157818317 0
Jan 30 06:23:24 standalone container-server[127072]: 172.20.0.100 - - [30/Jan/2026:06:23:24 +0000] "PUT /d1/35/AUTH_bb095502870147c682a17549ab21d6b7/gnocchi.2a4711bf-2772-413b-a580-a5b09628fecb/none_v3" 201 - "PUT http://172.18.0.2:8080/d1/71/AUTH_bb095502870147c682a17549ab21d6b7/gnocchi.2a4711bf-2772-413b-a580-a5b09628fecb/none_v3" "txd6199c76ea2a4ce18734a-00697c4e5c" "object-server 24" 0.0007 "-" 17 0
