Jan 30 06:21:35 standalone proxy-server[129384]: 172.18.0.2 172.18.0.100 30/Jan/2026/06/21/35 GET /v1/AUTH_bb095502870147c682a17549ab21d6b7/gnocchi.82b3c79a-a501-4a2e-9a84-e11d8c7b62ee%3Fformat%3Djson%26states%3Dlisting HTTP/1.0 200 - python-swiftclient-3.11.1 gAAAAABpfE2qeuGt... - 2 - txb2675c33b6374dbf8f462-00697c4def - 0.0277 - - 1769754095.584690094 1769754095.612379551 0
Jan 30 06:21:35 standalone object-server[127453]: 172.20.0.100 - - [30/Jan/2026:06:21:35 +0000] "GET /d1/625/AUTH_bb095502870147c682a17549ab21d6b7/gnocchi.82b3c79a-a501-4a2e-9a84-e11d8c7b62ee/1769040000.0_mean_300.0_v3" 404 70 "GET http://172.18.0.2:8080/v1/AUTH_bb095502870147c682a17549ab21d6b7/gnocchi.82b3c79a-a501-4a2e-9a84-e11d8c7b62ee/1769040000.0_mean_300.0_v3" "tx4fe808d1bea94b0babeda-00697c4def" "proxy-server 12" 0.0005 "-" 23 0
Jan 30 06:21:35 standalone proxy-server[129384]: 172.18.0.2 172.18.0.100 30/Jan/2026/06/21/35 GET /v1/AUTH_bb095502870147c682a17549ab21d6b7/gnocchi.82b3c79a-a501-4a2e-9a84-e11d8c7b62ee/1769040000.0_mean_300.0_v3 HTTP/1.0 404 - python-swiftclient-3.11.1 gAAAAABpfE2qeuGt... - 70 - tx4fe808d1bea94b0babeda-00697c4def - 0.0115 - - 1769754095.618499756 1769754095.629952431 0
Jan 30 06:21:35 standalone container-server[127054]: 172.20.0.100 - - [30/Jan/2026:06:21:35 +0000] "PUT /d1/972/AUTH_bb095502870147c682a17549ab21d6b7/gnocchi.82b3c79a-a501-4a2e-9a84-e11d8c7b62ee/1769040000.0_mean_300.0_v3" 201 - "PUT http://172.18.0.2:8080/d1/625/AUTH_bb095502870147c682a17549ab21d6b7/gnocchi.82b3c79a-a501-4a2e-9a84-e11d8c7b62ee/1769040000.0_mean_300.0_v3" "tx44c422dad2e9451b8e88c-00697c4def" "object-server 23" 0.0007 "-" 9 0
Jan 30 06:21:35 standalone object-server[127453]: 172.20.0.100 - - [30/Jan/2026:06:21:35 +0000] "PUT /d1/625/AUTH_bb095502870147c682a17549ab21d6b7/gnocchi.82b3c79a-a501-4a2e-9a84-e11d8c7b62ee/1769040000.0_mean_300.0_v3" 201 - "PUT http://172.18.0.2:8080/v1/AUTH_bb095502870147c682a17549ab21d6b7/gnocchi.82b3c79a-a501-4a2e-9a84-e11d8c7b62ee/1769040000.0_mean_300.0_v3" "tx44c422dad2e9451b8e88c-00697c4def" "proxy-server 12" 0.0168 "-" 23 0
Jan 30 06:21:35 standalone proxy-server[129384]: 172.18.0.2 172.18.0.100 30/Jan/2026/06/21/35 PUT /v1/AUTH_bb095502870147c682a17549ab21d6b7/gnocchi.82b3c79a-a501-4a2e-9a84-e11d8c7b62ee/1769040000.0_mean_300.0_v3 HTTP/1.0 201 - python-swiftclient-3.11.1 gAAAAABpfE2qeuGt... 16 - - tx44c422dad2e9451b8e88c-00697c4def - 0.0545 - - 1769754095.636312485 1769754095.690831900 0
Jan 30 06:21:35 standalone container-server[127054]: 172.20.0.100 - - [30/Jan/2026:06:21:35 +0000] "PUT /d1/972/AUTH_bb095502870147c682a17549ab21d6b7/gnocchi.82b3c79a-a501-4a2e-9a84-e11d8c7b62ee/none_v3" 201 - "PUT http://172.18.0.2:8080/d1/996/AUTH_bb095502870147c682a17549ab21d6b7/gnocchi.82b3c79a-a501-4a2e-9a84-e11d8c7b62ee/none_v3" "tx4ff93c2394df467a87c9f-00697c4def" "object-server 24" 0.0006 "-" 9 0
Jan 30 06:21:35 standalone object-server[127455]: 172.20.0.100 - - [30/Jan/2026:06:21:35 +0000] "PUT /d1/996/AUTH_bb095502870147c682a17549ab21d6b7/gnocchi.82b3c79a-a501-4a2e-9a84-e11d8c7b62ee/none_v3" 201 - "PUT http://172.18.0.2:8080/v1/AUTH_bb095502870147c682a17549ab21d6b7/gnocchi.82b3c79a-a501-4a2e-9a84-e11d8c7b62ee/none_v3" "tx4ff93c2394df467a87c9f-00697c4def" "proxy-server 12" 0.0099 "-" 24 0
Jan 30 06:21:35 standalone proxy-server[129384]: 172.18.0.2 172.18.0.100 30/Jan/2026/06/21/35 PUT /v1/AUTH_bb095502870147c682a17549ab21d6b7/gnocchi.82b3c79a-a501-4a2e-9a84-e11d8c7b62ee/none_v3 HTTP/1.0 201 - python-swiftclient-3.11.1 gAAAAABpfE2qeuGt... 22 - - tx4ff93c2394df467a87c9f-00697c4def - 0.0166 - - 1769754095.698836565 1769754095.715478182 0
Jan 30 06:21:35 standalone container-server[127067]: 172.20.0.100 - - [30/Jan/2026:06:21:35 +0000] "HEAD /d1/685/AUTH_bb095502870147c682a17549ab21d6b7/gnocchi.8dcb79ad-86ed-4ddd-94c4-5adc717f0ded" 404 - "HEAD http://172.18.0.2:8080/v1/AUTH_bb095502870147c682a17549ab21d6b7/gnocchi.8dcb79ad-86ed-4ddd-94c4-5adc717f0ded?format=json&states=listing" "txc136729a6fdc4a4d8ba24-00697c4def" "proxy-server 12" 0.0008 "-" 14 0
Jan 30 06:21:35 standalone object-server[127451]: 172.20.0.100 - - [30/Jan/2026:06:21:35 +0000] "GET /d1/356/AUTH_bb095502870147c682a17549ab21d6b7/gnocchi.8dcb79ad-86ed-4ddd-94c4-5adc717f0ded/none_v3" 404 70 "GET http://172.18.0.2:8080/v1/AUTH_bb095502870147c682a17549ab21d6b7/gnocchi.8dcb79ad-86ed-4ddd-94c4-5adc717f0ded/none_v3" "txc136729a6fdc4a4d8ba24-00697c4def" "proxy-server 12" 0.0007 "-" 21 0
Jan 30 06:21:35 standalone proxy-server[129384]: 172.18.0.2 172.18.0.100 30/Jan/2026/06/21/35 GET /v1/AUTH_bb095502870147c682a17549ab21d6b7/gnocchi.8dcb79ad-86ed-4ddd-94c4-5adc717f0ded/none_v3 HTTP/1.0 404 - python-swiftclient-3.11.1 gAAAAABpfE2qeuGt... - 70 - txc136729a6fdc4a4d8ba24-00697c4def - 0.0125 - - 1769754095.736228466 1769754095.748723269 0
Jan 30 06:21:35 standalone account-server[127300]: 172.20.0.100 - - [30/Jan/2026:06:21:35 +0000] "PUT /d1/762/AUTH_bb095502870147c682a17549ab21d6b7/gnocchi.8dcb79ad-86ed-4ddd-94c4-5adc717f0ded" 201 - "PUT http://172.20.0.100:6001/d1/685/AUTH_bb095502870147c682a17549ab21d6b7/gnocchi.8dcb79ad-86ed-4ddd-94c4-5adc717f0ded" "txa63d19890c6e4c0d9eed3-00697c4def" "container-server 11" 0.0072 "-" 22 0
Jan 30 06:21:35 standalone container-server[127059]: 172.20.0.100 - - [30/Jan/2026:06:21:35 +0000] "PUT /d1/685/AUTH_bb095502870147c682a17549ab21d6b7/gnocchi.8dcb79ad-86ed-4ddd-94c4-5adc717f0ded" 201 - "PUT http://172.18.0.2:8080/v1/AUTH_bb095502870147c682a17549ab21d6b7/gnocchi.8dcb79ad-86ed-4ddd-94c4-5adc717f0ded" "txa63d19890c6e4c0d9eed3-00697c4def" "proxy-server 12" 0.0228 "-" 11 0
Jan 30 06:21:35 standalone proxy-server[129384]: 172.18.0.2 172.18.0.100 30/Jan/2026/06/21/35 PUT /v1/AUTH_bb095502870147c682a17549ab21d6b7/gnocchi.8dcb79ad-86ed-4ddd-94c4-5adc717f0ded HTTP/1.0 201 - python-swiftclient-3.11.1 gAAAAABpfE2qeuGt... - - - txa63d19890c6e4c0d9eed3-00697c4def - 0.0288 - - 1769754095.753278255 1769754095.782109499 0
Jan 30 06:21:35 standalone container-server[127059]: 172.20.0.100 - - [30/Jan/2026:06:21:35 +0000] "HEAD /d1/685/AUTH_bb095502870147c682a17549ab21d6b7/gnocchi.8dcb79ad-86ed-4ddd-94c4-5adc717f0ded" 204 - "HEAD http://172.18.0.2:8080/v1/AUTH_bb095502870147c682a17549ab21d6b7/gnocchi.8dcb79ad-86ed-4ddd-94c4-5adc717f0ded?format=json&states=listing" "tx8d00dad6e6f24f2aa81c7-00697c4def" "proxy-server 12" 0.0015 "-" 11 0
Jan 30 06:21:35 standalone proxy-server[129384]: - - 30/Jan/2026/06/21/35 HEAD /v1/AUTH_bb095502870147c682a17549ab21d6b7/gnocchi.8dcb79ad-86ed-4ddd-94c4-5adc717f0ded%3Fformat%3Djson%26states%3Dlisting HTTP/1.0 204 - Swift - - - - tx8d00dad6e6f24f2aa81c7-00697c4def - 0.0050 RL - 1769754095.788819313 1769754095.793854475 0
Jan 30 06:21:35 standalone container-server[127059]: 172.20.0.100 - - [30/Jan/2026:06:21:35 +0000] "GET /d1/685/AUTH_bb095502870147c682a17549ab21d6b7/gnocchi.8dcb79ad-86ed-4ddd-94c4-5adc717f0ded" 200 2 "GET http://172.18.0.2:8080/v1/AUTH_bb095502870147c682a17549ab21d6b7/gnocchi.8dcb79ad-86ed-4ddd-94c4-5adc717f0ded?format=json&states=listing" "tx8d00dad6e6f24f2aa81c7-00697c4def" "proxy-server 12" 0.0030 "-" 11 0
Jan 30 06:21:35 standalone proxy-server[129384]: 172.18.0.2 172.18.0.100 30/Jan/2026/06/21/35 GET /v1/AUTH_bb095502870147c682a17549ab21d6b7/gnocchi.8dcb79ad-86ed-4ddd-94c4-5adc717f0ded%3Fformat%3Djson%26states%3Dlisting HTTP/1.0 200 - python-swiftclient-3.11.1 gAAAAABpfE2qeuGt... - 2 - tx8d00dad6e6f24f2aa81c7-00697c4def - 0.0171 - - 1769754095.787558317 1769754095.804667950 0
Jan 30 06:21:35 standalone object-server[127452]: 172.20.0.100 - - [30/Jan/2026:06:21:35 +0000] "GET /d1/897/AUTH_bb095502870147c682a17549ab21d6b7/gnocchi.8dcb79ad-86ed-4ddd-94c4-5adc717f0ded/1769040000.0_mean_300.0_v3" 404 70 "GET http://172.18.0.2:8080/v1/AUTH_bb095502870147c682a17549ab21d6b7/gnocchi.8dcb79ad-86ed-4ddd-94c4-5adc717f0ded/1769040000.0_mean_300.0_v3" "txf49e981ea9a340da9c395-00697c4def" "proxy-server 12" 0.0005 "-" 22 0
Jan 30 06:21:35 standalone proxy-server[129384]: 172.18.0.2 172.18.0.100 30/Jan/2026/06/21/35 GET /v1/AUTH_bb095502870147c682a17549ab21d6b7/gnocchi.8dcb79ad-86ed-4ddd-94c4-5adc717f0ded/1769040000.0_mean_300.0_v3 HTTP/1.0 404 - python-swiftclient-3.11.1 gAAAAABpfE2qeuGt... - 70 - txf49e981ea9a340da9c395-00697c4def - 0.0079 - - 1769754095.810142994 1769754095.818056822 0
Jan 30 06:21:35 standalone container-server[127059]: 172.20.0.100 - - [30/Jan/2026:06:21:35 +0000] "PUT /d1/685/AUTH_bb095502870147c682a17549ab21d6b7/gnocchi.8dcb79ad-86ed-4ddd-94c4-5adc717f0ded/1769040000.0_mean_300.0_v3" 201 - "PUT http://172.18.0.2:8080/d1/897/AUTH_bb095502870147c682a17549ab21d6b7/gnocchi.8dcb79ad-86ed-4ddd-94c4-5adc717f0ded/1769040000.0_mean_300.0_v3" "tx84027cadbc9348249cc0d-00697c4def" "object-server 24" 0.0009 "-" 11 0
Jan 30 06:21:35 standalone object-server[127455]: 172.20.0.100 - - [30/Jan/2026:06:21:35 +0000] "PUT /d1/897/AUTH_bb095502870147c682a17549ab21d6b7/gnocchi.8dcb79ad-86ed-4ddd-94c4-5adc717f0ded/1769040000.0_mean_300.0_v3" 201 - "PUT http://172.18.0.2:8080/v1/AUTH_bb095502870147c682a17549ab21d6b7/gnocchi.8dcb79ad-86ed-4ddd-94c4-5adc717f0ded/1769040000.0_mean_300.0_v3" "tx84027cadbc9348249cc0d-00697c4def" "proxy-server 12" 0.0124 "-" 24 0
Jan 30 06:21:35 standalone proxy-server[129384]: 172.18.0.2 172.18.0.100 30/Jan/2026/06/21/35 PUT /v1/AUTH_bb095502870147c682a17549ab21d6b7/gnocchi.8dcb79ad-86ed-4ddd-94c4-5adc717f0ded/1769040000.0_mean_300.0_v3 HTTP/1.0 201 - python-swiftclient-3.11.1 gAAAAABpfE2qeuGt... 16 - - tx84027cadbc9348249cc0d-00697c4def - 0.0202 - - 1769754095.823821306 1769754095.844014406 0
Jan 30 06:21:35 standalone container-server[127067]: 172.20.0.100 - - [30/Jan/2026:06:21:35 +0000] "PUT /d1/685/AUTH_bb095502870147c682a17549ab21d6b7/gnocchi.8dcb79ad-86ed-4ddd-94c4-5adc717f0ded/none_v3" 201 - "PUT http://172.18.0.2:8080/d1/356/AUTH_bb095502870147c682a17549ab21d6b7/gnocchi.8dcb79ad-86ed-4ddd-94c4-5adc717f0ded/none_v3" "tx9c557527585d4d268d738-00697c4def" "object-server 23" 0.0006 "-" 14 0
Jan 30 06:21:35 standalone object-server[127453]: 172.20.0.100 - - [30/Jan/2026:06:21:35 +0000] "PUT /d1/356/AUTH_bb095502870147c682a17549ab21d6b7/gnocchi.8dcb79ad-86ed-4ddd-94c4-5adc717f0ded/none_v3" 201 - "PUT http://172.18.0.2:8080/v1/AUTH_bb095502870147c682a17549ab21d6b7/gnocchi.8dcb79ad-86ed-4ddd-94c4-5adc717f0ded/none_v3" "tx9c557527585d4d268d738-00697c4def" "proxy-server 12" 0.0121 "-" 23 0
Jan 30 06:21:35 standalone proxy-server[129384]: 172.18.0.2 172.18.0.100 30/Jan/2026/06/21/35 PUT /v1/AUTH_bb095502870147c682a17549ab21d6b7/gnocchi.8dcb79ad-86ed-4ddd-94c4-5adc717f0ded/none_v3 HTTP/1.0 201 - python-swiftclient-3.11.1 gAAAAABpfE2qeuGt... 22 - - tx9c557527585d4d268d738-00697c4def - 0.0191 - - 1769754095.852278471 1769754095.871382236 0
Jan 30 06:21:35 standalone container-server[127067]: 172.20.0.100 - - [30/Jan/2026:06:21:35 +0000] "HEAD /d1/416/AUTH_bb095502870147c682a17549ab21d6b7/gnocchi.0c47d12b-45db-4020-a483-4601620015e5" 404 - "HEAD http://172.18.0.2:8080/v1/AUTH_bb095502870147c682a17549ab21d6b7/gnocchi.0c47d12b-45db-4020-a483-4601620015e5?format=json&states=listing" "txcf0cb254ac0c452abeb47-00697c4def" "proxy-server 12" 0.0004 "-" 14 0
Jan 30 06:21:35 standalone object-server[127455]: 172.20.0.100 - - [30/Jan/2026:06:21:35 +0000] "GET /d1/243/AUTH_bb095502870147c682a17549ab21d6b7/gnocchi.0c47d12b-45db-4020-a483-4601620015e5/none_v3" 404 70 "GET http://172.18.0.2:8080/v1/AUTH_bb095502870147c682a17549ab21d6b7/gnocchi.0c47d12b-45db-4020-a483-4601620015e5/none_v3" "txcf0cb254ac0c452abeb47-00697c4def" "proxy-server 12" 0.0004 "-" 24 0
Jan 30 06:21:35 standalone proxy-server[129384]: 172.18.0.2 172.18.0.100 30/Jan/2026/06/21/35 GET /v1/AUTH_bb095502870147c682a17549ab21d6b7/gnocchi.0c47d12b-45db-4020-a483-4601620015e5/none_v3 HTTP/1.0 404 - python-swiftclient-3.11.1 gAAAAABpfE2qeuGt... - 70 - txcf0cb254ac0c452abeb47-00697c4def - 0.0100 - - 1769754095.885647297 1769754095.895633698 0
Jan 30 06:21:35 standalone account-server[127301]: 172.20.0.100 - - [30/Jan/2026:06:21:35 +0000] "PUT /d1/762/AUTH_bb095502870147c682a17549ab21d6b7/gnocchi.0c47d12b-45db-4020-a483-4601620015e5" 201 - "PUT http://172.20.0.100:6001/d1/416/AUTH_bb095502870147c682a17549ab21d6b7/gnocchi.0c47d12b-45db-4020-a483-4601620015e5" "tx88b0bfc3603b445db9639-00697c4def" "container-server 17" 0.0047 "-" 23 0
Jan 30 06:21:35 standalone container-server[127072]: 172.20.0.100 - - [30/Jan/2026:06:21:35 +0000] "PUT /d1/416/AUTH_bb095502870147c682a17549ab21d6b7/gnocchi.0c47d12b-45db-4020-a483-4601620015e5" 201 - "PUT http://172.18.0.2:8080/v1/AUTH_bb095502870147c682a17549ab21d6b7/gnocchi.0c47d12b-45db-4020-a483-4601620015e5" "tx88b0bfc3603b445db9639-00697c4def" "proxy-server 12" 0.0179 "-" 17 0
Jan 30 06:21:35 standalone proxy-server[129384]: 172.18.0.2 172.18.0.100 30/Jan/2026/06/21/35 PUT /v1/AUTH_bb095502870147c682a17549ab21d6b7/gnocchi.0c47d12b-45db-4020-a483-4601620015e5 HTTP/1.0 201 - python-swiftclient-3.11.1 gAAAAABpfE2qeuGt... - - - tx88b0bfc3603b445db9639-00697c4def - 0.0239 - - 1769754095.906630516 1769754095.930550575 0
Jan 30 06:21:35 standalone container-server[127067]: 172.20.0.100 - - [30/Jan/2026:06:21:35 +0000] "HEAD /d1/416/AUTH_bb095502870147c682a17549ab21d6b7/gnocchi.0c47d12b-45db-4020-a483-4601620015e5" 204 - "HEAD http://172.18.0.2:8080/v1/AUTH_bb095502870147c682a17549ab21d6b7/gnocchi.0c47d12b-45db-4020-a483-4601620015e5?format=json&states=listing" "txb5e8d56154f94d07a3aad-00697c4def" "proxy-server 12" 0.0019 "-" 14 0
Jan 30 06:21:35 standalone proxy-server[129384]: - - 30/Jan/2026/06/21/35 HEAD /v1/AUTH_bb095502870147c682a17549ab21d6b7/gnocchi.0c47d12b-45db-4020-a483-4601620015e5%3Fformat%3Djson%26states%3Dlisting HTTP/1.0 204 - Swift - - - - txb5e8d56154f94d07a3aad-00697c4def - 0.0059 RL - 1769754095.937756300 1769754095.943619013 0
Jan 30 06:21:35 standalone container-server[127054]: 172.20.0.100 - - [30/Jan/2026:06:21:35 +0000] "GET /d1/416/AUTH_bb095502870147c682a17549ab21d6b7/gnocchi.0c47d12b-45db-4020-a483-4601620015e5" 200 2 "GET http://172.18.0.2:8080/v1/AUTH_bb095502870147c682a17549ab21d6b7/gnocchi.0c47d12b-45db-4020-a483-4601620015e5?format=json&states=listing" "txb5e8d56154f94d07a3aad-00697c4def" "proxy-server 12" 0.0030 "-" 9 0
Jan 30 06:21:35 standalone proxy-server[129384]: 172.18.0.2 172.18.0.100 30/Jan/2026/06/21/35 GET /v1/AUTH_bb095502870147c682a17549ab21d6b7/gnocchi.0c47d12b-45db-4020-a483-4601620015e5%3Fformat%3Djson%26states%3Dlisting HTTP/1.0 200 - python-swiftclient-3.11.1 gAAAAABpfE2qeuGt... - 2 - txb5e8d56154f94d07a3aad-00697c4def - 0.0208 - - 1769754095.936318636 1769754095.957142115 0
Jan 30 06:21:35 standalone object-server[127455]: 172.20.0.100 - - [30/Jan/2026:06:21:35 +0000] "GET /d1/945/AUTH_bb095502870147c682a17549ab21d6b7/gnocchi.0c47d12b-45db-4020-a483-4601620015e5/1769040000.0_mean_300.0_v3" 404 70 "GET http://172.18.0.2:8080/v1/AUTH_bb095502870147c682a17549ab21d6b7/gnocchi.0c47d12b-45db-4020-a483-4601620015e5/1769040000.0_mean_300.0_v3" "txa76f9506b1934b32be884-00697c4def" "proxy-server 12" 0.0004 "-" 24 0
Jan 30 06:21:35 standalone proxy-server[129384]: 172.18.0.2 172.18.0.100 30/Jan/2026/06/21/35 GET /v1/AUTH_bb095502870147c682a17549ab21d6b7/gnocchi.0c47d12b-45db-4020-a483-4601620015e5/1769040000.0_mean_300.0_v3 HTTP/1.0 404 - python-swiftclient-3.11.1 gAAAAABpfE2qeuGt... - 70 - txa76f9506b1934b32be884-00697c4def - 0.0059 - - 1769754095.966046810 1769754095.971942902 0
Jan 30 06:21:36 standalone container-server[127054]: 172.20.0.100 - - [30/Jan/2026:06:21:36 +0000] "PUT /d1/416/AUTH_bb095502870147c682a17549ab21d6b7/gnocchi.0c47d12b-45db-4020-a483-4601620015e5/1769040000.0_mean_300.0_v3" 201 - "PUT http://172.18.0.2:8080/d1/945/AUTH_bb095502870147c682a17549ab21d6b7/gnocchi.0c47d12b-45db-4020-a483-4601620015e5/1769040000.0_mean_300.0_v3" "txa2874d85d88e4e7292354-00697c4def" "object-server 24" 0.0015 "-" 9 0
Jan 30 06:21:36 standalone object-server[127455]: 172.20.0.100 - - [30/Jan/2026:06:21:36 +0000] "PUT /d1/945/AUTH_bb095502870147c682a17549ab21d6b7/gnocchi.0c47d12b-45db-4020-a483-4601620015e5/1769040000.0_mean_300.0_v3" 201 - "PUT http://172.18.0.2:8080/v1/AUTH_bb095502870147c682a17549ab21d6b7/gnocchi.0c47d12b-45db-4020-a483-4601620015e5/1769040000.0_mean_300.0_v3" "txa2874d85d88e4e7292354-00697c4def" "proxy-server 12" 0.0484 "-" 24 0
Jan 30 06:21:36 standalone proxy-server[129384]: 172.18.0.2 172.18.0.100 30/Jan/2026/06/21/36 PUT /v1/AUTH_bb095502870147c682a17549ab21d6b7/gnocchi.0c47d12b-45db-4020-a483-4601620015e5/1769040000.0_mean_300.0_v3 HTTP/1.0 201 - python-swiftclient-3.11.1 gAAAAABpfE2qeuGt... 16 - - txa2874d85d88e4e7292354-00697c4def - 0.0560 - - 1769754095.982193470 1769754096.038225889 0
Jan 30 06:21:36 standalone container-server[127072]: 172.20.0.100 - - [30/Jan/2026:06:21:36 +0000] "PUT /d1/416/AUTH_bb095502870147c682a17549ab21d6b7/gnocchi.0c47d12b-45db-4020-a483-4601620015e5/none_v3" 201 - "PUT http://172.18.0.2:8080/d1/243/AUTH_bb095502870147c682a17549ab21d6b7/gnocchi.0c47d12b-45db-4020-a483-4601620015e5/none_v3" "tx8944543c27754d0a8cd33-00697c4df0" "object-server 24" 0.0012 "-" 17 0
Jan 30 06:21:36 standalone object-server[127455]: 172.20.0.100 - - [30/Jan/2026:06:21:36 +0000] "PUT /d1/243/AUTH_bb095502870147c682a17549ab21d6b7/gnocchi.0c47d12b-45db-4020-a483-4601620015e5/none_v3" 201 - "PUT http://172.18.0.2:8080/v1/AUTH_bb095502870147c682a17549ab21d6b7/gnocchi.0c47d12b-45db-4020-a483-4601620015e5/none_v3" "tx8944543c27754d0a8cd33-00697c4df0" "proxy-server 12" 0.0223 "-" 24 0
Jan 30 06:21:36 standalone proxy-server[129384]: 172.18.0.2 172.18.0.100 30/Jan/2026/06/21/36 PUT /v1/AUTH_bb095502870147c682a17549ab21d6b7/gnocchi.0c47d12b-45db-4020-a483-4601620015e5/none_v3 HTTP/1.0 201 - python-swiftclient-3.11.1 gAAAAABpfE2qeuGt... 22 - - tx8944543c27754d0a8cd33-00697c4df0 - 0.0288 - - 1769754096.043296099 1769754096.072121620 0
Jan 30 06:22:03 standalone container-server[127067]: 172.20.0.100 - - [30/Jan/2026:06:22:03 +0000] "HEAD /d1/583/AUTH_bb095502870147c682a17549ab21d6b7/gnocchi.4e4921a2-2cfa-4008-ae62-b5432c6b4b73" 404 - "HEAD http://172.18.0.2:8080/v1/AUTH_bb095502870147c682a17549ab21d6b7/gnocchi.4e4921a2-2cfa-4008-ae62-b5432c6b4b73?format=json&states=listing" "txc3311605775d44ed8ff9f-00697c4e0b" "proxy-server 12" 0.0004 "-" 14 0
Jan 30 06:22:03 standalone object-server[127455]: 172.20.0.100 - - [30/Jan/2026:06:22:03 +0000] "GET /d1/741/AUTH_bb095502870147c682a17549ab21d6b7/gnocchi.4e4921a2-2cfa-4008-ae62-b5432c6b4b73/none_v3" 404 70 "GET http://172.18.0.2:8080/v1/AUTH_bb095502870147c682a17549ab21d6b7/gnocchi.4e4921a2-2cfa-4008-ae62-b5432c6b4b73/none_v3" "txc3311605775d44ed8ff9f-00697c4e0b" "proxy-server 12" 0.0006 "-" 24 0
Jan 30 06:22:03 standalone proxy-server[129384]: 172.18.0.2 172.18.0.100 30/Jan/2026/06/22/03 GET /v1/AUTH_bb095502870147c682a17549ab21d6b7/gnocchi.4e4921a2-2cfa-4008-ae62-b5432c6b4b73/none_v3 HTTP/1.0 404 - python-swiftclient-3.11.1 gAAAAABpfE2qeuGt... - 70 - txc3311605775d44ed8ff9f-00697c4e0b - 0.0103 - - 1769754123.801935434 1769754123.812232494 0
Jan 30 06:22:03 standalone account-server[127295]: 172.20.0.100 - - [30/Jan/2026:06:22:03 +0000] "PUT /d1/762/AUTH_bb095502870147c682a17549ab21d6b7/gnocchi.4e4921a2-2cfa-4008-ae62-b5432c6b4b73" 201 - "PUT http://172.20.0.100:6001/d1/583/AUTH_bb095502870147c682a17549ab21d6b7/gnocchi.4e4921a2-2cfa-4008-ae62-b5432c6b4b73" "tx486a12a59f66432bb468b-00697c4e0b" "container-server 14" 0.0061 "-" 21 0
Jan 30 06:22:03 standalone container-server[127067]: 172.20.0.100 - - [30/Jan/2026:06:22:03 +0000] "PUT /d1/583/AUTH_bb095502870147c682a17549ab21d6b7/gnocchi.4e4921a2-2cfa-4008-ae62-b5432c6b4b73" 201 - "PUT http://172.18.0.2:8080/v1/AUTH_bb095502870147c682a17549ab21d6b7/gnocchi.4e4921a2-2cfa-4008-ae62-b5432c6b4b73" "tx486a12a59f66432bb468b-00697c4e0b" "proxy-server 12" 0.0158 "-" 14 0
Jan 30 06:22:03 standalone proxy-server[129384]: 172.18.0.2 172.18.0.100 30/Jan/2026/06/22/03 PUT /v1/AUTH_bb095502870147c682a17549ab21d6b7/gnocchi.4e4921a2-2cfa-4008-ae62-b5432c6b4b73 HTTP/1.0 201 - python-swiftclient-3.11.1 gAAAAABpfE2qeuGt... - - - tx486a12a59f66432bb468b-00697c4e0b - 0.0201 - - 1769754123.817402363 1769754123.837527037 0
Jan 30 06:22:03 standalone container-server[127054]: 172.20.0.100 - - [30/Jan/2026:06:22:03 +0000] "HEAD /d1/583/AUTH_bb095502870147c682a17549ab21d6b7/gnocchi.4e4921a2-2cfa-4008-ae62-b5432c6b4b73" 204 - "HEAD http://172.18.0.2:8080/v1/AUTH_bb095502870147c682a17549ab21d6b7/gnocchi.4e4921a2-2cfa-4008-ae62-b5432c6b4b73?format=json&states=listing" "tx6f0493df2b5a495382fc0-00697c4e0b" "proxy-server 12" 0.0020 "-" 9 0
Jan 30 06:22:03 standalone proxy-server[129384]: - - 30/Jan/2026/06/22/03 HEAD /v1/AUTH_bb095502870147c682a17549ab21d6b7/gnocchi.4e4921a2-2cfa-4008-ae62-b5432c6b4b73%3Fformat%3Djson%26states%3Dlisting HTTP/1.0 204 - Swift - - - - tx6f0493df2b5a495382fc0-00697c4e0b - 0.0069 RL - 1769754123.848201752 1769754123.855140686 0
Jan 30 06:22:03 standalone container-server[127072]: 172.20.0.100 - - [30/Jan/2026:06:22:03 +0000] "GET /d1/583/AUTH_bb095502870147c682a17549ab21d6b7/gnocchi.4e4921a2-2cfa-4008-ae62-b5432c6b4b73" 200 2 "GET http://172.18.0.2:8080/v1/AUTH_bb095502870147c682a17549ab21d6b7/gnocchi.4e4921a2-2cfa-4008-ae62-b5432c6b4b73?format=json&states=listing" "tx6f0493df2b5a495382fc0-00697c4e0b" "proxy-server 12" 0.0017 "-" 17 0
Jan 30 06:22:03 standalone proxy-server[129384]: 172.18.0.2 172.18.0.100 30/Jan/2026/06/22/03 GET /v1/AUTH_bb095502870147c682a17549ab21d6b7/gnocchi.4e4921a2-2cfa-4008-ae62-b5432c6b4b73%3Fformat%3Djson%26states%3Dlisting HTTP/1.0 200 - python-swiftclient-3.11.1 gAAAAABpfE2qeuGt... - 2 - tx6f0493df2b5a495382fc0-00697c4e0b - 0.0223 - - 1769754123.841325045 1769754123.863666534 0
Jan 30 06:22:03 standalone object-server[127451]: 172.20.0.100 - - [30/Jan/2026:06:22:03 +0000] "GET /d1/488/AUTH_bb095502870147c682a17549ab21d6b7/gnocchi.4e4921a2-2cfa-4008-ae62-b5432c6b4b73/1769040000.0_mean_300.0_v3" 404 70 "GET http://172.18.0.2:8080/v1/AUTH_bb095502870147c682a17549ab21d6b7/gnocchi.4e4921a2-2cfa-4008-ae62-b5432c6b4b73/1769040000.0_mean_300.0_v3" "txde5794fef7b34ac483b53-00697c4e0b" "proxy-server 12" 0.0006 "-" 21 0
Jan 30 06:22:03 standalone proxy-server[129384]: 172.18.0.2 172.18.0.100 30/Jan/2026/06/22/03 GET /v1/AUTH_bb095502870147c682a17549ab21d6b7/gnocchi.4e4921a2-2cfa-4008-ae62-b5432c6b4b73/1769040000.0_mean_300.0_v3 HTTP/1.0 404 - python-swiftclient-3.11.1 gAAAAABpfE2qeuGt... - 70 - txde5794fef7b34ac483b53-00697c4e0b - 0.0066 - - 1769754123.868432522 1769754123.875068665 0
Jan 30 06:22:03 standalone container-server[127067]: 172.20.0.100 - - [30/Jan/2026:06:22:03 +0000] "PUT /d1/583/AUTH_bb095502870147c682a17549ab21d6b7/gnocchi.4e4921a2-2cfa-4008-ae62-b5432c6b4b73/1769040000.0_mean_300.0_v3" 201 - "PUT http://172.18.0.2:8080/d1/488/AUTH_bb095502870147c682a17549ab21d6b7/gnocchi.4e4921a2-2cfa-4008-ae62-b5432c6b4b73/1769040000.0_mean_300.0_v3" "txc0397e0703544ce2b608f-00697c4e0b" "object-server 21" 0.0006 "-" 14 0
Jan 30 06:22:03 standalone object-server[127451]: 172.20.0.100 - - [30/Jan/2026:06:22:03 +0000] "PUT /d1/488/AUTH_bb095502870147c682a17549ab21d6b7/gnocchi.4e4921a2-2cfa-4008-ae62-b5432c6b4b73/1769040000.0_mean_300.0_v3" 201 - "PUT http://172.18.0.2:8080/v1/AUTH_bb095502870147c682a17549ab21d6b7/gnocchi.4e4921a2-2cfa-4008-ae62-b5432c6b4b73/1769040000.0_mean_300.0_v3" "txc0397e0703544ce2b608f-00697c4e0b" "proxy-server 12" 0.0101 "-" 21 0
Jan 30 06:22:03 standalone proxy-server[129384]: 172.18.0.2 172.18.0.100 30/Jan/2026/06/22/03 PUT /v1/AUTH_bb095502870147c682a17549ab21d6b7/gnocchi.4e4921a2-2cfa-4008-ae62-b5432c6b4b73/1769040000.0_mean_300.0_v3 HTTP/1.0 201 - python-swiftclient-3.11.1 gAAAAABpfE2qeuGt... 16 - - txc0397e0703544ce2b608f-00697c4e0b - 0.0147 - - 1769754123.879538059 1769754123.894249916 0
Jan 30 06:22:03 standalone container-server[127072]: 172.20.0.100 - - [30/Jan/2026:06:22:03 +0000] "PUT /d1/583/AUTH_bb095502870147c682a17549ab21d6b7/gnocchi.4e4921a2-2cfa-4008-ae62-b5432c6b4b73/none_v3" 201 - "PUT http://172.18.0.2:8080/d1/741/AUTH_bb095502870147c682a17549ab21d6b7/gnocchi.4e4921a2-2cfa-4008-ae62-b5432c6b4b73/none_v3" "txf515d1fb46744291b5c4f-00697c4e0b" "object-server 22" 0.0004 "-" 17 0
Jan 30 06:22:03 standalone object-server[127452]: 172.20.0.100 - - [30/Jan/2026:06:22:03 +0000] "PUT /d1/741/AUTH_bb095502870147c682a17549ab21d6b7/gnocchi.4e4921a2-2cfa-4008-ae62-b5432c6b4b73/none_v3" 201 - "PUT http://172.18.0.2:8080/v1/AUTH_bb095502870147c682a17549ab21d6b7/gnocchi.4e4921a2-2cfa-4008-ae62-b5432c6b4b73/none_v3" "txf515d1fb46744291b5c4f-00697c4e0b" "proxy-server 12" 0.0082 "-" 22 0
Jan 30 06:22:03 standalone proxy-server[129384]: 172.18.0.2 172.18.0.100 30/Jan/2026/06/22/03 PUT /v1/AUTH_bb095502870147c682a17549ab21d6b7/gnocchi.4e4921a2-2cfa-4008-ae62-b5432c6b4b73/none_v3 HTTP/1.0 201 - python-swiftclient-3.11.1 gAAAAABpfE2qeuGt... 22 - - txf515d1fb46744291b5c4f-00697c4e0b - 0.0126 - - 1769754123.897361517 1769754123.910005331 0
Jan 30 06:22:03 standalone object-server[127453]: 172.20.0.100 - - [30/Jan/2026:06:22:03 +0000] "GET /d1/806/AUTH_bb095502870147c682a17549ab21d6b7/gnocchi.46d14619-413d-4b47-ad67-c29d57b8472a/none_v3" 200 22 "GET http://172.18.0.2:8080/v1/AUTH_bb095502870147c682a17549ab21d6b7/gnocchi.46d14619-413d-4b47-ad67-c29d57b8472a/none_v3" "txe18ffc382ab540ec93611-00697c4e0b" "proxy-server 12" 0.0007 "-" 23 0
Jan 30 06:22:03 standalone proxy-server[129384]: 172.18.0.2 172.18.0.100 30/Jan/2026/06/22/03 GET /v1/AUTH_bb095502870147c682a17549ab21d6b7/gnocchi.46d14619-413d-4b47-ad67-c29d57b8472a/none_v3 HTTP/1.0 200 - python-swiftclient-3.11.1 gAAAAABpfE2qeuGt... - 22 - txe18ffc382ab540ec93611-00697c4e0b - 0.0059 - - 1769754123.937081814 1769754123.942961454 0
Jan 30 06:22:03 standalone container-server[127054]: 172.20.0.100 - - [30/Jan/2026:06:22:03 +0000] "GET /d1/450/AUTH_bb095502870147c682a17549ab21d6b7/gnocchi.46d14619-413d-4b47-ad67-c29d57b8472a" 200 357 "GET http://172.18.0.2:8080/v1/AUTH_bb095502870147c682a17549ab21d6b7/gnocchi.46d14619-413d-4b47-ad67-c29d57b8472a?format=json&states=listing" "tx0b845367b1cc4260999f3-00697c4e0b" "proxy-server 12" 0.0145 "-" 9 0
Jan 30 06:22:03 standalone proxy-server[129384]: 172.18.0.2 172.18.0.100 30/Jan/2026/06/22/03 GET /v1/AUTH_bb095502870147c682a17549ab21d6b7/gnocchi.46d14619-413d-4b47-ad67-c29d57b8472a%3Fformat%3Djson%26states%3Dlisting HTTP/1.0 200 - python-swiftclient-3.11.1 gAAAAABpfE2qeuGt... - 357 - tx0b845367b1cc4260999f3-00697c4e0b - 0.0207 - - 1769754123.946865320 1769754123.967567682 0
Jan 30 06:22:03 standalone container-server[127054]: 172.20.0.100 - - [30/Jan/2026:06:22:03 +0000] "GET /d1/450/AUTH_bb095502870147c682a17549ab21d6b7/gnocchi.46d14619-413d-4b47-ad67-c29d57b8472a" 200 2 "GET http://172.18.0.2:8080/v1/AUTH_bb095502870147c682a17549ab21d6b7/gnocchi.46d14619-413d-4b47-ad67-c29d57b8472a?format=json&marker=none_v3&states=listing" "txeb67467a5b464c1aaacf7-00697c4e0b" "proxy-server 12" 0.0048 "-" 9 0
Jan 30 06:22:04 standalone proxy-server[129384]: 172.18.0.2 172.18.0.100 30/Jan/2026/06/22/04 GET /v1/AUTH_bb095502870147c682a17549ab21d6b7/gnocchi.46d14619-413d-4b47-ad67-c29d57b8472a%3Fformat%3Djson%26marker%3Dnone_v3%26states%3Dlisting HTTP/1.0 200 - python-swiftclient-3.11.1 gAAAAABpfE2qeuGt... - 2 - txeb67467a5b464c1aaacf7-00697c4e0b - 0.0417 - - 1769754123.970881462 1769754124.012559175 0
Jan 30 06:22:04 standalone object-server[127453]: 172.20.0.100 - - [30/Jan/2026:06:22:04 +0000] "GET /d1/294/AUTH_bb095502870147c682a17549ab21d6b7/gnocchi.46d14619-413d-4b47-ad67-c29d57b8472a/1769040000.0_mean_300.0_v3" 200 16 "GET http://172.18.0.2:8080/v1/AUTH_bb095502870147c682a17549ab21d6b7/gnocchi.46d14619-413d-4b47-ad67-c29d57b8472a/1769040000.0_mean_300.0_v3" "txe5ea24a75c73428bbfb2a-00697c4e0c" "proxy-server 12" 0.0006 "-" 23 0
Jan 30 06:22:04 standalone proxy-server[129384]: 172.18.0.2 172.18.0.100 30/Jan/2026/06/22/04 GET /v1/AUTH_bb095502870147c682a17549ab21d6b7/gnocchi.46d14619-413d-4b47-ad67-c29d57b8472a/1769040000.0_mean_300.0_v3 HTTP/1.0 200 - python-swiftclient-3.11.1 gAAAAABpfE2qeuGt... - 16 - txe5ea24a75c73428bbfb2a-00697c4e0c - 0.0105 - - 1769754124.016903877 1769754124.027375460 0
Jan 30 06:22:04 standalone container-server[127059]: 172.20.0.100 - - [30/Jan/2026:06:22:04 +0000] "PUT /d1/450/AUTH_bb095502870147c682a17549ab21d6b7/gnocchi.46d14619-413d-4b47-ad67-c29d57b8472a/1769040000.0_mean_300.0_v3" 201 - "PUT http://172.18.0.2:8080/d1/294/AUTH_bb095502870147c682a17549ab21d6b7/gnocchi.46d14619-413d-4b47-ad67-c29d57b8472a/1769040000.0_mean_300.0_v3" "tx3bbfe2cdabc347a19dd88-00697c4e0c" "object-server 21" 0.0012 "-" 11 0
Jan 30 06:22:04 standalone object-server[127451]: 172.20.0.100 - - [30/Jan/2026:06:22:04 +0000] "PUT /d1/294/AUTH_bb095502870147c682a17549ab21d6b7/gnocchi.46d14619-413d-4b47-ad67-c29d57b8472a/1769040000.0_mean_300.0_v3" 201 - "PUT http://172.18.0.2:8080/v1/AUTH_bb095502870147c682a17549ab21d6b7/gnocchi.46d14619-413d-4b47-ad67-c29d57b8472a/1769040000.0_mean_300.0_v3" "tx3bbfe2cdabc347a19dd88-00697c4e0c" "proxy-server 12" 0.0142 "-" 21 0
Jan 30 06:22:04 standalone proxy-server[129384]: 172.18.0.2 172.18.0.100 30/Jan/2026/06/22/04 PUT /v1/AUTH_bb095502870147c682a17549ab21d6b7/gnocchi.46d14619-413d-4b47-ad67-c29d57b8472a/1769040000.0_mean_300.0_v3 HTTP/1.0 201 - python-swiftclient-3.11.1 gAAAAABpfE2qeuGt... 16 - - tx3bbfe2cdabc347a19dd88-00697c4e0c - 0.0198 - - 1769754124.030678988 1769754124.050449848 0
Jan 30 06:22:04 standalone container-server[127067]: 172.20.0.100 - - [30/Jan/2026:06:22:04 +0000] "PUT /d1/450/AUTH_bb095502870147c682a17549ab21d6b7/gnocchi.46d14619-413d-4b47-ad67-c29d57b8472a/none_v3" 201 - "PUT http://172.18.0.2:8080/d1/806/AUTH_bb095502870147c682a17549ab21d6b7/gnocchi.46d14619-413d-4b47-ad67-c29d57b8472a/none_v3" "tx5b266bf794904394abc48-00697c4e0c" "object-server 24" 0.0005 "-" 14 0
Jan 30 06:22:04 standalone object-server[127455]: 172.20.0.100 - - [30/Jan/2026:06:22:04 +0000] "PUT /d1/806/AUTH_bb095502870147c682a17549ab21d6b7/gnocchi.46d14619-413d-4b47-ad67-c29d57b8472a/none_v3" 201 - "PUT http://172.18.0.2:8080/v1/AUTH_bb095502870147c682a17549ab21d6b7/gnocchi.46d14619-413d-4b47-ad67-c29d57b8472a/none_v3" "tx5b266bf794904394abc48-00697c4e0c" "proxy-server 12" 0.0078 "-" 24 0
Jan 30 06:22:04 standalone proxy-server[129384]: 172.18.0.2 172.18.0.100 30/Jan/2026/06/22/04 PUT /v1/AUTH_bb095502870147c682a17549ab21d6b7/gnocchi.46d14619-413d-4b47-ad67-c29d57b8472a/none_v3 HTTP/1.0 201 - python-swiftclient-3.11.1 gAAAAABpfE2qeuGt... 33 - - tx5b266bf794904394abc48-00697c4e0c - 0.0127 - - 1769754124.053537369 1769754124.066228151 0
Jan 30 06:22:04 standalone object-server[127452]: 172.20.0.100 - - [30/Jan/2026:06:22:04 +0000] "GET /d1/770/AUTH_bb095502870147c682a17549ab21d6b7/gnocchi.35fa72ef-e314-4b25-9d46-2e44a3f1433c/none_v3" 200 22 "GET http://172.18.0.2:8080/v1/AUTH_bb095502870147c682a17549ab21d6b7/gnocchi.35fa72ef-e314-4b25-9d46-2e44a3f1433c/none_v3" "tx15c54075f14d40bdaf6de-00697c4e0c" "proxy-server 12" 0.0012 "-" 22 0
Jan 30 06:22:04 standalone proxy-server[129384]: 172.18.0.2 172.18.0.100 30/Jan/2026/06/22/04 GET /v1/AUTH_bb095502870147c682a17549ab21d6b7/gnocchi.35fa72ef-e314-4b25-9d46-2e44a3f1433c/none_v3 HTTP/1.0 200 - python-swiftclient-3.11.1 gAAAAABpfE2qeuGt... - 22 - tx15c54075f14d40bdaf6de-00697c4e0c - 0.0095 - - 1769754124.077428341 1769754124.086956024 0
Jan 30 06:22:04 standalone container-server[127072]: 172.20.0.100 - - [30/Jan/2026:06:22:04 +0000] "GET /d1/660/AUTH_bb095502870147c682a17549ab21d6b7/gnocchi.35fa72ef-e314-4b25-9d46-2e44a3f1433c" 200 357 "GET http://172.18.0.2:8080/v1/AUTH_bb095502870147c682a17549ab21d6b7/gnocchi.35fa72ef-e314-4b25-9d46-2e44a3f1433c?format=json&states=listing" "txca76406345054bafab835-00697c4e0c" "proxy-server 12" 0.0161 "-" 17 0
Jan 30 06:22:04 standalone proxy-server[129384]: 172.18.0.2 172.18.0.100 30/Jan/2026/06/22/04 GET /v1/AUTH_bb095502870147c682a17549ab21d6b7/gnocchi.35fa72ef-e314-4b25-9d46-2e44a3f1433c%3Fformat%3Djson%26states%3Dlisting HTTP/1.0 200 - python-swiftclient-3.11.1 gAAAAABpfE2qeuGt... - 357 - txca76406345054bafab835-00697c4e0c - 0.0284 - - 1769754124.091932535 1769754124.120366573 0
Jan 30 06:22:04 standalone container-server[127054]: 172.20.0.100 - - [30/Jan/2026:06:22:04 +0000] "GET /d1/660/AUTH_bb095502870147c682a17549ab21d6b7/gnocchi.35fa72ef-e314-4b25-9d46-2e44a3f1433c" 200 2 "GET http://172.18.0.2:8080/v1/AUTH_bb095502870147c682a17549ab21d6b7/gnocchi.35fa72ef-e314-4b25-9d46-2e44a3f1433c?format=json&marker=none_v3&states=listing" "txabbe08b7b7244b73a51e6-00697c4e0c" "proxy-server 12" 0.0023 "-" 9 0
Jan 30 06:22:04 standalone proxy-server[129384]: 172.18.0.2 172.18.0.100 30/Jan/2026/06/22/04 GET /v1/AUTH_bb095502870147c682a17549ab21d6b7/gnocchi.35fa72ef-e314-4b25-9d46-2e44a3f1433c%3Fformat%3Djson%26marker%3Dnone_v3%26states%3Dlisting HTTP/1.0 200 - python-swiftclient-3.11.1 gAAAAABpfE2qeuGt... - 2 - txabbe08b7b7244b73a51e6-00697c4e0c - 0.0098 - - 1769754124.124162197 1769754124.134001493 0
Jan 30 06:22:04 standalone object-server[127455]: 172.20.0.100 - - [30/Jan/2026:06:22:04 +0000] "GET /d1/449/AUTH_bb095502870147c682a17549ab21d6b7/gnocchi.35fa72ef-e314-4b25-9d46-2e44a3f1433c/1769040000.0_mean_300.0_v3" 200 16 "GET http://172.18.0.2:8080/v1/AUTH_bb095502870147c682a17549ab21d6b7/gnocchi.35fa72ef-e314-4b25-9d46-2e44a3f1433c/1769040000.0_mean_300.0_v3" "txfe5963fc44af4a0c9254a-00697c4e0c" "proxy-server 12" 0.0006 "-" 24 0
Jan 30 06:22:04 standalone proxy-server[129384]: 172.18.0.2 172.18.0.100 30/Jan/2026/06/22/04 GET /v1/AUTH_bb095502870147c682a17549ab21d6b7/gnocchi.35fa72ef-e314-4b25-9d46-2e44a3f1433c/1769040000.0_mean_300.0_v3 HTTP/1.0 200 - python-swiftclient-3.11.1 gAAAAABpfE2qeuGt... - 16 - txfe5963fc44af4a0c9254a-00697c4e0c - 0.0077 - - 1769754124.138568163 1769754124.146305084 0
Jan 30 06:22:04 standalone container-server[127072]: 172.20.0.100 - - [30/Jan/2026:06:22:04 +0000] "PUT /d1/660/AUTH_bb095502870147c682a17549ab21d6b7/gnocchi.35fa72ef-e314-4b25-9d46-2e44a3f1433c/1769040000.0_mean_300.0_v3" 201 - "PUT http://172.18.0.2:8080/d1/449/AUTH_bb095502870147c682a17549ab21d6b7/gnocchi.35fa72ef-e314-4b25-9d46-2e44a3f1433c/1769040000.0_mean_300.0_v3" "tx15b8f4ef457448e8995cb-00697c4e0c" "object-server 22" 0.0011 "-" 17 0
Jan 30 06:22:04 standalone object-server[127452]: 172.20.0.100 - - [30/Jan/2026:06:22:04 +0000] "PUT /d1/449/AUTH_bb095502870147c682a17549ab21d6b7/gnocchi.35fa72ef-e314-4b25-9d46-2e44a3f1433c/1769040000.0_mean_300.0_v3" 201 - "PUT http://172.18.0.2:8080/v1/AUTH_bb095502870147c682a17549ab21d6b7/gnocchi.35fa72ef-e314-4b25-9d46-2e44a3f1433c/1769040000.0_mean_300.0_v3" "tx15b8f4ef457448e8995cb-00697c4e0c" "proxy-server 12" 0.0123 "-" 22 0
Jan 30 06:22:04 standalone proxy-server[129384]: 172.18.0.2 172.18.0.100 30/Jan/2026/06/22/04 PUT /v1/AUTH_bb095502870147c682a17549ab21d6b7/gnocchi.35fa72ef-e314-4b25-9d46-2e44a3f1433c/1769040000.0_mean_300.0_v3 HTTP/1.0 201 - python-swiftclient-3.11.1 gAAAAABpfE2qeuGt... 16 - - tx15b8f4ef457448e8995cb-00697c4e0c - 0.0197 - - 1769754124.149988413 1769754124.169714928 0
Jan 30 06:22:04 standalone container-server[127072]: 172.20.0.100 - - [30/Jan/2026:06:22:04 +0000] "PUT /d1/660/AUTH_bb095502870147c682a17549ab21d6b7/gnocchi.35fa72ef-e314-4b25-9d46-2e44a3f1433c/none_v3" 201 - "PUT http://172.18.0.2:8080/d1/770/AUTH_bb095502870147c682a17549ab21d6b7/gnocchi.35fa72ef-e314-4b25-9d46-2e44a3f1433c/none_v3" "tx7540a4d337b94b6489429-00697c4e0c" "object-server 22" 0.0007 "-" 17 0
Jan 30 06:22:04 standalone object-server[127452]: 172.20.0.100 - - [30/Jan/2026:06:22:04 +0000] "PUT /d1/770/AUTH_bb095502870147c682a17549ab21d6b7/gnocchi.35fa72ef-e314-4b25-9d46-2e44a3f1433c/none_v3" 201 - "PUT http://172.18.0.2:8080/v1/AUTH_bb095502870147c682a17549ab21d6b7/gnocchi.35fa72ef-e314-4b25-9d46-2e44a3f1433c/none_v3" "tx7540a4d337b94b6489429-00697c4e0c" "proxy-server 12" 0.0112 "-" 22 0
Jan 30 06:22:04 standalone proxy-server[129384]: 172.18.0.2 172.18.0.100 30/Jan/2026/06/22/04 PUT /v1/AUTH_bb095502870147c682a17549ab21d6b7/gnocchi.35fa72ef-e314-4b25-9d46-2e44a3f1433c/none_v3 HTTP/1.0 201 - python-swiftclient-3.11.1 gAAAAABpfE2qeuGt... 33 - - tx7540a4d337b94b6489429-00697c4e0c - 0.0188 - - 1769754124.173112869 1769754124.191880465 0
Jan 30 06:22:07 standalone object-server[127451]: 172.20.0.100 - - [30/Jan/2026:06:22:07 +0000] "GET /d1/741/AUTH_bb095502870147c682a17549ab21d6b7/gnocchi.4e4921a2-2cfa-4008-ae62-b5432c6b4b73/none_v3" 200 22 "GET http://172.18.0.2:8080/v1/AUTH_bb095502870147c682a17549ab21d6b7/gnocchi.4e4921a2-2cfa-4008-ae62-b5432c6b4b73/none_v3" "tx012a616352d248d7a4270-00697c4e0f" "proxy-server 12" 0.0014 "-" 21 0
Jan 30 06:22:07 standalone proxy-server[129384]: 172.18.0.2 172.18.0.100 30/Jan/2026/06/22/07 GET /v1/AUTH_bb095502870147c682a17549ab21d6b7/gnocchi.4e4921a2-2cfa-4008-ae62-b5432c6b4b73/none_v3 HTTP/1.0 200 - python-swiftclient-3.11.1 gAAAAABpfE2qeuGt... - 22 - tx012a616352d248d7a4270-00697c4e0f - 0.0123 - - 1769754127.242894888 1769754127.255244017 0
Jan 30 06:22:07 standalone container-server[127054]: 172.20.0.100 - - [30/Jan/2026:06:22:07 +0000] "GET /d1/583/AUTH_bb095502870147c682a17549ab21d6b7/gnocchi.4e4921a2-2cfa-4008-ae62-b5432c6b4b73" 200 357 "GET http://172.18.0.2:8080/v1/AUTH_bb095502870147c682a17549ab21d6b7/gnocchi.4e4921a2-2cfa-4008-ae62-b5432c6b4b73?format=json&states=listing" "tx2c47f915d65344ffb5be3-00697c4e0f" "proxy-server 12" 0.0142 "-" 9 0
Jan 30 06:22:07 standalone proxy-server[129384]: 172.18.0.2 172.18.0.100 30/Jan/2026/06/22/07 GET /v1/AUTH_bb095502870147c682a17549ab21d6b7/gnocchi.4e4921a2-2cfa-4008-ae62-b5432c6b4b73%3Fformat%3Djson%26states%3Dlisting HTTP/1.0 200 - python-swiftclient-3.11.1 gAAAAABpfE2qeuGt... - 357 - tx2c47f915d65344ffb5be3-00697c4e0f - 0.0204 - - 1769754127.259731531 1769754127.280085802 0
Jan 30 06:22:07 standalone container-server[127059]: 172.20.0.100 - - [30/Jan/2026:06:22:07 +0000] "GET /d1/583/AUTH_bb095502870147c682a17549ab21d6b7/gnocchi.4e4921a2-2cfa-4008-ae62-b5432c6b4b73" 200 2 "GET http://172.18.0.2:8080/v1/AUTH_bb095502870147c682a17549ab21d6b7/gnocchi.4e4921a2-2cfa-4008-ae62-b5432c6b4b73?format=json&marker=none_v3&states=listing" "tx9b0afa78e8c84ab48e83b-00697c4e0f" "proxy-server 12" 0.0018 "-" 11 0
Jan 30 06:22:07 standalone proxy-server[129384]: 172.18.0.2 172.18.0.100 30/Jan/2026/06/22/07 GET /v1/AUTH_bb095502870147c682a17549ab21d6b7/gnocchi.4e4921a2-2cfa-4008-ae62-b5432c6b4b73%3Fformat%3Djson%26marker%3Dnone_v3%26states%3Dlisting HTTP/1.0 200 - python-swiftclient-3.11.1 gAAAAABpfE2qeuGt... - 2 - tx9b0afa78e8c84ab48e83b-00697c4e0f - 0.0068 - - 1769754127.284134150 1769754127.290902615 0
Jan 30 06:22:07 standalone object-server[127452]: 172.20.0.100 - - [30/Jan/2026:06:22:07 +0000] "GET /d1/488/AUTH_bb095502870147c682a17549ab21d6b7/gnocchi.4e4921a2-2cfa-4008-ae62-b5432c6b4b73/1769040000.0_mean_300.0_v3" 200 16 "GET http://172.18.0.2:8080/v1/AUTH_bb095502870147c682a17549ab21d6b7/gnocchi.4e4921a2-2cfa-4008-ae62-b5432c6b4b73/1769040000.0_mean_300.0_v3" "tx858ce8c4e9bf405c8279c-00697c4e0f" "proxy-server 12" 0.0010 "-" 22 0
Jan 30 06:22:07 standalone proxy-server[129384]: 172.18.0.2 172.18.0.100 30/Jan/2026/06/22/07 GET /v1/AUTH_bb095502870147c682a17549ab21d6b7/gnocchi.4e4921a2-2cfa-4008-ae62-b5432c6b4b73/1769040000.0_mean_300.0_v3 HTTP/1.0 200 - python-swiftclient-3.11.1 gAAAAABpfE2qeuGt... - 16 - tx858ce8c4e9bf405c8279c-00697c4e0f - 0.0066 - - 1769754127.294989109 1769754127.301542282 0
Jan 30 06:22:07 standalone container-server[127054]: 172.20.0.100 - - [30/Jan/2026:06:22:07 +0000] "PUT /d1/583/AUTH_bb095502870147c682a17549ab21d6b7/gnocchi.4e4921a2-2cfa-4008-ae62-b5432c6b4b73/1769040000.0_mean_300.0_v3" 201 - "PUT http://172.18.0.2:8080/d1/488/AUTH_bb095502870147c682a17549ab21d6b7/gnocchi.4e4921a2-2cfa-4008-ae62-b5432c6b4b73/1769040000.0_mean_300.0_v3" "tx0614060339d94f31b3e6e-00697c4e0f" "object-server 21" 0.0005 "-" 9 0
Jan 30 06:22:07 standalone object-server[127451]: 172.20.0.100 - - [30/Jan/2026:06:22:07 +0000] "PUT /d1/488/AUTH_bb095502870147c682a17549ab21d6b7/gnocchi.4e4921a2-2cfa-4008-ae62-b5432c6b4b73/1769040000.0_mean_300.0_v3" 201 - "PUT http://172.18.0.2:8080/v1/AUTH_bb095502870147c682a17549ab21d6b7/gnocchi.4e4921a2-2cfa-4008-ae62-b5432c6b4b73/1769040000.0_mean_300.0_v3" "tx0614060339d94f31b3e6e-00697c4e0f" "proxy-server 12" 0.0099 "-" 21 0
Jan 30 06:22:07 standalone proxy-server[129384]: 172.18.0.2 172.18.0.100 30/Jan/2026/06/22/07 PUT /v1/AUTH_bb095502870147c682a17549ab21d6b7/gnocchi.4e4921a2-2cfa-4008-ae62-b5432c6b4b73/1769040000.0_mean_300.0_v3 HTTP/1.0 201 - python-swiftclient-3.11.1 gAAAAABpfE2qeuGt... 16 - - tx0614060339d94f31b3e6e-00697c4e0f - 0.0144 - - 1769754127.305912971 1769754127.320275307 0
Jan 30 06:22:07 standalone container-server[127072]: 172.20.0.100 - - [30/Jan/2026:06:22:07 +0000] "PUT /d1/583/AUTH_bb095502870147c682a17549ab21d6b7/gnocchi.4e4921a2-2cfa-4008-ae62-b5432c6b4b73/none_v3" 201 - "PUT http://172.18.0.2:8080/d1/741/AUTH_bb095502870147c682a17549ab21d6b7/gnocchi.4e4921a2-2cfa-4008-ae62-b5432c6b4b73/none_v3" "tx0774b3aa358e4cab92c60-00697c4e0f" "object-server 22" 0.0007 "-" 17 0
Jan 30 06:22:07 standalone object-server[127452]: 172.20.0.100 - - [30/Jan/2026:06:22:07 +0000] "PUT /d1/741/AUTH_bb095502870147c682a17549ab21d6b7/gnocchi.4e4921a2-2cfa-4008-ae62-b5432c6b4b73/none_v3" 201 - "PUT http://172.18.0.2:8080/v1/AUTH_bb095502870147c682a17549ab21d6b7/gnocchi.4e4921a2-2cfa-4008-ae62-b5432c6b4b73/none_v3" "tx0774b3aa358e4cab92c60-00697c4e0f" "proxy-server 12" 0.0103 "-" 22 0
Jan 30 06:22:07 standalone proxy-server[129384]: 172.18.0.2 172.18.0.100 30/Jan/2026/06/22/07 PUT /v1/AUTH_bb095502870147c682a17549ab21d6b7/gnocchi.4e4921a2-2cfa-4008-ae62-b5432c6b4b73/none_v3 HTTP/1.0 201 - python-swiftclient-3.11.1 gAAAAABpfE2qeuGt... 31 - - tx0774b3aa358e4cab92c60-00697c4e0f - 0.0148 - - 1769754127.323624372 1769754127.338432074 0
Jan 30 06:22:10 standalone account-server[127301]: 172.20.0.100 - - [30/Jan/2026:06:22:10 +0000] "HEAD /d1/713/.expiring_objects" 404 - "HEAD http://localhost/v1/.expiring_objects?format=json" "tx19d8d06db6bc4870a44b4-00697c4e12" "proxy-server 2" 0.0007 "-" 23 -
Jan 30 06:22:10 standalone object-expirer[127286]: Pass completed in 0s; 0 objects expired (txn: tx19d8d06db6bc4870a44b4-00697c4e12)
Jan 30 06:22:18 standalone container-server[127059]: 172.20.0.100 - - [30/Jan/2026:06:22:18 +0000] "HEAD /d1/130/AUTH_bb095502870147c682a17549ab21d6b7/gnocchi.43983267-def3-4aaa-9672-255d1fbab431" 404 - "HEAD http://172.18.0.2:8080/v1/AUTH_bb095502870147c682a17549ab21d6b7/gnocchi.43983267-def3-4aaa-9672-255d1fbab431?format=json&states=listing" "tx0f7a5943cd4f4668b850a-00697c4e1a" "proxy-server 12" 0.0005 "-" 11 0
Jan 30 06:22:18 standalone object-server[127453]: 172.20.0.100 - - [30/Jan/2026:06:22:18 +0000] "GET /d1/0/AUTH_bb095502870147c682a17549ab21d6b7/gnocchi.43983267-def3-4aaa-9672-255d1fbab431/none_v3" 404 70 "GET http://172.18.0.2:8080/v1/AUTH_bb095502870147c682a17549ab21d6b7/gnocchi.43983267-def3-4aaa-9672-255d1fbab431/none_v3" "tx0f7a5943cd4f4668b850a-00697c4e1a" "proxy-server 12" 0.0005 "-" 23 0
Jan 30 06:22:18 standalone proxy-server[129384]: 172.18.0.2 172.18.0.100 30/Jan/2026/06/22/18 GET /v1/AUTH_bb095502870147c682a17549ab21d6b7/gnocchi.43983267-def3-4aaa-9672-255d1fbab431/none_v3 HTTP/1.0 404 - python-swiftclient-3.11.1 gAAAAABpfE2qeuGt... - 70 - tx0f7a5943cd4f4668b850a-00697c4e1a - 0.0092 - - 1769754138.466722965 1769754138.475940466 0
Jan 30 06:22:18 standalone account-server[127300]: 172.20.0.100 - - [30/Jan/2026:06:22:18 +0000] "PUT /d1/762/AUTH_bb095502870147c682a17549ab21d6b7/gnocchi.43983267-def3-4aaa-9672-255d1fbab431" 201 - "PUT http://172.20.0.100:6001/d1/130/AUTH_bb095502870147c682a17549ab21d6b7/gnocchi.43983267-def3-4aaa-9672-255d1fbab431" "tx0c064c733089430e892ed-00697c4e1a" "container-server 9" 0.0073 "-" 22 0
Jan 30 06:22:18 standalone container-server[127054]: 172.20.0.100 - - [30/Jan/2026:06:22:18 +0000] "PUT /d1/130/AUTH_bb095502870147c682a17549ab21d6b7/gnocchi.43983267-def3-4aaa-9672-255d1fbab431" 201 - "PUT http://172.18.0.2:8080/v1/AUTH_bb095502870147c682a17549ab21d6b7/gnocchi.43983267-def3-4aaa-9672-255d1fbab431" "tx0c064c733089430e892ed-00697c4e1a" "proxy-server 12" 0.0177 "-" 9 0
Jan 30 06:22:18 standalone proxy-server[129384]: 172.18.0.2 172.18.0.100 30/Jan/2026/06/22/18 PUT /v1/AUTH_bb095502870147c682a17549ab21d6b7/gnocchi.43983267-def3-4aaa-9672-255d1fbab431 HTTP/1.0 201 - python-swiftclient-3.11.1 gAAAAABpfE2qeuGt... - - - tx0c064c733089430e892ed-00697c4e1a - 0.0220 - - 1769754138.478942633 1769754138.500951529 0
Jan 30 06:22:18 standalone container-server[127054]: 172.20.0.100 - - [30/Jan/2026:06:22:18 +0000] "HEAD /d1/130/AUTH_bb095502870147c682a17549ab21d6b7/gnocchi.43983267-def3-4aaa-9672-255d1fbab431" 204 - "HEAD http://172.18.0.2:8080/v1/AUTH_bb095502870147c682a17549ab21d6b7/gnocchi.43983267-def3-4aaa-9672-255d1fbab431?format=json&states=listing" "txe5f949a971b54a5abfc28-00697c4e1a" "proxy-server 12" 0.0010 "-" 9 0
Jan 30 06:22:18 standalone proxy-server[129384]: - - 30/Jan/2026/06/22/18 HEAD /v1/AUTH_bb095502870147c682a17549ab21d6b7/gnocchi.43983267-def3-4aaa-9672-255d1fbab431%3Fformat%3Djson%26states%3Dlisting HTTP/1.0 204 - Swift - - - - txe5f949a971b54a5abfc28-00697c4e1a - 0.0035 RL - 1769754138.505676746 1769754138.509135962 0
Jan 30 06:22:18 standalone container-server[127067]: 172.20.0.100 - - [30/Jan/2026:06:22:18 +0000] "GET /d1/130/AUTH_bb095502870147c682a17549ab21d6b7/gnocchi.43983267-def3-4aaa-9672-255d1fbab431" 200 2 "GET http://172.18.0.2:8080/v1/AUTH_bb095502870147c682a17549ab21d6b7/gnocchi.43983267-def3-4aaa-9672-255d1fbab431?format=json&states=listing" "txe5f949a971b54a5abfc28-00697c4e1a" "proxy-server 12" 0.0037 "-" 14 0
Jan 30 06:22:18 standalone proxy-server[129384]: 172.18.0.2 172.18.0.100 30/Jan/2026/06/22/18 GET /v1/AUTH_bb095502870147c682a17549ab21d6b7/gnocchi.43983267-def3-4aaa-9672-255d1fbab431%3Fformat%3Djson%26states%3Dlisting HTTP/1.0 200 - python-swiftclient-3.11.1 gAAAAABpfE2qeuGt... - 2 - txe5f949a971b54a5abfc28-00697c4e1a - 0.0132 - - 1769754138.504860401 1769754138.518027067 0
Jan 30 06:22:18 standalone object-server[127452]: 172.20.0.100 - - [30/Jan/2026:06:22:18 +0000] "GET /d1/513/AUTH_bb095502870147c682a17549ab21d6b7/gnocchi.43983267-def3-4aaa-9672-255d1fbab431/1769040000.0_mean_300.0_v3" 404 70 "GET http://172.18.0.2:8080/v1/AUTH_bb095502870147c682a17549ab21d6b7/gnocchi.43983267-def3-4aaa-9672-255d1fbab431/1769040000.0_mean_300.0_v3" "txae20ad7b2cc140e4a21c2-00697c4e1a" "proxy-server 12" 0.0005 "-" 22 0
Jan 30 06:22:18 standalone proxy-server[129384]: 172.18.0.2 172.18.0.100 30/Jan/2026/06/22/18 GET /v1/AUTH_bb095502870147c682a17549ab21d6b7/gnocchi.43983267-def3-4aaa-9672-255d1fbab431/1769040000.0_mean_300.0_v3 HTTP/1.0 404 - python-swiftclient-3.11.1 gAAAAABpfE2qeuGt... - 70 - txae20ad7b2cc140e4a21c2-00697c4e1a - 0.0050 - - 1769754138.522381306 1769754138.527394295 0
Jan 30 06:22:18 standalone container-server[127054]: 172.20.0.100 - - [30/Jan/2026:06:22:18 +0000] "PUT /d1/130/AUTH_bb095502870147c682a17549ab21d6b7/gnocchi.43983267-def3-4aaa-9672-255d1fbab431/1769040000.0_mean_300.0_v3" 201 - "PUT http://172.18.0.2:8080/d1/513/AUTH_bb095502870147c682a17549ab21d6b7/gnocchi.43983267-def3-4aaa-9672-255d1fbab431/1769040000.0_mean_300.0_v3" "tx89059a8d84c148e6831bc-00697c4e1a" "object-server 23" 0.0005 "-" 9 0
Jan 30 06:22:18 standalone object-server[127453]: 172.20.0.100 - - [30/Jan/2026:06:22:18 +0000] "PUT /d1/513/AUTH_bb095502870147c682a17549ab21d6b7/gnocchi.43983267-def3-4aaa-9672-255d1fbab431/1769040000.0_mean_300.0_v3" 201 - "PUT http://172.18.0.2:8080/v1/AUTH_bb095502870147c682a17549ab21d6b7/gnocchi.43983267-def3-4aaa-9672-255d1fbab431/1769040000.0_mean_300.0_v3" "tx89059a8d84c148e6831bc-00697c4e1a" "proxy-server 12" 0.0100 "-" 23 0
Jan 30 06:22:18 standalone proxy-server[129384]: 172.18.0.2 172.18.0.100 30/Jan/2026/06/22/18 PUT /v1/AUTH_bb095502870147c682a17549ab21d6b7/gnocchi.43983267-def3-4aaa-9672-255d1fbab431/1769040000.0_mean_300.0_v3 HTTP/1.0 201 - python-swiftclient-3.11.1 gAAAAABpfE2qeuGt... 16 - - tx89059a8d84c148e6831bc-00697c4e1a - 0.0141 - - 1769754138.530831337 1769754138.544958115 0
Jan 30 06:22:18 standalone container-server[127067]: 172.20.0.100 - - [30/Jan/2026:06:22:18 +0000] "PUT /d1/130/AUTH_bb095502870147c682a17549ab21d6b7/gnocchi.43983267-def3-4aaa-9672-255d1fbab431/none_v3" 201 - "PUT http://172.18.0.2:8080/d1/0/AUTH_bb095502870147c682a17549ab21d6b7/gnocchi.43983267-def3-4aaa-9672-255d1fbab431/none_v3" "tx8e6c64f9e9d34c20a0b58-00697c4e1a" "object-server 22" 0.0007 "-" 14 0
Jan 30 06:22:18 standalone object-server[127452]: 172.20.0.100 - - [30/Jan/2026:06:22:18 +0000] "PUT /d1/0/AUTH_bb095502870147c682a17549ab21d6b7/gnocchi.43983267-def3-4aaa-9672-255d1fbab431/none_v3" 201 - "PUT http://172.18.0.2:8080/v1/AUTH_bb095502870147c682a17549ab21d6b7/gnocchi.43983267-def3-4aaa-9672-255d1fbab431/none_v3" "tx8e6c64f9e9d34c20a0b58-00697c4e1a" "proxy-server 12" 0.0114 "-" 22 0
Jan 30 06:22:18 standalone proxy-server[129384]: 172.18.0.2 172.18.0.100 30/Jan/2026/06/22/18 PUT /v1/AUTH_bb095502870147c682a17549ab21d6b7/gnocchi.43983267-def3-4aaa-9672-255d1fbab431/none_v3 HTTP/1.0 201 - python-swiftclient-3.11.1 gAAAAABpfE2qeuGt... 22 - - tx8e6c64f9e9d34c20a0b58-00697c4e1a - 0.0182 - - 1769754138.548939705 1769754138.567096949 0
Jan 30 06:22:18 standalone object-server[127453]: 172.20.0.100 - - [30/Jan/2026:06:22:18 +0000] "GET /d1/0/AUTH_bb095502870147c682a17549ab21d6b7/gnocchi.43983267-def3-4aaa-9672-255d1fbab431/none_v3" 200 22 "GET http://172.18.0.2:8080/v1/AUTH_bb095502870147c682a17549ab21d6b7/gnocchi.43983267-def3-4aaa-9672-255d1fbab431/none_v3" "txf37aa51b4bec4f3f9d679-00697c4e1a" "proxy-server 12" 0.0009 "-" 23 0
Jan 30 06:22:18 standalone proxy-server[129384]: 172.18.0.2 172.18.0.100 30/Jan/2026/06/22/18 GET /v1/AUTH_bb095502870147c682a17549ab21d6b7/gnocchi.43983267-def3-4aaa-9672-255d1fbab431/none_v3 HTTP/1.0 200 - python-swiftclient-3.11.1 gAAAAABpfE2qeuGt... - 22 - txf37aa51b4bec4f3f9d679-00697c4e1a - 0.0086 - - 1769754138.906466484 1769754138.915095806 0
