Jan 30 06:22:46 standalone proxy-server[129384]: 172.18.0.2 172.18.0.100 30/Jan/2026/06/22/46 GET /v1/AUTH_bb095502870147c682a17549ab21d6b7/gnocchi.18b06c08-970a-4546-ab05-df72adb1df09/1769040000.0_mean_300.0_v3 HTTP/1.0 404 - python-swiftclient-3.11.1 gAAAAABpfE2qeuGt... - 70 - tx02671d18ef9a4d56a3a2a-00697c4e36 - 0.0070 - - 1769754166.032310247 1769754166.039294004 0
Jan 30 06:22:46 standalone container-server[127059]: 172.20.0.100 - - [30/Jan/2026:06:22:46 +0000] "PUT /d1/288/AUTH_bb095502870147c682a17549ab21d6b7/gnocchi.18b06c08-970a-4546-ab05-df72adb1df09/1769040000.0_mean_300.0_v3" 201 - "PUT http://172.18.0.2:8080/d1/256/AUTH_bb095502870147c682a17549ab21d6b7/gnocchi.18b06c08-970a-4546-ab05-df72adb1df09/1769040000.0_mean_300.0_v3" "tx28745d1516dc48b88b283-00697c4e36" "object-server 24" 0.0005 "-" 11 0
Jan 30 06:22:46 standalone object-server[127455]: 172.20.0.100 - - [30/Jan/2026:06:22:46 +0000] "PUT /d1/256/AUTH_bb095502870147c682a17549ab21d6b7/gnocchi.18b06c08-970a-4546-ab05-df72adb1df09/1769040000.0_mean_300.0_v3" 201 - "PUT http://172.18.0.2:8080/v1/AUTH_bb095502870147c682a17549ab21d6b7/gnocchi.18b06c08-970a-4546-ab05-df72adb1df09/1769040000.0_mean_300.0_v3" "tx28745d1516dc48b88b283-00697c4e36" "proxy-server 12" 0.0129 "-" 24 0
Jan 30 06:22:46 standalone proxy-server[129384]: 172.18.0.2 172.18.0.100 30/Jan/2026/06/22/46 PUT /v1/AUTH_bb095502870147c682a17549ab21d6b7/gnocchi.18b06c08-970a-4546-ab05-df72adb1df09/1769040000.0_mean_300.0_v3 HTTP/1.0 201 - python-swiftclient-3.11.1 gAAAAABpfE2qeuGt... 16 - - tx28745d1516dc48b88b283-00697c4e36 - 0.0200 - - 1769754166.045720339 1769754166.065764666 0
Jan 30 06:22:46 standalone container-server[127059]: 172.20.0.100 - - [30/Jan/2026:06:22:46 +0000] "PUT /d1/288/AUTH_bb095502870147c682a17549ab21d6b7/gnocchi.18b06c08-970a-4546-ab05-df72adb1df09/none_v3" 201 - "PUT http://172.18.0.2:8080/d1/545/AUTH_bb095502870147c682a17549ab21d6b7/gnocchi.18b06c08-970a-4546-ab05-df72adb1df09/none_v3" "txf0d52b0a05c8436da27d7-00697c4e36" "object-server 24" 0.0006 "-" 11 0
Jan 30 06:22:46 standalone object-server[127455]: 172.20.0.100 - - [30/Jan/2026:06:22:46 +0000] "PUT /d1/545/AUTH_bb095502870147c682a17549ab21d6b7/gnocchi.18b06c08-970a-4546-ab05-df72adb1df09/none_v3" 201 - "PUT http://172.18.0.2:8080/v1/AUTH_bb095502870147c682a17549ab21d6b7/gnocchi.18b06c08-970a-4546-ab05-df72adb1df09/none_v3" "txf0d52b0a05c8436da27d7-00697c4e36" "proxy-server 12" 0.0133 "-" 24 0
Jan 30 06:22:46 standalone proxy-server[129384]: 172.18.0.2 172.18.0.100 30/Jan/2026/06/22/46 PUT /v1/AUTH_bb095502870147c682a17549ab21d6b7/gnocchi.18b06c08-970a-4546-ab05-df72adb1df09/none_v3 HTTP/1.0 201 - python-swiftclient-3.11.1 gAAAAABpfE2qeuGt... 22 - - txf0d52b0a05c8436da27d7-00697c4e36 - 0.0205 - - 1769754166.070105314 1769754166.090579271 0
Jan 30 06:22:46 standalone container-server[127072]: 172.20.0.100 - - [30/Jan/2026:06:22:46 +0000] "HEAD /d1/912/AUTH_bb095502870147c682a17549ab21d6b7/gnocchi.6b45d635-a942-44a2-bd54-425f1d413ad1" 404 - "HEAD http://172.18.0.2:8080/v1/AUTH_bb095502870147c682a17549ab21d6b7/gnocchi.6b45d635-a942-44a2-bd54-425f1d413ad1?format=json&states=listing" "txdb2e1b5638c046d78d0f2-00697c4e36" "proxy-server 12" 0.0004 "-" 17 0
Jan 30 06:22:46 standalone object-server[127453]: 172.20.0.100 - - [30/Jan/2026:06:22:46 +0000] "GET /d1/950/AUTH_bb095502870147c682a17549ab21d6b7/gnocchi.6b45d635-a942-44a2-bd54-425f1d413ad1/none_v3" 404 70 "GET http://172.18.0.2:8080/v1/AUTH_bb095502870147c682a17549ab21d6b7/gnocchi.6b45d635-a942-44a2-bd54-425f1d413ad1/none_v3" "txdb2e1b5638c046d78d0f2-00697c4e36" "proxy-server 12" 0.0004 "-" 23 0
Jan 30 06:22:46 standalone proxy-server[129384]: 172.18.0.2 172.18.0.100 30/Jan/2026/06/22/46 GET /v1/AUTH_bb095502870147c682a17549ab21d6b7/gnocchi.6b45d635-a942-44a2-bd54-425f1d413ad1/none_v3 HTTP/1.0 404 - python-swiftclient-3.11.1 gAAAAABpfE2qeuGt... - 70 - txdb2e1b5638c046d78d0f2-00697c4e36 - 0.0094 - - 1769754166.111867666 1769754166.121221066 0
Jan 30 06:22:46 standalone account-server[127295]: 172.20.0.100 - - [30/Jan/2026:06:22:46 +0000] "PUT /d1/762/AUTH_bb095502870147c682a17549ab21d6b7/gnocchi.6b45d635-a942-44a2-bd54-425f1d413ad1" 201 - "PUT http://172.20.0.100:6001/d1/912/AUTH_bb095502870147c682a17549ab21d6b7/gnocchi.6b45d635-a942-44a2-bd54-425f1d413ad1" "tx70f8dc0343a54a6ca83db-00697c4e36" "container-server 17" 0.0043 "-" 21 0
Jan 30 06:22:46 standalone container-server[127072]: 172.20.0.100 - - [30/Jan/2026:06:22:46 +0000] "PUT /d1/912/AUTH_bb095502870147c682a17549ab21d6b7/gnocchi.6b45d635-a942-44a2-bd54-425f1d413ad1" 201 - "PUT http://172.18.0.2:8080/v1/AUTH_bb095502870147c682a17549ab21d6b7/gnocchi.6b45d635-a942-44a2-bd54-425f1d413ad1" "tx70f8dc0343a54a6ca83db-00697c4e36" "proxy-server 12" 0.0121 "-" 17 0
Jan 30 06:22:46 standalone proxy-server[129384]: 172.18.0.2 172.18.0.100 30/Jan/2026/06/22/46 PUT /v1/AUTH_bb095502870147c682a17549ab21d6b7/gnocchi.6b45d635-a942-44a2-bd54-425f1d413ad1 HTTP/1.0 201 - python-swiftclient-3.11.1 gAAAAABpfE2qeuGt... - - - tx70f8dc0343a54a6ca83db-00697c4e36 - 0.0158 - - 1769754166.127840042 1769754166.143622398 0
Jan 30 06:22:46 standalone container-server[127054]: 172.20.0.100 - - [30/Jan/2026:06:22:46 +0000] "HEAD /d1/912/AUTH_bb095502870147c682a17549ab21d6b7/gnocchi.6b45d635-a942-44a2-bd54-425f1d413ad1" 204 - "HEAD http://172.18.0.2:8080/v1/AUTH_bb095502870147c682a17549ab21d6b7/gnocchi.6b45d635-a942-44a2-bd54-425f1d413ad1?format=json&states=listing" "tx9dd5d73392e44bed829ae-00697c4e36" "proxy-server 12" 0.0011 "-" 9 0
Jan 30 06:22:46 standalone proxy-server[129384]: - - 30/Jan/2026/06/22/46 HEAD /v1/AUTH_bb095502870147c682a17549ab21d6b7/gnocchi.6b45d635-a942-44a2-bd54-425f1d413ad1%3Fformat%3Djson%26states%3Dlisting HTTP/1.0 204 - Swift - - - - tx9dd5d73392e44bed829ae-00697c4e36 - 0.0043 RL - 1769754166.149065256 1769754166.153343439 0
Jan 30 06:22:46 standalone container-server[127067]: 172.20.0.100 - - [30/Jan/2026:06:22:46 +0000] "GET /d1/912/AUTH_bb095502870147c682a17549ab21d6b7/gnocchi.6b45d635-a942-44a2-bd54-425f1d413ad1" 200 2 "GET http://172.18.0.2:8080/v1/AUTH_bb095502870147c682a17549ab21d6b7/gnocchi.6b45d635-a942-44a2-bd54-425f1d413ad1?format=json&states=listing" "tx9dd5d73392e44bed829ae-00697c4e36" "proxy-server 12" 0.0018 "-" 14 0
Jan 30 06:22:46 standalone proxy-server[129384]: 172.18.0.2 172.18.0.100 30/Jan/2026/06/22/46 GET /v1/AUTH_bb095502870147c682a17549ab21d6b7/gnocchi.6b45d635-a942-44a2-bd54-425f1d413ad1%3Fformat%3Djson%26states%3Dlisting HTTP/1.0 200 - python-swiftclient-3.11.1 gAAAAABpfE2qeuGt... - 2 - tx9dd5d73392e44bed829ae-00697c4e36 - 0.0134 - - 1769754166.148089647 1769754166.161484241 0
Jan 30 06:22:46 standalone object-server[127451]: 172.20.0.100 - - [30/Jan/2026:06:22:46 +0000] "GET /d1/545/AUTH_bb095502870147c682a17549ab21d6b7/gnocchi.6b45d635-a942-44a2-bd54-425f1d413ad1/1769040000.0_mean_300.0_v3" 404 70 "GET http://172.18.0.2:8080/v1/AUTH_bb095502870147c682a17549ab21d6b7/gnocchi.6b45d635-a942-44a2-bd54-425f1d413ad1/1769040000.0_mean_300.0_v3" "tx01930dda339e4b9882d37-00697c4e36" "proxy-server 12" 0.0003 "-" 21 0
Jan 30 06:22:46 standalone proxy-server[129384]: 172.18.0.2 172.18.0.100 30/Jan/2026/06/22/46 GET /v1/AUTH_bb095502870147c682a17549ab21d6b7/gnocchi.6b45d635-a942-44a2-bd54-425f1d413ad1/1769040000.0_mean_300.0_v3 HTTP/1.0 404 - python-swiftclient-3.11.1 gAAAAABpfE2qeuGt... - 70 - tx01930dda339e4b9882d37-00697c4e36 - 0.0056 - - 1769754166.167142391 1769754166.172743320 0
Jan 30 06:22:46 standalone container-server[127059]: 172.20.0.100 - - [30/Jan/2026:06:22:46 +0000] "PUT /d1/912/AUTH_bb095502870147c682a17549ab21d6b7/gnocchi.6b45d635-a942-44a2-bd54-425f1d413ad1/1769040000.0_mean_300.0_v3" 201 - "PUT http://172.18.0.2:8080/d1/545/AUTH_bb095502870147c682a17549ab21d6b7/gnocchi.6b45d635-a942-44a2-bd54-425f1d413ad1/1769040000.0_mean_300.0_v3" "tx6bb5974e4d574b089979c-00697c4e36" "object-server 23" 0.0008 "-" 11 0
Jan 30 06:22:46 standalone object-server[127453]: 172.20.0.100 - - [30/Jan/2026:06:22:46 +0000] "PUT /d1/545/AUTH_bb095502870147c682a17549ab21d6b7/gnocchi.6b45d635-a942-44a2-bd54-425f1d413ad1/1769040000.0_mean_300.0_v3" 201 - "PUT http://172.18.0.2:8080/v1/AUTH_bb095502870147c682a17549ab21d6b7/gnocchi.6b45d635-a942-44a2-bd54-425f1d413ad1/1769040000.0_mean_300.0_v3" "tx6bb5974e4d574b089979c-00697c4e36" "proxy-server 12" 0.0111 "-" 23 0
Jan 30 06:22:46 standalone proxy-server[129384]: 172.18.0.2 172.18.0.100 30/Jan/2026/06/22/46 PUT /v1/AUTH_bb095502870147c682a17549ab21d6b7/gnocchi.6b45d635-a942-44a2-bd54-425f1d413ad1/1769040000.0_mean_300.0_v3 HTTP/1.0 201 - python-swiftclient-3.11.1 gAAAAABpfE2qeuGt... 16 - - tx6bb5974e4d574b089979c-00697c4e36 - 0.0171 - - 1769754166.177789688 1769754166.194915056 0
Jan 30 06:22:46 standalone container-server[127054]: 172.20.0.100 - - [30/Jan/2026:06:22:46 +0000] "PUT /d1/912/AUTH_bb095502870147c682a17549ab21d6b7/gnocchi.6b45d635-a942-44a2-bd54-425f1d413ad1/none_v3" 201 - "PUT http://172.18.0.2:8080/d1/950/AUTH_bb095502870147c682a17549ab21d6b7/gnocchi.6b45d635-a942-44a2-bd54-425f1d413ad1/none_v3" "txa9ceb1fe3e4c4cbfa78fd-00697c4e36" "object-server 22" 0.0007 "-" 9 0
Jan 30 06:22:46 standalone object-server[127452]: 172.20.0.100 - - [30/Jan/2026:06:22:46 +0000] "PUT /d1/950/AUTH_bb095502870147c682a17549ab21d6b7/gnocchi.6b45d635-a942-44a2-bd54-425f1d413ad1/none_v3" 201 - "PUT http://172.18.0.2:8080/v1/AUTH_bb095502870147c682a17549ab21d6b7/gnocchi.6b45d635-a942-44a2-bd54-425f1d413ad1/none_v3" "txa9ceb1fe3e4c4cbfa78fd-00697c4e36" "proxy-server 12" 0.0093 "-" 22 0
Jan 30 06:22:46 standalone proxy-server[129384]: 172.18.0.2 172.18.0.100 30/Jan/2026/06/22/46 PUT /v1/AUTH_bb095502870147c682a17549ab21d6b7/gnocchi.6b45d635-a942-44a2-bd54-425f1d413ad1/none_v3 HTTP/1.0 201 - python-swiftclient-3.11.1 gAAAAABpfE2qeuGt... 22 - - txa9ceb1fe3e4c4cbfa78fd-00697c4e36 - 0.0156 - - 1769754166.199102163 1769754166.214727879 0
Jan 30 06:22:51 standalone container-server[127054]: 172.20.0.100 - - [30/Jan/2026:06:22:51 +0000] "HEAD /d1/768/AUTH_bb095502870147c682a17549ab21d6b7/gnocchi.88e042b9-1953-411c-9fdd-74597c597b16" 404 - "HEAD http://172.18.0.2:8080/v1/AUTH_bb095502870147c682a17549ab21d6b7/gnocchi.88e042b9-1953-411c-9fdd-74597c597b16?format=json&states=listing" "txe3425adf18ba48c6a223a-00697c4e3b" "proxy-server 12" 0.0006 "-" 9 0
Jan 30 06:22:51 standalone object-server[127453]: 172.20.0.100 - - [30/Jan/2026:06:22:51 +0000] "GET /d1/1004/AUTH_bb095502870147c682a17549ab21d6b7/gnocchi.88e042b9-1953-411c-9fdd-74597c597b16/none_v3" 404 70 "GET http://172.18.0.2:8080/v1/AUTH_bb095502870147c682a17549ab21d6b7/gnocchi.88e042b9-1953-411c-9fdd-74597c597b16/none_v3" "txe3425adf18ba48c6a223a-00697c4e3b" "proxy-server 12" 0.0007 "-" 23 0
Jan 30 06:22:51 standalone proxy-server[129384]: 172.18.0.2 172.18.0.100 30/Jan/2026/06/22/51 GET /v1/AUTH_bb095502870147c682a17549ab21d6b7/gnocchi.88e042b9-1953-411c-9fdd-74597c597b16/none_v3 HTTP/1.0 404 - python-swiftclient-3.11.1 gAAAAABpfE2qeuGt... - 70 - txe3425adf18ba48c6a223a-00697c4e3b - 0.0231 - - 1769754171.518058300 1769754171.541165829 0
Jan 30 06:22:51 standalone account-server[127285]: 172.20.0.100 - - [30/Jan/2026:06:22:51 +0000] "PUT /d1/762/AUTH_bb095502870147c682a17549ab21d6b7/gnocchi.88e042b9-1953-411c-9fdd-74597c597b16" 201 - "PUT http://172.20.0.100:6001/d1/768/AUTH_bb095502870147c682a17549ab21d6b7/gnocchi.88e042b9-1953-411c-9fdd-74597c597b16" "txaa82a7a52e9e4d03b76f2-00697c4e3b" "container-server 14" 0.0110 "-" 20 0
Jan 30 06:22:51 standalone container-server[127067]: 172.20.0.100 - - [30/Jan/2026:06:22:51 +0000] "PUT /d1/768/AUTH_bb095502870147c682a17549ab21d6b7/gnocchi.88e042b9-1953-411c-9fdd-74597c597b16" 201 - "PUT http://172.18.0.2:8080/v1/AUTH_bb095502870147c682a17549ab21d6b7/gnocchi.88e042b9-1953-411c-9fdd-74597c597b16" "txaa82a7a52e9e4d03b76f2-00697c4e3b" "proxy-server 12" 0.0233 "-" 14 0
Jan 30 06:22:51 standalone proxy-server[129384]: 172.18.0.2 172.18.0.100 30/Jan/2026/06/22/51 PUT /v1/AUTH_bb095502870147c682a17549ab21d6b7/gnocchi.88e042b9-1953-411c-9fdd-74597c597b16 HTTP/1.0 201 - python-swiftclient-3.11.1 gAAAAABpfE2qeuGt... - - - txaa82a7a52e9e4d03b76f2-00697c4e3b - 0.0280 - - 1769754171.544022799 1769754171.572036505 0
Jan 30 06:22:51 standalone container-server[127072]: 172.20.0.100 - - [30/Jan/2026:06:22:51 +0000] "HEAD /d1/768/AUTH_bb095502870147c682a17549ab21d6b7/gnocchi.88e042b9-1953-411c-9fdd-74597c597b16" 204 - "HEAD http://172.18.0.2:8080/v1/AUTH_bb095502870147c682a17549ab21d6b7/gnocchi.88e042b9-1953-411c-9fdd-74597c597b16?format=json&states=listing" "tx9b8bd1204e4b4d14a2436-00697c4e3b" "proxy-server 12" 0.0023 "-" 17 0
Jan 30 06:22:51 standalone proxy-server[129384]: - - 30/Jan/2026/06/22/51 HEAD /v1/AUTH_bb095502870147c682a17549ab21d6b7/gnocchi.88e042b9-1953-411c-9fdd-74597c597b16%3Fformat%3Djson%26states%3Dlisting HTTP/1.0 204 - Swift - - - - tx9b8bd1204e4b4d14a2436-00697c4e3b - 0.0062 RL - 1769754171.575991631 1769754171.582237959 0
Jan 30 06:22:51 standalone container-server[127059]: 172.20.0.100 - - [30/Jan/2026:06:22:51 +0000] "GET /d1/768/AUTH_bb095502870147c682a17549ab21d6b7/gnocchi.88e042b9-1953-411c-9fdd-74597c597b16" 200 2 "GET http://172.18.0.2:8080/v1/AUTH_bb095502870147c682a17549ab21d6b7/gnocchi.88e042b9-1953-411c-9fdd-74597c597b16?format=json&states=listing" "tx9b8bd1204e4b4d14a2436-00697c4e3b" "proxy-server 12" 0.0025 "-" 11 0
Jan 30 06:22:51 standalone proxy-server[129384]: 172.18.0.2 172.18.0.100 30/Jan/2026/06/22/51 GET /v1/AUTH_bb095502870147c682a17549ab21d6b7/gnocchi.88e042b9-1953-411c-9fdd-74597c597b16%3Fformat%3Djson%26states%3Dlisting HTTP/1.0 200 - python-swiftclient-3.11.1 gAAAAABpfE2qeuGt... - 2 - tx9b8bd1204e4b4d14a2436-00697c4e3b - 0.0139 - - 1769754171.575163126 1769754171.589013815 0
Jan 30 06:22:51 standalone object-server[127455]: 172.20.0.100 - - [30/Jan/2026:06:22:51 +0000] "GET /d1/267/AUTH_bb095502870147c682a17549ab21d6b7/gnocchi.88e042b9-1953-411c-9fdd-74597c597b16/1769040000.0_mean_300.0_v3" 404 70 "GET http://172.18.0.2:8080/v1/AUTH_bb095502870147c682a17549ab21d6b7/gnocchi.88e042b9-1953-411c-9fdd-74597c597b16/1769040000.0_mean_300.0_v3" "txd939b509ae6a4980af294-00697c4e3b" "proxy-server 12" 0.0005 "-" 24 0
Jan 30 06:22:51 standalone proxy-server[129384]: 172.18.0.2 172.18.0.100 30/Jan/2026/06/22/51 GET /v1/AUTH_bb095502870147c682a17549ab21d6b7/gnocchi.88e042b9-1953-411c-9fdd-74597c597b16/1769040000.0_mean_300.0_v3 HTTP/1.0 404 - python-swiftclient-3.11.1 gAAAAABpfE2qeuGt... - 70 - txd939b509ae6a4980af294-00697c4e3b - 0.0042 - - 1769754171.591469288 1769754171.595655918 0
Jan 30 06:22:51 standalone container-server[127059]: 172.20.0.100 - - [30/Jan/2026:06:22:51 +0000] "PUT /d1/768/AUTH_bb095502870147c682a17549ab21d6b7/gnocchi.88e042b9-1953-411c-9fdd-74597c597b16/1769040000.0_mean_300.0_v3" 201 - "PUT http://172.18.0.2:8080/d1/267/AUTH_bb095502870147c682a17549ab21d6b7/gnocchi.88e042b9-1953-411c-9fdd-74597c597b16/1769040000.0_mean_300.0_v3" "txb8d46b8844a44865a20e7-00697c4e3b" "object-server 23" 0.0005 "-" 11 0
Jan 30 06:22:51 standalone object-server[127453]: 172.20.0.100 - - [30/Jan/2026:06:22:51 +0000] "PUT /d1/267/AUTH_bb095502870147c682a17549ab21d6b7/gnocchi.88e042b9-1953-411c-9fdd-74597c597b16/1769040000.0_mean_300.0_v3" 201 - "PUT http://172.18.0.2:8080/v1/AUTH_bb095502870147c682a17549ab21d6b7/gnocchi.88e042b9-1953-411c-9fdd-74597c597b16/1769040000.0_mean_300.0_v3" "txb8d46b8844a44865a20e7-00697c4e3b" "proxy-server 12" 0.0116 "-" 23 0
Jan 30 06:22:51 standalone proxy-server[129384]: 172.18.0.2 172.18.0.100 30/Jan/2026/06/22/51 PUT /v1/AUTH_bb095502870147c682a17549ab21d6b7/gnocchi.88e042b9-1953-411c-9fdd-74597c597b16/1769040000.0_mean_300.0_v3 HTTP/1.0 201 - python-swiftclient-3.11.1 gAAAAABpfE2qeuGt... 16 - - txb8d46b8844a44865a20e7-00697c4e3b - 0.0198 - - 1769754171.597738266 1769754171.617512941 0
Jan 30 06:22:51 standalone container-server[127054]: 172.20.0.100 - - [30/Jan/2026:06:22:51 +0000] "PUT /d1/768/AUTH_bb095502870147c682a17549ab21d6b7/gnocchi.88e042b9-1953-411c-9fdd-74597c597b16/none_v3" 201 - "PUT http://172.18.0.2:8080/d1/1004/AUTH_bb095502870147c682a17549ab21d6b7/gnocchi.88e042b9-1953-411c-9fdd-74597c597b16/none_v3" "tx2c819c669784461683321-00697c4e3b" "object-server 22" 0.0004 "-" 9 0
Jan 30 06:22:51 standalone object-server[127452]: 172.20.0.100 - - [30/Jan/2026:06:22:51 +0000] "PUT /d1/1004/AUTH_bb095502870147c682a17549ab21d6b7/gnocchi.88e042b9-1953-411c-9fdd-74597c597b16/none_v3" 201 - "PUT http://172.18.0.2:8080/v1/AUTH_bb095502870147c682a17549ab21d6b7/gnocchi.88e042b9-1953-411c-9fdd-74597c597b16/none_v3" "tx2c819c669784461683321-00697c4e3b" "proxy-server 12" 0.0107 "-" 22 0
Jan 30 06:22:51 standalone proxy-server[129384]: 172.18.0.2 172.18.0.100 30/Jan/2026/06/22/51 PUT /v1/AUTH_bb095502870147c682a17549ab21d6b7/gnocchi.88e042b9-1953-411c-9fdd-74597c597b16/none_v3 HTTP/1.0 201 - python-swiftclient-3.11.1 gAAAAABpfE2qeuGt... 22 - - tx2c819c669784461683321-00697c4e3b - 0.0199 - - 1769754171.620927572 1769754171.640785217 0
Jan 30 06:22:57 standalone object-server[127452]: 172.20.0.100 - - [30/Jan/2026:06:22:57 +0000] "GET /d1/1004/AUTH_bb095502870147c682a17549ab21d6b7/gnocchi.88e042b9-1953-411c-9fdd-74597c597b16/none_v3" 200 22 "GET http://172.18.0.2:8080/v1/AUTH_bb095502870147c682a17549ab21d6b7/gnocchi.88e042b9-1953-411c-9fdd-74597c597b16/none_v3" "txafd81c60ca614606ac47d-00697c4e41" "proxy-server 12" 0.0010 "-" 22 0
Jan 30 06:22:57 standalone proxy-server[129384]: 172.18.0.2 172.18.0.100 30/Jan/2026/06/22/57 GET /v1/AUTH_bb095502870147c682a17549ab21d6b7/gnocchi.88e042b9-1953-411c-9fdd-74597c597b16/none_v3 HTTP/1.0 200 - python-swiftclient-3.11.1 gAAAAABpfE2qeuGt... - 22 - txafd81c60ca614606ac47d-00697c4e41 - 0.0085 - - 1769754177.038824558 1769754177.047305822 0
Jan 30 06:22:57 standalone container-server[127067]: 172.20.0.100 - - [30/Jan/2026:06:22:57 +0000] "GET /d1/768/AUTH_bb095502870147c682a17549ab21d6b7/gnocchi.88e042b9-1953-411c-9fdd-74597c597b16" 200 357 "GET http://172.18.0.2:8080/v1/AUTH_bb095502870147c682a17549ab21d6b7/gnocchi.88e042b9-1953-411c-9fdd-74597c597b16?format=json&states=listing" "tx09b2bff49b284f4e9b467-00697c4e41" "proxy-server 12" 0.0080 "-" 14 0
Jan 30 06:22:57 standalone proxy-server[129384]: 172.18.0.2 172.18.0.100 30/Jan/2026/06/22/57 GET /v1/AUTH_bb095502870147c682a17549ab21d6b7/gnocchi.88e042b9-1953-411c-9fdd-74597c597b16%3Fformat%3Djson%26states%3Dlisting HTTP/1.0 200 - python-swiftclient-3.11.1 gAAAAABpfE2qeuGt... - 357 - tx09b2bff49b284f4e9b467-00697c4e41 - 0.0148 - - 1769754177.052086830 1769754177.066888809 0
Jan 30 06:22:57 standalone container-server[127067]: 172.20.0.100 - - [30/Jan/2026:06:22:57 +0000] "GET /d1/768/AUTH_bb095502870147c682a17549ab21d6b7/gnocchi.88e042b9-1953-411c-9fdd-74597c597b16" 200 2 "GET http://172.18.0.2:8080/v1/AUTH_bb095502870147c682a17549ab21d6b7/gnocchi.88e042b9-1953-411c-9fdd-74597c597b16?format=json&marker=none_v3&states=listing" "tx9327dbfe37794dac87a9e-00697c4e41" "proxy-server 12" 0.0018 "-" 14 0
Jan 30 06:22:57 standalone proxy-server[129384]: 172.18.0.2 172.18.0.100 30/Jan/2026/06/22/57 GET /v1/AUTH_bb095502870147c682a17549ab21d6b7/gnocchi.88e042b9-1953-411c-9fdd-74597c597b16%3Fformat%3Djson%26marker%3Dnone_v3%26states%3Dlisting HTTP/1.0 200 - python-swiftclient-3.11.1 gAAAAABpfE2qeuGt... - 2 - tx9327dbfe37794dac87a9e-00697c4e41 - 0.0078 - - 1769754177.069535971 1769754177.077343941 0
Jan 30 06:22:57 standalone object-server[127455]: 172.20.0.100 - - [30/Jan/2026:06:22:57 +0000] "GET /d1/267/AUTH_bb095502870147c682a17549ab21d6b7/gnocchi.88e042b9-1953-411c-9fdd-74597c597b16/1769040000.0_mean_300.0_v3" 200 16 "GET http://172.18.0.2:8080/v1/AUTH_bb095502870147c682a17549ab21d6b7/gnocchi.88e042b9-1953-411c-9fdd-74597c597b16/1769040000.0_mean_300.0_v3" "txc6297f8e493c4978a68bd-00697c4e41" "proxy-server 12" 0.0008 "-" 24 0
Jan 30 06:22:57 standalone proxy-server[129384]: 172.18.0.2 172.18.0.100 30/Jan/2026/06/22/57 GET /v1/AUTH_bb095502870147c682a17549ab21d6b7/gnocchi.88e042b9-1953-411c-9fdd-74597c597b16/1769040000.0_mean_300.0_v3 HTTP/1.0 200 - python-swiftclient-3.11.1 gAAAAABpfE2qeuGt... - 16 - txc6297f8e493c4978a68bd-00697c4e41 - 0.0069 - - 1769754177.082763433 1769754177.089669228 0
Jan 30 06:22:57 standalone container-server[127059]: 172.20.0.100 - - [30/Jan/2026:06:22:57 +0000] "PUT /d1/768/AUTH_bb095502870147c682a17549ab21d6b7/gnocchi.88e042b9-1953-411c-9fdd-74597c597b16/1769040000.0_mean_300.0_v3" 201 - "PUT http://172.18.0.2:8080/d1/267/AUTH_bb095502870147c682a17549ab21d6b7/gnocchi.88e042b9-1953-411c-9fdd-74597c597b16/1769040000.0_mean_300.0_v3" "tx33a0f1a8f3884256abfc8-00697c4e41" "object-server 23" 0.0007 "-" 11 0
Jan 30 06:22:57 standalone object-server[127453]: 172.20.0.100 - - [30/Jan/2026:06:22:57 +0000] "PUT /d1/267/AUTH_bb095502870147c682a17549ab21d6b7/gnocchi.88e042b9-1953-411c-9fdd-74597c597b16/1769040000.0_mean_300.0_v3" 201 - "PUT http://172.18.0.2:8080/v1/AUTH_bb095502870147c682a17549ab21d6b7/gnocchi.88e042b9-1953-411c-9fdd-74597c597b16/1769040000.0_mean_300.0_v3" "tx33a0f1a8f3884256abfc8-00697c4e41" "proxy-server 12" 0.0111 "-" 23 0
Jan 30 06:22:57 standalone proxy-server[129384]: 172.18.0.2 172.18.0.100 30/Jan/2026/06/22/57 PUT /v1/AUTH_bb095502870147c682a17549ab21d6b7/gnocchi.88e042b9-1953-411c-9fdd-74597c597b16/1769040000.0_mean_300.0_v3 HTTP/1.0 201 - python-swiftclient-3.11.1 gAAAAABpfE2qeuGt... 16 - - tx33a0f1a8f3884256abfc8-00697c4e41 - 0.0176 - - 1769754177.094810963 1769754177.112371922 0
Jan 30 06:22:57 standalone container-server[127067]: 172.20.0.100 - - [30/Jan/2026:06:22:57 +0000] "PUT /d1/768/AUTH_bb095502870147c682a17549ab21d6b7/gnocchi.88e042b9-1953-411c-9fdd-74597c597b16/none_v3" 201 - "PUT http://172.18.0.2:8080/d1/1004/AUTH_bb095502870147c682a17549ab21d6b7/gnocchi.88e042b9-1953-411c-9fdd-74597c597b16/none_v3" "tx672188fee9674794948ad-00697c4e41" "object-server 22" 0.0007 "-" 14 0
Jan 30 06:22:57 standalone object-server[127452]: 172.20.0.100 - - [30/Jan/2026:06:22:57 +0000] "PUT /d1/1004/AUTH_bb095502870147c682a17549ab21d6b7/gnocchi.88e042b9-1953-411c-9fdd-74597c597b16/none_v3" 201 - "PUT http://172.18.0.2:8080/v1/AUTH_bb095502870147c682a17549ab21d6b7/gnocchi.88e042b9-1953-411c-9fdd-74597c597b16/none_v3" "tx672188fee9674794948ad-00697c4e41" "proxy-server 12" 0.0118 "-" 22 0
Jan 30 06:22:57 standalone proxy-server[129384]: 172.18.0.2 172.18.0.100 30/Jan/2026/06/22/57 PUT /v1/AUTH_bb095502870147c682a17549ab21d6b7/gnocchi.88e042b9-1953-411c-9fdd-74597c597b16/none_v3 HTTP/1.0 201 - python-swiftclient-3.11.1 gAAAAABpfE2qeuGt... 32 - - tx672188fee9674794948ad-00697c4e41 - 0.0177 - - 1769754177.115849495 1769754177.133543968 0
Jan 30 06:23:22 standalone container-server[127067]: 172.20.0.100 - - [30/Jan/2026:06:23:22 +0000] "HEAD /d1/1001/AUTH_bb095502870147c682a17549ab21d6b7/gnocchi.36d8b498-9bde-4eb3-930e-529b5fc7c41d" 404 - "HEAD http://172.18.0.2:8080/v1/AUTH_bb095502870147c682a17549ab21d6b7/gnocchi.36d8b498-9bde-4eb3-930e-529b5fc7c41d?format=json&states=listing" "txe5a516aeb8c94389929c9-00697c4e5a" "proxy-server 12" 0.0008 "-" 14 0
Jan 30 06:23:22 standalone object-server[127455]: 172.20.0.100 - - [30/Jan/2026:06:23:22 +0000] "GET /d1/525/AUTH_bb095502870147c682a17549ab21d6b7/gnocchi.36d8b498-9bde-4eb3-930e-529b5fc7c41d/none_v3" 404 70 "GET http://172.18.0.2:8080/v1/AUTH_bb095502870147c682a17549ab21d6b7/gnocchi.36d8b498-9bde-4eb3-930e-529b5fc7c41d/none_v3" "txe5a516aeb8c94389929c9-00697c4e5a" "proxy-server 12" 0.0007 "-" 24 0
Jan 30 06:23:22 standalone proxy-server[129384]: 172.18.0.2 172.18.0.100 30/Jan/2026/06/23/22 GET /v1/AUTH_bb095502870147c682a17549ab21d6b7/gnocchi.36d8b498-9bde-4eb3-930e-529b5fc7c41d/none_v3 HTTP/1.0 404 - python-swiftclient-3.11.1 gAAAAABpfE2qeuGt... - 70 - txe5a516aeb8c94389929c9-00697c4e5a - 0.0158 - - 1769754202.741510630 1769754202.757266521 0
Jan 30 06:23:22 standalone account-server[127285]: 172.20.0.100 - - [30/Jan/2026:06:23:22 +0000] "PUT /d1/762/AUTH_bb095502870147c682a17549ab21d6b7/gnocchi.36d8b498-9bde-4eb3-930e-529b5fc7c41d" 201 - "PUT http://172.20.0.100:6001/d1/1001/AUTH_bb095502870147c682a17549ab21d6b7/gnocchi.36d8b498-9bde-4eb3-930e-529b5fc7c41d" "txdb127247a9224ac2a1438-00697c4e5a" "container-server 17" 0.0060 "-" 20 0
Jan 30 06:23:22 standalone container-server[127072]: 172.20.0.100 - - [30/Jan/2026:06:23:22 +0000] "PUT /d1/1001/AUTH_bb095502870147c682a17549ab21d6b7/gnocchi.36d8b498-9bde-4eb3-930e-529b5fc7c41d" 201 - "PUT http://172.18.0.2:8080/v1/AUTH_bb095502870147c682a17549ab21d6b7/gnocchi.36d8b498-9bde-4eb3-930e-529b5fc7c41d" "txdb127247a9224ac2a1438-00697c4e5a" "proxy-server 12" 0.0152 "-" 17 0
Jan 30 06:23:22 standalone proxy-server[129384]: 172.18.0.2 172.18.0.100 30/Jan/2026/06/23/22 PUT /v1/AUTH_bb095502870147c682a17549ab21d6b7/gnocchi.36d8b498-9bde-4eb3-930e-529b5fc7c41d HTTP/1.0 201 - python-swiftclient-3.11.1 gAAAAABpfE2qeuGt... - - - txdb127247a9224ac2a1438-00697c4e5a - 0.0201 - - 1769754202.759909391 1769754202.779997349 0
Jan 30 06:23:22 standalone container-server[127067]: 172.20.0.100 - - [30/Jan/2026:06:23:22 +0000] "HEAD /d1/1001/AUTH_bb095502870147c682a17549ab21d6b7/gnocchi.36d8b498-9bde-4eb3-930e-529b5fc7c41d" 204 - "HEAD http://172.18.0.2:8080/v1/AUTH_bb095502870147c682a17549ab21d6b7/gnocchi.36d8b498-9bde-4eb3-930e-529b5fc7c41d?format=json&states=listing" "tx20a93e22b1d54da2826bf-00697c4e5a" "proxy-server 12" 0.0022 "-" 14 0
Jan 30 06:23:22 standalone proxy-server[129384]: - - 30/Jan/2026/06/23/22 HEAD /v1/AUTH_bb095502870147c682a17549ab21d6b7/gnocchi.36d8b498-9bde-4eb3-930e-529b5fc7c41d%3Fformat%3Djson%26states%3Dlisting HTTP/1.0 204 - Swift - - - - tx20a93e22b1d54da2826bf-00697c4e5a - 0.0066 RL - 1769754202.784748316 1769754202.791375399 0
Jan 30 06:23:22 standalone container-server[127072]: 172.20.0.100 - - [30/Jan/2026:06:23:22 +0000] "GET /d1/1001/AUTH_bb095502870147c682a17549ab21d6b7/gnocchi.36d8b498-9bde-4eb3-930e-529b5fc7c41d" 200 2 "GET http://172.18.0.2:8080/v1/AUTH_bb095502870147c682a17549ab21d6b7/gnocchi.36d8b498-9bde-4eb3-930e-529b5fc7c41d?format=json&states=listing" "tx20a93e22b1d54da2826bf-00697c4e5a" "proxy-server 12" 0.0016 "-" 17 0
Jan 30 06:23:22 standalone proxy-server[129384]: 172.18.0.2 172.18.0.100 30/Jan/2026/06/23/22 GET /v1/AUTH_bb095502870147c682a17549ab21d6b7/gnocchi.36d8b498-9bde-4eb3-930e-529b5fc7c41d%3Fformat%3Djson%26states%3Dlisting HTTP/1.0 200 - python-swiftclient-3.11.1 gAAAAABpfE2qeuGt... - 2 - tx20a93e22b1d54da2826bf-00697c4e5a - 0.0131 - - 1769754202.783834219 1769754202.796898365 0
Jan 30 06:23:22 standalone object-server[127452]: 172.20.0.100 - - [30/Jan/2026:06:23:22 +0000] "GET /d1/583/AUTH_bb095502870147c682a17549ab21d6b7/gnocchi.36d8b498-9bde-4eb3-930e-529b5fc7c41d/1769040000.0_mean_300.0_v3" 404 70 "GET http://172.18.0.2:8080/v1/AUTH_bb095502870147c682a17549ab21d6b7/gnocchi.36d8b498-9bde-4eb3-930e-529b5fc7c41d/1769040000.0_mean_300.0_v3" "txaa7e94cac0e04f7493b20-00697c4e5a" "proxy-server 12" 0.0004 "-" 22 0
Jan 30 06:23:22 standalone proxy-server[129384]: 172.18.0.2 172.18.0.100 30/Jan/2026/06/23/22 GET /v1/AUTH_bb095502870147c682a17549ab21d6b7/gnocchi.36d8b498-9bde-4eb3-930e-529b5fc7c41d/1769040000.0_mean_300.0_v3 HTTP/1.0 404 - python-swiftclient-3.11.1 gAAAAABpfE2qeuGt... - 70 - txaa7e94cac0e04f7493b20-00697c4e5a - 0.0042 - - 1769754202.800186396 1769754202.804423571 0
Jan 30 06:23:22 standalone container-server[127072]: 172.20.0.100 - - [30/Jan/2026:06:23:22 +0000] "PUT /d1/1001/AUTH_bb095502870147c682a17549ab21d6b7/gnocchi.36d8b498-9bde-4eb3-930e-529b5fc7c41d/1769040000.0_mean_300.0_v3" 201 - "PUT http://172.18.0.2:8080/d1/583/AUTH_bb095502870147c682a17549ab21d6b7/gnocchi.36d8b498-9bde-4eb3-930e-529b5fc7c41d/1769040000.0_mean_300.0_v3" "tx363ee7ae7e1c4f4cb7f2d-00697c4e5a" "object-server 21" 0.0005 "-" 17 0
Jan 30 06:23:22 standalone object-server[127451]: 172.20.0.100 - - [30/Jan/2026:06:23:22 +0000] "PUT /d1/583/AUTH_bb095502870147c682a17549ab21d6b7/gnocchi.36d8b498-9bde-4eb3-930e-529b5fc7c41d/1769040000.0_mean_300.0_v3" 201 - "PUT http://172.18.0.2:8080/v1/AUTH_bb095502870147c682a17549ab21d6b7/gnocchi.36d8b498-9bde-4eb3-930e-529b5fc7c41d/1769040000.0_mean_300.0_v3" "tx363ee7ae7e1c4f4cb7f2d-00697c4e5a" "proxy-server 12" 0.0095 "-" 21 0
Jan 30 06:23:22 standalone proxy-server[129384]: 172.18.0.2 172.18.0.100 30/Jan/2026/06/23/22 PUT /v1/AUTH_bb095502870147c682a17549ab21d6b7/gnocchi.36d8b498-9bde-4eb3-930e-529b5fc7c41d/1769040000.0_mean_300.0_v3 HTTP/1.0 201 - python-swiftclient-3.11.1 gAAAAABpfE2qeuGt... 16 - - tx363ee7ae7e1c4f4cb7f2d-00697c4e5a - 0.0146 - - 1769754202.808002472 1769754202.822648764 0
Jan 30 06:23:22 standalone container-server[127072]: 172.20.0.100 - - [30/Jan/2026:06:23:22 +0000] "PUT /d1/1001/AUTH_bb095502870147c682a17549ab21d6b7/gnocchi.36d8b498-9bde-4eb3-930e-529b5fc7c41d/none_v3" 201 - "PUT http://172.18.0.2:8080/d1/525/AUTH_bb095502870147c682a17549ab21d6b7/gnocchi.36d8b498-9bde-4eb3-930e-529b5fc7c41d/none_v3" "txef0c1552ed8645d5bcc62-00697c4e5a" "object-server 23" 0.0005 "-" 17 0
Jan 30 06:23:22 standalone object-server[127453]: 172.20.0.100 - - [30/Jan/2026:06:23:22 +0000] "PUT /d1/525/AUTH_bb095502870147c682a17549ab21d6b7/gnocchi.36d8b498-9bde-4eb3-930e-529b5fc7c41d/none_v3" 201 - "PUT http://172.18.0.2:8080/v1/AUTH_bb095502870147c682a17549ab21d6b7/gnocchi.36d8b498-9bde-4eb3-930e-529b5fc7c41d/none_v3" "txef0c1552ed8645d5bcc62-00697c4e5a" "proxy-server 12" 0.0083 "-" 23 0
Jan 30 06:23:22 standalone proxy-server[129384]: 172.18.0.2 172.18.0.100 30/Jan/2026/06/23/22 PUT /v1/AUTH_bb095502870147c682a17549ab21d6b7/gnocchi.36d8b498-9bde-4eb3-930e-529b5fc7c41d/none_v3 HTTP/1.0 201 - python-swiftclient-3.11.1 gAAAAABpfE2qeuGt... 22 - - txef0c1552ed8645d5bcc62-00697c4e5a - 0.0119 - - 1769754202.825797558 1769754202.837697983 0
Jan 30 06:23:22 standalone container-server[127054]: 172.20.0.100 - - [30/Jan/2026:06:23:22 +0000] "HEAD /d1/911/AUTH_bb095502870147c682a17549ab21d6b7/gnocchi.509d5c40-d081-4640-858b-28235d297baa" 404 - "HEAD http://172.18.0.2:8080/v1/AUTH_bb095502870147c682a17549ab21d6b7/gnocchi.509d5c40-d081-4640-858b-28235d297baa?format=json&states=listing" "txce61393c43884507b66d2-00697c4e5a" "proxy-server 12" 0.0003 "-" 9 0
Jan 30 06:23:22 standalone object-server[127451]: 172.20.0.100 - - [30/Jan/2026:06:23:22 +0000] "GET /d1/464/AUTH_bb095502870147c682a17549ab21d6b7/gnocchi.509d5c40-d081-4640-858b-28235d297baa/none_v3" 404 70 "GET http://172.18.0.2:8080/v1/AUTH_bb095502870147c682a17549ab21d6b7/gnocchi.509d5c40-d081-4640-858b-28235d297baa/none_v3" "txce61393c43884507b66d2-00697c4e5a" "proxy-server 12" 0.0005 "-" 21 0
Jan 30 06:23:22 standalone proxy-server[129384]: 172.18.0.2 172.18.0.100 30/Jan/2026/06/23/22 GET /v1/AUTH_bb095502870147c682a17549ab21d6b7/gnocchi.509d5c40-d081-4640-858b-28235d297baa/none_v3 HTTP/1.0 404 - python-swiftclient-3.11.1 gAAAAABpfE2qeuGt... - 70 - txce61393c43884507b66d2-00697c4e5a - 0.0112 - - 1769754202.857079268 1769754202.868292570 0
Jan 30 06:23:22 standalone account-server[127300]: 172.20.0.100 - - [30/Jan/2026:06:23:22 +0000] "PUT /d1/762/AUTH_bb095502870147c682a17549ab21d6b7/gnocchi.509d5c40-d081-4640-858b-28235d297baa" 201 - "PUT http://172.20.0.100:6001/d1/911/AUTH_bb095502870147c682a17549ab21d6b7/gnocchi.509d5c40-d081-4640-858b-28235d297baa" "tx721300438f9f4f1b898ff-00697c4e5a" "container-server 14" 0.0155 "-" 22 0
Jan 30 06:23:22 standalone container-server[127067]: 172.20.0.100 - - [30/Jan/2026:06:23:22 +0000] "PUT /d1/911/AUTH_bb095502870147c682a17549ab21d6b7/gnocchi.509d5c40-d081-4640-858b-28235d297baa" 201 - "PUT http://172.18.0.2:8080/v1/AUTH_bb095502870147c682a17549ab21d6b7/gnocchi.509d5c40-d081-4640-858b-28235d297baa" "tx721300438f9f4f1b898ff-00697c4e5a" "proxy-server 12" 0.0309 "-" 14 0
Jan 30 06:23:22 standalone proxy-server[129384]: 172.18.0.2 172.18.0.100 30/Jan/2026/06/23/22 PUT /v1/AUTH_bb095502870147c682a17549ab21d6b7/gnocchi.509d5c40-d081-4640-858b-28235d297baa HTTP/1.0 201 - python-swiftclient-3.11.1 gAAAAABpfE2qeuGt... - - - tx721300438f9f4f1b898ff-00697c4e5a - 0.0348 - - 1769754202.870163679 1769754202.904989958 0
Jan 30 06:23:22 standalone container-server[127054]: 172.20.0.100 - - [30/Jan/2026:06:23:22 +0000] "HEAD /d1/911/AUTH_bb095502870147c682a17549ab21d6b7/gnocchi.509d5c40-d081-4640-858b-28235d297baa" 204 - "HEAD http://172.18.0.2:8080/v1/AUTH_bb095502870147c682a17549ab21d6b7/gnocchi.509d5c40-d081-4640-858b-28235d297baa?format=json&states=listing" "tx0f6a18ceba71488fa032e-00697c4e5a" "proxy-server 12" 0.0022 "-" 9 0
Jan 30 06:23:22 standalone proxy-server[129384]: - - 30/Jan/2026/06/23/22 HEAD /v1/AUTH_bb095502870147c682a17549ab21d6b7/gnocchi.509d5c40-d081-4640-858b-28235d297baa%3Fformat%3Djson%26states%3Dlisting HTTP/1.0 204 - Swift - - - - tx0f6a18ceba71488fa032e-00697c4e5a - 0.0065 RL - 1769754202.909454107 1769754202.915913105 0
Jan 30 06:23:22 standalone container-server[127059]: 172.20.0.100 - - [30/Jan/2026:06:23:22 +0000] "GET /d1/911/AUTH_bb095502870147c682a17549ab21d6b7/gnocchi.509d5c40-d081-4640-858b-28235d297baa" 200 2 "GET http://172.18.0.2:8080/v1/AUTH_bb095502870147c682a17549ab21d6b7/gnocchi.509d5c40-d081-4640-858b-28235d297baa?format=json&states=listing" "tx0f6a18ceba71488fa032e-00697c4e5a" "proxy-server 12" 0.0036 "-" 11 0
Jan 30 06:23:22 standalone proxy-server[129384]: 172.18.0.2 172.18.0.100 30/Jan/2026/06/23/22 GET /v1/AUTH_bb095502870147c682a17549ab21d6b7/gnocchi.509d5c40-d081-4640-858b-28235d297baa%3Fformat%3Djson%26states%3Dlisting HTTP/1.0 200 - python-swiftclient-3.11.1 gAAAAABpfE2qeuGt... - 2 - tx0f6a18ceba71488fa032e-00697c4e5a - 0.0178 - - 1769754202.907860756 1769754202.925634861 0
Jan 30 06:23:22 standalone object-server[127451]: 172.20.0.100 - - [30/Jan/2026:06:23:22 +0000] "GET /d1/375/AUTH_bb095502870147c682a17549ab21d6b7/gnocchi.509d5c40-d081-4640-858b-28235d297baa/1769040000.0_mean_300.0_v3" 404 70 "GET http://172.18.0.2:8080/v1/AUTH_bb095502870147c682a17549ab21d6b7/gnocchi.509d5c40-d081-4640-858b-28235d297baa/1769040000.0_mean_300.0_v3" "txb53d455373e4423099a03-00697c4e5a" "proxy-server 12" 0.0005 "-" 21 0
Jan 30 06:23:22 standalone proxy-server[129384]: 172.18.0.2 172.18.0.100 30/Jan/2026/06/23/22 GET /v1/AUTH_bb095502870147c682a17549ab21d6b7/gnocchi.509d5c40-d081-4640-858b-28235d297baa/1769040000.0_mean_300.0_v3 HTTP/1.0 404 - python-swiftclient-3.11.1 gAAAAABpfE2qeuGt... - 70 - txb53d455373e4423099a03-00697c4e5a - 0.0050 - - 1769754202.928779840 1769754202.933775902 0
Jan 30 06:23:22 standalone container-server[127072]: 172.20.0.100 - - [30/Jan/2026:06:23:22 +0000] "PUT /d1/911/AUTH_bb095502870147c682a17549ab21d6b7/gnocchi.509d5c40-d081-4640-858b-28235d297baa/1769040000.0_mean_300.0_v3" 201 - "PUT http://172.18.0.2:8080/d1/375/AUTH_bb095502870147c682a17549ab21d6b7/gnocchi.509d5c40-d081-4640-858b-28235d297baa/1769040000.0_mean_300.0_v3" "txf802abf8d37c421a88782-00697c4e5a" "object-server 23" 0.0004 "-" 17 0
Jan 30 06:23:22 standalone object-server[127453]: 172.20.0.100 - - [30/Jan/2026:06:23:22 +0000] "PUT /d1/375/AUTH_bb095502870147c682a17549ab21d6b7/gnocchi.509d5c40-d081-4640-858b-28235d297baa/1769040000.0_mean_300.0_v3" 201 - "PUT http://172.18.0.2:8080/v1/AUTH_bb095502870147c682a17549ab21d6b7/gnocchi.509d5c40-d081-4640-858b-28235d297baa/1769040000.0_mean_300.0_v3" "txf802abf8d37c421a88782-00697c4e5a" "proxy-server 12" 0.0085 "-" 23 0
Jan 30 06:23:22 standalone proxy-server[129384]: 172.18.0.2 172.18.0.100 30/Jan/2026/06/23/22 PUT /v1/AUTH_bb095502870147c682a17549ab21d6b7/gnocchi.509d5c40-d081-4640-858b-28235d297baa/1769040000.0_mean_300.0_v3 HTTP/1.0 201 - python-swiftclient-3.11.1 gAAAAABpfE2qeuGt... 16 - - txf802abf8d37c421a88782-00697c4e5a - 0.0123 - - 1769754202.935992241 1769754202.948329687 0
Jan 30 06:23:22 standalone container-server[127067]: 172.20.0.100 - - [30/Jan/2026:06:23:22 +0000] "PUT /d1/911/AUTH_bb095502870147c682a17549ab21d6b7/gnocchi.509d5c40-d081-4640-858b-28235d297baa/none_v3" 201 - "PUT http://172.18.0.2:8080/d1/464/AUTH_bb095502870147c682a17549ab21d6b7/gnocchi.509d5c40-d081-4640-858b-28235d297baa/none_v3" "txb4811c099bd8451d8425d-00697c4e5a" "object-server 21" 0.0008 "-" 14 0
Jan 30 06:23:22 standalone object-server[127451]: 172.20.0.100 - - [30/Jan/2026:06:23:22 +0000] "PUT /d1/464/AUTH_bb095502870147c682a17549ab21d6b7/gnocchi.509d5c40-d081-4640-858b-28235d297baa/none_v3" 201 - "PUT http://172.18.0.2:8080/v1/AUTH_bb095502870147c682a17549ab21d6b7/gnocchi.509d5c40-d081-4640-858b-28235d297baa/none_v3" "txb4811c099bd8451d8425d-00697c4e5a" "proxy-server 12" 0.0135 "-" 21 0
Jan 30 06:23:22 standalone proxy-server[129384]: 172.18.0.2 172.18.0.100 30/Jan/2026/06/23/22 PUT /v1/AUTH_bb095502870147c682a17549ab21d6b7/gnocchi.509d5c40-d081-4640-858b-28235d297baa/none_v3 HTTP/1.0 201 - python-swiftclient-3.11.1 gAAAAABpfE2qeuGt... 22 - - txb4811c099bd8451d8425d-00697c4e5a - 0.0179 - - 1769754202.950415134 1769754202.968327761 0
Jan 30 06:23:22 standalone container-server[127059]: 172.20.0.100 - - [30/Jan/2026:06:23:22 +0000] "HEAD /d1/513/AUTH_bb095502870147c682a17549ab21d6b7/gnocchi.d296671f-6c52-4a34-9515-759ae743c1ac" 404 - "HEAD http://172.18.0.2:8080/v1/AUTH_bb095502870147c682a17549ab21d6b7/gnocchi.d296671f-6c52-4a34-9515-759ae743c1ac?format=json&states=listing" "tx803ce035fa864e66a5263-00697c4e5a" "proxy-server 12" 0.0005 "-" 11 0
Jan 30 06:23:22 standalone object-server[127455]: 172.20.0.100 - - [30/Jan/2026:06:23:22 +0000] "GET /d1/927/AUTH_bb095502870147c682a17549ab21d6b7/gnocchi.d296671f-6c52-4a34-9515-759ae743c1ac/none_v3" 404 70 "GET http://172.18.0.2:8080/v1/AUTH_bb095502870147c682a17549ab21d6b7/gnocchi.d296671f-6c52-4a34-9515-759ae743c1ac/none_v3" "tx803ce035fa864e66a5263-00697c4e5a" "proxy-server 12" 0.0005 "-" 24 0
Jan 30 06:23:22 standalone proxy-server[129384]: 172.18.0.2 172.18.0.100 30/Jan/2026/06/23/22 GET /v1/AUTH_bb095502870147c682a17549ab21d6b7/gnocchi.d296671f-6c52-4a34-9515-759ae743c1ac/none_v3 HTTP/1.0 404 - python-swiftclient-3.11.1 gAAAAABpfE2qeuGt... - 70 - tx803ce035fa864e66a5263-00697c4e5a - 0.0087 - - 1769754202.976875067 1769754202.985561132 0
Jan 30 06:23:23 standalone account-server[127300]: 172.20.0.100 - - [30/Jan/2026:06:23:23 +0000] "PUT /d1/762/AUTH_bb095502870147c682a17549ab21d6b7/gnocchi.d296671f-6c52-4a34-9515-759ae743c1ac" 201 - "PUT http://172.20.0.100:6001/d1/513/AUTH_bb095502870147c682a17549ab21d6b7/gnocchi.d296671f-6c52-4a34-9515-759ae743c1ac" "tx69bef6c7c5c745139e42c-00697c4e5a" "container-server 11" 0.0060 "-" 22 0
Jan 30 06:23:23 standalone container-server[127059]: 172.20.0.100 - - [30/Jan/2026:06:23:23 +0000] "PUT /d1/513/AUTH_bb095502870147c682a17549ab21d6b7/gnocchi.d296671f-6c52-4a34-9515-759ae743c1ac" 201 - "PUT http://172.18.0.2:8080/v1/AUTH_bb095502870147c682a17549ab21d6b7/gnocchi.d296671f-6c52-4a34-9515-759ae743c1ac" "tx69bef6c7c5c745139e42c-00697c4e5a" "proxy-server 12" 0.0194 "-" 11 0
Jan 30 06:23:23 standalone proxy-server[129384]: 172.18.0.2 172.18.0.100 30/Jan/2026/06/23/23 PUT /v1/AUTH_bb095502870147c682a17549ab21d6b7/gnocchi.d296671f-6c52-4a34-9515-759ae743c1ac HTTP/1.0 201 - python-swiftclient-3.11.1 gAAAAABpfE2qeuGt... - - - tx69bef6c7c5c745139e42c-00697c4e5a - 0.0230 - - 1769754202.987487793 1769754203.010500431 0
Jan 30 06:23:23 standalone container-server[127067]: 172.20.0.100 - - [30/Jan/2026:06:23:23 +0000] "HEAD /d1/513/AUTH_bb095502870147c682a17549ab21d6b7/gnocchi.d296671f-6c52-4a34-9515-759ae743c1ac" 204 - "HEAD http://172.18.0.2:8080/v1/AUTH_bb095502870147c682a17549ab21d6b7/gnocchi.d296671f-6c52-4a34-9515-759ae743c1ac?format=json&states=listing" "tx567d208aaedc4f1da392c-00697c4e5b" "proxy-server 12" 0.0024 "-" 14 0
Jan 30 06:23:23 standalone proxy-server[129384]: - - 30/Jan/2026/06/23/23 HEAD /v1/AUTH_bb095502870147c682a17549ab21d6b7/gnocchi.d296671f-6c52-4a34-9515-759ae743c1ac%3Fformat%3Djson%26states%3Dlisting HTTP/1.0 204 - Swift - - - - tx567d208aaedc4f1da392c-00697c4e5b - 0.0055 RL - 1769754203.013574839 1769754203.019033432 0
Jan 30 06:23:23 standalone container-server[127067]: 172.20.0.100 - - [30/Jan/2026:06:23:23 +0000] "GET /d1/513/AUTH_bb095502870147c682a17549ab21d6b7/gnocchi.d296671f-6c52-4a34-9515-759ae743c1ac" 200 2 "GET http://172.18.0.2:8080/v1/AUTH_bb095502870147c682a17549ab21d6b7/gnocchi.d296671f-6c52-4a34-9515-759ae743c1ac?format=json&states=listing" "tx567d208aaedc4f1da392c-00697c4e5b" "proxy-server 12" 0.0030 "-" 14 0
Jan 30 06:23:23 standalone proxy-server[129384]: 172.18.0.2 172.18.0.100 30/Jan/2026/06/23/23 GET /v1/AUTH_bb095502870147c682a17549ab21d6b7/gnocchi.d296671f-6c52-4a34-9515-759ae743c1ac%3Fformat%3Djson%26states%3Dlisting HTTP/1.0 200 - python-swiftclient-3.11.1 gAAAAABpfE2qeuGt... - 2 - tx567d208aaedc4f1da392c-00697c4e5b - 0.0134 - - 1769754203.012947798 1769754203.026314735 0
Jan 30 06:23:23 standalone object-server[127452]: 172.20.0.100 - - [30/Jan/2026:06:23:23 +0000] "GET /d1/304/AUTH_bb095502870147c682a17549ab21d6b7/gnocchi.d296671f-6c52-4a34-9515-759ae743c1ac/1769040000.0_mean_300.0_v3" 404 70 "GET http://172.18.0.2:8080/v1/AUTH_bb095502870147c682a17549ab21d6b7/gnocchi.d296671f-6c52-4a34-9515-759ae743c1ac/1769040000.0_mean_300.0_v3" "tx2eba5b8f5f26416daaa64-00697c4e5b" "proxy-server 12" 0.0005 "-" 22 0
Jan 30 06:23:23 standalone proxy-server[129384]: 172.18.0.2 172.18.0.100 30/Jan/2026/06/23/23 GET /v1/AUTH_bb095502870147c682a17549ab21d6b7/gnocchi.d296671f-6c52-4a34-9515-759ae743c1ac/1769040000.0_mean_300.0_v3 HTTP/1.0 404 - python-swiftclient-3.11.1 gAAAAABpfE2qeuGt... - 70 - tx2eba5b8f5f26416daaa64-00697c4e5b - 0.0046 - - 1769754203.028843880 1769754203.033416033 0
Jan 30 06:23:23 standalone container-server[127054]: 172.20.0.100 - - [30/Jan/2026:06:23:23 +0000] "PUT /d1/513/AUTH_bb095502870147c682a17549ab21d6b7/gnocchi.d296671f-6c52-4a34-9515-759ae743c1ac/1769040000.0_mean_300.0_v3" 201 - "PUT http://172.18.0.2:8080/d1/304/AUTH_bb095502870147c682a17549ab21d6b7/gnocchi.d296671f-6c52-4a34-9515-759ae743c1ac/1769040000.0_mean_300.0_v3" "tx3b37840cfc4f4ef3be952-00697c4e5b" "object-server 21" 0.0008 "-" 9 0
Jan 30 06:23:23 standalone object-server[127451]: 172.20.0.100 - - [30/Jan/2026:06:23:23 +0000] "PUT /d1/304/AUTH_bb095502870147c682a17549ab21d6b7/gnocchi.d296671f-6c52-4a34-9515-759ae743c1ac/1769040000.0_mean_300.0_v3" 201 - "PUT http://172.18.0.2:8080/v1/AUTH_bb095502870147c682a17549ab21d6b7/gnocchi.d296671f-6c52-4a34-9515-759ae743c1ac/1769040000.0_mean_300.0_v3" "tx3b37840cfc4f4ef3be952-00697c4e5b" "proxy-server 12" 0.0097 "-" 21 0
Jan 30 06:23:23 standalone proxy-server[129384]: 172.18.0.2 172.18.0.100 30/Jan/2026/06/23/23 PUT /v1/AUTH_bb095502870147c682a17549ab21d6b7/gnocchi.d296671f-6c52-4a34-9515-759ae743c1ac/1769040000.0_mean_300.0_v3 HTTP/1.0 201 - python-swiftclient-3.11.1 gAAAAABpfE2qeuGt... 16 - - tx3b37840cfc4f4ef3be952-00697c4e5b - 0.0148 - - 1769754203.035502195 1769754203.050254345 0
Jan 30 06:23:23 standalone container-server[127067]: 172.20.0.100 - - [30/Jan/2026:06:23:23 +0000] "PUT /d1/513/AUTH_bb095502870147c682a17549ab21d6b7/gnocchi.d296671f-6c52-4a34-9515-759ae743c1ac/none_v3" 201 - "PUT http://172.18.0.2:8080/d1/927/AUTH_bb095502870147c682a17549ab21d6b7/gnocchi.d296671f-6c52-4a34-9515-759ae743c1ac/none_v3" "tx280401ebedaf4e72be972-00697c4e5b" "object-server 23" 0.0007 "-" 14 0
Jan 30 06:23:23 standalone object-server[127453]: 172.20.0.100 - - [30/Jan/2026:06:23:23 +0000] "PUT /d1/927/AUTH_bb095502870147c682a17549ab21d6b7/gnocchi.d296671f-6c52-4a34-9515-759ae743c1ac/none_v3" 201 - "PUT http://172.18.0.2:8080/v1/AUTH_bb095502870147c682a17549ab21d6b7/gnocchi.d296671f-6c52-4a34-9515-759ae743c1ac/none_v3" "tx280401ebedaf4e72be972-00697c4e5b" "proxy-server 12" 0.0085 "-" 23 0
Jan 30 06:23:23 standalone proxy-server[129384]: 172.18.0.2 172.18.0.100 30/Jan/2026/06/23/23 PUT /v1/AUTH_bb095502870147c682a17549ab21d6b7/gnocchi.d296671f-6c52-4a34-9515-759ae743c1ac/none_v3 HTTP/1.0 201 - python-swiftclient-3.11.1 gAAAAABpfE2qeuGt... 22 - - tx280401ebedaf4e72be972-00697c4e5b - 0.0123 - - 1769754203.052218676 1769754203.064543247 0
Jan 30 06:23:23 standalone container-server[127072]: 172.20.0.100 - - [30/Jan/2026:06:23:23 +0000] "HEAD /d1/17/AUTH_bb095502870147c682a17549ab21d6b7/gnocchi.a1067f37-4a63-44ea-acde-e03def02d82d" 404 - "HEAD http://172.18.0.2:8080/v1/AUTH_bb095502870147c682a17549ab21d6b7/gnocchi.a1067f37-4a63-44ea-acde-e03def02d82d?format=json&states=listing" "tx7807b3e0a1864ff6b5907-00697c4e5b" "proxy-server 12" 0.0004 "-" 17 0
Jan 30 06:23:23 standalone object-server[127451]: 172.20.0.100 - - [30/Jan/2026:06:23:23 +0000] "GET /d1/139/AUTH_bb095502870147c682a17549ab21d6b7/gnocchi.a1067f37-4a63-44ea-acde-e03def02d82d/none_v3" 404 70 "GET http://172.18.0.2:8080/v1/AUTH_bb095502870147c682a17549ab21d6b7/gnocchi.a1067f37-4a63-44ea-acde-e03def02d82d/none_v3" "tx7807b3e0a1864ff6b5907-00697c4e5b" "proxy-server 12" 0.0004 "-" 21 0
Jan 30 06:23:23 standalone proxy-server[129384]: 172.18.0.2 172.18.0.100 30/Jan/2026/06/23/23 GET /v1/AUTH_bb095502870147c682a17549ab21d6b7/gnocchi.a1067f37-4a63-44ea-acde-e03def02d82d/none_v3 HTTP/1.0 404 - python-swiftclient-3.11.1 gAAAAABpfE2qeuGt... - 70 - tx7807b3e0a1864ff6b5907-00697c4e5b - 0.0080 - - 1769754203.073521137 1769754203.081527472 0
Jan 30 06:23:23 standalone account-server[127285]: 172.20.0.100 - - [30/Jan/2026:06:23:23 +0000] "PUT /d1/762/AUTH_bb095502870147c682a17549ab21d6b7/gnocchi.a1067f37-4a63-44ea-acde-e03def02d82d" 201 - "PUT http://172.20.0.100:6001/d1/17/AUTH_bb095502870147c682a17549ab21d6b7/gnocchi.a1067f37-4a63-44ea-acde-e03def02d82d" "tx7cac3cdf2c784bdb8b112-00697c4e5b" "container-server 14" 0.0060 "-" 20 0
Jan 30 06:23:23 standalone container-server[127067]: 172.20.0.100 - - [30/Jan/2026:06:23:23 +0000] "PUT /d1/17/AUTH_bb095502870147c682a17549ab21d6b7/gnocchi.a1067f37-4a63-44ea-acde-e03def02d82d" 201 - "PUT http://172.18.0.2:8080/v1/AUTH_bb095502870147c682a17549ab21d6b7/gnocchi.a1067f37-4a63-44ea-acde-e03def02d82d" "tx7cac3cdf2c784bdb8b112-00697c4e5b" "proxy-server 12" 0.0198 "-" 14 0
Jan 30 06:23:23 standalone proxy-server[129384]: 172.18.0.2 172.18.0.100 30/Jan/2026/06/23/23 PUT /v1/AUTH_bb095502870147c682a17549ab21d6b7/gnocchi.a1067f37-4a63-44ea-acde-e03def02d82d HTTP/1.0 201 - python-swiftclient-3.11.1 gAAAAABpfE2qeuGt... - - - tx7cac3cdf2c784bdb8b112-00697c4e5b - 0.0235 - - 1769754203.083429337 1769754203.106901407 0
Jan 30 06:23:23 standalone container-server[127059]: 172.20.0.100 - - [30/Jan/2026:06:23:23 +0000] "HEAD /d1/17/AUTH_bb095502870147c682a17549ab21d6b7/gnocchi.a1067f37-4a63-44ea-acde-e03def02d82d" 204 - "HEAD http://172.18.0.2:8080/v1/AUTH_bb095502870147c682a17549ab21d6b7/gnocchi.a1067f37-4a63-44ea-acde-e03def02d82d?format=json&states=listing" "txa0a19d2eb29e424ab42e3-00697c4e5b" "proxy-server 12" 0.0023 "-" 11 0
Jan 30 06:23:23 standalone proxy-server[129384]: - - 30/Jan/2026/06/23/23 HEAD /v1/AUTH_bb095502870147c682a17549ab21d6b7/gnocchi.a1067f37-4a63-44ea-acde-e03def02d82d%3Fformat%3Djson%26states%3Dlisting HTTP/1.0 204 - Swift - - - - txa0a19d2eb29e424ab42e3-00697c4e5b - 0.0097 RL - 1769754203.109962940 1769754203.119660616 0
Jan 30 06:23:23 standalone container-server[127067]: 172.20.0.100 - - [30/Jan/2026:06:23:23 +0000] "GET /d1/17/AUTH_bb095502870147c682a17549ab21d6b7/gnocchi.a1067f37-4a63-44ea-acde-e03def02d82d" 200 2 "GET http://172.18.0.2:8080/v1/AUTH_bb095502870147c682a17549ab21d6b7/gnocchi.a1067f37-4a63-44ea-acde-e03def02d82d?format=json&states=listing" "txa0a19d2eb29e424ab42e3-00697c4e5b" "proxy-server 12" 0.0032 "-" 14 0
Jan 30 06:23:23 standalone proxy-server[129384]: 172.18.0.2 172.18.0.100 30/Jan/2026/06/23/23 GET /v1/AUTH_bb095502870147c682a17549ab21d6b7/gnocchi.a1067f37-4a63-44ea-acde-e03def02d82d%3Fformat%3Djson%26states%3Dlisting HTTP/1.0 200 - python-swiftclient-3.11.1 gAAAAABpfE2qeuGt... - 2 - txa0a19d2eb29e424ab42e3-00697c4e5b - 0.0181 - - 1769754203.109306097 1769754203.127422571 0
Jan 30 06:23:23 standalone object-server[127451]: 172.20.0.100 - - [30/Jan/2026:06:23:23 +0000] "GET /d1/676/AUTH_bb095502870147c682a17549ab21d6b7/gnocchi.a1067f37-4a63-44ea-acde-e03def02d82d/1769040000.0_mean_300.0_v3" 404 70 "GET http://172.18.0.2:8080/v1/AUTH_bb095502870147c682a17549ab21d6b7/gnocchi.a1067f37-4a63-44ea-acde-e03def02d82d/1769040000.0_mean_300.0_v3" "txc22acf558b37400cb428d-00697c4e5b" "proxy-server 12" 0.0005 "-" 21 0
Jan 30 06:23:23 standalone proxy-server[129384]: 172.18.0.2 172.18.0.100 30/Jan/2026/06/23/23 GET /v1/AUTH_bb095502870147c682a17549ab21d6b7/gnocchi.a1067f37-4a63-44ea-acde-e03def02d82d/1769040000.0_mean_300.0_v3 HTTP/1.0 404 - python-swiftclient-3.11.1 gAAAAABpfE2qeuGt... - 70 - txc22acf558b37400cb428d-00697c4e5b - 0.0056 - - 1769754203.129995108 1769754203.135621548 0
Jan 30 06:23:23 standalone container-server[127072]: 172.20.0.100 - - [30/Jan/2026:06:23:23 +0000] "PUT /d1/17/AUTH_bb095502870147c682a17549ab21d6b7/gnocchi.a1067f37-4a63-44ea-acde-e03def02d82d/1769040000.0_mean_300.0_v3" 201 - "PUT http://172.18.0.2:8080/d1/676/AUTH_bb095502870147c682a17549ab21d6b7/gnocchi.a1067f37-4a63-44ea-acde-e03def02d82d/1769040000.0_mean_300.0_v3" "txf5464371e8504b47bfa1a-00697c4e5b" "object-server 21" 0.0008 "-" 17 0
Jan 30 06:23:23 standalone object-server[127451]: 172.20.0.100 - - [30/Jan/2026:06:23:23 +0000] "PUT /d1/676/AUTH_bb095502870147c682a17549ab21d6b7/gnocchi.a1067f37-4a63-44ea-acde-e03def02d82d/1769040000.0_mean_300.0_v3" 201 - "PUT http://172.18.0.2:8080/v1/AUTH_bb095502870147c682a17549ab21d6b7/gnocchi.a1067f37-4a63-44ea-acde-e03def02d82d/1769040000.0_mean_300.0_v3" "txf5464371e8504b47bfa1a-00697c4e5b" "proxy-server 12" 0.0120 "-" 21 0
Jan 30 06:23:23 standalone proxy-server[129384]: 172.18.0.2 172.18.0.100 30/Jan/2026/06/23/23 PUT /v1/AUTH_bb095502870147c682a17549ab21d6b7/gnocchi.a1067f37-4a63-44ea-acde-e03def02d82d/1769040000.0_mean_300.0_v3 HTTP/1.0 201 - python-swiftclient-3.11.1 gAAAAABpfE2qeuGt... 16 - - txf5464371e8504b47bfa1a-00697c4e5b - 0.0179 - - 1769754203.137845039 1769754203.155759096 0
