Jan 30 06:23:26 standalone container-server[127059]: 172.20.0.100 - - [30/Jan/2026:06:23:26 +0000] "HEAD /d1/950/AUTH_bb095502870147c682a17549ab21d6b7/gnocchi.e9da0f2f-6505-4d47-9470-b3bc8f163235" 404 - "HEAD http://172.18.0.2:8080/v1/AUTH_bb095502870147c682a17549ab21d6b7/gnocchi.e9da0f2f-6505-4d47-9470-b3bc8f163235?format=json&states=listing" "tx6cebc35742d24e9599fbf-00697c4e5e" "proxy-server 12" 0.0004 "-" 11 0
Jan 30 06:23:26 standalone object-server[127452]: 172.20.0.100 - - [30/Jan/2026:06:23:26 +0000] "GET /d1/924/AUTH_bb095502870147c682a17549ab21d6b7/gnocchi.e9da0f2f-6505-4d47-9470-b3bc8f163235/none_v3" 404 70 "GET http://172.18.0.2:8080/v1/AUTH_bb095502870147c682a17549ab21d6b7/gnocchi.e9da0f2f-6505-4d47-9470-b3bc8f163235/none_v3" "tx6cebc35742d24e9599fbf-00697c4e5e" "proxy-server 12" 0.0003 "-" 22 0
Jan 30 06:23:26 standalone proxy-server[129384]: 172.18.0.2 172.18.0.100 30/Jan/2026/06/23/26 GET /v1/AUTH_bb095502870147c682a17549ab21d6b7/gnocchi.e9da0f2f-6505-4d47-9470-b3bc8f163235/none_v3 HTTP/1.0 404 - python-swiftclient-3.11.1 gAAAAABpfE2qeuGt... - 70 - tx6cebc35742d24e9599fbf-00697c4e5e - 0.0111 - - 1769754206.073860884 1769754206.084920168 0
Jan 30 06:23:26 standalone account-server[127285]: 172.20.0.100 - - [30/Jan/2026:06:23:26 +0000] "PUT /d1/762/AUTH_bb095502870147c682a17549ab21d6b7/gnocchi.e9da0f2f-6505-4d47-9470-b3bc8f163235" 201 - "PUT http://172.20.0.100:6001/d1/950/AUTH_bb095502870147c682a17549ab21d6b7/gnocchi.e9da0f2f-6505-4d47-9470-b3bc8f163235" "tx1c0ed65355164811a1659-00697c4e5e" "container-server 11" 0.0066 "-" 20 0
Jan 30 06:23:26 standalone container-server[127059]: 172.20.0.100 - - [30/Jan/2026:06:23:26 +0000] "PUT /d1/950/AUTH_bb095502870147c682a17549ab21d6b7/gnocchi.e9da0f2f-6505-4d47-9470-b3bc8f163235" 201 - "PUT http://172.18.0.2:8080/v1/AUTH_bb095502870147c682a17549ab21d6b7/gnocchi.e9da0f2f-6505-4d47-9470-b3bc8f163235" "tx1c0ed65355164811a1659-00697c4e5e" "proxy-server 12" 0.0194 "-" 11 0
Jan 30 06:23:26 standalone proxy-server[129384]: 172.18.0.2 172.18.0.100 30/Jan/2026/06/23/26 PUT /v1/AUTH_bb095502870147c682a17549ab21d6b7/gnocchi.e9da0f2f-6505-4d47-9470-b3bc8f163235 HTTP/1.0 201 - python-swiftclient-3.11.1 gAAAAABpfE2qeuGt... - - - tx1c0ed65355164811a1659-00697c4e5e - 0.0254 - - 1769754206.087461710 1769754206.112822533 0
Jan 30 06:23:26 standalone container-server[127059]: 172.20.0.100 - - [30/Jan/2026:06:23:26 +0000] "HEAD /d1/950/AUTH_bb095502870147c682a17549ab21d6b7/gnocchi.e9da0f2f-6505-4d47-9470-b3bc8f163235" 204 - "HEAD http://172.18.0.2:8080/v1/AUTH_bb095502870147c682a17549ab21d6b7/gnocchi.e9da0f2f-6505-4d47-9470-b3bc8f163235?format=json&states=listing" "txd0709a9b59364cb495e2e-00697c4e5e" "proxy-server 12" 0.0019 "-" 11 0
Jan 30 06:23:26 standalone proxy-server[129384]: - - 30/Jan/2026/06/23/26 HEAD /v1/AUTH_bb095502870147c682a17549ab21d6b7/gnocchi.e9da0f2f-6505-4d47-9470-b3bc8f163235%3Fformat%3Djson%26states%3Dlisting HTTP/1.0 204 - Swift - - - - txd0709a9b59364cb495e2e-00697c4e5e - 0.0062 RL - 1769754206.117741823 1769754206.123892546 0
Jan 30 06:23:26 standalone container-server[127072]: 172.20.0.100 - - [30/Jan/2026:06:23:26 +0000] "GET /d1/950/AUTH_bb095502870147c682a17549ab21d6b7/gnocchi.e9da0f2f-6505-4d47-9470-b3bc8f163235" 200 2 "GET http://172.18.0.2:8080/v1/AUTH_bb095502870147c682a17549ab21d6b7/gnocchi.e9da0f2f-6505-4d47-9470-b3bc8f163235?format=json&states=listing" "txd0709a9b59364cb495e2e-00697c4e5e" "proxy-server 12" 0.0017 "-" 17 0
Jan 30 06:23:26 standalone proxy-server[129384]: 172.18.0.2 172.18.0.100 30/Jan/2026/06/23/26 GET /v1/AUTH_bb095502870147c682a17549ab21d6b7/gnocchi.e9da0f2f-6505-4d47-9470-b3bc8f163235%3Fformat%3Djson%26states%3Dlisting HTTP/1.0 200 - python-swiftclient-3.11.1 gAAAAABpfE2qeuGt... - 2 - txd0709a9b59364cb495e2e-00697c4e5e - 0.0166 - - 1769754206.116393566 1769754206.132981300 0
Jan 30 06:23:26 standalone object-server[127453]: 172.20.0.100 - - [30/Jan/2026:06:23:26 +0000] "GET /d1/848/AUTH_bb095502870147c682a17549ab21d6b7/gnocchi.e9da0f2f-6505-4d47-9470-b3bc8f163235/1769040000.0_mean_300.0_v3" 404 70 "GET http://172.18.0.2:8080/v1/AUTH_bb095502870147c682a17549ab21d6b7/gnocchi.e9da0f2f-6505-4d47-9470-b3bc8f163235/1769040000.0_mean_300.0_v3" "txf7fcdd6ff80447a3a3022-00697c4e5e" "proxy-server 12" 0.0005 "-" 23 0
Jan 30 06:23:26 standalone proxy-server[129384]: 172.18.0.2 172.18.0.100 30/Jan/2026/06/23/26 GET /v1/AUTH_bb095502870147c682a17549ab21d6b7/gnocchi.e9da0f2f-6505-4d47-9470-b3bc8f163235/1769040000.0_mean_300.0_v3 HTTP/1.0 404 - python-swiftclient-3.11.1 gAAAAABpfE2qeuGt... - 70 - txf7fcdd6ff80447a3a3022-00697c4e5e - 0.0074 - - 1769754206.136852503 1769754206.144214630 0
Jan 30 06:23:26 standalone container-server[127067]: 172.20.0.100 - - [30/Jan/2026:06:23:26 +0000] "PUT /d1/950/AUTH_bb095502870147c682a17549ab21d6b7/gnocchi.e9da0f2f-6505-4d47-9470-b3bc8f163235/1769040000.0_mean_300.0_v3" 201 - "PUT http://172.18.0.2:8080/d1/848/AUTH_bb095502870147c682a17549ab21d6b7/gnocchi.e9da0f2f-6505-4d47-9470-b3bc8f163235/1769040000.0_mean_300.0_v3" "tx2a1aad59e3c54646b5ca7-00697c4e5e" "object-server 23" 0.0005 "-" 14 0
Jan 30 06:23:26 standalone object-server[127453]: 172.20.0.100 - - [30/Jan/2026:06:23:26 +0000] "PUT /d1/848/AUTH_bb095502870147c682a17549ab21d6b7/gnocchi.e9da0f2f-6505-4d47-9470-b3bc8f163235/1769040000.0_mean_300.0_v3" 201 - "PUT http://172.18.0.2:8080/v1/AUTH_bb095502870147c682a17549ab21d6b7/gnocchi.e9da0f2f-6505-4d47-9470-b3bc8f163235/1769040000.0_mean_300.0_v3" "tx2a1aad59e3c54646b5ca7-00697c4e5e" "proxy-server 12" 0.0116 "-" 23 0
Jan 30 06:23:26 standalone proxy-server[129384]: 172.18.0.2 172.18.0.100 30/Jan/2026/06/23/26 PUT /v1/AUTH_bb095502870147c682a17549ab21d6b7/gnocchi.e9da0f2f-6505-4d47-9470-b3bc8f163235/1769040000.0_mean_300.0_v3 HTTP/1.0 201 - python-swiftclient-3.11.1 gAAAAABpfE2qeuGt... 16 - - tx2a1aad59e3c54646b5ca7-00697c4e5e - 0.0185 - - 1769754206.146737099 1769754206.165254831 0
Jan 30 06:23:26 standalone container-server[127067]: 172.20.0.100 - - [30/Jan/2026:06:23:26 +0000] "PUT /d1/950/AUTH_bb095502870147c682a17549ab21d6b7/gnocchi.e9da0f2f-6505-4d47-9470-b3bc8f163235/none_v3" 201 - "PUT http://172.18.0.2:8080/d1/924/AUTH_bb095502870147c682a17549ab21d6b7/gnocchi.e9da0f2f-6505-4d47-9470-b3bc8f163235/none_v3" "txf23ab70d899d4551a840d-00697c4e5e" "object-server 22" 0.0003 "-" 14 0
Jan 30 06:23:26 standalone object-server[127452]: 172.20.0.100 - - [30/Jan/2026:06:23:26 +0000] "PUT /d1/924/AUTH_bb095502870147c682a17549ab21d6b7/gnocchi.e9da0f2f-6505-4d47-9470-b3bc8f163235/none_v3" 201 - "PUT http://172.18.0.2:8080/v1/AUTH_bb095502870147c682a17549ab21d6b7/gnocchi.e9da0f2f-6505-4d47-9470-b3bc8f163235/none_v3" "txf23ab70d899d4551a840d-00697c4e5e" "proxy-server 12" 0.0083 "-" 22 0
Jan 30 06:23:26 standalone proxy-server[129384]: 172.18.0.2 172.18.0.100 30/Jan/2026/06/23/26 PUT /v1/AUTH_bb095502870147c682a17549ab21d6b7/gnocchi.e9da0f2f-6505-4d47-9470-b3bc8f163235/none_v3 HTTP/1.0 201 - python-swiftclient-3.11.1 gAAAAABpfE2qeuGt... 22 - - txf23ab70d899d4551a840d-00697c4e5e - 0.0147 - - 1769754206.167761803 1769754206.182450533 0
Jan 30 06:23:26 standalone container-server[127054]: 172.20.0.100 - - [30/Jan/2026:06:23:26 +0000] "HEAD /d1/727/AUTH_bb095502870147c682a17549ab21d6b7/gnocchi.aaef6792-bb0e-4a57-af33-cc06beedaa11" 404 - "HEAD http://172.18.0.2:8080/v1/AUTH_bb095502870147c682a17549ab21d6b7/gnocchi.aaef6792-bb0e-4a57-af33-cc06beedaa11?format=json&states=listing" "tx82182f2529ec4b44816ab-00697c4e5e" "proxy-server 12" 0.0004 "-" 9 0
Jan 30 06:23:26 standalone object-server[127455]: 172.20.0.100 - - [30/Jan/2026:06:23:26 +0000] "GET /d1/123/AUTH_bb095502870147c682a17549ab21d6b7/gnocchi.aaef6792-bb0e-4a57-af33-cc06beedaa11/none_v3" 404 70 "GET http://172.18.0.2:8080/v1/AUTH_bb095502870147c682a17549ab21d6b7/gnocchi.aaef6792-bb0e-4a57-af33-cc06beedaa11/none_v3" "tx82182f2529ec4b44816ab-00697c4e5e" "proxy-server 12" 0.0003 "-" 24 0
Jan 30 06:23:26 standalone proxy-server[129384]: 172.18.0.2 172.18.0.100 30/Jan/2026/06/23/26 GET /v1/AUTH_bb095502870147c682a17549ab21d6b7/gnocchi.aaef6792-bb0e-4a57-af33-cc06beedaa11/none_v3 HTTP/1.0 404 - python-swiftclient-3.11.1 gAAAAABpfE2qeuGt... - 70 - tx82182f2529ec4b44816ab-00697c4e5e - 0.0103 - - 1769754206.192123413 1769754206.202445507 0
Jan 30 06:23:26 standalone account-server[127300]: 172.20.0.100 - - [30/Jan/2026:06:23:26 +0000] "PUT /d1/762/AUTH_bb095502870147c682a17549ab21d6b7/gnocchi.aaef6792-bb0e-4a57-af33-cc06beedaa11" 201 - "PUT http://172.20.0.100:6001/d1/727/AUTH_bb095502870147c682a17549ab21d6b7/gnocchi.aaef6792-bb0e-4a57-af33-cc06beedaa11" "tx25d334a45d4248d4b5c0a-00697c4e5e" "container-server 14" 0.0068 "-" 22 0
Jan 30 06:23:26 standalone container-server[127067]: 172.20.0.100 - - [30/Jan/2026:06:23:26 +0000] "PUT /d1/727/AUTH_bb095502870147c682a17549ab21d6b7/gnocchi.aaef6792-bb0e-4a57-af33-cc06beedaa11" 201 - "PUT http://172.18.0.2:8080/v1/AUTH_bb095502870147c682a17549ab21d6b7/gnocchi.aaef6792-bb0e-4a57-af33-cc06beedaa11" "tx25d334a45d4248d4b5c0a-00697c4e5e" "proxy-server 12" 0.0162 "-" 14 0
Jan 30 06:23:26 standalone proxy-server[129384]: 172.18.0.2 172.18.0.100 30/Jan/2026/06/23/26 PUT /v1/AUTH_bb095502870147c682a17549ab21d6b7/gnocchi.aaef6792-bb0e-4a57-af33-cc06beedaa11 HTTP/1.0 201 - python-swiftclient-3.11.1 gAAAAABpfE2qeuGt... - - - tx25d334a45d4248d4b5c0a-00697c4e5e - 0.0284 - - 1769754206.205306768 1769754206.233710051 0
Jan 30 06:23:26 standalone container-server[127054]: 172.20.0.100 - - [30/Jan/2026:06:23:26 +0000] "HEAD /d1/727/AUTH_bb095502870147c682a17549ab21d6b7/gnocchi.aaef6792-bb0e-4a57-af33-cc06beedaa11" 204 - "HEAD http://172.18.0.2:8080/v1/AUTH_bb095502870147c682a17549ab21d6b7/gnocchi.aaef6792-bb0e-4a57-af33-cc06beedaa11?format=json&states=listing" "txf1bdd8c48f0a44d6999cb-00697c4e5e" "proxy-server 12" 0.0011 "-" 9 0
Jan 30 06:23:26 standalone proxy-server[129384]: - - 30/Jan/2026/06/23/26 HEAD /v1/AUTH_bb095502870147c682a17549ab21d6b7/gnocchi.aaef6792-bb0e-4a57-af33-cc06beedaa11%3Fformat%3Djson%26states%3Dlisting HTTP/1.0 204 - Swift - - - - txf1bdd8c48f0a44d6999cb-00697c4e5e - 0.0046 RL - 1769754206.240437031 1769754206.245048523 0
Jan 30 06:23:26 standalone container-server[127054]: 172.20.0.100 - - [30/Jan/2026:06:23:26 +0000] "GET /d1/727/AUTH_bb095502870147c682a17549ab21d6b7/gnocchi.aaef6792-bb0e-4a57-af33-cc06beedaa11" 200 2 "GET http://172.18.0.2:8080/v1/AUTH_bb095502870147c682a17549ab21d6b7/gnocchi.aaef6792-bb0e-4a57-af33-cc06beedaa11?format=json&states=listing" "txf1bdd8c48f0a44d6999cb-00697c4e5e" "proxy-server 12" 0.0014 "-" 9 0
Jan 30 06:23:26 standalone proxy-server[129384]: 172.18.0.2 172.18.0.100 30/Jan/2026/06/23/26 GET /v1/AUTH_bb095502870147c682a17549ab21d6b7/gnocchi.aaef6792-bb0e-4a57-af33-cc06beedaa11%3Fformat%3Djson%26states%3Dlisting HTTP/1.0 200 - python-swiftclient-3.11.1 gAAAAABpfE2qeuGt... - 2 - txf1bdd8c48f0a44d6999cb-00697c4e5e - 0.0147 - - 1769754206.238524914 1769754206.253211975 0
Jan 30 06:23:26 standalone object-server[127452]: 172.20.0.100 - - [30/Jan/2026:06:23:26 +0000] "GET /d1/531/AUTH_bb095502870147c682a17549ab21d6b7/gnocchi.aaef6792-bb0e-4a57-af33-cc06beedaa11/1769040000.0_mean_300.0_v3" 404 70 "GET http://172.18.0.2:8080/v1/AUTH_bb095502870147c682a17549ab21d6b7/gnocchi.aaef6792-bb0e-4a57-af33-cc06beedaa11/1769040000.0_mean_300.0_v3" "tx95c0ee56a0534ccaaae8d-00697c4e5e" "proxy-server 12" 0.0004 "-" 22 0
Jan 30 06:23:26 standalone proxy-server[129384]: 172.18.0.2 172.18.0.100 30/Jan/2026/06/23/26 GET /v1/AUTH_bb095502870147c682a17549ab21d6b7/gnocchi.aaef6792-bb0e-4a57-af33-cc06beedaa11/1769040000.0_mean_300.0_v3 HTTP/1.0 404 - python-swiftclient-3.11.1 gAAAAABpfE2qeuGt... - 70 - tx95c0ee56a0534ccaaae8d-00697c4e5e - 0.0075 - - 1769754206.258164167 1769754206.265625715 0
Jan 30 06:23:26 standalone container-server[127067]: 172.20.0.100 - - [30/Jan/2026:06:23:26 +0000] "PUT /d1/727/AUTH_bb095502870147c682a17549ab21d6b7/gnocchi.aaef6792-bb0e-4a57-af33-cc06beedaa11/1769040000.0_mean_300.0_v3" 201 - "PUT http://172.18.0.2:8080/d1/531/AUTH_bb095502870147c682a17549ab21d6b7/gnocchi.aaef6792-bb0e-4a57-af33-cc06beedaa11/1769040000.0_mean_300.0_v3" "txe0f6ad3922ef4e9aa421f-00697c4e5e" "object-server 22" 0.0009 "-" 14 0
Jan 30 06:23:26 standalone object-server[127452]: 172.20.0.100 - - [30/Jan/2026:06:23:26 +0000] "PUT /d1/531/AUTH_bb095502870147c682a17549ab21d6b7/gnocchi.aaef6792-bb0e-4a57-af33-cc06beedaa11/1769040000.0_mean_300.0_v3" 201 - "PUT http://172.18.0.2:8080/v1/AUTH_bb095502870147c682a17549ab21d6b7/gnocchi.aaef6792-bb0e-4a57-af33-cc06beedaa11/1769040000.0_mean_300.0_v3" "txe0f6ad3922ef4e9aa421f-00697c4e5e" "proxy-server 12" 0.0105 "-" 22 0
Jan 30 06:23:26 standalone proxy-server[129384]: 172.18.0.2 172.18.0.100 30/Jan/2026/06/23/26 PUT /v1/AUTH_bb095502870147c682a17549ab21d6b7/gnocchi.aaef6792-bb0e-4a57-af33-cc06beedaa11/1769040000.0_mean_300.0_v3 HTTP/1.0 201 - python-swiftclient-3.11.1 gAAAAABpfE2qeuGt... 16 - - txe0f6ad3922ef4e9aa421f-00697c4e5e - 0.0168 - - 1769754206.269446611 1769754206.286248684 0
Jan 30 06:23:26 standalone container-server[127054]: 172.20.0.100 - - [30/Jan/2026:06:23:26 +0000] "PUT /d1/727/AUTH_bb095502870147c682a17549ab21d6b7/gnocchi.aaef6792-bb0e-4a57-af33-cc06beedaa11/none_v3" 201 - "PUT http://172.18.0.2:8080/d1/123/AUTH_bb095502870147c682a17549ab21d6b7/gnocchi.aaef6792-bb0e-4a57-af33-cc06beedaa11/none_v3" "tx87493a5bc9694b69a573b-00697c4e5e" "object-server 22" 0.0009 "-" 9 0
Jan 30 06:23:26 standalone object-server[127452]: 172.20.0.100 - - [30/Jan/2026:06:23:26 +0000] "PUT /d1/123/AUTH_bb095502870147c682a17549ab21d6b7/gnocchi.aaef6792-bb0e-4a57-af33-cc06beedaa11/none_v3" 201 - "PUT http://172.18.0.2:8080/v1/AUTH_bb095502870147c682a17549ab21d6b7/gnocchi.aaef6792-bb0e-4a57-af33-cc06beedaa11/none_v3" "tx87493a5bc9694b69a573b-00697c4e5e" "proxy-server 12" 0.0108 "-" 22 0
Jan 30 06:23:26 standalone proxy-server[129384]: 172.18.0.2 172.18.0.100 30/Jan/2026/06/23/26 PUT /v1/AUTH_bb095502870147c682a17549ab21d6b7/gnocchi.aaef6792-bb0e-4a57-af33-cc06beedaa11/none_v3 HTTP/1.0 201 - python-swiftclient-3.11.1 gAAAAABpfE2qeuGt... 22 - - tx87493a5bc9694b69a573b-00697c4e5e - 0.0169 - - 1769754206.289658070 1769754206.306553125 0
Jan 30 06:23:26 standalone container-server[127072]: 172.20.0.100 - - [30/Jan/2026:06:23:26 +0000] "HEAD /d1/88/AUTH_bb095502870147c682a17549ab21d6b7/gnocchi.4a5bb8f4-b341-4f4c-9bff-fb63967e4e0b" 404 - "HEAD http://172.18.0.2:8080/v1/AUTH_bb095502870147c682a17549ab21d6b7/gnocchi.4a5bb8f4-b341-4f4c-9bff-fb63967e4e0b?format=json&states=listing" "txde95fbf5d09c422ba40d6-00697c4e5e" "proxy-server 12" 0.0004 "-" 17 0
Jan 30 06:23:26 standalone object-server[127453]: 172.20.0.100 - - [30/Jan/2026:06:23:26 +0000] "GET /d1/318/AUTH_bb095502870147c682a17549ab21d6b7/gnocchi.4a5bb8f4-b341-4f4c-9bff-fb63967e4e0b/none_v3" 404 70 "GET http://172.18.0.2:8080/v1/AUTH_bb095502870147c682a17549ab21d6b7/gnocchi.4a5bb8f4-b341-4f4c-9bff-fb63967e4e0b/none_v3" "txde95fbf5d09c422ba40d6-00697c4e5e" "proxy-server 12" 0.0005 "-" 23 0
Jan 30 06:23:26 standalone proxy-server[129384]: 172.18.0.2 172.18.0.100 30/Jan/2026/06/23/26 GET /v1/AUTH_bb095502870147c682a17549ab21d6b7/gnocchi.4a5bb8f4-b341-4f4c-9bff-fb63967e4e0b/none_v3 HTTP/1.0 404 - python-swiftclient-3.11.1 gAAAAABpfE2qeuGt... - 70 - txde95fbf5d09c422ba40d6-00697c4e5e - 0.0130 - - 1769754206.322980642 1769754206.335931301 0
Jan 30 06:23:26 standalone account-server[127300]: 172.20.0.100 - - [30/Jan/2026:06:23:26 +0000] "PUT /d1/762/AUTH_bb095502870147c682a17549ab21d6b7/gnocchi.4a5bb8f4-b341-4f4c-9bff-fb63967e4e0b" 201 - "PUT http://172.20.0.100:6001/d1/88/AUTH_bb095502870147c682a17549ab21d6b7/gnocchi.4a5bb8f4-b341-4f4c-9bff-fb63967e4e0b" "txd261ad451ce8401da0e15-00697c4e5e" "container-server 17" 0.0066 "-" 22 0
Jan 30 06:23:26 standalone container-server[127072]: 172.20.0.100 - - [30/Jan/2026:06:23:26 +0000] "PUT /d1/88/AUTH_bb095502870147c682a17549ab21d6b7/gnocchi.4a5bb8f4-b341-4f4c-9bff-fb63967e4e0b" 201 - "PUT http://172.18.0.2:8080/v1/AUTH_bb095502870147c682a17549ab21d6b7/gnocchi.4a5bb8f4-b341-4f4c-9bff-fb63967e4e0b" "txd261ad451ce8401da0e15-00697c4e5e" "proxy-server 12" 0.0197 "-" 17 0
Jan 30 06:23:26 standalone proxy-server[129384]: 172.18.0.2 172.18.0.100 30/Jan/2026/06/23/26 PUT /v1/AUTH_bb095502870147c682a17549ab21d6b7/gnocchi.4a5bb8f4-b341-4f4c-9bff-fb63967e4e0b HTTP/1.0 201 - python-swiftclient-3.11.1 gAAAAABpfE2qeuGt... - - - txd261ad451ce8401da0e15-00697c4e5e - 0.0278 - - 1769754206.339657784 1769754206.367431641 0
Jan 30 06:23:26 standalone container-server[127054]: 172.20.0.100 - - [30/Jan/2026:06:23:26 +0000] "HEAD /d1/88/AUTH_bb095502870147c682a17549ab21d6b7/gnocchi.4a5bb8f4-b341-4f4c-9bff-fb63967e4e0b" 204 - "HEAD http://172.18.0.2:8080/v1/AUTH_bb095502870147c682a17549ab21d6b7/gnocchi.4a5bb8f4-b341-4f4c-9bff-fb63967e4e0b?format=json&states=listing" "tx5111dc41f4794a4888384-00697c4e5e" "proxy-server 12" 0.0021 "-" 9 0
Jan 30 06:23:26 standalone proxy-server[129384]: - - 30/Jan/2026/06/23/26 HEAD /v1/AUTH_bb095502870147c682a17549ab21d6b7/gnocchi.4a5bb8f4-b341-4f4c-9bff-fb63967e4e0b%3Fformat%3Djson%26states%3Dlisting HTTP/1.0 204 - Swift - - - - tx5111dc41f4794a4888384-00697c4e5e - 0.0069 RL - 1769754206.375316143 1769754206.382251263 0
Jan 30 06:23:26 standalone container-server[127072]: 172.20.0.100 - - [30/Jan/2026:06:23:26 +0000] "GET /d1/88/AUTH_bb095502870147c682a17549ab21d6b7/gnocchi.4a5bb8f4-b341-4f4c-9bff-fb63967e4e0b" 200 2 "GET http://172.18.0.2:8080/v1/AUTH_bb095502870147c682a17549ab21d6b7/gnocchi.4a5bb8f4-b341-4f4c-9bff-fb63967e4e0b?format=json&states=listing" "tx5111dc41f4794a4888384-00697c4e5e" "proxy-server 12" 0.0033 "-" 17 0
Jan 30 06:23:26 standalone proxy-server[129384]: 172.18.0.2 172.18.0.100 30/Jan/2026/06/23/26 GET /v1/AUTH_bb095502870147c682a17549ab21d6b7/gnocchi.4a5bb8f4-b341-4f4c-9bff-fb63967e4e0b%3Fformat%3Djson%26states%3Dlisting HTTP/1.0 200 - python-swiftclient-3.11.1 gAAAAABpfE2qeuGt... - 2 - tx5111dc41f4794a4888384-00697c4e5e - 0.0206 - - 1769754206.373547554 1769754206.394142151 0
Jan 30 06:23:26 standalone object-server[127455]: 172.20.0.100 - - [30/Jan/2026:06:23:26 +0000] "GET /d1/194/AUTH_bb095502870147c682a17549ab21d6b7/gnocchi.4a5bb8f4-b341-4f4c-9bff-fb63967e4e0b/1769040000.0_mean_300.0_v3" 404 70 "GET http://172.18.0.2:8080/v1/AUTH_bb095502870147c682a17549ab21d6b7/gnocchi.4a5bb8f4-b341-4f4c-9bff-fb63967e4e0b/1769040000.0_mean_300.0_v3" "tx862060d2b1224afeb66bd-00697c4e5e" "proxy-server 12" 0.0005 "-" 24 0
Jan 30 06:23:26 standalone proxy-server[129384]: 172.18.0.2 172.18.0.100 30/Jan/2026/06/23/26 GET /v1/AUTH_bb095502870147c682a17549ab21d6b7/gnocchi.4a5bb8f4-b341-4f4c-9bff-fb63967e4e0b/1769040000.0_mean_300.0_v3 HTTP/1.0 404 - python-swiftclient-3.11.1 gAAAAABpfE2qeuGt... - 70 - tx862060d2b1224afeb66bd-00697c4e5e - 0.0078 - - 1769754206.399078369 1769754206.406898022 0
Jan 30 06:23:26 standalone container-server[127059]: 172.20.0.100 - - [30/Jan/2026:06:23:26 +0000] "PUT /d1/88/AUTH_bb095502870147c682a17549ab21d6b7/gnocchi.4a5bb8f4-b341-4f4c-9bff-fb63967e4e0b/1769040000.0_mean_300.0_v3" 201 - "PUT http://172.18.0.2:8080/d1/194/AUTH_bb095502870147c682a17549ab21d6b7/gnocchi.4a5bb8f4-b341-4f4c-9bff-fb63967e4e0b/1769040000.0_mean_300.0_v3" "txb7dc503c4f5c43ecae4fc-00697c4e5e" "object-server 24" 0.0008 "-" 11 0
Jan 30 06:23:26 standalone object-server[127455]: 172.20.0.100 - - [30/Jan/2026:06:23:26 +0000] "PUT /d1/194/AUTH_bb095502870147c682a17549ab21d6b7/gnocchi.4a5bb8f4-b341-4f4c-9bff-fb63967e4e0b/1769040000.0_mean_300.0_v3" 201 - "PUT http://172.18.0.2:8080/v1/AUTH_bb095502870147c682a17549ab21d6b7/gnocchi.4a5bb8f4-b341-4f4c-9bff-fb63967e4e0b/1769040000.0_mean_300.0_v3" "txb7dc503c4f5c43ecae4fc-00697c4e5e" "proxy-server 12" 0.0120 "-" 24 0
Jan 30 06:23:26 standalone proxy-server[129384]: 172.18.0.2 172.18.0.100 30/Jan/2026/06/23/26 PUT /v1/AUTH_bb095502870147c682a17549ab21d6b7/gnocchi.4a5bb8f4-b341-4f4c-9bff-fb63967e4e0b/1769040000.0_mean_300.0_v3 HTTP/1.0 201 - python-swiftclient-3.11.1 gAAAAABpfE2qeuGt... 16 - - txb7dc503c4f5c43ecae4fc-00697c4e5e - 0.0200 - - 1769754206.411817312 1769754206.431769371 0
Jan 30 06:23:26 standalone container-server[127067]: 172.20.0.100 - - [30/Jan/2026:06:23:26 +0000] "PUT /d1/88/AUTH_bb095502870147c682a17549ab21d6b7/gnocchi.4a5bb8f4-b341-4f4c-9bff-fb63967e4e0b/none_v3" 201 - "PUT http://172.18.0.2:8080/d1/318/AUTH_bb095502870147c682a17549ab21d6b7/gnocchi.4a5bb8f4-b341-4f4c-9bff-fb63967e4e0b/none_v3" "tx145c2c262d1b4ce1a9f1c-00697c4e5e" "object-server 23" 0.0009 "-" 14 0
Jan 30 06:23:26 standalone object-server[127453]: 172.20.0.100 - - [30/Jan/2026:06:23:26 +0000] "PUT /d1/318/AUTH_bb095502870147c682a17549ab21d6b7/gnocchi.4a5bb8f4-b341-4f4c-9bff-fb63967e4e0b/none_v3" 201 - "PUT http://172.18.0.2:8080/v1/AUTH_bb095502870147c682a17549ab21d6b7/gnocchi.4a5bb8f4-b341-4f4c-9bff-fb63967e4e0b/none_v3" "tx145c2c262d1b4ce1a9f1c-00697c4e5e" "proxy-server 12" 0.0132 "-" 23 0
Jan 30 06:23:26 standalone proxy-server[129384]: 172.18.0.2 172.18.0.100 30/Jan/2026/06/23/26 PUT /v1/AUTH_bb095502870147c682a17549ab21d6b7/gnocchi.4a5bb8f4-b341-4f4c-9bff-fb63967e4e0b/none_v3 HTTP/1.0 201 - python-swiftclient-3.11.1 gAAAAABpfE2qeuGt... 22 - - tx145c2c262d1b4ce1a9f1c-00697c4e5e - 0.0222 - - 1769754206.435734987 1769754206.457932711 0
Jan 30 06:23:26 standalone container-server[127072]: 172.20.0.100 - - [30/Jan/2026:06:23:26 +0000] "HEAD /d1/917/AUTH_bb095502870147c682a17549ab21d6b7/gnocchi.00ebd308-d5d0-4b78-8cb6-7ab8c1675b05" 404 - "HEAD http://172.18.0.2:8080/v1/AUTH_bb095502870147c682a17549ab21d6b7/gnocchi.00ebd308-d5d0-4b78-8cb6-7ab8c1675b05?format=json&states=listing" "tx6d389d5b550b4e34a4966-00697c4e5e" "proxy-server 12" 0.0006 "-" 17 0
Jan 30 06:23:26 standalone object-server[127452]: 172.20.0.100 - - [30/Jan/2026:06:23:26 +0000] "GET /d1/297/AUTH_bb095502870147c682a17549ab21d6b7/gnocchi.00ebd308-d5d0-4b78-8cb6-7ab8c1675b05/none_v3" 404 70 "GET http://172.18.0.2:8080/v1/AUTH_bb095502870147c682a17549ab21d6b7/gnocchi.00ebd308-d5d0-4b78-8cb6-7ab8c1675b05/none_v3" "tx6d389d5b550b4e34a4966-00697c4e5e" "proxy-server 12" 0.0003 "-" 22 0
Jan 30 06:23:26 standalone proxy-server[129384]: 172.18.0.2 172.18.0.100 30/Jan/2026/06/23/26 GET /v1/AUTH_bb095502870147c682a17549ab21d6b7/gnocchi.00ebd308-d5d0-4b78-8cb6-7ab8c1675b05/none_v3 HTTP/1.0 404 - python-swiftclient-3.11.1 gAAAAABpfE2qeuGt... - 70 - tx6d389d5b550b4e34a4966-00697c4e5e - 0.0177 - - 1769754206.474622726 1769754206.492347479 0
Jan 30 06:23:26 standalone account-server[127300]: 172.20.0.100 - - [30/Jan/2026:06:23:26 +0000] "PUT /d1/762/AUTH_bb095502870147c682a17549ab21d6b7/gnocchi.00ebd308-d5d0-4b78-8cb6-7ab8c1675b05" 201 - "PUT http://172.20.0.100:6001/d1/917/AUTH_bb095502870147c682a17549ab21d6b7/gnocchi.00ebd308-d5d0-4b78-8cb6-7ab8c1675b05" "tx7d5a94b97d8f47f996036-00697c4e5e" "container-server 11" 0.0065 "-" 22 0
Jan 30 06:23:26 standalone container-server[127059]: 172.20.0.100 - - [30/Jan/2026:06:23:26 +0000] "PUT /d1/917/AUTH_bb095502870147c682a17549ab21d6b7/gnocchi.00ebd308-d5d0-4b78-8cb6-7ab8c1675b05" 201 - "PUT http://172.18.0.2:8080/v1/AUTH_bb095502870147c682a17549ab21d6b7/gnocchi.00ebd308-d5d0-4b78-8cb6-7ab8c1675b05" "tx7d5a94b97d8f47f996036-00697c4e5e" "proxy-server 12" 0.0227 "-" 11 0
Jan 30 06:23:26 standalone proxy-server[129384]: 172.18.0.2 172.18.0.100 30/Jan/2026/06/23/26 PUT /v1/AUTH_bb095502870147c682a17549ab21d6b7/gnocchi.00ebd308-d5d0-4b78-8cb6-7ab8c1675b05 HTTP/1.0 201 - python-swiftclient-3.11.1 gAAAAABpfE2qeuGt... - - - tx7d5a94b97d8f47f996036-00697c4e5e - 0.0280 - - 1769754206.496289015 1769754206.524338722 0
Jan 30 06:23:26 standalone container-server[127072]: 172.20.0.100 - - [30/Jan/2026:06:23:26 +0000] "HEAD /d1/917/AUTH_bb095502870147c682a17549ab21d6b7/gnocchi.00ebd308-d5d0-4b78-8cb6-7ab8c1675b05" 204 - "HEAD http://172.18.0.2:8080/v1/AUTH_bb095502870147c682a17549ab21d6b7/gnocchi.00ebd308-d5d0-4b78-8cb6-7ab8c1675b05?format=json&states=listing" "tx6d57ee8497904dd9ada9f-00697c4e5e" "proxy-server 12" 0.0020 "-" 17 0
Jan 30 06:23:26 standalone proxy-server[129384]: - - 30/Jan/2026/06/23/26 HEAD /v1/AUTH_bb095502870147c682a17549ab21d6b7/gnocchi.00ebd308-d5d0-4b78-8cb6-7ab8c1675b05%3Fformat%3Djson%26states%3Dlisting HTTP/1.0 204 - Swift - - - - tx6d57ee8497904dd9ada9f-00697c4e5e - 0.0059 RL - 1769754206.530342340 1769754206.536201477 0
Jan 30 06:23:26 standalone container-server[127067]: 172.20.0.100 - - [30/Jan/2026:06:23:26 +0000] "GET /d1/917/AUTH_bb095502870147c682a17549ab21d6b7/gnocchi.00ebd308-d5d0-4b78-8cb6-7ab8c1675b05" 200 2 "GET http://172.18.0.2:8080/v1/AUTH_bb095502870147c682a17549ab21d6b7/gnocchi.00ebd308-d5d0-4b78-8cb6-7ab8c1675b05?format=json&states=listing" "tx6d57ee8497904dd9ada9f-00697c4e5e" "proxy-server 12" 0.0034 "-" 14 0
Jan 30 06:23:26 standalone proxy-server[129384]: 172.18.0.2 172.18.0.100 30/Jan/2026/06/23/26 GET /v1/AUTH_bb095502870147c682a17549ab21d6b7/gnocchi.00ebd308-d5d0-4b78-8cb6-7ab8c1675b05%3Fformat%3Djson%26states%3Dlisting HTTP/1.0 200 - python-swiftclient-3.11.1 gAAAAABpfE2qeuGt... - 2 - tx6d57ee8497904dd9ada9f-00697c4e5e - 0.0169 - - 1769754206.528980017 1769754206.545902491 0
Jan 30 06:23:26 standalone object-server[127455]: 172.20.0.100 - - [30/Jan/2026:06:23:26 +0000] "GET /d1/617/AUTH_bb095502870147c682a17549ab21d6b7/gnocchi.00ebd308-d5d0-4b78-8cb6-7ab8c1675b05/1769040000.0_mean_300.0_v3" 404 70 "GET http://172.18.0.2:8080/v1/AUTH_bb095502870147c682a17549ab21d6b7/gnocchi.00ebd308-d5d0-4b78-8cb6-7ab8c1675b05/1769040000.0_mean_300.0_v3" "tx02cf936e04614eb7a75be-00697c4e5e" "proxy-server 12" 0.0005 "-" 24 0
Jan 30 06:23:26 standalone proxy-server[129384]: 172.18.0.2 172.18.0.100 30/Jan/2026/06/23/26 GET /v1/AUTH_bb095502870147c682a17549ab21d6b7/gnocchi.00ebd308-d5d0-4b78-8cb6-7ab8c1675b05/1769040000.0_mean_300.0_v3 HTTP/1.0 404 - python-swiftclient-3.11.1 gAAAAABpfE2qeuGt... - 70 - tx02cf936e04614eb7a75be-00697c4e5e - 0.0059 - - 1769754206.551647663 1769754206.557520866 0
Jan 30 06:23:26 standalone container-server[127067]: 172.20.0.100 - - [30/Jan/2026:06:23:26 +0000] "PUT /d1/917/AUTH_bb095502870147c682a17549ab21d6b7/gnocchi.00ebd308-d5d0-4b78-8cb6-7ab8c1675b05/1769040000.0_mean_300.0_v3" 201 - "PUT http://172.18.0.2:8080/d1/617/AUTH_bb095502870147c682a17549ab21d6b7/gnocchi.00ebd308-d5d0-4b78-8cb6-7ab8c1675b05/1769040000.0_mean_300.0_v3" "txbd25d6af7c024dc2b998f-00697c4e5e" "object-server 21" 0.0007 "-" 14 0
Jan 30 06:23:26 standalone object-server[127451]: 172.20.0.100 - - [30/Jan/2026:06:23:26 +0000] "PUT /d1/617/AUTH_bb095502870147c682a17549ab21d6b7/gnocchi.00ebd308-d5d0-4b78-8cb6-7ab8c1675b05/1769040000.0_mean_300.0_v3" 201 - "PUT http://172.18.0.2:8080/v1/AUTH_bb095502870147c682a17549ab21d6b7/gnocchi.00ebd308-d5d0-4b78-8cb6-7ab8c1675b05/1769040000.0_mean_300.0_v3" "txbd25d6af7c024dc2b998f-00697c4e5e" "proxy-server 12" 0.0112 "-" 21 0
Jan 30 06:23:26 standalone proxy-server[129384]: 172.18.0.2 172.18.0.100 30/Jan/2026/06/23/26 PUT /v1/AUTH_bb095502870147c682a17549ab21d6b7/gnocchi.00ebd308-d5d0-4b78-8cb6-7ab8c1675b05/1769040000.0_mean_300.0_v3 HTTP/1.0 201 - python-swiftclient-3.11.1 gAAAAABpfE2qeuGt... 16 - - txbd25d6af7c024dc2b998f-00697c4e5e - 0.0173 - - 1769754206.561454773 1769754206.578742027 0
Jan 30 06:23:26 standalone container-server[127067]: 172.20.0.100 - - [30/Jan/2026:06:23:26 +0000] "PUT /d1/917/AUTH_bb095502870147c682a17549ab21d6b7/gnocchi.00ebd308-d5d0-4b78-8cb6-7ab8c1675b05/none_v3" 201 - "PUT http://172.18.0.2:8080/d1/297/AUTH_bb095502870147c682a17549ab21d6b7/gnocchi.00ebd308-d5d0-4b78-8cb6-7ab8c1675b05/none_v3" "txfbdde8ca32694be7a2b01-00697c4e5e" "object-server 24" 0.0006 "-" 14 0
Jan 30 06:23:26 standalone object-server[127455]: 172.20.0.100 - - [30/Jan/2026:06:23:26 +0000] "PUT /d1/297/AUTH_bb095502870147c682a17549ab21d6b7/gnocchi.00ebd308-d5d0-4b78-8cb6-7ab8c1675b05/none_v3" 201 - "PUT http://172.18.0.2:8080/v1/AUTH_bb095502870147c682a17549ab21d6b7/gnocchi.00ebd308-d5d0-4b78-8cb6-7ab8c1675b05/none_v3" "txfbdde8ca32694be7a2b01-00697c4e5e" "proxy-server 12" 0.0107 "-" 24 0
Jan 30 06:23:26 standalone proxy-server[129384]: 172.18.0.2 172.18.0.100 30/Jan/2026/06/23/26 PUT /v1/AUTH_bb095502870147c682a17549ab21d6b7/gnocchi.00ebd308-d5d0-4b78-8cb6-7ab8c1675b05/none_v3 HTTP/1.0 201 - python-swiftclient-3.11.1 gAAAAABpfE2qeuGt... 22 - - txfbdde8ca32694be7a2b01-00697c4e5e - 0.0162 - - 1769754206.582104206 1769754206.598324060 0
Jan 30 06:23:26 standalone container-server[127067]: 172.20.0.100 - - [30/Jan/2026:06:23:26 +0000] "HEAD /d1/168/AUTH_bb095502870147c682a17549ab21d6b7/gnocchi.3e876734-7a06-4806-a15b-ff5c386d3807" 404 - "HEAD http://172.18.0.2:8080/v1/AUTH_bb095502870147c682a17549ab21d6b7/gnocchi.3e876734-7a06-4806-a15b-ff5c386d3807?format=json&states=listing" "tx922f6e8dc447490b8d4d6-00697c4e5e" "proxy-server 12" 0.0004 "-" 14 0
Jan 30 06:23:26 standalone object-server[127453]: 172.20.0.100 - - [30/Jan/2026:06:23:26 +0000] "GET /d1/798/AUTH_bb095502870147c682a17549ab21d6b7/gnocchi.3e876734-7a06-4806-a15b-ff5c386d3807/none_v3" 404 70 "GET http://172.18.0.2:8080/v1/AUTH_bb095502870147c682a17549ab21d6b7/gnocchi.3e876734-7a06-4806-a15b-ff5c386d3807/none_v3" "tx922f6e8dc447490b8d4d6-00697c4e5e" "proxy-server 12" 0.0006 "-" 23 0
Jan 30 06:23:26 standalone proxy-server[129384]: 172.18.0.2 172.18.0.100 30/Jan/2026/06/23/26 GET /v1/AUTH_bb095502870147c682a17549ab21d6b7/gnocchi.3e876734-7a06-4806-a15b-ff5c386d3807/none_v3 HTTP/1.0 404 - python-swiftclient-3.11.1 gAAAAABpfE2qeuGt... - 70 - tx922f6e8dc447490b8d4d6-00697c4e5e - 0.0127 - - 1769754206.612708807 1769754206.625384331 0
Jan 30 06:23:26 standalone account-server[127300]: 172.20.0.100 - - [30/Jan/2026:06:23:26 +0000] "PUT /d1/762/AUTH_bb095502870147c682a17549ab21d6b7/gnocchi.3e876734-7a06-4806-a15b-ff5c386d3807" 201 - "PUT http://172.20.0.100:6001/d1/168/AUTH_bb095502870147c682a17549ab21d6b7/gnocchi.3e876734-7a06-4806-a15b-ff5c386d3807" "txbc4ce23e9720498cb7e4e-00697c4e5e" "container-server 11" 0.0067 "-" 22 0
Jan 30 06:23:26 standalone container-server[127059]: 172.20.0.100 - - [30/Jan/2026:06:23:26 +0000] "PUT /d1/168/AUTH_bb095502870147c682a17549ab21d6b7/gnocchi.3e876734-7a06-4806-a15b-ff5c386d3807" 201 - "PUT http://172.18.0.2:8080/v1/AUTH_bb095502870147c682a17549ab21d6b7/gnocchi.3e876734-7a06-4806-a15b-ff5c386d3807" "txbc4ce23e9720498cb7e4e-00697c4e5e" "proxy-server 12" 0.0217 "-" 11 0
Jan 30 06:23:26 standalone proxy-server[129384]: 172.18.0.2 172.18.0.100 30/Jan/2026/06/23/26 PUT /v1/AUTH_bb095502870147c682a17549ab21d6b7/gnocchi.3e876734-7a06-4806-a15b-ff5c386d3807 HTTP/1.0 201 - python-swiftclient-3.11.1 gAAAAABpfE2qeuGt... - - - txbc4ce23e9720498cb7e4e-00697c4e5e - 0.0291 - - 1769754206.629769564 1769754206.658846617 0
Jan 30 06:23:26 standalone container-server[127067]: 172.20.0.100 - - [30/Jan/2026:06:23:26 +0000] "HEAD /d1/168/AUTH_bb095502870147c682a17549ab21d6b7/gnocchi.3e876734-7a06-4806-a15b-ff5c386d3807" 204 - "HEAD http://172.18.0.2:8080/v1/AUTH_bb095502870147c682a17549ab21d6b7/gnocchi.3e876734-7a06-4806-a15b-ff5c386d3807?format=json&states=listing" "tx64549df3668d4e9e8ea28-00697c4e5e" "proxy-server 12" 0.0022 "-" 14 0
Jan 30 06:23:26 standalone proxy-server[129384]: - - 30/Jan/2026/06/23/26 HEAD /v1/AUTH_bb095502870147c682a17549ab21d6b7/gnocchi.3e876734-7a06-4806-a15b-ff5c386d3807%3Fformat%3Djson%26states%3Dlisting HTTP/1.0 204 - Swift - - - - tx64549df3668d4e9e8ea28-00697c4e5e - 0.0072 RL - 1769754206.666487217 1769754206.673697233 0
Jan 30 06:23:26 standalone container-server[127059]: 172.20.0.100 - - [30/Jan/2026:06:23:26 +0000] "GET /d1/168/AUTH_bb095502870147c682a17549ab21d6b7/gnocchi.3e876734-7a06-4806-a15b-ff5c386d3807" 200 2 "GET http://172.18.0.2:8080/v1/AUTH_bb095502870147c682a17549ab21d6b7/gnocchi.3e876734-7a06-4806-a15b-ff5c386d3807?format=json&states=listing" "tx64549df3668d4e9e8ea28-00697c4e5e" "proxy-server 12" 0.0037 "-" 11 0
Jan 30 06:23:26 standalone proxy-server[129384]: 172.18.0.2 172.18.0.100 30/Jan/2026/06/23/26 GET /v1/AUTH_bb095502870147c682a17549ab21d6b7/gnocchi.3e876734-7a06-4806-a15b-ff5c386d3807%3Fformat%3Djson%26states%3Dlisting HTTP/1.0 200 - python-swiftclient-3.11.1 gAAAAABpfE2qeuGt... - 2 - tx64549df3668d4e9e8ea28-00697c4e5e - 0.0196 - - 1769754206.664647102 1769754206.684231520 0
Jan 30 06:23:26 standalone object-server[127452]: 172.20.0.100 - - [30/Jan/2026:06:23:26 +0000] "GET /d1/146/AUTH_bb095502870147c682a17549ab21d6b7/gnocchi.3e876734-7a06-4806-a15b-ff5c386d3807/1769040000.0_mean_300.0_v3" 404 70 "GET http://172.18.0.2:8080/v1/AUTH_bb095502870147c682a17549ab21d6b7/gnocchi.3e876734-7a06-4806-a15b-ff5c386d3807/1769040000.0_mean_300.0_v3" "tx4015b218fd4c4db6b05ce-00697c4e5e" "proxy-server 12" 0.0004 "-" 22 0
Jan 30 06:23:26 standalone proxy-server[129384]: 172.18.0.2 172.18.0.100 30/Jan/2026/06/23/26 GET /v1/AUTH_bb095502870147c682a17549ab21d6b7/gnocchi.3e876734-7a06-4806-a15b-ff5c386d3807/1769040000.0_mean_300.0_v3 HTTP/1.0 404 - python-swiftclient-3.11.1 gAAAAABpfE2qeuGt... - 70 - tx4015b218fd4c4db6b05ce-00697c4e5e - 0.0048 - - 1769754206.688161612 1769754206.693003893 0
Jan 30 06:23:26 standalone container-server[127054]: 172.20.0.100 - - [30/Jan/2026:06:23:26 +0000] "PUT /d1/168/AUTH_bb095502870147c682a17549ab21d6b7/gnocchi.3e876734-7a06-4806-a15b-ff5c386d3807/1769040000.0_mean_300.0_v3" 201 - "PUT http://172.18.0.2:8080/d1/146/AUTH_bb095502870147c682a17549ab21d6b7/gnocchi.3e876734-7a06-4806-a15b-ff5c386d3807/1769040000.0_mean_300.0_v3" "tx853db19fc203428cba19e-00697c4e5e" "object-server 22" 0.0009 "-" 9 0
Jan 30 06:23:26 standalone object-server[127452]: 172.20.0.100 - - [30/Jan/2026:06:23:26 +0000] "PUT /d1/146/AUTH_bb095502870147c682a17549ab21d6b7/gnocchi.3e876734-7a06-4806-a15b-ff5c386d3807/1769040000.0_mean_300.0_v3" 201 - "PUT http://172.18.0.2:8080/v1/AUTH_bb095502870147c682a17549ab21d6b7/gnocchi.3e876734-7a06-4806-a15b-ff5c386d3807/1769040000.0_mean_300.0_v3" "tx853db19fc203428cba19e-00697c4e5e" "proxy-server 12" 0.0101 "-" 22 0
Jan 30 06:23:26 standalone proxy-server[129384]: 172.18.0.2 172.18.0.100 30/Jan/2026/06/23/26 PUT /v1/AUTH_bb095502870147c682a17549ab21d6b7/gnocchi.3e876734-7a06-4806-a15b-ff5c386d3807/1769040000.0_mean_300.0_v3 HTTP/1.0 201 - python-swiftclient-3.11.1 gAAAAABpfE2qeuGt... 16 - - tx853db19fc203428cba19e-00697c4e5e - 0.0139 - - 1769754206.695405245 1769754206.709286451 0
Jan 30 06:23:26 standalone container-server[127054]: 172.20.0.100 - - [30/Jan/2026:06:23:26 +0000] "PUT /d1/168/AUTH_bb095502870147c682a17549ab21d6b7/gnocchi.3e876734-7a06-4806-a15b-ff5c386d3807/none_v3" 201 - "PUT http://172.18.0.2:8080/d1/798/AUTH_bb095502870147c682a17549ab21d6b7/gnocchi.3e876734-7a06-4806-a15b-ff5c386d3807/none_v3" "tx718ee9449c3a4b4db5454-00697c4e5e" "object-server 23" 0.0006 "-" 9 0
Jan 30 06:23:26 standalone object-server[127453]: 172.20.0.100 - - [30/Jan/2026:06:23:26 +0000] "PUT /d1/798/AUTH_bb095502870147c682a17549ab21d6b7/gnocchi.3e876734-7a06-4806-a15b-ff5c386d3807/none_v3" 201 - "PUT http://172.18.0.2:8080/v1/AUTH_bb095502870147c682a17549ab21d6b7/gnocchi.3e876734-7a06-4806-a15b-ff5c386d3807/none_v3" "tx718ee9449c3a4b4db5454-00697c4e5e" "proxy-server 12" 0.0094 "-" 23 0
Jan 30 06:23:26 standalone proxy-server[129384]: 172.18.0.2 172.18.0.100 30/Jan/2026/06/23/26 PUT /v1/AUTH_bb095502870147c682a17549ab21d6b7/gnocchi.3e876734-7a06-4806-a15b-ff5c386d3807/none_v3 HTTP/1.0 201 - python-swiftclient-3.11.1 gAAAAABpfE2qeuGt... 22 - - tx718ee9449c3a4b4db5454-00697c4e5e - 0.0143 - - 1769754206.711801052 1769754206.726109505 0
Jan 30 06:23:26 standalone container-server[127054]: 172.20.0.100 - - [30/Jan/2026:06:23:26 +0000] "HEAD /d1/209/AUTH_bb095502870147c682a17549ab21d6b7/gnocchi.3469d0ca-c53f-404f-84f7-1445cf1f5917" 404 - "HEAD http://172.18.0.2:8080/v1/AUTH_bb095502870147c682a17549ab21d6b7/gnocchi.3469d0ca-c53f-404f-84f7-1445cf1f5917?format=json&states=listing" "txfbd0c99d082646f0a9d0b-00697c4e5e" "proxy-server 12" 0.0004 "-" 9 0
Jan 30 06:23:26 standalone object-server[127452]: 172.20.0.100 - - [30/Jan/2026:06:23:26 +0000] "GET /d1/66/AUTH_bb095502870147c682a17549ab21d6b7/gnocchi.3469d0ca-c53f-404f-84f7-1445cf1f5917/none_v3" 404 70 "GET http://172.18.0.2:8080/v1/AUTH_bb095502870147c682a17549ab21d6b7/gnocchi.3469d0ca-c53f-404f-84f7-1445cf1f5917/none_v3" "txfbd0c99d082646f0a9d0b-00697c4e5e" "proxy-server 12" 0.0004 "-" 22 0
Jan 30 06:23:26 standalone proxy-server[129384]: 172.18.0.2 172.18.0.100 30/Jan/2026/06/23/26 GET /v1/AUTH_bb095502870147c682a17549ab21d6b7/gnocchi.3469d0ca-c53f-404f-84f7-1445cf1f5917/none_v3 HTTP/1.0 404 - python-swiftclient-3.11.1 gAAAAABpfE2qeuGt... - 70 - txfbd0c99d082646f0a9d0b-00697c4e5e - 0.0122 - - 1769754206.737143993 1769754206.749352217 0
Jan 30 06:23:26 standalone account-server[127295]: 172.20.0.100 - - [30/Jan/2026:06:23:26 +0000] "PUT /d1/762/AUTH_bb095502870147c682a17549ab21d6b7/gnocchi.3469d0ca-c53f-404f-84f7-1445cf1f5917" 201 - "PUT http://172.20.0.100:6001/d1/209/AUTH_bb095502870147c682a17549ab21d6b7/gnocchi.3469d0ca-c53f-404f-84f7-1445cf1f5917" "tx847705962b7043369728e-00697c4e5e" "container-server 17" 0.0052 "-" 21 0
Jan 30 06:23:26 standalone container-server[127072]: 172.20.0.100 - - [30/Jan/2026:06:23:26 +0000] "PUT /d1/209/AUTH_bb095502870147c682a17549ab21d6b7/gnocchi.3469d0ca-c53f-404f-84f7-1445cf1f5917" 201 - "PUT http://172.18.0.2:8080/v1/AUTH_bb095502870147c682a17549ab21d6b7/gnocchi.3469d0ca-c53f-404f-84f7-1445cf1f5917" "tx847705962b7043369728e-00697c4e5e" "proxy-server 12" 0.0176 "-" 17 0
Jan 30 06:23:26 standalone proxy-server[129384]: 172.18.0.2 172.18.0.100 30/Jan/2026/06/23/26 PUT /v1/AUTH_bb095502870147c682a17549ab21d6b7/gnocchi.3469d0ca-c53f-404f-84f7-1445cf1f5917 HTTP/1.0 201 - python-swiftclient-3.11.1 gAAAAABpfE2qeuGt... - - - tx847705962b7043369728e-00697c4e5e - 0.0218 - - 1769754206.752392292 1769754206.774181128 0
Jan 30 06:23:26 standalone container-server[127067]: 172.20.0.100 - - [30/Jan/2026:06:23:26 +0000] "HEAD /d1/209/AUTH_bb095502870147c682a17549ab21d6b7/gnocchi.3469d0ca-c53f-404f-84f7-1445cf1f5917" 204 - "HEAD http://172.18.0.2:8080/v1/AUTH_bb095502870147c682a17549ab21d6b7/gnocchi.3469d0ca-c53f-404f-84f7-1445cf1f5917?format=json&states=listing" "txa8f03f32b1614f2ca2fdf-00697c4e5e" "proxy-server 12" 0.0020 "-" 14 0
Jan 30 06:23:26 standalone proxy-server[129384]: - - 30/Jan/2026/06/23/26 HEAD /v1/AUTH_bb095502870147c682a17549ab21d6b7/gnocchi.3469d0ca-c53f-404f-84f7-1445cf1f5917%3Fformat%3Djson%26states%3Dlisting HTTP/1.0 204 - Swift - - - - txa8f03f32b1614f2ca2fdf-00697c4e5e - 0.0048 RL - 1769754206.779027939 1769754206.783829927 0
Jan 30 06:23:26 standalone container-server[127072]: 172.20.0.100 - - [30/Jan/2026:06:23:26 +0000] "GET /d1/209/AUTH_bb095502870147c682a17549ab21d6b7/gnocchi.3469d0ca-c53f-404f-84f7-1445cf1f5917" 200 2 "GET http://172.18.0.2:8080/v1/AUTH_bb095502870147c682a17549ab21d6b7/gnocchi.3469d0ca-c53f-404f-84f7-1445cf1f5917?format=json&states=listing" "txa8f03f32b1614f2ca2fdf-00697c4e5e" "proxy-server 12" 0.0037 "-" 17 0
Jan 30 06:23:26 standalone proxy-server[129384]: 172.18.0.2 172.18.0.100 30/Jan/2026/06/23/26 GET /v1/AUTH_bb095502870147c682a17549ab21d6b7/gnocchi.3469d0ca-c53f-404f-84f7-1445cf1f5917%3Fformat%3Djson%26states%3Dlisting HTTP/1.0 200 - python-swiftclient-3.11.1 gAAAAABpfE2qeuGt... - 2 - txa8f03f32b1614f2ca2fdf-00697c4e5e - 0.0157 - - 1769754206.778235197 1769754206.793967724 0
Jan 30 06:23:26 standalone object-server[127455]: 172.20.0.100 - - [30/Jan/2026:06:23:26 +0000] "GET /d1/742/AUTH_bb095502870147c682a17549ab21d6b7/gnocchi.3469d0ca-c53f-404f-84f7-1445cf1f5917/1769040000.0_mean_300.0_v3" 404 70 "GET http://172.18.0.2:8080/v1/AUTH_bb095502870147c682a17549ab21d6b7/gnocchi.3469d0ca-c53f-404f-84f7-1445cf1f5917/1769040000.0_mean_300.0_v3" "tx0d39fe7c2ebf4bcaabbdd-00697c4e5e" "proxy-server 12" 0.0005 "-" 24 0
Jan 30 06:23:26 standalone proxy-server[129384]: 172.18.0.2 172.18.0.100 30/Jan/2026/06/23/26 GET /v1/AUTH_bb095502870147c682a17549ab21d6b7/gnocchi.3469d0ca-c53f-404f-84f7-1445cf1f5917/1769040000.0_mean_300.0_v3 HTTP/1.0 404 - python-swiftclient-3.11.1 gAAAAABpfE2qeuGt... - 70 - tx0d39fe7c2ebf4bcaabbdd-00697c4e5e - 0.0050 - - 1769754206.797946692 1769754206.802937746 0
Jan 30 06:23:26 standalone container-server[127054]: 172.20.0.100 - - [30/Jan/2026:06:23:26 +0000] "PUT /d1/209/AUTH_bb095502870147c682a17549ab21d6b7/gnocchi.3469d0ca-c53f-404f-84f7-1445cf1f5917/1769040000.0_mean_300.0_v3" 201 - "PUT http://172.18.0.2:8080/d1/742/AUTH_bb095502870147c682a17549ab21d6b7/gnocchi.3469d0ca-c53f-404f-84f7-1445cf1f5917/1769040000.0_mean_300.0_v3" "tx28a50baada934e9787e3e-00697c4e5e" "object-server 21" 0.0007 "-" 9 0
Jan 30 06:23:26 standalone object-server[127451]: 172.20.0.100 - - [30/Jan/2026:06:23:26 +0000] "PUT /d1/742/AUTH_bb095502870147c682a17549ab21d6b7/gnocchi.3469d0ca-c53f-404f-84f7-1445cf1f5917/1769040000.0_mean_300.0_v3" 201 - "PUT http://172.18.0.2:8080/v1/AUTH_bb095502870147c682a17549ab21d6b7/gnocchi.3469d0ca-c53f-404f-84f7-1445cf1f5917/1769040000.0_mean_300.0_v3" "tx28a50baada934e9787e3e-00697c4e5e" "proxy-server 12" 0.0119 "-" 21 0
Jan 30 06:23:26 standalone proxy-server[129384]: 172.18.0.2 172.18.0.100 30/Jan/2026/06/23/26 PUT /v1/AUTH_bb095502870147c682a17549ab21d6b7/gnocchi.3469d0ca-c53f-404f-84f7-1445cf1f5917/1769040000.0_mean_300.0_v3 HTTP/1.0 201 - python-swiftclient-3.11.1 gAAAAABpfE2qeuGt... 16 - - tx28a50baada934e9787e3e-00697c4e5e - 0.0174 - - 1769754206.805862427 1769754206.823229790 0
Jan 30 06:23:26 standalone container-server[127067]: 172.20.0.100 - - [30/Jan/2026:06:23:26 +0000] "PUT /d1/209/AUTH_bb095502870147c682a17549ab21d6b7/gnocchi.3469d0ca-c53f-404f-84f7-1445cf1f5917/none_v3" 201 - "PUT http://172.18.0.2:8080/d1/66/AUTH_bb095502870147c682a17549ab21d6b7/gnocchi.3469d0ca-c53f-404f-84f7-1445cf1f5917/none_v3" "tx95cccb459fea492fb48a5-00697c4e5e" "object-server 22" 0.0006 "-" 14 0
Jan 30 06:23:26 standalone object-server[127452]: 172.20.0.100 - - [30/Jan/2026:06:23:26 +0000] "PUT /d1/66/AUTH_bb095502870147c682a17549ab21d6b7/gnocchi.3469d0ca-c53f-404f-84f7-1445cf1f5917/none_v3" 201 - "PUT http://172.18.0.2:8080/v1/AUTH_bb095502870147c682a17549ab21d6b7/gnocchi.3469d0ca-c53f-404f-84f7-1445cf1f5917/none_v3" "tx95cccb459fea492fb48a5-00697c4e5e" "proxy-server 12" 0.0107 "-" 22 0
Jan 30 06:23:26 standalone proxy-server[129384]: 172.18.0.2 172.18.0.100 30/Jan/2026/06/23/26 PUT /v1/AUTH_bb095502870147c682a17549ab21d6b7/gnocchi.3469d0ca-c53f-404f-84f7-1445cf1f5917/none_v3 HTTP/1.0 201 - python-swiftclient-3.11.1 gAAAAABpfE2qeuGt... 22 - - tx95cccb459fea492fb48a5-00697c4e5e - 0.0184 - - 1769754206.826538563 1769754206.844919443 0
Jan 30 06:23:56 standalone account-server[127285]: 172.20.0.100 - - [30/Jan/2026:06:23:56 +0000] "HEAD /d1/762/AUTH_bb095502870147c682a17549ab21d6b7" 204 - "HEAD http://172.18.0.2:8080/v1/AUTH_bb095502870147c682a17549ab21d6b7?format=json" "tx7dd8288bc7fe451fbe969-00697c4e7c" "proxy-server 12" 0.0082 "-" 20 -
Jan 30 06:23:56 standalone proxy-server[129384]: - - 30/Jan/2026/06/23/56 HEAD /v1/AUTH_bb095502870147c682a17549ab21d6b7%3Fformat%3Djson HTTP/1.0 204 - Swift - - - - tx7dd8288bc7fe451fbe969-00697c4e7c - 0.0148 RL - 1769754236.034772873 1769754236.049555779 -
Jan 30 06:23:56 standalone container-server[127054]: 172.20.0.100 - - [30/Jan/2026:06:23:56 +0000] "HEAD /d1/53/AUTH_bb095502870147c682a17549ab21d6b7/gnocchi.f90a893b-89f0-4565-88c4-c60e2b2a509d" 404 - "HEAD http://172.18.0.2:8080/v1/AUTH_bb095502870147c682a17549ab21d6b7/gnocchi.f90a893b-89f0-4565-88c4-c60e2b2a509d?format=json&states=listing" "tx7dd8288bc7fe451fbe969-00697c4e7c" "proxy-server 12" 0.0009 "-" 9 0
Jan 30 06:23:56 standalone object-server[127453]: 172.20.0.100 - - [30/Jan/2026:06:23:56 +0000] "GET /d1/362/AUTH_bb095502870147c682a17549ab21d6b7/gnocchi.f90a893b-89f0-4565-88c4-c60e2b2a509d/none_v3" 404 70 "GET http://172.18.0.2:8080/v1/AUTH_bb095502870147c682a17549ab21d6b7/gnocchi.f90a893b-89f0-4565-88c4-c60e2b2a509d/none_v3" "tx7dd8288bc7fe451fbe969-00697c4e7c" "proxy-server 12" 0.0007 "-" 23 0
Jan 30 06:23:56 standalone proxy-server[129384]: 172.18.0.2 172.18.0.100 30/Jan/2026/06/23/56 GET /v1/AUTH_bb095502870147c682a17549ab21d6b7/gnocchi.f90a893b-89f0-4565-88c4-c60e2b2a509d/none_v3 HTTP/1.0 404 - python-swiftclient-3.11.1 gAAAAABpfE2qeuGt... - 70 - tx7dd8288bc7fe451fbe969-00697c4e7c - 0.0318 - - 1769754236.033277512 1769754236.065077782 0
Jan 30 06:23:56 standalone account-server[127285]: 172.20.0.100 - - [30/Jan/2026:06:23:56 +0000] "PUT /d1/762/AUTH_bb095502870147c682a17549ab21d6b7/gnocchi.f90a893b-89f0-4565-88c4-c60e2b2a509d" 201 - "PUT http://172.20.0.100:6001/d1/53/AUTH_bb095502870147c682a17549ab21d6b7/gnocchi.f90a893b-89f0-4565-88c4-c60e2b2a509d" "txb1563e7071a5405e94e00-00697c4e7c" "container-server 17" 0.0018 "-" 20 0
Jan 30 06:23:56 standalone container-server[127072]: 172.20.0.100 - - [30/Jan/2026:06:23:56 +0000] "PUT /d1/53/AUTH_bb095502870147c682a17549ab21d6b7/gnocchi.f90a893b-89f0-4565-88c4-c60e2b2a509d" 201 - "PUT http://172.18.0.2:8080/v1/AUTH_bb095502870147c682a17549ab21d6b7/gnocchi.f90a893b-89f0-4565-88c4-c60e2b2a509d" "txb1563e7071a5405e94e00-00697c4e7c" "proxy-server 12" 0.0154 "-" 17 0
Jan 30 06:23:56 standalone proxy-server[129384]: 172.18.0.2 172.18.0.100 30/Jan/2026/06/23/56 PUT /v1/AUTH_bb095502870147c682a17549ab21d6b7/gnocchi.f90a893b-89f0-4565-88c4-c60e2b2a509d HTTP/1.0 201 - python-swiftclient-3.11.1 gAAAAABpfE2qeuGt... - - - txb1563e7071a5405e94e00-00697c4e7c - 0.0231 - - 1769754236.069467306 1769754236.092576265 0
Jan 30 06:23:56 standalone container-server[127072]: 172.20.0.100 - - [30/Jan/2026:06:23:56 +0000] "HEAD /d1/53/AUTH_bb095502870147c682a17549ab21d6b7/gnocchi.f90a893b-89f0-4565-88c4-c60e2b2a509d" 204 - "HEAD http://172.18.0.2:8080/v1/AUTH_bb095502870147c682a17549ab21d6b7/gnocchi.f90a893b-89f0-4565-88c4-c60e2b2a509d?format=json&states=listing" "tx44fa5a6e3fcf41e891b9a-00697c4e7c" "proxy-server 12" 0.0018 "-" 17 0
Jan 30 06:23:56 standalone proxy-server[129384]: - - 30/Jan/2026/06/23/56 HEAD /v1/AUTH_bb095502870147c682a17549ab21d6b7/gnocchi.f90a893b-89f0-4565-88c4-c60e2b2a509d%3Fformat%3Djson%26states%3Dlisting HTTP/1.0 204 - Swift - - - - tx44fa5a6e3fcf41e891b9a-00697c4e7c - 0.0067 RL - 1769754236.099641323 1769754236.106331110 0
Jan 30 06:23:56 standalone container-server[127067]: 172.20.0.100 - - [30/Jan/2026:06:23:56 +0000] "GET /d1/53/AUTH_bb095502870147c682a17549ab21d6b7/gnocchi.f90a893b-89f0-4565-88c4-c60e2b2a509d" 200 2 "GET http://172.18.0.2:8080/v1/AUTH_bb095502870147c682a17549ab21d6b7/gnocchi.f90a893b-89f0-4565-88c4-c60e2b2a509d?format=json&states=listing" "tx44fa5a6e3fcf41e891b9a-00697c4e7c" "proxy-server 12" 0.0035 "-" 14 0
Jan 30 06:23:56 standalone proxy-server[129384]: 172.18.0.2 172.18.0.100 30/Jan/2026/06/23/56 GET /v1/AUTH_bb095502870147c682a17549ab21d6b7/gnocchi.f90a893b-89f0-4565-88c4-c60e2b2a509d%3Fformat%3Djson%26states%3Dlisting HTTP/1.0 200 - python-swiftclient-3.11.1 gAAAAABpfE2qeuGt... - 2 - tx44fa5a6e3fcf41e891b9a-00697c4e7c - 0.0215 - - 1769754236.097685575 1769754236.119226694 0
Jan 30 06:23:56 standalone object-server[127455]: 172.20.0.100 - - [30/Jan/2026:06:23:56 +0000] "GET /d1/636/AUTH_bb095502870147c682a17549ab21d6b7/gnocchi.f90a893b-89f0-4565-88c4-c60e2b2a509d/1769040000.0_mean_300.0_v3" 404 70 "GET http://172.18.0.2:8080/v1/AUTH_bb095502870147c682a17549ab21d6b7/gnocchi.f90a893b-89f0-4565-88c4-c60e2b2a509d/1769040000.0_mean_300.0_v3" "tx9be3a6f3288e4e43a1d76-00697c4e7c" "proxy-server 12" 0.0005 "-" 24 0
Jan 30 06:23:56 standalone proxy-server[129384]: 172.18.0.2 172.18.0.100 30/Jan/2026/06/23/56 GET /v1/AUTH_bb095502870147c682a17549ab21d6b7/gnocchi.f90a893b-89f0-4565-88c4-c60e2b2a509d/1769040000.0_mean_300.0_v3 HTTP/1.0 404 - python-swiftclient-3.11.1 gAAAAABpfE2qeuGt... - 70 - tx9be3a6f3288e4e43a1d76-00697c4e7c - 0.0087 - - 1769754236.124484301 1769754236.133149862 0
Jan 30 06:23:56 standalone container-server[127072]: 172.20.0.100 - - [30/Jan/2026:06:23:56 +0000] "PUT /d1/53/AUTH_bb095502870147c682a17549ab21d6b7/gnocchi.f90a893b-89f0-4565-88c4-c60e2b2a509d/1769040000.0_mean_300.0_v3" 201 - "PUT http://172.18.0.2:8080/d1/636/AUTH_bb095502870147c682a17549ab21d6b7/gnocchi.f90a893b-89f0-4565-88c4-c60e2b2a509d/1769040000.0_mean_300.0_v3" "tx3a51baf2246842ec80962-00697c4e7c" "object-server 24" 0.0006 "-" 17 0
Jan 30 06:23:56 standalone object-server[127455]: 172.20.0.100 - - [30/Jan/2026:06:23:56 +0000] "PUT /d1/636/AUTH_bb095502870147c682a17549ab21d6b7/gnocchi.f90a893b-89f0-4565-88c4-c60e2b2a509d/1769040000.0_mean_300.0_v3" 201 - "PUT http://172.18.0.2:8080/v1/AUTH_bb095502870147c682a17549ab21d6b7/gnocchi.f90a893b-89f0-4565-88c4-c60e2b2a509d/1769040000.0_mean_300.0_v3" "tx3a51baf2246842ec80962-00697c4e7c" "proxy-server 12" 0.0117 "-" 24 0
Jan 30 06:23:56 standalone proxy-server[129384]: 172.18.0.2 172.18.0.100 30/Jan/2026/06/23/56 PUT /v1/AUTH_bb095502870147c682a17549ab21d6b7/gnocchi.f90a893b-89f0-4565-88c4-c60e2b2a509d/1769040000.0_mean_300.0_v3 HTTP/1.0 201 - python-swiftclient-3.11.1 gAAAAABpfE2qeuGt... 16 - - tx3a51baf2246842ec80962-00697c4e7c - 0.0193 - - 1769754236.137475491 1769754236.156743050 0
Jan 30 06:23:56 standalone container-server[127059]: 172.20.0.100 - - [30/Jan/2026:06:23:56 +0000] "PUT /d1/53/AUTH_bb095502870147c682a17549ab21d6b7/gnocchi.f90a893b-89f0-4565-88c4-c60e2b2a509d/none_v3" 201 - "PUT http://172.18.0.2:8080/d1/362/AUTH_bb095502870147c682a17549ab21d6b7/gnocchi.f90a893b-89f0-4565-88c4-c60e2b2a509d/none_v3" "txd65af8d482ad423db10ec-00697c4e7c" "object-server 24" 0.0008 "-" 11 0
Jan 30 06:23:56 standalone object-server[127455]: 172.20.0.100 - - [30/Jan/2026:06:23:56 +0000] "PUT /d1/362/AUTH_bb095502870147c682a17549ab21d6b7/gnocchi.f90a893b-89f0-4565-88c4-c60e2b2a509d/none_v3" 201 - "PUT http://172.18.0.2:8080/v1/AUTH_bb095502870147c682a17549ab21d6b7/gnocchi.f90a893b-89f0-4565-88c4-c60e2b2a509d/none_v3" "txd65af8d482ad423db10ec-00697c4e7c" "proxy-server 12" 0.0116 "-" 24 0
