Jan 30 06:08:24 standalone account-server[126575]: Starting 2
Jan 30 06:08:25 standalone container-server[126874]: Option allow_versions is deprecated. Configure the versioned_writes middleware in the proxy-server instead. This option will be ignored in a future release.
Jan 30 06:08:25 standalone container-server[127054]: Option allow_versions is deprecated. Configure the versioned_writes middleware in the proxy-server instead. This option will be ignored in a future release.
Jan 30 06:08:25 standalone container-server[126874]: Started child 9 from parent 2
Jan 30 06:08:25 standalone container-server[127059]: Option allow_versions is deprecated. Configure the versioned_writes middleware in the proxy-server instead. This option will be ignored in a future release.
Jan 30 06:08:25 standalone container-server[126874]: Started child 11 from parent 2
Jan 30 06:08:25 standalone container-server[127067]: Option allow_versions is deprecated. Configure the versioned_writes middleware in the proxy-server instead. This option will be ignored in a future release.
Jan 30 06:08:25 standalone container-server[126874]: Started child 14 from parent 2
Jan 30 06:08:25 standalone container-server[127072]: Option allow_versions is deprecated. Configure the versioned_writes middleware in the proxy-server instead. This option will be ignored in a future release.
Jan 30 06:08:25 standalone container-server[126874]: Started child 17 from parent 2
Jan 30 06:08:26 standalone container-server[127026]: Starting 2
Jan 30 06:08:26 standalone account-server[126878]: Started child 20 from parent 2
Jan 30 06:08:26 standalone account-server[126878]: Started child 21 from parent 2
Jan 30 06:08:26 standalone account-server[126878]: Started child 22 from parent 2
Jan 30 06:08:26 standalone account-server[126878]: Started child 23 from parent 2
Jan 30 06:08:26 standalone object-expirer[127286]: Starting 2
Jan 30 06:08:26 standalone object-expirer[127286]: Option auto_create_account_prefix is deprecated. Configure auto_create_account_prefix under the swift-constraints section of swift.conf. This option will be ignored in a future release.
Jan 30 06:08:26 standalone object-server[127319]: Started child 21 from parent 2
Jan 30 06:08:26 standalone object-server[127319]: Started child 22 from parent 2
Jan 30 06:08:26 standalone object-server[127319]: Started child 23 from parent 2
Jan 30 06:08:26 standalone object-server[127319]: Started child 24 from parent 2
Jan 30 06:08:26 standalone object-server[127349]: Starting 2
Jan 30 06:08:33 standalone proxy-server[129033]: Starting Keystone auth_token middleware
Jan 30 06:08:33 standalone proxy-server[129033]: AuthToken middleware is set with keystone_authtoken.service_token_roles_required set to False. This is backwards compatible but deprecated behaviour. Please set this to True.
Jan 30 06:08:33 standalone proxy-server[129384]: Starting Keystone auth_token middleware
Jan 30 06:08:33 standalone proxy-server[129384]: STDERR: The option "bind_port" is not known to keystonemiddleware
Jan 30 06:08:33 standalone proxy-server[129384]: STDERR: The option "workers" is not known to keystonemiddleware
Jan 30 06:08:33 standalone proxy-server[129384]: STDERR: The option "user" is not known to keystonemiddleware
Jan 30 06:08:33 standalone proxy-server[129384]: STDERR: The option "bind_ip" is not known to keystonemiddleware
Jan 30 06:08:33 standalone proxy-server[129384]: STDERR: The option "log_name" is not known to keystonemiddleware
Jan 30 06:08:33 standalone proxy-server[129384]: STDERR: The option "log_facility" is not known to keystonemiddleware
Jan 30 06:08:33 standalone proxy-server[129384]: STDERR: The option "log_level" is not known to keystonemiddleware
Jan 30 06:08:33 standalone proxy-server[129384]: STDERR: The option "log_headers" is not known to keystonemiddleware
Jan 30 06:08:33 standalone proxy-server[129384]: STDERR: The option "log_address" is not known to keystonemiddleware
Jan 30 06:08:33 standalone proxy-server[129384]: STDERR: The option "project_name" is not known to keystonemiddleware
Jan 30 06:08:33 standalone proxy-server[129384]: STDERR: The option "username" is not known to keystonemiddleware
Jan 30 06:08:33 standalone proxy-server[129384]: STDERR: The option "password" is not known to keystonemiddleware
Jan 30 06:08:33 standalone proxy-server[129384]: STDERR: The option "auth_url" is not known to keystonemiddleware
Jan 30 06:08:33 standalone proxy-server[129384]: STDERR: The option "signing_dir" is not known to keystonemiddleware
Jan 30 06:08:33 standalone proxy-server[129384]: STDERR: The option "project_domain_id" is not known to keystonemiddleware
Jan 30 06:08:33 standalone proxy-server[129384]: STDERR: The option "user_domain_id" is not known to keystonemiddleware
Jan 30 06:08:33 standalone proxy-server[129384]: STDERR: The option "__name__" is not known to keystonemiddleware
Jan 30 06:08:33 standalone proxy-server[129384]: AuthToken middleware is set with keystone_authtoken.service_token_roles_required set to False. This is backwards compatible but deprecated behaviour. Please set this to True.
Jan 30 06:08:33 standalone proxy-server[129033]: Started child 12 from parent 2
Jan 30 06:08:59 standalone container-server[127026]: Begin container update sweep
Jan 30 06:08:59 standalone container-server[127026]: Container update sweep completed: 0.00s
Jan 30 06:10:27 standalone object-server[127349]: Begin object update sweep
Jan 30 06:10:27 standalone object-server[142721]: Object update sweep starting on /srv/node/d1 (pid: 11)
Jan 30 06:10:27 standalone object-server[142721]: Object update sweep completed on /srv/node/d1 in 0.00s seconds:, 0 successes, 0 failures, 0 quarantines, 0 unlinks, 0 errors, 0 redirects (pid: 11)
Jan 30 06:10:27 standalone object-server[142721]: Object update sweep of d1 completed: 0.00s, 0 successes, 0 failures, 0 quarantines, 0 unlinks, 0 errors, 0 redirects
Jan 30 06:10:27 standalone object-server[127349]: Object update sweep completed: 0.06s
Jan 30 06:13:24 standalone account-server[127300]: 172.20.0.100 - - [30/Jan/2026:06:13:24 +0000] "HEAD /d1/713/.expiring_objects" 404 - "HEAD http://localhost/v1/.expiring_objects?format=json" "tx4334c9efe9564764ac15a-00697c4c04" "proxy-server 2" 0.0009 "-" 22 -
Jan 30 06:13:24 standalone object-expirer[127286]: Pass completed in 0s; 0 objects expired (txn: tx4334c9efe9564764ac15a-00697c4c04)
Jan 30 06:13:59 standalone container-server[127026]: Begin container update sweep
Jan 30 06:13:59 standalone container-server[127026]: Container update sweep completed: 0.00s
Jan 30 06:14:24 standalone account-server[127300]: 172.20.0.100 - - [30/Jan/2026:06:14:24 +0000] "HEAD /d1/713/.expiring_objects" 404 - "HEAD http://localhost/v1/.expiring_objects?format=json" "tx560e91bbfb4d460bb9220-00697c4c40" "proxy-server 2" 0.0004 "-" 22 -
Jan 30 06:14:24 standalone object-expirer[127286]: Pass completed in 0s; 0 objects expired (txn: tx560e91bbfb4d460bb9220-00697c4c40)
Jan 30 06:15:27 standalone object-server[127349]: Begin object update sweep
Jan 30 06:15:27 standalone object-server[180251]: Object update sweep starting on /srv/node/d1 (pid: 13)
Jan 30 06:15:27 standalone object-server[180251]: Object update sweep completed on /srv/node/d1 in 0.00s seconds:, 0 successes, 0 failures, 0 quarantines, 0 unlinks, 0 errors, 0 redirects (pid: 13)
Jan 30 06:15:27 standalone object-server[180251]: Object update sweep of d1 completed: 0.00s, 0 successes, 0 failures, 0 quarantines, 0 unlinks, 0 errors, 0 redirects
Jan 30 06:15:27 standalone object-server[127349]: Object update sweep completed: 0.09s
Jan 30 06:15:55 standalone account-server[127295]: 172.20.0.100 - - [30/Jan/2026:06:15:55 +0000] "HEAD /d1/713/.expiring_objects" 404 - "HEAD http://localhost/v1/.expiring_objects?format=json" "txb7d8105100504f949de06-00697c4c9b" "proxy-server 2" 0.0014 "-" 21 -
Jan 30 06:15:55 standalone object-expirer[127286]: Pass completed in 0s; 0 objects expired (txn: txb7d8105100504f949de06-00697c4c9b)
Jan 30 06:17:50 standalone account-server[127285]: 172.20.0.100 - - [30/Jan/2026:06:17:50 +0000] "HEAD /d1/713/.expiring_objects" 404 - "HEAD http://localhost/v1/.expiring_objects?format=json" "tx6e2343e9e1314ec8933be-00697c4d0e" "proxy-server 2" 0.0009 "-" 20 -
Jan 30 06:17:50 standalone object-expirer[127286]: Pass completed in 0s; 0 objects expired (txn: tx6e2343e9e1314ec8933be-00697c4d0e)
Jan 30 06:18:59 standalone container-server[127026]: Begin container update sweep
Jan 30 06:18:59 standalone container-server[127026]: Container update sweep completed: 0.00s
Jan 30 06:20:18 standalone account-server[127301]: 172.20.0.100 - - [30/Jan/2026:06:20:18 +0000] "HEAD /d1/713/.expiring_objects" 404 - "HEAD http://localhost/v1/.expiring_objects?format=json" "txc7d24911d8524fbaa873b-00697c4da2" "proxy-server 2" 0.0016 "-" 23 -
Jan 30 06:20:18 standalone object-expirer[127286]: Pass completed in 0s; 0 objects expired (txn: txc7d24911d8524fbaa873b-00697c4da2)
Jan 30 06:20:26 standalone account-server[127300]: 172.20.0.100 - - [30/Jan/2026:06:20:26 +0000] "HEAD /d1/762/AUTH_bb095502870147c682a17549ab21d6b7" 404 - "HEAD http://172.18.0.2:8080/v1/AUTH_bb095502870147c682a17549ab21d6b7?format=json" "tx854e1f8a76e348e0a254c-00697c4daa" "proxy-server 12" 0.0007 "-" 22 -
Jan 30 06:20:26 standalone proxy-server[129384]: - - 30/Jan/2026/06/20/26 HEAD /v1/AUTH_bb095502870147c682a17549ab21d6b7%3Fformat%3Djson HTTP/1.0 200 - Swift - - - - tx854e1f8a76e348e0a254c-00697c4daa - 0.0071 RL - 1769754026.206424713 1769754026.213538408 -
Jan 30 06:20:26 standalone object-server[127455]: 172.20.0.100 - - [30/Jan/2026:06:20:26 +0000] "GET /d1/761/AUTH_bb095502870147c682a17549ab21d6b7/gnocchi.615820e4-33d7-4cc3-932b-ea78982f2c99/none_v3" 404 70 "GET http://172.18.0.2:8080/v1/AUTH_bb095502870147c682a17549ab21d6b7/gnocchi.615820e4-33d7-4cc3-932b-ea78982f2c99/none_v3" "tx854e1f8a76e348e0a254c-00697c4daa" "proxy-server 12" 0.0009 "-" 24 0
Jan 30 06:20:26 standalone proxy-server[129384]: 172.18.0.2 172.18.0.100 30/Jan/2026/06/20/26 GET /v1/AUTH_bb095502870147c682a17549ab21d6b7/gnocchi.615820e4-33d7-4cc3-932b-ea78982f2c99/none_v3 HTTP/1.0 404 - python-swiftclient-3.11.1 gAAAAABpfE2qeuGt... - 70 - tx854e1f8a76e348e0a254c-00697c4daa - 0.4434 - - 1769754026.202575922 1769754026.645962000 0
Jan 30 06:20:26 standalone account-server[127301]: 172.20.0.100 - - [30/Jan/2026:06:20:26 +0000] "PUT /d1/762/AUTH_bb095502870147c682a17549ab21d6b7" 201 - "-" "tx89b3aa73d2ce4973b7671-00697c4daa" "-" 0.0185 "-" 23 -
Jan 30 06:20:26 standalone proxy-server[129384]: autocreate account '/AUTH_bb095502870147c682a17549ab21d6b7' (txn: tx89b3aa73d2ce4973b7671-00697c4daa)
Jan 30 06:20:26 standalone account-server[127285]: 172.20.0.100 - - [30/Jan/2026:06:20:26 +0000] "HEAD /d1/762/AUTH_bb095502870147c682a17549ab21d6b7" 204 - "HEAD http://172.18.0.2:8080/v1/AUTH_bb095502870147c682a17549ab21d6b7?format=json" "tx89b3aa73d2ce4973b7671-00697c4daa" "proxy-server 12" 0.0030 "-" 20 -
Jan 30 06:20:26 standalone account-server[127300]: 172.20.0.100 - - [30/Jan/2026:06:20:26 +0000] "PUT /d1/762/AUTH_bb095502870147c682a17549ab21d6b7/gnocchi.615820e4-33d7-4cc3-932b-ea78982f2c99" 201 - "PUT http://172.20.0.100:6001/d1/401/AUTH_bb095502870147c682a17549ab21d6b7/gnocchi.615820e4-33d7-4cc3-932b-ea78982f2c99" "tx89b3aa73d2ce4973b7671-00697c4daa" "container-server 11" 0.0031 "-" 22 0
Jan 30 06:20:26 standalone container-server[127059]: 172.20.0.100 - - [30/Jan/2026:06:20:26 +0000] "PUT /d1/401/AUTH_bb095502870147c682a17549ab21d6b7/gnocchi.615820e4-33d7-4cc3-932b-ea78982f2c99" 201 - "PUT http://172.18.0.2:8080/v1/AUTH_bb095502870147c682a17549ab21d6b7/gnocchi.615820e4-33d7-4cc3-932b-ea78982f2c99" "tx89b3aa73d2ce4973b7671-00697c4daa" "proxy-server 12" 0.0176 "-" 11 0
Jan 30 06:20:26 standalone proxy-server[129384]: 172.18.0.2 172.18.0.100 30/Jan/2026/06/20/26 PUT /v1/AUTH_bb095502870147c682a17549ab21d6b7/gnocchi.615820e4-33d7-4cc3-932b-ea78982f2c99 HTTP/1.0 201 - python-swiftclient-3.11.1 gAAAAABpfE2qeuGt... - - - tx89b3aa73d2ce4973b7671-00697c4daa - 0.0517 - - 1769754026.649769545 1769754026.701445341 0
Jan 30 06:20:26 standalone container-server[127072]: 172.20.0.100 - - [30/Jan/2026:06:20:26 +0000] "HEAD /d1/401/AUTH_bb095502870147c682a17549ab21d6b7/gnocchi.615820e4-33d7-4cc3-932b-ea78982f2c99" 204 - "HEAD http://172.18.0.2:8080/v1/AUTH_bb095502870147c682a17549ab21d6b7/gnocchi.615820e4-33d7-4cc3-932b-ea78982f2c99?format=json&states=listing" "tx949baf11cee84ea78b252-00697c4daa" "proxy-server 12" 0.0040 "-" 17 0
Jan 30 06:20:26 standalone proxy-server[129384]: - - 30/Jan/2026/06/20/26 HEAD /v1/AUTH_bb095502870147c682a17549ab21d6b7/gnocchi.615820e4-33d7-4cc3-932b-ea78982f2c99%3Fformat%3Djson%26states%3Dlisting HTTP/1.0 204 - Swift - - - - tx949baf11cee84ea78b252-00697c4daa - 0.0074 RL - 1769754026.706636190 1769754026.713996887 0
Jan 30 06:20:26 standalone container-server[127059]: 172.20.0.100 - - [30/Jan/2026:06:20:26 +0000] "GET /d1/401/AUTH_bb095502870147c682a17549ab21d6b7/gnocchi.615820e4-33d7-4cc3-932b-ea78982f2c99" 200 2 "GET http://172.18.0.2:8080/v1/AUTH_bb095502870147c682a17549ab21d6b7/gnocchi.615820e4-33d7-4cc3-932b-ea78982f2c99?format=json&states=listing" "tx949baf11cee84ea78b252-00697c4daa" "proxy-server 12" 0.0033 "-" 11 0
Jan 30 06:20:26 standalone proxy-server[129384]: 172.18.0.2 172.18.0.100 30/Jan/2026/06/20/26 GET /v1/AUTH_bb095502870147c682a17549ab21d6b7/gnocchi.615820e4-33d7-4cc3-932b-ea78982f2c99%3Fformat%3Djson%26states%3Dlisting HTTP/1.0 200 - python-swiftclient-3.11.1 gAAAAABpfE2qeuGt... - 2 - tx949baf11cee84ea78b252-00697c4daa - 0.0167 - - 1769754026.705777407 1769754026.722491980 0
Jan 30 06:20:26 standalone object-server[127453]: 172.20.0.100 - - [30/Jan/2026:06:20:26 +0000] "GET /d1/719/AUTH_bb095502870147c682a17549ab21d6b7/gnocchi.615820e4-33d7-4cc3-932b-ea78982f2c99/1769040000.0_mean_300.0_v3" 404 70 "GET http://172.18.0.2:8080/v1/AUTH_bb095502870147c682a17549ab21d6b7/gnocchi.615820e4-33d7-4cc3-932b-ea78982f2c99/1769040000.0_mean_300.0_v3" "tx106f59acde0246b0b4179-00697c4daa" "proxy-server 12" 0.0010 "-" 23 0
Jan 30 06:20:26 standalone proxy-server[129384]: 172.18.0.2 172.18.0.100 30/Jan/2026/06/20/26 GET /v1/AUTH_bb095502870147c682a17549ab21d6b7/gnocchi.615820e4-33d7-4cc3-932b-ea78982f2c99/1769040000.0_mean_300.0_v3 HTTP/1.0 404 - python-swiftclient-3.11.1 gAAAAABpfE2qeuGt... - 70 - tx106f59acde0246b0b4179-00697c4daa - 0.0058 - - 1769754026.727612734 1769754026.733453751 0
Jan 30 06:20:26 standalone container-server[127054]: 172.20.0.100 - - [30/Jan/2026:06:20:26 +0000] "PUT /d1/401/AUTH_bb095502870147c682a17549ab21d6b7/gnocchi.615820e4-33d7-4cc3-932b-ea78982f2c99/1769040000.0_mean_300.0_v3" 201 - "PUT http://172.18.0.2:8080/d1/719/AUTH_bb095502870147c682a17549ab21d6b7/gnocchi.615820e4-33d7-4cc3-932b-ea78982f2c99/1769040000.0_mean_300.0_v3" "txfa4fdf6c0db14091b0dc5-00697c4daa" "object-server 21" 0.0017 "-" 9 0
Jan 30 06:20:26 standalone object-server[127451]: 172.20.0.100 - - [30/Jan/2026:06:20:26 +0000] "PUT /d1/719/AUTH_bb095502870147c682a17549ab21d6b7/gnocchi.615820e4-33d7-4cc3-932b-ea78982f2c99/1769040000.0_mean_300.0_v3" 201 - "PUT http://172.18.0.2:8080/v1/AUTH_bb095502870147c682a17549ab21d6b7/gnocchi.615820e4-33d7-4cc3-932b-ea78982f2c99/1769040000.0_mean_300.0_v3" "txfa4fdf6c0db14091b0dc5-00697c4daa" "proxy-server 12" 0.0379 "-" 21 0
Jan 30 06:20:26 standalone proxy-server[129384]: 172.18.0.2 172.18.0.100 30/Jan/2026/06/20/26 PUT /v1/AUTH_bb095502870147c682a17549ab21d6b7/gnocchi.615820e4-33d7-4cc3-932b-ea78982f2c99/1769040000.0_mean_300.0_v3 HTTP/1.0 201 - python-swiftclient-3.11.1 gAAAAABpfE2qeuGt... 16 - - txfa4fdf6c0db14091b0dc5-00697c4daa - 0.0438 - - 1769754026.736796618 1769754026.780558348 0
Jan 30 06:20:26 standalone container-server[127072]: 172.20.0.100 - - [30/Jan/2026:06:20:26 +0000] "PUT /d1/401/AUTH_bb095502870147c682a17549ab21d6b7/gnocchi.615820e4-33d7-4cc3-932b-ea78982f2c99/none_v3" 201 - "PUT http://172.18.0.2:8080/d1/761/AUTH_bb095502870147c682a17549ab21d6b7/gnocchi.615820e4-33d7-4cc3-932b-ea78982f2c99/none_v3" "tx6e7ad915418f42819725c-00697c4daa" "object-server 23" 0.0009 "-" 17 0
Jan 30 06:20:26 standalone object-server[127453]: 172.20.0.100 - - [30/Jan/2026:06:20:26 +0000] "PUT /d1/761/AUTH_bb095502870147c682a17549ab21d6b7/gnocchi.615820e4-33d7-4cc3-932b-ea78982f2c99/none_v3" 201 - "PUT http://172.18.0.2:8080/v1/AUTH_bb095502870147c682a17549ab21d6b7/gnocchi.615820e4-33d7-4cc3-932b-ea78982f2c99/none_v3" "tx6e7ad915418f42819725c-00697c4daa" "proxy-server 12" 0.0311 "-" 23 0
Jan 30 06:20:26 standalone proxy-server[129384]: 172.18.0.2 172.18.0.100 30/Jan/2026/06/20/26 PUT /v1/AUTH_bb095502870147c682a17549ab21d6b7/gnocchi.615820e4-33d7-4cc3-932b-ea78982f2c99/none_v3 HTTP/1.0 201 - python-swiftclient-3.11.1 gAAAAABpfE2qeuGt... 32 - - tx6e7ad915418f42819725c-00697c4daa - 0.0362 - - 1769754026.784373999 1769754026.820562124 0
Jan 30 06:20:27 standalone object-server[127349]: Begin object update sweep
Jan 30 06:20:27 standalone object-server[219277]: Object update sweep starting on /srv/node/d1 (pid: 14)
Jan 30 06:20:27 standalone object-server[219277]: Object update sweep completed on /srv/node/d1 in 0.00s seconds:, 0 successes, 0 failures, 0 quarantines, 0 unlinks, 0 errors, 0 redirects (pid: 14)
Jan 30 06:20:27 standalone object-server[219277]: Object update sweep of d1 completed: 0.00s, 0 successes, 0 failures, 0 quarantines, 0 unlinks, 0 errors, 0 redirects
Jan 30 06:20:27 standalone object-server[127349]: Object update sweep completed: 0.08s
Jan 30 06:21:27 standalone account-server[127295]: 172.20.0.100 - - [30/Jan/2026:06:21:27 +0000] "HEAD /d1/762/AUTH_bb095502870147c682a17549ab21d6b7" 204 - "HEAD http://172.18.0.2:8080/v1/AUTH_bb095502870147c682a17549ab21d6b7?format=json" "txff2d3fb42bfa470584da2-00697c4de7" "proxy-server 12" 0.0068 "-" 21 -
Jan 30 06:21:27 standalone proxy-server[129384]: - - 30/Jan/2026/06/21/27 HEAD /v1/AUTH_bb095502870147c682a17549ab21d6b7%3Fformat%3Djson HTTP/1.0 204 - Swift - - - - txff2d3fb42bfa470584da2-00697c4de7 - 0.0103 RL - 1769754087.803577662 1769754087.813865423 -
Jan 30 06:21:27 standalone container-server[127059]: 172.20.0.100 - - [30/Jan/2026:06:21:27 +0000] "HEAD /d1/450/AUTH_bb095502870147c682a17549ab21d6b7/gnocchi.46d14619-413d-4b47-ad67-c29d57b8472a" 404 - "HEAD http://172.18.0.2:8080/v1/AUTH_bb095502870147c682a17549ab21d6b7/gnocchi.46d14619-413d-4b47-ad67-c29d57b8472a?format=json&states=listing" "txff2d3fb42bfa470584da2-00697c4de7" "proxy-server 12" 0.0005 "-" 11 0
Jan 30 06:21:27 standalone object-server[127452]: 172.20.0.100 - - [30/Jan/2026:06:21:27 +0000] "GET /d1/806/AUTH_bb095502870147c682a17549ab21d6b7/gnocchi.46d14619-413d-4b47-ad67-c29d57b8472a/none_v3" 404 70 "GET http://172.18.0.2:8080/v1/AUTH_bb095502870147c682a17549ab21d6b7/gnocchi.46d14619-413d-4b47-ad67-c29d57b8472a/none_v3" "txff2d3fb42bfa470584da2-00697c4de7" "proxy-server 12" 0.0006 "-" 22 0
Jan 30 06:21:27 standalone proxy-server[129384]: 172.18.0.2 172.18.0.100 30/Jan/2026/06/21/27 GET /v1/AUTH_bb095502870147c682a17549ab21d6b7/gnocchi.46d14619-413d-4b47-ad67-c29d57b8472a/none_v3 HTTP/1.0 404 - python-swiftclient-3.11.1 gAAAAABpfE2qeuGt... - 70 - txff2d3fb42bfa470584da2-00697c4de7 - 0.0193 - - 1769754087.802866697 1769754087.822138548 0
Jan 30 06:21:27 standalone account-server[127295]: 172.20.0.100 - - [30/Jan/2026:06:21:27 +0000] "PUT /d1/762/AUTH_bb095502870147c682a17549ab21d6b7/gnocchi.46d14619-413d-4b47-ad67-c29d57b8472a" 201 - "PUT http://172.20.0.100:6001/d1/450/AUTH_bb095502870147c682a17549ab21d6b7/gnocchi.46d14619-413d-4b47-ad67-c29d57b8472a" "txfe55b433e82449f2a4df6-00697c4de7" "container-server 9" 0.0010 "-" 21 0
Jan 30 06:21:27 standalone container-server[127054]: 172.20.0.100 - - [30/Jan/2026:06:21:27 +0000] "PUT /d1/450/AUTH_bb095502870147c682a17549ab21d6b7/gnocchi.46d14619-413d-4b47-ad67-c29d57b8472a" 201 - "PUT http://172.18.0.2:8080/v1/AUTH_bb095502870147c682a17549ab21d6b7/gnocchi.46d14619-413d-4b47-ad67-c29d57b8472a" "txfe55b433e82449f2a4df6-00697c4de7" "proxy-server 12" 0.0094 "-" 9 0
Jan 30 06:21:27 standalone proxy-server[129384]: 172.18.0.2 172.18.0.100 30/Jan/2026/06/21/27 PUT /v1/AUTH_bb095502870147c682a17549ab21d6b7/gnocchi.46d14619-413d-4b47-ad67-c29d57b8472a HTTP/1.0 201 - python-swiftclient-3.11.1 gAAAAABpfE2qeuGt... - - - txfe55b433e82449f2a4df6-00697c4de7 - 0.0148 - - 1769754087.825615168 1769754087.840431690 0
Jan 30 06:21:27 standalone container-server[127067]: 172.20.0.100 - - [30/Jan/2026:06:21:27 +0000] "HEAD /d1/450/AUTH_bb095502870147c682a17549ab21d6b7/gnocchi.46d14619-413d-4b47-ad67-c29d57b8472a" 204 - "HEAD http://172.18.0.2:8080/v1/AUTH_bb095502870147c682a17549ab21d6b7/gnocchi.46d14619-413d-4b47-ad67-c29d57b8472a?format=json&states=listing" "tx3418d236bf344b88a47ed-00697c4de7" "proxy-server 12" 0.0021 "-" 14 0
Jan 30 06:21:27 standalone proxy-server[129384]: - - 30/Jan/2026/06/21/27 HEAD /v1/AUTH_bb095502870147c682a17549ab21d6b7/gnocchi.46d14619-413d-4b47-ad67-c29d57b8472a%3Fformat%3Djson%26states%3Dlisting HTTP/1.0 204 - Swift - - - - tx3418d236bf344b88a47ed-00697c4de7 - 0.0047 RL - 1769754087.853339672 1769754087.858043909 0
Jan 30 06:21:27 standalone container-server[127059]: 172.20.0.100 - - [30/Jan/2026:06:21:27 +0000] "GET /d1/450/AUTH_bb095502870147c682a17549ab21d6b7/gnocchi.46d14619-413d-4b47-ad67-c29d57b8472a" 200 2 "GET http://172.18.0.2:8080/v1/AUTH_bb095502870147c682a17549ab21d6b7/gnocchi.46d14619-413d-4b47-ad67-c29d57b8472a?format=json&states=listing" "tx3418d236bf344b88a47ed-00697c4de7" "proxy-server 12" 0.0018 "-" 11 0
Jan 30 06:21:27 standalone proxy-server[129384]: 172.18.0.2 172.18.0.100 30/Jan/2026/06/21/27 GET /v1/AUTH_bb095502870147c682a17549ab21d6b7/gnocchi.46d14619-413d-4b47-ad67-c29d57b8472a%3Fformat%3Djson%26states%3Dlisting HTTP/1.0 200 - python-swiftclient-3.11.1 gAAAAABpfE2qeuGt... - 2 - tx3418d236bf344b88a47ed-00697c4de7 - 0.0124 - - 1769754087.852492332 1769754087.864897728 0
Jan 30 06:21:27 standalone object-server[127455]: 172.20.0.100 - - [30/Jan/2026:06:21:27 +0000] "GET /d1/294/AUTH_bb095502870147c682a17549ab21d6b7/gnocchi.46d14619-413d-4b47-ad67-c29d57b8472a/1769040000.0_mean_300.0_v3" 404 70 "GET http://172.18.0.2:8080/v1/AUTH_bb095502870147c682a17549ab21d6b7/gnocchi.46d14619-413d-4b47-ad67-c29d57b8472a/1769040000.0_mean_300.0_v3" "tx441ed342a53f4c5eb224e-00697c4de7" "proxy-server 12" 0.0005 "-" 24 0
Jan 30 06:21:27 standalone proxy-server[129384]: 172.18.0.2 172.18.0.100 30/Jan/2026/06/21/27 GET /v1/AUTH_bb095502870147c682a17549ab21d6b7/gnocchi.46d14619-413d-4b47-ad67-c29d57b8472a/1769040000.0_mean_300.0_v3 HTTP/1.0 404 - python-swiftclient-3.11.1 gAAAAABpfE2qeuGt... - 70 - tx441ed342a53f4c5eb224e-00697c4de7 - 0.0083 - - 1769754087.867604494 1769754087.875907898 0
Jan 30 06:21:27 standalone container-server[127072]: 172.20.0.100 - - [30/Jan/2026:06:21:27 +0000] "PUT /d1/450/AUTH_bb095502870147c682a17549ab21d6b7/gnocchi.46d14619-413d-4b47-ad67-c29d57b8472a/1769040000.0_mean_300.0_v3" 201 - "PUT http://172.18.0.2:8080/d1/294/AUTH_bb095502870147c682a17549ab21d6b7/gnocchi.46d14619-413d-4b47-ad67-c29d57b8472a/1769040000.0_mean_300.0_v3" "txedb207788ee749a4b47e4-00697c4de7" "object-server 21" 0.0005 "-" 17 0
Jan 30 06:21:27 standalone object-server[127451]: 172.20.0.100 - - [30/Jan/2026:06:21:27 +0000] "PUT /d1/294/AUTH_bb095502870147c682a17549ab21d6b7/gnocchi.46d14619-413d-4b47-ad67-c29d57b8472a/1769040000.0_mean_300.0_v3" 201 - "PUT http://172.18.0.2:8080/v1/AUTH_bb095502870147c682a17549ab21d6b7/gnocchi.46d14619-413d-4b47-ad67-c29d57b8472a/1769040000.0_mean_300.0_v3" "txedb207788ee749a4b47e4-00697c4de7" "proxy-server 12" 0.0079 "-" 21 0
Jan 30 06:21:27 standalone proxy-server[129384]: 172.18.0.2 172.18.0.100 30/Jan/2026/06/21/27 PUT /v1/AUTH_bb095502870147c682a17549ab21d6b7/gnocchi.46d14619-413d-4b47-ad67-c29d57b8472a/1769040000.0_mean_300.0_v3 HTTP/1.0 201 - python-swiftclient-3.11.1 gAAAAABpfE2qeuGt... 16 - - txedb207788ee749a4b47e4-00697c4de7 - 0.0126 - - 1769754087.878011703 1769754087.890638590 0
Jan 30 06:21:27 standalone container-server[127067]: 172.20.0.100 - - [30/Jan/2026:06:21:27 +0000] "PUT /d1/450/AUTH_bb095502870147c682a17549ab21d6b7/gnocchi.46d14619-413d-4b47-ad67-c29d57b8472a/none_v3" 201 - "PUT http://172.18.0.2:8080/d1/806/AUTH_bb095502870147c682a17549ab21d6b7/gnocchi.46d14619-413d-4b47-ad67-c29d57b8472a/none_v3" "tx64cb6a7932864fba8c6da-00697c4de7" "object-server 23" 0.0005 "-" 14 0
Jan 30 06:21:27 standalone object-server[127453]: 172.20.0.100 - - [30/Jan/2026:06:21:27 +0000] "PUT /d1/806/AUTH_bb095502870147c682a17549ab21d6b7/gnocchi.46d14619-413d-4b47-ad67-c29d57b8472a/none_v3" 201 - "PUT http://172.18.0.2:8080/v1/AUTH_bb095502870147c682a17549ab21d6b7/gnocchi.46d14619-413d-4b47-ad67-c29d57b8472a/none_v3" "tx64cb6a7932864fba8c6da-00697c4de7" "proxy-server 12" 0.0152 "-" 23 0
Jan 30 06:21:27 standalone proxy-server[129384]: 172.18.0.2 172.18.0.100 30/Jan/2026/06/21/27 PUT /v1/AUTH_bb095502870147c682a17549ab21d6b7/gnocchi.46d14619-413d-4b47-ad67-c29d57b8472a/none_v3 HTTP/1.0 201 - python-swiftclient-3.11.1 gAAAAABpfE2qeuGt... 22 - - tx64cb6a7932864fba8c6da-00697c4de7 - 0.0202 - - 1769754087.892631292 1769754087.912797928 0
Jan 30 06:21:27 standalone container-server[127072]: 172.20.0.100 - - [30/Jan/2026:06:21:27 +0000] "HEAD /d1/660/AUTH_bb095502870147c682a17549ab21d6b7/gnocchi.35fa72ef-e314-4b25-9d46-2e44a3f1433c" 404 - "HEAD http://172.18.0.2:8080/v1/AUTH_bb095502870147c682a17549ab21d6b7/gnocchi.35fa72ef-e314-4b25-9d46-2e44a3f1433c?format=json&states=listing" "txbbd98b525f4b462e87a68-00697c4de7" "proxy-server 12" 0.0003 "-" 17 0
Jan 30 06:21:27 standalone object-server[127455]: 172.20.0.100 - - [30/Jan/2026:06:21:27 +0000] "GET /d1/770/AUTH_bb095502870147c682a17549ab21d6b7/gnocchi.35fa72ef-e314-4b25-9d46-2e44a3f1433c/none_v3" 404 70 "GET http://172.18.0.2:8080/v1/AUTH_bb095502870147c682a17549ab21d6b7/gnocchi.35fa72ef-e314-4b25-9d46-2e44a3f1433c/none_v3" "txbbd98b525f4b462e87a68-00697c4de7" "proxy-server 12" 0.0005 "-" 24 0
Jan 30 06:21:27 standalone proxy-server[129384]: 172.18.0.2 172.18.0.100 30/Jan/2026/06/21/27 GET /v1/AUTH_bb095502870147c682a17549ab21d6b7/gnocchi.35fa72ef-e314-4b25-9d46-2e44a3f1433c/none_v3 HTTP/1.0 404 - python-swiftclient-3.11.1 gAAAAABpfE2qeuGt... - 70 - txbbd98b525f4b462e87a68-00697c4de7 - 0.0095 - - 1769754087.924521685 1769754087.934015989 0
Jan 30 06:21:27 standalone account-server[127285]: 172.20.0.100 - - [30/Jan/2026:06:21:27 +0000] "PUT /d1/762/AUTH_bb095502870147c682a17549ab21d6b7/gnocchi.35fa72ef-e314-4b25-9d46-2e44a3f1433c" 201 - "PUT http://172.20.0.100:6001/d1/660/AUTH_bb095502870147c682a17549ab21d6b7/gnocchi.35fa72ef-e314-4b25-9d46-2e44a3f1433c" "txa15ca24d01794170a9808-00697c4de7" "container-server 9" 0.0052 "-" 20 0
Jan 30 06:21:27 standalone container-server[127054]: 172.20.0.100 - - [30/Jan/2026:06:21:27 +0000] "PUT /d1/660/AUTH_bb095502870147c682a17549ab21d6b7/gnocchi.35fa72ef-e314-4b25-9d46-2e44a3f1433c" 201 - "PUT http://172.18.0.2:8080/v1/AUTH_bb095502870147c682a17549ab21d6b7/gnocchi.35fa72ef-e314-4b25-9d46-2e44a3f1433c" "txa15ca24d01794170a9808-00697c4de7" "proxy-server 12" 0.0130 "-" 9 0
Jan 30 06:21:27 standalone proxy-server[129384]: 172.18.0.2 172.18.0.100 30/Jan/2026/06/21/27 PUT /v1/AUTH_bb095502870147c682a17549ab21d6b7/gnocchi.35fa72ef-e314-4b25-9d46-2e44a3f1433c HTTP/1.0 201 - python-swiftclient-3.11.1 gAAAAABpfE2qeuGt... - - - txa15ca24d01794170a9808-00697c4de7 - 0.0181 - - 1769754087.937484026 1769754087.955535650 0
Jan 30 06:21:27 standalone container-server[127054]: 172.20.0.100 - - [30/Jan/2026:06:21:27 +0000] "HEAD /d1/660/AUTH_bb095502870147c682a17549ab21d6b7/gnocchi.35fa72ef-e314-4b25-9d46-2e44a3f1433c" 204 - "HEAD http://172.18.0.2:8080/v1/AUTH_bb095502870147c682a17549ab21d6b7/gnocchi.35fa72ef-e314-4b25-9d46-2e44a3f1433c?format=json&states=listing" "tx780d3c077a054acdb4821-00697c4de7" "proxy-server 12" 0.0012 "-" 9 0
Jan 30 06:21:27 standalone proxy-server[129384]: - - 30/Jan/2026/06/21/27 HEAD /v1/AUTH_bb095502870147c682a17549ab21d6b7/gnocchi.35fa72ef-e314-4b25-9d46-2e44a3f1433c%3Fformat%3Djson%26states%3Dlisting HTTP/1.0 204 - Swift - - - - tx780d3c077a054acdb4821-00697c4de7 - 0.0039 RL - 1769754087.961746693 1769754087.965696335 0
Jan 30 06:21:27 standalone container-server[127059]: 172.20.0.100 - - [30/Jan/2026:06:21:27 +0000] "GET /d1/660/AUTH_bb095502870147c682a17549ab21d6b7/gnocchi.35fa72ef-e314-4b25-9d46-2e44a3f1433c" 200 2 "GET http://172.18.0.2:8080/v1/AUTH_bb095502870147c682a17549ab21d6b7/gnocchi.35fa72ef-e314-4b25-9d46-2e44a3f1433c?format=json&states=listing" "tx780d3c077a054acdb4821-00697c4de7" "proxy-server 12" 0.0023 "-" 11 0
Jan 30 06:21:27 standalone proxy-server[129384]: 172.18.0.2 172.18.0.100 30/Jan/2026/06/21/27 GET /v1/AUTH_bb095502870147c682a17549ab21d6b7/gnocchi.35fa72ef-e314-4b25-9d46-2e44a3f1433c%3Fformat%3Djson%26states%3Dlisting HTTP/1.0 200 - python-swiftclient-3.11.1 gAAAAABpfE2qeuGt... - 2 - tx780d3c077a054acdb4821-00697c4de7 - 0.0150 - - 1769754087.960671902 1769754087.975625992 0
Jan 30 06:21:27 standalone object-server[127455]: 172.20.0.100 - - [30/Jan/2026:06:21:27 +0000] "GET /d1/449/AUTH_bb095502870147c682a17549ab21d6b7/gnocchi.35fa72ef-e314-4b25-9d46-2e44a3f1433c/1769040000.0_mean_300.0_v3" 404 70 "GET http://172.18.0.2:8080/v1/AUTH_bb095502870147c682a17549ab21d6b7/gnocchi.35fa72ef-e314-4b25-9d46-2e44a3f1433c/1769040000.0_mean_300.0_v3" "txb1434160f9b3498585c53-00697c4de7" "proxy-server 12" 0.0005 "-" 24 0
Jan 30 06:21:27 standalone proxy-server[129384]: 172.18.0.2 172.18.0.100 30/Jan/2026/06/21/27 GET /v1/AUTH_bb095502870147c682a17549ab21d6b7/gnocchi.35fa72ef-e314-4b25-9d46-2e44a3f1433c/1769040000.0_mean_300.0_v3 HTTP/1.0 404 - python-swiftclient-3.11.1 gAAAAABpfE2qeuGt... - 70 - txb1434160f9b3498585c53-00697c4de7 - 0.0061 - - 1769754087.980498075 1769754087.986617327 0
Jan 30 06:21:28 standalone container-server[127072]: 172.20.0.100 - - [30/Jan/2026:06:21:28 +0000] "PUT /d1/660/AUTH_bb095502870147c682a17549ab21d6b7/gnocchi.35fa72ef-e314-4b25-9d46-2e44a3f1433c/1769040000.0_mean_300.0_v3" 201 - "PUT http://172.18.0.2:8080/d1/449/AUTH_bb095502870147c682a17549ab21d6b7/gnocchi.35fa72ef-e314-4b25-9d46-2e44a3f1433c/1769040000.0_mean_300.0_v3" "txe503671e624f4313bf542-00697c4de7" "object-server 22" 0.0005 "-" 17 0
Jan 30 06:21:28 standalone object-server[127452]: 172.20.0.100 - - [30/Jan/2026:06:21:28 +0000] "PUT /d1/449/AUTH_bb095502870147c682a17549ab21d6b7/gnocchi.35fa72ef-e314-4b25-9d46-2e44a3f1433c/1769040000.0_mean_300.0_v3" 201 - "PUT http://172.18.0.2:8080/v1/AUTH_bb095502870147c682a17549ab21d6b7/gnocchi.35fa72ef-e314-4b25-9d46-2e44a3f1433c/1769040000.0_mean_300.0_v3" "txe503671e624f4313bf542-00697c4de7" "proxy-server 12" 0.0212 "-" 22 0
Jan 30 06:21:28 standalone proxy-server[129384]: 172.18.0.2 172.18.0.100 30/Jan/2026/06/21/28 PUT /v1/AUTH_bb095502870147c682a17549ab21d6b7/gnocchi.35fa72ef-e314-4b25-9d46-2e44a3f1433c/1769040000.0_mean_300.0_v3 HTTP/1.0 201 - python-swiftclient-3.11.1 gAAAAABpfE2qeuGt... 16 - - txe503671e624f4313bf542-00697c4de7 - 0.0263 - - 1769754087.990338802 1769754088.016617537 0
Jan 30 06:21:28 standalone container-server[127067]: 172.20.0.100 - - [30/Jan/2026:06:21:28 +0000] "PUT /d1/660/AUTH_bb095502870147c682a17549ab21d6b7/gnocchi.35fa72ef-e314-4b25-9d46-2e44a3f1433c/none_v3" 201 - "PUT http://172.18.0.2:8080/d1/770/AUTH_bb095502870147c682a17549ab21d6b7/gnocchi.35fa72ef-e314-4b25-9d46-2e44a3f1433c/none_v3" "txd96ff743a09a456b9ca97-00697c4de8" "object-server 23" 0.0004 "-" 14 0
Jan 30 06:21:28 standalone object-server[127453]: 172.20.0.100 - - [30/Jan/2026:06:21:28 +0000] "PUT /d1/770/AUTH_bb095502870147c682a17549ab21d6b7/gnocchi.35fa72ef-e314-4b25-9d46-2e44a3f1433c/none_v3" 201 - "PUT http://172.18.0.2:8080/v1/AUTH_bb095502870147c682a17549ab21d6b7/gnocchi.35fa72ef-e314-4b25-9d46-2e44a3f1433c/none_v3" "txd96ff743a09a456b9ca97-00697c4de8" "proxy-server 12" 0.0078 "-" 23 0
Jan 30 06:21:28 standalone proxy-server[129384]: 172.18.0.2 172.18.0.100 30/Jan/2026/06/21/28 PUT /v1/AUTH_bb095502870147c682a17549ab21d6b7/gnocchi.35fa72ef-e314-4b25-9d46-2e44a3f1433c/none_v3 HTTP/1.0 201 - python-swiftclient-3.11.1 gAAAAABpfE2qeuGt... 22 - - txd96ff743a09a456b9ca97-00697c4de8 - 0.0128 - - 1769754088.020291805 1769754088.033053637 0
Jan 30 06:21:35 standalone container-server[127059]: 172.20.0.100 - - [30/Jan/2026:06:21:35 +0000] "HEAD /d1/152/AUTH_bb095502870147c682a17549ab21d6b7/gnocchi.41305016-ab3e-4cbe-bb47-f5ee622caacb" 404 - "HEAD http://172.18.0.2:8080/v1/AUTH_bb095502870147c682a17549ab21d6b7/gnocchi.41305016-ab3e-4cbe-bb47-f5ee622caacb?format=json&states=listing" "txc59fddc8a5274c9ea48f4-00697c4def" "proxy-server 12" 0.0005 "-" 11 0
Jan 30 06:21:35 standalone object-server[127451]: 172.20.0.100 - - [30/Jan/2026:06:21:35 +0000] "GET /d1/923/AUTH_bb095502870147c682a17549ab21d6b7/gnocchi.41305016-ab3e-4cbe-bb47-f5ee622caacb/none_v3" 404 70 "GET http://172.18.0.2:8080/v1/AUTH_bb095502870147c682a17549ab21d6b7/gnocchi.41305016-ab3e-4cbe-bb47-f5ee622caacb/none_v3" "txc59fddc8a5274c9ea48f4-00697c4def" "proxy-server 12" 0.0007 "-" 21 0
Jan 30 06:21:35 standalone proxy-server[129384]: 172.18.0.2 172.18.0.100 30/Jan/2026/06/21/35 GET /v1/AUTH_bb095502870147c682a17549ab21d6b7/gnocchi.41305016-ab3e-4cbe-bb47-f5ee622caacb/none_v3 HTTP/1.0 404 - python-swiftclient-3.11.1 gAAAAABpfE2qeuGt... - 70 - txc59fddc8a5274c9ea48f4-00697c4def - 0.0102 - - 1769754095.208545208 1769754095.218724012 0
Jan 30 06:21:35 standalone account-server[127295]: 172.20.0.100 - - [30/Jan/2026:06:21:35 +0000] "PUT /d1/762/AUTH_bb095502870147c682a17549ab21d6b7/gnocchi.41305016-ab3e-4cbe-bb47-f5ee622caacb" 201 - "PUT http://172.20.0.100:6001/d1/152/AUTH_bb095502870147c682a17549ab21d6b7/gnocchi.41305016-ab3e-4cbe-bb47-f5ee622caacb" "txc4e2e88d2fc34af480a3f-00697c4def" "container-server 17" 0.0052 "-" 21 0
Jan 30 06:21:35 standalone container-server[127072]: 172.20.0.100 - - [30/Jan/2026:06:21:35 +0000] "PUT /d1/152/AUTH_bb095502870147c682a17549ab21d6b7/gnocchi.41305016-ab3e-4cbe-bb47-f5ee622caacb" 201 - "PUT http://172.18.0.2:8080/v1/AUTH_bb095502870147c682a17549ab21d6b7/gnocchi.41305016-ab3e-4cbe-bb47-f5ee622caacb" "txc4e2e88d2fc34af480a3f-00697c4def" "proxy-server 12" 0.0187 "-" 17 0
Jan 30 06:21:35 standalone proxy-server[129384]: 172.18.0.2 172.18.0.100 30/Jan/2026/06/21/35 PUT /v1/AUTH_bb095502870147c682a17549ab21d6b7/gnocchi.41305016-ab3e-4cbe-bb47-f5ee622caacb HTTP/1.0 201 - python-swiftclient-3.11.1 gAAAAABpfE2qeuGt... - - - txc4e2e88d2fc34af480a3f-00697c4def - 0.0236 - - 1769754095.222190142 1769754095.245796919 0
Jan 30 06:21:35 standalone container-server[127072]: 172.20.0.100 - - [30/Jan/2026:06:21:35 +0000] "HEAD /d1/152/AUTH_bb095502870147c682a17549ab21d6b7/gnocchi.41305016-ab3e-4cbe-bb47-f5ee622caacb" 204 - "HEAD http://172.18.0.2:8080/v1/AUTH_bb095502870147c682a17549ab21d6b7/gnocchi.41305016-ab3e-4cbe-bb47-f5ee622caacb?format=json&states=listing" "txe6d3da6495f2488da89e3-00697c4def" "proxy-server 12" 0.0032 "-" 17 0
Jan 30 06:21:35 standalone proxy-server[129384]: - - 30/Jan/2026/06/21/35 HEAD /v1/AUTH_bb095502870147c682a17549ab21d6b7/gnocchi.41305016-ab3e-4cbe-bb47-f5ee622caacb%3Fformat%3Djson%26states%3Dlisting HTTP/1.0 204 - Swift - - - - txe6d3da6495f2488da89e3-00697c4def - 0.0069 RL - 1769754095.250456810 1769754095.257340193 0
Jan 30 06:21:35 standalone container-server[127072]: 172.20.0.100 - - [30/Jan/2026:06:21:35 +0000] "GET /d1/152/AUTH_bb095502870147c682a17549ab21d6b7/gnocchi.41305016-ab3e-4cbe-bb47-f5ee622caacb" 200 2 "GET http://172.18.0.2:8080/v1/AUTH_bb095502870147c682a17549ab21d6b7/gnocchi.41305016-ab3e-4cbe-bb47-f5ee622caacb?format=json&states=listing" "txe6d3da6495f2488da89e3-00697c4def" "proxy-server 12" 0.0090 "-" 17 0
Jan 30 06:21:35 standalone proxy-server[129384]: 172.18.0.2 172.18.0.100 30/Jan/2026/06/21/35 GET /v1/AUTH_bb095502870147c682a17549ab21d6b7/gnocchi.41305016-ab3e-4cbe-bb47-f5ee622caacb%3Fformat%3Djson%26states%3Dlisting HTTP/1.0 200 - python-swiftclient-3.11.1 gAAAAABpfE2qeuGt... - 2 - txe6d3da6495f2488da89e3-00697c4def - 0.0254 - - 1769754095.249521971 1769754095.274928331 0
Jan 30 06:21:35 standalone object-server[127452]: 172.20.0.100 - - [30/Jan/2026:06:21:35 +0000] "GET /d1/179/AUTH_bb095502870147c682a17549ab21d6b7/gnocchi.41305016-ab3e-4cbe-bb47-f5ee622caacb/1769040000.0_mean_300.0_v3" 404 70 "GET http://172.18.0.2:8080/v1/AUTH_bb095502870147c682a17549ab21d6b7/gnocchi.41305016-ab3e-4cbe-bb47-f5ee622caacb/1769040000.0_mean_300.0_v3" "tx36ece12d95ba4a9c86587-00697c4def" "proxy-server 12" 0.0006 "-" 22 0
Jan 30 06:21:35 standalone proxy-server[129384]: 172.18.0.2 172.18.0.100 30/Jan/2026/06/21/35 GET /v1/AUTH_bb095502870147c682a17549ab21d6b7/gnocchi.41305016-ab3e-4cbe-bb47-f5ee622caacb/1769040000.0_mean_300.0_v3 HTTP/1.0 404 - python-swiftclient-3.11.1 gAAAAABpfE2qeuGt... - 70 - tx36ece12d95ba4a9c86587-00697c4def - 0.0056 - - 1769754095.279459238 1769754095.285009623 0
Jan 30 06:21:35 standalone container-server[127067]: 172.20.0.100 - - [30/Jan/2026:06:21:35 +0000] "PUT /d1/152/AUTH_bb095502870147c682a17549ab21d6b7/gnocchi.41305016-ab3e-4cbe-bb47-f5ee622caacb/1769040000.0_mean_300.0_v3" 201 - "PUT http://172.18.0.2:8080/d1/179/AUTH_bb095502870147c682a17549ab21d6b7/gnocchi.41305016-ab3e-4cbe-bb47-f5ee622caacb/1769040000.0_mean_300.0_v3" "txb83d6e046b2d464c9e507-00697c4def" "object-server 24" 0.0010 "-" 14 0
Jan 30 06:21:35 standalone object-server[127455]: 172.20.0.100 - - [30/Jan/2026:06:21:35 +0000] "PUT /d1/179/AUTH_bb095502870147c682a17549ab21d6b7/gnocchi.41305016-ab3e-4cbe-bb47-f5ee622caacb/1769040000.0_mean_300.0_v3" 201 - "PUT http://172.18.0.2:8080/v1/AUTH_bb095502870147c682a17549ab21d6b7/gnocchi.41305016-ab3e-4cbe-bb47-f5ee622caacb/1769040000.0_mean_300.0_v3" "txb83d6e046b2d464c9e507-00697c4def" "proxy-server 12" 0.0361 "-" 24 0
Jan 30 06:21:35 standalone proxy-server[129384]: 172.18.0.2 172.18.0.100 30/Jan/2026/06/21/35 PUT /v1/AUTH_bb095502870147c682a17549ab21d6b7/gnocchi.41305016-ab3e-4cbe-bb47-f5ee622caacb/1769040000.0_mean_300.0_v3 HTTP/1.0 201 - python-swiftclient-3.11.1 gAAAAABpfE2qeuGt... 16 - - txb83d6e046b2d464c9e507-00697c4def - 0.0418 - - 1769754095.288256884 1769754095.330007792 0
Jan 30 06:21:35 standalone container-server[127059]: 172.20.0.100 - - [30/Jan/2026:06:21:35 +0000] "PUT /d1/152/AUTH_bb095502870147c682a17549ab21d6b7/gnocchi.41305016-ab3e-4cbe-bb47-f5ee622caacb/none_v3" 201 - "PUT http://172.18.0.2:8080/d1/923/AUTH_bb095502870147c682a17549ab21d6b7/gnocchi.41305016-ab3e-4cbe-bb47-f5ee622caacb/none_v3" "txc31497e1bfa94595bbba7-00697c4def" "object-server 21" 0.0005 "-" 11 0
Jan 30 06:21:35 standalone object-server[127451]: 172.20.0.100 - - [30/Jan/2026:06:21:35 +0000] "PUT /d1/923/AUTH_bb095502870147c682a17549ab21d6b7/gnocchi.41305016-ab3e-4cbe-bb47-f5ee622caacb/none_v3" 201 - "PUT http://172.18.0.2:8080/v1/AUTH_bb095502870147c682a17549ab21d6b7/gnocchi.41305016-ab3e-4cbe-bb47-f5ee622caacb/none_v3" "txc31497e1bfa94595bbba7-00697c4def" "proxy-server 12" 0.0113 "-" 21 0
Jan 30 06:21:35 standalone proxy-server[129384]: 172.18.0.2 172.18.0.100 30/Jan/2026/06/21/35 PUT /v1/AUTH_bb095502870147c682a17549ab21d6b7/gnocchi.41305016-ab3e-4cbe-bb47-f5ee622caacb/none_v3 HTTP/1.0 201 - python-swiftclient-3.11.1 gAAAAABpfE2qeuGt... 22 - - txc31497e1bfa94595bbba7-00697c4def - 0.0175 - - 1769754095.334150553 1769754095.351650476 0
Jan 30 06:21:35 standalone container-server[127059]: 172.20.0.100 - - [30/Jan/2026:06:21:35 +0000] "HEAD /d1/937/AUTH_bb095502870147c682a17549ab21d6b7/gnocchi.47bf3fd7-fe4f-4fb4-bbeb-0f96422b47fe" 404 - "HEAD http://172.18.0.2:8080/v1/AUTH_bb095502870147c682a17549ab21d6b7/gnocchi.47bf3fd7-fe4f-4fb4-bbeb-0f96422b47fe?format=json&states=listing" "tx244e3ac14fe14d219b2f5-00697c4def" "proxy-server 12" 0.0004 "-" 11 0
Jan 30 06:21:35 standalone object-server[127451]: 172.20.0.100 - - [30/Jan/2026:06:21:35 +0000] "GET /d1/737/AUTH_bb095502870147c682a17549ab21d6b7/gnocchi.47bf3fd7-fe4f-4fb4-bbeb-0f96422b47fe/none_v3" 404 70 "GET http://172.18.0.2:8080/v1/AUTH_bb095502870147c682a17549ab21d6b7/gnocchi.47bf3fd7-fe4f-4fb4-bbeb-0f96422b47fe/none_v3" "tx244e3ac14fe14d219b2f5-00697c4def" "proxy-server 12" 0.0006 "-" 21 0
Jan 30 06:21:35 standalone proxy-server[129384]: 172.18.0.2 172.18.0.100 30/Jan/2026/06/21/35 GET /v1/AUTH_bb095502870147c682a17549ab21d6b7/gnocchi.47bf3fd7-fe4f-4fb4-bbeb-0f96422b47fe/none_v3 HTTP/1.0 404 - python-swiftclient-3.11.1 gAAAAABpfE2qeuGt... - 70 - tx244e3ac14fe14d219b2f5-00697c4def - 0.0095 - - 1769754095.367412567 1769754095.376891136 0
Jan 30 06:21:35 standalone account-server[127301]: 172.20.0.100 - - [30/Jan/2026:06:21:35 +0000] "PUT /d1/762/AUTH_bb095502870147c682a17549ab21d6b7/gnocchi.47bf3fd7-fe4f-4fb4-bbeb-0f96422b47fe" 201 - "PUT http://172.20.0.100:6001/d1/937/AUTH_bb095502870147c682a17549ab21d6b7/gnocchi.47bf3fd7-fe4f-4fb4-bbeb-0f96422b47fe" "txbaed2bcb6add477298162-00697c4def" "container-server 9" 0.0072 "-" 23 0
Jan 30 06:21:35 standalone container-server[127054]: 172.20.0.100 - - [30/Jan/2026:06:21:35 +0000] "PUT /d1/937/AUTH_bb095502870147c682a17549ab21d6b7/gnocchi.47bf3fd7-fe4f-4fb4-bbeb-0f96422b47fe" 201 - "PUT http://172.18.0.2:8080/v1/AUTH_bb095502870147c682a17549ab21d6b7/gnocchi.47bf3fd7-fe4f-4fb4-bbeb-0f96422b47fe" "txbaed2bcb6add477298162-00697c4def" "proxy-server 12" 0.0273 "-" 9 0
Jan 30 06:21:35 standalone proxy-server[129384]: 172.18.0.2 172.18.0.100 30/Jan/2026/06/21/35 PUT /v1/AUTH_bb095502870147c682a17549ab21d6b7/gnocchi.47bf3fd7-fe4f-4fb4-bbeb-0f96422b47fe HTTP/1.0 201 - python-swiftclient-3.11.1 gAAAAABpfE2qeuGt... - - - txbaed2bcb6add477298162-00697c4def - 0.0324 - - 1769754095.380917549 1769754095.413352728 0
Jan 30 06:21:35 standalone container-server[127067]: 172.20.0.100 - - [30/Jan/2026:06:21:35 +0000] "HEAD /d1/937/AUTH_bb095502870147c682a17549ab21d6b7/gnocchi.47bf3fd7-fe4f-4fb4-bbeb-0f96422b47fe" 204 - "HEAD http://172.18.0.2:8080/v1/AUTH_bb095502870147c682a17549ab21d6b7/gnocchi.47bf3fd7-fe4f-4fb4-bbeb-0f96422b47fe?format=json&states=listing" "txac40dc69a999410fb0aee-00697c4def" "proxy-server 12" 0.0027 "-" 14 0
Jan 30 06:21:35 standalone proxy-server[129384]: - - 30/Jan/2026/06/21/35 HEAD /v1/AUTH_bb095502870147c682a17549ab21d6b7/gnocchi.47bf3fd7-fe4f-4fb4-bbeb-0f96422b47fe%3Fformat%3Djson%26states%3Dlisting HTTP/1.0 204 - Swift - - - - txac40dc69a999410fb0aee-00697c4def - 0.0065 RL - 1769754095.420556784 1769754095.427040815 0
Jan 30 06:21:35 standalone container-server[127059]: 172.20.0.100 - - [30/Jan/2026:06:21:35 +0000] "GET /d1/937/AUTH_bb095502870147c682a17549ab21d6b7/gnocchi.47bf3fd7-fe4f-4fb4-bbeb-0f96422b47fe" 200 2 "GET http://172.18.0.2:8080/v1/AUTH_bb095502870147c682a17549ab21d6b7/gnocchi.47bf3fd7-fe4f-4fb4-bbeb-0f96422b47fe?format=json&states=listing" "txac40dc69a999410fb0aee-00697c4def" "proxy-server 12" 0.0022 "-" 11 0
Jan 30 06:21:35 standalone proxy-server[129384]: 172.18.0.2 172.18.0.100 30/Jan/2026/06/21/35 GET /v1/AUTH_bb095502870147c682a17549ab21d6b7/gnocchi.47bf3fd7-fe4f-4fb4-bbeb-0f96422b47fe%3Fformat%3Djson%26states%3Dlisting HTTP/1.0 200 - python-swiftclient-3.11.1 gAAAAABpfE2qeuGt... - 2 - txac40dc69a999410fb0aee-00697c4def - 0.0172 - - 1769754095.417872429 1769754095.435115337 0
Jan 30 06:21:35 standalone object-server[127451]: 172.20.0.100 - - [30/Jan/2026:06:21:35 +0000] "GET /d1/486/AUTH_bb095502870147c682a17549ab21d6b7/gnocchi.47bf3fd7-fe4f-4fb4-bbeb-0f96422b47fe/1769040000.0_mean_300.0_v3" 404 70 "GET http://172.18.0.2:8080/v1/AUTH_bb095502870147c682a17549ab21d6b7/gnocchi.47bf3fd7-fe4f-4fb4-bbeb-0f96422b47fe/1769040000.0_mean_300.0_v3" "tx47a8c5450a3a4a8c9f5a0-00697c4def" "proxy-server 12" 0.0004 "-" 21 0
Jan 30 06:21:35 standalone proxy-server[129384]: 172.18.0.2 172.18.0.100 30/Jan/2026/06/21/35 GET /v1/AUTH_bb095502870147c682a17549ab21d6b7/gnocchi.47bf3fd7-fe4f-4fb4-bbeb-0f96422b47fe/1769040000.0_mean_300.0_v3 HTTP/1.0 404 - python-swiftclient-3.11.1 gAAAAABpfE2qeuGt... - 70 - tx47a8c5450a3a4a8c9f5a0-00697c4def - 0.0071 - - 1769754095.439642429 1769754095.446750164 0
Jan 30 06:21:35 standalone container-server[127067]: 172.20.0.100 - - [30/Jan/2026:06:21:35 +0000] "PUT /d1/937/AUTH_bb095502870147c682a17549ab21d6b7/gnocchi.47bf3fd7-fe4f-4fb4-bbeb-0f96422b47fe/1769040000.0_mean_300.0_v3" 201 - "PUT http://172.18.0.2:8080/d1/486/AUTH_bb095502870147c682a17549ab21d6b7/gnocchi.47bf3fd7-fe4f-4fb4-bbeb-0f96422b47fe/1769040000.0_mean_300.0_v3" "tx7b50de16fd6b4ed3b1c68-00697c4def" "object-server 21" 0.0008 "-" 14 0
Jan 30 06:21:35 standalone object-server[127451]: 172.20.0.100 - - [30/Jan/2026:06:21:35 +0000] "PUT /d1/486/AUTH_bb095502870147c682a17549ab21d6b7/gnocchi.47bf3fd7-fe4f-4fb4-bbeb-0f96422b47fe/1769040000.0_mean_300.0_v3" 201 - "PUT http://172.18.0.2:8080/v1/AUTH_bb095502870147c682a17549ab21d6b7/gnocchi.47bf3fd7-fe4f-4fb4-bbeb-0f96422b47fe/1769040000.0_mean_300.0_v3" "tx7b50de16fd6b4ed3b1c68-00697c4def" "proxy-server 12" 0.0143 "-" 21 0
Jan 30 06:21:35 standalone proxy-server[129384]: 172.18.0.2 172.18.0.100 30/Jan/2026/06/21/35 PUT /v1/AUTH_bb095502870147c682a17549ab21d6b7/gnocchi.47bf3fd7-fe4f-4fb4-bbeb-0f96422b47fe/1769040000.0_mean_300.0_v3 HTTP/1.0 201 - python-swiftclient-3.11.1 gAAAAABpfE2qeuGt... 16 - - tx7b50de16fd6b4ed3b1c68-00697c4def - 0.0202 - - 1769754095.451678753 1769754095.471894026 0
Jan 30 06:21:35 standalone container-server[127072]: 172.20.0.100 - - [30/Jan/2026:06:21:35 +0000] "PUT /d1/937/AUTH_bb095502870147c682a17549ab21d6b7/gnocchi.47bf3fd7-fe4f-4fb4-bbeb-0f96422b47fe/none_v3" 201 - "PUT http://172.18.0.2:8080/d1/737/AUTH_bb095502870147c682a17549ab21d6b7/gnocchi.47bf3fd7-fe4f-4fb4-bbeb-0f96422b47fe/none_v3" "txb3f8298777a14ffbb7cc9-00697c4def" "object-server 24" 0.0011 "-" 17 0
Jan 30 06:21:35 standalone object-server[127455]: 172.20.0.100 - - [30/Jan/2026:06:21:35 +0000] "PUT /d1/737/AUTH_bb095502870147c682a17549ab21d6b7/gnocchi.47bf3fd7-fe4f-4fb4-bbeb-0f96422b47fe/none_v3" 201 - "PUT http://172.18.0.2:8080/v1/AUTH_bb095502870147c682a17549ab21d6b7/gnocchi.47bf3fd7-fe4f-4fb4-bbeb-0f96422b47fe/none_v3" "txb3f8298777a14ffbb7cc9-00697c4def" "proxy-server 12" 0.0137 "-" 24 0
Jan 30 06:21:35 standalone proxy-server[129384]: 172.18.0.2 172.18.0.100 30/Jan/2026/06/21/35 PUT /v1/AUTH_bb095502870147c682a17549ab21d6b7/gnocchi.47bf3fd7-fe4f-4fb4-bbeb-0f96422b47fe/none_v3 HTTP/1.0 201 - python-swiftclient-3.11.1 gAAAAABpfE2qeuGt... 22 - - txb3f8298777a14ffbb7cc9-00697c4def - 0.0304 - - 1769754095.475006580 1769754095.505365610 0
Jan 30 06:21:35 standalone container-server[127054]: 172.20.0.100 - - [30/Jan/2026:06:21:35 +0000] "HEAD /d1/972/AUTH_bb095502870147c682a17549ab21d6b7/gnocchi.82b3c79a-a501-4a2e-9a84-e11d8c7b62ee" 404 - "HEAD http://172.18.0.2:8080/v1/AUTH_bb095502870147c682a17549ab21d6b7/gnocchi.82b3c79a-a501-4a2e-9a84-e11d8c7b62ee?format=json&states=listing" "tx5d416cafc60346b0b3fb4-00697c4def" "proxy-server 12" 0.0005 "-" 9 0
Jan 30 06:21:35 standalone object-server[127452]: 172.20.0.100 - - [30/Jan/2026:06:21:35 +0000] "GET /d1/996/AUTH_bb095502870147c682a17549ab21d6b7/gnocchi.82b3c79a-a501-4a2e-9a84-e11d8c7b62ee/none_v3" 404 70 "GET http://172.18.0.2:8080/v1/AUTH_bb095502870147c682a17549ab21d6b7/gnocchi.82b3c79a-a501-4a2e-9a84-e11d8c7b62ee/none_v3" "tx5d416cafc60346b0b3fb4-00697c4def" "proxy-server 12" 0.0005 "-" 22 0
Jan 30 06:21:35 standalone proxy-server[129384]: 172.18.0.2 172.18.0.100 30/Jan/2026/06/21/35 GET /v1/AUTH_bb095502870147c682a17549ab21d6b7/gnocchi.82b3c79a-a501-4a2e-9a84-e11d8c7b62ee/none_v3 HTTP/1.0 404 - python-swiftclient-3.11.1 gAAAAABpfE2qeuGt... - 70 - tx5d416cafc60346b0b3fb4-00697c4def - 0.0142 - - 1769754095.523392916 1769754095.537584782 0
Jan 30 06:21:35 standalone account-server[127300]: 172.20.0.100 - - [30/Jan/2026:06:21:35 +0000] "PUT /d1/762/AUTH_bb095502870147c682a17549ab21d6b7/gnocchi.82b3c79a-a501-4a2e-9a84-e11d8c7b62ee" 201 - "PUT http://172.20.0.100:6001/d1/972/AUTH_bb095502870147c682a17549ab21d6b7/gnocchi.82b3c79a-a501-4a2e-9a84-e11d8c7b62ee" "tx26d6573f061a454c9b6a4-00697c4def" "container-server 14" 0.0079 "-" 22 0
Jan 30 06:21:35 standalone container-server[127067]: 172.20.0.100 - - [30/Jan/2026:06:21:35 +0000] "PUT /d1/972/AUTH_bb095502870147c682a17549ab21d6b7/gnocchi.82b3c79a-a501-4a2e-9a84-e11d8c7b62ee" 201 - "PUT http://172.18.0.2:8080/v1/AUTH_bb095502870147c682a17549ab21d6b7/gnocchi.82b3c79a-a501-4a2e-9a84-e11d8c7b62ee" "tx26d6573f061a454c9b6a4-00697c4def" "proxy-server 12" 0.0257 "-" 14 0
Jan 30 06:21:35 standalone proxy-server[129384]: 172.18.0.2 172.18.0.100 30/Jan/2026/06/21/35 PUT /v1/AUTH_bb095502870147c682a17549ab21d6b7/gnocchi.82b3c79a-a501-4a2e-9a84-e11d8c7b62ee HTTP/1.0 201 - python-swiftclient-3.11.1 gAAAAABpfE2qeuGt... - - - tx26d6573f061a454c9b6a4-00697c4def - 0.0346 - - 1769754095.542580366 1769754095.577135801 0
Jan 30 06:21:35 standalone container-server[127067]: 172.20.0.100 - - [30/Jan/2026:06:21:35 +0000] "HEAD /d1/972/AUTH_bb095502870147c682a17549ab21d6b7/gnocchi.82b3c79a-a501-4a2e-9a84-e11d8c7b62ee" 204 - "HEAD http://172.18.0.2:8080/v1/AUTH_bb095502870147c682a17549ab21d6b7/gnocchi.82b3c79a-a501-4a2e-9a84-e11d8c7b62ee?format=json&states=listing" "txb2675c33b6374dbf8f462-00697c4def" "proxy-server 12" 0.0031 "-" 14 0
Jan 30 06:21:35 standalone proxy-server[129384]: - - 30/Jan/2026/06/21/35 HEAD /v1/AUTH_bb095502870147c682a17549ab21d6b7/gnocchi.82b3c79a-a501-4a2e-9a84-e11d8c7b62ee%3Fformat%3Djson%26states%3Dlisting HTTP/1.0 204 - Swift - - - - txb2675c33b6374dbf8f462-00697c4def - 0.0092 RL - 1769754095.586732864 1769754095.595909595 0
Jan 30 06:21:35 standalone container-server[127059]: 172.20.0.100 - - [30/Jan/2026:06:21:35 +0000] "GET /d1/972/AUTH_bb095502870147c682a17549ab21d6b7/gnocchi.82b3c79a-a501-4a2e-9a84-e11d8c7b62ee" 200 2 "GET http://172.18.0.2:8080/v1/AUTH_bb095502870147c682a17549ab21d6b7/gnocchi.82b3c79a-a501-4a2e-9a84-e11d8c7b62ee?format=json&states=listing" "txb2675c33b6374dbf8f462-00697c4def" "proxy-server 12" 0.0045 "-" 11 0
