Feb 19 14:31:42 standalone account-server[123732]: 172.20.0.100 - - [19/Feb/2026:14:31:42 +0000] "PUT /d1/954/AUTH_a3211f5e0bfd411cb565e0f1c81d6b46/gnocchi.90489a37-0c2a-4afb-bd4e-1cc2ed698b1f" 201 - "PUT http://172.20.0.100:6001/d1/6/AUTH_a3211f5e0bfd411cb565e0f1c81d6b46/gnocchi.90489a37-0c2a-4afb-bd4e-1cc2ed698b1f" "tx97045d5d37e940c5a0b21-0069971ece" "container-server 20" 0.0088 "-" 22 0
Feb 19 14:31:42 standalone container-server[123704]: 172.20.0.100 - - [19/Feb/2026:14:31:42 +0000] "PUT /d1/6/AUTH_a3211f5e0bfd411cb565e0f1c81d6b46/gnocchi.90489a37-0c2a-4afb-bd4e-1cc2ed698b1f" 201 - "PUT http://localhost:8080/v1/AUTH_a3211f5e0bfd411cb565e0f1c81d6b46/gnocchi.90489a37-0c2a-4afb-bd4e-1cc2ed698b1f" "tx97045d5d37e940c5a0b21-0069971ece" "proxy-server 21" 0.0225 "-" 20 0
Feb 19 14:31:42 standalone proxy-server[125726]: 172.18.0.2 ::1 19/Feb/2026/14/31/42 PUT /v1/AUTH_a3211f5e0bfd411cb565e0f1c81d6b46/gnocchi.90489a37-0c2a-4afb-bd4e-1cc2ed698b1f HTTP/1.0 201 - python-swiftclient-3.11.1 gAAAAABplx6JhBjx... - - - tx97045d5d37e940c5a0b21-0069971ece - 0.0347 - - 1771511502.110964537 1771511502.145706654 0
Feb 19 14:31:42 standalone container-server[123720]: 172.20.0.100 - - [19/Feb/2026:14:31:42 +0000] "HEAD /d1/349/AUTH_a3211f5e0bfd411cb565e0f1c81d6b46/gnocchi.503954d1-1c1e-489a-bf5b-0cf80b0c591f" 204 - "HEAD http://localhost:8080/v1/AUTH_a3211f5e0bfd411cb565e0f1c81d6b46/gnocchi.503954d1-1c1e-489a-bf5b-0cf80b0c591f?format=json&states=listing" "tx0c933b2d68df40fbbdffa-0069971ece" "proxy-server 21" 0.0012 "-" 21 0
Feb 19 14:31:42 standalone proxy-server[125726]: - - 19/Feb/2026/14/31/42 HEAD /v1/AUTH_a3211f5e0bfd411cb565e0f1c81d6b46/gnocchi.503954d1-1c1e-489a-bf5b-0cf80b0c591f%3Fformat%3Djson%26states%3Dlisting HTTP/1.0 204 - Swift - - - - tx0c933b2d68df40fbbdffa-0069971ece - 0.0063 RL - 1771511502.155896425 1771511502.162153959 0
Feb 19 14:31:42 standalone container-server[123728]: 172.20.0.100 - - [19/Feb/2026:14:31:42 +0000] "GET /d1/349/AUTH_a3211f5e0bfd411cb565e0f1c81d6b46/gnocchi.503954d1-1c1e-489a-bf5b-0cf80b0c591f" 200 2 "GET http://localhost:8080/v1/AUTH_a3211f5e0bfd411cb565e0f1c81d6b46/gnocchi.503954d1-1c1e-489a-bf5b-0cf80b0c591f?format=json&states=listing" "tx0c933b2d68df40fbbdffa-0069971ece" "proxy-server 21" 0.0062 "-" 22 0
Feb 19 14:31:42 standalone proxy-server[125726]: 172.18.0.2 ::1 19/Feb/2026/14/31/42 GET /v1/AUTH_a3211f5e0bfd411cb565e0f1c81d6b46/gnocchi.503954d1-1c1e-489a-bf5b-0cf80b0c591f%3Fformat%3Djson%26states%3Dlisting HTTP/1.0 200 - python-swiftclient-3.11.1 gAAAAABplx6JhBjx... - 2 - tx0c933b2d68df40fbbdffa-0069971ece - 0.0293 - - 1771511502.152054548 1771511502.181375742 0
Feb 19 14:31:42 standalone container-server[123728]: 172.20.0.100 - - [19/Feb/2026:14:31:42 +0000] "HEAD /d1/6/AUTH_a3211f5e0bfd411cb565e0f1c81d6b46/gnocchi.90489a37-0c2a-4afb-bd4e-1cc2ed698b1f" 204 - "HEAD http://localhost:8080/v1/AUTH_a3211f5e0bfd411cb565e0f1c81d6b46/gnocchi.90489a37-0c2a-4afb-bd4e-1cc2ed698b1f?format=json&states=listing" "tx41224b72fd5546c281f6d-0069971ece" "proxy-server 21" 0.0026 "-" 22 0
Feb 19 14:31:42 standalone proxy-server[125726]: - - 19/Feb/2026/14/31/42 HEAD /v1/AUTH_a3211f5e0bfd411cb565e0f1c81d6b46/gnocchi.90489a37-0c2a-4afb-bd4e-1cc2ed698b1f%3Fformat%3Djson%26states%3Dlisting HTTP/1.0 204 - Swift - - - - tx41224b72fd5546c281f6d-0069971ece - 0.0118 RL - 1771511502.191120386 1771511502.202937603 0
Feb 19 14:31:42 standalone container-server[123728]: 172.20.0.100 - - [19/Feb/2026:14:31:42 +0000] "GET /d1/6/AUTH_a3211f5e0bfd411cb565e0f1c81d6b46/gnocchi.90489a37-0c2a-4afb-bd4e-1cc2ed698b1f" 200 2 "GET http://localhost:8080/v1/AUTH_a3211f5e0bfd411cb565e0f1c81d6b46/gnocchi.90489a37-0c2a-4afb-bd4e-1cc2ed698b1f?format=json&states=listing" "tx41224b72fd5546c281f6d-0069971ece" "proxy-server 21" 0.0046 "-" 22 0
Feb 19 14:31:42 standalone proxy-server[125726]: 172.18.0.2 ::1 19/Feb/2026/14/31/42 GET /v1/AUTH_a3211f5e0bfd411cb565e0f1c81d6b46/gnocchi.90489a37-0c2a-4afb-bd4e-1cc2ed698b1f%3Fformat%3Djson%26states%3Dlisting HTTP/1.0 200 - python-swiftclient-3.11.1 gAAAAABplx6JhBjx... - 2 - tx41224b72fd5546c281f6d-0069971ece - 0.0302 - - 1771511502.189142466 1771511502.219294310 0
Feb 19 14:31:42 standalone object-server[123890]: 172.20.0.100 - - [19/Feb/2026:14:31:42 +0000] "GET /d1/178/AUTH_a3211f5e0bfd411cb565e0f1c81d6b46/gnocchi.503954d1-1c1e-489a-bf5b-0cf80b0c591f/1771200000.0_mean_300.0_v3" 404 70 "GET http://localhost:8080/v1/AUTH_a3211f5e0bfd411cb565e0f1c81d6b46/gnocchi.503954d1-1c1e-489a-bf5b-0cf80b0c591f/1771200000.0_mean_300.0_v3" "tx43d91ae1f03b4bc59f6a0-0069971ece" "proxy-server 21" 0.0004 "-" 24 0
Feb 19 14:31:42 standalone proxy-server[125726]: 172.18.0.2 ::1 19/Feb/2026/14/31/42 GET /v1/AUTH_a3211f5e0bfd411cb565e0f1c81d6b46/gnocchi.503954d1-1c1e-489a-bf5b-0cf80b0c591f/1771200000.0_mean_300.0_v3 HTTP/1.0 404 - python-swiftclient-3.11.1 gAAAAABplx6JhBjx... - 70 - tx43d91ae1f03b4bc59f6a0-0069971ece - 0.0081 - - 1771511502.224328995 1771511502.232476950 0
Feb 19 14:31:42 standalone object-server[123897]: 172.20.0.100 - - [19/Feb/2026:14:31:42 +0000] "GET /d1/243/AUTH_a3211f5e0bfd411cb565e0f1c81d6b46/gnocchi.90489a37-0c2a-4afb-bd4e-1cc2ed698b1f/1771200000.0_mean_300.0_v3" 404 70 "GET http://localhost:8080/v1/AUTH_a3211f5e0bfd411cb565e0f1c81d6b46/gnocchi.90489a37-0c2a-4afb-bd4e-1cc2ed698b1f/1771200000.0_mean_300.0_v3" "tx882ef757cb5846389385f-0069971ece" "proxy-server 21" 0.0007 "-" 25 0
Feb 19 14:31:42 standalone proxy-server[125726]: 172.18.0.2 ::1 19/Feb/2026/14/31/42 GET /v1/AUTH_a3211f5e0bfd411cb565e0f1c81d6b46/gnocchi.90489a37-0c2a-4afb-bd4e-1cc2ed698b1f/1771200000.0_mean_300.0_v3 HTTP/1.0 404 - python-swiftclient-3.11.1 gAAAAABplx6JhBjx... - 70 - tx882ef757cb5846389385f-0069971ece - 0.0112 - - 1771511502.237154245 1771511502.248324633 0
Feb 19 14:31:42 standalone container-server[123704]: 172.20.0.100 - - [19/Feb/2026:14:31:42 +0000] "PUT /d1/349/AUTH_a3211f5e0bfd411cb565e0f1c81d6b46/gnocchi.503954d1-1c1e-489a-bf5b-0cf80b0c591f/1771200000.0_mean_300.0_v3" 201 - "PUT http://localhost:8080/d1/178/AUTH_a3211f5e0bfd411cb565e0f1c81d6b46/gnocchi.503954d1-1c1e-489a-bf5b-0cf80b0c591f/1771200000.0_mean_300.0_v3" "txaf2ce3c0fbe549c5842ab-0069971ece" "object-server 24" 0.0009 "-" 20 0
Feb 19 14:31:42 standalone object-server[123890]: 172.20.0.100 - - [19/Feb/2026:14:31:42 +0000] "PUT /d1/178/AUTH_a3211f5e0bfd411cb565e0f1c81d6b46/gnocchi.503954d1-1c1e-489a-bf5b-0cf80b0c591f/1771200000.0_mean_300.0_v3" 201 - "PUT http://localhost:8080/v1/AUTH_a3211f5e0bfd411cb565e0f1c81d6b46/gnocchi.503954d1-1c1e-489a-bf5b-0cf80b0c591f/1771200000.0_mean_300.0_v3" "txaf2ce3c0fbe549c5842ab-0069971ece" "proxy-server 21" 0.0135 "-" 24 0
Feb 19 14:31:42 standalone proxy-server[125726]: 172.18.0.2 ::1 19/Feb/2026/14/31/42 PUT /v1/AUTH_a3211f5e0bfd411cb565e0f1c81d6b46/gnocchi.503954d1-1c1e-489a-bf5b-0cf80b0c591f/1771200000.0_mean_300.0_v3 HTTP/1.0 201 - python-swiftclient-3.11.1 gAAAAABplx6JhBjx... 16 - - txaf2ce3c0fbe549c5842ab-0069971ece - 0.0273 - - 1771511502.254137993 1771511502.281426430 0
Feb 19 14:31:42 standalone container-server[123704]: 172.20.0.100 - - [19/Feb/2026:14:31:42 +0000] "PUT /d1/6/AUTH_a3211f5e0bfd411cb565e0f1c81d6b46/gnocchi.90489a37-0c2a-4afb-bd4e-1cc2ed698b1f/1771200000.0_mean_300.0_v3" 201 - "PUT http://localhost:8080/d1/243/AUTH_a3211f5e0bfd411cb565e0f1c81d6b46/gnocchi.90489a37-0c2a-4afb-bd4e-1cc2ed698b1f/1771200000.0_mean_300.0_v3" "txc310490edfd54c8fadac9-0069971ece" "object-server 25" 0.0010 "-" 20 0
Feb 19 14:31:42 standalone object-server[123897]: 172.20.0.100 - - [19/Feb/2026:14:31:42 +0000] "PUT /d1/243/AUTH_a3211f5e0bfd411cb565e0f1c81d6b46/gnocchi.90489a37-0c2a-4afb-bd4e-1cc2ed698b1f/1771200000.0_mean_300.0_v3" 201 - "PUT http://localhost:8080/v1/AUTH_a3211f5e0bfd411cb565e0f1c81d6b46/gnocchi.90489a37-0c2a-4afb-bd4e-1cc2ed698b1f/1771200000.0_mean_300.0_v3" "txc310490edfd54c8fadac9-0069971ece" "proxy-server 21" 0.0121 "-" 25 0
Feb 19 14:31:42 standalone proxy-server[125726]: 172.18.0.2 ::1 19/Feb/2026/14/31/42 PUT /v1/AUTH_a3211f5e0bfd411cb565e0f1c81d6b46/gnocchi.90489a37-0c2a-4afb-bd4e-1cc2ed698b1f/1771200000.0_mean_300.0_v3 HTTP/1.0 201 - python-swiftclient-3.11.1 gAAAAABplx6JhBjx... 16 - - txc310490edfd54c8fadac9-0069971ece - 0.0217 - - 1771511502.286391735 1771511502.308125019 0
Feb 19 14:31:42 standalone container-server[123728]: 172.20.0.100 - - [19/Feb/2026:14:31:42 +0000] "PUT /d1/349/AUTH_a3211f5e0bfd411cb565e0f1c81d6b46/gnocchi.503954d1-1c1e-489a-bf5b-0cf80b0c591f/none_v3" 201 - "PUT http://localhost:8080/d1/864/AUTH_a3211f5e0bfd411cb565e0f1c81d6b46/gnocchi.503954d1-1c1e-489a-bf5b-0cf80b0c591f/none_v3" "tx0558505cffce43baa5b50-0069971ece" "object-server 22" 0.0008 "-" 22 0
Feb 19 14:31:42 standalone object-server[123881]: 172.20.0.100 - - [19/Feb/2026:14:31:42 +0000] "PUT /d1/864/AUTH_a3211f5e0bfd411cb565e0f1c81d6b46/gnocchi.503954d1-1c1e-489a-bf5b-0cf80b0c591f/none_v3" 201 - "PUT http://localhost:8080/v1/AUTH_a3211f5e0bfd411cb565e0f1c81d6b46/gnocchi.503954d1-1c1e-489a-bf5b-0cf80b0c591f/none_v3" "tx0558505cffce43baa5b50-0069971ece" "proxy-server 21" 0.0114 "-" 22 0
Feb 19 14:31:42 standalone proxy-server[125726]: 172.18.0.2 ::1 19/Feb/2026/14/31/42 PUT /v1/AUTH_a3211f5e0bfd411cb565e0f1c81d6b46/gnocchi.503954d1-1c1e-489a-bf5b-0cf80b0c591f/none_v3 HTTP/1.0 201 - python-swiftclient-3.11.1 gAAAAABplx6JhBjx... 22 - - tx0558505cffce43baa5b50-0069971ece - 0.0216 - - 1771511502.311834812 1771511502.333464146 0
Feb 19 14:31:42 standalone container-server[123720]: 172.20.0.100 - - [19/Feb/2026:14:31:42 +0000] "PUT /d1/6/AUTH_a3211f5e0bfd411cb565e0f1c81d6b46/gnocchi.90489a37-0c2a-4afb-bd4e-1cc2ed698b1f/none_v3" 201 - "PUT http://localhost:8080/d1/484/AUTH_a3211f5e0bfd411cb565e0f1c81d6b46/gnocchi.90489a37-0c2a-4afb-bd4e-1cc2ed698b1f/none_v3" "tx7bd7b4dc33f34080b69be-0069971ece" "object-server 23" 0.0005 "-" 21 0
Feb 19 14:31:42 standalone object-server[123885]: 172.20.0.100 - - [19/Feb/2026:14:31:42 +0000] "PUT /d1/484/AUTH_a3211f5e0bfd411cb565e0f1c81d6b46/gnocchi.90489a37-0c2a-4afb-bd4e-1cc2ed698b1f/none_v3" 201 - "PUT http://localhost:8080/v1/AUTH_a3211f5e0bfd411cb565e0f1c81d6b46/gnocchi.90489a37-0c2a-4afb-bd4e-1cc2ed698b1f/none_v3" "tx7bd7b4dc33f34080b69be-0069971ece" "proxy-server 21" 0.0092 "-" 23 0
Feb 19 14:31:42 standalone proxy-server[125726]: 172.18.0.2 ::1 19/Feb/2026/14/31/42 PUT /v1/AUTH_a3211f5e0bfd411cb565e0f1c81d6b46/gnocchi.90489a37-0c2a-4afb-bd4e-1cc2ed698b1f/none_v3 HTTP/1.0 201 - python-swiftclient-3.11.1 gAAAAABplx6JhBjx... 22 - - tx7bd7b4dc33f34080b69be-0069971ece - 0.0156 - - 1771511502.338537216 1771511502.354129314 0
Feb 19 14:31:42 standalone container-server[123720]: 172.20.0.100 - - [19/Feb/2026:14:31:42 +0000] "HEAD /d1/182/AUTH_a3211f5e0bfd411cb565e0f1c81d6b46/gnocchi.d380fc0d-4513-4732-a369-8b1145b9957e" 404 - "HEAD http://localhost:8080/v1/AUTH_a3211f5e0bfd411cb565e0f1c81d6b46/gnocchi.d380fc0d-4513-4732-a369-8b1145b9957e?format=json&states=listing" "tx7662182e97f5474680dd7-0069971ece" "proxy-server 21" 0.0009 "-" 21 0
Feb 19 14:31:42 standalone object-server[123881]: 172.20.0.100 - - [19/Feb/2026:14:31:42 +0000] "GET /d1/455/AUTH_a3211f5e0bfd411cb565e0f1c81d6b46/gnocchi.d380fc0d-4513-4732-a369-8b1145b9957e/none_v3" 404 70 "GET http://localhost:8080/v1/AUTH_a3211f5e0bfd411cb565e0f1c81d6b46/gnocchi.d380fc0d-4513-4732-a369-8b1145b9957e/none_v3" "tx7662182e97f5474680dd7-0069971ece" "proxy-server 21" 0.0004 "-" 22 0
Feb 19 14:31:42 standalone proxy-server[125726]: 172.18.0.2 ::1 19/Feb/2026/14/31/42 GET /v1/AUTH_a3211f5e0bfd411cb565e0f1c81d6b46/gnocchi.d380fc0d-4513-4732-a369-8b1145b9957e/none_v3 HTTP/1.0 404 - python-swiftclient-3.11.1 gAAAAABplx6JhBjx... - 70 - tx7662182e97f5474680dd7-0069971ece - 0.0143 - - 1771511502.436866760 1771511502.451157093 0
Feb 19 14:31:42 standalone account-server[123732]: 172.20.0.100 - - [19/Feb/2026:14:31:42 +0000] "PUT /d1/954/AUTH_a3211f5e0bfd411cb565e0f1c81d6b46/gnocchi.d380fc0d-4513-4732-a369-8b1145b9957e" 201 - "PUT http://172.20.0.100:6001/d1/182/AUTH_a3211f5e0bfd411cb565e0f1c81d6b46/gnocchi.d380fc0d-4513-4732-a369-8b1145b9957e" "txcce10a4e6a104248bd3fa-0069971ece" "container-server 22" 0.0047 "-" 22 0
Feb 19 14:31:42 standalone container-server[123728]: 172.20.0.100 - - [19/Feb/2026:14:31:42 +0000] "PUT /d1/182/AUTH_a3211f5e0bfd411cb565e0f1c81d6b46/gnocchi.d380fc0d-4513-4732-a369-8b1145b9957e" 201 - "PUT http://localhost:8080/v1/AUTH_a3211f5e0bfd411cb565e0f1c81d6b46/gnocchi.d380fc0d-4513-4732-a369-8b1145b9957e" "txcce10a4e6a104248bd3fa-0069971ece" "proxy-server 21" 0.0167 "-" 22 0
Feb 19 14:31:42 standalone proxy-server[125726]: 172.18.0.2 ::1 19/Feb/2026/14/31/42 PUT /v1/AUTH_a3211f5e0bfd411cb565e0f1c81d6b46/gnocchi.d380fc0d-4513-4732-a369-8b1145b9957e HTTP/1.0 201 - python-swiftclient-3.11.1 gAAAAABplx6JhBjx... - - - txcce10a4e6a104248bd3fa-0069971ece - 0.0235 - - 1771511502.455445290 1771511502.478960037 0
Feb 19 14:31:42 standalone container-server[123736]: 172.20.0.100 - - [19/Feb/2026:14:31:42 +0000] "HEAD /d1/182/AUTH_a3211f5e0bfd411cb565e0f1c81d6b46/gnocchi.d380fc0d-4513-4732-a369-8b1145b9957e" 204 - "HEAD http://localhost:8080/v1/AUTH_a3211f5e0bfd411cb565e0f1c81d6b46/gnocchi.d380fc0d-4513-4732-a369-8b1145b9957e?format=json&states=listing" "txd644caaeb1c547688f056-0069971ece" "proxy-server 21" 0.0014 "-" 23 0
Feb 19 14:31:42 standalone proxy-server[125726]: - - 19/Feb/2026/14/31/42 HEAD /v1/AUTH_a3211f5e0bfd411cb565e0f1c81d6b46/gnocchi.d380fc0d-4513-4732-a369-8b1145b9957e%3Fformat%3Djson%26states%3Dlisting HTTP/1.0 204 - Swift - - - - txd644caaeb1c547688f056-0069971ece - 0.0074 RL - 1771511502.486986637 1771511502.494369507 0
Feb 19 14:31:42 standalone container-server[123728]: 172.20.0.100 - - [19/Feb/2026:14:31:42 +0000] "GET /d1/182/AUTH_a3211f5e0bfd411cb565e0f1c81d6b46/gnocchi.d380fc0d-4513-4732-a369-8b1145b9957e" 200 2 "GET http://localhost:8080/v1/AUTH_a3211f5e0bfd411cb565e0f1c81d6b46/gnocchi.d380fc0d-4513-4732-a369-8b1145b9957e?format=json&states=listing" "txd644caaeb1c547688f056-0069971ece" "proxy-server 21" 0.0028 "-" 22 0
Feb 19 14:31:42 standalone proxy-server[125726]: 172.18.0.2 ::1 19/Feb/2026/14/31/42 GET /v1/AUTH_a3211f5e0bfd411cb565e0f1c81d6b46/gnocchi.d380fc0d-4513-4732-a369-8b1145b9957e%3Fformat%3Djson%26states%3Dlisting HTTP/1.0 200 - python-swiftclient-3.11.1 gAAAAABplx6JhBjx... - 2 - txd644caaeb1c547688f056-0069971ece - 0.0229 - - 1771511502.484454393 1771511502.507322550 0
Feb 19 14:31:42 standalone object-server[123890]: 172.20.0.100 - - [19/Feb/2026:14:31:42 +0000] "GET /d1/919/AUTH_a3211f5e0bfd411cb565e0f1c81d6b46/gnocchi.d380fc0d-4513-4732-a369-8b1145b9957e/1771200000.0_mean_300.0_v3" 404 70 "GET http://localhost:8080/v1/AUTH_a3211f5e0bfd411cb565e0f1c81d6b46/gnocchi.d380fc0d-4513-4732-a369-8b1145b9957e/1771200000.0_mean_300.0_v3" "tx1d39a33659334f93be221-0069971ece" "proxy-server 21" 0.0005 "-" 24 0
Feb 19 14:31:42 standalone proxy-server[125726]: 172.18.0.2 ::1 19/Feb/2026/14/31/42 GET /v1/AUTH_a3211f5e0bfd411cb565e0f1c81d6b46/gnocchi.d380fc0d-4513-4732-a369-8b1145b9957e/1771200000.0_mean_300.0_v3 HTTP/1.0 404 - python-swiftclient-3.11.1 gAAAAABplx6JhBjx... - 70 - tx1d39a33659334f93be221-0069971ece - 0.0097 - - 1771511502.512409687 1771511502.522105932 0
Feb 19 14:31:42 standalone container-server[123704]: 172.20.0.100 - - [19/Feb/2026:14:31:42 +0000] "PUT /d1/182/AUTH_a3211f5e0bfd411cb565e0f1c81d6b46/gnocchi.d380fc0d-4513-4732-a369-8b1145b9957e/1771200000.0_mean_300.0_v3" 201 - "PUT http://localhost:8080/d1/919/AUTH_a3211f5e0bfd411cb565e0f1c81d6b46/gnocchi.d380fc0d-4513-4732-a369-8b1145b9957e/1771200000.0_mean_300.0_v3" "tx6bbe5677fb974f219b0f8-0069971ece" "object-server 24" 0.0005 "-" 20 0
Feb 19 14:31:42 standalone object-server[123890]: 172.20.0.100 - - [19/Feb/2026:14:31:42 +0000] "PUT /d1/919/AUTH_a3211f5e0bfd411cb565e0f1c81d6b46/gnocchi.d380fc0d-4513-4732-a369-8b1145b9957e/1771200000.0_mean_300.0_v3" 201 - "PUT http://localhost:8080/v1/AUTH_a3211f5e0bfd411cb565e0f1c81d6b46/gnocchi.d380fc0d-4513-4732-a369-8b1145b9957e/1771200000.0_mean_300.0_v3" "tx6bbe5677fb974f219b0f8-0069971ece" "proxy-server 21" 0.0129 "-" 24 0
Feb 19 14:31:42 standalone proxy-server[125726]: 172.18.0.2 ::1 19/Feb/2026/14/31/42 PUT /v1/AUTH_a3211f5e0bfd411cb565e0f1c81d6b46/gnocchi.d380fc0d-4513-4732-a369-8b1145b9957e/1771200000.0_mean_300.0_v3 HTTP/1.0 201 - python-swiftclient-3.11.1 gAAAAABplx6JhBjx... 16 - - tx6bbe5677fb974f219b0f8-0069971ece - 0.0254 - - 1771511502.527740955 1771511502.553151369 0
Feb 19 14:31:42 standalone container-server[123736]: 172.20.0.100 - - [19/Feb/2026:14:31:42 +0000] "PUT /d1/182/AUTH_a3211f5e0bfd411cb565e0f1c81d6b46/gnocchi.d380fc0d-4513-4732-a369-8b1145b9957e/none_v3" 201 - "PUT http://localhost:8080/d1/455/AUTH_a3211f5e0bfd411cb565e0f1c81d6b46/gnocchi.d380fc0d-4513-4732-a369-8b1145b9957e/none_v3" "tx160291adb2454e6f9ef26-0069971ece" "object-server 25" 0.0009 "-" 23 0
Feb 19 14:31:42 standalone object-server[123897]: 172.20.0.100 - - [19/Feb/2026:14:31:42 +0000] "PUT /d1/455/AUTH_a3211f5e0bfd411cb565e0f1c81d6b46/gnocchi.d380fc0d-4513-4732-a369-8b1145b9957e/none_v3" 201 - "PUT http://localhost:8080/v1/AUTH_a3211f5e0bfd411cb565e0f1c81d6b46/gnocchi.d380fc0d-4513-4732-a369-8b1145b9957e/none_v3" "tx160291adb2454e6f9ef26-0069971ece" "proxy-server 21" 0.0135 "-" 25 0
Feb 19 14:31:42 standalone proxy-server[125726]: 172.18.0.2 ::1 19/Feb/2026/14/31/42 PUT /v1/AUTH_a3211f5e0bfd411cb565e0f1c81d6b46/gnocchi.d380fc0d-4513-4732-a369-8b1145b9957e/none_v3 HTTP/1.0 201 - python-swiftclient-3.11.1 gAAAAABplx6JhBjx... 22 - - tx160291adb2454e6f9ef26-0069971ece - 0.0277 - - 1771511502.558731079 1771511502.586447477 0
Feb 19 14:31:42 standalone container-server[123704]: 172.20.0.100 - - [19/Feb/2026:14:31:42 +0000] "HEAD /d1/677/AUTH_a3211f5e0bfd411cb565e0f1c81d6b46/gnocchi.7197d561-8adc-4e79-b34a-1a1d98407071" 404 - "HEAD http://localhost:8080/v1/AUTH_a3211f5e0bfd411cb565e0f1c81d6b46/gnocchi.7197d561-8adc-4e79-b34a-1a1d98407071?format=json&states=listing" "tx82d6c5a0a0824d83a0e86-0069971ece" "proxy-server 21" 0.0003 "-" 20 0
Feb 19 14:31:42 standalone object-server[123897]: 172.20.0.100 - - [19/Feb/2026:14:31:42 +0000] "GET /d1/163/AUTH_a3211f5e0bfd411cb565e0f1c81d6b46/gnocchi.7197d561-8adc-4e79-b34a-1a1d98407071/none_v3" 404 70 "GET http://localhost:8080/v1/AUTH_a3211f5e0bfd411cb565e0f1c81d6b46/gnocchi.7197d561-8adc-4e79-b34a-1a1d98407071/none_v3" "tx82d6c5a0a0824d83a0e86-0069971ece" "proxy-server 21" 0.0009 "-" 25 0
Feb 19 14:31:42 standalone proxy-server[125726]: 172.18.0.2 ::1 19/Feb/2026/14/31/42 GET /v1/AUTH_a3211f5e0bfd411cb565e0f1c81d6b46/gnocchi.7197d561-8adc-4e79-b34a-1a1d98407071/none_v3 HTTP/1.0 404 - python-swiftclient-3.11.1 gAAAAABplx6JhBjx... - 70 - tx82d6c5a0a0824d83a0e86-0069971ece - 0.0219 - - 1771511502.605593681 1771511502.627492666 0
Feb 19 14:31:42 standalone account-server[123727]: 172.20.0.100 - - [19/Feb/2026:14:31:42 +0000] "PUT /d1/954/AUTH_a3211f5e0bfd411cb565e0f1c81d6b46/gnocchi.7197d561-8adc-4e79-b34a-1a1d98407071" 201 - "PUT http://172.20.0.100:6001/d1/677/AUTH_a3211f5e0bfd411cb565e0f1c81d6b46/gnocchi.7197d561-8adc-4e79-b34a-1a1d98407071" "tx371c3788f5f74c26ab1ba-0069971ece" "container-server 21" 0.0070 "-" 21 0
Feb 19 14:31:42 standalone container-server[123720]: 172.20.0.100 - - [19/Feb/2026:14:31:42 +0000] "PUT /d1/677/AUTH_a3211f5e0bfd411cb565e0f1c81d6b46/gnocchi.7197d561-8adc-4e79-b34a-1a1d98407071" 201 - "PUT http://localhost:8080/v1/AUTH_a3211f5e0bfd411cb565e0f1c81d6b46/gnocchi.7197d561-8adc-4e79-b34a-1a1d98407071" "tx371c3788f5f74c26ab1ba-0069971ece" "proxy-server 21" 0.0225 "-" 21 0
Feb 19 14:31:42 standalone proxy-server[125726]: 172.18.0.2 ::1 19/Feb/2026/14/31/42 PUT /v1/AUTH_a3211f5e0bfd411cb565e0f1c81d6b46/gnocchi.7197d561-8adc-4e79-b34a-1a1d98407071 HTTP/1.0 201 - python-swiftclient-3.11.1 gAAAAABplx6JhBjx... - - - tx371c3788f5f74c26ab1ba-0069971ece - 0.0428 - - 1771511502.632777452 1771511502.675537586 0
Feb 19 14:31:42 standalone container-server[123720]: 172.20.0.100 - - [19/Feb/2026:14:31:42 +0000] "HEAD /d1/677/AUTH_a3211f5e0bfd411cb565e0f1c81d6b46/gnocchi.7197d561-8adc-4e79-b34a-1a1d98407071" 204 - "HEAD http://localhost:8080/v1/AUTH_a3211f5e0bfd411cb565e0f1c81d6b46/gnocchi.7197d561-8adc-4e79-b34a-1a1d98407071?format=json&states=listing" "tx3913e61c701a4057bb6e2-0069971ece" "proxy-server 21" 0.0033 "-" 21 0
Feb 19 14:31:42 standalone proxy-server[125726]: - - 19/Feb/2026/14/31/42 HEAD /v1/AUTH_a3211f5e0bfd411cb565e0f1c81d6b46/gnocchi.7197d561-8adc-4e79-b34a-1a1d98407071%3Fformat%3Djson%26states%3Dlisting HTTP/1.0 204 - Swift - - - - tx3913e61c701a4057bb6e2-0069971ece - 0.0105 RL - 1771511502.684184313 1771511502.694639206 0
Feb 19 14:31:42 standalone container-server[123736]: 172.20.0.100 - - [19/Feb/2026:14:31:42 +0000] "GET /d1/677/AUTH_a3211f5e0bfd411cb565e0f1c81d6b46/gnocchi.7197d561-8adc-4e79-b34a-1a1d98407071" 200 2 "GET http://localhost:8080/v1/AUTH_a3211f5e0bfd411cb565e0f1c81d6b46/gnocchi.7197d561-8adc-4e79-b34a-1a1d98407071?format=json&states=listing" "tx3913e61c701a4057bb6e2-0069971ece" "proxy-server 21" 0.0056 "-" 23 0
Feb 19 14:31:42 standalone proxy-server[125726]: 172.18.0.2 ::1 19/Feb/2026/14/31/42 GET /v1/AUTH_a3211f5e0bfd411cb565e0f1c81d6b46/gnocchi.7197d561-8adc-4e79-b34a-1a1d98407071%3Fformat%3Djson%26states%3Dlisting HTTP/1.0 200 - python-swiftclient-3.11.1 gAAAAABplx6JhBjx... - 2 - tx3913e61c701a4057bb6e2-0069971ece - 0.0338 - - 1771511502.681926727 1771511502.715747833 0
Feb 19 14:31:42 standalone object-server[123890]: 172.20.0.100 - - [19/Feb/2026:14:31:42 +0000] "GET /d1/695/AUTH_a3211f5e0bfd411cb565e0f1c81d6b46/gnocchi.7197d561-8adc-4e79-b34a-1a1d98407071/1771200000.0_mean_300.0_v3" 404 70 "GET http://localhost:8080/v1/AUTH_a3211f5e0bfd411cb565e0f1c81d6b46/gnocchi.7197d561-8adc-4e79-b34a-1a1d98407071/1771200000.0_mean_300.0_v3" "tx63fabc711e0544939082f-0069971ece" "proxy-server 21" 0.0011 "-" 24 0
Feb 19 14:31:42 standalone proxy-server[125726]: 172.18.0.2 ::1 19/Feb/2026/14/31/42 GET /v1/AUTH_a3211f5e0bfd411cb565e0f1c81d6b46/gnocchi.7197d561-8adc-4e79-b34a-1a1d98407071/1771200000.0_mean_300.0_v3 HTTP/1.0 404 - python-swiftclient-3.11.1 gAAAAABplx6JhBjx... - 70 - tx63fabc711e0544939082f-0069971ece - 0.0138 - - 1771511502.723113060 1771511502.736942530 0
Feb 19 14:31:42 standalone container-server[123736]: 172.20.0.100 - - [19/Feb/2026:14:31:42 +0000] "PUT /d1/677/AUTH_a3211f5e0bfd411cb565e0f1c81d6b46/gnocchi.7197d561-8adc-4e79-b34a-1a1d98407071/1771200000.0_mean_300.0_v3" 201 - "PUT http://localhost:8080/d1/695/AUTH_a3211f5e0bfd411cb565e0f1c81d6b46/gnocchi.7197d561-8adc-4e79-b34a-1a1d98407071/1771200000.0_mean_300.0_v3" "tx9fa30bee386d46238852a-0069971ece" "object-server 22" 0.0028 "-" 23 0
Feb 19 14:31:42 standalone object-server[123881]: 172.20.0.100 - - [19/Feb/2026:14:31:42 +0000] "PUT /d1/695/AUTH_a3211f5e0bfd411cb565e0f1c81d6b46/gnocchi.7197d561-8adc-4e79-b34a-1a1d98407071/1771200000.0_mean_300.0_v3" 201 - "PUT http://localhost:8080/v1/AUTH_a3211f5e0bfd411cb565e0f1c81d6b46/gnocchi.7197d561-8adc-4e79-b34a-1a1d98407071/1771200000.0_mean_300.0_v3" "tx9fa30bee386d46238852a-0069971ece" "proxy-server 21" 0.0178 "-" 22 0
Feb 19 14:31:42 standalone proxy-server[125726]: 172.18.0.2 ::1 19/Feb/2026/14/31/42 PUT /v1/AUTH_a3211f5e0bfd411cb565e0f1c81d6b46/gnocchi.7197d561-8adc-4e79-b34a-1a1d98407071/1771200000.0_mean_300.0_v3 HTTP/1.0 201 - python-swiftclient-3.11.1 gAAAAABplx6JhBjx... 16 - - tx9fa30bee386d46238852a-0069971ece - 0.0303 - - 1771511502.746792793 1771511502.777063608 0
Feb 19 14:31:42 standalone container-server[123736]: 172.20.0.100 - - [19/Feb/2026:14:31:42 +0000] "PUT /d1/677/AUTH_a3211f5e0bfd411cb565e0f1c81d6b46/gnocchi.7197d561-8adc-4e79-b34a-1a1d98407071/none_v3" 201 - "PUT http://localhost:8080/d1/163/AUTH_a3211f5e0bfd411cb565e0f1c81d6b46/gnocchi.7197d561-8adc-4e79-b34a-1a1d98407071/none_v3" "tx7d6b46596ba742f3afc27-0069971ece" "object-server 23" 0.0020 "-" 23 0
Feb 19 14:31:42 standalone object-server[123885]: 172.20.0.100 - - [19/Feb/2026:14:31:42 +0000] "PUT /d1/163/AUTH_a3211f5e0bfd411cb565e0f1c81d6b46/gnocchi.7197d561-8adc-4e79-b34a-1a1d98407071/none_v3" 201 - "PUT http://localhost:8080/v1/AUTH_a3211f5e0bfd411cb565e0f1c81d6b46/gnocchi.7197d561-8adc-4e79-b34a-1a1d98407071/none_v3" "tx7d6b46596ba742f3afc27-0069971ece" "proxy-server 21" 0.0183 "-" 23 0
Feb 19 14:31:42 standalone proxy-server[125726]: 172.18.0.2 ::1 19/Feb/2026/14/31/42 PUT /v1/AUTH_a3211f5e0bfd411cb565e0f1c81d6b46/gnocchi.7197d561-8adc-4e79-b34a-1a1d98407071/none_v3 HTTP/1.0 201 - python-swiftclient-3.11.1 gAAAAABplx6JhBjx... 22 - - tx7d6b46596ba742f3afc27-0069971ece - 0.0321 - - 1771511502.788743973 1771511502.820854187 0
Feb 19 14:31:42 standalone container-server[123720]: 172.20.0.100 - - [19/Feb/2026:14:31:42 +0000] "HEAD /d1/577/AUTH_a3211f5e0bfd411cb565e0f1c81d6b46/gnocchi.b7f0b29a-f139-454a-adaf-e0b5cb7da7ba" 404 - "HEAD http://localhost:8080/v1/AUTH_a3211f5e0bfd411cb565e0f1c81d6b46/gnocchi.b7f0b29a-f139-454a-adaf-e0b5cb7da7ba?format=json&states=listing" "tx729217c744f141ccb28ee-0069971ece" "proxy-server 21" 0.0006 "-" 21 0
Feb 19 14:31:42 standalone object-server[123897]: 172.20.0.100 - - [19/Feb/2026:14:31:42 +0000] "GET /d1/115/AUTH_a3211f5e0bfd411cb565e0f1c81d6b46/gnocchi.b7f0b29a-f139-454a-adaf-e0b5cb7da7ba/none_v3" 404 70 "GET http://localhost:8080/v1/AUTH_a3211f5e0bfd411cb565e0f1c81d6b46/gnocchi.b7f0b29a-f139-454a-adaf-e0b5cb7da7ba/none_v3" "tx729217c744f141ccb28ee-0069971ece" "proxy-server 21" 0.0013 "-" 25 0
Feb 19 14:31:42 standalone proxy-server[125726]: 172.18.0.2 ::1 19/Feb/2026/14/31/42 GET /v1/AUTH_a3211f5e0bfd411cb565e0f1c81d6b46/gnocchi.b7f0b29a-f139-454a-adaf-e0b5cb7da7ba/none_v3 HTTP/1.0 404 - python-swiftclient-3.11.1 gAAAAABplx6JhBjx... - 70 - tx729217c744f141ccb28ee-0069971ece - 0.0222 - - 1771511502.860642672 1771511502.882820368 0
Feb 19 14:31:42 standalone account-server[123719]: 172.20.0.100 - - [19/Feb/2026:14:31:42 +0000] "PUT /d1/954/AUTH_a3211f5e0bfd411cb565e0f1c81d6b46/gnocchi.b7f0b29a-f139-454a-adaf-e0b5cb7da7ba" 201 - "PUT http://172.20.0.100:6001/d1/577/AUTH_a3211f5e0bfd411cb565e0f1c81d6b46/gnocchi.b7f0b29a-f139-454a-adaf-e0b5cb7da7ba" "txfe148716579a41c39c062-0069971ece" "container-server 21" 0.0047 "-" 20 0
Feb 19 14:31:42 standalone container-server[123720]: 172.20.0.100 - - [19/Feb/2026:14:31:42 +0000] "PUT /d1/577/AUTH_a3211f5e0bfd411cb565e0f1c81d6b46/gnocchi.b7f0b29a-f139-454a-adaf-e0b5cb7da7ba" 201 - "PUT http://localhost:8080/v1/AUTH_a3211f5e0bfd411cb565e0f1c81d6b46/gnocchi.b7f0b29a-f139-454a-adaf-e0b5cb7da7ba" "txfe148716579a41c39c062-0069971ece" "proxy-server 21" 0.0179 "-" 21 0
Feb 19 14:31:42 standalone proxy-server[125726]: 172.18.0.2 ::1 19/Feb/2026/14/31/42 PUT /v1/AUTH_a3211f5e0bfd411cb565e0f1c81d6b46/gnocchi.b7f0b29a-f139-454a-adaf-e0b5cb7da7ba HTTP/1.0 201 - python-swiftclient-3.11.1 gAAAAABplx6JhBjx... - - - txfe148716579a41c39c062-0069971ece - 0.0305 - - 1771511502.890707731 1771511502.921222687 0
Feb 19 14:31:42 standalone container-server[123736]: 172.20.0.100 - - [19/Feb/2026:14:31:42 +0000] "HEAD /d1/577/AUTH_a3211f5e0bfd411cb565e0f1c81d6b46/gnocchi.b7f0b29a-f139-454a-adaf-e0b5cb7da7ba" 204 - "HEAD http://localhost:8080/v1/AUTH_a3211f5e0bfd411cb565e0f1c81d6b46/gnocchi.b7f0b29a-f139-454a-adaf-e0b5cb7da7ba?format=json&states=listing" "tx0915a3224cf2453cb99ed-0069971ece" "proxy-server 21" 0.0016 "-" 23 0
Feb 19 14:31:42 standalone proxy-server[125726]: - - 19/Feb/2026/14/31/42 HEAD /v1/AUTH_a3211f5e0bfd411cb565e0f1c81d6b46/gnocchi.b7f0b29a-f139-454a-adaf-e0b5cb7da7ba%3Fformat%3Djson%26states%3Dlisting HTTP/1.0 204 - Swift - - - - tx0915a3224cf2453cb99ed-0069971ece - 0.0104 RL - 1771511502.942038059 1771511502.952456236 0
Feb 19 14:31:42 standalone container-server[123720]: 172.20.0.100 - - [19/Feb/2026:14:31:42 +0000] "GET /d1/577/AUTH_a3211f5e0bfd411cb565e0f1c81d6b46/gnocchi.b7f0b29a-f139-454a-adaf-e0b5cb7da7ba" 200 2 "GET http://localhost:8080/v1/AUTH_a3211f5e0bfd411cb565e0f1c81d6b46/gnocchi.b7f0b29a-f139-454a-adaf-e0b5cb7da7ba?format=json&states=listing" "tx0915a3224cf2453cb99ed-0069971ece" "proxy-server 21" 0.0023 "-" 21 0
Feb 19 14:31:42 standalone proxy-server[125726]: 172.18.0.2 ::1 19/Feb/2026/14/31/42 GET /v1/AUTH_a3211f5e0bfd411cb565e0f1c81d6b46/gnocchi.b7f0b29a-f139-454a-adaf-e0b5cb7da7ba%3Fformat%3Djson%26states%3Dlisting HTTP/1.0 200 - python-swiftclient-3.11.1 gAAAAABplx6JhBjx... - 2 - tx0915a3224cf2453cb99ed-0069971ece - 0.0337 - - 1771511502.936675787 1771511502.970413923 0
Feb 19 14:31:42 standalone object-server[123885]: 172.20.0.100 - - [19/Feb/2026:14:31:42 +0000] "GET /d1/272/AUTH_a3211f5e0bfd411cb565e0f1c81d6b46/gnocchi.b7f0b29a-f139-454a-adaf-e0b5cb7da7ba/1771200000.0_mean_300.0_v3" 404 70 "GET http://localhost:8080/v1/AUTH_a3211f5e0bfd411cb565e0f1c81d6b46/gnocchi.b7f0b29a-f139-454a-adaf-e0b5cb7da7ba/1771200000.0_mean_300.0_v3" "tx04e33b4a276b4a6d9d204-0069971ece" "proxy-server 21" 0.0008 "-" 23 0
Feb 19 14:31:42 standalone proxy-server[125726]: 172.18.0.2 ::1 19/Feb/2026/14/31/42 GET /v1/AUTH_a3211f5e0bfd411cb565e0f1c81d6b46/gnocchi.b7f0b29a-f139-454a-adaf-e0b5cb7da7ba/1771200000.0_mean_300.0_v3 HTTP/1.0 404 - python-swiftclient-3.11.1 gAAAAABplx6JhBjx... - 70 - tx04e33b4a276b4a6d9d204-0069971ece - 0.0144 - - 1771511502.979974985 1771511502.994343996 0
Feb 19 14:31:43 standalone container-server[123728]: 172.20.0.100 - - [19/Feb/2026:14:31:43 +0000] "PUT /d1/577/AUTH_a3211f5e0bfd411cb565e0f1c81d6b46/gnocchi.b7f0b29a-f139-454a-adaf-e0b5cb7da7ba/1771200000.0_mean_300.0_v3" 201 - "PUT http://localhost:8080/d1/272/AUTH_a3211f5e0bfd411cb565e0f1c81d6b46/gnocchi.b7f0b29a-f139-454a-adaf-e0b5cb7da7ba/1771200000.0_mean_300.0_v3" "tx8a48f65e097a4ce9bc525-0069971ecf" "object-server 25" 0.0005 "-" 22 0
Feb 19 14:31:43 standalone object-server[123897]: 172.20.0.100 - - [19/Feb/2026:14:31:43 +0000] "PUT /d1/272/AUTH_a3211f5e0bfd411cb565e0f1c81d6b46/gnocchi.b7f0b29a-f139-454a-adaf-e0b5cb7da7ba/1771200000.0_mean_300.0_v3" 201 - "PUT http://localhost:8080/v1/AUTH_a3211f5e0bfd411cb565e0f1c81d6b46/gnocchi.b7f0b29a-f139-454a-adaf-e0b5cb7da7ba/1771200000.0_mean_300.0_v3" "tx8a48f65e097a4ce9bc525-0069971ecf" "proxy-server 21" 0.0222 "-" 25 0
Feb 19 14:31:43 standalone proxy-server[125726]: 172.18.0.2 ::1 19/Feb/2026/14/31/43 PUT /v1/AUTH_a3211f5e0bfd411cb565e0f1c81d6b46/gnocchi.b7f0b29a-f139-454a-adaf-e0b5cb7da7ba/1771200000.0_mean_300.0_v3 HTTP/1.0 201 - python-swiftclient-3.11.1 gAAAAABplx6JhBjx... 16 - - tx8a48f65e097a4ce9bc525-0069971ecf - 0.0364 - - 1771511503.001448393 1771511503.037839413 0
Feb 19 14:31:43 standalone container-server[123728]: 172.20.0.100 - - [19/Feb/2026:14:31:43 +0000] "PUT /d1/577/AUTH_a3211f5e0bfd411cb565e0f1c81d6b46/gnocchi.b7f0b29a-f139-454a-adaf-e0b5cb7da7ba/none_v3" 201 - "PUT http://localhost:8080/d1/115/AUTH_a3211f5e0bfd411cb565e0f1c81d6b46/gnocchi.b7f0b29a-f139-454a-adaf-e0b5cb7da7ba/none_v3" "tx568c3c9ca95440079ca81-0069971ecf" "object-server 24" 0.0004 "-" 22 0
Feb 19 14:31:43 standalone object-server[123890]: 172.20.0.100 - - [19/Feb/2026:14:31:43 +0000] "PUT /d1/115/AUTH_a3211f5e0bfd411cb565e0f1c81d6b46/gnocchi.b7f0b29a-f139-454a-adaf-e0b5cb7da7ba/none_v3" 201 - "PUT http://localhost:8080/v1/AUTH_a3211f5e0bfd411cb565e0f1c81d6b46/gnocchi.b7f0b29a-f139-454a-adaf-e0b5cb7da7ba/none_v3" "tx568c3c9ca95440079ca81-0069971ecf" "proxy-server 21" 0.0114 "-" 24 0
Feb 19 14:31:43 standalone proxy-server[125726]: 172.18.0.2 ::1 19/Feb/2026/14/31/43 PUT /v1/AUTH_a3211f5e0bfd411cb565e0f1c81d6b46/gnocchi.b7f0b29a-f139-454a-adaf-e0b5cb7da7ba/none_v3 HTTP/1.0 201 - python-swiftclient-3.11.1 gAAAAABplx6JhBjx... 22 - - tx568c3c9ca95440079ca81-0069971ecf - 0.0209 - - 1771511503.044391870 1771511503.065307140 0
Feb 19 14:32:46 standalone account-server[123719]: 172.20.0.100 - - [19/Feb/2026:14:32:46 +0000] "HEAD /d1/941/.expiring_objects" 404 - "HEAD http://localhost/v1/.expiring_objects?format=json" "tx3c357330c2f74041828cf-0069971f0e" "proxy-server 2" 0.0007 "-" 20 -
Feb 19 14:32:46 standalone object-expirer[123750]: Pass completed in 0s; 0 objects expired (txn: tx3c357330c2f74041828cf-0069971f0e)
Feb 19 14:33:41 standalone account-server[123719]: 172.20.0.100 - - [19/Feb/2026:14:33:41 +0000] "HEAD /d1/954/AUTH_a3211f5e0bfd411cb565e0f1c81d6b46" 204 - "HEAD http://localhost:8080/v1/AUTH_a3211f5e0bfd411cb565e0f1c81d6b46?format=json" "tx7e08a39ecfb347b9926a9-0069971f45" "proxy-server 21" 0.0061 "-" 20 -
Feb 19 14:33:41 standalone proxy-server[125726]: - - 19/Feb/2026/14/33/41 HEAD /v1/AUTH_a3211f5e0bfd411cb565e0f1c81d6b46%3Fformat%3Djson HTTP/1.0 204 - Swift - - - - tx7e08a39ecfb347b9926a9-0069971f45 - 0.0097 RL - 1771511621.490512133 1771511621.500206947 -
Feb 19 14:33:41 standalone container-server[123704]: 172.20.0.100 - - [19/Feb/2026:14:33:41 +0000] "HEAD /d1/711/AUTH_a3211f5e0bfd411cb565e0f1c81d6b46/gnocchi.ab3234a8-59e3-4c72-835a-f2d358c12bf3" 404 - "HEAD http://localhost:8080/v1/AUTH_a3211f5e0bfd411cb565e0f1c81d6b46/gnocchi.ab3234a8-59e3-4c72-835a-f2d358c12bf3?format=json&states=listing" "tx7e08a39ecfb347b9926a9-0069971f45" "proxy-server 21" 0.0004 "-" 20 0
Feb 19 14:33:41 standalone object-server[123890]: 172.20.0.100 - - [19/Feb/2026:14:33:41 +0000] "GET /d1/795/AUTH_a3211f5e0bfd411cb565e0f1c81d6b46/gnocchi.ab3234a8-59e3-4c72-835a-f2d358c12bf3/none_v3" 404 70 "GET http://localhost:8080/v1/AUTH_a3211f5e0bfd411cb565e0f1c81d6b46/gnocchi.ab3234a8-59e3-4c72-835a-f2d358c12bf3/none_v3" "tx7e08a39ecfb347b9926a9-0069971f45" "proxy-server 21" 0.0004 "-" 24 0
Feb 19 14:33:41 standalone proxy-server[125726]: 172.18.0.2 ::1 19/Feb/2026/14/33/41 GET /v1/AUTH_a3211f5e0bfd411cb565e0f1c81d6b46/gnocchi.ab3234a8-59e3-4c72-835a-f2d358c12bf3/none_v3 HTTP/1.0 404 - python-swiftclient-3.11.1 gAAAAABplx6JhBjx... - 70 - tx7e08a39ecfb347b9926a9-0069971f45 - 0.0223 - - 1771511621.489581585 1771511621.511847734 0
Feb 19 14:33:41 standalone account-server[123732]: 172.20.0.100 - - [19/Feb/2026:14:33:41 +0000] "PUT /d1/954/AUTH_a3211f5e0bfd411cb565e0f1c81d6b46/gnocchi.ab3234a8-59e3-4c72-835a-f2d358c12bf3" 201 - "PUT http://172.20.0.100:6001/d1/711/AUTH_a3211f5e0bfd411cb565e0f1c81d6b46/gnocchi.ab3234a8-59e3-4c72-835a-f2d358c12bf3" "txd8e51356342b4eaea8e89-0069971f45" "container-server 21" 0.0010 "-" 22 0
Feb 19 14:33:41 standalone container-server[123720]: 172.20.0.100 - - [19/Feb/2026:14:33:41 +0000] "PUT /d1/711/AUTH_a3211f5e0bfd411cb565e0f1c81d6b46/gnocchi.ab3234a8-59e3-4c72-835a-f2d358c12bf3" 201 - "PUT http://localhost:8080/v1/AUTH_a3211f5e0bfd411cb565e0f1c81d6b46/gnocchi.ab3234a8-59e3-4c72-835a-f2d358c12bf3" "txd8e51356342b4eaea8e89-0069971f45" "proxy-server 21" 0.0101 "-" 21 0
Feb 19 14:33:41 standalone proxy-server[125726]: 172.18.0.2 ::1 19/Feb/2026/14/33/41 PUT /v1/AUTH_a3211f5e0bfd411cb565e0f1c81d6b46/gnocchi.ab3234a8-59e3-4c72-835a-f2d358c12bf3 HTTP/1.0 201 - python-swiftclient-3.11.1 gAAAAABplx6JhBjx... - - - txd8e51356342b4eaea8e89-0069971f45 - 0.0143 - - 1771511621.515683651 1771511621.529950857 0
Feb 19 14:33:41 standalone container-server[123736]: 172.20.0.100 - - [19/Feb/2026:14:33:41 +0000] "HEAD /d1/711/AUTH_a3211f5e0bfd411cb565e0f1c81d6b46/gnocchi.ab3234a8-59e3-4c72-835a-f2d358c12bf3" 204 - "HEAD http://localhost:8080/v1/AUTH_a3211f5e0bfd411cb565e0f1c81d6b46/gnocchi.ab3234a8-59e3-4c72-835a-f2d358c12bf3?format=json&states=listing" "tx1fd5ab1ebb614942be781-0069971f45" "proxy-server 21" 0.0011 "-" 23 0
Feb 19 14:33:41 standalone proxy-server[125726]: - - 19/Feb/2026/14/33/41 HEAD /v1/AUTH_a3211f5e0bfd411cb565e0f1c81d6b46/gnocchi.ab3234a8-59e3-4c72-835a-f2d358c12bf3%3Fformat%3Djson%26states%3Dlisting HTTP/1.0 204 - Swift - - - - tx1fd5ab1ebb614942be781-0069971f45 - 0.0041 RL - 1771511621.540338755 1771511621.544404745 0
Feb 19 14:33:41 standalone container-server[123720]: 172.20.0.100 - - [19/Feb/2026:14:33:41 +0000] "GET /d1/711/AUTH_a3211f5e0bfd411cb565e0f1c81d6b46/gnocchi.ab3234a8-59e3-4c72-835a-f2d358c12bf3" 200 2 "GET http://localhost:8080/v1/AUTH_a3211f5e0bfd411cb565e0f1c81d6b46/gnocchi.ab3234a8-59e3-4c72-835a-f2d358c12bf3?format=json&states=listing" "tx1fd5ab1ebb614942be781-0069971f45" "proxy-server 21" 0.0018 "-" 21 0
Feb 19 14:33:41 standalone proxy-server[125726]: 172.18.0.2 ::1 19/Feb/2026/14/33/41 GET /v1/AUTH_a3211f5e0bfd411cb565e0f1c81d6b46/gnocchi.ab3234a8-59e3-4c72-835a-f2d358c12bf3%3Fformat%3Djson%26states%3Dlisting HTTP/1.0 200 - python-swiftclient-3.11.1 gAAAAABplx6JhBjx... - 2 - tx1fd5ab1ebb614942be781-0069971f45 - 0.0115 - - 1771511621.539536953 1771511621.551023006 0
Feb 19 14:33:41 standalone object-server[123881]: 172.20.0.100 - - [19/Feb/2026:14:33:41 +0000] "GET /d1/812/AUTH_a3211f5e0bfd411cb565e0f1c81d6b46/gnocchi.ab3234a8-59e3-4c72-835a-f2d358c12bf3/1771200000.0_mean_300.0_v3" 404 70 "GET http://localhost:8080/v1/AUTH_a3211f5e0bfd411cb565e0f1c81d6b46/gnocchi.ab3234a8-59e3-4c72-835a-f2d358c12bf3/1771200000.0_mean_300.0_v3" "tx9b2a1d63ba574adf95793-0069971f45" "proxy-server 21" 0.0003 "-" 22 0
Feb 19 14:33:41 standalone proxy-server[125726]: 172.18.0.2 ::1 19/Feb/2026/14/33/41 GET /v1/AUTH_a3211f5e0bfd411cb565e0f1c81d6b46/gnocchi.ab3234a8-59e3-4c72-835a-f2d358c12bf3/1771200000.0_mean_300.0_v3 HTTP/1.0 404 - python-swiftclient-3.11.1 gAAAAABplx6JhBjx... - 70 - tx9b2a1d63ba574adf95793-0069971f45 - 0.0066 - - 1771511621.557164431 1771511621.563720465 0
Feb 19 14:33:41 standalone container-server[123736]: 172.20.0.100 - - [19/Feb/2026:14:33:41 +0000] "PUT /d1/711/AUTH_a3211f5e0bfd411cb565e0f1c81d6b46/gnocchi.ab3234a8-59e3-4c72-835a-f2d358c12bf3/1771200000.0_mean_300.0_v3" 201 - "PUT http://localhost:8080/d1/812/AUTH_a3211f5e0bfd411cb565e0f1c81d6b46/gnocchi.ab3234a8-59e3-4c72-835a-f2d358c12bf3/1771200000.0_mean_300.0_v3" "txe0d524cb93e842cdbd95e-0069971f45" "object-server 25" 0.0005 "-" 23 0
Feb 19 14:33:41 standalone object-server[123897]: 172.20.0.100 - - [19/Feb/2026:14:33:41 +0000] "PUT /d1/812/AUTH_a3211f5e0bfd411cb565e0f1c81d6b46/gnocchi.ab3234a8-59e3-4c72-835a-f2d358c12bf3/1771200000.0_mean_300.0_v3" 201 - "PUT http://localhost:8080/v1/AUTH_a3211f5e0bfd411cb565e0f1c81d6b46/gnocchi.ab3234a8-59e3-4c72-835a-f2d358c12bf3/1771200000.0_mean_300.0_v3" "txe0d524cb93e842cdbd95e-0069971f45" "proxy-server 21" 0.0090 "-" 25 0
Feb 19 14:33:41 standalone proxy-server[125726]: 172.18.0.2 ::1 19/Feb/2026/14/33/41 PUT /v1/AUTH_a3211f5e0bfd411cb565e0f1c81d6b46/gnocchi.ab3234a8-59e3-4c72-835a-f2d358c12bf3/1771200000.0_mean_300.0_v3 HTTP/1.0 201 - python-swiftclient-3.11.1 gAAAAABplx6JhBjx... 16 - - txe0d524cb93e842cdbd95e-0069971f45 - 0.0147 - - 1771511621.566815138 1771511621.581488609 0
Feb 19 14:33:41 standalone container-server[123736]: 172.20.0.100 - - [19/Feb/2026:14:33:41 +0000] "PUT /d1/711/AUTH_a3211f5e0bfd411cb565e0f1c81d6b46/gnocchi.ab3234a8-59e3-4c72-835a-f2d358c12bf3/none_v3" 201 - "PUT http://localhost:8080/d1/795/AUTH_a3211f5e0bfd411cb565e0f1c81d6b46/gnocchi.ab3234a8-59e3-4c72-835a-f2d358c12bf3/none_v3" "tx37a4dab7f518451da71d5-0069971f45" "object-server 22" 0.0004 "-" 23 0
Feb 19 14:33:41 standalone object-server[123881]: 172.20.0.100 - - [19/Feb/2026:14:33:41 +0000] "PUT /d1/795/AUTH_a3211f5e0bfd411cb565e0f1c81d6b46/gnocchi.ab3234a8-59e3-4c72-835a-f2d358c12bf3/none_v3" 201 - "PUT http://localhost:8080/v1/AUTH_a3211f5e0bfd411cb565e0f1c81d6b46/gnocchi.ab3234a8-59e3-4c72-835a-f2d358c12bf3/none_v3" "tx37a4dab7f518451da71d5-0069971f45" "proxy-server 21" 0.0068 "-" 22 0
Feb 19 14:33:41 standalone proxy-server[125726]: 172.18.0.2 ::1 19/Feb/2026/14/33/41 PUT /v1/AUTH_a3211f5e0bfd411cb565e0f1c81d6b46/gnocchi.ab3234a8-59e3-4c72-835a-f2d358c12bf3/none_v3 HTTP/1.0 201 - python-swiftclient-3.11.1 gAAAAABplx6JhBjx... 22 - - tx37a4dab7f518451da71d5-0069971f45 - 0.0109 - - 1771511621.584268332 1771511621.595178127 0
Feb 19 14:33:41 standalone container-server[123728]: 172.20.0.100 - - [19/Feb/2026:14:33:41 +0000] "HEAD /d1/334/AUTH_a3211f5e0bfd411cb565e0f1c81d6b46/gnocchi.9ebe3249-4ed9-4515-98a8-13e8a91689b4" 404 - "HEAD http://localhost:8080/v1/AUTH_a3211f5e0bfd411cb565e0f1c81d6b46/gnocchi.9ebe3249-4ed9-4515-98a8-13e8a91689b4?format=json&states=listing" "tx3c5cb0a219224e37b9175-0069971f45" "proxy-server 21" 0.0003 "-" 22 0
Feb 19 14:33:41 standalone object-server[123885]: 172.20.0.100 - - [19/Feb/2026:14:33:41 +0000] "GET /d1/791/AUTH_a3211f5e0bfd411cb565e0f1c81d6b46/gnocchi.9ebe3249-4ed9-4515-98a8-13e8a91689b4/none_v3" 404 70 "GET http://localhost:8080/v1/AUTH_a3211f5e0bfd411cb565e0f1c81d6b46/gnocchi.9ebe3249-4ed9-4515-98a8-13e8a91689b4/none_v3" "tx3c5cb0a219224e37b9175-0069971f45" "proxy-server 21" 0.0004 "-" 23 0
Feb 19 14:33:41 standalone proxy-server[125726]: 172.18.0.2 ::1 19/Feb/2026/14/33/41 GET /v1/AUTH_a3211f5e0bfd411cb565e0f1c81d6b46/gnocchi.9ebe3249-4ed9-4515-98a8-13e8a91689b4/none_v3 HTTP/1.0 404 - python-swiftclient-3.11.1 gAAAAABplx6JhBjx... - 70 - tx3c5cb0a219224e37b9175-0069971f45 - 0.0081 - - 1771511621.603580713 1771511621.611700535 0
Feb 19 14:33:41 standalone account-server[123734]: 172.20.0.100 - - [19/Feb/2026:14:33:41 +0000] "PUT /d1/954/AUTH_a3211f5e0bfd411cb565e0f1c81d6b46/gnocchi.9ebe3249-4ed9-4515-98a8-13e8a91689b4" 201 - "PUT http://172.20.0.100:6001/d1/334/AUTH_a3211f5e0bfd411cb565e0f1c81d6b46/gnocchi.9ebe3249-4ed9-4515-98a8-13e8a91689b4" "txc76a45641eb7487d9da06-0069971f45" "container-server 23" 0.0038 "-" 23 0
Feb 19 14:33:41 standalone container-server[123736]: 172.20.0.100 - - [19/Feb/2026:14:33:41 +0000] "PUT /d1/334/AUTH_a3211f5e0bfd411cb565e0f1c81d6b46/gnocchi.9ebe3249-4ed9-4515-98a8-13e8a91689b4" 201 - "PUT http://localhost:8080/v1/AUTH_a3211f5e0bfd411cb565e0f1c81d6b46/gnocchi.9ebe3249-4ed9-4515-98a8-13e8a91689b4" "txc76a45641eb7487d9da06-0069971f45" "proxy-server 21" 0.0123 "-" 23 0
Feb 19 14:33:41 standalone proxy-server[125726]: 172.18.0.2 ::1 19/Feb/2026/14/33/41 PUT /v1/AUTH_a3211f5e0bfd411cb565e0f1c81d6b46/gnocchi.9ebe3249-4ed9-4515-98a8-13e8a91689b4 HTTP/1.0 201 - python-swiftclient-3.11.1 gAAAAABplx6JhBjx... - - - txc76a45641eb7487d9da06-0069971f45 - 0.0155 - - 1771511621.613915682 1771511621.629452944 0
Feb 19 14:33:41 standalone container-server[123728]: 172.20.0.100 - - [19/Feb/2026:14:33:41 +0000] "HEAD /d1/334/AUTH_a3211f5e0bfd411cb565e0f1c81d6b46/gnocchi.9ebe3249-4ed9-4515-98a8-13e8a91689b4" 204 - "HEAD http://localhost:8080/v1/AUTH_a3211f5e0bfd411cb565e0f1c81d6b46/gnocchi.9ebe3249-4ed9-4515-98a8-13e8a91689b4?format=json&states=listing" "txeb86fbbb5fbd4eb999a88-0069971f45" "proxy-server 21" 0.0011 "-" 22 0
Feb 19 14:33:41 standalone proxy-server[125726]: - - 19/Feb/2026/14/33/41 HEAD /v1/AUTH_a3211f5e0bfd411cb565e0f1c81d6b46/gnocchi.9ebe3249-4ed9-4515-98a8-13e8a91689b4%3Fformat%3Djson%26states%3Dlisting HTTP/1.0 204 - Swift - - - - txeb86fbbb5fbd4eb999a88-0069971f45 - 0.0033 RL - 1771511621.635508060 1771511621.638834000 0
Feb 19 14:33:41 standalone container-server[123704]: 172.20.0.100 - - [19/Feb/2026:14:33:41 +0000] "GET /d1/334/AUTH_a3211f5e0bfd411cb565e0f1c81d6b46/gnocchi.9ebe3249-4ed9-4515-98a8-13e8a91689b4" 200 2 "GET http://localhost:8080/v1/AUTH_a3211f5e0bfd411cb565e0f1c81d6b46/gnocchi.9ebe3249-4ed9-4515-98a8-13e8a91689b4?format=json&states=listing" "txeb86fbbb5fbd4eb999a88-0069971f45" "proxy-server 21" 0.0031 "-" 20 0
Feb 19 14:33:41 standalone proxy-server[125726]: 172.18.0.2 ::1 19/Feb/2026/14/33/41 GET /v1/AUTH_a3211f5e0bfd411cb565e0f1c81d6b46/gnocchi.9ebe3249-4ed9-4515-98a8-13e8a91689b4%3Fformat%3Djson%26states%3Dlisting HTTP/1.0 200 - python-swiftclient-3.11.1 gAAAAABplx6JhBjx... - 2 - txeb86fbbb5fbd4eb999a88-0069971f45 - 0.0128 - - 1771511621.634309053 1771511621.647117138 0
Feb 19 14:33:41 standalone object-server[123885]: 172.20.0.100 - - [19/Feb/2026:14:33:41 +0000] "GET /d1/971/AUTH_a3211f5e0bfd411cb565e0f1c81d6b46/gnocchi.9ebe3249-4ed9-4515-98a8-13e8a91689b4/1771200000.0_mean_300.0_v3" 404 70 "GET http://localhost:8080/v1/AUTH_a3211f5e0bfd411cb565e0f1c81d6b46/gnocchi.9ebe3249-4ed9-4515-98a8-13e8a91689b4/1771200000.0_mean_300.0_v3" "txc8ae384a81b24bcf92d83-0069971f45" "proxy-server 21" 0.0003 "-" 23 0
Feb 19 14:33:41 standalone proxy-server[125726]: 172.18.0.2 ::1 19/Feb/2026/14/33/41 GET /v1/AUTH_a3211f5e0bfd411cb565e0f1c81d6b46/gnocchi.9ebe3249-4ed9-4515-98a8-13e8a91689b4/1771200000.0_mean_300.0_v3 HTTP/1.0 404 - python-swiftclient-3.11.1 gAAAAABplx6JhBjx... - 70 - txc8ae384a81b24bcf92d83-0069971f45 - 0.0039 - - 1771511621.649907112 1771511621.653849125 0
Feb 19 14:33:41 standalone container-server[123736]: 172.20.0.100 - - [19/Feb/2026:14:33:41 +0000] "PUT /d1/334/AUTH_a3211f5e0bfd411cb565e0f1c81d6b46/gnocchi.9ebe3249-4ed9-4515-98a8-13e8a91689b4/1771200000.0_mean_300.0_v3" 201 - "PUT http://localhost:8080/d1/971/AUTH_a3211f5e0bfd411cb565e0f1c81d6b46/gnocchi.9ebe3249-4ed9-4515-98a8-13e8a91689b4/1771200000.0_mean_300.0_v3" "txa4f69dc708224817b10e5-0069971f45" "object-server 23" 0.0005 "-" 23 0
Feb 19 14:33:41 standalone object-server[123885]: 172.20.0.100 - - [19/Feb/2026:14:33:41 +0000] "PUT /d1/971/AUTH_a3211f5e0bfd411cb565e0f1c81d6b46/gnocchi.9ebe3249-4ed9-4515-98a8-13e8a91689b4/1771200000.0_mean_300.0_v3" 201 - "PUT http://localhost:8080/v1/AUTH_a3211f5e0bfd411cb565e0f1c81d6b46/gnocchi.9ebe3249-4ed9-4515-98a8-13e8a91689b4/1771200000.0_mean_300.0_v3" "txa4f69dc708224817b10e5-0069971f45" "proxy-server 21" 0.0079 "-" 23 0
Feb 19 14:33:41 standalone proxy-server[125726]: 172.18.0.2 ::1 19/Feb/2026/14/33/41 PUT /v1/AUTH_a3211f5e0bfd411cb565e0f1c81d6b46/gnocchi.9ebe3249-4ed9-4515-98a8-13e8a91689b4/1771200000.0_mean_300.0_v3 HTTP/1.0 201 - python-swiftclient-3.11.1 gAAAAABplx6JhBjx... 16 - - txa4f69dc708224817b10e5-0069971f45 - 0.0116 - - 1771511621.655972719 1771511621.667620659 0
Feb 19 14:33:41 standalone container-server[123728]: 172.20.0.100 - - [19/Feb/2026:14:33:41 +0000] "PUT /d1/334/AUTH_a3211f5e0bfd411cb565e0f1c81d6b46/gnocchi.9ebe3249-4ed9-4515-98a8-13e8a91689b4/none_v3" 201 - "PUT http://localhost:8080/d1/791/AUTH_a3211f5e0bfd411cb565e0f1c81d6b46/gnocchi.9ebe3249-4ed9-4515-98a8-13e8a91689b4/none_v3" "tx34fa464e0d66429b99e79-0069971f45" "object-server 22" 0.0004 "-" 22 0
Feb 19 14:33:41 standalone object-server[123881]: 172.20.0.100 - - [19/Feb/2026:14:33:41 +0000] "PUT /d1/791/AUTH_a3211f5e0bfd411cb565e0f1c81d6b46/gnocchi.9ebe3249-4ed9-4515-98a8-13e8a91689b4/none_v3" 201 - "PUT http://localhost:8080/v1/AUTH_a3211f5e0bfd411cb565e0f1c81d6b46/gnocchi.9ebe3249-4ed9-4515-98a8-13e8a91689b4/none_v3" "tx34fa464e0d66429b99e79-0069971f45" "proxy-server 21" 0.0072 "-" 22 0
Feb 19 14:33:41 standalone proxy-server[125726]: 172.18.0.2 ::1 19/Feb/2026/14/33/41 PUT /v1/AUTH_a3211f5e0bfd411cb565e0f1c81d6b46/gnocchi.9ebe3249-4ed9-4515-98a8-13e8a91689b4/none_v3 HTTP/1.0 201 - python-swiftclient-3.11.1 gAAAAABplx6JhBjx... 22 - - tx34fa464e0d66429b99e79-0069971f45 - 0.0110 - - 1771511621.669820309 1771511621.680816412 0
Feb 19 14:33:41 standalone container-server[123728]: 172.20.0.100 - - [19/Feb/2026:14:33:41 +0000] "HEAD /d1/845/AUTH_a3211f5e0bfd411cb565e0f1c81d6b46/gnocchi.7a9d3324-0ef2-4dc1-b98c-8cc807f95db9" 404 - "HEAD http://localhost:8080/v1/AUTH_a3211f5e0bfd411cb565e0f1c81d6b46/gnocchi.7a9d3324-0ef2-4dc1-b98c-8cc807f95db9?format=json&states=listing" "txb77207bec12547dfb9dca-0069971f45" "proxy-server 21" 0.0003 "-" 22 0
Feb 19 14:33:41 standalone object-server[123897]: 172.20.0.100 - - [19/Feb/2026:14:33:41 +0000] "GET /d1/191/AUTH_a3211f5e0bfd411cb565e0f1c81d6b46/gnocchi.7a9d3324-0ef2-4dc1-b98c-8cc807f95db9/none_v3" 404 70 "GET http://localhost:8080/v1/AUTH_a3211f5e0bfd411cb565e0f1c81d6b46/gnocchi.7a9d3324-0ef2-4dc1-b98c-8cc807f95db9/none_v3" "txb77207bec12547dfb9dca-0069971f45" "proxy-server 21" 0.0003 "-" 25 0
Feb 19 14:33:41 standalone proxy-server[125726]: 172.18.0.2 ::1 19/Feb/2026/14/33/41 GET /v1/AUTH_a3211f5e0bfd411cb565e0f1c81d6b46/gnocchi.7a9d3324-0ef2-4dc1-b98c-8cc807f95db9/none_v3 HTTP/1.0 404 - python-swiftclient-3.11.1 gAAAAABplx6JhBjx... - 70 - txb77207bec12547dfb9dca-0069971f45 - 0.0076 - - 1771511621.689203024 1771511621.696783543 0
Feb 19 14:33:41 standalone account-server[123734]: 172.20.0.100 - - [19/Feb/2026:14:33:41 +0000] "PUT /d1/954/AUTH_a3211f5e0bfd411cb565e0f1c81d6b46/gnocchi.7a9d3324-0ef2-4dc1-b98c-8cc807f95db9" 201 - "PUT http://172.20.0.100:6001/d1/845/AUTH_a3211f5e0bfd411cb565e0f1c81d6b46/gnocchi.7a9d3324-0ef2-4dc1-b98c-8cc807f95db9" "txf953aa3d3e2b4cecb3c76-0069971f45" "container-server 22" 0.0037 "-" 23 0
Feb 19 14:33:41 standalone container-server[123728]: 172.20.0.100 - - [19/Feb/2026:14:33:41 +0000] "PUT /d1/845/AUTH_a3211f5e0bfd411cb565e0f1c81d6b46/gnocchi.7a9d3324-0ef2-4dc1-b98c-8cc807f95db9" 201 - "PUT http://localhost:8080/v1/AUTH_a3211f5e0bfd411cb565e0f1c81d6b46/gnocchi.7a9d3324-0ef2-4dc1-b98c-8cc807f95db9" "txf953aa3d3e2b4cecb3c76-0069971f45" "proxy-server 21" 0.0111 "-" 22 0
Feb 19 14:33:41 standalone proxy-server[125726]: 172.18.0.2 ::1 19/Feb/2026/14/33/41 PUT /v1/AUTH_a3211f5e0bfd411cb565e0f1c81d6b46/gnocchi.7a9d3324-0ef2-4dc1-b98c-8cc807f95db9 HTTP/1.0 201 - python-swiftclient-3.11.1 gAAAAABplx6JhBjx... - - - txf953aa3d3e2b4cecb3c76-0069971f45 - 0.0151 - - 1771511621.699296474 1771511621.714422464 0
Feb 19 14:33:41 standalone container-server[123704]: 172.20.0.100 - - [19/Feb/2026:14:33:41 +0000] "HEAD /d1/845/AUTH_a3211f5e0bfd411cb565e0f1c81d6b46/gnocchi.7a9d3324-0ef2-4dc1-b98c-8cc807f95db9" 204 - "HEAD http://localhost:8080/v1/AUTH_a3211f5e0bfd411cb565e0f1c81d6b46/gnocchi.7a9d3324-0ef2-4dc1-b98c-8cc807f95db9?format=json&states=listing" "tx01d88da6a27148b4bc752-0069971f45" "proxy-server 21" 0.0015 "-" 20 0
Feb 19 14:33:41 standalone proxy-server[125726]: - - 19/Feb/2026/14/33/41 HEAD /v1/AUTH_a3211f5e0bfd411cb565e0f1c81d6b46/gnocchi.7a9d3324-0ef2-4dc1-b98c-8cc807f95db9%3Fformat%3Djson%26states%3Dlisting HTTP/1.0 204 - Swift - - - - tx01d88da6a27148b4bc752-0069971f45 - 0.0051 RL - 1771511621.719145060 1771511621.724199057 0
Feb 19 14:33:41 standalone container-server[123704]: 172.20.0.100 - - [19/Feb/2026:14:33:41 +0000] "GET /d1/845/AUTH_a3211f5e0bfd411cb565e0f1c81d6b46/gnocchi.7a9d3324-0ef2-4dc1-b98c-8cc807f95db9" 200 2 "GET http://localhost:8080/v1/AUTH_a3211f5e0bfd411cb565e0f1c81d6b46/gnocchi.7a9d3324-0ef2-4dc1-b98c-8cc807f95db9?format=json&states=listing" "tx01d88da6a27148b4bc752-0069971f45" "proxy-server 21" 0.0020 "-" 20 0
