Feb 19 14:18:44 standalone account-server[123349]: Starting 2
Feb 19 14:18:44 standalone container-server[123432]: Option allow_versions is deprecated. Configure the versioned_writes middleware in the proxy-server instead. This option will be ignored in a future release.
Feb 19 14:18:44 standalone container-server[123704]: Option allow_versions is deprecated. Configure the versioned_writes middleware in the proxy-server instead. This option will be ignored in a future release.
Feb 19 14:18:44 standalone container-server[123432]: Started child 20 from parent 2
Feb 19 14:18:44 standalone container-server[123720]: Option allow_versions is deprecated. Configure the versioned_writes middleware in the proxy-server instead. This option will be ignored in a future release.
Feb 19 14:18:44 standalone account-server[123400]: Started child 20 from parent 2
Feb 19 14:18:44 standalone container-server[123432]: Started child 21 from parent 2
Feb 19 14:18:44 standalone account-server[123400]: Started child 21 from parent 2
Feb 19 14:18:44 standalone account-server[123400]: Started child 22 from parent 2
Feb 19 14:18:44 standalone container-server[123728]: Option allow_versions is deprecated. Configure the versioned_writes middleware in the proxy-server instead. This option will be ignored in a future release.
Feb 19 14:18:44 standalone container-server[123432]: Started child 22 from parent 2
Feb 19 14:18:44 standalone account-server[123400]: Started child 23 from parent 2
Feb 19 14:18:44 standalone container-server[123736]: Option allow_versions is deprecated. Configure the versioned_writes middleware in the proxy-server instead. This option will be ignored in a future release.
Feb 19 14:18:44 standalone container-server[123432]: Started child 23 from parent 2
Feb 19 14:18:45 standalone container-server[123611]: Starting 2
Feb 19 14:18:45 standalone object-expirer[123750]: Starting 2
Feb 19 14:18:45 standalone object-expirer[123750]: Option auto_create_account_prefix is deprecated. Configure auto_create_account_prefix under the swift-constraints section of swift.conf. This option will be ignored in a future release.
Feb 19 14:18:45 standalone object-server[123779]: Started child 22 from parent 2
Feb 19 14:18:45 standalone object-server[123828]: Starting 2
Feb 19 14:18:45 standalone object-server[123779]: Started child 23 from parent 2
Feb 19 14:18:45 standalone object-server[123779]: Started child 24 from parent 2
Feb 19 14:18:45 standalone object-server[123779]: Started child 25 from parent 2
Feb 19 14:18:51 standalone proxy-server[125388]: Starting Keystone auth_token middleware
Feb 19 14:18:51 standalone proxy-server[125388]: AuthToken middleware is set with keystone_authtoken.service_token_roles_required set to False. This is backwards compatible but deprecated behaviour. Please set this to True.
Feb 19 14:18:51 standalone proxy-server[125726]: Starting Keystone auth_token middleware
Feb 19 14:18:51 standalone proxy-server[125726]: STDERR: The option "bind_port" is not known to keystonemiddleware
Feb 19 14:18:51 standalone proxy-server[125726]: STDERR: The option "workers" is not known to keystonemiddleware
Feb 19 14:18:51 standalone proxy-server[125726]: STDERR: The option "user" is not known to keystonemiddleware
Feb 19 14:18:51 standalone proxy-server[125726]: STDERR: The option "bind_ip" is not known to keystonemiddleware
Feb 19 14:18:51 standalone proxy-server[125726]: STDERR: The option "log_name" is not known to keystonemiddleware
Feb 19 14:18:51 standalone proxy-server[125726]: STDERR: The option "log_facility" is not known to keystonemiddleware
Feb 19 14:18:51 standalone proxy-server[125726]: STDERR: The option "log_level" is not known to keystonemiddleware
Feb 19 14:18:51 standalone proxy-server[125726]: STDERR: The option "log_headers" is not known to keystonemiddleware
Feb 19 14:18:51 standalone proxy-server[125726]: STDERR: The option "log_address" is not known to keystonemiddleware
Feb 19 14:18:51 standalone proxy-server[125726]: STDERR: The option "project_name" is not known to keystonemiddleware
Feb 19 14:18:51 standalone proxy-server[125726]: STDERR: The option "username" is not known to keystonemiddleware
Feb 19 14:18:51 standalone proxy-server[125726]: STDERR: The option "password" is not known to keystonemiddleware
Feb 19 14:18:51 standalone proxy-server[125726]: STDERR: The option "auth_url" is not known to keystonemiddleware
Feb 19 14:18:51 standalone proxy-server[125726]: STDERR: The option "signing_dir" is not known to keystonemiddleware
Feb 19 14:18:51 standalone proxy-server[125726]: STDERR: The option "project_domain_id" is not known to keystonemiddleware
Feb 19 14:18:51 standalone proxy-server[125726]: STDERR: The option "user_domain_id" is not known to keystonemiddleware
Feb 19 14:18:51 standalone proxy-server[125726]: STDERR: The option "__name__" is not known to keystonemiddleware
Feb 19 14:18:51 standalone proxy-server[125726]: AuthToken middleware is set with keystone_authtoken.service_token_roles_required set to False. This is backwards compatible but deprecated behaviour. Please set this to True.
Feb 19 14:18:51 standalone proxy-server[125388]: Started child 21 from parent 2
Feb 19 14:19:21 standalone account-server[123719]: 172.20.0.100 - - [19/Feb/2026:14:19:21 +0000] "HEAD /d1/941/.expiring_objects" 404 - "HEAD http://localhost/v1/.expiring_objects?format=json" "tx93665e0b2fe6449685b43-0069971be9" "proxy-server 2" 0.0011 "-" 20 -
Feb 19 14:19:21 standalone object-expirer[123750]: Pass completed in 0s; 0 objects expired (txn: tx93665e0b2fe6449685b43-0069971be9)
Feb 19 14:20:22 standalone container-server[123611]: Begin container update sweep
Feb 19 14:20:22 standalone container-server[123611]: Container update sweep completed: 0.00s
Feb 19 14:22:01 standalone account-server[123732]: 172.20.0.100 - - [19/Feb/2026:14:22:01 +0000] "HEAD /d1/941/.expiring_objects" 404 - "HEAD http://localhost/v1/.expiring_objects?format=json" "tx7ee47ceb0e444166a0007-0069971c89" "proxy-server 2" 0.0022 "-" 22 -
Feb 19 14:22:01 standalone object-expirer[123750]: Pass completed in 0s; 0 objects expired (txn: tx7ee47ceb0e444166a0007-0069971c89)
Feb 19 14:23:43 standalone object-server[123828]: Begin object update sweep
Feb 19 14:23:43 standalone object-server[158860]: Object update sweep starting on /srv/node/d1 (pid: 12)
Feb 19 14:23:43 standalone object-server[158860]: Object update sweep completed on /srv/node/d1 in 0.00s seconds:, 0 successes, 0 failures, 0 quarantines, 0 unlinks, 0 errors, 0 redirects (pid: 12)
Feb 19 14:23:43 standalone object-server[158860]: Object update sweep of d1 completed: 0.00s, 0 successes, 0 failures, 0 quarantines, 0 unlinks, 0 errors, 0 redirects
Feb 19 14:23:43 standalone object-server[123828]: Object update sweep completed: 0.12s
Feb 19 14:25:05 standalone account-server[123734]: 172.20.0.100 - - [19/Feb/2026:14:25:05 +0000] "HEAD /d1/941/.expiring_objects" 404 - "HEAD http://localhost/v1/.expiring_objects?format=json" "txeb9a0add651044e09e32e-0069971d41" "proxy-server 2" 0.0017 "-" 23 -
Feb 19 14:25:05 standalone object-expirer[123750]: Pass completed in 0s; 0 objects expired (txn: txeb9a0add651044e09e32e-0069971d41)
Feb 19 14:25:21 standalone account-server[123727]: 172.20.0.100 - - [19/Feb/2026:14:25:21 +0000] "HEAD /d1/954/AUTH_a3211f5e0bfd411cb565e0f1c81d6b46" 404 - "HEAD http://localhost:8080/v1/AUTH_a3211f5e0bfd411cb565e0f1c81d6b46?format=json" "tx4b215246224d4104aa237-0069971d51" "proxy-server 21" 0.0011 "-" 21 -
Feb 19 14:25:21 standalone proxy-server[125726]: - - 19/Feb/2026/14/25/21 HEAD /v1/AUTH_a3211f5e0bfd411cb565e0f1c81d6b46%3Fformat%3Djson HTTP/1.0 200 - Swift - - - - tx4b215246224d4104aa237-0069971d51 - 0.0105 RL - 1771511121.135285854 1771511121.145765305 -
Feb 19 14:25:21 standalone proxy-server[125726]: 172.18.0.2 ::1 19/Feb/2026/14/25/21 HEAD /v1/AUTH_a3211f5e0bfd411cb565e0f1c81d6b46/glance%3Fformat%3Djson HTTP/1.0 404 - python-swiftclient-3.11.1 gAAAAABplx1RXZl7... - - - tx4b215246224d4104aa237-0069971d51 - 0.4869 - - 1771511121.130393744 1771511121.617256880 -
Feb 19 14:25:21 standalone account-server[123734]: 172.20.0.100 - - [19/Feb/2026:14:25:21 +0000] "PUT /d1/954/AUTH_a3211f5e0bfd411cb565e0f1c81d6b46" 201 - "-" "txe40c09de093d4080ae0a2-0069971d51" "-" 0.0128 "-" 23 -
Feb 19 14:25:21 standalone proxy-server[125726]: autocreate account '/AUTH_a3211f5e0bfd411cb565e0f1c81d6b46' (txn: txe40c09de093d4080ae0a2-0069971d51)
Feb 19 14:25:21 standalone account-server[123732]: 172.20.0.100 - - [19/Feb/2026:14:25:21 +0000] "HEAD /d1/954/AUTH_a3211f5e0bfd411cb565e0f1c81d6b46" 204 - "HEAD http://localhost:8080/v1/AUTH_a3211f5e0bfd411cb565e0f1c81d6b46?format=json" "txe40c09de093d4080ae0a2-0069971d51" "proxy-server 21" 0.0020 "-" 22 -
Feb 19 14:25:21 standalone account-server[123734]: 172.20.0.100 - - [19/Feb/2026:14:25:21 +0000] "PUT /d1/954/AUTH_a3211f5e0bfd411cb565e0f1c81d6b46/glance" 201 - "PUT http://172.20.0.100:6001/d1/545/AUTH_a3211f5e0bfd411cb565e0f1c81d6b46/glance" "txe40c09de093d4080ae0a2-0069971d51" "container-server 23" 0.0010 "-" 23 0
Feb 19 14:25:21 standalone container-server[123736]: 172.20.0.100 - - [19/Feb/2026:14:25:21 +0000] "PUT /d1/545/AUTH_a3211f5e0bfd411cb565e0f1c81d6b46/glance" 201 - "PUT http://localhost:8080/v1/AUTH_a3211f5e0bfd411cb565e0f1c81d6b46/glance" "txe40c09de093d4080ae0a2-0069971d51" "proxy-server 21" 0.0122 "-" 23 0
Feb 19 14:25:21 standalone proxy-server[125726]: 172.18.0.2 ::1 19/Feb/2026/14/25/21 PUT /v1/AUTH_a3211f5e0bfd411cb565e0f1c81d6b46/glance HTTP/1.0 201 - python-swiftclient-3.11.1 gAAAAABplx1RXZl7... - - - txe40c09de093d4080ae0a2-0069971d51 - 0.0384 - - 1771511121.623159647 1771511121.661593437 0
Feb 19 14:25:21 standalone container-server[123728]: 172.20.0.100 - - [19/Feb/2026:14:25:21 +0000] "HEAD /d1/545/AUTH_a3211f5e0bfd411cb565e0f1c81d6b46/glance" 204 - "HEAD http://localhost:8080/v1/AUTH_a3211f5e0bfd411cb565e0f1c81d6b46/glance?format=json&states=listing" "tx065a9827aebd4bc795a1e-0069971d51" "proxy-server 21" 0.0024 "-" 22 0
Feb 19 14:25:21 standalone proxy-server[125726]: - - 19/Feb/2026/14/25/21 HEAD /v1/AUTH_a3211f5e0bfd411cb565e0f1c81d6b46/glance%3Fformat%3Djson%26states%3Dlisting HTTP/1.0 204 - Swift - - - - tx065a9827aebd4bc795a1e-0069971d51 - 0.0062 RL - 1771511121.670567513 1771511121.676817179 0
Feb 19 14:25:22 standalone container-server[123611]: Begin container update sweep
Feb 19 14:25:22 standalone account-server[123719]: 172.20.0.100 - - [19/Feb/2026:14:25:22 +0000] "PUT /d1/954/AUTH_a3211f5e0bfd411cb565e0f1c81d6b46/glance" 201 - "-" "-" "container-updater 2" 0.0007 "-" 20 0
Feb 19 14:25:22 standalone container-server[123611]: Container update sweep completed: 0.09s
Feb 19 14:25:39 standalone container-server[123728]: 172.20.0.100 - - [19/Feb/2026:14:25:39 +0000] "PUT /d1/545/AUTH_a3211f5e0bfd411cb565e0f1c81d6b46/glance/2fabea5e-e8c3-4735-a971-0c6ed01361ab" 201 - "PUT http://localhost:8080/d1/691/AUTH_a3211f5e0bfd411cb565e0f1c81d6b46/glance/2fabea5e-e8c3-4735-a971-0c6ed01361ab" "tx065a9827aebd4bc795a1e-0069971d51" "object-server 22" 0.0010 "-" 22 0
Feb 19 14:25:39 standalone object-server[123881]: 172.20.0.100 - - [19/Feb/2026:14:25:39 +0000] "PUT /d1/691/AUTH_a3211f5e0bfd411cb565e0f1c81d6b46/glance/2fabea5e-e8c3-4735-a971-0c6ed01361ab" 201 - "PUT http://localhost:8080/v1/AUTH_a3211f5e0bfd411cb565e0f1c81d6b46/glance/2fabea5e-e8c3-4735-a971-0c6ed01361ab" "tx065a9827aebd4bc795a1e-0069971d51" "proxy-server 21" 17.3415 "-" 22 0
Feb 19 14:25:39 standalone proxy-server[125726]: 172.18.0.2 ::1 19/Feb/2026/14/25/39 PUT /v1/AUTH_a3211f5e0bfd411cb565e0f1c81d6b46/glance/2fabea5e-e8c3-4735-a971-0c6ed01361ab HTTP/1.0 201 - python-swiftclient-3.11.1 gAAAAABplx1RXZl7... 1481900032 - - tx065a9827aebd4bc795a1e-0069971d51 - 17.3563 - - 1771511121.669380426 1771511139.025714636 0
Feb 19 14:28:39 standalone account-server[123727]: 172.20.0.100 - - [19/Feb/2026:14:28:39 +0000] "HEAD /d1/941/.expiring_objects" 404 - "HEAD http://localhost/v1/.expiring_objects?format=json" "tx28c79be63f1e451494b7e-0069971e17" "proxy-server 2" 0.0008 "-" 21 -
Feb 19 14:28:39 standalone object-expirer[123750]: Pass completed in 0s; 0 objects expired (txn: tx28c79be63f1e451494b7e-0069971e17)
Feb 19 14:28:43 standalone object-server[123828]: Begin object update sweep
Feb 19 14:28:43 standalone object-server[198144]: Object update sweep starting on /srv/node/d1 (pid: 13)
Feb 19 14:28:43 standalone object-server[198144]: Object update sweep completed on /srv/node/d1 in 0.00s seconds:, 0 successes, 0 failures, 0 quarantines, 0 unlinks, 0 errors, 0 redirects (pid: 13)
Feb 19 14:28:43 standalone object-server[198144]: Object update sweep of d1 completed: 0.00s, 0 successes, 0 failures, 0 quarantines, 0 unlinks, 0 errors, 0 redirects
Feb 19 14:28:44 standalone object-server[123828]: Object update sweep completed: 0.08s
Feb 19 14:30:22 standalone container-server[123611]: Begin container update sweep
Feb 19 14:30:22 standalone account-server[123734]: 172.20.0.100 - - [19/Feb/2026:14:30:22 +0000] "PUT /d1/954/AUTH_a3211f5e0bfd411cb565e0f1c81d6b46/glance" 201 - "-" "-" "container-updater 2" 0.0012 "-" 23 0
Feb 19 14:30:23 standalone container-server[123611]: Container update sweep completed: 0.11s
Feb 19 14:30:30 standalone account-server[123734]: 172.20.0.100 - - [19/Feb/2026:14:30:30 +0000] "HEAD /d1/954/AUTH_a3211f5e0bfd411cb565e0f1c81d6b46" 204 - "HEAD http://localhost:8080/v1/AUTH_a3211f5e0bfd411cb565e0f1c81d6b46?format=json" "txf6eccfbed00340a3b3312-0069971e86" "proxy-server 21" 0.0066 "-" 23 -
Feb 19 14:30:30 standalone proxy-server[125726]: - - 19/Feb/2026/14/30/30 HEAD /v1/AUTH_a3211f5e0bfd411cb565e0f1c81d6b46%3Fformat%3Djson HTTP/1.0 204 - Swift - - - - txf6eccfbed00340a3b3312-0069971e86 - 0.0100 RL - 1771511430.181808949 1771511430.191768169 -
Feb 19 14:30:30 standalone container-server[123736]: 172.20.0.100 - - [19/Feb/2026:14:30:30 +0000] "HEAD /d1/545/AUTH_a3211f5e0bfd411cb565e0f1c81d6b46/glance" 204 - "HEAD http://localhost:8080/v1/AUTH_a3211f5e0bfd411cb565e0f1c81d6b46/glance?format=json&states=listing" "txf6eccfbed00340a3b3312-0069971e86" "proxy-server 21" 0.0018 "-" 23 0
Feb 19 14:30:30 standalone proxy-server[125726]: 172.18.0.2 ::1 19/Feb/2026/14/30/30 HEAD /v1/AUTH_a3211f5e0bfd411cb565e0f1c81d6b46/glance%3Fformat%3Djson%26states%3Dlisting HTTP/1.0 204 - python-swiftclient-3.11.1 gAAAAABplx6Gg5XX... - - - txf6eccfbed00340a3b3312-0069971e86 - 0.1084 - - 1771511430.181022882 1771511430.289441824 0
Feb 19 14:30:33 standalone container-server[123720]: 172.20.0.100 - - [19/Feb/2026:14:30:33 +0000] "PUT /d1/545/AUTH_a3211f5e0bfd411cb565e0f1c81d6b46/glance/ceb8a780-7679-47ec-8034-763c3f468212-00001" 201 - "PUT http://localhost:8080/d1/50/AUTH_a3211f5e0bfd411cb565e0f1c81d6b46/glance/ceb8a780-7679-47ec-8034-763c3f468212-00001" "tx92997a9f850440c796e1d-0069971e86" "object-server 22" 0.0014 "-" 21 0
Feb 19 14:30:33 standalone object-server[123881]: 172.20.0.100 - - [19/Feb/2026:14:30:33 +0000] "PUT /d1/50/AUTH_a3211f5e0bfd411cb565e0f1c81d6b46/glance/ceb8a780-7679-47ec-8034-763c3f468212-00001" 201 - "PUT http://localhost:8080/v1/AUTH_a3211f5e0bfd411cb565e0f1c81d6b46/glance/ceb8a780-7679-47ec-8034-763c3f468212-00001" "tx92997a9f850440c796e1d-0069971e86" "proxy-server 21" 2.8885 "-" 22 0
Feb 19 14:30:33 standalone proxy-server[125726]: 172.18.0.2 ::1 19/Feb/2026/14/30/33 PUT /v1/AUTH_a3211f5e0bfd411cb565e0f1c81d6b46/glance/ceb8a780-7679-47ec-8034-763c3f468212-00001 HTTP/1.0 201 - python-swiftclient-3.11.1 gAAAAABplx6Gg5XX... 21692416 - - tx92997a9f850440c796e1d-0069971e86 - 2.8944 - - 1771511430.298698902 1771511433.193050861 0
Feb 19 14:30:33 standalone container-server[123728]: 172.20.0.100 - - [19/Feb/2026:14:30:33 +0000] "PUT /d1/545/AUTH_a3211f5e0bfd411cb565e0f1c81d6b46/glance/ceb8a780-7679-47ec-8034-763c3f468212" 201 - "PUT http://localhost:8080/d1/185/AUTH_a3211f5e0bfd411cb565e0f1c81d6b46/glance/ceb8a780-7679-47ec-8034-763c3f468212" "tx3b56a9dc164e40a5b55ea-0069971e89" "object-server 23" 0.0007 "-" 22 0
Feb 19 14:30:33 standalone object-server[123885]: 172.20.0.100 - - [19/Feb/2026:14:30:33 +0000] "PUT /d1/185/AUTH_a3211f5e0bfd411cb565e0f1c81d6b46/glance/ceb8a780-7679-47ec-8034-763c3f468212" 201 - "PUT http://localhost:8080/v1/AUTH_a3211f5e0bfd411cb565e0f1c81d6b46/glance/ceb8a780-7679-47ec-8034-763c3f468212" "tx3b56a9dc164e40a5b55ea-0069971e89" "proxy-server 21" 0.0280 "-" 23 0
Feb 19 14:30:33 standalone proxy-server[125726]: 172.18.0.2 ::1 19/Feb/2026/14/30/33 PUT /v1/AUTH_a3211f5e0bfd411cb565e0f1c81d6b46/glance/ceb8a780-7679-47ec-8034-763c3f468212 HTTP/1.0 201 - python-swiftclient-3.11.1 gAAAAABplx6Gg5XX... - - - tx3b56a9dc164e40a5b55ea-0069971e89 - 0.0380 - - 1771511433.198036432 1771511433.236056089 0
Feb 19 14:30:33 standalone container-server[123704]: 172.20.0.100 - - [19/Feb/2026:14:30:33 +0000] "HEAD /d1/769/AUTH_a3211f5e0bfd411cb565e0f1c81d6b46/gnocchi.7314b62c-f7ee-43bf-b825-9215840f3f8e" 404 - "HEAD http://localhost:8080/v1/AUTH_a3211f5e0bfd411cb565e0f1c81d6b46/gnocchi.7314b62c-f7ee-43bf-b825-9215840f3f8e?format=json&states=listing" "txc26011cf7f03412e849ef-0069971e89" "proxy-server 21" 0.0009 "-" 20 0
Feb 19 14:30:33 standalone object-server[123881]: 172.20.0.100 - - [19/Feb/2026:14:30:33 +0000] "GET /d1/280/AUTH_a3211f5e0bfd411cb565e0f1c81d6b46/gnocchi.7314b62c-f7ee-43bf-b825-9215840f3f8e/none_v3" 404 70 "GET http://localhost:8080/v1/AUTH_a3211f5e0bfd411cb565e0f1c81d6b46/gnocchi.7314b62c-f7ee-43bf-b825-9215840f3f8e/none_v3" "txc26011cf7f03412e849ef-0069971e89" "proxy-server 21" 0.0006 "-" 22 0
Feb 19 14:30:33 standalone proxy-server[125726]: 172.18.0.2 ::1 19/Feb/2026/14/30/33 GET /v1/AUTH_a3211f5e0bfd411cb565e0f1c81d6b46/gnocchi.7314b62c-f7ee-43bf-b825-9215840f3f8e/none_v3 HTTP/1.0 404 - python-swiftclient-3.11.1 gAAAAABplx6JhBjx... - 70 - txc26011cf7f03412e849ef-0069971e89 - 0.0337 - - 1771511433.942612171 1771511433.976289749 0
Feb 19 14:30:33 standalone account-server[123732]: 172.20.0.100 - - [19/Feb/2026:14:30:33 +0000] "PUT /d1/954/AUTH_a3211f5e0bfd411cb565e0f1c81d6b46/gnocchi.7314b62c-f7ee-43bf-b825-9215840f3f8e" 201 - "PUT http://172.20.0.100:6001/d1/769/AUTH_a3211f5e0bfd411cb565e0f1c81d6b46/gnocchi.7314b62c-f7ee-43bf-b825-9215840f3f8e" "txa08676a674824b63aaa16-0069971e89" "container-server 22" 0.0033 "-" 22 0
Feb 19 14:30:33 standalone container-server[123728]: 172.20.0.100 - - [19/Feb/2026:14:30:33 +0000] "PUT /d1/769/AUTH_a3211f5e0bfd411cb565e0f1c81d6b46/gnocchi.7314b62c-f7ee-43bf-b825-9215840f3f8e" 201 - "PUT http://localhost:8080/v1/AUTH_a3211f5e0bfd411cb565e0f1c81d6b46/gnocchi.7314b62c-f7ee-43bf-b825-9215840f3f8e" "txa08676a674824b63aaa16-0069971e89" "proxy-server 21" 0.0158 "-" 22 0
Feb 19 14:30:34 standalone proxy-server[125726]: 172.18.0.2 ::1 19/Feb/2026/14/30/34 PUT /v1/AUTH_a3211f5e0bfd411cb565e0f1c81d6b46/gnocchi.7314b62c-f7ee-43bf-b825-9215840f3f8e HTTP/1.0 201 - python-swiftclient-3.11.1 gAAAAABplx6JhBjx... - - - txa08676a674824b63aaa16-0069971e89 - 0.0199 - - 1771511433.980171919 1771511434.000036240 0
Feb 19 14:30:34 standalone container-server[123720]: 172.20.0.100 - - [19/Feb/2026:14:30:34 +0000] "HEAD /d1/769/AUTH_a3211f5e0bfd411cb565e0f1c81d6b46/gnocchi.7314b62c-f7ee-43bf-b825-9215840f3f8e" 204 - "HEAD http://localhost:8080/v1/AUTH_a3211f5e0bfd411cb565e0f1c81d6b46/gnocchi.7314b62c-f7ee-43bf-b825-9215840f3f8e?format=json&states=listing" "txb06055878c394c27be343-0069971e8a" "proxy-server 21" 0.0017 "-" 21 0
Feb 19 14:30:34 standalone proxy-server[125726]: - - 19/Feb/2026/14/30/34 HEAD /v1/AUTH_a3211f5e0bfd411cb565e0f1c81d6b46/gnocchi.7314b62c-f7ee-43bf-b825-9215840f3f8e%3Fformat%3Djson%26states%3Dlisting HTTP/1.0 204 - Swift - - - - txb06055878c394c27be343-0069971e8a - 0.0044 RL - 1771511434.008567333 1771511434.013009071 0
Feb 19 14:30:34 standalone container-server[123704]: 172.20.0.100 - - [19/Feb/2026:14:30:34 +0000] "GET /d1/769/AUTH_a3211f5e0bfd411cb565e0f1c81d6b46/gnocchi.7314b62c-f7ee-43bf-b825-9215840f3f8e" 200 2 "GET http://localhost:8080/v1/AUTH_a3211f5e0bfd411cb565e0f1c81d6b46/gnocchi.7314b62c-f7ee-43bf-b825-9215840f3f8e?format=json&states=listing" "txb06055878c394c27be343-0069971e8a" "proxy-server 21" 0.0022 "-" 20 0
Feb 19 14:30:34 standalone proxy-server[125726]: 172.18.0.2 ::1 19/Feb/2026/14/30/34 GET /v1/AUTH_a3211f5e0bfd411cb565e0f1c81d6b46/gnocchi.7314b62c-f7ee-43bf-b825-9215840f3f8e%3Fformat%3Djson%26states%3Dlisting HTTP/1.0 200 - python-swiftclient-3.11.1 gAAAAABplx6JhBjx... - 2 - txb06055878c394c27be343-0069971e8a - 0.0124 - - 1771511434.007383347 1771511434.019819736 0
Feb 19 14:30:34 standalone object-server[123890]: 172.20.0.100 - - [19/Feb/2026:14:30:34 +0000] "GET /d1/312/AUTH_a3211f5e0bfd411cb565e0f1c81d6b46/gnocchi.7314b62c-f7ee-43bf-b825-9215840f3f8e/1771200000.0_mean_300.0_v3" 404 70 "GET http://localhost:8080/v1/AUTH_a3211f5e0bfd411cb565e0f1c81d6b46/gnocchi.7314b62c-f7ee-43bf-b825-9215840f3f8e/1771200000.0_mean_300.0_v3" "tx354f33c19711468a9e804-0069971e8a" "proxy-server 21" 0.0010 "-" 24 0
Feb 19 14:30:34 standalone proxy-server[125726]: 172.18.0.2 ::1 19/Feb/2026/14/30/34 GET /v1/AUTH_a3211f5e0bfd411cb565e0f1c81d6b46/gnocchi.7314b62c-f7ee-43bf-b825-9215840f3f8e/1771200000.0_mean_300.0_v3 HTTP/1.0 404 - python-swiftclient-3.11.1 gAAAAABplx6JhBjx... - 70 - tx354f33c19711468a9e804-0069971e8a - 0.0063 - - 1771511434.025494337 1771511434.031833887 0
Feb 19 14:30:34 standalone container-server[123728]: 172.20.0.100 - - [19/Feb/2026:14:30:34 +0000] "PUT /d1/769/AUTH_a3211f5e0bfd411cb565e0f1c81d6b46/gnocchi.7314b62c-f7ee-43bf-b825-9215840f3f8e/1771200000.0_mean_300.0_v3" 201 - "PUT http://localhost:8080/d1/312/AUTH_a3211f5e0bfd411cb565e0f1c81d6b46/gnocchi.7314b62c-f7ee-43bf-b825-9215840f3f8e/1771200000.0_mean_300.0_v3" "tx3aaedb4eab7e4706b43c0-0069971e8a" "object-server 22" 0.0004 "-" 22 0
Feb 19 14:30:34 standalone object-server[123881]: 172.20.0.100 - - [19/Feb/2026:14:30:34 +0000] "PUT /d1/312/AUTH_a3211f5e0bfd411cb565e0f1c81d6b46/gnocchi.7314b62c-f7ee-43bf-b825-9215840f3f8e/1771200000.0_mean_300.0_v3" 201 - "PUT http://localhost:8080/v1/AUTH_a3211f5e0bfd411cb565e0f1c81d6b46/gnocchi.7314b62c-f7ee-43bf-b825-9215840f3f8e/1771200000.0_mean_300.0_v3" "tx3aaedb4eab7e4706b43c0-0069971e8a" "proxy-server 21" 0.0112 "-" 22 0
Feb 19 14:30:34 standalone proxy-server[125726]: 172.18.0.2 ::1 19/Feb/2026/14/30/34 PUT /v1/AUTH_a3211f5e0bfd411cb565e0f1c81d6b46/gnocchi.7314b62c-f7ee-43bf-b825-9215840f3f8e/1771200000.0_mean_300.0_v3 HTTP/1.0 201 - python-swiftclient-3.11.1 gAAAAABplx6JhBjx... 16 - - tx3aaedb4eab7e4706b43c0-0069971e8a - 0.0261 - - 1771511434.037788391 1771511434.063890457 0
Feb 19 14:30:34 standalone container-server[123736]: 172.20.0.100 - - [19/Feb/2026:14:30:34 +0000] "PUT /d1/769/AUTH_a3211f5e0bfd411cb565e0f1c81d6b46/gnocchi.7314b62c-f7ee-43bf-b825-9215840f3f8e/none_v3" 201 - "PUT http://localhost:8080/d1/280/AUTH_a3211f5e0bfd411cb565e0f1c81d6b46/gnocchi.7314b62c-f7ee-43bf-b825-9215840f3f8e/none_v3" "tx088658e659814f2da78a4-0069971e8a" "object-server 25" 0.0008 "-" 23 0
Feb 19 14:30:34 standalone object-server[123897]: 172.20.0.100 - - [19/Feb/2026:14:30:34 +0000] "PUT /d1/280/AUTH_a3211f5e0bfd411cb565e0f1c81d6b46/gnocchi.7314b62c-f7ee-43bf-b825-9215840f3f8e/none_v3" 201 - "PUT http://localhost:8080/v1/AUTH_a3211f5e0bfd411cb565e0f1c81d6b46/gnocchi.7314b62c-f7ee-43bf-b825-9215840f3f8e/none_v3" "tx088658e659814f2da78a4-0069971e8a" "proxy-server 21" 0.0352 "-" 25 0
Feb 19 14:30:34 standalone proxy-server[125726]: 172.18.0.2 ::1 19/Feb/2026/14/30/34 PUT /v1/AUTH_a3211f5e0bfd411cb565e0f1c81d6b46/gnocchi.7314b62c-f7ee-43bf-b825-9215840f3f8e/none_v3 HTTP/1.0 201 - python-swiftclient-3.11.1 gAAAAABplx6JhBjx... 22 - - tx088658e659814f2da78a4-0069971e8a - 0.0443 - - 1771511434.070508480 1771511434.114798307 0
Feb 19 14:31:03 standalone object-server[123897]: 172.20.0.100 - - [19/Feb/2026:14:31:03 +0000] "GET /d1/280/AUTH_a3211f5e0bfd411cb565e0f1c81d6b46/gnocchi.7314b62c-f7ee-43bf-b825-9215840f3f8e/none_v3" 200 22 "GET http://localhost:8080/v1/AUTH_a3211f5e0bfd411cb565e0f1c81d6b46/gnocchi.7314b62c-f7ee-43bf-b825-9215840f3f8e/none_v3" "tx8f792cec28dd4ef9a3b07-0069971ea7" "proxy-server 21" 0.0017 "-" 25 0
Feb 19 14:31:03 standalone proxy-server[125726]: 172.18.0.2 ::1 19/Feb/2026/14/31/03 GET /v1/AUTH_a3211f5e0bfd411cb565e0f1c81d6b46/gnocchi.7314b62c-f7ee-43bf-b825-9215840f3f8e/none_v3 HTTP/1.0 200 - python-swiftclient-3.11.1 gAAAAABplx6JhBjx... - 22 - tx8f792cec28dd4ef9a3b07-0069971ea7 - 0.0122 - - 1771511463.582775593 1771511463.595004320 0
Feb 19 14:31:03 standalone container-server[123728]: 172.20.0.100 - - [19/Feb/2026:14:31:03 +0000] "GET /d1/769/AUTH_a3211f5e0bfd411cb565e0f1c81d6b46/gnocchi.7314b62c-f7ee-43bf-b825-9215840f3f8e" 200 357 "GET http://localhost:8080/v1/AUTH_a3211f5e0bfd411cb565e0f1c81d6b46/gnocchi.7314b62c-f7ee-43bf-b825-9215840f3f8e?format=json&states=listing" "tx86f1cff745ca43e993628-0069971ea7" "proxy-server 21" 0.0209 "-" 22 0
Feb 19 14:31:03 standalone proxy-server[125726]: 172.18.0.2 ::1 19/Feb/2026/14/31/03 GET /v1/AUTH_a3211f5e0bfd411cb565e0f1c81d6b46/gnocchi.7314b62c-f7ee-43bf-b825-9215840f3f8e%3Fformat%3Djson%26states%3Dlisting HTTP/1.0 200 - python-swiftclient-3.11.1 gAAAAABplx6JhBjx... - 357 - tx86f1cff745ca43e993628-0069971ea7 - 0.0365 - - 1771511463.600742579 1771511463.637286901 0
Feb 19 14:31:03 standalone container-server[123736]: 172.20.0.100 - - [19/Feb/2026:14:31:03 +0000] "GET /d1/769/AUTH_a3211f5e0bfd411cb565e0f1c81d6b46/gnocchi.7314b62c-f7ee-43bf-b825-9215840f3f8e" 200 2 "GET http://localhost:8080/v1/AUTH_a3211f5e0bfd411cb565e0f1c81d6b46/gnocchi.7314b62c-f7ee-43bf-b825-9215840f3f8e?format=json&marker=none_v3&states=listing" "txe4023fd5738c43c98c569-0069971ea7" "proxy-server 21" 0.0042 "-" 23 0
Feb 19 14:31:03 standalone proxy-server[125726]: 172.18.0.2 ::1 19/Feb/2026/14/31/03 GET /v1/AUTH_a3211f5e0bfd411cb565e0f1c81d6b46/gnocchi.7314b62c-f7ee-43bf-b825-9215840f3f8e%3Fformat%3Djson%26marker%3Dnone_v3%26states%3Dlisting HTTP/1.0 200 - python-swiftclient-3.11.1 gAAAAABplx6JhBjx... - 2 - txe4023fd5738c43c98c569-0069971ea7 - 0.0249 - - 1771511463.643465281 1771511463.668403387 0
Feb 19 14:31:03 standalone object-server[123881]: 172.20.0.100 - - [19/Feb/2026:14:31:03 +0000] "GET /d1/312/AUTH_a3211f5e0bfd411cb565e0f1c81d6b46/gnocchi.7314b62c-f7ee-43bf-b825-9215840f3f8e/1771200000.0_mean_300.0_v3" 200 16 "GET http://localhost:8080/v1/AUTH_a3211f5e0bfd411cb565e0f1c81d6b46/gnocchi.7314b62c-f7ee-43bf-b825-9215840f3f8e/1771200000.0_mean_300.0_v3" "tx5a38ff10e8d649079e600-0069971ea7" "proxy-server 21" 0.0014 "-" 22 0
Feb 19 14:31:03 standalone proxy-server[125726]: 172.18.0.2 ::1 19/Feb/2026/14/31/03 GET /v1/AUTH_a3211f5e0bfd411cb565e0f1c81d6b46/gnocchi.7314b62c-f7ee-43bf-b825-9215840f3f8e/1771200000.0_mean_300.0_v3 HTTP/1.0 200 - python-swiftclient-3.11.1 gAAAAABplx6JhBjx... - 16 - tx5a38ff10e8d649079e600-0069971ea7 - 0.0113 - - 1771511463.678748846 1771511463.690011740 0
Feb 19 14:31:03 standalone container-server[123704]: 172.20.0.100 - - [19/Feb/2026:14:31:03 +0000] "PUT /d1/769/AUTH_a3211f5e0bfd411cb565e0f1c81d6b46/gnocchi.7314b62c-f7ee-43bf-b825-9215840f3f8e/1771200000.0_mean_300.0_v3" 201 - "PUT http://localhost:8080/d1/312/AUTH_a3211f5e0bfd411cb565e0f1c81d6b46/gnocchi.7314b62c-f7ee-43bf-b825-9215840f3f8e/1771200000.0_mean_300.0_v3" "tx5ff33337c2ed40d29b9d8-0069971ea7" "object-server 23" 0.0009 "-" 20 0
Feb 19 14:31:03 standalone object-server[123885]: 172.20.0.100 - - [19/Feb/2026:14:31:03 +0000] "PUT /d1/312/AUTH_a3211f5e0bfd411cb565e0f1c81d6b46/gnocchi.7314b62c-f7ee-43bf-b825-9215840f3f8e/1771200000.0_mean_300.0_v3" 201 - "PUT http://localhost:8080/v1/AUTH_a3211f5e0bfd411cb565e0f1c81d6b46/gnocchi.7314b62c-f7ee-43bf-b825-9215840f3f8e/1771200000.0_mean_300.0_v3" "tx5ff33337c2ed40d29b9d8-0069971ea7" "proxy-server 21" 0.0218 "-" 23 0
Feb 19 14:31:03 standalone proxy-server[125726]: 172.18.0.2 ::1 19/Feb/2026/14/31/03 PUT /v1/AUTH_a3211f5e0bfd411cb565e0f1c81d6b46/gnocchi.7314b62c-f7ee-43bf-b825-9215840f3f8e/1771200000.0_mean_300.0_v3 HTTP/1.0 201 - python-swiftclient-3.11.1 gAAAAABplx6JhBjx... 16 - - tx5ff33337c2ed40d29b9d8-0069971ea7 - 0.0307 - - 1771511463.698451519 1771511463.729129791 0
Feb 19 14:31:03 standalone container-server[123704]: 172.20.0.100 - - [19/Feb/2026:14:31:03 +0000] "PUT /d1/769/AUTH_a3211f5e0bfd411cb565e0f1c81d6b46/gnocchi.7314b62c-f7ee-43bf-b825-9215840f3f8e/none_v3" 201 - "PUT http://localhost:8080/d1/280/AUTH_a3211f5e0bfd411cb565e0f1c81d6b46/gnocchi.7314b62c-f7ee-43bf-b825-9215840f3f8e/none_v3" "txfce299bad41c49cc8f981-0069971ea7" "object-server 22" 0.0008 "-" 20 0
Feb 19 14:31:03 standalone object-server[123881]: 172.20.0.100 - - [19/Feb/2026:14:31:03 +0000] "PUT /d1/280/AUTH_a3211f5e0bfd411cb565e0f1c81d6b46/gnocchi.7314b62c-f7ee-43bf-b825-9215840f3f8e/none_v3" 201 - "PUT http://localhost:8080/v1/AUTH_a3211f5e0bfd411cb565e0f1c81d6b46/gnocchi.7314b62c-f7ee-43bf-b825-9215840f3f8e/none_v3" "txfce299bad41c49cc8f981-0069971ea7" "proxy-server 21" 0.0222 "-" 22 0
Feb 19 14:31:03 standalone proxy-server[125726]: 172.18.0.2 ::1 19/Feb/2026/14/31/03 PUT /v1/AUTH_a3211f5e0bfd411cb565e0f1c81d6b46/gnocchi.7314b62c-f7ee-43bf-b825-9215840f3f8e/none_v3 HTTP/1.0 201 - python-swiftclient-3.11.1 gAAAAABplx6JhBjx... 32 - - txfce299bad41c49cc8f981-0069971ea7 - 0.0342 - - 1771511463.736431837 1771511463.770647287 0
Feb 19 14:31:35 standalone account-server[123734]: 172.20.0.100 - - [19/Feb/2026:14:31:35 +0000] "HEAD /d1/954/AUTH_a3211f5e0bfd411cb565e0f1c81d6b46" 204 - "HEAD http://localhost:8080/v1/AUTH_a3211f5e0bfd411cb565e0f1c81d6b46?format=json" "txc8be2a54b3204f47bc405-0069971ec7" "proxy-server 21" 0.0097 "-" 23 -
Feb 19 14:31:36 standalone proxy-server[125726]: - - 19/Feb/2026/14/31/36 HEAD /v1/AUTH_a3211f5e0bfd411cb565e0f1c81d6b46%3Fformat%3Djson HTTP/1.0 204 - Swift - - - - txc8be2a54b3204f47bc405-0069971ec7 - 0.0141 RL - 1771511495.987011671 1771511496.001065016 -
Feb 19 14:31:36 standalone container-server[123736]: 172.20.0.100 - - [19/Feb/2026:14:31:36 +0000] "HEAD /d1/545/AUTH_a3211f5e0bfd411cb565e0f1c81d6b46/glance" 204 - "HEAD http://localhost:8080/v1/AUTH_a3211f5e0bfd411cb565e0f1c81d6b46/glance?format=json&states=listing" "txc8be2a54b3204f47bc405-0069971ec7" "proxy-server 21" 0.0148 "-" 23 0
Feb 19 14:31:36 standalone object-server[123890]: 172.20.0.100 - - [19/Feb/2026:14:31:36 +0000] "GET /d1/185/AUTH_a3211f5e0bfd411cb565e0f1c81d6b46/glance/ceb8a780-7679-47ec-8034-763c3f468212" 200 - "GET http://localhost:8080/v1/AUTH_a3211f5e0bfd411cb565e0f1c81d6b46/glance/ceb8a780-7679-47ec-8034-763c3f468212" "txc8be2a54b3204f47bc405-0069971ec7" "proxy-server 21" 0.0017 "-" 24 0
Feb 19 14:31:36 standalone container-server[123736]: 172.20.0.100 - - [19/Feb/2026:14:31:36 +0000] "GET /d1/545/AUTH_a3211f5e0bfd411cb565e0f1c81d6b46/glance" 200 210 "GET http://localhost:8080/v1/AUTH_a3211f5e0bfd411cb565e0f1c81d6b46/glance?prefix=ceb8a780-7679-47ec-8034-763c3f468212-&format=json&states=listing" "txc8be2a54b3204f47bc405-0069971ec7" "proxy-server 21" 0.0039 "-" 23 0
Feb 19 14:31:36 standalone proxy-server[125726]: - - 19/Feb/2026/14/31/36 GET /v1/AUTH_a3211f5e0bfd411cb565e0f1c81d6b46/glance%3Fprefix%3Dceb8a780-7679-47ec-8034-763c3f468212-%26format%3Djson%26states%3Dlisting HTTP/1.0 200 - python-swiftclient-3.11.1%20DLO%20MultipartGET gAAAAABplx7HYlEN... - 210 - txc8be2a54b3204f47bc405-0069971ec7 - 0.0078 DLO - 1771511496.122641563 1771511496.130442142 0
Feb 19 14:31:36 standalone object-server[123890]: 172.20.0.100 - - [19/Feb/2026:14:31:36 +0000] "GET /d1/50/AUTH_a3211f5e0bfd411cb565e0f1c81d6b46/glance/ceb8a780-7679-47ec-8034-763c3f468212-00001" 200 21692416 "GET http://localhost:8080/v1/AUTH_a3211f5e0bfd411cb565e0f1c81d6b46/glance/ceb8a780-7679-47ec-8034-763c3f468212-00001?multipart-manifest=get" "txc8be2a54b3204f47bc405-0069971ec7" "proxy-server 21" 0.0007 "-" 24 0
Feb 19 14:31:36 standalone proxy-server[125726]: - - 19/Feb/2026/14/31/36 GET /v1/AUTH_a3211f5e0bfd411cb565e0f1c81d6b46/glance/ceb8a780-7679-47ec-8034-763c3f468212-00001%3Fmultipart-manifest%3Dget HTTP/1.0 200 - python-swiftclient-3.11.1%20%20DLO%20MultipartGET gAAAAABplx7HYlEN... - 21692416 - txc8be2a54b3204f47bc405-0069971ec7 - 0.1328 DLO - 1771511496.131009102 1771511496.263838053 0
Feb 19 14:31:36 standalone proxy-server[125726]: 172.18.0.2 ::1 19/Feb/2026/14/31/36 GET /v1/AUTH_a3211f5e0bfd411cb565e0f1c81d6b46/glance/ceb8a780-7679-47ec-8034-763c3f468212 HTTP/1.0 200 - python-swiftclient-3.11.1 gAAAAABplx7HYlEN... - 21692416 - txc8be2a54b3204f47bc405-0069971ec7 - 0.2783 - - 1771511495.986050367 1771511496.264398813 0
Feb 19 14:31:37 standalone container-server[123720]: 172.20.0.100 - - [19/Feb/2026:14:31:37 +0000] "HEAD /d1/263/AUTH_a3211f5e0bfd411cb565e0f1c81d6b46/gnocchi.591c98e0-72c8-4695-bfe8-40cb157b14e1" 404 - "HEAD http://localhost:8080/v1/AUTH_a3211f5e0bfd411cb565e0f1c81d6b46/gnocchi.591c98e0-72c8-4695-bfe8-40cb157b14e1?format=json&states=listing" "tx7b516ef0a5834d61a3778-0069971ec9" "proxy-server 21" 0.0005 "-" 21 0
Feb 19 14:31:37 standalone object-server[123885]: 172.20.0.100 - - [19/Feb/2026:14:31:37 +0000] "GET /d1/817/AUTH_a3211f5e0bfd411cb565e0f1c81d6b46/gnocchi.591c98e0-72c8-4695-bfe8-40cb157b14e1/none_v3" 404 70 "GET http://localhost:8080/v1/AUTH_a3211f5e0bfd411cb565e0f1c81d6b46/gnocchi.591c98e0-72c8-4695-bfe8-40cb157b14e1/none_v3" "tx7b516ef0a5834d61a3778-0069971ec9" "proxy-server 21" 0.0005 "-" 23 0
Feb 19 14:31:37 standalone proxy-server[125726]: 172.18.0.2 ::1 19/Feb/2026/14/31/37 GET /v1/AUTH_a3211f5e0bfd411cb565e0f1c81d6b46/gnocchi.591c98e0-72c8-4695-bfe8-40cb157b14e1/none_v3 HTTP/1.0 404 - python-swiftclient-3.11.1 gAAAAABplx6JhBjx... - 70 - tx7b516ef0a5834d61a3778-0069971ec9 - 0.0136 - - 1771511497.009733438 1771511497.023331165 0
Feb 19 14:31:37 standalone account-server[123719]: 172.20.0.100 - - [19/Feb/2026:14:31:37 +0000] "PUT /d1/954/AUTH_a3211f5e0bfd411cb565e0f1c81d6b46/gnocchi.591c98e0-72c8-4695-bfe8-40cb157b14e1" 201 - "PUT http://172.20.0.100:6001/d1/263/AUTH_a3211f5e0bfd411cb565e0f1c81d6b46/gnocchi.591c98e0-72c8-4695-bfe8-40cb157b14e1" "txdbfeb0c4c42549b2a3462-0069971ec9" "container-server 20" 0.0016 "-" 20 0
Feb 19 14:31:37 standalone container-server[123704]: 172.20.0.100 - - [19/Feb/2026:14:31:37 +0000] "PUT /d1/263/AUTH_a3211f5e0bfd411cb565e0f1c81d6b46/gnocchi.591c98e0-72c8-4695-bfe8-40cb157b14e1" 201 - "PUT http://localhost:8080/v1/AUTH_a3211f5e0bfd411cb565e0f1c81d6b46/gnocchi.591c98e0-72c8-4695-bfe8-40cb157b14e1" "txdbfeb0c4c42549b2a3462-0069971ec9" "proxy-server 21" 0.0185 "-" 20 0
Feb 19 14:31:37 standalone proxy-server[125726]: 172.18.0.2 ::1 19/Feb/2026/14/31/37 PUT /v1/AUTH_a3211f5e0bfd411cb565e0f1c81d6b46/gnocchi.591c98e0-72c8-4695-bfe8-40cb157b14e1 HTTP/1.0 201 - python-swiftclient-3.11.1 gAAAAABplx6JhBjx... - - - txdbfeb0c4c42549b2a3462-0069971ec9 - 0.0234 - - 1771511497.026742697 1771511497.050096750 0
Feb 19 14:31:37 standalone container-server[123720]: 172.20.0.100 - - [19/Feb/2026:14:31:37 +0000] "HEAD /d1/263/AUTH_a3211f5e0bfd411cb565e0f1c81d6b46/gnocchi.591c98e0-72c8-4695-bfe8-40cb157b14e1" 204 - "HEAD http://localhost:8080/v1/AUTH_a3211f5e0bfd411cb565e0f1c81d6b46/gnocchi.591c98e0-72c8-4695-bfe8-40cb157b14e1?format=json&states=listing" "tx800e2637dd5c44b5bff6e-0069971ec9" "proxy-server 21" 0.0012 "-" 21 0
Feb 19 14:31:37 standalone proxy-server[125726]: - - 19/Feb/2026/14/31/37 HEAD /v1/AUTH_a3211f5e0bfd411cb565e0f1c81d6b46/gnocchi.591c98e0-72c8-4695-bfe8-40cb157b14e1%3Fformat%3Djson%26states%3Dlisting HTTP/1.0 204 - Swift - - - - tx800e2637dd5c44b5bff6e-0069971ec9 - 0.0038 RL - 1771511497.058139324 1771511497.061927080 0
Feb 19 14:31:37 standalone container-server[123728]: 172.20.0.100 - - [19/Feb/2026:14:31:37 +0000] "GET /d1/263/AUTH_a3211f5e0bfd411cb565e0f1c81d6b46/gnocchi.591c98e0-72c8-4695-bfe8-40cb157b14e1" 200 2 "GET http://localhost:8080/v1/AUTH_a3211f5e0bfd411cb565e0f1c81d6b46/gnocchi.591c98e0-72c8-4695-bfe8-40cb157b14e1?format=json&states=listing" "tx800e2637dd5c44b5bff6e-0069971ec9" "proxy-server 21" 0.0018 "-" 22 0
Feb 19 14:31:37 standalone proxy-server[125726]: 172.18.0.2 ::1 19/Feb/2026/14/31/37 GET /v1/AUTH_a3211f5e0bfd411cb565e0f1c81d6b46/gnocchi.591c98e0-72c8-4695-bfe8-40cb157b14e1%3Fformat%3Djson%26states%3Dlisting HTTP/1.0 200 - python-swiftclient-3.11.1 gAAAAABplx6JhBjx... - 2 - tx800e2637dd5c44b5bff6e-0069971ec9 - 0.0112 - - 1771511497.057185173 1771511497.068377495 0
Feb 19 14:31:37 standalone object-server[123890]: 172.20.0.100 - - [19/Feb/2026:14:31:37 +0000] "GET /d1/985/AUTH_a3211f5e0bfd411cb565e0f1c81d6b46/gnocchi.591c98e0-72c8-4695-bfe8-40cb157b14e1/1771200000.0_mean_300.0_v3" 404 70 "GET http://localhost:8080/v1/AUTH_a3211f5e0bfd411cb565e0f1c81d6b46/gnocchi.591c98e0-72c8-4695-bfe8-40cb157b14e1/1771200000.0_mean_300.0_v3" "tx86c5918371074026ac079-0069971ec9" "proxy-server 21" 0.0003 "-" 24 0
Feb 19 14:31:37 standalone proxy-server[125726]: 172.18.0.2 ::1 19/Feb/2026/14/31/37 GET /v1/AUTH_a3211f5e0bfd411cb565e0f1c81d6b46/gnocchi.591c98e0-72c8-4695-bfe8-40cb157b14e1/1771200000.0_mean_300.0_v3 HTTP/1.0 404 - python-swiftclient-3.11.1 gAAAAABplx6JhBjx... - 70 - tx86c5918371074026ac079-0069971ec9 - 0.0061 - - 1771511497.081164360 1771511497.087310791 0
Feb 19 14:31:37 standalone container-server[123704]: 172.20.0.100 - - [19/Feb/2026:14:31:37 +0000] "PUT /d1/263/AUTH_a3211f5e0bfd411cb565e0f1c81d6b46/gnocchi.591c98e0-72c8-4695-bfe8-40cb157b14e1/1771200000.0_mean_300.0_v3" 201 - "PUT http://localhost:8080/d1/985/AUTH_a3211f5e0bfd411cb565e0f1c81d6b46/gnocchi.591c98e0-72c8-4695-bfe8-40cb157b14e1/1771200000.0_mean_300.0_v3" "tx2a7c0658e31f4ac696ae0-0069971ec9" "object-server 24" 0.0012 "-" 20 0
Feb 19 14:31:37 standalone object-server[123890]: 172.20.0.100 - - [19/Feb/2026:14:31:37 +0000] "PUT /d1/985/AUTH_a3211f5e0bfd411cb565e0f1c81d6b46/gnocchi.591c98e0-72c8-4695-bfe8-40cb157b14e1/1771200000.0_mean_300.0_v3" 201 - "PUT http://localhost:8080/v1/AUTH_a3211f5e0bfd411cb565e0f1c81d6b46/gnocchi.591c98e0-72c8-4695-bfe8-40cb157b14e1/1771200000.0_mean_300.0_v3" "tx2a7c0658e31f4ac696ae0-0069971ec9" "proxy-server 21" 0.0458 "-" 24 0
Feb 19 14:31:37 standalone proxy-server[125726]: 172.18.0.2 ::1 19/Feb/2026/14/31/37 PUT /v1/AUTH_a3211f5e0bfd411cb565e0f1c81d6b46/gnocchi.591c98e0-72c8-4695-bfe8-40cb157b14e1/1771200000.0_mean_300.0_v3 HTTP/1.0 201 - python-swiftclient-3.11.1 gAAAAABplx6JhBjx... 16 - - tx2a7c0658e31f4ac696ae0-0069971ec9 - 0.0505 - - 1771511497.097088814 1771511497.147620201 0
Feb 19 14:31:37 standalone container-server[123704]: 172.20.0.100 - - [19/Feb/2026:14:31:37 +0000] "PUT /d1/263/AUTH_a3211f5e0bfd411cb565e0f1c81d6b46/gnocchi.591c98e0-72c8-4695-bfe8-40cb157b14e1/none_v3" 201 - "PUT http://localhost:8080/d1/817/AUTH_a3211f5e0bfd411cb565e0f1c81d6b46/gnocchi.591c98e0-72c8-4695-bfe8-40cb157b14e1/none_v3" "txc8ba5a9d2acf42adb3f5c-0069971ec9" "object-server 24" 0.0005 "-" 20 0
Feb 19 14:31:37 standalone object-server[123890]: 172.20.0.100 - - [19/Feb/2026:14:31:37 +0000] "PUT /d1/817/AUTH_a3211f5e0bfd411cb565e0f1c81d6b46/gnocchi.591c98e0-72c8-4695-bfe8-40cb157b14e1/none_v3" 201 - "PUT http://localhost:8080/v1/AUTH_a3211f5e0bfd411cb565e0f1c81d6b46/gnocchi.591c98e0-72c8-4695-bfe8-40cb157b14e1/none_v3" "txc8ba5a9d2acf42adb3f5c-0069971ec9" "proxy-server 21" 0.0142 "-" 24 0
Feb 19 14:31:37 standalone proxy-server[125726]: 172.18.0.2 ::1 19/Feb/2026/14/31/37 PUT /v1/AUTH_a3211f5e0bfd411cb565e0f1c81d6b46/gnocchi.591c98e0-72c8-4695-bfe8-40cb157b14e1/none_v3 HTTP/1.0 201 - python-swiftclient-3.11.1 gAAAAABplx6JhBjx... 22 - - txc8ba5a9d2acf42adb3f5c-0069971ec9 - 0.0236 - - 1771511497.152122259 1771511497.175690174 0
Feb 19 14:31:37 standalone container-server[123736]: 172.20.0.100 - - [19/Feb/2026:14:31:37 +0000] "HEAD /d1/161/AUTH_a3211f5e0bfd411cb565e0f1c81d6b46/gnocchi.364c2677-7db4-4d83-a0b9-580010e2b539" 404 - "HEAD http://localhost:8080/v1/AUTH_a3211f5e0bfd411cb565e0f1c81d6b46/gnocchi.364c2677-7db4-4d83-a0b9-580010e2b539?format=json&states=listing" "txeb76b7bd7bdf41bfb3e39-0069971ec9" "proxy-server 21" 0.0004 "-" 23 0
Feb 19 14:31:37 standalone object-server[123897]: 172.20.0.100 - - [19/Feb/2026:14:31:37 +0000] "GET /d1/893/AUTH_a3211f5e0bfd411cb565e0f1c81d6b46/gnocchi.364c2677-7db4-4d83-a0b9-580010e2b539/none_v3" 404 70 "GET http://localhost:8080/v1/AUTH_a3211f5e0bfd411cb565e0f1c81d6b46/gnocchi.364c2677-7db4-4d83-a0b9-580010e2b539/none_v3" "txeb76b7bd7bdf41bfb3e39-0069971ec9" "proxy-server 21" 0.0005 "-" 25 0
Feb 19 14:31:37 standalone proxy-server[125726]: 172.18.0.2 ::1 19/Feb/2026/14/31/37 GET /v1/AUTH_a3211f5e0bfd411cb565e0f1c81d6b46/gnocchi.364c2677-7db4-4d83-a0b9-580010e2b539/none_v3 HTTP/1.0 404 - python-swiftclient-3.11.1 gAAAAABplx6JhBjx... - 70 - txeb76b7bd7bdf41bfb3e39-0069971ec9 - 0.0085 - - 1771511497.191511393 1771511497.200024843 0
Feb 19 14:31:37 standalone account-server[123719]: 172.20.0.100 - - [19/Feb/2026:14:31:37 +0000] "PUT /d1/954/AUTH_a3211f5e0bfd411cb565e0f1c81d6b46/gnocchi.364c2677-7db4-4d83-a0b9-580010e2b539" 201 - "PUT http://172.20.0.100:6001/d1/161/AUTH_a3211f5e0bfd411cb565e0f1c81d6b46/gnocchi.364c2677-7db4-4d83-a0b9-580010e2b539" "tx88962b145ece40619845c-0069971ec9" "container-server 22" 0.0088 "-" 20 0
Feb 19 14:31:37 standalone container-server[123728]: 172.20.0.100 - - [19/Feb/2026:14:31:37 +0000] "PUT /d1/161/AUTH_a3211f5e0bfd411cb565e0f1c81d6b46/gnocchi.364c2677-7db4-4d83-a0b9-580010e2b539" 201 - "PUT http://localhost:8080/v1/AUTH_a3211f5e0bfd411cb565e0f1c81d6b46/gnocchi.364c2677-7db4-4d83-a0b9-580010e2b539" "tx88962b145ece40619845c-0069971ec9" "proxy-server 21" 0.0181 "-" 22 0
Feb 19 14:31:37 standalone proxy-server[125726]: 172.18.0.2 ::1 19/Feb/2026/14/31/37 PUT /v1/AUTH_a3211f5e0bfd411cb565e0f1c81d6b46/gnocchi.364c2677-7db4-4d83-a0b9-580010e2b539 HTTP/1.0 201 - python-swiftclient-3.11.1 gAAAAABplx6JhBjx... - - - tx88962b145ece40619845c-0069971ec9 - 0.0224 - - 1771511497.203306198 1771511497.225693941 0
Feb 19 14:31:37 standalone container-server[123736]: 172.20.0.100 - - [19/Feb/2026:14:31:37 +0000] "HEAD /d1/161/AUTH_a3211f5e0bfd411cb565e0f1c81d6b46/gnocchi.364c2677-7db4-4d83-a0b9-580010e2b539" 204 - "HEAD http://localhost:8080/v1/AUTH_a3211f5e0bfd411cb565e0f1c81d6b46/gnocchi.364c2677-7db4-4d83-a0b9-580010e2b539?format=json&states=listing" "txac02ac106f844bf0b6a87-0069971ec9" "proxy-server 21" 0.0011 "-" 23 0
Feb 19 14:31:37 standalone proxy-server[125726]: - - 19/Feb/2026/14/31/37 HEAD /v1/AUTH_a3211f5e0bfd411cb565e0f1c81d6b46/gnocchi.364c2677-7db4-4d83-a0b9-580010e2b539%3Fformat%3Djson%26states%3Dlisting HTTP/1.0 204 - Swift - - - - txac02ac106f844bf0b6a87-0069971ec9 - 0.0037 RL - 1771511497.230020285 1771511497.233726740 0
Feb 19 14:31:37 standalone container-server[123736]: 172.20.0.100 - - [19/Feb/2026:14:31:37 +0000] "GET /d1/161/AUTH_a3211f5e0bfd411cb565e0f1c81d6b46/gnocchi.364c2677-7db4-4d83-a0b9-580010e2b539" 200 2 "GET http://localhost:8080/v1/AUTH_a3211f5e0bfd411cb565e0f1c81d6b46/gnocchi.364c2677-7db4-4d83-a0b9-580010e2b539?format=json&states=listing" "txac02ac106f844bf0b6a87-0069971ec9" "proxy-server 21" 0.0018 "-" 23 0
Feb 19 14:31:37 standalone proxy-server[125726]: 172.18.0.2 ::1 19/Feb/2026/14/31/37 GET /v1/AUTH_a3211f5e0bfd411cb565e0f1c81d6b46/gnocchi.364c2677-7db4-4d83-a0b9-580010e2b539%3Fformat%3Djson%26states%3Dlisting HTTP/1.0 200 - python-swiftclient-3.11.1 gAAAAABplx6JhBjx... - 2 - txac02ac106f844bf0b6a87-0069971ec9 - 0.0116 - - 1771511497.229192972 1771511497.240811825 0
Feb 19 14:31:37 standalone object-server[123890]: 172.20.0.100 - - [19/Feb/2026:14:31:37 +0000] "GET /d1/835/AUTH_a3211f5e0bfd411cb565e0f1c81d6b46/gnocchi.364c2677-7db4-4d83-a0b9-580010e2b539/1771200000.0_mean_300.0_v3" 404 70 "GET http://localhost:8080/v1/AUTH_a3211f5e0bfd411cb565e0f1c81d6b46/gnocchi.364c2677-7db4-4d83-a0b9-580010e2b539/1771200000.0_mean_300.0_v3" "tx77fb02afe45e4b7d9bd79-0069971ec9" "proxy-server 21" 0.0003 "-" 24 0
Feb 19 14:31:37 standalone proxy-server[125726]: 172.18.0.2 ::1 19/Feb/2026/14/31/37 GET /v1/AUTH_a3211f5e0bfd411cb565e0f1c81d6b46/gnocchi.364c2677-7db4-4d83-a0b9-580010e2b539/1771200000.0_mean_300.0_v3 HTTP/1.0 404 - python-swiftclient-3.11.1 gAAAAABplx6JhBjx... - 70 - tx77fb02afe45e4b7d9bd79-0069971ec9 - 0.0089 - - 1771511497.244533300 1771511497.253427744 0
Feb 19 14:31:37 standalone container-server[123720]: 172.20.0.100 - - [19/Feb/2026:14:31:37 +0000] "PUT /d1/161/AUTH_a3211f5e0bfd411cb565e0f1c81d6b46/gnocchi.364c2677-7db4-4d83-a0b9-580010e2b539/1771200000.0_mean_300.0_v3" 201 - "PUT http://localhost:8080/d1/835/AUTH_a3211f5e0bfd411cb565e0f1c81d6b46/gnocchi.364c2677-7db4-4d83-a0b9-580010e2b539/1771200000.0_mean_300.0_v3" "txba89da46ad2246629e30d-0069971ec9" "object-server 23" 0.0005 "-" 21 0
Feb 19 14:31:37 standalone object-server[123885]: 172.20.0.100 - - [19/Feb/2026:14:31:37 +0000] "PUT /d1/835/AUTH_a3211f5e0bfd411cb565e0f1c81d6b46/gnocchi.364c2677-7db4-4d83-a0b9-580010e2b539/1771200000.0_mean_300.0_v3" 201 - "PUT http://localhost:8080/v1/AUTH_a3211f5e0bfd411cb565e0f1c81d6b46/gnocchi.364c2677-7db4-4d83-a0b9-580010e2b539/1771200000.0_mean_300.0_v3" "txba89da46ad2246629e30d-0069971ec9" "proxy-server 21" 0.0088 "-" 23 0
Feb 19 14:31:37 standalone proxy-server[125726]: 172.18.0.2 ::1 19/Feb/2026/14/31/37 PUT /v1/AUTH_a3211f5e0bfd411cb565e0f1c81d6b46/gnocchi.364c2677-7db4-4d83-a0b9-580010e2b539/1771200000.0_mean_300.0_v3 HTTP/1.0 201 - python-swiftclient-3.11.1 gAAAAABplx6JhBjx... 16 - - txba89da46ad2246629e30d-0069971ec9 - 0.0133 - - 1771511497.265594721 1771511497.278943062 0
Feb 19 14:31:37 standalone container-server[123720]: 172.20.0.100 - - [19/Feb/2026:14:31:37 +0000] "PUT /d1/161/AUTH_a3211f5e0bfd411cb565e0f1c81d6b46/gnocchi.364c2677-7db4-4d83-a0b9-580010e2b539/none_v3" 201 - "PUT http://localhost:8080/d1/893/AUTH_a3211f5e0bfd411cb565e0f1c81d6b46/gnocchi.364c2677-7db4-4d83-a0b9-580010e2b539/none_v3" "tx66e3ccea7413436da8c37-0069971ec9" "object-server 24" 0.0004 "-" 21 0
Feb 19 14:31:37 standalone object-server[123890]: 172.20.0.100 - - [19/Feb/2026:14:31:37 +0000] "PUT /d1/893/AUTH_a3211f5e0bfd411cb565e0f1c81d6b46/gnocchi.364c2677-7db4-4d83-a0b9-580010e2b539/none_v3" 201 - "PUT http://localhost:8080/v1/AUTH_a3211f5e0bfd411cb565e0f1c81d6b46/gnocchi.364c2677-7db4-4d83-a0b9-580010e2b539/none_v3" "tx66e3ccea7413436da8c37-0069971ec9" "proxy-server 21" 0.0114 "-" 24 0
Feb 19 14:31:37 standalone proxy-server[125726]: 172.18.0.2 ::1 19/Feb/2026/14/31/37 PUT /v1/AUTH_a3211f5e0bfd411cb565e0f1c81d6b46/gnocchi.364c2677-7db4-4d83-a0b9-580010e2b539/none_v3 HTTP/1.0 201 - python-swiftclient-3.11.1 gAAAAABplx6JhBjx... 22 - - tx66e3ccea7413436da8c37-0069971ec9 - 0.0167 - - 1771511497.285679579 1771511497.302393675 0
Feb 19 14:31:42 standalone container-server[123736]: 172.20.0.100 - - [19/Feb/2026:14:31:42 +0000] "HEAD /d1/349/AUTH_a3211f5e0bfd411cb565e0f1c81d6b46/gnocchi.503954d1-1c1e-489a-bf5b-0cf80b0c591f" 404 - "HEAD http://localhost:8080/v1/AUTH_a3211f5e0bfd411cb565e0f1c81d6b46/gnocchi.503954d1-1c1e-489a-bf5b-0cf80b0c591f?format=json&states=listing" "tx3f4d12db8d9e4bd99e810-0069971ece" "proxy-server 21" 0.0005 "-" 23 0
Feb 19 14:31:42 standalone object-server[123881]: 172.20.0.100 - - [19/Feb/2026:14:31:42 +0000] "GET /d1/864/AUTH_a3211f5e0bfd411cb565e0f1c81d6b46/gnocchi.503954d1-1c1e-489a-bf5b-0cf80b0c591f/none_v3" 404 70 "GET http://localhost:8080/v1/AUTH_a3211f5e0bfd411cb565e0f1c81d6b46/gnocchi.503954d1-1c1e-489a-bf5b-0cf80b0c591f/none_v3" "tx3f4d12db8d9e4bd99e810-0069971ece" "proxy-server 21" 0.0007 "-" 22 0
Feb 19 14:31:42 standalone proxy-server[125726]: 172.18.0.2 ::1 19/Feb/2026/14/31/42 GET /v1/AUTH_a3211f5e0bfd411cb565e0f1c81d6b46/gnocchi.503954d1-1c1e-489a-bf5b-0cf80b0c591f/none_v3 HTTP/1.0 404 - python-swiftclient-3.11.1 gAAAAABplx6JhBjx... - 70 - tx3f4d12db8d9e4bd99e810-0069971ece - 0.0140 - - 1771511502.045287848 1771511502.059250116 0
Feb 19 14:31:42 standalone account-server[123734]: 172.20.0.100 - - [19/Feb/2026:14:31:42 +0000] "PUT /d1/954/AUTH_a3211f5e0bfd411cb565e0f1c81d6b46/gnocchi.503954d1-1c1e-489a-bf5b-0cf80b0c591f" 201 - "PUT http://172.20.0.100:6001/d1/349/AUTH_a3211f5e0bfd411cb565e0f1c81d6b46/gnocchi.503954d1-1c1e-489a-bf5b-0cf80b0c591f" "txc84760da42874b4d8fcb3-0069971ece" "container-server 21" 0.0060 "-" 23 0
Feb 19 14:31:42 standalone container-server[123720]: 172.20.0.100 - - [19/Feb/2026:14:31:42 +0000] "PUT /d1/349/AUTH_a3211f5e0bfd411cb565e0f1c81d6b46/gnocchi.503954d1-1c1e-489a-bf5b-0cf80b0c591f" 201 - "PUT http://localhost:8080/v1/AUTH_a3211f5e0bfd411cb565e0f1c81d6b46/gnocchi.503954d1-1c1e-489a-bf5b-0cf80b0c591f" "txc84760da42874b4d8fcb3-0069971ece" "proxy-server 21" 0.0172 "-" 21 0
Feb 19 14:31:42 standalone proxy-server[125726]: 172.18.0.2 ::1 19/Feb/2026/14/31/42 PUT /v1/AUTH_a3211f5e0bfd411cb565e0f1c81d6b46/gnocchi.503954d1-1c1e-489a-bf5b-0cf80b0c591f HTTP/1.0 201 - python-swiftclient-3.11.1 gAAAAABplx6JhBjx... - - - txc84760da42874b4d8fcb3-0069971ece - 0.0239 - - 1771511502.062932491 1771511502.086827755 0
Feb 19 14:31:42 standalone container-server[123720]: 172.20.0.100 - - [19/Feb/2026:14:31:42 +0000] "HEAD /d1/6/AUTH_a3211f5e0bfd411cb565e0f1c81d6b46/gnocchi.90489a37-0c2a-4afb-bd4e-1cc2ed698b1f" 404 - "HEAD http://localhost:8080/v1/AUTH_a3211f5e0bfd411cb565e0f1c81d6b46/gnocchi.90489a37-0c2a-4afb-bd4e-1cc2ed698b1f?format=json&states=listing" "tx35fd24b2440942e5a8980-0069971ece" "proxy-server 21" 0.0003 "-" 21 0
Feb 19 14:31:42 standalone object-server[123881]: 172.20.0.100 - - [19/Feb/2026:14:31:42 +0000] "GET /d1/484/AUTH_a3211f5e0bfd411cb565e0f1c81d6b46/gnocchi.90489a37-0c2a-4afb-bd4e-1cc2ed698b1f/none_v3" 404 70 "GET http://localhost:8080/v1/AUTH_a3211f5e0bfd411cb565e0f1c81d6b46/gnocchi.90489a37-0c2a-4afb-bd4e-1cc2ed698b1f/none_v3" "tx35fd24b2440942e5a8980-0069971ece" "proxy-server 21" 0.0004 "-" 22 0
Feb 19 14:31:42 standalone proxy-server[125726]: 172.18.0.2 ::1 19/Feb/2026/14/31/42 GET /v1/AUTH_a3211f5e0bfd411cb565e0f1c81d6b46/gnocchi.90489a37-0c2a-4afb-bd4e-1cc2ed698b1f/none_v3 HTTP/1.0 404 - python-swiftclient-3.11.1 gAAAAABplx6JhBjx... - 70 - tx35fd24b2440942e5a8980-0069971ece - 0.0155 - - 1771511502.091113329 1771511502.106619835 0
