Feb 19 14:33:42 standalone proxy-server[125726]: 172.18.0.2 ::1 19/Feb/2026/14/33/42 PUT /v1/AUTH_a3211f5e0bfd411cb565e0f1c81d6b46/gnocchi.448e13e9-8530-448d-9e19-e15e1fc52862/1771200000.0_mean_300.0_v3 HTTP/1.0 201 - python-swiftclient-3.11.1 gAAAAABplx6JhBjx... 16 - - txf47cf9bdb728499eab478-0069971f46 - 0.0191 - - 1771511622.760273933 1771511622.779326200 0
Feb 19 14:33:42 standalone container-server[123728]: 172.20.0.100 - - [19/Feb/2026:14:33:42 +0000] "PUT /d1/1012/AUTH_a3211f5e0bfd411cb565e0f1c81d6b46/gnocchi.2b52c4c5-49be-4a69-9a2e-71f65da35162/none_v3" 201 - "PUT http://localhost:8080/d1/47/AUTH_a3211f5e0bfd411cb565e0f1c81d6b46/gnocchi.2b52c4c5-49be-4a69-9a2e-71f65da35162/none_v3" "tx19579ad42d7c423d82cb0-0069971f46" "object-server 23" 0.0005 "-" 22 0
Feb 19 14:33:42 standalone object-server[123885]: 172.20.0.100 - - [19/Feb/2026:14:33:42 +0000] "PUT /d1/47/AUTH_a3211f5e0bfd411cb565e0f1c81d6b46/gnocchi.2b52c4c5-49be-4a69-9a2e-71f65da35162/none_v3" 201 - "PUT http://localhost:8080/v1/AUTH_a3211f5e0bfd411cb565e0f1c81d6b46/gnocchi.2b52c4c5-49be-4a69-9a2e-71f65da35162/none_v3" "tx19579ad42d7c423d82cb0-0069971f46" "proxy-server 21" 0.0089 "-" 23 0
Feb 19 14:33:42 standalone proxy-server[125726]: 172.18.0.2 ::1 19/Feb/2026/14/33/42 PUT /v1/AUTH_a3211f5e0bfd411cb565e0f1c81d6b46/gnocchi.2b52c4c5-49be-4a69-9a2e-71f65da35162/none_v3 HTTP/1.0 201 - python-swiftclient-3.11.1 gAAAAABplx6JhBjx... 22 - - tx19579ad42d7c423d82cb0-0069971f46 - 0.0168 - - 1771511622.784353971 1771511622.801105738 0
Feb 19 14:33:42 standalone container-server[123736]: 172.20.0.100 - - [19/Feb/2026:14:33:42 +0000] "PUT /d1/677/AUTH_a3211f5e0bfd411cb565e0f1c81d6b46/gnocchi.448e13e9-8530-448d-9e19-e15e1fc52862/none_v3" 201 - "PUT http://localhost:8080/d1/808/AUTH_a3211f5e0bfd411cb565e0f1c81d6b46/gnocchi.448e13e9-8530-448d-9e19-e15e1fc52862/none_v3" "tx641cf60d358a471791974-0069971f46" "object-server 23" 0.0007 "-" 23 0
Feb 19 14:33:42 standalone object-server[123885]: 172.20.0.100 - - [19/Feb/2026:14:33:42 +0000] "PUT /d1/808/AUTH_a3211f5e0bfd411cb565e0f1c81d6b46/gnocchi.448e13e9-8530-448d-9e19-e15e1fc52862/none_v3" 201 - "PUT http://localhost:8080/v1/AUTH_a3211f5e0bfd411cb565e0f1c81d6b46/gnocchi.448e13e9-8530-448d-9e19-e15e1fc52862/none_v3" "tx641cf60d358a471791974-0069971f46" "proxy-server 21" 0.0101 "-" 23 0
Feb 19 14:33:42 standalone proxy-server[125726]: 172.18.0.2 ::1 19/Feb/2026/14/33/42 PUT /v1/AUTH_a3211f5e0bfd411cb565e0f1c81d6b46/gnocchi.448e13e9-8530-448d-9e19-e15e1fc52862/none_v3 HTTP/1.0 201 - python-swiftclient-3.11.1 gAAAAABplx6JhBjx... 22 - - tx641cf60d358a471791974-0069971f46 - 0.0187 - - 1771511622.805673838 1771511622.824388027 0
Feb 19 14:33:42 standalone container-server[123728]: 172.20.0.100 - - [19/Feb/2026:14:33:42 +0000] "HEAD /d1/562/AUTH_a3211f5e0bfd411cb565e0f1c81d6b46/gnocchi.f9282c63-e975-44df-b374-4155056200da" 404 - "HEAD http://localhost:8080/v1/AUTH_a3211f5e0bfd411cb565e0f1c81d6b46/gnocchi.f9282c63-e975-44df-b374-4155056200da?format=json&states=listing" "txe9ad8820f336454ba2d97-0069971f46" "proxy-server 21" 0.0007 "-" 22 0
Feb 19 14:33:42 standalone object-server[123881]: 172.20.0.100 - - [19/Feb/2026:14:33:42 +0000] "GET /d1/607/AUTH_a3211f5e0bfd411cb565e0f1c81d6b46/gnocchi.f9282c63-e975-44df-b374-4155056200da/none_v3" 404 70 "GET http://localhost:8080/v1/AUTH_a3211f5e0bfd411cb565e0f1c81d6b46/gnocchi.f9282c63-e975-44df-b374-4155056200da/none_v3" "txe9ad8820f336454ba2d97-0069971f46" "proxy-server 21" 0.0005 "-" 22 0
Feb 19 14:33:42 standalone proxy-server[125726]: 172.18.0.2 ::1 19/Feb/2026/14/33/42 GET /v1/AUTH_a3211f5e0bfd411cb565e0f1c81d6b46/gnocchi.f9282c63-e975-44df-b374-4155056200da/none_v3 HTTP/1.0 404 - python-swiftclient-3.11.1 gAAAAABplx6JhBjx... - 70 - txe9ad8820f336454ba2d97-0069971f46 - 0.0111 - - 1771511622.839116573 1771511622.850235224 0
Feb 19 14:33:42 standalone account-server[123734]: 172.20.0.100 - - [19/Feb/2026:14:33:42 +0000] "PUT /d1/954/AUTH_a3211f5e0bfd411cb565e0f1c81d6b46/gnocchi.f9282c63-e975-44df-b374-4155056200da" 201 - "PUT http://172.20.0.100:6001/d1/562/AUTH_a3211f5e0bfd411cb565e0f1c81d6b46/gnocchi.f9282c63-e975-44df-b374-4155056200da" "tx7015a9f2cdba4890a567d-0069971f46" "container-server 23" 0.0064 "-" 23 0
Feb 19 14:33:42 standalone container-server[123736]: 172.20.0.100 - - [19/Feb/2026:14:33:42 +0000] "PUT /d1/562/AUTH_a3211f5e0bfd411cb565e0f1c81d6b46/gnocchi.f9282c63-e975-44df-b374-4155056200da" 201 - "PUT http://localhost:8080/v1/AUTH_a3211f5e0bfd411cb565e0f1c81d6b46/gnocchi.f9282c63-e975-44df-b374-4155056200da" "tx7015a9f2cdba4890a567d-0069971f46" "proxy-server 21" 0.0191 "-" 23 0
Feb 19 14:33:42 standalone proxy-server[125726]: 172.18.0.2 ::1 19/Feb/2026/14/33/42 PUT /v1/AUTH_a3211f5e0bfd411cb565e0f1c81d6b46/gnocchi.f9282c63-e975-44df-b374-4155056200da HTTP/1.0 201 - python-swiftclient-3.11.1 gAAAAABplx6JhBjx... - - - tx7015a9f2cdba4890a567d-0069971f46 - 0.0241 - - 1771511622.856079340 1771511622.880151510 0
Feb 19 14:33:42 standalone container-server[123728]: 172.20.0.100 - - [19/Feb/2026:14:33:42 +0000] "HEAD /d1/562/AUTH_a3211f5e0bfd411cb565e0f1c81d6b46/gnocchi.f9282c63-e975-44df-b374-4155056200da" 204 - "HEAD http://localhost:8080/v1/AUTH_a3211f5e0bfd411cb565e0f1c81d6b46/gnocchi.f9282c63-e975-44df-b374-4155056200da?format=json&states=listing" "tx7c0d4731a5d04cac9b43f-0069971f46" "proxy-server 21" 0.0023 "-" 22 0
Feb 19 14:33:42 standalone proxy-server[125726]: - - 19/Feb/2026/14/33/42 HEAD /v1/AUTH_a3211f5e0bfd411cb565e0f1c81d6b46/gnocchi.f9282c63-e975-44df-b374-4155056200da%3Fformat%3Djson%26states%3Dlisting HTTP/1.0 204 - Swift - - - - tx7c0d4731a5d04cac9b43f-0069971f46 - 0.0075 RL - 1771511622.886687279 1771511622.894169092 0
Feb 19 14:33:42 standalone container-server[123720]: 172.20.0.100 - - [19/Feb/2026:14:33:42 +0000] "GET /d1/562/AUTH_a3211f5e0bfd411cb565e0f1c81d6b46/gnocchi.f9282c63-e975-44df-b374-4155056200da" 200 2 "GET http://localhost:8080/v1/AUTH_a3211f5e0bfd411cb565e0f1c81d6b46/gnocchi.f9282c63-e975-44df-b374-4155056200da?format=json&states=listing" "tx7c0d4731a5d04cac9b43f-0069971f46" "proxy-server 21" 0.0034 "-" 21 0
Feb 19 14:33:42 standalone proxy-server[125726]: 172.18.0.2 ::1 19/Feb/2026/14/33/42 GET /v1/AUTH_a3211f5e0bfd411cb565e0f1c81d6b46/gnocchi.f9282c63-e975-44df-b374-4155056200da%3Fformat%3Djson%26states%3Dlisting HTTP/1.0 200 - python-swiftclient-3.11.1 gAAAAABplx6JhBjx... - 2 - tx7c0d4731a5d04cac9b43f-0069971f46 - 0.0223 - - 1771511622.884974957 1771511622.907233000 0
Feb 19 14:33:42 standalone object-server[123897]: 172.20.0.100 - - [19/Feb/2026:14:33:42 +0000] "GET /d1/189/AUTH_a3211f5e0bfd411cb565e0f1c81d6b46/gnocchi.f9282c63-e975-44df-b374-4155056200da/1771200000.0_mean_300.0_v3" 404 70 "GET http://localhost:8080/v1/AUTH_a3211f5e0bfd411cb565e0f1c81d6b46/gnocchi.f9282c63-e975-44df-b374-4155056200da/1771200000.0_mean_300.0_v3" "tx00584748f9a74e189c830-0069971f46" "proxy-server 21" 0.0005 "-" 25 0
Feb 19 14:33:42 standalone proxy-server[125726]: 172.18.0.2 ::1 19/Feb/2026/14/33/42 GET /v1/AUTH_a3211f5e0bfd411cb565e0f1c81d6b46/gnocchi.f9282c63-e975-44df-b374-4155056200da/1771200000.0_mean_300.0_v3 HTTP/1.0 404 - python-swiftclient-3.11.1 gAAAAABplx6JhBjx... - 70 - tx00584748f9a74e189c830-0069971f46 - 0.0104 - - 1771511622.913407087 1771511622.923802853 0
Feb 19 14:33:42 standalone container-server[123728]: 172.20.0.100 - - [19/Feb/2026:14:33:42 +0000] "PUT /d1/562/AUTH_a3211f5e0bfd411cb565e0f1c81d6b46/gnocchi.f9282c63-e975-44df-b374-4155056200da/1771200000.0_mean_300.0_v3" 201 - "PUT http://localhost:8080/d1/189/AUTH_a3211f5e0bfd411cb565e0f1c81d6b46/gnocchi.f9282c63-e975-44df-b374-4155056200da/1771200000.0_mean_300.0_v3" "tx5cb3af899f084402b8362-0069971f46" "object-server 25" 0.0012 "-" 22 0
Feb 19 14:33:42 standalone object-server[123897]: 172.20.0.100 - - [19/Feb/2026:14:33:42 +0000] "PUT /d1/189/AUTH_a3211f5e0bfd411cb565e0f1c81d6b46/gnocchi.f9282c63-e975-44df-b374-4155056200da/1771200000.0_mean_300.0_v3" 201 - "PUT http://localhost:8080/v1/AUTH_a3211f5e0bfd411cb565e0f1c81d6b46/gnocchi.f9282c63-e975-44df-b374-4155056200da/1771200000.0_mean_300.0_v3" "tx5cb3af899f084402b8362-0069971f46" "proxy-server 21" 0.0126 "-" 25 0
Feb 19 14:33:42 standalone proxy-server[125726]: 172.18.0.2 ::1 19/Feb/2026/14/33/42 PUT /v1/AUTH_a3211f5e0bfd411cb565e0f1c81d6b46/gnocchi.f9282c63-e975-44df-b374-4155056200da/1771200000.0_mean_300.0_v3 HTTP/1.0 201 - python-swiftclient-3.11.1 gAAAAABplx6JhBjx... 16 - - tx5cb3af899f084402b8362-0069971f46 - 0.0216 - - 1771511622.930347919 1771511622.951957226 0
Feb 19 14:33:42 standalone container-server[123736]: 172.20.0.100 - - [19/Feb/2026:14:33:42 +0000] "PUT /d1/562/AUTH_a3211f5e0bfd411cb565e0f1c81d6b46/gnocchi.f9282c63-e975-44df-b374-4155056200da/none_v3" 201 - "PUT http://localhost:8080/d1/607/AUTH_a3211f5e0bfd411cb565e0f1c81d6b46/gnocchi.f9282c63-e975-44df-b374-4155056200da/none_v3" "tx4469789ca5ef4cf1a96f0-0069971f46" "object-server 23" 0.0011 "-" 23 0
Feb 19 14:33:42 standalone object-server[123885]: 172.20.0.100 - - [19/Feb/2026:14:33:42 +0000] "PUT /d1/607/AUTH_a3211f5e0bfd411cb565e0f1c81d6b46/gnocchi.f9282c63-e975-44df-b374-4155056200da/none_v3" 201 - "PUT http://localhost:8080/v1/AUTH_a3211f5e0bfd411cb565e0f1c81d6b46/gnocchi.f9282c63-e975-44df-b374-4155056200da/none_v3" "tx4469789ca5ef4cf1a96f0-0069971f46" "proxy-server 21" 0.0134 "-" 23 0
Feb 19 14:33:42 standalone proxy-server[125726]: 172.18.0.2 ::1 19/Feb/2026/14/33/42 PUT /v1/AUTH_a3211f5e0bfd411cb565e0f1c81d6b46/gnocchi.f9282c63-e975-44df-b374-4155056200da/none_v3 HTTP/1.0 201 - python-swiftclient-3.11.1 gAAAAABplx6JhBjx... 22 - - tx4469789ca5ef4cf1a96f0-0069971f46 - 0.0231 - - 1771511622.957334757 1771511622.980477095 0
Feb 19 14:33:43 standalone container-server[123736]: 172.20.0.100 - - [19/Feb/2026:14:33:43 +0000] "HEAD /d1/795/AUTH_a3211f5e0bfd411cb565e0f1c81d6b46/gnocchi.ba624efb-2338-432c-ba9f-f651a8947eab" 404 - "HEAD http://localhost:8080/v1/AUTH_a3211f5e0bfd411cb565e0f1c81d6b46/gnocchi.ba624efb-2338-432c-ba9f-f651a8947eab?format=json&states=listing" "txb5e7059ad71441bbaf413-0069971f46" "proxy-server 21" 0.0008 "-" 23 0
Feb 19 14:33:43 standalone object-server[123890]: 172.20.0.100 - - [19/Feb/2026:14:33:43 +0000] "GET /d1/497/AUTH_a3211f5e0bfd411cb565e0f1c81d6b46/gnocchi.ba624efb-2338-432c-ba9f-f651a8947eab/none_v3" 404 70 "GET http://localhost:8080/v1/AUTH_a3211f5e0bfd411cb565e0f1c81d6b46/gnocchi.ba624efb-2338-432c-ba9f-f651a8947eab/none_v3" "txb5e7059ad71441bbaf413-0069971f46" "proxy-server 21" 0.0005 "-" 24 0
Feb 19 14:33:43 standalone proxy-server[125726]: 172.18.0.2 ::1 19/Feb/2026/14/33/43 GET /v1/AUTH_a3211f5e0bfd411cb565e0f1c81d6b46/gnocchi.ba624efb-2338-432c-ba9f-f651a8947eab/none_v3 HTTP/1.0 404 - python-swiftclient-3.11.1 gAAAAABplx6JhBjx... - 70 - txb5e7059ad71441bbaf413-0069971f46 - 0.0182 - - 1771511622.999332905 1771511623.017504692 0
Feb 19 14:33:43 standalone account-server[123719]: 172.20.0.100 - - [19/Feb/2026:14:33:43 +0000] "PUT /d1/954/AUTH_a3211f5e0bfd411cb565e0f1c81d6b46/gnocchi.ba624efb-2338-432c-ba9f-f651a8947eab" 201 - "PUT http://172.20.0.100:6001/d1/795/AUTH_a3211f5e0bfd411cb565e0f1c81d6b46/gnocchi.ba624efb-2338-432c-ba9f-f651a8947eab" "txee08eb80d22748039b4a0-0069971f47" "container-server 23" 0.0057 "-" 20 0
Feb 19 14:33:43 standalone container-server[123736]: 172.20.0.100 - - [19/Feb/2026:14:33:43 +0000] "PUT /d1/795/AUTH_a3211f5e0bfd411cb565e0f1c81d6b46/gnocchi.ba624efb-2338-432c-ba9f-f651a8947eab" 201 - "PUT http://localhost:8080/v1/AUTH_a3211f5e0bfd411cb565e0f1c81d6b46/gnocchi.ba624efb-2338-432c-ba9f-f651a8947eab" "txee08eb80d22748039b4a0-0069971f47" "proxy-server 21" 0.0220 "-" 23 0
Feb 19 14:33:43 standalone proxy-server[125726]: 172.18.0.2 ::1 19/Feb/2026/14/33/43 PUT /v1/AUTH_a3211f5e0bfd411cb565e0f1c81d6b46/gnocchi.ba624efb-2338-432c-ba9f-f651a8947eab HTTP/1.0 201 - python-swiftclient-3.11.1 gAAAAABplx6JhBjx... - - - txee08eb80d22748039b4a0-0069971f47 - 0.0310 - - 1771511623.023754358 1771511623.054784536 0
Feb 19 14:33:43 standalone container-server[123704]: 172.20.0.100 - - [19/Feb/2026:14:33:43 +0000] "HEAD /d1/795/AUTH_a3211f5e0bfd411cb565e0f1c81d6b46/gnocchi.ba624efb-2338-432c-ba9f-f651a8947eab" 204 - "HEAD http://localhost:8080/v1/AUTH_a3211f5e0bfd411cb565e0f1c81d6b46/gnocchi.ba624efb-2338-432c-ba9f-f651a8947eab?format=json&states=listing" "tx80427b42811c49f5af5ac-0069971f47" "proxy-server 21" 0.0023 "-" 20 0
Feb 19 14:33:43 standalone proxy-server[125726]: - - 19/Feb/2026/14/33/43 HEAD /v1/AUTH_a3211f5e0bfd411cb565e0f1c81d6b46/gnocchi.ba624efb-2338-432c-ba9f-f651a8947eab%3Fformat%3Djson%26states%3Dlisting HTTP/1.0 204 - Swift - - - - tx80427b42811c49f5af5ac-0069971f47 - 0.0076 RL - 1771511623.064889908 1771511623.072523117 0
Feb 19 14:33:43 standalone container-server[123720]: 172.20.0.100 - - [19/Feb/2026:14:33:43 +0000] "GET /d1/795/AUTH_a3211f5e0bfd411cb565e0f1c81d6b46/gnocchi.ba624efb-2338-432c-ba9f-f651a8947eab" 200 2 "GET http://localhost:8080/v1/AUTH_a3211f5e0bfd411cb565e0f1c81d6b46/gnocchi.ba624efb-2338-432c-ba9f-f651a8947eab?format=json&states=listing" "tx80427b42811c49f5af5ac-0069971f47" "proxy-server 21" 0.0040 "-" 21 0
Feb 19 14:33:43 standalone proxy-server[125726]: 172.18.0.2 ::1 19/Feb/2026/14/33/43 GET /v1/AUTH_a3211f5e0bfd411cb565e0f1c81d6b46/gnocchi.ba624efb-2338-432c-ba9f-f651a8947eab%3Fformat%3Djson%26states%3Dlisting HTTP/1.0 200 - python-swiftclient-3.11.1 gAAAAABplx6JhBjx... - 2 - tx80427b42811c49f5af5ac-0069971f47 - 0.0227 - - 1771511623.063024282 1771511623.085690022 0
Feb 19 14:33:43 standalone object-server[123885]: 172.20.0.100 - - [19/Feb/2026:14:33:43 +0000] "GET /d1/922/AUTH_a3211f5e0bfd411cb565e0f1c81d6b46/gnocchi.ba624efb-2338-432c-ba9f-f651a8947eab/1771200000.0_mean_300.0_v3" 404 70 "GET http://localhost:8080/v1/AUTH_a3211f5e0bfd411cb565e0f1c81d6b46/gnocchi.ba624efb-2338-432c-ba9f-f651a8947eab/1771200000.0_mean_300.0_v3" "txbdaae83fb64047b5ad899-0069971f47" "proxy-server 21" 0.0005 "-" 23 0
Feb 19 14:33:43 standalone proxy-server[125726]: 172.18.0.2 ::1 19/Feb/2026/14/33/43 GET /v1/AUTH_a3211f5e0bfd411cb565e0f1c81d6b46/gnocchi.ba624efb-2338-432c-ba9f-f651a8947eab/1771200000.0_mean_300.0_v3 HTTP/1.0 404 - python-swiftclient-3.11.1 gAAAAABplx6JhBjx... - 70 - txbdaae83fb64047b5ad899-0069971f47 - 0.0082 - - 1771511623.091803312 1771511623.099982738 0
Feb 19 14:33:43 standalone container-server[123728]: 172.20.0.100 - - [19/Feb/2026:14:33:43 +0000] "PUT /d1/795/AUTH_a3211f5e0bfd411cb565e0f1c81d6b46/gnocchi.ba624efb-2338-432c-ba9f-f651a8947eab/1771200000.0_mean_300.0_v3" 201 - "PUT http://localhost:8080/d1/922/AUTH_a3211f5e0bfd411cb565e0f1c81d6b46/gnocchi.ba624efb-2338-432c-ba9f-f651a8947eab/1771200000.0_mean_300.0_v3" "tx689dc60d62f0415c956ef-0069971f47" "object-server 25" 0.0012 "-" 22 0
Feb 19 14:33:43 standalone object-server[123897]: 172.20.0.100 - - [19/Feb/2026:14:33:43 +0000] "PUT /d1/922/AUTH_a3211f5e0bfd411cb565e0f1c81d6b46/gnocchi.ba624efb-2338-432c-ba9f-f651a8947eab/1771200000.0_mean_300.0_v3" 201 - "PUT http://localhost:8080/v1/AUTH_a3211f5e0bfd411cb565e0f1c81d6b46/gnocchi.ba624efb-2338-432c-ba9f-f651a8947eab/1771200000.0_mean_300.0_v3" "tx689dc60d62f0415c956ef-0069971f47" "proxy-server 21" 0.0145 "-" 25 0
Feb 19 14:33:43 standalone proxy-server[125726]: 172.18.0.2 ::1 19/Feb/2026/14/33/43 PUT /v1/AUTH_a3211f5e0bfd411cb565e0f1c81d6b46/gnocchi.ba624efb-2338-432c-ba9f-f651a8947eab/1771200000.0_mean_300.0_v3 HTTP/1.0 201 - python-swiftclient-3.11.1 gAAAAABplx6JhBjx... 16 - - tx689dc60d62f0415c956ef-0069971f47 - 0.0238 - - 1771511623.105101109 1771511623.128929853 0
Feb 19 14:33:43 standalone container-server[123704]: 172.20.0.100 - - [19/Feb/2026:14:33:43 +0000] "PUT /d1/795/AUTH_a3211f5e0bfd411cb565e0f1c81d6b46/gnocchi.ba624efb-2338-432c-ba9f-f651a8947eab/none_v3" 201 - "PUT http://localhost:8080/d1/497/AUTH_a3211f5e0bfd411cb565e0f1c81d6b46/gnocchi.ba624efb-2338-432c-ba9f-f651a8947eab/none_v3" "txe80802e3018e4e2dac869-0069971f47" "object-server 25" 0.0009 "-" 20 0
Feb 19 14:33:43 standalone object-server[123897]: 172.20.0.100 - - [19/Feb/2026:14:33:43 +0000] "PUT /d1/497/AUTH_a3211f5e0bfd411cb565e0f1c81d6b46/gnocchi.ba624efb-2338-432c-ba9f-f651a8947eab/none_v3" 201 - "PUT http://localhost:8080/v1/AUTH_a3211f5e0bfd411cb565e0f1c81d6b46/gnocchi.ba624efb-2338-432c-ba9f-f651a8947eab/none_v3" "txe80802e3018e4e2dac869-0069971f47" "proxy-server 21" 0.0142 "-" 25 0
Feb 19 14:33:43 standalone proxy-server[125726]: 172.18.0.2 ::1 19/Feb/2026/14/33/43 PUT /v1/AUTH_a3211f5e0bfd411cb565e0f1c81d6b46/gnocchi.ba624efb-2338-432c-ba9f-f651a8947eab/none_v3 HTTP/1.0 201 - python-swiftclient-3.11.1 gAAAAABplx6JhBjx... 22 - - txe80802e3018e4e2dac869-0069971f47 - 0.0235 - - 1771511623.137132406 1771511623.160616159 0
Feb 19 14:33:43 standalone container-server[123720]: 172.20.0.100 - - [19/Feb/2026:14:33:43 +0000] "HEAD /d1/723/AUTH_a3211f5e0bfd411cb565e0f1c81d6b46/gnocchi.43731fab-a6d2-4ea4-8d14-ac458554a088" 404 - "HEAD http://localhost:8080/v1/AUTH_a3211f5e0bfd411cb565e0f1c81d6b46/gnocchi.43731fab-a6d2-4ea4-8d14-ac458554a088?format=json&states=listing" "tx07b42c53b19d45db94e61-0069971f47" "proxy-server 21" 0.0007 "-" 21 0
Feb 19 14:33:43 standalone object-server[123885]: 172.20.0.100 - - [19/Feb/2026:14:33:43 +0000] "GET /d1/131/AUTH_a3211f5e0bfd411cb565e0f1c81d6b46/gnocchi.43731fab-a6d2-4ea4-8d14-ac458554a088/none_v3" 404 70 "GET http://localhost:8080/v1/AUTH_a3211f5e0bfd411cb565e0f1c81d6b46/gnocchi.43731fab-a6d2-4ea4-8d14-ac458554a088/none_v3" "tx07b42c53b19d45db94e61-0069971f47" "proxy-server 21" 0.0005 "-" 23 0
Feb 19 14:33:43 standalone proxy-server[125726]: 172.18.0.2 ::1 19/Feb/2026/14/33/43 GET /v1/AUTH_a3211f5e0bfd411cb565e0f1c81d6b46/gnocchi.43731fab-a6d2-4ea4-8d14-ac458554a088/none_v3 HTTP/1.0 404 - python-swiftclient-3.11.1 gAAAAABplx6JhBjx... - 70 - tx07b42c53b19d45db94e61-0069971f47 - 0.0143 - - 1771511623.176943779 1771511623.191270828 0
Feb 19 14:33:43 standalone account-server[123732]: 172.20.0.100 - - [19/Feb/2026:14:33:43 +0000] "PUT /d1/954/AUTH_a3211f5e0bfd411cb565e0f1c81d6b46/gnocchi.43731fab-a6d2-4ea4-8d14-ac458554a088" 201 - "PUT http://172.20.0.100:6001/d1/723/AUTH_a3211f5e0bfd411cb565e0f1c81d6b46/gnocchi.43731fab-a6d2-4ea4-8d14-ac458554a088" "tx86d052497a99459186de0-0069971f47" "container-server 20" 0.0070 "-" 22 0
Feb 19 14:33:43 standalone container-server[123704]: 172.20.0.100 - - [19/Feb/2026:14:33:43 +0000] "PUT /d1/723/AUTH_a3211f5e0bfd411cb565e0f1c81d6b46/gnocchi.43731fab-a6d2-4ea4-8d14-ac458554a088" 201 - "PUT http://localhost:8080/v1/AUTH_a3211f5e0bfd411cb565e0f1c81d6b46/gnocchi.43731fab-a6d2-4ea4-8d14-ac458554a088" "tx86d052497a99459186de0-0069971f47" "proxy-server 21" 0.0208 "-" 20 0
Feb 19 14:33:43 standalone proxy-server[125726]: 172.18.0.2 ::1 19/Feb/2026/14/33/43 PUT /v1/AUTH_a3211f5e0bfd411cb565e0f1c81d6b46/gnocchi.43731fab-a6d2-4ea4-8d14-ac458554a088 HTTP/1.0 201 - python-swiftclient-3.11.1 gAAAAABplx6JhBjx... - - - tx86d052497a99459186de0-0069971f47 - 0.0285 - - 1771511623.195818186 1771511623.224309444 0
Feb 19 14:33:43 standalone container-server[123736]: 172.20.0.100 - - [19/Feb/2026:14:33:43 +0000] "HEAD /d1/723/AUTH_a3211f5e0bfd411cb565e0f1c81d6b46/gnocchi.43731fab-a6d2-4ea4-8d14-ac458554a088" 204 - "HEAD http://localhost:8080/v1/AUTH_a3211f5e0bfd411cb565e0f1c81d6b46/gnocchi.43731fab-a6d2-4ea4-8d14-ac458554a088?format=json&states=listing" "tx757dc4fbb03e4405983c3-0069971f47" "proxy-server 21" 0.0028 "-" 23 0
Feb 19 14:33:43 standalone proxy-server[125726]: - - 19/Feb/2026/14/33/43 HEAD /v1/AUTH_a3211f5e0bfd411cb565e0f1c81d6b46/gnocchi.43731fab-a6d2-4ea4-8d14-ac458554a088%3Fformat%3Djson%26states%3Dlisting HTTP/1.0 204 - Swift - - - - tx757dc4fbb03e4405983c3-0069971f47 - 0.0081 RL - 1771511623.231742144 1771511623.239830732 0
Feb 19 14:33:43 standalone container-server[123736]: 172.20.0.100 - - [19/Feb/2026:14:33:43 +0000] "GET /d1/723/AUTH_a3211f5e0bfd411cb565e0f1c81d6b46/gnocchi.43731fab-a6d2-4ea4-8d14-ac458554a088" 200 2 "GET http://localhost:8080/v1/AUTH_a3211f5e0bfd411cb565e0f1c81d6b46/gnocchi.43731fab-a6d2-4ea4-8d14-ac458554a088?format=json&states=listing" "tx757dc4fbb03e4405983c3-0069971f47" "proxy-server 21" 0.0037 "-" 23 0
Feb 19 14:33:43 standalone proxy-server[125726]: 172.18.0.2 ::1 19/Feb/2026/14/33/43 GET /v1/AUTH_a3211f5e0bfd411cb565e0f1c81d6b46/gnocchi.43731fab-a6d2-4ea4-8d14-ac458554a088%3Fformat%3Djson%26states%3Dlisting HTTP/1.0 200 - python-swiftclient-3.11.1 gAAAAABplx6JhBjx... - 2 - tx757dc4fbb03e4405983c3-0069971f47 - 0.0221 - - 1771511623.229948997 1771511623.252096415 0
Feb 19 14:33:43 standalone object-server[123881]: 172.20.0.100 - - [19/Feb/2026:14:33:43 +0000] "GET /d1/725/AUTH_a3211f5e0bfd411cb565e0f1c81d6b46/gnocchi.43731fab-a6d2-4ea4-8d14-ac458554a088/1771200000.0_mean_300.0_v3" 404 70 "GET http://localhost:8080/v1/AUTH_a3211f5e0bfd411cb565e0f1c81d6b46/gnocchi.43731fab-a6d2-4ea4-8d14-ac458554a088/1771200000.0_mean_300.0_v3" "tx51b612cebeec4c0485995-0069971f47" "proxy-server 21" 0.0005 "-" 22 0
Feb 19 14:33:43 standalone proxy-server[125726]: 172.18.0.2 ::1 19/Feb/2026/14/33/43 GET /v1/AUTH_a3211f5e0bfd411cb565e0f1c81d6b46/gnocchi.43731fab-a6d2-4ea4-8d14-ac458554a088/1771200000.0_mean_300.0_v3 HTTP/1.0 404 - python-swiftclient-3.11.1 gAAAAABplx6JhBjx... - 70 - tx51b612cebeec4c0485995-0069971f47 - 0.0081 - - 1771511623.257502794 1771511623.265627861 0
Feb 19 14:33:43 standalone container-server[123736]: 172.20.0.100 - - [19/Feb/2026:14:33:43 +0000] "PUT /d1/723/AUTH_a3211f5e0bfd411cb565e0f1c81d6b46/gnocchi.43731fab-a6d2-4ea4-8d14-ac458554a088/1771200000.0_mean_300.0_v3" 201 - "PUT http://localhost:8080/d1/725/AUTH_a3211f5e0bfd411cb565e0f1c81d6b46/gnocchi.43731fab-a6d2-4ea4-8d14-ac458554a088/1771200000.0_mean_300.0_v3" "txed6d8aebd3fb40128061b-0069971f47" "object-server 25" 0.0009 "-" 23 0
Feb 19 14:33:43 standalone object-server[123897]: 172.20.0.100 - - [19/Feb/2026:14:33:43 +0000] "PUT /d1/725/AUTH_a3211f5e0bfd411cb565e0f1c81d6b46/gnocchi.43731fab-a6d2-4ea4-8d14-ac458554a088/1771200000.0_mean_300.0_v3" 201 - "PUT http://localhost:8080/v1/AUTH_a3211f5e0bfd411cb565e0f1c81d6b46/gnocchi.43731fab-a6d2-4ea4-8d14-ac458554a088/1771200000.0_mean_300.0_v3" "txed6d8aebd3fb40128061b-0069971f47" "proxy-server 21" 0.0120 "-" 25 0
Feb 19 14:33:43 standalone proxy-server[125726]: 172.18.0.2 ::1 19/Feb/2026/14/33/43 PUT /v1/AUTH_a3211f5e0bfd411cb565e0f1c81d6b46/gnocchi.43731fab-a6d2-4ea4-8d14-ac458554a088/1771200000.0_mean_300.0_v3 HTTP/1.0 201 - python-swiftclient-3.11.1 gAAAAABplx6JhBjx... 16 - - txed6d8aebd3fb40128061b-0069971f47 - 0.0187 - - 1771511623.270368576 1771511623.289025784 0
Feb 19 14:33:43 standalone container-server[123720]: 172.20.0.100 - - [19/Feb/2026:14:33:43 +0000] "PUT /d1/723/AUTH_a3211f5e0bfd411cb565e0f1c81d6b46/gnocchi.43731fab-a6d2-4ea4-8d14-ac458554a088/none_v3" 201 - "PUT http://localhost:8080/d1/131/AUTH_a3211f5e0bfd411cb565e0f1c81d6b46/gnocchi.43731fab-a6d2-4ea4-8d14-ac458554a088/none_v3" "txfce0724acfd7429091b5a-0069971f47" "object-server 25" 0.0005 "-" 21 0
Feb 19 14:33:43 standalone object-server[123897]: 172.20.0.100 - - [19/Feb/2026:14:33:43 +0000] "PUT /d1/131/AUTH_a3211f5e0bfd411cb565e0f1c81d6b46/gnocchi.43731fab-a6d2-4ea4-8d14-ac458554a088/none_v3" 201 - "PUT http://localhost:8080/v1/AUTH_a3211f5e0bfd411cb565e0f1c81d6b46/gnocchi.43731fab-a6d2-4ea4-8d14-ac458554a088/none_v3" "txfce0724acfd7429091b5a-0069971f47" "proxy-server 21" 0.0118 "-" 25 0
Feb 19 14:33:43 standalone proxy-server[125726]: 172.18.0.2 ::1 19/Feb/2026/14/33/43 PUT /v1/AUTH_a3211f5e0bfd411cb565e0f1c81d6b46/gnocchi.43731fab-a6d2-4ea4-8d14-ac458554a088/none_v3 HTTP/1.0 201 - python-swiftclient-3.11.1 gAAAAABplx6JhBjx... 22 - - txfce0724acfd7429091b5a-0069971f47 - 0.0176 - - 1771511623.293197632 1771511623.310846567 0
Feb 19 14:33:43 standalone container-server[123704]: 172.20.0.100 - - [19/Feb/2026:14:33:43 +0000] "HEAD /d1/426/AUTH_a3211f5e0bfd411cb565e0f1c81d6b46/gnocchi.79d9bda8-837d-42b6-93f6-ef3ae43afad2" 404 - "HEAD http://localhost:8080/v1/AUTH_a3211f5e0bfd411cb565e0f1c81d6b46/gnocchi.79d9bda8-837d-42b6-93f6-ef3ae43afad2?format=json&states=listing" "txa257537523dd432dbff68-0069971f47" "proxy-server 21" 0.0004 "-" 20 0
Feb 19 14:33:43 standalone object-server[123885]: 172.20.0.100 - - [19/Feb/2026:14:33:43 +0000] "GET /d1/535/AUTH_a3211f5e0bfd411cb565e0f1c81d6b46/gnocchi.79d9bda8-837d-42b6-93f6-ef3ae43afad2/none_v3" 404 70 "GET http://localhost:8080/v1/AUTH_a3211f5e0bfd411cb565e0f1c81d6b46/gnocchi.79d9bda8-837d-42b6-93f6-ef3ae43afad2/none_v3" "txa257537523dd432dbff68-0069971f47" "proxy-server 21" 0.0004 "-" 23 0
Feb 19 14:33:43 standalone proxy-server[125726]: 172.18.0.2 ::1 19/Feb/2026/14/33/43 GET /v1/AUTH_a3211f5e0bfd411cb565e0f1c81d6b46/gnocchi.79d9bda8-837d-42b6-93f6-ef3ae43afad2/none_v3 HTTP/1.0 404 - python-swiftclient-3.11.1 gAAAAABplx6JhBjx... - 70 - txa257537523dd432dbff68-0069971f47 - 0.0098 - - 1771511623.326684952 1771511623.336515665 0
Feb 19 14:33:43 standalone account-server[123732]: 172.20.0.100 - - [19/Feb/2026:14:33:43 +0000] "PUT /d1/954/AUTH_a3211f5e0bfd411cb565e0f1c81d6b46/gnocchi.79d9bda8-837d-42b6-93f6-ef3ae43afad2" 201 - "PUT http://172.20.0.100:6001/d1/426/AUTH_a3211f5e0bfd411cb565e0f1c81d6b46/gnocchi.79d9bda8-837d-42b6-93f6-ef3ae43afad2" "tx9084ef83595b4a1b9b1c6-0069971f47" "container-server 22" 0.0058 "-" 22 0
Feb 19 14:33:43 standalone container-server[123728]: 172.20.0.100 - - [19/Feb/2026:14:33:43 +0000] "PUT /d1/426/AUTH_a3211f5e0bfd411cb565e0f1c81d6b46/gnocchi.79d9bda8-837d-42b6-93f6-ef3ae43afad2" 201 - "PUT http://localhost:8080/v1/AUTH_a3211f5e0bfd411cb565e0f1c81d6b46/gnocchi.79d9bda8-837d-42b6-93f6-ef3ae43afad2" "tx9084ef83595b4a1b9b1c6-0069971f47" "proxy-server 21" 0.0153 "-" 22 0
Feb 19 14:33:43 standalone proxy-server[125726]: 172.18.0.2 ::1 19/Feb/2026/14/33/43 PUT /v1/AUTH_a3211f5e0bfd411cb565e0f1c81d6b46/gnocchi.79d9bda8-837d-42b6-93f6-ef3ae43afad2 HTTP/1.0 201 - python-swiftclient-3.11.1 gAAAAABplx6JhBjx... - - - tx9084ef83595b4a1b9b1c6-0069971f47 - 0.0193 - - 1771511623.340370893 1771511623.359700441 0
Feb 19 14:33:43 standalone container-server[123704]: 172.20.0.100 - - [19/Feb/2026:14:33:43 +0000] "HEAD /d1/426/AUTH_a3211f5e0bfd411cb565e0f1c81d6b46/gnocchi.79d9bda8-837d-42b6-93f6-ef3ae43afad2" 204 - "HEAD http://localhost:8080/v1/AUTH_a3211f5e0bfd411cb565e0f1c81d6b46/gnocchi.79d9bda8-837d-42b6-93f6-ef3ae43afad2?format=json&states=listing" "txf8303a7aaf634b49b5f06-0069971f47" "proxy-server 21" 0.0011 "-" 20 0
Feb 19 14:33:43 standalone proxy-server[125726]: - - 19/Feb/2026/14/33/43 HEAD /v1/AUTH_a3211f5e0bfd411cb565e0f1c81d6b46/gnocchi.79d9bda8-837d-42b6-93f6-ef3ae43afad2%3Fformat%3Djson%26states%3Dlisting HTTP/1.0 204 - Swift - - - - txf8303a7aaf634b49b5f06-0069971f47 - 0.0037 RL - 1771511623.366182566 1771511623.369917631 0
Feb 19 14:33:43 standalone container-server[123728]: 172.20.0.100 - - [19/Feb/2026:14:33:43 +0000] "GET /d1/426/AUTH_a3211f5e0bfd411cb565e0f1c81d6b46/gnocchi.79d9bda8-837d-42b6-93f6-ef3ae43afad2" 200 2 "GET http://localhost:8080/v1/AUTH_a3211f5e0bfd411cb565e0f1c81d6b46/gnocchi.79d9bda8-837d-42b6-93f6-ef3ae43afad2?format=json&states=listing" "txf8303a7aaf634b49b5f06-0069971f47" "proxy-server 21" 0.0016 "-" 22 0
Feb 19 14:33:43 standalone proxy-server[125726]: 172.18.0.2 ::1 19/Feb/2026/14/33/43 GET /v1/AUTH_a3211f5e0bfd411cb565e0f1c81d6b46/gnocchi.79d9bda8-837d-42b6-93f6-ef3ae43afad2%3Fformat%3Djson%26states%3Dlisting HTTP/1.0 200 - python-swiftclient-3.11.1 gAAAAABplx6JhBjx... - 2 - txf8303a7aaf634b49b5f06-0069971f47 - 0.0104 - - 1771511623.365208626 1771511623.375579119 0
Feb 19 14:33:43 standalone object-server[123881]: 172.20.0.100 - - [19/Feb/2026:14:33:43 +0000] "GET /d1/509/AUTH_a3211f5e0bfd411cb565e0f1c81d6b46/gnocchi.79d9bda8-837d-42b6-93f6-ef3ae43afad2/1771200000.0_mean_300.0_v3" 404 70 "GET http://localhost:8080/v1/AUTH_a3211f5e0bfd411cb565e0f1c81d6b46/gnocchi.79d9bda8-837d-42b6-93f6-ef3ae43afad2/1771200000.0_mean_300.0_v3" "tx78bb54f629fd4f51a7429-0069971f47" "proxy-server 21" 0.0005 "-" 22 0
Feb 19 14:33:43 standalone proxy-server[125726]: 172.18.0.2 ::1 19/Feb/2026/14/33/43 GET /v1/AUTH_a3211f5e0bfd411cb565e0f1c81d6b46/gnocchi.79d9bda8-837d-42b6-93f6-ef3ae43afad2/1771200000.0_mean_300.0_v3 HTTP/1.0 404 - python-swiftclient-3.11.1 gAAAAABplx6JhBjx... - 70 - tx78bb54f629fd4f51a7429-0069971f47 - 0.0058 - - 1771511623.380689859 1771511623.386489153 0
Feb 19 14:33:43 standalone container-server[123720]: 172.20.0.100 - - [19/Feb/2026:14:33:43 +0000] "PUT /d1/426/AUTH_a3211f5e0bfd411cb565e0f1c81d6b46/gnocchi.79d9bda8-837d-42b6-93f6-ef3ae43afad2/1771200000.0_mean_300.0_v3" 201 - "PUT http://localhost:8080/d1/509/AUTH_a3211f5e0bfd411cb565e0f1c81d6b46/gnocchi.79d9bda8-837d-42b6-93f6-ef3ae43afad2/1771200000.0_mean_300.0_v3" "tx9b36d8f49763473cb8723-0069971f47" "object-server 24" 0.0004 "-" 21 0
Feb 19 14:33:43 standalone object-server[123890]: 172.20.0.100 - - [19/Feb/2026:14:33:43 +0000] "PUT /d1/509/AUTH_a3211f5e0bfd411cb565e0f1c81d6b46/gnocchi.79d9bda8-837d-42b6-93f6-ef3ae43afad2/1771200000.0_mean_300.0_v3" 201 - "PUT http://localhost:8080/v1/AUTH_a3211f5e0bfd411cb565e0f1c81d6b46/gnocchi.79d9bda8-837d-42b6-93f6-ef3ae43afad2/1771200000.0_mean_300.0_v3" "tx9b36d8f49763473cb8723-0069971f47" "proxy-server 21" 0.0077 "-" 24 0
Feb 19 14:33:43 standalone proxy-server[125726]: 172.18.0.2 ::1 19/Feb/2026/14/33/43 PUT /v1/AUTH_a3211f5e0bfd411cb565e0f1c81d6b46/gnocchi.79d9bda8-837d-42b6-93f6-ef3ae43afad2/1771200000.0_mean_300.0_v3 HTTP/1.0 201 - python-swiftclient-3.11.1 gAAAAABplx6JhBjx... 16 - - tx9b36d8f49763473cb8723-0069971f47 - 0.0118 - - 1771511623.390208721 1771511623.402051926 0
Feb 19 14:33:43 standalone container-server[123728]: 172.20.0.100 - - [19/Feb/2026:14:33:43 +0000] "PUT /d1/426/AUTH_a3211f5e0bfd411cb565e0f1c81d6b46/gnocchi.79d9bda8-837d-42b6-93f6-ef3ae43afad2/none_v3" 201 - "PUT http://localhost:8080/d1/535/AUTH_a3211f5e0bfd411cb565e0f1c81d6b46/gnocchi.79d9bda8-837d-42b6-93f6-ef3ae43afad2/none_v3" "tx87170b4a730e4e948d4ec-0069971f47" "object-server 25" 0.0005 "-" 22 0
Feb 19 14:33:43 standalone object-server[123897]: 172.20.0.100 - - [19/Feb/2026:14:33:43 +0000] "PUT /d1/535/AUTH_a3211f5e0bfd411cb565e0f1c81d6b46/gnocchi.79d9bda8-837d-42b6-93f6-ef3ae43afad2/none_v3" 201 - "PUT http://localhost:8080/v1/AUTH_a3211f5e0bfd411cb565e0f1c81d6b46/gnocchi.79d9bda8-837d-42b6-93f6-ef3ae43afad2/none_v3" "tx87170b4a730e4e948d4ec-0069971f47" "proxy-server 21" 0.0110 "-" 25 0
Feb 19 14:33:43 standalone proxy-server[125726]: 172.18.0.2 ::1 19/Feb/2026/14/33/43 PUT /v1/AUTH_a3211f5e0bfd411cb565e0f1c81d6b46/gnocchi.79d9bda8-837d-42b6-93f6-ef3ae43afad2/none_v3 HTTP/1.0 201 - python-swiftclient-3.11.1 gAAAAABplx6JhBjx... 22 - - tx87170b4a730e4e948d4ec-0069971f47 - 0.0164 - - 1771511623.411004066 1771511623.427438498 0
Feb 19 14:33:44 standalone object-server[123828]: Begin object update sweep
Feb 19 14:33:44 standalone object-server[229073]: Object update sweep starting on /srv/node/d1 (pid: 14)
Feb 19 14:33:44 standalone object-server[229073]: Object update sweep completed on /srv/node/d1 in 0.00s seconds:, 0 successes, 0 failures, 0 quarantines, 0 unlinks, 0 errors, 0 redirects (pid: 14)
Feb 19 14:33:44 standalone object-server[229073]: Object update sweep of d1 completed: 0.00s, 0 successes, 0 failures, 0 quarantines, 0 unlinks, 0 errors, 0 redirects
Feb 19 14:33:44 standalone object-server[123828]: Object update sweep completed: 0.07s
Feb 19 14:35:23 standalone container-server[123611]: Begin container update sweep
Feb 19 14:35:23 standalone account-server[123719]: 172.20.0.100 - - [19/Feb/2026:14:35:23 +0000] "PUT /d1/954/AUTH_a3211f5e0bfd411cb565e0f1c81d6b46/gnocchi.7314b62c-f7ee-43bf-b825-9215840f3f8e" 201 - "-" "-" "container-updater 2" 0.0010 "-" 20 0
Feb 19 14:35:23 standalone account-server[123727]: 172.20.0.100 - - [19/Feb/2026:14:35:23 +0000] "PUT /d1/954/AUTH_a3211f5e0bfd411cb565e0f1c81d6b46/gnocchi.2b52c4c5-49be-4a69-9a2e-71f65da35162" 201 - "-" "-" "container-updater 2" 0.0006 "-" 21 0
Feb 19 14:35:23 standalone account-server[123732]: 172.20.0.100 - - [19/Feb/2026:14:35:23 +0000] "PUT /d1/954/AUTH_a3211f5e0bfd411cb565e0f1c81d6b46/gnocchi.f9282c63-e975-44df-b374-4155056200da" 201 - "-" "-" "container-updater 2" 0.0006 "-" 22 0
Feb 19 14:35:23 standalone account-server[123727]: 172.20.0.100 - - [19/Feb/2026:14:35:23 +0000] "PUT /d1/954/AUTH_a3211f5e0bfd411cb565e0f1c81d6b46/gnocchi.7197d561-8adc-4e79-b34a-1a1d98407071" 201 - "-" "-" "container-updater 2" 0.0014 "-" 21 0
Feb 19 14:35:23 standalone account-server[123727]: 172.20.0.100 - - [19/Feb/2026:14:35:23 +0000] "PUT /d1/954/AUTH_a3211f5e0bfd411cb565e0f1c81d6b46/gnocchi.448e13e9-8530-448d-9e19-e15e1fc52862" 201 - "-" "-" "container-updater 2" 0.0006 "-" 21 0
Feb 19 14:35:23 standalone account-server[123727]: 172.20.0.100 - - [19/Feb/2026:14:35:23 +0000] "PUT /d1/954/AUTH_a3211f5e0bfd411cb565e0f1c81d6b46/gnocchi.43731fab-a6d2-4ea4-8d14-ac458554a088" 201 - "-" "-" "container-updater 2" 0.0010 "-" 21 0
Feb 19 14:35:23 standalone account-server[123734]: 172.20.0.100 - - [19/Feb/2026:14:35:23 +0000] "PUT /d1/954/AUTH_a3211f5e0bfd411cb565e0f1c81d6b46/gnocchi.90489a37-0c2a-4afb-bd4e-1cc2ed698b1f" 201 - "-" "-" "container-updater 2" 0.0004 "-" 23 0
Feb 19 14:35:23 standalone account-server[123734]: 172.20.0.100 - - [19/Feb/2026:14:35:23 +0000] "PUT /d1/954/AUTH_a3211f5e0bfd411cb565e0f1c81d6b46/gnocchi.503954d1-1c1e-489a-bf5b-0cf80b0c591f" 201 - "-" "-" "container-updater 2" 0.0006 "-" 23 0
Feb 19 14:35:23 standalone account-server[123727]: 172.20.0.100 - - [19/Feb/2026:14:35:23 +0000] "PUT /d1/954/AUTH_a3211f5e0bfd411cb565e0f1c81d6b46/gnocchi.591c98e0-72c8-4695-bfe8-40cb157b14e1" 201 - "-" "-" "container-updater 2" 0.0007 "-" 21 0
Feb 19 14:35:23 standalone account-server[123732]: 172.20.0.100 - - [19/Feb/2026:14:35:23 +0000] "PUT /d1/954/AUTH_a3211f5e0bfd411cb565e0f1c81d6b46/gnocchi.81cabf25-1ef4-46da-aa3c-f7e8ae9a0cc1" 201 - "-" "-" "container-updater 2" 0.0005 "-" 22 0
Feb 19 14:35:23 standalone account-server[123734]: 172.20.0.100 - - [19/Feb/2026:14:35:23 +0000] "PUT /d1/954/AUTH_a3211f5e0bfd411cb565e0f1c81d6b46/gnocchi.364c2677-7db4-4d83-a0b9-580010e2b539" 201 - "-" "-" "container-updater 2" 0.0006 "-" 23 0
Feb 19 14:35:23 standalone account-server[123732]: 172.20.0.100 - - [19/Feb/2026:14:35:23 +0000] "PUT /d1/954/AUTH_a3211f5e0bfd411cb565e0f1c81d6b46/gnocchi.1cf7d836-8fe4-405e-9da2-192e1d4c3295" 201 - "-" "-" "container-updater 2" 0.0006 "-" 22 0
Feb 19 14:35:24 standalone account-server[123734]: 172.20.0.100 - - [19/Feb/2026:14:35:24 +0000] "PUT /d1/954/AUTH_a3211f5e0bfd411cb565e0f1c81d6b46/gnocchi.c00d0535-ddcb-4c20-9c34-e558eb224572" 201 - "-" "-" "container-updater 2" 0.0005 "-" 23 0
Feb 19 14:35:24 standalone account-server[123734]: 172.20.0.100 - - [19/Feb/2026:14:35:24 +0000] "PUT /d1/954/AUTH_a3211f5e0bfd411cb565e0f1c81d6b46/gnocchi.ab3234a8-59e3-4c72-835a-f2d358c12bf3" 201 - "-" "-" "container-updater 2" 0.0007 "-" 23 0
Feb 19 14:35:24 standalone account-server[123719]: 172.20.0.100 - - [19/Feb/2026:14:35:24 +0000] "PUT /d1/954/AUTH_a3211f5e0bfd411cb565e0f1c81d6b46/gnocchi.79d9bda8-837d-42b6-93f6-ef3ae43afad2" 201 - "-" "-" "container-updater 2" 0.0006 "-" 20 0
Feb 19 14:35:24 standalone account-server[123732]: 172.20.0.100 - - [19/Feb/2026:14:35:24 +0000] "PUT /d1/954/AUTH_a3211f5e0bfd411cb565e0f1c81d6b46/gnocchi.b7f0b29a-f139-454a-adaf-e0b5cb7da7ba" 201 - "-" "-" "container-updater 2" 0.0007 "-" 22 0
Feb 19 14:35:24 standalone account-server[123719]: 172.20.0.100 - - [19/Feb/2026:14:35:24 +0000] "PUT /d1/954/AUTH_a3211f5e0bfd411cb565e0f1c81d6b46/gnocchi.991d04fd-51ec-45c8-b13e-34e2e616042c" 201 - "-" "-" "container-updater 2" 0.0007 "-" 20 0
Feb 19 14:35:24 standalone account-server[123719]: 172.20.0.100 - - [19/Feb/2026:14:35:24 +0000] "PUT /d1/954/AUTH_a3211f5e0bfd411cb565e0f1c81d6b46/gnocchi.7a9d3324-0ef2-4dc1-b98c-8cc807f95db9" 201 - "-" "-" "container-updater 2" 0.0005 "-" 20 0
Feb 19 14:35:24 standalone account-server[123719]: 172.20.0.100 - - [19/Feb/2026:14:35:24 +0000] "PUT /d1/954/AUTH_a3211f5e0bfd411cb565e0f1c81d6b46/gnocchi.bef45cac-a425-4aa5-8e2b-f6947e8e6ddb" 201 - "-" "-" "container-updater 2" 0.0005 "-" 20 0
Feb 19 14:35:24 standalone account-server[123727]: 172.20.0.100 - - [19/Feb/2026:14:35:24 +0000] "PUT /d1/954/AUTH_a3211f5e0bfd411cb565e0f1c81d6b46/glance" 201 - "-" "-" "container-updater 2" 0.0006 "-" 21 0
Feb 19 14:35:24 standalone account-server[123734]: 172.20.0.100 - - [19/Feb/2026:14:35:24 +0000] "PUT /d1/954/AUTH_a3211f5e0bfd411cb565e0f1c81d6b46/gnocchi.ba624efb-2338-432c-ba9f-f651a8947eab" 201 - "-" "-" "container-updater 2" 0.0005 "-" 23 0
Feb 19 14:35:25 standalone account-server[123732]: 172.20.0.100 - - [19/Feb/2026:14:35:25 +0000] "PUT /d1/954/AUTH_a3211f5e0bfd411cb565e0f1c81d6b46/gnocchi.9ebe3249-4ed9-4515-98a8-13e8a91689b4" 201 - "-" "-" "container-updater 2" 0.0005 "-" 22 0
Feb 19 14:35:25 standalone account-server[123732]: 172.20.0.100 - - [19/Feb/2026:14:35:25 +0000] "PUT /d1/954/AUTH_a3211f5e0bfd411cb565e0f1c81d6b46/gnocchi.d380fc0d-4513-4732-a369-8b1145b9957e" 201 - "-" "-" "container-updater 2" 0.0005 "-" 22 0
Feb 19 14:35:25 standalone container-server[123611]: Container update sweep completed: 2.19s
Feb 19 14:35:41 standalone account-server[123732]: 172.20.0.100 - - [19/Feb/2026:14:35:41 +0000] "HEAD /d1/941/.expiring_objects" 404 - "HEAD http://localhost/v1/.expiring_objects?format=json" "txe9419a40dccd44388109c-0069971fbd" "proxy-server 2" 0.0006 "-" 22 -
Feb 19 14:35:41 standalone object-expirer[123750]: Pass completed in 0s; 0 objects expired (txn: txe9419a40dccd44388109c-0069971fbd)
Feb 19 14:38:44 standalone object-server[123828]: Begin object update sweep
Feb 19 14:38:44 standalone object-server[259584]: Object update sweep starting on /srv/node/d1 (pid: 15)
Feb 19 14:38:44 standalone object-server[259584]: Object update sweep completed on /srv/node/d1 in 0.00s seconds:, 0 successes, 0 failures, 0 quarantines, 0 unlinks, 0 errors, 0 redirects (pid: 15)
Feb 19 14:38:44 standalone object-server[259584]: Object update sweep of d1 completed: 0.00s, 0 successes, 0 failures, 0 quarantines, 0 unlinks, 0 errors, 0 redirects
Feb 19 14:38:44 standalone object-server[123828]: Object update sweep completed: 0.07s
Feb 19 14:40:23 standalone container-server[123611]: Begin container update sweep
Feb 19 14:40:23 standalone account-server[123734]: 172.20.0.100 - - [19/Feb/2026:14:40:23 +0000] "HEAD /d1/941/.expiring_objects" 404 - "HEAD http://localhost/v1/.expiring_objects?format=json" "tx1476fe1bf2074b4186012-00699720d7" "proxy-server 2" 0.0008 "-" 23 -
Feb 19 14:40:23 standalone object-expirer[123750]: Pass completed in 0s; 0 objects expired (txn: tx1476fe1bf2074b4186012-00699720d7)
Feb 19 14:40:24 standalone container-server[123611]: Container update sweep completed: 1.25s
Feb 19 14:40:38 standalone account-server[123732]: 172.20.0.100 - - [19/Feb/2026:14:40:38 +0000] "HEAD /d1/941/.expiring_objects" 404 - "HEAD http://localhost/v1/.expiring_objects?format=json" "tx5c14dffb312a4a5ea7cf5-00699720e6" "proxy-server 2" 0.0008 "-" 22 -
Feb 19 14:40:38 standalone object-expirer[123750]: Pass completed in 0s; 0 objects expired (txn: tx5c14dffb312a4a5ea7cf5-00699720e6)
Feb 19 14:43:07 standalone account-server[123732]: 172.20.0.100 - - [19/Feb/2026:14:43:07 +0000] "HEAD /d1/941/.expiring_objects" 404 - "HEAD http://localhost/v1/.expiring_objects?format=json" "tx6bcccd4b1d1a4d04adfd9-006997217b" "proxy-server 2" 0.0014 "-" 22 -
Feb 19 14:43:07 standalone object-expirer[123750]: Pass completed in 0s; 0 objects expired (txn: tx6bcccd4b1d1a4d04adfd9-006997217b)
Feb 19 14:43:44 standalone object-server[123828]: Begin object update sweep
Feb 19 14:43:44 standalone object-server[280333]: Object update sweep starting on /srv/node/d1 (pid: 16)
Feb 19 14:43:44 standalone object-server[280333]: Object update sweep completed on /srv/node/d1 in 0.00s seconds:, 0 successes, 0 failures, 0 quarantines, 0 unlinks, 0 errors, 0 redirects (pid: 16)
Feb 19 14:43:44 standalone object-server[280333]: Object update sweep of d1 completed: 0.00s, 0 successes, 0 failures, 0 quarantines, 0 unlinks, 0 errors, 0 redirects
Feb 19 14:43:44 standalone object-server[123828]: Object update sweep completed: 0.09s
Feb 19 14:44:48 standalone account-server[123734]: 172.20.0.31 - - [19/Feb/2026:14:44:48 +0000] "HEAD /d1/473/AUTH_1be2289256c64402883559e29d47cbcf" 404 - "HEAD http://swift-public-openstack.apps-crc.testing/v1/AUTH_1be2289256c64402883559e29d47cbcf?format=json" "tx6fb0627aeaca48f991f01-00699721e0" "proxy-server 14" 0.0008 "-" 23 -
Feb 19 14:44:49 standalone account-server[123734]: 172.20.0.31 - - [19/Feb/2026:14:44:49 +0000] "GET /d1/473/AUTH_1be2289256c64402883559e29d47cbcf" 404 - "GET http://swift-public-openstack.apps-crc.testing/v1/AUTH_1be2289256c64402883559e29d47cbcf?format=json" "tx6fb0627aeaca48f991f01-00699721e0" "proxy-server 14" 0.0005 "-" 23 -
Feb 19 14:45:23 standalone container-server[123611]: Begin container update sweep
Feb 19 14:45:24 standalone container-server[123611]: Container update sweep completed: 1.47s
Feb 19 14:46:22 standalone account-server[123727]: 172.20.0.100 - - [19/Feb/2026:14:46:22 +0000] "HEAD /d1/941/.expiring_objects" 404 - "HEAD http://localhost/v1/.expiring_objects?format=json" "tx84860a561d0443f597ce9-006997223e" "proxy-server 2" 0.0015 "-" 21 -
Feb 19 14:46:22 standalone object-expirer[123750]: Pass completed in 0s; 0 objects expired (txn: tx84860a561d0443f597ce9-006997223e)
Feb 19 14:46:59 standalone account-server[123719]: 172.20.0.100 - - [19/Feb/2026:14:46:59 +0000] "HEAD /d1/941/.expiring_objects" 404 - "HEAD http://localhost/v1/.expiring_objects?format=json" "tx7956d0ae303a426a9e94b-0069972263" "proxy-server 2" 0.0004 "-" 20 -
Feb 19 14:46:59 standalone object-expirer[123750]: Pass completed in 0s; 0 objects expired (txn: tx7956d0ae303a426a9e94b-0069972263)
Feb 19 14:48:44 standalone object-server[123828]: Begin object update sweep
Feb 19 14:48:44 standalone object-server[301089]: Object update sweep starting on /srv/node/d1 (pid: 17)
Feb 19 14:48:44 standalone object-server[301089]: Object update sweep completed on /srv/node/d1 in 0.00s seconds:, 0 successes, 0 failures, 0 quarantines, 0 unlinks, 0 errors, 0 redirects (pid: 17)
Feb 19 14:48:44 standalone object-server[301089]: Object update sweep of d1 completed: 0.00s, 0 successes, 0 failures, 0 quarantines, 0 unlinks, 0 errors, 0 redirects
Feb 19 14:48:44 standalone object-server[123828]: Object update sweep completed: 0.13s
Feb 19 14:49:36 standalone account-server[123732]: 172.20.0.100 - - [19/Feb/2026:14:49:36 +0000] "HEAD /d1/941/.expiring_objects" 404 - "HEAD http://localhost/v1/.expiring_objects?format=json" "tx523eff7ca15646618a3aa-0069972300" "proxy-server 2" 0.0008 "-" 22 -
Feb 19 14:49:36 standalone object-expirer[123750]: Pass completed in 0s; 0 objects expired (txn: tx523eff7ca15646618a3aa-0069972300)
Feb 19 14:49:56 standalone account-server[123349]: Devices pass completed: 0.00s
Feb 19 14:50:23 standalone container-server[123611]: Begin container update sweep
Feb 19 14:50:24 standalone container-server[123611]: Container update sweep completed: 1.19s
Feb 19 14:51:30 standalone account-server[123734]: 172.20.0.31 - - [19/Feb/2026:14:51:30 +0000] "HEAD /d1/954/AUTH_a3211f5e0bfd411cb565e0f1c81d6b46" 204 - "HEAD http://swift-internal.openstack.svc:8080/v1/AUTH_a3211f5e0bfd411cb565e0f1c81d6b46?format=json" "txfcd95e19ac0f4b089aa6e-0069972372" "proxy-server 11" 0.0153 "-" 23 -
Feb 19 14:51:31 standalone container-server[123720]: 172.20.0.31 - - [19/Feb/2026:14:51:31 +0000] "HEAD /d1/545/AUTH_a3211f5e0bfd411cb565e0f1c81d6b46/glance" 204 - "HEAD http://swift-internal.openstack.svc:8080/v1/AUTH_a3211f5e0bfd411cb565e0f1c81d6b46/glance?format=json&states=listing" "txfcd95e19ac0f4b089aa6e-0069972372" "proxy-server 11" 0.0027 "-" 21 0
Feb 19 14:51:33 standalone container-server[123736]: 172.20.0.100 - - [19/Feb/2026:14:51:33 +0000] "PUT /d1/545/AUTH_a3211f5e0bfd411cb565e0f1c81d6b46/glance/2e25f644-5ca7-47fe-942a-204bd73b0223-00001" 201 - "PUT http://swift-internal.openstack.svc:8080/d1/681/AUTH_a3211f5e0bfd411cb565e0f1c81d6b46/glance/2e25f644-5ca7-47fe-942a-204bd73b0223-00001" "txee26e08020cd45d2918e0-0069972373" "object-server 25" 0.0008 "-" 23 0
Feb 19 14:51:33 standalone object-server[123897]: 172.20.0.31 - - [19/Feb/2026:14:51:33 +0000] "PUT /d1/681/AUTH_a3211f5e0bfd411cb565e0f1c81d6b46/glance/2e25f644-5ca7-47fe-942a-204bd73b0223-00001" 201 - "PUT http://swift-internal.openstack.svc:8080/v1/AUTH_a3211f5e0bfd411cb565e0f1c81d6b46/glance/2e25f644-5ca7-47fe-942a-204bd73b0223-00001" "txee26e08020cd45d2918e0-0069972373" "proxy-server 11" 2.1933 "-" 25 0
Feb 19 14:51:35 standalone container-server[123736]: 172.20.0.100 - - [19/Feb/2026:14:51:35 +0000] "PUT /d1/545/AUTH_a3211f5e0bfd411cb565e0f1c81d6b46/glance/2e25f644-5ca7-47fe-942a-204bd73b0223-00002" 201 - "PUT http://swift-internal.openstack.svc:8080/d1/906/AUTH_a3211f5e0bfd411cb565e0f1c81d6b46/glance/2e25f644-5ca7-47fe-942a-204bd73b0223-00002" "txb09625bf07644f9fb7fcf-0069972375" "object-server 25" 0.0005 "-" 23 0
Feb 19 14:51:35 standalone object-server[123897]: 172.20.0.31 - - [19/Feb/2026:14:51:35 +0000] "PUT /d1/906/AUTH_a3211f5e0bfd411cb565e0f1c81d6b46/glance/2e25f644-5ca7-47fe-942a-204bd73b0223-00002" 201 - "PUT http://swift-internal.openstack.svc:8080/v1/AUTH_a3211f5e0bfd411cb565e0f1c81d6b46/glance/2e25f644-5ca7-47fe-942a-204bd73b0223-00002" "txb09625bf07644f9fb7fcf-0069972375" "proxy-server 11" 2.1065 "-" 25 0
Feb 19 14:51:36 standalone container-server[123728]: 172.20.0.100 - - [19/Feb/2026:14:51:36 +0000] "PUT /d1/545/AUTH_a3211f5e0bfd411cb565e0f1c81d6b46/glance/2e25f644-5ca7-47fe-942a-204bd73b0223-00003" 201 - "PUT http://swift-internal.openstack.svc:8080/d1/366/AUTH_a3211f5e0bfd411cb565e0f1c81d6b46/glance/2e25f644-5ca7-47fe-942a-204bd73b0223-00003" "tx458ba1dc05f94c3583da3-0069972377" "object-server 25" 0.0013 "-" 22 0
Feb 19 14:51:36 standalone object-server[123897]: 172.20.0.31 - - [19/Feb/2026:14:51:36 +0000] "PUT /d1/366/AUTH_a3211f5e0bfd411cb565e0f1c81d6b46/glance/2e25f644-5ca7-47fe-942a-204bd73b0223-00003" 201 - "PUT http://swift-internal.openstack.svc:8080/v1/AUTH_a3211f5e0bfd411cb565e0f1c81d6b46/glance/2e25f644-5ca7-47fe-942a-204bd73b0223-00003" "tx458ba1dc05f94c3583da3-0069972377" "proxy-server 11" 1.2764 "-" 25 0
Feb 19 14:51:36 standalone container-server[123720]: 172.20.0.100 - - [19/Feb/2026:14:51:36 +0000] "PUT /d1/545/AUTH_a3211f5e0bfd411cb565e0f1c81d6b46/glance/2e25f644-5ca7-47fe-942a-204bd73b0223" 201 - "PUT http://swift-internal.openstack.svc:8080/d1/470/AUTH_a3211f5e0bfd411cb565e0f1c81d6b46/glance/2e25f644-5ca7-47fe-942a-204bd73b0223" "tx8b6aea0935a84fa7b032b-0069972378" "object-server 23" 0.0009 "-" 21 0
Feb 19 14:51:36 standalone object-server[123885]: 172.20.0.31 - - [19/Feb/2026:14:51:36 +0000] "PUT /d1/470/AUTH_a3211f5e0bfd411cb565e0f1c81d6b46/glance/2e25f644-5ca7-47fe-942a-204bd73b0223" 201 - "PUT http://swift-internal.openstack.svc:8080/v1/AUTH_a3211f5e0bfd411cb565e0f1c81d6b46/glance/2e25f644-5ca7-47fe-942a-204bd73b0223" "tx8b6aea0935a84fa7b032b-0069972378" "proxy-server 11" 0.0118 "-" 23 0
Feb 19 14:53:21 standalone account-server[123727]: 172.20.0.100 - - [19/Feb/2026:14:53:21 +0000] "HEAD /d1/941/.expiring_objects" 404 - "HEAD http://localhost/v1/.expiring_objects?format=json" "txde9629e3ecb84711be371-00699723e1" "proxy-server 2" 0.0008 "-" 21 -
Feb 19 14:53:21 standalone object-expirer[123750]: Pass completed in 0s; 0 objects expired (txn: txde9629e3ecb84711be371-00699723e1)
Feb 19 14:53:44 standalone object-server[123828]: Begin object update sweep
Feb 19 14:53:44 standalone object-server[321420]: Object update sweep starting on /srv/node/d1 (pid: 18)
Feb 19 14:53:44 standalone object-server[321420]: Object update sweep completed on /srv/node/d1 in 0.00s seconds:, 0 successes, 0 failures, 0 quarantines, 0 unlinks, 0 errors, 0 redirects (pid: 18)
Feb 19 14:53:44 standalone object-server[321420]: Object update sweep of d1 completed: 0.00s, 0 successes, 0 failures, 0 quarantines, 0 unlinks, 0 errors, 0 redirects
Feb 19 14:53:44 standalone object-server[123828]: Object update sweep completed: 0.08s
Feb 19 14:55:23 standalone container-server[123611]: Begin container update sweep
Feb 19 14:55:24 standalone account-server[123719]: 172.20.0.100 - - [19/Feb/2026:14:55:24 +0000] "PUT /d1/954/AUTH_a3211f5e0bfd411cb565e0f1c81d6b46/glance" 201 - "-" "-" "container-updater 2" 0.0011 "-" 20 0
Feb 19 14:55:24 standalone container-server[123611]: Container update sweep completed: 1.46s
Feb 19 14:56:27 standalone account-server[123734]: 172.20.0.100 - - [19/Feb/2026:14:56:27 +0000] "HEAD /d1/941/.expiring_objects" 404 - "HEAD http://localhost/v1/.expiring_objects?format=json" "tx72c9d471c7354458a57ff-006997249b" "proxy-server 2" 0.0005 "-" 23 -
Feb 19 14:56:27 standalone object-expirer[123750]: Pass completed in 0s; 0 objects expired (txn: tx72c9d471c7354458a57ff-006997249b)
Feb 19 14:56:43 standalone account-server[123734]: 172.20.0.31 - - [19/Feb/2026:14:56:43 +0000] "HEAD /d1/473/AUTH_1be2289256c64402883559e29d47cbcf" 404 - "HEAD http://swift-internal.openstack.svc:8080/v1/AUTH_1be2289256c64402883559e29d47cbcf?format=json" "txe0804599e64a4ad28c897-00699724ab" "proxy-server 10" 0.0004 "-" 23 -
Feb 19 14:56:43 standalone account-server[123732]: 172.20.0.31 - - [19/Feb/2026:14:56:43 +0000] "HEAD /d1/473/AUTH_1be2289256c64402883559e29d47cbcf" 404 - "HEAD http://swift-internal.openstack.svc:8080/v1/AUTH_1be2289256c64402883559e29d47cbcf?format=json" "txe0804599e64a4ad28c897-00699724ab" "proxy-server 10" 0.0006 "-" 22 -
Feb 19 14:56:43 standalone account-server[123719]: 172.20.0.31 - - [19/Feb/2026:14:56:43 +0000] "HEAD /d1/954/AUTH_a3211f5e0bfd411cb565e0f1c81d6b46" 204 - "HEAD http://swift-internal.openstack.svc:8080/v1/AUTH_a3211f5e0bfd411cb565e0f1c81d6b46?format=json" "tx30d7801652ca4e30bd8c0-00699724ab" "proxy-server 10" 0.0072 "-" 20 -
