Feb 19 14:33:41 standalone proxy-server[125726]: 172.18.0.2 ::1 19/Feb/2026/14/33/41 GET /v1/AUTH_a3211f5e0bfd411cb565e0f1c81d6b46/gnocchi.7a9d3324-0ef2-4dc1-b98c-8cc807f95db9%3Fformat%3Djson%26states%3Dlisting HTTP/1.0 200 - python-swiftclient-3.11.1 gAAAAABplx6JhBjx... - 2 - tx01d88da6a27148b4bc752-0069971f45 - 0.0126 - - 1771511621.718192577 1771511621.730770588 0
Feb 19 14:33:41 standalone object-server[123897]: 172.20.0.100 - - [19/Feb/2026:14:33:41 +0000] "GET /d1/72/AUTH_a3211f5e0bfd411cb565e0f1c81d6b46/gnocchi.7a9d3324-0ef2-4dc1-b98c-8cc807f95db9/1771200000.0_mean_300.0_v3" 404 70 "GET http://localhost:8080/v1/AUTH_a3211f5e0bfd411cb565e0f1c81d6b46/gnocchi.7a9d3324-0ef2-4dc1-b98c-8cc807f95db9/1771200000.0_mean_300.0_v3" "tx68f7be913f2442cd8cd0e-0069971f45" "proxy-server 21" 0.0006 "-" 25 0
Feb 19 14:33:41 standalone proxy-server[125726]: 172.18.0.2 ::1 19/Feb/2026/14/33/41 GET /v1/AUTH_a3211f5e0bfd411cb565e0f1c81d6b46/gnocchi.7a9d3324-0ef2-4dc1-b98c-8cc807f95db9/1771200000.0_mean_300.0_v3 HTTP/1.0 404 - python-swiftclient-3.11.1 gAAAAABplx6JhBjx... - 70 - tx68f7be913f2442cd8cd0e-0069971f45 - 0.0057 - - 1771511621.733504534 1771511621.739192486 0
Feb 19 14:33:41 standalone container-server[123720]: 172.20.0.100 - - [19/Feb/2026:14:33:41 +0000] "PUT /d1/845/AUTH_a3211f5e0bfd411cb565e0f1c81d6b46/gnocchi.7a9d3324-0ef2-4dc1-b98c-8cc807f95db9/1771200000.0_mean_300.0_v3" 201 - "PUT http://localhost:8080/d1/72/AUTH_a3211f5e0bfd411cb565e0f1c81d6b46/gnocchi.7a9d3324-0ef2-4dc1-b98c-8cc807f95db9/1771200000.0_mean_300.0_v3" "tx6c4545e31a57487195fac-0069971f45" "object-server 24" 0.0005 "-" 21 0
Feb 19 14:33:41 standalone object-server[123890]: 172.20.0.100 - - [19/Feb/2026:14:33:41 +0000] "PUT /d1/72/AUTH_a3211f5e0bfd411cb565e0f1c81d6b46/gnocchi.7a9d3324-0ef2-4dc1-b98c-8cc807f95db9/1771200000.0_mean_300.0_v3" 201 - "PUT http://localhost:8080/v1/AUTH_a3211f5e0bfd411cb565e0f1c81d6b46/gnocchi.7a9d3324-0ef2-4dc1-b98c-8cc807f95db9/1771200000.0_mean_300.0_v3" "tx6c4545e31a57487195fac-0069971f45" "proxy-server 21" 0.0090 "-" 24 0
Feb 19 14:33:41 standalone proxy-server[125726]: 172.18.0.2 ::1 19/Feb/2026/14/33/41 PUT /v1/AUTH_a3211f5e0bfd411cb565e0f1c81d6b46/gnocchi.7a9d3324-0ef2-4dc1-b98c-8cc807f95db9/1771200000.0_mean_300.0_v3 HTTP/1.0 201 - python-swiftclient-3.11.1 gAAAAABplx6JhBjx... 16 - - tx6c4545e31a57487195fac-0069971f45 - 0.0137 - - 1771511621.741676331 1771511621.755351543 0
Feb 19 14:33:41 standalone container-server[123728]: 172.20.0.100 - - [19/Feb/2026:14:33:41 +0000] "PUT /d1/845/AUTH_a3211f5e0bfd411cb565e0f1c81d6b46/gnocchi.7a9d3324-0ef2-4dc1-b98c-8cc807f95db9/none_v3" 201 - "PUT http://localhost:8080/d1/191/AUTH_a3211f5e0bfd411cb565e0f1c81d6b46/gnocchi.7a9d3324-0ef2-4dc1-b98c-8cc807f95db9/none_v3" "txe9190379396e4ebd9a7eb-0069971f45" "object-server 25" 0.0007 "-" 22 0
Feb 19 14:33:41 standalone object-server[123897]: 172.20.0.100 - - [19/Feb/2026:14:33:41 +0000] "PUT /d1/191/AUTH_a3211f5e0bfd411cb565e0f1c81d6b46/gnocchi.7a9d3324-0ef2-4dc1-b98c-8cc807f95db9/none_v3" 201 - "PUT http://localhost:8080/v1/AUTH_a3211f5e0bfd411cb565e0f1c81d6b46/gnocchi.7a9d3324-0ef2-4dc1-b98c-8cc807f95db9/none_v3" "txe9190379396e4ebd9a7eb-0069971f45" "proxy-server 21" 0.0089 "-" 25 0
Feb 19 14:33:41 standalone proxy-server[125726]: 172.18.0.2 ::1 19/Feb/2026/14/33/41 PUT /v1/AUTH_a3211f5e0bfd411cb565e0f1c81d6b46/gnocchi.7a9d3324-0ef2-4dc1-b98c-8cc807f95db9/none_v3 HTTP/1.0 201 - python-swiftclient-3.11.1 gAAAAABplx6JhBjx... 22 - - txe9190379396e4ebd9a7eb-0069971f45 - 0.0147 - - 1771511621.759567499 1771511621.774237394 0
Feb 19 14:33:41 standalone container-server[123736]: 172.20.0.100 - - [19/Feb/2026:14:33:41 +0000] "HEAD /d1/604/AUTH_a3211f5e0bfd411cb565e0f1c81d6b46/gnocchi.991d04fd-51ec-45c8-b13e-34e2e616042c" 404 - "HEAD http://localhost:8080/v1/AUTH_a3211f5e0bfd411cb565e0f1c81d6b46/gnocchi.991d04fd-51ec-45c8-b13e-34e2e616042c?format=json&states=listing" "txb3f1314b36cb4f2792500-0069971f45" "proxy-server 21" 0.0003 "-" 23 0
Feb 19 14:33:41 standalone object-server[123885]: 172.20.0.100 - - [19/Feb/2026:14:33:41 +0000] "GET /d1/646/AUTH_a3211f5e0bfd411cb565e0f1c81d6b46/gnocchi.991d04fd-51ec-45c8-b13e-34e2e616042c/none_v3" 404 70 "GET http://localhost:8080/v1/AUTH_a3211f5e0bfd411cb565e0f1c81d6b46/gnocchi.991d04fd-51ec-45c8-b13e-34e2e616042c/none_v3" "txb3f1314b36cb4f2792500-0069971f45" "proxy-server 21" 0.0003 "-" 23 0
Feb 19 14:33:41 standalone proxy-server[125726]: 172.18.0.2 ::1 19/Feb/2026/14/33/41 GET /v1/AUTH_a3211f5e0bfd411cb565e0f1c81d6b46/gnocchi.991d04fd-51ec-45c8-b13e-34e2e616042c/none_v3 HTTP/1.0 404 - python-swiftclient-3.11.1 gAAAAABplx6JhBjx... - 70 - txb3f1314b36cb4f2792500-0069971f45 - 0.0095 - - 1771511621.787872314 1771511621.797333717 0
Feb 19 14:33:41 standalone account-server[123719]: 172.20.0.100 - - [19/Feb/2026:14:33:41 +0000] "PUT /d1/954/AUTH_a3211f5e0bfd411cb565e0f1c81d6b46/gnocchi.991d04fd-51ec-45c8-b13e-34e2e616042c" 201 - "PUT http://172.20.0.100:6001/d1/604/AUTH_a3211f5e0bfd411cb565e0f1c81d6b46/gnocchi.991d04fd-51ec-45c8-b13e-34e2e616042c" "txfd24edd062ab438889623-0069971f45" "container-server 21" 0.0056 "-" 20 0
Feb 19 14:33:41 standalone container-server[123720]: 172.20.0.100 - - [19/Feb/2026:14:33:41 +0000] "PUT /d1/604/AUTH_a3211f5e0bfd411cb565e0f1c81d6b46/gnocchi.991d04fd-51ec-45c8-b13e-34e2e616042c" 201 - "PUT http://localhost:8080/v1/AUTH_a3211f5e0bfd411cb565e0f1c81d6b46/gnocchi.991d04fd-51ec-45c8-b13e-34e2e616042c" "txfd24edd062ab438889623-0069971f45" "proxy-server 21" 0.0205 "-" 21 0
Feb 19 14:33:41 standalone proxy-server[125726]: 172.18.0.2 ::1 19/Feb/2026/14/33/41 PUT /v1/AUTH_a3211f5e0bfd411cb565e0f1c81d6b46/gnocchi.991d04fd-51ec-45c8-b13e-34e2e616042c HTTP/1.0 201 - python-swiftclient-3.11.1 gAAAAABplx6JhBjx... - - - txfd24edd062ab438889623-0069971f45 - 0.0271 - - 1771511621.801442623 1771511621.828500271 0
Feb 19 14:33:41 standalone container-server[123736]: 172.20.0.100 - - [19/Feb/2026:14:33:41 +0000] "HEAD /d1/604/AUTH_a3211f5e0bfd411cb565e0f1c81d6b46/gnocchi.991d04fd-51ec-45c8-b13e-34e2e616042c" 204 - "HEAD http://localhost:8080/v1/AUTH_a3211f5e0bfd411cb565e0f1c81d6b46/gnocchi.991d04fd-51ec-45c8-b13e-34e2e616042c?format=json&states=listing" "txe2e3827365a347579b8de-0069971f45" "proxy-server 21" 0.0012 "-" 23 0
Feb 19 14:33:41 standalone proxy-server[125726]: - - 19/Feb/2026/14/33/41 HEAD /v1/AUTH_a3211f5e0bfd411cb565e0f1c81d6b46/gnocchi.991d04fd-51ec-45c8-b13e-34e2e616042c%3Fformat%3Djson%26states%3Dlisting HTTP/1.0 204 - Swift - - - - txe2e3827365a347579b8de-0069971f45 - 0.0055 RL - 1771511621.836118221 1771511621.841575861 0
Feb 19 14:33:41 standalone container-server[123728]: 172.20.0.100 - - [19/Feb/2026:14:33:41 +0000] "GET /d1/604/AUTH_a3211f5e0bfd411cb565e0f1c81d6b46/gnocchi.991d04fd-51ec-45c8-b13e-34e2e616042c" 200 2 "GET http://localhost:8080/v1/AUTH_a3211f5e0bfd411cb565e0f1c81d6b46/gnocchi.991d04fd-51ec-45c8-b13e-34e2e616042c?format=json&states=listing" "txe2e3827365a347579b8de-0069971f45" "proxy-server 21" 0.0033 "-" 22 0
Feb 19 14:33:41 standalone proxy-server[125726]: 172.18.0.2 ::1 19/Feb/2026/14/33/41 GET /v1/AUTH_a3211f5e0bfd411cb565e0f1c81d6b46/gnocchi.991d04fd-51ec-45c8-b13e-34e2e616042c%3Fformat%3Djson%26states%3Dlisting HTTP/1.0 200 - python-swiftclient-3.11.1 gAAAAABplx6JhBjx... - 2 - txe2e3827365a347579b8de-0069971f45 - 0.0169 - - 1771511621.834163666 1771511621.851095915 0
Feb 19 14:33:41 standalone object-server[123885]: 172.20.0.100 - - [19/Feb/2026:14:33:41 +0000] "GET /d1/44/AUTH_a3211f5e0bfd411cb565e0f1c81d6b46/gnocchi.991d04fd-51ec-45c8-b13e-34e2e616042c/1771200000.0_mean_300.0_v3" 404 70 "GET http://localhost:8080/v1/AUTH_a3211f5e0bfd411cb565e0f1c81d6b46/gnocchi.991d04fd-51ec-45c8-b13e-34e2e616042c/1771200000.0_mean_300.0_v3" "tx3771ec591306418a86005-0069971f45" "proxy-server 21" 0.0003 "-" 23 0
Feb 19 14:33:41 standalone proxy-server[125726]: 172.18.0.2 ::1 19/Feb/2026/14/33/41 GET /v1/AUTH_a3211f5e0bfd411cb565e0f1c81d6b46/gnocchi.991d04fd-51ec-45c8-b13e-34e2e616042c/1771200000.0_mean_300.0_v3 HTTP/1.0 404 - python-swiftclient-3.11.1 gAAAAABplx6JhBjx... - 70 - tx3771ec591306418a86005-0069971f45 - 0.0043 - - 1771511621.857181549 1771511621.861459255 0
Feb 19 14:33:41 standalone container-server[123736]: 172.20.0.100 - - [19/Feb/2026:14:33:41 +0000] "PUT /d1/604/AUTH_a3211f5e0bfd411cb565e0f1c81d6b46/gnocchi.991d04fd-51ec-45c8-b13e-34e2e616042c/1771200000.0_mean_300.0_v3" 201 - "PUT http://localhost:8080/d1/44/AUTH_a3211f5e0bfd411cb565e0f1c81d6b46/gnocchi.991d04fd-51ec-45c8-b13e-34e2e616042c/1771200000.0_mean_300.0_v3" "tx914a414aabcc4d9e9fa64-0069971f45" "object-server 22" 0.0004 "-" 23 0
Feb 19 14:33:41 standalone object-server[123881]: 172.20.0.100 - - [19/Feb/2026:14:33:41 +0000] "PUT /d1/44/AUTH_a3211f5e0bfd411cb565e0f1c81d6b46/gnocchi.991d04fd-51ec-45c8-b13e-34e2e616042c/1771200000.0_mean_300.0_v3" 201 - "PUT http://localhost:8080/v1/AUTH_a3211f5e0bfd411cb565e0f1c81d6b46/gnocchi.991d04fd-51ec-45c8-b13e-34e2e616042c/1771200000.0_mean_300.0_v3" "tx914a414aabcc4d9e9fa64-0069971f45" "proxy-server 21" 0.0077 "-" 22 0
Feb 19 14:33:41 standalone proxy-server[125726]: 172.18.0.2 ::1 19/Feb/2026/14/33/41 PUT /v1/AUTH_a3211f5e0bfd411cb565e0f1c81d6b46/gnocchi.991d04fd-51ec-45c8-b13e-34e2e616042c/1771200000.0_mean_300.0_v3 HTTP/1.0 201 - python-swiftclient-3.11.1 gAAAAABplx6JhBjx... 16 - - tx914a414aabcc4d9e9fa64-0069971f45 - 0.0118 - - 1771511621.865428686 1771511621.877181530 0
Feb 19 14:33:41 standalone container-server[123728]: 172.20.0.100 - - [19/Feb/2026:14:33:41 +0000] "PUT /d1/604/AUTH_a3211f5e0bfd411cb565e0f1c81d6b46/gnocchi.991d04fd-51ec-45c8-b13e-34e2e616042c/none_v3" 201 - "PUT http://localhost:8080/d1/646/AUTH_a3211f5e0bfd411cb565e0f1c81d6b46/gnocchi.991d04fd-51ec-45c8-b13e-34e2e616042c/none_v3" "tx2c8140aca97e4dedb4ace-0069971f45" "object-server 23" 0.0007 "-" 22 0
Feb 19 14:33:41 standalone object-server[123885]: 172.20.0.100 - - [19/Feb/2026:14:33:41 +0000] "PUT /d1/646/AUTH_a3211f5e0bfd411cb565e0f1c81d6b46/gnocchi.991d04fd-51ec-45c8-b13e-34e2e616042c/none_v3" 201 - "PUT http://localhost:8080/v1/AUTH_a3211f5e0bfd411cb565e0f1c81d6b46/gnocchi.991d04fd-51ec-45c8-b13e-34e2e616042c/none_v3" "tx2c8140aca97e4dedb4ace-0069971f45" "proxy-server 21" 0.0084 "-" 23 0
Feb 19 14:33:41 standalone proxy-server[125726]: 172.18.0.2 ::1 19/Feb/2026/14/33/41 PUT /v1/AUTH_a3211f5e0bfd411cb565e0f1c81d6b46/gnocchi.991d04fd-51ec-45c8-b13e-34e2e616042c/none_v3 HTTP/1.0 201 - python-swiftclient-3.11.1 gAAAAABplx6JhBjx... 22 - - tx2c8140aca97e4dedb4ace-0069971f45 - 0.0127 - - 1771511621.880668163 1771511621.893366337 0
Feb 19 14:33:41 standalone container-server[123704]: 172.20.0.100 - - [19/Feb/2026:14:33:41 +0000] "HEAD /d1/791/AUTH_a3211f5e0bfd411cb565e0f1c81d6b46/gnocchi.81cabf25-1ef4-46da-aa3c-f7e8ae9a0cc1" 404 - "HEAD http://localhost:8080/v1/AUTH_a3211f5e0bfd411cb565e0f1c81d6b46/gnocchi.81cabf25-1ef4-46da-aa3c-f7e8ae9a0cc1?format=json&states=listing" "tx0e7517297ad54eba8b2ae-0069971f45" "proxy-server 21" 0.0006 "-" 20 0
Feb 19 14:33:41 standalone object-server[123890]: 172.20.0.100 - - [19/Feb/2026:14:33:41 +0000] "GET /d1/762/AUTH_a3211f5e0bfd411cb565e0f1c81d6b46/gnocchi.81cabf25-1ef4-46da-aa3c-f7e8ae9a0cc1/none_v3" 404 70 "GET http://localhost:8080/v1/AUTH_a3211f5e0bfd411cb565e0f1c81d6b46/gnocchi.81cabf25-1ef4-46da-aa3c-f7e8ae9a0cc1/none_v3" "tx0e7517297ad54eba8b2ae-0069971f45" "proxy-server 21" 0.0006 "-" 24 0
Feb 19 14:33:41 standalone proxy-server[125726]: 172.18.0.2 ::1 19/Feb/2026/14/33/41 GET /v1/AUTH_a3211f5e0bfd411cb565e0f1c81d6b46/gnocchi.81cabf25-1ef4-46da-aa3c-f7e8ae9a0cc1/none_v3 HTTP/1.0 404 - python-swiftclient-3.11.1 gAAAAABplx6JhBjx... - 70 - tx0e7517297ad54eba8b2ae-0069971f45 - 0.0109 - - 1771511621.910915136 1771511621.921857119 0
Feb 19 14:33:41 standalone account-server[123734]: 172.20.0.100 - - [19/Feb/2026:14:33:41 +0000] "PUT /d1/954/AUTH_a3211f5e0bfd411cb565e0f1c81d6b46/gnocchi.81cabf25-1ef4-46da-aa3c-f7e8ae9a0cc1" 201 - "PUT http://172.20.0.100:6001/d1/791/AUTH_a3211f5e0bfd411cb565e0f1c81d6b46/gnocchi.81cabf25-1ef4-46da-aa3c-f7e8ae9a0cc1" "tx92832e5aee5446c3b3d9b-0069971f45" "container-server 23" 0.0056 "-" 23 0
Feb 19 14:33:41 standalone container-server[123736]: 172.20.0.100 - - [19/Feb/2026:14:33:41 +0000] "PUT /d1/791/AUTH_a3211f5e0bfd411cb565e0f1c81d6b46/gnocchi.81cabf25-1ef4-46da-aa3c-f7e8ae9a0cc1" 201 - "PUT http://localhost:8080/v1/AUTH_a3211f5e0bfd411cb565e0f1c81d6b46/gnocchi.81cabf25-1ef4-46da-aa3c-f7e8ae9a0cc1" "tx92832e5aee5446c3b3d9b-0069971f45" "proxy-server 21" 0.0136 "-" 23 0
Feb 19 14:33:41 standalone proxy-server[125726]: 172.18.0.2 ::1 19/Feb/2026/14/33/41 PUT /v1/AUTH_a3211f5e0bfd411cb565e0f1c81d6b46/gnocchi.81cabf25-1ef4-46da-aa3c-f7e8ae9a0cc1 HTTP/1.0 201 - python-swiftclient-3.11.1 gAAAAABplx6JhBjx... - - - tx92832e5aee5446c3b3d9b-0069971f45 - 0.0174 - - 1771511621.925233841 1771511621.942650557 0
Feb 19 14:33:41 standalone container-server[123704]: 172.20.0.100 - - [19/Feb/2026:14:33:41 +0000] "HEAD /d1/791/AUTH_a3211f5e0bfd411cb565e0f1c81d6b46/gnocchi.81cabf25-1ef4-46da-aa3c-f7e8ae9a0cc1" 204 - "HEAD http://localhost:8080/v1/AUTH_a3211f5e0bfd411cb565e0f1c81d6b46/gnocchi.81cabf25-1ef4-46da-aa3c-f7e8ae9a0cc1?format=json&states=listing" "txdce4a71db76d4da1aa65a-0069971f45" "proxy-server 21" 0.0022 "-" 20 0
Feb 19 14:33:41 standalone proxy-server[125726]: - - 19/Feb/2026/14/33/41 HEAD /v1/AUTH_a3211f5e0bfd411cb565e0f1c81d6b46/gnocchi.81cabf25-1ef4-46da-aa3c-f7e8ae9a0cc1%3Fformat%3Djson%26states%3Dlisting HTTP/1.0 204 - Swift - - - - txdce4a71db76d4da1aa65a-0069971f45 - 0.0053 RL - 1771511621.948165178 1771511621.953462839 0
Feb 19 14:33:41 standalone container-server[123720]: 172.20.0.100 - - [19/Feb/2026:14:33:41 +0000] "GET /d1/791/AUTH_a3211f5e0bfd411cb565e0f1c81d6b46/gnocchi.81cabf25-1ef4-46da-aa3c-f7e8ae9a0cc1" 200 2 "GET http://localhost:8080/v1/AUTH_a3211f5e0bfd411cb565e0f1c81d6b46/gnocchi.81cabf25-1ef4-46da-aa3c-f7e8ae9a0cc1?format=json&states=listing" "txdce4a71db76d4da1aa65a-0069971f45" "proxy-server 21" 0.0033 "-" 21 0
Feb 19 14:33:41 standalone proxy-server[125726]: 172.18.0.2 ::1 19/Feb/2026/14/33/41 GET /v1/AUTH_a3211f5e0bfd411cb565e0f1c81d6b46/gnocchi.81cabf25-1ef4-46da-aa3c-f7e8ae9a0cc1%3Fformat%3Djson%26states%3Dlisting HTTP/1.0 200 - python-swiftclient-3.11.1 gAAAAABplx6JhBjx... - 2 - txdce4a71db76d4da1aa65a-0069971f45 - 0.0201 - - 1771511621.947216272 1771511621.967318296 0
Feb 19 14:33:41 standalone object-server[123890]: 172.20.0.100 - - [19/Feb/2026:14:33:41 +0000] "GET /d1/332/AUTH_a3211f5e0bfd411cb565e0f1c81d6b46/gnocchi.81cabf25-1ef4-46da-aa3c-f7e8ae9a0cc1/1771200000.0_mean_300.0_v3" 404 70 "GET http://localhost:8080/v1/AUTH_a3211f5e0bfd411cb565e0f1c81d6b46/gnocchi.81cabf25-1ef4-46da-aa3c-f7e8ae9a0cc1/1771200000.0_mean_300.0_v3" "tx4dbf832c2fea4ae1ba99d-0069971f45" "proxy-server 21" 0.0004 "-" 24 0
Feb 19 14:33:41 standalone proxy-server[125726]: 172.18.0.2 ::1 19/Feb/2026/14/33/41 GET /v1/AUTH_a3211f5e0bfd411cb565e0f1c81d6b46/gnocchi.81cabf25-1ef4-46da-aa3c-f7e8ae9a0cc1/1771200000.0_mean_300.0_v3 HTTP/1.0 404 - python-swiftclient-3.11.1 gAAAAABplx6JhBjx... - 70 - tx4dbf832c2fea4ae1ba99d-0069971f45 - 0.0079 - - 1771511621.973361254 1771511621.981266499 0
Feb 19 14:33:42 standalone container-server[123736]: 172.20.0.100 - - [19/Feb/2026:14:33:42 +0000] "PUT /d1/791/AUTH_a3211f5e0bfd411cb565e0f1c81d6b46/gnocchi.81cabf25-1ef4-46da-aa3c-f7e8ae9a0cc1/1771200000.0_mean_300.0_v3" 201 - "PUT http://localhost:8080/d1/332/AUTH_a3211f5e0bfd411cb565e0f1c81d6b46/gnocchi.81cabf25-1ef4-46da-aa3c-f7e8ae9a0cc1/1771200000.0_mean_300.0_v3" "txa59e1a4f8b13485baf069-0069971f45" "object-server 22" 0.0005 "-" 23 0
Feb 19 14:33:42 standalone object-server[123881]: 172.20.0.100 - - [19/Feb/2026:14:33:42 +0000] "PUT /d1/332/AUTH_a3211f5e0bfd411cb565e0f1c81d6b46/gnocchi.81cabf25-1ef4-46da-aa3c-f7e8ae9a0cc1/1771200000.0_mean_300.0_v3" 201 - "PUT http://localhost:8080/v1/AUTH_a3211f5e0bfd411cb565e0f1c81d6b46/gnocchi.81cabf25-1ef4-46da-aa3c-f7e8ae9a0cc1/1771200000.0_mean_300.0_v3" "txa59e1a4f8b13485baf069-0069971f45" "proxy-server 21" 0.0119 "-" 22 0
Feb 19 14:33:42 standalone proxy-server[125726]: 172.18.0.2 ::1 19/Feb/2026/14/33/42 PUT /v1/AUTH_a3211f5e0bfd411cb565e0f1c81d6b46/gnocchi.81cabf25-1ef4-46da-aa3c-f7e8ae9a0cc1/1771200000.0_mean_300.0_v3 HTTP/1.0 201 - python-swiftclient-3.11.1 gAAAAABplx6JhBjx... 16 - - txa59e1a4f8b13485baf069-0069971f45 - 0.0202 - - 1771511621.987784386 1771511622.007969856 0
Feb 19 14:33:42 standalone container-server[123720]: 172.20.0.100 - - [19/Feb/2026:14:33:42 +0000] "PUT /d1/791/AUTH_a3211f5e0bfd411cb565e0f1c81d6b46/gnocchi.81cabf25-1ef4-46da-aa3c-f7e8ae9a0cc1/none_v3" 201 - "PUT http://localhost:8080/d1/762/AUTH_a3211f5e0bfd411cb565e0f1c81d6b46/gnocchi.81cabf25-1ef4-46da-aa3c-f7e8ae9a0cc1/none_v3" "tx66bc2a6642d24f508cc3e-0069971f46" "object-server 22" 0.0011 "-" 21 0
Feb 19 14:33:42 standalone object-server[123881]: 172.20.0.100 - - [19/Feb/2026:14:33:42 +0000] "PUT /d1/762/AUTH_a3211f5e0bfd411cb565e0f1c81d6b46/gnocchi.81cabf25-1ef4-46da-aa3c-f7e8ae9a0cc1/none_v3" 201 - "PUT http://localhost:8080/v1/AUTH_a3211f5e0bfd411cb565e0f1c81d6b46/gnocchi.81cabf25-1ef4-46da-aa3c-f7e8ae9a0cc1/none_v3" "tx66bc2a6642d24f508cc3e-0069971f46" "proxy-server 21" 0.0151 "-" 22 0
Feb 19 14:33:42 standalone proxy-server[125726]: 172.18.0.2 ::1 19/Feb/2026/14/33/42 PUT /v1/AUTH_a3211f5e0bfd411cb565e0f1c81d6b46/gnocchi.81cabf25-1ef4-46da-aa3c-f7e8ae9a0cc1/none_v3 HTTP/1.0 201 - python-swiftclient-3.11.1 gAAAAABplx6JhBjx... 22 - - tx66bc2a6642d24f508cc3e-0069971f46 - 0.0230 - - 1771511622.013304234 1771511622.036319017 0
Feb 19 14:33:42 standalone container-server[123720]: 172.20.0.100 - - [19/Feb/2026:14:33:42 +0000] "HEAD /d1/310/AUTH_a3211f5e0bfd411cb565e0f1c81d6b46/gnocchi.1cf7d836-8fe4-405e-9da2-192e1d4c3295" 404 - "HEAD http://localhost:8080/v1/AUTH_a3211f5e0bfd411cb565e0f1c81d6b46/gnocchi.1cf7d836-8fe4-405e-9da2-192e1d4c3295?format=json&states=listing" "tx3300973b2354490ba51b9-0069971f46" "proxy-server 21" 0.0013 "-" 21 0
Feb 19 14:33:42 standalone object-server[123890]: 172.20.0.100 - - [19/Feb/2026:14:33:42 +0000] "GET /d1/859/AUTH_a3211f5e0bfd411cb565e0f1c81d6b46/gnocchi.1cf7d836-8fe4-405e-9da2-192e1d4c3295/none_v3" 404 70 "GET http://localhost:8080/v1/AUTH_a3211f5e0bfd411cb565e0f1c81d6b46/gnocchi.1cf7d836-8fe4-405e-9da2-192e1d4c3295/none_v3" "tx3300973b2354490ba51b9-0069971f46" "proxy-server 21" 0.0005 "-" 24 0
Feb 19 14:33:42 standalone proxy-server[125726]: 172.18.0.2 ::1 19/Feb/2026/14/33/42 GET /v1/AUTH_a3211f5e0bfd411cb565e0f1c81d6b46/gnocchi.1cf7d836-8fe4-405e-9da2-192e1d4c3295/none_v3 HTTP/1.0 404 - python-swiftclient-3.11.1 gAAAAABplx6JhBjx... - 70 - tx3300973b2354490ba51b9-0069971f46 - 0.0165 - - 1771511622.063127756 1771511622.079585552 0
Feb 19 14:33:42 standalone account-server[123719]: 172.20.0.100 - - [19/Feb/2026:14:33:42 +0000] "PUT /d1/954/AUTH_a3211f5e0bfd411cb565e0f1c81d6b46/gnocchi.1cf7d836-8fe4-405e-9da2-192e1d4c3295" 201 - "PUT http://172.20.0.100:6001/d1/310/AUTH_a3211f5e0bfd411cb565e0f1c81d6b46/gnocchi.1cf7d836-8fe4-405e-9da2-192e1d4c3295" "tx068cafbc8772414b9a4c1-0069971f46" "container-server 22" 0.0052 "-" 20 0
Feb 19 14:33:42 standalone container-server[123728]: 172.20.0.100 - - [19/Feb/2026:14:33:42 +0000] "PUT /d1/310/AUTH_a3211f5e0bfd411cb565e0f1c81d6b46/gnocchi.1cf7d836-8fe4-405e-9da2-192e1d4c3295" 201 - "PUT http://localhost:8080/v1/AUTH_a3211f5e0bfd411cb565e0f1c81d6b46/gnocchi.1cf7d836-8fe4-405e-9da2-192e1d4c3295" "tx068cafbc8772414b9a4c1-0069971f46" "proxy-server 21" 0.0177 "-" 22 0
Feb 19 14:33:42 standalone proxy-server[125726]: 172.18.0.2 ::1 19/Feb/2026/14/33/42 PUT /v1/AUTH_a3211f5e0bfd411cb565e0f1c81d6b46/gnocchi.1cf7d836-8fe4-405e-9da2-192e1d4c3295 HTTP/1.0 201 - python-swiftclient-3.11.1 gAAAAABplx6JhBjx... - - - tx068cafbc8772414b9a4c1-0069971f46 - 0.0254 - - 1771511622.084378958 1771511622.109811783 0
Feb 19 14:33:42 standalone container-server[123728]: 172.20.0.100 - - [19/Feb/2026:14:33:42 +0000] "HEAD /d1/310/AUTH_a3211f5e0bfd411cb565e0f1c81d6b46/gnocchi.1cf7d836-8fe4-405e-9da2-192e1d4c3295" 204 - "HEAD http://localhost:8080/v1/AUTH_a3211f5e0bfd411cb565e0f1c81d6b46/gnocchi.1cf7d836-8fe4-405e-9da2-192e1d4c3295?format=json&states=listing" "txe56431b6be5b42418c48a-0069971f46" "proxy-server 21" 0.0029 "-" 22 0
Feb 19 14:33:42 standalone proxy-server[125726]: - - 19/Feb/2026/14/33/42 HEAD /v1/AUTH_a3211f5e0bfd411cb565e0f1c81d6b46/gnocchi.1cf7d836-8fe4-405e-9da2-192e1d4c3295%3Fformat%3Djson%26states%3Dlisting HTTP/1.0 204 - Swift - - - - txe56431b6be5b42418c48a-0069971f46 - 0.0084 RL - 1771511622.117527485 1771511622.125968218 0
Feb 19 14:33:42 standalone container-server[123728]: 172.20.0.100 - - [19/Feb/2026:14:33:42 +0000] "GET /d1/310/AUTH_a3211f5e0bfd411cb565e0f1c81d6b46/gnocchi.1cf7d836-8fe4-405e-9da2-192e1d4c3295" 200 2 "GET http://localhost:8080/v1/AUTH_a3211f5e0bfd411cb565e0f1c81d6b46/gnocchi.1cf7d836-8fe4-405e-9da2-192e1d4c3295?format=json&states=listing" "txe56431b6be5b42418c48a-0069971f46" "proxy-server 21" 0.0033 "-" 22 0
Feb 19 14:33:42 standalone proxy-server[125726]: 172.18.0.2 ::1 19/Feb/2026/14/33/42 GET /v1/AUTH_a3211f5e0bfd411cb565e0f1c81d6b46/gnocchi.1cf7d836-8fe4-405e-9da2-192e1d4c3295%3Fformat%3Djson%26states%3Dlisting HTTP/1.0 200 - python-swiftclient-3.11.1 gAAAAABplx6JhBjx... - 2 - txe56431b6be5b42418c48a-0069971f46 - 0.0222 - - 1771511622.115764141 1771511622.137933493 0
Feb 19 14:33:42 standalone object-server[123897]: 172.20.0.100 - - [19/Feb/2026:14:33:42 +0000] "GET /d1/65/AUTH_a3211f5e0bfd411cb565e0f1c81d6b46/gnocchi.1cf7d836-8fe4-405e-9da2-192e1d4c3295/1771200000.0_mean_300.0_v3" 404 70 "GET http://localhost:8080/v1/AUTH_a3211f5e0bfd411cb565e0f1c81d6b46/gnocchi.1cf7d836-8fe4-405e-9da2-192e1d4c3295/1771200000.0_mean_300.0_v3" "tx7df005d7458d4a94a5964-0069971f46" "proxy-server 21" 0.0005 "-" 25 0
Feb 19 14:33:42 standalone proxy-server[125726]: 172.18.0.2 ::1 19/Feb/2026/14/33/42 GET /v1/AUTH_a3211f5e0bfd411cb565e0f1c81d6b46/gnocchi.1cf7d836-8fe4-405e-9da2-192e1d4c3295/1771200000.0_mean_300.0_v3 HTTP/1.0 404 - python-swiftclient-3.11.1 gAAAAABplx6JhBjx... - 70 - tx7df005d7458d4a94a5964-0069971f46 - 0.0070 - - 1771511622.144860506 1771511622.151885748 0
Feb 19 14:33:42 standalone container-server[123704]: 172.20.0.100 - - [19/Feb/2026:14:33:42 +0000] "PUT /d1/310/AUTH_a3211f5e0bfd411cb565e0f1c81d6b46/gnocchi.1cf7d836-8fe4-405e-9da2-192e1d4c3295/1771200000.0_mean_300.0_v3" 201 - "PUT http://localhost:8080/d1/65/AUTH_a3211f5e0bfd411cb565e0f1c81d6b46/gnocchi.1cf7d836-8fe4-405e-9da2-192e1d4c3295/1771200000.0_mean_300.0_v3" "tx7649ab9f5a6b4376bbc3a-0069971f46" "object-server 24" 0.0014 "-" 20 0
Feb 19 14:33:42 standalone object-server[123890]: 172.20.0.100 - - [19/Feb/2026:14:33:42 +0000] "PUT /d1/65/AUTH_a3211f5e0bfd411cb565e0f1c81d6b46/gnocchi.1cf7d836-8fe4-405e-9da2-192e1d4c3295/1771200000.0_mean_300.0_v3" 201 - "PUT http://localhost:8080/v1/AUTH_a3211f5e0bfd411cb565e0f1c81d6b46/gnocchi.1cf7d836-8fe4-405e-9da2-192e1d4c3295/1771200000.0_mean_300.0_v3" "tx7649ab9f5a6b4376bbc3a-0069971f46" "proxy-server 21" 0.0130 "-" 24 0
Feb 19 14:33:42 standalone proxy-server[125726]: 172.18.0.2 ::1 19/Feb/2026/14/33/42 PUT /v1/AUTH_a3211f5e0bfd411cb565e0f1c81d6b46/gnocchi.1cf7d836-8fe4-405e-9da2-192e1d4c3295/1771200000.0_mean_300.0_v3 HTTP/1.0 201 - python-swiftclient-3.11.1 gAAAAABplx6JhBjx... 16 - - tx7649ab9f5a6b4376bbc3a-0069971f46 - 0.0184 - - 1771511622.157015562 1771511622.175394297 0
Feb 19 14:33:42 standalone container-server[123720]: 172.20.0.100 - - [19/Feb/2026:14:33:42 +0000] "PUT /d1/310/AUTH_a3211f5e0bfd411cb565e0f1c81d6b46/gnocchi.1cf7d836-8fe4-405e-9da2-192e1d4c3295/none_v3" 201 - "PUT http://localhost:8080/d1/859/AUTH_a3211f5e0bfd411cb565e0f1c81d6b46/gnocchi.1cf7d836-8fe4-405e-9da2-192e1d4c3295/none_v3" "txc8fe3f30661840cc8f1a2-0069971f46" "object-server 24" 0.0008 "-" 21 0
Feb 19 14:33:42 standalone object-server[123890]: 172.20.0.100 - - [19/Feb/2026:14:33:42 +0000] "PUT /d1/859/AUTH_a3211f5e0bfd411cb565e0f1c81d6b46/gnocchi.1cf7d836-8fe4-405e-9da2-192e1d4c3295/none_v3" 201 - "PUT http://localhost:8080/v1/AUTH_a3211f5e0bfd411cb565e0f1c81d6b46/gnocchi.1cf7d836-8fe4-405e-9da2-192e1d4c3295/none_v3" "txc8fe3f30661840cc8f1a2-0069971f46" "proxy-server 21" 0.0110 "-" 24 0
Feb 19 14:33:42 standalone proxy-server[125726]: 172.18.0.2 ::1 19/Feb/2026/14/33/42 PUT /v1/AUTH_a3211f5e0bfd411cb565e0f1c81d6b46/gnocchi.1cf7d836-8fe4-405e-9da2-192e1d4c3295/none_v3 HTTP/1.0 201 - python-swiftclient-3.11.1 gAAAAABplx6JhBjx... 22 - - txc8fe3f30661840cc8f1a2-0069971f46 - 0.0161 - - 1771511622.179360628 1771511622.195457458 0
Feb 19 14:33:42 standalone container-server[123728]: 172.20.0.100 - - [19/Feb/2026:14:33:42 +0000] "HEAD /d1/873/AUTH_a3211f5e0bfd411cb565e0f1c81d6b46/gnocchi.c00d0535-ddcb-4c20-9c34-e558eb224572" 404 - "HEAD http://localhost:8080/v1/AUTH_a3211f5e0bfd411cb565e0f1c81d6b46/gnocchi.c00d0535-ddcb-4c20-9c34-e558eb224572?format=json&states=listing" "txa26d3aee76b445b788d3a-0069971f46" "proxy-server 21" 0.0007 "-" 22 0
Feb 19 14:33:42 standalone object-server[123897]: 172.20.0.100 - - [19/Feb/2026:14:33:42 +0000] "GET /d1/685/AUTH_a3211f5e0bfd411cb565e0f1c81d6b46/gnocchi.c00d0535-ddcb-4c20-9c34-e558eb224572/none_v3" 404 70 "GET http://localhost:8080/v1/AUTH_a3211f5e0bfd411cb565e0f1c81d6b46/gnocchi.c00d0535-ddcb-4c20-9c34-e558eb224572/none_v3" "txa26d3aee76b445b788d3a-0069971f46" "proxy-server 21" 0.0006 "-" 25 0
Feb 19 14:33:42 standalone proxy-server[125726]: 172.18.0.2 ::1 19/Feb/2026/14/33/42 GET /v1/AUTH_a3211f5e0bfd411cb565e0f1c81d6b46/gnocchi.c00d0535-ddcb-4c20-9c34-e558eb224572/none_v3 HTTP/1.0 404 - python-swiftclient-3.11.1 gAAAAABplx6JhBjx... - 70 - txa26d3aee76b445b788d3a-0069971f46 - 0.0211 - - 1771511622.212809563 1771511622.233936310 0
Feb 19 14:33:42 standalone account-server[123734]: 172.20.0.100 - - [19/Feb/2026:14:33:42 +0000] "PUT /d1/954/AUTH_a3211f5e0bfd411cb565e0f1c81d6b46/gnocchi.c00d0535-ddcb-4c20-9c34-e558eb224572" 201 - "PUT http://172.20.0.100:6001/d1/873/AUTH_a3211f5e0bfd411cb565e0f1c81d6b46/gnocchi.c00d0535-ddcb-4c20-9c34-e558eb224572" "tx47fcb27598d440a286497-0069971f46" "container-server 22" 0.0060 "-" 23 0
Feb 19 14:33:42 standalone container-server[123728]: 172.20.0.100 - - [19/Feb/2026:14:33:42 +0000] "PUT /d1/873/AUTH_a3211f5e0bfd411cb565e0f1c81d6b46/gnocchi.c00d0535-ddcb-4c20-9c34-e558eb224572" 201 - "PUT http://localhost:8080/v1/AUTH_a3211f5e0bfd411cb565e0f1c81d6b46/gnocchi.c00d0535-ddcb-4c20-9c34-e558eb224572" "tx47fcb27598d440a286497-0069971f46" "proxy-server 21" 0.0211 "-" 22 0
Feb 19 14:33:42 standalone proxy-server[125726]: 172.18.0.2 ::1 19/Feb/2026/14/33/42 PUT /v1/AUTH_a3211f5e0bfd411cb565e0f1c81d6b46/gnocchi.c00d0535-ddcb-4c20-9c34-e558eb224572 HTTP/1.0 201 - python-swiftclient-3.11.1 gAAAAABplx6JhBjx... - - - tx47fcb27598d440a286497-0069971f46 - 0.0306 - - 1771511622.240241766 1771511622.270877838 0
Feb 19 14:33:42 standalone container-server[123704]: 172.20.0.100 - - [19/Feb/2026:14:33:42 +0000] "HEAD /d1/873/AUTH_a3211f5e0bfd411cb565e0f1c81d6b46/gnocchi.c00d0535-ddcb-4c20-9c34-e558eb224572" 204 - "HEAD http://localhost:8080/v1/AUTH_a3211f5e0bfd411cb565e0f1c81d6b46/gnocchi.c00d0535-ddcb-4c20-9c34-e558eb224572?format=json&states=listing" "tx4be0828543f949408bc8f-0069971f46" "proxy-server 21" 0.0021 "-" 20 0
Feb 19 14:33:42 standalone proxy-server[125726]: - - 19/Feb/2026/14/33/42 HEAD /v1/AUTH_a3211f5e0bfd411cb565e0f1c81d6b46/gnocchi.c00d0535-ddcb-4c20-9c34-e558eb224572%3Fformat%3Djson%26states%3Dlisting HTTP/1.0 204 - Swift - - - - tx4be0828543f949408bc8f-0069971f46 - 0.0077 RL - 1771511622.279107809 1771511622.286852598 0
Feb 19 14:33:42 standalone container-server[123736]: 172.20.0.100 - - [19/Feb/2026:14:33:42 +0000] "GET /d1/873/AUTH_a3211f5e0bfd411cb565e0f1c81d6b46/gnocchi.c00d0535-ddcb-4c20-9c34-e558eb224572" 200 2 "GET http://localhost:8080/v1/AUTH_a3211f5e0bfd411cb565e0f1c81d6b46/gnocchi.c00d0535-ddcb-4c20-9c34-e558eb224572?format=json&states=listing" "tx4be0828543f949408bc8f-0069971f46" "proxy-server 21" 0.0035 "-" 23 0
Feb 19 14:33:42 standalone proxy-server[125726]: 172.18.0.2 ::1 19/Feb/2026/14/33/42 GET /v1/AUTH_a3211f5e0bfd411cb565e0f1c81d6b46/gnocchi.c00d0535-ddcb-4c20-9c34-e558eb224572%3Fformat%3Djson%26states%3Dlisting HTTP/1.0 200 - python-swiftclient-3.11.1 gAAAAABplx6JhBjx... - 2 - tx4be0828543f949408bc8f-0069971f46 - 0.0223 - - 1771511622.277284384 1771511622.299535990 0
Feb 19 14:33:42 standalone object-server[123890]: 172.20.0.100 - - [19/Feb/2026:14:33:42 +0000] "GET /d1/772/AUTH_a3211f5e0bfd411cb565e0f1c81d6b46/gnocchi.c00d0535-ddcb-4c20-9c34-e558eb224572/1771200000.0_mean_300.0_v3" 404 70 "GET http://localhost:8080/v1/AUTH_a3211f5e0bfd411cb565e0f1c81d6b46/gnocchi.c00d0535-ddcb-4c20-9c34-e558eb224572/1771200000.0_mean_300.0_v3" "tx0220ac4e83c74ed781bdf-0069971f46" "proxy-server 21" 0.0005 "-" 24 0
Feb 19 14:33:42 standalone proxy-server[125726]: 172.18.0.2 ::1 19/Feb/2026/14/33/42 GET /v1/AUTH_a3211f5e0bfd411cb565e0f1c81d6b46/gnocchi.c00d0535-ddcb-4c20-9c34-e558eb224572/1771200000.0_mean_300.0_v3 HTTP/1.0 404 - python-swiftclient-3.11.1 gAAAAABplx6JhBjx... - 70 - tx0220ac4e83c74ed781bdf-0069971f46 - 0.0092 - - 1771511622.307786942 1771511622.317005157 0
Feb 19 14:33:42 standalone container-server[123720]: 172.20.0.100 - - [19/Feb/2026:14:33:42 +0000] "PUT /d1/873/AUTH_a3211f5e0bfd411cb565e0f1c81d6b46/gnocchi.c00d0535-ddcb-4c20-9c34-e558eb224572/1771200000.0_mean_300.0_v3" 201 - "PUT http://localhost:8080/d1/772/AUTH_a3211f5e0bfd411cb565e0f1c81d6b46/gnocchi.c00d0535-ddcb-4c20-9c34-e558eb224572/1771200000.0_mean_300.0_v3" "tx93d15c0c725e4a19bf2cc-0069971f46" "object-server 23" 0.0008 "-" 21 0
Feb 19 14:33:42 standalone object-server[123885]: 172.20.0.100 - - [19/Feb/2026:14:33:42 +0000] "PUT /d1/772/AUTH_a3211f5e0bfd411cb565e0f1c81d6b46/gnocchi.c00d0535-ddcb-4c20-9c34-e558eb224572/1771200000.0_mean_300.0_v3" 201 - "PUT http://localhost:8080/v1/AUTH_a3211f5e0bfd411cb565e0f1c81d6b46/gnocchi.c00d0535-ddcb-4c20-9c34-e558eb224572/1771200000.0_mean_300.0_v3" "tx93d15c0c725e4a19bf2cc-0069971f46" "proxy-server 21" 0.0126 "-" 23 0
Feb 19 14:33:42 standalone proxy-server[125726]: 172.18.0.2 ::1 19/Feb/2026/14/33/42 PUT /v1/AUTH_a3211f5e0bfd411cb565e0f1c81d6b46/gnocchi.c00d0535-ddcb-4c20-9c34-e558eb224572/1771200000.0_mean_300.0_v3 HTTP/1.0 201 - python-swiftclient-3.11.1 gAAAAABplx6JhBjx... 16 - - tx93d15c0c725e4a19bf2cc-0069971f46 - 0.0221 - - 1771511622.323811054 1771511622.345876932 0
Feb 19 14:33:42 standalone container-server[123720]: 172.20.0.100 - - [19/Feb/2026:14:33:42 +0000] "PUT /d1/873/AUTH_a3211f5e0bfd411cb565e0f1c81d6b46/gnocchi.c00d0535-ddcb-4c20-9c34-e558eb224572/none_v3" 201 - "PUT http://localhost:8080/d1/685/AUTH_a3211f5e0bfd411cb565e0f1c81d6b46/gnocchi.c00d0535-ddcb-4c20-9c34-e558eb224572/none_v3" "tx4b4598af979d487b9e643-0069971f46" "object-server 24" 0.0008 "-" 21 0
Feb 19 14:33:42 standalone object-server[123890]: 172.20.0.100 - - [19/Feb/2026:14:33:42 +0000] "PUT /d1/685/AUTH_a3211f5e0bfd411cb565e0f1c81d6b46/gnocchi.c00d0535-ddcb-4c20-9c34-e558eb224572/none_v3" 201 - "PUT http://localhost:8080/v1/AUTH_a3211f5e0bfd411cb565e0f1c81d6b46/gnocchi.c00d0535-ddcb-4c20-9c34-e558eb224572/none_v3" "tx4b4598af979d487b9e643-0069971f46" "proxy-server 21" 0.0114 "-" 24 0
Feb 19 14:33:42 standalone proxy-server[125726]: 172.18.0.2 ::1 19/Feb/2026/14/33/42 PUT /v1/AUTH_a3211f5e0bfd411cb565e0f1c81d6b46/gnocchi.c00d0535-ddcb-4c20-9c34-e558eb224572/none_v3 HTTP/1.0 201 - python-swiftclient-3.11.1 gAAAAABplx6JhBjx... 22 - - tx4b4598af979d487b9e643-0069971f46 - 0.0209 - - 1771511622.351053238 1771511622.371987104 0
Feb 19 14:33:42 standalone container-server[123704]: 172.20.0.100 - - [19/Feb/2026:14:33:42 +0000] "HEAD /d1/827/AUTH_a3211f5e0bfd411cb565e0f1c81d6b46/gnocchi.bef45cac-a425-4aa5-8e2b-f6947e8e6ddb" 404 - "HEAD http://localhost:8080/v1/AUTH_a3211f5e0bfd411cb565e0f1c81d6b46/gnocchi.bef45cac-a425-4aa5-8e2b-f6947e8e6ddb?format=json&states=listing" "txf11c789d5f094a49b6066-0069971f46" "proxy-server 21" 0.0007 "-" 20 0
Feb 19 14:33:42 standalone object-server[123885]: 172.20.0.100 - - [19/Feb/2026:14:33:42 +0000] "GET /d1/355/AUTH_a3211f5e0bfd411cb565e0f1c81d6b46/gnocchi.bef45cac-a425-4aa5-8e2b-f6947e8e6ddb/none_v3" 404 70 "GET http://localhost:8080/v1/AUTH_a3211f5e0bfd411cb565e0f1c81d6b46/gnocchi.bef45cac-a425-4aa5-8e2b-f6947e8e6ddb/none_v3" "txf11c789d5f094a49b6066-0069971f46" "proxy-server 21" 0.0004 "-" 23 0
Feb 19 14:33:42 standalone proxy-server[125726]: 172.18.0.2 ::1 19/Feb/2026/14/33/42 GET /v1/AUTH_a3211f5e0bfd411cb565e0f1c81d6b46/gnocchi.bef45cac-a425-4aa5-8e2b-f6947e8e6ddb/none_v3 HTTP/1.0 404 - python-swiftclient-3.11.1 gAAAAABplx6JhBjx... - 70 - txf11c789d5f094a49b6066-0069971f46 - 0.0145 - - 1771511622.386509418 1771511622.401005983 0
Feb 19 14:33:42 standalone account-server[123719]: 172.20.0.100 - - [19/Feb/2026:14:33:42 +0000] "PUT /d1/954/AUTH_a3211f5e0bfd411cb565e0f1c81d6b46/gnocchi.bef45cac-a425-4aa5-8e2b-f6947e8e6ddb" 201 - "PUT http://172.20.0.100:6001/d1/827/AUTH_a3211f5e0bfd411cb565e0f1c81d6b46/gnocchi.bef45cac-a425-4aa5-8e2b-f6947e8e6ddb" "txd7c638cfd8e74f5d8f349-0069971f46" "container-server 23" 0.0052 "-" 20 0
Feb 19 14:33:42 standalone container-server[123736]: 172.20.0.100 - - [19/Feb/2026:14:33:42 +0000] "PUT /d1/827/AUTH_a3211f5e0bfd411cb565e0f1c81d6b46/gnocchi.bef45cac-a425-4aa5-8e2b-f6947e8e6ddb" 201 - "PUT http://localhost:8080/v1/AUTH_a3211f5e0bfd411cb565e0f1c81d6b46/gnocchi.bef45cac-a425-4aa5-8e2b-f6947e8e6ddb" "txd7c638cfd8e74f5d8f349-0069971f46" "proxy-server 21" 0.0200 "-" 23 0
Feb 19 14:33:42 standalone proxy-server[125726]: 172.18.0.2 ::1 19/Feb/2026/14/33/42 PUT /v1/AUTH_a3211f5e0bfd411cb565e0f1c81d6b46/gnocchi.bef45cac-a425-4aa5-8e2b-f6947e8e6ddb HTTP/1.0 201 - python-swiftclient-3.11.1 gAAAAABplx6JhBjx... - - - txd7c638cfd8e74f5d8f349-0069971f46 - 0.0284 - - 1771511622.406359434 1771511622.434793472 0
Feb 19 14:33:42 standalone container-server[123736]: 172.20.0.100 - - [19/Feb/2026:14:33:42 +0000] "HEAD /d1/827/AUTH_a3211f5e0bfd411cb565e0f1c81d6b46/gnocchi.bef45cac-a425-4aa5-8e2b-f6947e8e6ddb" 204 - "HEAD http://localhost:8080/v1/AUTH_a3211f5e0bfd411cb565e0f1c81d6b46/gnocchi.bef45cac-a425-4aa5-8e2b-f6947e8e6ddb?format=json&states=listing" "txa9e8573ea8d945b68f11e-0069971f46" "proxy-server 21" 0.0018 "-" 23 0
Feb 19 14:33:42 standalone proxy-server[125726]: - - 19/Feb/2026/14/33/42 HEAD /v1/AUTH_a3211f5e0bfd411cb565e0f1c81d6b46/gnocchi.bef45cac-a425-4aa5-8e2b-f6947e8e6ddb%3Fformat%3Djson%26states%3Dlisting HTTP/1.0 204 - Swift - - - - txa9e8573ea8d945b68f11e-0069971f46 - 0.0063 RL - 1771511622.444603682 1771511622.450887203 0
Feb 19 14:33:42 standalone container-server[123728]: 172.20.0.100 - - [19/Feb/2026:14:33:42 +0000] "GET /d1/827/AUTH_a3211f5e0bfd411cb565e0f1c81d6b46/gnocchi.bef45cac-a425-4aa5-8e2b-f6947e8e6ddb" 200 2 "GET http://localhost:8080/v1/AUTH_a3211f5e0bfd411cb565e0f1c81d6b46/gnocchi.bef45cac-a425-4aa5-8e2b-f6947e8e6ddb?format=json&states=listing" "txa9e8573ea8d945b68f11e-0069971f46" "proxy-server 21" 0.0038 "-" 22 0
Feb 19 14:33:42 standalone proxy-server[125726]: 172.18.0.2 ::1 19/Feb/2026/14/33/42 GET /v1/AUTH_a3211f5e0bfd411cb565e0f1c81d6b46/gnocchi.bef45cac-a425-4aa5-8e2b-f6947e8e6ddb%3Fformat%3Djson%26states%3Dlisting HTTP/1.0 200 - python-swiftclient-3.11.1 gAAAAABplx6JhBjx... - 2 - txa9e8573ea8d945b68f11e-0069971f46 - 0.0222 - - 1771511622.442801237 1771511622.464975119 0
Feb 19 14:33:42 standalone object-server[123890]: 172.20.0.100 - - [19/Feb/2026:14:33:42 +0000] "GET /d1/359/AUTH_a3211f5e0bfd411cb565e0f1c81d6b46/gnocchi.bef45cac-a425-4aa5-8e2b-f6947e8e6ddb/1771200000.0_mean_300.0_v3" 404 70 "GET http://localhost:8080/v1/AUTH_a3211f5e0bfd411cb565e0f1c81d6b46/gnocchi.bef45cac-a425-4aa5-8e2b-f6947e8e6ddb/1771200000.0_mean_300.0_v3" "txb40631c74cdf4ed1b6c4f-0069971f46" "proxy-server 21" 0.0004 "-" 24 0
Feb 19 14:33:42 standalone proxy-server[125726]: 172.18.0.2 ::1 19/Feb/2026/14/33/42 GET /v1/AUTH_a3211f5e0bfd411cb565e0f1c81d6b46/gnocchi.bef45cac-a425-4aa5-8e2b-f6947e8e6ddb/1771200000.0_mean_300.0_v3 HTTP/1.0 404 - python-swiftclient-3.11.1 gAAAAABplx6JhBjx... - 70 - txb40631c74cdf4ed1b6c4f-0069971f46 - 0.0105 - - 1771511622.470626116 1771511622.481101036 0
Feb 19 14:33:42 standalone container-server[123728]: 172.20.0.100 - - [19/Feb/2026:14:33:42 +0000] "PUT /d1/827/AUTH_a3211f5e0bfd411cb565e0f1c81d6b46/gnocchi.bef45cac-a425-4aa5-8e2b-f6947e8e6ddb/1771200000.0_mean_300.0_v3" 201 - "PUT http://localhost:8080/d1/359/AUTH_a3211f5e0bfd411cb565e0f1c81d6b46/gnocchi.bef45cac-a425-4aa5-8e2b-f6947e8e6ddb/1771200000.0_mean_300.0_v3" "txfe1df91a3f4c42749b9b6-0069971f46" "object-server 24" 0.0008 "-" 22 0
Feb 19 14:33:42 standalone object-server[123890]: 172.20.0.100 - - [19/Feb/2026:14:33:42 +0000] "PUT /d1/359/AUTH_a3211f5e0bfd411cb565e0f1c81d6b46/gnocchi.bef45cac-a425-4aa5-8e2b-f6947e8e6ddb/1771200000.0_mean_300.0_v3" 201 - "PUT http://localhost:8080/v1/AUTH_a3211f5e0bfd411cb565e0f1c81d6b46/gnocchi.bef45cac-a425-4aa5-8e2b-f6947e8e6ddb/1771200000.0_mean_300.0_v3" "txfe1df91a3f4c42749b9b6-0069971f46" "proxy-server 21" 0.0088 "-" 24 0
Feb 19 14:33:42 standalone proxy-server[125726]: 172.18.0.2 ::1 19/Feb/2026/14/33/42 PUT /v1/AUTH_a3211f5e0bfd411cb565e0f1c81d6b46/gnocchi.bef45cac-a425-4aa5-8e2b-f6947e8e6ddb/1771200000.0_mean_300.0_v3 HTTP/1.0 201 - python-swiftclient-3.11.1 gAAAAABplx6JhBjx... 16 - - txfe1df91a3f4c42749b9b6-0069971f46 - 0.0153 - - 1771511622.488317251 1771511622.503645420 0
Feb 19 14:33:42 standalone container-server[123728]: 172.20.0.100 - - [19/Feb/2026:14:33:42 +0000] "PUT /d1/827/AUTH_a3211f5e0bfd411cb565e0f1c81d6b46/gnocchi.bef45cac-a425-4aa5-8e2b-f6947e8e6ddb/none_v3" 201 - "PUT http://localhost:8080/d1/355/AUTH_a3211f5e0bfd411cb565e0f1c81d6b46/gnocchi.bef45cac-a425-4aa5-8e2b-f6947e8e6ddb/none_v3" "txda91bd394a344206b9cf1-0069971f46" "object-server 22" 0.0009 "-" 22 0
Feb 19 14:33:42 standalone object-server[123881]: 172.20.0.100 - - [19/Feb/2026:14:33:42 +0000] "PUT /d1/355/AUTH_a3211f5e0bfd411cb565e0f1c81d6b46/gnocchi.bef45cac-a425-4aa5-8e2b-f6947e8e6ddb/none_v3" 201 - "PUT http://localhost:8080/v1/AUTH_a3211f5e0bfd411cb565e0f1c81d6b46/gnocchi.bef45cac-a425-4aa5-8e2b-f6947e8e6ddb/none_v3" "txda91bd394a344206b9cf1-0069971f46" "proxy-server 21" 0.0102 "-" 22 0
Feb 19 14:33:42 standalone proxy-server[125726]: 172.18.0.2 ::1 19/Feb/2026/14/33/42 PUT /v1/AUTH_a3211f5e0bfd411cb565e0f1c81d6b46/gnocchi.bef45cac-a425-4aa5-8e2b-f6947e8e6ddb/none_v3 HTTP/1.0 201 - python-swiftclient-3.11.1 gAAAAABplx6JhBjx... 22 - - txda91bd394a344206b9cf1-0069971f46 - 0.0189 - - 1771511622.508296967 1771511622.527207613 0
Feb 19 14:33:42 standalone container-server[123728]: 172.20.0.100 - - [19/Feb/2026:14:33:42 +0000] "HEAD /d1/1012/AUTH_a3211f5e0bfd411cb565e0f1c81d6b46/gnocchi.2b52c4c5-49be-4a69-9a2e-71f65da35162" 404 - "HEAD http://localhost:8080/v1/AUTH_a3211f5e0bfd411cb565e0f1c81d6b46/gnocchi.2b52c4c5-49be-4a69-9a2e-71f65da35162?format=json&states=listing" "tx89e2c29ebf4b400089ca8-0069971f46" "proxy-server 21" 0.0006 "-" 22 0
Feb 19 14:33:42 standalone object-server[123881]: 172.20.0.100 - - [19/Feb/2026:14:33:42 +0000] "GET /d1/47/AUTH_a3211f5e0bfd411cb565e0f1c81d6b46/gnocchi.2b52c4c5-49be-4a69-9a2e-71f65da35162/none_v3" 404 70 "GET http://localhost:8080/v1/AUTH_a3211f5e0bfd411cb565e0f1c81d6b46/gnocchi.2b52c4c5-49be-4a69-9a2e-71f65da35162/none_v3" "tx89e2c29ebf4b400089ca8-0069971f46" "proxy-server 21" 0.0005 "-" 22 0
Feb 19 14:33:42 standalone proxy-server[125726]: 172.18.0.2 ::1 19/Feb/2026/14/33/42 GET /v1/AUTH_a3211f5e0bfd411cb565e0f1c81d6b46/gnocchi.2b52c4c5-49be-4a69-9a2e-71f65da35162/none_v3 HTTP/1.0 404 - python-swiftclient-3.11.1 gAAAAABplx6JhBjx... - 70 - tx89e2c29ebf4b400089ca8-0069971f46 - 0.0154 - - 1771511622.542978764 1771511622.558346272 0
Feb 19 14:33:42 standalone account-server[123727]: 172.20.0.100 - - [19/Feb/2026:14:33:42 +0000] "PUT /d1/954/AUTH_a3211f5e0bfd411cb565e0f1c81d6b46/gnocchi.2b52c4c5-49be-4a69-9a2e-71f65da35162" 201 - "PUT http://172.20.0.100:6001/d1/1012/AUTH_a3211f5e0bfd411cb565e0f1c81d6b46/gnocchi.2b52c4c5-49be-4a69-9a2e-71f65da35162" "txf2f45bdd53fe44e0bb1ee-0069971f46" "container-server 22" 0.0069 "-" 21 0
Feb 19 14:33:42 standalone container-server[123728]: 172.20.0.100 - - [19/Feb/2026:14:33:42 +0000] "PUT /d1/1012/AUTH_a3211f5e0bfd411cb565e0f1c81d6b46/gnocchi.2b52c4c5-49be-4a69-9a2e-71f65da35162" 201 - "PUT http://localhost:8080/v1/AUTH_a3211f5e0bfd411cb565e0f1c81d6b46/gnocchi.2b52c4c5-49be-4a69-9a2e-71f65da35162" "txf2f45bdd53fe44e0bb1ee-0069971f46" "proxy-server 21" 0.0224 "-" 22 0
Feb 19 14:33:42 standalone proxy-server[125726]: 172.18.0.2 ::1 19/Feb/2026/14/33/42 PUT /v1/AUTH_a3211f5e0bfd411cb565e0f1c81d6b46/gnocchi.2b52c4c5-49be-4a69-9a2e-71f65da35162 HTTP/1.0 201 - python-swiftclient-3.11.1 gAAAAABplx6JhBjx... - - - txf2f45bdd53fe44e0bb1ee-0069971f46 - 0.0313 - - 1771511622.563129425 1771511622.594385862 0
Feb 19 14:33:42 standalone container-server[123728]: 172.20.0.100 - - [19/Feb/2026:14:33:42 +0000] "HEAD /d1/677/AUTH_a3211f5e0bfd411cb565e0f1c81d6b46/gnocchi.448e13e9-8530-448d-9e19-e15e1fc52862" 404 - "HEAD http://localhost:8080/v1/AUTH_a3211f5e0bfd411cb565e0f1c81d6b46/gnocchi.448e13e9-8530-448d-9e19-e15e1fc52862?format=json&states=listing" "tx978a4faa3c5d4a9185b1f-0069971f46" "proxy-server 21" 0.0006 "-" 22 0
Feb 19 14:33:42 standalone object-server[123897]: 172.20.0.100 - - [19/Feb/2026:14:33:42 +0000] "GET /d1/808/AUTH_a3211f5e0bfd411cb565e0f1c81d6b46/gnocchi.448e13e9-8530-448d-9e19-e15e1fc52862/none_v3" 404 70 "GET http://localhost:8080/v1/AUTH_a3211f5e0bfd411cb565e0f1c81d6b46/gnocchi.448e13e9-8530-448d-9e19-e15e1fc52862/none_v3" "tx978a4faa3c5d4a9185b1f-0069971f46" "proxy-server 21" 0.0006 "-" 25 0
Feb 19 14:33:42 standalone proxy-server[125726]: 172.18.0.2 ::1 19/Feb/2026/14/33/42 GET /v1/AUTH_a3211f5e0bfd411cb565e0f1c81d6b46/gnocchi.448e13e9-8530-448d-9e19-e15e1fc52862/none_v3 HTTP/1.0 404 - python-swiftclient-3.11.1 gAAAAABplx6JhBjx... - 70 - tx978a4faa3c5d4a9185b1f-0069971f46 - 0.0153 - - 1771511622.599323988 1771511622.614665985 0
Feb 19 14:33:42 standalone account-server[123732]: 172.20.0.100 - - [19/Feb/2026:14:33:42 +0000] "PUT /d1/954/AUTH_a3211f5e0bfd411cb565e0f1c81d6b46/gnocchi.448e13e9-8530-448d-9e19-e15e1fc52862" 201 - "PUT http://172.20.0.100:6001/d1/677/AUTH_a3211f5e0bfd411cb565e0f1c81d6b46/gnocchi.448e13e9-8530-448d-9e19-e15e1fc52862" "tx687021e2b0a5447484a0b-0069971f46" "container-server 22" 0.0062 "-" 22 0
Feb 19 14:33:42 standalone container-server[123728]: 172.20.0.100 - - [19/Feb/2026:14:33:42 +0000] "PUT /d1/677/AUTH_a3211f5e0bfd411cb565e0f1c81d6b46/gnocchi.448e13e9-8530-448d-9e19-e15e1fc52862" 201 - "PUT http://localhost:8080/v1/AUTH_a3211f5e0bfd411cb565e0f1c81d6b46/gnocchi.448e13e9-8530-448d-9e19-e15e1fc52862" "tx687021e2b0a5447484a0b-0069971f46" "proxy-server 21" 0.0167 "-" 22 0
Feb 19 14:33:42 standalone proxy-server[125726]: 172.18.0.2 ::1 19/Feb/2026/14/33/42 PUT /v1/AUTH_a3211f5e0bfd411cb565e0f1c81d6b46/gnocchi.448e13e9-8530-448d-9e19-e15e1fc52862 HTTP/1.0 201 - python-swiftclient-3.11.1 gAAAAABplx6JhBjx... - - - tx687021e2b0a5447484a0b-0069971f46 - 0.0264 - - 1771511622.619884253 1771511622.646245003 0
Feb 19 14:33:42 standalone container-server[123704]: 172.20.0.100 - - [19/Feb/2026:14:33:42 +0000] "HEAD /d1/1012/AUTH_a3211f5e0bfd411cb565e0f1c81d6b46/gnocchi.2b52c4c5-49be-4a69-9a2e-71f65da35162" 204 - "HEAD http://localhost:8080/v1/AUTH_a3211f5e0bfd411cb565e0f1c81d6b46/gnocchi.2b52c4c5-49be-4a69-9a2e-71f65da35162?format=json&states=listing" "tx12b7f4bf74b545079954e-0069971f46" "proxy-server 21" 0.0014 "-" 20 0
Feb 19 14:33:42 standalone proxy-server[125726]: - - 19/Feb/2026/14/33/42 HEAD /v1/AUTH_a3211f5e0bfd411cb565e0f1c81d6b46/gnocchi.2b52c4c5-49be-4a69-9a2e-71f65da35162%3Fformat%3Djson%26states%3Dlisting HTTP/1.0 204 - Swift - - - - tx12b7f4bf74b545079954e-0069971f46 - 0.0060 RL - 1771511622.653977871 1771511622.659941196 0
Feb 19 14:33:42 standalone container-server[123728]: 172.20.0.100 - - [19/Feb/2026:14:33:42 +0000] "GET /d1/1012/AUTH_a3211f5e0bfd411cb565e0f1c81d6b46/gnocchi.2b52c4c5-49be-4a69-9a2e-71f65da35162" 200 2 "GET http://localhost:8080/v1/AUTH_a3211f5e0bfd411cb565e0f1c81d6b46/gnocchi.2b52c4c5-49be-4a69-9a2e-71f65da35162?format=json&states=listing" "tx12b7f4bf74b545079954e-0069971f46" "proxy-server 21" 0.0030 "-" 22 0
Feb 19 14:33:42 standalone proxy-server[125726]: 172.18.0.2 ::1 19/Feb/2026/14/33/42 GET /v1/AUTH_a3211f5e0bfd411cb565e0f1c81d6b46/gnocchi.2b52c4c5-49be-4a69-9a2e-71f65da35162%3Fformat%3Djson%26states%3Dlisting HTTP/1.0 200 - python-swiftclient-3.11.1 gAAAAABplx6JhBjx... - 2 - tx12b7f4bf74b545079954e-0069971f46 - 0.0203 - - 1771511622.652182102 1771511622.672498226 0
Feb 19 14:33:42 standalone container-server[123704]: 172.20.0.100 - - [19/Feb/2026:14:33:42 +0000] "HEAD /d1/677/AUTH_a3211f5e0bfd411cb565e0f1c81d6b46/gnocchi.448e13e9-8530-448d-9e19-e15e1fc52862" 204 - "HEAD http://localhost:8080/v1/AUTH_a3211f5e0bfd411cb565e0f1c81d6b46/gnocchi.448e13e9-8530-448d-9e19-e15e1fc52862?format=json&states=listing" "txb16121c58f1d4265bfd37-0069971f46" "proxy-server 21" 0.0014 "-" 20 0
Feb 19 14:33:42 standalone proxy-server[125726]: - - 19/Feb/2026/14/33/42 HEAD /v1/AUTH_a3211f5e0bfd411cb565e0f1c81d6b46/gnocchi.448e13e9-8530-448d-9e19-e15e1fc52862%3Fformat%3Djson%26states%3Dlisting HTTP/1.0 204 - Swift - - - - txb16121c58f1d4265bfd37-0069971f46 - 0.0057 RL - 1771511622.682749987 1771511622.688402176 0
Feb 19 14:33:42 standalone container-server[123720]: 172.20.0.100 - - [19/Feb/2026:14:33:42 +0000] "GET /d1/677/AUTH_a3211f5e0bfd411cb565e0f1c81d6b46/gnocchi.448e13e9-8530-448d-9e19-e15e1fc52862" 200 2 "GET http://localhost:8080/v1/AUTH_a3211f5e0bfd411cb565e0f1c81d6b46/gnocchi.448e13e9-8530-448d-9e19-e15e1fc52862?format=json&states=listing" "txb16121c58f1d4265bfd37-0069971f46" "proxy-server 21" 0.0021 "-" 21 0
Feb 19 14:33:42 standalone proxy-server[125726]: 172.18.0.2 ::1 19/Feb/2026/14/33/42 GET /v1/AUTH_a3211f5e0bfd411cb565e0f1c81d6b46/gnocchi.448e13e9-8530-448d-9e19-e15e1fc52862%3Fformat%3Djson%26states%3Dlisting HTTP/1.0 200 - python-swiftclient-3.11.1 gAAAAABplx6JhBjx... - 2 - txb16121c58f1d4265bfd37-0069971f46 - 0.0179 - - 1771511622.680866241 1771511622.698810577 0
Feb 19 14:33:42 standalone object-server[123885]: 172.20.0.100 - - [19/Feb/2026:14:33:42 +0000] "GET /d1/984/AUTH_a3211f5e0bfd411cb565e0f1c81d6b46/gnocchi.2b52c4c5-49be-4a69-9a2e-71f65da35162/1771200000.0_mean_300.0_v3" 404 70 "GET http://localhost:8080/v1/AUTH_a3211f5e0bfd411cb565e0f1c81d6b46/gnocchi.2b52c4c5-49be-4a69-9a2e-71f65da35162/1771200000.0_mean_300.0_v3" "tx9315a95c932b4ff9ba38d-0069971f46" "proxy-server 21" 0.0005 "-" 23 0
Feb 19 14:33:42 standalone proxy-server[125726]: 172.18.0.2 ::1 19/Feb/2026/14/33/42 GET /v1/AUTH_a3211f5e0bfd411cb565e0f1c81d6b46/gnocchi.2b52c4c5-49be-4a69-9a2e-71f65da35162/1771200000.0_mean_300.0_v3 HTTP/1.0 404 - python-swiftclient-3.11.1 gAAAAABplx6JhBjx... - 70 - tx9315a95c932b4ff9ba38d-0069971f46 - 0.0088 - - 1771511622.704580307 1771511622.713341236 0
Feb 19 14:33:42 standalone object-server[123881]: 172.20.0.100 - - [19/Feb/2026:14:33:42 +0000] "GET /d1/868/AUTH_a3211f5e0bfd411cb565e0f1c81d6b46/gnocchi.448e13e9-8530-448d-9e19-e15e1fc52862/1771200000.0_mean_300.0_v3" 404 70 "GET http://localhost:8080/v1/AUTH_a3211f5e0bfd411cb565e0f1c81d6b46/gnocchi.448e13e9-8530-448d-9e19-e15e1fc52862/1771200000.0_mean_300.0_v3" "txdf71592c7465435b8e0c7-0069971f46" "proxy-server 21" 0.0004 "-" 22 0
Feb 19 14:33:42 standalone proxy-server[125726]: 172.18.0.2 ::1 19/Feb/2026/14/33/42 GET /v1/AUTH_a3211f5e0bfd411cb565e0f1c81d6b46/gnocchi.448e13e9-8530-448d-9e19-e15e1fc52862/1771200000.0_mean_300.0_v3 HTTP/1.0 404 - python-swiftclient-3.11.1 gAAAAABplx6JhBjx... - 70 - txdf71592c7465435b8e0c7-0069971f46 - 0.0088 - - 1771511622.718000889 1771511622.726791382 0
Feb 19 14:33:42 standalone container-server[123720]: 172.20.0.100 - - [19/Feb/2026:14:33:42 +0000] "PUT /d1/1012/AUTH_a3211f5e0bfd411cb565e0f1c81d6b46/gnocchi.2b52c4c5-49be-4a69-9a2e-71f65da35162/1771200000.0_mean_300.0_v3" 201 - "PUT http://localhost:8080/d1/984/AUTH_a3211f5e0bfd411cb565e0f1c81d6b46/gnocchi.2b52c4c5-49be-4a69-9a2e-71f65da35162/1771200000.0_mean_300.0_v3" "tx1af63e120ad34273a203a-0069971f46" "object-server 23" 0.0036 "-" 21 0
Feb 19 14:33:42 standalone object-server[123885]: 172.20.0.100 - - [19/Feb/2026:14:33:42 +0000] "PUT /d1/984/AUTH_a3211f5e0bfd411cb565e0f1c81d6b46/gnocchi.2b52c4c5-49be-4a69-9a2e-71f65da35162/1771200000.0_mean_300.0_v3" 201 - "PUT http://localhost:8080/v1/AUTH_a3211f5e0bfd411cb565e0f1c81d6b46/gnocchi.2b52c4c5-49be-4a69-9a2e-71f65da35162/1771200000.0_mean_300.0_v3" "tx1af63e120ad34273a203a-0069971f46" "proxy-server 21" 0.0153 "-" 23 0
Feb 19 14:33:42 standalone proxy-server[125726]: 172.18.0.2 ::1 19/Feb/2026/14/33/42 PUT /v1/AUTH_a3211f5e0bfd411cb565e0f1c81d6b46/gnocchi.2b52c4c5-49be-4a69-9a2e-71f65da35162/1771200000.0_mean_300.0_v3 HTTP/1.0 201 - python-swiftclient-3.11.1 gAAAAABplx6JhBjx... 16 - - tx1af63e120ad34273a203a-0069971f46 - 0.0233 - - 1771511622.731945276 1771511622.755223274 0
Feb 19 14:33:42 standalone container-server[123704]: 172.20.0.100 - - [19/Feb/2026:14:33:42 +0000] "PUT /d1/677/AUTH_a3211f5e0bfd411cb565e0f1c81d6b46/gnocchi.448e13e9-8530-448d-9e19-e15e1fc52862/1771200000.0_mean_300.0_v3" 201 - "PUT http://localhost:8080/d1/868/AUTH_a3211f5e0bfd411cb565e0f1c81d6b46/gnocchi.448e13e9-8530-448d-9e19-e15e1fc52862/1771200000.0_mean_300.0_v3" "txf47cf9bdb728499eab478-0069971f46" "object-server 25" 0.0007 "-" 20 0
Feb 19 14:33:42 standalone object-server[123897]: 172.20.0.100 - - [19/Feb/2026:14:33:42 +0000] "PUT /d1/868/AUTH_a3211f5e0bfd411cb565e0f1c81d6b46/gnocchi.448e13e9-8530-448d-9e19-e15e1fc52862/1771200000.0_mean_300.0_v3" 201 - "PUT http://localhost:8080/v1/AUTH_a3211f5e0bfd411cb565e0f1c81d6b46/gnocchi.448e13e9-8530-448d-9e19-e15e1fc52862/1771200000.0_mean_300.0_v3" "txf47cf9bdb728499eab478-0069971f46" "proxy-server 21" 0.0111 "-" 25 0
