Nov 24 12:21:08 standalone object-server[127064]: 172.20.0.100 - - [24/Nov/2025:12:21:08 +0000] "PUT /d1/601/AUTH_7296f95bfa0b4387993b88d76363e97a/gnocchi.3bfa4ac9-d913-4ba4-8ea0-d301900bb282/none_v3" 201 - "PUT http://172.18.0.2:8080/v1/AUTH_7296f95bfa0b4387993b88d76363e97a/gnocchi.3bfa4ac9-d913-4ba4-8ea0-d301900bb282/none_v3" "tx1fb6729d3ce04e2990280-0069244db4" "proxy-server 20" 0.0187 "-" 24 0
Nov 24 12:21:09 standalone proxy-server[128935]: 172.18.0.2 172.18.0.100 24/Nov/2025/12/21/09 PUT /v1/AUTH_7296f95bfa0b4387993b88d76363e97a/gnocchi.3bfa4ac9-d913-4ba4-8ea0-d301900bb282/none_v3 HTTP/1.0 201 - python-swiftclient-3.11.1 gAAAAABpJE03h9O6... 22 - - tx1fb6729d3ce04e2990280-0069244db4 - 0.0258 - - 1763986868.974787951 1763986869.000606775 0
Nov 24 12:21:09 standalone object-server[127065]: 172.20.0.100 - - [24/Nov/2025:12:21:09 +0000] "GET /d1/914/AUTH_7296f95bfa0b4387993b88d76363e97a/gnocchi.31c67950-56f7-4c1e-adfb-584717d77a24/none_v3" 200 33 "GET http://172.18.0.2:8080/v1/AUTH_7296f95bfa0b4387993b88d76363e97a/gnocchi.31c67950-56f7-4c1e-adfb-584717d77a24/none_v3" "txebc399452f694ea7a0480-0069244db5" "proxy-server 20" 0.0011 "-" 25 0
Nov 24 12:21:09 standalone proxy-server[128935]: 172.18.0.2 172.18.0.100 24/Nov/2025/12/21/09 GET /v1/AUTH_7296f95bfa0b4387993b88d76363e97a/gnocchi.31c67950-56f7-4c1e-adfb-584717d77a24/none_v3 HTTP/1.0 200 - python-swiftclient-3.11.1 gAAAAABpJE03h9O6... - 33 - txebc399452f694ea7a0480-0069244db5 - 0.0085 - - 1763986869.103297710 1763986869.111799955 0
Nov 24 12:21:09 standalone container-server[127007]: 172.20.0.100 - - [24/Nov/2025:12:21:09 +0000] "GET /d1/645/AUTH_7296f95bfa0b4387993b88d76363e97a/gnocchi.31c67950-56f7-4c1e-adfb-584717d77a24" 200 357 "GET http://172.18.0.2:8080/v1/AUTH_7296f95bfa0b4387993b88d76363e97a/gnocchi.31c67950-56f7-4c1e-adfb-584717d77a24?format=json&states=listing" "tx084e5176c8404ba48a77a-0069244db5" "proxy-server 20" 0.0139 "-" 21 0
Nov 24 12:21:09 standalone proxy-server[128935]: 172.18.0.2 172.18.0.100 24/Nov/2025/12/21/09 GET /v1/AUTH_7296f95bfa0b4387993b88d76363e97a/gnocchi.31c67950-56f7-4c1e-adfb-584717d77a24%3Fformat%3Djson%26states%3Dlisting HTTP/1.0 200 - python-swiftclient-3.11.1 gAAAAABpJE03h9O6... - 357 - tx084e5176c8404ba48a77a-0069244db5 - 0.0204 - - 1763986869.115208626 1763986869.135657072 0
Nov 24 12:21:09 standalone container-server[127009]: 172.20.0.100 - - [24/Nov/2025:12:21:09 +0000] "GET /d1/645/AUTH_7296f95bfa0b4387993b88d76363e97a/gnocchi.31c67950-56f7-4c1e-adfb-584717d77a24" 200 2 "GET http://172.18.0.2:8080/v1/AUTH_7296f95bfa0b4387993b88d76363e97a/gnocchi.31c67950-56f7-4c1e-adfb-584717d77a24?format=json&marker=none_v3&states=listing" "txb2a379b79c754aeca095c-0069244db5" "proxy-server 20" 0.0042 "-" 22 0
Nov 24 12:21:09 standalone proxy-server[128935]: 172.18.0.2 172.18.0.100 24/Nov/2025/12/21/09 GET /v1/AUTH_7296f95bfa0b4387993b88d76363e97a/gnocchi.31c67950-56f7-4c1e-adfb-584717d77a24%3Fformat%3Djson%26marker%3Dnone_v3%26states%3Dlisting HTTP/1.0 200 - python-swiftclient-3.11.1 gAAAAABpJE03h9O6... - 2 - txb2a379b79c754aeca095c-0069244db5 - 0.0102 - - 1763986869.138041496 1763986869.148267984 0
Nov 24 12:21:09 standalone object-server[127058]: 172.20.0.100 - - [24/Nov/2025:12:21:09 +0000] "GET /d1/637/AUTH_7296f95bfa0b4387993b88d76363e97a/gnocchi.31c67950-56f7-4c1e-adfb-584717d77a24/1763640000.0_mean_300.0_v3" 200 16 "GET http://172.18.0.2:8080/v1/AUTH_7296f95bfa0b4387993b88d76363e97a/gnocchi.31c67950-56f7-4c1e-adfb-584717d77a24/1763640000.0_mean_300.0_v3" "tx5e7050b91e5f4eb885a98-0069244db5" "proxy-server 20" 0.0012 "-" 22 0
Nov 24 12:21:09 standalone proxy-server[128935]: 172.18.0.2 172.18.0.100 24/Nov/2025/12/21/09 GET /v1/AUTH_7296f95bfa0b4387993b88d76363e97a/gnocchi.31c67950-56f7-4c1e-adfb-584717d77a24/1763640000.0_mean_300.0_v3 HTTP/1.0 200 - python-swiftclient-3.11.1 gAAAAABpJE03h9O6... - 16 - tx5e7050b91e5f4eb885a98-0069244db5 - 0.0065 - - 1763986869.150630474 1763986869.157095432 0
Nov 24 12:21:09 standalone container-server[127007]: 172.20.0.100 - - [24/Nov/2025:12:21:09 +0000] "PUT /d1/645/AUTH_7296f95bfa0b4387993b88d76363e97a/gnocchi.31c67950-56f7-4c1e-adfb-584717d77a24/1763640000.0_mean_300.0_v3" 201 - "PUT http://172.18.0.2:8080/d1/637/AUTH_7296f95bfa0b4387993b88d76363e97a/gnocchi.31c67950-56f7-4c1e-adfb-584717d77a24/1763640000.0_mean_300.0_v3" "tx7dc74f6a3e414c7c8c2eb-0069244db5" "object-server 22" 0.0007 "-" 21 0
Nov 24 12:21:09 standalone object-server[127058]: 172.20.0.100 - - [24/Nov/2025:12:21:09 +0000] "PUT /d1/637/AUTH_7296f95bfa0b4387993b88d76363e97a/gnocchi.31c67950-56f7-4c1e-adfb-584717d77a24/1763640000.0_mean_300.0_v3" 201 - "PUT http://172.18.0.2:8080/v1/AUTH_7296f95bfa0b4387993b88d76363e97a/gnocchi.31c67950-56f7-4c1e-adfb-584717d77a24/1763640000.0_mean_300.0_v3" "tx7dc74f6a3e414c7c8c2eb-0069244db5" "proxy-server 20" 0.0159 "-" 22 0
Nov 24 12:21:09 standalone proxy-server[128935]: 172.18.0.2 172.18.0.100 24/Nov/2025/12/21/09 PUT /v1/AUTH_7296f95bfa0b4387993b88d76363e97a/gnocchi.31c67950-56f7-4c1e-adfb-584717d77a24/1763640000.0_mean_300.0_v3 HTTP/1.0 201 - python-swiftclient-3.11.1 gAAAAABpJE03h9O6... 16 - - tx7dc74f6a3e414c7c8c2eb-0069244db5 - 0.0205 - - 1763986869.158899784 1763986869.179357767 0
Nov 24 12:21:09 standalone container-server[127007]: 172.20.0.100 - - [24/Nov/2025:12:21:09 +0000] "PUT /d1/645/AUTH_7296f95bfa0b4387993b88d76363e97a/gnocchi.31c67950-56f7-4c1e-adfb-584717d77a24/none_v3" 201 - "PUT http://172.18.0.2:8080/d1/914/AUTH_7296f95bfa0b4387993b88d76363e97a/gnocchi.31c67950-56f7-4c1e-adfb-584717d77a24/none_v3" "tx0f65cc2a3bed4074abd45-0069244db5" "object-server 22" 0.0006 "-" 21 0
Nov 24 12:21:09 standalone object-server[127058]: 172.20.0.100 - - [24/Nov/2025:12:21:09 +0000] "PUT /d1/914/AUTH_7296f95bfa0b4387993b88d76363e97a/gnocchi.31c67950-56f7-4c1e-adfb-584717d77a24/none_v3" 201 - "PUT http://172.18.0.2:8080/v1/AUTH_7296f95bfa0b4387993b88d76363e97a/gnocchi.31c67950-56f7-4c1e-adfb-584717d77a24/none_v3" "tx0f65cc2a3bed4074abd45-0069244db5" "proxy-server 20" 0.0097 "-" 22 0
Nov 24 12:21:09 standalone proxy-server[128935]: 172.18.0.2 172.18.0.100 24/Nov/2025/12/21/09 PUT /v1/AUTH_7296f95bfa0b4387993b88d76363e97a/gnocchi.31c67950-56f7-4c1e-adfb-584717d77a24/none_v3 HTTP/1.0 201 - python-swiftclient-3.11.1 gAAAAABpJE03h9O6... 48 - - tx0f65cc2a3bed4074abd45-0069244db5 - 0.0147 - - 1763986869.181580067 1763986869.196256876 0
Nov 24 12:21:09 standalone object-server[127065]: 172.20.0.100 - - [24/Nov/2025:12:21:09 +0000] "GET /d1/485/AUTH_7296f95bfa0b4387993b88d76363e97a/gnocchi.5abb94a8-0260-4916-bd18-d36833a25a68/none_v3" 200 33 "GET http://172.18.0.2:8080/v1/AUTH_7296f95bfa0b4387993b88d76363e97a/gnocchi.5abb94a8-0260-4916-bd18-d36833a25a68/none_v3" "tx32aacae41b44481da1705-0069244db5" "proxy-server 20" 0.0010 "-" 25 0
Nov 24 12:21:09 standalone proxy-server[128935]: 172.18.0.2 172.18.0.100 24/Nov/2025/12/21/09 GET /v1/AUTH_7296f95bfa0b4387993b88d76363e97a/gnocchi.5abb94a8-0260-4916-bd18-d36833a25a68/none_v3 HTTP/1.0 200 - python-swiftclient-3.11.1 gAAAAABpJE03h9O6... - 33 - tx32aacae41b44481da1705-0069244db5 - 0.0075 - - 1763986869.203931570 1763986869.211478233 0
Nov 24 12:21:09 standalone container-server[127010]: 172.20.0.100 - - [24/Nov/2025:12:21:09 +0000] "GET /d1/605/AUTH_7296f95bfa0b4387993b88d76363e97a/gnocchi.5abb94a8-0260-4916-bd18-d36833a25a68" 200 357 "GET http://172.18.0.2:8080/v1/AUTH_7296f95bfa0b4387993b88d76363e97a/gnocchi.5abb94a8-0260-4916-bd18-d36833a25a68?format=json&states=listing" "txbadf674f85a9418ca6707-0069244db5" "proxy-server 20" 0.0135 "-" 23 0
Nov 24 12:21:09 standalone proxy-server[128935]: 172.18.0.2 172.18.0.100 24/Nov/2025/12/21/09 GET /v1/AUTH_7296f95bfa0b4387993b88d76363e97a/gnocchi.5abb94a8-0260-4916-bd18-d36833a25a68%3Fformat%3Djson%26states%3Dlisting HTTP/1.0 200 - python-swiftclient-3.11.1 gAAAAABpJE03h9O6... - 357 - txbadf674f85a9418ca6707-0069244db5 - 0.0191 - - 1763986869.213650942 1763986869.232737064 0
Nov 24 12:21:09 standalone container-server[127009]: 172.20.0.100 - - [24/Nov/2025:12:21:09 +0000] "GET /d1/605/AUTH_7296f95bfa0b4387993b88d76363e97a/gnocchi.5abb94a8-0260-4916-bd18-d36833a25a68" 200 2 "GET http://172.18.0.2:8080/v1/AUTH_7296f95bfa0b4387993b88d76363e97a/gnocchi.5abb94a8-0260-4916-bd18-d36833a25a68?format=json&marker=none_v3&states=listing" "txbd75071be9714ee896531-0069244db5" "proxy-server 20" 0.0037 "-" 22 0
Nov 24 12:21:09 standalone proxy-server[128935]: 172.18.0.2 172.18.0.100 24/Nov/2025/12/21/09 GET /v1/AUTH_7296f95bfa0b4387993b88d76363e97a/gnocchi.5abb94a8-0260-4916-bd18-d36833a25a68%3Fformat%3Djson%26marker%3Dnone_v3%26states%3Dlisting HTTP/1.0 200 - python-swiftclient-3.11.1 gAAAAABpJE03h9O6... - 2 - txbd75071be9714ee896531-0069244db5 - 0.0125 - - 1763986869.234601736 1763986869.247065306 0
Nov 24 12:21:09 standalone object-server[127058]: 172.20.0.100 - - [24/Nov/2025:12:21:09 +0000] "GET /d1/854/AUTH_7296f95bfa0b4387993b88d76363e97a/gnocchi.5abb94a8-0260-4916-bd18-d36833a25a68/1763640000.0_mean_300.0_v3" 200 16 "GET http://172.18.0.2:8080/v1/AUTH_7296f95bfa0b4387993b88d76363e97a/gnocchi.5abb94a8-0260-4916-bd18-d36833a25a68/1763640000.0_mean_300.0_v3" "tx7b831cb9c3464086b7d0d-0069244db5" "proxy-server 20" 0.0012 "-" 22 0
Nov 24 12:21:09 standalone proxy-server[128935]: 172.18.0.2 172.18.0.100 24/Nov/2025/12/21/09 GET /v1/AUTH_7296f95bfa0b4387993b88d76363e97a/gnocchi.5abb94a8-0260-4916-bd18-d36833a25a68/1763640000.0_mean_300.0_v3 HTTP/1.0 200 - python-swiftclient-3.11.1 gAAAAABpJE03h9O6... - 16 - tx7b831cb9c3464086b7d0d-0069244db5 - 0.0071 - - 1763986869.249660969 1763986869.256720304 0
Nov 24 12:21:09 standalone container-server[127004]: 172.20.0.100 - - [24/Nov/2025:12:21:09 +0000] "PUT /d1/605/AUTH_7296f95bfa0b4387993b88d76363e97a/gnocchi.5abb94a8-0260-4916-bd18-d36833a25a68/1763640000.0_mean_300.0_v3" 201 - "PUT http://172.18.0.2:8080/d1/854/AUTH_7296f95bfa0b4387993b88d76363e97a/gnocchi.5abb94a8-0260-4916-bd18-d36833a25a68/1763640000.0_mean_300.0_v3" "tx2932d71ce7c0483dbf18f-0069244db5" "object-server 24" 0.0008 "-" 20 0
Nov 24 12:21:09 standalone object-server[127064]: 172.20.0.100 - - [24/Nov/2025:12:21:09 +0000] "PUT /d1/854/AUTH_7296f95bfa0b4387993b88d76363e97a/gnocchi.5abb94a8-0260-4916-bd18-d36833a25a68/1763640000.0_mean_300.0_v3" 201 - "PUT http://172.18.0.2:8080/v1/AUTH_7296f95bfa0b4387993b88d76363e97a/gnocchi.5abb94a8-0260-4916-bd18-d36833a25a68/1763640000.0_mean_300.0_v3" "tx2932d71ce7c0483dbf18f-0069244db5" "proxy-server 20" 0.0106 "-" 24 0
Nov 24 12:21:09 standalone proxy-server[128935]: 172.18.0.2 172.18.0.100 24/Nov/2025/12/21/09 PUT /v1/AUTH_7296f95bfa0b4387993b88d76363e97a/gnocchi.5abb94a8-0260-4916-bd18-d36833a25a68/1763640000.0_mean_300.0_v3 HTTP/1.0 201 - python-swiftclient-3.11.1 gAAAAABpJE03h9O6... 16 - - tx2932d71ce7c0483dbf18f-0069244db5 - 0.0158 - - 1763986869.258783579 1763986869.274621487 0
Nov 24 12:21:09 standalone container-server[127010]: 172.20.0.100 - - [24/Nov/2025:12:21:09 +0000] "PUT /d1/605/AUTH_7296f95bfa0b4387993b88d76363e97a/gnocchi.5abb94a8-0260-4916-bd18-d36833a25a68/none_v3" 201 - "PUT http://172.18.0.2:8080/d1/485/AUTH_7296f95bfa0b4387993b88d76363e97a/gnocchi.5abb94a8-0260-4916-bd18-d36833a25a68/none_v3" "tx07e268a84425407f82e17-0069244db5" "object-server 24" 0.0008 "-" 23 0
Nov 24 12:21:09 standalone object-server[127064]: 172.20.0.100 - - [24/Nov/2025:12:21:09 +0000] "PUT /d1/485/AUTH_7296f95bfa0b4387993b88d76363e97a/gnocchi.5abb94a8-0260-4916-bd18-d36833a25a68/none_v3" 201 - "PUT http://172.18.0.2:8080/v1/AUTH_7296f95bfa0b4387993b88d76363e97a/gnocchi.5abb94a8-0260-4916-bd18-d36833a25a68/none_v3" "tx07e268a84425407f82e17-0069244db5" "proxy-server 20" 0.0147 "-" 24 0
Nov 24 12:21:09 standalone proxy-server[128935]: 172.18.0.2 172.18.0.100 24/Nov/2025/12/21/09 PUT /v1/AUTH_7296f95bfa0b4387993b88d76363e97a/gnocchi.5abb94a8-0260-4916-bd18-d36833a25a68/none_v3 HTTP/1.0 201 - python-swiftclient-3.11.1 gAAAAABpJE03h9O6... 48 - - tx07e268a84425407f82e17-0069244db5 - 0.0213 - - 1763986869.276300907 1763986869.297603130 0
Nov 24 12:21:11 standalone object-server[127064]: 172.20.0.100 - - [24/Nov/2025:12:21:11 +0000] "GET /d1/601/AUTH_7296f95bfa0b4387993b88d76363e97a/gnocchi.3bfa4ac9-d913-4ba4-8ea0-d301900bb282/none_v3" 200 22 "GET http://172.18.0.2:8080/v1/AUTH_7296f95bfa0b4387993b88d76363e97a/gnocchi.3bfa4ac9-d913-4ba4-8ea0-d301900bb282/none_v3" "txeae7bb4b71e94a38ac321-0069244db7" "proxy-server 20" 0.0011 "-" 24 0
Nov 24 12:21:11 standalone proxy-server[128935]: 172.18.0.2 172.18.0.100 24/Nov/2025/12/21/11 GET /v1/AUTH_7296f95bfa0b4387993b88d76363e97a/gnocchi.3bfa4ac9-d913-4ba4-8ea0-d301900bb282/none_v3 HTTP/1.0 200 - python-swiftclient-3.11.1 gAAAAABpJE03h9O6... - 22 - txeae7bb4b71e94a38ac321-0069244db7 - 0.0115 - - 1763986871.017559767 1763986871.029028654 0
Nov 24 12:21:11 standalone container-server[127009]: 172.20.0.100 - - [24/Nov/2025:12:21:11 +0000] "GET /d1/375/AUTH_7296f95bfa0b4387993b88d76363e97a/gnocchi.3bfa4ac9-d913-4ba4-8ea0-d301900bb282" 200 357 "GET http://172.18.0.2:8080/v1/AUTH_7296f95bfa0b4387993b88d76363e97a/gnocchi.3bfa4ac9-d913-4ba4-8ea0-d301900bb282?format=json&states=listing" "tx359a01e0473e4333903fe-0069244db7" "proxy-server 20" 0.0261 "-" 22 0
Nov 24 12:21:11 standalone proxy-server[128935]: 172.18.0.2 172.18.0.100 24/Nov/2025/12/21/11 GET /v1/AUTH_7296f95bfa0b4387993b88d76363e97a/gnocchi.3bfa4ac9-d913-4ba4-8ea0-d301900bb282%3Fformat%3Djson%26states%3Dlisting HTTP/1.0 200 - python-swiftclient-3.11.1 gAAAAABpJE03h9O6... - 357 - tx359a01e0473e4333903fe-0069244db7 - 0.0337 - - 1763986871.034050703 1763986871.067733526 0
Nov 24 12:21:11 standalone container-server[127007]: 172.20.0.100 - - [24/Nov/2025:12:21:11 +0000] "GET /d1/375/AUTH_7296f95bfa0b4387993b88d76363e97a/gnocchi.3bfa4ac9-d913-4ba4-8ea0-d301900bb282" 200 2 "GET http://172.18.0.2:8080/v1/AUTH_7296f95bfa0b4387993b88d76363e97a/gnocchi.3bfa4ac9-d913-4ba4-8ea0-d301900bb282?format=json&marker=none_v3&states=listing" "tx6098e9d8c67545a391dfe-0069244db7" "proxy-server 20" 0.0039 "-" 21 0
Nov 24 12:21:11 standalone proxy-server[128935]: 172.18.0.2 172.18.0.100 24/Nov/2025/12/21/11 GET /v1/AUTH_7296f95bfa0b4387993b88d76363e97a/gnocchi.3bfa4ac9-d913-4ba4-8ea0-d301900bb282%3Fformat%3Djson%26marker%3Dnone_v3%26states%3Dlisting HTTP/1.0 200 - python-swiftclient-3.11.1 gAAAAABpJE03h9O6... - 2 - tx6098e9d8c67545a391dfe-0069244db7 - 0.0110 - - 1763986871.071162224 1763986871.082181215 0
Nov 24 12:21:11 standalone object-server[127064]: 172.20.0.100 - - [24/Nov/2025:12:21:11 +0000] "GET /d1/918/AUTH_7296f95bfa0b4387993b88d76363e97a/gnocchi.3bfa4ac9-d913-4ba4-8ea0-d301900bb282/1763640000.0_mean_300.0_v3" 200 16 "GET http://172.18.0.2:8080/v1/AUTH_7296f95bfa0b4387993b88d76363e97a/gnocchi.3bfa4ac9-d913-4ba4-8ea0-d301900bb282/1763640000.0_mean_300.0_v3" "tx74e209a498d6405c9de2a-0069244db7" "proxy-server 20" 0.0008 "-" 24 0
Nov 24 12:21:11 standalone proxy-server[128935]: 172.18.0.2 172.18.0.100 24/Nov/2025/12/21/11 GET /v1/AUTH_7296f95bfa0b4387993b88d76363e97a/gnocchi.3bfa4ac9-d913-4ba4-8ea0-d301900bb282/1763640000.0_mean_300.0_v3 HTTP/1.0 200 - python-swiftclient-3.11.1 gAAAAABpJE03h9O6... - 16 - tx74e209a498d6405c9de2a-0069244db7 - 0.0117 - - 1763986871.086226225 1763986871.097878933 0
Nov 24 12:21:11 standalone container-server[127009]: 172.20.0.100 - - [24/Nov/2025:12:21:11 +0000] "PUT /d1/375/AUTH_7296f95bfa0b4387993b88d76363e97a/gnocchi.3bfa4ac9-d913-4ba4-8ea0-d301900bb282/1763640000.0_mean_300.0_v3" 201 - "PUT http://172.18.0.2:8080/d1/918/AUTH_7296f95bfa0b4387993b88d76363e97a/gnocchi.3bfa4ac9-d913-4ba4-8ea0-d301900bb282/1763640000.0_mean_300.0_v3" "tx0bca17ae379042a89a691-0069244db7" "object-server 23" 0.0008 "-" 22 0
Nov 24 12:21:11 standalone object-server[127062]: 172.20.0.100 - - [24/Nov/2025:12:21:11 +0000] "PUT /d1/918/AUTH_7296f95bfa0b4387993b88d76363e97a/gnocchi.3bfa4ac9-d913-4ba4-8ea0-d301900bb282/1763640000.0_mean_300.0_v3" 201 - "PUT http://172.18.0.2:8080/v1/AUTH_7296f95bfa0b4387993b88d76363e97a/gnocchi.3bfa4ac9-d913-4ba4-8ea0-d301900bb282/1763640000.0_mean_300.0_v3" "tx0bca17ae379042a89a691-0069244db7" "proxy-server 20" 0.0125 "-" 23 0
Nov 24 12:21:11 standalone proxy-server[128935]: 172.18.0.2 172.18.0.100 24/Nov/2025/12/21/11 PUT /v1/AUTH_7296f95bfa0b4387993b88d76363e97a/gnocchi.3bfa4ac9-d913-4ba4-8ea0-d301900bb282/1763640000.0_mean_300.0_v3 HTTP/1.0 201 - python-swiftclient-3.11.1 gAAAAABpJE03h9O6... 16 - - tx0bca17ae379042a89a691-0069244db7 - 0.0193 - - 1763986871.101104975 1763986871.120426178 0
Nov 24 12:21:11 standalone container-server[127009]: 172.20.0.100 - - [24/Nov/2025:12:21:11 +0000] "PUT /d1/375/AUTH_7296f95bfa0b4387993b88d76363e97a/gnocchi.3bfa4ac9-d913-4ba4-8ea0-d301900bb282/none_v3" 201 - "PUT http://172.18.0.2:8080/d1/601/AUTH_7296f95bfa0b4387993b88d76363e97a/gnocchi.3bfa4ac9-d913-4ba4-8ea0-d301900bb282/none_v3" "tx97fbc669e58e4a81959a6-0069244db7" "object-server 23" 0.0004 "-" 22 0
Nov 24 12:21:11 standalone object-server[127062]: 172.20.0.100 - - [24/Nov/2025:12:21:11 +0000] "PUT /d1/601/AUTH_7296f95bfa0b4387993b88d76363e97a/gnocchi.3bfa4ac9-d913-4ba4-8ea0-d301900bb282/none_v3" 201 - "PUT http://172.18.0.2:8080/v1/AUTH_7296f95bfa0b4387993b88d76363e97a/gnocchi.3bfa4ac9-d913-4ba4-8ea0-d301900bb282/none_v3" "tx97fbc669e58e4a81959a6-0069244db7" "proxy-server 20" 0.0231 "-" 23 0
Nov 24 12:21:11 standalone proxy-server[128935]: 172.18.0.2 172.18.0.100 24/Nov/2025/12/21/11 PUT /v1/AUTH_7296f95bfa0b4387993b88d76363e97a/gnocchi.3bfa4ac9-d913-4ba4-8ea0-d301900bb282/none_v3 HTTP/1.0 201 - python-swiftclient-3.11.1 gAAAAABpJE03h9O6... 31 - - tx97fbc669e58e4a81959a6-0069244db7 - 0.0286 - - 1763986871.123636723 1763986871.152211189 0
Nov 24 12:21:15 standalone account-server[126717]: 172.20.0.100 - - [24/Nov/2025:12:21:15 +0000] "HEAD /d1/131/.expiring_objects" 404 - "HEAD http://localhost/v1/.expiring_objects?format=json" "tx520250af451a46b2ac3d5-0069244dbb" "proxy-server 2" 0.0004 "-" 20 -
Nov 24 12:21:15 standalone object-expirer[126804]: Pass completed in 0s; 0 objects expired (txn: tx520250af451a46b2ac3d5-0069244dbb)
Nov 24 12:21:18 standalone account-server[126718]: 172.20.0.100 - - [24/Nov/2025:12:21:18 +0000] "HEAD /d1/106/AUTH_7296f95bfa0b4387993b88d76363e97a" 204 - "HEAD http://172.18.0.2:8080/v1/AUTH_7296f95bfa0b4387993b88d76363e97a?format=json" "tx12f438ff35a84726b9223-0069244dbe" "proxy-server 20" 0.0141 "-" 21 -
Nov 24 12:21:18 standalone proxy-server[128935]: - - 24/Nov/2025/12/21/18 HEAD /v1/AUTH_7296f95bfa0b4387993b88d76363e97a%3Fformat%3Djson HTTP/1.0 204 - Swift - - - - tx12f438ff35a84726b9223-0069244dbe - 0.0190 RL - 1763986878.461472988 1763986878.480459929 -
Nov 24 12:21:18 standalone object-server[127065]: 172.20.0.100 - - [24/Nov/2025:12:21:18 +0000] "GET /d1/601/AUTH_7296f95bfa0b4387993b88d76363e97a/gnocchi.3bfa4ac9-d913-4ba4-8ea0-d301900bb282/none_v3" 200 31 "GET http://172.18.0.2:8080/v1/AUTH_7296f95bfa0b4387993b88d76363e97a/gnocchi.3bfa4ac9-d913-4ba4-8ea0-d301900bb282/none_v3" "tx12f438ff35a84726b9223-0069244dbe" "proxy-server 20" 0.0015 "-" 25 0
Nov 24 12:21:18 standalone proxy-server[128935]: 172.18.0.2 172.18.0.100 24/Nov/2025/12/21/18 GET /v1/AUTH_7296f95bfa0b4387993b88d76363e97a/gnocchi.3bfa4ac9-d913-4ba4-8ea0-d301900bb282/none_v3 HTTP/1.0 200 - python-swiftclient-3.11.1 gAAAAABpJE03h9O6... - 31 - tx12f438ff35a84726b9223-0069244dbe - 0.0310 - - 1763986878.460590124 1763986878.491609097 0
Nov 24 12:21:18 standalone container-server[127007]: 172.20.0.100 - - [24/Nov/2025:12:21:18 +0000] "GET /d1/375/AUTH_7296f95bfa0b4387993b88d76363e97a/gnocchi.3bfa4ac9-d913-4ba4-8ea0-d301900bb282" 200 357 "GET http://172.18.0.2:8080/v1/AUTH_7296f95bfa0b4387993b88d76363e97a/gnocchi.3bfa4ac9-d913-4ba4-8ea0-d301900bb282?format=json&states=listing" "tx87990950614e42c5afeab-0069244dbe" "proxy-server 20" 0.0065 "-" 21 0
Nov 24 12:21:18 standalone proxy-server[128935]: 172.18.0.2 172.18.0.100 24/Nov/2025/12/21/18 GET /v1/AUTH_7296f95bfa0b4387993b88d76363e97a/gnocchi.3bfa4ac9-d913-4ba4-8ea0-d301900bb282%3Fformat%3Djson%26states%3Dlisting HTTP/1.0 200 - python-swiftclient-3.11.1 gAAAAABpJE03h9O6... - 357 - tx87990950614e42c5afeab-0069244dbe - 0.0152 - - 1763986878.496740818 1763986878.511909008 0
Nov 24 12:21:18 standalone container-server[127010]: 172.20.0.100 - - [24/Nov/2025:12:21:18 +0000] "GET /d1/375/AUTH_7296f95bfa0b4387993b88d76363e97a/gnocchi.3bfa4ac9-d913-4ba4-8ea0-d301900bb282" 200 2 "GET http://172.18.0.2:8080/v1/AUTH_7296f95bfa0b4387993b88d76363e97a/gnocchi.3bfa4ac9-d913-4ba4-8ea0-d301900bb282?format=json&marker=none_v3&states=listing" "tx288962084bfb48e38e593-0069244dbe" "proxy-server 20" 0.0039 "-" 23 0
Nov 24 12:21:18 standalone proxy-server[128935]: 172.18.0.2 172.18.0.100 24/Nov/2025/12/21/18 GET /v1/AUTH_7296f95bfa0b4387993b88d76363e97a/gnocchi.3bfa4ac9-d913-4ba4-8ea0-d301900bb282%3Fformat%3Djson%26marker%3Dnone_v3%26states%3Dlisting HTTP/1.0 200 - python-swiftclient-3.11.1 gAAAAABpJE03h9O6... - 2 - tx288962084bfb48e38e593-0069244dbe - 0.0131 - - 1763986878.518047571 1763986878.531151295 0
Nov 24 12:21:18 standalone object-server[127064]: 172.20.0.100 - - [24/Nov/2025:12:21:18 +0000] "GET /d1/918/AUTH_7296f95bfa0b4387993b88d76363e97a/gnocchi.3bfa4ac9-d913-4ba4-8ea0-d301900bb282/1763640000.0_mean_300.0_v3" 200 16 "GET http://172.18.0.2:8080/v1/AUTH_7296f95bfa0b4387993b88d76363e97a/gnocchi.3bfa4ac9-d913-4ba4-8ea0-d301900bb282/1763640000.0_mean_300.0_v3" "tx725b90f9cdeb4e5a93f87-0069244dbe" "proxy-server 20" 0.0008 "-" 24 0
Nov 24 12:21:18 standalone proxy-server[128935]: 172.18.0.2 172.18.0.100 24/Nov/2025/12/21/18 GET /v1/AUTH_7296f95bfa0b4387993b88d76363e97a/gnocchi.3bfa4ac9-d913-4ba4-8ea0-d301900bb282/1763640000.0_mean_300.0_v3 HTTP/1.0 200 - python-swiftclient-3.11.1 gAAAAABpJE03h9O6... - 16 - tx725b90f9cdeb4e5a93f87-0069244dbe - 0.0072 - - 1763986878.537162304 1763986878.544392109 0
Nov 24 12:21:18 standalone container-server[127007]: 172.20.0.100 - - [24/Nov/2025:12:21:18 +0000] "PUT /d1/375/AUTH_7296f95bfa0b4387993b88d76363e97a/gnocchi.3bfa4ac9-d913-4ba4-8ea0-d301900bb282/1763640000.0_mean_300.0_v3" 201 - "PUT http://172.18.0.2:8080/d1/918/AUTH_7296f95bfa0b4387993b88d76363e97a/gnocchi.3bfa4ac9-d913-4ba4-8ea0-d301900bb282/1763640000.0_mean_300.0_v3" "txe7e2206036f2404da6037-0069244dbe" "object-server 25" 0.0006 "-" 21 0
Nov 24 12:21:18 standalone object-server[127065]: 172.20.0.100 - - [24/Nov/2025:12:21:18 +0000] "PUT /d1/918/AUTH_7296f95bfa0b4387993b88d76363e97a/gnocchi.3bfa4ac9-d913-4ba4-8ea0-d301900bb282/1763640000.0_mean_300.0_v3" 201 - "PUT http://172.18.0.2:8080/v1/AUTH_7296f95bfa0b4387993b88d76363e97a/gnocchi.3bfa4ac9-d913-4ba4-8ea0-d301900bb282/1763640000.0_mean_300.0_v3" "txe7e2206036f2404da6037-0069244dbe" "proxy-server 20" 0.0144 "-" 25 0
Nov 24 12:21:18 standalone proxy-server[128935]: 172.18.0.2 172.18.0.100 24/Nov/2025/12/21/18 PUT /v1/AUTH_7296f95bfa0b4387993b88d76363e97a/gnocchi.3bfa4ac9-d913-4ba4-8ea0-d301900bb282/1763640000.0_mean_300.0_v3 HTTP/1.0 201 - python-swiftclient-3.11.1 gAAAAABpJE03h9O6... 16 - - txe7e2206036f2404da6037-0069244dbe - 0.0225 - - 1763986878.551313162 1763986878.573852062 0
Nov 24 12:21:18 standalone container-server[127010]: 172.20.0.100 - - [24/Nov/2025:12:21:18 +0000] "PUT /d1/375/AUTH_7296f95bfa0b4387993b88d76363e97a/gnocchi.3bfa4ac9-d913-4ba4-8ea0-d301900bb282/none_v3" 201 - "PUT http://172.18.0.2:8080/d1/601/AUTH_7296f95bfa0b4387993b88d76363e97a/gnocchi.3bfa4ac9-d913-4ba4-8ea0-d301900bb282/none_v3" "tx12d46210b3334ec0a638d-0069244dbe" "object-server 25" 0.0006 "-" 23 0
Nov 24 12:21:18 standalone object-server[127065]: 172.20.0.100 - - [24/Nov/2025:12:21:18 +0000] "PUT /d1/601/AUTH_7296f95bfa0b4387993b88d76363e97a/gnocchi.3bfa4ac9-d913-4ba4-8ea0-d301900bb282/none_v3" 201 - "PUT http://172.18.0.2:8080/v1/AUTH_7296f95bfa0b4387993b88d76363e97a/gnocchi.3bfa4ac9-d913-4ba4-8ea0-d301900bb282/none_v3" "tx12d46210b3334ec0a638d-0069244dbe" "proxy-server 20" 0.0207 "-" 25 0
Nov 24 12:21:18 standalone proxy-server[128935]: 172.18.0.2 172.18.0.100 24/Nov/2025/12/21/18 PUT /v1/AUTH_7296f95bfa0b4387993b88d76363e97a/gnocchi.3bfa4ac9-d913-4ba4-8ea0-d301900bb282/none_v3 HTTP/1.0 201 - python-swiftclient-3.11.1 gAAAAABpJE03h9O6... 46 - - tx12d46210b3334ec0a638d-0069244dbe - 0.0294 - - 1763986878.579676867 1763986878.609032393 0
Nov 24 12:21:19 standalone object-server[127064]: 172.20.0.100 - - [24/Nov/2025:12:21:19 +0000] "GET /d1/601/AUTH_7296f95bfa0b4387993b88d76363e97a/gnocchi.3bfa4ac9-d913-4ba4-8ea0-d301900bb282/none_v3" 200 46 "GET http://172.18.0.2:8080/v1/AUTH_7296f95bfa0b4387993b88d76363e97a/gnocchi.3bfa4ac9-d913-4ba4-8ea0-d301900bb282/none_v3" "tx59ca37bf18194792aedfc-0069244dbf" "proxy-server 20" 0.0008 "-" 24 0
Nov 24 12:21:19 standalone proxy-server[128935]: 172.18.0.2 172.18.0.100 24/Nov/2025/12/21/19 GET /v1/AUTH_7296f95bfa0b4387993b88d76363e97a/gnocchi.3bfa4ac9-d913-4ba4-8ea0-d301900bb282/none_v3 HTTP/1.0 200 - python-swiftclient-3.11.1 gAAAAABpJE03h9O6... - 46 - tx59ca37bf18194792aedfc-0069244dbf - 0.0070 - - 1763986879.174755096 1763986879.181784391 0
Nov 24 12:21:19 standalone container-server[127004]: 172.20.0.100 - - [24/Nov/2025:12:21:19 +0000] "GET /d1/375/AUTH_7296f95bfa0b4387993b88d76363e97a/gnocchi.3bfa4ac9-d913-4ba4-8ea0-d301900bb282" 200 357 "GET http://172.18.0.2:8080/v1/AUTH_7296f95bfa0b4387993b88d76363e97a/gnocchi.3bfa4ac9-d913-4ba4-8ea0-d301900bb282?format=json&states=listing" "tx9c3cfbced1a54c3688b4e-0069244dbf" "proxy-server 20" 0.0209 "-" 20 0
Nov 24 12:21:19 standalone proxy-server[128935]: 172.18.0.2 172.18.0.100 24/Nov/2025/12/21/19 GET /v1/AUTH_7296f95bfa0b4387993b88d76363e97a/gnocchi.3bfa4ac9-d913-4ba4-8ea0-d301900bb282%3Fformat%3Djson%26states%3Dlisting HTTP/1.0 200 - python-swiftclient-3.11.1 gAAAAABpJE03h9O6... - 357 - tx9c3cfbced1a54c3688b4e-0069244dbf - 0.0303 - - 1763986879.187562466 1763986879.217832088 0
Nov 24 12:21:19 standalone container-server[127009]: 172.20.0.100 - - [24/Nov/2025:12:21:19 +0000] "GET /d1/375/AUTH_7296f95bfa0b4387993b88d76363e97a/gnocchi.3bfa4ac9-d913-4ba4-8ea0-d301900bb282" 200 2 "GET http://172.18.0.2:8080/v1/AUTH_7296f95bfa0b4387993b88d76363e97a/gnocchi.3bfa4ac9-d913-4ba4-8ea0-d301900bb282?format=json&marker=none_v3&states=listing" "txc9dc76bd1bfb40cb9a635-0069244dbf" "proxy-server 20" 0.0024 "-" 22 0
Nov 24 12:21:19 standalone proxy-server[128935]: 172.18.0.2 172.18.0.100 24/Nov/2025/12/21/19 GET /v1/AUTH_7296f95bfa0b4387993b88d76363e97a/gnocchi.3bfa4ac9-d913-4ba4-8ea0-d301900bb282%3Fformat%3Djson%26marker%3Dnone_v3%26states%3Dlisting HTTP/1.0 200 - python-swiftclient-3.11.1 gAAAAABpJE03h9O6... - 2 - txc9dc76bd1bfb40cb9a635-0069244dbf - 0.0085 - - 1763986879.224449873 1763986879.232914448 0
Nov 24 12:21:19 standalone object-server[127062]: 172.20.0.100 - - [24/Nov/2025:12:21:19 +0000] "GET /d1/918/AUTH_7296f95bfa0b4387993b88d76363e97a/gnocchi.3bfa4ac9-d913-4ba4-8ea0-d301900bb282/1763640000.0_mean_300.0_v3" 200 16 "GET http://172.18.0.2:8080/v1/AUTH_7296f95bfa0b4387993b88d76363e97a/gnocchi.3bfa4ac9-d913-4ba4-8ea0-d301900bb282/1763640000.0_mean_300.0_v3" "txb6bc661d8daf493e9db86-0069244dbf" "proxy-server 20" 0.0016 "-" 23 0
Nov 24 12:21:19 standalone proxy-server[128935]: 172.18.0.2 172.18.0.100 24/Nov/2025/12/21/19 GET /v1/AUTH_7296f95bfa0b4387993b88d76363e97a/gnocchi.3bfa4ac9-d913-4ba4-8ea0-d301900bb282/1763640000.0_mean_300.0_v3 HTTP/1.0 200 - python-swiftclient-3.11.1 gAAAAABpJE03h9O6... - 16 - txb6bc661d8daf493e9db86-0069244dbf - 0.0102 - - 1763986879.239532471 1763986879.249744415 0
Nov 24 12:21:19 standalone container-server[127004]: 172.20.0.100 - - [24/Nov/2025:12:21:19 +0000] "PUT /d1/375/AUTH_7296f95bfa0b4387993b88d76363e97a/gnocchi.3bfa4ac9-d913-4ba4-8ea0-d301900bb282/1763640000.0_mean_300.0_v3" 201 - "PUT http://172.18.0.2:8080/d1/918/AUTH_7296f95bfa0b4387993b88d76363e97a/gnocchi.3bfa4ac9-d913-4ba4-8ea0-d301900bb282/1763640000.0_mean_300.0_v3" "txf6d92e67e54a4ed3ad5d0-0069244dbf" "object-server 22" 0.0010 "-" 20 0
Nov 24 12:21:19 standalone object-server[127058]: 172.20.0.100 - - [24/Nov/2025:12:21:19 +0000] "PUT /d1/918/AUTH_7296f95bfa0b4387993b88d76363e97a/gnocchi.3bfa4ac9-d913-4ba4-8ea0-d301900bb282/1763640000.0_mean_300.0_v3" 201 - "PUT http://172.18.0.2:8080/v1/AUTH_7296f95bfa0b4387993b88d76363e97a/gnocchi.3bfa4ac9-d913-4ba4-8ea0-d301900bb282/1763640000.0_mean_300.0_v3" "txf6d92e67e54a4ed3ad5d0-0069244dbf" "proxy-server 20" 0.0187 "-" 22 0
Nov 24 12:21:19 standalone proxy-server[128935]: 172.18.0.2 172.18.0.100 24/Nov/2025/12/21/19 PUT /v1/AUTH_7296f95bfa0b4387993b88d76363e97a/gnocchi.3bfa4ac9-d913-4ba4-8ea0-d301900bb282/1763640000.0_mean_300.0_v3 HTTP/1.0 201 - python-swiftclient-3.11.1 gAAAAABpJE03h9O6... 16 - - txf6d92e67e54a4ed3ad5d0-0069244dbf - 0.0245 - - 1763986879.255028963 1763986879.279571056 0
Nov 24 12:21:19 standalone container-server[127010]: 172.20.0.100 - - [24/Nov/2025:12:21:19 +0000] "PUT /d1/375/AUTH_7296f95bfa0b4387993b88d76363e97a/gnocchi.3bfa4ac9-d913-4ba4-8ea0-d301900bb282/none_v3" 201 - "PUT http://172.18.0.2:8080/d1/601/AUTH_7296f95bfa0b4387993b88d76363e97a/gnocchi.3bfa4ac9-d913-4ba4-8ea0-d301900bb282/none_v3" "tx627d6895a9024dad8c9a9-0069244dbf" "object-server 24" 0.0007 "-" 23 0
Nov 24 12:21:19 standalone object-server[127064]: 172.20.0.100 - - [24/Nov/2025:12:21:19 +0000] "PUT /d1/601/AUTH_7296f95bfa0b4387993b88d76363e97a/gnocchi.3bfa4ac9-d913-4ba4-8ea0-d301900bb282/none_v3" 201 - "PUT http://172.18.0.2:8080/v1/AUTH_7296f95bfa0b4387993b88d76363e97a/gnocchi.3bfa4ac9-d913-4ba4-8ea0-d301900bb282/none_v3" "tx627d6895a9024dad8c9a9-0069244dbf" "proxy-server 20" 0.0092 "-" 24 0
Nov 24 12:21:19 standalone proxy-server[128935]: 172.18.0.2 172.18.0.100 24/Nov/2025/12/21/19 PUT /v1/AUTH_7296f95bfa0b4387993b88d76363e97a/gnocchi.3bfa4ac9-d913-4ba4-8ea0-d301900bb282/none_v3 HTTP/1.0 201 - python-swiftclient-3.11.1 gAAAAABpJE03h9O6... 51 - - tx627d6895a9024dad8c9a9-0069244dbf - 0.0158 - - 1763986879.282775879 1763986879.298573017 0
Nov 24 12:21:22 standalone container-server[127010]: 172.20.0.100 - - [24/Nov/2025:12:21:22 +0000] "HEAD /d1/828/AUTH_7296f95bfa0b4387993b88d76363e97a/gnocchi.cc9b30fc-44ca-46eb-8df4-d955d6927152" 404 - "HEAD http://172.18.0.2:8080/v1/AUTH_7296f95bfa0b4387993b88d76363e97a/gnocchi.cc9b30fc-44ca-46eb-8df4-d955d6927152?format=json&states=listing" "tx3c5cee220a314b269c8b4-0069244dc2" "proxy-server 20" 0.0006 "-" 23 0
Nov 24 12:21:22 standalone object-server[127062]: 172.20.0.100 - - [24/Nov/2025:12:21:22 +0000] "GET /d1/811/AUTH_7296f95bfa0b4387993b88d76363e97a/gnocchi.cc9b30fc-44ca-46eb-8df4-d955d6927152/none_v3" 404 70 "GET http://172.18.0.2:8080/v1/AUTH_7296f95bfa0b4387993b88d76363e97a/gnocchi.cc9b30fc-44ca-46eb-8df4-d955d6927152/none_v3" "tx3c5cee220a314b269c8b4-0069244dc2" "proxy-server 20" 0.0007 "-" 23 0
Nov 24 12:21:22 standalone proxy-server[128935]: 172.18.0.2 172.18.0.100 24/Nov/2025/12/21/22 GET /v1/AUTH_7296f95bfa0b4387993b88d76363e97a/gnocchi.cc9b30fc-44ca-46eb-8df4-d955d6927152/none_v3 HTTP/1.0 404 - python-swiftclient-3.11.1 gAAAAABpJE03h9O6... - 70 - tx3c5cee220a314b269c8b4-0069244dc2 - 0.0143 - - 1763986882.133539677 1763986882.147886038 0
Nov 24 12:21:22 standalone account-server[126719]: 172.20.0.100 - - [24/Nov/2025:12:21:22 +0000] "PUT /d1/106/AUTH_7296f95bfa0b4387993b88d76363e97a/gnocchi.cc9b30fc-44ca-46eb-8df4-d955d6927152" 201 - "PUT http://172.20.0.100:6001/d1/828/AUTH_7296f95bfa0b4387993b88d76363e97a/gnocchi.cc9b30fc-44ca-46eb-8df4-d955d6927152" "txa74636a18bad41eb90d50-0069244dc2" "container-server 21" 0.0014 "-" 22 0
Nov 24 12:21:22 standalone container-server[127007]: 172.20.0.100 - - [24/Nov/2025:12:21:22 +0000] "PUT /d1/828/AUTH_7296f95bfa0b4387993b88d76363e97a/gnocchi.cc9b30fc-44ca-46eb-8df4-d955d6927152" 201 - "PUT http://172.18.0.2:8080/v1/AUTH_7296f95bfa0b4387993b88d76363e97a/gnocchi.cc9b30fc-44ca-46eb-8df4-d955d6927152" "txa74636a18bad41eb90d50-0069244dc2" "proxy-server 20" 0.0121 "-" 21 0
Nov 24 12:21:22 standalone proxy-server[128935]: 172.18.0.2 172.18.0.100 24/Nov/2025/12/21/22 PUT /v1/AUTH_7296f95bfa0b4387993b88d76363e97a/gnocchi.cc9b30fc-44ca-46eb-8df4-d955d6927152 HTTP/1.0 201 - python-swiftclient-3.11.1 gAAAAABpJE03h9O6... - - - txa74636a18bad41eb90d50-0069244dc2 - 0.0182 - - 1763986882.153121233 1763986882.171331167 0
Nov 24 12:21:22 standalone container-server[127004]: 172.20.0.100 - - [24/Nov/2025:12:21:22 +0000] "HEAD /d1/828/AUTH_7296f95bfa0b4387993b88d76363e97a/gnocchi.cc9b30fc-44ca-46eb-8df4-d955d6927152" 204 - "HEAD http://172.18.0.2:8080/v1/AUTH_7296f95bfa0b4387993b88d76363e97a/gnocchi.cc9b30fc-44ca-46eb-8df4-d955d6927152?format=json&states=listing" "txcf508471f03445e8a5cd9-0069244dc2" "proxy-server 20" 0.0012 "-" 20 0
Nov 24 12:21:22 standalone proxy-server[128935]: - - 24/Nov/2025/12/21/22 HEAD /v1/AUTH_7296f95bfa0b4387993b88d76363e97a/gnocchi.cc9b30fc-44ca-46eb-8df4-d955d6927152%3Fformat%3Djson%26states%3Dlisting HTTP/1.0 204 - Swift - - - - txcf508471f03445e8a5cd9-0069244dc2 - 0.0046 RL - 1763986882.175361633 1763986882.179958344 0
Nov 24 12:21:22 standalone container-server[127009]: 172.20.0.100 - - [24/Nov/2025:12:21:22 +0000] "GET /d1/828/AUTH_7296f95bfa0b4387993b88d76363e97a/gnocchi.cc9b30fc-44ca-46eb-8df4-d955d6927152" 200 2 "GET http://172.18.0.2:8080/v1/AUTH_7296f95bfa0b4387993b88d76363e97a/gnocchi.cc9b30fc-44ca-46eb-8df4-d955d6927152?format=json&states=listing" "txcf508471f03445e8a5cd9-0069244dc2" "proxy-server 20" 0.0021 "-" 22 0
Nov 24 12:21:22 standalone proxy-server[128935]: 172.18.0.2 172.18.0.100 24/Nov/2025/12/21/22 GET /v1/AUTH_7296f95bfa0b4387993b88d76363e97a/gnocchi.cc9b30fc-44ca-46eb-8df4-d955d6927152%3Fformat%3Djson%26states%3Dlisting HTTP/1.0 200 - python-swiftclient-3.11.1 gAAAAABpJE03h9O6... - 2 - txcf508471f03445e8a5cd9-0069244dc2 - 0.0134 - - 1763986882.174313068 1763986882.187663794 0
Nov 24 12:21:22 standalone object-server[127058]: 172.20.0.100 - - [24/Nov/2025:12:21:22 +0000] "GET /d1/311/AUTH_7296f95bfa0b4387993b88d76363e97a/gnocchi.cc9b30fc-44ca-46eb-8df4-d955d6927152/1763640000.0_mean_300.0_v3" 404 70 "GET http://172.18.0.2:8080/v1/AUTH_7296f95bfa0b4387993b88d76363e97a/gnocchi.cc9b30fc-44ca-46eb-8df4-d955d6927152/1763640000.0_mean_300.0_v3" "txfe5f495f823d4f638d9fa-0069244dc2" "proxy-server 20" 0.0003 "-" 22 0
Nov 24 12:21:22 standalone proxy-server[128935]: 172.18.0.2 172.18.0.100 24/Nov/2025/12/21/22 GET /v1/AUTH_7296f95bfa0b4387993b88d76363e97a/gnocchi.cc9b30fc-44ca-46eb-8df4-d955d6927152/1763640000.0_mean_300.0_v3 HTTP/1.0 404 - python-swiftclient-3.11.1 gAAAAABpJE03h9O6... - 70 - txfe5f495f823d4f638d9fa-0069244dc2 - 0.0049 - - 1763986882.190931797 1763986882.195803404 0
Nov 24 12:21:22 standalone container-server[127007]: 172.20.0.100 - - [24/Nov/2025:12:21:22 +0000] "PUT /d1/828/AUTH_7296f95bfa0b4387993b88d76363e97a/gnocchi.cc9b30fc-44ca-46eb-8df4-d955d6927152/1763640000.0_mean_300.0_v3" 201 - "PUT http://172.18.0.2:8080/d1/311/AUTH_7296f95bfa0b4387993b88d76363e97a/gnocchi.cc9b30fc-44ca-46eb-8df4-d955d6927152/1763640000.0_mean_300.0_v3" "tx95757116ef914ca9831db-0069244dc2" "object-server 24" 0.0006 "-" 21 0
Nov 24 12:21:22 standalone object-server[127064]: 172.20.0.100 - - [24/Nov/2025:12:21:22 +0000] "PUT /d1/311/AUTH_7296f95bfa0b4387993b88d76363e97a/gnocchi.cc9b30fc-44ca-46eb-8df4-d955d6927152/1763640000.0_mean_300.0_v3" 201 - "PUT http://172.18.0.2:8080/v1/AUTH_7296f95bfa0b4387993b88d76363e97a/gnocchi.cc9b30fc-44ca-46eb-8df4-d955d6927152/1763640000.0_mean_300.0_v3" "tx95757116ef914ca9831db-0069244dc2" "proxy-server 20" 0.0105 "-" 24 0
Nov 24 12:21:22 standalone proxy-server[128935]: 172.18.0.2 172.18.0.100 24/Nov/2025/12/21/22 PUT /v1/AUTH_7296f95bfa0b4387993b88d76363e97a/gnocchi.cc9b30fc-44ca-46eb-8df4-d955d6927152/1763640000.0_mean_300.0_v3 HTTP/1.0 201 - python-swiftclient-3.11.1 gAAAAABpJE03h9O6... 16 - - tx95757116ef914ca9831db-0069244dc2 - 0.0175 - - 1763986882.198340654 1763986882.215812206 0
Nov 24 12:21:22 standalone container-server[127004]: 172.20.0.100 - - [24/Nov/2025:12:21:22 +0000] "PUT /d1/828/AUTH_7296f95bfa0b4387993b88d76363e97a/gnocchi.cc9b30fc-44ca-46eb-8df4-d955d6927152/none_v3" 201 - "PUT http://172.18.0.2:8080/d1/811/AUTH_7296f95bfa0b4387993b88d76363e97a/gnocchi.cc9b30fc-44ca-46eb-8df4-d955d6927152/none_v3" "tx58489f2d99ea43a583b03-0069244dc2" "object-server 22" 0.0006 "-" 20 0
Nov 24 12:21:22 standalone object-server[127058]: 172.20.0.100 - - [24/Nov/2025:12:21:22 +0000] "PUT /d1/811/AUTH_7296f95bfa0b4387993b88d76363e97a/gnocchi.cc9b30fc-44ca-46eb-8df4-d955d6927152/none_v3" 201 - "PUT http://172.18.0.2:8080/v1/AUTH_7296f95bfa0b4387993b88d76363e97a/gnocchi.cc9b30fc-44ca-46eb-8df4-d955d6927152/none_v3" "tx58489f2d99ea43a583b03-0069244dc2" "proxy-server 20" 0.0074 "-" 22 0
Nov 24 12:21:22 standalone proxy-server[128935]: 172.18.0.2 172.18.0.100 24/Nov/2025/12/21/22 PUT /v1/AUTH_7296f95bfa0b4387993b88d76363e97a/gnocchi.cc9b30fc-44ca-46eb-8df4-d955d6927152/none_v3 HTTP/1.0 201 - python-swiftclient-3.11.1 gAAAAABpJE03h9O6... 22 - - tx58489f2d99ea43a583b03-0069244dc2 - 0.0172 - - 1763986882.222081423 1763986882.239327192 0
Nov 24 12:21:22 standalone container-server[127009]: 172.20.0.100 - - [24/Nov/2025:12:21:22 +0000] "HEAD /d1/839/AUTH_7296f95bfa0b4387993b88d76363e97a/gnocchi.002d4a0a-5014-4104-90e4-909eb0f3ab9a" 404 - "HEAD http://172.18.0.2:8080/v1/AUTH_7296f95bfa0b4387993b88d76363e97a/gnocchi.002d4a0a-5014-4104-90e4-909eb0f3ab9a?format=json&states=listing" "tx8e44dbe9635d438e90629-0069244dc2" "proxy-server 20" 0.0004 "-" 22 0
Nov 24 12:21:22 standalone object-server[127064]: 172.20.0.100 - - [24/Nov/2025:12:21:22 +0000] "GET /d1/944/AUTH_7296f95bfa0b4387993b88d76363e97a/gnocchi.002d4a0a-5014-4104-90e4-909eb0f3ab9a/none_v3" 404 70 "GET http://172.18.0.2:8080/v1/AUTH_7296f95bfa0b4387993b88d76363e97a/gnocchi.002d4a0a-5014-4104-90e4-909eb0f3ab9a/none_v3" "tx8e44dbe9635d438e90629-0069244dc2" "proxy-server 20" 0.0010 "-" 24 0
Nov 24 12:21:22 standalone proxy-server[128935]: 172.18.0.2 172.18.0.100 24/Nov/2025/12/21/22 GET /v1/AUTH_7296f95bfa0b4387993b88d76363e97a/gnocchi.002d4a0a-5014-4104-90e4-909eb0f3ab9a/none_v3 HTTP/1.0 404 - python-swiftclient-3.11.1 gAAAAABpJE03h9O6... - 70 - tx8e44dbe9635d438e90629-0069244dc2 - 0.0191 - - 1763986882.255411863 1763986882.274469137 0
Nov 24 12:21:22 standalone account-server[126719]: 172.20.0.100 - - [24/Nov/2025:12:21:22 +0000] "PUT /d1/106/AUTH_7296f95bfa0b4387993b88d76363e97a/gnocchi.002d4a0a-5014-4104-90e4-909eb0f3ab9a" 201 - "PUT http://172.20.0.100:6001/d1/839/AUTH_7296f95bfa0b4387993b88d76363e97a/gnocchi.002d4a0a-5014-4104-90e4-909eb0f3ab9a" "txd86d12e460e04a25b46b9-0069244dc2" "container-server 23" 0.0074 "-" 22 0
Nov 24 12:21:22 standalone container-server[127010]: 172.20.0.100 - - [24/Nov/2025:12:21:22 +0000] "PUT /d1/839/AUTH_7296f95bfa0b4387993b88d76363e97a/gnocchi.002d4a0a-5014-4104-90e4-909eb0f3ab9a" 201 - "PUT http://172.18.0.2:8080/v1/AUTH_7296f95bfa0b4387993b88d76363e97a/gnocchi.002d4a0a-5014-4104-90e4-909eb0f3ab9a" "txd86d12e460e04a25b46b9-0069244dc2" "proxy-server 20" 0.0261 "-" 23 0
Nov 24 12:21:22 standalone proxy-server[128935]: 172.18.0.2 172.18.0.100 24/Nov/2025/12/21/22 PUT /v1/AUTH_7296f95bfa0b4387993b88d76363e97a/gnocchi.002d4a0a-5014-4104-90e4-909eb0f3ab9a HTTP/1.0 201 - python-swiftclient-3.11.1 gAAAAABpJE03h9O6... - - - txd86d12e460e04a25b46b9-0069244dc2 - 0.0369 - - 1763986882.278674841 1763986882.315610647 0
Nov 24 12:21:22 standalone container-server[127004]: 172.20.0.100 - - [24/Nov/2025:12:21:22 +0000] "HEAD /d1/839/AUTH_7296f95bfa0b4387993b88d76363e97a/gnocchi.002d4a0a-5014-4104-90e4-909eb0f3ab9a" 204 - "HEAD http://172.18.0.2:8080/v1/AUTH_7296f95bfa0b4387993b88d76363e97a/gnocchi.002d4a0a-5014-4104-90e4-909eb0f3ab9a?format=json&states=listing" "tx3e06b7f8bc554cdea8ab0-0069244dc2" "proxy-server 20" 0.0012 "-" 20 0
Nov 24 12:21:22 standalone proxy-server[128935]: - - 24/Nov/2025/12/21/22 HEAD /v1/AUTH_7296f95bfa0b4387993b88d76363e97a/gnocchi.002d4a0a-5014-4104-90e4-909eb0f3ab9a%3Fformat%3Djson%26states%3Dlisting HTTP/1.0 204 - Swift - - - - tx3e06b7f8bc554cdea8ab0-0069244dc2 - 0.0048 RL - 1763986882.324446440 1763986882.329217196 0
Nov 24 12:21:22 standalone container-server[127004]: 172.20.0.100 - - [24/Nov/2025:12:21:22 +0000] "GET /d1/839/AUTH_7296f95bfa0b4387993b88d76363e97a/gnocchi.002d4a0a-5014-4104-90e4-909eb0f3ab9a" 200 2 "GET http://172.18.0.2:8080/v1/AUTH_7296f95bfa0b4387993b88d76363e97a/gnocchi.002d4a0a-5014-4104-90e4-909eb0f3ab9a?format=json&states=listing" "tx3e06b7f8bc554cdea8ab0-0069244dc2" "proxy-server 20" 0.0019 "-" 20 0
Nov 24 12:21:22 standalone proxy-server[128935]: 172.18.0.2 172.18.0.100 24/Nov/2025/12/21/22 GET /v1/AUTH_7296f95bfa0b4387993b88d76363e97a/gnocchi.002d4a0a-5014-4104-90e4-909eb0f3ab9a%3Fformat%3Djson%26states%3Dlisting HTTP/1.0 200 - python-swiftclient-3.11.1 gAAAAABpJE03h9O6... - 2 - tx3e06b7f8bc554cdea8ab0-0069244dc2 - 0.0124 - - 1763986882.323197365 1763986882.335618734 0
Nov 24 12:21:22 standalone object-server[127062]: 172.20.0.100 - - [24/Nov/2025:12:21:22 +0000] "GET /d1/234/AUTH_7296f95bfa0b4387993b88d76363e97a/gnocchi.002d4a0a-5014-4104-90e4-909eb0f3ab9a/1763640000.0_mean_300.0_v3" 404 70 "GET http://172.18.0.2:8080/v1/AUTH_7296f95bfa0b4387993b88d76363e97a/gnocchi.002d4a0a-5014-4104-90e4-909eb0f3ab9a/1763640000.0_mean_300.0_v3" "tx93d55c603e5c4f62b71dd-0069244dc2" "proxy-server 20" 0.0003 "-" 23 0
Nov 24 12:21:22 standalone proxy-server[128935]: 172.18.0.2 172.18.0.100 24/Nov/2025/12/21/22 GET /v1/AUTH_7296f95bfa0b4387993b88d76363e97a/gnocchi.002d4a0a-5014-4104-90e4-909eb0f3ab9a/1763640000.0_mean_300.0_v3 HTTP/1.0 404 - python-swiftclient-3.11.1 gAAAAABpJE03h9O6... - 70 - tx93d55c603e5c4f62b71dd-0069244dc2 - 0.0050 - - 1763986882.339467525 1763986882.344478607 0
Nov 24 12:21:22 standalone container-server[127007]: 172.20.0.100 - - [24/Nov/2025:12:21:22 +0000] "PUT /d1/839/AUTH_7296f95bfa0b4387993b88d76363e97a/gnocchi.002d4a0a-5014-4104-90e4-909eb0f3ab9a/1763640000.0_mean_300.0_v3" 201 - "PUT http://172.18.0.2:8080/d1/234/AUTH_7296f95bfa0b4387993b88d76363e97a/gnocchi.002d4a0a-5014-4104-90e4-909eb0f3ab9a/1763640000.0_mean_300.0_v3" "tx70f3648ffac44f9fb165f-0069244dc2" "object-server 25" 0.0015 "-" 21 0
Nov 24 12:21:22 standalone object-server[127065]: 172.20.0.100 - - [24/Nov/2025:12:21:22 +0000] "PUT /d1/234/AUTH_7296f95bfa0b4387993b88d76363e97a/gnocchi.002d4a0a-5014-4104-90e4-909eb0f3ab9a/1763640000.0_mean_300.0_v3" 201 - "PUT http://172.18.0.2:8080/v1/AUTH_7296f95bfa0b4387993b88d76363e97a/gnocchi.002d4a0a-5014-4104-90e4-909eb0f3ab9a/1763640000.0_mean_300.0_v3" "tx70f3648ffac44f9fb165f-0069244dc2" "proxy-server 20" 0.0103 "-" 25 0
Nov 24 12:21:22 standalone proxy-server[128935]: 172.18.0.2 172.18.0.100 24/Nov/2025/12/21/22 PUT /v1/AUTH_7296f95bfa0b4387993b88d76363e97a/gnocchi.002d4a0a-5014-4104-90e4-909eb0f3ab9a/1763640000.0_mean_300.0_v3 HTTP/1.0 201 - python-swiftclient-3.11.1 gAAAAABpJE03h9O6... 16 - - tx70f3648ffac44f9fb165f-0069244dc2 - 0.0155 - - 1763986882.348791361 1763986882.364333630 0
Nov 24 12:21:22 standalone container-server[127007]: 172.20.0.100 - - [24/Nov/2025:12:21:22 +0000] "PUT /d1/839/AUTH_7296f95bfa0b4387993b88d76363e97a/gnocchi.002d4a0a-5014-4104-90e4-909eb0f3ab9a/none_v3" 201 - "PUT http://172.18.0.2:8080/d1/944/AUTH_7296f95bfa0b4387993b88d76363e97a/gnocchi.002d4a0a-5014-4104-90e4-909eb0f3ab9a/none_v3" "tx0f7329d31dcb4b22a7618-0069244dc2" "object-server 22" 0.0010 "-" 21 0
Nov 24 12:21:22 standalone object-server[127058]: 172.20.0.100 - - [24/Nov/2025:12:21:22 +0000] "PUT /d1/944/AUTH_7296f95bfa0b4387993b88d76363e97a/gnocchi.002d4a0a-5014-4104-90e4-909eb0f3ab9a/none_v3" 201 - "PUT http://172.18.0.2:8080/v1/AUTH_7296f95bfa0b4387993b88d76363e97a/gnocchi.002d4a0a-5014-4104-90e4-909eb0f3ab9a/none_v3" "tx0f7329d31dcb4b22a7618-0069244dc2" "proxy-server 20" 0.0104 "-" 22 0
Nov 24 12:21:22 standalone proxy-server[128935]: 172.18.0.2 172.18.0.100 24/Nov/2025/12/21/22 PUT /v1/AUTH_7296f95bfa0b4387993b88d76363e97a/gnocchi.002d4a0a-5014-4104-90e4-909eb0f3ab9a/none_v3 HTTP/1.0 201 - python-swiftclient-3.11.1 gAAAAABpJE03h9O6... 22 - - tx0f7329d31dcb4b22a7618-0069244dc2 - 0.0170 - - 1763986882.369244576 1763986882.386286497 0
Nov 24 12:21:22 standalone container-server[127004]: 172.20.0.100 - - [24/Nov/2025:12:21:22 +0000] "HEAD /d1/814/AUTH_7296f95bfa0b4387993b88d76363e97a/gnocchi.92ab2684-1d00-4c5b-b143-2ed578afb284" 404 - "HEAD http://172.18.0.2:8080/v1/AUTH_7296f95bfa0b4387993b88d76363e97a/gnocchi.92ab2684-1d00-4c5b-b143-2ed578afb284?format=json&states=listing" "tx860590e2362e49c1a6343-0069244dc2" "proxy-server 20" 0.0003 "-" 20 0
Nov 24 12:21:22 standalone object-server[127058]: 172.20.0.100 - - [24/Nov/2025:12:21:22 +0000] "GET /d1/892/AUTH_7296f95bfa0b4387993b88d76363e97a/gnocchi.92ab2684-1d00-4c5b-b143-2ed578afb284/none_v3" 404 70 "GET http://172.18.0.2:8080/v1/AUTH_7296f95bfa0b4387993b88d76363e97a/gnocchi.92ab2684-1d00-4c5b-b143-2ed578afb284/none_v3" "tx860590e2362e49c1a6343-0069244dc2" "proxy-server 20" 0.0003 "-" 22 0
Nov 24 12:21:22 standalone proxy-server[128935]: 172.18.0.2 172.18.0.100 24/Nov/2025/12/21/22 GET /v1/AUTH_7296f95bfa0b4387993b88d76363e97a/gnocchi.92ab2684-1d00-4c5b-b143-2ed578afb284/none_v3 HTTP/1.0 404 - python-swiftclient-3.11.1 gAAAAABpJE03h9O6... - 70 - tx860590e2362e49c1a6343-0069244dc2 - 0.0176 - - 1763986882.403452158 1763986882.421102047 0
Nov 24 12:21:22 standalone account-server[126724]: 172.20.0.100 - - [24/Nov/2025:12:21:22 +0000] "PUT /d1/106/AUTH_7296f95bfa0b4387993b88d76363e97a/gnocchi.92ab2684-1d00-4c5b-b143-2ed578afb284" 201 - "PUT http://172.20.0.100:6001/d1/814/AUTH_7296f95bfa0b4387993b88d76363e97a/gnocchi.92ab2684-1d00-4c5b-b143-2ed578afb284" "txb837e46539484837a6823-0069244dc2" "container-server 20" 0.0168 "-" 23 0
Nov 24 12:21:22 standalone container-server[127004]: 172.20.0.100 - - [24/Nov/2025:12:21:22 +0000] "PUT /d1/814/AUTH_7296f95bfa0b4387993b88d76363e97a/gnocchi.92ab2684-1d00-4c5b-b143-2ed578afb284" 201 - "PUT http://172.18.0.2:8080/v1/AUTH_7296f95bfa0b4387993b88d76363e97a/gnocchi.92ab2684-1d00-4c5b-b143-2ed578afb284" "txb837e46539484837a6823-0069244dc2" "proxy-server 20" 0.0403 "-" 20 0
Nov 24 12:21:22 standalone proxy-server[128935]: 172.18.0.2 172.18.0.100 24/Nov/2025/12/21/22 PUT /v1/AUTH_7296f95bfa0b4387993b88d76363e97a/gnocchi.92ab2684-1d00-4c5b-b143-2ed578afb284 HTTP/1.0 201 - python-swiftclient-3.11.1 gAAAAABpJE03h9O6... - - - txb837e46539484837a6823-0069244dc2 - 0.0523 - - 1763986882.427157164 1763986882.479435921 0
Nov 24 12:21:22 standalone container-server[127009]: 172.20.0.100 - - [24/Nov/2025:12:21:22 +0000] "HEAD /d1/814/AUTH_7296f95bfa0b4387993b88d76363e97a/gnocchi.92ab2684-1d00-4c5b-b143-2ed578afb284" 204 - "HEAD http://172.18.0.2:8080/v1/AUTH_7296f95bfa0b4387993b88d76363e97a/gnocchi.92ab2684-1d00-4c5b-b143-2ed578afb284?format=json&states=listing" "tx8be6247762e04b6ab921e-0069244dc2" "proxy-server 20" 0.0016 "-" 22 0
Nov 24 12:21:22 standalone proxy-server[128935]: - - 24/Nov/2025/12/21/22 HEAD /v1/AUTH_7296f95bfa0b4387993b88d76363e97a/gnocchi.92ab2684-1d00-4c5b-b143-2ed578afb284%3Fformat%3Djson%26states%3Dlisting HTTP/1.0 204 - Swift - - - - tx8be6247762e04b6ab921e-0069244dc2 - 0.0088 RL - 1763986882.495688677 1763986882.504477978 0
Nov 24 12:21:22 standalone container-server[127007]: 172.20.0.100 - - [24/Nov/2025:12:21:22 +0000] "GET /d1/814/AUTH_7296f95bfa0b4387993b88d76363e97a/gnocchi.92ab2684-1d00-4c5b-b143-2ed578afb284" 200 2 "GET http://172.18.0.2:8080/v1/AUTH_7296f95bfa0b4387993b88d76363e97a/gnocchi.92ab2684-1d00-4c5b-b143-2ed578afb284?format=json&states=listing" "tx8be6247762e04b6ab921e-0069244dc2" "proxy-server 20" 0.0040 "-" 21 0
Nov 24 12:21:22 standalone proxy-server[128935]: 172.18.0.2 172.18.0.100 24/Nov/2025/12/21/22 GET /v1/AUTH_7296f95bfa0b4387993b88d76363e97a/gnocchi.92ab2684-1d00-4c5b-b143-2ed578afb284%3Fformat%3Djson%26states%3Dlisting HTTP/1.0 200 - python-swiftclient-3.11.1 gAAAAABpJE03h9O6... - 2 - tx8be6247762e04b6ab921e-0069244dc2 - 0.0224 - - 1763986882.493068695 1763986882.515444279 0
Nov 24 12:21:22 standalone object-server[127062]: 172.20.0.100 - - [24/Nov/2025:12:21:22 +0000] "GET /d1/921/AUTH_7296f95bfa0b4387993b88d76363e97a/gnocchi.92ab2684-1d00-4c5b-b143-2ed578afb284/1763640000.0_mean_300.0_v3" 404 70 "GET http://172.18.0.2:8080/v1/AUTH_7296f95bfa0b4387993b88d76363e97a/gnocchi.92ab2684-1d00-4c5b-b143-2ed578afb284/1763640000.0_mean_300.0_v3" "tx79320bf025ae4a7990f90-0069244dc2" "proxy-server 20" 0.0005 "-" 23 0
Nov 24 12:21:22 standalone proxy-server[128935]: 172.18.0.2 172.18.0.100 24/Nov/2025/12/21/22 GET /v1/AUTH_7296f95bfa0b4387993b88d76363e97a/gnocchi.92ab2684-1d00-4c5b-b143-2ed578afb284/1763640000.0_mean_300.0_v3 HTTP/1.0 404 - python-swiftclient-3.11.1 gAAAAABpJE03h9O6... - 70 - tx79320bf025ae4a7990f90-0069244dc2 - 0.0117 - - 1763986882.522116899 1763986882.533808470 0
Nov 24 12:21:22 standalone container-server[127010]: 172.20.0.100 - - [24/Nov/2025:12:21:22 +0000] "PUT /d1/814/AUTH_7296f95bfa0b4387993b88d76363e97a/gnocchi.92ab2684-1d00-4c5b-b143-2ed578afb284/1763640000.0_mean_300.0_v3" 201 - "PUT http://172.18.0.2:8080/d1/921/AUTH_7296f95bfa0b4387993b88d76363e97a/gnocchi.92ab2684-1d00-4c5b-b143-2ed578afb284/1763640000.0_mean_300.0_v3" "txd432e0b4bb4946cb85149-0069244dc2" "object-server 25" 0.0008 "-" 23 0
Nov 24 12:21:22 standalone object-server[127065]: 172.20.0.100 - - [24/Nov/2025:12:21:22 +0000] "PUT /d1/921/AUTH_7296f95bfa0b4387993b88d76363e97a/gnocchi.92ab2684-1d00-4c5b-b143-2ed578afb284/1763640000.0_mean_300.0_v3" 201 - "PUT http://172.18.0.2:8080/v1/AUTH_7296f95bfa0b4387993b88d76363e97a/gnocchi.92ab2684-1d00-4c5b-b143-2ed578afb284/1763640000.0_mean_300.0_v3" "txd432e0b4bb4946cb85149-0069244dc2" "proxy-server 20" 0.0643 "-" 25 0
Nov 24 12:21:22 standalone proxy-server[128935]: 172.18.0.2 172.18.0.100 24/Nov/2025/12/21/22 PUT /v1/AUTH_7296f95bfa0b4387993b88d76363e97a/gnocchi.92ab2684-1d00-4c5b-b143-2ed578afb284/1763640000.0_mean_300.0_v3 HTTP/1.0 201 - python-swiftclient-3.11.1 gAAAAABpJE03h9O6... 16 - - txd432e0b4bb4946cb85149-0069244dc2 - 0.0739 - - 1763986882.540662766 1763986882.614528418 0
