Nov 24 12:20:12 standalone container-server[127004]: 172.20.0.100 - - [24/Nov/2025:12:20:12 +0000] "PUT /d1/508/AUTH_7296f95bfa0b4387993b88d76363e97a/gnocchi.1f02ce18-c1e1-4621-8ee9-16730f0a5e1c/none_v3" 201 - "PUT http://172.18.0.2:8080/d1/418/AUTH_7296f95bfa0b4387993b88d76363e97a/gnocchi.1f02ce18-c1e1-4621-8ee9-16730f0a5e1c/none_v3" "tx9dcfee4f9f6e4f49b7b26-0069244d7c" "object-server 25" 0.0005 "-" 20 0
Nov 24 12:20:12 standalone object-server[127065]: 172.20.0.100 - - [24/Nov/2025:12:20:12 +0000] "PUT /d1/418/AUTH_7296f95bfa0b4387993b88d76363e97a/gnocchi.1f02ce18-c1e1-4621-8ee9-16730f0a5e1c/none_v3" 201 - "PUT http://172.18.0.2:8080/v1/AUTH_7296f95bfa0b4387993b88d76363e97a/gnocchi.1f02ce18-c1e1-4621-8ee9-16730f0a5e1c/none_v3" "tx9dcfee4f9f6e4f49b7b26-0069244d7c" "proxy-server 20" 0.0106 "-" 25 0
Nov 24 12:20:12 standalone proxy-server[128935]: 172.18.0.2 172.18.0.100 24/Nov/2025/12/20/12 PUT /v1/AUTH_7296f95bfa0b4387993b88d76363e97a/gnocchi.1f02ce18-c1e1-4621-8ee9-16730f0a5e1c/none_v3 HTTP/1.0 201 - python-swiftclient-3.11.1 gAAAAABpJE03h9O6... 22 - - tx9dcfee4f9f6e4f49b7b26-0069244d7c - 0.0258 - - 1763986812.099480391 1763986812.125319242 0
Nov 24 12:20:12 standalone container-server[127010]: 172.20.0.100 - - [24/Nov/2025:12:20:12 +0000] "HEAD /d1/610/AUTH_7296f95bfa0b4387993b88d76363e97a/gnocchi.7e20af37-984b-4381-b1df-a149f6867a1b" 404 - "HEAD http://172.18.0.2:8080/v1/AUTH_7296f95bfa0b4387993b88d76363e97a/gnocchi.7e20af37-984b-4381-b1df-a149f6867a1b?format=json&states=listing" "tx2de8f467c47640548b1ba-0069244d7c" "proxy-server 20" 0.0005 "-" 23 0
Nov 24 12:20:12 standalone object-server[127058]: 172.20.0.100 - - [24/Nov/2025:12:20:12 +0000] "GET /d1/287/AUTH_7296f95bfa0b4387993b88d76363e97a/gnocchi.7e20af37-984b-4381-b1df-a149f6867a1b/none_v3" 404 70 "GET http://172.18.0.2:8080/v1/AUTH_7296f95bfa0b4387993b88d76363e97a/gnocchi.7e20af37-984b-4381-b1df-a149f6867a1b/none_v3" "tx2de8f467c47640548b1ba-0069244d7c" "proxy-server 20" 0.0010 "-" 22 0
Nov 24 12:20:12 standalone proxy-server[128935]: 172.18.0.2 172.18.0.100 24/Nov/2025/12/20/12 GET /v1/AUTH_7296f95bfa0b4387993b88d76363e97a/gnocchi.7e20af37-984b-4381-b1df-a149f6867a1b/none_v3 HTTP/1.0 404 - python-swiftclient-3.11.1 gAAAAABpJE03h9O6... - 70 - tx2de8f467c47640548b1ba-0069244d7c - 0.0145 - - 1763986812.140251637 1763986812.154777288 0
Nov 24 12:20:12 standalone account-server[126719]: 172.20.0.100 - - [24/Nov/2025:12:20:12 +0000] "PUT /d1/106/AUTH_7296f95bfa0b4387993b88d76363e97a/gnocchi.7e20af37-984b-4381-b1df-a149f6867a1b" 201 - "PUT http://172.20.0.100:6001/d1/610/AUTH_7296f95bfa0b4387993b88d76363e97a/gnocchi.7e20af37-984b-4381-b1df-a149f6867a1b" "txf8013d96dd724eb589dd9-0069244d7c" "container-server 22" 0.0067 "-" 22 0
Nov 24 12:20:12 standalone container-server[127009]: 172.20.0.100 - - [24/Nov/2025:12:20:12 +0000] "PUT /d1/610/AUTH_7296f95bfa0b4387993b88d76363e97a/gnocchi.7e20af37-984b-4381-b1df-a149f6867a1b" 201 - "PUT http://172.18.0.2:8080/v1/AUTH_7296f95bfa0b4387993b88d76363e97a/gnocchi.7e20af37-984b-4381-b1df-a149f6867a1b" "txf8013d96dd724eb589dd9-0069244d7c" "proxy-server 20" 0.0210 "-" 22 0
Nov 24 12:20:12 standalone proxy-server[128935]: 172.18.0.2 172.18.0.100 24/Nov/2025/12/20/12 PUT /v1/AUTH_7296f95bfa0b4387993b88d76363e97a/gnocchi.7e20af37-984b-4381-b1df-a149f6867a1b HTTP/1.0 201 - python-swiftclient-3.11.1 gAAAAABpJE03h9O6... - - - txf8013d96dd724eb589dd9-0069244d7c - 0.0352 - - 1763986812.157313108 1763986812.192466259 0
Nov 24 12:20:12 standalone container-server[127009]: 172.20.0.100 - - [24/Nov/2025:12:20:12 +0000] "HEAD /d1/610/AUTH_7296f95bfa0b4387993b88d76363e97a/gnocchi.7e20af37-984b-4381-b1df-a149f6867a1b" 204 - "HEAD http://172.18.0.2:8080/v1/AUTH_7296f95bfa0b4387993b88d76363e97a/gnocchi.7e20af37-984b-4381-b1df-a149f6867a1b?format=json&states=listing" "tx1b1a7fb48baa47d39d6a0-0069244d7c" "proxy-server 20" 0.0025 "-" 22 0
Nov 24 12:20:12 standalone proxy-server[128935]: - - 24/Nov/2025/12/20/12 HEAD /v1/AUTH_7296f95bfa0b4387993b88d76363e97a/gnocchi.7e20af37-984b-4381-b1df-a149f6867a1b%3Fformat%3Djson%26states%3Dlisting HTTP/1.0 204 - Swift - - - - tx1b1a7fb48baa47d39d6a0-0069244d7c - 0.0096 RL - 1763986812.206286192 1763986812.215861797 0
Nov 24 12:20:12 standalone container-server[127004]: 172.20.0.100 - - [24/Nov/2025:12:20:12 +0000] "GET /d1/610/AUTH_7296f95bfa0b4387993b88d76363e97a/gnocchi.7e20af37-984b-4381-b1df-a149f6867a1b" 200 2 "GET http://172.18.0.2:8080/v1/AUTH_7296f95bfa0b4387993b88d76363e97a/gnocchi.7e20af37-984b-4381-b1df-a149f6867a1b?format=json&states=listing" "tx1b1a7fb48baa47d39d6a0-0069244d7c" "proxy-server 20" 0.0018 "-" 20 0
Nov 24 12:20:12 standalone proxy-server[128935]: 172.18.0.2 172.18.0.100 24/Nov/2025/12/20/12 GET /v1/AUTH_7296f95bfa0b4387993b88d76363e97a/gnocchi.7e20af37-984b-4381-b1df-a149f6867a1b%3Fformat%3Djson%26states%3Dlisting HTTP/1.0 200 - python-swiftclient-3.11.1 gAAAAABpJE03h9O6... - 2 - tx1b1a7fb48baa47d39d6a0-0069244d7c - 0.0249 - - 1763986812.203341722 1763986812.228282690 0
Nov 24 12:20:12 standalone object-server[127058]: 172.20.0.100 - - [24/Nov/2025:12:20:12 +0000] "GET /d1/236/AUTH_7296f95bfa0b4387993b88d76363e97a/gnocchi.7e20af37-984b-4381-b1df-a149f6867a1b/1763640000.0_mean_300.0_v3" 404 70 "GET http://172.18.0.2:8080/v1/AUTH_7296f95bfa0b4387993b88d76363e97a/gnocchi.7e20af37-984b-4381-b1df-a149f6867a1b/1763640000.0_mean_300.0_v3" "tx27d55f6dc9574489897a2-0069244d7c" "proxy-server 20" 0.0004 "-" 22 0
Nov 24 12:20:12 standalone proxy-server[128935]: 172.18.0.2 172.18.0.100 24/Nov/2025/12/20/12 GET /v1/AUTH_7296f95bfa0b4387993b88d76363e97a/gnocchi.7e20af37-984b-4381-b1df-a149f6867a1b/1763640000.0_mean_300.0_v3 HTTP/1.0 404 - python-swiftclient-3.11.1 gAAAAABpJE03h9O6... - 70 - tx27d55f6dc9574489897a2-0069244d7c - 0.0095 - - 1763986812.236419916 1763986812.245958567 0
Nov 24 12:20:12 standalone container-server[127009]: 172.20.0.100 - - [24/Nov/2025:12:20:12 +0000] "PUT /d1/610/AUTH_7296f95bfa0b4387993b88d76363e97a/gnocchi.7e20af37-984b-4381-b1df-a149f6867a1b/1763640000.0_mean_300.0_v3" 201 - "PUT http://172.18.0.2:8080/d1/236/AUTH_7296f95bfa0b4387993b88d76363e97a/gnocchi.7e20af37-984b-4381-b1df-a149f6867a1b/1763640000.0_mean_300.0_v3" "txab015393ea7c4e2195c6f-0069244d7c" "object-server 25" 0.0011 "-" 22 0
Nov 24 12:20:12 standalone object-server[127065]: 172.20.0.100 - - [24/Nov/2025:12:20:12 +0000] "PUT /d1/236/AUTH_7296f95bfa0b4387993b88d76363e97a/gnocchi.7e20af37-984b-4381-b1df-a149f6867a1b/1763640000.0_mean_300.0_v3" 201 - "PUT http://172.18.0.2:8080/v1/AUTH_7296f95bfa0b4387993b88d76363e97a/gnocchi.7e20af37-984b-4381-b1df-a149f6867a1b/1763640000.0_mean_300.0_v3" "txab015393ea7c4e2195c6f-0069244d7c" "proxy-server 20" 0.0197 "-" 25 0
Nov 24 12:20:12 standalone proxy-server[128935]: 172.18.0.2 172.18.0.100 24/Nov/2025/12/20/12 PUT /v1/AUTH_7296f95bfa0b4387993b88d76363e97a/gnocchi.7e20af37-984b-4381-b1df-a149f6867a1b/1763640000.0_mean_300.0_v3 HTTP/1.0 201 - python-swiftclient-3.11.1 gAAAAABpJE03h9O6... 16 - - txab015393ea7c4e2195c6f-0069244d7c - 0.0295 - - 1763986812.250987768 1763986812.280491114 0
Nov 24 12:20:12 standalone container-server[127004]: 172.20.0.100 - - [24/Nov/2025:12:20:12 +0000] "PUT /d1/610/AUTH_7296f95bfa0b4387993b88d76363e97a/gnocchi.7e20af37-984b-4381-b1df-a149f6867a1b/none_v3" 201 - "PUT http://172.18.0.2:8080/d1/287/AUTH_7296f95bfa0b4387993b88d76363e97a/gnocchi.7e20af37-984b-4381-b1df-a149f6867a1b/none_v3" "txeb56d9c26b4346409354f-0069244d7c" "object-server 22" 0.0006 "-" 20 0
Nov 24 12:20:12 standalone object-server[127058]: 172.20.0.100 - - [24/Nov/2025:12:20:12 +0000] "PUT /d1/287/AUTH_7296f95bfa0b4387993b88d76363e97a/gnocchi.7e20af37-984b-4381-b1df-a149f6867a1b/none_v3" 201 - "PUT http://172.18.0.2:8080/v1/AUTH_7296f95bfa0b4387993b88d76363e97a/gnocchi.7e20af37-984b-4381-b1df-a149f6867a1b/none_v3" "txeb56d9c26b4346409354f-0069244d7c" "proxy-server 20" 0.0099 "-" 22 0
Nov 24 12:20:12 standalone proxy-server[128935]: 172.18.0.2 172.18.0.100 24/Nov/2025/12/20/12 PUT /v1/AUTH_7296f95bfa0b4387993b88d76363e97a/gnocchi.7e20af37-984b-4381-b1df-a149f6867a1b/none_v3 HTTP/1.0 201 - python-swiftclient-3.11.1 gAAAAABpJE03h9O6... 22 - - txeb56d9c26b4346409354f-0069244d7c - 0.0198 - - 1763986812.287587643 1763986812.307378769 0
Nov 24 12:20:12 standalone container-server[127004]: 172.20.0.100 - - [24/Nov/2025:12:20:12 +0000] "HEAD /d1/787/AUTH_7296f95bfa0b4387993b88d76363e97a/gnocchi.aa70a26b-c6c3-4705-88a1-e64f5c82ae22" 404 - "HEAD http://172.18.0.2:8080/v1/AUTH_7296f95bfa0b4387993b88d76363e97a/gnocchi.aa70a26b-c6c3-4705-88a1-e64f5c82ae22?format=json&states=listing" "tx4c46eff90e2e496591a95-0069244d7c" "proxy-server 20" 0.0003 "-" 20 0
Nov 24 12:20:12 standalone object-server[127064]: 172.20.0.100 - - [24/Nov/2025:12:20:12 +0000] "GET /d1/10/AUTH_7296f95bfa0b4387993b88d76363e97a/gnocchi.aa70a26b-c6c3-4705-88a1-e64f5c82ae22/none_v3" 404 70 "GET http://172.18.0.2:8080/v1/AUTH_7296f95bfa0b4387993b88d76363e97a/gnocchi.aa70a26b-c6c3-4705-88a1-e64f5c82ae22/none_v3" "tx4c46eff90e2e496591a95-0069244d7c" "proxy-server 20" 0.0007 "-" 24 0
Nov 24 12:20:12 standalone proxy-server[128935]: 172.18.0.2 172.18.0.100 24/Nov/2025/12/20/12 GET /v1/AUTH_7296f95bfa0b4387993b88d76363e97a/gnocchi.aa70a26b-c6c3-4705-88a1-e64f5c82ae22/none_v3 HTTP/1.0 404 - python-swiftclient-3.11.1 gAAAAABpJE03h9O6... - 70 - tx4c46eff90e2e496591a95-0069244d7c - 0.0219 - - 1763986812.324900150 1763986812.346831322 0
Nov 24 12:20:12 standalone account-server[126719]: 172.20.0.100 - - [24/Nov/2025:12:20:12 +0000] "PUT /d1/106/AUTH_7296f95bfa0b4387993b88d76363e97a/gnocchi.aa70a26b-c6c3-4705-88a1-e64f5c82ae22" 201 - "PUT http://172.20.0.100:6001/d1/787/AUTH_7296f95bfa0b4387993b88d76363e97a/gnocchi.aa70a26b-c6c3-4705-88a1-e64f5c82ae22" "txfaa7647f49454a80aa445-0069244d7c" "container-server 23" 0.0069 "-" 22 0
Nov 24 12:20:12 standalone container-server[127010]: 172.20.0.100 - - [24/Nov/2025:12:20:12 +0000] "PUT /d1/787/AUTH_7296f95bfa0b4387993b88d76363e97a/gnocchi.aa70a26b-c6c3-4705-88a1-e64f5c82ae22" 201 - "PUT http://172.18.0.2:8080/v1/AUTH_7296f95bfa0b4387993b88d76363e97a/gnocchi.aa70a26b-c6c3-4705-88a1-e64f5c82ae22" "txfaa7647f49454a80aa445-0069244d7c" "proxy-server 20" 0.0220 "-" 23 0
Nov 24 12:20:12 standalone proxy-server[128935]: 172.18.0.2 172.18.0.100 24/Nov/2025/12/20/12 PUT /v1/AUTH_7296f95bfa0b4387993b88d76363e97a/gnocchi.aa70a26b-c6c3-4705-88a1-e64f5c82ae22 HTTP/1.0 201 - python-swiftclient-3.11.1 gAAAAABpJE03h9O6... - - - txfaa7647f49454a80aa445-0069244d7c - 0.0332 - - 1763986812.350796938 1763986812.383990526 0
Nov 24 12:20:12 standalone container-server[127004]: 172.20.0.100 - - [24/Nov/2025:12:20:12 +0000] "HEAD /d1/787/AUTH_7296f95bfa0b4387993b88d76363e97a/gnocchi.aa70a26b-c6c3-4705-88a1-e64f5c82ae22" 204 - "HEAD http://172.18.0.2:8080/v1/AUTH_7296f95bfa0b4387993b88d76363e97a/gnocchi.aa70a26b-c6c3-4705-88a1-e64f5c82ae22?format=json&states=listing" "tx38388e8092e2435db9083-0069244d7c" "proxy-server 20" 0.0016 "-" 20 0
Nov 24 12:20:12 standalone proxy-server[128935]: - - 24/Nov/2025/12/20/12 HEAD /v1/AUTH_7296f95bfa0b4387993b88d76363e97a/gnocchi.aa70a26b-c6c3-4705-88a1-e64f5c82ae22%3Fformat%3Djson%26states%3Dlisting HTTP/1.0 204 - Swift - - - - tx38388e8092e2435db9083-0069244d7c - 0.0073 RL - 1763986812.391009092 1763986812.398282528 0
Nov 24 12:20:12 standalone container-server[127009]: 172.20.0.100 - - [24/Nov/2025:12:20:12 +0000] "GET /d1/787/AUTH_7296f95bfa0b4387993b88d76363e97a/gnocchi.aa70a26b-c6c3-4705-88a1-e64f5c82ae22" 200 2 "GET http://172.18.0.2:8080/v1/AUTH_7296f95bfa0b4387993b88d76363e97a/gnocchi.aa70a26b-c6c3-4705-88a1-e64f5c82ae22?format=json&states=listing" "tx38388e8092e2435db9083-0069244d7c" "proxy-server 20" 0.0018 "-" 22 0
Nov 24 12:20:12 standalone proxy-server[128935]: 172.18.0.2 172.18.0.100 24/Nov/2025/12/20/12 GET /v1/AUTH_7296f95bfa0b4387993b88d76363e97a/gnocchi.aa70a26b-c6c3-4705-88a1-e64f5c82ae22%3Fformat%3Djson%26states%3Dlisting HTTP/1.0 200 - python-swiftclient-3.11.1 gAAAAABpJE03h9O6... - 2 - tx38388e8092e2435db9083-0069244d7c - 0.0243 - - 1763986812.388493776 1763986812.412811041 0
Nov 24 12:20:12 standalone object-server[127064]: 172.20.0.100 - - [24/Nov/2025:12:20:12 +0000] "GET /d1/658/AUTH_7296f95bfa0b4387993b88d76363e97a/gnocchi.aa70a26b-c6c3-4705-88a1-e64f5c82ae22/1763640000.0_mean_300.0_v3" 404 70 "GET http://172.18.0.2:8080/v1/AUTH_7296f95bfa0b4387993b88d76363e97a/gnocchi.aa70a26b-c6c3-4705-88a1-e64f5c82ae22/1763640000.0_mean_300.0_v3" "txccc980f43f2a41a58d80e-0069244d7c" "proxy-server 20" 0.0009 "-" 24 0
Nov 24 12:20:12 standalone proxy-server[128935]: 172.18.0.2 172.18.0.100 24/Nov/2025/12/20/12 GET /v1/AUTH_7296f95bfa0b4387993b88d76363e97a/gnocchi.aa70a26b-c6c3-4705-88a1-e64f5c82ae22/1763640000.0_mean_300.0_v3 HTTP/1.0 404 - python-swiftclient-3.11.1 gAAAAABpJE03h9O6... - 70 - txccc980f43f2a41a58d80e-0069244d7c - 0.0164 - - 1763986812.418233395 1763986812.434608936 0
Nov 24 12:20:12 standalone container-server[127004]: 172.20.0.100 - - [24/Nov/2025:12:20:12 +0000] "PUT /d1/787/AUTH_7296f95bfa0b4387993b88d76363e97a/gnocchi.aa70a26b-c6c3-4705-88a1-e64f5c82ae22/1763640000.0_mean_300.0_v3" 201 - "PUT http://172.18.0.2:8080/d1/658/AUTH_7296f95bfa0b4387993b88d76363e97a/gnocchi.aa70a26b-c6c3-4705-88a1-e64f5c82ae22/1763640000.0_mean_300.0_v3" "tx5f78f2786a6345619fb9d-0069244d7c" "object-server 23" 0.0009 "-" 20 0
Nov 24 12:20:12 standalone object-server[127062]: 172.20.0.100 - - [24/Nov/2025:12:20:12 +0000] "PUT /d1/658/AUTH_7296f95bfa0b4387993b88d76363e97a/gnocchi.aa70a26b-c6c3-4705-88a1-e64f5c82ae22/1763640000.0_mean_300.0_v3" 201 - "PUT http://172.18.0.2:8080/v1/AUTH_7296f95bfa0b4387993b88d76363e97a/gnocchi.aa70a26b-c6c3-4705-88a1-e64f5c82ae22/1763640000.0_mean_300.0_v3" "tx5f78f2786a6345619fb9d-0069244d7c" "proxy-server 20" 0.0126 "-" 23 0
Nov 24 12:20:12 standalone proxy-server[128935]: 172.18.0.2 172.18.0.100 24/Nov/2025/12/20/12 PUT /v1/AUTH_7296f95bfa0b4387993b88d76363e97a/gnocchi.aa70a26b-c6c3-4705-88a1-e64f5c82ae22/1763640000.0_mean_300.0_v3 HTTP/1.0 201 - python-swiftclient-3.11.1 gAAAAABpJE03h9O6... 16 - - tx5f78f2786a6345619fb9d-0069244d7c - 0.0260 - - 1763986812.440983057 1763986812.466945648 0
Nov 24 12:20:12 standalone container-server[127007]: 172.20.0.100 - - [24/Nov/2025:12:20:12 +0000] "PUT /d1/787/AUTH_7296f95bfa0b4387993b88d76363e97a/gnocchi.aa70a26b-c6c3-4705-88a1-e64f5c82ae22/none_v3" 201 - "PUT http://172.18.0.2:8080/d1/10/AUTH_7296f95bfa0b4387993b88d76363e97a/gnocchi.aa70a26b-c6c3-4705-88a1-e64f5c82ae22/none_v3" "txe0738659e2c145d3bb960-0069244d7c" "object-server 22" 0.0013 "-" 21 0
Nov 24 12:20:12 standalone object-server[127058]: 172.20.0.100 - - [24/Nov/2025:12:20:12 +0000] "PUT /d1/10/AUTH_7296f95bfa0b4387993b88d76363e97a/gnocchi.aa70a26b-c6c3-4705-88a1-e64f5c82ae22/none_v3" 201 - "PUT http://172.18.0.2:8080/v1/AUTH_7296f95bfa0b4387993b88d76363e97a/gnocchi.aa70a26b-c6c3-4705-88a1-e64f5c82ae22/none_v3" "txe0738659e2c145d3bb960-0069244d7c" "proxy-server 20" 0.0160 "-" 22 0
Nov 24 12:20:12 standalone proxy-server[128935]: 172.18.0.2 172.18.0.100 24/Nov/2025/12/20/12 PUT /v1/AUTH_7296f95bfa0b4387993b88d76363e97a/gnocchi.aa70a26b-c6c3-4705-88a1-e64f5c82ae22/none_v3 HTTP/1.0 201 - python-swiftclient-3.11.1 gAAAAABpJE03h9O6... 22 - - txe0738659e2c145d3bb960-0069244d7c - 0.0221 - - 1763986812.471934795 1763986812.494067907 0
Nov 24 12:20:12 standalone container-server[127009]: 172.20.0.100 - - [24/Nov/2025:12:20:12 +0000] "HEAD /d1/554/AUTH_7296f95bfa0b4387993b88d76363e97a/gnocchi.12248a44-5367-41d5-8afe-dee5aba0cb49" 404 - "HEAD http://172.18.0.2:8080/v1/AUTH_7296f95bfa0b4387993b88d76363e97a/gnocchi.12248a44-5367-41d5-8afe-dee5aba0cb49?format=json&states=listing" "txeb3f5b69b8814accaf151-0069244d7c" "proxy-server 20" 0.0007 "-" 22 0
Nov 24 12:20:12 standalone object-server[127064]: 172.20.0.100 - - [24/Nov/2025:12:20:12 +0000] "GET /d1/616/AUTH_7296f95bfa0b4387993b88d76363e97a/gnocchi.12248a44-5367-41d5-8afe-dee5aba0cb49/none_v3" 404 70 "GET http://172.18.0.2:8080/v1/AUTH_7296f95bfa0b4387993b88d76363e97a/gnocchi.12248a44-5367-41d5-8afe-dee5aba0cb49/none_v3" "txeb3f5b69b8814accaf151-0069244d7c" "proxy-server 20" 0.0009 "-" 24 0
Nov 24 12:20:12 standalone proxy-server[128935]: 172.18.0.2 172.18.0.100 24/Nov/2025/12/20/12 GET /v1/AUTH_7296f95bfa0b4387993b88d76363e97a/gnocchi.12248a44-5367-41d5-8afe-dee5aba0cb49/none_v3 HTTP/1.0 404 - python-swiftclient-3.11.1 gAAAAABpJE03h9O6... - 70 - txeb3f5b69b8814accaf151-0069244d7c - 0.0219 - - 1763986812.521100521 1763986812.543040276 0
Nov 24 12:20:12 standalone account-server[126724]: 172.20.0.100 - - [24/Nov/2025:12:20:12 +0000] "PUT /d1/106/AUTH_7296f95bfa0b4387993b88d76363e97a/gnocchi.12248a44-5367-41d5-8afe-dee5aba0cb49" 201 - "PUT http://172.20.0.100:6001/d1/554/AUTH_7296f95bfa0b4387993b88d76363e97a/gnocchi.12248a44-5367-41d5-8afe-dee5aba0cb49" "tx0078d97756354628bfe46-0069244d7c" "container-server 23" 0.0073 "-" 23 0
Nov 24 12:20:12 standalone container-server[127010]: 172.20.0.100 - - [24/Nov/2025:12:20:12 +0000] "PUT /d1/554/AUTH_7296f95bfa0b4387993b88d76363e97a/gnocchi.12248a44-5367-41d5-8afe-dee5aba0cb49" 201 - "PUT http://172.18.0.2:8080/v1/AUTH_7296f95bfa0b4387993b88d76363e97a/gnocchi.12248a44-5367-41d5-8afe-dee5aba0cb49" "tx0078d97756354628bfe46-0069244d7c" "proxy-server 20" 0.0296 "-" 23 0
Nov 24 12:20:12 standalone proxy-server[128935]: 172.18.0.2 172.18.0.100 24/Nov/2025/12/20/12 PUT /v1/AUTH_7296f95bfa0b4387993b88d76363e97a/gnocchi.12248a44-5367-41d5-8afe-dee5aba0cb49 HTTP/1.0 201 - python-swiftclient-3.11.1 gAAAAABpJE03h9O6... - - - tx0078d97756354628bfe46-0069244d7c - 0.0415 - - 1763986812.555026770 1763986812.596559048 0
Nov 24 12:20:12 standalone container-server[127004]: 172.20.0.100 - - [24/Nov/2025:12:20:12 +0000] "HEAD /d1/554/AUTH_7296f95bfa0b4387993b88d76363e97a/gnocchi.12248a44-5367-41d5-8afe-dee5aba0cb49" 204 - "HEAD http://172.18.0.2:8080/v1/AUTH_7296f95bfa0b4387993b88d76363e97a/gnocchi.12248a44-5367-41d5-8afe-dee5aba0cb49?format=json&states=listing" "tx970135f27dfb4c85aca46-0069244d7c" "proxy-server 20" 0.0030 "-" 20 0
Nov 24 12:20:12 standalone proxy-server[128935]: - - 24/Nov/2025/12/20/12 HEAD /v1/AUTH_7296f95bfa0b4387993b88d76363e97a/gnocchi.12248a44-5367-41d5-8afe-dee5aba0cb49%3Fformat%3Djson%26states%3Dlisting HTTP/1.0 204 - Swift - - - - tx970135f27dfb4c85aca46-0069244d7c - 0.0092 RL - 1763986812.606456757 1763986812.615649700 0
Nov 24 12:20:12 standalone container-server[127010]: 172.20.0.100 - - [24/Nov/2025:12:20:12 +0000] "GET /d1/554/AUTH_7296f95bfa0b4387993b88d76363e97a/gnocchi.12248a44-5367-41d5-8afe-dee5aba0cb49" 200 2 "GET http://172.18.0.2:8080/v1/AUTH_7296f95bfa0b4387993b88d76363e97a/gnocchi.12248a44-5367-41d5-8afe-dee5aba0cb49?format=json&states=listing" "tx970135f27dfb4c85aca46-0069244d7c" "proxy-server 20" 0.0058 "-" 23 0
Nov 24 12:20:12 standalone proxy-server[128935]: 172.18.0.2 172.18.0.100 24/Nov/2025/12/20/12 GET /v1/AUTH_7296f95bfa0b4387993b88d76363e97a/gnocchi.12248a44-5367-41d5-8afe-dee5aba0cb49%3Fformat%3Djson%26states%3Dlisting HTTP/1.0 200 - python-swiftclient-3.11.1 gAAAAABpJE03h9O6... - 2 - tx970135f27dfb4c85aca46-0069244d7c - 0.0264 - - 1763986812.604706526 1763986812.631116629 0
Nov 24 12:20:12 standalone object-server[127062]: 172.20.0.100 - - [24/Nov/2025:12:20:12 +0000] "GET /d1/157/AUTH_7296f95bfa0b4387993b88d76363e97a/gnocchi.12248a44-5367-41d5-8afe-dee5aba0cb49/1763640000.0_mean_300.0_v3" 404 70 "GET http://172.18.0.2:8080/v1/AUTH_7296f95bfa0b4387993b88d76363e97a/gnocchi.12248a44-5367-41d5-8afe-dee5aba0cb49/1763640000.0_mean_300.0_v3" "tx9150d2a457cc43638ee24-0069244d7c" "proxy-server 20" 0.0005 "-" 23 0
Nov 24 12:20:12 standalone proxy-server[128935]: 172.18.0.2 172.18.0.100 24/Nov/2025/12/20/12 GET /v1/AUTH_7296f95bfa0b4387993b88d76363e97a/gnocchi.12248a44-5367-41d5-8afe-dee5aba0cb49/1763640000.0_mean_300.0_v3 HTTP/1.0 404 - python-swiftclient-3.11.1 gAAAAABpJE03h9O6... - 70 - tx9150d2a457cc43638ee24-0069244d7c - 0.0071 - - 1763986812.636383057 1763986812.643480778 0
Nov 24 12:20:12 standalone container-server[127007]: 172.20.0.100 - - [24/Nov/2025:12:20:12 +0000] "PUT /d1/554/AUTH_7296f95bfa0b4387993b88d76363e97a/gnocchi.12248a44-5367-41d5-8afe-dee5aba0cb49/1763640000.0_mean_300.0_v3" 201 - "PUT http://172.18.0.2:8080/d1/157/AUTH_7296f95bfa0b4387993b88d76363e97a/gnocchi.12248a44-5367-41d5-8afe-dee5aba0cb49/1763640000.0_mean_300.0_v3" "txe201a0bafaa64c03ae04a-0069244d7c" "object-server 23" 0.0006 "-" 21 0
Nov 24 12:20:12 standalone object-server[127062]: 172.20.0.100 - - [24/Nov/2025:12:20:12 +0000] "PUT /d1/157/AUTH_7296f95bfa0b4387993b88d76363e97a/gnocchi.12248a44-5367-41d5-8afe-dee5aba0cb49/1763640000.0_mean_300.0_v3" 201 - "PUT http://172.18.0.2:8080/v1/AUTH_7296f95bfa0b4387993b88d76363e97a/gnocchi.12248a44-5367-41d5-8afe-dee5aba0cb49/1763640000.0_mean_300.0_v3" "txe201a0bafaa64c03ae04a-0069244d7c" "proxy-server 20" 0.0167 "-" 23 0
Nov 24 12:20:12 standalone proxy-server[128935]: 172.18.0.2 172.18.0.100 24/Nov/2025/12/20/12 PUT /v1/AUTH_7296f95bfa0b4387993b88d76363e97a/gnocchi.12248a44-5367-41d5-8afe-dee5aba0cb49/1763640000.0_mean_300.0_v3 HTTP/1.0 201 - python-swiftclient-3.11.1 gAAAAABpJE03h9O6... 16 - - txe201a0bafaa64c03ae04a-0069244d7c - 0.0234 - - 1763986812.650325298 1763986812.673770428 0
Nov 24 12:20:12 standalone container-server[127004]: 172.20.0.100 - - [24/Nov/2025:12:20:12 +0000] "PUT /d1/554/AUTH_7296f95bfa0b4387993b88d76363e97a/gnocchi.12248a44-5367-41d5-8afe-dee5aba0cb49/none_v3" 201 - "PUT http://172.18.0.2:8080/d1/616/AUTH_7296f95bfa0b4387993b88d76363e97a/gnocchi.12248a44-5367-41d5-8afe-dee5aba0cb49/none_v3" "tx49315da6b71447229154f-0069244d7c" "object-server 22" 0.0011 "-" 20 0
Nov 24 12:20:12 standalone object-server[127058]: 172.20.0.100 - - [24/Nov/2025:12:20:12 +0000] "PUT /d1/616/AUTH_7296f95bfa0b4387993b88d76363e97a/gnocchi.12248a44-5367-41d5-8afe-dee5aba0cb49/none_v3" 201 - "PUT http://172.18.0.2:8080/v1/AUTH_7296f95bfa0b4387993b88d76363e97a/gnocchi.12248a44-5367-41d5-8afe-dee5aba0cb49/none_v3" "tx49315da6b71447229154f-0069244d7c" "proxy-server 20" 0.0134 "-" 22 0
Nov 24 12:20:12 standalone proxy-server[128935]: 172.18.0.2 172.18.0.100 24/Nov/2025/12/20/12 PUT /v1/AUTH_7296f95bfa0b4387993b88d76363e97a/gnocchi.12248a44-5367-41d5-8afe-dee5aba0cb49/none_v3 HTTP/1.0 201 - python-swiftclient-3.11.1 gAAAAABpJE03h9O6... 22 - - tx49315da6b71447229154f-0069244d7c - 0.0191 - - 1763986812.678219080 1763986812.697299242 0
Nov 24 12:20:39 standalone container-server[127009]: 172.20.0.100 - - [24/Nov/2025:12:20:39 +0000] "HEAD /d1/211/AUTH_7296f95bfa0b4387993b88d76363e97a/gnocchi.94c8b592-f1ba-4c3c-82f6-41ed5b0540ab" 404 - "HEAD http://172.18.0.2:8080/v1/AUTH_7296f95bfa0b4387993b88d76363e97a/gnocchi.94c8b592-f1ba-4c3c-82f6-41ed5b0540ab?format=json&states=listing" "txa3e6c943374c4c5594c80-0069244d97" "proxy-server 20" 0.0007 "-" 22 0
Nov 24 12:20:39 standalone object-server[127058]: 172.20.0.100 - - [24/Nov/2025:12:20:39 +0000] "GET /d1/93/AUTH_7296f95bfa0b4387993b88d76363e97a/gnocchi.94c8b592-f1ba-4c3c-82f6-41ed5b0540ab/none_v3" 404 70 "GET http://172.18.0.2:8080/v1/AUTH_7296f95bfa0b4387993b88d76363e97a/gnocchi.94c8b592-f1ba-4c3c-82f6-41ed5b0540ab/none_v3" "txa3e6c943374c4c5594c80-0069244d97" "proxy-server 20" 0.0005 "-" 22 0
Nov 24 12:20:39 standalone proxy-server[128935]: 172.18.0.2 172.18.0.100 24/Nov/2025/12/20/39 GET /v1/AUTH_7296f95bfa0b4387993b88d76363e97a/gnocchi.94c8b592-f1ba-4c3c-82f6-41ed5b0540ab/none_v3 HTTP/1.0 404 - python-swiftclient-3.11.1 gAAAAABpJE03h9O6... - 70 - txa3e6c943374c4c5594c80-0069244d97 - 0.0130 - - 1763986839.466788292 1763986839.479741812 0
Nov 24 12:20:39 standalone account-server[126724]: 172.20.0.100 - - [24/Nov/2025:12:20:39 +0000] "PUT /d1/106/AUTH_7296f95bfa0b4387993b88d76363e97a/gnocchi.94c8b592-f1ba-4c3c-82f6-41ed5b0540ab" 201 - "PUT http://172.20.0.100:6001/d1/211/AUTH_7296f95bfa0b4387993b88d76363e97a/gnocchi.94c8b592-f1ba-4c3c-82f6-41ed5b0540ab" "txc7361248e84d46ef9ff32-0069244d97" "container-server 23" 0.0066 "-" 23 0
Nov 24 12:20:39 standalone container-server[127010]: 172.20.0.100 - - [24/Nov/2025:12:20:39 +0000] "PUT /d1/211/AUTH_7296f95bfa0b4387993b88d76363e97a/gnocchi.94c8b592-f1ba-4c3c-82f6-41ed5b0540ab" 201 - "PUT http://172.18.0.2:8080/v1/AUTH_7296f95bfa0b4387993b88d76363e97a/gnocchi.94c8b592-f1ba-4c3c-82f6-41ed5b0540ab" "txc7361248e84d46ef9ff32-0069244d97" "proxy-server 20" 0.0228 "-" 23 0
Nov 24 12:20:39 standalone proxy-server[128935]: 172.18.0.2 172.18.0.100 24/Nov/2025/12/20/39 PUT /v1/AUTH_7296f95bfa0b4387993b88d76363e97a/gnocchi.94c8b592-f1ba-4c3c-82f6-41ed5b0540ab HTTP/1.0 201 - python-swiftclient-3.11.1 gAAAAABpJE03h9O6... - - - txc7361248e84d46ef9ff32-0069244d97 - 0.0282 - - 1763986839.484316111 1763986839.512552500 0
Nov 24 12:20:39 standalone container-server[127004]: 172.20.0.100 - - [24/Nov/2025:12:20:39 +0000] "HEAD /d1/211/AUTH_7296f95bfa0b4387993b88d76363e97a/gnocchi.94c8b592-f1ba-4c3c-82f6-41ed5b0540ab" 204 - "HEAD http://172.18.0.2:8080/v1/AUTH_7296f95bfa0b4387993b88d76363e97a/gnocchi.94c8b592-f1ba-4c3c-82f6-41ed5b0540ab?format=json&states=listing" "txdd100ec8e6564e0f87892-0069244d97" "proxy-server 20" 0.0014 "-" 20 0
Nov 24 12:20:39 standalone proxy-server[128935]: - - 24/Nov/2025/12/20/39 HEAD /v1/AUTH_7296f95bfa0b4387993b88d76363e97a/gnocchi.94c8b592-f1ba-4c3c-82f6-41ed5b0540ab%3Fformat%3Djson%26states%3Dlisting HTTP/1.0 204 - Swift - - - - txdd100ec8e6564e0f87892-0069244d97 - 0.0060 RL - 1763986839.525391579 1763986839.531431198 0
Nov 24 12:20:39 standalone container-server[127007]: 172.20.0.100 - - [24/Nov/2025:12:20:39 +0000] "GET /d1/211/AUTH_7296f95bfa0b4387993b88d76363e97a/gnocchi.94c8b592-f1ba-4c3c-82f6-41ed5b0540ab" 200 2 "GET http://172.18.0.2:8080/v1/AUTH_7296f95bfa0b4387993b88d76363e97a/gnocchi.94c8b592-f1ba-4c3c-82f6-41ed5b0540ab?format=json&states=listing" "txdd100ec8e6564e0f87892-0069244d97" "proxy-server 20" 0.0023 "-" 21 0
Nov 24 12:20:39 standalone proxy-server[128935]: 172.18.0.2 172.18.0.100 24/Nov/2025/12/20/39 GET /v1/AUTH_7296f95bfa0b4387993b88d76363e97a/gnocchi.94c8b592-f1ba-4c3c-82f6-41ed5b0540ab%3Fformat%3Djson%26states%3Dlisting HTTP/1.0 200 - python-swiftclient-3.11.1 gAAAAABpJE03h9O6... - 2 - txdd100ec8e6564e0f87892-0069244d97 - 0.0190 - - 1763986839.523986340 1763986839.542947769 0
Nov 24 12:20:39 standalone object-server[127058]: 172.20.0.100 - - [24/Nov/2025:12:20:39 +0000] "GET /d1/942/AUTH_7296f95bfa0b4387993b88d76363e97a/gnocchi.94c8b592-f1ba-4c3c-82f6-41ed5b0540ab/1763640000.0_mean_300.0_v3" 404 70 "GET http://172.18.0.2:8080/v1/AUTH_7296f95bfa0b4387993b88d76363e97a/gnocchi.94c8b592-f1ba-4c3c-82f6-41ed5b0540ab/1763640000.0_mean_300.0_v3" "tx4fd19d457f9a4b2685df3-0069244d97" "proxy-server 20" 0.0006 "-" 22 0
Nov 24 12:20:39 standalone proxy-server[128935]: 172.18.0.2 172.18.0.100 24/Nov/2025/12/20/39 GET /v1/AUTH_7296f95bfa0b4387993b88d76363e97a/gnocchi.94c8b592-f1ba-4c3c-82f6-41ed5b0540ab/1763640000.0_mean_300.0_v3 HTTP/1.0 404 - python-swiftclient-3.11.1 gAAAAABpJE03h9O6... - 70 - tx4fd19d457f9a4b2685df3-0069244d97 - 0.0110 - - 1763986839.549476147 1763986839.560518980 0
Nov 24 12:20:39 standalone container-server[127007]: 172.20.0.100 - - [24/Nov/2025:12:20:39 +0000] "PUT /d1/211/AUTH_7296f95bfa0b4387993b88d76363e97a/gnocchi.94c8b592-f1ba-4c3c-82f6-41ed5b0540ab/1763640000.0_mean_300.0_v3" 201 - "PUT http://172.18.0.2:8080/d1/942/AUTH_7296f95bfa0b4387993b88d76363e97a/gnocchi.94c8b592-f1ba-4c3c-82f6-41ed5b0540ab/1763640000.0_mean_300.0_v3" "tx0adba4af69fb42489d16b-0069244d97" "object-server 22" 0.0007 "-" 21 0
Nov 24 12:20:39 standalone object-server[127058]: 172.20.0.100 - - [24/Nov/2025:12:20:39 +0000] "PUT /d1/942/AUTH_7296f95bfa0b4387993b88d76363e97a/gnocchi.94c8b592-f1ba-4c3c-82f6-41ed5b0540ab/1763640000.0_mean_300.0_v3" 201 - "PUT http://172.18.0.2:8080/v1/AUTH_7296f95bfa0b4387993b88d76363e97a/gnocchi.94c8b592-f1ba-4c3c-82f6-41ed5b0540ab/1763640000.0_mean_300.0_v3" "tx0adba4af69fb42489d16b-0069244d97" "proxy-server 20" 0.0127 "-" 22 0
Nov 24 12:20:39 standalone proxy-server[128935]: 172.18.0.2 172.18.0.100 24/Nov/2025/12/20/39 PUT /v1/AUTH_7296f95bfa0b4387993b88d76363e97a/gnocchi.94c8b592-f1ba-4c3c-82f6-41ed5b0540ab/1763640000.0_mean_300.0_v3 HTTP/1.0 201 - python-swiftclient-3.11.1 gAAAAABpJE03h9O6... 16 - - tx0adba4af69fb42489d16b-0069244d97 - 0.0203 - - 1763986839.564594030 1763986839.584941387 0
Nov 24 12:20:39 standalone container-server[127007]: 172.20.0.100 - - [24/Nov/2025:12:20:39 +0000] "PUT /d1/211/AUTH_7296f95bfa0b4387993b88d76363e97a/gnocchi.94c8b592-f1ba-4c3c-82f6-41ed5b0540ab/none_v3" 201 - "PUT http://172.18.0.2:8080/d1/93/AUTH_7296f95bfa0b4387993b88d76363e97a/gnocchi.94c8b592-f1ba-4c3c-82f6-41ed5b0540ab/none_v3" "tx15dccf2c218e4e409d09d-0069244d97" "object-server 25" 0.0006 "-" 21 0
Nov 24 12:20:39 standalone object-server[127065]: 172.20.0.100 - - [24/Nov/2025:12:20:39 +0000] "PUT /d1/93/AUTH_7296f95bfa0b4387993b88d76363e97a/gnocchi.94c8b592-f1ba-4c3c-82f6-41ed5b0540ab/none_v3" 201 - "PUT http://172.18.0.2:8080/v1/AUTH_7296f95bfa0b4387993b88d76363e97a/gnocchi.94c8b592-f1ba-4c3c-82f6-41ed5b0540ab/none_v3" "tx15dccf2c218e4e409d09d-0069244d97" "proxy-server 20" 0.0143 "-" 25 0
Nov 24 12:20:39 standalone proxy-server[128935]: 172.18.0.2 172.18.0.100 24/Nov/2025/12/20/39 PUT /v1/AUTH_7296f95bfa0b4387993b88d76363e97a/gnocchi.94c8b592-f1ba-4c3c-82f6-41ed5b0540ab/none_v3 HTTP/1.0 201 - python-swiftclient-3.11.1 gAAAAABpJE03h9O6... 22 - - tx15dccf2c218e4e409d09d-0069244d97 - 0.0227 - - 1763986839.589269876 1763986839.611932993 0
Nov 24 12:20:39 standalone object-server[127062]: 172.20.0.100 - - [24/Nov/2025:12:20:39 +0000] "GET /d1/485/AUTH_7296f95bfa0b4387993b88d76363e97a/gnocchi.5abb94a8-0260-4916-bd18-d36833a25a68/none_v3" 200 22 "GET http://172.18.0.2:8080/v1/AUTH_7296f95bfa0b4387993b88d76363e97a/gnocchi.5abb94a8-0260-4916-bd18-d36833a25a68/none_v3" "txa0f6b52957c0414e8a8e5-0069244d97" "proxy-server 20" 0.0008 "-" 23 0
Nov 24 12:20:39 standalone proxy-server[128935]: 172.18.0.2 172.18.0.100 24/Nov/2025/12/20/39 GET /v1/AUTH_7296f95bfa0b4387993b88d76363e97a/gnocchi.5abb94a8-0260-4916-bd18-d36833a25a68/none_v3 HTTP/1.0 200 - python-swiftclient-3.11.1 gAAAAABpJE03h9O6... - 22 - txa0f6b52957c0414e8a8e5-0069244d97 - 0.0066 - - 1763986839.682867050 1763986839.689418316 0
Nov 24 12:20:39 standalone container-server[127004]: 172.20.0.100 - - [24/Nov/2025:12:20:39 +0000] "GET /d1/605/AUTH_7296f95bfa0b4387993b88d76363e97a/gnocchi.5abb94a8-0260-4916-bd18-d36833a25a68" 200 357 "GET http://172.18.0.2:8080/v1/AUTH_7296f95bfa0b4387993b88d76363e97a/gnocchi.5abb94a8-0260-4916-bd18-d36833a25a68?format=json&states=listing" "tx8e088fbbd28f433393c89-0069244d97" "proxy-server 20" 0.0151 "-" 20 0
Nov 24 12:20:39 standalone proxy-server[128935]: 172.18.0.2 172.18.0.100 24/Nov/2025/12/20/39 GET /v1/AUTH_7296f95bfa0b4387993b88d76363e97a/gnocchi.5abb94a8-0260-4916-bd18-d36833a25a68%3Fformat%3Djson%26states%3Dlisting HTTP/1.0 200 - python-swiftclient-3.11.1 gAAAAABpJE03h9O6... - 357 - tx8e088fbbd28f433393c89-0069244d97 - 0.0249 - - 1763986839.691982746 1763986839.716897011 0
Nov 24 12:20:39 standalone container-server[127009]: 172.20.0.100 - - [24/Nov/2025:12:20:39 +0000] "GET /d1/605/AUTH_7296f95bfa0b4387993b88d76363e97a/gnocchi.5abb94a8-0260-4916-bd18-d36833a25a68" 200 2 "GET http://172.18.0.2:8080/v1/AUTH_7296f95bfa0b4387993b88d76363e97a/gnocchi.5abb94a8-0260-4916-bd18-d36833a25a68?format=json&marker=none_v3&states=listing" "tx5feddfcebea648feb9513-0069244d97" "proxy-server 20" 0.0018 "-" 22 0
Nov 24 12:20:39 standalone proxy-server[128935]: 172.18.0.2 172.18.0.100 24/Nov/2025/12/20/39 GET /v1/AUTH_7296f95bfa0b4387993b88d76363e97a/gnocchi.5abb94a8-0260-4916-bd18-d36833a25a68%3Fformat%3Djson%26marker%3Dnone_v3%26states%3Dlisting HTTP/1.0 200 - python-swiftclient-3.11.1 gAAAAABpJE03h9O6... - 2 - tx5feddfcebea648feb9513-0069244d97 - 0.0080 - - 1763986839.719570875 1763986839.727541924 0
Nov 24 12:20:39 standalone object-server[127062]: 172.20.0.100 - - [24/Nov/2025:12:20:39 +0000] "GET /d1/854/AUTH_7296f95bfa0b4387993b88d76363e97a/gnocchi.5abb94a8-0260-4916-bd18-d36833a25a68/1763640000.0_mean_300.0_v3" 200 16 "GET http://172.18.0.2:8080/v1/AUTH_7296f95bfa0b4387993b88d76363e97a/gnocchi.5abb94a8-0260-4916-bd18-d36833a25a68/1763640000.0_mean_300.0_v3" "txcf0ddf0c8c314fafabc03-0069244d97" "proxy-server 20" 0.0009 "-" 23 0
Nov 24 12:20:39 standalone proxy-server[128935]: 172.18.0.2 172.18.0.100 24/Nov/2025/12/20/39 GET /v1/AUTH_7296f95bfa0b4387993b88d76363e97a/gnocchi.5abb94a8-0260-4916-bd18-d36833a25a68/1763640000.0_mean_300.0_v3 HTTP/1.0 200 - python-swiftclient-3.11.1 gAAAAABpJE03h9O6... - 16 - txcf0ddf0c8c314fafabc03-0069244d97 - 0.0510 - - 1763986839.730519056 1763986839.781513453 0
Nov 24 12:20:39 standalone container-server[127007]: 172.20.0.100 - - [24/Nov/2025:12:20:39 +0000] "PUT /d1/605/AUTH_7296f95bfa0b4387993b88d76363e97a/gnocchi.5abb94a8-0260-4916-bd18-d36833a25a68/1763640000.0_mean_300.0_v3" 201 - "PUT http://172.18.0.2:8080/d1/854/AUTH_7296f95bfa0b4387993b88d76363e97a/gnocchi.5abb94a8-0260-4916-bd18-d36833a25a68/1763640000.0_mean_300.0_v3" "tx09d5c97f273248a595dd3-0069244d97" "object-server 24" 0.0005 "-" 21 0
Nov 24 12:20:39 standalone object-server[127064]: 172.20.0.100 - - [24/Nov/2025:12:20:39 +0000] "PUT /d1/854/AUTH_7296f95bfa0b4387993b88d76363e97a/gnocchi.5abb94a8-0260-4916-bd18-d36833a25a68/1763640000.0_mean_300.0_v3" 201 - "PUT http://172.18.0.2:8080/v1/AUTH_7296f95bfa0b4387993b88d76363e97a/gnocchi.5abb94a8-0260-4916-bd18-d36833a25a68/1763640000.0_mean_300.0_v3" "tx09d5c97f273248a595dd3-0069244d97" "proxy-server 20" 0.0105 "-" 24 0
Nov 24 12:20:39 standalone proxy-server[128935]: 172.18.0.2 172.18.0.100 24/Nov/2025/12/20/39 PUT /v1/AUTH_7296f95bfa0b4387993b88d76363e97a/gnocchi.5abb94a8-0260-4916-bd18-d36833a25a68/1763640000.0_mean_300.0_v3 HTTP/1.0 201 - python-swiftclient-3.11.1 gAAAAABpJE03h9O6... 16 - - tx09d5c97f273248a595dd3-0069244d97 - 0.0161 - - 1763986839.784505844 1763986839.800648451 0
Nov 24 12:20:39 standalone container-server[127004]: 172.20.0.100 - - [24/Nov/2025:12:20:39 +0000] "PUT /d1/605/AUTH_7296f95bfa0b4387993b88d76363e97a/gnocchi.5abb94a8-0260-4916-bd18-d36833a25a68/none_v3" 201 - "PUT http://172.18.0.2:8080/d1/485/AUTH_7296f95bfa0b4387993b88d76363e97a/gnocchi.5abb94a8-0260-4916-bd18-d36833a25a68/none_v3" "tx8483336e03d9404d96fad-0069244d97" "object-server 23" 0.0009 "-" 20 0
Nov 24 12:20:39 standalone object-server[127062]: 172.20.0.100 - - [24/Nov/2025:12:20:39 +0000] "PUT /d1/485/AUTH_7296f95bfa0b4387993b88d76363e97a/gnocchi.5abb94a8-0260-4916-bd18-d36833a25a68/none_v3" 201 - "PUT http://172.18.0.2:8080/v1/AUTH_7296f95bfa0b4387993b88d76363e97a/gnocchi.5abb94a8-0260-4916-bd18-d36833a25a68/none_v3" "tx8483336e03d9404d96fad-0069244d97" "proxy-server 20" 0.0111 "-" 23 0
Nov 24 12:20:39 standalone proxy-server[128935]: 172.18.0.2 172.18.0.100 24/Nov/2025/12/20/39 PUT /v1/AUTH_7296f95bfa0b4387993b88d76363e97a/gnocchi.5abb94a8-0260-4916-bd18-d36833a25a68/none_v3 HTTP/1.0 201 - python-swiftclient-3.11.1 gAAAAABpJE03h9O6... 33 - - tx8483336e03d9404d96fad-0069244d97 - 0.0153 - - 1763986839.806244612 1763986839.821506500 0
Nov 24 12:20:39 standalone object-server[127065]: 172.20.0.100 - - [24/Nov/2025:12:20:39 +0000] "GET /d1/914/AUTH_7296f95bfa0b4387993b88d76363e97a/gnocchi.31c67950-56f7-4c1e-adfb-584717d77a24/none_v3" 200 22 "GET http://172.18.0.2:8080/v1/AUTH_7296f95bfa0b4387993b88d76363e97a/gnocchi.31c67950-56f7-4c1e-adfb-584717d77a24/none_v3" "tx105c5f5997e749d4ba73e-0069244d97" "proxy-server 20" 0.0006 "-" 25 0
Nov 24 12:20:39 standalone proxy-server[128935]: 172.18.0.2 172.18.0.100 24/Nov/2025/12/20/39 GET /v1/AUTH_7296f95bfa0b4387993b88d76363e97a/gnocchi.31c67950-56f7-4c1e-adfb-584717d77a24/none_v3 HTTP/1.0 200 - python-swiftclient-3.11.1 gAAAAABpJE03h9O6... - 22 - tx105c5f5997e749d4ba73e-0069244d97 - 0.0055 - - 1763986839.870592594 1763986839.876057863 0
Nov 24 12:20:39 standalone container-server[127010]: 172.20.0.100 - - [24/Nov/2025:12:20:39 +0000] "GET /d1/645/AUTH_7296f95bfa0b4387993b88d76363e97a/gnocchi.31c67950-56f7-4c1e-adfb-584717d77a24" 200 357 "GET http://172.18.0.2:8080/v1/AUTH_7296f95bfa0b4387993b88d76363e97a/gnocchi.31c67950-56f7-4c1e-adfb-584717d77a24?format=json&states=listing" "tx2bed8b1672bf42cfbd10f-0069244d97" "proxy-server 20" 0.0095 "-" 23 0
Nov 24 12:20:39 standalone proxy-server[128935]: 172.18.0.2 172.18.0.100 24/Nov/2025/12/20/39 GET /v1/AUTH_7296f95bfa0b4387993b88d76363e97a/gnocchi.31c67950-56f7-4c1e-adfb-584717d77a24%3Fformat%3Djson%26states%3Dlisting HTTP/1.0 200 - python-swiftclient-3.11.1 gAAAAABpJE03h9O6... - 357 - tx2bed8b1672bf42cfbd10f-0069244d97 - 0.0163 - - 1763986839.879016161 1763986839.895318985 0
Nov 24 12:20:39 standalone container-server[127007]: 172.20.0.100 - - [24/Nov/2025:12:20:39 +0000] "GET /d1/645/AUTH_7296f95bfa0b4387993b88d76363e97a/gnocchi.31c67950-56f7-4c1e-adfb-584717d77a24" 200 2 "GET http://172.18.0.2:8080/v1/AUTH_7296f95bfa0b4387993b88d76363e97a/gnocchi.31c67950-56f7-4c1e-adfb-584717d77a24?format=json&marker=none_v3&states=listing" "tx9217d3755d7845fe9ec99-0069244d97" "proxy-server 20" 0.0018 "-" 21 0
Nov 24 12:20:39 standalone proxy-server[128935]: 172.18.0.2 172.18.0.100 24/Nov/2025/12/20/39 GET /v1/AUTH_7296f95bfa0b4387993b88d76363e97a/gnocchi.31c67950-56f7-4c1e-adfb-584717d77a24%3Fformat%3Djson%26marker%3Dnone_v3%26states%3Dlisting HTTP/1.0 200 - python-swiftclient-3.11.1 gAAAAABpJE03h9O6... - 2 - tx9217d3755d7845fe9ec99-0069244d97 - 0.0078 - - 1763986839.898269653 1763986839.906082630 0
Nov 24 12:20:39 standalone object-server[127062]: 172.20.0.100 - - [24/Nov/2025:12:20:39 +0000] "GET /d1/637/AUTH_7296f95bfa0b4387993b88d76363e97a/gnocchi.31c67950-56f7-4c1e-adfb-584717d77a24/1763640000.0_mean_300.0_v3" 200 16 "GET http://172.18.0.2:8080/v1/AUTH_7296f95bfa0b4387993b88d76363e97a/gnocchi.31c67950-56f7-4c1e-adfb-584717d77a24/1763640000.0_mean_300.0_v3" "tx296932fb08664b3b83eba-0069244d97" "proxy-server 20" 0.0008 "-" 23 0
Nov 24 12:20:39 standalone proxy-server[128935]: 172.18.0.2 172.18.0.100 24/Nov/2025/12/20/39 GET /v1/AUTH_7296f95bfa0b4387993b88d76363e97a/gnocchi.31c67950-56f7-4c1e-adfb-584717d77a24/1763640000.0_mean_300.0_v3 HTTP/1.0 200 - python-swiftclient-3.11.1 gAAAAABpJE03h9O6... - 16 - tx296932fb08664b3b83eba-0069244d97 - 0.0075 - - 1763986839.909301281 1763986839.916761398 0
Nov 24 12:20:39 standalone container-server[127010]: 172.20.0.100 - - [24/Nov/2025:12:20:39 +0000] "PUT /d1/645/AUTH_7296f95bfa0b4387993b88d76363e97a/gnocchi.31c67950-56f7-4c1e-adfb-584717d77a24/1763640000.0_mean_300.0_v3" 201 - "PUT http://172.18.0.2:8080/d1/637/AUTH_7296f95bfa0b4387993b88d76363e97a/gnocchi.31c67950-56f7-4c1e-adfb-584717d77a24/1763640000.0_mean_300.0_v3" "tx67c7fd0b7fcc4cc8b4d55-0069244d97" "object-server 24" 0.0009 "-" 23 0
Nov 24 12:20:39 standalone object-server[127064]: 172.20.0.100 - - [24/Nov/2025:12:20:39 +0000] "PUT /d1/637/AUTH_7296f95bfa0b4387993b88d76363e97a/gnocchi.31c67950-56f7-4c1e-adfb-584717d77a24/1763640000.0_mean_300.0_v3" 201 - "PUT http://172.18.0.2:8080/v1/AUTH_7296f95bfa0b4387993b88d76363e97a/gnocchi.31c67950-56f7-4c1e-adfb-584717d77a24/1763640000.0_mean_300.0_v3" "tx67c7fd0b7fcc4cc8b4d55-0069244d97" "proxy-server 20" 0.0097 "-" 24 0
Nov 24 12:20:39 standalone proxy-server[128935]: 172.18.0.2 172.18.0.100 24/Nov/2025/12/20/39 PUT /v1/AUTH_7296f95bfa0b4387993b88d76363e97a/gnocchi.31c67950-56f7-4c1e-adfb-584717d77a24/1763640000.0_mean_300.0_v3 HTTP/1.0 201 - python-swiftclient-3.11.1 gAAAAABpJE03h9O6... 16 - - tx67c7fd0b7fcc4cc8b4d55-0069244d97 - 0.0156 - - 1763986839.920036077 1763986839.935662508 0
Nov 24 12:20:39 standalone container-server[127010]: 172.20.0.100 - - [24/Nov/2025:12:20:39 +0000] "PUT /d1/645/AUTH_7296f95bfa0b4387993b88d76363e97a/gnocchi.31c67950-56f7-4c1e-adfb-584717d77a24/none_v3" 201 - "PUT http://172.18.0.2:8080/d1/914/AUTH_7296f95bfa0b4387993b88d76363e97a/gnocchi.31c67950-56f7-4c1e-adfb-584717d77a24/none_v3" "tx98eb75a4016749e287812-0069244d97" "object-server 22" 0.0011 "-" 23 0
Nov 24 12:20:39 standalone object-server[127058]: 172.20.0.100 - - [24/Nov/2025:12:20:39 +0000] "PUT /d1/914/AUTH_7296f95bfa0b4387993b88d76363e97a/gnocchi.31c67950-56f7-4c1e-adfb-584717d77a24/none_v3" 201 - "PUT http://172.18.0.2:8080/v1/AUTH_7296f95bfa0b4387993b88d76363e97a/gnocchi.31c67950-56f7-4c1e-adfb-584717d77a24/none_v3" "tx98eb75a4016749e287812-0069244d97" "proxy-server 20" 0.0125 "-" 22 0
Nov 24 12:20:39 standalone proxy-server[128935]: 172.18.0.2 172.18.0.100 24/Nov/2025/12/20/39 PUT /v1/AUTH_7296f95bfa0b4387993b88d76363e97a/gnocchi.31c67950-56f7-4c1e-adfb-584717d77a24/none_v3 HTTP/1.0 201 - python-swiftclient-3.11.1 gAAAAABpJE03h9O6... 33 - - tx98eb75a4016749e287812-0069244d97 - 0.0193 - - 1763986839.938719988 1763986839.957978010 0
Nov 24 12:20:43 standalone object-server[127058]: 172.20.0.100 - - [24/Nov/2025:12:20:43 +0000] "GET /d1/93/AUTH_7296f95bfa0b4387993b88d76363e97a/gnocchi.94c8b592-f1ba-4c3c-82f6-41ed5b0540ab/none_v3" 200 22 "GET http://172.18.0.2:8080/v1/AUTH_7296f95bfa0b4387993b88d76363e97a/gnocchi.94c8b592-f1ba-4c3c-82f6-41ed5b0540ab/none_v3" "txc38f18032f2b4d57a9036-0069244d9b" "proxy-server 20" 0.0017 "-" 22 0
Nov 24 12:20:43 standalone proxy-server[128935]: 172.18.0.2 172.18.0.100 24/Nov/2025/12/20/43 GET /v1/AUTH_7296f95bfa0b4387993b88d76363e97a/gnocchi.94c8b592-f1ba-4c3c-82f6-41ed5b0540ab/none_v3 HTTP/1.0 200 - python-swiftclient-3.11.1 gAAAAABpJE03h9O6... - 22 - txc38f18032f2b4d57a9036-0069244d9b - 0.0123 - - 1763986843.944035053 1763986843.956303835 0
Nov 24 12:20:43 standalone container-server[127004]: 172.20.0.100 - - [24/Nov/2025:12:20:43 +0000] "GET /d1/211/AUTH_7296f95bfa0b4387993b88d76363e97a/gnocchi.94c8b592-f1ba-4c3c-82f6-41ed5b0540ab" 200 357 "GET http://172.18.0.2:8080/v1/AUTH_7296f95bfa0b4387993b88d76363e97a/gnocchi.94c8b592-f1ba-4c3c-82f6-41ed5b0540ab?format=json&states=listing" "tx5d2912102ad849229c997-0069244d9b" "proxy-server 20" 0.0117 "-" 20 0
Nov 24 12:20:43 standalone proxy-server[128935]: 172.18.0.2 172.18.0.100 24/Nov/2025/12/20/43 GET /v1/AUTH_7296f95bfa0b4387993b88d76363e97a/gnocchi.94c8b592-f1ba-4c3c-82f6-41ed5b0540ab%3Fformat%3Djson%26states%3Dlisting HTTP/1.0 200 - python-swiftclient-3.11.1 gAAAAABpJE03h9O6... - 357 - tx5d2912102ad849229c997-0069244d9b - 0.0224 - - 1763986843.961965322 1763986843.984375477 0
Nov 24 12:20:43 standalone container-server[127004]: 172.20.0.100 - - [24/Nov/2025:12:20:43 +0000] "GET /d1/211/AUTH_7296f95bfa0b4387993b88d76363e97a/gnocchi.94c8b592-f1ba-4c3c-82f6-41ed5b0540ab" 200 2 "GET http://172.18.0.2:8080/v1/AUTH_7296f95bfa0b4387993b88d76363e97a/gnocchi.94c8b592-f1ba-4c3c-82f6-41ed5b0540ab?format=json&marker=none_v3&states=listing" "tx63c0cab46e72462e967f8-0069244d9b" "proxy-server 20" 0.0040 "-" 20 0
Nov 24 12:20:44 standalone proxy-server[128935]: 172.18.0.2 172.18.0.100 24/Nov/2025/12/20/44 GET /v1/AUTH_7296f95bfa0b4387993b88d76363e97a/gnocchi.94c8b592-f1ba-4c3c-82f6-41ed5b0540ab%3Fformat%3Djson%26marker%3Dnone_v3%26states%3Dlisting HTTP/1.0 200 - python-swiftclient-3.11.1 gAAAAABpJE03h9O6... - 2 - tx63c0cab46e72462e967f8-0069244d9b - 0.0125 - - 1763986843.989141703 1763986844.001609564 0
Nov 24 12:20:44 standalone object-server[127062]: 172.20.0.100 - - [24/Nov/2025:12:20:44 +0000] "GET /d1/942/AUTH_7296f95bfa0b4387993b88d76363e97a/gnocchi.94c8b592-f1ba-4c3c-82f6-41ed5b0540ab/1763640000.0_mean_300.0_v3" 200 16 "GET http://172.18.0.2:8080/v1/AUTH_7296f95bfa0b4387993b88d76363e97a/gnocchi.94c8b592-f1ba-4c3c-82f6-41ed5b0540ab/1763640000.0_mean_300.0_v3" "tx0952a50659f4439d90aa4-0069244d9c" "proxy-server 20" 0.0008 "-" 23 0
Nov 24 12:20:44 standalone proxy-server[128935]: 172.18.0.2 172.18.0.100 24/Nov/2025/12/20/44 GET /v1/AUTH_7296f95bfa0b4387993b88d76363e97a/gnocchi.94c8b592-f1ba-4c3c-82f6-41ed5b0540ab/1763640000.0_mean_300.0_v3 HTTP/1.0 200 - python-swiftclient-3.11.1 gAAAAABpJE03h9O6... - 16 - tx0952a50659f4439d90aa4-0069244d9c - 0.0070 - - 1763986844.006249189 1763986844.013200045 0
Nov 24 12:20:44 standalone container-server[127010]: 172.20.0.100 - - [24/Nov/2025:12:20:44 +0000] "PUT /d1/211/AUTH_7296f95bfa0b4387993b88d76363e97a/gnocchi.94c8b592-f1ba-4c3c-82f6-41ed5b0540ab/1763640000.0_mean_300.0_v3" 201 - "PUT http://172.18.0.2:8080/d1/942/AUTH_7296f95bfa0b4387993b88d76363e97a/gnocchi.94c8b592-f1ba-4c3c-82f6-41ed5b0540ab/1763640000.0_mean_300.0_v3" "tx39e38bfbbe5b48e4b34c7-0069244d9c" "object-server 25" 0.0011 "-" 23 0
Nov 24 12:20:44 standalone object-server[127065]: 172.20.0.100 - - [24/Nov/2025:12:20:44 +0000] "PUT /d1/942/AUTH_7296f95bfa0b4387993b88d76363e97a/gnocchi.94c8b592-f1ba-4c3c-82f6-41ed5b0540ab/1763640000.0_mean_300.0_v3" 201 - "PUT http://172.18.0.2:8080/v1/AUTH_7296f95bfa0b4387993b88d76363e97a/gnocchi.94c8b592-f1ba-4c3c-82f6-41ed5b0540ab/1763640000.0_mean_300.0_v3" "tx39e38bfbbe5b48e4b34c7-0069244d9c" "proxy-server 20" 0.0154 "-" 25 0
Nov 24 12:20:44 standalone proxy-server[128935]: 172.18.0.2 172.18.0.100 24/Nov/2025/12/20/44 PUT /v1/AUTH_7296f95bfa0b4387993b88d76363e97a/gnocchi.94c8b592-f1ba-4c3c-82f6-41ed5b0540ab/1763640000.0_mean_300.0_v3 HTTP/1.0 201 - python-swiftclient-3.11.1 gAAAAABpJE03h9O6... 16 - - tx39e38bfbbe5b48e4b34c7-0069244d9c - 0.0209 - - 1763986844.016327620 1763986844.037215948 0
Nov 24 12:20:44 standalone container-server[127007]: 172.20.0.100 - - [24/Nov/2025:12:20:44 +0000] "PUT /d1/211/AUTH_7296f95bfa0b4387993b88d76363e97a/gnocchi.94c8b592-f1ba-4c3c-82f6-41ed5b0540ab/none_v3" 201 - "PUT http://172.18.0.2:8080/d1/93/AUTH_7296f95bfa0b4387993b88d76363e97a/gnocchi.94c8b592-f1ba-4c3c-82f6-41ed5b0540ab/none_v3" "tx28a9023975ab457895f9a-0069244d9c" "object-server 24" 0.0006 "-" 21 0
Nov 24 12:20:44 standalone object-server[127064]: 172.20.0.100 - - [24/Nov/2025:12:20:44 +0000] "PUT /d1/93/AUTH_7296f95bfa0b4387993b88d76363e97a/gnocchi.94c8b592-f1ba-4c3c-82f6-41ed5b0540ab/none_v3" 201 - "PUT http://172.18.0.2:8080/v1/AUTH_7296f95bfa0b4387993b88d76363e97a/gnocchi.94c8b592-f1ba-4c3c-82f6-41ed5b0540ab/none_v3" "tx28a9023975ab457895f9a-0069244d9c" "proxy-server 20" 0.0096 "-" 24 0
Nov 24 12:20:44 standalone proxy-server[128935]: 172.18.0.2 172.18.0.100 24/Nov/2025/12/20/44 PUT /v1/AUTH_7296f95bfa0b4387993b88d76363e97a/gnocchi.94c8b592-f1ba-4c3c-82f6-41ed5b0540ab/none_v3 HTTP/1.0 201 - python-swiftclient-3.11.1 gAAAAABpJE03h9O6... 32 - - tx28a9023975ab457895f9a-0069244d9c - 0.0158 - - 1763986844.040306091 1763986844.056108236 0
Nov 24 12:20:54 standalone container-server[127009]: 172.20.0.100 - - [24/Nov/2025:12:20:54 +0000] "HEAD /d1/650/AUTH_7296f95bfa0b4387993b88d76363e97a/gnocchi.2a2a77b5-b1fa-4b67-9595-8a547c2a87e3" 404 - "HEAD http://172.18.0.2:8080/v1/AUTH_7296f95bfa0b4387993b88d76363e97a/gnocchi.2a2a77b5-b1fa-4b67-9595-8a547c2a87e3?format=json&states=listing" "tx2267be660101427797af0-0069244da6" "proxy-server 20" 0.0011 "-" 22 0
Nov 24 12:20:54 standalone object-server[127065]: 172.20.0.100 - - [24/Nov/2025:12:20:54 +0000] "GET /d1/497/AUTH_7296f95bfa0b4387993b88d76363e97a/gnocchi.2a2a77b5-b1fa-4b67-9595-8a547c2a87e3/none_v3" 404 70 "GET http://172.18.0.2:8080/v1/AUTH_7296f95bfa0b4387993b88d76363e97a/gnocchi.2a2a77b5-b1fa-4b67-9595-8a547c2a87e3/none_v3" "tx2267be660101427797af0-0069244da6" "proxy-server 20" 0.0008 "-" 25 0
Nov 24 12:20:54 standalone proxy-server[128935]: 172.18.0.2 172.18.0.100 24/Nov/2025/12/20/54 GET /v1/AUTH_7296f95bfa0b4387993b88d76363e97a/gnocchi.2a2a77b5-b1fa-4b67-9595-8a547c2a87e3/none_v3 HTTP/1.0 404 - python-swiftclient-3.11.1 gAAAAABpJE03h9O6... - 70 - tx2267be660101427797af0-0069244da6 - 0.0213 - - 1763986854.208208799 1763986854.229470968 0
Nov 24 12:20:54 standalone account-server[126719]: 172.20.0.100 - - [24/Nov/2025:12:20:54 +0000] "PUT /d1/106/AUTH_7296f95bfa0b4387993b88d76363e97a/gnocchi.2a2a77b5-b1fa-4b67-9595-8a547c2a87e3" 201 - "PUT http://172.20.0.100:6001/d1/650/AUTH_7296f95bfa0b4387993b88d76363e97a/gnocchi.2a2a77b5-b1fa-4b67-9595-8a547c2a87e3" "tx3d51e4091f324e65b7a5b-0069244da6" "container-server 22" 0.0153 "-" 22 0
Nov 24 12:20:54 standalone container-server[127009]: 172.20.0.100 - - [24/Nov/2025:12:20:54 +0000] "PUT /d1/650/AUTH_7296f95bfa0b4387993b88d76363e97a/gnocchi.2a2a77b5-b1fa-4b67-9595-8a547c2a87e3" 201 - "PUT http://172.18.0.2:8080/v1/AUTH_7296f95bfa0b4387993b88d76363e97a/gnocchi.2a2a77b5-b1fa-4b67-9595-8a547c2a87e3" "tx3d51e4091f324e65b7a5b-0069244da6" "proxy-server 20" 0.0535 "-" 22 0
Nov 24 12:20:54 standalone proxy-server[128935]: 172.18.0.2 172.18.0.100 24/Nov/2025/12/20/54 PUT /v1/AUTH_7296f95bfa0b4387993b88d76363e97a/gnocchi.2a2a77b5-b1fa-4b67-9595-8a547c2a87e3 HTTP/1.0 201 - python-swiftclient-3.11.1 gAAAAABpJE03h9O6... - - - tx3d51e4091f324e65b7a5b-0069244da6 - 0.0620 - - 1763986854.234576702 1763986854.296538830 0
Nov 24 12:20:54 standalone container-server[127010]: 172.20.0.100 - - [24/Nov/2025:12:20:54 +0000] "HEAD /d1/650/AUTH_7296f95bfa0b4387993b88d76363e97a/gnocchi.2a2a77b5-b1fa-4b67-9595-8a547c2a87e3" 204 - "HEAD http://172.18.0.2:8080/v1/AUTH_7296f95bfa0b4387993b88d76363e97a/gnocchi.2a2a77b5-b1fa-4b67-9595-8a547c2a87e3?format=json&states=listing" "tx95488aaec90a40fb8307c-0069244da6" "proxy-server 20" 0.0022 "-" 23 0
Nov 24 12:20:54 standalone proxy-server[128935]: - - 24/Nov/2025/12/20/54 HEAD /v1/AUTH_7296f95bfa0b4387993b88d76363e97a/gnocchi.2a2a77b5-b1fa-4b67-9595-8a547c2a87e3%3Fformat%3Djson%26states%3Dlisting HTTP/1.0 204 - Swift - - - - tx95488aaec90a40fb8307c-0069244da6 - 0.0076 RL - 1763986854.303935766 1763986854.311498165 0
Nov 24 12:20:54 standalone container-server[127007]: 172.20.0.100 - - [24/Nov/2025:12:20:54 +0000] "GET /d1/650/AUTH_7296f95bfa0b4387993b88d76363e97a/gnocchi.2a2a77b5-b1fa-4b67-9595-8a547c2a87e3" 200 2 "GET http://172.18.0.2:8080/v1/AUTH_7296f95bfa0b4387993b88d76363e97a/gnocchi.2a2a77b5-b1fa-4b67-9595-8a547c2a87e3?format=json&states=listing" "tx95488aaec90a40fb8307c-0069244da6" "proxy-server 20" 0.0035 "-" 21 0
