Nov 24 12:07:11 standalone account-server[126371]: Starting 2
Nov 24 12:07:11 standalone account-server[126482]: Started child 20 from parent 2
Nov 24 12:07:11 standalone account-server[126482]: Started child 21 from parent 2
Nov 24 12:07:11 standalone account-server[126482]: Started child 22 from parent 2
Nov 24 12:07:11 standalone account-server[126482]: Started child 23 from parent 2
Nov 24 12:07:12 standalone container-server[126737]: Starting 2
Nov 24 12:07:12 standalone object-expirer[126804]: Starting 2
Nov 24 12:07:12 standalone object-expirer[126804]: Option auto_create_account_prefix is deprecated. Configure auto_create_account_prefix under the swift-constraints section of swift.conf. This option will be ignored in a future release.
Nov 24 12:07:12 standalone container-server[126761]: Option allow_versions is deprecated. Configure the versioned_writes middleware in the proxy-server instead. This option will be ignored in a future release.
Nov 24 12:07:12 standalone container-server[127004]: Option allow_versions is deprecated. Configure the versioned_writes middleware in the proxy-server instead. This option will be ignored in a future release.
Nov 24 12:07:12 standalone container-server[126761]: Started child 20 from parent 2
Nov 24 12:07:12 standalone container-server[127007]: Option allow_versions is deprecated. Configure the versioned_writes middleware in the proxy-server instead. This option will be ignored in a future release.
Nov 24 12:07:12 standalone container-server[126761]: Started child 21 from parent 2
Nov 24 12:07:12 standalone container-server[127009]: Option allow_versions is deprecated. Configure the versioned_writes middleware in the proxy-server instead. This option will be ignored in a future release.
Nov 24 12:07:12 standalone container-server[126761]: Started child 22 from parent 2
Nov 24 12:07:12 standalone container-server[127010]: Option allow_versions is deprecated. Configure the versioned_writes middleware in the proxy-server instead. This option will be ignored in a future release.
Nov 24 12:07:12 standalone container-server[126761]: Started child 23 from parent 2
Nov 24 12:07:13 standalone object-server[126937]: Started child 22 from parent 2
Nov 24 12:07:13 standalone object-server[126937]: Started child 23 from parent 2
Nov 24 12:07:13 standalone object-server[126937]: Started child 24 from parent 2
Nov 24 12:07:13 standalone object-server[126937]: Started child 25 from parent 2
Nov 24 12:07:13 standalone object-server[127033]: Starting 2
Nov 24 12:07:18 standalone proxy-server[128785]: Starting Keystone auth_token middleware
Nov 24 12:07:18 standalone proxy-server[128785]: AuthToken middleware is set with keystone_authtoken.service_token_roles_required set to False. This is backwards compatible but deprecated behaviour. Please set this to True.
Nov 24 12:07:18 standalone proxy-server[128935]: Starting Keystone auth_token middleware
Nov 24 12:07:18 standalone proxy-server[128935]: STDERR: The option "bind_port" is not known to keystonemiddleware
Nov 24 12:07:18 standalone proxy-server[128935]: STDERR: The option "workers" is not known to keystonemiddleware
Nov 24 12:07:18 standalone proxy-server[128935]: STDERR: The option "user" is not known to keystonemiddleware
Nov 24 12:07:18 standalone proxy-server[128935]: STDERR: The option "bind_ip" is not known to keystonemiddleware
Nov 24 12:07:18 standalone proxy-server[128935]: STDERR: The option "log_name" is not known to keystonemiddleware
Nov 24 12:07:18 standalone proxy-server[128935]: STDERR: The option "log_facility" is not known to keystonemiddleware
Nov 24 12:07:18 standalone proxy-server[128935]: STDERR: The option "log_level" is not known to keystonemiddleware
Nov 24 12:07:18 standalone proxy-server[128935]: STDERR: The option "log_headers" is not known to keystonemiddleware
Nov 24 12:07:18 standalone proxy-server[128935]: STDERR: The option "log_address" is not known to keystonemiddleware
Nov 24 12:07:18 standalone proxy-server[128935]: STDERR: The option "project_name" is not known to keystonemiddleware
Nov 24 12:07:18 standalone proxy-server[128935]: STDERR: The option "username" is not known to keystonemiddleware
Nov 24 12:07:18 standalone proxy-server[128935]: STDERR: The option "password" is not known to keystonemiddleware
Nov 24 12:07:18 standalone proxy-server[128935]: STDERR: The option "auth_url" is not known to keystonemiddleware
Nov 24 12:07:18 standalone proxy-server[128935]: STDERR: The option "signing_dir" is not known to keystonemiddleware
Nov 24 12:07:18 standalone proxy-server[128935]: STDERR: The option "project_domain_id" is not known to keystonemiddleware
Nov 24 12:07:18 standalone proxy-server[128935]: STDERR: The option "user_domain_id" is not known to keystonemiddleware
Nov 24 12:07:18 standalone proxy-server[128935]: STDERR: The option "__name__" is not known to keystonemiddleware
Nov 24 12:07:18 standalone proxy-server[128935]: AuthToken middleware is set with keystone_authtoken.service_token_roles_required set to False. This is backwards compatible but deprecated behaviour. Please set this to True.
Nov 24 12:07:18 standalone proxy-server[128785]: Started child 20 from parent 2
Nov 24 12:08:10 standalone object-server[127033]: Begin object update sweep
Nov 24 12:08:11 standalone object-server[134685]: Object update sweep starting on /srv/node/d1 (pid: 11)
Nov 24 12:08:11 standalone object-server[134685]: Object update sweep completed on /srv/node/d1 in 0.00s seconds:, 0 successes, 0 failures, 0 quarantines, 0 unlinks, 0 errors, 0 redirects (pid: 11)
Nov 24 12:08:11 standalone object-server[134685]: Object update sweep of d1 completed: 0.00s, 0 successes, 0 failures, 0 quarantines, 0 unlinks, 0 errors, 0 redirects
Nov 24 12:08:11 standalone object-server[127033]: Object update sweep completed: 0.08s
Nov 24 12:08:57 standalone container-server[126737]: Begin container update sweep
Nov 24 12:08:57 standalone container-server[126737]: Container update sweep completed: 0.00s
Nov 24 12:10:29 standalone account-server[126718]: 172.20.0.100 - - [24/Nov/2025:12:10:29 +0000] "HEAD /d1/131/.expiring_objects" 404 - "HEAD http://localhost/v1/.expiring_objects?format=json" "tx5ba60a68627244a99c9bc-0069244b35" "proxy-server 2" 0.0011 "-" 21 -
Nov 24 12:10:29 standalone object-expirer[126804]: Pass completed in 0s; 0 objects expired (txn: tx5ba60a68627244a99c9bc-0069244b35)
Nov 24 12:13:11 standalone object-server[127033]: Begin object update sweep
Nov 24 12:13:11 standalone object-server[171758]: Object update sweep starting on /srv/node/d1 (pid: 13)
Nov 24 12:13:11 standalone object-server[171758]: Object update sweep completed on /srv/node/d1 in 0.00s seconds:, 0 successes, 0 failures, 0 quarantines, 0 unlinks, 0 errors, 0 redirects (pid: 13)
Nov 24 12:13:11 standalone object-server[171758]: Object update sweep of d1 completed: 0.00s, 0 successes, 0 failures, 0 quarantines, 0 unlinks, 0 errors, 0 redirects
Nov 24 12:13:11 standalone object-server[127033]: Object update sweep completed: 0.09s
Nov 24 12:13:57 standalone container-server[126737]: Begin container update sweep
Nov 24 12:13:57 standalone container-server[126737]: Container update sweep completed: 0.00s
Nov 24 12:15:08 standalone account-server[126717]: 172.20.0.100 - - [24/Nov/2025:12:15:08 +0000] "HEAD /d1/131/.expiring_objects" 404 - "HEAD http://localhost/v1/.expiring_objects?format=json" "txe53a5698703946679fd39-0069244c4c" "proxy-server 2" 0.0008 "-" 20 -
Nov 24 12:15:08 standalone object-expirer[126804]: Pass completed in 0s; 0 objects expired (txn: txe53a5698703946679fd39-0069244c4c)
Nov 24 12:17:32 standalone account-server[126718]: 172.20.0.100 - - [24/Nov/2025:12:17:32 +0000] "HEAD /d1/131/.expiring_objects" 404 - "HEAD http://localhost/v1/.expiring_objects?format=json" "tx56e83cf8e41c445e81ece-0069244cdc" "proxy-server 2" 0.0004 "-" 21 -
Nov 24 12:17:32 standalone object-expirer[126804]: Pass completed in 0s; 0 objects expired (txn: tx56e83cf8e41c445e81ece-0069244cdc)
Nov 24 12:18:11 standalone object-server[127033]: Begin object update sweep
Nov 24 12:18:11 standalone object-server[212089]: Object update sweep starting on /srv/node/d1 (pid: 14)
Nov 24 12:18:11 standalone object-server[212089]: Object update sweep completed on /srv/node/d1 in 0.00s seconds:, 0 successes, 0 failures, 0 quarantines, 0 unlinks, 0 errors, 0 redirects (pid: 14)
Nov 24 12:18:11 standalone object-server[212089]: Object update sweep of d1 completed: 0.00s, 0 successes, 0 failures, 0 quarantines, 0 unlinks, 0 errors, 0 redirects
Nov 24 12:18:11 standalone object-server[127033]: Object update sweep completed: 0.08s
Nov 24 12:18:57 standalone container-server[126737]: Begin container update sweep
Nov 24 12:18:57 standalone container-server[126737]: Container update sweep completed: 0.00s
Nov 24 12:19:03 standalone account-server[126717]: 172.20.0.100 - - [24/Nov/2025:12:19:03 +0000] "HEAD /d1/106/AUTH_7296f95bfa0b4387993b88d76363e97a" 404 - "HEAD http://172.18.0.2:8080/v1/AUTH_7296f95bfa0b4387993b88d76363e97a?format=json" "txfd3ccc2446b0478198a1e-0069244d37" "proxy-server 20" 0.0005 "-" 20 -
Nov 24 12:19:03 standalone proxy-server[128935]: - - 24/Nov/2025/12/19/03 HEAD /v1/AUTH_7296f95bfa0b4387993b88d76363e97a%3Fformat%3Djson HTTP/1.0 200 - Swift - - - - txfd3ccc2446b0478198a1e-0069244d37 - 0.0064 RL - 1763986743.581286192 1763986743.587700844 -
Nov 24 12:19:03 standalone object-server[127065]: 172.20.0.100 - - [24/Nov/2025:12:19:03 +0000] "GET /d1/575/AUTH_7296f95bfa0b4387993b88d76363e97a/gnocchi.495176af-cbd5-4dd3-8612-1a347046b718/none_v3" 404 70 "GET http://172.18.0.2:8080/v1/AUTH_7296f95bfa0b4387993b88d76363e97a/gnocchi.495176af-cbd5-4dd3-8612-1a347046b718/none_v3" "txfd3ccc2446b0478198a1e-0069244d37" "proxy-server 20" 0.0011 "-" 25 0
Nov 24 12:19:03 standalone proxy-server[128935]: 172.18.0.2 172.18.0.100 24/Nov/2025/12/19/03 GET /v1/AUTH_7296f95bfa0b4387993b88d76363e97a/gnocchi.495176af-cbd5-4dd3-8612-1a347046b718/none_v3 HTTP/1.0 404 - python-swiftclient-3.11.1 gAAAAABpJE03h9O6... - 70 - txfd3ccc2446b0478198a1e-0069244d37 - 0.3900 - - 1763986743.577898026 1763986743.967852116 0
Nov 24 12:19:03 standalone account-server[126718]: 172.20.0.100 - - [24/Nov/2025:12:19:03 +0000] "PUT /d1/106/AUTH_7296f95bfa0b4387993b88d76363e97a" 201 - "-" "txe34d99535e504b808eda9-0069244d37" "-" 0.0234 "-" 21 -
Nov 24 12:19:03 standalone proxy-server[128935]: autocreate account '/AUTH_7296f95bfa0b4387993b88d76363e97a' (txn: txe34d99535e504b808eda9-0069244d37)
Nov 24 12:19:04 standalone account-server[126719]: 172.20.0.100 - - [24/Nov/2025:12:19:04 +0000] "HEAD /d1/106/AUTH_7296f95bfa0b4387993b88d76363e97a" 204 - "HEAD http://172.18.0.2:8080/v1/AUTH_7296f95bfa0b4387993b88d76363e97a?format=json" "txe34d99535e504b808eda9-0069244d37" "proxy-server 20" 0.0021 "-" 22 -
Nov 24 12:19:04 standalone account-server[126718]: 172.20.0.100 - - [24/Nov/2025:12:19:04 +0000] "PUT /d1/106/AUTH_7296f95bfa0b4387993b88d76363e97a/gnocchi.495176af-cbd5-4dd3-8612-1a347046b718" 201 - "PUT http://172.20.0.100:6001/d1/154/AUTH_7296f95bfa0b4387993b88d76363e97a/gnocchi.495176af-cbd5-4dd3-8612-1a347046b718" "txe34d99535e504b808eda9-0069244d37" "container-server 20" 0.0017 "-" 21 0
Nov 24 12:19:04 standalone container-server[127004]: 172.20.0.100 - - [24/Nov/2025:12:19:04 +0000] "PUT /d1/154/AUTH_7296f95bfa0b4387993b88d76363e97a/gnocchi.495176af-cbd5-4dd3-8612-1a347046b718" 201 - "PUT http://172.18.0.2:8080/v1/AUTH_7296f95bfa0b4387993b88d76363e97a/gnocchi.495176af-cbd5-4dd3-8612-1a347046b718" "txe34d99535e504b808eda9-0069244d37" "proxy-server 20" 0.0185 "-" 20 0
Nov 24 12:19:04 standalone proxy-server[128935]: 172.18.0.2 172.18.0.100 24/Nov/2025/12/19/04 PUT /v1/AUTH_7296f95bfa0b4387993b88d76363e97a/gnocchi.495176af-cbd5-4dd3-8612-1a347046b718 HTTP/1.0 201 - python-swiftclient-3.11.1 gAAAAABpJE03h9O6... - - - txe34d99535e504b808eda9-0069244d37 - 0.0567 - - 1763986743.971300364 1763986744.028004885 0
Nov 24 12:19:04 standalone container-server[127009]: 172.20.0.100 - - [24/Nov/2025:12:19:04 +0000] "HEAD /d1/154/AUTH_7296f95bfa0b4387993b88d76363e97a/gnocchi.495176af-cbd5-4dd3-8612-1a347046b718" 204 - "HEAD http://172.18.0.2:8080/v1/AUTH_7296f95bfa0b4387993b88d76363e97a/gnocchi.495176af-cbd5-4dd3-8612-1a347046b718?format=json&states=listing" "tx4194e6067d1b4bbf853be-0069244d38" "proxy-server 20" 0.0043 "-" 22 0
Nov 24 12:19:04 standalone proxy-server[128935]: - - 24/Nov/2025/12/19/04 HEAD /v1/AUTH_7296f95bfa0b4387993b88d76363e97a/gnocchi.495176af-cbd5-4dd3-8612-1a347046b718%3Fformat%3Djson%26states%3Dlisting HTTP/1.0 204 - Swift - - - - tx4194e6067d1b4bbf853be-0069244d38 - 0.0082 RL - 1763986744.032691002 1763986744.040853739 0
Nov 24 12:19:04 standalone container-server[127009]: 172.20.0.100 - - [24/Nov/2025:12:19:04 +0000] "GET /d1/154/AUTH_7296f95bfa0b4387993b88d76363e97a/gnocchi.495176af-cbd5-4dd3-8612-1a347046b718" 200 2 "GET http://172.18.0.2:8080/v1/AUTH_7296f95bfa0b4387993b88d76363e97a/gnocchi.495176af-cbd5-4dd3-8612-1a347046b718?format=json&states=listing" "tx4194e6067d1b4bbf853be-0069244d38" "proxy-server 20" 0.0037 "-" 22 0
Nov 24 12:19:04 standalone proxy-server[128935]: 172.18.0.2 172.18.0.100 24/Nov/2025/12/19/04 GET /v1/AUTH_7296f95bfa0b4387993b88d76363e97a/gnocchi.495176af-cbd5-4dd3-8612-1a347046b718%3Fformat%3Djson%26states%3Dlisting HTTP/1.0 200 - python-swiftclient-3.11.1 gAAAAABpJE03h9O6... - 2 - tx4194e6067d1b4bbf853be-0069244d38 - 0.0180 - - 1763986744.031760454 1763986744.049803972 0
Nov 24 12:19:04 standalone object-server[127062]: 172.20.0.100 - - [24/Nov/2025:12:19:04 +0000] "GET /d1/244/AUTH_7296f95bfa0b4387993b88d76363e97a/gnocchi.495176af-cbd5-4dd3-8612-1a347046b718/1763640000.0_mean_300.0_v3" 404 70 "GET http://172.18.0.2:8080/v1/AUTH_7296f95bfa0b4387993b88d76363e97a/gnocchi.495176af-cbd5-4dd3-8612-1a347046b718/1763640000.0_mean_300.0_v3" "txe2ce2ea205924c08ac8cf-0069244d38" "proxy-server 20" 0.0011 "-" 23 0
Nov 24 12:19:04 standalone proxy-server[128935]: 172.18.0.2 172.18.0.100 24/Nov/2025/12/19/04 GET /v1/AUTH_7296f95bfa0b4387993b88d76363e97a/gnocchi.495176af-cbd5-4dd3-8612-1a347046b718/1763640000.0_mean_300.0_v3 HTTP/1.0 404 - python-swiftclient-3.11.1 gAAAAABpJE03h9O6... - 70 - txe2ce2ea205924c08ac8cf-0069244d38 - 0.0064 - - 1763986744.052886248 1763986744.059242725 0
Nov 24 12:19:04 standalone container-server[127010]: 172.20.0.100 - - [24/Nov/2025:12:19:04 +0000] "PUT /d1/154/AUTH_7296f95bfa0b4387993b88d76363e97a/gnocchi.495176af-cbd5-4dd3-8612-1a347046b718/1763640000.0_mean_300.0_v3" 201 - "PUT http://172.18.0.2:8080/d1/244/AUTH_7296f95bfa0b4387993b88d76363e97a/gnocchi.495176af-cbd5-4dd3-8612-1a347046b718/1763640000.0_mean_300.0_v3" "tx41b0e177c58a4597a9116-0069244d38" "object-server 24" 0.0018 "-" 23 0
Nov 24 12:19:04 standalone object-server[127064]: 172.20.0.100 - - [24/Nov/2025:12:19:04 +0000] "PUT /d1/244/AUTH_7296f95bfa0b4387993b88d76363e97a/gnocchi.495176af-cbd5-4dd3-8612-1a347046b718/1763640000.0_mean_300.0_v3" 201 - "PUT http://172.18.0.2:8080/v1/AUTH_7296f95bfa0b4387993b88d76363e97a/gnocchi.495176af-cbd5-4dd3-8612-1a347046b718/1763640000.0_mean_300.0_v3" "tx41b0e177c58a4597a9116-0069244d38" "proxy-server 20" 0.0363 "-" 24 0
Nov 24 12:19:04 standalone proxy-server[128935]: 172.18.0.2 172.18.0.100 24/Nov/2025/12/19/04 PUT /v1/AUTH_7296f95bfa0b4387993b88d76363e97a/gnocchi.495176af-cbd5-4dd3-8612-1a347046b718/1763640000.0_mean_300.0_v3 HTTP/1.0 201 - python-swiftclient-3.11.1 gAAAAABpJE03h9O6... 16 - - tx41b0e177c58a4597a9116-0069244d38 - 0.0426 - - 1763986744.061202526 1763986744.103778601 0
Nov 24 12:19:04 standalone container-server[127009]: 172.20.0.100 - - [24/Nov/2025:12:19:04 +0000] "PUT /d1/154/AUTH_7296f95bfa0b4387993b88d76363e97a/gnocchi.495176af-cbd5-4dd3-8612-1a347046b718/none_v3" 201 - "PUT http://172.18.0.2:8080/d1/575/AUTH_7296f95bfa0b4387993b88d76363e97a/gnocchi.495176af-cbd5-4dd3-8612-1a347046b718/none_v3" "txfc4e6908b2fe4495b1dbb-0069244d38" "object-server 24" 0.0009 "-" 22 0
Nov 24 12:19:04 standalone object-server[127064]: 172.20.0.100 - - [24/Nov/2025:12:19:04 +0000] "PUT /d1/575/AUTH_7296f95bfa0b4387993b88d76363e97a/gnocchi.495176af-cbd5-4dd3-8612-1a347046b718/none_v3" 201 - "PUT http://172.18.0.2:8080/v1/AUTH_7296f95bfa0b4387993b88d76363e97a/gnocchi.495176af-cbd5-4dd3-8612-1a347046b718/none_v3" "txfc4e6908b2fe4495b1dbb-0069244d38" "proxy-server 20" 0.0110 "-" 24 0
Nov 24 12:19:04 standalone proxy-server[128935]: 172.18.0.2 172.18.0.100 24/Nov/2025/12/19/04 PUT /v1/AUTH_7296f95bfa0b4387993b88d76363e97a/gnocchi.495176af-cbd5-4dd3-8612-1a347046b718/none_v3 HTTP/1.0 201 - python-swiftclient-3.11.1 gAAAAABpJE03h9O6... 22 - - txfc4e6908b2fe4495b1dbb-0069244d38 - 0.0166 - - 1763986744.107595682 1763986744.124161243 0
Nov 24 12:19:33 standalone object-server[127065]: 172.20.0.100 - - [24/Nov/2025:12:19:33 +0000] "GET /d1/575/AUTH_7296f95bfa0b4387993b88d76363e97a/gnocchi.495176af-cbd5-4dd3-8612-1a347046b718/none_v3" 200 22 "GET http://172.18.0.2:8080/v1/AUTH_7296f95bfa0b4387993b88d76363e97a/gnocchi.495176af-cbd5-4dd3-8612-1a347046b718/none_v3" "tx94c8ca4e9cb6487299c6a-0069244d55" "proxy-server 20" 0.0016 "-" 25 0
Nov 24 12:19:33 standalone proxy-server[128935]: 172.18.0.2 172.18.0.100 24/Nov/2025/12/19/33 GET /v1/AUTH_7296f95bfa0b4387993b88d76363e97a/gnocchi.495176af-cbd5-4dd3-8612-1a347046b718/none_v3 HTTP/1.0 200 - python-swiftclient-3.11.1 gAAAAABpJE03h9O6... - 22 - tx94c8ca4e9cb6487299c6a-0069244d55 - 0.0183 - - 1763986773.196087122 1763986773.214431524 0
Nov 24 12:19:33 standalone container-server[127010]: 172.20.0.100 - - [24/Nov/2025:12:19:33 +0000] "GET /d1/154/AUTH_7296f95bfa0b4387993b88d76363e97a/gnocchi.495176af-cbd5-4dd3-8612-1a347046b718" 200 357 "GET http://172.18.0.2:8080/v1/AUTH_7296f95bfa0b4387993b88d76363e97a/gnocchi.495176af-cbd5-4dd3-8612-1a347046b718?format=json&states=listing" "tx59ba8a3fe3fb4162b6b1f-0069244d55" "proxy-server 20" 0.0204 "-" 23 0
Nov 24 12:19:33 standalone proxy-server[128935]: 172.18.0.2 172.18.0.100 24/Nov/2025/12/19/33 GET /v1/AUTH_7296f95bfa0b4387993b88d76363e97a/gnocchi.495176af-cbd5-4dd3-8612-1a347046b718%3Fformat%3Djson%26states%3Dlisting HTTP/1.0 200 - python-swiftclient-3.11.1 gAAAAABpJE03h9O6... - 357 - tx59ba8a3fe3fb4162b6b1f-0069244d55 - 0.0316 - - 1763986773.220071316 1763986773.251680374 0
Nov 24 12:19:33 standalone container-server[127004]: 172.20.0.100 - - [24/Nov/2025:12:19:33 +0000] "GET /d1/154/AUTH_7296f95bfa0b4387993b88d76363e97a/gnocchi.495176af-cbd5-4dd3-8612-1a347046b718" 200 2 "GET http://172.18.0.2:8080/v1/AUTH_7296f95bfa0b4387993b88d76363e97a/gnocchi.495176af-cbd5-4dd3-8612-1a347046b718?format=json&marker=none_v3&states=listing" "tx208663447aa648af8faee-0069244d55" "proxy-server 20" 0.0044 "-" 20 0
Nov 24 12:19:33 standalone proxy-server[128935]: 172.18.0.2 172.18.0.100 24/Nov/2025/12/19/33 GET /v1/AUTH_7296f95bfa0b4387993b88d76363e97a/gnocchi.495176af-cbd5-4dd3-8612-1a347046b718%3Fformat%3Djson%26marker%3Dnone_v3%26states%3Dlisting HTTP/1.0 200 - python-swiftclient-3.11.1 gAAAAABpJE03h9O6... - 2 - tx208663447aa648af8faee-0069244d55 - 0.0144 - - 1763986773.256422997 1763986773.270802259 0
Nov 24 12:19:33 standalone object-server[127065]: 172.20.0.100 - - [24/Nov/2025:12:19:33 +0000] "GET /d1/244/AUTH_7296f95bfa0b4387993b88d76363e97a/gnocchi.495176af-cbd5-4dd3-8612-1a347046b718/1763640000.0_mean_300.0_v3" 200 16 "GET http://172.18.0.2:8080/v1/AUTH_7296f95bfa0b4387993b88d76363e97a/gnocchi.495176af-cbd5-4dd3-8612-1a347046b718/1763640000.0_mean_300.0_v3" "tx409bc6ff08f64155a395d-0069244d55" "proxy-server 20" 0.0015 "-" 25 0
Nov 24 12:19:33 standalone proxy-server[128935]: 172.18.0.2 172.18.0.100 24/Nov/2025/12/19/33 GET /v1/AUTH_7296f95bfa0b4387993b88d76363e97a/gnocchi.495176af-cbd5-4dd3-8612-1a347046b718/1763640000.0_mean_300.0_v3 HTTP/1.0 200 - python-swiftclient-3.11.1 gAAAAABpJE03h9O6... - 16 - tx409bc6ff08f64155a395d-0069244d55 - 0.0113 - - 1763986773.275907993 1763986773.287235022 0
Nov 24 12:19:33 standalone container-server[127004]: 172.20.0.100 - - [24/Nov/2025:12:19:33 +0000] "PUT /d1/154/AUTH_7296f95bfa0b4387993b88d76363e97a/gnocchi.495176af-cbd5-4dd3-8612-1a347046b718/1763640000.0_mean_300.0_v3" 201 - "PUT http://172.18.0.2:8080/d1/244/AUTH_7296f95bfa0b4387993b88d76363e97a/gnocchi.495176af-cbd5-4dd3-8612-1a347046b718/1763640000.0_mean_300.0_v3" "tx20a12cb0e14a47759506c-0069244d55" "object-server 22" 0.0012 "-" 20 0
Nov 24 12:19:33 standalone object-server[127058]: 172.20.0.100 - - [24/Nov/2025:12:19:33 +0000] "PUT /d1/244/AUTH_7296f95bfa0b4387993b88d76363e97a/gnocchi.495176af-cbd5-4dd3-8612-1a347046b718/1763640000.0_mean_300.0_v3" 201 - "PUT http://172.18.0.2:8080/v1/AUTH_7296f95bfa0b4387993b88d76363e97a/gnocchi.495176af-cbd5-4dd3-8612-1a347046b718/1763640000.0_mean_300.0_v3" "tx20a12cb0e14a47759506c-0069244d55" "proxy-server 20" 0.0319 "-" 22 0
Nov 24 12:19:33 standalone proxy-server[128935]: 172.18.0.2 172.18.0.100 24/Nov/2025/12/19/33 PUT /v1/AUTH_7296f95bfa0b4387993b88d76363e97a/gnocchi.495176af-cbd5-4dd3-8612-1a347046b718/1763640000.0_mean_300.0_v3 HTTP/1.0 201 - python-swiftclient-3.11.1 gAAAAABpJE03h9O6... 16 - - tx20a12cb0e14a47759506c-0069244d55 - 0.0408 - - 1763986773.291506767 1763986773.332333088 0
Nov 24 12:19:33 standalone container-server[127004]: 172.20.0.100 - - [24/Nov/2025:12:19:33 +0000] "PUT /d1/154/AUTH_7296f95bfa0b4387993b88d76363e97a/gnocchi.495176af-cbd5-4dd3-8612-1a347046b718/none_v3" 201 - "PUT http://172.18.0.2:8080/d1/575/AUTH_7296f95bfa0b4387993b88d76363e97a/gnocchi.495176af-cbd5-4dd3-8612-1a347046b718/none_v3" "txf81df3ac70ab437dbc243-0069244d55" "object-server 22" 0.0007 "-" 20 0
Nov 24 12:19:33 standalone object-server[127058]: 172.20.0.100 - - [24/Nov/2025:12:19:33 +0000] "PUT /d1/575/AUTH_7296f95bfa0b4387993b88d76363e97a/gnocchi.495176af-cbd5-4dd3-8612-1a347046b718/none_v3" 201 - "PUT http://172.18.0.2:8080/v1/AUTH_7296f95bfa0b4387993b88d76363e97a/gnocchi.495176af-cbd5-4dd3-8612-1a347046b718/none_v3" "txf81df3ac70ab437dbc243-0069244d55" "proxy-server 20" 0.0157 "-" 22 0
Nov 24 12:19:33 standalone proxy-server[128935]: 172.18.0.2 172.18.0.100 24/Nov/2025/12/19/33 PUT /v1/AUTH_7296f95bfa0b4387993b88d76363e97a/gnocchi.495176af-cbd5-4dd3-8612-1a347046b718/none_v3 HTTP/1.0 201 - python-swiftclient-3.11.1 gAAAAABpJE03h9O6... 32 - - txf81df3ac70ab437dbc243-0069244d55 - 0.0243 - - 1763986773.336150646 1763986773.360495806 0
Nov 24 12:20:03 standalone container-server[127009]: 172.20.0.100 - - [24/Nov/2025:12:20:03 +0000] "HEAD /d1/645/AUTH_7296f95bfa0b4387993b88d76363e97a/gnocchi.31c67950-56f7-4c1e-adfb-584717d77a24" 404 - "HEAD http://172.18.0.2:8080/v1/AUTH_7296f95bfa0b4387993b88d76363e97a/gnocchi.31c67950-56f7-4c1e-adfb-584717d77a24?format=json&states=listing" "tx3946301ed8154317a1d0e-0069244d73" "proxy-server 20" 0.0005 "-" 22 0
Nov 24 12:20:03 standalone object-server[127058]: 172.20.0.100 - - [24/Nov/2025:12:20:03 +0000] "GET /d1/914/AUTH_7296f95bfa0b4387993b88d76363e97a/gnocchi.31c67950-56f7-4c1e-adfb-584717d77a24/none_v3" 404 70 "GET http://172.18.0.2:8080/v1/AUTH_7296f95bfa0b4387993b88d76363e97a/gnocchi.31c67950-56f7-4c1e-adfb-584717d77a24/none_v3" "tx3946301ed8154317a1d0e-0069244d73" "proxy-server 20" 0.0005 "-" 22 0
Nov 24 12:20:03 standalone proxy-server[128935]: 172.18.0.2 172.18.0.100 24/Nov/2025/12/20/03 GET /v1/AUTH_7296f95bfa0b4387993b88d76363e97a/gnocchi.31c67950-56f7-4c1e-adfb-584717d77a24/none_v3 HTTP/1.0 404 - python-swiftclient-3.11.1 gAAAAABpJE03h9O6... - 70 - tx3946301ed8154317a1d0e-0069244d73 - 0.0090 - - 1763986803.327799797 1763986803.336815834 0
Nov 24 12:20:03 standalone account-server[126719]: 172.20.0.100 - - [24/Nov/2025:12:20:03 +0000] "PUT /d1/106/AUTH_7296f95bfa0b4387993b88d76363e97a/gnocchi.31c67950-56f7-4c1e-adfb-584717d77a24" 201 - "PUT http://172.20.0.100:6001/d1/645/AUTH_7296f95bfa0b4387993b88d76363e97a/gnocchi.31c67950-56f7-4c1e-adfb-584717d77a24" "tx0c7ba5b2a2694c338588e-0069244d73" "container-server 22" 0.0052 "-" 22 0
Nov 24 12:20:03 standalone container-server[127009]: 172.20.0.100 - - [24/Nov/2025:12:20:03 +0000] "PUT /d1/645/AUTH_7296f95bfa0b4387993b88d76363e97a/gnocchi.31c67950-56f7-4c1e-adfb-584717d77a24" 201 - "PUT http://172.18.0.2:8080/v1/AUTH_7296f95bfa0b4387993b88d76363e97a/gnocchi.31c67950-56f7-4c1e-adfb-584717d77a24" "tx0c7ba5b2a2694c338588e-0069244d73" "proxy-server 20" 0.0147 "-" 22 0
Nov 24 12:20:03 standalone proxy-server[128935]: 172.18.0.2 172.18.0.100 24/Nov/2025/12/20/03 PUT /v1/AUTH_7296f95bfa0b4387993b88d76363e97a/gnocchi.31c67950-56f7-4c1e-adfb-584717d77a24 HTTP/1.0 201 - python-swiftclient-3.11.1 gAAAAABpJE03h9O6... - - - tx0c7ba5b2a2694c338588e-0069244d73 - 0.0182 - - 1763986803.342023373 1763986803.360215187 0
Nov 24 12:20:03 standalone container-server[127007]: 172.20.0.100 - - [24/Nov/2025:12:20:03 +0000] "HEAD /d1/645/AUTH_7296f95bfa0b4387993b88d76363e97a/gnocchi.31c67950-56f7-4c1e-adfb-584717d77a24" 204 - "HEAD http://172.18.0.2:8080/v1/AUTH_7296f95bfa0b4387993b88d76363e97a/gnocchi.31c67950-56f7-4c1e-adfb-584717d77a24?format=json&states=listing" "txcc6c2c45e99d42e1920fd-0069244d73" "proxy-server 20" 0.0022 "-" 21 0
Nov 24 12:20:03 standalone proxy-server[128935]: - - 24/Nov/2025/12/20/03 HEAD /v1/AUTH_7296f95bfa0b4387993b88d76363e97a/gnocchi.31c67950-56f7-4c1e-adfb-584717d77a24%3Fformat%3Djson%26states%3Dlisting HTTP/1.0 204 - Swift - - - - txcc6c2c45e99d42e1920fd-0069244d73 - 0.0049 RL - 1763986803.364331722 1763986803.369247437 0
Nov 24 12:20:03 standalone container-server[127007]: 172.20.0.100 - - [24/Nov/2025:12:20:03 +0000] "GET /d1/645/AUTH_7296f95bfa0b4387993b88d76363e97a/gnocchi.31c67950-56f7-4c1e-adfb-584717d77a24" 200 2 "GET http://172.18.0.2:8080/v1/AUTH_7296f95bfa0b4387993b88d76363e97a/gnocchi.31c67950-56f7-4c1e-adfb-584717d77a24?format=json&states=listing" "txcc6c2c45e99d42e1920fd-0069244d73" "proxy-server 20" 0.0017 "-" 21 0
Nov 24 12:20:03 standalone proxy-server[128935]: 172.18.0.2 172.18.0.100 24/Nov/2025/12/20/03 GET /v1/AUTH_7296f95bfa0b4387993b88d76363e97a/gnocchi.31c67950-56f7-4c1e-adfb-584717d77a24%3Fformat%3Djson%26states%3Dlisting HTTP/1.0 200 - python-swiftclient-3.11.1 gAAAAABpJE03h9O6... - 2 - txcc6c2c45e99d42e1920fd-0069244d73 - 0.0132 - - 1763986803.363554478 1763986803.376741886 0
Nov 24 12:20:03 standalone object-server[127058]: 172.20.0.100 - - [24/Nov/2025:12:20:03 +0000] "GET /d1/637/AUTH_7296f95bfa0b4387993b88d76363e97a/gnocchi.31c67950-56f7-4c1e-adfb-584717d77a24/1763640000.0_mean_300.0_v3" 404 70 "GET http://172.18.0.2:8080/v1/AUTH_7296f95bfa0b4387993b88d76363e97a/gnocchi.31c67950-56f7-4c1e-adfb-584717d77a24/1763640000.0_mean_300.0_v3" "tx76f8d8f02a4d4a528470d-0069244d73" "proxy-server 20" 0.0003 "-" 22 0
Nov 24 12:20:03 standalone proxy-server[128935]: 172.18.0.2 172.18.0.100 24/Nov/2025/12/20/03 GET /v1/AUTH_7296f95bfa0b4387993b88d76363e97a/gnocchi.31c67950-56f7-4c1e-adfb-584717d77a24/1763640000.0_mean_300.0_v3 HTTP/1.0 404 - python-swiftclient-3.11.1 gAAAAABpJE03h9O6... - 70 - tx76f8d8f02a4d4a528470d-0069244d73 - 0.0049 - - 1763986803.381057024 1763986803.385935783 0
Nov 24 12:20:03 standalone container-server[127009]: 172.20.0.100 - - [24/Nov/2025:12:20:03 +0000] "PUT /d1/645/AUTH_7296f95bfa0b4387993b88d76363e97a/gnocchi.31c67950-56f7-4c1e-adfb-584717d77a24/1763640000.0_mean_300.0_v3" 201 - "PUT http://172.18.0.2:8080/d1/637/AUTH_7296f95bfa0b4387993b88d76363e97a/gnocchi.31c67950-56f7-4c1e-adfb-584717d77a24/1763640000.0_mean_300.0_v3" "tx4d7f5dc4d9b04602bfd38-0069244d73" "object-server 23" 0.0006 "-" 22 0
Nov 24 12:20:03 standalone object-server[127062]: 172.20.0.100 - - [24/Nov/2025:12:20:03 +0000] "PUT /d1/637/AUTH_7296f95bfa0b4387993b88d76363e97a/gnocchi.31c67950-56f7-4c1e-adfb-584717d77a24/1763640000.0_mean_300.0_v3" 201 - "PUT http://172.18.0.2:8080/v1/AUTH_7296f95bfa0b4387993b88d76363e97a/gnocchi.31c67950-56f7-4c1e-adfb-584717d77a24/1763640000.0_mean_300.0_v3" "tx4d7f5dc4d9b04602bfd38-0069244d73" "proxy-server 20" 0.0331 "-" 23 0
Nov 24 12:20:03 standalone proxy-server[128935]: 172.18.0.2 172.18.0.100 24/Nov/2025/12/20/03 PUT /v1/AUTH_7296f95bfa0b4387993b88d76363e97a/gnocchi.31c67950-56f7-4c1e-adfb-584717d77a24/1763640000.0_mean_300.0_v3 HTTP/1.0 201 - python-swiftclient-3.11.1 gAAAAABpJE03h9O6... 16 - - tx4d7f5dc4d9b04602bfd38-0069244d73 - 0.0390 - - 1763986803.392707109 1763986803.431689024 0
Nov 24 12:20:03 standalone container-server[127004]: 172.20.0.100 - - [24/Nov/2025:12:20:03 +0000] "PUT /d1/645/AUTH_7296f95bfa0b4387993b88d76363e97a/gnocchi.31c67950-56f7-4c1e-adfb-584717d77a24/none_v3" 201 - "PUT http://172.18.0.2:8080/d1/914/AUTH_7296f95bfa0b4387993b88d76363e97a/gnocchi.31c67950-56f7-4c1e-adfb-584717d77a24/none_v3" "txdda8d369ca74447e9b39e-0069244d73" "object-server 22" 0.0008 "-" 20 0
Nov 24 12:20:03 standalone object-server[127058]: 172.20.0.100 - - [24/Nov/2025:12:20:03 +0000] "PUT /d1/914/AUTH_7296f95bfa0b4387993b88d76363e97a/gnocchi.31c67950-56f7-4c1e-adfb-584717d77a24/none_v3" 201 - "PUT http://172.18.0.2:8080/v1/AUTH_7296f95bfa0b4387993b88d76363e97a/gnocchi.31c67950-56f7-4c1e-adfb-584717d77a24/none_v3" "txdda8d369ca74447e9b39e-0069244d73" "proxy-server 20" 0.0305 "-" 22 0
Nov 24 12:20:03 standalone proxy-server[128935]: 172.18.0.2 172.18.0.100 24/Nov/2025/12/20/03 PUT /v1/AUTH_7296f95bfa0b4387993b88d76363e97a/gnocchi.31c67950-56f7-4c1e-adfb-584717d77a24/none_v3 HTTP/1.0 201 - python-swiftclient-3.11.1 gAAAAABpJE03h9O6... 22 - - txdda8d369ca74447e9b39e-0069244d73 - 0.0443 - - 1763986803.435523510 1763986803.479778528 0
Nov 24 12:20:03 standalone container-server[127009]: 172.20.0.100 - - [24/Nov/2025:12:20:03 +0000] "HEAD /d1/605/AUTH_7296f95bfa0b4387993b88d76363e97a/gnocchi.5abb94a8-0260-4916-bd18-d36833a25a68" 404 - "HEAD http://172.18.0.2:8080/v1/AUTH_7296f95bfa0b4387993b88d76363e97a/gnocchi.5abb94a8-0260-4916-bd18-d36833a25a68?format=json&states=listing" "txcf465d6b4e5548c78e409-0069244d73" "proxy-server 20" 0.0004 "-" 22 0
Nov 24 12:20:03 standalone object-server[127064]: 172.20.0.100 - - [24/Nov/2025:12:20:03 +0000] "GET /d1/485/AUTH_7296f95bfa0b4387993b88d76363e97a/gnocchi.5abb94a8-0260-4916-bd18-d36833a25a68/none_v3" 404 70 "GET http://172.18.0.2:8080/v1/AUTH_7296f95bfa0b4387993b88d76363e97a/gnocchi.5abb94a8-0260-4916-bd18-d36833a25a68/none_v3" "txcf465d6b4e5548c78e409-0069244d73" "proxy-server 20" 0.0003 "-" 24 0
Nov 24 12:20:03 standalone proxy-server[128935]: 172.18.0.2 172.18.0.100 24/Nov/2025/12/20/03 GET /v1/AUTH_7296f95bfa0b4387993b88d76363e97a/gnocchi.5abb94a8-0260-4916-bd18-d36833a25a68/none_v3 HTTP/1.0 404 - python-swiftclient-3.11.1 gAAAAABpJE03h9O6... - 70 - txcf465d6b4e5548c78e409-0069244d73 - 0.0100 - - 1763986803.492131472 1763986803.502130985 0
Nov 24 12:20:03 standalone account-server[126724]: 172.20.0.100 - - [24/Nov/2025:12:20:03 +0000] "PUT /d1/106/AUTH_7296f95bfa0b4387993b88d76363e97a/gnocchi.5abb94a8-0260-4916-bd18-d36833a25a68" 201 - "PUT http://172.20.0.100:6001/d1/605/AUTH_7296f95bfa0b4387993b88d76363e97a/gnocchi.5abb94a8-0260-4916-bd18-d36833a25a68" "tx8586a8fd638c4d03a3e6b-0069244d73" "container-server 21" 0.0117 "-" 23 0
Nov 24 12:20:03 standalone container-server[127007]: 172.20.0.100 - - [24/Nov/2025:12:20:03 +0000] "PUT /d1/605/AUTH_7296f95bfa0b4387993b88d76363e97a/gnocchi.5abb94a8-0260-4916-bd18-d36833a25a68" 201 - "PUT http://172.18.0.2:8080/v1/AUTH_7296f95bfa0b4387993b88d76363e97a/gnocchi.5abb94a8-0260-4916-bd18-d36833a25a68" "tx8586a8fd638c4d03a3e6b-0069244d73" "proxy-server 20" 0.0365 "-" 21 0
Nov 24 12:20:03 standalone proxy-server[128935]: 172.18.0.2 172.18.0.100 24/Nov/2025/12/20/03 PUT /v1/AUTH_7296f95bfa0b4387993b88d76363e97a/gnocchi.5abb94a8-0260-4916-bd18-d36833a25a68 HTTP/1.0 201 - python-swiftclient-3.11.1 gAAAAABpJE03h9O6... - - - tx8586a8fd638c4d03a3e6b-0069244d73 - 0.0473 - - 1763986803.507551193 1763986803.554847717 0
Nov 24 12:20:03 standalone container-server[127010]: 172.20.0.100 - - [24/Nov/2025:12:20:03 +0000] "HEAD /d1/605/AUTH_7296f95bfa0b4387993b88d76363e97a/gnocchi.5abb94a8-0260-4916-bd18-d36833a25a68" 204 - "HEAD http://172.18.0.2:8080/v1/AUTH_7296f95bfa0b4387993b88d76363e97a/gnocchi.5abb94a8-0260-4916-bd18-d36833a25a68?format=json&states=listing" "tx3dc747581db846259f0eb-0069244d73" "proxy-server 20" 0.0014 "-" 23 0
Nov 24 12:20:03 standalone proxy-server[128935]: - - 24/Nov/2025/12/20/03 HEAD /v1/AUTH_7296f95bfa0b4387993b88d76363e97a/gnocchi.5abb94a8-0260-4916-bd18-d36833a25a68%3Fformat%3Djson%26states%3Dlisting HTTP/1.0 204 - Swift - - - - tx3dc747581db846259f0eb-0069244d73 - 0.0048 RL - 1763986803.561457396 1763986803.566285133 0
Nov 24 12:20:03 standalone container-server[127007]: 172.20.0.100 - - [24/Nov/2025:12:20:03 +0000] "GET /d1/605/AUTH_7296f95bfa0b4387993b88d76363e97a/gnocchi.5abb94a8-0260-4916-bd18-d36833a25a68" 200 2 "GET http://172.18.0.2:8080/v1/AUTH_7296f95bfa0b4387993b88d76363e97a/gnocchi.5abb94a8-0260-4916-bd18-d36833a25a68?format=json&states=listing" "tx3dc747581db846259f0eb-0069244d73" "proxy-server 20" 0.0021 "-" 21 0
Nov 24 12:20:03 standalone proxy-server[128935]: 172.18.0.2 172.18.0.100 24/Nov/2025/12/20/03 GET /v1/AUTH_7296f95bfa0b4387993b88d76363e97a/gnocchi.5abb94a8-0260-4916-bd18-d36833a25a68%3Fformat%3Djson%26states%3Dlisting HTTP/1.0 200 - python-swiftclient-3.11.1 gAAAAABpJE03h9O6... - 2 - tx3dc747581db846259f0eb-0069244d73 - 0.0157 - - 1763986803.558196783 1763986803.573911190 0
Nov 24 12:20:03 standalone object-server[127065]: 172.20.0.100 - - [24/Nov/2025:12:20:03 +0000] "GET /d1/854/AUTH_7296f95bfa0b4387993b88d76363e97a/gnocchi.5abb94a8-0260-4916-bd18-d36833a25a68/1763640000.0_mean_300.0_v3" 404 70 "GET http://172.18.0.2:8080/v1/AUTH_7296f95bfa0b4387993b88d76363e97a/gnocchi.5abb94a8-0260-4916-bd18-d36833a25a68/1763640000.0_mean_300.0_v3" "tx9f242bc136694584a632d-0069244d73" "proxy-server 20" 0.0003 "-" 25 0
Nov 24 12:20:03 standalone proxy-server[128935]: 172.18.0.2 172.18.0.100 24/Nov/2025/12/20/03 GET /v1/AUTH_7296f95bfa0b4387993b88d76363e97a/gnocchi.5abb94a8-0260-4916-bd18-d36833a25a68/1763640000.0_mean_300.0_v3 HTTP/1.0 404 - python-swiftclient-3.11.1 gAAAAABpJE03h9O6... - 70 - tx9f242bc136694584a632d-0069244d73 - 0.0047 - - 1763986803.576635122 1763986803.581372976 0
Nov 24 12:20:03 standalone container-server[127007]: 172.20.0.100 - - [24/Nov/2025:12:20:03 +0000] "PUT /d1/605/AUTH_7296f95bfa0b4387993b88d76363e97a/gnocchi.5abb94a8-0260-4916-bd18-d36833a25a68/1763640000.0_mean_300.0_v3" 201 - "PUT http://172.18.0.2:8080/d1/854/AUTH_7296f95bfa0b4387993b88d76363e97a/gnocchi.5abb94a8-0260-4916-bd18-d36833a25a68/1763640000.0_mean_300.0_v3" "tx9ed2ad65efe24779bf58e-0069244d73" "object-server 25" 0.0007 "-" 21 0
Nov 24 12:20:03 standalone object-server[127065]: 172.20.0.100 - - [24/Nov/2025:12:20:03 +0000] "PUT /d1/854/AUTH_7296f95bfa0b4387993b88d76363e97a/gnocchi.5abb94a8-0260-4916-bd18-d36833a25a68/1763640000.0_mean_300.0_v3" 201 - "PUT http://172.18.0.2:8080/v1/AUTH_7296f95bfa0b4387993b88d76363e97a/gnocchi.5abb94a8-0260-4916-bd18-d36833a25a68/1763640000.0_mean_300.0_v3" "tx9ed2ad65efe24779bf58e-0069244d73" "proxy-server 20" 0.0362 "-" 25 0
Nov 24 12:20:03 standalone proxy-server[128935]: 172.18.0.2 172.18.0.100 24/Nov/2025/12/20/03 PUT /v1/AUTH_7296f95bfa0b4387993b88d76363e97a/gnocchi.5abb94a8-0260-4916-bd18-d36833a25a68/1763640000.0_mean_300.0_v3 HTTP/1.0 201 - python-swiftclient-3.11.1 gAAAAABpJE03h9O6... 16 - - tx9ed2ad65efe24779bf58e-0069244d73 - 0.0405 - - 1763986803.583497286 1763986803.623976469 0
Nov 24 12:20:03 standalone container-server[127004]: 172.20.0.100 - - [24/Nov/2025:12:20:03 +0000] "PUT /d1/605/AUTH_7296f95bfa0b4387993b88d76363e97a/gnocchi.5abb94a8-0260-4916-bd18-d36833a25a68/none_v3" 201 - "PUT http://172.18.0.2:8080/d1/485/AUTH_7296f95bfa0b4387993b88d76363e97a/gnocchi.5abb94a8-0260-4916-bd18-d36833a25a68/none_v3" "tx3dd4c9de34c24cc1bc6fe-0069244d73" "object-server 25" 0.0005 "-" 20 0
Nov 24 12:20:03 standalone object-server[127065]: 172.20.0.100 - - [24/Nov/2025:12:20:03 +0000] "PUT /d1/485/AUTH_7296f95bfa0b4387993b88d76363e97a/gnocchi.5abb94a8-0260-4916-bd18-d36833a25a68/none_v3" 201 - "PUT http://172.18.0.2:8080/v1/AUTH_7296f95bfa0b4387993b88d76363e97a/gnocchi.5abb94a8-0260-4916-bd18-d36833a25a68/none_v3" "tx3dd4c9de34c24cc1bc6fe-0069244d73" "proxy-server 20" 0.0319 "-" 25 0
Nov 24 12:20:03 standalone proxy-server[128935]: 172.18.0.2 172.18.0.100 24/Nov/2025/12/20/03 PUT /v1/AUTH_7296f95bfa0b4387993b88d76363e97a/gnocchi.5abb94a8-0260-4916-bd18-d36833a25a68/none_v3 HTTP/1.0 201 - python-swiftclient-3.11.1 gAAAAABpJE03h9O6... 22 - - tx3dd4c9de34c24cc1bc6fe-0069244d73 - 0.0375 - - 1763986803.626637936 1763986803.664112091 0
Nov 24 12:20:11 standalone account-server[126718]: 172.20.0.100 - - [24/Nov/2025:12:20:11 +0000] "HEAD /d1/106/AUTH_7296f95bfa0b4387993b88d76363e97a" 204 - "HEAD http://172.18.0.2:8080/v1/AUTH_7296f95bfa0b4387993b88d76363e97a?format=json" "tx857c79e252e641ffb0a4c-0069244d7b" "proxy-server 20" 0.0054 "-" 21 -
Nov 24 12:20:11 standalone proxy-server[128935]: - - 24/Nov/2025/12/20/11 HEAD /v1/AUTH_7296f95bfa0b4387993b88d76363e97a%3Fformat%3Djson HTTP/1.0 204 - Swift - - - - tx857c79e252e641ffb0a4c-0069244d7b - 0.0097 RL - 1763986811.657556772 1763986811.667303324 -
Nov 24 12:20:11 standalone container-server[127009]: 172.20.0.100 - - [24/Nov/2025:12:20:11 +0000] "HEAD /d1/950/AUTH_7296f95bfa0b4387993b88d76363e97a/gnocchi.ad242e3a-9d84-424e-87e6-a5fbc37a510b" 404 - "HEAD http://172.18.0.2:8080/v1/AUTH_7296f95bfa0b4387993b88d76363e97a/gnocchi.ad242e3a-9d84-424e-87e6-a5fbc37a510b?format=json&states=listing" "tx857c79e252e641ffb0a4c-0069244d7b" "proxy-server 20" 0.0011 "-" 22 0
Nov 24 12:20:11 standalone object-server[127058]: 172.20.0.100 - - [24/Nov/2025:12:20:11 +0000] "GET /d1/488/AUTH_7296f95bfa0b4387993b88d76363e97a/gnocchi.ad242e3a-9d84-424e-87e6-a5fbc37a510b/none_v3" 404 70 "GET http://172.18.0.2:8080/v1/AUTH_7296f95bfa0b4387993b88d76363e97a/gnocchi.ad242e3a-9d84-424e-87e6-a5fbc37a510b/none_v3" "tx857c79e252e641ffb0a4c-0069244d7b" "proxy-server 20" 0.0006 "-" 22 0
Nov 24 12:20:11 standalone proxy-server[128935]: 172.18.0.2 172.18.0.100 24/Nov/2025/12/20/11 GET /v1/AUTH_7296f95bfa0b4387993b88d76363e97a/gnocchi.ad242e3a-9d84-424e-87e6-a5fbc37a510b/none_v3 HTTP/1.0 404 - python-swiftclient-3.11.1 gAAAAABpJE03h9O6... - 70 - tx857c79e252e641ffb0a4c-0069244d7b - 0.0301 - - 1763986811.656414032 1763986811.686533689 0
Nov 24 12:20:11 standalone account-server[126718]: 172.20.0.100 - - [24/Nov/2025:12:20:11 +0000] "PUT /d1/106/AUTH_7296f95bfa0b4387993b88d76363e97a/gnocchi.ad242e3a-9d84-424e-87e6-a5fbc37a510b" 201 - "PUT http://172.20.0.100:6001/d1/950/AUTH_7296f95bfa0b4387993b88d76363e97a/gnocchi.ad242e3a-9d84-424e-87e6-a5fbc37a510b" "tx821e980e82a6407f899ec-0069244d7b" "container-server 22" 0.0026 "-" 21 0
Nov 24 12:20:11 standalone container-server[127009]: 172.20.0.100 - - [24/Nov/2025:12:20:11 +0000] "PUT /d1/950/AUTH_7296f95bfa0b4387993b88d76363e97a/gnocchi.ad242e3a-9d84-424e-87e6-a5fbc37a510b" 201 - "PUT http://172.18.0.2:8080/v1/AUTH_7296f95bfa0b4387993b88d76363e97a/gnocchi.ad242e3a-9d84-424e-87e6-a5fbc37a510b" "tx821e980e82a6407f899ec-0069244d7b" "proxy-server 20" 0.0209 "-" 22 0
Nov 24 12:20:11 standalone proxy-server[128935]: 172.18.0.2 172.18.0.100 24/Nov/2025/12/20/11 PUT /v1/AUTH_7296f95bfa0b4387993b88d76363e97a/gnocchi.ad242e3a-9d84-424e-87e6-a5fbc37a510b HTTP/1.0 201 - python-swiftclient-3.11.1 gAAAAABpJE03h9O6... - - - tx821e980e82a6407f899ec-0069244d7b - 0.0312 - - 1763986811.691874266 1763986811.723051310 0
Nov 24 12:20:11 standalone container-server[127009]: 172.20.0.100 - - [24/Nov/2025:12:20:11 +0000] "HEAD /d1/950/AUTH_7296f95bfa0b4387993b88d76363e97a/gnocchi.ad242e3a-9d84-424e-87e6-a5fbc37a510b" 204 - "HEAD http://172.18.0.2:8080/v1/AUTH_7296f95bfa0b4387993b88d76363e97a/gnocchi.ad242e3a-9d84-424e-87e6-a5fbc37a510b?format=json&states=listing" "tx934acf5038224f4795501-0069244d7b" "proxy-server 20" 0.0037 "-" 22 0
Nov 24 12:20:11 standalone proxy-server[128935]: - - 24/Nov/2025/12/20/11 HEAD /v1/AUTH_7296f95bfa0b4387993b88d76363e97a/gnocchi.ad242e3a-9d84-424e-87e6-a5fbc37a510b%3Fformat%3Djson%26states%3Dlisting HTTP/1.0 204 - Swift - - - - tx934acf5038224f4795501-0069244d7b - 0.0105 RL - 1763986811.733860016 1763986811.744336843 0
Nov 24 12:20:11 standalone container-server[127007]: 172.20.0.100 - - [24/Nov/2025:12:20:11 +0000] "GET /d1/950/AUTH_7296f95bfa0b4387993b88d76363e97a/gnocchi.ad242e3a-9d84-424e-87e6-a5fbc37a510b" 200 2 "GET http://172.18.0.2:8080/v1/AUTH_7296f95bfa0b4387993b88d76363e97a/gnocchi.ad242e3a-9d84-424e-87e6-a5fbc37a510b?format=json&states=listing" "tx934acf5038224f4795501-0069244d7b" "proxy-server 20" 0.0024 "-" 21 0
Nov 24 12:20:11 standalone proxy-server[128935]: 172.18.0.2 172.18.0.100 24/Nov/2025/12/20/11 GET /v1/AUTH_7296f95bfa0b4387993b88d76363e97a/gnocchi.ad242e3a-9d84-424e-87e6-a5fbc37a510b%3Fformat%3Djson%26states%3Dlisting HTTP/1.0 200 - python-swiftclient-3.11.1 gAAAAABpJE03h9O6... - 2 - tx934acf5038224f4795501-0069244d7b - 0.0274 - - 1763986811.731822491 1763986811.759217501 0
Nov 24 12:20:11 standalone object-server[127064]: 172.20.0.100 - - [24/Nov/2025:12:20:11 +0000] "GET /d1/985/AUTH_7296f95bfa0b4387993b88d76363e97a/gnocchi.ad242e3a-9d84-424e-87e6-a5fbc37a510b/1763640000.0_mean_300.0_v3" 404 70 "GET http://172.18.0.2:8080/v1/AUTH_7296f95bfa0b4387993b88d76363e97a/gnocchi.ad242e3a-9d84-424e-87e6-a5fbc37a510b/1763640000.0_mean_300.0_v3" "tx56cc26ced7f9495eb6fa6-0069244d7b" "proxy-server 20" 0.0005 "-" 24 0
Nov 24 12:20:11 standalone proxy-server[128935]: 172.18.0.2 172.18.0.100 24/Nov/2025/12/20/11 GET /v1/AUTH_7296f95bfa0b4387993b88d76363e97a/gnocchi.ad242e3a-9d84-424e-87e6-a5fbc37a510b/1763640000.0_mean_300.0_v3 HTTP/1.0 404 - python-swiftclient-3.11.1 gAAAAABpJE03h9O6... - 70 - tx56cc26ced7f9495eb6fa6-0069244d7b - 0.0103 - - 1763986811.770554066 1763986811.780848980 0
Nov 24 12:20:11 standalone container-server[127009]: 172.20.0.100 - - [24/Nov/2025:12:20:11 +0000] "PUT /d1/950/AUTH_7296f95bfa0b4387993b88d76363e97a/gnocchi.ad242e3a-9d84-424e-87e6-a5fbc37a510b/1763640000.0_mean_300.0_v3" 201 - "PUT http://172.18.0.2:8080/d1/985/AUTH_7296f95bfa0b4387993b88d76363e97a/gnocchi.ad242e3a-9d84-424e-87e6-a5fbc37a510b/1763640000.0_mean_300.0_v3" "tx9f34dc4927d94994880dc-0069244d7b" "object-server 22" 0.0009 "-" 22 0
Nov 24 12:20:11 standalone object-server[127058]: 172.20.0.100 - - [24/Nov/2025:12:20:11 +0000] "PUT /d1/985/AUTH_7296f95bfa0b4387993b88d76363e97a/gnocchi.ad242e3a-9d84-424e-87e6-a5fbc37a510b/1763640000.0_mean_300.0_v3" 201 - "PUT http://172.18.0.2:8080/v1/AUTH_7296f95bfa0b4387993b88d76363e97a/gnocchi.ad242e3a-9d84-424e-87e6-a5fbc37a510b/1763640000.0_mean_300.0_v3" "tx9f34dc4927d94994880dc-0069244d7b" "proxy-server 20" 0.0180 "-" 22 0
Nov 24 12:20:11 standalone proxy-server[128935]: 172.18.0.2 172.18.0.100 24/Nov/2025/12/20/11 PUT /v1/AUTH_7296f95bfa0b4387993b88d76363e97a/gnocchi.ad242e3a-9d84-424e-87e6-a5fbc37a510b/1763640000.0_mean_300.0_v3 HTTP/1.0 201 - python-swiftclient-3.11.1 gAAAAABpJE03h9O6... 16 - - tx9f34dc4927d94994880dc-0069244d7b - 0.0251 - - 1763986811.789267063 1763986811.814399481 0
Nov 24 12:20:11 standalone container-server[127004]: 172.20.0.100 - - [24/Nov/2025:12:20:11 +0000] "PUT /d1/950/AUTH_7296f95bfa0b4387993b88d76363e97a/gnocchi.ad242e3a-9d84-424e-87e6-a5fbc37a510b/none_v3" 201 - "PUT http://172.18.0.2:8080/d1/488/AUTH_7296f95bfa0b4387993b88d76363e97a/gnocchi.ad242e3a-9d84-424e-87e6-a5fbc37a510b/none_v3" "tx63cc8ce737864f8f8f175-0069244d7b" "object-server 22" 0.0007 "-" 20 0
Nov 24 12:20:11 standalone object-server[127058]: 172.20.0.100 - - [24/Nov/2025:12:20:11 +0000] "PUT /d1/488/AUTH_7296f95bfa0b4387993b88d76363e97a/gnocchi.ad242e3a-9d84-424e-87e6-a5fbc37a510b/none_v3" 201 - "PUT http://172.18.0.2:8080/v1/AUTH_7296f95bfa0b4387993b88d76363e97a/gnocchi.ad242e3a-9d84-424e-87e6-a5fbc37a510b/none_v3" "tx63cc8ce737864f8f8f175-0069244d7b" "proxy-server 20" 0.0184 "-" 22 0
Nov 24 12:20:11 standalone proxy-server[128935]: 172.18.0.2 172.18.0.100 24/Nov/2025/12/20/11 PUT /v1/AUTH_7296f95bfa0b4387993b88d76363e97a/gnocchi.ad242e3a-9d84-424e-87e6-a5fbc37a510b/none_v3 HTTP/1.0 201 - python-swiftclient-3.11.1 gAAAAABpJE03h9O6... 22 - - tx63cc8ce737864f8f8f175-0069244d7b - 0.0274 - - 1763986811.827612638 1763986811.854997396 0
Nov 24 12:20:11 standalone container-server[127010]: 172.20.0.100 - - [24/Nov/2025:12:20:11 +0000] "HEAD /d1/508/AUTH_7296f95bfa0b4387993b88d76363e97a/gnocchi.1f02ce18-c1e1-4621-8ee9-16730f0a5e1c" 404 - "HEAD http://172.18.0.2:8080/v1/AUTH_7296f95bfa0b4387993b88d76363e97a/gnocchi.1f02ce18-c1e1-4621-8ee9-16730f0a5e1c?format=json&states=listing" "txf00229ebe3414060bd441-0069244d7b" "proxy-server 20" 0.0005 "-" 23 0
Nov 24 12:20:11 standalone object-server[127065]: 172.20.0.100 - - [24/Nov/2025:12:20:11 +0000] "GET /d1/418/AUTH_7296f95bfa0b4387993b88d76363e97a/gnocchi.1f02ce18-c1e1-4621-8ee9-16730f0a5e1c/none_v3" 404 70 "GET http://172.18.0.2:8080/v1/AUTH_7296f95bfa0b4387993b88d76363e97a/gnocchi.1f02ce18-c1e1-4621-8ee9-16730f0a5e1c/none_v3" "txf00229ebe3414060bd441-0069244d7b" "proxy-server 20" 0.0005 "-" 25 0
Nov 24 12:20:11 standalone proxy-server[128935]: 172.18.0.2 172.18.0.100 24/Nov/2025/12/20/11 GET /v1/AUTH_7296f95bfa0b4387993b88d76363e97a/gnocchi.1f02ce18-c1e1-4621-8ee9-16730f0a5e1c/none_v3 HTTP/1.0 404 - python-swiftclient-3.11.1 gAAAAABpJE03h9O6... - 70 - txf00229ebe3414060bd441-0069244d7b - 0.0186 - - 1763986811.876483679 1763986811.895061016 0
Nov 24 12:20:11 standalone account-server[126718]: 172.20.0.100 - - [24/Nov/2025:12:20:11 +0000] "PUT /d1/106/AUTH_7296f95bfa0b4387993b88d76363e97a/gnocchi.1f02ce18-c1e1-4621-8ee9-16730f0a5e1c" 201 - "PUT http://172.20.0.100:6001/d1/508/AUTH_7296f95bfa0b4387993b88d76363e97a/gnocchi.1f02ce18-c1e1-4621-8ee9-16730f0a5e1c" "txb4f9984f8563479fa9e25-0069244d7b" "container-server 21" 0.0056 "-" 21 0
Nov 24 12:20:11 standalone container-server[127007]: 172.20.0.100 - - [24/Nov/2025:12:20:11 +0000] "PUT /d1/508/AUTH_7296f95bfa0b4387993b88d76363e97a/gnocchi.1f02ce18-c1e1-4621-8ee9-16730f0a5e1c" 201 - "PUT http://172.18.0.2:8080/v1/AUTH_7296f95bfa0b4387993b88d76363e97a/gnocchi.1f02ce18-c1e1-4621-8ee9-16730f0a5e1c" "txb4f9984f8563479fa9e25-0069244d7b" "proxy-server 20" 0.0224 "-" 21 0
Nov 24 12:20:11 standalone proxy-server[128935]: 172.18.0.2 172.18.0.100 24/Nov/2025/12/20/11 PUT /v1/AUTH_7296f95bfa0b4387993b88d76363e97a/gnocchi.1f02ce18-c1e1-4621-8ee9-16730f0a5e1c HTTP/1.0 201 - python-swiftclient-3.11.1 gAAAAABpJE03h9O6... - - - txb4f9984f8563479fa9e25-0069244d7b - 0.0308 - - 1763986811.901258469 1763986811.932018995 0
Nov 24 12:20:11 standalone container-server[127007]: 172.20.0.100 - - [24/Nov/2025:12:20:11 +0000] "HEAD /d1/508/AUTH_7296f95bfa0b4387993b88d76363e97a/gnocchi.1f02ce18-c1e1-4621-8ee9-16730f0a5e1c" 204 - "HEAD http://172.18.0.2:8080/v1/AUTH_7296f95bfa0b4387993b88d76363e97a/gnocchi.1f02ce18-c1e1-4621-8ee9-16730f0a5e1c?format=json&states=listing" "txb7a001667e5741ee9d858-0069244d7b" "proxy-server 20" 0.0034 "-" 21 0
Nov 24 12:20:11 standalone proxy-server[128935]: - - 24/Nov/2025/12/20/11 HEAD /v1/AUTH_7296f95bfa0b4387993b88d76363e97a/gnocchi.1f02ce18-c1e1-4621-8ee9-16730f0a5e1c%3Fformat%3Djson%26states%3Dlisting HTTP/1.0 204 - Swift - - - - txb7a001667e5741ee9d858-0069244d7b - 0.0120 RL - 1763986811.940689325 1763986811.952645063 0
Nov 24 12:20:11 standalone container-server[127009]: 172.20.0.100 - - [24/Nov/2025:12:20:11 +0000] "GET /d1/508/AUTH_7296f95bfa0b4387993b88d76363e97a/gnocchi.1f02ce18-c1e1-4621-8ee9-16730f0a5e1c" 200 2 "GET http://172.18.0.2:8080/v1/AUTH_7296f95bfa0b4387993b88d76363e97a/gnocchi.1f02ce18-c1e1-4621-8ee9-16730f0a5e1c?format=json&states=listing" "txb7a001667e5741ee9d858-0069244d7b" "proxy-server 20" 0.0054 "-" 22 0
Nov 24 12:20:11 standalone proxy-server[128935]: 172.18.0.2 172.18.0.100 24/Nov/2025/12/20/11 GET /v1/AUTH_7296f95bfa0b4387993b88d76363e97a/gnocchi.1f02ce18-c1e1-4621-8ee9-16730f0a5e1c%3Fformat%3Djson%26states%3Dlisting HTTP/1.0 200 - python-swiftclient-3.11.1 gAAAAABpJE03h9O6... - 2 - txb7a001667e5741ee9d858-0069244d7b - 0.0355 - - 1763986811.937927008 1763986811.973405600 0
Nov 24 12:20:11 standalone object-server[127064]: 172.20.0.100 - - [24/Nov/2025:12:20:11 +0000] "GET /d1/233/AUTH_7296f95bfa0b4387993b88d76363e97a/gnocchi.1f02ce18-c1e1-4621-8ee9-16730f0a5e1c/1763640000.0_mean_300.0_v3" 404 70 "GET http://172.18.0.2:8080/v1/AUTH_7296f95bfa0b4387993b88d76363e97a/gnocchi.1f02ce18-c1e1-4621-8ee9-16730f0a5e1c/1763640000.0_mean_300.0_v3" "tx075f4e41415843c0b9afa-0069244d7b" "proxy-server 20" 0.0006 "-" 24 0
Nov 24 12:20:12 standalone proxy-server[128935]: 172.18.0.2 172.18.0.100 24/Nov/2025/12/20/12 GET /v1/AUTH_7296f95bfa0b4387993b88d76363e97a/gnocchi.1f02ce18-c1e1-4621-8ee9-16730f0a5e1c/1763640000.0_mean_300.0_v3 HTTP/1.0 404 - python-swiftclient-3.11.1 gAAAAABpJE03h9O6... - 70 - tx075f4e41415843c0b9afa-0069244d7b - 0.0782 - - 1763986811.979654074 1763986812.057895899 0
Nov 24 12:20:12 standalone container-server[127007]: 172.20.0.100 - - [24/Nov/2025:12:20:12 +0000] "PUT /d1/508/AUTH_7296f95bfa0b4387993b88d76363e97a/gnocchi.1f02ce18-c1e1-4621-8ee9-16730f0a5e1c/1763640000.0_mean_300.0_v3" 201 - "PUT http://172.18.0.2:8080/d1/233/AUTH_7296f95bfa0b4387993b88d76363e97a/gnocchi.1f02ce18-c1e1-4621-8ee9-16730f0a5e1c/1763640000.0_mean_300.0_v3" "txec691ac3eace40dcbbfa2-0069244d7c" "object-server 24" 0.0015 "-" 21 0
Nov 24 12:20:12 standalone object-server[127064]: 172.20.0.100 - - [24/Nov/2025:12:20:12 +0000] "PUT /d1/233/AUTH_7296f95bfa0b4387993b88d76363e97a/gnocchi.1f02ce18-c1e1-4621-8ee9-16730f0a5e1c/1763640000.0_mean_300.0_v3" 201 - "PUT http://172.18.0.2:8080/v1/AUTH_7296f95bfa0b4387993b88d76363e97a/gnocchi.1f02ce18-c1e1-4621-8ee9-16730f0a5e1c/1763640000.0_mean_300.0_v3" "txec691ac3eace40dcbbfa2-0069244d7c" "proxy-server 20" 0.0139 "-" 24 0
Nov 24 12:20:12 standalone proxy-server[128935]: 172.18.0.2 172.18.0.100 24/Nov/2025/12/20/12 PUT /v1/AUTH_7296f95bfa0b4387993b88d76363e97a/gnocchi.1f02ce18-c1e1-4621-8ee9-16730f0a5e1c/1763640000.0_mean_300.0_v3 HTTP/1.0 201 - python-swiftclient-3.11.1 gAAAAABpJE03h9O6... 16 - - txec691ac3eace40dcbbfa2-0069244d7c - 0.0307 - - 1763986812.064078808 1763986812.094758034 0
