Nov 24 12:20:54 standalone proxy-server[128935]: 172.18.0.2 172.18.0.100 24/Nov/2025/12/20/54 GET /v1/AUTH_7296f95bfa0b4387993b88d76363e97a/gnocchi.2a2a77b5-b1fa-4b67-9595-8a547c2a87e3%3Fformat%3Djson%26states%3Dlisting HTTP/1.0 200 - python-swiftclient-3.11.1 gAAAAABpJE03h9O6... - 2 - tx95488aaec90a40fb8307c-0069244da6 - 0.0253 - - 1763986854.302233934 1763986854.327562571 0
Nov 24 12:20:54 standalone object-server[127062]: 172.20.0.100 - - [24/Nov/2025:12:20:54 +0000] "GET /d1/714/AUTH_7296f95bfa0b4387993b88d76363e97a/gnocchi.2a2a77b5-b1fa-4b67-9595-8a547c2a87e3/1763640000.0_mean_300.0_v3" 404 70 "GET http://172.18.0.2:8080/v1/AUTH_7296f95bfa0b4387993b88d76363e97a/gnocchi.2a2a77b5-b1fa-4b67-9595-8a547c2a87e3/1763640000.0_mean_300.0_v3" "tx01f86188c56e4c16baeb4-0069244da6" "proxy-server 20" 0.0007 "-" 23 0
Nov 24 12:20:54 standalone proxy-server[128935]: 172.18.0.2 172.18.0.100 24/Nov/2025/12/20/54 GET /v1/AUTH_7296f95bfa0b4387993b88d76363e97a/gnocchi.2a2a77b5-b1fa-4b67-9595-8a547c2a87e3/1763640000.0_mean_300.0_v3 HTTP/1.0 404 - python-swiftclient-3.11.1 gAAAAABpJE03h9O6... - 70 - tx01f86188c56e4c16baeb4-0069244da6 - 0.0096 - - 1763986854.333041668 1763986854.342672348 0
Nov 24 12:20:54 standalone container-server[127010]: 172.20.0.100 - - [24/Nov/2025:12:20:54 +0000] "PUT /d1/650/AUTH_7296f95bfa0b4387993b88d76363e97a/gnocchi.2a2a77b5-b1fa-4b67-9595-8a547c2a87e3/1763640000.0_mean_300.0_v3" 201 - "PUT http://172.18.0.2:8080/d1/714/AUTH_7296f95bfa0b4387993b88d76363e97a/gnocchi.2a2a77b5-b1fa-4b67-9595-8a547c2a87e3/1763640000.0_mean_300.0_v3" "tx62b373f0486540529da4a-0069244da6" "object-server 23" 0.0006 "-" 23 0
Nov 24 12:20:54 standalone object-server[127062]: 172.20.0.100 - - [24/Nov/2025:12:20:54 +0000] "PUT /d1/714/AUTH_7296f95bfa0b4387993b88d76363e97a/gnocchi.2a2a77b5-b1fa-4b67-9595-8a547c2a87e3/1763640000.0_mean_300.0_v3" 201 - "PUT http://172.18.0.2:8080/v1/AUTH_7296f95bfa0b4387993b88d76363e97a/gnocchi.2a2a77b5-b1fa-4b67-9595-8a547c2a87e3/1763640000.0_mean_300.0_v3" "tx62b373f0486540529da4a-0069244da6" "proxy-server 20" 0.0146 "-" 23 0
Nov 24 12:20:54 standalone proxy-server[128935]: 172.18.0.2 172.18.0.100 24/Nov/2025/12/20/54 PUT /v1/AUTH_7296f95bfa0b4387993b88d76363e97a/gnocchi.2a2a77b5-b1fa-4b67-9595-8a547c2a87e3/1763640000.0_mean_300.0_v3 HTTP/1.0 201 - python-swiftclient-3.11.1 gAAAAABpJE03h9O6... 16 - - tx62b373f0486540529da4a-0069244da6 - 0.0232 - - 1763986854.348451614 1763986854.371670246 0
Nov 24 12:20:54 standalone container-server[127010]: 172.20.0.100 - - [24/Nov/2025:12:20:54 +0000] "PUT /d1/650/AUTH_7296f95bfa0b4387993b88d76363e97a/gnocchi.2a2a77b5-b1fa-4b67-9595-8a547c2a87e3/none_v3" 201 - "PUT http://172.18.0.2:8080/d1/497/AUTH_7296f95bfa0b4387993b88d76363e97a/gnocchi.2a2a77b5-b1fa-4b67-9595-8a547c2a87e3/none_v3" "txecbe2dcc2b2c4f508fc77-0069244da6" "object-server 23" 0.0008 "-" 23 0
Nov 24 12:20:54 standalone object-server[127062]: 172.20.0.100 - - [24/Nov/2025:12:20:54 +0000] "PUT /d1/497/AUTH_7296f95bfa0b4387993b88d76363e97a/gnocchi.2a2a77b5-b1fa-4b67-9595-8a547c2a87e3/none_v3" 201 - "PUT http://172.18.0.2:8080/v1/AUTH_7296f95bfa0b4387993b88d76363e97a/gnocchi.2a2a77b5-b1fa-4b67-9595-8a547c2a87e3/none_v3" "txecbe2dcc2b2c4f508fc77-0069244da6" "proxy-server 20" 0.0284 "-" 23 0
Nov 24 12:20:54 standalone proxy-server[128935]: 172.18.0.2 172.18.0.100 24/Nov/2025/12/20/54 PUT /v1/AUTH_7296f95bfa0b4387993b88d76363e97a/gnocchi.2a2a77b5-b1fa-4b67-9595-8a547c2a87e3/none_v3 HTTP/1.0 201 - python-swiftclient-3.11.1 gAAAAABpJE03h9O6... 22 - - txecbe2dcc2b2c4f508fc77-0069244da6 - 0.0364 - - 1763986854.375702381 1763986854.412081957 0
Nov 24 12:20:54 standalone object-server[127062]: 172.20.0.100 - - [24/Nov/2025:12:20:54 +0000] "GET /d1/497/AUTH_7296f95bfa0b4387993b88d76363e97a/gnocchi.2a2a77b5-b1fa-4b67-9595-8a547c2a87e3/none_v3" 200 22 "GET http://172.18.0.2:8080/v1/AUTH_7296f95bfa0b4387993b88d76363e97a/gnocchi.2a2a77b5-b1fa-4b67-9595-8a547c2a87e3/none_v3" "tx13a1a68894424892a1f9e-0069244da6" "proxy-server 20" 0.0012 "-" 23 0
Nov 24 12:20:54 standalone proxy-server[128935]: 172.18.0.2 172.18.0.100 24/Nov/2025/12/20/54 GET /v1/AUTH_7296f95bfa0b4387993b88d76363e97a/gnocchi.2a2a77b5-b1fa-4b67-9595-8a547c2a87e3/none_v3 HTTP/1.0 200 - python-swiftclient-3.11.1 gAAAAABpJE03h9O6... - 22 - tx13a1a68894424892a1f9e-0069244da6 - 0.0128 - - 1763986854.875208855 1763986854.887995243 0
Nov 24 12:20:54 standalone container-server[127010]: 172.20.0.100 - - [24/Nov/2025:12:20:54 +0000] "GET /d1/650/AUTH_7296f95bfa0b4387993b88d76363e97a/gnocchi.2a2a77b5-b1fa-4b67-9595-8a547c2a87e3" 200 357 "GET http://172.18.0.2:8080/v1/AUTH_7296f95bfa0b4387993b88d76363e97a/gnocchi.2a2a77b5-b1fa-4b67-9595-8a547c2a87e3?format=json&states=listing" "tx5a2eeee6641f47e7a2dcd-0069244da6" "proxy-server 20" 0.0098 "-" 23 0
Nov 24 12:20:54 standalone proxy-server[128935]: 172.18.0.2 172.18.0.100 24/Nov/2025/12/20/54 GET /v1/AUTH_7296f95bfa0b4387993b88d76363e97a/gnocchi.2a2a77b5-b1fa-4b67-9595-8a547c2a87e3%3Fformat%3Djson%26states%3Dlisting HTTP/1.0 200 - python-swiftclient-3.11.1 gAAAAABpJE03h9O6... - 357 - tx5a2eeee6641f47e7a2dcd-0069244da6 - 0.0198 - - 1763986854.893582106 1763986854.913402319 0
Nov 24 12:20:54 standalone container-server[127007]: 172.20.0.100 - - [24/Nov/2025:12:20:54 +0000] "GET /d1/650/AUTH_7296f95bfa0b4387993b88d76363e97a/gnocchi.2a2a77b5-b1fa-4b67-9595-8a547c2a87e3" 200 2 "GET http://172.18.0.2:8080/v1/AUTH_7296f95bfa0b4387993b88d76363e97a/gnocchi.2a2a77b5-b1fa-4b67-9595-8a547c2a87e3?format=json&marker=none_v3&states=listing" "txc2a439e854804e2b83d99-0069244da6" "proxy-server 20" 0.0039 "-" 21 0
Nov 24 12:20:54 standalone proxy-server[128935]: 172.18.0.2 172.18.0.100 24/Nov/2025/12/20/54 GET /v1/AUTH_7296f95bfa0b4387993b88d76363e97a/gnocchi.2a2a77b5-b1fa-4b67-9595-8a547c2a87e3%3Fformat%3Djson%26marker%3Dnone_v3%26states%3Dlisting HTTP/1.0 200 - python-swiftclient-3.11.1 gAAAAABpJE03h9O6... - 2 - txc2a439e854804e2b83d99-0069244da6 - 0.0187 - - 1763986854.925412893 1763986854.944096327 0
Nov 24 12:20:54 standalone object-server[127065]: 172.20.0.100 - - [24/Nov/2025:12:20:54 +0000] "GET /d1/714/AUTH_7296f95bfa0b4387993b88d76363e97a/gnocchi.2a2a77b5-b1fa-4b67-9595-8a547c2a87e3/1763640000.0_mean_300.0_v3" 200 16 "GET http://172.18.0.2:8080/v1/AUTH_7296f95bfa0b4387993b88d76363e97a/gnocchi.2a2a77b5-b1fa-4b67-9595-8a547c2a87e3/1763640000.0_mean_300.0_v3" "tx395b4a599ebf4d2da8dbb-0069244da6" "proxy-server 20" 0.0012 "-" 25 0
Nov 24 12:20:54 standalone proxy-server[128935]: 172.18.0.2 172.18.0.100 24/Nov/2025/12/20/54 GET /v1/AUTH_7296f95bfa0b4387993b88d76363e97a/gnocchi.2a2a77b5-b1fa-4b67-9595-8a547c2a87e3/1763640000.0_mean_300.0_v3 HTTP/1.0 200 - python-swiftclient-3.11.1 gAAAAABpJE03h9O6... - 16 - tx395b4a599ebf4d2da8dbb-0069244da6 - 0.0121 - - 1763986854.950564384 1763986854.962677717 0
Nov 24 12:20:54 standalone container-server[127007]: 172.20.0.100 - - [24/Nov/2025:12:20:54 +0000] "PUT /d1/650/AUTH_7296f95bfa0b4387993b88d76363e97a/gnocchi.2a2a77b5-b1fa-4b67-9595-8a547c2a87e3/1763640000.0_mean_300.0_v3" 201 - "PUT http://172.18.0.2:8080/d1/714/AUTH_7296f95bfa0b4387993b88d76363e97a/gnocchi.2a2a77b5-b1fa-4b67-9595-8a547c2a87e3/1763640000.0_mean_300.0_v3" "tx286cd3fb5ae74ba3a2481-0069244da6" "object-server 22" 0.0009 "-" 21 0
Nov 24 12:20:54 standalone object-server[127058]: 172.20.0.100 - - [24/Nov/2025:12:20:54 +0000] "PUT /d1/714/AUTH_7296f95bfa0b4387993b88d76363e97a/gnocchi.2a2a77b5-b1fa-4b67-9595-8a547c2a87e3/1763640000.0_mean_300.0_v3" 201 - "PUT http://172.18.0.2:8080/v1/AUTH_7296f95bfa0b4387993b88d76363e97a/gnocchi.2a2a77b5-b1fa-4b67-9595-8a547c2a87e3/1763640000.0_mean_300.0_v3" "tx286cd3fb5ae74ba3a2481-0069244da6" "proxy-server 20" 0.0100 "-" 22 0
Nov 24 12:20:54 standalone proxy-server[128935]: 172.18.0.2 172.18.0.100 24/Nov/2025/12/20/54 PUT /v1/AUTH_7296f95bfa0b4387993b88d76363e97a/gnocchi.2a2a77b5-b1fa-4b67-9595-8a547c2a87e3/1763640000.0_mean_300.0_v3 HTTP/1.0 201 - python-swiftclient-3.11.1 gAAAAABpJE03h9O6... 16 - - tx286cd3fb5ae74ba3a2481-0069244da6 - 0.0165 - - 1763986854.967364550 1763986854.983851194 0
Nov 24 12:20:55 standalone container-server[127007]: 172.20.0.100 - - [24/Nov/2025:12:20:55 +0000] "PUT /d1/650/AUTH_7296f95bfa0b4387993b88d76363e97a/gnocchi.2a2a77b5-b1fa-4b67-9595-8a547c2a87e3/none_v3" 201 - "PUT http://172.18.0.2:8080/d1/497/AUTH_7296f95bfa0b4387993b88d76363e97a/gnocchi.2a2a77b5-b1fa-4b67-9595-8a547c2a87e3/none_v3" "tx269365c6e40945a8b0ac5-0069244da6" "object-server 23" 0.0006 "-" 21 0
Nov 24 12:20:55 standalone object-server[127062]: 172.20.0.100 - - [24/Nov/2025:12:20:55 +0000] "PUT /d1/497/AUTH_7296f95bfa0b4387993b88d76363e97a/gnocchi.2a2a77b5-b1fa-4b67-9595-8a547c2a87e3/none_v3" 201 - "PUT http://172.18.0.2:8080/v1/AUTH_7296f95bfa0b4387993b88d76363e97a/gnocchi.2a2a77b5-b1fa-4b67-9595-8a547c2a87e3/none_v3" "tx269365c6e40945a8b0ac5-0069244da6" "proxy-server 20" 0.0107 "-" 23 0
Nov 24 12:20:55 standalone proxy-server[128935]: 172.18.0.2 172.18.0.100 24/Nov/2025/12/20/55 PUT /v1/AUTH_7296f95bfa0b4387993b88d76363e97a/gnocchi.2a2a77b5-b1fa-4b67-9595-8a547c2a87e3/none_v3 HTTP/1.0 201 - python-swiftclient-3.11.1 gAAAAABpJE03h9O6... 31 - - tx269365c6e40945a8b0ac5-0069244da6 - 0.0174 - - 1763986854.987623692 1763986855.005042315 0
Nov 24 12:20:55 standalone account-server[126719]: 172.20.0.100 - - [24/Nov/2025:12:20:55 +0000] "HEAD /d1/131/.expiring_objects" 404 - "HEAD http://localhost/v1/.expiring_objects?format=json" "txd3e127d449ed42538c6cc-0069244da7" "proxy-server 2" 0.0008 "-" 22 -
Nov 24 12:20:55 standalone object-expirer[126804]: Pass completed in 0s; 0 objects expired (txn: txd3e127d449ed42538c6cc-0069244da7)
Nov 24 12:21:03 standalone object-server[127064]: 172.20.0.100 - - [24/Nov/2025:12:21:03 +0000] "GET /d1/93/AUTH_7296f95bfa0b4387993b88d76363e97a/gnocchi.94c8b592-f1ba-4c3c-82f6-41ed5b0540ab/none_v3" 200 32 "GET http://172.18.0.2:8080/v1/AUTH_7296f95bfa0b4387993b88d76363e97a/gnocchi.94c8b592-f1ba-4c3c-82f6-41ed5b0540ab/none_v3" "tx950e0c1cce4145fca0748-0069244daf" "proxy-server 20" 0.0008 "-" 24 0
Nov 24 12:21:03 standalone proxy-server[128935]: 172.18.0.2 172.18.0.100 24/Nov/2025/12/21/03 GET /v1/AUTH_7296f95bfa0b4387993b88d76363e97a/gnocchi.94c8b592-f1ba-4c3c-82f6-41ed5b0540ab/none_v3 HTTP/1.0 200 - python-swiftclient-3.11.1 gAAAAABpJE03h9O6... - 32 - tx950e0c1cce4145fca0748-0069244daf - 0.0064 - - 1763986863.727737427 1763986863.734096289 0
Nov 24 12:21:03 standalone container-server[127004]: 172.20.0.100 - - [24/Nov/2025:12:21:03 +0000] "GET /d1/211/AUTH_7296f95bfa0b4387993b88d76363e97a/gnocchi.94c8b592-f1ba-4c3c-82f6-41ed5b0540ab" 200 357 "GET http://172.18.0.2:8080/v1/AUTH_7296f95bfa0b4387993b88d76363e97a/gnocchi.94c8b592-f1ba-4c3c-82f6-41ed5b0540ab?format=json&states=listing" "txdbdd1cc659ac421f806f9-0069244daf" "proxy-server 20" 0.0063 "-" 20 0
Nov 24 12:21:03 standalone proxy-server[128935]: 172.18.0.2 172.18.0.100 24/Nov/2025/12/21/03 GET /v1/AUTH_7296f95bfa0b4387993b88d76363e97a/gnocchi.94c8b592-f1ba-4c3c-82f6-41ed5b0540ab%3Fformat%3Djson%26states%3Dlisting HTTP/1.0 200 - python-swiftclient-3.11.1 gAAAAABpJE03h9O6... - 357 - txdbdd1cc659ac421f806f9-0069244daf - 0.0122 - - 1763986863.736763954 1763986863.748929977 0
Nov 24 12:21:03 standalone container-server[127010]: 172.20.0.100 - - [24/Nov/2025:12:21:03 +0000] "GET /d1/211/AUTH_7296f95bfa0b4387993b88d76363e97a/gnocchi.94c8b592-f1ba-4c3c-82f6-41ed5b0540ab" 200 2 "GET http://172.18.0.2:8080/v1/AUTH_7296f95bfa0b4387993b88d76363e97a/gnocchi.94c8b592-f1ba-4c3c-82f6-41ed5b0540ab?format=json&marker=none_v3&states=listing" "tx29c4a9df3e4c436b9890b-0069244daf" "proxy-server 20" 0.0018 "-" 23 0
Nov 24 12:21:03 standalone proxy-server[128935]: 172.18.0.2 172.18.0.100 24/Nov/2025/12/21/03 GET /v1/AUTH_7296f95bfa0b4387993b88d76363e97a/gnocchi.94c8b592-f1ba-4c3c-82f6-41ed5b0540ab%3Fformat%3Djson%26marker%3Dnone_v3%26states%3Dlisting HTTP/1.0 200 - python-swiftclient-3.11.1 gAAAAABpJE03h9O6... - 2 - tx29c4a9df3e4c436b9890b-0069244daf - 0.0060 - - 1763986863.750837088 1763986863.756854773 0
Nov 24 12:21:03 standalone object-server[127065]: 172.20.0.100 - - [24/Nov/2025:12:21:03 +0000] "GET /d1/942/AUTH_7296f95bfa0b4387993b88d76363e97a/gnocchi.94c8b592-f1ba-4c3c-82f6-41ed5b0540ab/1763640000.0_mean_300.0_v3" 200 16 "GET http://172.18.0.2:8080/v1/AUTH_7296f95bfa0b4387993b88d76363e97a/gnocchi.94c8b592-f1ba-4c3c-82f6-41ed5b0540ab/1763640000.0_mean_300.0_v3" "tx89b801996f18416eaa01c-0069244daf" "proxy-server 20" 0.0007 "-" 25 0
Nov 24 12:21:03 standalone proxy-server[128935]: 172.18.0.2 172.18.0.100 24/Nov/2025/12/21/03 GET /v1/AUTH_7296f95bfa0b4387993b88d76363e97a/gnocchi.94c8b592-f1ba-4c3c-82f6-41ed5b0540ab/1763640000.0_mean_300.0_v3 HTTP/1.0 200 - python-swiftclient-3.11.1 gAAAAABpJE03h9O6... - 16 - tx89b801996f18416eaa01c-0069244daf - 0.0051 - - 1763986863.759194136 1763986863.764312029 0
Nov 24 12:21:03 standalone container-server[127004]: 172.20.0.100 - - [24/Nov/2025:12:21:03 +0000] "PUT /d1/211/AUTH_7296f95bfa0b4387993b88d76363e97a/gnocchi.94c8b592-f1ba-4c3c-82f6-41ed5b0540ab/1763640000.0_mean_300.0_v3" 201 - "PUT http://172.18.0.2:8080/d1/942/AUTH_7296f95bfa0b4387993b88d76363e97a/gnocchi.94c8b592-f1ba-4c3c-82f6-41ed5b0540ab/1763640000.0_mean_300.0_v3" "txae88aacca2b74a5d9e9cf-0069244daf" "object-server 22" 0.0006 "-" 20 0
Nov 24 12:21:03 standalone object-server[127058]: 172.20.0.100 - - [24/Nov/2025:12:21:03 +0000] "PUT /d1/942/AUTH_7296f95bfa0b4387993b88d76363e97a/gnocchi.94c8b592-f1ba-4c3c-82f6-41ed5b0540ab/1763640000.0_mean_300.0_v3" 201 - "PUT http://172.18.0.2:8080/v1/AUTH_7296f95bfa0b4387993b88d76363e97a/gnocchi.94c8b592-f1ba-4c3c-82f6-41ed5b0540ab/1763640000.0_mean_300.0_v3" "txae88aacca2b74a5d9e9cf-0069244daf" "proxy-server 20" 0.0130 "-" 22 0
Nov 24 12:21:03 standalone proxy-server[128935]: 172.18.0.2 172.18.0.100 24/Nov/2025/12/21/03 PUT /v1/AUTH_7296f95bfa0b4387993b88d76363e97a/gnocchi.94c8b592-f1ba-4c3c-82f6-41ed5b0540ab/1763640000.0_mean_300.0_v3 HTTP/1.0 201 - python-swiftclient-3.11.1 gAAAAABpJE03h9O6... 16 - - txae88aacca2b74a5d9e9cf-0069244daf - 0.0172 - - 1763986863.769398689 1763986863.786614418 0
Nov 24 12:21:03 standalone container-server[127004]: 172.20.0.100 - - [24/Nov/2025:12:21:03 +0000] "PUT /d1/211/AUTH_7296f95bfa0b4387993b88d76363e97a/gnocchi.94c8b592-f1ba-4c3c-82f6-41ed5b0540ab/none_v3" 201 - "PUT http://172.18.0.2:8080/d1/93/AUTH_7296f95bfa0b4387993b88d76363e97a/gnocchi.94c8b592-f1ba-4c3c-82f6-41ed5b0540ab/none_v3" "tx7f1fafb79b6943be945b5-0069244daf" "object-server 24" 0.0003 "-" 20 0
Nov 24 12:21:03 standalone object-server[127064]: 172.20.0.100 - - [24/Nov/2025:12:21:03 +0000] "PUT /d1/93/AUTH_7296f95bfa0b4387993b88d76363e97a/gnocchi.94c8b592-f1ba-4c3c-82f6-41ed5b0540ab/none_v3" 201 - "PUT http://172.18.0.2:8080/v1/AUTH_7296f95bfa0b4387993b88d76363e97a/gnocchi.94c8b592-f1ba-4c3c-82f6-41ed5b0540ab/none_v3" "tx7f1fafb79b6943be945b5-0069244daf" "proxy-server 20" 0.0233 "-" 24 0
Nov 24 12:21:03 standalone proxy-server[128935]: 172.18.0.2 172.18.0.100 24/Nov/2025/12/21/03 PUT /v1/AUTH_7296f95bfa0b4387993b88d76363e97a/gnocchi.94c8b592-f1ba-4c3c-82f6-41ed5b0540ab/none_v3 HTTP/1.0 201 - python-swiftclient-3.11.1 gAAAAABpJE03h9O6... 46 - - tx7f1fafb79b6943be945b5-0069244daf - 0.0292 - - 1763986863.788731337 1763986863.817909956 0
Nov 24 12:21:04 standalone object-server[127064]: 172.20.0.100 - - [24/Nov/2025:12:21:04 +0000] "GET /d1/93/AUTH_7296f95bfa0b4387993b88d76363e97a/gnocchi.94c8b592-f1ba-4c3c-82f6-41ed5b0540ab/none_v3" 200 46 "GET http://172.18.0.2:8080/v1/AUTH_7296f95bfa0b4387993b88d76363e97a/gnocchi.94c8b592-f1ba-4c3c-82f6-41ed5b0540ab/none_v3" "tx588109eae84546fd8fb2b-0069244db0" "proxy-server 20" 0.0008 "-" 24 0
Nov 24 12:21:04 standalone proxy-server[128935]: 172.18.0.2 172.18.0.100 24/Nov/2025/12/21/04 GET /v1/AUTH_7296f95bfa0b4387993b88d76363e97a/gnocchi.94c8b592-f1ba-4c3c-82f6-41ed5b0540ab/none_v3 HTTP/1.0 200 - python-swiftclient-3.11.1 gAAAAABpJE03h9O6... - 46 - tx588109eae84546fd8fb2b-0069244db0 - 0.0095 - - 1763986864.751883030 1763986864.761416435 0
Nov 24 12:21:04 standalone container-server[127004]: 172.20.0.100 - - [24/Nov/2025:12:21:04 +0000] "GET /d1/211/AUTH_7296f95bfa0b4387993b88d76363e97a/gnocchi.94c8b592-f1ba-4c3c-82f6-41ed5b0540ab" 200 357 "GET http://172.18.0.2:8080/v1/AUTH_7296f95bfa0b4387993b88d76363e97a/gnocchi.94c8b592-f1ba-4c3c-82f6-41ed5b0540ab?format=json&states=listing" "tx0235c8671a2b41c083694-0069244db0" "proxy-server 20" 0.0352 "-" 20 0
Nov 24 12:21:04 standalone proxy-server[128935]: 172.18.0.2 172.18.0.100 24/Nov/2025/12/21/04 GET /v1/AUTH_7296f95bfa0b4387993b88d76363e97a/gnocchi.94c8b592-f1ba-4c3c-82f6-41ed5b0540ab%3Fformat%3Djson%26states%3Dlisting HTTP/1.0 200 - python-swiftclient-3.11.1 gAAAAABpJE03h9O6... - 357 - tx0235c8671a2b41c083694-0069244db0 - 0.0436 - - 1763986864.764464140 1763986864.808079243 0
Nov 24 12:21:04 standalone container-server[127010]: 172.20.0.100 - - [24/Nov/2025:12:21:04 +0000] "GET /d1/211/AUTH_7296f95bfa0b4387993b88d76363e97a/gnocchi.94c8b592-f1ba-4c3c-82f6-41ed5b0540ab" 200 2 "GET http://172.18.0.2:8080/v1/AUTH_7296f95bfa0b4387993b88d76363e97a/gnocchi.94c8b592-f1ba-4c3c-82f6-41ed5b0540ab?format=json&marker=none_v3&states=listing" "txd5ad73f83c38407698927-0069244db0" "proxy-server 20" 0.0025 "-" 23 0
Nov 24 12:21:04 standalone proxy-server[128935]: 172.18.0.2 172.18.0.100 24/Nov/2025/12/21/04 GET /v1/AUTH_7296f95bfa0b4387993b88d76363e97a/gnocchi.94c8b592-f1ba-4c3c-82f6-41ed5b0540ab%3Fformat%3Djson%26marker%3Dnone_v3%26states%3Dlisting HTTP/1.0 200 - python-swiftclient-3.11.1 gAAAAABpJE03h9O6... - 2 - txd5ad73f83c38407698927-0069244db0 - 0.0075 - - 1763986864.810493946 1763986864.817964315 0
Nov 24 12:21:04 standalone object-server[127058]: 172.20.0.100 - - [24/Nov/2025:12:21:04 +0000] "GET /d1/942/AUTH_7296f95bfa0b4387993b88d76363e97a/gnocchi.94c8b592-f1ba-4c3c-82f6-41ed5b0540ab/1763640000.0_mean_300.0_v3" 200 16 "GET http://172.18.0.2:8080/v1/AUTH_7296f95bfa0b4387993b88d76363e97a/gnocchi.94c8b592-f1ba-4c3c-82f6-41ed5b0540ab/1763640000.0_mean_300.0_v3" "txac3590a8669b42218bbca-0069244db0" "proxy-server 20" 0.0010 "-" 22 0
Nov 24 12:21:04 standalone proxy-server[128935]: 172.18.0.2 172.18.0.100 24/Nov/2025/12/21/04 GET /v1/AUTH_7296f95bfa0b4387993b88d76363e97a/gnocchi.94c8b592-f1ba-4c3c-82f6-41ed5b0540ab/1763640000.0_mean_300.0_v3 HTTP/1.0 200 - python-swiftclient-3.11.1 gAAAAABpJE03h9O6... - 16 - txac3590a8669b42218bbca-0069244db0 - 0.0080 - - 1763986864.820805788 1763986864.828795433 0
Nov 24 12:21:04 standalone container-server[127010]: 172.20.0.100 - - [24/Nov/2025:12:21:04 +0000] "PUT /d1/211/AUTH_7296f95bfa0b4387993b88d76363e97a/gnocchi.94c8b592-f1ba-4c3c-82f6-41ed5b0540ab/1763640000.0_mean_300.0_v3" 201 - "PUT http://172.18.0.2:8080/d1/942/AUTH_7296f95bfa0b4387993b88d76363e97a/gnocchi.94c8b592-f1ba-4c3c-82f6-41ed5b0540ab/1763640000.0_mean_300.0_v3" "tx09b68f6cbb2642c5a3fdc-0069244db0" "object-server 22" 0.0008 "-" 23 0
Nov 24 12:21:04 standalone object-server[127058]: 172.20.0.100 - - [24/Nov/2025:12:21:04 +0000] "PUT /d1/942/AUTH_7296f95bfa0b4387993b88d76363e97a/gnocchi.94c8b592-f1ba-4c3c-82f6-41ed5b0540ab/1763640000.0_mean_300.0_v3" 201 - "PUT http://172.18.0.2:8080/v1/AUTH_7296f95bfa0b4387993b88d76363e97a/gnocchi.94c8b592-f1ba-4c3c-82f6-41ed5b0540ab/1763640000.0_mean_300.0_v3" "tx09b68f6cbb2642c5a3fdc-0069244db0" "proxy-server 20" 0.0304 "-" 22 0
Nov 24 12:21:04 standalone proxy-server[128935]: 172.18.0.2 172.18.0.100 24/Nov/2025/12/21/04 PUT /v1/AUTH_7296f95bfa0b4387993b88d76363e97a/gnocchi.94c8b592-f1ba-4c3c-82f6-41ed5b0540ab/1763640000.0_mean_300.0_v3 HTTP/1.0 201 - python-swiftclient-3.11.1 gAAAAABpJE03h9O6... 16 - - tx09b68f6cbb2642c5a3fdc-0069244db0 - 0.0352 - - 1763986864.830910683 1763986864.866147995 0
Nov 24 12:21:04 standalone container-server[127010]: 172.20.0.100 - - [24/Nov/2025:12:21:04 +0000] "PUT /d1/211/AUTH_7296f95bfa0b4387993b88d76363e97a/gnocchi.94c8b592-f1ba-4c3c-82f6-41ed5b0540ab/none_v3" 201 - "PUT http://172.18.0.2:8080/d1/93/AUTH_7296f95bfa0b4387993b88d76363e97a/gnocchi.94c8b592-f1ba-4c3c-82f6-41ed5b0540ab/none_v3" "tx1978f74d7c33449c9e3db-0069244db0" "object-server 23" 0.0007 "-" 23 0
Nov 24 12:21:04 standalone object-server[127062]: 172.20.0.100 - - [24/Nov/2025:12:21:04 +0000] "PUT /d1/93/AUTH_7296f95bfa0b4387993b88d76363e97a/gnocchi.94c8b592-f1ba-4c3c-82f6-41ed5b0540ab/none_v3" 201 - "PUT http://172.18.0.2:8080/v1/AUTH_7296f95bfa0b4387993b88d76363e97a/gnocchi.94c8b592-f1ba-4c3c-82f6-41ed5b0540ab/none_v3" "tx1978f74d7c33449c9e3db-0069244db0" "proxy-server 20" 0.0257 "-" 23 0
Nov 24 12:21:04 standalone proxy-server[128935]: 172.18.0.2 172.18.0.100 24/Nov/2025/12/21/04 PUT /v1/AUTH_7296f95bfa0b4387993b88d76363e97a/gnocchi.94c8b592-f1ba-4c3c-82f6-41ed5b0540ab/none_v3 HTTP/1.0 201 - python-swiftclient-3.11.1 gAAAAABpJE03h9O6... 51 - - tx1978f74d7c33449c9e3db-0069244db0 - 0.0324 - - 1763986864.868675470 1763986864.901042461 0
Nov 24 12:21:04 standalone object-server[127065]: 172.20.0.100 - - [24/Nov/2025:12:21:04 +0000] "GET /d1/418/AUTH_7296f95bfa0b4387993b88d76363e97a/gnocchi.1f02ce18-c1e1-4621-8ee9-16730f0a5e1c/none_v3" 200 22 "GET http://172.18.0.2:8080/v1/AUTH_7296f95bfa0b4387993b88d76363e97a/gnocchi.1f02ce18-c1e1-4621-8ee9-16730f0a5e1c/none_v3" "txa4c9cd86597f4b438e6a9-0069244db0" "proxy-server 20" 0.0008 "-" 25 0
Nov 24 12:21:04 standalone proxy-server[128935]: 172.18.0.2 172.18.0.100 24/Nov/2025/12/21/04 GET /v1/AUTH_7296f95bfa0b4387993b88d76363e97a/gnocchi.1f02ce18-c1e1-4621-8ee9-16730f0a5e1c/none_v3 HTTP/1.0 200 - python-swiftclient-3.11.1 gAAAAABpJE03h9O6... - 22 - txa4c9cd86597f4b438e6a9-0069244db0 - 0.0175 - - 1763986864.910664558 1763986864.928156853 0
Nov 24 12:21:04 standalone container-server[127009]: 172.20.0.100 - - [24/Nov/2025:12:21:04 +0000] "GET /d1/508/AUTH_7296f95bfa0b4387993b88d76363e97a/gnocchi.1f02ce18-c1e1-4621-8ee9-16730f0a5e1c" 200 357 "GET http://172.18.0.2:8080/v1/AUTH_7296f95bfa0b4387993b88d76363e97a/gnocchi.1f02ce18-c1e1-4621-8ee9-16730f0a5e1c?format=json&states=listing" "txe63f7b9eb5654f5691f1e-0069244db0" "proxy-server 20" 0.0529 "-" 22 0
Nov 24 12:21:04 standalone proxy-server[128935]: 172.18.0.2 172.18.0.100 24/Nov/2025/12/21/04 GET /v1/AUTH_7296f95bfa0b4387993b88d76363e97a/gnocchi.1f02ce18-c1e1-4621-8ee9-16730f0a5e1c%3Fformat%3Djson%26states%3Dlisting HTTP/1.0 200 - python-swiftclient-3.11.1 gAAAAABpJE03h9O6... - 357 - txe63f7b9eb5654f5691f1e-0069244db0 - 0.0661 - - 1763986864.932102919 1763986864.998156071 0
Nov 24 12:21:05 standalone container-server[127010]: 172.20.0.100 - - [24/Nov/2025:12:21:05 +0000] "GET /d1/508/AUTH_7296f95bfa0b4387993b88d76363e97a/gnocchi.1f02ce18-c1e1-4621-8ee9-16730f0a5e1c" 200 2 "GET http://172.18.0.2:8080/v1/AUTH_7296f95bfa0b4387993b88d76363e97a/gnocchi.1f02ce18-c1e1-4621-8ee9-16730f0a5e1c?format=json&marker=none_v3&states=listing" "tx0eff410a356a446a99a0e-0069244db1" "proxy-server 20" 0.0036 "-" 23 0
Nov 24 12:21:05 standalone proxy-server[128935]: 172.18.0.2 172.18.0.100 24/Nov/2025/12/21/05 GET /v1/AUTH_7296f95bfa0b4387993b88d76363e97a/gnocchi.1f02ce18-c1e1-4621-8ee9-16730f0a5e1c%3Fformat%3Djson%26marker%3Dnone_v3%26states%3Dlisting HTTP/1.0 200 - python-swiftclient-3.11.1 gAAAAABpJE03h9O6... - 2 - tx0eff410a356a446a99a0e-0069244db1 - 0.0098 - - 1763986865.001612425 1763986865.011399984 0
Nov 24 12:21:05 standalone object-server[127065]: 172.20.0.100 - - [24/Nov/2025:12:21:05 +0000] "GET /d1/233/AUTH_7296f95bfa0b4387993b88d76363e97a/gnocchi.1f02ce18-c1e1-4621-8ee9-16730f0a5e1c/1763640000.0_mean_300.0_v3" 200 16 "GET http://172.18.0.2:8080/v1/AUTH_7296f95bfa0b4387993b88d76363e97a/gnocchi.1f02ce18-c1e1-4621-8ee9-16730f0a5e1c/1763640000.0_mean_300.0_v3" "tx8b071c5791414a7fb8afe-0069244db1" "proxy-server 20" 0.0009 "-" 25 0
Nov 24 12:21:05 standalone proxy-server[128935]: 172.18.0.2 172.18.0.100 24/Nov/2025/12/21/05 GET /v1/AUTH_7296f95bfa0b4387993b88d76363e97a/gnocchi.1f02ce18-c1e1-4621-8ee9-16730f0a5e1c/1763640000.0_mean_300.0_v3 HTTP/1.0 200 - python-swiftclient-3.11.1 gAAAAABpJE03h9O6... - 16 - tx8b071c5791414a7fb8afe-0069244db1 - 0.0110 - - 1763986865.017702818 1763986865.028687716 0
Nov 24 12:21:05 standalone container-server[127004]: 172.20.0.100 - - [24/Nov/2025:12:21:05 +0000] "PUT /d1/508/AUTH_7296f95bfa0b4387993b88d76363e97a/gnocchi.1f02ce18-c1e1-4621-8ee9-16730f0a5e1c/1763640000.0_mean_300.0_v3" 201 - "PUT http://172.18.0.2:8080/d1/233/AUTH_7296f95bfa0b4387993b88d76363e97a/gnocchi.1f02ce18-c1e1-4621-8ee9-16730f0a5e1c/1763640000.0_mean_300.0_v3" "tx664f326b368d42c3be2f4-0069244db1" "object-server 23" 0.0007 "-" 20 0
Nov 24 12:21:05 standalone object-server[127062]: 172.20.0.100 - - [24/Nov/2025:12:21:05 +0000] "PUT /d1/233/AUTH_7296f95bfa0b4387993b88d76363e97a/gnocchi.1f02ce18-c1e1-4621-8ee9-16730f0a5e1c/1763640000.0_mean_300.0_v3" 201 - "PUT http://172.18.0.2:8080/v1/AUTH_7296f95bfa0b4387993b88d76363e97a/gnocchi.1f02ce18-c1e1-4621-8ee9-16730f0a5e1c/1763640000.0_mean_300.0_v3" "tx664f326b368d42c3be2f4-0069244db1" "proxy-server 20" 0.0227 "-" 23 0
Nov 24 12:21:05 standalone proxy-server[128935]: 172.18.0.2 172.18.0.100 24/Nov/2025/12/21/05 PUT /v1/AUTH_7296f95bfa0b4387993b88d76363e97a/gnocchi.1f02ce18-c1e1-4621-8ee9-16730f0a5e1c/1763640000.0_mean_300.0_v3 HTTP/1.0 201 - python-swiftclient-3.11.1 gAAAAABpJE03h9O6... 16 - - tx664f326b368d42c3be2f4-0069244db1 - 0.0284 - - 1763986865.031868935 1763986865.060315847 0
Nov 24 12:21:05 standalone container-server[127007]: 172.20.0.100 - - [24/Nov/2025:12:21:05 +0000] "PUT /d1/508/AUTH_7296f95bfa0b4387993b88d76363e97a/gnocchi.1f02ce18-c1e1-4621-8ee9-16730f0a5e1c/none_v3" 201 - "PUT http://172.18.0.2:8080/d1/418/AUTH_7296f95bfa0b4387993b88d76363e97a/gnocchi.1f02ce18-c1e1-4621-8ee9-16730f0a5e1c/none_v3" "tx108ae90a22c54040a30cc-0069244db1" "object-server 24" 0.0008 "-" 21 0
Nov 24 12:21:05 standalone object-server[127064]: 172.20.0.100 - - [24/Nov/2025:12:21:05 +0000] "PUT /d1/418/AUTH_7296f95bfa0b4387993b88d76363e97a/gnocchi.1f02ce18-c1e1-4621-8ee9-16730f0a5e1c/none_v3" 201 - "PUT http://172.18.0.2:8080/v1/AUTH_7296f95bfa0b4387993b88d76363e97a/gnocchi.1f02ce18-c1e1-4621-8ee9-16730f0a5e1c/none_v3" "tx108ae90a22c54040a30cc-0069244db1" "proxy-server 20" 0.0300 "-" 24 0
Nov 24 12:21:05 standalone proxy-server[128935]: 172.18.0.2 172.18.0.100 24/Nov/2025/12/21/05 PUT /v1/AUTH_7296f95bfa0b4387993b88d76363e97a/gnocchi.1f02ce18-c1e1-4621-8ee9-16730f0a5e1c/none_v3 HTTP/1.0 201 - python-swiftclient-3.11.1 gAAAAABpJE03h9O6... 32 - - tx108ae90a22c54040a30cc-0069244db1 - 0.0354 - - 1763986865.064618826 1763986865.100044966 0
Nov 24 12:21:05 standalone object-server[127064]: 172.20.0.100 - - [24/Nov/2025:12:21:05 +0000] "GET /d1/287/AUTH_7296f95bfa0b4387993b88d76363e97a/gnocchi.7e20af37-984b-4381-b1df-a149f6867a1b/none_v3" 200 22 "GET http://172.18.0.2:8080/v1/AUTH_7296f95bfa0b4387993b88d76363e97a/gnocchi.7e20af37-984b-4381-b1df-a149f6867a1b/none_v3" "tx130d1c6906f649f7be28b-0069244db1" "proxy-server 20" 0.0011 "-" 24 0
Nov 24 12:21:05 standalone proxy-server[128935]: 172.18.0.2 172.18.0.100 24/Nov/2025/12/21/05 GET /v1/AUTH_7296f95bfa0b4387993b88d76363e97a/gnocchi.7e20af37-984b-4381-b1df-a149f6867a1b/none_v3 HTTP/1.0 200 - python-swiftclient-3.11.1 gAAAAABpJE03h9O6... - 22 - tx130d1c6906f649f7be28b-0069244db1 - 0.0060 - - 1763986865.113235235 1763986865.119283915 0
Nov 24 12:21:05 standalone container-server[127007]: 172.20.0.100 - - [24/Nov/2025:12:21:05 +0000] "GET /d1/610/AUTH_7296f95bfa0b4387993b88d76363e97a/gnocchi.7e20af37-984b-4381-b1df-a149f6867a1b" 200 357 "GET http://172.18.0.2:8080/v1/AUTH_7296f95bfa0b4387993b88d76363e97a/gnocchi.7e20af37-984b-4381-b1df-a149f6867a1b?format=json&states=listing" "tx2350d9d11b5345dfa7352-0069244db1" "proxy-server 20" 0.0245 "-" 21 0
Nov 24 12:21:05 standalone proxy-server[128935]: 172.18.0.2 172.18.0.100 24/Nov/2025/12/21/05 GET /v1/AUTH_7296f95bfa0b4387993b88d76363e97a/gnocchi.7e20af37-984b-4381-b1df-a149f6867a1b%3Fformat%3Djson%26states%3Dlisting HTTP/1.0 200 - python-swiftclient-3.11.1 gAAAAABpJE03h9O6... - 357 - tx2350d9d11b5345dfa7352-0069244db1 - 0.0356 - - 1763986865.125540257 1763986865.161148787 0
Nov 24 12:21:05 standalone container-server[127009]: 172.20.0.100 - - [24/Nov/2025:12:21:05 +0000] "GET /d1/610/AUTH_7296f95bfa0b4387993b88d76363e97a/gnocchi.7e20af37-984b-4381-b1df-a149f6867a1b" 200 2 "GET http://172.18.0.2:8080/v1/AUTH_7296f95bfa0b4387993b88d76363e97a/gnocchi.7e20af37-984b-4381-b1df-a149f6867a1b?format=json&marker=none_v3&states=listing" "txf76fd7e43fc346c0b889c-0069244db1" "proxy-server 20" 0.0019 "-" 22 0
Nov 24 12:21:05 standalone proxy-server[128935]: 172.18.0.2 172.18.0.100 24/Nov/2025/12/21/05 GET /v1/AUTH_7296f95bfa0b4387993b88d76363e97a/gnocchi.7e20af37-984b-4381-b1df-a149f6867a1b%3Fformat%3Djson%26marker%3Dnone_v3%26states%3Dlisting HTTP/1.0 200 - python-swiftclient-3.11.1 gAAAAABpJE03h9O6... - 2 - txf76fd7e43fc346c0b889c-0069244db1 - 0.0065 - - 1763986865.164988756 1763986865.171448231 0
Nov 24 12:21:05 standalone object-server[127064]: 172.20.0.100 - - [24/Nov/2025:12:21:05 +0000] "GET /d1/236/AUTH_7296f95bfa0b4387993b88d76363e97a/gnocchi.7e20af37-984b-4381-b1df-a149f6867a1b/1763640000.0_mean_300.0_v3" 200 16 "GET http://172.18.0.2:8080/v1/AUTH_7296f95bfa0b4387993b88d76363e97a/gnocchi.7e20af37-984b-4381-b1df-a149f6867a1b/1763640000.0_mean_300.0_v3" "txbba7de8b841c48daa8165-0069244db1" "proxy-server 20" 0.0011 "-" 24 0
Nov 24 12:21:05 standalone proxy-server[128935]: 172.18.0.2 172.18.0.100 24/Nov/2025/12/21/05 GET /v1/AUTH_7296f95bfa0b4387993b88d76363e97a/gnocchi.7e20af37-984b-4381-b1df-a149f6867a1b/1763640000.0_mean_300.0_v3 HTTP/1.0 200 - python-swiftclient-3.11.1 gAAAAABpJE03h9O6... - 16 - txbba7de8b841c48daa8165-0069244db1 - 0.0085 - - 1763986865.176412821 1763986865.184919119 0
Nov 24 12:21:05 standalone container-server[127007]: 172.20.0.100 - - [24/Nov/2025:12:21:05 +0000] "PUT /d1/610/AUTH_7296f95bfa0b4387993b88d76363e97a/gnocchi.7e20af37-984b-4381-b1df-a149f6867a1b/1763640000.0_mean_300.0_v3" 201 - "PUT http://172.18.0.2:8080/d1/236/AUTH_7296f95bfa0b4387993b88d76363e97a/gnocchi.7e20af37-984b-4381-b1df-a149f6867a1b/1763640000.0_mean_300.0_v3" "txa4c42ad35c114669baad8-0069244db1" "object-server 24" 0.0007 "-" 21 0
Nov 24 12:21:05 standalone object-server[127064]: 172.20.0.100 - - [24/Nov/2025:12:21:05 +0000] "PUT /d1/236/AUTH_7296f95bfa0b4387993b88d76363e97a/gnocchi.7e20af37-984b-4381-b1df-a149f6867a1b/1763640000.0_mean_300.0_v3" 201 - "PUT http://172.18.0.2:8080/v1/AUTH_7296f95bfa0b4387993b88d76363e97a/gnocchi.7e20af37-984b-4381-b1df-a149f6867a1b/1763640000.0_mean_300.0_v3" "txa4c42ad35c114669baad8-0069244db1" "proxy-server 20" 0.0224 "-" 24 0
Nov 24 12:21:05 standalone proxy-server[128935]: 172.18.0.2 172.18.0.100 24/Nov/2025/12/21/05 PUT /v1/AUTH_7296f95bfa0b4387993b88d76363e97a/gnocchi.7e20af37-984b-4381-b1df-a149f6867a1b/1763640000.0_mean_300.0_v3 HTTP/1.0 201 - python-swiftclient-3.11.1 gAAAAABpJE03h9O6... 16 - - txa4c42ad35c114669baad8-0069244db1 - 0.0298 - - 1763986865.188428640 1763986865.218269348 0
Nov 24 12:21:05 standalone container-server[127009]: 172.20.0.100 - - [24/Nov/2025:12:21:05 +0000] "PUT /d1/610/AUTH_7296f95bfa0b4387993b88d76363e97a/gnocchi.7e20af37-984b-4381-b1df-a149f6867a1b/none_v3" 201 - "PUT http://172.18.0.2:8080/d1/287/AUTH_7296f95bfa0b4387993b88d76363e97a/gnocchi.7e20af37-984b-4381-b1df-a149f6867a1b/none_v3" "txa473c1a1d46a4197beb6c-0069244db1" "object-server 24" 0.0005 "-" 22 0
Nov 24 12:21:05 standalone object-server[127064]: 172.20.0.100 - - [24/Nov/2025:12:21:05 +0000] "PUT /d1/287/AUTH_7296f95bfa0b4387993b88d76363e97a/gnocchi.7e20af37-984b-4381-b1df-a149f6867a1b/none_v3" 201 - "PUT http://172.18.0.2:8080/v1/AUTH_7296f95bfa0b4387993b88d76363e97a/gnocchi.7e20af37-984b-4381-b1df-a149f6867a1b/none_v3" "txa473c1a1d46a4197beb6c-0069244db1" "proxy-server 20" 0.0208 "-" 24 0
Nov 24 12:21:05 standalone proxy-server[128935]: 172.18.0.2 172.18.0.100 24/Nov/2025/12/21/05 PUT /v1/AUTH_7296f95bfa0b4387993b88d76363e97a/gnocchi.7e20af37-984b-4381-b1df-a149f6867a1b/none_v3 HTTP/1.0 201 - python-swiftclient-3.11.1 gAAAAABpJE03h9O6... 32 - - txa473c1a1d46a4197beb6c-0069244db1 - 0.0258 - - 1763986865.220062017 1763986865.245886326 0
Nov 24 12:21:05 standalone object-server[127062]: 172.20.0.100 - - [24/Nov/2025:12:21:05 +0000] "GET /d1/10/AUTH_7296f95bfa0b4387993b88d76363e97a/gnocchi.aa70a26b-c6c3-4705-88a1-e64f5c82ae22/none_v3" 200 22 "GET http://172.18.0.2:8080/v1/AUTH_7296f95bfa0b4387993b88d76363e97a/gnocchi.aa70a26b-c6c3-4705-88a1-e64f5c82ae22/none_v3" "txc398362778094b2e86dc4-0069244db1" "proxy-server 20" 0.0007 "-" 23 0
Nov 24 12:21:05 standalone proxy-server[128935]: 172.18.0.2 172.18.0.100 24/Nov/2025/12/21/05 GET /v1/AUTH_7296f95bfa0b4387993b88d76363e97a/gnocchi.aa70a26b-c6c3-4705-88a1-e64f5c82ae22/none_v3 HTTP/1.0 200 - python-swiftclient-3.11.1 gAAAAABpJE03h9O6... - 22 - txc398362778094b2e86dc4-0069244db1 - 0.0056 - - 1763986865.257735491 1763986865.263292074 0
Nov 24 12:21:05 standalone container-server[127007]: 172.20.0.100 - - [24/Nov/2025:12:21:05 +0000] "GET /d1/787/AUTH_7296f95bfa0b4387993b88d76363e97a/gnocchi.aa70a26b-c6c3-4705-88a1-e64f5c82ae22" 200 357 "GET http://172.18.0.2:8080/v1/AUTH_7296f95bfa0b4387993b88d76363e97a/gnocchi.aa70a26b-c6c3-4705-88a1-e64f5c82ae22?format=json&states=listing" "txf3ac0811e43c4739b21be-0069244db1" "proxy-server 20" 0.0224 "-" 21 0
Nov 24 12:21:05 standalone proxy-server[128935]: 172.18.0.2 172.18.0.100 24/Nov/2025/12/21/05 GET /v1/AUTH_7296f95bfa0b4387993b88d76363e97a/gnocchi.aa70a26b-c6c3-4705-88a1-e64f5c82ae22%3Fformat%3Djson%26states%3Dlisting HTTP/1.0 200 - python-swiftclient-3.11.1 gAAAAABpJE03h9O6... - 357 - txf3ac0811e43c4739b21be-0069244db1 - 0.0312 - - 1763986865.307411671 1763986865.338593721 0
Nov 24 12:21:05 standalone container-server[127007]: 172.20.0.100 - - [24/Nov/2025:12:21:05 +0000] "GET /d1/787/AUTH_7296f95bfa0b4387993b88d76363e97a/gnocchi.aa70a26b-c6c3-4705-88a1-e64f5c82ae22" 200 2 "GET http://172.18.0.2:8080/v1/AUTH_7296f95bfa0b4387993b88d76363e97a/gnocchi.aa70a26b-c6c3-4705-88a1-e64f5c82ae22?format=json&marker=none_v3&states=listing" "txc5e899d6783d4d3da9a62-0069244db1" "proxy-server 20" 0.0023 "-" 21 0
Nov 24 12:21:05 standalone proxy-server[128935]: 172.18.0.2 172.18.0.100 24/Nov/2025/12/21/05 GET /v1/AUTH_7296f95bfa0b4387993b88d76363e97a/gnocchi.aa70a26b-c6c3-4705-88a1-e64f5c82ae22%3Fformat%3Djson%26marker%3Dnone_v3%26states%3Dlisting HTTP/1.0 200 - python-swiftclient-3.11.1 gAAAAABpJE03h9O6... - 2 - txc5e899d6783d4d3da9a62-0069244db1 - 0.0111 - - 1763986865.344302654 1763986865.355406046 0
Nov 24 12:21:05 standalone object-server[127062]: 172.20.0.100 - - [24/Nov/2025:12:21:05 +0000] "GET /d1/658/AUTH_7296f95bfa0b4387993b88d76363e97a/gnocchi.aa70a26b-c6c3-4705-88a1-e64f5c82ae22/1763640000.0_mean_300.0_v3" 200 16 "GET http://172.18.0.2:8080/v1/AUTH_7296f95bfa0b4387993b88d76363e97a/gnocchi.aa70a26b-c6c3-4705-88a1-e64f5c82ae22/1763640000.0_mean_300.0_v3" "tx7217742656c64d2a8857a-0069244db1" "proxy-server 20" 0.0009 "-" 23 0
Nov 24 12:21:05 standalone proxy-server[128935]: 172.18.0.2 172.18.0.100 24/Nov/2025/12/21/05 GET /v1/AUTH_7296f95bfa0b4387993b88d76363e97a/gnocchi.aa70a26b-c6c3-4705-88a1-e64f5c82ae22/1763640000.0_mean_300.0_v3 HTTP/1.0 200 - python-swiftclient-3.11.1 gAAAAABpJE03h9O6... - 16 - tx7217742656c64d2a8857a-0069244db1 - 0.0116 - - 1763986865.360955715 1763986865.372585058 0
Nov 24 12:21:05 standalone container-server[127009]: 172.20.0.100 - - [24/Nov/2025:12:21:05 +0000] "PUT /d1/787/AUTH_7296f95bfa0b4387993b88d76363e97a/gnocchi.aa70a26b-c6c3-4705-88a1-e64f5c82ae22/1763640000.0_mean_300.0_v3" 201 - "PUT http://172.18.0.2:8080/d1/658/AUTH_7296f95bfa0b4387993b88d76363e97a/gnocchi.aa70a26b-c6c3-4705-88a1-e64f5c82ae22/1763640000.0_mean_300.0_v3" "txb3636e5208964b448b088-0069244db1" "object-server 24" 0.0013 "-" 22 0
Nov 24 12:21:05 standalone object-server[127064]: 172.20.0.100 - - [24/Nov/2025:12:21:05 +0000] "PUT /d1/658/AUTH_7296f95bfa0b4387993b88d76363e97a/gnocchi.aa70a26b-c6c3-4705-88a1-e64f5c82ae22/1763640000.0_mean_300.0_v3" 201 - "PUT http://172.18.0.2:8080/v1/AUTH_7296f95bfa0b4387993b88d76363e97a/gnocchi.aa70a26b-c6c3-4705-88a1-e64f5c82ae22/1763640000.0_mean_300.0_v3" "txb3636e5208964b448b088-0069244db1" "proxy-server 20" 0.0330 "-" 24 0
Nov 24 12:21:05 standalone proxy-server[128935]: 172.18.0.2 172.18.0.100 24/Nov/2025/12/21/05 PUT /v1/AUTH_7296f95bfa0b4387993b88d76363e97a/gnocchi.aa70a26b-c6c3-4705-88a1-e64f5c82ae22/1763640000.0_mean_300.0_v3 HTTP/1.0 201 - python-swiftclient-3.11.1 gAAAAABpJE03h9O6... 16 - - txb3636e5208964b448b088-0069244db1 - 0.0419 - - 1763986865.377055407 1763986865.418984652 0
Nov 24 12:21:05 standalone container-server[127010]: 172.20.0.100 - - [24/Nov/2025:12:21:05 +0000] "PUT /d1/787/AUTH_7296f95bfa0b4387993b88d76363e97a/gnocchi.aa70a26b-c6c3-4705-88a1-e64f5c82ae22/none_v3" 201 - "PUT http://172.18.0.2:8080/d1/10/AUTH_7296f95bfa0b4387993b88d76363e97a/gnocchi.aa70a26b-c6c3-4705-88a1-e64f5c82ae22/none_v3" "txce6a155175c24989be9a9-0069244db1" "object-server 23" 0.0009 "-" 23 0
Nov 24 12:21:05 standalone object-server[127062]: 172.20.0.100 - - [24/Nov/2025:12:21:05 +0000] "PUT /d1/10/AUTH_7296f95bfa0b4387993b88d76363e97a/gnocchi.aa70a26b-c6c3-4705-88a1-e64f5c82ae22/none_v3" 201 - "PUT http://172.18.0.2:8080/v1/AUTH_7296f95bfa0b4387993b88d76363e97a/gnocchi.aa70a26b-c6c3-4705-88a1-e64f5c82ae22/none_v3" "txce6a155175c24989be9a9-0069244db1" "proxy-server 20" 0.0504 "-" 23 0
Nov 24 12:21:05 standalone proxy-server[128935]: 172.18.0.2 172.18.0.100 24/Nov/2025/12/21/05 PUT /v1/AUTH_7296f95bfa0b4387993b88d76363e97a/gnocchi.aa70a26b-c6c3-4705-88a1-e64f5c82ae22/none_v3 HTTP/1.0 201 - python-swiftclient-3.11.1 gAAAAABpJE03h9O6... 32 - - txce6a155175c24989be9a9-0069244db1 - 0.0636 - - 1763986865.423326969 1763986865.486931086 0
Nov 24 12:21:05 standalone object-server[127065]: 172.20.0.100 - - [24/Nov/2025:12:21:05 +0000] "GET /d1/616/AUTH_7296f95bfa0b4387993b88d76363e97a/gnocchi.12248a44-5367-41d5-8afe-dee5aba0cb49/none_v3" 200 22 "GET http://172.18.0.2:8080/v1/AUTH_7296f95bfa0b4387993b88d76363e97a/gnocchi.12248a44-5367-41d5-8afe-dee5aba0cb49/none_v3" "tx5e7ba723820c4d6a99a1d-0069244db1" "proxy-server 20" 0.0009 "-" 25 0
Nov 24 12:21:05 standalone proxy-server[128935]: 172.18.0.2 172.18.0.100 24/Nov/2025/12/21/05 GET /v1/AUTH_7296f95bfa0b4387993b88d76363e97a/gnocchi.12248a44-5367-41d5-8afe-dee5aba0cb49/none_v3 HTTP/1.0 200 - python-swiftclient-3.11.1 gAAAAABpJE03h9O6... - 22 - tx5e7ba723820c4d6a99a1d-0069244db1 - 0.0107 - - 1763986865.513400555 1763986865.524116278 0
Nov 24 12:21:05 standalone container-server[127010]: 172.20.0.100 - - [24/Nov/2025:12:21:05 +0000] "GET /d1/554/AUTH_7296f95bfa0b4387993b88d76363e97a/gnocchi.12248a44-5367-41d5-8afe-dee5aba0cb49" 200 357 "GET http://172.18.0.2:8080/v1/AUTH_7296f95bfa0b4387993b88d76363e97a/gnocchi.12248a44-5367-41d5-8afe-dee5aba0cb49?format=json&states=listing" "tx8486353fe5c64c36b2bf7-0069244db1" "proxy-server 20" 0.0343 "-" 23 0
Nov 24 12:21:05 standalone proxy-server[128935]: 172.18.0.2 172.18.0.100 24/Nov/2025/12/21/05 GET /v1/AUTH_7296f95bfa0b4387993b88d76363e97a/gnocchi.12248a44-5367-41d5-8afe-dee5aba0cb49%3Fformat%3Djson%26states%3Dlisting HTTP/1.0 200 - python-swiftclient-3.11.1 gAAAAABpJE03h9O6... - 357 - tx8486353fe5c64c36b2bf7-0069244db1 - 0.0439 - - 1763986865.530287266 1763986865.574141979 0
Nov 24 12:21:05 standalone container-server[127009]: 172.20.0.100 - - [24/Nov/2025:12:21:05 +0000] "GET /d1/554/AUTH_7296f95bfa0b4387993b88d76363e97a/gnocchi.12248a44-5367-41d5-8afe-dee5aba0cb49" 200 2 "GET http://172.18.0.2:8080/v1/AUTH_7296f95bfa0b4387993b88d76363e97a/gnocchi.12248a44-5367-41d5-8afe-dee5aba0cb49?format=json&marker=none_v3&states=listing" "tx6451f0daba0148dcaac82-0069244db1" "proxy-server 20" 0.0017 "-" 22 0
Nov 24 12:21:05 standalone proxy-server[128935]: 172.18.0.2 172.18.0.100 24/Nov/2025/12/21/05 GET /v1/AUTH_7296f95bfa0b4387993b88d76363e97a/gnocchi.12248a44-5367-41d5-8afe-dee5aba0cb49%3Fformat%3Djson%26marker%3Dnone_v3%26states%3Dlisting HTTP/1.0 200 - python-swiftclient-3.11.1 gAAAAABpJE03h9O6... - 2 - tx6451f0daba0148dcaac82-0069244db1 - 0.0169 - - 1763986865.580715895 1763986865.597594023 0
Nov 24 12:21:05 standalone object-server[127058]: 172.20.0.100 - - [24/Nov/2025:12:21:05 +0000] "GET /d1/157/AUTH_7296f95bfa0b4387993b88d76363e97a/gnocchi.12248a44-5367-41d5-8afe-dee5aba0cb49/1763640000.0_mean_300.0_v3" 200 16 "GET http://172.18.0.2:8080/v1/AUTH_7296f95bfa0b4387993b88d76363e97a/gnocchi.12248a44-5367-41d5-8afe-dee5aba0cb49/1763640000.0_mean_300.0_v3" "txbf1ee604026a4f908e972-0069244db1" "proxy-server 20" 0.0007 "-" 22 0
Nov 24 12:21:05 standalone proxy-server[128935]: 172.18.0.2 172.18.0.100 24/Nov/2025/12/21/05 GET /v1/AUTH_7296f95bfa0b4387993b88d76363e97a/gnocchi.12248a44-5367-41d5-8afe-dee5aba0cb49/1763640000.0_mean_300.0_v3 HTTP/1.0 200 - python-swiftclient-3.11.1 gAAAAABpJE03h9O6... - 16 - txbf1ee604026a4f908e972-0069244db1 - 0.0222 - - 1763986865.607062817 1763986865.629241943 0
Nov 24 12:21:05 standalone container-server[127007]: 172.20.0.100 - - [24/Nov/2025:12:21:05 +0000] "PUT /d1/554/AUTH_7296f95bfa0b4387993b88d76363e97a/gnocchi.12248a44-5367-41d5-8afe-dee5aba0cb49/1763640000.0_mean_300.0_v3" 201 - "PUT http://172.18.0.2:8080/d1/157/AUTH_7296f95bfa0b4387993b88d76363e97a/gnocchi.12248a44-5367-41d5-8afe-dee5aba0cb49/1763640000.0_mean_300.0_v3" "tx150816be94714b3f9acc9-0069244db1" "object-server 24" 0.0006 "-" 21 0
Nov 24 12:21:05 standalone object-server[127064]: 172.20.0.100 - - [24/Nov/2025:12:21:05 +0000] "PUT /d1/157/AUTH_7296f95bfa0b4387993b88d76363e97a/gnocchi.12248a44-5367-41d5-8afe-dee5aba0cb49/1763640000.0_mean_300.0_v3" 201 - "PUT http://172.18.0.2:8080/v1/AUTH_7296f95bfa0b4387993b88d76363e97a/gnocchi.12248a44-5367-41d5-8afe-dee5aba0cb49/1763640000.0_mean_300.0_v3" "tx150816be94714b3f9acc9-0069244db1" "proxy-server 20" 0.0228 "-" 24 0
Nov 24 12:21:05 standalone proxy-server[128935]: 172.18.0.2 172.18.0.100 24/Nov/2025/12/21/05 PUT /v1/AUTH_7296f95bfa0b4387993b88d76363e97a/gnocchi.12248a44-5367-41d5-8afe-dee5aba0cb49/1763640000.0_mean_300.0_v3 HTTP/1.0 201 - python-swiftclient-3.11.1 gAAAAABpJE03h9O6... 16 - - tx150816be94714b3f9acc9-0069244db1 - 0.0309 - - 1763986865.634472847 1763986865.665384293 0
Nov 24 12:21:05 standalone container-server[127009]: 172.20.0.100 - - [24/Nov/2025:12:21:05 +0000] "PUT /d1/554/AUTH_7296f95bfa0b4387993b88d76363e97a/gnocchi.12248a44-5367-41d5-8afe-dee5aba0cb49/none_v3" 201 - "PUT http://172.18.0.2:8080/d1/616/AUTH_7296f95bfa0b4387993b88d76363e97a/gnocchi.12248a44-5367-41d5-8afe-dee5aba0cb49/none_v3" "tx97f027b0d1244c3e9f809-0069244db1" "object-server 25" 0.0006 "-" 22 0
Nov 24 12:21:05 standalone object-server[127065]: 172.20.0.100 - - [24/Nov/2025:12:21:05 +0000] "PUT /d1/616/AUTH_7296f95bfa0b4387993b88d76363e97a/gnocchi.12248a44-5367-41d5-8afe-dee5aba0cb49/none_v3" 201 - "PUT http://172.18.0.2:8080/v1/AUTH_7296f95bfa0b4387993b88d76363e97a/gnocchi.12248a44-5367-41d5-8afe-dee5aba0cb49/none_v3" "tx97f027b0d1244c3e9f809-0069244db1" "proxy-server 20" 0.0129 "-" 25 0
Nov 24 12:21:05 standalone proxy-server[128935]: 172.18.0.2 172.18.0.100 24/Nov/2025/12/21/05 PUT /v1/AUTH_7296f95bfa0b4387993b88d76363e97a/gnocchi.12248a44-5367-41d5-8afe-dee5aba0cb49/none_v3 HTTP/1.0 201 - python-swiftclient-3.11.1 gAAAAABpJE03h9O6... 32 - - tx97f027b0d1244c3e9f809-0069244db1 - 0.0215 - - 1763986865.669684887 1763986865.691220999 0
Nov 24 12:21:08 standalone container-server[127004]: 172.20.0.100 - - [24/Nov/2025:12:21:08 +0000] "HEAD /d1/375/AUTH_7296f95bfa0b4387993b88d76363e97a/gnocchi.3bfa4ac9-d913-4ba4-8ea0-d301900bb282" 404 - "HEAD http://172.18.0.2:8080/v1/AUTH_7296f95bfa0b4387993b88d76363e97a/gnocchi.3bfa4ac9-d913-4ba4-8ea0-d301900bb282?format=json&states=listing" "tx01725f55f351497d8e9c6-0069244db4" "proxy-server 20" 0.0009 "-" 20 0
Nov 24 12:21:08 standalone object-server[127062]: 172.20.0.100 - - [24/Nov/2025:12:21:08 +0000] "GET /d1/601/AUTH_7296f95bfa0b4387993b88d76363e97a/gnocchi.3bfa4ac9-d913-4ba4-8ea0-d301900bb282/none_v3" 404 70 "GET http://172.18.0.2:8080/v1/AUTH_7296f95bfa0b4387993b88d76363e97a/gnocchi.3bfa4ac9-d913-4ba4-8ea0-d301900bb282/none_v3" "tx01725f55f351497d8e9c6-0069244db4" "proxy-server 20" 0.0005 "-" 23 0
Nov 24 12:21:08 standalone proxy-server[128935]: 172.18.0.2 172.18.0.100 24/Nov/2025/12/21/08 GET /v1/AUTH_7296f95bfa0b4387993b88d76363e97a/gnocchi.3bfa4ac9-d913-4ba4-8ea0-d301900bb282/none_v3 HTTP/1.0 404 - python-swiftclient-3.11.1 gAAAAABpJE03h9O6... - 70 - tx01725f55f351497d8e9c6-0069244db4 - 0.0260 - - 1763986868.811155081 1763986868.837151766 0
Nov 24 12:21:08 standalone account-server[126717]: 172.20.0.100 - - [24/Nov/2025:12:21:08 +0000] "PUT /d1/106/AUTH_7296f95bfa0b4387993b88d76363e97a/gnocchi.3bfa4ac9-d913-4ba4-8ea0-d301900bb282" 201 - "PUT http://172.20.0.100:6001/d1/375/AUTH_7296f95bfa0b4387993b88d76363e97a/gnocchi.3bfa4ac9-d913-4ba4-8ea0-d301900bb282" "txce42e288b76e47cea4fb3-0069244db4" "container-server 21" 0.0118 "-" 20 0
Nov 24 12:21:08 standalone container-server[127007]: 172.20.0.100 - - [24/Nov/2025:12:21:08 +0000] "PUT /d1/375/AUTH_7296f95bfa0b4387993b88d76363e97a/gnocchi.3bfa4ac9-d913-4ba4-8ea0-d301900bb282" 201 - "PUT http://172.18.0.2:8080/v1/AUTH_7296f95bfa0b4387993b88d76363e97a/gnocchi.3bfa4ac9-d913-4ba4-8ea0-d301900bb282" "txce42e288b76e47cea4fb3-0069244db4" "proxy-server 20" 0.0451 "-" 21 0
Nov 24 12:21:08 standalone proxy-server[128935]: 172.18.0.2 172.18.0.100 24/Nov/2025/12/21/08 PUT /v1/AUTH_7296f95bfa0b4387993b88d76363e97a/gnocchi.3bfa4ac9-d913-4ba4-8ea0-d301900bb282 HTTP/1.0 201 - python-swiftclient-3.11.1 gAAAAABpJE03h9O6... - - - txce42e288b76e47cea4fb3-0069244db4 - 0.0579 - - 1763986868.840580463 1763986868.898461580 0
Nov 24 12:21:08 standalone container-server[127004]: 172.20.0.100 - - [24/Nov/2025:12:21:08 +0000] "HEAD /d1/375/AUTH_7296f95bfa0b4387993b88d76363e97a/gnocchi.3bfa4ac9-d913-4ba4-8ea0-d301900bb282" 204 - "HEAD http://172.18.0.2:8080/v1/AUTH_7296f95bfa0b4387993b88d76363e97a/gnocchi.3bfa4ac9-d913-4ba4-8ea0-d301900bb282?format=json&states=listing" "txd4be310d3d8a40279e242-0069244db4" "proxy-server 20" 0.0020 "-" 20 0
Nov 24 12:21:08 standalone proxy-server[128935]: - - 24/Nov/2025/12/21/08 HEAD /v1/AUTH_7296f95bfa0b4387993b88d76363e97a/gnocchi.3bfa4ac9-d913-4ba4-8ea0-d301900bb282%3Fformat%3Djson%26states%3Dlisting HTTP/1.0 204 - Swift - - - - txd4be310d3d8a40279e242-0069244db4 - 0.0093 RL - 1763986868.904585123 1763986868.913930655 0
Nov 24 12:21:08 standalone container-server[127007]: 172.20.0.100 - - [24/Nov/2025:12:21:08 +0000] "GET /d1/375/AUTH_7296f95bfa0b4387993b88d76363e97a/gnocchi.3bfa4ac9-d913-4ba4-8ea0-d301900bb282" 200 2 "GET http://172.18.0.2:8080/v1/AUTH_7296f95bfa0b4387993b88d76363e97a/gnocchi.3bfa4ac9-d913-4ba4-8ea0-d301900bb282?format=json&states=listing" "txd4be310d3d8a40279e242-0069244db4" "proxy-server 20" 0.0032 "-" 21 0
Nov 24 12:21:08 standalone proxy-server[128935]: 172.18.0.2 172.18.0.100 24/Nov/2025/12/21/08 GET /v1/AUTH_7296f95bfa0b4387993b88d76363e97a/gnocchi.3bfa4ac9-d913-4ba4-8ea0-d301900bb282%3Fformat%3Djson%26states%3Dlisting HTTP/1.0 200 - python-swiftclient-3.11.1 gAAAAABpJE03h9O6... - 2 - txd4be310d3d8a40279e242-0069244db4 - 0.0209 - - 1763986868.903429985 1763986868.924361229 0
Nov 24 12:21:08 standalone object-server[127064]: 172.20.0.100 - - [24/Nov/2025:12:21:08 +0000] "GET /d1/918/AUTH_7296f95bfa0b4387993b88d76363e97a/gnocchi.3bfa4ac9-d913-4ba4-8ea0-d301900bb282/1763640000.0_mean_300.0_v3" 404 70 "GET http://172.18.0.2:8080/v1/AUTH_7296f95bfa0b4387993b88d76363e97a/gnocchi.3bfa4ac9-d913-4ba4-8ea0-d301900bb282/1763640000.0_mean_300.0_v3" "txb42cc6a2056e44e2bdb97-0069244db4" "proxy-server 20" 0.0008 "-" 24 0
Nov 24 12:21:08 standalone proxy-server[128935]: 172.18.0.2 172.18.0.100 24/Nov/2025/12/21/08 GET /v1/AUTH_7296f95bfa0b4387993b88d76363e97a/gnocchi.3bfa4ac9-d913-4ba4-8ea0-d301900bb282/1763640000.0_mean_300.0_v3 HTTP/1.0 404 - python-swiftclient-3.11.1 gAAAAABpJE03h9O6... - 70 - txb42cc6a2056e44e2bdb97-0069244db4 - 0.0104 - - 1763986868.928479910 1763986868.938899040 0
Nov 24 12:21:08 standalone container-server[127010]: 172.20.0.100 - - [24/Nov/2025:12:21:08 +0000] "PUT /d1/375/AUTH_7296f95bfa0b4387993b88d76363e97a/gnocchi.3bfa4ac9-d913-4ba4-8ea0-d301900bb282/1763640000.0_mean_300.0_v3" 201 - "PUT http://172.18.0.2:8080/d1/918/AUTH_7296f95bfa0b4387993b88d76363e97a/gnocchi.3bfa4ac9-d913-4ba4-8ea0-d301900bb282/1763640000.0_mean_300.0_v3" "tx325d621de5a1418d98786-0069244db4" "object-server 22" 0.0025 "-" 23 0
Nov 24 12:21:08 standalone object-server[127058]: 172.20.0.100 - - [24/Nov/2025:12:21:08 +0000] "PUT /d1/918/AUTH_7296f95bfa0b4387993b88d76363e97a/gnocchi.3bfa4ac9-d913-4ba4-8ea0-d301900bb282/1763640000.0_mean_300.0_v3" 201 - "PUT http://172.18.0.2:8080/v1/AUTH_7296f95bfa0b4387993b88d76363e97a/gnocchi.3bfa4ac9-d913-4ba4-8ea0-d301900bb282/1763640000.0_mean_300.0_v3" "tx325d621de5a1418d98786-0069244db4" "proxy-server 20" 0.0229 "-" 22 0
Nov 24 12:21:08 standalone proxy-server[128935]: 172.18.0.2 172.18.0.100 24/Nov/2025/12/21/08 PUT /v1/AUTH_7296f95bfa0b4387993b88d76363e97a/gnocchi.3bfa4ac9-d913-4ba4-8ea0-d301900bb282/1763640000.0_mean_300.0_v3 HTTP/1.0 201 - python-swiftclient-3.11.1 gAAAAABpJE03h9O6... 16 - - tx325d621de5a1418d98786-0069244db4 - 0.0291 - - 1763986868.942096710 1763986868.971183538 0
Nov 24 12:21:08 standalone container-server[127010]: 172.20.0.100 - - [24/Nov/2025:12:21:08 +0000] "PUT /d1/375/AUTH_7296f95bfa0b4387993b88d76363e97a/gnocchi.3bfa4ac9-d913-4ba4-8ea0-d301900bb282/none_v3" 201 - "PUT http://172.18.0.2:8080/d1/601/AUTH_7296f95bfa0b4387993b88d76363e97a/gnocchi.3bfa4ac9-d913-4ba4-8ea0-d301900bb282/none_v3" "tx1fb6729d3ce04e2990280-0069244db4" "object-server 24" 0.0009 "-" 23 0
