Dec 5 08:42:07 np0005546416 object-server[120382]: 172.20.0.103 - - [05/Dec/2025:08:42:07 +0000] "PUT /d1/687/AUTH_d98f9ffaeb7346169078ece01c85312d/gnocchi.d2ea7fa3-6e0f-4fcf-afe3-62d3bc3fe4d5/1764720000.0_mean_300.0_v3" 201 - "PUT http://172.18.0.163:8080/v1/AUTH_d98f9ffaeb7346169078ece01c85312d/gnocchi.d2ea7fa3-6e0f-4fcf-afe3-62d3bc3fe4d5/1764720000.0_mean_300.0_v3" "txdaa17dafd03f4a3b83c90-0069329adf" "proxy-server 20" 0.0115 "-" 22 0
Dec 5 08:42:07 np0005546416 container-server[120048]: 172.20.0.104 - - [05/Dec/2025:08:42:07 +0000] "PUT /d1/171/AUTH_d98f9ffaeb7346169078ece01c85312d/gnocchi.d2ea7fa3-6e0f-4fcf-afe3-62d3bc3fe4d5/1764720000.0_rate%3Amean_300.0_v3" 201 - "PUT http://172.18.0.163:8080/d1/831/AUTH_d98f9ffaeb7346169078ece01c85312d/gnocchi.d2ea7fa3-6e0f-4fcf-afe3-62d3bc3fe4d5/1764720000.0_rate%3Amean_300.0_v3" "tx9b1745ef6a0c45279e496-0069329adf" "object-server 25" 0.0015 "-" 21 0
Dec 5 08:42:07 np0005546416 object-server[120388]: 172.20.0.103 - - [05/Dec/2025:08:42:07 +0000] "PUT /d1/831/AUTH_d98f9ffaeb7346169078ece01c85312d/gnocchi.d2ea7fa3-6e0f-4fcf-afe3-62d3bc3fe4d5/1764720000.0_rate%3Amean_300.0_v3" 201 - "PUT http://172.18.0.163:8080/v1/AUTH_d98f9ffaeb7346169078ece01c85312d/gnocchi.d2ea7fa3-6e0f-4fcf-afe3-62d3bc3fe4d5/1764720000.0_rate%3Amean_300.0_v3" "tx9b1745ef6a0c45279e496-0069329adf" "proxy-server 20" 0.0167 "-" 25 0
Dec 5 08:42:07 np0005546416 object-server[120385]: 172.20.0.105 - - [05/Dec/2025:08:42:07 +0000] "GET /d1/449/AUTH_d98f9ffaeb7346169078ece01c85312d/gnocchi.73873ac0-f7e7-450a-95b1-92604f624d4f/none_v3" 200 22 "GET http://172.18.0.163:8080/v1/AUTH_d98f9ffaeb7346169078ece01c85312d/gnocchi.73873ac0-f7e7-450a-95b1-92604f624d4f/none_v3" "tx9dd93ba60c91441fb8f51-0069329ade" "proxy-server 20" 0.0011 "-" 23 0
Dec 5 08:42:07 np0005546416 container-server[120032]: 172.20.0.103 - - [05/Dec/2025:08:42:07 +0000] "PUT /d1/126/AUTH_d98f9ffaeb7346169078ece01c85312d/gnocchi.5b063710-7a45-445c-b487-2bd2a8aff455/none_v3" 201 - "PUT http://172.18.0.163:8080/d1/361/AUTH_d98f9ffaeb7346169078ece01c85312d/gnocchi.5b063710-7a45-445c-b487-2bd2a8aff455/none_v3" "txc152e78eb10840c9bc509-0069329adf" "object-server 24" 0.0008 "-" 19 0
Dec 5 08:42:07 np0005546416 object-server[120386]: 172.20.0.103 - - [05/Dec/2025:08:42:07 +0000] "PUT /d1/361/AUTH_d98f9ffaeb7346169078ece01c85312d/gnocchi.5b063710-7a45-445c-b487-2bd2a8aff455/none_v3" 201 - "PUT http://172.18.0.163:8080/v1/AUTH_d98f9ffaeb7346169078ece01c85312d/gnocchi.5b063710-7a45-445c-b487-2bd2a8aff455/none_v3" "txc152e78eb10840c9bc509-0069329adf" "proxy-server 20" 0.0140 "-" 24 0
Dec 5 08:42:07 np0005546416 container-server[120040]: 172.20.0.104 - - [05/Dec/2025:08:42:07 +0000] "HEAD /d1/207/AUTH_d98f9ffaeb7346169078ece01c85312d/gnocchi.c5dae72d-7280-4da1-845d-ee16f2831e32" 204 - "HEAD http://172.18.0.163:8080/v1/AUTH_d98f9ffaeb7346169078ece01c85312d/gnocchi.c5dae72d-7280-4da1-845d-ee16f2831e32?format=json&states=listing" "txe07493072cfd475d84a9c-0069329ade" "proxy-server 20" 0.0023 "-" 20 0
Dec 5 08:42:07 np0005546416 proxy-server[121677]: 172.18.0.103 172.18.0.104 05/Dec/2025/08/42/07 GET /v1/AUTH_d98f9ffaeb7346169078ece01c85312d/gnocchi.c5dae72d-7280-4da1-845d-ee16f2831e32/none_v3 HTTP/1.0 200 - python-swiftclient-3.11.1 gAAAAABpMpkVTcQj... - 22 - txe07493072cfd475d84a9c-0069329ade - 1.1266 - - 1764924126.060319901 1764924127.186963558 0
Dec 5 08:42:07 np0005546416 container-server[120032]: 172.20.0.105 - - [05/Dec/2025:08:42:07 +0000] "PUT /d1/171/AUTH_d98f9ffaeb7346169078ece01c85312d/gnocchi.d2ea7fa3-6e0f-4fcf-afe3-62d3bc3fe4d5/none_v3" 201 - "PUT http://172.18.0.163:8080/d1/520/AUTH_d98f9ffaeb7346169078ece01c85312d/gnocchi.d2ea7fa3-6e0f-4fcf-afe3-62d3bc3fe4d5/none_v3" "tx6c7c144a5e58428abe502-0069329adf" "object-server 23" 0.0005 "-" 19 0
Dec 5 08:42:07 np0005546416 object-server[120382]: 172.20.0.103 - - [05/Dec/2025:08:42:07 +0000] "PUT /d1/520/AUTH_d98f9ffaeb7346169078ece01c85312d/gnocchi.d2ea7fa3-6e0f-4fcf-afe3-62d3bc3fe4d5/none_v3" 201 - "PUT http://172.18.0.163:8080/v1/AUTH_d98f9ffaeb7346169078ece01c85312d/gnocchi.d2ea7fa3-6e0f-4fcf-afe3-62d3bc3fe4d5/none_v3" "tx6c7c144a5e58428abe502-0069329adf" "proxy-server 20" 0.0134 "-" 22 0
Dec 5 08:42:07 np0005546416 container-server[120032]: 172.20.0.104 - - [05/Dec/2025:08:42:07 +0000] "GET /d1/207/AUTH_d98f9ffaeb7346169078ece01c85312d/gnocchi.c5dae72d-7280-4da1-845d-ee16f2831e32" 200 357 "GET http://172.18.0.163:8080/v1/AUTH_d98f9ffaeb7346169078ece01c85312d/gnocchi.c5dae72d-7280-4da1-845d-ee16f2831e32?format=json&states=listing" "tx856836f38a68407b87629-0069329adf" "proxy-server 20" 0.0047 "-" 19 0
Dec 5 08:42:07 np0005546416 proxy-server[121677]: 172.18.0.103 172.18.0.104 05/Dec/2025/08/42/07 GET /v1/AUTH_d98f9ffaeb7346169078ece01c85312d/gnocchi.c5dae72d-7280-4da1-845d-ee16f2831e32%3Fformat%3Djson%26states%3Dlisting HTTP/1.0 200 - python-swiftclient-3.11.1 gAAAAABpMpkVTcQj... - 357 - tx856836f38a68407b87629-0069329adf - 0.0183 - - 1764924127.192772150 1764924127.211114168 0
Dec 5 08:42:07 np0005546416 object-server[120386]: 172.20.0.103 - - [05/Dec/2025:08:42:07 +0000] "GET /d1/436/AUTH_d98f9ffaeb7346169078ece01c85312d/gnocchi.73873ac0-f7e7-450a-95b1-92604f624d4f/1764720000.0_rate%3Amean_300.0_v3" 404 70 "GET http://172.18.0.163:8080/v1/AUTH_d98f9ffaeb7346169078ece01c85312d/gnocchi.73873ac0-f7e7-450a-95b1-92604f624d4f/1764720000.0_rate%3Amean_300.0_v3" "txbc702db7a3824532aef4d-0069329adf" "proxy-server 20" 0.0007 "-" 24 0
Dec 5 08:42:07 np0005546416 container-server[120040]: 172.20.0.105 - - [05/Dec/2025:08:42:07 +0000] "GET /d1/207/AUTH_d98f9ffaeb7346169078ece01c85312d/gnocchi.c5dae72d-7280-4da1-845d-ee16f2831e32" 200 2 "GET http://172.18.0.163:8080/v1/AUTH_d98f9ffaeb7346169078ece01c85312d/gnocchi.c5dae72d-7280-4da1-845d-ee16f2831e32?format=json&marker=none_v3&states=listing" "txfcfdf996537f42e6884e1-0069329adf" "proxy-server 20" 0.0054 "-" 20 0
Dec 5 08:42:07 np0005546416 object-server[120388]: 172.20.0.103 - - [05/Dec/2025:08:42:07 +0000] "GET /d1/439/AUTH_d98f9ffaeb7346169078ece01c85312d/gnocchi.c5dae72d-7280-4da1-845d-ee16f2831e32/1764720000.0_mean_300.0_v3" 200 16 "GET http://172.18.0.163:8080/v1/AUTH_d98f9ffaeb7346169078ece01c85312d/gnocchi.c5dae72d-7280-4da1-845d-ee16f2831e32/1764720000.0_mean_300.0_v3" "tx7834ed38e4d64d89b928f-0069329adf" "proxy-server 20" 0.0011 "-" 25 0
Dec 5 08:42:07 np0005546416 object-server[120385]: 172.20.0.104 - - [05/Dec/2025:08:42:07 +0000] "GET /d1/317/AUTH_d98f9ffaeb7346169078ece01c85312d/gnocchi.4267a122-b37a-499f-96f9-f040c0623d79/none_v3" 200 22 "GET http://172.18.0.163:8080/v1/AUTH_d98f9ffaeb7346169078ece01c85312d/gnocchi.4267a122-b37a-499f-96f9-f040c0623d79/none_v3" "tx78482f7197b143db885e9-0069329adf" "proxy-server 20" 0.0021 "-" 23 0
Dec 5 08:42:07 np0005546416 proxy-server[121677]: 172.18.0.163 172.18.0.104 05/Dec/2025/08/42/07 GET /v1/AUTH_d98f9ffaeb7346169078ece01c85312d/gnocchi.4267a122-b37a-499f-96f9-f040c0623d79/none_v3 HTTP/1.0 200 - python-swiftclient-3.11.1 gAAAAABpMplca2FU... - 22 - tx78482f7197b143db885e9-0069329adf - 0.0228 - - 1764924127.235660315 1764924127.258480072 0
Dec 5 08:42:07 np0005546416 container-server[120040]: 172.20.0.104 - - [05/Dec/2025:08:42:07 +0000] "PUT /d1/222/AUTH_d98f9ffaeb7346169078ece01c85312d/gnocchi.73873ac0-f7e7-450a-95b1-92604f624d4f/1764720000.0_mean_300.0_v3" 201 - "PUT http://172.18.0.163:8080/d1/827/AUTH_d98f9ffaeb7346169078ece01c85312d/gnocchi.73873ac0-f7e7-450a-95b1-92604f624d4f/1764720000.0_mean_300.0_v3" "tx7fdbb2ea9e2d45158facd-0069329adf" "object-server 25" 0.0010 "-" 20 0
Dec 5 08:42:07 np0005546416 object-server[120388]: 172.20.0.105 - - [05/Dec/2025:08:42:07 +0000] "PUT /d1/827/AUTH_d98f9ffaeb7346169078ece01c85312d/gnocchi.73873ac0-f7e7-450a-95b1-92604f624d4f/1764720000.0_mean_300.0_v3" 201 - "PUT http://172.18.0.163:8080/v1/AUTH_d98f9ffaeb7346169078ece01c85312d/gnocchi.73873ac0-f7e7-450a-95b1-92604f624d4f/1764720000.0_mean_300.0_v3" "tx7fdbb2ea9e2d45158facd-0069329adf" "proxy-server 20" 0.0163 "-" 25 0
Dec 5 08:42:07 np0005546416 object-server[120386]: 172.20.0.104 - - [05/Dec/2025:08:42:07 +0000] "GET /d1/2/AUTH_d98f9ffaeb7346169078ece01c85312d/gnocchi.c5dae72d-7280-4da1-845d-ee16f2831e32/1764720000.0_rate%3Amean_300.0_v3" 404 70 "GET http://172.18.0.163:8080/v1/AUTH_d98f9ffaeb7346169078ece01c85312d/gnocchi.c5dae72d-7280-4da1-845d-ee16f2831e32/1764720000.0_rate%3Amean_300.0_v3" "tx0e4298a300c841d0b18c2-0069329adf" "proxy-server 20" 0.0006 "-" 24 0
Dec 5 08:42:07 np0005546416 proxy-server[121677]: 172.18.0.103 172.18.0.104 05/Dec/2025/08/42/07 GET /v1/AUTH_d98f9ffaeb7346169078ece01c85312d/gnocchi.c5dae72d-7280-4da1-845d-ee16f2831e32/1764720000.0_rate%253Amean_300.0_v3 HTTP/1.0 404 - python-swiftclient-3.11.1 gAAAAABpMpkVTcQj... - 70 - tx0e4298a300c841d0b18c2-0069329adf - 0.0213 - - 1764924127.265724182 1764924127.286975861 0
Dec 5 08:42:07 np0005546416 container-server[120048]: 172.20.0.104 - - [05/Dec/2025:08:42:07 +0000] "PUT /d1/222/AUTH_d98f9ffaeb7346169078ece01c85312d/gnocchi.73873ac0-f7e7-450a-95b1-92604f624d4f/1764720000.0_rate%3Amean_300.0_v3" 201 - "PUT http://172.18.0.163:8080/d1/436/AUTH_d98f9ffaeb7346169078ece01c85312d/gnocchi.73873ac0-f7e7-450a-95b1-92604f624d4f/1764720000.0_rate%3Amean_300.0_v3" "txd4c86478d50944aaac18e-0069329adf" "object-server 23" 0.0009 "-" 21 0
Dec 5 08:42:07 np0005546416 object-server[120385]: 172.20.0.105 - - [05/Dec/2025:08:42:07 +0000] "PUT /d1/436/AUTH_d98f9ffaeb7346169078ece01c85312d/gnocchi.73873ac0-f7e7-450a-95b1-92604f624d4f/1764720000.0_rate%3Amean_300.0_v3" 201 - "PUT http://172.18.0.163:8080/v1/AUTH_d98f9ffaeb7346169078ece01c85312d/gnocchi.73873ac0-f7e7-450a-95b1-92604f624d4f/1764720000.0_rate%3Amean_300.0_v3" "txd4c86478d50944aaac18e-0069329adf" "proxy-server 20" 0.0147 "-" 23 0
Dec 5 08:42:07 np0005546416 container-server[120032]: 172.20.0.103 - - [05/Dec/2025:08:42:07 +0000] "PUT /d1/207/AUTH_d98f9ffaeb7346169078ece01c85312d/gnocchi.c5dae72d-7280-4da1-845d-ee16f2831e32/1764720000.0_mean_300.0_v3" 201 - "PUT http://172.18.0.163:8080/d1/439/AUTH_d98f9ffaeb7346169078ece01c85312d/gnocchi.c5dae72d-7280-4da1-845d-ee16f2831e32/1764720000.0_mean_300.0_v3" "tx411d907235454d51899ba-0069329adf" "object-server 22" 0.0013 "-" 19 0
Dec 5 08:42:07 np0005546416 object-server[120388]: 172.20.0.104 - - [05/Dec/2025:08:42:07 +0000] "PUT /d1/439/AUTH_d98f9ffaeb7346169078ece01c85312d/gnocchi.c5dae72d-7280-4da1-845d-ee16f2831e32/1764720000.0_mean_300.0_v3" 201 - "PUT http://172.18.0.163:8080/v1/AUTH_d98f9ffaeb7346169078ece01c85312d/gnocchi.c5dae72d-7280-4da1-845d-ee16f2831e32/1764720000.0_mean_300.0_v3" "tx411d907235454d51899ba-0069329adf" "proxy-server 20" 0.0202 "-" 25 0
Dec 5 08:42:07 np0005546416 proxy-server[121677]: 172.18.0.103 172.18.0.104 05/Dec/2025/08/42/07 PUT /v1/AUTH_d98f9ffaeb7346169078ece01c85312d/gnocchi.c5dae72d-7280-4da1-845d-ee16f2831e32/1764720000.0_mean_300.0_v3 HTTP/1.0 201 - python-swiftclient-3.11.1 gAAAAABpMpkVTcQj... 24 - - tx411d907235454d51899ba-0069329adf - 0.0370 - - 1764924127.292355061 1764924127.329382181 0
Dec 5 08:42:07 np0005546416 object-server[120388]: 172.20.0.104 - - [05/Dec/2025:08:42:07 +0000] "GET /d1/764/AUTH_d98f9ffaeb7346169078ece01c85312d/gnocchi.4267a122-b37a-499f-96f9-f040c0623d79/1764720000.0_rate%3Amean_300.0_v3" 404 70 "GET http://172.18.0.163:8080/v1/AUTH_d98f9ffaeb7346169078ece01c85312d/gnocchi.4267a122-b37a-499f-96f9-f040c0623d79/1764720000.0_rate%3Amean_300.0_v3" "txa5c01e004db74a5484e96-0069329adf" "proxy-server 20" 0.0006 "-" 25 0
Dec 5 08:42:07 np0005546416 object-server[120388]: 172.20.0.105 - - [05/Dec/2025:08:42:07 +0000] "PUT /d1/449/AUTH_d98f9ffaeb7346169078ece01c85312d/gnocchi.73873ac0-f7e7-450a-95b1-92604f624d4f/none_v3" 201 - "PUT http://172.18.0.163:8080/v1/AUTH_d98f9ffaeb7346169078ece01c85312d/gnocchi.73873ac0-f7e7-450a-95b1-92604f624d4f/none_v3" "tx129b3ae5378545b68f8ec-0069329adf" "proxy-server 20" 0.0157 "-" 25 0
Dec 5 08:42:07 np0005546416 container-server[120048]: 172.20.0.103 - - [05/Dec/2025:08:42:07 +0000] "PUT /d1/222/AUTH_d98f9ffaeb7346169078ece01c85312d/gnocchi.73873ac0-f7e7-450a-95b1-92604f624d4f/none_v3" 201 - "PUT http://172.18.0.163:8080/d1/449/AUTH_d98f9ffaeb7346169078ece01c85312d/gnocchi.73873ac0-f7e7-450a-95b1-92604f624d4f/none_v3" "tx129b3ae5378545b68f8ec-0069329adf" "object-server 24" 0.0009 "-" 21 0
Dec 5 08:42:07 np0005546416 container-server[120032]: 172.20.0.104 - - [05/Dec/2025:08:42:07 +0000] "PUT /d1/207/AUTH_d98f9ffaeb7346169078ece01c85312d/gnocchi.c5dae72d-7280-4da1-845d-ee16f2831e32/1764720000.0_rate%3Amean_300.0_v3" 201 - "PUT http://172.18.0.163:8080/d1/2/AUTH_d98f9ffaeb7346169078ece01c85312d/gnocchi.c5dae72d-7280-4da1-845d-ee16f2831e32/1764720000.0_rate%3Amean_300.0_v3" "tx703a3aac29444567ada55-0069329adf" "object-server 24" 0.0008 "-" 19 0
Dec 5 08:42:07 np0005546416 proxy-server[121677]: 172.18.0.163 172.18.0.104 05/Dec/2025/08/42/07 GET /v1/AUTH_d98f9ffaeb7346169078ece01c85312d/gnocchi.4267a122-b37a-499f-96f9-f040c0623d79/1764720000.0_rate%253Amean_300.0_v3 HTTP/1.0 404 - python-swiftclient-3.11.1 gAAAAABpMplca2FU... - 70 - txa5c01e004db74a5484e96-0069329adf - 0.0242 - - 1764924127.333888531 1764924127.358107805 0
Dec 5 08:42:07 np0005546416 object-server[120386]: 172.20.0.103 - - [05/Dec/2025:08:42:07 +0000] "PUT /d1/2/AUTH_d98f9ffaeb7346169078ece01c85312d/gnocchi.c5dae72d-7280-4da1-845d-ee16f2831e32/1764720000.0_rate%3Amean_300.0_v3" 201 - "PUT http://172.18.0.163:8080/v1/AUTH_d98f9ffaeb7346169078ece01c85312d/gnocchi.c5dae72d-7280-4da1-845d-ee16f2831e32/1764720000.0_rate%3Amean_300.0_v3" "tx703a3aac29444567ada55-0069329adf" "proxy-server 20" 0.0146 "-" 24 0
Dec 5 08:42:07 np0005546416 container-server[120060]: 172.20.0.104 - - [05/Dec/2025:08:42:07 +0000] "PUT /d1/207/AUTH_d98f9ffaeb7346169078ece01c85312d/gnocchi.c5dae72d-7280-4da1-845d-ee16f2831e32/none_v3" 201 - "PUT http://172.18.0.163:8080/d1/356/AUTH_d98f9ffaeb7346169078ece01c85312d/gnocchi.c5dae72d-7280-4da1-845d-ee16f2831e32/none_v3" "tx8beaa6bfc0c74bc780de5-0069329adf" "object-server 24" 0.0005 "-" 23 0
Dec 5 08:42:07 np0005546416 object-server[120386]: 172.20.0.104 - - [05/Dec/2025:08:42:07 +0000] "PUT /d1/356/AUTH_d98f9ffaeb7346169078ece01c85312d/gnocchi.c5dae72d-7280-4da1-845d-ee16f2831e32/none_v3" 201 - "PUT http://172.18.0.163:8080/v1/AUTH_d98f9ffaeb7346169078ece01c85312d/gnocchi.c5dae72d-7280-4da1-845d-ee16f2831e32/none_v3" "tx8beaa6bfc0c74bc780de5-0069329adf" "proxy-server 20" 0.0125 "-" 24 0
Dec 5 08:42:07 np0005546416 container-server[120032]: 172.20.0.105 - - [05/Dec/2025:08:42:07 +0000] "PUT /d1/681/AUTH_d98f9ffaeb7346169078ece01c85312d/gnocchi.4267a122-b37a-499f-96f9-f040c0623d79/1764720000.0_mean_300.0_v3" 201 - "PUT http://172.18.0.163:8080/d1/697/AUTH_d98f9ffaeb7346169078ece01c85312d/gnocchi.4267a122-b37a-499f-96f9-f040c0623d79/1764720000.0_mean_300.0_v3" "tx2b44c5f779d14b65ba571-0069329adf" "object-server 23" 0.0008 "-" 19 0
Dec 5 08:42:07 np0005546416 object-server[120382]: 172.20.0.105 - - [05/Dec/2025:08:42:07 +0000] "PUT /d1/697/AUTH_d98f9ffaeb7346169078ece01c85312d/gnocchi.4267a122-b37a-499f-96f9-f040c0623d79/1764720000.0_mean_300.0_v3" 201 - "PUT http://172.18.0.163:8080/v1/AUTH_d98f9ffaeb7346169078ece01c85312d/gnocchi.4267a122-b37a-499f-96f9-f040c0623d79/1764720000.0_mean_300.0_v3" "tx2b44c5f779d14b65ba571-0069329adf" "proxy-server 20" 0.0152 "-" 22 0
Dec 5 08:42:07 np0005546416 proxy-server[121677]: 172.18.0.103 172.18.0.104 05/Dec/2025/08/42/07 PUT /v1/AUTH_d98f9ffaeb7346169078ece01c85312d/gnocchi.c5dae72d-7280-4da1-845d-ee16f2831e32/none_v3 HTTP/1.0 201 - python-swiftclient-3.11.1 gAAAAABpMpkVTcQj... 33 - - tx8beaa6bfc0c74bc780de5-0069329adf - 0.0292 - - 1764924127.366733551 1764924127.395899534 0
Dec 5 08:42:07 np0005546416 proxy-server[121677]: 172.18.0.105 172.18.0.104 05/Dec/2025/08/42/07 GET /v1/AUTH_d98f9ffaeb7346169078ece01c85312d/gnocchi.c8ce8cb1-2590-4b16-a916-34569c6fceb7%3Fformat%3Djson%26states%3Dlisting HTTP/1.0 200 - python-swiftclient-3.11.1 gAAAAABpMpk08Sto... - 357 - txe3055895d25b4a099edee-0069329adf - 0.0148 - - 1764924127.407212019 1764924127.421972752 0
Dec 5 08:42:07 np0005546416 container-server[120032]: 172.20.0.105 - - [05/Dec/2025:08:42:07 +0000] "PUT /d1/681/AUTH_d98f9ffaeb7346169078ece01c85312d/gnocchi.4267a122-b37a-499f-96f9-f040c0623d79/1764720000.0_rate%3Amean_300.0_v3" 201 - "PUT http://172.18.0.163:8080/d1/764/AUTH_d98f9ffaeb7346169078ece01c85312d/gnocchi.4267a122-b37a-499f-96f9-f040c0623d79/1764720000.0_rate%3Amean_300.0_v3" "tx75a6f34ba22d441e9f091-0069329adf" "object-server 19" 0.0006 "-" 19 0
Dec 5 08:42:07 np0005546416 object-server[120385]: 172.20.0.103 - - [05/Dec/2025:08:42:07 +0000] "PUT /d1/764/AUTH_d98f9ffaeb7346169078ece01c85312d/gnocchi.4267a122-b37a-499f-96f9-f040c0623d79/1764720000.0_rate%3Amean_300.0_v3" 201 - "PUT http://172.18.0.163:8080/v1/AUTH_d98f9ffaeb7346169078ece01c85312d/gnocchi.4267a122-b37a-499f-96f9-f040c0623d79/1764720000.0_rate%3Amean_300.0_v3" "tx75a6f34ba22d441e9f091-0069329adf" "proxy-server 20" 0.0276 "-" 23 0
Dec 5 08:42:07 np0005546416 proxy-server[121677]: 172.18.0.105 172.18.0.104 05/Dec/2025/08/42/07 GET /v1/AUTH_d98f9ffaeb7346169078ece01c85312d/gnocchi.c8ce8cb1-2590-4b16-a916-34569c6fceb7%3Fformat%3Djson%26marker%3Dnone_v3%26states%3Dlisting HTTP/1.0 200 - python-swiftclient-3.11.1 gAAAAABpMpk08Sto... - 2 - txb7ded6ea122f4d3ebae6f-0069329adf - 0.0139 - - 1764924127.434616566 1764924127.448472738 0
Dec 5 08:42:07 np0005546416 object-server[120382]: 172.20.0.104 - - [05/Dec/2025:08:42:07 +0000] "GET /d1/432/AUTH_d98f9ffaeb7346169078ece01c85312d/gnocchi.c8ce8cb1-2590-4b16-a916-34569c6fceb7/1764720000.0_mean_300.0_v3" 200 16 "GET http://172.18.0.163:8080/v1/AUTH_d98f9ffaeb7346169078ece01c85312d/gnocchi.c8ce8cb1-2590-4b16-a916-34569c6fceb7/1764720000.0_mean_300.0_v3" "tx092cb2867161462087601-0069329adf" "proxy-server 20" 0.0011 "-" 22 0
Dec 5 08:42:07 np0005546416 container-server[120040]: 172.20.0.105 - - [05/Dec/2025:08:42:07 +0000] "HEAD /d1/885/AUTH_d98f9ffaeb7346169078ece01c85312d/gnocchi.83b56b9b-ca98-4b4c-ac4b-8c3cfc996897" 204 - "HEAD http://172.18.0.163:8080/v1/AUTH_d98f9ffaeb7346169078ece01c85312d/gnocchi.83b56b9b-ca98-4b4c-ac4b-8c3cfc996897?format=json&states=listing" "txa879a889d08044b8a7c60-0069329adf" "proxy-server 20" 0.0018 "-" 20 0
Dec 5 08:42:07 np0005546416 proxy-server[121677]: 172.18.0.105 172.18.0.104 05/Dec/2025/08/42/07 GET /v1/AUTH_d98f9ffaeb7346169078ece01c85312d/gnocchi.c8ce8cb1-2590-4b16-a916-34569c6fceb7/1764720000.0_mean_300.0_v3 HTTP/1.0 200 - python-swiftclient-3.11.1 gAAAAABpMpk08Sto... - 16 - tx092cb2867161462087601-0069329adf - 0.0083 - - 1764924127.454008579 1764924127.462309361 0
Dec 5 08:42:07 np0005546416 object-server[120382]: 172.20.0.105 - - [05/Dec/2025:08:42:07 +0000] "GET /d1/613/AUTH_d98f9ffaeb7346169078ece01c85312d/gnocchi.83b56b9b-ca98-4b4c-ac4b-8c3cfc996897/none_v3" 200 22 "GET http://172.18.0.163:8080/v1/AUTH_d98f9ffaeb7346169078ece01c85312d/gnocchi.83b56b9b-ca98-4b4c-ac4b-8c3cfc996897/none_v3" "txa879a889d08044b8a7c60-0069329adf" "proxy-server 20" 0.0006 "-" 22 0
Dec 5 08:42:07 np0005546416 container-server[120060]: 172.20.0.105 - - [05/Dec/2025:08:42:07 +0000] "PUT /d1/681/AUTH_d98f9ffaeb7346169078ece01c85312d/gnocchi.4267a122-b37a-499f-96f9-f040c0623d79/none_v3" 201 - "PUT http://172.18.0.163:8080/d1/317/AUTH_d98f9ffaeb7346169078ece01c85312d/gnocchi.4267a122-b37a-499f-96f9-f040c0623d79/none_v3" "tx0dd1d5b8ed544bd2b4746-0069329adf" "object-server 25" 0.0005 "-" 23 0
Dec 5 08:42:07 np0005546416 object-server[120386]: 172.20.0.103 - - [05/Dec/2025:08:42:07 +0000] "PUT /d1/317/AUTH_d98f9ffaeb7346169078ece01c85312d/gnocchi.4267a122-b37a-499f-96f9-f040c0623d79/none_v3" 201 - "PUT http://172.18.0.163:8080/v1/AUTH_d98f9ffaeb7346169078ece01c85312d/gnocchi.4267a122-b37a-499f-96f9-f040c0623d79/none_v3" "tx0dd1d5b8ed544bd2b4746-0069329adf" "proxy-server 20" 0.0119 "-" 24 0
Dec 5 08:42:07 np0005546416 object-server[120382]: 172.20.0.104 - - [05/Dec/2025:08:42:07 +0000] "GET /d1/601/AUTH_d98f9ffaeb7346169078ece01c85312d/gnocchi.c8ce8cb1-2590-4b16-a916-34569c6fceb7/1764720000.0_rate%3Amean_300.0_v3" 404 70 "GET http://172.18.0.163:8080/v1/AUTH_d98f9ffaeb7346169078ece01c85312d/gnocchi.c8ce8cb1-2590-4b16-a916-34569c6fceb7/1764720000.0_rate%3Amean_300.0_v3" "tx42e6dc70695344e091514-0069329adf" "proxy-server 20" 0.0003 "-" 22 0
Dec 5 08:42:07 np0005546416 proxy-server[121677]: 172.18.0.105 172.18.0.104 05/Dec/2025/08/42/07 GET /v1/AUTH_d98f9ffaeb7346169078ece01c85312d/gnocchi.c8ce8cb1-2590-4b16-a916-34569c6fceb7/1764720000.0_rate%253Amean_300.0_v3 HTTP/1.0 404 - python-swiftclient-3.11.1 gAAAAABpMpk08Sto... - 70 - tx42e6dc70695344e091514-0069329adf - 0.0198 - - 1764924127.466633320 1764924127.486427546 0
Dec 5 08:42:07 np0005546416 proxy-server[121677]: 172.18.0.103 172.18.0.104 05/Dec/2025/08/42/07 GET /v1/AUTH_d98f9ffaeb7346169078ece01c85312d/gnocchi.3c4ed3b2-b76b-4d09-b40d-538175256497%3Fformat%3Djson%26marker%3Dnone_v3%26states%3Dlisting HTTP/1.0 200 - python-swiftclient-3.11.1 gAAAAABpMpkVTcQj... - 2 - txf71f08b004d242a39b0fc-0069329adf - 0.0130 - - 1764924127.499804735 1764924127.512794018 0
Dec 5 08:42:07 np0005546416 container-server[120060]: 172.20.0.104 - - [05/Dec/2025:08:42:07 +0000] "PUT /d1/404/AUTH_d98f9ffaeb7346169078ece01c85312d/gnocchi.c8ce8cb1-2590-4b16-a916-34569c6fceb7/1764720000.0_mean_300.0_v3" 201 - "PUT http://172.18.0.163:8080/d1/432/AUTH_d98f9ffaeb7346169078ece01c85312d/gnocchi.c8ce8cb1-2590-4b16-a916-34569c6fceb7/1764720000.0_mean_300.0_v3" "txf82febc5b9c84b49b25b8-0069329adf" "object-server 24" 0.0006 "-" 23 0
Dec 5 08:42:07 np0005546416 object-server[120386]: 172.20.0.103 - - [05/Dec/2025:08:42:07 +0000] "PUT /d1/432/AUTH_d98f9ffaeb7346169078ece01c85312d/gnocchi.c8ce8cb1-2590-4b16-a916-34569c6fceb7/1764720000.0_mean_300.0_v3" 201 - "PUT http://172.18.0.163:8080/v1/AUTH_d98f9ffaeb7346169078ece01c85312d/gnocchi.c8ce8cb1-2590-4b16-a916-34569c6fceb7/1764720000.0_mean_300.0_v3" "txf82febc5b9c84b49b25b8-0069329adf" "proxy-server 20" 0.0143 "-" 24 0
Dec 5 08:42:07 np0005546416 container-server[120032]: 172.20.0.105 - - [05/Dec/2025:08:42:07 +0000] "GET /d1/885/AUTH_d98f9ffaeb7346169078ece01c85312d/gnocchi.83b56b9b-ca98-4b4c-ac4b-8c3cfc996897" 200 357 "GET http://172.18.0.163:8080/v1/AUTH_d98f9ffaeb7346169078ece01c85312d/gnocchi.83b56b9b-ca98-4b4c-ac4b-8c3cfc996897?format=json&states=listing" "tx99598f4ec1cb4df5a6436-0069329adf" "proxy-server 20" 0.0045 "-" 19 0
Dec 5 08:42:07 np0005546416 container-server[120032]: 172.20.0.104 - - [05/Dec/2025:08:42:07 +0000] "PUT /d1/404/AUTH_d98f9ffaeb7346169078ece01c85312d/gnocchi.c8ce8cb1-2590-4b16-a916-34569c6fceb7/1764720000.0_rate%3Amean_300.0_v3" 201 - "PUT http://172.18.0.163:8080/d1/601/AUTH_d98f9ffaeb7346169078ece01c85312d/gnocchi.c8ce8cb1-2590-4b16-a916-34569c6fceb7/1764720000.0_rate%3Amean_300.0_v3" "tx2368a499c6e04c0499361-0069329adf" "object-server 22" 0.0005 "-" 19 0
Dec 5 08:42:07 np0005546416 object-server[120382]: 172.20.0.104 - - [05/Dec/2025:08:42:07 +0000] "PUT /d1/601/AUTH_d98f9ffaeb7346169078ece01c85312d/gnocchi.c8ce8cb1-2590-4b16-a916-34569c6fceb7/1764720000.0_rate%3Amean_300.0_v3" 201 - "PUT http://172.18.0.163:8080/v1/AUTH_d98f9ffaeb7346169078ece01c85312d/gnocchi.c8ce8cb1-2590-4b16-a916-34569c6fceb7/1764720000.0_rate%3Amean_300.0_v3" "tx2368a499c6e04c0499361-0069329adf" "proxy-server 20" 0.0114 "-" 22 0
Dec 5 08:42:07 np0005546416 proxy-server[121677]: 172.18.0.105 172.18.0.104 05/Dec/2025/08/42/07 PUT /v1/AUTH_d98f9ffaeb7346169078ece01c85312d/gnocchi.c8ce8cb1-2590-4b16-a916-34569c6fceb7/1764720000.0_rate%253Amean_300.0_v3 HTTP/1.0 201 - python-swiftclient-3.11.1 gAAAAABpMpk08Sto... 16 - - tx2368a499c6e04c0499361-0069329adf - 0.0241 - - 1764924127.522654295 1764924127.546768665 0
Dec 5 08:42:07 np0005546416 container-server[120032]: 172.20.0.103 - - [05/Dec/2025:08:42:07 +0000] "GET /d1/885/AUTH_d98f9ffaeb7346169078ece01c85312d/gnocchi.83b56b9b-ca98-4b4c-ac4b-8c3cfc996897" 200 2 "GET http://172.18.0.163:8080/v1/AUTH_d98f9ffaeb7346169078ece01c85312d/gnocchi.83b56b9b-ca98-4b4c-ac4b-8c3cfc996897?format=json&marker=none_v3&states=listing" "txb44cbae7f0db49b1843ba-0069329adf" "proxy-server 20" 0.0028 "-" 19 0
Dec 5 08:42:07 np0005546416 container-server[120048]: 172.20.0.105 - - [05/Dec/2025:08:42:07 +0000] "PUT /d1/404/AUTH_d98f9ffaeb7346169078ece01c85312d/gnocchi.c8ce8cb1-2590-4b16-a916-34569c6fceb7/none_v3" 201 - "PUT http://172.18.0.163:8080/d1/147/AUTH_d98f9ffaeb7346169078ece01c85312d/gnocchi.c8ce8cb1-2590-4b16-a916-34569c6fceb7/none_v3" "tx13338d7e147d4664829fb-0069329adf" "object-server 19" 0.0009 "-" 21 0
Dec 5 08:42:07 np0005546416 object-server[120388]: 172.20.0.105 - - [05/Dec/2025:08:42:07 +0000] "PUT /d1/147/AUTH_d98f9ffaeb7346169078ece01c85312d/gnocchi.c8ce8cb1-2590-4b16-a916-34569c6fceb7/none_v3" 201 - "PUT http://172.18.0.163:8080/v1/AUTH_d98f9ffaeb7346169078ece01c85312d/gnocchi.c8ce8cb1-2590-4b16-a916-34569c6fceb7/none_v3" "tx13338d7e147d4664829fb-0069329adf" "proxy-server 20" 0.0150 "-" 25 0
Dec 5 08:42:07 np0005546416 proxy-server[121677]: 172.18.0.103 172.18.0.104 05/Dec/2025/08/42/07 GET /v1/AUTH_d98f9ffaeb7346169078ece01c85312d/gnocchi.3c4ed3b2-b76b-4d09-b40d-538175256497/1764720000.0_mean_300.0_v3 HTTP/1.0 200 - python-swiftclient-3.11.1 gAAAAABpMpkVTcQj... - 16 - tx8e3d80e555504fbcbad69-0069329adf - 0.0141 - - 1764924127.566351891 1764924127.580441713 0
Dec 5 08:42:07 np0005546416 object-server[120388]: 172.20.0.103 - - [05/Dec/2025:08:42:07 +0000] "GET /d1/944/AUTH_d98f9ffaeb7346169078ece01c85312d/gnocchi.3c4ed3b2-b76b-4d09-b40d-538175256497/1764720000.0_rate%3Amean_300.0_v3" 404 70 "GET http://172.18.0.163:8080/v1/AUTH_d98f9ffaeb7346169078ece01c85312d/gnocchi.3c4ed3b2-b76b-4d09-b40d-538175256497/1764720000.0_rate%3Amean_300.0_v3" "tx6a00f01894fc46f5b2284-0069329adf" "proxy-server 20" 0.0004 "-" 25 0
Dec 5 08:42:07 np0005546416 container-server[120060]: 172.20.0.104 - - [05/Dec/2025:08:42:07 +0000] "HEAD /d1/127/AUTH_d98f9ffaeb7346169078ece01c85312d/gnocchi.a19fafa9-2a6b-4c42-b73e-fd555a398fbb" 204 - "HEAD http://172.18.0.163:8080/v1/AUTH_d98f9ffaeb7346169078ece01c85312d/gnocchi.a19fafa9-2a6b-4c42-b73e-fd555a398fbb?format=json&states=listing" "txff41cb526bfc450584cc0-0069329adf" "proxy-server 20" 0.0058 "-" 23 0
Dec 5 08:42:07 np0005546416 object-server[120385]: 172.20.0.105 - - [05/Dec/2025:08:42:07 +0000] "GET /d1/251/AUTH_d98f9ffaeb7346169078ece01c85312d/gnocchi.83b56b9b-ca98-4b4c-ac4b-8c3cfc996897/1764720000.0_mean_300.0_v3" 200 16 "GET http://172.18.0.163:8080/v1/AUTH_d98f9ffaeb7346169078ece01c85312d/gnocchi.83b56b9b-ca98-4b4c-ac4b-8c3cfc996897/1764720000.0_mean_300.0_v3" "tx0328af0a57da4c7bad830-0069329adf" "proxy-server 20" 0.0011 "-" 23 0
Dec 5 08:42:07 np0005546416 proxy-server[121677]: 172.18.0.105 172.18.0.104 05/Dec/2025/08/42/07 GET /v1/AUTH_d98f9ffaeb7346169078ece01c85312d/gnocchi.a19fafa9-2a6b-4c42-b73e-fd555a398fbb/none_v3 HTTP/1.0 200 - python-swiftclient-3.11.1 gAAAAABpMpk08Sto... - 22 - txff41cb526bfc450584cc0-0069329adf - 0.0271 - - 1764924127.598885298 1764924127.625966787 0
Dec 5 08:42:07 np0005546416 object-server[120386]: 172.20.0.103 - - [05/Dec/2025:08:42:07 +0000] "GET /d1/507/AUTH_d98f9ffaeb7346169078ece01c85312d/gnocchi.83b56b9b-ca98-4b4c-ac4b-8c3cfc996897/1764720000.0_rate%3Amean_300.0_v3" 404 70 "GET http://172.18.0.163:8080/v1/AUTH_d98f9ffaeb7346169078ece01c85312d/gnocchi.83b56b9b-ca98-4b4c-ac4b-8c3cfc996897/1764720000.0_rate%3Amean_300.0_v3" "txa66f235fd7204b50a88dc-0069329adf" "proxy-server 20" 0.0005 "-" 24 0
Dec 5 08:42:07 np0005546416 proxy-server[121677]: 172.18.0.105 172.18.0.104 05/Dec/2025/08/42/07 GET /v1/AUTH_d98f9ffaeb7346169078ece01c85312d/gnocchi.a19fafa9-2a6b-4c42-b73e-fd555a398fbb%3Fformat%3Djson%26marker%3Dnone_v3%26states%3Dlisting HTTP/1.0 200 - python-swiftclient-3.11.1 gAAAAABpMpk08Sto... - 2 - txc3bf96d5502d48a88491e-0069329adf - 0.0196 - - 1764924127.660234928 1764924127.679846048 0
Dec 5 08:42:07 np0005546416 object-server[120382]: 172.20.0.103 - - [05/Dec/2025:08:42:07 +0000] "PUT /d1/226/AUTH_d98f9ffaeb7346169078ece01c85312d/gnocchi.3c4ed3b2-b76b-4d09-b40d-538175256497/1764720000.0_mean_300.0_v3" 201 - "PUT http://172.18.0.163:8080/v1/AUTH_d98f9ffaeb7346169078ece01c85312d/gnocchi.3c4ed3b2-b76b-4d09-b40d-538175256497/1764720000.0_mean_300.0_v3" "txe37bfb81e8f94094a93a7-0069329adf" "proxy-server 20" 0.0166 "-" 22 0
Dec 5 08:42:07 np0005546416 container-server[120060]: 172.20.0.103 - - [05/Dec/2025:08:42:07 +0000] "PUT /d1/671/AUTH_d98f9ffaeb7346169078ece01c85312d/gnocchi.3c4ed3b2-b76b-4d09-b40d-538175256497/1764720000.0_mean_300.0_v3" 201 - "PUT http://172.18.0.163:8080/d1/226/AUTH_d98f9ffaeb7346169078ece01c85312d/gnocchi.3c4ed3b2-b76b-4d09-b40d-538175256497/1764720000.0_mean_300.0_v3" "txe37bfb81e8f94094a93a7-0069329adf" "object-server 23" 0.0012 "-" 23 0
Dec 5 08:42:07 np0005546416 object-server[120385]: 172.20.0.105 - - [05/Dec/2025:08:42:07 +0000] "GET /d1/138/AUTH_d98f9ffaeb7346169078ece01c85312d/gnocchi.a19fafa9-2a6b-4c42-b73e-fd555a398fbb/1764720000.0_mean_300.0_v3" 200 16 "GET http://172.18.0.163:8080/v1/AUTH_d98f9ffaeb7346169078ece01c85312d/gnocchi.a19fafa9-2a6b-4c42-b73e-fd555a398fbb/1764720000.0_mean_300.0_v3" "txf06a8e77873b49019d589-0069329adf" "proxy-server 20" 0.0016 "-" 23 0
Dec 5 08:42:07 np0005546416 object-server[120385]: 172.20.0.104 - - [05/Dec/2025:08:42:07 +0000] "PUT /d1/944/AUTH_d98f9ffaeb7346169078ece01c85312d/gnocchi.3c4ed3b2-b76b-4d09-b40d-538175256497/1764720000.0_rate%3Amean_300.0_v3" 201 - "PUT http://172.18.0.163:8080/v1/AUTH_d98f9ffaeb7346169078ece01c85312d/gnocchi.3c4ed3b2-b76b-4d09-b40d-538175256497/1764720000.0_rate%3Amean_300.0_v3" "txa71d894040d643599c0e2-0069329adf" "proxy-server 20" 0.0168 "-" 23 0
Dec 5 08:42:07 np0005546416 container-server[120048]: 172.20.0.103 - - [05/Dec/2025:08:42:07 +0000] "PUT /d1/671/AUTH_d98f9ffaeb7346169078ece01c85312d/gnocchi.3c4ed3b2-b76b-4d09-b40d-538175256497/1764720000.0_rate%3Amean_300.0_v3" 201 - "PUT http://172.18.0.163:8080/d1/944/AUTH_d98f9ffaeb7346169078ece01c85312d/gnocchi.3c4ed3b2-b76b-4d09-b40d-538175256497/1764720000.0_rate%3Amean_300.0_v3" "txa71d894040d643599c0e2-0069329adf" "object-server 24" 0.0009 "-" 21 0
Dec 5 08:42:07 np0005546416 object-server[120382]: 172.20.0.103 - - [05/Dec/2025:08:42:07 +0000] "GET /d1/314/AUTH_d98f9ffaeb7346169078ece01c85312d/gnocchi.a19fafa9-2a6b-4c42-b73e-fd555a398fbb/1764720000.0_rate%3Amean_300.0_v3" 404 70 "GET http://172.18.0.163:8080/v1/AUTH_d98f9ffaeb7346169078ece01c85312d/gnocchi.a19fafa9-2a6b-4c42-b73e-fd555a398fbb/1764720000.0_rate%3Amean_300.0_v3" "tx8e3745a74130490391bfa-0069329adf" "proxy-server 20" 0.0006 "-" 22 0
Dec 5 08:42:07 np0005546416 proxy-server[121677]: 172.18.0.103 172.18.0.104 05/Dec/2025/08/42/07 PUT /v1/AUTH_d98f9ffaeb7346169078ece01c85312d/gnocchi.3c4ed3b2-b76b-4d09-b40d-538175256497/1764720000.0_rate%253Amean_300.0_v3 HTTP/1.0 201 - python-swiftclient-3.11.1 gAAAAABpMpkVTcQj... 16 - - txa71d894040d643599c0e2-0069329adf - 0.0314 - - 1764924127.701997042 1764924127.733347178 0
Dec 5 08:42:07 np0005546416 container-server[120032]: 172.20.0.103 - - [05/Dec/2025:08:42:07 +0000] "PUT /d1/127/AUTH_d98f9ffaeb7346169078ece01c85312d/gnocchi.a19fafa9-2a6b-4c42-b73e-fd555a398fbb/1764720000.0_mean_300.0_v3" 201 - "PUT http://172.18.0.163:8080/d1/138/AUTH_d98f9ffaeb7346169078ece01c85312d/gnocchi.a19fafa9-2a6b-4c42-b73e-fd555a398fbb/1764720000.0_mean_300.0_v3" "tx7f2702789ef0489e84314-0069329adf" "object-server 23" 0.0007 "-" 19 0
Dec 5 08:42:07 np0005546416 container-server[120040]: 172.20.0.105 - - [05/Dec/2025:08:42:07 +0000] "PUT /d1/885/AUTH_d98f9ffaeb7346169078ece01c85312d/gnocchi.83b56b9b-ca98-4b4c-ac4b-8c3cfc996897/1764720000.0_mean_300.0_v3" 201 - "PUT http://172.18.0.163:8080/d1/251/AUTH_d98f9ffaeb7346169078ece01c85312d/gnocchi.83b56b9b-ca98-4b4c-ac4b-8c3cfc996897/1764720000.0_mean_300.0_v3" "tx651c0cd65d644ee9bec8b-0069329adf" "object-server 22" 0.0008 "-" 20 0
Dec 5 08:42:07 np0005546416 object-server[120385]: 172.20.0.105 - - [05/Dec/2025:08:42:07 +0000] "PUT /d1/251/AUTH_d98f9ffaeb7346169078ece01c85312d/gnocchi.83b56b9b-ca98-4b4c-ac4b-8c3cfc996897/1764720000.0_mean_300.0_v3" 201 - "PUT http://172.18.0.163:8080/v1/AUTH_d98f9ffaeb7346169078ece01c85312d/gnocchi.83b56b9b-ca98-4b4c-ac4b-8c3cfc996897/1764720000.0_mean_300.0_v3" "tx651c0cd65d644ee9bec8b-0069329adf" "proxy-server 20" 0.0176 "-" 23 0
Dec 5 08:42:07 np0005546416 object-server[120386]: 172.20.0.104 - - [05/Dec/2025:08:42:07 +0000] "PUT /d1/138/AUTH_d98f9ffaeb7346169078ece01c85312d/gnocchi.a19fafa9-2a6b-4c42-b73e-fd555a398fbb/1764720000.0_mean_300.0_v3" 201 - "PUT http://172.18.0.163:8080/v1/AUTH_d98f9ffaeb7346169078ece01c85312d/gnocchi.a19fafa9-2a6b-4c42-b73e-fd555a398fbb/1764720000.0_mean_300.0_v3" "tx7f2702789ef0489e84314-0069329adf" "proxy-server 20" 0.0148 "-" 24 0
Dec 5 08:42:07 np0005546416 proxy-server[121677]: 172.18.0.105 172.18.0.104 05/Dec/2025/08/42/07 PUT /v1/AUTH_d98f9ffaeb7346169078ece01c85312d/gnocchi.a19fafa9-2a6b-4c42-b73e-fd555a398fbb/1764720000.0_mean_300.0_v3 HTTP/1.0 201 - python-swiftclient-3.11.1 gAAAAABpMpk08Sto... 27 - - tx7f2702789ef0489e84314-0069329adf - 0.0235 - - 1764924127.741701126 1764924127.765180826 0
Dec 5 08:42:07 np0005546416 object-server[120382]: 172.20.0.105 - - [05/Dec/2025:08:42:07 +0000] "PUT /d1/507/AUTH_d98f9ffaeb7346169078ece01c85312d/gnocchi.83b56b9b-ca98-4b4c-ac4b-8c3cfc996897/1764720000.0_rate%3Amean_300.0_v3" 201 - "PUT http://172.18.0.163:8080/v1/AUTH_d98f9ffaeb7346169078ece01c85312d/gnocchi.83b56b9b-ca98-4b4c-ac4b-8c3cfc996897/1764720000.0_rate%3Amean_300.0_v3" "txdea35b451d074ec18e3d1-0069329adf" "proxy-server 20" 0.0111 "-" 22 0
Dec 5 08:42:07 np0005546416 container-server[120040]: 172.20.0.104 - - [05/Dec/2025:08:42:07 +0000] "PUT /d1/127/AUTH_d98f9ffaeb7346169078ece01c85312d/gnocchi.a19fafa9-2a6b-4c42-b73e-fd555a398fbb/1764720000.0_rate%3Amean_300.0_v3" 201 - "PUT http://172.18.0.163:8080/d1/314/AUTH_d98f9ffaeb7346169078ece01c85312d/gnocchi.a19fafa9-2a6b-4c42-b73e-fd555a398fbb/1764720000.0_rate%3Amean_300.0_v3" "txa2e2a5c3d20d445db17eb-0069329adf" "object-server 25" 0.0007 "-" 20 0
Dec 5 08:42:07 np0005546416 object-server[120388]: 172.20.0.103 - - [05/Dec/2025:08:42:07 +0000] "PUT /d1/314/AUTH_d98f9ffaeb7346169078ece01c85312d/gnocchi.a19fafa9-2a6b-4c42-b73e-fd555a398fbb/1764720000.0_rate%3Amean_300.0_v3" 201 - "PUT http://172.18.0.163:8080/v1/AUTH_d98f9ffaeb7346169078ece01c85312d/gnocchi.a19fafa9-2a6b-4c42-b73e-fd555a398fbb/1764720000.0_rate%3Amean_300.0_v3" "txa2e2a5c3d20d445db17eb-0069329adf" "proxy-server 20" 0.0114 "-" 25 0
Dec 5 08:42:07 np0005546416 container-server[120040]: 172.20.0.104 - - [05/Dec/2025:08:42:07 +0000] "HEAD /d1/879/AUTH_d98f9ffaeb7346169078ece01c85312d/gnocchi.b278152e-ba6e-449c-a315-15cb189f344d" 204 - "HEAD http://172.18.0.163:8080/v1/AUTH_d98f9ffaeb7346169078ece01c85312d/gnocchi.b278152e-ba6e-449c-a315-15cb189f344d?format=json&states=listing" "tx824cd00ce6fd4338aa77d-0069329adf" "proxy-server 20" 0.0022 "-" 20 0
Dec 5 08:42:07 np0005546416 container-server[120060]: 172.20.0.103 - - [05/Dec/2025:08:42:07 +0000] "PUT /d1/885/AUTH_d98f9ffaeb7346169078ece01c85312d/gnocchi.83b56b9b-ca98-4b4c-ac4b-8c3cfc996897/1764720000.0_rate%3Amean_300.0_v3" 201 - "PUT http://172.18.0.163:8080/d1/507/AUTH_d98f9ffaeb7346169078ece01c85312d/gnocchi.83b56b9b-ca98-4b4c-ac4b-8c3cfc996897/1764720000.0_rate%3Amean_300.0_v3" "txdea35b451d074ec18e3d1-0069329adf" "object-server 25" 0.0010 "-" 23 0
Dec 5 08:42:07 np0005546416 proxy-server[121677]: 172.18.0.163 172.18.0.104 05/Dec/2025/08/42/07 GET /v1/AUTH_d98f9ffaeb7346169078ece01c85312d/gnocchi.b278152e-ba6e-449c-a315-15cb189f344d/none_v3 HTTP/1.0 200 - python-swiftclient-3.11.1 gAAAAABpMplca2FU... - 22 - tx824cd00ce6fd4338aa77d-0069329adf - 0.0151 - - 1764924127.786239386 1764924127.801375389 0
Dec 5 08:42:07 np0005546416 container-server[120060]: 172.20.0.104 - - [05/Dec/2025:08:42:07 +0000] "GET /d1/879/AUTH_d98f9ffaeb7346169078ece01c85312d/gnocchi.b278152e-ba6e-449c-a315-15cb189f344d" 200 357 "GET http://172.18.0.163:8080/v1/AUTH_d98f9ffaeb7346169078ece01c85312d/gnocchi.b278152e-ba6e-449c-a315-15cb189f344d?format=json&states=listing" "tx30f960a7a205447fb6a32-0069329adf" "proxy-server 20" 0.0044 "-" 23 0
Dec 5 08:42:07 np0005546416 proxy-server[121677]: 172.18.0.163 172.18.0.104 05/Dec/2025/08/42/07 GET /v1/AUTH_d98f9ffaeb7346169078ece01c85312d/gnocchi.b278152e-ba6e-449c-a315-15cb189f344d%3Fformat%3Djson%26states%3Dlisting HTTP/1.0 200 - python-swiftclient-3.11.1 gAAAAABpMplca2FU... - 357 - tx30f960a7a205447fb6a32-0069329adf - 0.0107 - - 1764924127.804480314 1764924127.815185070 0
Dec 5 08:42:07 np0005546416 object-server[120388]: 172.20.0.103 - - [05/Dec/2025:08:42:07 +0000] "PUT /d1/80/AUTH_d98f9ffaeb7346169078ece01c85312d/gnocchi.a19fafa9-2a6b-4c42-b73e-fd555a398fbb/none_v3" 201 - "PUT http://172.18.0.163:8080/v1/AUTH_d98f9ffaeb7346169078ece01c85312d/gnocchi.a19fafa9-2a6b-4c42-b73e-fd555a398fbb/none_v3" "tx59e5df56006e478f88a05-0069329adf" "proxy-server 20" 0.0099 "-" 25 0
Dec 5 08:42:07 np0005546416 container-server[120048]: 172.20.0.103 - - [05/Dec/2025:08:42:07 +0000] "PUT /d1/127/AUTH_d98f9ffaeb7346169078ece01c85312d/gnocchi.a19fafa9-2a6b-4c42-b73e-fd555a398fbb/none_v3" 201 - "PUT http://172.18.0.163:8080/d1/80/AUTH_d98f9ffaeb7346169078ece01c85312d/gnocchi.a19fafa9-2a6b-4c42-b73e-fd555a398fbb/none_v3" "tx59e5df56006e478f88a05-0069329adf" "object-server 23" 0.0010 "-" 21 0
Dec 5 08:42:07 np0005546416 container-server[120060]: 172.20.0.104 - - [05/Dec/2025:08:42:07 +0000] "GET /d1/879/AUTH_d98f9ffaeb7346169078ece01c85312d/gnocchi.b278152e-ba6e-449c-a315-15cb189f344d" 200 2 "GET http://172.18.0.163:8080/v1/AUTH_d98f9ffaeb7346169078ece01c85312d/gnocchi.b278152e-ba6e-449c-a315-15cb189f344d?format=json&marker=none_v3&states=listing" "tx6453aae05e994099b7d65-0069329adf" "proxy-server 20" 0.0037 "-" 23 0
Dec 5 08:42:07 np0005546416 proxy-server[121677]: 172.18.0.163 172.18.0.104 05/Dec/2025/08/42/07 GET /v1/AUTH_d98f9ffaeb7346169078ece01c85312d/gnocchi.b278152e-ba6e-449c-a315-15cb189f344d%3Fformat%3Djson%26marker%3Dnone_v3%26states%3Dlisting HTTP/1.0 200 - python-swiftclient-3.11.1 gAAAAABpMplca2FU... - 2 - tx6453aae05e994099b7d65-0069329adf - 0.0103 - - 1764924127.818210125 1764924127.828527212 0
Dec 5 08:42:07 np0005546416 container-server[120060]: 172.20.0.105 - - [05/Dec/2025:08:42:07 +0000] "PUT /d1/671/AUTH_d98f9ffaeb7346169078ece01c85312d/gnocchi.3c4ed3b2-b76b-4d09-b40d-538175256497/none_v3" 201 - "PUT http://172.18.0.163:8080/d1/379/AUTH_d98f9ffaeb7346169078ece01c85312d/gnocchi.3c4ed3b2-b76b-4d09-b40d-538175256497/none_v3" "tx706bda016d9f4b7589cc8-0069329adf" "object-server 25" 0.0007 "-" 23 0
Dec 5 08:42:07 np0005546416 object-server[120386]: 172.20.0.105 - - [05/Dec/2025:08:42:07 +0000] "PUT /d1/379/AUTH_d98f9ffaeb7346169078ece01c85312d/gnocchi.3c4ed3b2-b76b-4d09-b40d-538175256497/none_v3" 201 - "PUT http://172.18.0.163:8080/v1/AUTH_d98f9ffaeb7346169078ece01c85312d/gnocchi.3c4ed3b2-b76b-4d09-b40d-538175256497/none_v3" "tx706bda016d9f4b7589cc8-0069329adf" "proxy-server 20" 0.0190 "-" 24 0
Dec 5 08:42:07 np0005546416 container-server[120048]: 172.20.0.105 - - [05/Dec/2025:08:42:07 +0000] "PUT /d1/885/AUTH_d98f9ffaeb7346169078ece01c85312d/gnocchi.83b56b9b-ca98-4b4c-ac4b-8c3cfc996897/none_v3" 201 - "PUT http://172.18.0.163:8080/d1/613/AUTH_d98f9ffaeb7346169078ece01c85312d/gnocchi.83b56b9b-ca98-4b4c-ac4b-8c3cfc996897/none_v3" "txe65995cb35ea4432849c1-0069329adf" "object-server 23" 0.0011 "-" 21 0
Dec 5 08:42:07 np0005546416 object-server[120386]: 172.20.0.104 - - [05/Dec/2025:08:42:07 +0000] "PUT /d1/613/AUTH_d98f9ffaeb7346169078ece01c85312d/gnocchi.83b56b9b-ca98-4b4c-ac4b-8c3cfc996897/none_v3" 201 - "PUT http://172.18.0.163:8080/v1/AUTH_d98f9ffaeb7346169078ece01c85312d/gnocchi.83b56b9b-ca98-4b4c-ac4b-8c3cfc996897/none_v3" "txe65995cb35ea4432849c1-0069329adf" "proxy-server 20" 0.0210 "-" 24 0
Dec 5 08:42:07 np0005546416 proxy-server[121677]: 172.18.0.103 172.18.0.104 05/Dec/2025/08/42/07 PUT /v1/AUTH_d98f9ffaeb7346169078ece01c85312d/gnocchi.83b56b9b-ca98-4b4c-ac4b-8c3cfc996897/none_v3 HTTP/1.0 201 - python-swiftclient-3.11.1 gAAAAABpMpkVTcQj... 33 - - txe65995cb35ea4432849c1-0069329adf - 0.0279 - - 1764924127.850005865 1764924127.877929926 0
Dec 5 08:42:07 np0005546416 object-server[120382]: 172.20.0.103 - - [05/Dec/2025:08:42:07 +0000] "PUT /d1/995/AUTH_d98f9ffaeb7346169078ece01c85312d/gnocchi.b278152e-ba6e-449c-a315-15cb189f344d/1764720000.0_mean_300.0_v3" 201 - "PUT http://172.18.0.163:8080/v1/AUTH_d98f9ffaeb7346169078ece01c85312d/gnocchi.b278152e-ba6e-449c-a315-15cb189f344d/1764720000.0_mean_300.0_v3" "tx4201de62a6fb44b7b800c-0069329adf" "proxy-server 20" 0.0121 "-" 22 0
Dec 5 08:42:07 np0005546416 container-server[120040]: 172.20.0.103 - - [05/Dec/2025:08:42:07 +0000] "PUT /d1/879/AUTH_d98f9ffaeb7346169078ece01c85312d/gnocchi.b278152e-ba6e-449c-a315-15cb189f344d/1764720000.0_mean_300.0_v3" 201 - "PUT http://172.18.0.163:8080/d1/995/AUTH_d98f9ffaeb7346169078ece01c85312d/gnocchi.b278152e-ba6e-449c-a315-15cb189f344d/1764720000.0_mean_300.0_v3" "tx4201de62a6fb44b7b800c-0069329adf" "object-server 25" 0.0009 "-" 20 0
Dec 5 08:42:07 np0005546416 object-server[120388]: 172.20.0.104 - - [05/Dec/2025:08:42:07 +0000] "PUT /d1/737/AUTH_d98f9ffaeb7346169078ece01c85312d/gnocchi.b278152e-ba6e-449c-a315-15cb189f344d/none_v3" 201 - "PUT http://172.18.0.163:8080/v1/AUTH_d98f9ffaeb7346169078ece01c85312d/gnocchi.b278152e-ba6e-449c-a315-15cb189f344d/none_v3" "txf4931c8ac9b6443f80e1f-0069329adf" "proxy-server 20" 0.0138 "-" 25 0
Dec 5 08:42:07 np0005546416 container-server[120060]: 172.20.0.105 - - [05/Dec/2025:08:42:07 +0000] "PUT /d1/879/AUTH_d98f9ffaeb7346169078ece01c85312d/gnocchi.b278152e-ba6e-449c-a315-15cb189f344d/none_v3" 201 - "PUT http://172.18.0.163:8080/d1/737/AUTH_d98f9ffaeb7346169078ece01c85312d/gnocchi.b278152e-ba6e-449c-a315-15cb189f344d/none_v3" "txf4931c8ac9b6443f80e1f-0069329adf" "object-server 19" 0.0011 "-" 23 0
Dec 5 08:42:07 np0005546416 proxy-server[121677]: 172.18.0.163 172.18.0.104 05/Dec/2025/08/42/07 PUT /v1/AUTH_d98f9ffaeb7346169078ece01c85312d/gnocchi.b278152e-ba6e-449c-a315-15cb189f344d/none_v3 HTTP/1.0 201 - python-swiftclient-3.11.1 gAAAAABpMplca2FU... 22 - - txf4931c8ac9b6443f80e1f-0069329adf - 0.0278 - - 1764924127.891923428 1764924127.919748545 0
Dec 5 08:42:07 np0005546416 container-server[120040]: 172.20.0.104 - - [05/Dec/2025:08:42:07 +0000] "PUT /d1/247/AUTH_d98f9ffaeb7346169078ece01c85312d/gnocchi.554cfbe3-aa6a-4f22-b571-354575ea5ef4/1764720000.0_mean_300.0_v3" 201 - "PUT http://172.18.0.163:8080/d1/490/AUTH_d98f9ffaeb7346169078ece01c85312d/gnocchi.554cfbe3-aa6a-4f22-b571-354575ea5ef4/1764720000.0_mean_300.0_v3" "txed40ee9395a34a00ae6ef-0069329adf" "object-server 25" 0.0008 "-" 20 0
Dec 5 08:42:07 np0005546416 object-server[120388]: 172.20.0.104 - - [05/Dec/2025:08:42:07 +0000] "PUT /d1/490/AUTH_d98f9ffaeb7346169078ece01c85312d/gnocchi.554cfbe3-aa6a-4f22-b571-354575ea5ef4/1764720000.0_mean_300.0_v3" 201 - "PUT http://172.18.0.163:8080/v1/AUTH_d98f9ffaeb7346169078ece01c85312d/gnocchi.554cfbe3-aa6a-4f22-b571-354575ea5ef4/1764720000.0_mean_300.0_v3" "txed40ee9395a34a00ae6ef-0069329adf" "proxy-server 20" 0.0113 "-" 25 0
Dec 5 08:42:07 np0005546416 proxy-server[121677]: 172.18.0.105 172.18.0.104 05/Dec/2025/08/42/07 PUT /v1/AUTH_d98f9ffaeb7346169078ece01c85312d/gnocchi.554cfbe3-aa6a-4f22-b571-354575ea5ef4/1764720000.0_mean_300.0_v3 HTTP/1.0 201 - python-swiftclient-3.11.1 gAAAAABpMpk08Sto... 24 - - txed40ee9395a34a00ae6ef-0069329adf - 0.0222 - - 1764924127.944235325 1764924127.966441631 0
Dec 5 08:42:07 np0005546416 container-server[120060]: 172.20.0.105 - - [05/Dec/2025:08:42:07 +0000] "PUT /d1/247/AUTH_d98f9ffaeb7346169078ece01c85312d/gnocchi.554cfbe3-aa6a-4f22-b571-354575ea5ef4/1764720000.0_rate%3Amean_300.0_v3" 201 - "PUT http://172.18.0.163:8080/d1/766/AUTH_d98f9ffaeb7346169078ece01c85312d/gnocchi.554cfbe3-aa6a-4f22-b571-354575ea5ef4/1764720000.0_rate%3Amean_300.0_v3" "tx4df86c9ad6894d318e199-0069329adf" "object-server 25" 0.0008 "-" 23 0
Dec 5 08:42:07 np0005546416 object-server[120382]: 172.20.0.105 - - [05/Dec/2025:08:42:07 +0000] "PUT /d1/766/AUTH_d98f9ffaeb7346169078ece01c85312d/gnocchi.554cfbe3-aa6a-4f22-b571-354575ea5ef4/1764720000.0_rate%3Amean_300.0_v3" 201 - "PUT http://172.18.0.163:8080/v1/AUTH_d98f9ffaeb7346169078ece01c85312d/gnocchi.554cfbe3-aa6a-4f22-b571-354575ea5ef4/1764720000.0_rate%3Amean_300.0_v3" "tx4df86c9ad6894d318e199-0069329adf" "proxy-server 20" 0.0110 "-" 22 0
Dec 5 08:42:08 np0005546416 object-server[120382]: 172.20.0.103 - - [05/Dec/2025:08:42:08 +0000] "PUT /d1/69/AUTH_d98f9ffaeb7346169078ece01c85312d/gnocchi.554cfbe3-aa6a-4f22-b571-354575ea5ef4/none_v3" 201 - "PUT http://172.18.0.163:8080/v1/AUTH_d98f9ffaeb7346169078ece01c85312d/gnocchi.554cfbe3-aa6a-4f22-b571-354575ea5ef4/none_v3" "tx81d9a9362d9343699558f-0069329adf" "proxy-server 20" 0.0093 "-" 22 0
Dec 5 08:42:08 np0005546416 container-server[120048]: 172.20.0.105 - - [05/Dec/2025:08:42:08 +0000] "PUT /d1/247/AUTH_d98f9ffaeb7346169078ece01c85312d/gnocchi.554cfbe3-aa6a-4f22-b571-354575ea5ef4/none_v3" 201 - "PUT http://172.18.0.163:8080/d1/69/AUTH_d98f9ffaeb7346169078ece01c85312d/gnocchi.554cfbe3-aa6a-4f22-b571-354575ea5ef4/none_v3" "tx81d9a9362d9343699558f-0069329adf" "object-server 23" 0.0007 "-" 21 0
Dec 5 08:42:08 np0005546416 account-server[119463]: Beginning replication run
Dec 5 08:42:08 np0005546416 account-server[119463]: Replication run OVER
Dec 5 08:42:08 np0005546416 account-server[119463]: Attempted to replicate 1 dbs in 0.01724 seconds (58.00254/s)
Dec 5 08:42:08 np0005546416 account-server[119463]: Removed 0 dbs
Dec 5 08:42:08 np0005546416 account-server[119463]: 2 successes, 0 failures
Dec 5 08:42:08 np0005546416 account-server[119463]: diff:0 diff_capped:0 empty:0 hashmatch:0 no_change:2 remote_merge:0 rsync:0 ts_repl:0
Dec 5 08:42:09 np0005546416 container-server[119604]: Beginning replication run
Dec 5 08:42:10 np0005546416 container-server[119604]: Replication run OVER
Dec 5 08:42:10 np0005546416 container-server[119604]: Attempted to replicate 22 dbs in 0.68833 seconds (31.96158/s)
Dec 5 08:42:10 np0005546416 container-server[119604]: Removed 0 dbs
Dec 5 08:42:10 np0005546416 container-server[119604]: 44 successes, 0 failures
Dec 5 08:42:10 np0005546416 container-server[119604]: diff:0 diff_capped:0 empty:0 hashmatch:0 no_change:44 remote_merge:0 rsync:0 ts_repl:0
Dec 5 08:42:10 np0005546416 object-server[120117]: Starting object replication pass.
Dec 5 08:42:11 np0005546416 object-server[120117]: 57/57 (100.00%) partitions replicated in 0.51s (111.84/sec, 0s remaining)
Dec 5 08:42:11 np0005546416 object-server[120117]: 114 successes, 0 failures
Dec 5 08:42:11 np0005546416 object-server[120117]: 57 suffixes checked - 0.00% hashed, 0.00% synced
Dec 5 08:42:11 np0005546416 object-server[120117]: Partition times: max 0.0129s, min 0.0057s, med 0.0081s
Dec 5 08:42:11 np0005546416 object-server[120117]: Object replication complete. (0.01 minutes)
Dec 5 08:42:18 np0005546416 object-server[246242]: Begin object audit "forever" mode (ZBF)
Dec 5 08:42:18 np0005546416 object-server[246242]: Object audit (ZBF). Since Fri Dec 5 08:42:18 2025: Locally: 1 passed, 0 quarantined, 0 errors, files/sec: 540.92, bytes/sec: 0.00, Total time: 0.00, Auditing time: 0.00, Rate: 0.00
Dec 5 08:42:19 np0005546416 object-server[246242]: Object audit (ZBF) "forever" mode completed: 1.12s. Total quarantined: 0, Total errors: 0, Total files/sec: 50.77, Total bytes/sec: 0.00, Auditing time: 1.11, Rate: 0.99
Dec 5 08:42:25 np0005546416 account-server[119962]: 172.20.0.105 - - [05/Dec/2025:08:42:25 +0000] "HEAD /d1/179/.expiring_objects" 404 - "HEAD http://localhost/v1/.expiring_objects?format=json" "txa156428722ab49cfa152a-0069329af1" "proxy-server 2" 0.0007 "-" 22 -
Dec 5 08:42:38 np0005546416 account-server[119463]: Beginning replication run
Dec 5 08:42:38 np0005546416 account-server[119463]: Replication run OVER
Dec 5 08:42:38 np0005546416 account-server[119463]: Attempted to replicate 1 dbs in 0.02873 seconds (34.80565/s)
Dec 5 08:42:38 np0005546416 account-server[119463]: Removed 0 dbs
Dec 5 08:42:38 np0005546416 account-server[119463]: 2 successes, 0 failures
Dec 5 08:42:38 np0005546416 account-server[119463]: diff:0 diff_capped:0 empty:0 hashmatch:0 no_change:2 remote_merge:0 rsync:0 ts_repl:0
Dec 5 08:42:39 np0005546416 container-server[119604]: Beginning replication run
Dec 5 08:42:39 np0005546416 container-server[119604]: Replication run OVER
Dec 5 08:42:39 np0005546416 container-server[119604]: Attempted to replicate 22 dbs in 0.43405 seconds (50.68485/s)
Dec 5 08:42:39 np0005546416 container-server[119604]: Removed 0 dbs
Dec 5 08:42:39 np0005546416 container-server[119604]: 44 successes, 0 failures
Dec 5 08:42:39 np0005546416 container-server[119604]: diff:0 diff_capped:0 empty:0 hashmatch:0 no_change:44 remote_merge:0 rsync:0 ts_repl:0
Dec 5 08:42:41 np0005546416 object-server[120117]: Starting object replication pass.
Dec 5 08:42:41 np0005546416 object-server[120117]: 57/57 (100.00%) partitions replicated in 0.52s (110.56/sec, 0s remaining)
Dec 5 08:42:41 np0005546416 object-server[120117]: 114 successes, 0 failures
Dec 5 08:42:41 np0005546416 object-server[120117]: 57 suffixes checked - 0.00% hashed, 0.00% synced
Dec 5 08:42:41 np0005546416 object-server[120117]: Partition times: max 0.0162s, min 0.0052s, med 0.0080s
Dec 5 08:42:41 np0005546416 object-server[120117]: Object replication complete. (0.01 minutes)
Dec 5 08:42:49 np0005546416 object-server[252342]: Begin object audit "forever" mode (ALL)
Dec 5 08:42:49 np0005546416 object-server[252341]: Begin object audit "forever" mode (ZBF)
Dec 5 08:42:49 np0005546416 object-server[252341]: Object audit (ZBF). Since Fri Dec 5 08:42:49 2025: Locally: 1 passed, 0 quarantined, 0 errors, files/sec: 687.37, bytes/sec: 0.00, Total time: 0.00, Auditing time: 0.00, Rate: 0.00
