Dec 5 08:37:06 np0005546416 object-server[120386]: 172.20.0.103 - - [05/Dec/2025:08:37:06 +0000] "GET /d1/69/AUTH_d98f9ffaeb7346169078ece01c85312d/gnocchi.554cfbe3-aa6a-4f22-b571-354575ea5ef4/none_v3" 404 70 "GET http://172.18.0.163:8080/v1/AUTH_d98f9ffaeb7346169078ece01c85312d/gnocchi.554cfbe3-aa6a-4f22-b571-354575ea5ef4/none_v3" "txc2e030aa59f545a0ab7b7-00693299b2" "proxy-server 20" 0.0006 "-" 24 0
Dec 5 08:37:06 np0005546416 container-server[120048]: 172.20.0.105 - - [05/Dec/2025:08:37:06 +0000] "HEAD /d1/671/AUTH_d98f9ffaeb7346169078ece01c85312d/gnocchi.3c4ed3b2-b76b-4d09-b40d-538175256497" 204 - "HEAD http://172.18.0.163:8080/v1/AUTH_d98f9ffaeb7346169078ece01c85312d/gnocchi.3c4ed3b2-b76b-4d09-b40d-538175256497?format=json&states=listing" "txc75e4d3675c04c8880de9-00693299b2" "proxy-server 20" 0.0027 "-" 21 0
Dec 5 08:37:06 np0005546416 container-server[120060]: 172.20.0.104 - - [05/Dec/2025:08:37:06 +0000] "HEAD /d1/703/AUTH_d98f9ffaeb7346169078ece01c85312d/gnocchi.5038b630-5c6d-422c-a122-05409f997a52" 404 - "HEAD http://172.18.0.163:8080/v1/AUTH_d98f9ffaeb7346169078ece01c85312d/gnocchi.5038b630-5c6d-422c-a122-05409f997a52?format=json&states=listing" "tx8140c717833146ccb4858-00693299b2" "proxy-server 20" 0.0004 "-" 23 0
Dec 5 08:37:06 np0005546416 object-server[120386]: 172.20.0.104 - - [05/Dec/2025:08:37:06 +0000] "GET /d1/107/AUTH_d98f9ffaeb7346169078ece01c85312d/gnocchi.5038b630-5c6d-422c-a122-05409f997a52/none_v3" 404 70 "GET http://172.18.0.163:8080/v1/AUTH_d98f9ffaeb7346169078ece01c85312d/gnocchi.5038b630-5c6d-422c-a122-05409f997a52/none_v3" "tx8140c717833146ccb4858-00693299b2" "proxy-server 20" 0.0006 "-" 24 0
Dec 5 08:37:06 np0005546416 account-server[119938]: 172.20.0.105 - - [05/Dec/2025:08:37:06 +0000] "PUT /d1/390/AUTH_d98f9ffaeb7346169078ece01c85312d/gnocchi.554cfbe3-aa6a-4f22-b571-354575ea5ef4" 201 - "PUT http://172.20.0.105:6001/d1/247/AUTH_d98f9ffaeb7346169078ece01c85312d/gnocchi.554cfbe3-aa6a-4f22-b571-354575ea5ef4" "tx9197445dd3484fcc86a51-00693299b2" "container-server 20" 0.0060 "-" 20 0
Dec 5 08:37:06 np0005546416 container-server[120048]: 172.20.0.105 - - [05/Dec/2025:08:37:06 +0000] "HEAD /d1/885/AUTH_d98f9ffaeb7346169078ece01c85312d/gnocchi.83b56b9b-ca98-4b4c-ac4b-8c3cfc996897" 204 - "HEAD http://172.18.0.163:8080/v1/AUTH_d98f9ffaeb7346169078ece01c85312d/gnocchi.83b56b9b-ca98-4b4c-ac4b-8c3cfc996897?format=json&states=listing" "txcef982f73b2248e884398-00693299b2" "proxy-server 20" 0.0023 "-" 21 0
Dec 5 08:37:06 np0005546416 proxy-server[121677]: 172.18.0.103 172.18.0.104 05/Dec/2025/08/37/06 GET /v1/AUTH_d98f9ffaeb7346169078ece01c85312d/gnocchi.5038b630-5c6d-422c-a122-05409f997a52/none_v3 HTTP/1.0 404 - python-swiftclient-3.11.1 gAAAAABpMpkVTcQj... - 70 - tx8140c717833146ccb4858-00693299b2 - 0.0326 - - 1764923826.830704927 1764923826.863291979 0
Dec 5 08:37:06 np0005546416 container-server[120048]: 172.20.0.103 - - [05/Dec/2025:08:37:06 +0000] "PUT /d1/247/AUTH_d98f9ffaeb7346169078ece01c85312d/gnocchi.554cfbe3-aa6a-4f22-b571-354575ea5ef4" 201 - "PUT http://172.18.0.163:8080/v1/AUTH_d98f9ffaeb7346169078ece01c85312d/gnocchi.554cfbe3-aa6a-4f22-b571-354575ea5ef4" "tx9197445dd3484fcc86a51-00693299b2" "proxy-server 20" 0.0207 "-" 21 0
Dec 5 08:37:06 np0005546416 container-server[120040]: 172.20.0.105 - - [05/Dec/2025:08:37:06 +0000] "GET /d1/885/AUTH_d98f9ffaeb7346169078ece01c85312d/gnocchi.83b56b9b-ca98-4b4c-ac4b-8c3cfc996897" 200 2 "GET http://172.18.0.163:8080/v1/AUTH_d98f9ffaeb7346169078ece01c85312d/gnocchi.83b56b9b-ca98-4b4c-ac4b-8c3cfc996897?format=json&states=listing" "txcef982f73b2248e884398-00693299b2" "proxy-server 20" 0.0043 "-" 20 0
Dec 5 08:37:06 np0005546416 object-server[120386]: 172.20.0.105 - - [05/Dec/2025:08:37:06 +0000] "GET /d1/226/AUTH_d98f9ffaeb7346169078ece01c85312d/gnocchi.3c4ed3b2-b76b-4d09-b40d-538175256497/1764720000.0_mean_300.0_v3" 404 70 "GET http://172.18.0.163:8080/v1/AUTH_d98f9ffaeb7346169078ece01c85312d/gnocchi.3c4ed3b2-b76b-4d09-b40d-538175256497/1764720000.0_mean_300.0_v3" "txa7690460514b4dd59dab4-00693299b2" "proxy-server 20" 0.0018 "-" 24 0
Dec 5 08:37:06 np0005546416 account-server[119938]: 172.20.0.103 - - [05/Dec/2025:08:37:06 +0000] "PUT /d1/390/AUTH_d98f9ffaeb7346169078ece01c85312d/gnocchi.5038b630-5c6d-422c-a122-05409f997a52" 201 - "PUT http://172.20.0.103:6001/d1/703/AUTH_d98f9ffaeb7346169078ece01c85312d/gnocchi.5038b630-5c6d-422c-a122-05409f997a52" "tx2b9cd95cd4ac466e978b9-00693299b2" "container-server 14" 0.0059 "-" 20 0
Dec 5 08:37:06 np0005546416 container-server[120032]: 172.20.0.104 - - [05/Dec/2025:08:37:06 +0000] "PUT /d1/703/AUTH_d98f9ffaeb7346169078ece01c85312d/gnocchi.5038b630-5c6d-422c-a122-05409f997a52" 201 - "PUT http://172.18.0.163:8080/v1/AUTH_d98f9ffaeb7346169078ece01c85312d/gnocchi.5038b630-5c6d-422c-a122-05409f997a52" "tx2b9cd95cd4ac466e978b9-00693299b2" "proxy-server 20" 0.0221 "-" 19 0
Dec 5 08:37:06 np0005546416 proxy-server[121677]: 172.18.0.103 172.18.0.104 05/Dec/2025/08/37/06 PUT /v1/AUTH_d98f9ffaeb7346169078ece01c85312d/gnocchi.5038b630-5c6d-422c-a122-05409f997a52 HTTP/1.0 201 - python-swiftclient-3.11.1 gAAAAABpMpkVTcQj... - - - tx2b9cd95cd4ac466e978b9-00693299b2 - 0.0334 - - 1764923826.868046045 1764923826.901414871 0
Dec 5 08:37:06 np0005546416 object-server[120385]: 172.20.0.103 - - [05/Dec/2025:08:37:06 +0000] "GET /d1/490/AUTH_d98f9ffaeb7346169078ece01c85312d/gnocchi.554cfbe3-aa6a-4f22-b571-354575ea5ef4/1764720000.0_mean_300.0_v3" 404 70 "GET http://172.18.0.163:8080/v1/AUTH_d98f9ffaeb7346169078ece01c85312d/gnocchi.554cfbe3-aa6a-4f22-b571-354575ea5ef4/1764720000.0_mean_300.0_v3" "tx2c3e3d0905cc498389536-00693299b2" "proxy-server 20" 0.0007 "-" 23 0
Dec 5 08:37:06 np0005546416 proxy-server[121677]: - - 05/Dec/2025/08/37/06 HEAD /v1/AUTH_d98f9ffaeb7346169078ece01c85312d/gnocchi.5038b630-5c6d-422c-a122-05409f997a52%3Fformat%3Djson%26states%3Dlisting HTTP/1.0 204 - Swift - - - - tx163554505cb94eeca7b5d-00693299b2 - 0.0084 RL - 1764923826.909741879 1764923826.918134451 0
Dec 5 08:37:06 np0005546416 object-server[120388]: 172.20.0.105 - - [05/Dec/2025:08:37:06 +0000] "GET /d1/251/AUTH_d98f9ffaeb7346169078ece01c85312d/gnocchi.83b56b9b-ca98-4b4c-ac4b-8c3cfc996897/1764720000.0_mean_300.0_v3" 404 70 "GET http://172.18.0.163:8080/v1/AUTH_d98f9ffaeb7346169078ece01c85312d/gnocchi.83b56b9b-ca98-4b4c-ac4b-8c3cfc996897/1764720000.0_mean_300.0_v3" "txa3f57ed9f9dd443489b2f-00693299b2" "proxy-server 20" 0.0007 "-" 25 0
Dec 5 08:37:06 np0005546416 proxy-server[121677]: 172.18.0.103 172.18.0.104 05/Dec/2025/08/37/06 GET /v1/AUTH_d98f9ffaeb7346169078ece01c85312d/gnocchi.5038b630-5c6d-422c-a122-05409f997a52%3Fformat%3Djson%26states%3Dlisting HTTP/1.0 200 - python-swiftclient-3.11.1 gAAAAABpMpkVTcQj... - 2 - tx163554505cb94eeca7b5d-00693299b2 - 0.0257 - - 1764923826.907279015 1764923826.932954073 0
Dec 5 08:37:06 np0005546416 container-server[120060]: 172.20.0.104 - - [05/Dec/2025:08:37:06 +0000] "PUT /d1/247/AUTH_d98f9ffaeb7346169078ece01c85312d/gnocchi.554cfbe3-aa6a-4f22-b571-354575ea5ef4/1764720000.0_mean_300.0_v3" 201 - "PUT http://172.18.0.163:8080/d1/490/AUTH_d98f9ffaeb7346169078ece01c85312d/gnocchi.554cfbe3-aa6a-4f22-b571-354575ea5ef4/1764720000.0_mean_300.0_v3" "tx8da490afd6a8489b807c6-00693299b2" "object-server 23" 0.0007 "-" 23 0
Dec 5 08:37:06 np0005546416 object-server[120385]: 172.20.0.103 - - [05/Dec/2025:08:37:06 +0000] "PUT /d1/490/AUTH_d98f9ffaeb7346169078ece01c85312d/gnocchi.554cfbe3-aa6a-4f22-b571-354575ea5ef4/1764720000.0_mean_300.0_v3" 201 - "PUT http://172.18.0.163:8080/v1/AUTH_d98f9ffaeb7346169078ece01c85312d/gnocchi.554cfbe3-aa6a-4f22-b571-354575ea5ef4/1764720000.0_mean_300.0_v3" "tx8da490afd6a8489b807c6-00693299b2" "proxy-server 20" 0.0115 "-" 23 0
Dec 5 08:37:06 np0005546416 object-server[120388]: 172.20.0.104 - - [05/Dec/2025:08:37:06 +0000] "GET /d1/173/AUTH_d98f9ffaeb7346169078ece01c85312d/gnocchi.5038b630-5c6d-422c-a122-05409f997a52/1764720000.0_mean_300.0_v3" 404 70 "GET http://172.18.0.163:8080/v1/AUTH_d98f9ffaeb7346169078ece01c85312d/gnocchi.5038b630-5c6d-422c-a122-05409f997a52/1764720000.0_mean_300.0_v3" "tx17c972f1333b484998dbd-00693299b2" "proxy-server 20" 0.0005 "-" 25 0
Dec 5 08:37:06 np0005546416 object-server[120388]: 172.20.0.105 - - [05/Dec/2025:08:37:06 +0000] "PUT /d1/226/AUTH_d98f9ffaeb7346169078ece01c85312d/gnocchi.3c4ed3b2-b76b-4d09-b40d-538175256497/1764720000.0_mean_300.0_v3" 201 - "PUT http://172.18.0.163:8080/v1/AUTH_d98f9ffaeb7346169078ece01c85312d/gnocchi.3c4ed3b2-b76b-4d09-b40d-538175256497/1764720000.0_mean_300.0_v3" "tx65bae12a56474d6babea4-00693299b2" "proxy-server 20" 0.0150 "-" 25 0
Dec 5 08:37:06 np0005546416 proxy-server[121677]: 172.18.0.103 172.18.0.104 05/Dec/2025/08/37/06 GET /v1/AUTH_d98f9ffaeb7346169078ece01c85312d/gnocchi.5038b630-5c6d-422c-a122-05409f997a52/1764720000.0_mean_300.0_v3 HTTP/1.0 404 - python-swiftclient-3.11.1 gAAAAABpMpkVTcQj... - 70 - tx17c972f1333b484998dbd-00693299b2 - 0.0183 - - 1764923826.939085007 1764923826.957407236 0
Dec 5 08:37:06 np0005546416 container-server[120048]: 172.20.0.105 - - [05/Dec/2025:08:37:06 +0000] "PUT /d1/671/AUTH_d98f9ffaeb7346169078ece01c85312d/gnocchi.3c4ed3b2-b76b-4d09-b40d-538175256497/1764720000.0_mean_300.0_v3" 201 - "PUT http://172.18.0.163:8080/d1/226/AUTH_d98f9ffaeb7346169078ece01c85312d/gnocchi.3c4ed3b2-b76b-4d09-b40d-538175256497/1764720000.0_mean_300.0_v3" "tx65bae12a56474d6babea4-00693299b2" "object-server 23" 0.0011 "-" 21 0
Dec 5 08:37:06 np0005546416 container-server[120060]: 172.20.0.103 - - [05/Dec/2025:08:37:06 +0000] "PUT /d1/247/AUTH_d98f9ffaeb7346169078ece01c85312d/gnocchi.554cfbe3-aa6a-4f22-b571-354575ea5ef4/none_v3" 201 - "PUT http://172.18.0.163:8080/d1/69/AUTH_d98f9ffaeb7346169078ece01c85312d/gnocchi.554cfbe3-aa6a-4f22-b571-354575ea5ef4/none_v3" "txb118ab7f78e24d9aa9faf-00693299b2" "object-server 23" 0.0007 "-" 23 0
Dec 5 08:37:06 np0005546416 object-server[120388]: 172.20.0.103 - - [05/Dec/2025:08:37:06 +0000] "PUT /d1/69/AUTH_d98f9ffaeb7346169078ece01c85312d/gnocchi.554cfbe3-aa6a-4f22-b571-354575ea5ef4/none_v3" 201 - "PUT http://172.18.0.163:8080/v1/AUTH_d98f9ffaeb7346169078ece01c85312d/gnocchi.554cfbe3-aa6a-4f22-b571-354575ea5ef4/none_v3" "txb118ab7f78e24d9aa9faf-00693299b2" "proxy-server 20" 0.0165 "-" 25 0
Dec 5 08:37:06 np0005546416 container-server[120060]: 172.20.0.104 - - [05/Dec/2025:08:37:06 +0000] "PUT /d1/703/AUTH_d98f9ffaeb7346169078ece01c85312d/gnocchi.5038b630-5c6d-422c-a122-05409f997a52/1764720000.0_mean_300.0_v3" 201 - "PUT http://172.18.0.163:8080/d1/173/AUTH_d98f9ffaeb7346169078ece01c85312d/gnocchi.5038b630-5c6d-422c-a122-05409f997a52/1764720000.0_mean_300.0_v3" "tx4a5c6e2d284d4b1cbc0c2-00693299b2" "object-server 22" 0.0006 "-" 23 0
Dec 5 08:37:06 np0005546416 container-server[120048]: 172.20.0.104 - - [05/Dec/2025:08:37:06 +0000] "PUT /d1/885/AUTH_d98f9ffaeb7346169078ece01c85312d/gnocchi.83b56b9b-ca98-4b4c-ac4b-8c3cfc996897/1764720000.0_mean_300.0_v3" 201 - "PUT http://172.18.0.163:8080/d1/251/AUTH_d98f9ffaeb7346169078ece01c85312d/gnocchi.83b56b9b-ca98-4b4c-ac4b-8c3cfc996897/1764720000.0_mean_300.0_v3" "tx0a4838faa58d4d84ad34a-00693299b2" "object-server 24" 0.0006 "-" 21 0
Dec 5 08:37:06 np0005546416 object-server[120382]: 172.20.0.104 - - [05/Dec/2025:08:37:06 +0000] "PUT /d1/173/AUTH_d98f9ffaeb7346169078ece01c85312d/gnocchi.5038b630-5c6d-422c-a122-05409f997a52/1764720000.0_mean_300.0_v3" 201 - "PUT http://172.18.0.163:8080/v1/AUTH_d98f9ffaeb7346169078ece01c85312d/gnocchi.5038b630-5c6d-422c-a122-05409f997a52/1764720000.0_mean_300.0_v3" "tx4a5c6e2d284d4b1cbc0c2-00693299b2" "proxy-server 20" 0.0099 "-" 22 0
Dec 5 08:37:06 np0005546416 object-server[120386]: 172.20.0.105 - - [05/Dec/2025:08:37:06 +0000] "PUT /d1/251/AUTH_d98f9ffaeb7346169078ece01c85312d/gnocchi.83b56b9b-ca98-4b4c-ac4b-8c3cfc996897/1764720000.0_mean_300.0_v3" 201 - "PUT http://172.18.0.163:8080/v1/AUTH_d98f9ffaeb7346169078ece01c85312d/gnocchi.83b56b9b-ca98-4b4c-ac4b-8c3cfc996897/1764720000.0_mean_300.0_v3" "tx0a4838faa58d4d84ad34a-00693299b2" "proxy-server 20" 0.0109 "-" 24 0
Dec 5 08:37:06 np0005546416 proxy-server[121677]: 172.18.0.103 172.18.0.104 05/Dec/2025/08/37/06 PUT /v1/AUTH_d98f9ffaeb7346169078ece01c85312d/gnocchi.5038b630-5c6d-422c-a122-05409f997a52/1764720000.0_mean_300.0_v3 HTTP/1.0 201 - python-swiftclient-3.11.1 gAAAAABpMpkVTcQj... 16 - - tx4a5c6e2d284d4b1cbc0c2-00693299b2 - 0.0300 - - 1764923826.963451147 1764923826.993426800 0
Dec 5 08:37:06 np0005546416 container-server[120060]: 172.20.0.103 - - [05/Dec/2025:08:37:06 +0000] "HEAD /d1/626/AUTH_d98f9ffaeb7346169078ece01c85312d/gnocchi.171fd2f3-3786-467d-aa4b-b092ae02b4ed" 404 - "HEAD http://172.18.0.163:8080/v1/AUTH_d98f9ffaeb7346169078ece01c85312d/gnocchi.171fd2f3-3786-467d-aa4b-b092ae02b4ed?format=json&states=listing" "tx085479456f9949a7bf38f-00693299b2" "proxy-server 20" 0.0003 "-" 23 0
Dec 5 08:37:07 np0005546416 container-server[120060]: 172.20.0.103 - - [05/Dec/2025:08:37:07 +0000] "PUT /d1/671/AUTH_d98f9ffaeb7346169078ece01c85312d/gnocchi.3c4ed3b2-b76b-4d09-b40d-538175256497/none_v3" 201 - "PUT http://172.18.0.163:8080/d1/379/AUTH_d98f9ffaeb7346169078ece01c85312d/gnocchi.3c4ed3b2-b76b-4d09-b40d-538175256497/none_v3" "txfe9a4da1aebd4b14872ff-00693299b2" "object-server 22" 0.0005 "-" 23 0
Dec 5 08:37:07 np0005546416 object-server[120382]: 172.20.0.103 - - [05/Dec/2025:08:37:07 +0000] "GET /d1/848/AUTH_d98f9ffaeb7346169078ece01c85312d/gnocchi.171fd2f3-3786-467d-aa4b-b092ae02b4ed/none_v3" 404 70 "GET http://172.18.0.163:8080/v1/AUTH_d98f9ffaeb7346169078ece01c85312d/gnocchi.171fd2f3-3786-467d-aa4b-b092ae02b4ed/none_v3" "tx085479456f9949a7bf38f-00693299b2" "proxy-server 20" 0.0005 "-" 22 0
Dec 5 08:37:07 np0005546416 object-server[120386]: 172.20.0.105 - - [05/Dec/2025:08:37:07 +0000] "PUT /d1/379/AUTH_d98f9ffaeb7346169078ece01c85312d/gnocchi.3c4ed3b2-b76b-4d09-b40d-538175256497/none_v3" 201 - "PUT http://172.18.0.163:8080/v1/AUTH_d98f9ffaeb7346169078ece01c85312d/gnocchi.3c4ed3b2-b76b-4d09-b40d-538175256497/none_v3" "txfe9a4da1aebd4b14872ff-00693299b2" "proxy-server 20" 0.0110 "-" 24 0
Dec 5 08:37:07 np0005546416 object-server[120117]: 22/22 (100.00%) partitions replicated in 0.36s (61.41/sec, 0s remaining)
Dec 5 08:37:07 np0005546416 object-server[120117]: 44 successes, 0 failures
Dec 5 08:37:07 np0005546416 object-server[120117]: 22 suffixes checked - 27.27% hashed, 0.00% synced
Dec 5 08:37:07 np0005546416 object-server[120117]: Partition times: max 0.0424s, min 0.0057s, med 0.0091s
Dec 5 08:37:07 np0005546416 object-server[120117]: Object replication complete. (0.01 minutes)
Dec 5 08:37:07 np0005546416 container-server[120048]: 172.20.0.103 - - [05/Dec/2025:08:37:07 +0000] "PUT /d1/703/AUTH_d98f9ffaeb7346169078ece01c85312d/gnocchi.5038b630-5c6d-422c-a122-05409f997a52/none_v3" 201 - "PUT http://172.18.0.163:8080/d1/107/AUTH_d98f9ffaeb7346169078ece01c85312d/gnocchi.5038b630-5c6d-422c-a122-05409f997a52/none_v3" "tx3713b0a3a74e4288977f6-00693299b2" "object-server 23" 0.0007 "-" 21 0
Dec 5 08:37:07 np0005546416 object-server[120382]: 172.20.0.104 - - [05/Dec/2025:08:37:07 +0000] "PUT /d1/107/AUTH_d98f9ffaeb7346169078ece01c85312d/gnocchi.5038b630-5c6d-422c-a122-05409f997a52/none_v3" 201 - "PUT http://172.18.0.163:8080/v1/AUTH_d98f9ffaeb7346169078ece01c85312d/gnocchi.5038b630-5c6d-422c-a122-05409f997a52/none_v3" "tx3713b0a3a74e4288977f6-00693299b2" "proxy-server 20" 0.0243 "-" 22 0
Dec 5 08:37:07 np0005546416 proxy-server[121677]: 172.18.0.103 172.18.0.104 05/Dec/2025/08/37/07 PUT /v1/AUTH_d98f9ffaeb7346169078ece01c85312d/gnocchi.5038b630-5c6d-422c-a122-05409f997a52/none_v3 HTTP/1.0 201 - python-swiftclient-3.11.1 gAAAAABpMpkVTcQj... 22 - - tx3713b0a3a74e4288977f6-00693299b2 - 0.0370 - - 1764923826.998040915 1764923827.035043240 0
Dec 5 08:37:07 np0005546416 account-server[119941]: 172.20.0.105 - - [05/Dec/2025:08:37:07 +0000] "PUT /d1/390/AUTH_d98f9ffaeb7346169078ece01c85312d/gnocchi.171fd2f3-3786-467d-aa4b-b092ae02b4ed" 201 - "PUT http://172.20.0.105:6001/d1/626/AUTH_d98f9ffaeb7346169078ece01c85312d/gnocchi.171fd2f3-3786-467d-aa4b-b092ae02b4ed" "tx5e7c1b6da93a41f3acc42-00693299b3" "container-server 21" 0.0071 "-" 21 0
Dec 5 08:37:07 np0005546416 container-server[120040]: 172.20.0.105 - - [05/Dec/2025:08:37:07 +0000] "PUT /d1/885/AUTH_d98f9ffaeb7346169078ece01c85312d/gnocchi.83b56b9b-ca98-4b4c-ac4b-8c3cfc996897/none_v3" 201 - "PUT http://172.18.0.163:8080/d1/613/AUTH_d98f9ffaeb7346169078ece01c85312d/gnocchi.83b56b9b-ca98-4b4c-ac4b-8c3cfc996897/none_v3" "tx981a45a1d30d44978ee8c-00693299b3" "object-server 22" 0.0007 "-" 20 0
Dec 5 08:37:07 np0005546416 object-server[120388]: 172.20.0.105 - - [05/Dec/2025:08:37:07 +0000] "PUT /d1/613/AUTH_d98f9ffaeb7346169078ece01c85312d/gnocchi.83b56b9b-ca98-4b4c-ac4b-8c3cfc996897/none_v3" 201 - "PUT http://172.18.0.163:8080/v1/AUTH_d98f9ffaeb7346169078ece01c85312d/gnocchi.83b56b9b-ca98-4b4c-ac4b-8c3cfc996897/none_v3" "tx981a45a1d30d44978ee8c-00693299b3" "proxy-server 20" 0.0130 "-" 25 0
Dec 5 08:37:07 np0005546416 container-server[120048]: 172.20.0.103 - - [05/Dec/2025:08:37:07 +0000] "PUT /d1/626/AUTH_d98f9ffaeb7346169078ece01c85312d/gnocchi.171fd2f3-3786-467d-aa4b-b092ae02b4ed" 201 - "PUT http://172.18.0.163:8080/v1/AUTH_d98f9ffaeb7346169078ece01c85312d/gnocchi.171fd2f3-3786-467d-aa4b-b092ae02b4ed" "tx5e7c1b6da93a41f3acc42-00693299b3" "proxy-server 20" 0.0193 "-" 21 0
Dec 5 08:37:07 np0005546416 container-server[120032]: 172.20.0.104 - - [05/Dec/2025:08:37:07 +0000] "HEAD /d1/626/AUTH_d98f9ffaeb7346169078ece01c85312d/gnocchi.171fd2f3-3786-467d-aa4b-b092ae02b4ed" 204 - "HEAD http://172.18.0.163:8080/v1/AUTH_d98f9ffaeb7346169078ece01c85312d/gnocchi.171fd2f3-3786-467d-aa4b-b092ae02b4ed?format=json&states=listing" "txaf09c47d032e4c358dc89-00693299b3" "proxy-server 20" 0.0022 "-" 19 0
Dec 5 08:37:07 np0005546416 proxy-server[121677]: - - 05/Dec/2025/08/37/07 HEAD /v1/AUTH_d98f9ffaeb7346169078ece01c85312d/gnocchi.171fd2f3-3786-467d-aa4b-b092ae02b4ed%3Fformat%3Djson%26states%3Dlisting HTTP/1.0 204 - Swift - - - - txaf09c47d032e4c358dc89-00693299b3 - 0.0079 RL - 1764923827.051632166 1764923827.059492588 0
Dec 5 08:37:07 np0005546416 container-server[120032]: 172.20.0.105 - - [05/Dec/2025:08:37:07 +0000] "HEAD /d1/207/AUTH_d98f9ffaeb7346169078ece01c85312d/gnocchi.c5dae72d-7280-4da1-845d-ee16f2831e32" 404 - "HEAD http://172.18.0.163:8080/v1/AUTH_d98f9ffaeb7346169078ece01c85312d/gnocchi.c5dae72d-7280-4da1-845d-ee16f2831e32?format=json&states=listing" "tx6e0640adebac41859dceb-00693299b3" "proxy-server 20" 0.0005 "-" 19 0
Dec 5 08:37:07 np0005546416 container-server[120048]: 172.20.0.104 - - [05/Dec/2025:08:37:07 +0000] "GET /d1/626/AUTH_d98f9ffaeb7346169078ece01c85312d/gnocchi.171fd2f3-3786-467d-aa4b-b092ae02b4ed" 200 2 "GET http://172.18.0.163:8080/v1/AUTH_d98f9ffaeb7346169078ece01c85312d/gnocchi.171fd2f3-3786-467d-aa4b-b092ae02b4ed?format=json&states=listing" "txaf09c47d032e4c358dc89-00693299b3" "proxy-server 20" 0.0033 "-" 21 0
Dec 5 08:37:07 np0005546416 proxy-server[121677]: 172.18.0.105 172.18.0.104 05/Dec/2025/08/37/07 GET /v1/AUTH_d98f9ffaeb7346169078ece01c85312d/gnocchi.171fd2f3-3786-467d-aa4b-b092ae02b4ed%3Fformat%3Djson%26states%3Dlisting HTTP/1.0 200 - python-swiftclient-3.11.1 gAAAAABpMpk08Sto... - 2 - txaf09c47d032e4c358dc89-00693299b3 - 0.0244 - - 1764923827.048442125 1764923827.072853327 0
Dec 5 08:37:07 np0005546416 container-server[120060]: 172.20.0.103 - - [05/Dec/2025:08:37:07 +0000] "HEAD /d1/126/AUTH_d98f9ffaeb7346169078ece01c85312d/gnocchi.5b063710-7a45-445c-b487-2bd2a8aff455" 404 - "HEAD http://172.18.0.163:8080/v1/AUTH_d98f9ffaeb7346169078ece01c85312d/gnocchi.5b063710-7a45-445c-b487-2bd2a8aff455?format=json&states=listing" "txd8499a0d763640aaad023-00693299b3" "proxy-server 20" 0.0004 "-" 23 0
Dec 5 08:37:07 np0005546416 object-server[120388]: 172.20.0.105 - - [05/Dec/2025:08:37:07 +0000] "GET /d1/356/AUTH_d98f9ffaeb7346169078ece01c85312d/gnocchi.c5dae72d-7280-4da1-845d-ee16f2831e32/none_v3" 404 70 "GET http://172.18.0.163:8080/v1/AUTH_d98f9ffaeb7346169078ece01c85312d/gnocchi.c5dae72d-7280-4da1-845d-ee16f2831e32/none_v3" "tx6e0640adebac41859dceb-00693299b3" "proxy-server 20" 0.0006 "-" 25 0
Dec 5 08:37:07 np0005546416 object-server[120388]: 172.20.0.103 - - [05/Dec/2025:08:37:07 +0000] "GET /d1/361/AUTH_d98f9ffaeb7346169078ece01c85312d/gnocchi.5b063710-7a45-445c-b487-2bd2a8aff455/none_v3" 404 70 "GET http://172.18.0.163:8080/v1/AUTH_d98f9ffaeb7346169078ece01c85312d/gnocchi.5b063710-7a45-445c-b487-2bd2a8aff455/none_v3" "txd8499a0d763640aaad023-00693299b3" "proxy-server 20" 0.0004 "-" 25 0
Dec 5 08:37:07 np0005546416 object-server[120385]: 172.20.0.104 - - [05/Dec/2025:08:37:07 +0000] "GET /d1/781/AUTH_d98f9ffaeb7346169078ece01c85312d/gnocchi.171fd2f3-3786-467d-aa4b-b092ae02b4ed/1764720000.0_mean_300.0_v3" 404 70 "GET http://172.18.0.163:8080/v1/AUTH_d98f9ffaeb7346169078ece01c85312d/gnocchi.171fd2f3-3786-467d-aa4b-b092ae02b4ed/1764720000.0_mean_300.0_v3" "tx9602faf0542f4b9cb9d46-00693299b3" "proxy-server 20" 0.0004 "-" 23 0
Dec 5 08:37:07 np0005546416 proxy-server[121677]: 172.18.0.105 172.18.0.104 05/Dec/2025/08/37/07 GET /v1/AUTH_d98f9ffaeb7346169078ece01c85312d/gnocchi.171fd2f3-3786-467d-aa4b-b092ae02b4ed/1764720000.0_mean_300.0_v3 HTTP/1.0 404 - python-swiftclient-3.11.1 gAAAAABpMpk08Sto... - 70 - tx9602faf0542f4b9cb9d46-00693299b3 - 0.0185 - - 1764923827.077003717 1764923827.095533609 0
Dec 5 08:37:07 np0005546416 account-server[119938]: 172.20.0.104 - - [05/Dec/2025:08:37:07 +0000] "PUT /d1/390/AUTH_d98f9ffaeb7346169078ece01c85312d/gnocchi.c5dae72d-7280-4da1-845d-ee16f2831e32" 201 - "PUT http://172.20.0.104:6001/d1/207/AUTH_d98f9ffaeb7346169078ece01c85312d/gnocchi.c5dae72d-7280-4da1-845d-ee16f2831e32" "tx16a69ad1427842dea07d4-00693299b3" "container-server 19" 0.0099 "-" 20 0
Dec 5 08:37:07 np0005546416 container-server[120032]: 172.20.0.105 - - [05/Dec/2025:08:37:07 +0000] "PUT /d1/207/AUTH_d98f9ffaeb7346169078ece01c85312d/gnocchi.c5dae72d-7280-4da1-845d-ee16f2831e32" 201 - "PUT http://172.18.0.163:8080/v1/AUTH_d98f9ffaeb7346169078ece01c85312d/gnocchi.c5dae72d-7280-4da1-845d-ee16f2831e32" "tx16a69ad1427842dea07d4-00693299b3" "proxy-server 20" 0.0253 "-" 19 0
Dec 5 08:37:07 np0005546416 container-server[120032]: 172.20.0.103 - - [05/Dec/2025:08:37:07 +0000] "PUT /d1/126/AUTH_d98f9ffaeb7346169078ece01c85312d/gnocchi.5b063710-7a45-445c-b487-2bd2a8aff455" 201 - "PUT http://172.18.0.163:8080/v1/AUTH_d98f9ffaeb7346169078ece01c85312d/gnocchi.5b063710-7a45-445c-b487-2bd2a8aff455" "tx99299beba0e74268b7588-00693299b3" "proxy-server 20" 0.0175 "-" 19 0
Dec 5 08:37:07 np0005546416 container-server[120060]: 172.20.0.103 - - [05/Dec/2025:08:37:07 +0000] "PUT /d1/626/AUTH_d98f9ffaeb7346169078ece01c85312d/gnocchi.171fd2f3-3786-467d-aa4b-b092ae02b4ed/1764720000.0_mean_300.0_v3" 201 - "PUT http://172.18.0.163:8080/d1/781/AUTH_d98f9ffaeb7346169078ece01c85312d/gnocchi.171fd2f3-3786-467d-aa4b-b092ae02b4ed/1764720000.0_mean_300.0_v3" "txe083e29fd2144ad58e4a7-00693299b3" "object-server 24" 0.0011 "-" 23 0
Dec 5 08:37:07 np0005546416 object-server[120382]: 172.20.0.104 - - [05/Dec/2025:08:37:07 +0000] "PUT /d1/781/AUTH_d98f9ffaeb7346169078ece01c85312d/gnocchi.171fd2f3-3786-467d-aa4b-b092ae02b4ed/1764720000.0_mean_300.0_v3" 201 - "PUT http://172.18.0.163:8080/v1/AUTH_d98f9ffaeb7346169078ece01c85312d/gnocchi.171fd2f3-3786-467d-aa4b-b092ae02b4ed/1764720000.0_mean_300.0_v3" "txe083e29fd2144ad58e4a7-00693299b3" "proxy-server 20" 0.0149 "-" 22 0
Dec 5 08:37:07 np0005546416 proxy-server[121677]: 172.18.0.105 172.18.0.104 05/Dec/2025/08/37/07 PUT /v1/AUTH_d98f9ffaeb7346169078ece01c85312d/gnocchi.171fd2f3-3786-467d-aa4b-b092ae02b4ed/1764720000.0_mean_300.0_v3 HTTP/1.0 201 - python-swiftclient-3.11.1 gAAAAABpMpk08Sto... 16 - - txe083e29fd2144ad58e4a7-00693299b3 - 0.0289 - - 1764923827.101483583 1764923827.130401373 0
Dec 5 08:37:07 np0005546416 account-server[119967]: 172.20.0.105 - - [05/Dec/2025:08:37:07 +0000] "PUT /d1/390/AUTH_d98f9ffaeb7346169078ece01c85312d/gnocchi.5b063710-7a45-445c-b487-2bd2a8aff455" 201 - "PUT http://172.20.0.105:6001/d1/126/AUTH_d98f9ffaeb7346169078ece01c85312d/gnocchi.5b063710-7a45-445c-b487-2bd2a8aff455" "tx99299beba0e74268b7588-00693299b3" "container-server 20" 0.0050 "-" 23 0
Dec 5 08:37:07 np0005546416 container-server[120032]: 172.20.0.105 - - [05/Dec/2025:08:37:07 +0000] "HEAD /d1/207/AUTH_d98f9ffaeb7346169078ece01c85312d/gnocchi.c5dae72d-7280-4da1-845d-ee16f2831e32" 204 - "HEAD http://172.18.0.163:8080/v1/AUTH_d98f9ffaeb7346169078ece01c85312d/gnocchi.c5dae72d-7280-4da1-845d-ee16f2831e32?format=json&states=listing" "tx8508bba3e038481fafa36-00693299b3" "proxy-server 20" 0.0014 "-" 19 0
Dec 5 08:37:07 np0005546416 container-server[120040]: 172.20.0.103 - - [05/Dec/2025:08:37:07 +0000] "HEAD /d1/171/AUTH_d98f9ffaeb7346169078ece01c85312d/gnocchi.d2ea7fa3-6e0f-4fcf-afe3-62d3bc3fe4d5" 404 - "HEAD http://172.18.0.163:8080/v1/AUTH_d98f9ffaeb7346169078ece01c85312d/gnocchi.d2ea7fa3-6e0f-4fcf-afe3-62d3bc3fe4d5?format=json&states=listing" "tx91de3329c7e743eeaae39-00693299b3" "proxy-server 20" 0.0006 "-" 20 0
Dec 5 08:37:07 np0005546416 object-server[120388]: 172.20.0.103 - - [05/Dec/2025:08:37:07 +0000] "GET /d1/520/AUTH_d98f9ffaeb7346169078ece01c85312d/gnocchi.d2ea7fa3-6e0f-4fcf-afe3-62d3bc3fe4d5/none_v3" 404 70 "GET http://172.18.0.163:8080/v1/AUTH_d98f9ffaeb7346169078ece01c85312d/gnocchi.d2ea7fa3-6e0f-4fcf-afe3-62d3bc3fe4d5/none_v3" "tx91de3329c7e743eeaae39-00693299b3" "proxy-server 20" 0.0005 "-" 25 0
Dec 5 08:37:07 np0005546416 container-server[120032]: 172.20.0.104 - - [05/Dec/2025:08:37:07 +0000] "PUT /d1/626/AUTH_d98f9ffaeb7346169078ece01c85312d/gnocchi.171fd2f3-3786-467d-aa4b-b092ae02b4ed/none_v3" 201 - "PUT http://172.18.0.163:8080/d1/848/AUTH_d98f9ffaeb7346169078ece01c85312d/gnocchi.171fd2f3-3786-467d-aa4b-b092ae02b4ed/none_v3" "txd4fb51275a0c42f1ac692-00693299b3" "object-server 24" 0.0006 "-" 19 0
Dec 5 08:37:07 np0005546416 object-server[120386]: 172.20.0.104 - - [05/Dec/2025:08:37:07 +0000] "PUT /d1/848/AUTH_d98f9ffaeb7346169078ece01c85312d/gnocchi.171fd2f3-3786-467d-aa4b-b092ae02b4ed/none_v3" 201 - "PUT http://172.18.0.163:8080/v1/AUTH_d98f9ffaeb7346169078ece01c85312d/gnocchi.171fd2f3-3786-467d-aa4b-b092ae02b4ed/none_v3" "txd4fb51275a0c42f1ac692-00693299b3" "proxy-server 20" 0.0120 "-" 24 0
Dec 5 08:37:07 np0005546416 container-server[120032]: 172.20.0.105 - - [05/Dec/2025:08:37:07 +0000] "GET /d1/207/AUTH_d98f9ffaeb7346169078ece01c85312d/gnocchi.c5dae72d-7280-4da1-845d-ee16f2831e32" 200 2 "GET http://172.18.0.163:8080/v1/AUTH_d98f9ffaeb7346169078ece01c85312d/gnocchi.c5dae72d-7280-4da1-845d-ee16f2831e32?format=json&states=listing" "tx8508bba3e038481fafa36-00693299b3" "proxy-server 20" 0.0020 "-" 19 0
Dec 5 08:37:07 np0005546416 proxy-server[121677]: 172.18.0.105 172.18.0.104 05/Dec/2025/08/37/07 PUT /v1/AUTH_d98f9ffaeb7346169078ece01c85312d/gnocchi.171fd2f3-3786-467d-aa4b-b092ae02b4ed/none_v3 HTTP/1.0 201 - python-swiftclient-3.11.1 gAAAAABpMpk08Sto... 22 - - txd4fb51275a0c42f1ac692-00693299b3 - 0.0243 - - 1764923827.135871410 1764923827.160143852 0
Dec 5 08:37:07 np0005546416 object-server[120382]: 172.20.0.105 - - [05/Dec/2025:08:37:07 +0000] "GET /d1/439/AUTH_d98f9ffaeb7346169078ece01c85312d/gnocchi.c5dae72d-7280-4da1-845d-ee16f2831e32/1764720000.0_mean_300.0_v3" 404 70 "GET http://172.18.0.163:8080/v1/AUTH_d98f9ffaeb7346169078ece01c85312d/gnocchi.c5dae72d-7280-4da1-845d-ee16f2831e32/1764720000.0_mean_300.0_v3" "tx388294c387c34270b4099-00693299b3" "proxy-server 20" 0.0005 "-" 22 0
Dec 5 08:37:07 np0005546416 account-server[119938]: 172.20.0.104 - - [05/Dec/2025:08:37:07 +0000] "PUT /d1/390/AUTH_d98f9ffaeb7346169078ece01c85312d/gnocchi.d2ea7fa3-6e0f-4fcf-afe3-62d3bc3fe4d5" 201 - "PUT http://172.20.0.104:6001/d1/171/AUTH_d98f9ffaeb7346169078ece01c85312d/gnocchi.d2ea7fa3-6e0f-4fcf-afe3-62d3bc3fe4d5" "tx6db5768421a0417287c31-00693299b3" "container-server 23" 0.0057 "-" 20 0
Dec 5 08:37:07 np0005546416 container-server[120060]: 172.20.0.103 - - [05/Dec/2025:08:37:07 +0000] "PUT /d1/171/AUTH_d98f9ffaeb7346169078ece01c85312d/gnocchi.d2ea7fa3-6e0f-4fcf-afe3-62d3bc3fe4d5" 201 - "PUT http://172.18.0.163:8080/v1/AUTH_d98f9ffaeb7346169078ece01c85312d/gnocchi.d2ea7fa3-6e0f-4fcf-afe3-62d3bc3fe4d5" "tx6db5768421a0417287c31-00693299b3" "proxy-server 20" 0.0200 "-" 23 0
Dec 5 08:37:07 np0005546416 container-server[120040]: 172.20.0.104 - - [05/Dec/2025:08:37:07 +0000] "HEAD /d1/681/AUTH_d98f9ffaeb7346169078ece01c85312d/gnocchi.4267a122-b37a-499f-96f9-f040c0623d79" 404 - "HEAD http://172.18.0.163:8080/v1/AUTH_d98f9ffaeb7346169078ece01c85312d/gnocchi.4267a122-b37a-499f-96f9-f040c0623d79?format=json&states=listing" "tx337d4f12116642d2b66e3-00693299b3" "proxy-server 20" 0.0007 "-" 20 0
Dec 5 08:37:07 np0005546416 container-server[120032]: 172.20.0.103 - - [05/Dec/2025:08:37:07 +0000] "HEAD /d1/126/AUTH_d98f9ffaeb7346169078ece01c85312d/gnocchi.5b063710-7a45-445c-b487-2bd2a8aff455" 204 - "HEAD http://172.18.0.163:8080/v1/AUTH_d98f9ffaeb7346169078ece01c85312d/gnocchi.5b063710-7a45-445c-b487-2bd2a8aff455?format=json&states=listing" "tx77a81b1403a6413dbcf57-00693299b3" "proxy-server 20" 0.0016 "-" 19 0
Dec 5 08:37:07 np0005546416 container-server[120032]: 172.20.0.105 - - [05/Dec/2025:08:37:07 +0000] "PUT /d1/207/AUTH_d98f9ffaeb7346169078ece01c85312d/gnocchi.c5dae72d-7280-4da1-845d-ee16f2831e32/1764720000.0_mean_300.0_v3" 201 - "PUT http://172.18.0.163:8080/d1/439/AUTH_d98f9ffaeb7346169078ece01c85312d/gnocchi.c5dae72d-7280-4da1-845d-ee16f2831e32/1764720000.0_mean_300.0_v3" "txba365cebb59746539fe7f-00693299b3" "object-server 19" 0.0005 "-" 19 0
Dec 5 08:37:07 np0005546416 object-server[120382]: 172.20.0.105 - - [05/Dec/2025:08:37:07 +0000] "PUT /d1/439/AUTH_d98f9ffaeb7346169078ece01c85312d/gnocchi.c5dae72d-7280-4da1-845d-ee16f2831e32/1764720000.0_mean_300.0_v3" 201 - "PUT http://172.18.0.163:8080/v1/AUTH_d98f9ffaeb7346169078ece01c85312d/gnocchi.c5dae72d-7280-4da1-845d-ee16f2831e32/1764720000.0_mean_300.0_v3" "txba365cebb59746539fe7f-00693299b3" "proxy-server 20" 0.0126 "-" 22 0
Dec 5 08:37:07 np0005546416 object-server[120388]: 172.20.0.104 - - [05/Dec/2025:08:37:07 +0000] "GET /d1/317/AUTH_d98f9ffaeb7346169078ece01c85312d/gnocchi.4267a122-b37a-499f-96f9-f040c0623d79/none_v3" 404 70 "GET http://172.18.0.163:8080/v1/AUTH_d98f9ffaeb7346169078ece01c85312d/gnocchi.4267a122-b37a-499f-96f9-f040c0623d79/none_v3" "tx337d4f12116642d2b66e3-00693299b3" "proxy-server 20" 0.0006 "-" 25 0
Dec 5 08:37:07 np0005546416 proxy-server[121677]: 172.18.0.105 172.18.0.104 05/Dec/2025/08/37/07 GET /v1/AUTH_d98f9ffaeb7346169078ece01c85312d/gnocchi.4267a122-b37a-499f-96f9-f040c0623d79/none_v3 HTTP/1.0 404 - python-swiftclient-3.11.1 gAAAAABpMpk08Sto... - 70 - tx337d4f12116642d2b66e3-00693299b3 - 0.0310 - - 1764923827.189989090 1764923827.220982552 0
Dec 5 08:37:07 np0005546416 container-server[120032]: 172.20.0.104 - - [05/Dec/2025:08:37:07 +0000] "PUT /d1/207/AUTH_d98f9ffaeb7346169078ece01c85312d/gnocchi.c5dae72d-7280-4da1-845d-ee16f2831e32/none_v3" 201 - "PUT http://172.18.0.163:8080/d1/356/AUTH_d98f9ffaeb7346169078ece01c85312d/gnocchi.c5dae72d-7280-4da1-845d-ee16f2831e32/none_v3" "txe8d2086e3b444516be302-00693299b3" "object-server 23" 0.0006 "-" 19 0
Dec 5 08:37:07 np0005546416 object-server[120385]: 172.20.0.105 - - [05/Dec/2025:08:37:07 +0000] "PUT /d1/356/AUTH_d98f9ffaeb7346169078ece01c85312d/gnocchi.c5dae72d-7280-4da1-845d-ee16f2831e32/none_v3" 201 - "PUT http://172.18.0.163:8080/v1/AUTH_d98f9ffaeb7346169078ece01c85312d/gnocchi.c5dae72d-7280-4da1-845d-ee16f2831e32/none_v3" "txe8d2086e3b444516be302-00693299b3" "proxy-server 20" 0.0151 "-" 23 0
Dec 5 08:37:07 np0005546416 account-server[119938]: 172.20.0.104 - - [05/Dec/2025:08:37:07 +0000] "PUT /d1/390/AUTH_d98f9ffaeb7346169078ece01c85312d/gnocchi.4267a122-b37a-499f-96f9-f040c0623d79" 201 - "PUT http://172.20.0.104:6001/d1/681/AUTH_d98f9ffaeb7346169078ece01c85312d/gnocchi.4267a122-b37a-499f-96f9-f040c0623d79" "txdf5b53cdb92b4dceab6cd-00693299b3" "container-server 19" 0.0038 "-" 20 0
Dec 5 08:37:07 np0005546416 container-server[120032]: 172.20.0.104 - - [05/Dec/2025:08:37:07 +0000] "PUT /d1/681/AUTH_d98f9ffaeb7346169078ece01c85312d/gnocchi.4267a122-b37a-499f-96f9-f040c0623d79" 201 - "PUT http://172.18.0.163:8080/v1/AUTH_d98f9ffaeb7346169078ece01c85312d/gnocchi.4267a122-b37a-499f-96f9-f040c0623d79" "txdf5b53cdb92b4dceab6cd-00693299b3" "proxy-server 20" 0.0134 "-" 19 0
Dec 5 08:37:07 np0005546416 object-server[120385]: 172.20.0.105 - - [05/Dec/2025:08:37:07 +0000] "GET /d1/862/AUTH_d98f9ffaeb7346169078ece01c85312d/gnocchi.5b063710-7a45-445c-b487-2bd2a8aff455/1764720000.0_mean_300.0_v3" 404 70 "GET http://172.18.0.163:8080/v1/AUTH_d98f9ffaeb7346169078ece01c85312d/gnocchi.5b063710-7a45-445c-b487-2bd2a8aff455/1764720000.0_mean_300.0_v3" "tx66edb5459acc43d086dc9-00693299b3" "proxy-server 20" 0.0004 "-" 23 0
Dec 5 08:37:07 np0005546416 proxy-server[121677]: 172.18.0.105 172.18.0.104 05/Dec/2025/08/37/07 PUT /v1/AUTH_d98f9ffaeb7346169078ece01c85312d/gnocchi.4267a122-b37a-499f-96f9-f040c0623d79 HTTP/1.0 201 - python-swiftclient-3.11.1 gAAAAABpMpk08Sto... - - - txdf5b53cdb92b4dceab6cd-00693299b3 - 0.0303 - - 1764923827.227904081 1764923827.258230448 0
Dec 5 08:37:07 np0005546416 object-server[120388]: 172.20.0.103 - - [05/Dec/2025:08:37:07 +0000] "GET /d1/687/AUTH_d98f9ffaeb7346169078ece01c85312d/gnocchi.d2ea7fa3-6e0f-4fcf-afe3-62d3bc3fe4d5/1764720000.0_mean_300.0_v3" 404 70 "GET http://172.18.0.163:8080/v1/AUTH_d98f9ffaeb7346169078ece01c85312d/gnocchi.d2ea7fa3-6e0f-4fcf-afe3-62d3bc3fe4d5/1764720000.0_mean_300.0_v3" "tx2314cb1a1fc34e9caa739-00693299b3" "proxy-server 20" 0.0004 "-" 25 0
Dec 5 08:37:07 np0005546416 container-server[120040]: 172.20.0.105 - - [05/Dec/2025:08:37:07 +0000] "HEAD /d1/681/AUTH_d98f9ffaeb7346169078ece01c85312d/gnocchi.4267a122-b37a-499f-96f9-f040c0623d79" 204 - "HEAD http://172.18.0.163:8080/v1/AUTH_d98f9ffaeb7346169078ece01c85312d/gnocchi.4267a122-b37a-499f-96f9-f040c0623d79?format=json&states=listing" "tx069fc0c5786b4062be34c-00693299b3" "proxy-server 20" 0.0015 "-" 20 0
Dec 5 08:37:07 np0005546416 container-server[120040]: 172.20.0.104 - - [05/Dec/2025:08:37:07 +0000] "PUT /d1/126/AUTH_d98f9ffaeb7346169078ece01c85312d/gnocchi.5b063710-7a45-445c-b487-2bd2a8aff455/1764720000.0_mean_300.0_v3" 201 - "PUT http://172.18.0.163:8080/d1/862/AUTH_d98f9ffaeb7346169078ece01c85312d/gnocchi.5b063710-7a45-445c-b487-2bd2a8aff455/1764720000.0_mean_300.0_v3" "txbda5e9742fe24a3094f50-00693299b3" "object-server 25" 0.0008 "-" 20 0
Dec 5 08:37:07 np0005546416 object-server[120388]: 172.20.0.103 - - [05/Dec/2025:08:37:07 +0000] "GET /d1/697/AUTH_d98f9ffaeb7346169078ece01c85312d/gnocchi.4267a122-b37a-499f-96f9-f040c0623d79/1764720000.0_mean_300.0_v3" 404 70 "GET http://172.18.0.163:8080/v1/AUTH_d98f9ffaeb7346169078ece01c85312d/gnocchi.4267a122-b37a-499f-96f9-f040c0623d79/1764720000.0_mean_300.0_v3" "tx25d9c0c4158a4c30aa55f-00693299b3" "proxy-server 20" 0.0003 "-" 25 0
Dec 5 08:37:07 np0005546416 object-server[120388]: 172.20.0.104 - - [05/Dec/2025:08:37:07 +0000] "PUT /d1/862/AUTH_d98f9ffaeb7346169078ece01c85312d/gnocchi.5b063710-7a45-445c-b487-2bd2a8aff455/1764720000.0_mean_300.0_v3" 201 - "PUT http://172.18.0.163:8080/v1/AUTH_d98f9ffaeb7346169078ece01c85312d/gnocchi.5b063710-7a45-445c-b487-2bd2a8aff455/1764720000.0_mean_300.0_v3" "txbda5e9742fe24a3094f50-00693299b3" "proxy-server 20" 0.0197 "-" 25 0
Dec 5 08:37:07 np0005546416 proxy-server[121677]: 172.18.0.163 172.18.0.104 05/Dec/2025/08/37/07 PUT /v1/AUTH_d98f9ffaeb7346169078ece01c85312d/gnocchi.5b063710-7a45-445c-b487-2bd2a8aff455/1764720000.0_mean_300.0_v3 HTTP/1.0 201 - python-swiftclient-3.11.1 gAAAAABpMplca2FU... 16 - - txbda5e9742fe24a3094f50-00693299b3 - 0.0310 - - 1764923827.270082712 1764923827.301046133 0
Dec 5 08:37:07 np0005546416 object-server[120388]: 172.20.0.105 - - [05/Dec/2025:08:37:07 +0000] "PUT /d1/687/AUTH_d98f9ffaeb7346169078ece01c85312d/gnocchi.d2ea7fa3-6e0f-4fcf-afe3-62d3bc3fe4d5/1764720000.0_mean_300.0_v3" 201 - "PUT http://172.18.0.163:8080/v1/AUTH_d98f9ffaeb7346169078ece01c85312d/gnocchi.d2ea7fa3-6e0f-4fcf-afe3-62d3bc3fe4d5/1764720000.0_mean_300.0_v3" "tx378fca23427240cc8265f-00693299b3" "proxy-server 20" 0.0098 "-" 25 0
Dec 5 08:37:07 np0005546416 container-server[120032]: 172.20.0.105 - - [05/Dec/2025:08:37:07 +0000] "PUT /d1/171/AUTH_d98f9ffaeb7346169078ece01c85312d/gnocchi.d2ea7fa3-6e0f-4fcf-afe3-62d3bc3fe4d5/1764720000.0_mean_300.0_v3" 201 - "PUT http://172.18.0.163:8080/d1/687/AUTH_d98f9ffaeb7346169078ece01c85312d/gnocchi.d2ea7fa3-6e0f-4fcf-afe3-62d3bc3fe4d5/1764720000.0_mean_300.0_v3" "tx378fca23427240cc8265f-00693299b3" "object-server 23" 0.0007 "-" 19 0
Dec 5 08:37:07 np0005546416 container-server[120048]: 172.20.0.105 - - [05/Dec/2025:08:37:07 +0000] "PUT /d1/681/AUTH_d98f9ffaeb7346169078ece01c85312d/gnocchi.4267a122-b37a-499f-96f9-f040c0623d79/1764720000.0_mean_300.0_v3" 201 - "PUT http://172.18.0.163:8080/d1/697/AUTH_d98f9ffaeb7346169078ece01c85312d/gnocchi.4267a122-b37a-499f-96f9-f040c0623d79/1764720000.0_mean_300.0_v3" "tx26804923f0774609af730-00693299b3" "object-server 22" 0.0006 "-" 21 0
Dec 5 08:37:07 np0005546416 object-server[120386]: 172.20.0.104 - - [05/Dec/2025:08:37:07 +0000] "PUT /d1/697/AUTH_d98f9ffaeb7346169078ece01c85312d/gnocchi.4267a122-b37a-499f-96f9-f040c0623d79/1764720000.0_mean_300.0_v3" 201 - "PUT http://172.18.0.163:8080/v1/AUTH_d98f9ffaeb7346169078ece01c85312d/gnocchi.4267a122-b37a-499f-96f9-f040c0623d79/1764720000.0_mean_300.0_v3" "tx26804923f0774609af730-00693299b3" "proxy-server 20" 0.0128 "-" 24 0
Dec 5 08:37:07 np0005546416 proxy-server[121677]: 172.18.0.105 172.18.0.104 05/Dec/2025/08/37/07 PUT /v1/AUTH_d98f9ffaeb7346169078ece01c85312d/gnocchi.4267a122-b37a-499f-96f9-f040c0623d79/1764720000.0_mean_300.0_v3 HTTP/1.0 201 - python-swiftclient-3.11.1 gAAAAABpMpk08Sto... 16 - - tx26804923f0774609af730-00693299b3 - 0.0207 - - 1764923827.310666800 1764923827.331402302 0
Dec 5 08:37:07 np0005546416 object-server[120385]: 172.20.0.103 - - [05/Dec/2025:08:37:07 +0000] "PUT /d1/361/AUTH_d98f9ffaeb7346169078ece01c85312d/gnocchi.5b063710-7a45-445c-b487-2bd2a8aff455/none_v3" 201 - "PUT http://172.18.0.163:8080/v1/AUTH_d98f9ffaeb7346169078ece01c85312d/gnocchi.5b063710-7a45-445c-b487-2bd2a8aff455/none_v3" "txfe67fce4d11e4a3093815-00693299b3" "proxy-server 20" 0.0118 "-" 23 0
Dec 5 08:37:07 np0005546416 container-server[120060]: 172.20.0.103 - - [05/Dec/2025:08:37:07 +0000] "PUT /d1/126/AUTH_d98f9ffaeb7346169078ece01c85312d/gnocchi.5b063710-7a45-445c-b487-2bd2a8aff455/none_v3" 201 - "PUT http://172.18.0.163:8080/d1/361/AUTH_d98f9ffaeb7346169078ece01c85312d/gnocchi.5b063710-7a45-445c-b487-2bd2a8aff455/none_v3" "txfe67fce4d11e4a3093815-00693299b3" "object-server 22" 0.0008 "-" 23 0
Dec 5 08:37:07 np0005546416 container-server[120040]: 172.20.0.105 - - [05/Dec/2025:08:37:07 +0000] "PUT /d1/681/AUTH_d98f9ffaeb7346169078ece01c85312d/gnocchi.4267a122-b37a-499f-96f9-f040c0623d79/none_v3" 201 - "PUT http://172.18.0.163:8080/d1/317/AUTH_d98f9ffaeb7346169078ece01c85312d/gnocchi.4267a122-b37a-499f-96f9-f040c0623d79/none_v3" "tx9810aa7dccc34d5eadd21-00693299b3" "object-server 23" 0.0008 "-" 20 0
Dec 5 08:37:07 np0005546416 object-server[120382]: 172.20.0.105 - - [05/Dec/2025:08:37:07 +0000] "PUT /d1/317/AUTH_d98f9ffaeb7346169078ece01c85312d/gnocchi.4267a122-b37a-499f-96f9-f040c0623d79/none_v3" 201 - "PUT http://172.18.0.163:8080/v1/AUTH_d98f9ffaeb7346169078ece01c85312d/gnocchi.4267a122-b37a-499f-96f9-f040c0623d79/none_v3" "tx9810aa7dccc34d5eadd21-00693299b3" "proxy-server 20" 0.0149 "-" 22 0
Dec 5 08:37:07 np0005546416 container-server[120060]: 172.20.0.103 - - [05/Dec/2025:08:37:07 +0000] "PUT /d1/171/AUTH_d98f9ffaeb7346169078ece01c85312d/gnocchi.d2ea7fa3-6e0f-4fcf-afe3-62d3bc3fe4d5/none_v3" 201 - "PUT http://172.18.0.163:8080/d1/520/AUTH_d98f9ffaeb7346169078ece01c85312d/gnocchi.d2ea7fa3-6e0f-4fcf-afe3-62d3bc3fe4d5/none_v3" "tx2c2af3137c4d42d1af951-00693299b3" "object-server 23" 0.0007 "-" 23 0
Dec 5 08:37:07 np0005546416 object-server[120385]: 172.20.0.104 - - [05/Dec/2025:08:37:07 +0000] "PUT /d1/520/AUTH_d98f9ffaeb7346169078ece01c85312d/gnocchi.d2ea7fa3-6e0f-4fcf-afe3-62d3bc3fe4d5/none_v3" 201 - "PUT http://172.18.0.163:8080/v1/AUTH_d98f9ffaeb7346169078ece01c85312d/gnocchi.d2ea7fa3-6e0f-4fcf-afe3-62d3bc3fe4d5/none_v3" "tx2c2af3137c4d42d1af951-00693299b3" "proxy-server 20" 0.0165 "-" 23 0
Dec 5 08:37:07 np0005546416 proxy-server[121677]: 172.18.0.163 172.18.0.104 05/Dec/2025/08/37/07 PUT /v1/AUTH_d98f9ffaeb7346169078ece01c85312d/gnocchi.d2ea7fa3-6e0f-4fcf-afe3-62d3bc3fe4d5/none_v3 HTTP/1.0 201 - python-swiftclient-3.11.1 gAAAAABpMplca2FU... 22 - - tx2c2af3137c4d42d1af951-00693299b3 - 0.0360 - - 1764923827.358903885 1764923827.394898653 0
Dec 5 08:37:08 np0005546416 account-server[119463]: Beginning replication run
Dec 5 08:37:08 np0005546416 account-server[119463]: Replication run OVER
Dec 5 08:37:08 np0005546416 account-server[119463]: Attempted to replicate 1 dbs in 0.03632 seconds (27.53317/s)
Dec 5 08:37:08 np0005546416 account-server[119463]: Removed 0 dbs
Dec 5 08:37:08 np0005546416 account-server[119463]: 2 successes, 0 failures
Dec 5 08:37:08 np0005546416 account-server[119463]: diff:0 diff_capped:0 empty:0 hashmatch:0 no_change:2 remote_merge:0 rsync:0 ts_repl:0
Dec 5 08:37:08 np0005546416 object-server[216047]: Begin object audit "forever" mode (ZBF)
Dec 5 08:37:08 np0005546416 object-server[216047]: Object audit (ZBF). Since Fri Dec 5 08:37:08 2025: Locally: 1 passed, 0 quarantined, 0 errors, files/sec: 512.63, bytes/sec: 0.00, Total time: 0.00, Auditing time: 0.00, Rate: 0.00
Dec 5 08:37:09 np0005546416 container-server[119604]: Beginning replication run
Dec 5 08:37:09 np0005546416 object-server[216047]: Object audit (ZBF) "forever" mode completed: 0.84s. Total quarantined: 0, Total errors: 0, Total files/sec: 52.20, Total bytes/sec: 0.00, Auditing time: 0.83, Rate: 0.99
Dec 5 08:37:10 np0005546416 container-server[119604]: Replication run OVER
Dec 5 08:37:10 np0005546416 container-server[119604]: Attempted to replicate 22 dbs in 0.97928 seconds (22.46553/s)
Dec 5 08:37:10 np0005546416 container-server[119604]: Removed 0 dbs
Dec 5 08:37:10 np0005546416 container-server[119604]: 44 successes, 0 failures
Dec 5 08:37:10 np0005546416 container-server[119604]: diff:0 diff_capped:0 empty:0 hashmatch:0 no_change:44 remote_merge:0 rsync:0 ts_repl:0
Dec 5 08:37:37 np0005546416 object-server[120117]: Starting object replication pass.
Dec 5 08:37:37 np0005546416 object-server[120117]: 44/44 (100.00%) partitions replicated in 0.43s (101.61/sec, 0s remaining)
Dec 5 08:37:37 np0005546416 object-server[120117]: 88 successes, 0 failures
Dec 5 08:37:37 np0005546416 object-server[120117]: 44 suffixes checked - 0.00% hashed, 0.00% synced
Dec 5 08:37:37 np0005546416 object-server[120117]: Partition times: max 0.0154s, min 0.0073s, med 0.0090s
Dec 5 08:37:37 np0005546416 object-server[120117]: Object replication complete. (0.01 minutes)
Dec 5 08:37:38 np0005546416 account-server[119463]: Beginning replication run
Dec 5 08:37:38 np0005546416 account-server[119463]: Replication run OVER
Dec 5 08:37:38 np0005546416 account-server[119463]: Attempted to replicate 1 dbs in 0.01939 seconds (51.58004/s)
Dec 5 08:37:38 np0005546416 account-server[119463]: Removed 0 dbs
Dec 5 08:37:38 np0005546416 account-server[119463]: 2 successes, 0 failures
Dec 5 08:37:38 np0005546416 account-server[119463]: diff:0 diff_capped:0 empty:0 hashmatch:0 no_change:2 remote_merge:0 rsync:0 ts_repl:0
Dec 5 08:37:39 np0005546416 container-server[119604]: Beginning replication run
Dec 5 08:37:39 np0005546416 container-server[119604]: Replication run OVER
Dec 5 08:37:39 np0005546416 container-server[119604]: Attempted to replicate 22 dbs in 0.44047 seconds (49.94661/s)
Dec 5 08:37:39 np0005546416 container-server[119604]: Removed 0 dbs
Dec 5 08:37:39 np0005546416 container-server[119604]: 44 successes, 0 failures
Dec 5 08:37:39 np0005546416 container-server[119604]: diff:0 diff_capped:0 empty:0 hashmatch:0 no_change:44 remote_merge:0 rsync:0 ts_repl:0
Dec 5 08:37:39 np0005546416 object-server[221947]: Begin object audit "forever" mode (ALL)
Dec 5 08:37:39 np0005546416 object-server[221946]: Begin object audit "forever" mode (ZBF)
Dec 5 08:37:39 np0005546416 object-server[221947]: Object audit (ALL). Since Fri Dec 5 08:37:39 2025: Locally: 1 passed, 0 quarantined, 0 errors, files/sec: 130.17, bytes/sec: 2082.77, Total time: 0.01, Auditing time: 0.00, Rate: 0.00
Dec 5 08:37:39 np0005546416 object-server[221946]: Object audit (ZBF). Since Fri Dec 5 08:37:39 2025: Locally: 1 passed, 0 quarantined, 0 errors, files/sec: 485.85, bytes/sec: 0.00, Total time: 0.00, Auditing time: 0.00, Rate: 0.00
Dec 5 08:37:40 np0005546416 object-server[221946]: Object audit (ZBF) "forever" mode completed: 0.84s. Total quarantined: 0, Total errors: 0, Total files/sec: 52.17, Total bytes/sec: 0.00, Auditing time: 0.83, Rate: 0.99
Dec 5 08:37:41 np0005546416 object-server[221947]: Object audit (ALL) "forever" mode completed: 2.11s. Total quarantined: 0, Total errors: 0, Total files/sec: 20.86, Total bytes/sec: 401.02, Auditing time: 2.10, Rate: 0.99
Dec 5 08:37:50 np0005546416 account-server[119941]: 172.20.0.105 - - [05/Dec/2025:08:37:50 +0000] "HEAD /d1/179/.expiring_objects" 404 - "HEAD http://localhost/v1/.expiring_objects?format=json" "txf0f84a246172471187faf-00693299de" "proxy-server 2" 0.0012 "-" 21 -
Dec 5 08:38:07 np0005546416 object-server[120117]: Starting object replication pass.
Dec 5 08:38:07 np0005546416 object-server[120117]: 44/44 (100.00%) partitions replicated in 0.38s (116.14/sec, 0s remaining)
Dec 5 08:38:07 np0005546416 object-server[120117]: 88 successes, 0 failures
Dec 5 08:38:07 np0005546416 object-server[120117]: 44 suffixes checked - 0.00% hashed, 0.00% synced
Dec 5 08:38:07 np0005546416 object-server[120117]: Partition times: max 0.0147s, min 0.0059s, med 0.0078s
Dec 5 08:38:07 np0005546416 object-server[120117]: Object replication complete. (0.01 minutes)
Dec 5 08:38:08 np0005546416 account-server[119463]: Beginning replication run
Dec 5 08:38:08 np0005546416 account-server[119463]: Replication run OVER
Dec 5 08:38:08 np0005546416 account-server[119463]: Attempted to replicate 1 dbs in 0.01713 seconds (58.36981/s)
Dec 5 08:38:08 np0005546416 account-server[119463]: Removed 0 dbs
Dec 5 08:38:08 np0005546416 account-server[119463]: 2 successes, 0 failures
Dec 5 08:38:08 np0005546416 account-server[119463]: diff:0 diff_capped:0 empty:0 hashmatch:0 no_change:2 remote_merge:0 rsync:0 ts_repl:0
Dec 5 08:38:09 np0005546416 container-server[119604]: Beginning replication run
Dec 5 08:38:09 np0005546416 container-server[119604]: Replication run OVER
Dec 5 08:38:09 np0005546416 container-server[119604]: Attempted to replicate 22 dbs in 0.46233 seconds (47.58477/s)
Dec 5 08:38:09 np0005546416 container-server[119604]: Removed 0 dbs
Dec 5 08:38:09 np0005546416 container-server[119604]: 44 successes, 0 failures
Dec 5 08:38:09 np0005546416 container-server[119604]: diff:0 diff_capped:0 empty:0 hashmatch:0 no_change:44 remote_merge:0 rsync:0 ts_repl:0
Dec 5 08:38:10 np0005546416 object-server[120362]: Begin object update sweep
Dec 5 08:38:10 np0005546416 object-server[224924]: Object update sweep starting on /srv/node/d1 (pid: 15)
Dec 5 08:38:10 np0005546416 object-server[224924]: Object update sweep completed on /srv/node/d1 in 0.00s seconds:, 0 successes, 0 failures, 0 quarantines, 0 unlinks, 0 errors, 0 redirects (pid: 15)
Dec 5 08:38:10 np0005546416 object-server[224924]: Object update sweep of d1 completed: 0.00s, 0 successes, 0 failures, 0 quarantines, 0 unlinks, 0 errors, 0 redirects
Dec 5 08:38:10 np0005546416 object-server[120362]: Object update sweep completed: 0.08s
Dec 5 08:38:10 np0005546416 object-server[222014]: Begin object audit "forever" mode (ZBF)
Dec 5 08:38:10 np0005546416 object-server[222014]: Object audit (ZBF). Since Fri Dec 5 08:38:10 2025: Locally: 1 passed, 0 quarantined, 0 errors, files/sec: 562.54, bytes/sec: 0.00, Total time: 0.00, Auditing time: 0.00, Rate: 0.00
Dec 5 08:38:11 np0005546416 object-server[222014]: Object audit (ZBF) "forever" mode completed: 0.84s. Total quarantined: 0, Total errors: 0, Total files/sec: 52.18, Total bytes/sec: 0.00, Auditing time: 0.83, Rate: 0.99
Dec 5 08:38:17 np0005546416 container-server[119994]: Begin container update sweep
Dec 5 08:38:17 np0005546416 account-server[119938]: 172.20.0.104 - - [05/Dec/2025:08:38:17 +0000] "PUT /d1/390/AUTH_d98f9ffaeb7346169078ece01c85312d/gnocchi.d2ea7fa3-6e0f-4fcf-afe3-62d3bc3fe4d5" 201 - "-" "-" "container-updater 2" 0.0007 "-" 20 0
Dec 5 08:38:17 np0005546416 account-server[119967]: 172.20.0.104 - - [05/Dec/2025:08:38:17 +0000] "PUT /d1/390/AUTH_d98f9ffaeb7346169078ece01c85312d/gnocchi.82e2c0ee-03be-4b0a-8fa6-a4c96e7fd76d" 201 - "-" "-" "container-updater 2" 0.0008 "-" 23 0
Dec 5 08:38:17 np0005546416 account-server[119967]: 172.20.0.104 - - [05/Dec/2025:08:38:17 +0000] "PUT /d1/390/AUTH_d98f9ffaeb7346169078ece01c85312d/gnocchi.8b71821f-7ead-4694-b4fa-597ba68af099" 201 - "-" "-" "container-updater 2" 0.0007 "-" 23 0
Dec 5 08:38:17 np0005546416 account-server[119962]: 172.20.0.104 - - [05/Dec/2025:08:38:17 +0000] "PUT /d1/390/AUTH_d98f9ffaeb7346169078ece01c85312d/gnocchi.06675aa6-54f4-4933-aaf6-4cf0c938c6f7" 201 - "-" "-" "container-updater 2" 0.0008 "-" 22 0
Dec 5 08:38:17 np0005546416 account-server[119962]: 172.20.0.104 - - [05/Dec/2025:08:38:17 +0000] "PUT /d1/390/AUTH_d98f9ffaeb7346169078ece01c85312d/gnocchi.c8ce8cb1-2590-4b16-a916-34569c6fceb7" 201 - "-" "-" "container-updater 2" 0.0007 "-" 22 0
Dec 5 08:38:17 np0005546416 account-server[119938]: 172.20.0.104 - - [05/Dec/2025:08:38:17 +0000] "PUT /d1/390/AUTH_d98f9ffaeb7346169078ece01c85312d/gnocchi.ff28c9ab-90b8-4136-b1f1-43456cc14fab" 201 - "-" "-" "container-updater 2" 0.0005 "-" 20 0
