Dec 5 08:35:40 np0005546416 object-server[120386]: 172.20.0.103 - - [05/Dec/2025:08:35:40 +0000] "GET /d1/793/AUTH_d98f9ffaeb7346169078ece01c85312d/gnocchi.ff28c9ab-90b8-4136-b1f1-43456cc14fab/1764720000.0_mean_300.0_v3" 404 70 "GET http://172.18.0.163:8080/v1/AUTH_d98f9ffaeb7346169078ece01c85312d/gnocchi.ff28c9ab-90b8-4136-b1f1-43456cc14fab/1764720000.0_mean_300.0_v3" "tx46a9aac88aad4880869dd-006932995c" "proxy-server 20" 0.0004 "-" 24 0
Dec 5 08:35:40 np0005546416 account-server[119938]: 172.20.0.104 - - [05/Dec/2025:08:35:40 +0000] "PUT /d1/390/AUTH_d98f9ffaeb7346169078ece01c85312d/gnocchi.f39b4c88-e5da-46d9-8e50-9fa0c4e0d91d" 201 - "PUT http://172.20.0.104:6001/d1/944/AUTH_d98f9ffaeb7346169078ece01c85312d/gnocchi.f39b4c88-e5da-46d9-8e50-9fa0c4e0d91d" "txff31fe51c4094d849f68a-006932995c" "container-server 23" 0.0048 "-" 20 0
Dec 5 08:35:40 np0005546416 container-server[120060]: 172.20.0.105 - - [05/Dec/2025:08:35:40 +0000] "PUT /d1/944/AUTH_d98f9ffaeb7346169078ece01c85312d/gnocchi.f39b4c88-e5da-46d9-8e50-9fa0c4e0d91d" 201 - "PUT http://172.18.0.163:8080/v1/AUTH_d98f9ffaeb7346169078ece01c85312d/gnocchi.f39b4c88-e5da-46d9-8e50-9fa0c4e0d91d" "txff31fe51c4094d849f68a-006932995c" "proxy-server 20" 0.0172 "-" 23 0
Dec 5 08:35:40 np0005546416 container-server[120060]: 172.20.0.103 - - [05/Dec/2025:08:35:40 +0000] "HEAD /d1/944/AUTH_d98f9ffaeb7346169078ece01c85312d/gnocchi.f39b4c88-e5da-46d9-8e50-9fa0c4e0d91d" 204 - "HEAD http://172.18.0.163:8080/v1/AUTH_d98f9ffaeb7346169078ece01c85312d/gnocchi.f39b4c88-e5da-46d9-8e50-9fa0c4e0d91d?format=json&states=listing" "tx5953497d674e4408bbf23-006932995c" "proxy-server 20" 0.0016 "-" 23 0
Dec 5 08:35:40 np0005546416 container-server[120060]: 172.20.0.103 - - [05/Dec/2025:08:35:40 +0000] "GET /d1/944/AUTH_d98f9ffaeb7346169078ece01c85312d/gnocchi.f39b4c88-e5da-46d9-8e50-9fa0c4e0d91d" 200 2 "GET http://172.18.0.163:8080/v1/AUTH_d98f9ffaeb7346169078ece01c85312d/gnocchi.f39b4c88-e5da-46d9-8e50-9fa0c4e0d91d?format=json&states=listing" "tx5953497d674e4408bbf23-006932995c" "proxy-server 20" 0.0061 "-" 23 0
Dec 5 08:35:40 np0005546416 container-server[120032]: 172.20.0.104 - - [05/Dec/2025:08:35:40 +0000] "PUT /d1/5/AUTH_d98f9ffaeb7346169078ece01c85312d/gnocchi.ff28c9ab-90b8-4136-b1f1-43456cc14fab/1764720000.0_mean_300.0_v3" 201 - "PUT http://172.18.0.163:8080/d1/793/AUTH_d98f9ffaeb7346169078ece01c85312d/gnocchi.ff28c9ab-90b8-4136-b1f1-43456cc14fab/1764720000.0_mean_300.0_v3" "tx4749cfa29d6442839515c-006932995c" "object-server 25" 0.0009 "-" 19 0
Dec 5 08:35:40 np0005546416 object-server[120388]: 172.20.0.104 - - [05/Dec/2025:08:35:40 +0000] "PUT /d1/793/AUTH_d98f9ffaeb7346169078ece01c85312d/gnocchi.ff28c9ab-90b8-4136-b1f1-43456cc14fab/1764720000.0_mean_300.0_v3" 201 - "PUT http://172.18.0.163:8080/v1/AUTH_d98f9ffaeb7346169078ece01c85312d/gnocchi.ff28c9ab-90b8-4136-b1f1-43456cc14fab/1764720000.0_mean_300.0_v3" "tx4749cfa29d6442839515c-006932995c" "proxy-server 20" 0.0140 "-" 25 0
Dec 5 08:35:40 np0005546416 proxy-server[121677]: 172.18.0.103 172.18.0.104 05/Dec/2025/08/35/40 PUT /v1/AUTH_d98f9ffaeb7346169078ece01c85312d/gnocchi.ff28c9ab-90b8-4136-b1f1-43456cc14fab/1764720000.0_mean_300.0_v3 HTTP/1.0 201 - python-swiftclient-3.11.1 gAAAAABpMpkVTcQj... 16 - - tx4749cfa29d6442839515c-006932995c - 0.0678 - - 1764923740.704905033 1764923740.772675276 0
Dec 5 08:35:40 np0005546416 object-server[120382]: 172.20.0.105 - - [05/Dec/2025:08:35:40 +0000] "GET /d1/807/AUTH_d98f9ffaeb7346169078ece01c85312d/gnocchi.f39b4c88-e5da-46d9-8e50-9fa0c4e0d91d/1764720000.0_mean_300.0_v3" 404 70 "GET http://172.18.0.163:8080/v1/AUTH_d98f9ffaeb7346169078ece01c85312d/gnocchi.f39b4c88-e5da-46d9-8e50-9fa0c4e0d91d/1764720000.0_mean_300.0_v3" "txdc6c228b140d4cffb8b7c-006932995c" "proxy-server 20" 0.0005 "-" 22 0
Dec 5 08:35:40 np0005546416 container-server[120060]: 172.20.0.104 - - [05/Dec/2025:08:35:40 +0000] "PUT /d1/5/AUTH_d98f9ffaeb7346169078ece01c85312d/gnocchi.ff28c9ab-90b8-4136-b1f1-43456cc14fab/none_v3" 201 - "PUT http://172.18.0.163:8080/d1/994/AUTH_d98f9ffaeb7346169078ece01c85312d/gnocchi.ff28c9ab-90b8-4136-b1f1-43456cc14fab/none_v3" "tx030eea7e0e9a4351a2b96-006932995c" "object-server 24" 0.0007 "-" 23 0
Dec 5 08:35:40 np0005546416 object-server[120386]: 172.20.0.104 - - [05/Dec/2025:08:35:40 +0000] "PUT /d1/994/AUTH_d98f9ffaeb7346169078ece01c85312d/gnocchi.ff28c9ab-90b8-4136-b1f1-43456cc14fab/none_v3" 201 - "PUT http://172.18.0.163:8080/v1/AUTH_d98f9ffaeb7346169078ece01c85312d/gnocchi.ff28c9ab-90b8-4136-b1f1-43456cc14fab/none_v3" "tx030eea7e0e9a4351a2b96-006932995c" "proxy-server 20" 0.0128 "-" 24 0
Dec 5 08:35:40 np0005546416 proxy-server[121677]: 172.18.0.103 172.18.0.104 05/Dec/2025/08/35/40 PUT /v1/AUTH_d98f9ffaeb7346169078ece01c85312d/gnocchi.ff28c9ab-90b8-4136-b1f1-43456cc14fab/none_v3 HTTP/1.0 201 - python-swiftclient-3.11.1 gAAAAABpMpkVTcQj... 22 - - tx030eea7e0e9a4351a2b96-006932995c - 0.0239 - - 1764923740.776710510 1764923740.800578833 0
Dec 5 08:35:40 np0005546416 object-server[120388]: 172.20.0.105 - - [05/Dec/2025:08:35:40 +0000] "PUT /d1/807/AUTH_d98f9ffaeb7346169078ece01c85312d/gnocchi.f39b4c88-e5da-46d9-8e50-9fa0c4e0d91d/1764720000.0_mean_300.0_v3" 201 - "PUT http://172.18.0.163:8080/v1/AUTH_d98f9ffaeb7346169078ece01c85312d/gnocchi.f39b4c88-e5da-46d9-8e50-9fa0c4e0d91d/1764720000.0_mean_300.0_v3" "txbf60b721299f4f0fbdd47-006932995c" "proxy-server 20" 0.0142 "-" 25 0
Dec 5 08:35:40 np0005546416 container-server[120048]: 172.20.0.103 - - [05/Dec/2025:08:35:40 +0000] "PUT /d1/944/AUTH_d98f9ffaeb7346169078ece01c85312d/gnocchi.f39b4c88-e5da-46d9-8e50-9fa0c4e0d91d/1764720000.0_mean_300.0_v3" 201 - "PUT http://172.18.0.163:8080/d1/807/AUTH_d98f9ffaeb7346169078ece01c85312d/gnocchi.f39b4c88-e5da-46d9-8e50-9fa0c4e0d91d/1764720000.0_mean_300.0_v3" "txbf60b721299f4f0fbdd47-006932995c" "object-server 24" 0.0007 "-" 21 0
Dec 5 08:35:40 np0005546416 container-server[120060]: 172.20.0.103 - - [05/Dec/2025:08:35:40 +0000] "PUT /d1/944/AUTH_d98f9ffaeb7346169078ece01c85312d/gnocchi.f39b4c88-e5da-46d9-8e50-9fa0c4e0d91d/none_v3" 201 - "PUT http://172.18.0.163:8080/d1/727/AUTH_d98f9ffaeb7346169078ece01c85312d/gnocchi.f39b4c88-e5da-46d9-8e50-9fa0c4e0d91d/none_v3" "tx4a130e515d764a27806c8-006932995c" "object-server 22" 0.0008 "-" 23 0
Dec 5 08:35:40 np0005546416 object-server[120382]: 172.20.0.104 - - [05/Dec/2025:08:35:40 +0000] "PUT /d1/727/AUTH_d98f9ffaeb7346169078ece01c85312d/gnocchi.f39b4c88-e5da-46d9-8e50-9fa0c4e0d91d/none_v3" 201 - "PUT http://172.18.0.163:8080/v1/AUTH_d98f9ffaeb7346169078ece01c85312d/gnocchi.f39b4c88-e5da-46d9-8e50-9fa0c4e0d91d/none_v3" "tx4a130e515d764a27806c8-006932995c" "proxy-server 20" 0.0150 "-" 22 0
Dec 5 08:35:40 np0005546416 proxy-server[121677]: 172.18.0.105 172.18.0.104 05/Dec/2025/08/35/40 PUT /v1/AUTH_d98f9ffaeb7346169078ece01c85312d/gnocchi.f39b4c88-e5da-46d9-8e50-9fa0c4e0d91d/none_v3 HTTP/1.0 201 - python-swiftclient-3.11.1 gAAAAABpMpk08Sto... 22 - - tx4a130e515d764a27806c8-006932995c - 0.0250 - - 1764923740.822707176 1764923740.847707033 0
Dec 5 08:35:40 np0005546416 container-server[120032]: 172.20.0.103 - - [05/Dec/2025:08:35:40 +0000] "HEAD /d1/30/AUTH_d98f9ffaeb7346169078ece01c85312d/gnocchi.a475d309-cfe9-424e-99c2-1adc28f4a920" 404 - "HEAD http://172.18.0.163:8080/v1/AUTH_d98f9ffaeb7346169078ece01c85312d/gnocchi.a475d309-cfe9-424e-99c2-1adc28f4a920?format=json&states=listing" "tx3826748f7fca43108d1ff-006932995c" "proxy-server 20" 0.0006 "-" 19 0
Dec 5 08:35:40 np0005546416 object-server[120386]: 172.20.0.103 - - [05/Dec/2025:08:35:40 +0000] "GET /d1/479/AUTH_d98f9ffaeb7346169078ece01c85312d/gnocchi.a475d309-cfe9-424e-99c2-1adc28f4a920/none_v3" 404 70 "GET http://172.18.0.163:8080/v1/AUTH_d98f9ffaeb7346169078ece01c85312d/gnocchi.a475d309-cfe9-424e-99c2-1adc28f4a920/none_v3" "tx3826748f7fca43108d1ff-006932995c" "proxy-server 20" 0.0005 "-" 24 0
Dec 5 08:35:40 np0005546416 account-server[119962]: 172.20.0.103 - - [05/Dec/2025:08:35:40 +0000] "PUT /d1/390/AUTH_d98f9ffaeb7346169078ece01c85312d/gnocchi.a475d309-cfe9-424e-99c2-1adc28f4a920" 201 - "PUT http://172.20.0.103:6001/d1/30/AUTH_d98f9ffaeb7346169078ece01c85312d/gnocchi.a475d309-cfe9-424e-99c2-1adc28f4a920" "txf0f65d9596024b478065f-006932995c" "container-server 14" 0.0056 "-" 22 0
Dec 5 08:35:40 np0005546416 container-server[120040]: 172.20.0.105 - - [05/Dec/2025:08:35:40 +0000] "PUT /d1/30/AUTH_d98f9ffaeb7346169078ece01c85312d/gnocchi.a475d309-cfe9-424e-99c2-1adc28f4a920" 201 - "PUT http://172.18.0.163:8080/v1/AUTH_d98f9ffaeb7346169078ece01c85312d/gnocchi.a475d309-cfe9-424e-99c2-1adc28f4a920" "txf0f65d9596024b478065f-006932995c" "proxy-server 20" 0.0238 "-" 20 0
Dec 5 08:35:40 np0005546416 proxy-server[121677]: - - 05/Dec/2025/08/35/40 HEAD /v1/AUTH_d98f9ffaeb7346169078ece01c85312d/gnocchi.a475d309-cfe9-424e-99c2-1adc28f4a920%3Fformat%3Djson%26states%3Dlisting HTTP/1.0 204 - Swift - - - - tx1f7f499daee443c997671-006932995c - 0.0084 RL - 1764923740.921881437 1764923740.930259943 0
Dec 5 08:35:40 np0005546416 proxy-server[121677]: 172.18.0.163 172.18.0.104 05/Dec/2025/08/35/40 GET /v1/AUTH_d98f9ffaeb7346169078ece01c85312d/gnocchi.a475d309-cfe9-424e-99c2-1adc28f4a920%3Fformat%3Djson%26states%3Dlisting HTTP/1.0 200 - python-swiftclient-3.11.1 gAAAAABpMplca2FU... - 2 - tx1f7f499daee443c997671-006932995c - 0.0287 - - 1764923740.919090509 1764923740.947767019 0
Dec 5 08:35:40 np0005546416 object-server[120388]: 172.20.0.103 - - [05/Dec/2025:08:35:40 +0000] "GET /d1/800/AUTH_d98f9ffaeb7346169078ece01c85312d/gnocchi.a475d309-cfe9-424e-99c2-1adc28f4a920/1764720000.0_mean_300.0_v3" 404 70 "GET http://172.18.0.163:8080/v1/AUTH_d98f9ffaeb7346169078ece01c85312d/gnocchi.a475d309-cfe9-424e-99c2-1adc28f4a920/1764720000.0_mean_300.0_v3" "txf29679dfaeaa4ff28b78a-006932995c" "proxy-server 20" 0.0006 "-" 25 0
Dec 5 08:35:41 np0005546416 container-server[120040]: 172.20.0.104 - - [05/Dec/2025:08:35:41 +0000] "PUT /d1/30/AUTH_d98f9ffaeb7346169078ece01c85312d/gnocchi.a475d309-cfe9-424e-99c2-1adc28f4a920/1764720000.0_mean_300.0_v3" 201 - "PUT http://172.18.0.163:8080/d1/800/AUTH_d98f9ffaeb7346169078ece01c85312d/gnocchi.a475d309-cfe9-424e-99c2-1adc28f4a920/1764720000.0_mean_300.0_v3" "txed87e3782d5d43d594c2f-006932995c" "object-server 24" 0.0009 "-" 20 0
Dec 5 08:35:41 np0005546416 object-server[120386]: 172.20.0.105 - - [05/Dec/2025:08:35:41 +0000] "PUT /d1/800/AUTH_d98f9ffaeb7346169078ece01c85312d/gnocchi.a475d309-cfe9-424e-99c2-1adc28f4a920/1764720000.0_mean_300.0_v3" 201 - "PUT http://172.18.0.163:8080/v1/AUTH_d98f9ffaeb7346169078ece01c85312d/gnocchi.a475d309-cfe9-424e-99c2-1adc28f4a920/1764720000.0_mean_300.0_v3" "txed87e3782d5d43d594c2f-006932995c" "proxy-server 20" 0.0142 "-" 24 0
Dec 5 08:35:41 np0005546416 container-server[120060]: 172.20.0.105 - - [05/Dec/2025:08:35:41 +0000] "PUT /d1/30/AUTH_d98f9ffaeb7346169078ece01c85312d/gnocchi.a475d309-cfe9-424e-99c2-1adc28f4a920/none_v3" 201 - "PUT http://172.18.0.163:8080/d1/479/AUTH_d98f9ffaeb7346169078ece01c85312d/gnocchi.a475d309-cfe9-424e-99c2-1adc28f4a920/none_v3" "txe0e46464eeaf4c6ab4ec0-006932995d" "object-server 22" 0.0009 "-" 23 0
Dec 5 08:35:41 np0005546416 object-server[120382]: 172.20.0.104 - - [05/Dec/2025:08:35:41 +0000] "PUT /d1/479/AUTH_d98f9ffaeb7346169078ece01c85312d/gnocchi.a475d309-cfe9-424e-99c2-1adc28f4a920/none_v3" 201 - "PUT http://172.18.0.163:8080/v1/AUTH_d98f9ffaeb7346169078ece01c85312d/gnocchi.a475d309-cfe9-424e-99c2-1adc28f4a920/none_v3" "txe0e46464eeaf4c6ab4ec0-006932995d" "proxy-server 20" 0.0140 "-" 22 0
Dec 5 08:35:41 np0005546416 proxy-server[121677]: 172.18.0.163 172.18.0.104 05/Dec/2025/08/35/41 PUT /v1/AUTH_d98f9ffaeb7346169078ece01c85312d/gnocchi.a475d309-cfe9-424e-99c2-1adc28f4a920/none_v3 HTTP/1.0 201 - python-swiftclient-3.11.1 gAAAAABpMplca2FU... 22 - - txe0e46464eeaf4c6ab4ec0-006932995d - 0.0266 - - 1764923741.014456034 1764923741.041098356 0
Dec 5 08:35:52 np0005546416 account-server[119962]: 172.20.0.103 - - [05/Dec/2025:08:35:52 +0000] "PUT /d1/390/AUTH_d98f9ffaeb7346169078ece01c85312d/gnocchi.f39b4c88-e5da-46d9-8e50-9fa0c4e0d91d" 201 - "-" "-" "container-updater 2" 0.0007 "-" 22 0
Dec 5 08:35:52 np0005546416 account-server[119962]: 172.20.0.103 - - [05/Dec/2025:08:35:52 +0000] "PUT /d1/390/AUTH_d98f9ffaeb7346169078ece01c85312d/gnocchi.1b4f3fc1-baad-44ab-87ca-c4f221fb226c" 201 - "-" "-" "container-updater 2" 0.0007 "-" 22 0
Dec 5 08:35:52 np0005546416 account-server[119967]: 172.20.0.103 - - [05/Dec/2025:08:35:52 +0000] "PUT /d1/390/AUTH_d98f9ffaeb7346169078ece01c85312d/gnocchi.ed499b6b-d6df-4a7a-a899-82c37bf5d161" 201 - "-" "-" "container-updater 2" 0.0009 "-" 23 0
Dec 5 08:35:52 np0005546416 account-server[119962]: 172.20.0.103 - - [05/Dec/2025:08:35:52 +0000] "PUT /d1/390/AUTH_d98f9ffaeb7346169078ece01c85312d/gnocchi.42fc01be-8ee0-4ad9-9188-d0b6fd8f9332" 201 - "-" "-" "container-updater 2" 0.0007 "-" 22 0
Dec 5 08:35:53 np0005546416 account-server[119941]: 172.20.0.103 - - [05/Dec/2025:08:35:53 +0000] "PUT /d1/390/AUTH_d98f9ffaeb7346169078ece01c85312d/gnocchi.82e2c0ee-03be-4b0a-8fa6-a4c96e7fd76d" 201 - "-" "-" "container-updater 2" 0.0009 "-" 21 0
Dec 5 08:35:53 np0005546416 account-server[119941]: 172.20.0.103 - - [05/Dec/2025:08:35:53 +0000] "PUT /d1/390/AUTH_d98f9ffaeb7346169078ece01c85312d/gnocchi.ff28c9ab-90b8-4136-b1f1-43456cc14fab" 201 - "-" "-" "container-updater 2" 0.0007 "-" 21 0
Dec 5 08:35:53 np0005546416 account-server[119962]: 172.20.0.103 - - [05/Dec/2025:08:35:53 +0000] "PUT /d1/390/AUTH_d98f9ffaeb7346169078ece01c85312d/gnocchi.06675aa6-54f4-4933-aaf6-4cf0c938c6f7" 201 - "-" "-" "container-updater 2" 0.0005 "-" 22 0
Dec 5 08:35:53 np0005546416 account-server[119967]: 172.20.0.103 - - [05/Dec/2025:08:35:53 +0000] "PUT /d1/390/AUTH_d98f9ffaeb7346169078ece01c85312d/gnocchi.a475d309-cfe9-424e-99c2-1adc28f4a920" 201 - "-" "-" "container-updater 2" 0.0009 "-" 23 0
Dec 5 08:35:54 np0005546416 container-server[119544]: Begin container audit pass.
Dec 5 08:36:06 np0005546416 object-server[120117]: Starting object replication pass.
Dec 5 08:36:06 np0005546416 object-server[120117]: 16/16 (100.00%) partitions replicated in 0.17s (92.09/sec, 0s remaining)
Dec 5 08:36:06 np0005546416 object-server[120117]: 32 successes, 0 failures
Dec 5 08:36:06 np0005546416 object-server[120117]: 16 suffixes checked - 0.00% hashed, 0.00% synced
Dec 5 08:36:06 np0005546416 object-server[120117]: Partition times: max 0.0158s, min 0.0070s, med 0.0097s
Dec 5 08:36:06 np0005546416 object-server[120117]: Object replication complete. (0.00 minutes)
Dec 5 08:36:08 np0005546416 object-server[210114]: Begin object audit "forever" mode (ZBF)
Dec 5 08:36:08 np0005546416 object-server[210114]: Object audit (ZBF). Since Fri Dec 5 08:36:08 2025: Locally: 1 passed, 0 quarantined, 0 errors, files/sec: 499.98, bytes/sec: 0.00, Total time: 0.00, Auditing time: 0.00, Rate: 0.00
Dec 5 08:36:08 np0005546416 object-server[210114]: Object audit (ZBF) "forever" mode completed: 0.28s. Total quarantined: 0, Total errors: 0, Total files/sec: 56.47, Total bytes/sec: 0.00, Auditing time: 0.28, Rate: 0.98
Dec 5 08:36:08 np0005546416 account-server[119463]: Beginning replication run
Dec 5 08:36:08 np0005546416 account-server[119463]: Replication run OVER
Dec 5 08:36:08 np0005546416 account-server[119463]: Attempted to replicate 1 dbs in 0.04088 seconds (24.46266/s)
Dec 5 08:36:08 np0005546416 account-server[119463]: Removed 0 dbs
Dec 5 08:36:08 np0005546416 account-server[119463]: 2 successes, 0 failures
Dec 5 08:36:08 np0005546416 account-server[119463]: diff:0 diff_capped:0 empty:0 hashmatch:0 no_change:2 remote_merge:0 rsync:0 ts_repl:0
Dec 5 08:36:09 np0005546416 container-server[119604]: Beginning replication run
Dec 5 08:36:09 np0005546416 container-server[119604]: Replication run OVER
Dec 5 08:36:09 np0005546416 container-server[119604]: Attempted to replicate 8 dbs in 0.20773 seconds (38.51101/s)
Dec 5 08:36:09 np0005546416 container-server[119604]: Removed 0 dbs
Dec 5 08:36:09 np0005546416 container-server[119604]: 16 successes, 0 failures
Dec 5 08:36:09 np0005546416 container-server[119604]: diff:0 diff_capped:0 empty:0 hashmatch:0 no_change:16 remote_merge:0 rsync:0 ts_repl:0
Dec 5 08:36:24 np0005546416 account-server[119962]: 172.20.0.105 - - [05/Dec/2025:08:36:24 +0000] "PUT /d1/390/AUTH_d98f9ffaeb7346169078ece01c85312d/gnocchi.ff28c9ab-90b8-4136-b1f1-43456cc14fab" 201 - "-" "-" "container-updater 2" 0.0012 "-" 22 0
Dec 5 08:36:24 np0005546416 account-server[119941]: 172.20.0.105 - - [05/Dec/2025:08:36:24 +0000] "PUT /d1/390/AUTH_d98f9ffaeb7346169078ece01c85312d/gnocchi.ed499b6b-d6df-4a7a-a899-82c37bf5d161" 201 - "-" "-" "container-updater 2" 0.0008 "-" 21 0
Dec 5 08:36:24 np0005546416 account-server[119962]: 172.20.0.105 - - [05/Dec/2025:08:36:24 +0000] "PUT /d1/390/AUTH_d98f9ffaeb7346169078ece01c85312d/gnocchi.a475d309-cfe9-424e-99c2-1adc28f4a920" 201 - "-" "-" "container-updater 2" 0.0007 "-" 22 0
Dec 5 08:36:24 np0005546416 account-server[119938]: 172.20.0.105 - - [05/Dec/2025:08:36:24 +0000] "PUT /d1/390/AUTH_d98f9ffaeb7346169078ece01c85312d/gnocchi.82e2c0ee-03be-4b0a-8fa6-a4c96e7fd76d" 201 - "-" "-" "container-updater 2" 0.0007 "-" 20 0
Dec 5 08:36:24 np0005546416 account-server[119967]: 172.20.0.105 - - [05/Dec/2025:08:36:24 +0000] "PUT /d1/390/AUTH_d98f9ffaeb7346169078ece01c85312d/gnocchi.42fc01be-8ee0-4ad9-9188-d0b6fd8f9332" 201 - "-" "-" "container-updater 2" 0.0006 "-" 23 0
Dec 5 08:36:24 np0005546416 account-server[119962]: 172.20.0.105 - - [05/Dec/2025:08:36:24 +0000] "PUT /d1/390/AUTH_d98f9ffaeb7346169078ece01c85312d/gnocchi.f39b4c88-e5da-46d9-8e50-9fa0c4e0d91d" 201 - "-" "-" "container-updater 2" 0.0007 "-" 22 0
Dec 5 08:36:24 np0005546416 account-server[119967]: 172.20.0.105 - - [05/Dec/2025:08:36:24 +0000] "PUT /d1/390/AUTH_d98f9ffaeb7346169078ece01c85312d/gnocchi.1b4f3fc1-baad-44ab-87ca-c4f221fb226c" 201 - "-" "-" "container-updater 2" 0.0005 "-" 23 0
Dec 5 08:36:25 np0005546416 account-server[119938]: 172.20.0.105 - - [05/Dec/2025:08:36:25 +0000] "PUT /d1/390/AUTH_d98f9ffaeb7346169078ece01c85312d/gnocchi.06675aa6-54f4-4933-aaf6-4cf0c938c6f7" 201 - "-" "-" "container-updater 2" 0.0005 "-" 20 0
Dec 5 08:36:36 np0005546416 object-server[120117]: Starting object replication pass.
Dec 5 08:36:36 np0005546416 object-server[120117]: 16/16 (100.00%) partitions replicated in 0.18s (86.96/sec, 0s remaining)
Dec 5 08:36:36 np0005546416 object-server[120117]: 32 successes, 0 failures
Dec 5 08:36:36 np0005546416 object-server[120117]: 16 suffixes checked - 0.00% hashed, 0.00% synced
Dec 5 08:36:36 np0005546416 object-server[120117]: Partition times: max 0.0472s, min 0.0069s, med 0.0083s
Dec 5 08:36:36 np0005546416 object-server[120117]: Object replication complete. (0.00 minutes)
Dec 5 08:36:38 np0005546416 object-server[215990]: Begin object audit "forever" mode (ALL)
Dec 5 08:36:38 np0005546416 object-server[215989]: Begin object audit "forever" mode (ZBF)
Dec 5 08:36:38 np0005546416 object-server[215989]: Object audit (ZBF). Since Fri Dec 5 08:36:38 2025: Locally: 1 passed, 0 quarantined, 0 errors, files/sec: 502.73, bytes/sec: 0.00, Total time: 0.00, Auditing time: 0.00, Rate: 0.00
Dec 5 08:36:38 np0005546416 object-server[215990]: Object audit (ALL). Since Fri Dec 5 08:36:38 2025: Locally: 1 passed, 0 quarantined, 0 errors, files/sec: 121.27, bytes/sec: 1940.29, Total time: 0.01, Auditing time: 0.00, Rate: 0.00
Dec 5 08:36:38 np0005546416 account-server[119463]: Beginning replication run
Dec 5 08:36:38 np0005546416 account-server[119463]: Replication run OVER
Dec 5 08:36:38 np0005546416 account-server[119463]: Attempted to replicate 1 dbs in 0.04762 seconds (20.99741/s)
Dec 5 08:36:38 np0005546416 account-server[119463]: Removed 0 dbs
Dec 5 08:36:38 np0005546416 account-server[119463]: 2 successes, 0 failures
Dec 5 08:36:38 np0005546416 account-server[119463]: diff:0 diff_capped:0 empty:0 hashmatch:0 no_change:2 remote_merge:0 rsync:0 ts_repl:0
Dec 5 08:36:38 np0005546416 object-server[215989]: Object audit (ZBF) "forever" mode completed: 0.28s. Total quarantined: 0, Total errors: 0, Total files/sec: 56.45, Total bytes/sec: 0.00, Auditing time: 0.28, Rate: 0.98
Dec 5 08:36:39 np0005546416 object-server[215990]: Object audit (ALL) "forever" mode completed: 0.71s. Total quarantined: 0, Total errors: 0, Total files/sec: 22.51, Total bytes/sec: 441.72, Auditing time: 0.71, Rate: 0.99
Dec 5 08:36:39 np0005546416 container-server[119604]: Beginning replication run
Dec 5 08:36:39 np0005546416 container-server[119604]: Replication run OVER
Dec 5 08:36:39 np0005546416 container-server[119604]: Attempted to replicate 8 dbs in 0.15776 seconds (50.71009/s)
Dec 5 08:36:39 np0005546416 container-server[119604]: Removed 0 dbs
Dec 5 08:36:39 np0005546416 container-server[119604]: 16 successes, 0 failures
Dec 5 08:36:39 np0005546416 container-server[119604]: diff:0 diff_capped:0 empty:0 hashmatch:0 no_change:16 remote_merge:0 rsync:0 ts_repl:0
Dec 5 08:37:06 np0005546416 container-server[120040]: 172.20.0.103 - - [05/Dec/2025:08:37:06 +0000] "HEAD /d1/879/AUTH_d98f9ffaeb7346169078ece01c85312d/gnocchi.b278152e-ba6e-449c-a315-15cb189f344d" 404 - "HEAD http://172.18.0.163:8080/v1/AUTH_d98f9ffaeb7346169078ece01c85312d/gnocchi.b278152e-ba6e-449c-a315-15cb189f344d?format=json&states=listing" "txb174c2a4ab9544148cab3-00693299b2" "proxy-server 20" 0.0010 "-" 20 0
Dec 5 08:37:06 np0005546416 container-server[120032]: 172.20.0.105 - - [05/Dec/2025:08:37:06 +0000] "HEAD /d1/404/AUTH_d98f9ffaeb7346169078ece01c85312d/gnocchi.c8ce8cb1-2590-4b16-a916-34569c6fceb7" 404 - "HEAD http://172.18.0.163:8080/v1/AUTH_d98f9ffaeb7346169078ece01c85312d/gnocchi.c8ce8cb1-2590-4b16-a916-34569c6fceb7?format=json&states=listing" "tx4433f316acaa4536b7dea-00693299b2" "proxy-server 20" 0.0004 "-" 19 0
Dec 5 08:37:06 np0005546416 object-server[120382]: 172.20.0.103 - - [05/Dec/2025:08:37:06 +0000] "GET /d1/737/AUTH_d98f9ffaeb7346169078ece01c85312d/gnocchi.b278152e-ba6e-449c-a315-15cb189f344d/none_v3" 404 70 "GET http://172.18.0.163:8080/v1/AUTH_d98f9ffaeb7346169078ece01c85312d/gnocchi.b278152e-ba6e-449c-a315-15cb189f344d/none_v3" "txb174c2a4ab9544148cab3-00693299b2" "proxy-server 20" 0.0003 "-" 22 0
Dec 5 08:37:06 np0005546416 object-server[120386]: 172.20.0.105 - - [05/Dec/2025:08:37:06 +0000] "GET /d1/147/AUTH_d98f9ffaeb7346169078ece01c85312d/gnocchi.c8ce8cb1-2590-4b16-a916-34569c6fceb7/none_v3" 404 70 "GET http://172.18.0.163:8080/v1/AUTH_d98f9ffaeb7346169078ece01c85312d/gnocchi.c8ce8cb1-2590-4b16-a916-34569c6fceb7/none_v3" "tx4433f316acaa4536b7dea-00693299b2" "proxy-server 20" 0.0005 "-" 24 0
Dec 5 08:37:06 np0005546416 account-server[119941]: 172.20.0.104 - - [05/Dec/2025:08:37:06 +0000] "PUT /d1/390/AUTH_d98f9ffaeb7346169078ece01c85312d/gnocchi.c8ce8cb1-2590-4b16-a916-34569c6fceb7" 201 - "PUT http://172.20.0.104:6001/d1/404/AUTH_d98f9ffaeb7346169078ece01c85312d/gnocchi.c8ce8cb1-2590-4b16-a916-34569c6fceb7" "tx6c042762ae72487183324-00693299b2" "container-server 19" 0.0021 "-" 21 0
Dec 5 08:37:06 np0005546416 container-server[120032]: 172.20.0.103 - - [05/Dec/2025:08:37:06 +0000] "PUT /d1/404/AUTH_d98f9ffaeb7346169078ece01c85312d/gnocchi.c8ce8cb1-2590-4b16-a916-34569c6fceb7" 201 - "PUT http://172.18.0.163:8080/v1/AUTH_d98f9ffaeb7346169078ece01c85312d/gnocchi.c8ce8cb1-2590-4b16-a916-34569c6fceb7" "tx6c042762ae72487183324-00693299b2" "proxy-server 20" 0.0161 "-" 19 0
Dec 5 08:37:06 np0005546416 account-server[119938]: 172.20.0.104 - - [05/Dec/2025:08:37:06 +0000] "PUT /d1/390/AUTH_d98f9ffaeb7346169078ece01c85312d/gnocchi.b278152e-ba6e-449c-a315-15cb189f344d" 201 - "PUT http://172.20.0.104:6001/d1/879/AUTH_d98f9ffaeb7346169078ece01c85312d/gnocchi.b278152e-ba6e-449c-a315-15cb189f344d" "txa8bbc56d8cdf4999bdbf1-00693299b2" "container-server 23" 0.0063 "-" 20 0
Dec 5 08:37:06 np0005546416 container-server[120060]: 172.20.0.104 - - [05/Dec/2025:08:37:06 +0000] "PUT /d1/879/AUTH_d98f9ffaeb7346169078ece01c85312d/gnocchi.b278152e-ba6e-449c-a315-15cb189f344d" 201 - "PUT http://172.18.0.163:8080/v1/AUTH_d98f9ffaeb7346169078ece01c85312d/gnocchi.b278152e-ba6e-449c-a315-15cb189f344d" "txa8bbc56d8cdf4999bdbf1-00693299b2" "proxy-server 20" 0.0240 "-" 23 0
Dec 5 08:37:06 np0005546416 proxy-server[121677]: 172.18.0.105 172.18.0.104 05/Dec/2025/08/37/06 PUT /v1/AUTH_d98f9ffaeb7346169078ece01c85312d/gnocchi.b278152e-ba6e-449c-a315-15cb189f344d HTTP/1.0 201 - python-swiftclient-3.11.1 gAAAAABpMpk08Sto... - - - txa8bbc56d8cdf4999bdbf1-00693299b2 - 0.0423 - - 1764923826.442977905 1764923826.485306263 0
Dec 5 08:37:06 np0005546416 container-server[120032]: 172.20.0.105 - - [05/Dec/2025:08:37:06 +0000] "HEAD /d1/879/AUTH_d98f9ffaeb7346169078ece01c85312d/gnocchi.b278152e-ba6e-449c-a315-15cb189f344d" 204 - "HEAD http://172.18.0.163:8080/v1/AUTH_d98f9ffaeb7346169078ece01c85312d/gnocchi.b278152e-ba6e-449c-a315-15cb189f344d?format=json&states=listing" "txbf530db3b0d1435fa02fc-00693299b2" "proxy-server 20" 0.0017 "-" 19 0
Dec 5 08:37:06 np0005546416 proxy-server[121677]: - - 05/Dec/2025/08/37/06 HEAD /v1/AUTH_d98f9ffaeb7346169078ece01c85312d/gnocchi.c8ce8cb1-2590-4b16-a916-34569c6fceb7%3Fformat%3Djson%26states%3Dlisting HTTP/1.0 204 - Swift - - - - tx318e7d94589e4b17af1f7-00693299b2 - 0.0085 RL - 1764923826.494261265 1764923826.502809048 0
Dec 5 08:37:06 np0005546416 container-server[120048]: 172.20.0.105 - - [05/Dec/2025:08:37:06 +0000] "GET /d1/879/AUTH_d98f9ffaeb7346169078ece01c85312d/gnocchi.b278152e-ba6e-449c-a315-15cb189f344d" 200 2 "GET http://172.18.0.163:8080/v1/AUTH_d98f9ffaeb7346169078ece01c85312d/gnocchi.b278152e-ba6e-449c-a315-15cb189f344d?format=json&states=listing" "txbf530db3b0d1435fa02fc-00693299b2" "proxy-server 20" 0.0021 "-" 21 0
Dec 5 08:37:06 np0005546416 proxy-server[121677]: 172.18.0.103 172.18.0.104 05/Dec/2025/08/37/06 GET /v1/AUTH_d98f9ffaeb7346169078ece01c85312d/gnocchi.c8ce8cb1-2590-4b16-a916-34569c6fceb7%3Fformat%3Djson%26states%3Dlisting HTTP/1.0 200 - python-swiftclient-3.11.1 gAAAAABpMpkVTcQj... - 2 - tx318e7d94589e4b17af1f7-00693299b2 - 0.0217 - - 1764923826.492081165 1764923826.513812065 0
Dec 5 08:37:06 np0005546416 container-server[120048]: 172.20.0.103 - - [05/Dec/2025:08:37:06 +0000] "HEAD /d1/222/AUTH_d98f9ffaeb7346169078ece01c85312d/gnocchi.73873ac0-f7e7-450a-95b1-92604f624d4f" 404 - "HEAD http://172.18.0.163:8080/v1/AUTH_d98f9ffaeb7346169078ece01c85312d/gnocchi.73873ac0-f7e7-450a-95b1-92604f624d4f?format=json&states=listing" "txe6236ece4d364d5cb0020-00693299b2" "proxy-server 20" 0.0005 "-" 21 0
Dec 5 08:37:06 np0005546416 object-server[120386]: 172.20.0.104 - - [05/Dec/2025:08:37:06 +0000] "GET /d1/432/AUTH_d98f9ffaeb7346169078ece01c85312d/gnocchi.c8ce8cb1-2590-4b16-a916-34569c6fceb7/1764720000.0_mean_300.0_v3" 404 70 "GET http://172.18.0.163:8080/v1/AUTH_d98f9ffaeb7346169078ece01c85312d/gnocchi.c8ce8cb1-2590-4b16-a916-34569c6fceb7/1764720000.0_mean_300.0_v3" "tx51831e8f565c4eb18fad1-00693299b2" "proxy-server 20" 0.0005 "-" 24 0
Dec 5 08:37:06 np0005546416 object-server[120385]: 172.20.0.105 - - [05/Dec/2025:08:37:06 +0000] "GET /d1/995/AUTH_d98f9ffaeb7346169078ece01c85312d/gnocchi.b278152e-ba6e-449c-a315-15cb189f344d/1764720000.0_mean_300.0_v3" 404 70 "GET http://172.18.0.163:8080/v1/AUTH_d98f9ffaeb7346169078ece01c85312d/gnocchi.b278152e-ba6e-449c-a315-15cb189f344d/1764720000.0_mean_300.0_v3" "tx8a245e64194e42f49f721-00693299b2" "proxy-server 20" 0.0008 "-" 23 0
Dec 5 08:37:06 np0005546416 proxy-server[121677]: 172.18.0.103 172.18.0.104 05/Dec/2025/08/37/06 GET /v1/AUTH_d98f9ffaeb7346169078ece01c85312d/gnocchi.c8ce8cb1-2590-4b16-a916-34569c6fceb7/1764720000.0_mean_300.0_v3 HTTP/1.0 404 - python-swiftclient-3.11.1 gAAAAABpMpkVTcQj... - 70 - tx51831e8f565c4eb18fad1-00693299b2 - 0.0135 - - 1764923826.519326687 1764923826.532865763 0
Dec 5 08:37:06 np0005546416 object-server[120388]: 172.20.0.103 - - [05/Dec/2025:08:37:06 +0000] "GET /d1/449/AUTH_d98f9ffaeb7346169078ece01c85312d/gnocchi.73873ac0-f7e7-450a-95b1-92604f624d4f/none_v3" 404 70 "GET http://172.18.0.163:8080/v1/AUTH_d98f9ffaeb7346169078ece01c85312d/gnocchi.73873ac0-f7e7-450a-95b1-92604f624d4f/none_v3" "txe6236ece4d364d5cb0020-00693299b2" "proxy-server 20" 0.0005 "-" 25 0
Dec 5 08:37:06 np0005546416 container-server[120048]: 172.20.0.104 - - [05/Dec/2025:08:37:06 +0000] "PUT /d1/879/AUTH_d98f9ffaeb7346169078ece01c85312d/gnocchi.b278152e-ba6e-449c-a315-15cb189f344d/1764720000.0_mean_300.0_v3" 201 - "PUT http://172.18.0.163:8080/d1/995/AUTH_d98f9ffaeb7346169078ece01c85312d/gnocchi.b278152e-ba6e-449c-a315-15cb189f344d/1764720000.0_mean_300.0_v3" "tx1569805792dd48d9a72a4-00693299b2" "object-server 23" 0.0005 "-" 21 0
Dec 5 08:37:06 np0005546416 object-server[120385]: 172.20.0.105 - - [05/Dec/2025:08:37:06 +0000] "PUT /d1/995/AUTH_d98f9ffaeb7346169078ece01c85312d/gnocchi.b278152e-ba6e-449c-a315-15cb189f344d/1764720000.0_mean_300.0_v3" 201 - "PUT http://172.18.0.163:8080/v1/AUTH_d98f9ffaeb7346169078ece01c85312d/gnocchi.b278152e-ba6e-449c-a315-15cb189f344d/1764720000.0_mean_300.0_v3" "tx1569805792dd48d9a72a4-00693299b2" "proxy-server 20" 0.0126 "-" 23 0
Dec 5 08:37:06 np0005546416 object-server[120385]: 172.20.0.104 - - [05/Dec/2025:08:37:06 +0000] "PUT /d1/432/AUTH_d98f9ffaeb7346169078ece01c85312d/gnocchi.c8ce8cb1-2590-4b16-a916-34569c6fceb7/1764720000.0_mean_300.0_v3" 201 - "PUT http://172.18.0.163:8080/v1/AUTH_d98f9ffaeb7346169078ece01c85312d/gnocchi.c8ce8cb1-2590-4b16-a916-34569c6fceb7/1764720000.0_mean_300.0_v3" "txb59a662f68cc4a01b2cc6-00693299b2" "proxy-server 20" 0.0152 "-" 23 0
Dec 5 08:37:06 np0005546416 container-server[120032]: 172.20.0.103 - - [05/Dec/2025:08:37:06 +0000] "PUT /d1/404/AUTH_d98f9ffaeb7346169078ece01c85312d/gnocchi.c8ce8cb1-2590-4b16-a916-34569c6fceb7/1764720000.0_mean_300.0_v3" 201 - "PUT http://172.18.0.163:8080/d1/432/AUTH_d98f9ffaeb7346169078ece01c85312d/gnocchi.c8ce8cb1-2590-4b16-a916-34569c6fceb7/1764720000.0_mean_300.0_v3" "txb59a662f68cc4a01b2cc6-00693299b2" "object-server 23" 0.0005 "-" 19 0
Dec 5 08:37:06 np0005546416 account-server[119941]: 172.20.0.103 - - [05/Dec/2025:08:37:06 +0000] "PUT /d1/390/AUTH_d98f9ffaeb7346169078ece01c85312d/gnocchi.73873ac0-f7e7-450a-95b1-92604f624d4f" 201 - "PUT http://172.20.0.103:6001/d1/222/AUTH_d98f9ffaeb7346169078ece01c85312d/gnocchi.73873ac0-f7e7-450a-95b1-92604f624d4f" "tx2338efaa2af04e209f11f-00693299b2" "container-server 17" 0.0043 "-" 21 0
Dec 5 08:37:06 np0005546416 proxy-server[121677]: 172.18.0.103 172.18.0.104 05/Dec/2025/08/37/06 PUT /v1/AUTH_d98f9ffaeb7346169078ece01c85312d/gnocchi.c8ce8cb1-2590-4b16-a916-34569c6fceb7/1764720000.0_mean_300.0_v3 HTTP/1.0 201 - python-swiftclient-3.11.1 gAAAAABpMpkVTcQj... 16 - - txb59a662f68cc4a01b2cc6-00693299b2 - 0.0311 - - 1764923826.536438465 1764923826.567579746 0
Dec 5 08:37:06 np0005546416 container-server[120060]: 172.20.0.103 - - [05/Dec/2025:08:37:06 +0000] "PUT /d1/222/AUTH_d98f9ffaeb7346169078ece01c85312d/gnocchi.73873ac0-f7e7-450a-95b1-92604f624d4f" 201 - "PUT http://172.18.0.163:8080/v1/AUTH_d98f9ffaeb7346169078ece01c85312d/gnocchi.73873ac0-f7e7-450a-95b1-92604f624d4f" "tx2338efaa2af04e209f11f-00693299b2" "proxy-server 20" 0.0210 "-" 23 0
Dec 5 08:37:06 np0005546416 container-server[120060]: 172.20.0.103 - - [05/Dec/2025:08:37:06 +0000] "PUT /d1/404/AUTH_d98f9ffaeb7346169078ece01c85312d/gnocchi.c8ce8cb1-2590-4b16-a916-34569c6fceb7/none_v3" 201 - "PUT http://172.18.0.163:8080/d1/147/AUTH_d98f9ffaeb7346169078ece01c85312d/gnocchi.c8ce8cb1-2590-4b16-a916-34569c6fceb7/none_v3" "txa5af92c88c634ab5b3a18-00693299b2" "object-server 24" 0.0008 "-" 23 0
Dec 5 08:37:06 np0005546416 object-server[120382]: 172.20.0.104 - - [05/Dec/2025:08:37:06 +0000] "PUT /d1/147/AUTH_d98f9ffaeb7346169078ece01c85312d/gnocchi.c8ce8cb1-2590-4b16-a916-34569c6fceb7/none_v3" 201 - "PUT http://172.18.0.163:8080/v1/AUTH_d98f9ffaeb7346169078ece01c85312d/gnocchi.c8ce8cb1-2590-4b16-a916-34569c6fceb7/none_v3" "txa5af92c88c634ab5b3a18-00693299b2" "proxy-server 20" 0.0168 "-" 22 0
Dec 5 08:37:06 np0005546416 proxy-server[121677]: 172.18.0.103 172.18.0.104 05/Dec/2025/08/37/06 PUT /v1/AUTH_d98f9ffaeb7346169078ece01c85312d/gnocchi.c8ce8cb1-2590-4b16-a916-34569c6fceb7/none_v3 HTTP/1.0 201 - python-swiftclient-3.11.1 gAAAAABpMpkVTcQj... 22 - - txa5af92c88c634ab5b3a18-00693299b2 - 0.0244 - - 1764923826.571409702 1764923826.595794201 0
Dec 5 08:37:06 np0005546416 object-server[120382]: 172.20.0.105 - - [05/Dec/2025:08:37:06 +0000] "PUT /d1/737/AUTH_d98f9ffaeb7346169078ece01c85312d/gnocchi.b278152e-ba6e-449c-a315-15cb189f344d/none_v3" 201 - "PUT http://172.18.0.163:8080/v1/AUTH_d98f9ffaeb7346169078ece01c85312d/gnocchi.b278152e-ba6e-449c-a315-15cb189f344d/none_v3" "tx18089eefe2894289b2c3a-00693299b2" "proxy-server 20" 0.0117 "-" 22 0
Dec 5 08:37:06 np0005546416 container-server[120040]: 172.20.0.103 - - [05/Dec/2025:08:37:06 +0000] "PUT /d1/879/AUTH_d98f9ffaeb7346169078ece01c85312d/gnocchi.b278152e-ba6e-449c-a315-15cb189f344d/none_v3" 201 - "PUT http://172.18.0.163:8080/d1/737/AUTH_d98f9ffaeb7346169078ece01c85312d/gnocchi.b278152e-ba6e-449c-a315-15cb189f344d/none_v3" "tx18089eefe2894289b2c3a-00693299b2" "object-server 25" 0.0014 "-" 20 0
Dec 5 08:37:06 np0005546416 object-server[120385]: 172.20.0.104 - - [05/Dec/2025:08:37:06 +0000] "GET /d1/827/AUTH_d98f9ffaeb7346169078ece01c85312d/gnocchi.73873ac0-f7e7-450a-95b1-92604f624d4f/1764720000.0_mean_300.0_v3" 404 70 "GET http://172.18.0.163:8080/v1/AUTH_d98f9ffaeb7346169078ece01c85312d/gnocchi.73873ac0-f7e7-450a-95b1-92604f624d4f/1764720000.0_mean_300.0_v3" "tx22cd64021eb842f3b10d6-00693299b2" "proxy-server 20" 0.0004 "-" 23 0
Dec 5 08:37:06 np0005546416 proxy-server[121677]: 172.18.0.163 172.18.0.104 05/Dec/2025/08/37/06 GET /v1/AUTH_d98f9ffaeb7346169078ece01c85312d/gnocchi.73873ac0-f7e7-450a-95b1-92604f624d4f/1764720000.0_mean_300.0_v3 HTTP/1.0 404 - python-swiftclient-3.11.1 gAAAAABpMplca2FU... - 70 - tx22cd64021eb842f3b10d6-00693299b2 - 0.0153 - - 1764923826.599621296 1764923826.614953518 0
Dec 5 08:37:06 np0005546416 container-server[120032]: 172.20.0.103 - - [05/Dec/2025:08:37:06 +0000] "HEAD /d1/236/AUTH_d98f9ffaeb7346169078ece01c85312d/gnocchi.8b71821f-7ead-4694-b4fa-597ba68af099" 404 - "HEAD http://172.18.0.163:8080/v1/AUTH_d98f9ffaeb7346169078ece01c85312d/gnocchi.8b71821f-7ead-4694-b4fa-597ba68af099?format=json&states=listing" "txd9410e92ff254ff9940d2-00693299b2" "proxy-server 20" 0.0004 "-" 19 0
Dec 5 08:37:06 np0005546416 container-server[120060]: 172.20.0.105 - - [05/Dec/2025:08:37:06 +0000] "HEAD /d1/127/AUTH_d98f9ffaeb7346169078ece01c85312d/gnocchi.a19fafa9-2a6b-4c42-b73e-fd555a398fbb" 404 - "HEAD http://172.18.0.163:8080/v1/AUTH_d98f9ffaeb7346169078ece01c85312d/gnocchi.a19fafa9-2a6b-4c42-b73e-fd555a398fbb?format=json&states=listing" "tx46cb6c5fe88b4c4fa9206-00693299b2" "proxy-server 20" 0.0008 "-" 23 0
Dec 5 08:37:06 np0005546416 object-server[120385]: 172.20.0.103 - - [05/Dec/2025:08:37:06 +0000] "GET /d1/1003/AUTH_d98f9ffaeb7346169078ece01c85312d/gnocchi.8b71821f-7ead-4694-b4fa-597ba68af099/none_v3" 404 70 "GET http://172.18.0.163:8080/v1/AUTH_d98f9ffaeb7346169078ece01c85312d/gnocchi.8b71821f-7ead-4694-b4fa-597ba68af099/none_v3" "txd9410e92ff254ff9940d2-00693299b2" "proxy-server 20" 0.0007 "-" 23 0
Dec 5 08:37:06 np0005546416 container-server[120040]: 172.20.0.104 - - [05/Dec/2025:08:37:06 +0000] "PUT /d1/222/AUTH_d98f9ffaeb7346169078ece01c85312d/gnocchi.73873ac0-f7e7-450a-95b1-92604f624d4f/1764720000.0_mean_300.0_v3" 201 - "PUT http://172.18.0.163:8080/d1/827/AUTH_d98f9ffaeb7346169078ece01c85312d/gnocchi.73873ac0-f7e7-450a-95b1-92604f624d4f/1764720000.0_mean_300.0_v3" "txcfa066ce29444ca4a84f0-00693299b2" "object-server 24" 0.0008 "-" 20 0
Dec 5 08:37:06 np0005546416 object-server[120386]: 172.20.0.105 - - [05/Dec/2025:08:37:06 +0000] "GET /d1/80/AUTH_d98f9ffaeb7346169078ece01c85312d/gnocchi.a19fafa9-2a6b-4c42-b73e-fd555a398fbb/none_v3" 404 70 "GET http://172.18.0.163:8080/v1/AUTH_d98f9ffaeb7346169078ece01c85312d/gnocchi.a19fafa9-2a6b-4c42-b73e-fd555a398fbb/none_v3" "tx46cb6c5fe88b4c4fa9206-00693299b2" "proxy-server 20" 0.0009 "-" 24 0
Dec 5 08:37:06 np0005546416 object-server[120386]: 172.20.0.104 - - [05/Dec/2025:08:37:06 +0000] "PUT /d1/827/AUTH_d98f9ffaeb7346169078ece01c85312d/gnocchi.73873ac0-f7e7-450a-95b1-92604f624d4f/1764720000.0_mean_300.0_v3" 201 - "PUT http://172.18.0.163:8080/v1/AUTH_d98f9ffaeb7346169078ece01c85312d/gnocchi.73873ac0-f7e7-450a-95b1-92604f624d4f/1764720000.0_mean_300.0_v3" "txcfa066ce29444ca4a84f0-00693299b2" "proxy-server 20" 0.0138 "-" 24 0
Dec 5 08:37:06 np0005546416 proxy-server[121677]: 172.18.0.163 172.18.0.104 05/Dec/2025/08/37/06 PUT /v1/AUTH_d98f9ffaeb7346169078ece01c85312d/gnocchi.73873ac0-f7e7-450a-95b1-92604f624d4f/1764720000.0_mean_300.0_v3 HTTP/1.0 201 - python-swiftclient-3.11.1 gAAAAABpMplca2FU... 16 - - txcfa066ce29444ca4a84f0-00693299b2 - 0.0216 - - 1764923826.618352175 1764923826.639943123 0
Dec 5 08:37:06 np0005546416 object-server[120117]: Starting object replication pass.
Dec 5 08:37:06 np0005546416 account-server[119967]: 172.20.0.103 - - [05/Dec/2025:08:37:06 +0000] "PUT /d1/390/AUTH_d98f9ffaeb7346169078ece01c85312d/gnocchi.8b71821f-7ead-4694-b4fa-597ba68af099" 201 - "PUT http://172.20.0.103:6001/d1/236/AUTH_d98f9ffaeb7346169078ece01c85312d/gnocchi.8b71821f-7ead-4694-b4fa-597ba68af099" "tx104b553063634f73bf79f-00693299b2" "container-server 14" 0.0058 "-" 23 0
Dec 5 08:37:06 np0005546416 container-server[120040]: 172.20.0.104 - - [05/Dec/2025:08:37:06 +0000] "PUT /d1/222/AUTH_d98f9ffaeb7346169078ece01c85312d/gnocchi.73873ac0-f7e7-450a-95b1-92604f624d4f/none_v3" 201 - "PUT http://172.18.0.163:8080/d1/449/AUTH_d98f9ffaeb7346169078ece01c85312d/gnocchi.73873ac0-f7e7-450a-95b1-92604f624d4f/none_v3" "txaa2a4f50248b4c4caf858-00693299b2" "object-server 24" 0.0004 "-" 20 0
Dec 5 08:37:06 np0005546416 object-server[120386]: 172.20.0.104 - - [05/Dec/2025:08:37:06 +0000] "PUT /d1/449/AUTH_d98f9ffaeb7346169078ece01c85312d/gnocchi.73873ac0-f7e7-450a-95b1-92604f624d4f/none_v3" 201 - "PUT http://172.18.0.163:8080/v1/AUTH_d98f9ffaeb7346169078ece01c85312d/gnocchi.73873ac0-f7e7-450a-95b1-92604f624d4f/none_v3" "txaa2a4f50248b4c4caf858-00693299b2" "proxy-server 20" 0.0153 "-" 24 0
Dec 5 08:37:06 np0005546416 proxy-server[121677]: 172.18.0.163 172.18.0.104 05/Dec/2025/08/37/06 PUT /v1/AUTH_d98f9ffaeb7346169078ece01c85312d/gnocchi.73873ac0-f7e7-450a-95b1-92604f624d4f/none_v3 HTTP/1.0 201 - python-swiftclient-3.11.1 gAAAAABpMplca2FU... 22 - - txaa2a4f50248b4c4caf858-00693299b2 - 0.0264 - - 1764923826.642840385 1764923826.669229507 0
Dec 5 08:37:06 np0005546416 container-server[120040]: 172.20.0.103 - - [05/Dec/2025:08:37:06 +0000] "PUT /d1/236/AUTH_d98f9ffaeb7346169078ece01c85312d/gnocchi.8b71821f-7ead-4694-b4fa-597ba68af099" 201 - "PUT http://172.18.0.163:8080/v1/AUTH_d98f9ffaeb7346169078ece01c85312d/gnocchi.8b71821f-7ead-4694-b4fa-597ba68af099" "tx104b553063634f73bf79f-00693299b2" "proxy-server 20" 0.0226 "-" 20 0
Dec 5 08:37:06 np0005546416 account-server[119938]: 172.20.0.104 - - [05/Dec/2025:08:37:06 +0000] "PUT /d1/390/AUTH_d98f9ffaeb7346169078ece01c85312d/gnocchi.a19fafa9-2a6b-4c42-b73e-fd555a398fbb" 201 - "PUT http://172.20.0.104:6001/d1/127/AUTH_d98f9ffaeb7346169078ece01c85312d/gnocchi.a19fafa9-2a6b-4c42-b73e-fd555a398fbb" "tx54e0a66fa8d54927aa2aa-00693299b2" "container-server 21" 0.0075 "-" 20 0
Dec 5 08:37:06 np0005546416 container-server[120048]: 172.20.0.105 - - [05/Dec/2025:08:37:06 +0000] "PUT /d1/127/AUTH_d98f9ffaeb7346169078ece01c85312d/gnocchi.a19fafa9-2a6b-4c42-b73e-fd555a398fbb" 201 - "PUT http://172.18.0.163:8080/v1/AUTH_d98f9ffaeb7346169078ece01c85312d/gnocchi.a19fafa9-2a6b-4c42-b73e-fd555a398fbb" "tx54e0a66fa8d54927aa2aa-00693299b2" "proxy-server 20" 0.0238 "-" 21 0
Dec 5 08:37:06 np0005546416 proxy-server[121677]: - - 05/Dec/2025/08/37/06 HEAD /v1/AUTH_d98f9ffaeb7346169078ece01c85312d/gnocchi.8b71821f-7ead-4694-b4fa-597ba68af099%3Fformat%3Djson%26states%3Dlisting HTTP/1.0 204 - Swift - - - - tx4d858f2c0ac84918ae8f8-00693299b2 - 0.0069 RL - 1764923826.682810068 1764923826.689747095 0
Dec 5 08:37:06 np0005546416 container-server[120048]: 172.20.0.105 - - [05/Dec/2025:08:37:06 +0000] "HEAD /d1/671/AUTH_d98f9ffaeb7346169078ece01c85312d/gnocchi.3c4ed3b2-b76b-4d09-b40d-538175256497" 404 - "HEAD http://172.18.0.163:8080/v1/AUTH_d98f9ffaeb7346169078ece01c85312d/gnocchi.3c4ed3b2-b76b-4d09-b40d-538175256497?format=json&states=listing" "txf35a27c5e620402ba410b-00693299b2" "proxy-server 20" 0.0004 "-" 21 0
Dec 5 08:37:06 np0005546416 container-server[120032]: 172.20.0.103 - - [05/Dec/2025:08:37:06 +0000] "GET /d1/127/AUTH_d98f9ffaeb7346169078ece01c85312d/gnocchi.a19fafa9-2a6b-4c42-b73e-fd555a398fbb" 200 2 "GET http://172.18.0.163:8080/v1/AUTH_d98f9ffaeb7346169078ece01c85312d/gnocchi.a19fafa9-2a6b-4c42-b73e-fd555a398fbb?format=json&states=listing" "txede5ac81d3a14865bd986-00693299b2" "proxy-server 20" 0.0018 "-" 19 0
Dec 5 08:37:06 np0005546416 proxy-server[121677]: 172.18.0.103 172.18.0.104 05/Dec/2025/08/37/06 GET /v1/AUTH_d98f9ffaeb7346169078ece01c85312d/gnocchi.8b71821f-7ead-4694-b4fa-597ba68af099%3Fformat%3Djson%26states%3Dlisting HTTP/1.0 200 - python-swiftclient-3.11.1 gAAAAABpMpkVTcQj... - 2 - tx4d858f2c0ac84918ae8f8-00693299b2 - 0.0226 - - 1764923826.679477692 1764923826.702099085 0
Dec 5 08:37:06 np0005546416 object-server[120385]: 172.20.0.105 - - [05/Dec/2025:08:37:06 +0000] "GET /d1/379/AUTH_d98f9ffaeb7346169078ece01c85312d/gnocchi.3c4ed3b2-b76b-4d09-b40d-538175256497/none_v3" 404 70 "GET http://172.18.0.163:8080/v1/AUTH_d98f9ffaeb7346169078ece01c85312d/gnocchi.3c4ed3b2-b76b-4d09-b40d-538175256497/none_v3" "txf35a27c5e620402ba410b-00693299b2" "proxy-server 20" 0.0004 "-" 23 0
Dec 5 08:37:06 np0005546416 object-server[120388]: 172.20.0.103 - - [05/Dec/2025:08:37:06 +0000] "GET /d1/138/AUTH_d98f9ffaeb7346169078ece01c85312d/gnocchi.a19fafa9-2a6b-4c42-b73e-fd555a398fbb/1764720000.0_mean_300.0_v3" 404 70 "GET http://172.18.0.163:8080/v1/AUTH_d98f9ffaeb7346169078ece01c85312d/gnocchi.a19fafa9-2a6b-4c42-b73e-fd555a398fbb/1764720000.0_mean_300.0_v3" "tx85ca19f071f5412d901c3-00693299b2" "proxy-server 20" 0.0007 "-" 25 0
Dec 5 08:37:06 np0005546416 object-server[120386]: 172.20.0.104 - - [05/Dec/2025:08:37:06 +0000] "GET /d1/802/AUTH_d98f9ffaeb7346169078ece01c85312d/gnocchi.8b71821f-7ead-4694-b4fa-597ba68af099/1764720000.0_mean_300.0_v3" 404 70 "GET http://172.18.0.163:8080/v1/AUTH_d98f9ffaeb7346169078ece01c85312d/gnocchi.8b71821f-7ead-4694-b4fa-597ba68af099/1764720000.0_mean_300.0_v3" "tx49797e4b27bb4502897d6-00693299b2" "proxy-server 20" 0.0007 "-" 24 0
Dec 5 08:37:06 np0005546416 container-server[120048]: 172.20.0.105 - - [05/Dec/2025:08:37:06 +0000] "PUT /d1/671/AUTH_d98f9ffaeb7346169078ece01c85312d/gnocchi.3c4ed3b2-b76b-4d09-b40d-538175256497" 201 - "PUT http://172.18.0.163:8080/v1/AUTH_d98f9ffaeb7346169078ece01c85312d/gnocchi.3c4ed3b2-b76b-4d09-b40d-538175256497" "txcd9471785d39464bbc783-00693299b2" "proxy-server 20" 0.0145 "-" 21 0
Dec 5 08:37:06 np0005546416 account-server[119941]: 172.20.0.103 - - [05/Dec/2025:08:37:06 +0000] "PUT /d1/390/AUTH_d98f9ffaeb7346169078ece01c85312d/gnocchi.3c4ed3b2-b76b-4d09-b40d-538175256497" 201 - "PUT http://172.20.0.103:6001/d1/671/AUTH_d98f9ffaeb7346169078ece01c85312d/gnocchi.3c4ed3b2-b76b-4d09-b40d-538175256497" "txcd9471785d39464bbc783-00693299b2" "container-server 16" 0.0100 "-" 21 0
Dec 5 08:37:06 np0005546416 proxy-server[121677]: 172.18.0.103 172.18.0.104 05/Dec/2025/08/37/06 GET /v1/AUTH_d98f9ffaeb7346169078ece01c85312d/gnocchi.8b71821f-7ead-4694-b4fa-597ba68af099/1764720000.0_mean_300.0_v3 HTTP/1.0 404 - python-swiftclient-3.11.1 gAAAAABpMpkVTcQj... - 70 - tx49797e4b27bb4502897d6-00693299b2 - 0.0325 - - 1764923826.708477497 1764923826.741024971 0
Dec 5 08:37:06 np0005546416 object-server[120388]: 172.20.0.103 - - [05/Dec/2025:08:37:06 +0000] "PUT /d1/138/AUTH_d98f9ffaeb7346169078ece01c85312d/gnocchi.a19fafa9-2a6b-4c42-b73e-fd555a398fbb/1764720000.0_mean_300.0_v3" 201 - "PUT http://172.18.0.163:8080/v1/AUTH_d98f9ffaeb7346169078ece01c85312d/gnocchi.a19fafa9-2a6b-4c42-b73e-fd555a398fbb/1764720000.0_mean_300.0_v3" "tx8364a4d147924ce1934ec-00693299b2" "proxy-server 20" 0.0120 "-" 25 0
Dec 5 08:37:06 np0005546416 container-server[120032]: 172.20.0.103 - - [05/Dec/2025:08:37:06 +0000] "PUT /d1/127/AUTH_d98f9ffaeb7346169078ece01c85312d/gnocchi.a19fafa9-2a6b-4c42-b73e-fd555a398fbb/1764720000.0_mean_300.0_v3" 201 - "PUT http://172.18.0.163:8080/d1/138/AUTH_d98f9ffaeb7346169078ece01c85312d/gnocchi.a19fafa9-2a6b-4c42-b73e-fd555a398fbb/1764720000.0_mean_300.0_v3" "tx8364a4d147924ce1934ec-00693299b2" "object-server 24" 0.0005 "-" 19 0
Dec 5 08:37:06 np0005546416 container-server[120040]: 172.20.0.104 - - [05/Dec/2025:08:37:06 +0000] "HEAD /d1/885/AUTH_d98f9ffaeb7346169078ece01c85312d/gnocchi.83b56b9b-ca98-4b4c-ac4b-8c3cfc996897" 404 - "HEAD http://172.18.0.163:8080/v1/AUTH_d98f9ffaeb7346169078ece01c85312d/gnocchi.83b56b9b-ca98-4b4c-ac4b-8c3cfc996897?format=json&states=listing" "tx47b507549ee14c41b7af8-00693299b2" "proxy-server 20" 0.0004 "-" 20 0
Dec 5 08:37:06 np0005546416 object-server[120385]: 172.20.0.104 - - [05/Dec/2025:08:37:06 +0000] "GET /d1/613/AUTH_d98f9ffaeb7346169078ece01c85312d/gnocchi.83b56b9b-ca98-4b4c-ac4b-8c3cfc996897/none_v3" 404 70 "GET http://172.18.0.163:8080/v1/AUTH_d98f9ffaeb7346169078ece01c85312d/gnocchi.83b56b9b-ca98-4b4c-ac4b-8c3cfc996897/none_v3" "tx47b507549ee14c41b7af8-00693299b2" "proxy-server 20" 0.0005 "-" 23 0
Dec 5 08:37:06 np0005546416 container-server[120060]: 172.20.0.103 - - [05/Dec/2025:08:37:06 +0000] "PUT /d1/236/AUTH_d98f9ffaeb7346169078ece01c85312d/gnocchi.8b71821f-7ead-4694-b4fa-597ba68af099/1764720000.0_mean_300.0_v3" 201 - "PUT http://172.18.0.163:8080/d1/802/AUTH_d98f9ffaeb7346169078ece01c85312d/gnocchi.8b71821f-7ead-4694-b4fa-597ba68af099/1764720000.0_mean_300.0_v3" "tx4175be80e84942ff93d87-00693299b2" "object-server 23" 0.0007 "-" 23 0
Dec 5 08:37:06 np0005546416 object-server[120386]: 172.20.0.105 - - [05/Dec/2025:08:37:06 +0000] "PUT /d1/802/AUTH_d98f9ffaeb7346169078ece01c85312d/gnocchi.8b71821f-7ead-4694-b4fa-597ba68af099/1764720000.0_mean_300.0_v3" 201 - "PUT http://172.18.0.163:8080/v1/AUTH_d98f9ffaeb7346169078ece01c85312d/gnocchi.8b71821f-7ead-4694-b4fa-597ba68af099/1764720000.0_mean_300.0_v3" "tx4175be80e84942ff93d87-00693299b2" "proxy-server 20" 0.0126 "-" 24 0
Dec 5 08:37:06 np0005546416 proxy-server[121677]: 172.18.0.163 172.18.0.104 05/Dec/2025/08/37/06 GET /v1/AUTH_d98f9ffaeb7346169078ece01c85312d/gnocchi.83b56b9b-ca98-4b4c-ac4b-8c3cfc996897/none_v3 HTTP/1.0 404 - python-swiftclient-3.11.1 gAAAAABpMplca2FU... - 70 - tx47b507549ee14c41b7af8-00693299b2 - 0.0337 - - 1764923826.746455193 1764923826.780186415 0
Dec 5 08:37:06 np0005546416 container-server[120060]: 172.20.0.104 - - [05/Dec/2025:08:37:06 +0000] "PUT /d1/127/AUTH_d98f9ffaeb7346169078ece01c85312d/gnocchi.a19fafa9-2a6b-4c42-b73e-fd555a398fbb/none_v3" 201 - "PUT http://172.18.0.163:8080/d1/80/AUTH_d98f9ffaeb7346169078ece01c85312d/gnocchi.a19fafa9-2a6b-4c42-b73e-fd555a398fbb/none_v3" "txef929135b6bb4fd9843fe-00693299b2" "object-server 22" 0.0009 "-" 23 0
Dec 5 08:37:06 np0005546416 object-server[120382]: 172.20.0.103 - - [05/Dec/2025:08:37:06 +0000] "PUT /d1/80/AUTH_d98f9ffaeb7346169078ece01c85312d/gnocchi.a19fafa9-2a6b-4c42-b73e-fd555a398fbb/none_v3" 201 - "PUT http://172.18.0.163:8080/v1/AUTH_d98f9ffaeb7346169078ece01c85312d/gnocchi.a19fafa9-2a6b-4c42-b73e-fd555a398fbb/none_v3" "txef929135b6bb4fd9843fe-00693299b2" "proxy-server 20" 0.0126 "-" 22 0
Dec 5 08:37:06 np0005546416 container-server[120060]: 172.20.0.105 - - [05/Dec/2025:08:37:06 +0000] "PUT /d1/236/AUTH_d98f9ffaeb7346169078ece01c85312d/gnocchi.8b71821f-7ead-4694-b4fa-597ba68af099/none_v3" 201 - "PUT http://172.18.0.163:8080/d1/1003/AUTH_d98f9ffaeb7346169078ece01c85312d/gnocchi.8b71821f-7ead-4694-b4fa-597ba68af099/none_v3" "tx80acfc6131784406ab924-00693299b2" "object-server 23" 0.0007 "-" 23 0
Dec 5 08:37:06 np0005546416 object-server[120386]: 172.20.0.105 - - [05/Dec/2025:08:37:06 +0000] "PUT /d1/1003/AUTH_d98f9ffaeb7346169078ece01c85312d/gnocchi.8b71821f-7ead-4694-b4fa-597ba68af099/none_v3" 201 - "PUT http://172.18.0.163:8080/v1/AUTH_d98f9ffaeb7346169078ece01c85312d/gnocchi.8b71821f-7ead-4694-b4fa-597ba68af099/none_v3" "tx80acfc6131784406ab924-00693299b2" "proxy-server 20" 0.0153 "-" 24 0
Dec 5 08:37:06 np0005546416 account-server[119967]: 172.20.0.104 - - [05/Dec/2025:08:37:06 +0000] "PUT /d1/390/AUTH_d98f9ffaeb7346169078ece01c85312d/gnocchi.83b56b9b-ca98-4b4c-ac4b-8c3cfc996897" 201 - "PUT http://172.20.0.104:6001/d1/885/AUTH_d98f9ffaeb7346169078ece01c85312d/gnocchi.83b56b9b-ca98-4b4c-ac4b-8c3cfc996897" "txb630b1a58c8240d3a504c-00693299b2" "container-server 23" 0.0063 "-" 23 0
Dec 5 08:37:06 np0005546416 container-server[120060]: 172.20.0.104 - - [05/Dec/2025:08:37:06 +0000] "PUT /d1/885/AUTH_d98f9ffaeb7346169078ece01c85312d/gnocchi.83b56b9b-ca98-4b4c-ac4b-8c3cfc996897" 201 - "PUT http://172.18.0.163:8080/v1/AUTH_d98f9ffaeb7346169078ece01c85312d/gnocchi.83b56b9b-ca98-4b4c-ac4b-8c3cfc996897" "txb630b1a58c8240d3a504c-00693299b2" "proxy-server 20" 0.0203 "-" 23 0
Dec 5 08:37:06 np0005546416 proxy-server[121677]: 172.18.0.163 172.18.0.104 05/Dec/2025/08/37/06 PUT /v1/AUTH_d98f9ffaeb7346169078ece01c85312d/gnocchi.83b56b9b-ca98-4b4c-ac4b-8c3cfc996897 HTTP/1.0 201 - python-swiftclient-3.11.1 gAAAAABpMplca2FU... - - - txb630b1a58c8240d3a504c-00693299b2 - 0.0318 - - 1764923826.784980774 1764923826.816743612 0
Dec 5 08:37:06 np0005546416 container-server[120040]: 172.20.0.103 - - [05/Dec/2025:08:37:06 +0000] "HEAD /d1/247/AUTH_d98f9ffaeb7346169078ece01c85312d/gnocchi.554cfbe3-aa6a-4f22-b571-354575ea5ef4" 404 - "HEAD http://172.18.0.163:8080/v1/AUTH_d98f9ffaeb7346169078ece01c85312d/gnocchi.554cfbe3-aa6a-4f22-b571-354575ea5ef4?format=json&states=listing" "txc2e030aa59f545a0ab7b7-00693299b2" "proxy-server 20" 0.0009 "-" 20 0
