Dec 5 08:32:09 np0005546416 container-server[119604]: Attempted to replicate 0 dbs in 0.00214 seconds (0.00000/s)
Dec 5 08:32:09 np0005546416 container-server[119604]: Removed 0 dbs
Dec 5 08:32:09 np0005546416 container-server[119604]: 0 successes, 0 failures
Dec 5 08:32:09 np0005546416 container-server[119604]: diff:0 diff_capped:0 empty:0 hashmatch:0 no_change:0 remote_merge:0 rsync:0 ts_repl:0
Dec 5 08:32:35 np0005546416 object-server[120117]: Starting object replication pass.
Dec 5 08:32:35 np0005546416 object-server[120117]: Nothing replicated for 0.004595518112182617 seconds.
Dec 5 08:32:35 np0005546416 object-server[120117]: Object replication complete. (0.00 minutes)
Dec 5 08:32:37 np0005546416 object-server[192152]: Begin object audit "forever" mode (ZBF)
Dec 5 08:32:37 np0005546416 object-server[192152]: Object audit (ZBF) "forever" mode completed: 0.00s. Total quarantined: 0, Total errors: 0, Total files/sec: 0.00, Total bytes/sec: 0.00, Auditing time: 0.00, Rate: 0.00
Dec 5 08:32:37 np0005546416 object-server[192153]: Begin object audit "forever" mode (ALL)
Dec 5 08:32:37 np0005546416 object-server[192153]: Object audit (ALL) "forever" mode completed: 0.00s. Total quarantined: 0, Total errors: 0, Total files/sec: 0.00, Total bytes/sec: 0.00, Auditing time: 0.00, Rate: 0.00
Dec 5 08:32:38 np0005546416 account-server[119463]: Beginning replication run
Dec 5 08:32:38 np0005546416 account-server[119463]: Replication run OVER
Dec 5 08:32:38 np0005546416 account-server[119463]: Attempted to replicate 0 dbs in 0.00170 seconds (0.00000/s)
Dec 5 08:32:38 np0005546416 account-server[119463]: Removed 0 dbs
Dec 5 08:32:38 np0005546416 account-server[119463]: 0 successes, 0 failures
Dec 5 08:32:38 np0005546416 account-server[119463]: diff:0 diff_capped:0 empty:0 hashmatch:0 no_change:0 remote_merge:0 rsync:0 ts_repl:0
Dec 5 08:32:39 np0005546416 container-server[119604]: Beginning replication run
Dec 5 08:32:39 np0005546416 container-server[119604]: Replication run OVER
Dec 5 08:32:39 np0005546416 container-server[119604]: Attempted to replicate 0 dbs in 0.00155 seconds (0.00000/s)
Dec 5 08:32:39 np0005546416 container-server[119604]: Removed 0 dbs
Dec 5 08:32:39 np0005546416 container-server[119604]: 0 successes, 0 failures
Dec 5 08:32:39 np0005546416 container-server[119604]: diff:0 diff_capped:0 empty:0 hashmatch:0 no_change:0 remote_merge:0 rsync:0 ts_repl:0
Dec 5 08:33:05 np0005546416 object-server[120117]: Starting object replication pass.
Dec 5 08:33:05 np0005546416 object-server[120117]: Nothing replicated for 0.0037012100219726562 seconds.
Dec 5 08:33:05 np0005546416 object-server[120117]: Object replication complete. (0.00 minutes)
Dec 5 08:33:07 np0005546416 object-server[195257]: Begin object audit "forever" mode (ZBF)
Dec 5 08:33:07 np0005546416 object-server[195257]: Object audit (ZBF) "forever" mode completed: 0.00s. Total quarantined: 0, Total errors: 0, Total files/sec: 0.00, Total bytes/sec: 0.00, Auditing time: 0.00, Rate: 0.00
Dec 5 08:33:07 np0005546416 object-server[195258]: Begin object audit "forever" mode (ALL)
Dec 5 08:33:07 np0005546416 object-server[195258]: Object audit (ALL) "forever" mode completed: 0.00s. Total quarantined: 0, Total errors: 0, Total files/sec: 0.00, Total bytes/sec: 0.00, Auditing time: 0.00, Rate: 0.00
Dec 5 08:33:08 np0005546416 account-server[119463]: Beginning replication run
Dec 5 08:33:08 np0005546416 account-server[119463]: Replication run OVER
Dec 5 08:33:08 np0005546416 account-server[119463]: Attempted to replicate 0 dbs in 0.00225 seconds (0.00000/s)
Dec 5 08:33:08 np0005546416 account-server[119463]: Removed 0 dbs
Dec 5 08:33:08 np0005546416 account-server[119463]: 0 successes, 0 failures
Dec 5 08:33:08 np0005546416 account-server[119463]: diff:0 diff_capped:0 empty:0 hashmatch:0 no_change:0 remote_merge:0 rsync:0 ts_repl:0
Dec 5 08:33:09 np0005546416 container-server[119604]: Beginning replication run
Dec 5 08:33:09 np0005546416 container-server[119604]: Replication run OVER
Dec 5 08:33:09 np0005546416 container-server[119604]: Attempted to replicate 0 dbs in 0.00156 seconds (0.00000/s)
Dec 5 08:33:09 np0005546416 container-server[119604]: Removed 0 dbs
Dec 5 08:33:09 np0005546416 container-server[119604]: 0 successes, 0 failures
Dec 5 08:33:09 np0005546416 container-server[119604]: diff:0 diff_capped:0 empty:0 hashmatch:0 no_change:0 remote_merge:0 rsync:0 ts_repl:0
Dec 5 08:33:10 np0005546416 object-server[120362]: Begin object update sweep
Dec 5 08:33:10 np0005546416 object-server[195545]: Object update sweep starting on /srv/node/d1 (pid: 14)
Dec 5 08:33:10 np0005546416 object-server[195545]: Object update sweep completed on /srv/node/d1 in 0.00s seconds:, 0 successes, 0 failures, 0 quarantines, 0 unlinks, 0 errors, 0 redirects (pid: 14)
Dec 5 08:33:10 np0005546416 object-server[195545]: Object update sweep of d1 completed: 0.00s, 0 successes, 0 failures, 0 quarantines, 0 unlinks, 0 errors, 0 redirects
Dec 5 08:33:10 np0005546416 object-server[120362]: Object update sweep completed: 0.05s
Dec 5 08:33:17 np0005546416 container-server[119994]: Begin container update sweep
Dec 5 08:33:17 np0005546416 container-server[119994]: Container update sweep completed: 0.00s
Dec 5 08:33:36 np0005546416 object-server[120117]: Starting object replication pass.
Dec 5 08:33:36 np0005546416 object-server[120117]: Nothing replicated for 0.005342006683349609 seconds.
Dec 5 08:33:36 np0005546416 object-server[120117]: Object replication complete. (0.00 minutes)
Dec 5 08:33:37 np0005546416 object-server[198275]: Begin object audit "forever" mode (ALL)
Dec 5 08:33:37 np0005546416 object-server[198275]: Object audit (ALL) "forever" mode completed: 0.00s. Total quarantined: 0, Total errors: 0, Total files/sec: 0.00, Total bytes/sec: 0.00, Auditing time: 0.00, Rate: 0.00
Dec 5 08:33:37 np0005546416 object-server[198274]: Begin object audit "forever" mode (ZBF)
Dec 5 08:33:37 np0005546416 object-server[198274]: Object audit (ZBF) "forever" mode completed: 0.00s. Total quarantined: 0, Total errors: 0, Total files/sec: 0.00, Total bytes/sec: 0.00, Auditing time: 0.00, Rate: 0.00
Dec 5 08:33:38 np0005546416 account-server[119463]: Beginning replication run
Dec 5 08:33:38 np0005546416 account-server[119463]: Replication run OVER
Dec 5 08:33:38 np0005546416 account-server[119463]: Attempted to replicate 0 dbs in 0.00214 seconds (0.00000/s)
Dec 5 08:33:38 np0005546416 account-server[119463]: Removed 0 dbs
Dec 5 08:33:38 np0005546416 account-server[119463]: 0 successes, 0 failures
Dec 5 08:33:38 np0005546416 account-server[119463]: diff:0 diff_capped:0 empty:0 hashmatch:0 no_change:0 remote_merge:0 rsync:0 ts_repl:0
Dec 5 08:33:39 np0005546416 container-server[119604]: Beginning replication run
Dec 5 08:33:39 np0005546416 container-server[119604]: Replication run OVER
Dec 5 08:33:39 np0005546416 container-server[119604]: Attempted to replicate 0 dbs in 0.00127 seconds (0.00000/s)
Dec 5 08:33:39 np0005546416 container-server[119604]: Removed 0 dbs
Dec 5 08:33:39 np0005546416 container-server[119604]: 0 successes, 0 failures
Dec 5 08:33:39 np0005546416 container-server[119604]: diff:0 diff_capped:0 empty:0 hashmatch:0 no_change:0 remote_merge:0 rsync:0 ts_repl:0
Dec 5 08:33:48 np0005546416 account-server[119962]: 172.20.0.105 - - [05/Dec/2025:08:33:48 +0000] "HEAD /d1/179/.expiring_objects" 404 - "HEAD http://localhost/v1/.expiring_objects?format=json" "tx459d13aa254e4cda9d832-00693298ec" "proxy-server 2" 0.0005 "-" 22 -
Dec 5 08:33:58 np0005546416 account-server[119938]: 172.20.0.105 - - [05/Dec/2025:08:33:58 +0000] "HEAD /d1/179/.expiring_objects" 404 - "HEAD http://localhost/v1/.expiring_objects?format=json" "tx0cfbab3bf86645bcbd4d4-00693298f6" "proxy-server 2" 0.0008 "-" 20 -
Dec 5 08:34:06 np0005546416 object-server[120117]: Starting object replication pass.
Dec 5 08:34:06 np0005546416 object-server[120117]: Nothing replicated for 0.0035872459411621094 seconds.
Dec 5 08:34:06 np0005546416 object-server[120117]: Object replication complete. (0.00 minutes)
Dec 5 08:34:07 np0005546416 object-server[201163]: Begin object audit "forever" mode (ZBF)
Dec 5 08:34:07 np0005546416 object-server[201164]: Begin object audit "forever" mode (ALL)
Dec 5 08:34:07 np0005546416 object-server[201163]: Object audit (ZBF) "forever" mode completed: 0.00s. Total quarantined: 0, Total errors: 0, Total files/sec: 0.00, Total bytes/sec: 0.00, Auditing time: 0.00, Rate: 0.00
Dec 5 08:34:07 np0005546416 object-server[201164]: Object audit (ALL) "forever" mode completed: 0.00s. Total quarantined: 0, Total errors: 0, Total files/sec: 0.00, Total bytes/sec: 0.00, Auditing time: 0.00, Rate: 0.00
Dec 5 08:34:08 np0005546416 account-server[119463]: Beginning replication run
Dec 5 08:34:08 np0005546416 account-server[119463]: Replication run OVER
Dec 5 08:34:08 np0005546416 account-server[119463]: Attempted to replicate 0 dbs in 0.00155 seconds (0.00000/s)
Dec 5 08:34:08 np0005546416 account-server[119463]: Removed 0 dbs
Dec 5 08:34:08 np0005546416 account-server[119463]: 0 successes, 0 failures
Dec 5 08:34:08 np0005546416 account-server[119463]: diff:0 diff_capped:0 empty:0 hashmatch:0 no_change:0 remote_merge:0 rsync:0 ts_repl:0
Dec 5 08:34:09 np0005546416 container-server[119604]: Beginning replication run
Dec 5 08:34:09 np0005546416 container-server[119604]: Replication run OVER
Dec 5 08:34:09 np0005546416 container-server[119604]: Attempted to replicate 0 dbs in 0.00170 seconds (0.00000/s)
Dec 5 08:34:09 np0005546416 container-server[119604]: Removed 0 dbs
Dec 5 08:34:09 np0005546416 container-server[119604]: 0 successes, 0 failures
Dec 5 08:34:09 np0005546416 container-server[119604]: diff:0 diff_capped:0 empty:0 hashmatch:0 no_change:0 remote_merge:0 rsync:0 ts_repl:0
Dec 5 08:34:29 np0005546416 account-server[119941]: 172.20.0.103 - - [05/Dec/2025:08:34:29 +0000] "HEAD /d1/390/AUTH_d98f9ffaeb7346169078ece01c85312d" 404 - "HEAD http://172.18.0.163:8080/v1/AUTH_d98f9ffaeb7346169078ece01c85312d?format=json" "tx92eab78e5bdb4902b15f2-0069329915" "proxy-server 20" 0.0009 "-" 21 -
Dec 5 08:34:30 np0005546416 object-server[120385]: 172.20.0.103 - - [05/Dec/2025:08:34:30 +0000] "GET /d1/870/AUTH_d98f9ffaeb7346169078ece01c85312d/gnocchi.1b4f3fc1-baad-44ab-87ca-c4f221fb226c/none_v3" 404 70 "GET http://172.18.0.163:8080/v1/AUTH_d98f9ffaeb7346169078ece01c85312d/gnocchi.1b4f3fc1-baad-44ab-87ca-c4f221fb226c/none_v3" "tx92eab78e5bdb4902b15f2-0069329915" "proxy-server 20" 0.0012 "-" 23 0
Dec 5 08:34:30 np0005546416 account-server[119962]: 172.20.0.105 - - [05/Dec/2025:08:34:30 +0000] "PUT /d1/390/AUTH_d98f9ffaeb7346169078ece01c85312d" 201 - "-" "tx45a0e66de58a441695496-0069329916" "-" 0.0194 "-" 22 -
Dec 5 08:34:30 np0005546416 account-server[119938]: 172.20.0.105 - - [05/Dec/2025:08:34:30 +0000] "PUT /d1/390/AUTH_d98f9ffaeb7346169078ece01c85312d/gnocchi.1b4f3fc1-baad-44ab-87ca-c4f221fb226c" 201 - "PUT http://172.20.0.105:6001/d1/484/AUTH_d98f9ffaeb7346169078ece01c85312d/gnocchi.1b4f3fc1-baad-44ab-87ca-c4f221fb226c" "tx45a0e66de58a441695496-0069329916" "container-server 23" 0.0033 "-" 20 0
Dec 5 08:34:30 np0005546416 container-server[120048]: 172.20.0.105 - - [05/Dec/2025:08:34:30 +0000] "PUT /d1/484/AUTH_d98f9ffaeb7346169078ece01c85312d/gnocchi.1b4f3fc1-baad-44ab-87ca-c4f221fb226c" 201 - "PUT http://172.18.0.163:8080/v1/AUTH_d98f9ffaeb7346169078ece01c85312d/gnocchi.1b4f3fc1-baad-44ab-87ca-c4f221fb226c" "tx45a0e66de58a441695496-0069329916" "proxy-server 20" 0.0227 "-" 21 0
Dec 5 08:34:30 np0005546416 proxy-server[121677]: - - 05/Dec/2025/08/34/30 HEAD /v1/AUTH_d98f9ffaeb7346169078ece01c85312d/gnocchi.1b4f3fc1-baad-44ab-87ca-c4f221fb226c%3Fformat%3Djson%26states%3Dlisting HTTP/1.0 204 - Swift - - - - tx7142854a765942668e2ee-0069329916 - 0.0079 RL - 1764923670.554575682 1764923670.562490463 0
Dec 5 08:34:30 np0005546416 proxy-server[121677]: 172.18.0.103 172.18.0.104 05/Dec/2025/08/34/30 GET /v1/AUTH_d98f9ffaeb7346169078ece01c85312d/gnocchi.1b4f3fc1-baad-44ab-87ca-c4f221fb226c%3Fformat%3Djson%26states%3Dlisting HTTP/1.0 200 - python-swiftclient-3.11.1 gAAAAABpMpkVTcQj... - 2 - tx7142854a765942668e2ee-0069329916 - 0.0280 - - 1764923670.549050570 1764923670.577011347 0
Dec 5 08:34:30 np0005546416 object-server[120382]: 172.20.0.103 - - [05/Dec/2025:08:34:30 +0000] "GET /d1/358/AUTH_d98f9ffaeb7346169078ece01c85312d/gnocchi.1b4f3fc1-baad-44ab-87ca-c4f221fb226c/1764720000.0_mean_300.0_v3" 404 70 "GET http://172.18.0.163:8080/v1/AUTH_d98f9ffaeb7346169078ece01c85312d/gnocchi.1b4f3fc1-baad-44ab-87ca-c4f221fb226c/1764720000.0_mean_300.0_v3" "txf070f4a2cfc949a593220-0069329916" "proxy-server 20" 0.0013 "-" 22 0
Dec 5 08:34:30 np0005546416 container-server[120032]: 172.20.0.104 - - [05/Dec/2025:08:34:30 +0000] "PUT /d1/484/AUTH_d98f9ffaeb7346169078ece01c85312d/gnocchi.1b4f3fc1-baad-44ab-87ca-c4f221fb226c/1764720000.0_mean_300.0_v3" 201 - "PUT http://172.18.0.163:8080/d1/358/AUTH_d98f9ffaeb7346169078ece01c85312d/gnocchi.1b4f3fc1-baad-44ab-87ca-c4f221fb226c/1764720000.0_mean_300.0_v3" "tx37952f4f70f84905b3bbb-0069329916" "object-server 22" 0.0021 "-" 19 0
Dec 5 08:34:30 np0005546416 object-server[120382]: 172.20.0.105 - - [05/Dec/2025:08:34:30 +0000] "PUT /d1/358/AUTH_d98f9ffaeb7346169078ece01c85312d/gnocchi.1b4f3fc1-baad-44ab-87ca-c4f221fb226c/1764720000.0_mean_300.0_v3" 201 - "PUT http://172.18.0.163:8080/v1/AUTH_d98f9ffaeb7346169078ece01c85312d/gnocchi.1b4f3fc1-baad-44ab-87ca-c4f221fb226c/1764720000.0_mean_300.0_v3" "tx37952f4f70f84905b3bbb-0069329916" "proxy-server 20" 0.0426 "-" 22 0
Dec 5 08:34:30 np0005546416 object-server[120386]: 172.20.0.104 - - [05/Dec/2025:08:34:30 +0000] "PUT /d1/870/AUTH_d98f9ffaeb7346169078ece01c85312d/gnocchi.1b4f3fc1-baad-44ab-87ca-c4f221fb226c/none_v3" 201 - "PUT http://172.18.0.163:8080/v1/AUTH_d98f9ffaeb7346169078ece01c85312d/gnocchi.1b4f3fc1-baad-44ab-87ca-c4f221fb226c/none_v3" "txf812d5ca1bca41dd91803-0069329916" "proxy-server 20" 0.0444 "-" 24 0
Dec 5 08:34:30 np0005546416 container-server[120032]: 172.20.0.105 - - [05/Dec/2025:08:34:30 +0000] "PUT /d1/484/AUTH_d98f9ffaeb7346169078ece01c85312d/gnocchi.1b4f3fc1-baad-44ab-87ca-c4f221fb226c/none_v3" 201 - "PUT http://172.18.0.163:8080/d1/870/AUTH_d98f9ffaeb7346169078ece01c85312d/gnocchi.1b4f3fc1-baad-44ab-87ca-c4f221fb226c/none_v3" "txf812d5ca1bca41dd91803-0069329916" "object-server 19" 0.0012 "-" 19 0
Dec 5 08:34:30 np0005546416 proxy-server[121677]: 172.18.0.103 172.18.0.104 05/Dec/2025/08/34/30 PUT /v1/AUTH_d98f9ffaeb7346169078ece01c85312d/gnocchi.1b4f3fc1-baad-44ab-87ca-c4f221fb226c/none_v3 HTTP/1.0 201 - python-swiftclient-3.11.1 gAAAAABpMpkVTcQj... 22 - - txf812d5ca1bca41dd91803-0069329916 - 0.0631 - - 1764923670.693288803 1764923670.756401062 0
Dec 5 08:34:36 np0005546416 object-server[120117]: Starting object replication pass.
Dec 5 08:34:36 np0005546416 object-server[120117]: 2/2 (100.00%) partitions replicated in 0.05s (37.01/sec, 0s remaining)
Dec 5 08:34:36 np0005546416 object-server[120117]: 4 successes, 0 failures
Dec 5 08:34:36 np0005546416 object-server[120117]: 2 suffixes checked - 0.00% hashed, 0.00% synced
Dec 5 08:34:36 np0005546416 object-server[120117]: Partition times: max 0.0331s, min 0.0165s, med 0.0331s
Dec 5 08:34:36 np0005546416 object-server[120117]: Object replication complete. (0.00 minutes)
Dec 5 08:34:37 np0005546416 object-server[204095]: Begin object audit "forever" mode (ALL)
Dec 5 08:34:37 np0005546416 object-server[204094]: Begin object audit "forever" mode (ZBF)
Dec 5 08:34:37 np0005546416 object-server[204094]: Object audit (ZBF). Since Fri Dec 5 08:34:37 2025: Locally: 1 passed, 0 quarantined, 0 errors, files/sec: 651.69, bytes/sec: 0.00, Total time: 0.00, Auditing time: 0.00, Rate: 0.00
Dec 5 08:34:37 np0005546416 object-server[204094]: Object audit (ZBF) "forever" mode completed: 0.00s. Total quarantined: 0, Total errors: 0, Total files/sec: 481.97, Total bytes/sec: 0.00, Auditing time: 0.00, Rate: 0.26
Dec 5 08:34:37 np0005546416 object-server[204095]: Object audit (ALL). Since Fri Dec 5 08:34:37 2025: Locally: 1 passed, 0 quarantined, 0 errors, files/sec: 141.09, bytes/sec: 2257.51, Total time: 0.01, Auditing time: 0.00, Rate: 0.00
Dec 5 08:34:37 np0005546416 object-server[204095]: Object audit (ALL) "forever" mode completed: 0.01s. Total quarantined: 0, Total errors: 0, Total files/sec: 189.46, Total bytes/sec: 3599.77, Auditing time: 0.01, Rate: 0.68
Dec 5 08:34:38 np0005546416 account-server[119463]: Beginning replication run
Dec 5 08:34:38 np0005546416 account-server[119463]: Replication run OVER
Dec 5 08:34:38 np0005546416 account-server[119463]: Attempted to replicate 1 dbs in 0.04172 seconds (23.96863/s)
Dec 5 08:34:38 np0005546416 account-server[119463]: Removed 0 dbs
Dec 5 08:34:38 np0005546416 account-server[119463]: 2 successes, 0 failures
Dec 5 08:34:38 np0005546416 account-server[119463]: diff:0 diff_capped:0 empty:0 hashmatch:0 no_change:2 remote_merge:0 rsync:0 ts_repl:0
Dec 5 08:34:39 np0005546416 container-server[119604]: Beginning replication run
Dec 5 08:34:39 np0005546416 container-server[119604]: Replication run OVER
Dec 5 08:34:39 np0005546416 container-server[119604]: Attempted to replicate 1 dbs in 0.02720 seconds (36.76717/s)
Dec 5 08:34:39 np0005546416 container-server[119604]: Removed 0 dbs
Dec 5 08:34:39 np0005546416 container-server[119604]: 2 successes, 0 failures
Dec 5 08:34:39 np0005546416 container-server[119604]: diff:0 diff_capped:0 empty:0 hashmatch:0 no_change:2 remote_merge:0 rsync:0 ts_repl:0
Dec 5 08:35:00 np0005546416 proxy-server[121677]: 172.18.0.105 172.18.0.104 05/Dec/2025/08/35/00 GET /v1/AUTH_d98f9ffaeb7346169078ece01c85312d/gnocchi.1b4f3fc1-baad-44ab-87ca-c4f221fb226c%3Fformat%3Djson%26marker%3Dnone_v3%26states%3Dlisting HTTP/1.0 200 - python-swiftclient-3.11.1 gAAAAABpMpk08Sto... - 2 - txc4119a62304b4239b61ba-0069329934 - 0.0159 - - 1764923700.372022629 1764923700.387946129 0
Dec 5 08:35:00 np0005546416 container-server[120040]: 172.20.0.104 - - [05/Dec/2025:08:35:00 +0000] "PUT /d1/484/AUTH_d98f9ffaeb7346169078ece01c85312d/gnocchi.1b4f3fc1-baad-44ab-87ca-c4f221fb226c/1764720000.0_mean_300.0_v3" 201 - "PUT http://172.18.0.163:8080/d1/358/AUTH_d98f9ffaeb7346169078ece01c85312d/gnocchi.1b4f3fc1-baad-44ab-87ca-c4f221fb226c/1764720000.0_mean_300.0_v3" "tx5a75ad312ce64246a3cab-0069329934" "object-server 23" 0.0016 "-" 20 0
Dec 5 08:35:00 np0005546416 object-server[120385]: 172.20.0.105 - - [05/Dec/2025:08:35:00 +0000] "PUT /d1/358/AUTH_d98f9ffaeb7346169078ece01c85312d/gnocchi.1b4f3fc1-baad-44ab-87ca-c4f221fb226c/1764720000.0_mean_300.0_v3" 201 - "PUT http://172.18.0.163:8080/v1/AUTH_d98f9ffaeb7346169078ece01c85312d/gnocchi.1b4f3fc1-baad-44ab-87ca-c4f221fb226c/1764720000.0_mean_300.0_v3" "tx5a75ad312ce64246a3cab-0069329934" "proxy-server 20" 0.0286 "-" 23 0
Dec 5 08:35:00 np0005546416 container-server[120040]: 172.20.0.103 - - [05/Dec/2025:08:35:00 +0000] "PUT /d1/484/AUTH_d98f9ffaeb7346169078ece01c85312d/gnocchi.1b4f3fc1-baad-44ab-87ca-c4f221fb226c/none_v3" 201 - "PUT http://172.18.0.163:8080/d1/870/AUTH_d98f9ffaeb7346169078ece01c85312d/gnocchi.1b4f3fc1-baad-44ab-87ca-c4f221fb226c/none_v3" "txd688cf9fe56f4d0481225-0069329934" "object-server 25" 0.0006 "-" 20 0
Dec 5 08:35:00 np0005546416 object-server[120385]: 172.20.0.104 - - [05/Dec/2025:08:35:00 +0000] "PUT /d1/870/AUTH_d98f9ffaeb7346169078ece01c85312d/gnocchi.1b4f3fc1-baad-44ab-87ca-c4f221fb226c/none_v3" 201 - "PUT http://172.18.0.163:8080/v1/AUTH_d98f9ffaeb7346169078ece01c85312d/gnocchi.1b4f3fc1-baad-44ab-87ca-c4f221fb226c/none_v3" "txd688cf9fe56f4d0481225-0069329934" "proxy-server 20" 0.0284 "-" 23 0
Dec 5 08:35:00 np0005546416 proxy-server[121677]: 172.18.0.105 172.18.0.104 05/Dec/2025/08/35/00 PUT /v1/AUTH_d98f9ffaeb7346169078ece01c85312d/gnocchi.1b4f3fc1-baad-44ab-87ca-c4f221fb226c/none_v3 HTTP/1.0 201 - python-swiftclient-3.11.1 gAAAAABpMpk08Sto... 32 - - txd688cf9fe56f4d0481225-0069329934 - 0.0524 - - 1764923700.453739166 1764923700.506107807 0
Dec 5 08:35:04 np0005546416 account-server[119941]: 172.20.0.103 - - [05/Dec/2025:08:35:04 +0000] "HEAD /d1/179/.expiring_objects" 404 - "HEAD http://localhost/v1/.expiring_objects?format=json" "txd19b15ec22324110aaf2b-0069329938" "proxy-server 2" 0.0007 "-" 21 -
Dec 5 08:35:06 np0005546416 object-server[120117]: Starting object replication pass.
Dec 5 08:35:06 np0005546416 object-server[120117]: 2/2 (100.00%) partitions replicated in 0.03s (72.77/sec, 0s remaining)
Dec 5 08:35:06 np0005546416 object-server[120117]: 4 successes, 0 failures
Dec 5 08:35:06 np0005546416 object-server[120117]: 2 suffixes checked - 0.00% hashed, 0.00% synced
Dec 5 08:35:06 np0005546416 object-server[120117]: Partition times: max 0.0122s, min 0.0119s, med 0.0122s
Dec 5 08:35:06 np0005546416 object-server[120117]: Object replication complete. (0.00 minutes)
Dec 5 08:35:07 np0005546416 object-server[204104]: Begin object audit "forever" mode (ZBF)
Dec 5 08:35:07 np0005546416 object-server[204104]: Object audit (ZBF). Since Fri Dec 5 08:35:07 2025: Locally: 1 passed, 0 quarantined, 0 errors, files/sec: 789.00, bytes/sec: 0.00, Total time: 0.00, Auditing time: 0.00, Rate: 0.00
Dec 5 08:35:07 np0005546416 object-server[204104]: Object audit (ZBF) "forever" mode completed: 0.00s. Total quarantined: 0, Total errors: 0, Total files/sec: 694.36, Total bytes/sec: 0.00, Auditing time: 0.00, Rate: 0.28
Dec 5 08:35:08 np0005546416 account-server[119463]: Beginning replication run
Dec 5 08:35:08 np0005546416 account-server[119463]: Replication run OVER
Dec 5 08:35:08 np0005546416 account-server[119463]: Attempted to replicate 1 dbs in 0.01462 seconds (68.39087/s)
Dec 5 08:35:08 np0005546416 account-server[119463]: Removed 0 dbs
Dec 5 08:35:08 np0005546416 account-server[119463]: 2 successes, 0 failures
Dec 5 08:35:08 np0005546416 account-server[119463]: diff:0 diff_capped:0 empty:0 hashmatch:0 no_change:2 remote_merge:0 rsync:0 ts_repl:0
Dec 5 08:35:09 np0005546416 container-server[119604]: Beginning replication run
Dec 5 08:35:09 np0005546416 container-server[119604]: Replication run OVER
Dec 5 08:35:09 np0005546416 container-server[119604]: Attempted to replicate 1 dbs in 0.03227 seconds (30.98688/s)
Dec 5 08:35:09 np0005546416 container-server[119604]: Removed 0 dbs
Dec 5 08:35:09 np0005546416 container-server[119604]: 2 successes, 0 failures
Dec 5 08:35:09 np0005546416 container-server[119604]: diff:0 diff_capped:0 empty:0 hashmatch:0 no_change:2 remote_merge:0 rsync:0 ts_repl:0
Dec 5 08:35:23 np0005546416 account-server[119938]: 172.20.0.104 - - [05/Dec/2025:08:35:23 +0000] "HEAD /d1/179/.expiring_objects" 404 - "HEAD http://localhost/v1/.expiring_objects?format=json" "txc4b9208e3e1e4957a1940-006932994b" "proxy-server 2" 0.0010 "-" 20 -
Dec 5 08:35:23 np0005546416 object-expirer[120056]: Pass completed in 0s; 0 objects expired (txn: txc4b9208e3e1e4957a1940-006932994b)
Dec 5 08:35:31 np0005546416 account-server[119941]: 172.20.0.105 - - [05/Dec/2025:08:35:31 +0000] "HEAD /d1/390/AUTH_d98f9ffaeb7346169078ece01c85312d" 204 - "HEAD http://172.18.0.163:8080/v1/AUTH_d98f9ffaeb7346169078ece01c85312d?format=json" "txc19b16494235496c9444b-0069329953" "proxy-server 20" 0.0024 "-" 21 -
Dec 5 08:35:31 np0005546416 container-server[120040]: 172.20.0.103 - - [05/Dec/2025:08:35:31 +0000] "HEAD /d1/192/AUTH_d98f9ffaeb7346169078ece01c85312d/gnocchi.06675aa6-54f4-4933-aaf6-4cf0c938c6f7" 404 - "HEAD http://172.18.0.163:8080/v1/AUTH_d98f9ffaeb7346169078ece01c85312d/gnocchi.06675aa6-54f4-4933-aaf6-4cf0c938c6f7?format=json&states=listing" "tx1c98159fe4e74f28a09ee-0069329953" "proxy-server 20" 0.0009 "-" 20 0
Dec 5 08:35:31 np0005546416 container-server[120040]: 172.20.0.105 - - [05/Dec/2025:08:35:31 +0000] "HEAD /d1/440/AUTH_d98f9ffaeb7346169078ece01c85312d/gnocchi.82e2c0ee-03be-4b0a-8fa6-a4c96e7fd76d" 404 - "HEAD http://172.18.0.163:8080/v1/AUTH_d98f9ffaeb7346169078ece01c85312d/gnocchi.82e2c0ee-03be-4b0a-8fa6-a4c96e7fd76d?format=json&states=listing" "txc19b16494235496c9444b-0069329953" "proxy-server 20" 0.0002 "-" 20 0
Dec 5 08:35:31 np0005546416 object-server[120382]: 172.20.0.103 - - [05/Dec/2025:08:35:31 +0000] "GET /d1/783/AUTH_d98f9ffaeb7346169078ece01c85312d/gnocchi.06675aa6-54f4-4933-aaf6-4cf0c938c6f7/none_v3" 404 70 "GET http://172.18.0.163:8080/v1/AUTH_d98f9ffaeb7346169078ece01c85312d/gnocchi.06675aa6-54f4-4933-aaf6-4cf0c938c6f7/none_v3" "tx1c98159fe4e74f28a09ee-0069329953" "proxy-server 20" 0.0006 "-" 22 0
Dec 5 08:35:31 np0005546416 object-server[120382]: 172.20.0.105 - - [05/Dec/2025:08:35:31 +0000] "GET /d1/342/AUTH_d98f9ffaeb7346169078ece01c85312d/gnocchi.82e2c0ee-03be-4b0a-8fa6-a4c96e7fd76d/none_v3" 404 70 "GET http://172.18.0.163:8080/v1/AUTH_d98f9ffaeb7346169078ece01c85312d/gnocchi.82e2c0ee-03be-4b0a-8fa6-a4c96e7fd76d/none_v3" "txc19b16494235496c9444b-0069329953" "proxy-server 20" 0.0001 "-" 22 0
Dec 5 08:35:31 np0005546416 account-server[119938]: 172.20.0.105 - - [05/Dec/2025:08:35:31 +0000] "PUT /d1/390/AUTH_d98f9ffaeb7346169078ece01c85312d/gnocchi.06675aa6-54f4-4933-aaf6-4cf0c938c6f7" 201 - "PUT http://172.20.0.105:6001/d1/192/AUTH_d98f9ffaeb7346169078ece01c85312d/gnocchi.06675aa6-54f4-4933-aaf6-4cf0c938c6f7" "txf68d83bdecb44b6fbcb30-0069329953" "container-server 20" 0.0014 "-" 20 0
Dec 5 08:35:31 np0005546416 container-server[120060]: 172.20.0.104 - - [05/Dec/2025:08:35:31 +0000] "PUT /d1/192/AUTH_d98f9ffaeb7346169078ece01c85312d/gnocchi.06675aa6-54f4-4933-aaf6-4cf0c938c6f7" 201 - "PUT http://172.18.0.163:8080/v1/AUTH_d98f9ffaeb7346169078ece01c85312d/gnocchi.06675aa6-54f4-4933-aaf6-4cf0c938c6f7" "txf68d83bdecb44b6fbcb30-0069329953" "proxy-server 20" 0.0186 "-" 23 0
Dec 5 08:35:31 np0005546416 proxy-server[121677]: 172.18.0.105 172.18.0.104 05/Dec/2025/08/35/31 PUT /v1/AUTH_d98f9ffaeb7346169078ece01c85312d/gnocchi.06675aa6-54f4-4933-aaf6-4cf0c938c6f7 HTTP/1.0 201 - python-swiftclient-3.11.1 gAAAAABpMpk08Sto... - - - txf68d83bdecb44b6fbcb30-0069329953 - 0.0302 - - 1764923731.260836601 1764923731.291085243 0
Dec 5 08:35:31 np0005546416 account-server[119938]: 172.20.0.103 - - [05/Dec/2025:08:35:31 +0000] "PUT /d1/390/AUTH_d98f9ffaeb7346169078ece01c85312d/gnocchi.82e2c0ee-03be-4b0a-8fa6-a4c96e7fd76d" 201 - "PUT http://172.20.0.103:6001/d1/440/AUTH_d98f9ffaeb7346169078ece01c85312d/gnocchi.82e2c0ee-03be-4b0a-8fa6-a4c96e7fd76d" "txa23ecc52ef4b406b8e27b-0069329953" "container-server 16" 0.0070 "-" 20 0
Dec 5 08:35:31 np0005546416 container-server[120032]: 172.20.0.103 - - [05/Dec/2025:08:35:31 +0000] "PUT /d1/440/AUTH_d98f9ffaeb7346169078ece01c85312d/gnocchi.82e2c0ee-03be-4b0a-8fa6-a4c96e7fd76d" 201 - "PUT http://172.18.0.163:8080/v1/AUTH_d98f9ffaeb7346169078ece01c85312d/gnocchi.82e2c0ee-03be-4b0a-8fa6-a4c96e7fd76d" "txa23ecc52ef4b406b8e27b-0069329953" "proxy-server 20" 0.0218 "-" 19 0
Dec 5 08:35:31 np0005546416 container-server[120060]: 172.20.0.105 - - [05/Dec/2025:08:35:31 +0000] "HEAD /d1/192/AUTH_d98f9ffaeb7346169078ece01c85312d/gnocchi.06675aa6-54f4-4933-aaf6-4cf0c938c6f7" 204 - "HEAD http://172.18.0.163:8080/v1/AUTH_d98f9ffaeb7346169078ece01c85312d/gnocchi.06675aa6-54f4-4933-aaf6-4cf0c938c6f7?format=json&states=listing" "txdb29a1abbb6a40caa6dc6-0069329953" "proxy-server 20" 0.0034 "-" 23 0
Dec 5 08:35:31 np0005546416 proxy-server[121677]: - - 05/Dec/2025/08/35/31 HEAD /v1/AUTH_d98f9ffaeb7346169078ece01c85312d/gnocchi.82e2c0ee-03be-4b0a-8fa6-a4c96e7fd76d%3Fformat%3Djson%26states%3Dlisting HTTP/1.0 204 - Swift - - - - txe8b3912b4c5b402d8c14d-0069329953 - 0.0083 RL - 1764923731.315651894 1764923731.323962450 0
Dec 5 08:35:31 np0005546416 container-server[120048]: 172.20.0.105 - - [05/Dec/2025:08:35:31 +0000] "GET /d1/192/AUTH_d98f9ffaeb7346169078ece01c85312d/gnocchi.06675aa6-54f4-4933-aaf6-4cf0c938c6f7" 200 2 "GET http://172.18.0.163:8080/v1/AUTH_d98f9ffaeb7346169078ece01c85312d/gnocchi.06675aa6-54f4-4933-aaf6-4cf0c938c6f7?format=json&states=listing" "txdb29a1abbb6a40caa6dc6-0069329953" "proxy-server 20" 0.0056 "-" 21 0
Dec 5 08:35:31 np0005546416 proxy-server[121677]: 172.18.0.103 172.18.0.104 05/Dec/2025/08/35/31 GET /v1/AUTH_d98f9ffaeb7346169078ece01c85312d/gnocchi.82e2c0ee-03be-4b0a-8fa6-a4c96e7fd76d%3Fformat%3Djson%26states%3Dlisting HTTP/1.0 200 - python-swiftclient-3.11.1 gAAAAABpMpkVTcQj... - 2 - txe8b3912b4c5b402d8c14d-0069329953 - 0.0293 - - 1764923731.314107180 1764923731.343399763 0
Dec 5 08:35:31 np0005546416 object-server[120388]: 172.20.0.103 - - [05/Dec/2025:08:35:31 +0000] "GET /d1/686/AUTH_d98f9ffaeb7346169078ece01c85312d/gnocchi.06675aa6-54f4-4933-aaf6-4cf0c938c6f7/1764720000.0_mean_300.0_v3" 404 70 "GET http://172.18.0.163:8080/v1/AUTH_d98f9ffaeb7346169078ece01c85312d/gnocchi.06675aa6-54f4-4933-aaf6-4cf0c938c6f7/1764720000.0_mean_300.0_v3" "txee781edcbb0049b882aad-0069329953" "proxy-server 20" 0.0005 "-" 25 0
Dec 5 08:35:31 np0005546416 object-server[120385]: 172.20.0.105 - - [05/Dec/2025:08:35:31 +0000] "GET /d1/958/AUTH_d98f9ffaeb7346169078ece01c85312d/gnocchi.82e2c0ee-03be-4b0a-8fa6-a4c96e7fd76d/1764720000.0_mean_300.0_v3" 404 70 "GET http://172.18.0.163:8080/v1/AUTH_d98f9ffaeb7346169078ece01c85312d/gnocchi.82e2c0ee-03be-4b0a-8fa6-a4c96e7fd76d/1764720000.0_mean_300.0_v3" "tx1e8e07376108406b9c125-0069329953" "proxy-server 20" 0.0005 "-" 23 0
Dec 5 08:35:31 np0005546416 container-server[120040]: 172.20.0.105 - - [05/Dec/2025:08:35:31 +0000] "PUT /d1/192/AUTH_d98f9ffaeb7346169078ece01c85312d/gnocchi.06675aa6-54f4-4933-aaf6-4cf0c938c6f7/1764720000.0_mean_300.0_v3" 201 - "PUT http://172.18.0.163:8080/d1/686/AUTH_d98f9ffaeb7346169078ece01c85312d/gnocchi.06675aa6-54f4-4933-aaf6-4cf0c938c6f7/1764720000.0_mean_300.0_v3" "tx75e7daec6ad241ed965a0-0069329953" "object-server 22" 0.0008 "-" 20 0
Dec 5 08:35:31 np0005546416 object-server[120382]: 172.20.0.104 - - [05/Dec/2025:08:35:31 +0000] "PUT /d1/686/AUTH_d98f9ffaeb7346169078ece01c85312d/gnocchi.06675aa6-54f4-4933-aaf6-4cf0c938c6f7/1764720000.0_mean_300.0_v3" 201 - "PUT http://172.18.0.163:8080/v1/AUTH_d98f9ffaeb7346169078ece01c85312d/gnocchi.06675aa6-54f4-4933-aaf6-4cf0c938c6f7/1764720000.0_mean_300.0_v3" "tx75e7daec6ad241ed965a0-0069329953" "proxy-server 20" 0.0173 "-" 22 0
Dec 5 08:35:31 np0005546416 proxy-server[121677]: 172.18.0.105 172.18.0.104 05/Dec/2025/08/35/31 PUT /v1/AUTH_d98f9ffaeb7346169078ece01c85312d/gnocchi.06675aa6-54f4-4933-aaf6-4cf0c938c6f7/1764720000.0_mean_300.0_v3 HTTP/1.0 201 - python-swiftclient-3.11.1 gAAAAABpMpk08Sto... 16 - - tx75e7daec6ad241ed965a0-0069329953 - 0.0328 - - 1764923731.361185074 1764923731.393978119 0
Dec 5 08:35:31 np0005546416 container-server[120048]: 172.20.0.105 - - [05/Dec/2025:08:35:31 +0000] "PUT /d1/440/AUTH_d98f9ffaeb7346169078ece01c85312d/gnocchi.82e2c0ee-03be-4b0a-8fa6-a4c96e7fd76d/1764720000.0_mean_300.0_v3" 201 - "PUT http://172.18.0.163:8080/d1/958/AUTH_d98f9ffaeb7346169078ece01c85312d/gnocchi.82e2c0ee-03be-4b0a-8fa6-a4c96e7fd76d/1764720000.0_mean_300.0_v3" "txf9d866c556014ac8a6c49-0069329953" "object-server 23" 0.0010 "-" 21 0
Dec 5 08:35:31 np0005546416 object-server[120386]: 172.20.0.103 - - [05/Dec/2025:08:35:31 +0000] "PUT /d1/958/AUTH_d98f9ffaeb7346169078ece01c85312d/gnocchi.82e2c0ee-03be-4b0a-8fa6-a4c96e7fd76d/1764720000.0_mean_300.0_v3" 201 - "PUT http://172.18.0.163:8080/v1/AUTH_d98f9ffaeb7346169078ece01c85312d/gnocchi.82e2c0ee-03be-4b0a-8fa6-a4c96e7fd76d/1764720000.0_mean_300.0_v3" "txf9d866c556014ac8a6c49-0069329953" "proxy-server 20" 0.0116 "-" 24 0
Dec 5 08:35:31 np0005546416 container-server[120040]: 172.20.0.104 - - [05/Dec/2025:08:35:31 +0000] "PUT /d1/192/AUTH_d98f9ffaeb7346169078ece01c85312d/gnocchi.06675aa6-54f4-4933-aaf6-4cf0c938c6f7/none_v3" 201 - "PUT http://172.18.0.163:8080/d1/783/AUTH_d98f9ffaeb7346169078ece01c85312d/gnocchi.06675aa6-54f4-4933-aaf6-4cf0c938c6f7/none_v3" "txf178d90b87ab422b808b5-0069329953" "object-server 25" 0.0009 "-" 20 0
Dec 5 08:35:31 np0005546416 object-server[120388]: 172.20.0.105 - - [05/Dec/2025:08:35:31 +0000] "PUT /d1/783/AUTH_d98f9ffaeb7346169078ece01c85312d/gnocchi.06675aa6-54f4-4933-aaf6-4cf0c938c6f7/none_v3" 201 - "PUT http://172.18.0.163:8080/v1/AUTH_d98f9ffaeb7346169078ece01c85312d/gnocchi.06675aa6-54f4-4933-aaf6-4cf0c938c6f7/none_v3" "txf178d90b87ab422b808b5-0069329953" "proxy-server 20" 0.0257 "-" 25 0
Dec 5 08:35:31 np0005546416 container-server[120040]: 172.20.0.105 - - [05/Dec/2025:08:35:31 +0000] "PUT /d1/440/AUTH_d98f9ffaeb7346169078ece01c85312d/gnocchi.82e2c0ee-03be-4b0a-8fa6-a4c96e7fd76d/none_v3" 201 - "PUT http://172.18.0.163:8080/d1/342/AUTH_d98f9ffaeb7346169078ece01c85312d/gnocchi.82e2c0ee-03be-4b0a-8fa6-a4c96e7fd76d/none_v3" "tx5a3489906e9f4b659ea03-0069329953" "object-server 19" 0.0007 "-" 20 0
Dec 5 08:35:31 np0005546416 object-server[120385]: 172.20.0.104 - - [05/Dec/2025:08:35:31 +0000] "PUT /d1/342/AUTH_d98f9ffaeb7346169078ece01c85312d/gnocchi.82e2c0ee-03be-4b0a-8fa6-a4c96e7fd76d/none_v3" 201 - "PUT http://172.18.0.163:8080/v1/AUTH_d98f9ffaeb7346169078ece01c85312d/gnocchi.82e2c0ee-03be-4b0a-8fa6-a4c96e7fd76d/none_v3" "tx5a3489906e9f4b659ea03-0069329953" "proxy-server 20" 0.0249 "-" 23 0
Dec 5 08:35:31 np0005546416 proxy-server[121677]: 172.18.0.103 172.18.0.104 05/Dec/2025/08/35/31 PUT /v1/AUTH_d98f9ffaeb7346169078ece01c85312d/gnocchi.82e2c0ee-03be-4b0a-8fa6-a4c96e7fd76d/none_v3 HTTP/1.0 201 - python-swiftclient-3.11.1 gAAAAABpMpkVTcQj... 22 - - tx5a3489906e9f4b659ea03-0069329953 - 0.0401 - - 1764923731.411738873 1764923731.451859713 0
Dec 5 08:35:36 np0005546416 object-server[120117]: Starting object replication pass.
Dec 5 08:35:36 np0005546416 object-server[120117]: 6/6 (100.00%) partitions replicated in 0.08s (72.47/sec, 0s remaining)
Dec 5 08:35:36 np0005546416 object-server[120117]: 12 successes, 0 failures
Dec 5 08:35:36 np0005546416 object-server[120117]: 6 suffixes checked - 0.00% hashed, 0.00% synced
Dec 5 08:35:36 np0005546416 object-server[120117]: Partition times: max 0.0183s, min 0.0098s, med 0.0115s
Dec 5 08:35:36 np0005546416 object-server[120117]: Object replication complete. (0.00 minutes)
Dec 5 08:35:37 np0005546416 object-server[210104]: Begin object audit "forever" mode (ALL)
Dec 5 08:35:37 np0005546416 object-server[210103]: Begin object audit "forever" mode (ZBF)
Dec 5 08:35:37 np0005546416 object-server[210103]: Object audit (ZBF). Since Fri Dec 5 08:35:37 2025: Locally: 1 passed, 0 quarantined, 0 errors, files/sec: 576.62, bytes/sec: 0.00, Total time: 0.00, Auditing time: 0.00, Rate: 0.00
Dec 5 08:35:37 np0005546416 object-server[210104]: Object audit (ALL). Since Fri Dec 5 08:35:37 2025: Locally: 1 passed, 0 quarantined, 0 errors, files/sec: 116.58, bytes/sec: 1865.28, Total time: 0.01, Auditing time: 0.00, Rate: 0.00
Dec 5 08:35:37 np0005546416 object-server[210103]: Object audit (ZBF) "forever" mode completed: 0.08s. Total quarantined: 0, Total errors: 0, Total files/sec: 72.15, Total bytes/sec: 0.00, Auditing time: 0.08, Rate: 0.96
Dec 5 08:35:38 np0005546416 object-server[210104]: Object audit (ALL) "forever" mode completed: 0.21s. Total quarantined: 0, Total errors: 0, Total files/sec: 28.50, Total bytes/sec: 589.09, Auditing time: 0.21, Rate: 0.98
Dec 5 08:35:38 np0005546416 account-server[119463]: Beginning replication run
Dec 5 08:35:38 np0005546416 account-server[119463]: Replication run OVER
Dec 5 08:35:38 np0005546416 account-server[119463]: Attempted to replicate 1 dbs in 0.04270 seconds (23.41703/s)
Dec 5 08:35:38 np0005546416 account-server[119463]: Removed 0 dbs
Dec 5 08:35:38 np0005546416 account-server[119463]: 2 successes, 0 failures
Dec 5 08:35:38 np0005546416 account-server[119463]: diff:0 diff_capped:0 empty:0 hashmatch:0 no_change:2 remote_merge:0 rsync:0 ts_repl:0
Dec 5 08:35:39 np0005546416 container-server[119604]: Beginning replication run
Dec 5 08:35:39 np0005546416 container-server[119604]: Replication run OVER
Dec 5 08:35:39 np0005546416 container-server[119604]: Attempted to replicate 3 dbs in 0.08254 seconds (36.34574/s)
Dec 5 08:35:39 np0005546416 container-server[119604]: Removed 0 dbs
Dec 5 08:35:39 np0005546416 container-server[119604]: 6 successes, 0 failures
Dec 5 08:35:39 np0005546416 container-server[119604]: diff:0 diff_capped:0 empty:0 hashmatch:0 no_change:6 remote_merge:0 rsync:0 ts_repl:0
Dec 5 08:35:40 np0005546416 container-server[120040]: 172.20.0.103 - - [05/Dec/2025:08:35:40 +0000] "HEAD /d1/747/AUTH_d98f9ffaeb7346169078ece01c85312d/gnocchi.ed499b6b-d6df-4a7a-a899-82c37bf5d161" 404 - "HEAD http://172.18.0.163:8080/v1/AUTH_d98f9ffaeb7346169078ece01c85312d/gnocchi.ed499b6b-d6df-4a7a-a899-82c37bf5d161?format=json&states=listing" "txf8f0fc767deb443aae5ea-006932995c" "proxy-server 20" 0.0012 "-" 20 0
Dec 5 08:35:40 np0005546416 container-server[120040]: 172.20.0.105 - - [05/Dec/2025:08:35:40 +0000] "HEAD /d1/348/AUTH_d98f9ffaeb7346169078ece01c85312d/gnocchi.42fc01be-8ee0-4ad9-9188-d0b6fd8f9332" 404 - "HEAD http://172.18.0.163:8080/v1/AUTH_d98f9ffaeb7346169078ece01c85312d/gnocchi.42fc01be-8ee0-4ad9-9188-d0b6fd8f9332?format=json&states=listing" "txab7955bd04c24a4480779-006932995c" "proxy-server 20" 0.0006 "-" 20 0
Dec 5 08:35:40 np0005546416 object-server[120382]: 172.20.0.105 - - [05/Dec/2025:08:35:40 +0000] "GET /d1/482/AUTH_d98f9ffaeb7346169078ece01c85312d/gnocchi.42fc01be-8ee0-4ad9-9188-d0b6fd8f9332/none_v3" 404 70 "GET http://172.18.0.163:8080/v1/AUTH_d98f9ffaeb7346169078ece01c85312d/gnocchi.42fc01be-8ee0-4ad9-9188-d0b6fd8f9332/none_v3" "txab7955bd04c24a4480779-006932995c" "proxy-server 20" 0.0009 "-" 22 0
Dec 5 08:35:40 np0005546416 object-server[120388]: 172.20.0.103 - - [05/Dec/2025:08:35:40 +0000] "GET /d1/322/AUTH_d98f9ffaeb7346169078ece01c85312d/gnocchi.ed499b6b-d6df-4a7a-a899-82c37bf5d161/none_v3" 404 70 "GET http://172.18.0.163:8080/v1/AUTH_d98f9ffaeb7346169078ece01c85312d/gnocchi.ed499b6b-d6df-4a7a-a899-82c37bf5d161/none_v3" "txf8f0fc767deb443aae5ea-006932995c" "proxy-server 20" 0.0010 "-" 25 0
Dec 5 08:35:40 np0005546416 account-server[119962]: 172.20.0.105 - - [05/Dec/2025:08:35:40 +0000] "PUT /d1/390/AUTH_d98f9ffaeb7346169078ece01c85312d/gnocchi.ed499b6b-d6df-4a7a-a899-82c37bf5d161" 201 - "PUT http://172.20.0.105:6001/d1/747/AUTH_d98f9ffaeb7346169078ece01c85312d/gnocchi.ed499b6b-d6df-4a7a-a899-82c37bf5d161" "tx8858606d6e274a89b520f-006932995c" "container-server 23" 0.0026 "-" 22 0
Dec 5 08:35:40 np0005546416 container-server[120060]: 172.20.0.104 - - [05/Dec/2025:08:35:40 +0000] "PUT /d1/747/AUTH_d98f9ffaeb7346169078ece01c85312d/gnocchi.ed499b6b-d6df-4a7a-a899-82c37bf5d161" 201 - "PUT http://172.18.0.163:8080/v1/AUTH_d98f9ffaeb7346169078ece01c85312d/gnocchi.ed499b6b-d6df-4a7a-a899-82c37bf5d161" "tx8858606d6e274a89b520f-006932995c" "proxy-server 20" 0.0211 "-" 23 0
Dec 5 08:35:40 np0005546416 container-server[120048]: 172.20.0.105 - - [05/Dec/2025:08:35:40 +0000] "PUT /d1/348/AUTH_d98f9ffaeb7346169078ece01c85312d/gnocchi.42fc01be-8ee0-4ad9-9188-d0b6fd8f9332" 201 - "PUT http://172.18.0.163:8080/v1/AUTH_d98f9ffaeb7346169078ece01c85312d/gnocchi.42fc01be-8ee0-4ad9-9188-d0b6fd8f9332" "tx6e49b426b40e4b4a9b2cb-006932995c" "proxy-server 20" 0.0238 "-" 21 0
Dec 5 08:35:40 np0005546416 account-server[119941]: 172.20.0.103 - - [05/Dec/2025:08:35:40 +0000] "PUT /d1/390/AUTH_d98f9ffaeb7346169078ece01c85312d/gnocchi.42fc01be-8ee0-4ad9-9188-d0b6fd8f9332" 201 - "PUT http://172.20.0.103:6001/d1/348/AUTH_d98f9ffaeb7346169078ece01c85312d/gnocchi.42fc01be-8ee0-4ad9-9188-d0b6fd8f9332" "tx6e49b426b40e4b4a9b2cb-006932995c" "container-server 17" 0.0081 "-" 21 0
Dec 5 08:35:40 np0005546416 proxy-server[121677]: 172.18.0.103 172.18.0.104 05/Dec/2025/08/35/40 PUT /v1/AUTH_d98f9ffaeb7346169078ece01c85312d/gnocchi.ed499b6b-d6df-4a7a-a899-82c37bf5d161 HTTP/1.0 201 - python-swiftclient-3.11.1 gAAAAABpMpkVTcQj... - - - tx8858606d6e274a89b520f-006932995c - 0.0385 - - 1764923740.390689850 1764923740.429166317 0
Dec 5 08:35:40 np0005546416 container-server[120032]: 172.20.0.103 - - [05/Dec/2025:08:35:40 +0000] "HEAD /d1/747/AUTH_d98f9ffaeb7346169078ece01c85312d/gnocchi.ed499b6b-d6df-4a7a-a899-82c37bf5d161" 204 - "HEAD http://172.18.0.163:8080/v1/AUTH_d98f9ffaeb7346169078ece01c85312d/gnocchi.ed499b6b-d6df-4a7a-a899-82c37bf5d161?format=json&states=listing" "tx2aff6fa4c3864d81b2e1d-006932995c" "proxy-server 20" 0.0028 "-" 19 0
Dec 5 08:35:40 np0005546416 proxy-server[121677]: - - 05/Dec/2025/08/35/40 HEAD /v1/AUTH_d98f9ffaeb7346169078ece01c85312d/gnocchi.42fc01be-8ee0-4ad9-9188-d0b6fd8f9332%3Fformat%3Djson%26states%3Dlisting HTTP/1.0 204 - Swift - - - - tx618431933b9b4e2aa9b96-006932995c - 0.0081 RL - 1764923740.445050716 1764923740.453148842 0
Dec 5 08:35:40 np0005546416 proxy-server[121677]: 172.18.0.105 172.18.0.104 05/Dec/2025/08/35/40 GET /v1/AUTH_d98f9ffaeb7346169078ece01c85312d/gnocchi.42fc01be-8ee0-4ad9-9188-d0b6fd8f9332%3Fformat%3Djson%26states%3Dlisting HTTP/1.0 200 - python-swiftclient-3.11.1 gAAAAABpMpk08Sto... - 2 - tx618431933b9b4e2aa9b96-006932995c - 0.0240 - - 1764923740.442809820 1764923740.466807365 0
Dec 5 08:35:40 np0005546416 object-server[120386]: 172.20.0.103 - - [05/Dec/2025:08:35:40 +0000] "GET /d1/447/AUTH_d98f9ffaeb7346169078ece01c85312d/gnocchi.42fc01be-8ee0-4ad9-9188-d0b6fd8f9332/1764720000.0_mean_300.0_v3" 404 70 "GET http://172.18.0.163:8080/v1/AUTH_d98f9ffaeb7346169078ece01c85312d/gnocchi.42fc01be-8ee0-4ad9-9188-d0b6fd8f9332/1764720000.0_mean_300.0_v3" "txb3866c3d7a4b48c7b5465-006932995c" "proxy-server 20" 0.0006 "-" 24 0
Dec 5 08:35:40 np0005546416 object-server[120382]: 172.20.0.105 - - [05/Dec/2025:08:35:40 +0000] "GET /d1/736/AUTH_d98f9ffaeb7346169078ece01c85312d/gnocchi.ed499b6b-d6df-4a7a-a899-82c37bf5d161/1764720000.0_mean_300.0_v3" 404 70 "GET http://172.18.0.163:8080/v1/AUTH_d98f9ffaeb7346169078ece01c85312d/gnocchi.ed499b6b-d6df-4a7a-a899-82c37bf5d161/1764720000.0_mean_300.0_v3" "txc3d5e0365b604ff785822-006932995c" "proxy-server 20" 0.0005 "-" 22 0
Dec 5 08:35:40 np0005546416 container-server[120040]: 172.20.0.105 - - [05/Dec/2025:08:35:40 +0000] "PUT /d1/747/AUTH_d98f9ffaeb7346169078ece01c85312d/gnocchi.ed499b6b-d6df-4a7a-a899-82c37bf5d161/1764720000.0_mean_300.0_v3" 201 - "PUT http://172.18.0.163:8080/d1/736/AUTH_d98f9ffaeb7346169078ece01c85312d/gnocchi.ed499b6b-d6df-4a7a-a899-82c37bf5d161/1764720000.0_mean_300.0_v3" "tx4e196fd7cdad4dec96e07-006932995c" "object-server 19" 0.0009 "-" 20 0
Dec 5 08:35:40 np0005546416 object-server[120385]: 172.20.0.103 - - [05/Dec/2025:08:35:40 +0000] "PUT /d1/736/AUTH_d98f9ffaeb7346169078ece01c85312d/gnocchi.ed499b6b-d6df-4a7a-a899-82c37bf5d161/1764720000.0_mean_300.0_v3" 201 - "PUT http://172.18.0.163:8080/v1/AUTH_d98f9ffaeb7346169078ece01c85312d/gnocchi.ed499b6b-d6df-4a7a-a899-82c37bf5d161/1764720000.0_mean_300.0_v3" "tx4e196fd7cdad4dec96e07-006932995c" "proxy-server 20" 0.0139 "-" 23 0
Dec 5 08:35:40 np0005546416 container-server[120048]: 172.20.0.104 - - [05/Dec/2025:08:35:40 +0000] "PUT /d1/348/AUTH_d98f9ffaeb7346169078ece01c85312d/gnocchi.42fc01be-8ee0-4ad9-9188-d0b6fd8f9332/1764720000.0_mean_300.0_v3" 201 - "PUT http://172.18.0.163:8080/d1/447/AUTH_d98f9ffaeb7346169078ece01c85312d/gnocchi.42fc01be-8ee0-4ad9-9188-d0b6fd8f9332/1764720000.0_mean_300.0_v3" "tx6ffb576aab27402c8582f-006932995c" "object-server 23" 0.0011 "-" 21 0
Dec 5 08:35:40 np0005546416 object-server[120385]: 172.20.0.104 - - [05/Dec/2025:08:35:40 +0000] "PUT /d1/447/AUTH_d98f9ffaeb7346169078ece01c85312d/gnocchi.42fc01be-8ee0-4ad9-9188-d0b6fd8f9332/1764720000.0_mean_300.0_v3" 201 - "PUT http://172.18.0.163:8080/v1/AUTH_d98f9ffaeb7346169078ece01c85312d/gnocchi.42fc01be-8ee0-4ad9-9188-d0b6fd8f9332/1764720000.0_mean_300.0_v3" "tx6ffb576aab27402c8582f-006932995c" "proxy-server 20" 0.0225 "-" 23 0
Dec 5 08:35:40 np0005546416 proxy-server[121677]: 172.18.0.105 172.18.0.104 05/Dec/2025/08/35/40 PUT /v1/AUTH_d98f9ffaeb7346169078ece01c85312d/gnocchi.42fc01be-8ee0-4ad9-9188-d0b6fd8f9332/1764720000.0_mean_300.0_v3 HTTP/1.0 201 - python-swiftclient-3.11.1 gAAAAABpMpk08Sto... 16 - - tx6ffb576aab27402c8582f-006932995c - 0.0501 - - 1764923740.494743586 1764923740.544853926 0
Dec 5 08:35:40 np0005546416 container-server[120060]: 172.20.0.103 - - [05/Dec/2025:08:35:40 +0000] "PUT /d1/747/AUTH_d98f9ffaeb7346169078ece01c85312d/gnocchi.ed499b6b-d6df-4a7a-a899-82c37bf5d161/none_v3" 201 - "PUT http://172.18.0.163:8080/d1/322/AUTH_d98f9ffaeb7346169078ece01c85312d/gnocchi.ed499b6b-d6df-4a7a-a899-82c37bf5d161/none_v3" "tx9c4645ea1c144ce4b40e7-006932995c" "object-server 23" 0.0006 "-" 23 0
Dec 5 08:35:40 np0005546416 object-server[120388]: 172.20.0.105 - - [05/Dec/2025:08:35:40 +0000] "PUT /d1/322/AUTH_d98f9ffaeb7346169078ece01c85312d/gnocchi.ed499b6b-d6df-4a7a-a899-82c37bf5d161/none_v3" 201 - "PUT http://172.18.0.163:8080/v1/AUTH_d98f9ffaeb7346169078ece01c85312d/gnocchi.ed499b6b-d6df-4a7a-a899-82c37bf5d161/none_v3" "tx9c4645ea1c144ce4b40e7-006932995c" "proxy-server 20" 0.0152 "-" 25 0
Dec 5 08:35:40 np0005546416 object-server[120385]: 172.20.0.103 - - [05/Dec/2025:08:35:40 +0000] "PUT /d1/482/AUTH_d98f9ffaeb7346169078ece01c85312d/gnocchi.42fc01be-8ee0-4ad9-9188-d0b6fd8f9332/none_v3" 201 - "PUT http://172.18.0.163:8080/v1/AUTH_d98f9ffaeb7346169078ece01c85312d/gnocchi.42fc01be-8ee0-4ad9-9188-d0b6fd8f9332/none_v3" "tx712f19b8907d4089850e3-006932995c" "proxy-server 20" 0.0258 "-" 23 0
Dec 5 08:35:40 np0005546416 container-server[120060]: 172.20.0.104 - - [05/Dec/2025:08:35:40 +0000] "HEAD /d1/5/AUTH_d98f9ffaeb7346169078ece01c85312d/gnocchi.ff28c9ab-90b8-4136-b1f1-43456cc14fab" 404 - "HEAD http://172.18.0.163:8080/v1/AUTH_d98f9ffaeb7346169078ece01c85312d/gnocchi.ff28c9ab-90b8-4136-b1f1-43456cc14fab?format=json&states=listing" "tx797ae30bfe9d4b8dbaee9-006932995c" "proxy-server 20" 0.0005 "-" 23 0
Dec 5 08:35:40 np0005546416 container-server[120032]: 172.20.0.105 - - [05/Dec/2025:08:35:40 +0000] "PUT /d1/348/AUTH_d98f9ffaeb7346169078ece01c85312d/gnocchi.42fc01be-8ee0-4ad9-9188-d0b6fd8f9332/none_v3" 201 - "PUT http://172.18.0.163:8080/d1/482/AUTH_d98f9ffaeb7346169078ece01c85312d/gnocchi.42fc01be-8ee0-4ad9-9188-d0b6fd8f9332/none_v3" "tx712f19b8907d4089850e3-006932995c" "object-server 25" 0.0006 "-" 19 0
Dec 5 08:35:40 np0005546416 object-server[120382]: 172.20.0.104 - - [05/Dec/2025:08:35:40 +0000] "GET /d1/994/AUTH_d98f9ffaeb7346169078ece01c85312d/gnocchi.ff28c9ab-90b8-4136-b1f1-43456cc14fab/none_v3" 404 70 "GET http://172.18.0.163:8080/v1/AUTH_d98f9ffaeb7346169078ece01c85312d/gnocchi.ff28c9ab-90b8-4136-b1f1-43456cc14fab/none_v3" "tx797ae30bfe9d4b8dbaee9-006932995c" "proxy-server 20" 0.0004 "-" 22 0
Dec 5 08:35:40 np0005546416 proxy-server[121677]: 172.18.0.103 172.18.0.104 05/Dec/2025/08/35/40 GET /v1/AUTH_d98f9ffaeb7346169078ece01c85312d/gnocchi.ff28c9ab-90b8-4136-b1f1-43456cc14fab/none_v3 HTTP/1.0 404 - python-swiftclient-3.11.1 gAAAAABpMpkVTcQj... - 70 - tx797ae30bfe9d4b8dbaee9-006932995c - 0.0326 - - 1764923740.573794127 1764923740.606349468 0
Dec 5 08:35:40 np0005546416 container-server[120032]: 172.20.0.103 - - [05/Dec/2025:08:35:40 +0000] "HEAD /d1/944/AUTH_d98f9ffaeb7346169078ece01c85312d/gnocchi.f39b4c88-e5da-46d9-8e50-9fa0c4e0d91d" 404 - "HEAD http://172.18.0.163:8080/v1/AUTH_d98f9ffaeb7346169078ece01c85312d/gnocchi.f39b4c88-e5da-46d9-8e50-9fa0c4e0d91d?format=json&states=listing" "tx7dc061234d634dad96f21-006932995c" "proxy-server 20" 0.0004 "-" 19 0
Dec 5 08:35:40 np0005546416 container-server[120032]: 172.20.0.105 - - [05/Dec/2025:08:35:40 +0000] "PUT /d1/5/AUTH_d98f9ffaeb7346169078ece01c85312d/gnocchi.ff28c9ab-90b8-4136-b1f1-43456cc14fab" 201 - "PUT http://172.18.0.163:8080/v1/AUTH_d98f9ffaeb7346169078ece01c85312d/gnocchi.ff28c9ab-90b8-4136-b1f1-43456cc14fab" "tx9ef1208d807b4938b11c4-006932995c" "proxy-server 20" 0.0223 "-" 19 0
Dec 5 08:35:40 np0005546416 account-server[119962]: 172.20.0.105 - - [05/Dec/2025:08:35:40 +0000] "PUT /d1/390/AUTH_d98f9ffaeb7346169078ece01c85312d/gnocchi.ff28c9ab-90b8-4136-b1f1-43456cc14fab" 201 - "PUT http://172.20.0.105:6001/d1/5/AUTH_d98f9ffaeb7346169078ece01c85312d/gnocchi.ff28c9ab-90b8-4136-b1f1-43456cc14fab" "tx9ef1208d807b4938b11c4-006932995c" "container-server 20" 0.0066 "-" 22 0
Dec 5 08:35:40 np0005546416 object-server[120382]: 172.20.0.103 - - [05/Dec/2025:08:35:40 +0000] "GET /d1/727/AUTH_d98f9ffaeb7346169078ece01c85312d/gnocchi.f39b4c88-e5da-46d9-8e50-9fa0c4e0d91d/none_v3" 404 70 "GET http://172.18.0.163:8080/v1/AUTH_d98f9ffaeb7346169078ece01c85312d/gnocchi.f39b4c88-e5da-46d9-8e50-9fa0c4e0d91d/none_v3" "tx7dc061234d634dad96f21-006932995c" "proxy-server 20" 0.0005 "-" 22 0
Dec 5 08:35:40 np0005546416 container-server[120032]: 172.20.0.104 - - [05/Dec/2025:08:35:40 +0000] "HEAD /d1/5/AUTH_d98f9ffaeb7346169078ece01c85312d/gnocchi.ff28c9ab-90b8-4136-b1f1-43456cc14fab" 204 - "HEAD http://172.18.0.163:8080/v1/AUTH_d98f9ffaeb7346169078ece01c85312d/gnocchi.ff28c9ab-90b8-4136-b1f1-43456cc14fab?format=json&states=listing" "txbd56337830794adba676a-006932995c" "proxy-server 20" 0.0019 "-" 19 0
Dec 5 08:35:40 np0005546416 proxy-server[121677]: - - 05/Dec/2025/08/35/40 HEAD /v1/AUTH_d98f9ffaeb7346169078ece01c85312d/gnocchi.ff28c9ab-90b8-4136-b1f1-43456cc14fab%3Fformat%3Djson%26states%3Dlisting HTTP/1.0 204 - Swift - - - - txbd56337830794adba676a-006932995c - 0.0068 RL - 1764923740.655645847 1764923740.662410021 0
Dec 5 08:35:40 np0005546416 container-server[120060]: 172.20.0.104 - - [05/Dec/2025:08:35:40 +0000] "GET /d1/5/AUTH_d98f9ffaeb7346169078ece01c85312d/gnocchi.ff28c9ab-90b8-4136-b1f1-43456cc14fab" 200 2 "GET http://172.18.0.163:8080/v1/AUTH_d98f9ffaeb7346169078ece01c85312d/gnocchi.ff28c9ab-90b8-4136-b1f1-43456cc14fab?format=json&states=listing" "txbd56337830794adba676a-006932995c" "proxy-server 20" 0.0034 "-" 23 0
Dec 5 08:35:40 np0005546416 proxy-server[121677]: 172.18.0.103 172.18.0.104 05/Dec/2025/08/35/40 GET /v1/AUTH_d98f9ffaeb7346169078ece01c85312d/gnocchi.ff28c9ab-90b8-4136-b1f1-43456cc14fab%3Fformat%3Djson%26states%3Dlisting HTTP/1.0 200 - python-swiftclient-3.11.1 gAAAAABpMpkVTcQj... - 2 - txbd56337830794adba676a-006932995c - 0.0225 - - 1764923740.653365850 1764923740.675819159 0
