Dec 5 08:31:51 np0005546415 account-server[123017]: diff:0 diff_capped:0 empty:0 hashmatch:0 no_change:0 remote_merge:0 rsync:0 ts_repl:0
Dec 5 08:31:55 np0005546415 container-server[123251]: Beginning replication run
Dec 5 08:31:55 np0005546415 container-server[123251]: Replication run OVER
Dec 5 08:31:55 np0005546415 container-server[123251]: Attempted to replicate 0 dbs in 0.00167 seconds (0.00000/s)
Dec 5 08:31:55 np0005546415 container-server[123251]: Removed 0 dbs
Dec 5 08:31:55 np0005546415 container-server[123251]: 0 successes, 0 failures
Dec 5 08:31:55 np0005546415 container-server[123251]: diff:0 diff_capped:0 empty:0 hashmatch:0 no_change:0 remote_merge:0 rsync:0 ts_repl:0
Dec 5 08:31:55 np0005546415 account-server[123296]: 172.20.0.104 - - [05/Dec/2025:08:31:55 +0000] "HEAD /d1/179/.expiring_objects" 404 - "HEAD http://localhost/v1/.expiring_objects?format=json" "tx197749a56d5a434bbbd00-006932987b" "proxy-server 2" 0.0007 "-" 21 -
Dec 5 08:32:17 np0005546415 object-server[123749]: Starting object replication pass.
Dec 5 08:32:17 np0005546415 object-server[123749]: Nothing replicated for 0.0026569366455078125 seconds.
Dec 5 08:32:17 np0005546415 object-server[123749]: Object replication complete. (0.00 minutes)
Dec 5 08:32:18 np0005546415 object-server[195810]: Begin object audit "forever" mode (ALL)
Dec 5 08:32:18 np0005546415 object-server[195809]: Begin object audit "forever" mode (ZBF)
Dec 5 08:32:18 np0005546415 object-server[195810]: Object audit (ALL) "forever" mode completed: 0.00s. Total quarantined: 0, Total errors: 0, Total files/sec: 0.00, Total bytes/sec: 0.00, Auditing time: 0.00, Rate: 0.00
Dec 5 08:32:18 np0005546415 object-server[195809]: Object audit (ZBF) "forever" mode completed: 0.00s. Total quarantined: 0, Total errors: 0, Total files/sec: 0.00, Total bytes/sec: 0.00, Auditing time: 0.00, Rate: 0.00
Dec 5 08:32:21 np0005546415 account-server[123017]: Beginning replication run
Dec 5 08:32:21 np0005546415 account-server[123017]: Replication run OVER
Dec 5 08:32:21 np0005546415 account-server[123017]: Attempted to replicate 0 dbs in 0.00135 seconds (0.00000/s)
Dec 5 08:32:21 np0005546415 account-server[123017]: Removed 0 dbs
Dec 5 08:32:21 np0005546415 account-server[123017]: 0 successes, 0 failures
Dec 5 08:32:21 np0005546415 account-server[123017]: diff:0 diff_capped:0 empty:0 hashmatch:0 no_change:0 remote_merge:0 rsync:0 ts_repl:0
Dec 5 08:32:25 np0005546415 container-server[123251]: Beginning replication run
Dec 5 08:32:25 np0005546415 container-server[123251]: Replication run OVER
Dec 5 08:32:25 np0005546415 container-server[123251]: Attempted to replicate 0 dbs in 0.00165 seconds (0.00000/s)
Dec 5 08:32:25 np0005546415 container-server[123251]: Removed 0 dbs
Dec 5 08:32:25 np0005546415 container-server[123251]: 0 successes, 0 failures
Dec 5 08:32:25 np0005546415 container-server[123251]: diff:0 diff_capped:0 empty:0 hashmatch:0 no_change:0 remote_merge:0 rsync:0 ts_repl:0
Dec 5 08:32:37 np0005546415 object-server[123777]: Begin object update sweep
Dec 5 08:32:37 np0005546415 object-server[198341]: Object update sweep starting on /srv/node/d1 (pid: 14)
Dec 5 08:32:37 np0005546415 object-server[198341]: Object update sweep completed on /srv/node/d1 in 0.00s seconds:, 0 successes, 0 failures, 0 quarantines, 0 unlinks, 0 errors, 0 redirects (pid: 14)
Dec 5 08:32:37 np0005546415 object-server[198341]: Object update sweep of d1 completed: 0.00s, 0 successes, 0 failures, 0 quarantines, 0 unlinks, 0 errors, 0 redirects
Dec 5 08:32:37 np0005546415 object-server[123777]: Object update sweep completed: 0.08s
Dec 5 08:32:47 np0005546415 object-server[123749]: Starting object replication pass.
Dec 5 08:32:47 np0005546415 object-server[123749]: Nothing replicated for 0.003924131393432617 seconds.
Dec 5 08:32:47 np0005546415 object-server[123749]: Object replication complete. (0.00 minutes)
Dec 5 08:32:48 np0005546415 object-server[199121]: Begin object audit "forever" mode (ZBF)
Dec 5 08:32:48 np0005546415 object-server[199122]: Begin object audit "forever" mode (ALL)
Dec 5 08:32:48 np0005546415 object-server[199121]: Object audit (ZBF) "forever" mode completed: 0.00s. Total quarantined: 0, Total errors: 0, Total files/sec: 0.00, Total bytes/sec: 0.00, Auditing time: 0.00, Rate: 0.00
Dec 5 08:32:48 np0005546415 object-server[199122]: Object audit (ALL) "forever" mode completed: 0.00s. Total quarantined: 0, Total errors: 0, Total files/sec: 0.00, Total bytes/sec: 0.00, Auditing time: 0.00, Rate: 0.00
Dec 5 08:32:52 np0005546415 account-server[123017]: Beginning replication run
Dec 5 08:32:52 np0005546415 account-server[123017]: Replication run OVER
Dec 5 08:32:52 np0005546415 account-server[123017]: Attempted to replicate 0 dbs in 0.00150 seconds (0.00000/s)
Dec 5 08:32:52 np0005546415 account-server[123017]: Removed 0 dbs
Dec 5 08:32:52 np0005546415 account-server[123017]: 0 successes, 0 failures
Dec 5 08:32:52 np0005546415 account-server[123017]: diff:0 diff_capped:0 empty:0 hashmatch:0 no_change:0 remote_merge:0 rsync:0 ts_repl:0
Dec 5 08:32:55 np0005546415 container-server[123251]: Beginning replication run
Dec 5 08:32:55 np0005546415 container-server[123251]: Replication run OVER
Dec 5 08:32:55 np0005546415 container-server[123251]: Attempted to replicate 0 dbs in 0.00158 seconds (0.00000/s)
Dec 5 08:32:55 np0005546415 container-server[123251]: Removed 0 dbs
Dec 5 08:32:55 np0005546415 container-server[123251]: 0 successes, 0 failures
Dec 5 08:32:55 np0005546415 container-server[123251]: diff:0 diff_capped:0 empty:0 hashmatch:0 no_change:0 remote_merge:0 rsync:0 ts_repl:0
Dec 5 08:33:17 np0005546415 object-server[123749]: Starting object replication pass.
Dec 5 08:33:17 np0005546415 object-server[123749]: Nothing replicated for 0.004772663116455078 seconds.
Dec 5 08:33:17 np0005546415 object-server[123749]: Object replication complete. (0.00 minutes)
Dec 5 08:33:18 np0005546415 object-server[202032]: Begin object audit "forever" mode (ALL)
Dec 5 08:33:18 np0005546415 object-server[202032]: Object audit (ALL) "forever" mode completed: 0.00s. Total quarantined: 0, Total errors: 0, Total files/sec: 0.00, Total bytes/sec: 0.00, Auditing time: 0.00, Rate: 0.00
Dec 5 08:33:18 np0005546415 object-server[202031]: Begin object audit "forever" mode (ZBF)
Dec 5 08:33:18 np0005546415 object-server[202031]: Object audit (ZBF) "forever" mode completed: 0.00s. Total quarantined: 0, Total errors: 0, Total files/sec: 0.00, Total bytes/sec: 0.00, Auditing time: 0.00, Rate: 0.00
Dec 5 08:33:22 np0005546415 account-server[123017]: Beginning replication run
Dec 5 08:33:22 np0005546415 account-server[123017]: Replication run OVER
Dec 5 08:33:22 np0005546415 account-server[123017]: Attempted to replicate 0 dbs in 0.00129 seconds (0.00000/s)
Dec 5 08:33:22 np0005546415 account-server[123017]: Removed 0 dbs
Dec 5 08:33:22 np0005546415 account-server[123017]: 0 successes, 0 failures
Dec 5 08:33:22 np0005546415 account-server[123017]: diff:0 diff_capped:0 empty:0 hashmatch:0 no_change:0 remote_merge:0 rsync:0 ts_repl:0
Dec 5 08:33:22 np0005546415 container-server[123134]: Begin container audit pass.
Dec 5 08:33:25 np0005546415 container-server[123251]: Beginning replication run
Dec 5 08:33:25 np0005546415 container-server[123251]: Replication run OVER
Dec 5 08:33:25 np0005546415 container-server[123251]: Attempted to replicate 0 dbs in 0.00180 seconds (0.00000/s)
Dec 5 08:33:25 np0005546415 container-server[123251]: Removed 0 dbs
Dec 5 08:33:25 np0005546415 container-server[123251]: 0 successes, 0 failures
Dec 5 08:33:25 np0005546415 container-server[123251]: diff:0 diff_capped:0 empty:0 hashmatch:0 no_change:0 remote_merge:0 rsync:0 ts_repl:0
Dec 5 08:33:47 np0005546415 object-server[123749]: Starting object replication pass.
Dec 5 08:33:47 np0005546415 object-server[123749]: Nothing replicated for 0.0035567283630371094 seconds.
Dec 5 08:33:47 np0005546415 object-server[123749]: Object replication complete. (0.00 minutes)
Dec 5 08:33:48 np0005546415 account-server[123305]: 172.20.0.105 - - [05/Dec/2025:08:33:48 +0000] "HEAD /d1/179/.expiring_objects" 404 - "HEAD http://localhost/v1/.expiring_objects?format=json" "tx459d13aa254e4cda9d832-00693298ec" "proxy-server 2" 0.0008 "-" 22 -
Dec 5 08:33:49 np0005546415 object-server[204904]: Begin object audit "forever" mode (ZBF)
Dec 5 08:33:49 np0005546415 object-server[204904]: Object audit (ZBF) "forever" mode completed: 0.00s. Total quarantined: 0, Total errors: 0, Total files/sec: 0.00, Total bytes/sec: 0.00, Auditing time: 0.00, Rate: 0.00
Dec 5 08:33:49 np0005546415 object-server[204905]: Begin object audit "forever" mode (ALL)
Dec 5 08:33:49 np0005546415 object-server[204905]: Object audit (ALL) "forever" mode completed: 0.00s. Total quarantined: 0, Total errors: 0, Total files/sec: 0.00, Total bytes/sec: 0.00, Auditing time: 0.00, Rate: 0.00
Dec 5 08:33:52 np0005546415 account-server[123017]: Beginning replication run
Dec 5 08:33:52 np0005546415 account-server[123017]: Replication run OVER
Dec 5 08:33:52 np0005546415 account-server[123017]: Attempted to replicate 0 dbs in 0.00115 seconds (0.00000/s)
Dec 5 08:33:52 np0005546415 account-server[123017]: Removed 0 dbs
Dec 5 08:33:52 np0005546415 account-server[123017]: 0 successes, 0 failures
Dec 5 08:33:52 np0005546415 account-server[123017]: diff:0 diff_capped:0 empty:0 hashmatch:0 no_change:0 remote_merge:0 rsync:0 ts_repl:0
Dec 5 08:33:56 np0005546415 container-server[123251]: Beginning replication run
Dec 5 08:33:56 np0005546415 container-server[123251]: Replication run OVER
Dec 5 08:33:56 np0005546415 container-server[123251]: Attempted to replicate 0 dbs in 0.00154 seconds (0.00000/s)
Dec 5 08:33:56 np0005546415 container-server[123251]: Removed 0 dbs
Dec 5 08:33:56 np0005546415 container-server[123251]: 0 successes, 0 failures
Dec 5 08:33:56 np0005546415 container-server[123251]: diff:0 diff_capped:0 empty:0 hashmatch:0 no_change:0 remote_merge:0 rsync:0 ts_repl:0
Dec 5 08:33:58 np0005546415 account-server[123317]: 172.20.0.105 - - [05/Dec/2025:08:33:58 +0000] "HEAD /d1/179/.expiring_objects" 404 - "HEAD http://localhost/v1/.expiring_objects?format=json" "tx0cfbab3bf86645bcbd4d4-00693298f6" "proxy-server 2" 0.0009 "-" 23 -
Dec 5 08:34:01 np0005546415 account-server[122739]: Devices pass completed: 0.00s
Dec 5 08:34:17 np0005546415 object-server[123749]: Starting object replication pass.
Dec 5 08:34:17 np0005546415 object-server[123749]: Nothing replicated for 0.0069200992584228516 seconds.
Dec 5 08:34:17 np0005546415 object-server[123749]: Object replication complete. (0.00 minutes)
Dec 5 08:34:19 np0005546415 object-server[204906]: Begin object audit "forever" mode (ZBF)
Dec 5 08:34:19 np0005546415 object-server[204906]: Object audit (ZBF) "forever" mode completed: 0.00s. Total quarantined: 0, Total errors: 0, Total files/sec: 0.00, Total bytes/sec: 0.00, Auditing time: 0.00, Rate: 0.00
Dec 5 08:34:22 np0005546415 account-server[123017]: Beginning replication run
Dec 5 08:34:22 np0005546415 account-server[123017]: Replication run OVER
Dec 5 08:34:22 np0005546415 account-server[123017]: Attempted to replicate 0 dbs in 0.00183 seconds (0.00000/s)
Dec 5 08:34:22 np0005546415 account-server[123017]: Removed 0 dbs
Dec 5 08:34:22 np0005546415 account-server[123017]: 0 successes, 0 failures
Dec 5 08:34:22 np0005546415 account-server[123017]: diff:0 diff_capped:0 empty:0 hashmatch:0 no_change:0 remote_merge:0 rsync:0 ts_repl:0
Dec 5 08:34:26 np0005546415 container-server[123251]: Beginning replication run
Dec 5 08:34:26 np0005546415 container-server[123251]: Replication run OVER
Dec 5 08:34:26 np0005546415 container-server[123251]: Attempted to replicate 0 dbs in 0.00187 seconds (0.00000/s)
Dec 5 08:34:26 np0005546415 container-server[123251]: Removed 0 dbs
Dec 5 08:34:26 np0005546415 container-server[123251]: 0 successes, 0 failures
Dec 5 08:34:26 np0005546415 container-server[123251]: diff:0 diff_capped:0 empty:0 hashmatch:0 no_change:0 remote_merge:0 rsync:0 ts_repl:0
Dec 5 08:34:29 np0005546415 account-server[123294]: 172.20.0.103 - - [05/Dec/2025:08:34:29 +0000] "HEAD /d1/390/AUTH_d98f9ffaeb7346169078ece01c85312d" 404 - "HEAD http://172.18.0.163:8080/v1/AUTH_d98f9ffaeb7346169078ece01c85312d?format=json" "tx92eab78e5bdb4902b15f2-0069329915" "proxy-server 20" 0.0008 "-" 20 -
Dec 5 08:34:29 np0005546415 proxy-server[125175]: - - 05/Dec/2025/08/34/29 HEAD /v1/AUTH_d98f9ffaeb7346169078ece01c85312d%3Fformat%3Djson HTTP/1.0 200 - Swift - - - - tx92eab78e5bdb4902b15f2-0069329915 - 0.0233 RL - 1764923669.963704824 1764923669.986959934 -
Dec 5 08:34:30 np0005546415 object-server[124064]: 172.20.0.103 - - [05/Dec/2025:08:34:30 +0000] "GET /d1/870/AUTH_d98f9ffaeb7346169078ece01c85312d/gnocchi.1b4f3fc1-baad-44ab-87ca-c4f221fb226c/none_v3" 404 70 "GET http://172.18.0.163:8080/v1/AUTH_d98f9ffaeb7346169078ece01c85312d/gnocchi.1b4f3fc1-baad-44ab-87ca-c4f221fb226c/none_v3" "tx92eab78e5bdb4902b15f2-0069329915" "proxy-server 20" 0.0010 "-" 24 0
Dec 5 08:34:30 np0005546415 proxy-server[125175]: 172.18.0.103 172.18.0.104 05/Dec/2025/08/34/30 GET /v1/AUTH_d98f9ffaeb7346169078ece01c85312d/gnocchi.1b4f3fc1-baad-44ab-87ca-c4f221fb226c/none_v3 HTTP/1.0 404 - python-swiftclient-3.11.1 gAAAAABpMpkVTcQj... - 70 - tx92eab78e5bdb4902b15f2-0069329915 - 0.5054 - - 1764923669.957880974 1764923670.463327646 0
Dec 5 08:34:30 np0005546415 account-server[123317]: 172.20.0.105 - - [05/Dec/2025:08:34:30 +0000] "PUT /d1/390/AUTH_d98f9ffaeb7346169078ece01c85312d" 201 - "-" "tx45a0e66de58a441695496-0069329916" "-" 0.0250 "-" 23 -
Dec 5 08:34:30 np0005546415 account-server[123294]: 172.20.0.103 - - [05/Dec/2025:08:34:30 +0000] "PUT /d1/390/AUTH_d98f9ffaeb7346169078ece01c85312d/gnocchi.1b4f3fc1-baad-44ab-87ca-c4f221fb226c" 201 - "PUT http://172.20.0.103:6001/d1/484/AUTH_d98f9ffaeb7346169078ece01c85312d/gnocchi.1b4f3fc1-baad-44ab-87ca-c4f221fb226c" "tx45a0e66de58a441695496-0069329916" "container-server 16" 0.0037 "-" 20 0
Dec 5 08:34:30 np0005546415 container-server[123520]: 172.20.0.105 - - [05/Dec/2025:08:34:30 +0000] "PUT /d1/484/AUTH_d98f9ffaeb7346169078ece01c85312d/gnocchi.1b4f3fc1-baad-44ab-87ca-c4f221fb226c" 201 - "PUT http://172.18.0.163:8080/v1/AUTH_d98f9ffaeb7346169078ece01c85312d/gnocchi.1b4f3fc1-baad-44ab-87ca-c4f221fb226c" "tx45a0e66de58a441695496-0069329916" "proxy-server 20" 0.0185 "-" 16 0
Dec 5 08:34:30 np0005546415 container-server[123508]: 172.20.0.104 - - [05/Dec/2025:08:34:30 +0000] "GET /d1/484/AUTH_d98f9ffaeb7346169078ece01c85312d/gnocchi.1b4f3fc1-baad-44ab-87ca-c4f221fb226c" 200 2 "GET http://172.18.0.163:8080/v1/AUTH_d98f9ffaeb7346169078ece01c85312d/gnocchi.1b4f3fc1-baad-44ab-87ca-c4f221fb226c?format=json&states=listing" "tx7142854a765942668e2ee-0069329916" "proxy-server 20" 0.0031 "-" 15 0
Dec 5 08:34:30 np0005546415 object-server[124074]: 172.20.0.103 - - [05/Dec/2025:08:34:30 +0000] "GET /d1/358/AUTH_d98f9ffaeb7346169078ece01c85312d/gnocchi.1b4f3fc1-baad-44ab-87ca-c4f221fb226c/1764720000.0_mean_300.0_v3" 404 70 "GET http://172.18.0.163:8080/v1/AUTH_d98f9ffaeb7346169078ece01c85312d/gnocchi.1b4f3fc1-baad-44ab-87ca-c4f221fb226c/1764720000.0_mean_300.0_v3" "txf070f4a2cfc949a593220-0069329916" "proxy-server 20" 0.0012 "-" 25 0
Dec 5 08:34:30 np0005546415 proxy-server[125175]: 172.18.0.103 172.18.0.104 05/Dec/2025/08/34/30 GET /v1/AUTH_d98f9ffaeb7346169078ece01c85312d/gnocchi.1b4f3fc1-baad-44ab-87ca-c4f221fb226c/1764720000.0_mean_300.0_v3 HTTP/1.0 404 - python-swiftclient-3.11.1 gAAAAABpMpkVTcQj... - 70 - txf070f4a2cfc949a593220-0069329916 - 0.0173 - - 1764923670.585042953 1764923670.602384329 0
Dec 5 08:34:30 np0005546415 object-server[124058]: 172.20.0.105 - - [05/Dec/2025:08:34:30 +0000] "PUT /d1/358/AUTH_d98f9ffaeb7346169078ece01c85312d/gnocchi.1b4f3fc1-baad-44ab-87ca-c4f221fb226c/1764720000.0_mean_300.0_v3" 201 - "PUT http://172.18.0.163:8080/v1/AUTH_d98f9ffaeb7346169078ece01c85312d/gnocchi.1b4f3fc1-baad-44ab-87ca-c4f221fb226c/1764720000.0_mean_300.0_v3" "tx37952f4f70f84905b3bbb-0069329916" "proxy-server 20" 0.0662 "-" 23 0
Dec 5 08:34:30 np0005546415 container-server[123531]: 172.20.0.105 - - [05/Dec/2025:08:34:30 +0000] "PUT /d1/484/AUTH_d98f9ffaeb7346169078ece01c85312d/gnocchi.1b4f3fc1-baad-44ab-87ca-c4f221fb226c/1764720000.0_mean_300.0_v3" 201 - "PUT http://172.18.0.163:8080/d1/358/AUTH_d98f9ffaeb7346169078ece01c85312d/gnocchi.1b4f3fc1-baad-44ab-87ca-c4f221fb226c/1764720000.0_mean_300.0_v3" "tx37952f4f70f84905b3bbb-0069329916" "object-server 22" 0.0013 "-" 17 0
Dec 5 08:34:30 np0005546415 object-server[124074]: 172.20.0.104 - - [05/Dec/2025:08:34:30 +0000] "PUT /d1/870/AUTH_d98f9ffaeb7346169078ece01c85312d/gnocchi.1b4f3fc1-baad-44ab-87ca-c4f221fb226c/none_v3" 201 - "PUT http://172.18.0.163:8080/v1/AUTH_d98f9ffaeb7346169078ece01c85312d/gnocchi.1b4f3fc1-baad-44ab-87ca-c4f221fb226c/none_v3" "txf812d5ca1bca41dd91803-0069329916" "proxy-server 20" 0.0409 "-" 25 0
Dec 5 08:34:30 np0005546415 container-server[123531]: 172.20.0.104 - - [05/Dec/2025:08:34:30 +0000] "PUT /d1/484/AUTH_d98f9ffaeb7346169078ece01c85312d/gnocchi.1b4f3fc1-baad-44ab-87ca-c4f221fb226c/none_v3" 201 - "PUT http://172.18.0.163:8080/d1/870/AUTH_d98f9ffaeb7346169078ece01c85312d/gnocchi.1b4f3fc1-baad-44ab-87ca-c4f221fb226c/none_v3" "txf812d5ca1bca41dd91803-0069329916" "object-server 24" 0.0006 "-" 17 0
Dec 5 08:34:47 np0005546415 object-server[123749]: Starting object replication pass.
Dec 5 08:34:47 np0005546415 object-server[123749]: 2/2 (100.00%) partitions replicated in 0.04s (52.86/sec, 0s remaining)
Dec 5 08:34:47 np0005546415 object-server[123749]: 4 successes, 0 failures
Dec 5 08:34:47 np0005546415 object-server[123749]: 2 suffixes checked - 0.00% hashed, 0.00% synced
Dec 5 08:34:47 np0005546415 object-server[123749]: Partition times: max 0.0229s, min 0.0112s, med 0.0229s
Dec 5 08:34:47 np0005546415 object-server[123749]: Object replication complete. (0.00 minutes)
Dec 5 08:34:49 np0005546415 object-server[210970]: Begin object audit "forever" mode (ALL)
Dec 5 08:34:49 np0005546415 object-server[210969]: Begin object audit "forever" mode (ZBF)
Dec 5 08:34:49 np0005546415 object-server[210969]: Object audit (ZBF). Since Fri Dec 5 08:34:49 2025: Locally: 1 passed, 0 quarantined, 0 errors, files/sec: 564.51, bytes/sec: 0.00, Total time: 0.00, Auditing time: 0.00, Rate: 0.00
Dec 5 08:34:49 np0005546415 object-server[210969]: Object audit (ZBF) "forever" mode completed: 0.00s. Total quarantined: 0, Total errors: 0, Total files/sec: 416.12, Total bytes/sec: 0.00, Auditing time: 0.00, Rate: 0.27
Dec 5 08:34:49 np0005546415 object-server[210970]: Object audit (ALL). Since Fri Dec 5 08:34:49 2025: Locally: 1 passed, 0 quarantined, 0 errors, files/sec: 102.75, bytes/sec: 1644.02, Total time: 0.01, Auditing time: 0.00, Rate: 0.00
Dec 5 08:34:49 np0005546415 object-server[210970]: Object audit (ALL) "forever" mode completed: 0.01s. Total quarantined: 0, Total errors: 0, Total files/sec: 148.36, Total bytes/sec: 2818.80, Auditing time: 0.01, Rate: 0.75
Dec 5 08:34:52 np0005546415 account-server[123017]: Beginning replication run
Dec 5 08:34:52 np0005546415 account-server[123017]: Replication run OVER
Dec 5 08:34:52 np0005546415 account-server[123017]: Attempted to replicate 1 dbs in 0.02871 seconds (34.82790/s)
Dec 5 08:34:52 np0005546415 account-server[123017]: Removed 0 dbs
Dec 5 08:34:52 np0005546415 account-server[123017]: 2 successes, 0 failures
Dec 5 08:34:52 np0005546415 account-server[123017]: diff:0 diff_capped:0 empty:0 hashmatch:0 no_change:2 remote_merge:0 rsync:0 ts_repl:0
Dec 5 08:34:56 np0005546415 container-server[123251]: Beginning replication run
Dec 5 08:34:56 np0005546415 container-server[123251]: Replication run OVER
Dec 5 08:34:56 np0005546415 container-server[123251]: Attempted to replicate 1 dbs in 0.02991 seconds (33.43476/s)
Dec 5 08:34:56 np0005546415 container-server[123251]: Removed 0 dbs
Dec 5 08:34:56 np0005546415 container-server[123251]: 2 successes, 0 failures
Dec 5 08:34:56 np0005546415 container-server[123251]: diff:0 diff_capped:0 empty:0 hashmatch:0 no_change:2 remote_merge:0 rsync:0 ts_repl:0
Dec 5 08:35:00 np0005546415 object-server[124064]: 172.20.0.103 - - [05/Dec/2025:08:35:00 +0000] "GET /d1/870/AUTH_d98f9ffaeb7346169078ece01c85312d/gnocchi.1b4f3fc1-baad-44ab-87ca-c4f221fb226c/none_v3" 200 22 "GET http://172.18.0.163:8080/v1/AUTH_d98f9ffaeb7346169078ece01c85312d/gnocchi.1b4f3fc1-baad-44ab-87ca-c4f221fb226c/none_v3" "txd6b160c08cb14d7fb3618-0069329934" "proxy-server 20" 0.0019 "-" 24 0
Dec 5 08:35:00 np0005546415 proxy-server[125175]: 172.18.0.105 172.18.0.104 05/Dec/2025/08/35/00 GET /v1/AUTH_d98f9ffaeb7346169078ece01c85312d/gnocchi.1b4f3fc1-baad-44ab-87ca-c4f221fb226c/none_v3 HTTP/1.0 200 - python-swiftclient-3.11.1 gAAAAABpMpk08Sto... - 22 - txd6b160c08cb14d7fb3618-0069329934 - 0.1198 - - 1764923700.220112562 1764923700.339875221 0
Dec 5 08:35:00 np0005546415 container-server[123520]: 172.20.0.105 - - [05/Dec/2025:08:35:00 +0000] "GET /d1/484/AUTH_d98f9ffaeb7346169078ece01c85312d/gnocchi.1b4f3fc1-baad-44ab-87ca-c4f221fb226c" 200 357 "GET http://172.18.0.163:8080/v1/AUTH_d98f9ffaeb7346169078ece01c85312d/gnocchi.1b4f3fc1-baad-44ab-87ca-c4f221fb226c?format=json&states=listing" "txd5e0ee5b27af48b5a835d-0069329934" "proxy-server 20" 0.0050 "-" 16 0
Dec 5 08:35:00 np0005546415 container-server[123508]: 172.20.0.104 - - [05/Dec/2025:08:35:00 +0000] "GET /d1/484/AUTH_d98f9ffaeb7346169078ece01c85312d/gnocchi.1b4f3fc1-baad-44ab-87ca-c4f221fb226c" 200 2 "GET http://172.18.0.163:8080/v1/AUTH_d98f9ffaeb7346169078ece01c85312d/gnocchi.1b4f3fc1-baad-44ab-87ca-c4f221fb226c?format=json&marker=none_v3&states=listing" "txc4119a62304b4239b61ba-0069329934" "proxy-server 20" 0.0037 "-" 15 0
Dec 5 08:35:00 np0005546415 proxy-server[125175]: 172.18.0.105 172.18.0.104 05/Dec/2025/08/35/00 GET /v1/AUTH_d98f9ffaeb7346169078ece01c85312d/gnocchi.1b4f3fc1-baad-44ab-87ca-c4f221fb226c/1764720000.0_mean_300.0_v3 HTTP/1.0 200 - python-swiftclient-3.11.1 gAAAAABpMpk08Sto... - 16 - tx6cf1394b918f40eda6e1f-0069329934 - 0.0104 - - 1764923700.392645121 1764923700.403010845 0
Dec 5 08:35:00 np0005546415 container-server[123520]: 172.20.0.105 - - [05/Dec/2025:08:35:00 +0000] "PUT /d1/484/AUTH_d98f9ffaeb7346169078ece01c85312d/gnocchi.1b4f3fc1-baad-44ab-87ca-c4f221fb226c/1764720000.0_mean_300.0_v3" 201 - "PUT http://172.18.0.163:8080/d1/358/AUTH_d98f9ffaeb7346169078ece01c85312d/gnocchi.1b4f3fc1-baad-44ab-87ca-c4f221fb226c/1764720000.0_mean_300.0_v3" "tx5a75ad312ce64246a3cab-0069329934" "object-server 19" 0.0012 "-" 16 0
Dec 5 08:35:00 np0005546415 object-server[124058]: 172.20.0.105 - - [05/Dec/2025:08:35:00 +0000] "PUT /d1/358/AUTH_d98f9ffaeb7346169078ece01c85312d/gnocchi.1b4f3fc1-baad-44ab-87ca-c4f221fb226c/1764720000.0_mean_300.0_v3" 201 - "PUT http://172.18.0.163:8080/v1/AUTH_d98f9ffaeb7346169078ece01c85312d/gnocchi.1b4f3fc1-baad-44ab-87ca-c4f221fb226c/1764720000.0_mean_300.0_v3" "tx5a75ad312ce64246a3cab-0069329934" "proxy-server 20" 0.0242 "-" 23 0
Dec 5 08:35:00 np0005546415 object-server[124074]: 172.20.0.104 - - [05/Dec/2025:08:35:00 +0000] "PUT /d1/870/AUTH_d98f9ffaeb7346169078ece01c85312d/gnocchi.1b4f3fc1-baad-44ab-87ca-c4f221fb226c/none_v3" 201 - "PUT http://172.18.0.163:8080/v1/AUTH_d98f9ffaeb7346169078ece01c85312d/gnocchi.1b4f3fc1-baad-44ab-87ca-c4f221fb226c/none_v3" "txd688cf9fe56f4d0481225-0069329934" "proxy-server 20" 0.0245 "-" 25 0
Dec 5 08:35:00 np0005546415 container-server[123508]: 172.20.0.104 - - [05/Dec/2025:08:35:00 +0000] "PUT /d1/484/AUTH_d98f9ffaeb7346169078ece01c85312d/gnocchi.1b4f3fc1-baad-44ab-87ca-c4f221fb226c/none_v3" 201 - "PUT http://172.18.0.163:8080/d1/870/AUTH_d98f9ffaeb7346169078ece01c85312d/gnocchi.1b4f3fc1-baad-44ab-87ca-c4f221fb226c/none_v3" "txd688cf9fe56f4d0481225-0069329934" "object-server 23" 0.0008 "-" 15 0
Dec 5 08:35:04 np0005546415 account-server[123317]: 172.20.0.103 - - [05/Dec/2025:08:35:04 +0000] "HEAD /d1/179/.expiring_objects" 404 - "HEAD http://localhost/v1/.expiring_objects?format=json" "txd19b15ec22324110aaf2b-0069329938" "proxy-server 2" 0.0006 "-" 23 -
Dec 5 08:35:04 np0005546415 object-expirer[123529]: Pass completed in 0s; 0 objects expired (txn: txd19b15ec22324110aaf2b-0069329938)
Dec 5 08:35:17 np0005546415 object-server[123749]: Starting object replication pass.
Dec 5 08:35:17 np0005546415 object-server[123749]: 2/2 (100.00%) partitions replicated in 0.03s (62.01/sec, 0s remaining)
Dec 5 08:35:17 np0005546415 object-server[123749]: 4 successes, 0 failures
Dec 5 08:35:17 np0005546415 object-server[123749]: 2 suffixes checked - 0.00% hashed, 0.00% synced
Dec 5 08:35:17 np0005546415 object-server[123749]: Partition times: max 0.0143s, min 0.0115s, med 0.0143s
Dec 5 08:35:17 np0005546415 object-server[123749]: Object replication complete. (0.00 minutes)
Dec 5 08:35:19 np0005546415 object-server[213949]: Begin object audit "forever" mode (ZBF)
Dec 5 08:35:19 np0005546415 object-server[213949]: Object audit (ZBF). Since Fri Dec 5 08:35:19 2025: Locally: 1 passed, 0 quarantined, 0 errors, files/sec: 545.07, bytes/sec: 0.00, Total time: 0.00, Auditing time: 0.00, Rate: 0.00
Dec 5 08:35:19 np0005546415 object-server[213950]: Begin object audit "forever" mode (ALL)
Dec 5 08:35:19 np0005546415 object-server[213949]: Object audit (ZBF) "forever" mode completed: 0.00s. Total quarantined: 0, Total errors: 0, Total files/sec: 401.43, Total bytes/sec: 0.00, Auditing time: 0.00, Rate: 0.26
Dec 5 08:35:19 np0005546415 object-server[213950]: Object audit (ALL). Since Fri Dec 5 08:35:19 2025: Locally: 1 passed, 0 quarantined, 0 errors, files/sec: 93.30, bytes/sec: 1492.83, Total time: 0.01, Auditing time: 0.00, Rate: 0.00
Dec 5 08:35:19 np0005546415 object-server[213950]: Object audit (ALL) "forever" mode completed: 0.01s. Total quarantined: 0, Total errors: 0, Total files/sec: 141.52, Total bytes/sec: 3396.54, Auditing time: 0.01, Rate: 0.72
Dec 5 08:35:22 np0005546415 account-server[123017]: Beginning replication run
Dec 5 08:35:22 np0005546415 account-server[123017]: Replication run OVER
Dec 5 08:35:22 np0005546415 account-server[123017]: Attempted to replicate 1 dbs in 0.01550 seconds (64.51940/s)
Dec 5 08:35:22 np0005546415 account-server[123017]: Removed 0 dbs
Dec 5 08:35:22 np0005546415 account-server[123017]: 2 successes, 0 failures
Dec 5 08:35:22 np0005546415 account-server[123017]: diff:0 diff_capped:0 empty:0 hashmatch:0 no_change:2 remote_merge:0 rsync:0 ts_repl:0
Dec 5 08:35:23 np0005546415 account-server[123296]: 172.20.0.104 - - [05/Dec/2025:08:35:23 +0000] "HEAD /d1/179/.expiring_objects" 404 - "HEAD http://localhost/v1/.expiring_objects?format=json" "txc4b9208e3e1e4957a1940-006932994b" "proxy-server 2" 0.0010 "-" 21 -
Dec 5 08:35:26 np0005546415 container-server[123251]: Beginning replication run
Dec 5 08:35:26 np0005546415 container-server[123251]: Replication run OVER
Dec 5 08:35:26 np0005546415 container-server[123251]: Attempted to replicate 1 dbs in 0.03733 seconds (26.78502/s)
Dec 5 08:35:26 np0005546415 container-server[123251]: Removed 0 dbs
Dec 5 08:35:26 np0005546415 container-server[123251]: 2 successes, 0 failures
Dec 5 08:35:26 np0005546415 container-server[123251]: diff:0 diff_capped:0 empty:0 hashmatch:0 no_change:2 remote_merge:0 rsync:0 ts_repl:0
Dec 5 08:35:31 np0005546415 proxy-server[125175]: - - 05/Dec/2025/08/35/31 HEAD /v1/AUTH_d98f9ffaeb7346169078ece01c85312d%3Fformat%3Djson HTTP/1.0 204 - Swift - - - - tx1c98159fe4e74f28a09ee-0069329953 - 0.0062 RL - 1764923731.216243744 1764923731.222409248 -
Dec 5 08:35:31 np0005546415 container-server[123508]: 172.20.0.103 - - [05/Dec/2025:08:35:31 +0000] "HEAD /d1/192/AUTH_d98f9ffaeb7346169078ece01c85312d/gnocchi.06675aa6-54f4-4933-aaf6-4cf0c938c6f7" 404 - "HEAD http://172.18.0.163:8080/v1/AUTH_d98f9ffaeb7346169078ece01c85312d/gnocchi.06675aa6-54f4-4933-aaf6-4cf0c938c6f7?format=json&states=listing" "tx1c98159fe4e74f28a09ee-0069329953" "proxy-server 20" 0.0014 "-" 15 0
Dec 5 08:35:31 np0005546415 object-server[124074]: 172.20.0.103 - - [05/Dec/2025:08:35:31 +0000] "GET /d1/783/AUTH_d98f9ffaeb7346169078ece01c85312d/gnocchi.06675aa6-54f4-4933-aaf6-4cf0c938c6f7/none_v3" 404 70 "GET http://172.18.0.163:8080/v1/AUTH_d98f9ffaeb7346169078ece01c85312d/gnocchi.06675aa6-54f4-4933-aaf6-4cf0c938c6f7/none_v3" "tx1c98159fe4e74f28a09ee-0069329953" "proxy-server 20" 0.0009 "-" 25 0
Dec 5 08:35:31 np0005546415 container-server[123499]: 172.20.0.105 - - [05/Dec/2025:08:35:31 +0000] "HEAD /d1/440/AUTH_d98f9ffaeb7346169078ece01c85312d/gnocchi.82e2c0ee-03be-4b0a-8fa6-a4c96e7fd76d" 404 - "HEAD http://172.18.0.163:8080/v1/AUTH_d98f9ffaeb7346169078ece01c85312d/gnocchi.82e2c0ee-03be-4b0a-8fa6-a4c96e7fd76d?format=json&states=listing" "txc19b16494235496c9444b-0069329953" "proxy-server 20" 0.0049 "-" 14 0
Dec 5 08:35:31 np0005546415 proxy-server[125175]: 172.18.0.105 172.18.0.104 05/Dec/2025/08/35/31 GET /v1/AUTH_d98f9ffaeb7346169078ece01c85312d/gnocchi.06675aa6-54f4-4933-aaf6-4cf0c938c6f7/none_v3 HTTP/1.0 404 - python-swiftclient-3.11.1 gAAAAABpMpk08Sto... - 70 - tx1c98159fe4e74f28a09ee-0069329953 - 0.0408 - - 1764923731.215305567 1764923731.256132126 0
Dec 5 08:35:31 np0005546415 object-server[124058]: 172.20.0.105 - - [05/Dec/2025:08:35:31 +0000] "GET /d1/342/AUTH_d98f9ffaeb7346169078ece01c85312d/gnocchi.82e2c0ee-03be-4b0a-8fa6-a4c96e7fd76d/none_v3" 404 70 "GET http://172.18.0.163:8080/v1/AUTH_d98f9ffaeb7346169078ece01c85312d/gnocchi.82e2c0ee-03be-4b0a-8fa6-a4c96e7fd76d/none_v3" "txc19b16494235496c9444b-0069329953" "proxy-server 20" 0.0004 "-" 23 0
Dec 5 08:35:31 np0005546415 account-server[123305]: 172.20.0.103 - - [05/Dec/2025:08:35:31 +0000] "PUT /d1/390/AUTH_d98f9ffaeb7346169078ece01c85312d/gnocchi.06675aa6-54f4-4933-aaf6-4cf0c938c6f7" 201 - "PUT http://172.20.0.103:6001/d1/192/AUTH_d98f9ffaeb7346169078ece01c85312d/gnocchi.06675aa6-54f4-4933-aaf6-4cf0c938c6f7" "txf68d83bdecb44b6fbcb30-0069329953" "container-server 14" 0.0018 "-" 22 0
Dec 5 08:35:31 np0005546415 container-server[123499]: 172.20.0.104 - - [05/Dec/2025:08:35:31 +0000] "PUT /d1/192/AUTH_d98f9ffaeb7346169078ece01c85312d/gnocchi.06675aa6-54f4-4933-aaf6-4cf0c938c6f7" 201 - "PUT http://172.18.0.163:8080/v1/AUTH_d98f9ffaeb7346169078ece01c85312d/gnocchi.06675aa6-54f4-4933-aaf6-4cf0c938c6f7" "txf68d83bdecb44b6fbcb30-0069329953" "proxy-server 20" 0.0193 "-" 14 0
Dec 5 08:35:31 np0005546415 container-server[123520]: 172.20.0.103 - - [05/Dec/2025:08:35:31 +0000] "PUT /d1/440/AUTH_d98f9ffaeb7346169078ece01c85312d/gnocchi.82e2c0ee-03be-4b0a-8fa6-a4c96e7fd76d" 201 - "PUT http://172.18.0.163:8080/v1/AUTH_d98f9ffaeb7346169078ece01c85312d/gnocchi.82e2c0ee-03be-4b0a-8fa6-a4c96e7fd76d" "txa23ecc52ef4b406b8e27b-0069329953" "proxy-server 20" 0.0170 "-" 16 0
Dec 5 08:35:31 np0005546415 account-server[123305]: 172.20.0.105 - - [05/Dec/2025:08:35:31 +0000] "PUT /d1/390/AUTH_d98f9ffaeb7346169078ece01c85312d/gnocchi.82e2c0ee-03be-4b0a-8fa6-a4c96e7fd76d" 201 - "PUT http://172.20.0.105:6001/d1/440/AUTH_d98f9ffaeb7346169078ece01c85312d/gnocchi.82e2c0ee-03be-4b0a-8fa6-a4c96e7fd76d" "txa23ecc52ef4b406b8e27b-0069329953" "container-server 21" 0.0047 "-" 22 0
Dec 5 08:35:31 np0005546415 proxy-server[125175]: 172.18.0.103 172.18.0.104 05/Dec/2025/08/35/31 PUT /v1/AUTH_d98f9ffaeb7346169078ece01c85312d/gnocchi.82e2c0ee-03be-4b0a-8fa6-a4c96e7fd76d HTTP/1.0 201 - python-swiftclient-3.11.1 gAAAAABpMpkVTcQj... - - - txa23ecc52ef4b406b8e27b-0069329953 - 0.0293 - - 1764923731.275038004 1764923731.304327250 0
Dec 5 08:35:31 np0005546415 container-server[123531]: 172.20.0.104 - - [05/Dec/2025:08:35:31 +0000] "HEAD /d1/440/AUTH_d98f9ffaeb7346169078ece01c85312d/gnocchi.82e2c0ee-03be-4b0a-8fa6-a4c96e7fd76d" 204 - "HEAD http://172.18.0.163:8080/v1/AUTH_d98f9ffaeb7346169078ece01c85312d/gnocchi.82e2c0ee-03be-4b0a-8fa6-a4c96e7fd76d?format=json&states=listing" "txe8b3912b4c5b402d8c14d-0069329953" "proxy-server 20" 0.0029 "-" 17 0
Dec 5 08:35:31 np0005546415 container-server[123508]: 172.20.0.104 - - [05/Dec/2025:08:35:31 +0000] "GET /d1/440/AUTH_d98f9ffaeb7346169078ece01c85312d/gnocchi.82e2c0ee-03be-4b0a-8fa6-a4c96e7fd76d" 200 2 "GET http://172.18.0.163:8080/v1/AUTH_d98f9ffaeb7346169078ece01c85312d/gnocchi.82e2c0ee-03be-4b0a-8fa6-a4c96e7fd76d?format=json&states=listing" "txe8b3912b4c5b402d8c14d-0069329953" "proxy-server 20" 0.0076 "-" 15 0
Dec 5 08:35:31 np0005546415 object-server[124058]: 172.20.0.103 - - [05/Dec/2025:08:35:31 +0000] "GET /d1/686/AUTH_d98f9ffaeb7346169078ece01c85312d/gnocchi.06675aa6-54f4-4933-aaf6-4cf0c938c6f7/1764720000.0_mean_300.0_v3" 404 70 "GET http://172.18.0.163:8080/v1/AUTH_d98f9ffaeb7346169078ece01c85312d/gnocchi.06675aa6-54f4-4933-aaf6-4cf0c938c6f7/1764720000.0_mean_300.0_v3" "txee781edcbb0049b882aad-0069329953" "proxy-server 20" 0.0006 "-" 23 0
Dec 5 08:35:31 np0005546415 proxy-server[125175]: 172.18.0.105 172.18.0.104 05/Dec/2025/08/35/31 GET /v1/AUTH_d98f9ffaeb7346169078ece01c85312d/gnocchi.06675aa6-54f4-4933-aaf6-4cf0c938c6f7/1764720000.0_mean_300.0_v3 HTTP/1.0 404 - python-swiftclient-3.11.1 gAAAAABpMpk08Sto... - 70 - txee781edcbb0049b882aad-0069329953 - 0.0154 - - 1764923731.340862274 1764923731.356242895 0
Dec 5 08:35:31 np0005546415 object-server[124064]: 172.20.0.105 - - [05/Dec/2025:08:35:31 +0000] "GET /d1/958/AUTH_d98f9ffaeb7346169078ece01c85312d/gnocchi.82e2c0ee-03be-4b0a-8fa6-a4c96e7fd76d/1764720000.0_mean_300.0_v3" 404 70 "GET http://172.18.0.163:8080/v1/AUTH_d98f9ffaeb7346169078ece01c85312d/gnocchi.82e2c0ee-03be-4b0a-8fa6-a4c96e7fd76d/1764720000.0_mean_300.0_v3" "tx1e8e07376108406b9c125-0069329953" "proxy-server 20" 0.0008 "-" 24 0
Dec 5 08:35:31 np0005546415 container-server[123520]: 172.20.0.104 - - [05/Dec/2025:08:35:31 +0000] "PUT /d1/192/AUTH_d98f9ffaeb7346169078ece01c85312d/gnocchi.06675aa6-54f4-4933-aaf6-4cf0c938c6f7/1764720000.0_mean_300.0_v3" 201 - "PUT http://172.18.0.163:8080/d1/686/AUTH_d98f9ffaeb7346169078ece01c85312d/gnocchi.06675aa6-54f4-4933-aaf6-4cf0c938c6f7/1764720000.0_mean_300.0_v3" "tx75e7daec6ad241ed965a0-0069329953" "object-server 22" 0.0010 "-" 16 0
Dec 5 08:35:31 np0005546415 object-server[124074]: 172.20.0.104 - - [05/Dec/2025:08:35:31 +0000] "PUT /d1/686/AUTH_d98f9ffaeb7346169078ece01c85312d/gnocchi.06675aa6-54f4-4933-aaf6-4cf0c938c6f7/1764720000.0_mean_300.0_v3" 201 - "PUT http://172.18.0.163:8080/v1/AUTH_d98f9ffaeb7346169078ece01c85312d/gnocchi.06675aa6-54f4-4933-aaf6-4cf0c938c6f7/1764720000.0_mean_300.0_v3" "tx75e7daec6ad241ed965a0-0069329953" "proxy-server 20" 0.0189 "-" 25 0
Dec 5 08:35:31 np0005546415 container-server[123499]: 172.20.0.104 - - [05/Dec/2025:08:35:31 +0000] "PUT /d1/440/AUTH_d98f9ffaeb7346169078ece01c85312d/gnocchi.82e2c0ee-03be-4b0a-8fa6-a4c96e7fd76d/1764720000.0_mean_300.0_v3" 201 - "PUT http://172.18.0.163:8080/d1/958/AUTH_d98f9ffaeb7346169078ece01c85312d/gnocchi.82e2c0ee-03be-4b0a-8fa6-a4c96e7fd76d/1764720000.0_mean_300.0_v3" "txf9d866c556014ac8a6c49-0069329953" "object-server 24" 0.0009 "-" 14 0
Dec 5 08:35:31 np0005546415 object-server[124058]: 172.20.0.103 - - [05/Dec/2025:08:35:31 +0000] "PUT /d1/958/AUTH_d98f9ffaeb7346169078ece01c85312d/gnocchi.82e2c0ee-03be-4b0a-8fa6-a4c96e7fd76d/1764720000.0_mean_300.0_v3" 201 - "PUT http://172.18.0.163:8080/v1/AUTH_d98f9ffaeb7346169078ece01c85312d/gnocchi.82e2c0ee-03be-4b0a-8fa6-a4c96e7fd76d/1764720000.0_mean_300.0_v3" "txf9d866c556014ac8a6c49-0069329953" "proxy-server 20" 0.0132 "-" 23 0
Dec 5 08:35:31 np0005546415 proxy-server[125175]: 172.18.0.103 172.18.0.104 05/Dec/2025/08/35/31 PUT /v1/AUTH_d98f9ffaeb7346169078ece01c85312d/gnocchi.82e2c0ee-03be-4b0a-8fa6-a4c96e7fd76d/1764720000.0_mean_300.0_v3 HTTP/1.0 201 - python-swiftclient-3.11.1 gAAAAABpMpkVTcQj... 16 - - txf9d866c556014ac8a6c49-0069329953 - 0.0246 - - 1764923731.382064104 1764923731.406698942 0
Dec 5 08:35:31 np0005546415 container-server[123499]: 172.20.0.105 - - [05/Dec/2025:08:35:31 +0000] "PUT /d1/192/AUTH_d98f9ffaeb7346169078ece01c85312d/gnocchi.06675aa6-54f4-4933-aaf6-4cf0c938c6f7/none_v3" 201 - "PUT http://172.18.0.163:8080/d1/783/AUTH_d98f9ffaeb7346169078ece01c85312d/gnocchi.06675aa6-54f4-4933-aaf6-4cf0c938c6f7/none_v3" "txf178d90b87ab422b808b5-0069329953" "object-server 22" 0.0009 "-" 14 0
Dec 5 08:35:31 np0005546415 object-server[124058]: 172.20.0.105 - - [05/Dec/2025:08:35:31 +0000] "PUT /d1/783/AUTH_d98f9ffaeb7346169078ece01c85312d/gnocchi.06675aa6-54f4-4933-aaf6-4cf0c938c6f7/none_v3" 201 - "PUT http://172.18.0.163:8080/v1/AUTH_d98f9ffaeb7346169078ece01c85312d/gnocchi.06675aa6-54f4-4933-aaf6-4cf0c938c6f7/none_v3" "txf178d90b87ab422b808b5-0069329953" "proxy-server 20" 0.0162 "-" 23 0
Dec 5 08:35:31 np0005546415 container-server[123520]: 172.20.0.103 - - [05/Dec/2025:08:35:31 +0000] "PUT /d1/440/AUTH_d98f9ffaeb7346169078ece01c85312d/gnocchi.82e2c0ee-03be-4b0a-8fa6-a4c96e7fd76d/none_v3" 201 - "PUT http://172.18.0.163:8080/d1/342/AUTH_d98f9ffaeb7346169078ece01c85312d/gnocchi.82e2c0ee-03be-4b0a-8fa6-a4c96e7fd76d/none_v3" "tx5a3489906e9f4b659ea03-0069329953" "object-server 24" 0.0009 "-" 16 0
Dec 5 08:35:31 np0005546415 object-server[124064]: 172.20.0.104 - - [05/Dec/2025:08:35:31 +0000] "PUT /d1/342/AUTH_d98f9ffaeb7346169078ece01c85312d/gnocchi.82e2c0ee-03be-4b0a-8fa6-a4c96e7fd76d/none_v3" 201 - "PUT http://172.18.0.163:8080/v1/AUTH_d98f9ffaeb7346169078ece01c85312d/gnocchi.82e2c0ee-03be-4b0a-8fa6-a4c96e7fd76d/none_v3" "tx5a3489906e9f4b659ea03-0069329953" "proxy-server 20" 0.0268 "-" 24 0
Dec 5 08:35:40 np0005546415 container-server[123499]: 172.20.0.103 - - [05/Dec/2025:08:35:40 +0000] "HEAD /d1/747/AUTH_d98f9ffaeb7346169078ece01c85312d/gnocchi.ed499b6b-d6df-4a7a-a899-82c37bf5d161" 404 - "HEAD http://172.18.0.163:8080/v1/AUTH_d98f9ffaeb7346169078ece01c85312d/gnocchi.ed499b6b-d6df-4a7a-a899-82c37bf5d161?format=json&states=listing" "txf8f0fc767deb443aae5ea-006932995c" "proxy-server 20" 0.0006 "-" 14 0
Dec 5 08:35:40 np0005546415 container-server[123520]: 172.20.0.105 - - [05/Dec/2025:08:35:40 +0000] "HEAD /d1/348/AUTH_d98f9ffaeb7346169078ece01c85312d/gnocchi.42fc01be-8ee0-4ad9-9188-d0b6fd8f9332" 404 - "HEAD http://172.18.0.163:8080/v1/AUTH_d98f9ffaeb7346169078ece01c85312d/gnocchi.42fc01be-8ee0-4ad9-9188-d0b6fd8f9332?format=json&states=listing" "txab7955bd04c24a4480779-006932995c" "proxy-server 20" 0.0006 "-" 16 0
Dec 5 08:35:40 np0005546415 object-server[124056]: 172.20.0.103 - - [05/Dec/2025:08:35:40 +0000] "GET /d1/322/AUTH_d98f9ffaeb7346169078ece01c85312d/gnocchi.ed499b6b-d6df-4a7a-a899-82c37bf5d161/none_v3" 404 70 "GET http://172.18.0.163:8080/v1/AUTH_d98f9ffaeb7346169078ece01c85312d/gnocchi.ed499b6b-d6df-4a7a-a899-82c37bf5d161/none_v3" "txf8f0fc767deb443aae5ea-006932995c" "proxy-server 20" 0.0014 "-" 22 0
Dec 5 08:35:40 np0005546415 object-server[124074]: 172.20.0.105 - - [05/Dec/2025:08:35:40 +0000] "GET /d1/482/AUTH_d98f9ffaeb7346169078ece01c85312d/gnocchi.42fc01be-8ee0-4ad9-9188-d0b6fd8f9332/none_v3" 404 70 "GET http://172.18.0.163:8080/v1/AUTH_d98f9ffaeb7346169078ece01c85312d/gnocchi.42fc01be-8ee0-4ad9-9188-d0b6fd8f9332/none_v3" "txab7955bd04c24a4480779-006932995c" "proxy-server 20" 0.0006 "-" 25 0
Dec 5 08:35:40 np0005546415 proxy-server[125175]: 172.18.0.103 172.18.0.104 05/Dec/2025/08/35/40 GET /v1/AUTH_d98f9ffaeb7346169078ece01c85312d/gnocchi.ed499b6b-d6df-4a7a-a899-82c37bf5d161/none_v3 HTTP/1.0 404 - python-swiftclient-3.11.1 gAAAAABpMpkVTcQj... - 70 - txf8f0fc767deb443aae5ea-006932995c - 0.0410 - - 1764923740.343994856 1764923740.384979010 0
Dec 5 08:35:40 np0005546415 account-server[123305]: 172.20.0.104 - - [05/Dec/2025:08:35:40 +0000] "PUT /d1/390/AUTH_d98f9ffaeb7346169078ece01c85312d/gnocchi.ed499b6b-d6df-4a7a-a899-82c37bf5d161" 201 - "PUT http://172.20.0.104:6001/d1/747/AUTH_d98f9ffaeb7346169078ece01c85312d/gnocchi.ed499b6b-d6df-4a7a-a899-82c37bf5d161" "tx8858606d6e274a89b520f-006932995c" "container-server 23" 0.0020 "-" 22 0
Dec 5 08:35:40 np0005546415 container-server[123520]: 172.20.0.104 - - [05/Dec/2025:08:35:40 +0000] "PUT /d1/747/AUTH_d98f9ffaeb7346169078ece01c85312d/gnocchi.ed499b6b-d6df-4a7a-a899-82c37bf5d161" 201 - "PUT http://172.18.0.163:8080/v1/AUTH_d98f9ffaeb7346169078ece01c85312d/gnocchi.ed499b6b-d6df-4a7a-a899-82c37bf5d161" "tx8858606d6e274a89b520f-006932995c" "proxy-server 20" 0.0228 "-" 16 0
Dec 5 08:35:40 np0005546415 account-server[123296]: 172.20.0.104 - - [05/Dec/2025:08:35:40 +0000] "PUT /d1/390/AUTH_d98f9ffaeb7346169078ece01c85312d/gnocchi.42fc01be-8ee0-4ad9-9188-d0b6fd8f9332" 201 - "PUT http://172.20.0.104:6001/d1/348/AUTH_d98f9ffaeb7346169078ece01c85312d/gnocchi.42fc01be-8ee0-4ad9-9188-d0b6fd8f9332" "tx6e49b426b40e4b4a9b2cb-006932995c" "container-server 21" 0.0067 "-" 21 0
Dec 5 08:35:40 np0005546415 container-server[123531]: 172.20.0.105 - - [05/Dec/2025:08:35:40 +0000] "PUT /d1/348/AUTH_d98f9ffaeb7346169078ece01c85312d/gnocchi.42fc01be-8ee0-4ad9-9188-d0b6fd8f9332" 201 - "PUT http://172.18.0.163:8080/v1/AUTH_d98f9ffaeb7346169078ece01c85312d/gnocchi.42fc01be-8ee0-4ad9-9188-d0b6fd8f9332" "tx6e49b426b40e4b4a9b2cb-006932995c" "proxy-server 20" 0.0273 "-" 17 0
Dec 5 08:35:40 np0005546415 proxy-server[125175]: - - 05/Dec/2025/08/35/40 HEAD /v1/AUTH_d98f9ffaeb7346169078ece01c85312d/gnocchi.ed499b6b-d6df-4a7a-a899-82c37bf5d161%3Fformat%3Djson%26states%3Dlisting HTTP/1.0 204 - Swift - - - - tx2aff6fa4c3864d81b2e1d-006932995c - 0.0089 RL - 1764923740.437757969 1764923740.446669817 0
Dec 5 08:35:40 np0005546415 container-server[123520]: 172.20.0.104 - - [05/Dec/2025:08:35:40 +0000] "HEAD /d1/348/AUTH_d98f9ffaeb7346169078ece01c85312d/gnocchi.42fc01be-8ee0-4ad9-9188-d0b6fd8f9332" 204 - "HEAD http://172.18.0.163:8080/v1/AUTH_d98f9ffaeb7346169078ece01c85312d/gnocchi.42fc01be-8ee0-4ad9-9188-d0b6fd8f9332?format=json&states=listing" "tx618431933b9b4e2aa9b96-006932995c" "proxy-server 20" 0.0023 "-" 16 0
Dec 5 08:35:40 np0005546415 proxy-server[125175]: 172.18.0.103 172.18.0.104 05/Dec/2025/08/35/40 GET /v1/AUTH_d98f9ffaeb7346169078ece01c85312d/gnocchi.ed499b6b-d6df-4a7a-a899-82c37bf5d161%3Fformat%3Djson%26states%3Dlisting HTTP/1.0 200 - python-swiftclient-3.11.1 gAAAAABpMpkVTcQj... - 2 - tx2aff6fa4c3864d81b2e1d-006932995c - 0.0264 - - 1764923740.435929775 1764923740.462334633 0
Dec 5 08:35:40 np0005546415 object-server[124058]: 172.20.0.103 - - [05/Dec/2025:08:35:40 +0000] "GET /d1/447/AUTH_d98f9ffaeb7346169078ece01c85312d/gnocchi.42fc01be-8ee0-4ad9-9188-d0b6fd8f9332/1764720000.0_mean_300.0_v3" 404 70 "GET http://172.18.0.163:8080/v1/AUTH_d98f9ffaeb7346169078ece01c85312d/gnocchi.42fc01be-8ee0-4ad9-9188-d0b6fd8f9332/1764720000.0_mean_300.0_v3" "txb3866c3d7a4b48c7b5465-006932995c" "proxy-server 20" 0.0005 "-" 23 0
Dec 5 08:35:40 np0005546415 object-server[124056]: 172.20.0.105 - - [05/Dec/2025:08:35:40 +0000] "GET /d1/736/AUTH_d98f9ffaeb7346169078ece01c85312d/gnocchi.ed499b6b-d6df-4a7a-a899-82c37bf5d161/1764720000.0_mean_300.0_v3" 404 70 "GET http://172.18.0.163:8080/v1/AUTH_d98f9ffaeb7346169078ece01c85312d/gnocchi.ed499b6b-d6df-4a7a-a899-82c37bf5d161/1764720000.0_mean_300.0_v3" "txc3d5e0365b604ff785822-006932995c" "proxy-server 20" 0.0007 "-" 22 0
Dec 5 08:35:40 np0005546415 proxy-server[125175]: 172.18.0.105 172.18.0.104 05/Dec/2025/08/35/40 GET /v1/AUTH_d98f9ffaeb7346169078ece01c85312d/gnocchi.42fc01be-8ee0-4ad9-9188-d0b6fd8f9332/1764720000.0_mean_300.0_v3 HTTP/1.0 404 - python-swiftclient-3.11.1 gAAAAABpMpk08Sto... - 70 - txb3866c3d7a4b48c7b5465-006932995c - 0.0157 - - 1764923740.473548889 1764923740.489256859 0
Dec 5 08:35:40 np0005546415 container-server[123499]: 172.20.0.104 - - [05/Dec/2025:08:35:40 +0000] "PUT /d1/747/AUTH_d98f9ffaeb7346169078ece01c85312d/gnocchi.ed499b6b-d6df-4a7a-a899-82c37bf5d161/1764720000.0_mean_300.0_v3" 201 - "PUT http://172.18.0.163:8080/d1/736/AUTH_d98f9ffaeb7346169078ece01c85312d/gnocchi.ed499b6b-d6df-4a7a-a899-82c37bf5d161/1764720000.0_mean_300.0_v3" "tx4e196fd7cdad4dec96e07-006932995c" "object-server 23" 0.0009 "-" 14 0
Dec 5 08:35:40 np0005546415 object-server[124064]: 172.20.0.103 - - [05/Dec/2025:08:35:40 +0000] "PUT /d1/736/AUTH_d98f9ffaeb7346169078ece01c85312d/gnocchi.ed499b6b-d6df-4a7a-a899-82c37bf5d161/1764720000.0_mean_300.0_v3" 201 - "PUT http://172.18.0.163:8080/v1/AUTH_d98f9ffaeb7346169078ece01c85312d/gnocchi.ed499b6b-d6df-4a7a-a899-82c37bf5d161/1764720000.0_mean_300.0_v3" "tx4e196fd7cdad4dec96e07-006932995c" "proxy-server 20" 0.0140 "-" 24 0
Dec 5 08:35:40 np0005546415 proxy-server[125175]: 172.18.0.103 172.18.0.104 05/Dec/2025/08/35/40 PUT /v1/AUTH_d98f9ffaeb7346169078ece01c85312d/gnocchi.ed499b6b-d6df-4a7a-a899-82c37bf5d161/1764720000.0_mean_300.0_v3 HTTP/1.0 201 - python-swiftclient-3.11.1 gAAAAABpMpkVTcQj... 16 - - tx4e196fd7cdad4dec96e07-006932995c - 0.0226 - - 1764923740.495808601 1764923740.518429279 0
Dec 5 08:35:40 np0005546415 container-server[123520]: 172.20.0.105 - - [05/Dec/2025:08:35:40 +0000] "PUT /d1/348/AUTH_d98f9ffaeb7346169078ece01c85312d/gnocchi.42fc01be-8ee0-4ad9-9188-d0b6fd8f9332/1764720000.0_mean_300.0_v3" 201 - "PUT http://172.18.0.163:8080/d1/447/AUTH_d98f9ffaeb7346169078ece01c85312d/gnocchi.42fc01be-8ee0-4ad9-9188-d0b6fd8f9332/1764720000.0_mean_300.0_v3" "tx6ffb576aab27402c8582f-006932995c" "object-server 23" 0.0012 "-" 16 0
Dec 5 08:35:40 np0005546415 object-server[124056]: 172.20.0.104 - - [05/Dec/2025:08:35:40 +0000] "PUT /d1/447/AUTH_d98f9ffaeb7346169078ece01c85312d/gnocchi.42fc01be-8ee0-4ad9-9188-d0b6fd8f9332/1764720000.0_mean_300.0_v3" 201 - "PUT http://172.18.0.163:8080/v1/AUTH_d98f9ffaeb7346169078ece01c85312d/gnocchi.42fc01be-8ee0-4ad9-9188-d0b6fd8f9332/1764720000.0_mean_300.0_v3" "tx6ffb576aab27402c8582f-006932995c" "proxy-server 20" 0.0386 "-" 22 0
Dec 5 08:35:40 np0005546415 container-server[123499]: 172.20.0.105 - - [05/Dec/2025:08:35:40 +0000] "PUT /d1/747/AUTH_d98f9ffaeb7346169078ece01c85312d/gnocchi.ed499b6b-d6df-4a7a-a899-82c37bf5d161/none_v3" 201 - "PUT http://172.18.0.163:8080/d1/322/AUTH_d98f9ffaeb7346169078ece01c85312d/gnocchi.ed499b6b-d6df-4a7a-a899-82c37bf5d161/none_v3" "tx9c4645ea1c144ce4b40e7-006932995c" "object-server 19" 0.0005 "-" 14 0
Dec 5 08:35:40 np0005546415 object-server[124058]: 172.20.0.105 - - [05/Dec/2025:08:35:40 +0000] "PUT /d1/322/AUTH_d98f9ffaeb7346169078ece01c85312d/gnocchi.ed499b6b-d6df-4a7a-a899-82c37bf5d161/none_v3" 201 - "PUT http://172.18.0.163:8080/v1/AUTH_d98f9ffaeb7346169078ece01c85312d/gnocchi.ed499b6b-d6df-4a7a-a899-82c37bf5d161/none_v3" "tx9c4645ea1c144ce4b40e7-006932995c" "proxy-server 20" 0.0122 "-" 23 0
Dec 5 08:35:40 np0005546415 container-server[123520]: 172.20.0.103 - - [05/Dec/2025:08:35:40 +0000] "PUT /d1/348/AUTH_d98f9ffaeb7346169078ece01c85312d/gnocchi.42fc01be-8ee0-4ad9-9188-d0b6fd8f9332/none_v3" 201 - "PUT http://172.18.0.163:8080/d1/482/AUTH_d98f9ffaeb7346169078ece01c85312d/gnocchi.42fc01be-8ee0-4ad9-9188-d0b6fd8f9332/none_v3" "tx712f19b8907d4089850e3-006932995c" "object-server 22" 0.0005 "-" 16 0
Dec 5 08:35:40 np0005546415 container-server[123499]: 172.20.0.104 - - [05/Dec/2025:08:35:40 +0000] "HEAD /d1/5/AUTH_d98f9ffaeb7346169078ece01c85312d/gnocchi.ff28c9ab-90b8-4136-b1f1-43456cc14fab" 404 - "HEAD http://172.18.0.163:8080/v1/AUTH_d98f9ffaeb7346169078ece01c85312d/gnocchi.ff28c9ab-90b8-4136-b1f1-43456cc14fab?format=json&states=listing" "tx797ae30bfe9d4b8dbaee9-006932995c" "proxy-server 20" 0.0004 "-" 14 0
Dec 5 08:35:40 np0005546415 object-server[124056]: 172.20.0.103 - - [05/Dec/2025:08:35:40 +0000] "PUT /d1/482/AUTH_d98f9ffaeb7346169078ece01c85312d/gnocchi.42fc01be-8ee0-4ad9-9188-d0b6fd8f9332/none_v3" 201 - "PUT http://172.18.0.163:8080/v1/AUTH_d98f9ffaeb7346169078ece01c85312d/gnocchi.42fc01be-8ee0-4ad9-9188-d0b6fd8f9332/none_v3" "tx712f19b8907d4089850e3-006932995c" "proxy-server 20" 0.0246 "-" 22 0
Dec 5 08:35:40 np0005546415 proxy-server[125175]: 172.18.0.105 172.18.0.104 05/Dec/2025/08/35/40 PUT /v1/AUTH_d98f9ffaeb7346169078ece01c85312d/gnocchi.42fc01be-8ee0-4ad9-9188-d0b6fd8f9332/none_v3 HTTP/1.0 201 - python-swiftclient-3.11.1 gAAAAABpMpk08Sto... 22 - - tx712f19b8907d4089850e3-006932995c - 0.0449 - - 1764923740.551028490 1764923740.595903635 0
Dec 5 08:35:40 np0005546415 object-server[124058]: 172.20.0.104 - - [05/Dec/2025:08:35:40 +0000] "GET /d1/994/AUTH_d98f9ffaeb7346169078ece01c85312d/gnocchi.ff28c9ab-90b8-4136-b1f1-43456cc14fab/none_v3" 404 70 "GET http://172.18.0.163:8080/v1/AUTH_d98f9ffaeb7346169078ece01c85312d/gnocchi.ff28c9ab-90b8-4136-b1f1-43456cc14fab/none_v3" "tx797ae30bfe9d4b8dbaee9-006932995c" "proxy-server 20" 0.0005 "-" 23 0
Dec 5 08:35:40 np0005546415 account-server[123305]: 172.20.0.103 - - [05/Dec/2025:08:35:40 +0000] "PUT /d1/390/AUTH_d98f9ffaeb7346169078ece01c85312d/gnocchi.ff28c9ab-90b8-4136-b1f1-43456cc14fab" 201 - "PUT http://172.20.0.103:6001/d1/5/AUTH_d98f9ffaeb7346169078ece01c85312d/gnocchi.ff28c9ab-90b8-4136-b1f1-43456cc14fab" "tx9ef1208d807b4938b11c4-006932995c" "container-server 16" 0.0062 "-" 22 0
Dec 5 08:35:40 np0005546415 container-server[123508]: 172.20.0.103 - - [05/Dec/2025:08:35:40 +0000] "HEAD /d1/944/AUTH_d98f9ffaeb7346169078ece01c85312d/gnocchi.f39b4c88-e5da-46d9-8e50-9fa0c4e0d91d" 404 - "HEAD http://172.18.0.163:8080/v1/AUTH_d98f9ffaeb7346169078ece01c85312d/gnocchi.f39b4c88-e5da-46d9-8e50-9fa0c4e0d91d?format=json&states=listing" "tx7dc061234d634dad96f21-006932995c" "proxy-server 20" 0.0003 "-" 15 0
Dec 5 08:35:40 np0005546415 container-server[123520]: 172.20.0.105 - - [05/Dec/2025:08:35:40 +0000] "PUT /d1/5/AUTH_d98f9ffaeb7346169078ece01c85312d/gnocchi.ff28c9ab-90b8-4136-b1f1-43456cc14fab" 201 - "PUT http://172.18.0.163:8080/v1/AUTH_d98f9ffaeb7346169078ece01c85312d/gnocchi.ff28c9ab-90b8-4136-b1f1-43456cc14fab" "tx9ef1208d807b4938b11c4-006932995c" "proxy-server 20" 0.0181 "-" 16 0
Dec 5 08:35:40 np0005546415 object-server[124074]: 172.20.0.103 - - [05/Dec/2025:08:35:40 +0000] "GET /d1/727/AUTH_d98f9ffaeb7346169078ece01c85312d/gnocchi.f39b4c88-e5da-46d9-8e50-9fa0c4e0d91d/none_v3" 404 70 "GET http://172.18.0.163:8080/v1/AUTH_d98f9ffaeb7346169078ece01c85312d/gnocchi.f39b4c88-e5da-46d9-8e50-9fa0c4e0d91d/none_v3" "tx7dc061234d634dad96f21-006932995c" "proxy-server 20" 0.0004 "-" 25 0
