Dec 5 08:37:06 np0005546415 proxy-server[125175]: 172.18.0.105 172.18.0.104 05/Dec/2025/08/37/06 PUT /v1/AUTH_d98f9ffaeb7346169078ece01c85312d/gnocchi.a19fafa9-2a6b-4c42-b73e-fd555a398fbb/none_v3 HTTP/1.0 201 - python-swiftclient-3.11.1 gAAAAABpMpk08Sto... 22 - - txef929135b6bb4fd9843fe-00693299b2 - 0.0214 - - 1764923826.764705181 1764923826.786082745 0
Dec 5 08:37:06 np0005546415 container-server[123499]: 172.20.0.103 - - [05/Dec/2025:08:37:06 +0000] "HEAD /d1/247/AUTH_d98f9ffaeb7346169078ece01c85312d/gnocchi.554cfbe3-aa6a-4f22-b571-354575ea5ef4" 404 - "HEAD http://172.18.0.163:8080/v1/AUTH_d98f9ffaeb7346169078ece01c85312d/gnocchi.554cfbe3-aa6a-4f22-b571-354575ea5ef4?format=json&states=listing" "txc2e030aa59f545a0ab7b7-00693299b2" "proxy-server 20" 0.0003 "-" 14 0
Dec 5 08:37:06 np0005546415 container-server[123520]: 172.20.0.103 - - [05/Dec/2025:08:37:06 +0000] "PUT /d1/236/AUTH_d98f9ffaeb7346169078ece01c85312d/gnocchi.8b71821f-7ead-4694-b4fa-597ba68af099/none_v3" 201 - "PUT http://172.18.0.163:8080/d1/1003/AUTH_d98f9ffaeb7346169078ece01c85312d/gnocchi.8b71821f-7ead-4694-b4fa-597ba68af099/none_v3" "tx80acfc6131784406ab924-00693299b2" "object-server 23" 0.0005 "-" 16 0
Dec 5 08:37:06 np0005546415 object-server[124058]: 172.20.0.105 - - [05/Dec/2025:08:37:06 +0000] "PUT /d1/1003/AUTH_d98f9ffaeb7346169078ece01c85312d/gnocchi.8b71821f-7ead-4694-b4fa-597ba68af099/none_v3" 201 - "PUT http://172.18.0.163:8080/v1/AUTH_d98f9ffaeb7346169078ece01c85312d/gnocchi.8b71821f-7ead-4694-b4fa-597ba68af099/none_v3" "tx80acfc6131784406ab924-00693299b2" "proxy-server 20" 0.0184 "-" 23 0
Dec 5 08:37:06 np0005546415 account-server[123305]: 172.20.0.103 - - [05/Dec/2025:08:37:06 +0000] "PUT /d1/390/AUTH_d98f9ffaeb7346169078ece01c85312d/gnocchi.83b56b9b-ca98-4b4c-ac4b-8c3cfc996897" 201 - "PUT http://172.20.0.103:6001/d1/885/AUTH_d98f9ffaeb7346169078ece01c85312d/gnocchi.83b56b9b-ca98-4b4c-ac4b-8c3cfc996897" "txb630b1a58c8240d3a504c-00693299b2" "container-server 17" 0.0072 "-" 22 0
Dec 5 08:37:06 np0005546415 container-server[123531]: 172.20.0.104 - - [05/Dec/2025:08:37:06 +0000] "PUT /d1/885/AUTH_d98f9ffaeb7346169078ece01c85312d/gnocchi.83b56b9b-ca98-4b4c-ac4b-8c3cfc996897" 201 - "PUT http://172.18.0.163:8080/v1/AUTH_d98f9ffaeb7346169078ece01c85312d/gnocchi.83b56b9b-ca98-4b4c-ac4b-8c3cfc996897" "txb630b1a58c8240d3a504c-00693299b2" "proxy-server 20" 0.0218 "-" 17 0
Dec 5 08:37:06 np0005546415 object-server[124058]: 172.20.0.103 - - [05/Dec/2025:08:37:06 +0000] "GET /d1/69/AUTH_d98f9ffaeb7346169078ece01c85312d/gnocchi.554cfbe3-aa6a-4f22-b571-354575ea5ef4/none_v3" 404 70 "GET http://172.18.0.163:8080/v1/AUTH_d98f9ffaeb7346169078ece01c85312d/gnocchi.554cfbe3-aa6a-4f22-b571-354575ea5ef4/none_v3" "txc2e030aa59f545a0ab7b7-00693299b2" "proxy-server 20" 0.0003 "-" 23 0
Dec 5 08:37:06 np0005546415 proxy-server[125175]: 172.18.0.105 172.18.0.104 05/Dec/2025/08/37/06 GET /v1/AUTH_d98f9ffaeb7346169078ece01c85312d/gnocchi.554cfbe3-aa6a-4f22-b571-354575ea5ef4/none_v3 HTTP/1.0 404 - python-swiftclient-3.11.1 gAAAAABpMpk08Sto... - 70 - txc2e030aa59f545a0ab7b7-00693299b2 - 0.0304 - - 1764923826.802613497 1764923826.832968235 0
Dec 5 08:37:06 np0005546415 container-server[123499]: 172.20.0.104 - - [05/Dec/2025:08:37:06 +0000] "HEAD /d1/703/AUTH_d98f9ffaeb7346169078ece01c85312d/gnocchi.5038b630-5c6d-422c-a122-05409f997a52" 404 - "HEAD http://172.18.0.163:8080/v1/AUTH_d98f9ffaeb7346169078ece01c85312d/gnocchi.5038b630-5c6d-422c-a122-05409f997a52?format=json&states=listing" "tx8140c717833146ccb4858-00693299b2" "proxy-server 20" 0.0003 "-" 14 0
Dec 5 08:37:06 np0005546415 container-server[123520]: 172.20.0.105 - - [05/Dec/2025:08:37:06 +0000] "GET /d1/671/AUTH_d98f9ffaeb7346169078ece01c85312d/gnocchi.3c4ed3b2-b76b-4d09-b40d-538175256497" 200 2 "GET http://172.18.0.163:8080/v1/AUTH_d98f9ffaeb7346169078ece01c85312d/gnocchi.3c4ed3b2-b76b-4d09-b40d-538175256497?format=json&states=listing" "txc75e4d3675c04c8880de9-00693299b2" "proxy-server 20" 0.0026 "-" 16 0
Dec 5 08:37:06 np0005546415 account-server[123305]: 172.20.0.103 - - [05/Dec/2025:08:37:06 +0000] "PUT /d1/390/AUTH_d98f9ffaeb7346169078ece01c85312d/gnocchi.554cfbe3-aa6a-4f22-b571-354575ea5ef4" 201 - "PUT http://172.20.0.103:6001/d1/247/AUTH_d98f9ffaeb7346169078ece01c85312d/gnocchi.554cfbe3-aa6a-4f22-b571-354575ea5ef4" "tx9197445dd3484fcc86a51-00693299b2" "container-server 17" 0.0050 "-" 22 0
Dec 5 08:37:06 np0005546415 object-server[124058]: 172.20.0.104 - - [05/Dec/2025:08:37:06 +0000] "GET /d1/107/AUTH_d98f9ffaeb7346169078ece01c85312d/gnocchi.5038b630-5c6d-422c-a122-05409f997a52/none_v3" 404 70 "GET http://172.18.0.163:8080/v1/AUTH_d98f9ffaeb7346169078ece01c85312d/gnocchi.5038b630-5c6d-422c-a122-05409f997a52/none_v3" "tx8140c717833146ccb4858-00693299b2" "proxy-server 20" 0.0003 "-" 23 0
Dec 5 08:37:06 np0005546415 container-server[123531]: 172.20.0.103 - - [05/Dec/2025:08:37:06 +0000] "PUT /d1/247/AUTH_d98f9ffaeb7346169078ece01c85312d/gnocchi.554cfbe3-aa6a-4f22-b571-354575ea5ef4" 201 - "PUT http://172.18.0.163:8080/v1/AUTH_d98f9ffaeb7346169078ece01c85312d/gnocchi.554cfbe3-aa6a-4f22-b571-354575ea5ef4" "tx9197445dd3484fcc86a51-00693299b2" "proxy-server 20" 0.0131 "-" 17 0
Dec 5 08:37:06 np0005546415 proxy-server[125175]: 172.18.0.105 172.18.0.104 05/Dec/2025/08/37/06 PUT /v1/AUTH_d98f9ffaeb7346169078ece01c85312d/gnocchi.554cfbe3-aa6a-4f22-b571-354575ea5ef4 HTTP/1.0 201 - python-swiftclient-3.11.1 gAAAAABpMpk08Sto... - - - tx9197445dd3484fcc86a51-00693299b2 - 0.0297 - - 1764923826.837166309 1764923826.866913080 0
Dec 5 08:37:06 np0005546415 proxy-server[125175]: - - 05/Dec/2025/08/37/06 HEAD /v1/AUTH_d98f9ffaeb7346169078ece01c85312d/gnocchi.554cfbe3-aa6a-4f22-b571-354575ea5ef4%3Fformat%3Djson%26states%3Dlisting HTTP/1.0 204 - Swift - - - - txf5d7534e464d47f9a612e-00693299b2 - 0.0062 RL - 1764923826.874988794 1764923826.881229401 0
Dec 5 08:37:06 np0005546415 container-server[123520]: 172.20.0.103 - - [05/Dec/2025:08:37:06 +0000] "GET /d1/247/AUTH_d98f9ffaeb7346169078ece01c85312d/gnocchi.554cfbe3-aa6a-4f22-b571-354575ea5ef4" 200 2 "GET http://172.18.0.163:8080/v1/AUTH_d98f9ffaeb7346169078ece01c85312d/gnocchi.554cfbe3-aa6a-4f22-b571-354575ea5ef4?format=json&states=listing" "txf5d7534e464d47f9a612e-00693299b2" "proxy-server 20" 0.0031 "-" 16 0
Dec 5 08:37:06 np0005546415 proxy-server[125175]: 172.18.0.105 172.18.0.104 05/Dec/2025/08/37/06 GET /v1/AUTH_d98f9ffaeb7346169078ece01c85312d/gnocchi.554cfbe3-aa6a-4f22-b571-354575ea5ef4%3Fformat%3Djson%26states%3Dlisting HTTP/1.0 200 - python-swiftclient-3.11.1 gAAAAABpMpk08Sto... - 2 - txf5d7534e464d47f9a612e-00693299b2 - 0.0184 - - 1764923826.873418093 1764923826.891770601 0
Dec 5 08:37:06 np0005546415 account-server[123305]: 172.20.0.105 - - [05/Dec/2025:08:37:06 +0000] "PUT /d1/390/AUTH_d98f9ffaeb7346169078ece01c85312d/gnocchi.5038b630-5c6d-422c-a122-05409f997a52" 201 - "PUT http://172.20.0.105:6001/d1/703/AUTH_d98f9ffaeb7346169078ece01c85312d/gnocchi.5038b630-5c6d-422c-a122-05409f997a52" "tx2b9cd95cd4ac466e978b9-00693299b2" "container-server 22" 0.0054 "-" 22 0
Dec 5 08:37:06 np0005546415 container-server[123499]: 172.20.0.104 - - [05/Dec/2025:08:37:06 +0000] "PUT /d1/703/AUTH_d98f9ffaeb7346169078ece01c85312d/gnocchi.5038b630-5c6d-422c-a122-05409f997a52" 201 - "PUT http://172.18.0.163:8080/v1/AUTH_d98f9ffaeb7346169078ece01c85312d/gnocchi.5038b630-5c6d-422c-a122-05409f997a52" "tx2b9cd95cd4ac466e978b9-00693299b2" "proxy-server 20" 0.0191 "-" 14 0
Dec 5 08:37:06 np0005546415 object-server[124064]: 172.20.0.105 - - [05/Dec/2025:08:37:06 +0000] "GET /d1/226/AUTH_d98f9ffaeb7346169078ece01c85312d/gnocchi.3c4ed3b2-b76b-4d09-b40d-538175256497/1764720000.0_mean_300.0_v3" 404 70 "GET http://172.18.0.163:8080/v1/AUTH_d98f9ffaeb7346169078ece01c85312d/gnocchi.3c4ed3b2-b76b-4d09-b40d-538175256497/1764720000.0_mean_300.0_v3" "txa7690460514b4dd59dab4-00693299b2" "proxy-server 20" 0.0004 "-" 24 0
Dec 5 08:37:06 np0005546415 object-server[124064]: 172.20.0.103 - - [05/Dec/2025:08:37:06 +0000] "GET /d1/490/AUTH_d98f9ffaeb7346169078ece01c85312d/gnocchi.554cfbe3-aa6a-4f22-b571-354575ea5ef4/1764720000.0_mean_300.0_v3" 404 70 "GET http://172.18.0.163:8080/v1/AUTH_d98f9ffaeb7346169078ece01c85312d/gnocchi.554cfbe3-aa6a-4f22-b571-354575ea5ef4/1764720000.0_mean_300.0_v3" "tx2c3e3d0905cc498389536-00693299b2" "proxy-server 20" 0.0004 "-" 24 0
Dec 5 08:37:06 np0005546415 proxy-server[125175]: 172.18.0.105 172.18.0.104 05/Dec/2025/08/37/06 GET /v1/AUTH_d98f9ffaeb7346169078ece01c85312d/gnocchi.554cfbe3-aa6a-4f22-b571-354575ea5ef4/1764720000.0_mean_300.0_v3 HTTP/1.0 404 - python-swiftclient-3.11.1 gAAAAABpMpk08Sto... - 70 - tx2c3e3d0905cc498389536-00693299b2 - 0.0141 - - 1764923826.897610188 1764923826.911672592 0
Dec 5 08:37:06 np0005546415 container-server[123508]: 172.20.0.104 - - [05/Dec/2025:08:37:06 +0000] "HEAD /d1/703/AUTH_d98f9ffaeb7346169078ece01c85312d/gnocchi.5038b630-5c6d-422c-a122-05409f997a52" 204 - "HEAD http://172.18.0.163:8080/v1/AUTH_d98f9ffaeb7346169078ece01c85312d/gnocchi.5038b630-5c6d-422c-a122-05409f997a52?format=json&states=listing" "tx163554505cb94eeca7b5d-00693299b2" "proxy-server 20" 0.0016 "-" 15 0
Dec 5 08:37:06 np0005546415 object-server[124056]: 172.20.0.105 - - [05/Dec/2025:08:37:06 +0000] "GET /d1/251/AUTH_d98f9ffaeb7346169078ece01c85312d/gnocchi.83b56b9b-ca98-4b4c-ac4b-8c3cfc996897/1764720000.0_mean_300.0_v3" 404 70 "GET http://172.18.0.163:8080/v1/AUTH_d98f9ffaeb7346169078ece01c85312d/gnocchi.83b56b9b-ca98-4b4c-ac4b-8c3cfc996897/1764720000.0_mean_300.0_v3" "txa3f57ed9f9dd443489b2f-00693299b2" "proxy-server 20" 0.0003 "-" 22 0
Dec 5 08:37:06 np0005546415 container-server[123499]: 172.20.0.104 - - [05/Dec/2025:08:37:06 +0000] "GET /d1/703/AUTH_d98f9ffaeb7346169078ece01c85312d/gnocchi.5038b630-5c6d-422c-a122-05409f997a52" 200 2 "GET http://172.18.0.163:8080/v1/AUTH_d98f9ffaeb7346169078ece01c85312d/gnocchi.5038b630-5c6d-422c-a122-05409f997a52?format=json&states=listing" "tx163554505cb94eeca7b5d-00693299b2" "proxy-server 20" 0.0019 "-" 14 0
Dec 5 08:37:06 np0005546415 container-server[123499]: 172.20.0.105 - - [05/Dec/2025:08:37:06 +0000] "PUT /d1/247/AUTH_d98f9ffaeb7346169078ece01c85312d/gnocchi.554cfbe3-aa6a-4f22-b571-354575ea5ef4/1764720000.0_mean_300.0_v3" 201 - "PUT http://172.18.0.163:8080/d1/490/AUTH_d98f9ffaeb7346169078ece01c85312d/gnocchi.554cfbe3-aa6a-4f22-b571-354575ea5ef4/1764720000.0_mean_300.0_v3" "tx8da490afd6a8489b807c6-00693299b2" "object-server 19" 0.0004 "-" 14 0
Dec 5 08:37:06 np0005546415 object-server[124056]: 172.20.0.103 - - [05/Dec/2025:08:37:06 +0000] "PUT /d1/490/AUTH_d98f9ffaeb7346169078ece01c85312d/gnocchi.554cfbe3-aa6a-4f22-b571-354575ea5ef4/1764720000.0_mean_300.0_v3" 201 - "PUT http://172.18.0.163:8080/v1/AUTH_d98f9ffaeb7346169078ece01c85312d/gnocchi.554cfbe3-aa6a-4f22-b571-354575ea5ef4/1764720000.0_mean_300.0_v3" "tx8da490afd6a8489b807c6-00693299b2" "proxy-server 20" 0.0098 "-" 22 0
Dec 5 08:37:06 np0005546415 proxy-server[125175]: 172.18.0.105 172.18.0.104 05/Dec/2025/08/37/06 PUT /v1/AUTH_d98f9ffaeb7346169078ece01c85312d/gnocchi.554cfbe3-aa6a-4f22-b571-354575ea5ef4/1764720000.0_mean_300.0_v3 HTTP/1.0 201 - python-swiftclient-3.11.1 gAAAAABpMpk08Sto... 16 - - tx8da490afd6a8489b807c6-00693299b2 - 0.0202 - - 1764923826.916854858 1764923826.937015533 0
Dec 5 08:37:06 np0005546415 object-server[124074]: 172.20.0.104 - - [05/Dec/2025:08:37:06 +0000] "GET /d1/173/AUTH_d98f9ffaeb7346169078ece01c85312d/gnocchi.5038b630-5c6d-422c-a122-05409f997a52/1764720000.0_mean_300.0_v3" 404 70 "GET http://172.18.0.163:8080/v1/AUTH_d98f9ffaeb7346169078ece01c85312d/gnocchi.5038b630-5c6d-422c-a122-05409f997a52/1764720000.0_mean_300.0_v3" "tx17c972f1333b484998dbd-00693299b2" "proxy-server 20" 0.0004 "-" 25 0
Dec 5 08:37:06 np0005546415 container-server[123531]: 172.20.0.103 - - [05/Dec/2025:08:37:06 +0000] "PUT /d1/671/AUTH_d98f9ffaeb7346169078ece01c85312d/gnocchi.3c4ed3b2-b76b-4d09-b40d-538175256497/1764720000.0_mean_300.0_v3" 201 - "PUT http://172.18.0.163:8080/d1/226/AUTH_d98f9ffaeb7346169078ece01c85312d/gnocchi.3c4ed3b2-b76b-4d09-b40d-538175256497/1764720000.0_mean_300.0_v3" "tx65bae12a56474d6babea4-00693299b2" "object-server 22" 0.0006 "-" 17 0
Dec 5 08:37:06 np0005546415 object-server[124056]: 172.20.0.105 - - [05/Dec/2025:08:37:06 +0000] "PUT /d1/226/AUTH_d98f9ffaeb7346169078ece01c85312d/gnocchi.3c4ed3b2-b76b-4d09-b40d-538175256497/1764720000.0_mean_300.0_v3" 201 - "PUT http://172.18.0.163:8080/v1/AUTH_d98f9ffaeb7346169078ece01c85312d/gnocchi.3c4ed3b2-b76b-4d09-b40d-538175256497/1764720000.0_mean_300.0_v3" "tx65bae12a56474d6babea4-00693299b2" "proxy-server 20" 0.0135 "-" 22 0
Dec 5 08:37:06 np0005546415 object-server[124058]: 172.20.0.103 - - [05/Dec/2025:08:37:06 +0000] "PUT /d1/69/AUTH_d98f9ffaeb7346169078ece01c85312d/gnocchi.554cfbe3-aa6a-4f22-b571-354575ea5ef4/none_v3" 201 - "PUT http://172.18.0.163:8080/v1/AUTH_d98f9ffaeb7346169078ece01c85312d/gnocchi.554cfbe3-aa6a-4f22-b571-354575ea5ef4/none_v3" "txb118ab7f78e24d9aa9faf-00693299b2" "proxy-server 20" 0.0138 "-" 23 0
Dec 5 08:37:06 np0005546415 container-server[123520]: 172.20.0.104 - - [05/Dec/2025:08:37:06 +0000] "PUT /d1/247/AUTH_d98f9ffaeb7346169078ece01c85312d/gnocchi.554cfbe3-aa6a-4f22-b571-354575ea5ef4/none_v3" 201 - "PUT http://172.18.0.163:8080/d1/69/AUTH_d98f9ffaeb7346169078ece01c85312d/gnocchi.554cfbe3-aa6a-4f22-b571-354575ea5ef4/none_v3" "txb118ab7f78e24d9aa9faf-00693299b2" "object-server 25" 0.0005 "-" 16 0
Dec 5 08:37:06 np0005546415 proxy-server[125175]: 172.18.0.105 172.18.0.104 05/Dec/2025/08/37/06 PUT /v1/AUTH_d98f9ffaeb7346169078ece01c85312d/gnocchi.554cfbe3-aa6a-4f22-b571-354575ea5ef4/none_v3 HTTP/1.0 201 - python-swiftclient-3.11.1 gAAAAABpMpk08Sto... 22 - - txb118ab7f78e24d9aa9faf-00693299b2 - 0.0272 - - 1764923826.940623283 1764923826.967831612 0
Dec 5 08:37:06 np0005546415 container-server[123520]: 172.20.0.105 - - [05/Dec/2025:08:37:06 +0000] "PUT /d1/703/AUTH_d98f9ffaeb7346169078ece01c85312d/gnocchi.5038b630-5c6d-422c-a122-05409f997a52/1764720000.0_mean_300.0_v3" 201 - "PUT http://172.18.0.163:8080/d1/173/AUTH_d98f9ffaeb7346169078ece01c85312d/gnocchi.5038b630-5c6d-422c-a122-05409f997a52/1764720000.0_mean_300.0_v3" "tx4a5c6e2d284d4b1cbc0c2-00693299b2" "object-server 22" 0.0006 "-" 16 0
Dec 5 08:37:06 np0005546415 container-server[123531]: 172.20.0.105 - - [05/Dec/2025:08:37:06 +0000] "PUT /d1/885/AUTH_d98f9ffaeb7346169078ece01c85312d/gnocchi.83b56b9b-ca98-4b4c-ac4b-8c3cfc996897/1764720000.0_mean_300.0_v3" 201 - "PUT http://172.18.0.163:8080/d1/251/AUTH_d98f9ffaeb7346169078ece01c85312d/gnocchi.83b56b9b-ca98-4b4c-ac4b-8c3cfc996897/1764720000.0_mean_300.0_v3" "tx0a4838faa58d4d84ad34a-00693299b2" "object-server 23" 0.0008 "-" 17 0
Dec 5 08:37:06 np0005546415 object-server[124056]: 172.20.0.105 - - [05/Dec/2025:08:37:06 +0000] "PUT /d1/251/AUTH_d98f9ffaeb7346169078ece01c85312d/gnocchi.83b56b9b-ca98-4b4c-ac4b-8c3cfc996897/1764720000.0_mean_300.0_v3" 201 - "PUT http://172.18.0.163:8080/v1/AUTH_d98f9ffaeb7346169078ece01c85312d/gnocchi.83b56b9b-ca98-4b4c-ac4b-8c3cfc996897/1764720000.0_mean_300.0_v3" "tx0a4838faa58d4d84ad34a-00693299b2" "proxy-server 20" 0.0154 "-" 22 0
Dec 5 08:37:06 np0005546415 object-server[124056]: 172.20.0.104 - - [05/Dec/2025:08:37:06 +0000] "PUT /d1/173/AUTH_d98f9ffaeb7346169078ece01c85312d/gnocchi.5038b630-5c6d-422c-a122-05409f997a52/1764720000.0_mean_300.0_v3" 201 - "PUT http://172.18.0.163:8080/v1/AUTH_d98f9ffaeb7346169078ece01c85312d/gnocchi.5038b630-5c6d-422c-a122-05409f997a52/1764720000.0_mean_300.0_v3" "tx4a5c6e2d284d4b1cbc0c2-00693299b2" "proxy-server 20" 0.0174 "-" 22 0
Dec 5 08:37:06 np0005546415 container-server[123508]: 172.20.0.103 - - [05/Dec/2025:08:37:06 +0000] "HEAD /d1/626/AUTH_d98f9ffaeb7346169078ece01c85312d/gnocchi.171fd2f3-3786-467d-aa4b-b092ae02b4ed" 404 - "HEAD http://172.18.0.163:8080/v1/AUTH_d98f9ffaeb7346169078ece01c85312d/gnocchi.171fd2f3-3786-467d-aa4b-b092ae02b4ed?format=json&states=listing" "tx085479456f9949a7bf38f-00693299b2" "proxy-server 20" 0.0004 "-" 15 0
Dec 5 08:37:07 np0005546415 object-server[124058]: 172.20.0.103 - - [05/Dec/2025:08:37:07 +0000] "GET /d1/848/AUTH_d98f9ffaeb7346169078ece01c85312d/gnocchi.171fd2f3-3786-467d-aa4b-b092ae02b4ed/none_v3" 404 70 "GET http://172.18.0.163:8080/v1/AUTH_d98f9ffaeb7346169078ece01c85312d/gnocchi.171fd2f3-3786-467d-aa4b-b092ae02b4ed/none_v3" "tx085479456f9949a7bf38f-00693299b2" "proxy-server 20" 0.0003 "-" 23 0
Dec 5 08:37:07 np0005546415 container-server[123499]: 172.20.0.104 - - [05/Dec/2025:08:37:07 +0000] "PUT /d1/671/AUTH_d98f9ffaeb7346169078ece01c85312d/gnocchi.3c4ed3b2-b76b-4d09-b40d-538175256497/none_v3" 201 - "PUT http://172.18.0.163:8080/d1/379/AUTH_d98f9ffaeb7346169078ece01c85312d/gnocchi.3c4ed3b2-b76b-4d09-b40d-538175256497/none_v3" "txfe9a4da1aebd4b14872ff-00693299b2" "object-server 24" 0.0006 "-" 14 0
Dec 5 08:37:07 np0005546415 object-server[124056]: 172.20.0.105 - - [05/Dec/2025:08:37:07 +0000] "PUT /d1/379/AUTH_d98f9ffaeb7346169078ece01c85312d/gnocchi.3c4ed3b2-b76b-4d09-b40d-538175256497/none_v3" 201 - "PUT http://172.18.0.163:8080/v1/AUTH_d98f9ffaeb7346169078ece01c85312d/gnocchi.3c4ed3b2-b76b-4d09-b40d-538175256497/none_v3" "txfe9a4da1aebd4b14872ff-00693299b2" "proxy-server 20" 0.0107 "-" 22 0
Dec 5 08:37:07 np0005546415 proxy-server[125175]: 172.18.0.105 172.18.0.104 05/Dec/2025/08/37/07 GET /v1/AUTH_d98f9ffaeb7346169078ece01c85312d/gnocchi.171fd2f3-3786-467d-aa4b-b092ae02b4ed/none_v3 HTTP/1.0 404 - python-swiftclient-3.11.1 gAAAAABpMpk08Sto... - 70 - tx085479456f9949a7bf38f-00693299b2 - 0.0249 - - 1764923826.988113880 1764923827.013034582 0
Dec 5 08:37:07 np0005546415 object-server[124058]: 172.20.0.104 - - [05/Dec/2025:08:37:07 +0000] "PUT /d1/107/AUTH_d98f9ffaeb7346169078ece01c85312d/gnocchi.5038b630-5c6d-422c-a122-05409f997a52/none_v3" 201 - "PUT http://172.18.0.163:8080/v1/AUTH_d98f9ffaeb7346169078ece01c85312d/gnocchi.5038b630-5c6d-422c-a122-05409f997a52/none_v3" "tx3713b0a3a74e4288977f6-00693299b2" "proxy-server 20" 0.0114 "-" 23 0
Dec 5 08:37:07 np0005546415 container-server[123508]: 172.20.0.104 - - [05/Dec/2025:08:37:07 +0000] "PUT /d1/703/AUTH_d98f9ffaeb7346169078ece01c85312d/gnocchi.5038b630-5c6d-422c-a122-05409f997a52/none_v3" 201 - "PUT http://172.18.0.163:8080/d1/107/AUTH_d98f9ffaeb7346169078ece01c85312d/gnocchi.5038b630-5c6d-422c-a122-05409f997a52/none_v3" "tx3713b0a3a74e4288977f6-00693299b2" "object-server 22" 0.0007 "-" 15 0
Dec 5 08:37:07 np0005546415 container-server[123508]: 172.20.0.103 - - [05/Dec/2025:08:37:07 +0000] "PUT /d1/885/AUTH_d98f9ffaeb7346169078ece01c85312d/gnocchi.83b56b9b-ca98-4b4c-ac4b-8c3cfc996897/none_v3" 201 - "PUT http://172.18.0.163:8080/d1/613/AUTH_d98f9ffaeb7346169078ece01c85312d/gnocchi.83b56b9b-ca98-4b4c-ac4b-8c3cfc996897/none_v3" "tx981a45a1d30d44978ee8c-00693299b3" "object-server 24" 0.0005 "-" 15 0
Dec 5 08:37:07 np0005546415 container-server[123508]: 172.20.0.103 - - [05/Dec/2025:08:37:07 +0000] "PUT /d1/626/AUTH_d98f9ffaeb7346169078ece01c85312d/gnocchi.171fd2f3-3786-467d-aa4b-b092ae02b4ed" 201 - "PUT http://172.18.0.163:8080/v1/AUTH_d98f9ffaeb7346169078ece01c85312d/gnocchi.171fd2f3-3786-467d-aa4b-b092ae02b4ed" "tx5e7c1b6da93a41f3acc42-00693299b3" "proxy-server 20" 0.0166 "-" 15 0
Dec 5 08:37:07 np0005546415 object-server[124064]: 172.20.0.105 - - [05/Dec/2025:08:37:07 +0000] "PUT /d1/613/AUTH_d98f9ffaeb7346169078ece01c85312d/gnocchi.83b56b9b-ca98-4b4c-ac4b-8c3cfc996897/none_v3" 201 - "PUT http://172.18.0.163:8080/v1/AUTH_d98f9ffaeb7346169078ece01c85312d/gnocchi.83b56b9b-ca98-4b4c-ac4b-8c3cfc996897/none_v3" "tx981a45a1d30d44978ee8c-00693299b3" "proxy-server 20" 0.0118 "-" 24 0
Dec 5 08:37:07 np0005546415 account-server[123294]: 172.20.0.104 - - [05/Dec/2025:08:37:07 +0000] "PUT /d1/390/AUTH_d98f9ffaeb7346169078ece01c85312d/gnocchi.171fd2f3-3786-467d-aa4b-b092ae02b4ed" 201 - "PUT http://172.20.0.104:6001/d1/626/AUTH_d98f9ffaeb7346169078ece01c85312d/gnocchi.171fd2f3-3786-467d-aa4b-b092ae02b4ed" "tx5e7c1b6da93a41f3acc42-00693299b3" "container-server 21" 0.0053 "-" 20 0
Dec 5 08:37:07 np0005546415 proxy-server[125175]: 172.18.0.105 172.18.0.104 05/Dec/2025/08/37/07 PUT /v1/AUTH_d98f9ffaeb7346169078ece01c85312d/gnocchi.171fd2f3-3786-467d-aa4b-b092ae02b4ed HTTP/1.0 201 - python-swiftclient-3.11.1 gAAAAABpMpk08Sto... - - - tx5e7c1b6da93a41f3acc42-00693299b3 - 0.0266 - - 1764923827.016939163 1764923827.043502808 0
Dec 5 08:37:07 np0005546415 container-server[123508]: 172.20.0.105 - - [05/Dec/2025:08:37:07 +0000] "HEAD /d1/207/AUTH_d98f9ffaeb7346169078ece01c85312d/gnocchi.c5dae72d-7280-4da1-845d-ee16f2831e32" 404 - "HEAD http://172.18.0.163:8080/v1/AUTH_d98f9ffaeb7346169078ece01c85312d/gnocchi.c5dae72d-7280-4da1-845d-ee16f2831e32?format=json&states=listing" "tx6e0640adebac41859dceb-00693299b3" "proxy-server 20" 0.0004 "-" 15 0
Dec 5 08:37:07 np0005546415 container-server[123499]: 172.20.0.103 - - [05/Dec/2025:08:37:07 +0000] "HEAD /d1/126/AUTH_d98f9ffaeb7346169078ece01c85312d/gnocchi.5b063710-7a45-445c-b487-2bd2a8aff455" 404 - "HEAD http://172.18.0.163:8080/v1/AUTH_d98f9ffaeb7346169078ece01c85312d/gnocchi.5b063710-7a45-445c-b487-2bd2a8aff455?format=json&states=listing" "txd8499a0d763640aaad023-00693299b3" "proxy-server 20" 0.0003 "-" 14 0
Dec 5 08:37:07 np0005546415 object-server[124074]: 172.20.0.105 - - [05/Dec/2025:08:37:07 +0000] "GET /d1/356/AUTH_d98f9ffaeb7346169078ece01c85312d/gnocchi.c5dae72d-7280-4da1-845d-ee16f2831e32/none_v3" 404 70 "GET http://172.18.0.163:8080/v1/AUTH_d98f9ffaeb7346169078ece01c85312d/gnocchi.c5dae72d-7280-4da1-845d-ee16f2831e32/none_v3" "tx6e0640adebac41859dceb-00693299b3" "proxy-server 20" 0.0004 "-" 25 0
Dec 5 08:37:07 np0005546415 object-server[124056]: 172.20.0.104 - - [05/Dec/2025:08:37:07 +0000] "GET /d1/781/AUTH_d98f9ffaeb7346169078ece01c85312d/gnocchi.171fd2f3-3786-467d-aa4b-b092ae02b4ed/1764720000.0_mean_300.0_v3" 404 70 "GET http://172.18.0.163:8080/v1/AUTH_d98f9ffaeb7346169078ece01c85312d/gnocchi.171fd2f3-3786-467d-aa4b-b092ae02b4ed/1764720000.0_mean_300.0_v3" "tx9602faf0542f4b9cb9d46-00693299b3" "proxy-server 20" 0.0003 "-" 22 0
Dec 5 08:37:07 np0005546415 object-server[124058]: 172.20.0.103 - - [05/Dec/2025:08:37:07 +0000] "GET /d1/361/AUTH_d98f9ffaeb7346169078ece01c85312d/gnocchi.5b063710-7a45-445c-b487-2bd2a8aff455/none_v3" 404 70 "GET http://172.18.0.163:8080/v1/AUTH_d98f9ffaeb7346169078ece01c85312d/gnocchi.5b063710-7a45-445c-b487-2bd2a8aff455/none_v3" "txd8499a0d763640aaad023-00693299b3" "proxy-server 20" 0.0004 "-" 23 0
Dec 5 08:37:07 np0005546415 proxy-server[125175]: 172.18.0.163 172.18.0.104 05/Dec/2025/08/37/07 GET /v1/AUTH_d98f9ffaeb7346169078ece01c85312d/gnocchi.5b063710-7a45-445c-b487-2bd2a8aff455/none_v3 HTTP/1.0 404 - python-swiftclient-3.11.1 gAAAAABpMplca2FU... - 70 - txd8499a0d763640aaad023-00693299b3 - 0.0239 - - 1764923827.068111420 1764923827.092027426 0
Dec 5 08:37:07 np0005546415 account-server[123317]: 172.20.0.103 - - [05/Dec/2025:08:37:07 +0000] "PUT /d1/390/AUTH_d98f9ffaeb7346169078ece01c85312d/gnocchi.c5dae72d-7280-4da1-845d-ee16f2831e32" 201 - "PUT http://172.20.0.103:6001/d1/207/AUTH_d98f9ffaeb7346169078ece01c85312d/gnocchi.c5dae72d-7280-4da1-845d-ee16f2831e32" "tx16a69ad1427842dea07d4-00693299b3" "container-server 16" 0.0068 "-" 23 0
Dec 5 08:37:07 np0005546415 container-server[123520]: 172.20.0.105 - - [05/Dec/2025:08:37:07 +0000] "PUT /d1/207/AUTH_d98f9ffaeb7346169078ece01c85312d/gnocchi.c5dae72d-7280-4da1-845d-ee16f2831e32" 201 - "PUT http://172.18.0.163:8080/v1/AUTH_d98f9ffaeb7346169078ece01c85312d/gnocchi.c5dae72d-7280-4da1-845d-ee16f2831e32" "tx16a69ad1427842dea07d4-00693299b3" "proxy-server 20" 0.0194 "-" 16 0
Dec 5 08:37:07 np0005546415 container-server[123531]: 172.20.0.103 - - [05/Dec/2025:08:37:07 +0000] "PUT /d1/126/AUTH_d98f9ffaeb7346169078ece01c85312d/gnocchi.5b063710-7a45-445c-b487-2bd2a8aff455" 201 - "PUT http://172.18.0.163:8080/v1/AUTH_d98f9ffaeb7346169078ece01c85312d/gnocchi.5b063710-7a45-445c-b487-2bd2a8aff455" "tx99299beba0e74268b7588-00693299b3" "proxy-server 20" 0.0167 "-" 17 0
Dec 5 08:37:07 np0005546415 account-server[123294]: 172.20.0.104 - - [05/Dec/2025:08:37:07 +0000] "PUT /d1/390/AUTH_d98f9ffaeb7346169078ece01c85312d/gnocchi.5b063710-7a45-445c-b487-2bd2a8aff455" 201 - "PUT http://172.20.0.104:6001/d1/126/AUTH_d98f9ffaeb7346169078ece01c85312d/gnocchi.5b063710-7a45-445c-b487-2bd2a8aff455" "tx99299beba0e74268b7588-00693299b3" "container-server 19" 0.0047 "-" 20 0
Dec 5 08:37:07 np0005546415 container-server[123520]: 172.20.0.105 - - [05/Dec/2025:08:37:07 +0000] "PUT /d1/626/AUTH_d98f9ffaeb7346169078ece01c85312d/gnocchi.171fd2f3-3786-467d-aa4b-b092ae02b4ed/1764720000.0_mean_300.0_v3" 201 - "PUT http://172.18.0.163:8080/d1/781/AUTH_d98f9ffaeb7346169078ece01c85312d/gnocchi.171fd2f3-3786-467d-aa4b-b092ae02b4ed/1764720000.0_mean_300.0_v3" "txe083e29fd2144ad58e4a7-00693299b3" "object-server 19" 0.0005 "-" 16 0
Dec 5 08:37:07 np0005546415 object-server[124064]: 172.20.0.104 - - [05/Dec/2025:08:37:07 +0000] "PUT /d1/781/AUTH_d98f9ffaeb7346169078ece01c85312d/gnocchi.171fd2f3-3786-467d-aa4b-b092ae02b4ed/1764720000.0_mean_300.0_v3" 201 - "PUT http://172.18.0.163:8080/v1/AUTH_d98f9ffaeb7346169078ece01c85312d/gnocchi.171fd2f3-3786-467d-aa4b-b092ae02b4ed/1764720000.0_mean_300.0_v3" "txe083e29fd2144ad58e4a7-00693299b3" "proxy-server 20" 0.0143 "-" 24 0
Dec 5 08:37:07 np0005546415 proxy-server[125175]: 172.18.0.163 172.18.0.104 05/Dec/2025/08/37/07 PUT /v1/AUTH_d98f9ffaeb7346169078ece01c85312d/gnocchi.5b063710-7a45-445c-b487-2bd2a8aff455 HTTP/1.0 201 - python-swiftclient-3.11.1 gAAAAABpMplca2FU... - - - tx99299beba0e74268b7588-00693299b3 - 0.0400 - - 1764923827.095767260 1764923827.135801077 0
Dec 5 08:37:07 np0005546415 container-server[123499]: 172.20.0.103 - - [05/Dec/2025:08:37:07 +0000] "HEAD /d1/171/AUTH_d98f9ffaeb7346169078ece01c85312d/gnocchi.d2ea7fa3-6e0f-4fcf-afe3-62d3bc3fe4d5" 404 - "HEAD http://172.18.0.163:8080/v1/AUTH_d98f9ffaeb7346169078ece01c85312d/gnocchi.d2ea7fa3-6e0f-4fcf-afe3-62d3bc3fe4d5?format=json&states=listing" "tx91de3329c7e743eeaae39-00693299b3" "proxy-server 20" 0.0005 "-" 14 0
Dec 5 08:37:07 np0005546415 object-server[124074]: 172.20.0.104 - - [05/Dec/2025:08:37:07 +0000] "PUT /d1/848/AUTH_d98f9ffaeb7346169078ece01c85312d/gnocchi.171fd2f3-3786-467d-aa4b-b092ae02b4ed/none_v3" 201 - "PUT http://172.18.0.163:8080/v1/AUTH_d98f9ffaeb7346169078ece01c85312d/gnocchi.171fd2f3-3786-467d-aa4b-b092ae02b4ed/none_v3" "txd4fb51275a0c42f1ac692-00693299b3" "proxy-server 20" 0.0110 "-" 25 0
Dec 5 08:37:07 np0005546415 container-server[123508]: 172.20.0.105 - - [05/Dec/2025:08:37:07 +0000] "PUT /d1/626/AUTH_d98f9ffaeb7346169078ece01c85312d/gnocchi.171fd2f3-3786-467d-aa4b-b092ae02b4ed/none_v3" 201 - "PUT http://172.18.0.163:8080/d1/848/AUTH_d98f9ffaeb7346169078ece01c85312d/gnocchi.171fd2f3-3786-467d-aa4b-b092ae02b4ed/none_v3" "txd4fb51275a0c42f1ac692-00693299b3" "object-server 23" 0.0006 "-" 15 0
Dec 5 08:37:07 np0005546415 object-server[124056]: 172.20.0.103 - - [05/Dec/2025:08:37:07 +0000] "GET /d1/520/AUTH_d98f9ffaeb7346169078ece01c85312d/gnocchi.d2ea7fa3-6e0f-4fcf-afe3-62d3bc3fe4d5/none_v3" 404 70 "GET http://172.18.0.163:8080/v1/AUTH_d98f9ffaeb7346169078ece01c85312d/gnocchi.d2ea7fa3-6e0f-4fcf-afe3-62d3bc3fe4d5/none_v3" "tx91de3329c7e743eeaae39-00693299b3" "proxy-server 20" 0.0003 "-" 22 0
Dec 5 08:37:07 np0005546415 proxy-server[125175]: 172.18.0.163 172.18.0.104 05/Dec/2025/08/37/07 GET /v1/AUTH_d98f9ffaeb7346169078ece01c85312d/gnocchi.d2ea7fa3-6e0f-4fcf-afe3-62d3bc3fe4d5/none_v3 HTTP/1.0 404 - python-swiftclient-3.11.1 gAAAAABpMplca2FU... - 70 - tx91de3329c7e743eeaae39-00693299b3 - 0.0201 - - 1764923827.139419556 1764923827.159490108 0
Dec 5 08:37:07 np0005546415 object-server[124064]: 172.20.0.105 - - [05/Dec/2025:08:37:07 +0000] "GET /d1/439/AUTH_d98f9ffaeb7346169078ece01c85312d/gnocchi.c5dae72d-7280-4da1-845d-ee16f2831e32/1764720000.0_mean_300.0_v3" 404 70 "GET http://172.18.0.163:8080/v1/AUTH_d98f9ffaeb7346169078ece01c85312d/gnocchi.c5dae72d-7280-4da1-845d-ee16f2831e32/1764720000.0_mean_300.0_v3" "tx388294c387c34270b4099-00693299b3" "proxy-server 20" 0.0003 "-" 24 0
Dec 5 08:37:07 np0005546415 account-server[123317]: 172.20.0.105 - - [05/Dec/2025:08:37:07 +0000] "PUT /d1/390/AUTH_d98f9ffaeb7346169078ece01c85312d/gnocchi.d2ea7fa3-6e0f-4fcf-afe3-62d3bc3fe4d5" 201 - "PUT http://172.20.0.105:6001/d1/171/AUTH_d98f9ffaeb7346169078ece01c85312d/gnocchi.d2ea7fa3-6e0f-4fcf-afe3-62d3bc3fe4d5" "tx6db5768421a0417287c31-00693299b3" "container-server 22" 0.0046 "-" 23 0
Dec 5 08:37:07 np0005546415 container-server[123508]: 172.20.0.103 - - [05/Dec/2025:08:37:07 +0000] "PUT /d1/171/AUTH_d98f9ffaeb7346169078ece01c85312d/gnocchi.d2ea7fa3-6e0f-4fcf-afe3-62d3bc3fe4d5" 201 - "PUT http://172.18.0.163:8080/v1/AUTH_d98f9ffaeb7346169078ece01c85312d/gnocchi.d2ea7fa3-6e0f-4fcf-afe3-62d3bc3fe4d5" "tx6db5768421a0417287c31-00693299b3" "proxy-server 20" 0.0234 "-" 15 0
Dec 5 08:37:07 np0005546415 proxy-server[125175]: 172.18.0.163 172.18.0.104 05/Dec/2025/08/37/07 PUT /v1/AUTH_d98f9ffaeb7346169078ece01c85312d/gnocchi.d2ea7fa3-6e0f-4fcf-afe3-62d3bc3fe4d5 HTTP/1.0 201 - python-swiftclient-3.11.1 gAAAAABpMplca2FU... - - - tx6db5768421a0417287c31-00693299b3 - 0.0297 - - 1764923827.166037560 1764923827.195750237 0
Dec 5 08:37:07 np0005546415 container-server[123531]: 172.20.0.104 - - [05/Dec/2025:08:37:07 +0000] "HEAD /d1/681/AUTH_d98f9ffaeb7346169078ece01c85312d/gnocchi.4267a122-b37a-499f-96f9-f040c0623d79" 404 - "HEAD http://172.18.0.163:8080/v1/AUTH_d98f9ffaeb7346169078ece01c85312d/gnocchi.4267a122-b37a-499f-96f9-f040c0623d79?format=json&states=listing" "tx337d4f12116642d2b66e3-00693299b3" "proxy-server 20" 0.0004 "-" 17 0
Dec 5 08:37:07 np0005546415 container-server[123508]: 172.20.0.103 - - [05/Dec/2025:08:37:07 +0000] "PUT /d1/207/AUTH_d98f9ffaeb7346169078ece01c85312d/gnocchi.c5dae72d-7280-4da1-845d-ee16f2831e32/1764720000.0_mean_300.0_v3" 201 - "PUT http://172.18.0.163:8080/d1/439/AUTH_d98f9ffaeb7346169078ece01c85312d/gnocchi.c5dae72d-7280-4da1-845d-ee16f2831e32/1764720000.0_mean_300.0_v3" "txba365cebb59746539fe7f-00693299b3" "object-server 22" 0.0011 "-" 15 0
Dec 5 08:37:07 np0005546415 proxy-server[125175]: - - 05/Dec/2025/08/37/07 HEAD /v1/AUTH_d98f9ffaeb7346169078ece01c85312d/gnocchi.5b063710-7a45-445c-b487-2bd2a8aff455%3Fformat%3Djson%26states%3Dlisting HTTP/1.0 204 - Swift - - - - tx77a81b1403a6413dbcf57-00693299b3 - 0.0061 RL - 1764923827.200735092 1764923827.206806421 0
Dec 5 08:37:07 np0005546415 object-server[124056]: 172.20.0.105 - - [05/Dec/2025:08:37:07 +0000] "PUT /d1/439/AUTH_d98f9ffaeb7346169078ece01c85312d/gnocchi.c5dae72d-7280-4da1-845d-ee16f2831e32/1764720000.0_mean_300.0_v3" 201 - "PUT http://172.18.0.163:8080/v1/AUTH_d98f9ffaeb7346169078ece01c85312d/gnocchi.c5dae72d-7280-4da1-845d-ee16f2831e32/1764720000.0_mean_300.0_v3" "txba365cebb59746539fe7f-00693299b3" "proxy-server 20" 0.0111 "-" 22 0
Dec 5 08:37:07 np0005546415 object-server[124056]: 172.20.0.104 - - [05/Dec/2025:08:37:07 +0000] "GET /d1/317/AUTH_d98f9ffaeb7346169078ece01c85312d/gnocchi.4267a122-b37a-499f-96f9-f040c0623d79/none_v3" 404 70 "GET http://172.18.0.163:8080/v1/AUTH_d98f9ffaeb7346169078ece01c85312d/gnocchi.4267a122-b37a-499f-96f9-f040c0623d79/none_v3" "tx337d4f12116642d2b66e3-00693299b3" "proxy-server 20" 0.0002 "-" 22 0
Dec 5 08:37:07 np0005546415 container-server[123499]: 172.20.0.103 - - [05/Dec/2025:08:37:07 +0000] "GET /d1/126/AUTH_d98f9ffaeb7346169078ece01c85312d/gnocchi.5b063710-7a45-445c-b487-2bd2a8aff455" 200 2 "GET http://172.18.0.163:8080/v1/AUTH_d98f9ffaeb7346169078ece01c85312d/gnocchi.5b063710-7a45-445c-b487-2bd2a8aff455?format=json&states=listing" "tx77a81b1403a6413dbcf57-00693299b3" "proxy-server 20" 0.0018 "-" 14 0
Dec 5 08:37:07 np0005546415 proxy-server[125175]: 172.18.0.163 172.18.0.104 05/Dec/2025/08/37/07 GET /v1/AUTH_d98f9ffaeb7346169078ece01c85312d/gnocchi.5b063710-7a45-445c-b487-2bd2a8aff455%3Fformat%3Djson%26states%3Dlisting HTTP/1.0 200 - python-swiftclient-3.11.1 gAAAAABpMplca2FU... - 2 - tx77a81b1403a6413dbcf57-00693299b3 - 0.0153 - - 1764923827.199817896 1764923827.215112686 0
Dec 5 08:37:07 np0005546415 object-server[124064]: 172.20.0.105 - - [05/Dec/2025:08:37:07 +0000] "PUT /d1/356/AUTH_d98f9ffaeb7346169078ece01c85312d/gnocchi.c5dae72d-7280-4da1-845d-ee16f2831e32/none_v3" 201 - "PUT http://172.18.0.163:8080/v1/AUTH_d98f9ffaeb7346169078ece01c85312d/gnocchi.c5dae72d-7280-4da1-845d-ee16f2831e32/none_v3" "txe8d2086e3b444516be302-00693299b3" "proxy-server 20" 0.0085 "-" 24 0
Dec 5 08:37:07 np0005546415 container-server[123508]: 172.20.0.105 - - [05/Dec/2025:08:37:07 +0000] "PUT /d1/207/AUTH_d98f9ffaeb7346169078ece01c85312d/gnocchi.c5dae72d-7280-4da1-845d-ee16f2831e32/none_v3" 201 - "PUT http://172.18.0.163:8080/d1/356/AUTH_d98f9ffaeb7346169078ece01c85312d/gnocchi.c5dae72d-7280-4da1-845d-ee16f2831e32/none_v3" "txe8d2086e3b444516be302-00693299b3" "object-server 19" 0.0010 "-" 15 0
Dec 5 08:37:07 np0005546415 proxy-server[125175]: - - 05/Dec/2025/08/37/07 HEAD /v1/AUTH_d98f9ffaeb7346169078ece01c85312d/gnocchi.d2ea7fa3-6e0f-4fcf-afe3-62d3bc3fe4d5%3Fformat%3Djson%26states%3Dlisting HTTP/1.0 204 - Swift - - - - tx38f2be1f4e2a4a2a8ccce-00693299b3 - 0.0068 RL - 1764923827.222994089 1764923827.229761362 0
Dec 5 08:37:07 np0005546415 container-server[123531]: 172.20.0.103 - - [05/Dec/2025:08:37:07 +0000] "GET /d1/171/AUTH_d98f9ffaeb7346169078ece01c85312d/gnocchi.d2ea7fa3-6e0f-4fcf-afe3-62d3bc3fe4d5" 200 2 "GET http://172.18.0.163:8080/v1/AUTH_d98f9ffaeb7346169078ece01c85312d/gnocchi.d2ea7fa3-6e0f-4fcf-afe3-62d3bc3fe4d5?format=json&states=listing" "tx38f2be1f4e2a4a2a8ccce-00693299b3" "proxy-server 20" 0.0025 "-" 17 0
Dec 5 08:37:07 np0005546415 proxy-server[125175]: 172.18.0.163 172.18.0.104 05/Dec/2025/08/37/07 GET /v1/AUTH_d98f9ffaeb7346169078ece01c85312d/gnocchi.d2ea7fa3-6e0f-4fcf-afe3-62d3bc3fe4d5%3Fformat%3Djson%26states%3Dlisting HTTP/1.0 200 - python-swiftclient-3.11.1 gAAAAABpMplca2FU... - 2 - tx38f2be1f4e2a4a2a8ccce-00693299b3 - 0.0161 - - 1764923827.221366644 1764923827.237428904 0
Dec 5 08:37:07 np0005546415 account-server[123317]: 172.20.0.103 - - [05/Dec/2025:08:37:07 +0000] "PUT /d1/390/AUTH_d98f9ffaeb7346169078ece01c85312d/gnocchi.4267a122-b37a-499f-96f9-f040c0623d79" 201 - "PUT http://172.20.0.103:6001/d1/681/AUTH_d98f9ffaeb7346169078ece01c85312d/gnocchi.4267a122-b37a-499f-96f9-f040c0623d79" "txdf5b53cdb92b4dceab6cd-00693299b3" "container-server 14" 0.0043 "-" 23 0
Dec 5 08:37:07 np0005546415 container-server[123499]: 172.20.0.104 - - [05/Dec/2025:08:37:07 +0000] "PUT /d1/681/AUTH_d98f9ffaeb7346169078ece01c85312d/gnocchi.4267a122-b37a-499f-96f9-f040c0623d79" 201 - "PUT http://172.18.0.163:8080/v1/AUTH_d98f9ffaeb7346169078ece01c85312d/gnocchi.4267a122-b37a-499f-96f9-f040c0623d79" "txdf5b53cdb92b4dceab6cd-00693299b3" "proxy-server 20" 0.0132 "-" 14 0
Dec 5 08:37:07 np0005546415 object-server[124058]: 172.20.0.105 - - [05/Dec/2025:08:37:07 +0000] "GET /d1/862/AUTH_d98f9ffaeb7346169078ece01c85312d/gnocchi.5b063710-7a45-445c-b487-2bd2a8aff455/1764720000.0_mean_300.0_v3" 404 70 "GET http://172.18.0.163:8080/v1/AUTH_d98f9ffaeb7346169078ece01c85312d/gnocchi.5b063710-7a45-445c-b487-2bd2a8aff455/1764720000.0_mean_300.0_v3" "tx66edb5459acc43d086dc9-00693299b3" "proxy-server 20" 0.0003 "-" 23 0
Dec 5 08:37:07 np0005546415 object-server[124074]: 172.20.0.103 - - [05/Dec/2025:08:37:07 +0000] "GET /d1/687/AUTH_d98f9ffaeb7346169078ece01c85312d/gnocchi.d2ea7fa3-6e0f-4fcf-afe3-62d3bc3fe4d5/1764720000.0_mean_300.0_v3" 404 70 "GET http://172.18.0.163:8080/v1/AUTH_d98f9ffaeb7346169078ece01c85312d/gnocchi.d2ea7fa3-6e0f-4fcf-afe3-62d3bc3fe4d5/1764720000.0_mean_300.0_v3" "tx2314cb1a1fc34e9caa739-00693299b3" "proxy-server 20" 0.0004 "-" 25 0
Dec 5 08:37:07 np0005546415 proxy-server[125175]: 172.18.0.163 172.18.0.104 05/Dec/2025/08/37/07 GET /v1/AUTH_d98f9ffaeb7346169078ece01c85312d/gnocchi.d2ea7fa3-6e0f-4fcf-afe3-62d3bc3fe4d5/1764720000.0_mean_300.0_v3 HTTP/1.0 404 - python-swiftclient-3.11.1 gAAAAABpMplca2FU... - 70 - tx2314cb1a1fc34e9caa739-00693299b3 - 0.0107 - - 1764923827.256185532 1764923827.266867638 0
Dec 5 08:37:07 np0005546415 container-server[123499]: 172.20.0.105 - - [05/Dec/2025:08:37:07 +0000] "GET /d1/681/AUTH_d98f9ffaeb7346169078ece01c85312d/gnocchi.4267a122-b37a-499f-96f9-f040c0623d79" 200 2 "GET http://172.18.0.163:8080/v1/AUTH_d98f9ffaeb7346169078ece01c85312d/gnocchi.4267a122-b37a-499f-96f9-f040c0623d79?format=json&states=listing" "tx069fc0c5786b4062be34c-00693299b3" "proxy-server 20" 0.0017 "-" 14 0
Dec 5 08:37:07 np0005546415 container-server[123499]: 172.20.0.103 - - [05/Dec/2025:08:37:07 +0000] "PUT /d1/126/AUTH_d98f9ffaeb7346169078ece01c85312d/gnocchi.5b063710-7a45-445c-b487-2bd2a8aff455/1764720000.0_mean_300.0_v3" 201 - "PUT http://172.18.0.163:8080/d1/862/AUTH_d98f9ffaeb7346169078ece01c85312d/gnocchi.5b063710-7a45-445c-b487-2bd2a8aff455/1764720000.0_mean_300.0_v3" "txbda5e9742fe24a3094f50-00693299b3" "object-server 23" 0.0006 "-" 14 0
Dec 5 08:37:07 np0005546415 object-server[124058]: 172.20.0.104 - - [05/Dec/2025:08:37:07 +0000] "PUT /d1/862/AUTH_d98f9ffaeb7346169078ece01c85312d/gnocchi.5b063710-7a45-445c-b487-2bd2a8aff455/1764720000.0_mean_300.0_v3" 201 - "PUT http://172.18.0.163:8080/v1/AUTH_d98f9ffaeb7346169078ece01c85312d/gnocchi.5b063710-7a45-445c-b487-2bd2a8aff455/1764720000.0_mean_300.0_v3" "txbda5e9742fe24a3094f50-00693299b3" "proxy-server 20" 0.0133 "-" 23 0
Dec 5 08:37:07 np0005546415 object-server[124074]: 172.20.0.103 - - [05/Dec/2025:08:37:07 +0000] "GET /d1/697/AUTH_d98f9ffaeb7346169078ece01c85312d/gnocchi.4267a122-b37a-499f-96f9-f040c0623d79/1764720000.0_mean_300.0_v3" 404 70 "GET http://172.18.0.163:8080/v1/AUTH_d98f9ffaeb7346169078ece01c85312d/gnocchi.4267a122-b37a-499f-96f9-f040c0623d79/1764720000.0_mean_300.0_v3" "tx25d9c0c4158a4c30aa55f-00693299b3" "proxy-server 20" 0.0003 "-" 25 0
Dec 5 08:37:07 np0005546415 proxy-server[125175]: 172.18.0.105 172.18.0.104 05/Dec/2025/08/37/07 GET /v1/AUTH_d98f9ffaeb7346169078ece01c85312d/gnocchi.4267a122-b37a-499f-96f9-f040c0623d79/1764720000.0_mean_300.0_v3 HTTP/1.0 404 - python-swiftclient-3.11.1 gAAAAABpMpk08Sto... - 70 - tx25d9c0c4158a4c30aa55f-00693299b3 - 0.0107 - - 1764923827.294198275 1764923827.304887295 0
Dec 5 08:37:07 np0005546415 container-server[123520]: 172.20.0.104 - - [05/Dec/2025:08:37:07 +0000] "PUT /d1/171/AUTH_d98f9ffaeb7346169078ece01c85312d/gnocchi.d2ea7fa3-6e0f-4fcf-afe3-62d3bc3fe4d5/1764720000.0_mean_300.0_v3" 201 - "PUT http://172.18.0.163:8080/d1/687/AUTH_d98f9ffaeb7346169078ece01c85312d/gnocchi.d2ea7fa3-6e0f-4fcf-afe3-62d3bc3fe4d5/1764720000.0_mean_300.0_v3" "tx378fca23427240cc8265f-00693299b3" "object-server 25" 0.0006 "-" 16 0
Dec 5 08:37:07 np0005546415 container-server[123520]: 172.20.0.103 - - [05/Dec/2025:08:37:07 +0000] "PUT /d1/681/AUTH_d98f9ffaeb7346169078ece01c85312d/gnocchi.4267a122-b37a-499f-96f9-f040c0623d79/1764720000.0_mean_300.0_v3" 201 - "PUT http://172.18.0.163:8080/d1/697/AUTH_d98f9ffaeb7346169078ece01c85312d/gnocchi.4267a122-b37a-499f-96f9-f040c0623d79/1764720000.0_mean_300.0_v3" "tx26804923f0774609af730-00693299b3" "object-server 25" 0.0003 "-" 16 0
Dec 5 08:37:07 np0005546415 object-server[124064]: 172.20.0.105 - - [05/Dec/2025:08:37:07 +0000] "PUT /d1/687/AUTH_d98f9ffaeb7346169078ece01c85312d/gnocchi.d2ea7fa3-6e0f-4fcf-afe3-62d3bc3fe4d5/1764720000.0_mean_300.0_v3" 201 - "PUT http://172.18.0.163:8080/v1/AUTH_d98f9ffaeb7346169078ece01c85312d/gnocchi.d2ea7fa3-6e0f-4fcf-afe3-62d3bc3fe4d5/1764720000.0_mean_300.0_v3" "tx378fca23427240cc8265f-00693299b3" "proxy-server 20" 0.0130 "-" 24 0
Dec 5 08:37:07 np0005546415 object-server[124074]: 172.20.0.104 - - [05/Dec/2025:08:37:07 +0000] "PUT /d1/697/AUTH_d98f9ffaeb7346169078ece01c85312d/gnocchi.4267a122-b37a-499f-96f9-f040c0623d79/1764720000.0_mean_300.0_v3" 201 - "PUT http://172.18.0.163:8080/v1/AUTH_d98f9ffaeb7346169078ece01c85312d/gnocchi.4267a122-b37a-499f-96f9-f040c0623d79/1764720000.0_mean_300.0_v3" "tx26804923f0774609af730-00693299b3" "proxy-server 20" 0.0105 "-" 25 0
Dec 5 08:37:07 np0005546415 container-server[123499]: 172.20.0.104 - - [05/Dec/2025:08:37:07 +0000] "PUT /d1/126/AUTH_d98f9ffaeb7346169078ece01c85312d/gnocchi.5b063710-7a45-445c-b487-2bd2a8aff455/none_v3" 201 - "PUT http://172.18.0.163:8080/d1/361/AUTH_d98f9ffaeb7346169078ece01c85312d/gnocchi.5b063710-7a45-445c-b487-2bd2a8aff455/none_v3" "txfe67fce4d11e4a3093815-00693299b3" "object-server 23" 0.0008 "-" 14 0
Dec 5 08:37:07 np0005546415 object-server[124056]: 172.20.0.103 - - [05/Dec/2025:08:37:07 +0000] "PUT /d1/361/AUTH_d98f9ffaeb7346169078ece01c85312d/gnocchi.5b063710-7a45-445c-b487-2bd2a8aff455/none_v3" 201 - "PUT http://172.18.0.163:8080/v1/AUTH_d98f9ffaeb7346169078ece01c85312d/gnocchi.5b063710-7a45-445c-b487-2bd2a8aff455/none_v3" "txfe67fce4d11e4a3093815-00693299b3" "proxy-server 20" 0.0142 "-" 22 0
Dec 5 08:37:07 np0005546415 container-server[123531]: 172.20.0.103 - - [05/Dec/2025:08:37:07 +0000] "PUT /d1/681/AUTH_d98f9ffaeb7346169078ece01c85312d/gnocchi.4267a122-b37a-499f-96f9-f040c0623d79/none_v3" 201 - "PUT http://172.18.0.163:8080/d1/317/AUTH_d98f9ffaeb7346169078ece01c85312d/gnocchi.4267a122-b37a-499f-96f9-f040c0623d79/none_v3" "tx9810aa7dccc34d5eadd21-00693299b3" "object-server 24" 0.0005 "-" 17 0
Dec 5 08:37:07 np0005546415 object-server[124064]: 172.20.0.105 - - [05/Dec/2025:08:37:07 +0000] "PUT /d1/317/AUTH_d98f9ffaeb7346169078ece01c85312d/gnocchi.4267a122-b37a-499f-96f9-f040c0623d79/none_v3" 201 - "PUT http://172.18.0.163:8080/v1/AUTH_d98f9ffaeb7346169078ece01c85312d/gnocchi.4267a122-b37a-499f-96f9-f040c0623d79/none_v3" "tx9810aa7dccc34d5eadd21-00693299b3" "proxy-server 20" 0.0104 "-" 24 0
Dec 5 08:37:07 np0005546415 proxy-server[125175]: 172.18.0.163 172.18.0.104 05/Dec/2025/08/37/07 PUT /v1/AUTH_d98f9ffaeb7346169078ece01c85312d/gnocchi.5b063710-7a45-445c-b487-2bd2a8aff455/none_v3 HTTP/1.0 201 - python-swiftclient-3.11.1 gAAAAABpMplca2FU... 22 - - txfe67fce4d11e4a3093815-00693299b3 - 0.0214 - - 1764923827.334139585 1764923827.355520487 0
Dec 5 08:37:07 np0005546415 object-server[124058]: 172.20.0.104 - - [05/Dec/2025:08:37:07 +0000] "PUT /d1/520/AUTH_d98f9ffaeb7346169078ece01c85312d/gnocchi.d2ea7fa3-6e0f-4fcf-afe3-62d3bc3fe4d5/none_v3" 201 - "PUT http://172.18.0.163:8080/v1/AUTH_d98f9ffaeb7346169078ece01c85312d/gnocchi.d2ea7fa3-6e0f-4fcf-afe3-62d3bc3fe4d5/none_v3" "tx2c2af3137c4d42d1af951-00693299b3" "proxy-server 20" 0.0130 "-" 23 0
Dec 5 08:37:07 np0005546415 container-server[123520]: 172.20.0.104 - - [05/Dec/2025:08:37:07 +0000] "PUT /d1/171/AUTH_d98f9ffaeb7346169078ece01c85312d/gnocchi.d2ea7fa3-6e0f-4fcf-afe3-62d3bc3fe4d5/none_v3" 201 - "PUT http://172.18.0.163:8080/d1/520/AUTH_d98f9ffaeb7346169078ece01c85312d/gnocchi.d2ea7fa3-6e0f-4fcf-afe3-62d3bc3fe4d5/none_v3" "tx2c2af3137c4d42d1af951-00693299b3" "object-server 23" 0.0004 "-" 16 0
Dec 5 08:37:18 np0005546415 object-server[123749]: Starting object replication pass.
Dec 5 08:37:19 np0005546415 object-server[123749]: 44/44 (100.00%) partitions replicated in 0.92s (47.64/sec, 0s remaining)
Dec 5 08:37:19 np0005546415 object-server[123749]: 88 successes, 0 failures
Dec 5 08:37:19 np0005546415 object-server[123749]: 44 suffixes checked - 50.00% hashed, 0.00% synced
Dec 5 08:37:19 np0005546415 object-server[123749]: Partition times: max 0.0351s, min 0.0070s, med 0.0299s
Dec 5 08:37:19 np0005546415 object-server[123749]: Object replication complete. (0.02 minutes)
Dec 5 08:37:20 np0005546415 object-server[226088]: Begin object audit "forever" mode (ALL)
Dec 5 08:37:20 np0005546415 object-server[226087]: Begin object audit "forever" mode (ZBF)
Dec 5 08:37:20 np0005546415 object-server[226087]: Object audit (ZBF). Since Fri Dec 5 08:37:20 2025: Locally: 1 passed, 0 quarantined, 0 errors, files/sec: 629.59, bytes/sec: 0.00, Total time: 0.00, Auditing time: 0.00, Rate: 0.00
Dec 5 08:37:20 np0005546415 object-server[226088]: Object audit (ALL). Since Fri Dec 5 08:37:20 2025: Locally: 1 passed, 0 quarantined, 0 errors, files/sec: 176.78, bytes/sec: 2828.49, Total time: 0.01, Auditing time: 0.00, Rate: 0.00
Dec 5 08:37:21 np0005546415 object-server[226087]: Object audit (ZBF) "forever" mode completed: 0.84s. Total quarantined: 0, Total errors: 0, Total files/sec: 52.21, Total bytes/sec: 0.00, Auditing time: 0.82, Rate: 0.97
Dec 5 08:37:22 np0005546415 account-server[123017]: Beginning replication run
Dec 5 08:37:22 np0005546415 account-server[123017]: Replication run OVER
Dec 5 08:37:22 np0005546415 account-server[123017]: Attempted to replicate 1 dbs in 0.02666 seconds (37.51365/s)
Dec 5 08:37:22 np0005546415 account-server[123017]: Removed 0 dbs
Dec 5 08:37:22 np0005546415 account-server[123017]: 2 successes, 0 failures
Dec 5 08:37:22 np0005546415 account-server[123017]: diff:0 diff_capped:0 empty:0 hashmatch:0 no_change:2 remote_merge:0 rsync:0 ts_repl:0
Dec 5 08:37:22 np0005546415 object-server[226088]: Object audit (ALL) "forever" mode completed: 2.11s. Total quarantined: 0, Total errors: 0, Total files/sec: 20.88, Total bytes/sec: 401.37, Auditing time: 2.10, Rate: 0.99
Dec 5 08:37:26 np0005546415 container-server[123251]: Beginning replication run
Dec 5 08:37:26 np0005546415 container-server[123251]: Replication run OVER
Dec 5 08:37:26 np0005546415 container-server[123251]: Attempted to replicate 22 dbs in 0.55844 seconds (39.39518/s)
Dec 5 08:37:26 np0005546415 container-server[123251]: Removed 0 dbs
Dec 5 08:37:26 np0005546415 container-server[123251]: 44 successes, 0 failures
Dec 5 08:37:26 np0005546415 container-server[123251]: diff:0 diff_capped:0 empty:0 hashmatch:0 no_change:44 remote_merge:0 rsync:0 ts_repl:0
Dec 5 08:37:37 np0005546415 object-server[123777]: Begin object update sweep
Dec 5 08:37:37 np0005546415 object-server[227687]: Object update sweep starting on /srv/node/d1 (pid: 15)
Dec 5 08:37:37 np0005546415 object-server[227687]: Object update sweep completed on /srv/node/d1 in 0.00s seconds:, 0 successes, 0 failures, 0 quarantines, 0 unlinks, 0 errors, 0 redirects (pid: 15)
Dec 5 08:37:37 np0005546415 object-server[227687]: Object update sweep of d1 completed: 0.00s, 0 successes, 0 failures, 0 quarantines, 0 unlinks, 0 errors, 0 redirects
Dec 5 08:37:37 np0005546415 object-server[123777]: Object update sweep completed: 0.08s
Dec 5 08:37:49 np0005546415 object-server[123749]: Starting object replication pass.
Dec 5 08:37:49 np0005546415 object-server[123749]: 44/44 (100.00%) partitions replicated in 0.41s (107.04/sec, 0s remaining)
Dec 5 08:37:49 np0005546415 object-server[123749]: 88 successes, 0 failures
Dec 5 08:37:49 np0005546415 object-server[123749]: 44 suffixes checked - 0.00% hashed, 0.00% synced
Dec 5 08:37:49 np0005546415 object-server[123749]: Partition times: max 0.0126s, min 0.0066s, med 0.0089s
Dec 5 08:37:49 np0005546415 object-server[123749]: Object replication complete. (0.01 minutes)
Dec 5 08:37:50 np0005546415 account-server[123305]: 172.20.0.105 - - [05/Dec/2025:08:37:50 +0000] "HEAD /d1/179/.expiring_objects" 404 - "HEAD http://localhost/v1/.expiring_objects?format=json" "txf0f84a246172471187faf-00693299de" "proxy-server 2" 0.0005 "-" 22 -
Dec 5 08:37:51 np0005546415 object-server[226134]: Begin object audit "forever" mode (ZBF)
Dec 5 08:37:51 np0005546415 object-server[226134]: Object audit (ZBF). Since Fri Dec 5 08:37:51 2025: Locally: 1 passed, 0 quarantined, 0 errors, files/sec: 542.53, bytes/sec: 0.00, Total time: 0.00, Auditing time: 0.00, Rate: 0.00
Dec 5 08:37:52 np0005546415 account-server[123017]: Beginning replication run
Dec 5 08:37:52 np0005546415 account-server[123017]: Replication run OVER
Dec 5 08:37:52 np0005546415 account-server[123017]: Attempted to replicate 1 dbs in 0.02220 seconds (45.05237/s)
Dec 5 08:37:52 np0005546415 account-server[123017]: Removed 0 dbs
Dec 5 08:37:52 np0005546415 account-server[123017]: 2 successes, 0 failures
Dec 5 08:37:52 np0005546415 account-server[123017]: diff:0 diff_capped:0 empty:0 hashmatch:0 no_change:2 remote_merge:0 rsync:0 ts_repl:0
Dec 5 08:37:52 np0005546415 object-server[226134]: Object audit (ZBF) "forever" mode completed: 0.84s. Total quarantined: 0, Total errors: 0, Total files/sec: 52.19, Total bytes/sec: 0.00, Auditing time: 0.83, Rate: 0.99
Dec 5 08:37:56 np0005546415 container-server[123251]: Beginning replication run
Dec 5 08:37:56 np0005546415 container-server[123251]: Replication run OVER
Dec 5 08:37:56 np0005546415 container-server[123251]: Attempted to replicate 22 dbs in 0.43231 seconds (50.88905/s)
Dec 5 08:37:56 np0005546415 container-server[123251]: Removed 0 dbs
Dec 5 08:37:56 np0005546415 container-server[123251]: 44 successes, 0 failures
Dec 5 08:37:56 np0005546415 container-server[123251]: diff:0 diff_capped:0 empty:0 hashmatch:0 no_change:44 remote_merge:0 rsync:0 ts_repl:0
Dec 5 08:38:17 np0005546415 account-server[123305]: 172.20.0.104 - - [05/Dec/2025:08:38:17 +0000] "PUT /d1/390/AUTH_d98f9ffaeb7346169078ece01c85312d/gnocchi.d2ea7fa3-6e0f-4fcf-afe3-62d3bc3fe4d5" 201 - "-" "-" "container-updater 2" 0.0008 "-" 22 0
Dec 5 08:38:17 np0005546415 account-server[123294]: 172.20.0.104 - - [05/Dec/2025:08:38:17 +0000] "PUT /d1/390/AUTH_d98f9ffaeb7346169078ece01c85312d/gnocchi.82e2c0ee-03be-4b0a-8fa6-a4c96e7fd76d" 201 - "-" "-" "container-updater 2" 0.0010 "-" 20 0
Dec 5 08:38:17 np0005546415 account-server[123317]: 172.20.0.104 - - [05/Dec/2025:08:38:17 +0000] "PUT /d1/390/AUTH_d98f9ffaeb7346169078ece01c85312d/gnocchi.8b71821f-7ead-4694-b4fa-597ba68af099" 201 - "-" "-" "container-updater 2" 0.0009 "-" 23 0
Dec 5 08:38:17 np0005546415 account-server[123317]: 172.20.0.104 - - [05/Dec/2025:08:38:17 +0000] "PUT /d1/390/AUTH_d98f9ffaeb7346169078ece01c85312d/gnocchi.06675aa6-54f4-4933-aaf6-4cf0c938c6f7" 201 - "-" "-" "container-updater 2" 0.0009 "-" 23 0
Dec 5 08:38:17 np0005546415 account-server[123317]: 172.20.0.104 - - [05/Dec/2025:08:38:17 +0000] "PUT /d1/390/AUTH_d98f9ffaeb7346169078ece01c85312d/gnocchi.c8ce8cb1-2590-4b16-a916-34569c6fceb7" 201 - "-" "-" "container-updater 2" 0.0011 "-" 23 0
