Dec 5 08:35:40 np0005546415 proxy-server[125175]: 172.18.0.105 172.18.0.104 05/Dec/2025/08/35/40 GET /v1/AUTH_d98f9ffaeb7346169078ece01c85312d/gnocchi.f39b4c88-e5da-46d9-8e50-9fa0c4e0d91d/none_v3 HTTP/1.0 404 - python-swiftclient-3.11.1 gAAAAABpMpk08Sto... - 70 - tx7dc061234d634dad96f21-006932995c - 0.0404 - - 1764923740.615227222 1764923740.655615568 0
Dec 5 08:35:40 np0005546415 account-server[123305]: 172.20.0.103 - - [05/Dec/2025:08:35:40 +0000] "PUT /d1/390/AUTH_d98f9ffaeb7346169078ece01c85312d/gnocchi.f39b4c88-e5da-46d9-8e50-9fa0c4e0d91d" 201 - "PUT http://172.20.0.103:6001/d1/944/AUTH_d98f9ffaeb7346169078ece01c85312d/gnocchi.f39b4c88-e5da-46d9-8e50-9fa0c4e0d91d" "txff31fe51c4094d849f68a-006932995c" "container-server 16" 0.0060 "-" 22 0
Dec 5 08:35:40 np0005546415 container-server[123520]: 172.20.0.105 - - [05/Dec/2025:08:35:40 +0000] "PUT /d1/944/AUTH_d98f9ffaeb7346169078ece01c85312d/gnocchi.f39b4c88-e5da-46d9-8e50-9fa0c4e0d91d" 201 - "PUT http://172.18.0.163:8080/v1/AUTH_d98f9ffaeb7346169078ece01c85312d/gnocchi.f39b4c88-e5da-46d9-8e50-9fa0c4e0d91d" "txff31fe51c4094d849f68a-006932995c" "proxy-server 20" 0.0195 "-" 16 0
Dec 5 08:35:40 np0005546415 object-server[124074]: 172.20.0.103 - - [05/Dec/2025:08:35:40 +0000] "GET /d1/793/AUTH_d98f9ffaeb7346169078ece01c85312d/gnocchi.ff28c9ab-90b8-4136-b1f1-43456cc14fab/1764720000.0_mean_300.0_v3" 404 70 "GET http://172.18.0.163:8080/v1/AUTH_d98f9ffaeb7346169078ece01c85312d/gnocchi.ff28c9ab-90b8-4136-b1f1-43456cc14fab/1764720000.0_mean_300.0_v3" "tx46a9aac88aad4880869dd-006932995c" "proxy-server 20" 0.0003 "-" 25 0
Dec 5 08:35:40 np0005546415 proxy-server[125175]: 172.18.0.103 172.18.0.104 05/Dec/2025/08/35/40 GET /v1/AUTH_d98f9ffaeb7346169078ece01c85312d/gnocchi.ff28c9ab-90b8-4136-b1f1-43456cc14fab/1764720000.0_mean_300.0_v3 HTTP/1.0 404 - python-swiftclient-3.11.1 gAAAAABpMpkVTcQj... - 70 - tx46a9aac88aad4880869dd-006932995c - 0.0180 - - 1764923740.682252645 1764923740.700249672 0
Dec 5 08:35:40 np0005546415 proxy-server[125175]: - - 05/Dec/2025/08/35/40 HEAD /v1/AUTH_d98f9ffaeb7346169078ece01c85312d/gnocchi.f39b4c88-e5da-46d9-8e50-9fa0c4e0d91d%3Fformat%3Djson%26states%3Dlisting HTTP/1.0 204 - Swift - - - - tx5953497d674e4408bbf23-006932995c - 0.0073 RL - 1764923740.739273787 1764923740.746583223 0
Dec 5 08:35:40 np0005546415 proxy-server[125175]: 172.18.0.105 172.18.0.104 05/Dec/2025/08/35/40 GET /v1/AUTH_d98f9ffaeb7346169078ece01c85312d/gnocchi.f39b4c88-e5da-46d9-8e50-9fa0c4e0d91d%3Fformat%3Djson%26states%3Dlisting HTTP/1.0 200 - python-swiftclient-3.11.1 gAAAAABpMpk08Sto... - 2 - tx5953497d674e4408bbf23-006932995c - 0.0271 - - 1764923740.736479521 1764923740.763611317 0
Dec 5 08:35:40 np0005546415 container-server[123520]: 172.20.0.105 - - [05/Dec/2025:08:35:40 +0000] "PUT /d1/5/AUTH_d98f9ffaeb7346169078ece01c85312d/gnocchi.ff28c9ab-90b8-4136-b1f1-43456cc14fab/1764720000.0_mean_300.0_v3" 201 - "PUT http://172.18.0.163:8080/d1/793/AUTH_d98f9ffaeb7346169078ece01c85312d/gnocchi.ff28c9ab-90b8-4136-b1f1-43456cc14fab/1764720000.0_mean_300.0_v3" "tx4749cfa29d6442839515c-006932995c" "object-server 22" 0.0015 "-" 16 0
Dec 5 08:35:40 np0005546415 object-server[124064]: 172.20.0.104 - - [05/Dec/2025:08:35:40 +0000] "PUT /d1/793/AUTH_d98f9ffaeb7346169078ece01c85312d/gnocchi.ff28c9ab-90b8-4136-b1f1-43456cc14fab/1764720000.0_mean_300.0_v3" 201 - "PUT http://172.18.0.163:8080/v1/AUTH_d98f9ffaeb7346169078ece01c85312d/gnocchi.ff28c9ab-90b8-4136-b1f1-43456cc14fab/1764720000.0_mean_300.0_v3" "tx4749cfa29d6442839515c-006932995c" "proxy-server 20" 0.0143 "-" 24 0
Dec 5 08:35:40 np0005546415 object-server[124058]: 172.20.0.105 - - [05/Dec/2025:08:35:40 +0000] "GET /d1/807/AUTH_d98f9ffaeb7346169078ece01c85312d/gnocchi.f39b4c88-e5da-46d9-8e50-9fa0c4e0d91d/1764720000.0_mean_300.0_v3" 404 70 "GET http://172.18.0.163:8080/v1/AUTH_d98f9ffaeb7346169078ece01c85312d/gnocchi.f39b4c88-e5da-46d9-8e50-9fa0c4e0d91d/1764720000.0_mean_300.0_v3" "txdc6c228b140d4cffb8b7c-006932995c" "proxy-server 20" 0.0005 "-" 23 0
Dec 5 08:35:40 np0005546415 container-server[123531]: 172.20.0.105 - - [05/Dec/2025:08:35:40 +0000] "PUT /d1/5/AUTH_d98f9ffaeb7346169078ece01c85312d/gnocchi.ff28c9ab-90b8-4136-b1f1-43456cc14fab/none_v3" 201 - "PUT http://172.18.0.163:8080/d1/994/AUTH_d98f9ffaeb7346169078ece01c85312d/gnocchi.ff28c9ab-90b8-4136-b1f1-43456cc14fab/none_v3" "tx030eea7e0e9a4351a2b96-006932995c" "object-server 19" 0.0009 "-" 17 0
Dec 5 08:35:40 np0005546415 object-server[124064]: 172.20.0.104 - - [05/Dec/2025:08:35:40 +0000] "PUT /d1/994/AUTH_d98f9ffaeb7346169078ece01c85312d/gnocchi.ff28c9ab-90b8-4136-b1f1-43456cc14fab/none_v3" 201 - "PUT http://172.18.0.163:8080/v1/AUTH_d98f9ffaeb7346169078ece01c85312d/gnocchi.ff28c9ab-90b8-4136-b1f1-43456cc14fab/none_v3" "tx030eea7e0e9a4351a2b96-006932995c" "proxy-server 20" 0.0126 "-" 24 0
Dec 5 08:35:40 np0005546415 container-server[123531]: 172.20.0.104 - - [05/Dec/2025:08:35:40 +0000] "PUT /d1/944/AUTH_d98f9ffaeb7346169078ece01c85312d/gnocchi.f39b4c88-e5da-46d9-8e50-9fa0c4e0d91d/1764720000.0_mean_300.0_v3" 201 - "PUT http://172.18.0.163:8080/d1/807/AUTH_d98f9ffaeb7346169078ece01c85312d/gnocchi.f39b4c88-e5da-46d9-8e50-9fa0c4e0d91d/1764720000.0_mean_300.0_v3" "txbf60b721299f4f0fbdd47-006932995c" "object-server 25" 0.0007 "-" 17 0
Dec 5 08:35:40 np0005546415 object-server[124064]: 172.20.0.105 - - [05/Dec/2025:08:35:40 +0000] "PUT /d1/807/AUTH_d98f9ffaeb7346169078ece01c85312d/gnocchi.f39b4c88-e5da-46d9-8e50-9fa0c4e0d91d/1764720000.0_mean_300.0_v3" 201 - "PUT http://172.18.0.163:8080/v1/AUTH_d98f9ffaeb7346169078ece01c85312d/gnocchi.f39b4c88-e5da-46d9-8e50-9fa0c4e0d91d/1764720000.0_mean_300.0_v3" "txbf60b721299f4f0fbdd47-006932995c" "proxy-server 20" 0.0161 "-" 24 0
Dec 5 08:35:40 np0005546415 container-server[123508]: 172.20.0.104 - - [05/Dec/2025:08:35:40 +0000] "PUT /d1/944/AUTH_d98f9ffaeb7346169078ece01c85312d/gnocchi.f39b4c88-e5da-46d9-8e50-9fa0c4e0d91d/none_v3" 201 - "PUT http://172.18.0.163:8080/d1/727/AUTH_d98f9ffaeb7346169078ece01c85312d/gnocchi.f39b4c88-e5da-46d9-8e50-9fa0c4e0d91d/none_v3" "tx4a130e515d764a27806c8-006932995c" "object-server 22" 0.0008 "-" 15 0
Dec 5 08:35:40 np0005546415 object-server[124056]: 172.20.0.104 - - [05/Dec/2025:08:35:40 +0000] "PUT /d1/727/AUTH_d98f9ffaeb7346169078ece01c85312d/gnocchi.f39b4c88-e5da-46d9-8e50-9fa0c4e0d91d/none_v3" 201 - "PUT http://172.18.0.163:8080/v1/AUTH_d98f9ffaeb7346169078ece01c85312d/gnocchi.f39b4c88-e5da-46d9-8e50-9fa0c4e0d91d/none_v3" "tx4a130e515d764a27806c8-006932995c" "proxy-server 20" 0.0143 "-" 22 0
Dec 5 08:35:40 np0005546415 container-server[123531]: 172.20.0.103 - - [05/Dec/2025:08:35:40 +0000] "HEAD /d1/30/AUTH_d98f9ffaeb7346169078ece01c85312d/gnocchi.a475d309-cfe9-424e-99c2-1adc28f4a920" 404 - "HEAD http://172.18.0.163:8080/v1/AUTH_d98f9ffaeb7346169078ece01c85312d/gnocchi.a475d309-cfe9-424e-99c2-1adc28f4a920?format=json&states=listing" "tx3826748f7fca43108d1ff-006932995c" "proxy-server 20" 0.0005 "-" 17 0
Dec 5 08:35:40 np0005546415 object-server[124064]: 172.20.0.103 - - [05/Dec/2025:08:35:40 +0000] "GET /d1/479/AUTH_d98f9ffaeb7346169078ece01c85312d/gnocchi.a475d309-cfe9-424e-99c2-1adc28f4a920/none_v3" 404 70 "GET http://172.18.0.163:8080/v1/AUTH_d98f9ffaeb7346169078ece01c85312d/gnocchi.a475d309-cfe9-424e-99c2-1adc28f4a920/none_v3" "tx3826748f7fca43108d1ff-006932995c" "proxy-server 20" 0.0006 "-" 24 0
Dec 5 08:35:40 np0005546415 proxy-server[125175]: 172.18.0.163 172.18.0.104 05/Dec/2025/08/35/40 GET /v1/AUTH_d98f9ffaeb7346169078ece01c85312d/gnocchi.a475d309-cfe9-424e-99c2-1adc28f4a920/none_v3 HTTP/1.0 404 - python-swiftclient-3.11.1 gAAAAABpMplca2FU... - 70 - tx3826748f7fca43108d1ff-006932995c - 0.0937 - - 1764923740.777328730 1764923740.870996475 0
Dec 5 08:35:40 np0005546415 container-server[123499]: 172.20.0.105 - - [05/Dec/2025:08:35:40 +0000] "PUT /d1/30/AUTH_d98f9ffaeb7346169078ece01c85312d/gnocchi.a475d309-cfe9-424e-99c2-1adc28f4a920" 201 - "PUT http://172.18.0.163:8080/v1/AUTH_d98f9ffaeb7346169078ece01c85312d/gnocchi.a475d309-cfe9-424e-99c2-1adc28f4a920" "txf0f65d9596024b478065f-006932995c" "proxy-server 20" 0.0204 "-" 14 0
Dec 5 08:35:40 np0005546415 account-server[123296]: 172.20.0.105 - - [05/Dec/2025:08:35:40 +0000] "PUT /d1/390/AUTH_d98f9ffaeb7346169078ece01c85312d/gnocchi.a475d309-cfe9-424e-99c2-1adc28f4a920" 201 - "PUT http://172.20.0.105:6001/d1/30/AUTH_d98f9ffaeb7346169078ece01c85312d/gnocchi.a475d309-cfe9-424e-99c2-1adc28f4a920" "txf0f65d9596024b478065f-006932995c" "container-server 22" 0.0064 "-" 21 0
Dec 5 08:35:40 np0005546415 container-server[123508]: 172.20.0.104 - - [05/Dec/2025:08:35:40 +0000] "HEAD /d1/30/AUTH_d98f9ffaeb7346169078ece01c85312d/gnocchi.a475d309-cfe9-424e-99c2-1adc28f4a920" 204 - "HEAD http://172.18.0.163:8080/v1/AUTH_d98f9ffaeb7346169078ece01c85312d/gnocchi.a475d309-cfe9-424e-99c2-1adc28f4a920?format=json&states=listing" "tx1f7f499daee443c997671-006932995c" "proxy-server 20" 0.0020 "-" 15 0
Dec 5 08:35:40 np0005546415 object-server[124064]: 172.20.0.103 - - [05/Dec/2025:08:35:40 +0000] "GET /d1/800/AUTH_d98f9ffaeb7346169078ece01c85312d/gnocchi.a475d309-cfe9-424e-99c2-1adc28f4a920/1764720000.0_mean_300.0_v3" 404 70 "GET http://172.18.0.163:8080/v1/AUTH_d98f9ffaeb7346169078ece01c85312d/gnocchi.a475d309-cfe9-424e-99c2-1adc28f4a920/1764720000.0_mean_300.0_v3" "txf29679dfaeaa4ff28b78a-006932995c" "proxy-server 20" 0.0009 "-" 24 0
Dec 5 08:35:40 np0005546415 proxy-server[125175]: 172.18.0.163 172.18.0.104 05/Dec/2025/08/35/40 GET /v1/AUTH_d98f9ffaeb7346169078ece01c85312d/gnocchi.a475d309-cfe9-424e-99c2-1adc28f4a920/1764720000.0_mean_300.0_v3 HTTP/1.0 404 - python-swiftclient-3.11.1 gAAAAABpMplca2FU... - 70 - txf29679dfaeaa4ff28b78a-006932995c - 0.0207 - - 1764923740.955362320 1764923740.976017237 0
Dec 5 08:35:41 np0005546415 container-server[123508]: 172.20.0.105 - - [05/Dec/2025:08:35:41 +0000] "PUT /d1/30/AUTH_d98f9ffaeb7346169078ece01c85312d/gnocchi.a475d309-cfe9-424e-99c2-1adc28f4a920/1764720000.0_mean_300.0_v3" 201 - "PUT http://172.18.0.163:8080/d1/800/AUTH_d98f9ffaeb7346169078ece01c85312d/gnocchi.a475d309-cfe9-424e-99c2-1adc28f4a920/1764720000.0_mean_300.0_v3" "txed87e3782d5d43d594c2f-006932995c" "object-server 25" 0.0012 "-" 15 0
Dec 5 08:35:41 np0005546415 object-server[124056]: 172.20.0.105 - - [05/Dec/2025:08:35:41 +0000] "PUT /d1/800/AUTH_d98f9ffaeb7346169078ece01c85312d/gnocchi.a475d309-cfe9-424e-99c2-1adc28f4a920/1764720000.0_mean_300.0_v3" 201 - "PUT http://172.18.0.163:8080/v1/AUTH_d98f9ffaeb7346169078ece01c85312d/gnocchi.a475d309-cfe9-424e-99c2-1adc28f4a920/1764720000.0_mean_300.0_v3" "txed87e3782d5d43d594c2f-006932995c" "proxy-server 20" 0.0139 "-" 22 0
Dec 5 08:35:41 np0005546415 container-server[123499]: 172.20.0.104 - - [05/Dec/2025:08:35:41 +0000] "PUT /d1/30/AUTH_d98f9ffaeb7346169078ece01c85312d/gnocchi.a475d309-cfe9-424e-99c2-1adc28f4a920/none_v3" 201 - "PUT http://172.18.0.163:8080/d1/479/AUTH_d98f9ffaeb7346169078ece01c85312d/gnocchi.a475d309-cfe9-424e-99c2-1adc28f4a920/none_v3" "txe0e46464eeaf4c6ab4ec0-006932995d" "object-server 22" 0.0010 "-" 14 0
Dec 5 08:35:41 np0005546415 object-server[124056]: 172.20.0.104 - - [05/Dec/2025:08:35:41 +0000] "PUT /d1/479/AUTH_d98f9ffaeb7346169078ece01c85312d/gnocchi.a475d309-cfe9-424e-99c2-1adc28f4a920/none_v3" 201 - "PUT http://172.18.0.163:8080/v1/AUTH_d98f9ffaeb7346169078ece01c85312d/gnocchi.a475d309-cfe9-424e-99c2-1adc28f4a920/none_v3" "txe0e46464eeaf4c6ab4ec0-006932995d" "proxy-server 20" 0.0138 "-" 22 0
Dec 5 08:35:47 np0005546415 object-server[123749]: Starting object replication pass.
Dec 5 08:35:48 np0005546415 object-server[123749]: 16/16 (100.00%) partitions replicated in 0.40s (40.04/sec, 0s remaining)
Dec 5 08:35:48 np0005546415 object-server[123749]: 32 successes, 0 failures
Dec 5 08:35:48 np0005546415 object-server[123749]: 16 suffixes checked - 62.50% hashed, 0.00% synced
Dec 5 08:35:48 np0005546415 object-server[123749]: Partition times: max 0.0373s, min 0.0082s, med 0.0317s
Dec 5 08:35:48 np0005546415 object-server[123749]: Object replication complete. (0.01 minutes)
Dec 5 08:35:49 np0005546415 object-server[213952]: Begin object audit "forever" mode (ZBF)
Dec 5 08:35:49 np0005546415 object-server[213952]: Object audit (ZBF). Since Fri Dec 5 08:35:49 2025: Locally: 1 passed, 0 quarantined, 0 errors, files/sec: 489.02, bytes/sec: 0.00, Total time: 0.00, Auditing time: 0.00, Rate: 0.00
Dec 5 08:35:49 np0005546415 object-server[213952]: Object audit (ZBF) "forever" mode completed: 0.28s. Total quarantined: 0, Total errors: 0, Total files/sec: 56.29, Total bytes/sec: 0.00, Auditing time: 0.28, Rate: 0.98
Dec 5 08:35:52 np0005546415 account-server[123017]: Beginning replication run
Dec 5 08:35:52 np0005546415 account-server[123017]: Replication run OVER
Dec 5 08:35:52 np0005546415 account-server[123017]: Attempted to replicate 1 dbs in 0.02662 seconds (37.55900/s)
Dec 5 08:35:52 np0005546415 account-server[123017]: Removed 0 dbs
Dec 5 08:35:52 np0005546415 account-server[123017]: 2 successes, 0 failures
Dec 5 08:35:52 np0005546415 account-server[123017]: diff:0 diff_capped:0 empty:0 hashmatch:0 no_change:2 remote_merge:0 rsync:0 ts_repl:0
Dec 5 08:35:52 np0005546415 container-server[123437]: Begin container update sweep
Dec 5 08:35:52 np0005546415 account-server[123317]: 172.20.0.103 - - [05/Dec/2025:08:35:52 +0000] "PUT /d1/390/AUTH_d98f9ffaeb7346169078ece01c85312d/gnocchi.f39b4c88-e5da-46d9-8e50-9fa0c4e0d91d" 201 - "-" "-" "container-updater 2" 0.0017 "-" 23 0
Dec 5 08:35:52 np0005546415 account-server[123305]: 172.20.0.103 - - [05/Dec/2025:08:35:52 +0000] "PUT /d1/390/AUTH_d98f9ffaeb7346169078ece01c85312d/gnocchi.1b4f3fc1-baad-44ab-87ca-c4f221fb226c" 201 - "-" "-" "container-updater 2" 0.0007 "-" 22 0
Dec 5 08:35:52 np0005546415 account-server[123294]: 172.20.0.103 - - [05/Dec/2025:08:35:52 +0000] "PUT /d1/390/AUTH_d98f9ffaeb7346169078ece01c85312d/gnocchi.ed499b6b-d6df-4a7a-a899-82c37bf5d161" 201 - "-" "-" "container-updater 2" 0.0008 "-" 20 0
Dec 5 08:35:52 np0005546415 account-server[123296]: 172.20.0.103 - - [05/Dec/2025:08:35:52 +0000] "PUT /d1/390/AUTH_d98f9ffaeb7346169078ece01c85312d/gnocchi.42fc01be-8ee0-4ad9-9188-d0b6fd8f9332" 201 - "-" "-" "container-updater 2" 0.0009 "-" 21 0
Dec 5 08:35:53 np0005546415 account-server[123294]: 172.20.0.103 - - [05/Dec/2025:08:35:53 +0000] "PUT /d1/390/AUTH_d98f9ffaeb7346169078ece01c85312d/gnocchi.82e2c0ee-03be-4b0a-8fa6-a4c96e7fd76d" 201 - "-" "-" "container-updater 2" 0.0009 "-" 20 0
Dec 5 08:35:53 np0005546415 account-server[123305]: 172.20.0.103 - - [05/Dec/2025:08:35:53 +0000] "PUT /d1/390/AUTH_d98f9ffaeb7346169078ece01c85312d/gnocchi.ff28c9ab-90b8-4136-b1f1-43456cc14fab" 201 - "-" "-" "container-updater 2" 0.0007 "-" 22 0
Dec 5 08:35:53 np0005546415 account-server[123305]: 172.20.0.103 - - [05/Dec/2025:08:35:53 +0000] "PUT /d1/390/AUTH_d98f9ffaeb7346169078ece01c85312d/gnocchi.06675aa6-54f4-4933-aaf6-4cf0c938c6f7" 201 - "-" "-" "container-updater 2" 0.0010 "-" 22 0
Dec 5 08:35:53 np0005546415 account-server[123305]: 172.20.0.103 - - [05/Dec/2025:08:35:53 +0000] "PUT /d1/390/AUTH_d98f9ffaeb7346169078ece01c85312d/gnocchi.a475d309-cfe9-424e-99c2-1adc28f4a920" 201 - "-" "-" "container-updater 2" 0.0009 "-" 22 0
Dec 5 08:35:53 np0005546415 container-server[123437]: Container update sweep completed: 0.92s
Dec 5 08:35:56 np0005546415 container-server[123251]: Beginning replication run
Dec 5 08:35:56 np0005546415 container-server[123251]: Replication run OVER
Dec 5 08:35:56 np0005546415 container-server[123251]: Attempted to replicate 8 dbs in 0.34355 seconds (23.28645/s)
Dec 5 08:35:56 np0005546415 container-server[123251]: Removed 0 dbs
Dec 5 08:35:56 np0005546415 container-server[123251]: 16 successes, 0 failures
Dec 5 08:35:56 np0005546415 container-server[123251]: diff:0 diff_capped:0 empty:0 hashmatch:0 no_change:16 remote_merge:0 rsync:0 ts_repl:0
Dec 5 08:36:18 np0005546415 object-server[123749]: Starting object replication pass.
Dec 5 08:36:18 np0005546415 object-server[123749]: 16/16 (100.00%) partitions replicated in 0.16s (97.30/sec, 0s remaining)
Dec 5 08:36:18 np0005546415 object-server[123749]: 32 successes, 0 failures
Dec 5 08:36:18 np0005546415 object-server[123749]: 16 suffixes checked - 0.00% hashed, 0.00% synced
Dec 5 08:36:18 np0005546415 object-server[123749]: Partition times: max 0.0162s, min 0.0065s, med 0.0102s
Dec 5 08:36:18 np0005546415 object-server[123749]: Object replication complete. (0.00 minutes)
Dec 5 08:36:19 np0005546415 object-server[220108]: Begin object audit "forever" mode (ALL)
Dec 5 08:36:19 np0005546415 object-server[220107]: Begin object audit "forever" mode (ZBF)
Dec 5 08:36:19 np0005546415 object-server[220107]: Object audit (ZBF). Since Fri Dec 5 08:36:19 2025: Locally: 1 passed, 0 quarantined, 0 errors, files/sec: 383.81, bytes/sec: 0.00, Total time: 0.00, Auditing time: 0.00, Rate: 0.00
Dec 5 08:36:19 np0005546415 object-server[220108]: Object audit (ALL). Since Fri Dec 5 08:36:19 2025: Locally: 1 passed, 0 quarantined, 0 errors, files/sec: 102.94, bytes/sec: 1646.96, Total time: 0.01, Auditing time: 0.00, Rate: 0.00
Dec 5 08:36:20 np0005546415 object-server[220107]: Object audit (ZBF) "forever" mode completed: 0.28s. Total quarantined: 0, Total errors: 0, Total files/sec: 56.36, Total bytes/sec: 0.00, Auditing time: 0.28, Rate: 0.98
Dec 5 08:36:20 np0005546415 object-server[220108]: Object audit (ALL) "forever" mode completed: 0.71s. Total quarantined: 0, Total errors: 0, Total files/sec: 22.48, Total bytes/sec: 441.27, Auditing time: 0.70, Rate: 0.99
Dec 5 08:36:22 np0005546415 account-server[123017]: Beginning replication run
Dec 5 08:36:22 np0005546415 account-server[123017]: Replication run OVER
Dec 5 08:36:22 np0005546415 account-server[123017]: Attempted to replicate 1 dbs in 0.02180 seconds (45.88080/s)
Dec 5 08:36:22 np0005546415 account-server[123017]: Removed 0 dbs
Dec 5 08:36:22 np0005546415 account-server[123017]: 2 successes, 0 failures
Dec 5 08:36:22 np0005546415 account-server[123017]: diff:0 diff_capped:0 empty:0 hashmatch:0 no_change:2 remote_merge:0 rsync:0 ts_repl:0
Dec 5 08:36:24 np0005546415 account-server[123296]: 172.20.0.105 - - [05/Dec/2025:08:36:24 +0000] "PUT /d1/390/AUTH_d98f9ffaeb7346169078ece01c85312d/gnocchi.ff28c9ab-90b8-4136-b1f1-43456cc14fab" 201 - "-" "-" "container-updater 2" 0.0012 "-" 21 0
Dec 5 08:36:24 np0005546415 account-server[123305]: 172.20.0.105 - - [05/Dec/2025:08:36:24 +0000] "PUT /d1/390/AUTH_d98f9ffaeb7346169078ece01c85312d/gnocchi.ed499b6b-d6df-4a7a-a899-82c37bf5d161" 201 - "-" "-" "container-updater 2" 0.0007 "-" 22 0
Dec 5 08:36:24 np0005546415 account-server[123296]: 172.20.0.105 - - [05/Dec/2025:08:36:24 +0000] "PUT /d1/390/AUTH_d98f9ffaeb7346169078ece01c85312d/gnocchi.a475d309-cfe9-424e-99c2-1adc28f4a920" 201 - "-" "-" "container-updater 2" 0.0005 "-" 21 0
Dec 5 08:36:24 np0005546415 account-server[123317]: 172.20.0.105 - - [05/Dec/2025:08:36:24 +0000] "PUT /d1/390/AUTH_d98f9ffaeb7346169078ece01c85312d/gnocchi.82e2c0ee-03be-4b0a-8fa6-a4c96e7fd76d" 201 - "-" "-" "container-updater 2" 0.0008 "-" 23 0
Dec 5 08:36:24 np0005546415 account-server[123294]: 172.20.0.105 - - [05/Dec/2025:08:36:24 +0000] "PUT /d1/390/AUTH_d98f9ffaeb7346169078ece01c85312d/gnocchi.42fc01be-8ee0-4ad9-9188-d0b6fd8f9332" 201 - "-" "-" "container-updater 2" 0.0007 "-" 20 0
Dec 5 08:36:24 np0005546415 account-server[123305]: 172.20.0.105 - - [05/Dec/2025:08:36:24 +0000] "PUT /d1/390/AUTH_d98f9ffaeb7346169078ece01c85312d/gnocchi.f39b4c88-e5da-46d9-8e50-9fa0c4e0d91d" 201 - "-" "-" "container-updater 2" 0.0004 "-" 22 0
Dec 5 08:36:24 np0005546415 account-server[123305]: 172.20.0.105 - - [05/Dec/2025:08:36:24 +0000] "PUT /d1/390/AUTH_d98f9ffaeb7346169078ece01c85312d/gnocchi.1b4f3fc1-baad-44ab-87ca-c4f221fb226c" 201 - "-" "-" "container-updater 2" 0.0007 "-" 22 0
Dec 5 08:36:25 np0005546415 account-server[123296]: 172.20.0.105 - - [05/Dec/2025:08:36:25 +0000] "PUT /d1/390/AUTH_d98f9ffaeb7346169078ece01c85312d/gnocchi.06675aa6-54f4-4933-aaf6-4cf0c938c6f7" 201 - "-" "-" "container-updater 2" 0.0007 "-" 21 0
Dec 5 08:36:26 np0005546415 container-server[123251]: Beginning replication run
Dec 5 08:36:26 np0005546415 container-server[123251]: Replication run OVER
Dec 5 08:36:26 np0005546415 container-server[123251]: Attempted to replicate 8 dbs in 0.15503 seconds (51.60201/s)
Dec 5 08:36:26 np0005546415 container-server[123251]: Removed 0 dbs
Dec 5 08:36:26 np0005546415 container-server[123251]: 16 successes, 0 failures
Dec 5 08:36:26 np0005546415 container-server[123251]: diff:0 diff_capped:0 empty:0 hashmatch:0 no_change:16 remote_merge:0 rsync:0 ts_repl:0
Dec 5 08:36:48 np0005546415 object-server[123749]: Starting object replication pass.
Dec 5 08:36:48 np0005546415 object-server[123749]: 16/16 (100.00%) partitions replicated in 0.14s (117.21/sec, 0s remaining)
Dec 5 08:36:48 np0005546415 object-server[123749]: 32 successes, 0 failures
Dec 5 08:36:48 np0005546415 object-server[123749]: 16 suffixes checked - 0.00% hashed, 0.00% synced
Dec 5 08:36:48 np0005546415 object-server[123749]: Partition times: max 0.0102s, min 0.0065s, med 0.0081s
Dec 5 08:36:48 np0005546415 object-server[123749]: Object replication complete. (0.00 minutes)
Dec 5 08:36:50 np0005546415 object-server[220126]: Begin object audit "forever" mode (ZBF)
Dec 5 08:36:50 np0005546415 object-server[220126]: Object audit (ZBF). Since Fri Dec 5 08:36:50 2025: Locally: 1 passed, 0 quarantined, 0 errors, files/sec: 541.27, bytes/sec: 0.00, Total time: 0.00, Auditing time: 0.00, Rate: 0.00
Dec 5 08:36:50 np0005546415 object-server[220126]: Object audit (ZBF) "forever" mode completed: 0.28s. Total quarantined: 0, Total errors: 0, Total files/sec: 56.42, Total bytes/sec: 0.00, Auditing time: 0.28, Rate: 0.98
Dec 5 08:36:52 np0005546415 account-server[123017]: Beginning replication run
Dec 5 08:36:52 np0005546415 account-server[123017]: Replication run OVER
Dec 5 08:36:52 np0005546415 account-server[123017]: Attempted to replicate 1 dbs in 0.02481 seconds (40.30566/s)
Dec 5 08:36:52 np0005546415 account-server[123017]: Removed 0 dbs
Dec 5 08:36:52 np0005546415 account-server[123017]: 2 successes, 0 failures
Dec 5 08:36:52 np0005546415 account-server[123017]: diff:0 diff_capped:0 empty:0 hashmatch:0 no_change:2 remote_merge:0 rsync:0 ts_repl:0
Dec 5 08:36:56 np0005546415 container-server[123251]: Beginning replication run
Dec 5 08:36:56 np0005546415 container-server[123251]: Replication run OVER
Dec 5 08:36:56 np0005546415 container-server[123251]: Attempted to replicate 8 dbs in 0.15735 seconds (50.84233/s)
Dec 5 08:36:56 np0005546415 container-server[123251]: Removed 0 dbs
Dec 5 08:36:56 np0005546415 container-server[123251]: 16 successes, 0 failures
Dec 5 08:36:56 np0005546415 container-server[123251]: diff:0 diff_capped:0 empty:0 hashmatch:0 no_change:16 remote_merge:0 rsync:0 ts_repl:0
Dec 5 08:37:06 np0005546415 account-server[123317]: 172.20.0.103 - - [05/Dec/2025:08:37:06 +0000] "HEAD /d1/390/AUTH_d98f9ffaeb7346169078ece01c85312d" 204 - "HEAD http://172.18.0.163:8080/v1/AUTH_d98f9ffaeb7346169078ece01c85312d?format=json" "txb174c2a4ab9544148cab3-00693299b2" "proxy-server 20" 0.0028 "-" 23 -
Dec 5 08:37:06 np0005546415 proxy-server[125175]: - - 05/Dec/2025/08/37/06 HEAD /v1/AUTH_d98f9ffaeb7346169078ece01c85312d%3Fformat%3Djson HTTP/1.0 204 - Swift - - - - txb174c2a4ab9544148cab3-00693299b2 - 0.0100 RL - 1764923826.380587101 1764923826.390544891 -
Dec 5 08:37:06 np0005546415 container-server[123499]: 172.20.0.103 - - [05/Dec/2025:08:37:06 +0000] "HEAD /d1/879/AUTH_d98f9ffaeb7346169078ece01c85312d/gnocchi.b278152e-ba6e-449c-a315-15cb189f344d" 404 - "HEAD http://172.18.0.163:8080/v1/AUTH_d98f9ffaeb7346169078ece01c85312d/gnocchi.b278152e-ba6e-449c-a315-15cb189f344d?format=json&states=listing" "txb174c2a4ab9544148cab3-00693299b2" "proxy-server 20" 0.0007 "-" 14 0
Dec 5 08:37:06 np0005546415 object-server[124064]: 172.20.0.103 - - [05/Dec/2025:08:37:06 +0000] "GET /d1/737/AUTH_d98f9ffaeb7346169078ece01c85312d/gnocchi.b278152e-ba6e-449c-a315-15cb189f344d/none_v3" 404 70 "GET http://172.18.0.163:8080/v1/AUTH_d98f9ffaeb7346169078ece01c85312d/gnocchi.b278152e-ba6e-449c-a315-15cb189f344d/none_v3" "txb174c2a4ab9544148cab3-00693299b2" "proxy-server 20" 0.0006 "-" 24 0
Dec 5 08:37:06 np0005546415 container-server[123508]: 172.20.0.105 - - [05/Dec/2025:08:37:06 +0000] "HEAD /d1/404/AUTH_d98f9ffaeb7346169078ece01c85312d/gnocchi.c8ce8cb1-2590-4b16-a916-34569c6fceb7" 404 - "HEAD http://172.18.0.163:8080/v1/AUTH_d98f9ffaeb7346169078ece01c85312d/gnocchi.c8ce8cb1-2590-4b16-a916-34569c6fceb7?format=json&states=listing" "tx4433f316acaa4536b7dea-00693299b2" "proxy-server 20" 0.0007 "-" 15 0
Dec 5 08:37:06 np0005546415 proxy-server[125175]: 172.18.0.105 172.18.0.104 05/Dec/2025/08/37/06 GET /v1/AUTH_d98f9ffaeb7346169078ece01c85312d/gnocchi.b278152e-ba6e-449c-a315-15cb189f344d/none_v3 HTTP/1.0 404 - python-swiftclient-3.11.1 gAAAAABpMpk08Sto... - 70 - txb174c2a4ab9544148cab3-00693299b2 - 0.0572 - - 1764923826.378714800 1764923826.435913801 0
Dec 5 08:37:06 np0005546415 object-server[124074]: 172.20.0.105 - - [05/Dec/2025:08:37:06 +0000] "GET /d1/147/AUTH_d98f9ffaeb7346169078ece01c85312d/gnocchi.c8ce8cb1-2590-4b16-a916-34569c6fceb7/none_v3" 404 70 "GET http://172.18.0.163:8080/v1/AUTH_d98f9ffaeb7346169078ece01c85312d/gnocchi.c8ce8cb1-2590-4b16-a916-34569c6fceb7/none_v3" "tx4433f316acaa4536b7dea-00693299b2" "proxy-server 20" 0.0004 "-" 25 0
Dec 5 08:37:06 np0005546415 account-server[123296]: 172.20.0.103 - - [05/Dec/2025:08:37:06 +0000] "PUT /d1/390/AUTH_d98f9ffaeb7346169078ece01c85312d/gnocchi.c8ce8cb1-2590-4b16-a916-34569c6fceb7" 201 - "PUT http://172.20.0.103:6001/d1/404/AUTH_d98f9ffaeb7346169078ece01c85312d/gnocchi.c8ce8cb1-2590-4b16-a916-34569c6fceb7" "tx6c042762ae72487183324-00693299b2" "container-server 17" 0.0019 "-" 21 0
Dec 5 08:37:06 np0005546415 container-server[123531]: 172.20.0.103 - - [05/Dec/2025:08:37:06 +0000] "PUT /d1/404/AUTH_d98f9ffaeb7346169078ece01c85312d/gnocchi.c8ce8cb1-2590-4b16-a916-34569c6fceb7" 201 - "PUT http://172.18.0.163:8080/v1/AUTH_d98f9ffaeb7346169078ece01c85312d/gnocchi.c8ce8cb1-2590-4b16-a916-34569c6fceb7" "tx6c042762ae72487183324-00693299b2" "proxy-server 20" 0.0130 "-" 17 0
Dec 5 08:37:06 np0005546415 container-server[123508]: 172.20.0.104 - - [05/Dec/2025:08:37:06 +0000] "PUT /d1/879/AUTH_d98f9ffaeb7346169078ece01c85312d/gnocchi.b278152e-ba6e-449c-a315-15cb189f344d" 201 - "PUT http://172.18.0.163:8080/v1/AUTH_d98f9ffaeb7346169078ece01c85312d/gnocchi.b278152e-ba6e-449c-a315-15cb189f344d" "txa8bbc56d8cdf4999bdbf1-00693299b2" "proxy-server 20" 0.0164 "-" 15 0
Dec 5 08:37:06 np0005546415 account-server[123294]: 172.20.0.105 - - [05/Dec/2025:08:37:06 +0000] "PUT /d1/390/AUTH_d98f9ffaeb7346169078ece01c85312d/gnocchi.b278152e-ba6e-449c-a315-15cb189f344d" 201 - "PUT http://172.20.0.105:6001/d1/879/AUTH_d98f9ffaeb7346169078ece01c85312d/gnocchi.b278152e-ba6e-449c-a315-15cb189f344d" "txa8bbc56d8cdf4999bdbf1-00693299b2" "container-server 20" 0.0051 "-" 20 0
Dec 5 08:37:06 np0005546415 proxy-server[125175]: 172.18.0.103 172.18.0.104 05/Dec/2025/08/37/06 PUT /v1/AUTH_d98f9ffaeb7346169078ece01c85312d/gnocchi.c8ce8cb1-2590-4b16-a916-34569c6fceb7 HTTP/1.0 201 - python-swiftclient-3.11.1 gAAAAABpMpkVTcQj... - - - tx6c042762ae72487183324-00693299b2 - 0.0365 - - 1764923826.451015949 1764923826.487527132 0
Dec 5 08:37:06 np0005546415 container-server[123520]: 172.20.0.104 - - [05/Dec/2025:08:37:06 +0000] "HEAD /d1/404/AUTH_d98f9ffaeb7346169078ece01c85312d/gnocchi.c8ce8cb1-2590-4b16-a916-34569c6fceb7" 204 - "HEAD http://172.18.0.163:8080/v1/AUTH_d98f9ffaeb7346169078ece01c85312d/gnocchi.c8ce8cb1-2590-4b16-a916-34569c6fceb7?format=json&states=listing" "tx318e7d94589e4b17af1f7-00693299b2" "proxy-server 20" 0.0016 "-" 16 0
Dec 5 08:37:06 np0005546415 container-server[123508]: 172.20.0.103 - - [05/Dec/2025:08:37:06 +0000] "HEAD /d1/222/AUTH_d98f9ffaeb7346169078ece01c85312d/gnocchi.73873ac0-f7e7-450a-95b1-92604f624d4f" 404 - "HEAD http://172.18.0.163:8080/v1/AUTH_d98f9ffaeb7346169078ece01c85312d/gnocchi.73873ac0-f7e7-450a-95b1-92604f624d4f?format=json&states=listing" "txe6236ece4d364d5cb0020-00693299b2" "proxy-server 20" 0.0004 "-" 15 0
Dec 5 08:37:06 np0005546415 object-server[124058]: 172.20.0.104 - - [05/Dec/2025:08:37:06 +0000] "GET /d1/432/AUTH_d98f9ffaeb7346169078ece01c85312d/gnocchi.c8ce8cb1-2590-4b16-a916-34569c6fceb7/1764720000.0_mean_300.0_v3" 404 70 "GET http://172.18.0.163:8080/v1/AUTH_d98f9ffaeb7346169078ece01c85312d/gnocchi.c8ce8cb1-2590-4b16-a916-34569c6fceb7/1764720000.0_mean_300.0_v3" "tx51831e8f565c4eb18fad1-00693299b2" "proxy-server 20" 0.0003 "-" 23 0
Dec 5 08:37:06 np0005546415 object-server[124058]: 172.20.0.105 - - [05/Dec/2025:08:37:06 +0000] "GET /d1/995/AUTH_d98f9ffaeb7346169078ece01c85312d/gnocchi.b278152e-ba6e-449c-a315-15cb189f344d/1764720000.0_mean_300.0_v3" 404 70 "GET http://172.18.0.163:8080/v1/AUTH_d98f9ffaeb7346169078ece01c85312d/gnocchi.b278152e-ba6e-449c-a315-15cb189f344d/1764720000.0_mean_300.0_v3" "tx8a245e64194e42f49f721-00693299b2" "proxy-server 20" 0.0003 "-" 23 0
Dec 5 08:37:06 np0005546415 object-server[124064]: 172.20.0.103 - - [05/Dec/2025:08:37:06 +0000] "GET /d1/449/AUTH_d98f9ffaeb7346169078ece01c85312d/gnocchi.73873ac0-f7e7-450a-95b1-92604f624d4f/none_v3" 404 70 "GET http://172.18.0.163:8080/v1/AUTH_d98f9ffaeb7346169078ece01c85312d/gnocchi.73873ac0-f7e7-450a-95b1-92604f624d4f/none_v3" "txe6236ece4d364d5cb0020-00693299b2" "proxy-server 20" 0.0005 "-" 24 0
Dec 5 08:37:06 np0005546415 proxy-server[125175]: 172.18.0.163 172.18.0.104 05/Dec/2025/08/37/06 GET /v1/AUTH_d98f9ffaeb7346169078ece01c85312d/gnocchi.73873ac0-f7e7-450a-95b1-92604f624d4f/none_v3 HTTP/1.0 404 - python-swiftclient-3.11.1 gAAAAABpMplca2FU... - 70 - txe6236ece4d364d5cb0020-00693299b2 - 0.0312 - - 1764923826.510438681 1764923826.541643381 0
Dec 5 08:37:06 np0005546415 container-server[123508]: 172.20.0.105 - - [05/Dec/2025:08:37:06 +0000] "PUT /d1/404/AUTH_d98f9ffaeb7346169078ece01c85312d/gnocchi.c8ce8cb1-2590-4b16-a916-34569c6fceb7/1764720000.0_mean_300.0_v3" 201 - "PUT http://172.18.0.163:8080/d1/432/AUTH_d98f9ffaeb7346169078ece01c85312d/gnocchi.c8ce8cb1-2590-4b16-a916-34569c6fceb7/1764720000.0_mean_300.0_v3" "txb59a662f68cc4a01b2cc6-00693299b2" "object-server 19" 0.0005 "-" 15 0
Dec 5 08:37:06 np0005546415 container-server[123499]: 172.20.0.105 - - [05/Dec/2025:08:37:06 +0000] "PUT /d1/879/AUTH_d98f9ffaeb7346169078ece01c85312d/gnocchi.b278152e-ba6e-449c-a315-15cb189f344d/1764720000.0_mean_300.0_v3" 201 - "PUT http://172.18.0.163:8080/d1/995/AUTH_d98f9ffaeb7346169078ece01c85312d/gnocchi.b278152e-ba6e-449c-a315-15cb189f344d/1764720000.0_mean_300.0_v3" "tx1569805792dd48d9a72a4-00693299b2" "object-server 22" 0.0007 "-" 14 0
Dec 5 08:37:06 np0005546415 object-server[124074]: 172.20.0.105 - - [05/Dec/2025:08:37:06 +0000] "PUT /d1/995/AUTH_d98f9ffaeb7346169078ece01c85312d/gnocchi.b278152e-ba6e-449c-a315-15cb189f344d/1764720000.0_mean_300.0_v3" 201 - "PUT http://172.18.0.163:8080/v1/AUTH_d98f9ffaeb7346169078ece01c85312d/gnocchi.b278152e-ba6e-449c-a315-15cb189f344d/1764720000.0_mean_300.0_v3" "tx1569805792dd48d9a72a4-00693299b2" "proxy-server 20" 0.0191 "-" 25 0
Dec 5 08:37:06 np0005546415 object-server[124058]: 172.20.0.104 - - [05/Dec/2025:08:37:06 +0000] "PUT /d1/432/AUTH_d98f9ffaeb7346169078ece01c85312d/gnocchi.c8ce8cb1-2590-4b16-a916-34569c6fceb7/1764720000.0_mean_300.0_v3" 201 - "PUT http://172.18.0.163:8080/v1/AUTH_d98f9ffaeb7346169078ece01c85312d/gnocchi.c8ce8cb1-2590-4b16-a916-34569c6fceb7/1764720000.0_mean_300.0_v3" "txb59a662f68cc4a01b2cc6-00693299b2" "proxy-server 20" 0.0168 "-" 23 0
Dec 5 08:37:06 np0005546415 container-server[123531]: 172.20.0.103 - - [05/Dec/2025:08:37:06 +0000] "PUT /d1/222/AUTH_d98f9ffaeb7346169078ece01c85312d/gnocchi.73873ac0-f7e7-450a-95b1-92604f624d4f" 201 - "PUT http://172.18.0.163:8080/v1/AUTH_d98f9ffaeb7346169078ece01c85312d/gnocchi.73873ac0-f7e7-450a-95b1-92604f624d4f" "tx2338efaa2af04e209f11f-00693299b2" "proxy-server 20" 0.0174 "-" 17 0
Dec 5 08:37:06 np0005546415 account-server[123296]: 172.20.0.104 - - [05/Dec/2025:08:37:06 +0000] "PUT /d1/390/AUTH_d98f9ffaeb7346169078ece01c85312d/gnocchi.73873ac0-f7e7-450a-95b1-92604f624d4f" 201 - "PUT http://172.20.0.104:6001/d1/222/AUTH_d98f9ffaeb7346169078ece01c85312d/gnocchi.73873ac0-f7e7-450a-95b1-92604f624d4f" "tx2338efaa2af04e209f11f-00693299b2" "container-server 23" 0.0046 "-" 21 0
Dec 5 08:37:06 np0005546415 proxy-server[125175]: 172.18.0.163 172.18.0.104 05/Dec/2025/08/37/06 PUT /v1/AUTH_d98f9ffaeb7346169078ece01c85312d/gnocchi.73873ac0-f7e7-450a-95b1-92604f624d4f HTTP/1.0 201 - python-swiftclient-3.11.1 gAAAAABpMplca2FU... - - - tx2338efaa2af04e209f11f-00693299b2 - 0.0296 - - 1764923826.545467854 1764923826.575116873 0
Dec 5 08:37:06 np0005546415 container-server[123499]: 172.20.0.103 - - [05/Dec/2025:08:37:06 +0000] "HEAD /d1/222/AUTH_d98f9ffaeb7346169078ece01c85312d/gnocchi.73873ac0-f7e7-450a-95b1-92604f624d4f" 204 - "HEAD http://172.18.0.163:8080/v1/AUTH_d98f9ffaeb7346169078ece01c85312d/gnocchi.73873ac0-f7e7-450a-95b1-92604f624d4f?format=json&states=listing" "tx0a7bdbb5174b462590552-00693299b2" "proxy-server 20" 0.0014 "-" 14 0
Dec 5 08:37:06 np0005546415 proxy-server[125175]: - - 05/Dec/2025/08/37/06 HEAD /v1/AUTH_d98f9ffaeb7346169078ece01c85312d/gnocchi.73873ac0-f7e7-450a-95b1-92604f624d4f%3Fformat%3Djson%26states%3Dlisting HTTP/1.0 204 - Swift - - - - tx0a7bdbb5174b462590552-00693299b2 - 0.0059 RL - 1764923826.581381559 1764923826.587242603 0
Dec 5 08:37:06 np0005546415 container-server[123531]: 172.20.0.105 - - [05/Dec/2025:08:37:06 +0000] "PUT /d1/404/AUTH_d98f9ffaeb7346169078ece01c85312d/gnocchi.c8ce8cb1-2590-4b16-a916-34569c6fceb7/none_v3" 201 - "PUT http://172.18.0.163:8080/d1/147/AUTH_d98f9ffaeb7346169078ece01c85312d/gnocchi.c8ce8cb1-2590-4b16-a916-34569c6fceb7/none_v3" "txa5af92c88c634ab5b3a18-00693299b2" "object-server 19" 0.0008 "-" 17 0
Dec 5 08:37:06 np0005546415 object-server[124064]: 172.20.0.104 - - [05/Dec/2025:08:37:06 +0000] "PUT /d1/147/AUTH_d98f9ffaeb7346169078ece01c85312d/gnocchi.c8ce8cb1-2590-4b16-a916-34569c6fceb7/none_v3" 201 - "PUT http://172.18.0.163:8080/v1/AUTH_d98f9ffaeb7346169078ece01c85312d/gnocchi.c8ce8cb1-2590-4b16-a916-34569c6fceb7/none_v3" "txa5af92c88c634ab5b3a18-00693299b2" "proxy-server 20" 0.0130 "-" 24 0
Dec 5 08:37:06 np0005546415 container-server[123508]: 172.20.0.103 - - [05/Dec/2025:08:37:06 +0000] "GET /d1/222/AUTH_d98f9ffaeb7346169078ece01c85312d/gnocchi.73873ac0-f7e7-450a-95b1-92604f624d4f" 200 2 "GET http://172.18.0.163:8080/v1/AUTH_d98f9ffaeb7346169078ece01c85312d/gnocchi.73873ac0-f7e7-450a-95b1-92604f624d4f?format=json&states=listing" "tx0a7bdbb5174b462590552-00693299b2" "proxy-server 20" 0.0026 "-" 15 0
Dec 5 08:37:06 np0005546415 proxy-server[125175]: 172.18.0.163 172.18.0.104 05/Dec/2025/08/37/06 GET /v1/AUTH_d98f9ffaeb7346169078ece01c85312d/gnocchi.73873ac0-f7e7-450a-95b1-92604f624d4f%3Fformat%3Djson%26states%3Dlisting HTTP/1.0 200 - python-swiftclient-3.11.1 gAAAAABpMplca2FU... - 2 - tx0a7bdbb5174b462590552-00693299b2 - 0.0160 - - 1764923826.579857111 1764923826.595876932 0
Dec 5 08:37:06 np0005546415 container-server[123508]: 172.20.0.105 - - [05/Dec/2025:08:37:06 +0000] "PUT /d1/879/AUTH_d98f9ffaeb7346169078ece01c85312d/gnocchi.b278152e-ba6e-449c-a315-15cb189f344d/none_v3" 201 - "PUT http://172.18.0.163:8080/d1/737/AUTH_d98f9ffaeb7346169078ece01c85312d/gnocchi.b278152e-ba6e-449c-a315-15cb189f344d/none_v3" "tx18089eefe2894289b2c3a-00693299b2" "object-server 25" 0.0010 "-" 15 0
Dec 5 08:37:06 np0005546415 object-server[124074]: 172.20.0.105 - - [05/Dec/2025:08:37:06 +0000] "PUT /d1/737/AUTH_d98f9ffaeb7346169078ece01c85312d/gnocchi.b278152e-ba6e-449c-a315-15cb189f344d/none_v3" 201 - "PUT http://172.18.0.163:8080/v1/AUTH_d98f9ffaeb7346169078ece01c85312d/gnocchi.b278152e-ba6e-449c-a315-15cb189f344d/none_v3" "tx18089eefe2894289b2c3a-00693299b2" "proxy-server 20" 0.0154 "-" 25 0
Dec 5 08:37:06 np0005546415 object-server[124064]: 172.20.0.104 - - [05/Dec/2025:08:37:06 +0000] "GET /d1/827/AUTH_d98f9ffaeb7346169078ece01c85312d/gnocchi.73873ac0-f7e7-450a-95b1-92604f624d4f/1764720000.0_mean_300.0_v3" 404 70 "GET http://172.18.0.163:8080/v1/AUTH_d98f9ffaeb7346169078ece01c85312d/gnocchi.73873ac0-f7e7-450a-95b1-92604f624d4f/1764720000.0_mean_300.0_v3" "tx22cd64021eb842f3b10d6-00693299b2" "proxy-server 20" 0.0003 "-" 24 0
Dec 5 08:37:06 np0005546415 container-server[123520]: 172.20.0.105 - - [05/Dec/2025:08:37:06 +0000] "HEAD /d1/127/AUTH_d98f9ffaeb7346169078ece01c85312d/gnocchi.a19fafa9-2a6b-4c42-b73e-fd555a398fbb" 404 - "HEAD http://172.18.0.163:8080/v1/AUTH_d98f9ffaeb7346169078ece01c85312d/gnocchi.a19fafa9-2a6b-4c42-b73e-fd555a398fbb?format=json&states=listing" "tx46cb6c5fe88b4c4fa9206-00693299b2" "proxy-server 20" 0.0004 "-" 16 0
Dec 5 08:37:06 np0005546415 container-server[123520]: 172.20.0.103 - - [05/Dec/2025:08:37:06 +0000] "HEAD /d1/236/AUTH_d98f9ffaeb7346169078ece01c85312d/gnocchi.8b71821f-7ead-4694-b4fa-597ba68af099" 404 - "HEAD http://172.18.0.163:8080/v1/AUTH_d98f9ffaeb7346169078ece01c85312d/gnocchi.8b71821f-7ead-4694-b4fa-597ba68af099?format=json&states=listing" "txd9410e92ff254ff9940d2-00693299b2" "proxy-server 20" 0.0002 "-" 16 0
Dec 5 08:37:06 np0005546415 object-server[124056]: 172.20.0.103 - - [05/Dec/2025:08:37:06 +0000] "GET /d1/1003/AUTH_d98f9ffaeb7346169078ece01c85312d/gnocchi.8b71821f-7ead-4694-b4fa-597ba68af099/none_v3" 404 70 "GET http://172.18.0.163:8080/v1/AUTH_d98f9ffaeb7346169078ece01c85312d/gnocchi.8b71821f-7ead-4694-b4fa-597ba68af099/none_v3" "txd9410e92ff254ff9940d2-00693299b2" "proxy-server 20" 0.0003 "-" 22 0
Dec 5 08:37:06 np0005546415 container-server[123508]: 172.20.0.103 - - [05/Dec/2025:08:37:06 +0000] "PUT /d1/222/AUTH_d98f9ffaeb7346169078ece01c85312d/gnocchi.73873ac0-f7e7-450a-95b1-92604f624d4f/1764720000.0_mean_300.0_v3" 201 - "PUT http://172.18.0.163:8080/d1/827/AUTH_d98f9ffaeb7346169078ece01c85312d/gnocchi.73873ac0-f7e7-450a-95b1-92604f624d4f/1764720000.0_mean_300.0_v3" "txcfa066ce29444ca4a84f0-00693299b2" "object-server 24" 0.0007 "-" 15 0
Dec 5 08:37:06 np0005546415 object-server[124064]: 172.20.0.104 - - [05/Dec/2025:08:37:06 +0000] "PUT /d1/827/AUTH_d98f9ffaeb7346169078ece01c85312d/gnocchi.73873ac0-f7e7-450a-95b1-92604f624d4f/1764720000.0_mean_300.0_v3" 201 - "PUT http://172.18.0.163:8080/v1/AUTH_d98f9ffaeb7346169078ece01c85312d/gnocchi.73873ac0-f7e7-450a-95b1-92604f624d4f/1764720000.0_mean_300.0_v3" "txcfa066ce29444ca4a84f0-00693299b2" "proxy-server 20" 0.0080 "-" 24 0
Dec 5 08:37:06 np0005546415 proxy-server[125175]: 172.18.0.103 172.18.0.104 05/Dec/2025/08/37/06 GET /v1/AUTH_d98f9ffaeb7346169078ece01c85312d/gnocchi.8b71821f-7ead-4694-b4fa-597ba68af099/none_v3 HTTP/1.0 404 - python-swiftclient-3.11.1 gAAAAABpMpkVTcQj... - 70 - txd9410e92ff254ff9940d2-00693299b2 - 0.0228 - - 1764923826.612767935 1764923826.635532618 0
Dec 5 08:37:06 np0005546415 object-server[124056]: 172.20.0.105 - - [05/Dec/2025:08:37:06 +0000] "GET /d1/80/AUTH_d98f9ffaeb7346169078ece01c85312d/gnocchi.a19fafa9-2a6b-4c42-b73e-fd555a398fbb/none_v3" 404 70 "GET http://172.18.0.163:8080/v1/AUTH_d98f9ffaeb7346169078ece01c85312d/gnocchi.a19fafa9-2a6b-4c42-b73e-fd555a398fbb/none_v3" "tx46cb6c5fe88b4c4fa9206-00693299b2" "proxy-server 20" 0.0002 "-" 22 0
Dec 5 08:37:06 np0005546415 object-server[124074]: 172.20.0.104 - - [05/Dec/2025:08:37:06 +0000] "PUT /d1/449/AUTH_d98f9ffaeb7346169078ece01c85312d/gnocchi.73873ac0-f7e7-450a-95b1-92604f624d4f/none_v3" 201 - "PUT http://172.18.0.163:8080/v1/AUTH_d98f9ffaeb7346169078ece01c85312d/gnocchi.73873ac0-f7e7-450a-95b1-92604f624d4f/none_v3" "txaa2a4f50248b4c4caf858-00693299b2" "proxy-server 20" 0.0098 "-" 25 0
Dec 5 08:37:06 np0005546415 container-server[123520]: 172.20.0.105 - - [05/Dec/2025:08:37:06 +0000] "PUT /d1/222/AUTH_d98f9ffaeb7346169078ece01c85312d/gnocchi.73873ac0-f7e7-450a-95b1-92604f624d4f/none_v3" 201 - "PUT http://172.18.0.163:8080/d1/449/AUTH_d98f9ffaeb7346169078ece01c85312d/gnocchi.73873ac0-f7e7-450a-95b1-92604f624d4f/none_v3" "txaa2a4f50248b4c4caf858-00693299b2" "object-server 23" 0.0008 "-" 16 0
Dec 5 08:37:06 np0005546415 container-server[123499]: 172.20.0.103 - - [05/Dec/2025:08:37:06 +0000] "PUT /d1/236/AUTH_d98f9ffaeb7346169078ece01c85312d/gnocchi.8b71821f-7ead-4694-b4fa-597ba68af099" 201 - "PUT http://172.18.0.163:8080/v1/AUTH_d98f9ffaeb7346169078ece01c85312d/gnocchi.8b71821f-7ead-4694-b4fa-597ba68af099" "tx104b553063634f73bf79f-00693299b2" "proxy-server 20" 0.0160 "-" 14 0
Dec 5 08:37:06 np0005546415 account-server[123296]: 172.20.0.103 - - [05/Dec/2025:08:37:06 +0000] "PUT /d1/390/AUTH_d98f9ffaeb7346169078ece01c85312d/gnocchi.a19fafa9-2a6b-4c42-b73e-fd555a398fbb" 201 - "PUT http://172.20.0.103:6001/d1/127/AUTH_d98f9ffaeb7346169078ece01c85312d/gnocchi.a19fafa9-2a6b-4c42-b73e-fd555a398fbb" "tx54e0a66fa8d54927aa2aa-00693299b2" "container-server 16" 0.0047 "-" 21 0
Dec 5 08:37:06 np0005546415 container-server[123520]: 172.20.0.105 - - [05/Dec/2025:08:37:06 +0000] "PUT /d1/127/AUTH_d98f9ffaeb7346169078ece01c85312d/gnocchi.a19fafa9-2a6b-4c42-b73e-fd555a398fbb" 201 - "PUT http://172.18.0.163:8080/v1/AUTH_d98f9ffaeb7346169078ece01c85312d/gnocchi.a19fafa9-2a6b-4c42-b73e-fd555a398fbb" "tx54e0a66fa8d54927aa2aa-00693299b2" "proxy-server 20" 0.0141 "-" 16 0
Dec 5 08:37:06 np0005546415 account-server[123296]: 172.20.0.104 - - [05/Dec/2025:08:37:06 +0000] "PUT /d1/390/AUTH_d98f9ffaeb7346169078ece01c85312d/gnocchi.8b71821f-7ead-4694-b4fa-597ba68af099" 201 - "PUT http://172.20.0.104:6001/d1/236/AUTH_d98f9ffaeb7346169078ece01c85312d/gnocchi.8b71821f-7ead-4694-b4fa-597ba68af099" "tx104b553063634f73bf79f-00693299b2" "container-server 20" 0.0065 "-" 21 0
Dec 5 08:37:06 np0005546415 proxy-server[125175]: 172.18.0.103 172.18.0.104 05/Dec/2025/08/37/06 PUT /v1/AUTH_d98f9ffaeb7346169078ece01c85312d/gnocchi.8b71821f-7ead-4694-b4fa-597ba68af099 HTTP/1.0 201 - python-swiftclient-3.11.1 gAAAAABpMpkVTcQj... - - - tx104b553063634f73bf79f-00693299b2 - 0.0359 - - 1764923826.638963461 1764923826.674843311 0
Dec 5 08:37:06 np0005546415 container-server[123508]: 172.20.0.104 - - [05/Dec/2025:08:37:06 +0000] "HEAD /d1/236/AUTH_d98f9ffaeb7346169078ece01c85312d/gnocchi.8b71821f-7ead-4694-b4fa-597ba68af099" 204 - "HEAD http://172.18.0.163:8080/v1/AUTH_d98f9ffaeb7346169078ece01c85312d/gnocchi.8b71821f-7ead-4694-b4fa-597ba68af099?format=json&states=listing" "tx4d858f2c0ac84918ae8f8-00693299b2" "proxy-server 20" 0.0016 "-" 15 0
Dec 5 08:37:06 np0005546415 proxy-server[125175]: - - 05/Dec/2025/08/37/06 HEAD /v1/AUTH_d98f9ffaeb7346169078ece01c85312d/gnocchi.a19fafa9-2a6b-4c42-b73e-fd555a398fbb%3Fformat%3Djson%26states%3Dlisting HTTP/1.0 204 - Swift - - - - txede5ac81d3a14865bd986-00693299b2 - 0.0049 RL - 1764923826.686371565 1764923826.691287279 0
Dec 5 08:37:06 np0005546415 container-server[123531]: 172.20.0.105 - - [05/Dec/2025:08:37:06 +0000] "HEAD /d1/671/AUTH_d98f9ffaeb7346169078ece01c85312d/gnocchi.3c4ed3b2-b76b-4d09-b40d-538175256497" 404 - "HEAD http://172.18.0.163:8080/v1/AUTH_d98f9ffaeb7346169078ece01c85312d/gnocchi.3c4ed3b2-b76b-4d09-b40d-538175256497?format=json&states=listing" "txf35a27c5e620402ba410b-00693299b2" "proxy-server 20" 0.0005 "-" 17 0
Dec 5 08:37:06 np0005546415 object-server[124056]: 172.20.0.105 - - [05/Dec/2025:08:37:06 +0000] "GET /d1/379/AUTH_d98f9ffaeb7346169078ece01c85312d/gnocchi.3c4ed3b2-b76b-4d09-b40d-538175256497/none_v3" 404 70 "GET http://172.18.0.163:8080/v1/AUTH_d98f9ffaeb7346169078ece01c85312d/gnocchi.3c4ed3b2-b76b-4d09-b40d-538175256497/none_v3" "txf35a27c5e620402ba410b-00693299b2" "proxy-server 20" 0.0004 "-" 22 0
Dec 5 08:37:06 np0005546415 proxy-server[125175]: 172.18.0.105 172.18.0.104 05/Dec/2025/08/37/06 GET /v1/AUTH_d98f9ffaeb7346169078ece01c85312d/gnocchi.a19fafa9-2a6b-4c42-b73e-fd555a398fbb%3Fformat%3Djson%26states%3Dlisting HTTP/1.0 200 - python-swiftclient-3.11.1 gAAAAABpMpk08Sto... - 2 - txede5ac81d3a14865bd986-00693299b2 - 0.0175 - - 1764923826.684884548 1764923826.702339888 0
Dec 5 08:37:06 np0005546415 object-server[124056]: 172.20.0.103 - - [05/Dec/2025:08:37:06 +0000] "GET /d1/138/AUTH_d98f9ffaeb7346169078ece01c85312d/gnocchi.a19fafa9-2a6b-4c42-b73e-fd555a398fbb/1764720000.0_mean_300.0_v3" 404 70 "GET http://172.18.0.163:8080/v1/AUTH_d98f9ffaeb7346169078ece01c85312d/gnocchi.a19fafa9-2a6b-4c42-b73e-fd555a398fbb/1764720000.0_mean_300.0_v3" "tx85ca19f071f5412d901c3-00693299b2" "proxy-server 20" 0.0005 "-" 22 0
Dec 5 08:37:06 np0005546415 proxy-server[125175]: 172.18.0.105 172.18.0.104 05/Dec/2025/08/37/06 GET /v1/AUTH_d98f9ffaeb7346169078ece01c85312d/gnocchi.a19fafa9-2a6b-4c42-b73e-fd555a398fbb/1764720000.0_mean_300.0_v3 HTTP/1.0 404 - python-swiftclient-3.11.1 gAAAAABpMpk08Sto... - 70 - tx85ca19f071f5412d901c3-00693299b2 - 0.0188 - - 1764923826.707779884 1764923826.726585150 0
Dec 5 08:37:06 np0005546415 account-server[123296]: 172.20.0.104 - - [05/Dec/2025:08:37:06 +0000] "PUT /d1/390/AUTH_d98f9ffaeb7346169078ece01c85312d/gnocchi.3c4ed3b2-b76b-4d09-b40d-538175256497" 201 - "PUT http://172.20.0.104:6001/d1/671/AUTH_d98f9ffaeb7346169078ece01c85312d/gnocchi.3c4ed3b2-b76b-4d09-b40d-538175256497" "txcd9471785d39464bbc783-00693299b2" "container-server 21" 0.0039 "-" 21 0
Dec 5 08:37:06 np0005546415 object-server[124064]: 172.20.0.104 - - [05/Dec/2025:08:37:06 +0000] "GET /d1/802/AUTH_d98f9ffaeb7346169078ece01c85312d/gnocchi.8b71821f-7ead-4694-b4fa-597ba68af099/1764720000.0_mean_300.0_v3" 404 70 "GET http://172.18.0.163:8080/v1/AUTH_d98f9ffaeb7346169078ece01c85312d/gnocchi.8b71821f-7ead-4694-b4fa-597ba68af099/1764720000.0_mean_300.0_v3" "tx49797e4b27bb4502897d6-00693299b2" "proxy-server 20" 0.0002 "-" 24 0
Dec 5 08:37:06 np0005546415 container-server[123520]: 172.20.0.105 - - [05/Dec/2025:08:37:06 +0000] "PUT /d1/671/AUTH_d98f9ffaeb7346169078ece01c85312d/gnocchi.3c4ed3b2-b76b-4d09-b40d-538175256497" 201 - "PUT http://172.18.0.163:8080/v1/AUTH_d98f9ffaeb7346169078ece01c85312d/gnocchi.3c4ed3b2-b76b-4d09-b40d-538175256497" "txcd9471785d39464bbc783-00693299b2" "proxy-server 20" 0.0235 "-" 16 0
Dec 5 08:37:06 np0005546415 container-server[123508]: 172.20.0.104 - - [05/Dec/2025:08:37:06 +0000] "HEAD /d1/885/AUTH_d98f9ffaeb7346169078ece01c85312d/gnocchi.83b56b9b-ca98-4b4c-ac4b-8c3cfc996897" 404 - "HEAD http://172.18.0.163:8080/v1/AUTH_d98f9ffaeb7346169078ece01c85312d/gnocchi.83b56b9b-ca98-4b4c-ac4b-8c3cfc996897?format=json&states=listing" "tx47b507549ee14c41b7af8-00693299b2" "proxy-server 20" 0.0004 "-" 15 0
Dec 5 08:37:06 np0005546415 container-server[123499]: 172.20.0.105 - - [05/Dec/2025:08:37:06 +0000] "PUT /d1/127/AUTH_d98f9ffaeb7346169078ece01c85312d/gnocchi.a19fafa9-2a6b-4c42-b73e-fd555a398fbb/1764720000.0_mean_300.0_v3" 201 - "PUT http://172.18.0.163:8080/d1/138/AUTH_d98f9ffaeb7346169078ece01c85312d/gnocchi.a19fafa9-2a6b-4c42-b73e-fd555a398fbb/1764720000.0_mean_300.0_v3" "tx8364a4d147924ce1934ec-00693299b2" "object-server 25" 0.0005 "-" 14 0
Dec 5 08:37:06 np0005546415 object-server[124064]: 172.20.0.103 - - [05/Dec/2025:08:37:06 +0000] "PUT /d1/138/AUTH_d98f9ffaeb7346169078ece01c85312d/gnocchi.a19fafa9-2a6b-4c42-b73e-fd555a398fbb/1764720000.0_mean_300.0_v3" 201 - "PUT http://172.18.0.163:8080/v1/AUTH_d98f9ffaeb7346169078ece01c85312d/gnocchi.a19fafa9-2a6b-4c42-b73e-fd555a398fbb/1764720000.0_mean_300.0_v3" "tx8364a4d147924ce1934ec-00693299b2" "proxy-server 20" 0.0210 "-" 24 0
Dec 5 08:37:06 np0005546415 proxy-server[125175]: 172.18.0.105 172.18.0.104 05/Dec/2025/08/37/06 PUT /v1/AUTH_d98f9ffaeb7346169078ece01c85312d/gnocchi.a19fafa9-2a6b-4c42-b73e-fd555a398fbb/1764720000.0_mean_300.0_v3 HTTP/1.0 201 - python-swiftclient-3.11.1 gAAAAABpMpk08Sto... 16 - - tx8364a4d147924ce1934ec-00693299b2 - 0.0277 - - 1764923826.731951952 1764923826.759678602 0
Dec 5 08:37:06 np0005546415 container-server[123499]: 172.20.0.105 - - [05/Dec/2025:08:37:06 +0000] "PUT /d1/236/AUTH_d98f9ffaeb7346169078ece01c85312d/gnocchi.8b71821f-7ead-4694-b4fa-597ba68af099/1764720000.0_mean_300.0_v3" 201 - "PUT http://172.18.0.163:8080/d1/802/AUTH_d98f9ffaeb7346169078ece01c85312d/gnocchi.8b71821f-7ead-4694-b4fa-597ba68af099/1764720000.0_mean_300.0_v3" "tx4175be80e84942ff93d87-00693299b2" "object-server 19" 0.0007 "-" 14 0
Dec 5 08:37:06 np0005546415 object-server[124058]: 172.20.0.105 - - [05/Dec/2025:08:37:06 +0000] "PUT /d1/802/AUTH_d98f9ffaeb7346169078ece01c85312d/gnocchi.8b71821f-7ead-4694-b4fa-597ba68af099/1764720000.0_mean_300.0_v3" 201 - "PUT http://172.18.0.163:8080/v1/AUTH_d98f9ffaeb7346169078ece01c85312d/gnocchi.8b71821f-7ead-4694-b4fa-597ba68af099/1764720000.0_mean_300.0_v3" "tx4175be80e84942ff93d87-00693299b2" "proxy-server 20" 0.0134 "-" 23 0
Dec 5 08:37:06 np0005546415 object-server[124064]: 172.20.0.104 - - [05/Dec/2025:08:37:06 +0000] "GET /d1/613/AUTH_d98f9ffaeb7346169078ece01c85312d/gnocchi.83b56b9b-ca98-4b4c-ac4b-8c3cfc996897/none_v3" 404 70 "GET http://172.18.0.163:8080/v1/AUTH_d98f9ffaeb7346169078ece01c85312d/gnocchi.83b56b9b-ca98-4b4c-ac4b-8c3cfc996897/none_v3" "tx47b507549ee14c41b7af8-00693299b2" "proxy-server 20" 0.0006 "-" 24 0
Dec 5 08:37:06 np0005546415 object-server[124058]: 172.20.0.103 - - [05/Dec/2025:08:37:06 +0000] "PUT /d1/80/AUTH_d98f9ffaeb7346169078ece01c85312d/gnocchi.a19fafa9-2a6b-4c42-b73e-fd555a398fbb/none_v3" 201 - "PUT http://172.18.0.163:8080/v1/AUTH_d98f9ffaeb7346169078ece01c85312d/gnocchi.a19fafa9-2a6b-4c42-b73e-fd555a398fbb/none_v3" "txef929135b6bb4fd9843fe-00693299b2" "proxy-server 20" 0.0127 "-" 23 0
Dec 5 08:37:06 np0005546415 container-server[123508]: 172.20.0.105 - - [05/Dec/2025:08:37:06 +0000] "PUT /d1/127/AUTH_d98f9ffaeb7346169078ece01c85312d/gnocchi.a19fafa9-2a6b-4c42-b73e-fd555a398fbb/none_v3" 201 - "PUT http://172.18.0.163:8080/d1/80/AUTH_d98f9ffaeb7346169078ece01c85312d/gnocchi.a19fafa9-2a6b-4c42-b73e-fd555a398fbb/none_v3" "txef929135b6bb4fd9843fe-00693299b2" "object-server 19" 0.0009 "-" 15 0
