Mar 10 17:12:56 standalone proxy-server[125841]: 172.18.0.2 ::1 10/Mar/2026/17/12/56 GET /v1/AUTH_7f986e436bcb4dfbb6a1610a5f8a355b/gnocchi.92152c11-b839-440f-9afa-cfb1ed8d2090%3Fformat%3Djson%26states%3Dlisting HTTP/1.0 200 - python-swiftclient-3.11.1 gAAAAABpsFBi3mJa... - 2 - tx7533d7ae0a3c4c4681672-0069b05118 - 0.0229 - - 1773162776.735723019 1773162776.758669853 0
Mar 10 17:12:56 standalone object-server[124095]: 172.20.0.100 - - [10/Mar/2026:17:12:56 +0000] "GET /d1/922/AUTH_7f986e436bcb4dfbb6a1610a5f8a355b/gnocchi.92152c11-b839-440f-9afa-cfb1ed8d2090/1772280000.0_mean_300.0_v3" 404 70 "GET http://localhost:8080/v1/AUTH_7f986e436bcb4dfbb6a1610a5f8a355b/gnocchi.92152c11-b839-440f-9afa-cfb1ed8d2090/1772280000.0_mean_300.0_v3" "txe8d1838e79e643b79bad5-0069b05118" "proxy-server 21" 0.0005 "-" 25 0
Mar 10 17:12:56 standalone proxy-server[125841]: 172.18.0.2 ::1 10/Mar/2026/17/12/56 GET /v1/AUTH_7f986e436bcb4dfbb6a1610a5f8a355b/gnocchi.92152c11-b839-440f-9afa-cfb1ed8d2090/1772280000.0_mean_300.0_v3 HTTP/1.0 404 - python-swiftclient-3.11.1 gAAAAABpsFBi3mJa... - 70 - txe8d1838e79e643b79bad5-0069b05118 - 0.0080 - - 1773162776.764453173 1773162776.772443295 0
Mar 10 17:12:56 standalone container-server[123851]: 172.20.0.100 - - [10/Mar/2026:17:12:56 +0000] "PUT /d1/80/AUTH_7f986e436bcb4dfbb6a1610a5f8a355b/gnocchi.92152c11-b839-440f-9afa-cfb1ed8d2090/1772280000.0_mean_300.0_v3" 201 - "PUT http://localhost:8080/d1/922/AUTH_7f986e436bcb4dfbb6a1610a5f8a355b/gnocchi.92152c11-b839-440f-9afa-cfb1ed8d2090/1772280000.0_mean_300.0_v3" "tx9d213df8e13846539ea6a-0069b05118" "object-server 22" 0.0008 "-" 20 0
Mar 10 17:12:56 standalone object-server[124087]: 172.20.0.100 - - [10/Mar/2026:17:12:56 +0000] "PUT /d1/922/AUTH_7f986e436bcb4dfbb6a1610a5f8a355b/gnocchi.92152c11-b839-440f-9afa-cfb1ed8d2090/1772280000.0_mean_300.0_v3" 201 - "PUT http://localhost:8080/v1/AUTH_7f986e436bcb4dfbb6a1610a5f8a355b/gnocchi.92152c11-b839-440f-9afa-cfb1ed8d2090/1772280000.0_mean_300.0_v3" "tx9d213df8e13846539ea6a-0069b05118" "proxy-server 21" 0.0106 "-" 22 0
Mar 10 17:12:56 standalone proxy-server[125841]: 172.18.0.2 ::1 10/Mar/2026/17/12/56 PUT /v1/AUTH_7f986e436bcb4dfbb6a1610a5f8a355b/gnocchi.92152c11-b839-440f-9afa-cfb1ed8d2090/1772280000.0_mean_300.0_v3 HTTP/1.0 201 - python-swiftclient-3.11.1 gAAAAABpsFBi3mJa... 16 - - tx9d213df8e13846539ea6a-0069b05118 - 0.0188 - - 1773162776.777194738 1773162776.796020746 0
Mar 10 17:12:56 standalone container-server[123852]: 172.20.0.100 - - [10/Mar/2026:17:12:56 +0000] "PUT /d1/80/AUTH_7f986e436bcb4dfbb6a1610a5f8a355b/gnocchi.92152c11-b839-440f-9afa-cfb1ed8d2090/none_v3" 201 - "PUT http://localhost:8080/d1/75/AUTH_7f986e436bcb4dfbb6a1610a5f8a355b/gnocchi.92152c11-b839-440f-9afa-cfb1ed8d2090/none_v3" "txb6ed72c1fa0445f980aa5-0069b05118" "object-server 25" 0.0010 "-" 21 0
Mar 10 17:12:56 standalone object-server[124095]: 172.20.0.100 - - [10/Mar/2026:17:12:56 +0000] "PUT /d1/75/AUTH_7f986e436bcb4dfbb6a1610a5f8a355b/gnocchi.92152c11-b839-440f-9afa-cfb1ed8d2090/none_v3" 201 - "PUT http://localhost:8080/v1/AUTH_7f986e436bcb4dfbb6a1610a5f8a355b/gnocchi.92152c11-b839-440f-9afa-cfb1ed8d2090/none_v3" "txb6ed72c1fa0445f980aa5-0069b05118" "proxy-server 21" 0.0122 "-" 25 0
Mar 10 17:12:56 standalone proxy-server[125841]: 172.18.0.2 ::1 10/Mar/2026/17/12/56 PUT /v1/AUTH_7f986e436bcb4dfbb6a1610a5f8a355b/gnocchi.92152c11-b839-440f-9afa-cfb1ed8d2090/none_v3 HTTP/1.0 201 - python-swiftclient-3.11.1 gAAAAABpsFBi3mJa... 22 - - txb6ed72c1fa0445f980aa5-0069b05118 - 0.0243 - - 1773162776.803365707 1773162776.827673674 0
Mar 10 17:12:56 standalone container-server[123848]: 172.20.0.100 - - [10/Mar/2026:17:12:56 +0000] "HEAD /d1/606/AUTH_7f986e436bcb4dfbb6a1610a5f8a355b/gnocchi.3bd30d38-c05c-4d35-b085-700c1aeb9c3b" 404 - "HEAD http://localhost:8080/v1/AUTH_7f986e436bcb4dfbb6a1610a5f8a355b/gnocchi.3bd30d38-c05c-4d35-b085-700c1aeb9c3b?format=json&states=listing" "tx598526f6510649fd9edfe-0069b05118" "proxy-server 21" 0.0007 "-" 19 0
Mar 10 17:12:56 standalone object-server[124093]: 172.20.0.100 - - [10/Mar/2026:17:12:56 +0000] "GET /d1/179/AUTH_7f986e436bcb4dfbb6a1610a5f8a355b/gnocchi.3bd30d38-c05c-4d35-b085-700c1aeb9c3b/none_v3" 404 70 "GET http://localhost:8080/v1/AUTH_7f986e436bcb4dfbb6a1610a5f8a355b/gnocchi.3bd30d38-c05c-4d35-b085-700c1aeb9c3b/none_v3" "tx598526f6510649fd9edfe-0069b05118" "proxy-server 21" 0.0005 "-" 24 0
Mar 10 17:12:56 standalone proxy-server[125841]: 172.18.0.2 ::1 10/Mar/2026/17/12/56 GET /v1/AUTH_7f986e436bcb4dfbb6a1610a5f8a355b/gnocchi.3bd30d38-c05c-4d35-b085-700c1aeb9c3b/none_v3 HTTP/1.0 404 - python-swiftclient-3.11.1 gAAAAABpsFBi3mJa... - 70 - tx598526f6510649fd9edfe-0069b05118 - 0.0143 - - 1773162776.843852043 1773162776.858181715 0
Mar 10 17:12:56 standalone account-server[123872]: 172.20.0.100 - - [10/Mar/2026:17:12:56 +0000] "PUT /d1/972/AUTH_7f986e436bcb4dfbb6a1610a5f8a355b/gnocchi.3bd30d38-c05c-4d35-b085-700c1aeb9c3b" 201 - "PUT http://172.20.0.100:6001/d1/606/AUTH_7f986e436bcb4dfbb6a1610a5f8a355b/gnocchi.3bd30d38-c05c-4d35-b085-700c1aeb9c3b" "tx3aa2a113289f43cbb9789-0069b05118" "container-server 22" 0.0057 "-" 21 0
Mar 10 17:12:56 standalone container-server[123856]: 172.20.0.100 - - [10/Mar/2026:17:12:56 +0000] "PUT /d1/606/AUTH_7f986e436bcb4dfbb6a1610a5f8a355b/gnocchi.3bd30d38-c05c-4d35-b085-700c1aeb9c3b" 201 - "PUT http://localhost:8080/v1/AUTH_7f986e436bcb4dfbb6a1610a5f8a355b/gnocchi.3bd30d38-c05c-4d35-b085-700c1aeb9c3b" "tx3aa2a113289f43cbb9789-0069b05118" "proxy-server 21" 0.0198 "-" 22 0
Mar 10 17:12:56 standalone proxy-server[125841]: 172.18.0.2 ::1 10/Mar/2026/17/12/56 PUT /v1/AUTH_7f986e436bcb4dfbb6a1610a5f8a355b/gnocchi.3bd30d38-c05c-4d35-b085-700c1aeb9c3b HTTP/1.0 201 - python-swiftclient-3.11.1 gAAAAABpsFBi3mJa... - - - tx3aa2a113289f43cbb9789-0069b05118 - 0.0281 - - 1773162776.862642288 1773162776.890720606 0
Mar 10 17:12:56 standalone container-server[123851]: 172.20.0.100 - - [10/Mar/2026:17:12:56 +0000] "HEAD /d1/606/AUTH_7f986e436bcb4dfbb6a1610a5f8a355b/gnocchi.3bd30d38-c05c-4d35-b085-700c1aeb9c3b" 204 - "HEAD http://localhost:8080/v1/AUTH_7f986e436bcb4dfbb6a1610a5f8a355b/gnocchi.3bd30d38-c05c-4d35-b085-700c1aeb9c3b?format=json&states=listing" "txb1f2e516a2b844a4a0a25-0069b05118" "proxy-server 21" 0.0022 "-" 20 0
Mar 10 17:12:56 standalone proxy-server[125841]: - - 10/Mar/2026/17/12/56 HEAD /v1/AUTH_7f986e436bcb4dfbb6a1610a5f8a355b/gnocchi.3bd30d38-c05c-4d35-b085-700c1aeb9c3b%3Fformat%3Djson%26states%3Dlisting HTTP/1.0 204 - Swift - - - - txb1f2e516a2b844a4a0a25-0069b05118 - 0.0073 RL - 1773162776.898957491 1773162776.906263351 0
Mar 10 17:12:56 standalone container-server[123851]: 172.20.0.100 - - [10/Mar/2026:17:12:56 +0000] "GET /d1/606/AUTH_7f986e436bcb4dfbb6a1610a5f8a355b/gnocchi.3bd30d38-c05c-4d35-b085-700c1aeb9c3b" 200 2 "GET http://localhost:8080/v1/AUTH_7f986e436bcb4dfbb6a1610a5f8a355b/gnocchi.3bd30d38-c05c-4d35-b085-700c1aeb9c3b?format=json&states=listing" "txb1f2e516a2b844a4a0a25-0069b05118" "proxy-server 21" 0.0031 "-" 20 0
Mar 10 17:12:56 standalone proxy-server[125841]: 172.18.0.2 ::1 10/Mar/2026/17/12/56 GET /v1/AUTH_7f986e436bcb4dfbb6a1610a5f8a355b/gnocchi.3bd30d38-c05c-4d35-b085-700c1aeb9c3b%3Fformat%3Djson%26states%3Dlisting HTTP/1.0 200 - python-swiftclient-3.11.1 gAAAAABpsFBi3mJa... - 2 - txb1f2e516a2b844a4a0a25-0069b05118 - 0.0215 - - 1773162776.897270679 1773162776.918776512 0
Mar 10 17:12:56 standalone object-server[124093]: 172.20.0.100 - - [10/Mar/2026:17:12:56 +0000] "GET /d1/318/AUTH_7f986e436bcb4dfbb6a1610a5f8a355b/gnocchi.3bd30d38-c05c-4d35-b085-700c1aeb9c3b/1772280000.0_mean_300.0_v3" 404 70 "GET http://localhost:8080/v1/AUTH_7f986e436bcb4dfbb6a1610a5f8a355b/gnocchi.3bd30d38-c05c-4d35-b085-700c1aeb9c3b/1772280000.0_mean_300.0_v3" "tx230732d4f46446a1ab4ca-0069b05118" "proxy-server 21" 0.0004 "-" 24 0
Mar 10 17:12:56 standalone proxy-server[125841]: 172.18.0.2 ::1 10/Mar/2026/17/12/56 GET /v1/AUTH_7f986e436bcb4dfbb6a1610a5f8a355b/gnocchi.3bd30d38-c05c-4d35-b085-700c1aeb9c3b/1772280000.0_mean_300.0_v3 HTTP/1.0 404 - python-swiftclient-3.11.1 gAAAAABpsFBi3mJa... - 70 - tx230732d4f46446a1ab4ca-0069b05118 - 0.0083 - - 1773162776.924104929 1773162776.932362556 0
Mar 10 17:12:56 standalone container-server[123848]: 172.20.0.100 - - [10/Mar/2026:17:12:56 +0000] "PUT /d1/606/AUTH_7f986e436bcb4dfbb6a1610a5f8a355b/gnocchi.3bd30d38-c05c-4d35-b085-700c1aeb9c3b/1772280000.0_mean_300.0_v3" 201 - "PUT http://localhost:8080/d1/318/AUTH_7f986e436bcb4dfbb6a1610a5f8a355b/gnocchi.3bd30d38-c05c-4d35-b085-700c1aeb9c3b/1772280000.0_mean_300.0_v3" "tx1b6dcd6c22da464789709-0069b05118" "object-server 22" 0.0010 "-" 19 0
Mar 10 17:12:56 standalone object-server[124087]: 172.20.0.100 - - [10/Mar/2026:17:12:56 +0000] "PUT /d1/318/AUTH_7f986e436bcb4dfbb6a1610a5f8a355b/gnocchi.3bd30d38-c05c-4d35-b085-700c1aeb9c3b/1772280000.0_mean_300.0_v3" 201 - "PUT http://localhost:8080/v1/AUTH_7f986e436bcb4dfbb6a1610a5f8a355b/gnocchi.3bd30d38-c05c-4d35-b085-700c1aeb9c3b/1772280000.0_mean_300.0_v3" "tx1b6dcd6c22da464789709-0069b05118" "proxy-server 21" 0.0118 "-" 22 0
Mar 10 17:12:56 standalone proxy-server[125841]: 172.18.0.2 ::1 10/Mar/2026/17/12/56 PUT /v1/AUTH_7f986e436bcb4dfbb6a1610a5f8a355b/gnocchi.3bd30d38-c05c-4d35-b085-700c1aeb9c3b/1772280000.0_mean_300.0_v3 HTTP/1.0 201 - python-swiftclient-3.11.1 gAAAAABpsFBi3mJa... 16 - - tx1b6dcd6c22da464789709-0069b05118 - 0.0217 - - 1773162776.937404156 1773162776.959142208 0
Mar 10 17:12:56 standalone container-server[123856]: 172.20.0.100 - - [10/Mar/2026:17:12:56 +0000] "PUT /d1/606/AUTH_7f986e436bcb4dfbb6a1610a5f8a355b/gnocchi.3bd30d38-c05c-4d35-b085-700c1aeb9c3b/none_v3" 201 - "PUT http://localhost:8080/d1/179/AUTH_7f986e436bcb4dfbb6a1610a5f8a355b/gnocchi.3bd30d38-c05c-4d35-b085-700c1aeb9c3b/none_v3" "txd0129b3ca12e46f793363-0069b05118" "object-server 24" 0.0012 "-" 22 0
Mar 10 17:12:56 standalone object-server[124093]: 172.20.0.100 - - [10/Mar/2026:17:12:56 +0000] "PUT /d1/179/AUTH_7f986e436bcb4dfbb6a1610a5f8a355b/gnocchi.3bd30d38-c05c-4d35-b085-700c1aeb9c3b/none_v3" 201 - "PUT http://localhost:8080/v1/AUTH_7f986e436bcb4dfbb6a1610a5f8a355b/gnocchi.3bd30d38-c05c-4d35-b085-700c1aeb9c3b/none_v3" "txd0129b3ca12e46f793363-0069b05118" "proxy-server 21" 0.0120 "-" 24 0
Mar 10 17:12:56 standalone proxy-server[125841]: 172.18.0.2 ::1 10/Mar/2026/17/12/56 PUT /v1/AUTH_7f986e436bcb4dfbb6a1610a5f8a355b/gnocchi.3bd30d38-c05c-4d35-b085-700c1aeb9c3b/none_v3 HTTP/1.0 201 - python-swiftclient-3.11.1 gAAAAABpsFBi3mJa... 22 - - txd0129b3ca12e46f793363-0069b05118 - 0.0190 - - 1773162776.963394403 1773162776.982439756 0
Mar 10 17:12:57 standalone container-server[123856]: 172.20.0.100 - - [10/Mar/2026:17:12:57 +0000] "HEAD /d1/544/AUTH_7f986e436bcb4dfbb6a1610a5f8a355b/gnocchi.1e0359ce-b55e-46e2-8641-ff5962e49712" 404 - "HEAD http://localhost:8080/v1/AUTH_7f986e436bcb4dfbb6a1610a5f8a355b/gnocchi.1e0359ce-b55e-46e2-8641-ff5962e49712?format=json&states=listing" "tx6c04fdaeb6d34c72ab76d-0069b05118" "proxy-server 21" 0.0013 "-" 22 0
Mar 10 17:12:57 standalone object-server[124092]: 172.20.0.100 - - [10/Mar/2026:17:12:57 +0000] "GET /d1/1006/AUTH_7f986e436bcb4dfbb6a1610a5f8a355b/gnocchi.1e0359ce-b55e-46e2-8641-ff5962e49712/none_v3" 404 70 "GET http://localhost:8080/v1/AUTH_7f986e436bcb4dfbb6a1610a5f8a355b/gnocchi.1e0359ce-b55e-46e2-8641-ff5962e49712/none_v3" "tx6c04fdaeb6d34c72ab76d-0069b05118" "proxy-server 21" 0.0005 "-" 23 0
Mar 10 17:12:57 standalone proxy-server[125841]: 172.18.0.2 ::1 10/Mar/2026/17/12/57 GET /v1/AUTH_7f986e436bcb4dfbb6a1610a5f8a355b/gnocchi.1e0359ce-b55e-46e2-8641-ff5962e49712/none_v3 HTTP/1.0 404 - python-swiftclient-3.11.1 gAAAAABpsFBi3mJa... - 70 - tx6c04fdaeb6d34c72ab76d-0069b05118 - 0.0143 - - 1773162776.998260736 1773162777.012548208 0
Mar 10 17:12:57 standalone account-server[123871]: 172.20.0.100 - - [10/Mar/2026:17:12:57 +0000] "PUT /d1/972/AUTH_7f986e436bcb4dfbb6a1610a5f8a355b/gnocchi.1e0359ce-b55e-46e2-8641-ff5962e49712" 201 - "PUT http://172.20.0.100:6001/d1/544/AUTH_7f986e436bcb4dfbb6a1610a5f8a355b/gnocchi.1e0359ce-b55e-46e2-8641-ff5962e49712" "txa5b9235e50984cf39fa26-0069b05119" "container-server 21" 0.0038 "-" 20 0
Mar 10 17:12:57 standalone container-server[123852]: 172.20.0.100 - - [10/Mar/2026:17:12:57 +0000] "PUT /d1/544/AUTH_7f986e436bcb4dfbb6a1610a5f8a355b/gnocchi.1e0359ce-b55e-46e2-8641-ff5962e49712" 201 - "PUT http://localhost:8080/v1/AUTH_7f986e436bcb4dfbb6a1610a5f8a355b/gnocchi.1e0359ce-b55e-46e2-8641-ff5962e49712" "txa5b9235e50984cf39fa26-0069b05119" "proxy-server 21" 0.0163 "-" 21 0
Mar 10 17:12:57 standalone proxy-server[125841]: 172.18.0.2 ::1 10/Mar/2026/17/12/57 PUT /v1/AUTH_7f986e436bcb4dfbb6a1610a5f8a355b/gnocchi.1e0359ce-b55e-46e2-8641-ff5962e49712 HTTP/1.0 201 - python-swiftclient-3.11.1 gAAAAABpsFBi3mJa... - - - txa5b9235e50984cf39fa26-0069b05119 - 0.0267 - - 1773162777.017083168 1773162777.043748140 0
Mar 10 17:12:57 standalone container-server[123852]: 172.20.0.100 - - [10/Mar/2026:17:12:57 +0000] "HEAD /d1/823/AUTH_7f986e436bcb4dfbb6a1610a5f8a355b/gnocchi.79a81e69-7776-4959-a65c-fbabb1e09c92" 404 - "HEAD http://localhost:8080/v1/AUTH_7f986e436bcb4dfbb6a1610a5f8a355b/gnocchi.79a81e69-7776-4959-a65c-fbabb1e09c92?format=json&states=listing" "tx51391d15838c48c8916f1-0069b05119" "proxy-server 21" 0.0005 "-" 21 0
Mar 10 17:12:57 standalone object-server[124093]: 172.20.0.100 - - [10/Mar/2026:17:12:57 +0000] "GET /d1/426/AUTH_7f986e436bcb4dfbb6a1610a5f8a355b/gnocchi.79a81e69-7776-4959-a65c-fbabb1e09c92/none_v3" 404 70 "GET http://localhost:8080/v1/AUTH_7f986e436bcb4dfbb6a1610a5f8a355b/gnocchi.79a81e69-7776-4959-a65c-fbabb1e09c92/none_v3" "tx51391d15838c48c8916f1-0069b05119" "proxy-server 21" 0.0004 "-" 24 0
Mar 10 17:12:57 standalone proxy-server[125841]: 172.18.0.2 ::1 10/Mar/2026/17/12/57 GET /v1/AUTH_7f986e436bcb4dfbb6a1610a5f8a355b/gnocchi.79a81e69-7776-4959-a65c-fbabb1e09c92/none_v3 HTTP/1.0 404 - python-swiftclient-3.11.1 gAAAAABpsFBi3mJa... - 70 - tx51391d15838c48c8916f1-0069b05119 - 0.0131 - - 1773162777.048899651 1773162777.061988831 0
Mar 10 17:12:57 standalone account-server[123882]: 172.20.0.100 - - [10/Mar/2026:17:12:57 +0000] "PUT /d1/972/AUTH_7f986e436bcb4dfbb6a1610a5f8a355b/gnocchi.79a81e69-7776-4959-a65c-fbabb1e09c92" 201 - "PUT http://172.20.0.100:6001/d1/823/AUTH_7f986e436bcb4dfbb6a1610a5f8a355b/gnocchi.79a81e69-7776-4959-a65c-fbabb1e09c92" "tx33f22416dd4d4bda81774-0069b05119" "container-server 20" 0.0057 "-" 23 0
Mar 10 17:12:57 standalone container-server[123851]: 172.20.0.100 - - [10/Mar/2026:17:12:57 +0000] "PUT /d1/823/AUTH_7f986e436bcb4dfbb6a1610a5f8a355b/gnocchi.79a81e69-7776-4959-a65c-fbabb1e09c92" 201 - "PUT http://localhost:8080/v1/AUTH_7f986e436bcb4dfbb6a1610a5f8a355b/gnocchi.79a81e69-7776-4959-a65c-fbabb1e09c92" "tx33f22416dd4d4bda81774-0069b05119" "proxy-server 21" 0.0187 "-" 20 0
Mar 10 17:12:57 standalone proxy-server[125841]: 172.18.0.2 ::1 10/Mar/2026/17/12/57 PUT /v1/AUTH_7f986e436bcb4dfbb6a1610a5f8a355b/gnocchi.79a81e69-7776-4959-a65c-fbabb1e09c92 HTTP/1.0 201 - python-swiftclient-3.11.1 gAAAAABpsFBi3mJa... - - - tx33f22416dd4d4bda81774-0069b05119 - 0.0254 - - 1773162777.066009760 1773162777.091410875 0
Mar 10 17:12:57 standalone container-server[123848]: 172.20.0.100 - - [10/Mar/2026:17:12:57 +0000] "HEAD /d1/544/AUTH_7f986e436bcb4dfbb6a1610a5f8a355b/gnocchi.1e0359ce-b55e-46e2-8641-ff5962e49712" 204 - "HEAD http://localhost:8080/v1/AUTH_7f986e436bcb4dfbb6a1610a5f8a355b/gnocchi.1e0359ce-b55e-46e2-8641-ff5962e49712?format=json&states=listing" "tx0b6cc3416d094c7f973c8-0069b05119" "proxy-server 21" 0.0024 "-" 19 0
Mar 10 17:12:57 standalone proxy-server[125841]: - - 10/Mar/2026/17/12/57 HEAD /v1/AUTH_7f986e436bcb4dfbb6a1610a5f8a355b/gnocchi.1e0359ce-b55e-46e2-8641-ff5962e49712%3Fformat%3Djson%26states%3Dlisting HTTP/1.0 204 - Swift - - - - tx0b6cc3416d094c7f973c8-0069b05119 - 0.0071 RL - 1773162777.098284006 1773162777.105432510 0
Mar 10 17:12:57 standalone container-server[123856]: 172.20.0.100 - - [10/Mar/2026:17:12:57 +0000] "GET /d1/544/AUTH_7f986e436bcb4dfbb6a1610a5f8a355b/gnocchi.1e0359ce-b55e-46e2-8641-ff5962e49712" 200 2 "GET http://localhost:8080/v1/AUTH_7f986e436bcb4dfbb6a1610a5f8a355b/gnocchi.1e0359ce-b55e-46e2-8641-ff5962e49712?format=json&states=listing" "tx0b6cc3416d094c7f973c8-0069b05119" "proxy-server 21" 0.0034 "-" 22 0
Mar 10 17:12:57 standalone proxy-server[125841]: 172.18.0.2 ::1 10/Mar/2026/17/12/57 GET /v1/AUTH_7f986e436bcb4dfbb6a1610a5f8a355b/gnocchi.1e0359ce-b55e-46e2-8641-ff5962e49712%3Fformat%3Djson%26states%3Dlisting HTTP/1.0 200 - python-swiftclient-3.11.1 gAAAAABpsFBi3mJa... - 2 - tx0b6cc3416d094c7f973c8-0069b05119 - 0.0217 - - 1773162777.096496820 1773162777.118157387 0
Mar 10 17:12:57 standalone container-server[123852]: 172.20.0.100 - - [10/Mar/2026:17:12:57 +0000] "HEAD /d1/823/AUTH_7f986e436bcb4dfbb6a1610a5f8a355b/gnocchi.79a81e69-7776-4959-a65c-fbabb1e09c92" 204 - "HEAD http://localhost:8080/v1/AUTH_7f986e436bcb4dfbb6a1610a5f8a355b/gnocchi.79a81e69-7776-4959-a65c-fbabb1e09c92?format=json&states=listing" "tx4db54a1727314ee0a3c3a-0069b05119" "proxy-server 21" 0.0023 "-" 21 0
Mar 10 17:12:57 standalone proxy-server[125841]: - - 10/Mar/2026/17/12/57 HEAD /v1/AUTH_7f986e436bcb4dfbb6a1610a5f8a355b/gnocchi.79a81e69-7776-4959-a65c-fbabb1e09c92%3Fformat%3Djson%26states%3Dlisting HTTP/1.0 204 - Swift - - - - tx4db54a1727314ee0a3c3a-0069b05119 - 0.0067 RL - 1773162777.126014471 1773162777.132698536 0
Mar 10 17:12:57 standalone container-server[123848]: 172.20.0.100 - - [10/Mar/2026:17:12:57 +0000] "GET /d1/823/AUTH_7f986e436bcb4dfbb6a1610a5f8a355b/gnocchi.79a81e69-7776-4959-a65c-fbabb1e09c92" 200 2 "GET http://localhost:8080/v1/AUTH_7f986e436bcb4dfbb6a1610a5f8a355b/gnocchi.79a81e69-7776-4959-a65c-fbabb1e09c92?format=json&states=listing" "tx4db54a1727314ee0a3c3a-0069b05119" "proxy-server 21" 0.0034 "-" 19 0
Mar 10 17:12:57 standalone proxy-server[125841]: 172.18.0.2 ::1 10/Mar/2026/17/12/57 GET /v1/AUTH_7f986e436bcb4dfbb6a1610a5f8a355b/gnocchi.79a81e69-7776-4959-a65c-fbabb1e09c92%3Fformat%3Djson%26states%3Dlisting HTTP/1.0 200 - python-swiftclient-3.11.1 gAAAAABpsFBi3mJa... - 2 - tx4db54a1727314ee0a3c3a-0069b05119 - 0.0199 - - 1773162777.124338865 1773162777.144214153 0
Mar 10 17:12:57 standalone object-server[124092]: 172.20.0.100 - - [10/Mar/2026:17:12:57 +0000] "GET /d1/322/AUTH_7f986e436bcb4dfbb6a1610a5f8a355b/gnocchi.1e0359ce-b55e-46e2-8641-ff5962e49712/1772280000.0_mean_300.0_v3" 404 70 "GET http://localhost:8080/v1/AUTH_7f986e436bcb4dfbb6a1610a5f8a355b/gnocchi.1e0359ce-b55e-46e2-8641-ff5962e49712/1772280000.0_mean_300.0_v3" "tx766c1c26f06a4a6dac759-0069b05119" "proxy-server 21" 0.0005 "-" 23 0
Mar 10 17:12:57 standalone proxy-server[125841]: 172.18.0.2 ::1 10/Mar/2026/17/12/57 GET /v1/AUTH_7f986e436bcb4dfbb6a1610a5f8a355b/gnocchi.1e0359ce-b55e-46e2-8641-ff5962e49712/1772280000.0_mean_300.0_v3 HTTP/1.0 404 - python-swiftclient-3.11.1 gAAAAABpsFBi3mJa... - 70 - tx766c1c26f06a4a6dac759-0069b05119 - 0.0082 - - 1773162777.149499178 1773162777.157737732 0
Mar 10 17:12:57 standalone object-server[124093]: 172.20.0.100 - - [10/Mar/2026:17:12:57 +0000] "GET /d1/939/AUTH_7f986e436bcb4dfbb6a1610a5f8a355b/gnocchi.79a81e69-7776-4959-a65c-fbabb1e09c92/1772280000.0_mean_300.0_v3" 404 70 "GET http://localhost:8080/v1/AUTH_7f986e436bcb4dfbb6a1610a5f8a355b/gnocchi.79a81e69-7776-4959-a65c-fbabb1e09c92/1772280000.0_mean_300.0_v3" "tx3569dc7e544647e6a60b8-0069b05119" "proxy-server 21" 0.0003 "-" 24 0
Mar 10 17:12:57 standalone proxy-server[125841]: 172.18.0.2 ::1 10/Mar/2026/17/12/57 GET /v1/AUTH_7f986e436bcb4dfbb6a1610a5f8a355b/gnocchi.79a81e69-7776-4959-a65c-fbabb1e09c92/1772280000.0_mean_300.0_v3 HTTP/1.0 404 - python-swiftclient-3.11.1 gAAAAABpsFBi3mJa... - 70 - tx3569dc7e544647e6a60b8-0069b05119 - 0.0072 - - 1773162777.208580494 1773162777.215777874 0
Mar 10 17:12:57 standalone container-server[123856]: 172.20.0.100 - - [10/Mar/2026:17:12:57 +0000] "PUT /d1/544/AUTH_7f986e436bcb4dfbb6a1610a5f8a355b/gnocchi.1e0359ce-b55e-46e2-8641-ff5962e49712/1772280000.0_mean_300.0_v3" 201 - "PUT http://localhost:8080/d1/322/AUTH_7f986e436bcb4dfbb6a1610a5f8a355b/gnocchi.1e0359ce-b55e-46e2-8641-ff5962e49712/1772280000.0_mean_300.0_v3" "txa9d65e0e8d4e4b0ab3f21-0069b05119" "object-server 25" 0.0009 "-" 22 0
Mar 10 17:12:57 standalone object-server[124095]: 172.20.0.100 - - [10/Mar/2026:17:12:57 +0000] "PUT /d1/322/AUTH_7f986e436bcb4dfbb6a1610a5f8a355b/gnocchi.1e0359ce-b55e-46e2-8641-ff5962e49712/1772280000.0_mean_300.0_v3" 201 - "PUT http://localhost:8080/v1/AUTH_7f986e436bcb4dfbb6a1610a5f8a355b/gnocchi.1e0359ce-b55e-46e2-8641-ff5962e49712/1772280000.0_mean_300.0_v3" "txa9d65e0e8d4e4b0ab3f21-0069b05119" "proxy-server 21" 0.0118 "-" 25 0
Mar 10 17:12:57 standalone proxy-server[125841]: 172.18.0.2 ::1 10/Mar/2026/17/12/57 PUT /v1/AUTH_7f986e436bcb4dfbb6a1610a5f8a355b/gnocchi.1e0359ce-b55e-46e2-8641-ff5962e49712/1772280000.0_mean_300.0_v3 HTTP/1.0 201 - python-swiftclient-3.11.1 gAAAAABpsFBi3mJa... 16 - - txa9d65e0e8d4e4b0ab3f21-0069b05119 - 0.0197 - - 1773162777.220247269 1773162777.239970446 0
Mar 10 17:12:57 standalone container-server[123848]: 172.20.0.100 - - [10/Mar/2026:17:12:57 +0000] "PUT /d1/823/AUTH_7f986e436bcb4dfbb6a1610a5f8a355b/gnocchi.79a81e69-7776-4959-a65c-fbabb1e09c92/1772280000.0_mean_300.0_v3" 201 - "PUT http://localhost:8080/d1/939/AUTH_7f986e436bcb4dfbb6a1610a5f8a355b/gnocchi.79a81e69-7776-4959-a65c-fbabb1e09c92/1772280000.0_mean_300.0_v3" "tx9548b4a8b5624245a0fef-0069b05119" "object-server 25" 0.0009 "-" 19 0
Mar 10 17:12:57 standalone object-server[124095]: 172.20.0.100 - - [10/Mar/2026:17:12:57 +0000] "PUT /d1/939/AUTH_7f986e436bcb4dfbb6a1610a5f8a355b/gnocchi.79a81e69-7776-4959-a65c-fbabb1e09c92/1772280000.0_mean_300.0_v3" 201 - "PUT http://localhost:8080/v1/AUTH_7f986e436bcb4dfbb6a1610a5f8a355b/gnocchi.79a81e69-7776-4959-a65c-fbabb1e09c92/1772280000.0_mean_300.0_v3" "tx9548b4a8b5624245a0fef-0069b05119" "proxy-server 21" 0.0114 "-" 25 0
Mar 10 17:12:57 standalone proxy-server[125841]: 172.18.0.2 ::1 10/Mar/2026/17/12/57 PUT /v1/AUTH_7f986e436bcb4dfbb6a1610a5f8a355b/gnocchi.79a81e69-7776-4959-a65c-fbabb1e09c92/1772280000.0_mean_300.0_v3 HTTP/1.0 201 - python-swiftclient-3.11.1 gAAAAABpsFBi3mJa... 16 - - tx9548b4a8b5624245a0fef-0069b05119 - 0.0199 - - 1773162777.244560719 1773162777.264451981 0
Mar 10 17:12:57 standalone container-server[123848]: 172.20.0.100 - - [10/Mar/2026:17:12:57 +0000] "PUT /d1/544/AUTH_7f986e436bcb4dfbb6a1610a5f8a355b/gnocchi.1e0359ce-b55e-46e2-8641-ff5962e49712/none_v3" 201 - "PUT http://localhost:8080/d1/1006/AUTH_7f986e436bcb4dfbb6a1610a5f8a355b/gnocchi.1e0359ce-b55e-46e2-8641-ff5962e49712/none_v3" "tx3dea3a5154ed4cafaed08-0069b05119" "object-server 25" 0.0008 "-" 19 0
Mar 10 17:12:57 standalone object-server[124095]: 172.20.0.100 - - [10/Mar/2026:17:12:57 +0000] "PUT /d1/1006/AUTH_7f986e436bcb4dfbb6a1610a5f8a355b/gnocchi.1e0359ce-b55e-46e2-8641-ff5962e49712/none_v3" 201 - "PUT http://localhost:8080/v1/AUTH_7f986e436bcb4dfbb6a1610a5f8a355b/gnocchi.1e0359ce-b55e-46e2-8641-ff5962e49712/none_v3" "tx3dea3a5154ed4cafaed08-0069b05119" "proxy-server 21" 0.0119 "-" 25 0
Mar 10 17:12:57 standalone proxy-server[125841]: 172.18.0.2 ::1 10/Mar/2026/17/12/57 PUT /v1/AUTH_7f986e436bcb4dfbb6a1610a5f8a355b/gnocchi.1e0359ce-b55e-46e2-8641-ff5962e49712/none_v3 HTTP/1.0 201 - python-swiftclient-3.11.1 gAAAAABpsFBi3mJa... 22 - - tx3dea3a5154ed4cafaed08-0069b05119 - 0.0202 - - 1773162777.269244194 1773162777.289406538 0
Mar 10 17:12:57 standalone container-server[123851]: 172.20.0.100 - - [10/Mar/2026:17:12:57 +0000] "PUT /d1/823/AUTH_7f986e436bcb4dfbb6a1610a5f8a355b/gnocchi.79a81e69-7776-4959-a65c-fbabb1e09c92/none_v3" 201 - "PUT http://localhost:8080/d1/426/AUTH_7f986e436bcb4dfbb6a1610a5f8a355b/gnocchi.79a81e69-7776-4959-a65c-fbabb1e09c92/none_v3" "txa683b4ec5ecd4098a7436-0069b05119" "object-server 23" 0.0008 "-" 20 0
Mar 10 17:12:57 standalone object-server[124092]: 172.20.0.100 - - [10/Mar/2026:17:12:57 +0000] "PUT /d1/426/AUTH_7f986e436bcb4dfbb6a1610a5f8a355b/gnocchi.79a81e69-7776-4959-a65c-fbabb1e09c92/none_v3" 201 - "PUT http://localhost:8080/v1/AUTH_7f986e436bcb4dfbb6a1610a5f8a355b/gnocchi.79a81e69-7776-4959-a65c-fbabb1e09c92/none_v3" "txa683b4ec5ecd4098a7436-0069b05119" "proxy-server 21" 0.0122 "-" 23 0
Mar 10 17:12:57 standalone proxy-server[125841]: 172.18.0.2 ::1 10/Mar/2026/17/12/57 PUT /v1/AUTH_7f986e436bcb4dfbb6a1610a5f8a355b/gnocchi.79a81e69-7776-4959-a65c-fbabb1e09c92/none_v3 HTTP/1.0 201 - python-swiftclient-3.11.1 gAAAAABpsFBi3mJa... 22 - - txa683b4ec5ecd4098a7436-0069b05119 - 0.0202 - - 1773162777.293855667 1773162777.314075232 0
Mar 10 17:12:57 standalone container-server[123848]: 172.20.0.100 - - [10/Mar/2026:17:12:57 +0000] "HEAD /d1/369/AUTH_7f986e436bcb4dfbb6a1610a5f8a355b/gnocchi.38eef7f0-7636-4ea2-a152-14250afe1457" 404 - "HEAD http://localhost:8080/v1/AUTH_7f986e436bcb4dfbb6a1610a5f8a355b/gnocchi.38eef7f0-7636-4ea2-a152-14250afe1457?format=json&states=listing" "tx0298cecb3c69406798263-0069b05119" "proxy-server 21" 0.0006 "-" 19 0
Mar 10 17:12:57 standalone object-server[124092]: 172.20.0.100 - - [10/Mar/2026:17:12:57 +0000] "GET /d1/719/AUTH_7f986e436bcb4dfbb6a1610a5f8a355b/gnocchi.38eef7f0-7636-4ea2-a152-14250afe1457/none_v3" 404 70 "GET http://localhost:8080/v1/AUTH_7f986e436bcb4dfbb6a1610a5f8a355b/gnocchi.38eef7f0-7636-4ea2-a152-14250afe1457/none_v3" "tx0298cecb3c69406798263-0069b05119" "proxy-server 21" 0.0004 "-" 23 0
Mar 10 17:12:57 standalone proxy-server[125841]: 172.18.0.2 ::1 10/Mar/2026/17/12/57 GET /v1/AUTH_7f986e436bcb4dfbb6a1610a5f8a355b/gnocchi.38eef7f0-7636-4ea2-a152-14250afe1457/none_v3 HTTP/1.0 404 - python-swiftclient-3.11.1 gAAAAABpsFBi3mJa... - 70 - tx0298cecb3c69406798263-0069b05119 - 0.0131 - - 1773162777.329007387 1773162777.342079163 0
Mar 10 17:12:57 standalone account-server[123882]: 172.20.0.100 - - [10/Mar/2026:17:12:57 +0000] "PUT /d1/972/AUTH_7f986e436bcb4dfbb6a1610a5f8a355b/gnocchi.38eef7f0-7636-4ea2-a152-14250afe1457" 201 - "PUT http://172.20.0.100:6001/d1/369/AUTH_7f986e436bcb4dfbb6a1610a5f8a355b/gnocchi.38eef7f0-7636-4ea2-a152-14250afe1457" "txfa6ff466dbec44db8d963-0069b05119" "container-server 20" 0.0056 "-" 23 0
Mar 10 17:12:57 standalone container-server[123851]: 172.20.0.100 - - [10/Mar/2026:17:12:57 +0000] "PUT /d1/369/AUTH_7f986e436bcb4dfbb6a1610a5f8a355b/gnocchi.38eef7f0-7636-4ea2-a152-14250afe1457" 201 - "PUT http://localhost:8080/v1/AUTH_7f986e436bcb4dfbb6a1610a5f8a355b/gnocchi.38eef7f0-7636-4ea2-a152-14250afe1457" "txfa6ff466dbec44db8d963-0069b05119" "proxy-server 21" 0.0196 "-" 20 0
Mar 10 17:12:57 standalone proxy-server[125841]: 172.18.0.2 ::1 10/Mar/2026/17/12/57 PUT /v1/AUTH_7f986e436bcb4dfbb6a1610a5f8a355b/gnocchi.38eef7f0-7636-4ea2-a152-14250afe1457 HTTP/1.0 201 - python-swiftclient-3.11.1 gAAAAABpsFBi3mJa... - - - txfa6ff466dbec44db8d963-0069b05119 - 0.0259 - - 1773162777.347927570 1773162777.373788595 0
Mar 10 17:12:57 standalone container-server[123848]: 172.20.0.100 - - [10/Mar/2026:17:12:57 +0000] "HEAD /d1/369/AUTH_7f986e436bcb4dfbb6a1610a5f8a355b/gnocchi.38eef7f0-7636-4ea2-a152-14250afe1457" 204 - "HEAD http://localhost:8080/v1/AUTH_7f986e436bcb4dfbb6a1610a5f8a355b/gnocchi.38eef7f0-7636-4ea2-a152-14250afe1457?format=json&states=listing" "tx3dacdcb1dcd245be8720c-0069b05119" "proxy-server 21" 0.0027 "-" 19 0
Mar 10 17:12:57 standalone proxy-server[125841]: - - 10/Mar/2026/17/12/57 HEAD /v1/AUTH_7f986e436bcb4dfbb6a1610a5f8a355b/gnocchi.38eef7f0-7636-4ea2-a152-14250afe1457%3Fformat%3Djson%26states%3Dlisting HTTP/1.0 204 - Swift - - - - tx3dacdcb1dcd245be8720c-0069b05119 - 0.0093 RL - 1773162777.381806612 1773162777.391113997 0
Mar 10 17:12:57 standalone container-server[123856]: 172.20.0.100 - - [10/Mar/2026:17:12:57 +0000] "GET /d1/369/AUTH_7f986e436bcb4dfbb6a1610a5f8a355b/gnocchi.38eef7f0-7636-4ea2-a152-14250afe1457" 200 2 "GET http://localhost:8080/v1/AUTH_7f986e436bcb4dfbb6a1610a5f8a355b/gnocchi.38eef7f0-7636-4ea2-a152-14250afe1457?format=json&states=listing" "tx3dacdcb1dcd245be8720c-0069b05119" "proxy-server 21" 0.0044 "-" 22 0
Mar 10 17:12:57 standalone proxy-server[125841]: 172.18.0.2 ::1 10/Mar/2026/17/12/57 GET /v1/AUTH_7f986e436bcb4dfbb6a1610a5f8a355b/gnocchi.38eef7f0-7636-4ea2-a152-14250afe1457%3Fformat%3Djson%26states%3Dlisting HTTP/1.0 200 - python-swiftclient-3.11.1 gAAAAABpsFBi3mJa... - 2 - tx3dacdcb1dcd245be8720c-0069b05119 - 0.0291 - - 1773162777.380067110 1773162777.409149885 0
Mar 10 17:12:57 standalone object-server[124093]: 172.20.0.100 - - [10/Mar/2026:17:12:57 +0000] "GET /d1/798/AUTH_7f986e436bcb4dfbb6a1610a5f8a355b/gnocchi.38eef7f0-7636-4ea2-a152-14250afe1457/1772280000.0_mean_300.0_v3" 404 70 "GET http://localhost:8080/v1/AUTH_7f986e436bcb4dfbb6a1610a5f8a355b/gnocchi.38eef7f0-7636-4ea2-a152-14250afe1457/1772280000.0_mean_300.0_v3" "tx348f24248c0647139cf0b-0069b05119" "proxy-server 21" 0.0007 "-" 24 0
Mar 10 17:12:57 standalone proxy-server[125841]: 172.18.0.2 ::1 10/Mar/2026/17/12/57 GET /v1/AUTH_7f986e436bcb4dfbb6a1610a5f8a355b/gnocchi.38eef7f0-7636-4ea2-a152-14250afe1457/1772280000.0_mean_300.0_v3 HTTP/1.0 404 - python-swiftclient-3.11.1 gAAAAABpsFBi3mJa... - 70 - tx348f24248c0647139cf0b-0069b05119 - 0.0093 - - 1773162777.433924913 1773162777.443181038 0
Mar 10 17:12:57 standalone container-server[123851]: 172.20.0.100 - - [10/Mar/2026:17:12:57 +0000] "PUT /d1/369/AUTH_7f986e436bcb4dfbb6a1610a5f8a355b/gnocchi.38eef7f0-7636-4ea2-a152-14250afe1457/1772280000.0_mean_300.0_v3" 201 - "PUT http://localhost:8080/d1/798/AUTH_7f986e436bcb4dfbb6a1610a5f8a355b/gnocchi.38eef7f0-7636-4ea2-a152-14250afe1457/1772280000.0_mean_300.0_v3" "tx622dd7f9ca684bbd808af-0069b05119" "object-server 24" 0.0012 "-" 20 0
Mar 10 17:12:57 standalone object-server[124093]: 172.20.0.100 - - [10/Mar/2026:17:12:57 +0000] "PUT /d1/798/AUTH_7f986e436bcb4dfbb6a1610a5f8a355b/gnocchi.38eef7f0-7636-4ea2-a152-14250afe1457/1772280000.0_mean_300.0_v3" 201 - "PUT http://localhost:8080/v1/AUTH_7f986e436bcb4dfbb6a1610a5f8a355b/gnocchi.38eef7f0-7636-4ea2-a152-14250afe1457/1772280000.0_mean_300.0_v3" "tx622dd7f9ca684bbd808af-0069b05119" "proxy-server 21" 0.0130 "-" 24 0
Mar 10 17:12:57 standalone proxy-server[125841]: 172.18.0.2 ::1 10/Mar/2026/17/12/57 PUT /v1/AUTH_7f986e436bcb4dfbb6a1610a5f8a355b/gnocchi.38eef7f0-7636-4ea2-a152-14250afe1457/1772280000.0_mean_300.0_v3 HTTP/1.0 201 - python-swiftclient-3.11.1 gAAAAABpsFBi3mJa... 16 - - tx622dd7f9ca684bbd808af-0069b05119 - 0.0206 - - 1773162777.448414564 1773162777.469031572 0
Mar 10 17:12:57 standalone container-server[123856]: 172.20.0.100 - - [10/Mar/2026:17:12:57 +0000] "PUT /d1/369/AUTH_7f986e436bcb4dfbb6a1610a5f8a355b/gnocchi.38eef7f0-7636-4ea2-a152-14250afe1457/none_v3" 201 - "PUT http://localhost:8080/d1/719/AUTH_7f986e436bcb4dfbb6a1610a5f8a355b/gnocchi.38eef7f0-7636-4ea2-a152-14250afe1457/none_v3" "txa85e0e2035c64de489e2e-0069b05119" "object-server 24" 0.0005 "-" 22 0
Mar 10 17:12:57 standalone object-server[124093]: 172.20.0.100 - - [10/Mar/2026:17:12:57 +0000] "PUT /d1/719/AUTH_7f986e436bcb4dfbb6a1610a5f8a355b/gnocchi.38eef7f0-7636-4ea2-a152-14250afe1457/none_v3" 201 - "PUT http://localhost:8080/v1/AUTH_7f986e436bcb4dfbb6a1610a5f8a355b/gnocchi.38eef7f0-7636-4ea2-a152-14250afe1457/none_v3" "txa85e0e2035c64de489e2e-0069b05119" "proxy-server 21" 0.0090 "-" 24 0
Mar 10 17:12:57 standalone proxy-server[125841]: 172.18.0.2 ::1 10/Mar/2026/17/12/57 PUT /v1/AUTH_7f986e436bcb4dfbb6a1610a5f8a355b/gnocchi.38eef7f0-7636-4ea2-a152-14250afe1457/none_v3 HTTP/1.0 201 - python-swiftclient-3.11.1 gAAAAABpsFBi3mJa... 22 - - txa85e0e2035c64de489e2e-0069b05119 - 0.0187 - - 1773162777.473937035 1773162777.492615700 0
Mar 10 17:12:57 standalone container-server[123851]: 172.20.0.100 - - [10/Mar/2026:17:12:57 +0000] "HEAD /d1/764/AUTH_7f986e436bcb4dfbb6a1610a5f8a355b/gnocchi.b4d06791-a6e5-40f9-ae06-bc92484cf95a" 404 - "HEAD http://localhost:8080/v1/AUTH_7f986e436bcb4dfbb6a1610a5f8a355b/gnocchi.b4d06791-a6e5-40f9-ae06-bc92484cf95a?format=json&states=listing" "tx23ec4bfbc15c4d9889bcf-0069b05119" "proxy-server 21" 0.0003 "-" 20 0
Mar 10 17:12:57 standalone object-server[124095]: 172.20.0.100 - - [10/Mar/2026:17:12:57 +0000] "GET /d1/441/AUTH_7f986e436bcb4dfbb6a1610a5f8a355b/gnocchi.b4d06791-a6e5-40f9-ae06-bc92484cf95a/none_v3" 404 70 "GET http://localhost:8080/v1/AUTH_7f986e436bcb4dfbb6a1610a5f8a355b/gnocchi.b4d06791-a6e5-40f9-ae06-bc92484cf95a/none_v3" "tx23ec4bfbc15c4d9889bcf-0069b05119" "proxy-server 21" 0.0003 "-" 25 0
Mar 10 17:12:57 standalone proxy-server[125841]: 172.18.0.2 ::1 10/Mar/2026/17/12/57 GET /v1/AUTH_7f986e436bcb4dfbb6a1610a5f8a355b/gnocchi.b4d06791-a6e5-40f9-ae06-bc92484cf95a/none_v3 HTTP/1.0 404 - python-swiftclient-3.11.1 gAAAAABpsFBi3mJa... - 70 - tx23ec4bfbc15c4d9889bcf-0069b05119 - 0.0067 - - 1773162777.502664089 1773162777.509408474 0
Mar 10 17:12:57 standalone account-server[123871]: 172.20.0.100 - - [10/Mar/2026:17:12:57 +0000] "PUT /d1/972/AUTH_7f986e436bcb4dfbb6a1610a5f8a355b/gnocchi.b4d06791-a6e5-40f9-ae06-bc92484cf95a" 201 - "PUT http://172.20.0.100:6001/d1/764/AUTH_7f986e436bcb4dfbb6a1610a5f8a355b/gnocchi.b4d06791-a6e5-40f9-ae06-bc92484cf95a" "txbebcb171ec1a419eb6923-0069b05119" "container-server 21" 0.0056 "-" 20 0
Mar 10 17:12:57 standalone container-server[123852]: 172.20.0.100 - - [10/Mar/2026:17:12:57 +0000] "PUT /d1/764/AUTH_7f986e436bcb4dfbb6a1610a5f8a355b/gnocchi.b4d06791-a6e5-40f9-ae06-bc92484cf95a" 201 - "PUT http://localhost:8080/v1/AUTH_7f986e436bcb4dfbb6a1610a5f8a355b/gnocchi.b4d06791-a6e5-40f9-ae06-bc92484cf95a" "txbebcb171ec1a419eb6923-0069b05119" "proxy-server 21" 0.0143 "-" 21 0
Mar 10 17:12:57 standalone proxy-server[125841]: 172.18.0.2 ::1 10/Mar/2026/17/12/57 PUT /v1/AUTH_7f986e436bcb4dfbb6a1610a5f8a355b/gnocchi.b4d06791-a6e5-40f9-ae06-bc92484cf95a HTTP/1.0 201 - python-swiftclient-3.11.1 gAAAAABpsFBi3mJa... - - - txbebcb171ec1a419eb6923-0069b05119 - 0.0188 - - 1773162777.512794018 1773162777.531640291 0
Mar 10 17:12:57 standalone container-server[123851]: 172.20.0.100 - - [10/Mar/2026:17:12:57 +0000] "HEAD /d1/764/AUTH_7f986e436bcb4dfbb6a1610a5f8a355b/gnocchi.b4d06791-a6e5-40f9-ae06-bc92484cf95a" 204 - "HEAD http://localhost:8080/v1/AUTH_7f986e436bcb4dfbb6a1610a5f8a355b/gnocchi.b4d06791-a6e5-40f9-ae06-bc92484cf95a?format=json&states=listing" "txda4ebdacd856498491249-0069b05119" "proxy-server 21" 0.0011 "-" 20 0
Mar 10 17:12:57 standalone proxy-server[125841]: - - 10/Mar/2026/17/12/57 HEAD /v1/AUTH_7f986e436bcb4dfbb6a1610a5f8a355b/gnocchi.b4d06791-a6e5-40f9-ae06-bc92484cf95a%3Fformat%3Djson%26states%3Dlisting HTTP/1.0 204 - Swift - - - - txda4ebdacd856498491249-0069b05119 - 0.0050 RL - 1773162777.538182497 1773162777.543210745 0
Mar 10 17:12:57 standalone container-server[123851]: 172.20.0.100 - - [10/Mar/2026:17:12:57 +0000] "GET /d1/764/AUTH_7f986e436bcb4dfbb6a1610a5f8a355b/gnocchi.b4d06791-a6e5-40f9-ae06-bc92484cf95a" 200 2 "GET http://localhost:8080/v1/AUTH_7f986e436bcb4dfbb6a1610a5f8a355b/gnocchi.b4d06791-a6e5-40f9-ae06-bc92484cf95a?format=json&states=listing" "txda4ebdacd856498491249-0069b05119" "proxy-server 21" 0.0032 "-" 20 0
Mar 10 17:12:57 standalone proxy-server[125841]: 172.18.0.2 ::1 10/Mar/2026/17/12/57 GET /v1/AUTH_7f986e436bcb4dfbb6a1610a5f8a355b/gnocchi.b4d06791-a6e5-40f9-ae06-bc92484cf95a%3Fformat%3Djson%26states%3Dlisting HTTP/1.0 200 - python-swiftclient-3.11.1 gAAAAABpsFBi3mJa... - 2 - txda4ebdacd856498491249-0069b05119 - 0.0194 - - 1773162777.536657333 1773162777.556107283 0
Mar 10 17:12:57 standalone object-server[124095]: 172.20.0.100 - - [10/Mar/2026:17:12:57 +0000] "GET /d1/957/AUTH_7f986e436bcb4dfbb6a1610a5f8a355b/gnocchi.b4d06791-a6e5-40f9-ae06-bc92484cf95a/1772280000.0_mean_300.0_v3" 404 70 "GET http://localhost:8080/v1/AUTH_7f986e436bcb4dfbb6a1610a5f8a355b/gnocchi.b4d06791-a6e5-40f9-ae06-bc92484cf95a/1772280000.0_mean_300.0_v3" "tx6820b925edfe4c08a0543-0069b05119" "proxy-server 21" 0.0005 "-" 25 0
Mar 10 17:12:57 standalone proxy-server[125841]: 172.18.0.2 ::1 10/Mar/2026/17/12/57 GET /v1/AUTH_7f986e436bcb4dfbb6a1610a5f8a355b/gnocchi.b4d06791-a6e5-40f9-ae06-bc92484cf95a/1772280000.0_mean_300.0_v3 HTTP/1.0 404 - python-swiftclient-3.11.1 gAAAAABpsFBi3mJa... - 70 - tx6820b925edfe4c08a0543-0069b05119 - 0.0094 - - 1773162777.563262463 1773162777.572696924 0
Mar 10 17:12:57 standalone container-server[123852]: 172.20.0.100 - - [10/Mar/2026:17:12:57 +0000] "PUT /d1/764/AUTH_7f986e436bcb4dfbb6a1610a5f8a355b/gnocchi.b4d06791-a6e5-40f9-ae06-bc92484cf95a/1772280000.0_mean_300.0_v3" 201 - "PUT http://localhost:8080/d1/957/AUTH_7f986e436bcb4dfbb6a1610a5f8a355b/gnocchi.b4d06791-a6e5-40f9-ae06-bc92484cf95a/1772280000.0_mean_300.0_v3" "tx2891eb098638412aa59e3-0069b05119" "object-server 24" 0.0007 "-" 21 0
Mar 10 17:12:57 standalone object-server[124093]: 172.20.0.100 - - [10/Mar/2026:17:12:57 +0000] "PUT /d1/957/AUTH_7f986e436bcb4dfbb6a1610a5f8a355b/gnocchi.b4d06791-a6e5-40f9-ae06-bc92484cf95a/1772280000.0_mean_300.0_v3" 201 - "PUT http://localhost:8080/v1/AUTH_7f986e436bcb4dfbb6a1610a5f8a355b/gnocchi.b4d06791-a6e5-40f9-ae06-bc92484cf95a/1772280000.0_mean_300.0_v3" "tx2891eb098638412aa59e3-0069b05119" "proxy-server 21" 0.0109 "-" 24 0
Mar 10 17:12:57 standalone proxy-server[125841]: 172.18.0.2 ::1 10/Mar/2026/17/12/57 PUT /v1/AUTH_7f986e436bcb4dfbb6a1610a5f8a355b/gnocchi.b4d06791-a6e5-40f9-ae06-bc92484cf95a/1772280000.0_mean_300.0_v3 HTTP/1.0 201 - python-swiftclient-3.11.1 gAAAAABpsFBi3mJa... 16 - - tx2891eb098638412aa59e3-0069b05119 - 0.0197 - - 1773162777.577999830 1773162777.597677231 0
Mar 10 17:12:57 standalone container-server[123852]: 172.20.0.100 - - [10/Mar/2026:17:12:57 +0000] "PUT /d1/764/AUTH_7f986e436bcb4dfbb6a1610a5f8a355b/gnocchi.b4d06791-a6e5-40f9-ae06-bc92484cf95a/none_v3" 201 - "PUT http://localhost:8080/d1/441/AUTH_7f986e436bcb4dfbb6a1610a5f8a355b/gnocchi.b4d06791-a6e5-40f9-ae06-bc92484cf95a/none_v3" "txb3276aeb51c243b2be31b-0069b05119" "object-server 25" 0.0005 "-" 21 0
Mar 10 17:12:57 standalone object-server[124095]: 172.20.0.100 - - [10/Mar/2026:17:12:57 +0000] "PUT /d1/441/AUTH_7f986e436bcb4dfbb6a1610a5f8a355b/gnocchi.b4d06791-a6e5-40f9-ae06-bc92484cf95a/none_v3" 201 - "PUT http://localhost:8080/v1/AUTH_7f986e436bcb4dfbb6a1610a5f8a355b/gnocchi.b4d06791-a6e5-40f9-ae06-bc92484cf95a/none_v3" "txb3276aeb51c243b2be31b-0069b05119" "proxy-server 21" 0.0109 "-" 25 0
Mar 10 17:12:57 standalone proxy-server[125841]: 172.18.0.2 ::1 10/Mar/2026/17/12/57 PUT /v1/AUTH_7f986e436bcb4dfbb6a1610a5f8a355b/gnocchi.b4d06791-a6e5-40f9-ae06-bc92484cf95a/none_v3 HTTP/1.0 201 - python-swiftclient-3.11.1 gAAAAABpsFBi3mJa... 22 - - txb3276aeb51c243b2be31b-0069b05119 - 0.0212 - - 1773162777.602160454 1773162777.623325586 0
Mar 10 17:12:57 standalone container-server[123852]: 172.20.0.100 - - [10/Mar/2026:17:12:57 +0000] "HEAD /d1/46/AUTH_7f986e436bcb4dfbb6a1610a5f8a355b/gnocchi.1cfd974e-a44a-4e69-bcdb-ca8e80555f31" 404 - "HEAD http://localhost:8080/v1/AUTH_7f986e436bcb4dfbb6a1610a5f8a355b/gnocchi.1cfd974e-a44a-4e69-bcdb-ca8e80555f31?format=json&states=listing" "tx87145ac130f845459dd33-0069b05119" "proxy-server 21" 0.0004 "-" 21 0
Mar 10 17:12:57 standalone object-server[124087]: 172.20.0.100 - - [10/Mar/2026:17:12:57 +0000] "GET /d1/908/AUTH_7f986e436bcb4dfbb6a1610a5f8a355b/gnocchi.1cfd974e-a44a-4e69-bcdb-ca8e80555f31/none_v3" 404 70 "GET http://localhost:8080/v1/AUTH_7f986e436bcb4dfbb6a1610a5f8a355b/gnocchi.1cfd974e-a44a-4e69-bcdb-ca8e80555f31/none_v3" "tx87145ac130f845459dd33-0069b05119" "proxy-server 21" 0.0005 "-" 22 0
Mar 10 17:12:57 standalone proxy-server[125841]: 172.18.0.2 ::1 10/Mar/2026/17/12/57 GET /v1/AUTH_7f986e436bcb4dfbb6a1610a5f8a355b/gnocchi.1cfd974e-a44a-4e69-bcdb-ca8e80555f31/none_v3 HTTP/1.0 404 - python-swiftclient-3.11.1 gAAAAABpsFBi3mJa... - 70 - tx87145ac130f845459dd33-0069b05119 - 0.0135 - - 1773162777.638653517 1773162777.652202606 0
Mar 10 17:12:57 standalone account-server[123882]: 172.20.0.100 - - [10/Mar/2026:17:12:57 +0000] "PUT /d1/972/AUTH_7f986e436bcb4dfbb6a1610a5f8a355b/gnocchi.1cfd974e-a44a-4e69-bcdb-ca8e80555f31" 201 - "PUT http://172.20.0.100:6001/d1/46/AUTH_7f986e436bcb4dfbb6a1610a5f8a355b/gnocchi.1cfd974e-a44a-4e69-bcdb-ca8e80555f31" "txf7edce42f9364dc084977-0069b05119" "container-server 22" 0.0056 "-" 23 0
Mar 10 17:12:57 standalone container-server[123856]: 172.20.0.100 - - [10/Mar/2026:17:12:57 +0000] "PUT /d1/46/AUTH_7f986e436bcb4dfbb6a1610a5f8a355b/gnocchi.1cfd974e-a44a-4e69-bcdb-ca8e80555f31" 201 - "PUT http://localhost:8080/v1/AUTH_7f986e436bcb4dfbb6a1610a5f8a355b/gnocchi.1cfd974e-a44a-4e69-bcdb-ca8e80555f31" "txf7edce42f9364dc084977-0069b05119" "proxy-server 21" 0.0198 "-" 22 0
Mar 10 17:12:57 standalone proxy-server[125841]: 172.18.0.2 ::1 10/Mar/2026/17/12/57 PUT /v1/AUTH_7f986e436bcb4dfbb6a1610a5f8a355b/gnocchi.1cfd974e-a44a-4e69-bcdb-ca8e80555f31 HTTP/1.0 201 - python-swiftclient-3.11.1 gAAAAABpsFBi3mJa... - - - txf7edce42f9364dc084977-0069b05119 - 0.0287 - - 1773162777.656554222 1773162777.685216427 0
Mar 10 17:12:57 standalone container-server[123852]: 172.20.0.100 - - [10/Mar/2026:17:12:57 +0000] "HEAD /d1/46/AUTH_7f986e436bcb4dfbb6a1610a5f8a355b/gnocchi.1cfd974e-a44a-4e69-bcdb-ca8e80555f31" 204 - "HEAD http://localhost:8080/v1/AUTH_7f986e436bcb4dfbb6a1610a5f8a355b/gnocchi.1cfd974e-a44a-4e69-bcdb-ca8e80555f31?format=json&states=listing" "txe33f2922cde043f09c949-0069b05119" "proxy-server 21" 0.0022 "-" 21 0
Mar 10 17:12:57 standalone proxy-server[125841]: - - 10/Mar/2026/17/12/57 HEAD /v1/AUTH_7f986e436bcb4dfbb6a1610a5f8a355b/gnocchi.1cfd974e-a44a-4e69-bcdb-ca8e80555f31%3Fformat%3Djson%26states%3Dlisting HTTP/1.0 204 - Swift - - - - txe33f2922cde043f09c949-0069b05119 - 0.0074 RL - 1773162777.693960667 1773162777.701326847 0
Mar 10 17:12:57 standalone container-server[123851]: 172.20.0.100 - - [10/Mar/2026:17:12:57 +0000] "GET /d1/46/AUTH_7f986e436bcb4dfbb6a1610a5f8a355b/gnocchi.1cfd974e-a44a-4e69-bcdb-ca8e80555f31" 200 2 "GET http://localhost:8080/v1/AUTH_7f986e436bcb4dfbb6a1610a5f8a355b/gnocchi.1cfd974e-a44a-4e69-bcdb-ca8e80555f31?format=json&states=listing" "txe33f2922cde043f09c949-0069b05119" "proxy-server 21" 0.0034 "-" 20 0
Mar 10 17:12:57 standalone proxy-server[125841]: 172.18.0.2 ::1 10/Mar/2026/17/12/57 GET /v1/AUTH_7f986e436bcb4dfbb6a1610a5f8a355b/gnocchi.1cfd974e-a44a-4e69-bcdb-ca8e80555f31%3Fformat%3Djson%26states%3Dlisting HTTP/1.0 200 - python-swiftclient-3.11.1 gAAAAABpsFBi3mJa... - 2 - txe33f2922cde043f09c949-0069b05119 - 0.0222 - - 1773162777.692051888 1773162777.714221478 0
Mar 10 17:12:57 standalone object-server[124092]: 172.20.0.100 - - [10/Mar/2026:17:12:57 +0000] "GET /d1/276/AUTH_7f986e436bcb4dfbb6a1610a5f8a355b/gnocchi.1cfd974e-a44a-4e69-bcdb-ca8e80555f31/1772280000.0_mean_300.0_v3" 404 70 "GET http://localhost:8080/v1/AUTH_7f986e436bcb4dfbb6a1610a5f8a355b/gnocchi.1cfd974e-a44a-4e69-bcdb-ca8e80555f31/1772280000.0_mean_300.0_v3" "txe6708bd6151044e2a5826-0069b05119" "proxy-server 21" 0.0005 "-" 23 0
Mar 10 17:12:57 standalone proxy-server[125841]: 172.18.0.2 ::1 10/Mar/2026/17/12/57 GET /v1/AUTH_7f986e436bcb4dfbb6a1610a5f8a355b/gnocchi.1cfd974e-a44a-4e69-bcdb-ca8e80555f31/1772280000.0_mean_300.0_v3 HTTP/1.0 404 - python-swiftclient-3.11.1 gAAAAABpsFBi3mJa... - 70 - txe6708bd6151044e2a5826-0069b05119 - 0.0084 - - 1773162777.720332384 1773162777.728734016 0
Mar 10 17:12:57 standalone container-server[123852]: 172.20.0.100 - - [10/Mar/2026:17:12:57 +0000] "PUT /d1/46/AUTH_7f986e436bcb4dfbb6a1610a5f8a355b/gnocchi.1cfd974e-a44a-4e69-bcdb-ca8e80555f31/1772280000.0_mean_300.0_v3" 201 - "PUT http://localhost:8080/d1/276/AUTH_7f986e436bcb4dfbb6a1610a5f8a355b/gnocchi.1cfd974e-a44a-4e69-bcdb-ca8e80555f31/1772280000.0_mean_300.0_v3" "tx75334c2aa85147af870af-0069b05119" "object-server 25" 0.0009 "-" 21 0
Mar 10 17:12:57 standalone object-server[124095]: 172.20.0.100 - - [10/Mar/2026:17:12:57 +0000] "PUT /d1/276/AUTH_7f986e436bcb4dfbb6a1610a5f8a355b/gnocchi.1cfd974e-a44a-4e69-bcdb-ca8e80555f31/1772280000.0_mean_300.0_v3" 201 - "PUT http://localhost:8080/v1/AUTH_7f986e436bcb4dfbb6a1610a5f8a355b/gnocchi.1cfd974e-a44a-4e69-bcdb-ca8e80555f31/1772280000.0_mean_300.0_v3" "tx75334c2aa85147af870af-0069b05119" "proxy-server 21" 0.0111 "-" 25 0
Mar 10 17:12:57 standalone proxy-server[125841]: 172.18.0.2 ::1 10/Mar/2026/17/12/57 PUT /v1/AUTH_7f986e436bcb4dfbb6a1610a5f8a355b/gnocchi.1cfd974e-a44a-4e69-bcdb-ca8e80555f31/1772280000.0_mean_300.0_v3 HTTP/1.0 201 - python-swiftclient-3.11.1 gAAAAABpsFBi3mJa... 16 - - tx75334c2aa85147af870af-0069b05119 - 0.0190 - - 1773162777.733823538 1773162777.752855539 0
Mar 10 17:12:57 standalone container-server[123852]: 172.20.0.100 - - [10/Mar/2026:17:12:57 +0000] "PUT /d1/46/AUTH_7f986e436bcb4dfbb6a1610a5f8a355b/gnocchi.1cfd974e-a44a-4e69-bcdb-ca8e80555f31/none_v3" 201 - "PUT http://localhost:8080/d1/908/AUTH_7f986e436bcb4dfbb6a1610a5f8a355b/gnocchi.1cfd974e-a44a-4e69-bcdb-ca8e80555f31/none_v3" "tx19bb7b7695e241cea58c4-0069b05119" "object-server 22" 0.0005 "-" 21 0
Mar 10 17:12:57 standalone object-server[124087]: 172.20.0.100 - - [10/Mar/2026:17:12:57 +0000] "PUT /d1/908/AUTH_7f986e436bcb4dfbb6a1610a5f8a355b/gnocchi.1cfd974e-a44a-4e69-bcdb-ca8e80555f31/none_v3" 201 - "PUT http://localhost:8080/v1/AUTH_7f986e436bcb4dfbb6a1610a5f8a355b/gnocchi.1cfd974e-a44a-4e69-bcdb-ca8e80555f31/none_v3" "tx19bb7b7695e241cea58c4-0069b05119" "proxy-server 21" 0.0102 "-" 22 0
Mar 10 17:12:57 standalone proxy-server[125841]: 172.18.0.2 ::1 10/Mar/2026/17/12/57 PUT /v1/AUTH_7f986e436bcb4dfbb6a1610a5f8a355b/gnocchi.1cfd974e-a44a-4e69-bcdb-ca8e80555f31/none_v3 HTTP/1.0 201 - python-swiftclient-3.11.1 gAAAAABpsFBi3mJa... 22 - - tx19bb7b7695e241cea58c4-0069b05119 - 0.0178 - - 1773162777.757715702 1773162777.775563002 0
Mar 10 17:12:57 standalone container-server[123851]: 172.20.0.100 - - [10/Mar/2026:17:12:57 +0000] "HEAD /d1/374/AUTH_7f986e436bcb4dfbb6a1610a5f8a355b/gnocchi.a8bc1596-d967-414f-971c-91f4b1b896b3" 404 - "HEAD http://localhost:8080/v1/AUTH_7f986e436bcb4dfbb6a1610a5f8a355b/gnocchi.a8bc1596-d967-414f-971c-91f4b1b896b3?format=json&states=listing" "txda9524c50e4c4d889ab73-0069b05119" "proxy-server 21" 0.0007 "-" 20 0
Mar 10 17:12:57 standalone object-server[124093]: 172.20.0.100 - - [10/Mar/2026:17:12:57 +0000] "GET /d1/864/AUTH_7f986e436bcb4dfbb6a1610a5f8a355b/gnocchi.a8bc1596-d967-414f-971c-91f4b1b896b3/none_v3" 404 70 "GET http://localhost:8080/v1/AUTH_7f986e436bcb4dfbb6a1610a5f8a355b/gnocchi.a8bc1596-d967-414f-971c-91f4b1b896b3/none_v3" "txda9524c50e4c4d889ab73-0069b05119" "proxy-server 21" 0.0006 "-" 24 0
Mar 10 17:12:57 standalone proxy-server[125841]: 172.18.0.2 ::1 10/Mar/2026/17/12/57 GET /v1/AUTH_7f986e436bcb4dfbb6a1610a5f8a355b/gnocchi.a8bc1596-d967-414f-971c-91f4b1b896b3/none_v3 HTTP/1.0 404 - python-swiftclient-3.11.1 gAAAAABpsFBi3mJa... - 70 - txda9524c50e4c4d889ab73-0069b05119 - 0.0141 - - 1773162777.791519165 1773162777.805637598 0
Mar 10 17:12:57 standalone account-server[123871]: 172.20.0.100 - - [10/Mar/2026:17:12:57 +0000] "PUT /d1/972/AUTH_7f986e436bcb4dfbb6a1610a5f8a355b/gnocchi.a8bc1596-d967-414f-971c-91f4b1b896b3" 201 - "PUT http://172.20.0.100:6001/d1/374/AUTH_7f986e436bcb4dfbb6a1610a5f8a355b/gnocchi.a8bc1596-d967-414f-971c-91f4b1b896b3" "tx47f2526f5cdd458c9b665-0069b05119" "container-server 19" 0.0056 "-" 20 0
Mar 10 17:12:57 standalone container-server[123848]: 172.20.0.100 - - [10/Mar/2026:17:12:57 +0000] "PUT /d1/374/AUTH_7f986e436bcb4dfbb6a1610a5f8a355b/gnocchi.a8bc1596-d967-414f-971c-91f4b1b896b3" 201 - "PUT http://localhost:8080/v1/AUTH_7f986e436bcb4dfbb6a1610a5f8a355b/gnocchi.a8bc1596-d967-414f-971c-91f4b1b896b3" "tx47f2526f5cdd458c9b665-0069b05119" "proxy-server 21" 0.0187 "-" 19 0
Mar 10 17:12:57 standalone proxy-server[125841]: 172.18.0.2 ::1 10/Mar/2026/17/12/57 PUT /v1/AUTH_7f986e436bcb4dfbb6a1610a5f8a355b/gnocchi.a8bc1596-d967-414f-971c-91f4b1b896b3 HTTP/1.0 201 - python-swiftclient-3.11.1 gAAAAABpsFBi3mJa... - - - tx47f2526f5cdd458c9b665-0069b05119 - 0.0264 - - 1773162777.810734272 1773162777.837100506 0
Mar 10 17:12:57 standalone container-server[123856]: 172.20.0.100 - - [10/Mar/2026:17:12:57 +0000] "HEAD /d1/374/AUTH_7f986e436bcb4dfbb6a1610a5f8a355b/gnocchi.a8bc1596-d967-414f-971c-91f4b1b896b3" 204 - "HEAD http://localhost:8080/v1/AUTH_7f986e436bcb4dfbb6a1610a5f8a355b/gnocchi.a8bc1596-d967-414f-971c-91f4b1b896b3?format=json&states=listing" "txff89ba13b2e648a297279-0069b05119" "proxy-server 21" 0.0023 "-" 22 0
Mar 10 17:12:57 standalone proxy-server[125841]: - - 10/Mar/2026/17/12/57 HEAD /v1/AUTH_7f986e436bcb4dfbb6a1610a5f8a355b/gnocchi.a8bc1596-d967-414f-971c-91f4b1b896b3%3Fformat%3Djson%26states%3Dlisting HTTP/1.0 204 - Swift - - - - txff89ba13b2e648a297279-0069b05119 - 0.0073 RL - 1773162777.845126152 1773162777.852416515 0
Mar 10 17:12:57 standalone container-server[123856]: 172.20.0.100 - - [10/Mar/2026:17:12:57 +0000] "GET /d1/374/AUTH_7f986e436bcb4dfbb6a1610a5f8a355b/gnocchi.a8bc1596-d967-414f-971c-91f4b1b896b3" 200 2 "GET http://localhost:8080/v1/AUTH_7f986e436bcb4dfbb6a1610a5f8a355b/gnocchi.a8bc1596-d967-414f-971c-91f4b1b896b3?format=json&states=listing" "txff89ba13b2e648a297279-0069b05119" "proxy-server 21" 0.0048 "-" 22 0
Mar 10 17:12:57 standalone proxy-server[125841]: 172.18.0.2 ::1 10/Mar/2026/17/12/57 GET /v1/AUTH_7f986e436bcb4dfbb6a1610a5f8a355b/gnocchi.a8bc1596-d967-414f-971c-91f4b1b896b3%3Fformat%3Djson%26states%3Dlisting HTTP/1.0 200 - python-swiftclient-3.11.1 gAAAAABpsFBi3mJa... - 2 - txff89ba13b2e648a297279-0069b05119 - 0.0250 - - 1773162777.843411207 1773162777.868412971 0
Mar 10 17:12:57 standalone object-server[124095]: 172.20.0.100 - - [10/Mar/2026:17:12:57 +0000] "GET /d1/869/AUTH_7f986e436bcb4dfbb6a1610a5f8a355b/gnocchi.a8bc1596-d967-414f-971c-91f4b1b896b3/1772280000.0_mean_300.0_v3" 404 70 "GET http://localhost:8080/v1/AUTH_7f986e436bcb4dfbb6a1610a5f8a355b/gnocchi.a8bc1596-d967-414f-971c-91f4b1b896b3/1772280000.0_mean_300.0_v3" "txba91052e99b441aca97a9-0069b05119" "proxy-server 21" 0.0005 "-" 25 0
