Mar 10 17:12:57 standalone proxy-server[125841]: 172.18.0.2 ::1 10/Mar/2026/17/12/57 GET /v1/AUTH_7f986e436bcb4dfbb6a1610a5f8a355b/gnocchi.a8bc1596-d967-414f-971c-91f4b1b896b3/1772280000.0_mean_300.0_v3 HTTP/1.0 404 - python-swiftclient-3.11.1 gAAAAABpsFBi3mJa... - 70 - txba91052e99b441aca97a9-0069b05119 - 0.0085 - - 1773162777.874367952 1773162777.882916689 0
Mar 10 17:12:57 standalone container-server[123856]: 172.20.0.100 - - [10/Mar/2026:17:12:57 +0000] "PUT /d1/374/AUTH_7f986e436bcb4dfbb6a1610a5f8a355b/gnocchi.a8bc1596-d967-414f-971c-91f4b1b896b3/1772280000.0_mean_300.0_v3" 201 - "PUT http://localhost:8080/d1/869/AUTH_7f986e436bcb4dfbb6a1610a5f8a355b/gnocchi.a8bc1596-d967-414f-971c-91f4b1b896b3/1772280000.0_mean_300.0_v3" "tx204571cddb384276a4f89-0069b05119" "object-server 24" 0.0012 "-" 22 0
Mar 10 17:12:57 standalone object-server[124093]: 172.20.0.100 - - [10/Mar/2026:17:12:57 +0000] "PUT /d1/869/AUTH_7f986e436bcb4dfbb6a1610a5f8a355b/gnocchi.a8bc1596-d967-414f-971c-91f4b1b896b3/1772280000.0_mean_300.0_v3" 201 - "PUT http://localhost:8080/v1/AUTH_7f986e436bcb4dfbb6a1610a5f8a355b/gnocchi.a8bc1596-d967-414f-971c-91f4b1b896b3/1772280000.0_mean_300.0_v3" "tx204571cddb384276a4f89-0069b05119" "proxy-server 21" 0.0130 "-" 24 0
Mar 10 17:12:57 standalone proxy-server[125841]: 172.18.0.2 ::1 10/Mar/2026/17/12/57 PUT /v1/AUTH_7f986e436bcb4dfbb6a1610a5f8a355b/gnocchi.a8bc1596-d967-414f-971c-91f4b1b896b3/1772280000.0_mean_300.0_v3 HTTP/1.0 201 - python-swiftclient-3.11.1 gAAAAABpsFBi3mJa... 16 - - tx204571cddb384276a4f89-0069b05119 - 0.0218 - - 1773162777.887910843 1773162777.909677029 0
Mar 10 17:12:57 standalone container-server[123856]: 172.20.0.100 - - [10/Mar/2026:17:12:57 +0000] "PUT /d1/374/AUTH_7f986e436bcb4dfbb6a1610a5f8a355b/gnocchi.a8bc1596-d967-414f-971c-91f4b1b896b3/none_v3" 201 - "PUT http://localhost:8080/d1/864/AUTH_7f986e436bcb4dfbb6a1610a5f8a355b/gnocchi.a8bc1596-d967-414f-971c-91f4b1b896b3/none_v3" "tx814a77be9b344006aa269-0069b05119" "object-server 22" 0.0009 "-" 22 0
Mar 10 17:12:57 standalone object-server[124087]: 172.20.0.100 - - [10/Mar/2026:17:12:57 +0000] "PUT /d1/864/AUTH_7f986e436bcb4dfbb6a1610a5f8a355b/gnocchi.a8bc1596-d967-414f-971c-91f4b1b896b3/none_v3" 201 - "PUT http://localhost:8080/v1/AUTH_7f986e436bcb4dfbb6a1610a5f8a355b/gnocchi.a8bc1596-d967-414f-971c-91f4b1b896b3/none_v3" "tx814a77be9b344006aa269-0069b05119" "proxy-server 21" 0.0122 "-" 22 0
Mar 10 17:12:57 standalone proxy-server[125841]: 172.18.0.2 ::1 10/Mar/2026/17/12/57 PUT /v1/AUTH_7f986e436bcb4dfbb6a1610a5f8a355b/gnocchi.a8bc1596-d967-414f-971c-91f4b1b896b3/none_v3 HTTP/1.0 201 - python-swiftclient-3.11.1 gAAAAABpsFBi3mJa... 22 - - tx814a77be9b344006aa269-0069b05119 - 0.0210 - - 1773162777.916263342 1773162777.937257051 0
Mar 10 17:12:57 standalone container-server[123856]: 172.20.0.100 - - [10/Mar/2026:17:12:57 +0000] "HEAD /d1/273/AUTH_7f986e436bcb4dfbb6a1610a5f8a355b/gnocchi.a3fcd16f-5b85-4f74-a7ff-9c5576ed7d19" 404 - "HEAD http://localhost:8080/v1/AUTH_7f986e436bcb4dfbb6a1610a5f8a355b/gnocchi.a3fcd16f-5b85-4f74-a7ff-9c5576ed7d19?format=json&states=listing" "tx2c474d4f8d4d4f2898774-0069b05119" "proxy-server 21" 0.0007 "-" 22 0
Mar 10 17:12:57 standalone object-server[124087]: 172.20.0.100 - - [10/Mar/2026:17:12:57 +0000] "GET /d1/596/AUTH_7f986e436bcb4dfbb6a1610a5f8a355b/gnocchi.a3fcd16f-5b85-4f74-a7ff-9c5576ed7d19/none_v3" 404 70 "GET http://localhost:8080/v1/AUTH_7f986e436bcb4dfbb6a1610a5f8a355b/gnocchi.a3fcd16f-5b85-4f74-a7ff-9c5576ed7d19/none_v3" "tx2c474d4f8d4d4f2898774-0069b05119" "proxy-server 21" 0.0004 "-" 22 0
Mar 10 17:12:57 standalone proxy-server[125841]: 172.18.0.2 ::1 10/Mar/2026/17/12/57 GET /v1/AUTH_7f986e436bcb4dfbb6a1610a5f8a355b/gnocchi.a3fcd16f-5b85-4f74-a7ff-9c5576ed7d19/none_v3 HTTP/1.0 404 - python-swiftclient-3.11.1 gAAAAABpsFBi3mJa... - 70 - tx2c474d4f8d4d4f2898774-0069b05119 - 0.0138 - - 1773162777.952564001 1773162777.966411591 0
Mar 10 17:12:57 standalone account-server[123872]: 172.20.0.100 - - [10/Mar/2026:17:12:57 +0000] "PUT /d1/972/AUTH_7f986e436bcb4dfbb6a1610a5f8a355b/gnocchi.a3fcd16f-5b85-4f74-a7ff-9c5576ed7d19" 201 - "PUT http://172.20.0.100:6001/d1/273/AUTH_7f986e436bcb4dfbb6a1610a5f8a355b/gnocchi.a3fcd16f-5b85-4f74-a7ff-9c5576ed7d19" "tx3a15beeb3d224636be171-0069b05119" "container-server 22" 0.0069 "-" 21 0
Mar 10 17:12:57 standalone container-server[123856]: 172.20.0.100 - - [10/Mar/2026:17:12:57 +0000] "PUT /d1/273/AUTH_7f986e436bcb4dfbb6a1610a5f8a355b/gnocchi.a3fcd16f-5b85-4f74-a7ff-9c5576ed7d19" 201 - "PUT http://localhost:8080/v1/AUTH_7f986e436bcb4dfbb6a1610a5f8a355b/gnocchi.a3fcd16f-5b85-4f74-a7ff-9c5576ed7d19" "tx3a15beeb3d224636be171-0069b05119" "proxy-server 21" 0.0211 "-" 22 0
Mar 10 17:12:57 standalone proxy-server[125841]: 172.18.0.2 ::1 10/Mar/2026/17/12/57 PUT /v1/AUTH_7f986e436bcb4dfbb6a1610a5f8a355b/gnocchi.a3fcd16f-5b85-4f74-a7ff-9c5576ed7d19 HTTP/1.0 201 - python-swiftclient-3.11.1 gAAAAABpsFBi3mJa... - - - tx3a15beeb3d224636be171-0069b05119 - 0.0283 - - 1773162777.971033812 1773162777.999380827 0
Mar 10 17:12:58 standalone container-server[123851]: 172.20.0.100 - - [10/Mar/2026:17:12:58 +0000] "HEAD /d1/273/AUTH_7f986e436bcb4dfbb6a1610a5f8a355b/gnocchi.a3fcd16f-5b85-4f74-a7ff-9c5576ed7d19" 204 - "HEAD http://localhost:8080/v1/AUTH_7f986e436bcb4dfbb6a1610a5f8a355b/gnocchi.a3fcd16f-5b85-4f74-a7ff-9c5576ed7d19?format=json&states=listing" "tx1170fe7e06dc4836a7355-0069b0511a" "proxy-server 21" 0.0015 "-" 20 0
Mar 10 17:12:58 standalone proxy-server[125841]: - - 10/Mar/2026/17/12/58 HEAD /v1/AUTH_7f986e436bcb4dfbb6a1610a5f8a355b/gnocchi.a3fcd16f-5b85-4f74-a7ff-9c5576ed7d19%3Fformat%3Djson%26states%3Dlisting HTTP/1.0 204 - Swift - - - - tx1170fe7e06dc4836a7355-0069b0511a - 0.0057 RL - 1773162778.006505966 1773162778.012234449 0
Mar 10 17:12:58 standalone container-server[123856]: 172.20.0.100 - - [10/Mar/2026:17:12:58 +0000] "GET /d1/273/AUTH_7f986e436bcb4dfbb6a1610a5f8a355b/gnocchi.a3fcd16f-5b85-4f74-a7ff-9c5576ed7d19" 200 2 "GET http://localhost:8080/v1/AUTH_7f986e436bcb4dfbb6a1610a5f8a355b/gnocchi.a3fcd16f-5b85-4f74-a7ff-9c5576ed7d19?format=json&states=listing" "tx1170fe7e06dc4836a7355-0069b0511a" "proxy-server 21" 0.0035 "-" 22 0
Mar 10 17:12:58 standalone proxy-server[125841]: 172.18.0.2 ::1 10/Mar/2026/17/12/58 GET /v1/AUTH_7f986e436bcb4dfbb6a1610a5f8a355b/gnocchi.a3fcd16f-5b85-4f74-a7ff-9c5576ed7d19%3Fformat%3Djson%26states%3Dlisting HTTP/1.0 200 - python-swiftclient-3.11.1 gAAAAABpsFBi3mJa... - 2 - tx1170fe7e06dc4836a7355-0069b0511a - 0.0196 - - 1773162778.004852533 1773162778.024433613 0
Mar 10 17:12:58 standalone object-server[124095]: 172.20.0.100 - - [10/Mar/2026:17:12:58 +0000] "GET /d1/394/AUTH_7f986e436bcb4dfbb6a1610a5f8a355b/gnocchi.a3fcd16f-5b85-4f74-a7ff-9c5576ed7d19/1772280000.0_mean_300.0_v3" 404 70 "GET http://localhost:8080/v1/AUTH_7f986e436bcb4dfbb6a1610a5f8a355b/gnocchi.a3fcd16f-5b85-4f74-a7ff-9c5576ed7d19/1772280000.0_mean_300.0_v3" "tx835834b5e0284b2084005-0069b0511a" "proxy-server 21" 0.0004 "-" 25 0
Mar 10 17:12:58 standalone proxy-server[125841]: 172.18.0.2 ::1 10/Mar/2026/17/12/58 GET /v1/AUTH_7f986e436bcb4dfbb6a1610a5f8a355b/gnocchi.a3fcd16f-5b85-4f74-a7ff-9c5576ed7d19/1772280000.0_mean_300.0_v3 HTTP/1.0 404 - python-swiftclient-3.11.1 gAAAAABpsFBi3mJa... - 70 - tx835834b5e0284b2084005-0069b0511a - 0.0090 - - 1773162778.030113935 1773162778.039094687 0
Mar 10 17:12:58 standalone container-server[123852]: 172.20.0.100 - - [10/Mar/2026:17:12:58 +0000] "PUT /d1/273/AUTH_7f986e436bcb4dfbb6a1610a5f8a355b/gnocchi.a3fcd16f-5b85-4f74-a7ff-9c5576ed7d19/1772280000.0_mean_300.0_v3" 201 - "PUT http://localhost:8080/d1/394/AUTH_7f986e436bcb4dfbb6a1610a5f8a355b/gnocchi.a3fcd16f-5b85-4f74-a7ff-9c5576ed7d19/1772280000.0_mean_300.0_v3" "tx937918a633594f8d968d2-0069b0511a" "object-server 24" 0.0005 "-" 21 0
Mar 10 17:12:58 standalone object-server[124093]: 172.20.0.100 - - [10/Mar/2026:17:12:58 +0000] "PUT /d1/394/AUTH_7f986e436bcb4dfbb6a1610a5f8a355b/gnocchi.a3fcd16f-5b85-4f74-a7ff-9c5576ed7d19/1772280000.0_mean_300.0_v3" 201 - "PUT http://localhost:8080/v1/AUTH_7f986e436bcb4dfbb6a1610a5f8a355b/gnocchi.a3fcd16f-5b85-4f74-a7ff-9c5576ed7d19/1772280000.0_mean_300.0_v3" "tx937918a633594f8d968d2-0069b0511a" "proxy-server 21" 0.0104 "-" 24 0
Mar 10 17:12:58 standalone proxy-server[125841]: 172.18.0.2 ::1 10/Mar/2026/17/12/58 PUT /v1/AUTH_7f986e436bcb4dfbb6a1610a5f8a355b/gnocchi.a3fcd16f-5b85-4f74-a7ff-9c5576ed7d19/1772280000.0_mean_300.0_v3 HTTP/1.0 201 - python-swiftclient-3.11.1 gAAAAABpsFBi3mJa... 16 - - tx937918a633594f8d968d2-0069b0511a - 0.0165 - - 1773162778.045284271 1773162778.061764240 0
Mar 10 17:12:58 standalone container-server[123856]: 172.20.0.100 - - [10/Mar/2026:17:12:58 +0000] "PUT /d1/273/AUTH_7f986e436bcb4dfbb6a1610a5f8a355b/gnocchi.a3fcd16f-5b85-4f74-a7ff-9c5576ed7d19/none_v3" 201 - "PUT http://localhost:8080/d1/596/AUTH_7f986e436bcb4dfbb6a1610a5f8a355b/gnocchi.a3fcd16f-5b85-4f74-a7ff-9c5576ed7d19/none_v3" "tx5dc7bbcb3fc24cd3a3980-0069b0511a" "object-server 24" 0.0007 "-" 22 0
Mar 10 17:12:58 standalone object-server[124093]: 172.20.0.100 - - [10/Mar/2026:17:12:58 +0000] "PUT /d1/596/AUTH_7f986e436bcb4dfbb6a1610a5f8a355b/gnocchi.a3fcd16f-5b85-4f74-a7ff-9c5576ed7d19/none_v3" 201 - "PUT http://localhost:8080/v1/AUTH_7f986e436bcb4dfbb6a1610a5f8a355b/gnocchi.a3fcd16f-5b85-4f74-a7ff-9c5576ed7d19/none_v3" "tx5dc7bbcb3fc24cd3a3980-0069b0511a" "proxy-server 21" 0.0111 "-" 24 0
Mar 10 17:12:58 standalone proxy-server[125841]: 172.18.0.2 ::1 10/Mar/2026/17/12/58 PUT /v1/AUTH_7f986e436bcb4dfbb6a1610a5f8a355b/gnocchi.a3fcd16f-5b85-4f74-a7ff-9c5576ed7d19/none_v3 HTTP/1.0 201 - python-swiftclient-3.11.1 gAAAAABpsFBi3mJa... 22 - - tx5dc7bbcb3fc24cd3a3980-0069b0511a - 0.0159 - - 1773162778.065850019 1773162778.081798077 0
Mar 10 17:12:58 standalone container-server[123852]: 172.20.0.100 - - [10/Mar/2026:17:12:58 +0000] "HEAD /d1/772/AUTH_7f986e436bcb4dfbb6a1610a5f8a355b/gnocchi.7a88ce6a-61fc-45e2-9f15-76403420be0e" 404 - "HEAD http://localhost:8080/v1/AUTH_7f986e436bcb4dfbb6a1610a5f8a355b/gnocchi.7a88ce6a-61fc-45e2-9f15-76403420be0e?format=json&states=listing" "txda094bb034114ab9b4202-0069b0511a" "proxy-server 21" 0.0004 "-" 21 0
Mar 10 17:12:58 standalone object-server[124087]: 172.20.0.100 - - [10/Mar/2026:17:12:58 +0000] "GET /d1/31/AUTH_7f986e436bcb4dfbb6a1610a5f8a355b/gnocchi.7a88ce6a-61fc-45e2-9f15-76403420be0e/none_v3" 404 70 "GET http://localhost:8080/v1/AUTH_7f986e436bcb4dfbb6a1610a5f8a355b/gnocchi.7a88ce6a-61fc-45e2-9f15-76403420be0e/none_v3" "txda094bb034114ab9b4202-0069b0511a" "proxy-server 21" 0.0005 "-" 22 0
Mar 10 17:12:58 standalone proxy-server[125841]: 172.18.0.2 ::1 10/Mar/2026/17/12/58 GET /v1/AUTH_7f986e436bcb4dfbb6a1610a5f8a355b/gnocchi.7a88ce6a-61fc-45e2-9f15-76403420be0e/none_v3 HTTP/1.0 404 - python-swiftclient-3.11.1 gAAAAABpsFBi3mJa... - 70 - txda094bb034114ab9b4202-0069b0511a - 0.0084 - - 1773162778.095315456 1773162778.103761911 0
Mar 10 17:12:58 standalone account-server[123882]: 172.20.0.100 - - [10/Mar/2026:17:12:58 +0000] "PUT /d1/972/AUTH_7f986e436bcb4dfbb6a1610a5f8a355b/gnocchi.7a88ce6a-61fc-45e2-9f15-76403420be0e" 201 - "PUT http://172.20.0.100:6001/d1/772/AUTH_7f986e436bcb4dfbb6a1610a5f8a355b/gnocchi.7a88ce6a-61fc-45e2-9f15-76403420be0e" "tx0bdbcb9546104f7ea9891-0069b0511a" "container-server 22" 0.0048 "-" 23 0
Mar 10 17:12:58 standalone container-server[123856]: 172.20.0.100 - - [10/Mar/2026:17:12:58 +0000] "PUT /d1/772/AUTH_7f986e436bcb4dfbb6a1610a5f8a355b/gnocchi.7a88ce6a-61fc-45e2-9f15-76403420be0e" 201 - "PUT http://localhost:8080/v1/AUTH_7f986e436bcb4dfbb6a1610a5f8a355b/gnocchi.7a88ce6a-61fc-45e2-9f15-76403420be0e" "tx0bdbcb9546104f7ea9891-0069b0511a" "proxy-server 21" 0.0179 "-" 22 0
Mar 10 17:12:58 standalone proxy-server[125841]: 172.18.0.2 ::1 10/Mar/2026/17/12/58 PUT /v1/AUTH_7f986e436bcb4dfbb6a1610a5f8a355b/gnocchi.7a88ce6a-61fc-45e2-9f15-76403420be0e HTTP/1.0 201 - python-swiftclient-3.11.1 gAAAAABpsFBi3mJa... - - - tx0bdbcb9546104f7ea9891-0069b0511a - 0.0220 - - 1773162778.107372999 1773162778.129348278 0
Mar 10 17:12:58 standalone container-server[123856]: 172.20.0.100 - - [10/Mar/2026:17:12:58 +0000] "HEAD /d1/772/AUTH_7f986e436bcb4dfbb6a1610a5f8a355b/gnocchi.7a88ce6a-61fc-45e2-9f15-76403420be0e" 204 - "HEAD http://localhost:8080/v1/AUTH_7f986e436bcb4dfbb6a1610a5f8a355b/gnocchi.7a88ce6a-61fc-45e2-9f15-76403420be0e?format=json&states=listing" "txd938a3d965cd4c78afb29-0069b0511a" "proxy-server 21" 0.0018 "-" 22 0
Mar 10 17:12:58 standalone proxy-server[125841]: - - 10/Mar/2026/17/12/58 HEAD /v1/AUTH_7f986e436bcb4dfbb6a1610a5f8a355b/gnocchi.7a88ce6a-61fc-45e2-9f15-76403420be0e%3Fformat%3Djson%26states%3Dlisting HTTP/1.0 204 - Swift - - - - txd938a3d965cd4c78afb29-0069b0511a - 0.0046 RL - 1773162778.134410381 1773162778.139012814 0
Mar 10 17:12:58 standalone container-server[123851]: 172.20.0.100 - - [10/Mar/2026:17:12:58 +0000] "GET /d1/772/AUTH_7f986e436bcb4dfbb6a1610a5f8a355b/gnocchi.7a88ce6a-61fc-45e2-9f15-76403420be0e" 200 2 "GET http://localhost:8080/v1/AUTH_7f986e436bcb4dfbb6a1610a5f8a355b/gnocchi.7a88ce6a-61fc-45e2-9f15-76403420be0e?format=json&states=listing" "txd938a3d965cd4c78afb29-0069b0511a" "proxy-server 21" 0.0022 "-" 20 0
Mar 10 17:12:58 standalone proxy-server[125841]: 172.18.0.2 ::1 10/Mar/2026/17/12/58 GET /v1/AUTH_7f986e436bcb4dfbb6a1610a5f8a355b/gnocchi.7a88ce6a-61fc-45e2-9f15-76403420be0e%3Fformat%3Djson%26states%3Dlisting HTTP/1.0 200 - python-swiftclient-3.11.1 gAAAAABpsFBi3mJa... - 2 - txd938a3d965cd4c78afb29-0069b0511a - 0.0122 - - 1773162778.133566141 1773162778.145746946 0
Mar 10 17:12:58 standalone object-server[124087]: 172.20.0.100 - - [10/Mar/2026:17:12:58 +0000] "GET /d1/20/AUTH_7f986e436bcb4dfbb6a1610a5f8a355b/gnocchi.7a88ce6a-61fc-45e2-9f15-76403420be0e/1772280000.0_mean_300.0_v3" 404 70 "GET http://localhost:8080/v1/AUTH_7f986e436bcb4dfbb6a1610a5f8a355b/gnocchi.7a88ce6a-61fc-45e2-9f15-76403420be0e/1772280000.0_mean_300.0_v3" "tx0740521b9bc94f1ca0981-0069b0511a" "proxy-server 21" 0.0003 "-" 22 0
Mar 10 17:12:58 standalone proxy-server[125841]: 172.18.0.2 ::1 10/Mar/2026/17/12/58 GET /v1/AUTH_7f986e436bcb4dfbb6a1610a5f8a355b/gnocchi.7a88ce6a-61fc-45e2-9f15-76403420be0e/1772280000.0_mean_300.0_v3 HTTP/1.0 404 - python-swiftclient-3.11.1 gAAAAABpsFBi3mJa... - 70 - tx0740521b9bc94f1ca0981-0069b0511a - 0.0046 - - 1773162778.152004242 1773162778.156619549 0
Mar 10 17:12:58 standalone container-server[123856]: 172.20.0.100 - - [10/Mar/2026:17:12:58 +0000] "PUT /d1/772/AUTH_7f986e436bcb4dfbb6a1610a5f8a355b/gnocchi.7a88ce6a-61fc-45e2-9f15-76403420be0e/1772280000.0_mean_300.0_v3" 201 - "PUT http://localhost:8080/d1/20/AUTH_7f986e436bcb4dfbb6a1610a5f8a355b/gnocchi.7a88ce6a-61fc-45e2-9f15-76403420be0e/1772280000.0_mean_300.0_v3" "txf21b1fbb78ae4a85b74a4-0069b0511a" "object-server 25" 0.0008 "-" 22 0
Mar 10 17:12:58 standalone object-server[124095]: 172.20.0.100 - - [10/Mar/2026:17:12:58 +0000] "PUT /d1/20/AUTH_7f986e436bcb4dfbb6a1610a5f8a355b/gnocchi.7a88ce6a-61fc-45e2-9f15-76403420be0e/1772280000.0_mean_300.0_v3" 201 - "PUT http://localhost:8080/v1/AUTH_7f986e436bcb4dfbb6a1610a5f8a355b/gnocchi.7a88ce6a-61fc-45e2-9f15-76403420be0e/1772280000.0_mean_300.0_v3" "txf21b1fbb78ae4a85b74a4-0069b0511a" "proxy-server 21" 0.0099 "-" 25 0
Mar 10 17:12:58 standalone proxy-server[125841]: 172.18.0.2 ::1 10/Mar/2026/17/12/58 PUT /v1/AUTH_7f986e436bcb4dfbb6a1610a5f8a355b/gnocchi.7a88ce6a-61fc-45e2-9f15-76403420be0e/1772280000.0_mean_300.0_v3 HTTP/1.0 201 - python-swiftclient-3.11.1 gAAAAABpsFBi3mJa... 16 - - txf21b1fbb78ae4a85b74a4-0069b0511a - 0.0141 - - 1773162778.161963940 1773162778.176091194 0
Mar 10 17:12:58 standalone container-server[123856]: 172.20.0.100 - - [10/Mar/2026:17:12:58 +0000] "PUT /d1/772/AUTH_7f986e436bcb4dfbb6a1610a5f8a355b/gnocchi.7a88ce6a-61fc-45e2-9f15-76403420be0e/none_v3" 201 - "PUT http://localhost:8080/d1/31/AUTH_7f986e436bcb4dfbb6a1610a5f8a355b/gnocchi.7a88ce6a-61fc-45e2-9f15-76403420be0e/none_v3" "txa2fa9c7752a944618873d-0069b0511a" "object-server 24" 0.0006 "-" 22 0
Mar 10 17:12:58 standalone object-server[124093]: 172.20.0.100 - - [10/Mar/2026:17:12:58 +0000] "PUT /d1/31/AUTH_7f986e436bcb4dfbb6a1610a5f8a355b/gnocchi.7a88ce6a-61fc-45e2-9f15-76403420be0e/none_v3" 201 - "PUT http://localhost:8080/v1/AUTH_7f986e436bcb4dfbb6a1610a5f8a355b/gnocchi.7a88ce6a-61fc-45e2-9f15-76403420be0e/none_v3" "txa2fa9c7752a944618873d-0069b0511a" "proxy-server 21" 0.0145 "-" 24 0
Mar 10 17:12:58 standalone proxy-server[125841]: 172.18.0.2 ::1 10/Mar/2026/17/12/58 PUT /v1/AUTH_7f986e436bcb4dfbb6a1610a5f8a355b/gnocchi.7a88ce6a-61fc-45e2-9f15-76403420be0e/none_v3 HTTP/1.0 201 - python-swiftclient-3.11.1 gAAAAABpsFBi3mJa... 22 - - txa2fa9c7752a944618873d-0069b0511a - 0.0205 - - 1773162778.179815531 1773162778.200331926 0
Mar 10 17:12:58 standalone container-server[123856]: 172.20.0.100 - - [10/Mar/2026:17:12:58 +0000] "HEAD /d1/629/AUTH_7f986e436bcb4dfbb6a1610a5f8a355b/gnocchi.294cfb21-bcf2-4f0c-83fa-84aeba351df7" 404 - "HEAD http://localhost:8080/v1/AUTH_7f986e436bcb4dfbb6a1610a5f8a355b/gnocchi.294cfb21-bcf2-4f0c-83fa-84aeba351df7?format=json&states=listing" "tx0e436f4e248a49bd9e9fb-0069b0511a" "proxy-server 21" 0.0004 "-" 22 0
Mar 10 17:12:58 standalone object-server[124092]: 172.20.0.100 - - [10/Mar/2026:17:12:58 +0000] "GET /d1/1005/AUTH_7f986e436bcb4dfbb6a1610a5f8a355b/gnocchi.294cfb21-bcf2-4f0c-83fa-84aeba351df7/none_v3" 404 70 "GET http://localhost:8080/v1/AUTH_7f986e436bcb4dfbb6a1610a5f8a355b/gnocchi.294cfb21-bcf2-4f0c-83fa-84aeba351df7/none_v3" "tx0e436f4e248a49bd9e9fb-0069b0511a" "proxy-server 21" 0.0005 "-" 23 0
Mar 10 17:12:58 standalone proxy-server[125841]: 172.18.0.2 ::1 10/Mar/2026/17/12/58 GET /v1/AUTH_7f986e436bcb4dfbb6a1610a5f8a355b/gnocchi.294cfb21-bcf2-4f0c-83fa-84aeba351df7/none_v3 HTTP/1.0 404 - python-swiftclient-3.11.1 gAAAAABpsFBi3mJa... - 70 - tx0e436f4e248a49bd9e9fb-0069b0511a - 0.0080 - - 1773162778.214401484 1773162778.222374201 0
Mar 10 17:12:58 standalone account-server[123871]: 172.20.0.100 - - [10/Mar/2026:17:12:58 +0000] "PUT /d1/972/AUTH_7f986e436bcb4dfbb6a1610a5f8a355b/gnocchi.294cfb21-bcf2-4f0c-83fa-84aeba351df7" 201 - "PUT http://172.20.0.100:6001/d1/629/AUTH_7f986e436bcb4dfbb6a1610a5f8a355b/gnocchi.294cfb21-bcf2-4f0c-83fa-84aeba351df7" "tx0efa3d766a3e4d2d9d69b-0069b0511a" "container-server 20" 0.0060 "-" 20 0
Mar 10 17:12:58 standalone container-server[123851]: 172.20.0.100 - - [10/Mar/2026:17:12:58 +0000] "PUT /d1/629/AUTH_7f986e436bcb4dfbb6a1610a5f8a355b/gnocchi.294cfb21-bcf2-4f0c-83fa-84aeba351df7" 201 - "PUT http://localhost:8080/v1/AUTH_7f986e436bcb4dfbb6a1610a5f8a355b/gnocchi.294cfb21-bcf2-4f0c-83fa-84aeba351df7" "tx0efa3d766a3e4d2d9d69b-0069b0511a" "proxy-server 21" 0.0166 "-" 20 0
Mar 10 17:12:58 standalone proxy-server[125841]: 172.18.0.2 ::1 10/Mar/2026/17/12/58 PUT /v1/AUTH_7f986e436bcb4dfbb6a1610a5f8a355b/gnocchi.294cfb21-bcf2-4f0c-83fa-84aeba351df7 HTTP/1.0 201 - python-swiftclient-3.11.1 gAAAAABpsFBi3mJa... - - - tx0efa3d766a3e4d2d9d69b-0069b0511a - 0.0204 - - 1773162778.225603342 1773162778.245990992 0
Mar 10 17:12:58 standalone container-server[123856]: 172.20.0.100 - - [10/Mar/2026:17:12:58 +0000] "HEAD /d1/629/AUTH_7f986e436bcb4dfbb6a1610a5f8a355b/gnocchi.294cfb21-bcf2-4f0c-83fa-84aeba351df7" 204 - "HEAD http://localhost:8080/v1/AUTH_7f986e436bcb4dfbb6a1610a5f8a355b/gnocchi.294cfb21-bcf2-4f0c-83fa-84aeba351df7?format=json&states=listing" "txe586b041cdf742229bc13-0069b0511a" "proxy-server 21" 0.0020 "-" 22 0
Mar 10 17:12:58 standalone proxy-server[125841]: - - 10/Mar/2026/17/12/58 HEAD /v1/AUTH_7f986e436bcb4dfbb6a1610a5f8a355b/gnocchi.294cfb21-bcf2-4f0c-83fa-84aeba351df7%3Fformat%3Djson%26states%3Dlisting HTTP/1.0 204 - Swift - - - - txe586b041cdf742229bc13-0069b0511a - 0.0050 RL - 1773162778.250862122 1773162778.255879641 0
Mar 10 17:12:58 standalone container-server[123856]: 172.20.0.100 - - [10/Mar/2026:17:12:58 +0000] "GET /d1/629/AUTH_7f986e436bcb4dfbb6a1610a5f8a355b/gnocchi.294cfb21-bcf2-4f0c-83fa-84aeba351df7" 200 2 "GET http://localhost:8080/v1/AUTH_7f986e436bcb4dfbb6a1610a5f8a355b/gnocchi.294cfb21-bcf2-4f0c-83fa-84aeba351df7?format=json&states=listing" "txe586b041cdf742229bc13-0069b0511a" "proxy-server 21" 0.0030 "-" 22 0
Mar 10 17:12:58 standalone proxy-server[125841]: 172.18.0.2 ::1 10/Mar/2026/17/12/58 GET /v1/AUTH_7f986e436bcb4dfbb6a1610a5f8a355b/gnocchi.294cfb21-bcf2-4f0c-83fa-84aeba351df7%3Fformat%3Djson%26states%3Dlisting HTTP/1.0 200 - python-swiftclient-3.11.1 gAAAAABpsFBi3mJa... - 2 - txe586b041cdf742229bc13-0069b0511a - 0.0153 - - 1773162778.250103951 1773162778.265452862 0
Mar 10 17:12:58 standalone object-server[124087]: 172.20.0.100 - - [10/Mar/2026:17:12:58 +0000] "GET /d1/271/AUTH_7f986e436bcb4dfbb6a1610a5f8a355b/gnocchi.294cfb21-bcf2-4f0c-83fa-84aeba351df7/1772280000.0_mean_300.0_v3" 404 70 "GET http://localhost:8080/v1/AUTH_7f986e436bcb4dfbb6a1610a5f8a355b/gnocchi.294cfb21-bcf2-4f0c-83fa-84aeba351df7/1772280000.0_mean_300.0_v3" "tx2fc77ee838f34ed5bb9b5-0069b0511a" "proxy-server 21" 0.0006 "-" 22 0
Mar 10 17:12:58 standalone proxy-server[125841]: 172.18.0.2 ::1 10/Mar/2026/17/12/58 GET /v1/AUTH_7f986e436bcb4dfbb6a1610a5f8a355b/gnocchi.294cfb21-bcf2-4f0c-83fa-84aeba351df7/1772280000.0_mean_300.0_v3 HTTP/1.0 404 - python-swiftclient-3.11.1 gAAAAABpsFBi3mJa... - 70 - tx2fc77ee838f34ed5bb9b5-0069b0511a - 0.0060 - - 1773162778.270361185 1773162778.276386499 0
Mar 10 17:12:58 standalone container-server[123848]: 172.20.0.100 - - [10/Mar/2026:17:12:58 +0000] "PUT /d1/629/AUTH_7f986e436bcb4dfbb6a1610a5f8a355b/gnocchi.294cfb21-bcf2-4f0c-83fa-84aeba351df7/1772280000.0_mean_300.0_v3" 201 - "PUT http://localhost:8080/d1/271/AUTH_7f986e436bcb4dfbb6a1610a5f8a355b/gnocchi.294cfb21-bcf2-4f0c-83fa-84aeba351df7/1772280000.0_mean_300.0_v3" "tx1eebc2519df64809a3f50-0069b0511a" "object-server 24" 0.0008 "-" 19 0
Mar 10 17:12:58 standalone object-server[124093]: 172.20.0.100 - - [10/Mar/2026:17:12:58 +0000] "PUT /d1/271/AUTH_7f986e436bcb4dfbb6a1610a5f8a355b/gnocchi.294cfb21-bcf2-4f0c-83fa-84aeba351df7/1772280000.0_mean_300.0_v3" 201 - "PUT http://localhost:8080/v1/AUTH_7f986e436bcb4dfbb6a1610a5f8a355b/gnocchi.294cfb21-bcf2-4f0c-83fa-84aeba351df7/1772280000.0_mean_300.0_v3" "tx1eebc2519df64809a3f50-0069b0511a" "proxy-server 21" 0.0123 "-" 24 0
Mar 10 17:12:58 standalone proxy-server[125841]: 172.18.0.2 ::1 10/Mar/2026/17/12/58 PUT /v1/AUTH_7f986e436bcb4dfbb6a1610a5f8a355b/gnocchi.294cfb21-bcf2-4f0c-83fa-84aeba351df7/1772280000.0_mean_300.0_v3 HTTP/1.0 201 - python-swiftclient-3.11.1 gAAAAABpsFBi3mJa... 16 - - tx1eebc2519df64809a3f50-0069b0511a - 0.0184 - - 1773162778.280401230 1773162778.298812628 0
Mar 10 17:12:58 standalone container-server[123852]: 172.20.0.100 - - [10/Mar/2026:17:12:58 +0000] "PUT /d1/629/AUTH_7f986e436bcb4dfbb6a1610a5f8a355b/gnocchi.294cfb21-bcf2-4f0c-83fa-84aeba351df7/none_v3" 201 - "PUT http://localhost:8080/d1/1005/AUTH_7f986e436bcb4dfbb6a1610a5f8a355b/gnocchi.294cfb21-bcf2-4f0c-83fa-84aeba351df7/none_v3" "txedf46f1a5caa4291918cb-0069b0511a" "object-server 22" 0.0006 "-" 21 0
Mar 10 17:12:58 standalone object-server[124087]: 172.20.0.100 - - [10/Mar/2026:17:12:58 +0000] "PUT /d1/1005/AUTH_7f986e436bcb4dfbb6a1610a5f8a355b/gnocchi.294cfb21-bcf2-4f0c-83fa-84aeba351df7/none_v3" 201 - "PUT http://localhost:8080/v1/AUTH_7f986e436bcb4dfbb6a1610a5f8a355b/gnocchi.294cfb21-bcf2-4f0c-83fa-84aeba351df7/none_v3" "txedf46f1a5caa4291918cb-0069b0511a" "proxy-server 21" 0.0102 "-" 22 0
Mar 10 17:12:58 standalone proxy-server[125841]: 172.18.0.2 ::1 10/Mar/2026/17/12/58 PUT /v1/AUTH_7f986e436bcb4dfbb6a1610a5f8a355b/gnocchi.294cfb21-bcf2-4f0c-83fa-84aeba351df7/none_v3 HTTP/1.0 201 - python-swiftclient-3.11.1 gAAAAABpsFBi3mJa... 22 - - txedf46f1a5caa4291918cb-0069b0511a - 0.0154 - - 1773162778.302477598 1773162778.317878962 0
Mar 10 17:12:58 standalone container-server[123848]: 172.20.0.100 - - [10/Mar/2026:17:12:58 +0000] "HEAD /d1/371/AUTH_7f986e436bcb4dfbb6a1610a5f8a355b/gnocchi.a5a17e7d-d8d3-4e18-82db-6705d644ded9" 404 - "HEAD http://localhost:8080/v1/AUTH_7f986e436bcb4dfbb6a1610a5f8a355b/gnocchi.a5a17e7d-d8d3-4e18-82db-6705d644ded9?format=json&states=listing" "tx199ec53ea60244c5a9ca3-0069b0511a" "proxy-server 21" 0.0005 "-" 19 0
Mar 10 17:12:58 standalone object-server[124093]: 172.20.0.100 - - [10/Mar/2026:17:12:58 +0000] "GET /d1/225/AUTH_7f986e436bcb4dfbb6a1610a5f8a355b/gnocchi.a5a17e7d-d8d3-4e18-82db-6705d644ded9/none_v3" 404 70 "GET http://localhost:8080/v1/AUTH_7f986e436bcb4dfbb6a1610a5f8a355b/gnocchi.a5a17e7d-d8d3-4e18-82db-6705d644ded9/none_v3" "tx199ec53ea60244c5a9ca3-0069b0511a" "proxy-server 21" 0.0007 "-" 24 0
Mar 10 17:12:58 standalone proxy-server[125841]: 172.18.0.2 ::1 10/Mar/2026/17/12/58 GET /v1/AUTH_7f986e436bcb4dfbb6a1610a5f8a355b/gnocchi.a5a17e7d-d8d3-4e18-82db-6705d644ded9/none_v3 HTTP/1.0 404 - python-swiftclient-3.11.1 gAAAAABpsFBi3mJa... - 70 - tx199ec53ea60244c5a9ca3-0069b0511a - 0.0131 - - 1773162778.334478855 1773162778.347551584 0
Mar 10 17:12:58 standalone account-server[123871]: 172.20.0.100 - - [10/Mar/2026:17:12:58 +0000] "PUT /d1/972/AUTH_7f986e436bcb4dfbb6a1610a5f8a355b/gnocchi.a5a17e7d-d8d3-4e18-82db-6705d644ded9" 201 - "PUT http://172.20.0.100:6001/d1/371/AUTH_7f986e436bcb4dfbb6a1610a5f8a355b/gnocchi.a5a17e7d-d8d3-4e18-82db-6705d644ded9" "txe488024524be4d8aaf66f-0069b0511a" "container-server 22" 0.0083 "-" 20 0
Mar 10 17:12:58 standalone container-server[123856]: 172.20.0.100 - - [10/Mar/2026:17:12:58 +0000] "PUT /d1/371/AUTH_7f986e436bcb4dfbb6a1610a5f8a355b/gnocchi.a5a17e7d-d8d3-4e18-82db-6705d644ded9" 201 - "PUT http://localhost:8080/v1/AUTH_7f986e436bcb4dfbb6a1610a5f8a355b/gnocchi.a5a17e7d-d8d3-4e18-82db-6705d644ded9" "txe488024524be4d8aaf66f-0069b0511a" "proxy-server 21" 0.0211 "-" 22 0
Mar 10 17:12:58 standalone proxy-server[125841]: 172.18.0.2 ::1 10/Mar/2026/17/12/58 PUT /v1/AUTH_7f986e436bcb4dfbb6a1610a5f8a355b/gnocchi.a5a17e7d-d8d3-4e18-82db-6705d644ded9 HTTP/1.0 201 - python-swiftclient-3.11.1 gAAAAABpsFBi3mJa... - - - txe488024524be4d8aaf66f-0069b0511a - 0.0265 - - 1773162778.352352142 1773162778.378819227 0
Mar 10 17:12:58 standalone container-server[123856]: 172.20.0.100 - - [10/Mar/2026:17:12:58 +0000] "HEAD /d1/371/AUTH_7f986e436bcb4dfbb6a1610a5f8a355b/gnocchi.a5a17e7d-d8d3-4e18-82db-6705d644ded9" 204 - "HEAD http://localhost:8080/v1/AUTH_7f986e436bcb4dfbb6a1610a5f8a355b/gnocchi.a5a17e7d-d8d3-4e18-82db-6705d644ded9?format=json&states=listing" "tx8c47d923759d4966aff9b-0069b0511a" "proxy-server 21" 0.0012 "-" 22 0
Mar 10 17:12:58 standalone proxy-server[125841]: - - 10/Mar/2026/17/12/58 HEAD /v1/AUTH_7f986e436bcb4dfbb6a1610a5f8a355b/gnocchi.a5a17e7d-d8d3-4e18-82db-6705d644ded9%3Fformat%3Djson%26states%3Dlisting HTTP/1.0 204 - Swift - - - - tx8c47d923759d4966aff9b-0069b0511a - 0.0043 RL - 1773162778.385382891 1773162778.389669418 0
Mar 10 17:12:58 standalone container-server[123852]: 172.20.0.100 - - [10/Mar/2026:17:12:58 +0000] "GET /d1/371/AUTH_7f986e436bcb4dfbb6a1610a5f8a355b/gnocchi.a5a17e7d-d8d3-4e18-82db-6705d644ded9" 200 2 "GET http://localhost:8080/v1/AUTH_7f986e436bcb4dfbb6a1610a5f8a355b/gnocchi.a5a17e7d-d8d3-4e18-82db-6705d644ded9?format=json&states=listing" "tx8c47d923759d4966aff9b-0069b0511a" "proxy-server 21" 0.0022 "-" 21 0
Mar 10 17:12:58 standalone proxy-server[125841]: 172.18.0.2 ::1 10/Mar/2026/17/12/58 GET /v1/AUTH_7f986e436bcb4dfbb6a1610a5f8a355b/gnocchi.a5a17e7d-d8d3-4e18-82db-6705d644ded9%3Fformat%3Djson%26states%3Dlisting HTTP/1.0 200 - python-swiftclient-3.11.1 gAAAAABpsFBi3mJa... - 2 - tx8c47d923759d4966aff9b-0069b0511a - 0.0140 - - 1773162778.384299040 1773162778.398295879 0
Mar 10 17:12:58 standalone object-server[124093]: 172.20.0.100 - - [10/Mar/2026:17:12:58 +0000] "GET /d1/371/AUTH_7f986e436bcb4dfbb6a1610a5f8a355b/gnocchi.a5a17e7d-d8d3-4e18-82db-6705d644ded9/1772280000.0_mean_300.0_v3" 404 70 "GET http://localhost:8080/v1/AUTH_7f986e436bcb4dfbb6a1610a5f8a355b/gnocchi.a5a17e7d-d8d3-4e18-82db-6705d644ded9/1772280000.0_mean_300.0_v3" "tx6c4e988376e741c5baaf7-0069b0511a" "proxy-server 21" 0.0009 "-" 24 0
Mar 10 17:12:58 standalone proxy-server[125841]: 172.18.0.2 ::1 10/Mar/2026/17/12/58 GET /v1/AUTH_7f986e436bcb4dfbb6a1610a5f8a355b/gnocchi.a5a17e7d-d8d3-4e18-82db-6705d644ded9/1772280000.0_mean_300.0_v3 HTTP/1.0 404 - python-swiftclient-3.11.1 gAAAAABpsFBi3mJa... - 70 - tx6c4e988376e741c5baaf7-0069b0511a - 0.0074 - - 1773162778.403907061 1773162778.411276340 0
Mar 10 17:12:58 standalone container-server[123856]: 172.20.0.100 - - [10/Mar/2026:17:12:58 +0000] "PUT /d1/371/AUTH_7f986e436bcb4dfbb6a1610a5f8a355b/gnocchi.a5a17e7d-d8d3-4e18-82db-6705d644ded9/1772280000.0_mean_300.0_v3" 201 - "PUT http://localhost:8080/d1/371/AUTH_7f986e436bcb4dfbb6a1610a5f8a355b/gnocchi.a5a17e7d-d8d3-4e18-82db-6705d644ded9/1772280000.0_mean_300.0_v3" "tx24098470065541a5823d2-0069b0511a" "object-server 24" 0.0009 "-" 22 0
Mar 10 17:12:58 standalone object-server[124093]: 172.20.0.100 - - [10/Mar/2026:17:12:58 +0000] "PUT /d1/371/AUTH_7f986e436bcb4dfbb6a1610a5f8a355b/gnocchi.a5a17e7d-d8d3-4e18-82db-6705d644ded9/1772280000.0_mean_300.0_v3" 201 - "PUT http://localhost:8080/v1/AUTH_7f986e436bcb4dfbb6a1610a5f8a355b/gnocchi.a5a17e7d-d8d3-4e18-82db-6705d644ded9/1772280000.0_mean_300.0_v3" "tx24098470065541a5823d2-0069b0511a" "proxy-server 21" 0.0120 "-" 24 0
Mar 10 17:12:58 standalone proxy-server[125841]: 172.18.0.2 ::1 10/Mar/2026/17/12/58 PUT /v1/AUTH_7f986e436bcb4dfbb6a1610a5f8a355b/gnocchi.a5a17e7d-d8d3-4e18-82db-6705d644ded9/1772280000.0_mean_300.0_v3 HTTP/1.0 201 - python-swiftclient-3.11.1 gAAAAABpsFBi3mJa... 16 - - tx24098470065541a5823d2-0069b0511a - 0.0184 - - 1773162778.416038036 1773162778.434482336 0
Mar 10 17:12:58 standalone container-server[123851]: 172.20.0.100 - - [10/Mar/2026:17:12:58 +0000] "PUT /d1/371/AUTH_7f986e436bcb4dfbb6a1610a5f8a355b/gnocchi.a5a17e7d-d8d3-4e18-82db-6705d644ded9/none_v3" 201 - "PUT http://localhost:8080/d1/225/AUTH_7f986e436bcb4dfbb6a1610a5f8a355b/gnocchi.a5a17e7d-d8d3-4e18-82db-6705d644ded9/none_v3" "txdaa91653c7014ac3bdc0c-0069b0511a" "object-server 25" 0.0008 "-" 20 0
Mar 10 17:12:58 standalone object-server[124095]: 172.20.0.100 - - [10/Mar/2026:17:12:58 +0000] "PUT /d1/225/AUTH_7f986e436bcb4dfbb6a1610a5f8a355b/gnocchi.a5a17e7d-d8d3-4e18-82db-6705d644ded9/none_v3" 201 - "PUT http://localhost:8080/v1/AUTH_7f986e436bcb4dfbb6a1610a5f8a355b/gnocchi.a5a17e7d-d8d3-4e18-82db-6705d644ded9/none_v3" "txdaa91653c7014ac3bdc0c-0069b0511a" "proxy-server 21" 0.0117 "-" 25 0
Mar 10 17:12:58 standalone proxy-server[125841]: 172.18.0.2 ::1 10/Mar/2026/17/12/58 PUT /v1/AUTH_7f986e436bcb4dfbb6a1610a5f8a355b/gnocchi.a5a17e7d-d8d3-4e18-82db-6705d644ded9/none_v3 HTTP/1.0 201 - python-swiftclient-3.11.1 gAAAAABpsFBi3mJa... 22 - - txdaa91653c7014ac3bdc0c-0069b0511a - 0.0191 - - 1773162778.438719749 1773162778.457838535 0
Mar 10 17:13:18 standalone container-server[123827]: Begin container update sweep
Mar 10 17:13:19 standalone account-server[123882]: 172.20.0.100 - - [10/Mar/2026:17:13:19 +0000] "PUT /d1/972/AUTH_7f986e436bcb4dfbb6a1610a5f8a355b/gnocchi.41224019-d9bd-40d0-9b2e-de5004d509ff" 201 - "-" "-" "container-updater 2" 0.0009 "-" 23 0
Mar 10 17:13:19 standalone account-server[123873]: 172.20.0.100 - - [10/Mar/2026:17:13:19 +0000] "PUT /d1/972/AUTH_7f986e436bcb4dfbb6a1610a5f8a355b/gnocchi.a3fcd16f-5b85-4f74-a7ff-9c5576ed7d19" 201 - "-" "-" "container-updater 2" 0.0006 "-" 22 0
Mar 10 17:13:19 standalone account-server[123882]: 172.20.0.100 - - [10/Mar/2026:17:13:19 +0000] "PUT /d1/972/AUTH_7f986e436bcb4dfbb6a1610a5f8a355b/gnocchi.084f0a9c-7aae-43f2-8770-d78a6a95694d" 201 - "-" "-" "container-updater 2" 0.0007 "-" 23 0
Mar 10 17:13:19 standalone account-server[123882]: 172.20.0.100 - - [10/Mar/2026:17:13:19 +0000] "PUT /d1/972/AUTH_7f986e436bcb4dfbb6a1610a5f8a355b/gnocchi.a8bc1596-d967-414f-971c-91f4b1b896b3" 201 - "-" "-" "container-updater 2" 0.0008 "-" 23 0
Mar 10 17:13:19 standalone account-server[123873]: 172.20.0.100 - - [10/Mar/2026:17:13:19 +0000] "PUT /d1/972/AUTH_7f986e436bcb4dfbb6a1610a5f8a355b/gnocchi.d74ae328-a8d9-482e-a0a7-23c8355daf96" 201 - "-" "-" "container-updater 2" 0.0005 "-" 22 0
Mar 10 17:13:19 standalone account-server[123872]: 172.20.0.100 - - [10/Mar/2026:17:13:19 +0000] "PUT /d1/972/AUTH_7f986e436bcb4dfbb6a1610a5f8a355b/gnocchi.24209461-2c45-4702-bc2c-b8c4780c567d" 201 - "-" "-" "container-updater 2" 0.0004 "-" 21 0
Mar 10 17:13:19 standalone account-server[123873]: 172.20.0.100 - - [10/Mar/2026:17:13:19 +0000] "PUT /d1/972/AUTH_7f986e436bcb4dfbb6a1610a5f8a355b/gnocchi.24b352eb-e903-4a50-9150-7ad032e4d893" 201 - "-" "-" "container-updater 2" 0.0007 "-" 22 0
Mar 10 17:13:19 standalone account-server[123873]: 172.20.0.100 - - [10/Mar/2026:17:13:19 +0000] "PUT /d1/972/AUTH_7f986e436bcb4dfbb6a1610a5f8a355b/gnocchi.ebb8e33d-7aca-4254-a8ed-9c0b61b3c14d" 201 - "-" "-" "container-updater 2" 0.0007 "-" 22 0
Mar 10 17:13:19 standalone account-server[123882]: 172.20.0.100 - - [10/Mar/2026:17:13:19 +0000] "PUT /d1/972/AUTH_7f986e436bcb4dfbb6a1610a5f8a355b/gnocchi.294cfb21-bcf2-4f0c-83fa-84aeba351df7" 201 - "-" "-" "container-updater 2" 0.0005 "-" 23 0
Mar 10 17:13:19 standalone account-server[123882]: 172.20.0.100 - - [10/Mar/2026:17:13:19 +0000] "PUT /d1/972/AUTH_7f986e436bcb4dfbb6a1610a5f8a355b/gnocchi.11368cca-5897-4594-945d-617e96658b31" 201 - "-" "-" "container-updater 2" 0.0005 "-" 23 0
Mar 10 17:13:19 standalone account-server[123873]: 172.20.0.100 - - [10/Mar/2026:17:13:19 +0000] "PUT /d1/972/AUTH_7f986e436bcb4dfbb6a1610a5f8a355b/gnocchi.a5a17e7d-d8d3-4e18-82db-6705d644ded9" 201 - "-" "-" "container-updater 2" 0.0007 "-" 22 0
Mar 10 17:13:20 standalone account-server[123872]: 172.20.0.100 - - [10/Mar/2026:17:13:20 +0000] "PUT /d1/972/AUTH_7f986e436bcb4dfbb6a1610a5f8a355b/gnocchi.8a5c21c4-632a-4b47-a346-02a3264ba482" 201 - "-" "-" "container-updater 2" 0.0007 "-" 21 0
Mar 10 17:13:20 standalone account-server[123872]: 172.20.0.100 - - [10/Mar/2026:17:13:20 +0000] "PUT /d1/972/AUTH_7f986e436bcb4dfbb6a1610a5f8a355b/gnocchi.3bd30d38-c05c-4d35-b085-700c1aeb9c3b" 201 - "-" "-" "container-updater 2" 0.0007 "-" 21 0
Mar 10 17:13:20 standalone account-server[123882]: 172.20.0.100 - - [10/Mar/2026:17:13:20 +0000] "PUT /d1/972/AUTH_7f986e436bcb4dfbb6a1610a5f8a355b/gnocchi.34a8d0a0-ee74-4cab-b12f-9a54d67c0c5c" 201 - "-" "-" "container-updater 2" 0.0007 "-" 23 0
Mar 10 17:13:20 standalone account-server[123871]: 172.20.0.100 - - [10/Mar/2026:17:13:20 +0000] "PUT /d1/972/AUTH_7f986e436bcb4dfbb6a1610a5f8a355b/gnocchi.b4d06791-a6e5-40f9-ae06-bc92484cf95a" 201 - "-" "-" "container-updater 2" 0.0006 "-" 20 0
Mar 10 17:13:20 standalone account-server[123882]: 172.20.0.100 - - [10/Mar/2026:17:13:20 +0000] "PUT /d1/972/AUTH_7f986e436bcb4dfbb6a1610a5f8a355b/glance" 201 - "-" "-" "container-updater 2" 0.0006 "-" 23 0
Mar 10 17:13:20 standalone account-server[123873]: 172.20.0.100 - - [10/Mar/2026:17:13:20 +0000] "PUT /d1/972/AUTH_7f986e436bcb4dfbb6a1610a5f8a355b/gnocchi.01dc3614-6e87-4642-852f-05d38388a62d" 201 - "-" "-" "container-updater 2" 0.0007 "-" 22 0
Mar 10 17:13:20 standalone account-server[123872]: 172.20.0.100 - - [10/Mar/2026:17:13:20 +0000] "PUT /d1/972/AUTH_7f986e436bcb4dfbb6a1610a5f8a355b/gnocchi.79a81e69-7776-4959-a65c-fbabb1e09c92" 201 - "-" "-" "container-updater 2" 0.0006 "-" 21 0
Mar 10 17:13:20 standalone account-server[123882]: 172.20.0.100 - - [10/Mar/2026:17:13:20 +0000] "PUT /d1/972/AUTH_7f986e436bcb4dfbb6a1610a5f8a355b/gnocchi.7a88ce6a-61fc-45e2-9f15-76403420be0e" 201 - "-" "-" "container-updater 2" 0.0005 "-" 23 0
Mar 10 17:13:20 standalone account-server[123882]: 172.20.0.100 - - [10/Mar/2026:17:13:20 +0000] "HEAD /d1/311/.expiring_objects" 404 - "HEAD http://localhost/v1/.expiring_objects?format=json" "tx49f81f0a198041c9a9c7e-0069b05130" "proxy-server 2" 0.0005 "-" 23 -
Mar 10 17:13:20 standalone object-expirer[123931]: Pass completed in 0s; 0 objects expired (txn: tx49f81f0a198041c9a9c7e-0069b05130)
Mar 10 17:13:20 standalone account-server[123882]: 172.20.0.100 - - [10/Mar/2026:17:13:20 +0000] "PUT /d1/972/AUTH_7f986e436bcb4dfbb6a1610a5f8a355b/gnocchi.38eef7f0-7636-4ea2-a152-14250afe1457" 201 - "-" "-" "container-updater 2" 0.0003 "-" 23 0
Mar 10 17:13:21 standalone account-server[123873]: 172.20.0.100 - - [10/Mar/2026:17:13:21 +0000] "PUT /d1/972/AUTH_7f986e436bcb4dfbb6a1610a5f8a355b/gnocchi.1e0359ce-b55e-46e2-8641-ff5962e49712" 201 - "-" "-" "container-updater 2" 0.0007 "-" 22 0
Mar 10 17:13:21 standalone account-server[123871]: 172.20.0.100 - - [10/Mar/2026:17:13:21 +0000] "PUT /d1/972/AUTH_7f986e436bcb4dfbb6a1610a5f8a355b/gnocchi.1cfd974e-a44a-4e69-bcdb-ca8e80555f31" 201 - "-" "-" "container-updater 2" 0.0004 "-" 20 0
Mar 10 17:13:21 standalone account-server[123872]: 172.20.0.100 - - [10/Mar/2026:17:13:21 +0000] "PUT /d1/972/AUTH_7f986e436bcb4dfbb6a1610a5f8a355b/gnocchi.92152c11-b839-440f-9afa-cfb1ed8d2090" 201 - "-" "-" "container-updater 2" 0.0006 "-" 21 0
Mar 10 17:13:21 standalone container-server[123827]: Container update sweep completed: 2.35s
Mar 10 17:15:38 standalone object-server[123937]: Begin object update sweep
Mar 10 17:15:38 standalone object-server[245098]: Object update sweep starting on /srv/node/d1 (pid: 15)
Mar 10 17:15:38 standalone object-server[245098]: Object update sweep completed on /srv/node/d1 in 0.00s seconds:, 0 successes, 0 failures, 0 quarantines, 0 unlinks, 0 errors, 0 redirects (pid: 15)
Mar 10 17:15:38 standalone object-server[245098]: Object update sweep of d1 completed: 0.00s, 0 successes, 0 failures, 0 quarantines, 0 unlinks, 0 errors, 0 redirects
Mar 10 17:15:38 standalone object-server[123937]: Object update sweep completed: 0.10s
Mar 10 17:17:46 standalone account-server[123871]: 172.20.0.100 - - [10/Mar/2026:17:17:46 +0000] "HEAD /d1/311/.expiring_objects" 404 - "HEAD http://localhost/v1/.expiring_objects?format=json" "txbc86dbb918f44a1b8dc58-0069b0523a" "proxy-server 2" 0.0006 "-" 20 -
Mar 10 17:17:46 standalone object-expirer[123931]: Pass completed in 0s; 0 objects expired (txn: txbc86dbb918f44a1b8dc58-0069b0523a)
Mar 10 17:18:19 standalone container-server[123827]: Begin container update sweep
Mar 10 17:18:20 standalone container-server[123827]: Container update sweep completed: 1.46s
Mar 10 17:18:37 standalone account-server[123873]: 172.20.0.100 - - [10/Mar/2026:17:18:37 +0000] "HEAD /d1/311/.expiring_objects" 404 - "HEAD http://localhost/v1/.expiring_objects?format=json" "txd45ecda1ded940c58a38c-0069b0526d" "proxy-server 2" 0.0008 "-" 22 -
Mar 10 17:18:37 standalone object-expirer[123931]: Pass completed in 0s; 0 objects expired (txn: txd45ecda1ded940c58a38c-0069b0526d)
Mar 10 17:20:38 standalone object-server[123937]: Begin object update sweep
Mar 10 17:20:38 standalone object-server[270792]: Object update sweep starting on /srv/node/d1 (pid: 16)
Mar 10 17:20:38 standalone object-server[270792]: Object update sweep completed on /srv/node/d1 in 0.00s seconds:, 0 successes, 0 failures, 0 quarantines, 0 unlinks, 0 errors, 0 redirects (pid: 16)
Mar 10 17:20:38 standalone object-server[270792]: Object update sweep of d1 completed: 0.00s, 0 successes, 0 failures, 0 quarantines, 0 unlinks, 0 errors, 0 redirects
Mar 10 17:20:38 standalone object-server[123937]: Object update sweep completed: 0.08s
Mar 10 17:21:08 standalone account-server[123873]: 172.20.0.100 - - [10/Mar/2026:17:21:08 +0000] "HEAD /d1/311/.expiring_objects" 404 - "HEAD http://localhost/v1/.expiring_objects?format=json" "txf1fe581682f046959dc51-0069b05304" "proxy-server 2" 0.0007 "-" 22 -
Mar 10 17:21:08 standalone object-expirer[123931]: Pass completed in 0s; 0 objects expired (txn: txf1fe581682f046959dc51-0069b05304)
Mar 10 17:23:19 standalone container-server[123827]: Begin container update sweep
Mar 10 17:23:20 standalone container-server[123827]: Container update sweep completed: 1.37s
Mar 10 17:24:41 standalone account-server[123871]: 172.20.0.100 - - [10/Mar/2026:17:24:41 +0000] "HEAD /d1/311/.expiring_objects" 404 - "HEAD http://localhost/v1/.expiring_objects?format=json" "txe67cfc4964ae4ec7bcfef-0069b053d9" "proxy-server 2" 0.0009 "-" 20 -
Mar 10 17:24:41 standalone object-expirer[123931]: Pass completed in 0s; 0 objects expired (txn: txe67cfc4964ae4ec7bcfef-0069b053d9)
Mar 10 17:25:38 standalone object-server[123937]: Begin object update sweep
Mar 10 17:25:38 standalone object-server[290877]: Object update sweep starting on /srv/node/d1 (pid: 17)
Mar 10 17:25:38 standalone object-server[290877]: Object update sweep completed on /srv/node/d1 in 0.00s seconds:, 0 successes, 0 failures, 0 quarantines, 0 unlinks, 0 errors, 0 redirects (pid: 17)
Mar 10 17:25:38 standalone object-server[290877]: Object update sweep of d1 completed: 0.00s, 0 successes, 0 failures, 0 quarantines, 0 unlinks, 0 errors, 0 redirects
Mar 10 17:25:38 standalone object-server[123937]: Object update sweep completed: 0.08s
Mar 10 17:27:11 standalone account-server[123872]: 172.20.0.100 - - [10/Mar/2026:17:27:11 +0000] "HEAD /d1/311/.expiring_objects" 404 - "HEAD http://localhost/v1/.expiring_objects?format=json" "tx70f2fef6bb574d6a925a2-0069b0546f" "proxy-server 2" 0.0006 "-" 21 -
Mar 10 17:27:11 standalone object-expirer[123931]: Pass completed in 0s; 0 objects expired (txn: tx70f2fef6bb574d6a925a2-0069b0546f)
Mar 10 17:28:08 standalone account-server[123873]: 172.20.0.100 - - [10/Mar/2026:17:28:08 +0000] "HEAD /d1/311/.expiring_objects" 404 - "HEAD http://localhost/v1/.expiring_objects?format=json" "tx4fee2b1bff8e46dab158f-0069b054a8" "proxy-server 2" 0.0010 "-" 22 -
Mar 10 17:28:08 standalone object-expirer[123931]: Pass completed in 0s; 0 objects expired (txn: tx4fee2b1bff8e46dab158f-0069b054a8)
Mar 10 17:28:19 standalone container-server[123827]: Begin container update sweep
Mar 10 17:28:20 standalone container-server[123827]: Container update sweep completed: 1.50s
Mar 10 17:30:38 standalone object-server[123937]: Begin object update sweep
Mar 10 17:30:38 standalone object-server[311447]: Object update sweep starting on /srv/node/d1 (pid: 18)
Mar 10 17:30:38 standalone object-server[311447]: Object update sweep completed on /srv/node/d1 in 0.00s seconds:, 0 successes, 0 failures, 0 quarantines, 0 unlinks, 0 errors, 0 redirects (pid: 18)
Mar 10 17:30:38 standalone object-server[311447]: Object update sweep of d1 completed: 0.00s, 0 successes, 0 failures, 0 quarantines, 0 unlinks, 0 errors, 0 redirects
Mar 10 17:30:38 standalone object-server[123937]: Object update sweep completed: 0.09s
Mar 10 17:32:54 standalone account-server[123872]: 172.20.0.100 - - [10/Mar/2026:17:32:54 +0000] "HEAD /d1/311/.expiring_objects" 404 - "HEAD http://localhost/v1/.expiring_objects?format=json" "tx05592d994eca413c9a60a-0069b055c6" "proxy-server 2" 0.0006 "-" 21 -
Mar 10 17:32:54 standalone object-expirer[123931]: Pass completed in 0s; 0 objects expired (txn: tx05592d994eca413c9a60a-0069b055c6)
Mar 10 17:33:19 standalone container-server[123827]: Begin container update sweep
Mar 10 17:33:20 standalone container-server[123827]: Container update sweep completed: 1.46s
Mar 10 17:35:38 standalone object-server[123937]: Begin object update sweep
Mar 10 17:35:38 standalone object-server[332037]: Object update sweep starting on /srv/node/d1 (pid: 19)
Mar 10 17:35:38 standalone object-server[332037]: Object update sweep completed on /srv/node/d1 in 0.00s seconds:, 0 successes, 0 failures, 0 quarantines, 0 unlinks, 0 errors, 0 redirects (pid: 19)
Mar 10 17:35:38 standalone object-server[332037]: Object update sweep of d1 completed: 0.00s, 0 successes, 0 failures, 0 quarantines, 0 unlinks, 0 errors, 0 redirects
Mar 10 17:35:38 standalone object-server[123937]: Object update sweep completed: 0.08s
Mar 10 17:35:58 standalone account-server[123882]: 172.20.0.100 - - [10/Mar/2026:17:35:58 +0000] "HEAD /d1/311/.expiring_objects" 404 - "HEAD http://localhost/v1/.expiring_objects?format=json" "tx7720ab3300724abeac555-0069b0567e" "proxy-server 2" 0.0007 "-" 23 -
Mar 10 17:35:58 standalone object-expirer[123931]: Pass completed in 0s; 0 objects expired (txn: tx7720ab3300724abeac555-0069b0567e)
Mar 10 17:36:03 standalone account-server[123882]: 172.20.0.100 - - [10/Mar/2026:17:36:03 +0000] "HEAD /d1/311/.expiring_objects" 404 - "HEAD http://localhost/v1/.expiring_objects?format=json" "tx7e973c84f9ca458da76a1-0069b05683" "proxy-server 2" 0.0005 "-" 23 -
Mar 10 17:36:03 standalone object-expirer[123931]: Pass completed in 0s; 0 objects expired (txn: tx7e973c84f9ca458da76a1-0069b05683)