Mar 10 17:11:03 standalone proxy-server[125841]: 172.18.0.2 ::1 10/Mar/2026/17/11/03 GET /v1/AUTH_7f986e436bcb4dfbb6a1610a5f8a355b/gnocchi.8a5c21c4-632a-4b47-a346-02a3264ba482%3Fformat%3Djson%26states%3Dlisting HTTP/1.0 200 - python-swiftclient-3.11.1 gAAAAABpsFBi3mJa... - 2 - txc8c5b86cf6b241ebb1a6d-0069b050a7 - 0.0136 - - 1773162663.121531487 1773162663.135164976 0
Mar 10 17:11:03 standalone object-server[124093]: 172.20.0.100 - - [10/Mar/2026:17:11:03 +0000] "GET /d1/875/AUTH_7f986e436bcb4dfbb6a1610a5f8a355b/gnocchi.8a5c21c4-632a-4b47-a346-02a3264ba482/1772280000.0_mean_300.0_v3" 404 70 "GET http://localhost:8080/v1/AUTH_7f986e436bcb4dfbb6a1610a5f8a355b/gnocchi.8a5c21c4-632a-4b47-a346-02a3264ba482/1772280000.0_mean_300.0_v3" "tx185acad0ab064bf4bdb4a-0069b050a7" "proxy-server 21" 0.0004 "-" 24 0
Mar 10 17:11:03 standalone proxy-server[125841]: 172.18.0.2 ::1 10/Mar/2026/17/11/03 GET /v1/AUTH_7f986e436bcb4dfbb6a1610a5f8a355b/gnocchi.8a5c21c4-632a-4b47-a346-02a3264ba482/1772280000.0_mean_300.0_v3 HTTP/1.0 404 - python-swiftclient-3.11.1 gAAAAABpsFBi3mJa... - 70 - tx185acad0ab064bf4bdb4a-0069b050a7 - 0.0052 - - 1773162663.139137030 1773162663.144295216 0
Mar 10 17:11:03 standalone container-server[123856]: 172.20.0.100 - - [10/Mar/2026:17:11:03 +0000] "PUT /d1/523/AUTH_7f986e436bcb4dfbb6a1610a5f8a355b/gnocchi.8a5c21c4-632a-4b47-a346-02a3264ba482/1772280000.0_mean_300.0_v3" 201 - "PUT http://localhost:8080/d1/875/AUTH_7f986e436bcb4dfbb6a1610a5f8a355b/gnocchi.8a5c21c4-632a-4b47-a346-02a3264ba482/1772280000.0_mean_300.0_v3" "tx79f7017c911d4cd3af497-0069b050a7" "object-server 23" 0.0007 "-" 22 0
Mar 10 17:11:03 standalone object-server[124092]: 172.20.0.100 - - [10/Mar/2026:17:11:03 +0000] "PUT /d1/875/AUTH_7f986e436bcb4dfbb6a1610a5f8a355b/gnocchi.8a5c21c4-632a-4b47-a346-02a3264ba482/1772280000.0_mean_300.0_v3" 201 - "PUT http://localhost:8080/v1/AUTH_7f986e436bcb4dfbb6a1610a5f8a355b/gnocchi.8a5c21c4-632a-4b47-a346-02a3264ba482/1772280000.0_mean_300.0_v3" "tx79f7017c911d4cd3af497-0069b050a7" "proxy-server 21" 0.0161 "-" 23 0
Mar 10 17:11:03 standalone proxy-server[125841]: 172.18.0.2 ::1 10/Mar/2026/17/11/03 PUT /v1/AUTH_7f986e436bcb4dfbb6a1610a5f8a355b/gnocchi.8a5c21c4-632a-4b47-a346-02a3264ba482/1772280000.0_mean_300.0_v3 HTTP/1.0 201 - python-swiftclient-3.11.1 gAAAAABpsFBi3mJa... 16 - - tx79f7017c911d4cd3af497-0069b050a7 - 0.0238 - - 1773162663.148646355 1773162663.172430992 0
Mar 10 17:11:03 standalone container-server[123852]: 172.20.0.100 - - [10/Mar/2026:17:11:03 +0000] "PUT /d1/523/AUTH_7f986e436bcb4dfbb6a1610a5f8a355b/gnocchi.8a5c21c4-632a-4b47-a346-02a3264ba482/none_v3" 201 - "PUT http://localhost:8080/d1/656/AUTH_7f986e436bcb4dfbb6a1610a5f8a355b/gnocchi.8a5c21c4-632a-4b47-a346-02a3264ba482/none_v3" "tx0ef8ecb53dd2414db8d14-0069b050a7" "object-server 25" 0.0006 "-" 21 0
Mar 10 17:11:03 standalone object-server[124095]: 172.20.0.100 - - [10/Mar/2026:17:11:03 +0000] "PUT /d1/656/AUTH_7f986e436bcb4dfbb6a1610a5f8a355b/gnocchi.8a5c21c4-632a-4b47-a346-02a3264ba482/none_v3" 201 - "PUT http://localhost:8080/v1/AUTH_7f986e436bcb4dfbb6a1610a5f8a355b/gnocchi.8a5c21c4-632a-4b47-a346-02a3264ba482/none_v3" "tx0ef8ecb53dd2414db8d14-0069b050a7" "proxy-server 21" 0.0108 "-" 25 0
Mar 10 17:11:03 standalone proxy-server[125841]: 172.18.0.2 ::1 10/Mar/2026/17/11/03 PUT /v1/AUTH_7f986e436bcb4dfbb6a1610a5f8a355b/gnocchi.8a5c21c4-632a-4b47-a346-02a3264ba482/none_v3 HTTP/1.0 201 - python-swiftclient-3.11.1 gAAAAABpsFBi3mJa... 22 - - tx0ef8ecb53dd2414db8d14-0069b050a7 - 0.0169 - - 1773162663.177237988 1773162663.194184542 0
Mar 10 17:11:03 standalone container-server[123848]: 172.20.0.100 - - [10/Mar/2026:17:11:03 +0000] "HEAD /d1/454/AUTH_7f986e436bcb4dfbb6a1610a5f8a355b/gnocchi.084f0a9c-7aae-43f2-8770-d78a6a95694d" 404 - "HEAD http://localhost:8080/v1/AUTH_7f986e436bcb4dfbb6a1610a5f8a355b/gnocchi.084f0a9c-7aae-43f2-8770-d78a6a95694d?format=json&states=listing" "txfc3866dc791c4520a256d-0069b050a7" "proxy-server 21" 0.0003 "-" 19 0
Mar 10 17:11:03 standalone object-server[124093]: 172.20.0.100 - - [10/Mar/2026:17:11:03 +0000] "GET /d1/840/AUTH_7f986e436bcb4dfbb6a1610a5f8a355b/gnocchi.084f0a9c-7aae-43f2-8770-d78a6a95694d/none_v3" 404 70 "GET http://localhost:8080/v1/AUTH_7f986e436bcb4dfbb6a1610a5f8a355b/gnocchi.084f0a9c-7aae-43f2-8770-d78a6a95694d/none_v3" "txfc3866dc791c4520a256d-0069b050a7" "proxy-server 21" 0.0003 "-" 24 0
Mar 10 17:11:03 standalone proxy-server[125841]: 172.18.0.2 ::1 10/Mar/2026/17/11/03 GET /v1/AUTH_7f986e436bcb4dfbb6a1610a5f8a355b/gnocchi.084f0a9c-7aae-43f2-8770-d78a6a95694d/none_v3 HTTP/1.0 404 - python-swiftclient-3.11.1 gAAAAABpsFBi3mJa... - 70 - txfc3866dc791c4520a256d-0069b050a7 - 0.0084 - - 1773162663.208801031 1773162663.217196941 0
Mar 10 17:11:03 standalone account-server[123882]: 172.20.0.100 - - [10/Mar/2026:17:11:03 +0000] "PUT /d1/972/AUTH_7f986e436bcb4dfbb6a1610a5f8a355b/gnocchi.084f0a9c-7aae-43f2-8770-d78a6a95694d" 201 - "PUT http://172.20.0.100:6001/d1/454/AUTH_7f986e436bcb4dfbb6a1610a5f8a355b/gnocchi.084f0a9c-7aae-43f2-8770-d78a6a95694d" "txd15f99dc2dc544b8809eb-0069b050a7" "container-server 22" 0.0095 "-" 23 0
Mar 10 17:11:03 standalone container-server[123856]: 172.20.0.100 - - [10/Mar/2026:17:11:03 +0000] "PUT /d1/454/AUTH_7f986e436bcb4dfbb6a1610a5f8a355b/gnocchi.084f0a9c-7aae-43f2-8770-d78a6a95694d" 201 - "PUT http://localhost:8080/v1/AUTH_7f986e436bcb4dfbb6a1610a5f8a355b/gnocchi.084f0a9c-7aae-43f2-8770-d78a6a95694d" "txd15f99dc2dc544b8809eb-0069b050a7" "proxy-server 21" 0.0210 "-" 22 0
Mar 10 17:11:03 standalone proxy-server[125841]: 172.18.0.2 ::1 10/Mar/2026/17/11/03 PUT /v1/AUTH_7f986e436bcb4dfbb6a1610a5f8a355b/gnocchi.084f0a9c-7aae-43f2-8770-d78a6a95694d HTTP/1.0 201 - python-swiftclient-3.11.1 gAAAAABpsFBi3mJa... - - - txd15f99dc2dc544b8809eb-0069b050a7 - 0.0256 - - 1773162663.221025229 1773162663.246643782 0
Mar 10 17:11:03 standalone container-server[123851]: 172.20.0.100 - - [10/Mar/2026:17:11:03 +0000] "HEAD /d1/469/AUTH_7f986e436bcb4dfbb6a1610a5f8a355b/gnocchi.ebb8e33d-7aca-4254-a8ed-9c0b61b3c14d" 404 - "HEAD http://localhost:8080/v1/AUTH_7f986e436bcb4dfbb6a1610a5f8a355b/gnocchi.ebb8e33d-7aca-4254-a8ed-9c0b61b3c14d?format=json&states=listing" "tx9e1125515f2b4e41becdb-0069b050a7" "proxy-server 21" 0.0005 "-" 20 0
Mar 10 17:11:03 standalone object-server[124095]: 172.20.0.100 - - [10/Mar/2026:17:11:03 +0000] "GET /d1/471/AUTH_7f986e436bcb4dfbb6a1610a5f8a355b/gnocchi.ebb8e33d-7aca-4254-a8ed-9c0b61b3c14d/none_v3" 404 70 "GET http://localhost:8080/v1/AUTH_7f986e436bcb4dfbb6a1610a5f8a355b/gnocchi.ebb8e33d-7aca-4254-a8ed-9c0b61b3c14d/none_v3" "tx9e1125515f2b4e41becdb-0069b050a7" "proxy-server 21" 0.0005 "-" 25 0
Mar 10 17:11:03 standalone proxy-server[125841]: 172.18.0.2 ::1 10/Mar/2026/17/11/03 GET /v1/AUTH_7f986e436bcb4dfbb6a1610a5f8a355b/gnocchi.ebb8e33d-7aca-4254-a8ed-9c0b61b3c14d/none_v3 HTTP/1.0 404 - python-swiftclient-3.11.1 gAAAAABpsFBi3mJa... - 70 - tx9e1125515f2b4e41becdb-0069b050a7 - 0.0110 - - 1773162663.250576496 1773162663.261620522 0
Mar 10 17:11:03 standalone account-server[123882]: 172.20.0.100 - - [10/Mar/2026:17:11:03 +0000] "PUT /d1/972/AUTH_7f986e436bcb4dfbb6a1610a5f8a355b/gnocchi.ebb8e33d-7aca-4254-a8ed-9c0b61b3c14d" 201 - "PUT http://172.20.0.100:6001/d1/469/AUTH_7f986e436bcb4dfbb6a1610a5f8a355b/gnocchi.ebb8e33d-7aca-4254-a8ed-9c0b61b3c14d" "tx45a470a025fb42ff99467-0069b050a7" "container-server 21" 0.0070 "-" 23 0
Mar 10 17:11:03 standalone container-server[123852]: 172.20.0.100 - - [10/Mar/2026:17:11:03 +0000] "PUT /d1/469/AUTH_7f986e436bcb4dfbb6a1610a5f8a355b/gnocchi.ebb8e33d-7aca-4254-a8ed-9c0b61b3c14d" 201 - "PUT http://localhost:8080/v1/AUTH_7f986e436bcb4dfbb6a1610a5f8a355b/gnocchi.ebb8e33d-7aca-4254-a8ed-9c0b61b3c14d" "tx45a470a025fb42ff99467-0069b050a7" "proxy-server 21" 0.0204 "-" 21 0
Mar 10 17:11:03 standalone proxy-server[125841]: 172.18.0.2 ::1 10/Mar/2026/17/11/03 PUT /v1/AUTH_7f986e436bcb4dfbb6a1610a5f8a355b/gnocchi.ebb8e33d-7aca-4254-a8ed-9c0b61b3c14d HTTP/1.0 201 - python-swiftclient-3.11.1 gAAAAABpsFBi3mJa... - - - tx45a470a025fb42ff99467-0069b050a7 - 0.0254 - - 1773162663.265442133 1773162663.290808201 0
Mar 10 17:11:03 standalone container-server[123848]: 172.20.0.100 - - [10/Mar/2026:17:11:03 +0000] "HEAD /d1/454/AUTH_7f986e436bcb4dfbb6a1610a5f8a355b/gnocchi.084f0a9c-7aae-43f2-8770-d78a6a95694d" 204 - "HEAD http://localhost:8080/v1/AUTH_7f986e436bcb4dfbb6a1610a5f8a355b/gnocchi.084f0a9c-7aae-43f2-8770-d78a6a95694d?format=json&states=listing" "tx9124be33eba6458bbde83-0069b050a7" "proxy-server 21" 0.0023 "-" 19 0
Mar 10 17:11:03 standalone proxy-server[125841]: - - 10/Mar/2026/17/11/03 HEAD /v1/AUTH_7f986e436bcb4dfbb6a1610a5f8a355b/gnocchi.084f0a9c-7aae-43f2-8770-d78a6a95694d%3Fformat%3Djson%26states%3Dlisting HTTP/1.0 204 - Swift - - - - tx9124be33eba6458bbde83-0069b050a7 - 0.0065 RL - 1773162663.295466185 1773162663.301917791 0
Mar 10 17:11:03 standalone container-server[123848]: 172.20.0.100 - - [10/Mar/2026:17:11:03 +0000] "GET /d1/454/AUTH_7f986e436bcb4dfbb6a1610a5f8a355b/gnocchi.084f0a9c-7aae-43f2-8770-d78a6a95694d" 200 2 "GET http://localhost:8080/v1/AUTH_7f986e436bcb4dfbb6a1610a5f8a355b/gnocchi.084f0a9c-7aae-43f2-8770-d78a6a95694d?format=json&states=listing" "tx9124be33eba6458bbde83-0069b050a7" "proxy-server 21" 0.0033 "-" 19 0
Mar 10 17:11:03 standalone proxy-server[125841]: 172.18.0.2 ::1 10/Mar/2026/17/11/03 GET /v1/AUTH_7f986e436bcb4dfbb6a1610a5f8a355b/gnocchi.084f0a9c-7aae-43f2-8770-d78a6a95694d%3Fformat%3Djson%26states%3Dlisting HTTP/1.0 200 - python-swiftclient-3.11.1 gAAAAABpsFBi3mJa... - 2 - tx9124be33eba6458bbde83-0069b050a7 - 0.0167 - - 1773162663.294506788 1773162663.311193705 0
Mar 10 17:11:03 standalone container-server[123851]: 172.20.0.100 - - [10/Mar/2026:17:11:03 +0000] "HEAD /d1/469/AUTH_7f986e436bcb4dfbb6a1610a5f8a355b/gnocchi.ebb8e33d-7aca-4254-a8ed-9c0b61b3c14d" 204 - "HEAD http://localhost:8080/v1/AUTH_7f986e436bcb4dfbb6a1610a5f8a355b/gnocchi.ebb8e33d-7aca-4254-a8ed-9c0b61b3c14d?format=json&states=listing" "tx1726dd071a61418aba648-0069b050a7" "proxy-server 21" 0.0019 "-" 20 0
Mar 10 17:11:03 standalone proxy-server[125841]: - - 10/Mar/2026/17/11/03 HEAD /v1/AUTH_7f986e436bcb4dfbb6a1610a5f8a355b/gnocchi.ebb8e33d-7aca-4254-a8ed-9c0b61b3c14d%3Fformat%3Djson%26states%3Dlisting HTTP/1.0 204 - Swift - - - - tx1726dd071a61418aba648-0069b050a7 - 0.0051 RL - 1773162663.316231966 1773162663.321282864 0
Mar 10 17:11:03 standalone container-server[123852]: 172.20.0.100 - - [10/Mar/2026:17:11:03 +0000] "GET /d1/469/AUTH_7f986e436bcb4dfbb6a1610a5f8a355b/gnocchi.ebb8e33d-7aca-4254-a8ed-9c0b61b3c14d" 200 2 "GET http://localhost:8080/v1/AUTH_7f986e436bcb4dfbb6a1610a5f8a355b/gnocchi.ebb8e33d-7aca-4254-a8ed-9c0b61b3c14d?format=json&states=listing" "tx1726dd071a61418aba648-0069b050a7" "proxy-server 21" 0.0028 "-" 21 0
Mar 10 17:11:03 standalone proxy-server[125841]: 172.18.0.2 ::1 10/Mar/2026/17/11/03 GET /v1/AUTH_7f986e436bcb4dfbb6a1610a5f8a355b/gnocchi.ebb8e33d-7aca-4254-a8ed-9c0b61b3c14d%3Fformat%3Djson%26states%3Dlisting HTTP/1.0 200 - python-swiftclient-3.11.1 gAAAAABpsFBi3mJa... - 2 - tx1726dd071a61418aba648-0069b050a7 - 0.0139 - - 1773162663.315399647 1773162663.329279184 0
Mar 10 17:11:03 standalone object-server[124093]: 172.20.0.100 - - [10/Mar/2026:17:11:03 +0000] "GET /d1/61/AUTH_7f986e436bcb4dfbb6a1610a5f8a355b/gnocchi.084f0a9c-7aae-43f2-8770-d78a6a95694d/1772280000.0_mean_300.0_v3" 404 70 "GET http://localhost:8080/v1/AUTH_7f986e436bcb4dfbb6a1610a5f8a355b/gnocchi.084f0a9c-7aae-43f2-8770-d78a6a95694d/1772280000.0_mean_300.0_v3" "tx7c1f96b52a75441286a00-0069b050a7" "proxy-server 21" 0.0005 "-" 24 0
Mar 10 17:11:03 standalone proxy-server[125841]: 172.18.0.2 ::1 10/Mar/2026/17/11/03 GET /v1/AUTH_7f986e436bcb4dfbb6a1610a5f8a355b/gnocchi.084f0a9c-7aae-43f2-8770-d78a6a95694d/1772280000.0_mean_300.0_v3 HTTP/1.0 404 - python-swiftclient-3.11.1 gAAAAABpsFBi3mJa... - 70 - tx7c1f96b52a75441286a00-0069b050a7 - 0.0058 - - 1773162663.333047628 1773162663.338865757 0
Mar 10 17:11:03 standalone object-server[124092]: 172.20.0.100 - - [10/Mar/2026:17:11:03 +0000] "GET /d1/966/AUTH_7f986e436bcb4dfbb6a1610a5f8a355b/gnocchi.ebb8e33d-7aca-4254-a8ed-9c0b61b3c14d/1772280000.0_mean_300.0_v3" 404 70 "GET http://localhost:8080/v1/AUTH_7f986e436bcb4dfbb6a1610a5f8a355b/gnocchi.ebb8e33d-7aca-4254-a8ed-9c0b61b3c14d/1772280000.0_mean_300.0_v3" "tx37244946b2294c3685ef5-0069b050a7" "proxy-server 21" 0.0005 "-" 23 0
Mar 10 17:11:03 standalone proxy-server[125841]: 172.18.0.2 ::1 10/Mar/2026/17/11/03 GET /v1/AUTH_7f986e436bcb4dfbb6a1610a5f8a355b/gnocchi.ebb8e33d-7aca-4254-a8ed-9c0b61b3c14d/1772280000.0_mean_300.0_v3 HTTP/1.0 404 - python-swiftclient-3.11.1 gAAAAABpsFBi3mJa... - 70 - tx37244946b2294c3685ef5-0069b050a7 - 0.0050 - - 1773162663.341730833 1773162663.346743107 0
Mar 10 17:11:03 standalone container-server[123848]: 172.20.0.100 - - [10/Mar/2026:17:11:03 +0000] "PUT /d1/454/AUTH_7f986e436bcb4dfbb6a1610a5f8a355b/gnocchi.084f0a9c-7aae-43f2-8770-d78a6a95694d/1772280000.0_mean_300.0_v3" 201 - "PUT http://localhost:8080/d1/61/AUTH_7f986e436bcb4dfbb6a1610a5f8a355b/gnocchi.084f0a9c-7aae-43f2-8770-d78a6a95694d/1772280000.0_mean_300.0_v3" "tx7dab10e801fa429595862-0069b050a7" "object-server 23" 0.0009 "-" 19 0
Mar 10 17:11:03 standalone object-server[124092]: 172.20.0.100 - - [10/Mar/2026:17:11:03 +0000] "PUT /d1/61/AUTH_7f986e436bcb4dfbb6a1610a5f8a355b/gnocchi.084f0a9c-7aae-43f2-8770-d78a6a95694d/1772280000.0_mean_300.0_v3" 201 - "PUT http://localhost:8080/v1/AUTH_7f986e436bcb4dfbb6a1610a5f8a355b/gnocchi.084f0a9c-7aae-43f2-8770-d78a6a95694d/1772280000.0_mean_300.0_v3" "tx7dab10e801fa429595862-0069b050a7" "proxy-server 21" 0.0111 "-" 23 0
Mar 10 17:11:03 standalone proxy-server[125841]: 172.18.0.2 ::1 10/Mar/2026/17/11/03 PUT /v1/AUTH_7f986e436bcb4dfbb6a1610a5f8a355b/gnocchi.084f0a9c-7aae-43f2-8770-d78a6a95694d/1772280000.0_mean_300.0_v3 HTTP/1.0 201 - python-swiftclient-3.11.1 gAAAAABpsFBi3mJa... 16 - - tx7dab10e801fa429595862-0069b050a7 - 0.0155 - - 1773162663.349575520 1773162663.365043402 0
Mar 10 17:11:03 standalone container-server[123852]: 172.20.0.100 - - [10/Mar/2026:17:11:03 +0000] "PUT /d1/469/AUTH_7f986e436bcb4dfbb6a1610a5f8a355b/gnocchi.ebb8e33d-7aca-4254-a8ed-9c0b61b3c14d/1772280000.0_mean_300.0_v3" 201 - "PUT http://localhost:8080/d1/966/AUTH_7f986e436bcb4dfbb6a1610a5f8a355b/gnocchi.ebb8e33d-7aca-4254-a8ed-9c0b61b3c14d/1772280000.0_mean_300.0_v3" "txabe22964ae7a4ee6bd1ed-0069b050a7" "object-server 25" 0.0006 "-" 21 0
Mar 10 17:11:03 standalone object-server[124095]: 172.20.0.100 - - [10/Mar/2026:17:11:03 +0000] "PUT /d1/966/AUTH_7f986e436bcb4dfbb6a1610a5f8a355b/gnocchi.ebb8e33d-7aca-4254-a8ed-9c0b61b3c14d/1772280000.0_mean_300.0_v3" 201 - "PUT http://localhost:8080/v1/AUTH_7f986e436bcb4dfbb6a1610a5f8a355b/gnocchi.ebb8e33d-7aca-4254-a8ed-9c0b61b3c14d/1772280000.0_mean_300.0_v3" "txabe22964ae7a4ee6bd1ed-0069b050a7" "proxy-server 21" 0.0112 "-" 25 0
Mar 10 17:11:03 standalone proxy-server[125841]: 172.18.0.2 ::1 10/Mar/2026/17/11/03 PUT /v1/AUTH_7f986e436bcb4dfbb6a1610a5f8a355b/gnocchi.ebb8e33d-7aca-4254-a8ed-9c0b61b3c14d/1772280000.0_mean_300.0_v3 HTTP/1.0 201 - python-swiftclient-3.11.1 gAAAAABpsFBi3mJa... 16 - - txabe22964ae7a4ee6bd1ed-0069b050a7 - 0.0173 - - 1773162663.369472504 1773162663.386769295 0
Mar 10 17:11:03 standalone container-server[123851]: 172.20.0.100 - - [10/Mar/2026:17:11:03 +0000] "PUT /d1/454/AUTH_7f986e436bcb4dfbb6a1610a5f8a355b/gnocchi.084f0a9c-7aae-43f2-8770-d78a6a95694d/none_v3" 201 - "PUT http://localhost:8080/d1/840/AUTH_7f986e436bcb4dfbb6a1610a5f8a355b/gnocchi.084f0a9c-7aae-43f2-8770-d78a6a95694d/none_v3" "tx468ec50264bd42f291338-0069b050a7" "object-server 25" 0.0007 "-" 20 0
Mar 10 17:11:03 standalone object-server[124095]: 172.20.0.100 - - [10/Mar/2026:17:11:03 +0000] "PUT /d1/840/AUTH_7f986e436bcb4dfbb6a1610a5f8a355b/gnocchi.084f0a9c-7aae-43f2-8770-d78a6a95694d/none_v3" 201 - "PUT http://localhost:8080/v1/AUTH_7f986e436bcb4dfbb6a1610a5f8a355b/gnocchi.084f0a9c-7aae-43f2-8770-d78a6a95694d/none_v3" "tx468ec50264bd42f291338-0069b050a7" "proxy-server 21" 0.0103 "-" 25 0
Mar 10 17:11:03 standalone proxy-server[125841]: 172.18.0.2 ::1 10/Mar/2026/17/11/03 PUT /v1/AUTH_7f986e436bcb4dfbb6a1610a5f8a355b/gnocchi.084f0a9c-7aae-43f2-8770-d78a6a95694d/none_v3 HTTP/1.0 201 - python-swiftclient-3.11.1 gAAAAABpsFBi3mJa... 22 - - tx468ec50264bd42f291338-0069b050a7 - 0.0179 - - 1773162663.391601324 1773162663.409491301 0
Mar 10 17:11:03 standalone container-server[123848]: 172.20.0.100 - - [10/Mar/2026:17:11:03 +0000] "PUT /d1/469/AUTH_7f986e436bcb4dfbb6a1610a5f8a355b/gnocchi.ebb8e33d-7aca-4254-a8ed-9c0b61b3c14d/none_v3" 201 - "PUT http://localhost:8080/d1/471/AUTH_7f986e436bcb4dfbb6a1610a5f8a355b/gnocchi.ebb8e33d-7aca-4254-a8ed-9c0b61b3c14d/none_v3" "tx6c25ad3d90174ee09563e-0069b050a7" "object-server 23" 0.0006 "-" 19 0
Mar 10 17:11:03 standalone object-server[124092]: 172.20.0.100 - - [10/Mar/2026:17:11:03 +0000] "PUT /d1/471/AUTH_7f986e436bcb4dfbb6a1610a5f8a355b/gnocchi.ebb8e33d-7aca-4254-a8ed-9c0b61b3c14d/none_v3" 201 - "PUT http://localhost:8080/v1/AUTH_7f986e436bcb4dfbb6a1610a5f8a355b/gnocchi.ebb8e33d-7aca-4254-a8ed-9c0b61b3c14d/none_v3" "tx6c25ad3d90174ee09563e-0069b050a7" "proxy-server 21" 0.0106 "-" 23 0
Mar 10 17:11:03 standalone proxy-server[125841]: 172.18.0.2 ::1 10/Mar/2026/17/11/03 PUT /v1/AUTH_7f986e436bcb4dfbb6a1610a5f8a355b/gnocchi.ebb8e33d-7aca-4254-a8ed-9c0b61b3c14d/none_v3 HTTP/1.0 201 - python-swiftclient-3.11.1 gAAAAABpsFBi3mJa... 22 - - tx6c25ad3d90174ee09563e-0069b050a7 - 0.0212 - - 1773162663.413835287 1773162663.435027122 0
Mar 10 17:11:03 standalone container-server[123852]: 172.20.0.100 - - [10/Mar/2026:17:11:03 +0000] "HEAD /d1/64/AUTH_7f986e436bcb4dfbb6a1610a5f8a355b/gnocchi.01dc3614-6e87-4642-852f-05d38388a62d" 404 - "HEAD http://localhost:8080/v1/AUTH_7f986e436bcb4dfbb6a1610a5f8a355b/gnocchi.01dc3614-6e87-4642-852f-05d38388a62d?format=json&states=listing" "txba89f5ff47be412bb6d3e-0069b050a7" "proxy-server 21" 0.0007 "-" 21 0
Mar 10 17:11:03 standalone object-server[124092]: 172.20.0.100 - - [10/Mar/2026:17:11:03 +0000] "GET /d1/728/AUTH_7f986e436bcb4dfbb6a1610a5f8a355b/gnocchi.01dc3614-6e87-4642-852f-05d38388a62d/none_v3" 404 70 "GET http://localhost:8080/v1/AUTH_7f986e436bcb4dfbb6a1610a5f8a355b/gnocchi.01dc3614-6e87-4642-852f-05d38388a62d/none_v3" "txba89f5ff47be412bb6d3e-0069b050a7" "proxy-server 21" 0.0003 "-" 23 0
Mar 10 17:11:03 standalone proxy-server[125841]: 172.18.0.2 ::1 10/Mar/2026/17/11/03 GET /v1/AUTH_7f986e436bcb4dfbb6a1610a5f8a355b/gnocchi.01dc3614-6e87-4642-852f-05d38388a62d/none_v3 HTTP/1.0 404 - python-swiftclient-3.11.1 gAAAAABpsFBi3mJa... - 70 - txba89f5ff47be412bb6d3e-0069b050a7 - 0.0221 - - 1773162663.446402550 1773162663.468532085 0
Mar 10 17:11:03 standalone account-server[123871]: 172.20.0.100 - - [10/Mar/2026:17:11:03 +0000] "PUT /d1/972/AUTH_7f986e436bcb4dfbb6a1610a5f8a355b/gnocchi.01dc3614-6e87-4642-852f-05d38388a62d" 201 - "PUT http://172.20.0.100:6001/d1/64/AUTH_7f986e436bcb4dfbb6a1610a5f8a355b/gnocchi.01dc3614-6e87-4642-852f-05d38388a62d" "tx4bc120ce9df64303a8382-0069b050a7" "container-server 21" 0.0040 "-" 20 0
Mar 10 17:11:03 standalone container-server[123852]: 172.20.0.100 - - [10/Mar/2026:17:11:03 +0000] "PUT /d1/64/AUTH_7f986e436bcb4dfbb6a1610a5f8a355b/gnocchi.01dc3614-6e87-4642-852f-05d38388a62d" 201 - "PUT http://localhost:8080/v1/AUTH_7f986e436bcb4dfbb6a1610a5f8a355b/gnocchi.01dc3614-6e87-4642-852f-05d38388a62d" "tx4bc120ce9df64303a8382-0069b050a7" "proxy-server 21" 0.0187 "-" 21 0
Mar 10 17:11:03 standalone proxy-server[125841]: 172.18.0.2 ::1 10/Mar/2026/17/11/03 PUT /v1/AUTH_7f986e436bcb4dfbb6a1610a5f8a355b/gnocchi.01dc3614-6e87-4642-852f-05d38388a62d HTTP/1.0 201 - python-swiftclient-3.11.1 gAAAAABpsFBi3mJa... - - - tx4bc120ce9df64303a8382-0069b050a7 - 0.0244 - - 1773162663.472019911 1773162663.496424675 0
Mar 10 17:11:03 standalone container-server[123852]: 172.20.0.100 - - [10/Mar/2026:17:11:03 +0000] "HEAD /d1/64/AUTH_7f986e436bcb4dfbb6a1610a5f8a355b/gnocchi.01dc3614-6e87-4642-852f-05d38388a62d" 204 - "HEAD http://localhost:8080/v1/AUTH_7f986e436bcb4dfbb6a1610a5f8a355b/gnocchi.01dc3614-6e87-4642-852f-05d38388a62d?format=json&states=listing" "txa1f02086befa48aa970af-0069b050a7" "proxy-server 21" 0.0033 "-" 21 0
Mar 10 17:11:03 standalone proxy-server[125841]: - - 10/Mar/2026/17/11/03 HEAD /v1/AUTH_7f986e436bcb4dfbb6a1610a5f8a355b/gnocchi.01dc3614-6e87-4642-852f-05d38388a62d%3Fformat%3Djson%26states%3Dlisting HTTP/1.0 204 - Swift - - - - txa1f02086befa48aa970af-0069b050a7 - 0.0076 RL - 1773162663.500774384 1773162663.508363485 0
Mar 10 17:11:03 standalone container-server[123848]: 172.20.0.100 - - [10/Mar/2026:17:11:03 +0000] "GET /d1/64/AUTH_7f986e436bcb4dfbb6a1610a5f8a355b/gnocchi.01dc3614-6e87-4642-852f-05d38388a62d" 200 2 "GET http://localhost:8080/v1/AUTH_7f986e436bcb4dfbb6a1610a5f8a355b/gnocchi.01dc3614-6e87-4642-852f-05d38388a62d?format=json&states=listing" "txa1f02086befa48aa970af-0069b050a7" "proxy-server 21" 0.0033 "-" 19 0
Mar 10 17:11:03 standalone proxy-server[125841]: 172.18.0.2 ::1 10/Mar/2026/17/11/03 GET /v1/AUTH_7f986e436bcb4dfbb6a1610a5f8a355b/gnocchi.01dc3614-6e87-4642-852f-05d38388a62d%3Fformat%3Djson%26states%3Dlisting HTTP/1.0 200 - python-swiftclient-3.11.1 gAAAAABpsFBi3mJa... - 2 - txa1f02086befa48aa970af-0069b050a7 - 0.0177 - - 1773162663.499915600 1773162663.517633200 0
Mar 10 17:11:03 standalone object-server[124092]: 172.20.0.100 - - [10/Mar/2026:17:11:03 +0000] "GET /d1/14/AUTH_7f986e436bcb4dfbb6a1610a5f8a355b/gnocchi.01dc3614-6e87-4642-852f-05d38388a62d/1772280000.0_mean_300.0_v3" 404 70 "GET http://localhost:8080/v1/AUTH_7f986e436bcb4dfbb6a1610a5f8a355b/gnocchi.01dc3614-6e87-4642-852f-05d38388a62d/1772280000.0_mean_300.0_v3" "tx9f67c3217e634286a1d69-0069b050a7" "proxy-server 21" 0.0004 "-" 23 0
Mar 10 17:11:03 standalone proxy-server[125841]: 172.18.0.2 ::1 10/Mar/2026/17/11/03 GET /v1/AUTH_7f986e436bcb4dfbb6a1610a5f8a355b/gnocchi.01dc3614-6e87-4642-852f-05d38388a62d/1772280000.0_mean_300.0_v3 HTTP/1.0 404 - python-swiftclient-3.11.1 gAAAAABpsFBi3mJa... - 70 - tx9f67c3217e634286a1d69-0069b050a7 - 0.0049 - - 1773162663.521270752 1773162663.526193857 0
Mar 10 17:11:03 standalone container-server[123856]: 172.20.0.100 - - [10/Mar/2026:17:11:03 +0000] "PUT /d1/64/AUTH_7f986e436bcb4dfbb6a1610a5f8a355b/gnocchi.01dc3614-6e87-4642-852f-05d38388a62d/1772280000.0_mean_300.0_v3" 201 - "PUT http://localhost:8080/d1/14/AUTH_7f986e436bcb4dfbb6a1610a5f8a355b/gnocchi.01dc3614-6e87-4642-852f-05d38388a62d/1772280000.0_mean_300.0_v3" "tx37ea2ecd1ec34e9e99b04-0069b050a7" "object-server 23" 0.0010 "-" 22 0
Mar 10 17:11:03 standalone object-server[124092]: 172.20.0.100 - - [10/Mar/2026:17:11:03 +0000] "PUT /d1/14/AUTH_7f986e436bcb4dfbb6a1610a5f8a355b/gnocchi.01dc3614-6e87-4642-852f-05d38388a62d/1772280000.0_mean_300.0_v3" 201 - "PUT http://localhost:8080/v1/AUTH_7f986e436bcb4dfbb6a1610a5f8a355b/gnocchi.01dc3614-6e87-4642-852f-05d38388a62d/1772280000.0_mean_300.0_v3" "tx37ea2ecd1ec34e9e99b04-0069b050a7" "proxy-server 21" 0.0097 "-" 23 0
Mar 10 17:11:03 standalone proxy-server[125841]: 172.18.0.2 ::1 10/Mar/2026/17/11/03 PUT /v1/AUTH_7f986e436bcb4dfbb6a1610a5f8a355b/gnocchi.01dc3614-6e87-4642-852f-05d38388a62d/1772280000.0_mean_300.0_v3 HTTP/1.0 201 - python-swiftclient-3.11.1 gAAAAABpsFBi3mJa... 16 - - tx37ea2ecd1ec34e9e99b04-0069b050a7 - 0.0139 - - 1773162663.531466722 1773162663.545408726 0
Mar 10 17:11:03 standalone container-server[123848]: 172.20.0.100 - - [10/Mar/2026:17:11:03 +0000] "PUT /d1/64/AUTH_7f986e436bcb4dfbb6a1610a5f8a355b/gnocchi.01dc3614-6e87-4642-852f-05d38388a62d/none_v3" 201 - "PUT http://localhost:8080/d1/728/AUTH_7f986e436bcb4dfbb6a1610a5f8a355b/gnocchi.01dc3614-6e87-4642-852f-05d38388a62d/none_v3" "tx84d0bdd3eee74dafae1ae-0069b050a7" "object-server 23" 0.0008 "-" 19 0
Mar 10 17:11:03 standalone object-server[124092]: 172.20.0.100 - - [10/Mar/2026:17:11:03 +0000] "PUT /d1/728/AUTH_7f986e436bcb4dfbb6a1610a5f8a355b/gnocchi.01dc3614-6e87-4642-852f-05d38388a62d/none_v3" 201 - "PUT http://localhost:8080/v1/AUTH_7f986e436bcb4dfbb6a1610a5f8a355b/gnocchi.01dc3614-6e87-4642-852f-05d38388a62d/none_v3" "tx84d0bdd3eee74dafae1ae-0069b050a7" "proxy-server 21" 0.0106 "-" 23 0
Mar 10 17:11:03 standalone proxy-server[125841]: 172.18.0.2 ::1 10/Mar/2026/17/11/03 PUT /v1/AUTH_7f986e436bcb4dfbb6a1610a5f8a355b/gnocchi.01dc3614-6e87-4642-852f-05d38388a62d/none_v3 HTTP/1.0 201 - python-swiftclient-3.11.1 gAAAAABpsFBi3mJa... 22 - - tx84d0bdd3eee74dafae1ae-0069b050a7 - 0.0155 - - 1773162663.548981905 1773162663.564478874 0
Mar 10 17:11:03 standalone container-server[123848]: 172.20.0.100 - - [10/Mar/2026:17:11:03 +0000] "HEAD /d1/864/AUTH_7f986e436bcb4dfbb6a1610a5f8a355b/gnocchi.34a8d0a0-ee74-4cab-b12f-9a54d67c0c5c" 404 - "HEAD http://localhost:8080/v1/AUTH_7f986e436bcb4dfbb6a1610a5f8a355b/gnocchi.34a8d0a0-ee74-4cab-b12f-9a54d67c0c5c?format=json&states=listing" "txb0e3b138b0c0465fb432c-0069b050a7" "proxy-server 21" 0.0008 "-" 19 0
Mar 10 17:11:03 standalone object-server[124092]: 172.20.0.100 - - [10/Mar/2026:17:11:03 +0000] "GET /d1/28/AUTH_7f986e436bcb4dfbb6a1610a5f8a355b/gnocchi.34a8d0a0-ee74-4cab-b12f-9a54d67c0c5c/none_v3" 404 70 "GET http://localhost:8080/v1/AUTH_7f986e436bcb4dfbb6a1610a5f8a355b/gnocchi.34a8d0a0-ee74-4cab-b12f-9a54d67c0c5c/none_v3" "txb0e3b138b0c0465fb432c-0069b050a7" "proxy-server 21" 0.0004 "-" 23 0
Mar 10 17:11:03 standalone proxy-server[125841]: 172.18.0.2 ::1 10/Mar/2026/17/11/03 GET /v1/AUTH_7f986e436bcb4dfbb6a1610a5f8a355b/gnocchi.34a8d0a0-ee74-4cab-b12f-9a54d67c0c5c/none_v3 HTTP/1.0 404 - python-swiftclient-3.11.1 gAAAAABpsFBi3mJa... - 70 - txb0e3b138b0c0465fb432c-0069b050a7 - 0.0110 - - 1773162663.586383343 1773162663.597349644 0
Mar 10 17:11:03 standalone account-server[123871]: 172.20.0.100 - - [10/Mar/2026:17:11:03 +0000] "PUT /d1/972/AUTH_7f986e436bcb4dfbb6a1610a5f8a355b/gnocchi.34a8d0a0-ee74-4cab-b12f-9a54d67c0c5c" 201 - "PUT http://172.20.0.100:6001/d1/864/AUTH_7f986e436bcb4dfbb6a1610a5f8a355b/gnocchi.34a8d0a0-ee74-4cab-b12f-9a54d67c0c5c" "tx59b0c1ca493049c6ab845-0069b050a7" "container-server 22" 0.0043 "-" 20 0
Mar 10 17:11:03 standalone container-server[123856]: 172.20.0.100 - - [10/Mar/2026:17:11:03 +0000] "PUT /d1/864/AUTH_7f986e436bcb4dfbb6a1610a5f8a355b/gnocchi.34a8d0a0-ee74-4cab-b12f-9a54d67c0c5c" 201 - "PUT http://localhost:8080/v1/AUTH_7f986e436bcb4dfbb6a1610a5f8a355b/gnocchi.34a8d0a0-ee74-4cab-b12f-9a54d67c0c5c" "tx59b0c1ca493049c6ab845-0069b050a7" "proxy-server 21" 0.0222 "-" 22 0
Mar 10 17:11:03 standalone proxy-server[125841]: 172.18.0.2 ::1 10/Mar/2026/17/11/03 PUT /v1/AUTH_7f986e436bcb4dfbb6a1610a5f8a355b/gnocchi.34a8d0a0-ee74-4cab-b12f-9a54d67c0c5c HTTP/1.0 201 - python-swiftclient-3.11.1 gAAAAABpsFBi3mJa... - - - tx59b0c1ca493049c6ab845-0069b050a7 - 0.0298 - - 1773162663.601341248 1773162663.631112337 0
Mar 10 17:11:03 standalone container-server[123848]: 172.20.0.100 - - [10/Mar/2026:17:11:03 +0000] "HEAD /d1/864/AUTH_7f986e436bcb4dfbb6a1610a5f8a355b/gnocchi.34a8d0a0-ee74-4cab-b12f-9a54d67c0c5c" 204 - "HEAD http://localhost:8080/v1/AUTH_7f986e436bcb4dfbb6a1610a5f8a355b/gnocchi.34a8d0a0-ee74-4cab-b12f-9a54d67c0c5c?format=json&states=listing" "tx2b991b1815ff4d20994fa-0069b050a7" "proxy-server 21" 0.0029 "-" 19 0
Mar 10 17:11:03 standalone proxy-server[125841]: - - 10/Mar/2026/17/11/03 HEAD /v1/AUTH_7f986e436bcb4dfbb6a1610a5f8a355b/gnocchi.34a8d0a0-ee74-4cab-b12f-9a54d67c0c5c%3Fformat%3Djson%26states%3Dlisting HTTP/1.0 204 - Swift - - - - tx2b991b1815ff4d20994fa-0069b050a7 - 0.0070 RL - 1773162663.636096716 1773162663.643073797 0
Mar 10 17:11:03 standalone container-server[123852]: 172.20.0.100 - - [10/Mar/2026:17:11:03 +0000] "GET /d1/864/AUTH_7f986e436bcb4dfbb6a1610a5f8a355b/gnocchi.34a8d0a0-ee74-4cab-b12f-9a54d67c0c5c" 200 2 "GET http://localhost:8080/v1/AUTH_7f986e436bcb4dfbb6a1610a5f8a355b/gnocchi.34a8d0a0-ee74-4cab-b12f-9a54d67c0c5c?format=json&states=listing" "tx2b991b1815ff4d20994fa-0069b050a7" "proxy-server 21" 0.0042 "-" 21 0
Mar 10 17:11:03 standalone proxy-server[125841]: 172.18.0.2 ::1 10/Mar/2026/17/11/03 GET /v1/AUTH_7f986e436bcb4dfbb6a1610a5f8a355b/gnocchi.34a8d0a0-ee74-4cab-b12f-9a54d67c0c5c%3Fformat%3Djson%26states%3Dlisting HTTP/1.0 200 - python-swiftclient-3.11.1 gAAAAABpsFBi3mJa... - 2 - tx2b991b1815ff4d20994fa-0069b050a7 - 0.0232 - - 1773162663.635045528 1773162663.658285856 0
Mar 10 17:11:03 standalone object-server[124087]: 172.20.0.100 - - [10/Mar/2026:17:11:03 +0000] "GET /d1/136/AUTH_7f986e436bcb4dfbb6a1610a5f8a355b/gnocchi.34a8d0a0-ee74-4cab-b12f-9a54d67c0c5c/1772280000.0_mean_300.0_v3" 404 70 "GET http://localhost:8080/v1/AUTH_7f986e436bcb4dfbb6a1610a5f8a355b/gnocchi.34a8d0a0-ee74-4cab-b12f-9a54d67c0c5c/1772280000.0_mean_300.0_v3" "txeffb4dd8e6d848d8a533e-0069b050a7" "proxy-server 21" 0.0003 "-" 22 0
Mar 10 17:11:03 standalone proxy-server[125841]: 172.18.0.2 ::1 10/Mar/2026/17/11/03 GET /v1/AUTH_7f986e436bcb4dfbb6a1610a5f8a355b/gnocchi.34a8d0a0-ee74-4cab-b12f-9a54d67c0c5c/1772280000.0_mean_300.0_v3 HTTP/1.0 404 - python-swiftclient-3.11.1 gAAAAABpsFBi3mJa... - 70 - txeffb4dd8e6d848d8a533e-0069b050a7 - 0.0059 - - 1773162663.662303209 1773162663.668193102 0
Mar 10 17:11:03 standalone container-server[123852]: 172.20.0.100 - - [10/Mar/2026:17:11:03 +0000] "PUT /d1/864/AUTH_7f986e436bcb4dfbb6a1610a5f8a355b/gnocchi.34a8d0a0-ee74-4cab-b12f-9a54d67c0c5c/1772280000.0_mean_300.0_v3" 201 - "PUT http://localhost:8080/d1/136/AUTH_7f986e436bcb4dfbb6a1610a5f8a355b/gnocchi.34a8d0a0-ee74-4cab-b12f-9a54d67c0c5c/1772280000.0_mean_300.0_v3" "txbd311b4e36284bee901d3-0069b050a7" "object-server 23" 0.0013 "-" 21 0
Mar 10 17:11:03 standalone object-server[124092]: 172.20.0.100 - - [10/Mar/2026:17:11:03 +0000] "PUT /d1/136/AUTH_7f986e436bcb4dfbb6a1610a5f8a355b/gnocchi.34a8d0a0-ee74-4cab-b12f-9a54d67c0c5c/1772280000.0_mean_300.0_v3" 201 - "PUT http://localhost:8080/v1/AUTH_7f986e436bcb4dfbb6a1610a5f8a355b/gnocchi.34a8d0a0-ee74-4cab-b12f-9a54d67c0c5c/1772280000.0_mean_300.0_v3" "txbd311b4e36284bee901d3-0069b050a7" "proxy-server 21" 0.0174 "-" 23 0
Mar 10 17:11:03 standalone proxy-server[125841]: 172.18.0.2 ::1 10/Mar/2026/17/11/03 PUT /v1/AUTH_7f986e436bcb4dfbb6a1610a5f8a355b/gnocchi.34a8d0a0-ee74-4cab-b12f-9a54d67c0c5c/1772280000.0_mean_300.0_v3 HTTP/1.0 201 - python-swiftclient-3.11.1 gAAAAABpsFBi3mJa... 16 - - txbd311b4e36284bee901d3-0069b050a7 - 0.0287 - - 1773162663.671566010 1773162663.700217485 0
Mar 10 17:11:03 standalone container-server[123848]: 172.20.0.100 - - [10/Mar/2026:17:11:03 +0000] "PUT /d1/864/AUTH_7f986e436bcb4dfbb6a1610a5f8a355b/gnocchi.34a8d0a0-ee74-4cab-b12f-9a54d67c0c5c/none_v3" 201 - "PUT http://localhost:8080/d1/28/AUTH_7f986e436bcb4dfbb6a1610a5f8a355b/gnocchi.34a8d0a0-ee74-4cab-b12f-9a54d67c0c5c/none_v3" "txc3cadc1b77704904be4b9-0069b050a7" "object-server 24" 0.0009 "-" 19 0
Mar 10 17:11:03 standalone object-server[124093]: 172.20.0.100 - - [10/Mar/2026:17:11:03 +0000] "PUT /d1/28/AUTH_7f986e436bcb4dfbb6a1610a5f8a355b/gnocchi.34a8d0a0-ee74-4cab-b12f-9a54d67c0c5c/none_v3" 201 - "PUT http://localhost:8080/v1/AUTH_7f986e436bcb4dfbb6a1610a5f8a355b/gnocchi.34a8d0a0-ee74-4cab-b12f-9a54d67c0c5c/none_v3" "txc3cadc1b77704904be4b9-0069b050a7" "proxy-server 21" 0.0118 "-" 24 0
Mar 10 17:11:03 standalone proxy-server[125841]: 172.18.0.2 ::1 10/Mar/2026/17/11/03 PUT /v1/AUTH_7f986e436bcb4dfbb6a1610a5f8a355b/gnocchi.34a8d0a0-ee74-4cab-b12f-9a54d67c0c5c/none_v3 HTTP/1.0 201 - python-swiftclient-3.11.1 gAAAAABpsFBi3mJa... 22 - - txc3cadc1b77704904be4b9-0069b050a7 - 0.0220 - - 1773162663.708674192 1773162663.730702162 0
Mar 10 17:11:51 standalone account-server[123871]: 172.20.0.100 - - [10/Mar/2026:17:11:51 +0000] "HEAD /d1/311/.expiring_objects" 404 - "HEAD http://localhost/v1/.expiring_objects?format=json" "txb0b7b27fcab54719ae54b-0069b050d7" "proxy-server 2" 0.0010 "-" 20 -
Mar 10 17:11:51 standalone object-expirer[123931]: Pass completed in 0s; 0 objects expired (txn: txb0b7b27fcab54719ae54b-0069b050d7)
Mar 10 17:12:56 standalone account-server[123871]: 172.20.0.100 - - [10/Mar/2026:17:12:56 +0000] "HEAD /d1/972/AUTH_7f986e436bcb4dfbb6a1610a5f8a355b" 204 - "HEAD http://localhost:8080/v1/AUTH_7f986e436bcb4dfbb6a1610a5f8a355b?format=json" "txab6f4519af934fa39cf84-0069b05118" "proxy-server 21" 0.0066 "-" 20 -
Mar 10 17:12:56 standalone proxy-server[125841]: - - 10/Mar/2026/17/12/56 HEAD /v1/AUTH_7f986e436bcb4dfbb6a1610a5f8a355b%3Fformat%3Djson HTTP/1.0 204 - Swift - - - - txab6f4519af934fa39cf84-0069b05118 - 0.0108 RL - 1773162776.422052860 1773162776.432821274 -
Mar 10 17:12:56 standalone container-server[123851]: 172.20.0.100 - - [10/Mar/2026:17:12:56 +0000] "HEAD /d1/165/AUTH_7f986e436bcb4dfbb6a1610a5f8a355b/gnocchi.41224019-d9bd-40d0-9b2e-de5004d509ff" 404 - "HEAD http://localhost:8080/v1/AUTH_7f986e436bcb4dfbb6a1610a5f8a355b/gnocchi.41224019-d9bd-40d0-9b2e-de5004d509ff?format=json&states=listing" "txab6f4519af934fa39cf84-0069b05118" "proxy-server 21" 0.0005 "-" 20 0
Mar 10 17:12:56 standalone object-server[124093]: 172.20.0.100 - - [10/Mar/2026:17:12:56 +0000] "GET /d1/625/AUTH_7f986e436bcb4dfbb6a1610a5f8a355b/gnocchi.41224019-d9bd-40d0-9b2e-de5004d509ff/none_v3" 404 70 "GET http://localhost:8080/v1/AUTH_7f986e436bcb4dfbb6a1610a5f8a355b/gnocchi.41224019-d9bd-40d0-9b2e-de5004d509ff/none_v3" "txab6f4519af934fa39cf84-0069b05118" "proxy-server 21" 0.0005 "-" 24 0
Mar 10 17:12:56 standalone proxy-server[125841]: 172.18.0.2 ::1 10/Mar/2026/17/12/56 GET /v1/AUTH_7f986e436bcb4dfbb6a1610a5f8a355b/gnocchi.41224019-d9bd-40d0-9b2e-de5004d509ff/none_v3 HTTP/1.0 404 - python-swiftclient-3.11.1 gAAAAABpsFBi3mJa... - 70 - txab6f4519af934fa39cf84-0069b05118 - 0.0270 - - 1773162776.421316385 1773162776.448325396 0
Mar 10 17:12:56 standalone account-server[123872]: 172.20.0.100 - - [10/Mar/2026:17:12:56 +0000] "PUT /d1/972/AUTH_7f986e436bcb4dfbb6a1610a5f8a355b/gnocchi.41224019-d9bd-40d0-9b2e-de5004d509ff" 201 - "PUT http://172.20.0.100:6001/d1/165/AUTH_7f986e436bcb4dfbb6a1610a5f8a355b/gnocchi.41224019-d9bd-40d0-9b2e-de5004d509ff" "tx553f90d547894322a3914-0069b05118" "container-server 19" 0.0011 "-" 21 0
Mar 10 17:12:56 standalone container-server[123848]: 172.20.0.100 - - [10/Mar/2026:17:12:56 +0000] "PUT /d1/165/AUTH_7f986e436bcb4dfbb6a1610a5f8a355b/gnocchi.41224019-d9bd-40d0-9b2e-de5004d509ff" 201 - "PUT http://localhost:8080/v1/AUTH_7f986e436bcb4dfbb6a1610a5f8a355b/gnocchi.41224019-d9bd-40d0-9b2e-de5004d509ff" "tx553f90d547894322a3914-0069b05118" "proxy-server 21" 0.0135 "-" 19 0
Mar 10 17:12:56 standalone proxy-server[125841]: 172.18.0.2 ::1 10/Mar/2026/17/12/56 PUT /v1/AUTH_7f986e436bcb4dfbb6a1610a5f8a355b/gnocchi.41224019-d9bd-40d0-9b2e-de5004d509ff HTTP/1.0 201 - python-swiftclient-3.11.1 gAAAAABpsFBi3mJa... - - - tx553f90d547894322a3914-0069b05118 - 0.0296 - - 1773162776.451580763 1773162776.481143951 0
Mar 10 17:12:56 standalone container-server[123852]: 172.20.0.100 - - [10/Mar/2026:17:12:56 +0000] "HEAD /d1/165/AUTH_7f986e436bcb4dfbb6a1610a5f8a355b/gnocchi.41224019-d9bd-40d0-9b2e-de5004d509ff" 204 - "HEAD http://localhost:8080/v1/AUTH_7f986e436bcb4dfbb6a1610a5f8a355b/gnocchi.41224019-d9bd-40d0-9b2e-de5004d509ff?format=json&states=listing" "tx577428f587cb4853bd874-0069b05118" "proxy-server 21" 0.0013 "-" 21 0
Mar 10 17:12:56 standalone proxy-server[125841]: - - 10/Mar/2026/17/12/56 HEAD /v1/AUTH_7f986e436bcb4dfbb6a1610a5f8a355b/gnocchi.41224019-d9bd-40d0-9b2e-de5004d509ff%3Fformat%3Djson%26states%3Dlisting HTTP/1.0 204 - Swift - - - - tx577428f587cb4853bd874-0069b05118 - 0.0053 RL - 1773162776.489007950 1773162776.494324446 0
Mar 10 17:12:56 standalone container-server[123851]: 172.20.0.100 - - [10/Mar/2026:17:12:56 +0000] "GET /d1/165/AUTH_7f986e436bcb4dfbb6a1610a5f8a355b/gnocchi.41224019-d9bd-40d0-9b2e-de5004d509ff" 200 2 "GET http://localhost:8080/v1/AUTH_7f986e436bcb4dfbb6a1610a5f8a355b/gnocchi.41224019-d9bd-40d0-9b2e-de5004d509ff?format=json&states=listing" "tx577428f587cb4853bd874-0069b05118" "proxy-server 21" 0.0019 "-" 20 0
Mar 10 17:12:56 standalone proxy-server[125841]: 172.18.0.2 ::1 10/Mar/2026/17/12/56 GET /v1/AUTH_7f986e436bcb4dfbb6a1610a5f8a355b/gnocchi.41224019-d9bd-40d0-9b2e-de5004d509ff%3Fformat%3Djson%26states%3Dlisting HTTP/1.0 200 - python-swiftclient-3.11.1 gAAAAABpsFBi3mJa... - 2 - tx577428f587cb4853bd874-0069b05118 - 0.0151 - - 1773162776.486619949 1773162776.501727581 0
Mar 10 17:12:56 standalone object-server[124095]: 172.20.0.100 - - [10/Mar/2026:17:12:56 +0000] "GET /d1/710/AUTH_7f986e436bcb4dfbb6a1610a5f8a355b/gnocchi.41224019-d9bd-40d0-9b2e-de5004d509ff/1772280000.0_mean_300.0_v3" 404 70 "GET http://localhost:8080/v1/AUTH_7f986e436bcb4dfbb6a1610a5f8a355b/gnocchi.41224019-d9bd-40d0-9b2e-de5004d509ff/1772280000.0_mean_300.0_v3" "txd49ec8021ac64424aa748-0069b05118" "proxy-server 21" 0.0004 "-" 25 0
Mar 10 17:12:56 standalone proxy-server[125841]: 172.18.0.2 ::1 10/Mar/2026/17/12/56 GET /v1/AUTH_7f986e436bcb4dfbb6a1610a5f8a355b/gnocchi.41224019-d9bd-40d0-9b2e-de5004d509ff/1772280000.0_mean_300.0_v3 HTTP/1.0 404 - python-swiftclient-3.11.1 gAAAAABpsFBi3mJa... - 70 - txd49ec8021ac64424aa748-0069b05118 - 0.0053 - - 1773162776.506420135 1773162776.511765003 0
Mar 10 17:12:56 standalone container-server[123851]: 172.20.0.100 - - [10/Mar/2026:17:12:56 +0000] "PUT /d1/165/AUTH_7f986e436bcb4dfbb6a1610a5f8a355b/gnocchi.41224019-d9bd-40d0-9b2e-de5004d509ff/1772280000.0_mean_300.0_v3" 201 - "PUT http://localhost:8080/d1/710/AUTH_7f986e436bcb4dfbb6a1610a5f8a355b/gnocchi.41224019-d9bd-40d0-9b2e-de5004d509ff/1772280000.0_mean_300.0_v3" "txce948d8900384700ad133-0069b05118" "object-server 22" 0.0005 "-" 20 0
Mar 10 17:12:56 standalone object-server[124087]: 172.20.0.100 - - [10/Mar/2026:17:12:56 +0000] "PUT /d1/710/AUTH_7f986e436bcb4dfbb6a1610a5f8a355b/gnocchi.41224019-d9bd-40d0-9b2e-de5004d509ff/1772280000.0_mean_300.0_v3" 201 - "PUT http://localhost:8080/v1/AUTH_7f986e436bcb4dfbb6a1610a5f8a355b/gnocchi.41224019-d9bd-40d0-9b2e-de5004d509ff/1772280000.0_mean_300.0_v3" "txce948d8900384700ad133-0069b05118" "proxy-server 21" 0.0149 "-" 22 0
Mar 10 17:12:56 standalone proxy-server[125841]: 172.18.0.2 ::1 10/Mar/2026/17/12/56 PUT /v1/AUTH_7f986e436bcb4dfbb6a1610a5f8a355b/gnocchi.41224019-d9bd-40d0-9b2e-de5004d509ff/1772280000.0_mean_300.0_v3 HTTP/1.0 201 - python-swiftclient-3.11.1 gAAAAABpsFBi3mJa... 16 - - txce948d8900384700ad133-0069b05118 - 0.0210 - - 1773162776.515259981 1773162776.536282539 0
Mar 10 17:12:56 standalone container-server[123856]: 172.20.0.100 - - [10/Mar/2026:17:12:56 +0000] "PUT /d1/165/AUTH_7f986e436bcb4dfbb6a1610a5f8a355b/gnocchi.41224019-d9bd-40d0-9b2e-de5004d509ff/none_v3" 201 - "PUT http://localhost:8080/d1/625/AUTH_7f986e436bcb4dfbb6a1610a5f8a355b/gnocchi.41224019-d9bd-40d0-9b2e-de5004d509ff/none_v3" "txd78fc6778547461bad56b-0069b05118" "object-server 25" 0.0006 "-" 22 0
Mar 10 17:12:56 standalone object-server[124095]: 172.20.0.100 - - [10/Mar/2026:17:12:56 +0000] "PUT /d1/625/AUTH_7f986e436bcb4dfbb6a1610a5f8a355b/gnocchi.41224019-d9bd-40d0-9b2e-de5004d509ff/none_v3" 201 - "PUT http://localhost:8080/v1/AUTH_7f986e436bcb4dfbb6a1610a5f8a355b/gnocchi.41224019-d9bd-40d0-9b2e-de5004d509ff/none_v3" "txd78fc6778547461bad56b-0069b05118" "proxy-server 21" 0.0116 "-" 25 0
Mar 10 17:12:56 standalone proxy-server[125841]: 172.18.0.2 ::1 10/Mar/2026/17/12/56 PUT /v1/AUTH_7f986e436bcb4dfbb6a1610a5f8a355b/gnocchi.41224019-d9bd-40d0-9b2e-de5004d509ff/none_v3 HTTP/1.0 201 - python-swiftclient-3.11.1 gAAAAABpsFBi3mJa... 22 - - txd78fc6778547461bad56b-0069b05118 - 0.0196 - - 1773162776.541764021 1773162776.561413288 0
Mar 10 17:12:56 standalone container-server[123856]: 172.20.0.100 - - [10/Mar/2026:17:12:56 +0000] "HEAD /d1/828/AUTH_7f986e436bcb4dfbb6a1610a5f8a355b/gnocchi.24209461-2c45-4702-bc2c-b8c4780c567d" 404 - "HEAD http://localhost:8080/v1/AUTH_7f986e436bcb4dfbb6a1610a5f8a355b/gnocchi.24209461-2c45-4702-bc2c-b8c4780c567d?format=json&states=listing" "tx22e55b3138214c21a1973-0069b05118" "proxy-server 21" 0.0003 "-" 22 0
Mar 10 17:12:56 standalone object-server[124092]: 172.20.0.100 - - [10/Mar/2026:17:12:56 +0000] "GET /d1/704/AUTH_7f986e436bcb4dfbb6a1610a5f8a355b/gnocchi.24209461-2c45-4702-bc2c-b8c4780c567d/none_v3" 404 70 "GET http://localhost:8080/v1/AUTH_7f986e436bcb4dfbb6a1610a5f8a355b/gnocchi.24209461-2c45-4702-bc2c-b8c4780c567d/none_v3" "tx22e55b3138214c21a1973-0069b05118" "proxy-server 21" 0.0005 "-" 23 0
Mar 10 17:12:56 standalone proxy-server[125841]: 172.18.0.2 ::1 10/Mar/2026/17/12/56 GET /v1/AUTH_7f986e436bcb4dfbb6a1610a5f8a355b/gnocchi.24209461-2c45-4702-bc2c-b8c4780c567d/none_v3 HTTP/1.0 404 - python-swiftclient-3.11.1 gAAAAABpsFBi3mJa... - 70 - tx22e55b3138214c21a1973-0069b05118 - 0.0096 - - 1773162776.571360588 1773162776.580946207 0
Mar 10 17:12:56 standalone account-server[123871]: 172.20.0.100 - - [10/Mar/2026:17:12:56 +0000] "PUT /d1/972/AUTH_7f986e436bcb4dfbb6a1610a5f8a355b/gnocchi.24209461-2c45-4702-bc2c-b8c4780c567d" 201 - "PUT http://172.20.0.100:6001/d1/828/AUTH_7f986e436bcb4dfbb6a1610a5f8a355b/gnocchi.24209461-2c45-4702-bc2c-b8c4780c567d" "tx00ee662e23424cf995c25-0069b05118" "container-server 21" 0.0038 "-" 20 0
Mar 10 17:12:56 standalone container-server[123852]: 172.20.0.100 - - [10/Mar/2026:17:12:56 +0000] "PUT /d1/828/AUTH_7f986e436bcb4dfbb6a1610a5f8a355b/gnocchi.24209461-2c45-4702-bc2c-b8c4780c567d" 201 - "PUT http://localhost:8080/v1/AUTH_7f986e436bcb4dfbb6a1610a5f8a355b/gnocchi.24209461-2c45-4702-bc2c-b8c4780c567d" "tx00ee662e23424cf995c25-0069b05118" "proxy-server 21" 0.0122 "-" 21 0
Mar 10 17:12:56 standalone proxy-server[125841]: 172.18.0.2 ::1 10/Mar/2026/17/12/56 PUT /v1/AUTH_7f986e436bcb4dfbb6a1610a5f8a355b/gnocchi.24209461-2c45-4702-bc2c-b8c4780c567d HTTP/1.0 201 - python-swiftclient-3.11.1 gAAAAABpsFBi3mJa... - - - tx00ee662e23424cf995c25-0069b05118 - 0.0215 - - 1773162776.583240032 1773162776.604757547 0
Mar 10 17:12:56 standalone container-server[123848]: 172.20.0.100 - - [10/Mar/2026:17:12:56 +0000] "HEAD /d1/828/AUTH_7f986e436bcb4dfbb6a1610a5f8a355b/gnocchi.24209461-2c45-4702-bc2c-b8c4780c567d" 204 - "HEAD http://localhost:8080/v1/AUTH_7f986e436bcb4dfbb6a1610a5f8a355b/gnocchi.24209461-2c45-4702-bc2c-b8c4780c567d?format=json&states=listing" "tx5b082178a99d4be5910ff-0069b05118" "proxy-server 21" 0.0010 "-" 19 0
Mar 10 17:12:56 standalone proxy-server[125841]: - - 10/Mar/2026/17/12/56 HEAD /v1/AUTH_7f986e436bcb4dfbb6a1610a5f8a355b/gnocchi.24209461-2c45-4702-bc2c-b8c4780c567d%3Fformat%3Djson%26states%3Dlisting HTTP/1.0 204 - Swift - - - - tx5b082178a99d4be5910ff-0069b05118 - 0.0033 RL - 1773162776.610073566 1773162776.613358736 0
Mar 10 17:12:56 standalone container-server[123851]: 172.20.0.100 - - [10/Mar/2026:17:12:56 +0000] "GET /d1/828/AUTH_7f986e436bcb4dfbb6a1610a5f8a355b/gnocchi.24209461-2c45-4702-bc2c-b8c4780c567d" 200 2 "GET http://localhost:8080/v1/AUTH_7f986e436bcb4dfbb6a1610a5f8a355b/gnocchi.24209461-2c45-4702-bc2c-b8c4780c567d?format=json&states=listing" "tx5b082178a99d4be5910ff-0069b05118" "proxy-server 21" 0.0017 "-" 20 0
Mar 10 17:12:56 standalone proxy-server[125841]: 172.18.0.2 ::1 10/Mar/2026/17/12/56 GET /v1/AUTH_7f986e436bcb4dfbb6a1610a5f8a355b/gnocchi.24209461-2c45-4702-bc2c-b8c4780c567d%3Fformat%3Djson%26states%3Dlisting HTTP/1.0 200 - python-swiftclient-3.11.1 gAAAAABpsFBi3mJa... - 2 - tx5b082178a99d4be5910ff-0069b05118 - 0.0102 - - 1773162776.609231710 1773162776.619456768 0
Mar 10 17:12:56 standalone object-server[124093]: 172.20.0.100 - - [10/Mar/2026:17:12:56 +0000] "GET /d1/127/AUTH_7f986e436bcb4dfbb6a1610a5f8a355b/gnocchi.24209461-2c45-4702-bc2c-b8c4780c567d/1772280000.0_mean_300.0_v3" 404 70 "GET http://localhost:8080/v1/AUTH_7f986e436bcb4dfbb6a1610a5f8a355b/gnocchi.24209461-2c45-4702-bc2c-b8c4780c567d/1772280000.0_mean_300.0_v3" "txc9cc916e64b44aa8b278c-0069b05118" "proxy-server 21" 0.0003 "-" 24 0
Mar 10 17:12:56 standalone proxy-server[125841]: 172.18.0.2 ::1 10/Mar/2026/17/12/56 GET /v1/AUTH_7f986e436bcb4dfbb6a1610a5f8a355b/gnocchi.24209461-2c45-4702-bc2c-b8c4780c567d/1772280000.0_mean_300.0_v3 HTTP/1.0 404 - python-swiftclient-3.11.1 gAAAAABpsFBi3mJa... - 70 - txc9cc916e64b44aa8b278c-0069b05118 - 0.0047 - - 1773162776.623804092 1773162776.628468037 0
Mar 10 17:12:56 standalone container-server[123848]: 172.20.0.100 - - [10/Mar/2026:17:12:56 +0000] "PUT /d1/828/AUTH_7f986e436bcb4dfbb6a1610a5f8a355b/gnocchi.24209461-2c45-4702-bc2c-b8c4780c567d/1772280000.0_mean_300.0_v3" 201 - "PUT http://localhost:8080/d1/127/AUTH_7f986e436bcb4dfbb6a1610a5f8a355b/gnocchi.24209461-2c45-4702-bc2c-b8c4780c567d/1772280000.0_mean_300.0_v3" "tx2ff818d72fe3442785a2e-0069b05118" "object-server 22" 0.0010 "-" 19 0
Mar 10 17:12:56 standalone object-server[124087]: 172.20.0.100 - - [10/Mar/2026:17:12:56 +0000] "PUT /d1/127/AUTH_7f986e436bcb4dfbb6a1610a5f8a355b/gnocchi.24209461-2c45-4702-bc2c-b8c4780c567d/1772280000.0_mean_300.0_v3" 201 - "PUT http://localhost:8080/v1/AUTH_7f986e436bcb4dfbb6a1610a5f8a355b/gnocchi.24209461-2c45-4702-bc2c-b8c4780c567d/1772280000.0_mean_300.0_v3" "tx2ff818d72fe3442785a2e-0069b05118" "proxy-server 21" 0.0093 "-" 22 0
Mar 10 17:12:56 standalone proxy-server[125841]: 172.18.0.2 ::1 10/Mar/2026/17/12/56 PUT /v1/AUTH_7f986e436bcb4dfbb6a1610a5f8a355b/gnocchi.24209461-2c45-4702-bc2c-b8c4780c567d/1772280000.0_mean_300.0_v3 HTTP/1.0 201 - python-swiftclient-3.11.1 gAAAAABpsFBi3mJa... 16 - - tx2ff818d72fe3442785a2e-0069b05118 - 0.0161 - - 1773162776.634263039 1773162776.650366783 0
Mar 10 17:12:56 standalone container-server[123852]: 172.20.0.100 - - [10/Mar/2026:17:12:56 +0000] "PUT /d1/828/AUTH_7f986e436bcb4dfbb6a1610a5f8a355b/gnocchi.24209461-2c45-4702-bc2c-b8c4780c567d/none_v3" 201 - "PUT http://localhost:8080/d1/704/AUTH_7f986e436bcb4dfbb6a1610a5f8a355b/gnocchi.24209461-2c45-4702-bc2c-b8c4780c567d/none_v3" "txbb78f35542fd4dcc9cd66-0069b05118" "object-server 24" 0.0007 "-" 21 0
Mar 10 17:12:56 standalone object-server[124093]: 172.20.0.100 - - [10/Mar/2026:17:12:56 +0000] "PUT /d1/704/AUTH_7f986e436bcb4dfbb6a1610a5f8a355b/gnocchi.24209461-2c45-4702-bc2c-b8c4780c567d/none_v3" 201 - "PUT http://localhost:8080/v1/AUTH_7f986e436bcb4dfbb6a1610a5f8a355b/gnocchi.24209461-2c45-4702-bc2c-b8c4780c567d/none_v3" "txbb78f35542fd4dcc9cd66-0069b05118" "proxy-server 21" 0.0082 "-" 24 0
Mar 10 17:12:56 standalone proxy-server[125841]: 172.18.0.2 ::1 10/Mar/2026/17/12/56 PUT /v1/AUTH_7f986e436bcb4dfbb6a1610a5f8a355b/gnocchi.24209461-2c45-4702-bc2c-b8c4780c567d/none_v3 HTTP/1.0 201 - python-swiftclient-3.11.1 gAAAAABpsFBi3mJa... 22 - - txbb78f35542fd4dcc9cd66-0069b05118 - 0.0140 - - 1773162776.654643059 1773162776.668670416 0
Mar 10 17:12:56 standalone container-server[123852]: 172.20.0.100 - - [10/Mar/2026:17:12:56 +0000] "HEAD /d1/80/AUTH_7f986e436bcb4dfbb6a1610a5f8a355b/gnocchi.92152c11-b839-440f-9afa-cfb1ed8d2090" 404 - "HEAD http://localhost:8080/v1/AUTH_7f986e436bcb4dfbb6a1610a5f8a355b/gnocchi.92152c11-b839-440f-9afa-cfb1ed8d2090?format=json&states=listing" "txcfe2838158734700bb1a5-0069b05118" "proxy-server 21" 0.0005 "-" 21 0
Mar 10 17:12:56 standalone object-server[124092]: 172.20.0.100 - - [10/Mar/2026:17:12:56 +0000] "GET /d1/75/AUTH_7f986e436bcb4dfbb6a1610a5f8a355b/gnocchi.92152c11-b839-440f-9afa-cfb1ed8d2090/none_v3" 404 70 "GET http://localhost:8080/v1/AUTH_7f986e436bcb4dfbb6a1610a5f8a355b/gnocchi.92152c11-b839-440f-9afa-cfb1ed8d2090/none_v3" "txcfe2838158734700bb1a5-0069b05118" "proxy-server 21" 0.0005 "-" 23 0
Mar 10 17:12:56 standalone proxy-server[125841]: 172.18.0.2 ::1 10/Mar/2026/17/12/56 GET /v1/AUTH_7f986e436bcb4dfbb6a1610a5f8a355b/gnocchi.92152c11-b839-440f-9afa-cfb1ed8d2090/none_v3 HTTP/1.0 404 - python-swiftclient-3.11.1 gAAAAABpsFBi3mJa... - 70 - txcfe2838158734700bb1a5-0069b05118 - 0.0129 - - 1773162776.682935238 1773162776.695857048 0
Mar 10 17:12:56 standalone account-server[123872]: 172.20.0.100 - - [10/Mar/2026:17:12:56 +0000] "PUT /d1/972/AUTH_7f986e436bcb4dfbb6a1610a5f8a355b/gnocchi.92152c11-b839-440f-9afa-cfb1ed8d2090" 201 - "PUT http://172.20.0.100:6001/d1/80/AUTH_7f986e436bcb4dfbb6a1610a5f8a355b/gnocchi.92152c11-b839-440f-9afa-cfb1ed8d2090" "txa577e8a3b96345da835a8-0069b05118" "container-server 20" 0.0062 "-" 21 0
Mar 10 17:12:56 standalone container-server[123851]: 172.20.0.100 - - [10/Mar/2026:17:12:56 +0000] "PUT /d1/80/AUTH_7f986e436bcb4dfbb6a1610a5f8a355b/gnocchi.92152c11-b839-440f-9afa-cfb1ed8d2090" 201 - "PUT http://localhost:8080/v1/AUTH_7f986e436bcb4dfbb6a1610a5f8a355b/gnocchi.92152c11-b839-440f-9afa-cfb1ed8d2090" "txa577e8a3b96345da835a8-0069b05118" "proxy-server 21" 0.0198 "-" 20 0
Mar 10 17:12:56 standalone proxy-server[125841]: 172.18.0.2 ::1 10/Mar/2026/17/12/56 PUT /v1/AUTH_7f986e436bcb4dfbb6a1610a5f8a355b/gnocchi.92152c11-b839-440f-9afa-cfb1ed8d2090 HTTP/1.0 201 - python-swiftclient-3.11.1 gAAAAABpsFBi3mJa... - - - txa577e8a3b96345da835a8-0069b05118 - 0.0277 - - 1773162776.700205803 1773162776.727858782 0
Mar 10 17:12:56 standalone container-server[123848]: 172.20.0.100 - - [10/Mar/2026:17:12:56 +0000] "HEAD /d1/80/AUTH_7f986e436bcb4dfbb6a1610a5f8a355b/gnocchi.92152c11-b839-440f-9afa-cfb1ed8d2090" 204 - "HEAD http://localhost:8080/v1/AUTH_7f986e436bcb4dfbb6a1610a5f8a355b/gnocchi.92152c11-b839-440f-9afa-cfb1ed8d2090?format=json&states=listing" "tx7533d7ae0a3c4c4681672-0069b05118" "proxy-server 21" 0.0023 "-" 19 0
Mar 10 17:12:56 standalone proxy-server[125841]: - - 10/Mar/2026/17/12/56 HEAD /v1/AUTH_7f986e436bcb4dfbb6a1610a5f8a355b/gnocchi.92152c11-b839-440f-9afa-cfb1ed8d2090%3Fformat%3Djson%26states%3Dlisting HTTP/1.0 204 - Swift - - - - tx7533d7ae0a3c4c4681672-0069b05118 - 0.0081 RL - 1773162776.737488985 1773162776.745571375 0
Mar 10 17:12:56 standalone container-server[123848]: 172.20.0.100 - - [10/Mar/2026:17:12:56 +0000] "GET /d1/80/AUTH_7f986e436bcb4dfbb6a1610a5f8a355b/gnocchi.92152c11-b839-440f-9afa-cfb1ed8d2090" 200 2 "GET http://localhost:8080/v1/AUTH_7f986e436bcb4dfbb6a1610a5f8a355b/gnocchi.92152c11-b839-440f-9afa-cfb1ed8d2090?format=json&states=listing" "tx7533d7ae0a3c4c4681672-0069b05118" "proxy-server 21" 0.0036 "-" 19 0
