Mar 10 16:57:58 standalone account-server[123447]: Starting 2
Mar 10 16:57:58 standalone container-server[123461]: Option allow_versions is deprecated. Configure the versioned_writes middleware in the proxy-server instead. This option will be ignored in a future release.
Mar 10 16:57:58 standalone container-server[123848]: Option allow_versions is deprecated. Configure the versioned_writes middleware in the proxy-server instead. This option will be ignored in a future release.
Mar 10 16:57:58 standalone container-server[123461]: Started child 19 from parent 2
Mar 10 16:57:58 standalone container-server[123851]: Option allow_versions is deprecated. Configure the versioned_writes middleware in the proxy-server instead. This option will be ignored in a future release.
Mar 10 16:57:58 standalone container-server[123461]: Started child 20 from parent 2
Mar 10 16:57:58 standalone container-server[123852]: Option allow_versions is deprecated. Configure the versioned_writes middleware in the proxy-server instead. This option will be ignored in a future release.
Mar 10 16:57:58 standalone container-server[123461]: Started child 21 from parent 2
Mar 10 16:57:58 standalone container-server[123856]: Option allow_versions is deprecated. Configure the versioned_writes middleware in the proxy-server instead. This option will be ignored in a future release.
Mar 10 16:57:58 standalone container-server[123461]: Started child 22 from parent 2
Mar 10 16:57:58 standalone account-server[123512]: Started child 20 from parent 2
Mar 10 16:57:58 standalone account-server[123512]: Started child 21 from parent 2
Mar 10 16:57:58 standalone account-server[123512]: Started child 22 from parent 2
Mar 10 16:57:58 standalone account-server[123512]: Started child 23 from parent 2
Mar 10 16:57:59 standalone container-server[123827]: Starting 2
Mar 10 16:58:00 standalone object-expirer[123931]: Starting 2
Mar 10 16:58:00 standalone object-expirer[123931]: Option auto_create_account_prefix is deprecated. Configure auto_create_account_prefix under the swift-constraints section of swift.conf. This option will be ignored in a future release.
Mar 10 16:58:00 standalone object-server[123937]: Starting 2
Mar 10 16:58:00 standalone object-server[123964]: Started child 22 from parent 2
Mar 10 16:58:00 standalone object-server[123964]: Started child 23 from parent 2
Mar 10 16:58:00 standalone object-server[123964]: Started child 24 from parent 2
Mar 10 16:58:00 standalone object-server[123964]: Started child 25 from parent 2
Mar 10 16:58:06 standalone proxy-server[125457]: Starting Keystone auth_token middleware
Mar 10 16:58:06 standalone proxy-server[125457]: AuthToken middleware is set with keystone_authtoken.service_token_roles_required set to False. This is backwards compatible but deprecated behaviour. Please set this to True.
Mar 10 16:58:06 standalone proxy-server[125841]: Starting Keystone auth_token middleware
Mar 10 16:58:06 standalone proxy-server[125841]: STDERR: The option "bind_port" is not known to keystonemiddleware
Mar 10 16:58:06 standalone proxy-server[125841]: STDERR: The option "workers" is not known to keystonemiddleware
Mar 10 16:58:06 standalone proxy-server[125841]: STDERR: The option "user" is not known to keystonemiddleware
Mar 10 16:58:06 standalone proxy-server[125841]: STDERR: The option "bind_ip" is not known to keystonemiddleware
Mar 10 16:58:06 standalone proxy-server[125841]: STDERR: The option "log_name" is not known to keystonemiddleware
Mar 10 16:58:06 standalone proxy-server[125841]: STDERR: The option "log_facility" is not known to keystonemiddleware
Mar 10 16:58:06 standalone proxy-server[125841]: STDERR: The option "log_level" is not known to keystonemiddleware
Mar 10 16:58:06 standalone proxy-server[125841]: STDERR: The option "log_headers" is not known to keystonemiddleware
Mar 10 16:58:06 standalone proxy-server[125841]: STDERR: The option "log_address" is not known to keystonemiddleware
Mar 10 16:58:06 standalone proxy-server[125841]: STDERR: The option "project_name" is not known to keystonemiddleware
Mar 10 16:58:06 standalone proxy-server[125841]: STDERR: The option "username" is not known to keystonemiddleware
Mar 10 16:58:06 standalone proxy-server[125841]: STDERR: The option "password" is not known to keystonemiddleware
Mar 10 16:58:06 standalone proxy-server[125841]: STDERR: The option "auth_url" is not known to keystonemiddleware
Mar 10 16:58:06 standalone proxy-server[125841]: STDERR: The option "signing_dir" is not known to keystonemiddleware
Mar 10 16:58:06 standalone proxy-server[125841]: STDERR: The option "project_domain_id" is not known to keystonemiddleware
Mar 10 16:58:06 standalone proxy-server[125841]: STDERR: The option "user_domain_id" is not known to keystonemiddleware
Mar 10 16:58:06 standalone proxy-server[125841]: STDERR: The option "__name__" is not known to keystonemiddleware
Mar 10 16:58:06 standalone proxy-server[125841]: AuthToken middleware is set with keystone_authtoken.service_token_roles_required set to False. This is backwards compatible but deprecated behaviour. Please set this to True.
Mar 10 16:58:06 standalone proxy-server[125457]: Started child 21 from parent 2
Mar 10 16:58:18 standalone container-server[123827]: Begin container update sweep
Mar 10 16:58:18 standalone container-server[123827]: Container update sweep completed: 0.00s
Mar 10 17:00:37 standalone object-server[123937]: Begin object update sweep
Mar 10 17:00:37 standalone object-server[142989]: Object update sweep starting on /srv/node/d1 (pid: 11)
Mar 10 17:00:37 standalone object-server[142989]: Object update sweep completed on /srv/node/d1 in 0.00s seconds:, 0 successes, 0 failures, 0 quarantines, 0 unlinks, 0 errors, 0 redirects (pid: 11)
Mar 10 17:00:37 standalone object-server[142989]: Object update sweep of d1 completed: 0.00s, 0 successes, 0 failures, 0 quarantines, 0 unlinks, 0 errors, 0 redirects
Mar 10 17:00:37 standalone object-server[123937]: Object update sweep completed: 0.05s
Mar 10 17:02:55 standalone account-server[123873]: 172.20.0.100 - - [10/Mar/2026:17:02:55 +0000] "HEAD /d1/311/.expiring_objects" 404 - "HEAD http://localhost/v1/.expiring_objects?format=json" "tx35aba642030e4780bfd5f-0069b04ebf" "proxy-server 2" 0.0013 "-" 22 -
Mar 10 17:02:55 standalone object-expirer[123931]: Pass completed in 0s; 0 objects expired (txn: tx35aba642030e4780bfd5f-0069b04ebf)
Mar 10 17:03:18 standalone container-server[123827]: Begin container update sweep
Mar 10 17:03:18 standalone container-server[123827]: Container update sweep completed: 0.00s
Mar 10 17:04:54 standalone account-server[123872]: 172.20.0.100 - - [10/Mar/2026:17:04:54 +0000] "HEAD /d1/972/AUTH_7f986e436bcb4dfbb6a1610a5f8a355b" 404 - "HEAD http://localhost:8080/v1/AUTH_7f986e436bcb4dfbb6a1610a5f8a355b?format=json" "txf3aaa9bb66a148acaf39d-0069b04f36" "proxy-server 21" 0.0010 "-" 21 -
Mar 10 17:04:54 standalone proxy-server[125841]: - - 10/Mar/2026/17/04/54 HEAD /v1/AUTH_7f986e436bcb4dfbb6a1610a5f8a355b%3Fformat%3Djson HTTP/1.0 200 - Swift - - - - txf3aaa9bb66a148acaf39d-0069b04f36 - 0.0048 RL - 1773162294.290113449 1773162294.294864893 -
Mar 10 17:04:54 standalone proxy-server[125841]: 172.18.0.2 ::1 10/Mar/2026/17/04/54 HEAD /v1/AUTH_7f986e436bcb4dfbb6a1610a5f8a355b/glance%3Fformat%3Djson HTTP/1.0 404 - python-swiftclient-3.11.1 gAAAAABpsE82uPEH... - - - txf3aaa9bb66a148acaf39d-0069b04f36 - 0.4341 - - 1773162294.285648346 1773162294.719752789 -
Mar 10 17:04:54 standalone account-server[123871]: 172.20.0.100 - - [10/Mar/2026:17:04:54 +0000] "PUT /d1/972/AUTH_7f986e436bcb4dfbb6a1610a5f8a355b" 201 - "-" "tx9f45a9185a7a4b19a958c-0069b04f36" "-" 0.0247 "-" 20 -
Mar 10 17:04:54 standalone proxy-server[125841]: autocreate account '/AUTH_7f986e436bcb4dfbb6a1610a5f8a355b' (txn: tx9f45a9185a7a4b19a958c-0069b04f36)
Mar 10 17:04:54 standalone account-server[123873]: 172.20.0.100 - - [10/Mar/2026:17:04:54 +0000] "HEAD /d1/972/AUTH_7f986e436bcb4dfbb6a1610a5f8a355b" 204 - "HEAD http://localhost:8080/v1/AUTH_7f986e436bcb4dfbb6a1610a5f8a355b?format=json" "tx9f45a9185a7a4b19a958c-0069b04f36" "proxy-server 21" 0.0027 "-" 22 -
Mar 10 17:04:54 standalone account-server[123873]: 172.20.0.100 - - [10/Mar/2026:17:04:54 +0000] "PUT /d1/972/AUTH_7f986e436bcb4dfbb6a1610a5f8a355b/glance" 201 - "PUT http://172.20.0.100:6001/d1/709/AUTH_7f986e436bcb4dfbb6a1610a5f8a355b/glance" "tx9f45a9185a7a4b19a958c-0069b04f36" "container-server 19" 0.0019 "-" 22 0
Mar 10 17:04:54 standalone container-server[123848]: 172.20.0.100 - - [10/Mar/2026:17:04:54 +0000] "PUT /d1/709/AUTH_7f986e436bcb4dfbb6a1610a5f8a355b/glance" 201 - "PUT http://localhost:8080/v1/AUTH_7f986e436bcb4dfbb6a1610a5f8a355b/glance" "tx9f45a9185a7a4b19a958c-0069b04f36" "proxy-server 21" 0.0167 "-" 19 0
Mar 10 17:04:54 standalone proxy-server[125841]: 172.18.0.2 ::1 10/Mar/2026/17/04/54 PUT /v1/AUTH_7f986e436bcb4dfbb6a1610a5f8a355b/glance HTTP/1.0 201 - python-swiftclient-3.11.1 gAAAAABpsE82uPEH... - - - tx9f45a9185a7a4b19a958c-0069b04f36 - 0.0625 - - 1773162294.724862099 1773162294.787399054 0
Mar 10 17:04:54 standalone container-server[123852]: 172.20.0.100 - - [10/Mar/2026:17:04:54 +0000] "HEAD /d1/709/AUTH_7f986e436bcb4dfbb6a1610a5f8a355b/glance" 204 - "HEAD http://localhost:8080/v1/AUTH_7f986e436bcb4dfbb6a1610a5f8a355b/glance?format=json&states=listing" "tx84bd2d91479949eabc567-0069b04f36" "proxy-server 21" 0.0045 "-" 21 0
Mar 10 17:04:54 standalone proxy-server[125841]: - - 10/Mar/2026/17/04/54 HEAD /v1/AUTH_7f986e436bcb4dfbb6a1610a5f8a355b/glance%3Fformat%3Djson%26states%3Dlisting HTTP/1.0 204 - Swift - - - - tx84bd2d91479949eabc567-0069b04f36 - 0.0155 RL - 1773162294.819303274 1773162294.834825516 0
Mar 10 17:05:13 standalone container-server[123851]: 172.20.0.100 - - [10/Mar/2026:17:05:13 +0000] "PUT /d1/709/AUTH_7f986e436bcb4dfbb6a1610a5f8a355b/glance/6b7ab3ef-8a16-43e0-9011-eba768da942f" 201 - "PUT http://localhost:8080/d1/520/AUTH_7f986e436bcb4dfbb6a1610a5f8a355b/glance/6b7ab3ef-8a16-43e0-9011-eba768da942f" "tx84bd2d91479949eabc567-0069b04f36" "object-server 23" 0.0018 "-" 20 0
Mar 10 17:05:13 standalone object-server[124092]: 172.20.0.100 - - [10/Mar/2026:17:05:13 +0000] "PUT /d1/520/AUTH_7f986e436bcb4dfbb6a1610a5f8a355b/glance/6b7ab3ef-8a16-43e0-9011-eba768da942f" 201 - "PUT http://localhost:8080/v1/AUTH_7f986e436bcb4dfbb6a1610a5f8a355b/glance/6b7ab3ef-8a16-43e0-9011-eba768da942f" "tx84bd2d91479949eabc567-0069b04f36" "proxy-server 21" 18.5746 "-" 23 0
Mar 10 17:05:13 standalone proxy-server[125841]: 172.18.0.2 ::1 10/Mar/2026/17/05/13 PUT /v1/AUTH_7f986e436bcb4dfbb6a1610a5f8a355b/glance/6b7ab3ef-8a16-43e0-9011-eba768da942f HTTP/1.0 201 - python-swiftclient-3.11.1 gAAAAABpsE82uPEH... 1481900032 - - tx84bd2d91479949eabc567-0069b04f36 - 18.6076 - - 1773162294.815635920 1773162313.423223734 0
Mar 10 17:05:38 standalone object-server[123937]: Begin object update sweep
Mar 10 17:05:38 standalone object-server[178609]: Object update sweep starting on /srv/node/d1 (pid: 13)
Mar 10 17:05:38 standalone object-server[178609]: Object update sweep completed on /srv/node/d1 in 0.00s seconds:, 0 successes, 0 failures, 0 quarantines, 0 unlinks, 0 errors, 0 redirects (pid: 13)
Mar 10 17:05:38 standalone object-server[178609]: Object update sweep of d1 completed: 0.00s, 0 successes, 0 failures, 0 quarantines, 0 unlinks, 0 errors, 0 redirects
Mar 10 17:05:38 standalone object-server[123937]: Object update sweep completed: 0.08s
Mar 10 17:07:23 standalone account-server[123872]: 172.20.0.100 - - [10/Mar/2026:17:07:23 +0000] "HEAD /d1/311/.expiring_objects" 404 - "HEAD http://localhost/v1/.expiring_objects?format=json" "txb5166b9da0e54a3196c46-0069b04fcb" "proxy-server 2" 0.0004 "-" 21 -
Mar 10 17:07:23 standalone object-expirer[123931]: Pass completed in 0s; 0 objects expired (txn: txb5166b9da0e54a3196c46-0069b04fcb)
Mar 10 17:08:18 standalone container-server[123827]: Begin container update sweep
Mar 10 17:08:18 standalone account-server[123872]: 172.20.0.100 - - [10/Mar/2026:17:08:18 +0000] "PUT /d1/972/AUTH_7f986e436bcb4dfbb6a1610a5f8a355b/glance" 201 - "-" "-" "container-updater 2" 0.0009 "-" 21 0
Mar 10 17:08:18 standalone container-server[123827]: Container update sweep completed: 0.10s
Mar 10 17:09:41 standalone account-server[123871]: 172.20.0.100 - - [10/Mar/2026:17:09:41 +0000] "HEAD /d1/311/.expiring_objects" 404 - "HEAD http://localhost/v1/.expiring_objects?format=json" "txd726447a74ec4821a48b6-0069b05055" "proxy-server 2" 0.0008 "-" 20 -
Mar 10 17:09:41 standalone object-expirer[123931]: Pass completed in 0s; 0 objects expired (txn: txd726447a74ec4821a48b6-0069b05055)
Mar 10 17:09:51 standalone account-server[123872]: 172.20.0.100 - - [10/Mar/2026:17:09:51 +0000] "HEAD /d1/972/AUTH_7f986e436bcb4dfbb6a1610a5f8a355b" 204 - "HEAD http://localhost:8080/v1/AUTH_7f986e436bcb4dfbb6a1610a5f8a355b?format=json" "tx5086a8e851ce472b9c44d-0069b0505f" "proxy-server 21" 0.0090 "-" 21 -
Mar 10 17:09:51 standalone proxy-server[125841]: - - 10/Mar/2026/17/09/51 HEAD /v1/AUTH_7f986e436bcb4dfbb6a1610a5f8a355b%3Fformat%3Djson HTTP/1.0 204 - Swift - - - - tx5086a8e851ce472b9c44d-0069b0505f - 0.0135 RL - 1773162591.452072859 1773162591.465576172 -
Mar 10 17:09:51 standalone container-server[123851]: 172.20.0.100 - - [10/Mar/2026:17:09:51 +0000] "HEAD /d1/709/AUTH_7f986e436bcb4dfbb6a1610a5f8a355b/glance" 204 - "HEAD http://localhost:8080/v1/AUTH_7f986e436bcb4dfbb6a1610a5f8a355b/glance?format=json&states=listing" "tx5086a8e851ce472b9c44d-0069b0505f" "proxy-server 21" 0.0034 "-" 20 0
Mar 10 17:09:51 standalone proxy-server[125841]: 172.18.0.2 ::1 10/Mar/2026/17/09/51 HEAD /v1/AUTH_7f986e436bcb4dfbb6a1610a5f8a355b/glance%3Fformat%3Djson%26states%3Dlisting HTTP/1.0 204 - python-swiftclient-3.11.1 gAAAAABpsFBfw1LG... - - - tx5086a8e851ce472b9c44d-0069b0505f - 0.1255 - - 1773162591.451153994 1773162591.576651096 0
Mar 10 17:09:54 standalone container-server[123848]: 172.20.0.100 - - [10/Mar/2026:17:09:54 +0000] "PUT /d1/709/AUTH_7f986e436bcb4dfbb6a1610a5f8a355b/glance/59c8cec6-db73-4e84-baf0-91ae56dc56d2-00001" 201 - "PUT http://localhost:8080/d1/631/AUTH_7f986e436bcb4dfbb6a1610a5f8a355b/glance/59c8cec6-db73-4e84-baf0-91ae56dc56d2-00001" "tx3f1e2e23af634ad59a017-0069b0505f" "object-server 25" 0.0013 "-" 19 0
Mar 10 17:09:54 standalone object-server[124095]: 172.20.0.100 - - [10/Mar/2026:17:09:54 +0000] "PUT /d1/631/AUTH_7f986e436bcb4dfbb6a1610a5f8a355b/glance/59c8cec6-db73-4e84-baf0-91ae56dc56d2-00001" 201 - "PUT http://localhost:8080/v1/AUTH_7f986e436bcb4dfbb6a1610a5f8a355b/glance/59c8cec6-db73-4e84-baf0-91ae56dc56d2-00001" "tx3f1e2e23af634ad59a017-0069b0505f" "proxy-server 21" 2.6225 "-" 25 0
Mar 10 17:09:54 standalone proxy-server[125841]: 172.18.0.2 ::1 10/Mar/2026/17/09/54 PUT /v1/AUTH_7f986e436bcb4dfbb6a1610a5f8a355b/glance/59c8cec6-db73-4e84-baf0-91ae56dc56d2-00001 HTTP/1.0 201 - python-swiftclient-3.11.1 gAAAAABpsFBfw1LG... 21692416 - - tx3f1e2e23af634ad59a017-0069b0505f - 2.6354 - - 1773162591.584499121 1773162594.219931602 0
Mar 10 17:09:54 standalone container-server[123856]: 172.20.0.100 - - [10/Mar/2026:17:09:54 +0000] "PUT /d1/709/AUTH_7f986e436bcb4dfbb6a1610a5f8a355b/glance/59c8cec6-db73-4e84-baf0-91ae56dc56d2" 201 - "PUT http://localhost:8080/d1/950/AUTH_7f986e436bcb4dfbb6a1610a5f8a355b/glance/59c8cec6-db73-4e84-baf0-91ae56dc56d2" "tx8ef46601e7c64013a0e57-0069b05062" "object-server 23" 0.0016 "-" 22 0
Mar 10 17:09:54 standalone object-server[124092]: 172.20.0.100 - - [10/Mar/2026:17:09:54 +0000] "PUT /d1/950/AUTH_7f986e436bcb4dfbb6a1610a5f8a355b/glance/59c8cec6-db73-4e84-baf0-91ae56dc56d2" 201 - "PUT http://localhost:8080/v1/AUTH_7f986e436bcb4dfbb6a1610a5f8a355b/glance/59c8cec6-db73-4e84-baf0-91ae56dc56d2" "tx8ef46601e7c64013a0e57-0069b05062" "proxy-server 21" 0.0127 "-" 23 0
Mar 10 17:09:54 standalone proxy-server[125841]: 172.18.0.2 ::1 10/Mar/2026/17/09/54 PUT /v1/AUTH_7f986e436bcb4dfbb6a1610a5f8a355b/glance/59c8cec6-db73-4e84-baf0-91ae56dc56d2 HTTP/1.0 201 - python-swiftclient-3.11.1 gAAAAABpsFBfw1LG... - - - tx8ef46601e7c64013a0e57-0069b05062 - 0.0210 - - 1773162594.227771044 1773162594.248754263 0
Mar 10 17:09:54 standalone container-server[123848]: 172.20.0.100 - - [10/Mar/2026:17:09:54 +0000] "HEAD /d1/180/AUTH_7f986e436bcb4dfbb6a1610a5f8a355b/gnocchi.24b352eb-e903-4a50-9150-7ad032e4d893" 404 - "HEAD http://localhost:8080/v1/AUTH_7f986e436bcb4dfbb6a1610a5f8a355b/gnocchi.24b352eb-e903-4a50-9150-7ad032e4d893?format=json&states=listing" "txbcbb1ec42749451894ff4-0069b05062" "proxy-server 21" 0.0012 "-" 19 0
Mar 10 17:09:54 standalone object-server[124093]: 172.20.0.100 - - [10/Mar/2026:17:09:54 +0000] "GET /d1/848/AUTH_7f986e436bcb4dfbb6a1610a5f8a355b/gnocchi.24b352eb-e903-4a50-9150-7ad032e4d893/none_v3" 404 70 "GET http://localhost:8080/v1/AUTH_7f986e436bcb4dfbb6a1610a5f8a355b/gnocchi.24b352eb-e903-4a50-9150-7ad032e4d893/none_v3" "txbcbb1ec42749451894ff4-0069b05062" "proxy-server 21" 0.0008 "-" 24 0
Mar 10 17:09:54 standalone proxy-server[125841]: 172.18.0.2 ::1 10/Mar/2026/17/09/54 GET /v1/AUTH_7f986e436bcb4dfbb6a1610a5f8a355b/gnocchi.24b352eb-e903-4a50-9150-7ad032e4d893/none_v3 HTTP/1.0 404 - python-swiftclient-3.11.1 gAAAAABpsFBi3mJa... - 70 - txbcbb1ec42749451894ff4-0069b05062 - 0.0409 - - 1773162594.838518858 1773162594.879400730 0
Mar 10 17:09:54 standalone account-server[123873]: 172.20.0.100 - - [10/Mar/2026:17:09:54 +0000] "PUT /d1/972/AUTH_7f986e436bcb4dfbb6a1610a5f8a355b/gnocchi.24b352eb-e903-4a50-9150-7ad032e4d893" 201 - "PUT http://172.20.0.100:6001/d1/180/AUTH_7f986e436bcb4dfbb6a1610a5f8a355b/gnocchi.24b352eb-e903-4a50-9150-7ad032e4d893" "txff107ff616ad40f59f418-0069b05062" "container-server 19" 0.0023 "-" 22 0
Mar 10 17:09:54 standalone container-server[123848]: 172.20.0.100 - - [10/Mar/2026:17:09:54 +0000] "PUT /d1/180/AUTH_7f986e436bcb4dfbb6a1610a5f8a355b/gnocchi.24b352eb-e903-4a50-9150-7ad032e4d893" 201 - "PUT http://localhost:8080/v1/AUTH_7f986e436bcb4dfbb6a1610a5f8a355b/gnocchi.24b352eb-e903-4a50-9150-7ad032e4d893" "txff107ff616ad40f59f418-0069b05062" "proxy-server 21" 0.0176 "-" 19 0
Mar 10 17:09:54 standalone proxy-server[125841]: 172.18.0.2 ::1 10/Mar/2026/17/09/54 PUT /v1/AUTH_7f986e436bcb4dfbb6a1610a5f8a355b/gnocchi.24b352eb-e903-4a50-9150-7ad032e4d893 HTTP/1.0 201 - python-swiftclient-3.11.1 gAAAAABpsFBi3mJa... - - - txff107ff616ad40f59f418-0069b05062 - 0.0247 - - 1773162594.883374691 1773162594.908054352 0
Mar 10 17:09:54 standalone container-server[123852]: 172.20.0.100 - - [10/Mar/2026:17:09:54 +0000] "HEAD /d1/180/AUTH_7f986e436bcb4dfbb6a1610a5f8a355b/gnocchi.24b352eb-e903-4a50-9150-7ad032e4d893" 204 - "HEAD http://localhost:8080/v1/AUTH_7f986e436bcb4dfbb6a1610a5f8a355b/gnocchi.24b352eb-e903-4a50-9150-7ad032e4d893?format=json&states=listing" "tx575853ed36a14bda8c63c-0069b05062" "proxy-server 21" 0.0023 "-" 21 0
Mar 10 17:09:54 standalone proxy-server[125841]: - - 10/Mar/2026/17/09/54 HEAD /v1/AUTH_7f986e436bcb4dfbb6a1610a5f8a355b/gnocchi.24b352eb-e903-4a50-9150-7ad032e4d893%3Fformat%3Djson%26states%3Dlisting HTTP/1.0 204 - Swift - - - - tx575853ed36a14bda8c63c-0069b05062 - 0.0069 RL - 1773162594.913507700 1773162594.920383930 0
Mar 10 17:09:54 standalone container-server[123856]: 172.20.0.100 - - [10/Mar/2026:17:09:54 +0000] "GET /d1/180/AUTH_7f986e436bcb4dfbb6a1610a5f8a355b/gnocchi.24b352eb-e903-4a50-9150-7ad032e4d893" 200 2 "GET http://localhost:8080/v1/AUTH_7f986e436bcb4dfbb6a1610a5f8a355b/gnocchi.24b352eb-e903-4a50-9150-7ad032e4d893?format=json&states=listing" "tx575853ed36a14bda8c63c-0069b05062" "proxy-server 21" 0.0053 "-" 22 0
Mar 10 17:09:54 standalone proxy-server[125841]: 172.18.0.2 ::1 10/Mar/2026/17/09/54 GET /v1/AUTH_7f986e436bcb4dfbb6a1610a5f8a355b/gnocchi.24b352eb-e903-4a50-9150-7ad032e4d893%3Fformat%3Djson%26states%3Dlisting HTTP/1.0 200 - python-swiftclient-3.11.1 gAAAAABpsFBi3mJa... - 2 - tx575853ed36a14bda8c63c-0069b05062 - 0.0234 - - 1773162594.911910295 1773162594.935294151 0
Mar 10 17:09:54 standalone object-server[124087]: 172.20.0.100 - - [10/Mar/2026:17:09:54 +0000] "GET /d1/583/AUTH_7f986e436bcb4dfbb6a1610a5f8a355b/gnocchi.24b352eb-e903-4a50-9150-7ad032e4d893/1772280000.0_mean_300.0_v3" 404 70 "GET http://localhost:8080/v1/AUTH_7f986e436bcb4dfbb6a1610a5f8a355b/gnocchi.24b352eb-e903-4a50-9150-7ad032e4d893/1772280000.0_mean_300.0_v3" "tx15ebc3b6aee340c681330-0069b05062" "proxy-server 21" 0.0010 "-" 22 0
Mar 10 17:09:54 standalone proxy-server[125841]: 172.18.0.2 ::1 10/Mar/2026/17/09/54 GET /v1/AUTH_7f986e436bcb4dfbb6a1610a5f8a355b/gnocchi.24b352eb-e903-4a50-9150-7ad032e4d893/1772280000.0_mean_300.0_v3 HTTP/1.0 404 - python-swiftclient-3.11.1 gAAAAABpsFBi3mJa... - 70 - tx15ebc3b6aee340c681330-0069b05062 - 0.0086 - - 1773162594.940706968 1773162594.949296713 0
Mar 10 17:09:54 standalone container-server[123856]: 172.20.0.100 - - [10/Mar/2026:17:09:54 +0000] "PUT /d1/180/AUTH_7f986e436bcb4dfbb6a1610a5f8a355b/gnocchi.24b352eb-e903-4a50-9150-7ad032e4d893/1772280000.0_mean_300.0_v3" 201 - "PUT http://localhost:8080/d1/583/AUTH_7f986e436bcb4dfbb6a1610a5f8a355b/gnocchi.24b352eb-e903-4a50-9150-7ad032e4d893/1772280000.0_mean_300.0_v3" "tx796ba057415342628b5e4-0069b05062" "object-server 23" 0.0009 "-" 22 0
Mar 10 17:09:54 standalone object-server[124092]: 172.20.0.100 - - [10/Mar/2026:17:09:54 +0000] "PUT /d1/583/AUTH_7f986e436bcb4dfbb6a1610a5f8a355b/gnocchi.24b352eb-e903-4a50-9150-7ad032e4d893/1772280000.0_mean_300.0_v3" 201 - "PUT http://localhost:8080/v1/AUTH_7f986e436bcb4dfbb6a1610a5f8a355b/gnocchi.24b352eb-e903-4a50-9150-7ad032e4d893/1772280000.0_mean_300.0_v3" "tx796ba057415342628b5e4-0069b05062" "proxy-server 21" 0.0110 "-" 23 0
Mar 10 17:09:54 standalone proxy-server[125841]: 172.18.0.2 ::1 10/Mar/2026/17/09/54 PUT /v1/AUTH_7f986e436bcb4dfbb6a1610a5f8a355b/gnocchi.24b352eb-e903-4a50-9150-7ad032e4d893/1772280000.0_mean_300.0_v3 HTTP/1.0 201 - python-swiftclient-3.11.1 gAAAAABpsFBi3mJa... 16 - - tx796ba057415342628b5e4-0069b05062 - 0.0181 - - 1773162594.954192877 1773162594.972296715 0
Mar 10 17:09:55 standalone container-server[123848]: 172.20.0.100 - - [10/Mar/2026:17:09:55 +0000] "PUT /d1/180/AUTH_7f986e436bcb4dfbb6a1610a5f8a355b/gnocchi.24b352eb-e903-4a50-9150-7ad032e4d893/none_v3" 201 - "PUT http://localhost:8080/d1/848/AUTH_7f986e436bcb4dfbb6a1610a5f8a355b/gnocchi.24b352eb-e903-4a50-9150-7ad032e4d893/none_v3" "txb4eaadb0d79146f88db93-0069b05062" "object-server 22" 0.0008 "-" 19 0
Mar 10 17:09:55 standalone object-server[124087]: 172.20.0.100 - - [10/Mar/2026:17:09:55 +0000] "PUT /d1/848/AUTH_7f986e436bcb4dfbb6a1610a5f8a355b/gnocchi.24b352eb-e903-4a50-9150-7ad032e4d893/none_v3" 201 - "PUT http://localhost:8080/v1/AUTH_7f986e436bcb4dfbb6a1610a5f8a355b/gnocchi.24b352eb-e903-4a50-9150-7ad032e4d893/none_v3" "txb4eaadb0d79146f88db93-0069b05062" "proxy-server 21" 0.0347 "-" 22 0
Mar 10 17:09:55 standalone proxy-server[125841]: 172.18.0.2 ::1 10/Mar/2026/17/09/55 PUT /v1/AUTH_7f986e436bcb4dfbb6a1610a5f8a355b/gnocchi.24b352eb-e903-4a50-9150-7ad032e4d893/none_v3 HTTP/1.0 201 - python-swiftclient-3.11.1 gAAAAABpsFBi3mJa... 22 - - txb4eaadb0d79146f88db93-0069b05062 - 0.0425 - - 1773162594.976358175 1773162595.018862247 0
Mar 10 17:10:24 standalone object-server[124092]: 172.20.0.100 - - [10/Mar/2026:17:10:24 +0000] "GET /d1/848/AUTH_7f986e436bcb4dfbb6a1610a5f8a355b/gnocchi.24b352eb-e903-4a50-9150-7ad032e4d893/none_v3" 200 22 "GET http://localhost:8080/v1/AUTH_7f986e436bcb4dfbb6a1610a5f8a355b/gnocchi.24b352eb-e903-4a50-9150-7ad032e4d893/none_v3" "tx17a3fd0821cd44ecbc51e-0069b05080" "proxy-server 21" 0.0019 "-" 23 0
Mar 10 17:10:24 standalone proxy-server[125841]: 172.18.0.2 ::1 10/Mar/2026/17/10/24 GET /v1/AUTH_7f986e436bcb4dfbb6a1610a5f8a355b/gnocchi.24b352eb-e903-4a50-9150-7ad032e4d893/none_v3 HTTP/1.0 200 - python-swiftclient-3.11.1 gAAAAABpsFBi3mJa... - 22 - tx17a3fd0821cd44ecbc51e-0069b05080 - 0.0133 - - 1773162624.551172972 1773162624.564453125 0
Mar 10 17:10:24 standalone container-server[123856]: 172.20.0.100 - - [10/Mar/2026:17:10:24 +0000] "GET /d1/180/AUTH_7f986e436bcb4dfbb6a1610a5f8a355b/gnocchi.24b352eb-e903-4a50-9150-7ad032e4d893" 200 357 "GET http://localhost:8080/v1/AUTH_7f986e436bcb4dfbb6a1610a5f8a355b/gnocchi.24b352eb-e903-4a50-9150-7ad032e4d893?format=json&states=listing" "tx5b8b60e6d0ba4b4d916af-0069b05080" "proxy-server 21" 0.0154 "-" 22 0
Mar 10 17:10:24 standalone proxy-server[125841]: 172.18.0.2 ::1 10/Mar/2026/17/10/24 GET /v1/AUTH_7f986e436bcb4dfbb6a1610a5f8a355b/gnocchi.24b352eb-e903-4a50-9150-7ad032e4d893%3Fformat%3Djson%26states%3Dlisting HTTP/1.0 200 - python-swiftclient-3.11.1 gAAAAABpsFBi3mJa... - 357 - tx5b8b60e6d0ba4b4d916af-0069b05080 - 0.0298 - - 1773162624.570433140 1773162624.600223303 0
Mar 10 17:10:24 standalone container-server[123852]: 172.20.0.100 - - [10/Mar/2026:17:10:24 +0000] "GET /d1/180/AUTH_7f986e436bcb4dfbb6a1610a5f8a355b/gnocchi.24b352eb-e903-4a50-9150-7ad032e4d893" 200 2 "GET http://localhost:8080/v1/AUTH_7f986e436bcb4dfbb6a1610a5f8a355b/gnocchi.24b352eb-e903-4a50-9150-7ad032e4d893?format=json&marker=none_v3&states=listing" "tx056e1dd967ae4e6c9125f-0069b05080" "proxy-server 21" 0.0042 "-" 21 0
Mar 10 17:10:24 standalone proxy-server[125841]: 172.18.0.2 ::1 10/Mar/2026/17/10/24 GET /v1/AUTH_7f986e436bcb4dfbb6a1610a5f8a355b/gnocchi.24b352eb-e903-4a50-9150-7ad032e4d893%3Fformat%3Djson%26marker%3Dnone_v3%26states%3Dlisting HTTP/1.0 200 - python-swiftclient-3.11.1 gAAAAABpsFBi3mJa... - 2 - tx056e1dd967ae4e6c9125f-0069b05080 - 0.0143 - - 1773162624.604579926 1773162624.618835688 0
Mar 10 17:10:24 standalone object-server[124095]: 172.20.0.100 - - [10/Mar/2026:17:10:24 +0000] "GET /d1/583/AUTH_7f986e436bcb4dfbb6a1610a5f8a355b/gnocchi.24b352eb-e903-4a50-9150-7ad032e4d893/1772280000.0_mean_300.0_v3" 200 16 "GET http://localhost:8080/v1/AUTH_7f986e436bcb4dfbb6a1610a5f8a355b/gnocchi.24b352eb-e903-4a50-9150-7ad032e4d893/1772280000.0_mean_300.0_v3" "txc03ceb7fd0364aa09660b-0069b05080" "proxy-server 21" 0.0014 "-" 25 0
Mar 10 17:10:24 standalone proxy-server[125841]: 172.18.0.2 ::1 10/Mar/2026/17/10/24 GET /v1/AUTH_7f986e436bcb4dfbb6a1610a5f8a355b/gnocchi.24b352eb-e903-4a50-9150-7ad032e4d893/1772280000.0_mean_300.0_v3 HTTP/1.0 200 - python-swiftclient-3.11.1 gAAAAABpsFBi3mJa... - 16 - txc03ceb7fd0364aa09660b-0069b05080 - 0.0106 - - 1773162624.623163700 1773162624.633787394 0
Mar 10 17:10:24 standalone container-server[123852]: 172.20.0.100 - - [10/Mar/2026:17:10:24 +0000] "PUT /d1/180/AUTH_7f986e436bcb4dfbb6a1610a5f8a355b/gnocchi.24b352eb-e903-4a50-9150-7ad032e4d893/1772280000.0_mean_300.0_v3" 201 - "PUT http://localhost:8080/d1/583/AUTH_7f986e436bcb4dfbb6a1610a5f8a355b/gnocchi.24b352eb-e903-4a50-9150-7ad032e4d893/1772280000.0_mean_300.0_v3" "tx50113e6a25bb45acb151c-0069b05080" "object-server 24" 0.0012 "-" 21 0
Mar 10 17:10:24 standalone object-server[124093]: 172.20.0.100 - - [10/Mar/2026:17:10:24 +0000] "PUT /d1/583/AUTH_7f986e436bcb4dfbb6a1610a5f8a355b/gnocchi.24b352eb-e903-4a50-9150-7ad032e4d893/1772280000.0_mean_300.0_v3" 201 - "PUT http://localhost:8080/v1/AUTH_7f986e436bcb4dfbb6a1610a5f8a355b/gnocchi.24b352eb-e903-4a50-9150-7ad032e4d893/1772280000.0_mean_300.0_v3" "tx50113e6a25bb45acb151c-0069b05080" "proxy-server 21" 0.0287 "-" 24 0
Mar 10 17:10:24 standalone proxy-server[125841]: 172.18.0.2 ::1 10/Mar/2026/17/10/24 PUT /v1/AUTH_7f986e436bcb4dfbb6a1610a5f8a355b/gnocchi.24b352eb-e903-4a50-9150-7ad032e4d893/1772280000.0_mean_300.0_v3 HTTP/1.0 201 - python-swiftclient-3.11.1 gAAAAABpsFBi3mJa... 16 - - tx50113e6a25bb45acb151c-0069b05080 - 0.0375 - - 1773162624.637942314 1773162624.675398827 0
Mar 10 17:10:24 standalone container-server[123856]: 172.20.0.100 - - [10/Mar/2026:17:10:24 +0000] "PUT /d1/180/AUTH_7f986e436bcb4dfbb6a1610a5f8a355b/gnocchi.24b352eb-e903-4a50-9150-7ad032e4d893/none_v3" 201 - "PUT http://localhost:8080/d1/848/AUTH_7f986e436bcb4dfbb6a1610a5f8a355b/gnocchi.24b352eb-e903-4a50-9150-7ad032e4d893/none_v3" "tx4af85b90611f4a4c951f3-0069b05080" "object-server 24" 0.0008 "-" 22 0
Mar 10 17:10:24 standalone object-server[124093]: 172.20.0.100 - - [10/Mar/2026:17:10:24 +0000] "PUT /d1/848/AUTH_7f986e436bcb4dfbb6a1610a5f8a355b/gnocchi.24b352eb-e903-4a50-9150-7ad032e4d893/none_v3" 201 - "PUT http://localhost:8080/v1/AUTH_7f986e436bcb4dfbb6a1610a5f8a355b/gnocchi.24b352eb-e903-4a50-9150-7ad032e4d893/none_v3" "tx4af85b90611f4a4c951f3-0069b05080" "proxy-server 21" 0.0107 "-" 24 0
Mar 10 17:10:24 standalone proxy-server[125841]: 172.18.0.2 ::1 10/Mar/2026/17/10/24 PUT /v1/AUTH_7f986e436bcb4dfbb6a1610a5f8a355b/gnocchi.24b352eb-e903-4a50-9150-7ad032e4d893/none_v3 HTTP/1.0 201 - python-swiftclient-3.11.1 gAAAAABpsFBi3mJa... 32 - - tx4af85b90611f4a4c951f3-0069b05080 - 0.0194 - - 1773162624.679935932 1773162624.699327230 0
Mar 10 17:10:38 standalone object-server[123937]: Begin object update sweep
Mar 10 17:10:38 standalone object-server[214314]: Object update sweep starting on /srv/node/d1 (pid: 14)
Mar 10 17:10:38 standalone object-server[214314]: Object update sweep completed on /srv/node/d1 in 0.00s seconds:, 0 successes, 0 failures, 0 quarantines, 0 unlinks, 0 errors, 0 redirects (pid: 14)
Mar 10 17:10:38 standalone object-server[214314]: Object update sweep of d1 completed: 0.00s, 0 successes, 0 failures, 0 quarantines, 0 unlinks, 0 errors, 0 redirects
Mar 10 17:10:38 standalone object-server[123937]: Object update sweep completed: 0.09s
Mar 10 17:10:56 standalone account-server[123872]: 172.20.0.100 - - [10/Mar/2026:17:10:56 +0000] "HEAD /d1/972/AUTH_7f986e436bcb4dfbb6a1610a5f8a355b" 204 - "HEAD http://localhost:8080/v1/AUTH_7f986e436bcb4dfbb6a1610a5f8a355b?format=json" "txe89a420fd8e74171b9c25-0069b050a0" "proxy-server 21" 0.0066 "-" 21 -
Mar 10 17:10:56 standalone proxy-server[125841]: - - 10/Mar/2026/17/10/56 HEAD /v1/AUTH_7f986e436bcb4dfbb6a1610a5f8a355b%3Fformat%3Djson HTTP/1.0 204 - Swift - - - - txe89a420fd8e74171b9c25-0069b050a0 - 0.0121 RL - 1773162656.971978903 1773162656.984083414 -
Mar 10 17:10:57 standalone container-server[123852]: 172.20.0.100 - - [10/Mar/2026:17:10:57 +0000] "HEAD /d1/709/AUTH_7f986e436bcb4dfbb6a1610a5f8a355b/glance" 204 - "HEAD http://localhost:8080/v1/AUTH_7f986e436bcb4dfbb6a1610a5f8a355b/glance?format=json&states=listing" "txe89a420fd8e74171b9c25-0069b050a0" "proxy-server 21" 0.0134 "-" 21 0
Mar 10 17:10:57 standalone object-server[124087]: 172.20.0.100 - - [10/Mar/2026:17:10:57 +0000] "GET /d1/950/AUTH_7f986e436bcb4dfbb6a1610a5f8a355b/glance/59c8cec6-db73-4e84-baf0-91ae56dc56d2" 200 - "GET http://localhost:8080/v1/AUTH_7f986e436bcb4dfbb6a1610a5f8a355b/glance/59c8cec6-db73-4e84-baf0-91ae56dc56d2" "txe89a420fd8e74171b9c25-0069b050a0" "proxy-server 21" 0.0010 "-" 22 0
Mar 10 17:10:57 standalone container-server[123848]: 172.20.0.100 - - [10/Mar/2026:17:10:57 +0000] "GET /d1/709/AUTH_7f986e436bcb4dfbb6a1610a5f8a355b/glance" 200 210 "GET http://localhost:8080/v1/AUTH_7f986e436bcb4dfbb6a1610a5f8a355b/glance?prefix=59c8cec6-db73-4e84-baf0-91ae56dc56d2-&format=json&states=listing" "txe89a420fd8e74171b9c25-0069b050a0" "proxy-server 21" 0.0025 "-" 19 0
Mar 10 17:10:57 standalone proxy-server[125841]: - - 10/Mar/2026/17/10/57 GET /v1/AUTH_7f986e436bcb4dfbb6a1610a5f8a355b/glance%3Fprefix%3D59c8cec6-db73-4e84-baf0-91ae56dc56d2-%26format%3Djson%26states%3Dlisting HTTP/1.0 200 - python-swiftclient-3.11.1%20DLO%20MultipartGET gAAAAABpsFCgJvd_... - 210 - txe89a420fd8e74171b9c25-0069b050a0 - 0.0086 DLO - 1773162657.090095043 1773162657.098658800 0
Mar 10 17:10:57 standalone object-server[124093]: 172.20.0.100 - - [10/Mar/2026:17:10:57 +0000] "GET /d1/631/AUTH_7f986e436bcb4dfbb6a1610a5f8a355b/glance/59c8cec6-db73-4e84-baf0-91ae56dc56d2-00001" 200 21692416 "GET http://localhost:8080/v1/AUTH_7f986e436bcb4dfbb6a1610a5f8a355b/glance/59c8cec6-db73-4e84-baf0-91ae56dc56d2-00001?multipart-manifest=get" "txe89a420fd8e74171b9c25-0069b050a0" "proxy-server 21" 0.0006 "-" 24 0
Mar 10 17:10:57 standalone proxy-server[125841]: - - 10/Mar/2026/17/10/57 GET /v1/AUTH_7f986e436bcb4dfbb6a1610a5f8a355b/glance/59c8cec6-db73-4e84-baf0-91ae56dc56d2-00001%3Fmultipart-manifest%3Dget HTTP/1.0 200 - python-swiftclient-3.11.1%20%20DLO%20MultipartGET gAAAAABpsFCgJvd_... - 21692416 - txe89a420fd8e74171b9c25-0069b050a0 - 0.1033 DLO - 1773162657.099740982 1773162657.202992439 0
Mar 10 17:10:57 standalone proxy-server[125841]: 172.18.0.2 ::1 10/Mar/2026/17/10/57 GET /v1/AUTH_7f986e436bcb4dfbb6a1610a5f8a355b/glance/59c8cec6-db73-4e84-baf0-91ae56dc56d2 HTTP/1.0 200 - python-swiftclient-3.11.1 gAAAAABpsFCgJvd_... - 21692416 - txe89a420fd8e74171b9c25-0069b050a0 - 0.2330 - - 1773162656.970807791 1773162657.203802824 0
Mar 10 17:10:57 standalone container-server[123848]: 172.20.0.100 - - [10/Mar/2026:17:10:57 +0000] "HEAD /d1/1002/AUTH_7f986e436bcb4dfbb6a1610a5f8a355b/gnocchi.11368cca-5897-4594-945d-617e96658b31" 404 - "HEAD http://localhost:8080/v1/AUTH_7f986e436bcb4dfbb6a1610a5f8a355b/gnocchi.11368cca-5897-4594-945d-617e96658b31?format=json&states=listing" "tx229da951ec034acc8830a-0069b050a1" "proxy-server 21" 0.0007 "-" 19 0
Mar 10 17:10:57 standalone object-server[124093]: 172.20.0.100 - - [10/Mar/2026:17:10:57 +0000] "GET /d1/689/AUTH_7f986e436bcb4dfbb6a1610a5f8a355b/gnocchi.11368cca-5897-4594-945d-617e96658b31/none_v3" 404 70 "GET http://localhost:8080/v1/AUTH_7f986e436bcb4dfbb6a1610a5f8a355b/gnocchi.11368cca-5897-4594-945d-617e96658b31/none_v3" "tx229da951ec034acc8830a-0069b050a1" "proxy-server 21" 0.0005 "-" 24 0
Mar 10 17:10:57 standalone proxy-server[125841]: 172.18.0.2 ::1 10/Mar/2026/17/10/57 GET /v1/AUTH_7f986e436bcb4dfbb6a1610a5f8a355b/gnocchi.11368cca-5897-4594-945d-617e96658b31/none_v3 HTTP/1.0 404 - python-swiftclient-3.11.1 gAAAAABpsFBi3mJa... - 70 - tx229da951ec034acc8830a-0069b050a1 - 0.0152 - - 1773162657.820009708 1773162657.835216999 0
Mar 10 17:10:57 standalone account-server[123872]: 172.20.0.100 - - [10/Mar/2026:17:10:57 +0000] "PUT /d1/972/AUTH_7f986e436bcb4dfbb6a1610a5f8a355b/gnocchi.11368cca-5897-4594-945d-617e96658b31" 201 - "PUT http://172.20.0.100:6001/d1/1002/AUTH_7f986e436bcb4dfbb6a1610a5f8a355b/gnocchi.11368cca-5897-4594-945d-617e96658b31" "tx1cd60387330649e18fb0f-0069b050a1" "container-server 19" 0.0023 "-" 21 0
Mar 10 17:10:57 standalone container-server[123848]: 172.20.0.100 - - [10/Mar/2026:17:10:57 +0000] "PUT /d1/1002/AUTH_7f986e436bcb4dfbb6a1610a5f8a355b/gnocchi.11368cca-5897-4594-945d-617e96658b31" 201 - "PUT http://localhost:8080/v1/AUTH_7f986e436bcb4dfbb6a1610a5f8a355b/gnocchi.11368cca-5897-4594-945d-617e96658b31" "tx1cd60387330649e18fb0f-0069b050a1" "proxy-server 21" 0.0179 "-" 19 0
Mar 10 17:10:57 standalone proxy-server[125841]: 172.18.0.2 ::1 10/Mar/2026/17/10/57 PUT /v1/AUTH_7f986e436bcb4dfbb6a1610a5f8a355b/gnocchi.11368cca-5897-4594-945d-617e96658b31 HTTP/1.0 201 - python-swiftclient-3.11.1 gAAAAABpsFBi3mJa... - - - tx1cd60387330649e18fb0f-0069b050a1 - 0.0274 - - 1773162657.839294672 1773162657.866648674 0
Mar 10 17:10:57 standalone container-server[123852]: 172.20.0.100 - - [10/Mar/2026:17:10:57 +0000] "HEAD /d1/1002/AUTH_7f986e436bcb4dfbb6a1610a5f8a355b/gnocchi.11368cca-5897-4594-945d-617e96658b31" 204 - "HEAD http://localhost:8080/v1/AUTH_7f986e436bcb4dfbb6a1610a5f8a355b/gnocchi.11368cca-5897-4594-945d-617e96658b31?format=json&states=listing" "tx1a3bebfdf4584bf3b912b-0069b050a1" "proxy-server 21" 0.0023 "-" 21 0
Mar 10 17:10:57 standalone proxy-server[125841]: - - 10/Mar/2026/17/10/57 HEAD /v1/AUTH_7f986e436bcb4dfbb6a1610a5f8a355b/gnocchi.11368cca-5897-4594-945d-617e96658b31%3Fformat%3Djson%26states%3Dlisting HTTP/1.0 204 - Swift - - - - tx1a3bebfdf4584bf3b912b-0069b050a1 - 0.0082 RL - 1773162657.873448133 1773162657.881683111 0
Mar 10 17:10:57 standalone container-server[123848]: 172.20.0.100 - - [10/Mar/2026:17:10:57 +0000] "GET /d1/1002/AUTH_7f986e436bcb4dfbb6a1610a5f8a355b/gnocchi.11368cca-5897-4594-945d-617e96658b31" 200 2 "GET http://localhost:8080/v1/AUTH_7f986e436bcb4dfbb6a1610a5f8a355b/gnocchi.11368cca-5897-4594-945d-617e96658b31?format=json&states=listing" "tx1a3bebfdf4584bf3b912b-0069b050a1" "proxy-server 21" 0.0040 "-" 19 0
Mar 10 17:10:57 standalone proxy-server[125841]: 172.18.0.2 ::1 10/Mar/2026/17/10/57 GET /v1/AUTH_7f986e436bcb4dfbb6a1610a5f8a355b/gnocchi.11368cca-5897-4594-945d-617e96658b31%3Fformat%3Djson%26states%3Dlisting HTTP/1.0 200 - python-swiftclient-3.11.1 gAAAAABpsFBi3mJa... - 2 - tx1a3bebfdf4584bf3b912b-0069b050a1 - 0.0249 - - 1773162657.871874332 1773162657.896804333 0
Mar 10 17:10:57 standalone object-server[124095]: 172.20.0.100 - - [10/Mar/2026:17:10:57 +0000] "GET /d1/263/AUTH_7f986e436bcb4dfbb6a1610a5f8a355b/gnocchi.11368cca-5897-4594-945d-617e96658b31/1772280000.0_mean_300.0_v3" 404 70 "GET http://localhost:8080/v1/AUTH_7f986e436bcb4dfbb6a1610a5f8a355b/gnocchi.11368cca-5897-4594-945d-617e96658b31/1772280000.0_mean_300.0_v3" "tx68518a2eb81840c0b1141-0069b050a1" "proxy-server 21" 0.0003 "-" 25 0
Mar 10 17:10:57 standalone proxy-server[125841]: 172.18.0.2 ::1 10/Mar/2026/17/10/57 GET /v1/AUTH_7f986e436bcb4dfbb6a1610a5f8a355b/gnocchi.11368cca-5897-4594-945d-617e96658b31/1772280000.0_mean_300.0_v3 HTTP/1.0 404 - python-swiftclient-3.11.1 gAAAAABpsFBi3mJa... - 70 - tx68518a2eb81840c0b1141-0069b050a1 - 0.0067 - - 1773162657.902432919 1773162657.909144878 0
Mar 10 17:10:57 standalone container-server[123852]: 172.20.0.100 - - [10/Mar/2026:17:10:57 +0000] "PUT /d1/1002/AUTH_7f986e436bcb4dfbb6a1610a5f8a355b/gnocchi.11368cca-5897-4594-945d-617e96658b31/1772280000.0_mean_300.0_v3" 201 - "PUT http://localhost:8080/d1/263/AUTH_7f986e436bcb4dfbb6a1610a5f8a355b/gnocchi.11368cca-5897-4594-945d-617e96658b31/1772280000.0_mean_300.0_v3" "txa94873a522a8472c96e01-0069b050a1" "object-server 25" 0.0008 "-" 21 0
Mar 10 17:10:57 standalone object-server[124095]: 172.20.0.100 - - [10/Mar/2026:17:10:57 +0000] "PUT /d1/263/AUTH_7f986e436bcb4dfbb6a1610a5f8a355b/gnocchi.11368cca-5897-4594-945d-617e96658b31/1772280000.0_mean_300.0_v3" 201 - "PUT http://localhost:8080/v1/AUTH_7f986e436bcb4dfbb6a1610a5f8a355b/gnocchi.11368cca-5897-4594-945d-617e96658b31/1772280000.0_mean_300.0_v3" "txa94873a522a8472c96e01-0069b050a1" "proxy-server 21" 0.0204 "-" 25 0
Mar 10 17:10:57 standalone proxy-server[125841]: 172.18.0.2 ::1 10/Mar/2026/17/10/57 PUT /v1/AUTH_7f986e436bcb4dfbb6a1610a5f8a355b/gnocchi.11368cca-5897-4594-945d-617e96658b31/1772280000.0_mean_300.0_v3 HTTP/1.0 201 - python-swiftclient-3.11.1 gAAAAABpsFBi3mJa... 16 - - txa94873a522a8472c96e01-0069b050a1 - 0.0273 - - 1773162657.915113926 1773162657.942435980 0
Mar 10 17:10:57 standalone container-server[123851]: 172.20.0.100 - - [10/Mar/2026:17:10:57 +0000] "PUT /d1/1002/AUTH_7f986e436bcb4dfbb6a1610a5f8a355b/gnocchi.11368cca-5897-4594-945d-617e96658b31/none_v3" 201 - "PUT http://localhost:8080/d1/689/AUTH_7f986e436bcb4dfbb6a1610a5f8a355b/gnocchi.11368cca-5897-4594-945d-617e96658b31/none_v3" "tx43eff9232da34e91bc14e-0069b050a1" "object-server 25" 0.0007 "-" 20 0
Mar 10 17:10:57 standalone object-server[124095]: 172.20.0.100 - - [10/Mar/2026:17:10:57 +0000] "PUT /d1/689/AUTH_7f986e436bcb4dfbb6a1610a5f8a355b/gnocchi.11368cca-5897-4594-945d-617e96658b31/none_v3" 201 - "PUT http://localhost:8080/v1/AUTH_7f986e436bcb4dfbb6a1610a5f8a355b/gnocchi.11368cca-5897-4594-945d-617e96658b31/none_v3" "tx43eff9232da34e91bc14e-0069b050a1" "proxy-server 21" 0.0091 "-" 25 0
Mar 10 17:10:57 standalone proxy-server[125841]: 172.18.0.2 ::1 10/Mar/2026/17/10/57 PUT /v1/AUTH_7f986e436bcb4dfbb6a1610a5f8a355b/gnocchi.11368cca-5897-4594-945d-617e96658b31/none_v3 HTTP/1.0 201 - python-swiftclient-3.11.1 gAAAAABpsFBi3mJa... 22 - - tx43eff9232da34e91bc14e-0069b050a1 - 0.0164 - - 1773162657.947028399 1773162657.963453531 0
Mar 10 17:10:58 standalone container-server[123852]: 172.20.0.100 - - [10/Mar/2026:17:10:58 +0000] "HEAD /d1/804/AUTH_7f986e436bcb4dfbb6a1610a5f8a355b/gnocchi.d74ae328-a8d9-482e-a0a7-23c8355daf96" 404 - "HEAD http://localhost:8080/v1/AUTH_7f986e436bcb4dfbb6a1610a5f8a355b/gnocchi.d74ae328-a8d9-482e-a0a7-23c8355daf96?format=json&states=listing" "txf6dfd651d5cc4b1a92829-0069b050a2" "proxy-server 21" 0.0005 "-" 21 0
Mar 10 17:10:58 standalone object-server[124095]: 172.20.0.100 - - [10/Mar/2026:17:10:58 +0000] "GET /d1/142/AUTH_7f986e436bcb4dfbb6a1610a5f8a355b/gnocchi.d74ae328-a8d9-482e-a0a7-23c8355daf96/none_v3" 404 70 "GET http://localhost:8080/v1/AUTH_7f986e436bcb4dfbb6a1610a5f8a355b/gnocchi.d74ae328-a8d9-482e-a0a7-23c8355daf96/none_v3" "txf6dfd651d5cc4b1a92829-0069b050a2" "proxy-server 21" 0.0003 "-" 25 0
Mar 10 17:10:58 standalone proxy-server[125841]: 172.18.0.2 ::1 10/Mar/2026/17/10/58 GET /v1/AUTH_7f986e436bcb4dfbb6a1610a5f8a355b/gnocchi.d74ae328-a8d9-482e-a0a7-23c8355daf96/none_v3 HTTP/1.0 404 - python-swiftclient-3.11.1 gAAAAABpsFBi3mJa... - 70 - txf6dfd651d5cc4b1a92829-0069b050a2 - 0.0121 - - 1773162658.003859043 1773162658.015991449 0
Mar 10 17:10:58 standalone account-server[123873]: 172.20.0.100 - - [10/Mar/2026:17:10:58 +0000] "PUT /d1/972/AUTH_7f986e436bcb4dfbb6a1610a5f8a355b/gnocchi.d74ae328-a8d9-482e-a0a7-23c8355daf96" 201 - "PUT http://172.20.0.100:6001/d1/804/AUTH_7f986e436bcb4dfbb6a1610a5f8a355b/gnocchi.d74ae328-a8d9-482e-a0a7-23c8355daf96" "tx5706ae8d38bb4410be675-0069b050a2" "container-server 21" 0.0037 "-" 22 0
Mar 10 17:10:58 standalone container-server[123852]: 172.20.0.100 - - [10/Mar/2026:17:10:58 +0000] "PUT /d1/804/AUTH_7f986e436bcb4dfbb6a1610a5f8a355b/gnocchi.d74ae328-a8d9-482e-a0a7-23c8355daf96" 201 - "PUT http://localhost:8080/v1/AUTH_7f986e436bcb4dfbb6a1610a5f8a355b/gnocchi.d74ae328-a8d9-482e-a0a7-23c8355daf96" "tx5706ae8d38bb4410be675-0069b050a2" "proxy-server 21" 0.0193 "-" 21 0
Mar 10 17:10:58 standalone proxy-server[125841]: 172.18.0.2 ::1 10/Mar/2026/17/10/58 PUT /v1/AUTH_7f986e436bcb4dfbb6a1610a5f8a355b/gnocchi.d74ae328-a8d9-482e-a0a7-23c8355daf96 HTTP/1.0 201 - python-swiftclient-3.11.1 gAAAAABpsFBi3mJa... - - - tx5706ae8d38bb4410be675-0069b050a2 - 0.0262 - - 1773162658.020271063 1773162658.046485662 0
Mar 10 17:10:58 standalone container-server[123852]: 172.20.0.100 - - [10/Mar/2026:17:10:58 +0000] "HEAD /d1/804/AUTH_7f986e436bcb4dfbb6a1610a5f8a355b/gnocchi.d74ae328-a8d9-482e-a0a7-23c8355daf96" 204 - "HEAD http://localhost:8080/v1/AUTH_7f986e436bcb4dfbb6a1610a5f8a355b/gnocchi.d74ae328-a8d9-482e-a0a7-23c8355daf96?format=json&states=listing" "tx896937c2771740469321a-0069b050a2" "proxy-server 21" 0.0012 "-" 21 0
Mar 10 17:10:58 standalone proxy-server[125841]: - - 10/Mar/2026/17/10/58 HEAD /v1/AUTH_7f986e436bcb4dfbb6a1610a5f8a355b/gnocchi.d74ae328-a8d9-482e-a0a7-23c8355daf96%3Fformat%3Djson%26states%3Dlisting HTTP/1.0 204 - Swift - - - - tx896937c2771740469321a-0069b050a2 - 0.0056 RL - 1773162658.054931641 1773162658.060517788 0
Mar 10 17:10:58 standalone container-server[123848]: 172.20.0.100 - - [10/Mar/2026:17:10:58 +0000] "GET /d1/804/AUTH_7f986e436bcb4dfbb6a1610a5f8a355b/gnocchi.d74ae328-a8d9-482e-a0a7-23c8355daf96" 200 2 "GET http://localhost:8080/v1/AUTH_7f986e436bcb4dfbb6a1610a5f8a355b/gnocchi.d74ae328-a8d9-482e-a0a7-23c8355daf96?format=json&states=listing" "tx896937c2771740469321a-0069b050a2" "proxy-server 21" 0.0018 "-" 19 0
Mar 10 17:10:58 standalone proxy-server[125841]: 172.18.0.2 ::1 10/Mar/2026/17/10/58 GET /v1/AUTH_7f986e436bcb4dfbb6a1610a5f8a355b/gnocchi.d74ae328-a8d9-482e-a0a7-23c8355daf96%3Fformat%3Djson%26states%3Dlisting HTTP/1.0 200 - python-swiftclient-3.11.1 gAAAAABpsFBi3mJa... - 2 - tx896937c2771740469321a-0069b050a2 - 0.0179 - - 1773162658.053136587 1773162658.071005106 0
Mar 10 17:10:58 standalone object-server[124093]: 172.20.0.100 - - [10/Mar/2026:17:10:58 +0000] "GET /d1/263/AUTH_7f986e436bcb4dfbb6a1610a5f8a355b/gnocchi.d74ae328-a8d9-482e-a0a7-23c8355daf96/1772280000.0_mean_300.0_v3" 404 70 "GET http://localhost:8080/v1/AUTH_7f986e436bcb4dfbb6a1610a5f8a355b/gnocchi.d74ae328-a8d9-482e-a0a7-23c8355daf96/1772280000.0_mean_300.0_v3" "tx3bd5a50b035d4f8e9d149-0069b050a2" "proxy-server 21" 0.0003 "-" 24 0
Mar 10 17:10:58 standalone proxy-server[125841]: 172.18.0.2 ::1 10/Mar/2026/17/10/58 GET /v1/AUTH_7f986e436bcb4dfbb6a1610a5f8a355b/gnocchi.d74ae328-a8d9-482e-a0a7-23c8355daf96/1772280000.0_mean_300.0_v3 HTTP/1.0 404 - python-swiftclient-3.11.1 gAAAAABpsFBi3mJa... - 70 - tx3bd5a50b035d4f8e9d149-0069b050a2 - 0.0077 - - 1773162658.076826334 1773162658.084563255 0
Mar 10 17:10:58 standalone container-server[123851]: 172.20.0.100 - - [10/Mar/2026:17:10:58 +0000] "PUT /d1/804/AUTH_7f986e436bcb4dfbb6a1610a5f8a355b/gnocchi.d74ae328-a8d9-482e-a0a7-23c8355daf96/1772280000.0_mean_300.0_v3" 201 - "PUT http://localhost:8080/d1/263/AUTH_7f986e436bcb4dfbb6a1610a5f8a355b/gnocchi.d74ae328-a8d9-482e-a0a7-23c8355daf96/1772280000.0_mean_300.0_v3" "tx822b8d25b582450dbcefb-0069b050a2" "object-server 22" 0.0007 "-" 20 0
Mar 10 17:10:58 standalone object-server[124087]: 172.20.0.100 - - [10/Mar/2026:17:10:58 +0000] "PUT /d1/263/AUTH_7f986e436bcb4dfbb6a1610a5f8a355b/gnocchi.d74ae328-a8d9-482e-a0a7-23c8355daf96/1772280000.0_mean_300.0_v3" 201 - "PUT http://localhost:8080/v1/AUTH_7f986e436bcb4dfbb6a1610a5f8a355b/gnocchi.d74ae328-a8d9-482e-a0a7-23c8355daf96/1772280000.0_mean_300.0_v3" "tx822b8d25b582450dbcefb-0069b050a2" "proxy-server 21" 0.0104 "-" 22 0
Mar 10 17:10:58 standalone proxy-server[125841]: 172.18.0.2 ::1 10/Mar/2026/17/10/58 PUT /v1/AUTH_7f986e436bcb4dfbb6a1610a5f8a355b/gnocchi.d74ae328-a8d9-482e-a0a7-23c8355daf96/1772280000.0_mean_300.0_v3 HTTP/1.0 201 - python-swiftclient-3.11.1 gAAAAABpsFBi3mJa... 16 - - tx822b8d25b582450dbcefb-0069b050a2 - 0.0199 - - 1773162658.090162516 1773162658.110101700 0
Mar 10 17:10:58 standalone container-server[123856]: 172.20.0.100 - - [10/Mar/2026:17:10:58 +0000] "PUT /d1/804/AUTH_7f986e436bcb4dfbb6a1610a5f8a355b/gnocchi.d74ae328-a8d9-482e-a0a7-23c8355daf96/none_v3" 201 - "PUT http://localhost:8080/d1/142/AUTH_7f986e436bcb4dfbb6a1610a5f8a355b/gnocchi.d74ae328-a8d9-482e-a0a7-23c8355daf96/none_v3" "txbb3bc280aae943b9a7f7c-0069b050a2" "object-server 25" 0.0010 "-" 22 0
Mar 10 17:10:58 standalone object-server[124095]: 172.20.0.100 - - [10/Mar/2026:17:10:58 +0000] "PUT /d1/142/AUTH_7f986e436bcb4dfbb6a1610a5f8a355b/gnocchi.d74ae328-a8d9-482e-a0a7-23c8355daf96/none_v3" 201 - "PUT http://localhost:8080/v1/AUTH_7f986e436bcb4dfbb6a1610a5f8a355b/gnocchi.d74ae328-a8d9-482e-a0a7-23c8355daf96/none_v3" "txbb3bc280aae943b9a7f7c-0069b050a2" "proxy-server 21" 0.0129 "-" 25 0
Mar 10 17:10:58 standalone proxy-server[125841]: 172.18.0.2 ::1 10/Mar/2026/17/10/58 PUT /v1/AUTH_7f986e436bcb4dfbb6a1610a5f8a355b/gnocchi.d74ae328-a8d9-482e-a0a7-23c8355daf96/none_v3 HTTP/1.0 201 - python-swiftclient-3.11.1 gAAAAABpsFBi3mJa... 22 - - txbb3bc280aae943b9a7f7c-0069b050a2 - 0.0232 - - 1773162658.114213467 1773162658.137449265 0
Mar 10 17:11:03 standalone container-server[123851]: 172.20.0.100 - - [10/Mar/2026:17:11:03 +0000] "HEAD /d1/523/AUTH_7f986e436bcb4dfbb6a1610a5f8a355b/gnocchi.8a5c21c4-632a-4b47-a346-02a3264ba482" 404 - "HEAD http://localhost:8080/v1/AUTH_7f986e436bcb4dfbb6a1610a5f8a355b/gnocchi.8a5c21c4-632a-4b47-a346-02a3264ba482?format=json&states=listing" "tx605c4103af9f415dbbf86-0069b050a7" "proxy-server 21" 0.0009 "-" 20 0
Mar 10 17:11:03 standalone object-server[124092]: 172.20.0.100 - - [10/Mar/2026:17:11:03 +0000] "GET /d1/656/AUTH_7f986e436bcb4dfbb6a1610a5f8a355b/gnocchi.8a5c21c4-632a-4b47-a346-02a3264ba482/none_v3" 404 70 "GET http://localhost:8080/v1/AUTH_7f986e436bcb4dfbb6a1610a5f8a355b/gnocchi.8a5c21c4-632a-4b47-a346-02a3264ba482/none_v3" "tx605c4103af9f415dbbf86-0069b050a7" "proxy-server 21" 0.0007 "-" 23 0
Mar 10 17:11:03 standalone proxy-server[125841]: 172.18.0.2 ::1 10/Mar/2026/17/11/03 GET /v1/AUTH_7f986e436bcb4dfbb6a1610a5f8a355b/gnocchi.8a5c21c4-632a-4b47-a346-02a3264ba482/none_v3 HTTP/1.0 404 - python-swiftclient-3.11.1 gAAAAABpsFBi3mJa... - 70 - tx605c4103af9f415dbbf86-0069b050a7 - 0.0132 - - 1773162663.073951244 1773162663.087108612 0
Mar 10 17:11:03 standalone account-server[123871]: 172.20.0.100 - - [10/Mar/2026:17:11:03 +0000] "PUT /d1/972/AUTH_7f986e436bcb4dfbb6a1610a5f8a355b/gnocchi.8a5c21c4-632a-4b47-a346-02a3264ba482" 201 - "PUT http://172.20.0.100:6001/d1/523/AUTH_7f986e436bcb4dfbb6a1610a5f8a355b/gnocchi.8a5c21c4-632a-4b47-a346-02a3264ba482" "tx5650e56ca6904913a9858-0069b050a7" "container-server 22" 0.0052 "-" 20 0
Mar 10 17:11:03 standalone container-server[123856]: 172.20.0.100 - - [10/Mar/2026:17:11:03 +0000] "PUT /d1/523/AUTH_7f986e436bcb4dfbb6a1610a5f8a355b/gnocchi.8a5c21c4-632a-4b47-a346-02a3264ba482" 201 - "PUT http://localhost:8080/v1/AUTH_7f986e436bcb4dfbb6a1610a5f8a355b/gnocchi.8a5c21c4-632a-4b47-a346-02a3264ba482" "tx5650e56ca6904913a9858-0069b050a7" "proxy-server 21" 0.0203 "-" 22 0
Mar 10 17:11:03 standalone proxy-server[125841]: 172.18.0.2 ::1 10/Mar/2026/17/11/03 PUT /v1/AUTH_7f986e436bcb4dfbb6a1610a5f8a355b/gnocchi.8a5c21c4-632a-4b47-a346-02a3264ba482 HTTP/1.0 201 - python-swiftclient-3.11.1 gAAAAABpsFBi3mJa... - - - tx5650e56ca6904913a9858-0069b050a7 - 0.0260 - - 1773162663.091538429 1773162663.117508173 0
Mar 10 17:11:03 standalone container-server[123852]: 172.20.0.100 - - [10/Mar/2026:17:11:03 +0000] "HEAD /d1/523/AUTH_7f986e436bcb4dfbb6a1610a5f8a355b/gnocchi.8a5c21c4-632a-4b47-a346-02a3264ba482" 204 - "HEAD http://localhost:8080/v1/AUTH_7f986e436bcb4dfbb6a1610a5f8a355b/gnocchi.8a5c21c4-632a-4b47-a346-02a3264ba482?format=json&states=listing" "txc8c5b86cf6b241ebb1a6d-0069b050a7" "proxy-server 21" 0.0032 "-" 21 0
Mar 10 17:11:03 standalone proxy-server[125841]: - - 10/Mar/2026/17/11/03 HEAD /v1/AUTH_7f986e436bcb4dfbb6a1610a5f8a355b/gnocchi.8a5c21c4-632a-4b47-a346-02a3264ba482%3Fformat%3Djson%26states%3Dlisting HTTP/1.0 204 - Swift - - - - txc8c5b86cf6b241ebb1a6d-0069b050a7 - 0.0066 RL - 1773162663.122315407 1773162663.128874063 0
Mar 10 17:11:03 standalone container-server[123848]: 172.20.0.100 - - [10/Mar/2026:17:11:03 +0000] "GET /d1/523/AUTH_7f986e436bcb4dfbb6a1610a5f8a355b/gnocchi.8a5c21c4-632a-4b47-a346-02a3264ba482" 200 2 "GET http://localhost:8080/v1/AUTH_7f986e436bcb4dfbb6a1610a5f8a355b/gnocchi.8a5c21c4-632a-4b47-a346-02a3264ba482?format=json&states=listing" "txc8c5b86cf6b241ebb1a6d-0069b050a7" "proxy-server 21" 0.0017 "-" 19 0
