2025-11-30 13:23:35.292 83769 DEBUG neutron.db.ovn_revision_numbers_db [None req-64b781a0-9ce1-4f85-8d18-a5630eaf3e2b f4a3eaa6b0d9408abf1bad48de25c92b 96b5e232ed2c48dcb918b6d3d5d53016 - - default default] create_initial_revision uuid=16f2e31e-0ade-4e52-ada0-9dae6c19de51, type=security_groups, rev=-1 create_initial_revision /usr/lib/python3.9/site-packages/neutron/db/ovn_revision_numbers_db.py:98
2025-11-30 13:23:35.295 83769 DEBUG neutron.db.ovn_revision_numbers_db [None req-64b781a0-9ce1-4f85-8d18-a5630eaf3e2b f4a3eaa6b0d9408abf1bad48de25c92b 96b5e232ed2c48dcb918b6d3d5d53016 - - default default] create_initial_revision uuid=ae3dd77b-310b-4441-a84c-e2bd6eaf647b, type=security_group_rules, rev=-1 create_initial_revision /usr/lib/python3.9/site-packages/neutron/db/ovn_revision_numbers_db.py:98
2025-11-30 13:23:35.296 83769 DEBUG neutron.db.ovn_revision_numbers_db [None req-64b781a0-9ce1-4f85-8d18-a5630eaf3e2b f4a3eaa6b0d9408abf1bad48de25c92b 96b5e232ed2c48dcb918b6d3d5d53016 - - default default] create_initial_revision uuid=c579b6b3-327b-458d-afed-00d05479da4b, type=security_group_rules, rev=-1 create_initial_revision /usr/lib/python3.9/site-packages/neutron/db/ovn_revision_numbers_db.py:98
2025-11-30 13:23:35.297 83769 DEBUG neutron.db.ovn_revision_numbers_db [None req-64b781a0-9ce1-4f85-8d18-a5630eaf3e2b f4a3eaa6b0d9408abf1bad48de25c92b 96b5e232ed2c48dcb918b6d3d5d53016 - - default default] create_initial_revision uuid=dec8e2a3-acd6-4a86-bcff-aa79274ad8fd, type=security_group_rules, rev=-1 create_initial_revision /usr/lib/python3.9/site-packages/neutron/db/ovn_revision_numbers_db.py:98
2025-11-30 13:23:35.298 83769 DEBUG neutron.db.ovn_revision_numbers_db [None req-64b781a0-9ce1-4f85-8d18-a5630eaf3e2b f4a3eaa6b0d9408abf1bad48de25c92b 96b5e232ed2c48dcb918b6d3d5d53016 - - default default] create_initial_revision uuid=f5b0af16-8ea0-4463-be01-d7d3350de982, type=security_group_rules, rev=-1 create_initial_revision /usr/lib/python3.9/site-packages/neutron/db/ovn_revision_numbers_db.py:98
2025-11-30 13:23:35.302 83769 DEBUG neutron_lib.callbacks.manager [None req-64b781a0-9ce1-4f85-8d18-a5630eaf3e2b f4a3eaa6b0d9408abf1bad48de25c92b 96b5e232ed2c48dcb918b6d3d5d53016 - - default default] Publish callbacks ['neutron.plugins.ml2.drivers.ovn.mech_driver.mech_driver.OVNMechanismDriver._create_security_group-648952', 'neutron.plugins.ml2.ovo_rpc._ObjectChangeHandler.handle_event-1077118'] for security_group (16f2e31e-0ade-4e52-ada0-9dae6c19de51), after_create _notify_loop /usr/lib/python3.9/site-packages/neutron_lib/callbacks/manager.py:184
2025-11-30 13:23:35.303 83769 INFO neutron.plugins.ml2.drivers.ovn.mech_driver.ovsdb.extensions.qos [None req-64b781a0-9ce1-4f85-8d18-a5630eaf3e2b f4a3eaa6b0d9408abf1bad48de25c92b 96b5e232ed2c48dcb918b6d3d5d53016 - - default default] Starting OVNClientQosExtension
2025-11-30 13:23:35.303 83769 INFO neutron.plugins.ml2.drivers.ovn.mech_driver.ovsdb.extensions.placement [None req-64b781a0-9ce1-4f85-8d18-a5630eaf3e2b f4a3eaa6b0d9408abf1bad48de25c92b 96b5e232ed2c48dcb918b6d3d5d53016 - - default default] Starting OVNClientPlacementExtension
2025-11-30 13:23:35.304 83769 DEBUG ovsdbapp.backend.ovs_idl.transaction [None req-64b781a0-9ce1-4f85-8d18-a5630eaf3e2b f4a3eaa6b0d9408abf1bad48de25c92b 96b5e232ed2c48dcb918b6d3d5d53016 - - default default] Running txn n=1 command(idx=0): PgAddCommand(_result=None, name=pg_16f2e31e_0ade_4e52_ada0_9dae6c19de51, may_exist=False, columns={'acls': [], 'external_ids': {'neutron:security_group_id': '16f2e31e-0ade-4e52-ada0-9dae6c19de51'}}) do_commit /usr/lib/python3.9/site-packages/ovsdbapp/backend/ovs_idl/transaction.py:89
2025-11-30 13:23:35.305 83769 DEBUG ovsdbapp.backend.ovs_idl.transaction [None req-64b781a0-9ce1-4f85-8d18-a5630eaf3e2b f4a3eaa6b0d9408abf1bad48de25c92b 96b5e232ed2c48dcb918b6d3d5d53016 - - default default] Running txn n=1 command(idx=1): PgAclAddCommand(_result=None, entity=pg_16f2e31e_0ade_4e52_ada0_9dae6c19de51, direction=to-lport, priority=1002, match=outport == @pg_16f2e31e_0ade_4e52_ada0_9dae6c19de51 && ip4 && ip4.src == $pg_16f2e31e_0ade_4e52_ada0_9dae6c19de51_ip4, action=allow-related, log=False, may_exist=True, severity=[], name=[], meter=None, external_ids={'neutron:security_group_rule_id': 'ae3dd77b-310b-4441-a84c-e2bd6eaf647b'}) do_commit /usr/lib/python3.9/site-packages/ovsdbapp/backend/ovs_idl/transaction.py:89
2025-11-30 13:23:35.305 83769 DEBUG ovsdbapp.backend.ovs_idl.transaction [None req-64b781a0-9ce1-4f85-8d18-a5630eaf3e2b f4a3eaa6b0d9408abf1bad48de25c92b 96b5e232ed2c48dcb918b6d3d5d53016 - - default default] Running txn n=1 command(idx=2): PgAclAddCommand(_result=None, entity=pg_16f2e31e_0ade_4e52_ada0_9dae6c19de51, direction=from-lport, priority=1002, match=inport == @pg_16f2e31e_0ade_4e52_ada0_9dae6c19de51 && ip6, action=allow-related, log=False, may_exist=True, severity=[], name=[], meter=None, external_ids={'neutron:security_group_rule_id': 'c579b6b3-327b-458d-afed-00d05479da4b'}) do_commit /usr/lib/python3.9/site-packages/ovsdbapp/backend/ovs_idl/transaction.py:89
2025-11-30 13:23:35.306 83769 DEBUG ovsdbapp.backend.ovs_idl.transaction [None req-64b781a0-9ce1-4f85-8d18-a5630eaf3e2b f4a3eaa6b0d9408abf1bad48de25c92b 96b5e232ed2c48dcb918b6d3d5d53016 - - default default] Running txn n=1 command(idx=3): PgAclAddCommand(_result=None, entity=pg_16f2e31e_0ade_4e52_ada0_9dae6c19de51, direction=from-lport, priority=1002, match=inport == @pg_16f2e31e_0ade_4e52_ada0_9dae6c19de51 && ip4, action=allow-related, log=False, may_exist=True, severity=[], name=[], meter=None, external_ids={'neutron:security_group_rule_id': 'dec8e2a3-acd6-4a86-bcff-aa79274ad8fd'}) do_commit /usr/lib/python3.9/site-packages/ovsdbapp/backend/ovs_idl/transaction.py:89
2025-11-30 13:23:35.306 83769 DEBUG ovsdbapp.backend.ovs_idl.transaction [None req-64b781a0-9ce1-4f85-8d18-a5630eaf3e2b f4a3eaa6b0d9408abf1bad48de25c92b 96b5e232ed2c48dcb918b6d3d5d53016 - - default default] Running txn n=1 command(idx=4): PgAclAddCommand(_result=None, entity=pg_16f2e31e_0ade_4e52_ada0_9dae6c19de51, direction=to-lport, priority=1002, match=outport == @pg_16f2e31e_0ade_4e52_ada0_9dae6c19de51 && ip6 && ip6.src == $pg_16f2e31e_0ade_4e52_ada0_9dae6c19de51_ip6, action=allow-related, log=False, may_exist=True, severity=[], name=[], meter=None, external_ids={'neutron:security_group_rule_id': 'f5b0af16-8ea0-4463-be01-d7d3350de982'}) do_commit /usr/lib/python3.9/site-packages/ovsdbapp/backend/ovs_idl/transaction.py:89
2025-11-30 13:23:35.314 83769 DEBUG neutron.common.ovn.hash_ring_manager [None req-64b781a0-9ce1-4f85-8d18-a5630eaf3e2b f4a3eaa6b0d9408abf1bad48de25c92b 96b5e232ed2c48dcb918b6d3d5d53016 - - default default] Hash Ring loaded. 2 active nodes. 0 offline nodes _load_hash_ring /usr/lib/python3.9/site-packages/neutron/common/ovn/hash_ring_manager.py:102
2025-11-30 13:23:35.315 83769 DEBUG neutron.plugins.ml2.drivers.ovn.mech_driver.ovsdb.ovsdb_monitor [None req-64b781a0-9ce1-4f85-8d18-a5630eaf3e2b f4a3eaa6b0d9408abf1bad48de25c92b 96b5e232ed2c48dcb918b6d3d5d53016 - - default default] Hash Ring: Node d36c2c0e-3a31-4a50-8f5d-d424fb7c1622 (host: np0005540261.novalocal) handling event "create" for row d5772c44-4eab-422f-92d2-3e73df2d8a85 (table: ACL) notify /usr/lib/python3.9/site-packages/neutron/plugins/ml2/drivers/ovn/mech_driver/ovsdb/ovsdb_monitor.py:855
2025-11-30 13:23:35.315 83769 DEBUG neutron.plugins.ml2.drivers.ovn.mech_driver.ovsdb.ovsdb_monitor [None req-64b781a0-9ce1-4f85-8d18-a5630eaf3e2b f4a3eaa6b0d9408abf1bad48de25c92b 96b5e232ed2c48dcb918b6d3d5d53016 - - default default] Hash Ring: Node d36c2c0e-3a31-4a50-8f5d-d424fb7c1622 (host: np0005540261.novalocal) handling event "create" for row 4501390e-2e56-494f-a9c3-94f4b181f4ce (table: ACL) notify /usr/lib/python3.9/site-packages/neutron/plugins/ml2/drivers/ovn/mech_driver/ovsdb/ovsdb_monitor.py:855
2025-11-30 13:23:35.321 83768 DEBUG neutron.common.ovn.hash_ring_manager [None req-dcbb32d2-a5ab-435c-89f0-4c5c3517b25e - - - - - -] Hash Ring loaded. 2 active nodes. 0 offline nodes _load_hash_ring /usr/lib/python3.9/site-packages/neutron/common/ovn/hash_ring_manager.py:102
2025-11-30 13:23:35.322 83772 DEBUG neutron.common.ovn.hash_ring_manager [None req-dcbb32d2-a5ab-435c-89f0-4c5c3517b25e - - - - - -] Hash Ring loaded. 2 active nodes. 0 offline nodes _load_hash_ring /usr/lib/python3.9/site-packages/neutron/common/ovn/hash_ring_manager.py:102
2025-11-30 13:23:35.323 83768 DEBUG neutron.plugins.ml2.drivers.ovn.mech_driver.ovsdb.ovsdb_monitor [None req-dcbb32d2-a5ab-435c-89f0-4c5c3517b25e - - - - - -] Hash Ring: Node 373688db-5e82-4476-ae34-b5c45b6f75cc (host: np0005540261.novalocal) handling event "create" for row 1071029f-f36c-4830-a534-e00ce3dc4143 (table: ACL) notify /usr/lib/python3.9/site-packages/neutron/plugins/ml2/drivers/ovn/mech_driver/ovsdb/ovsdb_monitor.py:855
2025-11-30 13:23:35.324 83768 DEBUG neutron.plugins.ml2.drivers.ovn.mech_driver.ovsdb.ovsdb_monitor [None req-dcbb32d2-a5ab-435c-89f0-4c5c3517b25e - - - - - -] Hash Ring: Node 373688db-5e82-4476-ae34-b5c45b6f75cc (host: np0005540261.novalocal) handling event "create" for row 0ba0f2a0-5b79-4153-8812-ef9eddbe4df2 (table: ACL) notify /usr/lib/python3.9/site-packages/neutron/plugins/ml2/drivers/ovn/mech_driver/ovsdb/ovsdb_monitor.py:855
2025-11-30 13:23:35.324 83768 DEBUG neutron.plugins.ml2.drivers.ovn.mech_driver.ovsdb.ovsdb_monitor [None req-dcbb32d2-a5ab-435c-89f0-4c5c3517b25e - - - - - -] Hash Ring: Node 373688db-5e82-4476-ae34-b5c45b6f75cc (host: np0005540261.novalocal) handling event "create" for row 21c57ee8-b75c-4bb0-bd91-992440be78b1 (table: Port_Group) notify /usr/lib/python3.9/site-packages/neutron/plugins/ml2/drivers/ovn/mech_driver/ovsdb/ovsdb_monitor.py:855
2025-11-30 13:23:35.324 83773 DEBUG neutron.common.ovn.hash_ring_manager [None req-dcbb32d2-a5ab-435c-89f0-4c5c3517b25e - - - - - -] Hash Ring loaded. 2 active nodes. 0 offline nodes _load_hash_ring /usr/lib/python3.9/site-packages/neutron/common/ovn/hash_ring_manager.py:102
2025-11-30 13:23:35.334 83769 INFO neutron.db.ovn_revision_numbers_db [None req-64b781a0-9ce1-4f85-8d18-a5630eaf3e2b f4a3eaa6b0d9408abf1bad48de25c92b 96b5e232ed2c48dcb918b6d3d5d53016 - - default default] Successfully bumped revision number for resource 16f2e31e-0ade-4e52-ada0-9dae6c19de51 (type: security_groups) to 1
2025-11-30 13:23:35.343 83769 INFO neutron.db.ovn_revision_numbers_db [None req-64b781a0-9ce1-4f85-8d18-a5630eaf3e2b f4a3eaa6b0d9408abf1bad48de25c92b 96b5e232ed2c48dcb918b6d3d5d53016 - - default default] Successfully bumped revision number for resource ae3dd77b-310b-4441-a84c-e2bd6eaf647b (type: security_group_rules) to 0
2025-11-30 13:23:35.351 83769 INFO neutron.db.ovn_revision_numbers_db [None req-64b781a0-9ce1-4f85-8d18-a5630eaf3e2b f4a3eaa6b0d9408abf1bad48de25c92b 96b5e232ed2c48dcb918b6d3d5d53016 - - default default] Successfully bumped revision number for resource c579b6b3-327b-458d-afed-00d05479da4b (type: security_group_rules) to 0
2025-11-30 13:23:35.357 83769 INFO neutron.db.ovn_revision_numbers_db [None req-64b781a0-9ce1-4f85-8d18-a5630eaf3e2b f4a3eaa6b0d9408abf1bad48de25c92b 96b5e232ed2c48dcb918b6d3d5d53016 - - default default] Successfully bumped revision number for resource dec8e2a3-acd6-4a86-bcff-aa79274ad8fd (type: security_group_rules) to 0
2025-11-30 13:23:35.364 83769 INFO neutron.db.ovn_revision_numbers_db [None req-64b781a0-9ce1-4f85-8d18-a5630eaf3e2b f4a3eaa6b0d9408abf1bad48de25c92b 96b5e232ed2c48dcb918b6d3d5d53016 - - default default] Successfully bumped revision number for resource f5b0af16-8ea0-4463-be01-d7d3350de982 (type: security_group_rules) to 0
2025-11-30 13:23:35.380 83769 DEBUG neutron.api.rpc.handlers.resources_rpc [None req-64b781a0-9ce1-4f85-8d18-a5630eaf3e2b f4a3eaa6b0d9408abf1bad48de25c92b 96b5e232ed2c48dcb918b6d3d5d53016 - - default default] Pushing event updated for resources: {'SecurityGroup': ['ID=16f2e31e-0ade-4e52-ada0-9dae6c19de51,revision_number=1']} push /usr/lib/python3.9/site-packages/neutron/api/rpc/handlers/resources_rpc.py:237
2025-11-30 13:23:35.386 83769 DEBUG ovsdbapp.backend.ovs_idl.transaction [None req-64b781a0-9ce1-4f85-8d18-a5630eaf3e2b f4a3eaa6b0d9408abf1bad48de25c92b 96b5e232ed2c48dcb918b6d3d5d53016 - - default default] Running txn n=1 command(idx=0): CheckLivenessCommand(_result=None) do_commit /usr/lib/python3.9/site-packages/ovsdbapp/backend/ovs_idl/transaction.py:89
2025-11-30 13:23:35.388 83768 DEBUG neutron.plugins.ml2.drivers.ovn.mech_driver.ovsdb.ovsdb_monitor [None req-dcbb32d2-a5ab-435c-89f0-4c5c3517b25e - - - - - -] Hash Ring: Node 373688db-5e82-4476-ae34-b5c45b6f75cc (host: np0005540261.novalocal) handling event "update" for row 2ec6a243-d2ab-4b80-8b07-842374841957 (table: NB_Global) notify /usr/lib/python3.9/site-packages/neutron/plugins/ml2/drivers/ovn/mech_driver/ovsdb/ovsdb_monitor.py:855
2025-11-30 13:23:35.389 83769 DEBUG neutron.api.rpc.callbacks.version_manager [None req-64b781a0-9ce1-4f85-8d18-a5630eaf3e2b f4a3eaa6b0d9408abf1bad48de25c92b 96b5e232ed2c48dcb918b6d3d5d53016 - - default default] Tracked resource versions report: pushed versions: { 'AddressGroup': {'1.2'}, 'Agent': {'1.1'}, 'ConntrackHelper': {'1.0'}, 'LocalIPAssociation': {'1.0'}, 'Log': {'1.0'}, 'NDPProxy': {'1.0'}, 'Network': {'1.2'}, 'Port': {'1.10'}, 'PortForwarding': {'1.3'}, 'QosPolicy': {'1.10'}, 'SecurityGroup': {'1.6'}, 'SecurityGroupRule': {'1.3'}, 'SubPort': {'1.0'}, 'Subnet': {'1.2'}, 'Trunk': {'1.1'}} consumer versions: {} report /usr/lib/python3.9/site-packages/neutron/api/rpc/callbacks/version_manager.py:183
2025-11-30 13:23:35.390 83768 DEBUG neutron.plugins.ml2.drivers.ovn.mech_driver.ovsdb.ovsdb_monitor [None req-dcbb32d2-a5ab-435c-89f0-4c5c3517b25e - - - - - -] Hash Ring: Node 373688db-5e82-4476-ae34-b5c45b6f75cc (host: np0005540261.novalocal) handling event "update" for row 2ec6a243-d2ab-4b80-8b07-842374841957 (table: NB_Global) notify /usr/lib/python3.9/site-packages/neutron/plugins/ml2/drivers/ovn/mech_driver/ovsdb/ovsdb_monitor.py:855
2025-11-30 13:23:35.392 83768 DEBUG neutron.plugins.ml2.drivers.ovn.mech_driver.ovsdb.ovsdb_monitor [None req-dcbb32d2-a5ab-435c-89f0-4c5c3517b25e - - - - - -] Hash Ring: Node 373688db-5e82-4476-ae34-b5c45b6f75cc (host: np0005540261.novalocal) handling event "update" for row 2ec6a243-d2ab-4b80-8b07-842374841957 (table: NB_Global) notify /usr/lib/python3.9/site-packages/neutron/plugins/ml2/drivers/ovn/mech_driver/ovsdb/ovsdb_monitor.py:855
2025-11-30 13:23:35.408 83769 DEBUG neutron.plugins.ml2.drivers.type_flat [None req-64b781a0-9ce1-4f85-8d18-a5630eaf3e2b f4a3eaa6b0d9408abf1bad48de25c92b 96b5e232ed2c48dcb918b6d3d5d53016 - - default default] Reserving flat network on physical network extnet reserve_provider_segment /usr/lib/python3.9/site-packages/neutron/plugins/ml2/drivers/type_flat.py:100
2025-11-30 13:23:35.417 83769 DEBUG neutron_lib.callbacks.manager [None req-64b781a0-9ce1-4f85-8d18-a5630eaf3e2b f4a3eaa6b0d9408abf1bad48de25c92b 96b5e232ed2c48dcb918b6d3d5d53016 - - default default] Publish callbacks ['neutron.services.segments.db._add_segment_host_mapping_for_segment-8737517288430', 'neutron.plugins.ml2.plugin.Ml2Plugin._handle_segment_change-4017268'] for segment (e0551c45-4ec2-40fa-a827-faa762fd3a36), precommit_create _notify_loop /usr/lib/python3.9/site-packages/neutron_lib/callbacks/manager.py:184
2025-11-30 13:23:35.417 83769 DEBUG neutron_lib.callbacks.manager [None req-64b781a0-9ce1-4f85-8d18-a5630eaf3e2b f4a3eaa6b0d9408abf1bad48de25c92b 96b5e232ed2c48dcb918b6d3d5d53016 - - default default] Unsubscribe: segment precommit_create unsubscribe /usr/lib/python3.9/site-packages/neutron_lib/callbacks/manager.py:90
2025-11-30 13:23:35.417 83769 INFO neutron.db.segments_db [None req-64b781a0-9ce1-4f85-8d18-a5630eaf3e2b f4a3eaa6b0d9408abf1bad48de25c92b 96b5e232ed2c48dcb918b6d3d5d53016 - - default default] Added segment e0551c45-4ec2-40fa-a827-faa762fd3a36 of type flat for network f0d9251e-edc0-46f7-8739-43fc65689d83
2025-11-30 13:23:35.452 83769 DEBUG neutron_lib.callbacks.manager [None req-64b781a0-9ce1-4f85-8d18-a5630eaf3e2b f4a3eaa6b0d9408abf1bad48de25c92b 96b5e232ed2c48dcb918b6d3d5d53016 - - default default] Publish callbacks ['neutron.services.qos.qos_plugin.QoSPlugin._validate_create_network_callback-21021', 'neutron.services.auto_allocate.db._ensure_external_network_default_value_callback-8737516139156'] for network (f0d9251e-edc0-46f7-8739-43fc65689d83), precommit_create _notify_loop /usr/lib/python3.9/site-packages/neutron_lib/callbacks/manager.py:184
2025-11-30 13:23:35.500 83769 DEBUG neutron.plugins.ml2.drivers.ovn.mech_driver.mech_driver [None req-64b781a0-9ce1-4f85-8d18-a5630eaf3e2b f4a3eaa6b0d9408abf1bad48de25c92b 96b5e232ed2c48dcb918b6d3d5d53016 - - default default] Validating network segment with type flat, segmentation ID None, physical network extnet _validate_network_segments /usr/lib/python3.9/site-packages/neutron/plugins/ml2/drivers/ovn/mech_driver/mech_driver.py:609
2025-11-30 13:23:35.501 83769 DEBUG neutron.db.ovn_revision_numbers_db [None req-64b781a0-9ce1-4f85-8d18-a5630eaf3e2b f4a3eaa6b0d9408abf1bad48de25c92b 96b5e232ed2c48dcb918b6d3d5d53016 - - default default] create_initial_revision uuid=f0d9251e-edc0-46f7-8739-43fc65689d83, type=networks, rev=-1 create_initial_revision /usr/lib/python3.9/site-packages/neutron/db/ovn_revision_numbers_db.py:98
2025-11-30 13:23:35.504 83769 DEBUG neutron_lib.callbacks.manager [None req-64b781a0-9ce1-4f85-8d18-a5630eaf3e2b f4a3eaa6b0d9408abf1bad48de25c92b 96b5e232ed2c48dcb918b6d3d5d53016 - - default default] Publish callbacks ['neutron.plugins.ml2.ovo_rpc._ObjectChangeHandler.handle_event-1074591', 'neutron.api.rpc.agentnotifiers.dhcp_rpc_agent_api.DhcpAgentNotifyAPI._native_event_send_dhcp_notification-1181501'] for network (f0d9251e-edc0-46f7-8739-43fc65689d83), after_create _notify_loop /usr/lib/python3.9/site-packages/neutron_lib/callbacks/manager.py:184
2025-11-30 13:23:35.516 83769 DEBUG neutron.api.rpc.handlers.resources_rpc [None req-64b781a0-9ce1-4f85-8d18-a5630eaf3e2b f4a3eaa6b0d9408abf1bad48de25c92b 96b5e232ed2c48dcb918b6d3d5d53016 - - default default] Pushing event updated for resources: {'Network': ['ID=f0d9251e-edc0-46f7-8739-43fc65689d83,revision_number=1']} push /usr/lib/python3.9/site-packages/neutron/api/rpc/handlers/resources_rpc.py:237
2025-11-30 13:23:35.524 83769 DEBUG ovsdbapp.backend.ovs_idl.transaction [None req-64b781a0-9ce1-4f85-8d18-a5630eaf3e2b f4a3eaa6b0d9408abf1bad48de25c92b 96b5e232ed2c48dcb918b6d3d5d53016 - - default default] Running txn n=1 command(idx=0): LsAddCommand(_result=None, switch=neutron-f0d9251e-edc0-46f7-8739-43fc65689d83, columns={'external_ids': {'neutron:network_name': 'public', 'neutron:mtu': '1500', 'neutron:revision_number': '1', 'neutron:availability_zone_hints': '', 'neutron:provnet-network-type': 'flat'}, 'other_config': {'mcast_snoop': 'false', 'mcast_flood_unregistered': 'false', 'vlan-passthru': 'false', 'fdb_age_threshold': '0', 'broadcast-arps-to-all-routers': 'true'}}, may_exist=True) do_commit /usr/lib/python3.9/site-packages/ovsdbapp/backend/ovs_idl/transaction.py:89
2025-11-30 13:23:35.524 83769 DEBUG ovsdbapp.backend.ovs_idl.transaction [None req-64b781a0-9ce1-4f85-8d18-a5630eaf3e2b f4a3eaa6b0d9408abf1bad48de25c92b 96b5e232ed2c48dcb918b6d3d5d53016 - - default default] Running txn n=1 command(idx=1): AddLSwitchPortCommand(_result=None, lport=provnet-e0551c45-4ec2-40fa-a827-faa762fd3a36, lswitch=neutron-f0d9251e-edc0-46f7-8739-43fc65689d83, may_exist=True, columns={'addresses': ['unknown'], 'external_ids': {}, 'type': 'localnet', 'tag': None, 'options': {'network_name': 'extnet', 'mcast_flood_reports': 'true', 'mcast_flood': 'false', 'localnet_learn_fdb': 'false'}}) do_commit /usr/lib/python3.9/site-packages/ovsdbapp/backend/ovs_idl/transaction.py:89
2025-11-30 13:23:35.528 83768 DEBUG neutron.plugins.ml2.drivers.ovn.mech_driver.ovsdb.ovsdb_monitor [None req-dcbb32d2-a5ab-435c-89f0-4c5c3517b25e - - - - - -] Hash Ring: Node 373688db-5e82-4476-ae34-b5c45b6f75cc (host: np0005540261.novalocal) handling event "create" for row f779bf6b-fd95-4542-864e-909b92ba8951 (table: Logical_Switch) notify /usr/lib/python3.9/site-packages/neutron/plugins/ml2/drivers/ovn/mech_driver/ovsdb/ovsdb_monitor.py:855
2025-11-30 13:23:35.529 83768 DEBUG neutron.plugins.ml2.drivers.ovn.mech_driver.ovsdb.ovsdb_monitor [None req-dcbb32d2-a5ab-435c-89f0-4c5c3517b25e - - - - - -] Hash Ring: Node 373688db-5e82-4476-ae34-b5c45b6f75cc (host: np0005540261.novalocal) handling event "create" for row e28341d7-e5b3-4710-b885-b98b79165a65 (table: Logical_Switch_Port) notify /usr/lib/python3.9/site-packages/neutron/plugins/ml2/drivers/ovn/mech_driver/ovsdb/ovsdb_monitor.py:855
2025-11-30 13:23:35.530 83768 DEBUG ovsdbapp.backend.ovs_idl.event [None req-dcbb32d2-a5ab-435c-89f0-4c5c3517b25e - - - - - -] Matched CREATE: LogicalSwitchPortCreateEvent(events=('create',), table='Logical_Switch_Port', conditions=[], old_conditions=None), priority=20 to row=Logical_Switch_Port(port_security=[], addresses=['unknown'], type=localnet, name=provnet-e0551c45-4ec2-40fa-a827-faa762fd3a36, up=[], dhcpv4_options=[], options={'localnet_learn_fdb': 'false', 'mcast_flood': 'false', 'mcast_flood_reports': 'true', 'network_name': 'extnet'}, dynamic_addresses=[], ha_chassis_group=[], external_ids={}, tag=[], parent_name=[], mirror_rules=[], tag_request=[], enabled=[], dhcpv6_options=[]) old= matches /usr/lib/python3.9/site-packages/ovsdbapp/backend/ovs_idl/event.py:55
2025-11-30 13:23:35.532 83768 INFO neutron.plugins.ml2.drivers.ovn.mech_driver.mech_driver [None req-dcbb32d2-a5ab-435c-89f0-4c5c3517b25e - - - - - -] OVN reports status down for port: provnet-e0551c45-4ec2-40fa-a827-faa762fd3a36
2025-11-30 13:23:35.532 83768 DEBUG neutron.plugins.ml2.drivers.ovn.mech_driver.ovsdb.ovsdb_monitor [None req-dcbb32d2-a5ab-435c-89f0-4c5c3517b25e - - - - - -] Hash Ring: Node 373688db-5e82-4476-ae34-b5c45b6f75cc (host: np0005540261.novalocal) handling event "update" for row e28341d7-e5b3-4710-b885-b98b79165a65 (table: Logical_Switch_Port) notify /usr/lib/python3.9/site-packages/neutron/plugins/ml2/drivers/ovn/mech_driver/ovsdb/ovsdb_monitor.py:855
2025-11-30 13:23:35.540 83773 DEBUG neutron.common.ovn.hash_ring_manager [None req-dcbb32d2-a5ab-435c-89f0-4c5c3517b25e - - - - - -] Allow caching, nodes 2>=2 _wait_startup_before_caching /usr/lib/python3.9/site-packages/neutron/common/ovn/hash_ring_manager.py:65
2025-11-30 13:23:35.543 83772 DEBUG neutron.common.ovn.hash_ring_manager [None req-dcbb32d2-a5ab-435c-89f0-4c5c3517b25e - - - - - -] Allow caching, nodes 2>=2 _wait_startup_before_caching /usr/lib/python3.9/site-packages/neutron/common/ovn/hash_ring_manager.py:65
2025-11-30 13:23:35.544 83773 DEBUG neutron.common.ovn.hash_ring_manager [None req-dcbb32d2-a5ab-435c-89f0-4c5c3517b25e - - - - - -] Hash Ring loaded. 2 active nodes. 0 offline nodes _load_hash_ring /usr/lib/python3.9/site-packages/neutron/common/ovn/hash_ring_manager.py:102
2025-11-30 13:23:35.548 83769 DEBUG neutron.common.ovn.hash_ring_manager [None req-64b781a0-9ce1-4f85-8d18-a5630eaf3e2b f4a3eaa6b0d9408abf1bad48de25c92b 96b5e232ed2c48dcb918b6d3d5d53016 - - default default] Allow caching, nodes 2>=2 _wait_startup_before_caching /usr/lib/python3.9/site-packages/neutron/common/ovn/hash_ring_manager.py:65
2025-11-30 13:23:35.550 83772 DEBUG neutron.common.ovn.hash_ring_manager [None req-dcbb32d2-a5ab-435c-89f0-4c5c3517b25e - - - - - -] Hash Ring loaded. 2 active nodes. 0 offline nodes _load_hash_ring /usr/lib/python3.9/site-packages/neutron/common/ovn/hash_ring_manager.py:102
2025-11-30 13:23:35.555 83769 INFO neutron.db.ovn_revision_numbers_db [None req-64b781a0-9ce1-4f85-8d18-a5630eaf3e2b f4a3eaa6b0d9408abf1bad48de25c92b 96b5e232ed2c48dcb918b6d3d5d53016 - - default default] Successfully bumped revision number for resource f0d9251e-edc0-46f7-8739-43fc65689d83 (type: networks) to 1
2025-11-30 13:23:35.574 83769 DEBUG neutron.common.ovn.hash_ring_manager [None req-64b781a0-9ce1-4f85-8d18-a5630eaf3e2b f4a3eaa6b0d9408abf1bad48de25c92b 96b5e232ed2c48dcb918b6d3d5d53016 - - default default] Hash Ring loaded. 2 active nodes. 0 offline nodes _load_hash_ring /usr/lib/python3.9/site-packages/neutron/common/ovn/hash_ring_manager.py:102
2025-11-30 13:23:35.575 83769 DEBUG neutron.plugins.ml2.drivers.ovn.mech_driver.ovsdb.ovsdb_monitor [None req-64b781a0-9ce1-4f85-8d18-a5630eaf3e2b f4a3eaa6b0d9408abf1bad48de25c92b 96b5e232ed2c48dcb918b6d3d5d53016 - - default default] Hash Ring: Node d36c2c0e-3a31-4a50-8f5d-d424fb7c1622 (host: np0005540261.novalocal) handling event "create" for row dbaf1519-f362-4b9a-bdcd-0c0714e59817 (table: Port_Binding) notify /usr/lib/python3.9/site-packages/neutron/plugins/ml2/drivers/ovn/mech_driver/ovsdb/ovsdb_monitor.py:855
2025-11-30 13:23:35.591 83768 DEBUG neutron.common.ovn.hash_ring_manager [None req-dcbb32d2-a5ab-435c-89f0-4c5c3517b25e - - - - - -] Allow caching, nodes 2>=2 _wait_startup_before_caching /usr/lib/python3.9/site-packages/neutron/common/ovn/hash_ring_manager.py:65
2025-11-30 13:23:35.593 83769 DEBUG neutron_lib.callbacks.manager [None req-64b781a0-9ce1-4f85-8d18-a5630eaf3e2b f4a3eaa6b0d9408abf1bad48de25c92b 96b5e232ed2c48dcb918b6d3d5d53016 - - default default] Publish callbacks ['neutron.plugins.ml2.plugin.SecurityGroupDbMixin._ensure_default_security_group_handler-3876062'] for port (None), before_create _notify_loop /usr/lib/python3.9/site-packages/neutron_lib/callbacks/manager.py:184
2025-11-30 13:23:35.596 83768 DEBUG neutron.common.ovn.hash_ring_manager [None req-dcbb32d2-a5ab-435c-89f0-4c5c3517b25e - - - - - -] Hash Ring loaded. 2 active nodes. 0 offline nodes _load_hash_ring /usr/lib/python3.9/site-packages/neutron/common/ovn/hash_ring_manager.py:102
2025-11-30 13:23:35.596 83768 DEBUG neutron.plugins.ml2.drivers.ovn.mech_driver.ovsdb.ovsdb_monitor [None req-dcbb32d2-a5ab-435c-89f0-4c5c3517b25e - - - - - -] Hash Ring: Node 373688db-5e82-4476-ae34-b5c45b6f75cc (host: np0005540261.novalocal) handling event "create" for row c38bf931-3449-416b-9051-bf05c69be90b (table: Datapath_Binding) notify /usr/lib/python3.9/site-packages/neutron/plugins/ml2/drivers/ovn/mech_driver/ovsdb/ovsdb_monitor.py:855
2025-11-30 13:23:35.659 83769 DEBUG neutron_lib.callbacks.manager [None req-64b781a0-9ce1-4f85-8d18-a5630eaf3e2b f4a3eaa6b0d9408abf1bad48de25c92b 96b5e232ed2c48dcb918b6d3d5d53016 - - default default] Publish callbacks ['neutron.services.qos.qos_plugin.QoSPlugin._validate_create_port_callback-21186'] for port (b28b36ac-095e-4254-9032-2c0290ea9689), precommit_create _notify_loop /usr/lib/python3.9/site-packages/neutron_lib/callbacks/manager.py:184
2025-11-30 13:23:35.703 83769 DEBUG neutron.plugins.ml2.drivers.ovn.mech_driver.mech_driver [None req-64b781a0-9ce1-4f85-8d18-a5630eaf3e2b f4a3eaa6b0d9408abf1bad48de25c92b 96b5e232ed2c48dcb918b6d3d5d53016 - - default default] No provisioning block for port b28b36ac-095e-4254-9032-2c0290ea9689 since it does not have a host _is_port_provisioning_required /usr/lib/python3.9/site-packages/neutron/plugins/ml2/drivers/ovn/mech_driver/mech_driver.py:809
2025-11-30 13:23:35.703 83769 DEBUG neutron.db.ovn_revision_numbers_db [None req-64b781a0-9ce1-4f85-8d18-a5630eaf3e2b f4a3eaa6b0d9408abf1bad48de25c92b 96b5e232ed2c48dcb918b6d3d5d53016 - - default default] create_initial_revision uuid=b28b36ac-095e-4254-9032-2c0290ea9689, type=ports, rev=-1 create_initial_revision /usr/lib/python3.9/site-packages/neutron/db/ovn_revision_numbers_db.py:98
2025-11-30 13:23:35.711 83769 DEBUG neutron_lib.callbacks.manager [None req-64b781a0-9ce1-4f85-8d18-a5630eaf3e2b f4a3eaa6b0d9408abf1bad48de25c92b 96b5e232ed2c48dcb918b6d3d5d53016 - - default default] Publish callbacks ['neutron.plugins.ml2.ovo_rpc._ObjectChangeHandler.handle_event-1074469', 'neutron.api.rpc.agentnotifiers.dhcp_rpc_agent_api.DhcpAgentNotifyAPI._native_event_send_dhcp_notification-1181501'] for port (b28b36ac-095e-4254-9032-2c0290ea9689), after_create _notify_loop /usr/lib/python3.9/site-packages/neutron_lib/callbacks/manager.py:184
2025-11-30 13:23:35.725 83769 DEBUG neutron.api.rpc.handlers.resources_rpc [None req-64b781a0-9ce1-4f85-8d18-a5630eaf3e2b f4a3eaa6b0d9408abf1bad48de25c92b 96b5e232ed2c48dcb918b6d3d5d53016 - - default default] Pushing event updated for resources: {'Port': ['ID=b28b36ac-095e-4254-9032-2c0290ea9689,revision_number=1']} push /usr/lib/python3.9/site-packages/neutron/api/rpc/handlers/resources_rpc.py:237
2025-11-30 13:23:35.734 83769 WARNING neutron.scheduler.dhcp_agent_scheduler [None req-64b781a0-9ce1-4f85-8d18-a5630eaf3e2b f4a3eaa6b0d9408abf1bad48de25c92b 96b5e232ed2c48dcb918b6d3d5d53016 - - default default] No more DHCP agents
2025-11-30 13:23:35.734 83769 DEBUG neutron.scheduler.base_scheduler [None req-64b781a0-9ce1-4f85-8d18-a5630eaf3e2b f4a3eaa6b0d9408abf1bad48de25c92b 96b5e232ed2c48dcb918b6d3d5d53016 - - default default] Resources bound (agent type, host, resource id): schedule /usr/lib/python3.9/site-packages/neutron/scheduler/base_scheduler.py:57
2025-11-30 13:23:35.735 83769 WARNING neutron.api.rpc.agentnotifiers.dhcp_rpc_agent_api [None req-64b781a0-9ce1-4f85-8d18-a5630eaf3e2b f4a3eaa6b0d9408abf1bad48de25c92b 96b5e232ed2c48dcb918b6d3d5d53016 - - default default] Unable to schedule network f0d9251e-edc0-46f7-8739-43fc65689d83: no agents available; will retry on subsequent port and subnet creation events.
2025-11-30 13:23:35.735 83769 DEBUG neutron.api.rpc.agentnotifiers.dhcp_rpc_agent_api [None req-64b781a0-9ce1-4f85-8d18-a5630eaf3e2b f4a3eaa6b0d9408abf1bad48de25c92b 96b5e232ed2c48dcb918b6d3d5d53016 - - default default] Network f0d9251e-edc0-46f7-8739-43fc65689d83 is not hosted by any dhcp agent _notify_agents /usr/lib/python3.9/site-packages/neutron/api/rpc/agentnotifiers/dhcp_rpc_agent_api.py:228
2025-11-30 13:23:35.749 83769 DEBUG ovsdbapp.backend.ovs_idl.transaction [None req-64b781a0-9ce1-4f85-8d18-a5630eaf3e2b f4a3eaa6b0d9408abf1bad48de25c92b 96b5e232ed2c48dcb918b6d3d5d53016 - - default default] Running txn n=1 command(idx=0): AddLSwitchPortCommand(_result=None, lport=b28b36ac-095e-4254-9032-2c0290ea9689, lswitch=neutron-f0d9251e-edc0-46f7-8739-43fc65689d83, may_exist=True, columns={'addresses': ['fa:16:3e:aa:1a:d9'], 'external_ids': {'neutron:port_name': '', 'neutron:device_id': 'ovnmeta-f0d9251e-edc0-46f7-8739-43fc65689d83', 'neutron:project_id': '96b5e232ed2c48dcb918b6d3d5d53016', 'neutron:cidrs': '', 'neutron:device_owner': 'network:distributed', 'neutron:subnet_pool_addr_scope4': '', 'neutron:subnet_pool_addr_scope6': '', 'neutron:network_name': 'neutron-f0d9251e-edc0-46f7-8739-43fc65689d83', 'neutron:security_group_ids': '', 'neutron:revision_number': '1', 'neutron:vnic_type': 'normal', 'neutron:port_capabilities': '', 'neutron:mtu': ''}, 'parent_name': [], 'tag': [], 'enabled': True, 'options': {}, 'type': 'localport', 'port_security': [], 'dhcpv4_options': [], 'dhcpv6_options': []}) do_commit /usr/lib/python3.9/site-packages/ovsdbapp/backend/ovs_idl/transaction.py:89
2025-11-30 13:23:35.750 83769 DEBUG ovsdbapp.backend.ovs_idl.transaction [None req-64b781a0-9ce1-4f85-8d18-a5630eaf3e2b f4a3eaa6b0d9408abf1bad48de25c92b 96b5e232ed2c48dcb918b6d3d5d53016 - - default default] Running txn n=1 command(idx=1): QoSDelCommand(_result=None, switch=neutron-f0d9251e-edc0-46f7-8739-43fc65689d83, conditions=[('direction', '=', 'to-lport'), ('priority', '=', 2002), ('match', '=', 'outport == "b28b36ac-095e-4254-9032-2c0290ea9689"')], if_exists=True) do_commit /usr/lib/python3.9/site-packages/ovsdbapp/backend/ovs_idl/transaction.py:89
2025-11-30 13:23:35.750 83769 DEBUG ovsdbapp.backend.ovs_idl.transaction [None req-64b781a0-9ce1-4f85-8d18-a5630eaf3e2b f4a3eaa6b0d9408abf1bad48de25c92b 96b5e232ed2c48dcb918b6d3d5d53016 - - default default] Running txn n=1 command(idx=2): QoSDelCommand(_result=None, switch=neutron-f0d9251e-edc0-46f7-8739-43fc65689d83, conditions=[('direction', '=', 'from-lport'), ('priority', '=', 2002), ('match', '=', 'inport == "b28b36ac-095e-4254-9032-2c0290ea9689"')], if_exists=True) do_commit /usr/lib/python3.9/site-packages/ovsdbapp/backend/ovs_idl/transaction.py:89
2025-11-30 13:23:35.750 83769 DEBUG ovsdbapp.backend.ovs_idl.transaction [None req-64b781a0-9ce1-4f85-8d18-a5630eaf3e2b f4a3eaa6b0d9408abf1bad48de25c92b 96b5e232ed2c48dcb918b6d3d5d53016 - - default default] Running txn n=1 command(idx=3): UpdateLSwitchPortQosOptionsCommand(_result=None, lport=AddLSwitchPortCommand(_result=390b9395-81c7-4010-8604-4e53f7bce2d5, lport=b28b36ac-095e-4254-9032-2c0290ea9689, lswitch=neutron-f0d9251e-edc0-46f7-8739-43fc65689d83, may_exist=True, columns={'addresses': ['fa:16:3e:aa:1a:d9'], 'external_ids': {'neutron:port_name': '', 'neutron:device_id': 'ovnmeta-f0d9251e-edc0-46f7-8739-43fc65689d83', 'neutron:project_id': '96b5e232ed2c48dcb918b6d3d5d53016', 'neutron:cidrs': '', 'neutron:device_owner': 'network:distributed', 'neutron:subnet_pool_addr_scope4': '', 'neutron:subnet_pool_addr_scope6': '', 'neutron:network_name': 'neutron-f0d9251e-edc0-46f7-8739-43fc65689d83', 'neutron:security_group_ids': '', 'neutron:revision_number': '1', 'neutron:vnic_type': 'normal', 'neutron:port_capabilities': '', 'neutron:mtu': ''}, 'parent_name': [], 'enabled': True, 'options': {}, 'type': 'localport', 'port_security': []}), if_exists=True, qos={'qos_max_rate': None, 'qos_burst': None, 'qos_min_rate': None}) do_commit /usr/lib/python3.9/site-packages/ovsdbapp/backend/ovs_idl/transaction.py:89
2025-11-30 13:23:35.752 83769 DEBUG neutron.plugins.ml2.drivers.ovn.mech_driver.ovsdb.ovsdb_monitor [None req-64b781a0-9ce1-4f85-8d18-a5630eaf3e2b f4a3eaa6b0d9408abf1bad48de25c92b 96b5e232ed2c48dcb918b6d3d5d53016 - - default default] Hash Ring: Node d36c2c0e-3a31-4a50-8f5d-d424fb7c1622 (host: np0005540261.novalocal) handling event "create" for row da4a53bb-f9a8-4c69-8040-0d33f6b6f83d (table: Logical_Switch_Port) notify /usr/lib/python3.9/site-packages/neutron/plugins/ml2/drivers/ovn/mech_driver/ovsdb/ovsdb_monitor.py:855
2025-11-30 13:23:35.753 83769 DEBUG ovsdbapp.backend.ovs_idl.event [None req-64b781a0-9ce1-4f85-8d18-a5630eaf3e2b f4a3eaa6b0d9408abf1bad48de25c92b 96b5e232ed2c48dcb918b6d3d5d53016 - - default default] Matched CREATE: LogicalSwitchPortCreateEvent(events=('create',), table='Logical_Switch_Port', conditions=[], old_conditions=None), priority=20 to row=Logical_Switch_Port(port_security=[], addresses=['fa:16:3e:aa:1a:d9'], type=localport, name=b28b36ac-095e-4254-9032-2c0290ea9689, up=[], dhcpv4_options=[], options={}, dynamic_addresses=[], ha_chassis_group=[], external_ids={'neutron:cidrs': '', 'neutron:device_id': 'ovnmeta-f0d9251e-edc0-46f7-8739-43fc65689d83', 'neutron:device_owner': 'network:distributed', 'neutron:mtu': '', 'neutron:network_name': 'neutron-f0d9251e-edc0-46f7-8739-43fc65689d83', 'neutron:port_capabilities': '', 'neutron:port_name': '', 'neutron:project_id': '96b5e232ed2c48dcb918b6d3d5d53016', 'neutron:revision_number': '1', 'neutron:security_group_ids': '', 'neutron:subnet_pool_addr_scope4': '', 'neutron:subnet_pool_addr_scope6': '', 'neutron:vnic_type': 'normal'}, tag=[], parent_name=[], mirror_rules=[], tag_request=[], enabled=[True], dhcpv6_options=[]) old= matches /usr/lib/python3.9/site-packages/ovsdbapp/backend/ovs_idl/event.py:55
2025-11-30 13:23:35.753 83768 DEBUG neutron.plugins.ml2.drivers.ovn.mech_driver.ovsdb.ovsdb_monitor [None req-dcbb32d2-a5ab-435c-89f0-4c5c3517b25e - - - - - -] Hash Ring: Node 373688db-5e82-4476-ae34-b5c45b6f75cc (host: np0005540261.novalocal) handling event "update" for row f779bf6b-fd95-4542-864e-909b92ba8951 (table: Logical_Switch) notify /usr/lib/python3.9/site-packages/neutron/plugins/ml2/drivers/ovn/mech_driver/ovsdb/ovsdb_monitor.py:855
2025-11-30 13:23:35.754 83769 INFO neutron.plugins.ml2.drivers.ovn.mech_driver.mech_driver [None req-64b781a0-9ce1-4f85-8d18-a5630eaf3e2b f4a3eaa6b0d9408abf1bad48de25c92b 96b5e232ed2c48dcb918b6d3d5d53016 - - default default] OVN reports status down for port: b28b36ac-095e-4254-9032-2c0290ea9689
2025-11-30 13:23:35.755 83769 DEBUG neutron.plugins.ml2.drivers.ovn.mech_driver.ovsdb.ovsdb_monitor [None req-64b781a0-9ce1-4f85-8d18-a5630eaf3e2b f4a3eaa6b0d9408abf1bad48de25c92b 96b5e232ed2c48dcb918b6d3d5d53016 - - default default] Hash Ring: Node d36c2c0e-3a31-4a50-8f5d-d424fb7c1622 (host: np0005540261.novalocal) handling event "update" for row da4a53bb-f9a8-4c69-8040-0d33f6b6f83d (table: Logical_Switch_Port) notify /usr/lib/python3.9/site-packages/neutron/plugins/ml2/drivers/ovn/mech_driver/ovsdb/ovsdb_monitor.py:855
2025-11-30 13:23:35.755 83768 DEBUG neutron.plugins.ml2.drivers.ovn.mech_driver.ovsdb.ovsdb_monitor [None req-dcbb32d2-a5ab-435c-89f0-4c5c3517b25e - - - - - -] Hash Ring: Node 373688db-5e82-4476-ae34-b5c45b6f75cc (host: np0005540261.novalocal) handling event "create" for row eba532c1-2322-4633-9af0-b0dcf7cf42d9 (table: Port_Binding) notify /usr/lib/python3.9/site-packages/neutron/plugins/ml2/drivers/ovn/mech_driver/ovsdb/ovsdb_monitor.py:855
2025-11-30 13:23:35.814 83769 INFO neutron.db.ovn_revision_numbers_db [None req-64b781a0-9ce1-4f85-8d18-a5630eaf3e2b f4a3eaa6b0d9408abf1bad48de25c92b 96b5e232ed2c48dcb918b6d3d5d53016 - - default default] Successfully bumped revision number for resource b28b36ac-095e-4254-9032-2c0290ea9689 (type: ports) to 1
2025-11-30 13:23:35.816 83769 DEBUG neutron.db.provisioning_blocks [None req-64b781a0-9ce1-4f85-8d18-a5630eaf3e2b f4a3eaa6b0d9408abf1bad48de25c92b 96b5e232ed2c48dcb918b6d3d5d53016 - - default default] Transition to ACTIVE for port object b28b36ac-095e-4254-9032-2c0290ea9689 will not be triggered until provisioned by entity L2. add_provisioning_component /usr/lib/python3.9/site-packages/neutron/db/provisioning_blocks.py:74
2025-11-30 13:23:35.866 83769 DEBUG neutron.pecan_wsgi.hooks.policy_enforcement [None req-64b781a0-9ce1-4f85-8d18-a5630eaf3e2b f4a3eaa6b0d9408abf1bad48de25c92b 96b5e232ed2c48dcb918b6d3d5d53016 - - default default] Attributes excluded by policy engine: ['standard_attr_id', 'qinq', 'vlan_transparent'] _exclude_attributes_by_policy /usr/lib/python3.9/site-packages/neutron/pecan_wsgi/hooks/policy_enforcement.py:251
2025-11-30 13:23:35.867 83769 DEBUG neutron_lib.callbacks.manager [None req-64b781a0-9ce1-4f85-8d18-a5630eaf3e2b f4a3eaa6b0d9408abf1bad48de25c92b 96b5e232ed2c48dcb918b6d3d5d53016 - - default default] Publish callbacks ['neutron.api.rpc.agentnotifiers.dhcp_rpc_agent_api.DhcpAgentNotifyAPI._send_dhcp_notification-1181455'] for network (None), before_response _notify_loop /usr/lib/python3.9/site-packages/neutron_lib/callbacks/manager.py:184
2025-11-30 13:23:35.881 83769 DEBUG neutron.plugins.ml2.plugin [None req-64b781a0-9ce1-4f85-8d18-a5630eaf3e2b f4a3eaa6b0d9408abf1bad48de25c92b 96b5e232ed2c48dcb918b6d3d5d53016 - - default default] Current status of the port b28b36ac-095e-4254-9032-2c0290ea9689 is: DOWN; New status is: DOWN _update_individual_port_db_status /usr/lib/python3.9/site-packages/neutron/plugins/ml2/plugin.py:2427
2025-11-30 13:23:35.882 83769 DEBUG ovsdbapp.backend.ovs_idl.transaction [None req-64b781a0-9ce1-4f85-8d18-a5630eaf3e2b f4a3eaa6b0d9408abf1bad48de25c92b 96b5e232ed2c48dcb918b6d3d5d53016 - - default default] Running txn n=1 command(idx=0): DbRemoveCommand(_result=None, table=Logical_Switch_Port, record=b28b36ac-095e-4254-9032-2c0290ea9689, column=external_ids, values=('neutron:host_id',), keyvalues={}, if_exists=True) do_commit /usr/lib/python3.9/site-packages/ovsdbapp/backend/ovs_idl/transaction.py:89
2025-11-30 13:23:35.885 83769 INFO neutron.api.wsgi [None req-64b781a0-9ce1-4f85-8d18-a5630eaf3e2b f4a3eaa6b0d9408abf1bad48de25c92b 96b5e232ed2c48dcb918b6d3d5d53016 - - default default] 38.102.83.150 "POST /v2.0/networks HTTP/1.1" status: 201 len: 867 time: 0.8462670
2025-11-30 13:23:37.583 83768 DEBUG neutron.api.wsgi [None req-dcbb32d2-a5ab-435c-89f0-4c5c3517b25e - - - - - -] (83768) accepted ('38.102.83.150', 41346) server /usr/lib/python3.9/site-packages/eventlet/wsgi.py:1037
2025-11-30 13:23:37.586 83768 WARNING keystonemiddleware.auth_token [None req-dcbb32d2-a5ab-435c-89f0-4c5c3517b25e - - - - - -] Using the in-process token cache is deprecated as of the 4.2.0 release and may be removed in the 5.0.0 release or the 'O' development cycle. The in-process cache causes inconsistent results and high memory usage. When the feature is removed the auth_token middleware will not cache tokens by default which may result in performance issues. It is recommended to use memcache for the auth_token token cache by setting the memcached_servers option.
2025-11-30 13:23:38.096 83768 INFO neutron.api.wsgi [None req-eac44d88-12d3-4f1f-aa36-f5001a2356c4 f4a3eaa6b0d9408abf1bad48de25c92b 96b5e232ed2c48dcb918b6d3d5d53016 - - default default] 38.102.83.150 "GET /v2.0/subnets HTTP/1.1" status: 200 len: 212 time: 0.5110326
2025-11-30 13:23:38.258 83776 DEBUG neutron.db.agents_db [None req-dcbb32d2-a5ab-435c-89f0-4c5c3517b25e - - - - - -] Agent healthcheck: found 0 active agents agent_health_check /usr/lib/python3.9/site-packages/neutron/db/agents_db.py:317
2025-11-30 13:23:39.800 83768 DEBUG neutron.api.wsgi [None req-eac44d88-12d3-4f1f-aa36-f5001a2356c4 f4a3eaa6b0d9408abf1bad48de25c92b 96b5e232ed2c48dcb918b6d3d5d53016 - - default default] (83768) accepted ('38.102.83.150', 41354) server /usr/lib/python3.9/site-packages/eventlet/wsgi.py:1037
2025-11-30 13:23:39.827 83768 INFO neutron.pecan_wsgi.hooks.translation [None req-80f8fbb0-8498-4525-97c4-a182220b0f60 f4a3eaa6b0d9408abf1bad48de25c92b 96b5e232ed2c48dcb918b6d3d5d53016 - - default default] GET failed (client error): The resource could not be found.
2025-11-30 13:23:39.829 83768 INFO neutron.api.wsgi [None req-80f8fbb0-8498-4525-97c4-a182220b0f60 f4a3eaa6b0d9408abf1bad48de25c92b 96b5e232ed2c48dcb918b6d3d5d53016 - - default default] 38.102.83.150 "GET /v2.0/networks/public HTTP/1.1" status: 404 len: 314 time: 0.0277915
2025-11-30 13:23:39.942 83768 DEBUG neutron.policy [None req-311b2b55-133e-4740-843c-612487cd406a f4a3eaa6b0d9408abf1bad48de25c92b 96b5e232ed2c48dcb918b6d3d5d53016 - - default default] Loaded default policies from ['neutron'] under neutron.policies entry points register_rules /usr/lib/python3.9/site-packages/neutron/policy.py:65
2025-11-30 13:23:39.976 83768 DEBUG neutron.pecan_wsgi.hooks.policy_enforcement [None req-311b2b55-133e-4740-843c-612487cd406a f4a3eaa6b0d9408abf1bad48de25c92b 96b5e232ed2c48dcb918b6d3d5d53016 - - default default] Attributes excluded by policy engine: ['standard_attr_id', 'qinq', 'vlan_transparent'] _exclude_attributes_by_policy /usr/lib/python3.9/site-packages/neutron/pecan_wsgi/hooks/policy_enforcement.py:251
2025-11-30 13:23:39.978 83768 INFO neutron.api.wsgi [None req-311b2b55-133e-4740-843c-612487cd406a f4a3eaa6b0d9408abf1bad48de25c92b 96b5e232ed2c48dcb918b6d3d5d53016 - - default default] 38.102.83.150 "GET /v2.0/networks?name=public HTTP/1.1" status: 200 len: 865 time: 0.1476035
2025-11-30 13:23:39.988 83768 DEBUG neutron.api.v2.base [None req-d8c5ba6b-c021-42fa-8df3-479db10f5c0f f4a3eaa6b0d9408abf1bad48de25c92b 96b5e232ed2c48dcb918b6d3d5d53016 - - default default] Request body: {'subnet': {'name': 'public_subnet', 'network_id': 'f0d9251e-edc0-46f7-8739-43fc65689d83', 'cidr': '172.24.4.0/24', 'ip_version': 4, 'enable_dhcp': False, 'project_id': '96b5e232ed2c48dcb918b6d3d5d53016'}} prepare_request_body /usr/lib/python3.9/site-packages/neutron/api/v2/base.py:729
2025-11-30 13:23:40.008 83768 DEBUG neutron.pecan_wsgi.hooks.quota_enforcement [None req-d8c5ba6b-c021-42fa-8df3-479db10f5c0f f4a3eaa6b0d9408abf1bad48de25c92b 96b5e232ed2c48dcb918b6d3d5d53016 - - default default] Made reservation on behalf of 96b5e232ed2c48dcb918b6d3d5d53016 for: {'subnet': 1} before /usr/lib/python3.9/site-packages/neutron/pecan_wsgi/hooks/quota_enforcement.py:66
2025-11-30 13:23:40.011 83768 DEBUG neutron_lib.callbacks.manager [None req-d8c5ba6b-c021-42fa-8df3-479db10f5c0f f4a3eaa6b0d9408abf1bad48de25c92b 96b5e232ed2c48dcb918b6d3d5d53016 - - default default] Publish callbacks [] for subnet (None), before_create _notify_loop /usr/lib/python3.9/site-packages/neutron_lib/callbacks/manager.py:184
2025-11-30 13:23:40.091 83768 DEBUG neutron.db.ovn_revision_numbers_db [None req-d8c5ba6b-c021-42fa-8df3-479db10f5c0f f4a3eaa6b0d9408abf1bad48de25c92b 96b5e232ed2c48dcb918b6d3d5d53016 - - default default] create_initial_revision uuid=f374e2bc-da10-41a4-bcfc-515cf0c31b9b, type=subnets, rev=-1 create_initial_revision /usr/lib/python3.9/site-packages/neutron/db/ovn_revision_numbers_db.py:98
2025-11-30 13:23:40.140 83768 DEBUG neutron.objects.ports [None req-d8c5ba6b-c021-42fa-8df3-479db10f5c0f f4a3eaa6b0d9408abf1bad48de25c92b 96b5e232ed2c48dcb918b6d3d5d53016 - - default default] Time-cost: Fetching 0 ports in 0 security groups get_objects /usr/lib/python3.9/site-packages/neutron/objects/ports.py:499
2025-11-30 13:23:40.140 83768 DEBUG neutron_lib.callbacks.manager [None req-d8c5ba6b-c021-42fa-8df3-479db10f5c0f f4a3eaa6b0d9408abf1bad48de25c92b 96b5e232ed2c48dcb918b6d3d5d53016 - - default default] Publish callbacks ['neutron.plugins.ml2.ovo_rpc._ObjectChangeHandler.handle_event-1074578', 'neutron.api.rpc.agentnotifiers.dhcp_rpc_agent_api.DhcpAgentNotifyAPI._native_event_send_dhcp_notification-1181501'] for subnet (f374e2bc-da10-41a4-bcfc-515cf0c31b9b), after_create _notify_loop /usr/lib/python3.9/site-packages/neutron_lib/callbacks/manager.py:184
2025-11-30 13:23:40.151 83768 DEBUG neutron.api.rpc.handlers.resources_rpc [None req-d8c5ba6b-c021-42fa-8df3-479db10f5c0f f4a3eaa6b0d9408abf1bad48de25c92b 96b5e232ed2c48dcb918b6d3d5d53016 - - default default] Pushing event updated for resources: {'Subnet': ['ID=f374e2bc-da10-41a4-bcfc-515cf0c31b9b,revision_number=0']} push /usr/lib/python3.9/site-packages/neutron/api/rpc/handlers/resources_rpc.py:237
2025-11-30 13:23:40.154 83768 DEBUG neutron.api.rpc.callbacks.version_manager [None req-d8c5ba6b-c021-42fa-8df3-479db10f5c0f f4a3eaa6b0d9408abf1bad48de25c92b 96b5e232ed2c48dcb918b6d3d5d53016 - - default default] Tracked resource versions report: pushed versions: { 'AddressGroup': {'1.2'}, 'Agent': {'1.1'}, 'ConntrackHelper': {'1.0'}, 'LocalIPAssociation': {'1.0'}, 'Log': {'1.0'}, 'NDPProxy': {'1.0'}, 'Network': {'1.2'}, 'Port': {'1.10'}, 'PortForwarding': {'1.3'}, 'QosPolicy': {'1.10'}, 'SecurityGroup': {'1.6'}, 'SecurityGroupRule': {'1.3'}, 'SubPort': {'1.0'}, 'Subnet': {'1.2'}, 'Trunk': {'1.1'}} consumer versions: {} report /usr/lib/python3.9/site-packages/neutron/api/rpc/callbacks/version_manager.py:183
2025-11-30 13:23:40.176 83768 WARNING neutron.scheduler.dhcp_agent_scheduler [None req-d8c5ba6b-c021-42fa-8df3-479db10f5c0f f4a3eaa6b0d9408abf1bad48de25c92b 96b5e232ed2c48dcb918b6d3d5d53016 - - default default] No more DHCP agents
2025-11-30 13:23:40.176 83768 DEBUG neutron.scheduler.base_scheduler [None req-d8c5ba6b-c021-42fa-8df3-479db10f5c0f f4a3eaa6b0d9408abf1bad48de25c92b 96b5e232ed2c48dcb918b6d3d5d53016 - - default default] Resources bound (agent type, host, resource id): schedule /usr/lib/python3.9/site-packages/neutron/scheduler/base_scheduler.py:57
2025-11-30 13:23:40.177 83768 WARNING neutron.api.rpc.agentnotifiers.dhcp_rpc_agent_api [None req-d8c5ba6b-c021-42fa-8df3-479db10f5c0f f4a3eaa6b0d9408abf1bad48de25c92b 96b5e232ed2c48dcb918b6d3d5d53016 - - default default] Unable to schedule network f0d9251e-edc0-46f7-8739-43fc65689d83: no agents available; will retry on subsequent port and subnet creation events.
2025-11-30 13:23:40.177 83768 DEBUG neutron.api.rpc.agentnotifiers.dhcp_rpc_agent_api [None req-d8c5ba6b-c021-42fa-8df3-479db10f5c0f f4a3eaa6b0d9408abf1bad48de25c92b 96b5e232ed2c48dcb918b6d3d5d53016 - - default default] Network f0d9251e-edc0-46f7-8739-43fc65689d83 is not hosted by any dhcp agent _notify_agents /usr/lib/python3.9/site-packages/neutron/api/rpc/agentnotifiers/dhcp_rpc_agent_api.py:228
2025-11-30 13:23:40.177 83768 INFO neutron.plugins.ml2.drivers.ovn.mech_driver.ovsdb.extensions.qos [None req-d8c5ba6b-c021-42fa-8df3-479db10f5c0f f4a3eaa6b0d9408abf1bad48de25c92b 96b5e232ed2c48dcb918b6d3d5d53016 - - default default] Starting OVNClientQosExtension
2025-11-30 13:23:40.177 83768 INFO neutron.plugins.ml2.drivers.ovn.mech_driver.ovsdb.extensions.placement [None req-d8c5ba6b-c021-42fa-8df3-479db10f5c0f f4a3eaa6b0d9408abf1bad48de25c92b 96b5e232ed2c48dcb918b6d3d5d53016 - - default default] Starting OVNClientPlacementExtension
2025-11-30 13:23:40.198 83768 INFO neutron.db.ovn_revision_numbers_db [None req-d8c5ba6b-c021-42fa-8df3-479db10f5c0f f4a3eaa6b0d9408abf1bad48de25c92b 96b5e232ed2c48dcb918b6d3d5d53016 - - default default] Successfully bumped revision number for resource f374e2bc-da10-41a4-bcfc-515cf0c31b9b (type: subnets) to 0
2025-11-30 13:23:40.199 83768 DEBUG neutron.pecan_wsgi.hooks.policy_enforcement [None req-d8c5ba6b-c021-42fa-8df3-479db10f5c0f f4a3eaa6b0d9408abf1bad48de25c92b 96b5e232ed2c48dcb918b6d3d5d53016 - - default default] Attributes excluded by policy engine: ['standard_attr_id', 'shared', 'network'] _exclude_attributes_by_policy /usr/lib/python3.9/site-packages/neutron/pecan_wsgi/hooks/policy_enforcement.py:251
2025-11-30 13:23:40.200 83768 DEBUG neutron_lib.callbacks.manager [None req-d8c5ba6b-c021-42fa-8df3-479db10f5c0f f4a3eaa6b0d9408abf1bad48de25c92b 96b5e232ed2c48dcb918b6d3d5d53016 - - default default] Publish callbacks ['neutron.api.rpc.agentnotifiers.dhcp_rpc_agent_api.DhcpAgentNotifyAPI._send_dhcp_notification-1181455'] for subnet (None), before_response _notify_loop /usr/lib/python3.9/site-packages/neutron_lib/callbacks/manager.py:184
2025-11-30 13:23:40.211 83768 INFO neutron.api.wsgi [None req-d8c5ba6b-c021-42fa-8df3-479db10f5c0f f4a3eaa6b0d9408abf1bad48de25c92b 96b5e232ed2c48dcb918b6d3d5d53016 - - default default] 38.102.83.150 "POST /v2.0/subnets HTTP/1.1" status: 201 len: 844 time: 0.2251210
2025-11-30 13:23:41.920 83769 DEBUG neutron.api.wsgi [None req-64b781a0-9ce1-4f85-8d18-a5630eaf3e2b f4a3eaa6b0d9408abf1bad48de25c92b 96b5e232ed2c48dcb918b6d3d5d53016 - - default default] (83769) accepted ('38.102.83.150', 41370) server /usr/lib/python3.9/site-packages/eventlet/wsgi.py:1037
