2025-11-30 13:27:13.269 83769 DEBUG neutron.plugins.ml2.drivers.ovn.mech_driver.ovsdb.maintenance [None req-543369d1-bf8b-4d74-9a48-e62012dcacfd f4a3eaa6b0d9408abf1bad48de25c92b 96b5e232ed2c48dcb918b6d3d5d53016 - - default default] Touching Hash Ring node "d36c2c0e-3a31-4a50-8f5d-d424fb7c1622" from periodic health check thread touch_hash_ring_node /usr/lib/python3.9/site-packages/neutron/plugins/ml2/drivers/ovn/mech_driver/ovsdb/maintenance.py:1176
2025-11-30 13:27:13.269 83768 DEBUG neutron.plugins.ml2.drivers.ovn.mech_driver.ovsdb.maintenance [None req-deb27c0e-9ab1-4484-82fe-20530672d651 f4a3eaa6b0d9408abf1bad48de25c92b 96b5e232ed2c48dcb918b6d3d5d53016 - - default default] Touching Hash Ring node "373688db-5e82-4476-ae34-b5c45b6f75cc" from periodic health check thread touch_hash_ring_node /usr/lib/python3.9/site-packages/neutron/plugins/ml2/drivers/ovn/mech_driver/ovsdb/maintenance.py:1176
2025-11-30 13:27:20.250 83776 DEBUG neutron.db.agents_db [None req-dcbb32d2-a5ab-435c-89f0-4c5c3517b25e - - - - - -] Agent healthcheck: found 0 active agents agent_health_check /usr/lib/python3.9/site-packages/neutron/db/agents_db.py:317
2025-11-30 13:27:28.270 83768 DEBUG futurist.periodics [None req-deb27c0e-9ab1-4484-82fe-20530672d651 f4a3eaa6b0d9408abf1bad48de25c92b 96b5e232ed2c48dcb918b6d3d5d53016 - - default default] Submitting periodic callback 'neutron.plugins.ml2.drivers.ovn.mech_driver.ovsdb.maintenance.HashRingHealthCheckPeriodics.touch_hash_ring_node' _process_scheduled /usr/lib/python3.9/site-packages/futurist/periodics.py:638
2025-11-30 13:27:28.270 83769 DEBUG futurist.periodics [None req-543369d1-bf8b-4d74-9a48-e62012dcacfd f4a3eaa6b0d9408abf1bad48de25c92b 96b5e232ed2c48dcb918b6d3d5d53016 - - default default] Submitting periodic callback 'neutron.plugins.ml2.drivers.ovn.mech_driver.ovsdb.maintenance.HashRingHealthCheckPeriodics.touch_hash_ring_node' _process_scheduled /usr/lib/python3.9/site-packages/futurist/periodics.py:638
2025-11-30 13:27:28.271 83768 DEBUG neutron.plugins.ml2.drivers.ovn.mech_driver.ovsdb.maintenance [None req-deb27c0e-9ab1-4484-82fe-20530672d651 f4a3eaa6b0d9408abf1bad48de25c92b 96b5e232ed2c48dcb918b6d3d5d53016 - - default default] Touching Hash Ring node "373688db-5e82-4476-ae34-b5c45b6f75cc" from periodic health check thread touch_hash_ring_node /usr/lib/python3.9/site-packages/neutron/plugins/ml2/drivers/ovn/mech_driver/ovsdb/maintenance.py:1176
2025-11-30 13:27:28.271 83769 DEBUG neutron.plugins.ml2.drivers.ovn.mech_driver.ovsdb.maintenance [None req-543369d1-bf8b-4d74-9a48-e62012dcacfd f4a3eaa6b0d9408abf1bad48de25c92b 96b5e232ed2c48dcb918b6d3d5d53016 - - default default] Touching Hash Ring node "d36c2c0e-3a31-4a50-8f5d-d424fb7c1622" from periodic health check thread touch_hash_ring_node /usr/lib/python3.9/site-packages/neutron/plugins/ml2/drivers/ovn/mech_driver/ovsdb/maintenance.py:1176
2025-11-30 13:27:34.440 83769 DEBUG neutron.common.ovn.hash_ring_manager [None req-543369d1-bf8b-4d74-9a48-e62012dcacfd f4a3eaa6b0d9408abf1bad48de25c92b 96b5e232ed2c48dcb918b6d3d5d53016 - - default default] Hash Ring loaded. 2 active nodes. 0 offline nodes _load_hash_ring /usr/lib/python3.9/site-packages/neutron/common/ovn/hash_ring_manager.py:102
2025-11-30 13:27:34.442 83769 DEBUG neutron.common.ovn.hash_ring_manager [None req-543369d1-bf8b-4d74-9a48-e62012dcacfd f4a3eaa6b0d9408abf1bad48de25c92b 96b5e232ed2c48dcb918b6d3d5d53016 - - default default] Hash Ring loaded. 2 active nodes. 0 offline nodes _load_hash_ring /usr/lib/python3.9/site-packages/neutron/common/ovn/hash_ring_manager.py:102
2025-11-30 13:27:34.442 83769 DEBUG neutron.plugins.ml2.drivers.ovn.mech_driver.ovsdb.ovsdb_monitor [None req-543369d1-bf8b-4d74-9a48-e62012dcacfd f4a3eaa6b0d9408abf1bad48de25c92b 96b5e232ed2c48dcb918b6d3d5d53016 - - default default] Hash Ring: Node d36c2c0e-3a31-4a50-8f5d-d424fb7c1622 (host: np0005540261.novalocal) handling event "create" for row af02c7ae-8083-4e7d-b1b3-b99e3f326da3 (table: Chassis) notify /usr/lib/python3.9/site-packages/neutron/plugins/ml2/drivers/ovn/mech_driver/ovsdb/ovsdb_monitor.py:855
2025-11-30 13:27:34.442 83768 DEBUG neutron.common.ovn.hash_ring_manager [None req-deb27c0e-9ab1-4484-82fe-20530672d651 f4a3eaa6b0d9408abf1bad48de25c92b 96b5e232ed2c48dcb918b6d3d5d53016 - - default default] Hash Ring loaded. 2 active nodes. 0 offline nodes _load_hash_ring /usr/lib/python3.9/site-packages/neutron/common/ovn/hash_ring_manager.py:102
2025-11-30 13:27:34.442 83772 DEBUG neutron.common.ovn.hash_ring_manager [None req-dcbb32d2-a5ab-435c-89f0-4c5c3517b25e - - - - - -] Hash Ring loaded. 2 active nodes. 0 offline nodes _load_hash_ring /usr/lib/python3.9/site-packages/neutron/common/ovn/hash_ring_manager.py:102
2025-11-30 13:27:34.443 83768 DEBUG neutron.plugins.ml2.drivers.ovn.mech_driver.ovsdb.ovsdb_monitor [None req-deb27c0e-9ab1-4484-82fe-20530672d651 f4a3eaa6b0d9408abf1bad48de25c92b 96b5e232ed2c48dcb918b6d3d5d53016 - - default default] ChassisAgentWriteEvent : Matched Chassis_Private, create, None None matches /usr/lib/python3.9/site-packages/neutron/plugins/ml2/drivers/ovn/mech_driver/ovsdb/ovsdb_monitor.py:65
2025-11-30 13:27:34.443 83772 DEBUG neutron.plugins.ml2.drivers.ovn.mech_driver.ovsdb.ovsdb_monitor [None req-dcbb32d2-a5ab-435c-89f0-4c5c3517b25e - - - - - -] ChassisAgentWriteEvent : Matched Chassis_Private, create, None None matches /usr/lib/python3.9/site-packages/neutron/plugins/ml2/drivers/ovn/mech_driver/ovsdb/ovsdb_monitor.py:65
2025-11-30 13:27:34.443 83769 DEBUG ovsdbapp.backend.ovs_idl.event [None req-543369d1-bf8b-4d74-9a48-e62012dcacfd f4a3eaa6b0d9408abf1bad48de25c92b 96b5e232ed2c48dcb918b6d3d5d53016 - - default default] Matched CREATE: ChassisEvent(events=('create', 'update', 'delete'), table='Chassis', conditions=None, old_conditions=None), priority=20 to row=Chassis(external_ids={}, nb_cfg=0, other_config={'ct-commit-nat-v2': 'true', 'ct-commit-to-zone': 'true', 'ct-next-zone': 'true', 'ct-no-masked-label': 'true', 'ct-state-save': 'true', 'datapath-type': 'system', 'fdb-timestamp': 'true', 'iface-types': 'bareudp,erspan,geneve,gre,gtpu,internal,ip6erspan,ip6gre,lisp,patch,srv6,stt,system,tap,vxlan', 'is-interconn': 'false', 'ls-dpg-column': 'true', 'mac-binding-timestamp': 'true', 'ovn-bridge-mappings': 'extnet:br-ex', 'ovn-chassis-mac-mappings': '', 'ovn-cms-options': 'enable-chassis-as-gw', 'ovn-ct-lb-related': 'true', 'ovn-enable-lflow-cache': 'true', 'ovn-limit-lflow-cache': '', 'ovn-memlimit-lflow-cache-kb': '', 'ovn-monitor-all': 'false', 'ovn-sample-with-registers': 'false', 'ovn-trim-limit-lflow-cache': '', 'ovn-trim-timeout-ms': '', 'ovn-trim-wmark-perc-lflow-cache': '', 'port-up-notif': 'true'}, encaps=[], vtep_logical_switches=[], hostname=np0005540261.novalocal, name=7e27b2e0-a9c3-4fe9-ad55-fc651ab06f58, transport_zones=[]) old= matches /usr/lib/python3.9/site-packages/ovsdbapp/backend/ovs_idl/event.py:55
2025-11-30 13:27:34.444 83768 DEBUG neutron.plugins.ml2.drivers.ovn.mech_driver.ovsdb.ovsdb_monitor [None req-deb27c0e-9ab1-4484-82fe-20530672d651 f4a3eaa6b0d9408abf1bad48de25c92b 96b5e232ed2c48dcb918b6d3d5d53016 - - default default] Hash Ring: Node 373688db-5e82-4476-ae34-b5c45b6f75cc (host: np0005540261.novalocal) handling event "create" for row 656b7ce1-2727-4301-a041-13f8262c31b4 (table: Chassis_Private) notify /usr/lib/python3.9/site-packages/neutron/plugins/ml2/drivers/ovn/mech_driver/ovsdb/ovsdb_monitor.py:855
2025-11-30 13:27:34.444 83769 DEBUG ovsdbapp.backend.ovs_idl.event [None req-543369d1-bf8b-4d74-9a48-e62012dcacfd f4a3eaa6b0d9408abf1bad48de25c92b 96b5e232ed2c48dcb918b6d3d5d53016 - - default default] Matched CREATE: ChassisBandwidthConfigEvent(events=('create', 'update'), table='Chassis', conditions=None, old_conditions=None), priority=20 to row=Chassis(external_ids={}, nb_cfg=0, other_config={'ct-commit-nat-v2': 'true', 'ct-commit-to-zone': 'true', 'ct-next-zone': 'true', 'ct-no-masked-label': 'true', 'ct-state-save': 'true', 'datapath-type': 'system', 'fdb-timestamp': 'true', 'iface-types': 'bareudp,erspan,geneve,gre,gtpu,internal,ip6erspan,ip6gre,lisp,patch,srv6,stt,system,tap,vxlan', 'is-interconn': 'false', 'ls-dpg-column': 'true', 'mac-binding-timestamp': 'true', 'ovn-bridge-mappings': 'extnet:br-ex', 'ovn-chassis-mac-mappings': '', 'ovn-cms-options': 'enable-chassis-as-gw', 'ovn-ct-lb-related': 'true', 'ovn-enable-lflow-cache': 'true', 'ovn-limit-lflow-cache': '', 'ovn-memlimit-lflow-cache-kb': '', 'ovn-monitor-all': 'false', 'ovn-sample-with-registers': 'false', 'ovn-trim-limit-lflow-cache': '', 'ovn-trim-timeout-ms': '', 'ovn-trim-wmark-perc-lflow-cache': '', 'port-up-notif': 'true'}, encaps=[], vtep_logical_switches=[], hostname=np0005540261.novalocal, name=7e27b2e0-a9c3-4fe9-ad55-fc651ab06f58, transport_zones=[]) old= matches /usr/lib/python3.9/site-packages/ovsdbapp/backend/ovs_idl/event.py:55
2025-11-30 13:27:34.444 83768 DEBUG neutron.plugins.ml2.drivers.ovn.mech_driver.ovsdb.ovsdb_monitor [None req-deb27c0e-9ab1-4484-82fe-20530672d651 f4a3eaa6b0d9408abf1bad48de25c92b 96b5e232ed2c48dcb918b6d3d5d53016 - - default default] Hash Ring: Node 373688db-5e82-4476-ae34-b5c45b6f75cc (host: np0005540261.novalocal) handling event "create" for row 5fdaac9a-c671-43fd-a7a0-b8ea2b55f533 (table: Encap) notify /usr/lib/python3.9/site-packages/neutron/plugins/ml2/drivers/ovn/mech_driver/ovsdb/ovsdb_monitor.py:855
2025-11-30 13:27:34.446 83769 DEBUG neutron.plugins.ml2.drivers.ovn.mech_driver.ovsdb.ovsdb_monitor [None req-543369d1-bf8b-4d74-9a48-e62012dcacfd f4a3eaa6b0d9408abf1bad48de25c92b 96b5e232ed2c48dcb918b6d3d5d53016 - - default default] ChassisAgentWriteEvent : Matched Chassis_Private, create, None None matches /usr/lib/python3.9/site-packages/neutron/plugins/ml2/drivers/ovn/mech_driver/ovsdb/ovsdb_monitor.py:65
2025-11-30 13:27:34.448 83773 DEBUG neutron.common.ovn.hash_ring_manager [None req-dcbb32d2-a5ab-435c-89f0-4c5c3517b25e - - - - - -] Hash Ring loaded. 2 active nodes. 0 offline nodes _load_hash_ring /usr/lib/python3.9/site-packages/neutron/common/ovn/hash_ring_manager.py:102
2025-11-30 13:27:34.452 83768 DEBUG neutron.common.ovn.hash_ring_manager [None req-deb27c0e-9ab1-4484-82fe-20530672d651 f4a3eaa6b0d9408abf1bad48de25c92b 96b5e232ed2c48dcb918b6d3d5d53016 - - default default] Hash Ring loaded. 2 active nodes. 0 offline nodes _load_hash_ring /usr/lib/python3.9/site-packages/neutron/common/ovn/hash_ring_manager.py:102
2025-11-30 13:27:34.452 83772 DEBUG neutron.common.ovn.hash_ring_manager [None req-dcbb32d2-a5ab-435c-89f0-4c5c3517b25e - - - - - -] Hash Ring loaded. 2 active nodes. 0 offline nodes _load_hash_ring /usr/lib/python3.9/site-packages/neutron/common/ovn/hash_ring_manager.py:102
2025-11-30 13:27:34.452 83768 DEBUG neutron.plugins.ml2.drivers.ovn.mech_driver.ovsdb.ovsdb_monitor [None req-deb27c0e-9ab1-4484-82fe-20530672d651 f4a3eaa6b0d9408abf1bad48de25c92b 96b5e232ed2c48dcb918b6d3d5d53016 - - default default] Hash Ring: Node 373688db-5e82-4476-ae34-b5c45b6f75cc (host: np0005540261.novalocal) handling event "update" for row 2ec6a243-d2ab-4b80-8b07-842374841957 (table: NB_Global) notify /usr/lib/python3.9/site-packages/neutron/plugins/ml2/drivers/ovn/mech_driver/ovsdb/ovsdb_monitor.py:855
2025-11-30 13:27:34.453 83773 DEBUG neutron.common.ovn.hash_ring_manager [None req-dcbb32d2-a5ab-435c-89f0-4c5c3517b25e - - - - - -] Hash Ring loaded. 2 active nodes. 0 offline nodes _load_hash_ring /usr/lib/python3.9/site-packages/neutron/common/ovn/hash_ring_manager.py:102
2025-11-30 13:27:34.455 83773 DEBUG neutron.plugins.ml2.drivers.ovn.mech_driver.ovsdb.ovsdb_monitor [None req-dcbb32d2-a5ab-435c-89f0-4c5c3517b25e - - - - - -] ChassisAgentWriteEvent : Matched Chassis_Private, create, None None matches /usr/lib/python3.9/site-packages/neutron/plugins/ml2/drivers/ovn/mech_driver/ovsdb/ovsdb_monitor.py:65
2025-11-30 13:27:34.466 83769 DEBUG oslo_concurrency.lockutils [None req-543369d1-bf8b-4d74-9a48-e62012dcacfd f4a3eaa6b0d9408abf1bad48de25c92b 96b5e232ed2c48dcb918b6d3d5d53016 - - default default] Acquiring lock "update_segment_host_mapping" by "neutron.services.segments.db.update_segment_host_mapping" inner /usr/lib/python3.9/site-packages/oslo_concurrency/lockutils.py:405
2025-11-30 13:27:34.467 83769 DEBUG oslo_concurrency.lockutils [None req-543369d1-bf8b-4d74-9a48-e62012dcacfd f4a3eaa6b0d9408abf1bad48de25c92b 96b5e232ed2c48dcb918b6d3d5d53016 - - default default] Lock "update_segment_host_mapping" acquired by "neutron.services.segments.db.update_segment_host_mapping" :: waited 0.001s inner /usr/lib/python3.9/site-packages/oslo_concurrency/lockutils.py:410
2025-11-30 13:27:34.487 83769 DEBUG neutron_lib.callbacks.manager [None req-543369d1-bf8b-4d74-9a48-e62012dcacfd f4a3eaa6b0d9408abf1bad48de25c92b 96b5e232ed2c48dcb918b6d3d5d53016 - - default default] Publish callbacks ['neutron.plugins.ml2.plugin.DhcpAgentSchedulerDbMixin.auto_schedule_new_network_segments-3871878'] for segment_host_mapping (None), after_create _notify_loop /usr/lib/python3.9/site-packages/neutron_lib/callbacks/manager.py:184
2025-11-30 13:27:34.488 83769 DEBUG neutron.services.segments.db [None req-543369d1-bf8b-4d74-9a48-e62012dcacfd f4a3eaa6b0d9408abf1bad48de25c92b 96b5e232ed2c48dcb918b6d3d5d53016 - - default default] Segments {'e0551c45-4ec2-40fa-a827-faa762fd3a36'} mapped to the host np0005540261.novalocal update_segment_host_mapping /usr/lib/python3.9/site-packages/neutron/services/segments/db.py:249
2025-11-30 13:27:34.490 83769 DEBUG oslo_concurrency.lockutils [None req-543369d1-bf8b-4d74-9a48-e62012dcacfd f4a3eaa6b0d9408abf1bad48de25c92b 96b5e232ed2c48dcb918b6d3d5d53016 - - default default] Lock "update_segment_host_mapping" "released" by "neutron.services.segments.db.update_segment_host_mapping" :: held 0.023s inner /usr/lib/python3.9/site-packages/oslo_concurrency/lockutils.py:424
2025-11-30 13:27:34.852 83769 INFO neutron.plugins.ml2.drivers.ovn.mech_driver.ovsdb.extensions.qos [None req-543369d1-bf8b-4d74-9a48-e62012dcacfd f4a3eaa6b0d9408abf1bad48de25c92b 96b5e232ed2c48dcb918b6d3d5d53016 - - default default] Starting OVNClientQosExtension
2025-11-30 13:27:34.853 83769 DEBUG ovsdbapp.backend.ovs_idl.transaction [None req-543369d1-bf8b-4d74-9a48-e62012dcacfd f4a3eaa6b0d9408abf1bad48de25c92b 96b5e232ed2c48dcb918b6d3d5d53016 - - default default] Running txn n=1 command(idx=0): ScheduleUnhostedGatewaysCommand(_result=None, g_name=lrp-be335224-16dc-475e-9009-f8ce1dab3293, sb_api=, scheduler=, ovn_client=, port_physnets={'be335224-16dc-475e-9009-f8ce1dab3293': 'extnet'}, all_gw_chassis=['7e27b2e0-a9c3-4fe9-ad55-fc651ab06f58'], chassis_with_physnets={'7e27b2e0-a9c3-4fe9-ad55-fc651ab06f58': ['extnet']}, chassis_with_azs={'7e27b2e0-a9c3-4fe9-ad55-fc651ab06f58': set()}) do_commit /usr/lib/python3.9/site-packages/ovsdbapp/backend/ovs_idl/transaction.py:89
2025-11-30 13:27:34.854 83769 DEBUG neutron.plugins.ml2.drivers.ovn.mech_driver.ovsdb.ovn_client [None req-543369d1-bf8b-4d74-9a48-e62012dcacfd f4a3eaa6b0d9408abf1bad48de25c92b 96b5e232ed2c48dcb918b6d3d5d53016 - - default default] Chassis candidates for scheduling gateway router ports for "extnet" physical network: ['7e27b2e0-a9c3-4fe9-ad55-fc651ab06f58'] get_candidates_for_scheduling /usr/lib/python3.9/site-packages/neutron/plugins/ml2/drivers/ovn/mech_driver/ovsdb/ovn_client.py:1656
2025-11-30 13:27:34.855 83769 DEBUG neutron.scheduler.l3_ovn_scheduler [None req-543369d1-bf8b-4d74-9a48-e62012dcacfd f4a3eaa6b0d9408abf1bad48de25c92b 96b5e232ed2c48dcb918b6d3d5d53016 - - default default] Gateway lrp-be335224-16dc-475e-9009-f8ce1dab3293 scheduled on chassis ['7e27b2e0-a9c3-4fe9-ad55-fc651ab06f58'] _schedule_gateway /usr/lib/python3.9/site-packages/neutron/scheduler/l3_ovn_scheduler.py:87
2025-11-30 13:27:34.856 83769 INFO neutron.plugins.ml2.drivers.ovn.mech_driver.ovsdb.commands [None req-543369d1-bf8b-4d74-9a48-e62012dcacfd f4a3eaa6b0d9408abf1bad48de25c92b 96b5e232ed2c48dcb918b6d3d5d53016 - - default default] Schedule LRP lrp-be335224-16dc-475e-9009-f8ce1dab3293 on gateway 7e27b2e0-a9c3-4fe9-ad55-fc651ab06f58 with priority 1
2025-11-30 13:27:34.891 83768 DEBUG neutron.plugins.ml2.drivers.ovn.mech_driver.ovsdb.ovsdb_monitor [None req-deb27c0e-9ab1-4484-82fe-20530672d651 f4a3eaa6b0d9408abf1bad48de25c92b 96b5e232ed2c48dcb918b6d3d5d53016 - - default default] Hash Ring: Node 373688db-5e82-4476-ae34-b5c45b6f75cc (host: np0005540261.novalocal) handling event "create" for row 76e6d42c-d586-45c6-a481-16bf486d2fed (table: Gateway_Chassis) notify /usr/lib/python3.9/site-packages/neutron/plugins/ml2/drivers/ovn/mech_driver/ovsdb/ovsdb_monitor.py:855
2025-11-30 13:27:34.892 83768 DEBUG neutron.plugins.ml2.drivers.ovn.mech_driver.ovsdb.ovsdb_monitor [None req-deb27c0e-9ab1-4484-82fe-20530672d651 f4a3eaa6b0d9408abf1bad48de25c92b 96b5e232ed2c48dcb918b6d3d5d53016 - - default default] Hash Ring: Node 373688db-5e82-4476-ae34-b5c45b6f75cc (host: np0005540261.novalocal) handling event "update" for row 386a1698-7f77-453e-9842-b3e10925469e (table: Logical_Router_Port) notify /usr/lib/python3.9/site-packages/neutron/plugins/ml2/drivers/ovn/mech_driver/ovsdb/ovsdb_monitor.py:855
2025-11-30 13:27:34.895 83769 DEBUG ovsdbapp.backend.ovs_idl.transaction [None req-543369d1-bf8b-4d74-9a48-e62012dcacfd f4a3eaa6b0d9408abf1bad48de25c92b 96b5e232ed2c48dcb918b6d3d5d53016 - - default default] There are no commands to commit do_commit /usr/lib/python3.9/site-packages/ovsdbapp/backend/ovs_idl/transaction.py:78
2025-11-30 13:27:34.901 83768 DEBUG neutron.plugins.ml2.drivers.ovn.mech_driver.ovsdb.ovsdb_monitor [None req-deb27c0e-9ab1-4484-82fe-20530672d651 f4a3eaa6b0d9408abf1bad48de25c92b 96b5e232ed2c48dcb918b6d3d5d53016 - - default default] Hash Ring: Node 373688db-5e82-4476-ae34-b5c45b6f75cc (host: np0005540261.novalocal) handling event "update" for row 759ad514-b247-4c58-b040-3d714eacc730 (table: Port_Binding) notify /usr/lib/python3.9/site-packages/neutron/plugins/ml2/drivers/ovn/mech_driver/ovsdb/ovsdb_monitor.py:855
2025-11-30 13:27:34.901 83768 DEBUG neutron.plugins.ml2.drivers.ovn.mech_driver.ovsdb.ovsdb_monitor [None req-deb27c0e-9ab1-4484-82fe-20530672d651 f4a3eaa6b0d9408abf1bad48de25c92b 96b5e232ed2c48dcb918b6d3d5d53016 - - default default] Hash Ring: Node 373688db-5e82-4476-ae34-b5c45b6f75cc (host: np0005540261.novalocal) handling event "create" for row 3a51fca1-e737-47e8-9b5d-8340350a39fb (table: Port_Binding) notify /usr/lib/python3.9/site-packages/neutron/plugins/ml2/drivers/ovn/mech_driver/ovsdb/ovsdb_monitor.py:855
2025-11-30 13:27:34.902 83768 DEBUG neutron.plugins.ml2.drivers.ovn.mech_driver.ovsdb.ovsdb_monitor [None req-deb27c0e-9ab1-4484-82fe-20530672d651 f4a3eaa6b0d9408abf1bad48de25c92b 96b5e232ed2c48dcb918b6d3d5d53016 - - default default] Hash Ring: Node 373688db-5e82-4476-ae34-b5c45b6f75cc (host: np0005540261.novalocal) handling event "update" for row 807d42ef-4fe6-4f4b-a932-87f4aae0f85b (table: Port_Binding) notify /usr/lib/python3.9/site-packages/neutron/plugins/ml2/drivers/ovn/mech_driver/ovsdb/ovsdb_monitor.py:855
2025-11-30 13:27:35.422 83768 DEBUG neutron.plugins.ml2.drivers.ovn.mech_driver.ovsdb.ovsdb_monitor [None req-deb27c0e-9ab1-4484-82fe-20530672d651 f4a3eaa6b0d9408abf1bad48de25c92b 96b5e232ed2c48dcb918b6d3d5d53016 - - default default] Hash Ring: Node 373688db-5e82-4476-ae34-b5c45b6f75cc (host: np0005540261.novalocal) handling event "update" for row 3a51fca1-e737-47e8-9b5d-8340350a39fb (table: Port_Binding) notify /usr/lib/python3.9/site-packages/neutron/plugins/ml2/drivers/ovn/mech_driver/ovsdb/ovsdb_monitor.py:855
2025-11-30 13:27:35.424 83768 DEBUG ovsdbapp.backend.ovs_idl.event [None req-deb27c0e-9ab1-4484-82fe-20530672d651 f4a3eaa6b0d9408abf1bad48de25c92b 96b5e232ed2c48dcb918b6d3d5d53016 - - default default] Matched UPDATE: PortBindingChassisEvent(events=('update',), table='Port_Binding', conditions=None, old_conditions=None), priority=20 to row=Port_Binding(mac=['fa:16:3e:ad:b6:81 172.24.4.68/24'], port_security=[], nat_addresses=[], type=chassisredirect, up=[True], virtual_parent=[], requested_additional_chassis=[], parent_port=[], options={'always-redirect': 'true', 'distributed-port': 'lrp-be335224-16dc-475e-9009-f8ce1dab3293'}, external_ids={'neutron:is_ext_gw': 'True', 'neutron:network_name': 'neutron-f0d9251e-edc0-46f7-8739-43fc65689d83', 'neutron:revision_number': '1', 'neutron:router_name': 'd5cc03ad-3c3c-45ad-9632-3d1b67d74279', 'neutron:subnet_ids': 'f374e2bc-da10-41a4-bcfc-515cf0c31b9b'}, additional_chassis=[], tag=[], additional_encap=[], encap=[], mirror_rules=[], datapath=7256e555-106a-4966-b327-902e15f72d04, chassis=[], tunnel_key=3, gateway_chassis=[], requested_chassis=[], logical_port=cr-lrp-be335224-16dc-475e-9009-f8ce1dab3293) old=Port_Binding(up=[False], chassis=[]) matches /usr/lib/python3.9/site-packages/ovsdbapp/backend/ovs_idl/event.py:55
2025-11-30 13:27:35.425 83769 DEBUG neutron.plugins.ml2.drivers.ovn.mech_driver.ovsdb.ovsdb_monitor [None req-543369d1-bf8b-4d74-9a48-e62012dcacfd f4a3eaa6b0d9408abf1bad48de25c92b 96b5e232ed2c48dcb918b6d3d5d53016 - - default default] Hash Ring: Node d36c2c0e-3a31-4a50-8f5d-d424fb7c1622 (host: np0005540261.novalocal) handling event "update" for row af02c7ae-8083-4e7d-b1b3-b99e3f326da3 (table: Chassis) notify /usr/lib/python3.9/site-packages/neutron/plugins/ml2/drivers/ovn/mech_driver/ovsdb/ovsdb_monitor.py:855
2025-11-30 13:27:35.426 83768 INFO neutron.plugins.ml2.drivers.ovn.mech_driver.ovsdb.ovsdb_monitor [None req-deb27c0e-9ab1-4484-82fe-20530672d651 f4a3eaa6b0d9408abf1bad48de25c92b 96b5e232ed2c48dcb918b6d3d5d53016 - - default default] Router d5cc03ad-3c3c-45ad-9632-3d1b67d74279 is bound to host np0005540261.novalocal
2025-11-30 13:27:35.431 83768 DEBUG neutron.plugins.ml2.drivers.ovn.mech_driver.ovsdb.ovsdb_monitor [None req-deb27c0e-9ab1-4484-82fe-20530672d651 f4a3eaa6b0d9408abf1bad48de25c92b 96b5e232ed2c48dcb918b6d3d5d53016 - - default default] Hash Ring: Node 373688db-5e82-4476-ae34-b5c45b6f75cc (host: np0005540261.novalocal) handling event "update" for row 386a1698-7f77-453e-9842-b3e10925469e (table: Logical_Router_Port) notify /usr/lib/python3.9/site-packages/neutron/plugins/ml2/drivers/ovn/mech_driver/ovsdb/ovsdb_monitor.py:855
2025-11-30 13:27:35.519 83768 DEBUG neutron_lib.callbacks.manager [None req-deb27c0e-9ab1-4484-82fe-20530672d651 f4a3eaa6b0d9408abf1bad48de25c92b 96b5e232ed2c48dcb918b6d3d5d53016 - - default default] Publish callbacks ['neutron.plugins.ml2.plugin.SecurityGroupDbMixin._ensure_default_security_group_handler-3876062', 'neutron.services.qos.qos_plugin.QoSPlugin._check_port_for_placement_allocation_change-21195', 'neutron.services.ovn_l3.plugin.OVNL3RouterPlugin._port_update-8737516133232', 'neutron.db.l3_db.L3_NAT_dbonly_mixin._prevent_internal_ip_change_for_fip-8737517229249'] for port (be335224-16dc-475e-9009-f8ce1dab3293), before_update _notify_loop /usr/lib/python3.9/site-packages/neutron_lib/callbacks/manager.py:184
2025-11-30 13:27:35.622 83768 DEBUG neutron_lib.callbacks.manager [None req-deb27c0e-9ab1-4484-82fe-20530672d651 f4a3eaa6b0d9408abf1bad48de25c92b 96b5e232ed2c48dcb918b6d3d5d53016 - - default default] Publish callbacks ['neutron.services.qos.qos_plugin.QoSPlugin._validate_update_port_callback-21012'] for port (be335224-16dc-475e-9009-f8ce1dab3293), precommit_update _notify_loop /usr/lib/python3.9/site-packages/neutron_lib/callbacks/manager.py:184
2025-11-30 13:27:35.633 83768 DEBUG neutron.db.provisioning_blocks [None req-deb27c0e-9ab1-4484-82fe-20530672d651 f4a3eaa6b0d9408abf1bad48de25c92b 96b5e232ed2c48dcb918b6d3d5d53016 - - default default] Transition to ACTIVE for port object be335224-16dc-475e-9009-f8ce1dab3293 will not be triggered until provisioned by entity L2. add_provisioning_component /usr/lib/python3.9/site-packages/neutron/db/provisioning_blocks.py:74
2025-11-30 13:27:35.672 83768 DEBUG neutron_lib.callbacks.manager [None req-deb27c0e-9ab1-4484-82fe-20530672d651 f4a3eaa6b0d9408abf1bad48de25c92b 96b5e232ed2c48dcb918b6d3d5d53016 - - default default] Publish callbacks ['neutron.plugins.ml2.ovo_rpc._ObjectChangeHandler.handle_event-1074469', 'neutron.api.rpc.agentnotifiers.dhcp_rpc_agent_api.DhcpAgentNotifyAPI._native_event_send_dhcp_notification-1181501', 'neutron.services.trunk.plugin.TrunkPlugin._trigger_trunk_status_change-504691', 'neutron.services.trunk.drivers.openvswitch.driver.OVSDriver._subport_binding-2016481', 'neutron.db.l3_db.L3RpcNotifierMixin._notify_gateway_port_ip_changed-8737517236444', 'neutron.services.ovn_l3.plugin.OVNL3RouterPlugin._port_update-8737516133232'] for port (be335224-16dc-475e-9009-f8ce1dab3293), after_update _notify_loop /usr/lib/python3.9/site-packages/neutron_lib/callbacks/manager.py:184
2025-11-30 13:27:35.687 83768 DEBUG neutron.api.rpc.handlers.resources_rpc [None req-6ccadb1f-15ce-42b9-aac6-4016576156c9 - - - - - -] Pushing event updated for resources: {'Port': ['ID=be335224-16dc-475e-9009-f8ce1dab3293,revision_number=2']} push /usr/lib/python3.9/site-packages/neutron/api/rpc/handlers/resources_rpc.py:237
2025-11-30 13:27:35.691 83768 DEBUG ovsdbapp.backend.ovs_idl.transaction [None req-6ccadb1f-15ce-42b9-aac6-4016576156c9 - - - - - -] Running txn n=1 command(idx=0): CheckLivenessCommand(_result=None) do_commit /usr/lib/python3.9/site-packages/ovsdbapp/backend/ovs_idl/transaction.py:89
2025-11-30 13:27:35.693 83768 DEBUG neutron.plugins.ml2.drivers.ovn.mech_driver.ovsdb.ovsdb_monitor [None req-6ccadb1f-15ce-42b9-aac6-4016576156c9 - - - - - -] Hash Ring: Node 373688db-5e82-4476-ae34-b5c45b6f75cc (host: np0005540261.novalocal) handling event "update" for row 2ec6a243-d2ab-4b80-8b07-842374841957 (table: NB_Global) notify /usr/lib/python3.9/site-packages/neutron/plugins/ml2/drivers/ovn/mech_driver/ovsdb/ovsdb_monitor.py:855
2025-11-30 13:27:35.697 83768 DEBUG neutron.plugins.ml2.drivers.ovn.mech_driver.ovsdb.ovsdb_monitor [None req-6ccadb1f-15ce-42b9-aac6-4016576156c9 - - - - - -] Hash Ring: Node 373688db-5e82-4476-ae34-b5c45b6f75cc (host: np0005540261.novalocal) handling event "update" for row 2ec6a243-d2ab-4b80-8b07-842374841957 (table: NB_Global) notify /usr/lib/python3.9/site-packages/neutron/plugins/ml2/drivers/ovn/mech_driver/ovsdb/ovsdb_monitor.py:855
2025-11-30 13:27:35.699 83768 DEBUG neutron.plugins.ml2.drivers.ovn.mech_driver.ovsdb.ovsdb_monitor [None req-6ccadb1f-15ce-42b9-aac6-4016576156c9 - - - - - -] Hash Ring: Node 373688db-5e82-4476-ae34-b5c45b6f75cc (host: np0005540261.novalocal) handling event "update" for row 2ec6a243-d2ab-4b80-8b07-842374841957 (table: NB_Global) notify /usr/lib/python3.9/site-packages/neutron/plugins/ml2/drivers/ovn/mech_driver/ovsdb/ovsdb_monitor.py:855
2025-11-30 13:27:35.747 83768 DEBUG ovsdbapp.backend.ovs_idl.transaction [None req-6ccadb1f-15ce-42b9-aac6-4016576156c9 - - - - - -] Running txn n=1 command(idx=0): CheckRevisionNumberCommand(_result=None, name=be335224-16dc-475e-9009-f8ce1dab3293, resource={'id': 'be335224-16dc-475e-9009-f8ce1dab3293', 'name': '', 'network_id': 'f0d9251e-edc0-46f7-8739-43fc65689d83', 'tenant_id': '', 'mac_address': 'fa:16:3e:ad:b6:81', 'admin_state_up': True, 'status': 'DOWN', 'device_id': 'd5cc03ad-3c3c-45ad-9632-3d1b67d74279', 'device_owner': 'network:router_gateway', 'standard_attr_id': 24, 'fixed_ips': [{'subnet_id': 'f374e2bc-da10-41a4-bcfc-515cf0c31b9b', 'ip_address': '172.24.4.68'}], 'allowed_address_pairs': [], 'extra_dhcp_opts': [], 'security_groups': [], 'description': '', 'binding:vnic_type': 'normal', 'binding:profile': {}, 'binding:host_id': 'np0005540261.novalocal', 'binding:vif_type': 'unbound', 'binding:vif_details': {}, 'port_security_enabled': False, 'qos_policy_id': None, 'qos_network_policy_id': None, 'resource_request': None, 'tags': [], 'created_at': '2025-11-30T18:23:54Z', 'updated_at': '2025-11-30T18:23:54Z', 'revision_number': 1, 'project_id': '', 'network': {'id': 'f0d9251e-edc0-46f7-8739-43fc65689d83', 'name': 'public', 'tenant_id': '96b5e232ed2c48dcb918b6d3d5d53016', 'admin_state_up': True, 'mtu': 1500, 'status': 'ACTIVE', 'subnets': ['f374e2bc-da10-41a4-bcfc-515cf0c31b9b'], 'standard_attr_id': 10, 'shared': False, 'availability_zone_hints': [], 'availability_zones': [], 'ipv4_address_scope': None, 'ipv6_address_scope': None, 'router:external': True, 'qinq': None, 'vlan_transparent': None, 'description': '', 'port_security_enabled': True, 'qos_policy_id': None, 'is_default': False, 'tags': [], 'created_at': '2025-11-30T18:23:35Z', 'updated_at': '2025-11-30T18:23:40Z', 'revision_number': 2, 'project_id': '96b5e232ed2c48dcb918b6d3d5d53016', 'provider:network_type': 'flat', 'provider:physical_network': 'extnet', 'provider:segmentation_id': None}}, resource_type=ports, if_exists=True) do_commit /usr/lib/python3.9/site-packages/ovsdbapp/backend/ovs_idl/transaction.py:89
2025-11-30 13:27:35.747 83768 DEBUG ovsdbapp.backend.ovs_idl.transaction [None req-6ccadb1f-15ce-42b9-aac6-4016576156c9 - - - - - -] Running txn n=1 command(idx=1): SetLSwitchPortCommand(_result=None, lport=be335224-16dc-475e-9009-f8ce1dab3293, external_ids_update=None, columns={'external_ids': {'neutron:port_name': '', 'neutron:device_id': 'd5cc03ad-3c3c-45ad-9632-3d1b67d74279', 'neutron:project_id': '', 'neutron:cidrs': '172.24.4.68/24', 'neutron:device_owner': 'network:router_gateway', 'neutron:subnet_pool_addr_scope4': '', 'neutron:subnet_pool_addr_scope6': '', 'neutron:network_name': 'neutron-f0d9251e-edc0-46f7-8739-43fc65689d83', 'neutron:security_group_ids': '', 'neutron:revision_number': '1', 'neutron:vnic_type': 'normal', 'neutron:port_capabilities': '', 'neutron:mtu': ''}, 'parent_name': [], 'tag': [], 'options': {'requested-chassis': 'np0005540261.novalocal', 'exclude-lb-vips-from-garp': 'true', 'nat-addresses': 'router', 'router-port': 'lrp-be335224-16dc-475e-9009-f8ce1dab3293'}, 'enabled': True, 'port_security': [], 'dhcpv4_options': [], 'dhcpv6_options': [], 'type': 'router', 'ha_chassis_group': []}, if_exists=False) do_commit /usr/lib/python3.9/site-packages/ovsdbapp/backend/ovs_idl/transaction.py:89
2025-11-30 13:27:35.748 83768 DEBUG ovsdbapp.backend.ovs_idl.transaction [None req-6ccadb1f-15ce-42b9-aac6-4016576156c9 - - - - - -] Running txn n=1 command(idx=2): PgDelPortCommand(_result=None, port_group=neutron_pg_drop, lsp=['be335224-16dc-475e-9009-f8ce1dab3293'], if_exists=False) do_commit /usr/lib/python3.9/site-packages/ovsdbapp/backend/ovs_idl/transaction.py:89
2025-11-30 13:27:35.750 83768 DEBUG neutron.plugins.ml2.drivers.ovn.mech_driver.ovsdb.ovsdb_monitor [None req-6ccadb1f-15ce-42b9-aac6-4016576156c9 - - - - - -] Hash Ring: Node 373688db-5e82-4476-ae34-b5c45b6f75cc (host: np0005540261.novalocal) handling event "update" for row bf35a43e-489a-4164-a02b-8b13c677eb48 (table: Logical_Switch_Port) notify /usr/lib/python3.9/site-packages/neutron/plugins/ml2/drivers/ovn/mech_driver/ovsdb/ovsdb_monitor.py:855
2025-11-30 13:27:35.783 83768 DEBUG neutron.plugins.ml2.managers [None req-6ccadb1f-15ce-42b9-aac6-4016576156c9 - - - - - -] Attempting to bind port be335224-16dc-475e-9009-f8ce1dab3293 on host np0005540261.novalocal for vnic_type normal with profile bind_port /usr/lib/python3.9/site-packages/neutron/plugins/ml2/managers.py:813
2025-11-30 13:27:35.784 83768 DEBUG neutron.plugins.ml2.managers [None req-6ccadb1f-15ce-42b9-aac6-4016576156c9 - - - - - -] Attempting to bind port be335224-16dc-475e-9009-f8ce1dab3293 by drivers ovn on host np0005540261.novalocal at level 0 using segments [{'id': 'e0551c45-4ec2-40fa-a827-faa762fd3a36', 'network_type': 'flat', 'physical_network': 'extnet', 'segmentation_id': None, 'network_id': 'f0d9251e-edc0-46f7-8739-43fc65689d83'}] _bind_port_level /usr/lib/python3.9/site-packages/neutron/plugins/ml2/managers.py:838
2025-11-30 13:27:35.785 83768 WARNING neutron.plugins.ml2.drivers.ovn.mech_driver.mech_driver [None req-6ccadb1f-15ce-42b9-aac6-4016576156c9 - - - - - -] Refusing to bind port be335224-16dc-475e-9009-f8ce1dab3293 to dead agent:
2025-11-30 13:27:35.785 83768 ERROR neutron.plugins.ml2.managers [None req-6ccadb1f-15ce-42b9-aac6-4016576156c9 - - - - - -] Failed to bind port be335224-16dc-475e-9009-f8ce1dab3293 on host np0005540261.novalocal for vnic_type normal using segments [{'id': 'e0551c45-4ec2-40fa-a827-faa762fd3a36', 'network_type': 'flat', 'physical_network': 'extnet', 'segmentation_id': None, 'network_id': 'f0d9251e-edc0-46f7-8739-43fc65689d83'}]
2025-11-30 13:27:35.785 83768 INFO neutron.plugins.ml2.plugin [None req-6ccadb1f-15ce-42b9-aac6-4016576156c9 - - - - - -] Attempt 2 to bind port be335224-16dc-475e-9009-f8ce1dab3293
2025-11-30 13:27:35.790 83768 DEBUG neutron.plugins.ml2.managers [None req-6ccadb1f-15ce-42b9-aac6-4016576156c9 - - - - - -] Attempting to bind port be335224-16dc-475e-9009-f8ce1dab3293 on host np0005540261.novalocal for vnic_type normal with profile bind_port /usr/lib/python3.9/site-packages/neutron/plugins/ml2/managers.py:813
2025-11-30 13:27:35.790 83768 DEBUG neutron.plugins.ml2.managers [None req-6ccadb1f-15ce-42b9-aac6-4016576156c9 - - - - - -] Attempting to bind port be335224-16dc-475e-9009-f8ce1dab3293 by drivers ovn on host np0005540261.novalocal at level 0 using segments [{'id': 'e0551c45-4ec2-40fa-a827-faa762fd3a36', 'network_type': 'flat', 'physical_network': 'extnet', 'segmentation_id': None, 'network_id': 'f0d9251e-edc0-46f7-8739-43fc65689d83'}] _bind_port_level /usr/lib/python3.9/site-packages/neutron/plugins/ml2/managers.py:838
2025-11-30 13:27:35.791 83768 WARNING neutron.plugins.ml2.drivers.ovn.mech_driver.mech_driver [None req-6ccadb1f-15ce-42b9-aac6-4016576156c9 - - - - - -] Refusing to bind port be335224-16dc-475e-9009-f8ce1dab3293 to dead agent:
2025-11-30 13:27:35.791 83768 ERROR neutron.plugins.ml2.managers [None req-6ccadb1f-15ce-42b9-aac6-4016576156c9 - - - - - -] Failed to bind port be335224-16dc-475e-9009-f8ce1dab3293 on host np0005540261.novalocal for vnic_type normal using segments [{'id': 'e0551c45-4ec2-40fa-a827-faa762fd3a36', 'network_type': 'flat', 'physical_network': 'extnet', 'segmentation_id': None, 'network_id': 'f0d9251e-edc0-46f7-8739-43fc65689d83'}]
2025-11-30 13:27:35.791 83768 INFO neutron.plugins.ml2.plugin [None req-6ccadb1f-15ce-42b9-aac6-4016576156c9 - - - - - -] Attempt 3 to bind port be335224-16dc-475e-9009-f8ce1dab3293
2025-11-30 13:27:35.798 83768 DEBUG neutron.plugins.ml2.managers [None req-6ccadb1f-15ce-42b9-aac6-4016576156c9 - - - - - -] Attempting to bind port be335224-16dc-475e-9009-f8ce1dab3293 on host np0005540261.novalocal for vnic_type normal with profile bind_port /usr/lib/python3.9/site-packages/neutron/plugins/ml2/managers.py:813
2025-11-30 13:27:35.799 83768 DEBUG neutron.plugins.ml2.managers [None req-6ccadb1f-15ce-42b9-aac6-4016576156c9 - - - - - -] Attempting to bind port be335224-16dc-475e-9009-f8ce1dab3293 by drivers ovn on host np0005540261.novalocal at level 0 using segments [{'id': 'e0551c45-4ec2-40fa-a827-faa762fd3a36', 'network_type': 'flat', 'physical_network': 'extnet', 'segmentation_id': None, 'network_id': 'f0d9251e-edc0-46f7-8739-43fc65689d83'}] _bind_port_level /usr/lib/python3.9/site-packages/neutron/plugins/ml2/managers.py:838
2025-11-30 13:27:35.800 83768 WARNING neutron.plugins.ml2.drivers.ovn.mech_driver.mech_driver [None req-6ccadb1f-15ce-42b9-aac6-4016576156c9 - - - - - -] Refusing to bind port be335224-16dc-475e-9009-f8ce1dab3293 to dead agent:
2025-11-30 13:27:35.800 83768 ERROR neutron.plugins.ml2.managers [None req-6ccadb1f-15ce-42b9-aac6-4016576156c9 - - - - - -] Failed to bind port be335224-16dc-475e-9009-f8ce1dab3293 on host np0005540261.novalocal for vnic_type normal using segments [{'id': 'e0551c45-4ec2-40fa-a827-faa762fd3a36', 'network_type': 'flat', 'physical_network': 'extnet', 'segmentation_id': None, 'network_id': 'f0d9251e-edc0-46f7-8739-43fc65689d83'}]
2025-11-30 13:27:35.800 83768 INFO neutron.plugins.ml2.plugin [None req-6ccadb1f-15ce-42b9-aac6-4016576156c9 - - - - - -] Attempt 4 to bind port be335224-16dc-475e-9009-f8ce1dab3293
2025-11-30 13:27:35.806 83768 DEBUG neutron.plugins.ml2.managers [None req-6ccadb1f-15ce-42b9-aac6-4016576156c9 - - - - - -] Attempting to bind port be335224-16dc-475e-9009-f8ce1dab3293 on host np0005540261.novalocal for vnic_type normal with profile bind_port /usr/lib/python3.9/site-packages/neutron/plugins/ml2/managers.py:813
2025-11-30 13:27:35.806 83768 DEBUG neutron.plugins.ml2.managers [None req-6ccadb1f-15ce-42b9-aac6-4016576156c9 - - - - - -] Attempting to bind port be335224-16dc-475e-9009-f8ce1dab3293 by drivers ovn on host np0005540261.novalocal at level 0 using segments [{'id': 'e0551c45-4ec2-40fa-a827-faa762fd3a36', 'network_type': 'flat', 'physical_network': 'extnet', 'segmentation_id': None, 'network_id': 'f0d9251e-edc0-46f7-8739-43fc65689d83'}] _bind_port_level /usr/lib/python3.9/site-packages/neutron/plugins/ml2/managers.py:838
2025-11-30 13:27:35.807 83768 WARNING neutron.plugins.ml2.drivers.ovn.mech_driver.mech_driver [None req-6ccadb1f-15ce-42b9-aac6-4016576156c9 - - - - - -] Refusing to bind port be335224-16dc-475e-9009-f8ce1dab3293 to dead agent:
2025-11-30 13:27:35.807 83768 ERROR neutron.plugins.ml2.managers [None req-6ccadb1f-15ce-42b9-aac6-4016576156c9 - - - - - -] Failed to bind port be335224-16dc-475e-9009-f8ce1dab3293 on host np0005540261.novalocal for vnic_type normal using segments [{'id': 'e0551c45-4ec2-40fa-a827-faa762fd3a36', 'network_type': 'flat', 'physical_network': 'extnet', 'segmentation_id': None, 'network_id': 'f0d9251e-edc0-46f7-8739-43fc65689d83'}]
2025-11-30 13:27:35.807 83768 INFO neutron.plugins.ml2.plugin [None req-6ccadb1f-15ce-42b9-aac6-4016576156c9 - - - - - -] Attempt 5 to bind port be335224-16dc-475e-9009-f8ce1dab3293
2025-11-30 13:27:35.811 83768 DEBUG neutron.plugins.ml2.managers [None req-6ccadb1f-15ce-42b9-aac6-4016576156c9 - - - - - -] Attempting to bind port be335224-16dc-475e-9009-f8ce1dab3293 on host np0005540261.novalocal for vnic_type normal with profile bind_port /usr/lib/python3.9/site-packages/neutron/plugins/ml2/managers.py:813
2025-11-30 13:27:35.812 83768 DEBUG neutron.plugins.ml2.managers [None req-6ccadb1f-15ce-42b9-aac6-4016576156c9 - - - - - -] Attempting to bind port be335224-16dc-475e-9009-f8ce1dab3293 by drivers ovn on host np0005540261.novalocal at level 0 using segments [{'id': 'e0551c45-4ec2-40fa-a827-faa762fd3a36', 'network_type': 'flat', 'physical_network': 'extnet', 'segmentation_id': None, 'network_id': 'f0d9251e-edc0-46f7-8739-43fc65689d83'}] _bind_port_level /usr/lib/python3.9/site-packages/neutron/plugins/ml2/managers.py:838
2025-11-30 13:27:35.812 83768 WARNING neutron.plugins.ml2.drivers.ovn.mech_driver.mech_driver [None req-6ccadb1f-15ce-42b9-aac6-4016576156c9 - - - - - -] Refusing to bind port be335224-16dc-475e-9009-f8ce1dab3293 to dead agent:
2025-11-30 13:27:35.812 83768 ERROR neutron.plugins.ml2.managers [None req-6ccadb1f-15ce-42b9-aac6-4016576156c9 - - - - - -] Failed to bind port be335224-16dc-475e-9009-f8ce1dab3293 on host np0005540261.novalocal for vnic_type normal using segments [{'id': 'e0551c45-4ec2-40fa-a827-faa762fd3a36', 'network_type': 'flat', 'physical_network': 'extnet', 'segmentation_id': None, 'network_id': 'f0d9251e-edc0-46f7-8739-43fc65689d83'}]
2025-11-30 13:27:35.812 83768 INFO neutron.plugins.ml2.plugin [None req-6ccadb1f-15ce-42b9-aac6-4016576156c9 - - - - - -] Attempt 6 to bind port be335224-16dc-475e-9009-f8ce1dab3293
2025-11-30 13:27:35.817 83768 DEBUG neutron.plugins.ml2.managers [None req-6ccadb1f-15ce-42b9-aac6-4016576156c9 - - - - - -] Attempting to bind port be335224-16dc-475e-9009-f8ce1dab3293 on host np0005540261.novalocal for vnic_type normal with profile bind_port /usr/lib/python3.9/site-packages/neutron/plugins/ml2/managers.py:813
2025-11-30 13:27:35.817 83768 DEBUG neutron.plugins.ml2.managers [None req-6ccadb1f-15ce-42b9-aac6-4016576156c9 - - - - - -] Attempting to bind port be335224-16dc-475e-9009-f8ce1dab3293 by drivers ovn on host np0005540261.novalocal at level 0 using segments [{'id': 'e0551c45-4ec2-40fa-a827-faa762fd3a36', 'network_type': 'flat', 'physical_network': 'extnet', 'segmentation_id': None, 'network_id': 'f0d9251e-edc0-46f7-8739-43fc65689d83'}] _bind_port_level /usr/lib/python3.9/site-packages/neutron/plugins/ml2/managers.py:838
2025-11-30 13:27:35.817 83768 WARNING neutron.plugins.ml2.drivers.ovn.mech_driver.mech_driver [None req-6ccadb1f-15ce-42b9-aac6-4016576156c9 - - - - - -] Refusing to bind port be335224-16dc-475e-9009-f8ce1dab3293 to dead agent:
2025-11-30 13:27:35.818 83768 ERROR neutron.plugins.ml2.managers [None req-6ccadb1f-15ce-42b9-aac6-4016576156c9 - - - - - -] Failed to bind port be335224-16dc-475e-9009-f8ce1dab3293 on host np0005540261.novalocal for vnic_type normal using segments [{'id': 'e0551c45-4ec2-40fa-a827-faa762fd3a36', 'network_type': 'flat', 'physical_network': 'extnet', 'segmentation_id': None, 'network_id': 'f0d9251e-edc0-46f7-8739-43fc65689d83'}]
2025-11-30 13:27:35.818 83768 INFO neutron.plugins.ml2.plugin [None req-6ccadb1f-15ce-42b9-aac6-4016576156c9 - - - - - -] Attempt 7 to bind port be335224-16dc-475e-9009-f8ce1dab3293
2025-11-30 13:27:35.822 83768 DEBUG neutron.plugins.ml2.managers [None req-6ccadb1f-15ce-42b9-aac6-4016576156c9 - - - - - -] Attempting to bind port be335224-16dc-475e-9009-f8ce1dab3293 on host np0005540261.novalocal for vnic_type normal with profile bind_port /usr/lib/python3.9/site-packages/neutron/plugins/ml2/managers.py:813
2025-11-30 13:27:35.822 83768 DEBUG neutron.plugins.ml2.managers [None req-6ccadb1f-15ce-42b9-aac6-4016576156c9 - - - - - -] Attempting to bind port be335224-16dc-475e-9009-f8ce1dab3293 by drivers ovn on host np0005540261.novalocal at level 0 using segments [{'id': 'e0551c45-4ec2-40fa-a827-faa762fd3a36', 'network_type': 'flat', 'physical_network': 'extnet', 'segmentation_id': None, 'network_id': 'f0d9251e-edc0-46f7-8739-43fc65689d83'}] _bind_port_level /usr/lib/python3.9/site-packages/neutron/plugins/ml2/managers.py:838
2025-11-30 13:27:35.823 83768 WARNING neutron.plugins.ml2.drivers.ovn.mech_driver.mech_driver [None req-6ccadb1f-15ce-42b9-aac6-4016576156c9 - - - - - -] Refusing to bind port be335224-16dc-475e-9009-f8ce1dab3293 to dead agent:
2025-11-30 13:27:35.823 83768 ERROR neutron.plugins.ml2.managers [None req-6ccadb1f-15ce-42b9-aac6-4016576156c9 - - - - - -] Failed to bind port be335224-16dc-475e-9009-f8ce1dab3293 on host np0005540261.novalocal for vnic_type normal using segments [{'id': 'e0551c45-4ec2-40fa-a827-faa762fd3a36', 'network_type': 'flat', 'physical_network': 'extnet', 'segmentation_id': None, 'network_id': 'f0d9251e-edc0-46f7-8739-43fc65689d83'}]
2025-11-30 13:27:35.823 83768 INFO neutron.plugins.ml2.plugin [None req-6ccadb1f-15ce-42b9-aac6-4016576156c9 - - - - - -] Attempt 8 to bind port be335224-16dc-475e-9009-f8ce1dab3293
2025-11-30 13:27:35.832 83768 DEBUG neutron.plugins.ml2.managers [None req-6ccadb1f-15ce-42b9-aac6-4016576156c9 - - - - - -] Attempting to bind port be335224-16dc-475e-9009-f8ce1dab3293 on host np0005540261.novalocal for vnic_type normal with profile bind_port /usr/lib/python3.9/site-packages/neutron/plugins/ml2/managers.py:813
2025-11-30 13:27:35.832 83768 DEBUG neutron.plugins.ml2.managers [None req-6ccadb1f-15ce-42b9-aac6-4016576156c9 - - - - - -] Attempting to bind port be335224-16dc-475e-9009-f8ce1dab3293 by drivers ovn on host np0005540261.novalocal at level 0 using segments [{'id': 'e0551c45-4ec2-40fa-a827-faa762fd3a36', 'network_type': 'flat', 'physical_network': 'extnet', 'segmentation_id': None, 'network_id': 'f0d9251e-edc0-46f7-8739-43fc65689d83'}] _bind_port_level /usr/lib/python3.9/site-packages/neutron/plugins/ml2/managers.py:838
2025-11-30 13:27:35.833 83768 WARNING neutron.plugins.ml2.drivers.ovn.mech_driver.mech_driver [None req-6ccadb1f-15ce-42b9-aac6-4016576156c9 - - - - - -] Refusing to bind port be335224-16dc-475e-9009-f8ce1dab3293 to dead agent:
2025-11-30 13:27:35.833 83768 ERROR neutron.plugins.ml2.managers [None req-6ccadb1f-15ce-42b9-aac6-4016576156c9 - - - - - -] Failed to bind port be335224-16dc-475e-9009-f8ce1dab3293 on host np0005540261.novalocal for vnic_type normal using segments [{'id': 'e0551c45-4ec2-40fa-a827-faa762fd3a36', 'network_type': 'flat', 'physical_network': 'extnet', 'segmentation_id': None, 'network_id': 'f0d9251e-edc0-46f7-8739-43fc65689d83'}]
2025-11-30 13:27:35.833 83768 INFO neutron.plugins.ml2.plugin [None req-6ccadb1f-15ce-42b9-aac6-4016576156c9 - - - - - -] Attempt 9 to bind port be335224-16dc-475e-9009-f8ce1dab3293
2025-11-30 13:27:35.838 83768 DEBUG neutron.plugins.ml2.managers [None req-6ccadb1f-15ce-42b9-aac6-4016576156c9 - - - - - -] Attempting to bind port be335224-16dc-475e-9009-f8ce1dab3293 on host np0005540261.novalocal for vnic_type normal with profile bind_port /usr/lib/python3.9/site-packages/neutron/plugins/ml2/managers.py:813
2025-11-30 13:27:35.838 83768 DEBUG neutron.plugins.ml2.managers [None req-6ccadb1f-15ce-42b9-aac6-4016576156c9 - - - - - -] Attempting to bind port be335224-16dc-475e-9009-f8ce1dab3293 by drivers ovn on host np0005540261.novalocal at level 0 using segments [{'id': 'e0551c45-4ec2-40fa-a827-faa762fd3a36', 'network_type': 'flat', 'physical_network': 'extnet', 'segmentation_id': None, 'network_id': 'f0d9251e-edc0-46f7-8739-43fc65689d83'}] _bind_port_level /usr/lib/python3.9/site-packages/neutron/plugins/ml2/managers.py:838
2025-11-30 13:27:35.838 83768 WARNING neutron.plugins.ml2.drivers.ovn.mech_driver.mech_driver [None req-6ccadb1f-15ce-42b9-aac6-4016576156c9 - - - - - -] Refusing to bind port be335224-16dc-475e-9009-f8ce1dab3293 to dead agent:
2025-11-30 13:27:35.838 83768 ERROR neutron.plugins.ml2.managers [None req-6ccadb1f-15ce-42b9-aac6-4016576156c9 - - - - - -] Failed to bind port be335224-16dc-475e-9009-f8ce1dab3293 on host np0005540261.novalocal for vnic_type normal using segments [{'id': 'e0551c45-4ec2-40fa-a827-faa762fd3a36', 'network_type': 'flat', 'physical_network': 'extnet', 'segmentation_id': None, 'network_id': 'f0d9251e-edc0-46f7-8739-43fc65689d83'}]
2025-11-30 13:27:35.839 83768 INFO neutron.plugins.ml2.plugin [None req-6ccadb1f-15ce-42b9-aac6-4016576156c9 - - - - - -] Attempt 10 to bind port be335224-16dc-475e-9009-f8ce1dab3293
2025-11-30 13:27:35.843 83768 DEBUG neutron.plugins.ml2.managers [None req-6ccadb1f-15ce-42b9-aac6-4016576156c9 - - - - - -] Attempting to bind port be335224-16dc-475e-9009-f8ce1dab3293 on host np0005540261.novalocal for vnic_type normal with profile bind_port /usr/lib/python3.9/site-packages/neutron/plugins/ml2/managers.py:813
2025-11-30 13:27:35.843 83768 DEBUG neutron.plugins.ml2.managers [None req-6ccadb1f-15ce-42b9-aac6-4016576156c9 - - - - - -] Attempting to bind port be335224-16dc-475e-9009-f8ce1dab3293 by drivers ovn on host np0005540261.novalocal at level 0 using segments [{'id': 'e0551c45-4ec2-40fa-a827-faa762fd3a36', 'network_type': 'flat', 'physical_network': 'extnet', 'segmentation_id': None, 'network_id': 'f0d9251e-edc0-46f7-8739-43fc65689d83'}] _bind_port_level /usr/lib/python3.9/site-packages/neutron/plugins/ml2/managers.py:838
2025-11-30 13:27:35.844 83768 WARNING neutron.plugins.ml2.drivers.ovn.mech_driver.mech_driver [None req-6ccadb1f-15ce-42b9-aac6-4016576156c9 - - - - - -] Refusing to bind port be335224-16dc-475e-9009-f8ce1dab3293 to dead agent:
2025-11-30 13:27:35.844 83768 ERROR neutron.plugins.ml2.managers [None req-6ccadb1f-15ce-42b9-aac6-4016576156c9 - - - - - -] Failed to bind port be335224-16dc-475e-9009-f8ce1dab3293 on host np0005540261.novalocal for vnic_type normal using segments [{'id': 'e0551c45-4ec2-40fa-a827-faa762fd3a36', 'network_type': 'flat', 'physical_network': 'extnet', 'segmentation_id': None, 'network_id': 'f0d9251e-edc0-46f7-8739-43fc65689d83'}]
2025-11-30 13:27:35.844 83768 DEBUG neutron_lib.callbacks.manager [None req-6ccadb1f-15ce-42b9-aac6-4016576156c9 - - - - - -] Publish callbacks ['neutron.plugins.ml2.plugin.SecurityGroupDbMixin._ensure_default_security_group_handler-3876062', 'neutron.services.qos.qos_plugin.QoSPlugin._check_port_for_placement_allocation_change-21195', 'neutron.services.ovn_l3.plugin.OVNL3RouterPlugin._port_update-8737516133232', 'neutron.db.l3_db.L3_NAT_dbonly_mixin._prevent_internal_ip_change_for_fip-8737517229249'] for port (be335224-16dc-475e-9009-f8ce1dab3293), before_update _notify_loop /usr/lib/python3.9/site-packages/neutron_lib/callbacks/manager.py:184
2025-11-30 13:27:35.866 83768 DEBUG neutron.plugins.ml2.db [None req-6ccadb1f-15ce-42b9-aac6-4016576156c9 - - - - - -] For port be335224-16dc-475e-9009-f8ce1dab3293, host np0005540261.novalocal, cleared binding levels clear_binding_levels /usr/lib/python3.9/site-packages/neutron/plugins/ml2/db.py:87
2025-11-30 13:27:35.866 83768 DEBUG neutron.plugins.ml2.db [None req-6ccadb1f-15ce-42b9-aac6-4016576156c9 - - - - - -] Attempted to set empty binding levels set_binding_levels /usr/lib/python3.9/site-packages/neutron/plugins/ml2/db.py:65
2025-11-30 13:27:35.866 83768 DEBUG neutron.plugins.ml2.drivers.ovn.mech_driver.mech_driver [None req-6ccadb1f-15ce-42b9-aac6-4016576156c9 - - - - - -] No provisioning block for port be335224-16dc-475e-9009-f8ce1dab3293 since host unchanged _is_port_provisioning_required /usr/lib/python3.9/site-packages/neutron/plugins/ml2/drivers/ovn/mech_driver/mech_driver.py:814
2025-11-30 13:27:35.904 83768 DEBUG neutron_lib.callbacks.manager [None req-6ccadb1f-15ce-42b9-aac6-4016576156c9 - - - - - -] Publish callbacks ['neutron.plugins.ml2.ovo_rpc._ObjectChangeHandler.handle_event-1074469', 'neutron.api.rpc.agentnotifiers.dhcp_rpc_agent_api.DhcpAgentNotifyAPI._native_event_send_dhcp_notification-1181501', 'neutron.services.trunk.plugin.TrunkPlugin._trigger_trunk_status_change-504691', 'neutron.services.trunk.drivers.openvswitch.driver.OVSDriver._subport_binding-2016481', 'neutron.db.l3_db.L3RpcNotifierMixin._notify_gateway_port_ip_changed-8737517236444', 'neutron.services.ovn_l3.plugin.OVNL3RouterPlugin._port_update-8737516133232'] for port (be335224-16dc-475e-9009-f8ce1dab3293), after_update _notify_loop /usr/lib/python3.9/site-packages/neutron_lib/callbacks/manager.py:184
