Jan 30 17:40:07 standalone proxy-server[128378]: 172.18.0.2 172.18.0.100 30/Jan/2026/17/40/07 PUT /v1/AUTH_a1e48568798a40f8b39bbf9d0c38113b/gnocchi.a67be71d-9ebc-4ec0-a8d4-ffb3437a6083/1769040000.0_mean_300.0_v3 HTTP/1.0 201 - python-swiftclient-3.11.1 gAAAAABpfOxh1XDa... 16 - - txf7a25950fe6a489d8f39e-00697cecf7 - 0.0222 - - 1769794807.314954281 1769794807.337133169 0
Jan 30 17:40:07 standalone container-server[126066]: 172.20.0.100 - - [30/Jan/2026:17:40:07 +0000] "PUT /d1/24/AUTH_a1e48568798a40f8b39bbf9d0c38113b/gnocchi.a67be71d-9ebc-4ec0-a8d4-ffb3437a6083/none_v3" 201 - "PUT http://172.18.0.2:8080/d1/316/AUTH_a1e48568798a40f8b39bbf9d0c38113b/gnocchi.a67be71d-9ebc-4ec0-a8d4-ffb3437a6083/none_v3" "tx21658fc44e8241db9746e-00697cecf7" "object-server 25" 0.0008 "-" 15 0
Jan 30 17:40:07 standalone object-server[126450]: 172.20.0.100 - - [30/Jan/2026:17:40:07 +0000] "PUT /d1/316/AUTH_a1e48568798a40f8b39bbf9d0c38113b/gnocchi.a67be71d-9ebc-4ec0-a8d4-ffb3437a6083/none_v3" 201 - "PUT http://172.18.0.2:8080/v1/AUTH_a1e48568798a40f8b39bbf9d0c38113b/gnocchi.a67be71d-9ebc-4ec0-a8d4-ffb3437a6083/none_v3" "tx21658fc44e8241db9746e-00697cecf7" "proxy-server 20" 0.0152 "-" 25 0
Jan 30 17:40:07 standalone proxy-server[128378]: 172.18.0.2 172.18.0.100 30/Jan/2026/17/40/07 PUT /v1/AUTH_a1e48568798a40f8b39bbf9d0c38113b/gnocchi.a67be71d-9ebc-4ec0-a8d4-ffb3437a6083/none_v3 HTTP/1.0 201 - python-swiftclient-3.11.1 gAAAAABpfOxh1XDa... 22 - - tx21658fc44e8241db9746e-00697cecf7 - 0.0242 - - 1769794807.342818022 1769794807.367011070 0
Jan 30 17:40:07 standalone container-server[126060]: 172.20.0.100 - - [30/Jan/2026:17:40:07 +0000] "HEAD /d1/905/AUTH_a1e48568798a40f8b39bbf9d0c38113b/gnocchi.35665d0d-6874-4414-9305-7b2cfb74c272" 404 - "HEAD http://172.18.0.2:8080/v1/AUTH_a1e48568798a40f8b39bbf9d0c38113b/gnocchi.35665d0d-6874-4414-9305-7b2cfb74c272?format=json&states=listing" "tx7def07f15e304b4bab036-00697cecf7" "proxy-server 20" 0.0006 "-" 14 0
Jan 30 17:40:07 standalone object-server[126446]: 172.20.0.100 - - [30/Jan/2026:17:40:07 +0000] "GET /d1/640/AUTH_a1e48568798a40f8b39bbf9d0c38113b/gnocchi.35665d0d-6874-4414-9305-7b2cfb74c272/none_v3" 404 70 "GET http://172.18.0.2:8080/v1/AUTH_a1e48568798a40f8b39bbf9d0c38113b/gnocchi.35665d0d-6874-4414-9305-7b2cfb74c272/none_v3" "tx7def07f15e304b4bab036-00697cecf7" "proxy-server 20" 0.0006 "-" 24 0
Jan 30 17:40:07 standalone proxy-server[128378]: 172.18.0.2 172.18.0.100 30/Jan/2026/17/40/07 GET /v1/AUTH_a1e48568798a40f8b39bbf9d0c38113b/gnocchi.35665d0d-6874-4414-9305-7b2cfb74c272/none_v3 HTTP/1.0 404 - python-swiftclient-3.11.1 gAAAAABpfOxh1XDa... - 70 - tx7def07f15e304b4bab036-00697cecf7 - 0.0110 - - 1769794807.382884264 1769794807.393909931 0
Jan 30 17:40:07 standalone account-server[125934]: 172.20.0.100 - - [30/Jan/2026:17:40:07 +0000] "PUT /d1/377/AUTH_a1e48568798a40f8b39bbf9d0c38113b/gnocchi.35665d0d-6874-4414-9305-7b2cfb74c272" 201 - "PUT http://172.20.0.100:6001/d1/905/AUTH_a1e48568798a40f8b39bbf9d0c38113b/gnocchi.35665d0d-6874-4414-9305-7b2cfb74c272" "tx77433d64e4d8413fb8fcc-00697cecf7" "container-server 17" 0.0082 "-" 23 0
Jan 30 17:40:07 standalone container-server[126074]: 172.20.0.100 - - [30/Jan/2026:17:40:07 +0000] "PUT /d1/905/AUTH_a1e48568798a40f8b39bbf9d0c38113b/gnocchi.35665d0d-6874-4414-9305-7b2cfb74c272" 201 - "PUT http://172.18.0.2:8080/v1/AUTH_a1e48568798a40f8b39bbf9d0c38113b/gnocchi.35665d0d-6874-4414-9305-7b2cfb74c272" "tx77433d64e4d8413fb8fcc-00697cecf7" "proxy-server 20" 0.0202 "-" 17 0
Jan 30 17:40:07 standalone proxy-server[128378]: 172.18.0.2 172.18.0.100 30/Jan/2026/17/40/07 PUT /v1/AUTH_a1e48568798a40f8b39bbf9d0c38113b/gnocchi.35665d0d-6874-4414-9305-7b2cfb74c272 HTTP/1.0 201 - python-swiftclient-3.11.1 gAAAAABpfOxh1XDa... - - - tx77433d64e4d8413fb8fcc-00697cecf7 - 0.0277 - - 1769794807.397540808 1769794807.425213099 0
Jan 30 17:40:07 standalone container-server[126066]: 172.20.0.100 - - [30/Jan/2026:17:40:07 +0000] "HEAD /d1/905/AUTH_a1e48568798a40f8b39bbf9d0c38113b/gnocchi.35665d0d-6874-4414-9305-7b2cfb74c272" 204 - "HEAD http://172.18.0.2:8080/v1/AUTH_a1e48568798a40f8b39bbf9d0c38113b/gnocchi.35665d0d-6874-4414-9305-7b2cfb74c272?format=json&states=listing" "tx931dbddadc044b3f9ccfc-00697cecf7" "proxy-server 20" 0.0023 "-" 15 0
Jan 30 17:40:07 standalone proxy-server[128378]: - - 30/Jan/2026/17/40/07 HEAD /v1/AUTH_a1e48568798a40f8b39bbf9d0c38113b/gnocchi.35665d0d-6874-4414-9305-7b2cfb74c272%3Fformat%3Djson%26states%3Dlisting HTTP/1.0 204 - Swift - - - - tx931dbddadc044b3f9ccfc-00697cecf7 - 0.0075 RL - 1769794807.432623863 1769794807.440115929 0
Jan 30 17:40:07 standalone container-server[126068]: 172.20.0.100 - - [30/Jan/2026:17:40:07 +0000] "GET /d1/905/AUTH_a1e48568798a40f8b39bbf9d0c38113b/gnocchi.35665d0d-6874-4414-9305-7b2cfb74c272" 200 2 "GET http://172.18.0.2:8080/v1/AUTH_a1e48568798a40f8b39bbf9d0c38113b/gnocchi.35665d0d-6874-4414-9305-7b2cfb74c272?format=json&states=listing" "tx931dbddadc044b3f9ccfc-00697cecf7" "proxy-server 20" 0.0025 "-" 16 0
Jan 30 17:40:07 standalone proxy-server[128378]: 172.18.0.2 172.18.0.100 30/Jan/2026/17/40/07 GET /v1/AUTH_a1e48568798a40f8b39bbf9d0c38113b/gnocchi.35665d0d-6874-4414-9305-7b2cfb74c272%3Fformat%3Djson%26states%3Dlisting HTTP/1.0 200 - python-swiftclient-3.11.1 gAAAAABpfOxh1XDa... - 2 - tx931dbddadc044b3f9ccfc-00697cecf7 - 0.0268 - - 1769794807.431143284 1769794807.457910061 0
Jan 30 17:40:07 standalone object-server[126435]: 172.20.0.100 - - [30/Jan/2026:17:40:07 +0000] "GET /d1/449/AUTH_a1e48568798a40f8b39bbf9d0c38113b/gnocchi.35665d0d-6874-4414-9305-7b2cfb74c272/1769040000.0_mean_300.0_v3" 404 70 "GET http://172.18.0.2:8080/v1/AUTH_a1e48568798a40f8b39bbf9d0c38113b/gnocchi.35665d0d-6874-4414-9305-7b2cfb74c272/1769040000.0_mean_300.0_v3" "tx8dded263d35245d58e105-00697cecf7" "proxy-server 20" 0.0009 "-" 22 0
Jan 30 17:40:07 standalone proxy-server[128378]: 172.18.0.2 172.18.0.100 30/Jan/2026/17/40/07 GET /v1/AUTH_a1e48568798a40f8b39bbf9d0c38113b/gnocchi.35665d0d-6874-4414-9305-7b2cfb74c272/1769040000.0_mean_300.0_v3 HTTP/1.0 404 - python-swiftclient-3.11.1 gAAAAABpfOxh1XDa... - 70 - tx8dded263d35245d58e105-00697cecf7 - 0.0073 - - 1769794807.461918354 1769794807.469228268 0
Jan 30 17:40:07 standalone container-server[126066]: 172.20.0.100 - - [30/Jan/2026:17:40:07 +0000] "PUT /d1/905/AUTH_a1e48568798a40f8b39bbf9d0c38113b/gnocchi.35665d0d-6874-4414-9305-7b2cfb74c272/1769040000.0_mean_300.0_v3" 201 - "PUT http://172.18.0.2:8080/d1/449/AUTH_a1e48568798a40f8b39bbf9d0c38113b/gnocchi.35665d0d-6874-4414-9305-7b2cfb74c272/1769040000.0_mean_300.0_v3" "tx32ccdc1847ba41119731d-00697cecf7" "object-server 22" 0.0012 "-" 15 0
Jan 30 17:40:07 standalone object-server[126435]: 172.20.0.100 - - [30/Jan/2026:17:40:07 +0000] "PUT /d1/449/AUTH_a1e48568798a40f8b39bbf9d0c38113b/gnocchi.35665d0d-6874-4414-9305-7b2cfb74c272/1769040000.0_mean_300.0_v3" 201 - "PUT http://172.18.0.2:8080/v1/AUTH_a1e48568798a40f8b39bbf9d0c38113b/gnocchi.35665d0d-6874-4414-9305-7b2cfb74c272/1769040000.0_mean_300.0_v3" "tx32ccdc1847ba41119731d-00697cecf7" "proxy-server 20" 0.0216 "-" 22 0
Jan 30 17:40:07 standalone proxy-server[128378]: 172.18.0.2 172.18.0.100 30/Jan/2026/17/40/07 PUT /v1/AUTH_a1e48568798a40f8b39bbf9d0c38113b/gnocchi.35665d0d-6874-4414-9305-7b2cfb74c272/1769040000.0_mean_300.0_v3 HTTP/1.0 201 - python-swiftclient-3.11.1 gAAAAABpfOxh1XDa... 16 - - tx32ccdc1847ba41119731d-00697cecf7 - 0.0268 - - 1769794807.472342014 1769794807.499096394 0
Jan 30 17:40:07 standalone container-server[126074]: 172.20.0.100 - - [30/Jan/2026:17:40:07 +0000] "PUT /d1/905/AUTH_a1e48568798a40f8b39bbf9d0c38113b/gnocchi.35665d0d-6874-4414-9305-7b2cfb74c272/none_v3" 201 - "PUT http://172.18.0.2:8080/d1/640/AUTH_a1e48568798a40f8b39bbf9d0c38113b/gnocchi.35665d0d-6874-4414-9305-7b2cfb74c272/none_v3" "txda13e96a561a4bdb9a4f6-00697cecf7" "object-server 22" 0.0007 "-" 17 0
Jan 30 17:40:07 standalone object-server[126435]: 172.20.0.100 - - [30/Jan/2026:17:40:07 +0000] "PUT /d1/640/AUTH_a1e48568798a40f8b39bbf9d0c38113b/gnocchi.35665d0d-6874-4414-9305-7b2cfb74c272/none_v3" 201 - "PUT http://172.18.0.2:8080/v1/AUTH_a1e48568798a40f8b39bbf9d0c38113b/gnocchi.35665d0d-6874-4414-9305-7b2cfb74c272/none_v3" "txda13e96a561a4bdb9a4f6-00697cecf7" "proxy-server 20" 0.0118 "-" 22 0
Jan 30 17:40:07 standalone proxy-server[128378]: 172.18.0.2 172.18.0.100 30/Jan/2026/17/40/07 PUT /v1/AUTH_a1e48568798a40f8b39bbf9d0c38113b/gnocchi.35665d0d-6874-4414-9305-7b2cfb74c272/none_v3 HTTP/1.0 201 - python-swiftclient-3.11.1 gAAAAABpfOxh1XDa... 22 - - txda13e96a561a4bdb9a4f6-00697cecf7 - 0.0174 - - 1769794807.508094788 1769794807.525449514 0
Jan 30 17:40:07 standalone container-server[126068]: 172.20.0.100 - - [30/Jan/2026:17:40:07 +0000] "HEAD /d1/61/AUTH_a1e48568798a40f8b39bbf9d0c38113b/gnocchi.dec48f6c-2a27-465c-8631-a996a0c6590b" 404 - "HEAD http://172.18.0.2:8080/v1/AUTH_a1e48568798a40f8b39bbf9d0c38113b/gnocchi.dec48f6c-2a27-465c-8631-a996a0c6590b?format=json&states=listing" "tx296b6690a51e4ae196ae9-00697cecf7" "proxy-server 20" 0.0006 "-" 16 0
Jan 30 17:40:07 standalone object-server[126435]: 172.20.0.100 - - [30/Jan/2026:17:40:07 +0000] "GET /d1/26/AUTH_a1e48568798a40f8b39bbf9d0c38113b/gnocchi.dec48f6c-2a27-465c-8631-a996a0c6590b/none_v3" 404 70 "GET http://172.18.0.2:8080/v1/AUTH_a1e48568798a40f8b39bbf9d0c38113b/gnocchi.dec48f6c-2a27-465c-8631-a996a0c6590b/none_v3" "tx296b6690a51e4ae196ae9-00697cecf7" "proxy-server 20" 0.0007 "-" 22 0
Jan 30 17:40:07 standalone proxy-server[128378]: 172.18.0.2 172.18.0.100 30/Jan/2026/17/40/07 GET /v1/AUTH_a1e48568798a40f8b39bbf9d0c38113b/gnocchi.dec48f6c-2a27-465c-8631-a996a0c6590b/none_v3 HTTP/1.0 404 - python-swiftclient-3.11.1 gAAAAABpfOxh1XDa... - 70 - tx296b6690a51e4ae196ae9-00697cecf7 - 0.0114 - - 1769794807.537705660 1769794807.549152374 0
Jan 30 17:40:07 standalone account-server[125924]: 172.20.0.100 - - [30/Jan/2026:17:40:07 +0000] "PUT /d1/377/AUTH_a1e48568798a40f8b39bbf9d0c38113b/gnocchi.dec48f6c-2a27-465c-8631-a996a0c6590b" 201 - "PUT http://172.20.0.100:6001/d1/61/AUTH_a1e48568798a40f8b39bbf9d0c38113b/gnocchi.dec48f6c-2a27-465c-8631-a996a0c6590b" "tx97d2792aaf1b4330b1c63-00697cecf7" "container-server 15" 0.0058 "-" 20 0
Jan 30 17:40:07 standalone container-server[126066]: 172.20.0.100 - - [30/Jan/2026:17:40:07 +0000] "PUT /d1/61/AUTH_a1e48568798a40f8b39bbf9d0c38113b/gnocchi.dec48f6c-2a27-465c-8631-a996a0c6590b" 201 - "PUT http://172.18.0.2:8080/v1/AUTH_a1e48568798a40f8b39bbf9d0c38113b/gnocchi.dec48f6c-2a27-465c-8631-a996a0c6590b" "tx97d2792aaf1b4330b1c63-00697cecf7" "proxy-server 20" 0.0277 "-" 15 0
Jan 30 17:40:07 standalone proxy-server[128378]: 172.18.0.2 172.18.0.100 30/Jan/2026/17/40/07 PUT /v1/AUTH_a1e48568798a40f8b39bbf9d0c38113b/gnocchi.dec48f6c-2a27-465c-8631-a996a0c6590b HTTP/1.0 201 - python-swiftclient-3.11.1 gAAAAABpfOxh1XDa... - - - tx97d2792aaf1b4330b1c63-00697cecf7 - 0.0336 - - 1769794807.551631451 1769794807.585264206 0
Jan 30 17:40:07 standalone container-server[126068]: 172.20.0.100 - - [30/Jan/2026:17:40:07 +0000] "HEAD /d1/61/AUTH_a1e48568798a40f8b39bbf9d0c38113b/gnocchi.dec48f6c-2a27-465c-8631-a996a0c6590b" 204 - "HEAD http://172.18.0.2:8080/v1/AUTH_a1e48568798a40f8b39bbf9d0c38113b/gnocchi.dec48f6c-2a27-465c-8631-a996a0c6590b?format=json&states=listing" "txc4bb8116dfe144ba83235-00697cecf7" "proxy-server 20" 0.0020 "-" 16 0
Jan 30 17:40:07 standalone proxy-server[128378]: - - 30/Jan/2026/17/40/07 HEAD /v1/AUTH_a1e48568798a40f8b39bbf9d0c38113b/gnocchi.dec48f6c-2a27-465c-8631-a996a0c6590b%3Fformat%3Djson%26states%3Dlisting HTTP/1.0 204 - Swift - - - - txc4bb8116dfe144ba83235-00697cecf7 - 0.0053 RL - 1769794807.590584755 1769794807.595920086 0
Jan 30 17:40:07 standalone container-server[126068]: 172.20.0.100 - - [30/Jan/2026:17:40:07 +0000] "GET /d1/61/AUTH_a1e48568798a40f8b39bbf9d0c38113b/gnocchi.dec48f6c-2a27-465c-8631-a996a0c6590b" 200 2 "GET http://172.18.0.2:8080/v1/AUTH_a1e48568798a40f8b39bbf9d0c38113b/gnocchi.dec48f6c-2a27-465c-8631-a996a0c6590b?format=json&states=listing" "txc4bb8116dfe144ba83235-00697cecf7" "proxy-server 20" 0.0035 "-" 16 0
Jan 30 17:40:07 standalone proxy-server[128378]: 172.18.0.2 172.18.0.100 30/Jan/2026/17/40/07 GET /v1/AUTH_a1e48568798a40f8b39bbf9d0c38113b/gnocchi.dec48f6c-2a27-465c-8631-a996a0c6590b%3Fformat%3Djson%26states%3Dlisting HTTP/1.0 200 - python-swiftclient-3.11.1 gAAAAABpfOxh1XDa... - 2 - txc4bb8116dfe144ba83235-00697cecf7 - 0.0179 - - 1769794807.589500666 1769794807.607419729 0
Jan 30 17:40:07 standalone object-server[126435]: 172.20.0.100 - - [30/Jan/2026:17:40:07 +0000] "GET /d1/122/AUTH_a1e48568798a40f8b39bbf9d0c38113b/gnocchi.dec48f6c-2a27-465c-8631-a996a0c6590b/1769040000.0_mean_300.0_v3" 404 70 "GET http://172.18.0.2:8080/v1/AUTH_a1e48568798a40f8b39bbf9d0c38113b/gnocchi.dec48f6c-2a27-465c-8631-a996a0c6590b/1769040000.0_mean_300.0_v3" "txb7f21511840a452993539-00697cecf7" "proxy-server 20" 0.0009 "-" 22 0
Jan 30 17:40:07 standalone proxy-server[128378]: 172.18.0.2 172.18.0.100 30/Jan/2026/17/40/07 GET /v1/AUTH_a1e48568798a40f8b39bbf9d0c38113b/gnocchi.dec48f6c-2a27-465c-8631-a996a0c6590b/1769040000.0_mean_300.0_v3 HTTP/1.0 404 - python-swiftclient-3.11.1 gAAAAABpfOxh1XDa... - 70 - txb7f21511840a452993539-00697cecf7 - 0.0091 - - 1769794807.611932993 1769794807.621073961 0
Jan 30 17:40:07 standalone container-server[126060]: 172.20.0.100 - - [30/Jan/2026:17:40:07 +0000] "PUT /d1/61/AUTH_a1e48568798a40f8b39bbf9d0c38113b/gnocchi.dec48f6c-2a27-465c-8631-a996a0c6590b/1769040000.0_mean_300.0_v3" 201 - "PUT http://172.18.0.2:8080/d1/122/AUTH_a1e48568798a40f8b39bbf9d0c38113b/gnocchi.dec48f6c-2a27-465c-8631-a996a0c6590b/1769040000.0_mean_300.0_v3" "tx4f82770719ba42c0aed8c-00697cecf7" "object-server 24" 0.0009 "-" 14 0
Jan 30 17:40:07 standalone object-server[126446]: 172.20.0.100 - - [30/Jan/2026:17:40:07 +0000] "PUT /d1/122/AUTH_a1e48568798a40f8b39bbf9d0c38113b/gnocchi.dec48f6c-2a27-465c-8631-a996a0c6590b/1769040000.0_mean_300.0_v3" 201 - "PUT http://172.18.0.2:8080/v1/AUTH_a1e48568798a40f8b39bbf9d0c38113b/gnocchi.dec48f6c-2a27-465c-8631-a996a0c6590b/1769040000.0_mean_300.0_v3" "tx4f82770719ba42c0aed8c-00697cecf7" "proxy-server 20" 0.0154 "-" 24 0
Jan 30 17:40:07 standalone proxy-server[128378]: 172.18.0.2 172.18.0.100 30/Jan/2026/17/40/07 PUT /v1/AUTH_a1e48568798a40f8b39bbf9d0c38113b/gnocchi.dec48f6c-2a27-465c-8631-a996a0c6590b/1769040000.0_mean_300.0_v3 HTTP/1.0 201 - python-swiftclient-3.11.1 gAAAAABpfOxh1XDa... 16 - - tx4f82770719ba42c0aed8c-00697cecf7 - 0.0232 - - 1769794807.625021458 1769794807.648182869 0
Jan 30 17:40:07 standalone container-server[126074]: 172.20.0.100 - - [30/Jan/2026:17:40:07 +0000] "PUT /d1/61/AUTH_a1e48568798a40f8b39bbf9d0c38113b/gnocchi.dec48f6c-2a27-465c-8631-a996a0c6590b/none_v3" 201 - "PUT http://172.18.0.2:8080/d1/26/AUTH_a1e48568798a40f8b39bbf9d0c38113b/gnocchi.dec48f6c-2a27-465c-8631-a996a0c6590b/none_v3" "tx1989a89c086341b2a4003-00697cecf7" "object-server 23" 0.0007 "-" 17 0
Jan 30 17:40:07 standalone object-server[126441]: 172.20.0.100 - - [30/Jan/2026:17:40:07 +0000] "PUT /d1/26/AUTH_a1e48568798a40f8b39bbf9d0c38113b/gnocchi.dec48f6c-2a27-465c-8631-a996a0c6590b/none_v3" 201 - "PUT http://172.18.0.2:8080/v1/AUTH_a1e48568798a40f8b39bbf9d0c38113b/gnocchi.dec48f6c-2a27-465c-8631-a996a0c6590b/none_v3" "tx1989a89c086341b2a4003-00697cecf7" "proxy-server 20" 0.0153 "-" 23 0
Jan 30 17:40:07 standalone proxy-server[128378]: 172.18.0.2 172.18.0.100 30/Jan/2026/17/40/07 PUT /v1/AUTH_a1e48568798a40f8b39bbf9d0c38113b/gnocchi.dec48f6c-2a27-465c-8631-a996a0c6590b/none_v3 HTTP/1.0 201 - python-swiftclient-3.11.1 gAAAAABpfOxh1XDa... 22 - - tx1989a89c086341b2a4003-00697cecf7 - 0.0214 - - 1769794807.651548147 1769794807.672928572 0
Jan 30 17:40:13 standalone container-server[126068]: 172.20.0.100 - - [30/Jan/2026:17:40:13 +0000] "HEAD /d1/1021/AUTH_a1e48568798a40f8b39bbf9d0c38113b/gnocchi.9e29c30c-5a29-40c7-a3e2-27966f4a8f6f" 404 - "HEAD http://172.18.0.2:8080/v1/AUTH_a1e48568798a40f8b39bbf9d0c38113b/gnocchi.9e29c30c-5a29-40c7-a3e2-27966f4a8f6f?format=json&states=listing" "tx76f376b29b154664a881d-00697cecfd" "proxy-server 20" 0.0008 "-" 16 0
Jan 30 17:40:13 standalone object-server[126435]: 172.20.0.100 - - [30/Jan/2026:17:40:13 +0000] "GET /d1/1005/AUTH_a1e48568798a40f8b39bbf9d0c38113b/gnocchi.9e29c30c-5a29-40c7-a3e2-27966f4a8f6f/none_v3" 404 70 "GET http://172.18.0.2:8080/v1/AUTH_a1e48568798a40f8b39bbf9d0c38113b/gnocchi.9e29c30c-5a29-40c7-a3e2-27966f4a8f6f/none_v3" "tx76f376b29b154664a881d-00697cecfd" "proxy-server 20" 0.0012 "-" 22 0
Jan 30 17:40:13 standalone proxy-server[128378]: 172.18.0.2 172.18.0.100 30/Jan/2026/17/40/13 GET /v1/AUTH_a1e48568798a40f8b39bbf9d0c38113b/gnocchi.9e29c30c-5a29-40c7-a3e2-27966f4a8f6f/none_v3 HTTP/1.0 404 - python-swiftclient-3.11.1 gAAAAABpfOxh1XDa... - 70 - tx76f376b29b154664a881d-00697cecfd - 0.0192 - - 1769794813.572875500 1769794813.592076540 0
Jan 30 17:40:13 standalone account-server[125927]: 172.20.0.100 - - [30/Jan/2026:17:40:13 +0000] "PUT /d1/377/AUTH_a1e48568798a40f8b39bbf9d0c38113b/gnocchi.9e29c30c-5a29-40c7-a3e2-27966f4a8f6f" 201 - "PUT http://172.20.0.100:6001/d1/1021/AUTH_a1e48568798a40f8b39bbf9d0c38113b/gnocchi.9e29c30c-5a29-40c7-a3e2-27966f4a8f6f" "tx18749137d49a4598887d9-00697cecfd" "container-server 17" 0.0062 "-" 21 0
Jan 30 17:40:13 standalone container-server[126074]: 172.20.0.100 - - [30/Jan/2026:17:40:13 +0000] "PUT /d1/1021/AUTH_a1e48568798a40f8b39bbf9d0c38113b/gnocchi.9e29c30c-5a29-40c7-a3e2-27966f4a8f6f" 201 - "PUT http://172.18.0.2:8080/v1/AUTH_a1e48568798a40f8b39bbf9d0c38113b/gnocchi.9e29c30c-5a29-40c7-a3e2-27966f4a8f6f" "tx18749137d49a4598887d9-00697cecfd" "proxy-server 20" 0.0219 "-" 17 0
Jan 30 17:40:13 standalone proxy-server[128378]: 172.18.0.2 172.18.0.100 30/Jan/2026/17/40/13 PUT /v1/AUTH_a1e48568798a40f8b39bbf9d0c38113b/gnocchi.9e29c30c-5a29-40c7-a3e2-27966f4a8f6f HTTP/1.0 201 - python-swiftclient-3.11.1 gAAAAABpfOxh1XDa... - - - tx18749137d49a4598887d9-00697cecfd - 0.0304 - - 1769794813.598263502 1769794813.628628016 0
Jan 30 17:40:13 standalone container-server[126060]: 172.20.0.100 - - [30/Jan/2026:17:40:13 +0000] "HEAD /d1/1021/AUTH_a1e48568798a40f8b39bbf9d0c38113b/gnocchi.9e29c30c-5a29-40c7-a3e2-27966f4a8f6f" 204 - "HEAD http://172.18.0.2:8080/v1/AUTH_a1e48568798a40f8b39bbf9d0c38113b/gnocchi.9e29c30c-5a29-40c7-a3e2-27966f4a8f6f?format=json&states=listing" "tx973b57ad198d49b3877d9-00697cecfd" "proxy-server 20" 0.0012 "-" 14 0
Jan 30 17:40:13 standalone proxy-server[128378]: - - 30/Jan/2026/17/40/13 HEAD /v1/AUTH_a1e48568798a40f8b39bbf9d0c38113b/gnocchi.9e29c30c-5a29-40c7-a3e2-27966f4a8f6f%3Fformat%3Djson%26states%3Dlisting HTTP/1.0 204 - Swift - - - - tx973b57ad198d49b3877d9-00697cecfd - 0.0063 RL - 1769794813.633872032 1769794813.640194416 0
Jan 30 17:40:13 standalone container-server[126066]: 172.20.0.100 - - [30/Jan/2026:17:40:13 +0000] "GET /d1/1021/AUTH_a1e48568798a40f8b39bbf9d0c38113b/gnocchi.9e29c30c-5a29-40c7-a3e2-27966f4a8f6f" 200 2 "GET http://172.18.0.2:8080/v1/AUTH_a1e48568798a40f8b39bbf9d0c38113b/gnocchi.9e29c30c-5a29-40c7-a3e2-27966f4a8f6f?format=json&states=listing" "tx973b57ad198d49b3877d9-00697cecfd" "proxy-server 20" 0.0033 "-" 15 0
Jan 30 17:40:13 standalone proxy-server[128378]: 172.18.0.2 172.18.0.100 30/Jan/2026/17/40/13 GET /v1/AUTH_a1e48568798a40f8b39bbf9d0c38113b/gnocchi.9e29c30c-5a29-40c7-a3e2-27966f4a8f6f%3Fformat%3Djson%26states%3Dlisting HTTP/1.0 200 - python-swiftclient-3.11.1 gAAAAABpfOxh1XDa... - 2 - tx973b57ad198d49b3877d9-00697cecfd - 0.0205 - - 1769794813.632228613 1769794813.652765512 0
Jan 30 17:40:13 standalone object-server[126441]: 172.20.0.100 - - [30/Jan/2026:17:40:13 +0000] "GET /d1/799/AUTH_a1e48568798a40f8b39bbf9d0c38113b/gnocchi.9e29c30c-5a29-40c7-a3e2-27966f4a8f6f/1769040000.0_mean_300.0_v3" 404 70 "GET http://172.18.0.2:8080/v1/AUTH_a1e48568798a40f8b39bbf9d0c38113b/gnocchi.9e29c30c-5a29-40c7-a3e2-27966f4a8f6f/1769040000.0_mean_300.0_v3" "txc0fd22012f544fa0972c4-00697cecfd" "proxy-server 20" 0.0008 "-" 23 0
Jan 30 17:40:13 standalone proxy-server[128378]: 172.18.0.2 172.18.0.100 30/Jan/2026/17/40/13 GET /v1/AUTH_a1e48568798a40f8b39bbf9d0c38113b/gnocchi.9e29c30c-5a29-40c7-a3e2-27966f4a8f6f/1769040000.0_mean_300.0_v3 HTTP/1.0 404 - python-swiftclient-3.11.1 gAAAAABpfOxh1XDa... - 70 - txc0fd22012f544fa0972c4-00697cecfd - 0.0166 - - 1769794813.655925035 1769794813.672503471 0
Jan 30 17:40:13 standalone container-server[126074]: 172.20.0.100 - - [30/Jan/2026:17:40:13 +0000] "PUT /d1/1021/AUTH_a1e48568798a40f8b39bbf9d0c38113b/gnocchi.9e29c30c-5a29-40c7-a3e2-27966f4a8f6f/1769040000.0_mean_300.0_v3" 201 - "PUT http://172.18.0.2:8080/d1/799/AUTH_a1e48568798a40f8b39bbf9d0c38113b/gnocchi.9e29c30c-5a29-40c7-a3e2-27966f4a8f6f/1769040000.0_mean_300.0_v3" "tx0c53312474eb4dd4bf37e-00697cecfd" "object-server 23" 0.0009 "-" 17 0
Jan 30 17:40:13 standalone object-server[126441]: 172.20.0.100 - - [30/Jan/2026:17:40:13 +0000] "PUT /d1/799/AUTH_a1e48568798a40f8b39bbf9d0c38113b/gnocchi.9e29c30c-5a29-40c7-a3e2-27966f4a8f6f/1769040000.0_mean_300.0_v3" 201 - "PUT http://172.18.0.2:8080/v1/AUTH_a1e48568798a40f8b39bbf9d0c38113b/gnocchi.9e29c30c-5a29-40c7-a3e2-27966f4a8f6f/1769040000.0_mean_300.0_v3" "tx0c53312474eb4dd4bf37e-00697cecfd" "proxy-server 20" 0.0137 "-" 23 0
Jan 30 17:40:13 standalone proxy-server[128378]: 172.18.0.2 172.18.0.100 30/Jan/2026/17/40/13 PUT /v1/AUTH_a1e48568798a40f8b39bbf9d0c38113b/gnocchi.9e29c30c-5a29-40c7-a3e2-27966f4a8f6f/1769040000.0_mean_300.0_v3 HTTP/1.0 201 - python-swiftclient-3.11.1 gAAAAABpfOxh1XDa... 16 - - tx0c53312474eb4dd4bf37e-00697cecfd - 0.0224 - - 1769794813.676452398 1769794813.698880672 0
Jan 30 17:40:13 standalone container-server[126068]: 172.20.0.100 - - [30/Jan/2026:17:40:13 +0000] "PUT /d1/1021/AUTH_a1e48568798a40f8b39bbf9d0c38113b/gnocchi.9e29c30c-5a29-40c7-a3e2-27966f4a8f6f/none_v3" 201 - "PUT http://172.18.0.2:8080/d1/1005/AUTH_a1e48568798a40f8b39bbf9d0c38113b/gnocchi.9e29c30c-5a29-40c7-a3e2-27966f4a8f6f/none_v3" "txd0ad4dfee90f424ea6965-00697cecfd" "object-server 24" 0.0008 "-" 16 0
Jan 30 17:40:13 standalone object-server[126446]: 172.20.0.100 - - [30/Jan/2026:17:40:13 +0000] "PUT /d1/1005/AUTH_a1e48568798a40f8b39bbf9d0c38113b/gnocchi.9e29c30c-5a29-40c7-a3e2-27966f4a8f6f/none_v3" 201 - "PUT http://172.18.0.2:8080/v1/AUTH_a1e48568798a40f8b39bbf9d0c38113b/gnocchi.9e29c30c-5a29-40c7-a3e2-27966f4a8f6f/none_v3" "txd0ad4dfee90f424ea6965-00697cecfd" "proxy-server 20" 0.0110 "-" 24 0
Jan 30 17:40:13 standalone proxy-server[128378]: 172.18.0.2 172.18.0.100 30/Jan/2026/17/40/13 PUT /v1/AUTH_a1e48568798a40f8b39bbf9d0c38113b/gnocchi.9e29c30c-5a29-40c7-a3e2-27966f4a8f6f/none_v3 HTTP/1.0 201 - python-swiftclient-3.11.1 gAAAAABpfOxh1XDa... 22 - - txd0ad4dfee90f424ea6965-00697cecfd - 0.0195 - - 1769794813.701968193 1769794813.721425056 0
Jan 30 17:40:19 standalone object-server[126435]: 172.20.0.100 - - [30/Jan/2026:17:40:19 +0000] "GET /d1/1005/AUTH_a1e48568798a40f8b39bbf9d0c38113b/gnocchi.9e29c30c-5a29-40c7-a3e2-27966f4a8f6f/none_v3" 200 22 "GET http://172.18.0.2:8080/v1/AUTH_a1e48568798a40f8b39bbf9d0c38113b/gnocchi.9e29c30c-5a29-40c7-a3e2-27966f4a8f6f/none_v3" "tx1980bffd45d84900a3d30-00697ced03" "proxy-server 20" 0.0008 "-" 22 0
Jan 30 17:40:19 standalone proxy-server[128378]: 172.18.0.2 172.18.0.100 30/Jan/2026/17/40/19 GET /v1/AUTH_a1e48568798a40f8b39bbf9d0c38113b/gnocchi.9e29c30c-5a29-40c7-a3e2-27966f4a8f6f/none_v3 HTTP/1.0 200 - python-swiftclient-3.11.1 gAAAAABpfOxh1XDa... - 22 - tx1980bffd45d84900a3d30-00697ced03 - 0.0101 - - 1769794819.173966885 1769794819.184060574 0
Jan 30 17:40:19 standalone container-server[126060]: 172.20.0.100 - - [30/Jan/2026:17:40:19 +0000] "GET /d1/1021/AUTH_a1e48568798a40f8b39bbf9d0c38113b/gnocchi.9e29c30c-5a29-40c7-a3e2-27966f4a8f6f" 200 357 "GET http://172.18.0.2:8080/v1/AUTH_a1e48568798a40f8b39bbf9d0c38113b/gnocchi.9e29c30c-5a29-40c7-a3e2-27966f4a8f6f?format=json&states=listing" "txafb6887c0c08436491806-00697ced03" "proxy-server 20" 0.0104 "-" 14 0
Jan 30 17:40:19 standalone proxy-server[128378]: 172.18.0.2 172.18.0.100 30/Jan/2026/17/40/19 GET /v1/AUTH_a1e48568798a40f8b39bbf9d0c38113b/gnocchi.9e29c30c-5a29-40c7-a3e2-27966f4a8f6f%3Fformat%3Djson%26states%3Dlisting HTTP/1.0 200 - python-swiftclient-3.11.1 gAAAAABpfOxh1XDa... - 357 - txafb6887c0c08436491806-00697ced03 - 0.0204 - - 1769794819.187773466 1769794819.208218098 0
Jan 30 17:40:19 standalone container-server[126066]: 172.20.0.100 - - [30/Jan/2026:17:40:19 +0000] "GET /d1/1021/AUTH_a1e48568798a40f8b39bbf9d0c38113b/gnocchi.9e29c30c-5a29-40c7-a3e2-27966f4a8f6f" 200 2 "GET http://172.18.0.2:8080/v1/AUTH_a1e48568798a40f8b39bbf9d0c38113b/gnocchi.9e29c30c-5a29-40c7-a3e2-27966f4a8f6f?format=json&marker=none_v3&states=listing" "txde6c3c1aa3b9490e9f7cd-00697ced03" "proxy-server 20" 0.0043 "-" 15 0
Jan 30 17:40:19 standalone proxy-server[128378]: 172.18.0.2 172.18.0.100 30/Jan/2026/17/40/19 GET /v1/AUTH_a1e48568798a40f8b39bbf9d0c38113b/gnocchi.9e29c30c-5a29-40c7-a3e2-27966f4a8f6f%3Fformat%3Djson%26marker%3Dnone_v3%26states%3Dlisting HTTP/1.0 200 - python-swiftclient-3.11.1 gAAAAABpfOxh1XDa... - 2 - txde6c3c1aa3b9490e9f7cd-00697ced03 - 0.0147 - - 1769794819.210901737 1769794819.225645304 0
Jan 30 17:40:19 standalone object-server[126435]: 172.20.0.100 - - [30/Jan/2026:17:40:19 +0000] "GET /d1/799/AUTH_a1e48568798a40f8b39bbf9d0c38113b/gnocchi.9e29c30c-5a29-40c7-a3e2-27966f4a8f6f/1769040000.0_mean_300.0_v3" 200 16 "GET http://172.18.0.2:8080/v1/AUTH_a1e48568798a40f8b39bbf9d0c38113b/gnocchi.9e29c30c-5a29-40c7-a3e2-27966f4a8f6f/1769040000.0_mean_300.0_v3" "txb286af7eb2734badbb166-00697ced03" "proxy-server 20" 0.0016 "-" 22 0
Jan 30 17:40:19 standalone proxy-server[128378]: 172.18.0.2 172.18.0.100 30/Jan/2026/17/40/19 GET /v1/AUTH_a1e48568798a40f8b39bbf9d0c38113b/gnocchi.9e29c30c-5a29-40c7-a3e2-27966f4a8f6f/1769040000.0_mean_300.0_v3 HTTP/1.0 200 - python-swiftclient-3.11.1 gAAAAABpfOxh1XDa... - 16 - txb286af7eb2734badbb166-00697ced03 - 0.0080 - - 1769794819.230725288 1769794819.238740683 0
Jan 30 17:40:19 standalone container-server[126060]: 172.20.0.100 - - [30/Jan/2026:17:40:19 +0000] "PUT /d1/1021/AUTH_a1e48568798a40f8b39bbf9d0c38113b/gnocchi.9e29c30c-5a29-40c7-a3e2-27966f4a8f6f/1769040000.0_mean_300.0_v3" 201 - "PUT http://172.18.0.2:8080/d1/799/AUTH_a1e48568798a40f8b39bbf9d0c38113b/gnocchi.9e29c30c-5a29-40c7-a3e2-27966f4a8f6f/1769040000.0_mean_300.0_v3" "tx3c3d4aad292042e0813e9-00697ced03" "object-server 23" 0.0010 "-" 14 0
Jan 30 17:40:19 standalone object-server[126441]: 172.20.0.100 - - [30/Jan/2026:17:40:19 +0000] "PUT /d1/799/AUTH_a1e48568798a40f8b39bbf9d0c38113b/gnocchi.9e29c30c-5a29-40c7-a3e2-27966f4a8f6f/1769040000.0_mean_300.0_v3" 201 - "PUT http://172.18.0.2:8080/v1/AUTH_a1e48568798a40f8b39bbf9d0c38113b/gnocchi.9e29c30c-5a29-40c7-a3e2-27966f4a8f6f/1769040000.0_mean_300.0_v3" "tx3c3d4aad292042e0813e9-00697ced03" "proxy-server 20" 0.0100 "-" 23 0
Jan 30 17:40:19 standalone proxy-server[128378]: 172.18.0.2 172.18.0.100 30/Jan/2026/17/40/19 PUT /v1/AUTH_a1e48568798a40f8b39bbf9d0c38113b/gnocchi.9e29c30c-5a29-40c7-a3e2-27966f4a8f6f/1769040000.0_mean_300.0_v3 HTTP/1.0 201 - python-swiftclient-3.11.1 gAAAAABpfOxh1XDa... 16 - - tx3c3d4aad292042e0813e9-00697ced03 - 0.0145 - - 1769794819.242374659 1769794819.256843090 0
Jan 30 17:40:19 standalone container-server[126068]: 172.20.0.100 - - [30/Jan/2026:17:40:19 +0000] "PUT /d1/1021/AUTH_a1e48568798a40f8b39bbf9d0c38113b/gnocchi.9e29c30c-5a29-40c7-a3e2-27966f4a8f6f/none_v3" 201 - "PUT http://172.18.0.2:8080/d1/1005/AUTH_a1e48568798a40f8b39bbf9d0c38113b/gnocchi.9e29c30c-5a29-40c7-a3e2-27966f4a8f6f/none_v3" "tx4796ef1956c54c8499849-00697ced03" "object-server 23" 0.0007 "-" 16 0
Jan 30 17:40:19 standalone object-server[126441]: 172.20.0.100 - - [30/Jan/2026:17:40:19 +0000] "PUT /d1/1005/AUTH_a1e48568798a40f8b39bbf9d0c38113b/gnocchi.9e29c30c-5a29-40c7-a3e2-27966f4a8f6f/none_v3" 201 - "PUT http://172.18.0.2:8080/v1/AUTH_a1e48568798a40f8b39bbf9d0c38113b/gnocchi.9e29c30c-5a29-40c7-a3e2-27966f4a8f6f/none_v3" "tx4796ef1956c54c8499849-00697ced03" "proxy-server 20" 0.0093 "-" 23 0
Jan 30 17:40:19 standalone proxy-server[128378]: 172.18.0.2 172.18.0.100 30/Jan/2026/17/40/19 PUT /v1/AUTH_a1e48568798a40f8b39bbf9d0c38113b/gnocchi.9e29c30c-5a29-40c7-a3e2-27966f4a8f6f/none_v3 HTTP/1.0 201 - python-swiftclient-3.11.1 gAAAAABpfOxh1XDa... 32 - - tx4796ef1956c54c8499849-00697ced03 - 0.0133 - - 1769794819.260107279 1769794819.273403406 0
Jan 30 17:40:46 standalone account-server[125924]: 172.20.0.100 - - [30/Jan/2026:17:40:46 +0000] "HEAD /d1/377/AUTH_a1e48568798a40f8b39bbf9d0c38113b" 204 - "HEAD http://172.18.0.2:8080/v1/AUTH_a1e48568798a40f8b39bbf9d0c38113b?format=json" "tx6ab074615c2d4a909e544-00697ced1e" "proxy-server 20" 0.0115 "-" 20 -
Jan 30 17:40:46 standalone proxy-server[128378]: - - 30/Jan/2026/17/40/46 HEAD /v1/AUTH_a1e48568798a40f8b39bbf9d0c38113b%3Fformat%3Djson HTTP/1.0 204 - Swift - - - - tx6ab074615c2d4a909e544-00697ced1e - 0.0213 RL - 1769794846.765743017 1769794846.787010193 -
Jan 30 17:40:46 standalone container-server[126060]: 172.20.0.100 - - [30/Jan/2026:17:40:46 +0000] "HEAD /d1/36/AUTH_a1e48568798a40f8b39bbf9d0c38113b/gnocchi.6698dbd4-71b0-4b5e-ae46-53cc87d03663" 404 - "HEAD http://172.18.0.2:8080/v1/AUTH_a1e48568798a40f8b39bbf9d0c38113b/gnocchi.6698dbd4-71b0-4b5e-ae46-53cc87d03663?format=json&states=listing" "tx6ab074615c2d4a909e544-00697ced1e" "proxy-server 20" 0.0007 "-" 14 0
Jan 30 17:40:46 standalone object-server[126446]: 172.20.0.100 - - [30/Jan/2026:17:40:46 +0000] "GET /d1/446/AUTH_a1e48568798a40f8b39bbf9d0c38113b/gnocchi.6698dbd4-71b0-4b5e-ae46-53cc87d03663/none_v3" 404 70 "GET http://172.18.0.2:8080/v1/AUTH_a1e48568798a40f8b39bbf9d0c38113b/gnocchi.6698dbd4-71b0-4b5e-ae46-53cc87d03663/none_v3" "tx6ab074615c2d4a909e544-00697ced1e" "proxy-server 20" 0.0007 "-" 24 0
Jan 30 17:40:46 standalone proxy-server[128378]: 172.18.0.2 172.18.0.100 30/Jan/2026/17/40/46 GET /v1/AUTH_a1e48568798a40f8b39bbf9d0c38113b/gnocchi.6698dbd4-71b0-4b5e-ae46-53cc87d03663/none_v3 HTTP/1.0 404 - python-swiftclient-3.11.1 gAAAAABpfOxh1XDa... - 70 - tx6ab074615c2d4a909e544-00697ced1e - 0.0326 - - 1769794846.765082836 1769794846.797680140 0
Jan 30 17:40:46 standalone account-server[125929]: 172.20.0.100 - - [30/Jan/2026:17:40:46 +0000] "PUT /d1/377/AUTH_a1e48568798a40f8b39bbf9d0c38113b/gnocchi.6698dbd4-71b0-4b5e-ae46-53cc87d03663" 201 - "PUT http://172.20.0.100:6001/d1/36/AUTH_a1e48568798a40f8b39bbf9d0c38113b/gnocchi.6698dbd4-71b0-4b5e-ae46-53cc87d03663" "txe71b56ecfef64dff8f57f-00697ced1e" "container-server 17" 0.0014 "-" 22 0
Jan 30 17:40:46 standalone container-server[126074]: 172.20.0.100 - - [30/Jan/2026:17:40:46 +0000] "PUT /d1/36/AUTH_a1e48568798a40f8b39bbf9d0c38113b/gnocchi.6698dbd4-71b0-4b5e-ae46-53cc87d03663" 201 - "PUT http://172.18.0.2:8080/v1/AUTH_a1e48568798a40f8b39bbf9d0c38113b/gnocchi.6698dbd4-71b0-4b5e-ae46-53cc87d03663" "txe71b56ecfef64dff8f57f-00697ced1e" "proxy-server 20" 0.0135 "-" 17 0
Jan 30 17:40:46 standalone proxy-server[128378]: 172.18.0.2 172.18.0.100 30/Jan/2026/17/40/46 PUT /v1/AUTH_a1e48568798a40f8b39bbf9d0c38113b/gnocchi.6698dbd4-71b0-4b5e-ae46-53cc87d03663 HTTP/1.0 201 - python-swiftclient-3.11.1 gAAAAABpfOxh1XDa... - - - txe71b56ecfef64dff8f57f-00697ced1e - 0.0206 - - 1769794846.800201178 1769794846.820806026 0
Jan 30 17:40:46 standalone container-server[126060]: 172.20.0.100 - - [30/Jan/2026:17:40:46 +0000] "HEAD /d1/36/AUTH_a1e48568798a40f8b39bbf9d0c38113b/gnocchi.6698dbd4-71b0-4b5e-ae46-53cc87d03663" 204 - "HEAD http://172.18.0.2:8080/v1/AUTH_a1e48568798a40f8b39bbf9d0c38113b/gnocchi.6698dbd4-71b0-4b5e-ae46-53cc87d03663?format=json&states=listing" "tx29f0ce54c56c442eaa88d-00697ced1e" "proxy-server 20" 0.0019 "-" 14 0
Jan 30 17:40:46 standalone proxy-server[128378]: - - 30/Jan/2026/17/40/46 HEAD /v1/AUTH_a1e48568798a40f8b39bbf9d0c38113b/gnocchi.6698dbd4-71b0-4b5e-ae46-53cc87d03663%3Fformat%3Djson%26states%3Dlisting HTTP/1.0 204 - Swift - - - - tx29f0ce54c56c442eaa88d-00697ced1e - 0.0048 RL - 1769794846.824437857 1769794846.829194784 0
Jan 30 17:40:46 standalone container-server[126074]: 172.20.0.100 - - [30/Jan/2026:17:40:46 +0000] "GET /d1/36/AUTH_a1e48568798a40f8b39bbf9d0c38113b/gnocchi.6698dbd4-71b0-4b5e-ae46-53cc87d03663" 200 2 "GET http://172.18.0.2:8080/v1/AUTH_a1e48568798a40f8b39bbf9d0c38113b/gnocchi.6698dbd4-71b0-4b5e-ae46-53cc87d03663?format=json&states=listing" "tx29f0ce54c56c442eaa88d-00697ced1e" "proxy-server 20" 0.0018 "-" 17 0
Jan 30 17:40:46 standalone proxy-server[128378]: 172.18.0.2 172.18.0.100 30/Jan/2026/17/40/46 GET /v1/AUTH_a1e48568798a40f8b39bbf9d0c38113b/gnocchi.6698dbd4-71b0-4b5e-ae46-53cc87d03663%3Fformat%3Djson%26states%3Dlisting HTTP/1.0 200 - python-swiftclient-3.11.1 gAAAAABpfOxh1XDa... - 2 - tx29f0ce54c56c442eaa88d-00697ced1e - 0.0127 - - 1769794846.823540926 1769794846.836290359 0
Jan 30 17:40:46 standalone object-server[126450]: 172.20.0.100 - - [30/Jan/2026:17:40:46 +0000] "GET /d1/228/AUTH_a1e48568798a40f8b39bbf9d0c38113b/gnocchi.6698dbd4-71b0-4b5e-ae46-53cc87d03663/1769040000.0_mean_300.0_v3" 404 70 "GET http://172.18.0.2:8080/v1/AUTH_a1e48568798a40f8b39bbf9d0c38113b/gnocchi.6698dbd4-71b0-4b5e-ae46-53cc87d03663/1769040000.0_mean_300.0_v3" "tx8247077e30e24b4789615-00697ced1e" "proxy-server 20" 0.0004 "-" 25 0
Jan 30 17:40:46 standalone proxy-server[128378]: 172.18.0.2 172.18.0.100 30/Jan/2026/17/40/46 GET /v1/AUTH_a1e48568798a40f8b39bbf9d0c38113b/gnocchi.6698dbd4-71b0-4b5e-ae46-53cc87d03663/1769040000.0_mean_300.0_v3 HTTP/1.0 404 - python-swiftclient-3.11.1 gAAAAABpfOxh1XDa... - 70 - tx8247077e30e24b4789615-00697ced1e - 0.0049 - - 1769794846.840022802 1769794846.844953775 0
Jan 30 17:40:46 standalone container-server[126068]: 172.20.0.100 - - [30/Jan/2026:17:40:46 +0000] "PUT /d1/36/AUTH_a1e48568798a40f8b39bbf9d0c38113b/gnocchi.6698dbd4-71b0-4b5e-ae46-53cc87d03663/1769040000.0_mean_300.0_v3" 201 - "PUT http://172.18.0.2:8080/d1/228/AUTH_a1e48568798a40f8b39bbf9d0c38113b/gnocchi.6698dbd4-71b0-4b5e-ae46-53cc87d03663/1769040000.0_mean_300.0_v3" "txb13958d09195427da7991-00697ced1e" "object-server 23" 0.0006 "-" 16 0
Jan 30 17:40:46 standalone object-server[126441]: 172.20.0.100 - - [30/Jan/2026:17:40:46 +0000] "PUT /d1/228/AUTH_a1e48568798a40f8b39bbf9d0c38113b/gnocchi.6698dbd4-71b0-4b5e-ae46-53cc87d03663/1769040000.0_mean_300.0_v3" 201 - "PUT http://172.18.0.2:8080/v1/AUTH_a1e48568798a40f8b39bbf9d0c38113b/gnocchi.6698dbd4-71b0-4b5e-ae46-53cc87d03663/1769040000.0_mean_300.0_v3" "txb13958d09195427da7991-00697ced1e" "proxy-server 20" 0.0104 "-" 23 0
Jan 30 17:40:46 standalone proxy-server[128378]: 172.18.0.2 172.18.0.100 30/Jan/2026/17/40/46 PUT /v1/AUTH_a1e48568798a40f8b39bbf9d0c38113b/gnocchi.6698dbd4-71b0-4b5e-ae46-53cc87d03663/1769040000.0_mean_300.0_v3 HTTP/1.0 201 - python-swiftclient-3.11.1 gAAAAABpfOxh1XDa... 16 - - txb13958d09195427da7991-00697ced1e - 0.0156 - - 1769794846.847887754 1769794846.863448143 0
Jan 30 17:40:46 standalone container-server[126074]: 172.20.0.100 - - [30/Jan/2026:17:40:46 +0000] "PUT /d1/36/AUTH_a1e48568798a40f8b39bbf9d0c38113b/gnocchi.6698dbd4-71b0-4b5e-ae46-53cc87d03663/none_v3" 201 - "PUT http://172.18.0.2:8080/d1/446/AUTH_a1e48568798a40f8b39bbf9d0c38113b/gnocchi.6698dbd4-71b0-4b5e-ae46-53cc87d03663/none_v3" "txfca4016e61384763a03ab-00697ced1e" "object-server 24" 0.0005 "-" 17 0
Jan 30 17:40:46 standalone object-server[126446]: 172.20.0.100 - - [30/Jan/2026:17:40:46 +0000] "PUT /d1/446/AUTH_a1e48568798a40f8b39bbf9d0c38113b/gnocchi.6698dbd4-71b0-4b5e-ae46-53cc87d03663/none_v3" 201 - "PUT http://172.18.0.2:8080/v1/AUTH_a1e48568798a40f8b39bbf9d0c38113b/gnocchi.6698dbd4-71b0-4b5e-ae46-53cc87d03663/none_v3" "txfca4016e61384763a03ab-00697ced1e" "proxy-server 20" 0.0110 "-" 24 0
Jan 30 17:40:46 standalone proxy-server[128378]: 172.18.0.2 172.18.0.100 30/Jan/2026/17/40/46 PUT /v1/AUTH_a1e48568798a40f8b39bbf9d0c38113b/gnocchi.6698dbd4-71b0-4b5e-ae46-53cc87d03663/none_v3 HTTP/1.0 201 - python-swiftclient-3.11.1 gAAAAABpfOxh1XDa... 22 - - txfca4016e61384763a03ab-00697ced1e - 0.0166 - - 1769794846.865922928 1769794846.882481813 0
Jan 30 17:40:46 standalone container-server[126074]: 172.20.0.100 - - [30/Jan/2026:17:40:46 +0000] "HEAD /d1/301/AUTH_a1e48568798a40f8b39bbf9d0c38113b/gnocchi.1df36743-54a8-40a0-ba47-f318aebe0327" 404 - "HEAD http://172.18.0.2:8080/v1/AUTH_a1e48568798a40f8b39bbf9d0c38113b/gnocchi.1df36743-54a8-40a0-ba47-f318aebe0327?format=json&states=listing" "tx0f5693ea967949edbe26f-00697ced1e" "proxy-server 20" 0.0003 "-" 17 0
Jan 30 17:40:46 standalone object-server[126446]: 172.20.0.100 - - [30/Jan/2026:17:40:46 +0000] "GET /d1/69/AUTH_a1e48568798a40f8b39bbf9d0c38113b/gnocchi.1df36743-54a8-40a0-ba47-f318aebe0327/none_v3" 404 70 "GET http://172.18.0.2:8080/v1/AUTH_a1e48568798a40f8b39bbf9d0c38113b/gnocchi.1df36743-54a8-40a0-ba47-f318aebe0327/none_v3" "tx0f5693ea967949edbe26f-00697ced1e" "proxy-server 20" 0.0004 "-" 24 0
Jan 30 17:40:46 standalone proxy-server[128378]: 172.18.0.2 172.18.0.100 30/Jan/2026/17/40/46 GET /v1/AUTH_a1e48568798a40f8b39bbf9d0c38113b/gnocchi.1df36743-54a8-40a0-ba47-f318aebe0327/none_v3 HTTP/1.0 404 - python-swiftclient-3.11.1 gAAAAABpfOxh1XDa... - 70 - tx0f5693ea967949edbe26f-00697ced1e - 0.0076 - - 1769794846.891046047 1769794846.898664713 0
Jan 30 17:40:46 standalone account-server[125934]: 172.20.0.100 - - [30/Jan/2026:17:40:46 +0000] "PUT /d1/377/AUTH_a1e48568798a40f8b39bbf9d0c38113b/gnocchi.1df36743-54a8-40a0-ba47-f318aebe0327" 201 - "PUT http://172.20.0.100:6001/d1/301/AUTH_a1e48568798a40f8b39bbf9d0c38113b/gnocchi.1df36743-54a8-40a0-ba47-f318aebe0327" "tx4b54bd931cdc41afbfe81-00697ced1e" "container-server 17" 0.0039 "-" 23 0
Jan 30 17:40:46 standalone container-server[126074]: 172.20.0.100 - - [30/Jan/2026:17:40:46 +0000] "PUT /d1/301/AUTH_a1e48568798a40f8b39bbf9d0c38113b/gnocchi.1df36743-54a8-40a0-ba47-f318aebe0327" 201 - "PUT http://172.18.0.2:8080/v1/AUTH_a1e48568798a40f8b39bbf9d0c38113b/gnocchi.1df36743-54a8-40a0-ba47-f318aebe0327" "tx4b54bd931cdc41afbfe81-00697ced1e" "proxy-server 20" 0.0133 "-" 17 0
Jan 30 17:40:46 standalone proxy-server[128378]: 172.18.0.2 172.18.0.100 30/Jan/2026/17/40/46 PUT /v1/AUTH_a1e48568798a40f8b39bbf9d0c38113b/gnocchi.1df36743-54a8-40a0-ba47-f318aebe0327 HTTP/1.0 201 - python-swiftclient-3.11.1 gAAAAABpfOxh1XDa... - - - tx4b54bd931cdc41afbfe81-00697ced1e - 0.0180 - - 1769794846.900876760 1769794846.918851852 0
Jan 30 17:40:46 standalone container-server[126068]: 172.20.0.100 - - [30/Jan/2026:17:40:46 +0000] "HEAD /d1/301/AUTH_a1e48568798a40f8b39bbf9d0c38113b/gnocchi.1df36743-54a8-40a0-ba47-f318aebe0327" 204 - "HEAD http://172.18.0.2:8080/v1/AUTH_a1e48568798a40f8b39bbf9d0c38113b/gnocchi.1df36743-54a8-40a0-ba47-f318aebe0327?format=json&states=listing" "tx198c260db34f4945b7aae-00697ced1e" "proxy-server 20" 0.0012 "-" 16 0
Jan 30 17:40:46 standalone proxy-server[128378]: - - 30/Jan/2026/17/40/46 HEAD /v1/AUTH_a1e48568798a40f8b39bbf9d0c38113b/gnocchi.1df36743-54a8-40a0-ba47-f318aebe0327%3Fformat%3Djson%26states%3Dlisting HTTP/1.0 204 - Swift - - - - tx198c260db34f4945b7aae-00697ced1e - 0.0040 RL - 1769794846.923319817 1769794846.927318811 0
Jan 30 17:40:46 standalone container-server[126066]: 172.20.0.100 - - [30/Jan/2026:17:40:46 +0000] "GET /d1/301/AUTH_a1e48568798a40f8b39bbf9d0c38113b/gnocchi.1df36743-54a8-40a0-ba47-f318aebe0327" 200 2 "GET http://172.18.0.2:8080/v1/AUTH_a1e48568798a40f8b39bbf9d0c38113b/gnocchi.1df36743-54a8-40a0-ba47-f318aebe0327?format=json&states=listing" "tx198c260db34f4945b7aae-00697ced1e" "proxy-server 20" 0.0018 "-" 15 0
Jan 30 17:40:46 standalone proxy-server[128378]: 172.18.0.2 172.18.0.100 30/Jan/2026/17/40/46 GET /v1/AUTH_a1e48568798a40f8b39bbf9d0c38113b/gnocchi.1df36743-54a8-40a0-ba47-f318aebe0327%3Fformat%3Djson%26states%3Dlisting HTTP/1.0 200 - python-swiftclient-3.11.1 gAAAAABpfOxh1XDa... - 2 - tx198c260db34f4945b7aae-00697ced1e - 0.0127 - - 1769794846.922474861 1769794846.935195684 0
Jan 30 17:40:46 standalone object-server[126435]: 172.20.0.100 - - [30/Jan/2026:17:40:46 +0000] "GET /d1/400/AUTH_a1e48568798a40f8b39bbf9d0c38113b/gnocchi.1df36743-54a8-40a0-ba47-f318aebe0327/1769040000.0_mean_300.0_v3" 404 70 "GET http://172.18.0.2:8080/v1/AUTH_a1e48568798a40f8b39bbf9d0c38113b/gnocchi.1df36743-54a8-40a0-ba47-f318aebe0327/1769040000.0_mean_300.0_v3" "txc214487c682a4c6a9d649-00697ced1e" "proxy-server 20" 0.0003 "-" 22 0
Jan 30 17:40:46 standalone proxy-server[128378]: 172.18.0.2 172.18.0.100 30/Jan/2026/17/40/46 GET /v1/AUTH_a1e48568798a40f8b39bbf9d0c38113b/gnocchi.1df36743-54a8-40a0-ba47-f318aebe0327/1769040000.0_mean_300.0_v3 HTTP/1.0 404 - python-swiftclient-3.11.1 gAAAAABpfOxh1XDa... - 70 - txc214487c682a4c6a9d649-00697ced1e - 0.0055 - - 1769794846.938056231 1769794846.943536997 0
Jan 30 17:40:46 standalone container-server[126068]: 172.20.0.100 - - [30/Jan/2026:17:40:46 +0000] "PUT /d1/301/AUTH_a1e48568798a40f8b39bbf9d0c38113b/gnocchi.1df36743-54a8-40a0-ba47-f318aebe0327/1769040000.0_mean_300.0_v3" 201 - "PUT http://172.18.0.2:8080/d1/400/AUTH_a1e48568798a40f8b39bbf9d0c38113b/gnocchi.1df36743-54a8-40a0-ba47-f318aebe0327/1769040000.0_mean_300.0_v3" "tx8c1cbab2a7084a219596a-00697ced1e" "object-server 22" 0.0006 "-" 16 0
Jan 30 17:40:46 standalone object-server[126435]: 172.20.0.100 - - [30/Jan/2026:17:40:46 +0000] "PUT /d1/400/AUTH_a1e48568798a40f8b39bbf9d0c38113b/gnocchi.1df36743-54a8-40a0-ba47-f318aebe0327/1769040000.0_mean_300.0_v3" 201 - "PUT http://172.18.0.2:8080/v1/AUTH_a1e48568798a40f8b39bbf9d0c38113b/gnocchi.1df36743-54a8-40a0-ba47-f318aebe0327/1769040000.0_mean_300.0_v3" "tx8c1cbab2a7084a219596a-00697ced1e" "proxy-server 20" 0.0080 "-" 22 0
Jan 30 17:40:46 standalone proxy-server[128378]: 172.18.0.2 172.18.0.100 30/Jan/2026/17/40/46 PUT /v1/AUTH_a1e48568798a40f8b39bbf9d0c38113b/gnocchi.1df36743-54a8-40a0-ba47-f318aebe0327/1769040000.0_mean_300.0_v3 HTTP/1.0 201 - python-swiftclient-3.11.1 gAAAAABpfOxh1XDa... 16 - - tx8c1cbab2a7084a219596a-00697ced1e - 0.0113 - - 1769794846.945409060 1769794846.956712961 0
Jan 30 17:40:46 standalone container-server[126068]: 172.20.0.100 - - [30/Jan/2026:17:40:46 +0000] "PUT /d1/301/AUTH_a1e48568798a40f8b39bbf9d0c38113b/gnocchi.1df36743-54a8-40a0-ba47-f318aebe0327/none_v3" 201 - "PUT http://172.18.0.2:8080/d1/69/AUTH_a1e48568798a40f8b39bbf9d0c38113b/gnocchi.1df36743-54a8-40a0-ba47-f318aebe0327/none_v3" "tx80317919e1384da1bd551-00697ced1e" "object-server 23" 0.0003 "-" 16 0
Jan 30 17:40:46 standalone object-server[126441]: 172.20.0.100 - - [30/Jan/2026:17:40:46 +0000] "PUT /d1/69/AUTH_a1e48568798a40f8b39bbf9d0c38113b/gnocchi.1df36743-54a8-40a0-ba47-f318aebe0327/none_v3" 201 - "PUT http://172.18.0.2:8080/v1/AUTH_a1e48568798a40f8b39bbf9d0c38113b/gnocchi.1df36743-54a8-40a0-ba47-f318aebe0327/none_v3" "tx80317919e1384da1bd551-00697ced1e" "proxy-server 20" 0.0073 "-" 23 0
Jan 30 17:40:46 standalone proxy-server[128378]: 172.18.0.2 172.18.0.100 30/Jan/2026/17/40/46 PUT /v1/AUTH_a1e48568798a40f8b39bbf9d0c38113b/gnocchi.1df36743-54a8-40a0-ba47-f318aebe0327/none_v3 HTTP/1.0 201 - python-swiftclient-3.11.1 gAAAAABpfOxh1XDa... 22 - - tx80317919e1384da1bd551-00697ced1e - 0.0115 - - 1769794846.958286047 1769794846.969759464 0
Jan 30 17:40:46 standalone container-server[126074]: 172.20.0.100 - - [30/Jan/2026:17:40:46 +0000] "HEAD /d1/954/AUTH_a1e48568798a40f8b39bbf9d0c38113b/gnocchi.2789a26e-6b6e-4b1a-b700-21e418037084" 404 - "HEAD http://172.18.0.2:8080/v1/AUTH_a1e48568798a40f8b39bbf9d0c38113b/gnocchi.2789a26e-6b6e-4b1a-b700-21e418037084?format=json&states=listing" "tx3c476d7fb45e4fdc99225-00697ced1e" "proxy-server 20" 0.0004 "-" 17 0
Jan 30 17:40:46 standalone object-server[126435]: 172.20.0.100 - - [30/Jan/2026:17:40:46 +0000] "GET /d1/379/AUTH_a1e48568798a40f8b39bbf9d0c38113b/gnocchi.2789a26e-6b6e-4b1a-b700-21e418037084/none_v3" 404 70 "GET http://172.18.0.2:8080/v1/AUTH_a1e48568798a40f8b39bbf9d0c38113b/gnocchi.2789a26e-6b6e-4b1a-b700-21e418037084/none_v3" "tx3c476d7fb45e4fdc99225-00697ced1e" "proxy-server 20" 0.0002 "-" 22 0
Jan 30 17:40:46 standalone proxy-server[128378]: 172.18.0.2 172.18.0.100 30/Jan/2026/17/40/46 GET /v1/AUTH_a1e48568798a40f8b39bbf9d0c38113b/gnocchi.2789a26e-6b6e-4b1a-b700-21e418037084/none_v3 HTTP/1.0 404 - python-swiftclient-3.11.1 gAAAAABpfOxh1XDa... - 70 - tx3c476d7fb45e4fdc99225-00697ced1e - 0.0062 - - 1769794846.976625443 1769794846.982851505 0
Jan 30 17:40:47 standalone account-server[125934]: 172.20.0.100 - - [30/Jan/2026:17:40:46 +0000] "PUT /d1/377/AUTH_a1e48568798a40f8b39bbf9d0c38113b/gnocchi.2789a26e-6b6e-4b1a-b700-21e418037084" 201 - "PUT http://172.20.0.100:6001/d1/954/AUTH_a1e48568798a40f8b39bbf9d0c38113b/gnocchi.2789a26e-6b6e-4b1a-b700-21e418037084" "tx12c06ae7f02045d8976d2-00697ced1e" "container-server 17" 0.0055 "-" 23 0
Jan 30 17:40:47 standalone container-server[126074]: 172.20.0.100 - - [30/Jan/2026:17:40:47 +0000] "PUT /d1/954/AUTH_a1e48568798a40f8b39bbf9d0c38113b/gnocchi.2789a26e-6b6e-4b1a-b700-21e418037084" 201 - "PUT http://172.18.0.2:8080/v1/AUTH_a1e48568798a40f8b39bbf9d0c38113b/gnocchi.2789a26e-6b6e-4b1a-b700-21e418037084" "tx12c06ae7f02045d8976d2-00697ced1e" "proxy-server 20" 0.0144 "-" 17 0
Jan 30 17:40:47 standalone proxy-server[128378]: 172.18.0.2 172.18.0.100 30/Jan/2026/17/40/47 PUT /v1/AUTH_a1e48568798a40f8b39bbf9d0c38113b/gnocchi.2789a26e-6b6e-4b1a-b700-21e418037084 HTTP/1.0 201 - python-swiftclient-3.11.1 gAAAAABpfOxh1XDa... - - - tx12c06ae7f02045d8976d2-00697ced1e - 0.0172 - - 1769794846.984510660 1769794847.001722574 0
Jan 30 17:40:47 standalone container-server[126068]: 172.20.0.100 - - [30/Jan/2026:17:40:47 +0000] "HEAD /d1/954/AUTH_a1e48568798a40f8b39bbf9d0c38113b/gnocchi.2789a26e-6b6e-4b1a-b700-21e418037084" 204 - "HEAD http://172.18.0.2:8080/v1/AUTH_a1e48568798a40f8b39bbf9d0c38113b/gnocchi.2789a26e-6b6e-4b1a-b700-21e418037084?format=json&states=listing" "tx87fa2815fb6f431e9cf93-00697ced1f" "proxy-server 20" 0.0021 "-" 16 0
Jan 30 17:40:47 standalone proxy-server[128378]: - - 30/Jan/2026/17/40/47 HEAD /v1/AUTH_a1e48568798a40f8b39bbf9d0c38113b/gnocchi.2789a26e-6b6e-4b1a-b700-21e418037084%3Fformat%3Djson%26states%3Dlisting HTTP/1.0 204 - Swift - - - - tx87fa2815fb6f431e9cf93-00697ced1f - 0.0049 RL - 1769794847.004686832 1769794847.009581566 0
Jan 30 17:40:47 standalone container-server[126060]: 172.20.0.100 - - [30/Jan/2026:17:40:47 +0000] "GET /d1/954/AUTH_a1e48568798a40f8b39bbf9d0c38113b/gnocchi.2789a26e-6b6e-4b1a-b700-21e418037084" 200 2 "GET http://172.18.0.2:8080/v1/AUTH_a1e48568798a40f8b39bbf9d0c38113b/gnocchi.2789a26e-6b6e-4b1a-b700-21e418037084?format=json&states=listing" "tx87fa2815fb6f431e9cf93-00697ced1f" "proxy-server 20" 0.0017 "-" 14 0
Jan 30 17:40:47 standalone proxy-server[128378]: 172.18.0.2 172.18.0.100 30/Jan/2026/17/40/47 GET /v1/AUTH_a1e48568798a40f8b39bbf9d0c38113b/gnocchi.2789a26e-6b6e-4b1a-b700-21e418037084%3Fformat%3Djson%26states%3Dlisting HTTP/1.0 200 - python-swiftclient-3.11.1 gAAAAABpfOxh1XDa... - 2 - tx87fa2815fb6f431e9cf93-00697ced1f - 0.0116 - - 1769794847.004042149 1769794847.015595675 0
Jan 30 17:40:47 standalone object-server[126450]: 172.20.0.100 - - [30/Jan/2026:17:40:47 +0000] "GET /d1/448/AUTH_a1e48568798a40f8b39bbf9d0c38113b/gnocchi.2789a26e-6b6e-4b1a-b700-21e418037084/1769040000.0_mean_300.0_v3" 404 70 "GET http://172.18.0.2:8080/v1/AUTH_a1e48568798a40f8b39bbf9d0c38113b/gnocchi.2789a26e-6b6e-4b1a-b700-21e418037084/1769040000.0_mean_300.0_v3" "tx5327b47eb1c141c58ef37-00697ced1f" "proxy-server 20" 0.0003 "-" 25 0
Jan 30 17:40:47 standalone proxy-server[128378]: 172.18.0.2 172.18.0.100 30/Jan/2026/17/40/47 GET /v1/AUTH_a1e48568798a40f8b39bbf9d0c38113b/gnocchi.2789a26e-6b6e-4b1a-b700-21e418037084/1769040000.0_mean_300.0_v3 HTTP/1.0 404 - python-swiftclient-3.11.1 gAAAAABpfOxh1XDa... - 70 - tx5327b47eb1c141c58ef37-00697ced1f - 0.0049 - - 1769794847.017699003 1769794847.022561789 0
Jan 30 17:40:47 standalone container-server[126060]: 172.20.0.100 - - [30/Jan/2026:17:40:47 +0000] "PUT /d1/954/AUTH_a1e48568798a40f8b39bbf9d0c38113b/gnocchi.2789a26e-6b6e-4b1a-b700-21e418037084/1769040000.0_mean_300.0_v3" 201 - "PUT http://172.18.0.2:8080/d1/448/AUTH_a1e48568798a40f8b39bbf9d0c38113b/gnocchi.2789a26e-6b6e-4b1a-b700-21e418037084/1769040000.0_mean_300.0_v3" "txe1674eb4d25747de89019-00697ced1f" "object-server 24" 0.0007 "-" 14 0
Jan 30 17:40:47 standalone object-server[126446]: 172.20.0.100 - - [30/Jan/2026:17:40:47 +0000] "PUT /d1/448/AUTH_a1e48568798a40f8b39bbf9d0c38113b/gnocchi.2789a26e-6b6e-4b1a-b700-21e418037084/1769040000.0_mean_300.0_v3" 201 - "PUT http://172.18.0.2:8080/v1/AUTH_a1e48568798a40f8b39bbf9d0c38113b/gnocchi.2789a26e-6b6e-4b1a-b700-21e418037084/1769040000.0_mean_300.0_v3" "txe1674eb4d25747de89019-00697ced1f" "proxy-server 20" 0.0091 "-" 24 0
Jan 30 17:40:47 standalone proxy-server[128378]: 172.18.0.2 172.18.0.100 30/Jan/2026/17/40/47 PUT /v1/AUTH_a1e48568798a40f8b39bbf9d0c38113b/gnocchi.2789a26e-6b6e-4b1a-b700-21e418037084/1769040000.0_mean_300.0_v3 HTTP/1.0 201 - python-swiftclient-3.11.1 gAAAAABpfOxh1XDa... 16 - - txe1674eb4d25747de89019-00697ced1f - 0.0130 - - 1769794847.024312258 1769794847.037316084 0
Jan 30 17:40:47 standalone container-server[126074]: 172.20.0.100 - - [30/Jan/2026:17:40:47 +0000] "PUT /d1/954/AUTH_a1e48568798a40f8b39bbf9d0c38113b/gnocchi.2789a26e-6b6e-4b1a-b700-21e418037084/none_v3" 201 - "PUT http://172.18.0.2:8080/d1/379/AUTH_a1e48568798a40f8b39bbf9d0c38113b/gnocchi.2789a26e-6b6e-4b1a-b700-21e418037084/none_v3" "tx757e100846ff44b08ffa2-00697ced1f" "object-server 24" 0.0004 "-" 17 0
Jan 30 17:40:47 standalone object-server[126446]: 172.20.0.100 - - [30/Jan/2026:17:40:47 +0000] "PUT /d1/379/AUTH_a1e48568798a40f8b39bbf9d0c38113b/gnocchi.2789a26e-6b6e-4b1a-b700-21e418037084/none_v3" 201 - "PUT http://172.18.0.2:8080/v1/AUTH_a1e48568798a40f8b39bbf9d0c38113b/gnocchi.2789a26e-6b6e-4b1a-b700-21e418037084/none_v3" "tx757e100846ff44b08ffa2-00697ced1f" "proxy-server 20" 0.0087 "-" 24 0
