Jan 30 17:38:47 standalone proxy-server[128378]: 172.18.0.2 172.18.0.100 30/Jan/2026/17/38/47 PUT /v1/AUTH_a1e48568798a40f8b39bbf9d0c38113b/gnocchi.f321cb58-3128-457f-96bd-720b49e69f8d/1769040000.0_mean_300.0_v3 HTTP/1.0 201 - python-swiftclient-3.11.1 gAAAAABpfOxh1XDa... 16 - - txa7be6871d2e74a6eb55a6-00697ceca7 - 0.0239 - - 1769794727.255809546 1769794727.279746771 0
Jan 30 17:38:47 standalone container-server[126060]: 172.20.0.100 - - [30/Jan/2026:17:38:47 +0000] "PUT /d1/188/AUTH_a1e48568798a40f8b39bbf9d0c38113b/gnocchi.f321cb58-3128-457f-96bd-720b49e69f8d/none_v3" 201 - "PUT http://172.18.0.2:8080/d1/787/AUTH_a1e48568798a40f8b39bbf9d0c38113b/gnocchi.f321cb58-3128-457f-96bd-720b49e69f8d/none_v3" "txf8a531980ddf4dae833da-00697ceca7" "object-server 25" 0.0013 "-" 14 0
Jan 30 17:38:47 standalone object-server[126450]: 172.20.0.100 - - [30/Jan/2026:17:38:47 +0000] "PUT /d1/787/AUTH_a1e48568798a40f8b39bbf9d0c38113b/gnocchi.f321cb58-3128-457f-96bd-720b49e69f8d/none_v3" 201 - "PUT http://172.18.0.2:8080/v1/AUTH_a1e48568798a40f8b39bbf9d0c38113b/gnocchi.f321cb58-3128-457f-96bd-720b49e69f8d/none_v3" "txf8a531980ddf4dae833da-00697ceca7" "proxy-server 20" 0.0172 "-" 25 0
Jan 30 17:38:47 standalone proxy-server[128378]: 172.18.0.2 172.18.0.100 30/Jan/2026/17/38/47 PUT /v1/AUTH_a1e48568798a40f8b39bbf9d0c38113b/gnocchi.f321cb58-3128-457f-96bd-720b49e69f8d/none_v3 HTTP/1.0 201 - python-swiftclient-3.11.1 gAAAAABpfOxh1XDa... 22 - - txf8a531980ddf4dae833da-00697ceca7 - 0.0245 - - 1769794727.284244061 1769794727.308770418 0
Jan 30 17:38:47 standalone container-server[126060]: 172.20.0.100 - - [30/Jan/2026:17:38:47 +0000] "HEAD /d1/822/AUTH_a1e48568798a40f8b39bbf9d0c38113b/gnocchi.6e498b81-35c4-41ad-a4ec-d8b541349c0b" 404 - "HEAD http://172.18.0.2:8080/v1/AUTH_a1e48568798a40f8b39bbf9d0c38113b/gnocchi.6e498b81-35c4-41ad-a4ec-d8b541349c0b?format=json&states=listing" "txa07d56e8ec5d4c399da98-00697ceca7" "proxy-server 20" 0.0012 "-" 14 0
Jan 30 17:38:47 standalone object-server[126446]: 172.20.0.100 - - [30/Jan/2026:17:38:47 +0000] "GET /d1/769/AUTH_a1e48568798a40f8b39bbf9d0c38113b/gnocchi.6e498b81-35c4-41ad-a4ec-d8b541349c0b/none_v3" 404 70 "GET http://172.18.0.2:8080/v1/AUTH_a1e48568798a40f8b39bbf9d0c38113b/gnocchi.6e498b81-35c4-41ad-a4ec-d8b541349c0b/none_v3" "txa07d56e8ec5d4c399da98-00697ceca7" "proxy-server 20" 0.0005 "-" 24 0
Jan 30 17:38:47 standalone proxy-server[128378]: 172.18.0.2 172.18.0.100 30/Jan/2026/17/38/47 GET /v1/AUTH_a1e48568798a40f8b39bbf9d0c38113b/gnocchi.6e498b81-35c4-41ad-a4ec-d8b541349c0b/none_v3 HTTP/1.0 404 - python-swiftclient-3.11.1 gAAAAABpfOxh1XDa... - 70 - txa07d56e8ec5d4c399da98-00697ceca7 - 0.0180 - - 1769794727.332729101 1769794727.350747824 0
Jan 30 17:38:47 standalone account-server[125929]: 172.20.0.100 - - [30/Jan/2026:17:38:47 +0000] "PUT /d1/377/AUTH_a1e48568798a40f8b39bbf9d0c38113b/gnocchi.6e498b81-35c4-41ad-a4ec-d8b541349c0b" 201 - "PUT http://172.20.0.100:6001/d1/822/AUTH_a1e48568798a40f8b39bbf9d0c38113b/gnocchi.6e498b81-35c4-41ad-a4ec-d8b541349c0b" "txd54712ec0b0044a69863f-00697ceca7" "container-server 17" 0.0069 "-" 22 0
Jan 30 17:38:47 standalone container-server[126074]: 172.20.0.100 - - [30/Jan/2026:17:38:47 +0000] "PUT /d1/822/AUTH_a1e48568798a40f8b39bbf9d0c38113b/gnocchi.6e498b81-35c4-41ad-a4ec-d8b541349c0b" 201 - "PUT http://172.18.0.2:8080/v1/AUTH_a1e48568798a40f8b39bbf9d0c38113b/gnocchi.6e498b81-35c4-41ad-a4ec-d8b541349c0b" "txd54712ec0b0044a69863f-00697ceca7" "proxy-server 20" 0.0177 "-" 17 0
Jan 30 17:38:47 standalone proxy-server[128378]: 172.18.0.2 172.18.0.100 30/Jan/2026/17/38/47 PUT /v1/AUTH_a1e48568798a40f8b39bbf9d0c38113b/gnocchi.6e498b81-35c4-41ad-a4ec-d8b541349c0b HTTP/1.0 201 - python-swiftclient-3.11.1 gAAAAABpfOxh1XDa... - - - txd54712ec0b0044a69863f-00697ceca7 - 0.0247 - - 1769794727.358227968 1769794727.382906437 0
Jan 30 17:38:47 standalone container-server[126066]: 172.20.0.100 - - [30/Jan/2026:17:38:47 +0000] "HEAD /d1/197/AUTH_a1e48568798a40f8b39bbf9d0c38113b/gnocchi.cb4a888a-faff-4c21-98e2-31ecc4ad7f0b" 404 - "HEAD http://172.18.0.2:8080/v1/AUTH_a1e48568798a40f8b39bbf9d0c38113b/gnocchi.cb4a888a-faff-4c21-98e2-31ecc4ad7f0b?format=json&states=listing" "tx7bece3ce3a9c494385a07-00697ceca7" "proxy-server 20" 0.0158 "-" 15 0
Jan 30 17:38:47 standalone object-server[126446]: 172.20.0.100 - - [30/Jan/2026:17:38:47 +0000] "GET /d1/634/AUTH_a1e48568798a40f8b39bbf9d0c38113b/gnocchi.cb4a888a-faff-4c21-98e2-31ecc4ad7f0b/none_v3" 404 70 "GET http://172.18.0.2:8080/v1/AUTH_a1e48568798a40f8b39bbf9d0c38113b/gnocchi.cb4a888a-faff-4c21-98e2-31ecc4ad7f0b/none_v3" "tx7bece3ce3a9c494385a07-00697ceca7" "proxy-server 20" 0.0009 "-" 24 0
Jan 30 17:38:47 standalone proxy-server[128378]: 172.18.0.2 172.18.0.100 30/Jan/2026/17/38/47 GET /v1/AUTH_a1e48568798a40f8b39bbf9d0c38113b/gnocchi.cb4a888a-faff-4c21-98e2-31ecc4ad7f0b/none_v3 HTTP/1.0 404 - python-swiftclient-3.11.1 gAAAAABpfOxh1XDa... - 70 - tx7bece3ce3a9c494385a07-00697ceca7 - 0.0319 - - 1769794727.387921333 1769794727.419853926 0
Jan 30 17:38:47 standalone account-server[125924]: 172.20.0.100 - - [30/Jan/2026:17:38:47 +0000] "PUT /d1/377/AUTH_a1e48568798a40f8b39bbf9d0c38113b/gnocchi.cb4a888a-faff-4c21-98e2-31ecc4ad7f0b" 201 - "PUT http://172.20.0.100:6001/d1/197/AUTH_a1e48568798a40f8b39bbf9d0c38113b/gnocchi.cb4a888a-faff-4c21-98e2-31ecc4ad7f0b" "tx3d0445b79c87484ab621e-00697ceca7" "container-server 15" 0.0076 "-" 20 0
Jan 30 17:38:47 standalone container-server[126066]: 172.20.0.100 - - [30/Jan/2026:17:38:47 +0000] "PUT /d1/197/AUTH_a1e48568798a40f8b39bbf9d0c38113b/gnocchi.cb4a888a-faff-4c21-98e2-31ecc4ad7f0b" 201 - "PUT http://172.18.0.2:8080/v1/AUTH_a1e48568798a40f8b39bbf9d0c38113b/gnocchi.cb4a888a-faff-4c21-98e2-31ecc4ad7f0b" "tx3d0445b79c87484ab621e-00697ceca7" "proxy-server 20" 0.0256 "-" 15 0
Jan 30 17:38:47 standalone proxy-server[128378]: 172.18.0.2 172.18.0.100 30/Jan/2026/17/38/47 PUT /v1/AUTH_a1e48568798a40f8b39bbf9d0c38113b/gnocchi.cb4a888a-faff-4c21-98e2-31ecc4ad7f0b HTTP/1.0 201 - python-swiftclient-3.11.1 gAAAAABpfOxh1XDa... - - - tx3d0445b79c87484ab621e-00697ceca7 - 0.0337 - - 1769794727.425182819 1769794727.458930492 0
Jan 30 17:38:47 standalone container-server[126060]: 172.20.0.100 - - [30/Jan/2026:17:38:47 +0000] "HEAD /d1/822/AUTH_a1e48568798a40f8b39bbf9d0c38113b/gnocchi.6e498b81-35c4-41ad-a4ec-d8b541349c0b" 204 - "HEAD http://172.18.0.2:8080/v1/AUTH_a1e48568798a40f8b39bbf9d0c38113b/gnocchi.6e498b81-35c4-41ad-a4ec-d8b541349c0b?format=json&states=listing" "tx1ac0d8c01b50444d95c6c-00697ceca7" "proxy-server 20" 0.0028 "-" 14 0
Jan 30 17:38:47 standalone proxy-server[128378]: - - 30/Jan/2026/17/38/47 HEAD /v1/AUTH_a1e48568798a40f8b39bbf9d0c38113b/gnocchi.6e498b81-35c4-41ad-a4ec-d8b541349c0b%3Fformat%3Djson%26states%3Dlisting HTTP/1.0 204 - Swift - - - - tx1ac0d8c01b50444d95c6c-00697ceca7 - 0.0074 RL - 1769794727.469532490 1769794727.476940393 0
Jan 30 17:38:47 standalone container-server[126066]: 172.20.0.100 - - [30/Jan/2026:17:38:47 +0000] "GET /d1/822/AUTH_a1e48568798a40f8b39bbf9d0c38113b/gnocchi.6e498b81-35c4-41ad-a4ec-d8b541349c0b" 200 2 "GET http://172.18.0.2:8080/v1/AUTH_a1e48568798a40f8b39bbf9d0c38113b/gnocchi.6e498b81-35c4-41ad-a4ec-d8b541349c0b?format=json&states=listing" "tx1ac0d8c01b50444d95c6c-00697ceca7" "proxy-server 20" 0.0053 "-" 15 0
Jan 30 17:38:47 standalone proxy-server[128378]: 172.18.0.2 172.18.0.100 30/Jan/2026/17/38/47 GET /v1/AUTH_a1e48568798a40f8b39bbf9d0c38113b/gnocchi.6e498b81-35c4-41ad-a4ec-d8b541349c0b%3Fformat%3Djson%26states%3Dlisting HTTP/1.0 200 - python-swiftclient-3.11.1 gAAAAABpfOxh1XDa... - 2 - tx1ac0d8c01b50444d95c6c-00697ceca7 - 0.0253 - - 1769794727.467972279 1769794727.493297100 0
Jan 30 17:38:47 standalone container-server[126066]: 172.20.0.100 - - [30/Jan/2026:17:38:47 +0000] "HEAD /d1/197/AUTH_a1e48568798a40f8b39bbf9d0c38113b/gnocchi.cb4a888a-faff-4c21-98e2-31ecc4ad7f0b" 204 - "HEAD http://172.18.0.2:8080/v1/AUTH_a1e48568798a40f8b39bbf9d0c38113b/gnocchi.cb4a888a-faff-4c21-98e2-31ecc4ad7f0b?format=json&states=listing" "txe271dabd336a4adc8e05b-00697ceca7" "proxy-server 20" 0.0026 "-" 15 0
Jan 30 17:38:47 standalone proxy-server[128378]: - - 30/Jan/2026/17/38/47 HEAD /v1/AUTH_a1e48568798a40f8b39bbf9d0c38113b/gnocchi.cb4a888a-faff-4c21-98e2-31ecc4ad7f0b%3Fformat%3Djson%26states%3Dlisting HTTP/1.0 204 - Swift - - - - txe271dabd336a4adc8e05b-00697ceca7 - 0.0082 RL - 1769794727.507373095 1769794727.515604258 0
Jan 30 17:38:47 standalone container-server[126066]: 172.20.0.100 - - [30/Jan/2026:17:38:47 +0000] "GET /d1/197/AUTH_a1e48568798a40f8b39bbf9d0c38113b/gnocchi.cb4a888a-faff-4c21-98e2-31ecc4ad7f0b" 200 2 "GET http://172.18.0.2:8080/v1/AUTH_a1e48568798a40f8b39bbf9d0c38113b/gnocchi.cb4a888a-faff-4c21-98e2-31ecc4ad7f0b?format=json&states=listing" "txe271dabd336a4adc8e05b-00697ceca7" "proxy-server 20" 0.0047 "-" 15 0
Jan 30 17:38:47 standalone proxy-server[128378]: 172.18.0.2 172.18.0.100 30/Jan/2026/17/38/47 GET /v1/AUTH_a1e48568798a40f8b39bbf9d0c38113b/gnocchi.cb4a888a-faff-4c21-98e2-31ecc4ad7f0b%3Fformat%3Djson%26states%3Dlisting HTTP/1.0 200 - python-swiftclient-3.11.1 gAAAAABpfOxh1XDa... - 2 - txe271dabd336a4adc8e05b-00697ceca7 - 0.0261 - - 1769794727.505433798 1769794727.531583071 0
Jan 30 17:38:47 standalone object-server[126446]: 172.20.0.100 - - [30/Jan/2026:17:38:47 +0000] "GET /d1/998/AUTH_a1e48568798a40f8b39bbf9d0c38113b/gnocchi.6e498b81-35c4-41ad-a4ec-d8b541349c0b/1769040000.0_mean_300.0_v3" 404 70 "GET http://172.18.0.2:8080/v1/AUTH_a1e48568798a40f8b39bbf9d0c38113b/gnocchi.6e498b81-35c4-41ad-a4ec-d8b541349c0b/1769040000.0_mean_300.0_v3" "tx1ad5c3cd42fb4ab684d1a-00697ceca7" "proxy-server 20" 0.0004 "-" 24 0
Jan 30 17:38:47 standalone proxy-server[128378]: 172.18.0.2 172.18.0.100 30/Jan/2026/17/38/47 GET /v1/AUTH_a1e48568798a40f8b39bbf9d0c38113b/gnocchi.6e498b81-35c4-41ad-a4ec-d8b541349c0b/1769040000.0_mean_300.0_v3 HTTP/1.0 404 - python-swiftclient-3.11.1 gAAAAABpfOxh1XDa... - 70 - tx1ad5c3cd42fb4ab684d1a-00697ceca7 - 0.0082 - - 1769794727.538182974 1769794727.546420813 0
Jan 30 17:38:47 standalone object-server[126435]: 172.20.0.100 - - [30/Jan/2026:17:38:47 +0000] "GET /d1/682/AUTH_a1e48568798a40f8b39bbf9d0c38113b/gnocchi.cb4a888a-faff-4c21-98e2-31ecc4ad7f0b/1769040000.0_mean_300.0_v3" 404 70 "GET http://172.18.0.2:8080/v1/AUTH_a1e48568798a40f8b39bbf9d0c38113b/gnocchi.cb4a888a-faff-4c21-98e2-31ecc4ad7f0b/1769040000.0_mean_300.0_v3" "txefe325b10f1542ada8174-00697ceca7" "proxy-server 20" 0.0006 "-" 22 0
Jan 30 17:38:47 standalone proxy-server[128378]: 172.18.0.2 172.18.0.100 30/Jan/2026/17/38/47 GET /v1/AUTH_a1e48568798a40f8b39bbf9d0c38113b/gnocchi.cb4a888a-faff-4c21-98e2-31ecc4ad7f0b/1769040000.0_mean_300.0_v3 HTTP/1.0 404 - python-swiftclient-3.11.1 gAAAAABpfOxh1XDa... - 70 - txefe325b10f1542ada8174-00697ceca7 - 0.0100 - - 1769794727.550888777 1769794727.560879946 0
Jan 30 17:38:47 standalone container-server[126074]: 172.20.0.100 - - [30/Jan/2026:17:38:47 +0000] "PUT /d1/822/AUTH_a1e48568798a40f8b39bbf9d0c38113b/gnocchi.6e498b81-35c4-41ad-a4ec-d8b541349c0b/1769040000.0_mean_300.0_v3" 201 - "PUT http://172.18.0.2:8080/d1/998/AUTH_a1e48568798a40f8b39bbf9d0c38113b/gnocchi.6e498b81-35c4-41ad-a4ec-d8b541349c0b/1769040000.0_mean_300.0_v3" "txce5bee06709745899257c-00697ceca7" "object-server 23" 0.0006 "-" 17 0
Jan 30 17:38:47 standalone object-server[126441]: 172.20.0.100 - - [30/Jan/2026:17:38:47 +0000] "PUT /d1/998/AUTH_a1e48568798a40f8b39bbf9d0c38113b/gnocchi.6e498b81-35c4-41ad-a4ec-d8b541349c0b/1769040000.0_mean_300.0_v3" 201 - "PUT http://172.18.0.2:8080/v1/AUTH_a1e48568798a40f8b39bbf9d0c38113b/gnocchi.6e498b81-35c4-41ad-a4ec-d8b541349c0b/1769040000.0_mean_300.0_v3" "txce5bee06709745899257c-00697ceca7" "proxy-server 20" 0.0116 "-" 23 0
Jan 30 17:38:47 standalone proxy-server[128378]: 172.18.0.2 172.18.0.100 30/Jan/2026/17/38/47 PUT /v1/AUTH_a1e48568798a40f8b39bbf9d0c38113b/gnocchi.6e498b81-35c4-41ad-a4ec-d8b541349c0b/1769040000.0_mean_300.0_v3 HTTP/1.0 201 - python-swiftclient-3.11.1 gAAAAABpfOxh1XDa... 16 - - txce5bee06709745899257c-00697ceca7 - 0.0205 - - 1769794727.565951586 1769794727.586489677 0
Jan 30 17:38:47 standalone container-server[126066]: 172.20.0.100 - - [30/Jan/2026:17:38:47 +0000] "PUT /d1/197/AUTH_a1e48568798a40f8b39bbf9d0c38113b/gnocchi.cb4a888a-faff-4c21-98e2-31ecc4ad7f0b/1769040000.0_mean_300.0_v3" 201 - "PUT http://172.18.0.2:8080/d1/682/AUTH_a1e48568798a40f8b39bbf9d0c38113b/gnocchi.cb4a888a-faff-4c21-98e2-31ecc4ad7f0b/1769040000.0_mean_300.0_v3" "tx7f13a25a05c542289e649-00697ceca7" "object-server 22" 0.0011 "-" 15 0
Jan 30 17:38:47 standalone object-server[126435]: 172.20.0.100 - - [30/Jan/2026:17:38:47 +0000] "PUT /d1/682/AUTH_a1e48568798a40f8b39bbf9d0c38113b/gnocchi.cb4a888a-faff-4c21-98e2-31ecc4ad7f0b/1769040000.0_mean_300.0_v3" 201 - "PUT http://172.18.0.2:8080/v1/AUTH_a1e48568798a40f8b39bbf9d0c38113b/gnocchi.cb4a888a-faff-4c21-98e2-31ecc4ad7f0b/1769040000.0_mean_300.0_v3" "tx7f13a25a05c542289e649-00697ceca7" "proxy-server 20" 0.0206 "-" 22 0
Jan 30 17:38:47 standalone proxy-server[128378]: 172.18.0.2 172.18.0.100 30/Jan/2026/17/38/47 PUT /v1/AUTH_a1e48568798a40f8b39bbf9d0c38113b/gnocchi.cb4a888a-faff-4c21-98e2-31ecc4ad7f0b/1769040000.0_mean_300.0_v3 HTTP/1.0 201 - python-swiftclient-3.11.1 gAAAAABpfOxh1XDa... 16 - - tx7f13a25a05c542289e649-00697ceca7 - 0.0319 - - 1769794727.594130278 1769794727.626045704 0
Jan 30 17:38:47 standalone container-server[126074]: 172.20.0.100 - - [30/Jan/2026:17:38:47 +0000] "PUT /d1/822/AUTH_a1e48568798a40f8b39bbf9d0c38113b/gnocchi.6e498b81-35c4-41ad-a4ec-d8b541349c0b/none_v3" 201 - "PUT http://172.18.0.2:8080/d1/769/AUTH_a1e48568798a40f8b39bbf9d0c38113b/gnocchi.6e498b81-35c4-41ad-a4ec-d8b541349c0b/none_v3" "txce50399e819344f5ae4bd-00697ceca7" "object-server 22" 0.0004 "-" 17 0
Jan 30 17:38:47 standalone object-server[126435]: 172.20.0.100 - - [30/Jan/2026:17:38:47 +0000] "PUT /d1/769/AUTH_a1e48568798a40f8b39bbf9d0c38113b/gnocchi.6e498b81-35c4-41ad-a4ec-d8b541349c0b/none_v3" 201 - "PUT http://172.18.0.2:8080/v1/AUTH_a1e48568798a40f8b39bbf9d0c38113b/gnocchi.6e498b81-35c4-41ad-a4ec-d8b541349c0b/none_v3" "txce50399e819344f5ae4bd-00697ceca7" "proxy-server 20" 0.0188 "-" 22 0
Jan 30 17:38:47 standalone proxy-server[128378]: 172.18.0.2 172.18.0.100 30/Jan/2026/17/38/47 PUT /v1/AUTH_a1e48568798a40f8b39bbf9d0c38113b/gnocchi.6e498b81-35c4-41ad-a4ec-d8b541349c0b/none_v3 HTTP/1.0 201 - python-swiftclient-3.11.1 gAAAAABpfOxh1XDa... 22 - - txce50399e819344f5ae4bd-00697ceca7 - 0.0306 - - 1769794727.634489059 1769794727.665131330 0
Jan 30 17:38:47 standalone container-server[126068]: 172.20.0.100 - - [30/Jan/2026:17:38:47 +0000] "PUT /d1/197/AUTH_a1e48568798a40f8b39bbf9d0c38113b/gnocchi.cb4a888a-faff-4c21-98e2-31ecc4ad7f0b/none_v3" 201 - "PUT http://172.18.0.2:8080/d1/634/AUTH_a1e48568798a40f8b39bbf9d0c38113b/gnocchi.cb4a888a-faff-4c21-98e2-31ecc4ad7f0b/none_v3" "txcaadfcea4283429da1baa-00697ceca7" "object-server 25" 0.0008 "-" 16 0
Jan 30 17:38:47 standalone object-server[126450]: 172.20.0.100 - - [30/Jan/2026:17:38:47 +0000] "PUT /d1/634/AUTH_a1e48568798a40f8b39bbf9d0c38113b/gnocchi.cb4a888a-faff-4c21-98e2-31ecc4ad7f0b/none_v3" 201 - "PUT http://172.18.0.2:8080/v1/AUTH_a1e48568798a40f8b39bbf9d0c38113b/gnocchi.cb4a888a-faff-4c21-98e2-31ecc4ad7f0b/none_v3" "txcaadfcea4283429da1baa-00697ceca7" "proxy-server 20" 0.0150 "-" 25 0
Jan 30 17:38:47 standalone proxy-server[128378]: 172.18.0.2 172.18.0.100 30/Jan/2026/17/38/47 PUT /v1/AUTH_a1e48568798a40f8b39bbf9d0c38113b/gnocchi.cb4a888a-faff-4c21-98e2-31ecc4ad7f0b/none_v3 HTTP/1.0 201 - python-swiftclient-3.11.1 gAAAAABpfOxh1XDa... 22 - - txcaadfcea4283429da1baa-00697ceca7 - 0.0241 - - 1769794727.669374466 1769794727.693475485 0
Jan 30 17:38:47 standalone container-server[126074]: 172.20.0.100 - - [30/Jan/2026:17:38:47 +0000] "HEAD /d1/622/AUTH_a1e48568798a40f8b39bbf9d0c38113b/gnocchi.bfb72d5d-c125-42b5-99a4-e6e43c6b82dd" 404 - "HEAD http://172.18.0.2:8080/v1/AUTH_a1e48568798a40f8b39bbf9d0c38113b/gnocchi.bfb72d5d-c125-42b5-99a4-e6e43c6b82dd?format=json&states=listing" "txbbba7ce3a5c547aab14b4-00697ceca7" "proxy-server 20" 0.0003 "-" 17 0
Jan 30 17:38:47 standalone object-server[126441]: 172.20.0.100 - - [30/Jan/2026:17:38:47 +0000] "GET /d1/865/AUTH_a1e48568798a40f8b39bbf9d0c38113b/gnocchi.bfb72d5d-c125-42b5-99a4-e6e43c6b82dd/none_v3" 404 70 "GET http://172.18.0.2:8080/v1/AUTH_a1e48568798a40f8b39bbf9d0c38113b/gnocchi.bfb72d5d-c125-42b5-99a4-e6e43c6b82dd/none_v3" "txbbba7ce3a5c547aab14b4-00697ceca7" "proxy-server 20" 0.0005 "-" 23 0
Jan 30 17:38:47 standalone proxy-server[128378]: 172.18.0.2 172.18.0.100 30/Jan/2026/17/38/47 GET /v1/AUTH_a1e48568798a40f8b39bbf9d0c38113b/gnocchi.bfb72d5d-c125-42b5-99a4-e6e43c6b82dd/none_v3 HTTP/1.0 404 - python-swiftclient-3.11.1 gAAAAABpfOxh1XDa... - 70 - txbbba7ce3a5c547aab14b4-00697ceca7 - 0.0153 - - 1769794727.710224152 1769794727.725538015 0
Jan 30 17:38:47 standalone account-server[125934]: 172.20.0.100 - - [30/Jan/2026:17:38:47 +0000] "PUT /d1/377/AUTH_a1e48568798a40f8b39bbf9d0c38113b/gnocchi.bfb72d5d-c125-42b5-99a4-e6e43c6b82dd" 201 - "PUT http://172.20.0.100:6001/d1/622/AUTH_a1e48568798a40f8b39bbf9d0c38113b/gnocchi.bfb72d5d-c125-42b5-99a4-e6e43c6b82dd" "tx4389b56726de4032bfc3b-00697ceca7" "container-server 16" 0.0078 "-" 23 0
Jan 30 17:38:47 standalone container-server[126068]: 172.20.0.100 - - [30/Jan/2026:17:38:47 +0000] "PUT /d1/622/AUTH_a1e48568798a40f8b39bbf9d0c38113b/gnocchi.bfb72d5d-c125-42b5-99a4-e6e43c6b82dd" 201 - "PUT http://172.18.0.2:8080/v1/AUTH_a1e48568798a40f8b39bbf9d0c38113b/gnocchi.bfb72d5d-c125-42b5-99a4-e6e43c6b82dd" "tx4389b56726de4032bfc3b-00697ceca7" "proxy-server 20" 0.0248 "-" 16 0
Jan 30 17:38:47 standalone proxy-server[128378]: 172.18.0.2 172.18.0.100 30/Jan/2026/17/38/47 PUT /v1/AUTH_a1e48568798a40f8b39bbf9d0c38113b/gnocchi.bfb72d5d-c125-42b5-99a4-e6e43c6b82dd HTTP/1.0 201 - python-swiftclient-3.11.1 gAAAAABpfOxh1XDa... - - - tx4389b56726de4032bfc3b-00697ceca7 - 0.0328 - - 1769794727.730835199 1769794727.763628244 0
Jan 30 17:38:47 standalone container-server[126060]: 172.20.0.100 - - [30/Jan/2026:17:38:47 +0000] "HEAD /d1/622/AUTH_a1e48568798a40f8b39bbf9d0c38113b/gnocchi.bfb72d5d-c125-42b5-99a4-e6e43c6b82dd" 204 - "HEAD http://172.18.0.2:8080/v1/AUTH_a1e48568798a40f8b39bbf9d0c38113b/gnocchi.bfb72d5d-c125-42b5-99a4-e6e43c6b82dd?format=json&states=listing" "txd79127f7955244ae82d20-00697ceca7" "proxy-server 20" 0.0031 "-" 14 0
Jan 30 17:38:47 standalone proxy-server[128378]: - - 30/Jan/2026/17/38/47 HEAD /v1/AUTH_a1e48568798a40f8b39bbf9d0c38113b/gnocchi.bfb72d5d-c125-42b5-99a4-e6e43c6b82dd%3Fformat%3Djson%26states%3Dlisting HTTP/1.0 204 - Swift - - - - txd79127f7955244ae82d20-00697ceca7 - 0.0093 RL - 1769794727.771626234 1769794727.780883312 0
Jan 30 17:38:47 standalone container-server[126074]: 172.20.0.100 - - [30/Jan/2026:17:38:47 +0000] "GET /d1/622/AUTH_a1e48568798a40f8b39bbf9d0c38113b/gnocchi.bfb72d5d-c125-42b5-99a4-e6e43c6b82dd" 200 2 "GET http://172.18.0.2:8080/v1/AUTH_a1e48568798a40f8b39bbf9d0c38113b/gnocchi.bfb72d5d-c125-42b5-99a4-e6e43c6b82dd?format=json&states=listing" "txd79127f7955244ae82d20-00697ceca7" "proxy-server 20" 0.0017 "-" 17 0
Jan 30 17:38:47 standalone proxy-server[128378]: 172.18.0.2 172.18.0.100 30/Jan/2026/17/38/47 GET /v1/AUTH_a1e48568798a40f8b39bbf9d0c38113b/gnocchi.bfb72d5d-c125-42b5-99a4-e6e43c6b82dd%3Fformat%3Djson%26states%3Dlisting HTTP/1.0 200 - python-swiftclient-3.11.1 gAAAAABpfOxh1XDa... - 2 - txd79127f7955244ae82d20-00697ceca7 - 0.0239 - - 1769794727.769682884 1769794727.793607950 0
Jan 30 17:38:47 standalone object-server[126435]: 172.20.0.100 - - [30/Jan/2026:17:38:47 +0000] "GET /d1/259/AUTH_a1e48568798a40f8b39bbf9d0c38113b/gnocchi.bfb72d5d-c125-42b5-99a4-e6e43c6b82dd/1769040000.0_mean_300.0_v3" 404 70 "GET http://172.18.0.2:8080/v1/AUTH_a1e48568798a40f8b39bbf9d0c38113b/gnocchi.bfb72d5d-c125-42b5-99a4-e6e43c6b82dd/1769040000.0_mean_300.0_v3" "tx51a00222e21a432c8c418-00697ceca7" "proxy-server 20" 0.0006 "-" 22 0
Jan 30 17:38:47 standalone proxy-server[128378]: 172.18.0.2 172.18.0.100 30/Jan/2026/17/38/47 GET /v1/AUTH_a1e48568798a40f8b39bbf9d0c38113b/gnocchi.bfb72d5d-c125-42b5-99a4-e6e43c6b82dd/1769040000.0_mean_300.0_v3 HTTP/1.0 404 - python-swiftclient-3.11.1 gAAAAABpfOxh1XDa... - 70 - tx51a00222e21a432c8c418-00697ceca7 - 0.0111 - - 1769794727.800119638 1769794727.811248541 0
Jan 30 17:38:47 standalone container-server[126060]: 172.20.0.100 - - [30/Jan/2026:17:38:47 +0000] "PUT /d1/622/AUTH_a1e48568798a40f8b39bbf9d0c38113b/gnocchi.bfb72d5d-c125-42b5-99a4-e6e43c6b82dd/1769040000.0_mean_300.0_v3" 201 - "PUT http://172.18.0.2:8080/d1/259/AUTH_a1e48568798a40f8b39bbf9d0c38113b/gnocchi.bfb72d5d-c125-42b5-99a4-e6e43c6b82dd/1769040000.0_mean_300.0_v3" "txf861e8e3be3c40dab5404-00697ceca7" "object-server 25" 0.0014 "-" 14 0
Jan 30 17:38:47 standalone object-server[126450]: 172.20.0.100 - - [30/Jan/2026:17:38:47 +0000] "PUT /d1/259/AUTH_a1e48568798a40f8b39bbf9d0c38113b/gnocchi.bfb72d5d-c125-42b5-99a4-e6e43c6b82dd/1769040000.0_mean_300.0_v3" 201 - "PUT http://172.18.0.2:8080/v1/AUTH_a1e48568798a40f8b39bbf9d0c38113b/gnocchi.bfb72d5d-c125-42b5-99a4-e6e43c6b82dd/1769040000.0_mean_300.0_v3" "txf861e8e3be3c40dab5404-00697ceca7" "proxy-server 20" 0.0191 "-" 25 0
Jan 30 17:38:47 standalone proxy-server[128378]: 172.18.0.2 172.18.0.100 30/Jan/2026/17/38/47 PUT /v1/AUTH_a1e48568798a40f8b39bbf9d0c38113b/gnocchi.bfb72d5d-c125-42b5-99a4-e6e43c6b82dd/1769040000.0_mean_300.0_v3 HTTP/1.0 201 - python-swiftclient-3.11.1 gAAAAABpfOxh1XDa... 16 - - txf861e8e3be3c40dab5404-00697ceca7 - 0.0299 - - 1769794727.817616940 1769794727.847501040 0
Jan 30 17:38:47 standalone container-server[126074]: 172.20.0.100 - - [30/Jan/2026:17:38:47 +0000] "PUT /d1/622/AUTH_a1e48568798a40f8b39bbf9d0c38113b/gnocchi.bfb72d5d-c125-42b5-99a4-e6e43c6b82dd/none_v3" 201 - "PUT http://172.18.0.2:8080/d1/865/AUTH_a1e48568798a40f8b39bbf9d0c38113b/gnocchi.bfb72d5d-c125-42b5-99a4-e6e43c6b82dd/none_v3" "tx8ffe9ba5788c4a2e92ee8-00697ceca7" "object-server 24" 0.0005 "-" 17 0
Jan 30 17:38:47 standalone object-server[126446]: 172.20.0.100 - - [30/Jan/2026:17:38:47 +0000] "PUT /d1/865/AUTH_a1e48568798a40f8b39bbf9d0c38113b/gnocchi.bfb72d5d-c125-42b5-99a4-e6e43c6b82dd/none_v3" 201 - "PUT http://172.18.0.2:8080/v1/AUTH_a1e48568798a40f8b39bbf9d0c38113b/gnocchi.bfb72d5d-c125-42b5-99a4-e6e43c6b82dd/none_v3" "tx8ffe9ba5788c4a2e92ee8-00697ceca7" "proxy-server 20" 0.0131 "-" 24 0
Jan 30 17:38:47 standalone proxy-server[128378]: 172.18.0.2 172.18.0.100 30/Jan/2026/17/38/47 PUT /v1/AUTH_a1e48568798a40f8b39bbf9d0c38113b/gnocchi.bfb72d5d-c125-42b5-99a4-e6e43c6b82dd/none_v3 HTTP/1.0 201 - python-swiftclient-3.11.1 gAAAAABpfOxh1XDa... 22 - - tx8ffe9ba5788c4a2e92ee8-00697ceca7 - 0.0256 - - 1769794727.852249622 1769794727.877884865 0
Jan 30 17:39:16 standalone container-server[126068]: 172.20.0.100 - - [30/Jan/2026:17:39:16 +0000] "HEAD /d1/129/AUTH_a1e48568798a40f8b39bbf9d0c38113b/gnocchi.d9032644-7bfc-4131-9007-abc1b46f35a1" 404 - "HEAD http://172.18.0.2:8080/v1/AUTH_a1e48568798a40f8b39bbf9d0c38113b/gnocchi.d9032644-7bfc-4131-9007-abc1b46f35a1?format=json&states=listing" "tx9a28fdca982b4399ae705-00697cecc4" "proxy-server 20" 0.0005 "-" 16 0
Jan 30 17:39:16 standalone object-server[126446]: 172.20.0.100 - - [30/Jan/2026:17:39:16 +0000] "GET /d1/155/AUTH_a1e48568798a40f8b39bbf9d0c38113b/gnocchi.d9032644-7bfc-4131-9007-abc1b46f35a1/none_v3" 404 70 "GET http://172.18.0.2:8080/v1/AUTH_a1e48568798a40f8b39bbf9d0c38113b/gnocchi.d9032644-7bfc-4131-9007-abc1b46f35a1/none_v3" "tx9a28fdca982b4399ae705-00697cecc4" "proxy-server 20" 0.0004 "-" 24 0
Jan 30 17:39:16 standalone proxy-server[128378]: 172.18.0.2 172.18.0.100 30/Jan/2026/17/39/16 GET /v1/AUTH_a1e48568798a40f8b39bbf9d0c38113b/gnocchi.d9032644-7bfc-4131-9007-abc1b46f35a1/none_v3 HTTP/1.0 404 - python-swiftclient-3.11.1 gAAAAABpfOxh1XDa... - 70 - tx9a28fdca982b4399ae705-00697cecc4 - 0.0127 - - 1769794756.970319271 1769794756.982992649 0
Jan 30 17:39:17 standalone account-server[125929]: 172.20.0.100 - - [30/Jan/2026:17:39:17 +0000] "PUT /d1/377/AUTH_a1e48568798a40f8b39bbf9d0c38113b/gnocchi.d9032644-7bfc-4131-9007-abc1b46f35a1" 201 - "PUT http://172.20.0.100:6001/d1/129/AUTH_a1e48568798a40f8b39bbf9d0c38113b/gnocchi.d9032644-7bfc-4131-9007-abc1b46f35a1" "txaf5c9e3c5ae84d3984777-00697cecc4" "container-server 16" 0.0061 "-" 22 0
Jan 30 17:39:17 standalone container-server[126068]: 172.20.0.100 - - [30/Jan/2026:17:39:17 +0000] "PUT /d1/129/AUTH_a1e48568798a40f8b39bbf9d0c38113b/gnocchi.d9032644-7bfc-4131-9007-abc1b46f35a1" 201 - "PUT http://172.18.0.2:8080/v1/AUTH_a1e48568798a40f8b39bbf9d0c38113b/gnocchi.d9032644-7bfc-4131-9007-abc1b46f35a1" "txaf5c9e3c5ae84d3984777-00697cecc4" "proxy-server 20" 0.0199 "-" 16 0
Jan 30 17:39:17 standalone proxy-server[128378]: 172.18.0.2 172.18.0.100 30/Jan/2026/17/39/17 PUT /v1/AUTH_a1e48568798a40f8b39bbf9d0c38113b/gnocchi.d9032644-7bfc-4131-9007-abc1b46f35a1 HTTP/1.0 201 - python-swiftclient-3.11.1 gAAAAABpfOxh1XDa... - - - txaf5c9e3c5ae84d3984777-00697cecc4 - 0.0290 - - 1769794756.986038446 1769794757.015067101 0
Jan 30 17:39:17 standalone container-server[126074]: 172.20.0.100 - - [30/Jan/2026:17:39:17 +0000] "HEAD /d1/129/AUTH_a1e48568798a40f8b39bbf9d0c38113b/gnocchi.d9032644-7bfc-4131-9007-abc1b46f35a1" 204 - "HEAD http://172.18.0.2:8080/v1/AUTH_a1e48568798a40f8b39bbf9d0c38113b/gnocchi.d9032644-7bfc-4131-9007-abc1b46f35a1?format=json&states=listing" "tx98095a0afccf4282b062a-00697cecc5" "proxy-server 20" 0.0030 "-" 17 0
Jan 30 17:39:17 standalone proxy-server[128378]: - - 30/Jan/2026/17/39/17 HEAD /v1/AUTH_a1e48568798a40f8b39bbf9d0c38113b/gnocchi.d9032644-7bfc-4131-9007-abc1b46f35a1%3Fformat%3Djson%26states%3Dlisting HTTP/1.0 204 - Swift - - - - tx98095a0afccf4282b062a-00697cecc5 - 0.0086 RL - 1769794757.019408941 1769794757.027988195 0
Jan 30 17:39:17 standalone container-server[126068]: 172.20.0.100 - - [30/Jan/2026:17:39:17 +0000] "GET /d1/129/AUTH_a1e48568798a40f8b39bbf9d0c38113b/gnocchi.d9032644-7bfc-4131-9007-abc1b46f35a1" 200 2 "GET http://172.18.0.2:8080/v1/AUTH_a1e48568798a40f8b39bbf9d0c38113b/gnocchi.d9032644-7bfc-4131-9007-abc1b46f35a1?format=json&states=listing" "tx98095a0afccf4282b062a-00697cecc5" "proxy-server 20" 0.0050 "-" 16 0
Jan 30 17:39:17 standalone proxy-server[128378]: 172.18.0.2 172.18.0.100 30/Jan/2026/17/39/17 GET /v1/AUTH_a1e48568798a40f8b39bbf9d0c38113b/gnocchi.d9032644-7bfc-4131-9007-abc1b46f35a1%3Fformat%3Djson%26states%3Dlisting HTTP/1.0 200 - python-swiftclient-3.11.1 gAAAAABpfOxh1XDa... - 2 - tx98095a0afccf4282b062a-00697cecc5 - 0.0257 - - 1769794757.017871857 1769794757.043528080 0
Jan 30 17:39:17 standalone object-server[126450]: 172.20.0.100 - - [30/Jan/2026:17:39:17 +0000] "GET /d1/265/AUTH_a1e48568798a40f8b39bbf9d0c38113b/gnocchi.d9032644-7bfc-4131-9007-abc1b46f35a1/1769040000.0_mean_300.0_v3" 404 70 "GET http://172.18.0.2:8080/v1/AUTH_a1e48568798a40f8b39bbf9d0c38113b/gnocchi.d9032644-7bfc-4131-9007-abc1b46f35a1/1769040000.0_mean_300.0_v3" "txfdae245884974c6496008-00697cecc5" "proxy-server 20" 0.0003 "-" 25 0
Jan 30 17:39:17 standalone proxy-server[128378]: 172.18.0.2 172.18.0.100 30/Jan/2026/17/39/17 GET /v1/AUTH_a1e48568798a40f8b39bbf9d0c38113b/gnocchi.d9032644-7bfc-4131-9007-abc1b46f35a1/1769040000.0_mean_300.0_v3 HTTP/1.0 404 - python-swiftclient-3.11.1 gAAAAABpfOxh1XDa... - 70 - txfdae245884974c6496008-00697cecc5 - 0.0084 - - 1769794757.047781467 1769794757.056208849 0
Jan 30 17:39:17 standalone container-server[126074]: 172.20.0.100 - - [30/Jan/2026:17:39:17 +0000] "PUT /d1/129/AUTH_a1e48568798a40f8b39bbf9d0c38113b/gnocchi.d9032644-7bfc-4131-9007-abc1b46f35a1/1769040000.0_mean_300.0_v3" 201 - "PUT http://172.18.0.2:8080/d1/265/AUTH_a1e48568798a40f8b39bbf9d0c38113b/gnocchi.d9032644-7bfc-4131-9007-abc1b46f35a1/1769040000.0_mean_300.0_v3" "txac11d4acee534961bfcbc-00697cecc5" "object-server 22" 0.0010 "-" 17 0
Jan 30 17:39:17 standalone object-server[126435]: 172.20.0.100 - - [30/Jan/2026:17:39:17 +0000] "PUT /d1/265/AUTH_a1e48568798a40f8b39bbf9d0c38113b/gnocchi.d9032644-7bfc-4131-9007-abc1b46f35a1/1769040000.0_mean_300.0_v3" 201 - "PUT http://172.18.0.2:8080/v1/AUTH_a1e48568798a40f8b39bbf9d0c38113b/gnocchi.d9032644-7bfc-4131-9007-abc1b46f35a1/1769040000.0_mean_300.0_v3" "txac11d4acee534961bfcbc-00697cecc5" "proxy-server 20" 0.0142 "-" 22 0
Jan 30 17:39:17 standalone proxy-server[128378]: 172.18.0.2 172.18.0.100 30/Jan/2026/17/39/17 PUT /v1/AUTH_a1e48568798a40f8b39bbf9d0c38113b/gnocchi.d9032644-7bfc-4131-9007-abc1b46f35a1/1769040000.0_mean_300.0_v3 HTTP/1.0 201 - python-swiftclient-3.11.1 gAAAAABpfOxh1XDa... 16 - - txac11d4acee534961bfcbc-00697cecc5 - 0.0279 - - 1769794757.059072733 1769794757.086998224 0
Jan 30 17:39:17 standalone container-server[126068]: 172.20.0.100 - - [30/Jan/2026:17:39:17 +0000] "PUT /d1/129/AUTH_a1e48568798a40f8b39bbf9d0c38113b/gnocchi.d9032644-7bfc-4131-9007-abc1b46f35a1/none_v3" 201 - "PUT http://172.18.0.2:8080/d1/155/AUTH_a1e48568798a40f8b39bbf9d0c38113b/gnocchi.d9032644-7bfc-4131-9007-abc1b46f35a1/none_v3" "tx4bd5cddcbbb647cba3745-00697cecc5" "object-server 25" 0.0018 "-" 16 0
Jan 30 17:39:17 standalone object-server[126450]: 172.20.0.100 - - [30/Jan/2026:17:39:17 +0000] "PUT /d1/155/AUTH_a1e48568798a40f8b39bbf9d0c38113b/gnocchi.d9032644-7bfc-4131-9007-abc1b46f35a1/none_v3" 201 - "PUT http://172.18.0.2:8080/v1/AUTH_a1e48568798a40f8b39bbf9d0c38113b/gnocchi.d9032644-7bfc-4131-9007-abc1b46f35a1/none_v3" "tx4bd5cddcbbb647cba3745-00697cecc5" "proxy-server 20" 0.0093 "-" 25 0
Jan 30 17:39:17 standalone proxy-server[128378]: 172.18.0.2 172.18.0.100 30/Jan/2026/17/39/17 PUT /v1/AUTH_a1e48568798a40f8b39bbf9d0c38113b/gnocchi.d9032644-7bfc-4131-9007-abc1b46f35a1/none_v3 HTTP/1.0 201 - python-swiftclient-3.11.1 gAAAAABpfOxh1XDa... 22 - - tx4bd5cddcbbb647cba3745-00697cecc5 - 0.0164 - - 1769794757.090543985 1769794757.106900692 0
Jan 30 17:39:17 standalone object-server[126441]: 172.20.0.100 - - [30/Jan/2026:17:39:17 +0000] "GET /d1/145/AUTH_a1e48568798a40f8b39bbf9d0c38113b/gnocchi.e0972a2b-588f-484a-985d-219307d9b072/none_v3" 200 22 "GET http://172.18.0.2:8080/v1/AUTH_a1e48568798a40f8b39bbf9d0c38113b/gnocchi.e0972a2b-588f-484a-985d-219307d9b072/none_v3" "tx6f5206b3670d441fa6fe6-00697cecc5" "proxy-server 20" 0.0006 "-" 23 0
Jan 30 17:39:17 standalone proxy-server[128378]: 172.18.0.2 172.18.0.100 30/Jan/2026/17/39/17 GET /v1/AUTH_a1e48568798a40f8b39bbf9d0c38113b/gnocchi.e0972a2b-588f-484a-985d-219307d9b072/none_v3 HTTP/1.0 200 - python-swiftclient-3.11.1 gAAAAABpfOxh1XDa... - 22 - tx6f5206b3670d441fa6fe6-00697cecc5 - 0.0154 - - 1769794757.175643921 1769794757.191034555 0
Jan 30 17:39:17 standalone container-server[126060]: 172.20.0.100 - - [30/Jan/2026:17:39:17 +0000] "GET /d1/667/AUTH_a1e48568798a40f8b39bbf9d0c38113b/gnocchi.e0972a2b-588f-484a-985d-219307d9b072" 200 357 "GET http://172.18.0.2:8080/v1/AUTH_a1e48568798a40f8b39bbf9d0c38113b/gnocchi.e0972a2b-588f-484a-985d-219307d9b072?format=json&states=listing" "tx1750c415e2c24cc9b4e4e-00697cecc5" "proxy-server 20" 0.0102 "-" 14 0
Jan 30 17:39:17 standalone proxy-server[128378]: 172.18.0.2 172.18.0.100 30/Jan/2026/17/39/17 GET /v1/AUTH_a1e48568798a40f8b39bbf9d0c38113b/gnocchi.e0972a2b-588f-484a-985d-219307d9b072%3Fformat%3Djson%26states%3Dlisting HTTP/1.0 200 - python-swiftclient-3.11.1 gAAAAABpfOxh1XDa... - 357 - tx1750c415e2c24cc9b4e4e-00697cecc5 - 0.0191 - - 1769794757.193929911 1769794757.213025093 0
Jan 30 17:39:17 standalone container-server[126066]: 172.20.0.100 - - [30/Jan/2026:17:39:17 +0000] "GET /d1/667/AUTH_a1e48568798a40f8b39bbf9d0c38113b/gnocchi.e0972a2b-588f-484a-985d-219307d9b072" 200 2 "GET http://172.18.0.2:8080/v1/AUTH_a1e48568798a40f8b39bbf9d0c38113b/gnocchi.e0972a2b-588f-484a-985d-219307d9b072?format=json&marker=none_v3&states=listing" "txac181685e2a74c96bd512-00697cecc5" "proxy-server 20" 0.0027 "-" 15 0
Jan 30 17:39:17 standalone proxy-server[128378]: 172.18.0.2 172.18.0.100 30/Jan/2026/17/39/17 GET /v1/AUTH_a1e48568798a40f8b39bbf9d0c38113b/gnocchi.e0972a2b-588f-484a-985d-219307d9b072%3Fformat%3Djson%26marker%3Dnone_v3%26states%3Dlisting HTTP/1.0 200 - python-swiftclient-3.11.1 gAAAAABpfOxh1XDa... - 2 - txac181685e2a74c96bd512-00697cecc5 - 0.0110 - - 1769794757.215445995 1769794757.226484776 0
Jan 30 17:39:17 standalone object-server[126450]: 172.20.0.100 - - [30/Jan/2026:17:39:17 +0000] "GET /d1/806/AUTH_a1e48568798a40f8b39bbf9d0c38113b/gnocchi.e0972a2b-588f-484a-985d-219307d9b072/1769040000.0_mean_300.0_v3" 200 16 "GET http://172.18.0.2:8080/v1/AUTH_a1e48568798a40f8b39bbf9d0c38113b/gnocchi.e0972a2b-588f-484a-985d-219307d9b072/1769040000.0_mean_300.0_v3" "tx15958aad0cb847a89d1d1-00697cecc5" "proxy-server 20" 0.0013 "-" 25 0
Jan 30 17:39:17 standalone proxy-server[128378]: 172.18.0.2 172.18.0.100 30/Jan/2026/17/39/17 GET /v1/AUTH_a1e48568798a40f8b39bbf9d0c38113b/gnocchi.e0972a2b-588f-484a-985d-219307d9b072/1769040000.0_mean_300.0_v3 HTTP/1.0 200 - python-swiftclient-3.11.1 gAAAAABpfOxh1XDa... - 16 - tx15958aad0cb847a89d1d1-00697cecc5 - 0.0075 - - 1769794757.228989840 1769794757.236490488 0
Jan 30 17:39:17 standalone container-server[126066]: 172.20.0.100 - - [30/Jan/2026:17:39:17 +0000] "PUT /d1/667/AUTH_a1e48568798a40f8b39bbf9d0c38113b/gnocchi.e0972a2b-588f-484a-985d-219307d9b072/1769040000.0_mean_300.0_v3" 201 - "PUT http://172.18.0.2:8080/d1/806/AUTH_a1e48568798a40f8b39bbf9d0c38113b/gnocchi.e0972a2b-588f-484a-985d-219307d9b072/1769040000.0_mean_300.0_v3" "tx63c454a16ed341d78991d-00697cecc5" "object-server 24" 0.0005 "-" 15 0
Jan 30 17:39:17 standalone object-server[126446]: 172.20.0.100 - - [30/Jan/2026:17:39:17 +0000] "PUT /d1/806/AUTH_a1e48568798a40f8b39bbf9d0c38113b/gnocchi.e0972a2b-588f-484a-985d-219307d9b072/1769040000.0_mean_300.0_v3" 201 - "PUT http://172.18.0.2:8080/v1/AUTH_a1e48568798a40f8b39bbf9d0c38113b/gnocchi.e0972a2b-588f-484a-985d-219307d9b072/1769040000.0_mean_300.0_v3" "tx63c454a16ed341d78991d-00697cecc5" "proxy-server 20" 0.0100 "-" 24 0
Jan 30 17:39:17 standalone proxy-server[128378]: 172.18.0.2 172.18.0.100 30/Jan/2026/17/39/17 PUT /v1/AUTH_a1e48568798a40f8b39bbf9d0c38113b/gnocchi.e0972a2b-588f-484a-985d-219307d9b072/1769040000.0_mean_300.0_v3 HTTP/1.0 201 - python-swiftclient-3.11.1 gAAAAABpfOxh1XDa... 16 - - tx63c454a16ed341d78991d-00697cecc5 - 0.0165 - - 1769794757.238531828 1769794757.255076408 0
Jan 30 17:39:17 standalone container-server[126068]: 172.20.0.100 - - [30/Jan/2026:17:39:17 +0000] "PUT /d1/667/AUTH_a1e48568798a40f8b39bbf9d0c38113b/gnocchi.e0972a2b-588f-484a-985d-219307d9b072/none_v3" 201 - "PUT http://172.18.0.2:8080/d1/145/AUTH_a1e48568798a40f8b39bbf9d0c38113b/gnocchi.e0972a2b-588f-484a-985d-219307d9b072/none_v3" "txa59c649ade4a4cf8a2148-00697cecc5" "object-server 23" 0.0008 "-" 16 0
Jan 30 17:39:17 standalone object-server[126441]: 172.20.0.100 - - [30/Jan/2026:17:39:17 +0000] "PUT /d1/145/AUTH_a1e48568798a40f8b39bbf9d0c38113b/gnocchi.e0972a2b-588f-484a-985d-219307d9b072/none_v3" 201 - "PUT http://172.18.0.2:8080/v1/AUTH_a1e48568798a40f8b39bbf9d0c38113b/gnocchi.e0972a2b-588f-484a-985d-219307d9b072/none_v3" "txa59c649ade4a4cf8a2148-00697cecc5" "proxy-server 20" 0.0091 "-" 23 0
Jan 30 17:39:17 standalone proxy-server[128378]: 172.18.0.2 172.18.0.100 30/Jan/2026/17/39/17 PUT /v1/AUTH_a1e48568798a40f8b39bbf9d0c38113b/gnocchi.e0972a2b-588f-484a-985d-219307d9b072/none_v3 HTTP/1.0 201 - python-swiftclient-3.11.1 gAAAAABpfOxh1XDa... 33 - - txa59c649ade4a4cf8a2148-00697cecc5 - 0.0137 - - 1769794757.257054090 1769794757.270791054 0
Jan 30 17:39:17 standalone object-server[126441]: 172.20.0.100 - - [30/Jan/2026:17:39:17 +0000] "GET /d1/885/AUTH_a1e48568798a40f8b39bbf9d0c38113b/gnocchi.582153fe-2f68-45c3-ba11-d3e3532ecc19/none_v3" 200 22 "GET http://172.18.0.2:8080/v1/AUTH_a1e48568798a40f8b39bbf9d0c38113b/gnocchi.582153fe-2f68-45c3-ba11-d3e3532ecc19/none_v3" "txefc96902dd084a07b6e01-00697cecc5" "proxy-server 20" 0.0005 "-" 23 0
Jan 30 17:39:17 standalone proxy-server[128378]: 172.18.0.2 172.18.0.100 30/Jan/2026/17/39/17 GET /v1/AUTH_a1e48568798a40f8b39bbf9d0c38113b/gnocchi.582153fe-2f68-45c3-ba11-d3e3532ecc19/none_v3 HTTP/1.0 200 - python-swiftclient-3.11.1 gAAAAABpfOxh1XDa... - 22 - txefc96902dd084a07b6e01-00697cecc5 - 0.0075 - - 1769794757.289633512 1769794757.297100067 0
Jan 30 17:39:17 standalone container-server[126066]: 172.20.0.100 - - [30/Jan/2026:17:39:17 +0000] "GET /d1/607/AUTH_a1e48568798a40f8b39bbf9d0c38113b/gnocchi.582153fe-2f68-45c3-ba11-d3e3532ecc19" 200 357 "GET http://172.18.0.2:8080/v1/AUTH_a1e48568798a40f8b39bbf9d0c38113b/gnocchi.582153fe-2f68-45c3-ba11-d3e3532ecc19?format=json&states=listing" "tx965bd4c2a41e493690617-00697cecc5" "proxy-server 20" 0.0235 "-" 15 0
Jan 30 17:39:17 standalone proxy-server[128378]: 172.18.0.2 172.18.0.100 30/Jan/2026/17/39/17 GET /v1/AUTH_a1e48568798a40f8b39bbf9d0c38113b/gnocchi.582153fe-2f68-45c3-ba11-d3e3532ecc19%3Fformat%3Djson%26states%3Dlisting HTTP/1.0 200 - python-swiftclient-3.11.1 gAAAAABpfOxh1XDa... - 357 - tx965bd4c2a41e493690617-00697cecc5 - 0.0324 - - 1769794757.299956083 1769794757.332405090 0
Jan 30 17:39:17 standalone container-server[126060]: 172.20.0.100 - - [30/Jan/2026:17:39:17 +0000] "GET /d1/607/AUTH_a1e48568798a40f8b39bbf9d0c38113b/gnocchi.582153fe-2f68-45c3-ba11-d3e3532ecc19" 200 2 "GET http://172.18.0.2:8080/v1/AUTH_a1e48568798a40f8b39bbf9d0c38113b/gnocchi.582153fe-2f68-45c3-ba11-d3e3532ecc19?format=json&marker=none_v3&states=listing" "tx0bd4923af3e74766981ce-00697cecc5" "proxy-server 20" 0.0031 "-" 14 0
Jan 30 17:39:17 standalone proxy-server[128378]: 172.18.0.2 172.18.0.100 30/Jan/2026/17/39/17 GET /v1/AUTH_a1e48568798a40f8b39bbf9d0c38113b/gnocchi.582153fe-2f68-45c3-ba11-d3e3532ecc19%3Fformat%3Djson%26marker%3Dnone_v3%26states%3Dlisting HTTP/1.0 200 - python-swiftclient-3.11.1 gAAAAABpfOxh1XDa... - 2 - tx0bd4923af3e74766981ce-00697cecc5 - 0.0130 - - 1769794757.336484671 1769794757.349489689 0
Jan 30 17:39:17 standalone object-server[126446]: 172.20.0.100 - - [30/Jan/2026:17:39:17 +0000] "GET /d1/342/AUTH_a1e48568798a40f8b39bbf9d0c38113b/gnocchi.582153fe-2f68-45c3-ba11-d3e3532ecc19/1769040000.0_mean_300.0_v3" 200 16 "GET http://172.18.0.2:8080/v1/AUTH_a1e48568798a40f8b39bbf9d0c38113b/gnocchi.582153fe-2f68-45c3-ba11-d3e3532ecc19/1769040000.0_mean_300.0_v3" "tx459c64527588412891a1d-00697cecc5" "proxy-server 20" 0.0009 "-" 24 0
Jan 30 17:39:17 standalone proxy-server[128378]: 172.18.0.2 172.18.0.100 30/Jan/2026/17/39/17 GET /v1/AUTH_a1e48568798a40f8b39bbf9d0c38113b/gnocchi.582153fe-2f68-45c3-ba11-d3e3532ecc19/1769040000.0_mean_300.0_v3 HTTP/1.0 200 - python-swiftclient-3.11.1 gAAAAABpfOxh1XDa... - 16 - tx459c64527588412891a1d-00697cecc5 - 0.0078 - - 1769794757.352898598 1769794757.360717058 0
Jan 30 17:39:17 standalone container-server[126074]: 172.20.0.100 - - [30/Jan/2026:17:39:17 +0000] "PUT /d1/607/AUTH_a1e48568798a40f8b39bbf9d0c38113b/gnocchi.582153fe-2f68-45c3-ba11-d3e3532ecc19/1769040000.0_mean_300.0_v3" 201 - "PUT http://172.18.0.2:8080/d1/342/AUTH_a1e48568798a40f8b39bbf9d0c38113b/gnocchi.582153fe-2f68-45c3-ba11-d3e3532ecc19/1769040000.0_mean_300.0_v3" "tx246b975e44674c09afa4d-00697cecc5" "object-server 24" 0.0008 "-" 17 0
Jan 30 17:39:17 standalone object-server[126446]: 172.20.0.100 - - [30/Jan/2026:17:39:17 +0000] "PUT /d1/342/AUTH_a1e48568798a40f8b39bbf9d0c38113b/gnocchi.582153fe-2f68-45c3-ba11-d3e3532ecc19/1769040000.0_mean_300.0_v3" 201 - "PUT http://172.18.0.2:8080/v1/AUTH_a1e48568798a40f8b39bbf9d0c38113b/gnocchi.582153fe-2f68-45c3-ba11-d3e3532ecc19/1769040000.0_mean_300.0_v3" "tx246b975e44674c09afa4d-00697cecc5" "proxy-server 20" 0.0119 "-" 24 0
Jan 30 17:39:17 standalone proxy-server[128378]: 172.18.0.2 172.18.0.100 30/Jan/2026/17/39/17 PUT /v1/AUTH_a1e48568798a40f8b39bbf9d0c38113b/gnocchi.582153fe-2f68-45c3-ba11-d3e3532ecc19/1769040000.0_mean_300.0_v3 HTTP/1.0 201 - python-swiftclient-3.11.1 gAAAAABpfOxh1XDa... 16 - - tx246b975e44674c09afa4d-00697cecc5 - 0.0174 - - 1769794757.362800360 1769794757.380203009 0
Jan 30 17:39:17 standalone container-server[126068]: 172.20.0.100 - - [30/Jan/2026:17:39:17 +0000] "PUT /d1/607/AUTH_a1e48568798a40f8b39bbf9d0c38113b/gnocchi.582153fe-2f68-45c3-ba11-d3e3532ecc19/none_v3" 201 - "PUT http://172.18.0.2:8080/d1/885/AUTH_a1e48568798a40f8b39bbf9d0c38113b/gnocchi.582153fe-2f68-45c3-ba11-d3e3532ecc19/none_v3" "tx53b512573c5348cd94ee5-00697cecc5" "object-server 24" 0.0007 "-" 16 0
Jan 30 17:39:17 standalone object-server[126446]: 172.20.0.100 - - [30/Jan/2026:17:39:17 +0000] "PUT /d1/885/AUTH_a1e48568798a40f8b39bbf9d0c38113b/gnocchi.582153fe-2f68-45c3-ba11-d3e3532ecc19/none_v3" 201 - "PUT http://172.18.0.2:8080/v1/AUTH_a1e48568798a40f8b39bbf9d0c38113b/gnocchi.582153fe-2f68-45c3-ba11-d3e3532ecc19/none_v3" "tx53b512573c5348cd94ee5-00697cecc5" "proxy-server 20" 0.0117 "-" 24 0
Jan 30 17:39:17 standalone proxy-server[128378]: 172.18.0.2 172.18.0.100 30/Jan/2026/17/39/17 PUT /v1/AUTH_a1e48568798a40f8b39bbf9d0c38113b/gnocchi.582153fe-2f68-45c3-ba11-d3e3532ecc19/none_v3 HTTP/1.0 201 - python-swiftclient-3.11.1 gAAAAABpfOxh1XDa... 33 - - tx53b512573c5348cd94ee5-00697cecc5 - 0.0192 - - 1769794757.382752657 1769794757.401936531 0
Jan 30 17:39:21 standalone object-server[126450]: 172.20.0.100 - - [30/Jan/2026:17:39:21 +0000] "GET /d1/155/AUTH_a1e48568798a40f8b39bbf9d0c38113b/gnocchi.d9032644-7bfc-4131-9007-abc1b46f35a1/none_v3" 200 22 "GET http://172.18.0.2:8080/v1/AUTH_a1e48568798a40f8b39bbf9d0c38113b/gnocchi.d9032644-7bfc-4131-9007-abc1b46f35a1/none_v3" "txd8f2a0584ccd4c568e053-00697cecc9" "proxy-server 20" 0.0015 "-" 25 0
Jan 30 17:39:21 standalone proxy-server[128378]: 172.18.0.2 172.18.0.100 30/Jan/2026/17/39/21 GET /v1/AUTH_a1e48568798a40f8b39bbf9d0c38113b/gnocchi.d9032644-7bfc-4131-9007-abc1b46f35a1/none_v3 HTTP/1.0 200 - python-swiftclient-3.11.1 gAAAAABpfOxh1XDa... - 22 - txd8f2a0584ccd4c568e053-00697cecc9 - 0.0106 - - 1769794761.328077078 1769794761.338644981 0
Jan 30 17:39:21 standalone container-server[126060]: 172.20.0.100 - - [30/Jan/2026:17:39:21 +0000] "GET /d1/129/AUTH_a1e48568798a40f8b39bbf9d0c38113b/gnocchi.d9032644-7bfc-4131-9007-abc1b46f35a1" 200 357 "GET http://172.18.0.2:8080/v1/AUTH_a1e48568798a40f8b39bbf9d0c38113b/gnocchi.d9032644-7bfc-4131-9007-abc1b46f35a1?format=json&states=listing" "tx40ef281053194ea8b3dec-00697cecc9" "proxy-server 20" 0.0150 "-" 14 0
Jan 30 17:39:21 standalone proxy-server[128378]: 172.18.0.2 172.18.0.100 30/Jan/2026/17/39/21 GET /v1/AUTH_a1e48568798a40f8b39bbf9d0c38113b/gnocchi.d9032644-7bfc-4131-9007-abc1b46f35a1%3Fformat%3Djson%26states%3Dlisting HTTP/1.0 200 - python-swiftclient-3.11.1 gAAAAABpfOxh1XDa... - 357 - tx40ef281053194ea8b3dec-00697cecc9 - 0.0250 - - 1769794761.343750954 1769794761.368746758 0
Jan 30 17:39:21 standalone container-server[126074]: 172.20.0.100 - - [30/Jan/2026:17:39:21 +0000] "GET /d1/129/AUTH_a1e48568798a40f8b39bbf9d0c38113b/gnocchi.d9032644-7bfc-4131-9007-abc1b46f35a1" 200 2 "GET http://172.18.0.2:8080/v1/AUTH_a1e48568798a40f8b39bbf9d0c38113b/gnocchi.d9032644-7bfc-4131-9007-abc1b46f35a1?format=json&marker=none_v3&states=listing" "txb0c0ba30018f4b1e8a995-00697cecc9" "proxy-server 20" 0.0024 "-" 17 0
Jan 30 17:39:21 standalone proxy-server[128378]: 172.18.0.2 172.18.0.100 30/Jan/2026/17/39/21 GET /v1/AUTH_a1e48568798a40f8b39bbf9d0c38113b/gnocchi.d9032644-7bfc-4131-9007-abc1b46f35a1%3Fformat%3Djson%26marker%3Dnone_v3%26states%3Dlisting HTTP/1.0 200 - python-swiftclient-3.11.1 gAAAAABpfOxh1XDa... - 2 - txb0c0ba30018f4b1e8a995-00697cecc9 - 0.0120 - - 1769794761.373614550 1769794761.385628700 0
Jan 30 17:39:21 standalone object-server[126446]: 172.20.0.100 - - [30/Jan/2026:17:39:21 +0000] "GET /d1/265/AUTH_a1e48568798a40f8b39bbf9d0c38113b/gnocchi.d9032644-7bfc-4131-9007-abc1b46f35a1/1769040000.0_mean_300.0_v3" 200 16 "GET http://172.18.0.2:8080/v1/AUTH_a1e48568798a40f8b39bbf9d0c38113b/gnocchi.d9032644-7bfc-4131-9007-abc1b46f35a1/1769040000.0_mean_300.0_v3" "txf51feaf6a3c64a51a70bd-00697cecc9" "proxy-server 20" 0.0013 "-" 24 0
Jan 30 17:39:21 standalone proxy-server[128378]: 172.18.0.2 172.18.0.100 30/Jan/2026/17/39/21 GET /v1/AUTH_a1e48568798a40f8b39bbf9d0c38113b/gnocchi.d9032644-7bfc-4131-9007-abc1b46f35a1/1769040000.0_mean_300.0_v3 HTTP/1.0 200 - python-swiftclient-3.11.1 gAAAAABpfOxh1XDa... - 16 - txf51feaf6a3c64a51a70bd-00697cecc9 - 0.0099 - - 1769794761.391324520 1769794761.401176929 0
Jan 30 17:39:21 standalone container-server[126066]: 172.20.0.100 - - [30/Jan/2026:17:39:21 +0000] "PUT /d1/129/AUTH_a1e48568798a40f8b39bbf9d0c38113b/gnocchi.d9032644-7bfc-4131-9007-abc1b46f35a1/1769040000.0_mean_300.0_v3" 201 - "PUT http://172.18.0.2:8080/d1/265/AUTH_a1e48568798a40f8b39bbf9d0c38113b/gnocchi.d9032644-7bfc-4131-9007-abc1b46f35a1/1769040000.0_mean_300.0_v3" "tx00398cfeafec4237bfc12-00697cecc9" "object-server 24" 0.0009 "-" 15 0
Jan 30 17:39:21 standalone object-server[126446]: 172.20.0.100 - - [30/Jan/2026:17:39:21 +0000] "PUT /d1/265/AUTH_a1e48568798a40f8b39bbf9d0c38113b/gnocchi.d9032644-7bfc-4131-9007-abc1b46f35a1/1769040000.0_mean_300.0_v3" 201 - "PUT http://172.18.0.2:8080/v1/AUTH_a1e48568798a40f8b39bbf9d0c38113b/gnocchi.d9032644-7bfc-4131-9007-abc1b46f35a1/1769040000.0_mean_300.0_v3" "tx00398cfeafec4237bfc12-00697cecc9" "proxy-server 20" 0.0128 "-" 24 0
Jan 30 17:39:21 standalone proxy-server[128378]: 172.18.0.2 172.18.0.100 30/Jan/2026/17/39/21 PUT /v1/AUTH_a1e48568798a40f8b39bbf9d0c38113b/gnocchi.d9032644-7bfc-4131-9007-abc1b46f35a1/1769040000.0_mean_300.0_v3 HTTP/1.0 201 - python-swiftclient-3.11.1 gAAAAABpfOxh1XDa... 16 - - tx00398cfeafec4237bfc12-00697cecc9 - 0.0197 - - 1769794761.405129910 1769794761.424879551 0
Jan 30 17:39:21 standalone container-server[126068]: 172.20.0.100 - - [30/Jan/2026:17:39:21 +0000] "PUT /d1/129/AUTH_a1e48568798a40f8b39bbf9d0c38113b/gnocchi.d9032644-7bfc-4131-9007-abc1b46f35a1/none_v3" 201 - "PUT http://172.18.0.2:8080/d1/155/AUTH_a1e48568798a40f8b39bbf9d0c38113b/gnocchi.d9032644-7bfc-4131-9007-abc1b46f35a1/none_v3" "txe7530c35993c41b0b2991-00697cecc9" "object-server 23" 0.0006 "-" 16 0
Jan 30 17:39:21 standalone object-server[126441]: 172.20.0.100 - - [30/Jan/2026:17:39:21 +0000] "PUT /d1/155/AUTH_a1e48568798a40f8b39bbf9d0c38113b/gnocchi.d9032644-7bfc-4131-9007-abc1b46f35a1/none_v3" 201 - "PUT http://172.18.0.2:8080/v1/AUTH_a1e48568798a40f8b39bbf9d0c38113b/gnocchi.d9032644-7bfc-4131-9007-abc1b46f35a1/none_v3" "txe7530c35993c41b0b2991-00697cecc9" "proxy-server 20" 0.0113 "-" 23 0
Jan 30 17:39:21 standalone proxy-server[128378]: 172.18.0.2 172.18.0.100 30/Jan/2026/17/39/21 PUT /v1/AUTH_a1e48568798a40f8b39bbf9d0c38113b/gnocchi.d9032644-7bfc-4131-9007-abc1b46f35a1/none_v3 HTTP/1.0 201 - python-swiftclient-3.11.1 gAAAAABpfOxh1XDa... 32 - - txe7530c35993c41b0b2991-00697cecc9 - 0.0188 - - 1769794761.429194927 1769794761.448023319 0
Jan 30 17:39:31 standalone container-server[126074]: 172.20.0.100 - - [30/Jan/2026:17:39:31 +0000] "HEAD /d1/184/AUTH_a1e48568798a40f8b39bbf9d0c38113b/gnocchi.9a222698-7db8-4859-84a5-80c8bef25a42" 404 - "HEAD http://172.18.0.2:8080/v1/AUTH_a1e48568798a40f8b39bbf9d0c38113b/gnocchi.9a222698-7db8-4859-84a5-80c8bef25a42?format=json&states=listing" "txb30480fd01a741bead2bd-00697cecd3" "proxy-server 20" 0.0009 "-" 17 0
Jan 30 17:39:31 standalone object-server[126435]: 172.20.0.100 - - [30/Jan/2026:17:39:31 +0000] "GET /d1/283/AUTH_a1e48568798a40f8b39bbf9d0c38113b/gnocchi.9a222698-7db8-4859-84a5-80c8bef25a42/none_v3" 404 70 "GET http://172.18.0.2:8080/v1/AUTH_a1e48568798a40f8b39bbf9d0c38113b/gnocchi.9a222698-7db8-4859-84a5-80c8bef25a42/none_v3" "txb30480fd01a741bead2bd-00697cecd3" "proxy-server 20" 0.0005 "-" 22 0
Jan 30 17:39:31 standalone proxy-server[128378]: 172.18.0.2 172.18.0.100 30/Jan/2026/17/39/31 GET /v1/AUTH_a1e48568798a40f8b39bbf9d0c38113b/gnocchi.9a222698-7db8-4859-84a5-80c8bef25a42/none_v3 HTTP/1.0 404 - python-swiftclient-3.11.1 gAAAAABpfOxh1XDa... - 70 - txb30480fd01a741bead2bd-00697cecd3 - 0.0156 - - 1769794771.549124718 1769794771.564751863 0
Jan 30 17:39:31 standalone account-server[125927]: 172.20.0.100 - - [30/Jan/2026:17:39:31 +0000] "PUT /d1/377/AUTH_a1e48568798a40f8b39bbf9d0c38113b/gnocchi.9a222698-7db8-4859-84a5-80c8bef25a42" 201 - "PUT http://172.20.0.100:6001/d1/184/AUTH_a1e48568798a40f8b39bbf9d0c38113b/gnocchi.9a222698-7db8-4859-84a5-80c8bef25a42" "tx94a90c4a7064493783746-00697cecd3" "container-server 16" 0.0054 "-" 21 0
Jan 30 17:39:31 standalone container-server[126068]: 172.20.0.100 - - [30/Jan/2026:17:39:31 +0000] "PUT /d1/184/AUTH_a1e48568798a40f8b39bbf9d0c38113b/gnocchi.9a222698-7db8-4859-84a5-80c8bef25a42" 201 - "PUT http://172.18.0.2:8080/v1/AUTH_a1e48568798a40f8b39bbf9d0c38113b/gnocchi.9a222698-7db8-4859-84a5-80c8bef25a42" "tx94a90c4a7064493783746-00697cecd3" "proxy-server 20" 0.0159 "-" 16 0
Jan 30 17:39:31 standalone proxy-server[128378]: 172.18.0.2 172.18.0.100 30/Jan/2026/17/39/31 PUT /v1/AUTH_a1e48568798a40f8b39bbf9d0c38113b/gnocchi.9a222698-7db8-4859-84a5-80c8bef25a42 HTTP/1.0 201 - python-swiftclient-3.11.1 gAAAAABpfOxh1XDa... - - - tx94a90c4a7064493783746-00697cecd3 - 0.0236 - - 1769794771.567876577 1769794771.591459036 0
Jan 30 17:39:31 standalone container-server[126068]: 172.20.0.100 - - [30/Jan/2026:17:39:31 +0000] "HEAD /d1/184/AUTH_a1e48568798a40f8b39bbf9d0c38113b/gnocchi.9a222698-7db8-4859-84a5-80c8bef25a42" 204 - "HEAD http://172.18.0.2:8080/v1/AUTH_a1e48568798a40f8b39bbf9d0c38113b/gnocchi.9a222698-7db8-4859-84a5-80c8bef25a42?format=json&states=listing" "tx38e2556c9db14241a0459-00697cecd3" "proxy-server 20" 0.0012 "-" 16 0
Jan 30 17:39:31 standalone proxy-server[128378]: - - 30/Jan/2026/17/39/31 HEAD /v1/AUTH_a1e48568798a40f8b39bbf9d0c38113b/gnocchi.9a222698-7db8-4859-84a5-80c8bef25a42%3Fformat%3Djson%26states%3Dlisting HTTP/1.0 204 - Swift - - - - tx38e2556c9db14241a0459-00697cecd3 - 0.0052 RL - 1769794771.596538305 1769794771.601699352 0
