Jan 30 17:40:49 standalone proxy-server[128378]: 172.18.0.2 172.18.0.100 30/Jan/2026/17/40/49 GET /v1/AUTH_a1e48568798a40f8b39bbf9d0c38113b/gnocchi.ad1edef6-efcf-4d11-9619-f09ba0f717e0/none_v3 HTTP/1.0 404 - python-swiftclient-3.11.1 gAAAAABpfOxh1XDa... - 70 - tx597ce6adedc644bdbe58d-00697ced21 - 0.0121 - - 1769794849.709624290 1769794849.721706152 0
Jan 30 17:40:49 standalone account-server[125934]: 172.20.0.100 - - [30/Jan/2026:17:40:49 +0000] "PUT /d1/377/AUTH_a1e48568798a40f8b39bbf9d0c38113b/gnocchi.ad1edef6-efcf-4d11-9619-f09ba0f717e0" 201 - "PUT http://172.20.0.100:6001/d1/807/AUTH_a1e48568798a40f8b39bbf9d0c38113b/gnocchi.ad1edef6-efcf-4d11-9619-f09ba0f717e0" "txdb6eea3ecf4e401fa10e2-00697ced21" "container-server 17" 0.0069 "-" 23 0
Jan 30 17:40:49 standalone container-server[126074]: 172.20.0.100 - - [30/Jan/2026:17:40:49 +0000] "PUT /d1/807/AUTH_a1e48568798a40f8b39bbf9d0c38113b/gnocchi.ad1edef6-efcf-4d11-9619-f09ba0f717e0" 201 - "PUT http://172.18.0.2:8080/v1/AUTH_a1e48568798a40f8b39bbf9d0c38113b/gnocchi.ad1edef6-efcf-4d11-9619-f09ba0f717e0" "txdb6eea3ecf4e401fa10e2-00697ced21" "proxy-server 20" 0.0227 "-" 17 0
Jan 30 17:40:49 standalone proxy-server[128378]: 172.18.0.2 172.18.0.100 30/Jan/2026/17/40/49 PUT /v1/AUTH_a1e48568798a40f8b39bbf9d0c38113b/gnocchi.ad1edef6-efcf-4d11-9619-f09ba0f717e0 HTTP/1.0 201 - python-swiftclient-3.11.1 gAAAAABpfOxh1XDa... - - - txdb6eea3ecf4e401fa10e2-00697ced21 - 0.0288 - - 1769794849.725050688 1769794849.753830910 0
Jan 30 17:40:49 standalone container-server[126068]: 172.20.0.100 - - [30/Jan/2026:17:40:49 +0000] "HEAD /d1/807/AUTH_a1e48568798a40f8b39bbf9d0c38113b/gnocchi.ad1edef6-efcf-4d11-9619-f09ba0f717e0" 204 - "HEAD http://172.18.0.2:8080/v1/AUTH_a1e48568798a40f8b39bbf9d0c38113b/gnocchi.ad1edef6-efcf-4d11-9619-f09ba0f717e0?format=json&states=listing" "tx69f479e0ef0f43489d846-00697ced21" "proxy-server 20" 0.0021 "-" 16 0
Jan 30 17:40:49 standalone proxy-server[128378]: - - 30/Jan/2026/17/40/49 HEAD /v1/AUTH_a1e48568798a40f8b39bbf9d0c38113b/gnocchi.ad1edef6-efcf-4d11-9619-f09ba0f717e0%3Fformat%3Djson%26states%3Dlisting HTTP/1.0 204 - Swift - - - - tx69f479e0ef0f43489d846-00697ced21 - 0.0062 RL - 1769794849.759969950 1769794849.766217470 0
Jan 30 17:40:49 standalone container-server[126068]: 172.20.0.100 - - [30/Jan/2026:17:40:49 +0000] "GET /d1/807/AUTH_a1e48568798a40f8b39bbf9d0c38113b/gnocchi.ad1edef6-efcf-4d11-9619-f09ba0f717e0" 200 2 "GET http://172.18.0.2:8080/v1/AUTH_a1e48568798a40f8b39bbf9d0c38113b/gnocchi.ad1edef6-efcf-4d11-9619-f09ba0f717e0?format=json&states=listing" "tx69f479e0ef0f43489d846-00697ced21" "proxy-server 20" 0.0033 "-" 16 0
Jan 30 17:40:49 standalone proxy-server[128378]: 172.18.0.2 172.18.0.100 30/Jan/2026/17/40/49 GET /v1/AUTH_a1e48568798a40f8b39bbf9d0c38113b/gnocchi.ad1edef6-efcf-4d11-9619-f09ba0f717e0%3Fformat%3Djson%26states%3Dlisting HTTP/1.0 200 - python-swiftclient-3.11.1 gAAAAABpfOxh1XDa... - 2 - tx69f479e0ef0f43489d846-00697ced21 - 0.0184 - - 1769794849.758643627 1769794849.777081490 0
Jan 30 17:40:49 standalone object-server[126446]: 172.20.0.100 - - [30/Jan/2026:17:40:49 +0000] "GET /d1/58/AUTH_a1e48568798a40f8b39bbf9d0c38113b/gnocchi.ad1edef6-efcf-4d11-9619-f09ba0f717e0/1769040000.0_mean_300.0_v3" 404 70 "GET http://172.18.0.2:8080/v1/AUTH_a1e48568798a40f8b39bbf9d0c38113b/gnocchi.ad1edef6-efcf-4d11-9619-f09ba0f717e0/1769040000.0_mean_300.0_v3" "txe0df2badaf1d465bac9e8-00697ced21" "proxy-server 20" 0.0005 "-" 24 0
Jan 30 17:40:49 standalone proxy-server[128378]: 172.18.0.2 172.18.0.100 30/Jan/2026/17/40/49 GET /v1/AUTH_a1e48568798a40f8b39bbf9d0c38113b/gnocchi.ad1edef6-efcf-4d11-9619-f09ba0f717e0/1769040000.0_mean_300.0_v3 HTTP/1.0 404 - python-swiftclient-3.11.1 gAAAAABpfOxh1XDa... - 70 - txe0df2badaf1d465bac9e8-00697ced21 - 0.0075 - - 1769794849.781442404 1769794849.788905621 0
Jan 30 17:40:49 standalone container-server[126074]: 172.20.0.100 - - [30/Jan/2026:17:40:49 +0000] "PUT /d1/807/AUTH_a1e48568798a40f8b39bbf9d0c38113b/gnocchi.ad1edef6-efcf-4d11-9619-f09ba0f717e0/1769040000.0_mean_300.0_v3" 201 - "PUT http://172.18.0.2:8080/d1/58/AUTH_a1e48568798a40f8b39bbf9d0c38113b/gnocchi.ad1edef6-efcf-4d11-9619-f09ba0f717e0/1769040000.0_mean_300.0_v3" "tx931518822a96458a9a7c5-00697ced21" "object-server 24" 0.0007 "-" 17 0
Jan 30 17:40:49 standalone object-server[126446]: 172.20.0.100 - - [30/Jan/2026:17:40:49 +0000] "PUT /d1/58/AUTH_a1e48568798a40f8b39bbf9d0c38113b/gnocchi.ad1edef6-efcf-4d11-9619-f09ba0f717e0/1769040000.0_mean_300.0_v3" 201 - "PUT http://172.18.0.2:8080/v1/AUTH_a1e48568798a40f8b39bbf9d0c38113b/gnocchi.ad1edef6-efcf-4d11-9619-f09ba0f717e0/1769040000.0_mean_300.0_v3" "tx931518822a96458a9a7c5-00697ced21" "proxy-server 20" 0.0096 "-" 24 0
Jan 30 17:40:49 standalone proxy-server[128378]: 172.18.0.2 172.18.0.100 30/Jan/2026/17/40/49 PUT /v1/AUTH_a1e48568798a40f8b39bbf9d0c38113b/gnocchi.ad1edef6-efcf-4d11-9619-f09ba0f717e0/1769040000.0_mean_300.0_v3 HTTP/1.0 201 - python-swiftclient-3.11.1 gAAAAABpfOxh1XDa... 16 - - tx931518822a96458a9a7c5-00697ced21 - 0.0166 - - 1769794849.792572260 1769794849.809170008 0
Jan 30 17:40:49 standalone container-server[126068]: 172.20.0.100 - - [30/Jan/2026:17:40:49 +0000] "PUT /d1/807/AUTH_a1e48568798a40f8b39bbf9d0c38113b/gnocchi.ad1edef6-efcf-4d11-9619-f09ba0f717e0/none_v3" 201 - "PUT http://172.18.0.2:8080/d1/65/AUTH_a1e48568798a40f8b39bbf9d0c38113b/gnocchi.ad1edef6-efcf-4d11-9619-f09ba0f717e0/none_v3" "tx9bb88659664f49028661d-00697ced21" "object-server 24" 0.0008 "-" 16 0
Jan 30 17:40:49 standalone object-server[126446]: 172.20.0.100 - - [30/Jan/2026:17:40:49 +0000] "PUT /d1/65/AUTH_a1e48568798a40f8b39bbf9d0c38113b/gnocchi.ad1edef6-efcf-4d11-9619-f09ba0f717e0/none_v3" 201 - "PUT http://172.18.0.2:8080/v1/AUTH_a1e48568798a40f8b39bbf9d0c38113b/gnocchi.ad1edef6-efcf-4d11-9619-f09ba0f717e0/none_v3" "tx9bb88659664f49028661d-00697ced21" "proxy-server 20" 0.0106 "-" 24 0
Jan 30 17:40:49 standalone proxy-server[128378]: 172.18.0.2 172.18.0.100 30/Jan/2026/17/40/49 PUT /v1/AUTH_a1e48568798a40f8b39bbf9d0c38113b/gnocchi.ad1edef6-efcf-4d11-9619-f09ba0f717e0/none_v3 HTTP/1.0 201 - python-swiftclient-3.11.1 gAAAAABpfOxh1XDa... 22 - - tx9bb88659664f49028661d-00697ced21 - 0.0178 - - 1769794849.814481497 1769794849.832256317 0
Jan 30 17:40:49 standalone container-server[126066]: 172.20.0.100 - - [30/Jan/2026:17:40:49 +0000] "HEAD /d1/851/AUTH_a1e48568798a40f8b39bbf9d0c38113b/gnocchi.2b898a68-b7c0-4f95-a79a-03fb68459b54" 404 - "HEAD http://172.18.0.2:8080/v1/AUTH_a1e48568798a40f8b39bbf9d0c38113b/gnocchi.2b898a68-b7c0-4f95-a79a-03fb68459b54?format=json&states=listing" "txfc70c738bc524b8093450-00697ced21" "proxy-server 20" 0.0006 "-" 15 0
Jan 30 17:40:49 standalone object-server[126435]: 172.20.0.100 - - [30/Jan/2026:17:40:49 +0000] "GET /d1/430/AUTH_a1e48568798a40f8b39bbf9d0c38113b/gnocchi.2b898a68-b7c0-4f95-a79a-03fb68459b54/none_v3" 404 70 "GET http://172.18.0.2:8080/v1/AUTH_a1e48568798a40f8b39bbf9d0c38113b/gnocchi.2b898a68-b7c0-4f95-a79a-03fb68459b54/none_v3" "txfc70c738bc524b8093450-00697ced21" "proxy-server 20" 0.0002 "-" 22 0
Jan 30 17:40:49 standalone proxy-server[128378]: 172.18.0.2 172.18.0.100 30/Jan/2026/17/40/49 GET /v1/AUTH_a1e48568798a40f8b39bbf9d0c38113b/gnocchi.2b898a68-b7c0-4f95-a79a-03fb68459b54/none_v3 HTTP/1.0 404 - python-swiftclient-3.11.1 gAAAAABpfOxh1XDa... - 70 - txfc70c738bc524b8093450-00697ced21 - 0.0110 - - 1769794849.845975399 1769794849.857011318 0
Jan 30 17:40:49 standalone account-server[125929]: 172.20.0.100 - - [30/Jan/2026:17:40:49 +0000] "PUT /d1/377/AUTH_a1e48568798a40f8b39bbf9d0c38113b/gnocchi.2b898a68-b7c0-4f95-a79a-03fb68459b54" 201 - "PUT http://172.20.0.100:6001/d1/851/AUTH_a1e48568798a40f8b39bbf9d0c38113b/gnocchi.2b898a68-b7c0-4f95-a79a-03fb68459b54" "tx1fc70dc5bc4f4cfe8fb83-00697ced21" "container-server 14" 0.0058 "-" 22 0
Jan 30 17:40:49 standalone container-server[126060]: 172.20.0.100 - - [30/Jan/2026:17:40:49 +0000] "PUT /d1/851/AUTH_a1e48568798a40f8b39bbf9d0c38113b/gnocchi.2b898a68-b7c0-4f95-a79a-03fb68459b54" 201 - "PUT http://172.18.0.2:8080/v1/AUTH_a1e48568798a40f8b39bbf9d0c38113b/gnocchi.2b898a68-b7c0-4f95-a79a-03fb68459b54" "tx1fc70dc5bc4f4cfe8fb83-00697ced21" "proxy-server 20" 0.0151 "-" 14 0
Jan 30 17:40:49 standalone proxy-server[128378]: 172.18.0.2 172.18.0.100 30/Jan/2026/17/40/49 PUT /v1/AUTH_a1e48568798a40f8b39bbf9d0c38113b/gnocchi.2b898a68-b7c0-4f95-a79a-03fb68459b54 HTTP/1.0 201 - python-swiftclient-3.11.1 gAAAAABpfOxh1XDa... - - - tx1fc70dc5bc4f4cfe8fb83-00697ced21 - 0.0206 - - 1769794849.860424519 1769794849.881030798 0
Jan 30 17:40:49 standalone container-server[126066]: 172.20.0.100 - - [30/Jan/2026:17:40:49 +0000] "HEAD /d1/455/AUTH_a1e48568798a40f8b39bbf9d0c38113b/gnocchi.6a1f81ec-83f4-45d6-b029-bfa7404186d4" 404 - "HEAD http://172.18.0.2:8080/v1/AUTH_a1e48568798a40f8b39bbf9d0c38113b/gnocchi.6a1f81ec-83f4-45d6-b029-bfa7404186d4?format=json&states=listing" "tx6a021be7dd5c4d04b2b7d-00697ced21" "proxy-server 20" 0.0004 "-" 15 0
Jan 30 17:40:49 standalone object-server[126441]: 172.20.0.100 - - [30/Jan/2026:17:40:49 +0000] "GET /d1/892/AUTH_a1e48568798a40f8b39bbf9d0c38113b/gnocchi.6a1f81ec-83f4-45d6-b029-bfa7404186d4/none_v3" 404 70 "GET http://172.18.0.2:8080/v1/AUTH_a1e48568798a40f8b39bbf9d0c38113b/gnocchi.6a1f81ec-83f4-45d6-b029-bfa7404186d4/none_v3" "tx6a021be7dd5c4d04b2b7d-00697ced21" "proxy-server 20" 0.0005 "-" 23 0
Jan 30 17:40:49 standalone proxy-server[128378]: 172.18.0.2 172.18.0.100 30/Jan/2026/17/40/49 GET /v1/AUTH_a1e48568798a40f8b39bbf9d0c38113b/gnocchi.6a1f81ec-83f4-45d6-b029-bfa7404186d4/none_v3 HTTP/1.0 404 - python-swiftclient-3.11.1 gAAAAABpfOxh1XDa... - 70 - tx6a021be7dd5c4d04b2b7d-00697ced21 - 0.0135 - - 1769794849.884378672 1769794849.897887945 0
Jan 30 17:40:49 standalone account-server[125924]: 172.20.0.100 - - [30/Jan/2026:17:40:49 +0000] "PUT /d1/377/AUTH_a1e48568798a40f8b39bbf9d0c38113b/gnocchi.6a1f81ec-83f4-45d6-b029-bfa7404186d4" 201 - "PUT http://172.20.0.100:6001/d1/455/AUTH_a1e48568798a40f8b39bbf9d0c38113b/gnocchi.6a1f81ec-83f4-45d6-b029-bfa7404186d4" "tx7c4c80a9c3774cea9e5c9-00697ced21" "container-server 15" 0.0058 "-" 20 0
Jan 30 17:40:49 standalone container-server[126066]: 172.20.0.100 - - [30/Jan/2026:17:40:49 +0000] "PUT /d1/455/AUTH_a1e48568798a40f8b39bbf9d0c38113b/gnocchi.6a1f81ec-83f4-45d6-b029-bfa7404186d4" 201 - "PUT http://172.18.0.2:8080/v1/AUTH_a1e48568798a40f8b39bbf9d0c38113b/gnocchi.6a1f81ec-83f4-45d6-b029-bfa7404186d4" "tx7c4c80a9c3774cea9e5c9-00697ced21" "proxy-server 20" 0.0187 "-" 15 0
Jan 30 17:40:49 standalone proxy-server[128378]: 172.18.0.2 172.18.0.100 30/Jan/2026/17/40/49 PUT /v1/AUTH_a1e48568798a40f8b39bbf9d0c38113b/gnocchi.6a1f81ec-83f4-45d6-b029-bfa7404186d4 HTTP/1.0 201 - python-swiftclient-3.11.1 gAAAAABpfOxh1XDa... - - - tx7c4c80a9c3774cea9e5c9-00697ced21 - 0.0259 - - 1769794849.902746677 1769794849.928605080 0
Jan 30 17:40:49 standalone container-server[126060]: 172.20.0.100 - - [30/Jan/2026:17:40:49 +0000] "HEAD /d1/851/AUTH_a1e48568798a40f8b39bbf9d0c38113b/gnocchi.2b898a68-b7c0-4f95-a79a-03fb68459b54" 204 - "HEAD http://172.18.0.2:8080/v1/AUTH_a1e48568798a40f8b39bbf9d0c38113b/gnocchi.2b898a68-b7c0-4f95-a79a-03fb68459b54?format=json&states=listing" "tx5d77bcf4198b41c9bb86b-00697ced21" "proxy-server 20" 0.0011 "-" 14 0
Jan 30 17:40:49 standalone proxy-server[128378]: - - 30/Jan/2026/17/40/49 HEAD /v1/AUTH_a1e48568798a40f8b39bbf9d0c38113b/gnocchi.2b898a68-b7c0-4f95-a79a-03fb68459b54%3Fformat%3Djson%26states%3Dlisting HTTP/1.0 204 - Swift - - - - tx5d77bcf4198b41c9bb86b-00697ced21 - 0.0068 RL - 1769794849.935933352 1769794849.942688227 0
Jan 30 17:40:49 standalone container-server[126060]: 172.20.0.100 - - [30/Jan/2026:17:40:49 +0000] "GET /d1/851/AUTH_a1e48568798a40f8b39bbf9d0c38113b/gnocchi.2b898a68-b7c0-4f95-a79a-03fb68459b54" 200 2 "GET http://172.18.0.2:8080/v1/AUTH_a1e48568798a40f8b39bbf9d0c38113b/gnocchi.2b898a68-b7c0-4f95-a79a-03fb68459b54?format=json&states=listing" "tx5d77bcf4198b41c9bb86b-00697ced21" "proxy-server 20" 0.0016 "-" 14 0
Jan 30 17:40:49 standalone proxy-server[128378]: 172.18.0.2 172.18.0.100 30/Jan/2026/17/40/49 GET /v1/AUTH_a1e48568798a40f8b39bbf9d0c38113b/gnocchi.2b898a68-b7c0-4f95-a79a-03fb68459b54%3Fformat%3Djson%26states%3Dlisting HTTP/1.0 200 - python-swiftclient-3.11.1 gAAAAABpfOxh1XDa... - 2 - tx5d77bcf4198b41c9bb86b-00697ced21 - 0.0181 - - 1769794849.934100628 1769794849.952213287 0
Jan 30 17:40:49 standalone container-server[126068]: 172.20.0.100 - - [30/Jan/2026:17:40:49 +0000] "HEAD /d1/455/AUTH_a1e48568798a40f8b39bbf9d0c38113b/gnocchi.6a1f81ec-83f4-45d6-b029-bfa7404186d4" 204 - "HEAD http://172.18.0.2:8080/v1/AUTH_a1e48568798a40f8b39bbf9d0c38113b/gnocchi.6a1f81ec-83f4-45d6-b029-bfa7404186d4?format=json&states=listing" "txa6ca606c95a3422da18e5-00697ced21" "proxy-server 20" 0.0027 "-" 16 0
Jan 30 17:40:49 standalone proxy-server[128378]: - - 30/Jan/2026/17/40/49 HEAD /v1/AUTH_a1e48568798a40f8b39bbf9d0c38113b/gnocchi.6a1f81ec-83f4-45d6-b029-bfa7404186d4%3Fformat%3Djson%26states%3Dlisting HTTP/1.0 204 - Swift - - - - txa6ca606c95a3422da18e5-00697ced21 - 0.0073 RL - 1769794849.959229946 1769794849.966568470 0
Jan 30 17:40:49 standalone container-server[126066]: 172.20.0.100 - - [30/Jan/2026:17:40:49 +0000] "GET /d1/455/AUTH_a1e48568798a40f8b39bbf9d0c38113b/gnocchi.6a1f81ec-83f4-45d6-b029-bfa7404186d4" 200 2 "GET http://172.18.0.2:8080/v1/AUTH_a1e48568798a40f8b39bbf9d0c38113b/gnocchi.6a1f81ec-83f4-45d6-b029-bfa7404186d4?format=json&states=listing" "txa6ca606c95a3422da18e5-00697ced21" "proxy-server 20" 0.0037 "-" 15 0
Jan 30 17:40:49 standalone proxy-server[128378]: 172.18.0.2 172.18.0.100 30/Jan/2026/17/40/49 GET /v1/AUTH_a1e48568798a40f8b39bbf9d0c38113b/gnocchi.6a1f81ec-83f4-45d6-b029-bfa7404186d4%3Fformat%3Djson%26states%3Dlisting HTTP/1.0 200 - python-swiftclient-3.11.1 gAAAAABpfOxh1XDa... - 2 - txa6ca606c95a3422da18e5-00697ced21 - 0.0216 - - 1769794849.957778215 1769794849.979369164 0
Jan 30 17:40:49 standalone object-server[126441]: 172.20.0.100 - - [30/Jan/2026:17:40:49 +0000] "GET /d1/606/AUTH_a1e48568798a40f8b39bbf9d0c38113b/gnocchi.2b898a68-b7c0-4f95-a79a-03fb68459b54/1769040000.0_mean_300.0_v3" 404 70 "GET http://172.18.0.2:8080/v1/AUTH_a1e48568798a40f8b39bbf9d0c38113b/gnocchi.2b898a68-b7c0-4f95-a79a-03fb68459b54/1769040000.0_mean_300.0_v3" "txeaa81c73ba65499583958-00697ced21" "proxy-server 20" 0.0006 "-" 23 0
Jan 30 17:40:49 standalone proxy-server[128378]: 172.18.0.2 172.18.0.100 30/Jan/2026/17/40/49 GET /v1/AUTH_a1e48568798a40f8b39bbf9d0c38113b/gnocchi.2b898a68-b7c0-4f95-a79a-03fb68459b54/1769040000.0_mean_300.0_v3 HTTP/1.0 404 - python-swiftclient-3.11.1 gAAAAABpfOxh1XDa... - 70 - txeaa81c73ba65499583958-00697ced21 - 0.0111 - - 1769794849.984668493 1769794849.995774508 0
Jan 30 17:40:50 standalone object-server[126435]: 172.20.0.100 - - [30/Jan/2026:17:40:50 +0000] "GET /d1/907/AUTH_a1e48568798a40f8b39bbf9d0c38113b/gnocchi.6a1f81ec-83f4-45d6-b029-bfa7404186d4/1769040000.0_mean_300.0_v3" 404 70 "GET http://172.18.0.2:8080/v1/AUTH_a1e48568798a40f8b39bbf9d0c38113b/gnocchi.6a1f81ec-83f4-45d6-b029-bfa7404186d4/1769040000.0_mean_300.0_v3" "tx64310d1dbd9c45eea73f4-00697ced21" "proxy-server 20" 0.0003 "-" 22 0
Jan 30 17:40:50 standalone proxy-server[128378]: 172.18.0.2 172.18.0.100 30/Jan/2026/17/40/50 GET /v1/AUTH_a1e48568798a40f8b39bbf9d0c38113b/gnocchi.6a1f81ec-83f4-45d6-b029-bfa7404186d4/1769040000.0_mean_300.0_v3 HTTP/1.0 404 - python-swiftclient-3.11.1 gAAAAABpfOxh1XDa... - 70 - tx64310d1dbd9c45eea73f4-00697ced21 - 0.0063 - - 1769794849.999610186 1769794850.005917788 0
Jan 30 17:40:50 standalone container-server[126066]: 172.20.0.100 - - [30/Jan/2026:17:40:50 +0000] "PUT /d1/851/AUTH_a1e48568798a40f8b39bbf9d0c38113b/gnocchi.2b898a68-b7c0-4f95-a79a-03fb68459b54/1769040000.0_mean_300.0_v3" 201 - "PUT http://172.18.0.2:8080/d1/606/AUTH_a1e48568798a40f8b39bbf9d0c38113b/gnocchi.2b898a68-b7c0-4f95-a79a-03fb68459b54/1769040000.0_mean_300.0_v3" "tx07eeb804ced749b189510-00697ced22" "object-server 23" 0.0009 "-" 15 0
Jan 30 17:40:50 standalone object-server[126441]: 172.20.0.100 - - [30/Jan/2026:17:40:50 +0000] "PUT /d1/606/AUTH_a1e48568798a40f8b39bbf9d0c38113b/gnocchi.2b898a68-b7c0-4f95-a79a-03fb68459b54/1769040000.0_mean_300.0_v3" 201 - "PUT http://172.18.0.2:8080/v1/AUTH_a1e48568798a40f8b39bbf9d0c38113b/gnocchi.2b898a68-b7c0-4f95-a79a-03fb68459b54/1769040000.0_mean_300.0_v3" "tx07eeb804ced749b189510-00697ced22" "proxy-server 20" 0.0114 "-" 23 0
Jan 30 17:40:50 standalone proxy-server[128378]: 172.18.0.2 172.18.0.100 30/Jan/2026/17/40/50 PUT /v1/AUTH_a1e48568798a40f8b39bbf9d0c38113b/gnocchi.2b898a68-b7c0-4f95-a79a-03fb68459b54/1769040000.0_mean_300.0_v3 HTTP/1.0 201 - python-swiftclient-3.11.1 gAAAAABpfOxh1XDa... 16 - - tx07eeb804ced749b189510-00697ced22 - 0.0182 - - 1769794850.009699821 1769794850.027888536 0
Jan 30 17:40:50 standalone container-server[126060]: 172.20.0.100 - - [30/Jan/2026:17:40:50 +0000] "PUT /d1/455/AUTH_a1e48568798a40f8b39bbf9d0c38113b/gnocchi.6a1f81ec-83f4-45d6-b029-bfa7404186d4/1769040000.0_mean_300.0_v3" 201 - "PUT http://172.18.0.2:8080/d1/907/AUTH_a1e48568798a40f8b39bbf9d0c38113b/gnocchi.6a1f81ec-83f4-45d6-b029-bfa7404186d4/1769040000.0_mean_300.0_v3" "tx67b096515fa04a2fbc8ec-00697ced22" "object-server 22" 0.0005 "-" 14 0
Jan 30 17:40:50 standalone object-server[126435]: 172.20.0.100 - - [30/Jan/2026:17:40:50 +0000] "PUT /d1/907/AUTH_a1e48568798a40f8b39bbf9d0c38113b/gnocchi.6a1f81ec-83f4-45d6-b029-bfa7404186d4/1769040000.0_mean_300.0_v3" 201 - "PUT http://172.18.0.2:8080/v1/AUTH_a1e48568798a40f8b39bbf9d0c38113b/gnocchi.6a1f81ec-83f4-45d6-b029-bfa7404186d4/1769040000.0_mean_300.0_v3" "tx67b096515fa04a2fbc8ec-00697ced22" "proxy-server 20" 0.0084 "-" 22 0
Jan 30 17:40:50 standalone proxy-server[128378]: 172.18.0.2 172.18.0.100 30/Jan/2026/17/40/50 PUT /v1/AUTH_a1e48568798a40f8b39bbf9d0c38113b/gnocchi.6a1f81ec-83f4-45d6-b029-bfa7404186d4/1769040000.0_mean_300.0_v3 HTTP/1.0 201 - python-swiftclient-3.11.1 gAAAAABpfOxh1XDa... 16 - - tx67b096515fa04a2fbc8ec-00697ced22 - 0.0146 - - 1769794850.031481504 1769794850.046117783 0
Jan 30 17:40:50 standalone container-server[126066]: 172.20.0.100 - - [30/Jan/2026:17:40:50 +0000] "PUT /d1/851/AUTH_a1e48568798a40f8b39bbf9d0c38113b/gnocchi.2b898a68-b7c0-4f95-a79a-03fb68459b54/none_v3" 201 - "PUT http://172.18.0.2:8080/d1/430/AUTH_a1e48568798a40f8b39bbf9d0c38113b/gnocchi.2b898a68-b7c0-4f95-a79a-03fb68459b54/none_v3" "tx59135648492641468b73b-00697ced22" "object-server 23" 0.0006 "-" 15 0
Jan 30 17:40:50 standalone object-server[126441]: 172.20.0.100 - - [30/Jan/2026:17:40:50 +0000] "PUT /d1/430/AUTH_a1e48568798a40f8b39bbf9d0c38113b/gnocchi.2b898a68-b7c0-4f95-a79a-03fb68459b54/none_v3" 201 - "PUT http://172.18.0.2:8080/v1/AUTH_a1e48568798a40f8b39bbf9d0c38113b/gnocchi.2b898a68-b7c0-4f95-a79a-03fb68459b54/none_v3" "tx59135648492641468b73b-00697ced22" "proxy-server 20" 0.0102 "-" 23 0
Jan 30 17:40:50 standalone proxy-server[128378]: 172.18.0.2 172.18.0.100 30/Jan/2026/17/40/50 PUT /v1/AUTH_a1e48568798a40f8b39bbf9d0c38113b/gnocchi.2b898a68-b7c0-4f95-a79a-03fb68459b54/none_v3 HTTP/1.0 201 - python-swiftclient-3.11.1 gAAAAABpfOxh1XDa... 22 - - tx59135648492641468b73b-00697ced22 - 0.0171 - - 1769794850.049479961 1769794850.066536903 0
Jan 30 17:40:50 standalone container-server[126066]: 172.20.0.100 - - [30/Jan/2026:17:40:50 +0000] "PUT /d1/455/AUTH_a1e48568798a40f8b39bbf9d0c38113b/gnocchi.6a1f81ec-83f4-45d6-b029-bfa7404186d4/none_v3" 201 - "PUT http://172.18.0.2:8080/d1/892/AUTH_a1e48568798a40f8b39bbf9d0c38113b/gnocchi.6a1f81ec-83f4-45d6-b029-bfa7404186d4/none_v3" "txd1ef26977de34076b94c0-00697ced22" "object-server 25" 0.0006 "-" 15 0
Jan 30 17:40:50 standalone object-server[126450]: 172.20.0.100 - - [30/Jan/2026:17:40:50 +0000] "PUT /d1/892/AUTH_a1e48568798a40f8b39bbf9d0c38113b/gnocchi.6a1f81ec-83f4-45d6-b029-bfa7404186d4/none_v3" 201 - "PUT http://172.18.0.2:8080/v1/AUTH_a1e48568798a40f8b39bbf9d0c38113b/gnocchi.6a1f81ec-83f4-45d6-b029-bfa7404186d4/none_v3" "txd1ef26977de34076b94c0-00697ced22" "proxy-server 20" 0.0094 "-" 25 0
Jan 30 17:40:50 standalone proxy-server[128378]: 172.18.0.2 172.18.0.100 30/Jan/2026/17/40/50 PUT /v1/AUTH_a1e48568798a40f8b39bbf9d0c38113b/gnocchi.6a1f81ec-83f4-45d6-b029-bfa7404186d4/none_v3 HTTP/1.0 201 - python-swiftclient-3.11.1 gAAAAABpfOxh1XDa... 22 - - txd1ef26977de34076b94c0-00697ced22 - 0.0162 - - 1769794850.070253849 1769794850.086426020 0
Jan 30 17:40:50 standalone container-server[126066]: 172.20.0.100 - - [30/Jan/2026:17:40:50 +0000] "HEAD /d1/9/AUTH_a1e48568798a40f8b39bbf9d0c38113b/gnocchi.8cf9d4c6-afcc-41ef-90ba-8b126f9d827e" 404 - "HEAD http://172.18.0.2:8080/v1/AUTH_a1e48568798a40f8b39bbf9d0c38113b/gnocchi.8cf9d4c6-afcc-41ef-90ba-8b126f9d827e?format=json&states=listing" "txbad02712212146f2ab4eb-00697ced22" "proxy-server 20" 0.0005 "-" 15 0
Jan 30 17:40:50 standalone object-server[126450]: 172.20.0.100 - - [30/Jan/2026:17:40:50 +0000] "GET /d1/351/AUTH_a1e48568798a40f8b39bbf9d0c38113b/gnocchi.8cf9d4c6-afcc-41ef-90ba-8b126f9d827e/none_v3" 404 70 "GET http://172.18.0.2:8080/v1/AUTH_a1e48568798a40f8b39bbf9d0c38113b/gnocchi.8cf9d4c6-afcc-41ef-90ba-8b126f9d827e/none_v3" "txbad02712212146f2ab4eb-00697ced22" "proxy-server 20" 0.0002 "-" 25 0
Jan 30 17:40:50 standalone proxy-server[128378]: 172.18.0.2 172.18.0.100 30/Jan/2026/17/40/50 GET /v1/AUTH_a1e48568798a40f8b39bbf9d0c38113b/gnocchi.8cf9d4c6-afcc-41ef-90ba-8b126f9d827e/none_v3 HTTP/1.0 404 - python-swiftclient-3.11.1 gAAAAABpfOxh1XDa... - 70 - txbad02712212146f2ab4eb-00697ced22 - 0.0110 - - 1769794850.100273609 1769794850.111297369 0
Jan 30 17:40:50 standalone account-server[125924]: 172.20.0.100 - - [30/Jan/2026:17:40:50 +0000] "PUT /d1/377/AUTH_a1e48568798a40f8b39bbf9d0c38113b/gnocchi.8cf9d4c6-afcc-41ef-90ba-8b126f9d827e" 201 - "PUT http://172.20.0.100:6001/d1/9/AUTH_a1e48568798a40f8b39bbf9d0c38113b/gnocchi.8cf9d4c6-afcc-41ef-90ba-8b126f9d827e" "tx01a29714516743618372a-00697ced22" "container-server 14" 0.0047 "-" 20 0
Jan 30 17:40:50 standalone container-server[126060]: 172.20.0.100 - - [30/Jan/2026:17:40:50 +0000] "PUT /d1/9/AUTH_a1e48568798a40f8b39bbf9d0c38113b/gnocchi.8cf9d4c6-afcc-41ef-90ba-8b126f9d827e" 201 - "PUT http://172.18.0.2:8080/v1/AUTH_a1e48568798a40f8b39bbf9d0c38113b/gnocchi.8cf9d4c6-afcc-41ef-90ba-8b126f9d827e" "tx01a29714516743618372a-00697ced22" "proxy-server 20" 0.0150 "-" 14 0
Jan 30 17:40:50 standalone proxy-server[128378]: 172.18.0.2 172.18.0.100 30/Jan/2026/17/40/50 PUT /v1/AUTH_a1e48568798a40f8b39bbf9d0c38113b/gnocchi.8cf9d4c6-afcc-41ef-90ba-8b126f9d827e HTTP/1.0 201 - python-swiftclient-3.11.1 gAAAAABpfOxh1XDa... - - - tx01a29714516743618372a-00697ced22 - 0.0207 - - 1769794850.114901781 1769794850.135572195 0
Jan 30 17:40:50 standalone container-server[126066]: 172.20.0.100 - - [30/Jan/2026:17:40:50 +0000] "HEAD /d1/9/AUTH_a1e48568798a40f8b39bbf9d0c38113b/gnocchi.8cf9d4c6-afcc-41ef-90ba-8b126f9d827e" 204 - "HEAD http://172.18.0.2:8080/v1/AUTH_a1e48568798a40f8b39bbf9d0c38113b/gnocchi.8cf9d4c6-afcc-41ef-90ba-8b126f9d827e?format=json&states=listing" "tx5184df1a743e4b04b9f06-00697ced22" "proxy-server 20" 0.0026 "-" 15 0
Jan 30 17:40:50 standalone proxy-server[128378]: - - 30/Jan/2026/17/40/50 HEAD /v1/AUTH_a1e48568798a40f8b39bbf9d0c38113b/gnocchi.8cf9d4c6-afcc-41ef-90ba-8b126f9d827e%3Fformat%3Djson%26states%3Dlisting HTTP/1.0 204 - Swift - - - - tx5184df1a743e4b04b9f06-00697ced22 - 0.0072 RL - 1769794850.140747547 1769794850.147984266 0
Jan 30 17:40:50 standalone container-server[126060]: 172.20.0.100 - - [30/Jan/2026:17:40:50 +0000] "GET /d1/9/AUTH_a1e48568798a40f8b39bbf9d0c38113b/gnocchi.8cf9d4c6-afcc-41ef-90ba-8b126f9d827e" 200 2 "GET http://172.18.0.2:8080/v1/AUTH_a1e48568798a40f8b39bbf9d0c38113b/gnocchi.8cf9d4c6-afcc-41ef-90ba-8b126f9d827e?format=json&states=listing" "tx5184df1a743e4b04b9f06-00697ced22" "proxy-server 20" 0.0017 "-" 14 0
Jan 30 17:40:50 standalone proxy-server[128378]: 172.18.0.2 172.18.0.100 30/Jan/2026/17/40/50 GET /v1/AUTH_a1e48568798a40f8b39bbf9d0c38113b/gnocchi.8cf9d4c6-afcc-41ef-90ba-8b126f9d827e%3Fformat%3Djson%26states%3Dlisting HTTP/1.0 200 - python-swiftclient-3.11.1 gAAAAABpfOxh1XDa... - 2 - tx5184df1a743e4b04b9f06-00697ced22 - 0.0175 - - 1769794850.139164925 1769794850.156627893 0
Jan 30 17:40:50 standalone object-server[126446]: 172.20.0.100 - - [30/Jan/2026:17:40:50 +0000] "GET /d1/47/AUTH_a1e48568798a40f8b39bbf9d0c38113b/gnocchi.8cf9d4c6-afcc-41ef-90ba-8b126f9d827e/1769040000.0_mean_300.0_v3" 404 70 "GET http://172.18.0.2:8080/v1/AUTH_a1e48568798a40f8b39bbf9d0c38113b/gnocchi.8cf9d4c6-afcc-41ef-90ba-8b126f9d827e/1769040000.0_mean_300.0_v3" "txec91f81eaa974e6cab64c-00697ced22" "proxy-server 20" 0.0003 "-" 24 0
Jan 30 17:40:50 standalone proxy-server[128378]: 172.18.0.2 172.18.0.100 30/Jan/2026/17/40/50 GET /v1/AUTH_a1e48568798a40f8b39bbf9d0c38113b/gnocchi.8cf9d4c6-afcc-41ef-90ba-8b126f9d827e/1769040000.0_mean_300.0_v3 HTTP/1.0 404 - python-swiftclient-3.11.1 gAAAAABpfOxh1XDa... - 70 - txec91f81eaa974e6cab64c-00697ced22 - 0.0064 - - 1769794850.159985065 1769794850.166392326 0
Jan 30 17:40:50 standalone container-server[126074]: 172.20.0.100 - - [30/Jan/2026:17:40:50 +0000] "PUT /d1/9/AUTH_a1e48568798a40f8b39bbf9d0c38113b/gnocchi.8cf9d4c6-afcc-41ef-90ba-8b126f9d827e/1769040000.0_mean_300.0_v3" 201 - "PUT http://172.18.0.2:8080/d1/47/AUTH_a1e48568798a40f8b39bbf9d0c38113b/gnocchi.8cf9d4c6-afcc-41ef-90ba-8b126f9d827e/1769040000.0_mean_300.0_v3" "txae452d85057e41f5b6fdb-00697ced22" "object-server 23" 0.0011 "-" 17 0
Jan 30 17:40:50 standalone object-server[126441]: 172.20.0.100 - - [30/Jan/2026:17:40:50 +0000] "PUT /d1/47/AUTH_a1e48568798a40f8b39bbf9d0c38113b/gnocchi.8cf9d4c6-afcc-41ef-90ba-8b126f9d827e/1769040000.0_mean_300.0_v3" 201 - "PUT http://172.18.0.2:8080/v1/AUTH_a1e48568798a40f8b39bbf9d0c38113b/gnocchi.8cf9d4c6-afcc-41ef-90ba-8b126f9d827e/1769040000.0_mean_300.0_v3" "txae452d85057e41f5b6fdb-00697ced22" "proxy-server 20" 0.0105 "-" 23 0
Jan 30 17:40:50 standalone proxy-server[128378]: 172.18.0.2 172.18.0.100 30/Jan/2026/17/40/50 PUT /v1/AUTH_a1e48568798a40f8b39bbf9d0c38113b/gnocchi.8cf9d4c6-afcc-41ef-90ba-8b126f9d827e/1769040000.0_mean_300.0_v3 HTTP/1.0 201 - python-swiftclient-3.11.1 gAAAAABpfOxh1XDa... 16 - - txae452d85057e41f5b6fdb-00697ced22 - 0.0184 - - 1769794850.168887377 1769794850.187260389 0
Jan 30 17:40:50 standalone container-server[126068]: 172.20.0.100 - - [30/Jan/2026:17:40:50 +0000] "PUT /d1/9/AUTH_a1e48568798a40f8b39bbf9d0c38113b/gnocchi.8cf9d4c6-afcc-41ef-90ba-8b126f9d827e/none_v3" 201 - "PUT http://172.18.0.2:8080/d1/351/AUTH_a1e48568798a40f8b39bbf9d0c38113b/gnocchi.8cf9d4c6-afcc-41ef-90ba-8b126f9d827e/none_v3" "tx64cf9e8d14af4826a6ad5-00697ced22" "object-server 25" 0.0008 "-" 16 0
Jan 30 17:40:50 standalone object-server[126450]: 172.20.0.100 - - [30/Jan/2026:17:40:50 +0000] "PUT /d1/351/AUTH_a1e48568798a40f8b39bbf9d0c38113b/gnocchi.8cf9d4c6-afcc-41ef-90ba-8b126f9d827e/none_v3" 201 - "PUT http://172.18.0.2:8080/v1/AUTH_a1e48568798a40f8b39bbf9d0c38113b/gnocchi.8cf9d4c6-afcc-41ef-90ba-8b126f9d827e/none_v3" "tx64cf9e8d14af4826a6ad5-00697ced22" "proxy-server 20" 0.0122 "-" 25 0
Jan 30 17:40:50 standalone proxy-server[128378]: 172.18.0.2 172.18.0.100 30/Jan/2026/17/40/50 PUT /v1/AUTH_a1e48568798a40f8b39bbf9d0c38113b/gnocchi.8cf9d4c6-afcc-41ef-90ba-8b126f9d827e/none_v3 HTTP/1.0 201 - python-swiftclient-3.11.1 gAAAAABpfOxh1XDa... 22 - - tx64cf9e8d14af4826a6ad5-00697ced22 - 0.0196 - - 1769794850.189823627 1769794850.209409237 0
Jan 30 17:40:50 standalone container-server[126060]: 172.20.0.100 - - [30/Jan/2026:17:40:50 +0000] "HEAD /d1/699/AUTH_a1e48568798a40f8b39bbf9d0c38113b/gnocchi.34889c45-6fe2-4468-ba4e-443f4e050937" 404 - "HEAD http://172.18.0.2:8080/v1/AUTH_a1e48568798a40f8b39bbf9d0c38113b/gnocchi.34889c45-6fe2-4468-ba4e-443f4e050937?format=json&states=listing" "tx1f7b2f0e69a9488cb71fb-00697ced22" "proxy-server 20" 0.0003 "-" 14 0
Jan 30 17:40:50 standalone object-server[126441]: 172.20.0.100 - - [30/Jan/2026:17:40:50 +0000] "GET /d1/48/AUTH_a1e48568798a40f8b39bbf9d0c38113b/gnocchi.34889c45-6fe2-4468-ba4e-443f4e050937/none_v3" 404 70 "GET http://172.18.0.2:8080/v1/AUTH_a1e48568798a40f8b39bbf9d0c38113b/gnocchi.34889c45-6fe2-4468-ba4e-443f4e050937/none_v3" "tx1f7b2f0e69a9488cb71fb-00697ced22" "proxy-server 20" 0.0007 "-" 23 0
Jan 30 17:40:50 standalone proxy-server[128378]: 172.18.0.2 172.18.0.100 30/Jan/2026/17/40/50 GET /v1/AUTH_a1e48568798a40f8b39bbf9d0c38113b/gnocchi.34889c45-6fe2-4468-ba4e-443f4e050937/none_v3 HTTP/1.0 404 - python-swiftclient-3.11.1 gAAAAABpfOxh1XDa... - 70 - tx1f7b2f0e69a9488cb71fb-00697ced22 - 0.0123 - - 1769794850.218122005 1769794850.230393410 0
Jan 30 17:40:50 standalone account-server[125929]: 172.20.0.100 - - [30/Jan/2026:17:40:50 +0000] "PUT /d1/377/AUTH_a1e48568798a40f8b39bbf9d0c38113b/gnocchi.34889c45-6fe2-4468-ba4e-443f4e050937" 201 - "PUT http://172.20.0.100:6001/d1/699/AUTH_a1e48568798a40f8b39bbf9d0c38113b/gnocchi.34889c45-6fe2-4468-ba4e-443f4e050937" "txadb4c0d67703475e9aa75-00697ced22" "container-server 15" 0.0059 "-" 22 0
Jan 30 17:40:50 standalone container-server[126066]: 172.20.0.100 - - [30/Jan/2026:17:40:50 +0000] "PUT /d1/699/AUTH_a1e48568798a40f8b39bbf9d0c38113b/gnocchi.34889c45-6fe2-4468-ba4e-443f4e050937" 201 - "PUT http://172.18.0.2:8080/v1/AUTH_a1e48568798a40f8b39bbf9d0c38113b/gnocchi.34889c45-6fe2-4468-ba4e-443f4e050937" "txadb4c0d67703475e9aa75-00697ced22" "proxy-server 20" 0.0197 "-" 15 0
Jan 30 17:40:50 standalone proxy-server[128378]: 172.18.0.2 172.18.0.100 30/Jan/2026/17/40/50 PUT /v1/AUTH_a1e48568798a40f8b39bbf9d0c38113b/gnocchi.34889c45-6fe2-4468-ba4e-443f4e050937 HTTP/1.0 201 - python-swiftclient-3.11.1 gAAAAABpfOxh1XDa... - - - txadb4c0d67703475e9aa75-00697ced22 - 0.0296 - - 1769794850.232825279 1769794850.262461662 0
Jan 30 17:40:50 standalone container-server[126068]: 172.20.0.100 - - [30/Jan/2026:17:40:50 +0000] "HEAD /d1/699/AUTH_a1e48568798a40f8b39bbf9d0c38113b/gnocchi.34889c45-6fe2-4468-ba4e-443f4e050937" 204 - "HEAD http://172.18.0.2:8080/v1/AUTH_a1e48568798a40f8b39bbf9d0c38113b/gnocchi.34889c45-6fe2-4468-ba4e-443f4e050937?format=json&states=listing" "tx699ef85a40bc4bf7a92f7-00697ced22" "proxy-server 20" 0.0023 "-" 16 0
Jan 30 17:40:50 standalone proxy-server[128378]: - - 30/Jan/2026/17/40/50 HEAD /v1/AUTH_a1e48568798a40f8b39bbf9d0c38113b/gnocchi.34889c45-6fe2-4468-ba4e-443f4e050937%3Fformat%3Djson%26states%3Dlisting HTTP/1.0 204 - Swift - - - - tx699ef85a40bc4bf7a92f7-00697ced22 - 0.0070 RL - 1769794850.270665884 1769794850.277687073 0
Jan 30 17:40:50 standalone container-server[126068]: 172.20.0.100 - - [30/Jan/2026:17:40:50 +0000] "GET /d1/699/AUTH_a1e48568798a40f8b39bbf9d0c38113b/gnocchi.34889c45-6fe2-4468-ba4e-443f4e050937" 200 2 "GET http://172.18.0.2:8080/v1/AUTH_a1e48568798a40f8b39bbf9d0c38113b/gnocchi.34889c45-6fe2-4468-ba4e-443f4e050937?format=json&states=listing" "tx699ef85a40bc4bf7a92f7-00697ced22" "proxy-server 20" 0.0032 "-" 16 0
Jan 30 17:40:50 standalone proxy-server[128378]: 172.18.0.2 172.18.0.100 30/Jan/2026/17/40/50 GET /v1/AUTH_a1e48568798a40f8b39bbf9d0c38113b/gnocchi.34889c45-6fe2-4468-ba4e-443f4e050937%3Fformat%3Djson%26states%3Dlisting HTTP/1.0 200 - python-swiftclient-3.11.1 gAAAAABpfOxh1XDa... - 2 - tx699ef85a40bc4bf7a92f7-00697ced22 - 0.0196 - - 1769794850.269216537 1769794850.288860321 0
Jan 30 17:40:50 standalone object-server[126446]: 172.20.0.100 - - [30/Jan/2026:17:40:50 +0000] "GET /d1/433/AUTH_a1e48568798a40f8b39bbf9d0c38113b/gnocchi.34889c45-6fe2-4468-ba4e-443f4e050937/1769040000.0_mean_300.0_v3" 404 70 "GET http://172.18.0.2:8080/v1/AUTH_a1e48568798a40f8b39bbf9d0c38113b/gnocchi.34889c45-6fe2-4468-ba4e-443f4e050937/1769040000.0_mean_300.0_v3" "tx3bd99473463b4828956ee-00697ced22" "proxy-server 20" 0.0003 "-" 24 0
Jan 30 17:40:50 standalone proxy-server[128378]: 172.18.0.2 172.18.0.100 30/Jan/2026/17/40/50 GET /v1/AUTH_a1e48568798a40f8b39bbf9d0c38113b/gnocchi.34889c45-6fe2-4468-ba4e-443f4e050937/1769040000.0_mean_300.0_v3 HTTP/1.0 404 - python-swiftclient-3.11.1 gAAAAABpfOxh1XDa... - 70 - tx3bd99473463b4828956ee-00697ced22 - 0.0064 - - 1769794850.293824673 1769794850.300199986 0
Jan 30 17:40:50 standalone container-server[126074]: 172.20.0.100 - - [30/Jan/2026:17:40:50 +0000] "PUT /d1/699/AUTH_a1e48568798a40f8b39bbf9d0c38113b/gnocchi.34889c45-6fe2-4468-ba4e-443f4e050937/1769040000.0_mean_300.0_v3" 201 - "PUT http://172.18.0.2:8080/d1/433/AUTH_a1e48568798a40f8b39bbf9d0c38113b/gnocchi.34889c45-6fe2-4468-ba4e-443f4e050937/1769040000.0_mean_300.0_v3" "txd4bf7728d920482e8268b-00697ced22" "object-server 24" 0.0010 "-" 17 0
Jan 30 17:40:50 standalone object-server[126446]: 172.20.0.100 - - [30/Jan/2026:17:40:50 +0000] "PUT /d1/433/AUTH_a1e48568798a40f8b39bbf9d0c38113b/gnocchi.34889c45-6fe2-4468-ba4e-443f4e050937/1769040000.0_mean_300.0_v3" 201 - "PUT http://172.18.0.2:8080/v1/AUTH_a1e48568798a40f8b39bbf9d0c38113b/gnocchi.34889c45-6fe2-4468-ba4e-443f4e050937/1769040000.0_mean_300.0_v3" "txd4bf7728d920482e8268b-00697ced22" "proxy-server 20" 0.0089 "-" 24 0
Jan 30 17:40:50 standalone proxy-server[128378]: 172.18.0.2 172.18.0.100 30/Jan/2026/17/40/50 PUT /v1/AUTH_a1e48568798a40f8b39bbf9d0c38113b/gnocchi.34889c45-6fe2-4468-ba4e-443f4e050937/1769040000.0_mean_300.0_v3 HTTP/1.0 201 - python-swiftclient-3.11.1 gAAAAABpfOxh1XDa... 16 - - txd4bf7728d920482e8268b-00697ced22 - 0.0151 - - 1769794850.305528879 1769794850.320581436 0
Jan 30 17:40:50 standalone container-server[126068]: 172.20.0.100 - - [30/Jan/2026:17:40:50 +0000] "PUT /d1/699/AUTH_a1e48568798a40f8b39bbf9d0c38113b/gnocchi.34889c45-6fe2-4468-ba4e-443f4e050937/none_v3" 201 - "PUT http://172.18.0.2:8080/d1/48/AUTH_a1e48568798a40f8b39bbf9d0c38113b/gnocchi.34889c45-6fe2-4468-ba4e-443f4e050937/none_v3" "tx7ea54378ccbe47919637d-00697ced22" "object-server 23" 0.0010 "-" 16 0
Jan 30 17:40:50 standalone object-server[126441]: 172.20.0.100 - - [30/Jan/2026:17:40:50 +0000] "PUT /d1/48/AUTH_a1e48568798a40f8b39bbf9d0c38113b/gnocchi.34889c45-6fe2-4468-ba4e-443f4e050937/none_v3" 201 - "PUT http://172.18.0.2:8080/v1/AUTH_a1e48568798a40f8b39bbf9d0c38113b/gnocchi.34889c45-6fe2-4468-ba4e-443f4e050937/none_v3" "tx7ea54378ccbe47919637d-00697ced22" "proxy-server 20" 0.0121 "-" 23 0
Jan 30 17:40:50 standalone proxy-server[128378]: 172.18.0.2 172.18.0.100 30/Jan/2026/17/40/50 PUT /v1/AUTH_a1e48568798a40f8b39bbf9d0c38113b/gnocchi.34889c45-6fe2-4468-ba4e-443f4e050937/none_v3 HTTP/1.0 201 - python-swiftclient-3.11.1 gAAAAABpfOxh1XDa... 22 - - tx7ea54378ccbe47919637d-00697ced22 - 0.0193 - - 1769794850.324198484 1769794850.343537807 0
Jan 30 17:40:50 standalone container-server[126066]: 172.20.0.100 - - [30/Jan/2026:17:40:50 +0000] "HEAD /d1/760/AUTH_a1e48568798a40f8b39bbf9d0c38113b/gnocchi.cebf6250-ad11-47e3-bbce-b05be2e43496" 404 - "HEAD http://172.18.0.2:8080/v1/AUTH_a1e48568798a40f8b39bbf9d0c38113b/gnocchi.cebf6250-ad11-47e3-bbce-b05be2e43496?format=json&states=listing" "tx4acd86d6e56a4c72aaa70-00697ced22" "proxy-server 20" 0.0009 "-" 15 0
Jan 30 17:40:50 standalone object-server[126450]: 172.20.0.100 - - [30/Jan/2026:17:40:50 +0000] "GET /d1/784/AUTH_a1e48568798a40f8b39bbf9d0c38113b/gnocchi.cebf6250-ad11-47e3-bbce-b05be2e43496/none_v3" 404 70 "GET http://172.18.0.2:8080/v1/AUTH_a1e48568798a40f8b39bbf9d0c38113b/gnocchi.cebf6250-ad11-47e3-bbce-b05be2e43496/none_v3" "tx4acd86d6e56a4c72aaa70-00697ced22" "proxy-server 20" 0.0004 "-" 25 0
Jan 30 17:40:50 standalone proxy-server[128378]: 172.18.0.2 172.18.0.100 30/Jan/2026/17/40/50 GET /v1/AUTH_a1e48568798a40f8b39bbf9d0c38113b/gnocchi.cebf6250-ad11-47e3-bbce-b05be2e43496/none_v3 HTTP/1.0 404 - python-swiftclient-3.11.1 gAAAAABpfOxh1XDa... - 70 - tx4acd86d6e56a4c72aaa70-00697ced22 - 0.0132 - - 1769794850.354824781 1769794850.367988586 0
Jan 30 17:40:50 standalone account-server[125929]: 172.20.0.100 - - [30/Jan/2026:17:40:50 +0000] "PUT /d1/377/AUTH_a1e48568798a40f8b39bbf9d0c38113b/gnocchi.cebf6250-ad11-47e3-bbce-b05be2e43496" 201 - "PUT http://172.20.0.100:6001/d1/760/AUTH_a1e48568798a40f8b39bbf9d0c38113b/gnocchi.cebf6250-ad11-47e3-bbce-b05be2e43496" "txb7c96db6e2974fb899097-00697ced22" "container-server 17" 0.0066 "-" 22 0
Jan 30 17:40:50 standalone container-server[126074]: 172.20.0.100 - - [30/Jan/2026:17:40:50 +0000] "PUT /d1/760/AUTH_a1e48568798a40f8b39bbf9d0c38113b/gnocchi.cebf6250-ad11-47e3-bbce-b05be2e43496" 201 - "PUT http://172.18.0.2:8080/v1/AUTH_a1e48568798a40f8b39bbf9d0c38113b/gnocchi.cebf6250-ad11-47e3-bbce-b05be2e43496" "txb7c96db6e2974fb899097-00697ced22" "proxy-server 20" 0.0201 "-" 17 0
Jan 30 17:40:50 standalone proxy-server[128378]: 172.18.0.2 172.18.0.100 30/Jan/2026/17/40/50 PUT /v1/AUTH_a1e48568798a40f8b39bbf9d0c38113b/gnocchi.cebf6250-ad11-47e3-bbce-b05be2e43496 HTTP/1.0 201 - python-swiftclient-3.11.1 gAAAAABpfOxh1XDa... - - - txb7c96db6e2974fb899097-00697ced22 - 0.0254 - - 1769794850.371010065 1769794850.396446705 0
Jan 30 17:40:50 standalone container-server[126074]: 172.20.0.100 - - [30/Jan/2026:17:40:50 +0000] "HEAD /d1/760/AUTH_a1e48568798a40f8b39bbf9d0c38113b/gnocchi.cebf6250-ad11-47e3-bbce-b05be2e43496" 204 - "HEAD http://172.18.0.2:8080/v1/AUTH_a1e48568798a40f8b39bbf9d0c38113b/gnocchi.cebf6250-ad11-47e3-bbce-b05be2e43496?format=json&states=listing" "tx2a8f01e684204dfb8e8a4-00697ced22" "proxy-server 20" 0.0018 "-" 17 0
Jan 30 17:40:50 standalone proxy-server[128378]: - - 30/Jan/2026/17/40/50 HEAD /v1/AUTH_a1e48568798a40f8b39bbf9d0c38113b/gnocchi.cebf6250-ad11-47e3-bbce-b05be2e43496%3Fformat%3Djson%26states%3Dlisting HTTP/1.0 204 - Swift - - - - tx2a8f01e684204dfb8e8a4-00697ced22 - 0.0064 RL - 1769794850.403464079 1769794850.409890652 0
Jan 30 17:40:50 standalone container-server[126074]: 172.20.0.100 - - [30/Jan/2026:17:40:50 +0000] "GET /d1/760/AUTH_a1e48568798a40f8b39bbf9d0c38113b/gnocchi.cebf6250-ad11-47e3-bbce-b05be2e43496" 200 2 "GET http://172.18.0.2:8080/v1/AUTH_a1e48568798a40f8b39bbf9d0c38113b/gnocchi.cebf6250-ad11-47e3-bbce-b05be2e43496?format=json&states=listing" "tx2a8f01e684204dfb8e8a4-00697ced22" "proxy-server 20" 0.0030 "-" 17 0
Jan 30 17:40:50 standalone proxy-server[128378]: 172.18.0.2 172.18.0.100 30/Jan/2026/17/40/50 GET /v1/AUTH_a1e48568798a40f8b39bbf9d0c38113b/gnocchi.cebf6250-ad11-47e3-bbce-b05be2e43496%3Fformat%3Djson%26states%3Dlisting HTTP/1.0 200 - python-swiftclient-3.11.1 gAAAAABpfOxh1XDa... - 2 - tx2a8f01e684204dfb8e8a4-00697ced22 - 0.0195 - - 1769794850.401625395 1769794850.421155930 0
Jan 30 17:40:50 standalone object-server[126450]: 172.20.0.100 - - [30/Jan/2026:17:40:50 +0000] "GET /d1/393/AUTH_a1e48568798a40f8b39bbf9d0c38113b/gnocchi.cebf6250-ad11-47e3-bbce-b05be2e43496/1769040000.0_mean_300.0_v3" 404 70 "GET http://172.18.0.2:8080/v1/AUTH_a1e48568798a40f8b39bbf9d0c38113b/gnocchi.cebf6250-ad11-47e3-bbce-b05be2e43496/1769040000.0_mean_300.0_v3" "tx89ec28ff4c8c48359cb5b-00697ced22" "proxy-server 20" 0.0004 "-" 25 0
Jan 30 17:40:50 standalone proxy-server[128378]: 172.18.0.2 172.18.0.100 30/Jan/2026/17/40/50 GET /v1/AUTH_a1e48568798a40f8b39bbf9d0c38113b/gnocchi.cebf6250-ad11-47e3-bbce-b05be2e43496/1769040000.0_mean_300.0_v3 HTTP/1.0 404 - python-swiftclient-3.11.1 gAAAAABpfOxh1XDa... - 70 - tx89ec28ff4c8c48359cb5b-00697ced22 - 0.0069 - - 1769794850.424568415 1769794850.431440115 0
Jan 30 17:40:50 standalone container-server[126060]: 172.20.0.100 - - [30/Jan/2026:17:40:50 +0000] "PUT /d1/760/AUTH_a1e48568798a40f8b39bbf9d0c38113b/gnocchi.cebf6250-ad11-47e3-bbce-b05be2e43496/1769040000.0_mean_300.0_v3" 201 - "PUT http://172.18.0.2:8080/d1/393/AUTH_a1e48568798a40f8b39bbf9d0c38113b/gnocchi.cebf6250-ad11-47e3-bbce-b05be2e43496/1769040000.0_mean_300.0_v3" "tx2a6f306496df439db9c99-00697ced22" "object-server 22" 0.0008 "-" 14 0
Jan 30 17:40:50 standalone object-server[126435]: 172.20.0.100 - - [30/Jan/2026:17:40:50 +0000] "PUT /d1/393/AUTH_a1e48568798a40f8b39bbf9d0c38113b/gnocchi.cebf6250-ad11-47e3-bbce-b05be2e43496/1769040000.0_mean_300.0_v3" 201 - "PUT http://172.18.0.2:8080/v1/AUTH_a1e48568798a40f8b39bbf9d0c38113b/gnocchi.cebf6250-ad11-47e3-bbce-b05be2e43496/1769040000.0_mean_300.0_v3" "tx2a6f306496df439db9c99-00697ced22" "proxy-server 20" 0.0109 "-" 22 0
Jan 30 17:40:50 standalone proxy-server[128378]: 172.18.0.2 172.18.0.100 30/Jan/2026/17/40/50 PUT /v1/AUTH_a1e48568798a40f8b39bbf9d0c38113b/gnocchi.cebf6250-ad11-47e3-bbce-b05be2e43496/1769040000.0_mean_300.0_v3 HTTP/1.0 201 - python-swiftclient-3.11.1 gAAAAABpfOxh1XDa... 16 - - tx2a6f306496df439db9c99-00697ced22 - 0.0188 - - 1769794850.434015751 1769794850.452792168 0
Jan 30 17:40:50 standalone container-server[126074]: 172.20.0.100 - - [30/Jan/2026:17:40:50 +0000] "PUT /d1/760/AUTH_a1e48568798a40f8b39bbf9d0c38113b/gnocchi.cebf6250-ad11-47e3-bbce-b05be2e43496/none_v3" 201 - "PUT http://172.18.0.2:8080/d1/784/AUTH_a1e48568798a40f8b39bbf9d0c38113b/gnocchi.cebf6250-ad11-47e3-bbce-b05be2e43496/none_v3" "txee850381069e4f76a6cdc-00697ced22" "object-server 23" 0.0007 "-" 17 0
Jan 30 17:40:50 standalone object-server[126441]: 172.20.0.100 - - [30/Jan/2026:17:40:50 +0000] "PUT /d1/784/AUTH_a1e48568798a40f8b39bbf9d0c38113b/gnocchi.cebf6250-ad11-47e3-bbce-b05be2e43496/none_v3" 201 - "PUT http://172.18.0.2:8080/v1/AUTH_a1e48568798a40f8b39bbf9d0c38113b/gnocchi.cebf6250-ad11-47e3-bbce-b05be2e43496/none_v3" "txee850381069e4f76a6cdc-00697ced22" "proxy-server 20" 0.0100 "-" 23 0
Jan 30 17:40:50 standalone proxy-server[128378]: 172.18.0.2 172.18.0.100 30/Jan/2026/17/40/50 PUT /v1/AUTH_a1e48568798a40f8b39bbf9d0c38113b/gnocchi.cebf6250-ad11-47e3-bbce-b05be2e43496/none_v3 HTTP/1.0 201 - python-swiftclient-3.11.1 gAAAAABpfOxh1XDa... 22 - - txee850381069e4f76a6cdc-00697ced22 - 0.0180 - - 1769794850.455445051 1769794850.473448277 0
Jan 30 17:40:50 standalone container-server[126066]: 172.20.0.100 - - [30/Jan/2026:17:40:50 +0000] "HEAD /d1/722/AUTH_a1e48568798a40f8b39bbf9d0c38113b/gnocchi.4cc971df-4aa3-4292-93bf-f38c7c4e9589" 404 - "HEAD http://172.18.0.2:8080/v1/AUTH_a1e48568798a40f8b39bbf9d0c38113b/gnocchi.4cc971df-4aa3-4292-93bf-f38c7c4e9589?format=json&states=listing" "tx282a3309d9dd49259afee-00697ced22" "proxy-server 20" 0.0007 "-" 15 0
Jan 30 17:40:50 standalone object-server[126446]: 172.20.0.100 - - [30/Jan/2026:17:40:50 +0000] "GET /d1/229/AUTH_a1e48568798a40f8b39bbf9d0c38113b/gnocchi.4cc971df-4aa3-4292-93bf-f38c7c4e9589/none_v3" 404 70 "GET http://172.18.0.2:8080/v1/AUTH_a1e48568798a40f8b39bbf9d0c38113b/gnocchi.4cc971df-4aa3-4292-93bf-f38c7c4e9589/none_v3" "tx282a3309d9dd49259afee-00697ced22" "proxy-server 20" 0.0003 "-" 24 0
Jan 30 17:40:50 standalone proxy-server[128378]: 172.18.0.2 172.18.0.100 30/Jan/2026/17/40/50 GET /v1/AUTH_a1e48568798a40f8b39bbf9d0c38113b/gnocchi.4cc971df-4aa3-4292-93bf-f38c7c4e9589/none_v3 HTTP/1.0 404 - python-swiftclient-3.11.1 gAAAAABpfOxh1XDa... - 70 - tx282a3309d9dd49259afee-00697ced22 - 0.0122 - - 1769794850.481041431 1769794850.493207693 0
Jan 30 17:40:50 standalone account-server[125929]: 172.20.0.100 - - [30/Jan/2026:17:40:50 +0000] "PUT /d1/377/AUTH_a1e48568798a40f8b39bbf9d0c38113b/gnocchi.4cc971df-4aa3-4292-93bf-f38c7c4e9589" 201 - "PUT http://172.20.0.100:6001/d1/722/AUTH_a1e48568798a40f8b39bbf9d0c38113b/gnocchi.4cc971df-4aa3-4292-93bf-f38c7c4e9589" "tx909d2ee6eb704a6c9231a-00697ced22" "container-server 14" 0.0061 "-" 22 0
Jan 30 17:40:50 standalone container-server[126060]: 172.20.0.100 - - [30/Jan/2026:17:40:50 +0000] "PUT /d1/722/AUTH_a1e48568798a40f8b39bbf9d0c38113b/gnocchi.4cc971df-4aa3-4292-93bf-f38c7c4e9589" 201 - "PUT http://172.18.0.2:8080/v1/AUTH_a1e48568798a40f8b39bbf9d0c38113b/gnocchi.4cc971df-4aa3-4292-93bf-f38c7c4e9589" "tx909d2ee6eb704a6c9231a-00697ced22" "proxy-server 20" 0.0204 "-" 14 0
Jan 30 17:40:50 standalone proxy-server[128378]: 172.18.0.2 172.18.0.100 30/Jan/2026/17/40/50 PUT /v1/AUTH_a1e48568798a40f8b39bbf9d0c38113b/gnocchi.4cc971df-4aa3-4292-93bf-f38c7c4e9589 HTTP/1.0 201 - python-swiftclient-3.11.1 gAAAAABpfOxh1XDa... - - - tx909d2ee6eb704a6c9231a-00697ced22 - 0.0268 - - 1769794850.495561838 1769794850.522386551 0
Jan 30 17:40:50 standalone container-server[126060]: 172.20.0.100 - - [30/Jan/2026:17:40:50 +0000] "HEAD /d1/722/AUTH_a1e48568798a40f8b39bbf9d0c38113b/gnocchi.4cc971df-4aa3-4292-93bf-f38c7c4e9589" 204 - "HEAD http://172.18.0.2:8080/v1/AUTH_a1e48568798a40f8b39bbf9d0c38113b/gnocchi.4cc971df-4aa3-4292-93bf-f38c7c4e9589?format=json&states=listing" "txb41116f4dad74a42ad036-00697ced22" "proxy-server 20" 0.0021 "-" 14 0
Jan 30 17:40:50 standalone proxy-server[128378]: - - 30/Jan/2026/17/40/50 HEAD /v1/AUTH_a1e48568798a40f8b39bbf9d0c38113b/gnocchi.4cc971df-4aa3-4292-93bf-f38c7c4e9589%3Fformat%3Djson%26states%3Dlisting HTTP/1.0 204 - Swift - - - - txb41116f4dad74a42ad036-00697ced22 - 0.0064 RL - 1769794850.529437542 1769794850.535821676 0
Jan 30 17:40:50 standalone container-server[126068]: 172.20.0.100 - - [30/Jan/2026:17:40:50 +0000] "GET /d1/722/AUTH_a1e48568798a40f8b39bbf9d0c38113b/gnocchi.4cc971df-4aa3-4292-93bf-f38c7c4e9589" 200 2 "GET http://172.18.0.2:8080/v1/AUTH_a1e48568798a40f8b39bbf9d0c38113b/gnocchi.4cc971df-4aa3-4292-93bf-f38c7c4e9589?format=json&states=listing" "txb41116f4dad74a42ad036-00697ced22" "proxy-server 20" 0.0040 "-" 16 0
Jan 30 17:40:50 standalone proxy-server[128378]: 172.18.0.2 172.18.0.100 30/Jan/2026/17/40/50 GET /v1/AUTH_a1e48568798a40f8b39bbf9d0c38113b/gnocchi.4cc971df-4aa3-4292-93bf-f38c7c4e9589%3Fformat%3Djson%26states%3Dlisting HTTP/1.0 200 - python-swiftclient-3.11.1 gAAAAABpfOxh1XDa... - 2 - txb41116f4dad74a42ad036-00697ced22 - 0.0197 - - 1769794850.527924538 1769794850.547674179 0
Jan 30 17:40:50 standalone object-server[126435]: 172.20.0.100 - - [30/Jan/2026:17:40:50 +0000] "GET /d1/711/AUTH_a1e48568798a40f8b39bbf9d0c38113b/gnocchi.4cc971df-4aa3-4292-93bf-f38c7c4e9589/1769040000.0_mean_300.0_v3" 404 70 "GET http://172.18.0.2:8080/v1/AUTH_a1e48568798a40f8b39bbf9d0c38113b/gnocchi.4cc971df-4aa3-4292-93bf-f38c7c4e9589/1769040000.0_mean_300.0_v3" "txc4b9071271fc45a5ab5fa-00697ced22" "proxy-server 20" 0.0005 "-" 22 0
Jan 30 17:40:50 standalone proxy-server[128378]: 172.18.0.2 172.18.0.100 30/Jan/2026/17/40/50 GET /v1/AUTH_a1e48568798a40f8b39bbf9d0c38113b/gnocchi.4cc971df-4aa3-4292-93bf-f38c7c4e9589/1769040000.0_mean_300.0_v3 HTTP/1.0 404 - python-swiftclient-3.11.1 gAAAAABpfOxh1XDa... - 70 - txc4b9071271fc45a5ab5fa-00697ced22 - 0.0051 - - 1769794850.550105810 1769794850.555232048 0
Jan 30 17:40:50 standalone container-server[126060]: 172.20.0.100 - - [30/Jan/2026:17:40:50 +0000] "PUT /d1/722/AUTH_a1e48568798a40f8b39bbf9d0c38113b/gnocchi.4cc971df-4aa3-4292-93bf-f38c7c4e9589/1769040000.0_mean_300.0_v3" 201 - "PUT http://172.18.0.2:8080/d1/711/AUTH_a1e48568798a40f8b39bbf9d0c38113b/gnocchi.4cc971df-4aa3-4292-93bf-f38c7c4e9589/1769040000.0_mean_300.0_v3" "tx1ccd82932468497ebfd6a-00697ced22" "object-server 22" 0.0008 "-" 14 0
Jan 30 17:40:50 standalone object-server[126435]: 172.20.0.100 - - [30/Jan/2026:17:40:50 +0000] "PUT /d1/711/AUTH_a1e48568798a40f8b39bbf9d0c38113b/gnocchi.4cc971df-4aa3-4292-93bf-f38c7c4e9589/1769040000.0_mean_300.0_v3" 201 - "PUT http://172.18.0.2:8080/v1/AUTH_a1e48568798a40f8b39bbf9d0c38113b/gnocchi.4cc971df-4aa3-4292-93bf-f38c7c4e9589/1769040000.0_mean_300.0_v3" "tx1ccd82932468497ebfd6a-00697ced22" "proxy-server 20" 0.0102 "-" 22 0
Jan 30 17:40:50 standalone proxy-server[128378]: 172.18.0.2 172.18.0.100 30/Jan/2026/17/40/50 PUT /v1/AUTH_a1e48568798a40f8b39bbf9d0c38113b/gnocchi.4cc971df-4aa3-4292-93bf-f38c7c4e9589/1769040000.0_mean_300.0_v3 HTTP/1.0 201 - python-swiftclient-3.11.1 gAAAAABpfOxh1XDa... 16 - - tx1ccd82932468497ebfd6a-00697ced22 - 0.0145 - - 1769794850.556999922 1769794850.571501493 0
Jan 30 17:40:50 standalone container-server[126074]: 172.20.0.100 - - [30/Jan/2026:17:40:50 +0000] "PUT /d1/722/AUTH_a1e48568798a40f8b39bbf9d0c38113b/gnocchi.4cc971df-4aa3-4292-93bf-f38c7c4e9589/none_v3" 201 - "PUT http://172.18.0.2:8080/d1/229/AUTH_a1e48568798a40f8b39bbf9d0c38113b/gnocchi.4cc971df-4aa3-4292-93bf-f38c7c4e9589/none_v3" "tx2badd0449d434cd99e0fd-00697ced22" "object-server 22" 0.0007 "-" 17 0
Jan 30 17:40:50 standalone object-server[126435]: 172.20.0.100 - - [30/Jan/2026:17:40:50 +0000] "PUT /d1/229/AUTH_a1e48568798a40f8b39bbf9d0c38113b/gnocchi.4cc971df-4aa3-4292-93bf-f38c7c4e9589/none_v3" 201 - "PUT http://172.18.0.2:8080/v1/AUTH_a1e48568798a40f8b39bbf9d0c38113b/gnocchi.4cc971df-4aa3-4292-93bf-f38c7c4e9589/none_v3" "tx2badd0449d434cd99e0fd-00697ced22" "proxy-server 20" 0.0109 "-" 22 0
Jan 30 17:40:50 standalone proxy-server[128378]: 172.18.0.2 172.18.0.100 30/Jan/2026/17/40/50 PUT /v1/AUTH_a1e48568798a40f8b39bbf9d0c38113b/gnocchi.4cc971df-4aa3-4292-93bf-f38c7c4e9589/none_v3 HTTP/1.0 201 - python-swiftclient-3.11.1 gAAAAABpfOxh1XDa... 22 - - tx2badd0449d434cd99e0fd-00697ced22 - 0.0158 - - 1769794850.575053453 1769794850.590885162 0
Jan 30 17:40:50 standalone container-server[126060]: 172.20.0.100 - - [30/Jan/2026:17:40:50 +0000] "HEAD /d1/423/AUTH_a1e48568798a40f8b39bbf9d0c38113b/gnocchi.ca74bf93-c655-4e8a-a14e-1ccfcc110899" 404 - "HEAD http://172.18.0.2:8080/v1/AUTH_a1e48568798a40f8b39bbf9d0c38113b/gnocchi.ca74bf93-c655-4e8a-a14e-1ccfcc110899?format=json&states=listing" "txdf265ae81b7842b6b6302-00697ced22" "proxy-server 20" 0.0008 "-" 14 0
Jan 30 17:40:50 standalone object-server[126450]: 172.20.0.100 - - [30/Jan/2026:17:40:50 +0000] "GET /d1/363/AUTH_a1e48568798a40f8b39bbf9d0c38113b/gnocchi.ca74bf93-c655-4e8a-a14e-1ccfcc110899/none_v3" 404 70 "GET http://172.18.0.2:8080/v1/AUTH_a1e48568798a40f8b39bbf9d0c38113b/gnocchi.ca74bf93-c655-4e8a-a14e-1ccfcc110899/none_v3" "txdf265ae81b7842b6b6302-00697ced22" "proxy-server 20" 0.0006 "-" 25 0
Jan 30 17:40:50 standalone proxy-server[128378]: 172.18.0.2 172.18.0.100 30/Jan/2026/17/40/50 GET /v1/AUTH_a1e48568798a40f8b39bbf9d0c38113b/gnocchi.ca74bf93-c655-4e8a-a14e-1ccfcc110899/none_v3 HTTP/1.0 404 - python-swiftclient-3.11.1 gAAAAABpfOxh1XDa... - 70 - txdf265ae81b7842b6b6302-00697ced22 - 0.0105 - - 1769794850.603178263 1769794850.613692045 0
