Jan 30 17:40:48 standalone object-server[126450]: 172.20.0.100 - - [30/Jan/2026:17:40:48 +0000] "GET /d1/278/AUTH_a1e48568798a40f8b39bbf9d0c38113b/gnocchi.9fcf1254-90f5-4d34-8397-a75d7bcb11d0/none_v3" 404 70 "GET http://172.18.0.2:8080/v1/AUTH_a1e48568798a40f8b39bbf9d0c38113b/gnocchi.9fcf1254-90f5-4d34-8397-a75d7bcb11d0/none_v3" "txd2fc0a0d332d4d88b8e0a-00697ced20" "proxy-server 20" 0.0003 "-" 25 0
Jan 30 17:40:48 standalone proxy-server[128378]: 172.18.0.2 172.18.0.100 30/Jan/2026/17/40/48 GET /v1/AUTH_a1e48568798a40f8b39bbf9d0c38113b/gnocchi.9fcf1254-90f5-4d34-8397-a75d7bcb11d0/none_v3 HTTP/1.0 404 - python-swiftclient-3.11.1 gAAAAABpfOxh1XDa... - 70 - txd2fc0a0d332d4d88b8e0a-00697ced20 - 0.0089 - - 1769794848.833983421 1769794848.842929363 0
Jan 30 17:40:48 standalone account-server[125934]: 172.20.0.100 - - [30/Jan/2026:17:40:48 +0000] "PUT /d1/377/AUTH_a1e48568798a40f8b39bbf9d0c38113b/gnocchi.9fcf1254-90f5-4d34-8397-a75d7bcb11d0" 201 - "PUT http://172.20.0.100:6001/d1/814/AUTH_a1e48568798a40f8b39bbf9d0c38113b/gnocchi.9fcf1254-90f5-4d34-8397-a75d7bcb11d0" "tx2e5e56289378443b903c9-00697ced20" "container-server 15" 0.0062 "-" 23 0
Jan 30 17:40:48 standalone container-server[126066]: 172.20.0.100 - - [30/Jan/2026:17:40:48 +0000] "PUT /d1/814/AUTH_a1e48568798a40f8b39bbf9d0c38113b/gnocchi.9fcf1254-90f5-4d34-8397-a75d7bcb11d0" 201 - "PUT http://172.18.0.2:8080/v1/AUTH_a1e48568798a40f8b39bbf9d0c38113b/gnocchi.9fcf1254-90f5-4d34-8397-a75d7bcb11d0" "tx2e5e56289378443b903c9-00697ced20" "proxy-server 20" 0.0179 "-" 15 0
Jan 30 17:40:48 standalone proxy-server[128378]: 172.18.0.2 172.18.0.100 30/Jan/2026/17/40/48 PUT /v1/AUTH_a1e48568798a40f8b39bbf9d0c38113b/gnocchi.9fcf1254-90f5-4d34-8397-a75d7bcb11d0 HTTP/1.0 201 - python-swiftclient-3.11.1 gAAAAABpfOxh1XDa... - - - tx2e5e56289378443b903c9-00697ced20 - 0.0214 - - 1769794848.845947504 1769794848.867367506 0
Jan 30 17:40:48 standalone container-server[126068]: 172.20.0.100 - - [30/Jan/2026:17:40:48 +0000] "HEAD /d1/814/AUTH_a1e48568798a40f8b39bbf9d0c38113b/gnocchi.9fcf1254-90f5-4d34-8397-a75d7bcb11d0" 204 - "HEAD http://172.18.0.2:8080/v1/AUTH_a1e48568798a40f8b39bbf9d0c38113b/gnocchi.9fcf1254-90f5-4d34-8397-a75d7bcb11d0?format=json&states=listing" "txc4d8cc464d234307bac95-00697ced20" "proxy-server 20" 0.0024 "-" 16 0
Jan 30 17:40:48 standalone proxy-server[128378]: - - 30/Jan/2026/17/40/48 HEAD /v1/AUTH_a1e48568798a40f8b39bbf9d0c38113b/gnocchi.9fcf1254-90f5-4d34-8397-a75d7bcb11d0%3Fformat%3Djson%26states%3Dlisting HTTP/1.0 204 - Swift - - - - txc4d8cc464d234307bac95-00697ced20 - 0.0055 RL - 1769794848.871695042 1769794848.877223015 0
Jan 30 17:40:48 standalone container-server[126068]: 172.20.0.100 - - [30/Jan/2026:17:40:48 +0000] "GET /d1/814/AUTH_a1e48568798a40f8b39bbf9d0c38113b/gnocchi.9fcf1254-90f5-4d34-8397-a75d7bcb11d0" 200 2 "GET http://172.18.0.2:8080/v1/AUTH_a1e48568798a40f8b39bbf9d0c38113b/gnocchi.9fcf1254-90f5-4d34-8397-a75d7bcb11d0?format=json&states=listing" "txc4d8cc464d234307bac95-00697ced20" "proxy-server 20" 0.0032 "-" 16 0
Jan 30 17:40:48 standalone proxy-server[128378]: 172.18.0.2 172.18.0.100 30/Jan/2026/17/40/48 GET /v1/AUTH_a1e48568798a40f8b39bbf9d0c38113b/gnocchi.9fcf1254-90f5-4d34-8397-a75d7bcb11d0%3Fformat%3Djson%26states%3Dlisting HTTP/1.0 200 - python-swiftclient-3.11.1 gAAAAABpfOxh1XDa... - 2 - txc4d8cc464d234307bac95-00697ced20 - 0.0147 - - 1769794848.870815516 1769794848.885501862 0
Jan 30 17:40:48 standalone object-server[126446]: 172.20.0.100 - - [30/Jan/2026:17:40:48 +0000] "GET /d1/709/AUTH_a1e48568798a40f8b39bbf9d0c38113b/gnocchi.9fcf1254-90f5-4d34-8397-a75d7bcb11d0/1769040000.0_mean_300.0_v3" 404 70 "GET http://172.18.0.2:8080/v1/AUTH_a1e48568798a40f8b39bbf9d0c38113b/gnocchi.9fcf1254-90f5-4d34-8397-a75d7bcb11d0/1769040000.0_mean_300.0_v3" "tx3d836b5c7ffa48b88d7f2-00697ced20" "proxy-server 20" 0.0006 "-" 24 0
Jan 30 17:40:48 standalone proxy-server[128378]: 172.18.0.2 172.18.0.100 30/Jan/2026/17/40/48 GET /v1/AUTH_a1e48568798a40f8b39bbf9d0c38113b/gnocchi.9fcf1254-90f5-4d34-8397-a75d7bcb11d0/1769040000.0_mean_300.0_v3 HTTP/1.0 404 - python-swiftclient-3.11.1 gAAAAABpfOxh1XDa... - 70 - tx3d836b5c7ffa48b88d7f2-00697ced20 - 0.0064 - - 1769794848.891748190 1769794848.898195744 0
Jan 30 17:40:48 standalone container-server[126060]: 172.20.0.100 - - [30/Jan/2026:17:40:48 +0000] "PUT /d1/814/AUTH_a1e48568798a40f8b39bbf9d0c38113b/gnocchi.9fcf1254-90f5-4d34-8397-a75d7bcb11d0/1769040000.0_mean_300.0_v3" 201 - "PUT http://172.18.0.2:8080/d1/709/AUTH_a1e48568798a40f8b39bbf9d0c38113b/gnocchi.9fcf1254-90f5-4d34-8397-a75d7bcb11d0/1769040000.0_mean_300.0_v3" "txb18a1bc28e2e4e629d185-00697ced20" "object-server 25" 0.0009 "-" 14 0
Jan 30 17:40:48 standalone object-server[126450]: 172.20.0.100 - - [30/Jan/2026:17:40:48 +0000] "PUT /d1/709/AUTH_a1e48568798a40f8b39bbf9d0c38113b/gnocchi.9fcf1254-90f5-4d34-8397-a75d7bcb11d0/1769040000.0_mean_300.0_v3" 201 - "PUT http://172.18.0.2:8080/v1/AUTH_a1e48568798a40f8b39bbf9d0c38113b/gnocchi.9fcf1254-90f5-4d34-8397-a75d7bcb11d0/1769040000.0_mean_300.0_v3" "txb18a1bc28e2e4e629d185-00697ced20" "proxy-server 20" 0.0117 "-" 25 0
Jan 30 17:40:48 standalone proxy-server[128378]: 172.18.0.2 172.18.0.100 30/Jan/2026/17/40/48 PUT /v1/AUTH_a1e48568798a40f8b39bbf9d0c38113b/gnocchi.9fcf1254-90f5-4d34-8397-a75d7bcb11d0/1769040000.0_mean_300.0_v3 HTTP/1.0 201 - python-swiftclient-3.11.1 gAAAAABpfOxh1XDa... 16 - - txb18a1bc28e2e4e629d185-00697ced20 - 0.0163 - - 1769794848.901298761 1769794848.917613506 0
Jan 30 17:40:48 standalone container-server[126066]: 172.20.0.100 - - [30/Jan/2026:17:40:48 +0000] "PUT /d1/814/AUTH_a1e48568798a40f8b39bbf9d0c38113b/gnocchi.9fcf1254-90f5-4d34-8397-a75d7bcb11d0/none_v3" 201 - "PUT http://172.18.0.2:8080/d1/278/AUTH_a1e48568798a40f8b39bbf9d0c38113b/gnocchi.9fcf1254-90f5-4d34-8397-a75d7bcb11d0/none_v3" "tx3373db0f8c7240b596d21-00697ced20" "object-server 23" 0.0007 "-" 15 0
Jan 30 17:40:48 standalone object-server[126441]: 172.20.0.100 - - [30/Jan/2026:17:40:48 +0000] "PUT /d1/278/AUTH_a1e48568798a40f8b39bbf9d0c38113b/gnocchi.9fcf1254-90f5-4d34-8397-a75d7bcb11d0/none_v3" 201 - "PUT http://172.18.0.2:8080/v1/AUTH_a1e48568798a40f8b39bbf9d0c38113b/gnocchi.9fcf1254-90f5-4d34-8397-a75d7bcb11d0/none_v3" "tx3373db0f8c7240b596d21-00697ced20" "proxy-server 20" 0.0112 "-" 23 0
Jan 30 17:40:48 standalone proxy-server[128378]: 172.18.0.2 172.18.0.100 30/Jan/2026/17/40/48 PUT /v1/AUTH_a1e48568798a40f8b39bbf9d0c38113b/gnocchi.9fcf1254-90f5-4d34-8397-a75d7bcb11d0/none_v3 HTTP/1.0 201 - python-swiftclient-3.11.1 gAAAAABpfOxh1XDa... 22 - - tx3373db0f8c7240b596d21-00697ced20 - 0.0159 - - 1769794848.920369625 1769794848.936265707 0
Jan 30 17:40:48 standalone container-server[126060]: 172.20.0.100 - - [30/Jan/2026:17:40:48 +0000] "HEAD /d1/325/AUTH_a1e48568798a40f8b39bbf9d0c38113b/gnocchi.aa40e91e-07b8-419a-bb86-3b10992240af" 404 - "HEAD http://172.18.0.2:8080/v1/AUTH_a1e48568798a40f8b39bbf9d0c38113b/gnocchi.aa40e91e-07b8-419a-bb86-3b10992240af?format=json&states=listing" "tx6935d105a08f47dba310d-00697ced20" "proxy-server 20" 0.0006 "-" 14 0
Jan 30 17:40:48 standalone object-server[126446]: 172.20.0.100 - - [30/Jan/2026:17:40:48 +0000] "GET /d1/372/AUTH_a1e48568798a40f8b39bbf9d0c38113b/gnocchi.aa40e91e-07b8-419a-bb86-3b10992240af/none_v3" 404 70 "GET http://172.18.0.2:8080/v1/AUTH_a1e48568798a40f8b39bbf9d0c38113b/gnocchi.aa40e91e-07b8-419a-bb86-3b10992240af/none_v3" "tx6935d105a08f47dba310d-00697ced20" "proxy-server 20" 0.0004 "-" 24 0
Jan 30 17:40:48 standalone proxy-server[128378]: 172.18.0.2 172.18.0.100 30/Jan/2026/17/40/48 GET /v1/AUTH_a1e48568798a40f8b39bbf9d0c38113b/gnocchi.aa40e91e-07b8-419a-bb86-3b10992240af/none_v3 HTTP/1.0 404 - python-swiftclient-3.11.1 gAAAAABpfOxh1XDa... - 70 - tx6935d105a08f47dba310d-00697ced20 - 0.0087 - - 1769794848.948019266 1769794848.956671476 0
Jan 30 17:40:48 standalone account-server[125934]: 172.20.0.100 - - [30/Jan/2026:17:40:48 +0000] "PUT /d1/377/AUTH_a1e48568798a40f8b39bbf9d0c38113b/gnocchi.aa40e91e-07b8-419a-bb86-3b10992240af" 201 - "PUT http://172.20.0.100:6001/d1/325/AUTH_a1e48568798a40f8b39bbf9d0c38113b/gnocchi.aa40e91e-07b8-419a-bb86-3b10992240af" "tx9f9e96ef057a4788b70ce-00697ced20" "container-server 16" 0.0061 "-" 23 0
Jan 30 17:40:48 standalone container-server[126068]: 172.20.0.100 - - [30/Jan/2026:17:40:48 +0000] "PUT /d1/325/AUTH_a1e48568798a40f8b39bbf9d0c38113b/gnocchi.aa40e91e-07b8-419a-bb86-3b10992240af" 201 - "PUT http://172.18.0.2:8080/v1/AUTH_a1e48568798a40f8b39bbf9d0c38113b/gnocchi.aa40e91e-07b8-419a-bb86-3b10992240af" "tx9f9e96ef057a4788b70ce-00697ced20" "proxy-server 20" 0.0183 "-" 16 0
Jan 30 17:40:48 standalone proxy-server[128378]: 172.18.0.2 172.18.0.100 30/Jan/2026/17/40/48 PUT /v1/AUTH_a1e48568798a40f8b39bbf9d0c38113b/gnocchi.aa40e91e-07b8-419a-bb86-3b10992240af HTTP/1.0 201 - python-swiftclient-3.11.1 gAAAAABpfOxh1XDa... - - - tx9f9e96ef057a4788b70ce-00697ced20 - 0.0221 - - 1769794848.959475994 1769794848.981585741 0
Jan 30 17:40:48 standalone container-server[126066]: 172.20.0.100 - - [30/Jan/2026:17:40:48 +0000] "HEAD /d1/325/AUTH_a1e48568798a40f8b39bbf9d0c38113b/gnocchi.aa40e91e-07b8-419a-bb86-3b10992240af" 204 - "HEAD http://172.18.0.2:8080/v1/AUTH_a1e48568798a40f8b39bbf9d0c38113b/gnocchi.aa40e91e-07b8-419a-bb86-3b10992240af?format=json&states=listing" "tx6ddd5db7122849149df85-00697ced20" "proxy-server 20" 0.0020 "-" 15 0
Jan 30 17:40:48 standalone proxy-server[128378]: - - 30/Jan/2026/17/40/48 HEAD /v1/AUTH_a1e48568798a40f8b39bbf9d0c38113b/gnocchi.aa40e91e-07b8-419a-bb86-3b10992240af%3Fformat%3Djson%26states%3Dlisting HTTP/1.0 204 - Swift - - - - tx6ddd5db7122849149df85-00697ced20 - 0.0047 RL - 1769794848.985840082 1769794848.990533590 0
Jan 30 17:40:48 standalone container-server[126066]: 172.20.0.100 - - [30/Jan/2026:17:40:48 +0000] "GET /d1/325/AUTH_a1e48568798a40f8b39bbf9d0c38113b/gnocchi.aa40e91e-07b8-419a-bb86-3b10992240af" 200 2 "GET http://172.18.0.2:8080/v1/AUTH_a1e48568798a40f8b39bbf9d0c38113b/gnocchi.aa40e91e-07b8-419a-bb86-3b10992240af?format=json&states=listing" "tx6ddd5db7122849149df85-00697ced20" "proxy-server 20" 0.0034 "-" 15 0
Jan 30 17:40:48 standalone proxy-server[128378]: 172.18.0.2 172.18.0.100 30/Jan/2026/17/40/48 GET /v1/AUTH_a1e48568798a40f8b39bbf9d0c38113b/gnocchi.aa40e91e-07b8-419a-bb86-3b10992240af%3Fformat%3Djson%26states%3Dlisting HTTP/1.0 200 - python-swiftclient-3.11.1 gAAAAABpfOxh1XDa... - 2 - tx6ddd5db7122849149df85-00697ced20 - 0.0137 - - 1769794848.985014677 1769794848.998718500 0
Jan 30 17:40:49 standalone object-server[126435]: 172.20.0.100 - - [30/Jan/2026:17:40:49 +0000] "GET /d1/73/AUTH_a1e48568798a40f8b39bbf9d0c38113b/gnocchi.aa40e91e-07b8-419a-bb86-3b10992240af/1769040000.0_mean_300.0_v3" 404 70 "GET http://172.18.0.2:8080/v1/AUTH_a1e48568798a40f8b39bbf9d0c38113b/gnocchi.aa40e91e-07b8-419a-bb86-3b10992240af/1769040000.0_mean_300.0_v3" "txcaa1240d0423412baf45c-00697ced21" "proxy-server 20" 0.0006 "-" 22 0
Jan 30 17:40:49 standalone proxy-server[128378]: 172.18.0.2 172.18.0.100 30/Jan/2026/17/40/49 GET /v1/AUTH_a1e48568798a40f8b39bbf9d0c38113b/gnocchi.aa40e91e-07b8-419a-bb86-3b10992240af/1769040000.0_mean_300.0_v3 HTTP/1.0 404 - python-swiftclient-3.11.1 gAAAAABpfOxh1XDa... - 70 - txcaa1240d0423412baf45c-00697ced21 - 0.0058 - - 1769794849.002315998 1769794849.008073568 0
Jan 30 17:40:49 standalone container-server[126068]: 172.20.0.100 - - [30/Jan/2026:17:40:49 +0000] "PUT /d1/325/AUTH_a1e48568798a40f8b39bbf9d0c38113b/gnocchi.aa40e91e-07b8-419a-bb86-3b10992240af/1769040000.0_mean_300.0_v3" 201 - "PUT http://172.18.0.2:8080/d1/73/AUTH_a1e48568798a40f8b39bbf9d0c38113b/gnocchi.aa40e91e-07b8-419a-bb86-3b10992240af/1769040000.0_mean_300.0_v3" "tx5a52801417f64745a1b14-00697ced21" "object-server 24" 0.0007 "-" 16 0
Jan 30 17:40:49 standalone object-server[126446]: 172.20.0.100 - - [30/Jan/2026:17:40:49 +0000] "PUT /d1/73/AUTH_a1e48568798a40f8b39bbf9d0c38113b/gnocchi.aa40e91e-07b8-419a-bb86-3b10992240af/1769040000.0_mean_300.0_v3" 201 - "PUT http://172.18.0.2:8080/v1/AUTH_a1e48568798a40f8b39bbf9d0c38113b/gnocchi.aa40e91e-07b8-419a-bb86-3b10992240af/1769040000.0_mean_300.0_v3" "tx5a52801417f64745a1b14-00697ced21" "proxy-server 20" 0.0107 "-" 24 0
Jan 30 17:40:49 standalone proxy-server[128378]: 172.18.0.2 172.18.0.100 30/Jan/2026/17/40/49 PUT /v1/AUTH_a1e48568798a40f8b39bbf9d0c38113b/gnocchi.aa40e91e-07b8-419a-bb86-3b10992240af/1769040000.0_mean_300.0_v3 HTTP/1.0 201 - python-swiftclient-3.11.1 gAAAAABpfOxh1XDa... 16 - - tx5a52801417f64745a1b14-00697ced21 - 0.0153 - - 1769794849.011082172 1769794849.026376247 0
Jan 30 17:40:49 standalone container-server[126060]: 172.20.0.100 - - [30/Jan/2026:17:40:49 +0000] "PUT /d1/325/AUTH_a1e48568798a40f8b39bbf9d0c38113b/gnocchi.aa40e91e-07b8-419a-bb86-3b10992240af/none_v3" 201 - "PUT http://172.18.0.2:8080/d1/372/AUTH_a1e48568798a40f8b39bbf9d0c38113b/gnocchi.aa40e91e-07b8-419a-bb86-3b10992240af/none_v3" "txf51253f2291f4bc5acd79-00697ced21" "object-server 24" 0.0008 "-" 14 0
Jan 30 17:40:49 standalone object-server[126446]: 172.20.0.100 - - [30/Jan/2026:17:40:49 +0000] "PUT /d1/372/AUTH_a1e48568798a40f8b39bbf9d0c38113b/gnocchi.aa40e91e-07b8-419a-bb86-3b10992240af/none_v3" 201 - "PUT http://172.18.0.2:8080/v1/AUTH_a1e48568798a40f8b39bbf9d0c38113b/gnocchi.aa40e91e-07b8-419a-bb86-3b10992240af/none_v3" "txf51253f2291f4bc5acd79-00697ced21" "proxy-server 20" 0.0126 "-" 24 0
Jan 30 17:40:49 standalone proxy-server[128378]: 172.18.0.2 172.18.0.100 30/Jan/2026/17/40/49 PUT /v1/AUTH_a1e48568798a40f8b39bbf9d0c38113b/gnocchi.aa40e91e-07b8-419a-bb86-3b10992240af/none_v3 HTTP/1.0 201 - python-swiftclient-3.11.1 gAAAAABpfOxh1XDa... 22 - - txf51253f2291f4bc5acd79-00697ced21 - 0.0176 - - 1769794849.029082775 1769794849.046674728 0
Jan 30 17:40:49 standalone container-server[126074]: 172.20.0.100 - - [30/Jan/2026:17:40:49 +0000] "HEAD /d1/252/AUTH_a1e48568798a40f8b39bbf9d0c38113b/gnocchi.19b1e562-5c46-40ed-baad-455c10fec0ad" 404 - "HEAD http://172.18.0.2:8080/v1/AUTH_a1e48568798a40f8b39bbf9d0c38113b/gnocchi.19b1e562-5c46-40ed-baad-455c10fec0ad?format=json&states=listing" "txc7e0f104858446bf993de-00697ced21" "proxy-server 20" 0.0006 "-" 17 0
Jan 30 17:40:49 standalone object-server[126450]: 172.20.0.100 - - [30/Jan/2026:17:40:49 +0000] "GET /d1/701/AUTH_a1e48568798a40f8b39bbf9d0c38113b/gnocchi.19b1e562-5c46-40ed-baad-455c10fec0ad/none_v3" 404 70 "GET http://172.18.0.2:8080/v1/AUTH_a1e48568798a40f8b39bbf9d0c38113b/gnocchi.19b1e562-5c46-40ed-baad-455c10fec0ad/none_v3" "txc7e0f104858446bf993de-00697ced21" "proxy-server 20" 0.0005 "-" 25 0
Jan 30 17:40:49 standalone proxy-server[128378]: 172.18.0.2 172.18.0.100 30/Jan/2026/17/40/49 GET /v1/AUTH_a1e48568798a40f8b39bbf9d0c38113b/gnocchi.19b1e562-5c46-40ed-baad-455c10fec0ad/none_v3 HTTP/1.0 404 - python-swiftclient-3.11.1 gAAAAABpfOxh1XDa... - 70 - txc7e0f104858446bf993de-00697ced21 - 0.0086 - - 1769794849.057520628 1769794849.066102266 0
Jan 30 17:40:49 standalone account-server[125934]: 172.20.0.100 - - [30/Jan/2026:17:40:49 +0000] "PUT /d1/377/AUTH_a1e48568798a40f8b39bbf9d0c38113b/gnocchi.19b1e562-5c46-40ed-baad-455c10fec0ad" 201 - "PUT http://172.20.0.100:6001/d1/252/AUTH_a1e48568798a40f8b39bbf9d0c38113b/gnocchi.19b1e562-5c46-40ed-baad-455c10fec0ad" "tx7e8da496826040c895fae-00697ced21" "container-server 14" 0.0058 "-" 23 0
Jan 30 17:40:49 standalone container-server[126060]: 172.20.0.100 - - [30/Jan/2026:17:40:49 +0000] "PUT /d1/252/AUTH_a1e48568798a40f8b39bbf9d0c38113b/gnocchi.19b1e562-5c46-40ed-baad-455c10fec0ad" 201 - "PUT http://172.18.0.2:8080/v1/AUTH_a1e48568798a40f8b39bbf9d0c38113b/gnocchi.19b1e562-5c46-40ed-baad-455c10fec0ad" "tx7e8da496826040c895fae-00697ced21" "proxy-server 20" 0.0202 "-" 14 0
Jan 30 17:40:49 standalone proxy-server[128378]: 172.18.0.2 172.18.0.100 30/Jan/2026/17/40/49 PUT /v1/AUTH_a1e48568798a40f8b39bbf9d0c38113b/gnocchi.19b1e562-5c46-40ed-baad-455c10fec0ad HTTP/1.0 201 - python-swiftclient-3.11.1 gAAAAABpfOxh1XDa... - - - tx7e8da496826040c895fae-00697ced21 - 0.0243 - - 1769794849.068866491 1769794849.093124390 0
Jan 30 17:40:49 standalone container-server[126060]: 172.20.0.100 - - [30/Jan/2026:17:40:49 +0000] "HEAD /d1/659/AUTH_a1e48568798a40f8b39bbf9d0c38113b/gnocchi.9a0c917d-5ba5-4f21-b161-d880bda2d6ad" 404 - "HEAD http://172.18.0.2:8080/v1/AUTH_a1e48568798a40f8b39bbf9d0c38113b/gnocchi.9a0c917d-5ba5-4f21-b161-d880bda2d6ad?format=json&states=listing" "tx946015027c2d45c6858f4-00697ced21" "proxy-server 20" 0.0006 "-" 14 0
Jan 30 17:40:49 standalone object-server[126450]: 172.20.0.100 - - [30/Jan/2026:17:40:49 +0000] "GET /d1/179/AUTH_a1e48568798a40f8b39bbf9d0c38113b/gnocchi.9a0c917d-5ba5-4f21-b161-d880bda2d6ad/none_v3" 404 70 "GET http://172.18.0.2:8080/v1/AUTH_a1e48568798a40f8b39bbf9d0c38113b/gnocchi.9a0c917d-5ba5-4f21-b161-d880bda2d6ad/none_v3" "tx946015027c2d45c6858f4-00697ced21" "proxy-server 20" 0.0004 "-" 25 0
Jan 30 17:40:49 standalone proxy-server[128378]: 172.18.0.2 172.18.0.100 30/Jan/2026/17/40/49 GET /v1/AUTH_a1e48568798a40f8b39bbf9d0c38113b/gnocchi.9a0c917d-5ba5-4f21-b161-d880bda2d6ad/none_v3 HTTP/1.0 404 - python-swiftclient-3.11.1 gAAAAABpfOxh1XDa... - 70 - tx946015027c2d45c6858f4-00697ced21 - 0.0096 - - 1769794849.095790148 1769794849.105373621 0
Jan 30 17:40:49 standalone account-server[125929]: 172.20.0.100 - - [30/Jan/2026:17:40:49 +0000] "PUT /d1/377/AUTH_a1e48568798a40f8b39bbf9d0c38113b/gnocchi.9a0c917d-5ba5-4f21-b161-d880bda2d6ad" 201 - "PUT http://172.20.0.100:6001/d1/659/AUTH_a1e48568798a40f8b39bbf9d0c38113b/gnocchi.9a0c917d-5ba5-4f21-b161-d880bda2d6ad" "tx83f2a759417f49d59c7ed-00697ced21" "container-server 16" 0.0058 "-" 22 0
Jan 30 17:40:49 standalone container-server[126068]: 172.20.0.100 - - [30/Jan/2026:17:40:49 +0000] "PUT /d1/659/AUTH_a1e48568798a40f8b39bbf9d0c38113b/gnocchi.9a0c917d-5ba5-4f21-b161-d880bda2d6ad" 201 - "PUT http://172.18.0.2:8080/v1/AUTH_a1e48568798a40f8b39bbf9d0c38113b/gnocchi.9a0c917d-5ba5-4f21-b161-d880bda2d6ad" "tx83f2a759417f49d59c7ed-00697ced21" "proxy-server 20" 0.0185 "-" 16 0
Jan 30 17:40:49 standalone proxy-server[128378]: 172.18.0.2 172.18.0.100 30/Jan/2026/17/40/49 PUT /v1/AUTH_a1e48568798a40f8b39bbf9d0c38113b/gnocchi.9a0c917d-5ba5-4f21-b161-d880bda2d6ad HTTP/1.0 201 - python-swiftclient-3.11.1 gAAAAABpfOxh1XDa... - - - tx83f2a759417f49d59c7ed-00697ced21 - 0.0244 - - 1769794849.108386993 1769794849.132754326 0
Jan 30 17:40:49 standalone container-server[126074]: 172.20.0.100 - - [30/Jan/2026:17:40:49 +0000] "HEAD /d1/252/AUTH_a1e48568798a40f8b39bbf9d0c38113b/gnocchi.19b1e562-5c46-40ed-baad-455c10fec0ad" 204 - "HEAD http://172.18.0.2:8080/v1/AUTH_a1e48568798a40f8b39bbf9d0c38113b/gnocchi.19b1e562-5c46-40ed-baad-455c10fec0ad?format=json&states=listing" "tx62ac6fe1493d48cfa83ca-00697ced21" "proxy-server 20" 0.0021 "-" 17 0
Jan 30 17:40:49 standalone proxy-server[128378]: - - 30/Jan/2026/17/40/49 HEAD /v1/AUTH_a1e48568798a40f8b39bbf9d0c38113b/gnocchi.19b1e562-5c46-40ed-baad-455c10fec0ad%3Fformat%3Djson%26states%3Dlisting HTTP/1.0 204 - Swift - - - - tx62ac6fe1493d48cfa83ca-00697ced21 - 0.0067 RL - 1769794849.138815165 1769794849.145551682 0
Jan 30 17:40:49 standalone container-server[126066]: 172.20.0.100 - - [30/Jan/2026:17:40:49 +0000] "GET /d1/252/AUTH_a1e48568798a40f8b39bbf9d0c38113b/gnocchi.19b1e562-5c46-40ed-baad-455c10fec0ad" 200 2 "GET http://172.18.0.2:8080/v1/AUTH_a1e48568798a40f8b39bbf9d0c38113b/gnocchi.19b1e562-5c46-40ed-baad-455c10fec0ad?format=json&states=listing" "tx62ac6fe1493d48cfa83ca-00697ced21" "proxy-server 20" 0.0038 "-" 15 0
Jan 30 17:40:49 standalone proxy-server[128378]: 172.18.0.2 172.18.0.100 30/Jan/2026/17/40/49 GET /v1/AUTH_a1e48568798a40f8b39bbf9d0c38113b/gnocchi.19b1e562-5c46-40ed-baad-455c10fec0ad%3Fformat%3Djson%26states%3Dlisting HTTP/1.0 200 - python-swiftclient-3.11.1 gAAAAABpfOxh1XDa... - 2 - tx62ac6fe1493d48cfa83ca-00697ced21 - 0.0208 - - 1769794849.136997461 1769794849.157793999 0
Jan 30 17:40:49 standalone container-server[126074]: 172.20.0.100 - - [30/Jan/2026:17:40:49 +0000] "HEAD /d1/659/AUTH_a1e48568798a40f8b39bbf9d0c38113b/gnocchi.9a0c917d-5ba5-4f21-b161-d880bda2d6ad" 204 - "HEAD http://172.18.0.2:8080/v1/AUTH_a1e48568798a40f8b39bbf9d0c38113b/gnocchi.9a0c917d-5ba5-4f21-b161-d880bda2d6ad?format=json&states=listing" "tx774bcd564d8940d799bc1-00697ced21" "proxy-server 20" 0.0020 "-" 17 0
Jan 30 17:40:49 standalone proxy-server[128378]: - - 30/Jan/2026/17/40/49 HEAD /v1/AUTH_a1e48568798a40f8b39bbf9d0c38113b/gnocchi.9a0c917d-5ba5-4f21-b161-d880bda2d6ad%3Fformat%3Djson%26states%3Dlisting HTTP/1.0 204 - Swift - - - - tx774bcd564d8940d799bc1-00697ced21 - 0.0070 RL - 1769794849.166407585 1769794849.173374891 0
Jan 30 17:40:49 standalone container-server[126066]: 172.20.0.100 - - [30/Jan/2026:17:40:49 +0000] "GET /d1/659/AUTH_a1e48568798a40f8b39bbf9d0c38113b/gnocchi.9a0c917d-5ba5-4f21-b161-d880bda2d6ad" 200 2 "GET http://172.18.0.2:8080/v1/AUTH_a1e48568798a40f8b39bbf9d0c38113b/gnocchi.9a0c917d-5ba5-4f21-b161-d880bda2d6ad?format=json&states=listing" "tx774bcd564d8940d799bc1-00697ced21" "proxy-server 20" 0.0034 "-" 15 0
Jan 30 17:40:49 standalone proxy-server[128378]: 172.18.0.2 172.18.0.100 30/Jan/2026/17/40/49 GET /v1/AUTH_a1e48568798a40f8b39bbf9d0c38113b/gnocchi.9a0c917d-5ba5-4f21-b161-d880bda2d6ad%3Fformat%3Djson%26states%3Dlisting HTTP/1.0 200 - python-swiftclient-3.11.1 gAAAAABpfOxh1XDa... - 2 - tx774bcd564d8940d799bc1-00697ced21 - 0.0217 - - 1769794849.164458275 1769794849.186129332 0
Jan 30 17:40:49 standalone object-server[126446]: 172.20.0.100 - - [30/Jan/2026:17:40:49 +0000] "GET /d1/235/AUTH_a1e48568798a40f8b39bbf9d0c38113b/gnocchi.19b1e562-5c46-40ed-baad-455c10fec0ad/1769040000.0_mean_300.0_v3" 404 70 "GET http://172.18.0.2:8080/v1/AUTH_a1e48568798a40f8b39bbf9d0c38113b/gnocchi.19b1e562-5c46-40ed-baad-455c10fec0ad/1769040000.0_mean_300.0_v3" "tx2776cf18a3884b96b4fff-00697ced21" "proxy-server 20" 0.0008 "-" 24 0
Jan 30 17:40:49 standalone proxy-server[128378]: 172.18.0.2 172.18.0.100 30/Jan/2026/17/40/49 GET /v1/AUTH_a1e48568798a40f8b39bbf9d0c38113b/gnocchi.19b1e562-5c46-40ed-baad-455c10fec0ad/1769040000.0_mean_300.0_v3 HTTP/1.0 404 - python-swiftclient-3.11.1 gAAAAABpfOxh1XDa... - 70 - tx2776cf18a3884b96b4fff-00697ced21 - 0.0099 - - 1769794849.190492392 1769794849.200407743 0
Jan 30 17:40:49 standalone object-server[126441]: 172.20.0.100 - - [30/Jan/2026:17:40:49 +0000] "GET /d1/966/AUTH_a1e48568798a40f8b39bbf9d0c38113b/gnocchi.9a0c917d-5ba5-4f21-b161-d880bda2d6ad/1769040000.0_mean_300.0_v3" 404 70 "GET http://172.18.0.2:8080/v1/AUTH_a1e48568798a40f8b39bbf9d0c38113b/gnocchi.9a0c917d-5ba5-4f21-b161-d880bda2d6ad/1769040000.0_mean_300.0_v3" "txe13c63dfa85747f6b06d0-00697ced21" "proxy-server 20" 0.0005 "-" 23 0
Jan 30 17:40:49 standalone proxy-server[128378]: 172.18.0.2 172.18.0.100 30/Jan/2026/17/40/49 GET /v1/AUTH_a1e48568798a40f8b39bbf9d0c38113b/gnocchi.9a0c917d-5ba5-4f21-b161-d880bda2d6ad/1769040000.0_mean_300.0_v3 HTTP/1.0 404 - python-swiftclient-3.11.1 gAAAAABpfOxh1XDa... - 70 - txe13c63dfa85747f6b06d0-00697ced21 - 0.0080 - - 1769794849.203958273 1769794849.211971045 0
Jan 30 17:40:49 standalone container-server[126060]: 172.20.0.100 - - [30/Jan/2026:17:40:49 +0000] "PUT /d1/252/AUTH_a1e48568798a40f8b39bbf9d0c38113b/gnocchi.19b1e562-5c46-40ed-baad-455c10fec0ad/1769040000.0_mean_300.0_v3" 201 - "PUT http://172.18.0.2:8080/d1/235/AUTH_a1e48568798a40f8b39bbf9d0c38113b/gnocchi.19b1e562-5c46-40ed-baad-455c10fec0ad/1769040000.0_mean_300.0_v3" "tx6eea547ccc4840fd9479e-00697ced21" "object-server 23" 0.0009 "-" 14 0
Jan 30 17:40:49 standalone object-server[126441]: 172.20.0.100 - - [30/Jan/2026:17:40:49 +0000] "PUT /d1/235/AUTH_a1e48568798a40f8b39bbf9d0c38113b/gnocchi.19b1e562-5c46-40ed-baad-455c10fec0ad/1769040000.0_mean_300.0_v3" 201 - "PUT http://172.18.0.2:8080/v1/AUTH_a1e48568798a40f8b39bbf9d0c38113b/gnocchi.19b1e562-5c46-40ed-baad-455c10fec0ad/1769040000.0_mean_300.0_v3" "tx6eea547ccc4840fd9479e-00697ced21" "proxy-server 20" 0.0123 "-" 23 0
Jan 30 17:40:49 standalone proxy-server[128378]: 172.18.0.2 172.18.0.100 30/Jan/2026/17/40/49 PUT /v1/AUTH_a1e48568798a40f8b39bbf9d0c38113b/gnocchi.19b1e562-5c46-40ed-baad-455c10fec0ad/1769040000.0_mean_300.0_v3 HTTP/1.0 201 - python-swiftclient-3.11.1 gAAAAABpfOxh1XDa... 16 - - tx6eea547ccc4840fd9479e-00697ced21 - 0.0195 - - 1769794849.216435194 1769794849.235916853 0
Jan 30 17:40:49 standalone container-server[126060]: 172.20.0.100 - - [30/Jan/2026:17:40:49 +0000] "PUT /d1/659/AUTH_a1e48568798a40f8b39bbf9d0c38113b/gnocchi.9a0c917d-5ba5-4f21-b161-d880bda2d6ad/1769040000.0_mean_300.0_v3" 201 - "PUT http://172.18.0.2:8080/d1/966/AUTH_a1e48568798a40f8b39bbf9d0c38113b/gnocchi.9a0c917d-5ba5-4f21-b161-d880bda2d6ad/1769040000.0_mean_300.0_v3" "txe7572b29eb344dbbbc2a2-00697ced21" "object-server 25" 0.0010 "-" 14 0
Jan 30 17:40:49 standalone object-server[126450]: 172.20.0.100 - - [30/Jan/2026:17:40:49 +0000] "PUT /d1/966/AUTH_a1e48568798a40f8b39bbf9d0c38113b/gnocchi.9a0c917d-5ba5-4f21-b161-d880bda2d6ad/1769040000.0_mean_300.0_v3" 201 - "PUT http://172.18.0.2:8080/v1/AUTH_a1e48568798a40f8b39bbf9d0c38113b/gnocchi.9a0c917d-5ba5-4f21-b161-d880bda2d6ad/1769040000.0_mean_300.0_v3" "txe7572b29eb344dbbbc2a2-00697ced21" "proxy-server 20" 0.0125 "-" 25 0
Jan 30 17:40:49 standalone proxy-server[128378]: 172.18.0.2 172.18.0.100 30/Jan/2026/17/40/49 PUT /v1/AUTH_a1e48568798a40f8b39bbf9d0c38113b/gnocchi.9a0c917d-5ba5-4f21-b161-d880bda2d6ad/1769040000.0_mean_300.0_v3 HTTP/1.0 201 - python-swiftclient-3.11.1 gAAAAABpfOxh1XDa... 16 - - txe7572b29eb344dbbbc2a2-00697ced21 - 0.0208 - - 1769794849.239696741 1769794849.260484934 0
Jan 30 17:40:49 standalone container-server[126074]: 172.20.0.100 - - [30/Jan/2026:17:40:49 +0000] "PUT /d1/252/AUTH_a1e48568798a40f8b39bbf9d0c38113b/gnocchi.19b1e562-5c46-40ed-baad-455c10fec0ad/none_v3" 201 - "PUT http://172.18.0.2:8080/d1/701/AUTH_a1e48568798a40f8b39bbf9d0c38113b/gnocchi.19b1e562-5c46-40ed-baad-455c10fec0ad/none_v3" "tx8158d58c266143a092916-00697ced21" "object-server 23" 0.0007 "-" 17 0
Jan 30 17:40:49 standalone object-server[126441]: 172.20.0.100 - - [30/Jan/2026:17:40:49 +0000] "PUT /d1/701/AUTH_a1e48568798a40f8b39bbf9d0c38113b/gnocchi.19b1e562-5c46-40ed-baad-455c10fec0ad/none_v3" 201 - "PUT http://172.18.0.2:8080/v1/AUTH_a1e48568798a40f8b39bbf9d0c38113b/gnocchi.19b1e562-5c46-40ed-baad-455c10fec0ad/none_v3" "tx8158d58c266143a092916-00697ced21" "proxy-server 20" 0.0106 "-" 23 0
Jan 30 17:40:49 standalone proxy-server[128378]: 172.18.0.2 172.18.0.100 30/Jan/2026/17/40/49 PUT /v1/AUTH_a1e48568798a40f8b39bbf9d0c38113b/gnocchi.19b1e562-5c46-40ed-baad-455c10fec0ad/none_v3 HTTP/1.0 201 - python-swiftclient-3.11.1 gAAAAABpfOxh1XDa... 22 - - tx8158d58c266143a092916-00697ced21 - 0.0173 - - 1769794849.263933897 1769794849.281250715 0
Jan 30 17:40:49 standalone container-server[126060]: 172.20.0.100 - - [30/Jan/2026:17:40:49 +0000] "PUT /d1/659/AUTH_a1e48568798a40f8b39bbf9d0c38113b/gnocchi.9a0c917d-5ba5-4f21-b161-d880bda2d6ad/none_v3" 201 - "PUT http://172.18.0.2:8080/d1/179/AUTH_a1e48568798a40f8b39bbf9d0c38113b/gnocchi.9a0c917d-5ba5-4f21-b161-d880bda2d6ad/none_v3" "tx089011009ace41a693434-00697ced21" "object-server 23" 0.0006 "-" 14 0
Jan 30 17:40:49 standalone object-server[126441]: 172.20.0.100 - - [30/Jan/2026:17:40:49 +0000] "PUT /d1/179/AUTH_a1e48568798a40f8b39bbf9d0c38113b/gnocchi.9a0c917d-5ba5-4f21-b161-d880bda2d6ad/none_v3" 201 - "PUT http://172.18.0.2:8080/v1/AUTH_a1e48568798a40f8b39bbf9d0c38113b/gnocchi.9a0c917d-5ba5-4f21-b161-d880bda2d6ad/none_v3" "tx089011009ace41a693434-00697ced21" "proxy-server 20" 0.0100 "-" 23 0
Jan 30 17:40:49 standalone proxy-server[128378]: 172.18.0.2 172.18.0.100 30/Jan/2026/17/40/49 PUT /v1/AUTH_a1e48568798a40f8b39bbf9d0c38113b/gnocchi.9a0c917d-5ba5-4f21-b161-d880bda2d6ad/none_v3 HTTP/1.0 201 - python-swiftclient-3.11.1 gAAAAABpfOxh1XDa... 22 - - tx089011009ace41a693434-00697ced21 - 0.0166 - - 1769794849.284706593 1769794849.301299810 0
Jan 30 17:40:49 standalone container-server[126060]: 172.20.0.100 - - [30/Jan/2026:17:40:49 +0000] "HEAD /d1/372/AUTH_a1e48568798a40f8b39bbf9d0c38113b/gnocchi.30a69bfc-2ab0-4137-8451-c2879cf92f45" 404 - "HEAD http://172.18.0.2:8080/v1/AUTH_a1e48568798a40f8b39bbf9d0c38113b/gnocchi.30a69bfc-2ab0-4137-8451-c2879cf92f45?format=json&states=listing" "txe53652c9d67749a7928b7-00697ced21" "proxy-server 20" 0.0005 "-" 14 0
Jan 30 17:40:49 standalone object-server[126441]: 172.20.0.100 - - [30/Jan/2026:17:40:49 +0000] "GET /d1/402/AUTH_a1e48568798a40f8b39bbf9d0c38113b/gnocchi.30a69bfc-2ab0-4137-8451-c2879cf92f45/none_v3" 404 70 "GET http://172.18.0.2:8080/v1/AUTH_a1e48568798a40f8b39bbf9d0c38113b/gnocchi.30a69bfc-2ab0-4137-8451-c2879cf92f45/none_v3" "txe53652c9d67749a7928b7-00697ced21" "proxy-server 20" 0.0004 "-" 23 0
Jan 30 17:40:49 standalone proxy-server[128378]: 172.18.0.2 172.18.0.100 30/Jan/2026/17/40/49 GET /v1/AUTH_a1e48568798a40f8b39bbf9d0c38113b/gnocchi.30a69bfc-2ab0-4137-8451-c2879cf92f45/none_v3 HTTP/1.0 404 - python-swiftclient-3.11.1 gAAAAABpfOxh1XDa... - 70 - txe53652c9d67749a7928b7-00697ced21 - 0.0144 - - 1769794849.313261271 1769794849.327616453 0
Jan 30 17:40:49 standalone account-server[125924]: 172.20.0.100 - - [30/Jan/2026:17:40:49 +0000] "PUT /d1/377/AUTH_a1e48568798a40f8b39bbf9d0c38113b/gnocchi.30a69bfc-2ab0-4137-8451-c2879cf92f45" 201 - "PUT http://172.20.0.100:6001/d1/372/AUTH_a1e48568798a40f8b39bbf9d0c38113b/gnocchi.30a69bfc-2ab0-4137-8451-c2879cf92f45" "tx3f16a33d44394bac94539-00697ced21" "container-server 17" 0.0086 "-" 20 0
Jan 30 17:40:49 standalone container-server[126074]: 172.20.0.100 - - [30/Jan/2026:17:40:49 +0000] "PUT /d1/372/AUTH_a1e48568798a40f8b39bbf9d0c38113b/gnocchi.30a69bfc-2ab0-4137-8451-c2879cf92f45" 201 - "PUT http://172.18.0.2:8080/v1/AUTH_a1e48568798a40f8b39bbf9d0c38113b/gnocchi.30a69bfc-2ab0-4137-8451-c2879cf92f45" "tx3f16a33d44394bac94539-00697ced21" "proxy-server 20" 0.0245 "-" 17 0
Jan 30 17:40:49 standalone proxy-server[128378]: 172.18.0.2 172.18.0.100 30/Jan/2026/17/40/49 PUT /v1/AUTH_a1e48568798a40f8b39bbf9d0c38113b/gnocchi.30a69bfc-2ab0-4137-8451-c2879cf92f45 HTTP/1.0 201 - python-swiftclient-3.11.1 gAAAAABpfOxh1XDa... - - - tx3f16a33d44394bac94539-00697ced21 - 0.0320 - - 1769794849.331261635 1769794849.363286257 0
Jan 30 17:40:49 standalone container-server[126068]: 172.20.0.100 - - [30/Jan/2026:17:40:49 +0000] "HEAD /d1/372/AUTH_a1e48568798a40f8b39bbf9d0c38113b/gnocchi.30a69bfc-2ab0-4137-8451-c2879cf92f45" 204 - "HEAD http://172.18.0.2:8080/v1/AUTH_a1e48568798a40f8b39bbf9d0c38113b/gnocchi.30a69bfc-2ab0-4137-8451-c2879cf92f45?format=json&states=listing" "tx1716c34f971d4b239ad48-00697ced21" "proxy-server 20" 0.0022 "-" 16 0
Jan 30 17:40:49 standalone proxy-server[128378]: - - 30/Jan/2026/17/40/49 HEAD /v1/AUTH_a1e48568798a40f8b39bbf9d0c38113b/gnocchi.30a69bfc-2ab0-4137-8451-c2879cf92f45%3Fformat%3Djson%26states%3Dlisting HTTP/1.0 204 - Swift - - - - tx1716c34f971d4b239ad48-00697ced21 - 0.0084 RL - 1769794849.372368813 1769794849.380812407 0
Jan 30 17:40:49 standalone container-server[126074]: 172.20.0.100 - - [30/Jan/2026:17:40:49 +0000] "GET /d1/372/AUTH_a1e48568798a40f8b39bbf9d0c38113b/gnocchi.30a69bfc-2ab0-4137-8451-c2879cf92f45" 200 2 "GET http://172.18.0.2:8080/v1/AUTH_a1e48568798a40f8b39bbf9d0c38113b/gnocchi.30a69bfc-2ab0-4137-8451-c2879cf92f45?format=json&states=listing" "tx1716c34f971d4b239ad48-00697ced21" "proxy-server 20" 0.0035 "-" 17 0
Jan 30 17:40:49 standalone proxy-server[128378]: 172.18.0.2 172.18.0.100 30/Jan/2026/17/40/49 GET /v1/AUTH_a1e48568798a40f8b39bbf9d0c38113b/gnocchi.30a69bfc-2ab0-4137-8451-c2879cf92f45%3Fformat%3Djson%26states%3Dlisting HTTP/1.0 200 - python-swiftclient-3.11.1 gAAAAABpfOxh1XDa... - 2 - tx1716c34f971d4b239ad48-00697ced21 - 0.0263 - - 1769794849.368979692 1769794849.395258188 0
Jan 30 17:40:49 standalone object-server[126450]: 172.20.0.100 - - [30/Jan/2026:17:40:49 +0000] "GET /d1/953/AUTH_a1e48568798a40f8b39bbf9d0c38113b/gnocchi.30a69bfc-2ab0-4137-8451-c2879cf92f45/1769040000.0_mean_300.0_v3" 404 70 "GET http://172.18.0.2:8080/v1/AUTH_a1e48568798a40f8b39bbf9d0c38113b/gnocchi.30a69bfc-2ab0-4137-8451-c2879cf92f45/1769040000.0_mean_300.0_v3" "txbc23e1322d494598a0008-00697ced21" "proxy-server 20" 0.0005 "-" 25 0
Jan 30 17:40:49 standalone proxy-server[128378]: 172.18.0.2 172.18.0.100 30/Jan/2026/17/40/49 GET /v1/AUTH_a1e48568798a40f8b39bbf9d0c38113b/gnocchi.30a69bfc-2ab0-4137-8451-c2879cf92f45/1769040000.0_mean_300.0_v3 HTTP/1.0 404 - python-swiftclient-3.11.1 gAAAAABpfOxh1XDa... - 70 - txbc23e1322d494598a0008-00697ced21 - 0.0103 - - 1769794849.402068377 1769794849.412406921 0
Jan 30 17:40:49 standalone container-server[126066]: 172.20.0.100 - - [30/Jan/2026:17:40:49 +0000] "PUT /d1/372/AUTH_a1e48568798a40f8b39bbf9d0c38113b/gnocchi.30a69bfc-2ab0-4137-8451-c2879cf92f45/1769040000.0_mean_300.0_v3" 201 - "PUT http://172.18.0.2:8080/d1/953/AUTH_a1e48568798a40f8b39bbf9d0c38113b/gnocchi.30a69bfc-2ab0-4137-8451-c2879cf92f45/1769040000.0_mean_300.0_v3" "tx917128623d4843838d703-00697ced21" "object-server 24" 0.0012 "-" 15 0
Jan 30 17:40:49 standalone object-server[126446]: 172.20.0.100 - - [30/Jan/2026:17:40:49 +0000] "PUT /d1/953/AUTH_a1e48568798a40f8b39bbf9d0c38113b/gnocchi.30a69bfc-2ab0-4137-8451-c2879cf92f45/1769040000.0_mean_300.0_v3" 201 - "PUT http://172.18.0.2:8080/v1/AUTH_a1e48568798a40f8b39bbf9d0c38113b/gnocchi.30a69bfc-2ab0-4137-8451-c2879cf92f45/1769040000.0_mean_300.0_v3" "tx917128623d4843838d703-00697ced21" "proxy-server 20" 0.0109 "-" 24 0
Jan 30 17:40:49 standalone proxy-server[128378]: 172.18.0.2 172.18.0.100 30/Jan/2026/17/40/49 PUT /v1/AUTH_a1e48568798a40f8b39bbf9d0c38113b/gnocchi.30a69bfc-2ab0-4137-8451-c2879cf92f45/1769040000.0_mean_300.0_v3 HTTP/1.0 201 - python-swiftclient-3.11.1 gAAAAABpfOxh1XDa... 16 - - tx917128623d4843838d703-00697ced21 - 0.0178 - - 1769794849.416274548 1769794849.434061050 0
Jan 30 17:40:49 standalone container-server[126060]: 172.20.0.100 - - [30/Jan/2026:17:40:49 +0000] "PUT /d1/372/AUTH_a1e48568798a40f8b39bbf9d0c38113b/gnocchi.30a69bfc-2ab0-4137-8451-c2879cf92f45/none_v3" 201 - "PUT http://172.18.0.2:8080/d1/402/AUTH_a1e48568798a40f8b39bbf9d0c38113b/gnocchi.30a69bfc-2ab0-4137-8451-c2879cf92f45/none_v3" "txa1e5a1deddee47bba31cb-00697ced21" "object-server 25" 0.0005 "-" 14 0
Jan 30 17:40:49 standalone object-server[126450]: 172.20.0.100 - - [30/Jan/2026:17:40:49 +0000] "PUT /d1/402/AUTH_a1e48568798a40f8b39bbf9d0c38113b/gnocchi.30a69bfc-2ab0-4137-8451-c2879cf92f45/none_v3" 201 - "PUT http://172.18.0.2:8080/v1/AUTH_a1e48568798a40f8b39bbf9d0c38113b/gnocchi.30a69bfc-2ab0-4137-8451-c2879cf92f45/none_v3" "txa1e5a1deddee47bba31cb-00697ced21" "proxy-server 20" 0.0175 "-" 25 0
Jan 30 17:40:49 standalone proxy-server[128378]: 172.18.0.2 172.18.0.100 30/Jan/2026/17/40/49 PUT /v1/AUTH_a1e48568798a40f8b39bbf9d0c38113b/gnocchi.30a69bfc-2ab0-4137-8451-c2879cf92f45/none_v3 HTTP/1.0 201 - python-swiftclient-3.11.1 gAAAAABpfOxh1XDa... 22 - - txa1e5a1deddee47bba31cb-00697ced21 - 0.0223 - - 1769794849.438065052 1769794849.460384846 0
Jan 30 17:40:49 standalone container-server[126060]: 172.20.0.100 - - [30/Jan/2026:17:40:49 +0000] "HEAD /d1/352/AUTH_a1e48568798a40f8b39bbf9d0c38113b/gnocchi.6d65bfa8-9fe2-4445-b419-5fa9d90f025c" 404 - "HEAD http://172.18.0.2:8080/v1/AUTH_a1e48568798a40f8b39bbf9d0c38113b/gnocchi.6d65bfa8-9fe2-4445-b419-5fa9d90f025c?format=json&states=listing" "tx8ca4cfe4a244490db646c-00697ced21" "proxy-server 20" 0.0004 "-" 14 0
Jan 30 17:40:49 standalone object-server[126446]: 172.20.0.100 - - [30/Jan/2026:17:40:49 +0000] "GET /d1/524/AUTH_a1e48568798a40f8b39bbf9d0c38113b/gnocchi.6d65bfa8-9fe2-4445-b419-5fa9d90f025c/none_v3" 404 70 "GET http://172.18.0.2:8080/v1/AUTH_a1e48568798a40f8b39bbf9d0c38113b/gnocchi.6d65bfa8-9fe2-4445-b419-5fa9d90f025c/none_v3" "tx8ca4cfe4a244490db646c-00697ced21" "proxy-server 20" 0.0004 "-" 24 0
Jan 30 17:40:49 standalone proxy-server[128378]: 172.18.0.2 172.18.0.100 30/Jan/2026/17/40/49 GET /v1/AUTH_a1e48568798a40f8b39bbf9d0c38113b/gnocchi.6d65bfa8-9fe2-4445-b419-5fa9d90f025c/none_v3 HTTP/1.0 404 - python-swiftclient-3.11.1 gAAAAABpfOxh1XDa... - 70 - tx8ca4cfe4a244490db646c-00697ced21 - 0.0102 - - 1769794849.475271702 1769794849.485468149 0
Jan 30 17:40:49 standalone account-server[125929]: 172.20.0.100 - - [30/Jan/2026:17:40:49 +0000] "PUT /d1/377/AUTH_a1e48568798a40f8b39bbf9d0c38113b/gnocchi.6d65bfa8-9fe2-4445-b419-5fa9d90f025c" 201 - "PUT http://172.20.0.100:6001/d1/352/AUTH_a1e48568798a40f8b39bbf9d0c38113b/gnocchi.6d65bfa8-9fe2-4445-b419-5fa9d90f025c" "txb6abc100941b4128bdfed-00697ced21" "container-server 16" 0.0043 "-" 22 0
Jan 30 17:40:49 standalone container-server[126068]: 172.20.0.100 - - [30/Jan/2026:17:40:49 +0000] "PUT /d1/352/AUTH_a1e48568798a40f8b39bbf9d0c38113b/gnocchi.6d65bfa8-9fe2-4445-b419-5fa9d90f025c" 201 - "PUT http://172.18.0.2:8080/v1/AUTH_a1e48568798a40f8b39bbf9d0c38113b/gnocchi.6d65bfa8-9fe2-4445-b419-5fa9d90f025c" "txb6abc100941b4128bdfed-00697ced21" "proxy-server 20" 0.0147 "-" 16 0
Jan 30 17:40:49 standalone proxy-server[128378]: 172.18.0.2 172.18.0.100 30/Jan/2026/17/40/49 PUT /v1/AUTH_a1e48568798a40f8b39bbf9d0c38113b/gnocchi.6d65bfa8-9fe2-4445-b419-5fa9d90f025c HTTP/1.0 201 - python-swiftclient-3.11.1 gAAAAABpfOxh1XDa... - - - txb6abc100941b4128bdfed-00697ced21 - 0.0192 - - 1769794849.488167763 1769794849.507411003 0
Jan 30 17:40:49 standalone container-server[126074]: 172.20.0.100 - - [30/Jan/2026:17:40:49 +0000] "HEAD /d1/352/AUTH_a1e48568798a40f8b39bbf9d0c38113b/gnocchi.6d65bfa8-9fe2-4445-b419-5fa9d90f025c" 204 - "HEAD http://172.18.0.2:8080/v1/AUTH_a1e48568798a40f8b39bbf9d0c38113b/gnocchi.6d65bfa8-9fe2-4445-b419-5fa9d90f025c?format=json&states=listing" "txb63a1a14e4da49d49f20f-00697ced21" "proxy-server 20" 0.0015 "-" 17 0
Jan 30 17:40:49 standalone proxy-server[128378]: - - 30/Jan/2026/17/40/49 HEAD /v1/AUTH_a1e48568798a40f8b39bbf9d0c38113b/gnocchi.6d65bfa8-9fe2-4445-b419-5fa9d90f025c%3Fformat%3Djson%26states%3Dlisting HTTP/1.0 204 - Swift - - - - txb63a1a14e4da49d49f20f-00697ced21 - 0.0054 RL - 1769794849.511554241 1769794849.516982317 0
Jan 30 17:40:49 standalone container-server[126060]: 172.20.0.100 - - [30/Jan/2026:17:40:49 +0000] "GET /d1/352/AUTH_a1e48568798a40f8b39bbf9d0c38113b/gnocchi.6d65bfa8-9fe2-4445-b419-5fa9d90f025c" 200 2 "GET http://172.18.0.2:8080/v1/AUTH_a1e48568798a40f8b39bbf9d0c38113b/gnocchi.6d65bfa8-9fe2-4445-b419-5fa9d90f025c?format=json&states=listing" "txb63a1a14e4da49d49f20f-00697ced21" "proxy-server 20" 0.0018 "-" 14 0
Jan 30 17:40:49 standalone proxy-server[128378]: 172.18.0.2 172.18.0.100 30/Jan/2026/17/40/49 GET /v1/AUTH_a1e48568798a40f8b39bbf9d0c38113b/gnocchi.6d65bfa8-9fe2-4445-b419-5fa9d90f025c%3Fformat%3Djson%26states%3Dlisting HTTP/1.0 200 - python-swiftclient-3.11.1 gAAAAABpfOxh1XDa... - 2 - txb63a1a14e4da49d49f20f-00697ced21 - 0.0160 - - 1769794849.510661840 1769794849.526705980 0
Jan 30 17:40:49 standalone object-server[126441]: 172.20.0.100 - - [30/Jan/2026:17:40:49 +0000] "GET /d1/738/AUTH_a1e48568798a40f8b39bbf9d0c38113b/gnocchi.6d65bfa8-9fe2-4445-b419-5fa9d90f025c/1769040000.0_mean_300.0_v3" 404 70 "GET http://172.18.0.2:8080/v1/AUTH_a1e48568798a40f8b39bbf9d0c38113b/gnocchi.6d65bfa8-9fe2-4445-b419-5fa9d90f025c/1769040000.0_mean_300.0_v3" "tx81741870e6c143e2ab838-00697ced21" "proxy-server 20" 0.0003 "-" 23 0
Jan 30 17:40:49 standalone proxy-server[128378]: 172.18.0.2 172.18.0.100 30/Jan/2026/17/40/49 GET /v1/AUTH_a1e48568798a40f8b39bbf9d0c38113b/gnocchi.6d65bfa8-9fe2-4445-b419-5fa9d90f025c/1769040000.0_mean_300.0_v3 HTTP/1.0 404 - python-swiftclient-3.11.1 gAAAAABpfOxh1XDa... - 70 - tx81741870e6c143e2ab838-00697ced21 - 0.0066 - - 1769794849.529998779 1769794849.536560059 0
Jan 30 17:40:49 standalone container-server[126060]: 172.20.0.100 - - [30/Jan/2026:17:40:49 +0000] "PUT /d1/352/AUTH_a1e48568798a40f8b39bbf9d0c38113b/gnocchi.6d65bfa8-9fe2-4445-b419-5fa9d90f025c/1769040000.0_mean_300.0_v3" 201 - "PUT http://172.18.0.2:8080/d1/738/AUTH_a1e48568798a40f8b39bbf9d0c38113b/gnocchi.6d65bfa8-9fe2-4445-b419-5fa9d90f025c/1769040000.0_mean_300.0_v3" "txe8d53fe74a8d48ffa7060-00697ced21" "object-server 23" 0.0004 "-" 14 0
Jan 30 17:40:49 standalone object-server[126441]: 172.20.0.100 - - [30/Jan/2026:17:40:49 +0000] "PUT /d1/738/AUTH_a1e48568798a40f8b39bbf9d0c38113b/gnocchi.6d65bfa8-9fe2-4445-b419-5fa9d90f025c/1769040000.0_mean_300.0_v3" 201 - "PUT http://172.18.0.2:8080/v1/AUTH_a1e48568798a40f8b39bbf9d0c38113b/gnocchi.6d65bfa8-9fe2-4445-b419-5fa9d90f025c/1769040000.0_mean_300.0_v3" "txe8d53fe74a8d48ffa7060-00697ced21" "proxy-server 20" 0.0073 "-" 23 0
Jan 30 17:40:49 standalone proxy-server[128378]: 172.18.0.2 172.18.0.100 30/Jan/2026/17/40/49 PUT /v1/AUTH_a1e48568798a40f8b39bbf9d0c38113b/gnocchi.6d65bfa8-9fe2-4445-b419-5fa9d90f025c/1769040000.0_mean_300.0_v3 HTTP/1.0 201 - python-swiftclient-3.11.1 gAAAAABpfOxh1XDa... 16 - - txe8d53fe74a8d48ffa7060-00697ced21 - 0.0136 - - 1769794849.539003849 1769794849.552588701 0
Jan 30 17:40:49 standalone container-server[126068]: 172.20.0.100 - - [30/Jan/2026:17:40:49 +0000] "PUT /d1/352/AUTH_a1e48568798a40f8b39bbf9d0c38113b/gnocchi.6d65bfa8-9fe2-4445-b419-5fa9d90f025c/none_v3" 201 - "PUT http://172.18.0.2:8080/d1/524/AUTH_a1e48568798a40f8b39bbf9d0c38113b/gnocchi.6d65bfa8-9fe2-4445-b419-5fa9d90f025c/none_v3" "tx9da371c3e2474ea3b1676-00697ced21" "object-server 24" 0.0007 "-" 16 0
Jan 30 17:40:49 standalone object-server[126446]: 172.20.0.100 - - [30/Jan/2026:17:40:49 +0000] "PUT /d1/524/AUTH_a1e48568798a40f8b39bbf9d0c38113b/gnocchi.6d65bfa8-9fe2-4445-b419-5fa9d90f025c/none_v3" 201 - "PUT http://172.18.0.2:8080/v1/AUTH_a1e48568798a40f8b39bbf9d0c38113b/gnocchi.6d65bfa8-9fe2-4445-b419-5fa9d90f025c/none_v3" "tx9da371c3e2474ea3b1676-00697ced21" "proxy-server 20" 0.0105 "-" 24 0
Jan 30 17:40:49 standalone proxy-server[128378]: 172.18.0.2 172.18.0.100 30/Jan/2026/17/40/49 PUT /v1/AUTH_a1e48568798a40f8b39bbf9d0c38113b/gnocchi.6d65bfa8-9fe2-4445-b419-5fa9d90f025c/none_v3 HTTP/1.0 201 - python-swiftclient-3.11.1 gAAAAABpfOxh1XDa... 22 - - tx9da371c3e2474ea3b1676-00697ced21 - 0.0182 - - 1769794849.554909945 1769794849.573114395 0
Jan 30 17:40:49 standalone container-server[126068]: 172.20.0.100 - - [30/Jan/2026:17:40:49 +0000] "HEAD /d1/178/AUTH_a1e48568798a40f8b39bbf9d0c38113b/gnocchi.5b92e32c-1e1c-4248-9c0f-ed7505da9db8" 404 - "HEAD http://172.18.0.2:8080/v1/AUTH_a1e48568798a40f8b39bbf9d0c38113b/gnocchi.5b92e32c-1e1c-4248-9c0f-ed7505da9db8?format=json&states=listing" "txa19cdf3b53a74c25b809b-00697ced21" "proxy-server 20" 0.0005 "-" 16 0
Jan 30 17:40:49 standalone object-server[126435]: 172.20.0.100 - - [30/Jan/2026:17:40:49 +0000] "GET /d1/857/AUTH_a1e48568798a40f8b39bbf9d0c38113b/gnocchi.5b92e32c-1e1c-4248-9c0f-ed7505da9db8/none_v3" 404 70 "GET http://172.18.0.2:8080/v1/AUTH_a1e48568798a40f8b39bbf9d0c38113b/gnocchi.5b92e32c-1e1c-4248-9c0f-ed7505da9db8/none_v3" "txa19cdf3b53a74c25b809b-00697ced21" "proxy-server 20" 0.0004 "-" 22 0
Jan 30 17:40:49 standalone proxy-server[128378]: 172.18.0.2 172.18.0.100 30/Jan/2026/17/40/49 GET /v1/AUTH_a1e48568798a40f8b39bbf9d0c38113b/gnocchi.5b92e32c-1e1c-4248-9c0f-ed7505da9db8/none_v3 HTTP/1.0 404 - python-swiftclient-3.11.1 gAAAAABpfOxh1XDa... - 70 - txa19cdf3b53a74c25b809b-00697ced21 - 0.0110 - - 1769794849.586484194 1769794849.597495556 0
Jan 30 17:40:49 standalone account-server[125929]: 172.20.0.100 - - [30/Jan/2026:17:40:49 +0000] "PUT /d1/377/AUTH_a1e48568798a40f8b39bbf9d0c38113b/gnocchi.5b92e32c-1e1c-4248-9c0f-ed7505da9db8" 201 - "PUT http://172.20.0.100:6001/d1/178/AUTH_a1e48568798a40f8b39bbf9d0c38113b/gnocchi.5b92e32c-1e1c-4248-9c0f-ed7505da9db8" "txa906d13c85bf4114bd492-00697ced21" "container-server 16" 0.0059 "-" 22 0
Jan 30 17:40:49 standalone container-server[126068]: 172.20.0.100 - - [30/Jan/2026:17:40:49 +0000] "PUT /d1/178/AUTH_a1e48568798a40f8b39bbf9d0c38113b/gnocchi.5b92e32c-1e1c-4248-9c0f-ed7505da9db8" 201 - "PUT http://172.18.0.2:8080/v1/AUTH_a1e48568798a40f8b39bbf9d0c38113b/gnocchi.5b92e32c-1e1c-4248-9c0f-ed7505da9db8" "txa906d13c85bf4114bd492-00697ced21" "proxy-server 20" 0.0212 "-" 16 0
Jan 30 17:40:49 standalone proxy-server[128378]: 172.18.0.2 172.18.0.100 30/Jan/2026/17/40/49 PUT /v1/AUTH_a1e48568798a40f8b39bbf9d0c38113b/gnocchi.5b92e32c-1e1c-4248-9c0f-ed7505da9db8 HTTP/1.0 201 - python-swiftclient-3.11.1 gAAAAABpfOxh1XDa... - - - txa906d13c85bf4114bd492-00697ced21 - 0.0271 - - 1769794849.600775242 1769794849.627832174 0
Jan 30 17:40:49 standalone container-server[126074]: 172.20.0.100 - - [30/Jan/2026:17:40:49 +0000] "HEAD /d1/178/AUTH_a1e48568798a40f8b39bbf9d0c38113b/gnocchi.5b92e32c-1e1c-4248-9c0f-ed7505da9db8" 204 - "HEAD http://172.18.0.2:8080/v1/AUTH_a1e48568798a40f8b39bbf9d0c38113b/gnocchi.5b92e32c-1e1c-4248-9c0f-ed7505da9db8?format=json&states=listing" "tx7ff34913599b49ae993ce-00697ced21" "proxy-server 20" 0.0019 "-" 17 0
Jan 30 17:40:49 standalone proxy-server[128378]: - - 30/Jan/2026/17/40/49 HEAD /v1/AUTH_a1e48568798a40f8b39bbf9d0c38113b/gnocchi.5b92e32c-1e1c-4248-9c0f-ed7505da9db8%3Fformat%3Djson%26states%3Dlisting HTTP/1.0 204 - Swift - - - - tx7ff34913599b49ae993ce-00697ced21 - 0.0061 RL - 1769794849.633388519 1769794849.639516830 0
Jan 30 17:40:49 standalone container-server[126060]: 172.20.0.100 - - [30/Jan/2026:17:40:49 +0000] "GET /d1/178/AUTH_a1e48568798a40f8b39bbf9d0c38113b/gnocchi.5b92e32c-1e1c-4248-9c0f-ed7505da9db8" 200 2 "GET http://172.18.0.2:8080/v1/AUTH_a1e48568798a40f8b39bbf9d0c38113b/gnocchi.5b92e32c-1e1c-4248-9c0f-ed7505da9db8?format=json&states=listing" "tx7ff34913599b49ae993ce-00697ced21" "proxy-server 20" 0.0019 "-" 14 0
Jan 30 17:40:49 standalone proxy-server[128378]: 172.18.0.2 172.18.0.100 30/Jan/2026/17/40/49 GET /v1/AUTH_a1e48568798a40f8b39bbf9d0c38113b/gnocchi.5b92e32c-1e1c-4248-9c0f-ed7505da9db8%3Fformat%3Djson%26states%3Dlisting HTTP/1.0 200 - python-swiftclient-3.11.1 gAAAAABpfOxh1XDa... - 2 - tx7ff34913599b49ae993ce-00697ced21 - 0.0164 - - 1769794849.632001162 1769794849.648410797 0
Jan 30 17:40:49 standalone object-server[126435]: 172.20.0.100 - - [30/Jan/2026:17:40:49 +0000] "GET /d1/781/AUTH_a1e48568798a40f8b39bbf9d0c38113b/gnocchi.5b92e32c-1e1c-4248-9c0f-ed7505da9db8/1769040000.0_mean_300.0_v3" 404 70 "GET http://172.18.0.2:8080/v1/AUTH_a1e48568798a40f8b39bbf9d0c38113b/gnocchi.5b92e32c-1e1c-4248-9c0f-ed7505da9db8/1769040000.0_mean_300.0_v3" "tx602c2b880c6643499d528-00697ced21" "proxy-server 20" 0.0003 "-" 22 0
Jan 30 17:40:49 standalone proxy-server[128378]: 172.18.0.2 172.18.0.100 30/Jan/2026/17/40/49 GET /v1/AUTH_a1e48568798a40f8b39bbf9d0c38113b/gnocchi.5b92e32c-1e1c-4248-9c0f-ed7505da9db8/1769040000.0_mean_300.0_v3 HTTP/1.0 404 - python-swiftclient-3.11.1 gAAAAABpfOxh1XDa... - 70 - tx602c2b880c6643499d528-00697ced21 - 0.0062 - - 1769794849.652750254 1769794849.658931732 0
Jan 30 17:40:49 standalone container-server[126074]: 172.20.0.100 - - [30/Jan/2026:17:40:49 +0000] "PUT /d1/178/AUTH_a1e48568798a40f8b39bbf9d0c38113b/gnocchi.5b92e32c-1e1c-4248-9c0f-ed7505da9db8/1769040000.0_mean_300.0_v3" 201 - "PUT http://172.18.0.2:8080/d1/781/AUTH_a1e48568798a40f8b39bbf9d0c38113b/gnocchi.5b92e32c-1e1c-4248-9c0f-ed7505da9db8/1769040000.0_mean_300.0_v3" "txf50ff959faf84269b022b-00697ced21" "object-server 25" 0.0007 "-" 17 0
Jan 30 17:40:49 standalone object-server[126450]: 172.20.0.100 - - [30/Jan/2026:17:40:49 +0000] "PUT /d1/781/AUTH_a1e48568798a40f8b39bbf9d0c38113b/gnocchi.5b92e32c-1e1c-4248-9c0f-ed7505da9db8/1769040000.0_mean_300.0_v3" 201 - "PUT http://172.18.0.2:8080/v1/AUTH_a1e48568798a40f8b39bbf9d0c38113b/gnocchi.5b92e32c-1e1c-4248-9c0f-ed7505da9db8/1769040000.0_mean_300.0_v3" "txf50ff959faf84269b022b-00697ced21" "proxy-server 20" 0.0110 "-" 25 0
Jan 30 17:40:49 standalone proxy-server[128378]: 172.18.0.2 172.18.0.100 30/Jan/2026/17/40/49 PUT /v1/AUTH_a1e48568798a40f8b39bbf9d0c38113b/gnocchi.5b92e32c-1e1c-4248-9c0f-ed7505da9db8/1769040000.0_mean_300.0_v3 HTTP/1.0 201 - python-swiftclient-3.11.1 gAAAAABpfOxh1XDa... 16 - - txf50ff959faf84269b022b-00697ced21 - 0.0183 - - 1769794849.662439585 1769794849.680722713 0
Jan 30 17:40:49 standalone container-server[126060]: 172.20.0.100 - - [30/Jan/2026:17:40:49 +0000] "PUT /d1/178/AUTH_a1e48568798a40f8b39bbf9d0c38113b/gnocchi.5b92e32c-1e1c-4248-9c0f-ed7505da9db8/none_v3" 201 - "PUT http://172.18.0.2:8080/d1/857/AUTH_a1e48568798a40f8b39bbf9d0c38113b/gnocchi.5b92e32c-1e1c-4248-9c0f-ed7505da9db8/none_v3" "txea1ec9ab8b994e60aefe1-00697ced21" "object-server 22" 0.0007 "-" 14 0
Jan 30 17:40:49 standalone object-server[126435]: 172.20.0.100 - - [30/Jan/2026:17:40:49 +0000] "PUT /d1/857/AUTH_a1e48568798a40f8b39bbf9d0c38113b/gnocchi.5b92e32c-1e1c-4248-9c0f-ed7505da9db8/none_v3" 201 - "PUT http://172.18.0.2:8080/v1/AUTH_a1e48568798a40f8b39bbf9d0c38113b/gnocchi.5b92e32c-1e1c-4248-9c0f-ed7505da9db8/none_v3" "txea1ec9ab8b994e60aefe1-00697ced21" "proxy-server 20" 0.0078 "-" 22 0
Jan 30 17:40:49 standalone proxy-server[128378]: 172.18.0.2 172.18.0.100 30/Jan/2026/17/40/49 PUT /v1/AUTH_a1e48568798a40f8b39bbf9d0c38113b/gnocchi.5b92e32c-1e1c-4248-9c0f-ed7505da9db8/none_v3 HTTP/1.0 201 - python-swiftclient-3.11.1 gAAAAABpfOxh1XDa... 22 - - txea1ec9ab8b994e60aefe1-00697ced21 - 0.0140 - - 1769794849.683913946 1769794849.697879314 0
Jan 30 17:40:49 standalone container-server[126068]: 172.20.0.100 - - [30/Jan/2026:17:40:49 +0000] "HEAD /d1/807/AUTH_a1e48568798a40f8b39bbf9d0c38113b/gnocchi.ad1edef6-efcf-4d11-9619-f09ba0f717e0" 404 - "HEAD http://172.18.0.2:8080/v1/AUTH_a1e48568798a40f8b39bbf9d0c38113b/gnocchi.ad1edef6-efcf-4d11-9619-f09ba0f717e0?format=json&states=listing" "tx597ce6adedc644bdbe58d-00697ced21" "proxy-server 20" 0.0008 "-" 16 0
Jan 30 17:40:49 standalone object-server[126450]: 172.20.0.100 - - [30/Jan/2026:17:40:49 +0000] "GET /d1/65/AUTH_a1e48568798a40f8b39bbf9d0c38113b/gnocchi.ad1edef6-efcf-4d11-9619-f09ba0f717e0/none_v3" 404 70 "GET http://172.18.0.2:8080/v1/AUTH_a1e48568798a40f8b39bbf9d0c38113b/gnocchi.ad1edef6-efcf-4d11-9619-f09ba0f717e0/none_v3" "tx597ce6adedc644bdbe58d-00697ced21" "proxy-server 20" 0.0003 "-" 25 0
