Jan 30 17:39:45 standalone container-server[126060]: 172.20.0.100 - - [30/Jan/2026:17:39:45 +0000] "PUT /d1/1008/AUTH_a1e48568798a40f8b39bbf9d0c38113b/gnocchi.ab420f1c-6b81-48b8-83e4-7bf6fe1cd0d9/none_v3" 201 - "PUT http://172.18.0.2:8080/d1/904/AUTH_a1e48568798a40f8b39bbf9d0c38113b/gnocchi.ab420f1c-6b81-48b8-83e4-7bf6fe1cd0d9/none_v3" "tx47148e502301460f86c49-00697cece1" "object-server 24" 0.0006 "-" 14 0
Jan 30 17:39:45 standalone object-server[126446]: 172.20.0.100 - - [30/Jan/2026:17:39:45 +0000] "PUT /d1/904/AUTH_a1e48568798a40f8b39bbf9d0c38113b/gnocchi.ab420f1c-6b81-48b8-83e4-7bf6fe1cd0d9/none_v3" 201 - "PUT http://172.18.0.2:8080/v1/AUTH_a1e48568798a40f8b39bbf9d0c38113b/gnocchi.ab420f1c-6b81-48b8-83e4-7bf6fe1cd0d9/none_v3" "tx47148e502301460f86c49-00697cece1" "proxy-server 20" 0.0148 "-" 24 0
Jan 30 17:39:45 standalone proxy-server[128378]: 172.18.0.2 172.18.0.100 30/Jan/2026/17/39/45 PUT /v1/AUTH_a1e48568798a40f8b39bbf9d0c38113b/gnocchi.ab420f1c-6b81-48b8-83e4-7bf6fe1cd0d9/none_v3 HTTP/1.0 201 - python-swiftclient-3.11.1 gAAAAABpfOxh1XDa... 22 - - tx47148e502301460f86c49-00697cece1 - 0.0265 - - 1769794785.795829296 1769794785.822299957 0
Jan 30 17:39:46 standalone object-server[126450]: 172.20.0.100 - - [30/Jan/2026:17:39:46 +0000] "GET /d1/145/AUTH_a1e48568798a40f8b39bbf9d0c38113b/gnocchi.e0972a2b-588f-484a-985d-219307d9b072/none_v3" 200 33 "GET http://172.18.0.2:8080/v1/AUTH_a1e48568798a40f8b39bbf9d0c38113b/gnocchi.e0972a2b-588f-484a-985d-219307d9b072/none_v3" "txad464b23b9a14adbaad12-00697cece2" "proxy-server 20" 0.0009 "-" 25 0
Jan 30 17:39:46 standalone proxy-server[128378]: 172.18.0.2 172.18.0.100 30/Jan/2026/17/39/46 GET /v1/AUTH_a1e48568798a40f8b39bbf9d0c38113b/gnocchi.e0972a2b-588f-484a-985d-219307d9b072/none_v3 HTTP/1.0 200 - python-swiftclient-3.11.1 gAAAAABpfOxh1XDa... - 33 - txad464b23b9a14adbaad12-00697cece2 - 0.0216 - - 1769794786.114877939 1769794786.136525154 0
Jan 30 17:39:46 standalone container-server[126068]: 172.20.0.100 - - [30/Jan/2026:17:39:46 +0000] "GET /d1/667/AUTH_a1e48568798a40f8b39bbf9d0c38113b/gnocchi.e0972a2b-588f-484a-985d-219307d9b072" 200 357 "GET http://172.18.0.2:8080/v1/AUTH_a1e48568798a40f8b39bbf9d0c38113b/gnocchi.e0972a2b-588f-484a-985d-219307d9b072?format=json&states=listing" "tx3fdada4a64a743959876b-00697cece2" "proxy-server 20" 0.0171 "-" 16 0
Jan 30 17:39:46 standalone proxy-server[128378]: 172.18.0.2 172.18.0.100 30/Jan/2026/17/39/46 GET /v1/AUTH_a1e48568798a40f8b39bbf9d0c38113b/gnocchi.e0972a2b-588f-484a-985d-219307d9b072%3Fformat%3Djson%26states%3Dlisting HTTP/1.0 200 - python-swiftclient-3.11.1 gAAAAABpfOxh1XDa... - 357 - tx3fdada4a64a743959876b-00697cece2 - 0.0280 - - 1769794786.146217108 1769794786.174209118 0
Jan 30 17:39:46 standalone container-server[126068]: 172.20.0.100 - - [30/Jan/2026:17:39:46 +0000] "GET /d1/667/AUTH_a1e48568798a40f8b39bbf9d0c38113b/gnocchi.e0972a2b-588f-484a-985d-219307d9b072" 200 2 "GET http://172.18.0.2:8080/v1/AUTH_a1e48568798a40f8b39bbf9d0c38113b/gnocchi.e0972a2b-588f-484a-985d-219307d9b072?format=json&marker=none_v3&states=listing" "tx1808f7c6c5f44c06af3ce-00697cece2" "proxy-server 20" 0.0064 "-" 16 0
Jan 30 17:39:46 standalone proxy-server[128378]: 172.18.0.2 172.18.0.100 30/Jan/2026/17/39/46 GET /v1/AUTH_a1e48568798a40f8b39bbf9d0c38113b/gnocchi.e0972a2b-588f-484a-985d-219307d9b072%3Fformat%3Djson%26marker%3Dnone_v3%26states%3Dlisting HTTP/1.0 200 - python-swiftclient-3.11.1 gAAAAABpfOxh1XDa... - 2 - tx1808f7c6c5f44c06af3ce-00697cece2 - 0.0117 - - 1769794786.176696777 1769794786.188432693 0
Jan 30 17:39:46 standalone object-server[126441]: 172.20.0.100 - - [30/Jan/2026:17:39:46 +0000] "GET /d1/806/AUTH_a1e48568798a40f8b39bbf9d0c38113b/gnocchi.e0972a2b-588f-484a-985d-219307d9b072/1769040000.0_mean_300.0_v3" 200 16 "GET http://172.18.0.2:8080/v1/AUTH_a1e48568798a40f8b39bbf9d0c38113b/gnocchi.e0972a2b-588f-484a-985d-219307d9b072/1769040000.0_mean_300.0_v3" "tx8c7b8a3541bf4bb2b0855-00697cece2" "proxy-server 20" 0.0009 "-" 23 0
Jan 30 17:39:46 standalone proxy-server[128378]: 172.18.0.2 172.18.0.100 30/Jan/2026/17/39/46 GET /v1/AUTH_a1e48568798a40f8b39bbf9d0c38113b/gnocchi.e0972a2b-588f-484a-985d-219307d9b072/1769040000.0_mean_300.0_v3 HTTP/1.0 200 - python-swiftclient-3.11.1 gAAAAABpfOxh1XDa... - 16 - tx8c7b8a3541bf4bb2b0855-00697cece2 - 0.0061 - - 1769794786.196829796 1769794786.202979565 0
Jan 30 17:39:46 standalone container-server[126060]: 172.20.0.100 - - [30/Jan/2026:17:39:46 +0000] "PUT /d1/667/AUTH_a1e48568798a40f8b39bbf9d0c38113b/gnocchi.e0972a2b-588f-484a-985d-219307d9b072/1769040000.0_mean_300.0_v3" 201 - "PUT http://172.18.0.2:8080/d1/806/AUTH_a1e48568798a40f8b39bbf9d0c38113b/gnocchi.e0972a2b-588f-484a-985d-219307d9b072/1769040000.0_mean_300.0_v3" "txf69adc8e77624c97a4f3f-00697cece2" "object-server 24" 0.0008 "-" 14 0
Jan 30 17:39:46 standalone object-server[126446]: 172.20.0.100 - - [30/Jan/2026:17:39:46 +0000] "PUT /d1/806/AUTH_a1e48568798a40f8b39bbf9d0c38113b/gnocchi.e0972a2b-588f-484a-985d-219307d9b072/1769040000.0_mean_300.0_v3" 201 - "PUT http://172.18.0.2:8080/v1/AUTH_a1e48568798a40f8b39bbf9d0c38113b/gnocchi.e0972a2b-588f-484a-985d-219307d9b072/1769040000.0_mean_300.0_v3" "txf69adc8e77624c97a4f3f-00697cece2" "proxy-server 20" 0.0634 "-" 24 0
Jan 30 17:39:46 standalone proxy-server[128378]: 172.18.0.2 172.18.0.100 30/Jan/2026/17/39/46 PUT /v1/AUTH_a1e48568798a40f8b39bbf9d0c38113b/gnocchi.e0972a2b-588f-484a-985d-219307d9b072/1769040000.0_mean_300.0_v3 HTTP/1.0 201 - python-swiftclient-3.11.1 gAAAAABpfOxh1XDa... 16 - - txf69adc8e77624c97a4f3f-00697cece2 - 0.0736 - - 1769794786.207448721 1769794786.281006098 0
Jan 30 17:39:46 standalone container-server[126066]: 172.20.0.100 - - [30/Jan/2026:17:39:46 +0000] "PUT /d1/667/AUTH_a1e48568798a40f8b39bbf9d0c38113b/gnocchi.e0972a2b-588f-484a-985d-219307d9b072/none_v3" 201 - "PUT http://172.18.0.2:8080/d1/145/AUTH_a1e48568798a40f8b39bbf9d0c38113b/gnocchi.e0972a2b-588f-484a-985d-219307d9b072/none_v3" "tx17cac5c1e0a847f3b2401-00697cece2" "object-server 22" 0.0005 "-" 15 0
Jan 30 17:39:46 standalone object-server[126435]: 172.20.0.100 - - [30/Jan/2026:17:39:46 +0000] "PUT /d1/145/AUTH_a1e48568798a40f8b39bbf9d0c38113b/gnocchi.e0972a2b-588f-484a-985d-219307d9b072/none_v3" 201 - "PUT http://172.18.0.2:8080/v1/AUTH_a1e48568798a40f8b39bbf9d0c38113b/gnocchi.e0972a2b-588f-484a-985d-219307d9b072/none_v3" "tx17cac5c1e0a847f3b2401-00697cece2" "proxy-server 20" 0.0148 "-" 22 0
Jan 30 17:39:46 standalone proxy-server[128378]: 172.18.0.2 172.18.0.100 30/Jan/2026/17/39/46 PUT /v1/AUTH_a1e48568798a40f8b39bbf9d0c38113b/gnocchi.e0972a2b-588f-484a-985d-219307d9b072/none_v3 HTTP/1.0 201 - python-swiftclient-3.11.1 gAAAAABpfOxh1XDa... 48 - - tx17cac5c1e0a847f3b2401-00697cece2 - 0.0357 - - 1769794786.283773422 1769794786.319508791 0
Jan 30 17:39:46 standalone object-server[126441]: 172.20.0.100 - - [30/Jan/2026:17:39:46 +0000] "GET /d1/885/AUTH_a1e48568798a40f8b39bbf9d0c38113b/gnocchi.582153fe-2f68-45c3-ba11-d3e3532ecc19/none_v3" 200 33 "GET http://172.18.0.2:8080/v1/AUTH_a1e48568798a40f8b39bbf9d0c38113b/gnocchi.582153fe-2f68-45c3-ba11-d3e3532ecc19/none_v3" "txf2285a1435f64d08899eb-00697cece2" "proxy-server 20" 0.0009 "-" 23 0
Jan 30 17:39:46 standalone proxy-server[128378]: 172.18.0.2 172.18.0.100 30/Jan/2026/17/39/46 GET /v1/AUTH_a1e48568798a40f8b39bbf9d0c38113b/gnocchi.582153fe-2f68-45c3-ba11-d3e3532ecc19/none_v3 HTTP/1.0 200 - python-swiftclient-3.11.1 gAAAAABpfOxh1XDa... - 33 - txf2285a1435f64d08899eb-00697cece2 - 0.0083 - - 1769794786.345620394 1769794786.353878021 0
Jan 30 17:39:46 standalone container-server[126068]: 172.20.0.100 - - [30/Jan/2026:17:39:46 +0000] "GET /d1/607/AUTH_a1e48568798a40f8b39bbf9d0c38113b/gnocchi.582153fe-2f68-45c3-ba11-d3e3532ecc19" 200 357 "GET http://172.18.0.2:8080/v1/AUTH_a1e48568798a40f8b39bbf9d0c38113b/gnocchi.582153fe-2f68-45c3-ba11-d3e3532ecc19?format=json&states=listing" "tx5203e5aa22b94b62964cf-00697cece2" "proxy-server 20" 0.0115 "-" 16 0
Jan 30 17:39:46 standalone proxy-server[128378]: 172.18.0.2 172.18.0.100 30/Jan/2026/17/39/46 GET /v1/AUTH_a1e48568798a40f8b39bbf9d0c38113b/gnocchi.582153fe-2f68-45c3-ba11-d3e3532ecc19%3Fformat%3Djson%26states%3Dlisting HTTP/1.0 200 - python-swiftclient-3.11.1 gAAAAABpfOxh1XDa... - 357 - tx5203e5aa22b94b62964cf-00697cece2 - 0.0216 - - 1769794786.357387543 1769794786.378977537 0
Jan 30 17:39:46 standalone container-server[126068]: 172.20.0.100 - - [30/Jan/2026:17:39:46 +0000] "GET /d1/607/AUTH_a1e48568798a40f8b39bbf9d0c38113b/gnocchi.582153fe-2f68-45c3-ba11-d3e3532ecc19" 200 2 "GET http://172.18.0.2:8080/v1/AUTH_a1e48568798a40f8b39bbf9d0c38113b/gnocchi.582153fe-2f68-45c3-ba11-d3e3532ecc19?format=json&marker=none_v3&states=listing" "tx4c78567529c8447cb6d0e-00697cece2" "proxy-server 20" 0.0026 "-" 16 0
Jan 30 17:39:46 standalone proxy-server[128378]: 172.18.0.2 172.18.0.100 30/Jan/2026/17/39/46 GET /v1/AUTH_a1e48568798a40f8b39bbf9d0c38113b/gnocchi.582153fe-2f68-45c3-ba11-d3e3532ecc19%3Fformat%3Djson%26marker%3Dnone_v3%26states%3Dlisting HTTP/1.0 200 - python-swiftclient-3.11.1 gAAAAABpfOxh1XDa... - 2 - tx4c78567529c8447cb6d0e-00697cece2 - 0.0150 - - 1769794786.382088184 1769794786.397119284 0
Jan 30 17:39:46 standalone object-server[126450]: 172.20.0.100 - - [30/Jan/2026:17:39:46 +0000] "GET /d1/342/AUTH_a1e48568798a40f8b39bbf9d0c38113b/gnocchi.582153fe-2f68-45c3-ba11-d3e3532ecc19/1769040000.0_mean_300.0_v3" 200 16 "GET http://172.18.0.2:8080/v1/AUTH_a1e48568798a40f8b39bbf9d0c38113b/gnocchi.582153fe-2f68-45c3-ba11-d3e3532ecc19/1769040000.0_mean_300.0_v3" "tx8f8094e4e55c41b6b8991-00697cece2" "proxy-server 20" 0.0006 "-" 25 0
Jan 30 17:39:46 standalone proxy-server[128378]: 172.18.0.2 172.18.0.100 30/Jan/2026/17/39/46 GET /v1/AUTH_a1e48568798a40f8b39bbf9d0c38113b/gnocchi.582153fe-2f68-45c3-ba11-d3e3532ecc19/1769040000.0_mean_300.0_v3 HTTP/1.0 200 - python-swiftclient-3.11.1 gAAAAABpfOxh1XDa... - 16 - tx8f8094e4e55c41b6b8991-00697cece2 - 0.0060 - - 1769794786.399718046 1769794786.405688524 0
Jan 30 17:39:46 standalone container-server[126060]: 172.20.0.100 - - [30/Jan/2026:17:39:46 +0000] "PUT /d1/607/AUTH_a1e48568798a40f8b39bbf9d0c38113b/gnocchi.582153fe-2f68-45c3-ba11-d3e3532ecc19/1769040000.0_mean_300.0_v3" 201 - "PUT http://172.18.0.2:8080/d1/342/AUTH_a1e48568798a40f8b39bbf9d0c38113b/gnocchi.582153fe-2f68-45c3-ba11-d3e3532ecc19/1769040000.0_mean_300.0_v3" "txd781018447bc48d785c37-00697cece2" "object-server 22" 0.0010 "-" 14 0
Jan 30 17:39:46 standalone object-server[126435]: 172.20.0.100 - - [30/Jan/2026:17:39:46 +0000] "PUT /d1/342/AUTH_a1e48568798a40f8b39bbf9d0c38113b/gnocchi.582153fe-2f68-45c3-ba11-d3e3532ecc19/1769040000.0_mean_300.0_v3" 201 - "PUT http://172.18.0.2:8080/v1/AUTH_a1e48568798a40f8b39bbf9d0c38113b/gnocchi.582153fe-2f68-45c3-ba11-d3e3532ecc19/1769040000.0_mean_300.0_v3" "txd781018447bc48d785c37-00697cece2" "proxy-server 20" 0.0222 "-" 22 0
Jan 30 17:39:46 standalone proxy-server[128378]: 172.18.0.2 172.18.0.100 30/Jan/2026/17/39/46 PUT /v1/AUTH_a1e48568798a40f8b39bbf9d0c38113b/gnocchi.582153fe-2f68-45c3-ba11-d3e3532ecc19/1769040000.0_mean_300.0_v3 HTTP/1.0 201 - python-swiftclient-3.11.1 gAAAAABpfOxh1XDa... 16 - - txd781018447bc48d785c37-00697cece2 - 0.0270 - - 1769794786.407593012 1769794786.434594393 0
Jan 30 17:39:46 standalone container-server[126068]: 172.20.0.100 - - [30/Jan/2026:17:39:46 +0000] "PUT /d1/607/AUTH_a1e48568798a40f8b39bbf9d0c38113b/gnocchi.582153fe-2f68-45c3-ba11-d3e3532ecc19/none_v3" 201 - "PUT http://172.18.0.2:8080/d1/885/AUTH_a1e48568798a40f8b39bbf9d0c38113b/gnocchi.582153fe-2f68-45c3-ba11-d3e3532ecc19/none_v3" "txb38f0b925b03401e88ec9-00697cece2" "object-server 23" 0.0007 "-" 16 0
Jan 30 17:39:46 standalone object-server[126441]: 172.20.0.100 - - [30/Jan/2026:17:39:46 +0000] "PUT /d1/885/AUTH_a1e48568798a40f8b39bbf9d0c38113b/gnocchi.582153fe-2f68-45c3-ba11-d3e3532ecc19/none_v3" 201 - "PUT http://172.18.0.2:8080/v1/AUTH_a1e48568798a40f8b39bbf9d0c38113b/gnocchi.582153fe-2f68-45c3-ba11-d3e3532ecc19/none_v3" "txb38f0b925b03401e88ec9-00697cece2" "proxy-server 20" 0.0140 "-" 23 0
Jan 30 17:39:46 standalone proxy-server[128378]: 172.18.0.2 172.18.0.100 30/Jan/2026/17/39/46 PUT /v1/AUTH_a1e48568798a40f8b39bbf9d0c38113b/gnocchi.582153fe-2f68-45c3-ba11-d3e3532ecc19/none_v3 HTTP/1.0 201 - python-swiftclient-3.11.1 gAAAAABpfOxh1XDa... 48 - - txb38f0b925b03401e88ec9-00697cece2 - 0.0219 - - 1769794786.439244986 1769794786.461129427 0
Jan 30 17:39:47 standalone object-server[126450]: 172.20.0.100 - - [30/Jan/2026:17:39:47 +0000] "GET /d1/904/AUTH_a1e48568798a40f8b39bbf9d0c38113b/gnocchi.ab420f1c-6b81-48b8-83e4-7bf6fe1cd0d9/none_v3" 200 22 "GET http://172.18.0.2:8080/v1/AUTH_a1e48568798a40f8b39bbf9d0c38113b/gnocchi.ab420f1c-6b81-48b8-83e4-7bf6fe1cd0d9/none_v3" "tx9e85a4398a284dd88d882-00697cece3" "proxy-server 20" 0.0008 "-" 25 0
Jan 30 17:39:47 standalone proxy-server[128378]: 172.18.0.2 172.18.0.100 30/Jan/2026/17/39/47 GET /v1/AUTH_a1e48568798a40f8b39bbf9d0c38113b/gnocchi.ab420f1c-6b81-48b8-83e4-7bf6fe1cd0d9/none_v3 HTTP/1.0 200 - python-swiftclient-3.11.1 gAAAAABpfOxh1XDa... - 22 - tx9e85a4398a284dd88d882-00697cece3 - 0.0089 - - 1769794787.986269474 1769794787.995172501 0
Jan 30 17:39:48 standalone container-server[126060]: 172.20.0.100 - - [30/Jan/2026:17:39:48 +0000] "GET /d1/1008/AUTH_a1e48568798a40f8b39bbf9d0c38113b/gnocchi.ab420f1c-6b81-48b8-83e4-7bf6fe1cd0d9" 200 357 "GET http://172.18.0.2:8080/v1/AUTH_a1e48568798a40f8b39bbf9d0c38113b/gnocchi.ab420f1c-6b81-48b8-83e4-7bf6fe1cd0d9?format=json&states=listing" "tx7e03764036ac451998f5b-00697cece3" "proxy-server 20" 0.0082 "-" 14 0
Jan 30 17:39:48 standalone proxy-server[128378]: 172.18.0.2 172.18.0.100 30/Jan/2026/17/39/48 GET /v1/AUTH_a1e48568798a40f8b39bbf9d0c38113b/gnocchi.ab420f1c-6b81-48b8-83e4-7bf6fe1cd0d9%3Fformat%3Djson%26states%3Dlisting HTTP/1.0 200 - python-swiftclient-3.11.1 gAAAAABpfOxh1XDa... - 357 - tx7e03764036ac451998f5b-00697cece3 - 0.0162 - - 1769794787.998472452 1769794788.014675856 0
Jan 30 17:39:48 standalone container-server[126066]: 172.20.0.100 - - [30/Jan/2026:17:39:48 +0000] "GET /d1/1008/AUTH_a1e48568798a40f8b39bbf9d0c38113b/gnocchi.ab420f1c-6b81-48b8-83e4-7bf6fe1cd0d9" 200 2 "GET http://172.18.0.2:8080/v1/AUTH_a1e48568798a40f8b39bbf9d0c38113b/gnocchi.ab420f1c-6b81-48b8-83e4-7bf6fe1cd0d9?format=json&marker=none_v3&states=listing" "tx5029dfe4cff94503be0c1-00697cece4" "proxy-server 20" 0.0016 "-" 15 0
Jan 30 17:39:48 standalone proxy-server[128378]: 172.18.0.2 172.18.0.100 30/Jan/2026/17/39/48 GET /v1/AUTH_a1e48568798a40f8b39bbf9d0c38113b/gnocchi.ab420f1c-6b81-48b8-83e4-7bf6fe1cd0d9%3Fformat%3Djson%26marker%3Dnone_v3%26states%3Dlisting HTTP/1.0 200 - python-swiftclient-3.11.1 gAAAAABpfOxh1XDa... - 2 - tx5029dfe4cff94503be0c1-00697cece4 - 0.0128 - - 1769794788.016929388 1769794788.029758215 0
Jan 30 17:39:48 standalone object-server[126441]: 172.20.0.100 - - [30/Jan/2026:17:39:48 +0000] "GET /d1/249/AUTH_a1e48568798a40f8b39bbf9d0c38113b/gnocchi.ab420f1c-6b81-48b8-83e4-7bf6fe1cd0d9/1769040000.0_mean_300.0_v3" 200 16 "GET http://172.18.0.2:8080/v1/AUTH_a1e48568798a40f8b39bbf9d0c38113b/gnocchi.ab420f1c-6b81-48b8-83e4-7bf6fe1cd0d9/1769040000.0_mean_300.0_v3" "tx653b29d551564697ab29d-00697cece4" "proxy-server 20" 0.0011 "-" 23 0
Jan 30 17:39:48 standalone proxy-server[128378]: 172.18.0.2 172.18.0.100 30/Jan/2026/17/39/48 GET /v1/AUTH_a1e48568798a40f8b39bbf9d0c38113b/gnocchi.ab420f1c-6b81-48b8-83e4-7bf6fe1cd0d9/1769040000.0_mean_300.0_v3 HTTP/1.0 200 - python-swiftclient-3.11.1 gAAAAABpfOxh1XDa... - 16 - tx653b29d551564697ab29d-00697cece4 - 0.0091 - - 1769794788.032663107 1769794788.041800976 0
Jan 30 17:39:48 standalone container-server[126060]: 172.20.0.100 - - [30/Jan/2026:17:39:48 +0000] "PUT /d1/1008/AUTH_a1e48568798a40f8b39bbf9d0c38113b/gnocchi.ab420f1c-6b81-48b8-83e4-7bf6fe1cd0d9/1769040000.0_mean_300.0_v3" 201 - "PUT http://172.18.0.2:8080/d1/249/AUTH_a1e48568798a40f8b39bbf9d0c38113b/gnocchi.ab420f1c-6b81-48b8-83e4-7bf6fe1cd0d9/1769040000.0_mean_300.0_v3" "tx6d62600180474d119f726-00697cece4" "object-server 24" 0.0004 "-" 14 0
Jan 30 17:39:48 standalone object-server[126446]: 172.20.0.100 - - [30/Jan/2026:17:39:48 +0000] "PUT /d1/249/AUTH_a1e48568798a40f8b39bbf9d0c38113b/gnocchi.ab420f1c-6b81-48b8-83e4-7bf6fe1cd0d9/1769040000.0_mean_300.0_v3" 201 - "PUT http://172.18.0.2:8080/v1/AUTH_a1e48568798a40f8b39bbf9d0c38113b/gnocchi.ab420f1c-6b81-48b8-83e4-7bf6fe1cd0d9/1769040000.0_mean_300.0_v3" "tx6d62600180474d119f726-00697cece4" "proxy-server 20" 0.0092 "-" 24 0
Jan 30 17:39:48 standalone proxy-server[128378]: 172.18.0.2 172.18.0.100 30/Jan/2026/17/39/48 PUT /v1/AUTH_a1e48568798a40f8b39bbf9d0c38113b/gnocchi.ab420f1c-6b81-48b8-83e4-7bf6fe1cd0d9/1769040000.0_mean_300.0_v3 HTTP/1.0 201 - python-swiftclient-3.11.1 gAAAAABpfOxh1XDa... 16 - - tx6d62600180474d119f726-00697cece4 - 0.0164 - - 1769794788.044185400 1769794788.060609818 0
Jan 30 17:39:48 standalone container-server[126060]: 172.20.0.100 - - [30/Jan/2026:17:39:48 +0000] "PUT /d1/1008/AUTH_a1e48568798a40f8b39bbf9d0c38113b/gnocchi.ab420f1c-6b81-48b8-83e4-7bf6fe1cd0d9/none_v3" 201 - "PUT http://172.18.0.2:8080/d1/904/AUTH_a1e48568798a40f8b39bbf9d0c38113b/gnocchi.ab420f1c-6b81-48b8-83e4-7bf6fe1cd0d9/none_v3" "txee664f444c194393a2226-00697cece4" "object-server 24" 0.0004 "-" 14 0
Jan 30 17:39:48 standalone object-server[126446]: 172.20.0.100 - - [30/Jan/2026:17:39:48 +0000] "PUT /d1/904/AUTH_a1e48568798a40f8b39bbf9d0c38113b/gnocchi.ab420f1c-6b81-48b8-83e4-7bf6fe1cd0d9/none_v3" 201 - "PUT http://172.18.0.2:8080/v1/AUTH_a1e48568798a40f8b39bbf9d0c38113b/gnocchi.ab420f1c-6b81-48b8-83e4-7bf6fe1cd0d9/none_v3" "txee664f444c194393a2226-00697cece4" "proxy-server 20" 0.0128 "-" 24 0
Jan 30 17:39:48 standalone proxy-server[128378]: 172.18.0.2 172.18.0.100 30/Jan/2026/17/39/48 PUT /v1/AUTH_a1e48568798a40f8b39bbf9d0c38113b/gnocchi.ab420f1c-6b81-48b8-83e4-7bf6fe1cd0d9/none_v3 HTTP/1.0 201 - python-swiftclient-3.11.1 gAAAAABpfOxh1XDa... 31 - - txee664f444c194393a2226-00697cece4 - 0.0223 - - 1769794788.062900066 1769794788.085178852 0
Jan 30 17:39:50 standalone account-server[125934]: 172.20.0.100 - - [30/Jan/2026:17:39:50 +0000] "HEAD /d1/67/.expiring_objects" 404 - "HEAD http://localhost/v1/.expiring_objects?format=json" "tx8e5842a4a6714cc6b88b7-00697cece6" "proxy-server 2" 0.0007 "-" 23 -
Jan 30 17:39:50 standalone object-expirer[126161]: Pass completed in 0s; 0 objects expired (txn: tx8e5842a4a6714cc6b88b7-00697cece6)
Jan 30 17:39:56 standalone object-server[126309]: Begin object update sweep
Jan 30 17:39:56 standalone object-server[233531]: Object update sweep starting on /srv/node/d1 (pid: 14)
Jan 30 17:39:56 standalone object-server[233531]: Object update sweep completed on /srv/node/d1 in 0.00s seconds:, 0 successes, 0 failures, 0 quarantines, 0 unlinks, 0 errors, 0 redirects (pid: 14)
Jan 30 17:39:56 standalone object-server[233531]: Object update sweep of d1 completed: 0.00s, 0 successes, 0 failures, 0 quarantines, 0 unlinks, 0 errors, 0 redirects
Jan 30 17:39:56 standalone object-server[126309]: Object update sweep completed: 0.08s
Jan 30 17:40:03 standalone object-server[126441]: 172.20.0.100 - - [30/Jan/2026:17:40:03 +0000] "GET /d1/904/AUTH_a1e48568798a40f8b39bbf9d0c38113b/gnocchi.ab420f1c-6b81-48b8-83e4-7bf6fe1cd0d9/none_v3" 200 31 "GET http://172.18.0.2:8080/v1/AUTH_a1e48568798a40f8b39bbf9d0c38113b/gnocchi.ab420f1c-6b81-48b8-83e4-7bf6fe1cd0d9/none_v3" "tx417036eeb6a94cc4ad280-00697cecf3" "proxy-server 20" 0.0016 "-" 23 0
Jan 30 17:40:03 standalone proxy-server[128378]: 172.18.0.2 172.18.0.100 30/Jan/2026/17/40/03 GET /v1/AUTH_a1e48568798a40f8b39bbf9d0c38113b/gnocchi.ab420f1c-6b81-48b8-83e4-7bf6fe1cd0d9/none_v3 HTTP/1.0 200 - python-swiftclient-3.11.1 gAAAAABpfOxh1XDa... - 31 - tx417036eeb6a94cc4ad280-00697cecf3 - 0.0110 - - 1769794803.543505430 1769794803.554539919 0
Jan 30 17:40:03 standalone container-server[126074]: 172.20.0.100 - - [30/Jan/2026:17:40:03 +0000] "GET /d1/1008/AUTH_a1e48568798a40f8b39bbf9d0c38113b/gnocchi.ab420f1c-6b81-48b8-83e4-7bf6fe1cd0d9" 200 357 "GET http://172.18.0.2:8080/v1/AUTH_a1e48568798a40f8b39bbf9d0c38113b/gnocchi.ab420f1c-6b81-48b8-83e4-7bf6fe1cd0d9?format=json&states=listing" "tx94353c3243ca4d81815d8-00697cecf3" "proxy-server 20" 0.0151 "-" 17 0
Jan 30 17:40:03 standalone proxy-server[128378]: 172.18.0.2 172.18.0.100 30/Jan/2026/17/40/03 GET /v1/AUTH_a1e48568798a40f8b39bbf9d0c38113b/gnocchi.ab420f1c-6b81-48b8-83e4-7bf6fe1cd0d9%3Fformat%3Djson%26states%3Dlisting HTTP/1.0 200 - python-swiftclient-3.11.1 gAAAAABpfOxh1XDa... - 357 - tx94353c3243ca4d81815d8-00697cecf3 - 0.0259 - - 1769794803.559731245 1769794803.585626125 0
Jan 30 17:40:03 standalone container-server[126060]: 172.20.0.100 - - [30/Jan/2026:17:40:03 +0000] "GET /d1/1008/AUTH_a1e48568798a40f8b39bbf9d0c38113b/gnocchi.ab420f1c-6b81-48b8-83e4-7bf6fe1cd0d9" 200 2 "GET http://172.18.0.2:8080/v1/AUTH_a1e48568798a40f8b39bbf9d0c38113b/gnocchi.ab420f1c-6b81-48b8-83e4-7bf6fe1cd0d9?format=json&marker=none_v3&states=listing" "tx995eb9764af24a12b89d4-00697cecf3" "proxy-server 20" 0.0019 "-" 14 0
Jan 30 17:40:03 standalone proxy-server[128378]: 172.18.0.2 172.18.0.100 30/Jan/2026/17/40/03 GET /v1/AUTH_a1e48568798a40f8b39bbf9d0c38113b/gnocchi.ab420f1c-6b81-48b8-83e4-7bf6fe1cd0d9%3Fformat%3Djson%26marker%3Dnone_v3%26states%3Dlisting HTTP/1.0 200 - python-swiftclient-3.11.1 gAAAAABpfOxh1XDa... - 2 - tx995eb9764af24a12b89d4-00697cecf3 - 0.0126 - - 1769794803.590607643 1769794803.603248358 0
Jan 30 17:40:03 standalone object-server[126446]: 172.20.0.100 - - [30/Jan/2026:17:40:03 +0000] "GET /d1/249/AUTH_a1e48568798a40f8b39bbf9d0c38113b/gnocchi.ab420f1c-6b81-48b8-83e4-7bf6fe1cd0d9/1769040000.0_mean_300.0_v3" 200 16 "GET http://172.18.0.2:8080/v1/AUTH_a1e48568798a40f8b39bbf9d0c38113b/gnocchi.ab420f1c-6b81-48b8-83e4-7bf6fe1cd0d9/1769040000.0_mean_300.0_v3" "txaddb1555f449443980ba7-00697cecf3" "proxy-server 20" 0.0006 "-" 24 0
Jan 30 17:40:03 standalone proxy-server[128378]: 172.18.0.2 172.18.0.100 30/Jan/2026/17/40/03 GET /v1/AUTH_a1e48568798a40f8b39bbf9d0c38113b/gnocchi.ab420f1c-6b81-48b8-83e4-7bf6fe1cd0d9/1769040000.0_mean_300.0_v3 HTTP/1.0 200 - python-swiftclient-3.11.1 gAAAAABpfOxh1XDa... - 16 - txaddb1555f449443980ba7-00697cecf3 - 0.0139 - - 1769794803.609058380 1769794803.622944832 0
Jan 30 17:40:03 standalone container-server[126074]: 172.20.0.100 - - [30/Jan/2026:17:40:03 +0000] "PUT /d1/1008/AUTH_a1e48568798a40f8b39bbf9d0c38113b/gnocchi.ab420f1c-6b81-48b8-83e4-7bf6fe1cd0d9/1769040000.0_mean_300.0_v3" 201 - "PUT http://172.18.0.2:8080/d1/249/AUTH_a1e48568798a40f8b39bbf9d0c38113b/gnocchi.ab420f1c-6b81-48b8-83e4-7bf6fe1cd0d9/1769040000.0_mean_300.0_v3" "tx193d2d568baf41afa96e9-00697cecf3" "object-server 25" 0.0053 "-" 17 0
Jan 30 17:40:03 standalone object-server[126450]: 172.20.0.100 - - [30/Jan/2026:17:40:03 +0000] "PUT /d1/249/AUTH_a1e48568798a40f8b39bbf9d0c38113b/gnocchi.ab420f1c-6b81-48b8-83e4-7bf6fe1cd0d9/1769040000.0_mean_300.0_v3" 201 - "PUT http://172.18.0.2:8080/v1/AUTH_a1e48568798a40f8b39bbf9d0c38113b/gnocchi.ab420f1c-6b81-48b8-83e4-7bf6fe1cd0d9/1769040000.0_mean_300.0_v3" "tx193d2d568baf41afa96e9-00697cecf3" "proxy-server 20" 0.0147 "-" 25 0
Jan 30 17:40:03 standalone proxy-server[128378]: 172.18.0.2 172.18.0.100 30/Jan/2026/17/40/03 PUT /v1/AUTH_a1e48568798a40f8b39bbf9d0c38113b/gnocchi.ab420f1c-6b81-48b8-83e4-7bf6fe1cd0d9/1769040000.0_mean_300.0_v3 HTTP/1.0 201 - python-swiftclient-3.11.1 gAAAAABpfOxh1XDa... 23 - - tx193d2d568baf41afa96e9-00697cecf3 - 0.0211 - - 1769794803.626790047 1769794803.647926331 0
Jan 30 17:40:03 standalone container-server[126060]: 172.20.0.100 - - [30/Jan/2026:17:40:03 +0000] "PUT /d1/1008/AUTH_a1e48568798a40f8b39bbf9d0c38113b/gnocchi.ab420f1c-6b81-48b8-83e4-7bf6fe1cd0d9/none_v3" 201 - "PUT http://172.18.0.2:8080/d1/904/AUTH_a1e48568798a40f8b39bbf9d0c38113b/gnocchi.ab420f1c-6b81-48b8-83e4-7bf6fe1cd0d9/none_v3" "tx4e2b01737ab245b8a55c4-00697cecf3" "object-server 22" 0.0005 "-" 14 0
Jan 30 17:40:03 standalone object-server[126435]: 172.20.0.100 - - [30/Jan/2026:17:40:03 +0000] "PUT /d1/904/AUTH_a1e48568798a40f8b39bbf9d0c38113b/gnocchi.ab420f1c-6b81-48b8-83e4-7bf6fe1cd0d9/none_v3" 201 - "PUT http://172.18.0.2:8080/v1/AUTH_a1e48568798a40f8b39bbf9d0c38113b/gnocchi.ab420f1c-6b81-48b8-83e4-7bf6fe1cd0d9/none_v3" "tx4e2b01737ab245b8a55c4-00697cecf3" "proxy-server 20" 0.0139 "-" 22 0
Jan 30 17:40:03 standalone proxy-server[128378]: 172.18.0.2 172.18.0.100 30/Jan/2026/17/40/03 PUT /v1/AUTH_a1e48568798a40f8b39bbf9d0c38113b/gnocchi.ab420f1c-6b81-48b8-83e4-7bf6fe1cd0d9/none_v3 HTTP/1.0 201 - python-swiftclient-3.11.1 gAAAAABpfOxh1XDa... 22 - - tx4e2b01737ab245b8a55c4-00697cecf3 - 0.0210 - - 1769794803.654179811 1769794803.675156116 0
Jan 30 17:40:04 standalone object-server[126435]: 172.20.0.100 - - [30/Jan/2026:17:40:04 +0000] "GET /d1/904/AUTH_a1e48568798a40f8b39bbf9d0c38113b/gnocchi.ab420f1c-6b81-48b8-83e4-7bf6fe1cd0d9/none_v3" 200 22 "GET http://172.18.0.2:8080/v1/AUTH_a1e48568798a40f8b39bbf9d0c38113b/gnocchi.ab420f1c-6b81-48b8-83e4-7bf6fe1cd0d9/none_v3" "tx4febd6197d224c1a87b8a-00697cecf4" "proxy-server 20" 0.0009 "-" 22 0
Jan 30 17:40:04 standalone proxy-server[128378]: 172.18.0.2 172.18.0.100 30/Jan/2026/17/40/04 GET /v1/AUTH_a1e48568798a40f8b39bbf9d0c38113b/gnocchi.ab420f1c-6b81-48b8-83e4-7bf6fe1cd0d9/none_v3 HTTP/1.0 200 - python-swiftclient-3.11.1 gAAAAABpfOxh1XDa... - 22 - tx4febd6197d224c1a87b8a-00697cecf4 - 0.0104 - - 1769794804.283705711 1769794804.294074297 0
Jan 30 17:40:04 standalone container-server[126074]: 172.20.0.100 - - [30/Jan/2026:17:40:04 +0000] "GET /d1/1008/AUTH_a1e48568798a40f8b39bbf9d0c38113b/gnocchi.ab420f1c-6b81-48b8-83e4-7bf6fe1cd0d9" 200 357 "GET http://172.18.0.2:8080/v1/AUTH_a1e48568798a40f8b39bbf9d0c38113b/gnocchi.ab420f1c-6b81-48b8-83e4-7bf6fe1cd0d9?format=json&states=listing" "tx89c171abbb9841ec81c67-00697cecf4" "proxy-server 20" 0.0122 "-" 17 0
Jan 30 17:40:04 standalone proxy-server[128378]: 172.18.0.2 172.18.0.100 30/Jan/2026/17/40/04 GET /v1/AUTH_a1e48568798a40f8b39bbf9d0c38113b/gnocchi.ab420f1c-6b81-48b8-83e4-7bf6fe1cd0d9%3Fformat%3Djson%26states%3Dlisting HTTP/1.0 200 - python-swiftclient-3.11.1 gAAAAABpfOxh1XDa... - 357 - tx89c171abbb9841ec81c67-00697cecf4 - 0.0277 - - 1769794804.300468922 1769794804.328188658 0
Jan 30 17:40:04 standalone container-server[126074]: 172.20.0.100 - - [30/Jan/2026:17:40:04 +0000] "GET /d1/1008/AUTH_a1e48568798a40f8b39bbf9d0c38113b/gnocchi.ab420f1c-6b81-48b8-83e4-7bf6fe1cd0d9" 200 2 "GET http://172.18.0.2:8080/v1/AUTH_a1e48568798a40f8b39bbf9d0c38113b/gnocchi.ab420f1c-6b81-48b8-83e4-7bf6fe1cd0d9?format=json&marker=none_v3&states=listing" "txf659248847fd473aa6e15-00697cecf4" "proxy-server 20" 0.0032 "-" 17 0
Jan 30 17:40:04 standalone proxy-server[128378]: 172.18.0.2 172.18.0.100 30/Jan/2026/17/40/04 GET /v1/AUTH_a1e48568798a40f8b39bbf9d0c38113b/gnocchi.ab420f1c-6b81-48b8-83e4-7bf6fe1cd0d9%3Fformat%3Djson%26marker%3Dnone_v3%26states%3Dlisting HTTP/1.0 200 - python-swiftclient-3.11.1 gAAAAABpfOxh1XDa... - 2 - txf659248847fd473aa6e15-00697cecf4 - 0.0089 - - 1769794804.335795879 1769794804.344666481 0
Jan 30 17:40:04 standalone object-server[126435]: 172.20.0.100 - - [30/Jan/2026:17:40:04 +0000] "GET /d1/249/AUTH_a1e48568798a40f8b39bbf9d0c38113b/gnocchi.ab420f1c-6b81-48b8-83e4-7bf6fe1cd0d9/1769040000.0_mean_300.0_v3" 200 23 "GET http://172.18.0.2:8080/v1/AUTH_a1e48568798a40f8b39bbf9d0c38113b/gnocchi.ab420f1c-6b81-48b8-83e4-7bf6fe1cd0d9/1769040000.0_mean_300.0_v3" "tx77033bf7763a486b8ef80-00697cecf4" "proxy-server 20" 0.0006 "-" 22 0
Jan 30 17:40:04 standalone proxy-server[128378]: 172.18.0.2 172.18.0.100 30/Jan/2026/17/40/04 GET /v1/AUTH_a1e48568798a40f8b39bbf9d0c38113b/gnocchi.ab420f1c-6b81-48b8-83e4-7bf6fe1cd0d9/1769040000.0_mean_300.0_v3 HTTP/1.0 200 - python-swiftclient-3.11.1 gAAAAABpfOxh1XDa... - 23 - tx77033bf7763a486b8ef80-00697cecf4 - 0.0055 - - 1769794804.349151850 1769794804.354641438 0
Jan 30 17:40:04 standalone container-server[126074]: 172.20.0.100 - - [30/Jan/2026:17:40:04 +0000] "PUT /d1/1008/AUTH_a1e48568798a40f8b39bbf9d0c38113b/gnocchi.ab420f1c-6b81-48b8-83e4-7bf6fe1cd0d9/1769040000.0_mean_300.0_v3" 201 - "PUT http://172.18.0.2:8080/d1/249/AUTH_a1e48568798a40f8b39bbf9d0c38113b/gnocchi.ab420f1c-6b81-48b8-83e4-7bf6fe1cd0d9/1769040000.0_mean_300.0_v3" "txf6ac58ec7d5d42a59381c-00697cecf4" "object-server 24" 0.0007 "-" 17 0
Jan 30 17:40:04 standalone object-server[126446]: 172.20.0.100 - - [30/Jan/2026:17:40:04 +0000] "PUT /d1/249/AUTH_a1e48568798a40f8b39bbf9d0c38113b/gnocchi.ab420f1c-6b81-48b8-83e4-7bf6fe1cd0d9/1769040000.0_mean_300.0_v3" 201 - "PUT http://172.18.0.2:8080/v1/AUTH_a1e48568798a40f8b39bbf9d0c38113b/gnocchi.ab420f1c-6b81-48b8-83e4-7bf6fe1cd0d9/1769040000.0_mean_300.0_v3" "txf6ac58ec7d5d42a59381c-00697cecf4" "proxy-server 20" 0.0094 "-" 24 0
Jan 30 17:40:04 standalone proxy-server[128378]: 172.18.0.2 172.18.0.100 30/Jan/2026/17/40/04 PUT /v1/AUTH_a1e48568798a40f8b39bbf9d0c38113b/gnocchi.ab420f1c-6b81-48b8-83e4-7bf6fe1cd0d9/1769040000.0_mean_300.0_v3 HTTP/1.0 201 - python-swiftclient-3.11.1 gAAAAABpfOxh1XDa... 23 - - txf6ac58ec7d5d42a59381c-00697cecf4 - 0.0147 - - 1769794804.358890772 1769794804.373543501 0
Jan 30 17:40:04 standalone container-server[126060]: 172.20.0.100 - - [30/Jan/2026:17:40:04 +0000] "PUT /d1/1008/AUTH_a1e48568798a40f8b39bbf9d0c38113b/gnocchi.ab420f1c-6b81-48b8-83e4-7bf6fe1cd0d9/none_v3" 201 - "PUT http://172.18.0.2:8080/d1/904/AUTH_a1e48568798a40f8b39bbf9d0c38113b/gnocchi.ab420f1c-6b81-48b8-83e4-7bf6fe1cd0d9/none_v3" "tx1567a6b88ba942a7a8033-00697cecf4" "object-server 23" 0.0006 "-" 14 0
Jan 30 17:40:04 standalone object-server[126441]: 172.20.0.100 - - [30/Jan/2026:17:40:04 +0000] "PUT /d1/904/AUTH_a1e48568798a40f8b39bbf9d0c38113b/gnocchi.ab420f1c-6b81-48b8-83e4-7bf6fe1cd0d9/none_v3" 201 - "PUT http://172.18.0.2:8080/v1/AUTH_a1e48568798a40f8b39bbf9d0c38113b/gnocchi.ab420f1c-6b81-48b8-83e4-7bf6fe1cd0d9/none_v3" "tx1567a6b88ba942a7a8033-00697cecf4" "proxy-server 20" 0.0086 "-" 23 0
Jan 30 17:40:04 standalone proxy-server[128378]: 172.18.0.2 172.18.0.100 30/Jan/2026/17/40/04 PUT /v1/AUTH_a1e48568798a40f8b39bbf9d0c38113b/gnocchi.ab420f1c-6b81-48b8-83e4-7bf6fe1cd0d9/none_v3 HTTP/1.0 201 - python-swiftclient-3.11.1 gAAAAABpfOxh1XDa... 31 - - tx1567a6b88ba942a7a8033-00697cecf4 - 0.0134 - - 1769794804.376937866 1769794804.390305519 0
Jan 30 17:40:06 standalone container-server[126060]: 172.20.0.100 - - [30/Jan/2026:17:40:06 +0000] "HEAD /d1/271/AUTH_a1e48568798a40f8b39bbf9d0c38113b/gnocchi.fa4acb45-8fa2-4100-95e8-7534cbd4f994" 404 - "HEAD http://172.18.0.2:8080/v1/AUTH_a1e48568798a40f8b39bbf9d0c38113b/gnocchi.fa4acb45-8fa2-4100-95e8-7534cbd4f994?format=json&states=listing" "txc5681bbd3b574525b0550-00697cecf6" "proxy-server 20" 0.0013 "-" 14 0
Jan 30 17:40:06 standalone object-server[126435]: 172.20.0.100 - - [30/Jan/2026:17:40:06 +0000] "GET /d1/393/AUTH_a1e48568798a40f8b39bbf9d0c38113b/gnocchi.fa4acb45-8fa2-4100-95e8-7534cbd4f994/none_v3" 404 70 "GET http://172.18.0.2:8080/v1/AUTH_a1e48568798a40f8b39bbf9d0c38113b/gnocchi.fa4acb45-8fa2-4100-95e8-7534cbd4f994/none_v3" "txc5681bbd3b574525b0550-00697cecf6" "proxy-server 20" 0.0009 "-" 22 0
Jan 30 17:40:06 standalone proxy-server[128378]: 172.18.0.2 172.18.0.100 30/Jan/2026/17/40/06 GET /v1/AUTH_a1e48568798a40f8b39bbf9d0c38113b/gnocchi.fa4acb45-8fa2-4100-95e8-7534cbd4f994/none_v3 HTTP/1.0 404 - python-swiftclient-3.11.1 gAAAAABpfOxh1XDa... - 70 - txc5681bbd3b574525b0550-00697cecf6 - 0.0155 - - 1769794806.913197279 1769794806.928711653 0
Jan 30 17:40:06 standalone account-server[125929]: 172.20.0.100 - - [30/Jan/2026:17:40:06 +0000] "PUT /d1/377/AUTH_a1e48568798a40f8b39bbf9d0c38113b/gnocchi.fa4acb45-8fa2-4100-95e8-7534cbd4f994" 201 - "PUT http://172.20.0.100:6001/d1/271/AUTH_a1e48568798a40f8b39bbf9d0c38113b/gnocchi.fa4acb45-8fa2-4100-95e8-7534cbd4f994" "tx2238f985f4b34e7f9fb54-00697cecf6" "container-server 14" 0.0060 "-" 22 0
Jan 30 17:40:06 standalone container-server[126060]: 172.20.0.100 - - [30/Jan/2026:17:40:06 +0000] "PUT /d1/271/AUTH_a1e48568798a40f8b39bbf9d0c38113b/gnocchi.fa4acb45-8fa2-4100-95e8-7534cbd4f994" 201 - "PUT http://172.18.0.2:8080/v1/AUTH_a1e48568798a40f8b39bbf9d0c38113b/gnocchi.fa4acb45-8fa2-4100-95e8-7534cbd4f994" "tx2238f985f4b34e7f9fb54-00697cecf6" "proxy-server 20" 0.0244 "-" 14 0
Jan 30 17:40:06 standalone proxy-server[128378]: 172.18.0.2 172.18.0.100 30/Jan/2026/17/40/06 PUT /v1/AUTH_a1e48568798a40f8b39bbf9d0c38113b/gnocchi.fa4acb45-8fa2-4100-95e8-7534cbd4f994 HTTP/1.0 201 - python-swiftclient-3.11.1 gAAAAABpfOxh1XDa... - - - tx2238f985f4b34e7f9fb54-00697cecf6 - 0.0305 - - 1769794806.931378841 1769794806.961911201 0
Jan 30 17:40:06 standalone container-server[126066]: 172.20.0.100 - - [30/Jan/2026:17:40:06 +0000] "HEAD /d1/271/AUTH_a1e48568798a40f8b39bbf9d0c38113b/gnocchi.fa4acb45-8fa2-4100-95e8-7534cbd4f994" 204 - "HEAD http://172.18.0.2:8080/v1/AUTH_a1e48568798a40f8b39bbf9d0c38113b/gnocchi.fa4acb45-8fa2-4100-95e8-7534cbd4f994?format=json&states=listing" "tx1125325e69ef459398df7-00697cecf6" "proxy-server 20" 0.0019 "-" 15 0
Jan 30 17:40:06 standalone proxy-server[128378]: - - 30/Jan/2026/17/40/06 HEAD /v1/AUTH_a1e48568798a40f8b39bbf9d0c38113b/gnocchi.fa4acb45-8fa2-4100-95e8-7534cbd4f994%3Fformat%3Djson%26states%3Dlisting HTTP/1.0 204 - Swift - - - - tx1125325e69ef459398df7-00697cecf6 - 0.0059 RL - 1769794806.966041565 1769794806.971991539 0
Jan 30 17:40:06 standalone container-server[126060]: 172.20.0.100 - - [30/Jan/2026:17:40:06 +0000] "GET /d1/271/AUTH_a1e48568798a40f8b39bbf9d0c38113b/gnocchi.fa4acb45-8fa2-4100-95e8-7534cbd4f994" 200 2 "GET http://172.18.0.2:8080/v1/AUTH_a1e48568798a40f8b39bbf9d0c38113b/gnocchi.fa4acb45-8fa2-4100-95e8-7534cbd4f994?format=json&states=listing" "tx1125325e69ef459398df7-00697cecf6" "proxy-server 20" 0.0029 "-" 14 0
Jan 30 17:40:06 standalone proxy-server[128378]: 172.18.0.2 172.18.0.100 30/Jan/2026/17/40/06 GET /v1/AUTH_a1e48568798a40f8b39bbf9d0c38113b/gnocchi.fa4acb45-8fa2-4100-95e8-7534cbd4f994%3Fformat%3Djson%26states%3Dlisting HTTP/1.0 200 - python-swiftclient-3.11.1 gAAAAABpfOxh1XDa... - 2 - tx1125325e69ef459398df7-00697cecf6 - 0.0166 - - 1769794806.964703083 1769794806.981326818 0
Jan 30 17:40:06 standalone object-server[126450]: 172.20.0.100 - - [30/Jan/2026:17:40:06 +0000] "GET /d1/558/AUTH_a1e48568798a40f8b39bbf9d0c38113b/gnocchi.fa4acb45-8fa2-4100-95e8-7534cbd4f994/1769040000.0_mean_300.0_v3" 404 70 "GET http://172.18.0.2:8080/v1/AUTH_a1e48568798a40f8b39bbf9d0c38113b/gnocchi.fa4acb45-8fa2-4100-95e8-7534cbd4f994/1769040000.0_mean_300.0_v3" "txfda1513684ed431a89f93-00697cecf6" "proxy-server 20" 0.0004 "-" 25 0
Jan 30 17:40:06 standalone proxy-server[128378]: 172.18.0.2 172.18.0.100 30/Jan/2026/17/40/06 GET /v1/AUTH_a1e48568798a40f8b39bbf9d0c38113b/gnocchi.fa4acb45-8fa2-4100-95e8-7534cbd4f994/1769040000.0_mean_300.0_v3 HTTP/1.0 404 - python-swiftclient-3.11.1 gAAAAABpfOxh1XDa... - 70 - txfda1513684ed431a89f93-00697cecf6 - 0.0063 - - 1769794806.983800650 1769794806.990066290 0
Jan 30 17:40:07 standalone container-server[126068]: 172.20.0.100 - - [30/Jan/2026:17:40:07 +0000] "PUT /d1/271/AUTH_a1e48568798a40f8b39bbf9d0c38113b/gnocchi.fa4acb45-8fa2-4100-95e8-7534cbd4f994/1769040000.0_mean_300.0_v3" 201 - "PUT http://172.18.0.2:8080/d1/558/AUTH_a1e48568798a40f8b39bbf9d0c38113b/gnocchi.fa4acb45-8fa2-4100-95e8-7534cbd4f994/1769040000.0_mean_300.0_v3" "tx8ffc169e3fba48ca949ad-00697cecf6" "object-server 22" 0.0006 "-" 16 0
Jan 30 17:40:07 standalone object-server[126435]: 172.20.0.100 - - [30/Jan/2026:17:40:07 +0000] "PUT /d1/558/AUTH_a1e48568798a40f8b39bbf9d0c38113b/gnocchi.fa4acb45-8fa2-4100-95e8-7534cbd4f994/1769040000.0_mean_300.0_v3" 201 - "PUT http://172.18.0.2:8080/v1/AUTH_a1e48568798a40f8b39bbf9d0c38113b/gnocchi.fa4acb45-8fa2-4100-95e8-7534cbd4f994/1769040000.0_mean_300.0_v3" "tx8ffc169e3fba48ca949ad-00697cecf6" "proxy-server 20" 0.0109 "-" 22 0
Jan 30 17:40:07 standalone proxy-server[128378]: 172.18.0.2 172.18.0.100 30/Jan/2026/17/40/07 PUT /v1/AUTH_a1e48568798a40f8b39bbf9d0c38113b/gnocchi.fa4acb45-8fa2-4100-95e8-7534cbd4f994/1769040000.0_mean_300.0_v3 HTTP/1.0 201 - python-swiftclient-3.11.1 gAAAAABpfOxh1XDa... 16 - - tx8ffc169e3fba48ca949ad-00697cecf6 - 0.0173 - - 1769794806.992044449 1769794807.009324789 0
Jan 30 17:40:07 standalone container-server[126066]: 172.20.0.100 - - [30/Jan/2026:17:40:07 +0000] "PUT /d1/271/AUTH_a1e48568798a40f8b39bbf9d0c38113b/gnocchi.fa4acb45-8fa2-4100-95e8-7534cbd4f994/none_v3" 201 - "PUT http://172.18.0.2:8080/d1/393/AUTH_a1e48568798a40f8b39bbf9d0c38113b/gnocchi.fa4acb45-8fa2-4100-95e8-7534cbd4f994/none_v3" "tx44c8e290bfe54491a4844-00697cecf7" "object-server 24" 0.0009 "-" 15 0
Jan 30 17:40:07 standalone object-server[126446]: 172.20.0.100 - - [30/Jan/2026:17:40:07 +0000] "PUT /d1/393/AUTH_a1e48568798a40f8b39bbf9d0c38113b/gnocchi.fa4acb45-8fa2-4100-95e8-7534cbd4f994/none_v3" 201 - "PUT http://172.18.0.2:8080/v1/AUTH_a1e48568798a40f8b39bbf9d0c38113b/gnocchi.fa4acb45-8fa2-4100-95e8-7534cbd4f994/none_v3" "tx44c8e290bfe54491a4844-00697cecf7" "proxy-server 20" 0.0102 "-" 24 0
Jan 30 17:40:07 standalone proxy-server[128378]: 172.18.0.2 172.18.0.100 30/Jan/2026/17/40/07 PUT /v1/AUTH_a1e48568798a40f8b39bbf9d0c38113b/gnocchi.fa4acb45-8fa2-4100-95e8-7534cbd4f994/none_v3 HTTP/1.0 201 - python-swiftclient-3.11.1 gAAAAABpfOxh1XDa... 22 - - tx44c8e290bfe54491a4844-00697cecf7 - 0.0183 - - 1769794807.011616707 1769794807.029940844 0
Jan 30 17:40:07 standalone container-server[126066]: 172.20.0.100 - - [30/Jan/2026:17:40:07 +0000] "HEAD /d1/283/AUTH_a1e48568798a40f8b39bbf9d0c38113b/gnocchi.2134cb08-d748-44ff-be1e-28d1611fc81b" 404 - "HEAD http://172.18.0.2:8080/v1/AUTH_a1e48568798a40f8b39bbf9d0c38113b/gnocchi.2134cb08-d748-44ff-be1e-28d1611fc81b?format=json&states=listing" "tx6b339418349d42418dad6-00697cecf7" "proxy-server 20" 0.0004 "-" 15 0
Jan 30 17:40:07 standalone object-server[126446]: 172.20.0.100 - - [30/Jan/2026:17:40:07 +0000] "GET /d1/710/AUTH_a1e48568798a40f8b39bbf9d0c38113b/gnocchi.2134cb08-d748-44ff-be1e-28d1611fc81b/none_v3" 404 70 "GET http://172.18.0.2:8080/v1/AUTH_a1e48568798a40f8b39bbf9d0c38113b/gnocchi.2134cb08-d748-44ff-be1e-28d1611fc81b/none_v3" "tx6b339418349d42418dad6-00697cecf7" "proxy-server 20" 0.0004 "-" 24 0
Jan 30 17:40:07 standalone proxy-server[128378]: 172.18.0.2 172.18.0.100 30/Jan/2026/17/40/07 GET /v1/AUTH_a1e48568798a40f8b39bbf9d0c38113b/gnocchi.2134cb08-d748-44ff-be1e-28d1611fc81b/none_v3 HTTP/1.0 404 - python-swiftclient-3.11.1 gAAAAABpfOxh1XDa... - 70 - tx6b339418349d42418dad6-00697cecf7 - 0.0189 - - 1769794807.038050652 1769794807.056954622 0
Jan 30 17:40:07 standalone account-server[125929]: 172.20.0.100 - - [30/Jan/2026:17:40:07 +0000] "PUT /d1/377/AUTH_a1e48568798a40f8b39bbf9d0c38113b/gnocchi.2134cb08-d748-44ff-be1e-28d1611fc81b" 201 - "PUT http://172.20.0.100:6001/d1/283/AUTH_a1e48568798a40f8b39bbf9d0c38113b/gnocchi.2134cb08-d748-44ff-be1e-28d1611fc81b" "tx6751a03a17ee43c7b2fcc-00697cecf7" "container-server 16" 0.0057 "-" 22 0
Jan 30 17:40:07 standalone container-server[126068]: 172.20.0.100 - - [30/Jan/2026:17:40:07 +0000] "PUT /d1/283/AUTH_a1e48568798a40f8b39bbf9d0c38113b/gnocchi.2134cb08-d748-44ff-be1e-28d1611fc81b" 201 - "PUT http://172.18.0.2:8080/v1/AUTH_a1e48568798a40f8b39bbf9d0c38113b/gnocchi.2134cb08-d748-44ff-be1e-28d1611fc81b" "tx6751a03a17ee43c7b2fcc-00697cecf7" "proxy-server 20" 0.0157 "-" 16 0
Jan 30 17:40:07 standalone proxy-server[128378]: 172.18.0.2 172.18.0.100 30/Jan/2026/17/40/07 PUT /v1/AUTH_a1e48568798a40f8b39bbf9d0c38113b/gnocchi.2134cb08-d748-44ff-be1e-28d1611fc81b HTTP/1.0 201 - python-swiftclient-3.11.1 gAAAAABpfOxh1XDa... - - - tx6751a03a17ee43c7b2fcc-00697cecf7 - 0.0227 - - 1769794807.059440136 1769794807.082139492 0
Jan 30 17:40:07 standalone container-server[126074]: 172.20.0.100 - - [30/Jan/2026:17:40:07 +0000] "HEAD /d1/283/AUTH_a1e48568798a40f8b39bbf9d0c38113b/gnocchi.2134cb08-d748-44ff-be1e-28d1611fc81b" 204 - "HEAD http://172.18.0.2:8080/v1/AUTH_a1e48568798a40f8b39bbf9d0c38113b/gnocchi.2134cb08-d748-44ff-be1e-28d1611fc81b?format=json&states=listing" "tx38e87ad5ec4b4f18ac000-00697cecf7" "proxy-server 20" 0.0033 "-" 17 0
Jan 30 17:40:07 standalone proxy-server[128378]: - - 30/Jan/2026/17/40/07 HEAD /v1/AUTH_a1e48568798a40f8b39bbf9d0c38113b/gnocchi.2134cb08-d748-44ff-be1e-28d1611fc81b%3Fformat%3Djson%26states%3Dlisting HTTP/1.0 204 - Swift - - - - tx38e87ad5ec4b4f18ac000-00697cecf7 - 0.0087 RL - 1769794807.087368965 1769794807.096075773 0
Jan 30 17:40:07 standalone container-server[126060]: 172.20.0.100 - - [30/Jan/2026:17:40:07 +0000] "GET /d1/283/AUTH_a1e48568798a40f8b39bbf9d0c38113b/gnocchi.2134cb08-d748-44ff-be1e-28d1611fc81b" 200 2 "GET http://172.18.0.2:8080/v1/AUTH_a1e48568798a40f8b39bbf9d0c38113b/gnocchi.2134cb08-d748-44ff-be1e-28d1611fc81b?format=json&states=listing" "tx38e87ad5ec4b4f18ac000-00697cecf7" "proxy-server 20" 0.0035 "-" 14 0
Jan 30 17:40:07 standalone proxy-server[128378]: 172.18.0.2 172.18.0.100 30/Jan/2026/17/40/07 GET /v1/AUTH_a1e48568798a40f8b39bbf9d0c38113b/gnocchi.2134cb08-d748-44ff-be1e-28d1611fc81b%3Fformat%3Djson%26states%3Dlisting HTTP/1.0 200 - python-swiftclient-3.11.1 gAAAAABpfOxh1XDa... - 2 - tx38e87ad5ec4b4f18ac000-00697cecf7 - 0.0238 - - 1769794807.085399151 1769794807.109168291 0
Jan 30 17:40:07 standalone object-server[126446]: 172.20.0.100 - - [30/Jan/2026:17:40:07 +0000] "GET /d1/378/AUTH_a1e48568798a40f8b39bbf9d0c38113b/gnocchi.2134cb08-d748-44ff-be1e-28d1611fc81b/1769040000.0_mean_300.0_v3" 404 70 "GET http://172.18.0.2:8080/v1/AUTH_a1e48568798a40f8b39bbf9d0c38113b/gnocchi.2134cb08-d748-44ff-be1e-28d1611fc81b/1769040000.0_mean_300.0_v3" "tx1a346b2f1d52449fbbfdc-00697cecf7" "proxy-server 20" 0.0005 "-" 24 0
Jan 30 17:40:07 standalone proxy-server[128378]: 172.18.0.2 172.18.0.100 30/Jan/2026/17/40/07 GET /v1/AUTH_a1e48568798a40f8b39bbf9d0c38113b/gnocchi.2134cb08-d748-44ff-be1e-28d1611fc81b/1769040000.0_mean_300.0_v3 HTTP/1.0 404 - python-swiftclient-3.11.1 gAAAAABpfOxh1XDa... - 70 - tx1a346b2f1d52449fbbfdc-00697cecf7 - 0.0077 - - 1769794807.112729073 1769794807.120444298 0
Jan 30 17:40:07 standalone container-server[126060]: 172.20.0.100 - - [30/Jan/2026:17:40:07 +0000] "PUT /d1/283/AUTH_a1e48568798a40f8b39bbf9d0c38113b/gnocchi.2134cb08-d748-44ff-be1e-28d1611fc81b/1769040000.0_mean_300.0_v3" 201 - "PUT http://172.18.0.2:8080/d1/378/AUTH_a1e48568798a40f8b39bbf9d0c38113b/gnocchi.2134cb08-d748-44ff-be1e-28d1611fc81b/1769040000.0_mean_300.0_v3" "txa172fa83a44b48e8b61ef-00697cecf7" "object-server 24" 0.0008 "-" 14 0
Jan 30 17:40:07 standalone object-server[126446]: 172.20.0.100 - - [30/Jan/2026:17:40:07 +0000] "PUT /d1/378/AUTH_a1e48568798a40f8b39bbf9d0c38113b/gnocchi.2134cb08-d748-44ff-be1e-28d1611fc81b/1769040000.0_mean_300.0_v3" 201 - "PUT http://172.18.0.2:8080/v1/AUTH_a1e48568798a40f8b39bbf9d0c38113b/gnocchi.2134cb08-d748-44ff-be1e-28d1611fc81b/1769040000.0_mean_300.0_v3" "txa172fa83a44b48e8b61ef-00697cecf7" "proxy-server 20" 0.0164 "-" 24 0
Jan 30 17:40:07 standalone proxy-server[128378]: 172.18.0.2 172.18.0.100 30/Jan/2026/17/40/07 PUT /v1/AUTH_a1e48568798a40f8b39bbf9d0c38113b/gnocchi.2134cb08-d748-44ff-be1e-28d1611fc81b/1769040000.0_mean_300.0_v3 HTTP/1.0 201 - python-swiftclient-3.11.1 gAAAAABpfOxh1XDa... 16 - - txa172fa83a44b48e8b61ef-00697cecf7 - 0.0414 - - 1769794807.125216722 1769794807.166624069 0
Jan 30 17:40:07 standalone container-server[126066]: 172.20.0.100 - - [30/Jan/2026:17:40:07 +0000] "PUT /d1/283/AUTH_a1e48568798a40f8b39bbf9d0c38113b/gnocchi.2134cb08-d748-44ff-be1e-28d1611fc81b/none_v3" 201 - "PUT http://172.18.0.2:8080/d1/710/AUTH_a1e48568798a40f8b39bbf9d0c38113b/gnocchi.2134cb08-d748-44ff-be1e-28d1611fc81b/none_v3" "txe4252f5d69e2448e92114-00697cecf7" "object-server 25" 0.0008 "-" 15 0
Jan 30 17:40:07 standalone object-server[126450]: 172.20.0.100 - - [30/Jan/2026:17:40:07 +0000] "PUT /d1/710/AUTH_a1e48568798a40f8b39bbf9d0c38113b/gnocchi.2134cb08-d748-44ff-be1e-28d1611fc81b/none_v3" 201 - "PUT http://172.18.0.2:8080/v1/AUTH_a1e48568798a40f8b39bbf9d0c38113b/gnocchi.2134cb08-d748-44ff-be1e-28d1611fc81b/none_v3" "txe4252f5d69e2448e92114-00697cecf7" "proxy-server 20" 0.0138 "-" 25 0
Jan 30 17:40:07 standalone proxy-server[128378]: 172.18.0.2 172.18.0.100 30/Jan/2026/17/40/07 PUT /v1/AUTH_a1e48568798a40f8b39bbf9d0c38113b/gnocchi.2134cb08-d748-44ff-be1e-28d1611fc81b/none_v3 HTTP/1.0 201 - python-swiftclient-3.11.1 gAAAAABpfOxh1XDa... 22 - - txe4252f5d69e2448e92114-00697cecf7 - 0.0264 - - 1769794807.198767900 1769794807.225137234 0
Jan 30 17:40:07 standalone container-server[126060]: 172.20.0.100 - - [30/Jan/2026:17:40:07 +0000] "HEAD /d1/24/AUTH_a1e48568798a40f8b39bbf9d0c38113b/gnocchi.a67be71d-9ebc-4ec0-a8d4-ffb3437a6083" 404 - "HEAD http://172.18.0.2:8080/v1/AUTH_a1e48568798a40f8b39bbf9d0c38113b/gnocchi.a67be71d-9ebc-4ec0-a8d4-ffb3437a6083?format=json&states=listing" "txa4ef7295191a4791b8bda-00697cecf7" "proxy-server 20" 0.0005 "-" 14 0
Jan 30 17:40:07 standalone object-server[126435]: 172.20.0.100 - - [30/Jan/2026:17:40:07 +0000] "GET /d1/316/AUTH_a1e48568798a40f8b39bbf9d0c38113b/gnocchi.a67be71d-9ebc-4ec0-a8d4-ffb3437a6083/none_v3" 404 70 "GET http://172.18.0.2:8080/v1/AUTH_a1e48568798a40f8b39bbf9d0c38113b/gnocchi.a67be71d-9ebc-4ec0-a8d4-ffb3437a6083/none_v3" "txa4ef7295191a4791b8bda-00697cecf7" "proxy-server 20" 0.0006 "-" 22 0
Jan 30 17:40:07 standalone proxy-server[128378]: 172.18.0.2 172.18.0.100 30/Jan/2026/17/40/07 GET /v1/AUTH_a1e48568798a40f8b39bbf9d0c38113b/gnocchi.a67be71d-9ebc-4ec0-a8d4-ffb3437a6083/none_v3 HTTP/1.0 404 - python-swiftclient-3.11.1 gAAAAABpfOxh1XDa... - 70 - txa4ef7295191a4791b8bda-00697cecf7 - 0.0148 - - 1769794807.238147259 1769794807.252904654 0
Jan 30 17:40:07 standalone account-server[125929]: 172.20.0.100 - - [30/Jan/2026:17:40:07 +0000] "PUT /d1/377/AUTH_a1e48568798a40f8b39bbf9d0c38113b/gnocchi.a67be71d-9ebc-4ec0-a8d4-ffb3437a6083" 201 - "PUT http://172.20.0.100:6001/d1/24/AUTH_a1e48568798a40f8b39bbf9d0c38113b/gnocchi.a67be71d-9ebc-4ec0-a8d4-ffb3437a6083" "tx276a81d878754e288454c-00697cecf7" "container-server 16" 0.0056 "-" 22 0
Jan 30 17:40:07 standalone container-server[126068]: 172.20.0.100 - - [30/Jan/2026:17:40:07 +0000] "PUT /d1/24/AUTH_a1e48568798a40f8b39bbf9d0c38113b/gnocchi.a67be71d-9ebc-4ec0-a8d4-ffb3437a6083" 201 - "PUT http://172.18.0.2:8080/v1/AUTH_a1e48568798a40f8b39bbf9d0c38113b/gnocchi.a67be71d-9ebc-4ec0-a8d4-ffb3437a6083" "tx276a81d878754e288454c-00697cecf7" "proxy-server 20" 0.0185 "-" 16 0
Jan 30 17:40:07 standalone proxy-server[128378]: 172.18.0.2 172.18.0.100 30/Jan/2026/17/40/07 PUT /v1/AUTH_a1e48568798a40f8b39bbf9d0c38113b/gnocchi.a67be71d-9ebc-4ec0-a8d4-ffb3437a6083 HTTP/1.0 201 - python-swiftclient-3.11.1 gAAAAABpfOxh1XDa... - - - tx276a81d878754e288454c-00697cecf7 - 0.0232 - - 1769794807.254889011 1769794807.278100491 0
Jan 30 17:40:07 standalone container-server[126066]: 172.20.0.100 - - [30/Jan/2026:17:40:07 +0000] "HEAD /d1/24/AUTH_a1e48568798a40f8b39bbf9d0c38113b/gnocchi.a67be71d-9ebc-4ec0-a8d4-ffb3437a6083" 204 - "HEAD http://172.18.0.2:8080/v1/AUTH_a1e48568798a40f8b39bbf9d0c38113b/gnocchi.a67be71d-9ebc-4ec0-a8d4-ffb3437a6083?format=json&states=listing" "txb7bc9d10321645a6a0eb9-00697cecf7" "proxy-server 20" 0.0025 "-" 15 0
Jan 30 17:40:07 standalone proxy-server[128378]: - - 30/Jan/2026/17/40/07 HEAD /v1/AUTH_a1e48568798a40f8b39bbf9d0c38113b/gnocchi.a67be71d-9ebc-4ec0-a8d4-ffb3437a6083%3Fformat%3Djson%26states%3Dlisting HTTP/1.0 204 - Swift - - - - txb7bc9d10321645a6a0eb9-00697cecf7 - 0.0057 RL - 1769794807.281413555 1769794807.287101269 0
Jan 30 17:40:07 standalone container-server[126074]: 172.20.0.100 - - [30/Jan/2026:17:40:07 +0000] "GET /d1/24/AUTH_a1e48568798a40f8b39bbf9d0c38113b/gnocchi.a67be71d-9ebc-4ec0-a8d4-ffb3437a6083" 200 2 "GET http://172.18.0.2:8080/v1/AUTH_a1e48568798a40f8b39bbf9d0c38113b/gnocchi.a67be71d-9ebc-4ec0-a8d4-ffb3437a6083?format=json&states=listing" "txb7bc9d10321645a6a0eb9-00697cecf7" "proxy-server 20" 0.0023 "-" 17 0
Jan 30 17:40:07 standalone proxy-server[128378]: 172.18.0.2 172.18.0.100 30/Jan/2026/17/40/07 GET /v1/AUTH_a1e48568798a40f8b39bbf9d0c38113b/gnocchi.a67be71d-9ebc-4ec0-a8d4-ffb3437a6083%3Fformat%3Djson%26states%3Dlisting HTTP/1.0 200 - python-swiftclient-3.11.1 gAAAAABpfOxh1XDa... - 2 - txb7bc9d10321645a6a0eb9-00697cecf7 - 0.0155 - - 1769794807.280467987 1769794807.295974970 0
Jan 30 17:40:07 standalone object-server[126441]: 172.20.0.100 - - [30/Jan/2026:17:40:07 +0000] "GET /d1/94/AUTH_a1e48568798a40f8b39bbf9d0c38113b/gnocchi.a67be71d-9ebc-4ec0-a8d4-ffb3437a6083/1769040000.0_mean_300.0_v3" 404 70 "GET http://172.18.0.2:8080/v1/AUTH_a1e48568798a40f8b39bbf9d0c38113b/gnocchi.a67be71d-9ebc-4ec0-a8d4-ffb3437a6083/1769040000.0_mean_300.0_v3" "tx57c38b9eb3ea453bb9ab2-00697cecf7" "proxy-server 20" 0.0007 "-" 23 0
Jan 30 17:40:07 standalone proxy-server[128378]: 172.18.0.2 172.18.0.100 30/Jan/2026/17/40/07 GET /v1/AUTH_a1e48568798a40f8b39bbf9d0c38113b/gnocchi.a67be71d-9ebc-4ec0-a8d4-ffb3437a6083/1769040000.0_mean_300.0_v3 HTTP/1.0 404 - python-swiftclient-3.11.1 gAAAAABpfOxh1XDa... - 70 - tx57c38b9eb3ea453bb9ab2-00697cecf7 - 0.0119 - - 1769794807.298781395 1769794807.310708761 0
Jan 30 17:40:07 standalone container-server[126068]: 172.20.0.100 - - [30/Jan/2026:17:40:07 +0000] "PUT /d1/24/AUTH_a1e48568798a40f8b39bbf9d0c38113b/gnocchi.a67be71d-9ebc-4ec0-a8d4-ffb3437a6083/1769040000.0_mean_300.0_v3" 201 - "PUT http://172.18.0.2:8080/d1/94/AUTH_a1e48568798a40f8b39bbf9d0c38113b/gnocchi.a67be71d-9ebc-4ec0-a8d4-ffb3437a6083/1769040000.0_mean_300.0_v3" "txf7a25950fe6a489d8f39e-00697cecf7" "object-server 22" 0.0007 "-" 16 0
Jan 30 17:40:07 standalone object-server[126435]: 172.20.0.100 - - [30/Jan/2026:17:40:07 +0000] "PUT /d1/94/AUTH_a1e48568798a40f8b39bbf9d0c38113b/gnocchi.a67be71d-9ebc-4ec0-a8d4-ffb3437a6083/1769040000.0_mean_300.0_v3" 201 - "PUT http://172.18.0.2:8080/v1/AUTH_a1e48568798a40f8b39bbf9d0c38113b/gnocchi.a67be71d-9ebc-4ec0-a8d4-ffb3437a6083/1769040000.0_mean_300.0_v3" "txf7a25950fe6a489d8f39e-00697cecf7" "proxy-server 20" 0.0133 "-" 22 0
