Jan 30 17:25:49 standalone account-server[125730]: Starting 2
Jan 30 17:25:49 standalone account-server[125769]: Started child 20 from parent 2
Jan 30 17:25:49 standalone account-server[125769]: Started child 21 from parent 2
Jan 30 17:25:49 standalone account-server[125769]: Started child 22 from parent 2
Jan 30 17:25:49 standalone account-server[125769]: Started child 23 from parent 2
Jan 30 17:25:49 standalone container-server[125724]: Option allow_versions is deprecated. Configure the versioned_writes middleware in the proxy-server instead. This option will be ignored in a future release.
Jan 30 17:25:49 standalone container-server[126060]: Option allow_versions is deprecated. Configure the versioned_writes middleware in the proxy-server instead. This option will be ignored in a future release.
Jan 30 17:25:49 standalone container-server[125724]: Started child 14 from parent 2
Jan 30 17:25:49 standalone container-server[126066]: Option allow_versions is deprecated. Configure the versioned_writes middleware in the proxy-server instead. This option will be ignored in a future release.
Jan 30 17:25:49 standalone container-server[125724]: Started child 15 from parent 2
Jan 30 17:25:49 standalone container-server[126068]: Option allow_versions is deprecated. Configure the versioned_writes middleware in the proxy-server instead. This option will be ignored in a future release.
Jan 30 17:25:49 standalone container-server[125724]: Started child 16 from parent 2
Jan 30 17:25:49 standalone container-server[126074]: Option allow_versions is deprecated. Configure the versioned_writes middleware in the proxy-server instead. This option will be ignored in a future release.
Jan 30 17:25:49 standalone container-server[125724]: Started child 17 from parent 2
Jan 30 17:25:50 standalone object-expirer[126161]: Starting 2
Jan 30 17:25:50 standalone object-expirer[126161]: Option auto_create_account_prefix is deprecated. Configure auto_create_account_prefix under the swift-constraints section of swift.conf. This option will be ignored in a future release.
Jan 30 17:25:50 standalone container-server[126162]: Starting 2
Jan 30 17:25:50 standalone object-server[126184]: Started child 22 from parent 2
Jan 30 17:25:50 standalone object-server[126184]: Started child 23 from parent 2
Jan 30 17:25:50 standalone object-server[126184]: Started child 24 from parent 2
Jan 30 17:25:50 standalone object-server[126309]: Starting 2
Jan 30 17:25:50 standalone object-server[126184]: Started child 25 from parent 2
Jan 30 17:25:56 standalone proxy-server[128228]: Starting Keystone auth_token middleware
Jan 30 17:25:56 standalone proxy-server[128228]: AuthToken middleware is set with keystone_authtoken.service_token_roles_required set to False. This is backwards compatible but deprecated behaviour. Please set this to True.
Jan 30 17:25:57 standalone proxy-server[128378]: Starting Keystone auth_token middleware
Jan 30 17:25:57 standalone proxy-server[128378]: STDERR: The option "bind_port" is not known to keystonemiddleware
Jan 30 17:25:57 standalone proxy-server[128378]: STDERR: The option "workers" is not known to keystonemiddleware
Jan 30 17:25:57 standalone proxy-server[128378]: STDERR: The option "user" is not known to keystonemiddleware
Jan 30 17:25:57 standalone proxy-server[128378]: STDERR: The option "bind_ip" is not known to keystonemiddleware
Jan 30 17:25:57 standalone proxy-server[128378]: STDERR: The option "log_name" is not known to keystonemiddleware
Jan 30 17:25:57 standalone proxy-server[128378]: STDERR: The option "log_facility" is not known to keystonemiddleware
Jan 30 17:25:57 standalone proxy-server[128378]: STDERR: The option "log_level" is not known to keystonemiddleware
Jan 30 17:25:57 standalone proxy-server[128378]: STDERR: The option "log_headers" is not known to keystonemiddleware
Jan 30 17:25:57 standalone proxy-server[128378]: STDERR: The option "log_address" is not known to keystonemiddleware
Jan 30 17:25:57 standalone proxy-server[128378]: STDERR: The option "project_name" is not known to keystonemiddleware
Jan 30 17:25:57 standalone proxy-server[128378]: STDERR: The option "username" is not known to keystonemiddleware
Jan 30 17:25:57 standalone proxy-server[128378]: STDERR: The option "password" is not known to keystonemiddleware
Jan 30 17:25:57 standalone proxy-server[128378]: STDERR: The option "auth_url" is not known to keystonemiddleware
Jan 30 17:25:57 standalone proxy-server[128378]: STDERR: The option "signing_dir" is not known to keystonemiddleware
Jan 30 17:25:57 standalone proxy-server[128378]: STDERR: The option "project_domain_id" is not known to keystonemiddleware
Jan 30 17:25:57 standalone proxy-server[128378]: STDERR: The option "user_domain_id" is not known to keystonemiddleware
Jan 30 17:25:57 standalone proxy-server[128378]: STDERR: The option "__name__" is not known to keystonemiddleware
Jan 30 17:25:57 standalone proxy-server[128378]: AuthToken middleware is set with keystone_authtoken.service_token_roles_required set to False. This is backwards compatible but deprecated behaviour. Please set this to True.
Jan 30 17:25:57 standalone proxy-server[128228]: Started child 20 from parent 2
Jan 30 17:26:28 standalone account-server[125730]: Devices pass completed: 0.00s
Jan 30 17:26:57 standalone container-server[126162]: Begin container update sweep
Jan 30 17:26:57 standalone container-server[126162]: Container update sweep completed: 0.00s
Jan 30 17:28:26 standalone account-server[125934]: 172.20.0.100 - - [30/Jan/2026:17:28:26 +0000] "HEAD /d1/67/.expiring_objects" 404 - "HEAD http://localhost/v1/.expiring_objects?format=json" "tx148231f24ddb44cfb6ed7-00697cea3a" "proxy-server 2" 0.0016 "-" 23 -
Jan 30 17:28:26 standalone object-expirer[126161]: Pass completed in 0s; 0 objects expired (txn: tx148231f24ddb44cfb6ed7-00697cea3a)
Jan 30 17:29:56 standalone object-server[126309]: Begin object update sweep
Jan 30 17:29:56 standalone object-server[156254]: Object update sweep starting on /srv/node/d1 (pid: 12)
Jan 30 17:29:56 standalone object-server[156254]: Object update sweep completed on /srv/node/d1 in 0.00s seconds:, 0 successes, 0 failures, 0 quarantines, 0 unlinks, 0 errors, 0 redirects (pid: 12)
Jan 30 17:29:56 standalone object-server[156254]: Object update sweep of d1 completed: 0.00s, 0 successes, 0 failures, 0 quarantines, 0 unlinks, 0 errors, 0 redirects
Jan 30 17:29:56 standalone object-server[126309]: Object update sweep completed: 0.08s
Jan 30 17:31:52 standalone account-server[125929]: 172.20.0.100 - - [30/Jan/2026:17:31:52 +0000] "HEAD /d1/67/.expiring_objects" 404 - "HEAD http://localhost/v1/.expiring_objects?format=json" "tx202454e441334582ab0cc-00697ceb08" "proxy-server 2" 0.0010 "-" 22 -
Jan 30 17:31:52 standalone object-expirer[126161]: Pass completed in 0s; 0 objects expired (txn: tx202454e441334582ab0cc-00697ceb08)
Jan 30 17:31:57 standalone container-server[126162]: Begin container update sweep
Jan 30 17:31:57 standalone container-server[126162]: Container update sweep completed: 0.00s
Jan 30 17:33:28 standalone account-server[125934]: 172.20.0.100 - - [30/Jan/2026:17:33:28 +0000] "HEAD /d1/67/.expiring_objects" 404 - "HEAD http://localhost/v1/.expiring_objects?format=json" "txb147f91087ec4aba8a918-00697ceb68" "proxy-server 2" 0.0006 "-" 23 -
Jan 30 17:33:28 standalone object-expirer[126161]: Pass completed in 0s; 0 objects expired (txn: txb147f91087ec4aba8a918-00697ceb68)
Jan 30 17:34:31 standalone account-server[125924]: 172.20.0.100 - - [30/Jan/2026:17:34:31 +0000] "HEAD /d1/67/.expiring_objects" 404 - "HEAD http://localhost/v1/.expiring_objects?format=json" "tx36d09763f4474203a7a08-00697ceba7" "proxy-server 2" 0.0011 "-" 20 -
Jan 30 17:34:31 standalone object-expirer[126161]: Pass completed in 0s; 0 objects expired (txn: tx36d09763f4474203a7a08-00697ceba7)
Jan 30 17:34:56 standalone object-server[126309]: Begin object update sweep
Jan 30 17:34:56 standalone object-server[199019]: Object update sweep starting on /srv/node/d1 (pid: 13)
Jan 30 17:34:56 standalone object-server[199019]: Object update sweep completed on /srv/node/d1 in 0.00s seconds:, 0 successes, 0 failures, 0 quarantines, 0 unlinks, 0 errors, 0 redirects (pid: 13)
Jan 30 17:34:56 standalone object-server[199019]: Object update sweep of d1 completed: 0.00s, 0 successes, 0 failures, 0 quarantines, 0 unlinks, 0 errors, 0 redirects
Jan 30 17:34:56 standalone object-server[126309]: Object update sweep completed: 0.08s
Jan 30 17:36:57 standalone container-server[126162]: Begin container update sweep
Jan 30 17:36:57 standalone container-server[126162]: Container update sweep completed: 0.00s
Jan 30 17:37:37 standalone account-server[125924]: 172.20.0.100 - - [30/Jan/2026:17:37:37 +0000] "HEAD /d1/377/AUTH_a1e48568798a40f8b39bbf9d0c38113b" 404 - "HEAD http://172.18.0.2:8080/v1/AUTH_a1e48568798a40f8b39bbf9d0c38113b?format=json" "tx8f9ae71af61042d2a001f-00697cec61" "proxy-server 20" 0.0006 "-" 20 -
Jan 30 17:37:37 standalone proxy-server[128378]: - - 30/Jan/2026/17/37/37 HEAD /v1/AUTH_a1e48568798a40f8b39bbf9d0c38113b%3Fformat%3Djson HTTP/1.0 200 - Swift - - - - tx8f9ae71af61042d2a001f-00697cec61 - 0.0065 RL - 1769794657.583124876 1769794657.589587212 -
Jan 30 17:37:37 standalone object-server[126435]: 172.20.0.100 - - [30/Jan/2026:17:37:37 +0000] "GET /d1/711/AUTH_a1e48568798a40f8b39bbf9d0c38113b/gnocchi.d6f73dd8-0705-46e4-a593-b0517a73490a/none_v3" 404 70 "GET http://172.18.0.2:8080/v1/AUTH_a1e48568798a40f8b39bbf9d0c38113b/gnocchi.d6f73dd8-0705-46e4-a593-b0517a73490a/none_v3" "tx8f9ae71af61042d2a001f-00697cec61" "proxy-server 20" 0.0013 "-" 22 0
Jan 30 17:37:37 standalone proxy-server[128378]: 172.18.0.2 172.18.0.100 30/Jan/2026/17/37/37 GET /v1/AUTH_a1e48568798a40f8b39bbf9d0c38113b/gnocchi.d6f73dd8-0705-46e4-a593-b0517a73490a/none_v3 HTTP/1.0 404 - python-swiftclient-3.11.1 gAAAAABpfOxh1XDa... - 70 - tx8f9ae71af61042d2a001f-00697cec61 - 0.3729 - - 1769794657.579687119 1769794657.952615976 0
Jan 30 17:37:37 standalone account-server[125929]: 172.20.0.100 - - [30/Jan/2026:17:37:37 +0000] "PUT /d1/377/AUTH_a1e48568798a40f8b39bbf9d0c38113b" 201 - "-" "txc97aaa41686a4262b86d9-00697cec61" "-" 0.0182 "-" 22 -
Jan 30 17:37:37 standalone proxy-server[128378]: autocreate account '/AUTH_a1e48568798a40f8b39bbf9d0c38113b' (txn: txc97aaa41686a4262b86d9-00697cec61)
Jan 30 17:37:37 standalone account-server[125929]: 172.20.0.100 - - [30/Jan/2026:17:37:37 +0000] "HEAD /d1/377/AUTH_a1e48568798a40f8b39bbf9d0c38113b" 204 - "HEAD http://172.18.0.2:8080/v1/AUTH_a1e48568798a40f8b39bbf9d0c38113b?format=json" "txc97aaa41686a4262b86d9-00697cec61" "proxy-server 20" 0.0017 "-" 22 -
Jan 30 17:37:37 standalone account-server[125934]: 172.20.0.100 - - [30/Jan/2026:17:37:37 +0000] "PUT /d1/377/AUTH_a1e48568798a40f8b39bbf9d0c38113b/gnocchi.d6f73dd8-0705-46e4-a593-b0517a73490a" 201 - "PUT http://172.20.0.100:6001/d1/468/AUTH_a1e48568798a40f8b39bbf9d0c38113b/gnocchi.d6f73dd8-0705-46e4-a593-b0517a73490a" "txc97aaa41686a4262b86d9-00697cec61" "container-server 17" 0.0017 "-" 23 0
Jan 30 17:37:38 standalone container-server[126074]: 172.20.0.100 - - [30/Jan/2026:17:37:38 +0000] "PUT /d1/468/AUTH_a1e48568798a40f8b39bbf9d0c38113b/gnocchi.d6f73dd8-0705-46e4-a593-b0517a73490a" 201 - "PUT http://172.18.0.2:8080/v1/AUTH_a1e48568798a40f8b39bbf9d0c38113b/gnocchi.d6f73dd8-0705-46e4-a593-b0517a73490a" "txc97aaa41686a4262b86d9-00697cec61" "proxy-server 20" 0.0162 "-" 17 0
Jan 30 17:37:38 standalone proxy-server[128378]: 172.18.0.2 172.18.0.100 30/Jan/2026/17/37/38 PUT /v1/AUTH_a1e48568798a40f8b39bbf9d0c38113b/gnocchi.d6f73dd8-0705-46e4-a593-b0517a73490a HTTP/1.0 201 - python-swiftclient-3.11.1 gAAAAABpfOxh1XDa... - - - txc97aaa41686a4262b86d9-00697cec61 - 0.0467 - - 1769794657.955845594 1769794658.002588272 0
Jan 30 17:37:38 standalone container-server[126074]: 172.20.0.100 - - [30/Jan/2026:17:37:38 +0000] "HEAD /d1/468/AUTH_a1e48568798a40f8b39bbf9d0c38113b/gnocchi.d6f73dd8-0705-46e4-a593-b0517a73490a" 204 - "HEAD http://172.18.0.2:8080/v1/AUTH_a1e48568798a40f8b39bbf9d0c38113b/gnocchi.d6f73dd8-0705-46e4-a593-b0517a73490a?format=json&states=listing" "txf2cb95815ac6468ebdef1-00697cec62" "proxy-server 20" 0.0023 "-" 17 0
Jan 30 17:37:38 standalone proxy-server[128378]: - - 30/Jan/2026/17/37/38 HEAD /v1/AUTH_a1e48568798a40f8b39bbf9d0c38113b/gnocchi.d6f73dd8-0705-46e4-a593-b0517a73490a%3Fformat%3Djson%26states%3Dlisting HTTP/1.0 204 - Swift - - - - txf2cb95815ac6468ebdef1-00697cec62 - 0.0071 RL - 1769794658.008586168 1769794658.015702009 0
Jan 30 17:37:38 standalone container-server[126074]: 172.20.0.100 - - [30/Jan/2026:17:37:38 +0000] "GET /d1/468/AUTH_a1e48568798a40f8b39bbf9d0c38113b/gnocchi.d6f73dd8-0705-46e4-a593-b0517a73490a" 200 2 "GET http://172.18.0.2:8080/v1/AUTH_a1e48568798a40f8b39bbf9d0c38113b/gnocchi.d6f73dd8-0705-46e4-a593-b0517a73490a?format=json&states=listing" "txf2cb95815ac6468ebdef1-00697cec62" "proxy-server 20" 0.0033 "-" 17 0
Jan 30 17:37:38 standalone proxy-server[128378]: 172.18.0.2 172.18.0.100 30/Jan/2026/17/37/38 GET /v1/AUTH_a1e48568798a40f8b39bbf9d0c38113b/gnocchi.d6f73dd8-0705-46e4-a593-b0517a73490a%3Fformat%3Djson%26states%3Dlisting HTTP/1.0 200 - python-swiftclient-3.11.1 gAAAAABpfOxh1XDa... - 2 - txf2cb95815ac6468ebdef1-00697cec62 - 0.0196 - - 1769794658.007279873 1769794658.026915312 0
Jan 30 17:37:38 standalone object-server[126441]: 172.20.0.100 - - [30/Jan/2026:17:37:38 +0000] "GET /d1/377/AUTH_a1e48568798a40f8b39bbf9d0c38113b/gnocchi.d6f73dd8-0705-46e4-a593-b0517a73490a/1769040000.0_mean_300.0_v3" 404 70 "GET http://172.18.0.2:8080/v1/AUTH_a1e48568798a40f8b39bbf9d0c38113b/gnocchi.d6f73dd8-0705-46e4-a593-b0517a73490a/1769040000.0_mean_300.0_v3" "txc0040cb1af934f5c9fba1-00697cec62" "proxy-server 20" 0.0012 "-" 23 0
Jan 30 17:37:38 standalone proxy-server[128378]: 172.18.0.2 172.18.0.100 30/Jan/2026/17/37/38 GET /v1/AUTH_a1e48568798a40f8b39bbf9d0c38113b/gnocchi.d6f73dd8-0705-46e4-a593-b0517a73490a/1769040000.0_mean_300.0_v3 HTTP/1.0 404 - python-swiftclient-3.11.1 gAAAAABpfOxh1XDa... - 70 - txc0040cb1af934f5c9fba1-00697cec62 - 0.0089 - - 1769794658.036565542 1769794658.045506716 0
Jan 30 17:37:38 standalone container-server[126060]: 172.20.0.100 - - [30/Jan/2026:17:37:38 +0000] "PUT /d1/468/AUTH_a1e48568798a40f8b39bbf9d0c38113b/gnocchi.d6f73dd8-0705-46e4-a593-b0517a73490a/1769040000.0_mean_300.0_v3" 201 - "PUT http://172.18.0.2:8080/d1/377/AUTH_a1e48568798a40f8b39bbf9d0c38113b/gnocchi.d6f73dd8-0705-46e4-a593-b0517a73490a/1769040000.0_mean_300.0_v3" "tx5f8b2f47ed5d441f9ae0e-00697cec62" "object-server 24" 0.0010 "-" 14 0
Jan 30 17:37:38 standalone object-server[126446]: 172.20.0.100 - - [30/Jan/2026:17:37:38 +0000] "PUT /d1/377/AUTH_a1e48568798a40f8b39bbf9d0c38113b/gnocchi.d6f73dd8-0705-46e4-a593-b0517a73490a/1769040000.0_mean_300.0_v3" 201 - "PUT http://172.18.0.2:8080/v1/AUTH_a1e48568798a40f8b39bbf9d0c38113b/gnocchi.d6f73dd8-0705-46e4-a593-b0517a73490a/1769040000.0_mean_300.0_v3" "tx5f8b2f47ed5d441f9ae0e-00697cec62" "proxy-server 20" 0.0285 "-" 24 0
Jan 30 17:37:38 standalone proxy-server[128378]: 172.18.0.2 172.18.0.100 30/Jan/2026/17/37/38 PUT /v1/AUTH_a1e48568798a40f8b39bbf9d0c38113b/gnocchi.d6f73dd8-0705-46e4-a593-b0517a73490a/1769040000.0_mean_300.0_v3 HTTP/1.0 201 - python-swiftclient-3.11.1 gAAAAABpfOxh1XDa... 16 - - tx5f8b2f47ed5d441f9ae0e-00697cec62 - 0.0371 - - 1769794658.049614668 1769794658.086751938 0
Jan 30 17:37:38 standalone container-server[126068]: 172.20.0.100 - - [30/Jan/2026:17:37:38 +0000] "PUT /d1/468/AUTH_a1e48568798a40f8b39bbf9d0c38113b/gnocchi.d6f73dd8-0705-46e4-a593-b0517a73490a/none_v3" 201 - "PUT http://172.18.0.2:8080/d1/711/AUTH_a1e48568798a40f8b39bbf9d0c38113b/gnocchi.d6f73dd8-0705-46e4-a593-b0517a73490a/none_v3" "tx88f056b2c57648de9a2b3-00697cec62" "object-server 22" 0.0011 "-" 16 0
Jan 30 17:37:38 standalone object-server[126435]: 172.20.0.100 - - [30/Jan/2026:17:37:38 +0000] "PUT /d1/711/AUTH_a1e48568798a40f8b39bbf9d0c38113b/gnocchi.d6f73dd8-0705-46e4-a593-b0517a73490a/none_v3" 201 - "PUT http://172.18.0.2:8080/v1/AUTH_a1e48568798a40f8b39bbf9d0c38113b/gnocchi.d6f73dd8-0705-46e4-a593-b0517a73490a/none_v3" "tx88f056b2c57648de9a2b3-00697cec62" "proxy-server 20" 0.0283 "-" 22 0
Jan 30 17:37:38 standalone proxy-server[128378]: 172.18.0.2 172.18.0.100 30/Jan/2026/17/37/38 PUT /v1/AUTH_a1e48568798a40f8b39bbf9d0c38113b/gnocchi.d6f73dd8-0705-46e4-a593-b0517a73490a/none_v3 HTTP/1.0 201 - python-swiftclient-3.11.1 gAAAAABpfOxh1XDa... 22 - - tx88f056b2c57648de9a2b3-00697cec62 - 0.0344 - - 1769794658.089606047 1769794658.124015570 0
Jan 30 17:37:56 standalone account-server[125924]: 172.20.0.100 - - [30/Jan/2026:17:37:56 +0000] "HEAD /d1/67/.expiring_objects" 404 - "HEAD http://localhost/v1/.expiring_objects?format=json" "txb6a0f42bbf3345289614e-00697cec74" "proxy-server 2" 0.0006 "-" 20 -
Jan 30 17:37:56 standalone object-expirer[126161]: Pass completed in 0s; 0 objects expired (txn: txb6a0f42bbf3345289614e-00697cec74)
Jan 30 17:38:07 standalone object-server[126441]: 172.20.0.100 - - [30/Jan/2026:17:38:07 +0000] "GET /d1/711/AUTH_a1e48568798a40f8b39bbf9d0c38113b/gnocchi.d6f73dd8-0705-46e4-a593-b0517a73490a/none_v3" 200 22 "GET http://172.18.0.2:8080/v1/AUTH_a1e48568798a40f8b39bbf9d0c38113b/gnocchi.d6f73dd8-0705-46e4-a593-b0517a73490a/none_v3" "tx62d7a126535a40ccafd12-00697cec7f" "proxy-server 20" 0.0012 "-" 23 0
Jan 30 17:38:07 standalone proxy-server[128378]: 172.18.0.2 172.18.0.100 30/Jan/2026/17/38/07 GET /v1/AUTH_a1e48568798a40f8b39bbf9d0c38113b/gnocchi.d6f73dd8-0705-46e4-a593-b0517a73490a/none_v3 HTTP/1.0 200 - python-swiftclient-3.11.1 gAAAAABpfOxh1XDa... - 22 - tx62d7a126535a40ccafd12-00697cec7f - 0.0188 - - 1769794687.226760864 1769794687.245548725 0
Jan 30 17:38:07 standalone container-server[126060]: 172.20.0.100 - - [30/Jan/2026:17:38:07 +0000] "GET /d1/468/AUTH_a1e48568798a40f8b39bbf9d0c38113b/gnocchi.d6f73dd8-0705-46e4-a593-b0517a73490a" 200 357 "GET http://172.18.0.2:8080/v1/AUTH_a1e48568798a40f8b39bbf9d0c38113b/gnocchi.d6f73dd8-0705-46e4-a593-b0517a73490a?format=json&states=listing" "txddaaa416130347d38d626-00697cec7f" "proxy-server 20" 0.0201 "-" 14 0
Jan 30 17:38:07 standalone proxy-server[128378]: 172.18.0.2 172.18.0.100 30/Jan/2026/17/38/07 GET /v1/AUTH_a1e48568798a40f8b39bbf9d0c38113b/gnocchi.d6f73dd8-0705-46e4-a593-b0517a73490a%3Fformat%3Djson%26states%3Dlisting HTTP/1.0 200 - python-swiftclient-3.11.1 gAAAAABpfOxh1XDa... - 357 - txddaaa416130347d38d626-00697cec7f - 0.0300 - - 1769794687.249633789 1769794687.279605389 0
Jan 30 17:38:07 standalone container-server[126066]: 172.20.0.100 - - [30/Jan/2026:17:38:07 +0000] "GET /d1/468/AUTH_a1e48568798a40f8b39bbf9d0c38113b/gnocchi.d6f73dd8-0705-46e4-a593-b0517a73490a" 200 2 "GET http://172.18.0.2:8080/v1/AUTH_a1e48568798a40f8b39bbf9d0c38113b/gnocchi.d6f73dd8-0705-46e4-a593-b0517a73490a?format=json&marker=none_v3&states=listing" "txf40d952357b04b4d86654-00697cec7f" "proxy-server 20" 0.0080 "-" 15 0
Jan 30 17:38:07 standalone proxy-server[128378]: 172.18.0.2 172.18.0.100 30/Jan/2026/17/38/07 GET /v1/AUTH_a1e48568798a40f8b39bbf9d0c38113b/gnocchi.d6f73dd8-0705-46e4-a593-b0517a73490a%3Fformat%3Djson%26marker%3Dnone_v3%26states%3Dlisting HTTP/1.0 200 - python-swiftclient-3.11.1 gAAAAABpfOxh1XDa... - 2 - txf40d952357b04b4d86654-00697cec7f - 0.0182 - - 1769794687.283361435 1769794687.301542997 0
Jan 30 17:38:07 standalone object-server[126446]: 172.20.0.100 - - [30/Jan/2026:17:38:07 +0000] "GET /d1/377/AUTH_a1e48568798a40f8b39bbf9d0c38113b/gnocchi.d6f73dd8-0705-46e4-a593-b0517a73490a/1769040000.0_mean_300.0_v3" 200 16 "GET http://172.18.0.2:8080/v1/AUTH_a1e48568798a40f8b39bbf9d0c38113b/gnocchi.d6f73dd8-0705-46e4-a593-b0517a73490a/1769040000.0_mean_300.0_v3" "tx7935167ca3eb4823a5daa-00697cec7f" "proxy-server 20" 0.0013 "-" 24 0
Jan 30 17:38:07 standalone proxy-server[128378]: 172.18.0.2 172.18.0.100 30/Jan/2026/17/38/07 GET /v1/AUTH_a1e48568798a40f8b39bbf9d0c38113b/gnocchi.d6f73dd8-0705-46e4-a593-b0517a73490a/1769040000.0_mean_300.0_v3 HTTP/1.0 200 - python-swiftclient-3.11.1 gAAAAABpfOxh1XDa... - 16 - tx7935167ca3eb4823a5daa-00697cec7f - 0.0123 - - 1769794687.322147846 1769794687.334457874 0
Jan 30 17:38:07 standalone container-server[126066]: 172.20.0.100 - - [30/Jan/2026:17:38:07 +0000] "PUT /d1/468/AUTH_a1e48568798a40f8b39bbf9d0c38113b/gnocchi.d6f73dd8-0705-46e4-a593-b0517a73490a/1769040000.0_mean_300.0_v3" 201 - "PUT http://172.18.0.2:8080/d1/377/AUTH_a1e48568798a40f8b39bbf9d0c38113b/gnocchi.d6f73dd8-0705-46e4-a593-b0517a73490a/1769040000.0_mean_300.0_v3" "txd8bea834e1b34f2e8e788-00697cec7f" "object-server 25" 0.0015 "-" 15 0
Jan 30 17:38:07 standalone object-server[126450]: 172.20.0.100 - - [30/Jan/2026:17:38:07 +0000] "PUT /d1/377/AUTH_a1e48568798a40f8b39bbf9d0c38113b/gnocchi.d6f73dd8-0705-46e4-a593-b0517a73490a/1769040000.0_mean_300.0_v3" 201 - "PUT http://172.18.0.2:8080/v1/AUTH_a1e48568798a40f8b39bbf9d0c38113b/gnocchi.d6f73dd8-0705-46e4-a593-b0517a73490a/1769040000.0_mean_300.0_v3" "txd8bea834e1b34f2e8e788-00697cec7f" "proxy-server 20" 0.0502 "-" 25 0
Jan 30 17:38:07 standalone proxy-server[128378]: 172.18.0.2 172.18.0.100 30/Jan/2026/17/38/07 PUT /v1/AUTH_a1e48568798a40f8b39bbf9d0c38113b/gnocchi.d6f73dd8-0705-46e4-a593-b0517a73490a/1769040000.0_mean_300.0_v3 HTTP/1.0 201 - python-swiftclient-3.11.1 gAAAAABpfOxh1XDa... 16 - - txd8bea834e1b34f2e8e788-00697cec7f - 0.0605 - - 1769794687.340193748 1769794687.400707245 0
Jan 30 17:38:07 standalone container-server[126068]: 172.20.0.100 - - [30/Jan/2026:17:38:07 +0000] "PUT /d1/468/AUTH_a1e48568798a40f8b39bbf9d0c38113b/gnocchi.d6f73dd8-0705-46e4-a593-b0517a73490a/none_v3" 201 - "PUT http://172.18.0.2:8080/d1/711/AUTH_a1e48568798a40f8b39bbf9d0c38113b/gnocchi.d6f73dd8-0705-46e4-a593-b0517a73490a/none_v3" "txfd70bf4153274a4fa97a4-00697cec7f" "object-server 25" 0.0005 "-" 16 0
Jan 30 17:38:07 standalone object-server[126450]: 172.20.0.100 - - [30/Jan/2026:17:38:07 +0000] "PUT /d1/711/AUTH_a1e48568798a40f8b39bbf9d0c38113b/gnocchi.d6f73dd8-0705-46e4-a593-b0517a73490a/none_v3" 201 - "PUT http://172.18.0.2:8080/v1/AUTH_a1e48568798a40f8b39bbf9d0c38113b/gnocchi.d6f73dd8-0705-46e4-a593-b0517a73490a/none_v3" "txfd70bf4153274a4fa97a4-00697cec7f" "proxy-server 20" 0.0130 "-" 25 0
Jan 30 17:38:07 standalone proxy-server[128378]: 172.18.0.2 172.18.0.100 30/Jan/2026/17/38/07 PUT /v1/AUTH_a1e48568798a40f8b39bbf9d0c38113b/gnocchi.d6f73dd8-0705-46e4-a593-b0517a73490a/none_v3 HTTP/1.0 201 - python-swiftclient-3.11.1 gAAAAABpfOxh1XDa... 32 - - txfd70bf4153274a4fa97a4-00697cec7f - 0.0207 - - 1769794687.404814959 1769794687.425473213 0
Jan 30 17:38:38 standalone account-server[125927]: 172.20.0.100 - - [30/Jan/2026:17:38:38 +0000] "HEAD /d1/377/AUTH_a1e48568798a40f8b39bbf9d0c38113b" 204 - "HEAD http://172.18.0.2:8080/v1/AUTH_a1e48568798a40f8b39bbf9d0c38113b?format=json" "txaa64f167caa0482c982ca-00697cec9e" "proxy-server 20" 0.0096 "-" 21 -
Jan 30 17:38:38 standalone proxy-server[128378]: - - 30/Jan/2026/17/38/38 HEAD /v1/AUTH_a1e48568798a40f8b39bbf9d0c38113b%3Fformat%3Djson HTTP/1.0 204 - Swift - - - - txaa64f167caa0482c982ca-00697cec9e - 0.0156 RL - 1769794718.503207922 1769794718.518857241 -
Jan 30 17:38:38 standalone container-server[126060]: 172.20.0.100 - - [30/Jan/2026:17:38:38 +0000] "HEAD /d1/667/AUTH_a1e48568798a40f8b39bbf9d0c38113b/gnocchi.e0972a2b-588f-484a-985d-219307d9b072" 404 - "HEAD http://172.18.0.2:8080/v1/AUTH_a1e48568798a40f8b39bbf9d0c38113b/gnocchi.e0972a2b-588f-484a-985d-219307d9b072?format=json&states=listing" "txaa64f167caa0482c982ca-00697cec9e" "proxy-server 20" 0.0006 "-" 14 0
Jan 30 17:38:38 standalone object-server[126446]: 172.20.0.100 - - [30/Jan/2026:17:38:38 +0000] "GET /d1/145/AUTH_a1e48568798a40f8b39bbf9d0c38113b/gnocchi.e0972a2b-588f-484a-985d-219307d9b072/none_v3" 404 70 "GET http://172.18.0.2:8080/v1/AUTH_a1e48568798a40f8b39bbf9d0c38113b/gnocchi.e0972a2b-588f-484a-985d-219307d9b072/none_v3" "txaa64f167caa0482c982ca-00697cec9e" "proxy-server 20" 0.0006 "-" 24 0
Jan 30 17:38:38 standalone proxy-server[128378]: 172.18.0.2 172.18.0.100 30/Jan/2026/17/38/38 GET /v1/AUTH_a1e48568798a40f8b39bbf9d0c38113b/gnocchi.e0972a2b-588f-484a-985d-219307d9b072/none_v3 HTTP/1.0 404 - python-swiftclient-3.11.1 gAAAAABpfOxh1XDa... - 70 - txaa64f167caa0482c982ca-00697cec9e - 0.0311 - - 1769794718.501775026 1769794718.532888174 0
Jan 30 17:38:38 standalone account-server[125934]: 172.20.0.100 - - [30/Jan/2026:17:38:38 +0000] "PUT /d1/377/AUTH_a1e48568798a40f8b39bbf9d0c38113b/gnocchi.e0972a2b-588f-484a-985d-219307d9b072" 201 - "PUT http://172.20.0.100:6001/d1/667/AUTH_a1e48568798a40f8b39bbf9d0c38113b/gnocchi.e0972a2b-588f-484a-985d-219307d9b072" "txf0f4e7a6714e41a28851d-00697cec9e" "container-server 14" 0.0011 "-" 23 0
Jan 30 17:38:38 standalone container-server[126060]: 172.20.0.100 - - [30/Jan/2026:17:38:38 +0000] "PUT /d1/667/AUTH_a1e48568798a40f8b39bbf9d0c38113b/gnocchi.e0972a2b-588f-484a-985d-219307d9b072" 201 - "PUT http://172.18.0.2:8080/v1/AUTH_a1e48568798a40f8b39bbf9d0c38113b/gnocchi.e0972a2b-588f-484a-985d-219307d9b072" "txf0f4e7a6714e41a28851d-00697cec9e" "proxy-server 20" 0.0206 "-" 14 0
Jan 30 17:38:38 standalone proxy-server[128378]: 172.18.0.2 172.18.0.100 30/Jan/2026/17/38/38 PUT /v1/AUTH_a1e48568798a40f8b39bbf9d0c38113b/gnocchi.e0972a2b-588f-484a-985d-219307d9b072 HTTP/1.0 201 - python-swiftclient-3.11.1 gAAAAABpfOxh1XDa... - - - txf0f4e7a6714e41a28851d-00697cec9e - 0.0265 - - 1769794718.535671711 1769794718.562188387 0
Jan 30 17:38:38 standalone container-server[126068]: 172.20.0.100 - - [30/Jan/2026:17:38:38 +0000] "HEAD /d1/667/AUTH_a1e48568798a40f8b39bbf9d0c38113b/gnocchi.e0972a2b-588f-484a-985d-219307d9b072" 204 - "HEAD http://172.18.0.2:8080/v1/AUTH_a1e48568798a40f8b39bbf9d0c38113b/gnocchi.e0972a2b-588f-484a-985d-219307d9b072?format=json&states=listing" "tx853e55bca86a476184271-00697cec9e" "proxy-server 20" 0.0036 "-" 16 0
Jan 30 17:38:38 standalone proxy-server[128378]: - - 30/Jan/2026/17/38/38 HEAD /v1/AUTH_a1e48568798a40f8b39bbf9d0c38113b/gnocchi.e0972a2b-588f-484a-985d-219307d9b072%3Fformat%3Djson%26states%3Dlisting HTTP/1.0 204 - Swift - - - - tx853e55bca86a476184271-00697cec9e - 0.0085 RL - 1769794718.569239378 1769794718.577710629 0
Jan 30 17:38:38 standalone container-server[126066]: 172.20.0.100 - - [30/Jan/2026:17:38:38 +0000] "GET /d1/667/AUTH_a1e48568798a40f8b39bbf9d0c38113b/gnocchi.e0972a2b-588f-484a-985d-219307d9b072" 200 2 "GET http://172.18.0.2:8080/v1/AUTH_a1e48568798a40f8b39bbf9d0c38113b/gnocchi.e0972a2b-588f-484a-985d-219307d9b072?format=json&states=listing" "tx853e55bca86a476184271-00697cec9e" "proxy-server 20" 0.0021 "-" 15 0
Jan 30 17:38:38 standalone proxy-server[128378]: 172.18.0.2 172.18.0.100 30/Jan/2026/17/38/38 GET /v1/AUTH_a1e48568798a40f8b39bbf9d0c38113b/gnocchi.e0972a2b-588f-484a-985d-219307d9b072%3Fformat%3Djson%26states%3Dlisting HTTP/1.0 200 - python-swiftclient-3.11.1 gAAAAABpfOxh1XDa... - 2 - tx853e55bca86a476184271-00697cec9e - 0.0215 - - 1769794718.566038847 1769794718.587557316 0
Jan 30 17:38:38 standalone object-server[126446]: 172.20.0.100 - - [30/Jan/2026:17:38:38 +0000] "GET /d1/806/AUTH_a1e48568798a40f8b39bbf9d0c38113b/gnocchi.e0972a2b-588f-484a-985d-219307d9b072/1769040000.0_mean_300.0_v3" 404 70 "GET http://172.18.0.2:8080/v1/AUTH_a1e48568798a40f8b39bbf9d0c38113b/gnocchi.e0972a2b-588f-484a-985d-219307d9b072/1769040000.0_mean_300.0_v3" "tx07bf3869de334d26894a7-00697cec9e" "proxy-server 20" 0.0005 "-" 24 0
Jan 30 17:38:38 standalone proxy-server[128378]: 172.18.0.2 172.18.0.100 30/Jan/2026/17/38/38 GET /v1/AUTH_a1e48568798a40f8b39bbf9d0c38113b/gnocchi.e0972a2b-588f-484a-985d-219307d9b072/1769040000.0_mean_300.0_v3 HTTP/1.0 404 - python-swiftclient-3.11.1 gAAAAABpfOxh1XDa... - 70 - tx07bf3869de334d26894a7-00697cec9e - 0.0119 - - 1769794718.596666336 1769794718.608607292 0
Jan 30 17:38:38 standalone container-server[126060]: 172.20.0.100 - - [30/Jan/2026:17:38:38 +0000] "PUT /d1/667/AUTH_a1e48568798a40f8b39bbf9d0c38113b/gnocchi.e0972a2b-588f-484a-985d-219307d9b072/1769040000.0_mean_300.0_v3" 201 - "PUT http://172.18.0.2:8080/d1/806/AUTH_a1e48568798a40f8b39bbf9d0c38113b/gnocchi.e0972a2b-588f-484a-985d-219307d9b072/1769040000.0_mean_300.0_v3" "tx573c93a3549c4d61ac5dc-00697cec9e" "object-server 22" 0.0009 "-" 14 0
Jan 30 17:38:38 standalone object-server[126435]: 172.20.0.100 - - [30/Jan/2026:17:38:38 +0000] "PUT /d1/806/AUTH_a1e48568798a40f8b39bbf9d0c38113b/gnocchi.e0972a2b-588f-484a-985d-219307d9b072/1769040000.0_mean_300.0_v3" 201 - "PUT http://172.18.0.2:8080/v1/AUTH_a1e48568798a40f8b39bbf9d0c38113b/gnocchi.e0972a2b-588f-484a-985d-219307d9b072/1769040000.0_mean_300.0_v3" "tx573c93a3549c4d61ac5dc-00697cec9e" "proxy-server 20" 0.0242 "-" 22 0
Jan 30 17:38:38 standalone proxy-server[128378]: 172.18.0.2 172.18.0.100 30/Jan/2026/17/38/38 PUT /v1/AUTH_a1e48568798a40f8b39bbf9d0c38113b/gnocchi.e0972a2b-588f-484a-985d-219307d9b072/1769040000.0_mean_300.0_v3 HTTP/1.0 201 - python-swiftclient-3.11.1 gAAAAABpfOxh1XDa... 16 - - tx573c93a3549c4d61ac5dc-00697cec9e - 0.0348 - - 1769794718.614061117 1769794718.648858070 0
Jan 30 17:38:38 standalone container-server[126074]: 172.20.0.100 - - [30/Jan/2026:17:38:38 +0000] "PUT /d1/667/AUTH_a1e48568798a40f8b39bbf9d0c38113b/gnocchi.e0972a2b-588f-484a-985d-219307d9b072/none_v3" 201 - "PUT http://172.18.0.2:8080/d1/145/AUTH_a1e48568798a40f8b39bbf9d0c38113b/gnocchi.e0972a2b-588f-484a-985d-219307d9b072/none_v3" "tx1ec6608d7df748699cbe7-00697cec9e" "object-server 25" 0.0008 "-" 17 0
Jan 30 17:38:38 standalone object-server[126450]: 172.20.0.100 - - [30/Jan/2026:17:38:38 +0000] "PUT /d1/145/AUTH_a1e48568798a40f8b39bbf9d0c38113b/gnocchi.e0972a2b-588f-484a-985d-219307d9b072/none_v3" 201 - "PUT http://172.18.0.2:8080/v1/AUTH_a1e48568798a40f8b39bbf9d0c38113b/gnocchi.e0972a2b-588f-484a-985d-219307d9b072/none_v3" "tx1ec6608d7df748699cbe7-00697cec9e" "proxy-server 20" 0.0246 "-" 25 0
Jan 30 17:38:38 standalone proxy-server[128378]: 172.18.0.2 172.18.0.100 30/Jan/2026/17/38/38 PUT /v1/AUTH_a1e48568798a40f8b39bbf9d0c38113b/gnocchi.e0972a2b-588f-484a-985d-219307d9b072/none_v3 HTTP/1.0 201 - python-swiftclient-3.11.1 gAAAAABpfOxh1XDa... 22 - - tx1ec6608d7df748699cbe7-00697cec9e - 0.0311 - - 1769794718.654873371 1769794718.685967445 0
Jan 30 17:38:38 standalone container-server[126066]: 172.20.0.100 - - [30/Jan/2026:17:38:38 +0000] "HEAD /d1/607/AUTH_a1e48568798a40f8b39bbf9d0c38113b/gnocchi.582153fe-2f68-45c3-ba11-d3e3532ecc19" 404 - "HEAD http://172.18.0.2:8080/v1/AUTH_a1e48568798a40f8b39bbf9d0c38113b/gnocchi.582153fe-2f68-45c3-ba11-d3e3532ecc19?format=json&states=listing" "tx115bd67fce31432698d0f-00697cec9e" "proxy-server 20" 0.0006 "-" 15 0
Jan 30 17:38:38 standalone object-server[126446]: 172.20.0.100 - - [30/Jan/2026:17:38:38 +0000] "GET /d1/885/AUTH_a1e48568798a40f8b39bbf9d0c38113b/gnocchi.582153fe-2f68-45c3-ba11-d3e3532ecc19/none_v3" 404 70 "GET http://172.18.0.2:8080/v1/AUTH_a1e48568798a40f8b39bbf9d0c38113b/gnocchi.582153fe-2f68-45c3-ba11-d3e3532ecc19/none_v3" "tx115bd67fce31432698d0f-00697cec9e" "proxy-server 20" 0.0006 "-" 24 0
Jan 30 17:38:38 standalone proxy-server[128378]: 172.18.0.2 172.18.0.100 30/Jan/2026/17/38/38 GET /v1/AUTH_a1e48568798a40f8b39bbf9d0c38113b/gnocchi.582153fe-2f68-45c3-ba11-d3e3532ecc19/none_v3 HTTP/1.0 404 - python-swiftclient-3.11.1 gAAAAABpfOxh1XDa... - 70 - tx115bd67fce31432698d0f-00697cec9e - 0.0106 - - 1769794718.710829496 1769794718.721471071 0
Jan 30 17:38:38 standalone account-server[125934]: 172.20.0.100 - - [30/Jan/2026:17:38:38 +0000] "PUT /d1/377/AUTH_a1e48568798a40f8b39bbf9d0c38113b/gnocchi.582153fe-2f68-45c3-ba11-d3e3532ecc19" 201 - "PUT http://172.20.0.100:6001/d1/607/AUTH_a1e48568798a40f8b39bbf9d0c38113b/gnocchi.582153fe-2f68-45c3-ba11-d3e3532ecc19" "tx5944166811644fa490a53-00697cec9e" "container-server 16" 0.0121 "-" 23 0
Jan 30 17:38:38 standalone container-server[126068]: 172.20.0.100 - - [30/Jan/2026:17:38:38 +0000] "PUT /d1/607/AUTH_a1e48568798a40f8b39bbf9d0c38113b/gnocchi.582153fe-2f68-45c3-ba11-d3e3532ecc19" 201 - "PUT http://172.18.0.2:8080/v1/AUTH_a1e48568798a40f8b39bbf9d0c38113b/gnocchi.582153fe-2f68-45c3-ba11-d3e3532ecc19" "tx5944166811644fa490a53-00697cec9e" "proxy-server 20" 0.0342 "-" 16 0
Jan 30 17:38:38 standalone proxy-server[128378]: 172.18.0.2 172.18.0.100 30/Jan/2026/17/38/38 PUT /v1/AUTH_a1e48568798a40f8b39bbf9d0c38113b/gnocchi.582153fe-2f68-45c3-ba11-d3e3532ecc19 HTTP/1.0 201 - python-swiftclient-3.11.1 gAAAAABpfOxh1XDa... - - - tx5944166811644fa490a53-00697cec9e - 0.0397 - - 1769794718.724044085 1769794718.763788939 0
Jan 30 17:38:38 standalone container-server[126066]: 172.20.0.100 - - [30/Jan/2026:17:38:38 +0000] "HEAD /d1/607/AUTH_a1e48568798a40f8b39bbf9d0c38113b/gnocchi.582153fe-2f68-45c3-ba11-d3e3532ecc19" 204 - "HEAD http://172.18.0.2:8080/v1/AUTH_a1e48568798a40f8b39bbf9d0c38113b/gnocchi.582153fe-2f68-45c3-ba11-d3e3532ecc19?format=json&states=listing" "tx432732e9fc74485a91299-00697cec9e" "proxy-server 20" 0.0021 "-" 15 0
Jan 30 17:38:38 standalone proxy-server[128378]: - - 30/Jan/2026/17/38/38 HEAD /v1/AUTH_a1e48568798a40f8b39bbf9d0c38113b/gnocchi.582153fe-2f68-45c3-ba11-d3e3532ecc19%3Fformat%3Djson%26states%3Dlisting HTTP/1.0 204 - Swift - - - - tx432732e9fc74485a91299-00697cec9e - 0.0055 RL - 1769794718.768443823 1769794718.773988962 0
Jan 30 17:38:38 standalone container-server[126066]: 172.20.0.100 - - [30/Jan/2026:17:38:38 +0000] "GET /d1/607/AUTH_a1e48568798a40f8b39bbf9d0c38113b/gnocchi.582153fe-2f68-45c3-ba11-d3e3532ecc19" 200 2 "GET http://172.18.0.2:8080/v1/AUTH_a1e48568798a40f8b39bbf9d0c38113b/gnocchi.582153fe-2f68-45c3-ba11-d3e3532ecc19?format=json&states=listing" "tx432732e9fc74485a91299-00697cec9e" "proxy-server 20" 0.0030 "-" 15 0
Jan 30 17:38:38 standalone proxy-server[128378]: 172.18.0.2 172.18.0.100 30/Jan/2026/17/38/38 GET /v1/AUTH_a1e48568798a40f8b39bbf9d0c38113b/gnocchi.582153fe-2f68-45c3-ba11-d3e3532ecc19%3Fformat%3Djson%26states%3Dlisting HTTP/1.0 200 - python-swiftclient-3.11.1 gAAAAABpfOxh1XDa... - 2 - tx432732e9fc74485a91299-00697cec9e - 0.0175 - - 1769794718.767553568 1769794718.785092592 0
Jan 30 17:38:38 standalone object-server[126450]: 172.20.0.100 - - [30/Jan/2026:17:38:38 +0000] "GET /d1/342/AUTH_a1e48568798a40f8b39bbf9d0c38113b/gnocchi.582153fe-2f68-45c3-ba11-d3e3532ecc19/1769040000.0_mean_300.0_v3" 404 70 "GET http://172.18.0.2:8080/v1/AUTH_a1e48568798a40f8b39bbf9d0c38113b/gnocchi.582153fe-2f68-45c3-ba11-d3e3532ecc19/1769040000.0_mean_300.0_v3" "txcf61e5cef41c4134bc01e-00697cec9e" "proxy-server 20" 0.0004 "-" 25 0
Jan 30 17:38:38 standalone proxy-server[128378]: 172.18.0.2 172.18.0.100 30/Jan/2026/17/38/38 GET /v1/AUTH_a1e48568798a40f8b39bbf9d0c38113b/gnocchi.582153fe-2f68-45c3-ba11-d3e3532ecc19/1769040000.0_mean_300.0_v3 HTTP/1.0 404 - python-swiftclient-3.11.1 gAAAAABpfOxh1XDa... - 70 - txcf61e5cef41c4134bc01e-00697cec9e - 0.0072 - - 1769794718.788737059 1769794718.795919418 0
Jan 30 17:38:38 standalone container-server[126074]: 172.20.0.100 - - [30/Jan/2026:17:38:38 +0000] "PUT /d1/607/AUTH_a1e48568798a40f8b39bbf9d0c38113b/gnocchi.582153fe-2f68-45c3-ba11-d3e3532ecc19/1769040000.0_mean_300.0_v3" 201 - "PUT http://172.18.0.2:8080/d1/342/AUTH_a1e48568798a40f8b39bbf9d0c38113b/gnocchi.582153fe-2f68-45c3-ba11-d3e3532ecc19/1769040000.0_mean_300.0_v3" "tx95558495d4784e58be011-00697cec9e" "object-server 24" 0.0009 "-" 17 0
Jan 30 17:38:38 standalone object-server[126446]: 172.20.0.100 - - [30/Jan/2026:17:38:38 +0000] "PUT /d1/342/AUTH_a1e48568798a40f8b39bbf9d0c38113b/gnocchi.582153fe-2f68-45c3-ba11-d3e3532ecc19/1769040000.0_mean_300.0_v3" 201 - "PUT http://172.18.0.2:8080/v1/AUTH_a1e48568798a40f8b39bbf9d0c38113b/gnocchi.582153fe-2f68-45c3-ba11-d3e3532ecc19/1769040000.0_mean_300.0_v3" "tx95558495d4784e58be011-00697cec9e" "proxy-server 20" 0.0203 "-" 24 0
Jan 30 17:38:38 standalone proxy-server[128378]: 172.18.0.2 172.18.0.100 30/Jan/2026/17/38/38 PUT /v1/AUTH_a1e48568798a40f8b39bbf9d0c38113b/gnocchi.582153fe-2f68-45c3-ba11-d3e3532ecc19/1769040000.0_mean_300.0_v3 HTTP/1.0 201 - python-swiftclient-3.11.1 gAAAAABpfOxh1XDa... 16 - - tx95558495d4784e58be011-00697cec9e - 0.0300 - - 1769794718.799788475 1769794718.829817057 0
Jan 30 17:38:38 standalone container-server[126068]: 172.20.0.100 - - [30/Jan/2026:17:38:38 +0000] "PUT /d1/607/AUTH_a1e48568798a40f8b39bbf9d0c38113b/gnocchi.582153fe-2f68-45c3-ba11-d3e3532ecc19/none_v3" 201 - "PUT http://172.18.0.2:8080/d1/885/AUTH_a1e48568798a40f8b39bbf9d0c38113b/gnocchi.582153fe-2f68-45c3-ba11-d3e3532ecc19/none_v3" "tx6fd4faa77763419e824e3-00697cec9e" "object-server 23" 0.0009 "-" 16 0
Jan 30 17:38:38 standalone object-server[126441]: 172.20.0.100 - - [30/Jan/2026:17:38:38 +0000] "PUT /d1/885/AUTH_a1e48568798a40f8b39bbf9d0c38113b/gnocchi.582153fe-2f68-45c3-ba11-d3e3532ecc19/none_v3" 201 - "PUT http://172.18.0.2:8080/v1/AUTH_a1e48568798a40f8b39bbf9d0c38113b/gnocchi.582153fe-2f68-45c3-ba11-d3e3532ecc19/none_v3" "tx6fd4faa77763419e824e3-00697cec9e" "proxy-server 20" 0.0271 "-" 23 0
Jan 30 17:38:38 standalone proxy-server[128378]: 172.18.0.2 172.18.0.100 30/Jan/2026/17/38/38 PUT /v1/AUTH_a1e48568798a40f8b39bbf9d0c38113b/gnocchi.582153fe-2f68-45c3-ba11-d3e3532ecc19/none_v3 HTTP/1.0 201 - python-swiftclient-3.11.1 gAAAAABpfOxh1XDa... 22 - - tx6fd4faa77763419e824e3-00697cec9e - 0.0346 - - 1769794718.833098173 1769794718.867654800 0
Jan 30 17:38:46 standalone container-server[126066]: 172.20.0.100 - - [30/Jan/2026:17:38:46 +0000] "HEAD /d1/134/AUTH_a1e48568798a40f8b39bbf9d0c38113b/gnocchi.bc6ddba7-9159-41dc-84e2-c63ee81bdd3d" 404 - "HEAD http://172.18.0.2:8080/v1/AUTH_a1e48568798a40f8b39bbf9d0c38113b/gnocchi.bc6ddba7-9159-41dc-84e2-c63ee81bdd3d?format=json&states=listing" "tx90ebc4d1f3f045efb7bf7-00697ceca6" "proxy-server 20" 0.0010 "-" 15 0
Jan 30 17:38:46 standalone object-server[126441]: 172.20.0.100 - - [30/Jan/2026:17:38:46 +0000] "GET /d1/983/AUTH_a1e48568798a40f8b39bbf9d0c38113b/gnocchi.bc6ddba7-9159-41dc-84e2-c63ee81bdd3d/none_v3" 404 70 "GET http://172.18.0.2:8080/v1/AUTH_a1e48568798a40f8b39bbf9d0c38113b/gnocchi.bc6ddba7-9159-41dc-84e2-c63ee81bdd3d/none_v3" "tx90ebc4d1f3f045efb7bf7-00697ceca6" "proxy-server 20" 0.0013 "-" 23 0
Jan 30 17:38:46 standalone proxy-server[128378]: 172.18.0.2 172.18.0.100 30/Jan/2026/17/38/46 GET /v1/AUTH_a1e48568798a40f8b39bbf9d0c38113b/gnocchi.bc6ddba7-9159-41dc-84e2-c63ee81bdd3d/none_v3 HTTP/1.0 404 - python-swiftclient-3.11.1 gAAAAABpfOxh1XDa... - 70 - tx90ebc4d1f3f045efb7bf7-00697ceca6 - 0.0162 - - 1769794726.959474325 1769794726.975709438 0
Jan 30 17:38:47 standalone account-server[125924]: 172.20.0.100 - - [30/Jan/2026:17:38:47 +0000] "PUT /d1/377/AUTH_a1e48568798a40f8b39bbf9d0c38113b/gnocchi.bc6ddba7-9159-41dc-84e2-c63ee81bdd3d" 201 - "PUT http://172.20.0.100:6001/d1/134/AUTH_a1e48568798a40f8b39bbf9d0c38113b/gnocchi.bc6ddba7-9159-41dc-84e2-c63ee81bdd3d" "tx02695e8dcb9b4db38f6a6-00697ceca6" "container-server 15" 0.0077 "-" 20 0
Jan 30 17:38:47 standalone container-server[126066]: 172.20.0.100 - - [30/Jan/2026:17:38:47 +0000] "PUT /d1/134/AUTH_a1e48568798a40f8b39bbf9d0c38113b/gnocchi.bc6ddba7-9159-41dc-84e2-c63ee81bdd3d" 201 - "PUT http://172.18.0.2:8080/v1/AUTH_a1e48568798a40f8b39bbf9d0c38113b/gnocchi.bc6ddba7-9159-41dc-84e2-c63ee81bdd3d" "tx02695e8dcb9b4db38f6a6-00697ceca6" "proxy-server 20" 0.0217 "-" 15 0
Jan 30 17:38:47 standalone proxy-server[128378]: 172.18.0.2 172.18.0.100 30/Jan/2026/17/38/47 PUT /v1/AUTH_a1e48568798a40f8b39bbf9d0c38113b/gnocchi.bc6ddba7-9159-41dc-84e2-c63ee81bdd3d HTTP/1.0 201 - python-swiftclient-3.11.1 gAAAAABpfOxh1XDa... - - - tx02695e8dcb9b4db38f6a6-00697ceca6 - 0.0279 - - 1769794726.979074717 1769794727.006930828 0
Jan 30 17:38:47 standalone container-server[126060]: 172.20.0.100 - - [30/Jan/2026:17:38:47 +0000] "HEAD /d1/134/AUTH_a1e48568798a40f8b39bbf9d0c38113b/gnocchi.bc6ddba7-9159-41dc-84e2-c63ee81bdd3d" 204 - "HEAD http://172.18.0.2:8080/v1/AUTH_a1e48568798a40f8b39bbf9d0c38113b/gnocchi.bc6ddba7-9159-41dc-84e2-c63ee81bdd3d?format=json&states=listing" "tx80fb6ea9b0b84612a7db5-00697ceca7" "proxy-server 20" 0.0027 "-" 14 0
Jan 30 17:38:47 standalone proxy-server[128378]: - - 30/Jan/2026/17/38/47 HEAD /v1/AUTH_a1e48568798a40f8b39bbf9d0c38113b/gnocchi.bc6ddba7-9159-41dc-84e2-c63ee81bdd3d%3Fformat%3Djson%26states%3Dlisting HTTP/1.0 204 - Swift - - - - tx80fb6ea9b0b84612a7db5-00697ceca7 - 0.0073 RL - 1769794727.010923862 1769794727.018177032 0
Jan 30 17:38:47 standalone container-server[126068]: 172.20.0.100 - - [30/Jan/2026:17:38:47 +0000] "GET /d1/134/AUTH_a1e48568798a40f8b39bbf9d0c38113b/gnocchi.bc6ddba7-9159-41dc-84e2-c63ee81bdd3d" 200 2 "GET http://172.18.0.2:8080/v1/AUTH_a1e48568798a40f8b39bbf9d0c38113b/gnocchi.bc6ddba7-9159-41dc-84e2-c63ee81bdd3d?format=json&states=listing" "tx80fb6ea9b0b84612a7db5-00697ceca7" "proxy-server 20" 0.0062 "-" 16 0
Jan 30 17:38:47 standalone proxy-server[128378]: 172.18.0.2 172.18.0.100 30/Jan/2026/17/38/47 GET /v1/AUTH_a1e48568798a40f8b39bbf9d0c38113b/gnocchi.bc6ddba7-9159-41dc-84e2-c63ee81bdd3d%3Fformat%3Djson%26states%3Dlisting HTTP/1.0 200 - python-swiftclient-3.11.1 gAAAAABpfOxh1XDa... - 2 - tx80fb6ea9b0b84612a7db5-00697ceca7 - 0.0223 - - 1769794727.009454012 1769794727.031718969 0
Jan 30 17:38:47 standalone object-server[126441]: 172.20.0.100 - - [30/Jan/2026:17:38:47 +0000] "GET /d1/592/AUTH_a1e48568798a40f8b39bbf9d0c38113b/gnocchi.bc6ddba7-9159-41dc-84e2-c63ee81bdd3d/1769040000.0_mean_300.0_v3" 404 70 "GET http://172.18.0.2:8080/v1/AUTH_a1e48568798a40f8b39bbf9d0c38113b/gnocchi.bc6ddba7-9159-41dc-84e2-c63ee81bdd3d/1769040000.0_mean_300.0_v3" "tx00fafb4bc3dd450a8ba26-00697ceca7" "proxy-server 20" 0.0007 "-" 23 0
Jan 30 17:38:47 standalone proxy-server[128378]: 172.18.0.2 172.18.0.100 30/Jan/2026/17/38/47 GET /v1/AUTH_a1e48568798a40f8b39bbf9d0c38113b/gnocchi.bc6ddba7-9159-41dc-84e2-c63ee81bdd3d/1769040000.0_mean_300.0_v3 HTTP/1.0 404 - python-swiftclient-3.11.1 gAAAAABpfOxh1XDa... - 70 - tx00fafb4bc3dd450a8ba26-00697ceca7 - 0.0074 - - 1769794727.039639473 1769794727.047058582 0
Jan 30 17:38:47 standalone container-server[126066]: 172.20.0.100 - - [30/Jan/2026:17:38:47 +0000] "PUT /d1/134/AUTH_a1e48568798a40f8b39bbf9d0c38113b/gnocchi.bc6ddba7-9159-41dc-84e2-c63ee81bdd3d/1769040000.0_mean_300.0_v3" 201 - "PUT http://172.18.0.2:8080/d1/592/AUTH_a1e48568798a40f8b39bbf9d0c38113b/gnocchi.bc6ddba7-9159-41dc-84e2-c63ee81bdd3d/1769040000.0_mean_300.0_v3" "tx5a609f623d3e45c9a272b-00697ceca7" "object-server 23" 0.0018 "-" 15 0
Jan 30 17:38:47 standalone object-server[126441]: 172.20.0.100 - - [30/Jan/2026:17:38:47 +0000] "PUT /d1/592/AUTH_a1e48568798a40f8b39bbf9d0c38113b/gnocchi.bc6ddba7-9159-41dc-84e2-c63ee81bdd3d/1769040000.0_mean_300.0_v3" 201 - "PUT http://172.18.0.2:8080/v1/AUTH_a1e48568798a40f8b39bbf9d0c38113b/gnocchi.bc6ddba7-9159-41dc-84e2-c63ee81bdd3d/1769040000.0_mean_300.0_v3" "tx5a609f623d3e45c9a272b-00697ceca7" "proxy-server 20" 0.0237 "-" 23 0
Jan 30 17:38:47 standalone proxy-server[128378]: 172.18.0.2 172.18.0.100 30/Jan/2026/17/38/47 PUT /v1/AUTH_a1e48568798a40f8b39bbf9d0c38113b/gnocchi.bc6ddba7-9159-41dc-84e2-c63ee81bdd3d/1769040000.0_mean_300.0_v3 HTTP/1.0 201 - python-swiftclient-3.11.1 gAAAAABpfOxh1XDa... 16 - - tx5a609f623d3e45c9a272b-00697ceca7 - 0.0386 - - 1769794727.049606800 1769794727.088237524 0
Jan 30 17:38:47 standalone container-server[126060]: 172.20.0.100 - - [30/Jan/2026:17:38:47 +0000] "PUT /d1/134/AUTH_a1e48568798a40f8b39bbf9d0c38113b/gnocchi.bc6ddba7-9159-41dc-84e2-c63ee81bdd3d/none_v3" 201 - "PUT http://172.18.0.2:8080/d1/983/AUTH_a1e48568798a40f8b39bbf9d0c38113b/gnocchi.bc6ddba7-9159-41dc-84e2-c63ee81bdd3d/none_v3" "tx99b68a10348a4d2794c4b-00697ceca7" "object-server 22" 0.0015 "-" 14 0
Jan 30 17:38:47 standalone object-server[126435]: 172.20.0.100 - - [30/Jan/2026:17:38:47 +0000] "PUT /d1/983/AUTH_a1e48568798a40f8b39bbf9d0c38113b/gnocchi.bc6ddba7-9159-41dc-84e2-c63ee81bdd3d/none_v3" 201 - "PUT http://172.18.0.2:8080/v1/AUTH_a1e48568798a40f8b39bbf9d0c38113b/gnocchi.bc6ddba7-9159-41dc-84e2-c63ee81bdd3d/none_v3" "tx99b68a10348a4d2794c4b-00697ceca7" "proxy-server 20" 0.0142 "-" 22 0
Jan 30 17:38:47 standalone proxy-server[128378]: 172.18.0.2 172.18.0.100 30/Jan/2026/17/38/47 PUT /v1/AUTH_a1e48568798a40f8b39bbf9d0c38113b/gnocchi.bc6ddba7-9159-41dc-84e2-c63ee81bdd3d/none_v3 HTTP/1.0 201 - python-swiftclient-3.11.1 gAAAAABpfOxh1XDa... 22 - - tx99b68a10348a4d2794c4b-00697ceca7 - 0.0238 - - 1769794727.097040176 1769794727.120791912 0
Jan 30 17:38:47 standalone container-server[126068]: 172.20.0.100 - - [30/Jan/2026:17:38:47 +0000] "HEAD /d1/188/AUTH_a1e48568798a40f8b39bbf9d0c38113b/gnocchi.f321cb58-3128-457f-96bd-720b49e69f8d" 404 - "HEAD http://172.18.0.2:8080/v1/AUTH_a1e48568798a40f8b39bbf9d0c38113b/gnocchi.f321cb58-3128-457f-96bd-720b49e69f8d?format=json&states=listing" "tx14d3e626dc074bf1ac5ec-00697ceca7" "proxy-server 20" 0.0004 "-" 16 0
Jan 30 17:38:47 standalone object-server[126450]: 172.20.0.100 - - [30/Jan/2026:17:38:47 +0000] "GET /d1/787/AUTH_a1e48568798a40f8b39bbf9d0c38113b/gnocchi.f321cb58-3128-457f-96bd-720b49e69f8d/none_v3" 404 70 "GET http://172.18.0.2:8080/v1/AUTH_a1e48568798a40f8b39bbf9d0c38113b/gnocchi.f321cb58-3128-457f-96bd-720b49e69f8d/none_v3" "tx14d3e626dc074bf1ac5ec-00697ceca7" "proxy-server 20" 0.0007 "-" 25 0
Jan 30 17:38:47 standalone proxy-server[128378]: 172.18.0.2 172.18.0.100 30/Jan/2026/17/38/47 GET /v1/AUTH_a1e48568798a40f8b39bbf9d0c38113b/gnocchi.f321cb58-3128-457f-96bd-720b49e69f8d/none_v3 HTTP/1.0 404 - python-swiftclient-3.11.1 gAAAAABpfOxh1XDa... - 70 - tx14d3e626dc074bf1ac5ec-00697ceca7 - 0.0125 - - 1769794727.134107828 1769794727.146613836 0
Jan 30 17:38:47 standalone account-server[125929]: 172.20.0.100 - - [30/Jan/2026:17:38:47 +0000] "PUT /d1/377/AUTH_a1e48568798a40f8b39bbf9d0c38113b/gnocchi.f321cb58-3128-457f-96bd-720b49e69f8d" 201 - "PUT http://172.20.0.100:6001/d1/188/AUTH_a1e48568798a40f8b39bbf9d0c38113b/gnocchi.f321cb58-3128-457f-96bd-720b49e69f8d" "txae105b95db4c496ab5a0a-00697ceca7" "container-server 16" 0.0080 "-" 22 0
Jan 30 17:38:47 standalone container-server[126068]: 172.20.0.100 - - [30/Jan/2026:17:38:47 +0000] "PUT /d1/188/AUTH_a1e48568798a40f8b39bbf9d0c38113b/gnocchi.f321cb58-3128-457f-96bd-720b49e69f8d" 201 - "PUT http://172.18.0.2:8080/v1/AUTH_a1e48568798a40f8b39bbf9d0c38113b/gnocchi.f321cb58-3128-457f-96bd-720b49e69f8d" "txae105b95db4c496ab5a0a-00697ceca7" "proxy-server 20" 0.0217 "-" 16 0
Jan 30 17:38:47 standalone proxy-server[128378]: 172.18.0.2 172.18.0.100 30/Jan/2026/17/38/47 PUT /v1/AUTH_a1e48568798a40f8b39bbf9d0c38113b/gnocchi.f321cb58-3128-457f-96bd-720b49e69f8d HTTP/1.0 201 - python-swiftclient-3.11.1 gAAAAABpfOxh1XDa... - - - txae105b95db4c496ab5a0a-00697ceca7 - 0.0267 - - 1769794727.148823500 1769794727.175511599 0
Jan 30 17:38:47 standalone container-server[126060]: 172.20.0.100 - - [30/Jan/2026:17:38:47 +0000] "HEAD /d1/188/AUTH_a1e48568798a40f8b39bbf9d0c38113b/gnocchi.f321cb58-3128-457f-96bd-720b49e69f8d" 204 - "HEAD http://172.18.0.2:8080/v1/AUTH_a1e48568798a40f8b39bbf9d0c38113b/gnocchi.f321cb58-3128-457f-96bd-720b49e69f8d?format=json&states=listing" "txeeb2980090444b42b1a38-00697ceca7" "proxy-server 20" 0.0042 "-" 14 0
Jan 30 17:38:47 standalone proxy-server[128378]: - - 30/Jan/2026/17/38/47 HEAD /v1/AUTH_a1e48568798a40f8b39bbf9d0c38113b/gnocchi.f321cb58-3128-457f-96bd-720b49e69f8d%3Fformat%3Djson%26states%3Dlisting HTTP/1.0 204 - Swift - - - - txeeb2980090444b42b1a38-00697ceca7 - 0.0115 RL - 1769794727.179582357 1769794727.191064119 0
Jan 30 17:38:47 standalone container-server[126068]: 172.20.0.100 - - [30/Jan/2026:17:38:47 +0000] "GET /d1/188/AUTH_a1e48568798a40f8b39bbf9d0c38113b/gnocchi.f321cb58-3128-457f-96bd-720b49e69f8d" 200 2 "GET http://172.18.0.2:8080/v1/AUTH_a1e48568798a40f8b39bbf9d0c38113b/gnocchi.f321cb58-3128-457f-96bd-720b49e69f8d?format=json&states=listing" "txeeb2980090444b42b1a38-00697ceca7" "proxy-server 20" 0.0034 "-" 16 0
Jan 30 17:38:47 standalone proxy-server[128378]: 172.18.0.2 172.18.0.100 30/Jan/2026/17/38/47 GET /v1/AUTH_a1e48568798a40f8b39bbf9d0c38113b/gnocchi.f321cb58-3128-457f-96bd-720b49e69f8d%3Fformat%3Djson%26states%3Dlisting HTTP/1.0 200 - python-swiftclient-3.11.1 gAAAAABpfOxh1XDa... - 2 - txeeb2980090444b42b1a38-00697ceca7 - 0.0571 - - 1769794727.178362131 1769794727.235498190 0
Jan 30 17:38:47 standalone object-server[126450]: 172.20.0.100 - - [30/Jan/2026:17:38:47 +0000] "GET /d1/293/AUTH_a1e48568798a40f8b39bbf9d0c38113b/gnocchi.f321cb58-3128-457f-96bd-720b49e69f8d/1769040000.0_mean_300.0_v3" 404 70 "GET http://172.18.0.2:8080/v1/AUTH_a1e48568798a40f8b39bbf9d0c38113b/gnocchi.f321cb58-3128-457f-96bd-720b49e69f8d/1769040000.0_mean_300.0_v3" "tx4123a0e09471408a89c08-00697ceca7" "proxy-server 20" 0.0006 "-" 25 0
Jan 30 17:38:47 standalone proxy-server[128378]: 172.18.0.2 172.18.0.100 30/Jan/2026/17/38/47 GET /v1/AUTH_a1e48568798a40f8b39bbf9d0c38113b/gnocchi.f321cb58-3128-457f-96bd-720b49e69f8d/1769040000.0_mean_300.0_v3 HTTP/1.0 404 - python-swiftclient-3.11.1 gAAAAABpfOxh1XDa... - 70 - tx4123a0e09471408a89c08-00697ceca7 - 0.0089 - - 1769794727.242552996 1769794727.251424789 0
Jan 30 17:38:47 standalone container-server[126060]: 172.20.0.100 - - [30/Jan/2026:17:38:47 +0000] "PUT /d1/188/AUTH_a1e48568798a40f8b39bbf9d0c38113b/gnocchi.f321cb58-3128-457f-96bd-720b49e69f8d/1769040000.0_mean_300.0_v3" 201 - "PUT http://172.18.0.2:8080/d1/293/AUTH_a1e48568798a40f8b39bbf9d0c38113b/gnocchi.f321cb58-3128-457f-96bd-720b49e69f8d/1769040000.0_mean_300.0_v3" "txa7be6871d2e74a6eb55a6-00697ceca7" "object-server 23" 0.0021 "-" 14 0
Jan 30 17:38:47 standalone object-server[126441]: 172.20.0.100 - - [30/Jan/2026:17:38:47 +0000] "PUT /d1/293/AUTH_a1e48568798a40f8b39bbf9d0c38113b/gnocchi.f321cb58-3128-457f-96bd-720b49e69f8d/1769040000.0_mean_300.0_v3" 201 - "PUT http://172.18.0.2:8080/v1/AUTH_a1e48568798a40f8b39bbf9d0c38113b/gnocchi.f321cb58-3128-457f-96bd-720b49e69f8d/1769040000.0_mean_300.0_v3" "txa7be6871d2e74a6eb55a6-00697ceca7" "proxy-server 20" 0.0179 "-" 23 0
