Jan 30 17:39:31 standalone container-server[126074]: 172.20.0.100 - - [30/Jan/2026:17:39:31 +0000] "GET /d1/184/AUTH_a1e48568798a40f8b39bbf9d0c38113b/gnocchi.9a222698-7db8-4859-84a5-80c8bef25a42" 200 2 "GET http://172.18.0.2:8080/v1/AUTH_a1e48568798a40f8b39bbf9d0c38113b/gnocchi.9a222698-7db8-4859-84a5-80c8bef25a42?format=json&states=listing" "tx38e2556c9db14241a0459-00697cecd3" "proxy-server 20" 0.0024 "-" 17 0
Jan 30 17:39:31 standalone proxy-server[128378]: 172.18.0.2 172.18.0.100 30/Jan/2026/17/39/31 GET /v1/AUTH_a1e48568798a40f8b39bbf9d0c38113b/gnocchi.9a222698-7db8-4859-84a5-80c8bef25a42%3Fformat%3Djson%26states%3Dlisting HTTP/1.0 200 - python-swiftclient-3.11.1 gAAAAABpfOxh1XDa... - 2 - tx38e2556c9db14241a0459-00697cecd3 - 0.0159 - - 1769794771.594969511 1769794771.610834837 0
Jan 30 17:39:31 standalone object-server[126435]: 172.20.0.100 - - [30/Jan/2026:17:39:31 +0000] "GET /d1/639/AUTH_a1e48568798a40f8b39bbf9d0c38113b/gnocchi.9a222698-7db8-4859-84a5-80c8bef25a42/1769040000.0_mean_300.0_v3" 404 70 "GET http://172.18.0.2:8080/v1/AUTH_a1e48568798a40f8b39bbf9d0c38113b/gnocchi.9a222698-7db8-4859-84a5-80c8bef25a42/1769040000.0_mean_300.0_v3" "tx3f9a5cd6005c4fbe9068e-00697cecd3" "proxy-server 20" 0.0005 "-" 22 0
Jan 30 17:39:31 standalone proxy-server[128378]: 172.18.0.2 172.18.0.100 30/Jan/2026/17/39/31 GET /v1/AUTH_a1e48568798a40f8b39bbf9d0c38113b/gnocchi.9a222698-7db8-4859-84a5-80c8bef25a42/1769040000.0_mean_300.0_v3 HTTP/1.0 404 - python-swiftclient-3.11.1 gAAAAABpfOxh1XDa... - 70 - tx3f9a5cd6005c4fbe9068e-00697cecd3 - 0.0066 - - 1769794771.613848686 1769794771.620401144 0
Jan 30 17:39:31 standalone container-server[126066]: 172.20.0.100 - - [30/Jan/2026:17:39:31 +0000] "PUT /d1/184/AUTH_a1e48568798a40f8b39bbf9d0c38113b/gnocchi.9a222698-7db8-4859-84a5-80c8bef25a42/1769040000.0_mean_300.0_v3" 201 - "PUT http://172.18.0.2:8080/d1/639/AUTH_a1e48568798a40f8b39bbf9d0c38113b/gnocchi.9a222698-7db8-4859-84a5-80c8bef25a42/1769040000.0_mean_300.0_v3" "tx011d874b65454ba995d7c-00697cecd3" "object-server 25" 0.0010 "-" 15 0
Jan 30 17:39:31 standalone object-server[126450]: 172.20.0.100 - - [30/Jan/2026:17:39:31 +0000] "PUT /d1/639/AUTH_a1e48568798a40f8b39bbf9d0c38113b/gnocchi.9a222698-7db8-4859-84a5-80c8bef25a42/1769040000.0_mean_300.0_v3" 201 - "PUT http://172.18.0.2:8080/v1/AUTH_a1e48568798a40f8b39bbf9d0c38113b/gnocchi.9a222698-7db8-4859-84a5-80c8bef25a42/1769040000.0_mean_300.0_v3" "tx011d874b65454ba995d7c-00697cecd3" "proxy-server 20" 0.0138 "-" 25 0
Jan 30 17:39:31 standalone proxy-server[128378]: 172.18.0.2 172.18.0.100 30/Jan/2026/17/39/31 PUT /v1/AUTH_a1e48568798a40f8b39bbf9d0c38113b/gnocchi.9a222698-7db8-4859-84a5-80c8bef25a42/1769040000.0_mean_300.0_v3 HTTP/1.0 201 - python-swiftclient-3.11.1 gAAAAABpfOxh1XDa... 16 - - tx011d874b65454ba995d7c-00697cecd3 - 0.0207 - - 1769794771.623010635 1769794771.643660784 0
Jan 30 17:39:31 standalone container-server[126074]: 172.20.0.100 - - [30/Jan/2026:17:39:31 +0000] "PUT /d1/184/AUTH_a1e48568798a40f8b39bbf9d0c38113b/gnocchi.9a222698-7db8-4859-84a5-80c8bef25a42/none_v3" 201 - "PUT http://172.18.0.2:8080/d1/283/AUTH_a1e48568798a40f8b39bbf9d0c38113b/gnocchi.9a222698-7db8-4859-84a5-80c8bef25a42/none_v3" "tx93baff0ca6cf414faf58f-00697cecd3" "object-server 22" 0.0006 "-" 17 0
Jan 30 17:39:31 standalone object-server[126435]: 172.20.0.100 - - [30/Jan/2026:17:39:31 +0000] "PUT /d1/283/AUTH_a1e48568798a40f8b39bbf9d0c38113b/gnocchi.9a222698-7db8-4859-84a5-80c8bef25a42/none_v3" 201 - "PUT http://172.18.0.2:8080/v1/AUTH_a1e48568798a40f8b39bbf9d0c38113b/gnocchi.9a222698-7db8-4859-84a5-80c8bef25a42/none_v3" "tx93baff0ca6cf414faf58f-00697cecd3" "proxy-server 20" 0.0103 "-" 22 0
Jan 30 17:39:31 standalone proxy-server[128378]: 172.18.0.2 172.18.0.100 30/Jan/2026/17/39/31 PUT /v1/AUTH_a1e48568798a40f8b39bbf9d0c38113b/gnocchi.9a222698-7db8-4859-84a5-80c8bef25a42/none_v3 HTTP/1.0 201 - python-swiftclient-3.11.1 gAAAAABpfOxh1XDa... 22 - - tx93baff0ca6cf414faf58f-00697cecd3 - 0.0162 - - 1769794771.646517038 1769794771.662712336 0
Jan 30 17:39:32 standalone object-server[126450]: 172.20.0.100 - - [30/Jan/2026:17:39:32 +0000] "GET /d1/283/AUTH_a1e48568798a40f8b39bbf9d0c38113b/gnocchi.9a222698-7db8-4859-84a5-80c8bef25a42/none_v3" 200 22 "GET http://172.18.0.2:8080/v1/AUTH_a1e48568798a40f8b39bbf9d0c38113b/gnocchi.9a222698-7db8-4859-84a5-80c8bef25a42/none_v3" "tx95f69a301e144d4aa7caa-00697cecd4" "proxy-server 20" 0.0006 "-" 25 0
Jan 30 17:39:32 standalone proxy-server[128378]: 172.18.0.2 172.18.0.100 30/Jan/2026/17/39/32 GET /v1/AUTH_a1e48568798a40f8b39bbf9d0c38113b/gnocchi.9a222698-7db8-4859-84a5-80c8bef25a42/none_v3 HTTP/1.0 200 - python-swiftclient-3.11.1 gAAAAABpfOxh1XDa... - 22 - tx95f69a301e144d4aa7caa-00697cecd4 - 0.0066 - - 1769794772.251709461 1769794772.258306742 0
Jan 30 17:39:32 standalone container-server[126066]: 172.20.0.100 - - [30/Jan/2026:17:39:32 +0000] "GET /d1/184/AUTH_a1e48568798a40f8b39bbf9d0c38113b/gnocchi.9a222698-7db8-4859-84a5-80c8bef25a42" 200 357 "GET http://172.18.0.2:8080/v1/AUTH_a1e48568798a40f8b39bbf9d0c38113b/gnocchi.9a222698-7db8-4859-84a5-80c8bef25a42?format=json&states=listing" "txea6e34be999744d4b7e81-00697cecd4" "proxy-server 20" 0.0077 "-" 15 0
Jan 30 17:39:32 standalone proxy-server[128378]: 172.18.0.2 172.18.0.100 30/Jan/2026/17/39/32 GET /v1/AUTH_a1e48568798a40f8b39bbf9d0c38113b/gnocchi.9a222698-7db8-4859-84a5-80c8bef25a42%3Fformat%3Djson%26states%3Dlisting HTTP/1.0 200 - python-swiftclient-3.11.1 gAAAAABpfOxh1XDa... - 357 - txea6e34be999744d4b7e81-00697cecd4 - 0.0170 - - 1769794772.264301062 1769794772.281272173 0
Jan 30 17:39:32 standalone container-server[126074]: 172.20.0.100 - - [30/Jan/2026:17:39:32 +0000] "GET /d1/184/AUTH_a1e48568798a40f8b39bbf9d0c38113b/gnocchi.9a222698-7db8-4859-84a5-80c8bef25a42" 200 2 "GET http://172.18.0.2:8080/v1/AUTH_a1e48568798a40f8b39bbf9d0c38113b/gnocchi.9a222698-7db8-4859-84a5-80c8bef25a42?format=json&marker=none_v3&states=listing" "tx1d78e4c7ef6a454b8dd35-00697cecd4" "proxy-server 20" 0.0018 "-" 17 0
Jan 30 17:39:32 standalone proxy-server[128378]: 172.18.0.2 172.18.0.100 30/Jan/2026/17/39/32 GET /v1/AUTH_a1e48568798a40f8b39bbf9d0c38113b/gnocchi.9a222698-7db8-4859-84a5-80c8bef25a42%3Fformat%3Djson%26marker%3Dnone_v3%26states%3Dlisting HTTP/1.0 200 - python-swiftclient-3.11.1 gAAAAABpfOxh1XDa... - 2 - tx1d78e4c7ef6a454b8dd35-00697cecd4 - 0.0083 - - 1769794772.283937454 1769794772.292196512 0
Jan 30 17:39:32 standalone object-server[126450]: 172.20.0.100 - - [30/Jan/2026:17:39:32 +0000] "GET /d1/639/AUTH_a1e48568798a40f8b39bbf9d0c38113b/gnocchi.9a222698-7db8-4859-84a5-80c8bef25a42/1769040000.0_mean_300.0_v3" 200 16 "GET http://172.18.0.2:8080/v1/AUTH_a1e48568798a40f8b39bbf9d0c38113b/gnocchi.9a222698-7db8-4859-84a5-80c8bef25a42/1769040000.0_mean_300.0_v3" "txc462f3a7554a45f59d86f-00697cecd4" "proxy-server 20" 0.0008 "-" 25 0
Jan 30 17:39:32 standalone proxy-server[128378]: 172.18.0.2 172.18.0.100 30/Jan/2026/17/39/32 GET /v1/AUTH_a1e48568798a40f8b39bbf9d0c38113b/gnocchi.9a222698-7db8-4859-84a5-80c8bef25a42/1769040000.0_mean_300.0_v3 HTTP/1.0 200 - python-swiftclient-3.11.1 gAAAAABpfOxh1XDa... - 16 - txc462f3a7554a45f59d86f-00697cecd4 - 0.0059 - - 1769794772.294913530 1769794772.300797462 0
Jan 30 17:39:32 standalone container-server[126068]: 172.20.0.100 - - [30/Jan/2026:17:39:32 +0000] "PUT /d1/184/AUTH_a1e48568798a40f8b39bbf9d0c38113b/gnocchi.9a222698-7db8-4859-84a5-80c8bef25a42/1769040000.0_mean_300.0_v3" 201 - "PUT http://172.18.0.2:8080/d1/639/AUTH_a1e48568798a40f8b39bbf9d0c38113b/gnocchi.9a222698-7db8-4859-84a5-80c8bef25a42/1769040000.0_mean_300.0_v3" "tx624f1e03c3f84e0086810-00697cecd4" "object-server 24" 0.0004 "-" 16 0
Jan 30 17:39:32 standalone object-server[126446]: 172.20.0.100 - - [30/Jan/2026:17:39:32 +0000] "PUT /d1/639/AUTH_a1e48568798a40f8b39bbf9d0c38113b/gnocchi.9a222698-7db8-4859-84a5-80c8bef25a42/1769040000.0_mean_300.0_v3" 201 - "PUT http://172.18.0.2:8080/v1/AUTH_a1e48568798a40f8b39bbf9d0c38113b/gnocchi.9a222698-7db8-4859-84a5-80c8bef25a42/1769040000.0_mean_300.0_v3" "tx624f1e03c3f84e0086810-00697cecd4" "proxy-server 20" 0.0106 "-" 24 0
Jan 30 17:39:32 standalone proxy-server[128378]: 172.18.0.2 172.18.0.100 30/Jan/2026/17/39/32 PUT /v1/AUTH_a1e48568798a40f8b39bbf9d0c38113b/gnocchi.9a222698-7db8-4859-84a5-80c8bef25a42/1769040000.0_mean_300.0_v3 HTTP/1.0 201 - python-swiftclient-3.11.1 gAAAAABpfOxh1XDa... 16 - - tx624f1e03c3f84e0086810-00697cecd4 - 0.0157 - - 1769794772.302658796 1769794772.318398714 0
Jan 30 17:39:32 standalone container-server[126074]: 172.20.0.100 - - [30/Jan/2026:17:39:32 +0000] "PUT /d1/184/AUTH_a1e48568798a40f8b39bbf9d0c38113b/gnocchi.9a222698-7db8-4859-84a5-80c8bef25a42/none_v3" 201 - "PUT http://172.18.0.2:8080/d1/283/AUTH_a1e48568798a40f8b39bbf9d0c38113b/gnocchi.9a222698-7db8-4859-84a5-80c8bef25a42/none_v3" "tx2e38f30e9029499b8632d-00697cecd4" "object-server 24" 0.0006 "-" 17 0
Jan 30 17:39:32 standalone object-server[126446]: 172.20.0.100 - - [30/Jan/2026:17:39:32 +0000] "PUT /d1/283/AUTH_a1e48568798a40f8b39bbf9d0c38113b/gnocchi.9a222698-7db8-4859-84a5-80c8bef25a42/none_v3" 201 - "PUT http://172.18.0.2:8080/v1/AUTH_a1e48568798a40f8b39bbf9d0c38113b/gnocchi.9a222698-7db8-4859-84a5-80c8bef25a42/none_v3" "tx2e38f30e9029499b8632d-00697cecd4" "proxy-server 20" 0.0086 "-" 24 0
Jan 30 17:39:32 standalone proxy-server[128378]: 172.18.0.2 172.18.0.100 30/Jan/2026/17/39/32 PUT /v1/AUTH_a1e48568798a40f8b39bbf9d0c38113b/gnocchi.9a222698-7db8-4859-84a5-80c8bef25a42/none_v3 HTTP/1.0 201 - python-swiftclient-3.11.1 gAAAAABpfOxh1XDa... 31 - - tx2e38f30e9029499b8632d-00697cecd4 - 0.0168 - - 1769794772.320405722 1769794772.337172508 0
Jan 30 17:39:41 standalone account-server[125927]: 172.20.0.100 - - [30/Jan/2026:17:39:41 +0000] "HEAD /d1/377/AUTH_a1e48568798a40f8b39bbf9d0c38113b" 204 - "HEAD http://172.18.0.2:8080/v1/AUTH_a1e48568798a40f8b39bbf9d0c38113b?format=json" "tx4e7e0cb3497b40c0bf7c7-00697cecdd" "proxy-server 20" 0.0131 "-" 21 -
Jan 30 17:39:41 standalone proxy-server[128378]: - - 30/Jan/2026/17/39/41 HEAD /v1/AUTH_a1e48568798a40f8b39bbf9d0c38113b%3Fformat%3Djson HTTP/1.0 204 - Swift - - - - tx4e7e0cb3497b40c0bf7c7-00697cecdd - 0.0211 RL - 1769794781.052228689 1769794781.073307037 -
Jan 30 17:39:41 standalone object-server[126441]: 172.20.0.100 - - [30/Jan/2026:17:39:41 +0000] "GET /d1/155/AUTH_a1e48568798a40f8b39bbf9d0c38113b/gnocchi.d9032644-7bfc-4131-9007-abc1b46f35a1/none_v3" 200 32 "GET http://172.18.0.2:8080/v1/AUTH_a1e48568798a40f8b39bbf9d0c38113b/gnocchi.d9032644-7bfc-4131-9007-abc1b46f35a1/none_v3" "tx4e7e0cb3497b40c0bf7c7-00697cecdd" "proxy-server 20" 0.0014 "-" 23 0
Jan 30 17:39:41 standalone proxy-server[128378]: 172.18.0.2 172.18.0.100 30/Jan/2026/17/39/41 GET /v1/AUTH_a1e48568798a40f8b39bbf9d0c38113b/gnocchi.d9032644-7bfc-4131-9007-abc1b46f35a1/none_v3 HTTP/1.0 200 - python-swiftclient-3.11.1 gAAAAABpfOxh1XDa... - 32 - tx4e7e0cb3497b40c0bf7c7-00697cecdd - 0.0365 - - 1769794781.050651312 1769794781.087187529 0
Jan 30 17:39:41 standalone container-server[126068]: 172.20.0.100 - - [30/Jan/2026:17:39:41 +0000] "GET /d1/129/AUTH_a1e48568798a40f8b39bbf9d0c38113b/gnocchi.d9032644-7bfc-4131-9007-abc1b46f35a1" 200 357 "GET http://172.18.0.2:8080/v1/AUTH_a1e48568798a40f8b39bbf9d0c38113b/gnocchi.d9032644-7bfc-4131-9007-abc1b46f35a1?format=json&states=listing" "txbc9c3a97a2be41b682767-00697cecdd" "proxy-server 20" 0.0178 "-" 16 0
Jan 30 17:39:41 standalone proxy-server[128378]: 172.18.0.2 172.18.0.100 30/Jan/2026/17/39/41 GET /v1/AUTH_a1e48568798a40f8b39bbf9d0c38113b/gnocchi.d9032644-7bfc-4131-9007-abc1b46f35a1%3Fformat%3Djson%26states%3Dlisting HTTP/1.0 200 - python-swiftclient-3.11.1 gAAAAABpfOxh1XDa... - 357 - txbc9c3a97a2be41b682767-00697cecdd - 0.0281 - - 1769794781.092918158 1769794781.120975971 0
Jan 30 17:39:41 standalone container-server[126066]: 172.20.0.100 - - [30/Jan/2026:17:39:41 +0000] "GET /d1/129/AUTH_a1e48568798a40f8b39bbf9d0c38113b/gnocchi.d9032644-7bfc-4131-9007-abc1b46f35a1" 200 2 "GET http://172.18.0.2:8080/v1/AUTH_a1e48568798a40f8b39bbf9d0c38113b/gnocchi.d9032644-7bfc-4131-9007-abc1b46f35a1?format=json&marker=none_v3&states=listing" "tx0970120b2505415e982df-00697cecdd" "proxy-server 20" 0.0034 "-" 15 0
Jan 30 17:39:41 standalone proxy-server[128378]: 172.18.0.2 172.18.0.100 30/Jan/2026/17/39/41 GET /v1/AUTH_a1e48568798a40f8b39bbf9d0c38113b/gnocchi.d9032644-7bfc-4131-9007-abc1b46f35a1%3Fformat%3Djson%26marker%3Dnone_v3%26states%3Dlisting HTTP/1.0 200 - python-swiftclient-3.11.1 gAAAAABpfOxh1XDa... - 2 - tx0970120b2505415e982df-00697cecdd - 0.0107 - - 1769794781.125211716 1769794781.135921717 0
Jan 30 17:39:41 standalone object-server[126441]: 172.20.0.100 - - [30/Jan/2026:17:39:41 +0000] "GET /d1/265/AUTH_a1e48568798a40f8b39bbf9d0c38113b/gnocchi.d9032644-7bfc-4131-9007-abc1b46f35a1/1769040000.0_mean_300.0_v3" 200 16 "GET http://172.18.0.2:8080/v1/AUTH_a1e48568798a40f8b39bbf9d0c38113b/gnocchi.d9032644-7bfc-4131-9007-abc1b46f35a1/1769040000.0_mean_300.0_v3" "txb26e982deae940b6bfa07-00697cecdd" "proxy-server 20" 0.0007 "-" 23 0
Jan 30 17:39:41 standalone proxy-server[128378]: 172.18.0.2 172.18.0.100 30/Jan/2026/17/39/41 GET /v1/AUTH_a1e48568798a40f8b39bbf9d0c38113b/gnocchi.d9032644-7bfc-4131-9007-abc1b46f35a1/1769040000.0_mean_300.0_v3 HTTP/1.0 200 - python-swiftclient-3.11.1 gAAAAABpfOxh1XDa... - 16 - txb26e982deae940b6bfa07-00697cecdd - 0.0068 - - 1769794781.140456676 1769794781.147305727 0
Jan 30 17:39:41 standalone container-server[126066]: 172.20.0.100 - - [30/Jan/2026:17:39:41 +0000] "PUT /d1/129/AUTH_a1e48568798a40f8b39bbf9d0c38113b/gnocchi.d9032644-7bfc-4131-9007-abc1b46f35a1/1769040000.0_mean_300.0_v3" 201 - "PUT http://172.18.0.2:8080/d1/265/AUTH_a1e48568798a40f8b39bbf9d0c38113b/gnocchi.d9032644-7bfc-4131-9007-abc1b46f35a1/1769040000.0_mean_300.0_v3" "tx24559892a1444d88b0a85-00697cecdd" "object-server 23" 0.0008 "-" 15 0
Jan 30 17:39:41 standalone object-server[126441]: 172.20.0.100 - - [30/Jan/2026:17:39:41 +0000] "PUT /d1/265/AUTH_a1e48568798a40f8b39bbf9d0c38113b/gnocchi.d9032644-7bfc-4131-9007-abc1b46f35a1/1769040000.0_mean_300.0_v3" 201 - "PUT http://172.18.0.2:8080/v1/AUTH_a1e48568798a40f8b39bbf9d0c38113b/gnocchi.d9032644-7bfc-4131-9007-abc1b46f35a1/1769040000.0_mean_300.0_v3" "tx24559892a1444d88b0a85-00697cecdd" "proxy-server 20" 0.0095 "-" 23 0
Jan 30 17:39:41 standalone proxy-server[128378]: 172.18.0.2 172.18.0.100 30/Jan/2026/17/39/41 PUT /v1/AUTH_a1e48568798a40f8b39bbf9d0c38113b/gnocchi.d9032644-7bfc-4131-9007-abc1b46f35a1/1769040000.0_mean_300.0_v3 HTTP/1.0 201 - python-swiftclient-3.11.1 gAAAAABpfOxh1XDa... 16 - - tx24559892a1444d88b0a85-00697cecdd - 0.0148 - - 1769794781.150895357 1769794781.165715218 0
Jan 30 17:39:41 standalone container-server[126068]: 172.20.0.100 - - [30/Jan/2026:17:39:41 +0000] "PUT /d1/129/AUTH_a1e48568798a40f8b39bbf9d0c38113b/gnocchi.d9032644-7bfc-4131-9007-abc1b46f35a1/none_v3" 201 - "PUT http://172.18.0.2:8080/d1/155/AUTH_a1e48568798a40f8b39bbf9d0c38113b/gnocchi.d9032644-7bfc-4131-9007-abc1b46f35a1/none_v3" "tx2a3ac05df0624408ae7a3-00697cecdd" "object-server 24" 0.0011 "-" 16 0
Jan 30 17:39:41 standalone object-server[126446]: 172.20.0.100 - - [30/Jan/2026:17:39:41 +0000] "PUT /d1/155/AUTH_a1e48568798a40f8b39bbf9d0c38113b/gnocchi.d9032644-7bfc-4131-9007-abc1b46f35a1/none_v3" 201 - "PUT http://172.18.0.2:8080/v1/AUTH_a1e48568798a40f8b39bbf9d0c38113b/gnocchi.d9032644-7bfc-4131-9007-abc1b46f35a1/none_v3" "tx2a3ac05df0624408ae7a3-00697cecdd" "proxy-server 20" 0.0144 "-" 24 0
Jan 30 17:39:41 standalone proxy-server[128378]: 172.18.0.2 172.18.0.100 30/Jan/2026/17/39/41 PUT /v1/AUTH_a1e48568798a40f8b39bbf9d0c38113b/gnocchi.d9032644-7bfc-4131-9007-abc1b46f35a1/none_v3 HTTP/1.0 201 - python-swiftclient-3.11.1 gAAAAABpfOxh1XDa... 46 - - tx2a3ac05df0624408ae7a3-00697cecdd - 0.0209 - - 1769794781.168865681 1769794781.189732790 0
Jan 30 17:39:42 standalone object-server[126441]: 172.20.0.100 - - [30/Jan/2026:17:39:42 +0000] "GET /d1/155/AUTH_a1e48568798a40f8b39bbf9d0c38113b/gnocchi.d9032644-7bfc-4131-9007-abc1b46f35a1/none_v3" 200 46 "GET http://172.18.0.2:8080/v1/AUTH_a1e48568798a40f8b39bbf9d0c38113b/gnocchi.d9032644-7bfc-4131-9007-abc1b46f35a1/none_v3" "tx8f8934af7c034a97bba85-00697cecde" "proxy-server 20" 0.0012 "-" 23 0
Jan 30 17:39:42 standalone proxy-server[128378]: 172.18.0.2 172.18.0.100 30/Jan/2026/17/39/42 GET /v1/AUTH_a1e48568798a40f8b39bbf9d0c38113b/gnocchi.d9032644-7bfc-4131-9007-abc1b46f35a1/none_v3 HTTP/1.0 200 - python-swiftclient-3.11.1 gAAAAABpfOxh1XDa... - 46 - tx8f8934af7c034a97bba85-00697cecde - 0.0105 - - 1769794782.014000177 1769794782.024519205 0
Jan 30 17:39:42 standalone container-server[126066]: 172.20.0.100 - - [30/Jan/2026:17:39:42 +0000] "GET /d1/129/AUTH_a1e48568798a40f8b39bbf9d0c38113b/gnocchi.d9032644-7bfc-4131-9007-abc1b46f35a1" 200 357 "GET http://172.18.0.2:8080/v1/AUTH_a1e48568798a40f8b39bbf9d0c38113b/gnocchi.d9032644-7bfc-4131-9007-abc1b46f35a1?format=json&states=listing" "txc8f7d20977854e8489f3a-00697cecde" "proxy-server 20" 0.0079 "-" 15 0
Jan 30 17:39:42 standalone proxy-server[128378]: 172.18.0.2 172.18.0.100 30/Jan/2026/17/39/42 GET /v1/AUTH_a1e48568798a40f8b39bbf9d0c38113b/gnocchi.d9032644-7bfc-4131-9007-abc1b46f35a1%3Fformat%3Djson%26states%3Dlisting HTTP/1.0 200 - python-swiftclient-3.11.1 gAAAAABpfOxh1XDa... - 357 - txc8f7d20977854e8489f3a-00697cecde - 0.0190 - - 1769794782.030289173 1769794782.049302816 0
Jan 30 17:39:42 standalone container-server[126060]: 172.20.0.100 - - [30/Jan/2026:17:39:42 +0000] "GET /d1/129/AUTH_a1e48568798a40f8b39bbf9d0c38113b/gnocchi.d9032644-7bfc-4131-9007-abc1b46f35a1" 200 2 "GET http://172.18.0.2:8080/v1/AUTH_a1e48568798a40f8b39bbf9d0c38113b/gnocchi.d9032644-7bfc-4131-9007-abc1b46f35a1?format=json&marker=none_v3&states=listing" "tx6e75051f0f354d45b4f51-00697cecde" "proxy-server 20" 0.0040 "-" 14 0
Jan 30 17:39:42 standalone proxy-server[128378]: 172.18.0.2 172.18.0.100 30/Jan/2026/17/39/42 GET /v1/AUTH_a1e48568798a40f8b39bbf9d0c38113b/gnocchi.d9032644-7bfc-4131-9007-abc1b46f35a1%3Fformat%3Djson%26marker%3Dnone_v3%26states%3Dlisting HTTP/1.0 200 - python-swiftclient-3.11.1 gAAAAABpfOxh1XDa... - 2 - tx6e75051f0f354d45b4f51-00697cecde - 0.0146 - - 1769794782.052907705 1769794782.067494631 0
Jan 30 17:39:42 standalone object-server[126446]: 172.20.0.100 - - [30/Jan/2026:17:39:42 +0000] "GET /d1/265/AUTH_a1e48568798a40f8b39bbf9d0c38113b/gnocchi.d9032644-7bfc-4131-9007-abc1b46f35a1/1769040000.0_mean_300.0_v3" 200 16 "GET http://172.18.0.2:8080/v1/AUTH_a1e48568798a40f8b39bbf9d0c38113b/gnocchi.d9032644-7bfc-4131-9007-abc1b46f35a1/1769040000.0_mean_300.0_v3" "tx93793ed5ec39434c893dd-00697cecde" "proxy-server 20" 0.0006 "-" 24 0
Jan 30 17:39:42 standalone proxy-server[128378]: 172.18.0.2 172.18.0.100 30/Jan/2026/17/39/42 GET /v1/AUTH_a1e48568798a40f8b39bbf9d0c38113b/gnocchi.d9032644-7bfc-4131-9007-abc1b46f35a1/1769040000.0_mean_300.0_v3 HTTP/1.0 200 - python-swiftclient-3.11.1 gAAAAABpfOxh1XDa... - 16 - tx93793ed5ec39434c893dd-00697cecde - 0.0084 - - 1769794782.071551323 1769794782.079908371 0
Jan 30 17:39:42 standalone container-server[126060]: 172.20.0.100 - - [30/Jan/2026:17:39:42 +0000] "PUT /d1/129/AUTH_a1e48568798a40f8b39bbf9d0c38113b/gnocchi.d9032644-7bfc-4131-9007-abc1b46f35a1/1769040000.0_mean_300.0_v3" 201 - "PUT http://172.18.0.2:8080/d1/265/AUTH_a1e48568798a40f8b39bbf9d0c38113b/gnocchi.d9032644-7bfc-4131-9007-abc1b46f35a1/1769040000.0_mean_300.0_v3" "txd2dc362d02654f38bf18c-00697cecde" "object-server 22" 0.0008 "-" 14 0
Jan 30 17:39:42 standalone object-server[126435]: 172.20.0.100 - - [30/Jan/2026:17:39:42 +0000] "PUT /d1/265/AUTH_a1e48568798a40f8b39bbf9d0c38113b/gnocchi.d9032644-7bfc-4131-9007-abc1b46f35a1/1769040000.0_mean_300.0_v3" 201 - "PUT http://172.18.0.2:8080/v1/AUTH_a1e48568798a40f8b39bbf9d0c38113b/gnocchi.d9032644-7bfc-4131-9007-abc1b46f35a1/1769040000.0_mean_300.0_v3" "txd2dc362d02654f38bf18c-00697cecde" "proxy-server 20" 0.0101 "-" 22 0
Jan 30 17:39:42 standalone proxy-server[128378]: 172.18.0.2 172.18.0.100 30/Jan/2026/17/39/42 PUT /v1/AUTH_a1e48568798a40f8b39bbf9d0c38113b/gnocchi.d9032644-7bfc-4131-9007-abc1b46f35a1/1769040000.0_mean_300.0_v3 HTTP/1.0 201 - python-swiftclient-3.11.1 gAAAAABpfOxh1XDa... 16 - - txd2dc362d02654f38bf18c-00697cecde - 0.0211 - - 1769794782.085082293 1769794782.106164694 0
Jan 30 17:39:42 standalone container-server[126074]: 172.20.0.100 - - [30/Jan/2026:17:39:42 +0000] "PUT /d1/129/AUTH_a1e48568798a40f8b39bbf9d0c38113b/gnocchi.d9032644-7bfc-4131-9007-abc1b46f35a1/none_v3" 201 - "PUT http://172.18.0.2:8080/d1/155/AUTH_a1e48568798a40f8b39bbf9d0c38113b/gnocchi.d9032644-7bfc-4131-9007-abc1b46f35a1/none_v3" "tx609cd4c52a4a479daa6c4-00697cecde" "object-server 22" 0.0008 "-" 17 0
Jan 30 17:39:42 standalone object-server[126435]: 172.20.0.100 - - [30/Jan/2026:17:39:42 +0000] "PUT /d1/155/AUTH_a1e48568798a40f8b39bbf9d0c38113b/gnocchi.d9032644-7bfc-4131-9007-abc1b46f35a1/none_v3" 201 - "PUT http://172.18.0.2:8080/v1/AUTH_a1e48568798a40f8b39bbf9d0c38113b/gnocchi.d9032644-7bfc-4131-9007-abc1b46f35a1/none_v3" "tx609cd4c52a4a479daa6c4-00697cecde" "proxy-server 20" 0.0107 "-" 22 0
Jan 30 17:39:42 standalone proxy-server[128378]: 172.18.0.2 172.18.0.100 30/Jan/2026/17/39/42 PUT /v1/AUTH_a1e48568798a40f8b39bbf9d0c38113b/gnocchi.d9032644-7bfc-4131-9007-abc1b46f35a1/none_v3 HTTP/1.0 201 - python-swiftclient-3.11.1 gAAAAABpfOxh1XDa... 51 - - tx609cd4c52a4a479daa6c4-00697cecde - 0.0180 - - 1769794782.110143900 1769794782.128117800 0
Jan 30 17:39:42 standalone object-server[126441]: 172.20.0.100 - - [30/Jan/2026:17:39:42 +0000] "GET /d1/983/AUTH_a1e48568798a40f8b39bbf9d0c38113b/gnocchi.bc6ddba7-9159-41dc-84e2-c63ee81bdd3d/none_v3" 200 22 "GET http://172.18.0.2:8080/v1/AUTH_a1e48568798a40f8b39bbf9d0c38113b/gnocchi.bc6ddba7-9159-41dc-84e2-c63ee81bdd3d/none_v3" "tx1a67f29f64494944a929f-00697cecde" "proxy-server 20" 0.0014 "-" 23 0
Jan 30 17:39:42 standalone proxy-server[128378]: 172.18.0.2 172.18.0.100 30/Jan/2026/17/39/42 GET /v1/AUTH_a1e48568798a40f8b39bbf9d0c38113b/gnocchi.bc6ddba7-9159-41dc-84e2-c63ee81bdd3d/none_v3 HTTP/1.0 200 - python-swiftclient-3.11.1 gAAAAABpfOxh1XDa... - 22 - tx1a67f29f64494944a929f-00697cecde - 0.0095 - - 1769794782.141321898 1769794782.150774479 0
Jan 30 17:39:42 standalone container-server[126066]: 172.20.0.100 - - [30/Jan/2026:17:39:42 +0000] "GET /d1/134/AUTH_a1e48568798a40f8b39bbf9d0c38113b/gnocchi.bc6ddba7-9159-41dc-84e2-c63ee81bdd3d" 200 357 "GET http://172.18.0.2:8080/v1/AUTH_a1e48568798a40f8b39bbf9d0c38113b/gnocchi.bc6ddba7-9159-41dc-84e2-c63ee81bdd3d?format=json&states=listing" "tx2c7e2a9b7b93401d90b4f-00697cecde" "proxy-server 20" 0.0095 "-" 15 0
Jan 30 17:39:42 standalone proxy-server[128378]: 172.18.0.2 172.18.0.100 30/Jan/2026/17/39/42 GET /v1/AUTH_a1e48568798a40f8b39bbf9d0c38113b/gnocchi.bc6ddba7-9159-41dc-84e2-c63ee81bdd3d%3Fformat%3Djson%26states%3Dlisting HTTP/1.0 200 - python-swiftclient-3.11.1 gAAAAABpfOxh1XDa... - 357 - tx2c7e2a9b7b93401d90b4f-00697cecde - 0.0275 - - 1769794782.154762745 1769794782.182238579 0
Jan 30 17:39:42 standalone container-server[126066]: 172.20.0.100 - - [30/Jan/2026:17:39:42 +0000] "GET /d1/134/AUTH_a1e48568798a40f8b39bbf9d0c38113b/gnocchi.bc6ddba7-9159-41dc-84e2-c63ee81bdd3d" 200 2 "GET http://172.18.0.2:8080/v1/AUTH_a1e48568798a40f8b39bbf9d0c38113b/gnocchi.bc6ddba7-9159-41dc-84e2-c63ee81bdd3d?format=json&marker=none_v3&states=listing" "txd7fd2464336c4629a063c-00697cecde" "proxy-server 20" 0.0049 "-" 15 0
Jan 30 17:39:42 standalone proxy-server[128378]: 172.18.0.2 172.18.0.100 30/Jan/2026/17/39/42 GET /v1/AUTH_a1e48568798a40f8b39bbf9d0c38113b/gnocchi.bc6ddba7-9159-41dc-84e2-c63ee81bdd3d%3Fformat%3Djson%26marker%3Dnone_v3%26states%3Dlisting HTTP/1.0 200 - python-swiftclient-3.11.1 gAAAAABpfOxh1XDa... - 2 - txd7fd2464336c4629a063c-00697cecde - 0.0117 - - 1769794782.186676264 1769794782.198386908 0
Jan 30 17:39:42 standalone object-server[126435]: 172.20.0.100 - - [30/Jan/2026:17:39:42 +0000] "GET /d1/592/AUTH_a1e48568798a40f8b39bbf9d0c38113b/gnocchi.bc6ddba7-9159-41dc-84e2-c63ee81bdd3d/1769040000.0_mean_300.0_v3" 200 16 "GET http://172.18.0.2:8080/v1/AUTH_a1e48568798a40f8b39bbf9d0c38113b/gnocchi.bc6ddba7-9159-41dc-84e2-c63ee81bdd3d/1769040000.0_mean_300.0_v3" "tx082f1e7d6e884d6f9f131-00697cecde" "proxy-server 20" 0.0013 "-" 22 0
Jan 30 17:39:42 standalone proxy-server[128378]: 172.18.0.2 172.18.0.100 30/Jan/2026/17/39/42 GET /v1/AUTH_a1e48568798a40f8b39bbf9d0c38113b/gnocchi.bc6ddba7-9159-41dc-84e2-c63ee81bdd3d/1769040000.0_mean_300.0_v3 HTTP/1.0 200 - python-swiftclient-3.11.1 gAAAAABpfOxh1XDa... - 16 - tx082f1e7d6e884d6f9f131-00697cecde - 0.0086 - - 1769794782.203731298 1769794782.212294340 0
Jan 30 17:39:42 standalone container-server[126066]: 172.20.0.100 - - [30/Jan/2026:17:39:42 +0000] "PUT /d1/134/AUTH_a1e48568798a40f8b39bbf9d0c38113b/gnocchi.bc6ddba7-9159-41dc-84e2-c63ee81bdd3d/1769040000.0_mean_300.0_v3" 201 - "PUT http://172.18.0.2:8080/d1/592/AUTH_a1e48568798a40f8b39bbf9d0c38113b/gnocchi.bc6ddba7-9159-41dc-84e2-c63ee81bdd3d/1769040000.0_mean_300.0_v3" "txeb6c3aa39c6a4ff8a76ef-00697cecde" "object-server 25" 0.0007 "-" 15 0
Jan 30 17:39:42 standalone object-server[126450]: 172.20.0.100 - - [30/Jan/2026:17:39:42 +0000] "PUT /d1/592/AUTH_a1e48568798a40f8b39bbf9d0c38113b/gnocchi.bc6ddba7-9159-41dc-84e2-c63ee81bdd3d/1769040000.0_mean_300.0_v3" 201 - "PUT http://172.18.0.2:8080/v1/AUTH_a1e48568798a40f8b39bbf9d0c38113b/gnocchi.bc6ddba7-9159-41dc-84e2-c63ee81bdd3d/1769040000.0_mean_300.0_v3" "txeb6c3aa39c6a4ff8a76ef-00697cecde" "proxy-server 20" 0.0112 "-" 25 0
Jan 30 17:39:42 standalone proxy-server[128378]: 172.18.0.2 172.18.0.100 30/Jan/2026/17/39/42 PUT /v1/AUTH_a1e48568798a40f8b39bbf9d0c38113b/gnocchi.bc6ddba7-9159-41dc-84e2-c63ee81bdd3d/1769040000.0_mean_300.0_v3 HTTP/1.0 201 - python-swiftclient-3.11.1 gAAAAABpfOxh1XDa... 16 - - txeb6c3aa39c6a4ff8a76ef-00697cecde - 0.0193 - - 1769794782.215976715 1769794782.235281944 0
Jan 30 17:39:42 standalone container-server[126068]: 172.20.0.100 - - [30/Jan/2026:17:39:42 +0000] "PUT /d1/134/AUTH_a1e48568798a40f8b39bbf9d0c38113b/gnocchi.bc6ddba7-9159-41dc-84e2-c63ee81bdd3d/none_v3" 201 - "PUT http://172.18.0.2:8080/d1/983/AUTH_a1e48568798a40f8b39bbf9d0c38113b/gnocchi.bc6ddba7-9159-41dc-84e2-c63ee81bdd3d/none_v3" "txd88a3bf2712b422595ed8-00697cecde" "object-server 25" 0.0009 "-" 16 0
Jan 30 17:39:42 standalone object-server[126450]: 172.20.0.100 - - [30/Jan/2026:17:39:42 +0000] "PUT /d1/983/AUTH_a1e48568798a40f8b39bbf9d0c38113b/gnocchi.bc6ddba7-9159-41dc-84e2-c63ee81bdd3d/none_v3" 201 - "PUT http://172.18.0.2:8080/v1/AUTH_a1e48568798a40f8b39bbf9d0c38113b/gnocchi.bc6ddba7-9159-41dc-84e2-c63ee81bdd3d/none_v3" "txd88a3bf2712b422595ed8-00697cecde" "proxy-server 20" 0.0117 "-" 25 0
Jan 30 17:39:42 standalone proxy-server[128378]: 172.18.0.2 172.18.0.100 30/Jan/2026/17/39/42 PUT /v1/AUTH_a1e48568798a40f8b39bbf9d0c38113b/gnocchi.bc6ddba7-9159-41dc-84e2-c63ee81bdd3d/none_v3 HTTP/1.0 201 - python-swiftclient-3.11.1 gAAAAABpfOxh1XDa... 32 - - txd88a3bf2712b422595ed8-00697cecde - 0.0170 - - 1769794782.238295794 1769794782.255272627 0
Jan 30 17:39:42 standalone object-server[126450]: 172.20.0.100 - - [30/Jan/2026:17:39:42 +0000] "GET /d1/769/AUTH_a1e48568798a40f8b39bbf9d0c38113b/gnocchi.6e498b81-35c4-41ad-a4ec-d8b541349c0b/none_v3" 200 22 "GET http://172.18.0.2:8080/v1/AUTH_a1e48568798a40f8b39bbf9d0c38113b/gnocchi.6e498b81-35c4-41ad-a4ec-d8b541349c0b/none_v3" "tx939af34fe0d8422d9b41a-00697cecde" "proxy-server 20" 0.0012 "-" 25 0
Jan 30 17:39:42 standalone proxy-server[128378]: 172.18.0.2 172.18.0.100 30/Jan/2026/17/39/42 GET /v1/AUTH_a1e48568798a40f8b39bbf9d0c38113b/gnocchi.6e498b81-35c4-41ad-a4ec-d8b541349c0b/none_v3 HTTP/1.0 200 - python-swiftclient-3.11.1 gAAAAABpfOxh1XDa... - 22 - tx939af34fe0d8422d9b41a-00697cecde - 0.0073 - - 1769794782.270992756 1769794782.278321981 0
Jan 30 17:39:42 standalone object-server[126435]: 172.20.0.100 - - [30/Jan/2026:17:39:42 +0000] "GET /d1/634/AUTH_a1e48568798a40f8b39bbf9d0c38113b/gnocchi.cb4a888a-faff-4c21-98e2-31ecc4ad7f0b/none_v3" 200 22 "GET http://172.18.0.2:8080/v1/AUTH_a1e48568798a40f8b39bbf9d0c38113b/gnocchi.cb4a888a-faff-4c21-98e2-31ecc4ad7f0b/none_v3" "tx5589d8fa0f644386b2be5-00697cecde" "proxy-server 20" 0.0010 "-" 22 0
Jan 30 17:39:42 standalone proxy-server[128378]: 172.18.0.2 172.18.0.100 30/Jan/2026/17/39/42 GET /v1/AUTH_a1e48568798a40f8b39bbf9d0c38113b/gnocchi.cb4a888a-faff-4c21-98e2-31ecc4ad7f0b/none_v3 HTTP/1.0 200 - python-swiftclient-3.11.1 gAAAAABpfOxh1XDa... - 22 - tx5589d8fa0f644386b2be5-00697cecde - 0.0060 - - 1769794782.281843185 1769794782.287851810 0
Jan 30 17:39:42 standalone container-server[126066]: 172.20.0.100 - - [30/Jan/2026:17:39:42 +0000] "GET /d1/822/AUTH_a1e48568798a40f8b39bbf9d0c38113b/gnocchi.6e498b81-35c4-41ad-a4ec-d8b541349c0b" 200 357 "GET http://172.18.0.2:8080/v1/AUTH_a1e48568798a40f8b39bbf9d0c38113b/gnocchi.6e498b81-35c4-41ad-a4ec-d8b541349c0b?format=json&states=listing" "tx40b56c09f7bd480cb705d-00697cecde" "proxy-server 20" 0.0094 "-" 15 0
Jan 30 17:39:42 standalone proxy-server[128378]: 172.18.0.2 172.18.0.100 30/Jan/2026/17/39/42 GET /v1/AUTH_a1e48568798a40f8b39bbf9d0c38113b/gnocchi.6e498b81-35c4-41ad-a4ec-d8b541349c0b%3Fformat%3Djson%26states%3Dlisting HTTP/1.0 200 - python-swiftclient-3.11.1 gAAAAABpfOxh1XDa... - 357 - tx40b56c09f7bd480cb705d-00697cecde - 0.0147 - - 1769794782.292026281 1769794782.306706667 0
Jan 30 17:39:42 standalone container-server[126066]: 172.20.0.100 - - [30/Jan/2026:17:39:42 +0000] "GET /d1/822/AUTH_a1e48568798a40f8b39bbf9d0c38113b/gnocchi.6e498b81-35c4-41ad-a4ec-d8b541349c0b" 200 2 "GET http://172.18.0.2:8080/v1/AUTH_a1e48568798a40f8b39bbf9d0c38113b/gnocchi.6e498b81-35c4-41ad-a4ec-d8b541349c0b?format=json&marker=none_v3&states=listing" "txff0aa80920584daca49f0-00697cecde" "proxy-server 20" 0.0055 "-" 15 0
Jan 30 17:39:42 standalone proxy-server[128378]: 172.18.0.2 172.18.0.100 30/Jan/2026/17/39/42 GET /v1/AUTH_a1e48568798a40f8b39bbf9d0c38113b/gnocchi.6e498b81-35c4-41ad-a4ec-d8b541349c0b%3Fformat%3Djson%26marker%3Dnone_v3%26states%3Dlisting HTTP/1.0 200 - python-swiftclient-3.11.1 gAAAAABpfOxh1XDa... - 2 - txff0aa80920584daca49f0-00697cecde - 0.0133 - - 1769794782.310322523 1769794782.323581696 0
Jan 30 17:39:42 standalone container-server[126066]: 172.20.0.100 - - [30/Jan/2026:17:39:42 +0000] "GET /d1/197/AUTH_a1e48568798a40f8b39bbf9d0c38113b/gnocchi.cb4a888a-faff-4c21-98e2-31ecc4ad7f0b" 200 357 "GET http://172.18.0.2:8080/v1/AUTH_a1e48568798a40f8b39bbf9d0c38113b/gnocchi.cb4a888a-faff-4c21-98e2-31ecc4ad7f0b?format=json&states=listing" "tx2b1155834dbb4f059c373-00697cecde" "proxy-server 20" 0.0097 "-" 15 0
Jan 30 17:39:42 standalone proxy-server[128378]: 172.18.0.2 172.18.0.100 30/Jan/2026/17/39/42 GET /v1/AUTH_a1e48568798a40f8b39bbf9d0c38113b/gnocchi.cb4a888a-faff-4c21-98e2-31ecc4ad7f0b%3Fformat%3Djson%26states%3Dlisting HTTP/1.0 200 - python-swiftclient-3.11.1 gAAAAABpfOxh1XDa... - 357 - tx2b1155834dbb4f059c373-00697cecde - 0.0182 - - 1769794782.329195976 1769794782.347416401 0
Jan 30 17:39:42 standalone container-server[126066]: 172.20.0.100 - - [30/Jan/2026:17:39:42 +0000] "GET /d1/197/AUTH_a1e48568798a40f8b39bbf9d0c38113b/gnocchi.cb4a888a-faff-4c21-98e2-31ecc4ad7f0b" 200 2 "GET http://172.18.0.2:8080/v1/AUTH_a1e48568798a40f8b39bbf9d0c38113b/gnocchi.cb4a888a-faff-4c21-98e2-31ecc4ad7f0b?format=json&marker=none_v3&states=listing" "txcc8be79788964cbfa6ecf-00697cecde" "proxy-server 20" 0.0036 "-" 15 0
Jan 30 17:39:42 standalone proxy-server[128378]: 172.18.0.2 172.18.0.100 30/Jan/2026/17/39/42 GET /v1/AUTH_a1e48568798a40f8b39bbf9d0c38113b/gnocchi.cb4a888a-faff-4c21-98e2-31ecc4ad7f0b%3Fformat%3Djson%26marker%3Dnone_v3%26states%3Dlisting HTTP/1.0 200 - python-swiftclient-3.11.1 gAAAAABpfOxh1XDa... - 2 - txcc8be79788964cbfa6ecf-00697cecde - 0.0119 - - 1769794782.351443291 1769794782.363325357 0
Jan 30 17:39:42 standalone object-server[126446]: 172.20.0.100 - - [30/Jan/2026:17:39:42 +0000] "GET /d1/998/AUTH_a1e48568798a40f8b39bbf9d0c38113b/gnocchi.6e498b81-35c4-41ad-a4ec-d8b541349c0b/1769040000.0_mean_300.0_v3" 200 16 "GET http://172.18.0.2:8080/v1/AUTH_a1e48568798a40f8b39bbf9d0c38113b/gnocchi.6e498b81-35c4-41ad-a4ec-d8b541349c0b/1769040000.0_mean_300.0_v3" "txf9db5c6af26b4a829a95e-00697cecde" "proxy-server 20" 0.0013 "-" 24 0
Jan 30 17:39:42 standalone proxy-server[128378]: 172.18.0.2 172.18.0.100 30/Jan/2026/17/39/42 GET /v1/AUTH_a1e48568798a40f8b39bbf9d0c38113b/gnocchi.6e498b81-35c4-41ad-a4ec-d8b541349c0b/1769040000.0_mean_300.0_v3 HTTP/1.0 200 - python-swiftclient-3.11.1 gAAAAABpfOxh1XDa... - 16 - txf9db5c6af26b4a829a95e-00697cecde - 0.0108 - - 1769794782.367846251 1769794782.378611565 0
Jan 30 17:39:42 standalone object-server[126435]: 172.20.0.100 - - [30/Jan/2026:17:39:42 +0000] "GET /d1/682/AUTH_a1e48568798a40f8b39bbf9d0c38113b/gnocchi.cb4a888a-faff-4c21-98e2-31ecc4ad7f0b/1769040000.0_mean_300.0_v3" 200 16 "GET http://172.18.0.2:8080/v1/AUTH_a1e48568798a40f8b39bbf9d0c38113b/gnocchi.cb4a888a-faff-4c21-98e2-31ecc4ad7f0b/1769040000.0_mean_300.0_v3" "tx8dad6ba027aa44d395ff9-00697cecde" "proxy-server 20" 0.0012 "-" 22 0
Jan 30 17:39:42 standalone proxy-server[128378]: 172.18.0.2 172.18.0.100 30/Jan/2026/17/39/42 GET /v1/AUTH_a1e48568798a40f8b39bbf9d0c38113b/gnocchi.cb4a888a-faff-4c21-98e2-31ecc4ad7f0b/1769040000.0_mean_300.0_v3 HTTP/1.0 200 - python-swiftclient-3.11.1 gAAAAABpfOxh1XDa... - 16 - tx8dad6ba027aa44d395ff9-00697cecde - 0.0106 - - 1769794782.386605501 1769794782.397243738 0
Jan 30 17:39:42 standalone container-server[126068]: 172.20.0.100 - - [30/Jan/2026:17:39:42 +0000] "PUT /d1/822/AUTH_a1e48568798a40f8b39bbf9d0c38113b/gnocchi.6e498b81-35c4-41ad-a4ec-d8b541349c0b/1769040000.0_mean_300.0_v3" 201 - "PUT http://172.18.0.2:8080/d1/998/AUTH_a1e48568798a40f8b39bbf9d0c38113b/gnocchi.6e498b81-35c4-41ad-a4ec-d8b541349c0b/1769040000.0_mean_300.0_v3" "txcf1aaaf92fbc436fab0c6-00697cecde" "object-server 25" 0.0008 "-" 16 0
Jan 30 17:39:42 standalone object-server[126450]: 172.20.0.100 - - [30/Jan/2026:17:39:42 +0000] "PUT /d1/998/AUTH_a1e48568798a40f8b39bbf9d0c38113b/gnocchi.6e498b81-35c4-41ad-a4ec-d8b541349c0b/1769040000.0_mean_300.0_v3" 201 - "PUT http://172.18.0.2:8080/v1/AUTH_a1e48568798a40f8b39bbf9d0c38113b/gnocchi.6e498b81-35c4-41ad-a4ec-d8b541349c0b/1769040000.0_mean_300.0_v3" "txcf1aaaf92fbc436fab0c6-00697cecde" "proxy-server 20" 0.0129 "-" 25 0
Jan 30 17:39:42 standalone proxy-server[128378]: 172.18.0.2 172.18.0.100 30/Jan/2026/17/39/42 PUT /v1/AUTH_a1e48568798a40f8b39bbf9d0c38113b/gnocchi.6e498b81-35c4-41ad-a4ec-d8b541349c0b/1769040000.0_mean_300.0_v3 HTTP/1.0 201 - python-swiftclient-3.11.1 gAAAAABpfOxh1XDa... 16 - - txcf1aaaf92fbc436fab0c6-00697cecde - 0.0222 - - 1769794782.402723312 1769794782.424943924 0
Jan 30 17:39:42 standalone container-server[126060]: 172.20.0.100 - - [30/Jan/2026:17:39:42 +0000] "PUT /d1/197/AUTH_a1e48568798a40f8b39bbf9d0c38113b/gnocchi.cb4a888a-faff-4c21-98e2-31ecc4ad7f0b/1769040000.0_mean_300.0_v3" 201 - "PUT http://172.18.0.2:8080/d1/682/AUTH_a1e48568798a40f8b39bbf9d0c38113b/gnocchi.cb4a888a-faff-4c21-98e2-31ecc4ad7f0b/1769040000.0_mean_300.0_v3" "tx443c503cb35d4244bba0f-00697cecde" "object-server 23" 0.0007 "-" 14 0
Jan 30 17:39:42 standalone object-server[126441]: 172.20.0.100 - - [30/Jan/2026:17:39:42 +0000] "PUT /d1/682/AUTH_a1e48568798a40f8b39bbf9d0c38113b/gnocchi.cb4a888a-faff-4c21-98e2-31ecc4ad7f0b/1769040000.0_mean_300.0_v3" 201 - "PUT http://172.18.0.2:8080/v1/AUTH_a1e48568798a40f8b39bbf9d0c38113b/gnocchi.cb4a888a-faff-4c21-98e2-31ecc4ad7f0b/1769040000.0_mean_300.0_v3" "tx443c503cb35d4244bba0f-00697cecde" "proxy-server 20" 0.0133 "-" 23 0
Jan 30 17:39:42 standalone proxy-server[128378]: 172.18.0.2 172.18.0.100 30/Jan/2026/17/39/42 PUT /v1/AUTH_a1e48568798a40f8b39bbf9d0c38113b/gnocchi.cb4a888a-faff-4c21-98e2-31ecc4ad7f0b/1769040000.0_mean_300.0_v3 HTTP/1.0 201 - python-swiftclient-3.11.1 gAAAAABpfOxh1XDa... 16 - - tx443c503cb35d4244bba0f-00697cecde - 0.0228 - - 1769794782.429249525 1769794782.452081442 0
Jan 30 17:39:42 standalone container-server[126066]: 172.20.0.100 - - [30/Jan/2026:17:39:42 +0000] "PUT /d1/822/AUTH_a1e48568798a40f8b39bbf9d0c38113b/gnocchi.6e498b81-35c4-41ad-a4ec-d8b541349c0b/none_v3" 201 - "PUT http://172.18.0.2:8080/d1/769/AUTH_a1e48568798a40f8b39bbf9d0c38113b/gnocchi.6e498b81-35c4-41ad-a4ec-d8b541349c0b/none_v3" "tx972a02c5350a4505a081e-00697cecde" "object-server 24" 0.0008 "-" 15 0
Jan 30 17:39:42 standalone object-server[126446]: 172.20.0.100 - - [30/Jan/2026:17:39:42 +0000] "PUT /d1/769/AUTH_a1e48568798a40f8b39bbf9d0c38113b/gnocchi.6e498b81-35c4-41ad-a4ec-d8b541349c0b/none_v3" 201 - "PUT http://172.18.0.2:8080/v1/AUTH_a1e48568798a40f8b39bbf9d0c38113b/gnocchi.6e498b81-35c4-41ad-a4ec-d8b541349c0b/none_v3" "tx972a02c5350a4505a081e-00697cecde" "proxy-server 20" 0.0115 "-" 24 0
Jan 30 17:39:42 standalone proxy-server[128378]: 172.18.0.2 172.18.0.100 30/Jan/2026/17/39/42 PUT /v1/AUTH_a1e48568798a40f8b39bbf9d0c38113b/gnocchi.6e498b81-35c4-41ad-a4ec-d8b541349c0b/none_v3 HTTP/1.0 201 - python-swiftclient-3.11.1 gAAAAABpfOxh1XDa... 32 - - tx972a02c5350a4505a081e-00697cecde - 0.0219 - - 1769794782.456882954 1769794782.478785753 0
Jan 30 17:39:42 standalone container-server[126074]: 172.20.0.100 - - [30/Jan/2026:17:39:42 +0000] "PUT /d1/197/AUTH_a1e48568798a40f8b39bbf9d0c38113b/gnocchi.cb4a888a-faff-4c21-98e2-31ecc4ad7f0b/none_v3" 201 - "PUT http://172.18.0.2:8080/d1/634/AUTH_a1e48568798a40f8b39bbf9d0c38113b/gnocchi.cb4a888a-faff-4c21-98e2-31ecc4ad7f0b/none_v3" "tx2a39a9169d5a423aad11e-00697cecde" "object-server 23" 0.0007 "-" 17 0
Jan 30 17:39:42 standalone object-server[126441]: 172.20.0.100 - - [30/Jan/2026:17:39:42 +0000] "PUT /d1/634/AUTH_a1e48568798a40f8b39bbf9d0c38113b/gnocchi.cb4a888a-faff-4c21-98e2-31ecc4ad7f0b/none_v3" 201 - "PUT http://172.18.0.2:8080/v1/AUTH_a1e48568798a40f8b39bbf9d0c38113b/gnocchi.cb4a888a-faff-4c21-98e2-31ecc4ad7f0b/none_v3" "tx2a39a9169d5a423aad11e-00697cecde" "proxy-server 20" 0.0124 "-" 23 0
Jan 30 17:39:42 standalone proxy-server[128378]: 172.18.0.2 172.18.0.100 30/Jan/2026/17/39/42 PUT /v1/AUTH_a1e48568798a40f8b39bbf9d0c38113b/gnocchi.cb4a888a-faff-4c21-98e2-31ecc4ad7f0b/none_v3 HTTP/1.0 201 - python-swiftclient-3.11.1 gAAAAABpfOxh1XDa... 32 - - tx2a39a9169d5a423aad11e-00697cecde - 0.0228 - - 1769794782.484808922 1769794782.507571936 0
Jan 30 17:39:42 standalone object-server[126441]: 172.20.0.100 - - [30/Jan/2026:17:39:42 +0000] "GET /d1/865/AUTH_a1e48568798a40f8b39bbf9d0c38113b/gnocchi.bfb72d5d-c125-42b5-99a4-e6e43c6b82dd/none_v3" 200 22 "GET http://172.18.0.2:8080/v1/AUTH_a1e48568798a40f8b39bbf9d0c38113b/gnocchi.bfb72d5d-c125-42b5-99a4-e6e43c6b82dd/none_v3" "txd0f739d1f83c4884baeed-00697cecde" "proxy-server 20" 0.0013 "-" 23 0
Jan 30 17:39:42 standalone proxy-server[128378]: 172.18.0.2 172.18.0.100 30/Jan/2026/17/39/42 GET /v1/AUTH_a1e48568798a40f8b39bbf9d0c38113b/gnocchi.bfb72d5d-c125-42b5-99a4-e6e43c6b82dd/none_v3 HTTP/1.0 200 - python-swiftclient-3.11.1 gAAAAABpfOxh1XDa... - 22 - txd0f739d1f83c4884baeed-00697cecde - 0.0107 - - 1769794782.527535915 1769794782.538261175 0
Jan 30 17:39:42 standalone container-server[126066]: 172.20.0.100 - - [30/Jan/2026:17:39:42 +0000] "GET /d1/622/AUTH_a1e48568798a40f8b39bbf9d0c38113b/gnocchi.bfb72d5d-c125-42b5-99a4-e6e43c6b82dd" 200 357 "GET http://172.18.0.2:8080/v1/AUTH_a1e48568798a40f8b39bbf9d0c38113b/gnocchi.bfb72d5d-c125-42b5-99a4-e6e43c6b82dd?format=json&states=listing" "tx462192c08b924d22a066b-00697cecde" "proxy-server 20" 0.0091 "-" 15 0
Jan 30 17:39:42 standalone proxy-server[128378]: 172.18.0.2 172.18.0.100 30/Jan/2026/17/39/42 GET /v1/AUTH_a1e48568798a40f8b39bbf9d0c38113b/gnocchi.bfb72d5d-c125-42b5-99a4-e6e43c6b82dd%3Fformat%3Djson%26states%3Dlisting HTTP/1.0 200 - python-swiftclient-3.11.1 gAAAAABpfOxh1XDa... - 357 - tx462192c08b924d22a066b-00697cecde - 0.0189 - - 1769794782.544947863 1769794782.563826084 0
Jan 30 17:39:42 standalone container-server[126068]: 172.20.0.100 - - [30/Jan/2026:17:39:42 +0000] "GET /d1/622/AUTH_a1e48568798a40f8b39bbf9d0c38113b/gnocchi.bfb72d5d-c125-42b5-99a4-e6e43c6b82dd" 200 2 "GET http://172.18.0.2:8080/v1/AUTH_a1e48568798a40f8b39bbf9d0c38113b/gnocchi.bfb72d5d-c125-42b5-99a4-e6e43c6b82dd?format=json&marker=none_v3&states=listing" "txd5dbef41a1c543c598b4f-00697cecde" "proxy-server 20" 0.0038 "-" 16 0
Jan 30 17:39:42 standalone proxy-server[128378]: 172.18.0.2 172.18.0.100 30/Jan/2026/17/39/42 GET /v1/AUTH_a1e48568798a40f8b39bbf9d0c38113b/gnocchi.bfb72d5d-c125-42b5-99a4-e6e43c6b82dd%3Fformat%3Djson%26marker%3Dnone_v3%26states%3Dlisting HTTP/1.0 200 - python-swiftclient-3.11.1 gAAAAABpfOxh1XDa... - 2 - txd5dbef41a1c543c598b4f-00697cecde - 0.0130 - - 1769794782.568175077 1769794782.581185579 0
Jan 30 17:39:42 standalone object-server[126441]: 172.20.0.100 - - [30/Jan/2026:17:39:42 +0000] "GET /d1/259/AUTH_a1e48568798a40f8b39bbf9d0c38113b/gnocchi.bfb72d5d-c125-42b5-99a4-e6e43c6b82dd/1769040000.0_mean_300.0_v3" 200 16 "GET http://172.18.0.2:8080/v1/AUTH_a1e48568798a40f8b39bbf9d0c38113b/gnocchi.bfb72d5d-c125-42b5-99a4-e6e43c6b82dd/1769040000.0_mean_300.0_v3" "tx5da96e930ab44e5f8bc8a-00697cecde" "proxy-server 20" 0.0013 "-" 23 0
Jan 30 17:39:42 standalone proxy-server[128378]: 172.18.0.2 172.18.0.100 30/Jan/2026/17/39/42 GET /v1/AUTH_a1e48568798a40f8b39bbf9d0c38113b/gnocchi.bfb72d5d-c125-42b5-99a4-e6e43c6b82dd/1769040000.0_mean_300.0_v3 HTTP/1.0 200 - python-swiftclient-3.11.1 gAAAAABpfOxh1XDa... - 16 - tx5da96e930ab44e5f8bc8a-00697cecde - 0.0088 - - 1769794782.589368343 1769794782.598186493 0
Jan 30 17:39:42 standalone container-server[126060]: 172.20.0.100 - - [30/Jan/2026:17:39:42 +0000] "PUT /d1/622/AUTH_a1e48568798a40f8b39bbf9d0c38113b/gnocchi.bfb72d5d-c125-42b5-99a4-e6e43c6b82dd/1769040000.0_mean_300.0_v3" 201 - "PUT http://172.18.0.2:8080/d1/259/AUTH_a1e48568798a40f8b39bbf9d0c38113b/gnocchi.bfb72d5d-c125-42b5-99a4-e6e43c6b82dd/1769040000.0_mean_300.0_v3" "tx15ff6305045a486b9f9b4-00697cecde" "object-server 22" 0.0012 "-" 14 0
Jan 30 17:39:42 standalone object-server[126435]: 172.20.0.100 - - [30/Jan/2026:17:39:42 +0000] "PUT /d1/259/AUTH_a1e48568798a40f8b39bbf9d0c38113b/gnocchi.bfb72d5d-c125-42b5-99a4-e6e43c6b82dd/1769040000.0_mean_300.0_v3" 201 - "PUT http://172.18.0.2:8080/v1/AUTH_a1e48568798a40f8b39bbf9d0c38113b/gnocchi.bfb72d5d-c125-42b5-99a4-e6e43c6b82dd/1769040000.0_mean_300.0_v3" "tx15ff6305045a486b9f9b4-00697cecde" "proxy-server 20" 0.0124 "-" 22 0
Jan 30 17:39:42 standalone proxy-server[128378]: 172.18.0.2 172.18.0.100 30/Jan/2026/17/39/42 PUT /v1/AUTH_a1e48568798a40f8b39bbf9d0c38113b/gnocchi.bfb72d5d-c125-42b5-99a4-e6e43c6b82dd/1769040000.0_mean_300.0_v3 HTTP/1.0 201 - python-swiftclient-3.11.1 gAAAAABpfOxh1XDa... 16 - - tx15ff6305045a486b9f9b4-00697cecde - 0.0185 - - 1769794782.602218151 1769794782.620750904 0
Jan 30 17:39:42 standalone container-server[126074]: 172.20.0.100 - - [30/Jan/2026:17:39:42 +0000] "PUT /d1/622/AUTH_a1e48568798a40f8b39bbf9d0c38113b/gnocchi.bfb72d5d-c125-42b5-99a4-e6e43c6b82dd/none_v3" 201 - "PUT http://172.18.0.2:8080/d1/865/AUTH_a1e48568798a40f8b39bbf9d0c38113b/gnocchi.bfb72d5d-c125-42b5-99a4-e6e43c6b82dd/none_v3" "tx4b407ced36174668a4198-00697cecde" "object-server 24" 0.0008 "-" 17 0
Jan 30 17:39:42 standalone object-server[126446]: 172.20.0.100 - - [30/Jan/2026:17:39:42 +0000] "PUT /d1/865/AUTH_a1e48568798a40f8b39bbf9d0c38113b/gnocchi.bfb72d5d-c125-42b5-99a4-e6e43c6b82dd/none_v3" 201 - "PUT http://172.18.0.2:8080/v1/AUTH_a1e48568798a40f8b39bbf9d0c38113b/gnocchi.bfb72d5d-c125-42b5-99a4-e6e43c6b82dd/none_v3" "tx4b407ced36174668a4198-00697cecde" "proxy-server 20" 0.0146 "-" 24 0
Jan 30 17:39:42 standalone proxy-server[128378]: 172.18.0.2 172.18.0.100 30/Jan/2026/17/39/42 PUT /v1/AUTH_a1e48568798a40f8b39bbf9d0c38113b/gnocchi.bfb72d5d-c125-42b5-99a4-e6e43c6b82dd/none_v3 HTTP/1.0 201 - python-swiftclient-3.11.1 gAAAAABpfOxh1XDa... 32 - - tx4b407ced36174668a4198-00697cecde - 0.0207 - - 1769794782.624955177 1769794782.645613194 0
Jan 30 17:39:45 standalone container-server[126060]: 172.20.0.100 - - [30/Jan/2026:17:39:45 +0000] "HEAD /d1/1008/AUTH_a1e48568798a40f8b39bbf9d0c38113b/gnocchi.ab420f1c-6b81-48b8-83e4-7bf6fe1cd0d9" 404 - "HEAD http://172.18.0.2:8080/v1/AUTH_a1e48568798a40f8b39bbf9d0c38113b/gnocchi.ab420f1c-6b81-48b8-83e4-7bf6fe1cd0d9?format=json&states=listing" "tx8d20a56f9d444592bbf94-00697cece1" "proxy-server 20" 0.0008 "-" 14 0
Jan 30 17:39:45 standalone object-server[126441]: 172.20.0.100 - - [30/Jan/2026:17:39:45 +0000] "GET /d1/904/AUTH_a1e48568798a40f8b39bbf9d0c38113b/gnocchi.ab420f1c-6b81-48b8-83e4-7bf6fe1cd0d9/none_v3" 404 70 "GET http://172.18.0.2:8080/v1/AUTH_a1e48568798a40f8b39bbf9d0c38113b/gnocchi.ab420f1c-6b81-48b8-83e4-7bf6fe1cd0d9/none_v3" "tx8d20a56f9d444592bbf94-00697cece1" "proxy-server 20" 0.0004 "-" 23 0
Jan 30 17:39:45 standalone proxy-server[128378]: 172.18.0.2 172.18.0.100 30/Jan/2026/17/39/45 GET /v1/AUTH_a1e48568798a40f8b39bbf9d0c38113b/gnocchi.ab420f1c-6b81-48b8-83e4-7bf6fe1cd0d9/none_v3 HTTP/1.0 404 - python-swiftclient-3.11.1 gAAAAABpfOxh1XDa... - 70 - tx8d20a56f9d444592bbf94-00697cece1 - 0.0116 - - 1769794785.708814383 1769794785.720417023 0
Jan 30 17:39:45 standalone account-server[125929]: 172.20.0.100 - - [30/Jan/2026:17:39:45 +0000] "PUT /d1/377/AUTH_a1e48568798a40f8b39bbf9d0c38113b/gnocchi.ab420f1c-6b81-48b8-83e4-7bf6fe1cd0d9" 201 - "PUT http://172.20.0.100:6001/d1/1008/AUTH_a1e48568798a40f8b39bbf9d0c38113b/gnocchi.ab420f1c-6b81-48b8-83e4-7bf6fe1cd0d9" "txf047f7acd0e445bb82498-00697cece1" "container-server 17" 0.0013 "-" 22 0
Jan 30 17:39:45 standalone container-server[126074]: 172.20.0.100 - - [30/Jan/2026:17:39:45 +0000] "PUT /d1/1008/AUTH_a1e48568798a40f8b39bbf9d0c38113b/gnocchi.ab420f1c-6b81-48b8-83e4-7bf6fe1cd0d9" 201 - "PUT http://172.18.0.2:8080/v1/AUTH_a1e48568798a40f8b39bbf9d0c38113b/gnocchi.ab420f1c-6b81-48b8-83e4-7bf6fe1cd0d9" "txf047f7acd0e445bb82498-00697cece1" "proxy-server 20" 0.0167 "-" 17 0
Jan 30 17:39:45 standalone proxy-server[128378]: 172.18.0.2 172.18.0.100 30/Jan/2026/17/39/45 PUT /v1/AUTH_a1e48568798a40f8b39bbf9d0c38113b/gnocchi.ab420f1c-6b81-48b8-83e4-7bf6fe1cd0d9 HTTP/1.0 201 - python-swiftclient-3.11.1 gAAAAABpfOxh1XDa... - - - txf047f7acd0e445bb82498-00697cece1 - 0.0213 - - 1769794785.726836443 1769794785.748165369 0
Jan 30 17:39:45 standalone container-server[126068]: 172.20.0.100 - - [30/Jan/2026:17:39:45 +0000] "HEAD /d1/1008/AUTH_a1e48568798a40f8b39bbf9d0c38113b/gnocchi.ab420f1c-6b81-48b8-83e4-7bf6fe1cd0d9" 204 - "HEAD http://172.18.0.2:8080/v1/AUTH_a1e48568798a40f8b39bbf9d0c38113b/gnocchi.ab420f1c-6b81-48b8-83e4-7bf6fe1cd0d9?format=json&states=listing" "tx39923bc3649d47a1b70cb-00697cece1" "proxy-server 20" 0.0017 "-" 16 0
Jan 30 17:39:45 standalone proxy-server[128378]: - - 30/Jan/2026/17/39/45 HEAD /v1/AUTH_a1e48568798a40f8b39bbf9d0c38113b/gnocchi.ab420f1c-6b81-48b8-83e4-7bf6fe1cd0d9%3Fformat%3Djson%26states%3Dlisting HTTP/1.0 204 - Swift - - - - tx39923bc3649d47a1b70cb-00697cece1 - 0.0076 RL - 1769794785.753076553 1769794785.760712385 0
Jan 30 17:39:45 standalone container-server[126068]: 172.20.0.100 - - [30/Jan/2026:17:39:45 +0000] "GET /d1/1008/AUTH_a1e48568798a40f8b39bbf9d0c38113b/gnocchi.ab420f1c-6b81-48b8-83e4-7bf6fe1cd0d9" 200 2 "GET http://172.18.0.2:8080/v1/AUTH_a1e48568798a40f8b39bbf9d0c38113b/gnocchi.ab420f1c-6b81-48b8-83e4-7bf6fe1cd0d9?format=json&states=listing" "tx39923bc3649d47a1b70cb-00697cece1" "proxy-server 20" 0.0014 "-" 16 0
Jan 30 17:39:45 standalone proxy-server[128378]: 172.18.0.2 172.18.0.100 30/Jan/2026/17/39/45 GET /v1/AUTH_a1e48568798a40f8b39bbf9d0c38113b/gnocchi.ab420f1c-6b81-48b8-83e4-7bf6fe1cd0d9%3Fformat%3Djson%26states%3Dlisting HTTP/1.0 200 - python-swiftclient-3.11.1 gAAAAABpfOxh1XDa... - 2 - tx39923bc3649d47a1b70cb-00697cece1 - 0.0139 - - 1769794785.751934767 1769794785.765857220 0
Jan 30 17:39:45 standalone object-server[126450]: 172.20.0.100 - - [30/Jan/2026:17:39:45 +0000] "GET /d1/249/AUTH_a1e48568798a40f8b39bbf9d0c38113b/gnocchi.ab420f1c-6b81-48b8-83e4-7bf6fe1cd0d9/1769040000.0_mean_300.0_v3" 404 70 "GET http://172.18.0.2:8080/v1/AUTH_a1e48568798a40f8b39bbf9d0c38113b/gnocchi.ab420f1c-6b81-48b8-83e4-7bf6fe1cd0d9/1769040000.0_mean_300.0_v3" "tx0c89c8854ecd45269c1c8-00697cece1" "proxy-server 20" 0.0003 "-" 25 0
Jan 30 17:39:45 standalone proxy-server[128378]: 172.18.0.2 172.18.0.100 30/Jan/2026/17/39/45 GET /v1/AUTH_a1e48568798a40f8b39bbf9d0c38113b/gnocchi.ab420f1c-6b81-48b8-83e4-7bf6fe1cd0d9/1769040000.0_mean_300.0_v3 HTTP/1.0 404 - python-swiftclient-3.11.1 gAAAAABpfOxh1XDa... - 70 - tx0c89c8854ecd45269c1c8-00697cece1 - 0.0040 - - 1769794785.771514177 1769794785.775524139 0
Jan 30 17:39:45 standalone container-server[126060]: 172.20.0.100 - - [30/Jan/2026:17:39:45 +0000] "PUT /d1/1008/AUTH_a1e48568798a40f8b39bbf9d0c38113b/gnocchi.ab420f1c-6b81-48b8-83e4-7bf6fe1cd0d9/1769040000.0_mean_300.0_v3" 201 - "PUT http://172.18.0.2:8080/d1/249/AUTH_a1e48568798a40f8b39bbf9d0c38113b/gnocchi.ab420f1c-6b81-48b8-83e4-7bf6fe1cd0d9/1769040000.0_mean_300.0_v3" "tx39ce85a2232443c5a9ee9-00697cece1" "object-server 23" 0.0009 "-" 14 0
Jan 30 17:39:45 standalone object-server[126441]: 172.20.0.100 - - [30/Jan/2026:17:39:45 +0000] "PUT /d1/249/AUTH_a1e48568798a40f8b39bbf9d0c38113b/gnocchi.ab420f1c-6b81-48b8-83e4-7bf6fe1cd0d9/1769040000.0_mean_300.0_v3" 201 - "PUT http://172.18.0.2:8080/v1/AUTH_a1e48568798a40f8b39bbf9d0c38113b/gnocchi.ab420f1c-6b81-48b8-83e4-7bf6fe1cd0d9/1769040000.0_mean_300.0_v3" "tx39ce85a2232443c5a9ee9-00697cece1" "proxy-server 20" 0.0106 "-" 23 0
Jan 30 17:39:45 standalone proxy-server[128378]: 172.18.0.2 172.18.0.100 30/Jan/2026/17/39/45 PUT /v1/AUTH_a1e48568798a40f8b39bbf9d0c38113b/gnocchi.ab420f1c-6b81-48b8-83e4-7bf6fe1cd0d9/1769040000.0_mean_300.0_v3 HTTP/1.0 201 - python-swiftclient-3.11.1 gAAAAABpfOxh1XDa... 16 - - tx39ce85a2232443c5a9ee9-00697cece1 - 0.0143 - - 1769794785.777544737 1769794785.791856050 0
