Sep 30 14:59:47 standalone container-server[124910]: 172.20.0.100 - - [30/Sep/2025:14:59:47 +0000] "PUT /d1/777/AUTH_fcdbff09b75747e3a4750e67ea1fa81f/gnocchi.f6a0ebfb-5893-4976-81b4-dc733bacedea/none_v3" 201 - "PUT http://localhost:8080/d1/759/AUTH_fcdbff09b75747e3a4750e67ea1fa81f/gnocchi.f6a0ebfb-5893-4976-81b4-dc733bacedea/none_v3" "tx8f60fdebfa1e499db4310-0068dbf063" "object-server 21" 0.0005 "-" 23 0
Sep 30 14:59:47 standalone object-server[124974]: 172.20.0.100 - - [30/Sep/2025:14:59:47 +0000] "PUT /d1/759/AUTH_fcdbff09b75747e3a4750e67ea1fa81f/gnocchi.f6a0ebfb-5893-4976-81b4-dc733bacedea/none_v3" 201 - "PUT http://localhost:8080/v1/AUTH_fcdbff09b75747e3a4750e67ea1fa81f/gnocchi.f6a0ebfb-5893-4976-81b4-dc733bacedea/none_v3" "tx8f60fdebfa1e499db4310-0068dbf063" "proxy-server 21" 0.0136 "-" 21 0
Sep 30 14:59:47 standalone proxy-server[126816]: 172.18.0.2 ::1 30/Sep/2025/14/59/47 PUT /v1/AUTH_fcdbff09b75747e3a4750e67ea1fa81f/gnocchi.f6a0ebfb-5893-4976-81b4-dc733bacedea/none_v3 HTTP/1.0 201 - python-swiftclient-3.11.1 gAAAAABo2--l7bng... 22 - - tx8f60fdebfa1e499db4310-0068dbf063 - 0.0227 - - 1759244387.090651035 1759244387.113378286 0
Sep 30 14:59:47 standalone container-server[124886]: 172.20.0.100 - - [30/Sep/2025:14:59:47 +0000] "HEAD /d1/694/AUTH_fcdbff09b75747e3a4750e67ea1fa81f/gnocchi.c43f91ab-6f51-4854-a37e-e78e454014c1" 404 - "HEAD http://localhost:8080/v1/AUTH_fcdbff09b75747e3a4750e67ea1fa81f/gnocchi.c43f91ab-6f51-4854-a37e-e78e454014c1?format=json&states=listing" "tx2dacc089f1d547439ef11-0068dbf063" "proxy-server 21" 0.0003 "-" 20 0
Sep 30 14:59:47 standalone object-server[124964]: 172.20.0.100 - - [30/Sep/2025:14:59:47 +0000] "GET /d1/644/AUTH_fcdbff09b75747e3a4750e67ea1fa81f/gnocchi.c43f91ab-6f51-4854-a37e-e78e454014c1/none_v3" 404 70 "GET http://localhost:8080/v1/AUTH_fcdbff09b75747e3a4750e67ea1fa81f/gnocchi.c43f91ab-6f51-4854-a37e-e78e454014c1/none_v3" "tx2dacc089f1d547439ef11-0068dbf063" "proxy-server 21" 0.0004 "-" 20 0
Sep 30 14:59:47 standalone proxy-server[126816]: 172.18.0.2 ::1 30/Sep/2025/14/59/47 GET /v1/AUTH_fcdbff09b75747e3a4750e67ea1fa81f/gnocchi.c43f91ab-6f51-4854-a37e-e78e454014c1/none_v3 HTTP/1.0 404 - python-swiftclient-3.11.1 gAAAAABo2--l7bng... - 70 - tx2dacc089f1d547439ef11-0068dbf063 - 0.0118 - - 1759244387.124164343 1759244387.135937929 0
Sep 30 14:59:47 standalone account-server[124721]: 172.20.0.100 - - [30/Sep/2025:14:59:47 +0000] "PUT /d1/704/AUTH_fcdbff09b75747e3a4750e67ea1fa81f/gnocchi.c43f91ab-6f51-4854-a37e-e78e454014c1" 201 - "PUT http://172.20.0.100:6001/d1/694/AUTH_fcdbff09b75747e3a4750e67ea1fa81f/gnocchi.c43f91ab-6f51-4854-a37e-e78e454014c1" "txd662b100c30948d7bd3cd-0068dbf063" "container-server 22" 0.0044 "-" 20 0
Sep 30 14:59:47 standalone container-server[124906]: 172.20.0.100 - - [30/Sep/2025:14:59:47 +0000] "PUT /d1/694/AUTH_fcdbff09b75747e3a4750e67ea1fa81f/gnocchi.c43f91ab-6f51-4854-a37e-e78e454014c1" 201 - "PUT http://localhost:8080/v1/AUTH_fcdbff09b75747e3a4750e67ea1fa81f/gnocchi.c43f91ab-6f51-4854-a37e-e78e454014c1" "txd662b100c30948d7bd3cd-0068dbf063" "proxy-server 21" 0.0158 "-" 22 0
Sep 30 14:59:47 standalone proxy-server[126816]: 172.18.0.2 ::1 30/Sep/2025/14/59/47 PUT /v1/AUTH_fcdbff09b75747e3a4750e67ea1fa81f/gnocchi.c43f91ab-6f51-4854-a37e-e78e454014c1 HTTP/1.0 201 - python-swiftclient-3.11.1 gAAAAABo2--l7bng... - - - txd662b100c30948d7bd3cd-0068dbf063 - 0.0216 - - 1759244387.140148878 1759244387.161701202 0
Sep 30 14:59:47 standalone container-server[124910]: 172.20.0.100 - - [30/Sep/2025:14:59:47 +0000] "HEAD /d1/694/AUTH_fcdbff09b75747e3a4750e67ea1fa81f/gnocchi.c43f91ab-6f51-4854-a37e-e78e454014c1" 204 - "HEAD http://localhost:8080/v1/AUTH_fcdbff09b75747e3a4750e67ea1fa81f/gnocchi.c43f91ab-6f51-4854-a37e-e78e454014c1?format=json&states=listing" "txa7f0317391574929a74ef-0068dbf063" "proxy-server 21" 0.0023 "-" 23 0
Sep 30 14:59:47 standalone proxy-server[126816]: - - 30/Sep/2025/14/59/47 HEAD /v1/AUTH_fcdbff09b75747e3a4750e67ea1fa81f/gnocchi.c43f91ab-6f51-4854-a37e-e78e454014c1%3Fformat%3Djson%26states%3Dlisting HTTP/1.0 204 - Swift - - - - txa7f0317391574929a74ef-0068dbf063 - 0.0058 RL - 1759244387.167964935 1759244387.173776865 0
Sep 30 14:59:47 standalone container-server[124886]: 172.20.0.100 - - [30/Sep/2025:14:59:47 +0000] "GET /d1/694/AUTH_fcdbff09b75747e3a4750e67ea1fa81f/gnocchi.c43f91ab-6f51-4854-a37e-e78e454014c1" 200 2 "GET http://localhost:8080/v1/AUTH_fcdbff09b75747e3a4750e67ea1fa81f/gnocchi.c43f91ab-6f51-4854-a37e-e78e454014c1?format=json&states=listing" "txa7f0317391574929a74ef-0068dbf063" "proxy-server 21" 0.0024 "-" 20 0
Sep 30 14:59:47 standalone proxy-server[126816]: 172.18.0.2 ::1 30/Sep/2025/14/59/47 GET /v1/AUTH_fcdbff09b75747e3a4750e67ea1fa81f/gnocchi.c43f91ab-6f51-4854-a37e-e78e454014c1%3Fformat%3Djson%26states%3Dlisting HTTP/1.0 200 - python-swiftclient-3.11.1 gAAAAABo2--l7bng... - 2 - txa7f0317391574929a74ef-0068dbf063 - 0.0175 - - 1759244387.166870594 1759244387.184397936 0
Sep 30 14:59:47 standalone object-server[124980]: 172.20.0.100 - - [30/Sep/2025:14:59:47 +0000] "GET /d1/112/AUTH_fcdbff09b75747e3a4750e67ea1fa81f/gnocchi.c43f91ab-6f51-4854-a37e-e78e454014c1/1758240000.0_mean_300.0_v3" 404 70 "GET http://localhost:8080/v1/AUTH_fcdbff09b75747e3a4750e67ea1fa81f/gnocchi.c43f91ab-6f51-4854-a37e-e78e454014c1/1758240000.0_mean_300.0_v3" "tx77b05e0c9fc644a39eb59-0068dbf063" "proxy-server 21" 0.0004 "-" 22 0
Sep 30 14:59:47 standalone proxy-server[126816]: 172.18.0.2 ::1 30/Sep/2025/14/59/47 GET /v1/AUTH_fcdbff09b75747e3a4750e67ea1fa81f/gnocchi.c43f91ab-6f51-4854-a37e-e78e454014c1/1758240000.0_mean_300.0_v3 HTTP/1.0 404 - python-swiftclient-3.11.1 gAAAAABo2--l7bng... - 70 - tx77b05e0c9fc644a39eb59-0068dbf063 - 0.0079 - - 1759244387.190476179 1759244387.198378086 0
Sep 30 14:59:47 standalone container-server[124910]: 172.20.0.100 - - [30/Sep/2025:14:59:47 +0000] "PUT /d1/694/AUTH_fcdbff09b75747e3a4750e67ea1fa81f/gnocchi.c43f91ab-6f51-4854-a37e-e78e454014c1/1758240000.0_mean_300.0_v3" 201 - "PUT http://localhost:8080/d1/112/AUTH_fcdbff09b75747e3a4750e67ea1fa81f/gnocchi.c43f91ab-6f51-4854-a37e-e78e454014c1/1758240000.0_mean_300.0_v3" "txeec68b5661d646e7bb575-0068dbf063" "object-server 23" 0.0011 "-" 23 0
Sep 30 14:59:47 standalone object-server[124989]: 172.20.0.100 - - [30/Sep/2025:14:59:47 +0000] "PUT /d1/112/AUTH_fcdbff09b75747e3a4750e67ea1fa81f/gnocchi.c43f91ab-6f51-4854-a37e-e78e454014c1/1758240000.0_mean_300.0_v3" 201 - "PUT http://localhost:8080/v1/AUTH_fcdbff09b75747e3a4750e67ea1fa81f/gnocchi.c43f91ab-6f51-4854-a37e-e78e454014c1/1758240000.0_mean_300.0_v3" "txeec68b5661d646e7bb575-0068dbf063" "proxy-server 21" 0.0122 "-" 23 0
Sep 30 14:59:47 standalone proxy-server[126816]: 172.18.0.2 ::1 30/Sep/2025/14/59/47 PUT /v1/AUTH_fcdbff09b75747e3a4750e67ea1fa81f/gnocchi.c43f91ab-6f51-4854-a37e-e78e454014c1/1758240000.0_mean_300.0_v3 HTTP/1.0 201 - python-swiftclient-3.11.1 gAAAAABo2--l7bng... 16 - - txeec68b5661d646e7bb575-0068dbf063 - 0.0242 - - 1759244387.203744411 1759244387.227932930 0
Sep 30 14:59:47 standalone container-server[124886]: 172.20.0.100 - - [30/Sep/2025:14:59:47 +0000] "PUT /d1/694/AUTH_fcdbff09b75747e3a4750e67ea1fa81f/gnocchi.c43f91ab-6f51-4854-a37e-e78e454014c1/none_v3" 201 - "PUT http://localhost:8080/d1/644/AUTH_fcdbff09b75747e3a4750e67ea1fa81f/gnocchi.c43f91ab-6f51-4854-a37e-e78e454014c1/none_v3" "txf9d33fcccfe845b69d692-0068dbf063" "object-server 23" 0.0011 "-" 20 0
Sep 30 14:59:47 standalone object-server[124989]: 172.20.0.100 - - [30/Sep/2025:14:59:47 +0000] "PUT /d1/644/AUTH_fcdbff09b75747e3a4750e67ea1fa81f/gnocchi.c43f91ab-6f51-4854-a37e-e78e454014c1/none_v3" 201 - "PUT http://localhost:8080/v1/AUTH_fcdbff09b75747e3a4750e67ea1fa81f/gnocchi.c43f91ab-6f51-4854-a37e-e78e454014c1/none_v3" "txf9d33fcccfe845b69d692-0068dbf063" "proxy-server 21" 0.0166 "-" 23 0
Sep 30 14:59:47 standalone proxy-server[126816]: 172.18.0.2 ::1 30/Sep/2025/14/59/47 PUT /v1/AUTH_fcdbff09b75747e3a4750e67ea1fa81f/gnocchi.c43f91ab-6f51-4854-a37e-e78e454014c1/none_v3 HTTP/1.0 201 - python-swiftclient-3.11.1 gAAAAABo2--l7bng... 22 - - txf9d33fcccfe845b69d692-0068dbf063 - 0.0263 - - 1759244387.233370543 1759244387.259636402 0
Sep 30 14:59:47 standalone container-server[124906]: 172.20.0.100 - - [30/Sep/2025:14:59:47 +0000] "HEAD /d1/602/AUTH_fcdbff09b75747e3a4750e67ea1fa81f/gnocchi.871e205b-02c1-4565-abac-8adcfd8e7b39" 404 - "HEAD http://localhost:8080/v1/AUTH_fcdbff09b75747e3a4750e67ea1fa81f/gnocchi.871e205b-02c1-4565-abac-8adcfd8e7b39?format=json&states=listing" "tx744272018cff4187bb8c8-0068dbf063" "proxy-server 21" 0.0003 "-" 22 0
Sep 30 14:59:47 standalone object-server[124974]: 172.20.0.100 - - [30/Sep/2025:14:59:47 +0000] "GET /d1/151/AUTH_fcdbff09b75747e3a4750e67ea1fa81f/gnocchi.871e205b-02c1-4565-abac-8adcfd8e7b39/none_v3" 404 70 "GET http://localhost:8080/v1/AUTH_fcdbff09b75747e3a4750e67ea1fa81f/gnocchi.871e205b-02c1-4565-abac-8adcfd8e7b39/none_v3" "tx744272018cff4187bb8c8-0068dbf063" "proxy-server 21" 0.0003 "-" 21 0
Sep 30 14:59:47 standalone proxy-server[126816]: 172.18.0.2 ::1 30/Sep/2025/14/59/47 GET /v1/AUTH_fcdbff09b75747e3a4750e67ea1fa81f/gnocchi.871e205b-02c1-4565-abac-8adcfd8e7b39/none_v3 HTTP/1.0 404 - python-swiftclient-3.11.1 gAAAAABo2--l7bng... - 70 - tx744272018cff4187bb8c8-0068dbf063 - 0.0174 - - 1759244387.316012144 1759244387.333385229 0
Sep 30 14:59:47 standalone account-server[124725]: 172.20.0.100 - - [30/Sep/2025:14:59:47 +0000] "PUT /d1/704/AUTH_fcdbff09b75747e3a4750e67ea1fa81f/gnocchi.871e205b-02c1-4565-abac-8adcfd8e7b39" 201 - "PUT http://172.20.0.100:6001/d1/602/AUTH_fcdbff09b75747e3a4750e67ea1fa81f/gnocchi.871e205b-02c1-4565-abac-8adcfd8e7b39" "tx7cad986bcd6c49128dd9a-0068dbf063" "container-server 23" 0.0038 "-" 21 0
Sep 30 14:59:47 standalone container-server[124910]: 172.20.0.100 - - [30/Sep/2025:14:59:47 +0000] "PUT /d1/602/AUTH_fcdbff09b75747e3a4750e67ea1fa81f/gnocchi.871e205b-02c1-4565-abac-8adcfd8e7b39" 201 - "PUT http://localhost:8080/v1/AUTH_fcdbff09b75747e3a4750e67ea1fa81f/gnocchi.871e205b-02c1-4565-abac-8adcfd8e7b39" "tx7cad986bcd6c49128dd9a-0068dbf063" "proxy-server 21" 0.0147 "-" 23 0
Sep 30 14:59:47 standalone proxy-server[126816]: 172.18.0.2 ::1 30/Sep/2025/14/59/47 PUT /v1/AUTH_fcdbff09b75747e3a4750e67ea1fa81f/gnocchi.871e205b-02c1-4565-abac-8adcfd8e7b39 HTTP/1.0 201 - python-swiftclient-3.11.1 gAAAAABo2--l7bng... - - - tx7cad986bcd6c49128dd9a-0068dbf063 - 0.0223 - - 1759244387.339258909 1759244387.361607313 0
Sep 30 14:59:47 standalone container-server[124898]: 172.20.0.100 - - [30/Sep/2025:14:59:47 +0000] "HEAD /d1/432/AUTH_fcdbff09b75747e3a4750e67ea1fa81f/gnocchi.affbae87-f0dc-4bed-bb39-1914ac4334b9" 404 - "HEAD http://localhost:8080/v1/AUTH_fcdbff09b75747e3a4750e67ea1fa81f/gnocchi.affbae87-f0dc-4bed-bb39-1914ac4334b9?format=json&states=listing" "txea7087d52217412a84ac6-0068dbf063" "proxy-server 21" 0.0004 "-" 21 0
Sep 30 14:59:47 standalone object-server[124989]: 172.20.0.100 - - [30/Sep/2025:14:59:47 +0000] "GET /d1/519/AUTH_fcdbff09b75747e3a4750e67ea1fa81f/gnocchi.affbae87-f0dc-4bed-bb39-1914ac4334b9/none_v3" 404 70 "GET http://localhost:8080/v1/AUTH_fcdbff09b75747e3a4750e67ea1fa81f/gnocchi.affbae87-f0dc-4bed-bb39-1914ac4334b9/none_v3" "txea7087d52217412a84ac6-0068dbf063" "proxy-server 21" 0.0003 "-" 23 0
Sep 30 14:59:47 standalone proxy-server[126816]: 172.18.0.2 ::1 30/Sep/2025/14/59/47 GET /v1/AUTH_fcdbff09b75747e3a4750e67ea1fa81f/gnocchi.affbae87-f0dc-4bed-bb39-1914ac4334b9/none_v3 HTTP/1.0 404 - python-swiftclient-3.11.1 gAAAAABo2--l7bng... - 70 - txea7087d52217412a84ac6-0068dbf063 - 0.0131 - - 1759244387.367458105 1759244387.380591154 0
Sep 30 14:59:47 standalone account-server[124761]: 172.20.0.100 - - [30/Sep/2025:14:59:47 +0000] "PUT /d1/704/AUTH_fcdbff09b75747e3a4750e67ea1fa81f/gnocchi.affbae87-f0dc-4bed-bb39-1914ac4334b9" 201 - "PUT http://172.20.0.100:6001/d1/432/AUTH_fcdbff09b75747e3a4750e67ea1fa81f/gnocchi.affbae87-f0dc-4bed-bb39-1914ac4334b9" "tx453fd5daf05f4e1a8c16b-0068dbf063" "container-server 23" 0.0065 "-" 23 0
Sep 30 14:59:47 standalone container-server[124910]: 172.20.0.100 - - [30/Sep/2025:14:59:47 +0000] "PUT /d1/432/AUTH_fcdbff09b75747e3a4750e67ea1fa81f/gnocchi.affbae87-f0dc-4bed-bb39-1914ac4334b9" 201 - "PUT http://localhost:8080/v1/AUTH_fcdbff09b75747e3a4750e67ea1fa81f/gnocchi.affbae87-f0dc-4bed-bb39-1914ac4334b9" "tx453fd5daf05f4e1a8c16b-0068dbf063" "proxy-server 21" 0.0192 "-" 23 0
Sep 30 14:59:47 standalone proxy-server[126816]: 172.18.0.2 ::1 30/Sep/2025/14/59/47 PUT /v1/AUTH_fcdbff09b75747e3a4750e67ea1fa81f/gnocchi.affbae87-f0dc-4bed-bb39-1914ac4334b9 HTTP/1.0 201 - python-swiftclient-3.11.1 gAAAAABo2--l7bng... - - - tx453fd5daf05f4e1a8c16b-0068dbf063 - 0.0239 - - 1759244387.385190248 1759244387.409125090 0
Sep 30 14:59:47 standalone container-server[124898]: 172.20.0.100 - - [30/Sep/2025:14:59:47 +0000] "HEAD /d1/602/AUTH_fcdbff09b75747e3a4750e67ea1fa81f/gnocchi.871e205b-02c1-4565-abac-8adcfd8e7b39" 204 - "HEAD http://localhost:8080/v1/AUTH_fcdbff09b75747e3a4750e67ea1fa81f/gnocchi.871e205b-02c1-4565-abac-8adcfd8e7b39?format=json&states=listing" "txb0504eb51d6344c3b9da0-0068dbf063" "proxy-server 21" 0.0014 "-" 21 0
Sep 30 14:59:47 standalone proxy-server[126816]: - - 30/Sep/2025/14/59/47 HEAD /v1/AUTH_fcdbff09b75747e3a4750e67ea1fa81f/gnocchi.871e205b-02c1-4565-abac-8adcfd8e7b39%3Fformat%3Djson%26states%3Dlisting HTTP/1.0 204 - Swift - - - - txb0504eb51d6344c3b9da0-0068dbf063 - 0.0052 RL - 1759244387.414047718 1759244387.419282913 0
Sep 30 14:59:47 standalone container-server[124898]: 172.20.0.100 - - [30/Sep/2025:14:59:47 +0000] "GET /d1/602/AUTH_fcdbff09b75747e3a4750e67ea1fa81f/gnocchi.871e205b-02c1-4565-abac-8adcfd8e7b39" 200 2 "GET http://localhost:8080/v1/AUTH_fcdbff09b75747e3a4750e67ea1fa81f/gnocchi.871e205b-02c1-4565-abac-8adcfd8e7b39?format=json&states=listing" "txb0504eb51d6344c3b9da0-0068dbf063" "proxy-server 21" 0.0018 "-" 21 0
Sep 30 14:59:47 standalone proxy-server[126816]: 172.18.0.2 ::1 30/Sep/2025/14/59/47 GET /v1/AUTH_fcdbff09b75747e3a4750e67ea1fa81f/gnocchi.871e205b-02c1-4565-abac-8adcfd8e7b39%3Fformat%3Djson%26states%3Dlisting HTTP/1.0 200 - python-swiftclient-3.11.1 gAAAAABo2--l7bng... - 2 - txb0504eb51d6344c3b9da0-0068dbf063 - 0.0161 - - 1759244387.412979126 1759244387.429074526 0
Sep 30 14:59:47 standalone container-server[124898]: 172.20.0.100 - - [30/Sep/2025:14:59:47 +0000] "HEAD /d1/432/AUTH_fcdbff09b75747e3a4750e67ea1fa81f/gnocchi.affbae87-f0dc-4bed-bb39-1914ac4334b9" 204 - "HEAD http://localhost:8080/v1/AUTH_fcdbff09b75747e3a4750e67ea1fa81f/gnocchi.affbae87-f0dc-4bed-bb39-1914ac4334b9?format=json&states=listing" "tx3483c66ad2f8484487b83-0068dbf063" "proxy-server 21" 0.0016 "-" 21 0
Sep 30 14:59:47 standalone proxy-server[126816]: - - 30/Sep/2025/14/59/47 HEAD /v1/AUTH_fcdbff09b75747e3a4750e67ea1fa81f/gnocchi.affbae87-f0dc-4bed-bb39-1914ac4334b9%3Fformat%3Djson%26states%3Dlisting HTTP/1.0 204 - Swift - - - - tx3483c66ad2f8484487b83-0068dbf063 - 0.0056 RL - 1759244387.435849667 1759244387.441404343 0
Sep 30 14:59:47 standalone container-server[124898]: 172.20.0.100 - - [30/Sep/2025:14:59:47 +0000] "GET /d1/432/AUTH_fcdbff09b75747e3a4750e67ea1fa81f/gnocchi.affbae87-f0dc-4bed-bb39-1914ac4334b9" 200 2 "GET http://localhost:8080/v1/AUTH_fcdbff09b75747e3a4750e67ea1fa81f/gnocchi.affbae87-f0dc-4bed-bb39-1914ac4334b9?format=json&states=listing" "tx3483c66ad2f8484487b83-0068dbf063" "proxy-server 21" 0.0018 "-" 21 0
Sep 30 14:59:47 standalone proxy-server[126816]: 172.18.0.2 ::1 30/Sep/2025/14/59/47 GET /v1/AUTH_fcdbff09b75747e3a4750e67ea1fa81f/gnocchi.affbae87-f0dc-4bed-bb39-1914ac4334b9%3Fformat%3Djson%26states%3Dlisting HTTP/1.0 200 - python-swiftclient-3.11.1 gAAAAABo2--l7bng... - 2 - tx3483c66ad2f8484487b83-0068dbf063 - 0.0135 - - 1759244387.434688568 1759244387.448224306 0
Sep 30 14:59:47 standalone object-server[124989]: 172.20.0.100 - - [30/Sep/2025:14:59:47 +0000] "GET /d1/116/AUTH_fcdbff09b75747e3a4750e67ea1fa81f/gnocchi.871e205b-02c1-4565-abac-8adcfd8e7b39/1758240000.0_mean_300.0_v3" 404 70 "GET http://localhost:8080/v1/AUTH_fcdbff09b75747e3a4750e67ea1fa81f/gnocchi.871e205b-02c1-4565-abac-8adcfd8e7b39/1758240000.0_mean_300.0_v3" "txea5205ff83614006933ec-0068dbf063" "proxy-server 21" 0.0004 "-" 23 0
Sep 30 14:59:47 standalone proxy-server[126816]: 172.18.0.2 ::1 30/Sep/2025/14/59/47 GET /v1/AUTH_fcdbff09b75747e3a4750e67ea1fa81f/gnocchi.871e205b-02c1-4565-abac-8adcfd8e7b39/1758240000.0_mean_300.0_v3 HTTP/1.0 404 - python-swiftclient-3.11.1 gAAAAABo2--l7bng... - 70 - txea5205ff83614006933ec-0068dbf063 - 0.0078 - - 1759244387.451957703 1759244387.459751844 0
Sep 30 14:59:47 standalone object-server[124964]: 172.20.0.100 - - [30/Sep/2025:14:59:47 +0000] "GET /d1/136/AUTH_fcdbff09b75747e3a4750e67ea1fa81f/gnocchi.affbae87-f0dc-4bed-bb39-1914ac4334b9/1758240000.0_mean_300.0_v3" 404 70 "GET http://localhost:8080/v1/AUTH_fcdbff09b75747e3a4750e67ea1fa81f/gnocchi.affbae87-f0dc-4bed-bb39-1914ac4334b9/1758240000.0_mean_300.0_v3" "txa110a3b48ffc4f7283cd9-0068dbf063" "proxy-server 21" 0.0003 "-" 20 0
Sep 30 14:59:47 standalone proxy-server[126816]: 172.18.0.2 ::1 30/Sep/2025/14/59/47 GET /v1/AUTH_fcdbff09b75747e3a4750e67ea1fa81f/gnocchi.affbae87-f0dc-4bed-bb39-1914ac4334b9/1758240000.0_mean_300.0_v3 HTTP/1.0 404 - python-swiftclient-3.11.1 gAAAAABo2--l7bng... - 70 - txa110a3b48ffc4f7283cd9-0068dbf063 - 0.0046 - - 1759244387.462934017 1759244387.467501163 0
Sep 30 14:59:47 standalone container-server[124898]: 172.20.0.100 - - [30/Sep/2025:14:59:47 +0000] "PUT /d1/602/AUTH_fcdbff09b75747e3a4750e67ea1fa81f/gnocchi.871e205b-02c1-4565-abac-8adcfd8e7b39/1758240000.0_mean_300.0_v3" 201 - "PUT http://localhost:8080/d1/116/AUTH_fcdbff09b75747e3a4750e67ea1fa81f/gnocchi.871e205b-02c1-4565-abac-8adcfd8e7b39/1758240000.0_mean_300.0_v3" "tx053325a881fb4e3b91831-0068dbf063" "object-server 20" 0.0009 "-" 21 0
Sep 30 14:59:47 standalone object-server[124964]: 172.20.0.100 - - [30/Sep/2025:14:59:47 +0000] "PUT /d1/116/AUTH_fcdbff09b75747e3a4750e67ea1fa81f/gnocchi.871e205b-02c1-4565-abac-8adcfd8e7b39/1758240000.0_mean_300.0_v3" 201 - "PUT http://localhost:8080/v1/AUTH_fcdbff09b75747e3a4750e67ea1fa81f/gnocchi.871e205b-02c1-4565-abac-8adcfd8e7b39/1758240000.0_mean_300.0_v3" "tx053325a881fb4e3b91831-0068dbf063" "proxy-server 21" 0.0122 "-" 20 0
Sep 30 14:59:47 standalone proxy-server[126816]: 172.18.0.2 ::1 30/Sep/2025/14/59/47 PUT /v1/AUTH_fcdbff09b75747e3a4750e67ea1fa81f/gnocchi.871e205b-02c1-4565-abac-8adcfd8e7b39/1758240000.0_mean_300.0_v3 HTTP/1.0 201 - python-swiftclient-3.11.1 gAAAAABo2--l7bng... 16 - - tx053325a881fb4e3b91831-0068dbf063 - 0.0187 - - 1759244387.472582579 1759244387.491236925 0
Sep 30 14:59:47 standalone container-server[124906]: 172.20.0.100 - - [30/Sep/2025:14:59:47 +0000] "PUT /d1/432/AUTH_fcdbff09b75747e3a4750e67ea1fa81f/gnocchi.affbae87-f0dc-4bed-bb39-1914ac4334b9/1758240000.0_mean_300.0_v3" 201 - "PUT http://localhost:8080/d1/136/AUTH_fcdbff09b75747e3a4750e67ea1fa81f/gnocchi.affbae87-f0dc-4bed-bb39-1914ac4334b9/1758240000.0_mean_300.0_v3" "tx8d1d6d8aa15a44f09b718-0068dbf063" "object-server 20" 0.0004 "-" 22 0
Sep 30 14:59:47 standalone object-server[124964]: 172.20.0.100 - - [30/Sep/2025:14:59:47 +0000] "PUT /d1/136/AUTH_fcdbff09b75747e3a4750e67ea1fa81f/gnocchi.affbae87-f0dc-4bed-bb39-1914ac4334b9/1758240000.0_mean_300.0_v3" 201 - "PUT http://localhost:8080/v1/AUTH_fcdbff09b75747e3a4750e67ea1fa81f/gnocchi.affbae87-f0dc-4bed-bb39-1914ac4334b9/1758240000.0_mean_300.0_v3" "tx8d1d6d8aa15a44f09b718-0068dbf063" "proxy-server 21" 0.0130 "-" 20 0
Sep 30 14:59:47 standalone proxy-server[126816]: 172.18.0.2 ::1 30/Sep/2025/14/59/47 PUT /v1/AUTH_fcdbff09b75747e3a4750e67ea1fa81f/gnocchi.affbae87-f0dc-4bed-bb39-1914ac4334b9/1758240000.0_mean_300.0_v3 HTTP/1.0 201 - python-swiftclient-3.11.1 gAAAAABo2--l7bng... 16 - - tx8d1d6d8aa15a44f09b718-0068dbf063 - 0.0276 - - 1759244387.494738579 1759244387.522303343 0
Sep 30 14:59:47 standalone container-server[124898]: 172.20.0.100 - - [30/Sep/2025:14:59:47 +0000] "PUT /d1/602/AUTH_fcdbff09b75747e3a4750e67ea1fa81f/gnocchi.871e205b-02c1-4565-abac-8adcfd8e7b39/none_v3" 201 - "PUT http://localhost:8080/d1/151/AUTH_fcdbff09b75747e3a4750e67ea1fa81f/gnocchi.871e205b-02c1-4565-abac-8adcfd8e7b39/none_v3" "tx41c6c7f30e3e4eb59959e-0068dbf063" "object-server 21" 0.0006 "-" 21 0
Sep 30 14:59:47 standalone object-server[124974]: 172.20.0.100 - - [30/Sep/2025:14:59:47 +0000] "PUT /d1/151/AUTH_fcdbff09b75747e3a4750e67ea1fa81f/gnocchi.871e205b-02c1-4565-abac-8adcfd8e7b39/none_v3" 201 - "PUT http://localhost:8080/v1/AUTH_fcdbff09b75747e3a4750e67ea1fa81f/gnocchi.871e205b-02c1-4565-abac-8adcfd8e7b39/none_v3" "tx41c6c7f30e3e4eb59959e-0068dbf063" "proxy-server 21" 0.0123 "-" 21 0
Sep 30 14:59:47 standalone proxy-server[126816]: 172.18.0.2 ::1 30/Sep/2025/14/59/47 PUT /v1/AUTH_fcdbff09b75747e3a4750e67ea1fa81f/gnocchi.871e205b-02c1-4565-abac-8adcfd8e7b39/none_v3 HTTP/1.0 201 - python-swiftclient-3.11.1 gAAAAABo2--l7bng... 22 - - tx41c6c7f30e3e4eb59959e-0068dbf063 - 0.0176 - - 1759244387.527772665 1759244387.545415163 0
Sep 30 14:59:47 standalone container-server[124910]: 172.20.0.100 - - [30/Sep/2025:14:59:47 +0000] "PUT /d1/432/AUTH_fcdbff09b75747e3a4750e67ea1fa81f/gnocchi.affbae87-f0dc-4bed-bb39-1914ac4334b9/none_v3" 201 - "PUT http://localhost:8080/d1/519/AUTH_fcdbff09b75747e3a4750e67ea1fa81f/gnocchi.affbae87-f0dc-4bed-bb39-1914ac4334b9/none_v3" "txed763a926f074d939e758-0068dbf063" "object-server 23" 0.0005 "-" 23 0
Sep 30 14:59:47 standalone object-server[124989]: 172.20.0.100 - - [30/Sep/2025:14:59:47 +0000] "PUT /d1/519/AUTH_fcdbff09b75747e3a4750e67ea1fa81f/gnocchi.affbae87-f0dc-4bed-bb39-1914ac4334b9/none_v3" 201 - "PUT http://localhost:8080/v1/AUTH_fcdbff09b75747e3a4750e67ea1fa81f/gnocchi.affbae87-f0dc-4bed-bb39-1914ac4334b9/none_v3" "txed763a926f074d939e758-0068dbf063" "proxy-server 21" 0.0086 "-" 23 0
Sep 30 14:59:47 standalone proxy-server[126816]: 172.18.0.2 ::1 30/Sep/2025/14/59/47 PUT /v1/AUTH_fcdbff09b75747e3a4750e67ea1fa81f/gnocchi.affbae87-f0dc-4bed-bb39-1914ac4334b9/none_v3 HTTP/1.0 201 - python-swiftclient-3.11.1 gAAAAABo2--l7bng... 22 - - txed763a926f074d939e758-0068dbf063 - 0.0169 - - 1759244387.548748493 1759244387.565634489 0
Sep 30 14:59:47 standalone container-server[124906]: 172.20.0.100 - - [30/Sep/2025:14:59:47 +0000] "HEAD /d1/48/AUTH_fcdbff09b75747e3a4750e67ea1fa81f/gnocchi.d6506ab0-242c-4a75-b61d-2963089c2276" 404 - "HEAD http://localhost:8080/v1/AUTH_fcdbff09b75747e3a4750e67ea1fa81f/gnocchi.d6506ab0-242c-4a75-b61d-2963089c2276?format=json&states=listing" "tx9bafd1f5ecfa4c84ab642-0068dbf063" "proxy-server 21" 0.0003 "-" 22 0
Sep 30 14:59:47 standalone object-server[124974]: 172.20.0.100 - - [30/Sep/2025:14:59:47 +0000] "GET /d1/973/AUTH_fcdbff09b75747e3a4750e67ea1fa81f/gnocchi.d6506ab0-242c-4a75-b61d-2963089c2276/none_v3" 404 70 "GET http://localhost:8080/v1/AUTH_fcdbff09b75747e3a4750e67ea1fa81f/gnocchi.d6506ab0-242c-4a75-b61d-2963089c2276/none_v3" "tx9bafd1f5ecfa4c84ab642-0068dbf063" "proxy-server 21" 0.0003 "-" 21 0
Sep 30 14:59:47 standalone proxy-server[126816]: 172.18.0.2 ::1 30/Sep/2025/14/59/47 GET /v1/AUTH_fcdbff09b75747e3a4750e67ea1fa81f/gnocchi.d6506ab0-242c-4a75-b61d-2963089c2276/none_v3 HTTP/1.0 404 - python-swiftclient-3.11.1 gAAAAABo2--l7bng... - 70 - tx9bafd1f5ecfa4c84ab642-0068dbf063 - 0.0078 - - 1759244387.583530664 1759244387.591320992 0
Sep 30 14:59:47 standalone account-server[124753]: 172.20.0.100 - - [30/Sep/2025:14:59:47 +0000] "PUT /d1/704/AUTH_fcdbff09b75747e3a4750e67ea1fa81f/gnocchi.d6506ab0-242c-4a75-b61d-2963089c2276" 201 - "PUT http://172.20.0.100:6001/d1/48/AUTH_fcdbff09b75747e3a4750e67ea1fa81f/gnocchi.d6506ab0-242c-4a75-b61d-2963089c2276" "tx71e7a6ade1ba48c1ad45b-0068dbf063" "container-server 23" 0.0070 "-" 22 0
Sep 30 14:59:47 standalone container-server[124910]: 172.20.0.100 - - [30/Sep/2025:14:59:47 +0000] "PUT /d1/48/AUTH_fcdbff09b75747e3a4750e67ea1fa81f/gnocchi.d6506ab0-242c-4a75-b61d-2963089c2276" 201 - "PUT http://localhost:8080/v1/AUTH_fcdbff09b75747e3a4750e67ea1fa81f/gnocchi.d6506ab0-242c-4a75-b61d-2963089c2276" "tx71e7a6ade1ba48c1ad45b-0068dbf063" "proxy-server 21" 0.0180 "-" 23 0
Sep 30 14:59:47 standalone proxy-server[126816]: 172.18.0.2 ::1 30/Sep/2025/14/59/47 PUT /v1/AUTH_fcdbff09b75747e3a4750e67ea1fa81f/gnocchi.d6506ab0-242c-4a75-b61d-2963089c2276 HTTP/1.0 201 - python-swiftclient-3.11.1 gAAAAABo2--l7bng... - - - tx71e7a6ade1ba48c1ad45b-0068dbf063 - 0.0231 - - 1759244387.594606161 1759244387.617707491 0
Sep 30 14:59:47 standalone container-server[124906]: 172.20.0.100 - - [30/Sep/2025:14:59:47 +0000] "HEAD /d1/48/AUTH_fcdbff09b75747e3a4750e67ea1fa81f/gnocchi.d6506ab0-242c-4a75-b61d-2963089c2276" 204 - "HEAD http://localhost:8080/v1/AUTH_fcdbff09b75747e3a4750e67ea1fa81f/gnocchi.d6506ab0-242c-4a75-b61d-2963089c2276?format=json&states=listing" "tx94fbbac8df3f48a4826f0-0068dbf063" "proxy-server 21" 0.0011 "-" 22 0
Sep 30 14:59:47 standalone proxy-server[126816]: - - 30/Sep/2025/14/59/47 HEAD /v1/AUTH_fcdbff09b75747e3a4750e67ea1fa81f/gnocchi.d6506ab0-242c-4a75-b61d-2963089c2276%3Fformat%3Djson%26states%3Dlisting HTTP/1.0 204 - Swift - - - - tx94fbbac8df3f48a4826f0-0068dbf063 - 0.0041 RL - 1759244387.622890234 1759244387.627002001 0
Sep 30 14:59:47 standalone container-server[124906]: 172.20.0.100 - - [30/Sep/2025:14:59:47 +0000] "GET /d1/48/AUTH_fcdbff09b75747e3a4750e67ea1fa81f/gnocchi.d6506ab0-242c-4a75-b61d-2963089c2276" 200 2 "GET http://localhost:8080/v1/AUTH_fcdbff09b75747e3a4750e67ea1fa81f/gnocchi.d6506ab0-242c-4a75-b61d-2963089c2276?format=json&states=listing" "tx94fbbac8df3f48a4826f0-0068dbf063" "proxy-server 21" 0.0017 "-" 22 0
Sep 30 14:59:47 standalone proxy-server[126816]: 172.18.0.2 ::1 30/Sep/2025/14/59/47 GET /v1/AUTH_fcdbff09b75747e3a4750e67ea1fa81f/gnocchi.d6506ab0-242c-4a75-b61d-2963089c2276%3Fformat%3Djson%26states%3Dlisting HTTP/1.0 200 - python-swiftclient-3.11.1 gAAAAABo2--l7bng... - 2 - tx94fbbac8df3f48a4826f0-0068dbf063 - 0.0122 - - 1759244387.621360779 1759244387.633532524 0
Sep 30 14:59:47 standalone object-server[124989]: 172.20.0.100 - - [30/Sep/2025:14:59:47 +0000] "GET /d1/808/AUTH_fcdbff09b75747e3a4750e67ea1fa81f/gnocchi.d6506ab0-242c-4a75-b61d-2963089c2276/1758240000.0_mean_300.0_v3" 404 70 "GET http://localhost:8080/v1/AUTH_fcdbff09b75747e3a4750e67ea1fa81f/gnocchi.d6506ab0-242c-4a75-b61d-2963089c2276/1758240000.0_mean_300.0_v3" "txc28005ff885b4ce5ac32e-0068dbf063" "proxy-server 21" 0.0003 "-" 23 0
Sep 30 14:59:47 standalone proxy-server[126816]: 172.18.0.2 ::1 30/Sep/2025/14/59/47 GET /v1/AUTH_fcdbff09b75747e3a4750e67ea1fa81f/gnocchi.d6506ab0-242c-4a75-b61d-2963089c2276/1758240000.0_mean_300.0_v3 HTTP/1.0 404 - python-swiftclient-3.11.1 gAAAAABo2--l7bng... - 70 - txc28005ff885b4ce5ac32e-0068dbf063 - 0.0078 - - 1759244387.639330864 1759244387.647080898 0
Sep 30 14:59:47 standalone container-server[124910]: 172.20.0.100 - - [30/Sep/2025:14:59:47 +0000] "PUT /d1/48/AUTH_fcdbff09b75747e3a4750e67ea1fa81f/gnocchi.d6506ab0-242c-4a75-b61d-2963089c2276/1758240000.0_mean_300.0_v3" 201 - "PUT http://localhost:8080/d1/808/AUTH_fcdbff09b75747e3a4750e67ea1fa81f/gnocchi.d6506ab0-242c-4a75-b61d-2963089c2276/1758240000.0_mean_300.0_v3" "tx953c2f3a844c4ead92c31-0068dbf063" "object-server 22" 0.0009 "-" 23 0
Sep 30 14:59:47 standalone object-server[124980]: 172.20.0.100 - - [30/Sep/2025:14:59:47 +0000] "PUT /d1/808/AUTH_fcdbff09b75747e3a4750e67ea1fa81f/gnocchi.d6506ab0-242c-4a75-b61d-2963089c2276/1758240000.0_mean_300.0_v3" 201 - "PUT http://localhost:8080/v1/AUTH_fcdbff09b75747e3a4750e67ea1fa81f/gnocchi.d6506ab0-242c-4a75-b61d-2963089c2276/1758240000.0_mean_300.0_v3" "tx953c2f3a844c4ead92c31-0068dbf063" "proxy-server 21" 0.0104 "-" 22 0
Sep 30 14:59:47 standalone proxy-server[126816]: 172.18.0.2 ::1 30/Sep/2025/14/59/47 PUT /v1/AUTH_fcdbff09b75747e3a4750e67ea1fa81f/gnocchi.d6506ab0-242c-4a75-b61d-2963089c2276/1758240000.0_mean_300.0_v3 HTTP/1.0 201 - python-swiftclient-3.11.1 gAAAAABo2--l7bng... 16 - - tx953c2f3a844c4ead92c31-0068dbf063 - 0.0170 - - 1759244387.651675940 1759244387.668663740 0
Sep 30 14:59:47 standalone container-server[124898]: 172.20.0.100 - - [30/Sep/2025:14:59:47 +0000] "PUT /d1/48/AUTH_fcdbff09b75747e3a4750e67ea1fa81f/gnocchi.d6506ab0-242c-4a75-b61d-2963089c2276/none_v3" 201 - "PUT http://localhost:8080/d1/973/AUTH_fcdbff09b75747e3a4750e67ea1fa81f/gnocchi.d6506ab0-242c-4a75-b61d-2963089c2276/none_v3" "txda509f4e9d524583a5af4-0068dbf063" "object-server 22" 0.0005 "-" 21 0
Sep 30 14:59:47 standalone object-server[124980]: 172.20.0.100 - - [30/Sep/2025:14:59:47 +0000] "PUT /d1/973/AUTH_fcdbff09b75747e3a4750e67ea1fa81f/gnocchi.d6506ab0-242c-4a75-b61d-2963089c2276/none_v3" 201 - "PUT http://localhost:8080/v1/AUTH_fcdbff09b75747e3a4750e67ea1fa81f/gnocchi.d6506ab0-242c-4a75-b61d-2963089c2276/none_v3" "txda509f4e9d524583a5af4-0068dbf063" "proxy-server 21" 0.0076 "-" 22 0
Sep 30 14:59:47 standalone proxy-server[126816]: 172.18.0.2 ::1 30/Sep/2025/14/59/47 PUT /v1/AUTH_fcdbff09b75747e3a4750e67ea1fa81f/gnocchi.d6506ab0-242c-4a75-b61d-2963089c2276/none_v3 HTTP/1.0 201 - python-swiftclient-3.11.1 gAAAAABo2--l7bng... 22 - - txda509f4e9d524583a5af4-0068dbf063 - 0.0127 - - 1759244387.672528744 1759244387.685259819 0
Sep 30 14:59:47 standalone container-server[124910]: 172.20.0.100 - - [30/Sep/2025:14:59:47 +0000] "HEAD /d1/851/AUTH_fcdbff09b75747e3a4750e67ea1fa81f/gnocchi.a7b07afd-565f-4eef-ae3f-c5c85f3d98d0" 404 - "HEAD http://localhost:8080/v1/AUTH_fcdbff09b75747e3a4750e67ea1fa81f/gnocchi.a7b07afd-565f-4eef-ae3f-c5c85f3d98d0?format=json&states=listing" "txdcd4abdfbd9448d492e61-0068dbf063" "proxy-server 21" 0.0003 "-" 23 0
Sep 30 14:59:47 standalone object-server[124964]: 172.20.0.100 - - [30/Sep/2025:14:59:47 +0000] "GET /d1/767/AUTH_fcdbff09b75747e3a4750e67ea1fa81f/gnocchi.a7b07afd-565f-4eef-ae3f-c5c85f3d98d0/none_v3" 404 70 "GET http://localhost:8080/v1/AUTH_fcdbff09b75747e3a4750e67ea1fa81f/gnocchi.a7b07afd-565f-4eef-ae3f-c5c85f3d98d0/none_v3" "txdcd4abdfbd9448d492e61-0068dbf063" "proxy-server 21" 0.0004 "-" 20 0
Sep 30 14:59:47 standalone proxy-server[126816]: 172.18.0.2 ::1 30/Sep/2025/14/59/47 GET /v1/AUTH_fcdbff09b75747e3a4750e67ea1fa81f/gnocchi.a7b07afd-565f-4eef-ae3f-c5c85f3d98d0/none_v3 HTTP/1.0 404 - python-swiftclient-3.11.1 gAAAAABo2--l7bng... - 70 - txdcd4abdfbd9448d492e61-0068dbf063 - 0.0116 - - 1759244387.697531223 1759244387.709119320 0
Sep 30 14:59:47 standalone account-server[124721]: 172.20.0.100 - - [30/Sep/2025:14:59:47 +0000] "PUT /d1/704/AUTH_fcdbff09b75747e3a4750e67ea1fa81f/gnocchi.a7b07afd-565f-4eef-ae3f-c5c85f3d98d0" 201 - "PUT http://172.20.0.100:6001/d1/851/AUTH_fcdbff09b75747e3a4750e67ea1fa81f/gnocchi.a7b07afd-565f-4eef-ae3f-c5c85f3d98d0" "txa51dae9b74e445a483dfa-0068dbf063" "container-server 21" 0.0061 "-" 20 0
Sep 30 14:59:47 standalone container-server[124898]: 172.20.0.100 - - [30/Sep/2025:14:59:47 +0000] "PUT /d1/851/AUTH_fcdbff09b75747e3a4750e67ea1fa81f/gnocchi.a7b07afd-565f-4eef-ae3f-c5c85f3d98d0" 201 - "PUT http://localhost:8080/v1/AUTH_fcdbff09b75747e3a4750e67ea1fa81f/gnocchi.a7b07afd-565f-4eef-ae3f-c5c85f3d98d0" "txa51dae9b74e445a483dfa-0068dbf063" "proxy-server 21" 0.0219 "-" 21 0
Sep 30 14:59:47 standalone proxy-server[126816]: 172.18.0.2 ::1 30/Sep/2025/14/59/47 PUT /v1/AUTH_fcdbff09b75747e3a4750e67ea1fa81f/gnocchi.a7b07afd-565f-4eef-ae3f-c5c85f3d98d0 HTTP/1.0 201 - python-swiftclient-3.11.1 gAAAAABo2--l7bng... - - - txa51dae9b74e445a483dfa-0068dbf063 - 0.0351 - - 1759244387.717310667 1759244387.752440214 0
Sep 30 14:59:47 standalone container-server[124898]: 172.20.0.100 - - [30/Sep/2025:14:59:47 +0000] "HEAD /d1/851/AUTH_fcdbff09b75747e3a4750e67ea1fa81f/gnocchi.a7b07afd-565f-4eef-ae3f-c5c85f3d98d0" 204 - "HEAD http://localhost:8080/v1/AUTH_fcdbff09b75747e3a4750e67ea1fa81f/gnocchi.a7b07afd-565f-4eef-ae3f-c5c85f3d98d0?format=json&states=listing" "tx1798563ff1d741ebad348-0068dbf063" "proxy-server 21" 0.0011 "-" 21 0
Sep 30 14:59:47 standalone proxy-server[126816]: - - 30/Sep/2025/14/59/47 HEAD /v1/AUTH_fcdbff09b75747e3a4750e67ea1fa81f/gnocchi.a7b07afd-565f-4eef-ae3f-c5c85f3d98d0%3Fformat%3Djson%26states%3Dlisting HTTP/1.0 204 - Swift - - - - tx1798563ff1d741ebad348-0068dbf063 - 0.0048 RL - 1759244387.758369684 1759244387.763169289 0
Sep 30 14:59:47 standalone container-server[124910]: 172.20.0.100 - - [30/Sep/2025:14:59:47 +0000] "GET /d1/851/AUTH_fcdbff09b75747e3a4750e67ea1fa81f/gnocchi.a7b07afd-565f-4eef-ae3f-c5c85f3d98d0" 200 2 "GET http://localhost:8080/v1/AUTH_fcdbff09b75747e3a4750e67ea1fa81f/gnocchi.a7b07afd-565f-4eef-ae3f-c5c85f3d98d0?format=json&states=listing" "tx1798563ff1d741ebad348-0068dbf063" "proxy-server 21" 0.0017 "-" 23 0
Sep 30 14:59:47 standalone proxy-server[126816]: 172.18.0.2 ::1 30/Sep/2025/14/59/47 GET /v1/AUTH_fcdbff09b75747e3a4750e67ea1fa81f/gnocchi.a7b07afd-565f-4eef-ae3f-c5c85f3d98d0%3Fformat%3Djson%26states%3Dlisting HTTP/1.0 200 - python-swiftclient-3.11.1 gAAAAABo2--l7bng... - 2 - tx1798563ff1d741ebad348-0068dbf063 - 0.0136 - - 1759244387.756961584 1759244387.770565033 0
Sep 30 14:59:47 standalone object-server[124989]: 172.20.0.100 - - [30/Sep/2025:14:59:47 +0000] "GET /d1/879/AUTH_fcdbff09b75747e3a4750e67ea1fa81f/gnocchi.a7b07afd-565f-4eef-ae3f-c5c85f3d98d0/1758240000.0_mean_300.0_v3" 404 70 "GET http://localhost:8080/v1/AUTH_fcdbff09b75747e3a4750e67ea1fa81f/gnocchi.a7b07afd-565f-4eef-ae3f-c5c85f3d98d0/1758240000.0_mean_300.0_v3" "tx738442cecc914179a6acc-0068dbf063" "proxy-server 21" 0.0004 "-" 23 0
Sep 30 14:59:47 standalone proxy-server[126816]: 172.18.0.2 ::1 30/Sep/2025/14/59/47 GET /v1/AUTH_fcdbff09b75747e3a4750e67ea1fa81f/gnocchi.a7b07afd-565f-4eef-ae3f-c5c85f3d98d0/1758240000.0_mean_300.0_v3 HTTP/1.0 404 - python-swiftclient-3.11.1 gAAAAABo2--l7bng... - 70 - tx738442cecc914179a6acc-0068dbf063 - 0.0044 - - 1759244387.775772095 1759244387.780213833 0
Sep 30 14:59:47 standalone container-server[124906]: 172.20.0.100 - - [30/Sep/2025:14:59:47 +0000] "PUT /d1/851/AUTH_fcdbff09b75747e3a4750e67ea1fa81f/gnocchi.a7b07afd-565f-4eef-ae3f-c5c85f3d98d0/1758240000.0_mean_300.0_v3" 201 - "PUT http://localhost:8080/d1/879/AUTH_fcdbff09b75747e3a4750e67ea1fa81f/gnocchi.a7b07afd-565f-4eef-ae3f-c5c85f3d98d0/1758240000.0_mean_300.0_v3" "tx20c4c49471e74be1a9f3e-0068dbf063" "object-server 23" 0.0005 "-" 22 0
Sep 30 14:59:47 standalone object-server[124989]: 172.20.0.100 - - [30/Sep/2025:14:59:47 +0000] "PUT /d1/879/AUTH_fcdbff09b75747e3a4750e67ea1fa81f/gnocchi.a7b07afd-565f-4eef-ae3f-c5c85f3d98d0/1758240000.0_mean_300.0_v3" 201 - "PUT http://localhost:8080/v1/AUTH_fcdbff09b75747e3a4750e67ea1fa81f/gnocchi.a7b07afd-565f-4eef-ae3f-c5c85f3d98d0/1758240000.0_mean_300.0_v3" "tx20c4c49471e74be1a9f3e-0068dbf063" "proxy-server 21" 0.0139 "-" 23 0
Sep 30 14:59:47 standalone proxy-server[126816]: 172.18.0.2 ::1 30/Sep/2025/14/59/47 PUT /v1/AUTH_fcdbff09b75747e3a4750e67ea1fa81f/gnocchi.a7b07afd-565f-4eef-ae3f-c5c85f3d98d0/1758240000.0_mean_300.0_v3 HTTP/1.0 201 - python-swiftclient-3.11.1 gAAAAABo2--l7bng... 16 - - tx20c4c49471e74be1a9f3e-0068dbf063 - 0.0186 - - 1759244387.783145428 1759244387.801736593 0
Sep 30 14:59:47 standalone container-server[124906]: 172.20.0.100 - - [30/Sep/2025:14:59:47 +0000] "PUT /d1/851/AUTH_fcdbff09b75747e3a4750e67ea1fa81f/gnocchi.a7b07afd-565f-4eef-ae3f-c5c85f3d98d0/none_v3" 201 - "PUT http://localhost:8080/d1/767/AUTH_fcdbff09b75747e3a4750e67ea1fa81f/gnocchi.a7b07afd-565f-4eef-ae3f-c5c85f3d98d0/none_v3" "txea0e89ed77db40e9ae178-0068dbf063" "object-server 22" 0.0004 "-" 22 0
Sep 30 14:59:47 standalone object-server[124980]: 172.20.0.100 - - [30/Sep/2025:14:59:47 +0000] "PUT /d1/767/AUTH_fcdbff09b75747e3a4750e67ea1fa81f/gnocchi.a7b07afd-565f-4eef-ae3f-c5c85f3d98d0/none_v3" 201 - "PUT http://localhost:8080/v1/AUTH_fcdbff09b75747e3a4750e67ea1fa81f/gnocchi.a7b07afd-565f-4eef-ae3f-c5c85f3d98d0/none_v3" "txea0e89ed77db40e9ae178-0068dbf063" "proxy-server 21" 0.0170 "-" 22 0
Sep 30 14:59:47 standalone proxy-server[126816]: 172.18.0.2 ::1 30/Sep/2025/14/59/47 PUT /v1/AUTH_fcdbff09b75747e3a4750e67ea1fa81f/gnocchi.a7b07afd-565f-4eef-ae3f-c5c85f3d98d0/none_v3 HTTP/1.0 201 - python-swiftclient-3.11.1 gAAAAABo2--l7bng... 22 - - txea0e89ed77db40e9ae178-0068dbf063 - 0.0441 - - 1759244387.810896635 1759244387.855014563 0
Sep 30 14:59:47 standalone container-server[124910]: 172.20.0.100 - - [30/Sep/2025:14:59:47 +0000] "HEAD /d1/268/AUTH_fcdbff09b75747e3a4750e67ea1fa81f/gnocchi.058f072c-07f8-4b5b-9504-9ee7b399805b" 404 - "HEAD http://localhost:8080/v1/AUTH_fcdbff09b75747e3a4750e67ea1fa81f/gnocchi.058f072c-07f8-4b5b-9504-9ee7b399805b?format=json&states=listing" "tx3522b226fadf4bcd921ef-0068dbf063" "proxy-server 21" 0.0004 "-" 23 0
Sep 30 14:59:47 standalone object-server[124974]: 172.20.0.100 - - [30/Sep/2025:14:59:47 +0000] "GET /d1/885/AUTH_fcdbff09b75747e3a4750e67ea1fa81f/gnocchi.058f072c-07f8-4b5b-9504-9ee7b399805b/none_v3" 404 70 "GET http://localhost:8080/v1/AUTH_fcdbff09b75747e3a4750e67ea1fa81f/gnocchi.058f072c-07f8-4b5b-9504-9ee7b399805b/none_v3" "tx3522b226fadf4bcd921ef-0068dbf063" "proxy-server 21" 0.0003 "-" 21 0
Sep 30 14:59:47 standalone proxy-server[126816]: 172.18.0.2 ::1 30/Sep/2025/14/59/47 GET /v1/AUTH_fcdbff09b75747e3a4750e67ea1fa81f/gnocchi.058f072c-07f8-4b5b-9504-9ee7b399805b/none_v3 HTTP/1.0 404 - python-swiftclient-3.11.1 gAAAAABo2--l7bng... - 70 - tx3522b226fadf4bcd921ef-0068dbf063 - 0.0085 - - 1759244387.866846323 1759244387.875333548 0
Sep 30 14:59:47 standalone account-server[124761]: 172.20.0.100 - - [30/Sep/2025:14:59:47 +0000] "PUT /d1/704/AUTH_fcdbff09b75747e3a4750e67ea1fa81f/gnocchi.058f072c-07f8-4b5b-9504-9ee7b399805b" 201 - "PUT http://172.20.0.100:6001/d1/268/AUTH_fcdbff09b75747e3a4750e67ea1fa81f/gnocchi.058f072c-07f8-4b5b-9504-9ee7b399805b" "tx52a8d09afd654fb090867-0068dbf063" "container-server 20" 0.0074 "-" 23 0
Sep 30 14:59:47 standalone container-server[124886]: 172.20.0.100 - - [30/Sep/2025:14:59:47 +0000] "PUT /d1/268/AUTH_fcdbff09b75747e3a4750e67ea1fa81f/gnocchi.058f072c-07f8-4b5b-9504-9ee7b399805b" 201 - "PUT http://localhost:8080/v1/AUTH_fcdbff09b75747e3a4750e67ea1fa81f/gnocchi.058f072c-07f8-4b5b-9504-9ee7b399805b" "tx52a8d09afd654fb090867-0068dbf063" "proxy-server 21" 0.0205 "-" 20 0
Sep 30 14:59:47 standalone proxy-server[126816]: 172.18.0.2 ::1 30/Sep/2025/14/59/47 PUT /v1/AUTH_fcdbff09b75747e3a4750e67ea1fa81f/gnocchi.058f072c-07f8-4b5b-9504-9ee7b399805b HTTP/1.0 201 - python-swiftclient-3.11.1 gAAAAABo2--l7bng... - - - tx52a8d09afd654fb090867-0068dbf063 - 0.0265 - - 1759244387.878252268 1759244387.904725075 0
Sep 30 14:59:47 standalone container-server[124886]: 172.20.0.100 - - [30/Sep/2025:14:59:47 +0000] "HEAD /d1/268/AUTH_fcdbff09b75747e3a4750e67ea1fa81f/gnocchi.058f072c-07f8-4b5b-9504-9ee7b399805b" 204 - "HEAD http://localhost:8080/v1/AUTH_fcdbff09b75747e3a4750e67ea1fa81f/gnocchi.058f072c-07f8-4b5b-9504-9ee7b399805b?format=json&states=listing" "txc8c0168a979f407fa5969-0068dbf063" "proxy-server 21" 0.0009 "-" 20 0
Sep 30 14:59:47 standalone proxy-server[126816]: - - 30/Sep/2025/14/59/47 HEAD /v1/AUTH_fcdbff09b75747e3a4750e67ea1fa81f/gnocchi.058f072c-07f8-4b5b-9504-9ee7b399805b%3Fformat%3Djson%26states%3Dlisting HTTP/1.0 204 - Swift - - - - txc8c0168a979f407fa5969-0068dbf063 - 0.0037 RL - 1759244387.909514904 1759244387.913181782 0
Sep 30 14:59:47 standalone container-server[124906]: 172.20.0.100 - - [30/Sep/2025:14:59:47 +0000] "GET /d1/268/AUTH_fcdbff09b75747e3a4750e67ea1fa81f/gnocchi.058f072c-07f8-4b5b-9504-9ee7b399805b" 200 2 "GET http://localhost:8080/v1/AUTH_fcdbff09b75747e3a4750e67ea1fa81f/gnocchi.058f072c-07f8-4b5b-9504-9ee7b399805b?format=json&states=listing" "txc8c0168a979f407fa5969-0068dbf063" "proxy-server 21" 0.0026 "-" 22 0
Sep 30 14:59:47 standalone proxy-server[126816]: 172.18.0.2 ::1 30/Sep/2025/14/59/47 GET /v1/AUTH_fcdbff09b75747e3a4750e67ea1fa81f/gnocchi.058f072c-07f8-4b5b-9504-9ee7b399805b%3Fformat%3Djson%26states%3Dlisting HTTP/1.0 200 - python-swiftclient-3.11.1 gAAAAABo2--l7bng... - 2 - txc8c0168a979f407fa5969-0068dbf063 - 0.0136 - - 1759244387.908345938 1759244387.921979904 0
Sep 30 14:59:47 standalone object-server[124989]: 172.20.0.100 - - [30/Sep/2025:14:59:47 +0000] "GET /d1/336/AUTH_fcdbff09b75747e3a4750e67ea1fa81f/gnocchi.058f072c-07f8-4b5b-9504-9ee7b399805b/1758240000.0_mean_300.0_v3" 404 70 "GET http://localhost:8080/v1/AUTH_fcdbff09b75747e3a4750e67ea1fa81f/gnocchi.058f072c-07f8-4b5b-9504-9ee7b399805b/1758240000.0_mean_300.0_v3" "txaffbcc9b17aa401a823ab-0068dbf063" "proxy-server 21" 0.0004 "-" 23 0
Sep 30 14:59:47 standalone proxy-server[126816]: 172.18.0.2 ::1 30/Sep/2025/14/59/47 GET /v1/AUTH_fcdbff09b75747e3a4750e67ea1fa81f/gnocchi.058f072c-07f8-4b5b-9504-9ee7b399805b/1758240000.0_mean_300.0_v3 HTTP/1.0 404 - python-swiftclient-3.11.1 gAAAAABo2--l7bng... - 70 - txaffbcc9b17aa401a823ab-0068dbf063 - 0.0052 - - 1759244387.925776482 1759244387.931018829 0
Sep 30 14:59:47 standalone container-server[124886]: 172.20.0.100 - - [30/Sep/2025:14:59:47 +0000] "PUT /d1/268/AUTH_fcdbff09b75747e3a4750e67ea1fa81f/gnocchi.058f072c-07f8-4b5b-9504-9ee7b399805b/1758240000.0_mean_300.0_v3" 201 - "PUT http://localhost:8080/d1/336/AUTH_fcdbff09b75747e3a4750e67ea1fa81f/gnocchi.058f072c-07f8-4b5b-9504-9ee7b399805b/1758240000.0_mean_300.0_v3" "tx037a211e42014fdfa480f-0068dbf063" "object-server 21" 0.0007 "-" 20 0
Sep 30 14:59:47 standalone object-server[124974]: 172.20.0.100 - - [30/Sep/2025:14:59:47 +0000] "PUT /d1/336/AUTH_fcdbff09b75747e3a4750e67ea1fa81f/gnocchi.058f072c-07f8-4b5b-9504-9ee7b399805b/1758240000.0_mean_300.0_v3" 201 - "PUT http://localhost:8080/v1/AUTH_fcdbff09b75747e3a4750e67ea1fa81f/gnocchi.058f072c-07f8-4b5b-9504-9ee7b399805b/1758240000.0_mean_300.0_v3" "tx037a211e42014fdfa480f-0068dbf063" "proxy-server 21" 0.0120 "-" 21 0
Sep 30 14:59:47 standalone proxy-server[126816]: 172.18.0.2 ::1 30/Sep/2025/14/59/47 PUT /v1/AUTH_fcdbff09b75747e3a4750e67ea1fa81f/gnocchi.058f072c-07f8-4b5b-9504-9ee7b399805b/1758240000.0_mean_300.0_v3 HTTP/1.0 201 - python-swiftclient-3.11.1 gAAAAABo2--l7bng... 16 - - tx037a211e42014fdfa480f-0068dbf063 - 0.0196 - - 1759244387.934878349 1759244387.954435587 0
Sep 30 14:59:47 standalone container-server[124906]: 172.20.0.100 - - [30/Sep/2025:14:59:47 +0000] "PUT /d1/268/AUTH_fcdbff09b75747e3a4750e67ea1fa81f/gnocchi.058f072c-07f8-4b5b-9504-9ee7b399805b/none_v3" 201 - "PUT http://localhost:8080/d1/885/AUTH_fcdbff09b75747e3a4750e67ea1fa81f/gnocchi.058f072c-07f8-4b5b-9504-9ee7b399805b/none_v3" "txa524bce8b05d4af49e646-0068dbf063" "object-server 23" 0.0006 "-" 22 0
Sep 30 14:59:47 standalone object-server[124989]: 172.20.0.100 - - [30/Sep/2025:14:59:47 +0000] "PUT /d1/885/AUTH_fcdbff09b75747e3a4750e67ea1fa81f/gnocchi.058f072c-07f8-4b5b-9504-9ee7b399805b/none_v3" 201 - "PUT http://localhost:8080/v1/AUTH_fcdbff09b75747e3a4750e67ea1fa81f/gnocchi.058f072c-07f8-4b5b-9504-9ee7b399805b/none_v3" "txa524bce8b05d4af49e646-0068dbf063" "proxy-server 21" 0.0097 "-" 23 0
Sep 30 14:59:47 standalone proxy-server[126816]: 172.18.0.2 ::1 30/Sep/2025/14/59/47 PUT /v1/AUTH_fcdbff09b75747e3a4750e67ea1fa81f/gnocchi.058f072c-07f8-4b5b-9504-9ee7b399805b/none_v3 HTTP/1.0 201 - python-swiftclient-3.11.1 gAAAAABo2--l7bng... 22 - - txa524bce8b05d4af49e646-0068dbf063 - 0.0164 - - 1759244387.958768368 1759244387.975160360 0
Sep 30 14:59:47 standalone container-server[124898]: 172.20.0.100 - - [30/Sep/2025:14:59:47 +0000] "HEAD /d1/720/AUTH_fcdbff09b75747e3a4750e67ea1fa81f/gnocchi.637ca62f-9fde-4b6a-ab50-b67e0af006aa" 404 - "HEAD http://localhost:8080/v1/AUTH_fcdbff09b75747e3a4750e67ea1fa81f/gnocchi.637ca62f-9fde-4b6a-ab50-b67e0af006aa?format=json&states=listing" "txc97f28d516e84cb0a555f-0068dbf063" "proxy-server 21" 0.0003 "-" 21 0
Sep 30 14:59:47 standalone object-server[124974]: 172.20.0.100 - - [30/Sep/2025:14:59:47 +0000] "GET /d1/982/AUTH_fcdbff09b75747e3a4750e67ea1fa81f/gnocchi.637ca62f-9fde-4b6a-ab50-b67e0af006aa/none_v3" 404 70 "GET http://localhost:8080/v1/AUTH_fcdbff09b75747e3a4750e67ea1fa81f/gnocchi.637ca62f-9fde-4b6a-ab50-b67e0af006aa/none_v3" "txc97f28d516e84cb0a555f-0068dbf063" "proxy-server 21" 0.0005 "-" 21 0
Sep 30 14:59:47 standalone proxy-server[126816]: 172.18.0.2 ::1 30/Sep/2025/14/59/47 GET /v1/AUTH_fcdbff09b75747e3a4750e67ea1fa81f/gnocchi.637ca62f-9fde-4b6a-ab50-b67e0af006aa/none_v3 HTTP/1.0 404 - python-swiftclient-3.11.1 gAAAAABo2--l7bng... - 70 - txc97f28d516e84cb0a555f-0068dbf063 - 0.0115 - - 1759244387.987111330 1759244387.998650789 0
Sep 30 14:59:48 standalone account-server[124761]: 172.20.0.100 - - [30/Sep/2025:14:59:48 +0000] "PUT /d1/704/AUTH_fcdbff09b75747e3a4750e67ea1fa81f/gnocchi.637ca62f-9fde-4b6a-ab50-b67e0af006aa" 201 - "PUT http://172.20.0.100:6001/d1/720/AUTH_fcdbff09b75747e3a4750e67ea1fa81f/gnocchi.637ca62f-9fde-4b6a-ab50-b67e0af006aa" "tx2d24384e0aa742a582383-0068dbf064" "container-server 20" 0.0102 "-" 23 0
Sep 30 14:59:48 standalone container-server[124886]: 172.20.0.100 - - [30/Sep/2025:14:59:48 +0000] "PUT /d1/720/AUTH_fcdbff09b75747e3a4750e67ea1fa81f/gnocchi.637ca62f-9fde-4b6a-ab50-b67e0af006aa" 201 - "PUT http://localhost:8080/v1/AUTH_fcdbff09b75747e3a4750e67ea1fa81f/gnocchi.637ca62f-9fde-4b6a-ab50-b67e0af006aa" "tx2d24384e0aa742a582383-0068dbf064" "proxy-server 21" 0.0300 "-" 20 0
Sep 30 14:59:48 standalone proxy-server[126816]: 172.18.0.2 ::1 30/Sep/2025/14/59/48 PUT /v1/AUTH_fcdbff09b75747e3a4750e67ea1fa81f/gnocchi.637ca62f-9fde-4b6a-ab50-b67e0af006aa HTTP/1.0 201 - python-swiftclient-3.11.1 gAAAAABo2--l7bng... - - - tx2d24384e0aa742a582383-0068dbf064 - 0.0354 - - 1759244388.002072573 1759244388.037486076 0
Sep 30 14:59:48 standalone container-server[124906]: 172.20.0.100 - - [30/Sep/2025:14:59:48 +0000] "HEAD /d1/720/AUTH_fcdbff09b75747e3a4750e67ea1fa81f/gnocchi.637ca62f-9fde-4b6a-ab50-b67e0af006aa" 204 - "HEAD http://localhost:8080/v1/AUTH_fcdbff09b75747e3a4750e67ea1fa81f/gnocchi.637ca62f-9fde-4b6a-ab50-b67e0af006aa?format=json&states=listing" "tx3d5df6d7b0bb4c2287be7-0068dbf064" "proxy-server 21" 0.0014 "-" 22 0
Sep 30 14:59:48 standalone proxy-server[126816]: - - 30/Sep/2025/14/59/48 HEAD /v1/AUTH_fcdbff09b75747e3a4750e67ea1fa81f/gnocchi.637ca62f-9fde-4b6a-ab50-b67e0af006aa%3Fformat%3Djson%26states%3Dlisting HTTP/1.0 204 - Swift - - - - tx3d5df6d7b0bb4c2287be7-0068dbf064 - 0.0044 RL - 1759244388.043844700 1759244388.048275709 0
Sep 30 14:59:48 standalone container-server[124910]: 172.20.0.100 - - [30/Sep/2025:14:59:48 +0000] "GET /d1/720/AUTH_fcdbff09b75747e3a4750e67ea1fa81f/gnocchi.637ca62f-9fde-4b6a-ab50-b67e0af006aa" 200 2 "GET http://localhost:8080/v1/AUTH_fcdbff09b75747e3a4750e67ea1fa81f/gnocchi.637ca62f-9fde-4b6a-ab50-b67e0af006aa?format=json&states=listing" "tx3d5df6d7b0bb4c2287be7-0068dbf064" "proxy-server 21" 0.0018 "-" 23 0
Sep 30 14:59:48 standalone proxy-server[126816]: 172.18.0.2 ::1 30/Sep/2025/14/59/48 GET /v1/AUTH_fcdbff09b75747e3a4750e67ea1fa81f/gnocchi.637ca62f-9fde-4b6a-ab50-b67e0af006aa%3Fformat%3Djson%26states%3Dlisting HTTP/1.0 200 - python-swiftclient-3.11.1 gAAAAABo2--l7bng... - 2 - tx3d5df6d7b0bb4c2287be7-0068dbf064 - 0.0123 - - 1759244388.042777777 1759244388.055075407 0
Sep 30 14:59:48 standalone object-server[124974]: 172.20.0.100 - - [30/Sep/2025:14:59:48 +0000] "GET /d1/445/AUTH_fcdbff09b75747e3a4750e67ea1fa81f/gnocchi.637ca62f-9fde-4b6a-ab50-b67e0af006aa/1758240000.0_mean_300.0_v3" 404 70 "GET http://localhost:8080/v1/AUTH_fcdbff09b75747e3a4750e67ea1fa81f/gnocchi.637ca62f-9fde-4b6a-ab50-b67e0af006aa/1758240000.0_mean_300.0_v3" "txdbc44acc1b3649c0819db-0068dbf064" "proxy-server 21" 0.0004 "-" 21 0
Sep 30 14:59:48 standalone proxy-server[126816]: 172.18.0.2 ::1 30/Sep/2025/14/59/48 GET /v1/AUTH_fcdbff09b75747e3a4750e67ea1fa81f/gnocchi.637ca62f-9fde-4b6a-ab50-b67e0af006aa/1758240000.0_mean_300.0_v3 HTTP/1.0 404 - python-swiftclient-3.11.1 gAAAAABo2--l7bng... - 70 - txdbc44acc1b3649c0819db-0068dbf064 - 0.0058 - - 1759244388.060087442 1759244388.065892696 0
Sep 30 14:59:48 standalone container-server[124886]: 172.20.0.100 - - [30/Sep/2025:14:59:48 +0000] "PUT /d1/720/AUTH_fcdbff09b75747e3a4750e67ea1fa81f/gnocchi.637ca62f-9fde-4b6a-ab50-b67e0af006aa/1758240000.0_mean_300.0_v3" 201 - "PUT http://localhost:8080/d1/445/AUTH_fcdbff09b75747e3a4750e67ea1fa81f/gnocchi.637ca62f-9fde-4b6a-ab50-b67e0af006aa/1758240000.0_mean_300.0_v3" "tx653fcc9a93d9430295382-0068dbf064" "object-server 23" 0.0005 "-" 20 0
Sep 30 14:59:48 standalone object-server[124989]: 172.20.0.100 - - [30/Sep/2025:14:59:48 +0000] "PUT /d1/445/AUTH_fcdbff09b75747e3a4750e67ea1fa81f/gnocchi.637ca62f-9fde-4b6a-ab50-b67e0af006aa/1758240000.0_mean_300.0_v3" 201 - "PUT http://localhost:8080/v1/AUTH_fcdbff09b75747e3a4750e67ea1fa81f/gnocchi.637ca62f-9fde-4b6a-ab50-b67e0af006aa/1758240000.0_mean_300.0_v3" "tx653fcc9a93d9430295382-0068dbf064" "proxy-server 21" 0.0438 "-" 23 0
Sep 30 14:59:48 standalone proxy-server[126816]: 172.18.0.2 ::1 30/Sep/2025/14/59/48 PUT /v1/AUTH_fcdbff09b75747e3a4750e67ea1fa81f/gnocchi.637ca62f-9fde-4b6a-ab50-b67e0af006aa/1758240000.0_mean_300.0_v3 HTTP/1.0 201 - python-swiftclient-3.11.1 gAAAAABo2--l7bng... 16 - - tx653fcc9a93d9430295382-0068dbf064 - 0.0490 - - 1759244388.069986105 1759244388.118958235 0
Sep 30 14:59:48 standalone container-server[124886]: 172.20.0.100 - - [30/Sep/2025:14:59:48 +0000] "PUT /d1/720/AUTH_fcdbff09b75747e3a4750e67ea1fa81f/gnocchi.637ca62f-9fde-4b6a-ab50-b67e0af006aa/none_v3" 201 - "PUT http://localhost:8080/d1/982/AUTH_fcdbff09b75747e3a4750e67ea1fa81f/gnocchi.637ca62f-9fde-4b6a-ab50-b67e0af006aa/none_v3" "tx5314d111bfeb446ba1ea5-0068dbf064" "object-server 23" 0.0007 "-" 20 0
Sep 30 14:59:48 standalone object-server[124989]: 172.20.0.100 - - [30/Sep/2025:14:59:48 +0000] "PUT /d1/982/AUTH_fcdbff09b75747e3a4750e67ea1fa81f/gnocchi.637ca62f-9fde-4b6a-ab50-b67e0af006aa/none_v3" 201 - "PUT http://localhost:8080/v1/AUTH_fcdbff09b75747e3a4750e67ea1fa81f/gnocchi.637ca62f-9fde-4b6a-ab50-b67e0af006aa/none_v3" "tx5314d111bfeb446ba1ea5-0068dbf064" "proxy-server 21" 0.0191 "-" 23 0
