Sep 30 14:59:48 standalone proxy-server[126816]: 172.18.0.2 ::1 30/Sep/2025/14/59/48 PUT /v1/AUTH_fcdbff09b75747e3a4750e67ea1fa81f/gnocchi.637ca62f-9fde-4b6a-ab50-b67e0af006aa/none_v3 HTTP/1.0 201 - python-swiftclient-3.11.1 gAAAAABo2--l7bng... 22 - - tx5314d111bfeb446ba1ea5-0068dbf064 - 0.0241 - - 1759244388.121997356 1759244388.146059513 0
Sep 30 14:59:48 standalone container-server[124910]: 172.20.0.100 - - [30/Sep/2025:14:59:48 +0000] "HEAD /d1/480/AUTH_fcdbff09b75747e3a4750e67ea1fa81f/gnocchi.c6b54d18-4b6a-46b2-8526-22b3ab0ecea2" 404 - "HEAD http://localhost:8080/v1/AUTH_fcdbff09b75747e3a4750e67ea1fa81f/gnocchi.c6b54d18-4b6a-46b2-8526-22b3ab0ecea2?format=json&states=listing" "txeb9c4dae53cb4f158c56b-0068dbf064" "proxy-server 21" 0.0005 "-" 23 0
Sep 30 14:59:48 standalone object-server[124964]: 172.20.0.100 - - [30/Sep/2025:14:59:48 +0000] "GET /d1/407/AUTH_fcdbff09b75747e3a4750e67ea1fa81f/gnocchi.c6b54d18-4b6a-46b2-8526-22b3ab0ecea2/none_v3" 404 70 "GET http://localhost:8080/v1/AUTH_fcdbff09b75747e3a4750e67ea1fa81f/gnocchi.c6b54d18-4b6a-46b2-8526-22b3ab0ecea2/none_v3" "txeb9c4dae53cb4f158c56b-0068dbf064" "proxy-server 21" 0.0003 "-" 20 0
Sep 30 14:59:48 standalone proxy-server[126816]: 172.18.0.2 ::1 30/Sep/2025/14/59/48 GET /v1/AUTH_fcdbff09b75747e3a4750e67ea1fa81f/gnocchi.c6b54d18-4b6a-46b2-8526-22b3ab0ecea2/none_v3 HTTP/1.0 404 - python-swiftclient-3.11.1 gAAAAABo2--l7bng... - 70 - txeb9c4dae53cb4f158c56b-0068dbf064 - 0.0159 - - 1759244388.159075499 1759244388.174988270 0
Sep 30 14:59:48 standalone account-server[124721]: 172.20.0.100 - - [30/Sep/2025:14:59:48 +0000] "PUT /d1/704/AUTH_fcdbff09b75747e3a4750e67ea1fa81f/gnocchi.c6b54d18-4b6a-46b2-8526-22b3ab0ecea2" 201 - "PUT http://172.20.0.100:6001/d1/480/AUTH_fcdbff09b75747e3a4750e67ea1fa81f/gnocchi.c6b54d18-4b6a-46b2-8526-22b3ab0ecea2" "tx5a19d5429888412f9995c-0068dbf064" "container-server 23" 0.0179 "-" 20 0
Sep 30 14:59:48 standalone container-server[124910]: 172.20.0.100 - - [30/Sep/2025:14:59:48 +0000] "PUT /d1/480/AUTH_fcdbff09b75747e3a4750e67ea1fa81f/gnocchi.c6b54d18-4b6a-46b2-8526-22b3ab0ecea2" 201 - "PUT http://localhost:8080/v1/AUTH_fcdbff09b75747e3a4750e67ea1fa81f/gnocchi.c6b54d18-4b6a-46b2-8526-22b3ab0ecea2" "tx5a19d5429888412f9995c-0068dbf064" "proxy-server 21" 0.0573 "-" 23 0
Sep 30 14:59:48 standalone proxy-server[126816]: 172.18.0.2 ::1 30/Sep/2025/14/59/48 PUT /v1/AUTH_fcdbff09b75747e3a4750e67ea1fa81f/gnocchi.c6b54d18-4b6a-46b2-8526-22b3ab0ecea2 HTTP/1.0 201 - python-swiftclient-3.11.1 gAAAAABo2--l7bng... - - - tx5a19d5429888412f9995c-0068dbf064 - 0.0668 - - 1759244388.180093765 1759244388.246886730 0
Sep 30 14:59:48 standalone container-server[124898]: 172.20.0.100 - - [30/Sep/2025:14:59:48 +0000] "HEAD /d1/480/AUTH_fcdbff09b75747e3a4750e67ea1fa81f/gnocchi.c6b54d18-4b6a-46b2-8526-22b3ab0ecea2" 204 - "HEAD http://localhost:8080/v1/AUTH_fcdbff09b75747e3a4750e67ea1fa81f/gnocchi.c6b54d18-4b6a-46b2-8526-22b3ab0ecea2?format=json&states=listing" "txf77e69400eb341b9848ac-0068dbf064" "proxy-server 21" 0.0015 "-" 21 0
Sep 30 14:59:48 standalone proxy-server[126816]: - - 30/Sep/2025/14/59/48 HEAD /v1/AUTH_fcdbff09b75747e3a4750e67ea1fa81f/gnocchi.c6b54d18-4b6a-46b2-8526-22b3ab0ecea2%3Fformat%3Djson%26states%3Dlisting HTTP/1.0 204 - Swift - - - - txf77e69400eb341b9848ac-0068dbf064 - 0.0059 RL - 1759244388.253855944 1759244388.259716034 0
Sep 30 14:59:48 standalone container-server[124910]: 172.20.0.100 - - [30/Sep/2025:14:59:48 +0000] "GET /d1/480/AUTH_fcdbff09b75747e3a4750e67ea1fa81f/gnocchi.c6b54d18-4b6a-46b2-8526-22b3ab0ecea2" 200 2 "GET http://localhost:8080/v1/AUTH_fcdbff09b75747e3a4750e67ea1fa81f/gnocchi.c6b54d18-4b6a-46b2-8526-22b3ab0ecea2?format=json&states=listing" "txf77e69400eb341b9848ac-0068dbf064" "proxy-server 21" 0.0023 "-" 23 0
Sep 30 14:59:48 standalone proxy-server[126816]: 172.18.0.2 ::1 30/Sep/2025/14/59/48 GET /v1/AUTH_fcdbff09b75747e3a4750e67ea1fa81f/gnocchi.c6b54d18-4b6a-46b2-8526-22b3ab0ecea2%3Fformat%3Djson%26states%3Dlisting HTTP/1.0 200 - python-swiftclient-3.11.1 gAAAAABo2--l7bng... - 2 - txf77e69400eb341b9848ac-0068dbf064 - 0.0177 - - 1759244388.252263308 1759244388.270009756 0
Sep 30 14:59:48 standalone object-server[124980]: 172.20.0.100 - - [30/Sep/2025:14:59:48 +0000] "GET /d1/4/AUTH_fcdbff09b75747e3a4750e67ea1fa81f/gnocchi.c6b54d18-4b6a-46b2-8526-22b3ab0ecea2/1758240000.0_mean_300.0_v3" 404 70 "GET http://localhost:8080/v1/AUTH_fcdbff09b75747e3a4750e67ea1fa81f/gnocchi.c6b54d18-4b6a-46b2-8526-22b3ab0ecea2/1758240000.0_mean_300.0_v3" "txf2fccb1c4eb447be8558d-0068dbf064" "proxy-server 21" 0.0003 "-" 22 0
Sep 30 14:59:48 standalone proxy-server[126816]: 172.18.0.2 ::1 30/Sep/2025/14/59/48 GET /v1/AUTH_fcdbff09b75747e3a4750e67ea1fa81f/gnocchi.c6b54d18-4b6a-46b2-8526-22b3ab0ecea2/1758240000.0_mean_300.0_v3 HTTP/1.0 404 - python-swiftclient-3.11.1 gAAAAABo2--l7bng... - 70 - txf2fccb1c4eb447be8558d-0068dbf064 - 0.0067 - - 1759244388.275079727 1759244388.281821012 0
Sep 30 14:59:48 standalone container-server[124906]: 172.20.0.100 - - [30/Sep/2025:14:59:48 +0000] "PUT /d1/480/AUTH_fcdbff09b75747e3a4750e67ea1fa81f/gnocchi.c6b54d18-4b6a-46b2-8526-22b3ab0ecea2/1758240000.0_mean_300.0_v3" 201 - "PUT http://localhost:8080/d1/4/AUTH_fcdbff09b75747e3a4750e67ea1fa81f/gnocchi.c6b54d18-4b6a-46b2-8526-22b3ab0ecea2/1758240000.0_mean_300.0_v3" "tx58f4402d8dc54912aec5e-0068dbf064" "object-server 23" 0.0008 "-" 22 0
Sep 30 14:59:48 standalone object-server[124989]: 172.20.0.100 - - [30/Sep/2025:14:59:48 +0000] "PUT /d1/4/AUTH_fcdbff09b75747e3a4750e67ea1fa81f/gnocchi.c6b54d18-4b6a-46b2-8526-22b3ab0ecea2/1758240000.0_mean_300.0_v3" 201 - "PUT http://localhost:8080/v1/AUTH_fcdbff09b75747e3a4750e67ea1fa81f/gnocchi.c6b54d18-4b6a-46b2-8526-22b3ab0ecea2/1758240000.0_mean_300.0_v3" "tx58f4402d8dc54912aec5e-0068dbf064" "proxy-server 21" 0.0101 "-" 23 0
Sep 30 14:59:48 standalone proxy-server[126816]: 172.18.0.2 ::1 30/Sep/2025/14/59/48 PUT /v1/AUTH_fcdbff09b75747e3a4750e67ea1fa81f/gnocchi.c6b54d18-4b6a-46b2-8526-22b3ab0ecea2/1758240000.0_mean_300.0_v3 HTTP/1.0 201 - python-swiftclient-3.11.1 gAAAAABo2--l7bng... 16 - - tx58f4402d8dc54912aec5e-0068dbf064 - 0.0178 - - 1759244388.285433531 1759244388.303259850 0
Sep 30 14:59:48 standalone container-server[124898]: 172.20.0.100 - - [30/Sep/2025:14:59:48 +0000] "PUT /d1/480/AUTH_fcdbff09b75747e3a4750e67ea1fa81f/gnocchi.c6b54d18-4b6a-46b2-8526-22b3ab0ecea2/none_v3" 201 - "PUT http://localhost:8080/d1/407/AUTH_fcdbff09b75747e3a4750e67ea1fa81f/gnocchi.c6b54d18-4b6a-46b2-8526-22b3ab0ecea2/none_v3" "tx52f0b27ea5864147a5f2f-0068dbf064" "object-server 22" 0.0009 "-" 21 0
Sep 30 14:59:48 standalone object-server[124980]: 172.20.0.100 - - [30/Sep/2025:14:59:48 +0000] "PUT /d1/407/AUTH_fcdbff09b75747e3a4750e67ea1fa81f/gnocchi.c6b54d18-4b6a-46b2-8526-22b3ab0ecea2/none_v3" 201 - "PUT http://localhost:8080/v1/AUTH_fcdbff09b75747e3a4750e67ea1fa81f/gnocchi.c6b54d18-4b6a-46b2-8526-22b3ab0ecea2/none_v3" "tx52f0b27ea5864147a5f2f-0068dbf064" "proxy-server 21" 0.0112 "-" 22 0
Sep 30 14:59:48 standalone proxy-server[126816]: 172.18.0.2 ::1 30/Sep/2025/14/59/48 PUT /v1/AUTH_fcdbff09b75747e3a4750e67ea1fa81f/gnocchi.c6b54d18-4b6a-46b2-8526-22b3ab0ecea2/none_v3 HTTP/1.0 201 - python-swiftclient-3.11.1 gAAAAABo2--l7bng... 22 - - tx52f0b27ea5864147a5f2f-0068dbf064 - 0.0186 - - 1759244388.306998968 1759244388.325645685 0
Sep 30 14:59:48 standalone container-server[124886]: 172.20.0.100 - - [30/Sep/2025:14:59:48 +0000] "HEAD /d1/801/AUTH_fcdbff09b75747e3a4750e67ea1fa81f/gnocchi.1afb4b00-cec3-46f9-88d6-d17aa3d8f81e" 404 - "HEAD http://localhost:8080/v1/AUTH_fcdbff09b75747e3a4750e67ea1fa81f/gnocchi.1afb4b00-cec3-46f9-88d6-d17aa3d8f81e?format=json&states=listing" "tx321edb3b105e4691914f1-0068dbf064" "proxy-server 21" 0.0006 "-" 20 0
Sep 30 14:59:48 standalone object-server[124974]: 172.20.0.100 - - [30/Sep/2025:14:59:48 +0000] "GET /d1/459/AUTH_fcdbff09b75747e3a4750e67ea1fa81f/gnocchi.1afb4b00-cec3-46f9-88d6-d17aa3d8f81e/none_v3" 404 70 "GET http://localhost:8080/v1/AUTH_fcdbff09b75747e3a4750e67ea1fa81f/gnocchi.1afb4b00-cec3-46f9-88d6-d17aa3d8f81e/none_v3" "tx321edb3b105e4691914f1-0068dbf064" "proxy-server 21" 0.0005 "-" 21 0
Sep 30 14:59:48 standalone proxy-server[126816]: 172.18.0.2 ::1 30/Sep/2025/14/59/48 GET /v1/AUTH_fcdbff09b75747e3a4750e67ea1fa81f/gnocchi.1afb4b00-cec3-46f9-88d6-d17aa3d8f81e/none_v3 HTTP/1.0 404 - python-swiftclient-3.11.1 gAAAAABo2--l7bng... - 70 - tx321edb3b105e4691914f1-0068dbf064 - 0.0133 - - 1759244388.338157892 1759244388.351449251 0
Sep 30 14:59:48 standalone account-server[124761]: 172.20.0.100 - - [30/Sep/2025:14:59:48 +0000] "PUT /d1/704/AUTH_fcdbff09b75747e3a4750e67ea1fa81f/gnocchi.1afb4b00-cec3-46f9-88d6-d17aa3d8f81e" 201 - "PUT http://172.20.0.100:6001/d1/801/AUTH_fcdbff09b75747e3a4750e67ea1fa81f/gnocchi.1afb4b00-cec3-46f9-88d6-d17aa3d8f81e" "tx3aad32ef731e435da9863-0068dbf064" "container-server 20" 0.0079 "-" 23 0
Sep 30 14:59:48 standalone container-server[124886]: 172.20.0.100 - - [30/Sep/2025:14:59:48 +0000] "PUT /d1/801/AUTH_fcdbff09b75747e3a4750e67ea1fa81f/gnocchi.1afb4b00-cec3-46f9-88d6-d17aa3d8f81e" 201 - "PUT http://localhost:8080/v1/AUTH_fcdbff09b75747e3a4750e67ea1fa81f/gnocchi.1afb4b00-cec3-46f9-88d6-d17aa3d8f81e" "tx3aad32ef731e435da9863-0068dbf064" "proxy-server 21" 0.0400 "-" 20 0
Sep 30 14:59:48 standalone proxy-server[126816]: 172.18.0.2 ::1 30/Sep/2025/14/59/48 PUT /v1/AUTH_fcdbff09b75747e3a4750e67ea1fa81f/gnocchi.1afb4b00-cec3-46f9-88d6-d17aa3d8f81e HTTP/1.0 201 - python-swiftclient-3.11.1 gAAAAABo2--l7bng... - - - tx3aad32ef731e435da9863-0068dbf064 - 0.0466 - - 1759244388.354823828 1759244388.401450634 0
Sep 30 14:59:48 standalone container-server[124906]: 172.20.0.100 - - [30/Sep/2025:14:59:48 +0000] "HEAD /d1/801/AUTH_fcdbff09b75747e3a4750e67ea1fa81f/gnocchi.1afb4b00-cec3-46f9-88d6-d17aa3d8f81e" 204 - "HEAD http://localhost:8080/v1/AUTH_fcdbff09b75747e3a4750e67ea1fa81f/gnocchi.1afb4b00-cec3-46f9-88d6-d17aa3d8f81e?format=json&states=listing" "txad1ffec709874c73b64f2-0068dbf064" "proxy-server 21" 0.0028 "-" 22 0
Sep 30 14:59:48 standalone proxy-server[126816]: - - 30/Sep/2025/14/59/48 HEAD /v1/AUTH_fcdbff09b75747e3a4750e67ea1fa81f/gnocchi.1afb4b00-cec3-46f9-88d6-d17aa3d8f81e%3Fformat%3Djson%26states%3Dlisting HTTP/1.0 204 - Swift - - - - txad1ffec709874c73b64f2-0068dbf064 - 0.0069 RL - 1759244388.407008410 1759244388.413897753 0
Sep 30 14:59:48 standalone container-server[124906]: 172.20.0.100 - - [30/Sep/2025:14:59:48 +0000] "GET /d1/801/AUTH_fcdbff09b75747e3a4750e67ea1fa81f/gnocchi.1afb4b00-cec3-46f9-88d6-d17aa3d8f81e" 200 2 "GET http://localhost:8080/v1/AUTH_fcdbff09b75747e3a4750e67ea1fa81f/gnocchi.1afb4b00-cec3-46f9-88d6-d17aa3d8f81e?format=json&states=listing" "txad1ffec709874c73b64f2-0068dbf064" "proxy-server 21" 0.0030 "-" 22 0
Sep 30 14:59:48 standalone proxy-server[126816]: 172.18.0.2 ::1 30/Sep/2025/14/59/48 GET /v1/AUTH_fcdbff09b75747e3a4750e67ea1fa81f/gnocchi.1afb4b00-cec3-46f9-88d6-d17aa3d8f81e%3Fformat%3Djson%26states%3Dlisting HTTP/1.0 200 - python-swiftclient-3.11.1 gAAAAABo2--l7bng... - 2 - txad1ffec709874c73b64f2-0068dbf064 - 0.0163 - - 1759244388.405812740 1759244388.422152519 0
Sep 30 14:59:48 standalone object-server[124989]: 172.20.0.100 - - [30/Sep/2025:14:59:48 +0000] "GET /d1/491/AUTH_fcdbff09b75747e3a4750e67ea1fa81f/gnocchi.1afb4b00-cec3-46f9-88d6-d17aa3d8f81e/1758240000.0_mean_300.0_v3" 404 70 "GET http://localhost:8080/v1/AUTH_fcdbff09b75747e3a4750e67ea1fa81f/gnocchi.1afb4b00-cec3-46f9-88d6-d17aa3d8f81e/1758240000.0_mean_300.0_v3" "txcf7d3a7ebcd74cb1a2361-0068dbf064" "proxy-server 21" 0.0007 "-" 23 0
Sep 30 14:59:48 standalone proxy-server[126816]: 172.18.0.2 ::1 30/Sep/2025/14/59/48 GET /v1/AUTH_fcdbff09b75747e3a4750e67ea1fa81f/gnocchi.1afb4b00-cec3-46f9-88d6-d17aa3d8f81e/1758240000.0_mean_300.0_v3 HTTP/1.0 404 - python-swiftclient-3.11.1 gAAAAABo2--l7bng... - 70 - txcf7d3a7ebcd74cb1a2361-0068dbf064 - 0.0049 - - 1759244388.425147533 1759244388.430070162 0
Sep 30 14:59:48 standalone container-server[124906]: 172.20.0.100 - - [30/Sep/2025:14:59:48 +0000] "PUT /d1/801/AUTH_fcdbff09b75747e3a4750e67ea1fa81f/gnocchi.1afb4b00-cec3-46f9-88d6-d17aa3d8f81e/1758240000.0_mean_300.0_v3" 201 - "PUT http://localhost:8080/d1/491/AUTH_fcdbff09b75747e3a4750e67ea1fa81f/gnocchi.1afb4b00-cec3-46f9-88d6-d17aa3d8f81e/1758240000.0_mean_300.0_v3" "txd1b1ec8b409f47b7b5945-0068dbf064" "object-server 22" 0.0008 "-" 22 0
Sep 30 14:59:48 standalone object-server[124980]: 172.20.0.100 - - [30/Sep/2025:14:59:48 +0000] "PUT /d1/491/AUTH_fcdbff09b75747e3a4750e67ea1fa81f/gnocchi.1afb4b00-cec3-46f9-88d6-d17aa3d8f81e/1758240000.0_mean_300.0_v3" 201 - "PUT http://localhost:8080/v1/AUTH_fcdbff09b75747e3a4750e67ea1fa81f/gnocchi.1afb4b00-cec3-46f9-88d6-d17aa3d8f81e/1758240000.0_mean_300.0_v3" "txd1b1ec8b409f47b7b5945-0068dbf064" "proxy-server 21" 0.0121 "-" 22 0
Sep 30 14:59:48 standalone proxy-server[126816]: 172.18.0.2 ::1 30/Sep/2025/14/59/48 PUT /v1/AUTH_fcdbff09b75747e3a4750e67ea1fa81f/gnocchi.1afb4b00-cec3-46f9-88d6-d17aa3d8f81e/1758240000.0_mean_300.0_v3 HTTP/1.0 201 - python-swiftclient-3.11.1 gAAAAABo2--l7bng... 16 - - txd1b1ec8b409f47b7b5945-0068dbf064 - 0.0178 - - 1759244388.432114601 1759244388.449904919 0
Sep 30 14:59:48 standalone container-server[124898]: 172.20.0.100 - - [30/Sep/2025:14:59:48 +0000] "PUT /d1/801/AUTH_fcdbff09b75747e3a4750e67ea1fa81f/gnocchi.1afb4b00-cec3-46f9-88d6-d17aa3d8f81e/none_v3" 201 - "PUT http://localhost:8080/d1/459/AUTH_fcdbff09b75747e3a4750e67ea1fa81f/gnocchi.1afb4b00-cec3-46f9-88d6-d17aa3d8f81e/none_v3" "txa958b7055e1d4c4eabdfc-0068dbf064" "object-server 20" 0.0006 "-" 21 0
Sep 30 14:59:48 standalone object-server[124964]: 172.20.0.100 - - [30/Sep/2025:14:59:48 +0000] "PUT /d1/459/AUTH_fcdbff09b75747e3a4750e67ea1fa81f/gnocchi.1afb4b00-cec3-46f9-88d6-d17aa3d8f81e/none_v3" 201 - "PUT http://localhost:8080/v1/AUTH_fcdbff09b75747e3a4750e67ea1fa81f/gnocchi.1afb4b00-cec3-46f9-88d6-d17aa3d8f81e/none_v3" "txa958b7055e1d4c4eabdfc-0068dbf064" "proxy-server 21" 0.0097 "-" 20 0
Sep 30 14:59:48 standalone proxy-server[126816]: 172.18.0.2 ::1 30/Sep/2025/14/59/48 PUT /v1/AUTH_fcdbff09b75747e3a4750e67ea1fa81f/gnocchi.1afb4b00-cec3-46f9-88d6-d17aa3d8f81e/none_v3 HTTP/1.0 201 - python-swiftclient-3.11.1 gAAAAABo2--l7bng... 22 - - txa958b7055e1d4c4eabdfc-0068dbf064 - 0.0158 - - 1759244388.453669071 1759244388.469435453 0
Sep 30 14:59:48 standalone container-server[124886]: 172.20.0.100 - - [30/Sep/2025:14:59:48 +0000] "HEAD /d1/202/AUTH_fcdbff09b75747e3a4750e67ea1fa81f/gnocchi.2a247798-97c6-4b17-b6f9-822260ee9964" 404 - "HEAD http://localhost:8080/v1/AUTH_fcdbff09b75747e3a4750e67ea1fa81f/gnocchi.2a247798-97c6-4b17-b6f9-822260ee9964?format=json&states=listing" "tx2544d154212a47b1aeb2a-0068dbf064" "proxy-server 21" 0.0006 "-" 20 0
Sep 30 14:59:48 standalone object-server[124974]: 172.20.0.100 - - [30/Sep/2025:14:59:48 +0000] "GET /d1/138/AUTH_fcdbff09b75747e3a4750e67ea1fa81f/gnocchi.2a247798-97c6-4b17-b6f9-822260ee9964/none_v3" 404 70 "GET http://localhost:8080/v1/AUTH_fcdbff09b75747e3a4750e67ea1fa81f/gnocchi.2a247798-97c6-4b17-b6f9-822260ee9964/none_v3" "tx2544d154212a47b1aeb2a-0068dbf064" "proxy-server 21" 0.0005 "-" 21 0
Sep 30 14:59:48 standalone proxy-server[126816]: 172.18.0.2 ::1 30/Sep/2025/14/59/48 GET /v1/AUTH_fcdbff09b75747e3a4750e67ea1fa81f/gnocchi.2a247798-97c6-4b17-b6f9-822260ee9964/none_v3 HTTP/1.0 404 - python-swiftclient-3.11.1 gAAAAABo2--l7bng... - 70 - tx2544d154212a47b1aeb2a-0068dbf064 - 0.0158 - - 1759244388.488929272 1759244388.504728079 0
Sep 30 14:59:48 standalone account-server[124721]: 172.20.0.100 - - [30/Sep/2025:14:59:48 +0000] "PUT /d1/704/AUTH_fcdbff09b75747e3a4750e67ea1fa81f/gnocchi.2a247798-97c6-4b17-b6f9-822260ee9964" 201 - "PUT http://172.20.0.100:6001/d1/202/AUTH_fcdbff09b75747e3a4750e67ea1fa81f/gnocchi.2a247798-97c6-4b17-b6f9-822260ee9964" "tx46696ebd00f54ef895f6a-0068dbf064" "container-server 23" 0.0060 "-" 20 0
Sep 30 14:59:48 standalone container-server[124910]: 172.20.0.100 - - [30/Sep/2025:14:59:48 +0000] "PUT /d1/202/AUTH_fcdbff09b75747e3a4750e67ea1fa81f/gnocchi.2a247798-97c6-4b17-b6f9-822260ee9964" 201 - "PUT http://localhost:8080/v1/AUTH_fcdbff09b75747e3a4750e67ea1fa81f/gnocchi.2a247798-97c6-4b17-b6f9-822260ee9964" "tx46696ebd00f54ef895f6a-0068dbf064" "proxy-server 21" 0.0199 "-" 23 0
Sep 30 14:59:48 standalone proxy-server[126816]: 172.18.0.2 ::1 30/Sep/2025/14/59/48 PUT /v1/AUTH_fcdbff09b75747e3a4750e67ea1fa81f/gnocchi.2a247798-97c6-4b17-b6f9-822260ee9964 HTTP/1.0 201 - python-swiftclient-3.11.1 gAAAAABo2--l7bng... - - - tx46696ebd00f54ef895f6a-0068dbf064 - 0.0278 - - 1759244388.511051416 1759244388.538887024 0
Sep 30 14:59:48 standalone container-server[124910]: 172.20.0.100 - - [30/Sep/2025:14:59:48 +0000] "HEAD /d1/202/AUTH_fcdbff09b75747e3a4750e67ea1fa81f/gnocchi.2a247798-97c6-4b17-b6f9-822260ee9964" 204 - "HEAD http://localhost:8080/v1/AUTH_fcdbff09b75747e3a4750e67ea1fa81f/gnocchi.2a247798-97c6-4b17-b6f9-822260ee9964?format=json&states=listing" "tx40b19736d0e342adb49ca-0068dbf064" "proxy-server 21" 0.0010 "-" 23 0
Sep 30 14:59:48 standalone proxy-server[126816]: - - 30/Sep/2025/14/59/48 HEAD /v1/AUTH_fcdbff09b75747e3a4750e67ea1fa81f/gnocchi.2a247798-97c6-4b17-b6f9-822260ee9964%3Fformat%3Djson%26states%3Dlisting HTTP/1.0 204 - Swift - - - - tx40b19736d0e342adb49ca-0068dbf064 - 0.0050 RL - 1759244388.546124458 1759244388.551152468 0
Sep 30 14:59:48 standalone container-server[124906]: 172.20.0.100 - - [30/Sep/2025:14:59:48 +0000] "GET /d1/202/AUTH_fcdbff09b75747e3a4750e67ea1fa81f/gnocchi.2a247798-97c6-4b17-b6f9-822260ee9964" 200 2 "GET http://localhost:8080/v1/AUTH_fcdbff09b75747e3a4750e67ea1fa81f/gnocchi.2a247798-97c6-4b17-b6f9-822260ee9964?format=json&states=listing" "tx40b19736d0e342adb49ca-0068dbf064" "proxy-server 21" 0.0017 "-" 22 0
Sep 30 14:59:48 standalone proxy-server[126816]: 172.18.0.2 ::1 30/Sep/2025/14/59/48 GET /v1/AUTH_fcdbff09b75747e3a4750e67ea1fa81f/gnocchi.2a247798-97c6-4b17-b6f9-822260ee9964%3Fformat%3Djson%26states%3Dlisting HTTP/1.0 200 - python-swiftclient-3.11.1 gAAAAABo2--l7bng... - 2 - tx40b19736d0e342adb49ca-0068dbf064 - 0.0163 - - 1759244388.544440508 1759244388.560777664 0
Sep 30 14:59:48 standalone object-server[124989]: 172.20.0.100 - - [30/Sep/2025:14:59:48 +0000] "GET /d1/484/AUTH_fcdbff09b75747e3a4750e67ea1fa81f/gnocchi.2a247798-97c6-4b17-b6f9-822260ee9964/1758240000.0_mean_300.0_v3" 404 70 "GET http://localhost:8080/v1/AUTH_fcdbff09b75747e3a4750e67ea1fa81f/gnocchi.2a247798-97c6-4b17-b6f9-822260ee9964/1758240000.0_mean_300.0_v3" "tx41917551a82840b7856d2-0068dbf064" "proxy-server 21" 0.0005 "-" 23 0
Sep 30 14:59:48 standalone proxy-server[126816]: 172.18.0.2 ::1 30/Sep/2025/14/59/48 GET /v1/AUTH_fcdbff09b75747e3a4750e67ea1fa81f/gnocchi.2a247798-97c6-4b17-b6f9-822260ee9964/1758240000.0_mean_300.0_v3 HTTP/1.0 404 - python-swiftclient-3.11.1 gAAAAABo2--l7bng... - 70 - tx41917551a82840b7856d2-0068dbf064 - 0.0077 - - 1759244388.566197872 1759244388.573918581 0
Sep 30 14:59:48 standalone container-server[124910]: 172.20.0.100 - - [30/Sep/2025:14:59:48 +0000] "PUT /d1/202/AUTH_fcdbff09b75747e3a4750e67ea1fa81f/gnocchi.2a247798-97c6-4b17-b6f9-822260ee9964/1758240000.0_mean_300.0_v3" 201 - "PUT http://localhost:8080/d1/484/AUTH_fcdbff09b75747e3a4750e67ea1fa81f/gnocchi.2a247798-97c6-4b17-b6f9-822260ee9964/1758240000.0_mean_300.0_v3" "tx4f786927c78a4a0cb1bb9-0068dbf064" "object-server 20" 0.0008 "-" 23 0
Sep 30 14:59:48 standalone object-server[124964]: 172.20.0.100 - - [30/Sep/2025:14:59:48 +0000] "PUT /d1/484/AUTH_fcdbff09b75747e3a4750e67ea1fa81f/gnocchi.2a247798-97c6-4b17-b6f9-822260ee9964/1758240000.0_mean_300.0_v3" 201 - "PUT http://localhost:8080/v1/AUTH_fcdbff09b75747e3a4750e67ea1fa81f/gnocchi.2a247798-97c6-4b17-b6f9-822260ee9964/1758240000.0_mean_300.0_v3" "tx4f786927c78a4a0cb1bb9-0068dbf064" "proxy-server 21" 0.0110 "-" 20 0
Sep 30 14:59:48 standalone proxy-server[126816]: 172.18.0.2 ::1 30/Sep/2025/14/59/48 PUT /v1/AUTH_fcdbff09b75747e3a4750e67ea1fa81f/gnocchi.2a247798-97c6-4b17-b6f9-822260ee9964/1758240000.0_mean_300.0_v3 HTTP/1.0 201 - python-swiftclient-3.11.1 gAAAAABo2--l7bng... 16 - - tx4f786927c78a4a0cb1bb9-0068dbf064 - 0.0178 - - 1759244388.578619480 1759244388.596465349 0
Sep 30 14:59:48 standalone container-server[124886]: 172.20.0.100 - - [30/Sep/2025:14:59:48 +0000] "PUT /d1/202/AUTH_fcdbff09b75747e3a4750e67ea1fa81f/gnocchi.2a247798-97c6-4b17-b6f9-822260ee9964/none_v3" 201 - "PUT http://localhost:8080/d1/138/AUTH_fcdbff09b75747e3a4750e67ea1fa81f/gnocchi.2a247798-97c6-4b17-b6f9-822260ee9964/none_v3" "tx34469af50aeb424bb3305-0068dbf064" "object-server 23" 0.0007 "-" 20 0
Sep 30 14:59:48 standalone object-server[124989]: 172.20.0.100 - - [30/Sep/2025:14:59:48 +0000] "PUT /d1/138/AUTH_fcdbff09b75747e3a4750e67ea1fa81f/gnocchi.2a247798-97c6-4b17-b6f9-822260ee9964/none_v3" 201 - "PUT http://localhost:8080/v1/AUTH_fcdbff09b75747e3a4750e67ea1fa81f/gnocchi.2a247798-97c6-4b17-b6f9-822260ee9964/none_v3" "tx34469af50aeb424bb3305-0068dbf064" "proxy-server 21" 0.0097 "-" 23 0
Sep 30 14:59:48 standalone proxy-server[126816]: 172.18.0.2 ::1 30/Sep/2025/14/59/48 PUT /v1/AUTH_fcdbff09b75747e3a4750e67ea1fa81f/gnocchi.2a247798-97c6-4b17-b6f9-822260ee9964/none_v3 HTTP/1.0 201 - python-swiftclient-3.11.1 gAAAAABo2--l7bng... 22 - - tx34469af50aeb424bb3305-0068dbf064 - 0.0146 - - 1759244388.600713730 1759244388.615318298 0
Sep 30 14:59:48 standalone container-server[124886]: 172.20.0.100 - - [30/Sep/2025:14:59:48 +0000] "HEAD /d1/885/AUTH_fcdbff09b75747e3a4750e67ea1fa81f/gnocchi.b44b9a4a-0dd8-440c-a203-f8550f16012c" 404 - "HEAD http://localhost:8080/v1/AUTH_fcdbff09b75747e3a4750e67ea1fa81f/gnocchi.b44b9a4a-0dd8-440c-a203-f8550f16012c?format=json&states=listing" "tx2ad5494c26c5437f8a6a4-0068dbf064" "proxy-server 21" 0.0006 "-" 20 0
Sep 30 14:59:48 standalone object-server[124974]: 172.20.0.100 - - [30/Sep/2025:14:59:48 +0000] "GET /d1/994/AUTH_fcdbff09b75747e3a4750e67ea1fa81f/gnocchi.b44b9a4a-0dd8-440c-a203-f8550f16012c/none_v3" 404 70 "GET http://localhost:8080/v1/AUTH_fcdbff09b75747e3a4750e67ea1fa81f/gnocchi.b44b9a4a-0dd8-440c-a203-f8550f16012c/none_v3" "tx2ad5494c26c5437f8a6a4-0068dbf064" "proxy-server 21" 0.0006 "-" 21 0
Sep 30 14:59:48 standalone proxy-server[126816]: 172.18.0.2 ::1 30/Sep/2025/14/59/48 GET /v1/AUTH_fcdbff09b75747e3a4750e67ea1fa81f/gnocchi.b44b9a4a-0dd8-440c-a203-f8550f16012c/none_v3 HTTP/1.0 404 - python-swiftclient-3.11.1 gAAAAABo2--l7bng... - 70 - tx2ad5494c26c5437f8a6a4-0068dbf064 - 0.0166 - - 1759244388.631712914 1759244388.648342848 0
Sep 30 14:59:48 standalone account-server[124753]: 172.20.0.100 - - [30/Sep/2025:14:59:48 +0000] "PUT /d1/704/AUTH_fcdbff09b75747e3a4750e67ea1fa81f/gnocchi.b44b9a4a-0dd8-440c-a203-f8550f16012c" 201 - "PUT http://172.20.0.100:6001/d1/885/AUTH_fcdbff09b75747e3a4750e67ea1fa81f/gnocchi.b44b9a4a-0dd8-440c-a203-f8550f16012c" "txa192c959246641e791acf-0068dbf064" "container-server 20" 0.0052 "-" 22 0
Sep 30 14:59:48 standalone container-server[124886]: 172.20.0.100 - - [30/Sep/2025:14:59:48 +0000] "PUT /d1/885/AUTH_fcdbff09b75747e3a4750e67ea1fa81f/gnocchi.b44b9a4a-0dd8-440c-a203-f8550f16012c" 201 - "PUT http://localhost:8080/v1/AUTH_fcdbff09b75747e3a4750e67ea1fa81f/gnocchi.b44b9a4a-0dd8-440c-a203-f8550f16012c" "txa192c959246641e791acf-0068dbf064" "proxy-server 21" 0.0175 "-" 20 0
Sep 30 14:59:48 standalone proxy-server[126816]: 172.18.0.2 ::1 30/Sep/2025/14/59/48 PUT /v1/AUTH_fcdbff09b75747e3a4750e67ea1fa81f/gnocchi.b44b9a4a-0dd8-440c-a203-f8550f16012c HTTP/1.0 201 - python-swiftclient-3.11.1 gAAAAABo2--l7bng... - - - txa192c959246641e791acf-0068dbf064 - 0.0261 - - 1759244388.653389931 1759244388.679503679 0
Sep 30 14:59:48 standalone container-server[124898]: 172.20.0.100 - - [30/Sep/2025:14:59:48 +0000] "HEAD /d1/885/AUTH_fcdbff09b75747e3a4750e67ea1fa81f/gnocchi.b44b9a4a-0dd8-440c-a203-f8550f16012c" 204 - "HEAD http://localhost:8080/v1/AUTH_fcdbff09b75747e3a4750e67ea1fa81f/gnocchi.b44b9a4a-0dd8-440c-a203-f8550f16012c?format=json&states=listing" "tx4b1c1408f20343c4a79d4-0068dbf064" "proxy-server 21" 0.0021 "-" 21 0
Sep 30 14:59:48 standalone proxy-server[126816]: - - 30/Sep/2025/14/59/48 HEAD /v1/AUTH_fcdbff09b75747e3a4750e67ea1fa81f/gnocchi.b44b9a4a-0dd8-440c-a203-f8550f16012c%3Fformat%3Djson%26states%3Dlisting HTTP/1.0 204 - Swift - - - - tx4b1c1408f20343c4a79d4-0068dbf064 - 0.0077 RL - 1759244388.687875986 1759244388.695572853 0
Sep 30 14:59:48 standalone container-server[124910]: 172.20.0.100 - - [30/Sep/2025:14:59:48 +0000] "GET /d1/885/AUTH_fcdbff09b75747e3a4750e67ea1fa81f/gnocchi.b44b9a4a-0dd8-440c-a203-f8550f16012c" 200 2 "GET http://localhost:8080/v1/AUTH_fcdbff09b75747e3a4750e67ea1fa81f/gnocchi.b44b9a4a-0dd8-440c-a203-f8550f16012c?format=json&states=listing" "tx4b1c1408f20343c4a79d4-0068dbf064" "proxy-server 21" 0.0035 "-" 23 0
Sep 30 14:59:48 standalone proxy-server[126816]: 172.18.0.2 ::1 30/Sep/2025/14/59/48 GET /v1/AUTH_fcdbff09b75747e3a4750e67ea1fa81f/gnocchi.b44b9a4a-0dd8-440c-a203-f8550f16012c%3Fformat%3Djson%26states%3Dlisting HTTP/1.0 200 - python-swiftclient-3.11.1 gAAAAABo2--l7bng... - 2 - tx4b1c1408f20343c4a79d4-0068dbf064 - 0.0217 - - 1759244388.686002970 1759244388.707750797 0
Sep 30 14:59:48 standalone object-server[124964]: 172.20.0.100 - - [30/Sep/2025:14:59:48 +0000] "GET /d1/925/AUTH_fcdbff09b75747e3a4750e67ea1fa81f/gnocchi.b44b9a4a-0dd8-440c-a203-f8550f16012c/1758240000.0_mean_300.0_v3" 404 70 "GET http://localhost:8080/v1/AUTH_fcdbff09b75747e3a4750e67ea1fa81f/gnocchi.b44b9a4a-0dd8-440c-a203-f8550f16012c/1758240000.0_mean_300.0_v3" "tx6b91e8e80c03449782d3b-0068dbf064" "proxy-server 21" 0.0009 "-" 20 0
Sep 30 14:59:48 standalone proxy-server[126816]: 172.18.0.2 ::1 30/Sep/2025/14/59/48 GET /v1/AUTH_fcdbff09b75747e3a4750e67ea1fa81f/gnocchi.b44b9a4a-0dd8-440c-a203-f8550f16012c/1758240000.0_mean_300.0_v3 HTTP/1.0 404 - python-swiftclient-3.11.1 gAAAAABo2--l7bng... - 70 - tx6b91e8e80c03449782d3b-0068dbf064 - 0.0115 - - 1759244388.714104891 1759244388.725586176 0
Sep 30 14:59:48 standalone container-server[124898]: 172.20.0.100 - - [30/Sep/2025:14:59:48 +0000] "PUT /d1/885/AUTH_fcdbff09b75747e3a4750e67ea1fa81f/gnocchi.b44b9a4a-0dd8-440c-a203-f8550f16012c/1758240000.0_mean_300.0_v3" 201 - "PUT http://localhost:8080/d1/925/AUTH_fcdbff09b75747e3a4750e67ea1fa81f/gnocchi.b44b9a4a-0dd8-440c-a203-f8550f16012c/1758240000.0_mean_300.0_v3" "tx16d9d20c48154a75bafa9-0068dbf064" "object-server 23" 0.0014 "-" 21 0
Sep 30 14:59:48 standalone object-server[124989]: 172.20.0.100 - - [30/Sep/2025:14:59:48 +0000] "PUT /d1/925/AUTH_fcdbff09b75747e3a4750e67ea1fa81f/gnocchi.b44b9a4a-0dd8-440c-a203-f8550f16012c/1758240000.0_mean_300.0_v3" 201 - "PUT http://localhost:8080/v1/AUTH_fcdbff09b75747e3a4750e67ea1fa81f/gnocchi.b44b9a4a-0dd8-440c-a203-f8550f16012c/1758240000.0_mean_300.0_v3" "tx16d9d20c48154a75bafa9-0068dbf064" "proxy-server 21" 0.0143 "-" 23 0
Sep 30 14:59:48 standalone proxy-server[126816]: 172.18.0.2 ::1 30/Sep/2025/14/59/48 PUT /v1/AUTH_fcdbff09b75747e3a4750e67ea1fa81f/gnocchi.b44b9a4a-0dd8-440c-a203-f8550f16012c/1758240000.0_mean_300.0_v3 HTTP/1.0 201 - python-swiftclient-3.11.1 gAAAAABo2--l7bng... 16 - - tx16d9d20c48154a75bafa9-0068dbf064 - 0.0226 - - 1759244388.731890917 1759244388.754490376 0
Sep 30 14:59:48 standalone container-server[124910]: 172.20.0.100 - - [30/Sep/2025:14:59:48 +0000] "PUT /d1/885/AUTH_fcdbff09b75747e3a4750e67ea1fa81f/gnocchi.b44b9a4a-0dd8-440c-a203-f8550f16012c/none_v3" 201 - "PUT http://localhost:8080/d1/994/AUTH_fcdbff09b75747e3a4750e67ea1fa81f/gnocchi.b44b9a4a-0dd8-440c-a203-f8550f16012c/none_v3" "tx7028896527ac43c984b19-0068dbf064" "object-server 20" 0.0007 "-" 23 0
Sep 30 14:59:48 standalone object-server[124964]: 172.20.0.100 - - [30/Sep/2025:14:59:48 +0000] "PUT /d1/994/AUTH_fcdbff09b75747e3a4750e67ea1fa81f/gnocchi.b44b9a4a-0dd8-440c-a203-f8550f16012c/none_v3" 201 - "PUT http://localhost:8080/v1/AUTH_fcdbff09b75747e3a4750e67ea1fa81f/gnocchi.b44b9a4a-0dd8-440c-a203-f8550f16012c/none_v3" "tx7028896527ac43c984b19-0068dbf064" "proxy-server 21" 0.0125 "-" 20 0
Sep 30 14:59:48 standalone proxy-server[126816]: 172.18.0.2 ::1 30/Sep/2025/14/59/48 PUT /v1/AUTH_fcdbff09b75747e3a4750e67ea1fa81f/gnocchi.b44b9a4a-0dd8-440c-a203-f8550f16012c/none_v3 HTTP/1.0 201 - python-swiftclient-3.11.1 gAAAAABo2--l7bng... 22 - - tx7028896527ac43c984b19-0068dbf064 - 0.0206 - - 1759244388.759629011 1759244388.780230761 0
Sep 30 15:00:47 standalone account-server[124725]: 172.20.0.100 - - [30/Sep/2025:15:00:47 +0000] "HEAD /d1/704/AUTH_fcdbff09b75747e3a4750e67ea1fa81f" 204 - "HEAD http://localhost:8080/v1/AUTH_fcdbff09b75747e3a4750e67ea1fa81f?format=json" "tx88381c5680b6400f97a35-0068dbf09f" "proxy-server 21" 0.0063 "-" 21 -
Sep 30 15:00:47 standalone proxy-server[126816]: - - 30/Sep/2025/15/00/47 HEAD /v1/AUTH_fcdbff09b75747e3a4750e67ea1fa81f%3Fformat%3Djson HTTP/1.0 204 - Swift - - - - tx88381c5680b6400f97a35-0068dbf09f - 0.0120 RL - 1759244447.251353025 1759244447.263338566 -
Sep 30 15:00:47 standalone container-server[124886]: 172.20.0.100 - - [30/Sep/2025:15:00:47 +0000] "HEAD /d1/699/AUTH_fcdbff09b75747e3a4750e67ea1fa81f/gnocchi.19afb510-b8a6-46bd-9758-349775d02789" 204 - "HEAD http://localhost:8080/v1/AUTH_fcdbff09b75747e3a4750e67ea1fa81f/gnocchi.19afb510-b8a6-46bd-9758-349775d02789?format=json&states=listing" "tx88381c5680b6400f97a35-0068dbf09f" "proxy-server 21" 0.0028 "-" 20 0
Sep 30 15:00:47 standalone object-server[124964]: 172.20.0.100 - - [30/Sep/2025:15:00:47 +0000] "GET /d1/305/AUTH_fcdbff09b75747e3a4750e67ea1fa81f/gnocchi.19afb510-b8a6-46bd-9758-349775d02789/none_v3" 200 22 "GET http://localhost:8080/v1/AUTH_fcdbff09b75747e3a4750e67ea1fa81f/gnocchi.19afb510-b8a6-46bd-9758-349775d02789/none_v3" "tx88381c5680b6400f97a35-0068dbf09f" "proxy-server 21" 0.0018 "-" 20 0
Sep 30 15:00:47 standalone proxy-server[126816]: 172.18.0.2 ::1 30/Sep/2025/15/00/47 GET /v1/AUTH_fcdbff09b75747e3a4750e67ea1fa81f/gnocchi.19afb510-b8a6-46bd-9758-349775d02789/none_v3 HTTP/1.0 200 - python-swiftclient-3.11.1 gAAAAABo2--l7bng... - 22 - tx88381c5680b6400f97a35-0068dbf09f - 0.0306 - - 1759244447.250170708 1759244447.280752182 0
Sep 30 15:00:47 standalone container-server[124910]: 172.20.0.100 - - [30/Sep/2025:15:00:47 +0000] "GET /d1/699/AUTH_fcdbff09b75747e3a4750e67ea1fa81f/gnocchi.19afb510-b8a6-46bd-9758-349775d02789" 200 357 "GET http://localhost:8080/v1/AUTH_fcdbff09b75747e3a4750e67ea1fa81f/gnocchi.19afb510-b8a6-46bd-9758-349775d02789?format=json&states=listing" "tx73ea82c39256427f84f7a-0068dbf09f" "proxy-server 21" 0.0029 "-" 23 0
Sep 30 15:00:47 standalone proxy-server[126816]: 172.18.0.2 ::1 30/Sep/2025/15/00/47 GET /v1/AUTH_fcdbff09b75747e3a4750e67ea1fa81f/gnocchi.19afb510-b8a6-46bd-9758-349775d02789%3Fformat%3Djson%26states%3Dlisting HTTP/1.0 200 - python-swiftclient-3.11.1 gAAAAABo2--l7bng... - 357 - tx73ea82c39256427f84f7a-0068dbf09f - 0.0099 - - 1759244447.285370588 1759244447.295287848 0
Sep 30 15:00:47 standalone container-server[124910]: 172.20.0.100 - - [30/Sep/2025:15:00:47 +0000] "GET /d1/699/AUTH_fcdbff09b75747e3a4750e67ea1fa81f/gnocchi.19afb510-b8a6-46bd-9758-349775d02789" 200 2 "GET http://localhost:8080/v1/AUTH_fcdbff09b75747e3a4750e67ea1fa81f/gnocchi.19afb510-b8a6-46bd-9758-349775d02789?format=json&marker=none_v3&states=listing" "tx5cdb46861974493985b73-0068dbf09f" "proxy-server 21" 0.0022 "-" 23 0
Sep 30 15:00:47 standalone proxy-server[126816]: 172.18.0.2 ::1 30/Sep/2025/15/00/47 GET /v1/AUTH_fcdbff09b75747e3a4750e67ea1fa81f/gnocchi.19afb510-b8a6-46bd-9758-349775d02789%3Fformat%3Djson%26marker%3Dnone_v3%26states%3Dlisting HTTP/1.0 200 - python-swiftclient-3.11.1 gAAAAABo2--l7bng... - 2 - tx5cdb46861974493985b73-0068dbf09f - 0.0082 - - 1759244447.298820972 1759244447.307005882 0
Sep 30 15:00:47 standalone object-server[124964]: 172.20.0.100 - - [30/Sep/2025:15:00:47 +0000] "GET /d1/190/AUTH_fcdbff09b75747e3a4750e67ea1fa81f/gnocchi.19afb510-b8a6-46bd-9758-349775d02789/1758240000.0_mean_300.0_v3" 200 16 "GET http://localhost:8080/v1/AUTH_fcdbff09b75747e3a4750e67ea1fa81f/gnocchi.19afb510-b8a6-46bd-9758-349775d02789/1758240000.0_mean_300.0_v3" "txa4afab43995d4088856fd-0068dbf09f" "proxy-server 21" 0.0013 "-" 20 0
Sep 30 15:00:47 standalone proxy-server[126816]: 172.18.0.2 ::1 30/Sep/2025/15/00/47 GET /v1/AUTH_fcdbff09b75747e3a4750e67ea1fa81f/gnocchi.19afb510-b8a6-46bd-9758-349775d02789/1758240000.0_mean_300.0_v3 HTTP/1.0 200 - python-swiftclient-3.11.1 gAAAAABo2--l7bng... - 16 - txa4afab43995d4088856fd-0068dbf09f - 0.0087 - - 1759244447.312032461 1759244447.320713758 0
Sep 30 15:00:47 standalone container-server[124886]: 172.20.0.100 - - [30/Sep/2025:15:00:47 +0000] "PUT /d1/699/AUTH_fcdbff09b75747e3a4750e67ea1fa81f/gnocchi.19afb510-b8a6-46bd-9758-349775d02789/1758240000.0_mean_300.0_v3" 201 - "PUT http://localhost:8080/d1/190/AUTH_fcdbff09b75747e3a4750e67ea1fa81f/gnocchi.19afb510-b8a6-46bd-9758-349775d02789/1758240000.0_mean_300.0_v3" "txc03c6b8e6aa44e1ead358-0068dbf09f" "object-server 20" 0.0008 "-" 20 0
Sep 30 15:00:47 standalone object-server[124964]: 172.20.0.100 - - [30/Sep/2025:15:00:47 +0000] "PUT /d1/190/AUTH_fcdbff09b75747e3a4750e67ea1fa81f/gnocchi.19afb510-b8a6-46bd-9758-349775d02789/1758240000.0_mean_300.0_v3" 201 - "PUT http://localhost:8080/v1/AUTH_fcdbff09b75747e3a4750e67ea1fa81f/gnocchi.19afb510-b8a6-46bd-9758-349775d02789/1758240000.0_mean_300.0_v3" "txc03c6b8e6aa44e1ead358-0068dbf09f" "proxy-server 21" 0.0132 "-" 20 0
Sep 30 15:00:47 standalone proxy-server[126816]: 172.18.0.2 ::1 30/Sep/2025/15/00/47 PUT /v1/AUTH_fcdbff09b75747e3a4750e67ea1fa81f/gnocchi.19afb510-b8a6-46bd-9758-349775d02789/1758240000.0_mean_300.0_v3 HTTP/1.0 201 - python-swiftclient-3.11.1 gAAAAABo2--l7bng... 23 - - txc03c6b8e6aa44e1ead358-0068dbf09f - 0.0207 - - 1759244447.324576616 1759244447.345268250 0
Sep 30 15:00:47 standalone container-server[124906]: 172.20.0.100 - - [30/Sep/2025:15:00:47 +0000] "PUT /d1/699/AUTH_fcdbff09b75747e3a4750e67ea1fa81f/gnocchi.19afb510-b8a6-46bd-9758-349775d02789/none_v3" 201 - "PUT http://localhost:8080/d1/305/AUTH_fcdbff09b75747e3a4750e67ea1fa81f/gnocchi.19afb510-b8a6-46bd-9758-349775d02789/none_v3" "tx87f71807a4be421786754-0068dbf09f" "object-server 20" 0.0008 "-" 22 0
Sep 30 15:00:47 standalone object-server[124964]: 172.20.0.100 - - [30/Sep/2025:15:00:47 +0000] "PUT /d1/305/AUTH_fcdbff09b75747e3a4750e67ea1fa81f/gnocchi.19afb510-b8a6-46bd-9758-349775d02789/none_v3" 201 - "PUT http://localhost:8080/v1/AUTH_fcdbff09b75747e3a4750e67ea1fa81f/gnocchi.19afb510-b8a6-46bd-9758-349775d02789/none_v3" "tx87f71807a4be421786754-0068dbf09f" "proxy-server 21" 0.0129 "-" 20 0
Sep 30 15:00:47 standalone proxy-server[126816]: 172.18.0.2 ::1 30/Sep/2025/15/00/47 PUT /v1/AUTH_fcdbff09b75747e3a4750e67ea1fa81f/gnocchi.19afb510-b8a6-46bd-9758-349775d02789/none_v3 HTTP/1.0 201 - python-swiftclient-3.11.1 gAAAAABo2--l7bng... 22 - - tx87f71807a4be421786754-0068dbf09f - 0.0205 - - 1759244447.349268436 1759244447.369786024 0
Sep 30 15:00:47 standalone container-server[124898]: 172.20.0.100 - - [30/Sep/2025:15:00:47 +0000] "HEAD /d1/354/AUTH_fcdbff09b75747e3a4750e67ea1fa81f/gnocchi.2a8d80f7-e54d-4cdc-8516-81c62571b090" 204 - "HEAD http://localhost:8080/v1/AUTH_fcdbff09b75747e3a4750e67ea1fa81f/gnocchi.2a8d80f7-e54d-4cdc-8516-81c62571b090?format=json&states=listing" "tx1dd4664061f2470ea32a4-0068dbf09f" "proxy-server 21" 0.0016 "-" 21 0
Sep 30 15:00:47 standalone object-server[124974]: 172.20.0.100 - - [30/Sep/2025:15:00:47 +0000] "GET /d1/569/AUTH_fcdbff09b75747e3a4750e67ea1fa81f/gnocchi.2a8d80f7-e54d-4cdc-8516-81c62571b090/none_v3" 200 22 "GET http://localhost:8080/v1/AUTH_fcdbff09b75747e3a4750e67ea1fa81f/gnocchi.2a8d80f7-e54d-4cdc-8516-81c62571b090/none_v3" "tx1dd4664061f2470ea32a4-0068dbf09f" "proxy-server 21" 0.0010 "-" 21 0
Sep 30 15:00:47 standalone proxy-server[126816]: 172.18.0.2 ::1 30/Sep/2025/15/00/47 GET /v1/AUTH_fcdbff09b75747e3a4750e67ea1fa81f/gnocchi.2a8d80f7-e54d-4cdc-8516-81c62571b090/none_v3 HTTP/1.0 200 - python-swiftclient-3.11.1 gAAAAABo2--l7bng... - 22 - tx1dd4664061f2470ea32a4-0068dbf09f - 0.0192 - - 1759244447.385488033 1759244447.404646158 0
Sep 30 15:00:47 standalone container-server[124910]: 172.20.0.100 - - [30/Sep/2025:15:00:47 +0000] "GET /d1/354/AUTH_fcdbff09b75747e3a4750e67ea1fa81f/gnocchi.2a8d80f7-e54d-4cdc-8516-81c62571b090" 200 357 "GET http://localhost:8080/v1/AUTH_fcdbff09b75747e3a4750e67ea1fa81f/gnocchi.2a8d80f7-e54d-4cdc-8516-81c62571b090?format=json&states=listing" "tx6dee52db5f534acbb406d-0068dbf09f" "proxy-server 21" 0.0037 "-" 23 0
Sep 30 15:00:47 standalone proxy-server[126816]: 172.18.0.2 ::1 30/Sep/2025/15/00/47 GET /v1/AUTH_fcdbff09b75747e3a4750e67ea1fa81f/gnocchi.2a8d80f7-e54d-4cdc-8516-81c62571b090%3Fformat%3Djson%26states%3Dlisting HTTP/1.0 200 - python-swiftclient-3.11.1 gAAAAABo2--l7bng... - 357 - tx6dee52db5f534acbb406d-0068dbf09f - 0.0096 - - 1759244447.410267591 1759244447.419903040 0
Sep 30 15:00:47 standalone container-server[124910]: 172.20.0.100 - - [30/Sep/2025:15:00:47 +0000] "GET /d1/354/AUTH_fcdbff09b75747e3a4750e67ea1fa81f/gnocchi.2a8d80f7-e54d-4cdc-8516-81c62571b090" 200 2 "GET http://localhost:8080/v1/AUTH_fcdbff09b75747e3a4750e67ea1fa81f/gnocchi.2a8d80f7-e54d-4cdc-8516-81c62571b090?format=json&marker=none_v3&states=listing" "tx5e656309e76d4e26911b1-0068dbf09f" "proxy-server 21" 0.0035 "-" 23 0
Sep 30 15:00:47 standalone proxy-server[126816]: 172.18.0.2 ::1 30/Sep/2025/15/00/47 GET /v1/AUTH_fcdbff09b75747e3a4750e67ea1fa81f/gnocchi.2a8d80f7-e54d-4cdc-8516-81c62571b090%3Fformat%3Djson%26marker%3Dnone_v3%26states%3Dlisting HTTP/1.0 200 - python-swiftclient-3.11.1 gAAAAABo2--l7bng... - 2 - tx5e656309e76d4e26911b1-0068dbf09f - 0.0094 - - 1759244447.425353527 1759244447.434791327 0
Sep 30 15:00:47 standalone object-server[124974]: 172.20.0.100 - - [30/Sep/2025:15:00:47 +0000] "GET /d1/695/AUTH_fcdbff09b75747e3a4750e67ea1fa81f/gnocchi.2a8d80f7-e54d-4cdc-8516-81c62571b090/1758240000.0_mean_300.0_v3" 200 16 "GET http://localhost:8080/v1/AUTH_fcdbff09b75747e3a4750e67ea1fa81f/gnocchi.2a8d80f7-e54d-4cdc-8516-81c62571b090/1758240000.0_mean_300.0_v3" "tx6e34ae8ed8ac4d66aa97a-0068dbf09f" "proxy-server 21" 0.0010 "-" 21 0
Sep 30 15:00:47 standalone proxy-server[126816]: 172.18.0.2 ::1 30/Sep/2025/15/00/47 GET /v1/AUTH_fcdbff09b75747e3a4750e67ea1fa81f/gnocchi.2a8d80f7-e54d-4cdc-8516-81c62571b090/1758240000.0_mean_300.0_v3 HTTP/1.0 200 - python-swiftclient-3.11.1 gAAAAABo2--l7bng... - 16 - tx6e34ae8ed8ac4d66aa97a-0068dbf09f - 0.0066 - - 1759244447.439788342 1759244447.446362972 0
Sep 30 15:00:47 standalone container-server[124906]: 172.20.0.100 - - [30/Sep/2025:15:00:47 +0000] "PUT /d1/354/AUTH_fcdbff09b75747e3a4750e67ea1fa81f/gnocchi.2a8d80f7-e54d-4cdc-8516-81c62571b090/1758240000.0_mean_300.0_v3" 201 - "PUT http://localhost:8080/d1/695/AUTH_fcdbff09b75747e3a4750e67ea1fa81f/gnocchi.2a8d80f7-e54d-4cdc-8516-81c62571b090/1758240000.0_mean_300.0_v3" "tx9c31efe6ad2044629469d-0068dbf09f" "object-server 23" 0.0009 "-" 22 0
Sep 30 15:00:47 standalone object-server[124989]: 172.20.0.100 - - [30/Sep/2025:15:00:47 +0000] "PUT /d1/695/AUTH_fcdbff09b75747e3a4750e67ea1fa81f/gnocchi.2a8d80f7-e54d-4cdc-8516-81c62571b090/1758240000.0_mean_300.0_v3" 201 - "PUT http://localhost:8080/v1/AUTH_fcdbff09b75747e3a4750e67ea1fa81f/gnocchi.2a8d80f7-e54d-4cdc-8516-81c62571b090/1758240000.0_mean_300.0_v3" "tx9c31efe6ad2044629469d-0068dbf09f" "proxy-server 21" 0.0121 "-" 23 0
Sep 30 15:00:47 standalone proxy-server[126816]: 172.18.0.2 ::1 30/Sep/2025/15/00/47 PUT /v1/AUTH_fcdbff09b75747e3a4750e67ea1fa81f/gnocchi.2a8d80f7-e54d-4cdc-8516-81c62571b090/1758240000.0_mean_300.0_v3 HTTP/1.0 201 - python-swiftclient-3.11.1 gAAAAABo2--l7bng... 23 - - tx9c31efe6ad2044629469d-0068dbf09f - 0.0178 - - 1759244447.450628519 1759244447.468448400 0
Sep 30 15:00:47 standalone container-server[124898]: 172.20.0.100 - - [30/Sep/2025:15:00:47 +0000] "PUT /d1/354/AUTH_fcdbff09b75747e3a4750e67ea1fa81f/gnocchi.2a8d80f7-e54d-4cdc-8516-81c62571b090/none_v3" 201 - "PUT http://localhost:8080/d1/569/AUTH_fcdbff09b75747e3a4750e67ea1fa81f/gnocchi.2a8d80f7-e54d-4cdc-8516-81c62571b090/none_v3" "txaa51f345b223441da8d75-0068dbf09f" "object-server 20" 0.0005 "-" 21 0
Sep 30 15:00:47 standalone object-server[124964]: 172.20.0.100 - - [30/Sep/2025:15:00:47 +0000] "PUT /d1/569/AUTH_fcdbff09b75747e3a4750e67ea1fa81f/gnocchi.2a8d80f7-e54d-4cdc-8516-81c62571b090/none_v3" 201 - "PUT http://localhost:8080/v1/AUTH_fcdbff09b75747e3a4750e67ea1fa81f/gnocchi.2a8d80f7-e54d-4cdc-8516-81c62571b090/none_v3" "txaa51f345b223441da8d75-0068dbf09f" "proxy-server 21" 0.0097 "-" 20 0
Sep 30 15:00:47 standalone proxy-server[126816]: 172.18.0.2 ::1 30/Sep/2025/15/00/47 PUT /v1/AUTH_fcdbff09b75747e3a4750e67ea1fa81f/gnocchi.2a8d80f7-e54d-4cdc-8516-81c62571b090/none_v3 HTTP/1.0 201 - python-swiftclient-3.11.1 gAAAAABo2--l7bng... 22 - - txaa51f345b223441da8d75-0068dbf09f - 0.0175 - - 1759244447.473694801 1759244447.491162777 0
Sep 30 15:00:47 standalone container-server[124910]: 172.20.0.100 - - [30/Sep/2025:15:00:47 +0000] "HEAD /d1/798/AUTH_fcdbff09b75747e3a4750e67ea1fa81f/gnocchi.46e5421c-6089-434d-84a2-fd394683b68a" 204 - "HEAD http://localhost:8080/v1/AUTH_fcdbff09b75747e3a4750e67ea1fa81f/gnocchi.46e5421c-6089-434d-84a2-fd394683b68a?format=json&states=listing" "txd147c1a00f5f4e61b4b1f-0068dbf09f" "proxy-server 21" 0.0017 "-" 23 0
Sep 30 15:00:47 standalone object-server[124964]: 172.20.0.100 - - [30/Sep/2025:15:00:47 +0000] "GET /d1/170/AUTH_fcdbff09b75747e3a4750e67ea1fa81f/gnocchi.46e5421c-6089-434d-84a2-fd394683b68a/none_v3" 200 22 "GET http://localhost:8080/v1/AUTH_fcdbff09b75747e3a4750e67ea1fa81f/gnocchi.46e5421c-6089-434d-84a2-fd394683b68a/none_v3" "txd147c1a00f5f4e61b4b1f-0068dbf09f" "proxy-server 21" 0.0010 "-" 20 0
Sep 30 15:00:47 standalone proxy-server[126816]: 172.18.0.2 ::1 30/Sep/2025/15/00/47 GET /v1/AUTH_fcdbff09b75747e3a4750e67ea1fa81f/gnocchi.46e5421c-6089-434d-84a2-fd394683b68a/none_v3 HTTP/1.0 200 - python-swiftclient-3.11.1 gAAAAABo2--l7bng... - 22 - txd147c1a00f5f4e61b4b1f-0068dbf09f - 0.0181 - - 1759244447.507105350 1759244447.525252104 0
Sep 30 15:00:47 standalone container-server[124886]: 172.20.0.100 - - [30/Sep/2025:15:00:47 +0000] "GET /d1/798/AUTH_fcdbff09b75747e3a4750e67ea1fa81f/gnocchi.46e5421c-6089-434d-84a2-fd394683b68a" 200 357 "GET http://localhost:8080/v1/AUTH_fcdbff09b75747e3a4750e67ea1fa81f/gnocchi.46e5421c-6089-434d-84a2-fd394683b68a?format=json&states=listing" "tx2fc716fa3f834e4998184-0068dbf09f" "proxy-server 21" 0.0031 "-" 20 0
Sep 30 15:00:47 standalone proxy-server[126816]: 172.18.0.2 ::1 30/Sep/2025/15/00/47 GET /v1/AUTH_fcdbff09b75747e3a4750e67ea1fa81f/gnocchi.46e5421c-6089-434d-84a2-fd394683b68a%3Fformat%3Djson%26states%3Dlisting HTTP/1.0 200 - python-swiftclient-3.11.1 gAAAAABo2--l7bng... - 357 - tx2fc716fa3f834e4998184-0068dbf09f - 0.0140 - - 1759244447.531063318 1759244447.545053005 0
Sep 30 15:00:47 standalone container-server[124910]: 172.20.0.100 - - [30/Sep/2025:15:00:47 +0000] "GET /d1/798/AUTH_fcdbff09b75747e3a4750e67ea1fa81f/gnocchi.46e5421c-6089-434d-84a2-fd394683b68a" 200 2 "GET http://localhost:8080/v1/AUTH_fcdbff09b75747e3a4750e67ea1fa81f/gnocchi.46e5421c-6089-434d-84a2-fd394683b68a?format=json&marker=none_v3&states=listing" "tx796955f23a87448c89ff1-0068dbf09f" "proxy-server 21" 0.0030 "-" 23 0
Sep 30 15:00:47 standalone proxy-server[126816]: 172.18.0.2 ::1 30/Sep/2025/15/00/47 GET /v1/AUTH_fcdbff09b75747e3a4750e67ea1fa81f/gnocchi.46e5421c-6089-434d-84a2-fd394683b68a%3Fformat%3Djson%26marker%3Dnone_v3%26states%3Dlisting HTTP/1.0 200 - python-swiftclient-3.11.1 gAAAAABo2--l7bng... - 2 - tx796955f23a87448c89ff1-0068dbf09f - 0.0148 - - 1759244447.550874949 1759244447.565705299 0
Sep 30 15:00:47 standalone object-server[124964]: 172.20.0.100 - - [30/Sep/2025:15:00:47 +0000] "GET /d1/170/AUTH_fcdbff09b75747e3a4750e67ea1fa81f/gnocchi.46e5421c-6089-434d-84a2-fd394683b68a/1758240000.0_mean_300.0_v3" 200 16 "GET http://localhost:8080/v1/AUTH_fcdbff09b75747e3a4750e67ea1fa81f/gnocchi.46e5421c-6089-434d-84a2-fd394683b68a/1758240000.0_mean_300.0_v3" "txfb7e2278d93a4672978a7-0068dbf09f" "proxy-server 21" 0.0008 "-" 20 0
Sep 30 15:00:47 standalone proxy-server[126816]: 172.18.0.2 ::1 30/Sep/2025/15/00/47 GET /v1/AUTH_fcdbff09b75747e3a4750e67ea1fa81f/gnocchi.46e5421c-6089-434d-84a2-fd394683b68a/1758240000.0_mean_300.0_v3 HTTP/1.0 200 - python-swiftclient-3.11.1 gAAAAABo2--l7bng... - 16 - txfb7e2278d93a4672978a7-0068dbf09f - 0.0092 - - 1759244447.573479414 1759244447.582713604 0
Sep 30 15:00:47 standalone container-server[124898]: 172.20.0.100 - - [30/Sep/2025:15:00:47 +0000] "PUT /d1/798/AUTH_fcdbff09b75747e3a4750e67ea1fa81f/gnocchi.46e5421c-6089-434d-84a2-fd394683b68a/1758240000.0_mean_300.0_v3" 201 - "PUT http://localhost:8080/d1/170/AUTH_fcdbff09b75747e3a4750e67ea1fa81f/gnocchi.46e5421c-6089-434d-84a2-fd394683b68a/1758240000.0_mean_300.0_v3" "tx7b177baae31346379f7e5-0068dbf09f" "object-server 23" 0.0010 "-" 21 0
Sep 30 15:00:47 standalone object-server[124989]: 172.20.0.100 - - [30/Sep/2025:15:00:47 +0000] "PUT /d1/170/AUTH_fcdbff09b75747e3a4750e67ea1fa81f/gnocchi.46e5421c-6089-434d-84a2-fd394683b68a/1758240000.0_mean_300.0_v3" 201 - "PUT http://localhost:8080/v1/AUTH_fcdbff09b75747e3a4750e67ea1fa81f/gnocchi.46e5421c-6089-434d-84a2-fd394683b68a/1758240000.0_mean_300.0_v3" "tx7b177baae31346379f7e5-0068dbf09f" "proxy-server 21" 0.0105 "-" 23 0
Sep 30 15:00:47 standalone proxy-server[126816]: 172.18.0.2 ::1 30/Sep/2025/15/00/47 PUT /v1/AUTH_fcdbff09b75747e3a4750e67ea1fa81f/gnocchi.46e5421c-6089-434d-84a2-fd394683b68a/1758240000.0_mean_300.0_v3 HTTP/1.0 201 - python-swiftclient-3.11.1 gAAAAABo2--l7bng... 23 - - tx7b177baae31346379f7e5-0068dbf09f - 0.0173 - - 1759244447.588800907 1759244447.606114388 0
Sep 30 15:00:47 standalone container-server[124910]: 172.20.0.100 - - [30/Sep/2025:15:00:47 +0000] "PUT /d1/798/AUTH_fcdbff09b75747e3a4750e67ea1fa81f/gnocchi.46e5421c-6089-434d-84a2-fd394683b68a/none_v3" 201 - "PUT http://localhost:8080/d1/170/AUTH_fcdbff09b75747e3a4750e67ea1fa81f/gnocchi.46e5421c-6089-434d-84a2-fd394683b68a/none_v3" "txf02c74d32a38460fb3f80-0068dbf09f" "object-server 22" 0.0008 "-" 23 0
Sep 30 15:00:47 standalone object-server[124980]: 172.20.0.100 - - [30/Sep/2025:15:00:47 +0000] "PUT /d1/170/AUTH_fcdbff09b75747e3a4750e67ea1fa81f/gnocchi.46e5421c-6089-434d-84a2-fd394683b68a/none_v3" 201 - "PUT http://localhost:8080/v1/AUTH_fcdbff09b75747e3a4750e67ea1fa81f/gnocchi.46e5421c-6089-434d-84a2-fd394683b68a/none_v3" "txf02c74d32a38460fb3f80-0068dbf09f" "proxy-server 21" 0.0130 "-" 22 0
Sep 30 15:00:47 standalone proxy-server[126816]: 172.18.0.2 ::1 30/Sep/2025/15/00/47 PUT /v1/AUTH_fcdbff09b75747e3a4750e67ea1fa81f/gnocchi.46e5421c-6089-434d-84a2-fd394683b68a/none_v3 HTTP/1.0 201 - python-swiftclient-3.11.1 gAAAAABo2--l7bng... 22 - - txf02c74d32a38460fb3f80-0068dbf09f - 0.0202 - - 1759244447.611400366 1759244447.631569862 0
Sep 30 15:00:47 standalone container-server[124910]: 172.20.0.100 - - [30/Sep/2025:15:00:47 +0000] "HEAD /d1/869/AUTH_fcdbff09b75747e3a4750e67ea1fa81f/gnocchi.67377796-9585-4a54-ab08-40a7101c9904" 204 - "HEAD http://localhost:8080/v1/AUTH_fcdbff09b75747e3a4750e67ea1fa81f/gnocchi.67377796-9585-4a54-ab08-40a7101c9904?format=json&states=listing" "txd730398dc18d421190284-0068dbf09f" "proxy-server 21" 0.0024 "-" 23 0
Sep 30 15:00:47 standalone object-server[124980]: 172.20.0.100 - - [30/Sep/2025:15:00:47 +0000] "GET /d1/81/AUTH_fcdbff09b75747e3a4750e67ea1fa81f/gnocchi.67377796-9585-4a54-ab08-40a7101c9904/none_v3" 200 22 "GET http://localhost:8080/v1/AUTH_fcdbff09b75747e3a4750e67ea1fa81f/gnocchi.67377796-9585-4a54-ab08-40a7101c9904/none_v3" "txd730398dc18d421190284-0068dbf09f" "proxy-server 21" 0.0015 "-" 22 0
Sep 30 15:00:47 standalone proxy-server[126816]: 172.18.0.2 ::1 30/Sep/2025/15/00/47 GET /v1/AUTH_fcdbff09b75747e3a4750e67ea1fa81f/gnocchi.67377796-9585-4a54-ab08-40a7101c9904/none_v3 HTTP/1.0 200 - python-swiftclient-3.11.1 gAAAAABo2--l7bng... - 22 - txd730398dc18d421190284-0068dbf09f - 0.0151 - - 1759244447.642439127 1759244447.657515049 0
Sep 30 15:00:47 standalone container-server[124906]: 172.20.0.100 - - [30/Sep/2025:15:00:47 +0000] "GET /d1/869/AUTH_fcdbff09b75747e3a4750e67ea1fa81f/gnocchi.67377796-9585-4a54-ab08-40a7101c9904" 200 357 "GET http://localhost:8080/v1/AUTH_fcdbff09b75747e3a4750e67ea1fa81f/gnocchi.67377796-9585-4a54-ab08-40a7101c9904?format=json&states=listing" "txc8d32137b39d4e44b4fe0-0068dbf09f" "proxy-server 21" 0.0028 "-" 22 0
Sep 30 15:00:47 standalone proxy-server[126816]: 172.18.0.2 ::1 30/Sep/2025/15/00/47 GET /v1/AUTH_fcdbff09b75747e3a4750e67ea1fa81f/gnocchi.67377796-9585-4a54-ab08-40a7101c9904%3Fformat%3Djson%26states%3Dlisting HTTP/1.0 200 - python-swiftclient-3.11.1 gAAAAABo2--l7bng... - 357 - txc8d32137b39d4e44b4fe0-0068dbf09f - 0.0131 - - 1759244447.662938356 1759244447.676051140 0
Sep 30 15:00:47 standalone container-server[124906]: 172.20.0.100 - - [30/Sep/2025:15:00:47 +0000] "GET /d1/869/AUTH_fcdbff09b75747e3a4750e67ea1fa81f/gnocchi.67377796-9585-4a54-ab08-40a7101c9904" 200 2 "GET http://localhost:8080/v1/AUTH_fcdbff09b75747e3a4750e67ea1fa81f/gnocchi.67377796-9585-4a54-ab08-40a7101c9904?format=json&marker=none_v3&states=listing" "tx377d0782bb8b4409aecb3-0068dbf09f" "proxy-server 21" 0.0025 "-" 22 0
Sep 30 15:00:47 standalone proxy-server[126816]: 172.18.0.2 ::1 30/Sep/2025/15/00/47 GET /v1/AUTH_fcdbff09b75747e3a4750e67ea1fa81f/gnocchi.67377796-9585-4a54-ab08-40a7101c9904%3Fformat%3Djson%26marker%3Dnone_v3%26states%3Dlisting HTTP/1.0 200 - python-swiftclient-3.11.1 gAAAAABo2--l7bng... - 2 - tx377d0782bb8b4409aecb3-0068dbf09f - 0.0099 - - 1759244447.681475163 1759244447.691360235 0
