Sep 30 14:44:48 standalone account-server[124308]: Starting 2
Sep 30 14:44:49 standalone account-server[124488]: Started child 20 from parent 2
Sep 30 14:44:49 standalone account-server[124488]: Started child 21 from parent 2
Sep 30 14:44:49 standalone account-server[124488]: Started child 22 from parent 2
Sep 30 14:44:49 standalone account-server[124488]: Started child 23 from parent 2
Sep 30 14:44:49 standalone object-expirer[124717]: Starting 2
Sep 30 14:44:49 standalone object-expirer[124717]: Option auto_create_account_prefix is deprecated. Configure auto_create_account_prefix under the swift-constraints section of swift.conf. This option will be ignored in a future release.
Sep 30 14:44:49 standalone container-server[124706]: Starting 2
Sep 30 14:44:49 standalone container-server[124569]: Option allow_versions is deprecated. Configure the versioned_writes middleware in the proxy-server instead. This option will be ignored in a future release.
Sep 30 14:44:49 standalone container-server[124886]: Option allow_versions is deprecated. Configure the versioned_writes middleware in the proxy-server instead. This option will be ignored in a future release.
Sep 30 14:44:49 standalone container-server[124569]: Started child 20 from parent 2
Sep 30 14:44:49 standalone container-server[124898]: Option allow_versions is deprecated. Configure the versioned_writes middleware in the proxy-server instead. This option will be ignored in a future release.
Sep 30 14:44:49 standalone container-server[124569]: Started child 21 from parent 2
Sep 30 14:44:50 standalone container-server[124906]: Option allow_versions is deprecated. Configure the versioned_writes middleware in the proxy-server instead. This option will be ignored in a future release.
Sep 30 14:44:50 standalone container-server[124569]: Started child 22 from parent 2
Sep 30 14:44:50 standalone container-server[124910]: Option allow_versions is deprecated. Configure the versioned_writes middleware in the proxy-server instead. This option will be ignored in a future release.
Sep 30 14:44:50 standalone container-server[124569]: Started child 23 from parent 2
Sep 30 14:44:50 standalone object-server[124839]: Started child 20 from parent 2
Sep 30 14:44:50 standalone object-server[124913]: Starting 2
Sep 30 14:44:50 standalone object-server[124839]: Started child 21 from parent 2
Sep 30 14:44:50 standalone object-server[124839]: Started child 22 from parent 2
Sep 30 14:44:50 standalone object-server[124839]: Started child 23 from parent 2
Sep 30 14:44:56 standalone proxy-server[126507]: Starting Keystone auth_token middleware
Sep 30 14:44:56 standalone proxy-server[126507]: AuthToken middleware is set with keystone_authtoken.service_token_roles_required set to False. This is backwards compatible but deprecated behaviour. Please set this to True.
Sep 30 14:44:56 standalone proxy-server[126816]: Starting Keystone auth_token middleware
Sep 30 14:44:56 standalone proxy-server[126816]: STDERR: The option "bind_port" is not known to keystonemiddleware
Sep 30 14:44:56 standalone proxy-server[126816]: STDERR: The option "workers" is not known to keystonemiddleware
Sep 30 14:44:56 standalone proxy-server[126816]: STDERR: The option "user" is not known to keystonemiddleware
Sep 30 14:44:56 standalone proxy-server[126816]: STDERR: The option "bind_ip" is not known to keystonemiddleware
Sep 30 14:44:56 standalone proxy-server[126816]: STDERR: The option "log_name" is not known to keystonemiddleware
Sep 30 14:44:56 standalone proxy-server[126816]: STDERR: The option "log_facility" is not known to keystonemiddleware
Sep 30 14:44:56 standalone proxy-server[126816]: STDERR: The option "log_level" is not known to keystonemiddleware
Sep 30 14:44:56 standalone proxy-server[126816]: STDERR: The option "log_headers" is not known to keystonemiddleware
Sep 30 14:44:56 standalone proxy-server[126816]: STDERR: The option "log_address" is not known to keystonemiddleware
Sep 30 14:44:56 standalone proxy-server[126816]: STDERR: The option "project_name" is not known to keystonemiddleware
Sep 30 14:44:56 standalone proxy-server[126816]: STDERR: The option "username" is not known to keystonemiddleware
Sep 30 14:44:56 standalone proxy-server[126816]: STDERR: The option "password" is not known to keystonemiddleware
Sep 30 14:44:56 standalone proxy-server[126816]: STDERR: The option "auth_url" is not known to keystonemiddleware
Sep 30 14:44:56 standalone proxy-server[126816]: STDERR: The option "signing_dir" is not known to keystonemiddleware
Sep 30 14:44:56 standalone proxy-server[126816]: STDERR: The option "project_domain_id" is not known to keystonemiddleware
Sep 30 14:44:56 standalone proxy-server[126816]: STDERR: The option "user_domain_id" is not known to keystonemiddleware
Sep 30 14:44:56 standalone proxy-server[126816]: STDERR: The option "__name__" is not known to keystonemiddleware
Sep 30 14:44:56 standalone proxy-server[126816]: AuthToken middleware is set with keystone_authtoken.service_token_roles_required set to False. This is backwards compatible but deprecated behaviour. Please set this to True.
Sep 30 14:44:56 standalone proxy-server[126507]: Started child 21 from parent 2
Sep 30 14:47:01 standalone account-server[124725]: 172.20.0.100 - - [30/Sep/2025:14:47:01 +0000] "HEAD /d1/555/.expiring_objects" 404 - "HEAD http://localhost/v1/.expiring_objects?format=json" "tx7d09930be3764df696827-0068dbed65" "proxy-server 2" 0.0019 "-" 21 -
Sep 30 14:47:01 standalone object-expirer[124717]: Pass completed in 0s; 0 objects expired (txn: tx7d09930be3764df696827-0068dbed65)
Sep 30 14:47:49 standalone container-server[124706]: Begin container update sweep
Sep 30 14:47:49 standalone container-server[124706]: Container update sweep completed: 0.00s
Sep 30 14:48:55 standalone object-server[124913]: Begin object update sweep
Sep 30 14:48:55 standalone object-server[153562]: Object update sweep starting on /srv/node/d1 (pid: 11)
Sep 30 14:48:55 standalone object-server[153562]: Object update sweep completed on /srv/node/d1 in 0.00s seconds:, 0 successes, 0 failures, 0 quarantines, 0 unlinks, 0 errors, 0 redirects (pid: 11)
Sep 30 14:48:55 standalone object-server[153562]: Object update sweep of d1 completed: 0.00s, 0 successes, 0 failures, 0 quarantines, 0 unlinks, 0 errors, 0 redirects
Sep 30 14:48:55 standalone object-server[124913]: Object update sweep completed: 0.08s
Sep 30 14:49:49 standalone account-server[124725]: 172.20.0.100 - - [30/Sep/2025:14:49:49 +0000] "HEAD /d1/555/.expiring_objects" 404 - "HEAD http://localhost/v1/.expiring_objects?format=json" "txc702eeff05374c8982fcd-0068dbee0d" "proxy-server 2" 0.0006 "-" 21 -
Sep 30 14:49:49 standalone object-expirer[124717]: Pass completed in 0s; 0 objects expired (txn: txc702eeff05374c8982fcd-0068dbee0d)
Sep 30 14:51:00 standalone account-server[124721]: 172.20.0.100 - - [30/Sep/2025:14:51:00 +0000] "HEAD /d1/555/.expiring_objects" 404 - "HEAD http://localhost/v1/.expiring_objects?format=json" "tx93725595d1264ebe8f6cf-0068dbee54" "proxy-server 2" 0.0008 "-" 20 -
Sep 30 14:51:00 standalone object-expirer[124717]: Pass completed in 0s; 0 objects expired (txn: tx93725595d1264ebe8f6cf-0068dbee54)
Sep 30 14:51:07 standalone account-server[124721]: 172.20.0.100 - - [30/Sep/2025:14:51:07 +0000] "HEAD /d1/555/.expiring_objects" 404 - "HEAD http://localhost/v1/.expiring_objects?format=json" "txaa7b37aabdfd400c99c6f-0068dbee5b" "proxy-server 2" 0.0005 "-" 20 -
Sep 30 14:51:07 standalone object-expirer[124717]: Pass completed in 0s; 0 objects expired (txn: txaa7b37aabdfd400c99c6f-0068dbee5b)
Sep 30 14:51:27 standalone account-server[124725]: 172.20.0.100 - - [30/Sep/2025:14:51:27 +0000] "HEAD /d1/704/AUTH_fcdbff09b75747e3a4750e67ea1fa81f" 404 - "HEAD http://localhost:8080/v1/AUTH_fcdbff09b75747e3a4750e67ea1fa81f?format=json" "tx5813a1d01edd43f398894-0068dbee6f" "proxy-server 21" 0.0006 "-" 21 -
Sep 30 14:51:27 standalone proxy-server[126816]: - - 30/Sep/2025/14/51/27 HEAD /v1/AUTH_fcdbff09b75747e3a4750e67ea1fa81f%3Fformat%3Djson HTTP/1.0 200 - Swift - - - - tx5813a1d01edd43f398894-0068dbee6f - 0.0046 RL - 1759243887.725011110 1759243887.729627609 -
Sep 30 14:51:28 standalone proxy-server[126816]: 172.18.0.2 ::1 30/Sep/2025/14/51/28 HEAD /v1/AUTH_fcdbff09b75747e3a4750e67ea1fa81f/glance%3Fformat%3Djson HTTP/1.0 404 - python-swiftclient-3.11.1 gAAAAABo2-5vofqU... - - - tx5813a1d01edd43f398894-0068dbee6f - 0.4606 - - 1759243887.720504522 1759243888.181066513 -
Sep 30 14:51:28 standalone account-server[124721]: 172.20.0.100 - - [30/Sep/2025:14:51:28 +0000] "PUT /d1/704/AUTH_fcdbff09b75747e3a4750e67ea1fa81f" 201 - "-" "tx8874ddd1d27b4f56bd230-0068dbee70" "-" 0.0101 "-" 20 -
Sep 30 14:51:28 standalone proxy-server[126816]: autocreate account '/AUTH_fcdbff09b75747e3a4750e67ea1fa81f' (txn: tx8874ddd1d27b4f56bd230-0068dbee70)
Sep 30 14:51:28 standalone account-server[124725]: 172.20.0.100 - - [30/Sep/2025:14:51:28 +0000] "HEAD /d1/704/AUTH_fcdbff09b75747e3a4750e67ea1fa81f" 204 - "HEAD http://localhost:8080/v1/AUTH_fcdbff09b75747e3a4750e67ea1fa81f?format=json" "tx8874ddd1d27b4f56bd230-0068dbee70" "proxy-server 21" 0.0017 "-" 21 -
Sep 30 14:51:28 standalone account-server[124761]: 172.20.0.100 - - [30/Sep/2025:14:51:28 +0000] "PUT /d1/704/AUTH_fcdbff09b75747e3a4750e67ea1fa81f/glance" 201 - "PUT http://172.20.0.100:6001/d1/468/AUTH_fcdbff09b75747e3a4750e67ea1fa81f/glance" "tx8874ddd1d27b4f56bd230-0068dbee70" "container-server 23" 0.0017 "-" 23 0
Sep 30 14:51:28 standalone container-server[124910]: 172.20.0.100 - - [30/Sep/2025:14:51:28 +0000] "PUT /d1/468/AUTH_fcdbff09b75747e3a4750e67ea1fa81f/glance" 201 - "PUT http://localhost:8080/v1/AUTH_fcdbff09b75747e3a4750e67ea1fa81f/glance" "tx8874ddd1d27b4f56bd230-0068dbee70" "proxy-server 21" 0.0317 "-" 23 0
Sep 30 14:51:28 standalone proxy-server[126816]: 172.18.0.2 ::1 30/Sep/2025/14/51/28 PUT /v1/AUTH_fcdbff09b75747e3a4750e67ea1fa81f/glance HTTP/1.0 201 - python-swiftclient-3.11.1 gAAAAABo2-5vofqU... - - - tx8874ddd1d27b4f56bd230-0068dbee70 - 0.0687 - - 1759243888.185323954 1759243888.254011393 0
Sep 30 14:51:28 standalone container-server[124886]: 172.20.0.100 - - [30/Sep/2025:14:51:28 +0000] "HEAD /d1/468/AUTH_fcdbff09b75747e3a4750e67ea1fa81f/glance" 204 - "HEAD http://localhost:8080/v1/AUTH_fcdbff09b75747e3a4750e67ea1fa81f/glance?format=json&states=listing" "txeac01e00fdd74c39932f6-0068dbee70" "proxy-server 21" 0.0030 "-" 20 0
Sep 30 14:51:28 standalone proxy-server[126816]: - - 30/Sep/2025/14/51/28 HEAD /v1/AUTH_fcdbff09b75747e3a4750e67ea1fa81f/glance%3Fformat%3Djson%26states%3Dlisting HTTP/1.0 204 - Swift - - - - txeac01e00fdd74c39932f6-0068dbee70 - 0.0065 RL - 1759243888.269145966 1759243888.275658846 0
Sep 30 14:51:46 standalone container-server[124906]: 172.20.0.100 - - [30/Sep/2025:14:51:46 +0000] "PUT /d1/468/AUTH_fcdbff09b75747e3a4750e67ea1fa81f/glance/79894b1d-93f8-4682-b7e4-ca4062b166c7" 201 - "PUT http://localhost:8080/d1/681/AUTH_fcdbff09b75747e3a4750e67ea1fa81f/glance/79894b1d-93f8-4682-b7e4-ca4062b166c7" "txeac01e00fdd74c39932f6-0068dbee70" "object-server 21" 0.0018 "-" 22 0
Sep 30 14:51:46 standalone object-server[124974]: 172.20.0.100 - - [30/Sep/2025:14:51:46 +0000] "PUT /d1/681/AUTH_fcdbff09b75747e3a4750e67ea1fa81f/glance/79894b1d-93f8-4682-b7e4-ca4062b166c7" 201 - "PUT http://localhost:8080/v1/AUTH_fcdbff09b75747e3a4750e67ea1fa81f/glance/79894b1d-93f8-4682-b7e4-ca4062b166c7" "txeac01e00fdd74c39932f6-0068dbee70" "proxy-server 21" 18.0249 "-" 21 0
Sep 30 14:51:46 standalone proxy-server[126816]: 172.18.0.2 ::1 30/Sep/2025/14/51/46 PUT /v1/AUTH_fcdbff09b75747e3a4750e67ea1fa81f/glance/79894b1d-93f8-4682-b7e4-ca4062b166c7 HTTP/1.0 201 - python-swiftclient-3.11.1 gAAAAABo2-5vofqU... 1445986304 - - txeac01e00fdd74c39932f6-0068dbee70 - 18.0438 - - 1759243888.267433882 1759243906.311239958 0
Sep 30 14:52:49 standalone container-server[124706]: Begin container update sweep
Sep 30 14:52:49 standalone account-server[124721]: 172.20.0.100 - - [30/Sep/2025:14:52:49 +0000] "PUT /d1/704/AUTH_fcdbff09b75747e3a4750e67ea1fa81f/glance" 201 - "-" "-" "container-updater 2" 0.0008 "-" 20 0
Sep 30 14:52:49 standalone container-server[124706]: Container update sweep completed: 0.11s
Sep 30 14:53:48 standalone account-server[124725]: 172.20.0.100 - - [30/Sep/2025:14:53:48 +0000] "HEAD /d1/555/.expiring_objects" 404 - "HEAD http://localhost/v1/.expiring_objects?format=json" "txb8fadce4d70f481ab02c0-0068dbeefc" "proxy-server 2" 0.0006 "-" 21 -
Sep 30 14:53:48 standalone object-expirer[124717]: Pass completed in 0s; 0 objects expired (txn: txb8fadce4d70f481ab02c0-0068dbeefc)
Sep 30 14:53:55 standalone object-server[124913]: Begin object update sweep
Sep 30 14:53:55 standalone object-server[193523]: Object update sweep starting on /srv/node/d1 (pid: 13)
Sep 30 14:53:55 standalone object-server[193523]: Object update sweep completed on /srv/node/d1 in 0.00s seconds:, 0 successes, 0 failures, 0 quarantines, 0 unlinks, 0 errors, 0 redirects (pid: 13)
Sep 30 14:53:55 standalone object-server[193523]: Object update sweep of d1 completed: 0.00s, 0 successes, 0 failures, 0 quarantines, 0 unlinks, 0 errors, 0 redirects
Sep 30 14:53:55 standalone object-server[124913]: Object update sweep completed: 0.09s
Sep 30 14:56:33 standalone account-server[124753]: 172.20.0.100 - - [30/Sep/2025:14:56:33 +0000] "HEAD /d1/704/AUTH_fcdbff09b75747e3a4750e67ea1fa81f" 204 - "HEAD http://localhost:8080/v1/AUTH_fcdbff09b75747e3a4750e67ea1fa81f?format=json" "txebe958474ecf4aaf9e993-0068dbefa1" "proxy-server 21" 0.0069 "-" 22 -
Sep 30 14:56:33 standalone proxy-server[126816]: - - 30/Sep/2025/14/56/33 HEAD /v1/AUTH_fcdbff09b75747e3a4750e67ea1fa81f%3Fformat%3Djson HTTP/1.0 204 - Swift - - - - txebe958474ecf4aaf9e993-0068dbefa1 - 0.0111 RL - 1759244193.325403214 1759244193.336483955 -
Sep 30 14:56:33 standalone container-server[124906]: 172.20.0.100 - - [30/Sep/2025:14:56:33 +0000] "HEAD /d1/468/AUTH_fcdbff09b75747e3a4750e67ea1fa81f/glance" 204 - "HEAD http://localhost:8080/v1/AUTH_fcdbff09b75747e3a4750e67ea1fa81f/glance?format=json&states=listing" "txebe958474ecf4aaf9e993-0068dbefa1" "proxy-server 21" 0.0036 "-" 22 0
Sep 30 14:56:33 standalone proxy-server[126816]: 172.18.0.2 ::1 30/Sep/2025/14/56/33 HEAD /v1/AUTH_fcdbff09b75747e3a4750e67ea1fa81f/glance%3Fformat%3Djson%26states%3Dlisting HTTP/1.0 204 - python-swiftclient-3.11.1 gAAAAABo2--h56YQ... - - - txebe958474ecf4aaf9e993-0068dbefa1 - 0.1151 - - 1759244193.324615479 1759244193.439746618 0
Sep 30 14:56:36 standalone container-server[124910]: 172.20.0.100 - - [30/Sep/2025:14:56:36 +0000] "PUT /d1/468/AUTH_fcdbff09b75747e3a4750e67ea1fa81f/glance/abebdb25-e54c-46ba-af50-a40cee6c5ed8-00001" 201 - "PUT http://localhost:8080/d1/238/AUTH_fcdbff09b75747e3a4750e67ea1fa81f/glance/abebdb25-e54c-46ba-af50-a40cee6c5ed8-00001" "txb364fa1e3edb47f69254f-0068dbefa1" "object-server 21" 0.0011 "-" 23 0
Sep 30 14:56:36 standalone object-server[124974]: 172.20.0.100 - - [30/Sep/2025:14:56:36 +0000] "PUT /d1/238/AUTH_fcdbff09b75747e3a4750e67ea1fa81f/glance/abebdb25-e54c-46ba-af50-a40cee6c5ed8-00001" 201 - "PUT http://localhost:8080/v1/AUTH_fcdbff09b75747e3a4750e67ea1fa81f/glance/abebdb25-e54c-46ba-af50-a40cee6c5ed8-00001" "txb364fa1e3edb47f69254f-0068dbefa1" "proxy-server 21" 2.9499 "-" 21 0
Sep 30 14:56:36 standalone proxy-server[126816]: 172.18.0.2 ::1 30/Sep/2025/14/56/36 PUT /v1/AUTH_fcdbff09b75747e3a4750e67ea1fa81f/glance/abebdb25-e54c-46ba-af50-a40cee6c5ed8-00001 HTTP/1.0 201 - python-swiftclient-3.11.1 gAAAAABo2--h56YQ... 21692416 - - txb364fa1e3edb47f69254f-0068dbefa1 - 2.9579 - - 1759244193.447947502 1759244196.405861616 0
Sep 30 14:56:36 standalone container-server[124910]: 172.20.0.100 - - [30/Sep/2025:14:56:36 +0000] "PUT /d1/468/AUTH_fcdbff09b75747e3a4750e67ea1fa81f/glance/abebdb25-e54c-46ba-af50-a40cee6c5ed8" 201 - "PUT http://localhost:8080/d1/28/AUTH_fcdbff09b75747e3a4750e67ea1fa81f/glance/abebdb25-e54c-46ba-af50-a40cee6c5ed8" "tx88c438afa3c14862a91c1-0068dbefa4" "object-server 22" 0.0005 "-" 23 0
Sep 30 14:56:36 standalone object-server[124980]: 172.20.0.100 - - [30/Sep/2025:14:56:36 +0000] "PUT /d1/28/AUTH_fcdbff09b75747e3a4750e67ea1fa81f/glance/abebdb25-e54c-46ba-af50-a40cee6c5ed8" 201 - "PUT http://localhost:8080/v1/AUTH_fcdbff09b75747e3a4750e67ea1fa81f/glance/abebdb25-e54c-46ba-af50-a40cee6c5ed8" "tx88c438afa3c14862a91c1-0068dbefa4" "proxy-server 21" 0.0211 "-" 22 0
Sep 30 14:56:36 standalone proxy-server[126816]: 172.18.0.2 ::1 30/Sep/2025/14/56/36 PUT /v1/AUTH_fcdbff09b75747e3a4750e67ea1fa81f/glance/abebdb25-e54c-46ba-af50-a40cee6c5ed8 HTTP/1.0 201 - python-swiftclient-3.11.1 gAAAAABo2--h56YQ... - - - tx88c438afa3c14862a91c1-0068dbefa4 - 0.0315 - - 1759244196.415065289 1759244196.446595907 0
Sep 30 14:56:37 standalone container-server[124886]: 172.20.0.100 - - [30/Sep/2025:14:56:37 +0000] "HEAD /d1/564/AUTH_fcdbff09b75747e3a4750e67ea1fa81f/gnocchi.ceff863d-d8a2-46e5-9a7f-dd1e0b451a4a" 404 - "HEAD http://localhost:8080/v1/AUTH_fcdbff09b75747e3a4750e67ea1fa81f/gnocchi.ceff863d-d8a2-46e5-9a7f-dd1e0b451a4a?format=json&states=listing" "tx779712cb606840b693988-0068dbefa5" "proxy-server 21" 0.0006 "-" 20 0
Sep 30 14:56:37 standalone object-server[124974]: 172.20.0.100 - - [30/Sep/2025:14:56:37 +0000] "GET /d1/539/AUTH_fcdbff09b75747e3a4750e67ea1fa81f/gnocchi.ceff863d-d8a2-46e5-9a7f-dd1e0b451a4a/none_v3" 404 70 "GET http://localhost:8080/v1/AUTH_fcdbff09b75747e3a4750e67ea1fa81f/gnocchi.ceff863d-d8a2-46e5-9a7f-dd1e0b451a4a/none_v3" "tx779712cb606840b693988-0068dbefa5" "proxy-server 21" 0.0005 "-" 21 0
Sep 30 14:56:37 standalone proxy-server[126816]: 172.18.0.2 ::1 30/Sep/2025/14/56/37 GET /v1/AUTH_fcdbff09b75747e3a4750e67ea1fa81f/gnocchi.ceff863d-d8a2-46e5-9a7f-dd1e0b451a4a/none_v3 HTTP/1.0 404 - python-swiftclient-3.11.1 gAAAAABo2--l7bng... - 70 - tx779712cb606840b693988-0068dbefa5 - 0.0366 - - 1759244197.053582430 1759244197.090190411 0
Sep 30 14:56:37 standalone account-server[124721]: 172.20.0.100 - - [30/Sep/2025:14:56:37 +0000] "PUT /d1/704/AUTH_fcdbff09b75747e3a4750e67ea1fa81f/gnocchi.ceff863d-d8a2-46e5-9a7f-dd1e0b451a4a" 201 - "PUT http://172.20.0.100:6001/d1/564/AUTH_fcdbff09b75747e3a4750e67ea1fa81f/gnocchi.ceff863d-d8a2-46e5-9a7f-dd1e0b451a4a" "tx8ca7dfb906e54199b9103-0068dbefa5" "container-server 20" 0.0021 "-" 20 0
Sep 30 14:56:37 standalone container-server[124886]: 172.20.0.100 - - [30/Sep/2025:14:56:37 +0000] "PUT /d1/564/AUTH_fcdbff09b75747e3a4750e67ea1fa81f/gnocchi.ceff863d-d8a2-46e5-9a7f-dd1e0b451a4a" 201 - "PUT http://localhost:8080/v1/AUTH_fcdbff09b75747e3a4750e67ea1fa81f/gnocchi.ceff863d-d8a2-46e5-9a7f-dd1e0b451a4a" "tx8ca7dfb906e54199b9103-0068dbefa5" "proxy-server 21" 0.0142 "-" 20 0
Sep 30 14:56:37 standalone proxy-server[126816]: 172.18.0.2 ::1 30/Sep/2025/14/56/37 PUT /v1/AUTH_fcdbff09b75747e3a4750e67ea1fa81f/gnocchi.ceff863d-d8a2-46e5-9a7f-dd1e0b451a4a HTTP/1.0 201 - python-swiftclient-3.11.1 gAAAAABo2--l7bng... - - - tx8ca7dfb906e54199b9103-0068dbefa5 - 0.0195 - - 1759244197.094348192 1759244197.113848209 0
Sep 30 14:56:37 standalone container-server[124910]: 172.20.0.100 - - [30/Sep/2025:14:56:37 +0000] "HEAD /d1/564/AUTH_fcdbff09b75747e3a4750e67ea1fa81f/gnocchi.ceff863d-d8a2-46e5-9a7f-dd1e0b451a4a" 204 - "HEAD http://localhost:8080/v1/AUTH_fcdbff09b75747e3a4750e67ea1fa81f/gnocchi.ceff863d-d8a2-46e5-9a7f-dd1e0b451a4a?format=json&states=listing" "tx283feb1c18a848d9a3207-0068dbefa5" "proxy-server 21" 0.0018 "-" 23 0
Sep 30 14:56:37 standalone proxy-server[126816]: - - 30/Sep/2025/14/56/37 HEAD /v1/AUTH_fcdbff09b75747e3a4750e67ea1fa81f/gnocchi.ceff863d-d8a2-46e5-9a7f-dd1e0b451a4a%3Fformat%3Djson%26states%3Dlisting HTTP/1.0 204 - Swift - - - - tx283feb1c18a848d9a3207-0068dbefa5 - 0.0050 RL - 1759244197.123379707 1759244197.128345013 0
Sep 30 14:56:37 standalone container-server[124898]: 172.20.0.100 - - [30/Sep/2025:14:56:37 +0000] "GET /d1/564/AUTH_fcdbff09b75747e3a4750e67ea1fa81f/gnocchi.ceff863d-d8a2-46e5-9a7f-dd1e0b451a4a" 200 2 "GET http://localhost:8080/v1/AUTH_fcdbff09b75747e3a4750e67ea1fa81f/gnocchi.ceff863d-d8a2-46e5-9a7f-dd1e0b451a4a?format=json&states=listing" "tx283feb1c18a848d9a3207-0068dbefa5" "proxy-server 21" 0.0055 "-" 21 0
Sep 30 14:56:37 standalone proxy-server[126816]: 172.18.0.2 ::1 30/Sep/2025/14/56/37 GET /v1/AUTH_fcdbff09b75747e3a4750e67ea1fa81f/gnocchi.ceff863d-d8a2-46e5-9a7f-dd1e0b451a4a%3Fformat%3Djson%26states%3Dlisting HTTP/1.0 200 - python-swiftclient-3.11.1 gAAAAABo2--l7bng... - 2 - tx283feb1c18a848d9a3207-0068dbefa5 - 0.0186 - - 1759244197.122162342 1759244197.140805721 0
Sep 30 14:56:37 standalone object-server[124964]: 172.20.0.100 - - [30/Sep/2025:14:56:37 +0000] "GET /d1/782/AUTH_fcdbff09b75747e3a4750e67ea1fa81f/gnocchi.ceff863d-d8a2-46e5-9a7f-dd1e0b451a4a/1758240000.0_mean_300.0_v3" 404 70 "GET http://localhost:8080/v1/AUTH_fcdbff09b75747e3a4750e67ea1fa81f/gnocchi.ceff863d-d8a2-46e5-9a7f-dd1e0b451a4a/1758240000.0_mean_300.0_v3" "tx218b4302b5dc4fb4bafda-0068dbefa5" "proxy-server 21" 0.0006 "-" 20 0
Sep 30 14:56:37 standalone proxy-server[126816]: 172.18.0.2 ::1 30/Sep/2025/14/56/37 GET /v1/AUTH_fcdbff09b75747e3a4750e67ea1fa81f/gnocchi.ceff863d-d8a2-46e5-9a7f-dd1e0b451a4a/1758240000.0_mean_300.0_v3 HTTP/1.0 404 - python-swiftclient-3.11.1 gAAAAABo2--l7bng... - 70 - tx218b4302b5dc4fb4bafda-0068dbefa5 - 0.0057 - - 1759244197.144851208 1759244197.150595903 0
Sep 30 14:56:37 standalone container-server[124910]: 172.20.0.100 - - [30/Sep/2025:14:56:37 +0000] "PUT /d1/564/AUTH_fcdbff09b75747e3a4750e67ea1fa81f/gnocchi.ceff863d-d8a2-46e5-9a7f-dd1e0b451a4a/1758240000.0_mean_300.0_v3" 201 - "PUT http://localhost:8080/d1/782/AUTH_fcdbff09b75747e3a4750e67ea1fa81f/gnocchi.ceff863d-d8a2-46e5-9a7f-dd1e0b451a4a/1758240000.0_mean_300.0_v3" "tx24875d1b2d1c4081b72f1-0068dbefa5" "object-server 20" 0.0008 "-" 23 0
Sep 30 14:56:37 standalone object-server[124964]: 172.20.0.100 - - [30/Sep/2025:14:56:37 +0000] "PUT /d1/782/AUTH_fcdbff09b75747e3a4750e67ea1fa81f/gnocchi.ceff863d-d8a2-46e5-9a7f-dd1e0b451a4a/1758240000.0_mean_300.0_v3" 201 - "PUT http://localhost:8080/v1/AUTH_fcdbff09b75747e3a4750e67ea1fa81f/gnocchi.ceff863d-d8a2-46e5-9a7f-dd1e0b451a4a/1758240000.0_mean_300.0_v3" "tx24875d1b2d1c4081b72f1-0068dbefa5" "proxy-server 21" 0.0259 "-" 20 0
Sep 30 14:56:37 standalone proxy-server[126816]: 172.18.0.2 ::1 30/Sep/2025/14/56/37 PUT /v1/AUTH_fcdbff09b75747e3a4750e67ea1fa81f/gnocchi.ceff863d-d8a2-46e5-9a7f-dd1e0b451a4a/1758240000.0_mean_300.0_v3 HTTP/1.0 201 - python-swiftclient-3.11.1 gAAAAABo2--l7bng... 16 - - tx24875d1b2d1c4081b72f1-0068dbefa5 - 0.0314 - - 1759244197.154783487 1759244197.186206818 0
Sep 30 14:56:37 standalone container-server[124906]: 172.20.0.100 - - [30/Sep/2025:14:56:37 +0000] "PUT /d1/564/AUTH_fcdbff09b75747e3a4750e67ea1fa81f/gnocchi.ceff863d-d8a2-46e5-9a7f-dd1e0b451a4a/none_v3" 201 - "PUT http://localhost:8080/d1/539/AUTH_fcdbff09b75747e3a4750e67ea1fa81f/gnocchi.ceff863d-d8a2-46e5-9a7f-dd1e0b451a4a/none_v3" "tx084f751ae4594cdd8983c-0068dbefa5" "object-server 23" 0.0010 "-" 22 0
Sep 30 14:56:37 standalone object-server[124989]: 172.20.0.100 - - [30/Sep/2025:14:56:37 +0000] "PUT /d1/539/AUTH_fcdbff09b75747e3a4750e67ea1fa81f/gnocchi.ceff863d-d8a2-46e5-9a7f-dd1e0b451a4a/none_v3" 201 - "PUT http://localhost:8080/v1/AUTH_fcdbff09b75747e3a4750e67ea1fa81f/gnocchi.ceff863d-d8a2-46e5-9a7f-dd1e0b451a4a/none_v3" "tx084f751ae4594cdd8983c-0068dbefa5" "proxy-server 21" 0.0316 "-" 23 0
Sep 30 14:56:37 standalone proxy-server[126816]: 172.18.0.2 ::1 30/Sep/2025/14/56/37 PUT /v1/AUTH_fcdbff09b75747e3a4750e67ea1fa81f/gnocchi.ceff863d-d8a2-46e5-9a7f-dd1e0b451a4a/none_v3 HTTP/1.0 201 - python-swiftclient-3.11.1 gAAAAABo2--l7bng... 32 - - tx084f751ae4594cdd8983c-0068dbefa5 - 0.0387 - - 1759244197.190334320 1759244197.229049206 0
Sep 30 14:57:39 standalone account-server[124761]: 172.20.0.100 - - [30/Sep/2025:14:57:39 +0000] "HEAD /d1/704/AUTH_fcdbff09b75747e3a4750e67ea1fa81f" 204 - "HEAD http://localhost:8080/v1/AUTH_fcdbff09b75747e3a4750e67ea1fa81f?format=json" "txc98be21a0a104c7bb98b6-0068dbefe3" "proxy-server 21" 0.0063 "-" 23 -
Sep 30 14:57:39 standalone proxy-server[126816]: - - 30/Sep/2025/14/57/39 HEAD /v1/AUTH_fcdbff09b75747e3a4750e67ea1fa81f%3Fformat%3Djson HTTP/1.0 204 - Swift - - - - txc98be21a0a104c7bb98b6-0068dbefe3 - 0.0123 RL - 1759244259.081428766 1759244259.093744755 -
Sep 30 14:57:39 standalone container-server[124910]: 172.20.0.100 - - [30/Sep/2025:14:57:39 +0000] "HEAD /d1/468/AUTH_fcdbff09b75747e3a4750e67ea1fa81f/glance" 204 - "HEAD http://localhost:8080/v1/AUTH_fcdbff09b75747e3a4750e67ea1fa81f/glance?format=json&states=listing" "txc98be21a0a104c7bb98b6-0068dbefe3" "proxy-server 21" 0.0178 "-" 23 0
Sep 30 14:57:39 standalone object-server[124974]: 172.20.0.100 - - [30/Sep/2025:14:57:39 +0000] "GET /d1/28/AUTH_fcdbff09b75747e3a4750e67ea1fa81f/glance/abebdb25-e54c-46ba-af50-a40cee6c5ed8" 200 - "GET http://localhost:8080/v1/AUTH_fcdbff09b75747e3a4750e67ea1fa81f/glance/abebdb25-e54c-46ba-af50-a40cee6c5ed8" "txc98be21a0a104c7bb98b6-0068dbefe3" "proxy-server 21" 0.0020 "-" 21 0
Sep 30 14:57:39 standalone container-server[124898]: 172.20.0.100 - - [30/Sep/2025:14:57:39 +0000] "GET /d1/468/AUTH_fcdbff09b75747e3a4750e67ea1fa81f/glance" 200 210 "GET http://localhost:8080/v1/AUTH_fcdbff09b75747e3a4750e67ea1fa81f/glance?prefix=abebdb25-e54c-46ba-af50-a40cee6c5ed8-&format=json&states=listing" "txc98be21a0a104c7bb98b6-0068dbefe3" "proxy-server 21" 0.0025 "-" 21 0
Sep 30 14:57:39 standalone proxy-server[126816]: - - 30/Sep/2025/14/57/39 GET /v1/AUTH_fcdbff09b75747e3a4750e67ea1fa81f/glance%3Fprefix%3Dabebdb25-e54c-46ba-af50-a40cee6c5ed8-%26format%3Djson%26states%3Dlisting HTTP/1.0 200 - python-swiftclient-3.11.1%20DLO%20MultipartGET gAAAAABo2-_jQhRh... - 210 - txc98be21a0a104c7bb98b6-0068dbefe3 - 0.0061 DLO - 1759244259.231090546 1759244259.237153769 0
Sep 30 14:57:39 standalone object-server[124974]: 172.20.0.100 - - [30/Sep/2025:14:57:39 +0000] "GET /d1/238/AUTH_fcdbff09b75747e3a4750e67ea1fa81f/glance/abebdb25-e54c-46ba-af50-a40cee6c5ed8-00001" 200 21692416 "GET http://localhost:8080/v1/AUTH_fcdbff09b75747e3a4750e67ea1fa81f/glance/abebdb25-e54c-46ba-af50-a40cee6c5ed8-00001?multipart-manifest=get" "txc98be21a0a104c7bb98b6-0068dbefe3" "proxy-server 21" 0.0007 "-" 21 0
Sep 30 14:57:39 standalone proxy-server[126816]: - - 30/Sep/2025/14/57/39 GET /v1/AUTH_fcdbff09b75747e3a4750e67ea1fa81f/glance/abebdb25-e54c-46ba-af50-a40cee6c5ed8-00001%3Fmultipart-manifest%3Dget HTTP/1.0 200 - python-swiftclient-3.11.1%20%20DLO%20MultipartGET gAAAAABo2-_jQhRh... - 21692416 - txc98be21a0a104c7bb98b6-0068dbefe3 - 0.1192 DLO - 1759244259.237833023 1759244259.356997967 0
Sep 30 14:57:39 standalone proxy-server[126816]: 172.18.0.2 ::1 30/Sep/2025/14/57/39 GET /v1/AUTH_fcdbff09b75747e3a4750e67ea1fa81f/glance/abebdb25-e54c-46ba-af50-a40cee6c5ed8 HTTP/1.0 200 - python-swiftclient-3.11.1 gAAAAABo2-_jQhRh... - 21692416 - txc98be21a0a104c7bb98b6-0068dbefe3 - 0.2775 - - 1759244259.080014706 1759244259.357476711 0
Sep 30 14:57:39 standalone container-server[124910]: 172.20.0.100 - - [30/Sep/2025:14:57:39 +0000] "HEAD /d1/406/AUTH_fcdbff09b75747e3a4750e67ea1fa81f/gnocchi.6c263f15-b6cf-46c5-9c6a-2c4e0b926181" 404 - "HEAD http://localhost:8080/v1/AUTH_fcdbff09b75747e3a4750e67ea1fa81f/gnocchi.6c263f15-b6cf-46c5-9c6a-2c4e0b926181?format=json&states=listing" "tx33e87f083c7f44f1a60c8-0068dbefe3" "proxy-server 21" 0.0005 "-" 23 0
Sep 30 14:57:39 standalone object-server[124980]: 172.20.0.100 - - [30/Sep/2025:14:57:39 +0000] "GET /d1/219/AUTH_fcdbff09b75747e3a4750e67ea1fa81f/gnocchi.6c263f15-b6cf-46c5-9c6a-2c4e0b926181/none_v3" 404 70 "GET http://localhost:8080/v1/AUTH_fcdbff09b75747e3a4750e67ea1fa81f/gnocchi.6c263f15-b6cf-46c5-9c6a-2c4e0b926181/none_v3" "tx33e87f083c7f44f1a60c8-0068dbefe3" "proxy-server 21" 0.0008 "-" 22 0
Sep 30 14:57:39 standalone proxy-server[126816]: 172.18.0.2 ::1 30/Sep/2025/14/57/39 GET /v1/AUTH_fcdbff09b75747e3a4750e67ea1fa81f/gnocchi.6c263f15-b6cf-46c5-9c6a-2c4e0b926181/none_v3 HTTP/1.0 404 - python-swiftclient-3.11.1 gAAAAABo2--l7bng... - 70 - tx33e87f083c7f44f1a60c8-0068dbefe3 - 0.0140 - - 1759244259.929903507 1759244259.943927526 0
Sep 30 14:57:39 standalone account-server[124753]: 172.20.0.100 - - [30/Sep/2025:14:57:39 +0000] "PUT /d1/704/AUTH_fcdbff09b75747e3a4750e67ea1fa81f/gnocchi.6c263f15-b6cf-46c5-9c6a-2c4e0b926181" 201 - "PUT http://172.20.0.100:6001/d1/406/AUTH_fcdbff09b75747e3a4750e67ea1fa81f/gnocchi.6c263f15-b6cf-46c5-9c6a-2c4e0b926181" "txf700695ea0a9498d9c4cd-0068dbefe3" "container-server 20" 0.0022 "-" 22 0
Sep 30 14:57:39 standalone container-server[124886]: 172.20.0.100 - - [30/Sep/2025:14:57:39 +0000] "PUT /d1/406/AUTH_fcdbff09b75747e3a4750e67ea1fa81f/gnocchi.6c263f15-b6cf-46c5-9c6a-2c4e0b926181" 201 - "PUT http://localhost:8080/v1/AUTH_fcdbff09b75747e3a4750e67ea1fa81f/gnocchi.6c263f15-b6cf-46c5-9c6a-2c4e0b926181" "txf700695ea0a9498d9c4cd-0068dbefe3" "proxy-server 21" 0.0161 "-" 20 0
Sep 30 14:57:39 standalone proxy-server[126816]: 172.18.0.2 ::1 30/Sep/2025/14/57/39 PUT /v1/AUTH_fcdbff09b75747e3a4750e67ea1fa81f/gnocchi.6c263f15-b6cf-46c5-9c6a-2c4e0b926181 HTTP/1.0 201 - python-swiftclient-3.11.1 gAAAAABo2--l7bng... - - - txf700695ea0a9498d9c4cd-0068dbefe3 - 0.0241 - - 1759244259.948015928 1759244259.972080708 0
Sep 30 14:57:39 standalone container-server[124886]: 172.20.0.100 - - [30/Sep/2025:14:57:39 +0000] "HEAD /d1/406/AUTH_fcdbff09b75747e3a4750e67ea1fa81f/gnocchi.6c263f15-b6cf-46c5-9c6a-2c4e0b926181" 204 - "HEAD http://localhost:8080/v1/AUTH_fcdbff09b75747e3a4750e67ea1fa81f/gnocchi.6c263f15-b6cf-46c5-9c6a-2c4e0b926181?format=json&states=listing" "tx1880e893d0174269b6b74-0068dbefe3" "proxy-server 21" 0.0021 "-" 20 0
Sep 30 14:57:39 standalone proxy-server[126816]: - - 30/Sep/2025/14/57/39 HEAD /v1/AUTH_fcdbff09b75747e3a4750e67ea1fa81f/gnocchi.6c263f15-b6cf-46c5-9c6a-2c4e0b926181%3Fformat%3Djson%26states%3Dlisting HTTP/1.0 204 - Swift - - - - tx1880e893d0174269b6b74-0068dbefe3 - 0.0073 RL - 1759244259.978873968 1759244259.986194372 0
Sep 30 14:57:39 standalone container-server[124910]: 172.20.0.100 - - [30/Sep/2025:14:57:39 +0000] "GET /d1/406/AUTH_fcdbff09b75747e3a4750e67ea1fa81f/gnocchi.6c263f15-b6cf-46c5-9c6a-2c4e0b926181" 200 2 "GET http://localhost:8080/v1/AUTH_fcdbff09b75747e3a4750e67ea1fa81f/gnocchi.6c263f15-b6cf-46c5-9c6a-2c4e0b926181?format=json&states=listing" "tx1880e893d0174269b6b74-0068dbefe3" "proxy-server 21" 0.0018 "-" 23 0
Sep 30 14:57:39 standalone proxy-server[126816]: 172.18.0.2 ::1 30/Sep/2025/14/57/39 GET /v1/AUTH_fcdbff09b75747e3a4750e67ea1fa81f/gnocchi.6c263f15-b6cf-46c5-9c6a-2c4e0b926181%3Fformat%3Djson%26states%3Dlisting HTTP/1.0 200 - python-swiftclient-3.11.1 gAAAAABo2--l7bng... - 2 - tx1880e893d0174269b6b74-0068dbefe3 - 0.0190 - - 1759244259.977107048 1759244259.996060848 0
Sep 30 14:57:40 standalone object-server[124980]: 172.20.0.100 - - [30/Sep/2025:14:57:40 +0000] "GET /d1/934/AUTH_fcdbff09b75747e3a4750e67ea1fa81f/gnocchi.6c263f15-b6cf-46c5-9c6a-2c4e0b926181/1758240000.0_mean_300.0_v3" 404 70 "GET http://localhost:8080/v1/AUTH_fcdbff09b75747e3a4750e67ea1fa81f/gnocchi.6c263f15-b6cf-46c5-9c6a-2c4e0b926181/1758240000.0_mean_300.0_v3" "tx045b1623ce074d1281c98-0068dbefe4" "proxy-server 21" 0.0004 "-" 22 0
Sep 30 14:57:40 standalone proxy-server[126816]: 172.18.0.2 ::1 30/Sep/2025/14/57/40 GET /v1/AUTH_fcdbff09b75747e3a4750e67ea1fa81f/gnocchi.6c263f15-b6cf-46c5-9c6a-2c4e0b926181/1758240000.0_mean_300.0_v3 HTTP/1.0 404 - python-swiftclient-3.11.1 gAAAAABo2--l7bng... - 70 - tx045b1623ce074d1281c98-0068dbefe4 - 0.0062 - - 1759244260.001495123 1759244260.007741213 0
Sep 30 14:57:40 standalone container-server[124886]: 172.20.0.100 - - [30/Sep/2025:14:57:40 +0000] "PUT /d1/406/AUTH_fcdbff09b75747e3a4750e67ea1fa81f/gnocchi.6c263f15-b6cf-46c5-9c6a-2c4e0b926181/1758240000.0_mean_300.0_v3" 201 - "PUT http://localhost:8080/d1/934/AUTH_fcdbff09b75747e3a4750e67ea1fa81f/gnocchi.6c263f15-b6cf-46c5-9c6a-2c4e0b926181/1758240000.0_mean_300.0_v3" "tx741bddeb6faf4291aaa84-0068dbefe4" "object-server 20" 0.0007 "-" 20 0
Sep 30 14:57:40 standalone object-server[124964]: 172.20.0.100 - - [30/Sep/2025:14:57:40 +0000] "PUT /d1/934/AUTH_fcdbff09b75747e3a4750e67ea1fa81f/gnocchi.6c263f15-b6cf-46c5-9c6a-2c4e0b926181/1758240000.0_mean_300.0_v3" 201 - "PUT http://localhost:8080/v1/AUTH_fcdbff09b75747e3a4750e67ea1fa81f/gnocchi.6c263f15-b6cf-46c5-9c6a-2c4e0b926181/1758240000.0_mean_300.0_v3" "tx741bddeb6faf4291aaa84-0068dbefe4" "proxy-server 21" 0.0106 "-" 20 0
Sep 30 14:57:40 standalone proxy-server[126816]: 172.18.0.2 ::1 30/Sep/2025/14/57/40 PUT /v1/AUTH_fcdbff09b75747e3a4750e67ea1fa81f/gnocchi.6c263f15-b6cf-46c5-9c6a-2c4e0b926181/1758240000.0_mean_300.0_v3 HTTP/1.0 201 - python-swiftclient-3.11.1 gAAAAABo2--l7bng... 16 - - tx741bddeb6faf4291aaa84-0068dbefe4 - 0.0174 - - 1759244260.015622139 1759244260.032998562 0
Sep 30 14:57:40 standalone container-server[124906]: 172.20.0.100 - - [30/Sep/2025:14:57:40 +0000] "PUT /d1/406/AUTH_fcdbff09b75747e3a4750e67ea1fa81f/gnocchi.6c263f15-b6cf-46c5-9c6a-2c4e0b926181/none_v3" 201 - "PUT http://localhost:8080/d1/219/AUTH_fcdbff09b75747e3a4750e67ea1fa81f/gnocchi.6c263f15-b6cf-46c5-9c6a-2c4e0b926181/none_v3" "tx0f12904469ad4e22a6234-0068dbefe4" "object-server 20" 0.0008 "-" 22 0
Sep 30 14:57:40 standalone object-server[124964]: 172.20.0.100 - - [30/Sep/2025:14:57:40 +0000] "PUT /d1/219/AUTH_fcdbff09b75747e3a4750e67ea1fa81f/gnocchi.6c263f15-b6cf-46c5-9c6a-2c4e0b926181/none_v3" 201 - "PUT http://localhost:8080/v1/AUTH_fcdbff09b75747e3a4750e67ea1fa81f/gnocchi.6c263f15-b6cf-46c5-9c6a-2c4e0b926181/none_v3" "tx0f12904469ad4e22a6234-0068dbefe4" "proxy-server 21" 0.0130 "-" 20 0
Sep 30 14:57:40 standalone proxy-server[126816]: 172.18.0.2 ::1 30/Sep/2025/14/57/40 PUT /v1/AUTH_fcdbff09b75747e3a4750e67ea1fa81f/gnocchi.6c263f15-b6cf-46c5-9c6a-2c4e0b926181/none_v3 HTTP/1.0 201 - python-swiftclient-3.11.1 gAAAAABo2--l7bng... 22 - - tx0f12904469ad4e22a6234-0068dbefe4 - 0.0186 - - 1759244260.036885023 1759244260.055446863 0
Sep 30 14:57:40 standalone container-server[124886]: 172.20.0.100 - - [30/Sep/2025:14:57:40 +0000] "HEAD /d1/509/AUTH_fcdbff09b75747e3a4750e67ea1fa81f/gnocchi.8c84b044-509c-4c94-9176-28690434986c" 404 - "HEAD http://localhost:8080/v1/AUTH_fcdbff09b75747e3a4750e67ea1fa81f/gnocchi.8c84b044-509c-4c94-9176-28690434986c?format=json&states=listing" "tx7a83214b94fd45f19c3fe-0068dbefe4" "proxy-server 21" 0.0004 "-" 20 0
Sep 30 14:57:40 standalone object-server[124964]: 172.20.0.100 - - [30/Sep/2025:14:57:40 +0000] "GET /d1/299/AUTH_fcdbff09b75747e3a4750e67ea1fa81f/gnocchi.8c84b044-509c-4c94-9176-28690434986c/none_v3" 404 70 "GET http://localhost:8080/v1/AUTH_fcdbff09b75747e3a4750e67ea1fa81f/gnocchi.8c84b044-509c-4c94-9176-28690434986c/none_v3" "tx7a83214b94fd45f19c3fe-0068dbefe4" "proxy-server 21" 0.0004 "-" 20 0
Sep 30 14:57:40 standalone proxy-server[126816]: 172.18.0.2 ::1 30/Sep/2025/14/57/40 GET /v1/AUTH_fcdbff09b75747e3a4750e67ea1fa81f/gnocchi.8c84b044-509c-4c94-9176-28690434986c/none_v3 HTTP/1.0 404 - python-swiftclient-3.11.1 gAAAAABo2--l7bng... - 70 - tx7a83214b94fd45f19c3fe-0068dbefe4 - 0.0109 - - 1759244260.068972111 1759244260.079885483 0
Sep 30 14:57:40 standalone account-server[124761]: 172.20.0.100 - - [30/Sep/2025:14:57:40 +0000] "PUT /d1/704/AUTH_fcdbff09b75747e3a4750e67ea1fa81f/gnocchi.8c84b044-509c-4c94-9176-28690434986c" 201 - "PUT http://172.20.0.100:6001/d1/509/AUTH_fcdbff09b75747e3a4750e67ea1fa81f/gnocchi.8c84b044-509c-4c94-9176-28690434986c" "txea8aacbaea4c4dbb9bb03-0068dbefe4" "container-server 23" 0.0038 "-" 23 0
Sep 30 14:57:40 standalone container-server[124910]: 172.20.0.100 - - [30/Sep/2025:14:57:40 +0000] "PUT /d1/509/AUTH_fcdbff09b75747e3a4750e67ea1fa81f/gnocchi.8c84b044-509c-4c94-9176-28690434986c" 201 - "PUT http://localhost:8080/v1/AUTH_fcdbff09b75747e3a4750e67ea1fa81f/gnocchi.8c84b044-509c-4c94-9176-28690434986c" "txea8aacbaea4c4dbb9bb03-0068dbefe4" "proxy-server 21" 0.0169 "-" 23 0
Sep 30 14:57:40 standalone proxy-server[126816]: 172.18.0.2 ::1 30/Sep/2025/14/57/40 PUT /v1/AUTH_fcdbff09b75747e3a4750e67ea1fa81f/gnocchi.8c84b044-509c-4c94-9176-28690434986c HTTP/1.0 201 - python-swiftclient-3.11.1 gAAAAABo2--l7bng... - - - txea8aacbaea4c4dbb9bb03-0068dbefe4 - 0.0228 - - 1759244260.089451313 1759244260.112279415 0
Sep 30 14:57:40 standalone container-server[124886]: 172.20.0.100 - - [30/Sep/2025:14:57:40 +0000] "HEAD /d1/509/AUTH_fcdbff09b75747e3a4750e67ea1fa81f/gnocchi.8c84b044-509c-4c94-9176-28690434986c" 204 - "HEAD http://localhost:8080/v1/AUTH_fcdbff09b75747e3a4750e67ea1fa81f/gnocchi.8c84b044-509c-4c94-9176-28690434986c?format=json&states=listing" "tx3bc116c356c44cb6a088d-0068dbefe4" "proxy-server 21" 0.0016 "-" 20 0
Sep 30 14:57:40 standalone proxy-server[126816]: - - 30/Sep/2025/14/57/40 HEAD /v1/AUTH_fcdbff09b75747e3a4750e67ea1fa81f/gnocchi.8c84b044-509c-4c94-9176-28690434986c%3Fformat%3Djson%26states%3Dlisting HTTP/1.0 204 - Swift - - - - tx3bc116c356c44cb6a088d-0068dbefe4 - 0.0056 RL - 1759244260.119385004 1759244260.124953270 0
Sep 30 14:57:40 standalone container-server[124910]: 172.20.0.100 - - [30/Sep/2025:14:57:40 +0000] "GET /d1/509/AUTH_fcdbff09b75747e3a4750e67ea1fa81f/gnocchi.8c84b044-509c-4c94-9176-28690434986c" 200 2 "GET http://localhost:8080/v1/AUTH_fcdbff09b75747e3a4750e67ea1fa81f/gnocchi.8c84b044-509c-4c94-9176-28690434986c?format=json&states=listing" "tx3bc116c356c44cb6a088d-0068dbefe4" "proxy-server 21" 0.0035 "-" 23 0
Sep 30 14:57:40 standalone proxy-server[126816]: 172.18.0.2 ::1 30/Sep/2025/14/57/40 GET /v1/AUTH_fcdbff09b75747e3a4750e67ea1fa81f/gnocchi.8c84b044-509c-4c94-9176-28690434986c%3Fformat%3Djson%26states%3Dlisting HTTP/1.0 200 - python-swiftclient-3.11.1 gAAAAABo2--l7bng... - 2 - tx3bc116c356c44cb6a088d-0068dbefe4 - 0.0170 - - 1759244260.118254900 1759244260.135234356 0
Sep 30 14:57:40 standalone object-server[124989]: 172.20.0.100 - - [30/Sep/2025:14:57:40 +0000] "GET /d1/845/AUTH_fcdbff09b75747e3a4750e67ea1fa81f/gnocchi.8c84b044-509c-4c94-9176-28690434986c/1758240000.0_mean_300.0_v3" 404 70 "GET http://localhost:8080/v1/AUTH_fcdbff09b75747e3a4750e67ea1fa81f/gnocchi.8c84b044-509c-4c94-9176-28690434986c/1758240000.0_mean_300.0_v3" "tx177a63aa3a4a4bc591879-0068dbefe4" "proxy-server 21" 0.0003 "-" 23 0
Sep 30 14:57:40 standalone proxy-server[126816]: 172.18.0.2 ::1 30/Sep/2025/14/57/40 GET /v1/AUTH_fcdbff09b75747e3a4750e67ea1fa81f/gnocchi.8c84b044-509c-4c94-9176-28690434986c/1758240000.0_mean_300.0_v3 HTTP/1.0 404 - python-swiftclient-3.11.1 gAAAAABo2--l7bng... - 70 - tx177a63aa3a4a4bc591879-0068dbefe4 - 0.0047 - - 1759244260.140418530 1759244260.145096302 0
Sep 30 14:57:40 standalone container-server[124906]: 172.20.0.100 - - [30/Sep/2025:14:57:40 +0000] "PUT /d1/509/AUTH_fcdbff09b75747e3a4750e67ea1fa81f/gnocchi.8c84b044-509c-4c94-9176-28690434986c/1758240000.0_mean_300.0_v3" 201 - "PUT http://localhost:8080/d1/845/AUTH_fcdbff09b75747e3a4750e67ea1fa81f/gnocchi.8c84b044-509c-4c94-9176-28690434986c/1758240000.0_mean_300.0_v3" "tx9c459598c13a4fb08ef13-0068dbefe4" "object-server 20" 0.0005 "-" 22 0
Sep 30 14:57:40 standalone object-server[124964]: 172.20.0.100 - - [30/Sep/2025:14:57:40 +0000] "PUT /d1/845/AUTH_fcdbff09b75747e3a4750e67ea1fa81f/gnocchi.8c84b044-509c-4c94-9176-28690434986c/1758240000.0_mean_300.0_v3" 201 - "PUT http://localhost:8080/v1/AUTH_fcdbff09b75747e3a4750e67ea1fa81f/gnocchi.8c84b044-509c-4c94-9176-28690434986c/1758240000.0_mean_300.0_v3" "tx9c459598c13a4fb08ef13-0068dbefe4" "proxy-server 21" 0.0097 "-" 20 0
Sep 30 14:57:40 standalone proxy-server[126816]: 172.18.0.2 ::1 30/Sep/2025/14/57/40 PUT /v1/AUTH_fcdbff09b75747e3a4750e67ea1fa81f/gnocchi.8c84b044-509c-4c94-9176-28690434986c/1758240000.0_mean_300.0_v3 HTTP/1.0 201 - python-swiftclient-3.11.1 gAAAAABo2--l7bng... 16 - - tx9c459598c13a4fb08ef13-0068dbefe4 - 0.0148 - - 1759244260.149362803 1759244260.164197683 0
Sep 30 14:57:40 standalone container-server[124886]: 172.20.0.100 - - [30/Sep/2025:14:57:40 +0000] "PUT /d1/509/AUTH_fcdbff09b75747e3a4750e67ea1fa81f/gnocchi.8c84b044-509c-4c94-9176-28690434986c/none_v3" 201 - "PUT http://localhost:8080/d1/299/AUTH_fcdbff09b75747e3a4750e67ea1fa81f/gnocchi.8c84b044-509c-4c94-9176-28690434986c/none_v3" "txeeddc21fc3c64f1e9892d-0068dbefe4" "object-server 22" 0.0004 "-" 20 0
Sep 30 14:57:40 standalone object-server[124980]: 172.20.0.100 - - [30/Sep/2025:14:57:40 +0000] "PUT /d1/299/AUTH_fcdbff09b75747e3a4750e67ea1fa81f/gnocchi.8c84b044-509c-4c94-9176-28690434986c/none_v3" 201 - "PUT http://localhost:8080/v1/AUTH_fcdbff09b75747e3a4750e67ea1fa81f/gnocchi.8c84b044-509c-4c94-9176-28690434986c/none_v3" "txeeddc21fc3c64f1e9892d-0068dbefe4" "proxy-server 21" 0.0151 "-" 22 0
Sep 30 14:57:40 standalone proxy-server[126816]: 172.18.0.2 ::1 30/Sep/2025/14/57/40 PUT /v1/AUTH_fcdbff09b75747e3a4750e67ea1fa81f/gnocchi.8c84b044-509c-4c94-9176-28690434986c/none_v3 HTTP/1.0 201 - python-swiftclient-3.11.1 gAAAAABo2--l7bng... 22 - - txeeddc21fc3c64f1e9892d-0068dbefe4 - 0.0440 - - 1759244260.168357372 1759244260.212393045 0
Sep 30 14:57:44 standalone container-server[124910]: 172.20.0.100 - - [30/Sep/2025:14:57:44 +0000] "HEAD /d1/354/AUTH_fcdbff09b75747e3a4750e67ea1fa81f/gnocchi.2a8d80f7-e54d-4cdc-8516-81c62571b090" 404 - "HEAD http://localhost:8080/v1/AUTH_fcdbff09b75747e3a4750e67ea1fa81f/gnocchi.2a8d80f7-e54d-4cdc-8516-81c62571b090?format=json&states=listing" "tx824699c8fe3642b2a40c7-0068dbefe8" "proxy-server 21" 0.0006 "-" 23 0
Sep 30 14:57:44 standalone object-server[124980]: 172.20.0.100 - - [30/Sep/2025:14:57:44 +0000] "GET /d1/569/AUTH_fcdbff09b75747e3a4750e67ea1fa81f/gnocchi.2a8d80f7-e54d-4cdc-8516-81c62571b090/none_v3" 404 70 "GET http://localhost:8080/v1/AUTH_fcdbff09b75747e3a4750e67ea1fa81f/gnocchi.2a8d80f7-e54d-4cdc-8516-81c62571b090/none_v3" "tx824699c8fe3642b2a40c7-0068dbefe8" "proxy-server 21" 0.0007 "-" 22 0
Sep 30 14:57:44 standalone proxy-server[126816]: 172.18.0.2 ::1 30/Sep/2025/14/57/44 GET /v1/AUTH_fcdbff09b75747e3a4750e67ea1fa81f/gnocchi.2a8d80f7-e54d-4cdc-8516-81c62571b090/none_v3 HTTP/1.0 404 - python-swiftclient-3.11.1 gAAAAABo2--l7bng... - 70 - tx824699c8fe3642b2a40c7-0068dbefe8 - 0.0228 - - 1759244264.972909927 1759244264.995720387 0
Sep 30 14:57:45 standalone account-server[124753]: 172.20.0.100 - - [30/Sep/2025:14:57:45 +0000] "PUT /d1/704/AUTH_fcdbff09b75747e3a4750e67ea1fa81f/gnocchi.2a8d80f7-e54d-4cdc-8516-81c62571b090" 201 - "PUT http://172.20.0.100:6001/d1/354/AUTH_fcdbff09b75747e3a4750e67ea1fa81f/gnocchi.2a8d80f7-e54d-4cdc-8516-81c62571b090" "txee388504b3b741a8930b1-0068dbefe9" "container-server 20" 0.0053 "-" 22 0
Sep 30 14:57:45 standalone container-server[124886]: 172.20.0.100 - - [30/Sep/2025:14:57:45 +0000] "PUT /d1/354/AUTH_fcdbff09b75747e3a4750e67ea1fa81f/gnocchi.2a8d80f7-e54d-4cdc-8516-81c62571b090" 201 - "PUT http://localhost:8080/v1/AUTH_fcdbff09b75747e3a4750e67ea1fa81f/gnocchi.2a8d80f7-e54d-4cdc-8516-81c62571b090" "txee388504b3b741a8930b1-0068dbefe9" "proxy-server 21" 0.0152 "-" 20 0
Sep 30 14:57:45 standalone proxy-server[126816]: 172.18.0.2 ::1 30/Sep/2025/14/57/45 PUT /v1/AUTH_fcdbff09b75747e3a4750e67ea1fa81f/gnocchi.2a8d80f7-e54d-4cdc-8516-81c62571b090 HTTP/1.0 201 - python-swiftclient-3.11.1 gAAAAABo2--l7bng... - - - txee388504b3b741a8930b1-0068dbefe9 - 0.0211 - - 1759244265.002134323 1759244265.023200512 0
Sep 30 14:57:45 standalone container-server[124910]: 172.20.0.100 - - [30/Sep/2025:14:57:45 +0000] "HEAD /d1/354/AUTH_fcdbff09b75747e3a4750e67ea1fa81f/gnocchi.2a8d80f7-e54d-4cdc-8516-81c62571b090" 204 - "HEAD http://localhost:8080/v1/AUTH_fcdbff09b75747e3a4750e67ea1fa81f/gnocchi.2a8d80f7-e54d-4cdc-8516-81c62571b090?format=json&states=listing" "tx0180447e18724d30af4eb-0068dbefe9" "proxy-server 21" 0.0012 "-" 23 0
Sep 30 14:57:45 standalone proxy-server[126816]: - - 30/Sep/2025/14/57/45 HEAD /v1/AUTH_fcdbff09b75747e3a4750e67ea1fa81f/gnocchi.2a8d80f7-e54d-4cdc-8516-81c62571b090%3Fformat%3Djson%26states%3Dlisting HTTP/1.0 204 - Swift - - - - tx0180447e18724d30af4eb-0068dbefe9 - 0.0043 RL - 1759244265.028439045 1759244265.032697678 0
Sep 30 14:57:45 standalone container-server[124906]: 172.20.0.100 - - [30/Sep/2025:14:57:45 +0000] "GET /d1/354/AUTH_fcdbff09b75747e3a4750e67ea1fa81f/gnocchi.2a8d80f7-e54d-4cdc-8516-81c62571b090" 200 2 "GET http://localhost:8080/v1/AUTH_fcdbff09b75747e3a4750e67ea1fa81f/gnocchi.2a8d80f7-e54d-4cdc-8516-81c62571b090?format=json&states=listing" "tx0180447e18724d30af4eb-0068dbefe9" "proxy-server 21" 0.0023 "-" 22 0
Sep 30 14:57:45 standalone proxy-server[126816]: 172.18.0.2 ::1 30/Sep/2025/14/57/45 GET /v1/AUTH_fcdbff09b75747e3a4750e67ea1fa81f/gnocchi.2a8d80f7-e54d-4cdc-8516-81c62571b090%3Fformat%3Djson%26states%3Dlisting HTTP/1.0 200 - python-swiftclient-3.11.1 gAAAAABo2--l7bng... - 2 - tx0180447e18724d30af4eb-0068dbefe9 - 0.0160 - - 1759244265.027298450 1759244265.043285847 0
Sep 30 14:57:45 standalone object-server[124980]: 172.20.0.100 - - [30/Sep/2025:14:57:45 +0000] "GET /d1/695/AUTH_fcdbff09b75747e3a4750e67ea1fa81f/gnocchi.2a8d80f7-e54d-4cdc-8516-81c62571b090/1758240000.0_mean_300.0_v3" 404 70 "GET http://localhost:8080/v1/AUTH_fcdbff09b75747e3a4750e67ea1fa81f/gnocchi.2a8d80f7-e54d-4cdc-8516-81c62571b090/1758240000.0_mean_300.0_v3" "tx670316c0371c428fb8d9c-0068dbefe9" "proxy-server 21" 0.0004 "-" 22 0
Sep 30 14:57:45 standalone proxy-server[126816]: 172.18.0.2 ::1 30/Sep/2025/14/57/45 GET /v1/AUTH_fcdbff09b75747e3a4750e67ea1fa81f/gnocchi.2a8d80f7-e54d-4cdc-8516-81c62571b090/1758240000.0_mean_300.0_v3 HTTP/1.0 404 - python-swiftclient-3.11.1 gAAAAABo2--l7bng... - 70 - tx670316c0371c428fb8d9c-0068dbefe9 - 0.0062 - - 1759244265.050526142 1759244265.056761742 0
Sep 30 14:57:45 standalone container-server[124906]: 172.20.0.100 - - [30/Sep/2025:14:57:45 +0000] "PUT /d1/354/AUTH_fcdbff09b75747e3a4750e67ea1fa81f/gnocchi.2a8d80f7-e54d-4cdc-8516-81c62571b090/1758240000.0_mean_300.0_v3" 201 - "PUT http://localhost:8080/d1/695/AUTH_fcdbff09b75747e3a4750e67ea1fa81f/gnocchi.2a8d80f7-e54d-4cdc-8516-81c62571b090/1758240000.0_mean_300.0_v3" "tx9945d015d72e4b139a033-0068dbefe9" "object-server 22" 0.0008 "-" 22 0
Sep 30 14:57:45 standalone object-server[124980]: 172.20.0.100 - - [30/Sep/2025:14:57:45 +0000] "PUT /d1/695/AUTH_fcdbff09b75747e3a4750e67ea1fa81f/gnocchi.2a8d80f7-e54d-4cdc-8516-81c62571b090/1758240000.0_mean_300.0_v3" 201 - "PUT http://localhost:8080/v1/AUTH_fcdbff09b75747e3a4750e67ea1fa81f/gnocchi.2a8d80f7-e54d-4cdc-8516-81c62571b090/1758240000.0_mean_300.0_v3" "tx9945d015d72e4b139a033-0068dbefe9" "proxy-server 21" 0.0120 "-" 22 0
Sep 30 14:57:45 standalone proxy-server[126816]: 172.18.0.2 ::1 30/Sep/2025/14/57/45 PUT /v1/AUTH_fcdbff09b75747e3a4750e67ea1fa81f/gnocchi.2a8d80f7-e54d-4cdc-8516-81c62571b090/1758240000.0_mean_300.0_v3 HTTP/1.0 201 - python-swiftclient-3.11.1 gAAAAABo2--l7bng... 16 - - tx9945d015d72e4b139a033-0068dbefe9 - 0.0184 - - 1759244265.061761379 1759244265.080161095 0
Sep 30 14:57:45 standalone container-server[124898]: 172.20.0.100 - - [30/Sep/2025:14:57:45 +0000] "PUT /d1/354/AUTH_fcdbff09b75747e3a4750e67ea1fa81f/gnocchi.2a8d80f7-e54d-4cdc-8516-81c62571b090/none_v3" 201 - "PUT http://localhost:8080/d1/569/AUTH_fcdbff09b75747e3a4750e67ea1fa81f/gnocchi.2a8d80f7-e54d-4cdc-8516-81c62571b090/none_v3" "txda1b69e1965a40e384092-0068dbefe9" "object-server 21" 0.0005 "-" 21 0
Sep 30 14:57:45 standalone object-server[124974]: 172.20.0.100 - - [30/Sep/2025:14:57:45 +0000] "PUT /d1/569/AUTH_fcdbff09b75747e3a4750e67ea1fa81f/gnocchi.2a8d80f7-e54d-4cdc-8516-81c62571b090/none_v3" 201 - "PUT http://localhost:8080/v1/AUTH_fcdbff09b75747e3a4750e67ea1fa81f/gnocchi.2a8d80f7-e54d-4cdc-8516-81c62571b090/none_v3" "txda1b69e1965a40e384092-0068dbefe9" "proxy-server 21" 0.0103 "-" 21 0
Sep 30 14:57:45 standalone proxy-server[126816]: 172.18.0.2 ::1 30/Sep/2025/14/57/45 PUT /v1/AUTH_fcdbff09b75747e3a4750e67ea1fa81f/gnocchi.2a8d80f7-e54d-4cdc-8516-81c62571b090/none_v3 HTTP/1.0 201 - python-swiftclient-3.11.1 gAAAAABo2--l7bng... 22 - - txda1b69e1965a40e384092-0068dbefe9 - 0.0175 - - 1759244265.085112095 1759244265.102614880 0
Sep 30 14:57:45 standalone container-server[124910]: 172.20.0.100 - - [30/Sep/2025:14:57:45 +0000] "HEAD /d1/798/AUTH_fcdbff09b75747e3a4750e67ea1fa81f/gnocchi.46e5421c-6089-434d-84a2-fd394683b68a" 404 - "HEAD http://localhost:8080/v1/AUTH_fcdbff09b75747e3a4750e67ea1fa81f/gnocchi.46e5421c-6089-434d-84a2-fd394683b68a?format=json&states=listing" "txd151fa237e934d969beef-0068dbefe9" "proxy-server 21" 0.0005 "-" 23 0
Sep 30 14:57:45 standalone object-server[124964]: 172.20.0.100 - - [30/Sep/2025:14:57:45 +0000] "GET /d1/170/AUTH_fcdbff09b75747e3a4750e67ea1fa81f/gnocchi.46e5421c-6089-434d-84a2-fd394683b68a/none_v3" 404 70 "GET http://localhost:8080/v1/AUTH_fcdbff09b75747e3a4750e67ea1fa81f/gnocchi.46e5421c-6089-434d-84a2-fd394683b68a/none_v3" "txd151fa237e934d969beef-0068dbefe9" "proxy-server 21" 0.0004 "-" 20 0
Sep 30 14:57:45 standalone proxy-server[126816]: 172.18.0.2 ::1 30/Sep/2025/14/57/45 GET /v1/AUTH_fcdbff09b75747e3a4750e67ea1fa81f/gnocchi.46e5421c-6089-434d-84a2-fd394683b68a/none_v3 HTTP/1.0 404 - python-swiftclient-3.11.1 gAAAAABo2--l7bng... - 70 - txd151fa237e934d969beef-0068dbefe9 - 0.0088 - - 1759244265.114486933 1759244265.123286486 0
Sep 30 14:57:45 standalone account-server[124761]: 172.20.0.100 - - [30/Sep/2025:14:57:45 +0000] "PUT /d1/704/AUTH_fcdbff09b75747e3a4750e67ea1fa81f/gnocchi.46e5421c-6089-434d-84a2-fd394683b68a" 201 - "PUT http://172.20.0.100:6001/d1/798/AUTH_fcdbff09b75747e3a4750e67ea1fa81f/gnocchi.46e5421c-6089-434d-84a2-fd394683b68a" "txe871cf79bac8432b96a31-0068dbefe9" "container-server 20" 0.0064 "-" 23 0
Sep 30 14:57:45 standalone container-server[124886]: 172.20.0.100 - - [30/Sep/2025:14:57:45 +0000] "PUT /d1/798/AUTH_fcdbff09b75747e3a4750e67ea1fa81f/gnocchi.46e5421c-6089-434d-84a2-fd394683b68a" 201 - "PUT http://localhost:8080/v1/AUTH_fcdbff09b75747e3a4750e67ea1fa81f/gnocchi.46e5421c-6089-434d-84a2-fd394683b68a" "txe871cf79bac8432b96a31-0068dbefe9" "proxy-server 21" 0.0185 "-" 20 0
