Sep 30 14:57:45 standalone proxy-server[126816]: 172.18.0.2 ::1 30/Sep/2025/14/57/45 PUT /v1/AUTH_fcdbff09b75747e3a4750e67ea1fa81f/gnocchi.46e5421c-6089-434d-84a2-fd394683b68a HTTP/1.0 201 - python-swiftclient-3.11.1 gAAAAABo2--l7bng... - - - txe871cf79bac8432b96a31-0068dbefe9 - 0.0243 - - 1759244265.126525164 1759244265.150828600 0
Sep 30 14:57:45 standalone container-server[124906]: 172.20.0.100 - - [30/Sep/2025:14:57:45 +0000] "HEAD /d1/798/AUTH_fcdbff09b75747e3a4750e67ea1fa81f/gnocchi.46e5421c-6089-434d-84a2-fd394683b68a" 204 - "HEAD http://localhost:8080/v1/AUTH_fcdbff09b75747e3a4750e67ea1fa81f/gnocchi.46e5421c-6089-434d-84a2-fd394683b68a?format=json&states=listing" "txb2d384e195344699a473e-0068dbefe9" "proxy-server 21" 0.0029 "-" 22 0
Sep 30 14:57:45 standalone proxy-server[126816]: - - 30/Sep/2025/14/57/45 HEAD /v1/AUTH_fcdbff09b75747e3a4750e67ea1fa81f/gnocchi.46e5421c-6089-434d-84a2-fd394683b68a%3Fformat%3Djson%26states%3Dlisting HTTP/1.0 204 - Swift - - - - txb2d384e195344699a473e-0068dbefe9 - 0.0067 RL - 1759244265.155403614 1759244265.162070274 0
Sep 30 14:57:45 standalone container-server[124906]: 172.20.0.100 - - [30/Sep/2025:14:57:45 +0000] "GET /d1/798/AUTH_fcdbff09b75747e3a4750e67ea1fa81f/gnocchi.46e5421c-6089-434d-84a2-fd394683b68a" 200 2 "GET http://localhost:8080/v1/AUTH_fcdbff09b75747e3a4750e67ea1fa81f/gnocchi.46e5421c-6089-434d-84a2-fd394683b68a?format=json&states=listing" "txb2d384e195344699a473e-0068dbefe9" "proxy-server 21" 0.0026 "-" 22 0
Sep 30 14:57:45 standalone proxy-server[126816]: 172.18.0.2 ::1 30/Sep/2025/14/57/45 GET /v1/AUTH_fcdbff09b75747e3a4750e67ea1fa81f/gnocchi.46e5421c-6089-434d-84a2-fd394683b68a%3Fformat%3Djson%26states%3Dlisting HTTP/1.0 200 - python-swiftclient-3.11.1 gAAAAABo2--l7bng... - 2 - txb2d384e195344699a473e-0068dbefe9 - 0.0156 - - 1759244265.154473543 1759244265.170100927 0
Sep 30 14:57:45 standalone object-server[124964]: 172.20.0.100 - - [30/Sep/2025:14:57:45 +0000] "GET /d1/170/AUTH_fcdbff09b75747e3a4750e67ea1fa81f/gnocchi.46e5421c-6089-434d-84a2-fd394683b68a/1758240000.0_mean_300.0_v3" 404 70 "GET http://localhost:8080/v1/AUTH_fcdbff09b75747e3a4750e67ea1fa81f/gnocchi.46e5421c-6089-434d-84a2-fd394683b68a/1758240000.0_mean_300.0_v3" "txea8cdfdd3dae4c8aa2f69-0068dbefe9" "proxy-server 21" 0.0003 "-" 20 0
Sep 30 14:57:45 standalone proxy-server[126816]: 172.18.0.2 ::1 30/Sep/2025/14/57/45 GET /v1/AUTH_fcdbff09b75747e3a4750e67ea1fa81f/gnocchi.46e5421c-6089-434d-84a2-fd394683b68a/1758240000.0_mean_300.0_v3 HTTP/1.0 404 - python-swiftclient-3.11.1 gAAAAABo2--l7bng... - 70 - txea8cdfdd3dae4c8aa2f69-0068dbefe9 - 0.0073 - - 1759244265.175825357 1759244265.183162928 0
Sep 30 14:57:45 standalone container-server[124906]: 172.20.0.100 - - [30/Sep/2025:14:57:45 +0000] "PUT /d1/798/AUTH_fcdbff09b75747e3a4750e67ea1fa81f/gnocchi.46e5421c-6089-434d-84a2-fd394683b68a/1758240000.0_mean_300.0_v3" 201 - "PUT http://localhost:8080/d1/170/AUTH_fcdbff09b75747e3a4750e67ea1fa81f/gnocchi.46e5421c-6089-434d-84a2-fd394683b68a/1758240000.0_mean_300.0_v3" "tx0ea1bc26a3ee4ffdb736c-0068dbefe9" "object-server 21" 0.0006 "-" 22 0
Sep 30 14:57:45 standalone object-server[124974]: 172.20.0.100 - - [30/Sep/2025:14:57:45 +0000] "PUT /d1/170/AUTH_fcdbff09b75747e3a4750e67ea1fa81f/gnocchi.46e5421c-6089-434d-84a2-fd394683b68a/1758240000.0_mean_300.0_v3" 201 - "PUT http://localhost:8080/v1/AUTH_fcdbff09b75747e3a4750e67ea1fa81f/gnocchi.46e5421c-6089-434d-84a2-fd394683b68a/1758240000.0_mean_300.0_v3" "tx0ea1bc26a3ee4ffdb736c-0068dbefe9" "proxy-server 21" 0.0077 "-" 21 0
Sep 30 14:57:45 standalone proxy-server[126816]: 172.18.0.2 ::1 30/Sep/2025/14/57/45 PUT /v1/AUTH_fcdbff09b75747e3a4750e67ea1fa81f/gnocchi.46e5421c-6089-434d-84a2-fd394683b68a/1758240000.0_mean_300.0_v3 HTTP/1.0 201 - python-swiftclient-3.11.1 gAAAAABo2--l7bng... 16 - - tx0ea1bc26a3ee4ffdb736c-0068dbefe9 - 0.0135 - - 1759244265.187866926 1759244265.201383114 0
Sep 30 14:57:45 standalone container-server[124910]: 172.20.0.100 - - [30/Sep/2025:14:57:45 +0000] "PUT /d1/798/AUTH_fcdbff09b75747e3a4750e67ea1fa81f/gnocchi.46e5421c-6089-434d-84a2-fd394683b68a/none_v3" 201 - "PUT http://localhost:8080/d1/170/AUTH_fcdbff09b75747e3a4750e67ea1fa81f/gnocchi.46e5421c-6089-434d-84a2-fd394683b68a/none_v3" "tx606ee8e22e7e4798858e3-0068dbefe9" "object-server 23" 0.0006 "-" 23 0
Sep 30 14:57:45 standalone object-server[124989]: 172.20.0.100 - - [30/Sep/2025:14:57:45 +0000] "PUT /d1/170/AUTH_fcdbff09b75747e3a4750e67ea1fa81f/gnocchi.46e5421c-6089-434d-84a2-fd394683b68a/none_v3" 201 - "PUT http://localhost:8080/v1/AUTH_fcdbff09b75747e3a4750e67ea1fa81f/gnocchi.46e5421c-6089-434d-84a2-fd394683b68a/none_v3" "tx606ee8e22e7e4798858e3-0068dbefe9" "proxy-server 21" 0.0115 "-" 23 0
Sep 30 14:57:45 standalone proxy-server[126816]: 172.18.0.2 ::1 30/Sep/2025/14/57/45 PUT /v1/AUTH_fcdbff09b75747e3a4750e67ea1fa81f/gnocchi.46e5421c-6089-434d-84a2-fd394683b68a/none_v3 HTTP/1.0 201 - python-swiftclient-3.11.1 gAAAAABo2--l7bng... 22 - - tx606ee8e22e7e4798858e3-0068dbefe9 - 0.0210 - - 1759244265.204997540 1759244265.226013660 0
Sep 30 14:57:45 standalone container-server[124906]: 172.20.0.100 - - [30/Sep/2025:14:57:45 +0000] "HEAD /d1/162/AUTH_fcdbff09b75747e3a4750e67ea1fa81f/gnocchi.c5855a16-e5c9-472c-8b9c-294b97a3fa42" 404 - "HEAD http://localhost:8080/v1/AUTH_fcdbff09b75747e3a4750e67ea1fa81f/gnocchi.c5855a16-e5c9-472c-8b9c-294b97a3fa42?format=json&states=listing" "txf78a0e98be504d8ea9ebd-0068dbefe9" "proxy-server 21" 0.0005 "-" 22 0
Sep 30 14:57:45 standalone object-server[124989]: 172.20.0.100 - - [30/Sep/2025:14:57:45 +0000] "GET /d1/859/AUTH_fcdbff09b75747e3a4750e67ea1fa81f/gnocchi.c5855a16-e5c9-472c-8b9c-294b97a3fa42/none_v3" 404 70 "GET http://localhost:8080/v1/AUTH_fcdbff09b75747e3a4750e67ea1fa81f/gnocchi.c5855a16-e5c9-472c-8b9c-294b97a3fa42/none_v3" "txf78a0e98be504d8ea9ebd-0068dbefe9" "proxy-server 21" 0.0003 "-" 23 0
Sep 30 14:57:45 standalone proxy-server[126816]: 172.18.0.2 ::1 30/Sep/2025/14/57/45 GET /v1/AUTH_fcdbff09b75747e3a4750e67ea1fa81f/gnocchi.c5855a16-e5c9-472c-8b9c-294b97a3fa42/none_v3 HTTP/1.0 404 - python-swiftclient-3.11.1 gAAAAABo2--l7bng... - 70 - txf78a0e98be504d8ea9ebd-0068dbefe9 - 0.0093 - - 1759244265.236874819 1759244265.246188641 0
Sep 30 14:57:45 standalone account-server[124753]: 172.20.0.100 - - [30/Sep/2025:14:57:45 +0000] "PUT /d1/704/AUTH_fcdbff09b75747e3a4750e67ea1fa81f/gnocchi.c5855a16-e5c9-472c-8b9c-294b97a3fa42" 201 - "PUT http://172.20.0.100:6001/d1/162/AUTH_fcdbff09b75747e3a4750e67ea1fa81f/gnocchi.c5855a16-e5c9-472c-8b9c-294b97a3fa42" "txac2e20ac146d4bab82335-0068dbefe9" "container-server 23" 0.0057 "-" 22 0
Sep 30 14:57:45 standalone container-server[124910]: 172.20.0.100 - - [30/Sep/2025:14:57:45 +0000] "PUT /d1/162/AUTH_fcdbff09b75747e3a4750e67ea1fa81f/gnocchi.c5855a16-e5c9-472c-8b9c-294b97a3fa42" 201 - "PUT http://localhost:8080/v1/AUTH_fcdbff09b75747e3a4750e67ea1fa81f/gnocchi.c5855a16-e5c9-472c-8b9c-294b97a3fa42" "txac2e20ac146d4bab82335-0068dbefe9" "proxy-server 21" 0.0170 "-" 23 0
Sep 30 14:57:45 standalone proxy-server[126816]: 172.18.0.2 ::1 30/Sep/2025/14/57/45 PUT /v1/AUTH_fcdbff09b75747e3a4750e67ea1fa81f/gnocchi.c5855a16-e5c9-472c-8b9c-294b97a3fa42 HTTP/1.0 201 - python-swiftclient-3.11.1 gAAAAABo2--l7bng... - - - txac2e20ac146d4bab82335-0068dbefe9 - 0.0224 - - 1759244265.249741077 1759244265.272167683 0
Sep 30 14:57:45 standalone container-server[124898]: 172.20.0.100 - - [30/Sep/2025:14:57:45 +0000] "HEAD /d1/162/AUTH_fcdbff09b75747e3a4750e67ea1fa81f/gnocchi.c5855a16-e5c9-472c-8b9c-294b97a3fa42" 204 - "HEAD http://localhost:8080/v1/AUTH_fcdbff09b75747e3a4750e67ea1fa81f/gnocchi.c5855a16-e5c9-472c-8b9c-294b97a3fa42?format=json&states=listing" "tx4c09009c6bc64ac6a708f-0068dbefe9" "proxy-server 21" 0.0019 "-" 21 0
Sep 30 14:57:45 standalone proxy-server[126816]: - - 30/Sep/2025/14/57/45 HEAD /v1/AUTH_fcdbff09b75747e3a4750e67ea1fa81f/gnocchi.c5855a16-e5c9-472c-8b9c-294b97a3fa42%3Fformat%3Djson%26states%3Dlisting HTTP/1.0 204 - Swift - - - - tx4c09009c6bc64ac6a708f-0068dbefe9 - 0.0060 RL - 1759244265.327360630 1759244265.333401918 0
Sep 30 14:57:45 standalone container-server[124906]: 172.20.0.100 - - [30/Sep/2025:14:57:45 +0000] "GET /d1/162/AUTH_fcdbff09b75747e3a4750e67ea1fa81f/gnocchi.c5855a16-e5c9-472c-8b9c-294b97a3fa42" 200 2 "GET http://localhost:8080/v1/AUTH_fcdbff09b75747e3a4750e67ea1fa81f/gnocchi.c5855a16-e5c9-472c-8b9c-294b97a3fa42?format=json&states=listing" "tx4c09009c6bc64ac6a708f-0068dbefe9" "proxy-server 21" 0.0020 "-" 22 0
Sep 30 14:57:45 standalone proxy-server[126816]: 172.18.0.2 ::1 30/Sep/2025/14/57/45 GET /v1/AUTH_fcdbff09b75747e3a4750e67ea1fa81f/gnocchi.c5855a16-e5c9-472c-8b9c-294b97a3fa42%3Fformat%3Djson%26states%3Dlisting HTTP/1.0 200 - python-swiftclient-3.11.1 gAAAAABo2--l7bng... - 2 - tx4c09009c6bc64ac6a708f-0068dbefe9 - 0.0166 - - 1759244265.325701475 1759244265.342318535 0
Sep 30 14:57:45 standalone object-server[124980]: 172.20.0.100 - - [30/Sep/2025:14:57:45 +0000] "GET /d1/654/AUTH_fcdbff09b75747e3a4750e67ea1fa81f/gnocchi.c5855a16-e5c9-472c-8b9c-294b97a3fa42/1758240000.0_mean_300.0_v3" 404 70 "GET http://localhost:8080/v1/AUTH_fcdbff09b75747e3a4750e67ea1fa81f/gnocchi.c5855a16-e5c9-472c-8b9c-294b97a3fa42/1758240000.0_mean_300.0_v3" "tx49530aaabed04fce88bcb-0068dbefe9" "proxy-server 21" 0.0003 "-" 22 0
Sep 30 14:57:45 standalone proxy-server[126816]: 172.18.0.2 ::1 30/Sep/2025/14/57/45 GET /v1/AUTH_fcdbff09b75747e3a4750e67ea1fa81f/gnocchi.c5855a16-e5c9-472c-8b9c-294b97a3fa42/1758240000.0_mean_300.0_v3 HTTP/1.0 404 - python-swiftclient-3.11.1 gAAAAABo2--l7bng... - 70 - tx49530aaabed04fce88bcb-0068dbefe9 - 0.0057 - - 1759244265.346526384 1759244265.352275133 0
Sep 30 14:57:45 standalone container-server[124886]: 172.20.0.100 - - [30/Sep/2025:14:57:45 +0000] "PUT /d1/162/AUTH_fcdbff09b75747e3a4750e67ea1fa81f/gnocchi.c5855a16-e5c9-472c-8b9c-294b97a3fa42/1758240000.0_mean_300.0_v3" 201 - "PUT http://localhost:8080/d1/654/AUTH_fcdbff09b75747e3a4750e67ea1fa81f/gnocchi.c5855a16-e5c9-472c-8b9c-294b97a3fa42/1758240000.0_mean_300.0_v3" "tx15415a20b8c24606961fb-0068dbefe9" "object-server 22" 0.0007 "-" 20 0
Sep 30 14:57:45 standalone object-server[124980]: 172.20.0.100 - - [30/Sep/2025:14:57:45 +0000] "PUT /d1/654/AUTH_fcdbff09b75747e3a4750e67ea1fa81f/gnocchi.c5855a16-e5c9-472c-8b9c-294b97a3fa42/1758240000.0_mean_300.0_v3" 201 - "PUT http://localhost:8080/v1/AUTH_fcdbff09b75747e3a4750e67ea1fa81f/gnocchi.c5855a16-e5c9-472c-8b9c-294b97a3fa42/1758240000.0_mean_300.0_v3" "tx15415a20b8c24606961fb-0068dbefe9" "proxy-server 21" 0.0083 "-" 22 0
Sep 30 14:57:45 standalone proxy-server[126816]: 172.18.0.2 ::1 30/Sep/2025/14/57/45 PUT /v1/AUTH_fcdbff09b75747e3a4750e67ea1fa81f/gnocchi.c5855a16-e5c9-472c-8b9c-294b97a3fa42/1758240000.0_mean_300.0_v3 HTTP/1.0 201 - python-swiftclient-3.11.1 gAAAAABo2--l7bng... 16 - - tx15415a20b8c24606961fb-0068dbefe9 - 0.0138 - - 1759244265.355625629 1759244265.369427919 0
Sep 30 14:57:45 standalone container-server[124910]: 172.20.0.100 - - [30/Sep/2025:14:57:45 +0000] "PUT /d1/162/AUTH_fcdbff09b75747e3a4750e67ea1fa81f/gnocchi.c5855a16-e5c9-472c-8b9c-294b97a3fa42/none_v3" 201 - "PUT http://localhost:8080/d1/859/AUTH_fcdbff09b75747e3a4750e67ea1fa81f/gnocchi.c5855a16-e5c9-472c-8b9c-294b97a3fa42/none_v3" "tx38462cd860584a6bb23cb-0068dbefe9" "object-server 21" 0.0005 "-" 23 0
Sep 30 14:57:45 standalone object-server[124974]: 172.20.0.100 - - [30/Sep/2025:14:57:45 +0000] "PUT /d1/859/AUTH_fcdbff09b75747e3a4750e67ea1fa81f/gnocchi.c5855a16-e5c9-472c-8b9c-294b97a3fa42/none_v3" 201 - "PUT http://localhost:8080/v1/AUTH_fcdbff09b75747e3a4750e67ea1fa81f/gnocchi.c5855a16-e5c9-472c-8b9c-294b97a3fa42/none_v3" "tx38462cd860584a6bb23cb-0068dbefe9" "proxy-server 21" 0.0089 "-" 21 0
Sep 30 14:57:45 standalone proxy-server[126816]: 172.18.0.2 ::1 30/Sep/2025/14/57/45 PUT /v1/AUTH_fcdbff09b75747e3a4750e67ea1fa81f/gnocchi.c5855a16-e5c9-472c-8b9c-294b97a3fa42/none_v3 HTTP/1.0 201 - python-swiftclient-3.11.1 gAAAAABo2--l7bng... 22 - - tx38462cd860584a6bb23cb-0068dbefe9 - 0.0146 - - 1759244265.373333216 1759244265.387883663 0
Sep 30 14:57:45 standalone container-server[124886]: 172.20.0.100 - - [30/Sep/2025:14:57:45 +0000] "HEAD /d1/699/AUTH_fcdbff09b75747e3a4750e67ea1fa81f/gnocchi.19afb510-b8a6-46bd-9758-349775d02789" 404 - "HEAD http://localhost:8080/v1/AUTH_fcdbff09b75747e3a4750e67ea1fa81f/gnocchi.19afb510-b8a6-46bd-9758-349775d02789?format=json&states=listing" "txa93b1ca9d7864b5fb6895-0068dbefe9" "proxy-server 21" 0.0004 "-" 20 0
Sep 30 14:57:45 standalone object-server[124964]: 172.20.0.100 - - [30/Sep/2025:14:57:45 +0000] "GET /d1/305/AUTH_fcdbff09b75747e3a4750e67ea1fa81f/gnocchi.19afb510-b8a6-46bd-9758-349775d02789/none_v3" 404 70 "GET http://localhost:8080/v1/AUTH_fcdbff09b75747e3a4750e67ea1fa81f/gnocchi.19afb510-b8a6-46bd-9758-349775d02789/none_v3" "txa93b1ca9d7864b5fb6895-0068dbefe9" "proxy-server 21" 0.0004 "-" 20 0
Sep 30 14:57:45 standalone proxy-server[126816]: 172.18.0.2 ::1 30/Sep/2025/14/57/45 GET /v1/AUTH_fcdbff09b75747e3a4750e67ea1fa81f/gnocchi.19afb510-b8a6-46bd-9758-349775d02789/none_v3 HTTP/1.0 404 - python-swiftclient-3.11.1 gAAAAABo2--l7bng... - 70 - txa93b1ca9d7864b5fb6895-0068dbefe9 - 0.0128 - - 1759244265.438174009 1759244265.450990438 0
Sep 30 14:57:45 standalone account-server[124721]: 172.20.0.100 - - [30/Sep/2025:14:57:45 +0000] "PUT /d1/704/AUTH_fcdbff09b75747e3a4750e67ea1fa81f/gnocchi.19afb510-b8a6-46bd-9758-349775d02789" 201 - "PUT http://172.20.0.100:6001/d1/699/AUTH_fcdbff09b75747e3a4750e67ea1fa81f/gnocchi.19afb510-b8a6-46bd-9758-349775d02789" "tx92183bd195784afd92b33-0068dbefe9" "container-server 21" 0.0050 "-" 20 0
Sep 30 14:57:45 standalone container-server[124898]: 172.20.0.100 - - [30/Sep/2025:14:57:45 +0000] "PUT /d1/699/AUTH_fcdbff09b75747e3a4750e67ea1fa81f/gnocchi.19afb510-b8a6-46bd-9758-349775d02789" 201 - "PUT http://localhost:8080/v1/AUTH_fcdbff09b75747e3a4750e67ea1fa81f/gnocchi.19afb510-b8a6-46bd-9758-349775d02789" "tx92183bd195784afd92b33-0068dbefe9" "proxy-server 21" 0.0165 "-" 21 0
Sep 30 14:57:45 standalone proxy-server[126816]: 172.18.0.2 ::1 30/Sep/2025/14/57/45 PUT /v1/AUTH_fcdbff09b75747e3a4750e67ea1fa81f/gnocchi.19afb510-b8a6-46bd-9758-349775d02789 HTTP/1.0 201 - python-swiftclient-3.11.1 gAAAAABo2--l7bng... - - - tx92183bd195784afd92b33-0068dbefe9 - 0.0236 - - 1759244265.454361439 1759244265.477950811 0
Sep 30 14:57:45 standalone container-server[124906]: 172.20.0.100 - - [30/Sep/2025:14:57:45 +0000] "HEAD /d1/699/AUTH_fcdbff09b75747e3a4750e67ea1fa81f/gnocchi.19afb510-b8a6-46bd-9758-349775d02789" 204 - "HEAD http://localhost:8080/v1/AUTH_fcdbff09b75747e3a4750e67ea1fa81f/gnocchi.19afb510-b8a6-46bd-9758-349775d02789?format=json&states=listing" "txaf3c692a46414ee1aa14f-0068dbefe9" "proxy-server 21" 0.0017 "-" 22 0
Sep 30 14:57:45 standalone proxy-server[126816]: - - 30/Sep/2025/14/57/45 HEAD /v1/AUTH_fcdbff09b75747e3a4750e67ea1fa81f/gnocchi.19afb510-b8a6-46bd-9758-349775d02789%3Fformat%3Djson%26states%3Dlisting HTTP/1.0 204 - Swift - - - - txaf3c692a46414ee1aa14f-0068dbefe9 - 0.0055 RL - 1759244265.482723951 1759244265.488209724 0
Sep 30 14:57:45 standalone container-server[124886]: 172.20.0.100 - - [30/Sep/2025:14:57:45 +0000] "GET /d1/699/AUTH_fcdbff09b75747e3a4750e67ea1fa81f/gnocchi.19afb510-b8a6-46bd-9758-349775d02789" 200 2 "GET http://localhost:8080/v1/AUTH_fcdbff09b75747e3a4750e67ea1fa81f/gnocchi.19afb510-b8a6-46bd-9758-349775d02789?format=json&states=listing" "txaf3c692a46414ee1aa14f-0068dbefe9" "proxy-server 21" 0.0019 "-" 20 0
Sep 30 14:57:45 standalone proxy-server[126816]: 172.18.0.2 ::1 30/Sep/2025/14/57/45 GET /v1/AUTH_fcdbff09b75747e3a4750e67ea1fa81f/gnocchi.19afb510-b8a6-46bd-9758-349775d02789%3Fformat%3Djson%26states%3Dlisting HTTP/1.0 200 - python-swiftclient-3.11.1 gAAAAABo2--l7bng... - 2 - txaf3c692a46414ee1aa14f-0068dbefe9 - 0.0150 - - 1759244265.481941223 1759244265.496910334 0
Sep 30 14:57:45 standalone object-server[124989]: 172.20.0.100 - - [30/Sep/2025:14:57:45 +0000] "GET /d1/190/AUTH_fcdbff09b75747e3a4750e67ea1fa81f/gnocchi.19afb510-b8a6-46bd-9758-349775d02789/1758240000.0_mean_300.0_v3" 404 70 "GET http://localhost:8080/v1/AUTH_fcdbff09b75747e3a4750e67ea1fa81f/gnocchi.19afb510-b8a6-46bd-9758-349775d02789/1758240000.0_mean_300.0_v3" "tx8e53cac60ca748209943c-0068dbefe9" "proxy-server 21" 0.0003 "-" 23 0
Sep 30 14:57:45 standalone proxy-server[126816]: 172.18.0.2 ::1 30/Sep/2025/14/57/45 GET /v1/AUTH_fcdbff09b75747e3a4750e67ea1fa81f/gnocchi.19afb510-b8a6-46bd-9758-349775d02789/1758240000.0_mean_300.0_v3 HTTP/1.0 404 - python-swiftclient-3.11.1 gAAAAABo2--l7bng... - 70 - tx8e53cac60ca748209943c-0068dbefe9 - 0.0052 - - 1759244265.501300812 1759244265.506525278 0
Sep 30 14:57:45 standalone container-server[124898]: 172.20.0.100 - - [30/Sep/2025:14:57:45 +0000] "PUT /d1/699/AUTH_fcdbff09b75747e3a4750e67ea1fa81f/gnocchi.19afb510-b8a6-46bd-9758-349775d02789/1758240000.0_mean_300.0_v3" 201 - "PUT http://localhost:8080/d1/190/AUTH_fcdbff09b75747e3a4750e67ea1fa81f/gnocchi.19afb510-b8a6-46bd-9758-349775d02789/1758240000.0_mean_300.0_v3" "tx40beab43f2034f5f98c32-0068dbefe9" "object-server 20" 0.0010 "-" 21 0
Sep 30 14:57:45 standalone object-server[124964]: 172.20.0.100 - - [30/Sep/2025:14:57:45 +0000] "PUT /d1/190/AUTH_fcdbff09b75747e3a4750e67ea1fa81f/gnocchi.19afb510-b8a6-46bd-9758-349775d02789/1758240000.0_mean_300.0_v3" 201 - "PUT http://localhost:8080/v1/AUTH_fcdbff09b75747e3a4750e67ea1fa81f/gnocchi.19afb510-b8a6-46bd-9758-349775d02789/1758240000.0_mean_300.0_v3" "tx40beab43f2034f5f98c32-0068dbefe9" "proxy-server 21" 0.0169 "-" 20 0
Sep 30 14:57:45 standalone proxy-server[126816]: 172.18.0.2 ::1 30/Sep/2025/14/57/45 PUT /v1/AUTH_fcdbff09b75747e3a4750e67ea1fa81f/gnocchi.19afb510-b8a6-46bd-9758-349775d02789/1758240000.0_mean_300.0_v3 HTTP/1.0 201 - python-swiftclient-3.11.1 gAAAAABo2--l7bng... 16 - - tx40beab43f2034f5f98c32-0068dbefe9 - 0.0235 - - 1759244265.510147572 1759244265.533670425 0
Sep 30 14:57:45 standalone container-server[124910]: 172.20.0.100 - - [30/Sep/2025:14:57:45 +0000] "PUT /d1/699/AUTH_fcdbff09b75747e3a4750e67ea1fa81f/gnocchi.19afb510-b8a6-46bd-9758-349775d02789/none_v3" 201 - "PUT http://localhost:8080/d1/305/AUTH_fcdbff09b75747e3a4750e67ea1fa81f/gnocchi.19afb510-b8a6-46bd-9758-349775d02789/none_v3" "txe54e188648ac4cbc94dae-0068dbefe9" "object-server 21" 0.0008 "-" 23 0
Sep 30 14:57:45 standalone object-server[124974]: 172.20.0.100 - - [30/Sep/2025:14:57:45 +0000] "PUT /d1/305/AUTH_fcdbff09b75747e3a4750e67ea1fa81f/gnocchi.19afb510-b8a6-46bd-9758-349775d02789/none_v3" 201 - "PUT http://localhost:8080/v1/AUTH_fcdbff09b75747e3a4750e67ea1fa81f/gnocchi.19afb510-b8a6-46bd-9758-349775d02789/none_v3" "txe54e188648ac4cbc94dae-0068dbefe9" "proxy-server 21" 0.0118 "-" 21 0
Sep 30 14:57:45 standalone proxy-server[126816]: 172.18.0.2 ::1 30/Sep/2025/14/57/45 PUT /v1/AUTH_fcdbff09b75747e3a4750e67ea1fa81f/gnocchi.19afb510-b8a6-46bd-9758-349775d02789/none_v3 HTTP/1.0 201 - python-swiftclient-3.11.1 gAAAAABo2--l7bng... 22 - - txe54e188648ac4cbc94dae-0068dbefe9 - 0.0287 - - 1759244265.538290501 1759244265.567035913 0
Sep 30 14:57:45 standalone container-server[124906]: 172.20.0.100 - - [30/Sep/2025:14:57:45 +0000] "HEAD /d1/869/AUTH_fcdbff09b75747e3a4750e67ea1fa81f/gnocchi.67377796-9585-4a54-ab08-40a7101c9904" 404 - "HEAD http://localhost:8080/v1/AUTH_fcdbff09b75747e3a4750e67ea1fa81f/gnocchi.67377796-9585-4a54-ab08-40a7101c9904?format=json&states=listing" "tx264ffe20647b4557be5c4-0068dbefe9" "proxy-server 21" 0.0005 "-" 22 0
Sep 30 14:57:45 standalone object-server[124989]: 172.20.0.100 - - [30/Sep/2025:14:57:45 +0000] "GET /d1/81/AUTH_fcdbff09b75747e3a4750e67ea1fa81f/gnocchi.67377796-9585-4a54-ab08-40a7101c9904/none_v3" 404 70 "GET http://localhost:8080/v1/AUTH_fcdbff09b75747e3a4750e67ea1fa81f/gnocchi.67377796-9585-4a54-ab08-40a7101c9904/none_v3" "tx264ffe20647b4557be5c4-0068dbefe9" "proxy-server 21" 0.0006 "-" 23 0
Sep 30 14:57:45 standalone proxy-server[126816]: 172.18.0.2 ::1 30/Sep/2025/14/57/45 GET /v1/AUTH_fcdbff09b75747e3a4750e67ea1fa81f/gnocchi.67377796-9585-4a54-ab08-40a7101c9904/none_v3 HTTP/1.0 404 - python-swiftclient-3.11.1 gAAAAABo2--l7bng... - 70 - tx264ffe20647b4557be5c4-0068dbefe9 - 0.0135 - - 1759244265.592333078 1759244265.605818272 0
Sep 30 14:57:45 standalone account-server[124725]: 172.20.0.100 - - [30/Sep/2025:14:57:45 +0000] "PUT /d1/704/AUTH_fcdbff09b75747e3a4750e67ea1fa81f/gnocchi.67377796-9585-4a54-ab08-40a7101c9904" 201 - "PUT http://172.20.0.100:6001/d1/869/AUTH_fcdbff09b75747e3a4750e67ea1fa81f/gnocchi.67377796-9585-4a54-ab08-40a7101c9904" "tx31d047a7af5b427baa794-0068dbefe9" "container-server 22" 0.0057 "-" 21 0
Sep 30 14:57:45 standalone container-server[124906]: 172.20.0.100 - - [30/Sep/2025:14:57:45 +0000] "PUT /d1/869/AUTH_fcdbff09b75747e3a4750e67ea1fa81f/gnocchi.67377796-9585-4a54-ab08-40a7101c9904" 201 - "PUT http://localhost:8080/v1/AUTH_fcdbff09b75747e3a4750e67ea1fa81f/gnocchi.67377796-9585-4a54-ab08-40a7101c9904" "tx31d047a7af5b427baa794-0068dbefe9" "proxy-server 21" 0.0177 "-" 22 0
Sep 30 14:57:45 standalone proxy-server[126816]: 172.18.0.2 ::1 30/Sep/2025/14/57/45 PUT /v1/AUTH_fcdbff09b75747e3a4750e67ea1fa81f/gnocchi.67377796-9585-4a54-ab08-40a7101c9904 HTTP/1.0 201 - python-swiftclient-3.11.1 gAAAAABo2--l7bng... - - - tx31d047a7af5b427baa794-0068dbefe9 - 0.0248 - - 1759244265.610187292 1759244265.635019541 0
Sep 30 14:57:45 standalone container-server[124906]: 172.20.0.100 - - [30/Sep/2025:14:57:45 +0000] "HEAD /d1/869/AUTH_fcdbff09b75747e3a4750e67ea1fa81f/gnocchi.67377796-9585-4a54-ab08-40a7101c9904" 204 - "HEAD http://localhost:8080/v1/AUTH_fcdbff09b75747e3a4750e67ea1fa81f/gnocchi.67377796-9585-4a54-ab08-40a7101c9904?format=json&states=listing" "tx32b7b44a06fc4075a7273-0068dbefe9" "proxy-server 21" 0.0019 "-" 22 0
Sep 30 14:57:45 standalone proxy-server[126816]: - - 30/Sep/2025/14/57/45 HEAD /v1/AUTH_fcdbff09b75747e3a4750e67ea1fa81f/gnocchi.67377796-9585-4a54-ab08-40a7101c9904%3Fformat%3Djson%26states%3Dlisting HTTP/1.0 204 - Swift - - - - tx32b7b44a06fc4075a7273-0068dbefe9 - 0.0070 RL - 1759244265.642060518 1759244265.649097681 0
Sep 30 14:57:45 standalone container-server[124910]: 172.20.0.100 - - [30/Sep/2025:14:57:45 +0000] "GET /d1/869/AUTH_fcdbff09b75747e3a4750e67ea1fa81f/gnocchi.67377796-9585-4a54-ab08-40a7101c9904" 200 2 "GET http://localhost:8080/v1/AUTH_fcdbff09b75747e3a4750e67ea1fa81f/gnocchi.67377796-9585-4a54-ab08-40a7101c9904?format=json&states=listing" "tx32b7b44a06fc4075a7273-0068dbefe9" "proxy-server 21" 0.0032 "-" 23 0
Sep 30 14:57:45 standalone proxy-server[126816]: 172.18.0.2 ::1 30/Sep/2025/14/57/45 GET /v1/AUTH_fcdbff09b75747e3a4750e67ea1fa81f/gnocchi.67377796-9585-4a54-ab08-40a7101c9904%3Fformat%3Djson%26states%3Dlisting HTTP/1.0 200 - python-swiftclient-3.11.1 gAAAAABo2--l7bng... - 2 - tx32b7b44a06fc4075a7273-0068dbefe9 - 0.0199 - - 1759244265.640615463 1759244265.660518169 0
Sep 30 14:57:45 standalone object-server[124974]: 172.20.0.100 - - [30/Sep/2025:14:57:45 +0000] "GET /d1/841/AUTH_fcdbff09b75747e3a4750e67ea1fa81f/gnocchi.67377796-9585-4a54-ab08-40a7101c9904/1758240000.0_mean_300.0_v3" 404 70 "GET http://localhost:8080/v1/AUTH_fcdbff09b75747e3a4750e67ea1fa81f/gnocchi.67377796-9585-4a54-ab08-40a7101c9904/1758240000.0_mean_300.0_v3" "tx94dd6750c627491eaa786-0068dbefe9" "proxy-server 21" 0.0003 "-" 21 0
Sep 30 14:57:45 standalone proxy-server[126816]: 172.18.0.2 ::1 30/Sep/2025/14/57/45 GET /v1/AUTH_fcdbff09b75747e3a4750e67ea1fa81f/gnocchi.67377796-9585-4a54-ab08-40a7101c9904/1758240000.0_mean_300.0_v3 HTTP/1.0 404 - python-swiftclient-3.11.1 gAAAAABo2--l7bng... - 70 - tx94dd6750c627491eaa786-0068dbefe9 - 0.0077 - - 1759244265.668082476 1759244265.675805330 0
Sep 30 14:57:45 standalone container-server[124886]: 172.20.0.100 - - [30/Sep/2025:14:57:45 +0000] "PUT /d1/869/AUTH_fcdbff09b75747e3a4750e67ea1fa81f/gnocchi.67377796-9585-4a54-ab08-40a7101c9904/1758240000.0_mean_300.0_v3" 201 - "PUT http://localhost:8080/d1/841/AUTH_fcdbff09b75747e3a4750e67ea1fa81f/gnocchi.67377796-9585-4a54-ab08-40a7101c9904/1758240000.0_mean_300.0_v3" "txc9ae785a4647482ca43a2-0068dbefe9" "object-server 23" 0.0007 "-" 20 0
Sep 30 14:57:45 standalone object-server[124989]: 172.20.0.100 - - [30/Sep/2025:14:57:45 +0000] "PUT /d1/841/AUTH_fcdbff09b75747e3a4750e67ea1fa81f/gnocchi.67377796-9585-4a54-ab08-40a7101c9904/1758240000.0_mean_300.0_v3" 201 - "PUT http://localhost:8080/v1/AUTH_fcdbff09b75747e3a4750e67ea1fa81f/gnocchi.67377796-9585-4a54-ab08-40a7101c9904/1758240000.0_mean_300.0_v3" "txc9ae785a4647482ca43a2-0068dbefe9" "proxy-server 21" 0.0128 "-" 23 0
Sep 30 14:57:45 standalone proxy-server[126816]: 172.18.0.2 ::1 30/Sep/2025/14/57/45 PUT /v1/AUTH_fcdbff09b75747e3a4750e67ea1fa81f/gnocchi.67377796-9585-4a54-ab08-40a7101c9904/1758240000.0_mean_300.0_v3 HTTP/1.0 201 - python-swiftclient-3.11.1 gAAAAABo2--l7bng... 16 - - txc9ae785a4647482ca43a2-0068dbefe9 - 0.0217 - - 1759244265.681886911 1759244265.703629255 0
Sep 30 14:57:45 standalone container-server[124898]: 172.20.0.100 - - [30/Sep/2025:14:57:45 +0000] "PUT /d1/869/AUTH_fcdbff09b75747e3a4750e67ea1fa81f/gnocchi.67377796-9585-4a54-ab08-40a7101c9904/none_v3" 201 - "PUT http://localhost:8080/d1/81/AUTH_fcdbff09b75747e3a4750e67ea1fa81f/gnocchi.67377796-9585-4a54-ab08-40a7101c9904/none_v3" "tx0c40bf42f1fc428ba3962-0068dbefe9" "object-server 22" 0.0012 "-" 21 0
Sep 30 14:57:45 standalone object-server[124980]: 172.20.0.100 - - [30/Sep/2025:14:57:45 +0000] "PUT /d1/81/AUTH_fcdbff09b75747e3a4750e67ea1fa81f/gnocchi.67377796-9585-4a54-ab08-40a7101c9904/none_v3" 201 - "PUT http://localhost:8080/v1/AUTH_fcdbff09b75747e3a4750e67ea1fa81f/gnocchi.67377796-9585-4a54-ab08-40a7101c9904/none_v3" "tx0c40bf42f1fc428ba3962-0068dbefe9" "proxy-server 21" 0.0116 "-" 22 0
Sep 30 14:57:45 standalone proxy-server[126816]: 172.18.0.2 ::1 30/Sep/2025/14/57/45 PUT /v1/AUTH_fcdbff09b75747e3a4750e67ea1fa81f/gnocchi.67377796-9585-4a54-ab08-40a7101c9904/none_v3 HTTP/1.0 201 - python-swiftclient-3.11.1 gAAAAABo2--l7bng... 22 - - tx0c40bf42f1fc428ba3962-0068dbefe9 - 0.0187 - - 1759244265.713861227 1759244265.732594252 0
Sep 30 14:57:49 standalone container-server[124706]: Begin container update sweep
Sep 30 14:57:49 standalone account-server[124721]: 172.20.0.100 - - [30/Sep/2025:14:57:49 +0000] "PUT /d1/704/AUTH_fcdbff09b75747e3a4750e67ea1fa81f/glance" 201 - "-" "-" "container-updater 2" 0.0009 "-" 20 0
Sep 30 14:57:49 standalone account-server[124753]: 172.20.0.100 - - [30/Sep/2025:14:57:49 +0000] "PUT /d1/704/AUTH_fcdbff09b75747e3a4750e67ea1fa81f/gnocchi.c5855a16-e5c9-472c-8b9c-294b97a3fa42" 201 - "-" "-" "container-updater 2" 0.0004 "-" 22 0
Sep 30 14:57:49 standalone account-server[124721]: 172.20.0.100 - - [30/Sep/2025:14:57:49 +0000] "PUT /d1/704/AUTH_fcdbff09b75747e3a4750e67ea1fa81f/gnocchi.46e5421c-6089-434d-84a2-fd394683b68a" 201 - "-" "-" "container-updater 2" 0.0006 "-" 20 0
Sep 30 14:57:49 standalone account-server[124725]: 172.20.0.100 - - [30/Sep/2025:14:57:49 +0000] "PUT /d1/704/AUTH_fcdbff09b75747e3a4750e67ea1fa81f/gnocchi.6c263f15-b6cf-46c5-9c6a-2c4e0b926181" 201 - "-" "-" "container-updater 2" 0.0006 "-" 21 0
Sep 30 14:57:49 standalone account-server[124721]: 172.20.0.100 - - [30/Sep/2025:14:57:49 +0000] "PUT /d1/704/AUTH_fcdbff09b75747e3a4750e67ea1fa81f/gnocchi.19afb510-b8a6-46bd-9758-349775d02789" 201 - "-" "-" "container-updater 2" 0.0006 "-" 20 0
Sep 30 14:57:49 standalone account-server[124725]: 172.20.0.100 - - [30/Sep/2025:14:57:49 +0000] "PUT /d1/704/AUTH_fcdbff09b75747e3a4750e67ea1fa81f/gnocchi.2a8d80f7-e54d-4cdc-8516-81c62571b090" 201 - "-" "-" "container-updater 2" 0.0007 "-" 21 0
Sep 30 14:57:49 standalone account-server[124753]: 172.20.0.100 - - [30/Sep/2025:14:57:49 +0000] "PUT /d1/704/AUTH_fcdbff09b75747e3a4750e67ea1fa81f/gnocchi.8c84b044-509c-4c94-9176-28690434986c" 201 - "-" "-" "container-updater 2" 0.0004 "-" 22 0
Sep 30 14:57:50 standalone account-server[124753]: 172.20.0.100 - - [30/Sep/2025:14:57:50 +0000] "PUT /d1/704/AUTH_fcdbff09b75747e3a4750e67ea1fa81f/gnocchi.67377796-9585-4a54-ab08-40a7101c9904" 201 - "-" "-" "container-updater 2" 0.0007 "-" 22 0
Sep 30 14:57:50 standalone account-server[124725]: 172.20.0.100 - - [30/Sep/2025:14:57:50 +0000] "PUT /d1/704/AUTH_fcdbff09b75747e3a4750e67ea1fa81f/gnocchi.ceff863d-d8a2-46e5-9a7f-dd1e0b451a4a" 201 - "-" "-" "container-updater 2" 0.0005 "-" 21 0
Sep 30 14:57:50 standalone container-server[124706]: Container update sweep completed: 0.87s
Sep 30 14:58:45 standalone account-server[124761]: 172.20.0.100 - - [30/Sep/2025:14:58:45 +0000] "HEAD /d1/555/.expiring_objects" 404 - "HEAD http://localhost/v1/.expiring_objects?format=json" "txfd053b348dc54912bc86c-0068dbf025" "proxy-server 2" 0.0008 "-" 23 -
Sep 30 14:58:45 standalone object-expirer[124717]: Pass completed in 0s; 0 objects expired (txn: txfd053b348dc54912bc86c-0068dbf025)
Sep 30 14:58:55 standalone object-server[124913]: Begin object update sweep
Sep 30 14:58:55 standalone object-server[224840]: Object update sweep starting on /srv/node/d1 (pid: 14)
Sep 30 14:58:55 standalone object-server[224840]: Object update sweep completed on /srv/node/d1 in 0.00s seconds:, 0 successes, 0 failures, 0 quarantines, 0 unlinks, 0 errors, 0 redirects (pid: 14)
Sep 30 14:58:55 standalone object-server[224840]: Object update sweep of d1 completed: 0.00s, 0 successes, 0 failures, 0 quarantines, 0 unlinks, 0 errors, 0 redirects
Sep 30 14:58:55 standalone object-server[124913]: Object update sweep completed: 0.08s
Sep 30 14:59:46 standalone account-server[124761]: 172.20.0.100 - - [30/Sep/2025:14:59:46 +0000] "HEAD /d1/704/AUTH_fcdbff09b75747e3a4750e67ea1fa81f" 204 - "HEAD http://localhost:8080/v1/AUTH_fcdbff09b75747e3a4750e67ea1fa81f?format=json" "tx67bb50fe857a46e1a3635-0068dbf062" "proxy-server 21" 0.0081 "-" 23 -
Sep 30 14:59:46 standalone proxy-server[126816]: - - 30/Sep/2025/14/59/46 HEAD /v1/AUTH_fcdbff09b75747e3a4750e67ea1fa81f%3Fformat%3Djson HTTP/1.0 204 - Swift - - - - tx67bb50fe857a46e1a3635-0068dbf062 - 0.0137 RL - 1759244386.759972811 1759244386.773660421 -
Sep 30 14:59:46 standalone container-server[124910]: 172.20.0.100 - - [30/Sep/2025:14:59:46 +0000] "HEAD /d1/440/AUTH_fcdbff09b75747e3a4750e67ea1fa81f/gnocchi.3f0d7ab2-1d1f-4285-bb59-eec4d99aef95" 404 - "HEAD http://localhost:8080/v1/AUTH_fcdbff09b75747e3a4750e67ea1fa81f/gnocchi.3f0d7ab2-1d1f-4285-bb59-eec4d99aef95?format=json&states=listing" "tx67bb50fe857a46e1a3635-0068dbf062" "proxy-server 21" 0.0006 "-" 23 0
Sep 30 14:59:46 standalone object-server[124980]: 172.20.0.100 - - [30/Sep/2025:14:59:46 +0000] "GET /d1/788/AUTH_fcdbff09b75747e3a4750e67ea1fa81f/gnocchi.3f0d7ab2-1d1f-4285-bb59-eec4d99aef95/none_v3" 404 70 "GET http://localhost:8080/v1/AUTH_fcdbff09b75747e3a4750e67ea1fa81f/gnocchi.3f0d7ab2-1d1f-4285-bb59-eec4d99aef95/none_v3" "tx67bb50fe857a46e1a3635-0068dbf062" "proxy-server 21" 0.0005 "-" 22 0
Sep 30 14:59:46 standalone proxy-server[126816]: 172.18.0.2 ::1 30/Sep/2025/14/59/46 GET /v1/AUTH_fcdbff09b75747e3a4750e67ea1fa81f/gnocchi.3f0d7ab2-1d1f-4285-bb59-eec4d99aef95/none_v3 HTTP/1.0 404 - python-swiftclient-3.11.1 gAAAAABo2--l7bng... - 70 - tx67bb50fe857a46e1a3635-0068dbf062 - 0.0249 - - 1759244386.759155512 1759244386.784026623 0
Sep 30 14:59:46 standalone account-server[124721]: 172.20.0.100 - - [30/Sep/2025:14:59:46 +0000] "PUT /d1/704/AUTH_fcdbff09b75747e3a4750e67ea1fa81f/gnocchi.3f0d7ab2-1d1f-4285-bb59-eec4d99aef95" 201 - "PUT http://172.20.0.100:6001/d1/440/AUTH_fcdbff09b75747e3a4750e67ea1fa81f/gnocchi.3f0d7ab2-1d1f-4285-bb59-eec4d99aef95" "txc255e7f5bb134efaa7399-0068dbf062" "container-server 21" 0.0011 "-" 20 0
Sep 30 14:59:46 standalone container-server[124898]: 172.20.0.100 - - [30/Sep/2025:14:59:46 +0000] "PUT /d1/440/AUTH_fcdbff09b75747e3a4750e67ea1fa81f/gnocchi.3f0d7ab2-1d1f-4285-bb59-eec4d99aef95" 201 - "PUT http://localhost:8080/v1/AUTH_fcdbff09b75747e3a4750e67ea1fa81f/gnocchi.3f0d7ab2-1d1f-4285-bb59-eec4d99aef95" "txc255e7f5bb134efaa7399-0068dbf062" "proxy-server 21" 0.0103 "-" 21 0
Sep 30 14:59:46 standalone proxy-server[126816]: 172.18.0.2 ::1 30/Sep/2025/14/59/46 PUT /v1/AUTH_fcdbff09b75747e3a4750e67ea1fa81f/gnocchi.3f0d7ab2-1d1f-4285-bb59-eec4d99aef95 HTTP/1.0 201 - python-swiftclient-3.11.1 gAAAAABo2--l7bng... - - - txc255e7f5bb134efaa7399-0068dbf062 - 0.0146 - - 1759244386.787290573 1759244386.801926136 0
Sep 30 14:59:46 standalone container-server[124910]: 172.20.0.100 - - [30/Sep/2025:14:59:46 +0000] "HEAD /d1/440/AUTH_fcdbff09b75747e3a4750e67ea1fa81f/gnocchi.3f0d7ab2-1d1f-4285-bb59-eec4d99aef95" 204 - "HEAD http://localhost:8080/v1/AUTH_fcdbff09b75747e3a4750e67ea1fa81f/gnocchi.3f0d7ab2-1d1f-4285-bb59-eec4d99aef95?format=json&states=listing" "txb65bdd822d56427b81c19-0068dbf062" "proxy-server 21" 0.0013 "-" 23 0
Sep 30 14:59:46 standalone proxy-server[126816]: - - 30/Sep/2025/14/59/46 HEAD /v1/AUTH_fcdbff09b75747e3a4750e67ea1fa81f/gnocchi.3f0d7ab2-1d1f-4285-bb59-eec4d99aef95%3Fformat%3Djson%26states%3Dlisting HTTP/1.0 204 - Swift - - - - txb65bdd822d56427b81c19-0068dbf062 - 0.0042 RL - 1759244386.806627512 1759244386.810861588 0
Sep 30 14:59:46 standalone container-server[124898]: 172.20.0.100 - - [30/Sep/2025:14:59:46 +0000] "GET /d1/440/AUTH_fcdbff09b75747e3a4750e67ea1fa81f/gnocchi.3f0d7ab2-1d1f-4285-bb59-eec4d99aef95" 200 2 "GET http://localhost:8080/v1/AUTH_fcdbff09b75747e3a4750e67ea1fa81f/gnocchi.3f0d7ab2-1d1f-4285-bb59-eec4d99aef95?format=json&states=listing" "txb65bdd822d56427b81c19-0068dbf062" "proxy-server 21" 0.0022 "-" 21 0
Sep 30 14:59:46 standalone proxy-server[126816]: 172.18.0.2 ::1 30/Sep/2025/14/59/46 GET /v1/AUTH_fcdbff09b75747e3a4750e67ea1fa81f/gnocchi.3f0d7ab2-1d1f-4285-bb59-eec4d99aef95%3Fformat%3Djson%26states%3Dlisting HTTP/1.0 200 - python-swiftclient-3.11.1 gAAAAABo2--l7bng... - 2 - txb65bdd822d56427b81c19-0068dbf062 - 0.0123 - - 1759244386.805732250 1759244386.818076372 0
Sep 30 14:59:46 standalone object-server[124974]: 172.20.0.100 - - [30/Sep/2025:14:59:46 +0000] "GET /d1/569/AUTH_fcdbff09b75747e3a4750e67ea1fa81f/gnocchi.3f0d7ab2-1d1f-4285-bb59-eec4d99aef95/1758240000.0_mean_300.0_v3" 404 70 "GET http://localhost:8080/v1/AUTH_fcdbff09b75747e3a4750e67ea1fa81f/gnocchi.3f0d7ab2-1d1f-4285-bb59-eec4d99aef95/1758240000.0_mean_300.0_v3" "tx442c42c60f1445db80744-0068dbf062" "proxy-server 21" 0.0004 "-" 21 0
Sep 30 14:59:46 standalone proxy-server[126816]: 172.18.0.2 ::1 30/Sep/2025/14/59/46 GET /v1/AUTH_fcdbff09b75747e3a4750e67ea1fa81f/gnocchi.3f0d7ab2-1d1f-4285-bb59-eec4d99aef95/1758240000.0_mean_300.0_v3 HTTP/1.0 404 - python-swiftclient-3.11.1 gAAAAABo2--l7bng... - 70 - tx442c42c60f1445db80744-0068dbf062 - 0.0050 - - 1759244386.822649240 1759244386.827696085 0
Sep 30 14:59:46 standalone container-server[124910]: 172.20.0.100 - - [30/Sep/2025:14:59:46 +0000] "PUT /d1/440/AUTH_fcdbff09b75747e3a4750e67ea1fa81f/gnocchi.3f0d7ab2-1d1f-4285-bb59-eec4d99aef95/1758240000.0_mean_300.0_v3" 201 - "PUT http://localhost:8080/d1/569/AUTH_fcdbff09b75747e3a4750e67ea1fa81f/gnocchi.3f0d7ab2-1d1f-4285-bb59-eec4d99aef95/1758240000.0_mean_300.0_v3" "tx2cf67231c95c43f394db2-0068dbf062" "object-server 21" 0.0005 "-" 23 0
Sep 30 14:59:46 standalone object-server[124974]: 172.20.0.100 - - [30/Sep/2025:14:59:46 +0000] "PUT /d1/569/AUTH_fcdbff09b75747e3a4750e67ea1fa81f/gnocchi.3f0d7ab2-1d1f-4285-bb59-eec4d99aef95/1758240000.0_mean_300.0_v3" 201 - "PUT http://localhost:8080/v1/AUTH_fcdbff09b75747e3a4750e67ea1fa81f/gnocchi.3f0d7ab2-1d1f-4285-bb59-eec4d99aef95/1758240000.0_mean_300.0_v3" "tx2cf67231c95c43f394db2-0068dbf062" "proxy-server 21" 0.0083 "-" 21 0
Sep 30 14:59:46 standalone proxy-server[126816]: 172.18.0.2 ::1 30/Sep/2025/14/59/46 PUT /v1/AUTH_fcdbff09b75747e3a4750e67ea1fa81f/gnocchi.3f0d7ab2-1d1f-4285-bb59-eec4d99aef95/1758240000.0_mean_300.0_v3 HTTP/1.0 201 - python-swiftclient-3.11.1 gAAAAABo2--l7bng... 16 - - tx2cf67231c95c43f394db2-0068dbf062 - 0.0129 - - 1759244386.830773830 1759244386.843672991 0
Sep 30 14:59:46 standalone container-server[124906]: 172.20.0.100 - - [30/Sep/2025:14:59:46 +0000] "PUT /d1/440/AUTH_fcdbff09b75747e3a4750e67ea1fa81f/gnocchi.3f0d7ab2-1d1f-4285-bb59-eec4d99aef95/none_v3" 201 - "PUT http://localhost:8080/d1/788/AUTH_fcdbff09b75747e3a4750e67ea1fa81f/gnocchi.3f0d7ab2-1d1f-4285-bb59-eec4d99aef95/none_v3" "txc6dd7ba4cb7140b396347-0068dbf062" "object-server 23" 0.0005 "-" 22 0
Sep 30 14:59:46 standalone object-server[124989]: 172.20.0.100 - - [30/Sep/2025:14:59:46 +0000] "PUT /d1/788/AUTH_fcdbff09b75747e3a4750e67ea1fa81f/gnocchi.3f0d7ab2-1d1f-4285-bb59-eec4d99aef95/none_v3" 201 - "PUT http://localhost:8080/v1/AUTH_fcdbff09b75747e3a4750e67ea1fa81f/gnocchi.3f0d7ab2-1d1f-4285-bb59-eec4d99aef95/none_v3" "txc6dd7ba4cb7140b396347-0068dbf062" "proxy-server 21" 0.0082 "-" 23 0
Sep 30 14:59:46 standalone proxy-server[126816]: 172.18.0.2 ::1 30/Sep/2025/14/59/46 PUT /v1/AUTH_fcdbff09b75747e3a4750e67ea1fa81f/gnocchi.3f0d7ab2-1d1f-4285-bb59-eec4d99aef95/none_v3 HTTP/1.0 201 - python-swiftclient-3.11.1 gAAAAABo2--l7bng... 22 - - txc6dd7ba4cb7140b396347-0068dbf062 - 0.0125 - - 1759244386.846768856 1759244386.859310865 0
Sep 30 14:59:46 standalone container-server[124910]: 172.20.0.100 - - [30/Sep/2025:14:59:46 +0000] "HEAD /d1/276/AUTH_fcdbff09b75747e3a4750e67ea1fa81f/gnocchi.12372f1b-9e3c-4017-8752-76df7703efcb" 404 - "HEAD http://localhost:8080/v1/AUTH_fcdbff09b75747e3a4750e67ea1fa81f/gnocchi.12372f1b-9e3c-4017-8752-76df7703efcb?format=json&states=listing" "tx93819bc471c5419688c76-0068dbf062" "proxy-server 21" 0.0003 "-" 23 0
Sep 30 14:59:46 standalone object-server[124989]: 172.20.0.100 - - [30/Sep/2025:14:59:46 +0000] "GET /d1/504/AUTH_fcdbff09b75747e3a4750e67ea1fa81f/gnocchi.12372f1b-9e3c-4017-8752-76df7703efcb/none_v3" 404 70 "GET http://localhost:8080/v1/AUTH_fcdbff09b75747e3a4750e67ea1fa81f/gnocchi.12372f1b-9e3c-4017-8752-76df7703efcb/none_v3" "tx93819bc471c5419688c76-0068dbf062" "proxy-server 21" 0.0003 "-" 23 0
Sep 30 14:59:46 standalone proxy-server[126816]: 172.18.0.2 ::1 30/Sep/2025/14/59/46 GET /v1/AUTH_fcdbff09b75747e3a4750e67ea1fa81f/gnocchi.12372f1b-9e3c-4017-8752-76df7703efcb/none_v3 HTTP/1.0 404 - python-swiftclient-3.11.1 gAAAAABo2--l7bng... - 70 - tx93819bc471c5419688c76-0068dbf062 - 0.0077 - - 1759244386.871045828 1759244386.878753185 0
Sep 30 14:59:46 standalone account-server[124725]: 172.20.0.100 - - [30/Sep/2025:14:59:46 +0000] "PUT /d1/704/AUTH_fcdbff09b75747e3a4750e67ea1fa81f/gnocchi.12372f1b-9e3c-4017-8752-76df7703efcb" 201 - "PUT http://172.20.0.100:6001/d1/276/AUTH_fcdbff09b75747e3a4750e67ea1fa81f/gnocchi.12372f1b-9e3c-4017-8752-76df7703efcb" "txb9ba2975580944fc99d0e-0068dbf062" "container-server 23" 0.0065 "-" 21 0
Sep 30 14:59:46 standalone container-server[124910]: 172.20.0.100 - - [30/Sep/2025:14:59:46 +0000] "PUT /d1/276/AUTH_fcdbff09b75747e3a4750e67ea1fa81f/gnocchi.12372f1b-9e3c-4017-8752-76df7703efcb" 201 - "PUT http://localhost:8080/v1/AUTH_fcdbff09b75747e3a4750e67ea1fa81f/gnocchi.12372f1b-9e3c-4017-8752-76df7703efcb" "txb9ba2975580944fc99d0e-0068dbf062" "proxy-server 21" 0.0166 "-" 23 0
Sep 30 14:59:46 standalone proxy-server[126816]: 172.18.0.2 ::1 30/Sep/2025/14/59/46 PUT /v1/AUTH_fcdbff09b75747e3a4750e67ea1fa81f/gnocchi.12372f1b-9e3c-4017-8752-76df7703efcb HTTP/1.0 201 - python-swiftclient-3.11.1 gAAAAABo2--l7bng... - - - txb9ba2975580944fc99d0e-0068dbf062 - 0.0211 - - 1759244386.881814480 1759244386.902873755 0
Sep 30 14:59:46 standalone container-server[124886]: 172.20.0.100 - - [30/Sep/2025:14:59:46 +0000] "HEAD /d1/276/AUTH_fcdbff09b75747e3a4750e67ea1fa81f/gnocchi.12372f1b-9e3c-4017-8752-76df7703efcb" 204 - "HEAD http://localhost:8080/v1/AUTH_fcdbff09b75747e3a4750e67ea1fa81f/gnocchi.12372f1b-9e3c-4017-8752-76df7703efcb?format=json&states=listing" "tx2f151f803dc14ed3bb39e-0068dbf062" "proxy-server 21" 0.0011 "-" 20 0
Sep 30 14:59:46 standalone proxy-server[126816]: - - 30/Sep/2025/14/59/46 HEAD /v1/AUTH_fcdbff09b75747e3a4750e67ea1fa81f/gnocchi.12372f1b-9e3c-4017-8752-76df7703efcb%3Fformat%3Djson%26states%3Dlisting HTTP/1.0 204 - Swift - - - - tx2f151f803dc14ed3bb39e-0068dbf062 - 0.0059 RL - 1759244386.907522678 1759244386.913416862 0
Sep 30 14:59:46 standalone container-server[124886]: 172.20.0.100 - - [30/Sep/2025:14:59:46 +0000] "GET /d1/276/AUTH_fcdbff09b75747e3a4750e67ea1fa81f/gnocchi.12372f1b-9e3c-4017-8752-76df7703efcb" 200 2 "GET http://localhost:8080/v1/AUTH_fcdbff09b75747e3a4750e67ea1fa81f/gnocchi.12372f1b-9e3c-4017-8752-76df7703efcb?format=json&states=listing" "tx2f151f803dc14ed3bb39e-0068dbf062" "proxy-server 21" 0.0017 "-" 20 0
Sep 30 14:59:46 standalone proxy-server[126816]: 172.18.0.2 ::1 30/Sep/2025/14/59/46 GET /v1/AUTH_fcdbff09b75747e3a4750e67ea1fa81f/gnocchi.12372f1b-9e3c-4017-8752-76df7703efcb%3Fformat%3Djson%26states%3Dlisting HTTP/1.0 200 - python-swiftclient-3.11.1 gAAAAABo2--l7bng... - 2 - tx2f151f803dc14ed3bb39e-0068dbf062 - 0.0146 - - 1759244386.906601667 1759244386.921194792 0
Sep 30 14:59:46 standalone object-server[124974]: 172.20.0.100 - - [30/Sep/2025:14:59:46 +0000] "GET /d1/501/AUTH_fcdbff09b75747e3a4750e67ea1fa81f/gnocchi.12372f1b-9e3c-4017-8752-76df7703efcb/1758240000.0_mean_300.0_v3" 404 70 "GET http://localhost:8080/v1/AUTH_fcdbff09b75747e3a4750e67ea1fa81f/gnocchi.12372f1b-9e3c-4017-8752-76df7703efcb/1758240000.0_mean_300.0_v3" "tx1e32e09833c7483cbe819-0068dbf062" "proxy-server 21" 0.0003 "-" 21 0
Sep 30 14:59:46 standalone proxy-server[126816]: 172.18.0.2 ::1 30/Sep/2025/14/59/46 GET /v1/AUTH_fcdbff09b75747e3a4750e67ea1fa81f/gnocchi.12372f1b-9e3c-4017-8752-76df7703efcb/1758240000.0_mean_300.0_v3 HTTP/1.0 404 - python-swiftclient-3.11.1 gAAAAABo2--l7bng... - 70 - tx1e32e09833c7483cbe819-0068dbf062 - 0.0060 - - 1759244386.925264835 1759244386.931262016 0
Sep 30 14:59:46 standalone container-server[124910]: 172.20.0.100 - - [30/Sep/2025:14:59:46 +0000] "PUT /d1/276/AUTH_fcdbff09b75747e3a4750e67ea1fa81f/gnocchi.12372f1b-9e3c-4017-8752-76df7703efcb/1758240000.0_mean_300.0_v3" 201 - "PUT http://localhost:8080/d1/501/AUTH_fcdbff09b75747e3a4750e67ea1fa81f/gnocchi.12372f1b-9e3c-4017-8752-76df7703efcb/1758240000.0_mean_300.0_v3" "txa410e5b6e06247b3bc4ba-0068dbf062" "object-server 22" 0.0006 "-" 23 0
Sep 30 14:59:46 standalone object-server[124980]: 172.20.0.100 - - [30/Sep/2025:14:59:46 +0000] "PUT /d1/501/AUTH_fcdbff09b75747e3a4750e67ea1fa81f/gnocchi.12372f1b-9e3c-4017-8752-76df7703efcb/1758240000.0_mean_300.0_v3" 201 - "PUT http://localhost:8080/v1/AUTH_fcdbff09b75747e3a4750e67ea1fa81f/gnocchi.12372f1b-9e3c-4017-8752-76df7703efcb/1758240000.0_mean_300.0_v3" "txa410e5b6e06247b3bc4ba-0068dbf062" "proxy-server 21" 0.0098 "-" 22 0
Sep 30 14:59:46 standalone proxy-server[126816]: 172.18.0.2 ::1 30/Sep/2025/14/59/46 PUT /v1/AUTH_fcdbff09b75747e3a4750e67ea1fa81f/gnocchi.12372f1b-9e3c-4017-8752-76df7703efcb/1758240000.0_mean_300.0_v3 HTTP/1.0 201 - python-swiftclient-3.11.1 gAAAAABo2--l7bng... 16 - - txa410e5b6e06247b3bc4ba-0068dbf062 - 0.0148 - - 1759244386.935185194 1759244386.949977636 0
Sep 30 14:59:46 standalone container-server[124910]: 172.20.0.100 - - [30/Sep/2025:14:59:46 +0000] "PUT /d1/276/AUTH_fcdbff09b75747e3a4750e67ea1fa81f/gnocchi.12372f1b-9e3c-4017-8752-76df7703efcb/none_v3" 201 - "PUT http://localhost:8080/d1/504/AUTH_fcdbff09b75747e3a4750e67ea1fa81f/gnocchi.12372f1b-9e3c-4017-8752-76df7703efcb/none_v3" "tx80c36614b240403083dba-0068dbf062" "object-server 22" 0.0005 "-" 23 0
Sep 30 14:59:46 standalone object-server[124980]: 172.20.0.100 - - [30/Sep/2025:14:59:46 +0000] "PUT /d1/504/AUTH_fcdbff09b75747e3a4750e67ea1fa81f/gnocchi.12372f1b-9e3c-4017-8752-76df7703efcb/none_v3" 201 - "PUT http://localhost:8080/v1/AUTH_fcdbff09b75747e3a4750e67ea1fa81f/gnocchi.12372f1b-9e3c-4017-8752-76df7703efcb/none_v3" "tx80c36614b240403083dba-0068dbf062" "proxy-server 21" 0.0089 "-" 22 0
Sep 30 14:59:46 standalone proxy-server[126816]: 172.18.0.2 ::1 30/Sep/2025/14/59/46 PUT /v1/AUTH_fcdbff09b75747e3a4750e67ea1fa81f/gnocchi.12372f1b-9e3c-4017-8752-76df7703efcb/none_v3 HTTP/1.0 201 - python-swiftclient-3.11.1 gAAAAABo2--l7bng... 22 - - tx80c36614b240403083dba-0068dbf062 - 0.0133 - - 1759244386.952988863 1759244386.966259003 0
Sep 30 14:59:46 standalone container-server[124910]: 172.20.0.100 - - [30/Sep/2025:14:59:46 +0000] "HEAD /d1/777/AUTH_fcdbff09b75747e3a4750e67ea1fa81f/gnocchi.f6a0ebfb-5893-4976-81b4-dc733bacedea" 404 - "HEAD http://localhost:8080/v1/AUTH_fcdbff09b75747e3a4750e67ea1fa81f/gnocchi.f6a0ebfb-5893-4976-81b4-dc733bacedea?format=json&states=listing" "txe4d0d21e4a5b4b4e92a27-0068dbf062" "proxy-server 21" 0.0006 "-" 23 0
Sep 30 14:59:46 standalone object-server[124989]: 172.20.0.100 - - [30/Sep/2025:14:59:46 +0000] "GET /d1/759/AUTH_fcdbff09b75747e3a4750e67ea1fa81f/gnocchi.f6a0ebfb-5893-4976-81b4-dc733bacedea/none_v3" 404 70 "GET http://localhost:8080/v1/AUTH_fcdbff09b75747e3a4750e67ea1fa81f/gnocchi.f6a0ebfb-5893-4976-81b4-dc733bacedea/none_v3" "txe4d0d21e4a5b4b4e92a27-0068dbf062" "proxy-server 21" 0.0003 "-" 23 0
Sep 30 14:59:46 standalone proxy-server[126816]: 172.18.0.2 ::1 30/Sep/2025/14/59/46 GET /v1/AUTH_fcdbff09b75747e3a4750e67ea1fa81f/gnocchi.f6a0ebfb-5893-4976-81b4-dc733bacedea/none_v3 HTTP/1.0 404 - python-swiftclient-3.11.1 gAAAAABo2--l7bng... - 70 - txe4d0d21e4a5b4b4e92a27-0068dbf062 - 0.0087 - - 1759244386.978273869 1759244386.986933231 0
Sep 30 14:59:47 standalone account-server[124761]: 172.20.0.100 - - [30/Sep/2025:14:59:47 +0000] "PUT /d1/704/AUTH_fcdbff09b75747e3a4750e67ea1fa81f/gnocchi.f6a0ebfb-5893-4976-81b4-dc733bacedea" 201 - "PUT http://172.20.0.100:6001/d1/777/AUTH_fcdbff09b75747e3a4750e67ea1fa81f/gnocchi.f6a0ebfb-5893-4976-81b4-dc733bacedea" "tx82e13267fee44d178c74d-0068dbf062" "container-server 23" 0.0050 "-" 23 0
Sep 30 14:59:47 standalone container-server[124910]: 172.20.0.100 - - [30/Sep/2025:14:59:47 +0000] "PUT /d1/777/AUTH_fcdbff09b75747e3a4750e67ea1fa81f/gnocchi.f6a0ebfb-5893-4976-81b4-dc733bacedea" 201 - "PUT http://localhost:8080/v1/AUTH_fcdbff09b75747e3a4750e67ea1fa81f/gnocchi.f6a0ebfb-5893-4976-81b4-dc733bacedea" "tx82e13267fee44d178c74d-0068dbf062" "proxy-server 21" 0.0216 "-" 23 0
Sep 30 14:59:47 standalone proxy-server[126816]: 172.18.0.2 ::1 30/Sep/2025/14/59/47 PUT /v1/AUTH_fcdbff09b75747e3a4750e67ea1fa81f/gnocchi.f6a0ebfb-5893-4976-81b4-dc733bacedea HTTP/1.0 201 - python-swiftclient-3.11.1 gAAAAABo2--l7bng... - - - tx82e13267fee44d178c74d-0068dbf062 - 0.0281 - - 1759244386.993806601 1759244387.021923065 0
Sep 30 14:59:47 standalone container-server[124906]: 172.20.0.100 - - [30/Sep/2025:14:59:47 +0000] "HEAD /d1/777/AUTH_fcdbff09b75747e3a4750e67ea1fa81f/gnocchi.f6a0ebfb-5893-4976-81b4-dc733bacedea" 204 - "HEAD http://localhost:8080/v1/AUTH_fcdbff09b75747e3a4750e67ea1fa81f/gnocchi.f6a0ebfb-5893-4976-81b4-dc733bacedea?format=json&states=listing" "tx761cc9c056fa4467b30d0-0068dbf063" "proxy-server 21" 0.0011 "-" 22 0
Sep 30 14:59:47 standalone proxy-server[126816]: - - 30/Sep/2025/14/59/47 HEAD /v1/AUTH_fcdbff09b75747e3a4750e67ea1fa81f/gnocchi.f6a0ebfb-5893-4976-81b4-dc733bacedea%3Fformat%3Djson%26states%3Dlisting HTTP/1.0 204 - Swift - - - - tx761cc9c056fa4467b30d0-0068dbf063 - 0.0044 RL - 1759244387.026357412 1759244387.030743837 0
Sep 30 14:59:47 standalone container-server[124886]: 172.20.0.100 - - [30/Sep/2025:14:59:47 +0000] "GET /d1/777/AUTH_fcdbff09b75747e3a4750e67ea1fa81f/gnocchi.f6a0ebfb-5893-4976-81b4-dc733bacedea" 200 2 "GET http://localhost:8080/v1/AUTH_fcdbff09b75747e3a4750e67ea1fa81f/gnocchi.f6a0ebfb-5893-4976-81b4-dc733bacedea?format=json&states=listing" "tx761cc9c056fa4467b30d0-0068dbf063" "proxy-server 21" 0.0022 "-" 20 0
Sep 30 14:59:47 standalone proxy-server[126816]: 172.18.0.2 ::1 30/Sep/2025/14/59/47 GET /v1/AUTH_fcdbff09b75747e3a4750e67ea1fa81f/gnocchi.f6a0ebfb-5893-4976-81b4-dc733bacedea%3Fformat%3Djson%26states%3Dlisting HTTP/1.0 200 - python-swiftclient-3.11.1 gAAAAABo2--l7bng... - 2 - tx761cc9c056fa4467b30d0-0068dbf063 - 0.0159 - - 1759244387.025281429 1759244387.041211128 0
Sep 30 14:59:47 standalone object-server[124974]: 172.20.0.100 - - [30/Sep/2025:14:59:47 +0000] "GET /d1/234/AUTH_fcdbff09b75747e3a4750e67ea1fa81f/gnocchi.f6a0ebfb-5893-4976-81b4-dc733bacedea/1758240000.0_mean_300.0_v3" 404 70 "GET http://localhost:8080/v1/AUTH_fcdbff09b75747e3a4750e67ea1fa81f/gnocchi.f6a0ebfb-5893-4976-81b4-dc733bacedea/1758240000.0_mean_300.0_v3" "tx39452390c8e44067bdda3-0068dbf063" "proxy-server 21" 0.0006 "-" 21 0
Sep 30 14:59:47 standalone proxy-server[126816]: 172.18.0.2 ::1 30/Sep/2025/14/59/47 GET /v1/AUTH_fcdbff09b75747e3a4750e67ea1fa81f/gnocchi.f6a0ebfb-5893-4976-81b4-dc733bacedea/1758240000.0_mean_300.0_v3 HTTP/1.0 404 - python-swiftclient-3.11.1 gAAAAABo2--l7bng... - 70 - tx39452390c8e44067bdda3-0068dbf063 - 0.0083 - - 1759244387.046364069 1759244387.054673910 0
Sep 30 14:59:47 standalone container-server[124906]: 172.20.0.100 - - [30/Sep/2025:14:59:47 +0000] "PUT /d1/777/AUTH_fcdbff09b75747e3a4750e67ea1fa81f/gnocchi.f6a0ebfb-5893-4976-81b4-dc733bacedea/1758240000.0_mean_300.0_v3" 201 - "PUT http://localhost:8080/d1/234/AUTH_fcdbff09b75747e3a4750e67ea1fa81f/gnocchi.f6a0ebfb-5893-4976-81b4-dc733bacedea/1758240000.0_mean_300.0_v3" "tx067607446d714731ac6f0-0068dbf063" "object-server 23" 0.0008 "-" 22 0
Sep 30 14:59:47 standalone object-server[124989]: 172.20.0.100 - - [30/Sep/2025:14:59:47 +0000] "PUT /d1/234/AUTH_fcdbff09b75747e3a4750e67ea1fa81f/gnocchi.f6a0ebfb-5893-4976-81b4-dc733bacedea/1758240000.0_mean_300.0_v3" 201 - "PUT http://localhost:8080/v1/AUTH_fcdbff09b75747e3a4750e67ea1fa81f/gnocchi.f6a0ebfb-5893-4976-81b4-dc733bacedea/1758240000.0_mean_300.0_v3" "tx067607446d714731ac6f0-0068dbf063" "proxy-server 21" 0.0150 "-" 23 0
Sep 30 14:59:47 standalone proxy-server[126816]: 172.18.0.2 ::1 30/Sep/2025/14/59/47 PUT /v1/AUTH_fcdbff09b75747e3a4750e67ea1fa81f/gnocchi.f6a0ebfb-5893-4976-81b4-dc733bacedea/1758240000.0_mean_300.0_v3 HTTP/1.0 201 - python-swiftclient-3.11.1 gAAAAABo2--l7bng... 16 - - tx067607446d714731ac6f0-0068dbf063 - 0.0242 - - 1759244387.060616016 1759244387.084851980 0
