Jan 4 13:12:55 standalone object-server[123004]: 172.20.0.100 - - [04/Jan/2026:13:12:55 +0000] "GET /d1/18/AUTH_07598facf86e4c5e855a0d615d36e2ad/gnocchi.bf68c0a2-353b-4c8b-ab15-3034f7195313/1766880000.0_mean_300.0_v3" 404 70 "GET http://localhost:8080/v1/AUTH_07598facf86e4c5e855a0d615d36e2ad/gnocchi.bf68c0a2-353b-4c8b-ab15-3034f7195313/1766880000.0_mean_300.0_v3" "tx0dc97e5b10474f8da4441-00695a6757" "proxy-server 21" 0.0005 "-" 23 0
Jan 4 13:12:55 standalone proxy-server[124878]: 172.18.0.2 ::1 04/Jan/2026/13/12/55 GET /v1/AUTH_07598facf86e4c5e855a0d615d36e2ad/gnocchi.bf68c0a2-353b-4c8b-ab15-3034f7195313/1766880000.0_mean_300.0_v3 HTTP/1.0 404 - python-swiftclient-3.11.1 gAAAAABpWmadl4xH... - 70 - tx0dc97e5b10474f8da4441-00695a6757 - 0.0082 - - 1767532375.002184629 1767532375.010426044 0
Jan 4 13:12:55 standalone container-server[122978]: 172.20.0.100 - - [04/Jan/2026:13:12:55 +0000] "PUT /d1/678/AUTH_07598facf86e4c5e855a0d615d36e2ad/gnocchi.bf68c0a2-353b-4c8b-ab15-3034f7195313/1766880000.0_mean_300.0_v3" 201 - "PUT http://localhost:8080/d1/18/AUTH_07598facf86e4c5e855a0d615d36e2ad/gnocchi.bf68c0a2-353b-4c8b-ab15-3034f7195313/1766880000.0_mean_300.0_v3" "txcc6a1a3811cd49daac5b4-00695a6757" "object-server 25" 0.0010 "-" 23 0
Jan 4 13:12:55 standalone object-server[123009]: 172.20.0.100 - - [04/Jan/2026:13:12:55 +0000] "PUT /d1/18/AUTH_07598facf86e4c5e855a0d615d36e2ad/gnocchi.bf68c0a2-353b-4c8b-ab15-3034f7195313/1766880000.0_mean_300.0_v3" 201 - "PUT http://localhost:8080/v1/AUTH_07598facf86e4c5e855a0d615d36e2ad/gnocchi.bf68c0a2-353b-4c8b-ab15-3034f7195313/1766880000.0_mean_300.0_v3" "txcc6a1a3811cd49daac5b4-00695a6757" "proxy-server 21" 0.0123 "-" 25 0
Jan 4 13:12:55 standalone proxy-server[124878]: 172.18.0.2 ::1 04/Jan/2026/13/12/55 PUT /v1/AUTH_07598facf86e4c5e855a0d615d36e2ad/gnocchi.bf68c0a2-353b-4c8b-ab15-3034f7195313/1766880000.0_mean_300.0_v3 HTTP/1.0 201 - python-swiftclient-3.11.1 gAAAAABpWmadl4xH... 16 - - txcc6a1a3811cd49daac5b4-00695a6757 - 0.0209 - - 1767532375.015133619 1767532375.036018848 0
Jan 4 13:12:55 standalone container-server[122978]: 172.20.0.100 - - [04/Jan/2026:13:12:55 +0000] "PUT /d1/678/AUTH_07598facf86e4c5e855a0d615d36e2ad/gnocchi.bf68c0a2-353b-4c8b-ab15-3034f7195313/none_v3" 201 - "PUT http://localhost:8080/d1/655/AUTH_07598facf86e4c5e855a0d615d36e2ad/gnocchi.bf68c0a2-353b-4c8b-ab15-3034f7195313/none_v3" "tx198a13838f454757bda51-00695a6757" "object-server 22" 0.0011 "-" 23 0
Jan 4 13:12:55 standalone object-server[122996]: 172.20.0.100 - - [04/Jan/2026:13:12:55 +0000] "PUT /d1/655/AUTH_07598facf86e4c5e855a0d615d36e2ad/gnocchi.bf68c0a2-353b-4c8b-ab15-3034f7195313/none_v3" 201 - "PUT http://localhost:8080/v1/AUTH_07598facf86e4c5e855a0d615d36e2ad/gnocchi.bf68c0a2-353b-4c8b-ab15-3034f7195313/none_v3" "tx198a13838f454757bda51-00695a6757" "proxy-server 21" 0.0123 "-" 22 0
Jan 4 13:12:55 standalone proxy-server[124878]: 172.18.0.2 ::1 04/Jan/2026/13/12/55 PUT /v1/AUTH_07598facf86e4c5e855a0d615d36e2ad/gnocchi.bf68c0a2-353b-4c8b-ab15-3034f7195313/none_v3 HTTP/1.0 201 - python-swiftclient-3.11.1 gAAAAABpWmadl4xH... 22 - - tx198a13838f454757bda51-00695a6757 - 0.0219 - - 1767532375.041052341 1767532375.062951326 0
Jan 4 13:12:55 standalone container-server[122968]: 172.20.0.100 - - [04/Jan/2026:13:12:55 +0000] "HEAD /d1/551/AUTH_07598facf86e4c5e855a0d615d36e2ad/gnocchi.50cdb94c-830c-41f3-b904-6534bbf97a01" 404 - "HEAD http://localhost:8080/v1/AUTH_07598facf86e4c5e855a0d615d36e2ad/gnocchi.50cdb94c-830c-41f3-b904-6534bbf97a01?format=json&states=listing" "tx31cef236e9954dbea95de-00695a6757" "proxy-server 21" 0.0006 "-" 20 0
Jan 4 13:12:55 standalone object-server[123008]: 172.20.0.100 - - [04/Jan/2026:13:12:55 +0000] "GET /d1/94/AUTH_07598facf86e4c5e855a0d615d36e2ad/gnocchi.50cdb94c-830c-41f3-b904-6534bbf97a01/none_v3" 404 70 "GET http://localhost:8080/v1/AUTH_07598facf86e4c5e855a0d615d36e2ad/gnocchi.50cdb94c-830c-41f3-b904-6534bbf97a01/none_v3" "tx31cef236e9954dbea95de-00695a6757" "proxy-server 21" 0.0006 "-" 24 0
Jan 4 13:12:55 standalone proxy-server[124878]: 172.18.0.2 ::1 04/Jan/2026/13/12/55 GET /v1/AUTH_07598facf86e4c5e855a0d615d36e2ad/gnocchi.50cdb94c-830c-41f3-b904-6534bbf97a01/none_v3 HTTP/1.0 404 - python-swiftclient-3.11.1 gAAAAABpWmadl4xH... - 70 - tx31cef236e9954dbea95de-00695a6757 - 0.0145 - - 1767532375.078001976 1767532375.092482805 0
Jan 4 13:12:55 standalone account-server[122765]: 172.20.0.100 - - [04/Jan/2026:13:12:55 +0000] "PUT /d1/81/AUTH_07598facf86e4c5e855a0d615d36e2ad/gnocchi.50cdb94c-830c-41f3-b904-6534bbf97a01" 201 - "PUT http://172.20.0.100:6001/d1/551/AUTH_07598facf86e4c5e855a0d615d36e2ad/gnocchi.50cdb94c-830c-41f3-b904-6534bbf97a01" "tx96cd136269f54ef7a6d7d-00695a6757" "container-server 22" 0.0062 "-" 22 0
Jan 4 13:12:55 standalone container-server[122971]: 172.20.0.100 - - [04/Jan/2026:13:12:55 +0000] "PUT /d1/551/AUTH_07598facf86e4c5e855a0d615d36e2ad/gnocchi.50cdb94c-830c-41f3-b904-6534bbf97a01" 201 - "PUT http://localhost:8080/v1/AUTH_07598facf86e4c5e855a0d615d36e2ad/gnocchi.50cdb94c-830c-41f3-b904-6534bbf97a01" "tx96cd136269f54ef7a6d7d-00695a6757" "proxy-server 21" 0.0268 "-" 22 0
Jan 4 13:12:55 standalone proxy-server[124878]: 172.18.0.2 ::1 04/Jan/2026/13/12/55 PUT /v1/AUTH_07598facf86e4c5e855a0d615d36e2ad/gnocchi.50cdb94c-830c-41f3-b904-6534bbf97a01 HTTP/1.0 201 - python-swiftclient-3.11.1 gAAAAABpWmadl4xH... - - - tx96cd136269f54ef7a6d7d-00695a6757 - 0.0356 - - 1767532375.097434998 1767532375.133044243 0
Jan 4 13:12:55 standalone container-server[122971]: 172.20.0.100 - - [04/Jan/2026:13:12:55 +0000] "HEAD /d1/551/AUTH_07598facf86e4c5e855a0d615d36e2ad/gnocchi.50cdb94c-830c-41f3-b904-6534bbf97a01" 204 - "HEAD http://localhost:8080/v1/AUTH_07598facf86e4c5e855a0d615d36e2ad/gnocchi.50cdb94c-830c-41f3-b904-6534bbf97a01?format=json&states=listing" "txaefb2c38f1264974ab441-00695a6757" "proxy-server 21" 0.0031 "-" 22 0
Jan 4 13:12:55 standalone proxy-server[124878]: - - 04/Jan/2026/13/12/55 HEAD /v1/AUTH_07598facf86e4c5e855a0d615d36e2ad/gnocchi.50cdb94c-830c-41f3-b904-6534bbf97a01%3Fformat%3Djson%26states%3Dlisting HTTP/1.0 204 - Swift - - - - txaefb2c38f1264974ab441-00695a6757 - 0.0099 RL - 1767532375.141618967 1767532375.151479244 0
Jan 4 13:12:55 standalone container-server[122968]: 172.20.0.100 - - [04/Jan/2026:13:12:55 +0000] "GET /d1/551/AUTH_07598facf86e4c5e855a0d615d36e2ad/gnocchi.50cdb94c-830c-41f3-b904-6534bbf97a01" 200 2 "GET http://localhost:8080/v1/AUTH_07598facf86e4c5e855a0d615d36e2ad/gnocchi.50cdb94c-830c-41f3-b904-6534bbf97a01?format=json&states=listing" "txaefb2c38f1264974ab441-00695a6757" "proxy-server 21" 0.0036 "-" 20 0
Jan 4 13:12:55 standalone proxy-server[124878]: 172.18.0.2 ::1 04/Jan/2026/13/12/55 GET /v1/AUTH_07598facf86e4c5e855a0d615d36e2ad/gnocchi.50cdb94c-830c-41f3-b904-6534bbf97a01%3Fformat%3Djson%26states%3Dlisting HTTP/1.0 200 - python-swiftclient-3.11.1 gAAAAABpWmadl4xH... - 2 - txaefb2c38f1264974ab441-00695a6757 - 0.0270 - - 1767532375.139035940 1767532375.166055918 0
Jan 4 13:12:55 standalone object-server[122996]: 172.20.0.100 - - [04/Jan/2026:13:12:55 +0000] "GET /d1/684/AUTH_07598facf86e4c5e855a0d615d36e2ad/gnocchi.50cdb94c-830c-41f3-b904-6534bbf97a01/1766880000.0_mean_300.0_v3" 404 70 "GET http://localhost:8080/v1/AUTH_07598facf86e4c5e855a0d615d36e2ad/gnocchi.50cdb94c-830c-41f3-b904-6534bbf97a01/1766880000.0_mean_300.0_v3" "tx71d8c6ccdd9946959f80c-00695a6757" "proxy-server 21" 0.0006 "-" 22 0
Jan 4 13:12:55 standalone proxy-server[124878]: 172.18.0.2 ::1 04/Jan/2026/13/12/55 GET /v1/AUTH_07598facf86e4c5e855a0d615d36e2ad/gnocchi.50cdb94c-830c-41f3-b904-6534bbf97a01/1766880000.0_mean_300.0_v3 HTTP/1.0 404 - python-swiftclient-3.11.1 gAAAAABpWmadl4xH... - 70 - tx71d8c6ccdd9946959f80c-00695a6757 - 0.0086 - - 1767532375.171678066 1767532375.180316925 0
Jan 4 13:12:55 standalone container-server[122968]: 172.20.0.100 - - [04/Jan/2026:13:12:55 +0000] "PUT /d1/551/AUTH_07598facf86e4c5e855a0d615d36e2ad/gnocchi.50cdb94c-830c-41f3-b904-6534bbf97a01/1766880000.0_mean_300.0_v3" 201 - "PUT http://localhost:8080/d1/684/AUTH_07598facf86e4c5e855a0d615d36e2ad/gnocchi.50cdb94c-830c-41f3-b904-6534bbf97a01/1766880000.0_mean_300.0_v3" "tx89027a07a52e4e1f831bc-00695a6757" "object-server 25" 0.0011 "-" 20 0
Jan 4 13:12:55 standalone object-server[123009]: 172.20.0.100 - - [04/Jan/2026:13:12:55 +0000] "PUT /d1/684/AUTH_07598facf86e4c5e855a0d615d36e2ad/gnocchi.50cdb94c-830c-41f3-b904-6534bbf97a01/1766880000.0_mean_300.0_v3" 201 - "PUT http://localhost:8080/v1/AUTH_07598facf86e4c5e855a0d615d36e2ad/gnocchi.50cdb94c-830c-41f3-b904-6534bbf97a01/1766880000.0_mean_300.0_v3" "tx89027a07a52e4e1f831bc-00695a6757" "proxy-server 21" 0.0150 "-" 25 0
Jan 4 13:12:55 standalone proxy-server[124878]: 172.18.0.2 ::1 04/Jan/2026/13/12/55 PUT /v1/AUTH_07598facf86e4c5e855a0d615d36e2ad/gnocchi.50cdb94c-830c-41f3-b904-6534bbf97a01/1766880000.0_mean_300.0_v3 HTTP/1.0 201 - python-swiftclient-3.11.1 gAAAAABpWmadl4xH... 16 - - tx89027a07a52e4e1f831bc-00695a6757 - 0.0243 - - 1767532375.186773300 1767532375.211106539 0
Jan 4 13:12:55 standalone container-server[122971]: 172.20.0.100 - - [04/Jan/2026:13:12:55 +0000] "PUT /d1/551/AUTH_07598facf86e4c5e855a0d615d36e2ad/gnocchi.50cdb94c-830c-41f3-b904-6534bbf97a01/none_v3" 201 - "PUT http://localhost:8080/d1/94/AUTH_07598facf86e4c5e855a0d615d36e2ad/gnocchi.50cdb94c-830c-41f3-b904-6534bbf97a01/none_v3" "tx39aec7e811454969838ee-00695a6757" "object-server 24" 0.0013 "-" 22 0
Jan 4 13:12:55 standalone object-server[123008]: 172.20.0.100 - - [04/Jan/2026:13:12:55 +0000] "PUT /d1/94/AUTH_07598facf86e4c5e855a0d615d36e2ad/gnocchi.50cdb94c-830c-41f3-b904-6534bbf97a01/none_v3" 201 - "PUT http://localhost:8080/v1/AUTH_07598facf86e4c5e855a0d615d36e2ad/gnocchi.50cdb94c-830c-41f3-b904-6534bbf97a01/none_v3" "tx39aec7e811454969838ee-00695a6757" "proxy-server 21" 0.0138 "-" 24 0
Jan 4 13:12:55 standalone proxy-server[124878]: 172.18.0.2 ::1 04/Jan/2026/13/12/55 PUT /v1/AUTH_07598facf86e4c5e855a0d615d36e2ad/gnocchi.50cdb94c-830c-41f3-b904-6534bbf97a01/none_v3 HTTP/1.0 201 - python-swiftclient-3.11.1 gAAAAABpWmadl4xH... 22 - - tx39aec7e811454969838ee-00695a6757 - 0.0235 - - 1767532375.216493368 1767532375.240011454 0
Jan 4 13:12:55 standalone container-server[122978]: 172.20.0.100 - - [04/Jan/2026:13:12:55 +0000] "HEAD /d1/823/AUTH_07598facf86e4c5e855a0d615d36e2ad/gnocchi.a5cee9d5-8813-44da-8793-028dd0b0944d" 404 - "HEAD http://localhost:8080/v1/AUTH_07598facf86e4c5e855a0d615d36e2ad/gnocchi.a5cee9d5-8813-44da-8793-028dd0b0944d?format=json&states=listing" "tx0a90549aadc54d2f9a0c5-00695a6757" "proxy-server 21" 0.0008 "-" 23 0
Jan 4 13:12:55 standalone object-server[122996]: 172.20.0.100 - - [04/Jan/2026:13:12:55 +0000] "GET /d1/604/AUTH_07598facf86e4c5e855a0d615d36e2ad/gnocchi.a5cee9d5-8813-44da-8793-028dd0b0944d/none_v3" 404 70 "GET http://localhost:8080/v1/AUTH_07598facf86e4c5e855a0d615d36e2ad/gnocchi.a5cee9d5-8813-44da-8793-028dd0b0944d/none_v3" "tx0a90549aadc54d2f9a0c5-00695a6757" "proxy-server 21" 0.0012 "-" 22 0
Jan 4 13:12:55 standalone proxy-server[124878]: 172.18.0.2 ::1 04/Jan/2026/13/12/55 GET /v1/AUTH_07598facf86e4c5e855a0d615d36e2ad/gnocchi.a5cee9d5-8813-44da-8793-028dd0b0944d/none_v3 HTTP/1.0 404 - python-swiftclient-3.11.1 gAAAAABpWmadl4xH... - 70 - tx0a90549aadc54d2f9a0c5-00695a6757 - 0.0180 - - 1767532375.258838892 1767532375.276816845 0
Jan 4 13:12:55 standalone account-server[122754]: 172.20.0.100 - - [04/Jan/2026:13:12:55 +0000] "PUT /d1/81/AUTH_07598facf86e4c5e855a0d615d36e2ad/gnocchi.a5cee9d5-8813-44da-8793-028dd0b0944d" 201 - "PUT http://172.20.0.100:6001/d1/823/AUTH_07598facf86e4c5e855a0d615d36e2ad/gnocchi.a5cee9d5-8813-44da-8793-028dd0b0944d" "tx921522b4c66e4a3a9a056-00695a6757" "container-server 21" 0.0092 "-" 20 0
Jan 4 13:12:55 standalone container-server[122969]: 172.20.0.100 - - [04/Jan/2026:13:12:55 +0000] "PUT /d1/823/AUTH_07598facf86e4c5e855a0d615d36e2ad/gnocchi.a5cee9d5-8813-44da-8793-028dd0b0944d" 201 - "PUT http://localhost:8080/v1/AUTH_07598facf86e4c5e855a0d615d36e2ad/gnocchi.a5cee9d5-8813-44da-8793-028dd0b0944d" "tx921522b4c66e4a3a9a056-00695a6757" "proxy-server 21" 0.0257 "-" 21 0
Jan 4 13:12:55 standalone proxy-server[124878]: 172.18.0.2 ::1 04/Jan/2026/13/12/55 PUT /v1/AUTH_07598facf86e4c5e855a0d615d36e2ad/gnocchi.a5cee9d5-8813-44da-8793-028dd0b0944d HTTP/1.0 201 - python-swiftclient-3.11.1 gAAAAABpWmadl4xH... - - - tx921522b4c66e4a3a9a056-00695a6757 - 0.0348 - - 1767532375.282065392 1767532375.316845894 0
Jan 4 13:12:55 standalone container-server[122968]: 172.20.0.100 - - [04/Jan/2026:13:12:55 +0000] "HEAD /d1/823/AUTH_07598facf86e4c5e855a0d615d36e2ad/gnocchi.a5cee9d5-8813-44da-8793-028dd0b0944d" 204 - "HEAD http://localhost:8080/v1/AUTH_07598facf86e4c5e855a0d615d36e2ad/gnocchi.a5cee9d5-8813-44da-8793-028dd0b0944d?format=json&states=listing" "tx2ecbce591e654987bdbc8-00695a6757" "proxy-server 21" 0.0027 "-" 20 0
Jan 4 13:12:55 standalone proxy-server[124878]: - - 04/Jan/2026/13/12/55 HEAD /v1/AUTH_07598facf86e4c5e855a0d615d36e2ad/gnocchi.a5cee9d5-8813-44da-8793-028dd0b0944d%3Fformat%3Djson%26states%3Dlisting HTTP/1.0 204 - Swift - - - - tx2ecbce591e654987bdbc8-00695a6757 - 0.0085 RL - 1767532375.325630665 1767532375.334158421 0
Jan 4 13:12:55 standalone container-server[122968]: 172.20.0.100 - - [04/Jan/2026:13:12:55 +0000] "GET /d1/823/AUTH_07598facf86e4c5e855a0d615d36e2ad/gnocchi.a5cee9d5-8813-44da-8793-028dd0b0944d" 200 2 "GET http://localhost:8080/v1/AUTH_07598facf86e4c5e855a0d615d36e2ad/gnocchi.a5cee9d5-8813-44da-8793-028dd0b0944d?format=json&states=listing" "tx2ecbce591e654987bdbc8-00695a6757" "proxy-server 21" 0.0032 "-" 20 0
Jan 4 13:12:55 standalone proxy-server[124878]: 172.18.0.2 ::1 04/Jan/2026/13/12/55 GET /v1/AUTH_07598facf86e4c5e855a0d615d36e2ad/gnocchi.a5cee9d5-8813-44da-8793-028dd0b0944d%3Fformat%3Djson%26states%3Dlisting HTTP/1.0 200 - python-swiftclient-3.11.1 gAAAAABpWmadl4xH... - 2 - tx2ecbce591e654987bdbc8-00695a6757 - 0.0265 - - 1767532375.323560715 1767532375.350055218 0
Jan 4 13:12:55 standalone object-server[123004]: 172.20.0.100 - - [04/Jan/2026:13:12:55 +0000] "GET /d1/502/AUTH_07598facf86e4c5e855a0d615d36e2ad/gnocchi.a5cee9d5-8813-44da-8793-028dd0b0944d/1766880000.0_mean_300.0_v3" 404 70 "GET http://localhost:8080/v1/AUTH_07598facf86e4c5e855a0d615d36e2ad/gnocchi.a5cee9d5-8813-44da-8793-028dd0b0944d/1766880000.0_mean_300.0_v3" "tx0096f8dd9ffd44418e4eb-00695a6757" "proxy-server 21" 0.0005 "-" 23 0
Jan 4 13:12:55 standalone proxy-server[124878]: 172.18.0.2 ::1 04/Jan/2026/13/12/55 GET /v1/AUTH_07598facf86e4c5e855a0d615d36e2ad/gnocchi.a5cee9d5-8813-44da-8793-028dd0b0944d/1766880000.0_mean_300.0_v3 HTTP/1.0 404 - python-swiftclient-3.11.1 gAAAAABpWmadl4xH... - 70 - tx0096f8dd9ffd44418e4eb-00695a6757 - 0.0091 - - 1767532375.357240438 1767532375.366299629 0
Jan 4 13:12:55 standalone container-server[122968]: 172.20.0.100 - - [04/Jan/2026:13:12:55 +0000] "PUT /d1/823/AUTH_07598facf86e4c5e855a0d615d36e2ad/gnocchi.a5cee9d5-8813-44da-8793-028dd0b0944d/1766880000.0_mean_300.0_v3" 201 - "PUT http://localhost:8080/d1/502/AUTH_07598facf86e4c5e855a0d615d36e2ad/gnocchi.a5cee9d5-8813-44da-8793-028dd0b0944d/1766880000.0_mean_300.0_v3" "txc6a7133e75d94bf78cad9-00695a6757" "object-server 23" 0.0014 "-" 20 0
Jan 4 13:12:55 standalone object-server[123004]: 172.20.0.100 - - [04/Jan/2026:13:12:55 +0000] "PUT /d1/502/AUTH_07598facf86e4c5e855a0d615d36e2ad/gnocchi.a5cee9d5-8813-44da-8793-028dd0b0944d/1766880000.0_mean_300.0_v3" 201 - "PUT http://localhost:8080/v1/AUTH_07598facf86e4c5e855a0d615d36e2ad/gnocchi.a5cee9d5-8813-44da-8793-028dd0b0944d/1766880000.0_mean_300.0_v3" "txc6a7133e75d94bf78cad9-00695a6757" "proxy-server 21" 0.0132 "-" 23 0
Jan 4 13:12:55 standalone proxy-server[124878]: 172.18.0.2 ::1 04/Jan/2026/13/12/55 PUT /v1/AUTH_07598facf86e4c5e855a0d615d36e2ad/gnocchi.a5cee9d5-8813-44da-8793-028dd0b0944d/1766880000.0_mean_300.0_v3 HTTP/1.0 201 - python-swiftclient-3.11.1 gAAAAABpWmadl4xH... 16 - - txc6a7133e75d94bf78cad9-00695a6757 - 0.0220 - - 1767532375.371526241 1767532375.393571854 0
Jan 4 13:12:55 standalone container-server[122978]: 172.20.0.100 - - [04/Jan/2026:13:12:55 +0000] "PUT /d1/823/AUTH_07598facf86e4c5e855a0d615d36e2ad/gnocchi.a5cee9d5-8813-44da-8793-028dd0b0944d/none_v3" 201 - "PUT http://localhost:8080/d1/604/AUTH_07598facf86e4c5e855a0d615d36e2ad/gnocchi.a5cee9d5-8813-44da-8793-028dd0b0944d/none_v3" "tx72508e6a468e4f50afcc2-00695a6757" "object-server 24" 0.0013 "-" 23 0
Jan 4 13:12:55 standalone object-server[123008]: 172.20.0.100 - - [04/Jan/2026:13:12:55 +0000] "PUT /d1/604/AUTH_07598facf86e4c5e855a0d615d36e2ad/gnocchi.a5cee9d5-8813-44da-8793-028dd0b0944d/none_v3" 201 - "PUT http://localhost:8080/v1/AUTH_07598facf86e4c5e855a0d615d36e2ad/gnocchi.a5cee9d5-8813-44da-8793-028dd0b0944d/none_v3" "tx72508e6a468e4f50afcc2-00695a6757" "proxy-server 21" 0.0169 "-" 24 0
Jan 4 13:12:55 standalone proxy-server[124878]: 172.18.0.2 ::1 04/Jan/2026/13/12/55 PUT /v1/AUTH_07598facf86e4c5e855a0d615d36e2ad/gnocchi.a5cee9d5-8813-44da-8793-028dd0b0944d/none_v3 HTTP/1.0 201 - python-swiftclient-3.11.1 gAAAAABpWmadl4xH... 22 - - tx72508e6a468e4f50afcc2-00695a6757 - 0.0307 - - 1767532375.398914099 1767532375.429570198 0
Jan 4 13:12:55 standalone container-server[122969]: 172.20.0.100 - - [04/Jan/2026:13:12:55 +0000] "HEAD /d1/376/AUTH_07598facf86e4c5e855a0d615d36e2ad/gnocchi.e70bf511-81da-4dd2-bb06-c67c6dbfb2c2" 404 - "HEAD http://localhost:8080/v1/AUTH_07598facf86e4c5e855a0d615d36e2ad/gnocchi.e70bf511-81da-4dd2-bb06-c67c6dbfb2c2?format=json&states=listing" "txac1105df0a1040e58cd24-00695a6757" "proxy-server 21" 0.0007 "-" 21 0
Jan 4 13:12:55 standalone object-server[123004]: 172.20.0.100 - - [04/Jan/2026:13:12:55 +0000] "GET /d1/811/AUTH_07598facf86e4c5e855a0d615d36e2ad/gnocchi.e70bf511-81da-4dd2-bb06-c67c6dbfb2c2/none_v3" 404 70 "GET http://localhost:8080/v1/AUTH_07598facf86e4c5e855a0d615d36e2ad/gnocchi.e70bf511-81da-4dd2-bb06-c67c6dbfb2c2/none_v3" "txac1105df0a1040e58cd24-00695a6757" "proxy-server 21" 0.0007 "-" 23 0
Jan 4 13:12:55 standalone proxy-server[124878]: 172.18.0.2 ::1 04/Jan/2026/13/12/55 GET /v1/AUTH_07598facf86e4c5e855a0d615d36e2ad/gnocchi.e70bf511-81da-4dd2-bb06-c67c6dbfb2c2/none_v3 HTTP/1.0 404 - python-swiftclient-3.11.1 gAAAAABpWmadl4xH... - 70 - txac1105df0a1040e58cd24-00695a6757 - 0.0156 - - 1767532375.450741529 1767532375.466295004 0
Jan 4 13:12:55 standalone account-server[122754]: 172.20.0.100 - - [04/Jan/2026:13:12:55 +0000] "PUT /d1/81/AUTH_07598facf86e4c5e855a0d615d36e2ad/gnocchi.e70bf511-81da-4dd2-bb06-c67c6dbfb2c2" 201 - "PUT http://172.20.0.100:6001/d1/376/AUTH_07598facf86e4c5e855a0d615d36e2ad/gnocchi.e70bf511-81da-4dd2-bb06-c67c6dbfb2c2" "tx54b0cd91af77490bbd49a-00695a6757" "container-server 21" 0.0066 "-" 20 0
Jan 4 13:12:55 standalone container-server[122969]: 172.20.0.100 - - [04/Jan/2026:13:12:55 +0000] "PUT /d1/376/AUTH_07598facf86e4c5e855a0d615d36e2ad/gnocchi.e70bf511-81da-4dd2-bb06-c67c6dbfb2c2" 201 - "PUT http://localhost:8080/v1/AUTH_07598facf86e4c5e855a0d615d36e2ad/gnocchi.e70bf511-81da-4dd2-bb06-c67c6dbfb2c2" "tx54b0cd91af77490bbd49a-00695a6757" "proxy-server 21" 0.0200 "-" 21 0
Jan 4 13:12:55 standalone proxy-server[124878]: 172.18.0.2 ::1 04/Jan/2026/13/12/55 PUT /v1/AUTH_07598facf86e4c5e855a0d615d36e2ad/gnocchi.e70bf511-81da-4dd2-bb06-c67c6dbfb2c2 HTTP/1.0 201 - python-swiftclient-3.11.1 gAAAAABpWmadl4xH... - - - tx54b0cd91af77490bbd49a-00695a6757 - 0.0266 - - 1767532375.472264051 1767532375.498821735 0
Jan 4 13:12:55 standalone container-server[122978]: 172.20.0.100 - - [04/Jan/2026:13:12:55 +0000] "HEAD /d1/376/AUTH_07598facf86e4c5e855a0d615d36e2ad/gnocchi.e70bf511-81da-4dd2-bb06-c67c6dbfb2c2" 204 - "HEAD http://localhost:8080/v1/AUTH_07598facf86e4c5e855a0d615d36e2ad/gnocchi.e70bf511-81da-4dd2-bb06-c67c6dbfb2c2?format=json&states=listing" "txb2a10821b2be45829d8ac-00695a6757" "proxy-server 21" 0.0024 "-" 23 0
Jan 4 13:12:55 standalone proxy-server[124878]: - - 04/Jan/2026/13/12/55 HEAD /v1/AUTH_07598facf86e4c5e855a0d615d36e2ad/gnocchi.e70bf511-81da-4dd2-bb06-c67c6dbfb2c2%3Fformat%3Djson%26states%3Dlisting HTTP/1.0 204 - Swift - - - - txb2a10821b2be45829d8ac-00695a6757 - 0.0078 RL - 1767532375.506297588 1767532375.514124632 0
Jan 4 13:12:55 standalone container-server[122978]: 172.20.0.100 - - [04/Jan/2026:13:12:55 +0000] "GET /d1/376/AUTH_07598facf86e4c5e855a0d615d36e2ad/gnocchi.e70bf511-81da-4dd2-bb06-c67c6dbfb2c2" 200 2 "GET http://localhost:8080/v1/AUTH_07598facf86e4c5e855a0d615d36e2ad/gnocchi.e70bf511-81da-4dd2-bb06-c67c6dbfb2c2?format=json&states=listing" "txb2a10821b2be45829d8ac-00695a6757" "proxy-server 21" 0.0032 "-" 23 0
Jan 4 13:12:55 standalone proxy-server[124878]: 172.18.0.2 ::1 04/Jan/2026/13/12/55 GET /v1/AUTH_07598facf86e4c5e855a0d615d36e2ad/gnocchi.e70bf511-81da-4dd2-bb06-c67c6dbfb2c2%3Fformat%3Djson%26states%3Dlisting HTTP/1.0 200 - python-swiftclient-3.11.1 gAAAAABpWmadl4xH... - 2 - txb2a10821b2be45829d8ac-00695a6757 - 0.0216 - - 1767532375.504675388 1767532375.526316404 0
Jan 4 13:12:55 standalone object-server[123004]: 172.20.0.100 - - [04/Jan/2026:13:12:55 +0000] "GET /d1/814/AUTH_07598facf86e4c5e855a0d615d36e2ad/gnocchi.e70bf511-81da-4dd2-bb06-c67c6dbfb2c2/1766880000.0_mean_300.0_v3" 404 70 "GET http://localhost:8080/v1/AUTH_07598facf86e4c5e855a0d615d36e2ad/gnocchi.e70bf511-81da-4dd2-bb06-c67c6dbfb2c2/1766880000.0_mean_300.0_v3" "txe150f3ed98df4458ad8ed-00695a6757" "proxy-server 21" 0.0005 "-" 23 0
Jan 4 13:12:55 standalone proxy-server[124878]: 172.18.0.2 ::1 04/Jan/2026/13/12/55 GET /v1/AUTH_07598facf86e4c5e855a0d615d36e2ad/gnocchi.e70bf511-81da-4dd2-bb06-c67c6dbfb2c2/1766880000.0_mean_300.0_v3 HTTP/1.0 404 - python-swiftclient-3.11.1 gAAAAABpWmadl4xH... - 70 - txe150f3ed98df4458ad8ed-00695a6757 - 0.0087 - - 1767532375.532758713 1767532375.541508436 0
Jan 4 13:12:55 standalone container-server[122969]: 172.20.0.100 - - [04/Jan/2026:13:12:55 +0000] "PUT /d1/376/AUTH_07598facf86e4c5e855a0d615d36e2ad/gnocchi.e70bf511-81da-4dd2-bb06-c67c6dbfb2c2/1766880000.0_mean_300.0_v3" 201 - "PUT http://localhost:8080/d1/814/AUTH_07598facf86e4c5e855a0d615d36e2ad/gnocchi.e70bf511-81da-4dd2-bb06-c67c6dbfb2c2/1766880000.0_mean_300.0_v3" "tx0b607f10a354431a8933a-00695a6757" "object-server 25" 0.0007 "-" 21 0
Jan 4 13:12:55 standalone object-server[123009]: 172.20.0.100 - - [04/Jan/2026:13:12:55 +0000] "PUT /d1/814/AUTH_07598facf86e4c5e855a0d615d36e2ad/gnocchi.e70bf511-81da-4dd2-bb06-c67c6dbfb2c2/1766880000.0_mean_300.0_v3" 201 - "PUT http://localhost:8080/v1/AUTH_07598facf86e4c5e855a0d615d36e2ad/gnocchi.e70bf511-81da-4dd2-bb06-c67c6dbfb2c2/1766880000.0_mean_300.0_v3" "tx0b607f10a354431a8933a-00695a6757" "proxy-server 21" 0.0118 "-" 25 0
Jan 4 13:12:55 standalone proxy-server[124878]: 172.18.0.2 ::1 04/Jan/2026/13/12/55 PUT /v1/AUTH_07598facf86e4c5e855a0d615d36e2ad/gnocchi.e70bf511-81da-4dd2-bb06-c67c6dbfb2c2/1766880000.0_mean_300.0_v3 HTTP/1.0 201 - python-swiftclient-3.11.1 gAAAAABpWmadl4xH... 16 - - tx0b607f10a354431a8933a-00695a6757 - 0.0202 - - 1767532375.546432495 1767532375.566643476 0
Jan 4 13:12:55 standalone container-server[122978]: 172.20.0.100 - - [04/Jan/2026:13:12:55 +0000] "PUT /d1/376/AUTH_07598facf86e4c5e855a0d615d36e2ad/gnocchi.e70bf511-81da-4dd2-bb06-c67c6dbfb2c2/none_v3" 201 - "PUT http://localhost:8080/d1/811/AUTH_07598facf86e4c5e855a0d615d36e2ad/gnocchi.e70bf511-81da-4dd2-bb06-c67c6dbfb2c2/none_v3" "tx8c51e18220fa4506b832e-00695a6757" "object-server 24" 0.0007 "-" 23 0
Jan 4 13:12:55 standalone object-server[123008]: 172.20.0.100 - - [04/Jan/2026:13:12:55 +0000] "PUT /d1/811/AUTH_07598facf86e4c5e855a0d615d36e2ad/gnocchi.e70bf511-81da-4dd2-bb06-c67c6dbfb2c2/none_v3" 201 - "PUT http://localhost:8080/v1/AUTH_07598facf86e4c5e855a0d615d36e2ad/gnocchi.e70bf511-81da-4dd2-bb06-c67c6dbfb2c2/none_v3" "tx8c51e18220fa4506b832e-00695a6757" "proxy-server 21" 0.0107 "-" 24 0
Jan 4 13:12:55 standalone proxy-server[124878]: 172.18.0.2 ::1 04/Jan/2026/13/12/55 PUT /v1/AUTH_07598facf86e4c5e855a0d615d36e2ad/gnocchi.e70bf511-81da-4dd2-bb06-c67c6dbfb2c2/none_v3 HTTP/1.0 201 - python-swiftclient-3.11.1 gAAAAABpWmadl4xH... 22 - - tx8c51e18220fa4506b832e-00695a6757 - 0.0188 - - 1767532375.571682453 1767532375.590493679 0
Jan 4 13:12:55 standalone container-server[122968]: 172.20.0.100 - - [04/Jan/2026:13:12:55 +0000] "HEAD /d1/244/AUTH_07598facf86e4c5e855a0d615d36e2ad/gnocchi.7d96a52b-adde-41a0-a4e4-b58d86726c88" 404 - "HEAD http://localhost:8080/v1/AUTH_07598facf86e4c5e855a0d615d36e2ad/gnocchi.7d96a52b-adde-41a0-a4e4-b58d86726c88?format=json&states=listing" "tx3eb9e65bfe904dfc80abc-00695a6757" "proxy-server 21" 0.0006 "-" 20 0
Jan 4 13:12:55 standalone object-server[123009]: 172.20.0.100 - - [04/Jan/2026:13:12:55 +0000] "GET /d1/186/AUTH_07598facf86e4c5e855a0d615d36e2ad/gnocchi.7d96a52b-adde-41a0-a4e4-b58d86726c88/none_v3" 404 70 "GET http://localhost:8080/v1/AUTH_07598facf86e4c5e855a0d615d36e2ad/gnocchi.7d96a52b-adde-41a0-a4e4-b58d86726c88/none_v3" "tx3eb9e65bfe904dfc80abc-00695a6757" "proxy-server 21" 0.0004 "-" 25 0
Jan 4 13:12:55 standalone proxy-server[124878]: 172.18.0.2 ::1 04/Jan/2026/13/12/55 GET /v1/AUTH_07598facf86e4c5e855a0d615d36e2ad/gnocchi.7d96a52b-adde-41a0-a4e4-b58d86726c88/none_v3 HTTP/1.0 404 - python-swiftclient-3.11.1 gAAAAABpWmadl4xH... - 70 - tx3eb9e65bfe904dfc80abc-00695a6757 - 0.0135 - - 1767532375.605891228 1767532375.619346857 0
Jan 4 13:12:55 standalone account-server[122758]: 172.20.0.100 - - [04/Jan/2026:13:12:55 +0000] "PUT /d1/81/AUTH_07598facf86e4c5e855a0d615d36e2ad/gnocchi.7d96a52b-adde-41a0-a4e4-b58d86726c88" 201 - "PUT http://172.20.0.100:6001/d1/244/AUTH_07598facf86e4c5e855a0d615d36e2ad/gnocchi.7d96a52b-adde-41a0-a4e4-b58d86726c88" "tx623f6e33deed4b9cb78ca-00695a6757" "container-server 22" 0.0054 "-" 21 0
Jan 4 13:12:55 standalone container-server[122971]: 172.20.0.100 - - [04/Jan/2026:13:12:55 +0000] "PUT /d1/244/AUTH_07598facf86e4c5e855a0d615d36e2ad/gnocchi.7d96a52b-adde-41a0-a4e4-b58d86726c88" 201 - "PUT http://localhost:8080/v1/AUTH_07598facf86e4c5e855a0d615d36e2ad/gnocchi.7d96a52b-adde-41a0-a4e4-b58d86726c88" "tx623f6e33deed4b9cb78ca-00695a6757" "proxy-server 21" 0.0192 "-" 22 0
Jan 4 13:12:55 standalone proxy-server[124878]: 172.18.0.2 ::1 04/Jan/2026/13/12/55 PUT /v1/AUTH_07598facf86e4c5e855a0d615d36e2ad/gnocchi.7d96a52b-adde-41a0-a4e4-b58d86726c88 HTTP/1.0 201 - python-swiftclient-3.11.1 gAAAAABpWmadl4xH... - - - tx623f6e33deed4b9cb78ca-00695a6757 - 0.0270 - - 1767532375.623755217 1767532375.650721788 0
Jan 4 13:12:55 standalone container-server[122969]: 172.20.0.100 - - [04/Jan/2026:13:12:55 +0000] "HEAD /d1/244/AUTH_07598facf86e4c5e855a0d615d36e2ad/gnocchi.7d96a52b-adde-41a0-a4e4-b58d86726c88" 204 - "HEAD http://localhost:8080/v1/AUTH_07598facf86e4c5e855a0d615d36e2ad/gnocchi.7d96a52b-adde-41a0-a4e4-b58d86726c88?format=json&states=listing" "txfd3ffc2022414c4abfc1b-00695a6757" "proxy-server 21" 0.0020 "-" 21 0
Jan 4 13:12:55 standalone proxy-server[124878]: - - 04/Jan/2026/13/12/55 HEAD /v1/AUTH_07598facf86e4c5e855a0d615d36e2ad/gnocchi.7d96a52b-adde-41a0-a4e4-b58d86726c88%3Fformat%3Djson%26states%3Dlisting HTTP/1.0 204 - Swift - - - - txfd3ffc2022414c4abfc1b-00695a6757 - 0.0063 RL - 1767532375.657760620 1767532375.664102554 0
Jan 4 13:12:55 standalone container-server[122978]: 172.20.0.100 - - [04/Jan/2026:13:12:55 +0000] "GET /d1/244/AUTH_07598facf86e4c5e855a0d615d36e2ad/gnocchi.7d96a52b-adde-41a0-a4e4-b58d86726c88" 200 2 "GET http://localhost:8080/v1/AUTH_07598facf86e4c5e855a0d615d36e2ad/gnocchi.7d96a52b-adde-41a0-a4e4-b58d86726c88?format=json&states=listing" "txfd3ffc2022414c4abfc1b-00695a6757" "proxy-server 21" 0.0032 "-" 23 0
Jan 4 13:12:55 standalone proxy-server[124878]: 172.18.0.2 ::1 04/Jan/2026/13/12/55 GET /v1/AUTH_07598facf86e4c5e855a0d615d36e2ad/gnocchi.7d96a52b-adde-41a0-a4e4-b58d86726c88%3Fformat%3Djson%26states%3Dlisting HTTP/1.0 200 - python-swiftclient-3.11.1 gAAAAABpWmadl4xH... - 2 - txfd3ffc2022414c4abfc1b-00695a6757 - 0.0197 - - 1767532375.656057835 1767532375.675792217 0
Jan 4 13:12:55 standalone object-server[123009]: 172.20.0.100 - - [04/Jan/2026:13:12:55 +0000] "GET /d1/880/AUTH_07598facf86e4c5e855a0d615d36e2ad/gnocchi.7d96a52b-adde-41a0-a4e4-b58d86726c88/1766880000.0_mean_300.0_v3" 404 70 "GET http://localhost:8080/v1/AUTH_07598facf86e4c5e855a0d615d36e2ad/gnocchi.7d96a52b-adde-41a0-a4e4-b58d86726c88/1766880000.0_mean_300.0_v3" "tx1fa8f0b700d7466a836eb-00695a6757" "proxy-server 21" 0.0003 "-" 25 0
Jan 4 13:12:55 standalone proxy-server[124878]: 172.18.0.2 ::1 04/Jan/2026/13/12/55 GET /v1/AUTH_07598facf86e4c5e855a0d615d36e2ad/gnocchi.7d96a52b-adde-41a0-a4e4-b58d86726c88/1766880000.0_mean_300.0_v3 HTTP/1.0 404 - python-swiftclient-3.11.1 gAAAAABpWmadl4xH... - 70 - tx1fa8f0b700d7466a836eb-00695a6757 - 0.0084 - - 1767532375.681496620 1767532375.689931870 0
Jan 4 13:12:55 standalone container-server[122978]: 172.20.0.100 - - [04/Jan/2026:13:12:55 +0000] "PUT /d1/244/AUTH_07598facf86e4c5e855a0d615d36e2ad/gnocchi.7d96a52b-adde-41a0-a4e4-b58d86726c88/1766880000.0_mean_300.0_v3" 201 - "PUT http://localhost:8080/d1/880/AUTH_07598facf86e4c5e855a0d615d36e2ad/gnocchi.7d96a52b-adde-41a0-a4e4-b58d86726c88/1766880000.0_mean_300.0_v3" "tx44813294d4a643d883f63-00695a6757" "object-server 23" 0.0007 "-" 23 0
Jan 4 13:12:55 standalone object-server[123004]: 172.20.0.100 - - [04/Jan/2026:13:12:55 +0000] "PUT /d1/880/AUTH_07598facf86e4c5e855a0d615d36e2ad/gnocchi.7d96a52b-adde-41a0-a4e4-b58d86726c88/1766880000.0_mean_300.0_v3" 201 - "PUT http://localhost:8080/v1/AUTH_07598facf86e4c5e855a0d615d36e2ad/gnocchi.7d96a52b-adde-41a0-a4e4-b58d86726c88/1766880000.0_mean_300.0_v3" "tx44813294d4a643d883f63-00695a6757" "proxy-server 21" 0.0120 "-" 23 0
Jan 4 13:12:55 standalone proxy-server[124878]: 172.18.0.2 ::1 04/Jan/2026/13/12/55 PUT /v1/AUTH_07598facf86e4c5e855a0d615d36e2ad/gnocchi.7d96a52b-adde-41a0-a4e4-b58d86726c88/1766880000.0_mean_300.0_v3 HTTP/1.0 201 - python-swiftclient-3.11.1 gAAAAABpWmadl4xH... 16 - - tx44813294d4a643d883f63-00695a6757 - 0.0209 - - 1767532375.696200371 1767532375.717135668 0
Jan 4 13:12:55 standalone container-server[122969]: 172.20.0.100 - - [04/Jan/2026:13:12:55 +0000] "PUT /d1/244/AUTH_07598facf86e4c5e855a0d615d36e2ad/gnocchi.7d96a52b-adde-41a0-a4e4-b58d86726c88/none_v3" 201 - "PUT http://localhost:8080/d1/186/AUTH_07598facf86e4c5e855a0d615d36e2ad/gnocchi.7d96a52b-adde-41a0-a4e4-b58d86726c88/none_v3" "txe43450e75f354d06b8fd0-00695a6757" "object-server 24" 0.0008 "-" 21 0
Jan 4 13:12:55 standalone object-server[123008]: 172.20.0.100 - - [04/Jan/2026:13:12:55 +0000] "PUT /d1/186/AUTH_07598facf86e4c5e855a0d615d36e2ad/gnocchi.7d96a52b-adde-41a0-a4e4-b58d86726c88/none_v3" 201 - "PUT http://localhost:8080/v1/AUTH_07598facf86e4c5e855a0d615d36e2ad/gnocchi.7d96a52b-adde-41a0-a4e4-b58d86726c88/none_v3" "txe43450e75f354d06b8fd0-00695a6757" "proxy-server 21" 0.0110 "-" 24 0
Jan 4 13:12:55 standalone proxy-server[124878]: 172.18.0.2 ::1 04/Jan/2026/13/12/55 PUT /v1/AUTH_07598facf86e4c5e855a0d615d36e2ad/gnocchi.7d96a52b-adde-41a0-a4e4-b58d86726c88/none_v3 HTTP/1.0 201 - python-swiftclient-3.11.1 gAAAAABpWmadl4xH... 22 - - txe43450e75f354d06b8fd0-00695a6757 - 0.0191 - - 1767532375.721991062 1767532375.741099119 0
Jan 4 13:13:45 standalone account-server[122754]: 172.20.0.100 - - [04/Jan/2026:13:13:45 +0000] "HEAD /d1/261/.expiring_objects" 404 - "HEAD http://localhost/v1/.expiring_objects?format=json" "tx457f88dc62cb4eb5ac36e-00695a6789" "proxy-server 2" 0.0007 "-" 20 -
Jan 4 13:13:45 standalone object-expirer[122785]: Pass completed in 0s; 0 objects expired (txn: tx457f88dc62cb4eb5ac36e-00695a6789)
Jan 4 13:13:56 standalone container-server[122727]: Begin container update sweep
Jan 4 13:13:56 standalone account-server[122758]: 172.20.0.100 - - [04/Jan/2026:13:13:56 +0000] "PUT /d1/81/AUTH_07598facf86e4c5e855a0d615d36e2ad/gnocchi.f911ca32-27ab-460c-971d-0130ad2deaa1" 201 - "-" "-" "container-updater 2" 0.0007 "-" 21 0
Jan 4 13:13:56 standalone account-server[122754]: 172.20.0.100 - - [04/Jan/2026:13:13:56 +0000] "PUT /d1/81/AUTH_07598facf86e4c5e855a0d615d36e2ad/gnocchi.ab831aa0-9efb-4af7-9a6a-cbecccbce106" 201 - "-" "-" "container-updater 2" 0.0010 "-" 20 0
Jan 4 13:13:56 standalone account-server[122758]: 172.20.0.100 - - [04/Jan/2026:13:13:56 +0000] "PUT /d1/81/AUTH_07598facf86e4c5e855a0d615d36e2ad/gnocchi.50cdb94c-830c-41f3-b904-6534bbf97a01" 201 - "-" "-" "container-updater 2" 0.0006 "-" 21 0
Jan 4 13:13:56 standalone account-server[122758]: 172.20.0.100 - - [04/Jan/2026:13:13:56 +0000] "PUT /d1/81/AUTH_07598facf86e4c5e855a0d615d36e2ad/gnocchi.5b23b449-24e9-40f2-9cdb-2b40f94a58a7" 201 - "-" "-" "container-updater 2" 0.0008 "-" 21 0
Jan 4 13:13:57 standalone account-server[122758]: 172.20.0.100 - - [04/Jan/2026:13:13:57 +0000] "PUT /d1/81/AUTH_07598facf86e4c5e855a0d615d36e2ad/gnocchi.47b81eb0-f9be-4afb-8718-666a3b10b0f7" 201 - "-" "-" "container-updater 2" 0.0006 "-" 21 0
Jan 4 13:13:57 standalone account-server[122754]: 172.20.0.100 - - [04/Jan/2026:13:13:57 +0000] "PUT /d1/81/AUTH_07598facf86e4c5e855a0d615d36e2ad/glance" 201 - "-" "-" "container-updater 2" 0.0005 "-" 20 0
Jan 4 13:13:57 standalone account-server[122758]: 172.20.0.100 - - [04/Jan/2026:13:13:57 +0000] "PUT /d1/81/AUTH_07598facf86e4c5e855a0d615d36e2ad/gnocchi.2ee8ef02-0e05-48cc-acc3-1249cfd9ac5b" 201 - "-" "-" "container-updater 2" 0.0007 "-" 21 0
Jan 4 13:13:57 standalone account-server[122766]: 172.20.0.100 - - [04/Jan/2026:13:13:57 +0000] "PUT /d1/81/AUTH_07598facf86e4c5e855a0d615d36e2ad/gnocchi.963e509c-3f9d-4d5b-bd56-20c07d14de96" 201 - "-" "-" "container-updater 2" 0.0007 "-" 23 0
Jan 4 13:13:57 standalone account-server[122758]: 172.20.0.100 - - [04/Jan/2026:13:13:57 +0000] "PUT /d1/81/AUTH_07598facf86e4c5e855a0d615d36e2ad/gnocchi.28b943d2-01ee-4ef9-9bac-59c1dfbd9f19" 201 - "-" "-" "container-updater 2" 0.0007 "-" 21 0
Jan 4 13:13:57 standalone account-server[122754]: 172.20.0.100 - - [04/Jan/2026:13:13:57 +0000] "PUT /d1/81/AUTH_07598facf86e4c5e855a0d615d36e2ad/gnocchi.a5cee9d5-8813-44da-8793-028dd0b0944d" 201 - "-" "-" "container-updater 2" 0.0007 "-" 20 0
Jan 4 13:13:57 standalone account-server[122765]: 172.20.0.100 - - [04/Jan/2026:13:13:57 +0000] "PUT /d1/81/AUTH_07598facf86e4c5e855a0d615d36e2ad/gnocchi.92266ac0-23a4-4136-8a08-46356218fe35" 201 - "-" "-" "container-updater 2" 0.0007 "-" 22 0
Jan 4 13:13:57 standalone account-server[122758]: 172.20.0.100 - - [04/Jan/2026:13:13:57 +0000] "PUT /d1/81/AUTH_07598facf86e4c5e855a0d615d36e2ad/gnocchi.7d96a52b-adde-41a0-a4e4-b58d86726c88" 201 - "-" "-" "container-updater 2" 0.0006 "-" 21 0
Jan 4 13:13:57 standalone account-server[122758]: 172.20.0.100 - - [04/Jan/2026:13:13:57 +0000] "PUT /d1/81/AUTH_07598facf86e4c5e855a0d615d36e2ad/gnocchi.9b02208d-0983-4a4d-b6a5-10cba34a943e" 201 - "-" "-" "container-updater 2" 0.0007 "-" 21 0
Jan 4 13:13:58 standalone account-server[122766]: 172.20.0.100 - - [04/Jan/2026:13:13:58 +0000] "PUT /d1/81/AUTH_07598facf86e4c5e855a0d615d36e2ad/gnocchi.4ed4e173-1e3a-4d6d-9126-447dd46205c9" 201 - "-" "-" "container-updater 2" 0.0008 "-" 23 0
Jan 4 13:13:58 standalone account-server[122758]: 172.20.0.100 - - [04/Jan/2026:13:13:58 +0000] "PUT /d1/81/AUTH_07598facf86e4c5e855a0d615d36e2ad/gnocchi.bf68c0a2-353b-4c8b-ab15-3034f7195313" 201 - "-" "-" "container-updater 2" 0.0009 "-" 21 0
Jan 4 13:13:58 standalone account-server[122758]: 172.20.0.100 - - [04/Jan/2026:13:13:58 +0000] "PUT /d1/81/AUTH_07598facf86e4c5e855a0d615d36e2ad/gnocchi.83f6e994-eea6-4b6e-87e6-19b11b6dec3f" 201 - "-" "-" "container-updater 2" 0.0007 "-" 21 0
Jan 4 13:13:58 standalone account-server[122754]: 172.20.0.100 - - [04/Jan/2026:13:13:58 +0000] "PUT /d1/81/AUTH_07598facf86e4c5e855a0d615d36e2ad/gnocchi.daf529e7-ec36-49d9-b19c-3f6261025748" 201 - "-" "-" "container-updater 2" 0.0007 "-" 20 0
Jan 4 13:13:58 standalone account-server[122766]: 172.20.0.100 - - [04/Jan/2026:13:13:58 +0000] "PUT /d1/81/AUTH_07598facf86e4c5e855a0d615d36e2ad/gnocchi.cb82baf6-7894-4efb-97e2-87f251233c98" 201 - "-" "-" "container-updater 2" 0.0009 "-" 23 0
Jan 4 13:13:58 standalone account-server[122765]: 172.20.0.100 - - [04/Jan/2026:13:13:58 +0000] "PUT /d1/81/AUTH_07598facf86e4c5e855a0d615d36e2ad/gnocchi.e70bf511-81da-4dd2-bb06-c67c6dbfb2c2" 201 - "-" "-" "container-updater 2" 0.0007 "-" 22 0
Jan 4 13:13:58 standalone account-server[122754]: 172.20.0.100 - - [04/Jan/2026:13:13:58 +0000] "PUT /d1/81/AUTH_07598facf86e4c5e855a0d615d36e2ad/gnocchi.f4c4550e-9712-4735-82af-a141d6671886" 201 - "-" "-" "container-updater 2" 0.0008 "-" 20 0
Jan 4 13:13:58 standalone account-server[122766]: 172.20.0.100 - - [04/Jan/2026:13:13:58 +0000] "PUT /d1/81/AUTH_07598facf86e4c5e855a0d615d36e2ad/gnocchi.184d3ed6-216e-4205-9207-46b269aeeaf2" 201 - "-" "-" "container-updater 2" 0.0007 "-" 23 0
Jan 4 13:13:58 standalone account-server[122758]: 172.20.0.100 - - [04/Jan/2026:13:13:58 +0000] "PUT /d1/81/AUTH_07598facf86e4c5e855a0d615d36e2ad/gnocchi.420ae294-7ddf-4130-b623-5d6e04546204" 201 - "-" "-" "container-updater 2" 0.0007 "-" 21 0
Jan 4 13:13:59 standalone account-server[122766]: 172.20.0.100 - - [04/Jan/2026:13:13:59 +0000] "PUT /d1/81/AUTH_07598facf86e4c5e855a0d615d36e2ad/gnocchi.5af66b53-1349-4007-af97-0e0c3f3b1f77" 201 - "-" "-" "container-updater 2" 0.0009 "-" 23 0
Jan 4 13:13:59 standalone container-server[122727]: Container update sweep completed: 2.58s
Jan 4 13:16:50 standalone account-server[122766]: 172.20.0.100 - - [04/Jan/2026:13:16:50 +0000] "HEAD /d1/261/.expiring_objects" 404 - "HEAD http://localhost/v1/.expiring_objects?format=json" "txbd93dd0253ef425dbaa25-00695a6842" "proxy-server 2" 0.0008 "-" 23 -
Jan 4 13:16:50 standalone object-expirer[122785]: Pass completed in 0s; 0 objects expired (txn: txbd93dd0253ef425dbaa25-00695a6842)
Jan 4 13:16:52 standalone object-server[122998]: Begin object update sweep
Jan 4 13:16:52 standalone object-server[251998]: Object update sweep starting on /srv/node/d1 (pid: 15)
Jan 4 13:16:52 standalone object-server[251998]: Object update sweep completed on /srv/node/d1 in 0.00s seconds:, 0 successes, 0 failures, 0 quarantines, 0 unlinks, 0 errors, 0 redirects (pid: 15)
Jan 4 13:16:52 standalone object-server[251998]: Object update sweep of d1 completed: 0.00s, 0 successes, 0 failures, 0 quarantines, 0 unlinks, 0 errors, 0 redirects
Jan 4 13:16:52 standalone object-server[122998]: Object update sweep completed: 0.11s
Jan 4 13:17:45 standalone account-server[122758]: 172.20.0.100 - - [04/Jan/2026:13:17:45 +0000] "HEAD /d1/261/.expiring_objects" 404 - "HEAD http://localhost/v1/.expiring_objects?format=json" "txf4147b7def004f0b9b4cc-00695a6879" "proxy-server 2" 0.0006 "-" 21 -
Jan 4 13:17:45 standalone object-expirer[122785]: Pass completed in 0s; 0 objects expired (txn: txf4147b7def004f0b9b4cc-00695a6879)
Jan 4 13:18:56 standalone container-server[122727]: Begin container update sweep
Jan 4 13:18:58 standalone container-server[122727]: Container update sweep completed: 1.54s
Jan 4 13:19:38 standalone account-server[122758]: 172.20.0.100 - - [04/Jan/2026:13:19:38 +0000] "HEAD /d1/261/.expiring_objects" 404 - "HEAD http://localhost/v1/.expiring_objects?format=json" "txad16f1c2abcd4b7fba495-00695a68ea" "proxy-server 2" 0.0006 "-" 21 -
Jan 4 13:19:38 standalone object-expirer[122785]: Pass completed in 0s; 0 objects expired (txn: txad16f1c2abcd4b7fba495-00695a68ea)
Jan 4 13:21:52 standalone object-server[122998]: Begin object update sweep
Jan 4 13:21:52 standalone object-server[276345]: Object update sweep starting on /srv/node/d1 (pid: 16)
Jan 4 13:21:52 standalone object-server[276345]: Object update sweep completed on /srv/node/d1 in 0.00s seconds:, 0 successes, 0 failures, 0 quarantines, 0 unlinks, 0 errors, 0 redirects (pid: 16)
Jan 4 13:21:52 standalone object-server[276345]: Object update sweep of d1 completed: 0.00s, 0 successes, 0 failures, 0 quarantines, 0 unlinks, 0 errors, 0 redirects
Jan 4 13:21:52 standalone object-server[122998]: Object update sweep completed: 0.08s
Jan 4 13:22:27 standalone account-server[122372]: Devices pass completed: 0.00s