Jan 4 13:12:54 standalone container-server[122969]: 172.20.0.100 - - [04/Jan/2026:13:12:54 +0000] "GET /d1/486/AUTH_07598facf86e4c5e855a0d615d36e2ad/gnocchi.420ae294-7ddf-4130-b623-5d6e04546204" 200 2 "GET http://localhost:8080/v1/AUTH_07598facf86e4c5e855a0d615d36e2ad/gnocchi.420ae294-7ddf-4130-b623-5d6e04546204?format=json&states=listing" "tx7bcc5e4f665e4ba1b9b0d-00695a6756" "proxy-server 21" 0.0024 "-" 21 0
Jan 4 13:12:54 standalone proxy-server[124878]: 172.18.0.2 ::1 04/Jan/2026/13/12/54 GET /v1/AUTH_07598facf86e4c5e855a0d615d36e2ad/gnocchi.420ae294-7ddf-4130-b623-5d6e04546204%3Fformat%3Djson%26states%3Dlisting HTTP/1.0 200 - python-swiftclient-3.11.1 gAAAAABpWmadl4xH... - 2 - tx7bcc5e4f665e4ba1b9b0d-00695a6756 - 0.0138 - - 1767532374.005846262 1767532374.019613266 0
Jan 4 13:12:54 standalone object-server[122996]: 172.20.0.100 - - [04/Jan/2026:13:12:54 +0000] "GET /d1/391/AUTH_07598facf86e4c5e855a0d615d36e2ad/gnocchi.420ae294-7ddf-4130-b623-5d6e04546204/1766880000.0_mean_300.0_v3" 404 70 "GET http://localhost:8080/v1/AUTH_07598facf86e4c5e855a0d615d36e2ad/gnocchi.420ae294-7ddf-4130-b623-5d6e04546204/1766880000.0_mean_300.0_v3" "tx3d10951f147e4922a5c01-00695a6756" "proxy-server 21" 0.0003 "-" 22 0
Jan 4 13:12:54 standalone proxy-server[124878]: 172.18.0.2 ::1 04/Jan/2026/13/12/54 GET /v1/AUTH_07598facf86e4c5e855a0d615d36e2ad/gnocchi.420ae294-7ddf-4130-b623-5d6e04546204/1766880000.0_mean_300.0_v3 HTTP/1.0 404 - python-swiftclient-3.11.1 gAAAAABpWmadl4xH... - 70 - tx3d10951f147e4922a5c01-00695a6756 - 0.0039 - - 1767532374.023018122 1767532374.026942492 0
Jan 4 13:12:54 standalone container-server[122971]: 172.20.0.100 - - [04/Jan/2026:13:12:54 +0000] "PUT /d1/486/AUTH_07598facf86e4c5e855a0d615d36e2ad/gnocchi.420ae294-7ddf-4130-b623-5d6e04546204/1766880000.0_mean_300.0_v3" 201 - "PUT http://localhost:8080/d1/391/AUTH_07598facf86e4c5e855a0d615d36e2ad/gnocchi.420ae294-7ddf-4130-b623-5d6e04546204/1766880000.0_mean_300.0_v3" "tx2b2cf24b738d488c8ba11-00695a6756" "object-server 24" 0.0006 "-" 22 0
Jan 4 13:12:54 standalone object-server[123008]: 172.20.0.100 - - [04/Jan/2026:13:12:54 +0000] "PUT /d1/391/AUTH_07598facf86e4c5e855a0d615d36e2ad/gnocchi.420ae294-7ddf-4130-b623-5d6e04546204/1766880000.0_mean_300.0_v3" 201 - "PUT http://localhost:8080/v1/AUTH_07598facf86e4c5e855a0d615d36e2ad/gnocchi.420ae294-7ddf-4130-b623-5d6e04546204/1766880000.0_mean_300.0_v3" "tx2b2cf24b738d488c8ba11-00695a6756" "proxy-server 21" 0.0077 "-" 24 0
Jan 4 13:12:54 standalone proxy-server[124878]: 172.18.0.2 ::1 04/Jan/2026/13/12/54 PUT /v1/AUTH_07598facf86e4c5e855a0d615d36e2ad/gnocchi.420ae294-7ddf-4130-b623-5d6e04546204/1766880000.0_mean_300.0_v3 HTTP/1.0 201 - python-swiftclient-3.11.1 gAAAAABpWmadl4xH... 16 - - tx2b2cf24b738d488c8ba11-00695a6756 - 0.0115 - - 1767532374.029578447 1767532374.041090012 0
Jan 4 13:12:54 standalone container-server[122978]: 172.20.0.100 - - [04/Jan/2026:13:12:54 +0000] "PUT /d1/486/AUTH_07598facf86e4c5e855a0d615d36e2ad/gnocchi.420ae294-7ddf-4130-b623-5d6e04546204/none_v3" 201 - "PUT http://localhost:8080/d1/611/AUTH_07598facf86e4c5e855a0d615d36e2ad/gnocchi.420ae294-7ddf-4130-b623-5d6e04546204/none_v3" "txff669725cdae47e8b4a64-00695a6756" "object-server 24" 0.0008 "-" 23 0
Jan 4 13:12:54 standalone object-server[123008]: 172.20.0.100 - - [04/Jan/2026:13:12:54 +0000] "PUT /d1/611/AUTH_07598facf86e4c5e855a0d615d36e2ad/gnocchi.420ae294-7ddf-4130-b623-5d6e04546204/none_v3" 201 - "PUT http://localhost:8080/v1/AUTH_07598facf86e4c5e855a0d615d36e2ad/gnocchi.420ae294-7ddf-4130-b623-5d6e04546204/none_v3" "txff669725cdae47e8b4a64-00695a6756" "proxy-server 21" 0.0087 "-" 24 0
Jan 4 13:12:54 standalone proxy-server[124878]: 172.18.0.2 ::1 04/Jan/2026/13/12/54 PUT /v1/AUTH_07598facf86e4c5e855a0d615d36e2ad/gnocchi.420ae294-7ddf-4130-b623-5d6e04546204/none_v3 HTTP/1.0 201 - python-swiftclient-3.11.1 gAAAAABpWmadl4xH... 22 - - txff669725cdae47e8b4a64-00695a6756 - 0.0123 - - 1767532374.043964863 1767532374.056292534 0
Jan 4 13:12:54 standalone container-server[122969]: 172.20.0.100 - - [04/Jan/2026:13:12:54 +0000] "HEAD /d1/588/AUTH_07598facf86e4c5e855a0d615d36e2ad/gnocchi.47b81eb0-f9be-4afb-8718-666a3b10b0f7" 404 - "HEAD http://localhost:8080/v1/AUTH_07598facf86e4c5e855a0d615d36e2ad/gnocchi.47b81eb0-f9be-4afb-8718-666a3b10b0f7?format=json&states=listing" "tx768c2e6d429d4de095424-00695a6756" "proxy-server 21" 0.0004 "-" 21 0
Jan 4 13:12:54 standalone object-server[123009]: 172.20.0.100 - - [04/Jan/2026:13:12:54 +0000] "GET /d1/936/AUTH_07598facf86e4c5e855a0d615d36e2ad/gnocchi.47b81eb0-f9be-4afb-8718-666a3b10b0f7/none_v3" 404 70 "GET http://localhost:8080/v1/AUTH_07598facf86e4c5e855a0d615d36e2ad/gnocchi.47b81eb0-f9be-4afb-8718-666a3b10b0f7/none_v3" "tx768c2e6d429d4de095424-00695a6756" "proxy-server 21" 0.0004 "-" 25 0
Jan 4 13:12:54 standalone proxy-server[124878]: 172.18.0.2 ::1 04/Jan/2026/13/12/54 GET /v1/AUTH_07598facf86e4c5e855a0d615d36e2ad/gnocchi.47b81eb0-f9be-4afb-8718-666a3b10b0f7/none_v3 HTTP/1.0 404 - python-swiftclient-3.11.1 gAAAAABpWmadl4xH... - 70 - tx768c2e6d429d4de095424-00695a6756 - 0.0074 - - 1767532374.065780401 1767532374.073183537 0
Jan 4 13:12:54 standalone account-server[122758]: 172.20.0.100 - - [04/Jan/2026:13:12:54 +0000] "PUT /d1/81/AUTH_07598facf86e4c5e855a0d615d36e2ad/gnocchi.47b81eb0-f9be-4afb-8718-666a3b10b0f7" 201 - "PUT http://172.20.0.100:6001/d1/588/AUTH_07598facf86e4c5e855a0d615d36e2ad/gnocchi.47b81eb0-f9be-4afb-8718-666a3b10b0f7" "tx8937d8503ffe449ea190a-00695a6756" "container-server 22" 0.0048 "-" 21 0
Jan 4 13:12:54 standalone container-server[122971]: 172.20.0.100 - - [04/Jan/2026:13:12:54 +0000] "PUT /d1/588/AUTH_07598facf86e4c5e855a0d615d36e2ad/gnocchi.47b81eb0-f9be-4afb-8718-666a3b10b0f7" 201 - "PUT http://localhost:8080/v1/AUTH_07598facf86e4c5e855a0d615d36e2ad/gnocchi.47b81eb0-f9be-4afb-8718-666a3b10b0f7" "tx8937d8503ffe449ea190a-00695a6756" "proxy-server 21" 0.0163 "-" 22 0
Jan 4 13:12:54 standalone proxy-server[124878]: 172.18.0.2 ::1 04/Jan/2026/13/12/54 PUT /v1/AUTH_07598facf86e4c5e855a0d615d36e2ad/gnocchi.47b81eb0-f9be-4afb-8718-666a3b10b0f7 HTTP/1.0 201 - python-swiftclient-3.11.1 gAAAAABpWmadl4xH... - - - tx8937d8503ffe449ea190a-00695a6756 - 0.0206 - - 1767532374.075536013 1767532374.096178293 0
Jan 4 13:12:54 standalone container-server[122971]: 172.20.0.100 - - [04/Jan/2026:13:12:54 +0000] "HEAD /d1/787/AUTH_07598facf86e4c5e855a0d615d36e2ad/gnocchi.5af66b53-1349-4007-af97-0e0c3f3b1f77" 404 - "HEAD http://localhost:8080/v1/AUTH_07598facf86e4c5e855a0d615d36e2ad/gnocchi.5af66b53-1349-4007-af97-0e0c3f3b1f77?format=json&states=listing" "tx02ab94c472214e76b570c-00695a6756" "proxy-server 21" 0.0006 "-" 22 0
Jan 4 13:12:54 standalone object-server[122996]: 172.20.0.100 - - [04/Jan/2026:13:12:54 +0000] "GET /d1/450/AUTH_07598facf86e4c5e855a0d615d36e2ad/gnocchi.5af66b53-1349-4007-af97-0e0c3f3b1f77/none_v3" 404 70 "GET http://localhost:8080/v1/AUTH_07598facf86e4c5e855a0d615d36e2ad/gnocchi.5af66b53-1349-4007-af97-0e0c3f3b1f77/none_v3" "tx02ab94c472214e76b570c-00695a6756" "proxy-server 21" 0.0003 "-" 22 0
Jan 4 13:12:54 standalone proxy-server[124878]: 172.18.0.2 ::1 04/Jan/2026/13/12/54 GET /v1/AUTH_07598facf86e4c5e855a0d615d36e2ad/gnocchi.5af66b53-1349-4007-af97-0e0c3f3b1f77/none_v3 HTTP/1.0 404 - python-swiftclient-3.11.1 gAAAAABpWmadl4xH... - 70 - tx02ab94c472214e76b570c-00695a6756 - 0.0072 - - 1767532374.100140810 1767532374.107366562 0
Jan 4 13:12:54 standalone account-server[122758]: 172.20.0.100 - - [04/Jan/2026:13:12:54 +0000] "PUT /d1/81/AUTH_07598facf86e4c5e855a0d615d36e2ad/gnocchi.5af66b53-1349-4007-af97-0e0c3f3b1f77" 201 - "PUT http://172.20.0.100:6001/d1/787/AUTH_07598facf86e4c5e855a0d615d36e2ad/gnocchi.5af66b53-1349-4007-af97-0e0c3f3b1f77" "tx9a685500f8eb4c578a536-00695a6756" "container-server 21" 0.0038 "-" 21 0
Jan 4 13:12:54 standalone container-server[122969]: 172.20.0.100 - - [04/Jan/2026:13:12:54 +0000] "PUT /d1/787/AUTH_07598facf86e4c5e855a0d615d36e2ad/gnocchi.5af66b53-1349-4007-af97-0e0c3f3b1f77" 201 - "PUT http://localhost:8080/v1/AUTH_07598facf86e4c5e855a0d615d36e2ad/gnocchi.5af66b53-1349-4007-af97-0e0c3f3b1f77" "tx9a685500f8eb4c578a536-00695a6756" "proxy-server 21" 0.0163 "-" 21 0
Jan 4 13:12:54 standalone proxy-server[124878]: 172.18.0.2 ::1 04/Jan/2026/13/12/54 PUT /v1/AUTH_07598facf86e4c5e855a0d615d36e2ad/gnocchi.5af66b53-1349-4007-af97-0e0c3f3b1f77 HTTP/1.0 201 - python-swiftclient-3.11.1 gAAAAABpWmadl4xH... - - - tx9a685500f8eb4c578a536-00695a6756 - 0.0205 - - 1767532374.110898972 1767532374.131399155 0
Jan 4 13:12:54 standalone container-server[122969]: 172.20.0.100 - - [04/Jan/2026:13:12:54 +0000] "HEAD /d1/588/AUTH_07598facf86e4c5e855a0d615d36e2ad/gnocchi.47b81eb0-f9be-4afb-8718-666a3b10b0f7" 204 - "HEAD http://localhost:8080/v1/AUTH_07598facf86e4c5e855a0d615d36e2ad/gnocchi.47b81eb0-f9be-4afb-8718-666a3b10b0f7?format=json&states=listing" "txbbe3181d3f5a4bdeb567a-00695a6756" "proxy-server 21" 0.0020 "-" 21 0
Jan 4 13:12:54 standalone proxy-server[124878]: - - 04/Jan/2026/13/12/54 HEAD /v1/AUTH_07598facf86e4c5e855a0d615d36e2ad/gnocchi.47b81eb0-f9be-4afb-8718-666a3b10b0f7%3Fformat%3Djson%26states%3Dlisting HTTP/1.0 204 - Swift - - - - txbbe3181d3f5a4bdeb567a-00695a6756 - 0.0048 RL - 1767532374.136626005 1767532374.141456366 0
Jan 4 13:12:54 standalone container-server[122969]: 172.20.0.100 - - [04/Jan/2026:13:12:54 +0000] "GET /d1/588/AUTH_07598facf86e4c5e855a0d615d36e2ad/gnocchi.47b81eb0-f9be-4afb-8718-666a3b10b0f7" 200 2 "GET http://localhost:8080/v1/AUTH_07598facf86e4c5e855a0d615d36e2ad/gnocchi.47b81eb0-f9be-4afb-8718-666a3b10b0f7?format=json&states=listing" "txbbe3181d3f5a4bdeb567a-00695a6756" "proxy-server 21" 0.0031 "-" 21 0
Jan 4 13:12:54 standalone proxy-server[124878]: 172.18.0.2 ::1 04/Jan/2026/13/12/54 GET /v1/AUTH_07598facf86e4c5e855a0d615d36e2ad/gnocchi.47b81eb0-f9be-4afb-8718-666a3b10b0f7%3Fformat%3Djson%26states%3Dlisting HTTP/1.0 200 - python-swiftclient-3.11.1 gAAAAABpWmadl4xH... - 2 - txbbe3181d3f5a4bdeb567a-00695a6756 - 0.0132 - - 1767532374.135882854 1767532374.149086475 0
Jan 4 13:12:54 standalone container-server[122969]: 172.20.0.100 - - [04/Jan/2026:13:12:54 +0000] "HEAD /d1/787/AUTH_07598facf86e4c5e855a0d615d36e2ad/gnocchi.5af66b53-1349-4007-af97-0e0c3f3b1f77" 204 - "HEAD http://localhost:8080/v1/AUTH_07598facf86e4c5e855a0d615d36e2ad/gnocchi.5af66b53-1349-4007-af97-0e0c3f3b1f77?format=json&states=listing" "tx34fd1902d6ae4ed7ac5f1-00695a6756" "proxy-server 21" 0.0018 "-" 21 0
Jan 4 13:12:54 standalone proxy-server[124878]: - - 04/Jan/2026/13/12/54 HEAD /v1/AUTH_07598facf86e4c5e855a0d615d36e2ad/gnocchi.5af66b53-1349-4007-af97-0e0c3f3b1f77%3Fformat%3Djson%26states%3Dlisting HTTP/1.0 204 - Swift - - - - tx34fd1902d6ae4ed7ac5f1-00695a6756 - 0.0045 RL - 1767532374.155147791 1767532374.159671307 0
Jan 4 13:12:54 standalone container-server[122978]: 172.20.0.100 - - [04/Jan/2026:13:12:54 +0000] "GET /d1/787/AUTH_07598facf86e4c5e855a0d615d36e2ad/gnocchi.5af66b53-1349-4007-af97-0e0c3f3b1f77" 200 2 "GET http://localhost:8080/v1/AUTH_07598facf86e4c5e855a0d615d36e2ad/gnocchi.5af66b53-1349-4007-af97-0e0c3f3b1f77?format=json&states=listing" "tx34fd1902d6ae4ed7ac5f1-00695a6756" "proxy-server 21" 0.0037 "-" 23 0
Jan 4 13:12:54 standalone proxy-server[124878]: 172.18.0.2 ::1 04/Jan/2026/13/12/54 GET /v1/AUTH_07598facf86e4c5e855a0d615d36e2ad/gnocchi.5af66b53-1349-4007-af97-0e0c3f3b1f77%3Fformat%3Djson%26states%3Dlisting HTTP/1.0 200 - python-swiftclient-3.11.1 gAAAAABpWmadl4xH... - 2 - tx34fd1902d6ae4ed7ac5f1-00695a6756 - 0.0144 - - 1767532374.154267311 1767532374.168644667 0
Jan 4 13:12:54 standalone object-server[123008]: 172.20.0.100 - - [04/Jan/2026:13:12:54 +0000] "GET /d1/925/AUTH_07598facf86e4c5e855a0d615d36e2ad/gnocchi.47b81eb0-f9be-4afb-8718-666a3b10b0f7/1766880000.0_mean_300.0_v3" 404 70 "GET http://localhost:8080/v1/AUTH_07598facf86e4c5e855a0d615d36e2ad/gnocchi.47b81eb0-f9be-4afb-8718-666a3b10b0f7/1766880000.0_mean_300.0_v3" "tx11b5a200ac2942369b198-00695a6756" "proxy-server 21" 0.0004 "-" 24 0
Jan 4 13:12:54 standalone proxy-server[124878]: 172.18.0.2 ::1 04/Jan/2026/13/12/54 GET /v1/AUTH_07598facf86e4c5e855a0d615d36e2ad/gnocchi.47b81eb0-f9be-4afb-8718-666a3b10b0f7/1766880000.0_mean_300.0_v3 HTTP/1.0 404 - python-swiftclient-3.11.1 gAAAAABpWmadl4xH... - 70 - tx11b5a200ac2942369b198-00695a6756 - 0.0042 - - 1767532374.173534155 1767532374.177726746 0
Jan 4 13:12:54 standalone object-server[123008]: 172.20.0.100 - - [04/Jan/2026:13:12:54 +0000] "GET /d1/283/AUTH_07598facf86e4c5e855a0d615d36e2ad/gnocchi.5af66b53-1349-4007-af97-0e0c3f3b1f77/1766880000.0_mean_300.0_v3" 404 70 "GET http://localhost:8080/v1/AUTH_07598facf86e4c5e855a0d615d36e2ad/gnocchi.5af66b53-1349-4007-af97-0e0c3f3b1f77/1766880000.0_mean_300.0_v3" "txc2d6a5b5e56e4364a3873-00695a6756" "proxy-server 21" 0.0001 "-" 24 0
Jan 4 13:12:54 standalone proxy-server[124878]: 172.18.0.2 ::1 04/Jan/2026/13/12/54 GET /v1/AUTH_07598facf86e4c5e855a0d615d36e2ad/gnocchi.5af66b53-1349-4007-af97-0e0c3f3b1f77/1766880000.0_mean_300.0_v3 HTTP/1.0 404 - python-swiftclient-3.11.1 gAAAAABpWmadl4xH... - 70 - txc2d6a5b5e56e4364a3873-00695a6756 - 0.0037 - - 1767532374.181273460 1767532374.184931278 0
Jan 4 13:12:54 standalone container-server[122968]: 172.20.0.100 - - [04/Jan/2026:13:12:54 +0000] "PUT /d1/588/AUTH_07598facf86e4c5e855a0d615d36e2ad/gnocchi.47b81eb0-f9be-4afb-8718-666a3b10b0f7/1766880000.0_mean_300.0_v3" 201 - "PUT http://localhost:8080/d1/925/AUTH_07598facf86e4c5e855a0d615d36e2ad/gnocchi.47b81eb0-f9be-4afb-8718-666a3b10b0f7/1766880000.0_mean_300.0_v3" "txd95229fa93e246b4ad308-00695a6756" "object-server 22" 0.0012 "-" 20 0
Jan 4 13:12:54 standalone object-server[122996]: 172.20.0.100 - - [04/Jan/2026:13:12:54 +0000] "PUT /d1/925/AUTH_07598facf86e4c5e855a0d615d36e2ad/gnocchi.47b81eb0-f9be-4afb-8718-666a3b10b0f7/1766880000.0_mean_300.0_v3" 201 - "PUT http://localhost:8080/v1/AUTH_07598facf86e4c5e855a0d615d36e2ad/gnocchi.47b81eb0-f9be-4afb-8718-666a3b10b0f7/1766880000.0_mean_300.0_v3" "txd95229fa93e246b4ad308-00695a6756" "proxy-server 21" 0.0140 "-" 22 0
Jan 4 13:12:54 standalone proxy-server[124878]: 172.18.0.2 ::1 04/Jan/2026/13/12/54 PUT /v1/AUTH_07598facf86e4c5e855a0d615d36e2ad/gnocchi.47b81eb0-f9be-4afb-8718-666a3b10b0f7/1766880000.0_mean_300.0_v3 HTTP/1.0 201 - python-swiftclient-3.11.1 gAAAAABpWmadl4xH... 16 - - txd95229fa93e246b4ad308-00695a6756 - 0.0187 - - 1767532374.189434528 1767532374.208137274 0
Jan 4 13:12:54 standalone container-server[122968]: 172.20.0.100 - - [04/Jan/2026:13:12:54 +0000] "PUT /d1/787/AUTH_07598facf86e4c5e855a0d615d36e2ad/gnocchi.5af66b53-1349-4007-af97-0e0c3f3b1f77/1766880000.0_mean_300.0_v3" 201 - "PUT http://localhost:8080/d1/283/AUTH_07598facf86e4c5e855a0d615d36e2ad/gnocchi.5af66b53-1349-4007-af97-0e0c3f3b1f77/1766880000.0_mean_300.0_v3" "tx2ac0c4383de748cc9402f-00695a6756" "object-server 24" 0.0007 "-" 20 0
Jan 4 13:12:54 standalone object-server[123008]: 172.20.0.100 - - [04/Jan/2026:13:12:54 +0000] "PUT /d1/283/AUTH_07598facf86e4c5e855a0d615d36e2ad/gnocchi.5af66b53-1349-4007-af97-0e0c3f3b1f77/1766880000.0_mean_300.0_v3" 201 - "PUT http://localhost:8080/v1/AUTH_07598facf86e4c5e855a0d615d36e2ad/gnocchi.5af66b53-1349-4007-af97-0e0c3f3b1f77/1766880000.0_mean_300.0_v3" "tx2ac0c4383de748cc9402f-00695a6756" "proxy-server 21" 0.0102 "-" 24 0
Jan 4 13:12:54 standalone proxy-server[124878]: 172.18.0.2 ::1 04/Jan/2026/13/12/54 PUT /v1/AUTH_07598facf86e4c5e855a0d615d36e2ad/gnocchi.5af66b53-1349-4007-af97-0e0c3f3b1f77/1766880000.0_mean_300.0_v3 HTTP/1.0 201 - python-swiftclient-3.11.1 gAAAAABpWmadl4xH... 16 - - tx2ac0c4383de748cc9402f-00695a6756 - 0.0142 - - 1767532374.212022066 1767532374.226204157 0
Jan 4 13:12:54 standalone container-server[122968]: 172.20.0.100 - - [04/Jan/2026:13:12:54 +0000] "PUT /d1/588/AUTH_07598facf86e4c5e855a0d615d36e2ad/gnocchi.47b81eb0-f9be-4afb-8718-666a3b10b0f7/none_v3" 201 - "PUT http://localhost:8080/d1/936/AUTH_07598facf86e4c5e855a0d615d36e2ad/gnocchi.47b81eb0-f9be-4afb-8718-666a3b10b0f7/none_v3" "tx40b6ca39f1b54b9fac411-00695a6756" "object-server 22" 0.0013 "-" 20 0
Jan 4 13:12:54 standalone object-server[122996]: 172.20.0.100 - - [04/Jan/2026:13:12:54 +0000] "PUT /d1/936/AUTH_07598facf86e4c5e855a0d615d36e2ad/gnocchi.47b81eb0-f9be-4afb-8718-666a3b10b0f7/none_v3" 201 - "PUT http://localhost:8080/v1/AUTH_07598facf86e4c5e855a0d615d36e2ad/gnocchi.47b81eb0-f9be-4afb-8718-666a3b10b0f7/none_v3" "tx40b6ca39f1b54b9fac411-00695a6756" "proxy-server 21" 0.0153 "-" 22 0
Jan 4 13:12:54 standalone proxy-server[124878]: 172.18.0.2 ::1 04/Jan/2026/13/12/54 PUT /v1/AUTH_07598facf86e4c5e855a0d615d36e2ad/gnocchi.47b81eb0-f9be-4afb-8718-666a3b10b0f7/none_v3 HTTP/1.0 201 - python-swiftclient-3.11.1 gAAAAABpWmadl4xH... 22 - - tx40b6ca39f1b54b9fac411-00695a6756 - 0.0197 - - 1767532374.229575157 1767532374.249321461 0
Jan 4 13:12:54 standalone container-server[122969]: 172.20.0.100 - - [04/Jan/2026:13:12:54 +0000] "PUT /d1/787/AUTH_07598facf86e4c5e855a0d615d36e2ad/gnocchi.5af66b53-1349-4007-af97-0e0c3f3b1f77/none_v3" 201 - "PUT http://localhost:8080/d1/450/AUTH_07598facf86e4c5e855a0d615d36e2ad/gnocchi.5af66b53-1349-4007-af97-0e0c3f3b1f77/none_v3" "txca3ae9a7fb4b4e1b9a53a-00695a6756" "object-server 22" 0.0010 "-" 21 0
Jan 4 13:12:54 standalone object-server[122996]: 172.20.0.100 - - [04/Jan/2026:13:12:54 +0000] "PUT /d1/450/AUTH_07598facf86e4c5e855a0d615d36e2ad/gnocchi.5af66b53-1349-4007-af97-0e0c3f3b1f77/none_v3" 201 - "PUT http://localhost:8080/v1/AUTH_07598facf86e4c5e855a0d615d36e2ad/gnocchi.5af66b53-1349-4007-af97-0e0c3f3b1f77/none_v3" "txca3ae9a7fb4b4e1b9a53a-00695a6756" "proxy-server 21" 0.0119 "-" 22 0
Jan 4 13:12:54 standalone proxy-server[124878]: 172.18.0.2 ::1 04/Jan/2026/13/12/54 PUT /v1/AUTH_07598facf86e4c5e855a0d615d36e2ad/gnocchi.5af66b53-1349-4007-af97-0e0c3f3b1f77/none_v3 HTTP/1.0 201 - python-swiftclient-3.11.1 gAAAAABpWmadl4xH... 22 - - txca3ae9a7fb4b4e1b9a53a-00695a6756 - 0.0161 - - 1767532374.253283024 1767532374.269419670 0
Jan 4 13:12:54 standalone container-server[122968]: 172.20.0.100 - - [04/Jan/2026:13:12:54 +0000] "HEAD /d1/864/AUTH_07598facf86e4c5e855a0d615d36e2ad/gnocchi.f911ca32-27ab-460c-971d-0130ad2deaa1" 404 - "HEAD http://localhost:8080/v1/AUTH_07598facf86e4c5e855a0d615d36e2ad/gnocchi.f911ca32-27ab-460c-971d-0130ad2deaa1?format=json&states=listing" "tx0b7ea09e0d4544a29e7ed-00695a6756" "proxy-server 21" 0.0006 "-" 20 0
Jan 4 13:12:54 standalone object-server[123008]: 172.20.0.100 - - [04/Jan/2026:13:12:54 +0000] "GET /d1/171/AUTH_07598facf86e4c5e855a0d615d36e2ad/gnocchi.f911ca32-27ab-460c-971d-0130ad2deaa1/none_v3" 404 70 "GET http://localhost:8080/v1/AUTH_07598facf86e4c5e855a0d615d36e2ad/gnocchi.f911ca32-27ab-460c-971d-0130ad2deaa1/none_v3" "tx0b7ea09e0d4544a29e7ed-00695a6756" "proxy-server 21" 0.0004 "-" 24 0
Jan 4 13:12:54 standalone proxy-server[124878]: 172.18.0.2 ::1 04/Jan/2026/13/12/54 GET /v1/AUTH_07598facf86e4c5e855a0d615d36e2ad/gnocchi.f911ca32-27ab-460c-971d-0130ad2deaa1/none_v3 HTTP/1.0 404 - python-swiftclient-3.11.1 gAAAAABpWmadl4xH... - 70 - tx0b7ea09e0d4544a29e7ed-00695a6756 - 0.0085 - - 1767532374.284153938 1767532374.292697430 0
Jan 4 13:12:54 standalone account-server[122766]: 172.20.0.100 - - [04/Jan/2026:13:12:54 +0000] "PUT /d1/81/AUTH_07598facf86e4c5e855a0d615d36e2ad/gnocchi.f911ca32-27ab-460c-971d-0130ad2deaa1" 201 - "PUT http://172.20.0.100:6001/d1/864/AUTH_07598facf86e4c5e855a0d615d36e2ad/gnocchi.f911ca32-27ab-460c-971d-0130ad2deaa1" "tx7b99334217f24cf886013-00695a6756" "container-server 20" 0.0060 "-" 23 0
Jan 4 13:12:54 standalone container-server[122968]: 172.20.0.100 - - [04/Jan/2026:13:12:54 +0000] "PUT /d1/864/AUTH_07598facf86e4c5e855a0d615d36e2ad/gnocchi.f911ca32-27ab-460c-971d-0130ad2deaa1" 201 - "PUT http://localhost:8080/v1/AUTH_07598facf86e4c5e855a0d615d36e2ad/gnocchi.f911ca32-27ab-460c-971d-0130ad2deaa1" "tx7b99334217f24cf886013-00695a6756" "proxy-server 21" 0.0211 "-" 20 0
Jan 4 13:12:54 standalone proxy-server[124878]: 172.18.0.2 ::1 04/Jan/2026/13/12/54 PUT /v1/AUTH_07598facf86e4c5e855a0d615d36e2ad/gnocchi.f911ca32-27ab-460c-971d-0130ad2deaa1 HTTP/1.0 201 - python-swiftclient-3.11.1 gAAAAABpWmadl4xH... - - - tx7b99334217f24cf886013-00695a6756 - 0.0250 - - 1767532374.296411753 1767532374.321449757 0
Jan 4 13:12:54 standalone container-server[122968]: 172.20.0.100 - - [04/Jan/2026:13:12:54 +0000] "HEAD /d1/864/AUTH_07598facf86e4c5e855a0d615d36e2ad/gnocchi.f911ca32-27ab-460c-971d-0130ad2deaa1" 204 - "HEAD http://localhost:8080/v1/AUTH_07598facf86e4c5e855a0d615d36e2ad/gnocchi.f911ca32-27ab-460c-971d-0130ad2deaa1?format=json&states=listing" "tx719416667176422796017-00695a6756" "proxy-server 21" 0.0020 "-" 20 0
Jan 4 13:12:54 standalone proxy-server[124878]: - - 04/Jan/2026/13/12/54 HEAD /v1/AUTH_07598facf86e4c5e855a0d615d36e2ad/gnocchi.f911ca32-27ab-460c-971d-0130ad2deaa1%3Fformat%3Djson%26states%3Dlisting HTTP/1.0 204 - Swift - - - - tx719416667176422796017-00695a6756 - 0.0047 RL - 1767532374.327276945 1767532374.331999540 0
Jan 4 13:12:54 standalone container-server[122968]: 172.20.0.100 - - [04/Jan/2026:13:12:54 +0000] "GET /d1/864/AUTH_07598facf86e4c5e855a0d615d36e2ad/gnocchi.f911ca32-27ab-460c-971d-0130ad2deaa1" 200 2 "GET http://localhost:8080/v1/AUTH_07598facf86e4c5e855a0d615d36e2ad/gnocchi.f911ca32-27ab-460c-971d-0130ad2deaa1?format=json&states=listing" "tx719416667176422796017-00695a6756" "proxy-server 21" 0.0031 "-" 20 0
Jan 4 13:12:54 standalone proxy-server[124878]: 172.18.0.2 ::1 04/Jan/2026/13/12/54 GET /v1/AUTH_07598facf86e4c5e855a0d615d36e2ad/gnocchi.f911ca32-27ab-460c-971d-0130ad2deaa1%3Fformat%3Djson%26states%3Dlisting HTTP/1.0 200 - python-swiftclient-3.11.1 gAAAAABpWmadl4xH... - 2 - tx719416667176422796017-00695a6756 - 0.0135 - - 1767532374.326453924 1767532374.339943647 0
Jan 4 13:12:54 standalone object-server[123008]: 172.20.0.100 - - [04/Jan/2026:13:12:54 +0000] "GET /d1/992/AUTH_07598facf86e4c5e855a0d615d36e2ad/gnocchi.f911ca32-27ab-460c-971d-0130ad2deaa1/1766880000.0_mean_300.0_v3" 404 70 "GET http://localhost:8080/v1/AUTH_07598facf86e4c5e855a0d615d36e2ad/gnocchi.f911ca32-27ab-460c-971d-0130ad2deaa1/1766880000.0_mean_300.0_v3" "txa3909ec88e9b4a288da82-00695a6756" "proxy-server 21" 0.0004 "-" 24 0
Jan 4 13:12:54 standalone proxy-server[124878]: 172.18.0.2 ::1 04/Jan/2026/13/12/54 GET /v1/AUTH_07598facf86e4c5e855a0d615d36e2ad/gnocchi.f911ca32-27ab-460c-971d-0130ad2deaa1/1766880000.0_mean_300.0_v3 HTTP/1.0 404 - python-swiftclient-3.11.1 gAAAAABpWmadl4xH... - 70 - txa3909ec88e9b4a288da82-00695a6756 - 0.0049 - - 1767532374.345836401 1767532374.350706577 0
Jan 4 13:12:54 standalone container-server[122978]: 172.20.0.100 - - [04/Jan/2026:13:12:54 +0000] "PUT /d1/864/AUTH_07598facf86e4c5e855a0d615d36e2ad/gnocchi.f911ca32-27ab-460c-971d-0130ad2deaa1/1766880000.0_mean_300.0_v3" 201 - "PUT http://localhost:8080/d1/992/AUTH_07598facf86e4c5e855a0d615d36e2ad/gnocchi.f911ca32-27ab-460c-971d-0130ad2deaa1/1766880000.0_mean_300.0_v3" "txddffe58e3d1c471c9fcf7-00695a6756" "object-server 25" 0.0010 "-" 23 0
Jan 4 13:12:54 standalone object-server[123009]: 172.20.0.100 - - [04/Jan/2026:13:12:54 +0000] "PUT /d1/992/AUTH_07598facf86e4c5e855a0d615d36e2ad/gnocchi.f911ca32-27ab-460c-971d-0130ad2deaa1/1766880000.0_mean_300.0_v3" 201 - "PUT http://localhost:8080/v1/AUTH_07598facf86e4c5e855a0d615d36e2ad/gnocchi.f911ca32-27ab-460c-971d-0130ad2deaa1/1766880000.0_mean_300.0_v3" "txddffe58e3d1c471c9fcf7-00695a6756" "proxy-server 21" 0.0134 "-" 25 0
Jan 4 13:12:54 standalone proxy-server[124878]: 172.18.0.2 ::1 04/Jan/2026/13/12/54 PUT /v1/AUTH_07598facf86e4c5e855a0d615d36e2ad/gnocchi.f911ca32-27ab-460c-971d-0130ad2deaa1/1766880000.0_mean_300.0_v3 HTTP/1.0 201 - python-swiftclient-3.11.1 gAAAAABpWmadl4xH... 16 - - txddffe58e3d1c471c9fcf7-00695a6756 - 0.0181 - - 1767532374.354548931 1767532374.372691870 0
Jan 4 13:12:54 standalone container-server[122971]: 172.20.0.100 - - [04/Jan/2026:13:12:54 +0000] "PUT /d1/864/AUTH_07598facf86e4c5e855a0d615d36e2ad/gnocchi.f911ca32-27ab-460c-971d-0130ad2deaa1/none_v3" 201 - "PUT http://localhost:8080/d1/171/AUTH_07598facf86e4c5e855a0d615d36e2ad/gnocchi.f911ca32-27ab-460c-971d-0130ad2deaa1/none_v3" "txe6bd3e40b81644f384229-00695a6756" "object-server 23" 0.0008 "-" 22 0
Jan 4 13:12:54 standalone object-server[123004]: 172.20.0.100 - - [04/Jan/2026:13:12:54 +0000] "PUT /d1/171/AUTH_07598facf86e4c5e855a0d615d36e2ad/gnocchi.f911ca32-27ab-460c-971d-0130ad2deaa1/none_v3" 201 - "PUT http://localhost:8080/v1/AUTH_07598facf86e4c5e855a0d615d36e2ad/gnocchi.f911ca32-27ab-460c-971d-0130ad2deaa1/none_v3" "txe6bd3e40b81644f384229-00695a6756" "proxy-server 21" 0.0132 "-" 23 0
Jan 4 13:12:54 standalone proxy-server[124878]: 172.18.0.2 ::1 04/Jan/2026/13/12/54 PUT /v1/AUTH_07598facf86e4c5e855a0d615d36e2ad/gnocchi.f911ca32-27ab-460c-971d-0130ad2deaa1/none_v3 HTTP/1.0 201 - python-swiftclient-3.11.1 gAAAAABpWmadl4xH... 22 - - txe6bd3e40b81644f384229-00695a6756 - 0.0195 - - 1767532374.376718998 1767532374.396208286 0
Jan 4 13:12:54 standalone container-server[122969]: 172.20.0.100 - - [04/Jan/2026:13:12:54 +0000] "HEAD /d1/862/AUTH_07598facf86e4c5e855a0d615d36e2ad/gnocchi.92266ac0-23a4-4136-8a08-46356218fe35" 404 - "HEAD http://localhost:8080/v1/AUTH_07598facf86e4c5e855a0d615d36e2ad/gnocchi.92266ac0-23a4-4136-8a08-46356218fe35?format=json&states=listing" "tx7696eacb6bd64092b6bb1-00695a6756" "proxy-server 21" 0.0007 "-" 21 0
Jan 4 13:12:54 standalone object-server[123004]: 172.20.0.100 - - [04/Jan/2026:13:12:54 +0000] "GET /d1/332/AUTH_07598facf86e4c5e855a0d615d36e2ad/gnocchi.92266ac0-23a4-4136-8a08-46356218fe35/none_v3" 404 70 "GET http://localhost:8080/v1/AUTH_07598facf86e4c5e855a0d615d36e2ad/gnocchi.92266ac0-23a4-4136-8a08-46356218fe35/none_v3" "tx7696eacb6bd64092b6bb1-00695a6756" "proxy-server 21" 0.0005 "-" 23 0
Jan 4 13:12:54 standalone proxy-server[124878]: 172.18.0.2 ::1 04/Jan/2026/13/12/54 GET /v1/AUTH_07598facf86e4c5e855a0d615d36e2ad/gnocchi.92266ac0-23a4-4136-8a08-46356218fe35/none_v3 HTTP/1.0 404 - python-swiftclient-3.11.1 gAAAAABpWmadl4xH... - 70 - tx7696eacb6bd64092b6bb1-00695a6756 - 0.0132 - - 1767532374.419737816 1767532374.432922840 0
Jan 4 13:12:54 standalone account-server[122758]: 172.20.0.100 - - [04/Jan/2026:13:12:54 +0000] "PUT /d1/81/AUTH_07598facf86e4c5e855a0d615d36e2ad/gnocchi.92266ac0-23a4-4136-8a08-46356218fe35" 201 - "PUT http://172.20.0.100:6001/d1/862/AUTH_07598facf86e4c5e855a0d615d36e2ad/gnocchi.92266ac0-23a4-4136-8a08-46356218fe35" "tx72950ebb10cd489b8cb04-00695a6756" "container-server 20" 0.0055 "-" 21 0
Jan 4 13:12:54 standalone container-server[122968]: 172.20.0.100 - - [04/Jan/2026:13:12:54 +0000] "PUT /d1/862/AUTH_07598facf86e4c5e855a0d615d36e2ad/gnocchi.92266ac0-23a4-4136-8a08-46356218fe35" 201 - "PUT http://localhost:8080/v1/AUTH_07598facf86e4c5e855a0d615d36e2ad/gnocchi.92266ac0-23a4-4136-8a08-46356218fe35" "tx72950ebb10cd489b8cb04-00695a6756" "proxy-server 21" 0.0200 "-" 20 0
Jan 4 13:12:54 standalone proxy-server[124878]: 172.18.0.2 ::1 04/Jan/2026/13/12/54 PUT /v1/AUTH_07598facf86e4c5e855a0d615d36e2ad/gnocchi.92266ac0-23a4-4136-8a08-46356218fe35 HTTP/1.0 201 - python-swiftclient-3.11.1 gAAAAABpWmadl4xH... - - - tx72950ebb10cd489b8cb04-00695a6756 - 0.0272 - - 1767532374.437564611 1767532374.464799643 0
Jan 4 13:12:54 standalone container-server[122968]: 172.20.0.100 - - [04/Jan/2026:13:12:54 +0000] "HEAD /d1/862/AUTH_07598facf86e4c5e855a0d615d36e2ad/gnocchi.92266ac0-23a4-4136-8a08-46356218fe35" 204 - "HEAD http://localhost:8080/v1/AUTH_07598facf86e4c5e855a0d615d36e2ad/gnocchi.92266ac0-23a4-4136-8a08-46356218fe35?format=json&states=listing" "txb7d4da1a0aa94e0688cfa-00695a6756" "proxy-server 21" 0.0020 "-" 20 0
Jan 4 13:12:54 standalone proxy-server[124878]: - - 04/Jan/2026/13/12/54 HEAD /v1/AUTH_07598facf86e4c5e855a0d615d36e2ad/gnocchi.92266ac0-23a4-4136-8a08-46356218fe35%3Fformat%3Djson%26states%3Dlisting HTTP/1.0 204 - Swift - - - - txb7d4da1a0aa94e0688cfa-00695a6756 - 0.0071 RL - 1767532374.472304106 1767532374.479402542 0
Jan 4 13:12:54 standalone container-server[122978]: 172.20.0.100 - - [04/Jan/2026:13:12:54 +0000] "GET /d1/862/AUTH_07598facf86e4c5e855a0d615d36e2ad/gnocchi.92266ac0-23a4-4136-8a08-46356218fe35" 200 2 "GET http://localhost:8080/v1/AUTH_07598facf86e4c5e855a0d615d36e2ad/gnocchi.92266ac0-23a4-4136-8a08-46356218fe35?format=json&states=listing" "txb7d4da1a0aa94e0688cfa-00695a6756" "proxy-server 21" 0.0038 "-" 23 0
Jan 4 13:12:54 standalone proxy-server[124878]: 172.18.0.2 ::1 04/Jan/2026/13/12/54 GET /v1/AUTH_07598facf86e4c5e855a0d615d36e2ad/gnocchi.92266ac0-23a4-4136-8a08-46356218fe35%3Fformat%3Djson%26states%3Dlisting HTTP/1.0 200 - python-swiftclient-3.11.1 gAAAAABpWmadl4xH... - 2 - txb7d4da1a0aa94e0688cfa-00695a6756 - 0.0231 - - 1767532374.470424652 1767532374.493551254 0
Jan 4 13:12:54 standalone object-server[123008]: 172.20.0.100 - - [04/Jan/2026:13:12:54 +0000] "GET /d1/353/AUTH_07598facf86e4c5e855a0d615d36e2ad/gnocchi.92266ac0-23a4-4136-8a08-46356218fe35/1766880000.0_mean_300.0_v3" 404 70 "GET http://localhost:8080/v1/AUTH_07598facf86e4c5e855a0d615d36e2ad/gnocchi.92266ac0-23a4-4136-8a08-46356218fe35/1766880000.0_mean_300.0_v3" "tx3837b0a59b6347479215e-00695a6756" "proxy-server 21" 0.0006 "-" 24 0
Jan 4 13:12:54 standalone proxy-server[124878]: 172.18.0.2 ::1 04/Jan/2026/13/12/54 GET /v1/AUTH_07598facf86e4c5e855a0d615d36e2ad/gnocchi.92266ac0-23a4-4136-8a08-46356218fe35/1766880000.0_mean_300.0_v3 HTTP/1.0 404 - python-swiftclient-3.11.1 gAAAAABpWmadl4xH... - 70 - tx3837b0a59b6347479215e-00695a6756 - 0.0097 - - 1767532374.499213934 1767532374.508890867 0
Jan 4 13:12:54 standalone container-server[122968]: 172.20.0.100 - - [04/Jan/2026:13:12:54 +0000] "PUT /d1/862/AUTH_07598facf86e4c5e855a0d615d36e2ad/gnocchi.92266ac0-23a4-4136-8a08-46356218fe35/1766880000.0_mean_300.0_v3" 201 - "PUT http://localhost:8080/d1/353/AUTH_07598facf86e4c5e855a0d615d36e2ad/gnocchi.92266ac0-23a4-4136-8a08-46356218fe35/1766880000.0_mean_300.0_v3" "txd98065b6f92e4579ba587-00695a6756" "object-server 25" 0.0020 "-" 20 0
Jan 4 13:12:54 standalone object-server[123009]: 172.20.0.100 - - [04/Jan/2026:13:12:54 +0000] "PUT /d1/353/AUTH_07598facf86e4c5e855a0d615d36e2ad/gnocchi.92266ac0-23a4-4136-8a08-46356218fe35/1766880000.0_mean_300.0_v3" 201 - "PUT http://localhost:8080/v1/AUTH_07598facf86e4c5e855a0d615d36e2ad/gnocchi.92266ac0-23a4-4136-8a08-46356218fe35/1766880000.0_mean_300.0_v3" "txd98065b6f92e4579ba587-00695a6756" "proxy-server 21" 0.0172 "-" 25 0
Jan 4 13:12:54 standalone proxy-server[124878]: 172.18.0.2 ::1 04/Jan/2026/13/12/54 PUT /v1/AUTH_07598facf86e4c5e855a0d615d36e2ad/gnocchi.92266ac0-23a4-4136-8a08-46356218fe35/1766880000.0_mean_300.0_v3 HTTP/1.0 201 - python-swiftclient-3.11.1 gAAAAABpWmadl4xH... 16 - - txd98065b6f92e4579ba587-00695a6756 - 0.0254 - - 1767532374.512681007 1767532374.538122892 0
Jan 4 13:12:54 standalone container-server[122969]: 172.20.0.100 - - [04/Jan/2026:13:12:54 +0000] "PUT /d1/862/AUTH_07598facf86e4c5e855a0d615d36e2ad/gnocchi.92266ac0-23a4-4136-8a08-46356218fe35/none_v3" 201 - "PUT http://localhost:8080/d1/332/AUTH_07598facf86e4c5e855a0d615d36e2ad/gnocchi.92266ac0-23a4-4136-8a08-46356218fe35/none_v3" "txd4ba4c200f904ac085d9a-00695a6756" "object-server 23" 0.0009 "-" 21 0
Jan 4 13:12:54 standalone object-server[123004]: 172.20.0.100 - - [04/Jan/2026:13:12:54 +0000] "PUT /d1/332/AUTH_07598facf86e4c5e855a0d615d36e2ad/gnocchi.92266ac0-23a4-4136-8a08-46356218fe35/none_v3" 201 - "PUT http://localhost:8080/v1/AUTH_07598facf86e4c5e855a0d615d36e2ad/gnocchi.92266ac0-23a4-4136-8a08-46356218fe35/none_v3" "txd4ba4c200f904ac085d9a-00695a6756" "proxy-server 21" 0.0125 "-" 23 0
Jan 4 13:12:54 standalone proxy-server[124878]: 172.18.0.2 ::1 04/Jan/2026/13/12/54 PUT /v1/AUTH_07598facf86e4c5e855a0d615d36e2ad/gnocchi.92266ac0-23a4-4136-8a08-46356218fe35/none_v3 HTTP/1.0 201 - python-swiftclient-3.11.1 gAAAAABpWmadl4xH... 22 - - txd4ba4c200f904ac085d9a-00695a6756 - 0.0215 - - 1767532374.543710232 1767532374.565240622 0
Jan 4 13:12:54 standalone container-server[122969]: 172.20.0.100 - - [04/Jan/2026:13:12:54 +0000] "HEAD /d1/884/AUTH_07598facf86e4c5e855a0d615d36e2ad/gnocchi.4ed4e173-1e3a-4d6d-9126-447dd46205c9" 404 - "HEAD http://localhost:8080/v1/AUTH_07598facf86e4c5e855a0d615d36e2ad/gnocchi.4ed4e173-1e3a-4d6d-9126-447dd46205c9?format=json&states=listing" "tx26741f3d3dcb4d769abb7-00695a6756" "proxy-server 21" 0.0006 "-" 21 0
Jan 4 13:12:54 standalone object-server[122996]: 172.20.0.100 - - [04/Jan/2026:13:12:54 +0000] "GET /d1/719/AUTH_07598facf86e4c5e855a0d615d36e2ad/gnocchi.4ed4e173-1e3a-4d6d-9126-447dd46205c9/none_v3" 404 70 "GET http://localhost:8080/v1/AUTH_07598facf86e4c5e855a0d615d36e2ad/gnocchi.4ed4e173-1e3a-4d6d-9126-447dd46205c9/none_v3" "tx26741f3d3dcb4d769abb7-00695a6756" "proxy-server 21" 0.0003 "-" 22 0
Jan 4 13:12:54 standalone proxy-server[124878]: 172.18.0.2 ::1 04/Jan/2026/13/12/54 GET /v1/AUTH_07598facf86e4c5e855a0d615d36e2ad/gnocchi.4ed4e173-1e3a-4d6d-9126-447dd46205c9/none_v3 HTTP/1.0 404 - python-swiftclient-3.11.1 gAAAAABpWmadl4xH... - 70 - tx26741f3d3dcb4d769abb7-00695a6756 - 0.0136 - - 1767532374.580869675 1767532374.594457150 0
Jan 4 13:12:54 standalone account-server[122758]: 172.20.0.100 - - [04/Jan/2026:13:12:54 +0000] "PUT /d1/81/AUTH_07598facf86e4c5e855a0d615d36e2ad/gnocchi.4ed4e173-1e3a-4d6d-9126-447dd46205c9" 201 - "PUT http://172.20.0.100:6001/d1/884/AUTH_07598facf86e4c5e855a0d615d36e2ad/gnocchi.4ed4e173-1e3a-4d6d-9126-447dd46205c9" "tx0313215e483245f4821cf-00695a6756" "container-server 20" 0.0045 "-" 21 0
Jan 4 13:12:54 standalone container-server[122968]: 172.20.0.100 - - [04/Jan/2026:13:12:54 +0000] "PUT /d1/884/AUTH_07598facf86e4c5e855a0d615d36e2ad/gnocchi.4ed4e173-1e3a-4d6d-9126-447dd46205c9" 201 - "PUT http://localhost:8080/v1/AUTH_07598facf86e4c5e855a0d615d36e2ad/gnocchi.4ed4e173-1e3a-4d6d-9126-447dd46205c9" "tx0313215e483245f4821cf-00695a6756" "proxy-server 21" 0.0171 "-" 20 0
Jan 4 13:12:54 standalone proxy-server[124878]: 172.18.0.2 ::1 04/Jan/2026/13/12/54 PUT /v1/AUTH_07598facf86e4c5e855a0d615d36e2ad/gnocchi.4ed4e173-1e3a-4d6d-9126-447dd46205c9 HTTP/1.0 201 - python-swiftclient-3.11.1 gAAAAABpWmadl4xH... - - - tx0313215e483245f4821cf-00695a6756 - 0.0242 - - 1767532374.599144697 1767532374.623296261 0
Jan 4 13:12:54 standalone container-server[122969]: 172.20.0.100 - - [04/Jan/2026:13:12:54 +0000] "HEAD /d1/884/AUTH_07598facf86e4c5e855a0d615d36e2ad/gnocchi.4ed4e173-1e3a-4d6d-9126-447dd46205c9" 204 - "HEAD http://localhost:8080/v1/AUTH_07598facf86e4c5e855a0d615d36e2ad/gnocchi.4ed4e173-1e3a-4d6d-9126-447dd46205c9?format=json&states=listing" "tx4b48cd6747894fc290995-00695a6756" "proxy-server 21" 0.0021 "-" 21 0
Jan 4 13:12:54 standalone proxy-server[124878]: - - 04/Jan/2026/13/12/54 HEAD /v1/AUTH_07598facf86e4c5e855a0d615d36e2ad/gnocchi.4ed4e173-1e3a-4d6d-9126-447dd46205c9%3Fformat%3Djson%26states%3Dlisting HTTP/1.0 204 - Swift - - - - tx4b48cd6747894fc290995-00695a6756 - 0.0058 RL - 1767532374.631145239 1767532374.636971951 0
Jan 4 13:12:54 standalone container-server[122969]: 172.20.0.100 - - [04/Jan/2026:13:12:54 +0000] "GET /d1/884/AUTH_07598facf86e4c5e855a0d615d36e2ad/gnocchi.4ed4e173-1e3a-4d6d-9126-447dd46205c9" 200 2 "GET http://localhost:8080/v1/AUTH_07598facf86e4c5e855a0d615d36e2ad/gnocchi.4ed4e173-1e3a-4d6d-9126-447dd46205c9?format=json&states=listing" "tx4b48cd6747894fc290995-00695a6756" "proxy-server 21" 0.0030 "-" 21 0
Jan 4 13:12:54 standalone proxy-server[124878]: 172.18.0.2 ::1 04/Jan/2026/13/12/54 GET /v1/AUTH_07598facf86e4c5e855a0d615d36e2ad/gnocchi.4ed4e173-1e3a-4d6d-9126-447dd46205c9%3Fformat%3Djson%26states%3Dlisting HTTP/1.0 200 - python-swiftclient-3.11.1 gAAAAABpWmadl4xH... - 2 - tx4b48cd6747894fc290995-00695a6756 - 0.0157 - - 1767532374.630073547 1767532374.645736933 0
Jan 4 13:12:54 standalone object-server[122996]: 172.20.0.100 - - [04/Jan/2026:13:12:54 +0000] "GET /d1/53/AUTH_07598facf86e4c5e855a0d615d36e2ad/gnocchi.4ed4e173-1e3a-4d6d-9126-447dd46205c9/1766880000.0_mean_300.0_v3" 404 70 "GET http://localhost:8080/v1/AUTH_07598facf86e4c5e855a0d615d36e2ad/gnocchi.4ed4e173-1e3a-4d6d-9126-447dd46205c9/1766880000.0_mean_300.0_v3" "txcfbb7963f35d4dea8090b-00695a6756" "proxy-server 21" 0.0005 "-" 22 0
Jan 4 13:12:54 standalone proxy-server[124878]: 172.18.0.2 ::1 04/Jan/2026/13/12/54 GET /v1/AUTH_07598facf86e4c5e855a0d615d36e2ad/gnocchi.4ed4e173-1e3a-4d6d-9126-447dd46205c9/1766880000.0_mean_300.0_v3 HTTP/1.0 404 - python-swiftclient-3.11.1 gAAAAABpWmadl4xH... - 70 - txcfbb7963f35d4dea8090b-00695a6756 - 0.0059 - - 1767532374.650130749 1767532374.656032562 0
Jan 4 13:12:54 standalone container-server[122978]: 172.20.0.100 - - [04/Jan/2026:13:12:54 +0000] "PUT /d1/884/AUTH_07598facf86e4c5e855a0d615d36e2ad/gnocchi.4ed4e173-1e3a-4d6d-9126-447dd46205c9/1766880000.0_mean_300.0_v3" 201 - "PUT http://localhost:8080/d1/53/AUTH_07598facf86e4c5e855a0d615d36e2ad/gnocchi.4ed4e173-1e3a-4d6d-9126-447dd46205c9/1766880000.0_mean_300.0_v3" "txefc54d6b2bd5429e8fda1-00695a6756" "object-server 22" 0.0007 "-" 23 0
Jan 4 13:12:54 standalone object-server[122996]: 172.20.0.100 - - [04/Jan/2026:13:12:54 +0000] "PUT /d1/53/AUTH_07598facf86e4c5e855a0d615d36e2ad/gnocchi.4ed4e173-1e3a-4d6d-9126-447dd46205c9/1766880000.0_mean_300.0_v3" 201 - "PUT http://localhost:8080/v1/AUTH_07598facf86e4c5e855a0d615d36e2ad/gnocchi.4ed4e173-1e3a-4d6d-9126-447dd46205c9/1766880000.0_mean_300.0_v3" "txefc54d6b2bd5429e8fda1-00695a6756" "proxy-server 21" 0.0108 "-" 22 0
Jan 4 13:12:54 standalone proxy-server[124878]: 172.18.0.2 ::1 04/Jan/2026/13/12/54 PUT /v1/AUTH_07598facf86e4c5e855a0d615d36e2ad/gnocchi.4ed4e173-1e3a-4d6d-9126-447dd46205c9/1766880000.0_mean_300.0_v3 HTTP/1.0 201 - python-swiftclient-3.11.1 gAAAAABpWmadl4xH... 16 - - txefc54d6b2bd5429e8fda1-00695a6756 - 0.0163 - - 1767532374.661062717 1767532374.677350044 0
Jan 4 13:12:54 standalone container-server[122971]: 172.20.0.100 - - [04/Jan/2026:13:12:54 +0000] "PUT /d1/884/AUTH_07598facf86e4c5e855a0d615d36e2ad/gnocchi.4ed4e173-1e3a-4d6d-9126-447dd46205c9/none_v3" 201 - "PUT http://localhost:8080/d1/719/AUTH_07598facf86e4c5e855a0d615d36e2ad/gnocchi.4ed4e173-1e3a-4d6d-9126-447dd46205c9/none_v3" "tx79fd0e87512147ac8d8eb-00695a6756" "object-server 24" 0.0011 "-" 22 0
Jan 4 13:12:54 standalone object-server[123008]: 172.20.0.100 - - [04/Jan/2026:13:12:54 +0000] "PUT /d1/719/AUTH_07598facf86e4c5e855a0d615d36e2ad/gnocchi.4ed4e173-1e3a-4d6d-9126-447dd46205c9/none_v3" 201 - "PUT http://localhost:8080/v1/AUTH_07598facf86e4c5e855a0d615d36e2ad/gnocchi.4ed4e173-1e3a-4d6d-9126-447dd46205c9/none_v3" "tx79fd0e87512147ac8d8eb-00695a6756" "proxy-server 21" 0.0118 "-" 24 0
Jan 4 13:12:54 standalone proxy-server[124878]: 172.18.0.2 ::1 04/Jan/2026/13/12/54 PUT /v1/AUTH_07598facf86e4c5e855a0d615d36e2ad/gnocchi.4ed4e173-1e3a-4d6d-9126-447dd46205c9/none_v3 HTTP/1.0 201 - python-swiftclient-3.11.1 gAAAAABpWmadl4xH... 22 - - tx79fd0e87512147ac8d8eb-00695a6756 - 0.0174 - - 1767532374.682121277 1767532374.699473143 0
Jan 4 13:12:54 standalone container-server[122971]: 172.20.0.100 - - [04/Jan/2026:13:12:54 +0000] "HEAD /d1/859/AUTH_07598facf86e4c5e855a0d615d36e2ad/gnocchi.cb82baf6-7894-4efb-97e2-87f251233c98" 404 - "HEAD http://localhost:8080/v1/AUTH_07598facf86e4c5e855a0d615d36e2ad/gnocchi.cb82baf6-7894-4efb-97e2-87f251233c98?format=json&states=listing" "txfc11260383b748c19fd3a-00695a6756" "proxy-server 21" 0.0005 "-" 22 0
Jan 4 13:12:54 standalone object-server[123004]: 172.20.0.100 - - [04/Jan/2026:13:12:54 +0000] "GET /d1/330/AUTH_07598facf86e4c5e855a0d615d36e2ad/gnocchi.cb82baf6-7894-4efb-97e2-87f251233c98/none_v3" 404 70 "GET http://localhost:8080/v1/AUTH_07598facf86e4c5e855a0d615d36e2ad/gnocchi.cb82baf6-7894-4efb-97e2-87f251233c98/none_v3" "txfc11260383b748c19fd3a-00695a6756" "proxy-server 21" 0.0005 "-" 23 0
Jan 4 13:12:54 standalone proxy-server[124878]: 172.18.0.2 ::1 04/Jan/2026/13/12/54 GET /v1/AUTH_07598facf86e4c5e855a0d615d36e2ad/gnocchi.cb82baf6-7894-4efb-97e2-87f251233c98/none_v3 HTTP/1.0 404 - python-swiftclient-3.11.1 gAAAAABpWmadl4xH... - 70 - txfc11260383b748c19fd3a-00695a6756 - 0.0506 - - 1767532374.713611126 1767532374.764177084 0
Jan 4 13:12:54 standalone account-server[122765]: 172.20.0.100 - - [04/Jan/2026:13:12:54 +0000] "PUT /d1/81/AUTH_07598facf86e4c5e855a0d615d36e2ad/gnocchi.cb82baf6-7894-4efb-97e2-87f251233c98" 201 - "PUT http://172.20.0.100:6001/d1/859/AUTH_07598facf86e4c5e855a0d615d36e2ad/gnocchi.cb82baf6-7894-4efb-97e2-87f251233c98" "tx8d61685c9c0b40ec93ac8-00695a6756" "container-server 20" 0.0042 "-" 22 0
Jan 4 13:12:54 standalone container-server[122968]: 172.20.0.100 - - [04/Jan/2026:13:12:54 +0000] "PUT /d1/859/AUTH_07598facf86e4c5e855a0d615d36e2ad/gnocchi.cb82baf6-7894-4efb-97e2-87f251233c98" 201 - "PUT http://localhost:8080/v1/AUTH_07598facf86e4c5e855a0d615d36e2ad/gnocchi.cb82baf6-7894-4efb-97e2-87f251233c98" "tx8d61685c9c0b40ec93ac8-00695a6756" "proxy-server 21" 0.0162 "-" 20 0
Jan 4 13:12:54 standalone proxy-server[124878]: 172.18.0.2 ::1 04/Jan/2026/13/12/54 PUT /v1/AUTH_07598facf86e4c5e855a0d615d36e2ad/gnocchi.cb82baf6-7894-4efb-97e2-87f251233c98 HTTP/1.0 201 - python-swiftclient-3.11.1 gAAAAABpWmadl4xH... - - - tx8d61685c9c0b40ec93ac8-00695a6756 - 0.0254 - - 1767532374.768737316 1767532374.794183731 0
Jan 4 13:12:54 standalone container-server[122969]: 172.20.0.100 - - [04/Jan/2026:13:12:54 +0000] "HEAD /d1/859/AUTH_07598facf86e4c5e855a0d615d36e2ad/gnocchi.cb82baf6-7894-4efb-97e2-87f251233c98" 204 - "HEAD http://localhost:8080/v1/AUTH_07598facf86e4c5e855a0d615d36e2ad/gnocchi.cb82baf6-7894-4efb-97e2-87f251233c98?format=json&states=listing" "txed59f6f78a864e4e8e861-00695a6756" "proxy-server 21" 0.0021 "-" 21 0
Jan 4 13:12:54 standalone proxy-server[124878]: - - 04/Jan/2026/13/12/54 HEAD /v1/AUTH_07598facf86e4c5e855a0d615d36e2ad/gnocchi.cb82baf6-7894-4efb-97e2-87f251233c98%3Fformat%3Djson%26states%3Dlisting HTTP/1.0 204 - Swift - - - - txed59f6f78a864e4e8e861-00695a6756 - 0.0077 RL - 1767532374.803054094 1767532374.810743093 0
Jan 4 13:12:54 standalone container-server[122978]: 172.20.0.100 - - [04/Jan/2026:13:12:54 +0000] "GET /d1/859/AUTH_07598facf86e4c5e855a0d615d36e2ad/gnocchi.cb82baf6-7894-4efb-97e2-87f251233c98" 200 2 "GET http://localhost:8080/v1/AUTH_07598facf86e4c5e855a0d615d36e2ad/gnocchi.cb82baf6-7894-4efb-97e2-87f251233c98?format=json&states=listing" "txed59f6f78a864e4e8e861-00695a6756" "proxy-server 21" 0.0035 "-" 23 0
Jan 4 13:12:54 standalone proxy-server[124878]: 172.18.0.2 ::1 04/Jan/2026/13/12/54 GET /v1/AUTH_07598facf86e4c5e855a0d615d36e2ad/gnocchi.cb82baf6-7894-4efb-97e2-87f251233c98%3Fformat%3Djson%26states%3Dlisting HTTP/1.0 200 - python-swiftclient-3.11.1 gAAAAABpWmadl4xH... - 2 - txed59f6f78a864e4e8e861-00695a6756 - 0.0235 - - 1767532374.800555706 1767532374.824078321 0
Jan 4 13:12:54 standalone object-server[123004]: 172.20.0.100 - - [04/Jan/2026:13:12:54 +0000] "GET /d1/585/AUTH_07598facf86e4c5e855a0d615d36e2ad/gnocchi.cb82baf6-7894-4efb-97e2-87f251233c98/1766880000.0_mean_300.0_v3" 404 70 "GET http://localhost:8080/v1/AUTH_07598facf86e4c5e855a0d615d36e2ad/gnocchi.cb82baf6-7894-4efb-97e2-87f251233c98/1766880000.0_mean_300.0_v3" "tx6fc5465f399645b9b61e9-00695a6756" "proxy-server 21" 0.0005 "-" 23 0
Jan 4 13:12:54 standalone proxy-server[124878]: 172.18.0.2 ::1 04/Jan/2026/13/12/54 GET /v1/AUTH_07598facf86e4c5e855a0d615d36e2ad/gnocchi.cb82baf6-7894-4efb-97e2-87f251233c98/1766880000.0_mean_300.0_v3 HTTP/1.0 404 - python-swiftclient-3.11.1 gAAAAABpWmadl4xH... - 70 - tx6fc5465f399645b9b61e9-00695a6756 - 0.0089 - - 1767532374.830101967 1767532374.838991642 0
Jan 4 13:12:54 standalone container-server[122978]: 172.20.0.100 - - [04/Jan/2026:13:12:54 +0000] "PUT /d1/859/AUTH_07598facf86e4c5e855a0d615d36e2ad/gnocchi.cb82baf6-7894-4efb-97e2-87f251233c98/1766880000.0_mean_300.0_v3" 201 - "PUT http://localhost:8080/d1/585/AUTH_07598facf86e4c5e855a0d615d36e2ad/gnocchi.cb82baf6-7894-4efb-97e2-87f251233c98/1766880000.0_mean_300.0_v3" "tx25ee5f5516614e4894865-00695a6756" "object-server 22" 0.0010 "-" 23 0
Jan 4 13:12:54 standalone object-server[122996]: 172.20.0.100 - - [04/Jan/2026:13:12:54 +0000] "PUT /d1/585/AUTH_07598facf86e4c5e855a0d615d36e2ad/gnocchi.cb82baf6-7894-4efb-97e2-87f251233c98/1766880000.0_mean_300.0_v3" 201 - "PUT http://localhost:8080/v1/AUTH_07598facf86e4c5e855a0d615d36e2ad/gnocchi.cb82baf6-7894-4efb-97e2-87f251233c98/1766880000.0_mean_300.0_v3" "tx25ee5f5516614e4894865-00695a6756" "proxy-server 21" 0.0143 "-" 22 0
Jan 4 13:12:54 standalone proxy-server[124878]: 172.18.0.2 ::1 04/Jan/2026/13/12/54 PUT /v1/AUTH_07598facf86e4c5e855a0d615d36e2ad/gnocchi.cb82baf6-7894-4efb-97e2-87f251233c98/1766880000.0_mean_300.0_v3 HTTP/1.0 201 - python-swiftclient-3.11.1 gAAAAABpWmadl4xH... 16 - - tx25ee5f5516614e4894865-00695a6756 - 0.0240 - - 1767532374.844020367 1767532374.868069887 0
Jan 4 13:12:54 standalone container-server[122968]: 172.20.0.100 - - [04/Jan/2026:13:12:54 +0000] "PUT /d1/859/AUTH_07598facf86e4c5e855a0d615d36e2ad/gnocchi.cb82baf6-7894-4efb-97e2-87f251233c98/none_v3" 201 - "PUT http://localhost:8080/d1/330/AUTH_07598facf86e4c5e855a0d615d36e2ad/gnocchi.cb82baf6-7894-4efb-97e2-87f251233c98/none_v3" "tx3d62ff5774944f739ec38-00695a6756" "object-server 25" 0.0008 "-" 20 0
Jan 4 13:12:54 standalone object-server[123009]: 172.20.0.100 - - [04/Jan/2026:13:12:54 +0000] "PUT /d1/330/AUTH_07598facf86e4c5e855a0d615d36e2ad/gnocchi.cb82baf6-7894-4efb-97e2-87f251233c98/none_v3" 201 - "PUT http://localhost:8080/v1/AUTH_07598facf86e4c5e855a0d615d36e2ad/gnocchi.cb82baf6-7894-4efb-97e2-87f251233c98/none_v3" "tx3d62ff5774944f739ec38-00695a6756" "proxy-server 21" 0.0125 "-" 25 0
Jan 4 13:12:54 standalone proxy-server[124878]: 172.18.0.2 ::1 04/Jan/2026/13/12/54 PUT /v1/AUTH_07598facf86e4c5e855a0d615d36e2ad/gnocchi.cb82baf6-7894-4efb-97e2-87f251233c98/none_v3 HTTP/1.0 201 - python-swiftclient-3.11.1 gAAAAABpWmadl4xH... 22 - - tx3d62ff5774944f739ec38-00695a6756 - 0.0246 - - 1767532374.874229908 1767532374.898838282 0
Jan 4 13:12:54 standalone container-server[122978]: 172.20.0.100 - - [04/Jan/2026:13:12:54 +0000] "HEAD /d1/678/AUTH_07598facf86e4c5e855a0d615d36e2ad/gnocchi.bf68c0a2-353b-4c8b-ab15-3034f7195313" 404 - "HEAD http://localhost:8080/v1/AUTH_07598facf86e4c5e855a0d615d36e2ad/gnocchi.bf68c0a2-353b-4c8b-ab15-3034f7195313?format=json&states=listing" "tx6e25379bab3641eaac9bf-00695a6756" "proxy-server 21" 0.0006 "-" 23 0
Jan 4 13:12:54 standalone object-server[123004]: 172.20.0.100 - - [04/Jan/2026:13:12:54 +0000] "GET /d1/655/AUTH_07598facf86e4c5e855a0d615d36e2ad/gnocchi.bf68c0a2-353b-4c8b-ab15-3034f7195313/none_v3" 404 70 "GET http://localhost:8080/v1/AUTH_07598facf86e4c5e855a0d615d36e2ad/gnocchi.bf68c0a2-353b-4c8b-ab15-3034f7195313/none_v3" "tx6e25379bab3641eaac9bf-00695a6756" "proxy-server 21" 0.0006 "-" 23 0
Jan 4 13:12:54 standalone proxy-server[124878]: 172.18.0.2 ::1 04/Jan/2026/13/12/54 GET /v1/AUTH_07598facf86e4c5e855a0d615d36e2ad/gnocchi.bf68c0a2-353b-4c8b-ab15-3034f7195313/none_v3 HTTP/1.0 404 - python-swiftclient-3.11.1 gAAAAABpWmadl4xH... - 70 - tx6e25379bab3641eaac9bf-00695a6756 - 0.0148 - - 1767532374.915838242 1767532374.930651665 0
Jan 4 13:12:54 standalone account-server[122758]: 172.20.0.100 - - [04/Jan/2026:13:12:54 +0000] "PUT /d1/81/AUTH_07598facf86e4c5e855a0d615d36e2ad/gnocchi.bf68c0a2-353b-4c8b-ab15-3034f7195313" 201 - "PUT http://172.20.0.100:6001/d1/678/AUTH_07598facf86e4c5e855a0d615d36e2ad/gnocchi.bf68c0a2-353b-4c8b-ab15-3034f7195313" "txdbedf70c199c404e90ac7-00695a6756" "container-server 21" 0.0044 "-" 21 0
Jan 4 13:12:54 standalone container-server[122969]: 172.20.0.100 - - [04/Jan/2026:13:12:54 +0000] "PUT /d1/678/AUTH_07598facf86e4c5e855a0d615d36e2ad/gnocchi.bf68c0a2-353b-4c8b-ab15-3034f7195313" 201 - "PUT http://localhost:8080/v1/AUTH_07598facf86e4c5e855a0d615d36e2ad/gnocchi.bf68c0a2-353b-4c8b-ab15-3034f7195313" "txdbedf70c199c404e90ac7-00695a6756" "proxy-server 21" 0.0195 "-" 21 0
Jan 4 13:12:54 standalone proxy-server[124878]: 172.18.0.2 ::1 04/Jan/2026/13/12/54 PUT /v1/AUTH_07598facf86e4c5e855a0d615d36e2ad/gnocchi.bf68c0a2-353b-4c8b-ab15-3034f7195313 HTTP/1.0 201 - python-swiftclient-3.11.1 gAAAAABpWmadl4xH... - - - txdbedf70c199c404e90ac7-00695a6756 - 0.0286 - - 1767532374.936143160 1767532374.964779377 0
Jan 4 13:12:54 standalone container-server[122969]: 172.20.0.100 - - [04/Jan/2026:13:12:54 +0000] "HEAD /d1/678/AUTH_07598facf86e4c5e855a0d615d36e2ad/gnocchi.bf68c0a2-353b-4c8b-ab15-3034f7195313" 204 - "HEAD http://localhost:8080/v1/AUTH_07598facf86e4c5e855a0d615d36e2ad/gnocchi.bf68c0a2-353b-4c8b-ab15-3034f7195313?format=json&states=listing" "tx7a66c1e5fc8e44f8bda68-00695a6756" "proxy-server 21" 0.0023 "-" 21 0
Jan 4 13:12:54 standalone proxy-server[124878]: - - 04/Jan/2026/13/12/54 HEAD /v1/AUTH_07598facf86e4c5e855a0d615d36e2ad/gnocchi.bf68c0a2-353b-4c8b-ab15-3034f7195313%3Fformat%3Djson%26states%3Dlisting HTTP/1.0 204 - Swift - - - - tx7a66c1e5fc8e44f8bda68-00695a6756 - 0.0085 RL - 1767532374.972890139 1767532374.981436729 0
Jan 4 13:12:54 standalone container-server[122968]: 172.20.0.100 - - [04/Jan/2026:13:12:54 +0000] "GET /d1/678/AUTH_07598facf86e4c5e855a0d615d36e2ad/gnocchi.bf68c0a2-353b-4c8b-ab15-3034f7195313" 200 2 "GET http://localhost:8080/v1/AUTH_07598facf86e4c5e855a0d615d36e2ad/gnocchi.bf68c0a2-353b-4c8b-ab15-3034f7195313?format=json&states=listing" "tx7a66c1e5fc8e44f8bda68-00695a6756" "proxy-server 21" 0.0034 "-" 20 0
Jan 4 13:12:54 standalone proxy-server[124878]: 172.18.0.2 ::1 04/Jan/2026/13/12/54 GET /v1/AUTH_07598facf86e4c5e855a0d615d36e2ad/gnocchi.bf68c0a2-353b-4c8b-ab15-3034f7195313%3Fformat%3Djson%26states%3Dlisting HTTP/1.0 200 - python-swiftclient-3.11.1 gAAAAABpWmadl4xH... - 2 - tx7a66c1e5fc8e44f8bda68-00695a6756 - 0.0249 - - 1767532374.971033573 1767532374.995915890 0
