Jan 4 12:57:55 standalone account-server[122372]: Starting 2
Jan 4 12:57:56 standalone account-server[122469]: Started child 20 from parent 2
Jan 4 12:57:56 standalone account-server[122469]: Started child 21 from parent 2
Jan 4 12:57:56 standalone account-server[122469]: Started child 22 from parent 2
Jan 4 12:57:56 standalone account-server[122469]: Started child 23 from parent 2
Jan 4 12:57:56 standalone container-server[122727]: Starting 2
Jan 4 12:57:56 standalone object-expirer[122785]: Starting 2
Jan 4 12:57:56 standalone object-expirer[122785]: Option auto_create_account_prefix is deprecated. Configure auto_create_account_prefix under the swift-constraints section of swift.conf. This option will be ignored in a future release.
Jan 4 12:57:56 standalone container-server[122788]: Option allow_versions is deprecated. Configure the versioned_writes middleware in the proxy-server instead. This option will be ignored in a future release.
Jan 4 12:57:56 standalone container-server[122968]: Option allow_versions is deprecated. Configure the versioned_writes middleware in the proxy-server instead. This option will be ignored in a future release.
Jan 4 12:57:56 standalone container-server[122788]: Started child 20 from parent 2
Jan 4 12:57:57 standalone container-server[122969]: Option allow_versions is deprecated. Configure the versioned_writes middleware in the proxy-server instead. This option will be ignored in a future release.
Jan 4 12:57:57 standalone container-server[122788]: Started child 21 from parent 2
Jan 4 12:57:57 standalone container-server[122971]: Option allow_versions is deprecated. Configure the versioned_writes middleware in the proxy-server instead. This option will be ignored in a future release.
Jan 4 12:57:57 standalone container-server[122788]: Started child 22 from parent 2
Jan 4 12:57:57 standalone container-server[122978]: Option allow_versions is deprecated. Configure the versioned_writes middleware in the proxy-server instead. This option will be ignored in a future release.
Jan 4 12:57:57 standalone container-server[122788]: Started child 23 from parent 2
Jan 4 12:57:57 standalone object-server[122807]: Started child 22 from parent 2
Jan 4 12:57:57 standalone object-server[122807]: Started child 23 from parent 2
Jan 4 12:57:57 standalone object-server[122807]: Started child 24 from parent 2
Jan 4 12:57:57 standalone object-server[122807]: Started child 25 from parent 2
Jan 4 12:57:57 standalone object-server[122998]: Starting 2
Jan 4 12:58:02 standalone proxy-server[124574]: Starting Keystone auth_token middleware
Jan 4 12:58:02 standalone proxy-server[124574]: AuthToken middleware is set with keystone_authtoken.service_token_roles_required set to False. This is backwards compatible but deprecated behaviour. Please set this to True.
Jan 4 12:58:03 standalone proxy-server[124878]: Starting Keystone auth_token middleware
Jan 4 12:58:03 standalone proxy-server[124878]: STDERR: The option "bind_port" is not known to keystonemiddleware
Jan 4 12:58:03 standalone proxy-server[124878]: STDERR: The option "workers" is not known to keystonemiddleware
Jan 4 12:58:03 standalone proxy-server[124878]: STDERR: The option "user" is not known to keystonemiddleware
Jan 4 12:58:03 standalone proxy-server[124878]: STDERR: The option "bind_ip" is not known to keystonemiddleware
Jan 4 12:58:03 standalone proxy-server[124878]: STDERR: The option "log_name" is not known to keystonemiddleware
Jan 4 12:58:03 standalone proxy-server[124878]: STDERR: The option "log_facility" is not known to keystonemiddleware
Jan 4 12:58:03 standalone proxy-server[124878]: STDERR: The option "log_level" is not known to keystonemiddleware
Jan 4 12:58:03 standalone proxy-server[124878]: STDERR: The option "log_headers" is not known to keystonemiddleware
Jan 4 12:58:03 standalone proxy-server[124878]: STDERR: The option "log_address" is not known to keystonemiddleware
Jan 4 12:58:03 standalone proxy-server[124878]: STDERR: The option "project_name" is not known to keystonemiddleware
Jan 4 12:58:03 standalone proxy-server[124878]: STDERR: The option "username" is not known to keystonemiddleware
Jan 4 12:58:03 standalone proxy-server[124878]: STDERR: The option "password" is not known to keystonemiddleware
Jan 4 12:58:03 standalone proxy-server[124878]: STDERR: The option "auth_url" is not known to keystonemiddleware
Jan 4 12:58:03 standalone proxy-server[124878]: STDERR: The option "signing_dir" is not known to keystonemiddleware
Jan 4 12:58:03 standalone proxy-server[124878]: STDERR: The option "project_domain_id" is not known to keystonemiddleware
Jan 4 12:58:03 standalone proxy-server[124878]: STDERR: The option "user_domain_id" is not known to keystonemiddleware
Jan 4 12:58:03 standalone proxy-server[124878]: STDERR: The option "__name__" is not known to keystonemiddleware
Jan 4 12:58:03 standalone proxy-server[124878]: AuthToken middleware is set with keystone_authtoken.service_token_roles_required set to False. This is backwards compatible but deprecated behaviour. Please set this to True.
Jan 4 12:58:03 standalone proxy-server[124574]: Started child 21 from parent 2
Jan 4 12:58:56 standalone container-server[122727]: Begin container update sweep
Jan 4 12:58:56 standalone container-server[122727]: Container update sweep completed: 0.00s
Jan 4 13:00:58 standalone account-server[122758]: 172.20.0.100 - - [04/Jan/2026:13:00:58 +0000] "HEAD /d1/261/.expiring_objects" 404 - "HEAD http://localhost/v1/.expiring_objects?format=json" "txea8bb089775942e5bb350-00695a648a" "proxy-server 2" 0.0014 "-" 21 -
Jan 4 13:00:58 standalone object-expirer[122785]: Pass completed in 0s; 0 objects expired (txn: txea8bb089775942e5bb350-00695a648a)
Jan 4 13:01:52 standalone object-server[122998]: Begin object update sweep
Jan 4 13:01:52 standalone object-server[150043]: Object update sweep starting on /srv/node/d1 (pid: 11)
Jan 4 13:01:52 standalone object-server[150043]: Object update sweep completed on /srv/node/d1 in 0.00s seconds:, 0 successes, 0 failures, 0 quarantines, 0 unlinks, 0 errors, 0 redirects (pid: 11)
Jan 4 13:01:52 standalone object-server[150043]: Object update sweep of d1 completed: 0.00s, 0 successes, 0 failures, 0 quarantines, 0 unlinks, 0 errors, 0 redirects
Jan 4 13:01:52 standalone object-server[122998]: Object update sweep completed: 0.08s
Jan 4 13:03:56 standalone container-server[122727]: Begin container update sweep
Jan 4 13:03:56 standalone container-server[122727]: Container update sweep completed: 0.00s
Jan 4 13:04:33 standalone account-server[122765]: 172.20.0.100 - - [04/Jan/2026:13:04:33 +0000] "HEAD /d1/81/AUTH_07598facf86e4c5e855a0d615d36e2ad" 404 - "HEAD http://localhost:8080/v1/AUTH_07598facf86e4c5e855a0d615d36e2ad?format=json" "txf421949749994af89ac31-00695a6561" "proxy-server 21" 0.0011 "-" 22 -
Jan 4 13:04:33 standalone proxy-server[124878]: - - 04/Jan/2026/13/04/33 HEAD /v1/AUTH_07598facf86e4c5e855a0d615d36e2ad%3Fformat%3Djson HTTP/1.0 200 - Swift - - - - txf421949749994af89ac31-00695a6561 - 0.0070 RL - 1767531873.947231293 1767531873.954199553 -
Jan 4 13:04:34 standalone proxy-server[124878]: 172.18.0.2 ::1 04/Jan/2026/13/04/34 HEAD /v1/AUTH_07598facf86e4c5e855a0d615d36e2ad/glance%3Fformat%3Djson HTTP/1.0 404 - python-swiftclient-3.11.1 gAAAAABpWmVhnHd_... - - - txf421949749994af89ac31-00695a6561 - 0.4405 - - 1767531873.941482782 1767531874.381946087 -
Jan 4 13:04:34 standalone account-server[122765]: 172.20.0.100 - - [04/Jan/2026:13:04:34 +0000] "PUT /d1/81/AUTH_07598facf86e4c5e855a0d615d36e2ad" 201 - "-" "tx9106df6a67194e1e9c9b2-00695a6562" "-" 0.0136 "-" 22 -
Jan 4 13:04:34 standalone proxy-server[124878]: autocreate account '/AUTH_07598facf86e4c5e855a0d615d36e2ad' (txn: tx9106df6a67194e1e9c9b2-00695a6562)
Jan 4 13:04:34 standalone account-server[122758]: 172.20.0.100 - - [04/Jan/2026:13:04:34 +0000] "HEAD /d1/81/AUTH_07598facf86e4c5e855a0d615d36e2ad" 204 - "HEAD http://localhost:8080/v1/AUTH_07598facf86e4c5e855a0d615d36e2ad?format=json" "tx9106df6a67194e1e9c9b2-00695a6562" "proxy-server 21" 0.0015 "-" 21 -
Jan 4 13:04:34 standalone account-server[122766]: 172.20.0.100 - - [04/Jan/2026:13:04:34 +0000] "PUT /d1/81/AUTH_07598facf86e4c5e855a0d615d36e2ad/glance" 201 - "PUT http://172.20.0.100:6001/d1/827/AUTH_07598facf86e4c5e855a0d615d36e2ad/glance" "tx9106df6a67194e1e9c9b2-00695a6562" "container-server 22" 0.0068 "-" 23 0
Jan 4 13:04:34 standalone container-server[122971]: 172.20.0.100 - - [04/Jan/2026:13:04:34 +0000] "PUT /d1/827/AUTH_07598facf86e4c5e855a0d615d36e2ad/glance" 201 - "PUT http://localhost:8080/v1/AUTH_07598facf86e4c5e855a0d615d36e2ad/glance" "tx9106df6a67194e1e9c9b2-00695a6562" "proxy-server 21" 0.0235 "-" 22 0
Jan 4 13:04:34 standalone proxy-server[124878]: 172.18.0.2 ::1 04/Jan/2026/13/04/34 PUT /v1/AUTH_07598facf86e4c5e855a0d615d36e2ad/glance HTTP/1.0 201 - python-swiftclient-3.11.1 gAAAAABpWmVhnHd_... - - - tx9106df6a67194e1e9c9b2-00695a6562 - 0.0554 - - 1767531874.386906624 1767531874.442289591 0
Jan 4 13:04:34 standalone container-server[122969]: 172.20.0.100 - - [04/Jan/2026:13:04:34 +0000] "HEAD /d1/827/AUTH_07598facf86e4c5e855a0d615d36e2ad/glance" 204 - "HEAD http://localhost:8080/v1/AUTH_07598facf86e4c5e855a0d615d36e2ad/glance?format=json&states=listing" "tx8db74863e12c4de1953dd-00695a6562" "proxy-server 21" 0.0091 "-" 21 0
Jan 4 13:04:34 standalone proxy-server[124878]: - - 04/Jan/2026/13/04/34 HEAD /v1/AUTH_07598facf86e4c5e855a0d615d36e2ad/glance%3Fformat%3Djson%26states%3Dlisting HTTP/1.0 204 - Swift - - - - tx8db74863e12c4de1953dd-00695a6562 - 0.0216 RL - 1767531874.457171679 1767531874.478750467 0
Jan 4 13:04:54 standalone container-server[122978]: 172.20.0.100 - - [04/Jan/2026:13:04:54 +0000] "PUT /d1/827/AUTH_07598facf86e4c5e855a0d615d36e2ad/glance/f7f5096d-b08a-472c-a296-434123db685b" 201 - "PUT http://localhost:8080/d1/733/AUTH_07598facf86e4c5e855a0d615d36e2ad/glance/f7f5096d-b08a-472c-a296-434123db685b" "tx8db74863e12c4de1953dd-00695a6562" "object-server 24" 0.0056 "-" 23 0
Jan 4 13:04:54 standalone object-server[123008]: 172.20.0.100 - - [04/Jan/2026:13:04:54 +0000] "PUT /d1/733/AUTH_07598facf86e4c5e855a0d615d36e2ad/glance/f7f5096d-b08a-472c-a296-434123db685b" 201 - "PUT http://localhost:8080/v1/AUTH_07598facf86e4c5e855a0d615d36e2ad/glance/f7f5096d-b08a-472c-a296-434123db685b" "tx8db74863e12c4de1953dd-00695a6562" "proxy-server 21" 20.4535 "-" 24 0
Jan 4 13:04:54 standalone proxy-server[124878]: 172.18.0.2 ::1 04/Jan/2026/13/04/54 PUT /v1/AUTH_07598facf86e4c5e855a0d615d36e2ad/glance/f7f5096d-b08a-472c-a296-434123db685b HTTP/1.0 201 - python-swiftclient-3.11.1 gAAAAABpWmVhnHd_... 1472724992 - - tx8db74863e12c4de1953dd-00695a6562 - 20.4877 - - 1767531874.454992294 1767531894.942684174 0
Jan 4 13:04:58 standalone account-server[122754]: 172.20.0.100 - - [04/Jan/2026:13:04:58 +0000] "HEAD /d1/261/.expiring_objects" 404 - "HEAD http://localhost/v1/.expiring_objects?format=json" "tx66bdd674bef54439a084e-00695a657a" "proxy-server 2" 0.0010 "-" 20 -
Jan 4 13:04:58 standalone object-expirer[122785]: Pass completed in 0s; 0 objects expired (txn: tx66bdd674bef54439a084e-00695a657a)
Jan 4 13:05:08 standalone account-server[122758]: 172.20.0.100 - - [04/Jan/2026:13:05:08 +0000] "HEAD /d1/261/.expiring_objects" 404 - "HEAD http://localhost/v1/.expiring_objects?format=json" "tx64fb273ecb784ad5b6a49-00695a6584" "proxy-server 2" 0.0006 "-" 21 -
Jan 4 13:05:08 standalone object-expirer[122785]: Pass completed in 0s; 0 objects expired (txn: tx64fb273ecb784ad5b6a49-00695a6584)
Jan 4 13:06:40 standalone account-server[122765]: 172.20.0.100 - - [04/Jan/2026:13:06:40 +0000] "HEAD /d1/261/.expiring_objects" 404 - "HEAD http://localhost/v1/.expiring_objects?format=json" "txe05cb99ae596456db8079-00695a65e0" "proxy-server 2" 0.0006 "-" 22 -
Jan 4 13:06:40 standalone object-expirer[122785]: Pass completed in 0s; 0 objects expired (txn: txe05cb99ae596456db8079-00695a65e0)
Jan 4 13:06:52 standalone object-server[122998]: Begin object update sweep
Jan 4 13:06:52 standalone object-server[190139]: Object update sweep starting on /srv/node/d1 (pid: 13)
Jan 4 13:06:52 standalone object-server[190139]: Object update sweep completed on /srv/node/d1 in 0.00s seconds:, 0 successes, 0 failures, 0 quarantines, 0 unlinks, 0 errors, 0 redirects (pid: 13)
Jan 4 13:06:52 standalone object-server[190139]: Object update sweep of d1 completed: 0.00s, 0 successes, 0 failures, 0 quarantines, 0 unlinks, 0 errors, 0 redirects
Jan 4 13:06:52 standalone object-server[122998]: Object update sweep completed: 0.08s
Jan 4 13:08:56 standalone container-server[122727]: Begin container update sweep
Jan 4 13:08:56 standalone account-server[122754]: 172.20.0.100 - - [04/Jan/2026:13:08:56 +0000] "PUT /d1/81/AUTH_07598facf86e4c5e855a0d615d36e2ad/glance" 201 - "-" "-" "container-updater 2" 0.0012 "-" 20 0
Jan 4 13:08:56 standalone container-server[122727]: Container update sweep completed: 0.10s
Jan 4 13:09:45 standalone account-server[122754]: 172.20.0.100 - - [04/Jan/2026:13:09:45 +0000] "HEAD /d1/81/AUTH_07598facf86e4c5e855a0d615d36e2ad" 204 - "HEAD http://localhost:8080/v1/AUTH_07598facf86e4c5e855a0d615d36e2ad?format=json" "tx2b21281bdbc0498080bca-00695a6699" "proxy-server 21" 0.0085 "-" 20 -
Jan 4 13:09:45 standalone proxy-server[124878]: - - 04/Jan/2026/13/09/45 HEAD /v1/AUTH_07598facf86e4c5e855a0d615d36e2ad%3Fformat%3Djson HTTP/1.0 204 - Swift - - - - tx2b21281bdbc0498080bca-00695a6699 - 0.0127 RL - 1767532185.798225641 1767532185.810962915 -
Jan 4 13:09:45 standalone container-server[122971]: 172.20.0.100 - - [04/Jan/2026:13:09:45 +0000] "HEAD /d1/827/AUTH_07598facf86e4c5e855a0d615d36e2ad/glance" 204 - "HEAD http://localhost:8080/v1/AUTH_07598facf86e4c5e855a0d615d36e2ad/glance?format=json&states=listing" "tx2b21281bdbc0498080bca-00695a6699" "proxy-server 21" 0.0017 "-" 22 0
Jan 4 13:09:45 standalone proxy-server[124878]: 172.18.0.2 ::1 04/Jan/2026/13/09/45 HEAD /v1/AUTH_07598facf86e4c5e855a0d615d36e2ad/glance%3Fformat%3Djson%26states%3Dlisting HTTP/1.0 204 - python-swiftclient-3.11.1 gAAAAABpWmaZ9x9y... - - - tx2b21281bdbc0498080bca-00695a6699 - 0.1035 - - 1767532185.797471046 1767532185.900979519 0
Jan 4 13:09:48 standalone container-server[122968]: 172.20.0.100 - - [04/Jan/2026:13:09:48 +0000] "PUT /d1/827/AUTH_07598facf86e4c5e855a0d615d36e2ad/glance/9f785704-34a7-4c5d-8dc6-0685673d1f8e-00001" 201 - "PUT http://localhost:8080/d1/119/AUTH_07598facf86e4c5e855a0d615d36e2ad/glance/9f785704-34a7-4c5d-8dc6-0685673d1f8e-00001" "tx8483980111ed4ab5b4091-00695a6699" "object-server 24" 0.0009 "-" 20 0
Jan 4 13:09:48 standalone object-server[123008]: 172.20.0.100 - - [04/Jan/2026:13:09:48 +0000] "PUT /d1/119/AUTH_07598facf86e4c5e855a0d615d36e2ad/glance/9f785704-34a7-4c5d-8dc6-0685673d1f8e-00001" 201 - "PUT http://localhost:8080/v1/AUTH_07598facf86e4c5e855a0d615d36e2ad/glance/9f785704-34a7-4c5d-8dc6-0685673d1f8e-00001" "tx8483980111ed4ab5b4091-00695a6699" "proxy-server 21" 2.6780 "-" 24 0
Jan 4 13:09:48 standalone proxy-server[124878]: 172.18.0.2 ::1 04/Jan/2026/13/09/48 PUT /v1/AUTH_07598facf86e4c5e855a0d615d36e2ad/glance/9f785704-34a7-4c5d-8dc6-0685673d1f8e-00001 HTTP/1.0 201 - python-swiftclient-3.11.1 gAAAAABpWmaZ9x9y... 21692416 - - tx8483980111ed4ab5b4091-00695a6699 - 2.6872 - - 1767532185.907004595 1767532188.594218731 0
Jan 4 13:09:48 standalone container-server[122969]: 172.20.0.100 - - [04/Jan/2026:13:09:48 +0000] "PUT /d1/827/AUTH_07598facf86e4c5e855a0d615d36e2ad/glance/9f785704-34a7-4c5d-8dc6-0685673d1f8e" 201 - "PUT http://localhost:8080/d1/823/AUTH_07598facf86e4c5e855a0d615d36e2ad/glance/9f785704-34a7-4c5d-8dc6-0685673d1f8e" "tx80831cd1125547f9b31c1-00695a669c" "object-server 25" 0.0009 "-" 21 0
Jan 4 13:09:48 standalone object-server[123009]: 172.20.0.100 - - [04/Jan/2026:13:09:48 +0000] "PUT /d1/823/AUTH_07598facf86e4c5e855a0d615d36e2ad/glance/9f785704-34a7-4c5d-8dc6-0685673d1f8e" 201 - "PUT http://localhost:8080/v1/AUTH_07598facf86e4c5e855a0d615d36e2ad/glance/9f785704-34a7-4c5d-8dc6-0685673d1f8e" "tx80831cd1125547f9b31c1-00695a669c" "proxy-server 21" 0.0249 "-" 25 0
Jan 4 13:09:48 standalone proxy-server[124878]: 172.18.0.2 ::1 04/Jan/2026/13/09/48 PUT /v1/AUTH_07598facf86e4c5e855a0d615d36e2ad/glance/9f785704-34a7-4c5d-8dc6-0685673d1f8e HTTP/1.0 201 - python-swiftclient-3.11.1 gAAAAABpWmaZ9x9y... - - - tx80831cd1125547f9b31c1-00695a669c - 0.0327 - - 1767532188.600584030 1767532188.633252144 0
Jan 4 13:09:49 standalone container-server[122978]: 172.20.0.100 - - [04/Jan/2026:13:09:49 +0000] "HEAD /d1/928/AUTH_07598facf86e4c5e855a0d615d36e2ad/gnocchi.963e509c-3f9d-4d5b-bd56-20c07d14de96" 404 - "HEAD http://localhost:8080/v1/AUTH_07598facf86e4c5e855a0d615d36e2ad/gnocchi.963e509c-3f9d-4d5b-bd56-20c07d14de96?format=json&states=listing" "txa667ef88fd894dfeb9e20-00695a669d" "proxy-server 21" 0.0008 "-" 23 0
Jan 4 13:09:49 standalone object-server[123004]: 172.20.0.100 - - [04/Jan/2026:13:09:49 +0000] "GET /d1/871/AUTH_07598facf86e4c5e855a0d615d36e2ad/gnocchi.963e509c-3f9d-4d5b-bd56-20c07d14de96/none_v3" 404 70 "GET http://localhost:8080/v1/AUTH_07598facf86e4c5e855a0d615d36e2ad/gnocchi.963e509c-3f9d-4d5b-bd56-20c07d14de96/none_v3" "txa667ef88fd894dfeb9e20-00695a669d" "proxy-server 21" 0.0010 "-" 23 0
Jan 4 13:09:49 standalone proxy-server[124878]: 172.18.0.2 ::1 04/Jan/2026/13/09/49 GET /v1/AUTH_07598facf86e4c5e855a0d615d36e2ad/gnocchi.963e509c-3f9d-4d5b-bd56-20c07d14de96/none_v3 HTTP/1.0 404 - python-swiftclient-3.11.1 gAAAAABpWmadl4xH... - 70 - txa667ef88fd894dfeb9e20-00695a669d - 0.0559 - - 1767532189.345285177 1767532189.401168108 0
Jan 4 13:09:49 standalone account-server[122758]: 172.20.0.100 - - [04/Jan/2026:13:09:49 +0000] "PUT /d1/81/AUTH_07598facf86e4c5e855a0d615d36e2ad/gnocchi.963e509c-3f9d-4d5b-bd56-20c07d14de96" 201 - "PUT http://172.20.0.100:6001/d1/928/AUTH_07598facf86e4c5e855a0d615d36e2ad/gnocchi.963e509c-3f9d-4d5b-bd56-20c07d14de96" "tx5f6b1eb78adc43b6955a6-00695a669d" "container-server 23" 0.0024 "-" 21 0
Jan 4 13:09:49 standalone container-server[122978]: 172.20.0.100 - - [04/Jan/2026:13:09:49 +0000] "PUT /d1/928/AUTH_07598facf86e4c5e855a0d615d36e2ad/gnocchi.963e509c-3f9d-4d5b-bd56-20c07d14de96" 201 - "PUT http://localhost:8080/v1/AUTH_07598facf86e4c5e855a0d615d36e2ad/gnocchi.963e509c-3f9d-4d5b-bd56-20c07d14de96" "tx5f6b1eb78adc43b6955a6-00695a669d" "proxy-server 21" 0.0151 "-" 23 0
Jan 4 13:09:49 standalone proxy-server[124878]: 172.18.0.2 ::1 04/Jan/2026/13/09/49 PUT /v1/AUTH_07598facf86e4c5e855a0d615d36e2ad/gnocchi.963e509c-3f9d-4d5b-bd56-20c07d14de96 HTTP/1.0 201 - python-swiftclient-3.11.1 gAAAAABpWmadl4xH... - - - tx5f6b1eb78adc43b6955a6-00695a669d - 0.0209 - - 1767532189.406119823 1767532189.426997662 0
Jan 4 13:09:49 standalone container-server[122978]: 172.20.0.100 - - [04/Jan/2026:13:09:49 +0000] "HEAD /d1/928/AUTH_07598facf86e4c5e855a0d615d36e2ad/gnocchi.963e509c-3f9d-4d5b-bd56-20c07d14de96" 204 - "HEAD http://localhost:8080/v1/AUTH_07598facf86e4c5e855a0d615d36e2ad/gnocchi.963e509c-3f9d-4d5b-bd56-20c07d14de96?format=json&states=listing" "txf032c4e39ef94c868c03c-00695a669d" "proxy-server 21" 0.0009 "-" 23 0
Jan 4 13:09:49 standalone proxy-server[124878]: - - 04/Jan/2026/13/09/49 HEAD /v1/AUTH_07598facf86e4c5e855a0d615d36e2ad/gnocchi.963e509c-3f9d-4d5b-bd56-20c07d14de96%3Fformat%3Djson%26states%3Dlisting HTTP/1.0 204 - Swift - - - - txf032c4e39ef94c868c03c-00695a669d - 0.0032 RL - 1767532189.433240652 1767532189.436415911 0
Jan 4 13:09:49 standalone container-server[122968]: 172.20.0.100 - - [04/Jan/2026:13:09:49 +0000] "GET /d1/928/AUTH_07598facf86e4c5e855a0d615d36e2ad/gnocchi.963e509c-3f9d-4d5b-bd56-20c07d14de96" 200 2 "GET http://localhost:8080/v1/AUTH_07598facf86e4c5e855a0d615d36e2ad/gnocchi.963e509c-3f9d-4d5b-bd56-20c07d14de96?format=json&states=listing" "txf032c4e39ef94c868c03c-00695a669d" "proxy-server 21" 0.0051 "-" 20 0
Jan 4 13:09:49 standalone proxy-server[124878]: 172.18.0.2 ::1 04/Jan/2026/13/09/49 GET /v1/AUTH_07598facf86e4c5e855a0d615d36e2ad/gnocchi.963e509c-3f9d-4d5b-bd56-20c07d14de96%3Fformat%3Djson%26states%3Dlisting HTTP/1.0 200 - python-swiftclient-3.11.1 gAAAAABpWmadl4xH... - 2 - txf032c4e39ef94c868c03c-00695a669d - 0.0149 - - 1767532189.432225943 1767532189.447139263 0
Jan 4 13:09:49 standalone object-server[123004]: 172.20.0.100 - - [04/Jan/2026:13:09:49 +0000] "GET /d1/455/AUTH_07598facf86e4c5e855a0d615d36e2ad/gnocchi.963e509c-3f9d-4d5b-bd56-20c07d14de96/1766880000.0_mean_300.0_v3" 404 70 "GET http://localhost:8080/v1/AUTH_07598facf86e4c5e855a0d615d36e2ad/gnocchi.963e509c-3f9d-4d5b-bd56-20c07d14de96/1766880000.0_mean_300.0_v3" "tx15e520e92beb4d84a1fb3-00695a669d" "proxy-server 21" 0.0003 "-" 23 0
Jan 4 13:09:49 standalone proxy-server[124878]: 172.18.0.2 ::1 04/Jan/2026/13/09/49 GET /v1/AUTH_07598facf86e4c5e855a0d615d36e2ad/gnocchi.963e509c-3f9d-4d5b-bd56-20c07d14de96/1766880000.0_mean_300.0_v3 HTTP/1.0 404 - python-swiftclient-3.11.1 gAAAAABpWmadl4xH... - 70 - tx15e520e92beb4d84a1fb3-00695a669d - 0.0042 - - 1767532189.450663567 1767532189.454829931 0
Jan 4 13:09:49 standalone container-server[122969]: 172.20.0.100 - - [04/Jan/2026:13:09:49 +0000] "PUT /d1/928/AUTH_07598facf86e4c5e855a0d615d36e2ad/gnocchi.963e509c-3f9d-4d5b-bd56-20c07d14de96/1766880000.0_mean_300.0_v3" 201 - "PUT http://localhost:8080/d1/455/AUTH_07598facf86e4c5e855a0d615d36e2ad/gnocchi.963e509c-3f9d-4d5b-bd56-20c07d14de96/1766880000.0_mean_300.0_v3" "tx0d529e4c4f7148668e10b-00695a669d" "object-server 24" 0.0008 "-" 21 0
Jan 4 13:09:49 standalone object-server[123008]: 172.20.0.100 - - [04/Jan/2026:13:09:49 +0000] "PUT /d1/455/AUTH_07598facf86e4c5e855a0d615d36e2ad/gnocchi.963e509c-3f9d-4d5b-bd56-20c07d14de96/1766880000.0_mean_300.0_v3" 201 - "PUT http://localhost:8080/v1/AUTH_07598facf86e4c5e855a0d615d36e2ad/gnocchi.963e509c-3f9d-4d5b-bd56-20c07d14de96/1766880000.0_mean_300.0_v3" "tx0d529e4c4f7148668e10b-00695a669d" "proxy-server 21" 0.0115 "-" 24 0
Jan 4 13:09:49 standalone proxy-server[124878]: 172.18.0.2 ::1 04/Jan/2026/13/09/49 PUT /v1/AUTH_07598facf86e4c5e855a0d615d36e2ad/gnocchi.963e509c-3f9d-4d5b-bd56-20c07d14de96/1766880000.0_mean_300.0_v3 HTTP/1.0 201 - python-swiftclient-3.11.1 gAAAAABpWmadl4xH... 16 - - tx0d529e4c4f7148668e10b-00695a669d - 0.0165 - - 1767532189.457123041 1767532189.473592281 0
Jan 4 13:09:49 standalone container-server[122969]: 172.20.0.100 - - [04/Jan/2026:13:09:49 +0000] "PUT /d1/928/AUTH_07598facf86e4c5e855a0d615d36e2ad/gnocchi.963e509c-3f9d-4d5b-bd56-20c07d14de96/none_v3" 201 - "PUT http://localhost:8080/d1/871/AUTH_07598facf86e4c5e855a0d615d36e2ad/gnocchi.963e509c-3f9d-4d5b-bd56-20c07d14de96/none_v3" "tx6847a441bd4143d3995d4-00695a669d" "object-server 25" 0.0008 "-" 21 0
Jan 4 13:09:49 standalone object-server[123009]: 172.20.0.100 - - [04/Jan/2026:13:09:49 +0000] "PUT /d1/871/AUTH_07598facf86e4c5e855a0d615d36e2ad/gnocchi.963e509c-3f9d-4d5b-bd56-20c07d14de96/none_v3" 201 - "PUT http://localhost:8080/v1/AUTH_07598facf86e4c5e855a0d615d36e2ad/gnocchi.963e509c-3f9d-4d5b-bd56-20c07d14de96/none_v3" "tx6847a441bd4143d3995d4-00695a669d" "proxy-server 21" 0.0167 "-" 25 0
Jan 4 13:09:49 standalone proxy-server[124878]: 172.18.0.2 ::1 04/Jan/2026/13/09/49 PUT /v1/AUTH_07598facf86e4c5e855a0d615d36e2ad/gnocchi.963e509c-3f9d-4d5b-bd56-20c07d14de96/none_v3 HTTP/1.0 201 - python-swiftclient-3.11.1 gAAAAABpWmadl4xH... 22 - - tx6847a441bd4143d3995d4-00695a669d - 0.0216 - - 1767532189.478434324 1767532189.500005484 0
Jan 4 13:10:19 standalone object-server[123004]: 172.20.0.100 - - [04/Jan/2026:13:10:19 +0000] "GET /d1/871/AUTH_07598facf86e4c5e855a0d615d36e2ad/gnocchi.963e509c-3f9d-4d5b-bd56-20c07d14de96/none_v3" 200 22 "GET http://localhost:8080/v1/AUTH_07598facf86e4c5e855a0d615d36e2ad/gnocchi.963e509c-3f9d-4d5b-bd56-20c07d14de96/none_v3" "txd6b3154eb4994b5baefe8-00695a66bb" "proxy-server 21" 0.0011 "-" 23 0
Jan 4 13:10:19 standalone proxy-server[124878]: 172.18.0.2 ::1 04/Jan/2026/13/10/19 GET /v1/AUTH_07598facf86e4c5e855a0d615d36e2ad/gnocchi.963e509c-3f9d-4d5b-bd56-20c07d14de96/none_v3 HTTP/1.0 200 - python-swiftclient-3.11.1 gAAAAABpWmadl4xH... - 22 - txd6b3154eb4994b5baefe8-00695a66bb - 0.0123 - - 1767532219.045907497 1767532219.058197498 0
Jan 4 13:10:19 standalone container-server[122969]: 172.20.0.100 - - [04/Jan/2026:13:10:19 +0000] "GET /d1/928/AUTH_07598facf86e4c5e855a0d615d36e2ad/gnocchi.963e509c-3f9d-4d5b-bd56-20c07d14de96" 200 357 "GET http://localhost:8080/v1/AUTH_07598facf86e4c5e855a0d615d36e2ad/gnocchi.963e509c-3f9d-4d5b-bd56-20c07d14de96?format=json&states=listing" "tx6e5e9a06301c4d08b8d85-00695a66bb" "proxy-server 21" 0.0201 "-" 21 0
Jan 4 13:10:19 standalone proxy-server[124878]: 172.18.0.2 ::1 04/Jan/2026/13/10/19 GET /v1/AUTH_07598facf86e4c5e855a0d615d36e2ad/gnocchi.963e509c-3f9d-4d5b-bd56-20c07d14de96%3Fformat%3Djson%26states%3Dlisting HTTP/1.0 200 - python-swiftclient-3.11.1 gAAAAABpWmadl4xH... - 357 - tx6e5e9a06301c4d08b8d85-00695a66bb - 0.0344 - - 1767532219.066402674 1767532219.100769043 0
Jan 4 13:10:19 standalone container-server[122968]: 172.20.0.100 - - [04/Jan/2026:13:10:19 +0000] "GET /d1/928/AUTH_07598facf86e4c5e855a0d615d36e2ad/gnocchi.963e509c-3f9d-4d5b-bd56-20c07d14de96" 200 2 "GET http://localhost:8080/v1/AUTH_07598facf86e4c5e855a0d615d36e2ad/gnocchi.963e509c-3f9d-4d5b-bd56-20c07d14de96?format=json&marker=none_v3&states=listing" "txf617f05977704c479d7e8-00695a66bb" "proxy-server 21" 0.0018 "-" 20 0
Jan 4 13:10:19 standalone proxy-server[124878]: 172.18.0.2 ::1 04/Jan/2026/13/10/19 GET /v1/AUTH_07598facf86e4c5e855a0d615d36e2ad/gnocchi.963e509c-3f9d-4d5b-bd56-20c07d14de96%3Fformat%3Djson%26marker%3Dnone_v3%26states%3Dlisting HTTP/1.0 200 - python-swiftclient-3.11.1 gAAAAABpWmadl4xH... - 2 - txf617f05977704c479d7e8-00695a66bb - 0.0155 - - 1767532219.104300499 1767532219.119777441 0
Jan 4 13:10:19 standalone object-server[123009]: 172.20.0.100 - - [04/Jan/2026:13:10:19 +0000] "GET /d1/455/AUTH_07598facf86e4c5e855a0d615d36e2ad/gnocchi.963e509c-3f9d-4d5b-bd56-20c07d14de96/1766880000.0_mean_300.0_v3" 200 16 "GET http://localhost:8080/v1/AUTH_07598facf86e4c5e855a0d615d36e2ad/gnocchi.963e509c-3f9d-4d5b-bd56-20c07d14de96/1766880000.0_mean_300.0_v3" "txf7210ba5ae5940be8da27-00695a66bb" "proxy-server 21" 0.0009 "-" 25 0
Jan 4 13:10:19 standalone proxy-server[124878]: 172.18.0.2 ::1 04/Jan/2026/13/10/19 GET /v1/AUTH_07598facf86e4c5e855a0d615d36e2ad/gnocchi.963e509c-3f9d-4d5b-bd56-20c07d14de96/1766880000.0_mean_300.0_v3 HTTP/1.0 200 - python-swiftclient-3.11.1 gAAAAABpWmadl4xH... - 16 - txf7210ba5ae5940be8da27-00695a66bb - 0.0071 - - 1767532219.123863220 1767532219.130932570 0
Jan 4 13:10:19 standalone container-server[122968]: 172.20.0.100 - - [04/Jan/2026:13:10:19 +0000] "PUT /d1/928/AUTH_07598facf86e4c5e855a0d615d36e2ad/gnocchi.963e509c-3f9d-4d5b-bd56-20c07d14de96/1766880000.0_mean_300.0_v3" 201 - "PUT http://localhost:8080/d1/455/AUTH_07598facf86e4c5e855a0d615d36e2ad/gnocchi.963e509c-3f9d-4d5b-bd56-20c07d14de96/1766880000.0_mean_300.0_v3" "tx1ff781faf20f42418f22e-00695a66bb" "object-server 23" 0.0005 "-" 20 0
Jan 4 13:10:19 standalone object-server[123004]: 172.20.0.100 - - [04/Jan/2026:13:10:19 +0000] "PUT /d1/455/AUTH_07598facf86e4c5e855a0d615d36e2ad/gnocchi.963e509c-3f9d-4d5b-bd56-20c07d14de96/1766880000.0_mean_300.0_v3" 201 - "PUT http://localhost:8080/v1/AUTH_07598facf86e4c5e855a0d615d36e2ad/gnocchi.963e509c-3f9d-4d5b-bd56-20c07d14de96/1766880000.0_mean_300.0_v3" "tx1ff781faf20f42418f22e-00695a66bb" "proxy-server 21" 0.0309 "-" 23 0
Jan 4 13:10:19 standalone proxy-server[124878]: 172.18.0.2 ::1 04/Jan/2026/13/10/19 PUT /v1/AUTH_07598facf86e4c5e855a0d615d36e2ad/gnocchi.963e509c-3f9d-4d5b-bd56-20c07d14de96/1766880000.0_mean_300.0_v3 HTTP/1.0 201 - python-swiftclient-3.11.1 gAAAAABpWmadl4xH... 16 - - tx1ff781faf20f42418f22e-00695a66bb - 0.0385 - - 1767532219.134787798 1767532219.173310041 0
Jan 4 13:10:19 standalone container-server[122978]: 172.20.0.100 - - [04/Jan/2026:13:10:19 +0000] "PUT /d1/928/AUTH_07598facf86e4c5e855a0d615d36e2ad/gnocchi.963e509c-3f9d-4d5b-bd56-20c07d14de96/none_v3" 201 - "PUT http://localhost:8080/d1/871/AUTH_07598facf86e4c5e855a0d615d36e2ad/gnocchi.963e509c-3f9d-4d5b-bd56-20c07d14de96/none_v3" "tx93b694ce55dc41feb5de6-00695a66bb" "object-server 22" 0.0009 "-" 23 0
Jan 4 13:10:19 standalone object-server[122996]: 172.20.0.100 - - [04/Jan/2026:13:10:19 +0000] "PUT /d1/871/AUTH_07598facf86e4c5e855a0d615d36e2ad/gnocchi.963e509c-3f9d-4d5b-bd56-20c07d14de96/none_v3" 201 - "PUT http://localhost:8080/v1/AUTH_07598facf86e4c5e855a0d615d36e2ad/gnocchi.963e509c-3f9d-4d5b-bd56-20c07d14de96/none_v3" "tx93b694ce55dc41feb5de6-00695a66bb" "proxy-server 21" 0.0366 "-" 22 0
Jan 4 13:10:19 standalone proxy-server[124878]: 172.18.0.2 ::1 04/Jan/2026/13/10/19 PUT /v1/AUTH_07598facf86e4c5e855a0d615d36e2ad/gnocchi.963e509c-3f9d-4d5b-bd56-20c07d14de96/none_v3 HTTP/1.0 201 - python-swiftclient-3.11.1 gAAAAABpWmadl4xH... 32 - - tx93b694ce55dc41feb5de6-00695a66bb - 0.0437 - - 1767532219.179670811 1767532219.223325014 0
Jan 4 13:10:50 standalone account-server[122758]: 172.20.0.100 - - [04/Jan/2026:13:10:50 +0000] "HEAD /d1/81/AUTH_07598facf86e4c5e855a0d615d36e2ad" 204 - "HEAD http://localhost:8080/v1/AUTH_07598facf86e4c5e855a0d615d36e2ad?format=json" "tx97ad1cb5c81644b1bb189-00695a66da" "proxy-server 21" 0.0057 "-" 21 -
Jan 4 13:10:50 standalone proxy-server[124878]: - - 04/Jan/2026/13/10/50 HEAD /v1/AUTH_07598facf86e4c5e855a0d615d36e2ad%3Fformat%3Djson HTTP/1.0 204 - Swift - - - - tx97ad1cb5c81644b1bb189-00695a66da - 0.0097 RL - 1767532250.103247166 1767532250.112995148 -
Jan 4 13:10:50 standalone container-server[122969]: 172.20.0.100 - - [04/Jan/2026:13:10:50 +0000] "HEAD /d1/827/AUTH_07598facf86e4c5e855a0d615d36e2ad/glance" 204 - "HEAD http://localhost:8080/v1/AUTH_07598facf86e4c5e855a0d615d36e2ad/glance?format=json&states=listing" "tx97ad1cb5c81644b1bb189-00695a66da" "proxy-server 21" 0.0067 "-" 21 0
Jan 4 13:10:50 standalone object-server[123008]: 172.20.0.100 - - [04/Jan/2026:13:10:50 +0000] "GET /d1/823/AUTH_07598facf86e4c5e855a0d615d36e2ad/glance/9f785704-34a7-4c5d-8dc6-0685673d1f8e" 200 - "GET http://localhost:8080/v1/AUTH_07598facf86e4c5e855a0d615d36e2ad/glance/9f785704-34a7-4c5d-8dc6-0685673d1f8e" "tx97ad1cb5c81644b1bb189-00695a66da" "proxy-server 21" 0.0016 "-" 24 0
Jan 4 13:10:50 standalone container-server[122978]: 172.20.0.100 - - [04/Jan/2026:13:10:50 +0000] "GET /d1/827/AUTH_07598facf86e4c5e855a0d615d36e2ad/glance" 200 210 "GET http://localhost:8080/v1/AUTH_07598facf86e4c5e855a0d615d36e2ad/glance?prefix=9f785704-34a7-4c5d-8dc6-0685673d1f8e-&format=json&states=listing" "tx97ad1cb5c81644b1bb189-00695a66da" "proxy-server 21" 0.0028 "-" 23 0
Jan 4 13:10:50 standalone proxy-server[124878]: - - 04/Jan/2026/13/10/50 GET /v1/AUTH_07598facf86e4c5e855a0d615d36e2ad/glance%3Fprefix%3D9f785704-34a7-4c5d-8dc6-0685673d1f8e-%26format%3Djson%26states%3Dlisting HTTP/1.0 200 - python-swiftclient-3.11.1%20DLO%20MultipartGET gAAAAABpWmba2ttw... - 210 - tx97ad1cb5c81644b1bb189-00695a66da - 0.0098 DLO - 1767532250.220420122 1767532250.230257750 0
Jan 4 13:10:50 standalone object-server[123008]: 172.20.0.100 - - [04/Jan/2026:13:10:50 +0000] "GET /d1/119/AUTH_07598facf86e4c5e855a0d615d36e2ad/glance/9f785704-34a7-4c5d-8dc6-0685673d1f8e-00001" 200 21692416 "GET http://localhost:8080/v1/AUTH_07598facf86e4c5e855a0d615d36e2ad/glance/9f785704-34a7-4c5d-8dc6-0685673d1f8e-00001?multipart-manifest=get" "tx97ad1cb5c81644b1bb189-00695a66da" "proxy-server 21" 0.0007 "-" 24 0
Jan 4 13:10:50 standalone proxy-server[124878]: - - 04/Jan/2026/13/10/50 GET /v1/AUTH_07598facf86e4c5e855a0d615d36e2ad/glance/9f785704-34a7-4c5d-8dc6-0685673d1f8e-00001%3Fmultipart-manifest%3Dget HTTP/1.0 200 - python-swiftclient-3.11.1%20%20DLO%20MultipartGET gAAAAABpWmba2ttw... - 21692416 - tx97ad1cb5c81644b1bb189-00695a66da - 0.0998 DLO - 1767532250.230923176 1767532250.330681086 0
Jan 4 13:10:50 standalone proxy-server[124878]: 172.18.0.2 ::1 04/Jan/2026/13/10/50 GET /v1/AUTH_07598facf86e4c5e855a0d615d36e2ad/glance/9f785704-34a7-4c5d-8dc6-0685673d1f8e HTTP/1.0 200 - python-swiftclient-3.11.1 gAAAAABpWmba2ttw... - 21692416 - tx97ad1cb5c81644b1bb189-00695a66da - 0.2287 - - 1767532250.102414131 1767532250.331146002 0
Jan 4 13:10:50 standalone container-server[122968]: 172.20.0.100 - - [04/Jan/2026:13:10:50 +0000] "HEAD /d1/1006/AUTH_07598facf86e4c5e855a0d615d36e2ad/gnocchi.daf529e7-ec36-49d9-b19c-3f6261025748" 404 - "HEAD http://localhost:8080/v1/AUTH_07598facf86e4c5e855a0d615d36e2ad/gnocchi.daf529e7-ec36-49d9-b19c-3f6261025748?format=json&states=listing" "tx2f61b2f4cd394b31a3638-00695a66da" "proxy-server 21" 0.0006 "-" 20 0
Jan 4 13:10:50 standalone object-server[123008]: 172.20.0.100 - - [04/Jan/2026:13:10:50 +0000] "GET /d1/795/AUTH_07598facf86e4c5e855a0d615d36e2ad/gnocchi.daf529e7-ec36-49d9-b19c-3f6261025748/none_v3" 404 70 "GET http://localhost:8080/v1/AUTH_07598facf86e4c5e855a0d615d36e2ad/gnocchi.daf529e7-ec36-49d9-b19c-3f6261025748/none_v3" "tx2f61b2f4cd394b31a3638-00695a66da" "proxy-server 21" 0.0006 "-" 24 0
Jan 4 13:10:50 standalone proxy-server[124878]: 172.18.0.2 ::1 04/Jan/2026/13/10/50 GET /v1/AUTH_07598facf86e4c5e855a0d615d36e2ad/gnocchi.daf529e7-ec36-49d9-b19c-3f6261025748/none_v3 HTTP/1.0 404 - python-swiftclient-3.11.1 gAAAAABpWmadl4xH... - 70 - tx2f61b2f4cd394b31a3638-00695a66da - 0.0158 - - 1767532250.690445662 1767532250.706208944 0
Jan 4 13:10:50 standalone account-server[122754]: 172.20.0.100 - - [04/Jan/2026:13:10:50 +0000] "PUT /d1/81/AUTH_07598facf86e4c5e855a0d615d36e2ad/gnocchi.daf529e7-ec36-49d9-b19c-3f6261025748" 201 - "PUT http://172.20.0.100:6001/d1/1006/AUTH_07598facf86e4c5e855a0d615d36e2ad/gnocchi.daf529e7-ec36-49d9-b19c-3f6261025748" "txd2573bec73ef495899a29-00695a66da" "container-server 20" 0.0010 "-" 20 0
Jan 4 13:10:50 standalone container-server[122968]: 172.20.0.100 - - [04/Jan/2026:13:10:50 +0000] "PUT /d1/1006/AUTH_07598facf86e4c5e855a0d615d36e2ad/gnocchi.daf529e7-ec36-49d9-b19c-3f6261025748" 201 - "PUT http://localhost:8080/v1/AUTH_07598facf86e4c5e855a0d615d36e2ad/gnocchi.daf529e7-ec36-49d9-b19c-3f6261025748" "txd2573bec73ef495899a29-00695a66da" "proxy-server 21" 0.0554 "-" 20 0
Jan 4 13:10:50 standalone proxy-server[124878]: 172.18.0.2 ::1 04/Jan/2026/13/10/50 PUT /v1/AUTH_07598facf86e4c5e855a0d615d36e2ad/gnocchi.daf529e7-ec36-49d9-b19c-3f6261025748 HTTP/1.0 201 - python-swiftclient-3.11.1 gAAAAABpWmadl4xH... - - - txd2573bec73ef495899a29-00695a66da - 0.0622 - - 1767532250.709494591 1767532250.771728277 0
Jan 4 13:10:50 standalone container-server[122968]: 172.20.0.100 - - [04/Jan/2026:13:10:50 +0000] "HEAD /d1/1006/AUTH_07598facf86e4c5e855a0d615d36e2ad/gnocchi.daf529e7-ec36-49d9-b19c-3f6261025748" 204 - "HEAD http://localhost:8080/v1/AUTH_07598facf86e4c5e855a0d615d36e2ad/gnocchi.daf529e7-ec36-49d9-b19c-3f6261025748?format=json&states=listing" "txffed3b944ca147eb95d77-00695a66da" "proxy-server 21" 0.0009 "-" 20 0
Jan 4 13:10:50 standalone proxy-server[124878]: - - 04/Jan/2026/13/10/50 HEAD /v1/AUTH_07598facf86e4c5e855a0d615d36e2ad/gnocchi.daf529e7-ec36-49d9-b19c-3f6261025748%3Fformat%3Djson%26states%3Dlisting HTTP/1.0 204 - Swift - - - - txffed3b944ca147eb95d77-00695a66da - 0.0089 RL - 1767532250.779350996 1767532250.788281202 0
Jan 4 13:10:50 standalone container-server[122969]: 172.20.0.100 - - [04/Jan/2026:13:10:50 +0000] "GET /d1/1006/AUTH_07598facf86e4c5e855a0d615d36e2ad/gnocchi.daf529e7-ec36-49d9-b19c-3f6261025748" 200 2 "GET http://localhost:8080/v1/AUTH_07598facf86e4c5e855a0d615d36e2ad/gnocchi.daf529e7-ec36-49d9-b19c-3f6261025748?format=json&states=listing" "txffed3b944ca147eb95d77-00695a66da" "proxy-server 21" 0.0033 "-" 21 0
Jan 4 13:10:50 standalone proxy-server[124878]: 172.18.0.2 ::1 04/Jan/2026/13/10/50 GET /v1/AUTH_07598facf86e4c5e855a0d615d36e2ad/gnocchi.daf529e7-ec36-49d9-b19c-3f6261025748%3Fformat%3Djson%26states%3Dlisting HTTP/1.0 200 - python-swiftclient-3.11.1 gAAAAABpWmadl4xH... - 2 - txffed3b944ca147eb95d77-00695a66da - 0.0240 - - 1767532250.777072906 1767532250.801038027 0
Jan 4 13:10:50 standalone object-server[123008]: 172.20.0.100 - - [04/Jan/2026:13:10:50 +0000] "GET /d1/342/AUTH_07598facf86e4c5e855a0d615d36e2ad/gnocchi.daf529e7-ec36-49d9-b19c-3f6261025748/1766880000.0_mean_300.0_v3" 404 70 "GET http://localhost:8080/v1/AUTH_07598facf86e4c5e855a0d615d36e2ad/gnocchi.daf529e7-ec36-49d9-b19c-3f6261025748/1766880000.0_mean_300.0_v3" "tx9066b642c9cc467d94fb8-00695a66da" "proxy-server 21" 0.0005 "-" 24 0
Jan 4 13:10:50 standalone proxy-server[124878]: 172.18.0.2 ::1 04/Jan/2026/13/10/50 GET /v1/AUTH_07598facf86e4c5e855a0d615d36e2ad/gnocchi.daf529e7-ec36-49d9-b19c-3f6261025748/1766880000.0_mean_300.0_v3 HTTP/1.0 404 - python-swiftclient-3.11.1 gAAAAABpWmadl4xH... - 70 - tx9066b642c9cc467d94fb8-00695a66da - 0.0086 - - 1767532250.806668043 1767532250.815247774 0
Jan 4 13:10:50 standalone container-server[122971]: 172.20.0.100 - - [04/Jan/2026:13:10:50 +0000] "PUT /d1/1006/AUTH_07598facf86e4c5e855a0d615d36e2ad/gnocchi.daf529e7-ec36-49d9-b19c-3f6261025748/1766880000.0_mean_300.0_v3" 201 - "PUT http://localhost:8080/d1/342/AUTH_07598facf86e4c5e855a0d615d36e2ad/gnocchi.daf529e7-ec36-49d9-b19c-3f6261025748/1766880000.0_mean_300.0_v3" "tx103ed3d605584154ba958-00695a66da" "object-server 23" 0.0008 "-" 22 0
Jan 4 13:10:50 standalone object-server[123004]: 172.20.0.100 - - [04/Jan/2026:13:10:50 +0000] "PUT /d1/342/AUTH_07598facf86e4c5e855a0d615d36e2ad/gnocchi.daf529e7-ec36-49d9-b19c-3f6261025748/1766880000.0_mean_300.0_v3" 201 - "PUT http://localhost:8080/v1/AUTH_07598facf86e4c5e855a0d615d36e2ad/gnocchi.daf529e7-ec36-49d9-b19c-3f6261025748/1766880000.0_mean_300.0_v3" "tx103ed3d605584154ba958-00695a66da" "proxy-server 21" 0.0218 "-" 23 0
Jan 4 13:10:50 standalone proxy-server[124878]: 172.18.0.2 ::1 04/Jan/2026/13/10/50 PUT /v1/AUTH_07598facf86e4c5e855a0d615d36e2ad/gnocchi.daf529e7-ec36-49d9-b19c-3f6261025748/1766880000.0_mean_300.0_v3 HTTP/1.0 201 - python-swiftclient-3.11.1 gAAAAABpWmadl4xH... 16 - - tx103ed3d605584154ba958-00695a66da - 0.0300 - - 1767532250.819831133 1767532250.849857330 0
Jan 4 13:10:50 standalone container-server[122969]: 172.20.0.100 - - [04/Jan/2026:13:10:50 +0000] "PUT /d1/1006/AUTH_07598facf86e4c5e855a0d615d36e2ad/gnocchi.daf529e7-ec36-49d9-b19c-3f6261025748/none_v3" 201 - "PUT http://localhost:8080/d1/795/AUTH_07598facf86e4c5e855a0d615d36e2ad/gnocchi.daf529e7-ec36-49d9-b19c-3f6261025748/none_v3" "tx01aa03398068416b89f08-00695a66da" "object-server 25" 0.0009 "-" 21 0
Jan 4 13:10:50 standalone object-server[123009]: 172.20.0.100 - - [04/Jan/2026:13:10:50 +0000] "PUT /d1/795/AUTH_07598facf86e4c5e855a0d615d36e2ad/gnocchi.daf529e7-ec36-49d9-b19c-3f6261025748/none_v3" 201 - "PUT http://localhost:8080/v1/AUTH_07598facf86e4c5e855a0d615d36e2ad/gnocchi.daf529e7-ec36-49d9-b19c-3f6261025748/none_v3" "tx01aa03398068416b89f08-00695a66da" "proxy-server 21" 0.0122 "-" 25 0
Jan 4 13:10:50 standalone proxy-server[124878]: 172.18.0.2 ::1 04/Jan/2026/13/10/50 PUT /v1/AUTH_07598facf86e4c5e855a0d615d36e2ad/gnocchi.daf529e7-ec36-49d9-b19c-3f6261025748/none_v3 HTTP/1.0 201 - python-swiftclient-3.11.1 gAAAAABpWmadl4xH... 22 - - tx01aa03398068416b89f08-00695a66da - 0.0264 - - 1767532250.859700441 1767532250.886116505 0
Jan 4 13:10:50 standalone container-server[122978]: 172.20.0.100 - - [04/Jan/2026:13:10:50 +0000] "HEAD /d1/17/AUTH_07598facf86e4c5e855a0d615d36e2ad/gnocchi.f4c4550e-9712-4735-82af-a141d6671886" 404 - "HEAD http://localhost:8080/v1/AUTH_07598facf86e4c5e855a0d615d36e2ad/gnocchi.f4c4550e-9712-4735-82af-a141d6671886?format=json&states=listing" "txcdccd5c4977243d2ace18-00695a66da" "proxy-server 21" 0.0010 "-" 23 0
Jan 4 13:10:50 standalone object-server[123009]: 172.20.0.100 - - [04/Jan/2026:13:10:50 +0000] "GET /d1/125/AUTH_07598facf86e4c5e855a0d615d36e2ad/gnocchi.f4c4550e-9712-4735-82af-a141d6671886/none_v3" 404 70 "GET http://localhost:8080/v1/AUTH_07598facf86e4c5e855a0d615d36e2ad/gnocchi.f4c4550e-9712-4735-82af-a141d6671886/none_v3" "txcdccd5c4977243d2ace18-00695a66da" "proxy-server 21" 0.0003 "-" 25 0
Jan 4 13:10:50 standalone proxy-server[124878]: 172.18.0.2 ::1 04/Jan/2026/13/10/50 GET /v1/AUTH_07598facf86e4c5e855a0d615d36e2ad/gnocchi.f4c4550e-9712-4735-82af-a141d6671886/none_v3 HTTP/1.0 404 - python-swiftclient-3.11.1 gAAAAABpWmadl4xH... - 70 - txcdccd5c4977243d2ace18-00695a66da - 0.0116 - - 1767532250.897430182 1767532250.908984900 0
Jan 4 13:10:50 standalone account-server[122766]: 172.20.0.100 - - [04/Jan/2026:13:10:50 +0000] "PUT /d1/81/AUTH_07598facf86e4c5e855a0d615d36e2ad/gnocchi.f4c4550e-9712-4735-82af-a141d6671886" 201 - "PUT http://172.20.0.100:6001/d1/17/AUTH_07598facf86e4c5e855a0d615d36e2ad/gnocchi.f4c4550e-9712-4735-82af-a141d6671886" "txc74b8d5edc1b4162bf470-00695a66da" "container-server 20" 0.0056 "-" 23 0
Jan 4 13:10:50 standalone container-server[122968]: 172.20.0.100 - - [04/Jan/2026:13:10:50 +0000] "PUT /d1/17/AUTH_07598facf86e4c5e855a0d615d36e2ad/gnocchi.f4c4550e-9712-4735-82af-a141d6671886" 201 - "PUT http://localhost:8080/v1/AUTH_07598facf86e4c5e855a0d615d36e2ad/gnocchi.f4c4550e-9712-4735-82af-a141d6671886" "txc74b8d5edc1b4162bf470-00695a66da" "proxy-server 21" 0.0248 "-" 20 0
Jan 4 13:10:50 standalone proxy-server[124878]: 172.18.0.2 ::1 04/Jan/2026/13/10/50 PUT /v1/AUTH_07598facf86e4c5e855a0d615d36e2ad/gnocchi.f4c4550e-9712-4735-82af-a141d6671886 HTTP/1.0 201 - python-swiftclient-3.11.1 gAAAAABpWmadl4xH... - - - txc74b8d5edc1b4162bf470-00695a66da - 0.0298 - - 1767532250.911728859 1767532250.941540241 0
Jan 4 13:10:50 standalone container-server[122968]: 172.20.0.100 - - [04/Jan/2026:13:10:50 +0000] "HEAD /d1/17/AUTH_07598facf86e4c5e855a0d615d36e2ad/gnocchi.f4c4550e-9712-4735-82af-a141d6671886" 204 - "HEAD http://localhost:8080/v1/AUTH_07598facf86e4c5e855a0d615d36e2ad/gnocchi.f4c4550e-9712-4735-82af-a141d6671886?format=json&states=listing" "tx8212fbba310f4e96a45ef-00695a66da" "proxy-server 21" 0.0025 "-" 20 0
Jan 4 13:10:50 standalone proxy-server[124878]: - - 04/Jan/2026/13/10/50 HEAD /v1/AUTH_07598facf86e4c5e855a0d615d36e2ad/gnocchi.f4c4550e-9712-4735-82af-a141d6671886%3Fformat%3Djson%26states%3Dlisting HTTP/1.0 204 - Swift - - - - tx8212fbba310f4e96a45ef-00695a66da - 0.0062 RL - 1767532250.947480202 1767532250.953674555 0
Jan 4 13:10:50 standalone container-server[122969]: 172.20.0.100 - - [04/Jan/2026:13:10:50 +0000] "GET /d1/17/AUTH_07598facf86e4c5e855a0d615d36e2ad/gnocchi.f4c4550e-9712-4735-82af-a141d6671886" 200 2 "GET http://localhost:8080/v1/AUTH_07598facf86e4c5e855a0d615d36e2ad/gnocchi.f4c4550e-9712-4735-82af-a141d6671886?format=json&states=listing" "tx8212fbba310f4e96a45ef-00695a66da" "proxy-server 21" 0.0040 "-" 21 0
Jan 4 13:10:50 standalone proxy-server[124878]: 172.18.0.2 ::1 04/Jan/2026/13/10/50 GET /v1/AUTH_07598facf86e4c5e855a0d615d36e2ad/gnocchi.f4c4550e-9712-4735-82af-a141d6671886%3Fformat%3Djson%26states%3Dlisting HTTP/1.0 200 - python-swiftclient-3.11.1 gAAAAABpWmadl4xH... - 2 - tx8212fbba310f4e96a45ef-00695a66da - 0.0178 - - 1767532250.946385145 1767532250.964175463 0
Jan 4 13:10:50 standalone object-server[123008]: 172.20.0.100 - - [04/Jan/2026:13:10:50 +0000] "GET /d1/497/AUTH_07598facf86e4c5e855a0d615d36e2ad/gnocchi.f4c4550e-9712-4735-82af-a141d6671886/1766880000.0_mean_300.0_v3" 404 70 "GET http://localhost:8080/v1/AUTH_07598facf86e4c5e855a0d615d36e2ad/gnocchi.f4c4550e-9712-4735-82af-a141d6671886/1766880000.0_mean_300.0_v3" "tx11b42bf8d00241d090faf-00695a66da" "proxy-server 21" 0.0004 "-" 24 0
Jan 4 13:10:50 standalone proxy-server[124878]: 172.18.0.2 ::1 04/Jan/2026/13/10/50 GET /v1/AUTH_07598facf86e4c5e855a0d615d36e2ad/gnocchi.f4c4550e-9712-4735-82af-a141d6671886/1766880000.0_mean_300.0_v3 HTTP/1.0 404 - python-swiftclient-3.11.1 gAAAAABpWmadl4xH... - 70 - tx11b42bf8d00241d090faf-00695a66da - 0.0057 - - 1767532250.968168020 1767532250.973822355 0
Jan 4 13:10:51 standalone container-server[122968]: 172.20.0.100 - - [04/Jan/2026:13:10:51 +0000] "PUT /d1/17/AUTH_07598facf86e4c5e855a0d615d36e2ad/gnocchi.f4c4550e-9712-4735-82af-a141d6671886/1766880000.0_mean_300.0_v3" 201 - "PUT http://localhost:8080/d1/497/AUTH_07598facf86e4c5e855a0d615d36e2ad/gnocchi.f4c4550e-9712-4735-82af-a141d6671886/1766880000.0_mean_300.0_v3" "tx2af791a5024b4a0dbf47c-00695a66da" "object-server 23" 0.0007 "-" 20 0
Jan 4 13:10:51 standalone object-server[123004]: 172.20.0.100 - - [04/Jan/2026:13:10:51 +0000] "PUT /d1/497/AUTH_07598facf86e4c5e855a0d615d36e2ad/gnocchi.f4c4550e-9712-4735-82af-a141d6671886/1766880000.0_mean_300.0_v3" 201 - "PUT http://localhost:8080/v1/AUTH_07598facf86e4c5e855a0d615d36e2ad/gnocchi.f4c4550e-9712-4735-82af-a141d6671886/1766880000.0_mean_300.0_v3" "tx2af791a5024b4a0dbf47c-00695a66da" "proxy-server 21" 0.0321 "-" 23 0
Jan 4 13:10:51 standalone proxy-server[124878]: 172.18.0.2 ::1 04/Jan/2026/13/10/51 PUT /v1/AUTH_07598facf86e4c5e855a0d615d36e2ad/gnocchi.f4c4550e-9712-4735-82af-a141d6671886/1766880000.0_mean_300.0_v3 HTTP/1.0 201 - python-swiftclient-3.11.1 gAAAAABpWmadl4xH... 16 - - tx2af791a5024b4a0dbf47c-00695a66da - 0.0389 - - 1767532250.976959944 1767532251.015895844 0
Jan 4 13:10:51 standalone container-server[122978]: 172.20.0.100 - - [04/Jan/2026:13:10:51 +0000] "PUT /d1/17/AUTH_07598facf86e4c5e855a0d615d36e2ad/gnocchi.f4c4550e-9712-4735-82af-a141d6671886/none_v3" 201 - "PUT http://localhost:8080/d1/125/AUTH_07598facf86e4c5e855a0d615d36e2ad/gnocchi.f4c4550e-9712-4735-82af-a141d6671886/none_v3" "tx1d21a2f8a50240f39dc2e-00695a66db" "object-server 25" 0.0005 "-" 23 0
Jan 4 13:10:51 standalone object-server[123009]: 172.20.0.100 - - [04/Jan/2026:13:10:51 +0000] "PUT /d1/125/AUTH_07598facf86e4c5e855a0d615d36e2ad/gnocchi.f4c4550e-9712-4735-82af-a141d6671886/none_v3" 201 - "PUT http://localhost:8080/v1/AUTH_07598facf86e4c5e855a0d615d36e2ad/gnocchi.f4c4550e-9712-4735-82af-a141d6671886/none_v3" "tx1d21a2f8a50240f39dc2e-00695a66db" "proxy-server 21" 0.0101 "-" 25 0
Jan 4 13:10:51 standalone proxy-server[124878]: 172.18.0.2 ::1 04/Jan/2026/13/10/51 PUT /v1/AUTH_07598facf86e4c5e855a0d615d36e2ad/gnocchi.f4c4550e-9712-4735-82af-a141d6671886/none_v3 HTTP/1.0 201 - python-swiftclient-3.11.1 gAAAAABpWmadl4xH... 22 - - tx1d21a2f8a50240f39dc2e-00695a66db - 0.0170 - - 1767532251.020148754 1767532251.037162066 0
Jan 4 13:10:55 standalone container-server[122978]: 172.20.0.100 - - [04/Jan/2026:13:10:55 +0000] "HEAD /d1/927/AUTH_07598facf86e4c5e855a0d615d36e2ad/gnocchi.2ee8ef02-0e05-48cc-acc3-1249cfd9ac5b" 404 - "HEAD http://localhost:8080/v1/AUTH_07598facf86e4c5e855a0d615d36e2ad/gnocchi.2ee8ef02-0e05-48cc-acc3-1249cfd9ac5b?format=json&states=listing" "tx9d423589b265417db32cf-00695a66df" "proxy-server 21" 0.0005 "-" 23 0
Jan 4 13:10:55 standalone object-server[122996]: 172.20.0.100 - - [04/Jan/2026:13:10:55 +0000] "GET /d1/360/AUTH_07598facf86e4c5e855a0d615d36e2ad/gnocchi.2ee8ef02-0e05-48cc-acc3-1249cfd9ac5b/none_v3" 404 70 "GET http://localhost:8080/v1/AUTH_07598facf86e4c5e855a0d615d36e2ad/gnocchi.2ee8ef02-0e05-48cc-acc3-1249cfd9ac5b/none_v3" "tx9d423589b265417db32cf-00695a66df" "proxy-server 21" 0.0010 "-" 22 0
Jan 4 13:10:55 standalone proxy-server[124878]: 172.18.0.2 ::1 04/Jan/2026/13/10/55 GET /v1/AUTH_07598facf86e4c5e855a0d615d36e2ad/gnocchi.2ee8ef02-0e05-48cc-acc3-1249cfd9ac5b/none_v3 HTTP/1.0 404 - python-swiftclient-3.11.1 gAAAAABpWmadl4xH... - 70 - tx9d423589b265417db32cf-00695a66df - 0.0213 - - 1767532255.250908136 1767532255.272238255 0
Jan 4 13:10:55 standalone account-server[122765]: 172.20.0.100 - - [04/Jan/2026:13:10:55 +0000] "PUT /d1/81/AUTH_07598facf86e4c5e855a0d615d36e2ad/gnocchi.2ee8ef02-0e05-48cc-acc3-1249cfd9ac5b" 201 - "PUT http://172.20.0.100:6001/d1/927/AUTH_07598facf86e4c5e855a0d615d36e2ad/gnocchi.2ee8ef02-0e05-48cc-acc3-1249cfd9ac5b" "tx25a78c2985bb4dd9b1324-00695a66df" "container-server 23" 0.0051 "-" 22 0
Jan 4 13:10:55 standalone container-server[122978]: 172.20.0.100 - - [04/Jan/2026:13:10:55 +0000] "PUT /d1/927/AUTH_07598facf86e4c5e855a0d615d36e2ad/gnocchi.2ee8ef02-0e05-48cc-acc3-1249cfd9ac5b" 201 - "PUT http://localhost:8080/v1/AUTH_07598facf86e4c5e855a0d615d36e2ad/gnocchi.2ee8ef02-0e05-48cc-acc3-1249cfd9ac5b" "tx25a78c2985bb4dd9b1324-00695a66df" "proxy-server 21" 0.0154 "-" 23 0
Jan 4 13:10:55 standalone proxy-server[124878]: 172.18.0.2 ::1 04/Jan/2026/13/10/55 PUT /v1/AUTH_07598facf86e4c5e855a0d615d36e2ad/gnocchi.2ee8ef02-0e05-48cc-acc3-1249cfd9ac5b HTTP/1.0 201 - python-swiftclient-3.11.1 gAAAAABpWmadl4xH... - - - tx25a78c2985bb4dd9b1324-00695a66df - 0.0314 - - 1767532255.277045012 1767532255.308429718 0
Jan 4 13:10:55 standalone container-server[122969]: 172.20.0.100 - - [04/Jan/2026:13:10:55 +0000] "HEAD /d1/927/AUTH_07598facf86e4c5e855a0d615d36e2ad/gnocchi.2ee8ef02-0e05-48cc-acc3-1249cfd9ac5b" 204 - "HEAD http://localhost:8080/v1/AUTH_07598facf86e4c5e855a0d615d36e2ad/gnocchi.2ee8ef02-0e05-48cc-acc3-1249cfd9ac5b?format=json&states=listing" "tx3e694248e78c46a6ac742-00695a66df" "proxy-server 21" 0.0032 "-" 21 0
Jan 4 13:10:55 standalone proxy-server[124878]: - - 04/Jan/2026/13/10/55 HEAD /v1/AUTH_07598facf86e4c5e855a0d615d36e2ad/gnocchi.2ee8ef02-0e05-48cc-acc3-1249cfd9ac5b%3Fformat%3Djson%26states%3Dlisting HTTP/1.0 204 - Swift - - - - tx3e694248e78c46a6ac742-00695a66df - 0.0119 RL - 1767532255.318304777 1767532255.330236197 0
Jan 4 13:10:55 standalone container-server[122969]: 172.20.0.100 - - [04/Jan/2026:13:10:55 +0000] "GET /d1/927/AUTH_07598facf86e4c5e855a0d615d36e2ad/gnocchi.2ee8ef02-0e05-48cc-acc3-1249cfd9ac5b" 200 2 "GET http://localhost:8080/v1/AUTH_07598facf86e4c5e855a0d615d36e2ad/gnocchi.2ee8ef02-0e05-48cc-acc3-1249cfd9ac5b?format=json&states=listing" "tx3e694248e78c46a6ac742-00695a66df" "proxy-server 21" 0.0055 "-" 21 0
Jan 4 13:10:55 standalone proxy-server[124878]: 172.18.0.2 ::1 04/Jan/2026/13/10/55 GET /v1/AUTH_07598facf86e4c5e855a0d615d36e2ad/gnocchi.2ee8ef02-0e05-48cc-acc3-1249cfd9ac5b%3Fformat%3Djson%26states%3Dlisting HTTP/1.0 200 - python-swiftclient-3.11.1 gAAAAABpWmadl4xH... - 2 - tx3e694248e78c46a6ac742-00695a66df - 0.0318 - - 1767532255.315987825 1767532255.347779274 0
