Jan 4 13:10:55 standalone object-server[122996]: 172.20.0.100 - - [04/Jan/2026:13:10:55 +0000] "GET /d1/568/AUTH_07598facf86e4c5e855a0d615d36e2ad/gnocchi.2ee8ef02-0e05-48cc-acc3-1249cfd9ac5b/1766880000.0_mean_300.0_v3" 404 70 "GET http://localhost:8080/v1/AUTH_07598facf86e4c5e855a0d615d36e2ad/gnocchi.2ee8ef02-0e05-48cc-acc3-1249cfd9ac5b/1766880000.0_mean_300.0_v3" "txa0a795e209454b2582043-00695a66df" "proxy-server 21" 0.0004 "-" 22 0
Jan 4 13:10:55 standalone proxy-server[124878]: 172.18.0.2 ::1 04/Jan/2026/13/10/55 GET /v1/AUTH_07598facf86e4c5e855a0d615d36e2ad/gnocchi.2ee8ef02-0e05-48cc-acc3-1249cfd9ac5b/1766880000.0_mean_300.0_v3 HTTP/1.0 404 - python-swiftclient-3.11.1 gAAAAABpWmadl4xH... - 70 - txa0a795e209454b2582043-00695a66df - 0.0074 - - 1767532255.353987932 1767532255.361404657 0
Jan 4 13:10:55 standalone container-server[122968]: 172.20.0.100 - - [04/Jan/2026:13:10:55 +0000] "PUT /d1/927/AUTH_07598facf86e4c5e855a0d615d36e2ad/gnocchi.2ee8ef02-0e05-48cc-acc3-1249cfd9ac5b/1766880000.0_mean_300.0_v3" 201 - "PUT http://localhost:8080/d1/568/AUTH_07598facf86e4c5e855a0d615d36e2ad/gnocchi.2ee8ef02-0e05-48cc-acc3-1249cfd9ac5b/1766880000.0_mean_300.0_v3" "tx5ea3e331d948478e87bef-00695a66df" "object-server 22" 0.0010 "-" 20 0
Jan 4 13:10:55 standalone object-server[122996]: 172.20.0.100 - - [04/Jan/2026:13:10:55 +0000] "PUT /d1/568/AUTH_07598facf86e4c5e855a0d615d36e2ad/gnocchi.2ee8ef02-0e05-48cc-acc3-1249cfd9ac5b/1766880000.0_mean_300.0_v3" 201 - "PUT http://localhost:8080/v1/AUTH_07598facf86e4c5e855a0d615d36e2ad/gnocchi.2ee8ef02-0e05-48cc-acc3-1249cfd9ac5b/1766880000.0_mean_300.0_v3" "tx5ea3e331d948478e87bef-00695a66df" "proxy-server 21" 0.0113 "-" 22 0
Jan 4 13:10:55 standalone proxy-server[124878]: 172.18.0.2 ::1 04/Jan/2026/13/10/55 PUT /v1/AUTH_07598facf86e4c5e855a0d615d36e2ad/gnocchi.2ee8ef02-0e05-48cc-acc3-1249cfd9ac5b/1766880000.0_mean_300.0_v3 HTTP/1.0 201 - python-swiftclient-3.11.1 gAAAAABpWmadl4xH... 16 - - tx5ea3e331d948478e87bef-00695a66df - 0.0185 - - 1767532255.366539717 1767532255.385076284 0
Jan 4 13:10:55 standalone container-server[122969]: 172.20.0.100 - - [04/Jan/2026:13:10:55 +0000] "PUT /d1/927/AUTH_07598facf86e4c5e855a0d615d36e2ad/gnocchi.2ee8ef02-0e05-48cc-acc3-1249cfd9ac5b/none_v3" 201 - "PUT http://localhost:8080/d1/360/AUTH_07598facf86e4c5e855a0d615d36e2ad/gnocchi.2ee8ef02-0e05-48cc-acc3-1249cfd9ac5b/none_v3" "tx5a25a3ecbcae4952b5bf2-00695a66df" "object-server 22" 0.0005 "-" 21 0
Jan 4 13:10:55 standalone object-server[122996]: 172.20.0.100 - - [04/Jan/2026:13:10:55 +0000] "PUT /d1/360/AUTH_07598facf86e4c5e855a0d615d36e2ad/gnocchi.2ee8ef02-0e05-48cc-acc3-1249cfd9ac5b/none_v3" 201 - "PUT http://localhost:8080/v1/AUTH_07598facf86e4c5e855a0d615d36e2ad/gnocchi.2ee8ef02-0e05-48cc-acc3-1249cfd9ac5b/none_v3" "tx5a25a3ecbcae4952b5bf2-00695a66df" "proxy-server 21" 0.0094 "-" 22 0
Jan 4 13:10:55 standalone proxy-server[124878]: 172.18.0.2 ::1 04/Jan/2026/13/10/55 PUT /v1/AUTH_07598facf86e4c5e855a0d615d36e2ad/gnocchi.2ee8ef02-0e05-48cc-acc3-1249cfd9ac5b/none_v3 HTTP/1.0 201 - python-swiftclient-3.11.1 gAAAAABpWmadl4xH... 22 - - tx5a25a3ecbcae4952b5bf2-00695a66df - 0.0191 - - 1767532255.392821312 1767532255.411970615 0
Jan 4 13:10:55 standalone container-server[122969]: 172.20.0.100 - - [04/Jan/2026:13:10:55 +0000] "HEAD /d1/41/AUTH_07598facf86e4c5e855a0d615d36e2ad/gnocchi.9b02208d-0983-4a4d-b6a5-10cba34a943e" 404 - "HEAD http://localhost:8080/v1/AUTH_07598facf86e4c5e855a0d615d36e2ad/gnocchi.9b02208d-0983-4a4d-b6a5-10cba34a943e?format=json&states=listing" "tx940917c604a44867b10f0-00695a66df" "proxy-server 21" 0.0004 "-" 21 0
Jan 4 13:10:55 standalone object-server[123008]: 172.20.0.100 - - [04/Jan/2026:13:10:55 +0000] "GET /d1/473/AUTH_07598facf86e4c5e855a0d615d36e2ad/gnocchi.9b02208d-0983-4a4d-b6a5-10cba34a943e/none_v3" 404 70 "GET http://localhost:8080/v1/AUTH_07598facf86e4c5e855a0d615d36e2ad/gnocchi.9b02208d-0983-4a4d-b6a5-10cba34a943e/none_v3" "tx940917c604a44867b10f0-00695a66df" "proxy-server 21" 0.0003 "-" 24 0
Jan 4 13:10:55 standalone proxy-server[124878]: 172.18.0.2 ::1 04/Jan/2026/13/10/55 GET /v1/AUTH_07598facf86e4c5e855a0d615d36e2ad/gnocchi.9b02208d-0983-4a4d-b6a5-10cba34a943e/none_v3 HTTP/1.0 404 - python-swiftclient-3.11.1 gAAAAABpWmadl4xH... - 70 - tx940917c604a44867b10f0-00695a66df - 0.0116 - - 1767532255.436280251 1767532255.447839737 0
Jan 4 13:10:55 standalone account-server[122765]: 172.20.0.100 - - [04/Jan/2026:13:10:55 +0000] "PUT /d1/81/AUTH_07598facf86e4c5e855a0d615d36e2ad/gnocchi.9b02208d-0983-4a4d-b6a5-10cba34a943e" 201 - "PUT http://172.20.0.100:6001/d1/41/AUTH_07598facf86e4c5e855a0d615d36e2ad/gnocchi.9b02208d-0983-4a4d-b6a5-10cba34a943e" "tx7cb9e5ff15b14ad3a48fd-00695a66df" "container-server 21" 0.0062 "-" 22 0
Jan 4 13:10:55 standalone container-server[122969]: 172.20.0.100 - - [04/Jan/2026:13:10:55 +0000] "PUT /d1/41/AUTH_07598facf86e4c5e855a0d615d36e2ad/gnocchi.9b02208d-0983-4a4d-b6a5-10cba34a943e" 201 - "PUT http://localhost:8080/v1/AUTH_07598facf86e4c5e855a0d615d36e2ad/gnocchi.9b02208d-0983-4a4d-b6a5-10cba34a943e" "tx7cb9e5ff15b14ad3a48fd-00695a66df" "proxy-server 21" 0.0214 "-" 21 0
Jan 4 13:10:55 standalone proxy-server[124878]: 172.18.0.2 ::1 04/Jan/2026/13/10/55 PUT /v1/AUTH_07598facf86e4c5e855a0d615d36e2ad/gnocchi.9b02208d-0983-4a4d-b6a5-10cba34a943e HTTP/1.0 201 - python-swiftclient-3.11.1 gAAAAABpWmadl4xH... - - - tx7cb9e5ff15b14ad3a48fd-00695a66df - 0.0319 - - 1767532255.453655958 1767532255.485552073 0
Jan 4 13:10:55 standalone container-server[122969]: 172.20.0.100 - - [04/Jan/2026:13:10:55 +0000] "HEAD /d1/41/AUTH_07598facf86e4c5e855a0d615d36e2ad/gnocchi.9b02208d-0983-4a4d-b6a5-10cba34a943e" 204 - "HEAD http://localhost:8080/v1/AUTH_07598facf86e4c5e855a0d615d36e2ad/gnocchi.9b02208d-0983-4a4d-b6a5-10cba34a943e?format=json&states=listing" "txe1753fcf08094fe3891bd-00695a66df" "proxy-server 21" 0.0023 "-" 21 0
Jan 4 13:10:55 standalone proxy-server[124878]: - - 04/Jan/2026/13/10/55 HEAD /v1/AUTH_07598facf86e4c5e855a0d615d36e2ad/gnocchi.9b02208d-0983-4a4d-b6a5-10cba34a943e%3Fformat%3Djson%26states%3Dlisting HTTP/1.0 204 - Swift - - - - txe1753fcf08094fe3891bd-00695a66df - 0.0078 RL - 1767532255.494016171 1767532255.501777649 0
Jan 4 13:10:55 standalone container-server[122971]: 172.20.0.100 - - [04/Jan/2026:13:10:55 +0000] "GET /d1/41/AUTH_07598facf86e4c5e855a0d615d36e2ad/gnocchi.9b02208d-0983-4a4d-b6a5-10cba34a943e" 200 2 "GET http://localhost:8080/v1/AUTH_07598facf86e4c5e855a0d615d36e2ad/gnocchi.9b02208d-0983-4a4d-b6a5-10cba34a943e?format=json&states=listing" "txe1753fcf08094fe3891bd-00695a66df" "proxy-server 21" 0.0035 "-" 22 0
Jan 4 13:10:55 standalone proxy-server[124878]: 172.18.0.2 ::1 04/Jan/2026/13/10/55 GET /v1/AUTH_07598facf86e4c5e855a0d615d36e2ad/gnocchi.9b02208d-0983-4a4d-b6a5-10cba34a943e%3Fformat%3Djson%26states%3Dlisting HTTP/1.0 200 - python-swiftclient-3.11.1 gAAAAABpWmadl4xH... - 2 - txe1753fcf08094fe3891bd-00695a66df - 0.0229 - - 1767532255.492563486 1767532255.515450954 0
Jan 4 13:10:55 standalone object-server[123008]: 172.20.0.100 - - [04/Jan/2026:13:10:55 +0000] "GET /d1/637/AUTH_07598facf86e4c5e855a0d615d36e2ad/gnocchi.9b02208d-0983-4a4d-b6a5-10cba34a943e/1766880000.0_mean_300.0_v3" 404 70 "GET http://localhost:8080/v1/AUTH_07598facf86e4c5e855a0d615d36e2ad/gnocchi.9b02208d-0983-4a4d-b6a5-10cba34a943e/1766880000.0_mean_300.0_v3" "txab540f6ada7c4a13b7961-00695a66df" "proxy-server 21" 0.0003 "-" 24 0
Jan 4 13:10:55 standalone proxy-server[124878]: 172.18.0.2 ::1 04/Jan/2026/13/10/55 GET /v1/AUTH_07598facf86e4c5e855a0d615d36e2ad/gnocchi.9b02208d-0983-4a4d-b6a5-10cba34a943e/1766880000.0_mean_300.0_v3 HTTP/1.0 404 - python-swiftclient-3.11.1 gAAAAABpWmadl4xH... - 70 - txab540f6ada7c4a13b7961-00695a66df - 0.0091 - - 1767532255.525346279 1767532255.534474134 0
Jan 4 13:10:55 standalone container-server[122969]: 172.20.0.100 - - [04/Jan/2026:13:10:55 +0000] "PUT /d1/41/AUTH_07598facf86e4c5e855a0d615d36e2ad/gnocchi.9b02208d-0983-4a4d-b6a5-10cba34a943e/1766880000.0_mean_300.0_v3" 201 - "PUT http://localhost:8080/d1/637/AUTH_07598facf86e4c5e855a0d615d36e2ad/gnocchi.9b02208d-0983-4a4d-b6a5-10cba34a943e/1766880000.0_mean_300.0_v3" "tx3b649a97e4364d75a292e-00695a66df" "object-server 25" 0.0009 "-" 21 0
Jan 4 13:10:55 standalone object-server[123009]: 172.20.0.100 - - [04/Jan/2026:13:10:55 +0000] "PUT /d1/637/AUTH_07598facf86e4c5e855a0d615d36e2ad/gnocchi.9b02208d-0983-4a4d-b6a5-10cba34a943e/1766880000.0_mean_300.0_v3" 201 - "PUT http://localhost:8080/v1/AUTH_07598facf86e4c5e855a0d615d36e2ad/gnocchi.9b02208d-0983-4a4d-b6a5-10cba34a943e/1766880000.0_mean_300.0_v3" "tx3b649a97e4364d75a292e-00695a66df" "proxy-server 21" 0.0396 "-" 25 0
Jan 4 13:10:55 standalone proxy-server[124878]: 172.18.0.2 ::1 04/Jan/2026/13/10/55 PUT /v1/AUTH_07598facf86e4c5e855a0d615d36e2ad/gnocchi.9b02208d-0983-4a4d-b6a5-10cba34a943e/1766880000.0_mean_300.0_v3 HTTP/1.0 201 - python-swiftclient-3.11.1 gAAAAABpWmadl4xH... 16 - - tx3b649a97e4364d75a292e-00695a66df - 0.0498 - - 1767532255.539849758 1767532255.589621544 0
Jan 4 13:10:55 standalone container-server[122971]: 172.20.0.100 - - [04/Jan/2026:13:10:55 +0000] "PUT /d1/41/AUTH_07598facf86e4c5e855a0d615d36e2ad/gnocchi.9b02208d-0983-4a4d-b6a5-10cba34a943e/none_v3" 201 - "PUT http://localhost:8080/d1/473/AUTH_07598facf86e4c5e855a0d615d36e2ad/gnocchi.9b02208d-0983-4a4d-b6a5-10cba34a943e/none_v3" "tx19c0d69671b14a6a87ea3-00695a66df" "object-server 25" 0.0008 "-" 22 0
Jan 4 13:10:55 standalone object-server[123009]: 172.20.0.100 - - [04/Jan/2026:13:10:55 +0000] "PUT /d1/473/AUTH_07598facf86e4c5e855a0d615d36e2ad/gnocchi.9b02208d-0983-4a4d-b6a5-10cba34a943e/none_v3" 201 - "PUT http://localhost:8080/v1/AUTH_07598facf86e4c5e855a0d615d36e2ad/gnocchi.9b02208d-0983-4a4d-b6a5-10cba34a943e/none_v3" "tx19c0d69671b14a6a87ea3-00695a66df" "proxy-server 21" 0.0142 "-" 25 0
Jan 4 13:10:55 standalone proxy-server[124878]: 172.18.0.2 ::1 04/Jan/2026/13/10/55 PUT /v1/AUTH_07598facf86e4c5e855a0d615d36e2ad/gnocchi.9b02208d-0983-4a4d-b6a5-10cba34a943e/none_v3 HTTP/1.0 201 - python-swiftclient-3.11.1 gAAAAABpWmadl4xH... 22 - - tx19c0d69671b14a6a87ea3-00695a66df - 0.0268 - - 1767532255.598920107 1767532255.625718355 0
Jan 4 13:10:55 standalone container-server[122968]: 172.20.0.100 - - [04/Jan/2026:13:10:55 +0000] "HEAD /d1/556/AUTH_07598facf86e4c5e855a0d615d36e2ad/gnocchi.ab831aa0-9efb-4af7-9a6a-cbecccbce106" 404 - "HEAD http://localhost:8080/v1/AUTH_07598facf86e4c5e855a0d615d36e2ad/gnocchi.ab831aa0-9efb-4af7-9a6a-cbecccbce106?format=json&states=listing" "txdb14247b28444bbc8d35d-00695a66df" "proxy-server 21" 0.0005 "-" 20 0
Jan 4 13:10:55 standalone object-server[122996]: 172.20.0.100 - - [04/Jan/2026:13:10:55 +0000] "GET /d1/804/AUTH_07598facf86e4c5e855a0d615d36e2ad/gnocchi.ab831aa0-9efb-4af7-9a6a-cbecccbce106/none_v3" 404 70 "GET http://localhost:8080/v1/AUTH_07598facf86e4c5e855a0d615d36e2ad/gnocchi.ab831aa0-9efb-4af7-9a6a-cbecccbce106/none_v3" "txdb14247b28444bbc8d35d-00695a66df" "proxy-server 21" 0.0004 "-" 22 0
Jan 4 13:10:55 standalone proxy-server[124878]: 172.18.0.2 ::1 04/Jan/2026/13/10/55 GET /v1/AUTH_07598facf86e4c5e855a0d615d36e2ad/gnocchi.ab831aa0-9efb-4af7-9a6a-cbecccbce106/none_v3 HTTP/1.0 404 - python-swiftclient-3.11.1 gAAAAABpWmadl4xH... - 70 - txdb14247b28444bbc8d35d-00695a66df - 0.0125 - - 1767532255.648705006 1767532255.661168337 0
Jan 4 13:10:55 standalone account-server[122766]: 172.20.0.100 - - [04/Jan/2026:13:10:55 +0000] "PUT /d1/81/AUTH_07598facf86e4c5e855a0d615d36e2ad/gnocchi.ab831aa0-9efb-4af7-9a6a-cbecccbce106" 201 - "PUT http://172.20.0.100:6001/d1/556/AUTH_07598facf86e4c5e855a0d615d36e2ad/gnocchi.ab831aa0-9efb-4af7-9a6a-cbecccbce106" "tx8790a4fe8ca84c2687f88-00695a66df" "container-server 21" 0.0038 "-" 23 0
Jan 4 13:10:55 standalone container-server[122969]: 172.20.0.100 - - [04/Jan/2026:13:10:55 +0000] "PUT /d1/556/AUTH_07598facf86e4c5e855a0d615d36e2ad/gnocchi.ab831aa0-9efb-4af7-9a6a-cbecccbce106" 201 - "PUT http://localhost:8080/v1/AUTH_07598facf86e4c5e855a0d615d36e2ad/gnocchi.ab831aa0-9efb-4af7-9a6a-cbecccbce106" "tx8790a4fe8ca84c2687f88-00695a66df" "proxy-server 21" 0.0130 "-" 21 0
Jan 4 13:10:55 standalone proxy-server[124878]: 172.18.0.2 ::1 04/Jan/2026/13/10/55 PUT /v1/AUTH_07598facf86e4c5e855a0d615d36e2ad/gnocchi.ab831aa0-9efb-4af7-9a6a-cbecccbce106 HTTP/1.0 201 - python-swiftclient-3.11.1 gAAAAABpWmadl4xH... - - - tx8790a4fe8ca84c2687f88-00695a66df - 0.0192 - - 1767532255.667048693 1767532255.686283588 0
Jan 4 13:10:55 standalone container-server[122971]: 172.20.0.100 - - [04/Jan/2026:13:10:55 +0000] "HEAD /d1/556/AUTH_07598facf86e4c5e855a0d615d36e2ad/gnocchi.ab831aa0-9efb-4af7-9a6a-cbecccbce106" 204 - "HEAD http://localhost:8080/v1/AUTH_07598facf86e4c5e855a0d615d36e2ad/gnocchi.ab831aa0-9efb-4af7-9a6a-cbecccbce106?format=json&states=listing" "tx3e48a73ba44d4574b770e-00695a66df" "proxy-server 21" 0.0020 "-" 22 0
Jan 4 13:10:55 standalone proxy-server[124878]: - - 04/Jan/2026/13/10/55 HEAD /v1/AUTH_07598facf86e4c5e855a0d615d36e2ad/gnocchi.ab831aa0-9efb-4af7-9a6a-cbecccbce106%3Fformat%3Djson%26states%3Dlisting HTTP/1.0 204 - Swift - - - - tx3e48a73ba44d4574b770e-00695a66df - 0.0065 RL - 1767532255.694405317 1767532255.700877666 0
Jan 4 13:10:55 standalone container-server[122968]: 172.20.0.100 - - [04/Jan/2026:13:10:55 +0000] "GET /d1/556/AUTH_07598facf86e4c5e855a0d615d36e2ad/gnocchi.ab831aa0-9efb-4af7-9a6a-cbecccbce106" 200 2 "GET http://localhost:8080/v1/AUTH_07598facf86e4c5e855a0d615d36e2ad/gnocchi.ab831aa0-9efb-4af7-9a6a-cbecccbce106?format=json&states=listing" "tx3e48a73ba44d4574b770e-00695a66df" "proxy-server 21" 0.0023 "-" 20 0
Jan 4 13:10:55 standalone proxy-server[124878]: 172.18.0.2 ::1 04/Jan/2026/13/10/55 GET /v1/AUTH_07598facf86e4c5e855a0d615d36e2ad/gnocchi.ab831aa0-9efb-4af7-9a6a-cbecccbce106%3Fformat%3Djson%26states%3Dlisting HTTP/1.0 200 - python-swiftclient-3.11.1 gAAAAABpWmadl4xH... - 2 - tx3e48a73ba44d4574b770e-00695a66df - 0.0182 - - 1767532255.691824675 1767532255.709976435 0
Jan 4 13:10:55 standalone object-server[123009]: 172.20.0.100 - - [04/Jan/2026:13:10:55 +0000] "GET /d1/343/AUTH_07598facf86e4c5e855a0d615d36e2ad/gnocchi.ab831aa0-9efb-4af7-9a6a-cbecccbce106/1766880000.0_mean_300.0_v3" 404 70 "GET http://localhost:8080/v1/AUTH_07598facf86e4c5e855a0d615d36e2ad/gnocchi.ab831aa0-9efb-4af7-9a6a-cbecccbce106/1766880000.0_mean_300.0_v3" "txdea176cda8f644e9a9438-00695a66df" "proxy-server 21" 0.0005 "-" 25 0
Jan 4 13:10:55 standalone proxy-server[124878]: 172.18.0.2 ::1 04/Jan/2026/13/10/55 GET /v1/AUTH_07598facf86e4c5e855a0d615d36e2ad/gnocchi.ab831aa0-9efb-4af7-9a6a-cbecccbce106/1766880000.0_mean_300.0_v3 HTTP/1.0 404 - python-swiftclient-3.11.1 gAAAAABpWmadl4xH... - 70 - txdea176cda8f644e9a9438-00695a66df - 0.0099 - - 1767532255.721129417 1767532255.731073856 0
Jan 4 13:10:55 standalone container-server[122969]: 172.20.0.100 - - [04/Jan/2026:13:10:55 +0000] "PUT /d1/556/AUTH_07598facf86e4c5e855a0d615d36e2ad/gnocchi.ab831aa0-9efb-4af7-9a6a-cbecccbce106/1766880000.0_mean_300.0_v3" 201 - "PUT http://localhost:8080/d1/343/AUTH_07598facf86e4c5e855a0d615d36e2ad/gnocchi.ab831aa0-9efb-4af7-9a6a-cbecccbce106/1766880000.0_mean_300.0_v3" "txd3ebf81d6b0048f2a4faf-00695a66df" "object-server 25" 0.0015 "-" 21 0
Jan 4 13:10:55 standalone object-server[123009]: 172.20.0.100 - - [04/Jan/2026:13:10:55 +0000] "PUT /d1/343/AUTH_07598facf86e4c5e855a0d615d36e2ad/gnocchi.ab831aa0-9efb-4af7-9a6a-cbecccbce106/1766880000.0_mean_300.0_v3" 201 - "PUT http://localhost:8080/v1/AUTH_07598facf86e4c5e855a0d615d36e2ad/gnocchi.ab831aa0-9efb-4af7-9a6a-cbecccbce106/1766880000.0_mean_300.0_v3" "txd3ebf81d6b0048f2a4faf-00695a66df" "proxy-server 21" 0.0109 "-" 25 0
Jan 4 13:10:55 standalone proxy-server[124878]: 172.18.0.2 ::1 04/Jan/2026/13/10/55 PUT /v1/AUTH_07598facf86e4c5e855a0d615d36e2ad/gnocchi.ab831aa0-9efb-4af7-9a6a-cbecccbce106/1766880000.0_mean_300.0_v3 HTTP/1.0 201 - python-swiftclient-3.11.1 gAAAAABpWmadl4xH... 16 - - txd3ebf81d6b0048f2a4faf-00695a66df - 0.0184 - - 1767532255.736266851 1767532255.754688501 0
Jan 4 13:10:55 standalone container-server[122969]: 172.20.0.100 - - [04/Jan/2026:13:10:55 +0000] "PUT /d1/556/AUTH_07598facf86e4c5e855a0d615d36e2ad/gnocchi.ab831aa0-9efb-4af7-9a6a-cbecccbce106/none_v3" 201 - "PUT http://localhost:8080/d1/804/AUTH_07598facf86e4c5e855a0d615d36e2ad/gnocchi.ab831aa0-9efb-4af7-9a6a-cbecccbce106/none_v3" "txb19a08c62fae476c97a95-00695a66df" "object-server 22" 0.0008 "-" 21 0
Jan 4 13:10:55 standalone object-server[122996]: 172.20.0.100 - - [04/Jan/2026:13:10:55 +0000] "PUT /d1/804/AUTH_07598facf86e4c5e855a0d615d36e2ad/gnocchi.ab831aa0-9efb-4af7-9a6a-cbecccbce106/none_v3" 201 - "PUT http://localhost:8080/v1/AUTH_07598facf86e4c5e855a0d615d36e2ad/gnocchi.ab831aa0-9efb-4af7-9a6a-cbecccbce106/none_v3" "txb19a08c62fae476c97a95-00695a66df" "proxy-server 21" 0.0114 "-" 22 0
Jan 4 13:10:55 standalone proxy-server[124878]: 172.18.0.2 ::1 04/Jan/2026/13/10/55 PUT /v1/AUTH_07598facf86e4c5e855a0d615d36e2ad/gnocchi.ab831aa0-9efb-4af7-9a6a-cbecccbce106/none_v3 HTTP/1.0 201 - python-swiftclient-3.11.1 gAAAAABpWmadl4xH... 22 - - txb19a08c62fae476c97a95-00695a66df - 0.0189 - - 1767532255.759299040 1767532255.778217077 0
Jan 4 13:10:55 standalone container-server[122968]: 172.20.0.100 - - [04/Jan/2026:13:10:55 +0000] "HEAD /d1/655/AUTH_07598facf86e4c5e855a0d615d36e2ad/gnocchi.83f6e994-eea6-4b6e-87e6-19b11b6dec3f" 404 - "HEAD http://localhost:8080/v1/AUTH_07598facf86e4c5e855a0d615d36e2ad/gnocchi.83f6e994-eea6-4b6e-87e6-19b11b6dec3f?format=json&states=listing" "tx57dfee0ca5e2425983acf-00695a66df" "proxy-server 21" 0.0015 "-" 20 0
Jan 4 13:10:55 standalone object-server[122996]: 172.20.0.100 - - [04/Jan/2026:13:10:55 +0000] "GET /d1/204/AUTH_07598facf86e4c5e855a0d615d36e2ad/gnocchi.83f6e994-eea6-4b6e-87e6-19b11b6dec3f/none_v3" 404 70 "GET http://localhost:8080/v1/AUTH_07598facf86e4c5e855a0d615d36e2ad/gnocchi.83f6e994-eea6-4b6e-87e6-19b11b6dec3f/none_v3" "tx57dfee0ca5e2425983acf-00695a66df" "proxy-server 21" 0.0004 "-" 22 0
Jan 4 13:10:55 standalone proxy-server[124878]: 172.18.0.2 ::1 04/Jan/2026/13/10/55 GET /v1/AUTH_07598facf86e4c5e855a0d615d36e2ad/gnocchi.83f6e994-eea6-4b6e-87e6-19b11b6dec3f/none_v3 HTTP/1.0 404 - python-swiftclient-3.11.1 gAAAAABpWmadl4xH... - 70 - tx57dfee0ca5e2425983acf-00695a66df - 0.0231 - - 1767532255.841658831 1767532255.864728928 0
Jan 4 13:10:55 standalone account-server[122758]: 172.20.0.100 - - [04/Jan/2026:13:10:55 +0000] "PUT /d1/81/AUTH_07598facf86e4c5e855a0d615d36e2ad/gnocchi.83f6e994-eea6-4b6e-87e6-19b11b6dec3f" 201 - "PUT http://172.20.0.100:6001/d1/655/AUTH_07598facf86e4c5e855a0d615d36e2ad/gnocchi.83f6e994-eea6-4b6e-87e6-19b11b6dec3f" "tx0f061e2e21144713b89ed-00695a66df" "container-server 23" 0.0055 "-" 21 0
Jan 4 13:10:55 standalone container-server[122978]: 172.20.0.100 - - [04/Jan/2026:13:10:55 +0000] "PUT /d1/655/AUTH_07598facf86e4c5e855a0d615d36e2ad/gnocchi.83f6e994-eea6-4b6e-87e6-19b11b6dec3f" 201 - "PUT http://localhost:8080/v1/AUTH_07598facf86e4c5e855a0d615d36e2ad/gnocchi.83f6e994-eea6-4b6e-87e6-19b11b6dec3f" "tx0f061e2e21144713b89ed-00695a66df" "proxy-server 21" 0.0228 "-" 23 0
Jan 4 13:10:55 standalone proxy-server[124878]: 172.18.0.2 ::1 04/Jan/2026/13/10/55 PUT /v1/AUTH_07598facf86e4c5e855a0d615d36e2ad/gnocchi.83f6e994-eea6-4b6e-87e6-19b11b6dec3f HTTP/1.0 201 - python-swiftclient-3.11.1 gAAAAABpWmadl4xH... - - - tx0f061e2e21144713b89ed-00695a66df - 0.0346 - - 1767532255.869924307 1767532255.904507399 0
Jan 4 13:10:55 standalone container-server[122978]: 172.20.0.100 - - [04/Jan/2026:13:10:55 +0000] "HEAD /d1/655/AUTH_07598facf86e4c5e855a0d615d36e2ad/gnocchi.83f6e994-eea6-4b6e-87e6-19b11b6dec3f" 204 - "HEAD http://localhost:8080/v1/AUTH_07598facf86e4c5e855a0d615d36e2ad/gnocchi.83f6e994-eea6-4b6e-87e6-19b11b6dec3f?format=json&states=listing" "tx862d3a43a5574ef8b4aba-00695a66df" "proxy-server 21" 0.0034 "-" 23 0
Jan 4 13:10:55 standalone proxy-server[124878]: - - 04/Jan/2026/13/10/55 HEAD /v1/AUTH_07598facf86e4c5e855a0d615d36e2ad/gnocchi.83f6e994-eea6-4b6e-87e6-19b11b6dec3f%3Fformat%3Djson%26states%3Dlisting HTTP/1.0 204 - Swift - - - - tx862d3a43a5574ef8b4aba-00695a66df - 0.0108 RL - 1767532255.917317629 1767532255.928115129 0
Jan 4 13:10:55 standalone container-server[122971]: 172.20.0.100 - - [04/Jan/2026:13:10:55 +0000] "GET /d1/655/AUTH_07598facf86e4c5e855a0d615d36e2ad/gnocchi.83f6e994-eea6-4b6e-87e6-19b11b6dec3f" 200 2 "GET http://localhost:8080/v1/AUTH_07598facf86e4c5e855a0d615d36e2ad/gnocchi.83f6e994-eea6-4b6e-87e6-19b11b6dec3f?format=json&states=listing" "tx862d3a43a5574ef8b4aba-00695a66df" "proxy-server 21" 0.0043 "-" 22 0
Jan 4 13:10:55 standalone proxy-server[124878]: 172.18.0.2 ::1 04/Jan/2026/13/10/55 GET /v1/AUTH_07598facf86e4c5e855a0d615d36e2ad/gnocchi.83f6e994-eea6-4b6e-87e6-19b11b6dec3f%3Fformat%3Djson%26states%3Dlisting HTTP/1.0 200 - python-swiftclient-3.11.1 gAAAAABpWmadl4xH... - 2 - tx862d3a43a5574ef8b4aba-00695a66df - 0.0338 - - 1767532255.914463997 1767532255.948263645 0
Jan 4 13:10:55 standalone object-server[123008]: 172.20.0.100 - - [04/Jan/2026:13:10:55 +0000] "GET /d1/660/AUTH_07598facf86e4c5e855a0d615d36e2ad/gnocchi.83f6e994-eea6-4b6e-87e6-19b11b6dec3f/1766880000.0_mean_300.0_v3" 404 70 "GET http://localhost:8080/v1/AUTH_07598facf86e4c5e855a0d615d36e2ad/gnocchi.83f6e994-eea6-4b6e-87e6-19b11b6dec3f/1766880000.0_mean_300.0_v3" "txae3bc9481c714d338e642-00695a66df" "proxy-server 21" 0.0003 "-" 24 0
Jan 4 13:10:55 standalone proxy-server[124878]: 172.18.0.2 ::1 04/Jan/2026/13/10/55 GET /v1/AUTH_07598facf86e4c5e855a0d615d36e2ad/gnocchi.83f6e994-eea6-4b6e-87e6-19b11b6dec3f/1766880000.0_mean_300.0_v3 HTTP/1.0 404 - python-swiftclient-3.11.1 gAAAAABpWmadl4xH... - 70 - txae3bc9481c714d338e642-00695a66df - 0.0103 - - 1767532255.958178282 1767532255.968442440 0
Jan 4 13:10:56 standalone container-server[122978]: 172.20.0.100 - - [04/Jan/2026:13:10:55 +0000] "PUT /d1/655/AUTH_07598facf86e4c5e855a0d615d36e2ad/gnocchi.83f6e994-eea6-4b6e-87e6-19b11b6dec3f/1766880000.0_mean_300.0_v3" 201 - "PUT http://localhost:8080/d1/660/AUTH_07598facf86e4c5e855a0d615d36e2ad/gnocchi.83f6e994-eea6-4b6e-87e6-19b11b6dec3f/1766880000.0_mean_300.0_v3" "txb04c2b990d5b4ad0a3224-00695a66df" "object-server 22" 0.0014 "-" 23 0
Jan 4 13:10:56 standalone object-server[122996]: 172.20.0.100 - - [04/Jan/2026:13:10:56 +0000] "PUT /d1/660/AUTH_07598facf86e4c5e855a0d615d36e2ad/gnocchi.83f6e994-eea6-4b6e-87e6-19b11b6dec3f/1766880000.0_mean_300.0_v3" 201 - "PUT http://localhost:8080/v1/AUTH_07598facf86e4c5e855a0d615d36e2ad/gnocchi.83f6e994-eea6-4b6e-87e6-19b11b6dec3f/1766880000.0_mean_300.0_v3" "txb04c2b990d5b4ad0a3224-00695a66df" "proxy-server 21" 0.0169 "-" 22 0
Jan 4 13:10:56 standalone proxy-server[124878]: 172.18.0.2 ::1 04/Jan/2026/13/10/56 PUT /v1/AUTH_07598facf86e4c5e855a0d615d36e2ad/gnocchi.83f6e994-eea6-4b6e-87e6-19b11b6dec3f/1766880000.0_mean_300.0_v3 HTTP/1.0 201 - python-swiftclient-3.11.1 gAAAAABpWmadl4xH... 16 - - txb04c2b990d5b4ad0a3224-00695a66df - 0.0354 - - 1767532255.975262880 1767532256.010677814 0
Jan 4 13:10:56 standalone container-server[122968]: 172.20.0.100 - - [04/Jan/2026:13:10:56 +0000] "PUT /d1/655/AUTH_07598facf86e4c5e855a0d615d36e2ad/gnocchi.83f6e994-eea6-4b6e-87e6-19b11b6dec3f/none_v3" 201 - "PUT http://localhost:8080/d1/204/AUTH_07598facf86e4c5e855a0d615d36e2ad/gnocchi.83f6e994-eea6-4b6e-87e6-19b11b6dec3f/none_v3" "tx5c4ce5b24a994a408883d-00695a66e0" "object-server 25" 0.0018 "-" 20 0
Jan 4 13:10:56 standalone object-server[123009]: 172.20.0.100 - - [04/Jan/2026:13:10:56 +0000] "PUT /d1/204/AUTH_07598facf86e4c5e855a0d615d36e2ad/gnocchi.83f6e994-eea6-4b6e-87e6-19b11b6dec3f/none_v3" 201 - "PUT http://localhost:8080/v1/AUTH_07598facf86e4c5e855a0d615d36e2ad/gnocchi.83f6e994-eea6-4b6e-87e6-19b11b6dec3f/none_v3" "tx5c4ce5b24a994a408883d-00695a66e0" "proxy-server 21" 0.0168 "-" 25 0
Jan 4 13:10:56 standalone proxy-server[124878]: 172.18.0.2 ::1 04/Jan/2026/13/10/56 PUT /v1/AUTH_07598facf86e4c5e855a0d615d36e2ad/gnocchi.83f6e994-eea6-4b6e-87e6-19b11b6dec3f/none_v3 HTTP/1.0 201 - python-swiftclient-3.11.1 gAAAAABpWmadl4xH... 22 - - tx5c4ce5b24a994a408883d-00695a66e0 - 0.0284 - - 1767532256.018005848 1767532256.046420574 0
Jan 4 13:10:56 standalone container-server[122978]: 172.20.0.100 - - [04/Jan/2026:13:10:56 +0000] "HEAD /d1/9/AUTH_07598facf86e4c5e855a0d615d36e2ad/gnocchi.184d3ed6-216e-4205-9207-46b269aeeaf2" 404 - "HEAD http://localhost:8080/v1/AUTH_07598facf86e4c5e855a0d615d36e2ad/gnocchi.184d3ed6-216e-4205-9207-46b269aeeaf2?format=json&states=listing" "txcb1e7d0209744e839d9f6-00695a66e0" "proxy-server 21" 0.0008 "-" 23 0
Jan 4 13:10:56 standalone object-server[122996]: 172.20.0.100 - - [04/Jan/2026:13:10:56 +0000] "GET /d1/669/AUTH_07598facf86e4c5e855a0d615d36e2ad/gnocchi.184d3ed6-216e-4205-9207-46b269aeeaf2/none_v3" 404 70 "GET http://localhost:8080/v1/AUTH_07598facf86e4c5e855a0d615d36e2ad/gnocchi.184d3ed6-216e-4205-9207-46b269aeeaf2/none_v3" "txcb1e7d0209744e839d9f6-00695a66e0" "proxy-server 21" 0.0005 "-" 22 0
Jan 4 13:10:56 standalone proxy-server[124878]: 172.18.0.2 ::1 04/Jan/2026/13/10/56 GET /v1/AUTH_07598facf86e4c5e855a0d615d36e2ad/gnocchi.184d3ed6-216e-4205-9207-46b269aeeaf2/none_v3 HTTP/1.0 404 - python-swiftclient-3.11.1 gAAAAABpWmadl4xH... - 70 - txcb1e7d0209744e839d9f6-00695a66e0 - 0.0186 - - 1767532256.069493055 1767532256.088076830 0
Jan 4 13:10:56 standalone account-server[122766]: 172.20.0.100 - - [04/Jan/2026:13:10:56 +0000] "PUT /d1/81/AUTH_07598facf86e4c5e855a0d615d36e2ad/gnocchi.184d3ed6-216e-4205-9207-46b269aeeaf2" 201 - "PUT http://172.20.0.100:6001/d1/9/AUTH_07598facf86e4c5e855a0d615d36e2ad/gnocchi.184d3ed6-216e-4205-9207-46b269aeeaf2" "tx1d054b9b62ec47c0842a1-00695a66e0" "container-server 20" 0.0044 "-" 23 0
Jan 4 13:10:56 standalone container-server[122968]: 172.20.0.100 - - [04/Jan/2026:13:10:56 +0000] "PUT /d1/9/AUTH_07598facf86e4c5e855a0d615d36e2ad/gnocchi.184d3ed6-216e-4205-9207-46b269aeeaf2" 201 - "PUT http://localhost:8080/v1/AUTH_07598facf86e4c5e855a0d615d36e2ad/gnocchi.184d3ed6-216e-4205-9207-46b269aeeaf2" "tx1d054b9b62ec47c0842a1-00695a66e0" "proxy-server 21" 0.0256 "-" 20 0
Jan 4 13:10:56 standalone proxy-server[124878]: 172.18.0.2 ::1 04/Jan/2026/13/10/56 PUT /v1/AUTH_07598facf86e4c5e855a0d615d36e2ad/gnocchi.184d3ed6-216e-4205-9207-46b269aeeaf2 HTTP/1.0 201 - python-swiftclient-3.11.1 gAAAAABpWmadl4xH... - - - tx1d054b9b62ec47c0842a1-00695a66e0 - 0.0345 - - 1767532256.092568636 1767532256.127063751 0
Jan 4 13:10:56 standalone container-server[122971]: 172.20.0.100 - - [04/Jan/2026:13:10:56 +0000] "HEAD /d1/9/AUTH_07598facf86e4c5e855a0d615d36e2ad/gnocchi.184d3ed6-216e-4205-9207-46b269aeeaf2" 204 - "HEAD http://localhost:8080/v1/AUTH_07598facf86e4c5e855a0d615d36e2ad/gnocchi.184d3ed6-216e-4205-9207-46b269aeeaf2?format=json&states=listing" "tx1ea9bfadf99b4e00881f7-00695a66e0" "proxy-server 21" 0.0081 "-" 22 0
Jan 4 13:10:56 standalone proxy-server[124878]: - - 04/Jan/2026/13/10/56 HEAD /v1/AUTH_07598facf86e4c5e855a0d615d36e2ad/gnocchi.184d3ed6-216e-4205-9207-46b269aeeaf2%3Fformat%3Djson%26states%3Dlisting HTTP/1.0 204 - Swift - - - - tx1ea9bfadf99b4e00881f7-00695a66e0 - 0.0154 RL - 1767532256.133663654 1767532256.149048567 0
Jan 4 13:10:56 standalone container-server[122978]: 172.20.0.100 - - [04/Jan/2026:13:10:56 +0000] "GET /d1/9/AUTH_07598facf86e4c5e855a0d615d36e2ad/gnocchi.184d3ed6-216e-4205-9207-46b269aeeaf2" 200 2 "GET http://localhost:8080/v1/AUTH_07598facf86e4c5e855a0d615d36e2ad/gnocchi.184d3ed6-216e-4205-9207-46b269aeeaf2?format=json&states=listing" "tx1ea9bfadf99b4e00881f7-00695a66e0" "proxy-server 21" 0.0056 "-" 23 0
Jan 4 13:10:56 standalone proxy-server[124878]: 172.18.0.2 ::1 04/Jan/2026/13/10/56 GET /v1/AUTH_07598facf86e4c5e855a0d615d36e2ad/gnocchi.184d3ed6-216e-4205-9207-46b269aeeaf2%3Fformat%3Djson%26states%3Dlisting HTTP/1.0 200 - python-swiftclient-3.11.1 gAAAAABpWmadl4xH... - 2 - tx1ea9bfadf99b4e00881f7-00695a66e0 - 0.0310 - - 1767532256.132117271 1767532256.163102865 0
Jan 4 13:10:56 standalone object-server[123004]: 172.20.0.100 - - [04/Jan/2026:13:10:56 +0000] "GET /d1/617/AUTH_07598facf86e4c5e855a0d615d36e2ad/gnocchi.184d3ed6-216e-4205-9207-46b269aeeaf2/1766880000.0_mean_300.0_v3" 404 70 "GET http://localhost:8080/v1/AUTH_07598facf86e4c5e855a0d615d36e2ad/gnocchi.184d3ed6-216e-4205-9207-46b269aeeaf2/1766880000.0_mean_300.0_v3" "tx43ff2097862c40b0a8e83-00695a66e0" "proxy-server 21" 0.0013 "-" 23 0
Jan 4 13:10:56 standalone proxy-server[124878]: 172.18.0.2 ::1 04/Jan/2026/13/10/56 GET /v1/AUTH_07598facf86e4c5e855a0d615d36e2ad/gnocchi.184d3ed6-216e-4205-9207-46b269aeeaf2/1766880000.0_mean_300.0_v3 HTTP/1.0 404 - python-swiftclient-3.11.1 gAAAAABpWmadl4xH... - 70 - tx43ff2097862c40b0a8e83-00695a66e0 - 0.0132 - - 1767532256.168520212 1767532256.181702137 0
Jan 4 13:10:56 standalone container-server[122978]: 172.20.0.100 - - [04/Jan/2026:13:10:56 +0000] "PUT /d1/9/AUTH_07598facf86e4c5e855a0d615d36e2ad/gnocchi.184d3ed6-216e-4205-9207-46b269aeeaf2/1766880000.0_mean_300.0_v3" 201 - "PUT http://localhost:8080/d1/617/AUTH_07598facf86e4c5e855a0d615d36e2ad/gnocchi.184d3ed6-216e-4205-9207-46b269aeeaf2/1766880000.0_mean_300.0_v3" "tx32396571f2e74aa2b354d-00695a66e0" "object-server 23" 0.0011 "-" 23 0
Jan 4 13:10:56 standalone object-server[123004]: 172.20.0.100 - - [04/Jan/2026:13:10:56 +0000] "PUT /d1/617/AUTH_07598facf86e4c5e855a0d615d36e2ad/gnocchi.184d3ed6-216e-4205-9207-46b269aeeaf2/1766880000.0_mean_300.0_v3" 201 - "PUT http://localhost:8080/v1/AUTH_07598facf86e4c5e855a0d615d36e2ad/gnocchi.184d3ed6-216e-4205-9207-46b269aeeaf2/1766880000.0_mean_300.0_v3" "tx32396571f2e74aa2b354d-00695a66e0" "proxy-server 21" 0.0208 "-" 23 0
Jan 4 13:10:56 standalone proxy-server[124878]: 172.18.0.2 ::1 04/Jan/2026/13/10/56 PUT /v1/AUTH_07598facf86e4c5e855a0d615d36e2ad/gnocchi.184d3ed6-216e-4205-9207-46b269aeeaf2/1766880000.0_mean_300.0_v3 HTTP/1.0 201 - python-swiftclient-3.11.1 gAAAAABpWmadl4xH... 16 - - tx32396571f2e74aa2b354d-00695a66e0 - 0.0321 - - 1767532256.186753511 1767532256.218806267 0
Jan 4 13:10:56 standalone container-server[122971]: 172.20.0.100 - - [04/Jan/2026:13:10:56 +0000] "PUT /d1/9/AUTH_07598facf86e4c5e855a0d615d36e2ad/gnocchi.184d3ed6-216e-4205-9207-46b269aeeaf2/none_v3" 201 - "PUT http://localhost:8080/d1/669/AUTH_07598facf86e4c5e855a0d615d36e2ad/gnocchi.184d3ed6-216e-4205-9207-46b269aeeaf2/none_v3" "tx78ebd8cb4d3c4f208046e-00695a66e0" "object-server 25" 0.0013 "-" 22 0
Jan 4 13:10:56 standalone object-server[123009]: 172.20.0.100 - - [04/Jan/2026:13:10:56 +0000] "PUT /d1/669/AUTH_07598facf86e4c5e855a0d615d36e2ad/gnocchi.184d3ed6-216e-4205-9207-46b269aeeaf2/none_v3" 201 - "PUT http://localhost:8080/v1/AUTH_07598facf86e4c5e855a0d615d36e2ad/gnocchi.184d3ed6-216e-4205-9207-46b269aeeaf2/none_v3" "tx78ebd8cb4d3c4f208046e-00695a66e0" "proxy-server 21" 0.0161 "-" 25 0
Jan 4 13:10:56 standalone proxy-server[124878]: 172.18.0.2 ::1 04/Jan/2026/13/10/56 PUT /v1/AUTH_07598facf86e4c5e855a0d615d36e2ad/gnocchi.184d3ed6-216e-4205-9207-46b269aeeaf2/none_v3 HTTP/1.0 201 - python-swiftclient-3.11.1 gAAAAABpWmadl4xH... 22 - - tx78ebd8cb4d3c4f208046e-00695a66e0 - 0.0231 - - 1767532256.223233938 1767532256.246344805 0
Jan 4 13:10:57 standalone account-server[122765]: 172.20.0.100 - - [04/Jan/2026:13:10:57 +0000] "HEAD /d1/261/.expiring_objects" 404 - "HEAD http://localhost/v1/.expiring_objects?format=json" "tx7b752d47c2ed46d8a47f8-00695a66e1" "proxy-server 2" 0.0004 "-" 22 -
Jan 4 13:10:57 standalone object-expirer[122785]: Pass completed in 0s; 0 objects expired (txn: tx7b752d47c2ed46d8a47f8-00695a66e1)
Jan 4 13:11:52 standalone object-server[122998]: Begin object update sweep
Jan 4 13:11:52 standalone object-server[222255]: Object update sweep starting on /srv/node/d1 (pid: 14)
Jan 4 13:11:52 standalone object-server[222255]: Object update sweep completed on /srv/node/d1 in 0.00s seconds:, 0 successes, 0 failures, 0 quarantines, 0 unlinks, 0 errors, 0 redirects (pid: 14)
Jan 4 13:11:52 standalone object-server[222255]: Object update sweep of d1 completed: 0.00s, 0 successes, 0 failures, 0 quarantines, 0 unlinks, 0 errors, 0 redirects
Jan 4 13:11:52 standalone object-server[122998]: Object update sweep completed: 0.07s
Jan 4 13:12:53 standalone account-server[122766]: 172.20.0.100 - - [04/Jan/2026:13:12:53 +0000] "HEAD /d1/81/AUTH_07598facf86e4c5e855a0d615d36e2ad" 204 - "HEAD http://localhost:8080/v1/AUTH_07598facf86e4c5e855a0d615d36e2ad?format=json" "tx16cec9d4285e4d57b14b5-00695a6755" "proxy-server 21" 0.0047 "-" 23 -
Jan 4 13:12:53 standalone proxy-server[124878]: - - 04/Jan/2026/13/12/53 HEAD /v1/AUTH_07598facf86e4c5e855a0d615d36e2ad%3Fformat%3Djson HTTP/1.0 204 - Swift - - - - tx16cec9d4285e4d57b14b5-00695a6755 - 0.0084 RL - 1767532373.753501892 1767532373.761883497 -
Jan 4 13:12:53 standalone container-server[122971]: 172.20.0.100 - - [04/Jan/2026:13:12:53 +0000] "HEAD /d1/811/AUTH_07598facf86e4c5e855a0d615d36e2ad/gnocchi.5b23b449-24e9-40f2-9cdb-2b40f94a58a7" 404 - "HEAD http://localhost:8080/v1/AUTH_07598facf86e4c5e855a0d615d36e2ad/gnocchi.5b23b449-24e9-40f2-9cdb-2b40f94a58a7?format=json&states=listing" "tx16cec9d4285e4d57b14b5-00695a6755" "proxy-server 21" 0.0007 "-" 22 0
Jan 4 13:12:53 standalone object-server[123004]: 172.20.0.100 - - [04/Jan/2026:13:12:53 +0000] "GET /d1/193/AUTH_07598facf86e4c5e855a0d615d36e2ad/gnocchi.5b23b449-24e9-40f2-9cdb-2b40f94a58a7/none_v3" 404 70 "GET http://localhost:8080/v1/AUTH_07598facf86e4c5e855a0d615d36e2ad/gnocchi.5b23b449-24e9-40f2-9cdb-2b40f94a58a7/none_v3" "tx16cec9d4285e4d57b14b5-00695a6755" "proxy-server 21" 0.0004 "-" 23 0
Jan 4 13:12:53 standalone proxy-server[124878]: 172.18.0.2 ::1 04/Jan/2026/13/12/53 GET /v1/AUTH_07598facf86e4c5e855a0d615d36e2ad/gnocchi.5b23b449-24e9-40f2-9cdb-2b40f94a58a7/none_v3 HTTP/1.0 404 - python-swiftclient-3.11.1 gAAAAABpWmadl4xH... - 70 - tx16cec9d4285e4d57b14b5-00695a6755 - 0.0182 - - 1767532373.752639532 1767532373.770795584 0
Jan 4 13:12:53 standalone account-server[122765]: 172.20.0.100 - - [04/Jan/2026:13:12:53 +0000] "PUT /d1/81/AUTH_07598facf86e4c5e855a0d615d36e2ad/gnocchi.5b23b449-24e9-40f2-9cdb-2b40f94a58a7" 201 - "PUT http://172.20.0.100:6001/d1/811/AUTH_07598facf86e4c5e855a0d615d36e2ad/gnocchi.5b23b449-24e9-40f2-9cdb-2b40f94a58a7" "tx4c747e73baa84352aa0cd-00695a6755" "container-server 20" 0.0012 "-" 22 0
Jan 4 13:12:53 standalone container-server[122968]: 172.20.0.100 - - [04/Jan/2026:13:12:53 +0000] "PUT /d1/811/AUTH_07598facf86e4c5e855a0d615d36e2ad/gnocchi.5b23b449-24e9-40f2-9cdb-2b40f94a58a7" 201 - "PUT http://localhost:8080/v1/AUTH_07598facf86e4c5e855a0d615d36e2ad/gnocchi.5b23b449-24e9-40f2-9cdb-2b40f94a58a7" "tx4c747e73baa84352aa0cd-00695a6755" "proxy-server 21" 0.0142 "-" 20 0
Jan 4 13:12:53 standalone proxy-server[124878]: 172.18.0.2 ::1 04/Jan/2026/13/12/53 PUT /v1/AUTH_07598facf86e4c5e855a0d615d36e2ad/gnocchi.5b23b449-24e9-40f2-9cdb-2b40f94a58a7 HTTP/1.0 201 - python-swiftclient-3.11.1 gAAAAABpWmadl4xH... - - - tx4c747e73baa84352aa0cd-00695a6755 - 0.0280 - - 1767532373.777935266 1767532373.805921316 0
Jan 4 13:12:53 standalone container-server[122968]: 172.20.0.100 - - [04/Jan/2026:13:12:53 +0000] "HEAD /d1/811/AUTH_07598facf86e4c5e855a0d615d36e2ad/gnocchi.5b23b449-24e9-40f2-9cdb-2b40f94a58a7" 204 - "HEAD http://localhost:8080/v1/AUTH_07598facf86e4c5e855a0d615d36e2ad/gnocchi.5b23b449-24e9-40f2-9cdb-2b40f94a58a7?format=json&states=listing" "txa37e07b15a3f46b8ae3e4-00695a6755" "proxy-server 21" 0.0014 "-" 20 0
Jan 4 13:12:53 standalone proxy-server[124878]: - - 04/Jan/2026/13/12/53 HEAD /v1/AUTH_07598facf86e4c5e855a0d615d36e2ad/gnocchi.5b23b449-24e9-40f2-9cdb-2b40f94a58a7%3Fformat%3Djson%26states%3Dlisting HTTP/1.0 204 - Swift - - - - txa37e07b15a3f46b8ae3e4-00695a6755 - 0.0043 RL - 1767532373.814635515 1767532373.818908215 0
Jan 4 13:12:53 standalone container-server[122971]: 172.20.0.100 - - [04/Jan/2026:13:12:53 +0000] "GET /d1/811/AUTH_07598facf86e4c5e855a0d615d36e2ad/gnocchi.5b23b449-24e9-40f2-9cdb-2b40f94a58a7" 200 2 "GET http://localhost:8080/v1/AUTH_07598facf86e4c5e855a0d615d36e2ad/gnocchi.5b23b449-24e9-40f2-9cdb-2b40f94a58a7?format=json&states=listing" "txa37e07b15a3f46b8ae3e4-00695a6755" "proxy-server 21" 0.0015 "-" 22 0
Jan 4 13:12:53 standalone proxy-server[124878]: 172.18.0.2 ::1 04/Jan/2026/13/12/53 GET /v1/AUTH_07598facf86e4c5e855a0d615d36e2ad/gnocchi.5b23b449-24e9-40f2-9cdb-2b40f94a58a7%3Fformat%3Djson%26states%3Dlisting HTTP/1.0 200 - python-swiftclient-3.11.1 gAAAAABpWmadl4xH... - 2 - txa37e07b15a3f46b8ae3e4-00695a6755 - 0.0143 - - 1767532373.811778545 1767532373.826039791 0
Jan 4 13:12:53 standalone object-server[123008]: 172.20.0.100 - - [04/Jan/2026:13:12:53 +0000] "GET /d1/102/AUTH_07598facf86e4c5e855a0d615d36e2ad/gnocchi.5b23b449-24e9-40f2-9cdb-2b40f94a58a7/1766880000.0_mean_300.0_v3" 404 70 "GET http://localhost:8080/v1/AUTH_07598facf86e4c5e855a0d615d36e2ad/gnocchi.5b23b449-24e9-40f2-9cdb-2b40f94a58a7/1766880000.0_mean_300.0_v3" "tx4f58ea6d3af445dc93d9b-00695a6755" "proxy-server 21" 0.0004 "-" 24 0
Jan 4 13:12:53 standalone proxy-server[124878]: 172.18.0.2 ::1 04/Jan/2026/13/12/53 GET /v1/AUTH_07598facf86e4c5e855a0d615d36e2ad/gnocchi.5b23b449-24e9-40f2-9cdb-2b40f94a58a7/1766880000.0_mean_300.0_v3 HTTP/1.0 404 - python-swiftclient-3.11.1 gAAAAABpWmadl4xH... - 70 - tx4f58ea6d3af445dc93d9b-00695a6755 - 0.0045 - - 1767532373.829895258 1767532373.834409237 0
Jan 4 13:12:53 standalone container-server[122969]: 172.20.0.100 - - [04/Jan/2026:13:12:53 +0000] "PUT /d1/811/AUTH_07598facf86e4c5e855a0d615d36e2ad/gnocchi.5b23b449-24e9-40f2-9cdb-2b40f94a58a7/1766880000.0_mean_300.0_v3" 201 - "PUT http://localhost:8080/d1/102/AUTH_07598facf86e4c5e855a0d615d36e2ad/gnocchi.5b23b449-24e9-40f2-9cdb-2b40f94a58a7/1766880000.0_mean_300.0_v3" "tx22a357ffcc42431f8e102-00695a6755" "object-server 25" 0.0005 "-" 21 0
Jan 4 13:12:53 standalone object-server[123009]: 172.20.0.100 - - [04/Jan/2026:13:12:53 +0000] "PUT /d1/102/AUTH_07598facf86e4c5e855a0d615d36e2ad/gnocchi.5b23b449-24e9-40f2-9cdb-2b40f94a58a7/1766880000.0_mean_300.0_v3" 201 - "PUT http://localhost:8080/v1/AUTH_07598facf86e4c5e855a0d615d36e2ad/gnocchi.5b23b449-24e9-40f2-9cdb-2b40f94a58a7/1766880000.0_mean_300.0_v3" "tx22a357ffcc42431f8e102-00695a6755" "proxy-server 21" 0.0088 "-" 25 0
Jan 4 13:12:53 standalone proxy-server[124878]: 172.18.0.2 ::1 04/Jan/2026/13/12/53 PUT /v1/AUTH_07598facf86e4c5e855a0d615d36e2ad/gnocchi.5b23b449-24e9-40f2-9cdb-2b40f94a58a7/1766880000.0_mean_300.0_v3 HTTP/1.0 201 - python-swiftclient-3.11.1 gAAAAABpWmadl4xH... 16 - - tx22a357ffcc42431f8e102-00695a6755 - 0.0130 - - 1767532373.836812496 1767532373.849802494 0
Jan 4 13:12:53 standalone container-server[122978]: 172.20.0.100 - - [04/Jan/2026:13:12:53 +0000] "PUT /d1/811/AUTH_07598facf86e4c5e855a0d615d36e2ad/gnocchi.5b23b449-24e9-40f2-9cdb-2b40f94a58a7/none_v3" 201 - "PUT http://localhost:8080/d1/193/AUTH_07598facf86e4c5e855a0d615d36e2ad/gnocchi.5b23b449-24e9-40f2-9cdb-2b40f94a58a7/none_v3" "tx2f3ec9ad0cbc4c318143f-00695a6755" "object-server 23" 0.0005 "-" 23 0
Jan 4 13:12:53 standalone object-server[123004]: 172.20.0.100 - - [04/Jan/2026:13:12:53 +0000] "PUT /d1/193/AUTH_07598facf86e4c5e855a0d615d36e2ad/gnocchi.5b23b449-24e9-40f2-9cdb-2b40f94a58a7/none_v3" 201 - "PUT http://localhost:8080/v1/AUTH_07598facf86e4c5e855a0d615d36e2ad/gnocchi.5b23b449-24e9-40f2-9cdb-2b40f94a58a7/none_v3" "tx2f3ec9ad0cbc4c318143f-00695a6755" "proxy-server 21" 0.0074 "-" 23 0
Jan 4 13:12:53 standalone proxy-server[124878]: 172.18.0.2 ::1 04/Jan/2026/13/12/53 PUT /v1/AUTH_07598facf86e4c5e855a0d615d36e2ad/gnocchi.5b23b449-24e9-40f2-9cdb-2b40f94a58a7/none_v3 HTTP/1.0 201 - python-swiftclient-3.11.1 gAAAAABpWmadl4xH... 22 - - tx2f3ec9ad0cbc4c318143f-00695a6755 - 0.0120 - - 1767532373.852537870 1767532373.864511013 0
Jan 4 13:12:53 standalone container-server[122971]: 172.20.0.100 - - [04/Jan/2026:13:12:53 +0000] "HEAD /d1/50/AUTH_07598facf86e4c5e855a0d615d36e2ad/gnocchi.28b943d2-01ee-4ef9-9bac-59c1dfbd9f19" 404 - "HEAD http://localhost:8080/v1/AUTH_07598facf86e4c5e855a0d615d36e2ad/gnocchi.28b943d2-01ee-4ef9-9bac-59c1dfbd9f19?format=json&states=listing" "tx590fd75f772940f8ae9e7-00695a6755" "proxy-server 21" 0.0003 "-" 22 0
Jan 4 13:12:53 standalone object-server[123004]: 172.20.0.100 - - [04/Jan/2026:13:12:53 +0000] "GET /d1/282/AUTH_07598facf86e4c5e855a0d615d36e2ad/gnocchi.28b943d2-01ee-4ef9-9bac-59c1dfbd9f19/none_v3" 404 70 "GET http://localhost:8080/v1/AUTH_07598facf86e4c5e855a0d615d36e2ad/gnocchi.28b943d2-01ee-4ef9-9bac-59c1dfbd9f19/none_v3" "tx590fd75f772940f8ae9e7-00695a6755" "proxy-server 21" 0.0003 "-" 23 0
Jan 4 13:12:53 standalone proxy-server[124878]: 172.18.0.2 ::1 04/Jan/2026/13/12/53 GET /v1/AUTH_07598facf86e4c5e855a0d615d36e2ad/gnocchi.28b943d2-01ee-4ef9-9bac-59c1dfbd9f19/none_v3 HTTP/1.0 404 - python-swiftclient-3.11.1 gAAAAABpWmadl4xH... - 70 - tx590fd75f772940f8ae9e7-00695a6755 - 0.0080 - - 1767532373.875571251 1767532373.883525133 0
Jan 4 13:12:53 standalone account-server[122765]: 172.20.0.100 - - [04/Jan/2026:13:12:53 +0000] "PUT /d1/81/AUTH_07598facf86e4c5e855a0d615d36e2ad/gnocchi.28b943d2-01ee-4ef9-9bac-59c1dfbd9f19" 201 - "PUT http://172.20.0.100:6001/d1/50/AUTH_07598facf86e4c5e855a0d615d36e2ad/gnocchi.28b943d2-01ee-4ef9-9bac-59c1dfbd9f19" "tx99bfac810fea498f8e15f-00695a6755" "container-server 21" 0.0041 "-" 22 0
Jan 4 13:12:53 standalone container-server[122969]: 172.20.0.100 - - [04/Jan/2026:13:12:53 +0000] "PUT /d1/50/AUTH_07598facf86e4c5e855a0d615d36e2ad/gnocchi.28b943d2-01ee-4ef9-9bac-59c1dfbd9f19" 201 - "PUT http://localhost:8080/v1/AUTH_07598facf86e4c5e855a0d615d36e2ad/gnocchi.28b943d2-01ee-4ef9-9bac-59c1dfbd9f19" "tx99bfac810fea498f8e15f-00695a6755" "proxy-server 21" 0.0134 "-" 21 0
Jan 4 13:12:53 standalone proxy-server[124878]: 172.18.0.2 ::1 04/Jan/2026/13/12/53 PUT /v1/AUTH_07598facf86e4c5e855a0d615d36e2ad/gnocchi.28b943d2-01ee-4ef9-9bac-59c1dfbd9f19 HTTP/1.0 201 - python-swiftclient-3.11.1 gAAAAABpWmadl4xH... - - - tx99bfac810fea498f8e15f-00695a6755 - 0.0174 - - 1767532373.886826038 1767532373.904239893 0
Jan 4 13:12:53 standalone container-server[122969]: 172.20.0.100 - - [04/Jan/2026:13:12:53 +0000] "HEAD /d1/50/AUTH_07598facf86e4c5e855a0d615d36e2ad/gnocchi.28b943d2-01ee-4ef9-9bac-59c1dfbd9f19" 204 - "HEAD http://localhost:8080/v1/AUTH_07598facf86e4c5e855a0d615d36e2ad/gnocchi.28b943d2-01ee-4ef9-9bac-59c1dfbd9f19?format=json&states=listing" "tx389758e620fb43028f49c-00695a6755" "proxy-server 21" 0.0010 "-" 21 0
Jan 4 13:12:53 standalone proxy-server[124878]: - - 04/Jan/2026/13/12/53 HEAD /v1/AUTH_07598facf86e4c5e855a0d615d36e2ad/gnocchi.28b943d2-01ee-4ef9-9bac-59c1dfbd9f19%3Fformat%3Djson%26states%3Dlisting HTTP/1.0 204 - Swift - - - - tx389758e620fb43028f49c-00695a6755 - 0.0032 RL - 1767532373.908241749 1767532373.911473036 0
Jan 4 13:12:53 standalone container-server[122969]: 172.20.0.100 - - [04/Jan/2026:13:12:53 +0000] "GET /d1/50/AUTH_07598facf86e4c5e855a0d615d36e2ad/gnocchi.28b943d2-01ee-4ef9-9bac-59c1dfbd9f19" 200 2 "GET http://localhost:8080/v1/AUTH_07598facf86e4c5e855a0d615d36e2ad/gnocchi.28b943d2-01ee-4ef9-9bac-59c1dfbd9f19?format=json&states=listing" "tx389758e620fb43028f49c-00695a6755" "proxy-server 21" 0.0017 "-" 21 0
Jan 4 13:12:53 standalone proxy-server[124878]: 172.18.0.2 ::1 04/Jan/2026/13/12/53 GET /v1/AUTH_07598facf86e4c5e855a0d615d36e2ad/gnocchi.28b943d2-01ee-4ef9-9bac-59c1dfbd9f19%3Fformat%3Djson%26states%3Dlisting HTTP/1.0 200 - python-swiftclient-3.11.1 gAAAAABpWmadl4xH... - 2 - tx389758e620fb43028f49c-00695a6755 - 0.0098 - - 1767532373.907467127 1767532373.917240143 0
Jan 4 13:12:53 standalone object-server[122996]: 172.20.0.100 - - [04/Jan/2026:13:12:53 +0000] "GET /d1/71/AUTH_07598facf86e4c5e855a0d615d36e2ad/gnocchi.28b943d2-01ee-4ef9-9bac-59c1dfbd9f19/1766880000.0_mean_300.0_v3" 404 70 "GET http://localhost:8080/v1/AUTH_07598facf86e4c5e855a0d615d36e2ad/gnocchi.28b943d2-01ee-4ef9-9bac-59c1dfbd9f19/1766880000.0_mean_300.0_v3" "tx46f3cc78d2474d6e9cfb3-00695a6755" "proxy-server 21" 0.0004 "-" 22 0
Jan 4 13:12:53 standalone proxy-server[124878]: 172.18.0.2 ::1 04/Jan/2026/13/12/53 GET /v1/AUTH_07598facf86e4c5e855a0d615d36e2ad/gnocchi.28b943d2-01ee-4ef9-9bac-59c1dfbd9f19/1766880000.0_mean_300.0_v3 HTTP/1.0 404 - python-swiftclient-3.11.1 gAAAAABpWmadl4xH... - 70 - tx46f3cc78d2474d6e9cfb3-00695a6755 - 0.0041 - - 1767532373.920573473 1767532373.924719095 0
Jan 4 13:12:53 standalone container-server[122968]: 172.20.0.100 - - [04/Jan/2026:13:12:53 +0000] "PUT /d1/50/AUTH_07598facf86e4c5e855a0d615d36e2ad/gnocchi.28b943d2-01ee-4ef9-9bac-59c1dfbd9f19/1766880000.0_mean_300.0_v3" 201 - "PUT http://localhost:8080/d1/71/AUTH_07598facf86e4c5e855a0d615d36e2ad/gnocchi.28b943d2-01ee-4ef9-9bac-59c1dfbd9f19/1766880000.0_mean_300.0_v3" "tx3332adaeff2f4f4ab478d-00695a6755" "object-server 25" 0.0006 "-" 20 0
Jan 4 13:12:53 standalone object-server[123009]: 172.20.0.100 - - [04/Jan/2026:13:12:53 +0000] "PUT /d1/71/AUTH_07598facf86e4c5e855a0d615d36e2ad/gnocchi.28b943d2-01ee-4ef9-9bac-59c1dfbd9f19/1766880000.0_mean_300.0_v3" 201 - "PUT http://localhost:8080/v1/AUTH_07598facf86e4c5e855a0d615d36e2ad/gnocchi.28b943d2-01ee-4ef9-9bac-59c1dfbd9f19/1766880000.0_mean_300.0_v3" "tx3332adaeff2f4f4ab478d-00695a6755" "proxy-server 21" 0.0075 "-" 25 0
Jan 4 13:12:53 standalone proxy-server[124878]: 172.18.0.2 ::1 04/Jan/2026/13/12/53 PUT /v1/AUTH_07598facf86e4c5e855a0d615d36e2ad/gnocchi.28b943d2-01ee-4ef9-9bac-59c1dfbd9f19/1766880000.0_mean_300.0_v3 HTTP/1.0 201 - python-swiftclient-3.11.1 gAAAAABpWmadl4xH... 16 - - tx3332adaeff2f4f4ab478d-00695a6755 - 0.0111 - - 1767532373.927732706 1767532373.938875675 0
Jan 4 13:12:53 standalone container-server[122968]: 172.20.0.100 - - [04/Jan/2026:13:12:53 +0000] "PUT /d1/50/AUTH_07598facf86e4c5e855a0d615d36e2ad/gnocchi.28b943d2-01ee-4ef9-9bac-59c1dfbd9f19/none_v3" 201 - "PUT http://localhost:8080/d1/282/AUTH_07598facf86e4c5e855a0d615d36e2ad/gnocchi.28b943d2-01ee-4ef9-9bac-59c1dfbd9f19/none_v3" "tx13a4464145d74305b892e-00695a6755" "object-server 24" 0.0005 "-" 20 0
Jan 4 13:12:53 standalone object-server[123008]: 172.20.0.100 - - [04/Jan/2026:13:12:53 +0000] "PUT /d1/282/AUTH_07598facf86e4c5e855a0d615d36e2ad/gnocchi.28b943d2-01ee-4ef9-9bac-59c1dfbd9f19/none_v3" 201 - "PUT http://localhost:8080/v1/AUTH_07598facf86e4c5e855a0d615d36e2ad/gnocchi.28b943d2-01ee-4ef9-9bac-59c1dfbd9f19/none_v3" "tx13a4464145d74305b892e-00695a6755" "proxy-server 21" 0.0079 "-" 24 0
Jan 4 13:12:53 standalone proxy-server[124878]: 172.18.0.2 ::1 04/Jan/2026/13/12/53 PUT /v1/AUTH_07598facf86e4c5e855a0d615d36e2ad/gnocchi.28b943d2-01ee-4ef9-9bac-59c1dfbd9f19/none_v3 HTTP/1.0 201 - python-swiftclient-3.11.1 gAAAAABpWmadl4xH... 22 - - tx13a4464145d74305b892e-00695a6755 - 0.0116 - - 1767532373.941543818 1767532373.953161240 0
Jan 4 13:12:53 standalone container-server[122969]: 172.20.0.100 - - [04/Jan/2026:13:12:53 +0000] "HEAD /d1/486/AUTH_07598facf86e4c5e855a0d615d36e2ad/gnocchi.420ae294-7ddf-4130-b623-5d6e04546204" 404 - "HEAD http://localhost:8080/v1/AUTH_07598facf86e4c5e855a0d615d36e2ad/gnocchi.420ae294-7ddf-4130-b623-5d6e04546204?format=json&states=listing" "tx9938723b66e24415b02d4-00695a6755" "proxy-server 21" 0.0005 "-" 21 0
Jan 4 13:12:53 standalone object-server[123009]: 172.20.0.100 - - [04/Jan/2026:13:12:53 +0000] "GET /d1/611/AUTH_07598facf86e4c5e855a0d615d36e2ad/gnocchi.420ae294-7ddf-4130-b623-5d6e04546204/none_v3" 404 70 "GET http://localhost:8080/v1/AUTH_07598facf86e4c5e855a0d615d36e2ad/gnocchi.420ae294-7ddf-4130-b623-5d6e04546204/none_v3" "tx9938723b66e24415b02d4-00695a6755" "proxy-server 21" 0.0002 "-" 25 0
Jan 4 13:12:53 standalone proxy-server[124878]: 172.18.0.2 ::1 04/Jan/2026/13/12/53 GET /v1/AUTH_07598facf86e4c5e855a0d615d36e2ad/gnocchi.420ae294-7ddf-4130-b623-5d6e04546204/none_v3 HTTP/1.0 404 - python-swiftclient-3.11.1 gAAAAABpWmadl4xH... - 70 - tx9938723b66e24415b02d4-00695a6755 - 0.0071 - - 1767532373.965713978 1767532373.972837687 0
Jan 4 13:12:53 standalone account-server[122765]: 172.20.0.100 - - [04/Jan/2026:13:12:53 +0000] "PUT /d1/81/AUTH_07598facf86e4c5e855a0d615d36e2ad/gnocchi.420ae294-7ddf-4130-b623-5d6e04546204" 201 - "PUT http://172.20.0.100:6001/d1/486/AUTH_07598facf86e4c5e855a0d615d36e2ad/gnocchi.420ae294-7ddf-4130-b623-5d6e04546204" "tx75e08a5e2d8346d9a7b80-00695a6755" "container-server 20" 0.0046 "-" 22 0
Jan 4 13:12:53 standalone container-server[122968]: 172.20.0.100 - - [04/Jan/2026:13:12:53 +0000] "PUT /d1/486/AUTH_07598facf86e4c5e855a0d615d36e2ad/gnocchi.420ae294-7ddf-4130-b623-5d6e04546204" 201 - "PUT http://localhost:8080/v1/AUTH_07598facf86e4c5e855a0d615d36e2ad/gnocchi.420ae294-7ddf-4130-b623-5d6e04546204" "tx75e08a5e2d8346d9a7b80-00695a6755" "proxy-server 21" 0.0206 "-" 20 0
Jan 4 13:12:54 standalone proxy-server[124878]: 172.18.0.2 ::1 04/Jan/2026/13/12/54 PUT /v1/AUTH_07598facf86e4c5e855a0d615d36e2ad/gnocchi.420ae294-7ddf-4130-b623-5d6e04546204 HTTP/1.0 201 - python-swiftclient-3.11.1 gAAAAABpWmadl4xH... - - - tx75e08a5e2d8346d9a7b80-00695a6755 - 0.0261 - - 1767532373.975535631 1767532374.001646519 0
Jan 4 13:12:54 standalone container-server[122968]: 172.20.0.100 - - [04/Jan/2026:13:12:54 +0000] "HEAD /d1/486/AUTH_07598facf86e4c5e855a0d615d36e2ad/gnocchi.420ae294-7ddf-4130-b623-5d6e04546204" 204 - "HEAD http://localhost:8080/v1/AUTH_07598facf86e4c5e855a0d615d36e2ad/gnocchi.420ae294-7ddf-4130-b623-5d6e04546204?format=json&states=listing" "tx7bcc5e4f665e4ba1b9b0d-00695a6756" "proxy-server 21" 0.0023 "-" 20 0
Jan 4 13:12:54 standalone proxy-server[124878]: - - 04/Jan/2026/13/12/54 HEAD /v1/AUTH_07598facf86e4c5e855a0d615d36e2ad/gnocchi.420ae294-7ddf-4130-b623-5d6e04546204%3Fformat%3Djson%26states%3Dlisting HTTP/1.0 204 - Swift - - - - tx7bcc5e4f665e4ba1b9b0d-00695a6756 - 0.0053 RL - 1767532374.006694078 1767532374.011986971 0
