Dec 11 15:05:37 standalone proxy-server[128957]: 172.18.0.2 172.18.0.100 11/Dec/2025/15/05/37 GET /v1/AUTH_2f7d3023382648d38ba4161594842a3e/gnocchi.6bc14b59-d471-46f3-9559-9a5126f70002/none_v3 HTTP/1.0 200 - python-swiftclient-3.11.1 gAAAAABpOt1KlB4b... - 22 - tx9c12d946d1324f8d91bb2-00693addc1 - 0.0120 - - 1765465537.237960815 1765465537.249912262 0
Dec 11 15:05:37 standalone container-server[126753]: 172.20.0.100 - - [11/Dec/2025:15:05:37 +0000] "GET /d1/299/AUTH_2f7d3023382648d38ba4161594842a3e/gnocchi.6bc14b59-d471-46f3-9559-9a5126f70002" 200 357 "GET http://172.18.0.2:8080/v1/AUTH_2f7d3023382648d38ba4161594842a3e/gnocchi.6bc14b59-d471-46f3-9559-9a5126f70002?format=json&states=listing" "tx4b5676b6055846ad8e1b8-00693addc1" "proxy-server 20" 0.0105 "-" 20 0
Dec 11 15:05:37 standalone proxy-server[128957]: 172.18.0.2 172.18.0.100 11/Dec/2025/15/05/37 GET /v1/AUTH_2f7d3023382648d38ba4161594842a3e/gnocchi.6bc14b59-d471-46f3-9559-9a5126f70002%3Fformat%3Djson%26states%3Dlisting HTTP/1.0 200 - python-swiftclient-3.11.1 gAAAAABpOt1KlB4b... - 357 - tx4b5676b6055846ad8e1b8-00693addc1 - 0.0200 - - 1765465537.256372690 1765465537.276324749 0
Dec 11 15:05:37 standalone container-server[126766]: 172.20.0.100 - - [11/Dec/2025:15:05:37 +0000] "GET /d1/299/AUTH_2f7d3023382648d38ba4161594842a3e/gnocchi.6bc14b59-d471-46f3-9559-9a5126f70002" 200 2 "GET http://172.18.0.2:8080/v1/AUTH_2f7d3023382648d38ba4161594842a3e/gnocchi.6bc14b59-d471-46f3-9559-9a5126f70002?format=json&marker=none_v3&states=listing" "txabb3d25b56ae4caf8d01d-00693addc1" "proxy-server 20" 0.0040 "-" 23 0
Dec 11 15:05:37 standalone proxy-server[128957]: 172.18.0.2 172.18.0.100 11/Dec/2025/15/05/37 GET /v1/AUTH_2f7d3023382648d38ba4161594842a3e/gnocchi.6bc14b59-d471-46f3-9559-9a5126f70002%3Fformat%3Djson%26marker%3Dnone_v3%26states%3Dlisting HTTP/1.0 200 - python-swiftclient-3.11.1 gAAAAABpOt1KlB4b... - 2 - txabb3d25b56ae4caf8d01d-00693addc1 - 0.0128 - - 1765465537.280156136 1765465537.292951107 0
Dec 11 15:05:37 standalone object-server[127041]: 172.20.0.100 - - [11/Dec/2025:15:05:37 +0000] "GET /d1/542/AUTH_2f7d3023382648d38ba4161594842a3e/gnocchi.6bc14b59-d471-46f3-9559-9a5126f70002/1764720000.0_mean_300.0_v3" 200 16 "GET http://172.18.0.2:8080/v1/AUTH_2f7d3023382648d38ba4161594842a3e/gnocchi.6bc14b59-d471-46f3-9559-9a5126f70002/1764720000.0_mean_300.0_v3" "tx4fb8b93a99764e8cb2a5b-00693addc1" "proxy-server 20" 0.0009 "-" 25 0
Dec 11 15:05:37 standalone proxy-server[128957]: 172.18.0.2 172.18.0.100 11/Dec/2025/15/05/37 GET /v1/AUTH_2f7d3023382648d38ba4161594842a3e/gnocchi.6bc14b59-d471-46f3-9559-9a5126f70002/1764720000.0_mean_300.0_v3 HTTP/1.0 200 - python-swiftclient-3.11.1 gAAAAABpOt1KlB4b... - 16 - tx4fb8b93a99764e8cb2a5b-00693addc1 - 0.0068 - - 1765465537.297476530 1765465537.304251909 0
Dec 11 15:05:37 standalone container-server[126757]: 172.20.0.100 - - [11/Dec/2025:15:05:37 +0000] "PUT /d1/299/AUTH_2f7d3023382648d38ba4161594842a3e/gnocchi.6bc14b59-d471-46f3-9559-9a5126f70002/1764720000.0_mean_300.0_v3" 201 - "PUT http://172.18.0.2:8080/d1/542/AUTH_2f7d3023382648d38ba4161594842a3e/gnocchi.6bc14b59-d471-46f3-9559-9a5126f70002/1764720000.0_mean_300.0_v3" "txf60b510744004e0c9dc94-00693addc1" "object-server 23" 0.0008 "-" 22 0
Dec 11 15:05:37 standalone object-server[127028]: 172.20.0.100 - - [11/Dec/2025:15:05:37 +0000] "PUT /d1/542/AUTH_2f7d3023382648d38ba4161594842a3e/gnocchi.6bc14b59-d471-46f3-9559-9a5126f70002/1764720000.0_mean_300.0_v3" 201 - "PUT http://172.18.0.2:8080/v1/AUTH_2f7d3023382648d38ba4161594842a3e/gnocchi.6bc14b59-d471-46f3-9559-9a5126f70002/1764720000.0_mean_300.0_v3" "txf60b510744004e0c9dc94-00693addc1" "proxy-server 20" 0.0128 "-" 23 0
Dec 11 15:05:37 standalone proxy-server[128957]: 172.18.0.2 172.18.0.100 11/Dec/2025/15/05/37 PUT /v1/AUTH_2f7d3023382648d38ba4161594842a3e/gnocchi.6bc14b59-d471-46f3-9559-9a5126f70002/1764720000.0_mean_300.0_v3 HTTP/1.0 201 - python-swiftclient-3.11.1 gAAAAABpOt1KlB4b... 16 - - txf60b510744004e0c9dc94-00693addc1 - 0.0186 - - 1765465537.307764530 1765465537.326347113 0
Dec 11 15:05:37 standalone container-server[126757]: 172.20.0.100 - - [11/Dec/2025:15:05:37 +0000] "PUT /d1/299/AUTH_2f7d3023382648d38ba4161594842a3e/gnocchi.6bc14b59-d471-46f3-9559-9a5126f70002/none_v3" 201 - "PUT http://172.18.0.2:8080/d1/658/AUTH_2f7d3023382648d38ba4161594842a3e/gnocchi.6bc14b59-d471-46f3-9559-9a5126f70002/none_v3" "tx20207c6fb4bc424b803fc-00693addc1" "object-server 25" 0.0008 "-" 22 0
Dec 11 15:05:37 standalone object-server[127041]: 172.20.0.100 - - [11/Dec/2025:15:05:37 +0000] "PUT /d1/658/AUTH_2f7d3023382648d38ba4161594842a3e/gnocchi.6bc14b59-d471-46f3-9559-9a5126f70002/none_v3" 201 - "PUT http://172.18.0.2:8080/v1/AUTH_2f7d3023382648d38ba4161594842a3e/gnocchi.6bc14b59-d471-46f3-9559-9a5126f70002/none_v3" "tx20207c6fb4bc424b803fc-00693addc1" "proxy-server 20" 0.0102 "-" 25 0
Dec 11 15:05:37 standalone proxy-server[128957]: 172.18.0.2 172.18.0.100 11/Dec/2025/15/05/37 PUT /v1/AUTH_2f7d3023382648d38ba4161594842a3e/gnocchi.6bc14b59-d471-46f3-9559-9a5126f70002/none_v3 HTTP/1.0 201 - python-swiftclient-3.11.1 gAAAAABpOt1KlB4b... 31 - - tx20207c6fb4bc424b803fc-00693addc1 - 0.0162 - - 1765465537.329336166 1765465537.345561504 0
Dec 11 15:05:46 standalone account-server[126609]: 172.20.0.100 - - [11/Dec/2025:15:05:46 +0000] "HEAD /d1/136/AUTH_2f7d3023382648d38ba4161594842a3e" 204 - "HEAD http://172.18.0.2:8080/v1/AUTH_2f7d3023382648d38ba4161594842a3e?format=json" "txc30b21bd77b84b2189c65-00693addca" "proxy-server 20" 0.0063 "-" 21 -
Dec 11 15:05:46 standalone proxy-server[128957]: - - 11/Dec/2025/15/05/46 HEAD /v1/AUTH_2f7d3023382648d38ba4161594842a3e%3Fformat%3Djson HTTP/1.0 204 - Swift - - - - txc30b21bd77b84b2189c65-00693addca - 0.0132 RL - 1765465546.586413860 1765465546.599652529 -
Dec 11 15:05:46 standalone object-server[127041]: 172.20.0.100 - - [11/Dec/2025:15:05:46 +0000] "GET /d1/544/AUTH_2f7d3023382648d38ba4161594842a3e/gnocchi.9e437f27-dc65-4f4e-8967-90f0f10fbbc6/none_v3" 200 32 "GET http://172.18.0.2:8080/v1/AUTH_2f7d3023382648d38ba4161594842a3e/gnocchi.9e437f27-dc65-4f4e-8967-90f0f10fbbc6/none_v3" "txc30b21bd77b84b2189c65-00693addca" "proxy-server 20" 0.0014 "-" 25 0
Dec 11 15:05:46 standalone proxy-server[128957]: 172.18.0.2 172.18.0.100 11/Dec/2025/15/05/46 GET /v1/AUTH_2f7d3023382648d38ba4161594842a3e/gnocchi.9e437f27-dc65-4f4e-8967-90f0f10fbbc6/none_v3 HTTP/1.0 200 - python-swiftclient-3.11.1 gAAAAABpOt1KlB4b... - 32 - txc30b21bd77b84b2189c65-00693addca - 0.0336 - - 1765465546.585178614 1765465546.618788958 0
Dec 11 15:05:46 standalone container-server[126757]: 172.20.0.100 - - [11/Dec/2025:15:05:46 +0000] "GET /d1/139/AUTH_2f7d3023382648d38ba4161594842a3e/gnocchi.9e437f27-dc65-4f4e-8967-90f0f10fbbc6" 200 357 "GET http://172.18.0.2:8080/v1/AUTH_2f7d3023382648d38ba4161594842a3e/gnocchi.9e437f27-dc65-4f4e-8967-90f0f10fbbc6?format=json&states=listing" "tx8d58169503404d5fb0148-00693addca" "proxy-server 20" 0.0139 "-" 22 0
Dec 11 15:05:46 standalone proxy-server[128957]: 172.18.0.2 172.18.0.100 11/Dec/2025/15/05/46 GET /v1/AUTH_2f7d3023382648d38ba4161594842a3e/gnocchi.9e437f27-dc65-4f4e-8967-90f0f10fbbc6%3Fformat%3Djson%26states%3Dlisting HTTP/1.0 200 - python-swiftclient-3.11.1 gAAAAABpOt1KlB4b... - 357 - tx8d58169503404d5fb0148-00693addca - 0.0258 - - 1765465546.623392105 1765465546.649156094 0
Dec 11 15:05:46 standalone container-server[126755]: 172.20.0.100 - - [11/Dec/2025:15:05:46 +0000] "GET /d1/139/AUTH_2f7d3023382648d38ba4161594842a3e/gnocchi.9e437f27-dc65-4f4e-8967-90f0f10fbbc6" 200 2 "GET http://172.18.0.2:8080/v1/AUTH_2f7d3023382648d38ba4161594842a3e/gnocchi.9e437f27-dc65-4f4e-8967-90f0f10fbbc6?format=json&marker=none_v3&states=listing" "tx23fdf76a8d414fed92d6f-00693addca" "proxy-server 20" 0.0025 "-" 21 0
Dec 11 15:05:46 standalone proxy-server[128957]: 172.18.0.2 172.18.0.100 11/Dec/2025/15/05/46 GET /v1/AUTH_2f7d3023382648d38ba4161594842a3e/gnocchi.9e437f27-dc65-4f4e-8967-90f0f10fbbc6%3Fformat%3Djson%26marker%3Dnone_v3%26states%3Dlisting HTTP/1.0 200 - python-swiftclient-3.11.1 gAAAAABpOt1KlB4b... - 2 - tx23fdf76a8d414fed92d6f-00693addca - 0.0146 - - 1765465546.654786348 1765465546.669434071 0
Dec 11 15:05:46 standalone object-server[127036]: 172.20.0.100 - - [11/Dec/2025:15:05:46 +0000] "GET /d1/8/AUTH_2f7d3023382648d38ba4161594842a3e/gnocchi.9e437f27-dc65-4f4e-8967-90f0f10fbbc6/1764720000.0_mean_300.0_v3" 200 16 "GET http://172.18.0.2:8080/v1/AUTH_2f7d3023382648d38ba4161594842a3e/gnocchi.9e437f27-dc65-4f4e-8967-90f0f10fbbc6/1764720000.0_mean_300.0_v3" "txeab64f26e6aa4441b0781-00693addca" "proxy-server 20" 0.0009 "-" 24 0
Dec 11 15:05:46 standalone proxy-server[128957]: 172.18.0.2 172.18.0.100 11/Dec/2025/15/05/46 GET /v1/AUTH_2f7d3023382648d38ba4161594842a3e/gnocchi.9e437f27-dc65-4f4e-8967-90f0f10fbbc6/1764720000.0_mean_300.0_v3 HTTP/1.0 200 - python-swiftclient-3.11.1 gAAAAABpOt1KlB4b... - 16 - txeab64f26e6aa4441b0781-00693addca - 0.0079 - - 1765465546.677393675 1765465546.685314417 0
Dec 11 15:05:46 standalone container-server[126766]: 172.20.0.100 - - [11/Dec/2025:15:05:46 +0000] "PUT /d1/139/AUTH_2f7d3023382648d38ba4161594842a3e/gnocchi.9e437f27-dc65-4f4e-8967-90f0f10fbbc6/1764720000.0_mean_300.0_v3" 201 - "PUT http://172.18.0.2:8080/d1/8/AUTH_2f7d3023382648d38ba4161594842a3e/gnocchi.9e437f27-dc65-4f4e-8967-90f0f10fbbc6/1764720000.0_mean_300.0_v3" "txf40f124ffd694527ae145-00693addca" "object-server 25" 0.0006 "-" 23 0
Dec 11 15:05:46 standalone object-server[127041]: 172.20.0.100 - - [11/Dec/2025:15:05:46 +0000] "PUT /d1/8/AUTH_2f7d3023382648d38ba4161594842a3e/gnocchi.9e437f27-dc65-4f4e-8967-90f0f10fbbc6/1764720000.0_mean_300.0_v3" 201 - "PUT http://172.18.0.2:8080/v1/AUTH_2f7d3023382648d38ba4161594842a3e/gnocchi.9e437f27-dc65-4f4e-8967-90f0f10fbbc6/1764720000.0_mean_300.0_v3" "txf40f124ffd694527ae145-00693addca" "proxy-server 20" 0.0177 "-" 25 0
Dec 11 15:05:46 standalone proxy-server[128957]: 172.18.0.2 172.18.0.100 11/Dec/2025/15/05/46 PUT /v1/AUTH_2f7d3023382648d38ba4161594842a3e/gnocchi.9e437f27-dc65-4f4e-8967-90f0f10fbbc6/1764720000.0_mean_300.0_v3 HTTP/1.0 201 - python-swiftclient-3.11.1 gAAAAABpOt1KlB4b... 16 - - txf40f124ffd694527ae145-00693addca - 0.0259 - - 1765465546.688539028 1765465546.714470148 0
Dec 11 15:05:46 standalone container-server[126766]: 172.20.0.100 - - [11/Dec/2025:15:05:46 +0000] "PUT /d1/139/AUTH_2f7d3023382648d38ba4161594842a3e/gnocchi.9e437f27-dc65-4f4e-8967-90f0f10fbbc6/none_v3" 201 - "PUT http://172.18.0.2:8080/d1/544/AUTH_2f7d3023382648d38ba4161594842a3e/gnocchi.9e437f27-dc65-4f4e-8967-90f0f10fbbc6/none_v3" "txfbdc0c3041714e3a9c023-00693addca" "object-server 25" 0.0006 "-" 23 0
Dec 11 15:05:46 standalone object-server[127041]: 172.20.0.100 - - [11/Dec/2025:15:05:46 +0000] "PUT /d1/544/AUTH_2f7d3023382648d38ba4161594842a3e/gnocchi.9e437f27-dc65-4f4e-8967-90f0f10fbbc6/none_v3" 201 - "PUT http://172.18.0.2:8080/v1/AUTH_2f7d3023382648d38ba4161594842a3e/gnocchi.9e437f27-dc65-4f4e-8967-90f0f10fbbc6/none_v3" "txfbdc0c3041714e3a9c023-00693addca" "proxy-server 20" 0.0117 "-" 25 0
Dec 11 15:05:46 standalone proxy-server[128957]: 172.18.0.2 172.18.0.100 11/Dec/2025/15/05/46 PUT /v1/AUTH_2f7d3023382648d38ba4161594842a3e/gnocchi.9e437f27-dc65-4f4e-8967-90f0f10fbbc6/none_v3 HTTP/1.0 201 - python-swiftclient-3.11.1 gAAAAABpOt1KlB4b... 46 - - txfbdc0c3041714e3a9c023-00693addca - 0.0227 - - 1765465546.728943348 1765465546.751674891 0
Dec 11 15:05:47 standalone object-server[127041]: 172.20.0.100 - - [11/Dec/2025:15:05:47 +0000] "GET /d1/544/AUTH_2f7d3023382648d38ba4161594842a3e/gnocchi.9e437f27-dc65-4f4e-8967-90f0f10fbbc6/none_v3" 200 46 "GET http://172.18.0.2:8080/v1/AUTH_2f7d3023382648d38ba4161594842a3e/gnocchi.9e437f27-dc65-4f4e-8967-90f0f10fbbc6/none_v3" "txad31c4aacb8948d28c304-00693addcb" "proxy-server 20" 0.0010 "-" 25 0
Dec 11 15:05:47 standalone proxy-server[128957]: 172.18.0.2 172.18.0.100 11/Dec/2025/15/05/47 GET /v1/AUTH_2f7d3023382648d38ba4161594842a3e/gnocchi.9e437f27-dc65-4f4e-8967-90f0f10fbbc6/none_v3 HTTP/1.0 200 - python-swiftclient-3.11.1 gAAAAABpOt1KlB4b... - 46 - txad31c4aacb8948d28c304-00693addcb - 0.0118 - - 1765465547.525776863 1765465547.537579536 0
Dec 11 15:05:47 standalone container-server[126766]: 172.20.0.100 - - [11/Dec/2025:15:05:47 +0000] "GET /d1/139/AUTH_2f7d3023382648d38ba4161594842a3e/gnocchi.9e437f27-dc65-4f4e-8967-90f0f10fbbc6" 200 357 "GET http://172.18.0.2:8080/v1/AUTH_2f7d3023382648d38ba4161594842a3e/gnocchi.9e437f27-dc65-4f4e-8967-90f0f10fbbc6?format=json&states=listing" "txb40d5308ac7d4e57807fe-00693addcb" "proxy-server 20" 0.0069 "-" 23 0
Dec 11 15:05:47 standalone proxy-server[128957]: 172.18.0.2 172.18.0.100 11/Dec/2025/15/05/47 GET /v1/AUTH_2f7d3023382648d38ba4161594842a3e/gnocchi.9e437f27-dc65-4f4e-8967-90f0f10fbbc6%3Fformat%3Djson%26states%3Dlisting HTTP/1.0 200 - python-swiftclient-3.11.1 gAAAAABpOt1KlB4b... - 357 - txb40d5308ac7d4e57807fe-00693addcb - 0.0120 - - 1765465547.540814400 1765465547.552827835 0
Dec 11 15:05:47 standalone container-server[126753]: 172.20.0.100 - - [11/Dec/2025:15:05:47 +0000] "GET /d1/139/AUTH_2f7d3023382648d38ba4161594842a3e/gnocchi.9e437f27-dc65-4f4e-8967-90f0f10fbbc6" 200 2 "GET http://172.18.0.2:8080/v1/AUTH_2f7d3023382648d38ba4161594842a3e/gnocchi.9e437f27-dc65-4f4e-8967-90f0f10fbbc6?format=json&marker=none_v3&states=listing" "tx01a350966dad463cbc88f-00693addcb" "proxy-server 20" 0.0020 "-" 20 0
Dec 11 15:05:47 standalone proxy-server[128957]: 172.18.0.2 172.18.0.100 11/Dec/2025/15/05/47 GET /v1/AUTH_2f7d3023382648d38ba4161594842a3e/gnocchi.9e437f27-dc65-4f4e-8967-90f0f10fbbc6%3Fformat%3Djson%26marker%3Dnone_v3%26states%3Dlisting HTTP/1.0 200 - python-swiftclient-3.11.1 gAAAAABpOt1KlB4b... - 2 - tx01a350966dad463cbc88f-00693addcb - 0.0064 - - 1765465547.554571152 1765465547.560963392 0
Dec 11 15:05:47 standalone object-server[127041]: 172.20.0.100 - - [11/Dec/2025:15:05:47 +0000] "GET /d1/8/AUTH_2f7d3023382648d38ba4161594842a3e/gnocchi.9e437f27-dc65-4f4e-8967-90f0f10fbbc6/1764720000.0_mean_300.0_v3" 200 16 "GET http://172.18.0.2:8080/v1/AUTH_2f7d3023382648d38ba4161594842a3e/gnocchi.9e437f27-dc65-4f4e-8967-90f0f10fbbc6/1764720000.0_mean_300.0_v3" "txde71f1955c6a46f69f7c7-00693addcb" "proxy-server 20" 0.0005 "-" 25 0
Dec 11 15:05:47 standalone proxy-server[128957]: 172.18.0.2 172.18.0.100 11/Dec/2025/15/05/47 GET /v1/AUTH_2f7d3023382648d38ba4161594842a3e/gnocchi.9e437f27-dc65-4f4e-8967-90f0f10fbbc6/1764720000.0_mean_300.0_v3 HTTP/1.0 200 - python-swiftclient-3.11.1 gAAAAABpOt1KlB4b... - 16 - txde71f1955c6a46f69f7c7-00693addcb - 0.0047 - - 1765465547.563324928 1765465547.568056107 0
Dec 11 15:05:47 standalone container-server[126753]: 172.20.0.100 - - [11/Dec/2025:15:05:47 +0000] "PUT /d1/139/AUTH_2f7d3023382648d38ba4161594842a3e/gnocchi.9e437f27-dc65-4f4e-8967-90f0f10fbbc6/1764720000.0_mean_300.0_v3" 201 - "PUT http://172.18.0.2:8080/d1/8/AUTH_2f7d3023382648d38ba4161594842a3e/gnocchi.9e437f27-dc65-4f4e-8967-90f0f10fbbc6/1764720000.0_mean_300.0_v3" "tx96888c494c8840fabc57a-00693addcb" "object-server 22" 0.0005 "-" 20 0
Dec 11 15:05:47 standalone object-server[127024]: 172.20.0.100 - - [11/Dec/2025:15:05:47 +0000] "PUT /d1/8/AUTH_2f7d3023382648d38ba4161594842a3e/gnocchi.9e437f27-dc65-4f4e-8967-90f0f10fbbc6/1764720000.0_mean_300.0_v3" 201 - "PUT http://172.18.0.2:8080/v1/AUTH_2f7d3023382648d38ba4161594842a3e/gnocchi.9e437f27-dc65-4f4e-8967-90f0f10fbbc6/1764720000.0_mean_300.0_v3" "tx96888c494c8840fabc57a-00693addcb" "proxy-server 20" 0.0079 "-" 22 0
Dec 11 15:05:47 standalone proxy-server[128957]: 172.18.0.2 172.18.0.100 11/Dec/2025/15/05/47 PUT /v1/AUTH_2f7d3023382648d38ba4161594842a3e/gnocchi.9e437f27-dc65-4f4e-8967-90f0f10fbbc6/1764720000.0_mean_300.0_v3 HTTP/1.0 201 - python-swiftclient-3.11.1 gAAAAABpOt1KlB4b... 16 - - tx96888c494c8840fabc57a-00693addcb - 0.0115 - - 1765465547.570100784 1765465547.581557274 0
Dec 11 15:05:47 standalone container-server[126753]: 172.20.0.100 - - [11/Dec/2025:15:05:47 +0000] "PUT /d1/139/AUTH_2f7d3023382648d38ba4161594842a3e/gnocchi.9e437f27-dc65-4f4e-8967-90f0f10fbbc6/none_v3" 201 - "PUT http://172.18.0.2:8080/d1/544/AUTH_2f7d3023382648d38ba4161594842a3e/gnocchi.9e437f27-dc65-4f4e-8967-90f0f10fbbc6/none_v3" "tx7e5e6b4cb15c4fa3bf447-00693addcb" "object-server 25" 0.0005 "-" 20 0
Dec 11 15:05:47 standalone object-server[127041]: 172.20.0.100 - - [11/Dec/2025:15:05:47 +0000] "PUT /d1/544/AUTH_2f7d3023382648d38ba4161594842a3e/gnocchi.9e437f27-dc65-4f4e-8967-90f0f10fbbc6/none_v3" 201 - "PUT http://172.18.0.2:8080/v1/AUTH_2f7d3023382648d38ba4161594842a3e/gnocchi.9e437f27-dc65-4f4e-8967-90f0f10fbbc6/none_v3" "tx7e5e6b4cb15c4fa3bf447-00693addcb" "proxy-server 20" 0.0077 "-" 25 0
Dec 11 15:05:47 standalone proxy-server[128957]: 172.18.0.2 172.18.0.100 11/Dec/2025/15/05/47 PUT /v1/AUTH_2f7d3023382648d38ba4161594842a3e/gnocchi.9e437f27-dc65-4f4e-8967-90f0f10fbbc6/none_v3 HTTP/1.0 201 - python-swiftclient-3.11.1 gAAAAABpOt1KlB4b... 51 - - tx7e5e6b4cb15c4fa3bf447-00693addcb - 0.0111 - - 1765465547.583410025 1765465547.594514132 0
Dec 11 15:05:47 standalone object-server[127024]: 172.20.0.100 - - [11/Dec/2025:15:05:47 +0000] "GET /d1/138/AUTH_2f7d3023382648d38ba4161594842a3e/gnocchi.af295cae-bf24-4c55-ab1a-fe9faf2272b0/none_v3" 200 22 "GET http://172.18.0.2:8080/v1/AUTH_2f7d3023382648d38ba4161594842a3e/gnocchi.af295cae-bf24-4c55-ab1a-fe9faf2272b0/none_v3" "txcb81deedbc734316b3ba3-00693addcb" "proxy-server 20" 0.0006 "-" 22 0
Dec 11 15:05:47 standalone proxy-server[128957]: 172.18.0.2 172.18.0.100 11/Dec/2025/15/05/47 GET /v1/AUTH_2f7d3023382648d38ba4161594842a3e/gnocchi.af295cae-bf24-4c55-ab1a-fe9faf2272b0/none_v3 HTTP/1.0 200 - python-swiftclient-3.11.1 gAAAAABpOt1KlB4b... - 22 - txcb81deedbc734316b3ba3-00693addcb - 0.0052 - - 1765465547.602525949 1765465547.607688189 0
Dec 11 15:05:47 standalone container-server[126755]: 172.20.0.100 - - [11/Dec/2025:15:05:47 +0000] "GET /d1/383/AUTH_2f7d3023382648d38ba4161594842a3e/gnocchi.af295cae-bf24-4c55-ab1a-fe9faf2272b0" 200 357 "GET http://172.18.0.2:8080/v1/AUTH_2f7d3023382648d38ba4161594842a3e/gnocchi.af295cae-bf24-4c55-ab1a-fe9faf2272b0?format=json&states=listing" "txdaf979e2984c403aa81e5-00693addcb" "proxy-server 20" 0.0064 "-" 21 0
Dec 11 15:05:47 standalone proxy-server[128957]: 172.18.0.2 172.18.0.100 11/Dec/2025/15/05/47 GET /v1/AUTH_2f7d3023382648d38ba4161594842a3e/gnocchi.af295cae-bf24-4c55-ab1a-fe9faf2272b0%3Fformat%3Djson%26states%3Dlisting HTTP/1.0 200 - python-swiftclient-3.11.1 gAAAAABpOt1KlB4b... - 357 - txdaf979e2984c403aa81e5-00693addcb - 0.0107 - - 1765465547.609897137 1765465547.620609522 0
Dec 11 15:05:47 standalone container-server[126753]: 172.20.0.100 - - [11/Dec/2025:15:05:47 +0000] "GET /d1/383/AUTH_2f7d3023382648d38ba4161594842a3e/gnocchi.af295cae-bf24-4c55-ab1a-fe9faf2272b0" 200 2 "GET http://172.18.0.2:8080/v1/AUTH_2f7d3023382648d38ba4161594842a3e/gnocchi.af295cae-bf24-4c55-ab1a-fe9faf2272b0?format=json&marker=none_v3&states=listing" "tx5cb3b2e0c77949fea2267-00693addcb" "proxy-server 20" 0.0018 "-" 20 0
Dec 11 15:05:47 standalone proxy-server[128957]: 172.18.0.2 172.18.0.100 11/Dec/2025/15/05/47 GET /v1/AUTH_2f7d3023382648d38ba4161594842a3e/gnocchi.af295cae-bf24-4c55-ab1a-fe9faf2272b0%3Fformat%3Djson%26marker%3Dnone_v3%26states%3Dlisting HTTP/1.0 200 - python-swiftclient-3.11.1 gAAAAABpOt1KlB4b... - 2 - tx5cb3b2e0c77949fea2267-00693addcb - 0.0055 - - 1765465547.622696400 1765465547.628230333 0
Dec 11 15:05:47 standalone object-server[127036]: 172.20.0.100 - - [11/Dec/2025:15:05:47 +0000] "GET /d1/8/AUTH_2f7d3023382648d38ba4161594842a3e/gnocchi.af295cae-bf24-4c55-ab1a-fe9faf2272b0/1764720000.0_mean_300.0_v3" 200 16 "GET http://172.18.0.2:8080/v1/AUTH_2f7d3023382648d38ba4161594842a3e/gnocchi.af295cae-bf24-4c55-ab1a-fe9faf2272b0/1764720000.0_mean_300.0_v3" "tx9b7ece15a8a64469b32f9-00693addcb" "proxy-server 20" 0.0007 "-" 24 0
Dec 11 15:05:47 standalone proxy-server[128957]: 172.18.0.2 172.18.0.100 11/Dec/2025/15/05/47 GET /v1/AUTH_2f7d3023382648d38ba4161594842a3e/gnocchi.af295cae-bf24-4c55-ab1a-fe9faf2272b0/1764720000.0_mean_300.0_v3 HTTP/1.0 200 - python-swiftclient-3.11.1 gAAAAABpOt1KlB4b... - 16 - tx9b7ece15a8a64469b32f9-00693addcb - 0.0068 - - 1765465547.634644985 1765465547.641441822 0
Dec 11 15:05:47 standalone container-server[126766]: 172.20.0.100 - - [11/Dec/2025:15:05:47 +0000] "PUT /d1/383/AUTH_2f7d3023382648d38ba4161594842a3e/gnocchi.af295cae-bf24-4c55-ab1a-fe9faf2272b0/1764720000.0_mean_300.0_v3" 201 - "PUT http://172.18.0.2:8080/d1/8/AUTH_2f7d3023382648d38ba4161594842a3e/gnocchi.af295cae-bf24-4c55-ab1a-fe9faf2272b0/1764720000.0_mean_300.0_v3" "tx51f380e9520e4a4ab82cf-00693addcb" "object-server 22" 0.0009 "-" 23 0
Dec 11 15:05:47 standalone object-server[127024]: 172.20.0.100 - - [11/Dec/2025:15:05:47 +0000] "PUT /d1/8/AUTH_2f7d3023382648d38ba4161594842a3e/gnocchi.af295cae-bf24-4c55-ab1a-fe9faf2272b0/1764720000.0_mean_300.0_v3" 201 - "PUT http://172.18.0.2:8080/v1/AUTH_2f7d3023382648d38ba4161594842a3e/gnocchi.af295cae-bf24-4c55-ab1a-fe9faf2272b0/1764720000.0_mean_300.0_v3" "tx51f380e9520e4a4ab82cf-00693addcb" "proxy-server 20" 0.0087 "-" 22 0
Dec 11 15:05:47 standalone proxy-server[128957]: 172.18.0.2 172.18.0.100 11/Dec/2025/15/05/47 PUT /v1/AUTH_2f7d3023382648d38ba4161594842a3e/gnocchi.af295cae-bf24-4c55-ab1a-fe9faf2272b0/1764720000.0_mean_300.0_v3 HTTP/1.0 201 - python-swiftclient-3.11.1 gAAAAABpOt1KlB4b... 23 - - tx51f380e9520e4a4ab82cf-00693addcb - 0.0123 - - 1765465547.643438339 1765465547.655754566 0
Dec 11 15:05:47 standalone container-server[126766]: 172.20.0.100 - - [11/Dec/2025:15:05:47 +0000] "PUT /d1/383/AUTH_2f7d3023382648d38ba4161594842a3e/gnocchi.af295cae-bf24-4c55-ab1a-fe9faf2272b0/none_v3" 201 - "PUT http://172.18.0.2:8080/d1/138/AUTH_2f7d3023382648d38ba4161594842a3e/gnocchi.af295cae-bf24-4c55-ab1a-fe9faf2272b0/none_v3" "tx0dd408dc53ca4141a7854-00693addcb" "object-server 22" 0.0007 "-" 23 0
Dec 11 15:05:47 standalone object-server[127024]: 172.20.0.100 - - [11/Dec/2025:15:05:47 +0000] "PUT /d1/138/AUTH_2f7d3023382648d38ba4161594842a3e/gnocchi.af295cae-bf24-4c55-ab1a-fe9faf2272b0/none_v3" 201 - "PUT http://172.18.0.2:8080/v1/AUTH_2f7d3023382648d38ba4161594842a3e/gnocchi.af295cae-bf24-4c55-ab1a-fe9faf2272b0/none_v3" "tx0dd408dc53ca4141a7854-00693addcb" "proxy-server 20" 0.0084 "-" 22 0
Dec 11 15:05:47 standalone proxy-server[128957]: 172.18.0.2 172.18.0.100 11/Dec/2025/15/05/47 PUT /v1/AUTH_2f7d3023382648d38ba4161594842a3e/gnocchi.af295cae-bf24-4c55-ab1a-fe9faf2272b0/none_v3 HTTP/1.0 201 - python-swiftclient-3.11.1 gAAAAABpOt1KlB4b... 22 - - tx0dd408dc53ca4141a7854-00693addcb - 0.0119 - - 1765465547.658186436 1765465547.670080185 0
Dec 11 15:05:47 standalone object-server[127028]: 172.20.0.100 - - [11/Dec/2025:15:05:47 +0000] "GET /d1/372/AUTH_2f7d3023382648d38ba4161594842a3e/gnocchi.ac0031fe-ae38-4cbd-abc3-86c5e22feb15/none_v3" 200 22 "GET http://172.18.0.2:8080/v1/AUTH_2f7d3023382648d38ba4161594842a3e/gnocchi.ac0031fe-ae38-4cbd-abc3-86c5e22feb15/none_v3" "tx1f5ab60fe6384de19d272-00693addcb" "proxy-server 20" 0.0008 "-" 23 0
Dec 11 15:05:47 standalone proxy-server[128957]: 172.18.0.2 172.18.0.100 11/Dec/2025/15/05/47 GET /v1/AUTH_2f7d3023382648d38ba4161594842a3e/gnocchi.ac0031fe-ae38-4cbd-abc3-86c5e22feb15/none_v3 HTTP/1.0 200 - python-swiftclient-3.11.1 gAAAAABpOt1KlB4b... - 22 - tx1f5ab60fe6384de19d272-00693addcb - 0.0049 - - 1765465547.676793098 1765465547.681660414 0
Dec 11 15:05:47 standalone container-server[126757]: 172.20.0.100 - - [11/Dec/2025:15:05:47 +0000] "GET /d1/431/AUTH_2f7d3023382648d38ba4161594842a3e/gnocchi.ac0031fe-ae38-4cbd-abc3-86c5e22feb15" 200 357 "GET http://172.18.0.2:8080/v1/AUTH_2f7d3023382648d38ba4161594842a3e/gnocchi.ac0031fe-ae38-4cbd-abc3-86c5e22feb15?format=json&states=listing" "tx50f95b38c55641d38b80f-00693addcb" "proxy-server 20" 0.0065 "-" 22 0
Dec 11 15:05:47 standalone proxy-server[128957]: 172.18.0.2 172.18.0.100 11/Dec/2025/15/05/47 GET /v1/AUTH_2f7d3023382648d38ba4161594842a3e/gnocchi.ac0031fe-ae38-4cbd-abc3-86c5e22feb15%3Fformat%3Djson%26states%3Dlisting HTTP/1.0 200 - python-swiftclient-3.11.1 gAAAAABpOt1KlB4b... - 357 - tx50f95b38c55641d38b80f-00693addcb - 0.0110 - - 1765465547.683689117 1765465547.694686651 0
Dec 11 15:05:47 standalone container-server[126766]: 172.20.0.100 - - [11/Dec/2025:15:05:47 +0000] "GET /d1/431/AUTH_2f7d3023382648d38ba4161594842a3e/gnocchi.ac0031fe-ae38-4cbd-abc3-86c5e22feb15" 200 2 "GET http://172.18.0.2:8080/v1/AUTH_2f7d3023382648d38ba4161594842a3e/gnocchi.ac0031fe-ae38-4cbd-abc3-86c5e22feb15?format=json&marker=none_v3&states=listing" "tx87b90c1491df4373896c0-00693addcb" "proxy-server 20" 0.0034 "-" 23 0
Dec 11 15:05:47 standalone proxy-server[128957]: 172.18.0.2 172.18.0.100 11/Dec/2025/15/05/47 GET /v1/AUTH_2f7d3023382648d38ba4161594842a3e/gnocchi.ac0031fe-ae38-4cbd-abc3-86c5e22feb15%3Fformat%3Djson%26marker%3Dnone_v3%26states%3Dlisting HTTP/1.0 200 - python-swiftclient-3.11.1 gAAAAABpOt1KlB4b... - 2 - tx87b90c1491df4373896c0-00693addcb - 0.0098 - - 1765465547.696513891 1765465547.706340313 0
Dec 11 15:05:47 standalone object-server[127036]: 172.20.0.100 - - [11/Dec/2025:15:05:47 +0000] "GET /d1/139/AUTH_2f7d3023382648d38ba4161594842a3e/gnocchi.ac0031fe-ae38-4cbd-abc3-86c5e22feb15/1764720000.0_mean_300.0_v3" 200 16 "GET http://172.18.0.2:8080/v1/AUTH_2f7d3023382648d38ba4161594842a3e/gnocchi.ac0031fe-ae38-4cbd-abc3-86c5e22feb15/1764720000.0_mean_300.0_v3" "txe247c333ec7d4a819bce6-00693addcb" "proxy-server 20" 0.0006 "-" 24 0
Dec 11 15:05:47 standalone proxy-server[128957]: 172.18.0.2 172.18.0.100 11/Dec/2025/15/05/47 GET /v1/AUTH_2f7d3023382648d38ba4161594842a3e/gnocchi.ac0031fe-ae38-4cbd-abc3-86c5e22feb15/1764720000.0_mean_300.0_v3 HTTP/1.0 200 - python-swiftclient-3.11.1 gAAAAABpOt1KlB4b... - 16 - txe247c333ec7d4a819bce6-00693addcb - 0.0042 - - 1765465547.710386276 1765465547.714628458 0
Dec 11 15:05:47 standalone container-server[126753]: 172.20.0.100 - - [11/Dec/2025:15:05:47 +0000] "PUT /d1/431/AUTH_2f7d3023382648d38ba4161594842a3e/gnocchi.ac0031fe-ae38-4cbd-abc3-86c5e22feb15/1764720000.0_mean_300.0_v3" 201 - "PUT http://172.18.0.2:8080/d1/139/AUTH_2f7d3023382648d38ba4161594842a3e/gnocchi.ac0031fe-ae38-4cbd-abc3-86c5e22feb15/1764720000.0_mean_300.0_v3" "tx9ad43f38664b4b92b679a-00693addcb" "object-server 24" 0.0004 "-" 20 0
Dec 11 15:05:47 standalone object-server[127036]: 172.20.0.100 - - [11/Dec/2025:15:05:47 +0000] "PUT /d1/139/AUTH_2f7d3023382648d38ba4161594842a3e/gnocchi.ac0031fe-ae38-4cbd-abc3-86c5e22feb15/1764720000.0_mean_300.0_v3" 201 - "PUT http://172.18.0.2:8080/v1/AUTH_2f7d3023382648d38ba4161594842a3e/gnocchi.ac0031fe-ae38-4cbd-abc3-86c5e22feb15/1764720000.0_mean_300.0_v3" "tx9ad43f38664b4b92b679a-00693addcb" "proxy-server 20" 0.0069 "-" 24 0
Dec 11 15:05:47 standalone proxy-server[128957]: 172.18.0.2 172.18.0.100 11/Dec/2025/15/05/47 PUT /v1/AUTH_2f7d3023382648d38ba4161594842a3e/gnocchi.ac0031fe-ae38-4cbd-abc3-86c5e22feb15/1764720000.0_mean_300.0_v3 HTTP/1.0 201 - python-swiftclient-3.11.1 gAAAAABpOt1KlB4b... 23 - - tx9ad43f38664b4b92b679a-00693addcb - 0.0104 - - 1765465547.716421843 1765465547.726825714 0
Dec 11 15:05:47 standalone container-server[126755]: 172.20.0.100 - - [11/Dec/2025:15:05:47 +0000] "PUT /d1/431/AUTH_2f7d3023382648d38ba4161594842a3e/gnocchi.ac0031fe-ae38-4cbd-abc3-86c5e22feb15/none_v3" 201 - "PUT http://172.18.0.2:8080/d1/372/AUTH_2f7d3023382648d38ba4161594842a3e/gnocchi.ac0031fe-ae38-4cbd-abc3-86c5e22feb15/none_v3" "txf03d267950a14cf6b7fc0-00693addcb" "object-server 22" 0.0008 "-" 21 0
Dec 11 15:05:47 standalone object-server[127024]: 172.20.0.100 - - [11/Dec/2025:15:05:47 +0000] "PUT /d1/372/AUTH_2f7d3023382648d38ba4161594842a3e/gnocchi.ac0031fe-ae38-4cbd-abc3-86c5e22feb15/none_v3" 201 - "PUT http://172.18.0.2:8080/v1/AUTH_2f7d3023382648d38ba4161594842a3e/gnocchi.ac0031fe-ae38-4cbd-abc3-86c5e22feb15/none_v3" "txf03d267950a14cf6b7fc0-00693addcb" "proxy-server 20" 0.0110 "-" 22 0
Dec 11 15:05:47 standalone proxy-server[128957]: 172.18.0.2 172.18.0.100 11/Dec/2025/15/05/47 PUT /v1/AUTH_2f7d3023382648d38ba4161594842a3e/gnocchi.ac0031fe-ae38-4cbd-abc3-86c5e22feb15/none_v3 HTTP/1.0 201 - python-swiftclient-3.11.1 gAAAAABpOt1KlB4b... 22 - - txf03d267950a14cf6b7fc0-00693addcb - 0.0177 - - 1765465547.729252577 1765465547.746966600 0
Dec 11 15:05:47 standalone object-server[127036]: 172.20.0.100 - - [11/Dec/2025:15:05:47 +0000] "GET /d1/119/AUTH_2f7d3023382648d38ba4161594842a3e/gnocchi.b2531c16-3853-491a-b539-774a700674d7/none_v3" 200 22 "GET http://172.18.0.2:8080/v1/AUTH_2f7d3023382648d38ba4161594842a3e/gnocchi.b2531c16-3853-491a-b539-774a700674d7/none_v3" "tx490c78f8f8b8415c9df8f-00693addcb" "proxy-server 20" 0.0005 "-" 24 0
Dec 11 15:05:47 standalone proxy-server[128957]: 172.18.0.2 172.18.0.100 11/Dec/2025/15/05/47 GET /v1/AUTH_2f7d3023382648d38ba4161594842a3e/gnocchi.b2531c16-3853-491a-b539-774a700674d7/none_v3 HTTP/1.0 200 - python-swiftclient-3.11.1 gAAAAABpOt1KlB4b... - 22 - tx490c78f8f8b8415c9df8f-00693addcb - 0.0069 - - 1765465547.754536152 1765465547.761386156 0
Dec 11 15:05:47 standalone container-server[126753]: 172.20.0.100 - - [11/Dec/2025:15:05:47 +0000] "GET /d1/759/AUTH_2f7d3023382648d38ba4161594842a3e/gnocchi.b2531c16-3853-491a-b539-774a700674d7" 200 357 "GET http://172.18.0.2:8080/v1/AUTH_2f7d3023382648d38ba4161594842a3e/gnocchi.b2531c16-3853-491a-b539-774a700674d7?format=json&states=listing" "tx0cfea011467e4bb0930a4-00693addcb" "proxy-server 20" 0.0064 "-" 20 0
Dec 11 15:05:47 standalone proxy-server[128957]: 172.18.0.2 172.18.0.100 11/Dec/2025/15/05/47 GET /v1/AUTH_2f7d3023382648d38ba4161594842a3e/gnocchi.b2531c16-3853-491a-b539-774a700674d7%3Fformat%3Djson%26states%3Dlisting HTTP/1.0 200 - python-swiftclient-3.11.1 gAAAAABpOt1KlB4b... - 357 - tx0cfea011467e4bb0930a4-00693addcb - 0.0143 - - 1765465547.764226198 1765465547.778511286 0
Dec 11 15:05:47 standalone container-server[126757]: 172.20.0.100 - - [11/Dec/2025:15:05:47 +0000] "GET /d1/759/AUTH_2f7d3023382648d38ba4161594842a3e/gnocchi.b2531c16-3853-491a-b539-774a700674d7" 200 2 "GET http://172.18.0.2:8080/v1/AUTH_2f7d3023382648d38ba4161594842a3e/gnocchi.b2531c16-3853-491a-b539-774a700674d7?format=json&marker=none_v3&states=listing" "tx56dfd1ab750c420bb0f99-00693addcb" "proxy-server 20" 0.0039 "-" 22 0
Dec 11 15:05:47 standalone proxy-server[128957]: 172.18.0.2 172.18.0.100 11/Dec/2025/15/05/47 GET /v1/AUTH_2f7d3023382648d38ba4161594842a3e/gnocchi.b2531c16-3853-491a-b539-774a700674d7%3Fformat%3Djson%26marker%3Dnone_v3%26states%3Dlisting HTTP/1.0 200 - python-swiftclient-3.11.1 gAAAAABpOt1KlB4b... - 2 - tx56dfd1ab750c420bb0f99-00693addcb - 0.0146 - - 1765465547.782274723 1765465547.796915770 0
Dec 11 15:05:47 standalone object-server[127024]: 172.20.0.100 - - [11/Dec/2025:15:05:47 +0000] "GET /d1/46/AUTH_2f7d3023382648d38ba4161594842a3e/gnocchi.b2531c16-3853-491a-b539-774a700674d7/1764720000.0_mean_300.0_v3" 200 16 "GET http://172.18.0.2:8080/v1/AUTH_2f7d3023382648d38ba4161594842a3e/gnocchi.b2531c16-3853-491a-b539-774a700674d7/1764720000.0_mean_300.0_v3" "txc1256544fdb94aa7a300d-00693addcb" "proxy-server 20" 0.0005 "-" 22 0
Dec 11 15:05:47 standalone proxy-server[128957]: 172.18.0.2 172.18.0.100 11/Dec/2025/15/05/47 GET /v1/AUTH_2f7d3023382648d38ba4161594842a3e/gnocchi.b2531c16-3853-491a-b539-774a700674d7/1764720000.0_mean_300.0_v3 HTTP/1.0 200 - python-swiftclient-3.11.1 gAAAAABpOt1KlB4b... - 16 - txc1256544fdb94aa7a300d-00693addcb - 0.0050 - - 1765465547.801230192 1765465547.806230545 0
Dec 11 15:05:47 standalone container-server[126755]: 172.20.0.100 - - [11/Dec/2025:15:05:47 +0000] "PUT /d1/759/AUTH_2f7d3023382648d38ba4161594842a3e/gnocchi.b2531c16-3853-491a-b539-774a700674d7/1764720000.0_mean_300.0_v3" 201 - "PUT http://172.18.0.2:8080/d1/46/AUTH_2f7d3023382648d38ba4161594842a3e/gnocchi.b2531c16-3853-491a-b539-774a700674d7/1764720000.0_mean_300.0_v3" "tx5e9f5be1e2c04f58b387f-00693addcb" "object-server 23" 0.0008 "-" 21 0
Dec 11 15:05:47 standalone object-server[127028]: 172.20.0.100 - - [11/Dec/2025:15:05:47 +0000] "PUT /d1/46/AUTH_2f7d3023382648d38ba4161594842a3e/gnocchi.b2531c16-3853-491a-b539-774a700674d7/1764720000.0_mean_300.0_v3" 201 - "PUT http://172.18.0.2:8080/v1/AUTH_2f7d3023382648d38ba4161594842a3e/gnocchi.b2531c16-3853-491a-b539-774a700674d7/1764720000.0_mean_300.0_v3" "tx5e9f5be1e2c04f58b387f-00693addcb" "proxy-server 20" 0.0120 "-" 23 0
Dec 11 15:05:47 standalone proxy-server[128957]: 172.18.0.2 172.18.0.100 11/Dec/2025/15/05/47 PUT /v1/AUTH_2f7d3023382648d38ba4161594842a3e/gnocchi.b2531c16-3853-491a-b539-774a700674d7/1764720000.0_mean_300.0_v3 HTTP/1.0 201 - python-swiftclient-3.11.1 gAAAAABpOt1KlB4b... 23 - - tx5e9f5be1e2c04f58b387f-00693addcb - 0.0185 - - 1765465547.809764385 1765465547.828216791 0
Dec 11 15:05:47 standalone container-server[126753]: 172.20.0.100 - - [11/Dec/2025:15:05:47 +0000] "PUT /d1/759/AUTH_2f7d3023382648d38ba4161594842a3e/gnocchi.b2531c16-3853-491a-b539-774a700674d7/none_v3" 201 - "PUT http://172.18.0.2:8080/d1/119/AUTH_2f7d3023382648d38ba4161594842a3e/gnocchi.b2531c16-3853-491a-b539-774a700674d7/none_v3" "tx864a1a6a71f7436491675-00693addcb" "object-server 22" 0.0004 "-" 20 0
Dec 11 15:05:47 standalone object-server[127024]: 172.20.0.100 - - [11/Dec/2025:15:05:47 +0000] "PUT /d1/119/AUTH_2f7d3023382648d38ba4161594842a3e/gnocchi.b2531c16-3853-491a-b539-774a700674d7/none_v3" 201 - "PUT http://172.18.0.2:8080/v1/AUTH_2f7d3023382648d38ba4161594842a3e/gnocchi.b2531c16-3853-491a-b539-774a700674d7/none_v3" "tx864a1a6a71f7436491675-00693addcb" "proxy-server 20" 0.0071 "-" 22 0
Dec 11 15:05:47 standalone proxy-server[128957]: 172.18.0.2 172.18.0.100 11/Dec/2025/15/05/47 PUT /v1/AUTH_2f7d3023382648d38ba4161594842a3e/gnocchi.b2531c16-3853-491a-b539-774a700674d7/none_v3 HTTP/1.0 201 - python-swiftclient-3.11.1 gAAAAABpOt1KlB4b... 22 - - tx864a1a6a71f7436491675-00693addcb - 0.0114 - - 1765465547.831737041 1765465547.843137741 0
Dec 11 15:05:47 standalone object-server[127024]: 172.20.0.100 - - [11/Dec/2025:15:05:47 +0000] "GET /d1/603/AUTH_2f7d3023382648d38ba4161594842a3e/gnocchi.a73f6802-0adc-41c1-8abd-d2a5b07a20e3/none_v3" 200 22 "GET http://172.18.0.2:8080/v1/AUTH_2f7d3023382648d38ba4161594842a3e/gnocchi.a73f6802-0adc-41c1-8abd-d2a5b07a20e3/none_v3" "tx20dcf7cdd5154ffdb41c3-00693addcb" "proxy-server 20" 0.0004 "-" 22 0
Dec 11 15:05:47 standalone proxy-server[128957]: 172.18.0.2 172.18.0.100 11/Dec/2025/15/05/47 GET /v1/AUTH_2f7d3023382648d38ba4161594842a3e/gnocchi.a73f6802-0adc-41c1-8abd-d2a5b07a20e3/none_v3 HTTP/1.0 200 - python-swiftclient-3.11.1 gAAAAABpOt1KlB4b... - 22 - tx20dcf7cdd5154ffdb41c3-00693addcb - 0.0048 - - 1765465547.858043194 1765465547.862832546 0
Dec 11 15:05:47 standalone container-server[126766]: 172.20.0.100 - - [11/Dec/2025:15:05:47 +0000] "GET /d1/578/AUTH_2f7d3023382648d38ba4161594842a3e/gnocchi.a73f6802-0adc-41c1-8abd-d2a5b07a20e3" 200 357 "GET http://172.18.0.2:8080/v1/AUTH_2f7d3023382648d38ba4161594842a3e/gnocchi.a73f6802-0adc-41c1-8abd-d2a5b07a20e3?format=json&states=listing" "tx2bca9e3e9bb14b8f8a518-00693addcb" "proxy-server 20" 0.0070 "-" 23 0
Dec 11 15:05:47 standalone proxy-server[128957]: 172.18.0.2 172.18.0.100 11/Dec/2025/15/05/47 GET /v1/AUTH_2f7d3023382648d38ba4161594842a3e/gnocchi.a73f6802-0adc-41c1-8abd-d2a5b07a20e3%3Fformat%3Djson%26states%3Dlisting HTTP/1.0 200 - python-swiftclient-3.11.1 gAAAAABpOt1KlB4b... - 357 - tx2bca9e3e9bb14b8f8a518-00693addcb - 0.0136 - - 1765465547.871023893 1765465547.884641171 0
Dec 11 15:05:47 standalone container-server[126766]: 172.20.0.100 - - [11/Dec/2025:15:05:47 +0000] "GET /d1/578/AUTH_2f7d3023382648d38ba4161594842a3e/gnocchi.a73f6802-0adc-41c1-8abd-d2a5b07a20e3" 200 2 "GET http://172.18.0.2:8080/v1/AUTH_2f7d3023382648d38ba4161594842a3e/gnocchi.a73f6802-0adc-41c1-8abd-d2a5b07a20e3?format=json&marker=none_v3&states=listing" "tx97cda28917e349c5bbeb0-00693addcb" "proxy-server 20" 0.0019 "-" 23 0
Dec 11 15:05:47 standalone proxy-server[128957]: 172.18.0.2 172.18.0.100 11/Dec/2025/15/05/47 GET /v1/AUTH_2f7d3023382648d38ba4161594842a3e/gnocchi.a73f6802-0adc-41c1-8abd-d2a5b07a20e3%3Fformat%3Djson%26marker%3Dnone_v3%26states%3Dlisting HTTP/1.0 200 - python-swiftclient-3.11.1 gAAAAABpOt1KlB4b... - 2 - tx97cda28917e349c5bbeb0-00693addcb - 0.0083 - - 1765465547.888383627 1765465547.896641254 0
Dec 11 15:05:47 standalone object-server[127024]: 172.20.0.100 - - [11/Dec/2025:15:05:47 +0000] "GET /d1/534/AUTH_2f7d3023382648d38ba4161594842a3e/gnocchi.a73f6802-0adc-41c1-8abd-d2a5b07a20e3/1764720000.0_mean_300.0_v3" 200 16 "GET http://172.18.0.2:8080/v1/AUTH_2f7d3023382648d38ba4161594842a3e/gnocchi.a73f6802-0adc-41c1-8abd-d2a5b07a20e3/1764720000.0_mean_300.0_v3" "txa3d3c036bc8745e0b851d-00693addcb" "proxy-server 20" 0.0004 "-" 22 0
Dec 11 15:05:47 standalone proxy-server[128957]: 172.18.0.2 172.18.0.100 11/Dec/2025/15/05/47 GET /v1/AUTH_2f7d3023382648d38ba4161594842a3e/gnocchi.a73f6802-0adc-41c1-8abd-d2a5b07a20e3/1764720000.0_mean_300.0_v3 HTTP/1.0 200 - python-swiftclient-3.11.1 gAAAAABpOt1KlB4b... - 16 - txa3d3c036bc8745e0b851d-00693addcb - 0.0053 - - 1765465547.901506901 1765465547.906764507 0
Dec 11 15:05:47 standalone container-server[126766]: 172.20.0.100 - - [11/Dec/2025:15:05:47 +0000] "PUT /d1/578/AUTH_2f7d3023382648d38ba4161594842a3e/gnocchi.a73f6802-0adc-41c1-8abd-d2a5b07a20e3/1764720000.0_mean_300.0_v3" 201 - "PUT http://172.18.0.2:8080/d1/534/AUTH_2f7d3023382648d38ba4161594842a3e/gnocchi.a73f6802-0adc-41c1-8abd-d2a5b07a20e3/1764720000.0_mean_300.0_v3" "txf380bdcde2d94133a1e14-00693addcb" "object-server 24" 0.0007 "-" 23 0
Dec 11 15:05:47 standalone object-server[127036]: 172.20.0.100 - - [11/Dec/2025:15:05:47 +0000] "PUT /d1/534/AUTH_2f7d3023382648d38ba4161594842a3e/gnocchi.a73f6802-0adc-41c1-8abd-d2a5b07a20e3/1764720000.0_mean_300.0_v3" 201 - "PUT http://172.18.0.2:8080/v1/AUTH_2f7d3023382648d38ba4161594842a3e/gnocchi.a73f6802-0adc-41c1-8abd-d2a5b07a20e3/1764720000.0_mean_300.0_v3" "txf380bdcde2d94133a1e14-00693addcb" "proxy-server 20" 0.0131 "-" 24 0
Dec 11 15:05:47 standalone proxy-server[128957]: 172.18.0.2 172.18.0.100 11/Dec/2025/15/05/47 PUT /v1/AUTH_2f7d3023382648d38ba4161594842a3e/gnocchi.a73f6802-0adc-41c1-8abd-d2a5b07a20e3/1764720000.0_mean_300.0_v3 HTTP/1.0 201 - python-swiftclient-3.11.1 gAAAAABpOt1KlB4b... 23 - - txf380bdcde2d94133a1e14-00693addcb - 0.0185 - - 1765465547.911536217 1765465547.930005312 0
Dec 11 15:05:47 standalone container-server[126755]: 172.20.0.100 - - [11/Dec/2025:15:05:47 +0000] "PUT /d1/578/AUTH_2f7d3023382648d38ba4161594842a3e/gnocchi.a73f6802-0adc-41c1-8abd-d2a5b07a20e3/none_v3" 201 - "PUT http://172.18.0.2:8080/d1/603/AUTH_2f7d3023382648d38ba4161594842a3e/gnocchi.a73f6802-0adc-41c1-8abd-d2a5b07a20e3/none_v3" "tx5f023bddd0d84ddc80020-00693addcb" "object-server 25" 0.0006 "-" 21 0
Dec 11 15:05:47 standalone object-server[127041]: 172.20.0.100 - - [11/Dec/2025:15:05:47 +0000] "PUT /d1/603/AUTH_2f7d3023382648d38ba4161594842a3e/gnocchi.a73f6802-0adc-41c1-8abd-d2a5b07a20e3/none_v3" 201 - "PUT http://172.18.0.2:8080/v1/AUTH_2f7d3023382648d38ba4161594842a3e/gnocchi.a73f6802-0adc-41c1-8abd-d2a5b07a20e3/none_v3" "tx5f023bddd0d84ddc80020-00693addcb" "proxy-server 20" 0.0125 "-" 25 0
Dec 11 15:05:47 standalone proxy-server[128957]: 172.18.0.2 172.18.0.100 11/Dec/2025/15/05/47 PUT /v1/AUTH_2f7d3023382648d38ba4161594842a3e/gnocchi.a73f6802-0adc-41c1-8abd-d2a5b07a20e3/none_v3 HTTP/1.0 201 - python-swiftclient-3.11.1 gAAAAABpOt1KlB4b... 22 - - tx5f023bddd0d84ddc80020-00693addcb - 0.0180 - - 1765465547.933171511 1765465547.951164961 0
Dec 11 15:05:51 standalone container-server[126766]: 172.20.0.100 - - [11/Dec/2025:15:05:51 +0000] "HEAD /d1/536/AUTH_2f7d3023382648d38ba4161594842a3e/gnocchi.4c050281-fbe2-45ef-9d56-9e86cfc5d131" 404 - "HEAD http://172.18.0.2:8080/v1/AUTH_2f7d3023382648d38ba4161594842a3e/gnocchi.4c050281-fbe2-45ef-9d56-9e86cfc5d131?format=json&states=listing" "txb2e2437a35ae4130a2368-00693addcf" "proxy-server 20" 0.0006 "-" 23 0
Dec 11 15:05:51 standalone object-server[127041]: 172.20.0.100 - - [11/Dec/2025:15:05:51 +0000] "GET /d1/403/AUTH_2f7d3023382648d38ba4161594842a3e/gnocchi.4c050281-fbe2-45ef-9d56-9e86cfc5d131/none_v3" 404 70 "GET http://172.18.0.2:8080/v1/AUTH_2f7d3023382648d38ba4161594842a3e/gnocchi.4c050281-fbe2-45ef-9d56-9e86cfc5d131/none_v3" "txb2e2437a35ae4130a2368-00693addcf" "proxy-server 20" 0.0008 "-" 25 0
Dec 11 15:05:51 standalone proxy-server[128957]: 172.18.0.2 172.18.0.100 11/Dec/2025/15/05/51 GET /v1/AUTH_2f7d3023382648d38ba4161594842a3e/gnocchi.4c050281-fbe2-45ef-9d56-9e86cfc5d131/none_v3 HTTP/1.0 404 - python-swiftclient-3.11.1 gAAAAABpOt1KlB4b... - 70 - txb2e2437a35ae4130a2368-00693addcf - 0.0142 - - 1765465551.441656590 1765465551.455854416 0
Dec 11 15:05:51 standalone account-server[126595]: 172.20.0.100 - - [11/Dec/2025:15:05:51 +0000] "PUT /d1/136/AUTH_2f7d3023382648d38ba4161594842a3e/gnocchi.4c050281-fbe2-45ef-9d56-9e86cfc5d131" 201 - "PUT http://172.20.0.100:6001/d1/536/AUTH_2f7d3023382648d38ba4161594842a3e/gnocchi.4c050281-fbe2-45ef-9d56-9e86cfc5d131" "tx444d0d2e9ab641509d3aa-00693addcf" "container-server 23" 0.0018 "-" 19 0
Dec 11 15:05:51 standalone container-server[126766]: 172.20.0.100 - - [11/Dec/2025:15:05:51 +0000] "PUT /d1/536/AUTH_2f7d3023382648d38ba4161594842a3e/gnocchi.4c050281-fbe2-45ef-9d56-9e86cfc5d131" 201 - "PUT http://172.18.0.2:8080/v1/AUTH_2f7d3023382648d38ba4161594842a3e/gnocchi.4c050281-fbe2-45ef-9d56-9e86cfc5d131" "tx444d0d2e9ab641509d3aa-00693addcf" "proxy-server 20" 0.0170 "-" 23 0
Dec 11 15:05:51 standalone proxy-server[128957]: 172.18.0.2 172.18.0.100 11/Dec/2025/15/05/51 PUT /v1/AUTH_2f7d3023382648d38ba4161594842a3e/gnocchi.4c050281-fbe2-45ef-9d56-9e86cfc5d131 HTTP/1.0 201 - python-swiftclient-3.11.1 gAAAAABpOt1KlB4b... - - - tx444d0d2e9ab641509d3aa-00693addcf - 0.0217 - - 1765465551.458437443 1765465551.480101347 0
Dec 11 15:05:51 standalone container-server[126753]: 172.20.0.100 - - [11/Dec/2025:15:05:51 +0000] "HEAD /d1/536/AUTH_2f7d3023382648d38ba4161594842a3e/gnocchi.4c050281-fbe2-45ef-9d56-9e86cfc5d131" 204 - "HEAD http://172.18.0.2:8080/v1/AUTH_2f7d3023382648d38ba4161594842a3e/gnocchi.4c050281-fbe2-45ef-9d56-9e86cfc5d131?format=json&states=listing" "txcccbf4ff69254f9586cc6-00693addcf" "proxy-server 20" 0.0017 "-" 20 0
Dec 11 15:05:51 standalone proxy-server[128957]: - - 11/Dec/2025/15/05/51 HEAD /v1/AUTH_2f7d3023382648d38ba4161594842a3e/gnocchi.4c050281-fbe2-45ef-9d56-9e86cfc5d131%3Fformat%3Djson%26states%3Dlisting HTTP/1.0 204 - Swift - - - - txcccbf4ff69254f9586cc6-00693addcf - 0.0085 RL - 1765465551.484643221 1765465551.493161201 0
Dec 11 15:05:51 standalone container-server[126757]: 172.20.0.100 - - [11/Dec/2025:15:05:51 +0000] "GET /d1/536/AUTH_2f7d3023382648d38ba4161594842a3e/gnocchi.4c050281-fbe2-45ef-9d56-9e86cfc5d131" 200 2 "GET http://172.18.0.2:8080/v1/AUTH_2f7d3023382648d38ba4161594842a3e/gnocchi.4c050281-fbe2-45ef-9d56-9e86cfc5d131?format=json&states=listing" "txcccbf4ff69254f9586cc6-00693addcf" "proxy-server 20" 0.0028 "-" 22 0
Dec 11 15:05:51 standalone proxy-server[128957]: 172.18.0.2 172.18.0.100 11/Dec/2025/15/05/51 GET /v1/AUTH_2f7d3023382648d38ba4161594842a3e/gnocchi.4c050281-fbe2-45ef-9d56-9e86cfc5d131%3Fformat%3Djson%26states%3Dlisting HTTP/1.0 200 - python-swiftclient-3.11.1 gAAAAABpOt1KlB4b... - 2 - txcccbf4ff69254f9586cc6-00693addcf - 0.0237 - - 1765465551.483520746 1765465551.507236242 0
Dec 11 15:05:51 standalone object-server[127024]: 172.20.0.100 - - [11/Dec/2025:15:05:51 +0000] "GET /d1/331/AUTH_2f7d3023382648d38ba4161594842a3e/gnocchi.4c050281-fbe2-45ef-9d56-9e86cfc5d131/1764720000.0_mean_300.0_v3" 404 70 "GET http://172.18.0.2:8080/v1/AUTH_2f7d3023382648d38ba4161594842a3e/gnocchi.4c050281-fbe2-45ef-9d56-9e86cfc5d131/1764720000.0_mean_300.0_v3" "txcfd7653d93024197a8a39-00693addcf" "proxy-server 20" 0.0004 "-" 22 0
Dec 11 15:05:51 standalone proxy-server[128957]: 172.18.0.2 172.18.0.100 11/Dec/2025/15/05/51 GET /v1/AUTH_2f7d3023382648d38ba4161594842a3e/gnocchi.4c050281-fbe2-45ef-9d56-9e86cfc5d131/1764720000.0_mean_300.0_v3 HTTP/1.0 404 - python-swiftclient-3.11.1 gAAAAABpOt1KlB4b... - 70 - txcfd7653d93024197a8a39-00693addcf - 0.0065 - - 1765465551.514667749 1765465551.521203041 0
Dec 11 15:05:51 standalone container-server[126755]: 172.20.0.100 - - [11/Dec/2025:15:05:51 +0000] "PUT /d1/536/AUTH_2f7d3023382648d38ba4161594842a3e/gnocchi.4c050281-fbe2-45ef-9d56-9e86cfc5d131/1764720000.0_mean_300.0_v3" 201 - "PUT http://172.18.0.2:8080/d1/331/AUTH_2f7d3023382648d38ba4161594842a3e/gnocchi.4c050281-fbe2-45ef-9d56-9e86cfc5d131/1764720000.0_mean_300.0_v3" "txbb01c20147d14cb19843d-00693addcf" "object-server 24" 0.0010 "-" 21 0
Dec 11 15:05:51 standalone object-server[127036]: 172.20.0.100 - - [11/Dec/2025:15:05:51 +0000] "PUT /d1/331/AUTH_2f7d3023382648d38ba4161594842a3e/gnocchi.4c050281-fbe2-45ef-9d56-9e86cfc5d131/1764720000.0_mean_300.0_v3" 201 - "PUT http://172.18.0.2:8080/v1/AUTH_2f7d3023382648d38ba4161594842a3e/gnocchi.4c050281-fbe2-45ef-9d56-9e86cfc5d131/1764720000.0_mean_300.0_v3" "txbb01c20147d14cb19843d-00693addcf" "proxy-server 20" 0.0105 "-" 24 0
Dec 11 15:05:51 standalone proxy-server[128957]: 172.18.0.2 172.18.0.100 11/Dec/2025/15/05/51 PUT /v1/AUTH_2f7d3023382648d38ba4161594842a3e/gnocchi.4c050281-fbe2-45ef-9d56-9e86cfc5d131/1764720000.0_mean_300.0_v3 HTTP/1.0 201 - python-swiftclient-3.11.1 gAAAAABpOt1KlB4b... 16 - - txbb01c20147d14cb19843d-00693addcf - 0.0179 - - 1765465551.523941517 1765465551.541798592 0
Dec 11 15:05:51 standalone container-server[126766]: 172.20.0.100 - - [11/Dec/2025:15:05:51 +0000] "PUT /d1/536/AUTH_2f7d3023382648d38ba4161594842a3e/gnocchi.4c050281-fbe2-45ef-9d56-9e86cfc5d131/none_v3" 201 - "PUT http://172.18.0.2:8080/d1/403/AUTH_2f7d3023382648d38ba4161594842a3e/gnocchi.4c050281-fbe2-45ef-9d56-9e86cfc5d131/none_v3" "tx046fe271c45140b1850f3-00693addcf" "object-server 25" 0.0004 "-" 23 0
Dec 11 15:05:51 standalone object-server[127041]: 172.20.0.100 - - [11/Dec/2025:15:05:51 +0000] "PUT /d1/403/AUTH_2f7d3023382648d38ba4161594842a3e/gnocchi.4c050281-fbe2-45ef-9d56-9e86cfc5d131/none_v3" 201 - "PUT http://172.18.0.2:8080/v1/AUTH_2f7d3023382648d38ba4161594842a3e/gnocchi.4c050281-fbe2-45ef-9d56-9e86cfc5d131/none_v3" "tx046fe271c45140b1850f3-00693addcf" "proxy-server 20" 0.0104 "-" 25 0
Dec 11 15:05:51 standalone proxy-server[128957]: 172.18.0.2 172.18.0.100 11/Dec/2025/15/05/51 PUT /v1/AUTH_2f7d3023382648d38ba4161594842a3e/gnocchi.4c050281-fbe2-45ef-9d56-9e86cfc5d131/none_v3 HTTP/1.0 201 - python-swiftclient-3.11.1 gAAAAABpOt1KlB4b... 22 - - tx046fe271c45140b1850f3-00693addcf - 0.0163 - - 1765465551.544200897 1765465551.560505867 0
Dec 11 15:05:51 standalone object-server[127024]: 172.20.0.100 - - [11/Dec/2025:15:05:51 +0000] "GET /d1/220/AUTH_2f7d3023382648d38ba4161594842a3e/gnocchi.10da72e5-0e80-4553-b0c1-1efb99a4133e/none_v3" 200 22 "GET http://172.18.0.2:8080/v1/AUTH_2f7d3023382648d38ba4161594842a3e/gnocchi.10da72e5-0e80-4553-b0c1-1efb99a4133e/none_v3" "txe9e862d46e974ca8b07d1-00693addcf" "proxy-server 20" 0.0007 "-" 22 0
Dec 11 15:05:51 standalone proxy-server[128957]: 172.18.0.2 172.18.0.100 11/Dec/2025/15/05/51 GET /v1/AUTH_2f7d3023382648d38ba4161594842a3e/gnocchi.10da72e5-0e80-4553-b0c1-1efb99a4133e/none_v3 HTTP/1.0 200 - python-swiftclient-3.11.1 gAAAAABpOt1KlB4b... - 22 - txe9e862d46e974ca8b07d1-00693addcf - 0.0057 - - 1765465551.580273628 1765465551.585927010 0
Dec 11 15:05:51 standalone container-server[126757]: 172.20.0.100 - - [11/Dec/2025:15:05:51 +0000] "GET /d1/245/AUTH_2f7d3023382648d38ba4161594842a3e/gnocchi.10da72e5-0e80-4553-b0c1-1efb99a4133e" 200 357 "GET http://172.18.0.2:8080/v1/AUTH_2f7d3023382648d38ba4161594842a3e/gnocchi.10da72e5-0e80-4553-b0c1-1efb99a4133e?format=json&states=listing" "tx03acdd9ab4604a2494cae-00693addcf" "proxy-server 20" 0.0092 "-" 22 0
Dec 11 15:05:51 standalone proxy-server[128957]: 172.18.0.2 172.18.0.100 11/Dec/2025/15/05/51 GET /v1/AUTH_2f7d3023382648d38ba4161594842a3e/gnocchi.10da72e5-0e80-4553-b0c1-1efb99a4133e%3Fformat%3Djson%26states%3Dlisting HTTP/1.0 200 - python-swiftclient-3.11.1 gAAAAABpOt1KlB4b... - 357 - tx03acdd9ab4604a2494cae-00693addcf - 0.0156 - - 1765465551.589643478 1765465551.605228901 0
Dec 11 15:05:51 standalone container-server[126757]: 172.20.0.100 - - [11/Dec/2025:15:05:51 +0000] "GET /d1/245/AUTH_2f7d3023382648d38ba4161594842a3e/gnocchi.10da72e5-0e80-4553-b0c1-1efb99a4133e" 200 2 "GET http://172.18.0.2:8080/v1/AUTH_2f7d3023382648d38ba4161594842a3e/gnocchi.10da72e5-0e80-4553-b0c1-1efb99a4133e?format=json&marker=none_v3&states=listing" "tx7e0989053bd647ecb087d-00693addcf" "proxy-server 20" 0.0034 "-" 22 0
Dec 11 15:05:51 standalone proxy-server[128957]: 172.18.0.2 172.18.0.100 11/Dec/2025/15/05/51 GET /v1/AUTH_2f7d3023382648d38ba4161594842a3e/gnocchi.10da72e5-0e80-4553-b0c1-1efb99a4133e%3Fformat%3Djson%26marker%3Dnone_v3%26states%3Dlisting HTTP/1.0 200 - python-swiftclient-3.11.1 gAAAAABpOt1KlB4b... - 2 - tx7e0989053bd647ecb087d-00693addcf - 0.0093 - - 1765465551.607850552 1765465551.617175341 0
Dec 11 15:05:51 standalone object-server[127041]: 172.20.0.100 - - [11/Dec/2025:15:05:51 +0000] "GET /d1/60/AUTH_2f7d3023382648d38ba4161594842a3e/gnocchi.10da72e5-0e80-4553-b0c1-1efb99a4133e/1764720000.0_mean_300.0_v3" 200 24 "GET http://172.18.0.2:8080/v1/AUTH_2f7d3023382648d38ba4161594842a3e/gnocchi.10da72e5-0e80-4553-b0c1-1efb99a4133e/1764720000.0_mean_300.0_v3" "tx3cd0b845574040689b701-00693addcf" "proxy-server 20" 0.0011 "-" 25 0
Dec 11 15:05:51 standalone proxy-server[128957]: 172.18.0.2 172.18.0.100 11/Dec/2025/15/05/51 GET /v1/AUTH_2f7d3023382648d38ba4161594842a3e/gnocchi.10da72e5-0e80-4553-b0c1-1efb99a4133e/1764720000.0_mean_300.0_v3 HTTP/1.0 200 - python-swiftclient-3.11.1 gAAAAABpOt1KlB4b... - 24 - tx3cd0b845574040689b701-00693addcf - 0.0073 - - 1765465551.620804787 1765465551.628143311 0
