Dec 11 15:06:16 standalone proxy-server[128957]: 172.18.0.2 172.18.0.100 11/Dec/2025/15/06/16 PUT /v1/AUTH_2f7d3023382648d38ba4161594842a3e/gnocchi.78ce84b6-8e00-4035-aa72-f374bb59dcc8/1764720000.0_mean_300.0_v3 HTTP/1.0 201 - python-swiftclient-3.11.1 gAAAAABpOt1KlB4b... 16 - - tx9e680ced99234682b381c-00693adde8 - 0.0272 - - 1765465576.899577379 1765465576.926759005 0
Dec 11 15:06:16 standalone container-server[126757]: 172.20.0.100 - - [11/Dec/2025:15:06:16 +0000] "PUT /d1/702/AUTH_2f7d3023382648d38ba4161594842a3e/gnocchi.78ce84b6-8e00-4035-aa72-f374bb59dcc8/none_v3" 201 - "PUT http://172.18.0.2:8080/d1/931/AUTH_2f7d3023382648d38ba4161594842a3e/gnocchi.78ce84b6-8e00-4035-aa72-f374bb59dcc8/none_v3" "txd7f089cd5d21426f80946-00693adde8" "object-server 22" 0.0006 "-" 22 0
Dec 11 15:06:16 standalone object-server[127024]: 172.20.0.100 - - [11/Dec/2025:15:06:16 +0000] "PUT /d1/931/AUTH_2f7d3023382648d38ba4161594842a3e/gnocchi.78ce84b6-8e00-4035-aa72-f374bb59dcc8/none_v3" 201 - "PUT http://172.18.0.2:8080/v1/AUTH_2f7d3023382648d38ba4161594842a3e/gnocchi.78ce84b6-8e00-4035-aa72-f374bb59dcc8/none_v3" "txd7f089cd5d21426f80946-00693adde8" "proxy-server 20" 0.0127 "-" 22 0
Dec 11 15:06:16 standalone proxy-server[128957]: 172.18.0.2 172.18.0.100 11/Dec/2025/15/06/16 PUT /v1/AUTH_2f7d3023382648d38ba4161594842a3e/gnocchi.78ce84b6-8e00-4035-aa72-f374bb59dcc8/none_v3 HTTP/1.0 201 - python-swiftclient-3.11.1 gAAAAABpOt1KlB4b... 22 - - txd7f089cd5d21426f80946-00693adde8 - 0.0208 - - 1765465576.932680845 1765465576.953502655 0
Dec 11 15:06:16 standalone container-server[126766]: 172.20.0.100 - - [11/Dec/2025:15:06:16 +0000] "HEAD /d1/961/AUTH_2f7d3023382648d38ba4161594842a3e/gnocchi.6a3b9f9b-3617-4031-88f7-cd9b134b8af1" 404 - "HEAD http://172.18.0.2:8080/v1/AUTH_2f7d3023382648d38ba4161594842a3e/gnocchi.6a3b9f9b-3617-4031-88f7-cd9b134b8af1?format=json&states=listing" "tx4fbe95b86f3343caab620-00693adde8" "proxy-server 20" 0.0005 "-" 23 0
Dec 11 15:06:16 standalone object-server[127028]: 172.20.0.100 - - [11/Dec/2025:15:06:16 +0000] "GET /d1/199/AUTH_2f7d3023382648d38ba4161594842a3e/gnocchi.6a3b9f9b-3617-4031-88f7-cd9b134b8af1/none_v3" 404 70 "GET http://172.18.0.2:8080/v1/AUTH_2f7d3023382648d38ba4161594842a3e/gnocchi.6a3b9f9b-3617-4031-88f7-cd9b134b8af1/none_v3" "tx4fbe95b86f3343caab620-00693adde8" "proxy-server 20" 0.0005 "-" 23 0
Dec 11 15:06:16 standalone proxy-server[128957]: 172.18.0.2 172.18.0.100 11/Dec/2025/15/06/16 GET /v1/AUTH_2f7d3023382648d38ba4161594842a3e/gnocchi.6a3b9f9b-3617-4031-88f7-cd9b134b8af1/none_v3 HTTP/1.0 404 - python-swiftclient-3.11.1 gAAAAABpOt1KlB4b... - 70 - tx4fbe95b86f3343caab620-00693adde8 - 0.0228 - - 1765465576.968389988 1765465576.991157293 0
Dec 11 15:06:17 standalone account-server[126609]: 172.20.0.100 - - [11/Dec/2025:15:06:17 +0000] "PUT /d1/136/AUTH_2f7d3023382648d38ba4161594842a3e/gnocchi.6a3b9f9b-3617-4031-88f7-cd9b134b8af1" 201 - "PUT http://172.20.0.100:6001/d1/961/AUTH_2f7d3023382648d38ba4161594842a3e/gnocchi.6a3b9f9b-3617-4031-88f7-cd9b134b8af1" "txaada018bb4994858b2cd3-00693adde8" "container-server 20" 0.0064 "-" 21 0
Dec 11 15:06:17 standalone container-server[126753]: 172.20.0.100 - - [11/Dec/2025:15:06:17 +0000] "PUT /d1/961/AUTH_2f7d3023382648d38ba4161594842a3e/gnocchi.6a3b9f9b-3617-4031-88f7-cd9b134b8af1" 201 - "PUT http://172.18.0.2:8080/v1/AUTH_2f7d3023382648d38ba4161594842a3e/gnocchi.6a3b9f9b-3617-4031-88f7-cd9b134b8af1" "txaada018bb4994858b2cd3-00693adde8" "proxy-server 20" 0.0161 "-" 20 0
Dec 11 15:06:17 standalone proxy-server[128957]: 172.18.0.2 172.18.0.100 11/Dec/2025/15/06/17 PUT /v1/AUTH_2f7d3023382648d38ba4161594842a3e/gnocchi.6a3b9f9b-3617-4031-88f7-cd9b134b8af1 HTTP/1.0 201 - python-swiftclient-3.11.1 gAAAAABpOt1KlB4b... - - - txaada018bb4994858b2cd3-00693adde8 - 0.0254 - - 1765465576.996537924 1765465577.021969318 0
Dec 11 15:06:17 standalone container-server[126757]: 172.20.0.100 - - [11/Dec/2025:15:06:17 +0000] "HEAD /d1/961/AUTH_2f7d3023382648d38ba4161594842a3e/gnocchi.6a3b9f9b-3617-4031-88f7-cd9b134b8af1" 204 - "HEAD http://172.18.0.2:8080/v1/AUTH_2f7d3023382648d38ba4161594842a3e/gnocchi.6a3b9f9b-3617-4031-88f7-cd9b134b8af1?format=json&states=listing" "tx420317e7d29f4bfea741c-00693adde9" "proxy-server 20" 0.0021 "-" 22 0
Dec 11 15:06:17 standalone proxy-server[128957]: - - 11/Dec/2025/15/06/17 HEAD /v1/AUTH_2f7d3023382648d38ba4161594842a3e/gnocchi.6a3b9f9b-3617-4031-88f7-cd9b134b8af1%3Fformat%3Djson%26states%3Dlisting HTTP/1.0 204 - Swift - - - - tx420317e7d29f4bfea741c-00693adde9 - 0.0072 RL - 1765465577.033929825 1765465577.041152000 0
Dec 11 15:06:17 standalone container-server[126755]: 172.20.0.100 - - [11/Dec/2025:15:06:17 +0000] "GET /d1/961/AUTH_2f7d3023382648d38ba4161594842a3e/gnocchi.6a3b9f9b-3617-4031-88f7-cd9b134b8af1" 200 2 "GET http://172.18.0.2:8080/v1/AUTH_2f7d3023382648d38ba4161594842a3e/gnocchi.6a3b9f9b-3617-4031-88f7-cd9b134b8af1?format=json&states=listing" "tx420317e7d29f4bfea741c-00693adde9" "proxy-server 20" 0.0035 "-" 21 0
Dec 11 15:06:17 standalone proxy-server[128957]: 172.18.0.2 172.18.0.100 11/Dec/2025/15/06/17 GET /v1/AUTH_2f7d3023382648d38ba4161594842a3e/gnocchi.6a3b9f9b-3617-4031-88f7-cd9b134b8af1%3Fformat%3Djson%26states%3Dlisting HTTP/1.0 200 - python-swiftclient-3.11.1 gAAAAABpOt1KlB4b... - 2 - tx420317e7d29f4bfea741c-00693adde9 - 0.0353 - - 1765465577.031815529 1765465577.067116976 0
Dec 11 15:06:17 standalone object-server[127024]: 172.20.0.100 - - [11/Dec/2025:15:06:17 +0000] "GET /d1/791/AUTH_2f7d3023382648d38ba4161594842a3e/gnocchi.6a3b9f9b-3617-4031-88f7-cd9b134b8af1/1764720000.0_mean_300.0_v3" 404 70 "GET http://172.18.0.2:8080/v1/AUTH_2f7d3023382648d38ba4161594842a3e/gnocchi.6a3b9f9b-3617-4031-88f7-cd9b134b8af1/1764720000.0_mean_300.0_v3" "tx8cd0abd68e1a49b39a68a-00693adde9" "proxy-server 20" 0.0006 "-" 22 0
Dec 11 15:06:17 standalone proxy-server[128957]: 172.18.0.2 172.18.0.100 11/Dec/2025/15/06/17 GET /v1/AUTH_2f7d3023382648d38ba4161594842a3e/gnocchi.6a3b9f9b-3617-4031-88f7-cd9b134b8af1/1764720000.0_mean_300.0_v3 HTTP/1.0 404 - python-swiftclient-3.11.1 gAAAAABpOt1KlB4b... - 70 - tx8cd0abd68e1a49b39a68a-00693adde9 - 0.0124 - - 1765465577.090886354 1765465577.103246689 0
Dec 11 15:06:17 standalone container-server[126753]: 172.20.0.100 - - [11/Dec/2025:15:06:17 +0000] "PUT /d1/961/AUTH_2f7d3023382648d38ba4161594842a3e/gnocchi.6a3b9f9b-3617-4031-88f7-cd9b134b8af1/1764720000.0_mean_300.0_v3" 201 - "PUT http://172.18.0.2:8080/d1/791/AUTH_2f7d3023382648d38ba4161594842a3e/gnocchi.6a3b9f9b-3617-4031-88f7-cd9b134b8af1/1764720000.0_mean_300.0_v3" "tx15251c56332f4db991a6b-00693adde9" "object-server 22" 0.0008 "-" 20 0
Dec 11 15:06:17 standalone object-server[127024]: 172.20.0.100 - - [11/Dec/2025:15:06:17 +0000] "PUT /d1/791/AUTH_2f7d3023382648d38ba4161594842a3e/gnocchi.6a3b9f9b-3617-4031-88f7-cd9b134b8af1/1764720000.0_mean_300.0_v3" 201 - "PUT http://172.18.0.2:8080/v1/AUTH_2f7d3023382648d38ba4161594842a3e/gnocchi.6a3b9f9b-3617-4031-88f7-cd9b134b8af1/1764720000.0_mean_300.0_v3" "tx15251c56332f4db991a6b-00693adde9" "proxy-server 20" 0.0134 "-" 22 0
Dec 11 15:06:17 standalone proxy-server[128957]: 172.18.0.2 172.18.0.100 11/Dec/2025/15/06/17 PUT /v1/AUTH_2f7d3023382648d38ba4161594842a3e/gnocchi.6a3b9f9b-3617-4031-88f7-cd9b134b8af1/1764720000.0_mean_300.0_v3 HTTP/1.0 201 - python-swiftclient-3.11.1 gAAAAABpOt1KlB4b... 16 - - tx15251c56332f4db991a6b-00693adde9 - 0.0256 - - 1765465577.111733675 1765465577.137286901 0
Dec 11 15:06:17 standalone container-server[126766]: 172.20.0.100 - - [11/Dec/2025:15:06:17 +0000] "PUT /d1/961/AUTH_2f7d3023382648d38ba4161594842a3e/gnocchi.6a3b9f9b-3617-4031-88f7-cd9b134b8af1/none_v3" 201 - "PUT http://172.18.0.2:8080/d1/199/AUTH_2f7d3023382648d38ba4161594842a3e/gnocchi.6a3b9f9b-3617-4031-88f7-cd9b134b8af1/none_v3" "tx4841794b9bbb4e1e81395-00693adde9" "object-server 23" 0.0005 "-" 23 0
Dec 11 15:06:17 standalone object-server[127028]: 172.20.0.100 - - [11/Dec/2025:15:06:17 +0000] "PUT /d1/199/AUTH_2f7d3023382648d38ba4161594842a3e/gnocchi.6a3b9f9b-3617-4031-88f7-cd9b134b8af1/none_v3" 201 - "PUT http://172.18.0.2:8080/v1/AUTH_2f7d3023382648d38ba4161594842a3e/gnocchi.6a3b9f9b-3617-4031-88f7-cd9b134b8af1/none_v3" "tx4841794b9bbb4e1e81395-00693adde9" "proxy-server 20" 0.0148 "-" 23 0
Dec 11 15:06:17 standalone proxy-server[128957]: 172.18.0.2 172.18.0.100 11/Dec/2025/15/06/17 PUT /v1/AUTH_2f7d3023382648d38ba4161594842a3e/gnocchi.6a3b9f9b-3617-4031-88f7-cd9b134b8af1/none_v3 HTTP/1.0 201 - python-swiftclient-3.11.1 gAAAAABpOt1KlB4b... 22 - - tx4841794b9bbb4e1e81395-00693adde9 - 0.0241 - - 1765465577.145439386 1765465577.169561863 0
Dec 11 15:06:17 standalone container-server[126755]: 172.20.0.100 - - [11/Dec/2025:15:06:17 +0000] "HEAD /d1/423/AUTH_2f7d3023382648d38ba4161594842a3e/gnocchi.07beb7e3-3e83-46a1-ae7c-1c4be71a47fa" 404 - "HEAD http://172.18.0.2:8080/v1/AUTH_2f7d3023382648d38ba4161594842a3e/gnocchi.07beb7e3-3e83-46a1-ae7c-1c4be71a47fa?format=json&states=listing" "tx08d9807e9ca34861997eb-00693adde9" "proxy-server 20" 0.0004 "-" 21 0
Dec 11 15:06:17 standalone object-server[127041]: 172.20.0.100 - - [11/Dec/2025:15:06:17 +0000] "GET /d1/710/AUTH_2f7d3023382648d38ba4161594842a3e/gnocchi.07beb7e3-3e83-46a1-ae7c-1c4be71a47fa/none_v3" 404 70 "GET http://172.18.0.2:8080/v1/AUTH_2f7d3023382648d38ba4161594842a3e/gnocchi.07beb7e3-3e83-46a1-ae7c-1c4be71a47fa/none_v3" "tx08d9807e9ca34861997eb-00693adde9" "proxy-server 20" 0.0004 "-" 25 0
Dec 11 15:06:17 standalone proxy-server[128957]: 172.18.0.2 172.18.0.100 11/Dec/2025/15/06/17 GET /v1/AUTH_2f7d3023382648d38ba4161594842a3e/gnocchi.07beb7e3-3e83-46a1-ae7c-1c4be71a47fa/none_v3 HTTP/1.0 404 - python-swiftclient-3.11.1 gAAAAABpOt1KlB4b... - 70 - tx08d9807e9ca34861997eb-00693adde9 - 0.0169 - - 1765465577.185428381 1765465577.202345133 0
Dec 11 15:06:17 standalone account-server[126595]: 172.20.0.100 - - [11/Dec/2025:15:06:17 +0000] "PUT /d1/136/AUTH_2f7d3023382648d38ba4161594842a3e/gnocchi.07beb7e3-3e83-46a1-ae7c-1c4be71a47fa" 201 - "PUT http://172.20.0.100:6001/d1/423/AUTH_2f7d3023382648d38ba4161594842a3e/gnocchi.07beb7e3-3e83-46a1-ae7c-1c4be71a47fa" "tx428e2f931ccf43a687daa-00693adde9" "container-server 23" 0.0056 "-" 19 0
Dec 11 15:06:17 standalone container-server[126766]: 172.20.0.100 - - [11/Dec/2025:15:06:17 +0000] "PUT /d1/423/AUTH_2f7d3023382648d38ba4161594842a3e/gnocchi.07beb7e3-3e83-46a1-ae7c-1c4be71a47fa" 201 - "PUT http://172.18.0.2:8080/v1/AUTH_2f7d3023382648d38ba4161594842a3e/gnocchi.07beb7e3-3e83-46a1-ae7c-1c4be71a47fa" "tx428e2f931ccf43a687daa-00693adde9" "proxy-server 20" 0.0150 "-" 23 0
Dec 11 15:06:17 standalone proxy-server[128957]: 172.18.0.2 172.18.0.100 11/Dec/2025/15/06/17 PUT /v1/AUTH_2f7d3023382648d38ba4161594842a3e/gnocchi.07beb7e3-3e83-46a1-ae7c-1c4be71a47fa HTTP/1.0 201 - python-swiftclient-3.11.1 gAAAAABpOt1KlB4b... - - - tx428e2f931ccf43a687daa-00693adde9 - 0.0284 - - 1765465577.205089808 1765465577.233473539 0
Dec 11 15:06:17 standalone container-server[126766]: 172.20.0.100 - - [11/Dec/2025:15:06:17 +0000] "HEAD /d1/423/AUTH_2f7d3023382648d38ba4161594842a3e/gnocchi.07beb7e3-3e83-46a1-ae7c-1c4be71a47fa" 204 - "HEAD http://172.18.0.2:8080/v1/AUTH_2f7d3023382648d38ba4161594842a3e/gnocchi.07beb7e3-3e83-46a1-ae7c-1c4be71a47fa?format=json&states=listing" "tx0eb868b08123400486af6-00693adde9" "proxy-server 20" 0.0013 "-" 23 0
Dec 11 15:06:17 standalone proxy-server[128957]: - - 11/Dec/2025/15/06/17 HEAD /v1/AUTH_2f7d3023382648d38ba4161594842a3e/gnocchi.07beb7e3-3e83-46a1-ae7c-1c4be71a47fa%3Fformat%3Djson%26states%3Dlisting HTTP/1.0 204 - Swift - - - - tx0eb868b08123400486af6-00693adde9 - 0.0046 RL - 1765465577.238093853 1765465577.242669106 0
Dec 11 15:06:17 standalone container-server[126753]: 172.20.0.100 - - [11/Dec/2025:15:06:17 +0000] "GET /d1/423/AUTH_2f7d3023382648d38ba4161594842a3e/gnocchi.07beb7e3-3e83-46a1-ae7c-1c4be71a47fa" 200 2 "GET http://172.18.0.2:8080/v1/AUTH_2f7d3023382648d38ba4161594842a3e/gnocchi.07beb7e3-3e83-46a1-ae7c-1c4be71a47fa?format=json&states=listing" "tx0eb868b08123400486af6-00693adde9" "proxy-server 20" 0.0023 "-" 20 0
Dec 11 15:06:17 standalone proxy-server[128957]: 172.18.0.2 172.18.0.100 11/Dec/2025/15/06/17 GET /v1/AUTH_2f7d3023382648d38ba4161594842a3e/gnocchi.07beb7e3-3e83-46a1-ae7c-1c4be71a47fa%3Fformat%3Djson%26states%3Dlisting HTTP/1.0 200 - python-swiftclient-3.11.1 gAAAAABpOt1KlB4b... - 2 - tx0eb868b08123400486af6-00693adde9 - 0.0236 - - 1765465577.237213373 1765465577.260775328 0
Dec 11 15:06:17 standalone object-server[127028]: 172.20.0.100 - - [11/Dec/2025:15:06:17 +0000] "GET /d1/44/AUTH_2f7d3023382648d38ba4161594842a3e/gnocchi.07beb7e3-3e83-46a1-ae7c-1c4be71a47fa/1764720000.0_mean_300.0_v3" 404 70 "GET http://172.18.0.2:8080/v1/AUTH_2f7d3023382648d38ba4161594842a3e/gnocchi.07beb7e3-3e83-46a1-ae7c-1c4be71a47fa/1764720000.0_mean_300.0_v3" "txceeaf0f2d3eb4ef8b9740-00693adde9" "proxy-server 20" 0.0004 "-" 23 0
Dec 11 15:06:17 standalone proxy-server[128957]: 172.18.0.2 172.18.0.100 11/Dec/2025/15/06/17 GET /v1/AUTH_2f7d3023382648d38ba4161594842a3e/gnocchi.07beb7e3-3e83-46a1-ae7c-1c4be71a47fa/1764720000.0_mean_300.0_v3 HTTP/1.0 404 - python-swiftclient-3.11.1 gAAAAABpOt1KlB4b... - 70 - txceeaf0f2d3eb4ef8b9740-00693adde9 - 0.0100 - - 1765465577.271754265 1765465577.281750441 0
Dec 11 15:06:17 standalone container-server[126753]: 172.20.0.100 - - [11/Dec/2025:15:06:17 +0000] "PUT /d1/423/AUTH_2f7d3023382648d38ba4161594842a3e/gnocchi.07beb7e3-3e83-46a1-ae7c-1c4be71a47fa/1764720000.0_mean_300.0_v3" 201 - "PUT http://172.18.0.2:8080/d1/44/AUTH_2f7d3023382648d38ba4161594842a3e/gnocchi.07beb7e3-3e83-46a1-ae7c-1c4be71a47fa/1764720000.0_mean_300.0_v3" "tx384413898dbe4a478f899-00693adde9" "object-server 24" 0.0006 "-" 20 0
Dec 11 15:06:17 standalone object-server[127036]: 172.20.0.100 - - [11/Dec/2025:15:06:17 +0000] "PUT /d1/44/AUTH_2f7d3023382648d38ba4161594842a3e/gnocchi.07beb7e3-3e83-46a1-ae7c-1c4be71a47fa/1764720000.0_mean_300.0_v3" 201 - "PUT http://172.18.0.2:8080/v1/AUTH_2f7d3023382648d38ba4161594842a3e/gnocchi.07beb7e3-3e83-46a1-ae7c-1c4be71a47fa/1764720000.0_mean_300.0_v3" "tx384413898dbe4a478f899-00693adde9" "proxy-server 20" 0.0113 "-" 24 0
Dec 11 15:06:17 standalone proxy-server[128957]: 172.18.0.2 172.18.0.100 11/Dec/2025/15/06/17 PUT /v1/AUTH_2f7d3023382648d38ba4161594842a3e/gnocchi.07beb7e3-3e83-46a1-ae7c-1c4be71a47fa/1764720000.0_mean_300.0_v3 HTTP/1.0 201 - python-swiftclient-3.11.1 gAAAAABpOt1KlB4b... 16 - - tx384413898dbe4a478f899-00693adde9 - 0.0194 - - 1765465577.286803484 1765465577.306226730 0
Dec 11 15:06:17 standalone container-server[126755]: 172.20.0.100 - - [11/Dec/2025:15:06:17 +0000] "PUT /d1/423/AUTH_2f7d3023382648d38ba4161594842a3e/gnocchi.07beb7e3-3e83-46a1-ae7c-1c4be71a47fa/none_v3" 201 - "PUT http://172.18.0.2:8080/d1/710/AUTH_2f7d3023382648d38ba4161594842a3e/gnocchi.07beb7e3-3e83-46a1-ae7c-1c4be71a47fa/none_v3" "tx654bd3fa088d4dd8aa2e2-00693adde9" "object-server 23" 0.0005 "-" 21 0
Dec 11 15:06:17 standalone object-server[127028]: 172.20.0.100 - - [11/Dec/2025:15:06:17 +0000] "PUT /d1/710/AUTH_2f7d3023382648d38ba4161594842a3e/gnocchi.07beb7e3-3e83-46a1-ae7c-1c4be71a47fa/none_v3" 201 - "PUT http://172.18.0.2:8080/v1/AUTH_2f7d3023382648d38ba4161594842a3e/gnocchi.07beb7e3-3e83-46a1-ae7c-1c4be71a47fa/none_v3" "tx654bd3fa088d4dd8aa2e2-00693adde9" "proxy-server 20" 0.0083 "-" 23 0
Dec 11 15:06:17 standalone proxy-server[128957]: 172.18.0.2 172.18.0.100 11/Dec/2025/15/06/17 PUT /v1/AUTH_2f7d3023382648d38ba4161594842a3e/gnocchi.07beb7e3-3e83-46a1-ae7c-1c4be71a47fa/none_v3 HTTP/1.0 201 - python-swiftclient-3.11.1 gAAAAABpOt1KlB4b... 22 - - tx654bd3fa088d4dd8aa2e2-00693adde9 - 0.0145 - - 1765465577.308636189 1765465577.323159218 0
Dec 11 15:06:17 standalone container-server[126755]: 172.20.0.100 - - [11/Dec/2025:15:06:17 +0000] "HEAD /d1/708/AUTH_2f7d3023382648d38ba4161594842a3e/gnocchi.0a6a82cf-77ae-4c44-9469-28666b8fc12e" 404 - "HEAD http://172.18.0.2:8080/v1/AUTH_2f7d3023382648d38ba4161594842a3e/gnocchi.0a6a82cf-77ae-4c44-9469-28666b8fc12e?format=json&states=listing" "tx9c8f211fabf14088bc10b-00693adde9" "proxy-server 20" 0.0004 "-" 21 0
Dec 11 15:06:17 standalone object-server[127041]: 172.20.0.100 - - [11/Dec/2025:15:06:17 +0000] "GET /d1/156/AUTH_2f7d3023382648d38ba4161594842a3e/gnocchi.0a6a82cf-77ae-4c44-9469-28666b8fc12e/none_v3" 404 70 "GET http://172.18.0.2:8080/v1/AUTH_2f7d3023382648d38ba4161594842a3e/gnocchi.0a6a82cf-77ae-4c44-9469-28666b8fc12e/none_v3" "tx9c8f211fabf14088bc10b-00693adde9" "proxy-server 20" 0.0003 "-" 25 0
Dec 11 15:06:17 standalone proxy-server[128957]: 172.18.0.2 172.18.0.100 11/Dec/2025/15/06/17 GET /v1/AUTH_2f7d3023382648d38ba4161594842a3e/gnocchi.0a6a82cf-77ae-4c44-9469-28666b8fc12e/none_v3 HTTP/1.0 404 - python-swiftclient-3.11.1 gAAAAABpOt1KlB4b... - 70 - tx9c8f211fabf14088bc10b-00693adde9 - 0.0093 - - 1765465577.344681263 1765465577.353985548 0
Dec 11 15:06:17 standalone account-server[126595]: 172.20.0.100 - - [11/Dec/2025:15:06:17 +0000] "PUT /d1/136/AUTH_2f7d3023382648d38ba4161594842a3e/gnocchi.0a6a82cf-77ae-4c44-9469-28666b8fc12e" 201 - "PUT http://172.20.0.100:6001/d1/708/AUTH_2f7d3023382648d38ba4161594842a3e/gnocchi.0a6a82cf-77ae-4c44-9469-28666b8fc12e" "tx8dc0369430f6441fb389d-00693adde9" "container-server 20" 0.0077 "-" 19 0
Dec 11 15:06:17 standalone container-server[126753]: 172.20.0.100 - - [11/Dec/2025:15:06:17 +0000] "PUT /d1/708/AUTH_2f7d3023382648d38ba4161594842a3e/gnocchi.0a6a82cf-77ae-4c44-9469-28666b8fc12e" 201 - "PUT http://172.18.0.2:8080/v1/AUTH_2f7d3023382648d38ba4161594842a3e/gnocchi.0a6a82cf-77ae-4c44-9469-28666b8fc12e" "tx8dc0369430f6441fb389d-00693adde9" "proxy-server 20" 0.0237 "-" 20 0
Dec 11 15:06:17 standalone proxy-server[128957]: 172.18.0.2 172.18.0.100 11/Dec/2025/15/06/17 PUT /v1/AUTH_2f7d3023382648d38ba4161594842a3e/gnocchi.0a6a82cf-77ae-4c44-9469-28666b8fc12e HTTP/1.0 201 - python-swiftclient-3.11.1 gAAAAABpOt1KlB4b... - - - tx8dc0369430f6441fb389d-00693adde9 - 0.0315 - - 1765465577.356266499 1765465577.387763023 0
Dec 11 15:06:17 standalone container-server[126755]: 172.20.0.100 - - [11/Dec/2025:15:06:17 +0000] "HEAD /d1/708/AUTH_2f7d3023382648d38ba4161594842a3e/gnocchi.0a6a82cf-77ae-4c44-9469-28666b8fc12e" 204 - "HEAD http://172.18.0.2:8080/v1/AUTH_2f7d3023382648d38ba4161594842a3e/gnocchi.0a6a82cf-77ae-4c44-9469-28666b8fc12e?format=json&states=listing" "txeaf942aa5d26412f8c978-00693adde9" "proxy-server 20" 0.0012 "-" 21 0
Dec 11 15:06:17 standalone proxy-server[128957]: - - 11/Dec/2025/15/06/17 HEAD /v1/AUTH_2f7d3023382648d38ba4161594842a3e/gnocchi.0a6a82cf-77ae-4c44-9469-28666b8fc12e%3Fformat%3Djson%26states%3Dlisting HTTP/1.0 204 - Swift - - - - txeaf942aa5d26412f8c978-00693adde9 - 0.0038 RL - 1765465577.392501831 1765465577.396333933 0
Dec 11 15:06:17 standalone container-server[126755]: 172.20.0.100 - - [11/Dec/2025:15:06:17 +0000] "GET /d1/708/AUTH_2f7d3023382648d38ba4161594842a3e/gnocchi.0a6a82cf-77ae-4c44-9469-28666b8fc12e" 200 2 "GET http://172.18.0.2:8080/v1/AUTH_2f7d3023382648d38ba4161594842a3e/gnocchi.0a6a82cf-77ae-4c44-9469-28666b8fc12e?format=json&states=listing" "txeaf942aa5d26412f8c978-00693adde9" "proxy-server 20" 0.0014 "-" 21 0
Dec 11 15:06:17 standalone proxy-server[128957]: 172.18.0.2 172.18.0.100 11/Dec/2025/15/06/17 GET /v1/AUTH_2f7d3023382648d38ba4161594842a3e/gnocchi.0a6a82cf-77ae-4c44-9469-28666b8fc12e%3Fformat%3Djson%26states%3Dlisting HTTP/1.0 200 - python-swiftclient-3.11.1 gAAAAABpOt1KlB4b... - 2 - txeaf942aa5d26412f8c978-00693adde9 - 0.0110 - - 1765465577.390877247 1765465577.401923418 0
Dec 11 15:06:17 standalone object-server[127041]: 172.20.0.100 - - [11/Dec/2025:15:06:17 +0000] "GET /d1/349/AUTH_2f7d3023382648d38ba4161594842a3e/gnocchi.0a6a82cf-77ae-4c44-9469-28666b8fc12e/1764720000.0_mean_300.0_v3" 404 70 "GET http://172.18.0.2:8080/v1/AUTH_2f7d3023382648d38ba4161594842a3e/gnocchi.0a6a82cf-77ae-4c44-9469-28666b8fc12e/1764720000.0_mean_300.0_v3" "txc916029c0b6e44b2b0d66-00693adde9" "proxy-server 20" 0.0004 "-" 25 0
Dec 11 15:06:17 standalone proxy-server[128957]: 172.18.0.2 172.18.0.100 11/Dec/2025/15/06/17 GET /v1/AUTH_2f7d3023382648d38ba4161594842a3e/gnocchi.0a6a82cf-77ae-4c44-9469-28666b8fc12e/1764720000.0_mean_300.0_v3 HTTP/1.0 404 - python-swiftclient-3.11.1 gAAAAABpOt1KlB4b... - 70 - txc916029c0b6e44b2b0d66-00693adde9 - 0.0060 - - 1765465577.404346228 1765465577.410368204 0
Dec 11 15:06:17 standalone container-server[126766]: 172.20.0.100 - - [11/Dec/2025:15:06:17 +0000] "PUT /d1/708/AUTH_2f7d3023382648d38ba4161594842a3e/gnocchi.0a6a82cf-77ae-4c44-9469-28666b8fc12e/1764720000.0_mean_300.0_v3" 201 - "PUT http://172.18.0.2:8080/d1/349/AUTH_2f7d3023382648d38ba4161594842a3e/gnocchi.0a6a82cf-77ae-4c44-9469-28666b8fc12e/1764720000.0_mean_300.0_v3" "tx9dccbeeceb814028b62a6-00693adde9" "object-server 25" 0.0005 "-" 23 0
Dec 11 15:06:17 standalone object-server[127041]: 172.20.0.100 - - [11/Dec/2025:15:06:17 +0000] "PUT /d1/349/AUTH_2f7d3023382648d38ba4161594842a3e/gnocchi.0a6a82cf-77ae-4c44-9469-28666b8fc12e/1764720000.0_mean_300.0_v3" 201 - "PUT http://172.18.0.2:8080/v1/AUTH_2f7d3023382648d38ba4161594842a3e/gnocchi.0a6a82cf-77ae-4c44-9469-28666b8fc12e/1764720000.0_mean_300.0_v3" "tx9dccbeeceb814028b62a6-00693adde9" "proxy-server 20" 0.0141 "-" 25 0
Dec 11 15:06:17 standalone proxy-server[128957]: 172.18.0.2 172.18.0.100 11/Dec/2025/15/06/17 PUT /v1/AUTH_2f7d3023382648d38ba4161594842a3e/gnocchi.0a6a82cf-77ae-4c44-9469-28666b8fc12e/1764720000.0_mean_300.0_v3 HTTP/1.0 201 - python-swiftclient-3.11.1 gAAAAABpOt1KlB4b... 16 - - tx9dccbeeceb814028b62a6-00693adde9 - 0.0201 - - 1765465577.412472725 1765465577.432615519 0
Dec 11 15:06:17 standalone container-server[126766]: 172.20.0.100 - - [11/Dec/2025:15:06:17 +0000] "PUT /d1/708/AUTH_2f7d3023382648d38ba4161594842a3e/gnocchi.0a6a82cf-77ae-4c44-9469-28666b8fc12e/none_v3" 201 - "PUT http://172.18.0.2:8080/d1/156/AUTH_2f7d3023382648d38ba4161594842a3e/gnocchi.0a6a82cf-77ae-4c44-9469-28666b8fc12e/none_v3" "tx9afd981081b947bb91077-00693adde9" "object-server 22" 0.0005 "-" 23 0
Dec 11 15:06:17 standalone object-server[127024]: 172.20.0.100 - - [11/Dec/2025:15:06:17 +0000] "PUT /d1/156/AUTH_2f7d3023382648d38ba4161594842a3e/gnocchi.0a6a82cf-77ae-4c44-9469-28666b8fc12e/none_v3" 201 - "PUT http://172.18.0.2:8080/v1/AUTH_2f7d3023382648d38ba4161594842a3e/gnocchi.0a6a82cf-77ae-4c44-9469-28666b8fc12e/none_v3" "tx9afd981081b947bb91077-00693adde9" "proxy-server 20" 0.0143 "-" 22 0
Dec 11 15:06:17 standalone proxy-server[128957]: 172.18.0.2 172.18.0.100 11/Dec/2025/15/06/17 PUT /v1/AUTH_2f7d3023382648d38ba4161594842a3e/gnocchi.0a6a82cf-77ae-4c44-9469-28666b8fc12e/none_v3 HTTP/1.0 201 - python-swiftclient-3.11.1 gAAAAABpOt1KlB4b... 22 - - tx9afd981081b947bb91077-00693adde9 - 0.0250 - - 1765465577.435163498 1765465577.460137129 0
Dec 11 15:06:17 standalone container-server[126753]: 172.20.0.100 - - [11/Dec/2025:15:06:17 +0000] "HEAD /d1/110/AUTH_2f7d3023382648d38ba4161594842a3e/gnocchi.077ace8f-2a18-4079-830d-47563d2a9e7b" 404 - "HEAD http://172.18.0.2:8080/v1/AUTH_2f7d3023382648d38ba4161594842a3e/gnocchi.077ace8f-2a18-4079-830d-47563d2a9e7b?format=json&states=listing" "txa7f05e3f7841444f832f1-00693adde9" "proxy-server 20" 0.0005 "-" 20 0
Dec 11 15:06:17 standalone object-server[127036]: 172.20.0.100 - - [11/Dec/2025:15:06:17 +0000] "GET /d1/370/AUTH_2f7d3023382648d38ba4161594842a3e/gnocchi.077ace8f-2a18-4079-830d-47563d2a9e7b/none_v3" 404 70 "GET http://172.18.0.2:8080/v1/AUTH_2f7d3023382648d38ba4161594842a3e/gnocchi.077ace8f-2a18-4079-830d-47563d2a9e7b/none_v3" "txa7f05e3f7841444f832f1-00693adde9" "proxy-server 20" 0.0004 "-" 24 0
Dec 11 15:06:17 standalone proxy-server[128957]: 172.18.0.2 172.18.0.100 11/Dec/2025/15/06/17 GET /v1/AUTH_2f7d3023382648d38ba4161594842a3e/gnocchi.077ace8f-2a18-4079-830d-47563d2a9e7b/none_v3 HTTP/1.0 404 - python-swiftclient-3.11.1 gAAAAABpOt1KlB4b... - 70 - txa7f05e3f7841444f832f1-00693adde9 - 0.0151 - - 1765465577.492572069 1765465577.507693768 0
Dec 11 15:06:17 standalone account-server[126609]: 172.20.0.100 - - [11/Dec/2025:15:06:17 +0000] "PUT /d1/136/AUTH_2f7d3023382648d38ba4161594842a3e/gnocchi.077ace8f-2a18-4079-830d-47563d2a9e7b" 201 - "PUT http://172.20.0.100:6001/d1/110/AUTH_2f7d3023382648d38ba4161594842a3e/gnocchi.077ace8f-2a18-4079-830d-47563d2a9e7b" "tx428357584a354ff98d5d3-00693adde9" "container-server 20" 0.0051 "-" 21 0
Dec 11 15:06:17 standalone container-server[126753]: 172.20.0.100 - - [11/Dec/2025:15:06:17 +0000] "PUT /d1/110/AUTH_2f7d3023382648d38ba4161594842a3e/gnocchi.077ace8f-2a18-4079-830d-47563d2a9e7b" 201 - "PUT http://172.18.0.2:8080/v1/AUTH_2f7d3023382648d38ba4161594842a3e/gnocchi.077ace8f-2a18-4079-830d-47563d2a9e7b" "tx428357584a354ff98d5d3-00693adde9" "proxy-server 20" 0.0272 "-" 20 0
Dec 11 15:06:17 standalone proxy-server[128957]: 172.18.0.2 172.18.0.100 11/Dec/2025/15/06/17 PUT /v1/AUTH_2f7d3023382648d38ba4161594842a3e/gnocchi.077ace8f-2a18-4079-830d-47563d2a9e7b HTTP/1.0 201 - python-swiftclient-3.11.1 gAAAAABpOt1KlB4b... - - - tx428357584a354ff98d5d3-00693adde9 - 0.0370 - - 1765465577.511734724 1765465577.548746824 0
Dec 11 15:06:17 standalone container-server[126753]: 172.20.0.100 - - [11/Dec/2025:15:06:17 +0000] "HEAD /d1/110/AUTH_2f7d3023382648d38ba4161594842a3e/gnocchi.077ace8f-2a18-4079-830d-47563d2a9e7b" 204 - "HEAD http://172.18.0.2:8080/v1/AUTH_2f7d3023382648d38ba4161594842a3e/gnocchi.077ace8f-2a18-4079-830d-47563d2a9e7b?format=json&states=listing" "txf9b24306686a4382813eb-00693adde9" "proxy-server 20" 0.0013 "-" 20 0
Dec 11 15:06:17 standalone proxy-server[128957]: - - 11/Dec/2025/15/06/17 HEAD /v1/AUTH_2f7d3023382648d38ba4161594842a3e/gnocchi.077ace8f-2a18-4079-830d-47563d2a9e7b%3Fformat%3Djson%26states%3Dlisting HTTP/1.0 204 - Swift - - - - txf9b24306686a4382813eb-00693adde9 - 0.0040 RL - 1765465577.554005861 1765465577.558033228 0
Dec 11 15:06:17 standalone container-server[126757]: 172.20.0.100 - - [11/Dec/2025:15:06:17 +0000] "GET /d1/110/AUTH_2f7d3023382648d38ba4161594842a3e/gnocchi.077ace8f-2a18-4079-830d-47563d2a9e7b" 200 2 "GET http://172.18.0.2:8080/v1/AUTH_2f7d3023382648d38ba4161594842a3e/gnocchi.077ace8f-2a18-4079-830d-47563d2a9e7b?format=json&states=listing" "txf9b24306686a4382813eb-00693adde9" "proxy-server 20" 0.0027 "-" 22 0
Dec 11 15:06:17 standalone proxy-server[128957]: 172.18.0.2 172.18.0.100 11/Dec/2025/15/06/17 GET /v1/AUTH_2f7d3023382648d38ba4161594842a3e/gnocchi.077ace8f-2a18-4079-830d-47563d2a9e7b%3Fformat%3Djson%26states%3Dlisting HTTP/1.0 200 - python-swiftclient-3.11.1 gAAAAABpOt1KlB4b... - 2 - txf9b24306686a4382813eb-00693adde9 - 0.0145 - - 1765465577.551818132 1765465577.566343307 0
Dec 11 15:06:17 standalone object-server[127024]: 172.20.0.100 - - [11/Dec/2025:15:06:17 +0000] "GET /d1/216/AUTH_2f7d3023382648d38ba4161594842a3e/gnocchi.077ace8f-2a18-4079-830d-47563d2a9e7b/1764720000.0_mean_300.0_v3" 404 70 "GET http://172.18.0.2:8080/v1/AUTH_2f7d3023382648d38ba4161594842a3e/gnocchi.077ace8f-2a18-4079-830d-47563d2a9e7b/1764720000.0_mean_300.0_v3" "tx2476add97069405b964f2-00693adde9" "proxy-server 20" 0.0005 "-" 22 0
Dec 11 15:06:17 standalone proxy-server[128957]: 172.18.0.2 172.18.0.100 11/Dec/2025/15/06/17 GET /v1/AUTH_2f7d3023382648d38ba4161594842a3e/gnocchi.077ace8f-2a18-4079-830d-47563d2a9e7b/1764720000.0_mean_300.0_v3 HTTP/1.0 404 - python-swiftclient-3.11.1 gAAAAABpOt1KlB4b... - 70 - tx2476add97069405b964f2-00693adde9 - 0.0080 - - 1765465577.570586443 1765465577.578606367 0
Dec 11 15:06:17 standalone container-server[126755]: 172.20.0.100 - - [11/Dec/2025:15:06:17 +0000] "PUT /d1/110/AUTH_2f7d3023382648d38ba4161594842a3e/gnocchi.077ace8f-2a18-4079-830d-47563d2a9e7b/1764720000.0_mean_300.0_v3" 201 - "PUT http://172.18.0.2:8080/d1/216/AUTH_2f7d3023382648d38ba4161594842a3e/gnocchi.077ace8f-2a18-4079-830d-47563d2a9e7b/1764720000.0_mean_300.0_v3" "txb465e9f5f36e4ac7bde4e-00693adde9" "object-server 22" 0.0008 "-" 21 0
Dec 11 15:06:17 standalone object-server[127024]: 172.20.0.100 - - [11/Dec/2025:15:06:17 +0000] "PUT /d1/216/AUTH_2f7d3023382648d38ba4161594842a3e/gnocchi.077ace8f-2a18-4079-830d-47563d2a9e7b/1764720000.0_mean_300.0_v3" 201 - "PUT http://172.18.0.2:8080/v1/AUTH_2f7d3023382648d38ba4161594842a3e/gnocchi.077ace8f-2a18-4079-830d-47563d2a9e7b/1764720000.0_mean_300.0_v3" "txb465e9f5f36e4ac7bde4e-00693adde9" "proxy-server 20" 0.0125 "-" 22 0
Dec 11 15:06:17 standalone proxy-server[128957]: 172.18.0.2 172.18.0.100 11/Dec/2025/15/06/17 PUT /v1/AUTH_2f7d3023382648d38ba4161594842a3e/gnocchi.077ace8f-2a18-4079-830d-47563d2a9e7b/1764720000.0_mean_300.0_v3 HTTP/1.0 201 - python-swiftclient-3.11.1 gAAAAABpOt1KlB4b... 16 - - txb465e9f5f36e4ac7bde4e-00693adde9 - 0.0167 - - 1765465577.580671072 1765465577.597411633 0
Dec 11 15:06:17 standalone container-server[126766]: 172.20.0.100 - - [11/Dec/2025:15:06:17 +0000] "PUT /d1/110/AUTH_2f7d3023382648d38ba4161594842a3e/gnocchi.077ace8f-2a18-4079-830d-47563d2a9e7b/none_v3" 201 - "PUT http://172.18.0.2:8080/d1/370/AUTH_2f7d3023382648d38ba4161594842a3e/gnocchi.077ace8f-2a18-4079-830d-47563d2a9e7b/none_v3" "tx932a25d400d84f5a8be96-00693adde9" "object-server 23" 0.0005 "-" 23 0
Dec 11 15:06:17 standalone object-server[127028]: 172.20.0.100 - - [11/Dec/2025:15:06:17 +0000] "PUT /d1/370/AUTH_2f7d3023382648d38ba4161594842a3e/gnocchi.077ace8f-2a18-4079-830d-47563d2a9e7b/none_v3" 201 - "PUT http://172.18.0.2:8080/v1/AUTH_2f7d3023382648d38ba4161594842a3e/gnocchi.077ace8f-2a18-4079-830d-47563d2a9e7b/none_v3" "tx932a25d400d84f5a8be96-00693adde9" "proxy-server 20" 0.0130 "-" 23 0
Dec 11 15:06:17 standalone proxy-server[128957]: 172.18.0.2 172.18.0.100 11/Dec/2025/15/06/17 PUT /v1/AUTH_2f7d3023382648d38ba4161594842a3e/gnocchi.077ace8f-2a18-4079-830d-47563d2a9e7b/none_v3 HTTP/1.0 201 - python-swiftclient-3.11.1 gAAAAABpOt1KlB4b... 22 - - tx932a25d400d84f5a8be96-00693adde9 - 0.0195 - - 1765465577.600023508 1765465577.619481802 0
Dec 11 15:06:21 standalone object-server[127036]: 172.20.0.100 - - [11/Dec/2025:15:06:21 +0000] "GET /d1/370/AUTH_2f7d3023382648d38ba4161594842a3e/gnocchi.077ace8f-2a18-4079-830d-47563d2a9e7b/none_v3" 200 22 "GET http://172.18.0.2:8080/v1/AUTH_2f7d3023382648d38ba4161594842a3e/gnocchi.077ace8f-2a18-4079-830d-47563d2a9e7b/none_v3" "txe8cf329158634fee8aba5-00693added" "proxy-server 20" 0.0014 "-" 24 0
Dec 11 15:06:21 standalone proxy-server[128957]: 172.18.0.2 172.18.0.100 11/Dec/2025/15/06/21 GET /v1/AUTH_2f7d3023382648d38ba4161594842a3e/gnocchi.077ace8f-2a18-4079-830d-47563d2a9e7b/none_v3 HTTP/1.0 200 - python-swiftclient-3.11.1 gAAAAABpOt1KlB4b... - 22 - txe8cf329158634fee8aba5-00693added - 0.0104 - - 1765465581.503229141 1765465581.513625622 0
Dec 11 15:06:21 standalone container-server[126753]: 172.20.0.100 - - [11/Dec/2025:15:06:21 +0000] "GET /d1/110/AUTH_2f7d3023382648d38ba4161594842a3e/gnocchi.077ace8f-2a18-4079-830d-47563d2a9e7b" 200 357 "GET http://172.18.0.2:8080/v1/AUTH_2f7d3023382648d38ba4161594842a3e/gnocchi.077ace8f-2a18-4079-830d-47563d2a9e7b?format=json&states=listing" "txc1c390001c8040f6bebb1-00693added" "proxy-server 20" 0.0107 "-" 20 0
Dec 11 15:06:21 standalone proxy-server[128957]: 172.18.0.2 172.18.0.100 11/Dec/2025/15/06/21 GET /v1/AUTH_2f7d3023382648d38ba4161594842a3e/gnocchi.077ace8f-2a18-4079-830d-47563d2a9e7b%3Fformat%3Djson%26states%3Dlisting HTTP/1.0 200 - python-swiftclient-3.11.1 gAAAAABpOt1KlB4b... - 357 - txc1c390001c8040f6bebb1-00693added - 0.0203 - - 1765465581.519079685 1765465581.539330006 0
Dec 11 15:06:21 standalone container-server[126757]: 172.20.0.100 - - [11/Dec/2025:15:06:21 +0000] "GET /d1/110/AUTH_2f7d3023382648d38ba4161594842a3e/gnocchi.077ace8f-2a18-4079-830d-47563d2a9e7b" 200 2 "GET http://172.18.0.2:8080/v1/AUTH_2f7d3023382648d38ba4161594842a3e/gnocchi.077ace8f-2a18-4079-830d-47563d2a9e7b?format=json&marker=none_v3&states=listing" "tx1f76734d44614a9a89e2b-00693added" "proxy-server 20" 0.0037 "-" 22 0
Dec 11 15:06:21 standalone proxy-server[128957]: 172.18.0.2 172.18.0.100 11/Dec/2025/15/06/21 GET /v1/AUTH_2f7d3023382648d38ba4161594842a3e/gnocchi.077ace8f-2a18-4079-830d-47563d2a9e7b%3Fformat%3Djson%26marker%3Dnone_v3%26states%3Dlisting HTTP/1.0 200 - python-swiftclient-3.11.1 gAAAAABpOt1KlB4b... - 2 - tx1f76734d44614a9a89e2b-00693added - 0.0143 - - 1765465581.544361353 1765465581.558670282 0
Dec 11 15:06:21 standalone object-server[127036]: 172.20.0.100 - - [11/Dec/2025:15:06:21 +0000] "GET /d1/216/AUTH_2f7d3023382648d38ba4161594842a3e/gnocchi.077ace8f-2a18-4079-830d-47563d2a9e7b/1764720000.0_mean_300.0_v3" 200 16 "GET http://172.18.0.2:8080/v1/AUTH_2f7d3023382648d38ba4161594842a3e/gnocchi.077ace8f-2a18-4079-830d-47563d2a9e7b/1764720000.0_mean_300.0_v3" "tx471e1bb9f79f4b06976cb-00693added" "proxy-server 20" 0.0011 "-" 24 0
Dec 11 15:06:21 standalone proxy-server[128957]: 172.18.0.2 172.18.0.100 11/Dec/2025/15/06/21 GET /v1/AUTH_2f7d3023382648d38ba4161594842a3e/gnocchi.077ace8f-2a18-4079-830d-47563d2a9e7b/1764720000.0_mean_300.0_v3 HTTP/1.0 200 - python-swiftclient-3.11.1 gAAAAABpOt1KlB4b... - 16 - tx471e1bb9f79f4b06976cb-00693added - 0.0121 - - 1765465581.567653894 1765465581.579704046 0
Dec 11 15:06:21 standalone container-server[126757]: 172.20.0.100 - - [11/Dec/2025:15:06:21 +0000] "PUT /d1/110/AUTH_2f7d3023382648d38ba4161594842a3e/gnocchi.077ace8f-2a18-4079-830d-47563d2a9e7b/1764720000.0_mean_300.0_v3" 201 - "PUT http://172.18.0.2:8080/d1/216/AUTH_2f7d3023382648d38ba4161594842a3e/gnocchi.077ace8f-2a18-4079-830d-47563d2a9e7b/1764720000.0_mean_300.0_v3" "tx1ad1d66a57484355bbeb2-00693added" "object-server 24" 0.0009 "-" 22 0
Dec 11 15:06:21 standalone object-server[127036]: 172.20.0.100 - - [11/Dec/2025:15:06:21 +0000] "PUT /d1/216/AUTH_2f7d3023382648d38ba4161594842a3e/gnocchi.077ace8f-2a18-4079-830d-47563d2a9e7b/1764720000.0_mean_300.0_v3" 201 - "PUT http://172.18.0.2:8080/v1/AUTH_2f7d3023382648d38ba4161594842a3e/gnocchi.077ace8f-2a18-4079-830d-47563d2a9e7b/1764720000.0_mean_300.0_v3" "tx1ad1d66a57484355bbeb2-00693added" "proxy-server 20" 0.0121 "-" 24 0
Dec 11 15:06:21 standalone proxy-server[128957]: 172.18.0.2 172.18.0.100 11/Dec/2025/15/06/21 PUT /v1/AUTH_2f7d3023382648d38ba4161594842a3e/gnocchi.077ace8f-2a18-4079-830d-47563d2a9e7b/1764720000.0_mean_300.0_v3 HTTP/1.0 201 - python-swiftclient-3.11.1 gAAAAABpOt1KlB4b... 16 - - tx1ad1d66a57484355bbeb2-00693added - 0.0204 - - 1765465581.585430622 1765465581.605831861 0
Dec 11 15:06:21 standalone container-server[126757]: 172.20.0.100 - - [11/Dec/2025:15:06:21 +0000] "PUT /d1/110/AUTH_2f7d3023382648d38ba4161594842a3e/gnocchi.077ace8f-2a18-4079-830d-47563d2a9e7b/none_v3" 201 - "PUT http://172.18.0.2:8080/d1/370/AUTH_2f7d3023382648d38ba4161594842a3e/gnocchi.077ace8f-2a18-4079-830d-47563d2a9e7b/none_v3" "tx66694c30b17c40eb99440-00693added" "object-server 22" 0.0008 "-" 22 0
Dec 11 15:06:21 standalone object-server[127024]: 172.20.0.100 - - [11/Dec/2025:15:06:21 +0000] "PUT /d1/370/AUTH_2f7d3023382648d38ba4161594842a3e/gnocchi.077ace8f-2a18-4079-830d-47563d2a9e7b/none_v3" 201 - "PUT http://172.18.0.2:8080/v1/AUTH_2f7d3023382648d38ba4161594842a3e/gnocchi.077ace8f-2a18-4079-830d-47563d2a9e7b/none_v3" "tx66694c30b17c40eb99440-00693added" "proxy-server 20" 0.0192 "-" 22 0
Dec 11 15:06:21 standalone proxy-server[128957]: 172.18.0.2 172.18.0.100 11/Dec/2025/15/06/21 PUT /v1/AUTH_2f7d3023382648d38ba4161594842a3e/gnocchi.077ace8f-2a18-4079-830d-47563d2a9e7b/none_v3 HTTP/1.0 201 - python-swiftclient-3.11.1 gAAAAABpOt1KlB4b... 32 - - tx66694c30b17c40eb99440-00693added - 0.0278 - - 1765465581.610875845 1765465581.638708591 0
Dec 11 15:06:51 standalone account-server[126602]: 172.20.0.100 - - [11/Dec/2025:15:06:51 +0000] "HEAD /d1/136/AUTH_2f7d3023382648d38ba4161594842a3e" 204 - "HEAD http://172.18.0.2:8080/v1/AUTH_2f7d3023382648d38ba4161594842a3e?format=json" "txb426b3f16290441da9dad-00693ade0b" "proxy-server 20" 0.0085 "-" 20 -
Dec 11 15:06:51 standalone proxy-server[128957]: - - 11/Dec/2025/15/06/51 HEAD /v1/AUTH_2f7d3023382648d38ba4161594842a3e%3Fformat%3Djson HTTP/1.0 204 - Swift - - - - txb426b3f16290441da9dad-00693ade0b - 0.0162 RL - 1765465611.622685671 1765465611.638881445 -
Dec 11 15:06:51 standalone container-server[126757]: 172.20.0.100 - - [11/Dec/2025:15:06:51 +0000] "HEAD /d1/811/AUTH_2f7d3023382648d38ba4161594842a3e/gnocchi.d550cc28-e84c-4ebe-88a9-44eb0376cedc" 404 - "HEAD http://172.18.0.2:8080/v1/AUTH_2f7d3023382648d38ba4161594842a3e/gnocchi.d550cc28-e84c-4ebe-88a9-44eb0376cedc?format=json&states=listing" "txb426b3f16290441da9dad-00693ade0b" "proxy-server 20" 0.0011 "-" 22 0
Dec 11 15:06:51 standalone object-server[127024]: 172.20.0.100 - - [11/Dec/2025:15:06:51 +0000] "GET /d1/977/AUTH_2f7d3023382648d38ba4161594842a3e/gnocchi.d550cc28-e84c-4ebe-88a9-44eb0376cedc/none_v3" 404 70 "GET http://172.18.0.2:8080/v1/AUTH_2f7d3023382648d38ba4161594842a3e/gnocchi.d550cc28-e84c-4ebe-88a9-44eb0376cedc/none_v3" "txb426b3f16290441da9dad-00693ade0b" "proxy-server 20" 0.0008 "-" 22 0
Dec 11 15:06:51 standalone proxy-server[128957]: 172.18.0.2 172.18.0.100 11/Dec/2025/15/06/51 GET /v1/AUTH_2f7d3023382648d38ba4161594842a3e/gnocchi.d550cc28-e84c-4ebe-88a9-44eb0376cedc/none_v3 HTTP/1.0 404 - python-swiftclient-3.11.1 gAAAAABpOt1KlB4b... - 70 - txb426b3f16290441da9dad-00693ade0b - 0.0355 - - 1765465611.620578766 1765465611.656061411 0
Dec 11 15:06:51 standalone account-server[126595]: 172.20.0.100 - - [11/Dec/2025:15:06:51 +0000] "PUT /d1/136/AUTH_2f7d3023382648d38ba4161594842a3e/gnocchi.d550cc28-e84c-4ebe-88a9-44eb0376cedc" 201 - "PUT http://172.20.0.100:6001/d1/811/AUTH_2f7d3023382648d38ba4161594842a3e/gnocchi.d550cc28-e84c-4ebe-88a9-44eb0376cedc" "txee63e3c39dfb40cdb68d1-00693ade0b" "container-server 20" 0.0017 "-" 19 0
Dec 11 15:06:51 standalone container-server[126753]: 172.20.0.100 - - [11/Dec/2025:15:06:51 +0000] "PUT /d1/811/AUTH_2f7d3023382648d38ba4161594842a3e/gnocchi.d550cc28-e84c-4ebe-88a9-44eb0376cedc" 201 - "PUT http://172.18.0.2:8080/v1/AUTH_2f7d3023382648d38ba4161594842a3e/gnocchi.d550cc28-e84c-4ebe-88a9-44eb0376cedc" "txee63e3c39dfb40cdb68d1-00693ade0b" "proxy-server 20" 0.0171 "-" 20 0
Dec 11 15:06:51 standalone proxy-server[128957]: 172.18.0.2 172.18.0.100 11/Dec/2025/15/06/51 PUT /v1/AUTH_2f7d3023382648d38ba4161594842a3e/gnocchi.d550cc28-e84c-4ebe-88a9-44eb0376cedc HTTP/1.0 201 - python-swiftclient-3.11.1 gAAAAABpOt1KlB4b... - - - txee63e3c39dfb40cdb68d1-00693ade0b - 0.0248 - - 1765465611.660543203 1765465611.685381889 0
Dec 11 15:06:51 standalone container-server[126766]: 172.20.0.100 - - [11/Dec/2025:15:06:51 +0000] "HEAD /d1/811/AUTH_2f7d3023382648d38ba4161594842a3e/gnocchi.d550cc28-e84c-4ebe-88a9-44eb0376cedc" 204 - "HEAD http://172.18.0.2:8080/v1/AUTH_2f7d3023382648d38ba4161594842a3e/gnocchi.d550cc28-e84c-4ebe-88a9-44eb0376cedc?format=json&states=listing" "tx05a9e549298e44b19fc12-00693ade0b" "proxy-server 20" 0.0028 "-" 23 0
Dec 11 15:06:51 standalone proxy-server[128957]: - - 11/Dec/2025/15/06/51 HEAD /v1/AUTH_2f7d3023382648d38ba4161594842a3e/gnocchi.d550cc28-e84c-4ebe-88a9-44eb0376cedc%3Fformat%3Djson%26states%3Dlisting HTTP/1.0 204 - Swift - - - - tx05a9e549298e44b19fc12-00693ade0b - 0.0075 RL - 1765465611.691577196 1765465611.699029922 0
Dec 11 15:06:51 standalone container-server[126766]: 172.20.0.100 - - [11/Dec/2025:15:06:51 +0000] "GET /d1/811/AUTH_2f7d3023382648d38ba4161594842a3e/gnocchi.d550cc28-e84c-4ebe-88a9-44eb0376cedc" 200 2 "GET http://172.18.0.2:8080/v1/AUTH_2f7d3023382648d38ba4161594842a3e/gnocchi.d550cc28-e84c-4ebe-88a9-44eb0376cedc?format=json&states=listing" "tx05a9e549298e44b19fc12-00693ade0b" "proxy-server 20" 0.0033 "-" 23 0
Dec 11 15:06:51 standalone proxy-server[128957]: 172.18.0.2 172.18.0.100 11/Dec/2025/15/06/51 GET /v1/AUTH_2f7d3023382648d38ba4161594842a3e/gnocchi.d550cc28-e84c-4ebe-88a9-44eb0376cedc%3Fformat%3Djson%26states%3Dlisting HTTP/1.0 200 - python-swiftclient-3.11.1 gAAAAABpOt1KlB4b... - 2 - tx05a9e549298e44b19fc12-00693ade0b - 0.0173 - - 1765465611.690313578 1765465611.707578659 0
Dec 11 15:06:51 standalone object-server[127041]: 172.20.0.100 - - [11/Dec/2025:15:06:51 +0000] "GET /d1/211/AUTH_2f7d3023382648d38ba4161594842a3e/gnocchi.d550cc28-e84c-4ebe-88a9-44eb0376cedc/1764720000.0_mean_300.0_v3" 404 70 "GET http://172.18.0.2:8080/v1/AUTH_2f7d3023382648d38ba4161594842a3e/gnocchi.d550cc28-e84c-4ebe-88a9-44eb0376cedc/1764720000.0_mean_300.0_v3" "txe319c490fbe149fb92f1b-00693ade0b" "proxy-server 20" 0.0005 "-" 25 0
Dec 11 15:06:51 standalone proxy-server[128957]: 172.18.0.2 172.18.0.100 11/Dec/2025/15/06/51 GET /v1/AUTH_2f7d3023382648d38ba4161594842a3e/gnocchi.d550cc28-e84c-4ebe-88a9-44eb0376cedc/1764720000.0_mean_300.0_v3 HTTP/1.0 404 - python-swiftclient-3.11.1 gAAAAABpOt1KlB4b... - 70 - txe319c490fbe149fb92f1b-00693ade0b - 0.0056 - - 1765465611.711924791 1765465611.717550516 0
Dec 11 15:06:51 standalone container-server[126757]: 172.20.0.100 - - [11/Dec/2025:15:06:51 +0000] "PUT /d1/811/AUTH_2f7d3023382648d38ba4161594842a3e/gnocchi.d550cc28-e84c-4ebe-88a9-44eb0376cedc/1764720000.0_mean_300.0_v3" 201 - "PUT http://172.18.0.2:8080/d1/211/AUTH_2f7d3023382648d38ba4161594842a3e/gnocchi.d550cc28-e84c-4ebe-88a9-44eb0376cedc/1764720000.0_mean_300.0_v3" "tx09dca4649b034daf964b8-00693ade0b" "object-server 25" 0.0008 "-" 22 0
Dec 11 15:06:51 standalone object-server[127041]: 172.20.0.100 - - [11/Dec/2025:15:06:51 +0000] "PUT /d1/211/AUTH_2f7d3023382648d38ba4161594842a3e/gnocchi.d550cc28-e84c-4ebe-88a9-44eb0376cedc/1764720000.0_mean_300.0_v3" 201 - "PUT http://172.18.0.2:8080/v1/AUTH_2f7d3023382648d38ba4161594842a3e/gnocchi.d550cc28-e84c-4ebe-88a9-44eb0376cedc/1764720000.0_mean_300.0_v3" "tx09dca4649b034daf964b8-00693ade0b" "proxy-server 20" 0.0112 "-" 25 0
Dec 11 15:06:51 standalone proxy-server[128957]: 172.18.0.2 172.18.0.100 11/Dec/2025/15/06/51 PUT /v1/AUTH_2f7d3023382648d38ba4161594842a3e/gnocchi.d550cc28-e84c-4ebe-88a9-44eb0376cedc/1764720000.0_mean_300.0_v3 HTTP/1.0 201 - python-swiftclient-3.11.1 gAAAAABpOt1KlB4b... 16 - - tx09dca4649b034daf964b8-00693ade0b - 0.0159 - - 1765465611.720740080 1765465611.736590624 0
Dec 11 15:06:51 standalone container-server[126757]: 172.20.0.100 - - [11/Dec/2025:15:06:51 +0000] "PUT /d1/811/AUTH_2f7d3023382648d38ba4161594842a3e/gnocchi.d550cc28-e84c-4ebe-88a9-44eb0376cedc/none_v3" 201 - "PUT http://172.18.0.2:8080/d1/977/AUTH_2f7d3023382648d38ba4161594842a3e/gnocchi.d550cc28-e84c-4ebe-88a9-44eb0376cedc/none_v3" "txa7d58c0701934bf49a31f-00693ade0b" "object-server 24" 0.0005 "-" 22 0
Dec 11 15:06:51 standalone object-server[127036]: 172.20.0.100 - - [11/Dec/2025:15:06:51 +0000] "PUT /d1/977/AUTH_2f7d3023382648d38ba4161594842a3e/gnocchi.d550cc28-e84c-4ebe-88a9-44eb0376cedc/none_v3" 201 - "PUT http://172.18.0.2:8080/v1/AUTH_2f7d3023382648d38ba4161594842a3e/gnocchi.d550cc28-e84c-4ebe-88a9-44eb0376cedc/none_v3" "txa7d58c0701934bf49a31f-00693ade0b" "proxy-server 20" 0.0102 "-" 24 0
Dec 11 15:06:51 standalone proxy-server[128957]: 172.18.0.2 172.18.0.100 11/Dec/2025/15/06/51 PUT /v1/AUTH_2f7d3023382648d38ba4161594842a3e/gnocchi.d550cc28-e84c-4ebe-88a9-44eb0376cedc/none_v3 HTTP/1.0 201 - python-swiftclient-3.11.1 gAAAAABpOt1KlB4b... 22 - - txa7d58c0701934bf49a31f-00693ade0b - 0.0157 - - 1765465611.739576817 1765465611.755247593 0
Dec 11 15:07:42 standalone account-server[126609]: 172.20.0.100 - - [11/Dec/2025:15:07:42 +0000] "HEAD /d1/228/.expiring_objects" 404 - "HEAD http://localhost/v1/.expiring_objects?format=json" "tx1e81e7cbe76e4e7fb6932-00693ade3e" "proxy-server 2" 0.0013 "-" 21 -
Dec 11 15:07:42 standalone object-expirer[126898]: Pass completed in 0s; 0 objects expired (txn: tx1e81e7cbe76e4e7fb6932-00693ade3e)
Dec 11 15:08:38 standalone container-server[126533]: Begin container update sweep
Dec 11 15:08:38 standalone account-server[126595]: 172.20.0.100 - - [11/Dec/2025:15:08:38 +0000] "PUT /d1/136/AUTH_2f7d3023382648d38ba4161594842a3e/gnocchi.78ce84b6-8e00-4035-aa72-f374bb59dcc8" 201 - "-" "-" "container-updater 2" 0.0011 "-" 19 0
Dec 11 15:08:38 standalone account-server[126602]: 172.20.0.100 - - [11/Dec/2025:15:08:38 +0000] "PUT /d1/136/AUTH_2f7d3023382648d38ba4161594842a3e/gnocchi.31771a07-e0a3-4f8e-97ab-435d7de64f9c" 201 - "-" "-" "container-updater 2" 0.0007 "-" 20 0
Dec 11 15:08:38 standalone account-server[126609]: 172.20.0.100 - - [11/Dec/2025:15:08:38 +0000] "PUT /d1/136/AUTH_2f7d3023382648d38ba4161594842a3e/gnocchi.9168d5ff-f6b2-40dd-903a-f46233fc8cc9" 201 - "-" "-" "container-updater 2" 0.0006 "-" 21 0
Dec 11 15:08:38 standalone account-server[126602]: 172.20.0.100 - - [11/Dec/2025:15:08:38 +0000] "PUT /d1/136/AUTH_2f7d3023382648d38ba4161594842a3e/gnocchi.a73f6802-0adc-41c1-8abd-d2a5b07a20e3" 201 - "-" "-" "container-updater 2" 0.0007 "-" 20 0
Dec 11 15:08:38 standalone account-server[126634]: 172.20.0.100 - - [11/Dec/2025:15:08:38 +0000] "PUT /d1/136/AUTH_2f7d3023382648d38ba4161594842a3e/gnocchi.03924317-772b-4eeb-9026-be659926bf3d" 201 - "-" "-" "container-updater 2" 0.0005 "-" 22 0
Dec 11 15:08:38 standalone account-server[126595]: 172.20.0.100 - - [11/Dec/2025:15:08:38 +0000] "PUT /d1/136/AUTH_2f7d3023382648d38ba4161594842a3e/gnocchi.ff20a932-5e8a-4c6c-8c8a-4afc0626529c" 201 - "-" "-" "container-updater 2" 0.0008 "-" 19 0
Dec 11 15:08:38 standalone account-server[126602]: 172.20.0.100 - - [11/Dec/2025:15:08:38 +0000] "PUT /d1/136/AUTH_2f7d3023382648d38ba4161594842a3e/gnocchi.66c44b4a-f231-4621-b419-72365c538bbd" 201 - "-" "-" "container-updater 2" 0.0007 "-" 20 0
Dec 11 15:08:38 standalone account-server[126602]: 172.20.0.100 - - [11/Dec/2025:15:08:38 +0000] "PUT /d1/136/AUTH_2f7d3023382648d38ba4161594842a3e/gnocchi.789a59f1-6c7b-436e-bd02-64fec6a66e44" 201 - "-" "-" "container-updater 2" 0.0007 "-" 20 0
Dec 11 15:08:38 standalone account-server[126609]: 172.20.0.100 - - [11/Dec/2025:15:08:38 +0000] "PUT /d1/136/AUTH_2f7d3023382648d38ba4161594842a3e/gnocchi.10da72e5-0e80-4553-b0c1-1efb99a4133e" 201 - "-" "-" "container-updater 2" 0.0007 "-" 21 0
Dec 11 15:08:38 standalone account-server[126602]: 172.20.0.100 - - [11/Dec/2025:15:08:38 +0000] "PUT /d1/136/AUTH_2f7d3023382648d38ba4161594842a3e/gnocchi.eca6e827-cf7b-497c-9c7a-8af298ae7c12" 201 - "-" "-" "container-updater 2" 0.0008 "-" 20 0
Dec 11 15:08:39 standalone account-server[126609]: 172.20.0.100 - - [11/Dec/2025:15:08:39 +0000] "PUT /d1/136/AUTH_2f7d3023382648d38ba4161594842a3e/gnocchi.77116f47-4546-447d-8186-69cb0745509c" 201 - "-" "-" "container-updater 2" 0.0008 "-" 21 0
Dec 11 15:08:39 standalone account-server[126602]: 172.20.0.100 - - [11/Dec/2025:15:08:39 +0000] "PUT /d1/136/AUTH_2f7d3023382648d38ba4161594842a3e/gnocchi.d93705e1-6bb3-4173-8138-6e91799c218f" 201 - "-" "-" "container-updater 2" 0.0009 "-" 20 0
Dec 11 15:08:39 standalone account-server[126595]: 172.20.0.100 - - [11/Dec/2025:15:08:39 +0000] "PUT /d1/136/AUTH_2f7d3023382648d38ba4161594842a3e/gnocchi.14b2cb2d-de43-4aaf-8b80-fb312c5ea65a" 201 - "-" "-" "container-updater 2" 0.0007 "-" 19 0
Dec 11 15:08:39 standalone account-server[126602]: 172.20.0.100 - - [11/Dec/2025:15:08:39 +0000] "PUT /d1/136/AUTH_2f7d3023382648d38ba4161594842a3e/gnocchi.44b053cb-c4a2-43c9-8bc3-1b2777d83045" 201 - "-" "-" "container-updater 2" 0.0005 "-" 20 0
Dec 11 15:08:39 standalone account-server[126602]: 172.20.0.100 - - [11/Dec/2025:15:08:39 +0000] "PUT /d1/136/AUTH_2f7d3023382648d38ba4161594842a3e/gnocchi.9c192352-f844-4e96-b452-7c802c586949" 201 - "-" "-" "container-updater 2" 0.0004 "-" 20 0
Dec 11 15:08:39 standalone account-server[126595]: 172.20.0.100 - - [11/Dec/2025:15:08:39 +0000] "PUT /d1/136/AUTH_2f7d3023382648d38ba4161594842a3e/gnocchi.10e69e3b-506c-41bb-9d42-62d4c13b496b" 201 - "-" "-" "container-updater 2" 0.0007 "-" 19 0
Dec 11 15:08:39 standalone account-server[126595]: 172.20.0.100 - - [11/Dec/2025:15:08:39 +0000] "PUT /d1/136/AUTH_2f7d3023382648d38ba4161594842a3e/gnocchi.a4f089f8-76ab-4ba0-acb5-7f441caaaa3d" 201 - "-" "-" "container-updater 2" 0.0005 "-" 19 0
Dec 11 15:08:39 standalone account-server[126602]: 172.20.0.100 - - [11/Dec/2025:15:08:39 +0000] "PUT /d1/136/AUTH_2f7d3023382648d38ba4161594842a3e/gnocchi.077ace8f-2a18-4079-830d-47563d2a9e7b" 201 - "-" "-" "container-updater 2" 0.0004 "-" 20 0
Dec 11 15:08:39 standalone account-server[126602]: 172.20.0.100 - - [11/Dec/2025:15:08:39 +0000] "PUT /d1/136/AUTH_2f7d3023382648d38ba4161594842a3e/gnocchi.698b1833-e8f5-486a-b8bc-435fb6fe96eb" 201 - "-" "-" "container-updater 2" 0.0004 "-" 20 0
Dec 11 15:08:39 standalone account-server[126634]: 172.20.0.100 - - [11/Dec/2025:15:08:39 +0000] "PUT /d1/136/AUTH_2f7d3023382648d38ba4161594842a3e/gnocchi.b4d31e40-627b-4788-9583-e9a0f2fcfd2f" 201 - "-" "-" "container-updater 2" 0.0007 "-" 22 0
Dec 11 15:08:39 standalone account-server[126595]: 172.20.0.100 - - [11/Dec/2025:15:08:39 +0000] "PUT /d1/136/AUTH_2f7d3023382648d38ba4161594842a3e/gnocchi.4438df6b-e58f-4f06-a225-488dbfd634a9" 201 - "-" "-" "container-updater 2" 0.0007 "-" 19 0
Dec 11 15:08:39 standalone account-server[126634]: 172.20.0.100 - - [11/Dec/2025:15:08:39 +0000] "PUT /d1/136/AUTH_2f7d3023382648d38ba4161594842a3e/gnocchi.6a3b9f9b-3617-4031-88f7-cd9b134b8af1" 201 - "-" "-" "container-updater 2" 0.0006 "-" 22 0
Dec 11 15:08:40 standalone account-server[126634]: 172.20.0.100 - - [11/Dec/2025:15:08:40 +0000] "PUT /d1/136/AUTH_2f7d3023382648d38ba4161594842a3e/gnocchi.6bc14b59-d471-46f3-9559-9a5126f70002" 201 - "-" "-" "container-updater 2" 0.0007 "-" 22 0
Dec 11 15:08:40 standalone account-server[126634]: 172.20.0.100 - - [11/Dec/2025:15:08:40 +0000] "PUT /d1/136/AUTH_2f7d3023382648d38ba4161594842a3e/gnocchi.2a1e23d2-8dbb-449a-b3ef-5c5481a96498" 201 - "-" "-" "container-updater 2" 0.0009 "-" 22 0
Dec 11 15:08:40 standalone account-server[126595]: 172.20.0.100 - - [11/Dec/2025:15:08:40 +0000] "PUT /d1/136/AUTH_2f7d3023382648d38ba4161594842a3e/gnocchi.3499d8a7-5a2d-4262-8e4e-722185b29e8b" 201 - "-" "-" "container-updater 2" 0.0007 "-" 19 0
Dec 11 15:08:40 standalone account-server[126609]: 172.20.0.100 - - [11/Dec/2025:15:08:40 +0000] "PUT /d1/136/AUTH_2f7d3023382648d38ba4161594842a3e/gnocchi.9f03b580-cf21-45c3-87ce-a6ce3c0ba159" 201 - "-" "-" "container-updater 2" 0.0009 "-" 21 0
