Dec 11 14:51:16 standalone account-server[126455]: Started child 19 from parent 2
Dec 11 14:51:16 standalone account-server[126455]: Started child 20 from parent 2
Dec 11 14:51:17 standalone account-server[126455]: Started child 21 from parent 2
Dec 11 14:51:17 standalone account-server[126455]: Started child 22 from parent 2
Dec 11 14:51:17 standalone container-server[126495]: Option allow_versions is deprecated. Configure the versioned_writes middleware in the proxy-server instead. This option will be ignored in a future release.
Dec 11 14:51:17 standalone account-server[126564]: Starting 2
Dec 11 14:51:17 standalone container-server[126753]: Option allow_versions is deprecated. Configure the versioned_writes middleware in the proxy-server instead. This option will be ignored in a future release.
Dec 11 14:51:17 standalone container-server[126495]: Started child 20 from parent 2
Dec 11 14:51:17 standalone container-server[126755]: Option allow_versions is deprecated. Configure the versioned_writes middleware in the proxy-server instead. This option will be ignored in a future release.
Dec 11 14:51:17 standalone container-server[126495]: Started child 21 from parent 2
Dec 11 14:51:17 standalone container-server[126757]: Option allow_versions is deprecated. Configure the versioned_writes middleware in the proxy-server instead. This option will be ignored in a future release.
Dec 11 14:51:17 standalone container-server[126495]: Started child 22 from parent 2
Dec 11 14:51:17 standalone container-server[126533]: Starting 2
Dec 11 14:51:17 standalone container-server[126766]: Option allow_versions is deprecated. Configure the versioned_writes middleware in the proxy-server instead. This option will be ignored in a future release.
Dec 11 14:51:17 standalone container-server[126495]: Started child 23 from parent 2
Dec 11 14:51:18 standalone object-server[126850]: Started child 22 from parent 2
Dec 11 14:51:18 standalone object-server[126850]: Started child 23 from parent 2
Dec 11 14:51:18 standalone object-server[126850]: Started child 24 from parent 2
Dec 11 14:51:18 standalone object-server[126850]: Started child 25 from parent 2
Dec 11 14:51:18 standalone object-expirer[126898]: Starting 2
Dec 11 14:51:18 standalone object-expirer[126898]: Option auto_create_account_prefix is deprecated. Configure auto_create_account_prefix under the swift-constraints section of swift.conf. This option will be ignored in a future release.
Dec 11 14:51:18 standalone object-server[126988]: Starting 2
Dec 11 14:51:24 standalone proxy-server[128752]: Starting Keystone auth_token middleware
Dec 11 14:51:24 standalone proxy-server[128752]: AuthToken middleware is set with keystone_authtoken.service_token_roles_required set to False. This is backwards compatible but deprecated behaviour. Please set this to True.
Dec 11 14:51:24 standalone proxy-server[128957]: Starting Keystone auth_token middleware
Dec 11 14:51:24 standalone proxy-server[128957]: STDERR: The option "bind_port" is not known to keystonemiddleware
Dec 11 14:51:24 standalone proxy-server[128957]: STDERR: The option "workers" is not known to keystonemiddleware
Dec 11 14:51:24 standalone proxy-server[128957]: STDERR: The option "user" is not known to keystonemiddleware
Dec 11 14:51:24 standalone proxy-server[128957]: STDERR: The option "bind_ip" is not known to keystonemiddleware
Dec 11 14:51:24 standalone proxy-server[128957]: STDERR: The option "log_name" is not known to keystonemiddleware
Dec 11 14:51:24 standalone proxy-server[128957]: STDERR: The option "log_facility" is not known to keystonemiddleware
Dec 11 14:51:24 standalone proxy-server[128957]: STDERR: The option "log_level" is not known to keystonemiddleware
Dec 11 14:51:24 standalone proxy-server[128957]: STDERR: The option "log_headers" is not known to keystonemiddleware
Dec 11 14:51:24 standalone proxy-server[128957]: STDERR: The option "log_address" is not known to keystonemiddleware
Dec 11 14:51:24 standalone proxy-server[128957]: STDERR: The option "project_name" is not known to keystonemiddleware
Dec 11 14:51:24 standalone proxy-server[128957]: STDERR: The option "username" is not known to keystonemiddleware
Dec 11 14:51:24 standalone proxy-server[128957]: STDERR: The option "password" is not known to keystonemiddleware
Dec 11 14:51:24 standalone proxy-server[128957]: STDERR: The option "auth_url" is not known to keystonemiddleware
Dec 11 14:51:24 standalone proxy-server[128957]: STDERR: The option "signing_dir" is not known to keystonemiddleware
Dec 11 14:51:24 standalone proxy-server[128957]: STDERR: The option "project_domain_id" is not known to keystonemiddleware
Dec 11 14:51:24 standalone proxy-server[128957]: STDERR: The option "user_domain_id" is not known to keystonemiddleware
Dec 11 14:51:24 standalone proxy-server[128957]: STDERR: The option "__name__" is not known to keystonemiddleware
Dec 11 14:51:24 standalone proxy-server[128957]: AuthToken middleware is set with keystone_authtoken.service_token_roles_required set to False. This is backwards compatible but deprecated behaviour. Please set this to True.
Dec 11 14:51:24 standalone proxy-server[128752]: Started child 20 from parent 2
Dec 11 14:53:37 standalone container-server[126533]: Begin container update sweep
Dec 11 14:53:37 standalone container-server[126533]: Container update sweep completed: 0.00s
Dec 11 14:54:07 standalone object-server[126988]: Begin object update sweep
Dec 11 14:54:07 standalone object-server[147323]: Object update sweep starting on /srv/node/d1 (pid: 11)
Dec 11 14:54:07 standalone object-server[147323]: Object update sweep completed on /srv/node/d1 in 0.00s seconds:, 0 successes, 0 failures, 0 quarantines, 0 unlinks, 0 errors, 0 redirects (pid: 11)
Dec 11 14:54:07 standalone object-server[147323]: Object update sweep of d1 completed: 0.00s, 0 successes, 0 failures, 0 quarantines, 0 unlinks, 0 errors, 0 redirects
Dec 11 14:54:07 standalone object-server[126988]: Object update sweep completed: 0.09s
Dec 11 14:55:31 standalone account-server[126602]: 172.20.0.100 - - [11/Dec/2025:14:55:31 +0000] "HEAD /d1/228/.expiring_objects" 404 - "HEAD http://localhost/v1/.expiring_objects?format=json" "tx16aa6852e8784ea4a0579-00693adb63" "proxy-server 2" 0.0017 "-" 20 -
Dec 11 14:55:31 standalone object-expirer[126898]: Pass completed in 0s; 0 objects expired (txn: tx16aa6852e8784ea4a0579-00693adb63)
Dec 11 14:56:54 standalone account-server[126595]: 172.20.0.100 - - [11/Dec/2025:14:56:54 +0000] "HEAD /d1/228/.expiring_objects" 404 - "HEAD http://localhost/v1/.expiring_objects?format=json" "txd52b1b14615f4471aa404-00693adbb6" "proxy-server 2" 0.0009 "-" 19 -
Dec 11 14:56:54 standalone object-expirer[126898]: Pass completed in 0s; 0 objects expired (txn: txd52b1b14615f4471aa404-00693adbb6)
Dec 11 14:57:10 standalone account-server[126609]: 172.20.0.100 - - [11/Dec/2025:14:57:10 +0000] "HEAD /d1/228/.expiring_objects" 404 - "HEAD http://localhost/v1/.expiring_objects?format=json" "txdcd349d914594713885f7-00693adbc6" "proxy-server 2" 0.0017 "-" 21 -
Dec 11 14:57:10 standalone object-expirer[126898]: Pass completed in 0s; 0 objects expired (txn: txdcd349d914594713885f7-00693adbc6)
Dec 11 14:58:09 standalone account-server[126595]: 172.20.0.100 - - [11/Dec/2025:14:58:09 +0000] "HEAD /d1/228/.expiring_objects" 404 - "HEAD http://localhost/v1/.expiring_objects?format=json" "tx0766fc03f6c94f788a428-00693adc01" "proxy-server 2" 0.0005 "-" 19 -
Dec 11 14:58:09 standalone object-expirer[126898]: Pass completed in 0s; 0 objects expired (txn: tx0766fc03f6c94f788a428-00693adc01)
Dec 11 14:58:37 standalone container-server[126533]: Begin container update sweep
Dec 11 14:58:37 standalone container-server[126533]: Container update sweep completed: 0.00s
Dec 11 14:59:07 standalone object-server[126988]: Begin object update sweep
Dec 11 14:59:07 standalone object-server[186794]: Object update sweep starting on /srv/node/d1 (pid: 13)
Dec 11 14:59:07 standalone object-server[186794]: Object update sweep completed on /srv/node/d1 in 0.00s seconds:, 0 successes, 0 failures, 0 quarantines, 0 unlinks, 0 errors, 0 redirects (pid: 13)
Dec 11 14:59:07 standalone object-server[186794]: Object update sweep of d1 completed: 0.00s, 0 successes, 0 failures, 0 quarantines, 0 unlinks, 0 errors, 0 redirects
Dec 11 14:59:07 standalone object-server[126988]: Object update sweep completed: 0.08s
Dec 11 15:01:25 standalone account-server[126602]: 172.20.0.100 - - [11/Dec/2025:15:01:25 +0000] "HEAD /d1/228/.expiring_objects" 404 - "HEAD http://localhost/v1/.expiring_objects?format=json" "txb1b6e3bc312a4b498d907-00693adcc5" "proxy-server 2" 0.0008 "-" 20 -
Dec 11 15:01:25 standalone object-expirer[126898]: Pass completed in 0s; 0 objects expired (txn: txb1b6e3bc312a4b498d907-00693adcc5)
Dec 11 15:01:26 standalone account-server[126634]: 172.20.0.100 - - [11/Dec/2025:15:01:26 +0000] "HEAD /d1/228/.expiring_objects" 404 - "HEAD http://localhost/v1/.expiring_objects?format=json" "tx186a3ed5523d49798ff2c-00693adcc6" "proxy-server 2" 0.0016 "-" 22 -
Dec 11 15:01:26 standalone object-expirer[126898]: Pass completed in 0s; 0 objects expired (txn: tx186a3ed5523d49798ff2c-00693adcc6)
Dec 11 15:02:42 standalone account-server[126595]: 172.20.0.100 - - [11/Dec/2025:15:02:42 +0000] "HEAD /d1/228/.expiring_objects" 404 - "HEAD http://localhost/v1/.expiring_objects?format=json" "tx99334142b87b4436a34f2-00693add12" "proxy-server 2" 0.0005 "-" 19 -
Dec 11 15:02:42 standalone object-expirer[126898]: Pass completed in 0s; 0 objects expired (txn: tx99334142b87b4436a34f2-00693add12)
Dec 11 15:03:38 standalone container-server[126533]: Begin container update sweep
Dec 11 15:03:38 standalone container-server[126533]: Container update sweep completed: 0.00s
Dec 11 15:03:38 standalone account-server[126609]: 172.20.0.100 - - [11/Dec/2025:15:03:38 +0000] "HEAD /d1/136/AUTH_2f7d3023382648d38ba4161594842a3e" 404 - "HEAD http://172.18.0.2:8080/v1/AUTH_2f7d3023382648d38ba4161594842a3e?format=json" "tx2f3f2f1eb3e94217bd382-00693add4a" "proxy-server 20" 0.0012 "-" 21 -
Dec 11 15:03:38 standalone proxy-server[128957]: - - 11/Dec/2025/15/03/38 HEAD /v1/AUTH_2f7d3023382648d38ba4161594842a3e%3Fformat%3Djson HTTP/1.0 200 - Swift - - - - tx2f3f2f1eb3e94217bd382-00693add4a - 0.0147 RL - 1765465418.607772112 1765465418.622498512 -
Dec 11 15:03:39 standalone object-server[127028]: 172.20.0.100 - - [11/Dec/2025:15:03:39 +0000] "GET /d1/907/AUTH_2f7d3023382648d38ba4161594842a3e/gnocchi.77116f47-4546-447d-8186-69cb0745509c/none_v3" 404 70 "GET http://172.18.0.2:8080/v1/AUTH_2f7d3023382648d38ba4161594842a3e/gnocchi.77116f47-4546-447d-8186-69cb0745509c/none_v3" "tx2f3f2f1eb3e94217bd382-00693add4a" "proxy-server 20" 0.0010 "-" 23 0
Dec 11 15:03:39 standalone proxy-server[128957]: 172.18.0.2 172.18.0.100 11/Dec/2025/15/03/39 GET /v1/AUTH_2f7d3023382648d38ba4161594842a3e/gnocchi.77116f47-4546-447d-8186-69cb0745509c/none_v3 HTTP/1.0 404 - python-swiftclient-3.11.1 gAAAAABpOt1KlB4b... - 70 - tx2f3f2f1eb3e94217bd382-00693add4a - 0.4682 - - 1765465418.598706961 1765465419.066937447 0
Dec 11 15:03:39 standalone account-server[126609]: 172.20.0.100 - - [11/Dec/2025:15:03:39 +0000] "PUT /d1/136/AUTH_2f7d3023382648d38ba4161594842a3e" 201 - "-" "tx0a5a2692332543c0adc97-00693add4b" "-" 0.0159 "-" 21 -
Dec 11 15:03:39 standalone proxy-server[128957]: autocreate account '/AUTH_2f7d3023382648d38ba4161594842a3e' (txn: tx0a5a2692332543c0adc97-00693add4b)
Dec 11 15:03:39 standalone account-server[126602]: 172.20.0.100 - - [11/Dec/2025:15:03:39 +0000] "HEAD /d1/136/AUTH_2f7d3023382648d38ba4161594842a3e" 204 - "HEAD http://172.18.0.2:8080/v1/AUTH_2f7d3023382648d38ba4161594842a3e?format=json" "tx0a5a2692332543c0adc97-00693add4b" "proxy-server 20" 0.0028 "-" 20 -
Dec 11 15:03:39 standalone account-server[126595]: 172.20.0.100 - - [11/Dec/2025:15:03:39 +0000] "PUT /d1/136/AUTH_2f7d3023382648d38ba4161594842a3e/gnocchi.77116f47-4546-447d-8186-69cb0745509c" 201 - "PUT http://172.20.0.100:6001/d1/938/AUTH_2f7d3023382648d38ba4161594842a3e/gnocchi.77116f47-4546-447d-8186-69cb0745509c" "tx0a5a2692332543c0adc97-00693add4b" "container-server 23" 0.0028 "-" 19 0
Dec 11 15:03:39 standalone container-server[126766]: 172.20.0.100 - - [11/Dec/2025:15:03:39 +0000] "PUT /d1/938/AUTH_2f7d3023382648d38ba4161594842a3e/gnocchi.77116f47-4546-447d-8186-69cb0745509c" 201 - "PUT http://172.18.0.2:8080/v1/AUTH_2f7d3023382648d38ba4161594842a3e/gnocchi.77116f47-4546-447d-8186-69cb0745509c" "tx0a5a2692332543c0adc97-00693add4b" "proxy-server 20" 0.0205 "-" 23 0
Dec 11 15:03:39 standalone proxy-server[128957]: 172.18.0.2 172.18.0.100 11/Dec/2025/15/03/39 PUT /v1/AUTH_2f7d3023382648d38ba4161594842a3e/gnocchi.77116f47-4546-447d-8186-69cb0745509c HTTP/1.0 201 - python-swiftclient-3.11.1 gAAAAABpOt1KlB4b... - - - tx0a5a2692332543c0adc97-00693add4b - 0.0511 - - 1765465419.070128202 1765465419.121267319 0
Dec 11 15:03:39 standalone container-server[126766]: 172.20.0.100 - - [11/Dec/2025:15:03:39 +0000] "HEAD /d1/938/AUTH_2f7d3023382648d38ba4161594842a3e/gnocchi.77116f47-4546-447d-8186-69cb0745509c" 204 - "HEAD http://172.18.0.2:8080/v1/AUTH_2f7d3023382648d38ba4161594842a3e/gnocchi.77116f47-4546-447d-8186-69cb0745509c?format=json&states=listing" "txb89b2f48375c4337a396c-00693add4b" "proxy-server 20" 0.0042 "-" 23 0
Dec 11 15:03:39 standalone proxy-server[128957]: - - 11/Dec/2025/15/03/39 HEAD /v1/AUTH_2f7d3023382648d38ba4161594842a3e/gnocchi.77116f47-4546-447d-8186-69cb0745509c%3Fformat%3Djson%26states%3Dlisting HTTP/1.0 204 - Swift - - - - txb89b2f48375c4337a396c-00693add4b - 0.0104 RL - 1765465419.128800631 1765465419.139157534 0
Dec 11 15:03:39 standalone container-server[126753]: 172.20.0.100 - - [11/Dec/2025:15:03:39 +0000] "GET /d1/938/AUTH_2f7d3023382648d38ba4161594842a3e/gnocchi.77116f47-4546-447d-8186-69cb0745509c" 200 2 "GET http://172.18.0.2:8080/v1/AUTH_2f7d3023382648d38ba4161594842a3e/gnocchi.77116f47-4546-447d-8186-69cb0745509c?format=json&states=listing" "txb89b2f48375c4337a396c-00693add4b" "proxy-server 20" 0.0041 "-" 20 0
Dec 11 15:03:39 standalone proxy-server[128957]: 172.18.0.2 172.18.0.100 11/Dec/2025/15/03/39 GET /v1/AUTH_2f7d3023382648d38ba4161594842a3e/gnocchi.77116f47-4546-447d-8186-69cb0745509c%3Fformat%3Djson%26states%3Dlisting HTTP/1.0 200 - python-swiftclient-3.11.1 gAAAAABpOt1KlB4b... - 2 - txb89b2f48375c4337a396c-00693add4b - 0.0248 - - 1765465419.127414465 1765465419.152165174 0
Dec 11 15:03:39 standalone object-server[127036]: 172.20.0.100 - - [11/Dec/2025:15:03:39 +0000] "GET /d1/643/AUTH_2f7d3023382648d38ba4161594842a3e/gnocchi.77116f47-4546-447d-8186-69cb0745509c/1764720000.0_mean_300.0_v3" 404 70 "GET http://172.18.0.2:8080/v1/AUTH_2f7d3023382648d38ba4161594842a3e/gnocchi.77116f47-4546-447d-8186-69cb0745509c/1764720000.0_mean_300.0_v3" "txe2ee86db0cb2408e96cad-00693add4b" "proxy-server 20" 0.0009 "-" 24 0
Dec 11 15:03:39 standalone proxy-server[128957]: 172.18.0.2 172.18.0.100 11/Dec/2025/15/03/39 GET /v1/AUTH_2f7d3023382648d38ba4161594842a3e/gnocchi.77116f47-4546-447d-8186-69cb0745509c/1764720000.0_mean_300.0_v3 HTTP/1.0 404 - python-swiftclient-3.11.1 gAAAAABpOt1KlB4b... - 70 - txe2ee86db0cb2408e96cad-00693add4b - 0.0055 - - 1765465419.157702923 1765465419.163160563 0
Dec 11 15:03:39 standalone container-server[126766]: 172.20.0.100 - - [11/Dec/2025:15:03:39 +0000] "PUT /d1/938/AUTH_2f7d3023382648d38ba4161594842a3e/gnocchi.77116f47-4546-447d-8186-69cb0745509c/1764720000.0_mean_300.0_v3" 201 - "PUT http://172.18.0.2:8080/d1/643/AUTH_2f7d3023382648d38ba4161594842a3e/gnocchi.77116f47-4546-447d-8186-69cb0745509c/1764720000.0_mean_300.0_v3" "txf56f78319b56465aa6d5d-00693add4b" "object-server 24" 0.0016 "-" 23 0
Dec 11 15:03:39 standalone object-server[127036]: 172.20.0.100 - - [11/Dec/2025:15:03:39 +0000] "PUT /d1/643/AUTH_2f7d3023382648d38ba4161594842a3e/gnocchi.77116f47-4546-447d-8186-69cb0745509c/1764720000.0_mean_300.0_v3" 201 - "PUT http://172.18.0.2:8080/v1/AUTH_2f7d3023382648d38ba4161594842a3e/gnocchi.77116f47-4546-447d-8186-69cb0745509c/1764720000.0_mean_300.0_v3" "txf56f78319b56465aa6d5d-00693add4b" "proxy-server 20" 0.0359 "-" 24 0
Dec 11 15:03:39 standalone proxy-server[128957]: 172.18.0.2 172.18.0.100 11/Dec/2025/15/03/39 PUT /v1/AUTH_2f7d3023382648d38ba4161594842a3e/gnocchi.77116f47-4546-447d-8186-69cb0745509c/1764720000.0_mean_300.0_v3 HTTP/1.0 201 - python-swiftclient-3.11.1 gAAAAABpOt1KlB4b... 16 - - txf56f78319b56465aa6d5d-00693add4b - 0.0406 - - 1765465419.166533947 1765465419.207116604 0
Dec 11 15:03:39 standalone container-server[126755]: 172.20.0.100 - - [11/Dec/2025:15:03:39 +0000] "PUT /d1/938/AUTH_2f7d3023382648d38ba4161594842a3e/gnocchi.77116f47-4546-447d-8186-69cb0745509c/none_v3" 201 - "PUT http://172.18.0.2:8080/d1/907/AUTH_2f7d3023382648d38ba4161594842a3e/gnocchi.77116f47-4546-447d-8186-69cb0745509c/none_v3" "tx436f63ea78134a07b0b47-00693add4b" "object-server 23" 0.0014 "-" 21 0
Dec 11 15:03:39 standalone object-server[127028]: 172.20.0.100 - - [11/Dec/2025:15:03:39 +0000] "PUT /d1/907/AUTH_2f7d3023382648d38ba4161594842a3e/gnocchi.77116f47-4546-447d-8186-69cb0745509c/none_v3" 201 - "PUT http://172.18.0.2:8080/v1/AUTH_2f7d3023382648d38ba4161594842a3e/gnocchi.77116f47-4546-447d-8186-69cb0745509c/none_v3" "tx436f63ea78134a07b0b47-00693add4b" "proxy-server 20" 0.0414 "-" 23 0
Dec 11 15:03:39 standalone proxy-server[128957]: 172.18.0.2 172.18.0.100 11/Dec/2025/15/03/39 PUT /v1/AUTH_2f7d3023382648d38ba4161594842a3e/gnocchi.77116f47-4546-447d-8186-69cb0745509c/none_v3 HTTP/1.0 201 - python-swiftclient-3.11.1 gAAAAABpOt1KlB4b... 32 - - tx436f63ea78134a07b0b47-00693add4b - 0.0485 - - 1765465419.211109161 1765465419.259585142 0
Dec 11 15:04:07 standalone object-server[126988]: Begin object update sweep
Dec 11 15:04:07 standalone object-server[223973]: Object update sweep starting on /srv/node/d1 (pid: 14)
Dec 11 15:04:07 standalone object-server[223973]: Object update sweep completed on /srv/node/d1 in 0.00s seconds:, 0 successes, 0 failures, 0 quarantines, 0 unlinks, 0 errors, 0 redirects (pid: 14)
Dec 11 15:04:07 standalone object-server[223973]: Object update sweep of d1 completed: 0.00s, 0 successes, 0 failures, 0 quarantines, 0 unlinks, 0 errors, 0 redirects
Dec 11 15:04:07 standalone object-server[126988]: Object update sweep completed: 0.09s
Dec 11 15:04:41 standalone account-server[126609]: 172.20.0.100 - - [11/Dec/2025:15:04:41 +0000] "HEAD /d1/136/AUTH_2f7d3023382648d38ba4161594842a3e" 204 - "HEAD http://172.18.0.2:8080/v1/AUTH_2f7d3023382648d38ba4161594842a3e?format=json" "tx7288aef6c1464b3ea327d-00693add89" "proxy-server 20" 0.0059 "-" 21 -
Dec 11 15:04:41 standalone proxy-server[128957]: - - 11/Dec/2025/15/04/41 HEAD /v1/AUTH_2f7d3023382648d38ba4161594842a3e%3Fformat%3Djson HTTP/1.0 204 - Swift - - - - tx7288aef6c1464b3ea327d-00693add89 - 0.0149 RL - 1765465481.844677448 1765465481.859565258 -
Dec 11 15:04:41 standalone container-server[126766]: 172.20.0.100 - - [11/Dec/2025:15:04:41 +0000] "HEAD /d1/879/AUTH_2f7d3023382648d38ba4161594842a3e/gnocchi.44b053cb-c4a2-43c9-8bc3-1b2777d83045" 404 - "HEAD http://172.18.0.2:8080/v1/AUTH_2f7d3023382648d38ba4161594842a3e/gnocchi.44b053cb-c4a2-43c9-8bc3-1b2777d83045?format=json&states=listing" "tx7288aef6c1464b3ea327d-00693add89" "proxy-server 20" 0.0006 "-" 23 0
Dec 11 15:04:41 standalone object-server[127041]: 172.20.0.100 - - [11/Dec/2025:15:04:41 +0000] "GET /d1/348/AUTH_2f7d3023382648d38ba4161594842a3e/gnocchi.44b053cb-c4a2-43c9-8bc3-1b2777d83045/none_v3" 404 70 "GET http://172.18.0.2:8080/v1/AUTH_2f7d3023382648d38ba4161594842a3e/gnocchi.44b053cb-c4a2-43c9-8bc3-1b2777d83045/none_v3" "tx7288aef6c1464b3ea327d-00693add89" "proxy-server 20" 0.0016 "-" 25 0
Dec 11 15:04:41 standalone proxy-server[128957]: 172.18.0.2 172.18.0.100 11/Dec/2025/15/04/41 GET /v1/AUTH_2f7d3023382648d38ba4161594842a3e/gnocchi.44b053cb-c4a2-43c9-8bc3-1b2777d83045/none_v3 HTTP/1.0 404 - python-swiftclient-3.11.1 gAAAAABpOt1KlB4b... - 70 - tx7288aef6c1464b3ea327d-00693add89 - 0.0330 - - 1765465481.843556404 1765465481.876522541 0
Dec 11 15:04:41 standalone account-server[126595]: 172.20.0.100 - - [11/Dec/2025:15:04:41 +0000] "PUT /d1/136/AUTH_2f7d3023382648d38ba4161594842a3e/gnocchi.44b053cb-c4a2-43c9-8bc3-1b2777d83045" 201 - "PUT http://172.20.0.100:6001/d1/879/AUTH_2f7d3023382648d38ba4161594842a3e/gnocchi.44b053cb-c4a2-43c9-8bc3-1b2777d83045" "txf719d4151d4c4f58b0a88-00693add89" "container-server 23" 0.0023 "-" 19 0
Dec 11 15:04:41 standalone container-server[126766]: 172.20.0.100 - - [11/Dec/2025:15:04:41 +0000] "PUT /d1/879/AUTH_2f7d3023382648d38ba4161594842a3e/gnocchi.44b053cb-c4a2-43c9-8bc3-1b2777d83045" 201 - "PUT http://172.18.0.2:8080/v1/AUTH_2f7d3023382648d38ba4161594842a3e/gnocchi.44b053cb-c4a2-43c9-8bc3-1b2777d83045" "txf719d4151d4c4f58b0a88-00693add89" "proxy-server 20" 0.0121 "-" 23 0
Dec 11 15:04:41 standalone proxy-server[128957]: 172.18.0.2 172.18.0.100 11/Dec/2025/15/04/41 PUT /v1/AUTH_2f7d3023382648d38ba4161594842a3e/gnocchi.44b053cb-c4a2-43c9-8bc3-1b2777d83045 HTTP/1.0 201 - python-swiftclient-3.11.1 gAAAAABpOt1KlB4b... - - - txf719d4151d4c4f58b0a88-00693add89 - 0.0231 - - 1765465481.882859945 1765465481.905914307 0
Dec 11 15:04:41 standalone container-server[126757]: 172.20.0.100 - - [11/Dec/2025:15:04:41 +0000] "HEAD /d1/879/AUTH_2f7d3023382648d38ba4161594842a3e/gnocchi.44b053cb-c4a2-43c9-8bc3-1b2777d83045" 204 - "HEAD http://172.18.0.2:8080/v1/AUTH_2f7d3023382648d38ba4161594842a3e/gnocchi.44b053cb-c4a2-43c9-8bc3-1b2777d83045?format=json&states=listing" "tx63e1c30afc9b4f04b6ac4-00693add89" "proxy-server 20" 0.0024 "-" 22 0
Dec 11 15:04:41 standalone proxy-server[128957]: - - 11/Dec/2025/15/04/41 HEAD /v1/AUTH_2f7d3023382648d38ba4161594842a3e/gnocchi.44b053cb-c4a2-43c9-8bc3-1b2777d83045%3Fformat%3Djson%26states%3Dlisting HTTP/1.0 204 - Swift - - - - tx63e1c30afc9b4f04b6ac4-00693add89 - 0.0067 RL - 1765465481.911173105 1765465481.917885065 0
Dec 11 15:04:41 standalone container-server[126757]: 172.20.0.100 - - [11/Dec/2025:15:04:41 +0000] "GET /d1/879/AUTH_2f7d3023382648d38ba4161594842a3e/gnocchi.44b053cb-c4a2-43c9-8bc3-1b2777d83045" 200 2 "GET http://172.18.0.2:8080/v1/AUTH_2f7d3023382648d38ba4161594842a3e/gnocchi.44b053cb-c4a2-43c9-8bc3-1b2777d83045?format=json&states=listing" "tx63e1c30afc9b4f04b6ac4-00693add89" "proxy-server 20" 0.0017 "-" 22 0
Dec 11 15:04:41 standalone proxy-server[128957]: 172.18.0.2 172.18.0.100 11/Dec/2025/15/04/41 GET /v1/AUTH_2f7d3023382648d38ba4161594842a3e/gnocchi.44b053cb-c4a2-43c9-8bc3-1b2777d83045%3Fformat%3Djson%26states%3Dlisting HTTP/1.0 200 - python-swiftclient-3.11.1 gAAAAABpOt1KlB4b... - 2 - tx63e1c30afc9b4f04b6ac4-00693add89 - 0.0172 - - 1765465481.909685850 1765465481.926855326 0
Dec 11 15:04:41 standalone object-server[127041]: 172.20.0.100 - - [11/Dec/2025:15:04:41 +0000] "GET /d1/452/AUTH_2f7d3023382648d38ba4161594842a3e/gnocchi.44b053cb-c4a2-43c9-8bc3-1b2777d83045/1764720000.0_mean_300.0_v3" 404 70 "GET http://172.18.0.2:8080/v1/AUTH_2f7d3023382648d38ba4161594842a3e/gnocchi.44b053cb-c4a2-43c9-8bc3-1b2777d83045/1764720000.0_mean_300.0_v3" "txac7cf010acbe4c2981d80-00693add89" "proxy-server 20" 0.0006 "-" 25 0
Dec 11 15:04:41 standalone proxy-server[128957]: 172.18.0.2 172.18.0.100 11/Dec/2025/15/04/41 GET /v1/AUTH_2f7d3023382648d38ba4161594842a3e/gnocchi.44b053cb-c4a2-43c9-8bc3-1b2777d83045/1764720000.0_mean_300.0_v3 HTTP/1.0 404 - python-swiftclient-3.11.1 gAAAAABpOt1KlB4b... - 70 - txac7cf010acbe4c2981d80-00693add89 - 0.0201 - - 1765465481.931660175 1765465481.951774836 0
Dec 11 15:04:41 standalone container-server[126766]: 172.20.0.100 - - [11/Dec/2025:15:04:41 +0000] "PUT /d1/879/AUTH_2f7d3023382648d38ba4161594842a3e/gnocchi.44b053cb-c4a2-43c9-8bc3-1b2777d83045/1764720000.0_mean_300.0_v3" 201 - "PUT http://172.18.0.2:8080/d1/452/AUTH_2f7d3023382648d38ba4161594842a3e/gnocchi.44b053cb-c4a2-43c9-8bc3-1b2777d83045/1764720000.0_mean_300.0_v3" "tx716420fa38ef4c1a9ae52-00693add89" "object-server 22" 0.0005 "-" 23 0
Dec 11 15:04:41 standalone object-server[127024]: 172.20.0.100 - - [11/Dec/2025:15:04:41 +0000] "PUT /d1/452/AUTH_2f7d3023382648d38ba4161594842a3e/gnocchi.44b053cb-c4a2-43c9-8bc3-1b2777d83045/1764720000.0_mean_300.0_v3" 201 - "PUT http://172.18.0.2:8080/v1/AUTH_2f7d3023382648d38ba4161594842a3e/gnocchi.44b053cb-c4a2-43c9-8bc3-1b2777d83045/1764720000.0_mean_300.0_v3" "tx716420fa38ef4c1a9ae52-00693add89" "proxy-server 20" 0.0306 "-" 22 0
Dec 11 15:04:41 standalone proxy-server[128957]: 172.18.0.2 172.18.0.100 11/Dec/2025/15/04/41 PUT /v1/AUTH_2f7d3023382648d38ba4161594842a3e/gnocchi.44b053cb-c4a2-43c9-8bc3-1b2777d83045/1764720000.0_mean_300.0_v3 HTTP/1.0 201 - python-swiftclient-3.11.1 gAAAAABpOt1KlB4b... 16 - - tx716420fa38ef4c1a9ae52-00693add89 - 0.0385 - - 1765465481.955930948 1765465481.994476080 0
Dec 11 15:04:42 standalone container-server[126766]: 172.20.0.100 - - [11/Dec/2025:15:04:42 +0000] "PUT /d1/879/AUTH_2f7d3023382648d38ba4161594842a3e/gnocchi.44b053cb-c4a2-43c9-8bc3-1b2777d83045/none_v3" 201 - "PUT http://172.18.0.2:8080/d1/348/AUTH_2f7d3023382648d38ba4161594842a3e/gnocchi.44b053cb-c4a2-43c9-8bc3-1b2777d83045/none_v3" "tx8df91c18c0e146bb84f7f-00693add89" "object-server 22" 0.0003 "-" 23 0
Dec 11 15:04:42 standalone object-server[127024]: 172.20.0.100 - - [11/Dec/2025:15:04:42 +0000] "PUT /d1/348/AUTH_2f7d3023382648d38ba4161594842a3e/gnocchi.44b053cb-c4a2-43c9-8bc3-1b2777d83045/none_v3" 201 - "PUT http://172.18.0.2:8080/v1/AUTH_2f7d3023382648d38ba4161594842a3e/gnocchi.44b053cb-c4a2-43c9-8bc3-1b2777d83045/none_v3" "tx8df91c18c0e146bb84f7f-00693add89" "proxy-server 20" 0.0105 "-" 22 0
Dec 11 15:04:42 standalone proxy-server[128957]: 172.18.0.2 172.18.0.100 11/Dec/2025/15/04/42 PUT /v1/AUTH_2f7d3023382648d38ba4161594842a3e/gnocchi.44b053cb-c4a2-43c9-8bc3-1b2777d83045/none_v3 HTTP/1.0 201 - python-swiftclient-3.11.1 gAAAAABpOt1KlB4b... 22 - - tx8df91c18c0e146bb84f7f-00693add89 - 0.0170 - - 1765465481.997612715 1765465482.014593363 0
Dec 11 15:04:42 standalone container-server[126755]: 172.20.0.100 - - [11/Dec/2025:15:04:42 +0000] "HEAD /d1/245/AUTH_2f7d3023382648d38ba4161594842a3e/gnocchi.10da72e5-0e80-4553-b0c1-1efb99a4133e" 404 - "HEAD http://172.18.0.2:8080/v1/AUTH_2f7d3023382648d38ba4161594842a3e/gnocchi.10da72e5-0e80-4553-b0c1-1efb99a4133e?format=json&states=listing" "tx2fdc9a529cb94cafad89f-00693add8a" "proxy-server 20" 0.0007 "-" 21 0
Dec 11 15:04:42 standalone object-server[127036]: 172.20.0.100 - - [11/Dec/2025:15:04:42 +0000] "GET /d1/220/AUTH_2f7d3023382648d38ba4161594842a3e/gnocchi.10da72e5-0e80-4553-b0c1-1efb99a4133e/none_v3" 404 70 "GET http://172.18.0.2:8080/v1/AUTH_2f7d3023382648d38ba4161594842a3e/gnocchi.10da72e5-0e80-4553-b0c1-1efb99a4133e/none_v3" "tx2fdc9a529cb94cafad89f-00693add8a" "proxy-server 20" 0.0007 "-" 24 0
Dec 11 15:04:42 standalone proxy-server[128957]: 172.18.0.2 172.18.0.100 11/Dec/2025/15/04/42 GET /v1/AUTH_2f7d3023382648d38ba4161594842a3e/gnocchi.10da72e5-0e80-4553-b0c1-1efb99a4133e/none_v3 HTTP/1.0 404 - python-swiftclient-3.11.1 gAAAAABpOt1KlB4b... - 70 - tx2fdc9a529cb94cafad89f-00693add8a - 0.0163 - - 1765465482.024699211 1765465482.040991545 0
Dec 11 15:04:42 standalone account-server[126602]: 172.20.0.100 - - [11/Dec/2025:15:04:42 +0000] "PUT /d1/136/AUTH_2f7d3023382648d38ba4161594842a3e/gnocchi.10da72e5-0e80-4553-b0c1-1efb99a4133e" 201 - "PUT http://172.20.0.100:6001/d1/245/AUTH_2f7d3023382648d38ba4161594842a3e/gnocchi.10da72e5-0e80-4553-b0c1-1efb99a4133e" "tx47c07f12c23c40c09bd0b-00693add8a" "container-server 21" 0.0050 "-" 20 0
Dec 11 15:04:42 standalone container-server[126755]: 172.20.0.100 - - [11/Dec/2025:15:04:42 +0000] "PUT /d1/245/AUTH_2f7d3023382648d38ba4161594842a3e/gnocchi.10da72e5-0e80-4553-b0c1-1efb99a4133e" 201 - "PUT http://172.18.0.2:8080/v1/AUTH_2f7d3023382648d38ba4161594842a3e/gnocchi.10da72e5-0e80-4553-b0c1-1efb99a4133e" "tx47c07f12c23c40c09bd0b-00693add8a" "proxy-server 20" 0.0161 "-" 21 0
Dec 11 15:04:42 standalone proxy-server[128957]: 172.18.0.2 172.18.0.100 11/Dec/2025/15/04/42 PUT /v1/AUTH_2f7d3023382648d38ba4161594842a3e/gnocchi.10da72e5-0e80-4553-b0c1-1efb99a4133e HTTP/1.0 201 - python-swiftclient-3.11.1 gAAAAABpOt1KlB4b... - - - tx47c07f12c23c40c09bd0b-00693add8a - 0.0221 - - 1765465482.044117212 1765465482.066220522 0
Dec 11 15:04:42 standalone container-server[126755]: 172.20.0.100 - - [11/Dec/2025:15:04:42 +0000] "HEAD /d1/245/AUTH_2f7d3023382648d38ba4161594842a3e/gnocchi.10da72e5-0e80-4553-b0c1-1efb99a4133e" 204 - "HEAD http://172.18.0.2:8080/v1/AUTH_2f7d3023382648d38ba4161594842a3e/gnocchi.10da72e5-0e80-4553-b0c1-1efb99a4133e?format=json&states=listing" "tx44c0c8bb74de49f381a23-00693add8a" "proxy-server 20" 0.0012 "-" 21 0
Dec 11 15:04:42 standalone proxy-server[128957]: - - 11/Dec/2025/15/04/42 HEAD /v1/AUTH_2f7d3023382648d38ba4161594842a3e/gnocchi.10da72e5-0e80-4553-b0c1-1efb99a4133e%3Fformat%3Djson%26states%3Dlisting HTTP/1.0 204 - Swift - - - - tx44c0c8bb74de49f381a23-00693add8a - 0.0048 RL - 1765465482.070812464 1765465482.075631618 0
Dec 11 15:04:42 standalone container-server[126755]: 172.20.0.100 - - [11/Dec/2025:15:04:42 +0000] "GET /d1/245/AUTH_2f7d3023382648d38ba4161594842a3e/gnocchi.10da72e5-0e80-4553-b0c1-1efb99a4133e" 200 2 "GET http://172.18.0.2:8080/v1/AUTH_2f7d3023382648d38ba4161594842a3e/gnocchi.10da72e5-0e80-4553-b0c1-1efb99a4133e?format=json&states=listing" "tx44c0c8bb74de49f381a23-00693add8a" "proxy-server 20" 0.0021 "-" 21 0
Dec 11 15:04:42 standalone proxy-server[128957]: 172.18.0.2 172.18.0.100 11/Dec/2025/15/04/42 GET /v1/AUTH_2f7d3023382648d38ba4161594842a3e/gnocchi.10da72e5-0e80-4553-b0c1-1efb99a4133e%3Fformat%3Djson%26states%3Dlisting HTTP/1.0 200 - python-swiftclient-3.11.1 gAAAAABpOt1KlB4b... - 2 - tx44c0c8bb74de49f381a23-00693add8a - 0.0156 - - 1765465482.069333553 1765465482.084980249 0
Dec 11 15:04:42 standalone object-server[127028]: 172.20.0.100 - - [11/Dec/2025:15:04:42 +0000] "GET /d1/60/AUTH_2f7d3023382648d38ba4161594842a3e/gnocchi.10da72e5-0e80-4553-b0c1-1efb99a4133e/1764720000.0_mean_300.0_v3" 404 70 "GET http://172.18.0.2:8080/v1/AUTH_2f7d3023382648d38ba4161594842a3e/gnocchi.10da72e5-0e80-4553-b0c1-1efb99a4133e/1764720000.0_mean_300.0_v3" "txf0bb9fe3c0b445509416b-00693add8a" "proxy-server 20" 0.0005 "-" 23 0
Dec 11 15:04:42 standalone proxy-server[128957]: 172.18.0.2 172.18.0.100 11/Dec/2025/15/04/42 GET /v1/AUTH_2f7d3023382648d38ba4161594842a3e/gnocchi.10da72e5-0e80-4553-b0c1-1efb99a4133e/1764720000.0_mean_300.0_v3 HTTP/1.0 404 - python-swiftclient-3.11.1 gAAAAABpOt1KlB4b... - 70 - txf0bb9fe3c0b445509416b-00693add8a - 0.0068 - - 1765465482.089560747 1765465482.096326590 0
Dec 11 15:04:42 standalone container-server[126753]: 172.20.0.100 - - [11/Dec/2025:15:04:42 +0000] "PUT /d1/245/AUTH_2f7d3023382648d38ba4161594842a3e/gnocchi.10da72e5-0e80-4553-b0c1-1efb99a4133e/1764720000.0_mean_300.0_v3" 201 - "PUT http://172.18.0.2:8080/d1/60/AUTH_2f7d3023382648d38ba4161594842a3e/gnocchi.10da72e5-0e80-4553-b0c1-1efb99a4133e/1764720000.0_mean_300.0_v3" "tx27383252716c47a388a70-00693add8a" "object-server 22" 0.0014 "-" 20 0
Dec 11 15:04:42 standalone object-server[127024]: 172.20.0.100 - - [11/Dec/2025:15:04:42 +0000] "PUT /d1/60/AUTH_2f7d3023382648d38ba4161594842a3e/gnocchi.10da72e5-0e80-4553-b0c1-1efb99a4133e/1764720000.0_mean_300.0_v3" 201 - "PUT http://172.18.0.2:8080/v1/AUTH_2f7d3023382648d38ba4161594842a3e/gnocchi.10da72e5-0e80-4553-b0c1-1efb99a4133e/1764720000.0_mean_300.0_v3" "tx27383252716c47a388a70-00693add8a" "proxy-server 20" 0.0153 "-" 22 0
Dec 11 15:04:42 standalone proxy-server[128957]: 172.18.0.2 172.18.0.100 11/Dec/2025/15/04/42 PUT /v1/AUTH_2f7d3023382648d38ba4161594842a3e/gnocchi.10da72e5-0e80-4553-b0c1-1efb99a4133e/1764720000.0_mean_300.0_v3 HTTP/1.0 201 - python-swiftclient-3.11.1 gAAAAABpOt1KlB4b... 16 - - tx27383252716c47a388a70-00693add8a - 0.0227 - - 1765465482.100008249 1765465482.122678995 0
Dec 11 15:04:42 standalone container-server[126753]: 172.20.0.100 - - [11/Dec/2025:15:04:42 +0000] "PUT /d1/245/AUTH_2f7d3023382648d38ba4161594842a3e/gnocchi.10da72e5-0e80-4553-b0c1-1efb99a4133e/none_v3" 201 - "PUT http://172.18.0.2:8080/d1/220/AUTH_2f7d3023382648d38ba4161594842a3e/gnocchi.10da72e5-0e80-4553-b0c1-1efb99a4133e/none_v3" "txb6543db3013d4de28ef62-00693add8a" "object-server 24" 0.0006 "-" 20 0
Dec 11 15:04:42 standalone object-server[127036]: 172.20.0.100 - - [11/Dec/2025:15:04:42 +0000] "PUT /d1/220/AUTH_2f7d3023382648d38ba4161594842a3e/gnocchi.10da72e5-0e80-4553-b0c1-1efb99a4133e/none_v3" 201 - "PUT http://172.18.0.2:8080/v1/AUTH_2f7d3023382648d38ba4161594842a3e/gnocchi.10da72e5-0e80-4553-b0c1-1efb99a4133e/none_v3" "txb6543db3013d4de28ef62-00693add8a" "proxy-server 20" 0.0122 "-" 24 0
Dec 11 15:04:42 standalone proxy-server[128957]: 172.18.0.2 172.18.0.100 11/Dec/2025/15/04/42 PUT /v1/AUTH_2f7d3023382648d38ba4161594842a3e/gnocchi.10da72e5-0e80-4553-b0c1-1efb99a4133e/none_v3 HTTP/1.0 201 - python-swiftclient-3.11.1 gAAAAABpOt1KlB4b... 22 - - txb6543db3013d4de28ef62-00693add8a - 0.0222 - - 1765465482.126236677 1765465482.148451805 0
Dec 11 15:04:49 standalone container-server[126755]: 172.20.0.100 - - [11/Dec/2025:15:04:49 +0000] "HEAD /d1/383/AUTH_2f7d3023382648d38ba4161594842a3e/gnocchi.af295cae-bf24-4c55-ab1a-fe9faf2272b0" 404 - "HEAD http://172.18.0.2:8080/v1/AUTH_2f7d3023382648d38ba4161594842a3e/gnocchi.af295cae-bf24-4c55-ab1a-fe9faf2272b0?format=json&states=listing" "txdaafc1810e38486ebdb5f-00693add91" "proxy-server 20" 0.0008 "-" 21 0
Dec 11 15:04:49 standalone object-server[127024]: 172.20.0.100 - - [11/Dec/2025:15:04:49 +0000] "GET /d1/138/AUTH_2f7d3023382648d38ba4161594842a3e/gnocchi.af295cae-bf24-4c55-ab1a-fe9faf2272b0/none_v3" 404 70 "GET http://172.18.0.2:8080/v1/AUTH_2f7d3023382648d38ba4161594842a3e/gnocchi.af295cae-bf24-4c55-ab1a-fe9faf2272b0/none_v3" "txdaafc1810e38486ebdb5f-00693add91" "proxy-server 20" 0.0008 "-" 22 0
Dec 11 15:04:49 standalone proxy-server[128957]: 172.18.0.2 172.18.0.100 11/Dec/2025/15/04/49 GET /v1/AUTH_2f7d3023382648d38ba4161594842a3e/gnocchi.af295cae-bf24-4c55-ab1a-fe9faf2272b0/none_v3 HTTP/1.0 404 - python-swiftclient-3.11.1 gAAAAABpOt1KlB4b... - 70 - txdaafc1810e38486ebdb5f-00693add91 - 0.0110 - - 1765465489.884701014 1765465489.895671368 0
Dec 11 15:04:49 standalone account-server[126602]: 172.20.0.100 - - [11/Dec/2025:15:04:49 +0000] "PUT /d1/136/AUTH_2f7d3023382648d38ba4161594842a3e/gnocchi.af295cae-bf24-4c55-ab1a-fe9faf2272b0" 201 - "PUT http://172.20.0.100:6001/d1/383/AUTH_2f7d3023382648d38ba4161594842a3e/gnocchi.af295cae-bf24-4c55-ab1a-fe9faf2272b0" "tx84f86809e963468789c91-00693add91" "container-server 21" 0.0084 "-" 20 0
Dec 11 15:04:49 standalone container-server[126755]: 172.20.0.100 - - [11/Dec/2025:15:04:49 +0000] "PUT /d1/383/AUTH_2f7d3023382648d38ba4161594842a3e/gnocchi.af295cae-bf24-4c55-ab1a-fe9faf2272b0" 201 - "PUT http://172.18.0.2:8080/v1/AUTH_2f7d3023382648d38ba4161594842a3e/gnocchi.af295cae-bf24-4c55-ab1a-fe9faf2272b0" "tx84f86809e963468789c91-00693add91" "proxy-server 20" 0.0273 "-" 21 0
Dec 11 15:04:49 standalone proxy-server[128957]: 172.18.0.2 172.18.0.100 11/Dec/2025/15/04/49 PUT /v1/AUTH_2f7d3023382648d38ba4161594842a3e/gnocchi.af295cae-bf24-4c55-ab1a-fe9faf2272b0 HTTP/1.0 201 - python-swiftclient-3.11.1 gAAAAABpOt1KlB4b... - - - tx84f86809e963468789c91-00693add91 - 0.0313 - - 1765465489.899653912 1765465489.930937290 0
Dec 11 15:04:49 standalone container-server[126757]: 172.20.0.100 - - [11/Dec/2025:15:04:49 +0000] "HEAD /d1/383/AUTH_2f7d3023382648d38ba4161594842a3e/gnocchi.af295cae-bf24-4c55-ab1a-fe9faf2272b0" 204 - "HEAD http://172.18.0.2:8080/v1/AUTH_2f7d3023382648d38ba4161594842a3e/gnocchi.af295cae-bf24-4c55-ab1a-fe9faf2272b0?format=json&states=listing" "txedef4fcfbea7498caabcb-00693add91" "proxy-server 20" 0.0031 "-" 22 0
Dec 11 15:04:49 standalone proxy-server[128957]: - - 11/Dec/2025/15/04/49 HEAD /v1/AUTH_2f7d3023382648d38ba4161594842a3e/gnocchi.af295cae-bf24-4c55-ab1a-fe9faf2272b0%3Fformat%3Djson%26states%3Dlisting HTTP/1.0 204 - Swift - - - - txedef4fcfbea7498caabcb-00693add91 - 0.0098 RL - 1765465489.935644388 1765465489.945474386 0
Dec 11 15:04:49 standalone container-server[126757]: 172.20.0.100 - - [11/Dec/2025:15:04:49 +0000] "GET /d1/383/AUTH_2f7d3023382648d38ba4161594842a3e/gnocchi.af295cae-bf24-4c55-ab1a-fe9faf2272b0" 200 2 "GET http://172.18.0.2:8080/v1/AUTH_2f7d3023382648d38ba4161594842a3e/gnocchi.af295cae-bf24-4c55-ab1a-fe9faf2272b0?format=json&states=listing" "txedef4fcfbea7498caabcb-00693add91" "proxy-server 20" 0.0036 "-" 22 0
Dec 11 15:04:49 standalone proxy-server[128957]: 172.18.0.2 172.18.0.100 11/Dec/2025/15/04/49 GET /v1/AUTH_2f7d3023382648d38ba4161594842a3e/gnocchi.af295cae-bf24-4c55-ab1a-fe9faf2272b0%3Fformat%3Djson%26states%3Dlisting HTTP/1.0 200 - python-swiftclient-3.11.1 gAAAAABpOt1KlB4b... - 2 - txedef4fcfbea7498caabcb-00693add91 - 0.0257 - - 1765465489.934785366 1765465489.960462570 0
Dec 11 15:04:49 standalone object-server[127024]: 172.20.0.100 - - [11/Dec/2025:15:04:49 +0000] "GET /d1/8/AUTH_2f7d3023382648d38ba4161594842a3e/gnocchi.af295cae-bf24-4c55-ab1a-fe9faf2272b0/1764720000.0_mean_300.0_v3" 404 70 "GET http://172.18.0.2:8080/v1/AUTH_2f7d3023382648d38ba4161594842a3e/gnocchi.af295cae-bf24-4c55-ab1a-fe9faf2272b0/1764720000.0_mean_300.0_v3" "txc3aae4563fb24e0cb3775-00693add91" "proxy-server 20" 0.0004 "-" 22 0
Dec 11 15:04:49 standalone proxy-server[128957]: 172.18.0.2 172.18.0.100 11/Dec/2025/15/04/49 GET /v1/AUTH_2f7d3023382648d38ba4161594842a3e/gnocchi.af295cae-bf24-4c55-ab1a-fe9faf2272b0/1764720000.0_mean_300.0_v3 HTTP/1.0 404 - python-swiftclient-3.11.1 gAAAAABpOt1KlB4b... - 70 - txc3aae4563fb24e0cb3775-00693add91 - 0.0081 - - 1765465489.967261553 1765465489.975408554 0
Dec 11 15:04:50 standalone container-server[126766]: 172.20.0.100 - - [11/Dec/2025:15:04:50 +0000] "PUT /d1/383/AUTH_2f7d3023382648d38ba4161594842a3e/gnocchi.af295cae-bf24-4c55-ab1a-fe9faf2272b0/1764720000.0_mean_300.0_v3" 201 - "PUT http://172.18.0.2:8080/d1/8/AUTH_2f7d3023382648d38ba4161594842a3e/gnocchi.af295cae-bf24-4c55-ab1a-fe9faf2272b0/1764720000.0_mean_300.0_v3" "txf77d53cc8fc446128772e-00693add91" "object-server 24" 0.0008 "-" 23 0
Dec 11 15:04:50 standalone object-server[127036]: 172.20.0.100 - - [11/Dec/2025:15:04:50 +0000] "PUT /d1/8/AUTH_2f7d3023382648d38ba4161594842a3e/gnocchi.af295cae-bf24-4c55-ab1a-fe9faf2272b0/1764720000.0_mean_300.0_v3" 201 - "PUT http://172.18.0.2:8080/v1/AUTH_2f7d3023382648d38ba4161594842a3e/gnocchi.af295cae-bf24-4c55-ab1a-fe9faf2272b0/1764720000.0_mean_300.0_v3" "txf77d53cc8fc446128772e-00693add91" "proxy-server 20" 0.0149 "-" 24 0
Dec 11 15:04:50 standalone proxy-server[128957]: 172.18.0.2 172.18.0.100 11/Dec/2025/15/04/50 PUT /v1/AUTH_2f7d3023382648d38ba4161594842a3e/gnocchi.af295cae-bf24-4c55-ab1a-fe9faf2272b0/1764720000.0_mean_300.0_v3 HTTP/1.0 201 - python-swiftclient-3.11.1 gAAAAABpOt1KlB4b... 16 - - txf77d53cc8fc446128772e-00693add91 - 0.0280 - - 1765465489.981412888 1765465490.009454012 0
Dec 11 15:04:50 standalone container-server[126755]: 172.20.0.100 - - [11/Dec/2025:15:04:50 +0000] "PUT /d1/383/AUTH_2f7d3023382648d38ba4161594842a3e/gnocchi.af295cae-bf24-4c55-ab1a-fe9faf2272b0/none_v3" 201 - "PUT http://172.18.0.2:8080/d1/138/AUTH_2f7d3023382648d38ba4161594842a3e/gnocchi.af295cae-bf24-4c55-ab1a-fe9faf2272b0/none_v3" "tx74609f266aca48b6a624a-00693add92" "object-server 22" 0.0026 "-" 21 0
Dec 11 15:04:50 standalone object-server[127024]: 172.20.0.100 - - [11/Dec/2025:15:04:50 +0000] "PUT /d1/138/AUTH_2f7d3023382648d38ba4161594842a3e/gnocchi.af295cae-bf24-4c55-ab1a-fe9faf2272b0/none_v3" 201 - "PUT http://172.18.0.2:8080/v1/AUTH_2f7d3023382648d38ba4161594842a3e/gnocchi.af295cae-bf24-4c55-ab1a-fe9faf2272b0/none_v3" "tx74609f266aca48b6a624a-00693add92" "proxy-server 20" 0.0162 "-" 22 0
Dec 11 15:04:50 standalone proxy-server[128957]: 172.18.0.2 172.18.0.100 11/Dec/2025/15/04/50 PUT /v1/AUTH_2f7d3023382648d38ba4161594842a3e/gnocchi.af295cae-bf24-4c55-ab1a-fe9faf2272b0/none_v3 HTTP/1.0 201 - python-swiftclient-3.11.1 gAAAAABpOt1KlB4b... 22 - - tx74609f266aca48b6a624a-00693add92 - 0.0225 - - 1765465490.013582230 1765465490.036092520 0
Dec 11 15:04:50 standalone container-server[126753]: 172.20.0.100 - - [11/Dec/2025:15:04:50 +0000] "HEAD /d1/431/AUTH_2f7d3023382648d38ba4161594842a3e/gnocchi.ac0031fe-ae38-4cbd-abc3-86c5e22feb15" 404 - "HEAD http://172.18.0.2:8080/v1/AUTH_2f7d3023382648d38ba4161594842a3e/gnocchi.ac0031fe-ae38-4cbd-abc3-86c5e22feb15?format=json&states=listing" "tx39163cca0f944695a7427-00693add92" "proxy-server 20" 0.0006 "-" 20 0
Dec 11 15:04:50 standalone object-server[127024]: 172.20.0.100 - - [11/Dec/2025:15:04:50 +0000] "GET /d1/372/AUTH_2f7d3023382648d38ba4161594842a3e/gnocchi.ac0031fe-ae38-4cbd-abc3-86c5e22feb15/none_v3" 404 70 "GET http://172.18.0.2:8080/v1/AUTH_2f7d3023382648d38ba4161594842a3e/gnocchi.ac0031fe-ae38-4cbd-abc3-86c5e22feb15/none_v3" "tx39163cca0f944695a7427-00693add92" "proxy-server 20" 0.0002 "-" 22 0
Dec 11 15:04:50 standalone proxy-server[128957]: 172.18.0.2 172.18.0.100 11/Dec/2025/15/04/50 GET /v1/AUTH_2f7d3023382648d38ba4161594842a3e/gnocchi.ac0031fe-ae38-4cbd-abc3-86c5e22feb15/none_v3 HTTP/1.0 404 - python-swiftclient-3.11.1 gAAAAABpOt1KlB4b... - 70 - tx39163cca0f944695a7427-00693add92 - 0.0089 - - 1765465490.051172972 1765465490.060119867 0
Dec 11 15:04:50 standalone account-server[126609]: 172.20.0.100 - - [11/Dec/2025:15:04:50 +0000] "PUT /d1/136/AUTH_2f7d3023382648d38ba4161594842a3e/gnocchi.ac0031fe-ae38-4cbd-abc3-86c5e22feb15" 201 - "PUT http://172.20.0.100:6001/d1/431/AUTH_2f7d3023382648d38ba4161594842a3e/gnocchi.ac0031fe-ae38-4cbd-abc3-86c5e22feb15" "tx8eea4459b5dd488fbce38-00693add92" "container-server 22" 0.0089 "-" 21 0
Dec 11 15:04:50 standalone container-server[126757]: 172.20.0.100 - - [11/Dec/2025:15:04:50 +0000] "PUT /d1/431/AUTH_2f7d3023382648d38ba4161594842a3e/gnocchi.ac0031fe-ae38-4cbd-abc3-86c5e22feb15" 201 - "PUT http://172.18.0.2:8080/v1/AUTH_2f7d3023382648d38ba4161594842a3e/gnocchi.ac0031fe-ae38-4cbd-abc3-86c5e22feb15" "tx8eea4459b5dd488fbce38-00693add92" "proxy-server 20" 0.0270 "-" 22 0
Dec 11 15:04:50 standalone proxy-server[128957]: 172.18.0.2 172.18.0.100 11/Dec/2025/15/04/50 PUT /v1/AUTH_2f7d3023382648d38ba4161594842a3e/gnocchi.ac0031fe-ae38-4cbd-abc3-86c5e22feb15 HTTP/1.0 201 - python-swiftclient-3.11.1 gAAAAABpOt1KlB4b... - - - tx8eea4459b5dd488fbce38-00693add92 - 0.0328 - - 1765465490.063267231 1765465490.096018314 0
Dec 11 15:04:50 standalone container-server[126757]: 172.20.0.100 - - [11/Dec/2025:15:04:50 +0000] "HEAD /d1/431/AUTH_2f7d3023382648d38ba4161594842a3e/gnocchi.ac0031fe-ae38-4cbd-abc3-86c5e22feb15" 204 - "HEAD http://172.18.0.2:8080/v1/AUTH_2f7d3023382648d38ba4161594842a3e/gnocchi.ac0031fe-ae38-4cbd-abc3-86c5e22feb15?format=json&states=listing" "tx02bfb03c22c642328e9af-00693add92" "proxy-server 20" 0.0027 "-" 22 0
Dec 11 15:04:50 standalone proxy-server[128957]: - - 11/Dec/2025/15/04/50 HEAD /v1/AUTH_2f7d3023382648d38ba4161594842a3e/gnocchi.ac0031fe-ae38-4cbd-abc3-86c5e22feb15%3Fformat%3Djson%26states%3Dlisting HTTP/1.0 204 - Swift - - - - tx02bfb03c22c642328e9af-00693add92 - 0.0072 RL - 1765465490.102829456 1765465490.110035658 0
Dec 11 15:04:50 standalone container-server[126753]: 172.20.0.100 - - [11/Dec/2025:15:04:50 +0000] "GET /d1/431/AUTH_2f7d3023382648d38ba4161594842a3e/gnocchi.ac0031fe-ae38-4cbd-abc3-86c5e22feb15" 200 2 "GET http://172.18.0.2:8080/v1/AUTH_2f7d3023382648d38ba4161594842a3e/gnocchi.ac0031fe-ae38-4cbd-abc3-86c5e22feb15?format=json&states=listing" "tx02bfb03c22c642328e9af-00693add92" "proxy-server 20" 0.0069 "-" 20 0
Dec 11 15:04:50 standalone proxy-server[128957]: 172.18.0.2 172.18.0.100 11/Dec/2025/15/04/50 GET /v1/AUTH_2f7d3023382648d38ba4161594842a3e/gnocchi.ac0031fe-ae38-4cbd-abc3-86c5e22feb15%3Fformat%3Djson%26states%3Dlisting HTTP/1.0 200 - python-swiftclient-3.11.1 gAAAAABpOt1KlB4b... - 2 - tx02bfb03c22c642328e9af-00693add92 - 0.0289 - - 1765465490.101442814 1765465490.130381823 0
Dec 11 15:04:50 standalone object-server[127041]: 172.20.0.100 - - [11/Dec/2025:15:04:50 +0000] "GET /d1/139/AUTH_2f7d3023382648d38ba4161594842a3e/gnocchi.ac0031fe-ae38-4cbd-abc3-86c5e22feb15/1764720000.0_mean_300.0_v3" 404 70 "GET http://172.18.0.2:8080/v1/AUTH_2f7d3023382648d38ba4161594842a3e/gnocchi.ac0031fe-ae38-4cbd-abc3-86c5e22feb15/1764720000.0_mean_300.0_v3" "txb7f526c12651469690415-00693add92" "proxy-server 20" 0.0007 "-" 25 0
Dec 11 15:04:50 standalone proxy-server[128957]: 172.18.0.2 172.18.0.100 11/Dec/2025/15/04/50 GET /v1/AUTH_2f7d3023382648d38ba4161594842a3e/gnocchi.ac0031fe-ae38-4cbd-abc3-86c5e22feb15/1764720000.0_mean_300.0_v3 HTTP/1.0 404 - python-swiftclient-3.11.1 gAAAAABpOt1KlB4b... - 70 - txb7f526c12651469690415-00693add92 - 0.0114 - - 1765465490.135568619 1765465490.146949053 0
Dec 11 15:04:50 standalone container-server[126755]: 172.20.0.100 - - [11/Dec/2025:15:04:50 +0000] "PUT /d1/431/AUTH_2f7d3023382648d38ba4161594842a3e/gnocchi.ac0031fe-ae38-4cbd-abc3-86c5e22feb15/1764720000.0_mean_300.0_v3" 201 - "PUT http://172.18.0.2:8080/d1/139/AUTH_2f7d3023382648d38ba4161594842a3e/gnocchi.ac0031fe-ae38-4cbd-abc3-86c5e22feb15/1764720000.0_mean_300.0_v3" "tx832c3378b6db47c6a06f3-00693add92" "object-server 24" 0.0013 "-" 21 0
Dec 11 15:04:50 standalone object-server[127036]: 172.20.0.100 - - [11/Dec/2025:15:04:50 +0000] "PUT /d1/139/AUTH_2f7d3023382648d38ba4161594842a3e/gnocchi.ac0031fe-ae38-4cbd-abc3-86c5e22feb15/1764720000.0_mean_300.0_v3" 201 - "PUT http://172.18.0.2:8080/v1/AUTH_2f7d3023382648d38ba4161594842a3e/gnocchi.ac0031fe-ae38-4cbd-abc3-86c5e22feb15/1764720000.0_mean_300.0_v3" "tx832c3378b6db47c6a06f3-00693add92" "proxy-server 20" 0.0146 "-" 24 0
Dec 11 15:04:50 standalone proxy-server[128957]: 172.18.0.2 172.18.0.100 11/Dec/2025/15/04/50 PUT /v1/AUTH_2f7d3023382648d38ba4161594842a3e/gnocchi.ac0031fe-ae38-4cbd-abc3-86c5e22feb15/1764720000.0_mean_300.0_v3 HTTP/1.0 201 - python-swiftclient-3.11.1 gAAAAABpOt1KlB4b... 16 - - tx832c3378b6db47c6a06f3-00693add92 - 0.0249 - - 1765465490.150697947 1765465490.175643444 0
Dec 11 15:04:50 standalone container-server[126755]: 172.20.0.100 - - [11/Dec/2025:15:04:50 +0000] "PUT /d1/431/AUTH_2f7d3023382648d38ba4161594842a3e/gnocchi.ac0031fe-ae38-4cbd-abc3-86c5e22feb15/none_v3" 201 - "PUT http://172.18.0.2:8080/d1/372/AUTH_2f7d3023382648d38ba4161594842a3e/gnocchi.ac0031fe-ae38-4cbd-abc3-86c5e22feb15/none_v3" "tx82d5f7918fff4fe697b02-00693add92" "object-server 24" 0.0009 "-" 21 0
Dec 11 15:04:50 standalone object-server[127036]: 172.20.0.100 - - [11/Dec/2025:15:04:50 +0000] "PUT /d1/372/AUTH_2f7d3023382648d38ba4161594842a3e/gnocchi.ac0031fe-ae38-4cbd-abc3-86c5e22feb15/none_v3" 201 - "PUT http://172.18.0.2:8080/v1/AUTH_2f7d3023382648d38ba4161594842a3e/gnocchi.ac0031fe-ae38-4cbd-abc3-86c5e22feb15/none_v3" "tx82d5f7918fff4fe697b02-00693add92" "proxy-server 20" 0.0133 "-" 24 0
Dec 11 15:04:50 standalone proxy-server[128957]: 172.18.0.2 172.18.0.100 11/Dec/2025/15/04/50 PUT /v1/AUTH_2f7d3023382648d38ba4161594842a3e/gnocchi.ac0031fe-ae38-4cbd-abc3-86c5e22feb15/none_v3 HTTP/1.0 201 - python-swiftclient-3.11.1 gAAAAABpOt1KlB4b... 22 - - tx82d5f7918fff4fe697b02-00693add92 - 0.0223 - - 1765465490.180978775 1765465490.203255892 0
Dec 11 15:04:50 standalone container-server[126757]: 172.20.0.100 - - [11/Dec/2025:15:04:50 +0000] "HEAD /d1/873/AUTH_2f7d3023382648d38ba4161594842a3e/gnocchi.e08d47ce-d686-4bd7-ab78-cbf001870c1a" 404 - "HEAD http://172.18.0.2:8080/v1/AUTH_2f7d3023382648d38ba4161594842a3e/gnocchi.e08d47ce-d686-4bd7-ab78-cbf001870c1a?format=json&states=listing" "txb5a2ac0292ff48dc97ae4-00693add92" "proxy-server 20" 0.0008 "-" 22 0
Dec 11 15:04:50 standalone object-server[127028]: 172.20.0.100 - - [11/Dec/2025:15:04:50 +0000] "GET /d1/450/AUTH_2f7d3023382648d38ba4161594842a3e/gnocchi.e08d47ce-d686-4bd7-ab78-cbf001870c1a/none_v3" 404 70 "GET http://172.18.0.2:8080/v1/AUTH_2f7d3023382648d38ba4161594842a3e/gnocchi.e08d47ce-d686-4bd7-ab78-cbf001870c1a/none_v3" "txb5a2ac0292ff48dc97ae4-00693add92" "proxy-server 20" 0.0008 "-" 23 0
Dec 11 15:04:50 standalone proxy-server[128957]: 172.18.0.2 172.18.0.100 11/Dec/2025/15/04/50 GET /v1/AUTH_2f7d3023382648d38ba4161594842a3e/gnocchi.e08d47ce-d686-4bd7-ab78-cbf001870c1a/none_v3 HTTP/1.0 404 - python-swiftclient-3.11.1 gAAAAABpOt1KlB4b... - 70 - txb5a2ac0292ff48dc97ae4-00693add92 - 0.0195 - - 1765465490.222870111 1765465490.242373466 0
Dec 11 15:04:50 standalone account-server[126595]: 172.20.0.100 - - [11/Dec/2025:15:04:50 +0000] "PUT /d1/136/AUTH_2f7d3023382648d38ba4161594842a3e/gnocchi.e08d47ce-d686-4bd7-ab78-cbf001870c1a" 201 - "PUT http://172.20.0.100:6001/d1/873/AUTH_2f7d3023382648d38ba4161594842a3e/gnocchi.e08d47ce-d686-4bd7-ab78-cbf001870c1a" "tx6307c69c0b8d448682c2d-00693add92" "container-server 23" 0.0082 "-" 19 0
Dec 11 15:04:50 standalone container-server[126766]: 172.20.0.100 - - [11/Dec/2025:15:04:50 +0000] "PUT /d1/873/AUTH_2f7d3023382648d38ba4161594842a3e/gnocchi.e08d47ce-d686-4bd7-ab78-cbf001870c1a" 201 - "PUT http://172.18.0.2:8080/v1/AUTH_2f7d3023382648d38ba4161594842a3e/gnocchi.e08d47ce-d686-4bd7-ab78-cbf001870c1a" "tx6307c69c0b8d448682c2d-00693add92" "proxy-server 20" 0.0217 "-" 23 0
Dec 11 15:04:50 standalone proxy-server[128957]: 172.18.0.2 172.18.0.100 11/Dec/2025/15/04/50 PUT /v1/AUTH_2f7d3023382648d38ba4161594842a3e/gnocchi.e08d47ce-d686-4bd7-ab78-cbf001870c1a HTTP/1.0 201 - python-swiftclient-3.11.1 gAAAAABpOt1KlB4b... - - - tx6307c69c0b8d448682c2d-00693add92 - 0.0279 - - 1765465490.245589495 1765465490.273514748 0
Dec 11 15:04:50 standalone container-server[126755]: 172.20.0.100 - - [11/Dec/2025:15:04:50 +0000] "HEAD /d1/873/AUTH_2f7d3023382648d38ba4161594842a3e/gnocchi.e08d47ce-d686-4bd7-ab78-cbf001870c1a" 204 - "HEAD http://172.18.0.2:8080/v1/AUTH_2f7d3023382648d38ba4161594842a3e/gnocchi.e08d47ce-d686-4bd7-ab78-cbf001870c1a?format=json&states=listing" "tx6141eebdb17046e68f7d9-00693add92" "proxy-server 20" 0.0028 "-" 21 0
