Waiting for database nova_api... Database nova_api is ready! Syncing Nova databases...
2026-03-07 20:57:50.429 3 INFO nova.db.migration [-] Applying migration(s)
2026-03-07 20:57:50.431 3 INFO alembic.runtime.migration [-] Context impl MySQLImpl.
2026-03-07 20:57:50.431 3 INFO alembic.runtime.migration [-] Will assume non-transactional DDL.
2026-03-07 20:57:50.443 3 INFO nova.db.migration [-] Migration(s) applied Cell0 is already setup
2026-03-07 20:57:57.181 11 INFO nova.db.migration [None req-da90f0df-2e85-4a69-9511-e3c881a7b233 - - - - - -] Applying migration(s)
2026-03-07 20:57:57.183 11 INFO alembic.runtime.migration [None req-da90f0df-2e85-4a69-9511-e3c881a7b233 - - - - - -] Context impl MySQLImpl.
2026-03-07 20:57:57.184 11 INFO alembic.runtime.migration [None req-da90f0df-2e85-4a69-9511-e3c881a7b233 - - - - - -] Will assume non-transactional DDL.
2026-03-07 20:57:57.208 11 INFO nova.db.migration [None req-da90f0df-2e85-4a69-9511-e3c881a7b233 - - - - - -] Migration(s) applied
2026-03-07 20:57:57.215 11 INFO nova.db.migration [None req-da90f0df-2e85-4a69-9511-e3c881a7b233 - - - - - -] Applying migration(s)
2026-03-07 20:57:57.217 11 INFO alembic.runtime.migration [None req-da90f0df-2e85-4a69-9511-e3c881a7b233 - - - - - -] Context impl MySQLImpl.
2026-03-07 20:57:57.217 11 INFO alembic.runtime.migration [None req-da90f0df-2e85-4a69-9511-e3c881a7b233 - - - - - -] Will assume non-transactional DDL.
2026-03-07 20:57:57.245 11 INFO nova.db.migration [None req-da90f0df-2e85-4a69-9511-e3c881a7b233 - - - - - -] Migration(s) applied Registering Nova service in Keystone... Waiting for Keystone... Keystone is ready! Waiting for Placement... Placement is ready! Bootstrapping Keystone resources... Ensuring nova user exists... User already exists Assigning project roles... Ensuring nova service exists... Service already exists Creating nova endpoints... Creating Nova cell1... --transport-url not provided in the command line, using the value [DEFAULT]/transport_url from the configuration file --database_connection not provided in the command line, using the value [database]/connection from the configuration file The specified transport_url and/or database_connection combination already exists for another cell with uuid 7f90e64d-3b32-46fc-a8eb-3ec7679417e5. Nova service registered! (Service ID: 5a164f4ea1224611aff306f97eca5ab4) Starting Nova API service...
2026-03-07 20:58:07.082 1 WARNING nova.service [-] Running nova-osapi_compute using eventlet is deprecated. Deploy with a WSGI server such as uwsgi or mod_wsgi.
2026-03-07 20:58:08.014 1 INFO keystonemiddleware.auth_token [-] Starting Keystone auth_token middleware
2026-03-07 20:58:08.016 1 WARNING keystonemiddleware.auth_token [-] AuthToken middleware is set with keystone_authtoken.service_token_roles_required set to False. This is backwards compatible but deprecated behaviour. Please set this to True.
2026-03-07 20:58:08.082 1 INFO keystonemiddleware.auth_token [-] Starting Keystone auth_token middleware
2026-03-07 20:58:08.084 1 WARNING keystonemiddleware.auth_token [-] AuthToken middleware is set with keystone_authtoken.service_token_roles_required set to False. This is backwards compatible but deprecated behaviour. Please set this to True.
2026-03-07 20:58:08.088 1 INFO nova.service [-] osapi_compute listening on 0.0.0.0:8774
2026-03-07 20:58:08.088 1 INFO oslo_service.backend.eventlet.service [-] Starting 1 workers
2026-03-07 20:58:08.090 1 WARNING nova.service [-] Running nova-metadata using eventlet is deprecated. Deploy with a WSGI server such as uwsgi or mod_wsgi.
2026-03-07 20:58:08.119 1 INFO nova.service [-] metadata listening on 0.0.0.0:8775
2026-03-07 20:58:08.120 1 INFO oslo_service.backend.eventlet.service [-] Starting 1 workers
2026-03-07 20:58:08.216 31 INFO nova.osapi_compute.wsgi.server [None req-76a7212a-f7d0-4ad1-a496-28247722a3bb - - - - - -] (31) wsgi starting up on http://0.0.0.0:8774
2026-03-07 20:58:08.223 32 INFO nova.metadata.wsgi.server [None req-96008f19-de81-4ff0-bcab-acb8c4322684 - - - - - -] (32) wsgi starting up on http://0.0.0.0:8775
2026-03-07 20:58:11.893 32 INFO nova.metadata.wsgi.server [-] 172.31.0.6 "GET / HTTP/1.0" status: 200 len: 234 time: 0.0008421
2026-03-07 20:58:11.923 31 INFO nova.osapi_compute.wsgi.server [-] 172.31.0.6 "GET / HTTP/1.0" status: 200 len: 500 time: 0.0087194
2026-03-07 20:58:16.896 32 INFO nova.metadata.wsgi.server [-] 172.31.0.6 "GET / HTTP/1.0" status: 200 len: 234 time: 0.0008047
2026-03-07 20:58:16.934 31 INFO nova.osapi_compute.wsgi.server [-] 172.31.0.6 "GET / HTTP/1.0" status: 200 len: 500 time: 0.0051093
2026-03-07 20:58:16.947 31 INFO nova.osapi_compute.wsgi.server [-] 127.0.0.1 "GET / HTTP/1.1" status: 200 len: 477 time: 0.0052640
2026-03-07 20:58:17.413 31 INFO nova.osapi_compute.wsgi.server [-] 172.31.0.1,172.31.0.6 "GET / HTTP/1.1" status: 200 len: 522 time: 0.0027261
2026-03-07 20:58:17.462 31 INFO nova.osapi_compute.wsgi.server [-] 172.31.0.22 "GET / HTTP/1.1" status: 200 len: 467 time: 0.0024493
2026-03-07 20:58:17.515 31 INFO nova.osapi_compute.wsgi.server [-] 172.31.0.23 "GET / HTTP/1.1" status: 200 len: 467 time: 0.0051491
2026-03-07 20:58:21.899 32 INFO nova.metadata.wsgi.server [-] 172.31.0.6 "GET / HTTP/1.0" status: 200 len: 234 time: 0.0003853
2026-03-07 20:58:21.938 31 INFO nova.osapi_compute.wsgi.server [-] 172.31.0.6 "GET / HTTP/1.0" status: 200 len: 500 time: 0.0024021
2026-03-07 20:58:26.902 32 INFO nova.metadata.wsgi.server [-] 172.31.0.6 "GET / HTTP/1.0" status: 200 len: 234 time: 0.0009444
2026-03-07 20:58:26.949 31 INFO nova.osapi_compute.wsgi.server [-] 172.31.0.6 "GET / HTTP/1.0" status: 200 len: 500 time: 0.0058794
2026-03-07 20:58:31.905 32 INFO nova.metadata.wsgi.server [-] 172.31.0.6 "GET / HTTP/1.0" status: 200 len: 234 time: 0.0005844
2026-03-07 20:58:31.956 31 INFO nova.osapi_compute.wsgi.server [-] 172.31.0.6 "GET / HTTP/1.0" status: 200 len: 500 time: 0.0052216
2026-03-07 20:58:36.910 32 INFO nova.metadata.wsgi.server [-] 172.31.0.6 "GET / HTTP/1.0" status: 200 len: 234 time: 0.0006392
2026-03-07 20:58:36.969 31 INFO nova.osapi_compute.wsgi.server [-] 172.31.0.6 "GET / HTTP/1.0" status: 200 len: 500 time: 0.0052481
2026-03-07 20:58:37.486 31 INFO nova.osapi_compute.wsgi.server [-] 172.31.0.129,172.31.0.6 "GET / HTTP/1.1" status: 200 len: 522 time: 0.0027914
2026-03-07 20:58:41.912 32 INFO nova.metadata.wsgi.server [-] 172.31.0.6 "GET / HTTP/1.0" status: 200 len: 234 time: 0.0006604
2026-03-07 20:58:41.979 31 INFO nova.osapi_compute.wsgi.server [-] 172.31.0.6 "GET / HTTP/1.0" status: 200 len: 500 time: 0.0049417
2026-03-07 20:58:46.915 32 INFO nova.metadata.wsgi.server [-] 172.31.0.6 "GET / HTTP/1.0" status: 200 len: 234 time: 0.0006604
2026-03-07 20:58:46.991 31 INFO nova.osapi_compute.wsgi.server [-] 172.31.0.6 "GET / HTTP/1.0" status: 200 len: 500 time: 0.0053086
2026-03-07 20:58:51.917 32 INFO nova.metadata.wsgi.server [-] 172.31.0.6 "GET / HTTP/1.0" status: 200 len: 234 time: 0.0006368
2026-03-07 20:58:52.004 31 INFO nova.osapi_compute.wsgi.server [-] 172.31.0.6 "GET / HTTP/1.0" status: 200 len: 500 time: 0.0058210
2026-03-07 20:58:56.920 32 INFO nova.metadata.wsgi.server [-] 172.31.0.6 "GET / HTTP/1.0" status: 200 len: 234 time: 0.0009596
2026-03-07 20:58:57.012 31 INFO nova.osapi_compute.wsgi.server [-] 172.31.0.6 "GET / HTTP/1.0" status: 200 len: 500 time: 0.0024762
2026-03-07 20:59:02.975 32 INFO nova.metadata.wsgi.server [-] 172.31.0.6 "GET / HTTP/1.0" status: 200 len: 234 time: 0.0005541
2026-03-07 20:59:02.978 31 INFO nova.osapi_compute.wsgi.server [-] 172.31.0.6 "GET / HTTP/1.0" status: 200 len: 500 time: 0.0040202
2026-03-07 20:59:07.977 32 INFO nova.metadata.wsgi.server [-] 172.31.0.6 "GET / HTTP/1.0" status: 200 len: 234 time: 0.0004680
2026-03-07 20:59:07.992 31 INFO nova.osapi_compute.wsgi.server [-] 172.31.0.6 "GET / HTTP/1.0" status: 200 len: 500 time: 0.0073514
2026-03-07 20:59:11.284 31 INFO nova.osapi_compute.wsgi.server [-] 172.31.0.129,172.31.0.6 "GET /v2.1 HTTP/1.1" status: 200 len: 791 time: 0.0047839
2026-03-07 20:59:11.848 31 INFO nova.osapi_compute.wsgi.server [None req-6e72dcc1-c70f-42b3-b89b-ca49ea0a247b 70381897a25e4c2c9ae46514f1330ea8 9228e4d90852429fad3ab7743c36dc19 - - default default] 172.31.0.129,172.31.0.6 "GET /v2.1/os-keypairs/hotstack-smoke-test HTTP/1.1" status: 200 len: 785 time: 0.5574996
2026-03-07 20:59:12.921 31 INFO nova.osapi_compute.wsgi.server [-] 172.31.0.1,172.31.0.6 "GET /v2.1 HTTP/1.1" status: 200 len: 791 time: 0.0049086
2026-03-07 20:59:12.952 31 INFO nova.api.openstack.wsgi [None req-a2cc67c4-3d86-46e7-8da9-a5878b00dedb 70381897a25e4c2c9ae46514f1330ea8 9228e4d90852429fad3ab7743c36dc19 - - default default] HTTP exception thrown: Flavor hotstack.small could not be found.
2026-03-07 20:59:12.954 31 INFO nova.osapi_compute.wsgi.server [None req-a2cc67c4-3d86-46e7-8da9-a5878b00dedb 70381897a25e4c2c9ae46514f1330ea8 9228e4d90852429fad3ab7743c36dc19 - - default default] 172.31.0.1,172.31.0.6 "GET /v2.1/flavors/hotstack.small HTTP/1.1" status: 404 len: 506 time: 0.0294533
2026-03-07 20:59:12.979 32 INFO nova.metadata.wsgi.server [-] 172.31.0.6 "GET / HTTP/1.0" status: 200 len: 234 time: 0.0005693
2026-03-07 20:59:12.982 31 INFO nova.osapi_compute.wsgi.server [None req-31820b75-20d1-4842-a813-64100324bead 70381897a25e4c2c9ae46514f1330ea8 9228e4d90852429fad3ab7743c36dc19 - - default default] 172.31.0.1,172.31.0.6 "GET /v2.1/flavors HTTP/1.1" status: 200 len: 2737 time: 0.0261543
2026-03-07 20:59:12.998 31 INFO nova.osapi_compute.wsgi.server [-] 172.31.0.6 "GET / HTTP/1.0" status: 200 len: 500 time: 0.0030255
2026-03-07 20:59:13.001 31 INFO nova.osapi_compute.wsgi.server [None req-9ceadd7d-476b-46b7-8f08-5e9de54673b9 70381897a25e4c2c9ae46514f1330ea8 9228e4d90852429fad3ab7743c36dc19 - - default default] 172.31.0.1,172.31.0.6 "GET /v2.1/flavors/cffaaece-9556-4abf-b621-d1fc56cb5536 HTTP/1.1" status: 200 len: 929 time: 0.0153272
2026-03-07 20:59:13.011 31 INFO nova.osapi_compute.wsgi.server [None req-327fdb76-be63-4448-8583-983230fc9452 70381897a25e4c2c9ae46514f1330ea8 9228e4d90852429fad3ab7743c36dc19 - - default default] 172.31.0.1,172.31.0.6 "GET /v2.1/os-keypairs/hotstack-smoke-test HTTP/1.1" status: 200 len: 787 time: 0.0065794
2026-03-07 20:59:13.372 31 INFO nova.api.openstack.wsgi [None req-10510e0c-a1f3-46e9-9b72-fb3f54f32e35 70381897a25e4c2c9ae46514f1330ea8 9228e4d90852429fad3ab7743c36dc19 - - default default] HTTP exception thrown: Flavor hotstack.small could not be found.
2026-03-07 20:59:13.373 31 INFO nova.osapi_compute.wsgi.server [None req-10510e0c-a1f3-46e9-9b72-fb3f54f32e35 70381897a25e4c2c9ae46514f1330ea8 9228e4d90852429fad3ab7743c36dc19 - - default default] 172.31.0.1,172.31.0.6 "GET /v2.1/flavors/hotstack.small HTTP/1.1" status: 404 len: 506 time: 0.0149934
2026-03-07 20:59:13.402 31 INFO nova.osapi_compute.wsgi.server [None req-7aa735ce-35d4-4beb-b44e-a0049e1dc07e 70381897a25e4c2c9ae46514f1330ea8 9228e4d90852429fad3ab7743c36dc19 - - default default] 172.31.0.1,172.31.0.6 "GET /v2.1/flavors HTTP/1.1" status: 200 len: 2737 time: 0.0252585
2026-03-07 20:59:13.423 31 INFO nova.osapi_compute.wsgi.server [None req-e7b50137-e94b-40ec-9984-0934be57b67a 70381897a25e4c2c9ae46514f1330ea8 9228e4d90852429fad3ab7743c36dc19 - - default default] 172.31.0.1,172.31.0.6 "GET /v2.1/flavors/cffaaece-9556-4abf-b621-d1fc56cb5536 HTTP/1.1" status: 200 len: 929 time: 0.0164092
2026-03-07 20:59:13.438 31 INFO nova.osapi_compute.wsgi.server [None req-3dad33bb-e1ce-4de1-b359-e0e2323e6f35 70381897a25e4c2c9ae46514f1330ea8 9228e4d90852429fad3ab7743c36dc19 - - default default] 172.31.0.1,172.31.0.6 "GET /v2.1/os-keypairs/hotstack-smoke-test HTTP/1.1" status: 200 len: 787 time: 0.0099263
2026-03-07 20:59:13.468 31 INFO nova.api.openstack.wsgi [None req-1329729b-0874-4492-b03b-6101f80a0f39 70381897a25e4c2c9ae46514f1330ea8 9228e4d90852429fad3ab7743c36dc19 - - default default] HTTP exception thrown: Flavor hotstack.small could not be found.
2026-03-07 20:59:13.469 31 INFO nova.osapi_compute.wsgi.server [None req-1329729b-0874-4492-b03b-6101f80a0f39 70381897a25e4c2c9ae46514f1330ea8 9228e4d90852429fad3ab7743c36dc19 - - default default] 172.31.0.1,172.31.0.6 "GET /v2.1/flavors/hotstack.small HTTP/1.1" status: 404 len: 506 time: 0.0124319
2026-03-07 20:59:13.494 31 INFO nova.osapi_compute.wsgi.server [None req-e4fc0517-8504-478d-87c3-b05f043b0ef6 70381897a25e4c2c9ae46514f1330ea8 9228e4d90852429fad3ab7743c36dc19 - - default default] 172.31.0.1,172.31.0.6 "GET /v2.1/flavors HTTP/1.1" status: 200 len: 2737 time: 0.0214000
2026-03-07 20:59:13.514 31 INFO nova.osapi_compute.wsgi.server [None req-93d70a75-513f-492c-ab7f-b511af1ad917 70381897a25e4c2c9ae46514f1330ea8 9228e4d90852429fad3ab7743c36dc19 - - default default] 172.31.0.1,172.31.0.6 "GET /v2.1/flavors/cffaaece-9556-4abf-b621-d1fc56cb5536 HTTP/1.1" status: 200 len: 929 time: 0.0150037
2026-03-07 20:59:17.988 32 INFO nova.metadata.wsgi.server [-] 172.31.0.6 "GET / HTTP/1.0" status: 200 len: 234 time: 0.0064864
2026-03-07 20:59:18.001 31 INFO nova.osapi_compute.wsgi.server [-] 172.31.0.6 "GET / HTTP/1.0" status: 200 len: 500 time: 0.0024021
2026-03-07 20:59:20.104 31 INFO nova.osapi_compute.wsgi.server [-] 172.31.0.1,172.31.0.6 "GET /v2.1 HTTP/1.1" status: 200 len: 791 time: 0.0078180
2026-03-07 20:59:20.119 31 INFO nova.api.openstack.wsgi [None req-1704dcb6-e7e8-4163-9859-bcd214d66a3a 70381897a25e4c2c9ae46514f1330ea8 9228e4d90852429fad3ab7743c36dc19 - - default default] HTTP exception thrown: Flavor hotstack.small could not be found.
2026-03-07 20:59:20.121 31 INFO nova.osapi_compute.wsgi.server [None req-1704dcb6-e7e8-4163-9859-bcd214d66a3a 70381897a25e4c2c9ae46514f1330ea8 9228e4d90852429fad3ab7743c36dc19 - - default default] 172.31.0.1,172.31.0.6 "GET /v2.1/flavors/hotstack.small HTTP/1.1" status: 404 len: 506 time: 0.0130663
2026-03-07 20:59:20.156 31 INFO nova.osapi_compute.wsgi.server [None req-1c2f507a-f5c8-472f-9b26-d31476434771 70381897a25e4c2c9ae46514f1330ea8 9228e4d90852429fad3ab7743c36dc19 - - default default] 172.31.0.1,172.31.0.6 "GET /v2.1/flavors HTTP/1.1" status: 200 len: 2737 time: 0.0200984
2026-03-07 20:59:20.178 31 INFO nova.osapi_compute.wsgi.server [None req-e6601dd7-8a54-4a84-8221-c333330f9138 70381897a25e4c2c9ae46514f1330ea8 9228e4d90852429fad3ab7743c36dc19 - - default default] 172.31.0.1,172.31.0.6 "GET /v2.1/flavors/cffaaece-9556-4abf-b621-d1fc56cb5536 HTTP/1.1" status: 200 len: 929 time: 0.0173023
2026-03-07 20:59:20.184 31 INFO nova.osapi_compute.wsgi.server [-] 172.31.0.1,172.31.0.6 "GET /v2.1 HTTP/1.1" status: 200 len: 791 time: 0.0043304
2026-03-07 20:59:20.207 31 INFO nova.osapi_compute.wsgi.server [None req-e1d02a4f-2989-4992-bc82-0a60d29e401a 70381897a25e4c2c9ae46514f1330ea8 9228e4d90852429fad3ab7743c36dc19 - - default default] 172.31.0.1,172.31.0.6 "GET /v2.1/flavors/cffaaece-9556-4abf-b621-d1fc56cb5536 HTTP/1.1" status: 200 len: 929 time: 0.0224333
2026-03-07 20:59:20.219 31 INFO nova.api.openstack.wsgi [None req-9b30db50-f112-4651-9b08-95a0d3fedbf5 70381897a25e4c2c9ae46514f1330ea8 9228e4d90852429fad3ab7743c36dc19 - - default default] HTTP exception thrown: Flavor hotstack.small could not be found.
2026-03-07 20:59:20.220 31 INFO nova.osapi_compute.wsgi.server [None req-9b30db50-f112-4651-9b08-95a0d3fedbf5 70381897a25e4c2c9ae46514f1330ea8 9228e4d90852429fad3ab7743c36dc19 - - default default] 172.31.0.1,172.31.0.6 "GET /v2.1/flavors/hotstack.small HTTP/1.1" status: 404 len: 506 time: 0.0294936
2026-03-07 20:59:20.222 31 INFO nova.osapi_compute.wsgi.server [None req-872c2127-2ca7-46ef-8ac6-c174ff021b75 70381897a25e4c2c9ae46514f1330ea8 9228e4d90852429fad3ab7743c36dc19 - - default default] 172.31.0.1,172.31.0.6 "GET /v2.1/os-keypairs/hotstack-smoke-test HTTP/1.1" status: 200 len: 787 time: 0.0109057
2026-03-07 20:59:20.241 31 INFO nova.osapi_compute.wsgi.server [None req-3a39d7a8-1460-40e5-9b93-006318b4a74c 70381897a25e4c2c9ae46514f1330ea8 9228e4d90852429fad3ab7743c36dc19 - - default default] 172.31.0.1,172.31.0.6 "GET /v2.1/flavors HTTP/1.1" status: 200 len: 2737 time: 0.0151114
2026-03-07 20:59:20.290 31 INFO nova.osapi_compute.wsgi.server [None req-ca9d2f51-e385-4345-96d4-7a0cab263b74 70381897a25e4c2c9ae46514f1330ea8 9228e4d90852429fad3ab7743c36dc19 - - default default] 172.31.0.1,172.31.0.6 "GET /v2.1/flavors/cffaaece-9556-4abf-b621-d1fc56cb5536 HTTP/1.1" status: 200 len: 929 time: 0.0466206
2026-03-07 20:59:20.311 31 INFO nova.osapi_compute.wsgi.server [None req-49a8045a-156a-41c8-8a7a-5dc3c3b12156 70381897a25e4c2c9ae46514f1330ea8 9228e4d90852429fad3ab7743c36dc19 - - default default] 172.31.0.1,172.31.0.6 "GET /v2.1/flavors/cffaaece-9556-4abf-b621-d1fc56cb5536 HTTP/1.1" status: 200 len: 929 time: 0.0153608
2026-03-07 20:59:20.319 31 INFO nova.osapi_compute.wsgi.server [None req-6e14d5b2-df59-4dee-98d6-2bb7681dbf41 70381897a25e4c2c9ae46514f1330ea8 9228e4d90852429fad3ab7743c36dc19 - - default default] 172.31.0.1,172.31.0.6 "GET /v2.1/os-keypairs/hotstack-smoke-test HTTP/1.1" status: 200 len: 787 time: 0.0060163
2026-03-07 20:59:22.833 31 INFO nova.osapi_compute.wsgi.server [None req-97e02dc8-d673-47f9-8103-c3d1acb2b181 70381897a25e4c2c9ae46514f1330ea8 9228e4d90852429fad3ab7743c36dc19 - - default default] 172.31.0.1,172.31.0.6 "POST /v2.1/servers HTTP/1.1" status: 202 len: 896 time: 2.0300083
2026-03-07 20:59:22.835 31 INFO nova.osapi_compute.wsgi.server [None req-f40005f5-2ec9-47d5-b14d-c710df5086cf 70381897a25e4c2c9ae46514f1330ea8 9228e4d90852429fad3ab7743c36dc19 - - default default] 172.31.0.1,172.31.0.6 "POST /v2.1/servers HTTP/1.1" status: 202 len: 896 time: 1.7896638
2026-03-07 20:59:22.927 31 INFO nova.osapi_compute.wsgi.server [None req-4808398f-50e2-4e6f-a6b6-4d791e79ceee 70381897a25e4c2c9ae46514f1330ea8 9228e4d90852429fad3ab7743c36dc19 - - default default] 172.31.0.1,172.31.0.6 "GET /v2.1/servers/7e82bce5-f8bc-45e1-8d3c-77ad2cd96eb6 HTTP/1.1" status: 200 len: 1768 time: 0.0768669
2026-03-07 20:59:22.992 32 INFO nova.metadata.wsgi.server [-] 172.31.0.6 "GET / HTTP/1.0" status: 200 len: 234 time: 0.0008099
2026-03-07 20:59:23.010 31 INFO nova.osapi_compute.wsgi.server [-] 172.31.0.6 "GET / HTTP/1.0" status: 200 len: 500 time: 0.0061710
2026-03-07 20:59:23.071 31 INFO nova.osapi_compute.wsgi.server [None req-0b2b81a6-cbd2-4325-a818-ee588018b00c 70381897a25e4c2c9ae46514f1330ea8 9228e4d90852429fad3ab7743c36dc19 - - default default] 172.31.0.1,172.31.0.6 "GET /v2.1/servers/c4261168-6509-4ef6-8c2c-27ff1a7135f3 HTTP/1.1" status: 200 len: 2224 time: 0.2156842
2026-03-07 20:59:23.980 31 INFO nova.osapi_compute.wsgi.server [None req-8c86e2e3-7602-454c-a403-11ab2b6a399f 70381897a25e4c2c9ae46514f1330ea8 9228e4d90852429fad3ab7743c36dc19 - - default default] 172.31.0.1,172.31.0.6 "GET /v2.1/servers/7e82bce5-f8bc-45e1-8d3c-77ad2cd96eb6 HTTP/1.1" status: 200 len: 1768 time: 0.0489914
2026-03-07 20:59:24.165 31 INFO nova.osapi_compute.wsgi.server [None req-b68093d2-aa76-47c4-a0ba-c58405211784 70381897a25e4c2c9ae46514f1330ea8 9228e4d90852429fad3ab7743c36dc19 - - default default] 172.31.0.1,172.31.0.6 "GET /v2.1/servers/c4261168-6509-4ef6-8c2c-27ff1a7135f3 HTTP/1.1" status: 200 len: 2306 time: 0.0862856
2026-03-07 20:59:25.040 31 INFO nova.osapi_compute.wsgi.server [None req-24a5b7d5-a05c-402a-9bd0-a48f09b821e5 70381897a25e4c2c9ae46514f1330ea8 9228e4d90852429fad3ab7743c36dc19 - - default default] 172.31.0.1,172.31.0.6 "GET /v2.1/servers/7e82bce5-f8bc-45e1-8d3c-77ad2cd96eb6 HTTP/1.1" status: 200 len: 1764 time: 0.0549700
2026-03-07 20:59:25.239 31 INFO nova.osapi_compute.wsgi.server [None req-702f5079-33f4-4592-bfbe-43210cba84b8 70381897a25e4c2c9ae46514f1330ea8 9228e4d90852429fad3ab7743c36dc19 - - default default] 172.31.0.1,172.31.0.6 "GET /v2.1/servers/c4261168-6509-4ef6-8c2c-27ff1a7135f3 HTTP/1.1" status: 200 len: 2298 time: 0.0693738
2026-03-07 20:59:26.100 31 INFO nova.osapi_compute.wsgi.server [None req-c75659a5-a66d-459a-b101-c9e64840f812 70381897a25e4c2c9ae46514f1330ea8 9228e4d90852429fad3ab7743c36dc19 - - default default] 172.31.0.1,172.31.0.6 "GET /v2.1/servers/7e82bce5-f8bc-45e1-8d3c-77ad2cd96eb6 HTTP/1.1" status: 200 len: 1820 time: 0.0548222
2026-03-07 20:59:26.295 31 INFO nova.osapi_compute.wsgi.server [None req-12c48db7-04f2-4007-b4ff-6ac7697024aa 70381897a25e4c2c9ae46514f1330ea8 9228e4d90852429fad3ab7743c36dc19 - - default default] 172.31.0.1,172.31.0.6 "GET /v2.1/servers/c4261168-6509-4ef6-8c2c-27ff1a7135f3 HTTP/1.1" status: 200 len: 2298 time: 0.0525072
2026-03-07 20:59:27.182 31 INFO nova.osapi_compute.wsgi.server [None req-b947d9ca-745d-45e5-bd47-b9fc0c415842 70381897a25e4c2c9ae46514f1330ea8 9228e4d90852429fad3ab7743c36dc19 - - default default] 172.31.0.1,172.31.0.6 "GET /v2.1/servers/7e82bce5-f8bc-45e1-8d3c-77ad2cd96eb6 HTTP/1.1" status: 200 len: 1820 time: 0.0595400
2026-03-07 20:59:27.365 31 INFO nova.osapi_compute.wsgi.server [None req-a3911124-5902-4837-b766-bdb6c5313702 70381897a25e4c2c9ae46514f1330ea8 9228e4d90852429fad3ab7743c36dc19 - - default default] 172.31.0.1,172.31.0.6 "GET /v2.1/servers/c4261168-6509-4ef6-8c2c-27ff1a7135f3 HTTP/1.1" status: 200 len: 2354 time: 0.0657270
2026-03-07 20:59:27.994 32 INFO nova.metadata.wsgi.server [-] 172.31.0.6 "GET / HTTP/1.0" status: 200 len: 234 time: 0.0003612
2026-03-07 20:59:28.020 31 INFO nova.osapi_compute.wsgi.server [-] 172.31.0.6 "GET / HTTP/1.0" status: 200 len: 500 time: 0.0050774
2026-03-07 20:59:28.265 31 INFO nova.osapi_compute.wsgi.server [None req-d498474f-49cf-4fd7-8e56-4b5a73d3c2b0 70381897a25e4c2c9ae46514f1330ea8 9228e4d90852429fad3ab7743c36dc19 - - default default] 172.31.0.1,172.31.0.6 "GET /v2.1/servers/7e82bce5-f8bc-45e1-8d3c-77ad2cd96eb6 HTTP/1.1" status: 200 len: 1828 time: 0.0787008
2026-03-07 20:59:28.423 31 INFO nova.osapi_compute.wsgi.server [None req-6872abab-2b14-49a8-9299-7d5a56404ba1 70381897a25e4c2c9ae46514f1330ea8 9228e4d90852429fad3ab7743c36dc19 - - default default] 172.31.0.1,172.31.0.6 "GET /v2.1/servers/c4261168-6509-4ef6-8c2c-27ff1a7135f3 HTTP/1.1" status: 200 len: 2354 time: 0.0535347
2026-03-07 20:59:29.386 31 INFO nova.osapi_compute.wsgi.server [None req-b8012928-3967-4400-aab4-7b27e21b775e 70381897a25e4c2c9ae46514f1330ea8 9228e4d90852429fad3ab7743c36dc19 - - default default] 172.31.0.1,172.31.0.6 "GET /v2.1/servers/7e82bce5-f8bc-45e1-8d3c-77ad2cd96eb6 HTTP/1.1" status: 200 len: 1838 time: 0.1162169
2026-03-07 20:59:29.491 31 INFO nova.osapi_compute.wsgi.server [None req-949cd117-0d11-4071-9cdd-9e32615bdad8 70381897a25e4c2c9ae46514f1330ea8 9228e4d90852429fad3ab7743c36dc19 - - default default] 172.31.0.1,172.31.0.6 "GET /v2.1/servers/c4261168-6509-4ef6-8c2c-27ff1a7135f3 HTTP/1.1" status: 200 len: 2362 time: 0.0622952
2026-03-07 20:59:29.570 31 INFO nova.api.openstack.compute.server_external_events [req-7b3682d1-af0a-4125-bd72-9c9995a0fec2 req-e1aa5b54-b597-4862-91d2-2029fbb0719d 5259aa3da3b14574bbe51077fc18f9d9 cc617b353e7d436abe77cb32b7a52b2b - - default default] Creating event network-changed:1c68c866-c63a-4d26-a2e1-beec66268a51 for instance 7e82bce5-f8bc-45e1-8d3c-77ad2cd96eb6 on np0005641307.novalocal
2026-03-07 20:59:29.582 31 INFO nova.osapi_compute.wsgi.server [req-7b3682d1-af0a-4125-bd72-9c9995a0fec2 req-e1aa5b54-b597-4862-91d2-2029fbb0719d 5259aa3da3b14574bbe51077fc18f9d9 cc617b353e7d436abe77cb32b7a52b2b - - default default] 172.31.0.1,172.31.0.6 "POST /v2.1/os-server-external-events HTTP/1.1" status: 200 len: 573 time: 0.0695987
2026-03-07 20:59:30.451 31 INFO nova.osapi_compute.wsgi.server [None req-7ee6c61a-c1e3-4ed3-aac9-ae178416eb53 70381897a25e4c2c9ae46514f1330ea8 9228e4d90852429fad3ab7743c36dc19 - - default default] 172.31.0.1,172.31.0.6 "GET /v2.1/servers/7e82bce5-f8bc-45e1-8d3c-77ad2cd96eb6 HTTP/1.1" status: 200 len: 1838 time: 0.0567555
2026-03-07 20:59:30.571 31 INFO nova.osapi_compute.wsgi.server [None req-f951235e-d3d8-416b-929f-9fb723ff6dd1 70381897a25e4c2c9ae46514f1330ea8 9228e4d90852429fad3ab7743c36dc19 - - default default] 172.31.0.1,172.31.0.6 "GET /v2.1/servers/c4261168-6509-4ef6-8c2c-27ff1a7135f3 HTTP/1.1" status: 200 len: 2362 time: 0.0786550
2026-03-07 20:59:30.713 31 INFO nova.api.openstack.compute.server_external_events [req-f500407a-2924-45de-9e96-60c8aa09bf06 req-0e9a23c0-dec4-44b9-8b10-dc226033b816 5259aa3da3b14574bbe51077fc18f9d9 cc617b353e7d436abe77cb32b7a52b2b - - default default] Creating event network-changed:6f325fc8-654c-43d7-a96c-c9c023fc0e35 for instance c4261168-6509-4ef6-8c2c-27ff1a7135f3 on np0005641307.novalocal
2026-03-07 20:59:30.716 31 INFO nova.osapi_compute.wsgi.server [req-f500407a-2924-45de-9e96-60c8aa09bf06 req-0e9a23c0-dec4-44b9-8b10-dc226033b816 5259aa3da3b14574bbe51077fc18f9d9 cc617b353e7d436abe77cb32b7a52b2b - - default default] 172.31.0.1,172.31.0.6 "POST /v2.1/os-server-external-events HTTP/1.1" status: 200 len: 573 time: 0.0262916
2026-03-07 20:59:31.525 31 INFO nova.osapi_compute.wsgi.server [None req-ba9860e9-640e-44dd-9b13-f9d3bba79635 70381897a25e4c2c9ae46514f1330ea8 9228e4d90852429fad3ab7743c36dc19 - - default default] 172.31.0.1,172.31.0.6 "GET /v2.1/servers/7e82bce5-f8bc-45e1-8d3c-77ad2cd96eb6 HTTP/1.1" status: 200 len: 1838 time: 0.0712495
2026-03-07 20:59:31.649 31 INFO nova.osapi_compute.wsgi.server [None req-5dc1405d-4250-4e33-a46a-de65cc38f0a4 70381897a25e4c2c9ae46514f1330ea8 9228e4d90852429fad3ab7743c36dc19 - - default default] 172.31.0.1,172.31.0.6 "GET /v2.1/servers/c4261168-6509-4ef6-8c2c-27ff1a7135f3 HTTP/1.1" status: 200 len: 2372 time: 0.0731521
2026-03-07 20:59:32.645 31 INFO nova.osapi_compute.wsgi.server [None req-8fa6bf6c-46f9-488e-8558-5bd193412740 70381897a25e4c2c9ae46514f1330ea8 9228e4d90852429fad3ab7743c36dc19 - - default default] 172.31.0.1,172.31.0.6 "GET /v2.1/servers/7e82bce5-f8bc-45e1-8d3c-77ad2cd96eb6 HTTP/1.1" status: 200 len: 1838 time: 0.0926547
2026-03-07 20:59:32.718 31 INFO nova.osapi_compute.wsgi.server [None req-6f386026-7d8f-4636-abb5-81d7b881300e 70381897a25e4c2c9ae46514f1330ea8 9228e4d90852429fad3ab7743c36dc19 - - default default] 172.31.0.1,172.31.0.6 "GET /v2.1/servers/c4261168-6509-4ef6-8c2c-27ff1a7135f3 HTTP/1.1" status: 200 len: 2372 time: 0.0653708
2026-03-07 20:59:32.996 32 INFO nova.metadata.wsgi.server [-] 172.31.0.6 "GET / HTTP/1.0" status: 200 len: 234 time: 0.0004017
2026-03-07 20:59:33.025 31 INFO nova.osapi_compute.wsgi.server [-] 172.31.0.6 "GET / HTTP/1.0" status: 200 len: 500 time: 0.0026968
2026-03-07 20:59:33.749 31 INFO nova.osapi_compute.wsgi.server [None req-d9e49479-d359-4fa3-8ae1-405d5dd04f16 70381897a25e4c2c9ae46514f1330ea8 9228e4d90852429fad3ab7743c36dc19 - - default default] 172.31.0.1,172.31.0.6 "GET /v2.1/servers/7e82bce5-f8bc-45e1-8d3c-77ad2cd96eb6 HTTP/1.1" status: 200 len: 1915 time: 0.0995173
2026-03-07 20:59:33.828 31 INFO nova.osapi_compute.wsgi.server [None req-7fdbd869-969f-47ce-854f-8788d1fa927c 70381897a25e4c2c9ae46514f1330ea8 9228e4d90852429fad3ab7743c36dc19 - - default default] 172.31.0.1,172.31.0.6 "GET /v2.1/servers/c4261168-6509-4ef6-8c2c-27ff1a7135f3 HTTP/1.1" status: 200 len: 2372 time: 0.1035376
2026-03-07 20:59:34.845 31 INFO nova.osapi_compute.wsgi.server [None req-3f231f5a-7519-4a56-a0db-398d151f5676 70381897a25e4c2c9ae46514f1330ea8 9228e4d90852429fad3ab7743c36dc19 - - default default] 172.31.0.1,172.31.0.6 "GET /v2.1/servers/7e82bce5-f8bc-45e1-8d3c-77ad2cd96eb6 HTTP/1.1" status: 200 len: 1903 time: 0.0910683
2026-03-07 20:59:34.922 31 INFO nova.osapi_compute.wsgi.server [None req-93ef6700-012d-474a-accb-b8c1d07b73bf 70381897a25e4c2c9ae46514f1330ea8 9228e4d90852429fad3ab7743c36dc19 - - default default] 172.31.0.1,172.31.0.6 "GET /v2.1/servers/c4261168-6509-4ef6-8c2c-27ff1a7135f3 HTTP/1.1" status: 200 len: 2360 time: 0.0896871
2026-03-07 20:59:35.972 31 INFO nova.osapi_compute.wsgi.server [None req-cbdd064a-0742-4380-b716-9df8e68a9577 70381897a25e4c2c9ae46514f1330ea8 9228e4d90852429fad3ab7743c36dc19 - - default default] 172.31.0.1,172.31.0.6 "GET /v2.1/servers/7e82bce5-f8bc-45e1-8d3c-77ad2cd96eb6 HTTP/1.1" status: 200 len: 1903 time: 0.1222146
2026-03-07 20:59:36.005 31 INFO nova.osapi_compute.wsgi.server [None req-5b01d560-dfbe-4941-a692-c038d7a3035a 70381897a25e4c2c9ae46514f1330ea8 9228e4d90852429fad3ab7743c36dc19 - - default default] 172.31.0.1,172.31.0.6 "GET /v2.1/servers/c4261168-6509-4ef6-8c2c-27ff1a7135f3 HTTP/1.1" status: 200 len: 2360 time: 0.0776262
2026-03-07 20:59:37.104 31 INFO nova.osapi_compute.wsgi.server [None req-509a7cb1-d047-4a2b-bf67-d072310d974b 70381897a25e4c2c9ae46514f1330ea8 9228e4d90852429fad3ab7743c36dc19 - - default default] 172.31.0.1,172.31.0.6 "GET /v2.1/servers/c4261168-6509-4ef6-8c2c-27ff1a7135f3 HTTP/1.1" status: 200 len: 2360 time: 0.0942283
2026-03-07 20:59:37.116 31 INFO nova.osapi_compute.wsgi.server [None req-c1839388-8438-419d-8b1f-1c79412bddc2 70381897a25e4c2c9ae46514f1330ea8 9228e4d90852429fad3ab7743c36dc19 - - default default] 172.31.0.1,172.31.0.6 "GET /v2.1/servers/7e82bce5-f8bc-45e1-8d3c-77ad2cd96eb6 HTTP/1.1" status: 200 len: 1903 time: 0.1382682
2026-03-07 20:59:38.000 32 INFO nova.metadata.wsgi.server [-] 172.31.0.6 "GET / HTTP/1.0" status: 200 len: 234 time: 0.0005991
2026-03-07 20:59:38.030 31 INFO nova.osapi_compute.wsgi.server [-] 172.31.0.6 "GET / HTTP/1.0" status: 200 len: 500 time: 0.0025043
2026-03-07 20:59:38.203 31 INFO nova.osapi_compute.wsgi.server [None req-7eb34d86-6ef3-49c8-917b-b03215039ced 70381897a25e4c2c9ae46514f1330ea8 9228e4d90852429fad3ab7743c36dc19 - - default default] 172.31.0.1,172.31.0.6 "GET /v2.1/servers/c4261168-6509-4ef6-8c2c-27ff1a7135f3 HTTP/1.1" status: 200 len: 2360 time: 0.0940850
2026-03-07 20:59:38.231 31 INFO nova.osapi_compute.wsgi.server [None req-a5ebdc7e-a4bc-483e-b101-f01c6ab16fcf 70381897a25e4c2c9ae46514f1330ea8 9228e4d90852429fad3ab7743c36dc19 - - default default] 172.31.0.1,172.31.0.6 "GET /v2.1/servers/7e82bce5-f8bc-45e1-8d3c-77ad2cd96eb6 HTTP/1.1" status: 200 len: 1903 time: 0.1072202
2026-03-07 20:59:39.321 31 INFO nova.osapi_compute.wsgi.server [None req-defd998e-0225-49bd-bde2-7abe3b5502f1 70381897a25e4c2c9ae46514f1330ea8 9228e4d90852429fad3ab7743c36dc19 - - default default] 172.31.0.1,172.31.0.6 "GET /v2.1/servers/c4261168-6509-4ef6-8c2c-27ff1a7135f3 HTTP/1.1" status: 200 len: 2360 time: 0.1093545
2026-03-07 20:59:39.345 31 INFO nova.osapi_compute.wsgi.server [None req-6a4e35ad-b5f3-42d9-a0ce-9cb9fef88b6e 70381897a25e4c2c9ae46514f1330ea8 9228e4d90852429fad3ab7743c36dc19 - - default default] 172.31.0.1,172.31.0.6 "GET /v2.1/servers/7e82bce5-f8bc-45e1-8d3c-77ad2cd96eb6 HTTP/1.1" status: 200 len: 1903 time: 0.0994210
2026-03-07 20:59:39.778 31 INFO nova.api.openstack.compute.server_external_events [req-ba956de6-baae-4fbd-b241-97241c0500d9 req-5b1acee5-648f-4d11-b9a1-569358dbf80e 5259aa3da3b14574bbe51077fc18f9d9 cc617b353e7d436abe77cb32b7a52b2b - - default default] Creating event network-vif-plugged:6f325fc8-654c-43d7-a96c-c9c023fc0e35 for instance c4261168-6509-4ef6-8c2c-27ff1a7135f3 on np0005641307.novalocal
2026-03-07 20:59:39.785 31 INFO nova.osapi_compute.wsgi.server [req-ba956de6-baae-4fbd-b241-97241c0500d9 req-5b1acee5-648f-4d11-b9a1-569358dbf80e 5259aa3da3b14574bbe51077fc18f9d9 cc617b353e7d436abe77cb32b7a52b2b - - default default] 172.31.0.1,172.31.0.6 "POST /v2.1/os-server-external-events HTTP/1.1" status: 200 len: 577 time: 0.0369225
2026-03-07 20:59:39.792 31 INFO nova.api.openstack.compute.server_external_events [req-38e8695d-d390-4669-bcdb-64be60709eb5 req-5faf74e4-c854-4fbe-80f4-b46cde5e0e18 5259aa3da3b14574bbe51077fc18f9d9 cc617b353e7d436abe77cb32b7a52b2b - - default default] Creating event network-vif-plugged:1c68c866-c63a-4d26-a2e1-beec66268a51 for instance 7e82bce5-f8bc-45e1-8d3c-77ad2cd96eb6 on np0005641307.novalocal
2026-03-07 20:59:39.796 31 INFO nova.osapi_compute.wsgi.server [req-38e8695d-d390-4669-bcdb-64be60709eb5 req-5faf74e4-c854-4fbe-80f4-b46cde5e0e18 5259aa3da3b14574bbe51077fc18f9d9 cc617b353e7d436abe77cb32b7a52b2b - - default default] 172.31.0.1,172.31.0.6 "POST /v2.1/os-server-external-events HTTP/1.1" status: 200 len: 577 time: 0.0315108
2026-03-07 20:59:40.413 31 INFO nova.osapi_compute.wsgi.server [None req-4350c835-ffc1-4d67-858b-2e5d7cfb5b01 70381897a25e4c2c9ae46514f1330ea8 9228e4d90852429fad3ab7743c36dc19 - - default default] 172.31.0.1,172.31.0.6 "GET /v2.1/servers/c4261168-6509-4ef6-8c2c-27ff1a7135f3 HTTP/1.1" status: 200 len: 2360 time: 0.0819693
2026-03-07 20:59:40.433 31 INFO nova.osapi_compute.wsgi.server [None req-62891653-5759-4870-9849-ac2b88c7e2a3 70381897a25e4c2c9ae46514f1330ea8 9228e4d90852429fad3ab7743c36dc19 - - default default] 172.31.0.1,172.31.0.6 "GET /v2.1/servers/7e82bce5-f8bc-45e1-8d3c-77ad2cd96eb6 HTTP/1.1" status: 200 len: 1903 time: 0.0829959
2026-03-07 20:59:41.569 31 INFO nova.osapi_compute.wsgi.server [None req-6f84e8e5-d4eb-4675-b41a-b370440a0df0 70381897a25e4c2c9ae46514f1330ea8 9228e4d90852429fad3ab7743c36dc19 - - default default] 172.31.0.1,172.31.0.6 "GET /v2.1/servers/7e82bce5-f8bc-45e1-8d3c-77ad2cd96eb6 HTTP/1.1" status: 200 len: 2203 time: 0.1260254
2026-03-07 20:59:41.588 31 INFO nova.osapi_compute.wsgi.server [None req-5cb00eba-9ad0-4bab-af00-a25c35f2d1b6 70381897a25e4c2c9ae46514f1330ea8 9228e4d90852429fad3ab7743c36dc19 - - default default] 172.31.0.1,172.31.0.6 "GET /v2.1/servers/c4261168-6509-4ef6-8c2c-27ff1a7135f3 HTTP/1.1" status: 200 len: 2842 time: 0.1678729
2026-03-07 20:59:41.699 31 INFO nova.osapi_compute.wsgi.server [None req-44b5f460-1b51-435a-80da-3d77d4b1a682 70381897a25e4c2c9ae46514f1330ea8 9228e4d90852429fad3ab7743c36dc19 - - default default] 172.31.0.1,172.31.0.6 "GET /v2.1/servers/7e82bce5-f8bc-45e1-8d3c-77ad2cd96eb6 HTTP/1.1" status: 200 len: 2203 time: 0.1264184
2026-03-07 20:59:41.703 31 INFO nova.osapi_compute.wsgi.server [None req-beee5ab5-7277-45ae-af04-c5014121c166 70381897a25e4c2c9ae46514f1330ea8 9228e4d90852429fad3ab7743c36dc19 - - default default] 172.31.0.1,172.31.0.6 "GET /v2.1/servers/c4261168-6509-4ef6-8c2c-27ff1a7135f3 HTTP/1.1" status: 200 len: 2842 time: 0.1067681
2026-03-07 20:59:41.775 31 INFO nova.osapi_compute.wsgi.server [None req-a0d4bf2e-91ae-4e6a-a4cd-ca8304d94ac1 70381897a25e4c2c9ae46514f1330ea8 9228e4d90852429fad3ab7743c36dc19 - - default default] 172.31.0.1,172.31.0.6 "GET /v2.1/servers/c4261168-6509-4ef6-8c2c-27ff1a7135f3/os-interface HTTP/1.1" status: 200 len: 699 time: 0.0671802
2026-03-07 20:59:41.811 31 INFO nova.osapi_compute.wsgi.server [None req-f0fb4be0-724c-457d-9733-232f943456a1 70381897a25e4c2c9ae46514f1330ea8 9228e4d90852429fad3ab7743c36dc19 - - default default] 172.31.0.1,172.31.0.6 "GET /v2.1/servers/7e82bce5-f8bc-45e1-8d3c-77ad2cd96eb6/os-interface HTTP/1.1" status: 200 len: 700 time: 0.1078205
2026-03-07 20:59:41.812 31 INFO nova.api.openstack.compute.server_external_events [req-6614709c-4444-4d4c-8848-a5b3dbdea589 req-1320204b-9ec5-4309-ba1a-7a1f6b8de59c 5259aa3da3b14574bbe51077fc18f9d9 cc617b353e7d436abe77cb32b7a52b2b - - default default] Creating event network-vif-plugged:6f325fc8-654c-43d7-a96c-c9c023fc0e35 for instance c4261168-6509-4ef6-8c2c-27ff1a7135f3 on np0005641307.novalocal
2026-03-07 20:59:41.816 31 INFO nova.osapi_compute.wsgi.server [req-6614709c-4444-4d4c-8848-a5b3dbdea589 req-1320204b-9ec5-4309-ba1a-7a1f6b8de59c 5259aa3da3b14574bbe51077fc18f9d9 cc617b353e7d436abe77cb32b7a52b2b - - default default] 172.31.0.1,172.31.0.6 "POST /v2.1/os-server-external-events HTTP/1.1" status: 200 len: 577 time: 0.0250192
2026-03-07 20:59:41.826 31 INFO nova.api.openstack.compute.server_external_events [req-b9d4ecb4-280a-4dc6-bc46-e4b37f59f0bc req-64e4f01f-9706-4d8b-89f8-5408f0bd6275 5259aa3da3b14574bbe51077fc18f9d9 cc617b353e7d436abe77cb32b7a52b2b - - default default] Creating event network-vif-plugged:1c68c866-c63a-4d26-a2e1-beec66268a51 for instance 7e82bce5-f8bc-45e1-8d3c-77ad2cd96eb6 on np0005641307.novalocal
2026-03-07 20:59:41.829 31 INFO nova.osapi_compute.wsgi.server [req-b9d4ecb4-280a-4dc6-bc46-e4b37f59f0bc req-64e4f01f-9706-4d8b-89f8-5408f0bd6275 5259aa3da3b14574bbe51077fc18f9d9 cc617b353e7d436abe77cb32b7a52b2b - - default default] 172.31.0.1,172.31.0.6 "POST /v2.1/os-server-external-events HTTP/1.1" status: 200 len: 577 time: 0.0241263
2026-03-07 20:59:43.004 32 INFO nova.metadata.wsgi.server [-] 172.31.0.6 "GET / HTTP/1.0" status: 200 len: 234 time: 0.0008094
2026-03-07 20:59:43.038 31 INFO nova.osapi_compute.wsgi.server [-] 172.31.0.6 "GET / HTTP/1.0" status: 200 len: 500 time: 0.0048873
2026-03-07 20:59:48.006 32 INFO nova.metadata.wsgi.server [-] 172.31.0.6 "GET / HTTP/1.0" status: 200 len: 234 time: 0.0004873
2026-03-07 20:59:48.048 31 INFO nova.osapi_compute.wsgi.server [-] 172.31.0.6 "GET / HTTP/1.0" status: 200 len: 500 time: 0.0061934
2026-03-07 20:59:53.007 32 INFO nova.metadata.wsgi.server [-] 172.31.0.6 "GET / HTTP/1.0" status: 200 len: 234 time: 0.0003350
2026-03-07 20:59:53.056 31 INFO nova.osapi_compute.wsgi.server [-] 172.31.0.6 "GET / HTTP/1.0" status: 200 len: 500 time: 0.0048168
2026-03-07 20:59:54.172 32 INFO nova.metadata.wsgi.server [None req-f4f4f33e-de39-4803-95d5-9272c9de6f6c - - - - - -] 192.168.200.70,172.31.0.6 "GET /2009-04-04/meta-data/instance-id HTTP/1.1" status: 200 len: 146 time: 0.8235123
2026-03-07 20:59:54.187 32 INFO nova.metadata.wsgi.server [-] 192.168.200.70,172.31.0.6 "GET /2009-04-04/meta-data/public-keys HTTP/1.1" status: 200 len: 157 time: 0.0007746
2026-03-07 20:59:54.196 32 INFO nova.metadata.wsgi.server [-] 192.168.200.70,172.31.0.6 "GET /2009-04-04/meta-data/public-keys/0/openssh-key HTTP/1.1" status: 200 len: 224 time: 0.0005860
2026-03-07 20:59:54.207 32 INFO nova.metadata.wsgi.server [-] 192.168.200.70,172.31.0.6 "GET /2009-04-04/meta-data/instance-id HTTP/1.1" status: 200 len: 146 time: 0.0005085
2026-03-07 20:59:54.218 32 INFO nova.metadata.wsgi.server [-] 192.168.200.70,172.31.0.6 "GET /2009-04-04/meta-data/ami-launch-index HTTP/1.1" status: 200 len: 136 time: 0.0003874
2026-03-07 20:59:54.228 32 INFO nova.metadata.wsgi.server [-] 192.168.200.70,172.31.0.6 "GET /2009-04-04/meta-data/instance-type HTTP/1.1" status: 200 len: 150 time: 0.0008352
2026-03-07 20:59:54.239 32 INFO nova.metadata.wsgi.server [-] 192.168.200.70,172.31.0.6 "GET /2009-04-04/meta-data/local-ipv4 HTTP/1.1" status: 200 len: 150 time: 0.0006921
2026-03-07 20:59:54.249 32 INFO nova.metadata.wsgi.server [-] 192.168.200.70,172.31.0.6 "GET /2009-04-04/meta-data/public-ipv4 HTTP/1.1" status: 200 len: 148 time: 0.0007572
2026-03-07 20:59:54.259 32 INFO nova.metadata.wsgi.server [-] 192.168.200.70,172.31.0.6 "GET /2009-04-04/meta-data/hostname HTTP/1.1" status: 200 len: 188 time: 0.0006793
2026-03-07 20:59:54.268 32 INFO nova.metadata.wsgi.server [-] 192.168.200.70,172.31.0.6 "GET /2009-04-04/meta-data/local-hostname HTTP/1.1" status: 200 len: 188 time: 0.0009341
2026-03-07 20:59:54.278 32 INFO nova.metadata.wsgi.server [-] 192.168.200.70,172.31.0.6 "GET /2009-04-04/user-data HTTP/1.1" status: 200 len: 284 time: 0.0008507
2026-03-07 20:59:54.286 32 INFO nova.metadata.wsgi.server [-] 192.168.200.70,172.31.0.6 "GET /2009-04-04/meta-data/block-device-mapping HTTP/1.1" status: 200 len: 149 time: 0.0010788
2026-03-07 20:59:54.294 32 INFO nova.metadata.wsgi.server [-] 192.168.200.70,172.31.0.6 "GET /2009-04-04/meta-data/block-device-mapping/ami HTTP/1.1" status: 200 len: 138 time: 0.0007374
2026-03-07 20:59:54.302 32 INFO nova.metadata.wsgi.server [-] 192.168.200.70,172.31.0.6 "GET /2009-04-04/meta-data/block-device-mapping/ebs0 HTTP/1.1" status: 200 len: 143 time: 0.0004225
2026-03-07 20:59:54.309 32 INFO nova.metadata.wsgi.server [-] 192.168.200.70,172.31.0.6 "GET /2009-04-04/meta-data/block-device-mapping/root HTTP/1.1" status: 200 len: 143 time: 0.0005207
2026-03-07 20:59:54.317 32 INFO nova.metadata.wsgi.server [-] 192.168.200.70,172.31.0.6 "GET /2009-04-04/meta-data/public-hostname HTTP/1.1" status: 200 len: 188 time: 0.0004230
2026-03-07 20:59:54.330 32 INFO nova.metadata.wsgi.server [-] 192.168.200.70,172.31.0.6 "GET /2009-04-04/meta-data/placement/availability-zone HTTP/1.1" status: 200 len: 139 time: 0.0004423
2026-03-07 20:59:55.719 32 INFO nova.metadata.wsgi.server [None req-038f64cb-c58d-4a4e-bf69-677d1ba61eec - - - - - -] 192.168.200.114,172.31.0.6 "GET /2009-04-04/meta-data/instance-id HTTP/1.1" status: 200 len: 146 time: 0.0804248
2026-03-07 20:59:55.743 32 INFO nova.metadata.wsgi.server [-] 192.168.200.114,172.31.0.6 "GET /2009-04-04/meta-data/public-keys HTTP/1.1" status: 200 len: 157 time: 0.0005090
2026-03-07 20:59:55.757 32 INFO nova.metadata.wsgi.server [-] 192.168.200.114,172.31.0.6 "GET /2009-04-04/meta-data/public-keys/0/openssh-key HTTP/1.1" status: 200 len: 224 time: 0.0006025
2026-03-07 20:59:55.770 32 INFO nova.metadata.wsgi.server [-] 192.168.200.114,172.31.0.6 "GET /2009-04-04/meta-data/instance-id HTTP/1.1" status: 200 len: 146 time: 0.0004644
2026-03-07 20:59:55.785 32 INFO nova.metadata.wsgi.server [-] 192.168.200.114,172.31.0.6 "GET /2009-04-04/meta-data/ami-launch-index HTTP/1.1" status: 200 len: 136 time: 0.0010321
2026-03-07 20:59:55.798 32 INFO nova.metadata.wsgi.server [-] 192.168.200.114,172.31.0.6 "GET /2009-04-04/meta-data/instance-type HTTP/1.1" status: 200 len: 150 time: 0.0007901
2026-03-07 20:59:55.813 32 INFO nova.metadata.wsgi.server [-] 192.168.200.114,172.31.0.6 "GET /2009-04-04/meta-data/local-ipv4 HTTP/1.1" status: 200 len: 151 time: 0.0009155
2026-03-07 20:59:55.826 32 INFO nova.metadata.wsgi.server [-] 192.168.200.114,172.31.0.6 "GET /2009-04-04/meta-data/public-ipv4 HTTP/1.1" status: 200 len: 148 time: 0.0009098
2026-03-07 20:59:55.839 32 INFO nova.metadata.wsgi.server [-] 192.168.200.114,172.31.0.6 "GET /2009-04-04/meta-data/hostname HTTP/1.1" status: 200 len: 188 time: 0.0006580
2026-03-07 20:59:55.849 32 INFO nova.metadata.wsgi.server [-] 192.168.200.114,172.31.0.6 "GET /2009-04-04/meta-data/local-hostname HTTP/1.1" status: 200 len: 188 time: 0.0003724
2026-03-07 20:59:55.861 32 INFO nova.metadata.wsgi.server [-] 192.168.200.114,172.31.0.6 "GET /2009-04-04/user-data HTTP/1.1" status: 200 len: 284 time: 0.0006154
2026-03-07 20:59:55.872 32 INFO nova.metadata.wsgi.server [-] 192.168.200.114,172.31.0.6 "GET /2009-04-04/meta-data/block-device-mapping HTTP/1.1" status: 200 len: 149 time: 0.0006287
2026-03-07 20:59:55.882 32 INFO nova.metadata.wsgi.server [-] 192.168.200.114,172.31.0.6 "GET /2009-04-04/meta-data/block-device-mapping/ami HTTP/1.1" status: 200 len: 138 time: 0.0008912
2026-03-07 20:59:55.891 32 INFO nova.metadata.wsgi.server [-] 192.168.200.114,172.31.0.6 "GET /2009-04-04/meta-data/block-device-mapping/ebs0 HTTP/1.1" status: 200 len: 143 time: 0.0006769
2026-03-07 20:59:55.901 32 INFO nova.metadata.wsgi.server [-] 192.168.200.114,172.31.0.6 "GET /2009-04-04/meta-data/block-device-mapping/root HTTP/1.1" status: 200 len: 143 time: 0.0012660
2026-03-07 20:59:55.912 32 INFO nova.metadata.wsgi.server [-] 192.168.200.114,172.31.0.6 "GET /2009-04-04/meta-data/public-hostname HTTP/1.1" status: 200 len: 188 time: 0.0006902
2026-03-07 20:59:55.923 32 INFO nova.metadata.wsgi.server [-] 192.168.200.114,172.31.0.6 "GET /2009-04-04/meta-data/placement/availability-zone HTTP/1.1" status: 200 len: 139 time: 0.0006523
2026-03-07 20:59:58.010 32 INFO nova.metadata.wsgi.server [-] 172.31.0.6 "GET / HTTP/1.0" status: 200 len: 234 time: 0.0006201
2026-03-07 20:59:58.066 31 INFO nova.osapi_compute.wsgi.server [-] 172.31.0.6 "GET / HTTP/1.0" status: 200 len: 500 time: 0.0066764
2026-03-07 21:00:03.012 32 INFO nova.metadata.wsgi.server [-] 172.31.0.6 "GET / HTTP/1.0" status: 200 len: 234 time: 0.0012081
2026-03-07 21:00:03.078 31 INFO nova.osapi_compute.wsgi.server [-] 172.31.0.6 "GET / HTTP/1.0" status: 200 len: 500 time: 0.0050709
2026-03-07 21:00:08.015 32 INFO nova.metadata.wsgi.server [-] 172.31.0.6 "GET / HTTP/1.0" status: 200 len: 234 time: 0.0007784
2026-03-07 21:00:08.091 31 INFO nova.osapi_compute.wsgi.server [-] 172.31.0.6 "GET / HTTP/1.0" status: 200 len: 500 time: 0.0093646
2026-03-07 21:00:13.016 32 INFO nova.metadata.wsgi.server [-] 172.31.0.6 "GET / HTTP/1.0" status: 200 len: 234 time: 0.0007422
2026-03-07 21:00:13.100 31 INFO nova.osapi_compute.wsgi.server [-] 172.31.0.6 "GET / HTTP/1.0" status: 200 len: 500 time: 0.0035915
2026-03-07 21:00:18.019 32 INFO nova.metadata.wsgi.server [-] 172.31.0.6 "GET / HTTP/1.0" status: 200 len: 234 time: 0.0005927
2026-03-07 21:00:18.108 31 INFO nova.osapi_compute.wsgi.server [-] 172.31.0.6 "GET / HTTP/1.0" status: 200 len: 500 time: 0.0057602
2026-03-07 21:00:19.468 31 INFO nova.osapi_compute.wsgi.server [-] 172.31.0.1,172.31.0.6 "GET /v2.1 HTTP/1.1" status: 200 len: 791 time: 0.0051632
2026-03-07 21:00:19.582 31 INFO nova.osapi_compute.wsgi.server [None req-846016df-94f7-4606-93d3-4cc0cd43b980 70381897a25e4c2c9ae46514f1330ea8 9228e4d90852429fad3ab7743c36dc19 - - default default] 172.31.0.1,172.31.0.6 "DELETE /v2.1/servers/c4261168-6509-4ef6-8c2c-27ff1a7135f3 HTTP/1.1" status: 204 len: 404 time: 0.1118605
2026-03-07 21:00:19.667 31 INFO nova.osapi_compute.wsgi.server [None req-d0a5e4b1-ac41-45f3-a29b-7c968a7ac205 70381897a25e4c2c9ae46514f1330ea8 9228e4d90852429fad3ab7743c36dc19 - - default default] 172.31.0.1,172.31.0.6 "GET /v2.1/servers/c4261168-6509-4ef6-8c2c-27ff1a7135f3 HTTP/1.1" status: 200 len: 2848 time: 0.0821657
2026-03-07 21:00:20.757 31 INFO nova.osapi_compute.wsgi.server [None req-23c22300-cf2d-479e-ad8e-ec29fd471de7 70381897a25e4c2c9ae46514f1330ea8 9228e4d90852429fad3ab7743c36dc19 - - default default] 172.31.0.1,172.31.0.6 "GET /v2.1/servers/c4261168-6509-4ef6-8c2c-27ff1a7135f3 HTTP/1.1" status: 200 len: 2848 time: 0.0851531
2026-03-07 21:00:20.776 31 INFO nova.api.openstack.compute.server_external_events [req-fe17cfc5-a7fa-407d-aad2-c2eb2c74e9d1 req-b56174c7-e848-473c-a48b-cc07f1471206 5259aa3da3b14574bbe51077fc18f9d9 cc617b353e7d436abe77cb32b7a52b2b - - default default] Creating event network-vif-unplugged:6f325fc8-654c-43d7-a96c-c9c023fc0e35 for instance c4261168-6509-4ef6-8c2c-27ff1a7135f3 on np0005641307.novalocal
2026-03-07 21:00:20.779 31 INFO nova.osapi_compute.wsgi.server [req-fe17cfc5-a7fa-407d-aad2-c2eb2c74e9d1 req-b56174c7-e848-473c-a48b-cc07f1471206 5259aa3da3b14574bbe51077fc18f9d9 cc617b353e7d436abe77cb32b7a52b2b - - default default] 172.31.0.1,172.31.0.6 "POST /v2.1/os-server-external-events HTTP/1.1" status: 200 len: 579 time: 0.0213857
2026-03-07 21:00:21.755 31 INFO nova.api.openstack.compute.server_external_events [req-94c03437-9b1f-46ca-b92e-e6335f7920d2 req-179fd38f-101f-4c07-8427-6528c1403a24 5259aa3da3b14574bbe51077fc18f9d9 cc617b353e7d436abe77cb32b7a52b2b - - default default] Creating event network-changed:6f325fc8-654c-43d7-a96c-c9c023fc0e35 for instance c4261168-6509-4ef6-8c2c-27ff1a7135f3 on np0005641307.novalocal
2026-03-07 21:00:21.759 31 INFO nova.osapi_compute.wsgi.server [req-94c03437-9b1f-46ca-b92e-e6335f7920d2 req-179fd38f-101f-4c07-8427-6528c1403a24 5259aa3da3b14574bbe51077fc18f9d9 cc617b353e7d436abe77cb32b7a52b2b - - default default] 172.31.0.1,172.31.0.6 "POST /v2.1/os-server-external-events HTTP/1.1" status: 200 len: 573 time: 0.0196631
2026-03-07 21:00:21.846 31 INFO nova.osapi_compute.wsgi.server [None req-e148c857-de60-401d-a7a1-73743bd1fba9 70381897a25e4c2c9ae46514f1330ea8 9228e4d90852429fad3ab7743c36dc19 - - default default] 172.31.0.1,172.31.0.6 "GET /v2.1/servers/c4261168-6509-4ef6-8c2c-27ff1a7135f3 HTTP/1.1" status: 200 len: 2848 time: 0.0821364
2026-03-07 21:00:22.479 31 INFO nova.osapi_compute.wsgi.server [-] 172.31.0.1,172.31.0.6 "GET /v2.1 HTTP/1.1" status: 200 len: 791 time: 0.0028794
2026-03-07 21:00:22.539 31 INFO nova.osapi_compute.wsgi.server [None req-f3bc613f-e77d-45a8-a1a3-b280b6d20817 70381897a25e4c2c9ae46514f1330ea8 9228e4d90852429fad3ab7743c36dc19 - - default default] 172.31.0.1,172.31.0.6 "DELETE /v2.1/servers/7e82bce5-f8bc-45e1-8d3c-77ad2cd96eb6 HTTP/1.1" status: 204 len: 404 time: 0.0568233
2026-03-07 21:00:22.628 31 INFO nova.osapi_compute.wsgi.server [None req-61cf02ca-a582-49cf-99b4-d71b0dcedc4d 70381897a25e4c2c9ae46514f1330ea8 9228e4d90852429fad3ab7743c36dc19 - - default default] 172.31.0.1,172.31.0.6 "GET /v2.1/servers/7e82bce5-f8bc-45e1-8d3c-77ad2cd96eb6 HTTP/1.1" status: 200 len: 2209 time: 0.0861011
2026-03-07 21:00:22.801 31 INFO nova.api.openstack.compute.server_external_events [req-da1711a6-220b-46e5-9849-831401f51ac5 req-4bf11fe3-b693-4d55-b46a-f7f42a633244 5259aa3da3b14574bbe51077fc18f9d9 cc617b353e7d436abe77cb32b7a52b2b - - default default] Creating event network-vif-unplugged:6f325fc8-654c-43d7-a96c-c9c023fc0e35 for instance c4261168-6509-4ef6-8c2c-27ff1a7135f3 on np0005641307.novalocal
2026-03-07 21:00:22.808 31 INFO nova.osapi_compute.wsgi.server [req-da1711a6-220b-46e5-9849-831401f51ac5 req-4bf11fe3-b693-4d55-b46a-f7f42a633244 5259aa3da3b14574bbe51077fc18f9d9 cc617b353e7d436abe77cb32b7a52b2b - - default default] 172.31.0.1,172.31.0.6 "POST /v2.1/os-server-external-events HTTP/1.1" status: 200 len: 579 time: 0.0219705
2026-03-07 21:00:22.921 31 INFO nova.osapi_compute.wsgi.server [None req-21b4bae5-c072-42f8-a343-5fe1543c89e0 70381897a25e4c2c9ae46514f1330ea8 9228e4d90852429fad3ab7743c36dc19 - - default default] 172.31.0.1,172.31.0.6 "GET /v2.1/servers/c4261168-6509-4ef6-8c2c-27ff1a7135f3 HTTP/1.1" status: 200 len: 2566 time: 0.0698507
2026-03-07 21:00:23.021 32 INFO nova.metadata.wsgi.server [-] 172.31.0.6 "GET / HTTP/1.0" status: 200 len: 234 time: 0.0004520
2026-03-07 21:00:23.113 31 INFO nova.osapi_compute.wsgi.server [-] 172.31.0.6 "GET / HTTP/1.0" status: 200 len: 500 time: 0.0025995
2026-03-07 21:00:23.722 31 INFO nova.osapi_compute.wsgi.server [None req-52dc6c08-fcf5-4dcd-bd31-8abd80a9ac77 70381897a25e4c2c9ae46514f1330ea8 9228e4d90852429fad3ab7743c36dc19 - - default default] 172.31.0.1,172.31.0.6 "GET /v2.1/servers/7e82bce5-f8bc-45e1-8d3c-77ad2cd96eb6 HTTP/1.1" status: 200 len: 2209 time: 0.0849972
