2026-03-07 20:58:14.447 29 WARNING neutron.plugins.ml2.drivers.ovn.mech_driver.ovsdb.ovn_db_sync [None req-74041faa-95a1-4f0a-93a6-573a16f366f3 - - - - - -] New host np0005641307.novalocal found in OVN SB DB, but not in Neutron. Add its SegmentHostMapping in Neutron
2026-03-07 20:58:14.929 29 INFO neutron.plugins.ml2.drivers.ovn.mech_driver.ovsdb.extensions.qos [None req-74041faa-95a1-4f0a-93a6-573a16f366f3 - - - - - -] Starting OVNClientQosExtension
2026-03-07 20:58:14.941 29 INFO neutron.plugins.ml2.drivers.ovn.mech_driver.ovsdb.extensions.qos [None req-74041faa-95a1-4f0a-93a6-573a16f366f3 - - - - - -] Starting OVNClientQosExtension
2026-03-07 20:58:16.070 23 INFO neutron.api.wsgi [None req-74041faa-95a1-4f0a-93a6-573a16f366f3 - - - - - -] 172.31.0.6 "GET / HTTP/1.0" status: 200 len: 248 time: 0.0021152
2026-03-07 20:58:21.073 23 INFO neutron.api.wsgi [None req-74041faa-95a1-4f0a-93a6-573a16f366f3 - - - - - -] 172.31.0.6 "GET / HTTP/1.0" status: 200 len: 248 time: 0.0013666
2026-03-07 20:58:26.081 23 INFO neutron.api.wsgi [None req-74041faa-95a1-4f0a-93a6-573a16f366f3 - - - - - -] 172.31.0.6 "GET / HTTP/1.0" status: 200 len: 248 time: 0.0020525
2026-03-07 20:58:31.089 23 INFO neutron.api.wsgi [None req-74041faa-95a1-4f0a-93a6-573a16f366f3 - - - - - -] 172.31.0.6 "GET / HTTP/1.0" status: 200 len: 248 time: 0.0014992
2026-03-07 20:58:36.098 23 INFO neutron.api.wsgi [None req-74041faa-95a1-4f0a-93a6-573a16f366f3 - - - - - -] 172.31.0.6 "GET / HTTP/1.0" status: 200 len: 248 time: 0.0020950
2026-03-07 20:58:41.106 23 INFO neutron.api.wsgi [None req-74041faa-95a1-4f0a-93a6-573a16f366f3 - - - - - -] 172.31.0.6 "GET / HTTP/1.0" status: 200 len: 248 time: 0.0011077
2026-03-07 20:58:46.115 24 INFO neutron.api.wsgi [None req-74041faa-95a1-4f0a-93a6-573a16f366f3 - - - - - -] 172.31.0.6 "GET / HTTP/1.0" status: 200 len: 248 time: 0.0020740
2026-03-07 20:58:51.122 24 INFO neutron.api.wsgi [None req-74041faa-95a1-4f0a-93a6-573a16f366f3 - - - - - -] 172.31.0.6 "GET / HTTP/1.0" status: 200 len: 248 time: 0.0021980
2026-03-07 20:58:56.131 24 INFO neutron.api.wsgi [None req-74041faa-95a1-4f0a-93a6-573a16f366f3 - - - - - -] 172.31.0.6 "GET / HTTP/1.0" status: 200 len: 248 time: 0.0017998
2026-03-07 20:59:01.140 24 INFO neutron.api.wsgi [None req-74041faa-95a1-4f0a-93a6-573a16f366f3 - - - - - -] 172.31.0.6 "GET / HTTP/1.0" status: 200 len: 248 time: 0.0021546
2026-03-07 20:59:06.147 23 INFO neutron.api.wsgi [None req-74041faa-95a1-4f0a-93a6-573a16f366f3 - - - - - -] 172.31.0.6 "GET / HTTP/1.0" status: 200 len: 248 time: 0.0016427
2026-03-07 20:59:11.155 23 INFO neutron.api.wsgi [None req-74041faa-95a1-4f0a-93a6-573a16f366f3 - - - - - -] 172.31.0.6 "GET / HTTP/1.0" status: 200 len: 248 time: 0.0012176
2026-03-07 20:59:12.589 24 INFO neutron.api.wsgi [None req-f0a81b01-7f12-448b-9cd9-7d464a313737 70381897a25e4c2c9ae46514f1330ea8 9228e4d90852429fad3ab7743c36dc19 - - default default] 172.31.0.1,172.31.0.6 "GET /v2.0/extensions HTTP/1.1" status: 200 len: 14724 time: 0.0908496
2026-03-07 20:59:12.599 24 INFO neutron.api.wsgi [None req-7dcc1994-b37d-4a12-a90e-3fe4bb0a03be 70381897a25e4c2c9ae46514f1330ea8 9228e4d90852429fad3ab7743c36dc19 - - default default] 172.31.0.1,172.31.0.6 "GET /v2.0/extensions HTTP/1.1" status: 200 len: 14724 time: 0.0049367
2026-03-07 20:59:12.606 24 INFO neutron.api.wsgi [None req-61e9641a-c662-4c45-8989-4c94791ee56c 70381897a25e4c2c9ae46514f1330ea8 9228e4d90852429fad3ab7743c36dc19 - - default default] 172.31.0.1,172.31.0.6 "GET /v2.0/extensions HTTP/1.1" status: 200 len: 14724 time: 0.0035470
2026-03-07 20:59:12.815 23 INFO neutron.api.wsgi [None req-e0ef1664-4cbc-461b-b5c0-cc1c35ed642f 70381897a25e4c2c9ae46514f1330ea8 9228e4d90852429fad3ab7743c36dc19 - - default default] 172.31.0.1,172.31.0.6 "GET /v2.0/networks?name=public&fields=id HTTP/1.1" status: 200 len: 253 time: 0.2049732
2026-03-07 20:59:13.551 23 INFO neutron.api.wsgi [None req-15de000f-02b8-4978-87df-226bc517826c 70381897a25e4c2c9ae46514f1330ea8 9228e4d90852429fad3ab7743c36dc19 - - default default] 172.31.0.1,172.31.0.6 "GET /v2.0/networks?name=public&fields=id HTTP/1.1" status: 200 len: 253 time: 0.0302129
2026-03-07 20:59:14.521 24 INFO neutron.pecan_wsgi.hooks.translation [None req-b66d09f8-0018-4428-a499-a6283b8d8adc 70381897a25e4c2c9ae46514f1330ea8 9228e4d90852429fad3ab7743c36dc19 - - default default] GET failed (client error): The resource could not be found.
2026-03-07 20:59:14.523 24 INFO neutron.api.wsgi [None req-b66d09f8-0018-4428-a499-a6283b8d8adc 70381897a25e4c2c9ae46514f1330ea8 9228e4d90852429fad3ab7743c36dc19 - - default default] 172.31.0.1,172.31.0.6 "GET /v2.0/networks/test-net HTTP/1.1" status: 404 len: 311 time: 0.0331256
2026-03-07 20:59:14.540 24 INFO neutron.pecan_wsgi.hooks.translation [None req-e6914aeb-ba62-488e-bec9-414a72ad9a05 70381897a25e4c2c9ae46514f1330ea8 9228e4d90852429fad3ab7743c36dc19 - - default default] GET failed (client error): The resource could not be found.
2026-03-07 20:59:14.541 24 INFO neutron.api.wsgi [None req-e6914aeb-ba62-488e-bec9-414a72ad9a05 70381897a25e4c2c9ae46514f1330ea8 9228e4d90852429fad3ab7743c36dc19 - - default default] 172.31.0.1,172.31.0.6 "GET /v2.0/networks/test-net HTTP/1.1" status: 404 len: 311 time: 0.0127885
2026-03-07 20:59:16.160 23 INFO neutron.api.wsgi [None req-15de000f-02b8-4978-87df-226bc517826c 70381897a25e4c2c9ae46514f1330ea8 9228e4d90852429fad3ab7743c36dc19 - - default default] 172.31.0.6 "GET / HTTP/1.0" status: 200 len: 248 time: 0.0021560
2026-03-07 20:59:16.924 24 INFO neutron.api.wsgi [None req-ef527d17-d993-4fc9-aa3e-9768f532f87c 70381897a25e4c2c9ae46514f1330ea8 9228e4d90852429fad3ab7743c36dc19 - - default default] 172.31.0.1,172.31.0.6 "GET /v2.0/networks?name=public&fields=id HTTP/1.1" status: 200 len: 253 time: 0.1359346
2026-03-07 20:59:17.495 23 WARNING neutron.scheduler.dhcp_agent_scheduler [None req-f347b777-1f02-45a3-8984-b498ede1ebf4 70381897a25e4c2c9ae46514f1330ea8 9228e4d90852429fad3ab7743c36dc19 - - default default] No more DHCP agents
2026-03-07 20:59:17.495 23 WARNING neutron.api.rpc.agentnotifiers.dhcp_rpc_agent_api [None req-f347b777-1f02-45a3-8984-b498ede1ebf4 70381897a25e4c2c9ae46514f1330ea8 9228e4d90852429fad3ab7743c36dc19 - - default default] Unable to schedule network 7ff91907-7f6c-4e2a-809e-58b3b1b8cc39: no agents available; will retry on subsequent port and subnet creation events.
2026-03-07 20:59:17.606 24 INFO neutron.plugins.ml2.drivers.ovn.mech_driver.mech_driver [None req-ef527d17-d993-4fc9-aa3e-9768f532f87c 70381897a25e4c2c9ae46514f1330ea8 9228e4d90852429fad3ab7743c36dc19 - - default default] OVN reports status down for port: fcd482ab-b2a9-45cd-9ec7-cb36aee0196d
2026-03-07 20:59:17.641 23 INFO neutron.db.ovn_revision_numbers_db [None req-f347b777-1f02-45a3-8984-b498ede1ebf4 70381897a25e4c2c9ae46514f1330ea8 9228e4d90852429fad3ab7743c36dc19 - - default default] Successfully bumped revision number for resource fcd482ab-b2a9-45cd-9ec7-cb36aee0196d (type: ports) to 1
2026-03-07 20:59:17.885 23 INFO neutron.plugins.ml2.drivers.ovn.mech_driver.ovsdb.extensions.qos [None req-f347b777-1f02-45a3-8984-b498ede1ebf4 70381897a25e4c2c9ae46514f1330ea8 9228e4d90852429fad3ab7743c36dc19 - - default default] Starting OVNClientQosExtension
2026-03-07 20:59:17.885 24 INFO neutron.db.segments_db [None req-acb8215b-73f4-45a3-9dfa-11c046277d36 70381897a25e4c2c9ae46514f1330ea8 9228e4d90852429fad3ab7743c36dc19 - - default default] Added segment f028c374-c80d-465b-aa2f-ea03e4294130 of type geneve for network 0d916264-00bc-49d2-91f0-074c75a3a921
2026-03-07 20:59:18.077 24 INFO neutron.db.ovn_revision_numbers_db [None req-acb8215b-73f4-45a3-9dfa-11c046277d36 70381897a25e4c2c9ae46514f1330ea8 9228e4d90852429fad3ab7743c36dc19 - - default default] Successfully bumped revision number for resource 0d916264-00bc-49d2-91f0-074c75a3a921 (type: networks) to 1
2026-03-07 20:59:18.185 23 INFO neutron.plugins.ml2.drivers.ovn.mech_driver.ovsdb.commands [None req-f347b777-1f02-45a3-8984-b498ede1ebf4 70381897a25e4c2c9ae46514f1330ea8 9228e4d90852429fad3ab7743c36dc19 - - default default] Schedule LRP lrp-fcd482ab-b2a9-45cd-9ec7-cb36aee0196d on gateway np0005641307.novalocal with priority 1
2026-03-07 20:59:18.222 23 INFO neutron.plugins.ml2.drivers.ovn.mech_driver.ovsdb.ovsdb_monitor [None req-f347b777-1f02-45a3-8984-b498ede1ebf4 70381897a25e4c2c9ae46514f1330ea8 9228e4d90852429fad3ab7743c36dc19 - - default default] Router 573c60ad-9b61-4733-9923-f11ab885f215 is bound to host np0005641307.novalocal
2026-03-07 20:59:18.237 24 INFO neutron.plugins.ml2.drivers.ovn.mech_driver.mech_driver [None req-acb8215b-73f4-45a3-9dfa-11c046277d36 70381897a25e4c2c9ae46514f1330ea8 9228e4d90852429fad3ab7743c36dc19 - - default default] OVN reports status up for port: fcd482ab-b2a9-45cd-9ec7-cb36aee0196d
2026-03-07 20:59:18.249 24 INFO neutron.plugins.ml2.plugin [None req-acb8215b-73f4-45a3-9dfa-11c046277d36 70381897a25e4c2c9ae46514f1330ea8 9228e4d90852429fad3ab7743c36dc19 - - default default] Attempt 1 to provision port fcd482ab-b2a9-45cd-9ec7-cb36aee0196d
2026-03-07 20:59:18.260 23 INFO neutron.db.ovn_revision_numbers_db [None req-f347b777-1f02-45a3-8984-b498ede1ebf4 70381897a25e4c2c9ae46514f1330ea8 9228e4d90852429fad3ab7743c36dc19 - - default default] Successfully bumped revision number for resource fcd482ab-b2a9-45cd-9ec7-cb36aee0196d (type: router_ports) to 1
2026-03-07 20:59:18.327 24 WARNING neutron.scheduler.dhcp_agent_scheduler [None req-acb8215b-73f4-45a3-9dfa-11c046277d36 70381897a25e4c2c9ae46514f1330ea8 9228e4d90852429fad3ab7743c36dc19 - - default default] No more DHCP agents
2026-03-07 20:59:18.328 24 WARNING neutron.api.rpc.agentnotifiers.dhcp_rpc_agent_api [None req-acb8215b-73f4-45a3-9dfa-11c046277d36 70381897a25e4c2c9ae46514f1330ea8 9228e4d90852429fad3ab7743c36dc19 - - default default] Unable to schedule network 0d916264-00bc-49d2-91f0-074c75a3a921: no agents available; will retry on subsequent port and subnet creation events.
2026-03-07 20:59:18.362 23 INFO neutron.db.ovn_revision_numbers_db [None req-f347b777-1f02-45a3-8984-b498ede1ebf4 70381897a25e4c2c9ae46514f1330ea8 9228e4d90852429fad3ab7743c36dc19 - - default default] Successfully bumped revision number for resource 573c60ad-9b61-4733-9923-f11ab885f215 (type: routers) to 2
2026-03-07 20:59:18.386 24 INFO neutron.db.ovn_revision_numbers_db [None req-acb8215b-73f4-45a3-9dfa-11c046277d36 70381897a25e4c2c9ae46514f1330ea8 9228e4d90852429fad3ab7743c36dc19 - - default default] Successfully bumped revision number for resource 7bd07fc6-652f-4f67-bb22-3164b62f6093 (type: ports) to 1
2026-03-07 20:59:18.386 23 INFO neutron.api.wsgi [None req-f347b777-1f02-45a3-8984-b498ede1ebf4 70381897a25e4c2c9ae46514f1330ea8 9228e4d90852429fad3ab7743c36dc19 - - default default] 172.31.0.1,172.31.0.6 "POST /v2.0/routers HTTP/1.1" status: 201 len: 1140 time: 1.4578631
2026-03-07 20:59:18.403 24 INFO neutron.api.wsgi [None req-acb8215b-73f4-45a3-9dfa-11c046277d36 70381897a25e4c2c9ae46514f1330ea8 9228e4d90852429fad3ab7743c36dc19 - - default default] 172.31.0.1,172.31.0.6 "POST /v2.0/networks HTTP/1.1" status: 201 len: 803 time: 0.6159124
2026-03-07 20:59:18.431 24 INFO neutron.api.wsgi [None req-52714f7c-a332-49fb-b375-b2aa3d920ead 70381897a25e4c2c9ae46514f1330ea8 9228e4d90852429fad3ab7743c36dc19 - - default default] 172.31.0.1,172.31.0.6 "GET /v2.0/networks/0d916264-00bc-49d2-91f0-074c75a3a921 HTTP/1.1" status: 200 len: 779 time: 0.0180097
2026-03-07 20:59:18.469 23 INFO neutron.api.wsgi [None req-6dcd4568-71fb-444d-a186-11aec9b42c73 70381897a25e4c2c9ae46514f1330ea8 9228e4d90852429fad3ab7743c36dc19 - - default default] 172.31.0.1,172.31.0.6 "GET /v2.0/routers/573c60ad-9b61-4733-9923-f11ab885f215 HTTP/1.1" status: 200 len: 1135 time: 0.0716801
2026-03-07 20:59:18.526 24 INFO neutron.api.wsgi [None req-713dd3e9-2fa9-49cc-85ab-f70dfbaddfdb 70381897a25e4c2c9ae46514f1330ea8 9228e4d90852429fad3ab7743c36dc19 - - default default] 172.31.0.1,172.31.0.6 "GET /v2.0/networks?id=0d916264-00bc-49d2-91f0-074c75a3a921&fields=id HTTP/1.1" status: 200 len: 253 time: 0.0240300
2026-03-07 20:59:18.543 24 INFO neutron.api.wsgi [None req-7bbeffbe-46e0-4bfd-b9a0-851a832a3c63 70381897a25e4c2c9ae46514f1330ea8 9228e4d90852429fad3ab7743c36dc19 - - default default] 172.31.0.1,172.31.0.6 "GET /v2.0/networks?id=0d916264-00bc-49d2-91f0-074c75a3a921&fields=id HTTP/1.1" status: 200 len: 253 time: 0.0145941
2026-03-07 20:59:18.693 24 WARNING neutron.scheduler.dhcp_agent_scheduler [None req-c30ca45d-441f-4088-87f0-666659721ece 70381897a25e4c2c9ae46514f1330ea8 9228e4d90852429fad3ab7743c36dc19 - - default default] No more DHCP agents
2026-03-07 20:59:18.693 24 WARNING neutron.api.rpc.agentnotifiers.dhcp_rpc_agent_api [None req-c30ca45d-441f-4088-87f0-666659721ece 70381897a25e4c2c9ae46514f1330ea8 9228e4d90852429fad3ab7743c36dc19 - - default default] Unable to schedule network 0d916264-00bc-49d2-91f0-074c75a3a921: no agents available; will retry on subsequent port and subnet creation events.
2026-03-07 20:59:18.723 23 INFO neutron.db.ovn_revision_numbers_db [None req-50a4288e-30c9-4d4b-b72d-16c71a6f57a6 - - - - - -] Successfully bumped revision number for resource fcd482ab-b2a9-45cd-9ec7-cb36aee0196d (type: ports) to 4
2026-03-07 20:59:18.892 24 INFO neutron.db.segments_db [None req-ec433c0c-8759-4fe3-a8e4-5cb72a74a3d8 70381897a25e4c2c9ae46514f1330ea8 9228e4d90852429fad3ab7743c36dc19 - - default default] Added segment 55846b35-b9bb-4631-b47e-11e0d3c882a5 of type geneve for network c7d1a5aa-b63b-4a97-991d-1070cbadb3d5
2026-03-07 20:59:18.929 23 INFO neutron.db.ovn_revision_numbers_db [None req-50a4288e-30c9-4d4b-b72d-16c71a6f57a6 - - - - - -] Successfully bumped revision number for resource fcd482ab-b2a9-45cd-9ec7-cb36aee0196d (type: ports) to 5
2026-03-07 20:59:19.041 24 INFO neutron.db.ovn_revision_numbers_db [None req-ec433c0c-8759-4fe3-a8e4-5cb72a74a3d8 70381897a25e4c2c9ae46514f1330ea8 9228e4d90852429fad3ab7743c36dc19 - - default default] Successfully bumped revision number for resource c7d1a5aa-b63b-4a97-991d-1070cbadb3d5 (type: networks) to 1
2026-03-07 20:59:19.233 24 INFO neutron.db.ovn_revision_numbers_db [None req-ec433c0c-8759-4fe3-a8e4-5cb72a74a3d8 70381897a25e4c2c9ae46514f1330ea8 9228e4d90852429fad3ab7743c36dc19 - - default default] Successfully bumped revision number for resource 7bd07fc6-652f-4f67-bb22-3164b62f6093 (type: ports) to 2
2026-03-07 20:59:19.265 24 INFO neutron.db.ovn_revision_numbers_db [None req-ec433c0c-8759-4fe3-a8e4-5cb72a74a3d8 70381897a25e4c2c9ae46514f1330ea8 9228e4d90852429fad3ab7743c36dc19 - - default default] Successfully bumped revision number for resource 3e1c6498-1f53-4d72-bf14-cd2143e4b5a7 (type: subnets) to 0
2026-03-07 20:59:19.274 24 WARNING neutron.scheduler.dhcp_agent_scheduler [None req-c30ca45d-441f-4088-87f0-666659721ece 70381897a25e4c2c9ae46514f1330ea8 9228e4d90852429fad3ab7743c36dc19 - - default default] No more DHCP agents
2026-03-07 20:59:19.276 24 INFO neutron.api.wsgi [None req-c30ca45d-441f-4088-87f0-666659721ece 70381897a25e4c2c9ae46514f1330ea8 9228e4d90852429fad3ab7743c36dc19 - - default default] 172.31.0.1,172.31.0.6 "POST /v2.0/subnets HTTP/1.1" status: 201 len: 891 time: 0.7295964
2026-03-07 20:59:19.276 24 WARNING neutron.api.rpc.agentnotifiers.dhcp_rpc_agent_api [None req-c30ca45d-441f-4088-87f0-666659721ece 70381897a25e4c2c9ae46514f1330ea8 9228e4d90852429fad3ab7743c36dc19 - - default default] Unable to schedule network c7d1a5aa-b63b-4a97-991d-1070cbadb3d5: no agents available; will retry on subsequent port and subnet creation events.
2026-03-07 20:59:19.290 23 INFO neutron.plugins.ml2.drivers.ovn.mech_driver.mech_driver [None req-50a4288e-30c9-4d4b-b72d-16c71a6f57a6 - - - - - -] OVN reports status down for port: 7c8a08f6-64f4-4bf9-93a5-0840f66b32b8
2026-03-07 20:59:19.304 24 INFO neutron.db.ovn_revision_numbers_db [None req-c30ca45d-441f-4088-87f0-666659721ece 70381897a25e4c2c9ae46514f1330ea8 9228e4d90852429fad3ab7743c36dc19 - - default default] Successfully bumped revision number for resource 7c8a08f6-64f4-4bf9-93a5-0840f66b32b8 (type: ports) to 1
2026-03-07 20:59:19.320 24 INFO neutron.api.wsgi [None req-ec433c0c-8759-4fe3-a8e4-5cb72a74a3d8 70381897a25e4c2c9ae46514f1330ea8 9228e4d90852429fad3ab7743c36dc19 - - default default] 172.31.0.1,172.31.0.6 "POST /v2.0/networks HTTP/1.1" status: 201 len: 803 time: 0.5347536
2026-03-07 20:59:19.369 24 INFO neutron.api.wsgi [None req-7f73c2c7-c290-4ec9-9e88-af6cb7facf4d 70381897a25e4c2c9ae46514f1330ea8 9228e4d90852429fad3ab7743c36dc19 - - default default] 172.31.0.1,172.31.0.6 "GET /v2.0/networks?id=0d916264-00bc-49d2-91f0-074c75a3a921&fields=id HTTP/1.1" status: 200 len: 253 time: 0.0203977
2026-03-07 20:59:19.400 24 INFO neutron.api.wsgi [None req-a7f57b48-32c9-41ac-9d65-48ee41f7c148 70381897a25e4c2c9ae46514f1330ea8 9228e4d90852429fad3ab7743c36dc19 - - default default] 172.31.0.1,172.31.0.6 "GET /v2.0/networks?id=0d916264-00bc-49d2-91f0-074c75a3a921&fields=id HTTP/1.1" status: 200 len: 253 time: 0.0247920
2026-03-07 20:59:19.401 23 INFO neutron.api.wsgi [None req-56c64046-f7de-42d5-955b-fa433e1dc166 70381897a25e4c2c9ae46514f1330ea8 9228e4d90852429fad3ab7743c36dc19 - - default default] 172.31.0.1,172.31.0.6 "GET /v2.0/networks/c7d1a5aa-b63b-4a97-991d-1070cbadb3d5 HTTP/1.1" status: 200 len: 779 time: 0.0200315
2026-03-07 20:59:19.463 23 INFO neutron.api.wsgi [None req-478c9af9-2a66-47e0-9e35-b9a7cd722190 70381897a25e4c2c9ae46514f1330ea8 9228e4d90852429fad3ab7743c36dc19 - - default default] 172.31.0.1,172.31.0.6 "GET /v2.0/networks?id=0d916264-00bc-49d2-91f0-074c75a3a921&fields=id HTTP/1.1" status: 200 len: 253 time: 0.0468168
2026-03-07 20:59:19.501 24 INFO neutron.api.wsgi [None req-034ae310-4e32-41ca-9459-ce602800d785 70381897a25e4c2c9ae46514f1330ea8 9228e4d90852429fad3ab7743c36dc19 - - default default] 172.31.0.1,172.31.0.6 "GET /v2.0/routers?id=573c60ad-9b61-4733-9923-f11ab885f215&fields=id HTTP/1.1" status: 200 len: 254 time: 0.0911098
2026-03-07 20:59:19.502 23 INFO neutron.api.wsgi [None req-042d5b7a-e953-4873-b5c2-6988bd5af6be 70381897a25e4c2c9ae46514f1330ea8 9228e4d90852429fad3ab7743c36dc19 - - default default] 172.31.0.1,172.31.0.6 "GET /v2.0/networks?id=c7d1a5aa-b63b-4a97-991d-1070cbadb3d5&fields=id HTTP/1.1" status: 200 len: 253 time: 0.0505295
2026-03-07 20:59:19.514 23 INFO neutron.api.wsgi [None req-042d5b7a-e953-4873-b5c2-6988bd5af6be 70381897a25e4c2c9ae46514f1330ea8 9228e4d90852429fad3ab7743c36dc19 - - default default] 172.31.0.1,172.31.0.6 "GET /v2.0/networks?id=0d916264-00bc-49d2-91f0-074c75a3a921&fields=id HTTP/1.1" status: 200 len: 253 time: 0.0480230
2026-03-07 20:59:19.551 24 INFO neutron.api.wsgi [None req-0b85166e-1151-458d-9278-3dc5c1cb40fc 70381897a25e4c2c9ae46514f1330ea8 9228e4d90852429fad3ab7743c36dc19 - - default default] 172.31.0.1,172.31.0.6 "GET /v2.0/networks?id=c7d1a5aa-b63b-4a97-991d-1070cbadb3d5&fields=id HTTP/1.1" status: 200 len: 253 time: 0.0453482
2026-03-07 20:59:19.593 24 INFO neutron.api.wsgi [None req-645982d5-7d45-4cf2-a2d4-22f1280f170a 70381897a25e4c2c9ae46514f1330ea8 9228e4d90852429fad3ab7743c36dc19 - - default default] 172.31.0.1,172.31.0.6 "GET /v2.0/routers?id=573c60ad-9b61-4733-9923-f11ab885f215&fields=id HTTP/1.1" status: 200 len: 254 time: 0.0878780
2026-03-07 20:59:19.633 23 INFO neutron.api.wsgi [None req-8cede7af-e9c0-4221-bcff-97aab9aa6da9 70381897a25e4c2c9ae46514f1330ea8 9228e4d90852429fad3ab7743c36dc19 - - default default] 172.31.0.1,172.31.0.6 "GET /v2.0/subnets?id=3e1c6498-1f53-4d72-bf14-cd2143e4b5a7&fields=id HTTP/1.1" status: 200 len: 252 time: 0.0351632
2026-03-07 20:59:19.659 23 INFO neutron.api.wsgi [None req-37d2e043-96b3-4cb4-b1ea-d9a726186b0a 70381897a25e4c2c9ae46514f1330ea8 9228e4d90852429fad3ab7743c36dc19 - - default default] 172.31.0.1,172.31.0.6 "GET /v2.0/subnets?id=3e1c6498-1f53-4d72-bf14-cd2143e4b5a7&fields=id HTTP/1.1" status: 200 len: 252 time: 0.0201457
2026-03-07 20:59:19.781 24 WARNING neutron.scheduler.dhcp_agent_scheduler [None req-645982d5-7d45-4cf2-a2d4-22f1280f170a 70381897a25e4c2c9ae46514f1330ea8 9228e4d90852429fad3ab7743c36dc19 - - default default] No more DHCP agents
2026-03-07 20:59:19.783 24 WARNING neutron.api.rpc.agentnotifiers.dhcp_rpc_agent_api [None req-645982d5-7d45-4cf2-a2d4-22f1280f170a 70381897a25e4c2c9ae46514f1330ea8 9228e4d90852429fad3ab7743c36dc19 - - default default] Unable to schedule network c7d1a5aa-b63b-4a97-991d-1070cbadb3d5: no agents available; will retry on subsequent port and subnet creation events.
2026-03-07 20:59:19.797 23 WARNING neutron.scheduler.dhcp_agent_scheduler [None req-042d5b7a-e953-4873-b5c2-6988bd5af6be 70381897a25e4c2c9ae46514f1330ea8 9228e4d90852429fad3ab7743c36dc19 - - default default] No more DHCP agents
2026-03-07 20:59:19.798 23 WARNING neutron.api.rpc.agentnotifiers.dhcp_rpc_agent_api [None req-042d5b7a-e953-4873-b5c2-6988bd5af6be 70381897a25e4c2c9ae46514f1330ea8 9228e4d90852429fad3ab7743c36dc19 - - default default] Unable to schedule network 0d916264-00bc-49d2-91f0-074c75a3a921: no agents available; will retry on subsequent port and subnet creation events.
2026-03-07 20:59:19.811 24 INFO neutron.db.ovn_revision_numbers_db [None req-0b85166e-1151-458d-9278-3dc5c1cb40fc 70381897a25e4c2c9ae46514f1330ea8 9228e4d90852429fad3ab7743c36dc19 - - default default] Successfully bumped revision number for resource b8a658f5-5e1b-41fc-81d1-1d19a2e981cf (type: subnets) to 0
2026-03-07 20:59:19.825 24 INFO neutron.api.wsgi [None req-645982d5-7d45-4cf2-a2d4-22f1280f170a 70381897a25e4c2c9ae46514f1330ea8 9228e4d90852429fad3ab7743c36dc19 - - default default] 172.31.0.1,172.31.0.6 "POST /v2.0/subnets HTTP/1.1" status: 201 len: 883 time: 0.2684212
2026-03-07 20:59:19.834 24 WARNING neutron.scheduler.dhcp_agent_scheduler [None req-645982d5-7d45-4cf2-a2d4-22f1280f170a 70381897a25e4c2c9ae46514f1330ea8 9228e4d90852429fad3ab7743c36dc19 - - default default] No more DHCP agents
2026-03-07 20:59:19.836 24 WARNING neutron.api.rpc.agentnotifiers.dhcp_rpc_agent_api [None req-645982d5-7d45-4cf2-a2d4-22f1280f170a 70381897a25e4c2c9ae46514f1330ea8 9228e4d90852429fad3ab7743c36dc19 - - default default] Unable to schedule network 0d916264-00bc-49d2-91f0-074c75a3a921: no agents available; will retry on subsequent port and subnet creation events.
2026-03-07 20:59:19.875 24 INFO neutron.db.ovn_revision_numbers_db [None req-645982d5-7d45-4cf2-a2d4-22f1280f170a 70381897a25e4c2c9ae46514f1330ea8 9228e4d90852429fad3ab7743c36dc19 - - default default] Successfully bumped revision number for resource 6f325fc8-654c-43d7-a96c-c9c023fc0e35 (type: ports) to 1
2026-03-07 20:59:19.876 23 INFO neutron.db.ovn_revision_numbers_db [None req-042d5b7a-e953-4873-b5c2-6988bd5af6be 70381897a25e4c2c9ae46514f1330ea8 9228e4d90852429fad3ab7743c36dc19 - - default default] Successfully bumped revision number for resource 1c68c866-c63a-4d26-a2e1-beec66268a51 (type: ports) to 1
2026-03-07 20:59:19.880 23 INFO neutron.plugins.ml2.drivers.ovn.mech_driver.mech_driver [None req-042d5b7a-e953-4873-b5c2-6988bd5af6be 70381897a25e4c2c9ae46514f1330ea8 9228e4d90852429fad3ab7743c36dc19 - - default default] OVN reports status down for port: 6f325fc8-654c-43d7-a96c-c9c023fc0e35
2026-03-07 20:59:19.888 24 INFO neutron.api.wsgi [None req-0b85166e-1151-458d-9278-3dc5c1cb40fc 70381897a25e4c2c9ae46514f1330ea8 9228e4d90852429fad3ab7743c36dc19 - - default default] 172.31.0.1,172.31.0.6 "POST /v2.0/ports HTTP/1.1" status: 201 len: 906 time: 0.3699410
2026-03-07 20:59:19.906 23 INFO neutron.api.wsgi [None req-042d5b7a-e953-4873-b5c2-6988bd5af6be 70381897a25e4c2c9ae46514f1330ea8 9228e4d90852429fad3ab7743c36dc19 - - default default] 172.31.0.1,172.31.0.6 "POST /v2.0/ports HTTP/1.1" status: 201 len: 907 time: 0.4995556
2026-03-07 20:59:19.943 24 INFO neutron.api.wsgi [None req-de929b48-202e-4ecd-8955-33b11a9fad61 70381897a25e4c2c9ae46514f1330ea8 9228e4d90852429fad3ab7743c36dc19 - - default default] 172.31.0.1,172.31.0.6 "GET /v2.0/ports/6f325fc8-654c-43d7-a96c-c9c023fc0e35 HTTP/1.1" status: 200 len: 901 time: 0.0430105
2026-03-07 20:59:19.948 24 INFO neutron.api.wsgi [None req-de929b48-202e-4ecd-8955-33b11a9fad61 70381897a25e4c2c9ae46514f1330ea8 9228e4d90852429fad3ab7743c36dc19 - - default default] 172.31.0.1,172.31.0.6 "GET /v2.0/networks?id=c7d1a5aa-b63b-4a97-991d-1070cbadb3d5&fields=id HTTP/1.1" status: 200 len: 253 time: 0.0549951
2026-03-07 20:59:19.969 23 INFO neutron.api.wsgi [None req-23f89278-8ef6-4e4f-aba7-5f7338de5ddd 70381897a25e4c2c9ae46514f1330ea8 9228e4d90852429fad3ab7743c36dc19 - - default default] 172.31.0.1,172.31.0.6 "GET /v2.0/ports/1c68c866-c63a-4d26-a2e1-beec66268a51 HTTP/1.1" status: 200 len: 902 time: 0.0497999
2026-03-07 20:59:19.989 24 INFO neutron.api.wsgi [None req-c389d226-c631-47ef-9e58-76cadd8d1cac 70381897a25e4c2c9ae46514f1330ea8 9228e4d90852429fad3ab7743c36dc19 - - default default] 172.31.0.1,172.31.0.6 "GET /v2.0/networks?id=c7d1a5aa-b63b-4a97-991d-1070cbadb3d5&fields=id HTTP/1.1" status: 200 len: 253 time: 0.0370328
2026-03-07 20:59:20.003 24 INFO neutron.api.wsgi [None req-35e6650e-3b84-4a29-b710-4306f14ff163 70381897a25e4c2c9ae46514f1330ea8 9228e4d90852429fad3ab7743c36dc19 - - default default] 172.31.0.1,172.31.0.6 "GET /v2.0/ports/6f325fc8-654c-43d7-a96c-c9c023fc0e35 HTTP/1.1" status: 200 len: 901 time: 0.0335114
2026-03-07 20:59:20.028 24 INFO neutron.api.wsgi [None req-35e6650e-3b84-4a29-b710-4306f14ff163 70381897a25e4c2c9ae46514f1330ea8 9228e4d90852429fad3ab7743c36dc19 - - default default] 172.31.0.1,172.31.0.6 "GET /v2.0/ports/1c68c866-c63a-4d26-a2e1-beec66268a51 HTTP/1.1" status: 200 len: 902 time: 0.0369112
2026-03-07 20:59:20.180 24 WARNING neutron.scheduler.dhcp_agent_scheduler [None req-35e6650e-3b84-4a29-b710-4306f14ff163 70381897a25e4c2c9ae46514f1330ea8 9228e4d90852429fad3ab7743c36dc19 - - default default] No more DHCP agents
2026-03-07 20:59:20.181 24 WARNING neutron.api.rpc.agentnotifiers.dhcp_rpc_agent_api [None req-35e6650e-3b84-4a29-b710-4306f14ff163 70381897a25e4c2c9ae46514f1330ea8 9228e4d90852429fad3ab7743c36dc19 - - default default] Unable to schedule network c7d1a5aa-b63b-4a97-991d-1070cbadb3d5: no agents available; will retry on subsequent port and subnet creation events.
2026-03-07 20:59:20.248 24 INFO neutron.db.ovn_revision_numbers_db [None req-f44d94f1-2589-412a-b47b-ead1ddc5ed97 70381897a25e4c2c9ae46514f1330ea8 9228e4d90852429fad3ab7743c36dc19 - - default default] Successfully bumped revision number for resource 40a52db0-b00a-4bf1-a567-1f0618b531a1 (type: ports) to 1
2026-03-07 20:59:20.263 24 INFO neutron.api.wsgi [None req-f44d94f1-2589-412a-b47b-ead1ddc5ed97 70381897a25e4c2c9ae46514f1330ea8 9228e4d90852429fad3ab7743c36dc19 - - default default] 172.31.0.1,172.31.0.6 "GET /v2.0/ports?id=1c68c866-c63a-4d26-a2e1-beec66268a51&fields=id HTTP/1.1" status: 200 len: 250 time: 0.0371022
2026-03-07 20:59:20.281 24 INFO neutron.api.wsgi [None req-3f22f0d0-b20d-49c6-a668-fc9816074e02 70381897a25e4c2c9ae46514f1330ea8 9228e4d90852429fad3ab7743c36dc19 - - default default] 172.31.0.1,172.31.0.6 "GET /v2.0/ports?id=1c68c866-c63a-4d26-a2e1-beec66268a51&fields=id HTTP/1.1" status: 200 len: 250 time: 0.0147674
2026-03-07 20:59:20.283 23 WARNING neutron.scheduler.dhcp_agent_scheduler [None req-9093ad4a-fc74-4483-9365-c07e946ec0e8 70381897a25e4c2c9ae46514f1330ea8 9228e4d90852429fad3ab7743c36dc19 - - default default] No more DHCP agents
2026-03-07 20:59:20.284 23 WARNING neutron.api.rpc.agentnotifiers.dhcp_rpc_agent_api [None req-9093ad4a-fc74-4483-9365-c07e946ec0e8 70381897a25e4c2c9ae46514f1330ea8 9228e4d90852429fad3ab7743c36dc19 - - default default] Unable to schedule network 0d916264-00bc-49d2-91f0-074c75a3a921: no agents available; will retry on subsequent port and subnet creation events.
2026-03-07 20:59:20.294 24 INFO neutron.api.wsgi [None req-35e6650e-3b84-4a29-b710-4306f14ff163 70381897a25e4c2c9ae46514f1330ea8 9228e4d90852429fad3ab7743c36dc19 - - default default] 172.31.0.1,172.31.0.6 "POST /v2.0/ports HTTP/1.1" status: 201 len: 911 time: 0.2978365
2026-03-07 20:59:20.323 23 INFO neutron.db.ovn_revision_numbers_db [None req-9093ad4a-fc74-4483-9365-c07e946ec0e8 70381897a25e4c2c9ae46514f1330ea8 9228e4d90852429fad3ab7743c36dc19 - - default default] Successfully bumped revision number for resource 141a6e47-454c-49ab-8d13-dfb745ce6649 (type: ports) to 1
2026-03-07 20:59:20.331 24 INFO neutron.api.wsgi [None req-5ffc22d6-8750-4706-979b-e0e0f8aac4ba 70381897a25e4c2c9ae46514f1330ea8 9228e4d90852429fad3ab7743c36dc19 - - default default] 172.31.0.1,172.31.0.6 "GET /v2.0/ports/40a52db0-b00a-4bf1-a567-1f0618b531a1 HTTP/1.1" status: 200 len: 906 time: 0.0209112
2026-03-07 20:59:20.395 23 INFO neutron.api.wsgi [None req-5ccbb36c-a815-458e-b1ee-4f8c0ba89c91 70381897a25e4c2c9ae46514f1330ea8 9228e4d90852429fad3ab7743c36dc19 - - default default] 172.31.0.1,172.31.0.6 "GET /v2.0/ports?id=6f325fc8-654c-43d7-a96c-c9c023fc0e35&fields=id HTTP/1.1" status: 200 len: 250 time: 0.0696001
2026-03-07 20:59:20.410 24 INFO neutron.api.wsgi [None req-89bcd436-4d19-4768-90fb-3c63055c5d97 70381897a25e4c2c9ae46514f1330ea8 9228e4d90852429fad3ab7743c36dc19 - - default default] 172.31.0.1,172.31.0.6 "GET /v2.0/ports?id=1c68c866-c63a-4d26-a2e1-beec66268a51&fields=id HTTP/1.1" status: 200 len: 250 time: 0.0255396
2026-03-07 20:59:20.440 24 INFO neutron.api.wsgi [None req-69ebe411-3ca7-4c4e-9fb3-9879d508e4ed 70381897a25e4c2c9ae46514f1330ea8 9228e4d90852429fad3ab7743c36dc19 - - default default] 172.31.0.1,172.31.0.6 "GET /v2.0/ports?id=1c68c866-c63a-4d26-a2e1-beec66268a51&fields=id HTTP/1.1" status: 200 len: 250 time: 0.0272582
2026-03-07 20:59:20.469 24 INFO neutron.api.wsgi [None req-7463467c-8dd0-41ac-a206-31179413e3ae 70381897a25e4c2c9ae46514f1330ea8 9228e4d90852429fad3ab7743c36dc19 - - default default] 172.31.0.1,172.31.0.6 "GET /v2.0/ports?id=40a52db0-b00a-4bf1-a567-1f0618b531a1&fields=id HTTP/1.1" status: 200 len: 250 time: 0.0231602
2026-03-07 20:59:20.471 24 INFO neutron.plugins.ml2.drivers.ovn.mech_driver.mech_driver [None req-7463467c-8dd0-41ac-a206-31179413e3ae 70381897a25e4c2c9ae46514f1330ea8 9228e4d90852429fad3ab7743c36dc19 - - default default] OVN reports status down for port: 7bd07fc6-652f-4f67-bb22-3164b62f6093
2026-03-07 20:59:20.514 24 INFO neutron.api.wsgi [None req-a6e6cb7c-dd8a-4e9e-886d-11adfc60a290 70381897a25e4c2c9ae46514f1330ea8 9228e4d90852429fad3ab7743c36dc19 - - default default] 172.31.0.1,172.31.0.6 "GET /v2.0/ports?id=40a52db0-b00a-4bf1-a567-1f0618b531a1&fields=id HTTP/1.1" status: 200 len: 250 time: 0.0413296
2026-03-07 20:59:20.520 23 INFO neutron.api.wsgi [None req-1827166b-26cf-4608-8c43-ad29c6de76e0 70381897a25e4c2c9ae46514f1330ea8 9228e4d90852429fad3ab7743c36dc19 - - default default] 172.31.0.1,172.31.0.6 "GET /v2.0/ports?id=6f325fc8-654c-43d7-a96c-c9c023fc0e35&fields=id HTTP/1.1" status: 200 len: 250 time: 0.1225212
2026-03-07 20:59:20.594 24 INFO neutron.plugins.ml2.drivers.ovn.mech_driver.mech_driver [None req-a6e6cb7c-dd8a-4e9e-886d-11adfc60a290 70381897a25e4c2c9ae46514f1330ea8 9228e4d90852429fad3ab7743c36dc19 - - default default] OVN reports status down for port: 1c68c866-c63a-4d26-a2e1-beec66268a51
2026-03-07 20:59:20.624 24 INFO neutron.plugins.ml2.drivers.ovn.mech_driver.mech_driver [None req-a6e6cb7c-dd8a-4e9e-886d-11adfc60a290 70381897a25e4c2c9ae46514f1330ea8 9228e4d90852429fad3ab7743c36dc19 - - default default] OVN reports status down for port: 40a52db0-b00a-4bf1-a567-1f0618b531a1
2026-03-07 20:59:20.654 24 INFO neutron.plugins.ml2.drivers.ovn.mech_driver.mech_driver [None req-a6e6cb7c-dd8a-4e9e-886d-11adfc60a290 70381897a25e4c2c9ae46514f1330ea8 9228e4d90852429fad3ab7743c36dc19 - - default default] OVN reports status down for port: 141a6e47-454c-49ab-8d13-dfb745ce6649
2026-03-07 20:59:21.011 23 INFO neutron.db.ovn_revision_numbers_db [None req-9093ad4a-fc74-4483-9365-c07e946ec0e8 70381897a25e4c2c9ae46514f1330ea8 9228e4d90852429fad3ab7743c36dc19 - - default default] Successfully bumped revision number for resource 40a52db0-b00a-4bf1-a567-1f0618b531a1 (type: ports) to 2
2026-03-07 20:59:21.061 23 INFO neutron.api.wsgi [None req-3bd7eeb5-8732-4eaf-87de-77cb2af7b123 70381897a25e4c2c9ae46514f1330ea8 9228e4d90852429fad3ab7743c36dc19 - - default default] 172.31.0.1,172.31.0.6 "POST /v2.0/trunks HTTP/1.1" status: 201 len: 760 time: 0.5433319
2026-03-07 20:59:21.093 24 INFO neutron.api.wsgi [None req-b29db18f-1355-4cc5-98ac-7bccf25aba7d 70381897a25e4c2c9ae46514f1330ea8 9228e4d90852429fad3ab7743c36dc19 - - default default] 172.31.0.1,172.31.0.6 "GET /v2.0/trunks/5e573ce3-43db-4474-b566-87c586fd4458 HTTP/1.1" status: 200 len: 755 time: 0.0145788
2026-03-07 20:59:21.095 24 INFO neutron.plugins.ml2.drivers.ovn.mech_driver.mech_driver [None req-b29db18f-1355-4cc5-98ac-7bccf25aba7d 70381897a25e4c2c9ae46514f1330ea8 9228e4d90852429fad3ab7743c36dc19 - - default default] OVN reports status up for port: 141a6e47-454c-49ab-8d13-dfb745ce6649
2026-03-07 20:59:21.101 24 INFO neutron.plugins.ml2.plugin [None req-b29db18f-1355-4cc5-98ac-7bccf25aba7d 70381897a25e4c2c9ae46514f1330ea8 9228e4d90852429fad3ab7743c36dc19 - - default default] Attempt 1 to provision port 141a6e47-454c-49ab-8d13-dfb745ce6649
2026-03-07 20:59:21.139 23 WARNING neutron.scheduler.dhcp_agent_scheduler [None req-3bd7eeb5-8732-4eaf-87de-77cb2af7b123 70381897a25e4c2c9ae46514f1330ea8 9228e4d90852429fad3ab7743c36dc19 - - default default] No more DHCP agents
2026-03-07 20:59:21.140 23 WARNING neutron.api.rpc.agentnotifiers.dhcp_rpc_agent_api [None req-3bd7eeb5-8732-4eaf-87de-77cb2af7b123 70381897a25e4c2c9ae46514f1330ea8 9228e4d90852429fad3ab7743c36dc19 - - default default] Unable to schedule network 0d916264-00bc-49d2-91f0-074c75a3a921: no agents available; will retry on subsequent port and subnet creation events.
2026-03-07 20:59:21.165 24 INFO neutron.api.wsgi [None req-b29db18f-1355-4cc5-98ac-7bccf25aba7d 70381897a25e4c2c9ae46514f1330ea8 9228e4d90852429fad3ab7743c36dc19 - - default default] 172.31.0.6 "GET / HTTP/1.0" status: 200 len: 248 time: 0.0015895
2026-03-07 20:59:21.328 24 INFO neutron.db.ovn_revision_numbers_db [None req-b29db18f-1355-4cc5-98ac-7bccf25aba7d 70381897a25e4c2c9ae46514f1330ea8 9228e4d90852429fad3ab7743c36dc19 - - default default] Successfully bumped revision number for resource 141a6e47-454c-49ab-8d13-dfb745ce6649 (type: ports) to 2
2026-03-07 20:59:21.412 23 INFO neutron.db.ovn_revision_numbers_db [None req-3bd7eeb5-8732-4eaf-87de-77cb2af7b123 70381897a25e4c2c9ae46514f1330ea8 9228e4d90852429fad3ab7743c36dc19 - - default default] Successfully bumped revision number for resource 141a6e47-454c-49ab-8d13-dfb745ce6649 (type: router_ports) to 1
2026-03-07 20:59:21.416 23 INFO neutron.api.wsgi [None req-9093ad4a-fc74-4483-9365-c07e946ec0e8 70381897a25e4c2c9ae46514f1330ea8 9228e4d90852429fad3ab7743c36dc19 - - default default] 172.31.0.1,172.31.0.6 "PUT /v2.0/routers/573c60ad-9b61-4733-9923-f11ab885f215/add_router_interface HTTP/1.1" status: 200 len: 503 time: 1.7531552
2026-03-07 20:59:21.521 24 INFO neutron.api.wsgi [None req-9927b767-f970-4d6e-9ad9-5454a9706629 70381897a25e4c2c9ae46514f1330ea8 9228e4d90852429fad3ab7743c36dc19 - - default default] 172.31.0.1,172.31.0.6 "GET /v2.0/networks?name=public&fields=id HTTP/1.1" status: 200 len: 253 time: 0.0399759
2026-03-07 20:59:21.540 23 INFO neutron.api.wsgi [None req-e766cc0f-5470-4a3b-9d5b-c04e7bc704cf 70381897a25e4c2c9ae46514f1330ea8 9228e4d90852429fad3ab7743c36dc19 - - default default] 172.31.0.1,172.31.0.6 "GET /v2.0/networks?name=public&fields=id HTTP/1.1" status: 200 len: 253 time: 0.0476170
2026-03-07 20:59:21.567 24 INFO neutron.api.wsgi [None req-e5a8d1c1-bf6b-4396-b691-70370e35e26b 70381897a25e4c2c9ae46514f1330ea8 9228e4d90852429fad3ab7743c36dc19 - - default default] 172.31.0.1,172.31.0.6 "GET /v2.0/networks?id=7ff91907-7f6c-4e2a-809e-58b3b1b8cc39&fields=id HTTP/1.1" status: 200 len: 253 time: 0.0421546
2026-03-07 20:59:21.580 23 INFO neutron.api.wsgi [None req-db2422ee-8a9c-4c1e-be5d-fa189fb0b993 70381897a25e4c2c9ae46514f1330ea8 9228e4d90852429fad3ab7743c36dc19 - - default default] 172.31.0.1,172.31.0.6 "GET /v2.0/networks?id=7ff91907-7f6c-4e2a-809e-58b3b1b8cc39&fields=id HTTP/1.1" status: 200 len: 253 time: 0.0378621
2026-03-07 20:59:21.597 24 INFO neutron.api.wsgi [None req-b138c1f1-acff-46bd-adbe-ec73a404acc8 70381897a25e4c2c9ae46514f1330ea8 9228e4d90852429fad3ab7743c36dc19 - - default default] 172.31.0.1,172.31.0.6 "GET /v2.0/ports?id=1c68c866-c63a-4d26-a2e1-beec66268a51&fields=id HTTP/1.1" status: 200 len: 250 time: 0.0275979
2026-03-07 20:59:21.606 23 INFO neutron.api.wsgi [None req-e6af191c-23cf-4282-bda6-bd453cf4b845 70381897a25e4c2c9ae46514f1330ea8 9228e4d90852429fad3ab7743c36dc19 - - default default] 172.31.0.1,172.31.0.6 "GET /v2.0/ports?id=6f325fc8-654c-43d7-a96c-c9c023fc0e35&fields=id HTTP/1.1" status: 200 len: 250 time: 0.0230680
2026-03-07 20:59:21.627 24 WARNING keystonemiddleware.auth_token [None req-dcb02b43-23bd-442f-96da-64510709a0db 70381897a25e4c2c9ae46514f1330ea8 9228e4d90852429fad3ab7743c36dc19 - - default default] A valid token was submitted as a service token, but it was not a valid service token. This is incorrect but backwards compatible behaviour. This will be removed in future releases.
2026-03-07 20:59:21.639 23 WARNING keystonemiddleware.auth_token [None req-caa20d26-ba6a-43e1-8dce-fd35abc69291 70381897a25e4c2c9ae46514f1330ea8 9228e4d90852429fad3ab7743c36dc19 - - default default] A valid token was submitted as a service token, but it was not a valid service token. This is incorrect but backwards compatible behaviour. This will be removed in future releases.
2026-03-07 20:59:21.670 23 INFO neutron.api.wsgi [req-f40005f5-2ec9-47d5-b14d-c710df5086cf req-fb12b608-ea70-45d1-8f1f-a30626af8bf3 70381897a25e4c2c9ae46514f1330ea8 9228e4d90852429fad3ab7743c36dc19 - - default default] 172.31.0.1,172.31.0.6 "GET /v2.0/ports/6f325fc8-654c-43d7-a96c-c9c023fc0e35 HTTP/1.1" status: 200 len: 901 time: 0.0313699
2026-03-07 20:59:21.716 24 INFO neutron.api.wsgi [req-97e02dc8-d673-47f9-8103-c3d1acb2b181 req-2a2f5a68-6b84-48b6-b0ea-5a73ad059725 70381897a25e4c2c9ae46514f1330ea8 9228e4d90852429fad3ab7743c36dc19 - - default default] 172.31.0.1,172.31.0.6 "GET /v2.0/ports/1c68c866-c63a-4d26-a2e1-beec66268a51 HTTP/1.1" status: 200 len: 1118 time: 0.0893996
2026-03-07 20:59:21.788 24 WARNING neutron.scheduler.dhcp_agent_scheduler [None req-dcb02b43-23bd-442f-96da-64510709a0db 70381897a25e4c2c9ae46514f1330ea8 9228e4d90852429fad3ab7743c36dc19 - - default default] No more DHCP agents
2026-03-07 20:59:21.789 24 WARNING neutron.api.rpc.agentnotifiers.dhcp_rpc_agent_api [None req-dcb02b43-23bd-442f-96da-64510709a0db 70381897a25e4c2c9ae46514f1330ea8 9228e4d90852429fad3ab7743c36dc19 - - default default] Unable to schedule network 7ff91907-7f6c-4e2a-809e-58b3b1b8cc39: no agents available; will retry on subsequent port and subnet creation events.
2026-03-07 20:59:21.858 23 WARNING neutron.scheduler.dhcp_agent_scheduler [None req-caa20d26-ba6a-43e1-8dce-fd35abc69291 70381897a25e4c2c9ae46514f1330ea8 9228e4d90852429fad3ab7743c36dc19 - - default default] No more DHCP agents
2026-03-07 20:59:21.859 23 WARNING neutron.api.rpc.agentnotifiers.dhcp_rpc_agent_api [None req-caa20d26-ba6a-43e1-8dce-fd35abc69291 70381897a25e4c2c9ae46514f1330ea8 9228e4d90852429fad3ab7743c36dc19 - - default default] Unable to schedule network 7ff91907-7f6c-4e2a-809e-58b3b1b8cc39: no agents available; will retry on subsequent port and subnet creation events.
2026-03-07 20:59:22.333 24 INFO neutron.plugins.ml2.drivers.ovn.mech_driver.ovsdb.extensions.qos [None req-dcb02b43-23bd-442f-96da-64510709a0db 70381897a25e4c2c9ae46514f1330ea8 9228e4d90852429fad3ab7743c36dc19 - - default default] Starting OVNClientQosExtension
2026-03-07 20:59:22.376 23 INFO neutron.db.ovn_revision_numbers_db [None req-caa20d26-ba6a-43e1-8dce-fd35abc69291 70381897a25e4c2c9ae46514f1330ea8 9228e4d90852429fad3ab7743c36dc19 - - default default] Successfully bumped revision number for resource a65633a5-201a-4983-a854-29e64c1efe40 (type: floatingips) to 1
2026-03-07 20:59:22.377 23 INFO neutron.db.l3_db [None req-caa20d26-ba6a-43e1-8dce-fd35abc69291 70381897a25e4c2c9ae46514f1330ea8 9228e4d90852429fad3ab7743c36dc19 - - default default] Floating IP a65633a5-201a-4983-a854-29e64c1efe40 associated. External IP: 172.31.0.159, port: 6f325fc8-654c-43d7-a96c-c9c023fc0e35.
2026-03-07 20:59:22.390 24 INFO neutron.api.wsgi [req-97e02dc8-d673-47f9-8103-c3d1acb2b181 req-3d1998bc-f3dc-4e0b-8d5f-0b3f0eeffdbe 3092a50a47c140eaa43c20b6674e679a cc617b353e7d436abe77cb32b7a52b2b - - default default] 172.31.0.1,172.31.0.6 "GET /v2.0/extensions HTTP/1.1" status: 200 len: 14724 time: 0.3829319
2026-03-07 20:59:22.396 24 INFO neutron.api.wsgi [req-f40005f5-2ec9-47d5-b14d-c710df5086cf req-d4cff006-4388-4b34-9367-161873cd5fb5 3092a50a47c140eaa43c20b6674e679a cc617b353e7d436abe77cb32b7a52b2b - - default default] 172.31.0.1,172.31.0.6 "GET /v2.0/extensions HTTP/1.1" status: 200 len: 14724 time: 0.3899293
2026-03-07 20:59:22.423 23 INFO neutron.api.wsgi [req-f40005f5-2ec9-47d5-b14d-c710df5086cf req-96b547f5-f46f-42bb-b49b-dd9fd1ba91f0 3092a50a47c140eaa43c20b6674e679a cc617b353e7d436abe77cb32b7a52b2b - - default default] 172.31.0.1,172.31.0.6 "GET /v2.0/ports/6f325fc8-654c-43d7-a96c-c9c023fc0e35?fields=binding%3Avnic_type&fields=binding%3Aprofile&fields=network_id&fields=resource_request&fields=numa_affinity_policy&fields=device_profile HTTP/1.1" status: 200 len: 306 time: 0.0206349
2026-03-07 20:59:22.425 23 INFO neutron.api.wsgi [req-f40005f5-2ec9-47d5-b14d-c710df5086cf req-96b547f5-f46f-42bb-b49b-dd9fd1ba91f0 3092a50a47c140eaa43c20b6674e679a cc617b353e7d436abe77cb32b7a52b2b - - default default] 172.31.0.1,172.31.0.6 "POST /v2.0/floatingips HTTP/1.1" status: 201 len: 1031 time: 0.8160543
2026-03-07 20:59:22.447 23 INFO neutron.api.wsgi [req-f40005f5-2ec9-47d5-b14d-c710df5086cf req-29c9bd9e-9ebe-4270-af2f-58984b4ab360 3092a50a47c140eaa43c20b6674e679a cc617b353e7d436abe77cb32b7a52b2b - - default default] 172.31.0.1,172.31.0.6 "GET /v2.0/networks/0d916264-00bc-49d2-91f0-074c75a3a921?fields=segments HTTP/1.1" status: 200 len: 207 time: 0.0206106
2026-03-07 20:59:22.495 23 INFO neutron.api.wsgi [req-f40005f5-2ec9-47d5-b14d-c710df5086cf req-bfe63fda-7f38-4d8a-8dc8-b394ce31709e 3092a50a47c140eaa43c20b6674e679a cc617b353e7d436abe77cb32b7a52b2b - - default default] 172.31.0.1,172.31.0.6 "GET /v2.0/ports/1c68c866-c63a-4d26-a2e1-beec66268a51?fields=binding%3Avnic_type&fields=binding%3Aprofile&fields=network_id&fields=resource_request&fields=numa_affinity_policy&fields=device_profile HTTP/1.1" status: 200 len: 306 time: 0.0999231
2026-03-07 20:59:22.516 23 INFO neutron.api.wsgi [req-f40005f5-2ec9-47d5-b14d-c710df5086cf req-bfe63fda-7f38-4d8a-8dc8-b394ce31709e 3092a50a47c140eaa43c20b6674e679a cc617b353e7d436abe77cb32b7a52b2b - - default default] 172.31.0.1,172.31.0.6 "GET /v2.0/networks/0d916264-00bc-49d2-91f0-074c75a3a921?fields=provider%3Aphysical_network&fields=provider%3Anetwork_type HTTP/1.1" status: 200 len: 272 time: 0.0664079
2026-03-07 20:59:22.536 24 INFO neutron.api.wsgi [req-97e02dc8-d673-47f9-8103-c3d1acb2b181 req-7eeb84e6-2931-4fb1-ace8-fdff16c08923 3092a50a47c140eaa43c20b6674e679a cc617b353e7d436abe77cb32b7a52b2b - - default default] 172.31.0.1,172.31.0.6 "GET /v2.0/networks/0d916264-00bc-49d2-91f0-074c75a3a921?fields=segments HTTP/1.1" status: 200 len: 207 time: 0.0349662
2026-03-07 20:59:22.547 23 INFO neutron.api.wsgi [req-f40005f5-2ec9-47d5-b14d-c710df5086cf req-b3b177cf-9ac1-4adb-a637-eaae297e987b 70381897a25e4c2c9ae46514f1330ea8 9228e4d90852429fad3ab7743c36dc19 - - default default] 172.31.0.1,172.31.0.6 "GET /v2.0/ports/6f325fc8-654c-43d7-a96c-c9c023fc0e35 HTTP/1.1" status: 200 len: 901 time: 0.0263176
2026-03-07 20:59:22.602 24 INFO neutron.api.wsgi [req-97e02dc8-d673-47f9-8103-c3d1acb2b181 req-67940c91-0d56-4216-8af8-d340b2867be9 3092a50a47c140eaa43c20b6674e679a cc617b353e7d436abe77cb32b7a52b2b - - default default] 172.31.0.1,172.31.0.6 "GET /v2.0/networks/0d916264-00bc-49d2-91f0-074c75a3a921?fields=provider%3Aphysical_network&fields=provider%3Anetwork_type HTTP/1.1" status: 200 len: 272 time: 0.0596671
2026-03-07 20:59:22.648 23 INFO neutron.api.wsgi [req-97e02dc8-d673-47f9-8103-c3d1acb2b181 req-f81ede79-1d11-4c96-8297-e2a449821f89 70381897a25e4c2c9ae46514f1330ea8 9228e4d90852429fad3ab7743c36dc19 - - default default] 172.31.0.1,172.31.0.6 "GET /v2.0/ports/1c68c866-c63a-4d26-a2e1-beec66268a51 HTTP/1.1" status: 200 len: 1118 time: 0.0380661
2026-03-07 20:59:22.669 24 INFO neutron.db.ovn_revision_numbers_db [req-97e02dc8-d673-47f9-8103-c3d1acb2b181 req-67940c91-0d56-4216-8af8-d340b2867be9 3092a50a47c140eaa43c20b6674e679a cc617b353e7d436abe77cb32b7a52b2b - - default default] Successfully bumped revision number for resource 89e5b434-1344-4374-ad50-744cd7592b08 (type: floatingips) to 1
2026-03-07 20:59:22.670 24 INFO neutron.db.l3_db [req-97e02dc8-d673-47f9-8103-c3d1acb2b181 req-67940c91-0d56-4216-8af8-d340b2867be9 3092a50a47c140eaa43c20b6674e679a cc617b353e7d436abe77cb32b7a52b2b - - default default] Floating IP 89e5b434-1344-4374-ad50-744cd7592b08 associated. External IP: 172.31.0.193, port: 1c68c866-c63a-4d26-a2e1-beec66268a51.
2026-03-07 20:59:22.712 24 INFO neutron.api.wsgi [None req-dcb02b43-23bd-442f-96da-64510709a0db 70381897a25e4c2c9ae46514f1330ea8 9228e4d90852429fad3ab7743c36dc19 - - default default] 172.31.0.1,172.31.0.6 "POST /v2.0/floatingips HTTP/1.1" status: 201 len: 1032 time: 1.1116815
2026-03-07 20:59:22.905 24 INFO neutron.api.wsgi [req-4808398f-50e2-4e6f-a6b6-4d791e79ceee req-4eb1bc3d-29b6-4ba8-915a-f7c113e9541b 70381897a25e4c2c9ae46514f1330ea8 9228e4d90852429fad3ab7743c36dc19 - - default default] 172.31.0.1,172.31.0.6 "GET /v2.0/ports?device_id=7e82bce5-f8bc-45e1-8d3c-77ad2cd96eb6 HTTP/1.1" status: 200 len: 205 time: 0.0227416
2026-03-07 20:59:23.062 23 INFO neutron.api.wsgi [req-0b2b81a6-cbd2-4325-a818-ee588018b00c req-d3211457-87c0-4817-ad40-ae075a73a0f3 70381897a25e4c2c9ae46514f1330ea8 9228e4d90852429fad3ab7743c36dc19 - - default default] 172.31.0.1,172.31.0.6 "GET /v2.0/ports?device_id=c4261168-6509-4ef6-8c2c-27ff1a7135f3 HTTP/1.1" status: 200 len: 205 time: 0.1705353
2026-03-07 20:59:23.268 24 INFO neutron.api.wsgi [req-f40005f5-2ec9-47d5-b14d-c710df5086cf req-993a390c-a14d-46d1-819e-2501f4937792 70381897a25e4c2c9ae46514f1330ea8 9228e4d90852429fad3ab7743c36dc19 - - default default] 172.31.0.1,172.31.0.6 "GET /v2.0/ports/6f325fc8-654c-43d7-a96c-c9c023fc0e35 HTTP/1.1" status: 200 len: 901 time: 0.0714965
2026-03-07 20:59:23.659 23 INFO neutron.api.wsgi [req-97e02dc8-d673-47f9-8103-c3d1acb2b181 req-5a0f7082-f527-4ef6-992e-5eb22ce6f677 70381897a25e4c2c9ae46514f1330ea8 9228e4d90852429fad3ab7743c36dc19 - - default default] 172.31.0.1,172.31.0.6 "GET /v2.0/ports/1c68c866-c63a-4d26-a2e1-beec66268a51 HTTP/1.1" status: 200 len: 1118 time: 0.4629138
2026-03-07 20:59:23.970 24 INFO neutron.api.wsgi [req-8c86e2e3-7602-454c-a403-11ab2b6a399f req-39d0224e-3274-4b49-a72f-543b0c7d6f02 70381897a25e4c2c9ae46514f1330ea8 9228e4d90852429fad3ab7743c36dc19 - - default default] 172.31.0.1,172.31.0.6 "GET /v2.0/ports?device_id=7e82bce5-f8bc-45e1-8d3c-77ad2cd96eb6 HTTP/1.1" status: 200 len: 205 time: 0.0094540
2026-03-07 20:59:24.134 23 INFO neutron.api.wsgi [None req-fdd3469b-6444-4f9d-bc83-fec19927bd4f 70381897a25e4c2c9ae46514f1330ea8 9228e4d90852429fad3ab7743c36dc19 - - default default] 172.31.0.1,172.31.0.6 "GET /v2.0/floatingips/a65633a5-201a-4983-a854-29e64c1efe40 HTTP/1.1" status: 200 len: 1028 time: 0.0636053
2026-03-07 20:59:24.156 23 INFO neutron.api.wsgi [req-b68093d2-aa76-47c4-a0ba-c58405211784 req-337013a6-5e77-45a7-9c05-07ea49e9c4ed 70381897a25e4c2c9ae46514f1330ea8 9228e4d90852429fad3ab7743c36dc19 - - default default] 172.31.0.1,172.31.0.6 "GET /v2.0/ports?device_id=c4261168-6509-4ef6-8c2c-27ff1a7135f3 HTTP/1.1" status: 200 len: 205 time: 0.0174105
2026-03-07 20:59:24.224 24 INFO neutron.api.wsgi [None req-79f6f08f-7402-492e-b69d-8db9b3333c81 70381897a25e4c2c9ae46514f1330ea8 9228e4d90852429fad3ab7743c36dc19 - - default default] 172.31.0.1,172.31.0.6 "GET /v2.0/floatingips/89e5b434-1344-4374-ad50-744cd7592b08 HTTP/1.1" status: 200 len: 1029 time: 0.0801020
2026-03-07 20:59:25.032 24 INFO neutron.api.wsgi [req-24a5b7d5-a05c-402a-9bd0-a48f09b821e5 req-6ab6fcca-ce62-4e43-ac1d-087b8f87a62c 70381897a25e4c2c9ae46514f1330ea8 9228e4d90852429fad3ab7743c36dc19 - - default default] 172.31.0.1,172.31.0.6 "GET /v2.0/ports?device_id=7e82bce5-f8bc-45e1-8d3c-77ad2cd96eb6 HTTP/1.1" status: 200 len: 205 time: 0.0177855
2026-03-07 20:59:25.228 23 INFO neutron.api.wsgi [req-702f5079-33f4-4592-bfbe-43210cba84b8 req-867cc99c-16b0-4e5c-9ef6-31d4b0c64e79 70381897a25e4c2c9ae46514f1330ea8 9228e4d90852429fad3ab7743c36dc19 - - default default] 172.31.0.1,172.31.0.6 "GET /v2.0/ports?device_id=c4261168-6509-4ef6-8c2c-27ff1a7135f3 HTTP/1.1" status: 200 len: 205 time: 0.0170741
2026-03-07 20:59:26.094 24 INFO neutron.api.wsgi [req-c75659a5-a66d-459a-b101-c9e64840f812 req-9b31c72b-bc74-4cf9-b6ac-77eaa3688f0a 70381897a25e4c2c9ae46514f1330ea8 9228e4d90852429fad3ab7743c36dc19 - - default default] 172.31.0.1,172.31.0.6 "GET /v2.0/ports?device_id=7e82bce5-f8bc-45e1-8d3c-77ad2cd96eb6 HTTP/1.1" status: 200 len: 205 time: 0.0093832
2026-03-07 20:59:26.168 23 INFO neutron.api.wsgi [req-702f5079-33f4-4592-bfbe-43210cba84b8 req-867cc99c-16b0-4e5c-9ef6-31d4b0c64e79 70381897a25e4c2c9ae46514f1330ea8 9228e4d90852429fad3ab7743c36dc19 - - default default] 172.31.0.6 "GET / HTTP/1.0" status: 200 len: 248 time: 0.0014727
2026-03-07 20:59:26.287 23 INFO neutron.api.wsgi [req-12c48db7-04f2-4007-b4ff-6ac7697024aa req-a3c3e60d-2d0c-47eb-a916-18e1b62fad22 70381897a25e4c2c9ae46514f1330ea8 9228e4d90852429fad3ab7743c36dc19 - - default default] 172.31.0.1,172.31.0.6 "GET /v2.0/ports?device_id=c4261168-6509-4ef6-8c2c-27ff1a7135f3 HTTP/1.1" status: 200 len: 205 time: 0.0168688
