2026-03-07 20:59:27.107 24 WARNING neutron.plugins.ml2.drivers.ovn.mech_driver.ovsdb.ovn_client [req-c75659a5-a66d-459a-b101-c9e64840f812 req-9b31c72b-bc74-4cf9-b6ac-77eaa3688f0a 70381897a25e4c2c9ae46514f1330ea8 9228e4d90852429fad3ab7743c36dc19 - - default default] No hosting information found for port 141a6e47-454c-49ab-8d13-dfb745ce6649: RuntimeError: No hosting information found for port 141a6e47-454c-49ab-8d13-dfb745ce6649
2026-03-07 20:59:27.174 23 INFO neutron.api.wsgi [req-b947d9ca-745d-45e5-bd47-b9fc0c415842 req-1999910d-9c29-451d-8d33-8ad0aeeacca7 70381897a25e4c2c9ae46514f1330ea8 9228e4d90852429fad3ab7743c36dc19 - - default default] 172.31.0.1,172.31.0.6 "GET /v2.0/ports?device_id=7e82bce5-f8bc-45e1-8d3c-77ad2cd96eb6 HTTP/1.1" status: 200 len: 205 time: 0.0145221
2026-03-07 20:59:27.182 24 INFO neutron.db.ovn_revision_numbers_db [req-c75659a5-a66d-459a-b101-c9e64840f812 req-9b31c72b-bc74-4cf9-b6ac-77eaa3688f0a 70381897a25e4c2c9ae46514f1330ea8 9228e4d90852429fad3ab7743c36dc19 - - default default] Successfully bumped revision number for resource 141a6e47-454c-49ab-8d13-dfb745ce6649 (type: router_ports) to 2
2026-03-07 20:59:27.357 24 INFO neutron.api.wsgi [req-a3911124-5902-4837-b766-bdb6c5313702 req-811d8338-f783-4c76-8ea6-2c70a2dba702 70381897a25e4c2c9ae46514f1330ea8 9228e4d90852429fad3ab7743c36dc19 - - default default] 172.31.0.1,172.31.0.6 "GET /v2.0/ports?device_id=c4261168-6509-4ef6-8c2c-27ff1a7135f3 HTTP/1.1" status: 200 len: 205 time: 0.0182257
2026-03-07 20:59:28.258 23 INFO neutron.api.wsgi [req-d498474f-49cf-4fd7-8e56-4b5a73d3c2b0 req-77732e27-3dca-41f7-a8cb-86dfd422243d 70381897a25e4c2c9ae46514f1330ea8 9228e4d90852429fad3ab7743c36dc19 - - default default] 172.31.0.1,172.31.0.6 "GET /v2.0/ports?device_id=7e82bce5-f8bc-45e1-8d3c-77ad2cd96eb6 HTTP/1.1" status: 200 len: 205 time: 0.0091698
2026-03-07 20:59:28.409 24 INFO neutron.api.wsgi [req-6872abab-2b14-49a8-9299-7d5a56404ba1 req-864f95c4-603e-487b-b0b6-f8183a85ae2c 70381897a25e4c2c9ae46514f1330ea8 9228e4d90852429fad3ab7743c36dc19 - - default default] 172.31.0.1,172.31.0.6 "GET /v2.0/ports?device_id=c4261168-6509-4ef6-8c2c-27ff1a7135f3 HTTP/1.1" status: 200 len: 205 time: 0.0119176
2026-03-07 20:59:28.466 24 INFO neutron.api.wsgi [req-97e02dc8-d673-47f9-8103-c3d1acb2b181 req-290ac884-14a8-4068-acd1-602c9f0cdd42 3092a50a47c140eaa43c20b6674e679a cc617b353e7d436abe77cb32b7a52b2b - - default default] 172.31.0.129,172.31.0.6 "GET /v2.0/ports/1c68c866-c63a-4d26-a2e1-beec66268a51 HTTP/1.1" status: 200 len: 1215 time: 0.0828748
2026-03-07 20:59:28.492 24 INFO neutron.api.wsgi [req-97e02dc8-d673-47f9-8103-c3d1acb2b181 req-b8ac3f32-aca8-4da0-b012-cb922a8729fd 70381897a25e4c2c9ae46514f1330ea8 9228e4d90852429fad3ab7743c36dc19 - - default default] 172.31.0.129,172.31.0.6 "GET /v2.0/networks?id=0d916264-00bc-49d2-91f0-074c75a3a921 HTTP/1.1" status: 200 len: 820 time: 0.0229576
2026-03-07 20:59:28.508 24 INFO neutron.api.wsgi [req-97e02dc8-d673-47f9-8103-c3d1acb2b181 req-38dd24ff-0477-49d3-a49d-6b7b29d3aa7e 70381897a25e4c2c9ae46514f1330ea8 9228e4d90852429fad3ab7743c36dc19 - - default default] 172.31.0.129,172.31.0.6 "GET /v2.0/extensions HTTP/1.1" status: 200 len: 14724 time: 0.0027440
2026-03-07 20:59:28.917 23 INFO neutron.db.ovn_revision_numbers_db [req-97e02dc8-d673-47f9-8103-c3d1acb2b181 req-3b8b34be-72c9-4f03-8ec0-270ddd0acd6e 3092a50a47c140eaa43c20b6674e679a cc617b353e7d436abe77cb32b7a52b2b - - default default] Successfully bumped revision number for resource 1c68c866-c63a-4d26-a2e1-beec66268a51 (type: ports) to 2
2026-03-07 20:59:29.154 23 INFO neutron.db.ovn_revision_numbers_db [req-97e02dc8-d673-47f9-8103-c3d1acb2b181 req-3b8b34be-72c9-4f03-8ec0-270ddd0acd6e 3092a50a47c140eaa43c20b6674e679a cc617b353e7d436abe77cb32b7a52b2b - - default default] Successfully bumped revision number for resource 1c68c866-c63a-4d26-a2e1-beec66268a51 (type: ports) to 4
2026-03-07 20:59:29.193 23 INFO neutron.api.wsgi [req-97e02dc8-d673-47f9-8103-c3d1acb2b181 req-3b8b34be-72c9-4f03-8ec0-270ddd0acd6e 3092a50a47c140eaa43c20b6674e679a cc617b353e7d436abe77cb32b7a52b2b - - default default] 172.31.0.129,172.31.0.6 "PUT /v2.0/ports/1c68c866-c63a-4d26-a2e1-beec66268a51 HTTP/1.1" status: 200 len: 1396 time: 0.6787038
2026-03-07 20:59:29.379 23 INFO neutron.api.wsgi [req-b8012928-3967-4400-aab4-7b27e21b775e req-5e1232bd-b159-43de-a5c4-3e49629c313b 70381897a25e4c2c9ae46514f1330ea8 9228e4d90852429fad3ab7743c36dc19 - - default default] 172.31.0.1,172.31.0.6 "GET /v2.0/ports?device_id=7e82bce5-f8bc-45e1-8d3c-77ad2cd96eb6 HTTP/1.1" status: 200 len: 1135 time: 0.0501750
2026-03-07 20:59:29.479 23 INFO neutron.api.wsgi [req-949cd117-0d11-4071-9cdd-9e32615bdad8 req-5caaf4d9-a673-4b86-a410-20d87aad9577 70381897a25e4c2c9ae46514f1330ea8 9228e4d90852429fad3ab7743c36dc19 - - default default] 172.31.0.1,172.31.0.6 "GET /v2.0/ports?device_id=c4261168-6509-4ef6-8c2c-27ff1a7135f3 HTTP/1.1" status: 200 len: 205 time: 0.0099936
2026-03-07 20:59:29.583 23 INFO neutron.notifiers.nova [req-949cd117-0d11-4071-9cdd-9e32615bdad8 req-5caaf4d9-a673-4b86-a410-20d87aad9577 70381897a25e4c2c9ae46514f1330ea8 9228e4d90852429fad3ab7743c36dc19 - - default default] Nova event matching ['req-e1aa5b54-b597-4862-91d2-2029fbb0719d'] response: {'name': 'network-changed', 'server_uuid': '7e82bce5-f8bc-45e1-8d3c-77ad2cd96eb6', 'tag': '1c68c866-c63a-4d26-a2e1-beec66268a51', 'status': 'completed', 'code': 200}
2026-03-07 20:59:29.813 24 INFO neutron.api.wsgi [req-f40005f5-2ec9-47d5-b14d-c710df5086cf req-34a8e3a9-5fe3-44c3-9dcb-25b022aa333f 3092a50a47c140eaa43c20b6674e679a cc617b353e7d436abe77cb32b7a52b2b - - default default] 172.31.0.129,172.31.0.6 "GET /v2.0/ports/6f325fc8-654c-43d7-a96c-c9c023fc0e35 HTTP/1.1" status: 200 len: 997 time: 0.0202458
2026-03-07 20:59:29.840 24 INFO neutron.api.wsgi [req-f40005f5-2ec9-47d5-b14d-c710df5086cf req-68d9b270-31f6-439d-89c8-e94ef7a6a805 70381897a25e4c2c9ae46514f1330ea8 9228e4d90852429fad3ab7743c36dc19 - - default default] 172.31.0.129,172.31.0.6 "GET /v2.0/networks?id=0d916264-00bc-49d2-91f0-074c75a3a921 HTTP/1.1" status: 200 len: 820 time: 0.0246847
2026-03-07 20:59:30.029 24 INFO neutron.db.ovn_revision_numbers_db [req-f40005f5-2ec9-47d5-b14d-c710df5086cf req-b677be03-8c2f-41bb-a2b4-4c5079745fa3 3092a50a47c140eaa43c20b6674e679a cc617b353e7d436abe77cb32b7a52b2b - - default default] Successfully bumped revision number for resource 6f325fc8-654c-43d7-a96c-c9c023fc0e35 (type: ports) to 2
2026-03-07 20:59:30.252 24 INFO neutron.api.wsgi [req-7b3682d1-af0a-4125-bd72-9c9995a0fec2 req-02675163-a16f-4254-b2e8-f7f9332609f9 3092a50a47c140eaa43c20b6674e679a cc617b353e7d436abe77cb32b7a52b2b - - default default] 172.31.0.129,172.31.0.6 "GET /v2.0/ports?tenant_id=9228e4d90852429fad3ab7743c36dc19&device_id=7e82bce5-f8bc-45e1-8d3c-77ad2cd96eb6 HTTP/1.1" status: 200 len: 1365 time: 0.1635733
2026-03-07 20:59:30.297 24 INFO neutron.db.ovn_revision_numbers_db [req-7b3682d1-af0a-4125-bd72-9c9995a0fec2 req-02675163-a16f-4254-b2e8-f7f9332609f9 3092a50a47c140eaa43c20b6674e679a cc617b353e7d436abe77cb32b7a52b2b - - default default] Successfully bumped revision number for resource 6f325fc8-654c-43d7-a96c-c9c023fc0e35 (type: ports) to 4
2026-03-07 20:59:30.300 23 INFO neutron.api.wsgi [req-7b3682d1-af0a-4125-bd72-9c9995a0fec2 req-0fec69fe-e58e-49e3-a70b-a4dd6da87560 3092a50a47c140eaa43c20b6674e679a cc617b353e7d436abe77cb32b7a52b2b - - default default] 172.31.0.129,172.31.0.6 "GET /v2.0/networks?tenant_id=9228e4d90852429fad3ab7743c36dc19&shared=False HTTP/1.1" status: 200 len: 1631 time: 0.0448127
2026-03-07 20:59:30.337 24 INFO neutron.api.wsgi [req-f40005f5-2ec9-47d5-b14d-c710df5086cf req-b677be03-8c2f-41bb-a2b4-4c5079745fa3 3092a50a47c140eaa43c20b6674e679a cc617b353e7d436abe77cb32b7a52b2b - - default default] 172.31.0.129,172.31.0.6 "PUT /v2.0/ports/6f325fc8-654c-43d7-a96c-c9c023fc0e35 HTTP/1.1" status: 200 len: 1178 time: 0.4933991
2026-03-07 20:59:30.341 23 INFO neutron.api.wsgi [req-7b3682d1-af0a-4125-bd72-9c9995a0fec2 req-23fb6cda-7fb1-43b5-85ca-8a74930e4c16 3092a50a47c140eaa43c20b6674e679a cc617b353e7d436abe77cb32b7a52b2b - - default default] 172.31.0.129,172.31.0.6 "GET /v2.0/networks?shared=True HTTP/1.1" status: 200 len: 1579 time: 0.0377896
2026-03-07 20:59:30.445 23 INFO neutron.api.wsgi [req-7ee6c61a-c1e3-4ed3-aac9-ae178416eb53 req-3519ade4-6f05-45e6-b42c-6847ddadbd35 70381897a25e4c2c9ae46514f1330ea8 9228e4d90852429fad3ab7743c36dc19 - - default default] 172.31.0.1,172.31.0.6 "GET /v2.0/ports?device_id=7e82bce5-f8bc-45e1-8d3c-77ad2cd96eb6 HTTP/1.1" status: 200 len: 1135 time: 0.0217271
2026-03-07 20:59:30.565 24 INFO neutron.api.wsgi [req-f951235e-d3d8-416b-929f-9fb723ff6dd1 req-80f9db7d-8462-4e81-94df-7b6a0bd21a87 70381897a25e4c2c9ae46514f1330ea8 9228e4d90852429fad3ab7743c36dc19 - - default default] 172.31.0.1,172.31.0.6 "GET /v2.0/ports?device_id=c4261168-6509-4ef6-8c2c-27ff1a7135f3 HTTP/1.1" status: 200 len: 952 time: 0.0500202
2026-03-07 20:59:30.717 24 INFO neutron.notifiers.nova [req-f951235e-d3d8-416b-929f-9fb723ff6dd1 req-80f9db7d-8462-4e81-94df-7b6a0bd21a87 70381897a25e4c2c9ae46514f1330ea8 9228e4d90852429fad3ab7743c36dc19 - - default default] Nova event matching ['req-0e9a23c0-dec4-44b9-8b10-dc226033b816'] response: {'name': 'network-changed', 'server_uuid': 'c4261168-6509-4ef6-8c2c-27ff1a7135f3', 'tag': '6f325fc8-654c-43d7-a96c-c9c023fc0e35', 'status': 'completed', 'code': 200}
2026-03-07 20:59:31.173 24 INFO neutron.api.wsgi [req-f951235e-d3d8-416b-929f-9fb723ff6dd1 req-80f9db7d-8462-4e81-94df-7b6a0bd21a87 70381897a25e4c2c9ae46514f1330ea8 9228e4d90852429fad3ab7743c36dc19 - - default default] 172.31.0.6 "GET / HTTP/1.0" status: 200 len: 248 time: 0.0027385
2026-03-07 20:59:31.294 23 INFO neutron.api.wsgi [req-f500407a-2924-45de-9e96-60c8aa09bf06 req-96f3a73e-9856-4aa0-8038-46b657f93ff8 3092a50a47c140eaa43c20b6674e679a cc617b353e7d436abe77cb32b7a52b2b - - default default] 172.31.0.129,172.31.0.6 "GET /v2.0/ports?tenant_id=9228e4d90852429fad3ab7743c36dc19&device_id=c4261168-6509-4ef6-8c2c-27ff1a7135f3 HTTP/1.1" status: 200 len: 1181 time: 0.0710356
2026-03-07 20:59:31.343 23 INFO neutron.api.wsgi [req-f500407a-2924-45de-9e96-60c8aa09bf06 req-23c9266f-9f00-4dfc-8ad0-abdf36cb6062 3092a50a47c140eaa43c20b6674e679a cc617b353e7d436abe77cb32b7a52b2b - - default default] 172.31.0.129,172.31.0.6 "GET /v2.0/networks?tenant_id=9228e4d90852429fad3ab7743c36dc19&shared=False HTTP/1.1" status: 200 len: 1631 time: 0.0468245
2026-03-07 20:59:31.415 23 INFO neutron.api.wsgi [req-97e02dc8-d673-47f9-8103-c3d1acb2b181 req-34b7f4fa-efb6-4114-8871-8f60ad56c130 3092a50a47c140eaa43c20b6674e679a cc617b353e7d436abe77cb32b7a52b2b - - default default] 172.31.0.129,172.31.0.6 "GET /v2.0/ports?tenant_id=9228e4d90852429fad3ab7743c36dc19&device_id=7e82bce5-f8bc-45e1-8d3c-77ad2cd96eb6 HTTP/1.1" status: 200 len: 1365 time: 0.0632789
2026-03-07 20:59:31.433 23 INFO neutron.api.wsgi [req-97e02dc8-d673-47f9-8103-c3d1acb2b181 req-34b7f4fa-efb6-4114-8871-8f60ad56c130 3092a50a47c140eaa43c20b6674e679a cc617b353e7d436abe77cb32b7a52b2b - - default default] 172.31.0.129,172.31.0.6 "GET /v2.0/networks?shared=True HTTP/1.1" status: 200 len: 1579 time: 0.0817885
2026-03-07 20:59:31.474 24 INFO neutron.api.wsgi [req-97e02dc8-d673-47f9-8103-c3d1acb2b181 req-846a56f4-73c8-4577-8a6a-6dc99a0a838a 3092a50a47c140eaa43c20b6674e679a cc617b353e7d436abe77cb32b7a52b2b - - default default] 172.31.0.129,172.31.0.6 "GET /v2.0/floatingips?fixed_ip_address=192.168.200.114&port_id=1c68c866-c63a-4d26-a2e1-beec66268a51 HTTP/1.1" status: 200 len: 1080 time: 0.0539711
2026-03-07 20:59:31.503 24 INFO neutron.api.wsgi [req-97e02dc8-d673-47f9-8103-c3d1acb2b181 req-d158bff8-1eed-41bd-bea7-140394161125 3092a50a47c140eaa43c20b6674e679a cc617b353e7d436abe77cb32b7a52b2b - - default default] 172.31.0.129,172.31.0.6 "GET /v2.0/subnets?id=3e1c6498-1f53-4d72-bf14-cd2143e4b5a7 HTTP/1.1" status: 200 len: 889 time: 0.0262091
2026-03-07 20:59:31.519 23 INFO neutron.api.wsgi [req-ba9860e9-640e-44dd-9b13-f9d3bba79635 req-adc5c615-a2b1-4b46-977a-567022c58b88 70381897a25e4c2c9ae46514f1330ea8 9228e4d90852429fad3ab7743c36dc19 - - default default] 172.31.0.1,172.31.0.6 "GET /v2.0/ports?device_id=7e82bce5-f8bc-45e1-8d3c-77ad2cd96eb6 HTTP/1.1" status: 200 len: 1135 time: 0.0295579
2026-03-07 20:59:31.529 24 INFO neutron.api.wsgi [req-97e02dc8-d673-47f9-8103-c3d1acb2b181 req-186b0358-efc4-4089-b977-2490a48d1ae6 3092a50a47c140eaa43c20b6674e679a cc617b353e7d436abe77cb32b7a52b2b - - default default] 172.31.0.129,172.31.0.6 "GET /v2.0/ports?network_id=0d916264-00bc-49d2-91f0-074c75a3a921&device_owner=network%3Adhcp HTTP/1.1" status: 200 len: 205 time: 0.0224395
2026-03-07 20:59:31.572 24 INFO neutron.api.wsgi [req-97e02dc8-d673-47f9-8103-c3d1acb2b181 req-9d3a4edd-c1a2-4650-b0e7-a02575007236 3092a50a47c140eaa43c20b6674e679a cc617b353e7d436abe77cb32b7a52b2b - - default default] 172.31.0.129,172.31.0.6 "GET /v2.0/networks/0d916264-00bc-49d2-91f0-074c75a3a921?fields=segments HTTP/1.1" status: 200 len: 207 time: 0.0413833
2026-03-07 20:59:31.616 24 INFO neutron.api.wsgi [req-97e02dc8-d673-47f9-8103-c3d1acb2b181 req-7e113067-7ee7-4dfb-a1a7-b8677b985d01 3092a50a47c140eaa43c20b6674e679a cc617b353e7d436abe77cb32b7a52b2b - - default default] 172.31.0.129,172.31.0.6 "GET /v2.0/networks/0d916264-00bc-49d2-91f0-074c75a3a921?fields=provider%3Aphysical_network&fields=provider%3Anetwork_type HTTP/1.1" status: 200 len: 272 time: 0.0376019
2026-03-07 20:59:31.640 23 INFO neutron.api.wsgi [req-5dc1405d-4250-4e33-a46a-de65cc38f0a4 req-009bc22a-ac28-401f-8510-0e8e94f77dcd 70381897a25e4c2c9ae46514f1330ea8 9228e4d90852429fad3ab7743c36dc19 - - default default] 172.31.0.1,172.31.0.6 "GET /v2.0/ports?device_id=c4261168-6509-4ef6-8c2c-27ff1a7135f3 HTTP/1.1" status: 200 len: 952 time: 0.0342126
2026-03-07 20:59:32.477 24 INFO neutron.api.wsgi [req-f40005f5-2ec9-47d5-b14d-c710df5086cf req-7fce4476-b8e6-474a-9f5a-4f5b0d77dc94 3092a50a47c140eaa43c20b6674e679a cc617b353e7d436abe77cb32b7a52b2b - - default default] 172.31.0.129,172.31.0.6 "GET /v2.0/ports?tenant_id=9228e4d90852429fad3ab7743c36dc19&device_id=c4261168-6509-4ef6-8c2c-27ff1a7135f3 HTTP/1.1" status: 200 len: 1181 time: 0.0355682
2026-03-07 20:59:32.537 23 INFO neutron.api.wsgi [req-f40005f5-2ec9-47d5-b14d-c710df5086cf req-20d98087-58ac-46e4-8acb-41b8060e3017 3092a50a47c140eaa43c20b6674e679a cc617b353e7d436abe77cb32b7a52b2b - - default default] 172.31.0.129,172.31.0.6 "GET /v2.0/floatingips?fixed_ip_address=192.168.200.70&port_id=6f325fc8-654c-43d7-a96c-c9c023fc0e35 HTTP/1.1" status: 200 len: 1079 time: 0.0545366
2026-03-07 20:59:32.572 23 INFO neutron.api.wsgi [req-f40005f5-2ec9-47d5-b14d-c710df5086cf req-3861544d-8e2b-4d25-b945-319cde55c8c8 3092a50a47c140eaa43c20b6674e679a cc617b353e7d436abe77cb32b7a52b2b - - default default] 172.31.0.129,172.31.0.6 "GET /v2.0/subnets?id=3e1c6498-1f53-4d72-bf14-cd2143e4b5a7 HTTP/1.1" status: 200 len: 889 time: 0.0311811
2026-03-07 20:59:32.598 24 INFO neutron.api.wsgi [req-f40005f5-2ec9-47d5-b14d-c710df5086cf req-052fef8a-da8e-40a1-98d0-a5ae2f8b7751 3092a50a47c140eaa43c20b6674e679a cc617b353e7d436abe77cb32b7a52b2b - - default default] 172.31.0.129,172.31.0.6 "GET /v2.0/ports?network_id=0d916264-00bc-49d2-91f0-074c75a3a921&device_owner=network%3Adhcp HTTP/1.1" status: 200 len: 205 time: 0.0179136
2026-03-07 20:59:32.634 23 INFO neutron.api.wsgi [req-8fa6bf6c-46f9-488e-8558-5bd193412740 req-4ed71a6b-6ab4-4675-a756-3a28f8807e66 70381897a25e4c2c9ae46514f1330ea8 9228e4d90852429fad3ab7743c36dc19 - - default default] 172.31.0.1,172.31.0.6 "GET /v2.0/ports?device_id=7e82bce5-f8bc-45e1-8d3c-77ad2cd96eb6 HTTP/1.1" status: 200 len: 1135 time: 0.0402603
2026-03-07 20:59:32.645 24 INFO neutron.api.wsgi [req-f40005f5-2ec9-47d5-b14d-c710df5086cf req-1d7faf21-6111-4a08-9889-2347611959e0 3092a50a47c140eaa43c20b6674e679a cc617b353e7d436abe77cb32b7a52b2b - - default default] 172.31.0.129,172.31.0.6 "GET /v2.0/networks/0d916264-00bc-49d2-91f0-074c75a3a921?fields=segments HTTP/1.1" status: 200 len: 207 time: 0.0441554
2026-03-07 20:59:32.677 24 INFO neutron.api.wsgi [req-f40005f5-2ec9-47d5-b14d-c710df5086cf req-b7e10d1f-9fea-4238-9c4a-463be765892a 3092a50a47c140eaa43c20b6674e679a cc617b353e7d436abe77cb32b7a52b2b - - default default] 172.31.0.129,172.31.0.6 "GET /v2.0/networks/0d916264-00bc-49d2-91f0-074c75a3a921?fields=provider%3Aphysical_network&fields=provider%3Anetwork_type HTTP/1.1" status: 200 len: 272 time: 0.0288832
2026-03-07 20:59:32.711 23 INFO neutron.api.wsgi [req-6f386026-7d8f-4636-abb5-81d7b881300e req-59a89277-2dba-458d-a30d-a190249cd4fb 70381897a25e4c2c9ae46514f1330ea8 9228e4d90852429fad3ab7743c36dc19 - - default default] 172.31.0.1,172.31.0.6 "GET /v2.0/ports?device_id=c4261168-6509-4ef6-8c2c-27ff1a7135f3 HTTP/1.1" status: 200 len: 952 time: 0.0231249
2026-03-07 20:59:33.730 23 INFO neutron.api.wsgi [req-d9e49479-d359-4fa3-8ae1-405d5dd04f16 req-49569df9-e31b-4888-97ee-9d71162d9f4b 70381897a25e4c2c9ae46514f1330ea8 9228e4d90852429fad3ab7743c36dc19 - - default default] 172.31.0.1,172.31.0.6 "GET /v2.0/ports?device_id=7e82bce5-f8bc-45e1-8d3c-77ad2cd96eb6 HTTP/1.1" status: 200 len: 1135 time: 0.0387754
2026-03-07 20:59:33.820 23 INFO neutron.api.wsgi [req-7fdbd869-969f-47ce-854f-8788d1fa927c req-20e68ca0-fa64-4e14-94d3-38b5d3cf83c2 70381897a25e4c2c9ae46514f1330ea8 9228e4d90852429fad3ab7743c36dc19 - - default default] 172.31.0.1,172.31.0.6 "GET /v2.0/ports?device_id=c4261168-6509-4ef6-8c2c-27ff1a7135f3 HTTP/1.1" status: 200 len: 952 time: 0.0356603
2026-03-07 20:59:34.827 24 INFO neutron.api.wsgi [req-3f231f5a-7519-4a56-a0db-398d151f5676 req-b5e16361-8cd5-4d5a-948c-76e74e59598f 70381897a25e4c2c9ae46514f1330ea8 9228e4d90852429fad3ab7743c36dc19 - - default default] 172.31.0.1,172.31.0.6 "GET /v2.0/ports?device_id=7e82bce5-f8bc-45e1-8d3c-77ad2cd96eb6 HTTP/1.1" status: 200 len: 1135 time: 0.0408099
2026-03-07 20:59:34.911 24 INFO neutron.api.wsgi [req-93ef6700-012d-474a-accb-b8c1d07b73bf req-ce1001ca-1a12-4cc0-a765-cca874b679b7 70381897a25e4c2c9ae46514f1330ea8 9228e4d90852429fad3ab7743c36dc19 - - default default] 172.31.0.1,172.31.0.6 "GET /v2.0/ports?device_id=c4261168-6509-4ef6-8c2c-27ff1a7135f3 HTTP/1.1" status: 200 len: 952 time: 0.0364401
2026-03-07 20:59:35.963 23 INFO neutron.api.wsgi [req-cbdd064a-0742-4380-b716-9df8e68a9577 req-5bd7ca53-072a-4842-9e5b-fbfd6f8e4a08 70381897a25e4c2c9ae46514f1330ea8 9228e4d90852429fad3ab7743c36dc19 - - default default] 172.31.0.1,172.31.0.6 "GET /v2.0/ports?device_id=7e82bce5-f8bc-45e1-8d3c-77ad2cd96eb6 HTTP/1.1" status: 200 len: 1135 time: 0.0721819
2026-03-07 20:59:35.999 23 INFO neutron.api.wsgi [req-5b01d560-dfbe-4941-a692-c038d7a3035a req-288e2ddd-6ce3-47b5-81c3-0798d3679eee 70381897a25e4c2c9ae46514f1330ea8 9228e4d90852429fad3ab7743c36dc19 - - default default] 172.31.0.1,172.31.0.6 "GET /v2.0/ports?device_id=c4261168-6509-4ef6-8c2c-27ff1a7135f3 HTTP/1.1" status: 200 len: 952 time: 0.0235133
2026-03-07 20:59:36.179 23 INFO neutron.api.wsgi [req-5b01d560-dfbe-4941-a692-c038d7a3035a req-288e2ddd-6ce3-47b5-81c3-0798d3679eee 70381897a25e4c2c9ae46514f1330ea8 9228e4d90852429fad3ab7743c36dc19 - - default default] 172.31.0.6 "GET / HTTP/1.0" status: 200 len: 248 time: 0.0019758
2026-03-07 20:59:37.094 23 INFO neutron.api.wsgi [req-509a7cb1-d047-4a2b-bf67-d072310d974b req-4ae4a71c-0a79-44af-9672-6d51075bc9cf 70381897a25e4c2c9ae46514f1330ea8 9228e4d90852429fad3ab7743c36dc19 - - default default] 172.31.0.1,172.31.0.6 "GET /v2.0/ports?device_id=c4261168-6509-4ef6-8c2c-27ff1a7135f3 HTTP/1.1" status: 200 len: 952 time: 0.0359390
2026-03-07 20:59:37.105 24 INFO neutron.api.wsgi [req-c1839388-8438-419d-8b1f-1c79412bddc2 req-db14d402-95bd-46ee-a80c-82969b207739 70381897a25e4c2c9ae46514f1330ea8 9228e4d90852429fad3ab7743c36dc19 - - default default] 172.31.0.1,172.31.0.6 "GET /v2.0/ports?device_id=7e82bce5-f8bc-45e1-8d3c-77ad2cd96eb6 HTTP/1.1" status: 200 len: 1135 time: 0.0639181
2026-03-07 20:59:38.197 23 INFO neutron.api.wsgi [req-7eb34d86-6ef3-49c8-917b-b03215039ced req-b19e678a-bf4f-406a-9168-e4535db02e8d 70381897a25e4c2c9ae46514f1330ea8 9228e4d90852429fad3ab7743c36dc19 - - default default] 172.31.0.1,172.31.0.6 "GET /v2.0/ports?device_id=c4261168-6509-4ef6-8c2c-27ff1a7135f3 HTTP/1.1" status: 200 len: 952 time: 0.0239422
2026-03-07 20:59:38.223 24 INFO neutron.api.wsgi [req-a5ebdc7e-a4bc-483e-b101-f01c6ab16fcf req-0bf7e005-b6f0-4d36-8a5a-98a609adf3cd 70381897a25e4c2c9ae46514f1330ea8 9228e4d90852429fad3ab7743c36dc19 - - default default] 172.31.0.1,172.31.0.6 "GET /v2.0/ports?device_id=7e82bce5-f8bc-45e1-8d3c-77ad2cd96eb6 HTTP/1.1" status: 200 len: 1135 time: 0.0404775
2026-03-07 20:59:39.310 24 INFO neutron.api.wsgi [req-defd998e-0225-49bd-bde2-7abe3b5502f1 req-a4e236e7-e085-4e75-86a6-880d09207e39 70381897a25e4c2c9ae46514f1330ea8 9228e4d90852429fad3ab7743c36dc19 - - default default] 172.31.0.1,172.31.0.6 "GET /v2.0/ports?device_id=c4261168-6509-4ef6-8c2c-27ff1a7135f3 HTTP/1.1" status: 200 len: 952 time: 0.0414126
2026-03-07 20:59:39.334 23 INFO neutron.api.wsgi [req-6a4e35ad-b5f3-42d9-a0ce-9cb9fef88b6e req-5c948b7f-859d-4df8-ab58-c0ba496b6435 70381897a25e4c2c9ae46514f1330ea8 9228e4d90852429fad3ab7743c36dc19 - - default default] 172.31.0.1,172.31.0.6 "GET /v2.0/ports?device_id=7e82bce5-f8bc-45e1-8d3c-77ad2cd96eb6 HTTP/1.1" status: 200 len: 1135 time: 0.0293353
2026-03-07 20:59:39.639 23 INFO neutron.plugins.ml2.drivers.ovn.mech_driver.mech_driver [req-6a4e35ad-b5f3-42d9-a0ce-9cb9fef88b6e req-5c948b7f-859d-4df8-ab58-c0ba496b6435 70381897a25e4c2c9ae46514f1330ea8 9228e4d90852429fad3ab7743c36dc19 - - default default] OVN reports status up for port: 6f325fc8-654c-43d7-a96c-c9c023fc0e35
2026-03-07 20:59:39.648 24 INFO neutron.plugins.ml2.drivers.ovn.mech_driver.mech_driver [req-defd998e-0225-49bd-bde2-7abe3b5502f1 req-a4e236e7-e085-4e75-86a6-880d09207e39 70381897a25e4c2c9ae46514f1330ea8 9228e4d90852429fad3ab7743c36dc19 - - default default] OVN reports status up for port: 1c68c866-c63a-4d26-a2e1-beec66268a51
2026-03-07 20:59:39.653 23 INFO neutron.plugins.ml2.plugin [req-6a4e35ad-b5f3-42d9-a0ce-9cb9fef88b6e req-5c948b7f-859d-4df8-ab58-c0ba496b6435 70381897a25e4c2c9ae46514f1330ea8 9228e4d90852429fad3ab7743c36dc19 - - default default] Attempt 1 to provision port 6f325fc8-654c-43d7-a96c-c9c023fc0e35
2026-03-07 20:59:39.658 24 INFO neutron.plugins.ml2.plugin [req-defd998e-0225-49bd-bde2-7abe3b5502f1 req-a4e236e7-e085-4e75-86a6-880d09207e39 70381897a25e4c2c9ae46514f1330ea8 9228e4d90852429fad3ab7743c36dc19 - - default default] Attempt 1 to provision port 1c68c866-c63a-4d26-a2e1-beec66268a51
2026-03-07 20:59:39.786 23 INFO neutron.notifiers.nova [req-6a4e35ad-b5f3-42d9-a0ce-9cb9fef88b6e req-5c948b7f-859d-4df8-ab58-c0ba496b6435 70381897a25e4c2c9ae46514f1330ea8 9228e4d90852429fad3ab7743c36dc19 - - default default] Nova event matching ['req-5b1acee5-648f-4d11-b9a1-569358dbf80e'] response: {'server_uuid': 'c4261168-6509-4ef6-8c2c-27ff1a7135f3', 'name': 'network-vif-plugged', 'status': 'completed', 'tag': '6f325fc8-654c-43d7-a96c-c9c023fc0e35', 'code': 200}
2026-03-07 20:59:39.798 24 INFO neutron.notifiers.nova [req-defd998e-0225-49bd-bde2-7abe3b5502f1 req-a4e236e7-e085-4e75-86a6-880d09207e39 70381897a25e4c2c9ae46514f1330ea8 9228e4d90852429fad3ab7743c36dc19 - - default default] Nova event matching ['req-5faf74e4-c854-4fbe-80f4-b46cde5e0e18'] response: {'server_uuid': '7e82bce5-f8bc-45e1-8d3c-77ad2cd96eb6', 'name': 'network-vif-plugged', 'status': 'completed', 'tag': '1c68c866-c63a-4d26-a2e1-beec66268a51', 'code': 200}
2026-03-07 20:59:39.837 24 INFO neutron.db.ovn_revision_numbers_db [req-defd998e-0225-49bd-bde2-7abe3b5502f1 req-a4e236e7-e085-4e75-86a6-880d09207e39 70381897a25e4c2c9ae46514f1330ea8 9228e4d90852429fad3ab7743c36dc19 - - default default] Successfully bumped revision number for resource 1c68c866-c63a-4d26-a2e1-beec66268a51 (type: ports) to 5
2026-03-07 20:59:39.873 23 INFO neutron.db.ovn_revision_numbers_db [req-6a4e35ad-b5f3-42d9-a0ce-9cb9fef88b6e req-5c948b7f-859d-4df8-ab58-c0ba496b6435 70381897a25e4c2c9ae46514f1330ea8 9228e4d90852429fad3ab7743c36dc19 - - default default] Successfully bumped revision number for resource 6f325fc8-654c-43d7-a96c-c9c023fc0e35 (type: ports) to 5
2026-03-07 20:59:39.888 24 INFO neutron.plugins.ml2.drivers.ovn.mech_driver.mech_driver [None req-51101fae-536a-46ab-9d56-77887242c4fc - - - - - -] OVN reports status up for port: 40a52db0-b00a-4bf1-a567-1f0618b531a1
2026-03-07 20:59:39.895 24 INFO neutron.plugins.ml2.plugin [None req-51101fae-536a-46ab-9d56-77887242c4fc - - - - - -] Attempt 1 to provision port 40a52db0-b00a-4bf1-a567-1f0618b531a1
2026-03-07 20:59:40.103 24 INFO neutron.db.ovn_revision_numbers_db [None req-51101fae-536a-46ab-9d56-77887242c4fc - - - - - -] Successfully bumped revision number for resource 40a52db0-b00a-4bf1-a567-1f0618b531a1 (type: ports) to 3
2026-03-07 20:59:40.403 23 INFO neutron.api.wsgi [req-4350c835-ffc1-4d67-858b-2e5d7cfb5b01 req-4b70ab68-7b2d-43ff-9499-2ffa25ec821e 70381897a25e4c2c9ae46514f1330ea8 9228e4d90852429fad3ab7743c36dc19 - - default default] 172.31.0.1,172.31.0.6 "GET /v2.0/ports?device_id=c4261168-6509-4ef6-8c2c-27ff1a7135f3 HTTP/1.1" status: 200 len: 954 time: 0.0267951
2026-03-07 20:59:40.425 24 INFO neutron.api.wsgi [req-62891653-5759-4870-9849-ac2b88c7e2a3 req-eca5b4f6-9376-4a2c-a4cf-1b072daa5140 70381897a25e4c2c9ae46514f1330ea8 9228e4d90852429fad3ab7743c36dc19 - - default default] 172.31.0.1,172.31.0.6 "GET /v2.0/ports?device_id=7e82bce5-f8bc-45e1-8d3c-77ad2cd96eb6 HTTP/1.1" status: 200 len: 1137 time: 0.0317161
2026-03-07 20:59:41.181 23 INFO neutron.api.wsgi [req-4350c835-ffc1-4d67-858b-2e5d7cfb5b01 req-4b70ab68-7b2d-43ff-9499-2ffa25ec821e 70381897a25e4c2c9ae46514f1330ea8 9228e4d90852429fad3ab7743c36dc19 - - default default] 172.31.0.6 "GET / HTTP/1.0" status: 200 len: 248 time: 0.0011199
2026-03-07 20:59:41.519 24 INFO neutron.api.wsgi [req-6f84e8e5-d4eb-4675-b41a-b370440a0df0 req-266b36c6-0dec-4ee0-8849-3c3348b17356 70381897a25e4c2c9ae46514f1330ea8 9228e4d90852429fad3ab7743c36dc19 - - default default] 172.31.0.1,172.31.0.6 "GET /v2.0/ports?device_id=7e82bce5-f8bc-45e1-8d3c-77ad2cd96eb6 HTTP/1.1" status: 200 len: 1137 time: 0.0480545
2026-03-07 20:59:41.532 23 INFO neutron.api.wsgi [req-5cb00eba-9ad0-4bab-af00-a25c35f2d1b6 req-8854e62c-9cec-4d45-97d3-9f8ac1b05517 70381897a25e4c2c9ae46514f1330ea8 9228e4d90852429fad3ab7743c36dc19 - - default default] 172.31.0.1,172.31.0.6 "GET /v2.0/ports?device_id=c4261168-6509-4ef6-8c2c-27ff1a7135f3 HTTP/1.1" status: 200 len: 954 time: 0.0589800
2026-03-07 20:59:41.690 23 INFO neutron.api.wsgi [req-beee5ab5-7277-45ae-af04-c5014121c166 req-d475adcb-b3f1-4243-a1db-6812d9b639dc 70381897a25e4c2c9ae46514f1330ea8 9228e4d90852429fad3ab7743c36dc19 - - default default] 172.31.0.1,172.31.0.6 "GET /v2.0/ports?device_id=7e82bce5-f8bc-45e1-8d3c-77ad2cd96eb6 HTTP/1.1" status: 200 len: 1137 time: 0.0299382
2026-03-07 20:59:41.694 23 INFO neutron.api.wsgi [req-beee5ab5-7277-45ae-af04-c5014121c166 req-d475adcb-b3f1-4243-a1db-6812d9b639dc 70381897a25e4c2c9ae46514f1330ea8 9228e4d90852429fad3ab7743c36dc19 - - default default] 172.31.0.1,172.31.0.6 "GET /v2.0/ports?device_id=c4261168-6509-4ef6-8c2c-27ff1a7135f3 HTTP/1.1" status: 200 len: 954 time: 0.0348165
2026-03-07 20:59:41.765 23 INFO neutron.api.wsgi [req-a0d4bf2e-91ae-4e6a-a4cd-ca8304d94ac1 req-8bba1808-11ac-4081-89cf-7e1f21683728 70381897a25e4c2c9ae46514f1330ea8 9228e4d90852429fad3ab7743c36dc19 - - default default] 172.31.0.1,172.31.0.6 "GET /v2.0/ports?device_id=c4261168-6509-4ef6-8c2c-27ff1a7135f3 HTTP/1.1" status: 200 len: 954 time: 0.0202432
2026-03-07 20:59:41.796 24 INFO neutron.api.wsgi [req-f0fb4be0-724c-457d-9733-232f943456a1 req-da21e63e-201f-464b-9d0d-b7509e4c0bdc 70381897a25e4c2c9ae46514f1330ea8 9228e4d90852429fad3ab7743c36dc19 - - default default] 172.31.0.1,172.31.0.6 "GET /v2.0/ports?device_id=7e82bce5-f8bc-45e1-8d3c-77ad2cd96eb6 HTTP/1.1" status: 200 len: 1137 time: 0.0505023
2026-03-07 20:59:41.817 23 INFO neutron.notifiers.nova [req-a0d4bf2e-91ae-4e6a-a4cd-ca8304d94ac1 req-8bba1808-11ac-4081-89cf-7e1f21683728 70381897a25e4c2c9ae46514f1330ea8 9228e4d90852429fad3ab7743c36dc19 - - default default] Nova event matching ['req-1320204b-9ec5-4309-ba1a-7a1f6b8de59c'] response: {'server_uuid': 'c4261168-6509-4ef6-8c2c-27ff1a7135f3', 'name': 'network-vif-plugged', 'status': 'completed', 'tag': '6f325fc8-654c-43d7-a96c-c9c023fc0e35', 'code': 200}
2026-03-07 20:59:41.830 24 INFO neutron.notifiers.nova [req-f0fb4be0-724c-457d-9733-232f943456a1 req-da21e63e-201f-464b-9d0d-b7509e4c0bdc 70381897a25e4c2c9ae46514f1330ea8 9228e4d90852429fad3ab7743c36dc19 - - default default] Nova event matching ['req-64e4f01f-9706-4d8b-89f8-5408f0bd6275'] response: {'server_uuid': '7e82bce5-f8bc-45e1-8d3c-77ad2cd96eb6', 'name': 'network-vif-plugged', 'status': 'completed', 'tag': '1c68c866-c63a-4d26-a2e1-beec66268a51', 'code': 200}
2026-03-07 20:59:44.904 23 INFO neutron.pecan_wsgi.hooks.translation [None req-3f917273-1c33-4b51-b9c2-84509dd68151 70381897a25e4c2c9ae46514f1330ea8 9228e4d90852429fad3ab7743c36dc19 - - default default] GET failed (client error): The resource could not be found.
2026-03-07 20:59:44.907 23 INFO neutron.api.wsgi [None req-3f917273-1c33-4b51-b9c2-84509dd68151 70381897a25e4c2c9ae46514f1330ea8 9228e4d90852429fad3ab7743c36dc19 - - default default] 172.31.0.1,172.31.0.6 "GET /v2.0/networks/test-net HTTP/1.1" status: 404 len: 311 time: 0.0123584
2026-03-07 20:59:44.924 23 INFO neutron.pecan_wsgi.hooks.translation [None req-5efc6678-4d28-4a73-9896-4bed51cd6b3f 70381897a25e4c2c9ae46514f1330ea8 9228e4d90852429fad3ab7743c36dc19 - - default default] GET failed (client error): The resource could not be found.
2026-03-07 20:59:44.925 23 INFO neutron.api.wsgi [None req-5efc6678-4d28-4a73-9896-4bed51cd6b3f 70381897a25e4c2c9ae46514f1330ea8 9228e4d90852429fad3ab7743c36dc19 - - default default] 172.31.0.1,172.31.0.6 "GET /v2.0/networks/test-net HTTP/1.1" status: 404 len: 311 time: 0.0101957
2026-03-07 20:59:46.192 23 INFO neutron.api.wsgi [None req-5efc6678-4d28-4a73-9896-4bed51cd6b3f 70381897a25e4c2c9ae46514f1330ea8 9228e4d90852429fad3ab7743c36dc19 - - default default] 172.31.0.6 "GET / HTTP/1.0" status: 200 len: 248 time: 0.0026474
2026-03-07 20:59:51.195 24 INFO neutron.api.wsgi [req-f0fb4be0-724c-457d-9733-232f943456a1 req-da21e63e-201f-464b-9d0d-b7509e4c0bdc 70381897a25e4c2c9ae46514f1330ea8 9228e4d90852429fad3ab7743c36dc19 - - default default] 172.31.0.6 "GET / HTTP/1.0" status: 200 len: 248 time: 0.0015187
2026-03-07 20:59:54.169 23 INFO neutron.api.wsgi [req-f524cc18-d0b2-4775-ab16-826ae540d53b req-a3c2e6fc-5273-4724-8242-e26ce4489e17 3092a50a47c140eaa43c20b6674e679a cc617b353e7d436abe77cb32b7a52b2b - - default default] 172.31.0.1,172.31.0.6 "GET /v2.0/ports?device_id=c4261168-6509-4ef6-8c2c-27ff1a7135f3 HTTP/1.1" status: 200 len: 1183 time: 0.0825660
2026-03-07 20:59:55.718 23 INFO neutron.api.wsgi [req-6639b405-dcdf-4ae8-8de1-d659d275c943 req-a2e0aa4b-5dee-47b7-a1f8-dadd36b543ce 3092a50a47c140eaa43c20b6674e679a cc617b353e7d436abe77cb32b7a52b2b - - default default] 172.31.0.1,172.31.0.6 "GET /v2.0/ports?device_id=7e82bce5-f8bc-45e1-8d3c-77ad2cd96eb6 HTTP/1.1" status: 200 len: 1367 time: 0.0392778
2026-03-07 20:59:56.199 24 INFO neutron.api.wsgi [req-f0fb4be0-724c-457d-9733-232f943456a1 req-da21e63e-201f-464b-9d0d-b7509e4c0bdc 70381897a25e4c2c9ae46514f1330ea8 9228e4d90852429fad3ab7743c36dc19 - - default default] 172.31.0.6 "GET / HTTP/1.0" status: 200 len: 248 time: 0.0012686
2026-03-07 21:00:01.209 24 INFO neutron.api.wsgi [req-f0fb4be0-724c-457d-9733-232f943456a1 req-da21e63e-201f-464b-9d0d-b7509e4c0bdc 70381897a25e4c2c9ae46514f1330ea8 9228e4d90852429fad3ab7743c36dc19 - - default default] 172.31.0.6 "GET / HTTP/1.0" status: 200 len: 248 time: 0.0027802
2026-03-07 21:00:06.218 24 INFO neutron.api.wsgi [req-f0fb4be0-724c-457d-9733-232f943456a1 req-da21e63e-201f-464b-9d0d-b7509e4c0bdc 70381897a25e4c2c9ae46514f1330ea8 9228e4d90852429fad3ab7743c36dc19 - - default default] 172.31.0.6 "GET / HTTP/1.0" status: 200 len: 248 time: 0.0020928
2026-03-07 21:00:11.223 24 INFO neutron.api.wsgi [req-f0fb4be0-724c-457d-9733-232f943456a1 req-da21e63e-201f-464b-9d0d-b7509e4c0bdc 70381897a25e4c2c9ae46514f1330ea8 9228e4d90852429fad3ab7743c36dc19 - - default default] 172.31.0.6 "GET / HTTP/1.0" status: 200 len: 248 time: 0.0020349
2026-03-07 21:00:16.231 23 INFO neutron.api.wsgi [req-6639b405-dcdf-4ae8-8de1-d659d275c943 req-a2e0aa4b-5dee-47b7-a1f8-dadd36b543ce 3092a50a47c140eaa43c20b6674e679a cc617b353e7d436abe77cb32b7a52b2b - - default default] 172.31.0.6 "GET / HTTP/1.0" status: 200 len: 248 time: 0.0010250
2026-03-07 21:00:19.659 24 INFO neutron.api.wsgi [req-d0a5e4b1-ac41-45f3-a29b-7c968a7ac205 req-336ee327-fe2c-4a79-a738-7f5d9e1abc8a 70381897a25e4c2c9ae46514f1330ea8 9228e4d90852429fad3ab7743c36dc19 - - default default] 172.31.0.1,172.31.0.6 "GET /v2.0/ports?device_id=c4261168-6509-4ef6-8c2c-27ff1a7135f3 HTTP/1.1" status: 200 len: 954 time: 0.0429864
2026-03-07 21:00:20.677 23 INFO neutron.plugins.ml2.drivers.ovn.mech_driver.mech_driver [None req-f1432f62-8a8f-4549-92a4-c6e2ece493c3 70381897a25e4c2c9ae46514f1330ea8 9228e4d90852429fad3ab7743c36dc19 - - default default] OVN reports status down for port: 6f325fc8-654c-43d7-a96c-c9c023fc0e35
2026-03-07 21:00:20.679 24 INFO neutron.plugins.ml2.drivers.ovn.mech_driver.mech_driver [req-d0a5e4b1-ac41-45f3-a29b-7c968a7ac205 req-336ee327-fe2c-4a79-a738-7f5d9e1abc8a 70381897a25e4c2c9ae46514f1330ea8 9228e4d90852429fad3ab7743c36dc19 - - default default] OVN reports status down for port: 40a52db0-b00a-4bf1-a567-1f0618b531a1
2026-03-07 21:00:20.705 23 INFO neutron.db.ovn_revision_numbers_db [None req-f1432f62-8a8f-4549-92a4-c6e2ece493c3 70381897a25e4c2c9ae46514f1330ea8 9228e4d90852429fad3ab7743c36dc19 - - default default] Successfully bumped revision number for resource 40a52db0-b00a-4bf1-a567-1f0618b531a1 (type: ports) to 4
2026-03-07 21:00:20.707 23 INFO neutron.api.wsgi [None req-f1432f62-8a8f-4549-92a4-c6e2ece493c3 70381897a25e4c2c9ae46514f1330ea8 9228e4d90852429fad3ab7743c36dc19 - - default default] 172.31.0.1,172.31.0.6 "DELETE /v2.0/trunks/5e573ce3-43db-4474-b566-87c586fd4458 HTTP/1.1" status: 204 len: 149 time: 0.2483659
2026-03-07 21:00:20.748 24 INFO neutron.api.wsgi [req-23c22300-cf2d-479e-ad8e-ec29fd471de7 req-f648d8e7-b8ce-4e3f-af2b-d78dfd731fea 70381897a25e4c2c9ae46514f1330ea8 9228e4d90852429fad3ab7743c36dc19 - - default default] 172.31.0.1,172.31.0.6 "GET /v2.0/ports?device_id=c4261168-6509-4ef6-8c2c-27ff1a7135f3 HTTP/1.1" status: 200 len: 954 time: 0.0368168
2026-03-07 21:00:20.781 23 INFO neutron.notifiers.nova [None req-b000bcdd-3462-4a81-8461-838e2b329f63 70381897a25e4c2c9ae46514f1330ea8 9228e4d90852429fad3ab7743c36dc19 - - default default] Nova event matching ['req-b56174c7-e848-473c-a48b-cc07f1471206'] response: {'server_uuid': 'c4261168-6509-4ef6-8c2c-27ff1a7135f3', 'name': 'network-vif-unplugged', 'status': 'completed', 'tag': '6f325fc8-654c-43d7-a96c-c9c023fc0e35', 'code': 200}
2026-03-07 21:00:20.799 24 INFO neutron.db.ovn_revision_numbers_db [req-23c22300-cf2d-479e-ad8e-ec29fd471de7 req-f648d8e7-b8ce-4e3f-af2b-d78dfd731fea 70381897a25e4c2c9ae46514f1330ea8 9228e4d90852429fad3ab7743c36dc19 - - default default] Successfully bumped revision number for resource 40a52db0-b00a-4bf1-a567-1f0618b531a1 (type: ports) to 5
2026-03-07 21:00:20.868 23 INFO neutron.db.ovn_revision_numbers_db [None req-b000bcdd-3462-4a81-8461-838e2b329f63 70381897a25e4c2c9ae46514f1330ea8 9228e4d90852429fad3ab7743c36dc19 - - default default] Successfully bumped revision number for resource 6f325fc8-654c-43d7-a96c-c9c023fc0e35 (type: ports) to 6
2026-03-07 21:00:21.008 23 INFO neutron.api.wsgi [None req-b000bcdd-3462-4a81-8461-838e2b329f63 70381897a25e4c2c9ae46514f1330ea8 9228e4d90852429fad3ab7743c36dc19 - - default default] 172.31.0.1,172.31.0.6 "DELETE /v2.0/ports/40a52db0-b00a-4bf1-a567-1f0618b531a1 HTTP/1.1" status: 204 len: 168 time: 0.2479749
2026-03-07 21:00:21.020 24 INFO neutron.pecan_wsgi.hooks.translation [None req-f06fd321-66e8-4cb1-811c-d1a35a329ce3 70381897a25e4c2c9ae46514f1330ea8 9228e4d90852429fad3ab7743c36dc19 - - default default] GET failed (client error): The resource could not be found.
2026-03-07 21:00:21.021 24 INFO neutron.api.wsgi [None req-f06fd321-66e8-4cb1-811c-d1a35a329ce3 70381897a25e4c2c9ae46514f1330ea8 9228e4d90852429fad3ab7743c36dc19 - - default default] 172.31.0.1,172.31.0.6 "GET /v2.0/ports/40a52db0-b00a-4bf1-a567-1f0618b531a1 HTTP/1.1" status: 404 len: 333 time: 0.0100260
2026-03-07 21:00:21.236 23 INFO neutron.api.wsgi [None req-b000bcdd-3462-4a81-8461-838e2b329f63 70381897a25e4c2c9ae46514f1330ea8 9228e4d90852429fad3ab7743c36dc19 - - default default] 172.31.0.6 "GET / HTTP/1.0" status: 200 len: 248 time: 0.0024524
2026-03-07 21:00:21.693 24 INFO neutron.db.l3_db [None req-3d194053-9fba-4398-ad74-24da883dac8c 70381897a25e4c2c9ae46514f1330ea8 9228e4d90852429fad3ab7743c36dc19 - - default default] Floating IP a65633a5-201a-4983-a854-29e64c1efe40 disassociated (deleted). External IP: 172.31.0.159, port: 6f325fc8-654c-43d7-a96c-c9c023fc0e35.
2026-03-07 21:00:21.737 24 INFO neutron.api.wsgi [None req-3d194053-9fba-4398-ad74-24da883dac8c 70381897a25e4c2c9ae46514f1330ea8 9228e4d90852429fad3ab7743c36dc19 - - default default] 172.31.0.1,172.31.0.6 "DELETE /v2.0/floatingips/a65633a5-201a-4983-a854-29e64c1efe40 HTTP/1.1" status: 204 len: 149 time: 0.2589886
2026-03-07 21:00:21.754 24 INFO neutron.api.v2.resource [None req-f2315ce5-a398-41bc-ad9e-2f0c1ceb20c3 70381897a25e4c2c9ae46514f1330ea8 9228e4d90852429fad3ab7743c36dc19 - - default default] show failed (client error): The resource could not be found.
2026-03-07 21:00:21.754 24 INFO neutron.api.wsgi [None req-f2315ce5-a398-41bc-ad9e-2f0c1ceb20c3 70381897a25e4c2c9ae46514f1330ea8 9228e4d90852429fad3ab7743c36dc19 - - default default] 172.31.0.1,172.31.0.6 "GET /v2.0/floatingips/a65633a5-201a-4983-a854-29e64c1efe40 HTTP/1.1" status: 404 len: 345 time: 0.0138195
2026-03-07 21:00:21.760 24 INFO neutron.notifiers.nova [None req-f2315ce5-a398-41bc-ad9e-2f0c1ceb20c3 70381897a25e4c2c9ae46514f1330ea8 9228e4d90852429fad3ab7743c36dc19 - - default default] Nova event matching ['req-179fd38f-101f-4c07-8427-6528c1403a24'] response: {'name': 'network-changed', 'server_uuid': 'c4261168-6509-4ef6-8c2c-27ff1a7135f3', 'tag': '6f325fc8-654c-43d7-a96c-c9c023fc0e35', 'status': 'completed', 'code': 200}
2026-03-07 21:00:21.834 24 INFO neutron.api.wsgi [req-e148c857-de60-401d-a7a1-73743bd1fba9 req-a44b3b95-19c9-4b83-adc2-b2f112103a4b 70381897a25e4c2c9ae46514f1330ea8 9228e4d90852429fad3ab7743c36dc19 - - default default] 172.31.0.1,172.31.0.6 "GET /v2.0/ports?device_id=c4261168-6509-4ef6-8c2c-27ff1a7135f3 HTTP/1.1" status: 200 len: 952 time: 0.0259461
2026-03-07 21:00:21.874 24 INFO neutron.api.wsgi [req-846016df-94f7-4606-93d3-4cc0cd43b980 req-8c0c05be-aea3-4e79-87a3-f9ab8be4447e 70381897a25e4c2c9ae46514f1330ea8 9228e4d90852429fad3ab7743c36dc19 - - default default] 172.31.0.129,172.31.0.6 "GET /v2.0/ports?device_id=c4261168-6509-4ef6-8c2c-27ff1a7135f3 HTTP/1.1" status: 200 len: 952 time: 0.0250707
2026-03-07 21:00:21.913 24 INFO neutron.api.wsgi [req-846016df-94f7-4606-93d3-4cc0cd43b980 req-28a9365c-d767-41c8-8e18-5df27e5375fc 70381897a25e4c2c9ae46514f1330ea8 9228e4d90852429fad3ab7743c36dc19 - - default default] 172.31.0.129,172.31.0.6 "GET /v2.0/ports/6f325fc8-654c-43d7-a96c-c9c023fc0e35?fields=binding%3Aprofile&fields=network_id HTTP/1.1" status: 200 len: 255 time: 0.0357182
2026-03-07 21:00:21.951 23 INFO neutron.api.wsgi [req-846016df-94f7-4606-93d3-4cc0cd43b980 req-f6bb424f-6405-433d-adea-d3f83e3b2990 70381897a25e4c2c9ae46514f1330ea8 9228e4d90852429fad3ab7743c36dc19 - - default default] 172.31.0.129,172.31.0.6 "GET /v2.0/networks/0d916264-00bc-49d2-91f0-074c75a3a921?fields=dns_domain HTTP/1.1" status: 200 len: 207 time: 0.0353405
2026-03-07 21:00:22.279 23 INFO neutron.api.wsgi [req-94c03437-9b1f-46ca-b92e-e6335f7920d2 req-9058c4e4-e2be-48f8-bc96-832969d7f65d 3092a50a47c140eaa43c20b6674e679a cc617b353e7d436abe77cb32b7a52b2b - - default default] 172.31.0.129,172.31.0.6 "GET /v2.0/ports?tenant_id=9228e4d90852429fad3ab7743c36dc19&device_id=c4261168-6509-4ef6-8c2c-27ff1a7135f3 HTTP/1.1" status: 200 len: 205 time: 0.0093007
2026-03-07 21:00:22.321 23 INFO neutron.db.ovn_revision_numbers_db [req-94c03437-9b1f-46ca-b92e-e6335f7920d2 req-9058c4e4-e2be-48f8-bc96-832969d7f65d 3092a50a47c140eaa43c20b6674e679a cc617b353e7d436abe77cb32b7a52b2b - - default default] Successfully bumped revision number for resource 6f325fc8-654c-43d7-a96c-c9c023fc0e35 (type: ports) to 7
2026-03-07 21:00:22.331 23 INFO neutron.api.wsgi [req-846016df-94f7-4606-93d3-4cc0cd43b980 req-84fdd2a9-7759-4f45-9276-623fc79d7944 3092a50a47c140eaa43c20b6674e679a cc617b353e7d436abe77cb32b7a52b2b - - default default] 172.31.0.129,172.31.0.6 "PUT /v2.0/ports/6f325fc8-654c-43d7-a96c-c9c023fc0e35 HTTP/1.1" status: 200 len: 997 time: 0.3757079
2026-03-07 21:00:22.616 23 INFO neutron.api.wsgi [req-61cf02ca-a582-49cf-99b4-d71b0dcedc4d req-9269545a-7bc6-48a8-a9f9-7f262f3b25fc 70381897a25e4c2c9ae46514f1330ea8 9228e4d90852429fad3ab7743c36dc19 - - default default] 172.31.0.1,172.31.0.6 "GET /v2.0/ports?device_id=7e82bce5-f8bc-45e1-8d3c-77ad2cd96eb6 HTTP/1.1" status: 200 len: 955 time: 0.0441759
2026-03-07 21:00:22.809 23 INFO neutron.notifiers.nova [req-61cf02ca-a582-49cf-99b4-d71b0dcedc4d req-9269545a-7bc6-48a8-a9f9-7f262f3b25fc 70381897a25e4c2c9ae46514f1330ea8 9228e4d90852429fad3ab7743c36dc19 - - default default] Nova event matching ['req-4bf11fe3-b693-4d55-b46a-f7f42a633244'] response: {'server_uuid': 'c4261168-6509-4ef6-8c2c-27ff1a7135f3', 'name': 'network-vif-unplugged', 'status': 'completed', 'tag': '6f325fc8-654c-43d7-a96c-c9c023fc0e35', 'code': 200}
2026-03-07 21:00:22.911 24 INFO neutron.api.wsgi [req-21b4bae5-c072-42f8-a343-5fe1543c89e0 req-b2e3ed70-7dda-4bee-b0ae-47c67aed3d7d 70381897a25e4c2c9ae46514f1330ea8 9228e4d90852429fad3ab7743c36dc19 - - default default] 172.31.0.1,172.31.0.6 "GET /v2.0/ports?device_id=c4261168-6509-4ef6-8c2c-27ff1a7135f3 HTTP/1.1" status: 200 len: 205 time: 0.0184395
2026-03-07 21:00:23.580 24 INFO neutron.plugins.ml2.drivers.ovn.mech_driver.mech_driver [req-21b4bae5-c072-42f8-a343-5fe1543c89e0 req-b2e3ed70-7dda-4bee-b0ae-47c67aed3d7d 70381897a25e4c2c9ae46514f1330ea8 9228e4d90852429fad3ab7743c36dc19 - - default default] OVN reports status down for port: 1c68c866-c63a-4d26-a2e1-beec66268a51
2026-03-07 21:00:23.711 24 INFO neutron.api.wsgi [req-52dc6c08-fcf5-4dcd-bd31-8abd80a9ac77 req-bdf44cdb-16da-4846-86aa-581d31e790d2 70381897a25e4c2c9ae46514f1330ea8 9228e4d90852429fad3ab7743c36dc19 - - default default] 172.31.0.1,172.31.0.6 "GET /v2.0/ports?device_id=7e82bce5-f8bc-45e1-8d3c-77ad2cd96eb6 HTTP/1.1" status: 200 len: 955 time: 0.0326619
2026-03-07 21:00:23.759 24 INFO neutron.db.ovn_revision_numbers_db [req-52dc6c08-fcf5-4dcd-bd31-8abd80a9ac77 req-bdf44cdb-16da-4846-86aa-581d31e790d2 70381897a25e4c2c9ae46514f1330ea8 9228e4d90852429fad3ab7743c36dc19 - - default default] Successfully bumped revision number for resource 1c68c866-c63a-4d26-a2e1-beec66268a51 (type: ports) to 6
2026-03-07 21:00:23.791 24 INFO neutron.notifiers.nova [None req-33c1c442-dac1-4a74-9fed-72f1877b26f6 - - - - - -] Nova event matching ['req-1096fe19-5dee-4afe-89d5-73d781494785'] response: {'server_uuid': '7e82bce5-f8bc-45e1-8d3c-77ad2cd96eb6', 'name': 'network-vif-unplugged', 'status': 'completed', 'tag': '1c68c866-c63a-4d26-a2e1-beec66268a51', 'code': 200}
2026-03-07 21:00:23.800 23 INFO neutron.db.l3_db [None req-6ea914ac-8234-4243-b4e1-20fdeb12fa03 70381897a25e4c2c9ae46514f1330ea8 9228e4d90852429fad3ab7743c36dc19 - - default default] Floating IP 89e5b434-1344-4374-ad50-744cd7592b08 disassociated (deleted). External IP: 172.31.0.193, port: 1c68c866-c63a-4d26-a2e1-beec66268a51.
2026-03-07 21:00:23.817 23 INFO neutron.api.wsgi [None req-6ea914ac-8234-4243-b4e1-20fdeb12fa03 70381897a25e4c2c9ae46514f1330ea8 9228e4d90852429fad3ab7743c36dc19 - - default default] 172.31.0.1,172.31.0.6 "DELETE /v2.0/floatingips/89e5b434-1344-4374-ad50-744cd7592b08 HTTP/1.1" status: 204 len: 149 time: 0.3499513
2026-03-07 21:00:23.831 23 INFO neutron.api.v2.resource [None req-df5e8761-1429-48a1-b240-e88238a21f1b 70381897a25e4c2c9ae46514f1330ea8 9228e4d90852429fad3ab7743c36dc19 - - default default] show failed (client error): The resource could not be found.
2026-03-07 21:00:23.832 23 INFO neutron.api.wsgi [None req-df5e8761-1429-48a1-b240-e88238a21f1b 70381897a25e4c2c9ae46514f1330ea8 9228e4d90852429fad3ab7743c36dc19 - - default default] 172.31.0.1,172.31.0.6 "GET /v2.0/floatingips/89e5b434-1344-4374-ad50-744cd7592b08 HTTP/1.1" status: 404 len: 345 time: 0.0118673
2026-03-07 21:00:23.993 23 INFO neutron.api.wsgi [req-4799b0a0-672b-46d7-80bd-5461c663e148 req-36db9db7-38e8-428e-8927-ef67c6e81065 70381897a25e4c2c9ae46514f1330ea8 9228e4d90852429fad3ab7743c36dc19 - - default default] 172.31.0.1,172.31.0.6 "GET /v2.0/ports?device_id=c4261168-6509-4ef6-8c2c-27ff1a7135f3 HTTP/1.1" status: 200 len: 205 time: 0.0104942
2026-03-07 21:00:24.304 23 INFO neutron.api.wsgi [None req-07e27289-fe1d-4703-b2fa-9cd74da0976e 70381897a25e4c2c9ae46514f1330ea8 9228e4d90852429fad3ab7743c36dc19 - - default default] 172.31.0.1,172.31.0.6 "DELETE /v2.0/ports/6f325fc8-654c-43d7-a96c-c9c023fc0e35 HTTP/1.1" status: 204 len: 168 time: 0.1585045
2026-03-07 21:00:24.318 23 INFO neutron.pecan_wsgi.hooks.translation [None req-ef81b11b-0efd-4bb0-8658-986f3fc5bf6b 70381897a25e4c2c9ae46514f1330ea8 9228e4d90852429fad3ab7743c36dc19 - - default default] GET failed (client error): The resource could not be found.
2026-03-07 21:00:24.319 23 INFO neutron.api.wsgi [None req-ef81b11b-0efd-4bb0-8658-986f3fc5bf6b 70381897a25e4c2c9ae46514f1330ea8 9228e4d90852429fad3ab7743c36dc19 - - default default] 172.31.0.1,172.31.0.6 "GET /v2.0/ports/6f325fc8-654c-43d7-a96c-c9c023fc0e35 HTTP/1.1" status: 404 len: 333 time: 0.0118697
2026-03-07 21:00:24.753 24 INFO neutron.api.wsgi [None req-a55d1f4f-5c8b-4667-8fe4-dad040affe09 70381897a25e4c2c9ae46514f1330ea8 9228e4d90852429fad3ab7743c36dc19 - - default default] 172.31.0.1,172.31.0.6 "PUT /v2.0/routers/573c60ad-9b61-4733-9923-f11ab885f215/remove_router_interface HTTP/1.1" status: 200 len: 503 time: 0.8637977
2026-03-07 21:00:24.816 24 INFO neutron.api.wsgi [req-029ba49d-0aae-4292-bee2-d52ebd100922 req-c9c9d155-3aa3-48f5-bc84-969dcfcf279b 70381897a25e4c2c9ae46514f1330ea8 9228e4d90852429fad3ab7743c36dc19 - - default default] 172.31.0.1,172.31.0.6 "GET /v2.0/ports?device_id=7e82bce5-f8bc-45e1-8d3c-77ad2cd96eb6 HTTP/1.1" status: 200 len: 953 time: 0.0495551
2026-03-07 21:00:24.819 23 INFO neutron.api.wsgi [None req-c1edfa05-bdc5-4e80-9f02-c61fb61c92c3 70381897a25e4c2c9ae46514f1330ea8 9228e4d90852429fad3ab7743c36dc19 - - default default] 172.31.0.129,172.31.0.6 "GET /v2.0/ports?device_id=7e82bce5-f8bc-45e1-8d3c-77ad2cd96eb6 HTTP/1.1" status: 200 len: 953 time: 0.0313740
2026-03-07 21:00:24.842 24 INFO neutron.api.wsgi [req-f3bc613f-e77d-45a8-a1a3-b280b6d20817 req-51b1cc87-a5c8-48ff-b554-5fce05e2db6b 70381897a25e4c2c9ae46514f1330ea8 9228e4d90852429fad3ab7743c36dc19 - - default default] 172.31.0.129,172.31.0.6 "GET /v2.0/ports/1c68c866-c63a-4d26-a2e1-beec66268a51?fields=binding%3Aprofile&fields=network_id HTTP/1.1" status: 200 len: 255 time: 0.0193284
2026-03-07 21:00:24.854 23 INFO neutron.notifiers.nova [None req-c1edfa05-bdc5-4e80-9f02-c61fb61c92c3 70381897a25e4c2c9ae46514f1330ea8 9228e4d90852429fad3ab7743c36dc19 - - default default] Nova event matching ['req-e6232584-686e-44f6-8b90-6dee61f38464'] response: {'name': 'network-changed', 'server_uuid': '7e82bce5-f8bc-45e1-8d3c-77ad2cd96eb6', 'tag': '1c68c866-c63a-4d26-a2e1-beec66268a51', 'status': 'completed', 'code': 200}
2026-03-07 21:00:24.876 24 INFO neutron.api.wsgi [req-f3bc613f-e77d-45a8-a1a3-b280b6d20817 req-12a5badd-ccbd-4f62-b223-97a7b2f7cc5e 70381897a25e4c2c9ae46514f1330ea8 9228e4d90852429fad3ab7743c36dc19 - - default default] 172.31.0.129,172.31.0.6 "GET /v2.0/networks/0d916264-00bc-49d2-91f0-074c75a3a921?fields=dns_domain HTTP/1.1" status: 200 len: 207 time: 0.0307333
2026-03-07 21:00:25.145 23 INFO neutron.db.ovn_revision_numbers_db [req-f3bc613f-e77d-45a8-a1a3-b280b6d20817 req-d40a66e5-009e-4dda-9b19-f578f93a4a41 3092a50a47c140eaa43c20b6674e679a cc617b353e7d436abe77cb32b7a52b2b - - default default] Successfully bumped revision number for resource 1c68c866-c63a-4d26-a2e1-beec66268a51 (type: ports) to 7
2026-03-07 21:00:25.158 23 INFO neutron.api.wsgi [req-f3bc613f-e77d-45a8-a1a3-b280b6d20817 req-d40a66e5-009e-4dda-9b19-f578f93a4a41 3092a50a47c140eaa43c20b6674e679a cc617b353e7d436abe77cb32b7a52b2b - - default default] 172.31.0.129,172.31.0.6 "PUT /v2.0/ports/1c68c866-c63a-4d26-a2e1-beec66268a51 HTTP/1.1" status: 200 len: 998 time: 0.2785230
2026-03-07 21:00:25.346 23 INFO neutron.api.wsgi [None req-c1edfa05-bdc5-4e80-9f02-c61fb61c92c3 70381897a25e4c2c9ae46514f1330ea8 9228e4d90852429fad3ab7743c36dc19 - - default default] 172.31.0.1,172.31.0.6 "DELETE /v2.0/routers/573c60ad-9b61-4733-9923-f11ab885f215 HTTP/1.1" status: 204 len: 149 time: 0.5472953
2026-03-07 21:00:25.360 24 INFO neutron.api.v2.resource [None req-8d1fc141-3c9e-440c-b9d8-5472be57842f 70381897a25e4c2c9ae46514f1330ea8 9228e4d90852429fad3ab7743c36dc19 - - default default] show failed (client error): The resource could not be found.
2026-03-07 21:00:25.360 24 INFO neutron.api.wsgi [None req-8d1fc141-3c9e-440c-b9d8-5472be57842f 70381897a25e4c2c9ae46514f1330ea8 9228e4d90852429fad3ab7743c36dc19 - - default default] 172.31.0.1,172.31.0.6 "GET /v2.0/routers/573c60ad-9b61-4733-9923-f11ab885f215 HTTP/1.1" status: 404 len: 336 time: 0.0097218
