Dec 12 07:53:43 standalone account-server[113061]: Starting 2
Dec 12 07:53:43 standalone container-server[113102]: Option allow_versions is deprecated. Configure the versioned_writes middleware in the proxy-server instead. This option will be ignored in a future release.
Dec 12 07:53:43 standalone container-server[113342]: Option allow_versions is deprecated. Configure the versioned_writes middleware in the proxy-server instead. This option will be ignored in a future release.
Dec 12 07:53:43 standalone container-server[113102]: Started child 20 from parent 2
Dec 12 07:53:43 standalone container-server[113346]: Option allow_versions is deprecated. Configure the versioned_writes middleware in the proxy-server instead. This option will be ignored in a future release.
Dec 12 07:53:43 standalone container-server[113102]: Started child 21 from parent 2
Dec 12 07:53:43 standalone container-server[113353]: Option allow_versions is deprecated. Configure the versioned_writes middleware in the proxy-server instead. This option will be ignored in a future release.
Dec 12 07:53:43 standalone container-server[113102]: Started child 22 from parent 2
Dec 12 07:53:43 standalone container-server[113362]: Option allow_versions is deprecated. Configure the versioned_writes middleware in the proxy-server instead. This option will be ignored in a future release.
Dec 12 07:53:43 standalone container-server[113102]: Started child 23 from parent 2
Dec 12 07:53:43 standalone account-server[113090]: Started child 20 from parent 2
Dec 12 07:53:43 standalone account-server[113090]: Started child 21 from parent 2
Dec 12 07:53:43 standalone account-server[113090]: Started child 22 from parent 2
Dec 12 07:53:43 standalone account-server[113090]: Started child 23 from parent 2
Dec 12 07:53:44 standalone container-server[113324]: Starting 2
Dec 12 07:53:44 standalone object-server[113454]: Started child 20 from parent 2
Dec 12 07:53:44 standalone object-server[113454]: Started child 21 from parent 2
Dec 12 07:53:44 standalone object-server[113454]: Started child 22 from parent 2
Dec 12 07:53:44 standalone object-server[113454]: Started child 23 from parent 2
Dec 12 07:53:44 standalone object-expirer[113530]: Starting 2
Dec 12 07:53:44 standalone object-expirer[113530]: Option auto_create_account_prefix is deprecated. Configure auto_create_account_prefix under the swift-constraints section of swift.conf. This option will be ignored in a future release.
Dec 12 07:53:44 standalone object-server[113575]: Starting 2
Dec 12 07:53:49 standalone proxy-server[114951]: Starting Keystone auth_token middleware
Dec 12 07:53:49 standalone proxy-server[114951]: AuthToken middleware is set with keystone_authtoken.service_token_roles_required set to False. This is backwards compatible but deprecated behaviour. Please set this to True.
Dec 12 07:53:50 standalone proxy-server[115034]: Starting Keystone auth_token middleware
Dec 12 07:53:50 standalone proxy-server[115034]: STDERR: The option "bind_port" is not known to keystonemiddleware
Dec 12 07:53:50 standalone proxy-server[115034]: STDERR: The option "workers" is not known to keystonemiddleware
Dec 12 07:53:50 standalone proxy-server[115034]: STDERR: The option "user" is not known to keystonemiddleware
Dec 12 07:53:50 standalone proxy-server[115034]: STDERR: The option "bind_ip" is not known to keystonemiddleware
Dec 12 07:53:50 standalone proxy-server[115034]: STDERR: The option "log_name" is not known to keystonemiddleware
Dec 12 07:53:50 standalone proxy-server[115034]: STDERR: The option "log_facility" is not known to keystonemiddleware
Dec 12 07:53:50 standalone proxy-server[115034]: STDERR: The option "log_level" is not known to keystonemiddleware
Dec 12 07:53:50 standalone proxy-server[115034]: STDERR: The option "log_headers" is not known to keystonemiddleware
Dec 12 07:53:50 standalone proxy-server[115034]: STDERR: The option "log_address" is not known to keystonemiddleware
Dec 12 07:53:50 standalone proxy-server[115034]: STDERR: The option "project_name" is not known to keystonemiddleware
Dec 12 07:53:50 standalone proxy-server[115034]: STDERR: The option "username" is not known to keystonemiddleware
Dec 12 07:53:50 standalone proxy-server[115034]: STDERR: The option "password" is not known to keystonemiddleware
Dec 12 07:53:50 standalone proxy-server[115034]: STDERR: The option "auth_url" is not known to keystonemiddleware
Dec 12 07:53:50 standalone proxy-server[115034]: STDERR: The option "signing_dir" is not known to keystonemiddleware
Dec 12 07:53:50 standalone proxy-server[115034]: STDERR: The option "project_domain_id" is not known to keystonemiddleware
Dec 12 07:53:50 standalone proxy-server[115034]: STDERR: The option "user_domain_id" is not known to keystonemiddleware
Dec 12 07:53:50 standalone proxy-server[115034]: STDERR: The option "__name__" is not known to keystonemiddleware
Dec 12 07:53:50 standalone proxy-server[115034]: AuthToken middleware is set with keystone_authtoken.service_token_roles_required set to False. This is backwards compatible but deprecated behaviour. Please set this to True.
Dec 12 07:53:50 standalone proxy-server[114951]: Started child 21 from parent 2
Dec 12 07:54:59 standalone object-server[113575]: Begin object update sweep
Dec 12 07:54:59 standalone object-server[122575]: Object update sweep starting on /srv/node/d1 (pid: 11)
Dec 12 07:54:59 standalone object-server[122575]: Object update sweep completed on /srv/node/d1 in 0.00s seconds:, 0 successes, 0 failures, 0 quarantines, 0 unlinks, 0 errors, 0 redirects (pid: 11)
Dec 12 07:54:59 standalone object-server[122575]: Object update sweep of d1 completed: 0.00s, 0 successes, 0 failures, 0 quarantines, 0 unlinks, 0 errors, 0 redirects
Dec 12 07:54:59 standalone object-server[113575]: Object update sweep completed: 0.10s
Dec 12 07:56:27 standalone account-server[113394]: 172.20.0.100 - - [12/Dec/2025:07:56:27 +0000] "HEAD /d1/910/.expiring_objects" 404 - "HEAD http://localhost/v1/.expiring_objects?format=json" "tx77a9faa2eb194d48bf79e-00693bcaab" "proxy-server 2" 0.0016 "-" 21 -
Dec 12 07:56:27 standalone object-expirer[113530]: Pass completed in 0s; 0 objects expired (txn: tx77a9faa2eb194d48bf79e-00693bcaab)
Dec 12 07:58:15 standalone container-server[113324]: Begin container update sweep
Dec 12 07:58:15 standalone container-server[113324]: Container update sweep completed: 0.00s
Dec 12 07:59:35 standalone proxy-server[115034]: 172.21.0.2 ::1 12/Dec/2025/07/59/35 GET /info HTTP/1.0 200 - python-urllib3/1.26.5 gAAAAABpO8tj-OXE... - 1671 - tx778c2345fdfc4c5b8a8cc-00693bcb66 - 0.5518 - - 1765526374.554266214 1765526375.106033564 -
Dec 12 07:59:40 standalone account-server[113417]: 172.20.0.100 - - [12/Dec/2025:07:59:40 +0000] "HEAD /d1/953/AUTH_a7744d73722e4e728a222b617a4f94ec" 404 - "HEAD http://localhost:8080/v1/AUTH_a7744d73722e4e728a222b617a4f94ec?format=json" "tx8047a4674a2147189fb35-00693bcb6c" "proxy-server 21" 0.0017 "-" 23 -
Dec 12 07:59:40 standalone proxy-server[115034]: - - 12/Dec/2025/07/59/40 HEAD /v1/AUTH_a7744d73722e4e728a222b617a4f94ec%3Fformat%3Djson HTTP/1.0 200 - Swift - - - - tx8047a4674a2147189fb35-00693bcb6c - 0.0072 RL - 1765526380.306140423 1765526380.313315868 -
Dec 12 07:59:40 standalone proxy-server[115034]: 172.18.0.2 ::1 12/Dec/2025/07/59/40 HEAD /v1/AUTH_a7744d73722e4e728a222b617a4f94ec/glance%3Fformat%3Djson HTTP/1.0 404 - python-swiftclient-3.11.1 gAAAAABpO8tsWqY-... - - - tx8047a4674a2147189fb35-00693bcb6c - 0.1213 - - 1765526380.305176020 1765526380.426521778 -
Dec 12 07:59:40 standalone account-server[113417]: 172.20.0.100 - - [12/Dec/2025:07:59:40 +0000] "PUT /d1/953/AUTH_a7744d73722e4e728a222b617a4f94ec" 201 - "-" "tx56448d993b2d45dc82e22-00693bcb6c" "-" 0.0137 "-" 23 -
Dec 12 07:59:40 standalone proxy-server[115034]: autocreate account '/AUTH_a7744d73722e4e728a222b617a4f94ec' (txn: tx56448d993b2d45dc82e22-00693bcb6c)
Dec 12 07:59:40 standalone account-server[113417]: 172.20.0.100 - - [12/Dec/2025:07:59:40 +0000] "HEAD /d1/953/AUTH_a7744d73722e4e728a222b617a4f94ec" 204 - "HEAD http://localhost:8080/v1/AUTH_a7744d73722e4e728a222b617a4f94ec?format=json" "tx56448d993b2d45dc82e22-00693bcb6c" "proxy-server 21" 0.0013 "-" 23 -
Dec 12 07:59:40 standalone account-server[113417]: 172.20.0.100 - - [12/Dec/2025:07:59:40 +0000] "PUT /d1/953/AUTH_a7744d73722e4e728a222b617a4f94ec/glance" 201 - "PUT http://172.20.0.100:6001/d1/390/AUTH_a7744d73722e4e728a222b617a4f94ec/glance" "tx56448d993b2d45dc82e22-00693bcb6c" "container-server 20" 0.0018 "-" 23 0
Dec 12 07:59:40 standalone container-server[113342]: 172.20.0.100 - - [12/Dec/2025:07:59:40 +0000] "PUT /d1/390/AUTH_a7744d73722e4e728a222b617a4f94ec/glance" 201 - "PUT http://localhost:8080/v1/AUTH_a7744d73722e4e728a222b617a4f94ec/glance" "tx56448d993b2d45dc82e22-00693bcb6c" "proxy-server 21" 0.0182 "-" 20 0
Dec 12 07:59:40 standalone proxy-server[115034]: 172.18.0.2 ::1 12/Dec/2025/07/59/40 PUT /v1/AUTH_a7744d73722e4e728a222b617a4f94ec/glance HTTP/1.0 201 - python-swiftclient-3.11.1 gAAAAABpO8tsWqY-... - - - tx56448d993b2d45dc82e22-00693bcb6c - 0.0495 - - 1765526380.433072567 1765526380.482552290 0
Dec 12 07:59:40 standalone container-server[113342]: 172.20.0.100 - - [12/Dec/2025:07:59:40 +0000] "HEAD /d1/390/AUTH_a7744d73722e4e728a222b617a4f94ec/glance" 204 - "HEAD http://localhost:8080/v1/AUTH_a7744d73722e4e728a222b617a4f94ec/glance?format=json&states=listing" "tx03fb50f0e6fc45bf90eea-00693bcb6c" "proxy-server 21" 0.0029 "-" 20 0
Dec 12 07:59:40 standalone proxy-server[115034]: - - 12/Dec/2025/07/59/40 HEAD /v1/AUTH_a7744d73722e4e728a222b617a4f94ec/glance%3Fformat%3Djson%26states%3Dlisting HTTP/1.0 204 - Swift - - - - tx03fb50f0e6fc45bf90eea-00693bcb6c - 0.0273 RL - 1765526380.492722034 1765526380.520012379 0
Dec 12 07:59:40 standalone container-server[113353]: 172.20.0.100 - - [12/Dec/2025:07:59:40 +0000] "PUT /d1/390/AUTH_a7744d73722e4e728a222b617a4f94ec/glance/dd852597-8865-4646-a902-2899717a55fb-00001" 201 - "PUT http://localhost:8080/d1/137/AUTH_a7744d73722e4e728a222b617a4f94ec/glance/dd852597-8865-4646-a902-2899717a55fb-00001" "tx03fb50f0e6fc45bf90eea-00693bcb6c" "object-server 21" 0.0017 "-" 22 0
Dec 12 07:59:40 standalone object-server[113642]: 172.20.0.100 - - [12/Dec/2025:07:59:40 +0000] "PUT /d1/137/AUTH_a7744d73722e4e728a222b617a4f94ec/glance/dd852597-8865-4646-a902-2899717a55fb-00001" 201 - "PUT http://localhost:8080/v1/AUTH_a7744d73722e4e728a222b617a4f94ec/glance/dd852597-8865-4646-a902-2899717a55fb-00001" "tx03fb50f0e6fc45bf90eea-00693bcb6c" "proxy-server 21" 0.1636 "-" 21 0
Dec 12 07:59:40 standalone proxy-server[115034]: 172.18.0.2 ::1 12/Dec/2025/07/59/40 PUT /v1/AUTH_a7744d73722e4e728a222b617a4f94ec/glance/dd852597-8865-4646-a902-2899717a55fb-00001 HTTP/1.0 201 - python-swiftclient-3.11.1 gAAAAABpO8tsWqY-... 16300544 - - tx03fb50f0e6fc45bf90eea-00693bcb6c - 0.2032 - - 1765526380.491181612 1765526380.694416046 0
Dec 12 07:59:40 standalone container-server[113346]: 172.20.0.100 - - [12/Dec/2025:07:59:40 +0000] "PUT /d1/390/AUTH_a7744d73722e4e728a222b617a4f94ec/glance/dd852597-8865-4646-a902-2899717a55fb" 201 - "PUT http://localhost:8080/d1/920/AUTH_a7744d73722e4e728a222b617a4f94ec/glance/dd852597-8865-4646-a902-2899717a55fb" "tx1918ddec769c402193adb-00693bcb6c" "object-server 20" 0.0017 "-" 21 0
Dec 12 07:59:40 standalone object-server[113639]: 172.20.0.100 - - [12/Dec/2025:07:59:40 +0000] "PUT /d1/920/AUTH_a7744d73722e4e728a222b617a4f94ec/glance/dd852597-8865-4646-a902-2899717a55fb" 201 - "PUT http://localhost:8080/v1/AUTH_a7744d73722e4e728a222b617a4f94ec/glance/dd852597-8865-4646-a902-2899717a55fb" "tx1918ddec769c402193adb-00693bcb6c" "proxy-server 21" 0.0318 "-" 20 0
Dec 12 07:59:40 standalone proxy-server[115034]: 172.18.0.2 ::1 12/Dec/2025/07/59/40 PUT /v1/AUTH_a7744d73722e4e728a222b617a4f94ec/glance/dd852597-8865-4646-a902-2899717a55fb HTTP/1.0 201 - python-swiftclient-3.11.1 gAAAAABpO8tsWqY-... - - - tx1918ddec769c402193adb-00693bcb6c - 0.0421 - - 1765526380.701812029 1765526380.743894100 0
Dec 12 07:59:41 standalone container-server[113362]: 172.20.0.100 - - [12/Dec/2025:07:59:41 +0000] "HEAD /d1/390/AUTH_a7744d73722e4e728a222b617a4f94ec/glance" 204 - "HEAD http://localhost:8080/v1/AUTH_a7744d73722e4e728a222b617a4f94ec/glance?format=json&states=listing" "tx075d971e61be472480f62-00693bcb6d" "proxy-server 21" 0.0216 "-" 23 0
Dec 12 07:59:41 standalone proxy-server[115034]: 172.18.0.2 ::1 12/Dec/2025/07/59/41 HEAD /v1/AUTH_a7744d73722e4e728a222b617a4f94ec/glance%3Fformat%3Djson%26states%3Dlisting HTTP/1.0 204 - python-swiftclient-3.11.1 gAAAAABpO8tt3Mx9... - - - tx075d971e61be472480f62-00693bcb6d - 0.0798 - - 1765526381.454658270 1765526381.534491539 0
Dec 12 07:59:41 standalone container-server[113362]: 172.20.0.100 - - [12/Dec/2025:07:59:41 +0000] "PUT /d1/390/AUTH_a7744d73722e4e728a222b617a4f94ec/glance/c79c9842-4bd2-47b8-8f18-68e45fe0d167-00001" 201 - "PUT http://localhost:8080/d1/746/AUTH_a7744d73722e4e728a222b617a4f94ec/glance/c79c9842-4bd2-47b8-8f18-68e45fe0d167-00001" "tx8042a16f3bce466f91860-00693bcb6d" "object-server 23" 0.0005 "-" 23 0
Dec 12 07:59:41 standalone object-server[113649]: 172.20.0.100 - - [12/Dec/2025:07:59:41 +0000] "PUT /d1/746/AUTH_a7744d73722e4e728a222b617a4f94ec/glance/c79c9842-4bd2-47b8-8f18-68e45fe0d167-00001" 201 - "PUT http://localhost:8080/v1/AUTH_a7744d73722e4e728a222b617a4f94ec/glance/c79c9842-4bd2-47b8-8f18-68e45fe0d167-00001" "tx8042a16f3bce466f91860-00693bcb6d" "proxy-server 21" 0.2150 "-" 23 0
Dec 12 07:59:41 standalone proxy-server[115034]: 172.18.0.2 ::1 12/Dec/2025/07/59/41 PUT /v1/AUTH_a7744d73722e4e728a222b617a4f94ec/glance/c79c9842-4bd2-47b8-8f18-68e45fe0d167-00001 HTTP/1.0 201 - python-swiftclient-3.11.1 gAAAAABpO8tt3Mx9... 16300544 - - tx8042a16f3bce466f91860-00693bcb6d - 0.2244 - - 1765526381.543034554 1765526381.767404318 0
Dec 12 07:59:41 standalone container-server[113353]: 172.20.0.100 - - [12/Dec/2025:07:59:41 +0000] "PUT /d1/390/AUTH_a7744d73722e4e728a222b617a4f94ec/glance/c79c9842-4bd2-47b8-8f18-68e45fe0d167" 201 - "PUT http://localhost:8080/d1/387/AUTH_a7744d73722e4e728a222b617a4f94ec/glance/c79c9842-4bd2-47b8-8f18-68e45fe0d167" "tx9f9d78b24e8a45768b7c4-00693bcb6d" "object-server 21" 0.0004 "-" 22 0
Dec 12 07:59:41 standalone object-server[113642]: 172.20.0.100 - - [12/Dec/2025:07:59:41 +0000] "PUT /d1/387/AUTH_a7744d73722e4e728a222b617a4f94ec/glance/c79c9842-4bd2-47b8-8f18-68e45fe0d167" 201 - "PUT http://localhost:8080/v1/AUTH_a7744d73722e4e728a222b617a4f94ec/glance/c79c9842-4bd2-47b8-8f18-68e45fe0d167" "tx9f9d78b24e8a45768b7c4-00693bcb6d" "proxy-server 21" 0.0195 "-" 21 0
Dec 12 07:59:41 standalone proxy-server[115034]: 172.18.0.2 ::1 12/Dec/2025/07/59/41 PUT /v1/AUTH_a7744d73722e4e728a222b617a4f94ec/glance/c79c9842-4bd2-47b8-8f18-68e45fe0d167 HTTP/1.0 201 - python-swiftclient-3.11.1 gAAAAABpO8tt3Mx9... - - - tx9f9d78b24e8a45768b7c4-00693bcb6d - 0.0250 - - 1765526381.771991253 1765526381.796958923 0
Dec 12 07:59:59 standalone object-server[113575]: Begin object update sweep
Dec 12 07:59:59 standalone object-server[152243]: Object update sweep starting on /srv/node/d1 (pid: 13)
Dec 12 07:59:59 standalone object-server[152243]: Object update sweep completed on /srv/node/d1 in 0.00s seconds:, 0 successes, 0 failures, 0 quarantines, 0 unlinks, 0 errors, 0 redirects (pid: 13)
Dec 12 07:59:59 standalone object-server[152243]: Object update sweep of d1 completed: 0.00s, 0 successes, 0 failures, 0 quarantines, 0 unlinks, 0 errors, 0 redirects
Dec 12 07:59:59 standalone object-server[113575]: Object update sweep completed: 0.08s
Dec 12 08:00:10 standalone account-server[113394]: 172.20.0.100 - - [12/Dec/2025:08:00:10 +0000] "HEAD /d1/910/.expiring_objects" 404 - "HEAD http://localhost/v1/.expiring_objects?format=json" "tx01e083a7a06f41a99e485-00693bcb8a" "proxy-server 2" 0.0009 "-" 21 -
Dec 12 08:00:10 standalone object-expirer[113530]: Pass completed in 0s; 0 objects expired (txn: tx01e083a7a06f41a99e485-00693bcb8a)
Dec 12 08:00:16 standalone account-server[113394]: 172.20.0.100 - - [12/Dec/2025:08:00:16 +0000] "HEAD /d1/910/.expiring_objects" 404 - "HEAD http://localhost/v1/.expiring_objects?format=json" "txab5b2cdab27e41d8b5e82-00693bcb90" "proxy-server 2" 0.0005 "-" 21 -
Dec 12 08:00:16 standalone object-expirer[113530]: Pass completed in 0s; 0 objects expired (txn: txab5b2cdab27e41d8b5e82-00693bcb90)
Dec 12 08:03:11 standalone account-server[113394]: 172.20.0.100 - - [12/Dec/2025:08:03:11 +0000] "HEAD /d1/910/.expiring_objects" 404 - "HEAD http://localhost/v1/.expiring_objects?format=json" "tx445684cdc69b4b079e765-00693bcc3f" "proxy-server 2" 0.0007 "-" 21 -
Dec 12 08:03:11 standalone object-expirer[113530]: Pass completed in 0s; 0 objects expired (txn: tx445684cdc69b4b079e765-00693bcc3f)
Dec 12 08:03:15 standalone container-server[113324]: Begin container update sweep
Dec 12 08:03:15 standalone account-server[113387]: 172.20.0.100 - - [12/Dec/2025:08:03:15 +0000] "PUT /d1/953/AUTH_a7744d73722e4e728a222b617a4f94ec/glance" 201 - "-" "-" "container-updater 2" 0.0022 "-" 20 0
Dec 12 08:03:15 standalone container-server[113324]: Container update sweep completed: 0.12s
Dec 12 08:04:23 standalone account-server[113417]: 172.20.0.100 - - [12/Dec/2025:08:04:23 +0000] "HEAD /d1/953/AUTH_a7744d73722e4e728a222b617a4f94ec" 204 - "HEAD http://localhost:8080/v1/AUTH_a7744d73722e4e728a222b617a4f94ec?format=json" "txeed422f2768c4da9884be-00693bcc87" "proxy-server 21" 0.0064 "-" 23 -
Dec 12 08:04:23 standalone proxy-server[115034]: - - 12/Dec/2025/08/04/23 HEAD /v1/AUTH_a7744d73722e4e728a222b617a4f94ec%3Fformat%3Djson HTTP/1.0 204 - Swift - - - - txeed422f2768c4da9884be-00693bcc87 - 0.0111 RL - 1765526663.727182150 1765526663.738242626 -
Dec 12 08:04:23 standalone container-server[113362]: 172.20.0.100 - - [12/Dec/2025:08:04:23 +0000] "HEAD /d1/390/AUTH_a7744d73722e4e728a222b617a4f94ec/glance" 204 - "HEAD http://localhost:8080/v1/AUTH_a7744d73722e4e728a222b617a4f94ec/glance?format=json&states=listing" "txeed422f2768c4da9884be-00693bcc87" "proxy-server 21" 0.0019 "-" 23 0
Dec 12 08:04:23 standalone proxy-server[115034]: 172.18.0.2 ::1 12/Dec/2025/08/04/23 HEAD /v1/AUTH_a7744d73722e4e728a222b617a4f94ec/glance%3Fformat%3Djson%26states%3Dlisting HTTP/1.0 204 - python-swiftclient-3.11.1 gAAAAABpO8yHVhfc... - - - txeed422f2768c4da9884be-00693bcc87 - 0.1335 - - 1765526663.726347208 1765526663.859834909 0
Dec 12 08:04:27 standalone container-server[113346]: 172.20.0.100 - - [12/Dec/2025:08:04:27 +0000] "PUT /d1/390/AUTH_a7744d73722e4e728a222b617a4f94ec/glance/4d20abe1-5a00-43bd-8ce7-a7189efadb54-00001" 201 - "PUT http://localhost:8080/d1/250/AUTH_a7744d73722e4e728a222b617a4f94ec/glance/4d20abe1-5a00-43bd-8ce7-a7189efadb54-00001" "tx5a1d97f52fc54c1b9774f-00693bcc87" "object-server 20" 0.0016 "-" 21 0
Dec 12 08:04:27 standalone object-server[113639]: 172.20.0.100 - - [12/Dec/2025:08:04:27 +0000] "PUT /d1/250/AUTH_a7744d73722e4e728a222b617a4f94ec/glance/4d20abe1-5a00-43bd-8ce7-a7189efadb54-00001" 201 - "PUT http://localhost:8080/v1/AUTH_a7744d73722e4e728a222b617a4f94ec/glance/4d20abe1-5a00-43bd-8ce7-a7189efadb54-00001" "tx5a1d97f52fc54c1b9774f-00693bcc87" "proxy-server 21" 3.1140 "-" 20 0
Dec 12 08:04:27 standalone proxy-server[115034]: 172.18.0.2 ::1 12/Dec/2025/08/04/27 PUT /v1/AUTH_a7744d73722e4e728a222b617a4f94ec/glance/4d20abe1-5a00-43bd-8ce7-a7189efadb54-00001 HTTP/1.0 201 - python-swiftclient-3.11.1 gAAAAABpO8yHVhfc... 21692416 - - tx5a1d97f52fc54c1b9774f-00693bcc87 - 3.1393 - - 1765526663.865688086 1765526667.004943132 0
Dec 12 08:04:27 standalone container-server[113346]: 172.20.0.100 - - [12/Dec/2025:08:04:27 +0000] "PUT /d1/390/AUTH_a7744d73722e4e728a222b617a4f94ec/glance/4d20abe1-5a00-43bd-8ce7-a7189efadb54" 201 - "PUT http://localhost:8080/d1/939/AUTH_a7744d73722e4e728a222b617a4f94ec/glance/4d20abe1-5a00-43bd-8ce7-a7189efadb54" "tx2de6079da7674d628afdd-00693bcc8b" "object-server 22" 0.0008 "-" 21 0
Dec 12 08:04:27 standalone object-server[113646]: 172.20.0.100 - - [12/Dec/2025:08:04:27 +0000] "PUT /d1/939/AUTH_a7744d73722e4e728a222b617a4f94ec/glance/4d20abe1-5a00-43bd-8ce7-a7189efadb54" 201 - "PUT http://localhost:8080/v1/AUTH_a7744d73722e4e728a222b617a4f94ec/glance/4d20abe1-5a00-43bd-8ce7-a7189efadb54" "tx2de6079da7674d628afdd-00693bcc8b" "proxy-server 21" 0.0223 "-" 22 0
Dec 12 08:04:27 standalone proxy-server[115034]: 172.18.0.2 ::1 12/Dec/2025/08/04/27 PUT /v1/AUTH_a7744d73722e4e728a222b617a4f94ec/glance/4d20abe1-5a00-43bd-8ce7-a7189efadb54 HTTP/1.0 201 - python-swiftclient-3.11.1 gAAAAABpO8yHVhfc... - - - tx2de6079da7674d628afdd-00693bcc8b - 0.0310 - - 1765526667.011234522 1765526667.042280436 0
Dec 12 08:04:38 standalone account-server[113417]: 172.20.0.100 - - [12/Dec/2025:08:04:38 +0000] "HEAD /d1/910/.expiring_objects" 404 - "HEAD http://localhost/v1/.expiring_objects?format=json" "txb6be3fab87ab46a28402c-00693bcc96" "proxy-server 2" 0.0004 "-" 23 -
Dec 12 08:04:38 standalone object-expirer[113530]: Pass completed in 0s; 0 objects expired (txn: txb6be3fab87ab46a28402c-00693bcc96)
Dec 12 08:04:59 standalone object-server[113575]: Begin object update sweep
Dec 12 08:04:59 standalone object-server[177305]: Object update sweep starting on /srv/node/d1 (pid: 14)
Dec 12 08:04:59 standalone object-server[177305]: Object update sweep completed on /srv/node/d1 in 0.00s seconds:, 0 successes, 0 failures, 0 quarantines, 0 unlinks, 0 errors, 0 redirects (pid: 14)
Dec 12 08:04:59 standalone object-server[177305]: Object update sweep of d1 completed: 0.00s, 0 successes, 0 failures, 0 quarantines, 0 unlinks, 0 errors, 0 redirects
Dec 12 08:04:59 standalone object-server[113575]: Object update sweep completed: 0.09s
Dec 12 08:05:28 standalone account-server[113394]: 172.20.0.100 - - [12/Dec/2025:08:05:28 +0000] "HEAD /d1/953/AUTH_a7744d73722e4e728a222b617a4f94ec" 204 - "HEAD http://localhost:8080/v1/AUTH_a7744d73722e4e728a222b617a4f94ec?format=json" "txb1f7026f6f9e4c1dbb037-00693bccc8" "proxy-server 21" 0.0024 "-" 21 -
Dec 12 08:05:28 standalone proxy-server[115034]: - - 12/Dec/2025/08/05/28 HEAD /v1/AUTH_a7744d73722e4e728a222b617a4f94ec%3Fformat%3Djson HTTP/1.0 204 - Swift - - - - txb1f7026f6f9e4c1dbb037-00693bccc8 - 0.0059 RL - 1765526728.952840090 1765526728.958746672 -
Dec 12 08:05:29 standalone container-server[113362]: 172.20.0.100 - - [12/Dec/2025:08:05:29 +0000] "HEAD /d1/390/AUTH_a7744d73722e4e728a222b617a4f94ec/glance" 204 - "HEAD http://localhost:8080/v1/AUTH_a7744d73722e4e728a222b617a4f94ec/glance?format=json&states=listing" "txb1f7026f6f9e4c1dbb037-00693bccc8" "proxy-server 21" 0.0063 "-" 23 0
Dec 12 08:05:29 standalone object-server[113639]: 172.20.0.100 - - [12/Dec/2025:08:05:29 +0000] "GET /d1/939/AUTH_a7744d73722e4e728a222b617a4f94ec/glance/4d20abe1-5a00-43bd-8ce7-a7189efadb54" 200 - "GET http://localhost:8080/v1/AUTH_a7744d73722e4e728a222b617a4f94ec/glance/4d20abe1-5a00-43bd-8ce7-a7189efadb54" "txb1f7026f6f9e4c1dbb037-00693bccc8" "proxy-server 21" 0.0016 "-" 20 0
Dec 12 08:05:29 standalone container-server[113346]: 172.20.0.100 - - [12/Dec/2025:08:05:29 +0000] "GET /d1/390/AUTH_a7744d73722e4e728a222b617a4f94ec/glance" 200 210 "GET http://localhost:8080/v1/AUTH_a7744d73722e4e728a222b617a4f94ec/glance?prefix=4d20abe1-5a00-43bd-8ce7-a7189efadb54-&format=json&states=listing" "txb1f7026f6f9e4c1dbb037-00693bccc8" "proxy-server 21" 0.0062 "-" 21 0
Dec 12 08:05:29 standalone proxy-server[115034]: - - 12/Dec/2025/08/05/29 GET /v1/AUTH_a7744d73722e4e728a222b617a4f94ec/glance%3Fprefix%3D4d20abe1-5a00-43bd-8ce7-a7189efadb54-%26format%3Djson%26states%3Dlisting HTTP/1.0 200 - python-swiftclient-3.11.1%20DLO%20MultipartGET gAAAAABpO8zIVK5s... - 210 - txb1f7026f6f9e4c1dbb037-00693bccc8 - 0.0103 DLO - 1765526729.048091888 1765526729.058418512 0
Dec 12 08:05:29 standalone object-server[113639]: 172.20.0.100 - - [12/Dec/2025:08:05:29 +0000] "GET /d1/250/AUTH_a7744d73722e4e728a222b617a4f94ec/glance/4d20abe1-5a00-43bd-8ce7-a7189efadb54-00001" 200 21692416 "GET http://localhost:8080/v1/AUTH_a7744d73722e4e728a222b617a4f94ec/glance/4d20abe1-5a00-43bd-8ce7-a7189efadb54-00001?multipart-manifest=get" "txb1f7026f6f9e4c1dbb037-00693bccc8" "proxy-server 21" 0.0008 "-" 20 0
Dec 12 08:05:29 standalone proxy-server[115034]: - - 12/Dec/2025/08/05/29 GET /v1/AUTH_a7744d73722e4e728a222b617a4f94ec/glance/4d20abe1-5a00-43bd-8ce7-a7189efadb54-00001%3Fmultipart-manifest%3Dget HTTP/1.0 200 - python-swiftclient-3.11.1%20%20DLO%20MultipartGET gAAAAABpO8zIVK5s... - 21692416 - txb1f7026f6f9e4c1dbb037-00693bccc8 - 0.1345 DLO - 1765526729.059127569 1765526729.193665743 0
Dec 12 08:05:29 standalone proxy-server[115034]: 172.18.0.2 ::1 12/Dec/2025/08/05/29 GET /v1/AUTH_a7744d73722e4e728a222b617a4f94ec/glance/4d20abe1-5a00-43bd-8ce7-a7189efadb54 HTTP/1.0 200 - python-swiftclient-3.11.1 gAAAAABpO8zIVK5s... - 21692416 - txb1f7026f6f9e4c1dbb037-00693bccc8 - 0.2421 - - 1765526728.952085495 1765526729.194158554 0
Dec 12 08:08:15 standalone container-server[113324]: Begin container update sweep
Dec 12 08:08:15 standalone account-server[113387]: 172.20.0.100 - - [12/Dec/2025:08:08:15 +0000] "PUT /d1/953/AUTH_a7744d73722e4e728a222b617a4f94ec/glance" 201 - "-" "-" "container-updater 2" 0.0009 "-" 20 0
Dec 12 08:08:15 standalone container-server[113324]: Container update sweep completed: 0.09s
Dec 12 08:08:19 standalone account-server[113417]: 172.20.0.100 - - [12/Dec/2025:08:08:19 +0000] "HEAD /d1/910/.expiring_objects" 404 - "HEAD http://localhost/v1/.expiring_objects?format=json" "tx6c17f793d4534cd586cb8-00693bcd73" "proxy-server 2" 0.0006 "-" 23 -
Dec 12 08:08:19 standalone object-expirer[113530]: Pass completed in 0s; 0 objects expired (txn: tx6c17f793d4534cd586cb8-00693bcd73)
Dec 12 08:09:59 standalone object-server[113575]: Begin object update sweep
Dec 12 08:09:59 standalone object-server[203487]: Object update sweep starting on /srv/node/d1 (pid: 15)
Dec 12 08:09:59 standalone object-server[203487]: Object update sweep completed on /srv/node/d1 in 0.00s seconds:, 0 successes, 0 failures, 0 quarantines, 0 unlinks, 0 errors, 0 redirects (pid: 15)
Dec 12 08:09:59 standalone object-server[203487]: Object update sweep of d1 completed: 0.00s, 0 successes, 0 failures, 0 quarantines, 0 unlinks, 0 errors, 0 redirects
Dec 12 08:09:59 standalone object-server[113575]: Object update sweep completed: 0.08s
Dec 12 08:12:36 standalone account-server[113406]: 172.20.0.100 - - [12/Dec/2025:08:12:36 +0000] "HEAD /d1/910/.expiring_objects" 404 - "HEAD http://localhost/v1/.expiring_objects?format=json" "tx74d6b7a810e74dbe809d4-00693bce74" "proxy-server 2" 0.0012 "-" 22 -
Dec 12 08:12:36 standalone object-expirer[113530]: Pass completed in 0s; 0 objects expired (txn: tx74d6b7a810e74dbe809d4-00693bce74)
Dec 12 08:13:15 standalone container-server[113324]: Begin container update sweep
Dec 12 08:13:15 standalone container-server[113324]: Container update sweep completed: 0.09s
Dec 12 08:13:59 standalone account-server[113394]: 172.20.0.100 - - [12/Dec/2025:08:13:59 +0000] "HEAD /d1/910/.expiring_objects" 404 - "HEAD http://localhost/v1/.expiring_objects?format=json" "txe5160137beb74e73a7e55-00693bcec7" "proxy-server 2" 0.0008 "-" 21 -
Dec 12 08:13:59 standalone object-expirer[113530]: Pass completed in 0s; 0 objects expired (txn: txe5160137beb74e73a7e55-00693bcec7)
Dec 12 08:14:59 standalone object-server[113575]: Begin object update sweep
Dec 12 08:14:59 standalone object-server[227478]: Object update sweep starting on /srv/node/d1 (pid: 16)
Dec 12 08:14:59 standalone object-server[227478]: Object update sweep completed on /srv/node/d1 in 0.00s seconds:, 0 successes, 0 failures, 0 quarantines, 0 unlinks, 0 errors, 0 redirects (pid: 16)
Dec 12 08:14:59 standalone object-server[227478]: Object update sweep of d1 completed: 0.00s, 0 successes, 0 failures, 0 quarantines, 0 unlinks, 0 errors, 0 redirects
Dec 12 08:14:59 standalone object-server[113575]: Object update sweep completed: 0.08s
Dec 12 08:18:08 standalone account-server[113417]: 172.20.0.30 - - [12/Dec/2025:08:18:08 +0000] "HEAD /d1/82/AUTH_da2d9f67f0d744b6b6bd636dfca8b0d2" 404 - "HEAD http://swift-public-openstack.apps-crc.testing/v1/AUTH_da2d9f67f0d744b6b6bd636dfca8b0d2?format=json" "tx8ad850a3777948e883d27-00693bcfc0" "proxy-server 13" 0.0008 "-" 23 -
Dec 12 08:18:09 standalone account-server[113394]: 172.20.0.30 - - [12/Dec/2025:08:18:09 +0000] "GET /d1/82/AUTH_da2d9f67f0d744b6b6bd636dfca8b0d2" 404 - "GET http://swift-public-openstack.apps-crc.testing/v1/AUTH_da2d9f67f0d744b6b6bd636dfca8b0d2?format=json" "tx8ad850a3777948e883d27-00693bcfc0" "proxy-server 13" 0.0005 "-" 21 -
Dec 12 08:18:15 standalone container-server[113324]: Begin container update sweep
Dec 12 08:18:15 standalone container-server[113324]: Container update sweep completed: 0.08s
Dec 12 08:18:53 standalone account-server[113394]: 172.20.0.100 - - [12/Dec/2025:08:18:53 +0000] "HEAD /d1/910/.expiring_objects" 404 - "HEAD http://localhost/v1/.expiring_objects?format=json" "txf8de1841709f4f07adf4e-00693bcfed" "proxy-server 2" 0.0006 "-" 21 -
Dec 12 08:18:53 standalone object-expirer[113530]: Pass completed in 0s; 0 objects expired (txn: txf8de1841709f4f07adf4e-00693bcfed)
Dec 12 08:19:59 standalone object-server[113575]: Begin object update sweep
Dec 12 08:19:59 standalone object-server[246997]: Object update sweep starting on /srv/node/d1 (pid: 17)
Dec 12 08:19:59 standalone object-server[246997]: Object update sweep completed on /srv/node/d1 in 0.00s seconds:, 0 successes, 0 failures, 0 quarantines, 0 unlinks, 0 errors, 0 redirects (pid: 17)
Dec 12 08:19:59 standalone object-server[246997]: Object update sweep of d1 completed: 0.00s, 0 successes, 0 failures, 0 quarantines, 0 unlinks, 0 errors, 0 redirects
Dec 12 08:19:59 standalone object-server[113575]: Object update sweep completed: 0.07s
Dec 12 08:22:40 standalone account-server[113417]: 172.20.0.100 - - [12/Dec/2025:08:22:40 +0000] "HEAD /d1/910/.expiring_objects" 404 - "HEAD http://localhost/v1/.expiring_objects?format=json" "tx115bb081db9b4534834ae-00693bd0d0" "proxy-server 2" 0.0006 "-" 23 -
Dec 12 08:22:40 standalone object-expirer[113530]: Pass completed in 0s; 0 objects expired (txn: tx115bb081db9b4534834ae-00693bd0d0)
Dec 12 08:23:15 standalone container-server[113324]: Begin container update sweep
Dec 12 08:23:15 standalone container-server[113324]: Container update sweep completed: 0.08s
Dec 12 08:24:59 standalone object-server[113575]: Begin object update sweep
Dec 12 08:24:59 standalone object-server[265926]: Object update sweep starting on /srv/node/d1 (pid: 18)
Dec 12 08:24:59 standalone object-server[265926]: Object update sweep completed on /srv/node/d1 in 0.00s seconds:, 0 successes, 0 failures, 0 quarantines, 0 unlinks, 0 errors, 0 redirects (pid: 18)
Dec 12 08:24:59 standalone object-server[265926]: Object update sweep of d1 completed: 0.00s, 0 successes, 0 failures, 0 quarantines, 0 unlinks, 0 errors, 0 redirects
Dec 12 08:24:59 standalone object-server[113575]: Object update sweep completed: 0.08s
Dec 12 08:27:40 standalone account-server[113406]: 172.20.0.100 - - [12/Dec/2025:08:27:40 +0000] "HEAD /d1/910/.expiring_objects" 404 - "HEAD http://localhost/v1/.expiring_objects?format=json" "tx12d1a9ebcdab439ba7153-00693bd1fc" "proxy-server 2" 0.0006 "-" 22 -
Dec 12 08:27:40 standalone object-expirer[113530]: Pass completed in 0s; 0 objects expired (txn: tx12d1a9ebcdab439ba7153-00693bd1fc)
Dec 12 08:27:45 standalone account-server[113406]: 172.20.0.100 - - [12/Dec/2025:08:27:45 +0000] "HEAD /d1/910/.expiring_objects" 404 - "HEAD http://localhost/v1/.expiring_objects?format=json" "txa918b395939c4d7cb7d55-00693bd201" "proxy-server 2" 0.0009 "-" 22 -
Dec 12 08:27:45 standalone object-expirer[113530]: Pass completed in 0s; 0 objects expired (txn: txa918b395939c4d7cb7d55-00693bd201)
Dec 12 08:28:15 standalone container-server[113324]: Begin container update sweep
Dec 12 08:28:15 standalone container-server[113324]: Container update sweep completed: 0.08s
Dec 12 08:29:28 standalone account-server[113406]: 172.20.0.30 - - [12/Dec/2025:08:29:28 +0000] "HEAD /d1/472/AUTH_71af55cedd7a4051aae9e90fcc54beb9" 404 - "HEAD http://swift-internal.openstack.svc:8080/v1/AUTH_71af55cedd7a4051aae9e90fcc54beb9?format=json" "txf535d6fdc40840f192bbd-00693bd268" "proxy-server 14" 0.0007 "-" 22 -
Dec 12 08:29:29 standalone account-server[113387]: 172.20.0.30 - - [12/Dec/2025:08:29:29 +0000] "GET /d1/472/AUTH_71af55cedd7a4051aae9e90fcc54beb9" 404 - "GET http://swift-internal.openstack.svc:8080/v1/AUTH_71af55cedd7a4051aae9e90fcc54beb9?format=json" "txf535d6fdc40840f192bbd-00693bd268" "proxy-server 14" 0.0010 "-" 20 -
Dec 12 08:29:29 standalone account-server[113406]: 172.20.0.30 - - [12/Dec/2025:08:29:29 +0000] "HEAD /d1/174/AUTH_8f3390776daf40cf887488fa7ab9a889" 404 - "HEAD http://swift-internal.openstack.svc:8080/v1/AUTH_8f3390776daf40cf887488fa7ab9a889?format=json" "tx9fb074cd960a4cbc8f08a-00693bd269" "proxy-server 14" 0.0005 "-" 22 -
Dec 12 08:29:29 standalone account-server[113394]: 172.20.0.30 - - [12/Dec/2025:08:29:29 +0000] "GET /d1/174/AUTH_8f3390776daf40cf887488fa7ab9a889" 404 - "GET http://swift-internal.openstack.svc:8080/v1/AUTH_8f3390776daf40cf887488fa7ab9a889?format=json" "tx9fb074cd960a4cbc8f08a-00693bd269" "proxy-server 14" 0.0005 "-" 21 -
Dec 12 08:29:29 standalone account-server[113387]: 172.20.0.30 - - [12/Dec/2025:08:29:29 +0000] "HEAD /d1/953/AUTH_a7744d73722e4e728a222b617a4f94ec" 204 - "HEAD http://swift-internal.openstack.svc:8080/v1/AUTH_a7744d73722e4e728a222b617a4f94ec?format=json" "tx42c35117fadb441d81754-00693bd269" "proxy-server 14" 0.0122 "-" 20 -
Dec 12 08:29:29 standalone account-server[113417]: 172.20.0.30 - - [12/Dec/2025:08:29:29 +0000] "GET /d1/953/AUTH_a7744d73722e4e728a222b617a4f94ec" 200 98 "GET http://swift-internal.openstack.svc:8080/v1/AUTH_a7744d73722e4e728a222b617a4f94ec?format=json" "tx42c35117fadb441d81754-00693bd269" "proxy-server 14" 0.0026 "-" 23 -
Dec 12 08:29:29 standalone account-server[113417]: 172.20.0.30 - - [12/Dec/2025:08:29:29 +0000] "HEAD /d1/82/AUTH_da2d9f67f0d744b6b6bd636dfca8b0d2" 404 - "HEAD http://swift-internal.openstack.svc:8080/v1/AUTH_da2d9f67f0d744b6b6bd636dfca8b0d2?format=json" "tx26db0cac8e614289985ee-00693bd269" "proxy-server 12" 0.0005 "-" 23 -
Dec 12 08:29:29 standalone account-server[113394]: 172.20.0.30 - - [12/Dec/2025:08:29:29 +0000] "GET /d1/82/AUTH_da2d9f67f0d744b6b6bd636dfca8b0d2" 404 - "GET http://swift-internal.openstack.svc:8080/v1/AUTH_da2d9f67f0d744b6b6bd636dfca8b0d2?format=json" "tx26db0cac8e614289985ee-00693bd269" "proxy-server 12" 0.0005 "-" 21 -
Dec 12 08:29:30 standalone account-server[113387]: 172.20.0.30 - - [12/Dec/2025:08:29:30 +0000] "HEAD /d1/472/AUTH_71af55cedd7a4051aae9e90fcc54beb9" 404 - "HEAD http://swift-internal.openstack.svc:8080/v1/AUTH_71af55cedd7a4051aae9e90fcc54beb9?format=json" "tx4cbc7303e64c4b53824c7-00693bd269" "proxy-server 7" 0.0004 "-" 20 -
Dec 12 08:29:30 standalone account-server[113406]: 172.20.0.30 - - [12/Dec/2025:08:29:30 +0000] "HEAD /d1/174/AUTH_8f3390776daf40cf887488fa7ab9a889" 404 - "HEAD http://swift-internal.openstack.svc:8080/v1/AUTH_8f3390776daf40cf887488fa7ab9a889?format=json" "tx53d399293c6d4630b700a-00693bd26a" "proxy-server 12" 0.0003 "-" 22 -
Dec 12 08:29:30 standalone account-server[113417]: 172.20.0.30 - - [12/Dec/2025:08:29:30 +0000] "HEAD /d1/953/AUTH_a7744d73722e4e728a222b617a4f94ec" 204 - "HEAD http://swift-internal.openstack.svc:8080/v1/AUTH_a7744d73722e4e728a222b617a4f94ec?format=json" "txf4d67a4e500246569ebc9-00693bd26a" "proxy-server 7" 0.0021 "-" 23 -
Dec 12 08:29:30 standalone account-server[113406]: 172.20.0.30 - - [12/Dec/2025:08:29:30 +0000] "HEAD /d1/82/AUTH_da2d9f67f0d744b6b6bd636dfca8b0d2" 404 - "HEAD http://swift-internal.openstack.svc:8080/v1/AUTH_da2d9f67f0d744b6b6bd636dfca8b0d2?format=json" "txe454b894b31e49d0a1c83-00693bd26a" "proxy-server 12" 0.0005 "-" 22 -
Dec 12 08:30:00 standalone object-server[113575]: Begin object update sweep
Dec 12 08:30:00 standalone object-server[285367]: Object update sweep starting on /srv/node/d1 (pid: 19)
Dec 12 08:30:00 standalone object-server[285367]: Object update sweep completed on /srv/node/d1 in 0.00s seconds:, 0 successes, 0 failures, 0 quarantines, 0 unlinks, 0 errors, 0 redirects (pid: 19)
Dec 12 08:30:00 standalone object-server[285367]: Object update sweep of d1 completed: 0.00s, 0 successes, 0 failures, 0 quarantines, 0 unlinks, 0 errors, 0 redirects
Dec 12 08:30:00 standalone object-server[113575]: Object update sweep completed: 0.08s
Dec 12 08:30:06 standalone account-server[113394]: 172.20.0.30 - - [12/Dec/2025:08:30:06 +0000] "GET /d1/472/AUTH_71af55cedd7a4051aae9e90fcc54beb9" 404 - "GET http://swift-internal.openstack.svc:8080/v1/AUTH_71af55cedd7a4051aae9e90fcc54beb9?format=json" "tx1815929ae8bf4f64a7e4c-00693bd28e" "proxy-server 10" 0.0007 "-" 21 -
Dec 12 08:30:06 standalone account-server[113406]: 172.20.0.30 - - [12/Dec/2025:08:30:06 +0000] "GET /d1/174/AUTH_8f3390776daf40cf887488fa7ab9a889" 404 - "GET http://swift-internal.openstack.svc:8080/v1/AUTH_8f3390776daf40cf887488fa7ab9a889?format=json" "tx2d6f11199d914ff0a085b-00693bd28e" "proxy-server 10" 0.0006 "-" 22 -
Dec 12 08:30:06 standalone account-server[113406]: 172.20.0.30 - - [12/Dec/2025:08:30:06 +0000] "GET /d1/953/AUTH_a7744d73722e4e728a222b617a4f94ec" 200 98 "GET http://swift-internal.openstack.svc:8080/v1/AUTH_a7744d73722e4e728a222b617a4f94ec?format=json" "tx49ee4d46a16d484d8c27f-00693bd28e" "proxy-server 10" 0.0039 "-" 22 -
Dec 12 08:30:07 standalone account-server[113394]: 172.20.0.30 - - [12/Dec/2025:08:30:07 +0000] "GET /d1/82/AUTH_da2d9f67f0d744b6b6bd636dfca8b0d2" 404 - "GET http://swift-internal.openstack.svc:8080/v1/AUTH_da2d9f67f0d744b6b6bd636dfca8b0d2?format=json" "txdc9c64c370954930ad5bf-00693bd28e" "proxy-server 11" 0.0003 "-" 21 -
Dec 12 08:30:07 standalone account-server[113394]: 172.20.0.30 - - [12/Dec/2025:08:30:07 +0000] "HEAD /d1/472/AUTH_71af55cedd7a4051aae9e90fcc54beb9" 404 - "HEAD http://swift-internal.openstack.svc:8080/v1/AUTH_71af55cedd7a4051aae9e90fcc54beb9?format=json" "tx61632f62e69c4f43b36fb-00693bd28f" "proxy-server 11" 0.0003 "-" 21 -
Dec 12 08:30:07 standalone account-server[113417]: 172.20.0.30 - - [12/Dec/2025:08:30:07 +0000] "HEAD /d1/174/AUTH_8f3390776daf40cf887488fa7ab9a889" 404 - "HEAD http://swift-internal.openstack.svc:8080/v1/AUTH_8f3390776daf40cf887488fa7ab9a889?format=json" "txf2456a690e14435f91999-00693bd28f" "proxy-server 11" 0.0006 "-" 23 -
Dec 12 08:30:07 standalone account-server[113417]: 172.20.0.30 - - [12/Dec/2025:08:30:07 +0000] "HEAD /d1/953/AUTH_a7744d73722e4e728a222b617a4f94ec" 204 - "HEAD http://swift-internal.openstack.svc:8080/v1/AUTH_a7744d73722e4e728a222b617a4f94ec?format=json" "txc093111519494b6aaa23f-00693bd28f" "proxy-server 10" 0.0027 "-" 23 -
Dec 12 08:30:07 standalone account-server[113387]: 172.20.0.30 - - [12/Dec/2025:08:30:07 +0000] "HEAD /d1/82/AUTH_da2d9f67f0d744b6b6bd636dfca8b0d2" 404 - "HEAD http://swift-internal.openstack.svc:8080/v1/AUTH_da2d9f67f0d744b6b6bd636dfca8b0d2?format=json" "txf13dd3e617624ee6a055a-00693bd28f" "proxy-server 11" 0.0004 "-" 20 -
Dec 12 08:30:24 standalone account-server[113406]: 172.20.0.100 - - [12/Dec/2025:08:30:24 +0000] "HEAD /d1/910/.expiring_objects" 404 - "HEAD http://localhost/v1/.expiring_objects?format=json" "txf3896d0d12bc4de09c4f8-00693bd2a0" "proxy-server 2" 0.0008 "-" 22 -
Dec 12 08:30:24 standalone object-expirer[113530]: Pass completed in 0s; 0 objects expired (txn: txf3896d0d12bc4de09c4f8-00693bd2a0)
Dec 12 08:30:42 standalone account-server[113387]: 172.20.0.30 - - [12/Dec/2025:08:30:42 +0000] "GET /d1/472/AUTH_71af55cedd7a4051aae9e90fcc54beb9" 404 - "GET http://swift-internal.openstack.svc:8080/v1/AUTH_71af55cedd7a4051aae9e90fcc54beb9?format=json" "txde3f5a0d1cf94b7cb3b0d-00693bd2b1" "proxy-server 6" 0.0008 "-" 20 -
Dec 12 08:30:42 standalone account-server[113394]: 172.20.0.30 - - [12/Dec/2025:08:30:42 +0000] "GET /d1/174/AUTH_8f3390776daf40cf887488fa7ab9a889" 404 - "GET http://swift-internal.openstack.svc:8080/v1/AUTH_8f3390776daf40cf887488fa7ab9a889?format=json" "tx2b4218080b56420f9b1d4-00693bd2b2" "proxy-server 6" 0.0005 "-" 21 -
Dec 12 08:30:42 standalone account-server[113406]: 172.20.0.30 - - [12/Dec/2025:08:30:42 +0000] "GET /d1/953/AUTH_a7744d73722e4e728a222b617a4f94ec" 200 98 "GET http://swift-internal.openstack.svc:8080/v1/AUTH_a7744d73722e4e728a222b617a4f94ec?format=json" "tx162c64320b4840c69c259-00693bd2b2" "proxy-server 6" 0.0028 "-" 22 -
Dec 12 08:30:42 standalone account-server[113394]: 172.20.0.30 - - [12/Dec/2025:08:30:42 +0000] "GET /d1/82/AUTH_da2d9f67f0d744b6b6bd636dfca8b0d2" 404 - "GET http://swift-internal.openstack.svc:8080/v1/AUTH_da2d9f67f0d744b6b6bd636dfca8b0d2?format=json" "tx1ec12f01f33f4af2b578d-00693bd2b2" "proxy-server 6" 0.0005 "-" 21 -
Dec 12 08:30:42 standalone account-server[113394]: 172.20.0.30 - - [12/Dec/2025:08:30:42 +0000] "HEAD /d1/472/AUTH_71af55cedd7a4051aae9e90fcc54beb9" 404 - "HEAD http://swift-internal.openstack.svc:8080/v1/AUTH_71af55cedd7a4051aae9e90fcc54beb9?format=json" "tx12061f79e2d74fb2bedd6-00693bd2b2" "proxy-server 6" 0.0005 "-" 21 -
Dec 12 08:30:42 standalone account-server[113387]: 172.20.0.30 - - [12/Dec/2025:08:30:42 +0000] "HEAD /d1/174/AUTH_8f3390776daf40cf887488fa7ab9a889" 404 - "HEAD http://swift-internal.openstack.svc:8080/v1/AUTH_8f3390776daf40cf887488fa7ab9a889?format=json" "tx968d56d9eeb84b62a50d3-00693bd2b2" "proxy-server 11" 0.0005 "-" 20 -
Dec 12 08:30:42 standalone account-server[113406]: 172.20.0.30 - - [12/Dec/2025:08:30:42 +0000] "HEAD /d1/953/AUTH_a7744d73722e4e728a222b617a4f94ec" 204 - "HEAD http://swift-internal.openstack.svc:8080/v1/AUTH_a7744d73722e4e728a222b617a4f94ec?format=json" "tx340c4e0490764ffcad86b-00693bd2b2" "proxy-server 6" 0.0021 "-" 22 -
Dec 12 08:30:43 standalone account-server[113387]: 172.20.0.30 - - [12/Dec/2025:08:30:43 +0000] "HEAD /d1/82/AUTH_da2d9f67f0d744b6b6bd636dfca8b0d2" 404 - "HEAD http://swift-internal.openstack.svc:8080/v1/AUTH_da2d9f67f0d744b6b6bd636dfca8b0d2?format=json" "tx7f567ac8647f4377b918f-00693bd2b3" "proxy-server 6" 0.0005 "-" 20 -
Dec 12 08:33:15 standalone container-server[113324]: Begin container update sweep
Dec 12 08:33:15 standalone container-server[113324]: Container update sweep completed: 0.07s
Dec 12 08:34:04 standalone account-server[113387]: 172.20.0.100 - - [12/Dec/2025:08:34:04 +0000] "HEAD /d1/910/.expiring_objects" 404 - "HEAD http://localhost/v1/.expiring_objects?format=json" "tx9025fb57e6484d9699694-00693bd37c" "proxy-server 2" 0.0007 "-" 20 -
Dec 12 08:34:04 standalone object-expirer[113530]: Pass completed in 0s; 0 objects expired (txn: tx9025fb57e6484d9699694-00693bd37c)
Dec 12 08:35:00 standalone object-server[113575]: Begin object update sweep
Dec 12 08:35:00 standalone object-server[296582]: Object update sweep starting on /srv/node/d1 (pid: 20)
Dec 12 08:35:00 standalone object-server[296582]: Object update sweep completed on /srv/node/d1 in 0.00s seconds:, 0 successes, 0 failures, 0 quarantines, 0 unlinks, 0 errors, 0 redirects (pid: 20)
Dec 12 08:35:00 standalone object-server[296582]: Object update sweep of d1 completed: 0.00s, 0 successes, 0 failures, 0 quarantines, 0 unlinks, 0 errors, 0 redirects
Dec 12 08:35:00 standalone object-server[113575]: Object update sweep completed: 0.08s
Dec 12 08:35:41 standalone account-server[113406]: 172.20.0.30 - - [12/Dec/2025:08:35:41 +0000] "HEAD /d1/472/AUTH_71af55cedd7a4051aae9e90fcc54beb9" 404 - "HEAD http://swift-internal.openstack.svc:8080/v1/AUTH_71af55cedd7a4051aae9e90fcc54beb9?format=json" "tx06c79a4214e04d6e9ad6f-00693bd3dd" "proxy-server 9" 0.0014 "-" 22 -
Dec 12 08:35:42 standalone account-server[113406]: 172.20.0.30 - - [12/Dec/2025:08:35:42 +0000] "HEAD /d1/472/AUTH_71af55cedd7a4051aae9e90fcc54beb9" 404 - "HEAD http://swift-internal.openstack.svc:8080/v1/AUTH_71af55cedd7a4051aae9e90fcc54beb9?format=json" "tx06c79a4214e04d6e9ad6f-00693bd3dd" "proxy-server 9" 0.0005 "-" 22 -
Dec 12 08:35:42 standalone account-server[113417]: 172.20.0.30 - - [12/Dec/2025:08:35:42 +0000] "HEAD /d1/174/AUTH_8f3390776daf40cf887488fa7ab9a889" 404 - "HEAD http://swift-internal.openstack.svc:8080/v1/AUTH_8f3390776daf40cf887488fa7ab9a889?format=json" "tx3ea2d37faeab435d892f4-00693bd3de" "proxy-server 14" 0.0006 "-" 23 -
Dec 12 08:35:42 standalone account-server[113387]: 172.20.0.30 - - [12/Dec/2025:08:35:42 +0000] "HEAD /d1/174/AUTH_8f3390776daf40cf887488fa7ab9a889" 404 - "HEAD http://swift-internal.openstack.svc:8080/v1/AUTH_8f3390776daf40cf887488fa7ab9a889?format=json" "tx3ea2d37faeab435d892f4-00693bd3de" "proxy-server 14" 0.0005 "-" 20 -
Dec 12 08:35:42 standalone account-server[113394]: 172.20.0.30 - - [12/Dec/2025:08:35:42 +0000] "HEAD /d1/953/AUTH_a7744d73722e4e728a222b617a4f94ec" 204 - "HEAD http://swift-internal.openstack.svc:8080/v1/AUTH_a7744d73722e4e728a222b617a4f94ec?format=json" "txf41f57a45f4d434a97239-00693bd3de" "proxy-server 14" 0.0029 "-" 21 -
Dec 12 08:35:42 standalone account-server[113394]: 172.20.0.30 - - [12/Dec/2025:08:35:42 +0000] "HEAD /d1/953/AUTH_a7744d73722e4e728a222b617a4f94ec" 204 - "HEAD http://swift-internal.openstack.svc:8080/v1/AUTH_a7744d73722e4e728a222b617a4f94ec?format=json" "txf41f57a45f4d434a97239-00693bd3de" "proxy-server 14" 0.0021 "-" 21 -
Dec 12 08:35:42 standalone account-server[113417]: 172.20.0.30 - - [12/Dec/2025:08:35:42 +0000] "HEAD /d1/82/AUTH_da2d9f67f0d744b6b6bd636dfca8b0d2" 404 - "HEAD http://swift-internal.openstack.svc:8080/v1/AUTH_da2d9f67f0d744b6b6bd636dfca8b0d2?format=json" "tx84151be3269744aca45c4-00693bd3de" "proxy-server 9" 0.0007 "-" 23 -
Dec 12 08:35:42 standalone account-server[113417]: 172.20.0.30 - - [12/Dec/2025:08:35:42 +0000] "HEAD /d1/82/AUTH_da2d9f67f0d744b6b6bd636dfca8b0d2" 404 - "HEAD http://swift-internal.openstack.svc:8080/v1/AUTH_da2d9f67f0d744b6b6bd636dfca8b0d2?format=json" "tx84151be3269744aca45c4-00693bd3de" "proxy-server 9" 0.0004 "-" 23 -
Dec 12 08:35:42 standalone account-server[113394]: 172.20.0.30 - - [12/Dec/2025:08:35:42 +0000] "GET /d1/472/AUTH_71af55cedd7a4051aae9e90fcc54beb9" 404 - "GET http://swift-internal.openstack.svc:8080/v1/AUTH_71af55cedd7a4051aae9e90fcc54beb9?format=json" "tx638abaad8af74f1d9a3b5-00693bd3de" "proxy-server 14" 0.0006 "-" 21 -
Dec 12 08:35:42 standalone account-server[113394]: 172.20.0.30 - - [12/Dec/2025:08:35:42 +0000] "GET /d1/174/AUTH_8f3390776daf40cf887488fa7ab9a889" 404 - "GET http://swift-internal.openstack.svc:8080/v1/AUTH_8f3390776daf40cf887488fa7ab9a889?format=json" "tx10117551624049cb88322-00693bd3de" "proxy-server 9" 0.0003 "-" 21 -
Dec 12 08:35:42 standalone account-server[113406]: 172.20.0.30 - - [12/Dec/2025:08:35:42 +0000] "GET /d1/953/AUTH_a7744d73722e4e728a222b617a4f94ec" 200 98 "GET http://swift-internal.openstack.svc:8080/v1/AUTH_a7744d73722e4e728a222b617a4f94ec?format=json" "tx4476265495234b1684bdd-00693bd3de" "proxy-server 9" 0.0050 "-" 22 -
Dec 12 08:35:42 standalone account-server[113394]: 172.20.0.30 - - [12/Dec/2025:08:35:42 +0000] "GET /d1/82/AUTH_da2d9f67f0d744b6b6bd636dfca8b0d2" 404 - "GET http://swift-internal.openstack.svc:8080/v1/AUTH_da2d9f67f0d744b6b6bd636dfca8b0d2?format=json" "txe750346614cf4f8789e36-00693bd3de" "proxy-server 14" 0.0005 "-" 21 -
Dec 12 08:36:56 standalone account-server[113406]: 172.20.0.100 - - [12/Dec/2025:08:36:56 +0000] "HEAD /d1/910/.expiring_objects" 404 - "HEAD http://localhost/v1/.expiring_objects?format=json" "txab0b5f02497a4317b5f82-00693bd428" "proxy-server 2" 0.0006 "-" 22 -
Dec 12 08:36:56 standalone object-expirer[113530]: Pass completed in 0s; 0 objects expired (txn: txab0b5f02497a4317b5f82-00693bd428)
Dec 12 08:37:15 standalone account-server[113394]: 172.20.0.100 - - [12/Dec/2025:08:37:15 +0000] "HEAD /d1/910/.expiring_objects" 404 - "HEAD http://localhost/v1/.expiring_objects?format=json" "tx11d8e08dad404d2faed93-00693bd43b" "proxy-server 2" 0.0006 "-" 21 -
Dec 12 08:37:15 standalone object-expirer[113530]: Pass completed in 0s; 0 objects expired (txn: tx11d8e08dad404d2faed93-00693bd43b)
Dec 12 08:38:15 standalone container-server[113324]: Begin container update sweep
Dec 12 08:38:15 standalone container-server[113324]: Container update sweep completed: 0.08s
Dec 12 08:39:57 standalone proxy-server[114951]: SIGTERM received (2)
Dec 12 08:39:57 standalone proxy-server[114951]: Exited (2)
Dec 12 08:40:00 standalone object-server[113575]: Begin object update sweep
Dec 12 08:40:00 standalone object-server[302245]: Object update sweep starting on /srv/node/d1 (pid: 21)
Dec 12 08:40:00 standalone object-server[302245]: Object update sweep completed on /srv/node/d1 in 0.00s seconds:, 0 successes, 0 failures, 0 quarantines, 0 unlinks, 0 errors, 0 redirects (pid: 21)
Dec 12 08:40:00 standalone object-server[302245]: Object update sweep of d1 completed: 0.00s, 0 successes, 0 failures, 0 quarantines, 0 unlinks, 0 errors, 0 redirects
Dec 12 08:40:00 standalone object-server[113575]: Object update sweep completed: 0.08s
Dec 12 08:40:41 standalone account-server[113406]: 172.20.0.30 - - [12/Dec/2025:08:40:41 +0000] "HEAD /d1/472/AUTH_71af55cedd7a4051aae9e90fcc54beb9" 404 - "HEAD http://swift-internal.openstack.svc:8080/v1/AUTH_71af55cedd7a4051aae9e90fcc54beb9?format=json" "tx1f05eaaa6a0e4c1098166-00693bd509" "proxy-server 9" 0.0009 "-" 22 -
Dec 12 08:40:41 standalone account-server[113417]: 172.20.0.30 - - [12/Dec/2025:08:40:41 +0000] "GET /d1/472/AUTH_71af55cedd7a4051aae9e90fcc54beb9" 404 - "GET http://swift-internal.openstack.svc:8080/v1/AUTH_71af55cedd7a4051aae9e90fcc54beb9?format=json" "tx1f05eaaa6a0e4c1098166-00693bd509" "proxy-server 9" 0.0005 "-" 23 -
Dec 12 08:40:41 standalone account-server[113406]: 172.20.0.30 - - [12/Dec/2025:08:40:41 +0000] "HEAD /d1/174/AUTH_8f3390776daf40cf887488fa7ab9a889" 404 - "HEAD http://swift-internal.openstack.svc:8080/v1/AUTH_8f3390776daf40cf887488fa7ab9a889?format=json" "tx6bd95f06fd2948eeafd4d-00693bd509" "proxy-server 9" 0.0004 "-" 22 -
