Dec 12 09:25:42 standalone account-server[113394]: 172.20.0.30 - - [12/Dec/2025:09:25:42 +0000] "HEAD /d1/174/AUTH_8f3390776daf40cf887488fa7ab9a889" 404 - "HEAD http://swift-internal.openstack.svc:8080/v1/AUTH_8f3390776daf40cf887488fa7ab9a889?format=json" "tx7f4875c0f679491b8b812-00693bdf96" "proxy-server 16" 0.0004 "-" 21 -
Dec 12 09:25:42 standalone account-server[113394]: 172.20.0.30 - - [12/Dec/2025:09:25:42 +0000] "GET /d1/174/AUTH_8f3390776daf40cf887488fa7ab9a889" 404 - "GET http://swift-internal.openstack.svc:8080/v1/AUTH_8f3390776daf40cf887488fa7ab9a889?format=json" "tx7f4875c0f679491b8b812-00693bdf96" "proxy-server 16" 0.0005 "-" 21 -
Dec 12 09:25:42 standalone account-server[113406]: 172.20.0.30 - - [12/Dec/2025:09:25:42 +0000] "HEAD /d1/953/AUTH_a7744d73722e4e728a222b617a4f94ec" 204 - "HEAD http://swift-internal.openstack.svc:8080/v1/AUTH_a7744d73722e4e728a222b617a4f94ec?format=json" "tx1a40ebb3048a4a67ab146-00693bdf96" "proxy-server 5" 0.0023 "-" 22 -
Dec 12 09:25:42 standalone account-server[113417]: 172.20.0.30 - - [12/Dec/2025:09:25:42 +0000] "GET /d1/953/AUTH_a7744d73722e4e728a222b617a4f94ec" 200 98 "GET http://swift-internal.openstack.svc:8080/v1/AUTH_a7744d73722e4e728a222b617a4f94ec?format=json" "tx1a40ebb3048a4a67ab146-00693bdf96" "proxy-server 5" 0.0029 "-" 23 -
Dec 12 09:25:42 standalone account-server[113394]: 172.20.0.30 - - [12/Dec/2025:09:25:42 +0000] "HEAD /d1/82/AUTH_da2d9f67f0d744b6b6bd636dfca8b0d2" 404 - "HEAD http://swift-internal.openstack.svc:8080/v1/AUTH_da2d9f67f0d744b6b6bd636dfca8b0d2?format=json" "tx972c486bbce5463b8edd0-00693bdf96" "proxy-server 5" 0.0007 "-" 21 -
Dec 12 09:25:42 standalone account-server[113394]: 172.20.0.30 - - [12/Dec/2025:09:25:42 +0000] "GET /d1/82/AUTH_da2d9f67f0d744b6b6bd636dfca8b0d2" 404 - "GET http://swift-internal.openstack.svc:8080/v1/AUTH_da2d9f67f0d744b6b6bd636dfca8b0d2?format=json" "tx972c486bbce5463b8edd0-00693bdf96" "proxy-server 5" 0.0004 "-" 21 -
Dec 12 09:25:43 standalone account-server[113406]: 172.20.0.30 - - [12/Dec/2025:09:25:43 +0000] "HEAD /d1/472/AUTH_71af55cedd7a4051aae9e90fcc54beb9" 404 - "HEAD http://swift-internal.openstack.svc:8080/v1/AUTH_71af55cedd7a4051aae9e90fcc54beb9?format=json" "tx07480f03725e41b396be1-00693bdf97" "proxy-server 16" 0.0004 "-" 22 -
Dec 12 09:25:43 standalone account-server[113394]: 172.20.0.30 - - [12/Dec/2025:09:25:43 +0000] "HEAD /d1/174/AUTH_8f3390776daf40cf887488fa7ab9a889" 404 - "HEAD http://swift-internal.openstack.svc:8080/v1/AUTH_8f3390776daf40cf887488fa7ab9a889?format=json" "tx5fb7e83004a04a47bd7d0-00693bdf97" "proxy-server 16" 0.0004 "-" 21 -
Dec 12 09:25:43 standalone account-server[113406]: 172.20.0.30 - - [12/Dec/2025:09:25:43 +0000] "HEAD /d1/953/AUTH_a7744d73722e4e728a222b617a4f94ec" 204 - "HEAD http://swift-internal.openstack.svc:8080/v1/AUTH_a7744d73722e4e728a222b617a4f94ec?format=json" "tx96d0c31d81194653bdb21-00693bdf97" "proxy-server 5" 0.0023 "-" 22 -
Dec 12 09:25:43 standalone account-server[113417]: 172.20.0.30 - - [12/Dec/2025:09:25:43 +0000] "HEAD /d1/82/AUTH_da2d9f67f0d744b6b6bd636dfca8b0d2" 404 - "HEAD http://swift-internal.openstack.svc:8080/v1/AUTH_da2d9f67f0d744b6b6bd636dfca8b0d2?format=json" "tx80690f07af7f496c82d59-00693bdf97" "proxy-server 5" 0.0004 "-" 23 -
Dec 12 09:26:06 standalone container-server[113342]: 172.20.0.30 - - [12/Dec/2025:09:26:06 +0000] "HEAD /d1/390/AUTH_a7744d73722e4e728a222b617a4f94ec/glance" 204 - "HEAD http://swift-internal.openstack.svc:8080/v1/AUTH_a7744d73722e4e728a222b617a4f94ec/glance?format=json&states=listing" "txc9a94316cf7540978a845-00693bdfae" "proxy-server 5" 0.0027 "-" 20 0
Dec 12 09:26:06 standalone container-server[113342]: 172.20.0.100 - - [12/Dec/2025:09:26:06 +0000] "PUT /d1/390/AUTH_a7744d73722e4e728a222b617a4f94ec/glance/20a79ef3-5fcd-4a8c-a8f8-d879c9b01074-00001" 201 - "PUT http://swift-internal.openstack.svc:8080/d1/445/AUTH_a7744d73722e4e728a222b617a4f94ec/glance/20a79ef3-5fcd-4a8c-a8f8-d879c9b01074-00001" "tx70017f2a9b04493eb0d70-00693bdfae" "object-server 21" 0.0010 "-" 20 0
Dec 12 09:26:06 standalone object-server[113642]: 172.20.0.30 - - [12/Dec/2025:09:26:06 +0000] "PUT /d1/445/AUTH_a7744d73722e4e728a222b617a4f94ec/glance/20a79ef3-5fcd-4a8c-a8f8-d879c9b01074-00001" 201 - "PUT http://swift-internal.openstack.svc:8080/v1/AUTH_a7744d73722e4e728a222b617a4f94ec/glance/20a79ef3-5fcd-4a8c-a8f8-d879c9b01074-00001" "tx70017f2a9b04493eb0d70-00693bdfae" "proxy-server 5" 0.2926 "-" 21 0
Dec 12 09:26:06 standalone container-server[113353]: 172.20.0.100 - - [12/Dec/2025:09:26:06 +0000] "PUT /d1/390/AUTH_a7744d73722e4e728a222b617a4f94ec/glance/20a79ef3-5fcd-4a8c-a8f8-d879c9b01074" 201 - "PUT http://swift-internal.openstack.svc:8080/d1/776/AUTH_a7744d73722e4e728a222b617a4f94ec/glance/20a79ef3-5fcd-4a8c-a8f8-d879c9b01074" "tx8f77787d8f4f4a16ab289-00693bdfae" "object-server 23" 0.0008 "-" 22 0
Dec 12 09:26:06 standalone object-server[113649]: 172.20.0.30 - - [12/Dec/2025:09:26:06 +0000] "PUT /d1/776/AUTH_a7744d73722e4e728a222b617a4f94ec/glance/20a79ef3-5fcd-4a8c-a8f8-d879c9b01074" 201 - "PUT http://swift-internal.openstack.svc:8080/v1/AUTH_a7744d73722e4e728a222b617a4f94ec/glance/20a79ef3-5fcd-4a8c-a8f8-d879c9b01074" "tx8f77787d8f4f4a16ab289-00693bdfae" "proxy-server 5" 0.0116 "-" 23 0
Dec 12 09:26:07 standalone container-server[113353]: 172.20.0.30 - - [12/Dec/2025:09:26:07 +0000] "HEAD /d1/390/AUTH_a7744d73722e4e728a222b617a4f94ec/glance" 204 - "HEAD http://swift-internal.openstack.svc:8080/v1/AUTH_a7744d73722e4e728a222b617a4f94ec/glance?format=json&states=listing" "txfc4399272c3d47539db58-00693bdfaf" "proxy-server 6" 0.0165 "-" 22 0
Dec 12 09:26:07 standalone container-server[113362]: 172.20.0.100 - - [12/Dec/2025:09:26:07 +0000] "PUT /d1/390/AUTH_a7744d73722e4e728a222b617a4f94ec/glance/0d0c8dc5-c86e-4d58-8a3f-70f8a1f27b82-00001" 201 - "PUT http://swift-internal.openstack.svc:8080/d1/785/AUTH_a7744d73722e4e728a222b617a4f94ec/glance/0d0c8dc5-c86e-4d58-8a3f-70f8a1f27b82-00001" "txdbc82bba11444fa081f6f-00693bdfaf" "object-server 20" 0.0010 "-" 23 0
Dec 12 09:26:07 standalone object-server[113639]: 172.20.0.30 - - [12/Dec/2025:09:26:07 +0000] "PUT /d1/785/AUTH_a7744d73722e4e728a222b617a4f94ec/glance/0d0c8dc5-c86e-4d58-8a3f-70f8a1f27b82-00001" 201 - "PUT http://swift-internal.openstack.svc:8080/v1/AUTH_a7744d73722e4e728a222b617a4f94ec/glance/0d0c8dc5-c86e-4d58-8a3f-70f8a1f27b82-00001" "txdbc82bba11444fa081f6f-00693bdfaf" "proxy-server 6" 0.3053 "-" 20 0
Dec 12 09:26:07 standalone container-server[113353]: 172.20.0.100 - - [12/Dec/2025:09:26:07 +0000] "PUT /d1/390/AUTH_a7744d73722e4e728a222b617a4f94ec/glance/0d0c8dc5-c86e-4d58-8a3f-70f8a1f27b82" 201 - "PUT http://swift-internal.openstack.svc:8080/d1/198/AUTH_a7744d73722e4e728a222b617a4f94ec/glance/0d0c8dc5-c86e-4d58-8a3f-70f8a1f27b82" "tx814e1d7577f047f988dd5-00693bdfaf" "object-server 21" 0.0008 "-" 22 0
Dec 12 09:26:07 standalone object-server[113642]: 172.20.0.30 - - [12/Dec/2025:09:26:07 +0000] "PUT /d1/198/AUTH_a7744d73722e4e728a222b617a4f94ec/glance/0d0c8dc5-c86e-4d58-8a3f-70f8a1f27b82" 201 - "PUT http://swift-internal.openstack.svc:8080/v1/AUTH_a7744d73722e4e728a222b617a4f94ec/glance/0d0c8dc5-c86e-4d58-8a3f-70f8a1f27b82" "tx814e1d7577f047f988dd5-00693bdfaf" "proxy-server 6" 0.0129 "-" 21 0
Dec 12 09:26:31 standalone account-server[113406]: 172.20.0.100 - - [12/Dec/2025:09:26:31 +0000] "HEAD /d1/910/.expiring_objects" 404 - "HEAD http://localhost/v1/.expiring_objects?format=json" "tx77569d01a475417a87fa0-00693bdfc7" "proxy-server 2" 0.0007 "-" 22 -
Dec 12 09:26:31 standalone object-expirer[113530]: Pass completed in 0s; 0 objects expired (txn: tx77569d01a475417a87fa0-00693bdfc7)
Dec 12 09:26:55 standalone account-server[113387]: 172.20.0.30 - - [12/Dec/2025:09:26:55 +0000] "HEAD /d1/953/AUTH_a7744d73722e4e728a222b617a4f94ec" 204 - "HEAD http://swift-internal.openstack.svc:8080/v1/AUTH_a7744d73722e4e728a222b617a4f94ec?format=json" "txf1df7d84543445ce8c935-00693bdfdf" "proxy-server 14" 0.0023 "-" 20 -
Dec 12 09:26:55 standalone container-server[113346]: 172.20.0.30 - - [12/Dec/2025:09:26:55 +0000] "HEAD /d1/390/AUTH_a7744d73722e4e728a222b617a4f94ec/glance" 204 - "HEAD http://swift-internal.openstack.svc:8080/v1/AUTH_a7744d73722e4e728a222b617a4f94ec/glance?format=json&states=listing" "txf1df7d84543445ce8c935-00693bdfdf" "proxy-server 14" 0.0160 "-" 21 0
Dec 12 09:26:55 standalone container-server[113346]: 172.20.0.100 - - [12/Dec/2025:09:26:55 +0000] "PUT /d1/390/AUTH_a7744d73722e4e728a222b617a4f94ec/glance/c3a995b3-4fde-4123-8706-199d8ed184b4-00001" 201 - "PUT http://swift-internal.openstack.svc:8080/d1/679/AUTH_a7744d73722e4e728a222b617a4f94ec/glance/c3a995b3-4fde-4123-8706-199d8ed184b4-00001" "tx0a9b8bcab52c409ea0fac-00693bdfdf" "object-server 23" 0.0005 "-" 21 0
Dec 12 09:26:55 standalone object-server[113649]: 172.20.0.30 - - [12/Dec/2025:09:26:55 +0000] "PUT /d1/679/AUTH_a7744d73722e4e728a222b617a4f94ec/glance/c3a995b3-4fde-4123-8706-199d8ed184b4-00001" 201 - "PUT http://swift-internal.openstack.svc:8080/v1/AUTH_a7744d73722e4e728a222b617a4f94ec/glance/c3a995b3-4fde-4123-8706-199d8ed184b4-00001" "tx0a9b8bcab52c409ea0fac-00693bdfdf" "proxy-server 14" 0.0167 "-" 23 0
Dec 12 09:26:55 standalone container-server[113342]: 172.20.0.100 - - [12/Dec/2025:09:26:55 +0000] "PUT /d1/390/AUTH_a7744d73722e4e728a222b617a4f94ec/glance/c3a995b3-4fde-4123-8706-199d8ed184b4" 201 - "PUT http://swift-internal.openstack.svc:8080/d1/178/AUTH_a7744d73722e4e728a222b617a4f94ec/glance/c3a995b3-4fde-4123-8706-199d8ed184b4" "txb39e3901b61b4fa4b1d6e-00693bdfdf" "object-server 21" 0.0007 "-" 20 0
Dec 12 09:26:55 standalone object-server[113642]: 172.20.0.30 - - [12/Dec/2025:09:26:55 +0000] "PUT /d1/178/AUTH_a7744d73722e4e728a222b617a4f94ec/glance/c3a995b3-4fde-4123-8706-199d8ed184b4" 201 - "PUT http://swift-internal.openstack.svc:8080/v1/AUTH_a7744d73722e4e728a222b617a4f94ec/glance/c3a995b3-4fde-4123-8706-199d8ed184b4" "txb39e3901b61b4fa4b1d6e-00693bdfdf" "proxy-server 14" 0.0100 "-" 21 0
Dec 12 09:27:01 standalone object-server[113649]: 172.20.0.30 - - [12/Dec/2025:09:27:01 +0000] "HEAD /d1/178/AUTH_a7744d73722e4e728a222b617a4f94ec/glance/c3a995b3-4fde-4123-8706-199d8ed184b4" 200 - "HEAD http://swift-internal.openstack.svc:8080/v1/AUTH_a7744d73722e4e728a222b617a4f94ec/glance/c3a995b3-4fde-4123-8706-199d8ed184b4" "tx3ce9da1a248846ee9a53d-00693bdfe5" "proxy-server 5" 0.0011 "-" 23 0
Dec 12 09:27:01 standalone container-server[113362]: 172.20.0.30 - - [12/Dec/2025:09:27:01 +0000] "GET /d1/390/AUTH_a7744d73722e4e728a222b617a4f94ec/glance" 200 206 "GET http://swift-internal.openstack.svc:8080/v1/AUTH_a7744d73722e4e728a222b617a4f94ec/glance?prefix=c3a995b3-4fde-4123-8706-199d8ed184b4-&format=json&states=listing" "tx3ce9da1a248846ee9a53d-00693bdfe5" "proxy-server 5" 0.0096 "-" 23 0
Dec 12 09:27:01 standalone container-server[113342]: 172.20.0.30 - - [12/Dec/2025:09:27:01 +0000] "GET /d1/390/AUTH_a7744d73722e4e728a222b617a4f94ec/glance" 200 206 "GET http://swift-internal.openstack.svc:8080/v1/AUTH_a7744d73722e4e728a222b617a4f94ec/glance?format=json&prefix=c3a995b3-4fde-4123-8706-199d8ed184b4-&states=listing" "txf3b49d6021fa45e0b1b34-00693bdfe5" "proxy-server 5" 0.0045 "-" 20 0
Dec 12 09:27:01 standalone container-server[113346]: 172.20.0.100 - - [12/Dec/2025:09:27:01 +0000] "DELETE /d1/390/AUTH_a7744d73722e4e728a222b617a4f94ec/glance/c3a995b3-4fde-4123-8706-199d8ed184b4-00001" 204 - "DELETE http://swift-internal.openstack.svc:8080/d1/679/AUTH_a7744d73722e4e728a222b617a4f94ec/glance/c3a995b3-4fde-4123-8706-199d8ed184b4-00001" "txb1e17e59213d434896d27-00693bdfe5" "object-server 22" 0.0008 "-" 21 0
Dec 12 09:27:01 standalone object-server[113646]: 172.20.0.30 - - [12/Dec/2025:09:27:01 +0000] "DELETE /d1/679/AUTH_a7744d73722e4e728a222b617a4f94ec/glance/c3a995b3-4fde-4123-8706-199d8ed184b4-00001" 204 - "DELETE http://swift-internal.openstack.svc:8080/v1/AUTH_a7744d73722e4e728a222b617a4f94ec/glance/c3a995b3-4fde-4123-8706-199d8ed184b4-00001" "txb1e17e59213d434896d27-00693bdfe5" "proxy-server 5" 0.0103 "-" 22 0
Dec 12 09:27:01 standalone container-server[113362]: 172.20.0.100 - - [12/Dec/2025:09:27:01 +0000] "DELETE /d1/390/AUTH_a7744d73722e4e728a222b617a4f94ec/glance/c3a995b3-4fde-4123-8706-199d8ed184b4" 204 - "DELETE http://swift-internal.openstack.svc:8080/d1/178/AUTH_a7744d73722e4e728a222b617a4f94ec/glance/c3a995b3-4fde-4123-8706-199d8ed184b4" "tx7fcda8732b4746199fa8e-00693bdfe5" "object-server 21" 0.0008 "-" 23 0
Dec 12 09:27:01 standalone object-server[113642]: 172.20.0.30 - - [12/Dec/2025:09:27:01 +0000] "DELETE /d1/178/AUTH_a7744d73722e4e728a222b617a4f94ec/glance/c3a995b3-4fde-4123-8706-199d8ed184b4" 204 - "DELETE http://swift-internal.openstack.svc:8080/v1/AUTH_a7744d73722e4e728a222b617a4f94ec/glance/c3a995b3-4fde-4123-8706-199d8ed184b4" "tx7fcda8732b4746199fa8e-00693bdfe5" "proxy-server 5" 0.0092 "-" 21 0
Dec 12 09:27:11 standalone container-server[113342]: 172.20.0.30 - - [12/Dec/2025:09:27:11 +0000] "HEAD /d1/390/AUTH_a7744d73722e4e728a222b617a4f94ec/glance" 204 - "HEAD http://swift-internal.openstack.svc:8080/v1/AUTH_a7744d73722e4e728a222b617a4f94ec/glance?format=json&states=listing" "tx68eb0583202343d99f762-00693bdfef" "proxy-server 5" 0.0191 "-" 20 0
Dec 12 09:27:11 standalone container-server[113353]: 172.20.0.100 - - [12/Dec/2025:09:27:11 +0000] "PUT /d1/390/AUTH_a7744d73722e4e728a222b617a4f94ec/glance/81805f80-e281-4194-a469-30c16a74d628-00001" 201 - "PUT http://swift-internal.openstack.svc:8080/d1/608/AUTH_a7744d73722e4e728a222b617a4f94ec/glance/81805f80-e281-4194-a469-30c16a74d628-00001" "tx78a17e1b21804253a382e-00693bdfef" "object-server 20" 0.0008 "-" 22 0
Dec 12 09:27:11 standalone object-server[113639]: 172.20.0.30 - - [12/Dec/2025:09:27:11 +0000] "PUT /d1/608/AUTH_a7744d73722e4e728a222b617a4f94ec/glance/81805f80-e281-4194-a469-30c16a74d628-00001" 201 - "PUT http://swift-internal.openstack.svc:8080/v1/AUTH_a7744d73722e4e728a222b617a4f94ec/glance/81805f80-e281-4194-a469-30c16a74d628-00001" "tx78a17e1b21804253a382e-00693bdfef" "proxy-server 5" 0.0187 "-" 20 0
Dec 12 09:27:11 standalone container-server[113362]: 172.20.0.100 - - [12/Dec/2025:09:27:11 +0000] "PUT /d1/390/AUTH_a7744d73722e4e728a222b617a4f94ec/glance/81805f80-e281-4194-a469-30c16a74d628" 201 - "PUT http://swift-internal.openstack.svc:8080/d1/472/AUTH_a7744d73722e4e728a222b617a4f94ec/glance/81805f80-e281-4194-a469-30c16a74d628" "tx3e05d9da8a83465dab2aa-00693bdfef" "object-server 21" 0.0011 "-" 23 0
Dec 12 09:27:11 standalone object-server[113642]: 172.20.0.30 - - [12/Dec/2025:09:27:11 +0000] "PUT /d1/472/AUTH_a7744d73722e4e728a222b617a4f94ec/glance/81805f80-e281-4194-a469-30c16a74d628" 201 - "PUT http://swift-internal.openstack.svc:8080/v1/AUTH_a7744d73722e4e728a222b617a4f94ec/glance/81805f80-e281-4194-a469-30c16a74d628" "tx3e05d9da8a83465dab2aa-00693bdfef" "proxy-server 5" 0.0160 "-" 21 0
Dec 12 09:27:56 standalone account-server[113406]: 172.20.0.30 - - [12/Dec/2025:09:27:56 +0000] "HEAD /d1/953/AUTH_a7744d73722e4e728a222b617a4f94ec" 204 - "HEAD http://swift-internal.openstack.svc:8080/v1/AUTH_a7744d73722e4e728a222b617a4f94ec?format=json" "txad876ee4521c4439b604a-00693be01c" "proxy-server 14" 0.0026 "-" 22 -
Dec 12 09:27:57 standalone object-server[113642]: 172.20.0.30 - - [12/Dec/2025:09:27:57 +0000] "HEAD /d1/472/AUTH_a7744d73722e4e728a222b617a4f94ec/glance/81805f80-e281-4194-a469-30c16a74d628" 200 - "HEAD http://swift-internal.openstack.svc:8080/v1/AUTH_a7744d73722e4e728a222b617a4f94ec/glance/81805f80-e281-4194-a469-30c16a74d628" "txad876ee4521c4439b604a-00693be01c" "proxy-server 14" 0.0017 "-" 21 0
Dec 12 09:27:57 standalone container-server[113346]: 172.20.0.30 - - [12/Dec/2025:09:27:57 +0000] "GET /d1/390/AUTH_a7744d73722e4e728a222b617a4f94ec/glance" 200 206 "GET http://swift-internal.openstack.svc:8080/v1/AUTH_a7744d73722e4e728a222b617a4f94ec/glance?prefix=81805f80-e281-4194-a469-30c16a74d628-&format=json&states=listing" "txad876ee4521c4439b604a-00693be01c" "proxy-server 14" 0.0142 "-" 21 0
Dec 12 09:27:57 standalone container-server[113353]: 172.20.0.30 - - [12/Dec/2025:09:27:57 +0000] "GET /d1/390/AUTH_a7744d73722e4e728a222b617a4f94ec/glance" 200 206 "GET http://swift-internal.openstack.svc:8080/v1/AUTH_a7744d73722e4e728a222b617a4f94ec/glance?format=json&prefix=81805f80-e281-4194-a469-30c16a74d628-&states=listing" "tx308bc5541fdd49e69b20b-00693be01d" "proxy-server 14" 0.0049 "-" 22 0
Dec 12 09:27:57 standalone container-server[113342]: 172.20.0.100 - - [12/Dec/2025:09:27:57 +0000] "DELETE /d1/390/AUTH_a7744d73722e4e728a222b617a4f94ec/glance/81805f80-e281-4194-a469-30c16a74d628-00001" 204 - "DELETE http://swift-internal.openstack.svc:8080/d1/608/AUTH_a7744d73722e4e728a222b617a4f94ec/glance/81805f80-e281-4194-a469-30c16a74d628-00001" "txb7b32677822542b6a1561-00693be01d" "object-server 20" 0.0008 "-" 20 0
Dec 12 09:27:57 standalone object-server[113639]: 172.20.0.30 - - [12/Dec/2025:09:27:57 +0000] "DELETE /d1/608/AUTH_a7744d73722e4e728a222b617a4f94ec/glance/81805f80-e281-4194-a469-30c16a74d628-00001" 204 - "DELETE http://swift-internal.openstack.svc:8080/v1/AUTH_a7744d73722e4e728a222b617a4f94ec/glance/81805f80-e281-4194-a469-30c16a74d628-00001" "txb7b32677822542b6a1561-00693be01d" "proxy-server 14" 0.0105 "-" 20 0
Dec 12 09:27:57 standalone container-server[113353]: 172.20.0.100 - - [12/Dec/2025:09:27:57 +0000] "DELETE /d1/390/AUTH_a7744d73722e4e728a222b617a4f94ec/glance/81805f80-e281-4194-a469-30c16a74d628" 204 - "DELETE http://swift-internal.openstack.svc:8080/d1/472/AUTH_a7744d73722e4e728a222b617a4f94ec/glance/81805f80-e281-4194-a469-30c16a74d628" "txec72165da6c44eaba7fee-00693be01d" "object-server 22" 0.0007 "-" 22 0
Dec 12 09:27:57 standalone object-server[113646]: 172.20.0.30 - - [12/Dec/2025:09:27:57 +0000] "DELETE /d1/472/AUTH_a7744d73722e4e728a222b617a4f94ec/glance/81805f80-e281-4194-a469-30c16a74d628" 204 - "DELETE http://swift-internal.openstack.svc:8080/v1/AUTH_a7744d73722e4e728a222b617a4f94ec/glance/81805f80-e281-4194-a469-30c16a74d628" "txec72165da6c44eaba7fee-00693be01d" "proxy-server 14" 0.0101 "-" 22 0
Dec 12 09:28:16 standalone container-server[113324]: Begin container update sweep
Dec 12 09:28:16 standalone account-server[113406]: 172.20.0.100 - - [12/Dec/2025:09:28:16 +0000] "PUT /d1/953/AUTH_a7744d73722e4e728a222b617a4f94ec/glance" 201 - "-" "-" "container-updater 2" 0.0016 "-" 22 0
Dec 12 09:28:16 standalone container-server[113324]: Container update sweep completed: 0.11s
Dec 12 09:28:44 standalone object-server[113649]: 172.20.0.30 - - [12/Dec/2025:09:28:44 +0000] "GET /d1/776/AUTH_a7744d73722e4e728a222b617a4f94ec/glance/20a79ef3-5fcd-4a8c-a8f8-d879c9b01074" 200 - "GET http://swift-internal.openstack.svc:8080/v1/AUTH_a7744d73722e4e728a222b617a4f94ec/glance/20a79ef3-5fcd-4a8c-a8f8-d879c9b01074" "txa7a805c8fb0b4f47a3e3f-00693be04c" "proxy-server 14" 0.0019 "-" 23 0
Dec 12 09:28:44 standalone container-server[113346]: 172.20.0.30 - - [12/Dec/2025:09:28:44 +0000] "GET /d1/390/AUTH_a7744d73722e4e728a222b617a4f94ec/glance" 200 210 "GET http://swift-internal.openstack.svc:8080/v1/AUTH_a7744d73722e4e728a222b617a4f94ec/glance?prefix=20a79ef3-5fcd-4a8c-a8f8-d879c9b01074-&format=json&states=listing" "txa7a805c8fb0b4f47a3e3f-00693be04c" "proxy-server 14" 0.0045 "-" 21 0
Dec 12 09:28:44 standalone object-server[113639]: 172.20.0.30 - - [12/Dec/2025:09:28:44 +0000] "GET /d1/445/AUTH_a7744d73722e4e728a222b617a4f94ec/glance/20a79ef3-5fcd-4a8c-a8f8-d879c9b01074-00001" 200 21430272 "GET http://swift-internal.openstack.svc:8080/v1/AUTH_a7744d73722e4e728a222b617a4f94ec/glance/20a79ef3-5fcd-4a8c-a8f8-d879c9b01074-00001?multipart-manifest=get" "txa7a805c8fb0b4f47a3e3f-00693be04c" "proxy-server 14" 0.0011 "-" 20 0
Dec 12 09:28:48 standalone account-server[113417]: 172.20.0.100 - - [12/Dec/2025:09:28:48 +0000] "HEAD /d1/910/.expiring_objects" 404 - "HEAD http://localhost/v1/.expiring_objects?format=json" "tx29ea28cb56a547a0b0e8c-00693be050" "proxy-server 2" 0.0007 "-" 23 -
Dec 12 09:28:48 standalone object-expirer[113530]: Pass completed in 0s; 0 objects expired (txn: tx29ea28cb56a547a0b0e8c-00693be050)
Dec 12 09:30:01 standalone object-server[113575]: Begin object update sweep
Dec 12 09:30:01 standalone object-server[501737]: Object update sweep starting on /srv/node/d1 (pid: 31)
Dec 12 09:30:01 standalone object-server[501737]: Object update sweep completed on /srv/node/d1 in 0.00s seconds:, 0 successes, 0 failures, 0 quarantines, 0 unlinks, 0 errors, 0 redirects (pid: 31)
Dec 12 09:30:01 standalone object-server[501737]: Object update sweep of d1 completed: 0.00s, 0 successes, 0 failures, 0 quarantines, 0 unlinks, 0 errors, 0 redirects
Dec 12 09:30:01 standalone object-server[113575]: Object update sweep completed: 0.09s
Dec 12 09:30:43 standalone account-server[113387]: 172.20.0.30 - - [12/Dec/2025:09:30:43 +0000] "HEAD /d1/997/AUTH_11290177c5bc4d0f9420325510154925" 404 - "HEAD http://swift-internal.openstack.svc:8080/v1/AUTH_11290177c5bc4d0f9420325510154925?format=json" "txbdb204b809694be3b0c76-00693be0c3" "proxy-server 16" 0.0008 "-" 20 -
Dec 12 09:30:43 standalone account-server[113417]: 172.20.0.30 - - [12/Dec/2025:09:30:43 +0000] "HEAD /d1/997/AUTH_11290177c5bc4d0f9420325510154925" 404 - "HEAD http://swift-internal.openstack.svc:8080/v1/AUTH_11290177c5bc4d0f9420325510154925?format=json" "txbdb204b809694be3b0c76-00693be0c3" "proxy-server 16" 0.0005 "-" 23 -
Dec 12 09:30:43 standalone account-server[113417]: 172.20.0.30 - - [12/Dec/2025:09:30:43 +0000] "HEAD /d1/313/AUTH_118c0566e79a4599b9bfbb0f32fedf56" 404 - "HEAD http://swift-internal.openstack.svc:8080/v1/AUTH_118c0566e79a4599b9bfbb0f32fedf56?format=json" "tx59fc96fe31654d62b26bb-00693be0c3" "proxy-server 6" 0.0003 "-" 23 -
Dec 12 09:30:43 standalone account-server[113406]: 172.20.0.30 - - [12/Dec/2025:09:30:43 +0000] "HEAD /d1/313/AUTH_118c0566e79a4599b9bfbb0f32fedf56" 404 - "HEAD http://swift-internal.openstack.svc:8080/v1/AUTH_118c0566e79a4599b9bfbb0f32fedf56?format=json" "tx59fc96fe31654d62b26bb-00693be0c3" "proxy-server 6" 0.0005 "-" 22 -
Dec 12 09:30:43 standalone account-server[113406]: 172.20.0.30 - - [12/Dec/2025:09:30:43 +0000] "HEAD /d1/130/AUTH_20500f9771d440c8a77c3425b7a82a8e" 404 - "HEAD http://swift-internal.openstack.svc:8080/v1/AUTH_20500f9771d440c8a77c3425b7a82a8e?format=json" "tx70f3f673cf124b19817ba-00693be0c3" "proxy-server 16" 0.0003 "-" 22 -
Dec 12 09:30:43 standalone account-server[113417]: 172.20.0.30 - - [12/Dec/2025:09:30:43 +0000] "HEAD /d1/130/AUTH_20500f9771d440c8a77c3425b7a82a8e" 404 - "HEAD http://swift-internal.openstack.svc:8080/v1/AUTH_20500f9771d440c8a77c3425b7a82a8e?format=json" "tx70f3f673cf124b19817ba-00693be0c3" "proxy-server 16" 0.0004 "-" 23 -
Dec 12 09:30:44 standalone account-server[113417]: 172.20.0.30 - - [12/Dec/2025:09:30:44 +0000] "HEAD /d1/946/AUTH_43b93c236f0d4345a79e40ff9aaa34f5" 404 - "HEAD http://swift-internal.openstack.svc:8080/v1/AUTH_43b93c236f0d4345a79e40ff9aaa34f5?format=json" "tx1900c1bfd4944fceb63b3-00693be0c4" "proxy-server 6" 0.0003 "-" 23 -
Dec 12 09:30:44 standalone account-server[113394]: 172.20.0.30 - - [12/Dec/2025:09:30:44 +0000] "HEAD /d1/946/AUTH_43b93c236f0d4345a79e40ff9aaa34f5" 404 - "HEAD http://swift-internal.openstack.svc:8080/v1/AUTH_43b93c236f0d4345a79e40ff9aaa34f5?format=json" "tx1900c1bfd4944fceb63b3-00693be0c4" "proxy-server 6" 0.0004 "-" 21 -
Dec 12 09:30:44 standalone account-server[113394]: 172.20.0.30 - - [12/Dec/2025:09:30:44 +0000] "HEAD /d1/148/AUTH_4ab4e4379dbd46de8804447087392ff9" 404 - "HEAD http://swift-internal.openstack.svc:8080/v1/AUTH_4ab4e4379dbd46de8804447087392ff9?format=json" "tx58f10d10de5b42e4ba9bf-00693be0c4" "proxy-server 16" 0.0004 "-" 21 -
Dec 12 09:30:44 standalone account-server[113394]: 172.20.0.30 - - [12/Dec/2025:09:30:44 +0000] "HEAD /d1/148/AUTH_4ab4e4379dbd46de8804447087392ff9" 404 - "HEAD http://swift-internal.openstack.svc:8080/v1/AUTH_4ab4e4379dbd46de8804447087392ff9?format=json" "tx58f10d10de5b42e4ba9bf-00693be0c4" "proxy-server 16" 0.0003 "-" 21 -
Dec 12 09:30:44 standalone account-server[113406]: 172.20.0.30 - - [12/Dec/2025:09:30:44 +0000] "HEAD /d1/127/AUTH_621f0f3f75264f13a1c1a6544ddb5889" 404 - "HEAD http://swift-internal.openstack.svc:8080/v1/AUTH_621f0f3f75264f13a1c1a6544ddb5889?format=json" "tx79800987c41c41dc8b0e2-00693be0c4" "proxy-server 16" 0.0004 "-" 22 -
Dec 12 09:30:44 standalone account-server[113406]: 172.20.0.30 - - [12/Dec/2025:09:30:44 +0000] "HEAD /d1/127/AUTH_621f0f3f75264f13a1c1a6544ddb5889" 404 - "HEAD http://swift-internal.openstack.svc:8080/v1/AUTH_621f0f3f75264f13a1c1a6544ddb5889?format=json" "tx79800987c41c41dc8b0e2-00693be0c4" "proxy-server 16" 0.0003 "-" 22 -
Dec 12 09:30:44 standalone account-server[113394]: 172.20.0.30 - - [12/Dec/2025:09:30:44 +0000] "HEAD /d1/472/AUTH_71af55cedd7a4051aae9e90fcc54beb9" 404 - "HEAD http://swift-internal.openstack.svc:8080/v1/AUTH_71af55cedd7a4051aae9e90fcc54beb9?format=json" "txd86586e88c134c7f861d0-00693be0c4" "proxy-server 16" 0.0004 "-" 21 -
Dec 12 09:30:44 standalone account-server[113417]: 172.20.0.30 - - [12/Dec/2025:09:30:44 +0000] "HEAD /d1/472/AUTH_71af55cedd7a4051aae9e90fcc54beb9" 404 - "HEAD http://swift-internal.openstack.svc:8080/v1/AUTH_71af55cedd7a4051aae9e90fcc54beb9?format=json" "txd86586e88c134c7f861d0-00693be0c4" "proxy-server 16" 0.0004 "-" 23 -
Dec 12 09:30:44 standalone account-server[113387]: 172.20.0.30 - - [12/Dec/2025:09:30:44 +0000] "HEAD /d1/828/AUTH_71fca31260a84d8fb4f43287d52d62d1" 404 - "HEAD http://swift-internal.openstack.svc:8080/v1/AUTH_71fca31260a84d8fb4f43287d52d62d1?format=json" "tx0fdc454a1986455d90d4b-00693be0c4" "proxy-server 16" 0.0007 "-" 20 -
Dec 12 09:30:44 standalone account-server[113417]: 172.20.0.30 - - [12/Dec/2025:09:30:44 +0000] "HEAD /d1/828/AUTH_71fca31260a84d8fb4f43287d52d62d1" 404 - "HEAD http://swift-internal.openstack.svc:8080/v1/AUTH_71fca31260a84d8fb4f43287d52d62d1?format=json" "tx0fdc454a1986455d90d4b-00693be0c4" "proxy-server 16" 0.0003 "-" 23 -
Dec 12 09:30:44 standalone account-server[113387]: 172.20.0.30 - - [12/Dec/2025:09:30:44 +0000] "HEAD /d1/221/AUTH_7cd347f75b7042d195ad382e62a36965" 404 - "HEAD http://swift-internal.openstack.svc:8080/v1/AUTH_7cd347f75b7042d195ad382e62a36965?format=json" "txabc566642d80408781de6-00693be0c4" "proxy-server 6" 0.0005 "-" 20 -
Dec 12 09:30:44 standalone account-server[113406]: 172.20.0.30 - - [12/Dec/2025:09:30:44 +0000] "HEAD /d1/221/AUTH_7cd347f75b7042d195ad382e62a36965" 404 - "HEAD http://swift-internal.openstack.svc:8080/v1/AUTH_7cd347f75b7042d195ad382e62a36965?format=json" "txabc566642d80408781de6-00693be0c4" "proxy-server 6" 0.0004 "-" 22 -
Dec 12 09:30:44 standalone account-server[113406]: 172.20.0.30 - - [12/Dec/2025:09:30:44 +0000] "HEAD /d1/174/AUTH_8f3390776daf40cf887488fa7ab9a889" 404 - "HEAD http://swift-internal.openstack.svc:8080/v1/AUTH_8f3390776daf40cf887488fa7ab9a889?format=json" "tx446f9fc994de4d268f878-00693be0c4" "proxy-server 16" 0.0003 "-" 22 -
Dec 12 09:30:44 standalone account-server[113387]: 172.20.0.30 - - [12/Dec/2025:09:30:44 +0000] "HEAD /d1/174/AUTH_8f3390776daf40cf887488fa7ab9a889" 404 - "HEAD http://swift-internal.openstack.svc:8080/v1/AUTH_8f3390776daf40cf887488fa7ab9a889?format=json" "tx446f9fc994de4d268f878-00693be0c4" "proxy-server 16" 0.0004 "-" 20 -
Dec 12 09:30:44 standalone account-server[113387]: 172.20.0.30 - - [12/Dec/2025:09:30:44 +0000] "HEAD /d1/953/AUTH_a7744d73722e4e728a222b617a4f94ec" 204 - "HEAD http://swift-internal.openstack.svc:8080/v1/AUTH_a7744d73722e4e728a222b617a4f94ec?format=json" "tx924509e9e38b470295e15-00693be0c4" "proxy-server 6" 0.0097 "-" 20 -
Dec 12 09:30:44 standalone account-server[113394]: 172.20.0.30 - - [12/Dec/2025:09:30:44 +0000] "HEAD /d1/953/AUTH_a7744d73722e4e728a222b617a4f94ec" 204 - "HEAD http://swift-internal.openstack.svc:8080/v1/AUTH_a7744d73722e4e728a222b617a4f94ec?format=json" "tx924509e9e38b470295e15-00693be0c4" "proxy-server 6" 0.0022 "-" 21 -
Dec 12 09:30:44 standalone account-server[113394]: 172.20.0.30 - - [12/Dec/2025:09:30:44 +0000] "HEAD /d1/29/AUTH_b2a38f2e4fc44389ac21cae75cce4205" 404 - "HEAD http://swift-internal.openstack.svc:8080/v1/AUTH_b2a38f2e4fc44389ac21cae75cce4205?format=json" "txbd984a528e7847fe9158e-00693be0c4" "proxy-server 16" 0.0004 "-" 21 -
Dec 12 09:30:44 standalone account-server[113394]: 172.20.0.30 - - [12/Dec/2025:09:30:44 +0000] "HEAD /d1/29/AUTH_b2a38f2e4fc44389ac21cae75cce4205" 404 - "HEAD http://swift-internal.openstack.svc:8080/v1/AUTH_b2a38f2e4fc44389ac21cae75cce4205?format=json" "txbd984a528e7847fe9158e-00693be0c4" "proxy-server 16" 0.0003 "-" 21 -
Dec 12 09:30:44 standalone account-server[113417]: 172.20.0.30 - - [12/Dec/2025:09:30:44 +0000] "HEAD /d1/388/AUTH_b76a9790ee784f22a3c531f9dfcefc5c" 404 - "HEAD http://swift-internal.openstack.svc:8080/v1/AUTH_b76a9790ee784f22a3c531f9dfcefc5c?format=json" "tx3d6f998f9f504e2f9618e-00693be0c4" "proxy-server 16" 0.0004 "-" 23 -
Dec 12 09:30:44 standalone account-server[113394]: 172.20.0.30 - - [12/Dec/2025:09:30:44 +0000] "HEAD /d1/388/AUTH_b76a9790ee784f22a3c531f9dfcefc5c" 404 - "HEAD http://swift-internal.openstack.svc:8080/v1/AUTH_b76a9790ee784f22a3c531f9dfcefc5c?format=json" "tx3d6f998f9f504e2f9618e-00693be0c4" "proxy-server 16" 0.0004 "-" 21 -
Dec 12 09:30:44 standalone account-server[113387]: 172.20.0.30 - - [12/Dec/2025:09:30:44 +0000] "HEAD /d1/710/AUTH_d32886da015a4118b66f83677310b748" 404 - "HEAD http://swift-internal.openstack.svc:8080/v1/AUTH_d32886da015a4118b66f83677310b748?format=json" "tx50426e51dd9643be938f9-00693be0c4" "proxy-server 6" 0.0007 "-" 20 -
Dec 12 09:30:44 standalone account-server[113406]: 172.20.0.30 - - [12/Dec/2025:09:30:44 +0000] "HEAD /d1/710/AUTH_d32886da015a4118b66f83677310b748" 404 - "HEAD http://swift-internal.openstack.svc:8080/v1/AUTH_d32886da015a4118b66f83677310b748?format=json" "tx50426e51dd9643be938f9-00693be0c4" "proxy-server 6" 0.0003 "-" 22 -
Dec 12 09:30:44 standalone account-server[113406]: 172.20.0.30 - - [12/Dec/2025:09:30:44 +0000] "HEAD /d1/82/AUTH_da2d9f67f0d744b6b6bd636dfca8b0d2" 404 - "HEAD http://swift-internal.openstack.svc:8080/v1/AUTH_da2d9f67f0d744b6b6bd636dfca8b0d2?format=json" "txef76f8ac4b9e4f34a9fe1-00693be0c4" "proxy-server 6" 0.0003 "-" 22 -
Dec 12 09:30:44 standalone account-server[113387]: 172.20.0.30 - - [12/Dec/2025:09:30:44 +0000] "HEAD /d1/82/AUTH_da2d9f67f0d744b6b6bd636dfca8b0d2" 404 - "HEAD http://swift-internal.openstack.svc:8080/v1/AUTH_da2d9f67f0d744b6b6bd636dfca8b0d2?format=json" "txef76f8ac4b9e4f34a9fe1-00693be0c4" "proxy-server 6" 0.0003 "-" 20 -
Dec 12 09:30:44 standalone account-server[113394]: 172.20.0.30 - - [12/Dec/2025:09:30:44 +0000] "HEAD /d1/576/AUTH_f21fc6897a024d1190f269950dba4ad5" 404 - "HEAD http://swift-internal.openstack.svc:8080/v1/AUTH_f21fc6897a024d1190f269950dba4ad5?format=json" "tx86e473dd135842e69c5d8-00693be0c4" "proxy-server 6" 0.0004 "-" 21 -
Dec 12 09:30:44 standalone account-server[113394]: 172.20.0.30 - - [12/Dec/2025:09:30:44 +0000] "HEAD /d1/576/AUTH_f21fc6897a024d1190f269950dba4ad5" 404 - "HEAD http://swift-internal.openstack.svc:8080/v1/AUTH_f21fc6897a024d1190f269950dba4ad5?format=json" "tx86e473dd135842e69c5d8-00693be0c4" "proxy-server 6" 0.0005 "-" 21 -
Dec 12 09:30:46 standalone account-server[113387]: 172.20.0.30 - - [12/Dec/2025:09:30:46 +0000] "GET /d1/997/AUTH_11290177c5bc4d0f9420325510154925" 404 - "GET http://swift-internal.openstack.svc:8080/v1/AUTH_11290177c5bc4d0f9420325510154925?format=json" "tx8d023843d2fd4c2181c66-00693be0c6" "proxy-server 16" 0.0007 "-" 20 -
Dec 12 09:30:46 standalone account-server[113406]: 172.20.0.30 - - [12/Dec/2025:09:30:46 +0000] "GET /d1/313/AUTH_118c0566e79a4599b9bfbb0f32fedf56" 404 - "GET http://swift-internal.openstack.svc:8080/v1/AUTH_118c0566e79a4599b9bfbb0f32fedf56?format=json" "tx16efd9c3625b4786bd866-00693be0c6" "proxy-server 16" 0.0007 "-" 22 -
Dec 12 09:30:46 standalone account-server[113417]: 172.20.0.30 - - [12/Dec/2025:09:30:46 +0000] "GET /d1/130/AUTH_20500f9771d440c8a77c3425b7a82a8e" 404 - "GET http://swift-internal.openstack.svc:8080/v1/AUTH_20500f9771d440c8a77c3425b7a82a8e?format=json" "tx0ac083099b1d46fda9bf7-00693be0c6" "proxy-server 16" 0.0005 "-" 23 -
Dec 12 09:30:46 standalone account-server[113406]: 172.20.0.30 - - [12/Dec/2025:09:30:46 +0000] "GET /d1/946/AUTH_43b93c236f0d4345a79e40ff9aaa34f5" 404 - "GET http://swift-internal.openstack.svc:8080/v1/AUTH_43b93c236f0d4345a79e40ff9aaa34f5?format=json" "txbde5b5cf7adb4f969ebdf-00693be0c6" "proxy-server 16" 0.0005 "-" 22 -
Dec 12 09:30:46 standalone account-server[113394]: 172.20.0.30 - - [12/Dec/2025:09:30:46 +0000] "GET /d1/148/AUTH_4ab4e4379dbd46de8804447087392ff9" 404 - "GET http://swift-internal.openstack.svc:8080/v1/AUTH_4ab4e4379dbd46de8804447087392ff9?format=json" "txc7fd779f63cc4c9599315-00693be0c6" "proxy-server 6" 0.0005 "-" 21 -
Dec 12 09:30:46 standalone account-server[113406]: 172.20.0.30 - - [12/Dec/2025:09:30:46 +0000] "GET /d1/127/AUTH_621f0f3f75264f13a1c1a6544ddb5889" 404 - "GET http://swift-internal.openstack.svc:8080/v1/AUTH_621f0f3f75264f13a1c1a6544ddb5889?format=json" "tx837415495f674f8da1270-00693be0c6" "proxy-server 6" 0.0004 "-" 22 -
Dec 12 09:30:46 standalone account-server[113394]: 172.20.0.30 - - [12/Dec/2025:09:30:46 +0000] "GET /d1/472/AUTH_71af55cedd7a4051aae9e90fcc54beb9" 404 - "GET http://swift-internal.openstack.svc:8080/v1/AUTH_71af55cedd7a4051aae9e90fcc54beb9?format=json" "tx8a842e9fa28d4f458554c-00693be0c6" "proxy-server 6" 0.0005 "-" 21 -
Dec 12 09:30:46 standalone account-server[113394]: 172.20.0.30 - - [12/Dec/2025:09:30:46 +0000] "GET /d1/828/AUTH_71fca31260a84d8fb4f43287d52d62d1" 404 - "GET http://swift-internal.openstack.svc:8080/v1/AUTH_71fca31260a84d8fb4f43287d52d62d1?format=json" "txa738a8d6e8084c7c86312-00693be0c6" "proxy-server 6" 0.0004 "-" 21 -
Dec 12 09:30:46 standalone account-server[113406]: 172.20.0.30 - - [12/Dec/2025:09:30:46 +0000] "GET /d1/221/AUTH_7cd347f75b7042d195ad382e62a36965" 404 - "GET http://swift-internal.openstack.svc:8080/v1/AUTH_7cd347f75b7042d195ad382e62a36965?format=json" "tx5babe8d8f1c942a0bab23-00693be0c6" "proxy-server 6" 0.0006 "-" 22 -
Dec 12 09:30:46 standalone account-server[113394]: 172.20.0.30 - - [12/Dec/2025:09:30:46 +0000] "GET /d1/174/AUTH_8f3390776daf40cf887488fa7ab9a889" 404 - "GET http://swift-internal.openstack.svc:8080/v1/AUTH_8f3390776daf40cf887488fa7ab9a889?format=json" "tx50c80225c9124632a4a15-00693be0c6" "proxy-server 16" 0.0004 "-" 21 -
Dec 12 09:30:46 standalone account-server[113387]: 172.20.0.30 - - [12/Dec/2025:09:30:46 +0000] "GET /d1/953/AUTH_a7744d73722e4e728a222b617a4f94ec" 200 99 "GET http://swift-internal.openstack.svc:8080/v1/AUTH_a7744d73722e4e728a222b617a4f94ec?format=json" "tx4d28817e720c48d0a90c8-00693be0c6" "proxy-server 6" 0.0033 "-" 20 -
Dec 12 09:30:46 standalone account-server[113394]: 172.20.0.30 - - [12/Dec/2025:09:30:46 +0000] "GET /d1/29/AUTH_b2a38f2e4fc44389ac21cae75cce4205" 404 - "GET http://swift-internal.openstack.svc:8080/v1/AUTH_b2a38f2e4fc44389ac21cae75cce4205?format=json" "tx6dcd6410f0c8455585ca8-00693be0c6" "proxy-server 6" 0.0005 "-" 21 -
Dec 12 09:30:46 standalone account-server[113387]: 172.20.0.30 - - [12/Dec/2025:09:30:46 +0000] "GET /d1/388/AUTH_b76a9790ee784f22a3c531f9dfcefc5c" 404 - "GET http://swift-internal.openstack.svc:8080/v1/AUTH_b76a9790ee784f22a3c531f9dfcefc5c?format=json" "txd7a834f8728240eb8e080-00693be0c6" "proxy-server 6" 0.0007 "-" 20 -
Dec 12 09:30:47 standalone account-server[113417]: 172.20.0.30 - - [12/Dec/2025:09:30:47 +0000] "GET /d1/710/AUTH_d32886da015a4118b66f83677310b748" 404 - "GET http://swift-internal.openstack.svc:8080/v1/AUTH_d32886da015a4118b66f83677310b748?format=json" "tx4194da52f6184e9d9d6ac-00693be0c7" "proxy-server 6" 0.0006 "-" 23 -
Dec 12 09:30:47 standalone account-server[113417]: 172.20.0.30 - - [12/Dec/2025:09:30:47 +0000] "GET /d1/82/AUTH_da2d9f67f0d744b6b6bd636dfca8b0d2" 404 - "GET http://swift-internal.openstack.svc:8080/v1/AUTH_da2d9f67f0d744b6b6bd636dfca8b0d2?format=json" "txf8f717d7e0054747b98b9-00693be0c7" "proxy-server 16" 0.0005 "-" 23 -
Dec 12 09:30:47 standalone account-server[113387]: 172.20.0.30 - - [12/Dec/2025:09:30:47 +0000] "GET /d1/576/AUTH_f21fc6897a024d1190f269950dba4ad5" 404 - "GET http://swift-internal.openstack.svc:8080/v1/AUTH_f21fc6897a024d1190f269950dba4ad5?format=json" "tx6f146d16c4ca4fa1bea5e-00693be0c7" "proxy-server 6" 0.0007 "-" 20 -
Dec 12 09:33:09 standalone account-server[113394]: 172.20.0.100 - - [12/Dec/2025:09:33:09 +0000] "HEAD /d1/910/.expiring_objects" 404 - "HEAD http://localhost/v1/.expiring_objects?format=json" "txe914733bf5504785b7248-00693be155" "proxy-server 2" 0.0010 "-" 21 -
Dec 12 09:33:09 standalone object-expirer[113530]: Pass completed in 0s; 0 objects expired (txn: txe914733bf5504785b7248-00693be155)
Dec 12 09:33:16 standalone container-server[113324]: Begin container update sweep
Dec 12 09:33:16 standalone container-server[113324]: Container update sweep completed: 0.08s
Dec 12 09:34:53 standalone account-server[113406]: 172.20.0.30 - - [12/Dec/2025:09:34:53 +0000] "HEAD /d1/953/AUTH_a7744d73722e4e728a222b617a4f94ec" 204 - "HEAD http://swift-internal.openstack.svc:8080/v1/AUTH_a7744d73722e4e728a222b617a4f94ec?format=json" "tx947df5405b6b475cbaf4e-00693be1bd" "proxy-server 15" 0.0029 "-" 22 -
Dec 12 09:34:53 standalone container-server[113346]: 172.20.0.30 - - [12/Dec/2025:09:34:53 +0000] "HEAD /d1/390/AUTH_a7744d73722e4e728a222b617a4f94ec/glance" 204 - "HEAD http://swift-internal.openstack.svc:8080/v1/AUTH_a7744d73722e4e728a222b617a4f94ec/glance?format=json&states=listing" "tx947df5405b6b475cbaf4e-00693be1bd" "proxy-server 15" 0.0026 "-" 21 0
Dec 12 09:34:53 standalone container-server[113342]: 172.20.0.100 - - [12/Dec/2025:09:34:53 +0000] "PUT /d1/390/AUTH_a7744d73722e4e728a222b617a4f94ec/glance/aeff9a33-076b-4ae4-aac9-8a089aa8739e-00001" 201 - "PUT http://swift-internal.openstack.svc:8080/d1/546/AUTH_a7744d73722e4e728a222b617a4f94ec/glance/aeff9a33-076b-4ae4-aac9-8a089aa8739e-00001" "tx367060c021e64c058ed17-00693be1bd" "object-server 21" 0.0011 "-" 20 0
Dec 12 09:34:53 standalone object-server[113642]: 172.20.0.30 - - [12/Dec/2025:09:34:53 +0000] "PUT /d1/546/AUTH_a7744d73722e4e728a222b617a4f94ec/glance/aeff9a33-076b-4ae4-aac9-8a089aa8739e-00001" 201 - "PUT http://swift-internal.openstack.svc:8080/v1/AUTH_a7744d73722e4e728a222b617a4f94ec/glance/aeff9a33-076b-4ae4-aac9-8a089aa8739e-00001" "tx367060c021e64c058ed17-00693be1bd" "proxy-server 15" 0.2990 "-" 21 0
Dec 12 09:34:53 standalone container-server[113353]: 172.20.0.100 - - [12/Dec/2025:09:34:53 +0000] "PUT /d1/390/AUTH_a7744d73722e4e728a222b617a4f94ec/glance/aeff9a33-076b-4ae4-aac9-8a089aa8739e" 201 - "PUT http://swift-internal.openstack.svc:8080/d1/832/AUTH_a7744d73722e4e728a222b617a4f94ec/glance/aeff9a33-076b-4ae4-aac9-8a089aa8739e" "tx17f3c6a842164d77b7a66-00693be1bd" "object-server 23" 0.0009 "-" 22 0
Dec 12 09:34:53 standalone object-server[113649]: 172.20.0.30 - - [12/Dec/2025:09:34:53 +0000] "PUT /d1/832/AUTH_a7744d73722e4e728a222b617a4f94ec/glance/aeff9a33-076b-4ae4-aac9-8a089aa8739e" 201 - "PUT http://swift-internal.openstack.svc:8080/v1/AUTH_a7744d73722e4e728a222b617a4f94ec/glance/aeff9a33-076b-4ae4-aac9-8a089aa8739e" "tx17f3c6a842164d77b7a66-00693be1bd" "proxy-server 15" 0.0120 "-" 23 0
Dec 12 09:35:01 standalone object-server[113575]: Begin object update sweep
Dec 12 09:35:01 standalone object-server[530061]: Object update sweep starting on /srv/node/d1 (pid: 32)
Dec 12 09:35:01 standalone object-server[530061]: Object update sweep completed on /srv/node/d1 in 0.00s seconds:, 0 successes, 0 failures, 0 quarantines, 0 unlinks, 0 errors, 0 redirects (pid: 32)
Dec 12 09:35:01 standalone object-server[530061]: Object update sweep of d1 completed: 0.00s, 0 successes, 0 failures, 0 quarantines, 0 unlinks, 0 errors, 0 redirects
Dec 12 09:35:01 standalone object-server[113575]: Object update sweep completed: 0.09s
Dec 12 09:35:03 standalone account-server[113394]: 172.20.0.100 - - [12/Dec/2025:09:35:03 +0000] "HEAD /d1/910/.expiring_objects" 404 - "HEAD http://localhost/v1/.expiring_objects?format=json" "txe196bc68f2a44270a5579-00693be1c7" "proxy-server 2" 0.0007 "-" 21 -
Dec 12 09:35:03 standalone object-expirer[113530]: Pass completed in 0s; 0 objects expired (txn: txe196bc68f2a44270a5579-00693be1c7)
Dec 12 09:35:41 standalone account-server[113406]: 172.20.0.30 - - [12/Dec/2025:09:35:41 +0000] "HEAD /d1/645/AUTH_0c3e140e4c0541729eb3d76e0facb776" 404 - "HEAD http://swift-internal.openstack.svc:8080/v1/AUTH_0c3e140e4c0541729eb3d76e0facb776?format=json" "tx5044a1d5544f42c0912f2-00693be1ed" "proxy-server 16" 0.0006 "-" 22 -
Dec 12 09:35:42 standalone account-server[113406]: 172.20.0.30 - - [12/Dec/2025:09:35:42 +0000] "GET /d1/645/AUTH_0c3e140e4c0541729eb3d76e0facb776" 404 - "GET http://swift-internal.openstack.svc:8080/v1/AUTH_0c3e140e4c0541729eb3d76e0facb776?format=json" "tx5044a1d5544f42c0912f2-00693be1ed" "proxy-server 16" 0.0005 "-" 22 -
Dec 12 09:35:42 standalone account-server[113406]: 172.20.0.30 - - [12/Dec/2025:09:35:42 +0000] "HEAD /d1/95/AUTH_28d03deaec2e4c468c76a4420a47b861" 404 - "HEAD http://swift-internal.openstack.svc:8080/v1/AUTH_28d03deaec2e4c468c76a4420a47b861?format=json" "txa34060978b01456cb3402-00693be1ee" "proxy-server 7" 0.0005 "-" 22 -
Dec 12 09:35:42 standalone account-server[113394]: 172.20.0.30 - - [12/Dec/2025:09:35:42 +0000] "GET /d1/95/AUTH_28d03deaec2e4c468c76a4420a47b861" 404 - "GET http://swift-internal.openstack.svc:8080/v1/AUTH_28d03deaec2e4c468c76a4420a47b861?format=json" "txa34060978b01456cb3402-00693be1ee" "proxy-server 7" 0.0005 "-" 21 -
Dec 12 09:35:42 standalone account-server[113394]: 172.20.0.30 - - [12/Dec/2025:09:35:42 +0000] "HEAD /d1/739/AUTH_60971ad8690e4d5f9fa2c7596ca7d537" 404 - "HEAD http://swift-internal.openstack.svc:8080/v1/AUTH_60971ad8690e4d5f9fa2c7596ca7d537?format=json" "tx9d84f4466d6b4a91a906a-00693be1ee" "proxy-server 16" 0.0005 "-" 21 -
Dec 12 09:35:42 standalone account-server[113394]: 172.20.0.30 - - [12/Dec/2025:09:35:42 +0000] "GET /d1/739/AUTH_60971ad8690e4d5f9fa2c7596ca7d537" 404 - "GET http://swift-internal.openstack.svc:8080/v1/AUTH_60971ad8690e4d5f9fa2c7596ca7d537?format=json" "tx9d84f4466d6b4a91a906a-00693be1ee" "proxy-server 16" 0.0003 "-" 21 -
Dec 12 09:35:42 standalone account-server[113406]: 172.20.0.30 - - [12/Dec/2025:09:35:42 +0000] "HEAD /d1/472/AUTH_71af55cedd7a4051aae9e90fcc54beb9" 404 - "HEAD http://swift-internal.openstack.svc:8080/v1/AUTH_71af55cedd7a4051aae9e90fcc54beb9?format=json" "txd6657d12f00b4464b70c3-00693be1ee" "proxy-server 16" 0.0006 "-" 22 -
Dec 12 09:35:42 standalone account-server[113394]: 172.20.0.30 - - [12/Dec/2025:09:35:42 +0000] "GET /d1/472/AUTH_71af55cedd7a4051aae9e90fcc54beb9" 404 - "GET http://swift-internal.openstack.svc:8080/v1/AUTH_71af55cedd7a4051aae9e90fcc54beb9?format=json" "txd6657d12f00b4464b70c3-00693be1ee" "proxy-server 16" 0.0003 "-" 21 -
Dec 12 09:35:42 standalone account-server[113394]: 172.20.0.30 - - [12/Dec/2025:09:35:42 +0000] "HEAD /d1/174/AUTH_8f3390776daf40cf887488fa7ab9a889" 404 - "HEAD http://swift-internal.openstack.svc:8080/v1/AUTH_8f3390776daf40cf887488fa7ab9a889?format=json" "txdb8e14e136ac45f18c275-00693be1ee" "proxy-server 16" 0.0004 "-" 21 -
Dec 12 09:35:42 standalone account-server[113394]: 172.20.0.30 - - [12/Dec/2025:09:35:42 +0000] "GET /d1/174/AUTH_8f3390776daf40cf887488fa7ab9a889" 404 - "GET http://swift-internal.openstack.svc:8080/v1/AUTH_8f3390776daf40cf887488fa7ab9a889?format=json" "txdb8e14e136ac45f18c275-00693be1ee" "proxy-server 16" 0.0004 "-" 21 -
Dec 12 09:35:42 standalone account-server[113387]: 172.20.0.30 - - [12/Dec/2025:09:35:42 +0000] "GET /d1/953/AUTH_a7744d73722e4e728a222b617a4f94ec" 200 99 "GET http://swift-internal.openstack.svc:8080/v1/AUTH_a7744d73722e4e728a222b617a4f94ec?format=json" "tx0082b4205a1242b6bdbfd-00693be1ee" "proxy-server 7" 0.0027 "-" 20 -
Dec 12 09:35:42 standalone account-server[113406]: 172.20.0.30 - - [12/Dec/2025:09:35:42 +0000] "HEAD /d1/82/AUTH_da2d9f67f0d744b6b6bd636dfca8b0d2" 404 - "HEAD http://swift-internal.openstack.svc:8080/v1/AUTH_da2d9f67f0d744b6b6bd636dfca8b0d2?format=json" "txa017e1fc697d47d290d6f-00693be1ee" "proxy-server 16" 0.0007 "-" 22 -
Dec 12 09:35:42 standalone account-server[113406]: 172.20.0.30 - - [12/Dec/2025:09:35:42 +0000] "GET /d1/82/AUTH_da2d9f67f0d744b6b6bd636dfca8b0d2" 404 - "GET http://swift-internal.openstack.svc:8080/v1/AUTH_da2d9f67f0d744b6b6bd636dfca8b0d2?format=json" "txa017e1fc697d47d290d6f-00693be1ee" "proxy-server 16" 0.0004 "-" 22 -
Dec 12 09:35:42 standalone account-server[113394]: 172.20.0.30 - - [12/Dec/2025:09:35:42 +0000] "HEAD /d1/890/AUTH_ed126069d9f24a85b2ed2fecc6ff0d74" 404 - "HEAD http://swift-internal.openstack.svc:8080/v1/AUTH_ed126069d9f24a85b2ed2fecc6ff0d74?format=json" "tx8c67e881588b426d845d2-00693be1ee" "proxy-server 15" 0.0004 "-" 21 -
Dec 12 09:35:42 standalone account-server[113387]: 172.20.0.30 - - [12/Dec/2025:09:35:42 +0000] "GET /d1/890/AUTH_ed126069d9f24a85b2ed2fecc6ff0d74" 404 - "GET http://swift-internal.openstack.svc:8080/v1/AUTH_ed126069d9f24a85b2ed2fecc6ff0d74?format=json" "tx8c67e881588b426d845d2-00693be1ee" "proxy-server 15" 0.0004 "-" 20 -
Dec 12 09:35:42 standalone account-server[113394]: 172.20.0.30 - - [12/Dec/2025:09:35:42 +0000] "HEAD /d1/645/AUTH_0c3e140e4c0541729eb3d76e0facb776" 404 - "HEAD http://swift-internal.openstack.svc:8080/v1/AUTH_0c3e140e4c0541729eb3d76e0facb776?format=json" "tx198d52ee782747949d095-00693be1ee" "proxy-server 15" 0.0004 "-" 21 -
Dec 12 09:35:42 standalone account-server[113387]: 172.20.0.30 - - [12/Dec/2025:09:35:42 +0000] "HEAD /d1/95/AUTH_28d03deaec2e4c468c76a4420a47b861" 404 - "HEAD http://swift-internal.openstack.svc:8080/v1/AUTH_28d03deaec2e4c468c76a4420a47b861?format=json" "tx6b52b6054bae4771a527e-00693be1ee" "proxy-server 15" 0.0004 "-" 20 -
Dec 12 09:35:42 standalone account-server[113417]: 172.20.0.30 - - [12/Dec/2025:09:35:42 +0000] "HEAD /d1/739/AUTH_60971ad8690e4d5f9fa2c7596ca7d537" 404 - "HEAD http://swift-internal.openstack.svc:8080/v1/AUTH_60971ad8690e4d5f9fa2c7596ca7d537?format=json" "txddaa59c025764f9f93f83-00693be1ee" "proxy-server 7" 0.0006 "-" 23 -
Dec 12 09:35:42 standalone account-server[113417]: 172.20.0.30 - - [12/Dec/2025:09:35:42 +0000] "HEAD /d1/472/AUTH_71af55cedd7a4051aae9e90fcc54beb9" 404 - "HEAD http://swift-internal.openstack.svc:8080/v1/AUTH_71af55cedd7a4051aae9e90fcc54beb9?format=json" "tx66899c1849204a2f88242-00693be1ee" "proxy-server 7" 0.0004 "-" 23 -
Dec 12 09:35:42 standalone account-server[113406]: 172.20.0.30 - - [12/Dec/2025:09:35:42 +0000] "HEAD /d1/174/AUTH_8f3390776daf40cf887488fa7ab9a889" 404 - "HEAD http://swift-internal.openstack.svc:8080/v1/AUTH_8f3390776daf40cf887488fa7ab9a889?format=json" "tx3e00494bcb2b4438a9e9f-00693be1ee" "proxy-server 16" 0.0004 "-" 22 -
Dec 12 09:35:42 standalone account-server[113394]: 172.20.0.30 - - [12/Dec/2025:09:35:42 +0000] "HEAD /d1/953/AUTH_a7744d73722e4e728a222b617a4f94ec" 204 - "HEAD http://swift-internal.openstack.svc:8080/v1/AUTH_a7744d73722e4e728a222b617a4f94ec?format=json" "txf19062fcfabc47a2b3d65-00693be1ee" "proxy-server 15" 0.0020 "-" 21 -
Dec 12 09:35:42 standalone account-server[113406]: 172.20.0.30 - - [12/Dec/2025:09:35:42 +0000] "HEAD /d1/82/AUTH_da2d9f67f0d744b6b6bd636dfca8b0d2" 404 - "HEAD http://swift-internal.openstack.svc:8080/v1/AUTH_da2d9f67f0d744b6b6bd636dfca8b0d2?format=json" "tx643a1a90ba7f477ca982a-00693be1ee" "proxy-server 16" 0.0005 "-" 22 -
Dec 12 09:35:42 standalone account-server[113417]: 172.20.0.30 - - [12/Dec/2025:09:35:42 +0000] "HEAD /d1/890/AUTH_ed126069d9f24a85b2ed2fecc6ff0d74" 404 - "HEAD http://swift-internal.openstack.svc:8080/v1/AUTH_ed126069d9f24a85b2ed2fecc6ff0d74?format=json" "tx701cd828d0744d6ca0796-00693be1ee" "proxy-server 7" 0.0004 "-" 23 -
Dec 12 09:35:45 standalone object-server[113646]: 172.20.0.30 - - [12/Dec/2025:09:35:45 +0000] "HEAD /d1/832/AUTH_a7744d73722e4e728a222b617a4f94ec/glance/aeff9a33-076b-4ae4-aac9-8a089aa8739e" 200 - "HEAD http://swift-internal.openstack.svc:8080/v1/AUTH_a7744d73722e4e728a222b617a4f94ec/glance/aeff9a33-076b-4ae4-aac9-8a089aa8739e" "tx1fd618a5c59f4909910f8-00693be1f0" "proxy-server 7" 0.0015 "-" 22 0
Dec 12 09:35:45 standalone container-server[113362]: 172.20.0.30 - - [12/Dec/2025:09:35:45 +0000] "GET /d1/390/AUTH_a7744d73722e4e728a222b617a4f94ec/glance" 200 210 "GET http://swift-internal.openstack.svc:8080/v1/AUTH_a7744d73722e4e728a222b617a4f94ec/glance?prefix=aeff9a33-076b-4ae4-aac9-8a089aa8739e-&format=json&states=listing" "tx1fd618a5c59f4909910f8-00693be1f0" "proxy-server 7" 0.0099 "-" 23 0
Dec 12 09:35:45 standalone container-server[113353]: 172.20.0.30 - - [12/Dec/2025:09:35:45 +0000] "GET /d1/390/AUTH_a7744d73722e4e728a222b617a4f94ec/glance" 200 210 "GET http://swift-internal.openstack.svc:8080/v1/AUTH_a7744d73722e4e728a222b617a4f94ec/glance?format=json&prefix=aeff9a33-076b-4ae4-aac9-8a089aa8739e-&states=listing" "tx0043fe220e2d4c199ef44-00693be1f1" "proxy-server 7" 0.0040 "-" 22 0
Dec 12 09:35:45 standalone container-server[113362]: 172.20.0.100 - - [12/Dec/2025:09:35:45 +0000] "DELETE /d1/390/AUTH_a7744d73722e4e728a222b617a4f94ec/glance/aeff9a33-076b-4ae4-aac9-8a089aa8739e-00001" 204 - "DELETE http://swift-internal.openstack.svc:8080/d1/546/AUTH_a7744d73722e4e728a222b617a4f94ec/glance/aeff9a33-076b-4ae4-aac9-8a089aa8739e-00001" "tx22af0f7eb9ee4f92b4966-00693be1f1" "object-server 22" 0.0006 "-" 23 0
Dec 12 09:35:45 standalone object-server[113646]: 172.20.0.30 - - [12/Dec/2025:09:35:45 +0000] "DELETE /d1/546/AUTH_a7744d73722e4e728a222b617a4f94ec/glance/aeff9a33-076b-4ae4-aac9-8a089aa8739e-00001" 204 - "DELETE http://swift-internal.openstack.svc:8080/v1/AUTH_a7744d73722e4e728a222b617a4f94ec/glance/aeff9a33-076b-4ae4-aac9-8a089aa8739e-00001" "tx22af0f7eb9ee4f92b4966-00693be1f1" "proxy-server 7" 0.0083 "-" 22 0
