Dec 3 09:59:17 np0005543245 container-server[104942]: 172.20.0.30 - - [03/Dec/2025:09:59:17 +0000] "GET /d1/916/AUTH_d4d3d5a332264bdda95513991312f50c/glance" 200 206 "GET http://swift-internal.openstack.svc:8080/v1/AUTH_d4d3d5a332264bdda95513991312f50c/glance?prefix=7c06266b-308d-4dbe-8d3c-b26f27df63f9-&format=json&states=listing" "tx142afcfa94604fa48ee06-00693009f5" "proxy-server 13" 0.0188 "-" 22 0
Dec 3 09:59:17 np0005543245 object-server[105285]: 172.20.0.30 - - [03/Dec/2025:09:59:17 +0000] "GET /d1/524/AUTH_d4d3d5a332264bdda95513991312f50c/glance/7c06266b-308d-4dbe-8d3c-b26f27df63f9-00001" 200 1024 "GET http://swift-internal.openstack.svc:8080/v1/AUTH_d4d3d5a332264bdda95513991312f50c/glance/7c06266b-308d-4dbe-8d3c-b26f27df63f9-00001?multipart-manifest=get" "tx142afcfa94604fa48ee06-00693009f5" "proxy-server 13" 0.0013 "-" 22 0
Dec 3 09:59:18 np0005543245 container-server[104935]: 172.20.0.30 - - [03/Dec/2025:09:59:18 +0000] "HEAD /d1/916/AUTH_d4d3d5a332264bdda95513991312f50c/glance" 204 - "HEAD http://swift-internal.openstack.svc:8080/v1/AUTH_d4d3d5a332264bdda95513991312f50c/glance?format=json&states=listing" "txeffea95723bb4988addfb-00693009f6" "proxy-server 6" 0.0030 "-" 20 0
Dec 3 09:59:18 np0005543245 container-server[104946]: 172.20.0.103 - - [03/Dec/2025:09:59:18 +0000] "PUT /d1/916/AUTH_d4d3d5a332264bdda95513991312f50c/glance/74bf51df-5e9c-4a20-a247-901dc50f4050-00001" 201 - "PUT http://swift-internal.openstack.svc:8080/d1/179/AUTH_d4d3d5a332264bdda95513991312f50c/glance/74bf51df-5e9c-4a20-a247-901dc50f4050-00001" "txf413c06740ce4f738a22d-00693009f6" "object-server 23" 0.0010 "-" 23 0
Dec 3 09:59:18 np0005543245 object-server[105287]: 172.20.0.30 - - [03/Dec/2025:09:59:18 +0000] "PUT /d1/179/AUTH_d4d3d5a332264bdda95513991312f50c/glance/74bf51df-5e9c-4a20-a247-901dc50f4050-00001" 201 - "PUT http://swift-internal.openstack.svc:8080/v1/AUTH_d4d3d5a332264bdda95513991312f50c/glance/74bf51df-5e9c-4a20-a247-901dc50f4050-00001" "txf413c06740ce4f738a22d-00693009f6" "proxy-server 6" 0.0243 "-" 23 0
Dec 3 09:59:18 np0005543245 container-server[104935]: 172.20.0.103 - - [03/Dec/2025:09:59:18 +0000] "PUT /d1/916/AUTH_d4d3d5a332264bdda95513991312f50c/glance/74bf51df-5e9c-4a20-a247-901dc50f4050" 201 - "PUT http://swift-internal.openstack.svc:8080/d1/81/AUTH_d4d3d5a332264bdda95513991312f50c/glance/74bf51df-5e9c-4a20-a247-901dc50f4050" "tx97f79334140e4edbad0dc-00693009f6" "object-server 25" 0.0011 "-" 20 0
Dec 3 09:59:18 np0005543245 object-server[105310]: 172.20.0.30 - - [03/Dec/2025:09:59:18 +0000] "PUT /d1/81/AUTH_d4d3d5a332264bdda95513991312f50c/glance/74bf51df-5e9c-4a20-a247-901dc50f4050" 201 - "PUT http://swift-internal.openstack.svc:8080/v1/AUTH_d4d3d5a332264bdda95513991312f50c/glance/74bf51df-5e9c-4a20-a247-901dc50f4050" "tx97f79334140e4edbad0dc-00693009f6" "proxy-server 6" 0.0136 "-" 25 0
Dec 3 09:59:19 np0005543245 object-server[105310]: 172.20.0.30 - - [03/Dec/2025:09:59:19 +0000] "GET /d1/81/AUTH_d4d3d5a332264bdda95513991312f50c/glance/74bf51df-5e9c-4a20-a247-901dc50f4050" 200 - "GET http://swift-internal.openstack.svc:8080/v1/AUTH_d4d3d5a332264bdda95513991312f50c/glance/74bf51df-5e9c-4a20-a247-901dc50f4050" "tx3cff11c9f34040de9c57d-00693009f7" "proxy-server 15" 0.0009 "-" 25 0
Dec 3 09:59:19 np0005543245 container-server[104946]: 172.20.0.30 - - [03/Dec/2025:09:59:19 +0000] "GET /d1/916/AUTH_d4d3d5a332264bdda95513991312f50c/glance" 200 206 "GET http://swift-internal.openstack.svc:8080/v1/AUTH_d4d3d5a332264bdda95513991312f50c/glance?prefix=74bf51df-5e9c-4a20-a247-901dc50f4050-&format=json&states=listing" "tx3cff11c9f34040de9c57d-00693009f7" "proxy-server 15" 0.0207 "-" 23 0
Dec 3 09:59:19 np0005543245 object-server[105285]: 172.20.0.30 - - [03/Dec/2025:09:59:19 +0000] "GET /d1/179/AUTH_d4d3d5a332264bdda95513991312f50c/glance/74bf51df-5e9c-4a20-a247-901dc50f4050-00001" 200 1024 "GET http://swift-internal.openstack.svc:8080/v1/AUTH_d4d3d5a332264bdda95513991312f50c/glance/74bf51df-5e9c-4a20-a247-901dc50f4050-00001?multipart-manifest=get" "tx3cff11c9f34040de9c57d-00693009f7" "proxy-server 15" 0.0013 "-" 22 0
Dec 3 09:59:20 np0005543245 object-server[105285]: 172.20.0.30 - - [03/Dec/2025:09:59:20 +0000] "HEAD /d1/81/AUTH_d4d3d5a332264bdda95513991312f50c/glance/74bf51df-5e9c-4a20-a247-901dc50f4050" 200 - "HEAD http://swift-internal.openstack.svc:8080/v1/AUTH_d4d3d5a332264bdda95513991312f50c/glance/74bf51df-5e9c-4a20-a247-901dc50f4050" "tx48da20ea11ec40faabe86-00693009f8" "proxy-server 13" 0.0009 "-" 22 0
Dec 3 09:59:20 np0005543245 container-server[104941]: 172.20.0.30 - - [03/Dec/2025:09:59:20 +0000] "GET /d1/916/AUTH_d4d3d5a332264bdda95513991312f50c/glance" 200 206 "GET http://swift-internal.openstack.svc:8080/v1/AUTH_d4d3d5a332264bdda95513991312f50c/glance?prefix=74bf51df-5e9c-4a20-a247-901dc50f4050-&format=json&states=listing" "tx48da20ea11ec40faabe86-00693009f8" "proxy-server 13" 0.0055 "-" 21 0
Dec 3 09:59:20 np0005543245 container-server[104941]: 172.20.0.30 - - [03/Dec/2025:09:59:20 +0000] "GET /d1/916/AUTH_d4d3d5a332264bdda95513991312f50c/glance" 200 206 "GET http://swift-internal.openstack.svc:8080/v1/AUTH_d4d3d5a332264bdda95513991312f50c/glance?format=json&prefix=74bf51df-5e9c-4a20-a247-901dc50f4050-&states=listing" "tx1dbbcaef25254259a9496-00693009f8" "proxy-server 13" 0.0035 "-" 21 0
Dec 3 09:59:20 np0005543245 container-server[104941]: 172.20.0.103 - - [03/Dec/2025:09:59:20 +0000] "DELETE /d1/916/AUTH_d4d3d5a332264bdda95513991312f50c/glance/74bf51df-5e9c-4a20-a247-901dc50f4050-00001" 204 - "DELETE http://swift-internal.openstack.svc:8080/d1/179/AUTH_d4d3d5a332264bdda95513991312f50c/glance/74bf51df-5e9c-4a20-a247-901dc50f4050-00001" "txe377499e7d764a60ac7fd-00693009f8" "object-server 25" 0.0008 "-" 21 0
Dec 3 09:59:20 np0005543245 object-server[105310]: 172.20.0.30 - - [03/Dec/2025:09:59:20 +0000] "DELETE /d1/179/AUTH_d4d3d5a332264bdda95513991312f50c/glance/74bf51df-5e9c-4a20-a247-901dc50f4050-00001" 204 - "DELETE http://swift-internal.openstack.svc:8080/v1/AUTH_d4d3d5a332264bdda95513991312f50c/glance/74bf51df-5e9c-4a20-a247-901dc50f4050-00001" "txe377499e7d764a60ac7fd-00693009f8" "proxy-server 13" 0.0574 "-" 25 0
Dec 3 09:59:20 np0005543245 container-server[104941]: 172.20.0.103 - - [03/Dec/2025:09:59:20 +0000] "DELETE /d1/916/AUTH_d4d3d5a332264bdda95513991312f50c/glance/74bf51df-5e9c-4a20-a247-901dc50f4050" 204 - "DELETE http://swift-internal.openstack.svc:8080/d1/81/AUTH_d4d3d5a332264bdda95513991312f50c/glance/74bf51df-5e9c-4a20-a247-901dc50f4050" "txaaf282eec3a0484da42d0-00693009f8" "object-server 25" 0.0005 "-" 21 0
Dec 3 09:59:20 np0005543245 object-server[105310]: 172.20.0.30 - - [03/Dec/2025:09:59:20 +0000] "DELETE /d1/81/AUTH_d4d3d5a332264bdda95513991312f50c/glance/74bf51df-5e9c-4a20-a247-901dc50f4050" 204 - "DELETE http://swift-internal.openstack.svc:8080/v1/AUTH_d4d3d5a332264bdda95513991312f50c/glance/74bf51df-5e9c-4a20-a247-901dc50f4050" "txaaf282eec3a0484da42d0-00693009f8" "proxy-server 13" 0.0091 "-" 25 0
Dec 3 09:59:21 np0005543245 object-server[105287]: 172.20.0.30 - - [03/Dec/2025:09:59:21 +0000] "HEAD /d1/600/AUTH_d4d3d5a332264bdda95513991312f50c/glance/7c06266b-308d-4dbe-8d3c-b26f27df63f9" 200 - "HEAD http://swift-internal.openstack.svc:8080/v1/AUTH_d4d3d5a332264bdda95513991312f50c/glance/7c06266b-308d-4dbe-8d3c-b26f27df63f9" "tx33ed1e49451247ef8f871-00693009f8" "proxy-server 6" 0.0011 "-" 23 0
Dec 3 09:59:21 np0005543245 container-server[104935]: 172.20.0.30 - - [03/Dec/2025:09:59:21 +0000] "GET /d1/916/AUTH_d4d3d5a332264bdda95513991312f50c/glance" 200 206 "GET http://swift-internal.openstack.svc:8080/v1/AUTH_d4d3d5a332264bdda95513991312f50c/glance?prefix=7c06266b-308d-4dbe-8d3c-b26f27df63f9-&format=json&states=listing" "tx33ed1e49451247ef8f871-00693009f8" "proxy-server 6" 0.0582 "-" 20 0
Dec 3 09:59:21 np0005543245 container-server[104946]: 172.20.0.30 - - [03/Dec/2025:09:59:21 +0000] "GET /d1/916/AUTH_d4d3d5a332264bdda95513991312f50c/glance" 200 206 "GET http://swift-internal.openstack.svc:8080/v1/AUTH_d4d3d5a332264bdda95513991312f50c/glance?format=json&prefix=7c06266b-308d-4dbe-8d3c-b26f27df63f9-&states=listing" "txac8cd29ef531432cb7ff1-00693009f9" "proxy-server 6" 0.0041 "-" 23 0
Dec 3 09:59:21 np0005543245 container-server[104935]: 172.20.0.103 - - [03/Dec/2025:09:59:21 +0000] "DELETE /d1/916/AUTH_d4d3d5a332264bdda95513991312f50c/glance/7c06266b-308d-4dbe-8d3c-b26f27df63f9-00001" 204 - "DELETE http://swift-internal.openstack.svc:8080/d1/524/AUTH_d4d3d5a332264bdda95513991312f50c/glance/7c06266b-308d-4dbe-8d3c-b26f27df63f9-00001" "tx6921fc912bbe437788ed5-00693009f9" "object-server 24" 0.0009 "-" 20 0
Dec 3 09:59:21 np0005543245 object-server[105291]: 172.20.0.30 - - [03/Dec/2025:09:59:21 +0000] "DELETE /d1/524/AUTH_d4d3d5a332264bdda95513991312f50c/glance/7c06266b-308d-4dbe-8d3c-b26f27df63f9-00001" 204 - "DELETE http://swift-internal.openstack.svc:8080/v1/AUTH_d4d3d5a332264bdda95513991312f50c/glance/7c06266b-308d-4dbe-8d3c-b26f27df63f9-00001" "tx6921fc912bbe437788ed5-00693009f9" "proxy-server 6" 0.0110 "-" 24 0
Dec 3 09:59:21 np0005543245 container-server[104942]: 172.20.0.103 - - [03/Dec/2025:09:59:21 +0000] "DELETE /d1/916/AUTH_d4d3d5a332264bdda95513991312f50c/glance/7c06266b-308d-4dbe-8d3c-b26f27df63f9" 204 - "DELETE http://swift-internal.openstack.svc:8080/d1/600/AUTH_d4d3d5a332264bdda95513991312f50c/glance/7c06266b-308d-4dbe-8d3c-b26f27df63f9" "tx130d917fe0b5497b84d81-00693009f9" "object-server 24" 0.0011 "-" 22 0
Dec 3 09:59:21 np0005543245 object-server[105291]: 172.20.0.30 - - [03/Dec/2025:09:59:21 +0000] "DELETE /d1/600/AUTH_d4d3d5a332264bdda95513991312f50c/glance/7c06266b-308d-4dbe-8d3c-b26f27df63f9" 204 - "DELETE http://swift-internal.openstack.svc:8080/v1/AUTH_d4d3d5a332264bdda95513991312f50c/glance/7c06266b-308d-4dbe-8d3c-b26f27df63f9" "tx130d917fe0b5497b84d81-00693009f9" "proxy-server 6" 0.0370 "-" 24 0
Dec 3 09:59:27 np0005543245 account-server[104494]: 172.20.0.30 - - [03/Dec/2025:09:59:27 +0000] "HEAD /d1/547/AUTH_d4d3d5a332264bdda95513991312f50c" 204 - "HEAD http://swift-internal.openstack.svc:8080/v1/AUTH_d4d3d5a332264bdda95513991312f50c?format=json" "txb314d5fcf5c0469d9fdbe-00693009ff" "proxy-server 13" 0.0035 "-" 21 -
Dec 3 09:59:27 np0005543245 container-server[104935]: 172.20.0.30 - - [03/Dec/2025:09:59:27 +0000] "HEAD /d1/916/AUTH_d4d3d5a332264bdda95513991312f50c/glance" 204 - "HEAD http://swift-internal.openstack.svc:8080/v1/AUTH_d4d3d5a332264bdda95513991312f50c/glance?format=json&states=listing" "txb314d5fcf5c0469d9fdbe-00693009ff" "proxy-server 13" 0.0112 "-" 20 0
Dec 3 09:59:27 np0005543245 container-server[104946]: 172.20.0.103 - - [03/Dec/2025:09:59:27 +0000] "PUT /d1/916/AUTH_d4d3d5a332264bdda95513991312f50c/glance/c2d9823e-a977-45c8-b0ec-1b98482e1b6f-00001" 201 - "PUT http://swift-internal.openstack.svc:8080/d1/481/AUTH_d4d3d5a332264bdda95513991312f50c/glance/c2d9823e-a977-45c8-b0ec-1b98482e1b6f-00001" "tx44f4b21275044ade89e12-00693009ff" "object-server 24" 0.0013 "-" 23 0
Dec 3 09:59:27 np0005543245 object-server[105291]: 172.20.0.30 - - [03/Dec/2025:09:59:27 +0000] "PUT /d1/481/AUTH_d4d3d5a332264bdda95513991312f50c/glance/c2d9823e-a977-45c8-b0ec-1b98482e1b6f-00001" 201 - "PUT http://swift-internal.openstack.svc:8080/v1/AUTH_d4d3d5a332264bdda95513991312f50c/glance/c2d9823e-a977-45c8-b0ec-1b98482e1b6f-00001" "tx44f4b21275044ade89e12-00693009ff" "proxy-server 13" 0.0238 "-" 24 0
Dec 3 09:59:27 np0005543245 container-server[104946]: 172.20.0.103 - - [03/Dec/2025:09:59:27 +0000] "PUT /d1/916/AUTH_d4d3d5a332264bdda95513991312f50c/glance/c2d9823e-a977-45c8-b0ec-1b98482e1b6f" 201 - "PUT http://swift-internal.openstack.svc:8080/d1/188/AUTH_d4d3d5a332264bdda95513991312f50c/glance/c2d9823e-a977-45c8-b0ec-1b98482e1b6f" "txd873b78033e24f7687aaa-00693009ff" "object-server 25" 0.0007 "-" 23 0
Dec 3 09:59:27 np0005543245 object-server[105310]: 172.20.0.30 - - [03/Dec/2025:09:59:27 +0000] "PUT /d1/188/AUTH_d4d3d5a332264bdda95513991312f50c/glance/c2d9823e-a977-45c8-b0ec-1b98482e1b6f" 201 - "PUT http://swift-internal.openstack.svc:8080/v1/AUTH_d4d3d5a332264bdda95513991312f50c/glance/c2d9823e-a977-45c8-b0ec-1b98482e1b6f" "txd873b78033e24f7687aaa-00693009ff" "proxy-server 13" 0.0115 "-" 25 0
Dec 3 09:59:29 np0005543245 object-server[105285]: 172.20.0.30 - - [03/Dec/2025:09:59:29 +0000] "HEAD /d1/188/AUTH_d4d3d5a332264bdda95513991312f50c/glance/c2d9823e-a977-45c8-b0ec-1b98482e1b6f" 200 - "HEAD http://swift-internal.openstack.svc:8080/v1/AUTH_d4d3d5a332264bdda95513991312f50c/glance/c2d9823e-a977-45c8-b0ec-1b98482e1b6f" "tx26f1d1d9c1174da3ba5ed-0069300a01" "proxy-server 12" 0.0011 "-" 22 0
Dec 3 09:59:29 np0005543245 container-server[104941]: 172.20.0.30 - - [03/Dec/2025:09:59:29 +0000] "GET /d1/916/AUTH_d4d3d5a332264bdda95513991312f50c/glance" 200 206 "GET http://swift-internal.openstack.svc:8080/v1/AUTH_d4d3d5a332264bdda95513991312f50c/glance?prefix=c2d9823e-a977-45c8-b0ec-1b98482e1b6f-&format=json&states=listing" "tx26f1d1d9c1174da3ba5ed-0069300a01" "proxy-server 12" 0.0097 "-" 21 0
Dec 3 09:59:29 np0005543245 container-server[104935]: 172.20.0.30 - - [03/Dec/2025:09:59:29 +0000] "GET /d1/916/AUTH_d4d3d5a332264bdda95513991312f50c/glance" 200 206 "GET http://swift-internal.openstack.svc:8080/v1/AUTH_d4d3d5a332264bdda95513991312f50c/glance?format=json&prefix=c2d9823e-a977-45c8-b0ec-1b98482e1b6f-&states=listing" "txd480d70e6ff8493cb5cc5-0069300a01" "proxy-server 12" 0.0046 "-" 20 0
Dec 3 09:59:29 np0005543245 container-server[104946]: 172.20.0.103 - - [03/Dec/2025:09:59:29 +0000] "DELETE /d1/916/AUTH_d4d3d5a332264bdda95513991312f50c/glance/c2d9823e-a977-45c8-b0ec-1b98482e1b6f-00001" 204 - "DELETE http://swift-internal.openstack.svc:8080/d1/481/AUTH_d4d3d5a332264bdda95513991312f50c/glance/c2d9823e-a977-45c8-b0ec-1b98482e1b6f-00001" "tx612fd69c44514ef681ede-0069300a01" "object-server 22" 0.0006 "-" 23 0
Dec 3 09:59:29 np0005543245 object-server[105285]: 172.20.0.30 - - [03/Dec/2025:09:59:29 +0000] "DELETE /d1/481/AUTH_d4d3d5a332264bdda95513991312f50c/glance/c2d9823e-a977-45c8-b0ec-1b98482e1b6f-00001" 204 - "DELETE http://swift-internal.openstack.svc:8080/v1/AUTH_d4d3d5a332264bdda95513991312f50c/glance/c2d9823e-a977-45c8-b0ec-1b98482e1b6f-00001" "tx612fd69c44514ef681ede-0069300a01" "proxy-server 12" 0.0094 "-" 22 0
Dec 3 09:59:29 np0005543245 container-server[104942]: 172.20.0.103 - - [03/Dec/2025:09:59:29 +0000] "DELETE /d1/916/AUTH_d4d3d5a332264bdda95513991312f50c/glance/c2d9823e-a977-45c8-b0ec-1b98482e1b6f" 204 - "DELETE http://swift-internal.openstack.svc:8080/d1/188/AUTH_d4d3d5a332264bdda95513991312f50c/glance/c2d9823e-a977-45c8-b0ec-1b98482e1b6f" "txb3903a0336db45b0ac514-0069300a01" "object-server 24" 0.0006 "-" 22 0
Dec 3 09:59:29 np0005543245 object-server[105291]: 172.20.0.30 - - [03/Dec/2025:09:59:29 +0000] "DELETE /d1/188/AUTH_d4d3d5a332264bdda95513991312f50c/glance/c2d9823e-a977-45c8-b0ec-1b98482e1b6f" 204 - "DELETE http://swift-internal.openstack.svc:8080/v1/AUTH_d4d3d5a332264bdda95513991312f50c/glance/c2d9823e-a977-45c8-b0ec-1b98482e1b6f" "txb3903a0336db45b0ac514-0069300a01" "proxy-server 12" 0.0081 "-" 24 0
Dec 3 09:59:30 np0005543245 container-server[104394]: Beginning replication run
Dec 3 09:59:30 np0005543245 container-server[104394]: Replication run OVER
Dec 3 09:59:30 np0005543245 container-server[104394]: Attempted to replicate 1 dbs in 0.02607 seconds (38.36251/s)
Dec 3 09:59:30 np0005543245 container-server[104394]: Removed 0 dbs
Dec 3 09:59:30 np0005543245 container-server[104394]: 1 successes, 0 failures
Dec 3 09:59:30 np0005543245 container-server[104394]: diff:0 diff_capped:0 empty:0 hashmatch:0 no_change:1 remote_merge:0 rsync:0 ts_repl:0
Dec 3 09:59:39 np0005543245 object-server[573923]: Begin object audit "forever" mode (ALL)
Dec 3 09:59:39 np0005543245 object-server[573922]: Begin object audit "forever" mode (ZBF)
Dec 3 09:59:39 np0005543245 object-server[573922]: Object audit (ZBF). Since Wed Dec 3 09:59:39 2025: Locally: 1 passed, 0 quarantined, 0 errors, files/sec: 645.48, bytes/sec: 0.00, Total time: 0.00, Auditing time: 0.00, Rate: 0.00
Dec 3 09:59:39 np0005543245 object-server[573922]: Object audit (ZBF) "forever" mode completed: 0.24s. Total quarantined: 0, Total errors: 0, Total files/sec: 57.67, Total bytes/sec: 0.00, Auditing time: 0.24, Rate: 0.98
Dec 3 09:59:41 np0005543245 object-server[573923]: Object audit (ALL). Since Wed Dec 3 09:59:39 2025: Locally: 1 passed, 0 quarantined, 0 errors, files/sec: 0.46, bytes/sec: 10042248.29, Total time: 2.16, Auditing time: 0.00, Rate: 0.00
Dec 3 09:59:43 np0005543245 account-server[104223]: Beginning replication run
Dec 3 09:59:43 np0005543245 account-server[104223]: Replication run OVER
Dec 3 09:59:43 np0005543245 account-server[104223]: Attempted to replicate 1 dbs in 0.00837 seconds (119.51825/s)
Dec 3 09:59:43 np0005543245 account-server[104223]: Removed 0 dbs
Dec 3 09:59:43 np0005543245 account-server[104223]: 1 successes, 0 failures
Dec 3 09:59:43 np0005543245 account-server[104223]: diff:0 diff_capped:0 empty:0 hashmatch:0 no_change:1 remote_merge:0 rsync:0 ts_repl:0
Dec 3 09:59:45 np0005543245 object-server[573923]: Object audit (ALL) "forever" mode completed: 6.45s. Total quarantined: 0, Total errors: 0, Total files/sec: 2.17, Total bytes/sec: 10008468.27, Auditing time: 6.44, Rate: 1.00
Dec 3 09:59:46 np0005543245 object-server[104861]: Starting object replication pass.
Dec 3 09:59:46 np0005543245 object-server[104861]: 14/14 (100.00%) partitions replicated in 0.21s (67.34/sec, 0s remaining)
Dec 3 09:59:46 np0005543245 object-server[104861]: 0 successes, 0 failures
Dec 3 09:59:46 np0005543245 object-server[104861]: 14 suffixes checked - 42.86% hashed, 0.00% synced
Dec 3 09:59:46 np0005543245 object-server[104861]: Partition times: max 0.1258s, min 0.0006s, med 0.0058s
Dec 3 09:59:46 np0005543245 object-server[104861]: Object replication complete. (0.00 minutes)
Dec 3 10:00:00 np0005543245 container-server[104394]: Beginning replication run
Dec 3 10:00:00 np0005543245 container-server[104394]: Replication run OVER
Dec 3 10:00:00 np0005543245 container-server[104394]: Attempted to replicate 1 dbs in 0.01352 seconds (73.95742/s)
Dec 3 10:00:00 np0005543245 container-server[104394]: Removed 0 dbs
Dec 3 10:00:00 np0005543245 container-server[104394]: 1 successes, 0 failures
Dec 3 10:00:00 np0005543245 container-server[104394]: diff:0 diff_capped:0 empty:0 hashmatch:0 no_change:1 remote_merge:0 rsync:0 ts_repl:0
Dec 3 10:00:09 np0005543245 object-server[573925]: Begin object audit "forever" mode (ZBF)
Dec 3 10:00:09 np0005543245 object-server[573925]: Object audit (ZBF). Since Wed Dec 3 10:00:09 2025: Locally: 1 passed, 0 quarantined, 0 errors, files/sec: 410.16, bytes/sec: 0.00, Total time: 0.00, Auditing time: 0.00, Rate: 0.00
Dec 3 10:00:10 np0005543245 object-server[573925]: Object audit (ZBF) "forever" mode completed: 0.24s. Total quarantined: 0, Total errors: 0, Total files/sec: 57.41, Total bytes/sec: 0.00, Auditing time: 0.24, Rate: 0.97
Dec 3 10:00:13 np0005543245 account-server[104223]: Beginning replication run
Dec 3 10:00:13 np0005543245 account-server[104223]: Replication run OVER
Dec 3 10:00:13 np0005543245 account-server[104223]: Attempted to replicate 1 dbs in 0.01003 seconds (99.67353/s)
Dec 3 10:00:13 np0005543245 account-server[104223]: Removed 0 dbs
Dec 3 10:00:13 np0005543245 account-server[104223]: 1 successes, 0 failures
Dec 3 10:00:13 np0005543245 account-server[104223]: diff:0 diff_capped:0 empty:0 hashmatch:0 no_change:1 remote_merge:0 rsync:0 ts_repl:0
Dec 3 10:00:16 np0005543245 object-server[104861]: Starting object replication pass.
Dec 3 10:00:16 np0005543245 object-server[104861]: 14/14 (100.00%) partitions replicated in 0.02s (717.32/sec, 0s remaining)
Dec 3 10:00:16 np0005543245 object-server[104861]: 0 successes, 0 failures
Dec 3 10:00:16 np0005543245 object-server[104861]: 14 suffixes checked - 0.00% hashed, 0.00% synced
Dec 3 10:00:16 np0005543245 object-server[104861]: Partition times: max 0.0015s, min 0.0006s, med 0.0008s
Dec 3 10:00:16 np0005543245 object-server[104861]: Object replication complete. (0.00 minutes)
Dec 3 10:00:21 np0005543245 account-server[104512]: 172.20.0.103 - - [03/Dec/2025:10:00:21 +0000] "HEAD /d1/172/.expiring_objects" 404 - "HEAD http://localhost/v1/.expiring_objects?format=json" "txfcf75709afa445f0a7a70-0069300a35" "proxy-server 2" 0.0005 "-" 23 -
Dec 3 10:00:21 np0005543245 object-expirer[104798]: Pass completed in 0s; 0 objects expired (txn: txfcf75709afa445f0a7a70-0069300a35)
Dec 3 10:00:30 np0005543245 container-server[104394]: Beginning replication run
Dec 3 10:00:30 np0005543245 container-server[104394]: Replication run OVER
Dec 3 10:00:30 np0005543245 container-server[104394]: Attempted to replicate 1 dbs in 0.01339 seconds (74.69897/s)
Dec 3 10:00:30 np0005543245 container-server[104394]: Removed 0 dbs
Dec 3 10:00:30 np0005543245 container-server[104394]: 1 successes, 0 failures
Dec 3 10:00:30 np0005543245 container-server[104394]: diff:0 diff_capped:0 empty:0 hashmatch:0 no_change:1 remote_merge:0 rsync:0 ts_repl:0
Dec 3 10:00:40 np0005543245 object-server[575172]: Begin object audit "forever" mode (ZBF)
Dec 3 10:00:40 np0005543245 object-server[575173]: Begin object audit "forever" mode (ALL)
Dec 3 10:00:40 np0005543245 object-server[575172]: Object audit (ZBF). Since Wed Dec 3 10:00:40 2025: Locally: 1 passed, 0 quarantined, 0 errors, files/sec: 541.62, bytes/sec: 0.00, Total time: 0.00, Auditing time: 0.00, Rate: 0.00
Dec 3 10:00:40 np0005543245 object-server[575172]: Object audit (ZBF) "forever" mode completed: 0.24s. Total quarantined: 0, Total errors: 0, Total files/sec: 57.61, Total bytes/sec: 0.00, Auditing time: 0.24, Rate: 0.98
Dec 3 10:00:42 np0005543245 object-server[575173]: Object audit (ALL). Since Wed Dec 3 10:00:40 2025: Locally: 1 passed, 0 quarantined, 0 errors, files/sec: 0.46, bytes/sec: 10041620.98, Total time: 2.16, Auditing time: 0.00, Rate: 0.00
Dec 3 10:00:43 np0005543245 account-server[104223]: Beginning replication run
Dec 3 10:00:43 np0005543245 account-server[104223]: Replication run OVER
Dec 3 10:00:43 np0005543245 account-server[104223]: Attempted to replicate 1 dbs in 0.01015 seconds (98.53088/s)
Dec 3 10:00:43 np0005543245 account-server[104223]: Removed 0 dbs
Dec 3 10:00:43 np0005543245 account-server[104223]: 1 successes, 0 failures
Dec 3 10:00:43 np0005543245 account-server[104223]: diff:0 diff_capped:0 empty:0 hashmatch:0 no_change:1 remote_merge:0 rsync:0 ts_repl:0
Dec 3 10:00:46 np0005543245 object-server[104861]: Starting object replication pass.
Dec 3 10:00:46 np0005543245 object-server[104861]: 14/14 (100.00%) partitions replicated in 0.02s (623.32/sec, 0s remaining)
Dec 3 10:00:46 np0005543245 object-server[104861]: 0 successes, 0 failures
Dec 3 10:00:46 np0005543245 object-server[104861]: 14 suffixes checked - 0.00% hashed, 0.00% synced
Dec 3 10:00:46 np0005543245 object-server[104861]: Partition times: max 0.0044s, min 0.0005s, med 0.0008s
Dec 3 10:00:46 np0005543245 object-server[104861]: Object replication complete. (0.00 minutes)
Dec 3 10:00:46 np0005543245 object-server[575173]: Object audit (ALL) "forever" mode completed: 6.45s. Total quarantined: 0, Total errors: 0, Total files/sec: 2.17, Total bytes/sec: 10011123.83, Auditing time: 6.44, Rate: 1.00
Dec 3 10:00:52 np0005543245 account-server[104512]: 172.20.0.30 - - [03/Dec/2025:10:00:52 +0000] "HEAD /d1/547/AUTH_d4d3d5a332264bdda95513991312f50c" 204 - "HEAD http://swift-internal.openstack.svc:8080/v1/AUTH_d4d3d5a332264bdda95513991312f50c?format=json" "txd0279097689149adaa086-0069300a54" "proxy-server 12" 0.0026 "-" 23 -
Dec 3 10:00:53 np0005543245 container-server[104942]: 172.20.0.30 - - [03/Dec/2025:10:00:53 +0000] "HEAD /d1/916/AUTH_d4d3d5a332264bdda95513991312f50c/glance" 204 - "HEAD http://swift-internal.openstack.svc:8080/v1/AUTH_d4d3d5a332264bdda95513991312f50c/glance?format=json&states=listing" "txd0279097689149adaa086-0069300a54" "proxy-server 12" 0.0019 "-" 22 0
Dec 3 10:00:53 np0005543245 container-server[104942]: 172.20.0.103 - - [03/Dec/2025:10:00:53 +0000] "PUT /d1/916/AUTH_d4d3d5a332264bdda95513991312f50c/glance/b560157a-657d-4681-bf86-3e694a0413c7-00001" 201 - "PUT http://swift-internal.openstack.svc:8080/d1/763/AUTH_d4d3d5a332264bdda95513991312f50c/glance/b560157a-657d-4681-bf86-3e694a0413c7-00001" "tx9e5f69b20b944dc780b83-0069300a55" "object-server 25" 0.0006 "-" 22 0
Dec 3 10:00:53 np0005543245 object-server[105310]: 172.20.0.30 - - [03/Dec/2025:10:00:53 +0000] "PUT /d1/763/AUTH_d4d3d5a332264bdda95513991312f50c/glance/b560157a-657d-4681-bf86-3e694a0413c7-00001" 201 - "PUT http://swift-internal.openstack.svc:8080/v1/AUTH_d4d3d5a332264bdda95513991312f50c/glance/b560157a-657d-4681-bf86-3e694a0413c7-00001" "tx9e5f69b20b944dc780b83-0069300a55" "proxy-server 12" 0.0145 "-" 25 0
Dec 3 10:00:53 np0005543245 container-server[104946]: 172.20.0.103 - - [03/Dec/2025:10:00:53 +0000] "PUT /d1/916/AUTH_d4d3d5a332264bdda95513991312f50c/glance/b560157a-657d-4681-bf86-3e694a0413c7" 201 - "PUT http://swift-internal.openstack.svc:8080/d1/293/AUTH_d4d3d5a332264bdda95513991312f50c/glance/b560157a-657d-4681-bf86-3e694a0413c7" "txe4410bb888bd422ca9870-0069300a55" "object-server 23" 0.0008 "-" 23 0
Dec 3 10:00:53 np0005543245 object-server[105287]: 172.20.0.30 - - [03/Dec/2025:10:00:53 +0000] "PUT /d1/293/AUTH_d4d3d5a332264bdda95513991312f50c/glance/b560157a-657d-4681-bf86-3e694a0413c7" 201 - "PUT http://swift-internal.openstack.svc:8080/v1/AUTH_d4d3d5a332264bdda95513991312f50c/glance/b560157a-657d-4681-bf86-3e694a0413c7" "txe4410bb888bd422ca9870-0069300a55" "proxy-server 12" 0.0120 "-" 23 0
Dec 3 10:00:57 np0005543245 object-server[105291]: 172.20.0.30 - - [03/Dec/2025:10:00:57 +0000] "HEAD /d1/293/AUTH_d4d3d5a332264bdda95513991312f50c/glance/b560157a-657d-4681-bf86-3e694a0413c7" 200 - "HEAD http://swift-internal.openstack.svc:8080/v1/AUTH_d4d3d5a332264bdda95513991312f50c/glance/b560157a-657d-4681-bf86-3e694a0413c7" "tx8efbdec1718e40da9b3dc-0069300a59" "proxy-server 15" 0.0012 "-" 24 0
Dec 3 10:00:58 np0005543245 container-server[104942]: 172.20.0.30 - - [03/Dec/2025:10:00:58 +0000] "GET /d1/916/AUTH_d4d3d5a332264bdda95513991312f50c/glance" 200 206 "GET http://swift-internal.openstack.svc:8080/v1/AUTH_d4d3d5a332264bdda95513991312f50c/glance?prefix=b560157a-657d-4681-bf86-3e694a0413c7-&format=json&states=listing" "tx8efbdec1718e40da9b3dc-0069300a59" "proxy-server 15" 0.1672 "-" 22 0
Dec 3 10:00:58 np0005543245 container-server[104942]: 172.20.0.30 - - [03/Dec/2025:10:00:58 +0000] "GET /d1/916/AUTH_d4d3d5a332264bdda95513991312f50c/glance" 200 206 "GET http://swift-internal.openstack.svc:8080/v1/AUTH_d4d3d5a332264bdda95513991312f50c/glance?format=json&prefix=b560157a-657d-4681-bf86-3e694a0413c7-&states=listing" "txedba0b1ae4ee479f9f310-0069300a5a" "proxy-server 15" 0.0022 "-" 22 0
Dec 3 10:00:58 np0005543245 container-server[104946]: 172.20.0.103 - - [03/Dec/2025:10:00:58 +0000] "DELETE /d1/916/AUTH_d4d3d5a332264bdda95513991312f50c/glance/b560157a-657d-4681-bf86-3e694a0413c7-00001" 204 - "DELETE http://swift-internal.openstack.svc:8080/d1/763/AUTH_d4d3d5a332264bdda95513991312f50c/glance/b560157a-657d-4681-bf86-3e694a0413c7-00001" "tx58108b13860243cda9ae2-0069300a5a" "object-server 22" 0.0010 "-" 23 0
Dec 3 10:00:58 np0005543245 object-server[105285]: 172.20.0.30 - - [03/Dec/2025:10:00:58 +0000] "DELETE /d1/763/AUTH_d4d3d5a332264bdda95513991312f50c/glance/b560157a-657d-4681-bf86-3e694a0413c7-00001" 204 - "DELETE http://swift-internal.openstack.svc:8080/v1/AUTH_d4d3d5a332264bdda95513991312f50c/glance/b560157a-657d-4681-bf86-3e694a0413c7-00001" "tx58108b13860243cda9ae2-0069300a5a" "proxy-server 15" 0.0134 "-" 22 0
Dec 3 10:00:58 np0005543245 container-server[104942]: 172.20.0.103 - - [03/Dec/2025:10:00:58 +0000] "DELETE /d1/916/AUTH_d4d3d5a332264bdda95513991312f50c/glance/b560157a-657d-4681-bf86-3e694a0413c7" 204 - "DELETE http://swift-internal.openstack.svc:8080/d1/293/AUTH_d4d3d5a332264bdda95513991312f50c/glance/b560157a-657d-4681-bf86-3e694a0413c7" "tx8c8f7a15fc2a4b5598f63-0069300a5a" "object-server 25" 0.0006 "-" 22 0
Dec 3 10:00:58 np0005543245 object-server[105310]: 172.20.0.30 - - [03/Dec/2025:10:00:58 +0000] "DELETE /d1/293/AUTH_d4d3d5a332264bdda95513991312f50c/glance/b560157a-657d-4681-bf86-3e694a0413c7" 204 - "DELETE http://swift-internal.openstack.svc:8080/v1/AUTH_d4d3d5a332264bdda95513991312f50c/glance/b560157a-657d-4681-bf86-3e694a0413c7" "tx8c8f7a15fc2a4b5598f63-0069300a5a" "proxy-server 15" 0.0085 "-" 25 0
Dec 3 10:01:00 np0005543245 container-server[104394]: Beginning replication run
Dec 3 10:01:00 np0005543245 container-server[104394]: Replication run OVER
Dec 3 10:01:00 np0005543245 container-server[104394]: Attempted to replicate 1 dbs in 0.02637 seconds (37.91653/s)
Dec 3 10:01:00 np0005543245 container-server[104394]: Removed 0 dbs
Dec 3 10:01:00 np0005543245 container-server[104394]: 1 successes, 0 failures
Dec 3 10:01:00 np0005543245 container-server[104394]: diff:0 diff_capped:0 empty:0 hashmatch:0 no_change:1 remote_merge:0 rsync:0 ts_repl:0
Dec 3 10:01:01 np0005543245 container-server[104942]: 172.20.0.30 - - [03/Dec/2025:10:01:01 +0000] "HEAD /d1/916/AUTH_d4d3d5a332264bdda95513991312f50c/glance" 204 - "HEAD http://swift-internal.openstack.svc:8080/v1/AUTH_d4d3d5a332264bdda95513991312f50c/glance?format=json&states=listing" "txd4a344c6d322483084315-0069300a5d" "proxy-server 12" 0.0025 "-" 22 0
Dec 3 10:01:01 np0005543245 container-server[104942]: 172.20.0.103 - - [03/Dec/2025:10:01:01 +0000] "PUT /d1/916/AUTH_d4d3d5a332264bdda95513991312f50c/glance/2acf4d3f-acb7-4113-99b9-fbf9f6b4e3be-00001" 201 - "PUT http://swift-internal.openstack.svc:8080/d1/970/AUTH_d4d3d5a332264bdda95513991312f50c/glance/2acf4d3f-acb7-4113-99b9-fbf9f6b4e3be-00001" "txc1ee31a45d674ad7816f7-0069300a5d" "object-server 23" 0.0008 "-" 22 0
Dec 3 10:01:01 np0005543245 object-server[105287]: 172.20.0.30 - - [03/Dec/2025:10:01:01 +0000] "PUT /d1/970/AUTH_d4d3d5a332264bdda95513991312f50c/glance/2acf4d3f-acb7-4113-99b9-fbf9f6b4e3be-00001" 201 - "PUT http://swift-internal.openstack.svc:8080/v1/AUTH_d4d3d5a332264bdda95513991312f50c/glance/2acf4d3f-acb7-4113-99b9-fbf9f6b4e3be-00001" "txc1ee31a45d674ad7816f7-0069300a5d" "proxy-server 12" 0.0129 "-" 23 0
Dec 3 10:01:01 np0005543245 container-server[104946]: 172.20.0.103 - - [03/Dec/2025:10:01:01 +0000] "PUT /d1/916/AUTH_d4d3d5a332264bdda95513991312f50c/glance/2acf4d3f-acb7-4113-99b9-fbf9f6b4e3be" 201 - "PUT http://swift-internal.openstack.svc:8080/d1/527/AUTH_d4d3d5a332264bdda95513991312f50c/glance/2acf4d3f-acb7-4113-99b9-fbf9f6b4e3be" "tx9610929fd4744ec884e9d-0069300a5d" "object-server 23" 0.0005 "-" 23 0
Dec 3 10:01:01 np0005543245 object-server[105287]: 172.20.0.30 - - [03/Dec/2025:10:01:01 +0000] "PUT /d1/527/AUTH_d4d3d5a332264bdda95513991312f50c/glance/2acf4d3f-acb7-4113-99b9-fbf9f6b4e3be" 201 - "PUT http://swift-internal.openstack.svc:8080/v1/AUTH_d4d3d5a332264bdda95513991312f50c/glance/2acf4d3f-acb7-4113-99b9-fbf9f6b4e3be" "tx9610929fd4744ec884e9d-0069300a5d" "proxy-server 12" 0.0100 "-" 23 0
Dec 3 10:01:05 np0005543245 container-server[104946]: 172.20.0.30 - - [03/Dec/2025:10:01:05 +0000] "HEAD /d1/916/AUTH_d4d3d5a332264bdda95513991312f50c/glance" 204 - "HEAD http://swift-internal.openstack.svc:8080/v1/AUTH_d4d3d5a332264bdda95513991312f50c/glance?format=json&states=listing" "tx3905c879db1f4710a5c03-0069300a61" "proxy-server 12" 0.0081 "-" 23 0
Dec 3 10:01:06 np0005543245 container-server[104941]: 172.20.0.103 - - [03/Dec/2025:10:01:06 +0000] "PUT /d1/916/AUTH_d4d3d5a332264bdda95513991312f50c/glance/026fa86b-346a-4263-ada1-4f7b3698ecb3-00001" 201 - "PUT http://swift-internal.openstack.svc:8080/d1/486/AUTH_d4d3d5a332264bdda95513991312f50c/glance/026fa86b-346a-4263-ada1-4f7b3698ecb3-00001" "txba29b2fc4f874ab0903f8-0069300a61" "object-server 25" 0.0008 "-" 21 0
Dec 3 10:01:06 np0005543245 object-server[105310]: 172.20.0.30 - - [03/Dec/2025:10:01:06 +0000] "PUT /d1/486/AUTH_d4d3d5a332264bdda95513991312f50c/glance/026fa86b-346a-4263-ada1-4f7b3698ecb3-00001" 201 - "PUT http://swift-internal.openstack.svc:8080/v1/AUTH_d4d3d5a332264bdda95513991312f50c/glance/026fa86b-346a-4263-ada1-4f7b3698ecb3-00001" "txba29b2fc4f874ab0903f8-0069300a61" "proxy-server 12" 0.2728 "-" 25 0
Dec 3 10:01:06 np0005543245 container-server[104941]: 172.20.0.103 - - [03/Dec/2025:10:01:06 +0000] "PUT /d1/916/AUTH_d4d3d5a332264bdda95513991312f50c/glance/026fa86b-346a-4263-ada1-4f7b3698ecb3" 201 - "PUT http://swift-internal.openstack.svc:8080/d1/452/AUTH_d4d3d5a332264bdda95513991312f50c/glance/026fa86b-346a-4263-ada1-4f7b3698ecb3" "txe0996fc3ffda4e6fb51e5-0069300a62" "object-server 23" 0.0008 "-" 21 0
Dec 3 10:01:06 np0005543245 object-server[105287]: 172.20.0.30 - - [03/Dec/2025:10:01:06 +0000] "PUT /d1/452/AUTH_d4d3d5a332264bdda95513991312f50c/glance/026fa86b-346a-4263-ada1-4f7b3698ecb3" 201 - "PUT http://swift-internal.openstack.svc:8080/v1/AUTH_d4d3d5a332264bdda95513991312f50c/glance/026fa86b-346a-4263-ada1-4f7b3698ecb3" "txe0996fc3ffda4e6fb51e5-0069300a62" "proxy-server 12" 0.0223 "-" 23 0
Dec 3 10:01:06 np0005543245 object-server[105291]: 172.20.0.30 - - [03/Dec/2025:10:01:06 +0000] "HEAD /d1/452/AUTH_d4d3d5a332264bdda95513991312f50c/glance/026fa86b-346a-4263-ada1-4f7b3698ecb3" 200 - "HEAD http://swift-internal.openstack.svc:8080/v1/AUTH_d4d3d5a332264bdda95513991312f50c/glance/026fa86b-346a-4263-ada1-4f7b3698ecb3" "txb0a7a542779c4351bccd7-0069300a62" "proxy-server 12" 0.0010 "-" 24 0
Dec 3 10:01:06 np0005543245 container-server[104935]: 172.20.0.30 - - [03/Dec/2025:10:01:06 +0000] "GET /d1/916/AUTH_d4d3d5a332264bdda95513991312f50c/glance" 200 210 "GET http://swift-internal.openstack.svc:8080/v1/AUTH_d4d3d5a332264bdda95513991312f50c/glance?prefix=026fa86b-346a-4263-ada1-4f7b3698ecb3-&format=json&states=listing" "txb0a7a542779c4351bccd7-0069300a62" "proxy-server 12" 0.0080 "-" 20 0
Dec 3 10:01:07 np0005543245 container-server[104942]: 172.20.0.30 - - [03/Dec/2025:10:01:07 +0000] "GET /d1/916/AUTH_d4d3d5a332264bdda95513991312f50c/glance" 200 210 "GET http://swift-internal.openstack.svc:8080/v1/AUTH_d4d3d5a332264bdda95513991312f50c/glance?format=json&prefix=026fa86b-346a-4263-ada1-4f7b3698ecb3-&states=listing" "tx727d869bc795467a849a6-0069300a63" "proxy-server 12" 0.0040 "-" 22 0
Dec 3 10:01:07 np0005543245 container-server[104935]: 172.20.0.103 - - [03/Dec/2025:10:01:07 +0000] "DELETE /d1/916/AUTH_d4d3d5a332264bdda95513991312f50c/glance/026fa86b-346a-4263-ada1-4f7b3698ecb3-00001" 204 - "DELETE http://swift-internal.openstack.svc:8080/d1/486/AUTH_d4d3d5a332264bdda95513991312f50c/glance/026fa86b-346a-4263-ada1-4f7b3698ecb3-00001" "tx3b9dc03fc6d7427d86cf5-0069300a63" "object-server 24" 0.0009 "-" 20 0
Dec 3 10:01:07 np0005543245 object-server[105291]: 172.20.0.30 - - [03/Dec/2025:10:01:07 +0000] "DELETE /d1/486/AUTH_d4d3d5a332264bdda95513991312f50c/glance/026fa86b-346a-4263-ada1-4f7b3698ecb3-00001" 204 - "DELETE http://swift-internal.openstack.svc:8080/v1/AUTH_d4d3d5a332264bdda95513991312f50c/glance/026fa86b-346a-4263-ada1-4f7b3698ecb3-00001" "tx3b9dc03fc6d7427d86cf5-0069300a63" "proxy-server 12" 0.0104 "-" 24 0
Dec 3 10:01:07 np0005543245 container-server[104941]: 172.20.0.103 - - [03/Dec/2025:10:01:07 +0000] "DELETE /d1/916/AUTH_d4d3d5a332264bdda95513991312f50c/glance/026fa86b-346a-4263-ada1-4f7b3698ecb3" 204 - "DELETE http://swift-internal.openstack.svc:8080/d1/452/AUTH_d4d3d5a332264bdda95513991312f50c/glance/026fa86b-346a-4263-ada1-4f7b3698ecb3" "tx3695436c1f054915b467c-0069300a63" "object-server 24" 0.0008 "-" 21 0
Dec 3 10:01:07 np0005543245 object-server[105291]: 172.20.0.30 - - [03/Dec/2025:10:01:07 +0000] "DELETE /d1/452/AUTH_d4d3d5a332264bdda95513991312f50c/glance/026fa86b-346a-4263-ada1-4f7b3698ecb3" 204 - "DELETE http://swift-internal.openstack.svc:8080/v1/AUTH_d4d3d5a332264bdda95513991312f50c/glance/026fa86b-346a-4263-ada1-4f7b3698ecb3" "tx3695436c1f054915b467c-0069300a63" "proxy-server 12" 0.0089 "-" 24 0
Dec 3 10:01:07 np0005543245 object-server[105287]: 172.20.0.30 - - [03/Dec/2025:10:01:07 +0000] "HEAD /d1/527/AUTH_d4d3d5a332264bdda95513991312f50c/glance/2acf4d3f-acb7-4113-99b9-fbf9f6b4e3be" 200 - "HEAD http://swift-internal.openstack.svc:8080/v1/AUTH_d4d3d5a332264bdda95513991312f50c/glance/2acf4d3f-acb7-4113-99b9-fbf9f6b4e3be" "txa8412b8e80ed4c8a9f116-0069300a63" "proxy-server 15" 0.0010 "-" 23 0
Dec 3 10:01:08 np0005543245 container-server[104935]: 172.20.0.30 - - [03/Dec/2025:10:01:08 +0000] "GET /d1/916/AUTH_d4d3d5a332264bdda95513991312f50c/glance" 200 206 "GET http://swift-internal.openstack.svc:8080/v1/AUTH_d4d3d5a332264bdda95513991312f50c/glance?prefix=2acf4d3f-acb7-4113-99b9-fbf9f6b4e3be-&format=json&states=listing" "txa8412b8e80ed4c8a9f116-0069300a63" "proxy-server 15" 0.0120 "-" 20 0
Dec 3 10:01:08 np0005543245 container-server[104942]: 172.20.0.30 - - [03/Dec/2025:10:01:08 +0000] "GET /d1/916/AUTH_d4d3d5a332264bdda95513991312f50c/glance" 200 206 "GET http://swift-internal.openstack.svc:8080/v1/AUTH_d4d3d5a332264bdda95513991312f50c/glance?format=json&prefix=2acf4d3f-acb7-4113-99b9-fbf9f6b4e3be-&states=listing" "tx6f6288cd87b3410a8d604-0069300a64" "proxy-server 15" 0.0037 "-" 22 0
Dec 3 10:01:08 np0005543245 container-server[104935]: 172.20.0.103 - - [03/Dec/2025:10:01:08 +0000] "DELETE /d1/916/AUTH_d4d3d5a332264bdda95513991312f50c/glance/2acf4d3f-acb7-4113-99b9-fbf9f6b4e3be-00001" 204 - "DELETE http://swift-internal.openstack.svc:8080/d1/970/AUTH_d4d3d5a332264bdda95513991312f50c/glance/2acf4d3f-acb7-4113-99b9-fbf9f6b4e3be-00001" "tx57df9dd76dfb475db51b3-0069300a64" "object-server 24" 0.0007 "-" 20 0
Dec 3 10:01:08 np0005543245 object-server[105291]: 172.20.0.30 - - [03/Dec/2025:10:01:08 +0000] "DELETE /d1/970/AUTH_d4d3d5a332264bdda95513991312f50c/glance/2acf4d3f-acb7-4113-99b9-fbf9f6b4e3be-00001" 204 - "DELETE http://swift-internal.openstack.svc:8080/v1/AUTH_d4d3d5a332264bdda95513991312f50c/glance/2acf4d3f-acb7-4113-99b9-fbf9f6b4e3be-00001" "tx57df9dd76dfb475db51b3-0069300a64" "proxy-server 15" 0.0086 "-" 24 0
Dec 3 10:01:08 np0005543245 container-server[104935]: 172.20.0.103 - - [03/Dec/2025:10:01:08 +0000] "DELETE /d1/916/AUTH_d4d3d5a332264bdda95513991312f50c/glance/2acf4d3f-acb7-4113-99b9-fbf9f6b4e3be" 204 - "DELETE http://swift-internal.openstack.svc:8080/d1/527/AUTH_d4d3d5a332264bdda95513991312f50c/glance/2acf4d3f-acb7-4113-99b9-fbf9f6b4e3be" "tx666f900d88544c709b047-0069300a64" "object-server 24" 0.0005 "-" 20 0
Dec 3 10:01:08 np0005543245 object-server[105291]: 172.20.0.30 - - [03/Dec/2025:10:01:08 +0000] "DELETE /d1/527/AUTH_d4d3d5a332264bdda95513991312f50c/glance/2acf4d3f-acb7-4113-99b9-fbf9f6b4e3be" 204 - "DELETE http://swift-internal.openstack.svc:8080/v1/AUTH_d4d3d5a332264bdda95513991312f50c/glance/2acf4d3f-acb7-4113-99b9-fbf9f6b4e3be" "tx666f900d88544c709b047-0069300a64" "proxy-server 15" 0.0077 "-" 24 0
Dec 3 10:01:10 np0005543245 object-server[575175]: Begin object audit "forever" mode (ZBF)
Dec 3 10:01:10 np0005543245 object-server[575175]: Object audit (ZBF). Since Wed Dec 3 10:01:10 2025: Locally: 1 passed, 0 quarantined, 0 errors, files/sec: 334.42, bytes/sec: 0.00, Total time: 0.00, Auditing time: 0.00, Rate: 0.00
Dec 3 10:01:10 np0005543245 object-server[575175]: Object audit (ZBF) "forever" mode completed: 0.36s. Total quarantined: 0, Total errors: 0, Total files/sec: 54.91, Total bytes/sec: 0.00, Auditing time: 0.36, Rate: 0.98
Dec 3 10:01:13 np0005543245 account-server[104223]: Beginning replication run
Dec 3 10:01:13 np0005543245 account-server[104223]: Replication run OVER
Dec 3 10:01:13 np0005543245 account-server[104223]: Attempted to replicate 1 dbs in 0.01222 seconds (81.82983/s)
Dec 3 10:01:13 np0005543245 account-server[104223]: Removed 0 dbs
Dec 3 10:01:13 np0005543245 account-server[104223]: 1 successes, 0 failures
Dec 3 10:01:13 np0005543245 account-server[104223]: diff:0 diff_capped:0 empty:0 hashmatch:0 no_change:1 remote_merge:0 rsync:0 ts_repl:0
Dec 3 10:01:16 np0005543245 object-server[104861]: Starting object replication pass.
Dec 3 10:01:16 np0005543245 object-server[104861]: 20/20 (100.00%) partitions replicated in 0.09s (220.28/sec, 0s remaining)
Dec 3 10:01:16 np0005543245 object-server[104861]: 0 successes, 0 failures
Dec 3 10:01:16 np0005543245 object-server[104861]: 20 suffixes checked - 30.00% hashed, 0.00% synced
Dec 3 10:01:16 np0005543245 object-server[104861]: Partition times: max 0.0105s, min 0.0005s, med 0.0013s
Dec 3 10:01:16 np0005543245 object-server[104861]: Object replication complete. (0.00 minutes)
Dec 3 10:01:27 np0005543245 container-server[104935]: 172.20.0.30 - - [03/Dec/2025:10:01:27 +0000] "HEAD /d1/916/AUTH_d4d3d5a332264bdda95513991312f50c/glance" 204 - "HEAD http://swift-internal.openstack.svc:8080/v1/AUTH_d4d3d5a332264bdda95513991312f50c/glance?format=json&states=listing" "tx08c5a07a205247da94964-0069300a77" "proxy-server 10" 0.0104 "-" 20 0
Dec 3 10:01:27 np0005543245 container-server[104942]: 172.20.0.103 - - [03/Dec/2025:10:01:27 +0000] "PUT /d1/916/AUTH_d4d3d5a332264bdda95513991312f50c/glance/c475bafd-e58c-4b6a-9eb1-032fb2aceb5f-00001" 201 - "PUT http://swift-internal.openstack.svc:8080/d1/768/AUTH_d4d3d5a332264bdda95513991312f50c/glance/c475bafd-e58c-4b6a-9eb1-032fb2aceb5f-00001" "tx77d74536d0c946878adde-0069300a77" "object-server 23" 0.0016 "-" 22 0
Dec 3 10:01:27 np0005543245 object-server[105287]: 172.20.0.30 - - [03/Dec/2025:10:01:27 +0000] "PUT /d1/768/AUTH_d4d3d5a332264bdda95513991312f50c/glance/c475bafd-e58c-4b6a-9eb1-032fb2aceb5f-00001" 201 - "PUT http://swift-internal.openstack.svc:8080/v1/AUTH_d4d3d5a332264bdda95513991312f50c/glance/c475bafd-e58c-4b6a-9eb1-032fb2aceb5f-00001" "tx77d74536d0c946878adde-0069300a77" "proxy-server 10" 0.0143 "-" 23 0
Dec 3 10:01:27 np0005543245 container-server[104935]: 172.20.0.103 - - [03/Dec/2025:10:01:27 +0000] "PUT /d1/916/AUTH_d4d3d5a332264bdda95513991312f50c/glance/c475bafd-e58c-4b6a-9eb1-032fb2aceb5f" 201 - "PUT http://swift-internal.openstack.svc:8080/d1/712/AUTH_d4d3d5a332264bdda95513991312f50c/glance/c475bafd-e58c-4b6a-9eb1-032fb2aceb5f" "tx0f28368a48ba4cffa2667-0069300a77" "object-server 22" 0.0007 "-" 20 0
Dec 3 10:01:27 np0005543245 object-server[105285]: 172.20.0.30 - - [03/Dec/2025:10:01:27 +0000] "PUT /d1/712/AUTH_d4d3d5a332264bdda95513991312f50c/glance/c475bafd-e58c-4b6a-9eb1-032fb2aceb5f" 201 - "PUT http://swift-internal.openstack.svc:8080/v1/AUTH_d4d3d5a332264bdda95513991312f50c/glance/c475bafd-e58c-4b6a-9eb1-032fb2aceb5f" "tx0f28368a48ba4cffa2667-0069300a77" "proxy-server 10" 0.0123 "-" 22 0
Dec 3 10:01:28 np0005543245 container-server[104946]: 172.20.0.30 - - [03/Dec/2025:10:01:28 +0000] "HEAD /d1/916/AUTH_d4d3d5a332264bdda95513991312f50c/glance" 204 - "HEAD http://swift-internal.openstack.svc:8080/v1/AUTH_d4d3d5a332264bdda95513991312f50c/glance?format=json&states=listing" "txf34d86a732ca4e07a949f-0069300a78" "proxy-server 12" 0.0090 "-" 23 0
Dec 3 10:01:28 np0005543245 container-server[104935]: 172.20.0.103 - - [03/Dec/2025:10:01:28 +0000] "PUT /d1/916/AUTH_d4d3d5a332264bdda95513991312f50c/glance/96acfb68-818f-4407-9e74-cdfed732bf5b-00001" 201 - "PUT http://swift-internal.openstack.svc:8080/d1/279/AUTH_d4d3d5a332264bdda95513991312f50c/glance/96acfb68-818f-4407-9e74-cdfed732bf5b-00001" "txbd3f2b8f5904425987c63-0069300a78" "object-server 23" 0.0009 "-" 20 0
Dec 3 10:01:28 np0005543245 object-server[105287]: 172.20.0.30 - - [03/Dec/2025:10:01:28 +0000] "PUT /d1/279/AUTH_d4d3d5a332264bdda95513991312f50c/glance/96acfb68-818f-4407-9e74-cdfed732bf5b-00001" 201 - "PUT http://swift-internal.openstack.svc:8080/v1/AUTH_d4d3d5a332264bdda95513991312f50c/glance/96acfb68-818f-4407-9e74-cdfed732bf5b-00001" "txbd3f2b8f5904425987c63-0069300a78" "proxy-server 12" 0.0427 "-" 23 0
Dec 3 10:01:28 np0005543245 container-server[104941]: 172.20.0.103 - - [03/Dec/2025:10:01:28 +0000] "PUT /d1/916/AUTH_d4d3d5a332264bdda95513991312f50c/glance/96acfb68-818f-4407-9e74-cdfed732bf5b" 201 - "PUT http://swift-internal.openstack.svc:8080/d1/1018/AUTH_d4d3d5a332264bdda95513991312f50c/glance/96acfb68-818f-4407-9e74-cdfed732bf5b" "tx09ab3e5118e541dc9f8d3-0069300a78" "object-server 24" 0.0009 "-" 21 0
Dec 3 10:01:28 np0005543245 object-server[105291]: 172.20.0.30 - - [03/Dec/2025:10:01:28 +0000] "PUT /d1/1018/AUTH_d4d3d5a332264bdda95513991312f50c/glance/96acfb68-818f-4407-9e74-cdfed732bf5b" 201 - "PUT http://swift-internal.openstack.svc:8080/v1/AUTH_d4d3d5a332264bdda95513991312f50c/glance/96acfb68-818f-4407-9e74-cdfed732bf5b" "tx09ab3e5118e541dc9f8d3-0069300a78" "proxy-server 12" 0.0127 "-" 24 0
Dec 3 10:01:29 np0005543245 container-server[104941]: 172.20.0.30 - - [03/Dec/2025:10:01:29 +0000] "HEAD /d1/916/AUTH_d4d3d5a332264bdda95513991312f50c/glance" 204 - "HEAD http://swift-internal.openstack.svc:8080/v1/AUTH_d4d3d5a332264bdda95513991312f50c/glance?format=json&states=listing" "tx2c3ba999d0894f8d807c4-0069300a79" "proxy-server 6" 0.0098 "-" 21 0
Dec 3 10:01:29 np0005543245 container-server[104941]: 172.20.0.103 - - [03/Dec/2025:10:01:29 +0000] "PUT /d1/916/AUTH_d4d3d5a332264bdda95513991312f50c/glance/05c03e08-ab08-4415-8473-d3fa0be4672e-00001" 201 - "PUT http://swift-internal.openstack.svc:8080/d1/78/AUTH_d4d3d5a332264bdda95513991312f50c/glance/05c03e08-ab08-4415-8473-d3fa0be4672e-00001" "tx96292d17ea1d4e1d9aac9-0069300a79" "object-server 24" 0.0007 "-" 21 0
Dec 3 10:01:29 np0005543245 object-server[105291]: 172.20.0.30 - - [03/Dec/2025:10:01:29 +0000] "PUT /d1/78/AUTH_d4d3d5a332264bdda95513991312f50c/glance/05c03e08-ab08-4415-8473-d3fa0be4672e-00001" 201 - "PUT http://swift-internal.openstack.svc:8080/v1/AUTH_d4d3d5a332264bdda95513991312f50c/glance/05c03e08-ab08-4415-8473-d3fa0be4672e-00001" "tx96292d17ea1d4e1d9aac9-0069300a79" "proxy-server 6" 0.0142 "-" 24 0
Dec 3 10:01:29 np0005543245 container-server[104946]: 172.20.0.103 - - [03/Dec/2025:10:01:29 +0000] "PUT /d1/916/AUTH_d4d3d5a332264bdda95513991312f50c/glance/05c03e08-ab08-4415-8473-d3fa0be4672e" 201 - "PUT http://swift-internal.openstack.svc:8080/d1/76/AUTH_d4d3d5a332264bdda95513991312f50c/glance/05c03e08-ab08-4415-8473-d3fa0be4672e" "txa979b9bd1d164210a96e5-0069300a79" "object-server 24" 0.0008 "-" 23 0
Dec 3 10:01:29 np0005543245 object-server[105291]: 172.20.0.30 - - [03/Dec/2025:10:01:29 +0000] "PUT /d1/76/AUTH_d4d3d5a332264bdda95513991312f50c/glance/05c03e08-ab08-4415-8473-d3fa0be4672e" 201 - "PUT http://swift-internal.openstack.svc:8080/v1/AUTH_d4d3d5a332264bdda95513991312f50c/glance/05c03e08-ab08-4415-8473-d3fa0be4672e" "txa979b9bd1d164210a96e5-0069300a79" "proxy-server 6" 0.0119 "-" 24 0
Dec 3 10:01:30 np0005543245 container-server[104941]: 172.20.0.30 - - [03/Dec/2025:10:01:30 +0000] "HEAD /d1/916/AUTH_d4d3d5a332264bdda95513991312f50c/glance" 204 - "HEAD http://swift-internal.openstack.svc:8080/v1/AUTH_d4d3d5a332264bdda95513991312f50c/glance?format=json&states=listing" "tx89914f0cd3c24fb982d6d-0069300a79" "proxy-server 12" 0.0116 "-" 21 0
Dec 3 10:01:30 np0005543245 container-server[104941]: 172.20.0.103 - - [03/Dec/2025:10:01:30 +0000] "PUT /d1/916/AUTH_d4d3d5a332264bdda95513991312f50c/glance/a1e851a8-b23d-4ceb-aac3-b305b56a687d-00001" 201 - "PUT http://swift-internal.openstack.svc:8080/d1/861/AUTH_d4d3d5a332264bdda95513991312f50c/glance/a1e851a8-b23d-4ceb-aac3-b305b56a687d-00001" "txdf4f258b70f64db98f037-0069300a7a" "object-server 24" 0.0009 "-" 21 0
Dec 3 10:01:30 np0005543245 object-server[105291]: 172.20.0.30 - - [03/Dec/2025:10:01:30 +0000] "PUT /d1/861/AUTH_d4d3d5a332264bdda95513991312f50c/glance/a1e851a8-b23d-4ceb-aac3-b305b56a687d-00001" 201 - "PUT http://swift-internal.openstack.svc:8080/v1/AUTH_d4d3d5a332264bdda95513991312f50c/glance/a1e851a8-b23d-4ceb-aac3-b305b56a687d-00001" "txdf4f258b70f64db98f037-0069300a7a" "proxy-server 12" 0.0135 "-" 24 0
Dec 3 10:01:30 np0005543245 container-server[104946]: 172.20.0.103 - - [03/Dec/2025:10:01:30 +0000] "PUT /d1/916/AUTH_d4d3d5a332264bdda95513991312f50c/glance/a1e851a8-b23d-4ceb-aac3-b305b56a687d" 201 - "PUT http://swift-internal.openstack.svc:8080/d1/943/AUTH_d4d3d5a332264bdda95513991312f50c/glance/a1e851a8-b23d-4ceb-aac3-b305b56a687d" "tx8f3d9cb866dd45f1bee89-0069300a7a" "object-server 22" 0.0009 "-" 23 0
Dec 3 10:01:30 np0005543245 object-server[105285]: 172.20.0.30 - - [03/Dec/2025:10:01:30 +0000] "PUT /d1/943/AUTH_d4d3d5a332264bdda95513991312f50c/glance/a1e851a8-b23d-4ceb-aac3-b305b56a687d" 201 - "PUT http://swift-internal.openstack.svc:8080/v1/AUTH_d4d3d5a332264bdda95513991312f50c/glance/a1e851a8-b23d-4ceb-aac3-b305b56a687d" "tx8f3d9cb866dd45f1bee89-0069300a7a" "proxy-server 12" 0.0131 "-" 22 0
Dec 3 10:01:30 np0005543245 container-server[104394]: Beginning replication run
Dec 3 10:01:30 np0005543245 container-server[104394]: Replication run OVER
Dec 3 10:01:30 np0005543245 container-server[104394]: Attempted to replicate 1 dbs in 0.02506 seconds (39.90265/s)
Dec 3 10:01:30 np0005543245 container-server[104394]: Removed 0 dbs
Dec 3 10:01:30 np0005543245 container-server[104394]: 1 successes, 0 failures
Dec 3 10:01:30 np0005543245 container-server[104394]: diff:0 diff_capped:0 empty:0 hashmatch:0 no_change:1 remote_merge:0 rsync:0 ts_repl:0
Dec 3 10:01:31 np0005543245 container-server[104942]: 172.20.0.30 - - [03/Dec/2025:10:01:31 +0000] "HEAD /d1/916/AUTH_d4d3d5a332264bdda95513991312f50c/glance" 204 - "HEAD http://swift-internal.openstack.svc:8080/v1/AUTH_d4d3d5a332264bdda95513991312f50c/glance?format=json&states=listing" "txfb00aadc39f642418cdb7-0069300a7b" "proxy-server 11" 0.0028 "-" 22 0
Dec 3 10:01:31 np0005543245 container-server[104941]: 172.20.0.103 - - [03/Dec/2025:10:01:31 +0000] "PUT /d1/916/AUTH_d4d3d5a332264bdda95513991312f50c/glance/0b0de296-8dc8-49c8-9ae1-8f25eff56c59-00001" 201 - "PUT http://swift-internal.openstack.svc:8080/d1/362/AUTH_d4d3d5a332264bdda95513991312f50c/glance/0b0de296-8dc8-49c8-9ae1-8f25eff56c59-00001" "txbf79ece447904535ba8be-0069300a7b" "object-server 25" 0.0010 "-" 21 0
