Dec 3 10:01:31 np0005543245 object-server[105310]: 172.20.0.30 - - [03/Dec/2025:10:01:31 +0000] "PUT /d1/362/AUTH_d4d3d5a332264bdda95513991312f50c/glance/0b0de296-8dc8-49c8-9ae1-8f25eff56c59-00001" 201 - "PUT http://swift-internal.openstack.svc:8080/v1/AUTH_d4d3d5a332264bdda95513991312f50c/glance/0b0de296-8dc8-49c8-9ae1-8f25eff56c59-00001" "txbf79ece447904535ba8be-0069300a7b" "proxy-server 11" 0.0133 "-" 25 0
Dec 3 10:01:31 np0005543245 container-server[104946]: 172.20.0.103 - - [03/Dec/2025:10:01:31 +0000] "PUT /d1/916/AUTH_d4d3d5a332264bdda95513991312f50c/glance/0b0de296-8dc8-49c8-9ae1-8f25eff56c59" 201 - "PUT http://swift-internal.openstack.svc:8080/d1/202/AUTH_d4d3d5a332264bdda95513991312f50c/glance/0b0de296-8dc8-49c8-9ae1-8f25eff56c59" "tx9d08f0fc35894d27b971a-0069300a7b" "object-server 25" 0.0011 "-" 23 0
Dec 3 10:01:31 np0005543245 object-server[105310]: 172.20.0.30 - - [03/Dec/2025:10:01:31 +0000] "PUT /d1/202/AUTH_d4d3d5a332264bdda95513991312f50c/glance/0b0de296-8dc8-49c8-9ae1-8f25eff56c59" 201 - "PUT http://swift-internal.openstack.svc:8080/v1/AUTH_d4d3d5a332264bdda95513991312f50c/glance/0b0de296-8dc8-49c8-9ae1-8f25eff56c59" "tx9d08f0fc35894d27b971a-0069300a7b" "proxy-server 11" 0.0126 "-" 25 0
Dec 3 10:01:32 np0005543245 container-server[104942]: 172.20.0.30 - - [03/Dec/2025:10:01:32 +0000] "HEAD /d1/916/AUTH_d4d3d5a332264bdda95513991312f50c/glance" 204 - "HEAD http://swift-internal.openstack.svc:8080/v1/AUTH_d4d3d5a332264bdda95513991312f50c/glance?format=json&states=listing" "tx2f70d5f13d1d4b168c718-0069300a7b" "proxy-server 12" 0.0101 "-" 22 0
Dec 3 10:01:32 np0005543245 container-server[104935]: 172.20.0.103 - - [03/Dec/2025:10:01:32 +0000] "PUT /d1/916/AUTH_d4d3d5a332264bdda95513991312f50c/glance/e227b0fd-c629-41f1-b4e9-511fa1566eaa-00001" 201 - "PUT http://swift-internal.openstack.svc:8080/d1/375/AUTH_d4d3d5a332264bdda95513991312f50c/glance/e227b0fd-c629-41f1-b4e9-511fa1566eaa-00001" "txfbc6e8d5560843c99fbd4-0069300a7c" "object-server 23" 0.0006 "-" 20 0
Dec 3 10:01:32 np0005543245 object-server[105287]: 172.20.0.30 - - [03/Dec/2025:10:01:32 +0000] "PUT /d1/375/AUTH_d4d3d5a332264bdda95513991312f50c/glance/e227b0fd-c629-41f1-b4e9-511fa1566eaa-00001" 201 - "PUT http://swift-internal.openstack.svc:8080/v1/AUTH_d4d3d5a332264bdda95513991312f50c/glance/e227b0fd-c629-41f1-b4e9-511fa1566eaa-00001" "txfbc6e8d5560843c99fbd4-0069300a7c" "proxy-server 12" 0.0107 "-" 23 0
Dec 3 10:01:32 np0005543245 container-server[104942]: 172.20.0.103 - - [03/Dec/2025:10:01:32 +0000] "PUT /d1/916/AUTH_d4d3d5a332264bdda95513991312f50c/glance/e227b0fd-c629-41f1-b4e9-511fa1566eaa" 201 - "PUT http://swift-internal.openstack.svc:8080/d1/350/AUTH_d4d3d5a332264bdda95513991312f50c/glance/e227b0fd-c629-41f1-b4e9-511fa1566eaa" "tx6b599603ac1544faa67a9-0069300a7c" "object-server 23" 0.0011 "-" 22 0
Dec 3 10:01:32 np0005543245 object-server[105287]: 172.20.0.30 - - [03/Dec/2025:10:01:32 +0000] "PUT /d1/350/AUTH_d4d3d5a332264bdda95513991312f50c/glance/e227b0fd-c629-41f1-b4e9-511fa1566eaa" 201 - "PUT http://swift-internal.openstack.svc:8080/v1/AUTH_d4d3d5a332264bdda95513991312f50c/glance/e227b0fd-c629-41f1-b4e9-511fa1566eaa" "tx6b599603ac1544faa67a9-0069300a7c" "proxy-server 12" 0.0113 "-" 23 0
Dec 3 10:01:33 np0005543245 object-server[105310]: 172.20.0.30 - - [03/Dec/2025:10:01:33 +0000] "HEAD /d1/350/AUTH_d4d3d5a332264bdda95513991312f50c/glance/e227b0fd-c629-41f1-b4e9-511fa1566eaa" 200 - "HEAD http://swift-internal.openstack.svc:8080/v1/AUTH_d4d3d5a332264bdda95513991312f50c/glance/e227b0fd-c629-41f1-b4e9-511fa1566eaa" "txed16bc0ee20949c6a0960-0069300a7d" "proxy-server 11" 0.0011 "-" 25 0
Dec 3 10:01:33 np0005543245 container-server[104935]: 172.20.0.30 - - [03/Dec/2025:10:01:33 +0000] "GET /d1/916/AUTH_d4d3d5a332264bdda95513991312f50c/glance" 200 206 "GET http://swift-internal.openstack.svc:8080/v1/AUTH_d4d3d5a332264bdda95513991312f50c/glance?prefix=e227b0fd-c629-41f1-b4e9-511fa1566eaa-&format=json&states=listing" "txed16bc0ee20949c6a0960-0069300a7d" "proxy-server 11" 0.0102 "-" 20 0
Dec 3 10:01:34 np0005543245 container-server[104935]: 172.20.0.30 - - [03/Dec/2025:10:01:34 +0000] "GET /d1/916/AUTH_d4d3d5a332264bdda95513991312f50c/glance" 200 206 "GET http://swift-internal.openstack.svc:8080/v1/AUTH_d4d3d5a332264bdda95513991312f50c/glance?format=json&prefix=e227b0fd-c629-41f1-b4e9-511fa1566eaa-&states=listing" "tx03ac842080834b9eb4a99-0069300a7d" "proxy-server 11" 0.0045 "-" 20 0
Dec 3 10:01:34 np0005543245 container-server[104935]: 172.20.0.103 - - [03/Dec/2025:10:01:34 +0000] "DELETE /d1/916/AUTH_d4d3d5a332264bdda95513991312f50c/glance/e227b0fd-c629-41f1-b4e9-511fa1566eaa-00001" 204 - "DELETE http://swift-internal.openstack.svc:8080/d1/375/AUTH_d4d3d5a332264bdda95513991312f50c/glance/e227b0fd-c629-41f1-b4e9-511fa1566eaa-00001" "tx305052e686704ed789ff0-0069300a7e" "object-server 24" 0.0007 "-" 20 0
Dec 3 10:01:34 np0005543245 object-server[105291]: 172.20.0.30 - - [03/Dec/2025:10:01:34 +0000] "DELETE /d1/375/AUTH_d4d3d5a332264bdda95513991312f50c/glance/e227b0fd-c629-41f1-b4e9-511fa1566eaa-00001" 204 - "DELETE http://swift-internal.openstack.svc:8080/v1/AUTH_d4d3d5a332264bdda95513991312f50c/glance/e227b0fd-c629-41f1-b4e9-511fa1566eaa-00001" "tx305052e686704ed789ff0-0069300a7e" "proxy-server 11" 0.0090 "-" 24 0
Dec 3 10:01:34 np0005543245 container-server[104946]: 172.20.0.103 - - [03/Dec/2025:10:01:34 +0000] "DELETE /d1/916/AUTH_d4d3d5a332264bdda95513991312f50c/glance/e227b0fd-c629-41f1-b4e9-511fa1566eaa" 204 - "DELETE http://swift-internal.openstack.svc:8080/d1/350/AUTH_d4d3d5a332264bdda95513991312f50c/glance/e227b0fd-c629-41f1-b4e9-511fa1566eaa" "txaee0013b9a4547d7a6171-0069300a7e" "object-server 23" 0.0008 "-" 23 0
Dec 3 10:01:34 np0005543245 object-server[105287]: 172.20.0.30 - - [03/Dec/2025:10:01:34 +0000] "DELETE /d1/350/AUTH_d4d3d5a332264bdda95513991312f50c/glance/e227b0fd-c629-41f1-b4e9-511fa1566eaa" 204 - "DELETE http://swift-internal.openstack.svc:8080/v1/AUTH_d4d3d5a332264bdda95513991312f50c/glance/e227b0fd-c629-41f1-b4e9-511fa1566eaa" "txaee0013b9a4547d7a6171-0069300a7e" "proxy-server 11" 0.0130 "-" 23 0
Dec 3 10:01:34 np0005543245 object-server[105287]: 172.20.0.30 - - [03/Dec/2025:10:01:34 +0000] "HEAD /d1/202/AUTH_d4d3d5a332264bdda95513991312f50c/glance/0b0de296-8dc8-49c8-9ae1-8f25eff56c59" 200 - "HEAD http://swift-internal.openstack.svc:8080/v1/AUTH_d4d3d5a332264bdda95513991312f50c/glance/0b0de296-8dc8-49c8-9ae1-8f25eff56c59" "tx37f219abd52e495fae8b2-0069300a7e" "proxy-server 12" 0.0012 "-" 23 0
Dec 3 10:01:34 np0005543245 container-server[104941]: 172.20.0.30 - - [03/Dec/2025:10:01:34 +0000] "GET /d1/916/AUTH_d4d3d5a332264bdda95513991312f50c/glance" 200 206 "GET http://swift-internal.openstack.svc:8080/v1/AUTH_d4d3d5a332264bdda95513991312f50c/glance?prefix=0b0de296-8dc8-49c8-9ae1-8f25eff56c59-&format=json&states=listing" "tx37f219abd52e495fae8b2-0069300a7e" "proxy-server 12" 0.0173 "-" 21 0
Dec 3 10:01:34 np0005543245 container-server[104935]: 172.20.0.30 - - [03/Dec/2025:10:01:34 +0000] "GET /d1/916/AUTH_d4d3d5a332264bdda95513991312f50c/glance" 200 206 "GET http://swift-internal.openstack.svc:8080/v1/AUTH_d4d3d5a332264bdda95513991312f50c/glance?format=json&prefix=0b0de296-8dc8-49c8-9ae1-8f25eff56c59-&states=listing" "tx2c765c0f23a843a4bcfc5-0069300a7e" "proxy-server 12" 0.0039 "-" 20 0
Dec 3 10:01:34 np0005543245 container-server[104941]: 172.20.0.103 - - [03/Dec/2025:10:01:34 +0000] "DELETE /d1/916/AUTH_d4d3d5a332264bdda95513991312f50c/glance/0b0de296-8dc8-49c8-9ae1-8f25eff56c59-00001" 204 - "DELETE http://swift-internal.openstack.svc:8080/d1/362/AUTH_d4d3d5a332264bdda95513991312f50c/glance/0b0de296-8dc8-49c8-9ae1-8f25eff56c59-00001" "txa46403ab05614e1a9446b-0069300a7e" "object-server 25" 0.0009 "-" 21 0
Dec 3 10:01:34 np0005543245 object-server[105310]: 172.20.0.30 - - [03/Dec/2025:10:01:34 +0000] "DELETE /d1/362/AUTH_d4d3d5a332264bdda95513991312f50c/glance/0b0de296-8dc8-49c8-9ae1-8f25eff56c59-00001" 204 - "DELETE http://swift-internal.openstack.svc:8080/v1/AUTH_d4d3d5a332264bdda95513991312f50c/glance/0b0de296-8dc8-49c8-9ae1-8f25eff56c59-00001" "txa46403ab05614e1a9446b-0069300a7e" "proxy-server 12" 0.0099 "-" 25 0
Dec 3 10:01:34 np0005543245 container-server[104935]: 172.20.0.103 - - [03/Dec/2025:10:01:34 +0000] "DELETE /d1/916/AUTH_d4d3d5a332264bdda95513991312f50c/glance/0b0de296-8dc8-49c8-9ae1-8f25eff56c59" 204 - "DELETE http://swift-internal.openstack.svc:8080/d1/202/AUTH_d4d3d5a332264bdda95513991312f50c/glance/0b0de296-8dc8-49c8-9ae1-8f25eff56c59" "tx3f325fb1f6be4de1b8525-0069300a7e" "object-server 22" 0.0008 "-" 20 0
Dec 3 10:01:34 np0005543245 object-server[105285]: 172.20.0.30 - - [03/Dec/2025:10:01:34 +0000] "DELETE /d1/202/AUTH_d4d3d5a332264bdda95513991312f50c/glance/0b0de296-8dc8-49c8-9ae1-8f25eff56c59" 204 - "DELETE http://swift-internal.openstack.svc:8080/v1/AUTH_d4d3d5a332264bdda95513991312f50c/glance/0b0de296-8dc8-49c8-9ae1-8f25eff56c59" "tx3f325fb1f6be4de1b8525-0069300a7e" "proxy-server 12" 0.0102 "-" 22 0
Dec 3 10:01:35 np0005543245 object-server[105287]: 172.20.0.30 - - [03/Dec/2025:10:01:35 +0000] "HEAD /d1/943/AUTH_d4d3d5a332264bdda95513991312f50c/glance/a1e851a8-b23d-4ceb-aac3-b305b56a687d" 200 - "HEAD http://swift-internal.openstack.svc:8080/v1/AUTH_d4d3d5a332264bdda95513991312f50c/glance/a1e851a8-b23d-4ceb-aac3-b305b56a687d" "tx5e71023e0c9646519dd62-0069300a7f" "proxy-server 12" 0.0010 "-" 23 0
Dec 3 10:01:35 np0005543245 container-server[104935]: 172.20.0.30 - - [03/Dec/2025:10:01:35 +0000] "GET /d1/916/AUTH_d4d3d5a332264bdda95513991312f50c/glance" 200 206 "GET http://swift-internal.openstack.svc:8080/v1/AUTH_d4d3d5a332264bdda95513991312f50c/glance?prefix=a1e851a8-b23d-4ceb-aac3-b305b56a687d-&format=json&states=listing" "tx5e71023e0c9646519dd62-0069300a7f" "proxy-server 12" 0.0113 "-" 20 0
Dec 3 10:01:35 np0005543245 container-server[104935]: 172.20.0.30 - - [03/Dec/2025:10:01:35 +0000] "GET /d1/916/AUTH_d4d3d5a332264bdda95513991312f50c/glance" 200 206 "GET http://swift-internal.openstack.svc:8080/v1/AUTH_d4d3d5a332264bdda95513991312f50c/glance?format=json&prefix=a1e851a8-b23d-4ceb-aac3-b305b56a687d-&states=listing" "tx075ea3ece68c43159cf30-0069300a7f" "proxy-server 12" 0.0035 "-" 20 0
Dec 3 10:01:35 np0005543245 container-server[104935]: 172.20.0.103 - - [03/Dec/2025:10:01:35 +0000] "DELETE /d1/916/AUTH_d4d3d5a332264bdda95513991312f50c/glance/a1e851a8-b23d-4ceb-aac3-b305b56a687d-00001" 204 - "DELETE http://swift-internal.openstack.svc:8080/d1/861/AUTH_d4d3d5a332264bdda95513991312f50c/glance/a1e851a8-b23d-4ceb-aac3-b305b56a687d-00001" "tx84d38c6b787346149dda9-0069300a7f" "object-server 25" 0.0007 "-" 20 0
Dec 3 10:01:35 np0005543245 object-server[105310]: 172.20.0.30 - - [03/Dec/2025:10:01:35 +0000] "DELETE /d1/861/AUTH_d4d3d5a332264bdda95513991312f50c/glance/a1e851a8-b23d-4ceb-aac3-b305b56a687d-00001" 204 - "DELETE http://swift-internal.openstack.svc:8080/v1/AUTH_d4d3d5a332264bdda95513991312f50c/glance/a1e851a8-b23d-4ceb-aac3-b305b56a687d-00001" "tx84d38c6b787346149dda9-0069300a7f" "proxy-server 12" 0.0096 "-" 25 0
Dec 3 10:01:35 np0005543245 container-server[104941]: 172.20.0.103 - - [03/Dec/2025:10:01:35 +0000] "DELETE /d1/916/AUTH_d4d3d5a332264bdda95513991312f50c/glance/a1e851a8-b23d-4ceb-aac3-b305b56a687d" 204 - "DELETE http://swift-internal.openstack.svc:8080/d1/943/AUTH_d4d3d5a332264bdda95513991312f50c/glance/a1e851a8-b23d-4ceb-aac3-b305b56a687d" "txb037602149c440c8b78d2-0069300a7f" "object-server 23" 0.0007 "-" 21 0
Dec 3 10:01:35 np0005543245 object-server[105287]: 172.20.0.30 - - [03/Dec/2025:10:01:35 +0000] "DELETE /d1/943/AUTH_d4d3d5a332264bdda95513991312f50c/glance/a1e851a8-b23d-4ceb-aac3-b305b56a687d" 204 - "DELETE http://swift-internal.openstack.svc:8080/v1/AUTH_d4d3d5a332264bdda95513991312f50c/glance/a1e851a8-b23d-4ceb-aac3-b305b56a687d" "txb037602149c440c8b78d2-0069300a7f" "proxy-server 12" 0.0092 "-" 23 0
Dec 3 10:01:36 np0005543245 object-server[105285]: 172.20.0.30 - - [03/Dec/2025:10:01:36 +0000] "HEAD /d1/76/AUTH_d4d3d5a332264bdda95513991312f50c/glance/05c03e08-ab08-4415-8473-d3fa0be4672e" 200 - "HEAD http://swift-internal.openstack.svc:8080/v1/AUTH_d4d3d5a332264bdda95513991312f50c/glance/05c03e08-ab08-4415-8473-d3fa0be4672e" "txc3641a80e608407c92fff-0069300a80" "proxy-server 12" 0.0010 "-" 22 0
Dec 3 10:01:36 np0005543245 container-server[104942]: 172.20.0.30 - - [03/Dec/2025:10:01:36 +0000] "GET /d1/916/AUTH_d4d3d5a332264bdda95513991312f50c/glance" 200 206 "GET http://swift-internal.openstack.svc:8080/v1/AUTH_d4d3d5a332264bdda95513991312f50c/glance?prefix=05c03e08-ab08-4415-8473-d3fa0be4672e-&format=json&states=listing" "txc3641a80e608407c92fff-0069300a80" "proxy-server 12" 0.0107 "-" 22 0
Dec 3 10:01:36 np0005543245 container-server[104941]: 172.20.0.30 - - [03/Dec/2025:10:01:36 +0000] "GET /d1/916/AUTH_d4d3d5a332264bdda95513991312f50c/glance" 200 206 "GET http://swift-internal.openstack.svc:8080/v1/AUTH_d4d3d5a332264bdda95513991312f50c/glance?format=json&prefix=05c03e08-ab08-4415-8473-d3fa0be4672e-&states=listing" "txa14548d7b89c405c90bcd-0069300a80" "proxy-server 12" 0.0048 "-" 21 0
Dec 3 10:01:36 np0005543245 container-server[104942]: 172.20.0.103 - - [03/Dec/2025:10:01:36 +0000] "DELETE /d1/916/AUTH_d4d3d5a332264bdda95513991312f50c/glance/05c03e08-ab08-4415-8473-d3fa0be4672e-00001" 204 - "DELETE http://swift-internal.openstack.svc:8080/d1/78/AUTH_d4d3d5a332264bdda95513991312f50c/glance/05c03e08-ab08-4415-8473-d3fa0be4672e-00001" "tx3e8315ea2197449b8fd01-0069300a80" "object-server 22" 0.0009 "-" 22 0
Dec 3 10:01:36 np0005543245 object-server[105285]: 172.20.0.30 - - [03/Dec/2025:10:01:36 +0000] "DELETE /d1/78/AUTH_d4d3d5a332264bdda95513991312f50c/glance/05c03e08-ab08-4415-8473-d3fa0be4672e-00001" 204 - "DELETE http://swift-internal.openstack.svc:8080/v1/AUTH_d4d3d5a332264bdda95513991312f50c/glance/05c03e08-ab08-4415-8473-d3fa0be4672e-00001" "tx3e8315ea2197449b8fd01-0069300a80" "proxy-server 12" 0.0130 "-" 22 0
Dec 3 10:01:36 np0005543245 container-server[104946]: 172.20.0.103 - - [03/Dec/2025:10:01:36 +0000] "DELETE /d1/916/AUTH_d4d3d5a332264bdda95513991312f50c/glance/05c03e08-ab08-4415-8473-d3fa0be4672e" 204 - "DELETE http://swift-internal.openstack.svc:8080/d1/76/AUTH_d4d3d5a332264bdda95513991312f50c/glance/05c03e08-ab08-4415-8473-d3fa0be4672e" "tx015059b73fc84ea5bed8b-0069300a80" "object-server 25" 0.0008 "-" 23 0
Dec 3 10:01:36 np0005543245 object-server[105310]: 172.20.0.30 - - [03/Dec/2025:10:01:36 +0000] "DELETE /d1/76/AUTH_d4d3d5a332264bdda95513991312f50c/glance/05c03e08-ab08-4415-8473-d3fa0be4672e" 204 - "DELETE http://swift-internal.openstack.svc:8080/v1/AUTH_d4d3d5a332264bdda95513991312f50c/glance/05c03e08-ab08-4415-8473-d3fa0be4672e" "tx015059b73fc84ea5bed8b-0069300a80" "proxy-server 12" 0.0096 "-" 25 0
Dec 3 10:01:37 np0005543245 object-server[105310]: 172.20.0.30 - - [03/Dec/2025:10:01:37 +0000] "HEAD /d1/1018/AUTH_d4d3d5a332264bdda95513991312f50c/glance/96acfb68-818f-4407-9e74-cdfed732bf5b" 200 - "HEAD http://swift-internal.openstack.svc:8080/v1/AUTH_d4d3d5a332264bdda95513991312f50c/glance/96acfb68-818f-4407-9e74-cdfed732bf5b" "tx956dfac3464d4cd8b3799-0069300a80" "proxy-server 11" 0.0011 "-" 25 0
Dec 3 10:01:37 np0005543245 container-server[104941]: 172.20.0.30 - - [03/Dec/2025:10:01:37 +0000] "GET /d1/916/AUTH_d4d3d5a332264bdda95513991312f50c/glance" 200 206 "GET http://swift-internal.openstack.svc:8080/v1/AUTH_d4d3d5a332264bdda95513991312f50c/glance?prefix=96acfb68-818f-4407-9e74-cdfed732bf5b-&format=json&states=listing" "tx956dfac3464d4cd8b3799-0069300a80" "proxy-server 11" 0.0121 "-" 21 0
Dec 3 10:01:37 np0005543245 container-server[104941]: 172.20.0.30 - - [03/Dec/2025:10:01:37 +0000] "GET /d1/916/AUTH_d4d3d5a332264bdda95513991312f50c/glance" 200 206 "GET http://swift-internal.openstack.svc:8080/v1/AUTH_d4d3d5a332264bdda95513991312f50c/glance?format=json&prefix=96acfb68-818f-4407-9e74-cdfed732bf5b-&states=listing" "tx432d77f4cca5420c9c8e0-0069300a81" "proxy-server 11" 0.0055 "-" 21 0
Dec 3 10:01:37 np0005543245 container-server[104946]: 172.20.0.103 - - [03/Dec/2025:10:01:37 +0000] "DELETE /d1/916/AUTH_d4d3d5a332264bdda95513991312f50c/glance/96acfb68-818f-4407-9e74-cdfed732bf5b-00001" 204 - "DELETE http://swift-internal.openstack.svc:8080/d1/279/AUTH_d4d3d5a332264bdda95513991312f50c/glance/96acfb68-818f-4407-9e74-cdfed732bf5b-00001" "txa3492915ce194c3294367-0069300a81" "object-server 22" 0.0008 "-" 23 0
Dec 3 10:01:37 np0005543245 object-server[105285]: 172.20.0.30 - - [03/Dec/2025:10:01:37 +0000] "DELETE /d1/279/AUTH_d4d3d5a332264bdda95513991312f50c/glance/96acfb68-818f-4407-9e74-cdfed732bf5b-00001" 204 - "DELETE http://swift-internal.openstack.svc:8080/v1/AUTH_d4d3d5a332264bdda95513991312f50c/glance/96acfb68-818f-4407-9e74-cdfed732bf5b-00001" "txa3492915ce194c3294367-0069300a81" "proxy-server 11" 0.0124 "-" 22 0
Dec 3 10:01:37 np0005543245 container-server[104935]: 172.20.0.103 - - [03/Dec/2025:10:01:37 +0000] "DELETE /d1/916/AUTH_d4d3d5a332264bdda95513991312f50c/glance/96acfb68-818f-4407-9e74-cdfed732bf5b" 204 - "DELETE http://swift-internal.openstack.svc:8080/d1/1018/AUTH_d4d3d5a332264bdda95513991312f50c/glance/96acfb68-818f-4407-9e74-cdfed732bf5b" "txc6481602181041169ef1b-0069300a81" "object-server 24" 0.0008 "-" 20 0
Dec 3 10:01:37 np0005543245 object-server[105291]: 172.20.0.30 - - [03/Dec/2025:10:01:37 +0000] "DELETE /d1/1018/AUTH_d4d3d5a332264bdda95513991312f50c/glance/96acfb68-818f-4407-9e74-cdfed732bf5b" 204 - "DELETE http://swift-internal.openstack.svc:8080/v1/AUTH_d4d3d5a332264bdda95513991312f50c/glance/96acfb68-818f-4407-9e74-cdfed732bf5b" "txc6481602181041169ef1b-0069300a81" "proxy-server 11" 0.0105 "-" 24 0
Dec 3 10:01:38 np0005543245 object-server[105291]: 172.20.0.30 - - [03/Dec/2025:10:01:38 +0000] "HEAD /d1/712/AUTH_d4d3d5a332264bdda95513991312f50c/glance/c475bafd-e58c-4b6a-9eb1-032fb2aceb5f" 200 - "HEAD http://swift-internal.openstack.svc:8080/v1/AUTH_d4d3d5a332264bdda95513991312f50c/glance/c475bafd-e58c-4b6a-9eb1-032fb2aceb5f" "txb2836bf2f2794232958d0-0069300a81" "proxy-server 11" 0.0011 "-" 24 0
Dec 3 10:01:38 np0005543245 container-server[104935]: 172.20.0.30 - - [03/Dec/2025:10:01:38 +0000] "GET /d1/916/AUTH_d4d3d5a332264bdda95513991312f50c/glance" 200 206 "GET http://swift-internal.openstack.svc:8080/v1/AUTH_d4d3d5a332264bdda95513991312f50c/glance?prefix=c475bafd-e58c-4b6a-9eb1-032fb2aceb5f-&format=json&states=listing" "txb2836bf2f2794232958d0-0069300a81" "proxy-server 11" 0.0836 "-" 20 0
Dec 3 10:01:38 np0005543245 container-server[104935]: 172.20.0.30 - - [03/Dec/2025:10:01:38 +0000] "GET /d1/916/AUTH_d4d3d5a332264bdda95513991312f50c/glance" 200 206 "GET http://swift-internal.openstack.svc:8080/v1/AUTH_d4d3d5a332264bdda95513991312f50c/glance?format=json&prefix=c475bafd-e58c-4b6a-9eb1-032fb2aceb5f-&states=listing" "tx56a1fa623b5e43d8a159b-0069300a82" "proxy-server 11" 0.0038 "-" 20 0
Dec 3 10:01:38 np0005543245 container-server[104935]: 172.20.0.103 - - [03/Dec/2025:10:01:38 +0000] "DELETE /d1/916/AUTH_d4d3d5a332264bdda95513991312f50c/glance/c475bafd-e58c-4b6a-9eb1-032fb2aceb5f-00001" 204 - "DELETE http://swift-internal.openstack.svc:8080/d1/768/AUTH_d4d3d5a332264bdda95513991312f50c/glance/c475bafd-e58c-4b6a-9eb1-032fb2aceb5f-00001" "tx8df45a0bf9704ae696858-0069300a82" "object-server 22" 0.0008 "-" 20 0
Dec 3 10:01:38 np0005543245 object-server[105285]: 172.20.0.30 - - [03/Dec/2025:10:01:38 +0000] "DELETE /d1/768/AUTH_d4d3d5a332264bdda95513991312f50c/glance/c475bafd-e58c-4b6a-9eb1-032fb2aceb5f-00001" 204 - "DELETE http://swift-internal.openstack.svc:8080/v1/AUTH_d4d3d5a332264bdda95513991312f50c/glance/c475bafd-e58c-4b6a-9eb1-032fb2aceb5f-00001" "tx8df45a0bf9704ae696858-0069300a82" "proxy-server 11" 0.0094 "-" 22 0
Dec 3 10:01:38 np0005543245 container-server[104942]: 172.20.0.103 - - [03/Dec/2025:10:01:38 +0000] "DELETE /d1/916/AUTH_d4d3d5a332264bdda95513991312f50c/glance/c475bafd-e58c-4b6a-9eb1-032fb2aceb5f" 204 - "DELETE http://swift-internal.openstack.svc:8080/d1/712/AUTH_d4d3d5a332264bdda95513991312f50c/glance/c475bafd-e58c-4b6a-9eb1-032fb2aceb5f" "txee6d94f3041348f782301-0069300a82" "object-server 22" 0.0009 "-" 22 0
Dec 3 10:01:38 np0005543245 object-server[105285]: 172.20.0.30 - - [03/Dec/2025:10:01:38 +0000] "DELETE /d1/712/AUTH_d4d3d5a332264bdda95513991312f50c/glance/c475bafd-e58c-4b6a-9eb1-032fb2aceb5f" 204 - "DELETE http://swift-internal.openstack.svc:8080/v1/AUTH_d4d3d5a332264bdda95513991312f50c/glance/c475bafd-e58c-4b6a-9eb1-032fb2aceb5f" "txee6d94f3041348f782301-0069300a82" "proxy-server 11" 0.0089 "-" 22 0
Dec 3 10:01:41 np0005543245 object-server[576483]: Begin object audit "forever" mode (ZBF)
Dec 3 10:01:41 np0005543245 object-server[576484]: Begin object audit "forever" mode (ALL)
Dec 3 10:01:41 np0005543245 object-server[576483]: Object audit (ZBF). Since Wed Dec 3 10:01:41 2025: Locally: 1 passed, 0 quarantined, 0 errors, files/sec: 540.50, bytes/sec: 0.00, Total time: 0.00, Auditing time: 0.00, Rate: 0.00
Dec 3 10:01:41 np0005543245 object-server[576483]: Object audit (ZBF) "forever" mode completed: 0.60s. Total quarantined: 0, Total errors: 0, Total files/sec: 53.06, Total bytes/sec: 0.00, Auditing time: 0.60, Rate: 0.99
Dec 3 10:01:43 np0005543245 object-server[576484]: Object audit (ALL). Since Wed Dec 3 10:01:41 2025: Locally: 1 passed, 0 quarantined, 0 errors, files/sec: 0.46, bytes/sec: 10046283.36, Total time: 2.16, Auditing time: 0.00, Rate: 0.00
Dec 3 10:01:43 np0005543245 account-server[104223]: Beginning replication run
Dec 3 10:01:44 np0005543245 account-server[104223]: Replication run OVER
Dec 3 10:01:44 np0005543245 account-server[104223]: Attempted to replicate 1 dbs in 0.01255 seconds (79.67537/s)
Dec 3 10:01:44 np0005543245 account-server[104223]: Removed 0 dbs
Dec 3 10:01:44 np0005543245 account-server[104223]: 1 successes, 0 failures
Dec 3 10:01:44 np0005543245 account-server[104223]: diff:0 diff_capped:0 empty:0 hashmatch:0 no_change:1 remote_merge:0 rsync:0 ts_repl:0
Dec 3 10:01:46 np0005543245 object-server[104861]: Starting object replication pass.
Dec 3 10:01:46 np0005543245 object-server[104861]: 32/32 (100.00%) partitions replicated in 0.14s (232.82/sec, 0s remaining)
Dec 3 10:01:46 np0005543245 object-server[104861]: 0 successes, 0 failures
Dec 3 10:01:46 np0005543245 object-server[104861]: 32 suffixes checked - 37.50% hashed, 0.00% synced
Dec 3 10:01:46 np0005543245 object-server[104861]: Partition times: max 0.0118s, min 0.0004s, med 0.0014s
Dec 3 10:01:46 np0005543245 object-server[104861]: Object replication complete. (0.00 minutes)
Dec 3 10:01:47 np0005543245 object-server[576484]: Object audit (ALL) "forever" mode completed: 6.45s. Total quarantined: 0, Total errors: 0, Total files/sec: 4.96, Total bytes/sec: 10005543.45, Auditing time: 6.45, Rate: 1.00
Dec 3 10:02:00 np0005543245 container-server[104394]: Beginning replication run
Dec 3 10:02:00 np0005543245 container-server[104394]: Replication run OVER
Dec 3 10:02:00 np0005543245 container-server[104394]: Attempted to replicate 1 dbs in 0.03015 seconds (33.16877/s)
Dec 3 10:02:00 np0005543245 container-server[104394]: Removed 0 dbs
Dec 3 10:02:00 np0005543245 container-server[104394]: 1 successes, 0 failures
Dec 3 10:02:00 np0005543245 container-server[104394]: diff:0 diff_capped:0 empty:0 hashmatch:0 no_change:1 remote_merge:0 rsync:0 ts_repl:0
Dec 3 10:02:07 np0005543245 object-server[105136]: Begin object update sweep
Dec 3 10:02:07 np0005543245 object-server[577083]: Object update sweep starting on /srv/node/d1 (pid: 36)
Dec 3 10:02:07 np0005543245 object-server[577083]: Object update sweep completed on /srv/node/d1 in 0.00s seconds:, 0 successes, 0 failures, 0 quarantines, 0 unlinks, 0 errors, 0 redirects (pid: 36)
Dec 3 10:02:07 np0005543245 object-server[577083]: Object update sweep of d1 completed: 0.00s, 0 successes, 0 failures, 0 quarantines, 0 unlinks, 0 errors, 0 redirects
Dec 3 10:02:08 np0005543245 object-server[105136]: Object update sweep completed: 0.08s
Dec 3 10:02:11 np0005543245 object-server[576486]: Begin object audit "forever" mode (ZBF)
Dec 3 10:02:11 np0005543245 object-server[576486]: Object audit (ZBF). Since Wed Dec 3 10:02:11 2025: Locally: 1 passed, 0 quarantined, 0 errors, files/sec: 547.06, bytes/sec: 0.00, Total time: 0.00, Auditing time: 0.00, Rate: 0.00
Dec 3 10:02:12 np0005543245 object-server[576486]: Object audit (ZBF) "forever" mode completed: 0.60s. Total quarantined: 0, Total errors: 0, Total files/sec: 53.09, Total bytes/sec: 0.00, Auditing time: 0.59, Rate: 0.98
Dec 3 10:02:14 np0005543245 account-server[104223]: Beginning replication run
Dec 3 10:02:14 np0005543245 account-server[104223]: Replication run OVER
Dec 3 10:02:14 np0005543245 account-server[104223]: Attempted to replicate 1 dbs in 0.01088 seconds (91.88077/s)
Dec 3 10:02:14 np0005543245 account-server[104223]: Removed 0 dbs
Dec 3 10:02:14 np0005543245 account-server[104223]: 1 successes, 0 failures
Dec 3 10:02:14 np0005543245 account-server[104223]: diff:0 diff_capped:0 empty:0 hashmatch:0 no_change:1 remote_merge:0 rsync:0 ts_repl:0
Dec 3 10:02:16 np0005543245 object-server[104861]: Starting object replication pass.
Dec 3 10:02:16 np0005543245 object-server[104861]: 32/32 (100.00%) partitions replicated in 0.05s (623.69/sec, 0s remaining)
Dec 3 10:02:16 np0005543245 object-server[104861]: 0 successes, 0 failures
Dec 3 10:02:16 np0005543245 object-server[104861]: 32 suffixes checked - 0.00% hashed, 0.00% synced
Dec 3 10:02:16 np0005543245 object-server[104861]: Partition times: max 0.0068s, min 0.0006s, med 0.0007s
Dec 3 10:02:16 np0005543245 object-server[104861]: Object replication complete. (0.00 minutes)
Dec 3 10:02:30 np0005543245 container-server[104394]: Beginning replication run
Dec 3 10:02:30 np0005543245 container-server[104394]: Replication run OVER
Dec 3 10:02:30 np0005543245 container-server[104394]: Attempted to replicate 1 dbs in 0.01600 seconds (62.50414/s)
Dec 3 10:02:30 np0005543245 container-server[104394]: Removed 0 dbs
Dec 3 10:02:30 np0005543245 container-server[104394]: 1 successes, 0 failures
Dec 3 10:02:30 np0005543245 container-server[104394]: diff:0 diff_capped:0 empty:0 hashmatch:0 no_change:1 remote_merge:0 rsync:0 ts_repl:0
Dec 3 10:02:42 np0005543245 object-server[577715]: Begin object audit "forever" mode (ALL)
Dec 3 10:02:42 np0005543245 object-server[577714]: Begin object audit "forever" mode (ZBF)
Dec 3 10:02:42 np0005543245 object-server[577714]: Object audit (ZBF). Since Wed Dec 3 10:02:42 2025: Locally: 1 passed, 0 quarantined, 0 errors, files/sec: 474.58, bytes/sec: 0.00, Total time: 0.00, Auditing time: 0.00, Rate: 0.00
Dec 3 10:02:43 np0005543245 object-server[577714]: Object audit (ZBF) "forever" mode completed: 0.60s. Total quarantined: 0, Total errors: 0, Total files/sec: 53.02, Total bytes/sec: 0.00, Auditing time: 0.59, Rate: 0.98
Dec 3 10:02:43 np0005543245 container-server[104784]: Begin container update sweep
Dec 3 10:02:43 np0005543245 container-server[104784]: Container update sweep completed: 0.08s
Dec 3 10:02:44 np0005543245 account-server[104223]: Beginning replication run
Dec 3 10:02:44 np0005543245 account-server[104223]: Replication run OVER
Dec 3 10:02:44 np0005543245 account-server[104223]: Attempted to replicate 1 dbs in 0.01247 seconds (80.21785/s)
Dec 3 10:02:44 np0005543245 account-server[104223]: Removed 0 dbs
Dec 3 10:02:44 np0005543245 account-server[104223]: 1 successes, 0 failures
Dec 3 10:02:44 np0005543245 account-server[104223]: diff:0 diff_capped:0 empty:0 hashmatch:0 no_change:1 remote_merge:0 rsync:0 ts_repl:0
Dec 3 10:02:44 np0005543245 object-server[577715]: Object audit (ALL). Since Wed Dec 3 10:02:42 2025: Locally: 1 passed, 0 quarantined, 0 errors, files/sec: 0.46, bytes/sec: 10044603.08, Total time: 2.16, Auditing time: 0.00, Rate: 0.00
Dec 3 10:02:46 np0005543245 object-server[104861]: Starting object replication pass.
Dec 3 10:02:47 np0005543245 object-server[104861]: 32/32 (100.00%) partitions replicated in 0.25s (126.44/sec, 0s remaining)
Dec 3 10:02:47 np0005543245 object-server[104861]: 0 successes, 0 failures
Dec 3 10:02:47 np0005543245 object-server[104861]: 32 suffixes checked - 0.00% hashed, 0.00% synced
Dec 3 10:02:47 np0005543245 object-server[104861]: Partition times: max 0.1902s, min 0.0005s, med 0.0008s
Dec 3 10:02:47 np0005543245 object-server[104861]: Object replication complete. (0.00 minutes)
Dec 3 10:02:48 np0005543245 object-server[577715]: Object audit (ALL) "forever" mode completed: 6.45s. Total quarantined: 0, Total errors: 0, Total files/sec: 4.96, Total bytes/sec: 10001984.79, Auditing time: 6.45, Rate: 1.00
Dec 3 10:03:00 np0005543245 container-server[104394]: Beginning replication run
Dec 3 10:03:00 np0005543245 container-server[104394]: Replication run OVER
Dec 3 10:03:00 np0005543245 container-server[104394]: Attempted to replicate 1 dbs in 0.01361 seconds (73.46002/s)
Dec 3 10:03:00 np0005543245 container-server[104394]: Removed 0 dbs
Dec 3 10:03:00 np0005543245 container-server[104394]: 1 successes, 0 failures
Dec 3 10:03:00 np0005543245 container-server[104394]: diff:0 diff_capped:0 empty:0 hashmatch:0 no_change:1 remote_merge:0 rsync:0 ts_repl:0
Dec 3 10:03:13 np0005543245 object-server[577717]: Begin object audit "forever" mode (ZBF)
Dec 3 10:03:13 np0005543245 object-server[577717]: Object audit (ZBF). Since Wed Dec 3 10:03:13 2025: Locally: 1 passed, 0 quarantined, 0 errors, files/sec: 489.13, bytes/sec: 0.00, Total time: 0.00, Auditing time: 0.00, Rate: 0.00
Dec 3 10:03:13 np0005543245 object-server[577717]: Object audit (ZBF) "forever" mode completed: 0.60s. Total quarantined: 0, Total errors: 0, Total files/sec: 53.04, Total bytes/sec: 0.00, Auditing time: 0.59, Rate: 0.98
Dec 3 10:03:14 np0005543245 account-server[104223]: Beginning replication run
Dec 3 10:03:14 np0005543245 account-server[104223]: Replication run OVER
Dec 3 10:03:14 np0005543245 account-server[104223]: Attempted to replicate 1 dbs in 0.01226 seconds (81.54347/s)
Dec 3 10:03:14 np0005543245 account-server[104223]: Removed 0 dbs
Dec 3 10:03:14 np0005543245 account-server[104223]: 1 successes, 0 failures
Dec 3 10:03:14 np0005543245 account-server[104223]: diff:0 diff_capped:0 empty:0 hashmatch:0 no_change:1 remote_merge:0 rsync:0 ts_repl:0
Dec 3 10:03:17 np0005543245 object-server[104861]: Starting object replication pass.
Dec 3 10:03:17 np0005543245 object-server[104861]: 32/32 (100.00%) partitions replicated in 0.04s (814.26/sec, 0s remaining)
Dec 3 10:03:17 np0005543245 object-server[104861]: 0 successes, 0 failures
Dec 3 10:03:17 np0005543245 object-server[104861]: 32 suffixes checked - 0.00% hashed, 0.00% synced
Dec 3 10:03:17 np0005543245 object-server[104861]: Partition times: max 0.0098s, min 0.0004s, med 0.0006s
Dec 3 10:03:17 np0005543245 object-server[104861]: Object replication complete. (0.00 minutes)
Dec 3 10:03:21 np0005543245 account-server[104505]: 172.20.0.30 - - [03/Dec/2025:10:03:21 +0000] "HEAD /d1/872/AUTH_6c7956f2bc394c849af97aa91765a21d" 404 - "HEAD http://swift-internal.openstack.svc:8080/v1/AUTH_6c7956f2bc394c849af97aa91765a21d?format=json" "txf70891d13c054a979cd9f-0069300ae9" "proxy-server 12" 0.0010 "-" 22 -
Dec 3 10:03:22 np0005543245 account-server[104505]: 172.20.0.30 - - [03/Dec/2025:10:03:22 +0000] "GET /d1/872/AUTH_6c7956f2bc394c849af97aa91765a21d" 404 - "GET http://swift-internal.openstack.svc:8080/v1/AUTH_6c7956f2bc394c849af97aa91765a21d?format=json" "txf70891d13c054a979cd9f-0069300ae9" "proxy-server 12" 0.0005 "-" 22 -
Dec 3 10:03:22 np0005543245 account-server[104505]: 172.20.0.30 - - [03/Dec/2025:10:03:22 +0000] "HEAD /d1/999/AUTH_917a1ffcad3d4f90a738bafbce924984" 404 - "HEAD http://swift-internal.openstack.svc:8080/v1/AUTH_917a1ffcad3d4f90a738bafbce924984?format=json" "tx27adb9b7b78b480980fb6-0069300aea" "proxy-server 12" 0.0003 "-" 22 -
Dec 3 10:03:22 np0005543245 account-server[104485]: 172.20.0.30 - - [03/Dec/2025:10:03:22 +0000] "GET /d1/999/AUTH_917a1ffcad3d4f90a738bafbce924984" 404 - "GET http://swift-internal.openstack.svc:8080/v1/AUTH_917a1ffcad3d4f90a738bafbce924984?format=json" "tx27adb9b7b78b480980fb6-0069300aea" "proxy-server 12" 0.0006 "-" 20 -
Dec 3 10:03:22 np0005543245 account-server[104512]: 172.20.0.30 - - [03/Dec/2025:10:03:22 +0000] "HEAD /d1/709/AUTH_9b4ae9d91a2d4ca0a02f85564ba03a7d" 404 - "HEAD http://swift-internal.openstack.svc:8080/v1/AUTH_9b4ae9d91a2d4ca0a02f85564ba03a7d?format=json" "tx67e56505694c4c329bfe0-0069300aea" "proxy-server 12" 0.0006 "-" 23 -
Dec 3 10:03:22 np0005543245 account-server[104494]: 172.20.0.30 - - [03/Dec/2025:10:03:22 +0000] "GET /d1/709/AUTH_9b4ae9d91a2d4ca0a02f85564ba03a7d" 404 - "GET http://swift-internal.openstack.svc:8080/v1/AUTH_9b4ae9d91a2d4ca0a02f85564ba03a7d?format=json" "tx67e56505694c4c329bfe0-0069300aea" "proxy-server 12" 0.0005 "-" 21 -
Dec 3 10:03:22 np0005543245 account-server[104505]: 172.20.0.30 - - [03/Dec/2025:10:03:22 +0000] "HEAD /d1/836/AUTH_a259e1d066754a139f843e9bf1e380a3" 404 - "HEAD http://swift-internal.openstack.svc:8080/v1/AUTH_a259e1d066754a139f843e9bf1e380a3?format=json" "tx27d6d0ffea6d4f5c932bd-0069300aea" "proxy-server 8" 0.0005 "-" 22 -
Dec 3 10:03:22 np0005543245 account-server[104494]: 172.20.0.30 - - [03/Dec/2025:10:03:22 +0000] "GET /d1/836/AUTH_a259e1d066754a139f843e9bf1e380a3" 404 - "GET http://swift-internal.openstack.svc:8080/v1/AUTH_a259e1d066754a139f843e9bf1e380a3?format=json" "tx27d6d0ffea6d4f5c932bd-0069300aea" "proxy-server 8" 0.0005 "-" 21 -
Dec 3 10:03:22 np0005543245 account-server[104494]: 172.20.0.30 - - [03/Dec/2025:10:03:22 +0000] "HEAD /d1/547/AUTH_d4d3d5a332264bdda95513991312f50c" 204 - "HEAD http://swift-internal.openstack.svc:8080/v1/AUTH_d4d3d5a332264bdda95513991312f50c?format=json" "tx1121464591e54c9590005-0069300aea" "proxy-server 11" 0.0023 "-" 21 -
Dec 3 10:03:22 np0005543245 account-server[104494]: 172.20.0.30 - - [03/Dec/2025:10:03:22 +0000] "GET /d1/547/AUTH_d4d3d5a332264bdda95513991312f50c" 200 98 "GET http://swift-internal.openstack.svc:8080/v1/AUTH_d4d3d5a332264bdda95513991312f50c?format=json" "tx1121464591e54c9590005-0069300aea" "proxy-server 11" 0.0025 "-" 21 -
Dec 3 10:03:22 np0005543245 account-server[104505]: 172.20.0.30 - - [03/Dec/2025:10:03:22 +0000] "HEAD /d1/515/AUTH_d59a0c1d7303489eaefcafc3e10229bd" 404 - "HEAD http://swift-internal.openstack.svc:8080/v1/AUTH_d59a0c1d7303489eaefcafc3e10229bd?format=json" "tx8a2d2a8cd3474b39a3182-0069300aea" "proxy-server 11" 0.0006 "-" 22 -
Dec 3 10:03:22 np0005543245 account-server[104485]: 172.20.0.30 - - [03/Dec/2025:10:03:22 +0000] "GET /d1/515/AUTH_d59a0c1d7303489eaefcafc3e10229bd" 404 - "GET http://swift-internal.openstack.svc:8080/v1/AUTH_d59a0c1d7303489eaefcafc3e10229bd?format=json" "tx8a2d2a8cd3474b39a3182-0069300aea" "proxy-server 11" 0.0006 "-" 20 -
Dec 3 10:03:22 np0005543245 account-server[104512]: 172.20.0.30 - - [03/Dec/2025:10:03:22 +0000] "HEAD /d1/54/AUTH_dd950b29293d46d5b25b761b0254b0a4" 404 - "HEAD http://swift-internal.openstack.svc:8080/v1/AUTH_dd950b29293d46d5b25b761b0254b0a4?format=json" "tx6ec5b9c4a8ab432282ef6-0069300aea" "proxy-server 11" 0.0005 "-" 23 -
Dec 3 10:03:22 np0005543245 account-server[104494]: 172.20.0.30 - - [03/Dec/2025:10:03:22 +0000] "GET /d1/54/AUTH_dd950b29293d46d5b25b761b0254b0a4" 404 - "GET http://swift-internal.openstack.svc:8080/v1/AUTH_dd950b29293d46d5b25b761b0254b0a4?format=json" "tx6ec5b9c4a8ab432282ef6-0069300aea" "proxy-server 11" 0.0004 "-" 21 -
Dec 3 10:03:22 np0005543245 account-server[104505]: 172.20.0.30 - - [03/Dec/2025:10:03:22 +0000] "HEAD /d1/345/AUTH_de74658356d04c01ab870542ead5be5d" 404 - "HEAD http://swift-internal.openstack.svc:8080/v1/AUTH_de74658356d04c01ab870542ead5be5d?format=json" "tx7d2f65150bb142de939a7-0069300aea" "proxy-server 12" 0.0003 "-" 22 -
Dec 3 10:03:22 np0005543245 account-server[104512]: 172.20.0.30 - - [03/Dec/2025:10:03:22 +0000] "GET /d1/345/AUTH_de74658356d04c01ab870542ead5be5d" 404 - "GET http://swift-internal.openstack.svc:8080/v1/AUTH_de74658356d04c01ab870542ead5be5d?format=json" "tx7d2f65150bb142de939a7-0069300aea" "proxy-server 12" 0.0004 "-" 23 -
Dec 3 10:03:22 np0005543245 account-server[104494]: 172.20.0.30 - - [03/Dec/2025:10:03:22 +0000] "HEAD /d1/75/AUTH_ee1b225f85d743b78279a81c880a01ae" 404 - "HEAD http://swift-internal.openstack.svc:8080/v1/AUTH_ee1b225f85d743b78279a81c880a01ae?format=json" "txc7146a9e357b4ed1bf5fa-0069300aea" "proxy-server 11" 0.0005 "-" 21 -
Dec 3 10:03:22 np0005543245 account-server[104494]: 172.20.0.30 - - [03/Dec/2025:10:03:22 +0000] "GET /d1/75/AUTH_ee1b225f85d743b78279a81c880a01ae" 404 - "GET http://swift-internal.openstack.svc:8080/v1/AUTH_ee1b225f85d743b78279a81c880a01ae?format=json" "txc7146a9e357b4ed1bf5fa-0069300aea" "proxy-server 11" 0.0003 "-" 21 -
Dec 3 10:03:22 np0005543245 account-server[104494]: 172.20.0.30 - - [03/Dec/2025:10:03:22 +0000] "HEAD /d1/233/AUTH_f6cd696dd25a4fa29720debda2eb6528" 404 - "HEAD http://swift-internal.openstack.svc:8080/v1/AUTH_f6cd696dd25a4fa29720debda2eb6528?format=json" "tx51e21f05b2de4f65bf6a0-0069300aea" "proxy-server 8" 0.0003 "-" 21 -
Dec 3 10:03:22 np0005543245 account-server[104494]: 172.20.0.30 - - [03/Dec/2025:10:03:22 +0000] "GET /d1/233/AUTH_f6cd696dd25a4fa29720debda2eb6528" 404 - "GET http://swift-internal.openstack.svc:8080/v1/AUTH_f6cd696dd25a4fa29720debda2eb6528?format=json" "tx51e21f05b2de4f65bf6a0-0069300aea" "proxy-server 8" 0.0003 "-" 21 -
Dec 3 10:03:22 np0005543245 account-server[104485]: 172.20.0.30 - - [03/Dec/2025:10:03:22 +0000] "HEAD /d1/872/AUTH_6c7956f2bc394c849af97aa91765a21d" 404 - "HEAD http://swift-internal.openstack.svc:8080/v1/AUTH_6c7956f2bc394c849af97aa91765a21d?format=json" "tx26d0263b021d4e608700d-0069300aea" "proxy-server 8" 0.0005 "-" 20 -
Dec 3 10:03:22 np0005543245 account-server[104485]: 172.20.0.30 - - [03/Dec/2025:10:03:22 +0000] "HEAD /d1/999/AUTH_917a1ffcad3d4f90a738bafbce924984" 404 - "HEAD http://swift-internal.openstack.svc:8080/v1/AUTH_917a1ffcad3d4f90a738bafbce924984?format=json" "tx50ec6e80be6949c7a9c6f-0069300aea" "proxy-server 11" 0.0003 "-" 20 -
Dec 3 10:03:22 np0005543245 account-server[104485]: 172.20.0.30 - - [03/Dec/2025:10:03:22 +0000] "HEAD /d1/709/AUTH_9b4ae9d91a2d4ca0a02f85564ba03a7d" 404 - "HEAD http://swift-internal.openstack.svc:8080/v1/AUTH_9b4ae9d91a2d4ca0a02f85564ba03a7d?format=json" "tx3fcea17f5165440c845d6-0069300aea" "proxy-server 11" 0.0006 "-" 20 -
Dec 3 10:03:22 np0005543245 account-server[104505]: 172.20.0.30 - - [03/Dec/2025:10:03:22 +0000] "HEAD /d1/836/AUTH_a259e1d066754a139f843e9bf1e380a3" 404 - "HEAD http://swift-internal.openstack.svc:8080/v1/AUTH_a259e1d066754a139f843e9bf1e380a3?format=json" "txb8e665264176416d9aac1-0069300aea" "proxy-server 8" 0.0005 "-" 22 -
Dec 3 10:03:22 np0005543245 account-server[104505]: 172.20.0.30 - - [03/Dec/2025:10:03:22 +0000] "HEAD /d1/547/AUTH_d4d3d5a332264bdda95513991312f50c" 204 - "HEAD http://swift-internal.openstack.svc:8080/v1/AUTH_d4d3d5a332264bdda95513991312f50c?format=json" "txdf28b714a0b54d3191dd2-0069300aea" "proxy-server 12" 0.0026 "-" 22 -
Dec 3 10:03:22 np0005543245 account-server[104485]: 172.20.0.30 - - [03/Dec/2025:10:03:22 +0000] "HEAD /d1/515/AUTH_d59a0c1d7303489eaefcafc3e10229bd" 404 - "HEAD http://swift-internal.openstack.svc:8080/v1/AUTH_d59a0c1d7303489eaefcafc3e10229bd?format=json" "txf8a8b92ba54145a9b2ec0-0069300aea" "proxy-server 11" 0.0004 "-" 20 -
Dec 3 10:03:22 np0005543245 account-server[104485]: 172.20.0.30 - - [03/Dec/2025:10:03:22 +0000] "HEAD /d1/54/AUTH_dd950b29293d46d5b25b761b0254b0a4" 404 - "HEAD http://swift-internal.openstack.svc:8080/v1/AUTH_dd950b29293d46d5b25b761b0254b0a4?format=json" "tx9cc93b7b0c7344aebf698-0069300aea" "proxy-server 11" 0.0003 "-" 20 -
Dec 3 10:03:22 np0005543245 account-server[104512]: 172.20.0.30 - - [03/Dec/2025:10:03:22 +0000] "HEAD /d1/345/AUTH_de74658356d04c01ab870542ead5be5d" 404 - "HEAD http://swift-internal.openstack.svc:8080/v1/AUTH_de74658356d04c01ab870542ead5be5d?format=json" "tx6252bbe88dac4deb9da04-0069300aea" "proxy-server 8" 0.0005 "-" 23 -
Dec 3 10:03:22 np0005543245 account-server[104505]: 172.20.0.30 - - [03/Dec/2025:10:03:22 +0000] "HEAD /d1/75/AUTH_ee1b225f85d743b78279a81c880a01ae" 404 - "HEAD http://swift-internal.openstack.svc:8080/v1/AUTH_ee1b225f85d743b78279a81c880a01ae?format=json" "txce59ca230c234180b73e7-0069300aea" "proxy-server 8" 0.0005 "-" 22 -
Dec 3 10:03:22 np0005543245 account-server[104512]: 172.20.0.30 - - [03/Dec/2025:10:03:22 +0000] "HEAD /d1/233/AUTH_f6cd696dd25a4fa29720debda2eb6528" 404 - "HEAD http://swift-internal.openstack.svc:8080/v1/AUTH_f6cd696dd25a4fa29720debda2eb6528?format=json" "txb0d73f2b7a6b4f2db2249-0069300aea" "proxy-server 11" 0.0004 "-" 23 -
Dec 3 10:03:30 np0005543245 container-server[104394]: Beginning replication run
Dec 3 10:03:30 np0005543245 container-server[104394]: Replication run OVER
Dec 3 10:03:30 np0005543245 container-server[104394]: Attempted to replicate 1 dbs in 0.01401 seconds (71.38339/s)
Dec 3 10:03:30 np0005543245 container-server[104394]: Removed 0 dbs
Dec 3 10:03:30 np0005543245 container-server[104394]: 1 successes, 0 failures
Dec 3 10:03:30 np0005543245 container-server[104394]: diff:0 diff_capped:0 empty:0 hashmatch:0 no_change:1 remote_merge:0 rsync:0 ts_repl:0
Dec 3 10:03:43 np0005543245 object-server[578977]: Begin object audit "forever" mode (ZBF)
Dec 3 10:03:43 np0005543245 object-server[578978]: Begin object audit "forever" mode (ALL)
Dec 3 10:03:43 np0005543245 object-server[578977]: Object audit (ZBF). Since Wed Dec 3 10:03:43 2025: Locally: 1 passed, 0 quarantined, 0 errors, files/sec: 497.78, bytes/sec: 0.00, Total time: 0.00, Auditing time: 0.00, Rate: 0.00
Dec 3 10:03:44 np0005543245 account-server[104223]: Beginning replication run
Dec 3 10:03:44 np0005543245 account-server[104223]: Replication run OVER
Dec 3 10:03:44 np0005543245 account-server[104223]: Attempted to replicate 1 dbs in 0.01157 seconds (86.40492/s)
Dec 3 10:03:44 np0005543245 account-server[104223]: Removed 0 dbs
Dec 3 10:03:44 np0005543245 account-server[104223]: 1 successes, 0 failures
Dec 3 10:03:44 np0005543245 account-server[104223]: diff:0 diff_capped:0 empty:0 hashmatch:0 no_change:1 remote_merge:0 rsync:0 ts_repl:0
Dec 3 10:03:44 np0005543245 object-server[578977]: Object audit (ZBF) "forever" mode completed: 0.60s. Total quarantined: 0, Total errors: 0, Total files/sec: 52.92, Total bytes/sec: 0.00, Auditing time: 0.60, Rate: 0.99
Dec 3 10:03:46 np0005543245 object-server[578978]: Object audit (ALL). Since Wed Dec 3 10:03:43 2025: Locally: 1 passed, 0 quarantined, 0 errors, files/sec: 0.46, bytes/sec: 10045978.32, Total time: 2.16, Auditing time: 0.00, Rate: 0.00
Dec 3 10:03:47 np0005543245 object-server[104861]: Starting object replication pass.
Dec 3 10:03:47 np0005543245 object-server[104861]: 32/32 (100.00%) partitions replicated in 0.36s (88.49/sec, 0s remaining)
Dec 3 10:03:47 np0005543245 object-server[104861]: 0 successes, 0 failures
Dec 3 10:03:47 np0005543245 object-server[104861]: 32 suffixes checked - 0.00% hashed, 0.00% synced
Dec 3 10:03:47 np0005543245 object-server[104861]: Partition times: max 0.1860s, min 0.0004s, med 0.0008s
Dec 3 10:03:47 np0005543245 object-server[104861]: Object replication complete. (0.01 minutes)
Dec 3 10:03:50 np0005543245 object-server[578978]: Object audit (ALL) "forever" mode completed: 6.45s. Total quarantined: 0, Total errors: 0, Total files/sec: 4.96, Total bytes/sec: 10001379.98, Auditing time: 6.45, Rate: 1.00
Dec 3 10:03:51 np0005543245 account-server[104494]: 172.20.0.103 - - [03/Dec/2025:10:03:51 +0000] "HEAD /d1/172/.expiring_objects" 404 - "HEAD http://localhost/v1/.expiring_objects?format=json" "txad4f433ecf86448faa381-0069300b07" "proxy-server 2" 0.0007 "-" 21 -
Dec 3 10:03:51 np0005543245 object-expirer[104798]: Pass completed in 0s; 0 objects expired (txn: txad4f433ecf86448faa381-0069300b07)
Dec 3 10:04:00 np0005543245 container-server[104394]: Beginning replication run
Dec 3 10:04:00 np0005543245 container-server[104394]: Replication run OVER
Dec 3 10:04:00 np0005543245 container-server[104394]: Attempted to replicate 1 dbs in 0.01527 seconds (65.46806/s)
Dec 3 10:04:00 np0005543245 container-server[104394]: Removed 0 dbs
Dec 3 10:04:00 np0005543245 container-server[104394]: 1 successes, 0 failures
Dec 3 10:04:00 np0005543245 container-server[104394]: diff:0 diff_capped:0 empty:0 hashmatch:0 no_change:1 remote_merge:0 rsync:0 ts_repl:0
Dec 3 10:04:07 np0005543245 account-server[103943]: Account audit pass completed: 0.00s
Dec 3 10:04:07 np0005543245 account-server[103943]: Begin account audit pass.
Dec 3 10:04:07 np0005543245 account-server[103943]: Since Wed Dec 3 09:04:07 2025: Account audits: 2 passed audit,0 failed audit
Dec 3 10:04:14 np0005543245 account-server[104223]: Beginning replication run
Dec 3 10:04:14 np0005543245 account-server[104223]: Replication run OVER
Dec 3 10:04:14 np0005543245 account-server[104223]: Attempted to replicate 1 dbs in 0.01301 seconds (76.87448/s)
Dec 3 10:04:14 np0005543245 account-server[104223]: Removed 0 dbs
Dec 3 10:04:14 np0005543245 account-server[104223]: 1 successes, 0 failures
Dec 3 10:04:14 np0005543245 account-server[104223]: diff:0 diff_capped:0 empty:0 hashmatch:0 no_change:1 remote_merge:0 rsync:0 ts_repl:0
Dec 3 10:04:14 np0005543245 object-server[578980]: Begin object audit "forever" mode (ZBF)
Dec 3 10:04:14 np0005543245 object-server[578980]: Object audit (ZBF). Since Wed Dec 3 10:04:14 2025: Locally: 1 passed, 0 quarantined, 0 errors, files/sec: 607.87, bytes/sec: 0.00, Total time: 0.00, Auditing time: 0.00, Rate: 0.00
Dec 3 10:04:15 np0005543245 object-server[578980]: Object audit (ZBF) "forever" mode completed: 0.60s. Total quarantined: 0, Total errors: 0, Total files/sec: 53.07, Total bytes/sec: 0.00, Auditing time: 0.59, Rate: 0.99
Dec 3 10:04:17 np0005543245 object-server[104861]: Starting object replication pass.
Dec 3 10:04:17 np0005543245 object-server[104861]: 32/32 (100.00%) partitions replicated in 0.04s (833.99/sec, 0s remaining)
Dec 3 10:04:17 np0005543245 object-server[104861]: 0 successes, 0 failures
Dec 3 10:04:17 np0005543245 object-server[104861]: 32 suffixes checked - 0.00% hashed, 0.00% synced
Dec 3 10:04:17 np0005543245 object-server[104861]: Partition times: max 0.0071s, min 0.0004s, med 0.0006s
Dec 3 10:04:17 np0005543245 object-server[104861]: Object replication complete. (0.00 minutes)
Dec 3 10:04:30 np0005543245 container-server[104394]: Beginning replication run
Dec 3 10:04:30 np0005543245 container-server[104394]: Replication run OVER
Dec 3 10:04:30 np0005543245 container-server[104394]: Attempted to replicate 1 dbs in 0.01193 seconds (83.81162/s)
Dec 3 10:04:30 np0005543245 container-server[104394]: Removed 0 dbs
Dec 3 10:04:30 np0005543245 container-server[104394]: 1 successes, 0 failures
Dec 3 10:04:30 np0005543245 container-server[104394]: diff:0 diff_capped:0 empty:0 hashmatch:0 no_change:1 remote_merge:0 rsync:0 ts_repl:0
Dec 3 10:04:44 np0005543245 account-server[104223]: Beginning replication run
Dec 3 10:04:44 np0005543245 account-server[104223]: Replication run OVER
Dec 3 10:04:44 np0005543245 account-server[104223]: Attempted to replicate 1 dbs in 0.01148 seconds (87.12283/s)
Dec 3 10:04:44 np0005543245 account-server[104223]: Removed 0 dbs
Dec 3 10:04:44 np0005543245 account-server[104223]: 1 successes, 0 failures
Dec 3 10:04:44 np0005543245 account-server[104223]: diff:0 diff_capped:0 empty:0 hashmatch:0 no_change:1 remote_merge:0 rsync:0 ts_repl:0
Dec 3 10:04:45 np0005543245 object-server[580242]: Begin object audit "forever" mode (ALL)
Dec 3 10:04:45 np0005543245 object-server[580241]: Begin object audit "forever" mode (ZBF)
Dec 3 10:04:45 np0005543245 object-server[580241]: Object audit (ZBF). Since Wed Dec 3 10:04:45 2025: Locally: 1 passed, 0 quarantined, 0 errors, files/sec: 532.34, bytes/sec: 0.00, Total time: 0.00, Auditing time: 0.00, Rate: 0.00
Dec 3 10:04:46 np0005543245 object-server[580241]: Object audit (ZBF) "forever" mode completed: 0.60s. Total quarantined: 0, Total errors: 0, Total files/sec: 53.08, Total bytes/sec: 0.00, Auditing time: 0.59, Rate: 0.99
Dec 3 10:04:47 np0005543245 object-server[104861]: Starting object replication pass.
Dec 3 10:04:47 np0005543245 object-server[580242]: Object audit (ALL). Since Wed Dec 3 10:04:45 2025: Locally: 1 passed, 0 quarantined, 0 errors, files/sec: 0.46, bytes/sec: 10044476.66, Total time: 2.16, Auditing time: 0.00, Rate: 0.00
Dec 3 10:04:47 np0005543245 object-server[104861]: 32/32 (100.00%) partitions replicated in 0.05s (681.61/sec, 0s remaining)
Dec 3 10:04:47 np0005543245 object-server[104861]: 0 successes, 0 failures
Dec 3 10:04:47 np0005543245 object-server[104861]: 32 suffixes checked - 0.00% hashed, 0.00% synced
Dec 3 10:04:47 np0005543245 object-server[104861]: Partition times: max 0.0070s, min 0.0003s, med 0.0008s
Dec 3 10:04:47 np0005543245 object-server[104861]: Object replication complete. (0.00 minutes)
Dec 3 10:04:51 np0005543245 object-server[580242]: Object audit (ALL) "forever" mode completed: 6.45s. Total quarantined: 0, Total errors: 0, Total files/sec: 4.96, Total bytes/sec: 10000473.45, Auditing time: 6.45, Rate: 1.00
Dec 3 10:05:00 np0005543245 container-server[104394]: Beginning replication run
Dec 3 10:05:00 np0005543245 container-server[104394]: Replication run OVER
Dec 3 10:05:00 np0005543245 container-server[104394]: Attempted to replicate 1 dbs in 0.01504 seconds (66.50719/s)
Dec 3 10:05:00 np0005543245 container-server[104394]: Removed 0 dbs
Dec 3 10:05:00 np0005543245 container-server[104394]: 1 successes, 0 failures
Dec 3 10:05:00 np0005543245 container-server[104394]: diff:0 diff_capped:0 empty:0 hashmatch:0 no_change:1 remote_merge:0 rsync:0 ts_repl:0
Dec 3 10:05:14 np0005543245 account-server[104223]: Beginning replication run
Dec 3 10:05:14 np0005543245 account-server[104223]: Replication run OVER
Dec 3 10:05:14 np0005543245 account-server[104223]: Attempted to replicate 1 dbs in 0.01159 seconds (86.27340/s)
Dec 3 10:05:14 np0005543245 account-server[104223]: Removed 0 dbs
