Feb 17 19:02:35 standalone proxy-server[129089]: 172.18.0.2 172.18.0.100 17/Feb/2026/19/02/35 GET /v1/AUTH_3e3143917d454e4087b64e16beac682c/gnocchi.4a510001-4d1e-4761-8107-ab82cde3e131%3Fformat%3Djson%26states%3Dlisting HTTP/1.0 200 - python-swiftclient-3.11.1 gAAAAABplLsH5F_G... - 2 - tx0cb14327d67c4747b7bf6-006994bb4b - 0.0248 - - 1771354955.087653160 1771354955.112475157 0
Feb 17 19:02:35 standalone object-server[127200]: 172.20.0.100 - - [17/Feb/2026:19:02:35 +0000] "GET /d1/121/AUTH_3e3143917d454e4087b64e16beac682c/gnocchi.4a510001-4d1e-4761-8107-ab82cde3e131/1771200000.0_mean_300.0_v3" 404 70 "GET http://172.18.0.2:8080/v1/AUTH_3e3143917d454e4087b64e16beac682c/gnocchi.4a510001-4d1e-4761-8107-ab82cde3e131/1771200000.0_mean_300.0_v3" "tx4f8bc3d6e5574416b40f0-006994bb4b" "proxy-server 12" 0.0007 "-" 23 0
Feb 17 19:02:35 standalone proxy-server[129089]: 172.18.0.2 172.18.0.100 17/Feb/2026/19/02/35 GET /v1/AUTH_3e3143917d454e4087b64e16beac682c/gnocchi.4a510001-4d1e-4761-8107-ab82cde3e131/1771200000.0_mean_300.0_v3 HTTP/1.0 404 - python-swiftclient-3.11.1 gAAAAABplLsH5F_G... - 70 - tx4f8bc3d6e5574416b40f0-006994bb4b - 0.0546 - - 1771354955.117908239 1771354955.172544718 0
Feb 17 19:02:35 standalone container-server[126970]: 172.20.0.100 - - [17/Feb/2026:19:02:35 +0000] "PUT /d1/272/AUTH_3e3143917d454e4087b64e16beac682c/gnocchi.4a510001-4d1e-4761-8107-ab82cde3e131/1771200000.0_mean_300.0_v3" 201 - "PUT http://172.18.0.2:8080/d1/121/AUTH_3e3143917d454e4087b64e16beac682c/gnocchi.4a510001-4d1e-4761-8107-ab82cde3e131/1771200000.0_mean_300.0_v3" "txf596773bcec14191bc0a1-006994bb4b" "object-server 23" 0.0007 "-" 21 0
Feb 17 19:02:35 standalone object-server[127200]: 172.20.0.100 - - [17/Feb/2026:19:02:35 +0000] "PUT /d1/121/AUTH_3e3143917d454e4087b64e16beac682c/gnocchi.4a510001-4d1e-4761-8107-ab82cde3e131/1771200000.0_mean_300.0_v3" 201 - "PUT http://172.18.0.2:8080/v1/AUTH_3e3143917d454e4087b64e16beac682c/gnocchi.4a510001-4d1e-4761-8107-ab82cde3e131/1771200000.0_mean_300.0_v3" "txf596773bcec14191bc0a1-006994bb4b" "proxy-server 12" 0.0113 "-" 23 0
Feb 17 19:02:35 standalone proxy-server[129089]: 172.18.0.2 172.18.0.100 17/Feb/2026/19/02/35 PUT /v1/AUTH_3e3143917d454e4087b64e16beac682c/gnocchi.4a510001-4d1e-4761-8107-ab82cde3e131/1771200000.0_mean_300.0_v3 HTTP/1.0 201 - python-swiftclient-3.11.1 gAAAAABplLsH5F_G... 16 - - txf596773bcec14191bc0a1-006994bb4b - 0.0189 - - 1771354955.178555489 1771354955.197409391 0
Feb 17 19:02:35 standalone container-server[126977]: 172.20.0.100 - - [17/Feb/2026:19:02:35 +0000] "PUT /d1/272/AUTH_3e3143917d454e4087b64e16beac682c/gnocchi.4a510001-4d1e-4761-8107-ab82cde3e131/none_v3" 201 - "PUT http://172.18.0.2:8080/d1/856/AUTH_3e3143917d454e4087b64e16beac682c/gnocchi.4a510001-4d1e-4761-8107-ab82cde3e131/none_v3" "tx1996f0198dfd427a8d08b-006994bb4b" "object-server 24" 0.0009 "-" 23 0
Feb 17 19:02:35 standalone object-server[127202]: 172.20.0.100 - - [17/Feb/2026:19:02:35 +0000] "PUT /d1/856/AUTH_3e3143917d454e4087b64e16beac682c/gnocchi.4a510001-4d1e-4761-8107-ab82cde3e131/none_v3" 201 - "PUT http://172.18.0.2:8080/v1/AUTH_3e3143917d454e4087b64e16beac682c/gnocchi.4a510001-4d1e-4761-8107-ab82cde3e131/none_v3" "tx1996f0198dfd427a8d08b-006994bb4b" "proxy-server 12" 0.0388 "-" 24 0
Feb 17 19:02:35 standalone proxy-server[129089]: 172.18.0.2 172.18.0.100 17/Feb/2026/19/02/35 PUT /v1/AUTH_3e3143917d454e4087b64e16beac682c/gnocchi.4a510001-4d1e-4761-8107-ab82cde3e131/none_v3 HTTP/1.0 201 - python-swiftclient-3.11.1 gAAAAABplLsH5F_G... 22 - - tx1996f0198dfd427a8d08b-006994bb4b - 0.0463 - - 1771354955.201038122 1771354955.247387648 0
Feb 17 19:02:35 standalone container-server[126973]: 172.20.0.100 - - [17/Feb/2026:19:02:35 +0000] "HEAD /d1/515/AUTH_3e3143917d454e4087b64e16beac682c/gnocchi.76050fb9-a9b2-474c-a202-6e33055c3f03" 404 - "HEAD http://172.18.0.2:8080/v1/AUTH_3e3143917d454e4087b64e16beac682c/gnocchi.76050fb9-a9b2-474c-a202-6e33055c3f03?format=json&states=listing" "tx7131f403f0a54316ba662-006994bb4b" "proxy-server 12" 0.0007 "-" 22 0
Feb 17 19:02:35 standalone object-server[127200]: 172.20.0.100 - - [17/Feb/2026:19:02:35 +0000] "GET /d1/81/AUTH_3e3143917d454e4087b64e16beac682c/gnocchi.76050fb9-a9b2-474c-a202-6e33055c3f03/none_v3" 404 70 "GET http://172.18.0.2:8080/v1/AUTH_3e3143917d454e4087b64e16beac682c/gnocchi.76050fb9-a9b2-474c-a202-6e33055c3f03/none_v3" "tx7131f403f0a54316ba662-006994bb4b" "proxy-server 12" 0.0005 "-" 23 0
Feb 17 19:02:35 standalone proxy-server[129089]: 172.18.0.2 172.18.0.100 17/Feb/2026/19/02/35 GET /v1/AUTH_3e3143917d454e4087b64e16beac682c/gnocchi.76050fb9-a9b2-474c-a202-6e33055c3f03/none_v3 HTTP/1.0 404 - python-swiftclient-3.11.1 gAAAAABplLsH5F_G... - 70 - tx7131f403f0a54316ba662-006994bb4b - 0.0236 - - 1771354955.277171850 1771354955.300766706 0
Feb 17 19:02:35 standalone account-server[126895]: 172.20.0.100 - - [17/Feb/2026:19:02:35 +0000] "PUT /d1/838/AUTH_3e3143917d454e4087b64e16beac682c/gnocchi.76050fb9-a9b2-474c-a202-6e33055c3f03" 201 - "PUT http://172.20.0.100:6001/d1/515/AUTH_3e3143917d454e4087b64e16beac682c/gnocchi.76050fb9-a9b2-474c-a202-6e33055c3f03" "tx89e4f694469b42deab2e8-006994bb4b" "container-server 23" 0.0073 "-" 21 0
Feb 17 19:02:35 standalone container-server[126977]: 172.20.0.100 - - [17/Feb/2026:19:02:35 +0000] "PUT /d1/515/AUTH_3e3143917d454e4087b64e16beac682c/gnocchi.76050fb9-a9b2-474c-a202-6e33055c3f03" 201 - "PUT http://172.18.0.2:8080/v1/AUTH_3e3143917d454e4087b64e16beac682c/gnocchi.76050fb9-a9b2-474c-a202-6e33055c3f03" "tx89e4f694469b42deab2e8-006994bb4b" "proxy-server 12" 0.0233 "-" 23 0
Feb 17 19:02:35 standalone proxy-server[129089]: 172.18.0.2 172.18.0.100 17/Feb/2026/19/02/35 PUT /v1/AUTH_3e3143917d454e4087b64e16beac682c/gnocchi.76050fb9-a9b2-474c-a202-6e33055c3f03 HTTP/1.0 201 - python-swiftclient-3.11.1 gAAAAABplLsH5F_G... - - - tx89e4f694469b42deab2e8-006994bb4b - 0.0321 - - 1771354955.304726839 1771354955.336861610 0
Feb 17 19:02:35 standalone container-server[126970]: 172.20.0.100 - - [17/Feb/2026:19:02:35 +0000] "HEAD /d1/515/AUTH_3e3143917d454e4087b64e16beac682c/gnocchi.76050fb9-a9b2-474c-a202-6e33055c3f03" 204 - "HEAD http://172.18.0.2:8080/v1/AUTH_3e3143917d454e4087b64e16beac682c/gnocchi.76050fb9-a9b2-474c-a202-6e33055c3f03?format=json&states=listing" "tx837106cfc3634f85b1e0e-006994bb4b" "proxy-server 12" 0.0033 "-" 21 0
Feb 17 19:02:35 standalone proxy-server[129089]: - - 17/Feb/2026/19/02/35 HEAD /v1/AUTH_3e3143917d454e4087b64e16beac682c/gnocchi.76050fb9-a9b2-474c-a202-6e33055c3f03%3Fformat%3Djson%26states%3Dlisting HTTP/1.0 204 - Swift - - - - tx837106cfc3634f85b1e0e-006994bb4b - 0.0100 RL - 1771354955.343902349 1771354955.353887320 0
Feb 17 19:02:35 standalone container-server[126977]: 172.20.0.100 - - [17/Feb/2026:19:02:35 +0000] "GET /d1/515/AUTH_3e3143917d454e4087b64e16beac682c/gnocchi.76050fb9-a9b2-474c-a202-6e33055c3f03" 200 2 "GET http://172.18.0.2:8080/v1/AUTH_3e3143917d454e4087b64e16beac682c/gnocchi.76050fb9-a9b2-474c-a202-6e33055c3f03?format=json&states=listing" "tx837106cfc3634f85b1e0e-006994bb4b" "proxy-server 12" 0.0030 "-" 23 0
Feb 17 19:02:35 standalone proxy-server[129089]: 172.18.0.2 172.18.0.100 17/Feb/2026/19/02/35 GET /v1/AUTH_3e3143917d454e4087b64e16beac682c/gnocchi.76050fb9-a9b2-474c-a202-6e33055c3f03%3Fformat%3Djson%26states%3Dlisting HTTP/1.0 200 - python-swiftclient-3.11.1 gAAAAABplLsH5F_G... - 2 - tx837106cfc3634f85b1e0e-006994bb4b - 0.0242 - - 1771354955.341544151 1771354955.365736723 0
Feb 17 19:02:35 standalone object-server[127203]: 172.20.0.100 - - [17/Feb/2026:19:02:35 +0000] "GET /d1/157/AUTH_3e3143917d454e4087b64e16beac682c/gnocchi.76050fb9-a9b2-474c-a202-6e33055c3f03/1771200000.0_mean_300.0_v3" 404 70 "GET http://172.18.0.2:8080/v1/AUTH_3e3143917d454e4087b64e16beac682c/gnocchi.76050fb9-a9b2-474c-a202-6e33055c3f03/1771200000.0_mean_300.0_v3" "tx1abe059bf6e24407b7521-006994bb4b" "proxy-server 12" 0.0003 "-" 25 0
Feb 17 19:02:35 standalone proxy-server[129089]: 172.18.0.2 172.18.0.100 17/Feb/2026/19/02/35 GET /v1/AUTH_3e3143917d454e4087b64e16beac682c/gnocchi.76050fb9-a9b2-474c-a202-6e33055c3f03/1771200000.0_mean_300.0_v3 HTTP/1.0 404 - python-swiftclient-3.11.1 gAAAAABplLsH5F_G... - 70 - tx1abe059bf6e24407b7521-006994bb4b - 0.0063 - - 1771354955.370341539 1771354955.376672029 0
Feb 17 19:02:35 standalone container-server[126966]: 172.20.0.100 - - [17/Feb/2026:19:02:35 +0000] "PUT /d1/515/AUTH_3e3143917d454e4087b64e16beac682c/gnocchi.76050fb9-a9b2-474c-a202-6e33055c3f03/1771200000.0_mean_300.0_v3" 201 - "PUT http://172.18.0.2:8080/d1/157/AUTH_3e3143917d454e4087b64e16beac682c/gnocchi.76050fb9-a9b2-474c-a202-6e33055c3f03/1771200000.0_mean_300.0_v3" "tx2873cbdbe1b4477ebff5a-006994bb4b" "object-server 23" 0.0008 "-" 20 0
Feb 17 19:02:35 standalone object-server[127200]: 172.20.0.100 - - [17/Feb/2026:19:02:35 +0000] "PUT /d1/157/AUTH_3e3143917d454e4087b64e16beac682c/gnocchi.76050fb9-a9b2-474c-a202-6e33055c3f03/1771200000.0_mean_300.0_v3" 201 - "PUT http://172.18.0.2:8080/v1/AUTH_3e3143917d454e4087b64e16beac682c/gnocchi.76050fb9-a9b2-474c-a202-6e33055c3f03/1771200000.0_mean_300.0_v3" "tx2873cbdbe1b4477ebff5a-006994bb4b" "proxy-server 12" 0.0167 "-" 23 0
Feb 17 19:02:35 standalone proxy-server[129089]: 172.18.0.2 172.18.0.100 17/Feb/2026/19/02/35 PUT /v1/AUTH_3e3143917d454e4087b64e16beac682c/gnocchi.76050fb9-a9b2-474c-a202-6e33055c3f03/1771200000.0_mean_300.0_v3 HTTP/1.0 201 - python-swiftclient-3.11.1 gAAAAABplLsH5F_G... 16 - - tx2873cbdbe1b4477ebff5a-006994bb4b - 0.0339 - - 1771354955.382749557 1771354955.416612625 0
Feb 17 19:02:35 standalone container-server[126977]: 172.20.0.100 - - [17/Feb/2026:19:02:35 +0000] "PUT /d1/515/AUTH_3e3143917d454e4087b64e16beac682c/gnocchi.76050fb9-a9b2-474c-a202-6e33055c3f03/none_v3" 201 - "PUT http://172.18.0.2:8080/d1/81/AUTH_3e3143917d454e4087b64e16beac682c/gnocchi.76050fb9-a9b2-474c-a202-6e33055c3f03/none_v3" "tx9e570b6efe4b438582710-006994bb4b" "object-server 24" 0.0004 "-" 23 0
Feb 17 19:02:35 standalone object-server[127202]: 172.20.0.100 - - [17/Feb/2026:19:02:35 +0000] "PUT /d1/81/AUTH_3e3143917d454e4087b64e16beac682c/gnocchi.76050fb9-a9b2-474c-a202-6e33055c3f03/none_v3" 201 - "PUT http://172.18.0.2:8080/v1/AUTH_3e3143917d454e4087b64e16beac682c/gnocchi.76050fb9-a9b2-474c-a202-6e33055c3f03/none_v3" "tx9e570b6efe4b438582710-006994bb4b" "proxy-server 12" 0.0129 "-" 24 0
Feb 17 19:02:35 standalone proxy-server[129089]: 172.18.0.2 172.18.0.100 17/Feb/2026/19/02/35 PUT /v1/AUTH_3e3143917d454e4087b64e16beac682c/gnocchi.76050fb9-a9b2-474c-a202-6e33055c3f03/none_v3 HTTP/1.0 201 - python-swiftclient-3.11.1 gAAAAABplLsH5F_G... 22 - - tx9e570b6efe4b438582710-006994bb4b - 0.0214 - - 1771354955.421588421 1771354955.442995310 0
Feb 17 19:02:35 standalone container-server[126973]: 172.20.0.100 - - [17/Feb/2026:19:02:35 +0000] "HEAD /d1/778/AUTH_3e3143917d454e4087b64e16beac682c/gnocchi.248d5c12-1974-4c56-8fcf-f3df06ebb4c5" 404 - "HEAD http://172.18.0.2:8080/v1/AUTH_3e3143917d454e4087b64e16beac682c/gnocchi.248d5c12-1974-4c56-8fcf-f3df06ebb4c5?format=json&states=listing" "tx22386c59c5b24e2abe4df-006994bb4b" "proxy-server 12" 0.0003 "-" 22 0
Feb 17 19:02:35 standalone object-server[127198]: 172.20.0.100 - - [17/Feb/2026:19:02:35 +0000] "GET /d1/1017/AUTH_3e3143917d454e4087b64e16beac682c/gnocchi.248d5c12-1974-4c56-8fcf-f3df06ebb4c5/none_v3" 404 70 "GET http://172.18.0.2:8080/v1/AUTH_3e3143917d454e4087b64e16beac682c/gnocchi.248d5c12-1974-4c56-8fcf-f3df06ebb4c5/none_v3" "tx22386c59c5b24e2abe4df-006994bb4b" "proxy-server 12" 0.0003 "-" 22 0
Feb 17 19:02:35 standalone proxy-server[129089]: 172.18.0.2 172.18.0.100 17/Feb/2026/19/02/35 GET /v1/AUTH_3e3143917d454e4087b64e16beac682c/gnocchi.248d5c12-1974-4c56-8fcf-f3df06ebb4c5/none_v3 HTTP/1.0 404 - python-swiftclient-3.11.1 gAAAAABplLsH5F_G... - 70 - tx22386c59c5b24e2abe4df-006994bb4b - 0.0108 - - 1771354955.457157850 1771354955.467992783 0
Feb 17 19:02:35 standalone account-server[126891]: 172.20.0.100 - - [17/Feb/2026:19:02:35 +0000] "PUT /d1/838/AUTH_3e3143917d454e4087b64e16beac682c/gnocchi.248d5c12-1974-4c56-8fcf-f3df06ebb4c5" 201 - "PUT http://172.20.0.100:6001/d1/778/AUTH_3e3143917d454e4087b64e16beac682c/gnocchi.248d5c12-1974-4c56-8fcf-f3df06ebb4c5" "txcfebd13220744b95b5fee-006994bb4b" "container-server 23" 0.0045 "-" 20 0
Feb 17 19:02:35 standalone container-server[126977]: 172.20.0.100 - - [17/Feb/2026:19:02:35 +0000] "PUT /d1/778/AUTH_3e3143917d454e4087b64e16beac682c/gnocchi.248d5c12-1974-4c56-8fcf-f3df06ebb4c5" 201 - "PUT http://172.18.0.2:8080/v1/AUTH_3e3143917d454e4087b64e16beac682c/gnocchi.248d5c12-1974-4c56-8fcf-f3df06ebb4c5" "txcfebd13220744b95b5fee-006994bb4b" "proxy-server 12" 0.0126 "-" 23 0
Feb 17 19:02:35 standalone proxy-server[129089]: 172.18.0.2 172.18.0.100 17/Feb/2026/19/02/35 PUT /v1/AUTH_3e3143917d454e4087b64e16beac682c/gnocchi.248d5c12-1974-4c56-8fcf-f3df06ebb4c5 HTTP/1.0 201 - python-swiftclient-3.11.1 gAAAAABplLsH5F_G... - - - txcfebd13220744b95b5fee-006994bb4b - 0.0177 - - 1771354955.470444202 1771354955.488168716 0
Feb 17 19:02:35 standalone container-server[126977]: 172.20.0.100 - - [17/Feb/2026:19:02:35 +0000] "HEAD /d1/778/AUTH_3e3143917d454e4087b64e16beac682c/gnocchi.248d5c12-1974-4c56-8fcf-f3df06ebb4c5" 204 - "HEAD http://172.18.0.2:8080/v1/AUTH_3e3143917d454e4087b64e16beac682c/gnocchi.248d5c12-1974-4c56-8fcf-f3df06ebb4c5?format=json&states=listing" "txfb732ecec2804de8bdb6f-006994bb4b" "proxy-server 12" 0.0011 "-" 23 0
Feb 17 19:02:35 standalone proxy-server[129089]: - - 17/Feb/2026/19/02/35 HEAD /v1/AUTH_3e3143917d454e4087b64e16beac682c/gnocchi.248d5c12-1974-4c56-8fcf-f3df06ebb4c5%3Fformat%3Djson%26states%3Dlisting HTTP/1.0 204 - Swift - - - - txfb732ecec2804de8bdb6f-006994bb4b - 0.0038 RL - 1771354955.493191004 1771354955.497025728 0
Feb 17 19:02:35 standalone container-server[126977]: 172.20.0.100 - - [17/Feb/2026:19:02:35 +0000] "GET /d1/778/AUTH_3e3143917d454e4087b64e16beac682c/gnocchi.248d5c12-1974-4c56-8fcf-f3df06ebb4c5" 200 2 "GET http://172.18.0.2:8080/v1/AUTH_3e3143917d454e4087b64e16beac682c/gnocchi.248d5c12-1974-4c56-8fcf-f3df06ebb4c5?format=json&states=listing" "txfb732ecec2804de8bdb6f-006994bb4b" "proxy-server 12" 0.0019 "-" 23 0
Feb 17 19:02:35 standalone proxy-server[129089]: 172.18.0.2 172.18.0.100 17/Feb/2026/19/02/35 GET /v1/AUTH_3e3143917d454e4087b64e16beac682c/gnocchi.248d5c12-1974-4c56-8fcf-f3df06ebb4c5%3Fformat%3Djson%26states%3Dlisting HTTP/1.0 200 - python-swiftclient-3.11.1 gAAAAABplLsH5F_G... - 2 - txfb732ecec2804de8bdb6f-006994bb4b - 0.0123 - - 1771354955.491536856 1771354955.503831387 0
Feb 17 19:02:35 standalone object-server[127203]: 172.20.0.100 - - [17/Feb/2026:19:02:35 +0000] "GET /d1/777/AUTH_3e3143917d454e4087b64e16beac682c/gnocchi.248d5c12-1974-4c56-8fcf-f3df06ebb4c5/1771200000.0_mean_300.0_v3" 404 70 "GET http://172.18.0.2:8080/v1/AUTH_3e3143917d454e4087b64e16beac682c/gnocchi.248d5c12-1974-4c56-8fcf-f3df06ebb4c5/1771200000.0_mean_300.0_v3" "tx8b42b31d53b9400e9c348-006994bb4b" "proxy-server 12" 0.0004 "-" 25 0
Feb 17 19:02:35 standalone proxy-server[129089]: 172.18.0.2 172.18.0.100 17/Feb/2026/19/02/35 GET /v1/AUTH_3e3143917d454e4087b64e16beac682c/gnocchi.248d5c12-1974-4c56-8fcf-f3df06ebb4c5/1771200000.0_mean_300.0_v3 HTTP/1.0 404 - python-swiftclient-3.11.1 gAAAAABplLsH5F_G... - 70 - tx8b42b31d53b9400e9c348-006994bb4b - 0.0042 - - 1771354955.507152796 1771354955.511322975 0
Feb 17 19:02:35 standalone container-server[126966]: 172.20.0.100 - - [17/Feb/2026:19:02:35 +0000] "PUT /d1/778/AUTH_3e3143917d454e4087b64e16beac682c/gnocchi.248d5c12-1974-4c56-8fcf-f3df06ebb4c5/1771200000.0_mean_300.0_v3" 201 - "PUT http://172.18.0.2:8080/d1/777/AUTH_3e3143917d454e4087b64e16beac682c/gnocchi.248d5c12-1974-4c56-8fcf-f3df06ebb4c5/1771200000.0_mean_300.0_v3" "tx2f49c1337aa747819a823-006994bb4b" "object-server 25" 0.0007 "-" 20 0
Feb 17 19:02:35 standalone object-server[127203]: 172.20.0.100 - - [17/Feb/2026:19:02:35 +0000] "PUT /d1/777/AUTH_3e3143917d454e4087b64e16beac682c/gnocchi.248d5c12-1974-4c56-8fcf-f3df06ebb4c5/1771200000.0_mean_300.0_v3" 201 - "PUT http://172.18.0.2:8080/v1/AUTH_3e3143917d454e4087b64e16beac682c/gnocchi.248d5c12-1974-4c56-8fcf-f3df06ebb4c5/1771200000.0_mean_300.0_v3" "tx2f49c1337aa747819a823-006994bb4b" "proxy-server 12" 0.0098 "-" 25 0
Feb 17 19:02:35 standalone proxy-server[129089]: 172.18.0.2 172.18.0.100 17/Feb/2026/19/02/35 PUT /v1/AUTH_3e3143917d454e4087b64e16beac682c/gnocchi.248d5c12-1974-4c56-8fcf-f3df06ebb4c5/1771200000.0_mean_300.0_v3 HTTP/1.0 201 - python-swiftclient-3.11.1 gAAAAABplLsH5F_G... 16 - - tx2f49c1337aa747819a823-006994bb4b - 0.0146 - - 1771354955.514952660 1771354955.529520035 0
Feb 17 19:02:35 standalone container-server[126966]: 172.20.0.100 - - [17/Feb/2026:19:02:35 +0000] "PUT /d1/778/AUTH_3e3143917d454e4087b64e16beac682c/gnocchi.248d5c12-1974-4c56-8fcf-f3df06ebb4c5/none_v3" 201 - "PUT http://172.18.0.2:8080/d1/1017/AUTH_3e3143917d454e4087b64e16beac682c/gnocchi.248d5c12-1974-4c56-8fcf-f3df06ebb4c5/none_v3" "tx78eb7abaf41943779fc78-006994bb4b" "object-server 25" 0.0005 "-" 20 0
Feb 17 19:02:35 standalone object-server[127203]: 172.20.0.100 - - [17/Feb/2026:19:02:35 +0000] "PUT /d1/1017/AUTH_3e3143917d454e4087b64e16beac682c/gnocchi.248d5c12-1974-4c56-8fcf-f3df06ebb4c5/none_v3" 201 - "PUT http://172.18.0.2:8080/v1/AUTH_3e3143917d454e4087b64e16beac682c/gnocchi.248d5c12-1974-4c56-8fcf-f3df06ebb4c5/none_v3" "tx78eb7abaf41943779fc78-006994bb4b" "proxy-server 12" 0.0075 "-" 25 0
Feb 17 19:02:35 standalone proxy-server[129089]: 172.18.0.2 172.18.0.100 17/Feb/2026/19/02/35 PUT /v1/AUTH_3e3143917d454e4087b64e16beac682c/gnocchi.248d5c12-1974-4c56-8fcf-f3df06ebb4c5/none_v3 HTTP/1.0 201 - python-swiftclient-3.11.1 gAAAAABplLsH5F_G... 22 - - tx78eb7abaf41943779fc78-006994bb4b - 0.0122 - - 1771354955.532698631 1771354955.544871092 0
Feb 17 19:02:35 standalone container-server[126977]: 172.20.0.100 - - [17/Feb/2026:19:02:35 +0000] "HEAD /d1/383/AUTH_3e3143917d454e4087b64e16beac682c/gnocchi.ab96e367-0c7d-43c5-8499-9f920ba35094" 404 - "HEAD http://172.18.0.2:8080/v1/AUTH_3e3143917d454e4087b64e16beac682c/gnocchi.ab96e367-0c7d-43c5-8499-9f920ba35094?format=json&states=listing" "txa760b3b8e015470181fff-006994bb4b" "proxy-server 12" 0.0006 "-" 23 0
Feb 17 19:02:35 standalone object-server[127198]: 172.20.0.100 - - [17/Feb/2026:19:02:35 +0000] "GET /d1/1023/AUTH_3e3143917d454e4087b64e16beac682c/gnocchi.ab96e367-0c7d-43c5-8499-9f920ba35094/none_v3" 404 70 "GET http://172.18.0.2:8080/v1/AUTH_3e3143917d454e4087b64e16beac682c/gnocchi.ab96e367-0c7d-43c5-8499-9f920ba35094/none_v3" "txa760b3b8e015470181fff-006994bb4b" "proxy-server 12" 0.0004 "-" 22 0
Feb 17 19:02:35 standalone proxy-server[129089]: 172.18.0.2 172.18.0.100 17/Feb/2026/19/02/35 GET /v1/AUTH_3e3143917d454e4087b64e16beac682c/gnocchi.ab96e367-0c7d-43c5-8499-9f920ba35094/none_v3 HTTP/1.0 404 - python-swiftclient-3.11.1 gAAAAABplLsH5F_G... - 70 - txa760b3b8e015470181fff-006994bb4b - 0.0152 - - 1771354955.554458141 1771354955.569638252 0
Feb 17 19:02:35 standalone account-server[126901]: 172.20.0.100 - - [17/Feb/2026:19:02:35 +0000] "PUT /d1/838/AUTH_3e3143917d454e4087b64e16beac682c/gnocchi.ab96e367-0c7d-43c5-8499-9f920ba35094" 201 - "PUT http://172.20.0.100:6001/d1/383/AUTH_3e3143917d454e4087b64e16beac682c/gnocchi.ab96e367-0c7d-43c5-8499-9f920ba35094" "tx12b1eccc51ac4b33ae482-006994bb4b" "container-server 23" 0.0046 "-" 23 0
Feb 17 19:02:35 standalone container-server[126977]: 172.20.0.100 - - [17/Feb/2026:19:02:35 +0000] "PUT /d1/383/AUTH_3e3143917d454e4087b64e16beac682c/gnocchi.ab96e367-0c7d-43c5-8499-9f920ba35094" 201 - "PUT http://172.18.0.2:8080/v1/AUTH_3e3143917d454e4087b64e16beac682c/gnocchi.ab96e367-0c7d-43c5-8499-9f920ba35094" "tx12b1eccc51ac4b33ae482-006994bb4b" "proxy-server 12" 0.0162 "-" 23 0
Feb 17 19:02:35 standalone proxy-server[129089]: 172.18.0.2 172.18.0.100 17/Feb/2026/19/02/35 PUT /v1/AUTH_3e3143917d454e4087b64e16beac682c/gnocchi.ab96e367-0c7d-43c5-8499-9f920ba35094 HTTP/1.0 201 - python-swiftclient-3.11.1 gAAAAABplLsH5F_G... - - - tx12b1eccc51ac4b33ae482-006994bb4b - 0.0212 - - 1771354955.571919680 1771354955.593141317 0
Feb 17 19:02:35 standalone container-server[126970]: 172.20.0.100 - - [17/Feb/2026:19:02:35 +0000] "HEAD /d1/383/AUTH_3e3143917d454e4087b64e16beac682c/gnocchi.ab96e367-0c7d-43c5-8499-9f920ba35094" 204 - "HEAD http://172.18.0.2:8080/v1/AUTH_3e3143917d454e4087b64e16beac682c/gnocchi.ab96e367-0c7d-43c5-8499-9f920ba35094?format=json&states=listing" "tx39115a8a3a80414995375-006994bb4b" "proxy-server 12" 0.0014 "-" 21 0
Feb 17 19:02:35 standalone proxy-server[129089]: - - 17/Feb/2026/19/02/35 HEAD /v1/AUTH_3e3143917d454e4087b64e16beac682c/gnocchi.ab96e367-0c7d-43c5-8499-9f920ba35094%3Fformat%3Djson%26states%3Dlisting HTTP/1.0 204 - Swift - - - - tx39115a8a3a80414995375-006994bb4b - 0.0045 RL - 1771354955.597704172 1771354955.602183104 0
Feb 17 19:02:35 standalone container-server[126973]: 172.20.0.100 - - [17/Feb/2026:19:02:35 +0000] "GET /d1/383/AUTH_3e3143917d454e4087b64e16beac682c/gnocchi.ab96e367-0c7d-43c5-8499-9f920ba35094" 200 2 "GET http://172.18.0.2:8080/v1/AUTH_3e3143917d454e4087b64e16beac682c/gnocchi.ab96e367-0c7d-43c5-8499-9f920ba35094?format=json&states=listing" "tx39115a8a3a80414995375-006994bb4b" "proxy-server 12" 0.0021 "-" 22 0
Feb 17 19:02:35 standalone proxy-server[129089]: 172.18.0.2 172.18.0.100 17/Feb/2026/19/02/35 GET /v1/AUTH_3e3143917d454e4087b64e16beac682c/gnocchi.ab96e367-0c7d-43c5-8499-9f920ba35094%3Fformat%3Djson%26states%3Dlisting HTTP/1.0 200 - python-swiftclient-3.11.1 gAAAAABplLsH5F_G... - 2 - tx39115a8a3a80414995375-006994bb4b - 0.0133 - - 1771354955.596240044 1771354955.609567642 0
Feb 17 19:02:35 standalone object-server[127200]: 172.20.0.100 - - [17/Feb/2026:19:02:35 +0000] "GET /d1/599/AUTH_3e3143917d454e4087b64e16beac682c/gnocchi.ab96e367-0c7d-43c5-8499-9f920ba35094/1771200000.0_mean_300.0_v3" 404 70 "GET http://172.18.0.2:8080/v1/AUTH_3e3143917d454e4087b64e16beac682c/gnocchi.ab96e367-0c7d-43c5-8499-9f920ba35094/1771200000.0_mean_300.0_v3" "txc78321c53ec24457ad013-006994bb4b" "proxy-server 12" 0.0003 "-" 23 0
Feb 17 19:02:35 standalone proxy-server[129089]: 172.18.0.2 172.18.0.100 17/Feb/2026/19/02/35 GET /v1/AUTH_3e3143917d454e4087b64e16beac682c/gnocchi.ab96e367-0c7d-43c5-8499-9f920ba35094/1771200000.0_mean_300.0_v3 HTTP/1.0 404 - python-swiftclient-3.11.1 gAAAAABplLsH5F_G... - 70 - txc78321c53ec24457ad013-006994bb4b - 0.0053 - - 1771354955.613047123 1771354955.618384361 0
Feb 17 19:02:35 standalone container-server[126973]: 172.20.0.100 - - [17/Feb/2026:19:02:35 +0000] "PUT /d1/383/AUTH_3e3143917d454e4087b64e16beac682c/gnocchi.ab96e367-0c7d-43c5-8499-9f920ba35094/1771200000.0_mean_300.0_v3" 201 - "PUT http://172.18.0.2:8080/d1/599/AUTH_3e3143917d454e4087b64e16beac682c/gnocchi.ab96e367-0c7d-43c5-8499-9f920ba35094/1771200000.0_mean_300.0_v3" "txe8bc3a1c2d0148f798261-006994bb4b" "object-server 22" 0.0009 "-" 22 0
Feb 17 19:02:35 standalone object-server[127198]: 172.20.0.100 - - [17/Feb/2026:19:02:35 +0000] "PUT /d1/599/AUTH_3e3143917d454e4087b64e16beac682c/gnocchi.ab96e367-0c7d-43c5-8499-9f920ba35094/1771200000.0_mean_300.0_v3" 201 - "PUT http://172.18.0.2:8080/v1/AUTH_3e3143917d454e4087b64e16beac682c/gnocchi.ab96e367-0c7d-43c5-8499-9f920ba35094/1771200000.0_mean_300.0_v3" "txe8bc3a1c2d0148f798261-006994bb4b" "proxy-server 12" 0.0163 "-" 22 0
Feb 17 19:02:35 standalone proxy-server[129089]: 172.18.0.2 172.18.0.100 17/Feb/2026/19/02/35 PUT /v1/AUTH_3e3143917d454e4087b64e16beac682c/gnocchi.ab96e367-0c7d-43c5-8499-9f920ba35094/1771200000.0_mean_300.0_v3 HTTP/1.0 201 - python-swiftclient-3.11.1 gAAAAABplLsH5F_G... 16 - - txe8bc3a1c2d0148f798261-006994bb4b - 0.0220 - - 1771354955.621216774 1771354955.643257618 0
Feb 17 19:02:35 standalone container-server[126970]: 172.20.0.100 - - [17/Feb/2026:19:02:35 +0000] "PUT /d1/383/AUTH_3e3143917d454e4087b64e16beac682c/gnocchi.ab96e367-0c7d-43c5-8499-9f920ba35094/none_v3" 201 - "PUT http://172.18.0.2:8080/d1/1023/AUTH_3e3143917d454e4087b64e16beac682c/gnocchi.ab96e367-0c7d-43c5-8499-9f920ba35094/none_v3" "tx935baf3617f14f8da95a4-006994bb4b" "object-server 22" 0.0007 "-" 21 0
Feb 17 19:02:35 standalone object-server[127198]: 172.20.0.100 - - [17/Feb/2026:19:02:35 +0000] "PUT /d1/1023/AUTH_3e3143917d454e4087b64e16beac682c/gnocchi.ab96e367-0c7d-43c5-8499-9f920ba35094/none_v3" 201 - "PUT http://172.18.0.2:8080/v1/AUTH_3e3143917d454e4087b64e16beac682c/gnocchi.ab96e367-0c7d-43c5-8499-9f920ba35094/none_v3" "tx935baf3617f14f8da95a4-006994bb4b" "proxy-server 12" 0.0197 "-" 22 0
Feb 17 19:02:35 standalone proxy-server[129089]: 172.18.0.2 172.18.0.100 17/Feb/2026/19/02/35 PUT /v1/AUTH_3e3143917d454e4087b64e16beac682c/gnocchi.ab96e367-0c7d-43c5-8499-9f920ba35094/none_v3 HTTP/1.0 201 - python-swiftclient-3.11.1 gAAAAABplLsH5F_G... 22 - - tx935baf3617f14f8da95a4-006994bb4b - 0.0247 - - 1771354955.646031141 1771354955.670764446 0
Feb 17 19:02:53 standalone container-server[126811]: Begin container update sweep
Feb 17 19:02:53 standalone account-server[126891]: 172.20.0.100 - - [17/Feb/2026:19:02:53 +0000] "PUT /d1/838/AUTH_3e3143917d454e4087b64e16beac682c/gnocchi.499a7bd6-5256-461a-be2c-c99dded7dfe3" 201 - "-" "-" "container-updater 2" 0.0010 "-" 20 0
Feb 17 19:02:53 standalone account-server[126897]: 172.20.0.100 - - [17/Feb/2026:19:02:53 +0000] "PUT /d1/838/AUTH_3e3143917d454e4087b64e16beac682c/gnocchi.bcf1f98b-65eb-4278-8e73-8af466ad955c" 201 - "-" "-" "container-updater 2" 0.0007 "-" 22 0
Feb 17 19:02:53 standalone account-server[126901]: 172.20.0.100 - - [17/Feb/2026:19:02:53 +0000] "PUT /d1/838/AUTH_3e3143917d454e4087b64e16beac682c/gnocchi.df81f492-8a4e-4b0e-a4d4-917362923912" 201 - "-" "-" "container-updater 2" 0.0008 "-" 23 0
Feb 17 19:02:53 standalone account-server[126895]: 172.20.0.100 - - [17/Feb/2026:19:02:53 +0000] "PUT /d1/838/AUTH_3e3143917d454e4087b64e16beac682c/gnocchi.76050fb9-a9b2-474c-a202-6e33055c3f03" 201 - "-" "-" "container-updater 2" 0.0007 "-" 21 0
Feb 17 19:02:53 standalone account-server[126901]: 172.20.0.100 - - [17/Feb/2026:19:02:53 +0000] "PUT /d1/838/AUTH_3e3143917d454e4087b64e16beac682c/gnocchi.ab96e367-0c7d-43c5-8499-9f920ba35094" 201 - "-" "-" "container-updater 2" 0.0007 "-" 23 0
Feb 17 19:02:53 standalone account-server[126901]: 172.20.0.100 - - [17/Feb/2026:19:02:53 +0000] "PUT /d1/838/AUTH_3e3143917d454e4087b64e16beac682c/gnocchi.de0a4e89-1fb3-4406-a766-17c426799f06" 201 - "-" "-" "container-updater 2" 0.0007 "-" 23 0
Feb 17 19:02:53 standalone account-server[126895]: 172.20.0.100 - - [17/Feb/2026:19:02:53 +0000] "PUT /d1/838/AUTH_3e3143917d454e4087b64e16beac682c/gnocchi.4a510001-4d1e-4761-8107-ab82cde3e131" 201 - "-" "-" "container-updater 2" 0.0007 "-" 21 0
Feb 17 19:02:53 standalone account-server[126895]: 172.20.0.100 - - [17/Feb/2026:19:02:53 +0000] "PUT /d1/838/AUTH_3e3143917d454e4087b64e16beac682c/gnocchi.248d5c12-1974-4c56-8fcf-f3df06ebb4c5" 201 - "-" "-" "container-updater 2" 0.0007 "-" 21 0
Feb 17 19:02:53 standalone container-server[126811]: Container update sweep completed: 0.73s
Feb 17 19:03:02 standalone container-server[126966]: 172.20.0.100 - - [17/Feb/2026:19:03:02 +0000] "HEAD /d1/1014/AUTH_3e3143917d454e4087b64e16beac682c/gnocchi.8c770886-e5c8-4980-bdc0-ff8d544c6f65" 404 - "HEAD http://172.18.0.2:8080/v1/AUTH_3e3143917d454e4087b64e16beac682c/gnocchi.8c770886-e5c8-4980-bdc0-ff8d544c6f65?format=json&states=listing" "txa4278631285a4372b6e1b-006994bb66" "proxy-server 12" 0.0006 "-" 20 0
Feb 17 19:03:02 standalone object-server[127198]: 172.20.0.100 - - [17/Feb/2026:19:03:02 +0000] "GET /d1/696/AUTH_3e3143917d454e4087b64e16beac682c/gnocchi.8c770886-e5c8-4980-bdc0-ff8d544c6f65/none_v3" 404 70 "GET http://172.18.0.2:8080/v1/AUTH_3e3143917d454e4087b64e16beac682c/gnocchi.8c770886-e5c8-4980-bdc0-ff8d544c6f65/none_v3" "txa4278631285a4372b6e1b-006994bb66" "proxy-server 12" 0.0009 "-" 22 0
Feb 17 19:03:02 standalone proxy-server[129089]: 172.18.0.2 172.18.0.100 17/Feb/2026/19/03/02 GET /v1/AUTH_3e3143917d454e4087b64e16beac682c/gnocchi.8c770886-e5c8-4980-bdc0-ff8d544c6f65/none_v3 HTTP/1.0 404 - python-swiftclient-3.11.1 gAAAAABplLsH5F_G... - 70 - txa4278631285a4372b6e1b-006994bb66 - 0.0116 - - 1771354982.084450245 1771354982.096076488 0
Feb 17 19:03:02 standalone account-server[126895]: 172.20.0.100 - - [17/Feb/2026:19:03:02 +0000] "PUT /d1/838/AUTH_3e3143917d454e4087b64e16beac682c/gnocchi.8c770886-e5c8-4980-bdc0-ff8d544c6f65" 201 - "PUT http://172.20.0.100:6001/d1/1014/AUTH_3e3143917d454e4087b64e16beac682c/gnocchi.8c770886-e5c8-4980-bdc0-ff8d544c6f65" "tx8869913801434529b1d00-006994bb66" "container-server 22" 0.0062 "-" 21 0
Feb 17 19:03:02 standalone container-server[126973]: 172.20.0.100 - - [17/Feb/2026:19:03:02 +0000] "PUT /d1/1014/AUTH_3e3143917d454e4087b64e16beac682c/gnocchi.8c770886-e5c8-4980-bdc0-ff8d544c6f65" 201 - "PUT http://172.18.0.2:8080/v1/AUTH_3e3143917d454e4087b64e16beac682c/gnocchi.8c770886-e5c8-4980-bdc0-ff8d544c6f65" "tx8869913801434529b1d00-006994bb66" "proxy-server 12" 0.0208 "-" 22 0
Feb 17 19:03:02 standalone proxy-server[129089]: 172.18.0.2 172.18.0.100 17/Feb/2026/19/03/02 PUT /v1/AUTH_3e3143917d454e4087b64e16beac682c/gnocchi.8c770886-e5c8-4980-bdc0-ff8d544c6f65 HTTP/1.0 201 - python-swiftclient-3.11.1 gAAAAABplLsH5F_G... - - - tx8869913801434529b1d00-006994bb66 - 0.0285 - - 1771354982.098553419 1771354982.127063751 0
Feb 17 19:03:02 standalone container-server[126966]: 172.20.0.100 - - [17/Feb/2026:19:03:02 +0000] "HEAD /d1/1014/AUTH_3e3143917d454e4087b64e16beac682c/gnocchi.8c770886-e5c8-4980-bdc0-ff8d544c6f65" 204 - "HEAD http://172.18.0.2:8080/v1/AUTH_3e3143917d454e4087b64e16beac682c/gnocchi.8c770886-e5c8-4980-bdc0-ff8d544c6f65?format=json&states=listing" "txab8ab454e39b4ca78f363-006994bb66" "proxy-server 12" 0.0017 "-" 20 0
Feb 17 19:03:02 standalone proxy-server[129089]: - - 17/Feb/2026/19/03/02 HEAD /v1/AUTH_3e3143917d454e4087b64e16beac682c/gnocchi.8c770886-e5c8-4980-bdc0-ff8d544c6f65%3Fformat%3Djson%26states%3Dlisting HTTP/1.0 204 - Swift - - - - txab8ab454e39b4ca78f363-006994bb66 - 0.0162 RL - 1771354982.131377459 1771354982.147565126 0
Feb 17 19:03:02 standalone container-server[126966]: 172.20.0.100 - - [17/Feb/2026:19:03:02 +0000] "GET /d1/1014/AUTH_3e3143917d454e4087b64e16beac682c/gnocchi.8c770886-e5c8-4980-bdc0-ff8d544c6f65" 200 2 "GET http://172.18.0.2:8080/v1/AUTH_3e3143917d454e4087b64e16beac682c/gnocchi.8c770886-e5c8-4980-bdc0-ff8d544c6f65?format=json&states=listing" "txab8ab454e39b4ca78f363-006994bb66" "proxy-server 12" 0.0026 "-" 20 0
Feb 17 19:03:02 standalone proxy-server[129089]: 172.18.0.2 172.18.0.100 17/Feb/2026/19/03/02 GET /v1/AUTH_3e3143917d454e4087b64e16beac682c/gnocchi.8c770886-e5c8-4980-bdc0-ff8d544c6f65%3Fformat%3Djson%26states%3Dlisting HTTP/1.0 200 - python-swiftclient-3.11.1 gAAAAABplLsH5F_G... - 2 - txab8ab454e39b4ca78f363-006994bb66 - 0.0301 - - 1771354982.130105495 1771354982.160201788 0
Feb 17 19:03:02 standalone object-server[127198]: 172.20.0.100 - - [17/Feb/2026:19:03:02 +0000] "GET /d1/965/AUTH_3e3143917d454e4087b64e16beac682c/gnocchi.8c770886-e5c8-4980-bdc0-ff8d544c6f65/1771200000.0_mean_300.0_v3" 404 70 "GET http://172.18.0.2:8080/v1/AUTH_3e3143917d454e4087b64e16beac682c/gnocchi.8c770886-e5c8-4980-bdc0-ff8d544c6f65/1771200000.0_mean_300.0_v3" "tx3cf94ff69889466c93c1d-006994bb66" "proxy-server 12" 0.0006 "-" 22 0
Feb 17 19:03:02 standalone proxy-server[129089]: 172.18.0.2 172.18.0.100 17/Feb/2026/19/03/02 GET /v1/AUTH_3e3143917d454e4087b64e16beac682c/gnocchi.8c770886-e5c8-4980-bdc0-ff8d544c6f65/1771200000.0_mean_300.0_v3 HTTP/1.0 404 - python-swiftclient-3.11.1 gAAAAABplLsH5F_G... - 70 - tx3cf94ff69889466c93c1d-006994bb66 - 0.0086 - - 1771354982.164126873 1771354982.172769070 0
Feb 17 19:03:02 standalone container-server[126966]: 172.20.0.100 - - [17/Feb/2026:19:03:02 +0000] "PUT /d1/1014/AUTH_3e3143917d454e4087b64e16beac682c/gnocchi.8c770886-e5c8-4980-bdc0-ff8d544c6f65/1771200000.0_mean_300.0_v3" 201 - "PUT http://172.18.0.2:8080/d1/965/AUTH_3e3143917d454e4087b64e16beac682c/gnocchi.8c770886-e5c8-4980-bdc0-ff8d544c6f65/1771200000.0_mean_300.0_v3" "txea2757036c24494bbc540-006994bb66" "object-server 23" 0.0006 "-" 20 0
Feb 17 19:03:02 standalone object-server[127200]: 172.20.0.100 - - [17/Feb/2026:19:03:02 +0000] "PUT /d1/965/AUTH_3e3143917d454e4087b64e16beac682c/gnocchi.8c770886-e5c8-4980-bdc0-ff8d544c6f65/1771200000.0_mean_300.0_v3" 201 - "PUT http://172.18.0.2:8080/v1/AUTH_3e3143917d454e4087b64e16beac682c/gnocchi.8c770886-e5c8-4980-bdc0-ff8d544c6f65/1771200000.0_mean_300.0_v3" "txea2757036c24494bbc540-006994bb66" "proxy-server 12" 0.0142 "-" 23 0
Feb 17 19:03:02 standalone proxy-server[129089]: 172.18.0.2 172.18.0.100 17/Feb/2026/19/03/02 PUT /v1/AUTH_3e3143917d454e4087b64e16beac682c/gnocchi.8c770886-e5c8-4980-bdc0-ff8d544c6f65/1771200000.0_mean_300.0_v3 HTTP/1.0 201 - python-swiftclient-3.11.1 gAAAAABplLsH5F_G... 16 - - txea2757036c24494bbc540-006994bb66 - 0.0309 - - 1771354982.176269054 1771354982.207131386 0
Feb 17 19:03:02 standalone container-server[126977]: 172.20.0.100 - - [17/Feb/2026:19:03:02 +0000] "PUT /d1/1014/AUTH_3e3143917d454e4087b64e16beac682c/gnocchi.8c770886-e5c8-4980-bdc0-ff8d544c6f65/none_v3" 201 - "PUT http://172.18.0.2:8080/d1/696/AUTH_3e3143917d454e4087b64e16beac682c/gnocchi.8c770886-e5c8-4980-bdc0-ff8d544c6f65/none_v3" "tx2ff8c2378a2f4abeb8837-006994bb66" "object-server 23" 0.0008 "-" 23 0
Feb 17 19:03:02 standalone object-server[127200]: 172.20.0.100 - - [17/Feb/2026:19:03:02 +0000] "PUT /d1/696/AUTH_3e3143917d454e4087b64e16beac682c/gnocchi.8c770886-e5c8-4980-bdc0-ff8d544c6f65/none_v3" 201 - "PUT http://172.18.0.2:8080/v1/AUTH_3e3143917d454e4087b64e16beac682c/gnocchi.8c770886-e5c8-4980-bdc0-ff8d544c6f65/none_v3" "tx2ff8c2378a2f4abeb8837-006994bb66" "proxy-server 12" 0.0112 "-" 23 0
Feb 17 19:03:02 standalone proxy-server[129089]: 172.18.0.2 172.18.0.100 17/Feb/2026/19/03/02 PUT /v1/AUTH_3e3143917d454e4087b64e16beac682c/gnocchi.8c770886-e5c8-4980-bdc0-ff8d544c6f65/none_v3 HTTP/1.0 201 - python-swiftclient-3.11.1 gAAAAABplLsH5F_G... 22 - - tx2ff8c2378a2f4abeb8837-006994bb66 - 0.0172 - - 1771354982.211948633 1771354982.229125738 0
Feb 17 19:03:02 standalone object-server[127198]: 172.20.0.100 - - [17/Feb/2026:19:03:02 +0000] "GET /d1/1017/AUTH_3e3143917d454e4087b64e16beac682c/gnocchi.df81f492-8a4e-4b0e-a4d4-917362923912/none_v3" 200 22 "GET http://172.18.0.2:8080/v1/AUTH_3e3143917d454e4087b64e16beac682c/gnocchi.df81f492-8a4e-4b0e-a4d4-917362923912/none_v3" "tx9e8b94e2b8e34d5d83cd3-006994bb66" "proxy-server 12" 0.0011 "-" 22 0
Feb 17 19:03:02 standalone proxy-server[129089]: 172.18.0.2 172.18.0.100 17/Feb/2026/19/03/02 GET /v1/AUTH_3e3143917d454e4087b64e16beac682c/gnocchi.df81f492-8a4e-4b0e-a4d4-917362923912/none_v3 HTTP/1.0 200 - python-swiftclient-3.11.1 gAAAAABplLsH5F_G... - 22 - tx9e8b94e2b8e34d5d83cd3-006994bb66 - 0.0148 - - 1771354982.267780304 1771354982.282577515 0
Feb 17 19:03:02 standalone container-server[126973]: 172.20.0.100 - - [17/Feb/2026:19:03:02 +0000] "GET /d1/310/AUTH_3e3143917d454e4087b64e16beac682c/gnocchi.df81f492-8a4e-4b0e-a4d4-917362923912" 200 357 "GET http://172.18.0.2:8080/v1/AUTH_3e3143917d454e4087b64e16beac682c/gnocchi.df81f492-8a4e-4b0e-a4d4-917362923912?format=json&states=listing" "tx0b826e9bee57459a9a1fc-006994bb66" "proxy-server 12" 0.0041 "-" 22 0
Feb 17 19:03:02 standalone proxy-server[129089]: 172.18.0.2 172.18.0.100 17/Feb/2026/19/03/02 GET /v1/AUTH_3e3143917d454e4087b64e16beac682c/gnocchi.df81f492-8a4e-4b0e-a4d4-917362923912%3Fformat%3Djson%26states%3Dlisting HTTP/1.0 200 - python-swiftclient-3.11.1 gAAAAABplLsH5F_G... - 357 - tx0b826e9bee57459a9a1fc-006994bb66 - 0.0111 - - 1771354982.285792112 1771354982.296898127 0
Feb 17 19:03:02 standalone container-server[126977]: 172.20.0.100 - - [17/Feb/2026:19:03:02 +0000] "GET /d1/310/AUTH_3e3143917d454e4087b64e16beac682c/gnocchi.df81f492-8a4e-4b0e-a4d4-917362923912" 200 2 "GET http://172.18.0.2:8080/v1/AUTH_3e3143917d454e4087b64e16beac682c/gnocchi.df81f492-8a4e-4b0e-a4d4-917362923912?format=json&marker=none_v3&states=listing" "tx2c28ebb8a10e48978e439-006994bb66" "proxy-server 12" 0.0025 "-" 23 0
Feb 17 19:03:02 standalone proxy-server[129089]: 172.18.0.2 172.18.0.100 17/Feb/2026/19/03/02 GET /v1/AUTH_3e3143917d454e4087b64e16beac682c/gnocchi.df81f492-8a4e-4b0e-a4d4-917362923912%3Fformat%3Djson%26marker%3Dnone_v3%26states%3Dlisting HTTP/1.0 200 - python-swiftclient-3.11.1 gAAAAABplLsH5F_G... - 2 - tx2c28ebb8a10e48978e439-006994bb66 - 0.0096 - - 1771354982.299732685 1771354982.309298515 0
Feb 17 19:03:02 standalone object-server[127198]: 172.20.0.100 - - [17/Feb/2026:19:03:02 +0000] "GET /d1/61/AUTH_3e3143917d454e4087b64e16beac682c/gnocchi.df81f492-8a4e-4b0e-a4d4-917362923912/1771200000.0_mean_300.0_v3" 200 16 "GET http://172.18.0.2:8080/v1/AUTH_3e3143917d454e4087b64e16beac682c/gnocchi.df81f492-8a4e-4b0e-a4d4-917362923912/1771200000.0_mean_300.0_v3" "tx6f964a15ab1a40b9afadc-006994bb66" "proxy-server 12" 0.0010 "-" 22 0
Feb 17 19:03:02 standalone proxy-server[129089]: 172.18.0.2 172.18.0.100 17/Feb/2026/19/03/02 GET /v1/AUTH_3e3143917d454e4087b64e16beac682c/gnocchi.df81f492-8a4e-4b0e-a4d4-917362923912/1771200000.0_mean_300.0_v3 HTTP/1.0 200 - python-swiftclient-3.11.1 gAAAAABplLsH5F_G... - 16 - tx6f964a15ab1a40b9afadc-006994bb66 - 0.0065 - - 1771354982.313093662 1771354982.319584846 0
Feb 17 19:03:02 standalone container-server[126966]: 172.20.0.100 - - [17/Feb/2026:19:03:02 +0000] "PUT /d1/310/AUTH_3e3143917d454e4087b64e16beac682c/gnocchi.df81f492-8a4e-4b0e-a4d4-917362923912/1771200000.0_mean_300.0_v3" 201 - "PUT http://172.18.0.2:8080/d1/61/AUTH_3e3143917d454e4087b64e16beac682c/gnocchi.df81f492-8a4e-4b0e-a4d4-917362923912/1771200000.0_mean_300.0_v3" "tx6913c12a79244691a2560-006994bb66" "object-server 22" 0.0014 "-" 20 0
Feb 17 19:03:02 standalone object-server[127198]: 172.20.0.100 - - [17/Feb/2026:19:03:02 +0000] "PUT /d1/61/AUTH_3e3143917d454e4087b64e16beac682c/gnocchi.df81f492-8a4e-4b0e-a4d4-917362923912/1771200000.0_mean_300.0_v3" 201 - "PUT http://172.18.0.2:8080/v1/AUTH_3e3143917d454e4087b64e16beac682c/gnocchi.df81f492-8a4e-4b0e-a4d4-917362923912/1771200000.0_mean_300.0_v3" "tx6913c12a79244691a2560-006994bb66" "proxy-server 12" 0.0100 "-" 22 0
Feb 17 19:03:02 standalone proxy-server[129089]: 172.18.0.2 172.18.0.100 17/Feb/2026/19/03/02 PUT /v1/AUTH_3e3143917d454e4087b64e16beac682c/gnocchi.df81f492-8a4e-4b0e-a4d4-917362923912/1771200000.0_mean_300.0_v3 HTTP/1.0 201 - python-swiftclient-3.11.1 gAAAAABplLsH5F_G... 16 - - tx6913c12a79244691a2560-006994bb66 - 0.0166 - - 1771354982.322216511 1771354982.338814735 0
Feb 17 19:03:02 standalone container-server[126970]: 172.20.0.100 - - [17/Feb/2026:19:03:02 +0000] "PUT /d1/310/AUTH_3e3143917d454e4087b64e16beac682c/gnocchi.df81f492-8a4e-4b0e-a4d4-917362923912/none_v3" 201 - "PUT http://172.18.0.2:8080/d1/1017/AUTH_3e3143917d454e4087b64e16beac682c/gnocchi.df81f492-8a4e-4b0e-a4d4-917362923912/none_v3" "tx4f569061989c4242adf80-006994bb66" "object-server 24" 0.0005 "-" 21 0
Feb 17 19:03:02 standalone object-server[127202]: 172.20.0.100 - - [17/Feb/2026:19:03:02 +0000] "PUT /d1/1017/AUTH_3e3143917d454e4087b64e16beac682c/gnocchi.df81f492-8a4e-4b0e-a4d4-917362923912/none_v3" 201 - "PUT http://172.18.0.2:8080/v1/AUTH_3e3143917d454e4087b64e16beac682c/gnocchi.df81f492-8a4e-4b0e-a4d4-917362923912/none_v3" "tx4f569061989c4242adf80-006994bb66" "proxy-server 12" 0.0090 "-" 24 0
Feb 17 19:03:02 standalone proxy-server[129089]: 172.18.0.2 172.18.0.100 17/Feb/2026/19/03/02 PUT /v1/AUTH_3e3143917d454e4087b64e16beac682c/gnocchi.df81f492-8a4e-4b0e-a4d4-917362923912/none_v3 HTTP/1.0 201 - python-swiftclient-3.11.1 gAAAAABplLsH5F_G... 33 - - tx4f569061989c4242adf80-006994bb66 - 0.0140 - - 1771354982.343090534 1771354982.357134104 0
Feb 17 19:03:02 standalone object-server[127200]: 172.20.0.100 - - [17/Feb/2026:19:03:02 +0000] "GET /d1/142/AUTH_3e3143917d454e4087b64e16beac682c/gnocchi.bcf1f98b-65eb-4278-8e73-8af466ad955c/none_v3" 200 22 "GET http://172.18.0.2:8080/v1/AUTH_3e3143917d454e4087b64e16beac682c/gnocchi.bcf1f98b-65eb-4278-8e73-8af466ad955c/none_v3" "txcb97ec721bd34760bca34-006994bb66" "proxy-server 12" 0.0007 "-" 23 0
Feb 17 19:03:02 standalone proxy-server[129089]: 172.18.0.2 172.18.0.100 17/Feb/2026/19/03/02 GET /v1/AUTH_3e3143917d454e4087b64e16beac682c/gnocchi.bcf1f98b-65eb-4278-8e73-8af466ad955c/none_v3 HTTP/1.0 200 - python-swiftclient-3.11.1 gAAAAABplLsH5F_G... - 22 - txcb97ec721bd34760bca34-006994bb66 - 0.0077 - - 1771354982.365032196 1771354982.372690201 0
Feb 17 19:03:02 standalone container-server[126973]: 172.20.0.100 - - [17/Feb/2026:19:03:02 +0000] "GET /d1/541/AUTH_3e3143917d454e4087b64e16beac682c/gnocchi.bcf1f98b-65eb-4278-8e73-8af466ad955c" 200 357 "GET http://172.18.0.2:8080/v1/AUTH_3e3143917d454e4087b64e16beac682c/gnocchi.bcf1f98b-65eb-4278-8e73-8af466ad955c?format=json&states=listing" "tx332e1672ae234b808102c-006994bb66" "proxy-server 12" 0.0038 "-" 22 0
Feb 17 19:03:02 standalone proxy-server[129089]: 172.18.0.2 172.18.0.100 17/Feb/2026/19/03/02 GET /v1/AUTH_3e3143917d454e4087b64e16beac682c/gnocchi.bcf1f98b-65eb-4278-8e73-8af466ad955c%3Fformat%3Djson%26states%3Dlisting HTTP/1.0 200 - python-swiftclient-3.11.1 gAAAAABplLsH5F_G... - 357 - tx332e1672ae234b808102c-006994bb66 - 0.0106 - - 1771354982.375714302 1771354982.386339664 0
Feb 17 19:03:02 standalone container-server[126970]: 172.20.0.100 - - [17/Feb/2026:19:03:02 +0000] "GET /d1/541/AUTH_3e3143917d454e4087b64e16beac682c/gnocchi.bcf1f98b-65eb-4278-8e73-8af466ad955c" 200 2 "GET http://172.18.0.2:8080/v1/AUTH_3e3143917d454e4087b64e16beac682c/gnocchi.bcf1f98b-65eb-4278-8e73-8af466ad955c?format=json&marker=none_v3&states=listing" "tx89c814279ae3440bbae7a-006994bb66" "proxy-server 12" 0.0027 "-" 21 0
Feb 17 19:03:02 standalone proxy-server[129089]: 172.18.0.2 172.18.0.100 17/Feb/2026/19/03/02 GET /v1/AUTH_3e3143917d454e4087b64e16beac682c/gnocchi.bcf1f98b-65eb-4278-8e73-8af466ad955c%3Fformat%3Djson%26marker%3Dnone_v3%26states%3Dlisting HTTP/1.0 200 - python-swiftclient-3.11.1 gAAAAABplLsH5F_G... - 2 - tx89c814279ae3440bbae7a-006994bb66 - 0.0088 - - 1771354982.389389992 1771354982.398188114 0
Feb 17 19:03:02 standalone object-server[127202]: 172.20.0.100 - - [17/Feb/2026:19:03:02 +0000] "GET /d1/315/AUTH_3e3143917d454e4087b64e16beac682c/gnocchi.bcf1f98b-65eb-4278-8e73-8af466ad955c/1771200000.0_mean_300.0_v3" 200 16 "GET http://172.18.0.2:8080/v1/AUTH_3e3143917d454e4087b64e16beac682c/gnocchi.bcf1f98b-65eb-4278-8e73-8af466ad955c/1771200000.0_mean_300.0_v3" "tx98d83f06fce644a789884-006994bb66" "proxy-server 12" 0.0008 "-" 24 0
Feb 17 19:03:02 standalone proxy-server[129089]: 172.18.0.2 172.18.0.100 17/Feb/2026/19/03/02 GET /v1/AUTH_3e3143917d454e4087b64e16beac682c/gnocchi.bcf1f98b-65eb-4278-8e73-8af466ad955c/1771200000.0_mean_300.0_v3 HTTP/1.0 200 - python-swiftclient-3.11.1 gAAAAABplLsH5F_G... - 16 - tx98d83f06fce644a789884-006994bb66 - 0.0062 - - 1771354982.401502371 1771354982.407738686 0
Feb 17 19:03:02 standalone container-server[126966]: 172.20.0.100 - - [17/Feb/2026:19:03:02 +0000] "PUT /d1/541/AUTH_3e3143917d454e4087b64e16beac682c/gnocchi.bcf1f98b-65eb-4278-8e73-8af466ad955c/1771200000.0_mean_300.0_v3" 201 - "PUT http://172.18.0.2:8080/d1/315/AUTH_3e3143917d454e4087b64e16beac682c/gnocchi.bcf1f98b-65eb-4278-8e73-8af466ad955c/1771200000.0_mean_300.0_v3" "tx5c7d3df261ad489dba4b5-006994bb66" "object-server 22" 0.0005 "-" 20 0
Feb 17 19:03:02 standalone object-server[127198]: 172.20.0.100 - - [17/Feb/2026:19:03:02 +0000] "PUT /d1/315/AUTH_3e3143917d454e4087b64e16beac682c/gnocchi.bcf1f98b-65eb-4278-8e73-8af466ad955c/1771200000.0_mean_300.0_v3" 201 - "PUT http://172.18.0.2:8080/v1/AUTH_3e3143917d454e4087b64e16beac682c/gnocchi.bcf1f98b-65eb-4278-8e73-8af466ad955c/1771200000.0_mean_300.0_v3" "tx5c7d3df261ad489dba4b5-006994bb66" "proxy-server 12" 0.0085 "-" 22 0
Feb 17 19:03:02 standalone proxy-server[129089]: 172.18.0.2 172.18.0.100 17/Feb/2026/19/03/02 PUT /v1/AUTH_3e3143917d454e4087b64e16beac682c/gnocchi.bcf1f98b-65eb-4278-8e73-8af466ad955c/1771200000.0_mean_300.0_v3 HTTP/1.0 201 - python-swiftclient-3.11.1 gAAAAABplLsH5F_G... 16 - - tx5c7d3df261ad489dba4b5-006994bb66 - 0.0136 - - 1771354982.410665035 1771354982.424280167 0
Feb 17 19:03:02 standalone container-server[126966]: 172.20.0.100 - - [17/Feb/2026:19:03:02 +0000] "PUT /d1/541/AUTH_3e3143917d454e4087b64e16beac682c/gnocchi.bcf1f98b-65eb-4278-8e73-8af466ad955c/none_v3" 201 - "PUT http://172.18.0.2:8080/d1/142/AUTH_3e3143917d454e4087b64e16beac682c/gnocchi.bcf1f98b-65eb-4278-8e73-8af466ad955c/none_v3" "txfcfc95023f0e48a68e51d-006994bb66" "object-server 22" 0.0007 "-" 20 0
Feb 17 19:03:02 standalone object-server[127198]: 172.20.0.100 - - [17/Feb/2026:19:03:02 +0000] "PUT /d1/142/AUTH_3e3143917d454e4087b64e16beac682c/gnocchi.bcf1f98b-65eb-4278-8e73-8af466ad955c/none_v3" 201 - "PUT http://172.18.0.2:8080/v1/AUTH_3e3143917d454e4087b64e16beac682c/gnocchi.bcf1f98b-65eb-4278-8e73-8af466ad955c/none_v3" "txfcfc95023f0e48a68e51d-006994bb66" "proxy-server 12" 0.0109 "-" 22 0
Feb 17 19:03:02 standalone proxy-server[129089]: 172.18.0.2 172.18.0.100 17/Feb/2026/19/03/02 PUT /v1/AUTH_3e3143917d454e4087b64e16beac682c/gnocchi.bcf1f98b-65eb-4278-8e73-8af466ad955c/none_v3 HTTP/1.0 201 - python-swiftclient-3.11.1 gAAAAABplLsH5F_G... 33 - - txfcfc95023f0e48a68e51d-006994bb66 - 0.0160 - - 1771354982.428136349 1771354982.444176674 0
Feb 17 19:03:06 standalone object-server[127198]: 172.20.0.100 - - [17/Feb/2026:19:03:06 +0000] "GET /d1/696/AUTH_3e3143917d454e4087b64e16beac682c/gnocchi.8c770886-e5c8-4980-bdc0-ff8d544c6f65/none_v3" 200 22 "GET http://172.18.0.2:8080/v1/AUTH_3e3143917d454e4087b64e16beac682c/gnocchi.8c770886-e5c8-4980-bdc0-ff8d544c6f65/none_v3" "tx3ec11eadc0654cb19c1d3-006994bb6a" "proxy-server 12" 0.0016 "-" 22 0
Feb 17 19:03:06 standalone proxy-server[129089]: 172.18.0.2 172.18.0.100 17/Feb/2026/19/03/06 GET /v1/AUTH_3e3143917d454e4087b64e16beac682c/gnocchi.8c770886-e5c8-4980-bdc0-ff8d544c6f65/none_v3 HTTP/1.0 200 - python-swiftclient-3.11.1 gAAAAABplLsH5F_G... - 22 - tx3ec11eadc0654cb19c1d3-006994bb6a - 0.0122 - - 1771354986.382112980 1771354986.394295692 0
Feb 17 19:03:06 standalone container-server[126973]: 172.20.0.100 - - [17/Feb/2026:19:03:06 +0000] "GET /d1/1014/AUTH_3e3143917d454e4087b64e16beac682c/gnocchi.8c770886-e5c8-4980-bdc0-ff8d544c6f65" 200 357 "GET http://172.18.0.2:8080/v1/AUTH_3e3143917d454e4087b64e16beac682c/gnocchi.8c770886-e5c8-4980-bdc0-ff8d544c6f65?format=json&states=listing" "tx1451f423117c49a8a3f32-006994bb6a" "proxy-server 12" 0.0213 "-" 22 0
Feb 17 19:03:06 standalone proxy-server[129089]: 172.18.0.2 172.18.0.100 17/Feb/2026/19/03/06 GET /v1/AUTH_3e3143917d454e4087b64e16beac682c/gnocchi.8c770886-e5c8-4980-bdc0-ff8d544c6f65%3Fformat%3Djson%26states%3Dlisting HTTP/1.0 200 - python-swiftclient-3.11.1 gAAAAABplLsH5F_G... - 357 - tx1451f423117c49a8a3f32-006994bb6a - 0.0338 - - 1771354986.401486874 1771354986.435275316 0
Feb 17 19:03:06 standalone container-server[126977]: 172.20.0.100 - - [17/Feb/2026:19:03:06 +0000] "GET /d1/1014/AUTH_3e3143917d454e4087b64e16beac682c/gnocchi.8c770886-e5c8-4980-bdc0-ff8d544c6f65" 200 2 "GET http://172.18.0.2:8080/v1/AUTH_3e3143917d454e4087b64e16beac682c/gnocchi.8c770886-e5c8-4980-bdc0-ff8d544c6f65?format=json&marker=none_v3&states=listing" "txf90731ff24b442378e79d-006994bb6a" "proxy-server 12" 0.0041 "-" 23 0
Feb 17 19:03:06 standalone proxy-server[129089]: 172.18.0.2 172.18.0.100 17/Feb/2026/19/03/06 GET /v1/AUTH_3e3143917d454e4087b64e16beac682c/gnocchi.8c770886-e5c8-4980-bdc0-ff8d544c6f65%3Fformat%3Djson%26marker%3Dnone_v3%26states%3Dlisting HTTP/1.0 200 - python-swiftclient-3.11.1 gAAAAABplLsH5F_G... - 2 - txf90731ff24b442378e79d-006994bb6a - 0.0123 - - 1771354986.441625595 1771354986.453968525 0
Feb 17 19:03:06 standalone object-server[127202]: 172.20.0.100 - - [17/Feb/2026:19:03:06 +0000] "GET /d1/965/AUTH_3e3143917d454e4087b64e16beac682c/gnocchi.8c770886-e5c8-4980-bdc0-ff8d544c6f65/1771200000.0_mean_300.0_v3" 200 16 "GET http://172.18.0.2:8080/v1/AUTH_3e3143917d454e4087b64e16beac682c/gnocchi.8c770886-e5c8-4980-bdc0-ff8d544c6f65/1771200000.0_mean_300.0_v3" "tx44043f7a680146a2957d8-006994bb6a" "proxy-server 12" 0.0015 "-" 24 0
Feb 17 19:03:06 standalone proxy-server[129089]: 172.18.0.2 172.18.0.100 17/Feb/2026/19/03/06 GET /v1/AUTH_3e3143917d454e4087b64e16beac682c/gnocchi.8c770886-e5c8-4980-bdc0-ff8d544c6f65/1771200000.0_mean_300.0_v3 HTTP/1.0 200 - python-swiftclient-3.11.1 gAAAAABplLsH5F_G... - 16 - tx44043f7a680146a2957d8-006994bb6a - 0.0090 - - 1771354986.459267616 1771354986.468261480 0
Feb 17 19:03:06 standalone container-server[126970]: 172.20.0.100 - - [17/Feb/2026:19:03:06 +0000] "PUT /d1/1014/AUTH_3e3143917d454e4087b64e16beac682c/gnocchi.8c770886-e5c8-4980-bdc0-ff8d544c6f65/1771200000.0_mean_300.0_v3" 201 - "PUT http://172.18.0.2:8080/d1/965/AUTH_3e3143917d454e4087b64e16beac682c/gnocchi.8c770886-e5c8-4980-bdc0-ff8d544c6f65/1771200000.0_mean_300.0_v3" "txb995dfe66ecc4a18b34b8-006994bb6a" "object-server 24" 0.0010 "-" 21 0
Feb 17 19:03:06 standalone object-server[127202]: 172.20.0.100 - - [17/Feb/2026:19:03:06 +0000] "PUT /d1/965/AUTH_3e3143917d454e4087b64e16beac682c/gnocchi.8c770886-e5c8-4980-bdc0-ff8d544c6f65/1771200000.0_mean_300.0_v3" 201 - "PUT http://172.18.0.2:8080/v1/AUTH_3e3143917d454e4087b64e16beac682c/gnocchi.8c770886-e5c8-4980-bdc0-ff8d544c6f65/1771200000.0_mean_300.0_v3" "txb995dfe66ecc4a18b34b8-006994bb6a" "proxy-server 12" 0.0130 "-" 24 0
Feb 17 19:03:06 standalone proxy-server[129089]: 172.18.0.2 172.18.0.100 17/Feb/2026/19/03/06 PUT /v1/AUTH_3e3143917d454e4087b64e16beac682c/gnocchi.8c770886-e5c8-4980-bdc0-ff8d544c6f65/1771200000.0_mean_300.0_v3 HTTP/1.0 201 - python-swiftclient-3.11.1 gAAAAABplLsH5F_G... 16 - - txb995dfe66ecc4a18b34b8-006994bb6a - 0.0202 - - 1771354986.472913980 1771354986.493094206 0
