Feb 17 19:03:06 standalone container-server[126973]: 172.20.0.100 - - [17/Feb/2026:19:03:06 +0000] "PUT /d1/1014/AUTH_3e3143917d454e4087b64e16beac682c/gnocchi.8c770886-e5c8-4980-bdc0-ff8d544c6f65/none_v3" 201 - "PUT http://172.18.0.2:8080/d1/696/AUTH_3e3143917d454e4087b64e16beac682c/gnocchi.8c770886-e5c8-4980-bdc0-ff8d544c6f65/none_v3" "txff8796c8b6ba4dc4994a5-006994bb6a" "object-server 25" 0.0007 "-" 22 0
Feb 17 19:03:06 standalone object-server[127203]: 172.20.0.100 - - [17/Feb/2026:19:03:06 +0000] "PUT /d1/696/AUTH_3e3143917d454e4087b64e16beac682c/gnocchi.8c770886-e5c8-4980-bdc0-ff8d544c6f65/none_v3" 201 - "PUT http://172.18.0.2:8080/v1/AUTH_3e3143917d454e4087b64e16beac682c/gnocchi.8c770886-e5c8-4980-bdc0-ff8d544c6f65/none_v3" "txff8796c8b6ba4dc4994a5-006994bb6a" "proxy-server 12" 0.0104 "-" 25 0
Feb 17 19:03:06 standalone proxy-server[129089]: 172.18.0.2 172.18.0.100 17/Feb/2026/19/03/06 PUT /v1/AUTH_3e3143917d454e4087b64e16beac682c/gnocchi.8c770886-e5c8-4980-bdc0-ff8d544c6f65/none_v3 HTTP/1.0 201 - python-swiftclient-3.11.1 gAAAAABplLsH5F_G... 32 - - txff8796c8b6ba4dc4994a5-006994bb6a - 0.0171 - - 1771354986.497119665 1771354986.514264584 0
Feb 17 19:03:15 standalone container-server[126973]: 172.20.0.100 - - [17/Feb/2026:19:03:15 +0000] "HEAD /d1/550/AUTH_3e3143917d454e4087b64e16beac682c/gnocchi.531b2590-5716-4d17-a854-20a8cf02cb8f" 404 - "HEAD http://172.18.0.2:8080/v1/AUTH_3e3143917d454e4087b64e16beac682c/gnocchi.531b2590-5716-4d17-a854-20a8cf02cb8f?format=json&states=listing" "txb3cd93c0fe124a09b7e6f-006994bb73" "proxy-server 12" 0.0006 "-" 22 0
Feb 17 19:03:15 standalone object-server[127200]: 172.20.0.100 - - [17/Feb/2026:19:03:15 +0000] "GET /d1/76/AUTH_3e3143917d454e4087b64e16beac682c/gnocchi.531b2590-5716-4d17-a854-20a8cf02cb8f/none_v3" 404 70 "GET http://172.18.0.2:8080/v1/AUTH_3e3143917d454e4087b64e16beac682c/gnocchi.531b2590-5716-4d17-a854-20a8cf02cb8f/none_v3" "txb3cd93c0fe124a09b7e6f-006994bb73" "proxy-server 12" 0.0005 "-" 23 0
Feb 17 19:03:15 standalone proxy-server[129089]: 172.18.0.2 172.18.0.100 17/Feb/2026/19/03/15 GET /v1/AUTH_3e3143917d454e4087b64e16beac682c/gnocchi.531b2590-5716-4d17-a854-20a8cf02cb8f/none_v3 HTTP/1.0 404 - python-swiftclient-3.11.1 gAAAAABplLsH5F_G... - 70 - txb3cd93c0fe124a09b7e6f-006994bb73 - 0.0164 - - 1771354995.335545778 1771354995.351943254 0
Feb 17 19:03:15 standalone account-server[126891]: 172.20.0.100 - - [17/Feb/2026:19:03:15 +0000] "PUT /d1/838/AUTH_3e3143917d454e4087b64e16beac682c/gnocchi.531b2590-5716-4d17-a854-20a8cf02cb8f" 201 - "PUT http://172.20.0.100:6001/d1/550/AUTH_3e3143917d454e4087b64e16beac682c/gnocchi.531b2590-5716-4d17-a854-20a8cf02cb8f" "txa1139598a7ae45c9a1bd6-006994bb73" "container-server 20" 0.0065 "-" 20 0
Feb 17 19:03:15 standalone container-server[126966]: 172.20.0.100 - - [17/Feb/2026:19:03:15 +0000] "PUT /d1/550/AUTH_3e3143917d454e4087b64e16beac682c/gnocchi.531b2590-5716-4d17-a854-20a8cf02cb8f" 201 - "PUT http://172.18.0.2:8080/v1/AUTH_3e3143917d454e4087b64e16beac682c/gnocchi.531b2590-5716-4d17-a854-20a8cf02cb8f" "txa1139598a7ae45c9a1bd6-006994bb73" "proxy-server 12" 0.0191 "-" 20 0
Feb 17 19:03:15 standalone proxy-server[129089]: 172.18.0.2 172.18.0.100 17/Feb/2026/19/03/15 PUT /v1/AUTH_3e3143917d454e4087b64e16beac682c/gnocchi.531b2590-5716-4d17-a854-20a8cf02cb8f HTTP/1.0 201 - python-swiftclient-3.11.1 gAAAAABplLsH5F_G... - - - txa1139598a7ae45c9a1bd6-006994bb73 - 0.0268 - - 1771354995.355065823 1771354995.381880045 0
Feb 17 19:03:15 standalone container-server[126966]: 172.20.0.100 - - [17/Feb/2026:19:03:15 +0000] "HEAD /d1/550/AUTH_3e3143917d454e4087b64e16beac682c/gnocchi.531b2590-5716-4d17-a854-20a8cf02cb8f" 204 - "HEAD http://172.18.0.2:8080/v1/AUTH_3e3143917d454e4087b64e16beac682c/gnocchi.531b2590-5716-4d17-a854-20a8cf02cb8f?format=json&states=listing" "txdfbf711bd7ee48a7901f6-006994bb73" "proxy-server 12" 0.0009 "-" 20 0
Feb 17 19:03:15 standalone proxy-server[129089]: - - 17/Feb/2026/19/03/15 HEAD /v1/AUTH_3e3143917d454e4087b64e16beac682c/gnocchi.531b2590-5716-4d17-a854-20a8cf02cb8f%3Fformat%3Djson%26states%3Dlisting HTTP/1.0 204 - Swift - - - - txdfbf711bd7ee48a7901f6-006994bb73 - 0.0078 RL - 1771354995.386832476 1771354995.394656181 0
Feb 17 19:03:15 standalone container-server[126966]: 172.20.0.100 - - [17/Feb/2026:19:03:15 +0000] "GET /d1/550/AUTH_3e3143917d454e4087b64e16beac682c/gnocchi.531b2590-5716-4d17-a854-20a8cf02cb8f" 200 2 "GET http://172.18.0.2:8080/v1/AUTH_3e3143917d454e4087b64e16beac682c/gnocchi.531b2590-5716-4d17-a854-20a8cf02cb8f?format=json&states=listing" "txdfbf711bd7ee48a7901f6-006994bb73" "proxy-server 12" 0.0014 "-" 20 0
Feb 17 19:03:15 standalone proxy-server[129089]: 172.18.0.2 172.18.0.100 17/Feb/2026/19/03/15 GET /v1/AUTH_3e3143917d454e4087b64e16beac682c/gnocchi.531b2590-5716-4d17-a854-20a8cf02cb8f%3Fformat%3Djson%26states%3Dlisting HTTP/1.0 200 - python-swiftclient-3.11.1 gAAAAABplLsH5F_G... - 2 - txdfbf711bd7ee48a7901f6-006994bb73 - 0.0198 - - 1771354995.385037899 1771354995.404815435 0
Feb 17 19:03:15 standalone object-server[127202]: 172.20.0.100 - - [17/Feb/2026:19:03:15 +0000] "GET /d1/726/AUTH_3e3143917d454e4087b64e16beac682c/gnocchi.531b2590-5716-4d17-a854-20a8cf02cb8f/1771200000.0_mean_300.0_v3" 404 70 "GET http://172.18.0.2:8080/v1/AUTH_3e3143917d454e4087b64e16beac682c/gnocchi.531b2590-5716-4d17-a854-20a8cf02cb8f/1771200000.0_mean_300.0_v3" "txbcce53cb2ad348f9894fc-006994bb73" "proxy-server 12" 0.0004 "-" 24 0
Feb 17 19:03:15 standalone proxy-server[129089]: 172.18.0.2 172.18.0.100 17/Feb/2026/19/03/15 GET /v1/AUTH_3e3143917d454e4087b64e16beac682c/gnocchi.531b2590-5716-4d17-a854-20a8cf02cb8f/1771200000.0_mean_300.0_v3 HTTP/1.0 404 - python-swiftclient-3.11.1 gAAAAABplLsH5F_G... - 70 - txbcce53cb2ad348f9894fc-006994bb73 - 0.0079 - - 1771354995.408040762 1771354995.415932655 0
Feb 17 19:03:15 standalone container-server[126977]: 172.20.0.100 - - [17/Feb/2026:19:03:15 +0000] "PUT /d1/550/AUTH_3e3143917d454e4087b64e16beac682c/gnocchi.531b2590-5716-4d17-a854-20a8cf02cb8f/1771200000.0_mean_300.0_v3" 201 - "PUT http://172.18.0.2:8080/d1/726/AUTH_3e3143917d454e4087b64e16beac682c/gnocchi.531b2590-5716-4d17-a854-20a8cf02cb8f/1771200000.0_mean_300.0_v3" "tx6bafa567fa7f4012a053f-006994bb73" "object-server 22" 0.0010 "-" 23 0
Feb 17 19:03:15 standalone object-server[127198]: 172.20.0.100 - - [17/Feb/2026:19:03:15 +0000] "PUT /d1/726/AUTH_3e3143917d454e4087b64e16beac682c/gnocchi.531b2590-5716-4d17-a854-20a8cf02cb8f/1771200000.0_mean_300.0_v3" 201 - "PUT http://172.18.0.2:8080/v1/AUTH_3e3143917d454e4087b64e16beac682c/gnocchi.531b2590-5716-4d17-a854-20a8cf02cb8f/1771200000.0_mean_300.0_v3" "tx6bafa567fa7f4012a053f-006994bb73" "proxy-server 12" 0.0160 "-" 22 0
Feb 17 19:03:15 standalone proxy-server[129089]: 172.18.0.2 172.18.0.100 17/Feb/2026/19/03/15 PUT /v1/AUTH_3e3143917d454e4087b64e16beac682c/gnocchi.531b2590-5716-4d17-a854-20a8cf02cb8f/1771200000.0_mean_300.0_v3 HTTP/1.0 201 - python-swiftclient-3.11.1 gAAAAABplLsH5F_G... 16 - - tx6bafa567fa7f4012a053f-006994bb73 - 0.0270 - - 1771354995.421843529 1771354995.448847771 0
Feb 17 19:03:15 standalone container-server[126966]: 172.20.0.100 - - [17/Feb/2026:19:03:15 +0000] "PUT /d1/550/AUTH_3e3143917d454e4087b64e16beac682c/gnocchi.531b2590-5716-4d17-a854-20a8cf02cb8f/none_v3" 201 - "PUT http://172.18.0.2:8080/d1/76/AUTH_3e3143917d454e4087b64e16beac682c/gnocchi.531b2590-5716-4d17-a854-20a8cf02cb8f/none_v3" "tx74071908f5e44ea284500-006994bb73" "object-server 23" 0.0004 "-" 20 0
Feb 17 19:03:15 standalone object-server[127200]: 172.20.0.100 - - [17/Feb/2026:19:03:15 +0000] "PUT /d1/76/AUTH_3e3143917d454e4087b64e16beac682c/gnocchi.531b2590-5716-4d17-a854-20a8cf02cb8f/none_v3" 201 - "PUT http://172.18.0.2:8080/v1/AUTH_3e3143917d454e4087b64e16beac682c/gnocchi.531b2590-5716-4d17-a854-20a8cf02cb8f/none_v3" "tx74071908f5e44ea284500-006994bb73" "proxy-server 12" 0.0114 "-" 23 0
Feb 17 19:03:15 standalone proxy-server[129089]: 172.18.0.2 172.18.0.100 17/Feb/2026/19/03/15 PUT /v1/AUTH_3e3143917d454e4087b64e16beac682c/gnocchi.531b2590-5716-4d17-a854-20a8cf02cb8f/none_v3 HTTP/1.0 201 - python-swiftclient-3.11.1 gAAAAABplLsH5F_G... 22 - - tx74071908f5e44ea284500-006994bb73 - 0.0205 - - 1771354995.452128172 1771354995.472649574 0
Feb 17 19:03:15 standalone container-server[126970]: 172.20.0.100 - - [17/Feb/2026:19:03:15 +0000] "HEAD /d1/310/AUTH_3e3143917d454e4087b64e16beac682c/gnocchi.8b34a77b-8e52-4ea7-abbe-303a5f3205f8" 404 - "HEAD http://172.18.0.2:8080/v1/AUTH_3e3143917d454e4087b64e16beac682c/gnocchi.8b34a77b-8e52-4ea7-abbe-303a5f3205f8?format=json&states=listing" "tx38903a67c0374401b968a-006994bb73" "proxy-server 12" 0.0006 "-" 21 0
Feb 17 19:03:15 standalone object-server[127202]: 172.20.0.100 - - [17/Feb/2026:19:03:15 +0000] "GET /d1/524/AUTH_3e3143917d454e4087b64e16beac682c/gnocchi.8b34a77b-8e52-4ea7-abbe-303a5f3205f8/none_v3" 404 70 "GET http://172.18.0.2:8080/v1/AUTH_3e3143917d454e4087b64e16beac682c/gnocchi.8b34a77b-8e52-4ea7-abbe-303a5f3205f8/none_v3" "tx38903a67c0374401b968a-006994bb73" "proxy-server 12" 0.0003 "-" 24 0
Feb 17 19:03:15 standalone proxy-server[129089]: 172.18.0.2 172.18.0.100 17/Feb/2026/19/03/15 GET /v1/AUTH_3e3143917d454e4087b64e16beac682c/gnocchi.8b34a77b-8e52-4ea7-abbe-303a5f3205f8/none_v3 HTTP/1.0 404 - python-swiftclient-3.11.1 gAAAAABplLsH5F_G... - 70 - tx38903a67c0374401b968a-006994bb73 - 0.0194 - - 1771354995.482572794 1771354995.501939535 0
Feb 17 19:03:15 standalone account-server[126895]: 172.20.0.100 - - [17/Feb/2026:19:03:15 +0000] "PUT /d1/838/AUTH_3e3143917d454e4087b64e16beac682c/gnocchi.8b34a77b-8e52-4ea7-abbe-303a5f3205f8" 201 - "PUT http://172.20.0.100:6001/d1/310/AUTH_3e3143917d454e4087b64e16beac682c/gnocchi.8b34a77b-8e52-4ea7-abbe-303a5f3205f8" "tx7b2a290d0545444bb6a0f-006994bb73" "container-server 21" 0.0045 "-" 21 0
Feb 17 19:03:15 standalone container-server[126970]: 172.20.0.100 - - [17/Feb/2026:19:03:15 +0000] "PUT /d1/310/AUTH_3e3143917d454e4087b64e16beac682c/gnocchi.8b34a77b-8e52-4ea7-abbe-303a5f3205f8" 201 - "PUT http://172.18.0.2:8080/v1/AUTH_3e3143917d454e4087b64e16beac682c/gnocchi.8b34a77b-8e52-4ea7-abbe-303a5f3205f8" "tx7b2a290d0545444bb6a0f-006994bb73" "proxy-server 12" 0.0251 "-" 21 0
Feb 17 19:03:15 standalone proxy-server[129089]: 172.18.0.2 172.18.0.100 17/Feb/2026/19/03/15 PUT /v1/AUTH_3e3143917d454e4087b64e16beac682c/gnocchi.8b34a77b-8e52-4ea7-abbe-303a5f3205f8 HTTP/1.0 201 - python-swiftclient-3.11.1 gAAAAABplLsH5F_G... - - - tx7b2a290d0545444bb6a0f-006994bb73 - 0.0349 - - 1771354995.505733013 1771354995.540680170 0
Feb 17 19:03:15 standalone container-server[126966]: 172.20.0.100 - - [17/Feb/2026:19:03:15 +0000] "HEAD /d1/310/AUTH_3e3143917d454e4087b64e16beac682c/gnocchi.8b34a77b-8e52-4ea7-abbe-303a5f3205f8" 204 - "HEAD http://172.18.0.2:8080/v1/AUTH_3e3143917d454e4087b64e16beac682c/gnocchi.8b34a77b-8e52-4ea7-abbe-303a5f3205f8?format=json&states=listing" "tx408a03a644e54011828a0-006994bb73" "proxy-server 12" 0.0011 "-" 20 0
Feb 17 19:03:15 standalone proxy-server[129089]: - - 17/Feb/2026/19/03/15 HEAD /v1/AUTH_3e3143917d454e4087b64e16beac682c/gnocchi.8b34a77b-8e52-4ea7-abbe-303a5f3205f8%3Fformat%3Djson%26states%3Dlisting HTTP/1.0 204 - Swift - - - - tx408a03a644e54011828a0-006994bb73 - 0.0055 RL - 1771354995.546678782 1771354995.552219868 0
Feb 17 19:03:15 standalone container-server[126977]: 172.20.0.100 - - [17/Feb/2026:19:03:15 +0000] "GET /d1/310/AUTH_3e3143917d454e4087b64e16beac682c/gnocchi.8b34a77b-8e52-4ea7-abbe-303a5f3205f8" 200 2 "GET http://172.18.0.2:8080/v1/AUTH_3e3143917d454e4087b64e16beac682c/gnocchi.8b34a77b-8e52-4ea7-abbe-303a5f3205f8?format=json&states=listing" "tx408a03a644e54011828a0-006994bb73" "proxy-server 12" 0.0037 "-" 23 0
Feb 17 19:03:15 standalone proxy-server[129089]: 172.18.0.2 172.18.0.100 17/Feb/2026/19/03/15 GET /v1/AUTH_3e3143917d454e4087b64e16beac682c/gnocchi.8b34a77b-8e52-4ea7-abbe-303a5f3205f8%3Fformat%3Djson%26states%3Dlisting HTTP/1.0 200 - python-swiftclient-3.11.1 gAAAAABplLsH5F_G... - 2 - tx408a03a644e54011828a0-006994bb73 - 0.0222 - - 1771354995.544747829 1771354995.566975594 0
Feb 17 19:03:15 standalone object-server[127202]: 172.20.0.100 - - [17/Feb/2026:19:03:15 +0000] "GET /d1/402/AUTH_3e3143917d454e4087b64e16beac682c/gnocchi.8b34a77b-8e52-4ea7-abbe-303a5f3205f8/1771200000.0_mean_300.0_v3" 404 70 "GET http://172.18.0.2:8080/v1/AUTH_3e3143917d454e4087b64e16beac682c/gnocchi.8b34a77b-8e52-4ea7-abbe-303a5f3205f8/1771200000.0_mean_300.0_v3" "txe318d955506c43a081e2b-006994bb73" "proxy-server 12" 0.0005 "-" 24 0
Feb 17 19:03:15 standalone proxy-server[129089]: 172.18.0.2 172.18.0.100 17/Feb/2026/19/03/15 GET /v1/AUTH_3e3143917d454e4087b64e16beac682c/gnocchi.8b34a77b-8e52-4ea7-abbe-303a5f3205f8/1771200000.0_mean_300.0_v3 HTTP/1.0 404 - python-swiftclient-3.11.1 gAAAAABplLsH5F_G... - 70 - txe318d955506c43a081e2b-006994bb73 - 0.0063 - - 1771354995.571913242 1771354995.578166962 0
Feb 17 19:03:15 standalone container-server[126970]: 172.20.0.100 - - [17/Feb/2026:19:03:15 +0000] "PUT /d1/310/AUTH_3e3143917d454e4087b64e16beac682c/gnocchi.8b34a77b-8e52-4ea7-abbe-303a5f3205f8/1771200000.0_mean_300.0_v3" 201 - "PUT http://172.18.0.2:8080/d1/402/AUTH_3e3143917d454e4087b64e16beac682c/gnocchi.8b34a77b-8e52-4ea7-abbe-303a5f3205f8/1771200000.0_mean_300.0_v3" "tx45f3d759fb724292ae4aa-006994bb73" "object-server 24" 0.0008 "-" 21 0
Feb 17 19:03:15 standalone object-server[127202]: 172.20.0.100 - - [17/Feb/2026:19:03:15 +0000] "PUT /d1/402/AUTH_3e3143917d454e4087b64e16beac682c/gnocchi.8b34a77b-8e52-4ea7-abbe-303a5f3205f8/1771200000.0_mean_300.0_v3" 201 - "PUT http://172.18.0.2:8080/v1/AUTH_3e3143917d454e4087b64e16beac682c/gnocchi.8b34a77b-8e52-4ea7-abbe-303a5f3205f8/1771200000.0_mean_300.0_v3" "tx45f3d759fb724292ae4aa-006994bb73" "proxy-server 12" 0.0141 "-" 24 0
Feb 17 19:03:15 standalone proxy-server[129089]: 172.18.0.2 172.18.0.100 17/Feb/2026/19/03/15 PUT /v1/AUTH_3e3143917d454e4087b64e16beac682c/gnocchi.8b34a77b-8e52-4ea7-abbe-303a5f3205f8/1771200000.0_mean_300.0_v3 HTTP/1.0 201 - python-swiftclient-3.11.1 gAAAAABplLsH5F_G... 16 - - tx45f3d759fb724292ae4aa-006994bb73 - 0.0201 - - 1771354995.582158327 1771354995.602258205 0
Feb 17 19:03:15 standalone container-server[126970]: 172.20.0.100 - - [17/Feb/2026:19:03:15 +0000] "PUT /d1/310/AUTH_3e3143917d454e4087b64e16beac682c/gnocchi.8b34a77b-8e52-4ea7-abbe-303a5f3205f8/none_v3" 201 - "PUT http://172.18.0.2:8080/d1/524/AUTH_3e3143917d454e4087b64e16beac682c/gnocchi.8b34a77b-8e52-4ea7-abbe-303a5f3205f8/none_v3" "txa24609ab60434780ad181-006994bb73" "object-server 24" 0.0006 "-" 21 0
Feb 17 19:03:15 standalone object-server[127202]: 172.20.0.100 - - [17/Feb/2026:19:03:15 +0000] "PUT /d1/524/AUTH_3e3143917d454e4087b64e16beac682c/gnocchi.8b34a77b-8e52-4ea7-abbe-303a5f3205f8/none_v3" 201 - "PUT http://172.18.0.2:8080/v1/AUTH_3e3143917d454e4087b64e16beac682c/gnocchi.8b34a77b-8e52-4ea7-abbe-303a5f3205f8/none_v3" "txa24609ab60434780ad181-006994bb73" "proxy-server 12" 0.0129 "-" 24 0
Feb 17 19:03:15 standalone proxy-server[129089]: 172.18.0.2 172.18.0.100 17/Feb/2026/19/03/15 PUT /v1/AUTH_3e3143917d454e4087b64e16beac682c/gnocchi.8b34a77b-8e52-4ea7-abbe-303a5f3205f8/none_v3 HTTP/1.0 201 - python-swiftclient-3.11.1 gAAAAABplLsH5F_G... 22 - - txa24609ab60434780ad181-006994bb73 - 0.0205 - - 1771354995.606373072 1771354995.626879930 0
Feb 17 19:03:15 standalone container-server[126973]: 172.20.0.100 - - [17/Feb/2026:19:03:15 +0000] "HEAD /d1/100/AUTH_3e3143917d454e4087b64e16beac682c/gnocchi.6fcfed8d-931a-45e6-a7ca-17f8251b3cf0" 404 - "HEAD http://172.18.0.2:8080/v1/AUTH_3e3143917d454e4087b64e16beac682c/gnocchi.6fcfed8d-931a-45e6-a7ca-17f8251b3cf0?format=json&states=listing" "txffa463c9cecb48d9a9a1a-006994bb73" "proxy-server 12" 0.0004 "-" 22 0
Feb 17 19:03:15 standalone object-server[127198]: 172.20.0.100 - - [17/Feb/2026:19:03:15 +0000] "GET /d1/818/AUTH_3e3143917d454e4087b64e16beac682c/gnocchi.6fcfed8d-931a-45e6-a7ca-17f8251b3cf0/none_v3" 404 70 "GET http://172.18.0.2:8080/v1/AUTH_3e3143917d454e4087b64e16beac682c/gnocchi.6fcfed8d-931a-45e6-a7ca-17f8251b3cf0/none_v3" "txffa463c9cecb48d9a9a1a-006994bb73" "proxy-server 12" 0.0004 "-" 22 0
Feb 17 19:03:15 standalone proxy-server[129089]: 172.18.0.2 172.18.0.100 17/Feb/2026/19/03/15 GET /v1/AUTH_3e3143917d454e4087b64e16beac682c/gnocchi.6fcfed8d-931a-45e6-a7ca-17f8251b3cf0/none_v3 HTTP/1.0 404 - python-swiftclient-3.11.1 gAAAAABplLsH5F_G... - 70 - txffa463c9cecb48d9a9a1a-006994bb73 - 0.0101 - - 1771354995.640904427 1771354995.650967836 0
Feb 17 19:03:15 standalone account-server[126901]: 172.20.0.100 - - [17/Feb/2026:19:03:15 +0000] "PUT /d1/838/AUTH_3e3143917d454e4087b64e16beac682c/gnocchi.6fcfed8d-931a-45e6-a7ca-17f8251b3cf0" 201 - "PUT http://172.20.0.100:6001/d1/100/AUTH_3e3143917d454e4087b64e16beac682c/gnocchi.6fcfed8d-931a-45e6-a7ca-17f8251b3cf0" "txabbe56240f6641abbf583-006994bb73" "container-server 20" 0.0057 "-" 23 0
Feb 17 19:03:15 standalone container-server[126966]: 172.20.0.100 - - [17/Feb/2026:19:03:15 +0000] "PUT /d1/100/AUTH_3e3143917d454e4087b64e16beac682c/gnocchi.6fcfed8d-931a-45e6-a7ca-17f8251b3cf0" 201 - "PUT http://172.18.0.2:8080/v1/AUTH_3e3143917d454e4087b64e16beac682c/gnocchi.6fcfed8d-931a-45e6-a7ca-17f8251b3cf0" "txabbe56240f6641abbf583-006994bb73" "proxy-server 12" 0.0141 "-" 20 0
Feb 17 19:03:15 standalone proxy-server[129089]: 172.18.0.2 172.18.0.100 17/Feb/2026/19/03/15 PUT /v1/AUTH_3e3143917d454e4087b64e16beac682c/gnocchi.6fcfed8d-931a-45e6-a7ca-17f8251b3cf0 HTTP/1.0 201 - python-swiftclient-3.11.1 gAAAAABplLsH5F_G... - - - txabbe56240f6641abbf583-006994bb73 - 0.0187 - - 1771354995.653137922 1771354995.671819210 0
Feb 17 19:03:15 standalone container-server[126977]: 172.20.0.100 - - [17/Feb/2026:19:03:15 +0000] "HEAD /d1/100/AUTH_3e3143917d454e4087b64e16beac682c/gnocchi.6fcfed8d-931a-45e6-a7ca-17f8251b3cf0" 204 - "HEAD http://172.18.0.2:8080/v1/AUTH_3e3143917d454e4087b64e16beac682c/gnocchi.6fcfed8d-931a-45e6-a7ca-17f8251b3cf0?format=json&states=listing" "tx5bb9f5acfd4c40f89ceb1-006994bb73" "proxy-server 12" 0.0018 "-" 23 0
Feb 17 19:03:15 standalone proxy-server[129089]: - - 17/Feb/2026/19/03/15 HEAD /v1/AUTH_3e3143917d454e4087b64e16beac682c/gnocchi.6fcfed8d-931a-45e6-a7ca-17f8251b3cf0%3Fformat%3Djson%26states%3Dlisting HTTP/1.0 204 - Swift - - - - tx5bb9f5acfd4c40f89ceb1-006994bb73 - 0.0055 RL - 1771354995.676228762 1771354995.681774139 0
Feb 17 19:03:15 standalone container-server[126970]: 172.20.0.100 - - [17/Feb/2026:19:03:15 +0000] "GET /d1/100/AUTH_3e3143917d454e4087b64e16beac682c/gnocchi.6fcfed8d-931a-45e6-a7ca-17f8251b3cf0" 200 2 "GET http://172.18.0.2:8080/v1/AUTH_3e3143917d454e4087b64e16beac682c/gnocchi.6fcfed8d-931a-45e6-a7ca-17f8251b3cf0?format=json&states=listing" "tx5bb9f5acfd4c40f89ceb1-006994bb73" "proxy-server 12" 0.0024 "-" 21 0
Feb 17 19:03:15 standalone proxy-server[129089]: 172.18.0.2 172.18.0.100 17/Feb/2026/19/03/15 GET /v1/AUTH_3e3143917d454e4087b64e16beac682c/gnocchi.6fcfed8d-931a-45e6-a7ca-17f8251b3cf0%3Fformat%3Djson%26states%3Dlisting HTTP/1.0 200 - python-swiftclient-3.11.1 gAAAAABplLsH5F_G... - 2 - tx5bb9f5acfd4c40f89ceb1-006994bb73 - 0.0152 - - 1771354995.675026655 1771354995.690222025 0
Feb 17 19:03:15 standalone object-server[127202]: 172.20.0.100 - - [17/Feb/2026:19:03:15 +0000] "GET /d1/39/AUTH_3e3143917d454e4087b64e16beac682c/gnocchi.6fcfed8d-931a-45e6-a7ca-17f8251b3cf0/1771200000.0_mean_300.0_v3" 404 70 "GET http://172.18.0.2:8080/v1/AUTH_3e3143917d454e4087b64e16beac682c/gnocchi.6fcfed8d-931a-45e6-a7ca-17f8251b3cf0/1771200000.0_mean_300.0_v3" "tx26fc3834d8c24e3387b13-006994bb73" "proxy-server 12" 0.0004 "-" 24 0
Feb 17 19:03:15 standalone proxy-server[129089]: 172.18.0.2 172.18.0.100 17/Feb/2026/19/03/15 GET /v1/AUTH_3e3143917d454e4087b64e16beac682c/gnocchi.6fcfed8d-931a-45e6-a7ca-17f8251b3cf0/1771200000.0_mean_300.0_v3 HTTP/1.0 404 - python-swiftclient-3.11.1 gAAAAABplLsH5F_G... - 70 - tx26fc3834d8c24e3387b13-006994bb73 - 0.0053 - - 1771354995.692991972 1771354995.698293924 0
Feb 17 19:03:15 standalone container-server[126966]: 172.20.0.100 - - [17/Feb/2026:19:03:15 +0000] "PUT /d1/100/AUTH_3e3143917d454e4087b64e16beac682c/gnocchi.6fcfed8d-931a-45e6-a7ca-17f8251b3cf0/1771200000.0_mean_300.0_v3" 201 - "PUT http://172.18.0.2:8080/d1/39/AUTH_3e3143917d454e4087b64e16beac682c/gnocchi.6fcfed8d-931a-45e6-a7ca-17f8251b3cf0/1771200000.0_mean_300.0_v3" "tx59212c124fd84567a0704-006994bb73" "object-server 23" 0.0006 "-" 20 0
Feb 17 19:03:15 standalone object-server[127200]: 172.20.0.100 - - [17/Feb/2026:19:03:15 +0000] "PUT /d1/39/AUTH_3e3143917d454e4087b64e16beac682c/gnocchi.6fcfed8d-931a-45e6-a7ca-17f8251b3cf0/1771200000.0_mean_300.0_v3" 201 - "PUT http://172.18.0.2:8080/v1/AUTH_3e3143917d454e4087b64e16beac682c/gnocchi.6fcfed8d-931a-45e6-a7ca-17f8251b3cf0/1771200000.0_mean_300.0_v3" "tx59212c124fd84567a0704-006994bb73" "proxy-server 12" 0.0131 "-" 23 0
Feb 17 19:03:15 standalone proxy-server[129089]: 172.18.0.2 172.18.0.100 17/Feb/2026/19/03/15 PUT /v1/AUTH_3e3143917d454e4087b64e16beac682c/gnocchi.6fcfed8d-931a-45e6-a7ca-17f8251b3cf0/1771200000.0_mean_300.0_v3 HTTP/1.0 201 - python-swiftclient-3.11.1 gAAAAABplLsH5F_G... 16 - - tx59212c124fd84567a0704-006994bb73 - 0.0189 - - 1771354995.700923204 1771354995.719841003 0
Feb 17 19:03:15 standalone container-server[126966]: 172.20.0.100 - - [17/Feb/2026:19:03:15 +0000] "PUT /d1/100/AUTH_3e3143917d454e4087b64e16beac682c/gnocchi.6fcfed8d-931a-45e6-a7ca-17f8251b3cf0/none_v3" 201 - "PUT http://172.18.0.2:8080/d1/818/AUTH_3e3143917d454e4087b64e16beac682c/gnocchi.6fcfed8d-931a-45e6-a7ca-17f8251b3cf0/none_v3" "tx0753d5f9d882426f86b29-006994bb73" "object-server 22" 0.0006 "-" 20 0
Feb 17 19:03:15 standalone object-server[127198]: 172.20.0.100 - - [17/Feb/2026:19:03:15 +0000] "PUT /d1/818/AUTH_3e3143917d454e4087b64e16beac682c/gnocchi.6fcfed8d-931a-45e6-a7ca-17f8251b3cf0/none_v3" 201 - "PUT http://172.18.0.2:8080/v1/AUTH_3e3143917d454e4087b64e16beac682c/gnocchi.6fcfed8d-931a-45e6-a7ca-17f8251b3cf0/none_v3" "tx0753d5f9d882426f86b29-006994bb73" "proxy-server 12" 0.0107 "-" 22 0
Feb 17 19:03:15 standalone proxy-server[129089]: 172.18.0.2 172.18.0.100 17/Feb/2026/19/03/15 PUT /v1/AUTH_3e3143917d454e4087b64e16beac682c/gnocchi.6fcfed8d-931a-45e6-a7ca-17f8251b3cf0/none_v3 HTTP/1.0 201 - python-swiftclient-3.11.1 gAAAAABplLsH5F_G... 22 - - tx0753d5f9d882426f86b29-006994bb73 - 0.0166 - - 1771354995.725785017 1771354995.742360830 0
Feb 17 19:03:15 standalone container-server[126977]: 172.20.0.100 - - [17/Feb/2026:19:03:15 +0000] "HEAD /d1/192/AUTH_3e3143917d454e4087b64e16beac682c/gnocchi.d5a8b803-d019-4df1-a576-5ed7addb70da" 404 - "HEAD http://172.18.0.2:8080/v1/AUTH_3e3143917d454e4087b64e16beac682c/gnocchi.d5a8b803-d019-4df1-a576-5ed7addb70da?format=json&states=listing" "tx28c3d51294af47b58999c-006994bb73" "proxy-server 12" 0.0005 "-" 23 0
Feb 17 19:03:15 standalone object-server[127202]: 172.20.0.100 - - [17/Feb/2026:19:03:15 +0000] "GET /d1/614/AUTH_3e3143917d454e4087b64e16beac682c/gnocchi.d5a8b803-d019-4df1-a576-5ed7addb70da/none_v3" 404 70 "GET http://172.18.0.2:8080/v1/AUTH_3e3143917d454e4087b64e16beac682c/gnocchi.d5a8b803-d019-4df1-a576-5ed7addb70da/none_v3" "tx28c3d51294af47b58999c-006994bb73" "proxy-server 12" 0.0004 "-" 24 0
Feb 17 19:03:15 standalone proxy-server[129089]: 172.18.0.2 172.18.0.100 17/Feb/2026/19/03/15 GET /v1/AUTH_3e3143917d454e4087b64e16beac682c/gnocchi.d5a8b803-d019-4df1-a576-5ed7addb70da/none_v3 HTTP/1.0 404 - python-swiftclient-3.11.1 gAAAAABplLsH5F_G... - 70 - tx28c3d51294af47b58999c-006994bb73 - 0.0112 - - 1771354995.752122879 1771354995.763302088 0
Feb 17 19:03:15 standalone account-server[126901]: 172.20.0.100 - - [17/Feb/2026:19:03:15 +0000] "PUT /d1/838/AUTH_3e3143917d454e4087b64e16beac682c/gnocchi.d5a8b803-d019-4df1-a576-5ed7addb70da" 201 - "PUT http://172.20.0.100:6001/d1/192/AUTH_3e3143917d454e4087b64e16beac682c/gnocchi.d5a8b803-d019-4df1-a576-5ed7addb70da" "tx35cb55f051b24099bab7b-006994bb73" "container-server 21" 0.0051 "-" 23 0
Feb 17 19:03:15 standalone container-server[126970]: 172.20.0.100 - - [17/Feb/2026:19:03:15 +0000] "PUT /d1/192/AUTH_3e3143917d454e4087b64e16beac682c/gnocchi.d5a8b803-d019-4df1-a576-5ed7addb70da" 201 - "PUT http://172.18.0.2:8080/v1/AUTH_3e3143917d454e4087b64e16beac682c/gnocchi.d5a8b803-d019-4df1-a576-5ed7addb70da" "tx35cb55f051b24099bab7b-006994bb73" "proxy-server 12" 0.0156 "-" 21 0
Feb 17 19:03:15 standalone proxy-server[129089]: 172.18.0.2 172.18.0.100 17/Feb/2026/19/03/15 PUT /v1/AUTH_3e3143917d454e4087b64e16beac682c/gnocchi.d5a8b803-d019-4df1-a576-5ed7addb70da HTTP/1.0 201 - python-swiftclient-3.11.1 gAAAAABplLsH5F_G... - - - tx35cb55f051b24099bab7b-006994bb73 - 0.0218 - - 1771354995.766221285 1771354995.788055182 0
Feb 17 19:03:15 standalone container-server[126973]: 172.20.0.100 - - [17/Feb/2026:19:03:15 +0000] "HEAD /d1/192/AUTH_3e3143917d454e4087b64e16beac682c/gnocchi.d5a8b803-d019-4df1-a576-5ed7addb70da" 204 - "HEAD http://172.18.0.2:8080/v1/AUTH_3e3143917d454e4087b64e16beac682c/gnocchi.d5a8b803-d019-4df1-a576-5ed7addb70da?format=json&states=listing" "tx95f8907a8b9c44888e4b2-006994bb73" "proxy-server 12" 0.0016 "-" 22 0
Feb 17 19:03:15 standalone proxy-server[129089]: - - 17/Feb/2026/19/03/15 HEAD /v1/AUTH_3e3143917d454e4087b64e16beac682c/gnocchi.d5a8b803-d019-4df1-a576-5ed7addb70da%3Fformat%3Djson%26states%3Dlisting HTTP/1.0 204 - Swift - - - - tx95f8907a8b9c44888e4b2-006994bb73 - 0.0059 RL - 1771354995.792556286 1771354995.798484802 0
Feb 17 19:03:15 standalone container-server[126966]: 172.20.0.100 - - [17/Feb/2026:19:03:15 +0000] "GET /d1/192/AUTH_3e3143917d454e4087b64e16beac682c/gnocchi.d5a8b803-d019-4df1-a576-5ed7addb70da" 200 2 "GET http://172.18.0.2:8080/v1/AUTH_3e3143917d454e4087b64e16beac682c/gnocchi.d5a8b803-d019-4df1-a576-5ed7addb70da?format=json&states=listing" "tx95f8907a8b9c44888e4b2-006994bb73" "proxy-server 12" 0.0018 "-" 20 0
Feb 17 19:03:15 standalone proxy-server[129089]: 172.18.0.2 172.18.0.100 17/Feb/2026/19/03/15 GET /v1/AUTH_3e3143917d454e4087b64e16beac682c/gnocchi.d5a8b803-d019-4df1-a576-5ed7addb70da%3Fformat%3Djson%26states%3Dlisting HTTP/1.0 200 - python-swiftclient-3.11.1 gAAAAABplLsH5F_G... - 2 - tx95f8907a8b9c44888e4b2-006994bb73 - 0.0179 - - 1771354995.791270494 1771354995.809156656 0
Feb 17 19:03:15 standalone object-server[127200]: 172.20.0.100 - - [17/Feb/2026:19:03:15 +0000] "GET /d1/257/AUTH_3e3143917d454e4087b64e16beac682c/gnocchi.d5a8b803-d019-4df1-a576-5ed7addb70da/1771200000.0_mean_300.0_v3" 404 70 "GET http://172.18.0.2:8080/v1/AUTH_3e3143917d454e4087b64e16beac682c/gnocchi.d5a8b803-d019-4df1-a576-5ed7addb70da/1771200000.0_mean_300.0_v3" "txa48ff39aa3c24c0dac3bf-006994bb73" "proxy-server 12" 0.0004 "-" 23 0
Feb 17 19:03:15 standalone proxy-server[129089]: 172.18.0.2 172.18.0.100 17/Feb/2026/19/03/15 GET /v1/AUTH_3e3143917d454e4087b64e16beac682c/gnocchi.d5a8b803-d019-4df1-a576-5ed7addb70da/1771200000.0_mean_300.0_v3 HTTP/1.0 404 - python-swiftclient-3.11.1 gAAAAABplLsH5F_G... - 70 - txa48ff39aa3c24c0dac3bf-006994bb73 - 0.0061 - - 1771354995.812383413 1771354995.818456173 0
Feb 17 19:03:15 standalone container-server[126966]: 172.20.0.100 - - [17/Feb/2026:19:03:15 +0000] "PUT /d1/192/AUTH_3e3143917d454e4087b64e16beac682c/gnocchi.d5a8b803-d019-4df1-a576-5ed7addb70da/1771200000.0_mean_300.0_v3" 201 - "PUT http://172.18.0.2:8080/d1/257/AUTH_3e3143917d454e4087b64e16beac682c/gnocchi.d5a8b803-d019-4df1-a576-5ed7addb70da/1771200000.0_mean_300.0_v3" "txe6995ebd1b0942658351d-006994bb73" "object-server 25" 0.0005 "-" 20 0
Feb 17 19:03:15 standalone object-server[127203]: 172.20.0.100 - - [17/Feb/2026:19:03:15 +0000] "PUT /d1/257/AUTH_3e3143917d454e4087b64e16beac682c/gnocchi.d5a8b803-d019-4df1-a576-5ed7addb70da/1771200000.0_mean_300.0_v3" 201 - "PUT http://172.18.0.2:8080/v1/AUTH_3e3143917d454e4087b64e16beac682c/gnocchi.d5a8b803-d019-4df1-a576-5ed7addb70da/1771200000.0_mean_300.0_v3" "txe6995ebd1b0942658351d-006994bb73" "proxy-server 12" 0.0153 "-" 25 0
Feb 17 19:03:15 standalone proxy-server[129089]: 172.18.0.2 172.18.0.100 17/Feb/2026/19/03/15 PUT /v1/AUTH_3e3143917d454e4087b64e16beac682c/gnocchi.d5a8b803-d019-4df1-a576-5ed7addb70da/1771200000.0_mean_300.0_v3 HTTP/1.0 201 - python-swiftclient-3.11.1 gAAAAABplLsH5F_G... 16 - - txe6995ebd1b0942658351d-006994bb73 - 0.0243 - - 1771354995.820722103 1771354995.845015049 0
Feb 17 19:03:15 standalone container-server[126966]: 172.20.0.100 - - [17/Feb/2026:19:03:15 +0000] "PUT /d1/192/AUTH_3e3143917d454e4087b64e16beac682c/gnocchi.d5a8b803-d019-4df1-a576-5ed7addb70da/none_v3" 201 - "PUT http://172.18.0.2:8080/d1/614/AUTH_3e3143917d454e4087b64e16beac682c/gnocchi.d5a8b803-d019-4df1-a576-5ed7addb70da/none_v3" "tx474438c7c7d6416db48f8-006994bb73" "object-server 22" 0.0004 "-" 20 0
Feb 17 19:03:15 standalone object-server[127198]: 172.20.0.100 - - [17/Feb/2026:19:03:15 +0000] "PUT /d1/614/AUTH_3e3143917d454e4087b64e16beac682c/gnocchi.d5a8b803-d019-4df1-a576-5ed7addb70da/none_v3" 201 - "PUT http://172.18.0.2:8080/v1/AUTH_3e3143917d454e4087b64e16beac682c/gnocchi.d5a8b803-d019-4df1-a576-5ed7addb70da/none_v3" "tx474438c7c7d6416db48f8-006994bb73" "proxy-server 12" 0.0122 "-" 22 0
Feb 17 19:03:15 standalone proxy-server[129089]: 172.18.0.2 172.18.0.100 17/Feb/2026/19/03/15 PUT /v1/AUTH_3e3143917d454e4087b64e16beac682c/gnocchi.d5a8b803-d019-4df1-a576-5ed7addb70da/none_v3 HTTP/1.0 201 - python-swiftclient-3.11.1 gAAAAABplLsH5F_G... 22 - - tx474438c7c7d6416db48f8-006994bb73 - 0.0190 - - 1771354995.847605944 1771354995.866629839 0
Feb 17 19:03:15 standalone container-server[126973]: 172.20.0.100 - - [17/Feb/2026:19:03:15 +0000] "HEAD /d1/194/AUTH_3e3143917d454e4087b64e16beac682c/gnocchi.3a439215-f020-4dc6-afcd-dcba663c8d49" 404 - "HEAD http://172.18.0.2:8080/v1/AUTH_3e3143917d454e4087b64e16beac682c/gnocchi.3a439215-f020-4dc6-afcd-dcba663c8d49?format=json&states=listing" "tx51d962d8800247adac7c1-006994bb73" "proxy-server 12" 0.0006 "-" 22 0
Feb 17 19:03:15 standalone object-server[127203]: 172.20.0.100 - - [17/Feb/2026:19:03:15 +0000] "GET /d1/32/AUTH_3e3143917d454e4087b64e16beac682c/gnocchi.3a439215-f020-4dc6-afcd-dcba663c8d49/none_v3" 404 70 "GET http://172.18.0.2:8080/v1/AUTH_3e3143917d454e4087b64e16beac682c/gnocchi.3a439215-f020-4dc6-afcd-dcba663c8d49/none_v3" "tx51d962d8800247adac7c1-006994bb73" "proxy-server 12" 0.0003 "-" 25 0
Feb 17 19:03:15 standalone proxy-server[129089]: 172.18.0.2 172.18.0.100 17/Feb/2026/19/03/15 GET /v1/AUTH_3e3143917d454e4087b64e16beac682c/gnocchi.3a439215-f020-4dc6-afcd-dcba663c8d49/none_v3 HTTP/1.0 404 - python-swiftclient-3.11.1 gAAAAABplLsH5F_G... - 70 - tx51d962d8800247adac7c1-006994bb73 - 0.0103 - - 1771354995.876296520 1771354995.886551857 0
Feb 17 19:03:15 standalone account-server[126895]: 172.20.0.100 - - [17/Feb/2026:19:03:15 +0000] "PUT /d1/838/AUTH_3e3143917d454e4087b64e16beac682c/gnocchi.3a439215-f020-4dc6-afcd-dcba663c8d49" 201 - "PUT http://172.20.0.100:6001/d1/194/AUTH_3e3143917d454e4087b64e16beac682c/gnocchi.3a439215-f020-4dc6-afcd-dcba663c8d49" "tx76deabe499404fba8c373-006994bb73" "container-server 22" 0.0048 "-" 21 0
Feb 17 19:03:15 standalone container-server[126973]: 172.20.0.100 - - [17/Feb/2026:19:03:15 +0000] "PUT /d1/194/AUTH_3e3143917d454e4087b64e16beac682c/gnocchi.3a439215-f020-4dc6-afcd-dcba663c8d49" 201 - "PUT http://172.18.0.2:8080/v1/AUTH_3e3143917d454e4087b64e16beac682c/gnocchi.3a439215-f020-4dc6-afcd-dcba663c8d49" "tx76deabe499404fba8c373-006994bb73" "proxy-server 12" 0.0186 "-" 22 0
Feb 17 19:03:15 standalone proxy-server[129089]: 172.18.0.2 172.18.0.100 17/Feb/2026/19/03/15 PUT /v1/AUTH_3e3143917d454e4087b64e16beac682c/gnocchi.3a439215-f020-4dc6-afcd-dcba663c8d49 HTTP/1.0 201 - python-swiftclient-3.11.1 gAAAAABplLsH5F_G... - - - tx76deabe499404fba8c373-006994bb73 - 0.0240 - - 1771354995.888771057 1771354995.912792921 0
Feb 17 19:03:15 standalone container-server[126966]: 172.20.0.100 - - [17/Feb/2026:19:03:15 +0000] "HEAD /d1/194/AUTH_3e3143917d454e4087b64e16beac682c/gnocchi.3a439215-f020-4dc6-afcd-dcba663c8d49" 204 - "HEAD http://172.18.0.2:8080/v1/AUTH_3e3143917d454e4087b64e16beac682c/gnocchi.3a439215-f020-4dc6-afcd-dcba663c8d49?format=json&states=listing" "tx9efb71a75d6b4668848fb-006994bb73" "proxy-server 12" 0.0015 "-" 20 0
Feb 17 19:03:15 standalone proxy-server[129089]: - - 17/Feb/2026/19/03/15 HEAD /v1/AUTH_3e3143917d454e4087b64e16beac682c/gnocchi.3a439215-f020-4dc6-afcd-dcba663c8d49%3Fformat%3Djson%26states%3Dlisting HTTP/1.0 204 - Swift - - - - tx9efb71a75d6b4668848fb-006994bb73 - 0.0060 RL - 1771354995.918566942 1771354995.924591780 0
Feb 17 19:03:15 standalone container-server[126973]: 172.20.0.100 - - [17/Feb/2026:19:03:15 +0000] "GET /d1/194/AUTH_3e3143917d454e4087b64e16beac682c/gnocchi.3a439215-f020-4dc6-afcd-dcba663c8d49" 200 2 "GET http://172.18.0.2:8080/v1/AUTH_3e3143917d454e4087b64e16beac682c/gnocchi.3a439215-f020-4dc6-afcd-dcba663c8d49?format=json&states=listing" "tx9efb71a75d6b4668848fb-006994bb73" "proxy-server 12" 0.0032 "-" 22 0
Feb 17 19:03:15 standalone proxy-server[129089]: 172.18.0.2 172.18.0.100 17/Feb/2026/19/03/15 GET /v1/AUTH_3e3143917d454e4087b64e16beac682c/gnocchi.3a439215-f020-4dc6-afcd-dcba663c8d49%3Fformat%3Djson%26states%3Dlisting HTTP/1.0 200 - python-swiftclient-3.11.1 gAAAAABplLsH5F_G... - 2 - tx9efb71a75d6b4668848fb-006994bb73 - 0.0191 - - 1771354995.916938305 1771354995.936048746 0
Feb 17 19:03:15 standalone object-server[127198]: 172.20.0.100 - - [17/Feb/2026:19:03:15 +0000] "GET /d1/288/AUTH_3e3143917d454e4087b64e16beac682c/gnocchi.3a439215-f020-4dc6-afcd-dcba663c8d49/1771200000.0_mean_300.0_v3" 404 70 "GET http://172.18.0.2:8080/v1/AUTH_3e3143917d454e4087b64e16beac682c/gnocchi.3a439215-f020-4dc6-afcd-dcba663c8d49/1771200000.0_mean_300.0_v3" "tx7e9183f95ff9420dab33c-006994bb73" "proxy-server 12" 0.0005 "-" 22 0
Feb 17 19:03:15 standalone proxy-server[129089]: 172.18.0.2 172.18.0.100 17/Feb/2026/19/03/15 GET /v1/AUTH_3e3143917d454e4087b64e16beac682c/gnocchi.3a439215-f020-4dc6-afcd-dcba663c8d49/1771200000.0_mean_300.0_v3 HTTP/1.0 404 - python-swiftclient-3.11.1 gAAAAABplLsH5F_G... - 70 - tx7e9183f95ff9420dab33c-006994bb73 - 0.0079 - - 1771354995.940563917 1771354995.948472738 0
Feb 17 19:03:15 standalone container-server[126970]: 172.20.0.100 - - [17/Feb/2026:19:03:15 +0000] "PUT /d1/194/AUTH_3e3143917d454e4087b64e16beac682c/gnocchi.3a439215-f020-4dc6-afcd-dcba663c8d49/1771200000.0_mean_300.0_v3" 201 - "PUT http://172.18.0.2:8080/d1/288/AUTH_3e3143917d454e4087b64e16beac682c/gnocchi.3a439215-f020-4dc6-afcd-dcba663c8d49/1771200000.0_mean_300.0_v3" "tx183a42a611f242edb1e4d-006994bb73" "object-server 25" 0.0009 "-" 21 0
Feb 17 19:03:15 standalone object-server[127203]: 172.20.0.100 - - [17/Feb/2026:19:03:15 +0000] "PUT /d1/288/AUTH_3e3143917d454e4087b64e16beac682c/gnocchi.3a439215-f020-4dc6-afcd-dcba663c8d49/1771200000.0_mean_300.0_v3" 201 - "PUT http://172.18.0.2:8080/v1/AUTH_3e3143917d454e4087b64e16beac682c/gnocchi.3a439215-f020-4dc6-afcd-dcba663c8d49/1771200000.0_mean_300.0_v3" "tx183a42a611f242edb1e4d-006994bb73" "proxy-server 12" 0.0104 "-" 25 0
Feb 17 19:03:15 standalone proxy-server[129089]: 172.18.0.2 172.18.0.100 17/Feb/2026/19/03/15 PUT /v1/AUTH_3e3143917d454e4087b64e16beac682c/gnocchi.3a439215-f020-4dc6-afcd-dcba663c8d49/1771200000.0_mean_300.0_v3 HTTP/1.0 201 - python-swiftclient-3.11.1 gAAAAABplLsH5F_G... 16 - - tx183a42a611f242edb1e4d-006994bb73 - 0.0152 - - 1771354995.951699018 1771354995.966881275 0
Feb 17 19:03:15 standalone container-server[126966]: 172.20.0.100 - - [17/Feb/2026:19:03:15 +0000] "PUT /d1/194/AUTH_3e3143917d454e4087b64e16beac682c/gnocchi.3a439215-f020-4dc6-afcd-dcba663c8d49/none_v3" 201 - "PUT http://172.18.0.2:8080/d1/32/AUTH_3e3143917d454e4087b64e16beac682c/gnocchi.3a439215-f020-4dc6-afcd-dcba663c8d49/none_v3" "tx16d88838a5e24056ad41a-006994bb73" "object-server 22" 0.0006 "-" 20 0
Feb 17 19:03:15 standalone object-server[127198]: 172.20.0.100 - - [17/Feb/2026:19:03:15 +0000] "PUT /d1/32/AUTH_3e3143917d454e4087b64e16beac682c/gnocchi.3a439215-f020-4dc6-afcd-dcba663c8d49/none_v3" 201 - "PUT http://172.18.0.2:8080/v1/AUTH_3e3143917d454e4087b64e16beac682c/gnocchi.3a439215-f020-4dc6-afcd-dcba663c8d49/none_v3" "tx16d88838a5e24056ad41a-006994bb73" "proxy-server 12" 0.0130 "-" 22 0
Feb 17 19:03:15 standalone proxy-server[129089]: 172.18.0.2 172.18.0.100 17/Feb/2026/19/03/15 PUT /v1/AUTH_3e3143917d454e4087b64e16beac682c/gnocchi.3a439215-f020-4dc6-afcd-dcba663c8d49/none_v3 HTTP/1.0 201 - python-swiftclient-3.11.1 gAAAAABplLsH5F_G... 22 - - tx16d88838a5e24056ad41a-006994bb73 - 0.0179 - - 1771354995.969495535 1771354995.987376451 0
Feb 17 19:03:16 standalone container-server[126966]: 172.20.0.100 - - [17/Feb/2026:19:03:16 +0000] "HEAD /d1/978/AUTH_3e3143917d454e4087b64e16beac682c/gnocchi.023f2f79-40cf-427b-84b5-6c453414f1a1" 404 - "HEAD http://172.18.0.2:8080/v1/AUTH_3e3143917d454e4087b64e16beac682c/gnocchi.023f2f79-40cf-427b-84b5-6c453414f1a1?format=json&states=listing" "txf83a1352a88643efade8d-006994bb73" "proxy-server 12" 0.0004 "-" 20 0
Feb 17 19:03:16 standalone object-server[127200]: 172.20.0.100 - - [17/Feb/2026:19:03:16 +0000] "GET /d1/768/AUTH_3e3143917d454e4087b64e16beac682c/gnocchi.023f2f79-40cf-427b-84b5-6c453414f1a1/none_v3" 404 70 "GET http://172.18.0.2:8080/v1/AUTH_3e3143917d454e4087b64e16beac682c/gnocchi.023f2f79-40cf-427b-84b5-6c453414f1a1/none_v3" "txf83a1352a88643efade8d-006994bb73" "proxy-server 12" 0.0005 "-" 23 0
Feb 17 19:03:16 standalone proxy-server[129089]: 172.18.0.2 172.18.0.100 17/Feb/2026/19/03/16 GET /v1/AUTH_3e3143917d454e4087b64e16beac682c/gnocchi.023f2f79-40cf-427b-84b5-6c453414f1a1/none_v3 HTTP/1.0 404 - python-swiftclient-3.11.1 gAAAAABplLsH5F_G... - 70 - txf83a1352a88643efade8d-006994bb73 - 0.0095 - - 1771354995.996697426 1771354996.006169081 0
Feb 17 19:03:16 standalone account-server[126895]: 172.20.0.100 - - [17/Feb/2026:19:03:16 +0000] "PUT /d1/838/AUTH_3e3143917d454e4087b64e16beac682c/gnocchi.023f2f79-40cf-427b-84b5-6c453414f1a1" 201 - "PUT http://172.20.0.100:6001/d1/978/AUTH_3e3143917d454e4087b64e16beac682c/gnocchi.023f2f79-40cf-427b-84b5-6c453414f1a1" "txfd4e39d67b874d6693266-006994bb74" "container-server 22" 0.0048 "-" 21 0
Feb 17 19:03:16 standalone container-server[126973]: 172.20.0.100 - - [17/Feb/2026:19:03:16 +0000] "PUT /d1/978/AUTH_3e3143917d454e4087b64e16beac682c/gnocchi.023f2f79-40cf-427b-84b5-6c453414f1a1" 201 - "PUT http://172.18.0.2:8080/v1/AUTH_3e3143917d454e4087b64e16beac682c/gnocchi.023f2f79-40cf-427b-84b5-6c453414f1a1" "txfd4e39d67b874d6693266-006994bb74" "proxy-server 12" 0.0203 "-" 22 0
Feb 17 19:03:16 standalone proxy-server[129089]: 172.18.0.2 172.18.0.100 17/Feb/2026/19/03/16 PUT /v1/AUTH_3e3143917d454e4087b64e16beac682c/gnocchi.023f2f79-40cf-427b-84b5-6c453414f1a1 HTTP/1.0 201 - python-swiftclient-3.11.1 gAAAAABplLsH5F_G... - - - txfd4e39d67b874d6693266-006994bb74 - 0.0252 - - 1771354996.008824348 1771354996.034031391 0
Feb 17 19:03:16 standalone container-server[126966]: 172.20.0.100 - - [17/Feb/2026:19:03:16 +0000] "HEAD /d1/978/AUTH_3e3143917d454e4087b64e16beac682c/gnocchi.023f2f79-40cf-427b-84b5-6c453414f1a1" 204 - "HEAD http://172.18.0.2:8080/v1/AUTH_3e3143917d454e4087b64e16beac682c/gnocchi.023f2f79-40cf-427b-84b5-6c453414f1a1?format=json&states=listing" "tx2b610dffc2dc41b88ab3c-006994bb74" "proxy-server 12" 0.0017 "-" 20 0
Feb 17 19:03:16 standalone proxy-server[129089]: - - 17/Feb/2026/19/03/16 HEAD /v1/AUTH_3e3143917d454e4087b64e16beac682c/gnocchi.023f2f79-40cf-427b-84b5-6c453414f1a1%3Fformat%3Djson%26states%3Dlisting HTTP/1.0 204 - Swift - - - - tx2b610dffc2dc41b88ab3c-006994bb74 - 0.0048 RL - 1771354996.038431406 1771354996.043183565 0
Feb 17 19:03:16 standalone container-server[126970]: 172.20.0.100 - - [17/Feb/2026:19:03:16 +0000] "GET /d1/978/AUTH_3e3143917d454e4087b64e16beac682c/gnocchi.023f2f79-40cf-427b-84b5-6c453414f1a1" 200 2 "GET http://172.18.0.2:8080/v1/AUTH_3e3143917d454e4087b64e16beac682c/gnocchi.023f2f79-40cf-427b-84b5-6c453414f1a1?format=json&states=listing" "tx2b610dffc2dc41b88ab3c-006994bb74" "proxy-server 12" 0.0037 "-" 21 0
Feb 17 19:03:16 standalone proxy-server[129089]: 172.18.0.2 172.18.0.100 17/Feb/2026/19/03/16 GET /v1/AUTH_3e3143917d454e4087b64e16beac682c/gnocchi.023f2f79-40cf-427b-84b5-6c453414f1a1%3Fformat%3Djson%26states%3Dlisting HTTP/1.0 200 - python-swiftclient-3.11.1 gAAAAABplLsH5F_G... - 2 - tx2b610dffc2dc41b88ab3c-006994bb74 - 0.0154 - - 1771354996.037479639 1771354996.052888393 0
Feb 17 19:03:16 standalone object-server[127202]: 172.20.0.100 - - [17/Feb/2026:19:03:16 +0000] "GET /d1/723/AUTH_3e3143917d454e4087b64e16beac682c/gnocchi.023f2f79-40cf-427b-84b5-6c453414f1a1/1771200000.0_mean_300.0_v3" 404 70 "GET http://172.18.0.2:8080/v1/AUTH_3e3143917d454e4087b64e16beac682c/gnocchi.023f2f79-40cf-427b-84b5-6c453414f1a1/1771200000.0_mean_300.0_v3" "tx3e396ede793b472186da2-006994bb74" "proxy-server 12" 0.0004 "-" 24 0
Feb 17 19:03:16 standalone proxy-server[129089]: 172.18.0.2 172.18.0.100 17/Feb/2026/19/03/16 GET /v1/AUTH_3e3143917d454e4087b64e16beac682c/gnocchi.023f2f79-40cf-427b-84b5-6c453414f1a1/1771200000.0_mean_300.0_v3 HTTP/1.0 404 - python-swiftclient-3.11.1 gAAAAABplLsH5F_G... - 70 - tx3e396ede793b472186da2-006994bb74 - 0.0052 - - 1771354996.056436539 1771354996.061678648 0
Feb 17 19:03:16 standalone container-server[126973]: 172.20.0.100 - - [17/Feb/2026:19:03:16 +0000] "PUT /d1/978/AUTH_3e3143917d454e4087b64e16beac682c/gnocchi.023f2f79-40cf-427b-84b5-6c453414f1a1/1771200000.0_mean_300.0_v3" 201 - "PUT http://172.18.0.2:8080/d1/723/AUTH_3e3143917d454e4087b64e16beac682c/gnocchi.023f2f79-40cf-427b-84b5-6c453414f1a1/1771200000.0_mean_300.0_v3" "txbdfa4e1e59a54d77a531f-006994bb74" "object-server 25" 0.0010 "-" 22 0
Feb 17 19:03:16 standalone object-server[127203]: 172.20.0.100 - - [17/Feb/2026:19:03:16 +0000] "PUT /d1/723/AUTH_3e3143917d454e4087b64e16beac682c/gnocchi.023f2f79-40cf-427b-84b5-6c453414f1a1/1771200000.0_mean_300.0_v3" 201 - "PUT http://172.18.0.2:8080/v1/AUTH_3e3143917d454e4087b64e16beac682c/gnocchi.023f2f79-40cf-427b-84b5-6c453414f1a1/1771200000.0_mean_300.0_v3" "txbdfa4e1e59a54d77a531f-006994bb74" "proxy-server 12" 0.0135 "-" 25 0
Feb 17 19:03:16 standalone proxy-server[129089]: 172.18.0.2 172.18.0.100 17/Feb/2026/19/03/16 PUT /v1/AUTH_3e3143917d454e4087b64e16beac682c/gnocchi.023f2f79-40cf-427b-84b5-6c453414f1a1/1771200000.0_mean_300.0_v3 HTTP/1.0 201 - python-swiftclient-3.11.1 gAAAAABplLsH5F_G... 16 - - txbdfa4e1e59a54d77a531f-006994bb74 - 0.0203 - - 1771354996.068229198 1771354996.088542938 0
Feb 17 19:03:16 standalone container-server[126977]: 172.20.0.100 - - [17/Feb/2026:19:03:16 +0000] "PUT /d1/978/AUTH_3e3143917d454e4087b64e16beac682c/gnocchi.023f2f79-40cf-427b-84b5-6c453414f1a1/none_v3" 201 - "PUT http://172.18.0.2:8080/d1/768/AUTH_3e3143917d454e4087b64e16beac682c/gnocchi.023f2f79-40cf-427b-84b5-6c453414f1a1/none_v3" "txc352f7aec7754c5bb355f-006994bb74" "object-server 25" 0.0006 "-" 23 0
Feb 17 19:03:16 standalone object-server[127203]: 172.20.0.100 - - [17/Feb/2026:19:03:16 +0000] "PUT /d1/768/AUTH_3e3143917d454e4087b64e16beac682c/gnocchi.023f2f79-40cf-427b-84b5-6c453414f1a1/none_v3" 201 - "PUT http://172.18.0.2:8080/v1/AUTH_3e3143917d454e4087b64e16beac682c/gnocchi.023f2f79-40cf-427b-84b5-6c453414f1a1/none_v3" "txc352f7aec7754c5bb355f-006994bb74" "proxy-server 12" 0.0098 "-" 25 0
Feb 17 19:03:16 standalone proxy-server[129089]: 172.18.0.2 172.18.0.100 17/Feb/2026/19/03/16 PUT /v1/AUTH_3e3143917d454e4087b64e16beac682c/gnocchi.023f2f79-40cf-427b-84b5-6c453414f1a1/none_v3 HTTP/1.0 201 - python-swiftclient-3.11.1 gAAAAABplLsH5F_G... 22 - - txc352f7aec7754c5bb355f-006994bb74 - 0.0148 - - 1771354996.091502905 1771354996.106263638 0
Feb 17 19:03:16 standalone container-server[126977]: 172.20.0.100 - - [17/Feb/2026:19:03:16 +0000] "HEAD /d1/416/AUTH_3e3143917d454e4087b64e16beac682c/gnocchi.59310d4d-2a91-4f39-8e0b-d03460c8b5d2" 404 - "HEAD http://172.18.0.2:8080/v1/AUTH_3e3143917d454e4087b64e16beac682c/gnocchi.59310d4d-2a91-4f39-8e0b-d03460c8b5d2?format=json&states=listing" "txa05eaa208b194458b7bcb-006994bb74" "proxy-server 12" 0.0005 "-" 23 0
Feb 17 19:03:16 standalone object-server[127202]: 172.20.0.100 - - [17/Feb/2026:19:03:16 +0000] "GET /d1/846/AUTH_3e3143917d454e4087b64e16beac682c/gnocchi.59310d4d-2a91-4f39-8e0b-d03460c8b5d2/none_v3" 404 70 "GET http://172.18.0.2:8080/v1/AUTH_3e3143917d454e4087b64e16beac682c/gnocchi.59310d4d-2a91-4f39-8e0b-d03460c8b5d2/none_v3" "txa05eaa208b194458b7bcb-006994bb74" "proxy-server 12" 0.0005 "-" 24 0
Feb 17 19:03:16 standalone proxy-server[129089]: 172.18.0.2 172.18.0.100 17/Feb/2026/19/03/16 GET /v1/AUTH_3e3143917d454e4087b64e16beac682c/gnocchi.59310d4d-2a91-4f39-8e0b-d03460c8b5d2/none_v3 HTTP/1.0 404 - python-swiftclient-3.11.1 gAAAAABplLsH5F_G... - 70 - txa05eaa208b194458b7bcb-006994bb74 - 0.0117 - - 1771354996.122560740 1771354996.134217739 0
Feb 17 19:03:16 standalone account-server[126897]: 172.20.0.100 - - [17/Feb/2026:19:03:16 +0000] "PUT /d1/838/AUTH_3e3143917d454e4087b64e16beac682c/gnocchi.59310d4d-2a91-4f39-8e0b-d03460c8b5d2" 201 - "PUT http://172.20.0.100:6001/d1/416/AUTH_3e3143917d454e4087b64e16beac682c/gnocchi.59310d4d-2a91-4f39-8e0b-d03460c8b5d2" "txa37d51f6d93a44cfb5c58-006994bb74" "container-server 21" 0.0061 "-" 22 0
Feb 17 19:03:16 standalone container-server[126970]: 172.20.0.100 - - [17/Feb/2026:19:03:16 +0000] "PUT /d1/416/AUTH_3e3143917d454e4087b64e16beac682c/gnocchi.59310d4d-2a91-4f39-8e0b-d03460c8b5d2" 201 - "PUT http://172.18.0.2:8080/v1/AUTH_3e3143917d454e4087b64e16beac682c/gnocchi.59310d4d-2a91-4f39-8e0b-d03460c8b5d2" "txa37d51f6d93a44cfb5c58-006994bb74" "proxy-server 12" 0.0185 "-" 21 0
Feb 17 19:03:16 standalone proxy-server[129089]: 172.18.0.2 172.18.0.100 17/Feb/2026/19/03/16 PUT /v1/AUTH_3e3143917d454e4087b64e16beac682c/gnocchi.59310d4d-2a91-4f39-8e0b-d03460c8b5d2 HTTP/1.0 201 - python-swiftclient-3.11.1 gAAAAABplLsH5F_G... - - - txa37d51f6d93a44cfb5c58-006994bb74 - 0.0253 - - 1771354996.137702942 1771354996.163052559 0
Feb 17 19:03:16 standalone container-server[126970]: 172.20.0.100 - - [17/Feb/2026:19:03:16 +0000] "HEAD /d1/416/AUTH_3e3143917d454e4087b64e16beac682c/gnocchi.59310d4d-2a91-4f39-8e0b-d03460c8b5d2" 204 - "HEAD http://172.18.0.2:8080/v1/AUTH_3e3143917d454e4087b64e16beac682c/gnocchi.59310d4d-2a91-4f39-8e0b-d03460c8b5d2?format=json&states=listing" "txd52cf0cbc8ae4cb19a603-006994bb74" "proxy-server 12" 0.0020 "-" 21 0
Feb 17 19:03:16 standalone proxy-server[129089]: - - 17/Feb/2026/19/03/16 HEAD /v1/AUTH_3e3143917d454e4087b64e16beac682c/gnocchi.59310d4d-2a91-4f39-8e0b-d03460c8b5d2%3Fformat%3Djson%26states%3Dlisting HTTP/1.0 204 - Swift - - - - txd52cf0cbc8ae4cb19a603-006994bb74 - 0.0068 RL - 1771354996.170888901 1771354996.177704334 0
Feb 17 19:03:16 standalone container-server[126977]: 172.20.0.100 - - [17/Feb/2026:19:03:16 +0000] "GET /d1/416/AUTH_3e3143917d454e4087b64e16beac682c/gnocchi.59310d4d-2a91-4f39-8e0b-d03460c8b5d2" 200 2 "GET http://172.18.0.2:8080/v1/AUTH_3e3143917d454e4087b64e16beac682c/gnocchi.59310d4d-2a91-4f39-8e0b-d03460c8b5d2?format=json&states=listing" "txd52cf0cbc8ae4cb19a603-006994bb74" "proxy-server 12" 0.0038 "-" 23 0
Feb 17 19:03:16 standalone proxy-server[129089]: 172.18.0.2 172.18.0.100 17/Feb/2026/19/03/16 GET /v1/AUTH_3e3143917d454e4087b64e16beac682c/gnocchi.59310d4d-2a91-4f39-8e0b-d03460c8b5d2%3Fformat%3Djson%26states%3Dlisting HTTP/1.0 200 - python-swiftclient-3.11.1 gAAAAABplLsH5F_G... - 2 - txd52cf0cbc8ae4cb19a603-006994bb74 - 0.0219 - - 1771354996.168906927 1771354996.190838099 0
Feb 17 19:03:16 standalone object-server[127200]: 172.20.0.100 - - [17/Feb/2026:19:03:16 +0000] "GET /d1/867/AUTH_3e3143917d454e4087b64e16beac682c/gnocchi.59310d4d-2a91-4f39-8e0b-d03460c8b5d2/1771200000.0_mean_300.0_v3" 404 70 "GET http://172.18.0.2:8080/v1/AUTH_3e3143917d454e4087b64e16beac682c/gnocchi.59310d4d-2a91-4f39-8e0b-d03460c8b5d2/1771200000.0_mean_300.0_v3" "tx0430f00396fa449bb8507-006994bb74" "proxy-server 12" 0.0005 "-" 23 0
Feb 17 19:03:16 standalone proxy-server[129089]: 172.18.0.2 172.18.0.100 17/Feb/2026/19/03/16 GET /v1/AUTH_3e3143917d454e4087b64e16beac682c/gnocchi.59310d4d-2a91-4f39-8e0b-d03460c8b5d2/1771200000.0_mean_300.0_v3 HTTP/1.0 404 - python-swiftclient-3.11.1 gAAAAABplLsH5F_G... - 70 - tx0430f00396fa449bb8507-006994bb74 - 0.0093 - - 1771354996.195647717 1771354996.204947710 0
Feb 17 19:03:16 standalone container-server[126970]: 172.20.0.100 - - [17/Feb/2026:19:03:16 +0000] "PUT /d1/416/AUTH_3e3143917d454e4087b64e16beac682c/gnocchi.59310d4d-2a91-4f39-8e0b-d03460c8b5d2/1771200000.0_mean_300.0_v3" 201 - "PUT http://172.18.0.2:8080/d1/867/AUTH_3e3143917d454e4087b64e16beac682c/gnocchi.59310d4d-2a91-4f39-8e0b-d03460c8b5d2/1771200000.0_mean_300.0_v3" "tx9e123478936847c497deb-006994bb74" "object-server 24" 0.0009 "-" 21 0
Feb 17 19:03:16 standalone object-server[127202]: 172.20.0.100 - - [17/Feb/2026:19:03:16 +0000] "PUT /d1/867/AUTH_3e3143917d454e4087b64e16beac682c/gnocchi.59310d4d-2a91-4f39-8e0b-d03460c8b5d2/1771200000.0_mean_300.0_v3" 201 - "PUT http://172.18.0.2:8080/v1/AUTH_3e3143917d454e4087b64e16beac682c/gnocchi.59310d4d-2a91-4f39-8e0b-d03460c8b5d2/1771200000.0_mean_300.0_v3" "tx9e123478936847c497deb-006994bb74" "proxy-server 12" 0.0120 "-" 24 0
Feb 17 19:03:16 standalone proxy-server[129089]: 172.18.0.2 172.18.0.100 17/Feb/2026/19/03/16 PUT /v1/AUTH_3e3143917d454e4087b64e16beac682c/gnocchi.59310d4d-2a91-4f39-8e0b-d03460c8b5d2/1771200000.0_mean_300.0_v3 HTTP/1.0 201 - python-swiftclient-3.11.1 gAAAAABplLsH5F_G... 16 - - tx9e123478936847c497deb-006994bb74 - 0.0213 - - 1771354996.213046789 1771354996.234391451 0
Feb 17 19:03:16 standalone container-server[126977]: 172.20.0.100 - - [17/Feb/2026:19:03:16 +0000] "PUT /d1/416/AUTH_3e3143917d454e4087b64e16beac682c/gnocchi.59310d4d-2a91-4f39-8e0b-d03460c8b5d2/none_v3" 201 - "PUT http://172.18.0.2:8080/d1/846/AUTH_3e3143917d454e4087b64e16beac682c/gnocchi.59310d4d-2a91-4f39-8e0b-d03460c8b5d2/none_v3" "tx2f017d90facd4d439fdaf-006994bb74" "object-server 25" 0.0006 "-" 23 0
