Feb 17 18:48:18 standalone account-server[126679]: Started child 20 from parent 2
Feb 17 18:48:18 standalone account-server[126679]: Started child 21 from parent 2
Feb 17 18:48:18 standalone account-server[126679]: Started child 22 from parent 2
Feb 17 18:48:18 standalone account-server[126679]: Started child 23 from parent 2
Feb 17 18:48:18 standalone account-server[126695]: Starting 2
Feb 17 18:48:18 standalone container-server[126767]: Option allow_versions is deprecated. Configure the versioned_writes middleware in the proxy-server instead. This option will be ignored in a future release.
Feb 17 18:48:18 standalone container-server[126966]: Option allow_versions is deprecated. Configure the versioned_writes middleware in the proxy-server instead. This option will be ignored in a future release.
Feb 17 18:48:18 standalone container-server[126767]: Started child 20 from parent 2
Feb 17 18:48:18 standalone container-server[126970]: Option allow_versions is deprecated. Configure the versioned_writes middleware in the proxy-server instead. This option will be ignored in a future release.
Feb 17 18:48:18 standalone container-server[126767]: Started child 21 from parent 2
Feb 17 18:48:18 standalone container-server[126811]: Starting 2
Feb 17 18:48:18 standalone container-server[126973]: Option allow_versions is deprecated. Configure the versioned_writes middleware in the proxy-server instead. This option will be ignored in a future release.
Feb 17 18:48:18 standalone container-server[126767]: Started child 22 from parent 2
Feb 17 18:48:18 standalone container-server[126977]: Option allow_versions is deprecated. Configure the versioned_writes middleware in the proxy-server instead. This option will be ignored in a future release.
Feb 17 18:48:18 standalone container-server[126767]: Started child 23 from parent 2
Feb 17 18:48:18 standalone object-expirer[126999]: Starting 2
Feb 17 18:48:18 standalone object-expirer[126999]: Option auto_create_account_prefix is deprecated. Configure auto_create_account_prefix under the swift-constraints section of swift.conf. This option will be ignored in a future release.
Feb 17 18:48:18 standalone object-server[127080]: Starting 2
Feb 17 18:48:19 standalone object-server[127039]: Started child 22 from parent 2
Feb 17 18:48:19 standalone object-server[127039]: Started child 23 from parent 2
Feb 17 18:48:19 standalone object-server[127039]: Started child 24 from parent 2
Feb 17 18:48:19 standalone object-server[127039]: Started child 25 from parent 2
Feb 17 18:48:24 standalone proxy-server[128744]: Starting Keystone auth_token middleware
Feb 17 18:48:24 standalone proxy-server[128744]: AuthToken middleware is set with keystone_authtoken.service_token_roles_required set to False. This is backwards compatible but deprecated behaviour. Please set this to True.
Feb 17 18:48:25 standalone proxy-server[129089]: Starting Keystone auth_token middleware
Feb 17 18:48:25 standalone proxy-server[129089]: STDERR: The option "bind_port" is not known to keystonemiddleware
Feb 17 18:48:25 standalone proxy-server[129089]: STDERR: The option "workers" is not known to keystonemiddleware
Feb 17 18:48:25 standalone proxy-server[129089]: STDERR: The option "user" is not known to keystonemiddleware
Feb 17 18:48:25 standalone proxy-server[129089]: STDERR: The option "bind_ip" is not known to keystonemiddleware
Feb 17 18:48:25 standalone proxy-server[129089]: STDERR: The option "log_name" is not known to keystonemiddleware
Feb 17 18:48:25 standalone proxy-server[129089]: STDERR: The option "log_facility" is not known to keystonemiddleware
Feb 17 18:48:25 standalone proxy-server[129089]: STDERR: The option "log_level" is not known to keystonemiddleware
Feb 17 18:48:25 standalone proxy-server[129089]: STDERR: The option "log_headers" is not known to keystonemiddleware
Feb 17 18:48:25 standalone proxy-server[129089]: STDERR: The option "log_address" is not known to keystonemiddleware
Feb 17 18:48:25 standalone proxy-server[129089]: STDERR: The option "project_name" is not known to keystonemiddleware
Feb 17 18:48:25 standalone proxy-server[129089]: STDERR: The option "username" is not known to keystonemiddleware
Feb 17 18:48:25 standalone proxy-server[129089]: STDERR: The option "password" is not known to keystonemiddleware
Feb 17 18:48:25 standalone proxy-server[129089]: STDERR: The option "auth_url" is not known to keystonemiddleware
Feb 17 18:48:25 standalone proxy-server[129089]: STDERR: The option "signing_dir" is not known to keystonemiddleware
Feb 17 18:48:25 standalone proxy-server[129089]: STDERR: The option "project_domain_id" is not known to keystonemiddleware
Feb 17 18:48:25 standalone proxy-server[129089]: STDERR: The option "user_domain_id" is not known to keystonemiddleware
Feb 17 18:48:25 standalone proxy-server[129089]: STDERR: The option "__name__" is not known to keystonemiddleware
Feb 17 18:48:25 standalone proxy-server[129089]: AuthToken middleware is set with keystone_authtoken.service_token_roles_required set to False. This is backwards compatible but deprecated behaviour. Please set this to True.
Feb 17 18:48:25 standalone proxy-server[128744]: Started child 12 from parent 2
Feb 17 18:48:43 standalone account-server[126895]: 172.20.0.100 - - [17/Feb/2026:18:48:43 +0000] "HEAD /d1/393/.expiring_objects" 404 - "HEAD http://localhost/v1/.expiring_objects?format=json" "tx561cc3dfdb4f442bb28c3-006994b80b" "proxy-server 2" 0.0018 "-" 21 -
Feb 17 18:48:43 standalone object-expirer[126999]: Pass completed in 0s; 0 objects expired (txn: tx561cc3dfdb4f442bb28c3-006994b80b)
Feb 17 18:50:00 standalone object-server[127080]: Begin object update sweep
Feb 17 18:50:00 standalone object-server[139993]: Object update sweep starting on /srv/node/d1 (pid: 11)
Feb 17 18:50:00 standalone object-server[139993]: Object update sweep completed on /srv/node/d1 in 0.00s seconds:, 0 successes, 0 failures, 0 quarantines, 0 unlinks, 0 errors, 0 redirects (pid: 11)
Feb 17 18:50:00 standalone object-server[139993]: Object update sweep of d1 completed: 0.00s, 0 successes, 0 failures, 0 quarantines, 0 unlinks, 0 errors, 0 redirects
Feb 17 18:50:00 standalone object-server[127080]: Object update sweep completed: 0.08s
Feb 17 18:50:04 standalone account-server[126901]: 172.20.0.100 - - [17/Feb/2026:18:50:04 +0000] "HEAD /d1/393/.expiring_objects" 404 - "HEAD http://localhost/v1/.expiring_objects?format=json" "txe9003ca9a8fd4d46b78b5-006994b85c" "proxy-server 2" 0.0010 "-" 23 -
Feb 17 18:50:04 standalone object-expirer[126999]: Pass completed in 0s; 0 objects expired (txn: txe9003ca9a8fd4d46b78b5-006994b85c)
Feb 17 18:50:43 standalone account-server[126897]: 172.20.0.100 - - [17/Feb/2026:18:50:43 +0000] "HEAD /d1/393/.expiring_objects" 404 - "HEAD http://localhost/v1/.expiring_objects?format=json" "tx54befa2339b64961ba9ee-006994b883" "proxy-server 2" 0.0027 "-" 22 -
Feb 17 18:50:43 standalone object-expirer[126999]: Pass completed in 0s; 0 objects expired (txn: tx54befa2339b64961ba9ee-006994b883)
Feb 17 18:52:52 standalone container-server[126811]: Begin container update sweep
Feb 17 18:52:52 standalone container-server[126811]: Container update sweep completed: 0.00s
Feb 17 18:53:09 standalone account-server[126897]: 172.20.0.100 - - [17/Feb/2026:18:53:09 +0000] "HEAD /d1/393/.expiring_objects" 404 - "HEAD http://localhost/v1/.expiring_objects?format=json" "txac01eede13f34ad68eb67-006994b915" "proxy-server 2" 0.0005 "-" 22 -
Feb 17 18:53:09 standalone object-expirer[126999]: Pass completed in 0s; 0 objects expired (txn: txac01eede13f34ad68eb67-006994b915)
Feb 17 18:55:00 standalone object-server[127080]: Begin object update sweep
Feb 17 18:55:00 standalone object-server[174797]: Object update sweep starting on /srv/node/d1 (pid: 13)
Feb 17 18:55:00 standalone object-server[174797]: Object update sweep completed on /srv/node/d1 in 0.00s seconds:, 0 successes, 0 failures, 0 quarantines, 0 unlinks, 0 errors, 0 redirects (pid: 13)
Feb 17 18:55:00 standalone object-server[174797]: Object update sweep of d1 completed: 0.00s, 0 successes, 0 failures, 0 quarantines, 0 unlinks, 0 errors, 0 redirects
Feb 17 18:55:00 standalone object-server[127080]: Object update sweep completed: 0.07s
Feb 17 18:56:54 standalone account-server[126901]: 172.20.0.100 - - [17/Feb/2026:18:56:54 +0000] "HEAD /d1/393/.expiring_objects" 404 - "HEAD http://localhost/v1/.expiring_objects?format=json" "tx53cacf22c3cc435ba5fed-006994b9f6" "proxy-server 2" 0.0007 "-" 23 -
Feb 17 18:56:54 standalone object-expirer[126999]: Pass completed in 0s; 0 objects expired (txn: tx53cacf22c3cc435ba5fed-006994b9f6)
Feb 17 18:57:13 standalone account-server[126895]: 172.20.0.100 - - [17/Feb/2026:18:57:13 +0000] "HEAD /d1/393/.expiring_objects" 404 - "HEAD http://localhost/v1/.expiring_objects?format=json" "txf8e968ab9b504f74b8375-006994ba09" "proxy-server 2" 0.0004 "-" 21 -
Feb 17 18:57:13 standalone object-expirer[126999]: Pass completed in 0s; 0 objects expired (txn: txf8e968ab9b504f74b8375-006994ba09)
Feb 17 18:57:50 standalone account-server[126897]: 172.20.0.100 - - [17/Feb/2026:18:57:50 +0000] "HEAD /d1/393/.expiring_objects" 404 - "HEAD http://localhost/v1/.expiring_objects?format=json" "tx665d631c16e04a7083b95-006994ba2e" "proxy-server 2" 0.0005 "-" 22 -
Feb 17 18:57:50 standalone object-expirer[126999]: Pass completed in 0s; 0 objects expired (txn: tx665d631c16e04a7083b95-006994ba2e)
Feb 17 18:57:52 standalone container-server[126811]: Begin container update sweep
Feb 17 18:57:52 standalone container-server[126811]: Container update sweep completed: 0.00s
Feb 17 19:00:01 standalone object-server[127080]: Begin object update sweep
Feb 17 19:00:01 standalone object-server[215040]: Object update sweep starting on /srv/node/d1 (pid: 14)
Feb 17 19:00:01 standalone object-server[215040]: Object update sweep completed on /srv/node/d1 in 0.00s seconds:, 0 successes, 0 failures, 0 quarantines, 0 unlinks, 0 errors, 0 redirects (pid: 14)
Feb 17 19:00:01 standalone object-server[215040]: Object update sweep of d1 completed: 0.00s, 0 successes, 0 failures, 0 quarantines, 0 unlinks, 0 errors, 0 redirects
Feb 17 19:00:01 standalone object-server[127080]: Object update sweep completed: 0.16s
Feb 17 19:00:35 standalone account-server[126901]: 172.20.0.100 - - [17/Feb/2026:19:00:35 +0000] "HEAD /d1/393/.expiring_objects" 404 - "HEAD http://localhost/v1/.expiring_objects?format=json" "tx373effd3bf7847bd92ec7-006994bad3" "proxy-server 2" 0.0009 "-" 23 -
Feb 17 19:00:35 standalone object-expirer[126999]: Pass completed in 0s; 0 objects expired (txn: tx373effd3bf7847bd92ec7-006994bad3)
Feb 17 19:01:27 standalone account-server[126901]: 172.20.0.100 - - [17/Feb/2026:19:01:27 +0000] "HEAD /d1/838/AUTH_3e3143917d454e4087b64e16beac682c" 404 - "HEAD http://172.18.0.2:8080/v1/AUTH_3e3143917d454e4087b64e16beac682c?format=json" "txb766bb83c971464e967bf-006994bb07" "proxy-server 12" 0.0011 "-" 23 -
Feb 17 19:01:27 standalone proxy-server[129089]: - - 17/Feb/2026/19/01/27 HEAD /v1/AUTH_3e3143917d454e4087b64e16beac682c%3Fformat%3Djson HTTP/1.0 200 - Swift - - - - txb766bb83c971464e967bf-006994bb07 - 0.0066 RL - 1771354887.258958578 1771354887.265525818 -
Feb 17 19:01:27 standalone object-server[127198]: 172.20.0.100 - - [17/Feb/2026:19:01:27 +0000] "GET /d1/843/AUTH_3e3143917d454e4087b64e16beac682c/gnocchi.499a7bd6-5256-461a-be2c-c99dded7dfe3/none_v3" 404 70 "GET http://172.18.0.2:8080/v1/AUTH_3e3143917d454e4087b64e16beac682c/gnocchi.499a7bd6-5256-461a-be2c-c99dded7dfe3/none_v3" "txb766bb83c971464e967bf-006994bb07" "proxy-server 12" 0.0013 "-" 22 0
Feb 17 19:01:27 standalone proxy-server[129089]: 172.18.0.2 172.18.0.100 17/Feb/2026/19/01/27 GET /v1/AUTH_3e3143917d454e4087b64e16beac682c/gnocchi.499a7bd6-5256-461a-be2c-c99dded7dfe3/none_v3 HTTP/1.0 404 - python-swiftclient-3.11.1 gAAAAABplLsH5F_G... - 70 - txb766bb83c971464e967bf-006994bb07 - 0.3983 - - 1771354887.256298304 1771354887.654611349 0
Feb 17 19:01:27 standalone account-server[126891]: 172.20.0.100 - - [17/Feb/2026:19:01:27 +0000] "PUT /d1/838/AUTH_3e3143917d454e4087b64e16beac682c" 201 - "-" "txe1438f7897aa4c139988a-006994bb07" "-" 0.0180 "-" 20 -
Feb 17 19:01:27 standalone proxy-server[129089]: autocreate account '/AUTH_3e3143917d454e4087b64e16beac682c' (txn: txe1438f7897aa4c139988a-006994bb07)
Feb 17 19:01:27 standalone account-server[126901]: 172.20.0.100 - - [17/Feb/2026:19:01:27 +0000] "HEAD /d1/838/AUTH_3e3143917d454e4087b64e16beac682c" 204 - "HEAD http://172.18.0.2:8080/v1/AUTH_3e3143917d454e4087b64e16beac682c?format=json" "txe1438f7897aa4c139988a-006994bb07" "proxy-server 12" 0.0033 "-" 23 -
Feb 17 19:01:27 standalone account-server[126901]: 172.20.0.100 - - [17/Feb/2026:19:01:27 +0000] "PUT /d1/838/AUTH_3e3143917d454e4087b64e16beac682c/gnocchi.499a7bd6-5256-461a-be2c-c99dded7dfe3" 201 - "PUT http://172.20.0.100:6001/d1/723/AUTH_3e3143917d454e4087b64e16beac682c/gnocchi.499a7bd6-5256-461a-be2c-c99dded7dfe3" "txe1438f7897aa4c139988a-006994bb07" "container-server 21" 0.0025 "-" 23 0
Feb 17 19:01:27 standalone container-server[126970]: 172.20.0.100 - - [17/Feb/2026:19:01:27 +0000] "PUT /d1/723/AUTH_3e3143917d454e4087b64e16beac682c/gnocchi.499a7bd6-5256-461a-be2c-c99dded7dfe3" 201 - "PUT http://172.18.0.2:8080/v1/AUTH_3e3143917d454e4087b64e16beac682c/gnocchi.499a7bd6-5256-461a-be2c-c99dded7dfe3" "txe1438f7897aa4c139988a-006994bb07" "proxy-server 12" 0.0163 "-" 21 0
Feb 17 19:01:27 standalone proxy-server[129089]: 172.18.0.2 172.18.0.100 17/Feb/2026/19/01/27 PUT /v1/AUTH_3e3143917d454e4087b64e16beac682c/gnocchi.499a7bd6-5256-461a-be2c-c99dded7dfe3 HTTP/1.0 201 - python-swiftclient-3.11.1 gAAAAABplLsH5F_G... - - - txe1438f7897aa4c139988a-006994bb07 - 0.0539 - - 1771354887.657799721 1771354887.711653233 0
Feb 17 19:01:27 standalone container-server[126966]: 172.20.0.100 - - [17/Feb/2026:19:01:27 +0000] "HEAD /d1/723/AUTH_3e3143917d454e4087b64e16beac682c/gnocchi.499a7bd6-5256-461a-be2c-c99dded7dfe3" 204 - "HEAD http://172.18.0.2:8080/v1/AUTH_3e3143917d454e4087b64e16beac682c/gnocchi.499a7bd6-5256-461a-be2c-c99dded7dfe3?format=json&states=listing" "tx600bb272de2749abaa657-006994bb07" "proxy-server 12" 0.0045 "-" 20 0
Feb 17 19:01:27 standalone proxy-server[129089]: - - 17/Feb/2026/19/01/27 HEAD /v1/AUTH_3e3143917d454e4087b64e16beac682c/gnocchi.499a7bd6-5256-461a-be2c-c99dded7dfe3%3Fformat%3Djson%26states%3Dlisting HTTP/1.0 204 - Swift - - - - tx600bb272de2749abaa657-006994bb07 - 0.0105 RL - 1771354887.716928720 1771354887.727389336 0
Feb 17 19:01:27 standalone container-server[126977]: 172.20.0.100 - - [17/Feb/2026:19:01:27 +0000] "GET /d1/723/AUTH_3e3143917d454e4087b64e16beac682c/gnocchi.499a7bd6-5256-461a-be2c-c99dded7dfe3" 200 2 "GET http://172.18.0.2:8080/v1/AUTH_3e3143917d454e4087b64e16beac682c/gnocchi.499a7bd6-5256-461a-be2c-c99dded7dfe3?format=json&states=listing" "tx600bb272de2749abaa657-006994bb07" "proxy-server 12" 0.0031 "-" 23 0
Feb 17 19:01:27 standalone proxy-server[129089]: 172.18.0.2 172.18.0.100 17/Feb/2026/19/01/27 GET /v1/AUTH_3e3143917d454e4087b64e16beac682c/gnocchi.499a7bd6-5256-461a-be2c-c99dded7dfe3%3Fformat%3Djson%26states%3Dlisting HTTP/1.0 200 - python-swiftclient-3.11.1 gAAAAABplLsH5F_G... - 2 - tx600bb272de2749abaa657-006994bb07 - 0.0278 - - 1771354887.715440989 1771354887.743238926 0
Feb 17 19:01:27 standalone object-server[127202]: 172.20.0.100 - - [17/Feb/2026:19:01:27 +0000] "GET /d1/87/AUTH_3e3143917d454e4087b64e16beac682c/gnocchi.499a7bd6-5256-461a-be2c-c99dded7dfe3/1771200000.0_mean_300.0_v3" 404 70 "GET http://172.18.0.2:8080/v1/AUTH_3e3143917d454e4087b64e16beac682c/gnocchi.499a7bd6-5256-461a-be2c-c99dded7dfe3/1771200000.0_mean_300.0_v3" "txda5a09f598194839b15d2-006994bb07" "proxy-server 12" 0.0009 "-" 24 0
Feb 17 19:01:27 standalone proxy-server[129089]: 172.18.0.2 172.18.0.100 17/Feb/2026/19/01/27 GET /v1/AUTH_3e3143917d454e4087b64e16beac682c/gnocchi.499a7bd6-5256-461a-be2c-c99dded7dfe3/1771200000.0_mean_300.0_v3 HTTP/1.0 404 - python-swiftclient-3.11.1 gAAAAABplLsH5F_G... - 70 - txda5a09f598194839b15d2-006994bb07 - 0.0082 - - 1771354887.748513460 1771354887.756730080 0
Feb 17 19:01:27 standalone container-server[126973]: 172.20.0.100 - - [17/Feb/2026:19:01:27 +0000] "PUT /d1/723/AUTH_3e3143917d454e4087b64e16beac682c/gnocchi.499a7bd6-5256-461a-be2c-c99dded7dfe3/1771200000.0_mean_300.0_v3" 201 - "PUT http://172.18.0.2:8080/d1/87/AUTH_3e3143917d454e4087b64e16beac682c/gnocchi.499a7bd6-5256-461a-be2c-c99dded7dfe3/1771200000.0_mean_300.0_v3" "tx08ce6009f469475585bd2-006994bb07" "object-server 22" 0.0021 "-" 22 0
Feb 17 19:01:27 standalone object-server[127198]: 172.20.0.100 - - [17/Feb/2026:19:01:27 +0000] "PUT /d1/87/AUTH_3e3143917d454e4087b64e16beac682c/gnocchi.499a7bd6-5256-461a-be2c-c99dded7dfe3/1771200000.0_mean_300.0_v3" 201 - "PUT http://172.18.0.2:8080/v1/AUTH_3e3143917d454e4087b64e16beac682c/gnocchi.499a7bd6-5256-461a-be2c-c99dded7dfe3/1771200000.0_mean_300.0_v3" "tx08ce6009f469475585bd2-006994bb07" "proxy-server 12" 0.0379 "-" 22 0
Feb 17 19:01:27 standalone proxy-server[129089]: 172.18.0.2 172.18.0.100 17/Feb/2026/19/01/27 PUT /v1/AUTH_3e3143917d454e4087b64e16beac682c/gnocchi.499a7bd6-5256-461a-be2c-c99dded7dfe3/1771200000.0_mean_300.0_v3 HTTP/1.0 201 - python-swiftclient-3.11.1 gAAAAABplLsH5F_G... 16 - - tx08ce6009f469475585bd2-006994bb07 - 0.0445 - - 1771354887.759614229 1771354887.804136515 0
Feb 17 19:01:27 standalone container-server[126973]: 172.20.0.100 - - [17/Feb/2026:19:01:27 +0000] "PUT /d1/723/AUTH_3e3143917d454e4087b64e16beac682c/gnocchi.499a7bd6-5256-461a-be2c-c99dded7dfe3/none_v3" 201 - "PUT http://172.18.0.2:8080/d1/843/AUTH_3e3143917d454e4087b64e16beac682c/gnocchi.499a7bd6-5256-461a-be2c-c99dded7dfe3/none_v3" "txa332c609751347b19bf94-006994bb07" "object-server 23" 0.0004 "-" 22 0
Feb 17 19:01:27 standalone object-server[127200]: 172.20.0.100 - - [17/Feb/2026:19:01:27 +0000] "PUT /d1/843/AUTH_3e3143917d454e4087b64e16beac682c/gnocchi.499a7bd6-5256-461a-be2c-c99dded7dfe3/none_v3" 201 - "PUT http://172.18.0.2:8080/v1/AUTH_3e3143917d454e4087b64e16beac682c/gnocchi.499a7bd6-5256-461a-be2c-c99dded7dfe3/none_v3" "txa332c609751347b19bf94-006994bb07" "proxy-server 12" 0.0461 "-" 23 0
Feb 17 19:01:27 standalone proxy-server[129089]: 172.18.0.2 172.18.0.100 17/Feb/2026/19/01/27 PUT /v1/AUTH_3e3143917d454e4087b64e16beac682c/gnocchi.499a7bd6-5256-461a-be2c-c99dded7dfe3/none_v3 HTTP/1.0 201 - python-swiftclient-3.11.1 gAAAAABplLsH5F_G... 22 - - txa332c609751347b19bf94-006994bb07 - 0.0557 - - 1771354887.807570457 1771354887.863262415 0
Feb 17 19:01:42 standalone account-server[126891]: 172.20.0.100 - - [17/Feb/2026:19:01:42 +0000] "HEAD /d1/393/.expiring_objects" 404 - "HEAD http://localhost/v1/.expiring_objects?format=json" "tx67b5d37f2b49410fb717f-006994bb16" "proxy-server 2" 0.0015 "-" 20 -
Feb 17 19:01:42 standalone object-expirer[126999]: Pass completed in 0s; 0 objects expired (txn: tx67b5d37f2b49410fb717f-006994bb16)
Feb 17 19:01:57 standalone object-server[127203]: 172.20.0.100 - - [17/Feb/2026:19:01:57 +0000] "GET /d1/843/AUTH_3e3143917d454e4087b64e16beac682c/gnocchi.499a7bd6-5256-461a-be2c-c99dded7dfe3/none_v3" 200 22 "GET http://172.18.0.2:8080/v1/AUTH_3e3143917d454e4087b64e16beac682c/gnocchi.499a7bd6-5256-461a-be2c-c99dded7dfe3/none_v3" "txbef33fc6d8124550a505b-006994bb25" "proxy-server 12" 0.0021 "-" 25 0
Feb 17 19:01:57 standalone proxy-server[129089]: 172.18.0.2 172.18.0.100 17/Feb/2026/19/01/57 GET /v1/AUTH_3e3143917d454e4087b64e16beac682c/gnocchi.499a7bd6-5256-461a-be2c-c99dded7dfe3/none_v3 HTTP/1.0 200 - python-swiftclient-3.11.1 gAAAAABplLsH5F_G... - 22 - txbef33fc6d8124550a505b-006994bb25 - 0.0235 - - 1771354917.024821758 1771354917.048278332 0
Feb 17 19:01:57 standalone container-server[126977]: 172.20.0.100 - - [17/Feb/2026:19:01:57 +0000] "GET /d1/723/AUTH_3e3143917d454e4087b64e16beac682c/gnocchi.499a7bd6-5256-461a-be2c-c99dded7dfe3" 200 357 "GET http://172.18.0.2:8080/v1/AUTH_3e3143917d454e4087b64e16beac682c/gnocchi.499a7bd6-5256-461a-be2c-c99dded7dfe3?format=json&states=listing" "tx436b77dda442482ca30be-006994bb25" "proxy-server 12" 0.0167 "-" 23 0
Feb 17 19:01:57 standalone proxy-server[129089]: 172.18.0.2 172.18.0.100 17/Feb/2026/19/01/57 GET /v1/AUTH_3e3143917d454e4087b64e16beac682c/gnocchi.499a7bd6-5256-461a-be2c-c99dded7dfe3%3Fformat%3Djson%26states%3Dlisting HTTP/1.0 200 - python-swiftclient-3.11.1 gAAAAABplLsH5F_G... - 357 - tx436b77dda442482ca30be-006994bb25 - 0.0291 - - 1771354917.055896521 1771354917.085004330 0
Feb 17 19:01:57 standalone container-server[126970]: 172.20.0.100 - - [17/Feb/2026:19:01:57 +0000] "GET /d1/723/AUTH_3e3143917d454e4087b64e16beac682c/gnocchi.499a7bd6-5256-461a-be2c-c99dded7dfe3" 200 2 "GET http://172.18.0.2:8080/v1/AUTH_3e3143917d454e4087b64e16beac682c/gnocchi.499a7bd6-5256-461a-be2c-c99dded7dfe3?format=json&marker=none_v3&states=listing" "tx1b6511b0f3d14797ab33e-006994bb25" "proxy-server 12" 0.0031 "-" 21 0
Feb 17 19:01:57 standalone proxy-server[129089]: 172.18.0.2 172.18.0.100 17/Feb/2026/19/01/57 GET /v1/AUTH_3e3143917d454e4087b64e16beac682c/gnocchi.499a7bd6-5256-461a-be2c-c99dded7dfe3%3Fformat%3Djson%26marker%3Dnone_v3%26states%3Dlisting HTTP/1.0 200 - python-swiftclient-3.11.1 gAAAAABplLsH5F_G... - 2 - tx1b6511b0f3d14797ab33e-006994bb25 - 0.0117 - - 1771354917.088662863 1771354917.100376844 0
Feb 17 19:01:57 standalone object-server[127202]: 172.20.0.100 - - [17/Feb/2026:19:01:57 +0000] "GET /d1/87/AUTH_3e3143917d454e4087b64e16beac682c/gnocchi.499a7bd6-5256-461a-be2c-c99dded7dfe3/1771200000.0_mean_300.0_v3" 200 16 "GET http://172.18.0.2:8080/v1/AUTH_3e3143917d454e4087b64e16beac682c/gnocchi.499a7bd6-5256-461a-be2c-c99dded7dfe3/1771200000.0_mean_300.0_v3" "tx99d106f251f94469985ca-006994bb25" "proxy-server 12" 0.0009 "-" 24 0
Feb 17 19:01:57 standalone proxy-server[129089]: 172.18.0.2 172.18.0.100 17/Feb/2026/19/01/57 GET /v1/AUTH_3e3143917d454e4087b64e16beac682c/gnocchi.499a7bd6-5256-461a-be2c-c99dded7dfe3/1771200000.0_mean_300.0_v3 HTTP/1.0 200 - python-swiftclient-3.11.1 gAAAAABplLsH5F_G... - 16 - tx99d106f251f94469985ca-006994bb25 - 0.0122 - - 1771354917.105076551 1771354917.117261171 0
Feb 17 19:01:57 standalone container-server[126970]: 172.20.0.100 - - [17/Feb/2026:19:01:57 +0000] "PUT /d1/723/AUTH_3e3143917d454e4087b64e16beac682c/gnocchi.499a7bd6-5256-461a-be2c-c99dded7dfe3/1771200000.0_mean_300.0_v3" 201 - "PUT http://172.18.0.2:8080/d1/87/AUTH_3e3143917d454e4087b64e16beac682c/gnocchi.499a7bd6-5256-461a-be2c-c99dded7dfe3/1771200000.0_mean_300.0_v3" "txd5d279b1064e444c8ac9d-006994bb25" "object-server 23" 0.0006 "-" 21 0
Feb 17 19:01:57 standalone object-server[127200]: 172.20.0.100 - - [17/Feb/2026:19:01:57 +0000] "PUT /d1/87/AUTH_3e3143917d454e4087b64e16beac682c/gnocchi.499a7bd6-5256-461a-be2c-c99dded7dfe3/1771200000.0_mean_300.0_v3" 201 - "PUT http://172.18.0.2:8080/v1/AUTH_3e3143917d454e4087b64e16beac682c/gnocchi.499a7bd6-5256-461a-be2c-c99dded7dfe3/1771200000.0_mean_300.0_v3" "txd5d279b1064e444c8ac9d-006994bb25" "proxy-server 12" 0.0109 "-" 23 0
Feb 17 19:01:57 standalone proxy-server[129089]: 172.18.0.2 172.18.0.100 17/Feb/2026/19/01/57 PUT /v1/AUTH_3e3143917d454e4087b64e16beac682c/gnocchi.499a7bd6-5256-461a-be2c-c99dded7dfe3/1771200000.0_mean_300.0_v3 HTTP/1.0 201 - python-swiftclient-3.11.1 gAAAAABplLsH5F_G... 16 - - txd5d279b1064e444c8ac9d-006994bb25 - 0.0194 - - 1771354917.120811701 1771354917.140254498 0
Feb 17 19:01:57 standalone container-server[126973]: 172.20.0.100 - - [17/Feb/2026:19:01:57 +0000] "PUT /d1/723/AUTH_3e3143917d454e4087b64e16beac682c/gnocchi.499a7bd6-5256-461a-be2c-c99dded7dfe3/none_v3" 201 - "PUT http://172.18.0.2:8080/d1/843/AUTH_3e3143917d454e4087b64e16beac682c/gnocchi.499a7bd6-5256-461a-be2c-c99dded7dfe3/none_v3" "txe444a82fd0a64ff3927c5-006994bb25" "object-server 25" 0.0008 "-" 22 0
Feb 17 19:01:57 standalone object-server[127203]: 172.20.0.100 - - [17/Feb/2026:19:01:57 +0000] "PUT /d1/843/AUTH_3e3143917d454e4087b64e16beac682c/gnocchi.499a7bd6-5256-461a-be2c-c99dded7dfe3/none_v3" 201 - "PUT http://172.18.0.2:8080/v1/AUTH_3e3143917d454e4087b64e16beac682c/gnocchi.499a7bd6-5256-461a-be2c-c99dded7dfe3/none_v3" "txe444a82fd0a64ff3927c5-006994bb25" "proxy-server 12" 0.0309 "-" 25 0
Feb 17 19:01:57 standalone proxy-server[129089]: 172.18.0.2 172.18.0.100 17/Feb/2026/19/01/57 PUT /v1/AUTH_3e3143917d454e4087b64e16beac682c/gnocchi.499a7bd6-5256-461a-be2c-c99dded7dfe3/none_v3 HTTP/1.0 201 - python-swiftclient-3.11.1 gAAAAABplLsH5F_G... 32 - - txe444a82fd0a64ff3927c5-006994bb25 - 0.0408 - - 1771354917.143925667 1771354917.184759617 0
Feb 17 19:02:27 standalone container-server[126977]: 172.20.0.100 - - [17/Feb/2026:19:02:27 +0000] "HEAD /d1/541/AUTH_3e3143917d454e4087b64e16beac682c/gnocchi.bcf1f98b-65eb-4278-8e73-8af466ad955c" 404 - "HEAD http://172.18.0.2:8080/v1/AUTH_3e3143917d454e4087b64e16beac682c/gnocchi.bcf1f98b-65eb-4278-8e73-8af466ad955c?format=json&states=listing" "tx323b04fdb09248708b604-006994bb43" "proxy-server 12" 0.0006 "-" 23 0
Feb 17 19:02:27 standalone object-server[127200]: 172.20.0.100 - - [17/Feb/2026:19:02:27 +0000] "GET /d1/142/AUTH_3e3143917d454e4087b64e16beac682c/gnocchi.bcf1f98b-65eb-4278-8e73-8af466ad955c/none_v3" 404 70 "GET http://172.18.0.2:8080/v1/AUTH_3e3143917d454e4087b64e16beac682c/gnocchi.bcf1f98b-65eb-4278-8e73-8af466ad955c/none_v3" "tx323b04fdb09248708b604-006994bb43" "proxy-server 12" 0.0005 "-" 23 0
Feb 17 19:02:27 standalone proxy-server[129089]: 172.18.0.2 172.18.0.100 17/Feb/2026/19/02/27 GET /v1/AUTH_3e3143917d454e4087b64e16beac682c/gnocchi.bcf1f98b-65eb-4278-8e73-8af466ad955c/none_v3 HTTP/1.0 404 - python-swiftclient-3.11.1 gAAAAABplLsH5F_G... - 70 - tx323b04fdb09248708b604-006994bb43 - 0.0117 - - 1771354947.053325891 1771354947.064999819 0
Feb 17 19:02:27 standalone account-server[126901]: 172.20.0.100 - - [17/Feb/2026:19:02:27 +0000] "PUT /d1/838/AUTH_3e3143917d454e4087b64e16beac682c/gnocchi.bcf1f98b-65eb-4278-8e73-8af466ad955c" 201 - "PUT http://172.20.0.100:6001/d1/541/AUTH_3e3143917d454e4087b64e16beac682c/gnocchi.bcf1f98b-65eb-4278-8e73-8af466ad955c" "tx5fd791c55197443bbd218-006994bb43" "container-server 20" 0.0058 "-" 23 0
Feb 17 19:02:27 standalone container-server[126966]: 172.20.0.100 - - [17/Feb/2026:19:02:27 +0000] "PUT /d1/541/AUTH_3e3143917d454e4087b64e16beac682c/gnocchi.bcf1f98b-65eb-4278-8e73-8af466ad955c" 201 - "PUT http://172.18.0.2:8080/v1/AUTH_3e3143917d454e4087b64e16beac682c/gnocchi.bcf1f98b-65eb-4278-8e73-8af466ad955c" "tx5fd791c55197443bbd218-006994bb43" "proxy-server 12" 0.0197 "-" 20 0
Feb 17 19:02:27 standalone proxy-server[129089]: 172.18.0.2 172.18.0.100 17/Feb/2026/19/02/27 PUT /v1/AUTH_3e3143917d454e4087b64e16beac682c/gnocchi.bcf1f98b-65eb-4278-8e73-8af466ad955c HTTP/1.0 201 - python-swiftclient-3.11.1 gAAAAABplLsH5F_G... - - - tx5fd791c55197443bbd218-006994bb43 - 0.0265 - - 1771354947.068360090 1771354947.094836235 0
Feb 17 19:02:27 standalone container-server[126966]: 172.20.0.100 - - [17/Feb/2026:19:02:27 +0000] "HEAD /d1/541/AUTH_3e3143917d454e4087b64e16beac682c/gnocchi.bcf1f98b-65eb-4278-8e73-8af466ad955c" 204 - "HEAD http://172.18.0.2:8080/v1/AUTH_3e3143917d454e4087b64e16beac682c/gnocchi.bcf1f98b-65eb-4278-8e73-8af466ad955c?format=json&states=listing" "txa1e7d225820d4142962e6-006994bb43" "proxy-server 12" 0.0017 "-" 20 0
Feb 17 19:02:27 standalone proxy-server[129089]: - - 17/Feb/2026/19/02/27 HEAD /v1/AUTH_3e3143917d454e4087b64e16beac682c/gnocchi.bcf1f98b-65eb-4278-8e73-8af466ad955c%3Fformat%3Djson%26states%3Dlisting HTTP/1.0 204 - Swift - - - - txa1e7d225820d4142962e6-006994bb43 - 0.0061 RL - 1771354947.099788427 1771354947.105882645 0
Feb 17 19:02:27 standalone container-server[126973]: 172.20.0.100 - - [17/Feb/2026:19:02:27 +0000] "GET /d1/541/AUTH_3e3143917d454e4087b64e16beac682c/gnocchi.bcf1f98b-65eb-4278-8e73-8af466ad955c" 200 2 "GET http://172.18.0.2:8080/v1/AUTH_3e3143917d454e4087b64e16beac682c/gnocchi.bcf1f98b-65eb-4278-8e73-8af466ad955c?format=json&states=listing" "txa1e7d225820d4142962e6-006994bb43" "proxy-server 12" 0.0037 "-" 22 0
Feb 17 19:02:27 standalone proxy-server[129089]: 172.18.0.2 172.18.0.100 17/Feb/2026/19/02/27 GET /v1/AUTH_3e3143917d454e4087b64e16beac682c/gnocchi.bcf1f98b-65eb-4278-8e73-8af466ad955c%3Fformat%3Djson%26states%3Dlisting HTTP/1.0 200 - python-swiftclient-3.11.1 gAAAAABplLsH5F_G... - 2 - txa1e7d225820d4142962e6-006994bb43 - 0.0183 - - 1771354947.098479033 1771354947.116772890 0
Feb 17 19:02:27 standalone object-server[127202]: 172.20.0.100 - - [17/Feb/2026:19:02:27 +0000] "GET /d1/315/AUTH_3e3143917d454e4087b64e16beac682c/gnocchi.bcf1f98b-65eb-4278-8e73-8af466ad955c/1771200000.0_mean_300.0_v3" 404 70 "GET http://172.18.0.2:8080/v1/AUTH_3e3143917d454e4087b64e16beac682c/gnocchi.bcf1f98b-65eb-4278-8e73-8af466ad955c/1771200000.0_mean_300.0_v3" "txb8b96da924af4d3699807-006994bb43" "proxy-server 12" 0.0005 "-" 24 0
Feb 17 19:02:27 standalone proxy-server[129089]: 172.18.0.2 172.18.0.100 17/Feb/2026/19/02/27 GET /v1/AUTH_3e3143917d454e4087b64e16beac682c/gnocchi.bcf1f98b-65eb-4278-8e73-8af466ad955c/1771200000.0_mean_300.0_v3 HTTP/1.0 404 - python-swiftclient-3.11.1 gAAAAABplLsH5F_G... - 70 - txb8b96da924af4d3699807-006994bb43 - 0.0065 - - 1771354947.120059967 1771354947.126561165 0
Feb 17 19:02:27 standalone container-server[126977]: 172.20.0.100 - - [17/Feb/2026:19:02:27 +0000] "PUT /d1/541/AUTH_3e3143917d454e4087b64e16beac682c/gnocchi.bcf1f98b-65eb-4278-8e73-8af466ad955c/1771200000.0_mean_300.0_v3" 201 - "PUT http://172.18.0.2:8080/d1/315/AUTH_3e3143917d454e4087b64e16beac682c/gnocchi.bcf1f98b-65eb-4278-8e73-8af466ad955c/1771200000.0_mean_300.0_v3" "tx6ce077c50d324a8bb5f3b-006994bb43" "object-server 22" 0.0005 "-" 23 0
Feb 17 19:02:27 standalone object-server[127198]: 172.20.0.100 - - [17/Feb/2026:19:02:27 +0000] "PUT /d1/315/AUTH_3e3143917d454e4087b64e16beac682c/gnocchi.bcf1f98b-65eb-4278-8e73-8af466ad955c/1771200000.0_mean_300.0_v3" 201 - "PUT http://172.18.0.2:8080/v1/AUTH_3e3143917d454e4087b64e16beac682c/gnocchi.bcf1f98b-65eb-4278-8e73-8af466ad955c/1771200000.0_mean_300.0_v3" "tx6ce077c50d324a8bb5f3b-006994bb43" "proxy-server 12" 0.0114 "-" 22 0
Feb 17 19:02:27 standalone proxy-server[129089]: 172.18.0.2 172.18.0.100 17/Feb/2026/19/02/27 PUT /v1/AUTH_3e3143917d454e4087b64e16beac682c/gnocchi.bcf1f98b-65eb-4278-8e73-8af466ad955c/1771200000.0_mean_300.0_v3 HTTP/1.0 201 - python-swiftclient-3.11.1 gAAAAABplLsH5F_G... 16 - - tx6ce077c50d324a8bb5f3b-006994bb43 - 0.0192 - - 1771354947.128834248 1771354947.147998571 0
Feb 17 19:02:27 standalone container-server[126973]: 172.20.0.100 - - [17/Feb/2026:19:02:27 +0000] "PUT /d1/541/AUTH_3e3143917d454e4087b64e16beac682c/gnocchi.bcf1f98b-65eb-4278-8e73-8af466ad955c/none_v3" 201 - "PUT http://172.18.0.2:8080/d1/142/AUTH_3e3143917d454e4087b64e16beac682c/gnocchi.bcf1f98b-65eb-4278-8e73-8af466ad955c/none_v3" "tx338029f1cce34318a24e6-006994bb43" "object-server 23" 0.0004 "-" 22 0
Feb 17 19:02:27 standalone object-server[127200]: 172.20.0.100 - - [17/Feb/2026:19:02:27 +0000] "PUT /d1/142/AUTH_3e3143917d454e4087b64e16beac682c/gnocchi.bcf1f98b-65eb-4278-8e73-8af466ad955c/none_v3" 201 - "PUT http://172.18.0.2:8080/v1/AUTH_3e3143917d454e4087b64e16beac682c/gnocchi.bcf1f98b-65eb-4278-8e73-8af466ad955c/none_v3" "tx338029f1cce34318a24e6-006994bb43" "proxy-server 12" 0.0095 "-" 23 0
Feb 17 19:02:27 standalone proxy-server[129089]: 172.18.0.2 172.18.0.100 17/Feb/2026/19/02/27 PUT /v1/AUTH_3e3143917d454e4087b64e16beac682c/gnocchi.bcf1f98b-65eb-4278-8e73-8af466ad955c/none_v3 HTTP/1.0 201 - python-swiftclient-3.11.1 gAAAAABplLsH5F_G... 22 - - tx338029f1cce34318a24e6-006994bb43 - 0.0193 - - 1771354947.150980234 1771354947.170287371 0
Feb 17 19:02:27 standalone account-server[126897]: 172.20.0.100 - - [17/Feb/2026:19:02:27 +0000] "HEAD /d1/838/AUTH_3e3143917d454e4087b64e16beac682c" 204 - "HEAD http://172.18.0.2:8080/v1/AUTH_3e3143917d454e4087b64e16beac682c?format=json" "tx200efc99dd4f4c769f0f3-006994bb43" "proxy-server 12" 0.0146 "-" 22 -
Feb 17 19:02:27 standalone proxy-server[129089]: - - 17/Feb/2026/19/02/27 HEAD /v1/AUTH_3e3143917d454e4087b64e16beac682c%3Fformat%3Djson HTTP/1.0 204 - Swift - - - - tx200efc99dd4f4c769f0f3-006994bb43 - 0.0194 RL - 1771354947.209716320 1771354947.229099751 -
Feb 17 19:02:27 standalone container-server[126970]: 172.20.0.100 - - [17/Feb/2026:19:02:27 +0000] "HEAD /d1/310/AUTH_3e3143917d454e4087b64e16beac682c/gnocchi.df81f492-8a4e-4b0e-a4d4-917362923912" 404 - "HEAD http://172.18.0.2:8080/v1/AUTH_3e3143917d454e4087b64e16beac682c/gnocchi.df81f492-8a4e-4b0e-a4d4-917362923912?format=json&states=listing" "tx200efc99dd4f4c769f0f3-006994bb43" "proxy-server 12" 0.0005 "-" 21 0
Feb 17 19:02:27 standalone object-server[127198]: 172.20.0.100 - - [17/Feb/2026:19:02:27 +0000] "GET /d1/1017/AUTH_3e3143917d454e4087b64e16beac682c/gnocchi.df81f492-8a4e-4b0e-a4d4-917362923912/none_v3" 404 70 "GET http://172.18.0.2:8080/v1/AUTH_3e3143917d454e4087b64e16beac682c/gnocchi.df81f492-8a4e-4b0e-a4d4-917362923912/none_v3" "tx200efc99dd4f4c769f0f3-006994bb43" "proxy-server 12" 0.0004 "-" 22 0
Feb 17 19:02:27 standalone proxy-server[129089]: 172.18.0.2 172.18.0.100 17/Feb/2026/19/02/27 GET /v1/AUTH_3e3143917d454e4087b64e16beac682c/gnocchi.df81f492-8a4e-4b0e-a4d4-917362923912/none_v3 HTTP/1.0 404 - python-swiftclient-3.11.1 gAAAAABplLsH5F_G... - 70 - tx200efc99dd4f4c769f0f3-006994bb43 - 0.0355 - - 1771354947.208572865 1771354947.244072437 0
Feb 17 19:02:27 standalone account-server[126901]: 172.20.0.100 - - [17/Feb/2026:19:02:27 +0000] "PUT /d1/838/AUTH_3e3143917d454e4087b64e16beac682c/gnocchi.df81f492-8a4e-4b0e-a4d4-917362923912" 201 - "PUT http://172.20.0.100:6001/d1/310/AUTH_3e3143917d454e4087b64e16beac682c/gnocchi.df81f492-8a4e-4b0e-a4d4-917362923912" "tx32d76a39abbd469f8af4a-006994bb43" "container-server 21" 0.0013 "-" 23 0
Feb 17 19:02:27 standalone container-server[126970]: 172.20.0.100 - - [17/Feb/2026:19:02:27 +0000] "PUT /d1/310/AUTH_3e3143917d454e4087b64e16beac682c/gnocchi.df81f492-8a4e-4b0e-a4d4-917362923912" 201 - "PUT http://172.18.0.2:8080/v1/AUTH_3e3143917d454e4087b64e16beac682c/gnocchi.df81f492-8a4e-4b0e-a4d4-917362923912" "tx32d76a39abbd469f8af4a-006994bb43" "proxy-server 12" 0.0285 "-" 21 0
Feb 17 19:02:27 standalone proxy-server[129089]: 172.18.0.2 172.18.0.100 17/Feb/2026/19/02/27 PUT /v1/AUTH_3e3143917d454e4087b64e16beac682c/gnocchi.df81f492-8a4e-4b0e-a4d4-917362923912 HTTP/1.0 201 - python-swiftclient-3.11.1 gAAAAABplLsH5F_G... - - - tx32d76a39abbd469f8af4a-006994bb43 - 0.0362 - - 1771354947.247325182 1771354947.283495665 0
Feb 17 19:02:27 standalone container-server[126973]: 172.20.0.100 - - [17/Feb/2026:19:02:27 +0000] "HEAD /d1/310/AUTH_3e3143917d454e4087b64e16beac682c/gnocchi.df81f492-8a4e-4b0e-a4d4-917362923912" 204 - "HEAD http://172.18.0.2:8080/v1/AUTH_3e3143917d454e4087b64e16beac682c/gnocchi.df81f492-8a4e-4b0e-a4d4-917362923912?format=json&states=listing" "tx09bc08b294bc49d994a4f-006994bb43" "proxy-server 12" 0.0016 "-" 22 0
Feb 17 19:02:27 standalone proxy-server[129089]: - - 17/Feb/2026/19/02/27 HEAD /v1/AUTH_3e3143917d454e4087b64e16beac682c/gnocchi.df81f492-8a4e-4b0e-a4d4-917362923912%3Fformat%3Djson%26states%3Dlisting HTTP/1.0 204 - Swift - - - - tx09bc08b294bc49d994a4f-006994bb43 - 0.0058 RL - 1771354947.288675308 1771354947.294509172 0
Feb 17 19:02:27 standalone container-server[126973]: 172.20.0.100 - - [17/Feb/2026:19:02:27 +0000] "GET /d1/310/AUTH_3e3143917d454e4087b64e16beac682c/gnocchi.df81f492-8a4e-4b0e-a4d4-917362923912" 200 2 "GET http://172.18.0.2:8080/v1/AUTH_3e3143917d454e4087b64e16beac682c/gnocchi.df81f492-8a4e-4b0e-a4d4-917362923912?format=json&states=listing" "tx09bc08b294bc49d994a4f-006994bb43" "proxy-server 12" 0.0026 "-" 22 0
Feb 17 19:02:27 standalone proxy-server[129089]: 172.18.0.2 172.18.0.100 17/Feb/2026/19/02/27 GET /v1/AUTH_3e3143917d454e4087b64e16beac682c/gnocchi.df81f492-8a4e-4b0e-a4d4-917362923912%3Fformat%3Djson%26states%3Dlisting HTTP/1.0 200 - python-swiftclient-3.11.1 gAAAAABplLsH5F_G... - 2 - tx09bc08b294bc49d994a4f-006994bb43 - 0.0181 - - 1771354947.287397861 1771354947.305470228 0
Feb 17 19:02:27 standalone object-server[127198]: 172.20.0.100 - - [17/Feb/2026:19:02:27 +0000] "GET /d1/61/AUTH_3e3143917d454e4087b64e16beac682c/gnocchi.df81f492-8a4e-4b0e-a4d4-917362923912/1771200000.0_mean_300.0_v3" 404 70 "GET http://172.18.0.2:8080/v1/AUTH_3e3143917d454e4087b64e16beac682c/gnocchi.df81f492-8a4e-4b0e-a4d4-917362923912/1771200000.0_mean_300.0_v3" "txddeb7ac9b05c43a5a747a-006994bb43" "proxy-server 12" 0.0005 "-" 22 0
Feb 17 19:02:27 standalone proxy-server[129089]: 172.18.0.2 172.18.0.100 17/Feb/2026/19/02/27 GET /v1/AUTH_3e3143917d454e4087b64e16beac682c/gnocchi.df81f492-8a4e-4b0e-a4d4-917362923912/1771200000.0_mean_300.0_v3 HTTP/1.0 404 - python-swiftclient-3.11.1 gAAAAABplLsH5F_G... - 70 - txddeb7ac9b05c43a5a747a-006994bb43 - 0.0081 - - 1771354947.309857607 1771354947.317975998 0
Feb 17 19:02:27 standalone container-server[126966]: 172.20.0.100 - - [17/Feb/2026:19:02:27 +0000] "PUT /d1/310/AUTH_3e3143917d454e4087b64e16beac682c/gnocchi.df81f492-8a4e-4b0e-a4d4-917362923912/1771200000.0_mean_300.0_v3" 201 - "PUT http://172.18.0.2:8080/d1/61/AUTH_3e3143917d454e4087b64e16beac682c/gnocchi.df81f492-8a4e-4b0e-a4d4-917362923912/1771200000.0_mean_300.0_v3" "tx49fe26d97ea144d49bc84-006994bb43" "object-server 22" 0.0008 "-" 20 0
Feb 17 19:02:27 standalone object-server[127198]: 172.20.0.100 - - [17/Feb/2026:19:02:27 +0000] "PUT /d1/61/AUTH_3e3143917d454e4087b64e16beac682c/gnocchi.df81f492-8a4e-4b0e-a4d4-917362923912/1771200000.0_mean_300.0_v3" 201 - "PUT http://172.18.0.2:8080/v1/AUTH_3e3143917d454e4087b64e16beac682c/gnocchi.df81f492-8a4e-4b0e-a4d4-917362923912/1771200000.0_mean_300.0_v3" "tx49fe26d97ea144d49bc84-006994bb43" "proxy-server 12" 0.0196 "-" 22 0
Feb 17 19:02:27 standalone proxy-server[129089]: 172.18.0.2 172.18.0.100 17/Feb/2026/19/02/27 PUT /v1/AUTH_3e3143917d454e4087b64e16beac682c/gnocchi.df81f492-8a4e-4b0e-a4d4-917362923912/1771200000.0_mean_300.0_v3 HTTP/1.0 201 - python-swiftclient-3.11.1 gAAAAABplLsH5F_G... 16 - - tx49fe26d97ea144d49bc84-006994bb43 - 0.0279 - - 1771354947.321733236 1771354947.349641800 0
Feb 17 19:02:27 standalone container-server[126970]: 172.20.0.100 - - [17/Feb/2026:19:02:27 +0000] "PUT /d1/310/AUTH_3e3143917d454e4087b64e16beac682c/gnocchi.df81f492-8a4e-4b0e-a4d4-917362923912/none_v3" 201 - "PUT http://172.18.0.2:8080/d1/1017/AUTH_3e3143917d454e4087b64e16beac682c/gnocchi.df81f492-8a4e-4b0e-a4d4-917362923912/none_v3" "tx78c5420650394ba9a9e05-006994bb43" "object-server 25" 0.0008 "-" 21 0
Feb 17 19:02:27 standalone object-server[127203]: 172.20.0.100 - - [17/Feb/2026:19:02:27 +0000] "PUT /d1/1017/AUTH_3e3143917d454e4087b64e16beac682c/gnocchi.df81f492-8a4e-4b0e-a4d4-917362923912/none_v3" 201 - "PUT http://172.18.0.2:8080/v1/AUTH_3e3143917d454e4087b64e16beac682c/gnocchi.df81f492-8a4e-4b0e-a4d4-917362923912/none_v3" "tx78c5420650394ba9a9e05-006994bb43" "proxy-server 12" 0.0344 "-" 25 0
Feb 17 19:02:27 standalone proxy-server[129089]: 172.18.0.2 172.18.0.100 17/Feb/2026/19/02/27 PUT /v1/AUTH_3e3143917d454e4087b64e16beac682c/gnocchi.df81f492-8a4e-4b0e-a4d4-917362923912/none_v3 HTTP/1.0 201 - python-swiftclient-3.11.1 gAAAAABplLsH5F_G... 22 - - tx78c5420650394ba9a9e05-006994bb43 - 0.0411 - - 1771354947.352507353 1771354947.393647671 0
Feb 17 19:02:34 standalone container-server[126966]: 172.20.0.100 - - [17/Feb/2026:19:02:34 +0000] "HEAD /d1/146/AUTH_3e3143917d454e4087b64e16beac682c/gnocchi.de0a4e89-1fb3-4406-a766-17c426799f06" 404 - "HEAD http://172.18.0.2:8080/v1/AUTH_3e3143917d454e4087b64e16beac682c/gnocchi.de0a4e89-1fb3-4406-a766-17c426799f06?format=json&states=listing" "txa6a893675a78491bad296-006994bb4a" "proxy-server 12" 0.0008 "-" 20 0
Feb 17 19:02:34 standalone object-server[127200]: 172.20.0.100 - - [17/Feb/2026:19:02:34 +0000] "GET /d1/616/AUTH_3e3143917d454e4087b64e16beac682c/gnocchi.de0a4e89-1fb3-4406-a766-17c426799f06/none_v3" 404 70 "GET http://172.18.0.2:8080/v1/AUTH_3e3143917d454e4087b64e16beac682c/gnocchi.de0a4e89-1fb3-4406-a766-17c426799f06/none_v3" "txa6a893675a78491bad296-006994bb4a" "proxy-server 12" 0.0009 "-" 23 0
Feb 17 19:02:34 standalone proxy-server[129089]: 172.18.0.2 172.18.0.100 17/Feb/2026/19/02/34 GET /v1/AUTH_3e3143917d454e4087b64e16beac682c/gnocchi.de0a4e89-1fb3-4406-a766-17c426799f06/none_v3 HTTP/1.0 404 - python-swiftclient-3.11.1 gAAAAABplLsH5F_G... - 70 - txa6a893675a78491bad296-006994bb4a - 0.0163 - - 1771354954.844063759 1771354954.860340118 0
Feb 17 19:02:34 standalone account-server[126895]: 172.20.0.100 - - [17/Feb/2026:19:02:34 +0000] "PUT /d1/838/AUTH_3e3143917d454e4087b64e16beac682c/gnocchi.de0a4e89-1fb3-4406-a766-17c426799f06" 201 - "PUT http://172.20.0.100:6001/d1/146/AUTH_3e3143917d454e4087b64e16beac682c/gnocchi.de0a4e89-1fb3-4406-a766-17c426799f06" "tx2a15523130fa4057b7282-006994bb4a" "container-server 23" 0.0054 "-" 21 0
Feb 17 19:02:34 standalone container-server[126977]: 172.20.0.100 - - [17/Feb/2026:19:02:34 +0000] "PUT /d1/146/AUTH_3e3143917d454e4087b64e16beac682c/gnocchi.de0a4e89-1fb3-4406-a766-17c426799f06" 201 - "PUT http://172.18.0.2:8080/v1/AUTH_3e3143917d454e4087b64e16beac682c/gnocchi.de0a4e89-1fb3-4406-a766-17c426799f06" "tx2a15523130fa4057b7282-006994bb4a" "proxy-server 12" 0.0186 "-" 23 0
Feb 17 19:02:34 standalone proxy-server[129089]: 172.18.0.2 172.18.0.100 17/Feb/2026/19/02/34 PUT /v1/AUTH_3e3143917d454e4087b64e16beac682c/gnocchi.de0a4e89-1fb3-4406-a766-17c426799f06 HTTP/1.0 201 - python-swiftclient-3.11.1 gAAAAABplLsH5F_G... - - - tx2a15523130fa4057b7282-006994bb4a - 0.0260 - - 1771354954.864909172 1771354954.890878201 0
Feb 17 19:02:34 standalone container-server[126973]: 172.20.0.100 - - [17/Feb/2026:19:02:34 +0000] "HEAD /d1/146/AUTH_3e3143917d454e4087b64e16beac682c/gnocchi.de0a4e89-1fb3-4406-a766-17c426799f06" 204 - "HEAD http://172.18.0.2:8080/v1/AUTH_3e3143917d454e4087b64e16beac682c/gnocchi.de0a4e89-1fb3-4406-a766-17c426799f06?format=json&states=listing" "txc2116359c209429798037-006994bb4a" "proxy-server 12" 0.0024 "-" 22 0
Feb 17 19:02:34 standalone proxy-server[129089]: - - 17/Feb/2026/19/02/34 HEAD /v1/AUTH_3e3143917d454e4087b64e16beac682c/gnocchi.de0a4e89-1fb3-4406-a766-17c426799f06%3Fformat%3Djson%26states%3Dlisting HTTP/1.0 204 - Swift - - - - txc2116359c209429798037-006994bb4a - 0.0081 RL - 1771354954.897747278 1771354954.905818701 0
Feb 17 19:02:34 standalone container-server[126970]: 172.20.0.100 - - [17/Feb/2026:19:02:34 +0000] "GET /d1/146/AUTH_3e3143917d454e4087b64e16beac682c/gnocchi.de0a4e89-1fb3-4406-a766-17c426799f06" 200 2 "GET http://172.18.0.2:8080/v1/AUTH_3e3143917d454e4087b64e16beac682c/gnocchi.de0a4e89-1fb3-4406-a766-17c426799f06?format=json&states=listing" "txc2116359c209429798037-006994bb4a" "proxy-server 12" 0.0092 "-" 21 0
Feb 17 19:02:34 standalone proxy-server[129089]: 172.18.0.2 172.18.0.100 17/Feb/2026/19/02/34 GET /v1/AUTH_3e3143917d454e4087b64e16beac682c/gnocchi.de0a4e89-1fb3-4406-a766-17c426799f06%3Fformat%3Djson%26states%3Dlisting HTTP/1.0 200 - python-swiftclient-3.11.1 gAAAAABplLsH5F_G... - 2 - txc2116359c209429798037-006994bb4a - 0.0358 - - 1771354954.895902872 1771354954.931706190 0
Feb 17 19:02:34 standalone object-server[127203]: 172.20.0.100 - - [17/Feb/2026:19:02:34 +0000] "GET /d1/133/AUTH_3e3143917d454e4087b64e16beac682c/gnocchi.de0a4e89-1fb3-4406-a766-17c426799f06/1771200000.0_mean_300.0_v3" 404 70 "GET http://172.18.0.2:8080/v1/AUTH_3e3143917d454e4087b64e16beac682c/gnocchi.de0a4e89-1fb3-4406-a766-17c426799f06/1771200000.0_mean_300.0_v3" "tx446ccd30d46744bc974e0-006994bb4a" "proxy-server 12" 0.0008 "-" 25 0
Feb 17 19:02:34 standalone proxy-server[129089]: 172.18.0.2 172.18.0.100 17/Feb/2026/19/02/34 GET /v1/AUTH_3e3143917d454e4087b64e16beac682c/gnocchi.de0a4e89-1fb3-4406-a766-17c426799f06/1771200000.0_mean_300.0_v3 HTTP/1.0 404 - python-swiftclient-3.11.1 gAAAAABplLsH5F_G... - 70 - tx446ccd30d46744bc974e0-006994bb4a - 0.0104 - - 1771354954.936827898 1771354954.947218895 0
Feb 17 19:02:34 standalone container-server[126973]: 172.20.0.100 - - [17/Feb/2026:19:02:34 +0000] "PUT /d1/146/AUTH_3e3143917d454e4087b64e16beac682c/gnocchi.de0a4e89-1fb3-4406-a766-17c426799f06/1771200000.0_mean_300.0_v3" 201 - "PUT http://172.18.0.2:8080/d1/133/AUTH_3e3143917d454e4087b64e16beac682c/gnocchi.de0a4e89-1fb3-4406-a766-17c426799f06/1771200000.0_mean_300.0_v3" "tx80916339e1b246f98f878-006994bb4a" "object-server 22" 0.0013 "-" 22 0
Feb 17 19:02:34 standalone object-server[127198]: 172.20.0.100 - - [17/Feb/2026:19:02:34 +0000] "PUT /d1/133/AUTH_3e3143917d454e4087b64e16beac682c/gnocchi.de0a4e89-1fb3-4406-a766-17c426799f06/1771200000.0_mean_300.0_v3" 201 - "PUT http://172.18.0.2:8080/v1/AUTH_3e3143917d454e4087b64e16beac682c/gnocchi.de0a4e89-1fb3-4406-a766-17c426799f06/1771200000.0_mean_300.0_v3" "tx80916339e1b246f98f878-006994bb4a" "proxy-server 12" 0.0178 "-" 22 0
Feb 17 19:02:34 standalone proxy-server[129089]: 172.18.0.2 172.18.0.100 17/Feb/2026/19/02/34 PUT /v1/AUTH_3e3143917d454e4087b64e16beac682c/gnocchi.de0a4e89-1fb3-4406-a766-17c426799f06/1771200000.0_mean_300.0_v3 HTTP/1.0 201 - python-swiftclient-3.11.1 gAAAAABplLsH5F_G... 16 - - tx80916339e1b246f98f878-006994bb4a - 0.0286 - - 1771354954.954046011 1771354954.982663870 0
Feb 17 19:02:35 standalone container-server[126973]: 172.20.0.100 - - [17/Feb/2026:19:02:35 +0000] "PUT /d1/146/AUTH_3e3143917d454e4087b64e16beac682c/gnocchi.de0a4e89-1fb3-4406-a766-17c426799f06/none_v3" 201 - "PUT http://172.18.0.2:8080/d1/616/AUTH_3e3143917d454e4087b64e16beac682c/gnocchi.de0a4e89-1fb3-4406-a766-17c426799f06/none_v3" "tx4fdda74eae254411a7854-006994bb4a" "object-server 22" 0.0008 "-" 22 0
Feb 17 19:02:35 standalone object-server[127198]: 172.20.0.100 - - [17/Feb/2026:19:02:35 +0000] "PUT /d1/616/AUTH_3e3143917d454e4087b64e16beac682c/gnocchi.de0a4e89-1fb3-4406-a766-17c426799f06/none_v3" 201 - "PUT http://172.18.0.2:8080/v1/AUTH_3e3143917d454e4087b64e16beac682c/gnocchi.de0a4e89-1fb3-4406-a766-17c426799f06/none_v3" "tx4fdda74eae254411a7854-006994bb4a" "proxy-server 12" 0.0170 "-" 22 0
Feb 17 19:02:35 standalone proxy-server[129089]: 172.18.0.2 172.18.0.100 17/Feb/2026/19/02/35 PUT /v1/AUTH_3e3143917d454e4087b64e16beac682c/gnocchi.de0a4e89-1fb3-4406-a766-17c426799f06/none_v3 HTTP/1.0 201 - python-swiftclient-3.11.1 gAAAAABplLsH5F_G... 22 - - tx4fdda74eae254411a7854-006994bb4a - 0.0287 - - 1771354954.988390684 1771354955.017058849 0
Feb 17 19:02:35 standalone container-server[126973]: 172.20.0.100 - - [17/Feb/2026:19:02:35 +0000] "HEAD /d1/272/AUTH_3e3143917d454e4087b64e16beac682c/gnocchi.4a510001-4d1e-4761-8107-ab82cde3e131" 404 - "HEAD http://172.18.0.2:8080/v1/AUTH_3e3143917d454e4087b64e16beac682c/gnocchi.4a510001-4d1e-4761-8107-ab82cde3e131?format=json&states=listing" "tx0e342de06fa8439391ad1-006994bb4b" "proxy-server 12" 0.0006 "-" 22 0
Feb 17 19:02:35 standalone object-server[127200]: 172.20.0.100 - - [17/Feb/2026:19:02:35 +0000] "GET /d1/856/AUTH_3e3143917d454e4087b64e16beac682c/gnocchi.4a510001-4d1e-4761-8107-ab82cde3e131/none_v3" 404 70 "GET http://172.18.0.2:8080/v1/AUTH_3e3143917d454e4087b64e16beac682c/gnocchi.4a510001-4d1e-4761-8107-ab82cde3e131/none_v3" "tx0e342de06fa8439391ad1-006994bb4b" "proxy-server 12" 0.0008 "-" 23 0
Feb 17 19:02:35 standalone proxy-server[129089]: 172.18.0.2 172.18.0.100 17/Feb/2026/19/02/35 GET /v1/AUTH_3e3143917d454e4087b64e16beac682c/gnocchi.4a510001-4d1e-4761-8107-ab82cde3e131/none_v3 HTTP/1.0 404 - python-swiftclient-3.11.1 gAAAAABplLsH5F_G... - 70 - tx0e342de06fa8439391ad1-006994bb4b - 0.0143 - - 1771354955.034384727 1771354955.048693180 0
Feb 17 19:02:35 standalone account-server[126897]: 172.20.0.100 - - [17/Feb/2026:19:02:35 +0000] "PUT /d1/838/AUTH_3e3143917d454e4087b64e16beac682c/gnocchi.4a510001-4d1e-4761-8107-ab82cde3e131" 201 - "PUT http://172.20.0.100:6001/d1/272/AUTH_3e3143917d454e4087b64e16beac682c/gnocchi.4a510001-4d1e-4761-8107-ab82cde3e131" "tx6d791886697f463c80fba-006994bb4b" "container-server 23" 0.0066 "-" 22 0
Feb 17 19:02:35 standalone container-server[126977]: 172.20.0.100 - - [17/Feb/2026:19:02:35 +0000] "PUT /d1/272/AUTH_3e3143917d454e4087b64e16beac682c/gnocchi.4a510001-4d1e-4761-8107-ab82cde3e131" 201 - "PUT http://172.18.0.2:8080/v1/AUTH_3e3143917d454e4087b64e16beac682c/gnocchi.4a510001-4d1e-4761-8107-ab82cde3e131" "tx6d791886697f463c80fba-006994bb4b" "proxy-server 12" 0.0222 "-" 23 0
Feb 17 19:02:35 standalone proxy-server[129089]: 172.18.0.2 172.18.0.100 17/Feb/2026/19/02/35 PUT /v1/AUTH_3e3143917d454e4087b64e16beac682c/gnocchi.4a510001-4d1e-4761-8107-ab82cde3e131 HTTP/1.0 201 - python-swiftclient-3.11.1 gAAAAABplLsH5F_G... - - - tx6d791886697f463c80fba-006994bb4b - 0.0294 - - 1771354955.052947760 1771354955.082321167 0
Feb 17 19:02:35 standalone container-server[126966]: 172.20.0.100 - - [17/Feb/2026:19:02:35 +0000] "HEAD /d1/272/AUTH_3e3143917d454e4087b64e16beac682c/gnocchi.4a510001-4d1e-4761-8107-ab82cde3e131" 204 - "HEAD http://172.18.0.2:8080/v1/AUTH_3e3143917d454e4087b64e16beac682c/gnocchi.4a510001-4d1e-4761-8107-ab82cde3e131?format=json&states=listing" "tx0cb14327d67c4747b7bf6-006994bb4b" "proxy-server 12" 0.0026 "-" 20 0
Feb 17 19:02:35 standalone proxy-server[129089]: - - 17/Feb/2026/19/02/35 HEAD /v1/AUTH_3e3143917d454e4087b64e16beac682c/gnocchi.4a510001-4d1e-4761-8107-ab82cde3e131%3Fformat%3Djson%26states%3Dlisting HTTP/1.0 204 - Swift - - - - tx0cb14327d67c4747b7bf6-006994bb4b - 0.0093 RL - 1771354955.089735746 1771354955.099025965 0
Feb 17 19:02:35 standalone container-server[126977]: 172.20.0.100 - - [17/Feb/2026:19:02:35 +0000] "GET /d1/272/AUTH_3e3143917d454e4087b64e16beac682c/gnocchi.4a510001-4d1e-4761-8107-ab82cde3e131" 200 2 "GET http://172.18.0.2:8080/v1/AUTH_3e3143917d454e4087b64e16beac682c/gnocchi.4a510001-4d1e-4761-8107-ab82cde3e131?format=json&states=listing" "tx0cb14327d67c4747b7bf6-006994bb4b" "proxy-server 12" 0.0035 "-" 23 0
