Feb 17 19:03:17 standalone proxy-server[129089]: 172.18.0.2 172.18.0.100 17/Feb/2026/19/03/17 PUT /v1/AUTH_3e3143917d454e4087b64e16beac682c/gnocchi.889ae898-dfd3-4f43-86dc-db6cd56369cd/none_v3 HTTP/1.0 201 - python-swiftclient-3.11.1 gAAAAABplLsH5F_G... 22 - - tx83398ea040644e8da8004-006994bb75 - 0.0220 - - 1771354997.412302017 1771354997.434350729 0
Feb 17 19:03:17 standalone container-server[126977]: 172.20.0.100 - - [17/Feb/2026:19:03:17 +0000] "HEAD /d1/58/AUTH_3e3143917d454e4087b64e16beac682c/gnocchi.8b02aff6-0ea3-4a47-9041-5516296df0c1" 404 - "HEAD http://172.18.0.2:8080/v1/AUTH_3e3143917d454e4087b64e16beac682c/gnocchi.8b02aff6-0ea3-4a47-9041-5516296df0c1?format=json&states=listing" "tx434e9e25c74f491f8b9ba-006994bb75" "proxy-server 12" 0.0006 "-" 23 0
Feb 17 19:03:17 standalone object-server[127202]: 172.20.0.100 - - [17/Feb/2026:19:03:17 +0000] "GET /d1/414/AUTH_3e3143917d454e4087b64e16beac682c/gnocchi.8b02aff6-0ea3-4a47-9041-5516296df0c1/none_v3" 404 70 "GET http://172.18.0.2:8080/v1/AUTH_3e3143917d454e4087b64e16beac682c/gnocchi.8b02aff6-0ea3-4a47-9041-5516296df0c1/none_v3" "tx434e9e25c74f491f8b9ba-006994bb75" "proxy-server 12" 0.0003 "-" 24 0
Feb 17 19:03:17 standalone proxy-server[129089]: 172.18.0.2 172.18.0.100 17/Feb/2026/19/03/17 GET /v1/AUTH_3e3143917d454e4087b64e16beac682c/gnocchi.8b02aff6-0ea3-4a47-9041-5516296df0c1/none_v3 HTTP/1.0 404 - python-swiftclient-3.11.1 gAAAAABplLsH5F_G... - 70 - tx434e9e25c74f491f8b9ba-006994bb75 - 0.0145 - - 1771354997.448464632 1771354997.463009119 0
Feb 17 19:03:17 standalone account-server[126897]: 172.20.0.100 - - [17/Feb/2026:19:03:17 +0000] "PUT /d1/838/AUTH_3e3143917d454e4087b64e16beac682c/gnocchi.8b02aff6-0ea3-4a47-9041-5516296df0c1" 201 - "PUT http://172.20.0.100:6001/d1/58/AUTH_3e3143917d454e4087b64e16beac682c/gnocchi.8b02aff6-0ea3-4a47-9041-5516296df0c1" "tx97567c186e504b0096a1e-006994bb75" "container-server 20" 0.0044 "-" 22 0
Feb 17 19:03:17 standalone container-server[126966]: 172.20.0.100 - - [17/Feb/2026:19:03:17 +0000] "PUT /d1/58/AUTH_3e3143917d454e4087b64e16beac682c/gnocchi.8b02aff6-0ea3-4a47-9041-5516296df0c1" 201 - "PUT http://172.18.0.2:8080/v1/AUTH_3e3143917d454e4087b64e16beac682c/gnocchi.8b02aff6-0ea3-4a47-9041-5516296df0c1" "tx97567c186e504b0096a1e-006994bb75" "proxy-server 12" 0.0152 "-" 20 0
Feb 17 19:03:17 standalone proxy-server[129089]: 172.18.0.2 172.18.0.100 17/Feb/2026/19/03/17 PUT /v1/AUTH_3e3143917d454e4087b64e16beac682c/gnocchi.8b02aff6-0ea3-4a47-9041-5516296df0c1 HTTP/1.0 201 - python-swiftclient-3.11.1 gAAAAABplLsH5F_G... - - - tx97567c186e504b0096a1e-006994bb75 - 0.0266 - - 1771354997.468345404 1771354997.494954586 0
Feb 17 19:03:17 standalone container-server[126966]: 172.20.0.100 - - [17/Feb/2026:19:03:17 +0000] "HEAD /d1/58/AUTH_3e3143917d454e4087b64e16beac682c/gnocchi.8b02aff6-0ea3-4a47-9041-5516296df0c1" 204 - "HEAD http://172.18.0.2:8080/v1/AUTH_3e3143917d454e4087b64e16beac682c/gnocchi.8b02aff6-0ea3-4a47-9041-5516296df0c1?format=json&states=listing" "txc65afe5217c64f2193824-006994bb75" "proxy-server 12" 0.0013 "-" 20 0
Feb 17 19:03:17 standalone proxy-server[129089]: - - 17/Feb/2026/19/03/17 HEAD /v1/AUTH_3e3143917d454e4087b64e16beac682c/gnocchi.8b02aff6-0ea3-4a47-9041-5516296df0c1%3Fformat%3Djson%26states%3Dlisting HTTP/1.0 204 - Swift - - - - txc65afe5217c64f2193824-006994bb75 - 0.0047 RL - 1771354997.499229670 1771354997.503970623 0
Feb 17 19:03:17 standalone container-server[126970]: 172.20.0.100 - - [17/Feb/2026:19:03:17 +0000] "GET /d1/58/AUTH_3e3143917d454e4087b64e16beac682c/gnocchi.8b02aff6-0ea3-4a47-9041-5516296df0c1" 200 2 "GET http://172.18.0.2:8080/v1/AUTH_3e3143917d454e4087b64e16beac682c/gnocchi.8b02aff6-0ea3-4a47-9041-5516296df0c1?format=json&states=listing" "txc65afe5217c64f2193824-006994bb75" "proxy-server 12" 0.0018 "-" 21 0
Feb 17 19:03:17 standalone proxy-server[129089]: 172.18.0.2 172.18.0.100 17/Feb/2026/19/03/17 GET /v1/AUTH_3e3143917d454e4087b64e16beac682c/gnocchi.8b02aff6-0ea3-4a47-9041-5516296df0c1%3Fformat%3Djson%26states%3Dlisting HTTP/1.0 200 - python-swiftclient-3.11.1 gAAAAABplLsH5F_G... - 2 - txc65afe5217c64f2193824-006994bb75 - 0.0132 - - 1771354997.498077154 1771354997.511321545 0
Feb 17 19:03:17 standalone object-server[127198]: 172.20.0.100 - - [17/Feb/2026:19:03:17 +0000] "GET /d1/970/AUTH_3e3143917d454e4087b64e16beac682c/gnocchi.8b02aff6-0ea3-4a47-9041-5516296df0c1/1771200000.0_mean_300.0_v3" 404 70 "GET http://172.18.0.2:8080/v1/AUTH_3e3143917d454e4087b64e16beac682c/gnocchi.8b02aff6-0ea3-4a47-9041-5516296df0c1/1771200000.0_mean_300.0_v3" "tx4bf66e3be48145f5b72e6-006994bb75" "proxy-server 12" 0.0004 "-" 22 0
Feb 17 19:03:17 standalone proxy-server[129089]: 172.18.0.2 172.18.0.100 17/Feb/2026/19/03/17 GET /v1/AUTH_3e3143917d454e4087b64e16beac682c/gnocchi.8b02aff6-0ea3-4a47-9041-5516296df0c1/1771200000.0_mean_300.0_v3 HTTP/1.0 404 - python-swiftclient-3.11.1 gAAAAABplLsH5F_G... - 70 - tx4bf66e3be48145f5b72e6-006994bb75 - 0.0070 - - 1771354997.515126467 1771354997.522153139 0
Feb 17 19:03:17 standalone container-server[126977]: 172.20.0.100 - - [17/Feb/2026:19:03:17 +0000] "PUT /d1/58/AUTH_3e3143917d454e4087b64e16beac682c/gnocchi.8b02aff6-0ea3-4a47-9041-5516296df0c1/1771200000.0_mean_300.0_v3" 201 - "PUT http://172.18.0.2:8080/d1/970/AUTH_3e3143917d454e4087b64e16beac682c/gnocchi.8b02aff6-0ea3-4a47-9041-5516296df0c1/1771200000.0_mean_300.0_v3" "txd821c81df3aa45a69b8d7-006994bb75" "object-server 24" 0.0007 "-" 23 0
Feb 17 19:03:17 standalone object-server[127202]: 172.20.0.100 - - [17/Feb/2026:19:03:17 +0000] "PUT /d1/970/AUTH_3e3143917d454e4087b64e16beac682c/gnocchi.8b02aff6-0ea3-4a47-9041-5516296df0c1/1771200000.0_mean_300.0_v3" 201 - "PUT http://172.18.0.2:8080/v1/AUTH_3e3143917d454e4087b64e16beac682c/gnocchi.8b02aff6-0ea3-4a47-9041-5516296df0c1/1771200000.0_mean_300.0_v3" "txd821c81df3aa45a69b8d7-006994bb75" "proxy-server 12" 0.0101 "-" 24 0
Feb 17 19:03:17 standalone proxy-server[129089]: 172.18.0.2 172.18.0.100 17/Feb/2026/19/03/17 PUT /v1/AUTH_3e3143917d454e4087b64e16beac682c/gnocchi.8b02aff6-0ea3-4a47-9041-5516296df0c1/1771200000.0_mean_300.0_v3 HTTP/1.0 201 - python-swiftclient-3.11.1 gAAAAABplLsH5F_G... 16 - - txd821c81df3aa45a69b8d7-006994bb75 - 0.0184 - - 1771354997.525801420 1771354997.544188023 0
Feb 17 19:03:17 standalone container-server[126977]: 172.20.0.100 - - [17/Feb/2026:19:03:17 +0000] "PUT /d1/58/AUTH_3e3143917d454e4087b64e16beac682c/gnocchi.8b02aff6-0ea3-4a47-9041-5516296df0c1/none_v3" 201 - "PUT http://172.18.0.2:8080/d1/414/AUTH_3e3143917d454e4087b64e16beac682c/gnocchi.8b02aff6-0ea3-4a47-9041-5516296df0c1/none_v3" "txf8e6b57b6bea444481608-006994bb75" "object-server 24" 0.0005 "-" 23 0
Feb 17 19:03:17 standalone object-server[127202]: 172.20.0.100 - - [17/Feb/2026:19:03:17 +0000] "PUT /d1/414/AUTH_3e3143917d454e4087b64e16beac682c/gnocchi.8b02aff6-0ea3-4a47-9041-5516296df0c1/none_v3" 201 - "PUT http://172.18.0.2:8080/v1/AUTH_3e3143917d454e4087b64e16beac682c/gnocchi.8b02aff6-0ea3-4a47-9041-5516296df0c1/none_v3" "txf8e6b57b6bea444481608-006994bb75" "proxy-server 12" 0.0080 "-" 24 0
Feb 17 19:03:17 standalone proxy-server[129089]: 172.18.0.2 172.18.0.100 17/Feb/2026/19/03/17 PUT /v1/AUTH_3e3143917d454e4087b64e16beac682c/gnocchi.8b02aff6-0ea3-4a47-9041-5516296df0c1/none_v3 HTTP/1.0 201 - python-swiftclient-3.11.1 gAAAAABplLsH5F_G... 31 - - txf8e6b57b6bea444481608-006994bb75 - 0.0135 - - 1771354997.547390461 1771354997.560860634 0
Feb 17 19:03:26 standalone object-server[127203]: 172.20.0.100 - - [17/Feb/2026:19:03:26 +0000] "GET /d1/696/AUTH_3e3143917d454e4087b64e16beac682c/gnocchi.8c770886-e5c8-4980-bdc0-ff8d544c6f65/none_v3" 200 32 "GET http://172.18.0.2:8080/v1/AUTH_3e3143917d454e4087b64e16beac682c/gnocchi.8c770886-e5c8-4980-bdc0-ff8d544c6f65/none_v3" "tx4ed7cf80244f4ab296cca-006994bb7e" "proxy-server 12" 0.0014 "-" 25 0
Feb 17 19:03:26 standalone proxy-server[129089]: 172.18.0.2 172.18.0.100 17/Feb/2026/19/03/26 GET /v1/AUTH_3e3143917d454e4087b64e16beac682c/gnocchi.8c770886-e5c8-4980-bdc0-ff8d544c6f65/none_v3 HTTP/1.0 200 - python-swiftclient-3.11.1 gAAAAABplLsH5F_G... - 32 - tx4ed7cf80244f4ab296cca-006994bb7e - 0.0115 - - 1771355006.617370129 1771355006.628830671 0
Feb 17 19:03:26 standalone container-server[126977]: 172.20.0.100 - - [17/Feb/2026:19:03:26 +0000] "GET /d1/1014/AUTH_3e3143917d454e4087b64e16beac682c/gnocchi.8c770886-e5c8-4980-bdc0-ff8d544c6f65" 200 357 "GET http://172.18.0.2:8080/v1/AUTH_3e3143917d454e4087b64e16beac682c/gnocchi.8c770886-e5c8-4980-bdc0-ff8d544c6f65?format=json&states=listing" "tx9e7b8b0c1c2347de886bb-006994bb7e" "proxy-server 12" 0.0103 "-" 23 0
Feb 17 19:03:26 standalone proxy-server[129089]: 172.18.0.2 172.18.0.100 17/Feb/2026/19/03/26 GET /v1/AUTH_3e3143917d454e4087b64e16beac682c/gnocchi.8c770886-e5c8-4980-bdc0-ff8d544c6f65%3Fformat%3Djson%26states%3Dlisting HTTP/1.0 200 - python-swiftclient-3.11.1 gAAAAABplLsH5F_G... - 357 - tx9e7b8b0c1c2347de886bb-006994bb7e - 0.0219 - - 1771355006.635359287 1771355006.657231569 0
Feb 17 19:03:26 standalone container-server[126970]: 172.20.0.100 - - [17/Feb/2026:19:03:26 +0000] "GET /d1/1014/AUTH_3e3143917d454e4087b64e16beac682c/gnocchi.8c770886-e5c8-4980-bdc0-ff8d544c6f65" 200 2 "GET http://172.18.0.2:8080/v1/AUTH_3e3143917d454e4087b64e16beac682c/gnocchi.8c770886-e5c8-4980-bdc0-ff8d544c6f65?format=json&marker=none_v3&states=listing" "tx41eeec138526483fb3e7f-006994bb7e" "proxy-server 12" 0.0025 "-" 21 0
Feb 17 19:03:26 standalone proxy-server[129089]: 172.18.0.2 172.18.0.100 17/Feb/2026/19/03/26 GET /v1/AUTH_3e3143917d454e4087b64e16beac682c/gnocchi.8c770886-e5c8-4980-bdc0-ff8d544c6f65%3Fformat%3Djson%26marker%3Dnone_v3%26states%3Dlisting HTTP/1.0 200 - python-swiftclient-3.11.1 gAAAAABplLsH5F_G... - 2 - tx41eeec138526483fb3e7f-006994bb7e - 0.0119 - - 1771355006.661931515 1771355006.673843622 0
Feb 17 19:03:26 standalone object-server[127198]: 172.20.0.100 - - [17/Feb/2026:19:03:26 +0000] "GET /d1/965/AUTH_3e3143917d454e4087b64e16beac682c/gnocchi.8c770886-e5c8-4980-bdc0-ff8d544c6f65/1771200000.0_mean_300.0_v3" 200 16 "GET http://172.18.0.2:8080/v1/AUTH_3e3143917d454e4087b64e16beac682c/gnocchi.8c770886-e5c8-4980-bdc0-ff8d544c6f65/1771200000.0_mean_300.0_v3" "tx2b2a7d145a6644e7bae7c-006994bb7e" "proxy-server 12" 0.0007 "-" 22 0
Feb 17 19:03:26 standalone proxy-server[129089]: 172.18.0.2 172.18.0.100 17/Feb/2026/19/03/26 GET /v1/AUTH_3e3143917d454e4087b64e16beac682c/gnocchi.8c770886-e5c8-4980-bdc0-ff8d544c6f65/1771200000.0_mean_300.0_v3 HTTP/1.0 200 - python-swiftclient-3.11.1 gAAAAABplLsH5F_G... - 16 - tx2b2a7d145a6644e7bae7c-006994bb7e - 0.0085 - - 1771355006.678984880 1771355006.687519073 0
Feb 17 19:03:26 standalone container-server[126973]: 172.20.0.100 - - [17/Feb/2026:19:03:26 +0000] "PUT /d1/1014/AUTH_3e3143917d454e4087b64e16beac682c/gnocchi.8c770886-e5c8-4980-bdc0-ff8d544c6f65/1771200000.0_mean_300.0_v3" 201 - "PUT http://172.18.0.2:8080/d1/965/AUTH_3e3143917d454e4087b64e16beac682c/gnocchi.8c770886-e5c8-4980-bdc0-ff8d544c6f65/1771200000.0_mean_300.0_v3" "tx762cf4ba30344b0997125-006994bb7e" "object-server 25" 0.0006 "-" 22 0
Feb 17 19:03:26 standalone object-server[127203]: 172.20.0.100 - - [17/Feb/2026:19:03:26 +0000] "PUT /d1/965/AUTH_3e3143917d454e4087b64e16beac682c/gnocchi.8c770886-e5c8-4980-bdc0-ff8d544c6f65/1771200000.0_mean_300.0_v3" 201 - "PUT http://172.18.0.2:8080/v1/AUTH_3e3143917d454e4087b64e16beac682c/gnocchi.8c770886-e5c8-4980-bdc0-ff8d544c6f65/1771200000.0_mean_300.0_v3" "tx762cf4ba30344b0997125-006994bb7e" "proxy-server 12" 0.0107 "-" 25 0
Feb 17 19:03:26 standalone proxy-server[129089]: 172.18.0.2 172.18.0.100 17/Feb/2026/19/03/26 PUT /v1/AUTH_3e3143917d454e4087b64e16beac682c/gnocchi.8c770886-e5c8-4980-bdc0-ff8d544c6f65/1771200000.0_mean_300.0_v3 HTTP/1.0 201 - python-swiftclient-3.11.1 gAAAAABplLsH5F_G... 16 - - tx762cf4ba30344b0997125-006994bb7e - 0.0186 - - 1771355006.693208218 1771355006.711796045 0
Feb 17 19:03:26 standalone container-server[126977]: 172.20.0.100 - - [17/Feb/2026:19:03:26 +0000] "PUT /d1/1014/AUTH_3e3143917d454e4087b64e16beac682c/gnocchi.8c770886-e5c8-4980-bdc0-ff8d544c6f65/none_v3" 201 - "PUT http://172.18.0.2:8080/d1/696/AUTH_3e3143917d454e4087b64e16beac682c/gnocchi.8c770886-e5c8-4980-bdc0-ff8d544c6f65/none_v3" "txa3ae7d07075a49ab89ff1-006994bb7e" "object-server 24" 0.0011 "-" 23 0
Feb 17 19:03:26 standalone object-server[127202]: 172.20.0.100 - - [17/Feb/2026:19:03:26 +0000] "PUT /d1/696/AUTH_3e3143917d454e4087b64e16beac682c/gnocchi.8c770886-e5c8-4980-bdc0-ff8d544c6f65/none_v3" 201 - "PUT http://172.18.0.2:8080/v1/AUTH_3e3143917d454e4087b64e16beac682c/gnocchi.8c770886-e5c8-4980-bdc0-ff8d544c6f65/none_v3" "txa3ae7d07075a49ab89ff1-006994bb7e" "proxy-server 12" 0.0146 "-" 24 0
Feb 17 19:03:26 standalone proxy-server[129089]: 172.18.0.2 172.18.0.100 17/Feb/2026/19/03/26 PUT /v1/AUTH_3e3143917d454e4087b64e16beac682c/gnocchi.8c770886-e5c8-4980-bdc0-ff8d544c6f65/none_v3 HTTP/1.0 201 - python-swiftclient-3.11.1 gAAAAABplLsH5F_G... 46 - - txa3ae7d07075a49ab89ff1-006994bb7e - 0.0267 - - 1771355006.716261148 1771355006.743009567 0
Feb 17 19:03:27 standalone account-server[126895]: 172.20.0.100 - - [17/Feb/2026:19:03:27 +0000] "HEAD /d1/838/AUTH_3e3143917d454e4087b64e16beac682c" 204 - "HEAD http://172.18.0.2:8080/v1/AUTH_3e3143917d454e4087b64e16beac682c?format=json" "txe8a4340cce8a4e32ab066-006994bb7f" "proxy-server 12" 0.0087 "-" 21 -
Feb 17 19:03:27 standalone proxy-server[129089]: - - 17/Feb/2026/19/03/27 HEAD /v1/AUTH_3e3143917d454e4087b64e16beac682c%3Fformat%3Djson HTTP/1.0 204 - Swift - - - - txe8a4340cce8a4e32ab066-006994bb7f - 0.0149 RL - 1771355007.604735374 1771355007.619644642 -
Feb 17 19:03:27 standalone object-server[127200]: 172.20.0.100 - - [17/Feb/2026:19:03:27 +0000] "GET /d1/696/AUTH_3e3143917d454e4087b64e16beac682c/gnocchi.8c770886-e5c8-4980-bdc0-ff8d544c6f65/none_v3" 200 46 "GET http://172.18.0.2:8080/v1/AUTH_3e3143917d454e4087b64e16beac682c/gnocchi.8c770886-e5c8-4980-bdc0-ff8d544c6f65/none_v3" "txe8a4340cce8a4e32ab066-006994bb7f" "proxy-server 12" 0.0012 "-" 23 0
Feb 17 19:03:27 standalone proxy-server[129089]: 172.18.0.2 172.18.0.100 17/Feb/2026/19/03/27 GET /v1/AUTH_3e3143917d454e4087b64e16beac682c/gnocchi.8c770886-e5c8-4980-bdc0-ff8d544c6f65/none_v3 HTTP/1.0 200 - python-swiftclient-3.11.1 gAAAAABplLsH5F_G... - 46 - txe8a4340cce8a4e32ab066-006994bb7f - 0.0355 - - 1771355007.603340864 1771355007.638854027 0
Feb 17 19:03:27 standalone container-server[126966]: 172.20.0.100 - - [17/Feb/2026:19:03:27 +0000] "GET /d1/1014/AUTH_3e3143917d454e4087b64e16beac682c/gnocchi.8c770886-e5c8-4980-bdc0-ff8d544c6f65" 200 357 "GET http://172.18.0.2:8080/v1/AUTH_3e3143917d454e4087b64e16beac682c/gnocchi.8c770886-e5c8-4980-bdc0-ff8d544c6f65?format=json&states=listing" "txe6ac0f4e5791431590e97-006994bb7f" "proxy-server 12" 0.0154 "-" 20 0
Feb 17 19:03:27 standalone proxy-server[129089]: 172.18.0.2 172.18.0.100 17/Feb/2026/19/03/27 GET /v1/AUTH_3e3143917d454e4087b64e16beac682c/gnocchi.8c770886-e5c8-4980-bdc0-ff8d544c6f65%3Fformat%3Djson%26states%3Dlisting HTTP/1.0 200 - python-swiftclient-3.11.1 gAAAAABplLsH5F_G... - 357 - txe6ac0f4e5791431590e97-006994bb7f - 0.0248 - - 1771355007.645186663 1771355007.670011044 0
Feb 17 19:03:27 standalone container-server[126970]: 172.20.0.100 - - [17/Feb/2026:19:03:27 +0000] "GET /d1/1014/AUTH_3e3143917d454e4087b64e16beac682c/gnocchi.8c770886-e5c8-4980-bdc0-ff8d544c6f65" 200 2 "GET http://172.18.0.2:8080/v1/AUTH_3e3143917d454e4087b64e16beac682c/gnocchi.8c770886-e5c8-4980-bdc0-ff8d544c6f65?format=json&marker=none_v3&states=listing" "txbe82efb0ff6549a894d53-006994bb7f" "proxy-server 12" 0.0041 "-" 21 0
Feb 17 19:03:27 standalone proxy-server[129089]: 172.18.0.2 172.18.0.100 17/Feb/2026/19/03/27 GET /v1/AUTH_3e3143917d454e4087b64e16beac682c/gnocchi.8c770886-e5c8-4980-bdc0-ff8d544c6f65%3Fformat%3Djson%26marker%3Dnone_v3%26states%3Dlisting HTTP/1.0 200 - python-swiftclient-3.11.1 gAAAAABplLsH5F_G... - 2 - txbe82efb0ff6549a894d53-006994bb7f - 0.0112 - - 1771355007.673881769 1771355007.685094595 0
Feb 17 19:03:27 standalone object-server[127202]: 172.20.0.100 - - [17/Feb/2026:19:03:27 +0000] "GET /d1/965/AUTH_3e3143917d454e4087b64e16beac682c/gnocchi.8c770886-e5c8-4980-bdc0-ff8d544c6f65/1771200000.0_mean_300.0_v3" 200 16 "GET http://172.18.0.2:8080/v1/AUTH_3e3143917d454e4087b64e16beac682c/gnocchi.8c770886-e5c8-4980-bdc0-ff8d544c6f65/1771200000.0_mean_300.0_v3" "tx4c81f2f61f524c53bb3b1-006994bb7f" "proxy-server 12" 0.0008 "-" 24 0
Feb 17 19:03:27 standalone proxy-server[129089]: 172.18.0.2 172.18.0.100 17/Feb/2026/19/03/27 GET /v1/AUTH_3e3143917d454e4087b64e16beac682c/gnocchi.8c770886-e5c8-4980-bdc0-ff8d544c6f65/1771200000.0_mean_300.0_v3 HTTP/1.0 200 - python-swiftclient-3.11.1 gAAAAABplLsH5F_G... - 16 - tx4c81f2f61f524c53bb3b1-006994bb7f - 0.0070 - - 1771355007.690650702 1771355007.697603226 0
Feb 17 19:03:27 standalone container-server[126966]: 172.20.0.100 - - [17/Feb/2026:19:03:27 +0000] "PUT /d1/1014/AUTH_3e3143917d454e4087b64e16beac682c/gnocchi.8c770886-e5c8-4980-bdc0-ff8d544c6f65/1771200000.0_mean_300.0_v3" 201 - "PUT http://172.18.0.2:8080/d1/965/AUTH_3e3143917d454e4087b64e16beac682c/gnocchi.8c770886-e5c8-4980-bdc0-ff8d544c6f65/1771200000.0_mean_300.0_v3" "txfd0caf1ebc7f45dc97826-006994bb7f" "object-server 22" 0.0007 "-" 20 0
Feb 17 19:03:27 standalone object-server[127198]: 172.20.0.100 - - [17/Feb/2026:19:03:27 +0000] "PUT /d1/965/AUTH_3e3143917d454e4087b64e16beac682c/gnocchi.8c770886-e5c8-4980-bdc0-ff8d544c6f65/1771200000.0_mean_300.0_v3" 201 - "PUT http://172.18.0.2:8080/v1/AUTH_3e3143917d454e4087b64e16beac682c/gnocchi.8c770886-e5c8-4980-bdc0-ff8d544c6f65/1771200000.0_mean_300.0_v3" "txfd0caf1ebc7f45dc97826-006994bb7f" "proxy-server 12" 0.0109 "-" 22 0
Feb 17 19:03:27 standalone proxy-server[129089]: 172.18.0.2 172.18.0.100 17/Feb/2026/19/03/27 PUT /v1/AUTH_3e3143917d454e4087b64e16beac682c/gnocchi.8c770886-e5c8-4980-bdc0-ff8d544c6f65/1771200000.0_mean_300.0_v3 HTTP/1.0 201 - python-swiftclient-3.11.1 gAAAAABplLsH5F_G... 16 - - txfd0caf1ebc7f45dc97826-006994bb7f - 0.0171 - - 1771355007.702302456 1771355007.719450712 0
Feb 17 19:03:27 standalone container-server[126966]: 172.20.0.100 - - [17/Feb/2026:19:03:27 +0000] "PUT /d1/1014/AUTH_3e3143917d454e4087b64e16beac682c/gnocchi.8c770886-e5c8-4980-bdc0-ff8d544c6f65/none_v3" 201 - "PUT http://172.18.0.2:8080/d1/696/AUTH_3e3143917d454e4087b64e16beac682c/gnocchi.8c770886-e5c8-4980-bdc0-ff8d544c6f65/none_v3" "tx6d32f9cddce645d7b206a-006994bb7f" "object-server 22" 0.0006 "-" 20 0
Feb 17 19:03:27 standalone object-server[127198]: 172.20.0.100 - - [17/Feb/2026:19:03:27 +0000] "PUT /d1/696/AUTH_3e3143917d454e4087b64e16beac682c/gnocchi.8c770886-e5c8-4980-bdc0-ff8d544c6f65/none_v3" 201 - "PUT http://172.18.0.2:8080/v1/AUTH_3e3143917d454e4087b64e16beac682c/gnocchi.8c770886-e5c8-4980-bdc0-ff8d544c6f65/none_v3" "tx6d32f9cddce645d7b206a-006994bb7f" "proxy-server 12" 0.0106 "-" 22 0
Feb 17 19:03:27 standalone proxy-server[129089]: 172.18.0.2 172.18.0.100 17/Feb/2026/19/03/27 PUT /v1/AUTH_3e3143917d454e4087b64e16beac682c/gnocchi.8c770886-e5c8-4980-bdc0-ff8d544c6f65/none_v3 HTTP/1.0 201 - python-swiftclient-3.11.1 gAAAAABplLsH5F_G... 51 - - tx6d32f9cddce645d7b206a-006994bb7f - 0.0172 - - 1771355007.723962784 1771355007.741199255 0
Feb 17 19:03:27 standalone object-server[127203]: 172.20.0.100 - - [17/Feb/2026:19:03:27 +0000] "GET /d1/616/AUTH_3e3143917d454e4087b64e16beac682c/gnocchi.de0a4e89-1fb3-4406-a766-17c426799f06/none_v3" 200 22 "GET http://172.18.0.2:8080/v1/AUTH_3e3143917d454e4087b64e16beac682c/gnocchi.de0a4e89-1fb3-4406-a766-17c426799f06/none_v3" "txf3d5eb4db6e14ba582d23-006994bb7f" "proxy-server 12" 0.0008 "-" 25 0
Feb 17 19:03:27 standalone proxy-server[129089]: 172.18.0.2 172.18.0.100 17/Feb/2026/19/03/27 GET /v1/AUTH_3e3143917d454e4087b64e16beac682c/gnocchi.de0a4e89-1fb3-4406-a766-17c426799f06/none_v3 HTTP/1.0 200 - python-swiftclient-3.11.1 gAAAAABplLsH5F_G... - 22 - txf3d5eb4db6e14ba582d23-006994bb7f - 0.0097 - - 1771355007.756691694 1771355007.766424179 0
Feb 17 19:03:27 standalone container-server[126973]: 172.20.0.100 - - [17/Feb/2026:19:03:27 +0000] "GET /d1/146/AUTH_3e3143917d454e4087b64e16beac682c/gnocchi.de0a4e89-1fb3-4406-a766-17c426799f06" 200 357 "GET http://172.18.0.2:8080/v1/AUTH_3e3143917d454e4087b64e16beac682c/gnocchi.de0a4e89-1fb3-4406-a766-17c426799f06?format=json&states=listing" "txc7b15eaccb34478e8a95e-006994bb7f" "proxy-server 12" 0.0055 "-" 22 0
Feb 17 19:03:27 standalone proxy-server[129089]: 172.18.0.2 172.18.0.100 17/Feb/2026/19/03/27 GET /v1/AUTH_3e3143917d454e4087b64e16beac682c/gnocchi.de0a4e89-1fb3-4406-a766-17c426799f06%3Fformat%3Djson%26states%3Dlisting HTTP/1.0 200 - python-swiftclient-3.11.1 gAAAAABplLsH5F_G... - 357 - txc7b15eaccb34478e8a95e-006994bb7f - 0.0150 - - 1771355007.772179604 1771355007.787219286 0
Feb 17 19:03:27 standalone container-server[126966]: 172.20.0.100 - - [17/Feb/2026:19:03:27 +0000] "GET /d1/146/AUTH_3e3143917d454e4087b64e16beac682c/gnocchi.de0a4e89-1fb3-4406-a766-17c426799f06" 200 2 "GET http://172.18.0.2:8080/v1/AUTH_3e3143917d454e4087b64e16beac682c/gnocchi.de0a4e89-1fb3-4406-a766-17c426799f06?format=json&marker=none_v3&states=listing" "tx6cebaa89ec3f4e6ea88d8-006994bb7f" "proxy-server 12" 0.0047 "-" 20 0
Feb 17 19:03:27 standalone proxy-server[129089]: 172.18.0.2 172.18.0.100 17/Feb/2026/19/03/27 GET /v1/AUTH_3e3143917d454e4087b64e16beac682c/gnocchi.de0a4e89-1fb3-4406-a766-17c426799f06%3Fformat%3Djson%26marker%3Dnone_v3%26states%3Dlisting HTTP/1.0 200 - python-swiftclient-3.11.1 gAAAAABplLsH5F_G... - 2 - tx6cebaa89ec3f4e6ea88d8-006994bb7f - 0.0150 - - 1771355007.791467190 1771355007.806473494 0
Feb 17 19:03:27 standalone object-server[127198]: 172.20.0.100 - - [17/Feb/2026:19:03:27 +0000] "GET /d1/133/AUTH_3e3143917d454e4087b64e16beac682c/gnocchi.de0a4e89-1fb3-4406-a766-17c426799f06/1771200000.0_mean_300.0_v3" 200 16 "GET http://172.18.0.2:8080/v1/AUTH_3e3143917d454e4087b64e16beac682c/gnocchi.de0a4e89-1fb3-4406-a766-17c426799f06/1771200000.0_mean_300.0_v3" "tx5a033a3884624cbf8a428-006994bb7f" "proxy-server 12" 0.0012 "-" 22 0
Feb 17 19:03:27 standalone proxy-server[129089]: 172.18.0.2 172.18.0.100 17/Feb/2026/19/03/27 GET /v1/AUTH_3e3143917d454e4087b64e16beac682c/gnocchi.de0a4e89-1fb3-4406-a766-17c426799f06/1771200000.0_mean_300.0_v3 HTTP/1.0 200 - python-swiftclient-3.11.1 gAAAAABplLsH5F_G... - 16 - tx5a033a3884624cbf8a428-006994bb7f - 0.0102 - - 1771355007.811767340 1771355007.821987629 0
Feb 17 19:03:27 standalone container-server[126977]: 172.20.0.100 - - [17/Feb/2026:19:03:27 +0000] "PUT /d1/146/AUTH_3e3143917d454e4087b64e16beac682c/gnocchi.de0a4e89-1fb3-4406-a766-17c426799f06/1771200000.0_mean_300.0_v3" 201 - "PUT http://172.18.0.2:8080/d1/133/AUTH_3e3143917d454e4087b64e16beac682c/gnocchi.de0a4e89-1fb3-4406-a766-17c426799f06/1771200000.0_mean_300.0_v3" "tx806ce2b797e14554bccb3-006994bb7f" "object-server 23" 0.0009 "-" 23 0
Feb 17 19:03:27 standalone object-server[127200]: 172.20.0.100 - - [17/Feb/2026:19:03:27 +0000] "PUT /d1/133/AUTH_3e3143917d454e4087b64e16beac682c/gnocchi.de0a4e89-1fb3-4406-a766-17c426799f06/1771200000.0_mean_300.0_v3" 201 - "PUT http://172.18.0.2:8080/v1/AUTH_3e3143917d454e4087b64e16beac682c/gnocchi.de0a4e89-1fb3-4406-a766-17c426799f06/1771200000.0_mean_300.0_v3" "tx806ce2b797e14554bccb3-006994bb7f" "proxy-server 12" 0.0140 "-" 23 0
Feb 17 19:03:27 standalone proxy-server[129089]: 172.18.0.2 172.18.0.100 17/Feb/2026/19/03/27 PUT /v1/AUTH_3e3143917d454e4087b64e16beac682c/gnocchi.de0a4e89-1fb3-4406-a766-17c426799f06/1771200000.0_mean_300.0_v3 HTTP/1.0 201 - python-swiftclient-3.11.1 gAAAAABplLsH5F_G... 16 - - tx806ce2b797e14554bccb3-006994bb7f - 0.0231 - - 1771355007.826594353 1771355007.849660158 0
Feb 17 19:03:27 standalone container-server[126966]: 172.20.0.100 - - [17/Feb/2026:19:03:27 +0000] "PUT /d1/146/AUTH_3e3143917d454e4087b64e16beac682c/gnocchi.de0a4e89-1fb3-4406-a766-17c426799f06/none_v3" 201 - "PUT http://172.18.0.2:8080/d1/616/AUTH_3e3143917d454e4087b64e16beac682c/gnocchi.de0a4e89-1fb3-4406-a766-17c426799f06/none_v3" "txa08887338ae0477ca0926-006994bb7f" "object-server 22" 0.0011 "-" 20 0
Feb 17 19:03:27 standalone object-server[127198]: 172.20.0.100 - - [17/Feb/2026:19:03:27 +0000] "PUT /d1/616/AUTH_3e3143917d454e4087b64e16beac682c/gnocchi.de0a4e89-1fb3-4406-a766-17c426799f06/none_v3" 201 - "PUT http://172.18.0.2:8080/v1/AUTH_3e3143917d454e4087b64e16beac682c/gnocchi.de0a4e89-1fb3-4406-a766-17c426799f06/none_v3" "txa08887338ae0477ca0926-006994bb7f" "proxy-server 12" 0.0140 "-" 22 0
Feb 17 19:03:27 standalone proxy-server[129089]: 172.18.0.2 172.18.0.100 17/Feb/2026/19/03/27 PUT /v1/AUTH_3e3143917d454e4087b64e16beac682c/gnocchi.de0a4e89-1fb3-4406-a766-17c426799f06/none_v3 HTTP/1.0 201 - python-swiftclient-3.11.1 gAAAAABplLsH5F_G... 32 - - txa08887338ae0477ca0926-006994bb7f - 0.0250 - - 1771355007.854477167 1771355007.879488230 0
Feb 17 19:03:27 standalone object-server[127198]: 172.20.0.100 - - [17/Feb/2026:19:03:27 +0000] "GET /d1/1023/AUTH_3e3143917d454e4087b64e16beac682c/gnocchi.ab96e367-0c7d-43c5-8499-9f920ba35094/none_v3" 200 22 "GET http://172.18.0.2:8080/v1/AUTH_3e3143917d454e4087b64e16beac682c/gnocchi.ab96e367-0c7d-43c5-8499-9f920ba35094/none_v3" "tx36950cf6280c4ee098bf1-006994bb7f" "proxy-server 12" 0.0009 "-" 22 0
Feb 17 19:03:27 standalone proxy-server[129089]: 172.18.0.2 172.18.0.100 17/Feb/2026/19/03/27 GET /v1/AUTH_3e3143917d454e4087b64e16beac682c/gnocchi.ab96e367-0c7d-43c5-8499-9f920ba35094/none_v3 HTTP/1.0 200 - python-swiftclient-3.11.1 gAAAAABplLsH5F_G... - 22 - tx36950cf6280c4ee098bf1-006994bb7f - 0.0148 - - 1771355007.894057989 1771355007.908861160 0
Feb 17 19:03:27 standalone container-server[126973]: 172.20.0.100 - - [17/Feb/2026:19:03:27 +0000] "GET /d1/383/AUTH_3e3143917d454e4087b64e16beac682c/gnocchi.ab96e367-0c7d-43c5-8499-9f920ba35094" 200 357 "GET http://172.18.0.2:8080/v1/AUTH_3e3143917d454e4087b64e16beac682c/gnocchi.ab96e367-0c7d-43c5-8499-9f920ba35094?format=json&states=listing" "tx371409dec504420ab0493-006994bb7f" "proxy-server 12" 0.0043 "-" 22 0
Feb 17 19:03:27 standalone proxy-server[129089]: 172.18.0.2 172.18.0.100 17/Feb/2026/19/03/27 GET /v1/AUTH_3e3143917d454e4087b64e16beac682c/gnocchi.ab96e367-0c7d-43c5-8499-9f920ba35094%3Fformat%3Djson%26states%3Dlisting HTTP/1.0 200 - python-swiftclient-3.11.1 gAAAAABplLsH5F_G... - 357 - tx371409dec504420ab0493-006994bb7f - 0.0218 - - 1771355007.916084766 1771355007.937903404 0
Feb 17 19:03:27 standalone container-server[126977]: 172.20.0.100 - - [17/Feb/2026:19:03:27 +0000] "GET /d1/383/AUTH_3e3143917d454e4087b64e16beac682c/gnocchi.ab96e367-0c7d-43c5-8499-9f920ba35094" 200 2 "GET http://172.18.0.2:8080/v1/AUTH_3e3143917d454e4087b64e16beac682c/gnocchi.ab96e367-0c7d-43c5-8499-9f920ba35094?format=json&marker=none_v3&states=listing" "tx01fa59c51aa74d9782e6d-006994bb7f" "proxy-server 12" 0.0035 "-" 23 0
Feb 17 19:03:27 standalone proxy-server[129089]: 172.18.0.2 172.18.0.100 17/Feb/2026/19/03/27 GET /v1/AUTH_3e3143917d454e4087b64e16beac682c/gnocchi.ab96e367-0c7d-43c5-8499-9f920ba35094%3Fformat%3Djson%26marker%3Dnone_v3%26states%3Dlisting HTTP/1.0 200 - python-swiftclient-3.11.1 gAAAAABplLsH5F_G... - 2 - tx01fa59c51aa74d9782e6d-006994bb7f - 0.0128 - - 1771355007.942156315 1771355007.954998255 0
Feb 17 19:03:27 standalone object-server[127203]: 172.20.0.100 - - [17/Feb/2026:19:03:27 +0000] "GET /d1/599/AUTH_3e3143917d454e4087b64e16beac682c/gnocchi.ab96e367-0c7d-43c5-8499-9f920ba35094/1771200000.0_mean_300.0_v3" 200 16 "GET http://172.18.0.2:8080/v1/AUTH_3e3143917d454e4087b64e16beac682c/gnocchi.ab96e367-0c7d-43c5-8499-9f920ba35094/1771200000.0_mean_300.0_v3" "tx3926729020144aabbf94d-006994bb7f" "proxy-server 12" 0.0011 "-" 25 0
Feb 17 19:03:27 standalone proxy-server[129089]: 172.18.0.2 172.18.0.100 17/Feb/2026/19/03/27 GET /v1/AUTH_3e3143917d454e4087b64e16beac682c/gnocchi.ab96e367-0c7d-43c5-8499-9f920ba35094/1771200000.0_mean_300.0_v3 HTTP/1.0 200 - python-swiftclient-3.11.1 gAAAAABplLsH5F_G... - 16 - tx3926729020144aabbf94d-006994bb7f - 0.0099 - - 1771355007.959951878 1771355007.969858885 0
Feb 17 19:03:27 standalone container-server[126977]: 172.20.0.100 - - [17/Feb/2026:19:03:27 +0000] "PUT /d1/383/AUTH_3e3143917d454e4087b64e16beac682c/gnocchi.ab96e367-0c7d-43c5-8499-9f920ba35094/1771200000.0_mean_300.0_v3" 201 - "PUT http://172.18.0.2:8080/d1/599/AUTH_3e3143917d454e4087b64e16beac682c/gnocchi.ab96e367-0c7d-43c5-8499-9f920ba35094/1771200000.0_mean_300.0_v3" "txeb8d1386db7942569e0c8-006994bb7f" "object-server 22" 0.0007 "-" 23 0
Feb 17 19:03:27 standalone object-server[127198]: 172.20.0.100 - - [17/Feb/2026:19:03:27 +0000] "PUT /d1/599/AUTH_3e3143917d454e4087b64e16beac682c/gnocchi.ab96e367-0c7d-43c5-8499-9f920ba35094/1771200000.0_mean_300.0_v3" 201 - "PUT http://172.18.0.2:8080/v1/AUTH_3e3143917d454e4087b64e16beac682c/gnocchi.ab96e367-0c7d-43c5-8499-9f920ba35094/1771200000.0_mean_300.0_v3" "txeb8d1386db7942569e0c8-006994bb7f" "proxy-server 12" 0.0099 "-" 22 0
Feb 17 19:03:27 standalone proxy-server[129089]: 172.18.0.2 172.18.0.100 17/Feb/2026/19/03/27 PUT /v1/AUTH_3e3143917d454e4087b64e16beac682c/gnocchi.ab96e367-0c7d-43c5-8499-9f920ba35094/1771200000.0_mean_300.0_v3 HTTP/1.0 201 - python-swiftclient-3.11.1 gAAAAABplLsH5F_G... 16 - - txeb8d1386db7942569e0c8-006994bb7f - 0.0170 - - 1771355007.974378586 1771355007.991337299 0
Feb 17 19:03:28 standalone container-server[126977]: 172.20.0.100 - - [17/Feb/2026:19:03:28 +0000] "PUT /d1/383/AUTH_3e3143917d454e4087b64e16beac682c/gnocchi.ab96e367-0c7d-43c5-8499-9f920ba35094/none_v3" 201 - "PUT http://172.18.0.2:8080/d1/1023/AUTH_3e3143917d454e4087b64e16beac682c/gnocchi.ab96e367-0c7d-43c5-8499-9f920ba35094/none_v3" "tx33998e7c1c9e4a8291b0e-006994bb7f" "object-server 23" 0.0006 "-" 23 0
Feb 17 19:03:28 standalone object-server[127200]: 172.20.0.100 - - [17/Feb/2026:19:03:28 +0000] "PUT /d1/1023/AUTH_3e3143917d454e4087b64e16beac682c/gnocchi.ab96e367-0c7d-43c5-8499-9f920ba35094/none_v3" 201 - "PUT http://172.18.0.2:8080/v1/AUTH_3e3143917d454e4087b64e16beac682c/gnocchi.ab96e367-0c7d-43c5-8499-9f920ba35094/none_v3" "tx33998e7c1c9e4a8291b0e-006994bb7f" "proxy-server 12" 0.0112 "-" 23 0
Feb 17 19:03:28 standalone proxy-server[129089]: 172.18.0.2 172.18.0.100 17/Feb/2026/19/03/28 PUT /v1/AUTH_3e3143917d454e4087b64e16beac682c/gnocchi.ab96e367-0c7d-43c5-8499-9f920ba35094/none_v3 HTTP/1.0 201 - python-swiftclient-3.11.1 gAAAAABplLsH5F_G... 32 - - tx33998e7c1c9e4a8291b0e-006994bb7f - 0.0210 - - 1771355007.995529413 1771355008.016511917 0
Feb 17 19:03:28 standalone object-server[127200]: 172.20.0.100 - - [17/Feb/2026:19:03:28 +0000] "GET /d1/81/AUTH_3e3143917d454e4087b64e16beac682c/gnocchi.76050fb9-a9b2-474c-a202-6e33055c3f03/none_v3" 200 22 "GET http://172.18.0.2:8080/v1/AUTH_3e3143917d454e4087b64e16beac682c/gnocchi.76050fb9-a9b2-474c-a202-6e33055c3f03/none_v3" "txd800854ffb34417691c6f-006994bb80" "proxy-server 12" 0.0011 "-" 23 0
Feb 17 19:03:28 standalone proxy-server[129089]: 172.18.0.2 172.18.0.100 17/Feb/2026/19/03/28 GET /v1/AUTH_3e3143917d454e4087b64e16beac682c/gnocchi.76050fb9-a9b2-474c-a202-6e33055c3f03/none_v3 HTTP/1.0 200 - python-swiftclient-3.11.1 gAAAAABplLsH5F_G... - 22 - txd800854ffb34417691c6f-006994bb80 - 0.0114 - - 1771355008.029348135 1771355008.040790081 0
Feb 17 19:03:28 standalone container-server[126966]: 172.20.0.100 - - [17/Feb/2026:19:03:28 +0000] "GET /d1/515/AUTH_3e3143917d454e4087b64e16beac682c/gnocchi.76050fb9-a9b2-474c-a202-6e33055c3f03" 200 357 "GET http://172.18.0.2:8080/v1/AUTH_3e3143917d454e4087b64e16beac682c/gnocchi.76050fb9-a9b2-474c-a202-6e33055c3f03?format=json&states=listing" "tx25af80f5410644e9b793c-006994bb80" "proxy-server 12" 0.0047 "-" 20 0
Feb 17 19:03:28 standalone proxy-server[129089]: 172.18.0.2 172.18.0.100 17/Feb/2026/19/03/28 GET /v1/AUTH_3e3143917d454e4087b64e16beac682c/gnocchi.76050fb9-a9b2-474c-a202-6e33055c3f03%3Fformat%3Djson%26states%3Dlisting HTTP/1.0 200 - python-swiftclient-3.11.1 gAAAAABplLsH5F_G... - 357 - tx25af80f5410644e9b793c-006994bb80 - 0.0153 - - 1771355008.045875311 1771355008.061162472 0
Feb 17 19:03:28 standalone container-server[126970]: 172.20.0.100 - - [17/Feb/2026:19:03:28 +0000] "GET /d1/515/AUTH_3e3143917d454e4087b64e16beac682c/gnocchi.76050fb9-a9b2-474c-a202-6e33055c3f03" 200 2 "GET http://172.18.0.2:8080/v1/AUTH_3e3143917d454e4087b64e16beac682c/gnocchi.76050fb9-a9b2-474c-a202-6e33055c3f03?format=json&marker=none_v3&states=listing" "txa0ae1ba4fcd14f68a5fe5-006994bb80" "proxy-server 12" 0.0039 "-" 21 0
Feb 17 19:03:28 standalone proxy-server[129089]: 172.18.0.2 172.18.0.100 17/Feb/2026/19/03/28 GET /v1/AUTH_3e3143917d454e4087b64e16beac682c/gnocchi.76050fb9-a9b2-474c-a202-6e33055c3f03%3Fformat%3Djson%26marker%3Dnone_v3%26states%3Dlisting HTTP/1.0 200 - python-swiftclient-3.11.1 gAAAAABplLsH5F_G... - 2 - txa0ae1ba4fcd14f68a5fe5-006994bb80 - 0.0149 - - 1771355008.065386057 1771355008.080271244 0
Feb 17 19:03:28 standalone object-server[127198]: 172.20.0.100 - - [17/Feb/2026:19:03:28 +0000] "GET /d1/157/AUTH_3e3143917d454e4087b64e16beac682c/gnocchi.76050fb9-a9b2-474c-a202-6e33055c3f03/1771200000.0_mean_300.0_v3" 200 16 "GET http://172.18.0.2:8080/v1/AUTH_3e3143917d454e4087b64e16beac682c/gnocchi.76050fb9-a9b2-474c-a202-6e33055c3f03/1771200000.0_mean_300.0_v3" "tx0db859d5a5eb4551a4383-006994bb80" "proxy-server 12" 0.0007 "-" 22 0
Feb 17 19:03:28 standalone proxy-server[129089]: 172.18.0.2 172.18.0.100 17/Feb/2026/19/03/28 GET /v1/AUTH_3e3143917d454e4087b64e16beac682c/gnocchi.76050fb9-a9b2-474c-a202-6e33055c3f03/1771200000.0_mean_300.0_v3 HTTP/1.0 200 - python-swiftclient-3.11.1 gAAAAABplLsH5F_G... - 16 - tx0db859d5a5eb4551a4383-006994bb80 - 0.0089 - - 1771355008.087712526 1771355008.096564054 0
Feb 17 19:03:28 standalone container-server[126966]: 172.20.0.100 - - [17/Feb/2026:19:03:28 +0000] "PUT /d1/515/AUTH_3e3143917d454e4087b64e16beac682c/gnocchi.76050fb9-a9b2-474c-a202-6e33055c3f03/1771200000.0_mean_300.0_v3" 201 - "PUT http://172.18.0.2:8080/d1/157/AUTH_3e3143917d454e4087b64e16beac682c/gnocchi.76050fb9-a9b2-474c-a202-6e33055c3f03/1771200000.0_mean_300.0_v3" "tx55f6339cea7f4c3094f52-006994bb80" "object-server 22" 0.0009 "-" 20 0
Feb 17 19:03:28 standalone object-server[127198]: 172.20.0.100 - - [17/Feb/2026:19:03:28 +0000] "PUT /d1/157/AUTH_3e3143917d454e4087b64e16beac682c/gnocchi.76050fb9-a9b2-474c-a202-6e33055c3f03/1771200000.0_mean_300.0_v3" 201 - "PUT http://172.18.0.2:8080/v1/AUTH_3e3143917d454e4087b64e16beac682c/gnocchi.76050fb9-a9b2-474c-a202-6e33055c3f03/1771200000.0_mean_300.0_v3" "tx55f6339cea7f4c3094f52-006994bb80" "proxy-server 12" 0.0106 "-" 22 0
Feb 17 19:03:28 standalone proxy-server[129089]: 172.18.0.2 172.18.0.100 17/Feb/2026/19/03/28 PUT /v1/AUTH_3e3143917d454e4087b64e16beac682c/gnocchi.76050fb9-a9b2-474c-a202-6e33055c3f03/1771200000.0_mean_300.0_v3 HTTP/1.0 201 - python-swiftclient-3.11.1 gAAAAABplLsH5F_G... 16 - - tx55f6339cea7f4c3094f52-006994bb80 - 0.0213 - - 1771355008.101803064 1771355008.123124123 0
Feb 17 19:03:28 standalone container-server[126973]: 172.20.0.100 - - [17/Feb/2026:19:03:28 +0000] "PUT /d1/515/AUTH_3e3143917d454e4087b64e16beac682c/gnocchi.76050fb9-a9b2-474c-a202-6e33055c3f03/none_v3" 201 - "PUT http://172.18.0.2:8080/d1/81/AUTH_3e3143917d454e4087b64e16beac682c/gnocchi.76050fb9-a9b2-474c-a202-6e33055c3f03/none_v3" "tx4ac74729fe2740daab87d-006994bb80" "object-server 25" 0.0007 "-" 22 0
Feb 17 19:03:28 standalone object-server[127203]: 172.20.0.100 - - [17/Feb/2026:19:03:28 +0000] "PUT /d1/81/AUTH_3e3143917d454e4087b64e16beac682c/gnocchi.76050fb9-a9b2-474c-a202-6e33055c3f03/none_v3" 201 - "PUT http://172.18.0.2:8080/v1/AUTH_3e3143917d454e4087b64e16beac682c/gnocchi.76050fb9-a9b2-474c-a202-6e33055c3f03/none_v3" "tx4ac74729fe2740daab87d-006994bb80" "proxy-server 12" 0.0116 "-" 25 0
Feb 17 19:03:28 standalone proxy-server[129089]: 172.18.0.2 172.18.0.100 17/Feb/2026/19/03/28 PUT /v1/AUTH_3e3143917d454e4087b64e16beac682c/gnocchi.76050fb9-a9b2-474c-a202-6e33055c3f03/none_v3 HTTP/1.0 201 - python-swiftclient-3.11.1 gAAAAABplLsH5F_G... 32 - - tx4ac74729fe2740daab87d-006994bb80 - 0.0205 - - 1771355008.127506256 1771355008.147961855 0
Feb 17 19:03:28 standalone object-server[127202]: 172.20.0.100 - - [17/Feb/2026:19:03:28 +0000] "GET /d1/1017/AUTH_3e3143917d454e4087b64e16beac682c/gnocchi.248d5c12-1974-4c56-8fcf-f3df06ebb4c5/none_v3" 200 22 "GET http://172.18.0.2:8080/v1/AUTH_3e3143917d454e4087b64e16beac682c/gnocchi.248d5c12-1974-4c56-8fcf-f3df06ebb4c5/none_v3" "txee2c09c42f6c4a1c9d012-006994bb80" "proxy-server 12" 0.0007 "-" 24 0
Feb 17 19:03:28 standalone proxy-server[129089]: 172.18.0.2 172.18.0.100 17/Feb/2026/19/03/28 GET /v1/AUTH_3e3143917d454e4087b64e16beac682c/gnocchi.248d5c12-1974-4c56-8fcf-f3df06ebb4c5/none_v3 HTTP/1.0 200 - python-swiftclient-3.11.1 gAAAAABplLsH5F_G... - 22 - txee2c09c42f6c4a1c9d012-006994bb80 - 0.0122 - - 1771355008.165375710 1771355008.177536726 0
Feb 17 19:03:28 standalone container-server[126970]: 172.20.0.100 - - [17/Feb/2026:19:03:28 +0000] "GET /d1/778/AUTH_3e3143917d454e4087b64e16beac682c/gnocchi.248d5c12-1974-4c56-8fcf-f3df06ebb4c5" 200 357 "GET http://172.18.0.2:8080/v1/AUTH_3e3143917d454e4087b64e16beac682c/gnocchi.248d5c12-1974-4c56-8fcf-f3df06ebb4c5?format=json&states=listing" "tx3a76c8cd9339465f8634a-006994bb80" "proxy-server 12" 0.0050 "-" 21 0
Feb 17 19:03:28 standalone proxy-server[129089]: 172.18.0.2 172.18.0.100 17/Feb/2026/19/03/28 GET /v1/AUTH_3e3143917d454e4087b64e16beac682c/gnocchi.248d5c12-1974-4c56-8fcf-f3df06ebb4c5%3Fformat%3Djson%26states%3Dlisting HTTP/1.0 200 - python-swiftclient-3.11.1 gAAAAABplLsH5F_G... - 357 - tx3a76c8cd9339465f8634a-006994bb80 - 0.0162 - - 1771355008.182930946 1771355008.199089766 0
Feb 17 19:03:28 standalone container-server[126977]: 172.20.0.100 - - [17/Feb/2026:19:03:28 +0000] "GET /d1/778/AUTH_3e3143917d454e4087b64e16beac682c/gnocchi.248d5c12-1974-4c56-8fcf-f3df06ebb4c5" 200 2 "GET http://172.18.0.2:8080/v1/AUTH_3e3143917d454e4087b64e16beac682c/gnocchi.248d5c12-1974-4c56-8fcf-f3df06ebb4c5?format=json&marker=none_v3&states=listing" "txeffafb50c76a477db50a6-006994bb80" "proxy-server 12" 0.0037 "-" 23 0
Feb 17 19:03:28 standalone proxy-server[129089]: 172.18.0.2 172.18.0.100 17/Feb/2026/19/03/28 GET /v1/AUTH_3e3143917d454e4087b64e16beac682c/gnocchi.248d5c12-1974-4c56-8fcf-f3df06ebb4c5%3Fformat%3Djson%26marker%3Dnone_v3%26states%3Dlisting HTTP/1.0 200 - python-swiftclient-3.11.1 gAAAAABplLsH5F_G... - 2 - txeffafb50c76a477db50a6-006994bb80 - 0.0139 - - 1771355008.203649759 1771355008.217532635 0
Feb 17 19:03:28 standalone object-server[127203]: 172.20.0.100 - - [17/Feb/2026:19:03:28 +0000] "GET /d1/777/AUTH_3e3143917d454e4087b64e16beac682c/gnocchi.248d5c12-1974-4c56-8fcf-f3df06ebb4c5/1771200000.0_mean_300.0_v3" 200 16 "GET http://172.18.0.2:8080/v1/AUTH_3e3143917d454e4087b64e16beac682c/gnocchi.248d5c12-1974-4c56-8fcf-f3df06ebb4c5/1771200000.0_mean_300.0_v3" "txf4fc895c96bd44d096a44-006994bb80" "proxy-server 12" 0.0014 "-" 25 0
Feb 17 19:03:28 standalone proxy-server[129089]: 172.18.0.2 172.18.0.100 17/Feb/2026/19/03/28 GET /v1/AUTH_3e3143917d454e4087b64e16beac682c/gnocchi.248d5c12-1974-4c56-8fcf-f3df06ebb4c5/1771200000.0_mean_300.0_v3 HTTP/1.0 200 - python-swiftclient-3.11.1 gAAAAABplLsH5F_G... - 16 - txf4fc895c96bd44d096a44-006994bb80 - 0.0113 - - 1771355008.222962379 1771355008.234304428 0
Feb 17 19:03:28 standalone container-server[126977]: 172.20.0.100 - - [17/Feb/2026:19:03:28 +0000] "PUT /d1/778/AUTH_3e3143917d454e4087b64e16beac682c/gnocchi.248d5c12-1974-4c56-8fcf-f3df06ebb4c5/1771200000.0_mean_300.0_v3" 201 - "PUT http://172.18.0.2:8080/d1/777/AUTH_3e3143917d454e4087b64e16beac682c/gnocchi.248d5c12-1974-4c56-8fcf-f3df06ebb4c5/1771200000.0_mean_300.0_v3" "tx98dcbfa9d869453ab7c78-006994bb80" "object-server 23" 0.0008 "-" 23 0
Feb 17 19:03:28 standalone object-server[127200]: 172.20.0.100 - - [17/Feb/2026:19:03:28 +0000] "PUT /d1/777/AUTH_3e3143917d454e4087b64e16beac682c/gnocchi.248d5c12-1974-4c56-8fcf-f3df06ebb4c5/1771200000.0_mean_300.0_v3" 201 - "PUT http://172.18.0.2:8080/v1/AUTH_3e3143917d454e4087b64e16beac682c/gnocchi.248d5c12-1974-4c56-8fcf-f3df06ebb4c5/1771200000.0_mean_300.0_v3" "tx98dcbfa9d869453ab7c78-006994bb80" "proxy-server 12" 0.0115 "-" 23 0
Feb 17 19:03:28 standalone proxy-server[129089]: 172.18.0.2 172.18.0.100 17/Feb/2026/19/03/28 PUT /v1/AUTH_3e3143917d454e4087b64e16beac682c/gnocchi.248d5c12-1974-4c56-8fcf-f3df06ebb4c5/1771200000.0_mean_300.0_v3 HTTP/1.0 201 - python-swiftclient-3.11.1 gAAAAABplLsH5F_G... 16 - - tx98dcbfa9d869453ab7c78-006994bb80 - 0.0211 - - 1771355008.239334822 1771355008.260397196 0
Feb 17 19:03:28 standalone container-server[126966]: 172.20.0.100 - - [17/Feb/2026:19:03:28 +0000] "PUT /d1/778/AUTH_3e3143917d454e4087b64e16beac682c/gnocchi.248d5c12-1974-4c56-8fcf-f3df06ebb4c5/none_v3" 201 - "PUT http://172.18.0.2:8080/d1/1017/AUTH_3e3143917d454e4087b64e16beac682c/gnocchi.248d5c12-1974-4c56-8fcf-f3df06ebb4c5/none_v3" "tx4e9ce19da88b451697fe5-006994bb80" "object-server 22" 0.0006 "-" 20 0
Feb 17 19:03:28 standalone object-server[127198]: 172.20.0.100 - - [17/Feb/2026:19:03:28 +0000] "PUT /d1/1017/AUTH_3e3143917d454e4087b64e16beac682c/gnocchi.248d5c12-1974-4c56-8fcf-f3df06ebb4c5/none_v3" 201 - "PUT http://172.18.0.2:8080/v1/AUTH_3e3143917d454e4087b64e16beac682c/gnocchi.248d5c12-1974-4c56-8fcf-f3df06ebb4c5/none_v3" "tx4e9ce19da88b451697fe5-006994bb80" "proxy-server 12" 0.0128 "-" 22 0
Feb 17 19:03:28 standalone proxy-server[129089]: 172.18.0.2 172.18.0.100 17/Feb/2026/19/03/28 PUT /v1/AUTH_3e3143917d454e4087b64e16beac682c/gnocchi.248d5c12-1974-4c56-8fcf-f3df06ebb4c5/none_v3 HTTP/1.0 201 - python-swiftclient-3.11.1 gAAAAABplLsH5F_G... 32 - - tx4e9ce19da88b451697fe5-006994bb80 - 0.0208 - - 1771355008.264731169 1771355008.285554647 0
Feb 17 19:03:31 standalone container-server[126977]: 172.20.0.100 - - [17/Feb/2026:19:03:31 +0000] "HEAD /d1/379/AUTH_3e3143917d454e4087b64e16beac682c/gnocchi.3b4d2452-8a61-4898-98df-2025321ac6b3" 404 - "HEAD http://172.18.0.2:8080/v1/AUTH_3e3143917d454e4087b64e16beac682c/gnocchi.3b4d2452-8a61-4898-98df-2025321ac6b3?format=json&states=listing" "txda8a6baf7568415d86f35-006994bb83" "proxy-server 12" 0.0011 "-" 23 0
Feb 17 19:03:31 standalone object-server[127200]: 172.20.0.100 - - [17/Feb/2026:19:03:31 +0000] "GET /d1/342/AUTH_3e3143917d454e4087b64e16beac682c/gnocchi.3b4d2452-8a61-4898-98df-2025321ac6b3/none_v3" 404 70 "GET http://172.18.0.2:8080/v1/AUTH_3e3143917d454e4087b64e16beac682c/gnocchi.3b4d2452-8a61-4898-98df-2025321ac6b3/none_v3" "txda8a6baf7568415d86f35-006994bb83" "proxy-server 12" 0.0005 "-" 23 0
Feb 17 19:03:31 standalone proxy-server[129089]: 172.18.0.2 172.18.0.100 17/Feb/2026/19/03/31 GET /v1/AUTH_3e3143917d454e4087b64e16beac682c/gnocchi.3b4d2452-8a61-4898-98df-2025321ac6b3/none_v3 HTTP/1.0 404 - python-swiftclient-3.11.1 gAAAAABplLsH5F_G... - 70 - txda8a6baf7568415d86f35-006994bb83 - 0.0133 - - 1771355011.177013397 1771355011.190271854 0
Feb 17 19:03:31 standalone account-server[126897]: 172.20.0.100 - - [17/Feb/2026:19:03:31 +0000] "PUT /d1/838/AUTH_3e3143917d454e4087b64e16beac682c/gnocchi.3b4d2452-8a61-4898-98df-2025321ac6b3" 201 - "PUT http://172.20.0.100:6001/d1/379/AUTH_3e3143917d454e4087b64e16beac682c/gnocchi.3b4d2452-8a61-4898-98df-2025321ac6b3" "tx32a83103a5714544b8f74-006994bb83" "container-server 20" 0.0023 "-" 22 0
Feb 17 19:03:31 standalone container-server[126966]: 172.20.0.100 - - [17/Feb/2026:19:03:31 +0000] "PUT /d1/379/AUTH_3e3143917d454e4087b64e16beac682c/gnocchi.3b4d2452-8a61-4898-98df-2025321ac6b3" 201 - "PUT http://172.18.0.2:8080/v1/AUTH_3e3143917d454e4087b64e16beac682c/gnocchi.3b4d2452-8a61-4898-98df-2025321ac6b3" "tx32a83103a5714544b8f74-006994bb83" "proxy-server 12" 0.0176 "-" 20 0
Feb 17 19:03:31 standalone proxy-server[129089]: 172.18.0.2 172.18.0.100 17/Feb/2026/19/03/31 PUT /v1/AUTH_3e3143917d454e4087b64e16beac682c/gnocchi.3b4d2452-8a61-4898-98df-2025321ac6b3 HTTP/1.0 201 - python-swiftclient-3.11.1 gAAAAABplLsH5F_G... - - - tx32a83103a5714544b8f74-006994bb83 - 0.0245 - - 1771355011.194360733 1771355011.218875170 0
Feb 17 19:03:31 standalone container-server[126977]: 172.20.0.100 - - [17/Feb/2026:19:03:31 +0000] "HEAD /d1/379/AUTH_3e3143917d454e4087b64e16beac682c/gnocchi.3b4d2452-8a61-4898-98df-2025321ac6b3" 204 - "HEAD http://172.18.0.2:8080/v1/AUTH_3e3143917d454e4087b64e16beac682c/gnocchi.3b4d2452-8a61-4898-98df-2025321ac6b3?format=json&states=listing" "tx2bcab512126b4fb9ba185-006994bb83" "proxy-server 12" 0.0015 "-" 23 0
Feb 17 19:03:31 standalone proxy-server[129089]: - - 17/Feb/2026/19/03/31 HEAD /v1/AUTH_3e3143917d454e4087b64e16beac682c/gnocchi.3b4d2452-8a61-4898-98df-2025321ac6b3%3Fformat%3Djson%26states%3Dlisting HTTP/1.0 204 - Swift - - - - tx2bcab512126b4fb9ba185-006994bb83 - 0.0064 RL - 1771355011.226960182 1771355011.233387470 0
Feb 17 19:03:31 standalone container-server[126977]: 172.20.0.100 - - [17/Feb/2026:19:03:31 +0000] "GET /d1/379/AUTH_3e3143917d454e4087b64e16beac682c/gnocchi.3b4d2452-8a61-4898-98df-2025321ac6b3" 200 2 "GET http://172.18.0.2:8080/v1/AUTH_3e3143917d454e4087b64e16beac682c/gnocchi.3b4d2452-8a61-4898-98df-2025321ac6b3?format=json&states=listing" "tx2bcab512126b4fb9ba185-006994bb83" "proxy-server 12" 0.0022 "-" 23 0
Feb 17 19:03:31 standalone proxy-server[129089]: 172.18.0.2 172.18.0.100 17/Feb/2026/19/03/31 GET /v1/AUTH_3e3143917d454e4087b64e16beac682c/gnocchi.3b4d2452-8a61-4898-98df-2025321ac6b3%3Fformat%3Djson%26states%3Dlisting HTTP/1.0 200 - python-swiftclient-3.11.1 gAAAAABplLsH5F_G... - 2 - tx2bcab512126b4fb9ba185-006994bb83 - 0.0237 - - 1771355011.225286722 1771355011.249017000 0
Feb 17 19:03:31 standalone object-server[127200]: 172.20.0.100 - - [17/Feb/2026:19:03:31 +0000] "GET /d1/640/AUTH_3e3143917d454e4087b64e16beac682c/gnocchi.3b4d2452-8a61-4898-98df-2025321ac6b3/1771200000.0_mean_300.0_v3" 404 70 "GET http://172.18.0.2:8080/v1/AUTH_3e3143917d454e4087b64e16beac682c/gnocchi.3b4d2452-8a61-4898-98df-2025321ac6b3/1771200000.0_mean_300.0_v3" "tx30b05a8eaa5a4283913aa-006994bb83" "proxy-server 12" 0.0007 "-" 23 0
Feb 17 19:03:31 standalone proxy-server[129089]: 172.18.0.2 172.18.0.100 17/Feb/2026/19/03/31 GET /v1/AUTH_3e3143917d454e4087b64e16beac682c/gnocchi.3b4d2452-8a61-4898-98df-2025321ac6b3/1771200000.0_mean_300.0_v3 HTTP/1.0 404 - python-swiftclient-3.11.1 gAAAAABplLsH5F_G... - 70 - tx30b05a8eaa5a4283913aa-006994bb83 - 0.0096 - - 1771355011.255633831 1771355011.265257120 0
Feb 17 19:03:31 standalone container-server[126966]: 172.20.0.100 - - [17/Feb/2026:19:03:31 +0000] "PUT /d1/379/AUTH_3e3143917d454e4087b64e16beac682c/gnocchi.3b4d2452-8a61-4898-98df-2025321ac6b3/1771200000.0_mean_300.0_v3" 201 - "PUT http://172.18.0.2:8080/d1/640/AUTH_3e3143917d454e4087b64e16beac682c/gnocchi.3b4d2452-8a61-4898-98df-2025321ac6b3/1771200000.0_mean_300.0_v3" "tx9cd0de327b73436b8688b-006994bb83" "object-server 23" 0.0009 "-" 20 0
Feb 17 19:03:31 standalone object-server[127200]: 172.20.0.100 - - [17/Feb/2026:19:03:31 +0000] "PUT /d1/640/AUTH_3e3143917d454e4087b64e16beac682c/gnocchi.3b4d2452-8a61-4898-98df-2025321ac6b3/1771200000.0_mean_300.0_v3" 201 - "PUT http://172.18.0.2:8080/v1/AUTH_3e3143917d454e4087b64e16beac682c/gnocchi.3b4d2452-8a61-4898-98df-2025321ac6b3/1771200000.0_mean_300.0_v3" "tx9cd0de327b73436b8688b-006994bb83" "proxy-server 12" 0.0137 "-" 23 0
Feb 17 19:03:31 standalone proxy-server[129089]: 172.18.0.2 172.18.0.100 17/Feb/2026/19/03/31 PUT /v1/AUTH_3e3143917d454e4087b64e16beac682c/gnocchi.3b4d2452-8a61-4898-98df-2025321ac6b3/1771200000.0_mean_300.0_v3 HTTP/1.0 201 - python-swiftclient-3.11.1 gAAAAABplLsH5F_G... 16 - - tx9cd0de327b73436b8688b-006994bb83 - 0.0264 - - 1771355011.275667191 1771355011.302067757 0
Feb 17 19:03:31 standalone container-server[126977]: 172.20.0.100 - - [17/Feb/2026:19:03:31 +0000] "PUT /d1/379/AUTH_3e3143917d454e4087b64e16beac682c/gnocchi.3b4d2452-8a61-4898-98df-2025321ac6b3/none_v3" 201 - "PUT http://172.18.0.2:8080/d1/342/AUTH_3e3143917d454e4087b64e16beac682c/gnocchi.3b4d2452-8a61-4898-98df-2025321ac6b3/none_v3" "tx8178011d982d4bd4b7840-006994bb83" "object-server 24" 0.0007 "-" 23 0
Feb 17 19:03:31 standalone object-server[127202]: 172.20.0.100 - - [17/Feb/2026:19:03:31 +0000] "PUT /d1/342/AUTH_3e3143917d454e4087b64e16beac682c/gnocchi.3b4d2452-8a61-4898-98df-2025321ac6b3/none_v3" 201 - "PUT http://172.18.0.2:8080/v1/AUTH_3e3143917d454e4087b64e16beac682c/gnocchi.3b4d2452-8a61-4898-98df-2025321ac6b3/none_v3" "tx8178011d982d4bd4b7840-006994bb83" "proxy-server 12" 0.0150 "-" 24 0
Feb 17 19:03:31 standalone proxy-server[129089]: 172.18.0.2 172.18.0.100 17/Feb/2026/19/03/31 PUT /v1/AUTH_3e3143917d454e4087b64e16beac682c/gnocchi.3b4d2452-8a61-4898-98df-2025321ac6b3/none_v3 HTTP/1.0 201 - python-swiftclient-3.11.1 gAAAAABplLsH5F_G... 22 - - tx8178011d982d4bd4b7840-006994bb83 - 0.0245 - - 1771355011.312148571 1771355011.336647272 0
Feb 17 19:03:31 standalone object-server[127198]: 172.20.0.100 - - [17/Feb/2026:19:03:31 +0000] "GET /d1/142/AUTH_3e3143917d454e4087b64e16beac682c/gnocchi.bcf1f98b-65eb-4278-8e73-8af466ad955c/none_v3" 200 33 "GET http://172.18.0.2:8080/v1/AUTH_3e3143917d454e4087b64e16beac682c/gnocchi.bcf1f98b-65eb-4278-8e73-8af466ad955c/none_v3" "tx5988ba8e546649668f6d6-006994bb83" "proxy-server 12" 0.0012 "-" 22 0
Feb 17 19:03:31 standalone proxy-server[129089]: 172.18.0.2 172.18.0.100 17/Feb/2026/19/03/31 GET /v1/AUTH_3e3143917d454e4087b64e16beac682c/gnocchi.bcf1f98b-65eb-4278-8e73-8af466ad955c/none_v3 HTTP/1.0 200 - python-swiftclient-3.11.1 gAAAAABplLsH5F_G... - 33 - tx5988ba8e546649668f6d6-006994bb83 - 0.0104 - - 1771355011.409408331 1771355011.419852257 0
Feb 17 19:03:31 standalone container-server[126973]: 172.20.0.100 - - [17/Feb/2026:19:03:31 +0000] "GET /d1/541/AUTH_3e3143917d454e4087b64e16beac682c/gnocchi.bcf1f98b-65eb-4278-8e73-8af466ad955c" 200 357 "GET http://172.18.0.2:8080/v1/AUTH_3e3143917d454e4087b64e16beac682c/gnocchi.bcf1f98b-65eb-4278-8e73-8af466ad955c?format=json&states=listing" "txd143c7ea255e44fa89b39-006994bb83" "proxy-server 12" 0.0095 "-" 22 0
