Feb 17 19:03:45 standalone container-server[126970]: 172.20.0.100 - - [17/Feb/2026:19:03:45 +0000] "PUT /d1/116/AUTH_3e3143917d454e4087b64e16beac682c/gnocchi.9e268d5e-4078-4321-a82f-e85a13b36f90" 201 - "PUT http://172.18.0.2:8080/v1/AUTH_3e3143917d454e4087b64e16beac682c/gnocchi.9e268d5e-4078-4321-a82f-e85a13b36f90" "tx95affc3c21e84a5ab450e-006994bb91" "proxy-server 12" 0.0199 "-" 21 0
Feb 17 19:03:45 standalone proxy-server[129089]: 172.18.0.2 172.18.0.100 17/Feb/2026/19/03/45 PUT /v1/AUTH_3e3143917d454e4087b64e16beac682c/gnocchi.9e268d5e-4078-4321-a82f-e85a13b36f90 HTTP/1.0 201 - python-swiftclient-3.11.1 gAAAAABplLsH5F_G... - - - tx95affc3c21e84a5ab450e-006994bb91 - 0.0310 - - 1771355025.095942497 1771355025.126919270 0
Feb 17 19:03:45 standalone container-server[126970]: 172.20.0.100 - - [17/Feb/2026:19:03:45 +0000] "HEAD /d1/116/AUTH_3e3143917d454e4087b64e16beac682c/gnocchi.9e268d5e-4078-4321-a82f-e85a13b36f90" 204 - "HEAD http://172.18.0.2:8080/v1/AUTH_3e3143917d454e4087b64e16beac682c/gnocchi.9e268d5e-4078-4321-a82f-e85a13b36f90?format=json&states=listing" "tx500d65547736402e88daa-006994bb91" "proxy-server 12" 0.0012 "-" 21 0
Feb 17 19:03:45 standalone proxy-server[129089]: - - 17/Feb/2026/19/03/45 HEAD /v1/AUTH_3e3143917d454e4087b64e16beac682c/gnocchi.9e268d5e-4078-4321-a82f-e85a13b36f90%3Fformat%3Djson%26states%3Dlisting HTTP/1.0 204 - Swift - - - - tx500d65547736402e88daa-006994bb91 - 0.0071 RL - 1771355025.133776903 1771355025.140836954 0
Feb 17 19:03:45 standalone container-server[126970]: 172.20.0.100 - - [17/Feb/2026:19:03:45 +0000] "GET /d1/116/AUTH_3e3143917d454e4087b64e16beac682c/gnocchi.9e268d5e-4078-4321-a82f-e85a13b36f90" 200 2 "GET http://172.18.0.2:8080/v1/AUTH_3e3143917d454e4087b64e16beac682c/gnocchi.9e268d5e-4078-4321-a82f-e85a13b36f90?format=json&states=listing" "tx500d65547736402e88daa-006994bb91" "proxy-server 12" 0.0069 "-" 21 0
Feb 17 19:03:45 standalone proxy-server[129089]: 172.18.0.2 172.18.0.100 17/Feb/2026/19/03/45 GET /v1/AUTH_3e3143917d454e4087b64e16beac682c/gnocchi.9e268d5e-4078-4321-a82f-e85a13b36f90%3Fformat%3Djson%26states%3Dlisting HTTP/1.0 200 - python-swiftclient-3.11.1 gAAAAABplLsH5F_G... - 2 - tx500d65547736402e88daa-006994bb91 - 0.0263 - - 1771355025.131969213 1771355025.158242702 0
Feb 17 19:03:45 standalone object-server[127202]: 172.20.0.100 - - [17/Feb/2026:19:03:45 +0000] "GET /d1/888/AUTH_3e3143917d454e4087b64e16beac682c/gnocchi.9e268d5e-4078-4321-a82f-e85a13b36f90/1771200000.0_mean_300.0_v3" 404 70 "GET http://172.18.0.2:8080/v1/AUTH_3e3143917d454e4087b64e16beac682c/gnocchi.9e268d5e-4078-4321-a82f-e85a13b36f90/1771200000.0_mean_300.0_v3" "tx4e68978953b54351adb9e-006994bb91" "proxy-server 12" 0.0004 "-" 24 0
Feb 17 19:03:45 standalone proxy-server[129089]: 172.18.0.2 172.18.0.100 17/Feb/2026/19/03/45 GET /v1/AUTH_3e3143917d454e4087b64e16beac682c/gnocchi.9e268d5e-4078-4321-a82f-e85a13b36f90/1771200000.0_mean_300.0_v3 HTTP/1.0 404 - python-swiftclient-3.11.1 gAAAAABplLsH5F_G... - 70 - tx4e68978953b54351adb9e-006994bb91 - 0.0087 - - 1771355025.167473555 1771355025.176211596 0
Feb 17 19:03:45 standalone container-server[126970]: 172.20.0.100 - - [17/Feb/2026:19:03:45 +0000] "PUT /d1/116/AUTH_3e3143917d454e4087b64e16beac682c/gnocchi.9e268d5e-4078-4321-a82f-e85a13b36f90/1771200000.0_mean_300.0_v3" 201 - "PUT http://172.18.0.2:8080/d1/888/AUTH_3e3143917d454e4087b64e16beac682c/gnocchi.9e268d5e-4078-4321-a82f-e85a13b36f90/1771200000.0_mean_300.0_v3" "tx5c2f3e01725a4f1e9de63-006994bb91" "object-server 24" 0.0022 "-" 21 0
Feb 17 19:03:45 standalone object-server[127202]: 172.20.0.100 - - [17/Feb/2026:19:03:45 +0000] "PUT /d1/888/AUTH_3e3143917d454e4087b64e16beac682c/gnocchi.9e268d5e-4078-4321-a82f-e85a13b36f90/1771200000.0_mean_300.0_v3" 201 - "PUT http://172.18.0.2:8080/v1/AUTH_3e3143917d454e4087b64e16beac682c/gnocchi.9e268d5e-4078-4321-a82f-e85a13b36f90/1771200000.0_mean_300.0_v3" "tx5c2f3e01725a4f1e9de63-006994bb91" "proxy-server 12" 0.0211 "-" 24 0
Feb 17 19:03:45 standalone proxy-server[129089]: 172.18.0.2 172.18.0.100 17/Feb/2026/19/03/45 PUT /v1/AUTH_3e3143917d454e4087b64e16beac682c/gnocchi.9e268d5e-4078-4321-a82f-e85a13b36f90/1771200000.0_mean_300.0_v3 HTTP/1.0 201 - python-swiftclient-3.11.1 gAAAAABplLsH5F_G... 16 - - tx5c2f3e01725a4f1e9de63-006994bb91 - 0.0304 - - 1771355025.182753801 1771355025.213173389 0
Feb 17 19:03:45 standalone container-server[126966]: 172.20.0.100 - - [17/Feb/2026:19:03:45 +0000] "PUT /d1/116/AUTH_3e3143917d454e4087b64e16beac682c/gnocchi.9e268d5e-4078-4321-a82f-e85a13b36f90/none_v3" 201 - "PUT http://172.18.0.2:8080/d1/253/AUTH_3e3143917d454e4087b64e16beac682c/gnocchi.9e268d5e-4078-4321-a82f-e85a13b36f90/none_v3" "txeeb8aeca62da43aab0594-006994bb91" "object-server 23" 0.0006 "-" 20 0
Feb 17 19:03:45 standalone object-server[127200]: 172.20.0.100 - - [17/Feb/2026:19:03:45 +0000] "PUT /d1/253/AUTH_3e3143917d454e4087b64e16beac682c/gnocchi.9e268d5e-4078-4321-a82f-e85a13b36f90/none_v3" 201 - "PUT http://172.18.0.2:8080/v1/AUTH_3e3143917d454e4087b64e16beac682c/gnocchi.9e268d5e-4078-4321-a82f-e85a13b36f90/none_v3" "txeeb8aeca62da43aab0594-006994bb91" "proxy-server 12" 0.0177 "-" 23 0
Feb 17 19:03:45 standalone proxy-server[129089]: 172.18.0.2 172.18.0.100 17/Feb/2026/19/03/45 PUT /v1/AUTH_3e3143917d454e4087b64e16beac682c/gnocchi.9e268d5e-4078-4321-a82f-e85a13b36f90/none_v3 HTTP/1.0 201 - python-swiftclient-3.11.1 gAAAAABplLsH5F_G... 22 - - txeeb8aeca62da43aab0594-006994bb91 - 0.0303 - - 1771355025.219640255 1771355025.249958754 0
Feb 17 19:03:45 standalone container-server[126970]: 172.20.0.100 - - [17/Feb/2026:19:03:45 +0000] "HEAD /d1/391/AUTH_3e3143917d454e4087b64e16beac682c/gnocchi.5f7dbda7-5b24-4db9-8868-9b781b15c826" 404 - "HEAD http://172.18.0.2:8080/v1/AUTH_3e3143917d454e4087b64e16beac682c/gnocchi.5f7dbda7-5b24-4db9-8868-9b781b15c826?format=json&states=listing" "tx2be0e8783bda43c381cb5-006994bb91" "proxy-server 12" 0.0009 "-" 21 0
Feb 17 19:03:45 standalone object-server[127203]: 172.20.0.100 - - [17/Feb/2026:19:03:45 +0000] "GET /d1/838/AUTH_3e3143917d454e4087b64e16beac682c/gnocchi.5f7dbda7-5b24-4db9-8868-9b781b15c826/none_v3" 404 70 "GET http://172.18.0.2:8080/v1/AUTH_3e3143917d454e4087b64e16beac682c/gnocchi.5f7dbda7-5b24-4db9-8868-9b781b15c826/none_v3" "tx2be0e8783bda43c381cb5-006994bb91" "proxy-server 12" 0.0004 "-" 25 0
Feb 17 19:03:45 standalone proxy-server[129089]: 172.18.0.2 172.18.0.100 17/Feb/2026/19/03/45 GET /v1/AUTH_3e3143917d454e4087b64e16beac682c/gnocchi.5f7dbda7-5b24-4db9-8868-9b781b15c826/none_v3 HTTP/1.0 404 - python-swiftclient-3.11.1 gAAAAABplLsH5F_G... - 70 - tx2be0e8783bda43c381cb5-006994bb91 - 0.0211 - - 1771355025.276844025 1771355025.297925234 0
Feb 17 19:03:45 standalone account-server[126891]: 172.20.0.100 - - [17/Feb/2026:19:03:45 +0000] "PUT /d1/838/AUTH_3e3143917d454e4087b64e16beac682c/gnocchi.5f7dbda7-5b24-4db9-8868-9b781b15c826" 201 - "PUT http://172.20.0.100:6001/d1/391/AUTH_3e3143917d454e4087b64e16beac682c/gnocchi.5f7dbda7-5b24-4db9-8868-9b781b15c826" "txe674a8221bf6427a9c2a5-006994bb91" "container-server 21" 0.0072 "-" 20 0
Feb 17 19:03:45 standalone container-server[126970]: 172.20.0.100 - - [17/Feb/2026:19:03:45 +0000] "PUT /d1/391/AUTH_3e3143917d454e4087b64e16beac682c/gnocchi.5f7dbda7-5b24-4db9-8868-9b781b15c826" 201 - "PUT http://172.18.0.2:8080/v1/AUTH_3e3143917d454e4087b64e16beac682c/gnocchi.5f7dbda7-5b24-4db9-8868-9b781b15c826" "txe674a8221bf6427a9c2a5-006994bb91" "proxy-server 12" 0.0298 "-" 21 0
Feb 17 19:03:45 standalone proxy-server[129089]: 172.18.0.2 172.18.0.100 17/Feb/2026/19/03/45 PUT /v1/AUTH_3e3143917d454e4087b64e16beac682c/gnocchi.5f7dbda7-5b24-4db9-8868-9b781b15c826 HTTP/1.0 201 - python-swiftclient-3.11.1 gAAAAABplLsH5F_G... - - - txe674a8221bf6427a9c2a5-006994bb91 - 0.0430 - - 1771355025.309956789 1771355025.353000402 0
Feb 17 19:03:45 standalone container-server[126966]: 172.20.0.100 - - [17/Feb/2026:19:03:45 +0000] "HEAD /d1/391/AUTH_3e3143917d454e4087b64e16beac682c/gnocchi.5f7dbda7-5b24-4db9-8868-9b781b15c826" 204 - "HEAD http://172.18.0.2:8080/v1/AUTH_3e3143917d454e4087b64e16beac682c/gnocchi.5f7dbda7-5b24-4db9-8868-9b781b15c826?format=json&states=listing" "tx3209c5333adf4dbba5aed-006994bb91" "proxy-server 12" 0.0014 "-" 20 0
Feb 17 19:03:45 standalone proxy-server[129089]: - - 17/Feb/2026/19/03/45 HEAD /v1/AUTH_3e3143917d454e4087b64e16beac682c/gnocchi.5f7dbda7-5b24-4db9-8868-9b781b15c826%3Fformat%3Djson%26states%3Dlisting HTTP/1.0 204 - Swift - - - - tx3209c5333adf4dbba5aed-006994bb91 - 0.0070 RL - 1771355025.369354248 1771355025.376348257 0
Feb 17 19:03:45 standalone container-server[126977]: 172.20.0.100 - - [17/Feb/2026:19:03:45 +0000] "GET /d1/391/AUTH_3e3143917d454e4087b64e16beac682c/gnocchi.5f7dbda7-5b24-4db9-8868-9b781b15c826" 200 2 "GET http://172.18.0.2:8080/v1/AUTH_3e3143917d454e4087b64e16beac682c/gnocchi.5f7dbda7-5b24-4db9-8868-9b781b15c826?format=json&states=listing" "tx3209c5333adf4dbba5aed-006994bb91" "proxy-server 12" 0.0117 "-" 23 0
Feb 17 19:03:45 standalone proxy-server[129089]: 172.18.0.2 172.18.0.100 17/Feb/2026/19/03/45 GET /v1/AUTH_3e3143917d454e4087b64e16beac682c/gnocchi.5f7dbda7-5b24-4db9-8868-9b781b15c826%3Fformat%3Djson%26states%3Dlisting HTTP/1.0 200 - python-swiftclient-3.11.1 gAAAAABplLsH5F_G... - 2 - tx3209c5333adf4dbba5aed-006994bb91 - 0.0309 - - 1771355025.367539883 1771355025.398400068 0
Feb 17 19:03:45 standalone object-server[127202]: 172.20.0.100 - - [17/Feb/2026:19:03:45 +0000] "GET /d1/351/AUTH_3e3143917d454e4087b64e16beac682c/gnocchi.5f7dbda7-5b24-4db9-8868-9b781b15c826/1771200000.0_mean_300.0_v3" 404 70 "GET http://172.18.0.2:8080/v1/AUTH_3e3143917d454e4087b64e16beac682c/gnocchi.5f7dbda7-5b24-4db9-8868-9b781b15c826/1771200000.0_mean_300.0_v3" "tx73aa5d6907ec4e6bb7700-006994bb91" "proxy-server 12" 0.0003 "-" 24 0
Feb 17 19:03:45 standalone proxy-server[129089]: 172.18.0.2 172.18.0.100 17/Feb/2026/19/03/45 GET /v1/AUTH_3e3143917d454e4087b64e16beac682c/gnocchi.5f7dbda7-5b24-4db9-8868-9b781b15c826/1771200000.0_mean_300.0_v3 HTTP/1.0 404 - python-swiftclient-3.11.1 gAAAAABplLsH5F_G... - 70 - tx73aa5d6907ec4e6bb7700-006994bb91 - 0.0070 - - 1771355025.408881426 1771355025.415836334 0
Feb 17 19:03:45 standalone container-server[126977]: 172.20.0.100 - - [17/Feb/2026:19:03:45 +0000] "PUT /d1/391/AUTH_3e3143917d454e4087b64e16beac682c/gnocchi.5f7dbda7-5b24-4db9-8868-9b781b15c826/1771200000.0_mean_300.0_v3" 201 - "PUT http://172.18.0.2:8080/d1/351/AUTH_3e3143917d454e4087b64e16beac682c/gnocchi.5f7dbda7-5b24-4db9-8868-9b781b15c826/1771200000.0_mean_300.0_v3" "txe58684d8ca93404cb72d5-006994bb91" "object-server 25" 0.0017 "-" 23 0
Feb 17 19:03:45 standalone object-server[127203]: 172.20.0.100 - - [17/Feb/2026:19:03:45 +0000] "PUT /d1/351/AUTH_3e3143917d454e4087b64e16beac682c/gnocchi.5f7dbda7-5b24-4db9-8868-9b781b15c826/1771200000.0_mean_300.0_v3" 201 - "PUT http://172.18.0.2:8080/v1/AUTH_3e3143917d454e4087b64e16beac682c/gnocchi.5f7dbda7-5b24-4db9-8868-9b781b15c826/1771200000.0_mean_300.0_v3" "txe58684d8ca93404cb72d5-006994bb91" "proxy-server 12" 0.0123 "-" 25 0
Feb 17 19:03:45 standalone proxy-server[129089]: 172.18.0.2 172.18.0.100 17/Feb/2026/19/03/45 PUT /v1/AUTH_3e3143917d454e4087b64e16beac682c/gnocchi.5f7dbda7-5b24-4db9-8868-9b781b15c826/1771200000.0_mean_300.0_v3 HTTP/1.0 201 - python-swiftclient-3.11.1 gAAAAABplLsH5F_G... 16 - - txe58684d8ca93404cb72d5-006994bb91 - 0.0194 - - 1771355025.424523830 1771355025.443933964 0
Feb 17 19:03:45 standalone container-server[126973]: 172.20.0.100 - - [17/Feb/2026:19:03:45 +0000] "PUT /d1/391/AUTH_3e3143917d454e4087b64e16beac682c/gnocchi.5f7dbda7-5b24-4db9-8868-9b781b15c826/none_v3" 201 - "PUT http://172.18.0.2:8080/d1/838/AUTH_3e3143917d454e4087b64e16beac682c/gnocchi.5f7dbda7-5b24-4db9-8868-9b781b15c826/none_v3" "txb83aa9e812aa4dd1ba710-006994bb91" "object-server 23" 0.0011 "-" 22 0
Feb 17 19:03:45 standalone object-server[127200]: 172.20.0.100 - - [17/Feb/2026:19:03:45 +0000] "PUT /d1/838/AUTH_3e3143917d454e4087b64e16beac682c/gnocchi.5f7dbda7-5b24-4db9-8868-9b781b15c826/none_v3" 201 - "PUT http://172.18.0.2:8080/v1/AUTH_3e3143917d454e4087b64e16beac682c/gnocchi.5f7dbda7-5b24-4db9-8868-9b781b15c826/none_v3" "txb83aa9e812aa4dd1ba710-006994bb91" "proxy-server 12" 0.0212 "-" 23 0
Feb 17 19:03:45 standalone proxy-server[129089]: 172.18.0.2 172.18.0.100 17/Feb/2026/19/03/45 PUT /v1/AUTH_3e3143917d454e4087b64e16beac682c/gnocchi.5f7dbda7-5b24-4db9-8868-9b781b15c826/none_v3 HTTP/1.0 201 - python-swiftclient-3.11.1 gAAAAABplLsH5F_G... 22 - - txb83aa9e812aa4dd1ba710-006994bb91 - 0.0292 - - 1771355025.449771166 1771355025.478924513 0
Feb 17 19:03:51 standalone container-server[126970]: 172.20.0.100 - - [17/Feb/2026:19:03:51 +0000] "HEAD /d1/892/AUTH_3e3143917d454e4087b64e16beac682c/gnocchi.5fcbcba8-7978-471e-9ee3-fa85948dfa50" 404 - "HEAD http://172.18.0.2:8080/v1/AUTH_3e3143917d454e4087b64e16beac682c/gnocchi.5fcbcba8-7978-471e-9ee3-fa85948dfa50?format=json&states=listing" "tx65554b46bbdb462baf360-006994bb97" "proxy-server 12" 0.0037 "-" 21 0
Feb 17 19:03:51 standalone object-server[127200]: 172.20.0.100 - - [17/Feb/2026:19:03:51 +0000] "GET /d1/481/AUTH_3e3143917d454e4087b64e16beac682c/gnocchi.5fcbcba8-7978-471e-9ee3-fa85948dfa50/none_v3" 404 70 "GET http://172.18.0.2:8080/v1/AUTH_3e3143917d454e4087b64e16beac682c/gnocchi.5fcbcba8-7978-471e-9ee3-fa85948dfa50/none_v3" "tx65554b46bbdb462baf360-006994bb97" "proxy-server 12" 0.0006 "-" 23 0
Feb 17 19:03:51 standalone proxy-server[129089]: 172.18.0.2 172.18.0.100 17/Feb/2026/19/03/51 GET /v1/AUTH_3e3143917d454e4087b64e16beac682c/gnocchi.5fcbcba8-7978-471e-9ee3-fa85948dfa50/none_v3 HTTP/1.0 404 - python-swiftclient-3.11.1 gAAAAABplLsH5F_G... - 70 - tx65554b46bbdb462baf360-006994bb97 - 0.0162 - - 1771355031.107071161 1771355031.123253584 0
Feb 17 19:03:51 standalone account-server[126897]: 172.20.0.100 - - [17/Feb/2026:19:03:51 +0000] "PUT /d1/838/AUTH_3e3143917d454e4087b64e16beac682c/gnocchi.5fcbcba8-7978-471e-9ee3-fa85948dfa50" 201 - "PUT http://172.20.0.100:6001/d1/892/AUTH_3e3143917d454e4087b64e16beac682c/gnocchi.5fcbcba8-7978-471e-9ee3-fa85948dfa50" "tx7a17dee4ea3c4cdd901e1-006994bb97" "container-server 23" 0.0049 "-" 22 0
Feb 17 19:03:51 standalone container-server[126977]: 172.20.0.100 - - [17/Feb/2026:19:03:51 +0000] "PUT /d1/892/AUTH_3e3143917d454e4087b64e16beac682c/gnocchi.5fcbcba8-7978-471e-9ee3-fa85948dfa50" 201 - "PUT http://172.18.0.2:8080/v1/AUTH_3e3143917d454e4087b64e16beac682c/gnocchi.5fcbcba8-7978-471e-9ee3-fa85948dfa50" "tx7a17dee4ea3c4cdd901e1-006994bb97" "proxy-server 12" 0.0151 "-" 23 0
Feb 17 19:03:51 standalone proxy-server[129089]: 172.18.0.2 172.18.0.100 17/Feb/2026/19/03/51 PUT /v1/AUTH_3e3143917d454e4087b64e16beac682c/gnocchi.5fcbcba8-7978-471e-9ee3-fa85948dfa50 HTTP/1.0 201 - python-swiftclient-3.11.1 gAAAAABplLsH5F_G... - - - tx7a17dee4ea3c4cdd901e1-006994bb97 - 0.0195 - - 1771355031.125763893 1771355031.145224333 0
Feb 17 19:03:51 standalone container-server[126966]: 172.20.0.100 - - [17/Feb/2026:19:03:51 +0000] "HEAD /d1/892/AUTH_3e3143917d454e4087b64e16beac682c/gnocchi.5fcbcba8-7978-471e-9ee3-fa85948dfa50" 204 - "HEAD http://172.18.0.2:8080/v1/AUTH_3e3143917d454e4087b64e16beac682c/gnocchi.5fcbcba8-7978-471e-9ee3-fa85948dfa50?format=json&states=listing" "tx1c962e8564b34aca86674-006994bb97" "proxy-server 12" 0.0023 "-" 20 0
Feb 17 19:03:51 standalone proxy-server[129089]: - - 17/Feb/2026/19/03/51 HEAD /v1/AUTH_3e3143917d454e4087b64e16beac682c/gnocchi.5fcbcba8-7978-471e-9ee3-fa85948dfa50%3Fformat%3Djson%26states%3Dlisting HTTP/1.0 204 - Swift - - - - tx1c962e8564b34aca86674-006994bb97 - 0.0061 RL - 1771355031.149414539 1771355031.155515432 0
Feb 17 19:03:51 standalone container-server[126973]: 172.20.0.100 - - [17/Feb/2026:19:03:51 +0000] "GET /d1/892/AUTH_3e3143917d454e4087b64e16beac682c/gnocchi.5fcbcba8-7978-471e-9ee3-fa85948dfa50" 200 2 "GET http://172.18.0.2:8080/v1/AUTH_3e3143917d454e4087b64e16beac682c/gnocchi.5fcbcba8-7978-471e-9ee3-fa85948dfa50?format=json&states=listing" "tx1c962e8564b34aca86674-006994bb97" "proxy-server 12" 0.0018 "-" 22 0
Feb 17 19:03:51 standalone proxy-server[129089]: 172.18.0.2 172.18.0.100 17/Feb/2026/19/03/51 GET /v1/AUTH_3e3143917d454e4087b64e16beac682c/gnocchi.5fcbcba8-7978-471e-9ee3-fa85948dfa50%3Fformat%3Djson%26states%3Dlisting HTTP/1.0 200 - python-swiftclient-3.11.1 gAAAAABplLsH5F_G... - 2 - tx1c962e8564b34aca86674-006994bb97 - 0.0158 - - 1771355031.148584127 1771355031.164355993 0
Feb 17 19:03:51 standalone object-server[127203]: 172.20.0.100 - - [17/Feb/2026:19:03:51 +0000] "GET /d1/665/AUTH_3e3143917d454e4087b64e16beac682c/gnocchi.5fcbcba8-7978-471e-9ee3-fa85948dfa50/1771200000.0_mean_300.0_v3" 404 70 "GET http://172.18.0.2:8080/v1/AUTH_3e3143917d454e4087b64e16beac682c/gnocchi.5fcbcba8-7978-471e-9ee3-fa85948dfa50/1771200000.0_mean_300.0_v3" "tx678682e041784b118216b-006994bb97" "proxy-server 12" 0.0015 "-" 25 0
Feb 17 19:03:51 standalone proxy-server[129089]: 172.18.0.2 172.18.0.100 17/Feb/2026/19/03/51 GET /v1/AUTH_3e3143917d454e4087b64e16beac682c/gnocchi.5fcbcba8-7978-471e-9ee3-fa85948dfa50/1771200000.0_mean_300.0_v3 HTTP/1.0 404 - python-swiftclient-3.11.1 gAAAAABplLsH5F_G... - 70 - tx678682e041784b118216b-006994bb97 - 0.0105 - - 1771355031.168256044 1771355031.178734064 0
Feb 17 19:03:51 standalone container-server[126977]: 172.20.0.100 - - [17/Feb/2026:19:03:51 +0000] "PUT /d1/892/AUTH_3e3143917d454e4087b64e16beac682c/gnocchi.5fcbcba8-7978-471e-9ee3-fa85948dfa50/1771200000.0_mean_300.0_v3" 201 - "PUT http://172.18.0.2:8080/d1/665/AUTH_3e3143917d454e4087b64e16beac682c/gnocchi.5fcbcba8-7978-471e-9ee3-fa85948dfa50/1771200000.0_mean_300.0_v3" "txe50771fee94249fa949cd-006994bb97" "object-server 24" 0.0009 "-" 23 0
Feb 17 19:03:51 standalone object-server[127202]: 172.20.0.100 - - [17/Feb/2026:19:03:51 +0000] "PUT /d1/665/AUTH_3e3143917d454e4087b64e16beac682c/gnocchi.5fcbcba8-7978-471e-9ee3-fa85948dfa50/1771200000.0_mean_300.0_v3" 201 - "PUT http://172.18.0.2:8080/v1/AUTH_3e3143917d454e4087b64e16beac682c/gnocchi.5fcbcba8-7978-471e-9ee3-fa85948dfa50/1771200000.0_mean_300.0_v3" "txe50771fee94249fa949cd-006994bb97" "proxy-server 12" 0.0109 "-" 24 0
Feb 17 19:03:51 standalone proxy-server[129089]: 172.18.0.2 172.18.0.100 17/Feb/2026/19/03/51 PUT /v1/AUTH_3e3143917d454e4087b64e16beac682c/gnocchi.5fcbcba8-7978-471e-9ee3-fa85948dfa50/1771200000.0_mean_300.0_v3 HTTP/1.0 201 - python-swiftclient-3.11.1 gAAAAABplLsH5F_G... 16 - - txe50771fee94249fa949cd-006994bb97 - 0.0166 - - 1771355031.182098389 1771355031.198701382 0
Feb 17 19:03:51 standalone container-server[126973]: 172.20.0.100 - - [17/Feb/2026:19:03:51 +0000] "PUT /d1/892/AUTH_3e3143917d454e4087b64e16beac682c/gnocchi.5fcbcba8-7978-471e-9ee3-fa85948dfa50/none_v3" 201 - "PUT http://172.18.0.2:8080/d1/481/AUTH_3e3143917d454e4087b64e16beac682c/gnocchi.5fcbcba8-7978-471e-9ee3-fa85948dfa50/none_v3" "tx4e1468fd05e2488c9d52a-006994bb97" "object-server 25" 0.0005 "-" 22 0
Feb 17 19:03:51 standalone object-server[127203]: 172.20.0.100 - - [17/Feb/2026:19:03:51 +0000] "PUT /d1/481/AUTH_3e3143917d454e4087b64e16beac682c/gnocchi.5fcbcba8-7978-471e-9ee3-fa85948dfa50/none_v3" 201 - "PUT http://172.18.0.2:8080/v1/AUTH_3e3143917d454e4087b64e16beac682c/gnocchi.5fcbcba8-7978-471e-9ee3-fa85948dfa50/none_v3" "tx4e1468fd05e2488c9d52a-006994bb97" "proxy-server 12" 0.0081 "-" 25 0
Feb 17 19:03:51 standalone proxy-server[129089]: 172.18.0.2 172.18.0.100 17/Feb/2026/19/03/51 PUT /v1/AUTH_3e3143917d454e4087b64e16beac682c/gnocchi.5fcbcba8-7978-471e-9ee3-fa85948dfa50/none_v3 HTTP/1.0 201 - python-swiftclient-3.11.1 gAAAAABplLsH5F_G... 22 - - tx4e1468fd05e2488c9d52a-006994bb97 - 0.0141 - - 1771355031.204867601 1771355031.218934059 0
Feb 17 19:03:56 standalone object-server[127203]: 172.20.0.100 - - [17/Feb/2026:19:03:56 +0000] "GET /d1/481/AUTH_3e3143917d454e4087b64e16beac682c/gnocchi.5fcbcba8-7978-471e-9ee3-fa85948dfa50/none_v3" 200 22 "GET http://172.18.0.2:8080/v1/AUTH_3e3143917d454e4087b64e16beac682c/gnocchi.5fcbcba8-7978-471e-9ee3-fa85948dfa50/none_v3" "tx24b22d2175194997a8f61-006994bb9c" "proxy-server 12" 0.0016 "-" 25 0
Feb 17 19:03:56 standalone proxy-server[129089]: 172.18.0.2 172.18.0.100 17/Feb/2026/19/03/56 GET /v1/AUTH_3e3143917d454e4087b64e16beac682c/gnocchi.5fcbcba8-7978-471e-9ee3-fa85948dfa50/none_v3 HTTP/1.0 200 - python-swiftclient-3.11.1 gAAAAABplLsH5F_G... - 22 - tx24b22d2175194997a8f61-006994bb9c - 0.0104 - - 1771355036.923673391 1771355036.934097052 0
Feb 17 19:03:56 standalone container-server[126973]: 172.20.0.100 - - [17/Feb/2026:19:03:56 +0000] "GET /d1/892/AUTH_3e3143917d454e4087b64e16beac682c/gnocchi.5fcbcba8-7978-471e-9ee3-fa85948dfa50" 200 357 "GET http://172.18.0.2:8080/v1/AUTH_3e3143917d454e4087b64e16beac682c/gnocchi.5fcbcba8-7978-471e-9ee3-fa85948dfa50?format=json&states=listing" "tx350320fb4e6746009aabc-006994bb9c" "proxy-server 12" 0.0120 "-" 22 0
Feb 17 19:03:56 standalone proxy-server[129089]: 172.18.0.2 172.18.0.100 17/Feb/2026/19/03/56 GET /v1/AUTH_3e3143917d454e4087b64e16beac682c/gnocchi.5fcbcba8-7978-471e-9ee3-fa85948dfa50%3Fformat%3Djson%26states%3Dlisting HTTP/1.0 200 - python-swiftclient-3.11.1 gAAAAABplLsH5F_G... - 357 - tx350320fb4e6746009aabc-006994bb9c - 0.0252 - - 1771355036.940587282 1771355036.965812206 0
Feb 17 19:03:56 standalone container-server[126973]: 172.20.0.100 - - [17/Feb/2026:19:03:56 +0000] "GET /d1/892/AUTH_3e3143917d454e4087b64e16beac682c/gnocchi.5fcbcba8-7978-471e-9ee3-fa85948dfa50" 200 2 "GET http://172.18.0.2:8080/v1/AUTH_3e3143917d454e4087b64e16beac682c/gnocchi.5fcbcba8-7978-471e-9ee3-fa85948dfa50?format=json&marker=none_v3&states=listing" "tx39a3829f6acb4c2392949-006994bb9c" "proxy-server 12" 0.0041 "-" 22 0
Feb 17 19:03:56 standalone proxy-server[129089]: 172.18.0.2 172.18.0.100 17/Feb/2026/19/03/56 GET /v1/AUTH_3e3143917d454e4087b64e16beac682c/gnocchi.5fcbcba8-7978-471e-9ee3-fa85948dfa50%3Fformat%3Djson%26marker%3Dnone_v3%26states%3Dlisting HTTP/1.0 200 - python-swiftclient-3.11.1 gAAAAABplLsH5F_G... - 2 - tx39a3829f6acb4c2392949-006994bb9c - 0.0146 - - 1771355036.970491886 1771355036.985055923 0
Feb 17 19:03:56 standalone object-server[127203]: 172.20.0.100 - - [17/Feb/2026:19:03:56 +0000] "GET /d1/665/AUTH_3e3143917d454e4087b64e16beac682c/gnocchi.5fcbcba8-7978-471e-9ee3-fa85948dfa50/1771200000.0_mean_300.0_v3" 200 16 "GET http://172.18.0.2:8080/v1/AUTH_3e3143917d454e4087b64e16beac682c/gnocchi.5fcbcba8-7978-471e-9ee3-fa85948dfa50/1771200000.0_mean_300.0_v3" "tx12870e66a5854612a03f9-006994bb9c" "proxy-server 12" 0.0010 "-" 25 0
Feb 17 19:03:57 standalone proxy-server[129089]: 172.18.0.2 172.18.0.100 17/Feb/2026/19/03/57 GET /v1/AUTH_3e3143917d454e4087b64e16beac682c/gnocchi.5fcbcba8-7978-471e-9ee3-fa85948dfa50/1771200000.0_mean_300.0_v3 HTTP/1.0 200 - python-swiftclient-3.11.1 gAAAAABplLsH5F_G... - 16 - tx12870e66a5854612a03f9-006994bb9c - 0.0107 - - 1771355036.990489960 1771355037.001181126 0
Feb 17 19:03:57 standalone container-server[126973]: 172.20.0.100 - - [17/Feb/2026:19:03:57 +0000] "PUT /d1/892/AUTH_3e3143917d454e4087b64e16beac682c/gnocchi.5fcbcba8-7978-471e-9ee3-fa85948dfa50/1771200000.0_mean_300.0_v3" 201 - "PUT http://172.18.0.2:8080/d1/665/AUTH_3e3143917d454e4087b64e16beac682c/gnocchi.5fcbcba8-7978-471e-9ee3-fa85948dfa50/1771200000.0_mean_300.0_v3" "tx46b82e803e014dbaaed06-006994bb9d" "object-server 22" 0.0009 "-" 22 0
Feb 17 19:03:57 standalone object-server[127198]: 172.20.0.100 - - [17/Feb/2026:19:03:57 +0000] "PUT /d1/665/AUTH_3e3143917d454e4087b64e16beac682c/gnocchi.5fcbcba8-7978-471e-9ee3-fa85948dfa50/1771200000.0_mean_300.0_v3" 201 - "PUT http://172.18.0.2:8080/v1/AUTH_3e3143917d454e4087b64e16beac682c/gnocchi.5fcbcba8-7978-471e-9ee3-fa85948dfa50/1771200000.0_mean_300.0_v3" "tx46b82e803e014dbaaed06-006994bb9d" "proxy-server 12" 0.0122 "-" 22 0
Feb 17 19:03:57 standalone proxy-server[129089]: 172.18.0.2 172.18.0.100 17/Feb/2026/19/03/57 PUT /v1/AUTH_3e3143917d454e4087b64e16beac682c/gnocchi.5fcbcba8-7978-471e-9ee3-fa85948dfa50/1771200000.0_mean_300.0_v3 HTTP/1.0 201 - python-swiftclient-3.11.1 gAAAAABplLsH5F_G... 16 - - tx46b82e803e014dbaaed06-006994bb9d - 0.0210 - - 1771355037.005702972 1771355037.026700258 0
Feb 17 19:03:57 standalone container-server[126966]: 172.20.0.100 - - [17/Feb/2026:19:03:57 +0000] "PUT /d1/892/AUTH_3e3143917d454e4087b64e16beac682c/gnocchi.5fcbcba8-7978-471e-9ee3-fa85948dfa50/none_v3" 201 - "PUT http://172.18.0.2:8080/d1/481/AUTH_3e3143917d454e4087b64e16beac682c/gnocchi.5fcbcba8-7978-471e-9ee3-fa85948dfa50/none_v3" "txdb313983211f449e92409-006994bb9d" "object-server 23" 0.0006 "-" 20 0
Feb 17 19:03:57 standalone object-server[127200]: 172.20.0.100 - - [17/Feb/2026:19:03:57 +0000] "PUT /d1/481/AUTH_3e3143917d454e4087b64e16beac682c/gnocchi.5fcbcba8-7978-471e-9ee3-fa85948dfa50/none_v3" 201 - "PUT http://172.18.0.2:8080/v1/AUTH_3e3143917d454e4087b64e16beac682c/gnocchi.5fcbcba8-7978-471e-9ee3-fa85948dfa50/none_v3" "txdb313983211f449e92409-006994bb9d" "proxy-server 12" 0.0116 "-" 23 0
Feb 17 19:03:57 standalone proxy-server[129089]: 172.18.0.2 172.18.0.100 17/Feb/2026/19/03/57 PUT /v1/AUTH_3e3143917d454e4087b64e16beac682c/gnocchi.5fcbcba8-7978-471e-9ee3-fa85948dfa50/none_v3 HTTP/1.0 201 - python-swiftclient-3.11.1 gAAAAABplLsH5F_G... 32 - - txdb313983211f449e92409-006994bb9d - 0.0221 - - 1771355037.031376123 1771355037.053501606 0
Feb 17 19:05:01 standalone object-server[127080]: Begin object update sweep
Feb 17 19:05:01 standalone object-server[249245]: Object update sweep starting on /srv/node/d1 (pid: 15)
Feb 17 19:05:01 standalone object-server[249245]: Object update sweep completed on /srv/node/d1 in 0.00s seconds:, 0 successes, 0 failures, 0 quarantines, 0 unlinks, 0 errors, 0 redirects (pid: 15)
Feb 17 19:05:01 standalone object-server[249245]: Object update sweep of d1 completed: 0.00s, 0 successes, 0 failures, 0 quarantines, 0 unlinks, 0 errors, 0 redirects
Feb 17 19:05:01 standalone object-server[127080]: Object update sweep completed: 0.09s
Feb 17 19:05:57 standalone account-server[126895]: 172.20.0.100 - - [17/Feb/2026:19:05:57 +0000] "HEAD /d1/393/.expiring_objects" 404 - "HEAD http://localhost/v1/.expiring_objects?format=json" "txf23da20ab2c64858a272c-006994bc15" "proxy-server 2" 0.0008 "-" 21 -
Feb 17 19:05:57 standalone object-expirer[126999]: Pass completed in 0s; 0 objects expired (txn: txf23da20ab2c64858a272c-006994bc15)
Feb 17 19:07:53 standalone container-server[126811]: Begin container update sweep
Feb 17 19:07:53 standalone account-server[126897]: 172.20.0.100 - - [17/Feb/2026:19:07:53 +0000] "PUT /d1/838/AUTH_3e3143917d454e4087b64e16beac682c/gnocchi.94b4eaca-a275-4d42-8ae6-2e6721a8de9f" 201 - "-" "-" "container-updater 2" 0.0007 "-" 22 0
Feb 17 19:07:53 standalone account-server[126895]: 172.20.0.100 - - [17/Feb/2026:19:07:53 +0000] "PUT /d1/838/AUTH_3e3143917d454e4087b64e16beac682c/gnocchi.023f2f79-40cf-427b-84b5-6c453414f1a1" 201 - "-" "-" "container-updater 2" 0.0004 "-" 21 0
Feb 17 19:07:53 standalone account-server[126897]: 172.20.0.100 - - [17/Feb/2026:19:07:53 +0000] "PUT /d1/838/AUTH_3e3143917d454e4087b64e16beac682c/gnocchi.9e268d5e-4078-4321-a82f-e85a13b36f90" 201 - "-" "-" "container-updater 2" 0.0006 "-" 22 0
Feb 17 19:07:53 standalone account-server[126901]: 172.20.0.100 - - [17/Feb/2026:19:07:53 +0000] "PUT /d1/838/AUTH_3e3143917d454e4087b64e16beac682c/gnocchi.8c770886-e5c8-4980-bdc0-ff8d544c6f65" 201 - "-" "-" "container-updater 2" 0.0004 "-" 23 0
Feb 17 19:07:53 standalone account-server[126895]: 172.20.0.100 - - [17/Feb/2026:19:07:53 +0000] "PUT /d1/838/AUTH_3e3143917d454e4087b64e16beac682c/gnocchi.8f3b2152-23f2-4080-8baf-59a85dbec9cb" 201 - "-" "-" "container-updater 2" 0.0004 "-" 21 0
Feb 17 19:07:53 standalone account-server[126891]: 172.20.0.100 - - [17/Feb/2026:19:07:53 +0000] "PUT /d1/838/AUTH_3e3143917d454e4087b64e16beac682c/gnocchi.8b5c638b-19de-4992-88e9-8474103b7223" 201 - "-" "-" "container-updater 2" 0.0005 "-" 20 0
Feb 17 19:07:53 standalone account-server[126897]: 172.20.0.100 - - [17/Feb/2026:19:07:53 +0000] "PUT /d1/838/AUTH_3e3143917d454e4087b64e16beac682c/gnocchi.531b2590-5716-4d17-a854-20a8cf02cb8f" 201 - "-" "-" "container-updater 2" 0.0006 "-" 22 0
Feb 17 19:07:53 standalone account-server[126895]: 172.20.0.100 - - [17/Feb/2026:19:07:53 +0000] "PUT /d1/838/AUTH_3e3143917d454e4087b64e16beac682c/gnocchi.b771fd0b-8f6a-416e-a4a9-8e0290672339" 201 - "-" "-" "container-updater 2" 0.0005 "-" 21 0
Feb 17 19:07:54 standalone account-server[126891]: 172.20.0.100 - - [17/Feb/2026:19:07:54 +0000] "PUT /d1/838/AUTH_3e3143917d454e4087b64e16beac682c/gnocchi.de0a4e89-1fb3-4406-a766-17c426799f06" 201 - "-" "-" "container-updater 2" 0.0007 "-" 20 0
Feb 17 19:07:54 standalone account-server[126901]: 172.20.0.100 - - [17/Feb/2026:19:07:54 +0000] "PUT /d1/838/AUTH_3e3143917d454e4087b64e16beac682c/gnocchi.8b02aff6-0ea3-4a47-9041-5516296df0c1" 201 - "-" "-" "container-updater 2" 0.0007 "-" 23 0
Feb 17 19:07:54 standalone account-server[126901]: 172.20.0.100 - - [17/Feb/2026:19:07:54 +0000] "PUT /d1/838/AUTH_3e3143917d454e4087b64e16beac682c/gnocchi.248d5c12-1974-4c56-8fcf-f3df06ebb4c5" 201 - "-" "-" "container-updater 2" 0.0004 "-" 23 0
Feb 17 19:07:54 standalone account-server[126897]: 172.20.0.100 - - [17/Feb/2026:19:07:54 +0000] "PUT /d1/838/AUTH_3e3143917d454e4087b64e16beac682c/gnocchi.ab96e367-0c7d-43c5-8499-9f920ba35094" 201 - "-" "-" "container-updater 2" 0.0005 "-" 22 0
Feb 17 19:07:54 standalone account-server[126901]: 172.20.0.100 - - [17/Feb/2026:19:07:54 +0000] "PUT /d1/838/AUTH_3e3143917d454e4087b64e16beac682c/gnocchi.bcf1f98b-65eb-4278-8e73-8af466ad955c" 201 - "-" "-" "container-updater 2" 0.0006 "-" 23 0
Feb 17 19:07:54 standalone account-server[126897]: 172.20.0.100 - - [17/Feb/2026:19:07:54 +0000] "PUT /d1/838/AUTH_3e3143917d454e4087b64e16beac682c/gnocchi.5f7dbda7-5b24-4db9-8868-9b781b15c826" 201 - "-" "-" "container-updater 2" 0.0006 "-" 22 0
Feb 17 19:07:54 standalone account-server[126901]: 172.20.0.100 - - [17/Feb/2026:19:07:54 +0000] "PUT /d1/838/AUTH_3e3143917d454e4087b64e16beac682c/gnocchi.5fcbcba8-7978-471e-9ee3-fa85948dfa50" 201 - "-" "-" "container-updater 2" 0.0008 "-" 23 0
Feb 17 19:07:54 standalone account-server[126901]: 172.20.0.100 - - [17/Feb/2026:19:07:54 +0000] "PUT /d1/838/AUTH_3e3143917d454e4087b64e16beac682c/gnocchi.df81f492-8a4e-4b0e-a4d4-917362923912" 201 - "-" "-" "container-updater 2" 0.0005 "-" 23 0
Feb 17 19:07:54 standalone account-server[126901]: 172.20.0.100 - - [17/Feb/2026:19:07:54 +0000] "PUT /d1/838/AUTH_3e3143917d454e4087b64e16beac682c/gnocchi.8b34a77b-8e52-4ea7-abbe-303a5f3205f8" 201 - "-" "-" "container-updater 2" 0.0004 "-" 23 0
Feb 17 19:07:54 standalone account-server[126901]: 172.20.0.100 - - [17/Feb/2026:19:07:54 +0000] "PUT /d1/838/AUTH_3e3143917d454e4087b64e16beac682c/gnocchi.d5a8b803-d019-4df1-a576-5ed7addb70da" 201 - "-" "-" "container-updater 2" 0.0004 "-" 23 0
Feb 17 19:07:54 standalone account-server[126901]: 172.20.0.100 - - [17/Feb/2026:19:07:54 +0000] "PUT /d1/838/AUTH_3e3143917d454e4087b64e16beac682c/gnocchi.76050fb9-a9b2-474c-a202-6e33055c3f03" 201 - "-" "-" "container-updater 2" 0.0005 "-" 23 0
Feb 17 19:07:54 standalone account-server[126897]: 172.20.0.100 - - [17/Feb/2026:19:07:54 +0000] "PUT /d1/838/AUTH_3e3143917d454e4087b64e16beac682c/gnocchi.889ae898-dfd3-4f43-86dc-db6cd56369cd" 201 - "-" "-" "container-updater 2" 0.0008 "-" 22 0
Feb 17 19:07:55 standalone account-server[126897]: 172.20.0.100 - - [17/Feb/2026:19:07:55 +0000] "PUT /d1/838/AUTH_3e3143917d454e4087b64e16beac682c/gnocchi.397a0991-e1c8-4e91-a31c-24db08e613e2" 201 - "-" "-" "container-updater 2" 0.0005 "-" 22 0
Feb 17 19:07:55 standalone account-server[126891]: 172.20.0.100 - - [17/Feb/2026:19:07:55 +0000] "PUT /d1/838/AUTH_3e3143917d454e4087b64e16beac682c/gnocchi.3b4d2452-8a61-4898-98df-2025321ac6b3" 201 - "-" "-" "container-updater 2" 0.0005 "-" 20 0
Feb 17 19:07:55 standalone account-server[126895]: 172.20.0.100 - - [17/Feb/2026:19:07:55 +0000] "PUT /d1/838/AUTH_3e3143917d454e4087b64e16beac682c/gnocchi.3a439215-f020-4dc6-afcd-dcba663c8d49" 201 - "-" "-" "container-updater 2" 0.0011 "-" 21 0
Feb 17 19:07:55 standalone account-server[126901]: 172.20.0.100 - - [17/Feb/2026:19:07:55 +0000] "PUT /d1/838/AUTH_3e3143917d454e4087b64e16beac682c/gnocchi.6fcfed8d-931a-45e6-a7ca-17f8251b3cf0" 201 - "-" "-" "container-updater 2" 0.0008 "-" 23 0
Feb 17 19:07:55 standalone account-server[126895]: 172.20.0.100 - - [17/Feb/2026:19:07:55 +0000] "PUT /d1/838/AUTH_3e3143917d454e4087b64e16beac682c/gnocchi.8f34ff7c-a786-425c-86ee-fedf7d3e4704" 201 - "-" "-" "container-updater 2" 0.0007 "-" 21 0
Feb 17 19:07:55 standalone account-server[126901]: 172.20.0.100 - - [17/Feb/2026:19:07:55 +0000] "PUT /d1/838/AUTH_3e3143917d454e4087b64e16beac682c/gnocchi.34834144-d3ee-40e4-8e2b-bfad46cd5eab" 201 - "-" "-" "container-updater 2" 0.0009 "-" 23 0
Feb 17 19:07:55 standalone account-server[126901]: 172.20.0.100 - - [17/Feb/2026:19:07:55 +0000] "PUT /d1/838/AUTH_3e3143917d454e4087b64e16beac682c/gnocchi.59310d4d-2a91-4f39-8e0b-d03460c8b5d2" 201 - "-" "-" "container-updater 2" 0.0008 "-" 23 0
Feb 17 19:07:55 standalone account-server[126897]: 172.20.0.100 - - [17/Feb/2026:19:07:55 +0000] "PUT /d1/838/AUTH_3e3143917d454e4087b64e16beac682c/gnocchi.a7b523bb-09e3-4d7c-b1f8-7e7fbaeca471" 201 - "-" "-" "container-updater 2" 0.0004 "-" 22 0
Feb 17 19:07:55 standalone account-server[126895]: 172.20.0.100 - - [17/Feb/2026:19:07:55 +0000] "PUT /d1/838/AUTH_3e3143917d454e4087b64e16beac682c/gnocchi.c6472a8e-ef5c-4776-9cfd-11b5cb1048d9" 201 - "-" "-" "container-updater 2" 0.0007 "-" 21 0
Feb 17 19:07:55 standalone container-server[126811]: Container update sweep completed: 2.76s
Feb 17 19:09:16 standalone account-server[126895]: 172.20.0.100 - - [17/Feb/2026:19:09:16 +0000] "HEAD /d1/393/.expiring_objects" 404 - "HEAD http://localhost/v1/.expiring_objects?format=json" "tx5c3b4943981a42be9db0e-006994bcdc" "proxy-server 2" 0.0006 "-" 21 -
Feb 17 19:09:16 standalone object-expirer[126999]: Pass completed in 0s; 0 objects expired (txn: tx5c3b4943981a42be9db0e-006994bcdc)
Feb 17 19:10:01 standalone object-server[127080]: Begin object update sweep
Feb 17 19:10:01 standalone object-server[281726]: Object update sweep starting on /srv/node/d1 (pid: 16)
Feb 17 19:10:01 standalone object-server[281726]: Object update sweep completed on /srv/node/d1 in 0.00s seconds:, 0 successes, 0 failures, 0 quarantines, 0 unlinks, 0 errors, 0 redirects (pid: 16)
Feb 17 19:10:01 standalone object-server[281726]: Object update sweep of d1 completed: 0.00s, 0 successes, 0 failures, 0 quarantines, 0 unlinks, 0 errors, 0 redirects
Feb 17 19:10:01 standalone object-server[127080]: Object update sweep completed: 0.08s
Feb 17 19:12:53 standalone container-server[126811]: Begin container update sweep
Feb 17 19:12:55 standalone container-server[126811]: Container update sweep completed: 1.84s
Feb 17 19:14:04 standalone account-server[126891]: 172.20.0.100 - - [17/Feb/2026:19:14:04 +0000] "HEAD /d1/393/.expiring_objects" 404 - "HEAD http://localhost/v1/.expiring_objects?format=json" "tx81297b579b304d198f00f-006994bdfc" "proxy-server 2" 0.0008 "-" 20 -
Feb 17 19:14:04 standalone object-expirer[126999]: Pass completed in 0s; 0 objects expired (txn: tx81297b579b304d198f00f-006994bdfc)
Feb 17 19:15:01 standalone object-server[127080]: Begin object update sweep
Feb 17 19:15:01 standalone object-server[306397]: Object update sweep starting on /srv/node/d1 (pid: 17)
Feb 17 19:15:01 standalone object-server[306397]: Object update sweep completed on /srv/node/d1 in 0.00s seconds:, 0 successes, 0 failures, 0 quarantines, 0 unlinks, 0 errors, 0 redirects (pid: 17)
Feb 17 19:15:01 standalone object-server[306397]: Object update sweep of d1 completed: 0.00s, 0 successes, 0 failures, 0 quarantines, 0 unlinks, 0 errors, 0 redirects
Feb 17 19:15:02 standalone object-server[127080]: Object update sweep completed: 0.09s
Feb 17 19:16:04 standalone account-server[126897]: 172.20.0.100 - - [17/Feb/2026:19:16:04 +0000] "HEAD /d1/393/.expiring_objects" 404 - "HEAD http://localhost/v1/.expiring_objects?format=json" "txb06bfbb4dde4473c990a0-006994be74" "proxy-server 2" 0.0004 "-" 22 -
Feb 17 19:16:04 standalone object-expirer[126999]: Pass completed in 0s; 0 objects expired (txn: txb06bfbb4dde4473c990a0-006994be74)
Feb 17 19:17:53 standalone container-server[126811]: Begin container update sweep
Feb 17 19:17:55 standalone container-server[126811]: Container update sweep completed: 1.75s
Feb 17 19:19:38 standalone account-server[126901]: 172.20.0.100 - - [17/Feb/2026:19:19:38 +0000] "HEAD /d1/393/.expiring_objects" 404 - "HEAD http://localhost/v1/.expiring_objects?format=json" "tx226f155f21154a5880c10-006994bf4a" "proxy-server 2" 0.0008 "-" 23 -
Feb 17 19:19:38 standalone object-expirer[126999]: Pass completed in 0s; 0 objects expired (txn: tx226f155f21154a5880c10-006994bf4a)
Feb 17 19:20:02 standalone object-server[127080]: Begin object update sweep
Feb 17 19:20:02 standalone object-server[329705]: Object update sweep starting on /srv/node/d1 (pid: 18)
Feb 17 19:20:02 standalone object-server[329705]: Object update sweep completed on /srv/node/d1 in 0.00s seconds:, 0 successes, 0 failures, 0 quarantines, 0 unlinks, 0 errors, 0 redirects (pid: 18)
Feb 17 19:20:02 standalone object-server[329705]: Object update sweep of d1 completed: 0.00s, 0 successes, 0 failures, 0 quarantines, 0 unlinks, 0 errors, 0 redirects
Feb 17 19:20:02 standalone object-server[127080]: Object update sweep completed: 0.09s
Feb 17 19:22:53 standalone container-server[126811]: Begin container update sweep
Feb 17 19:22:55 standalone container-server[126811]: Container update sweep completed: 1.94s
Feb 17 19:23:08 standalone account-server[126897]: 172.20.0.100 - - [17/Feb/2026:19:23:08 +0000] "HEAD /d1/393/.expiring_objects" 404 - "HEAD http://localhost/v1/.expiring_objects?format=json" "tx9b267f66cc9b4881a9a17-006994c01c" "proxy-server 2" 0.0009 "-" 22 -
Feb 17 19:23:08 standalone object-expirer[126999]: Pass completed in 0s; 0 objects expired (txn: tx9b267f66cc9b4881a9a17-006994c01c)
Feb 17 19:23:40 standalone account-server[126895]: 172.20.0.100 - - [17/Feb/2026:19:23:40 +0000] "HEAD /d1/393/.expiring_objects" 404 - "HEAD http://localhost/v1/.expiring_objects?format=json" "tx61b660cae23a477aac350-006994c03c" "proxy-server 2" 0.0007 "-" 21 -
Feb 17 19:23:40 standalone object-expirer[126999]: Pass completed in 0s; 0 objects expired (txn: tx61b660cae23a477aac350-006994c03c)
Feb 17 19:25:02 standalone object-server[127080]: Begin object update sweep
Feb 17 19:25:02 standalone object-server[350727]: Object update sweep starting on /srv/node/d1 (pid: 19)
Feb 17 19:25:02 standalone object-server[350727]: Object update sweep completed on /srv/node/d1 in 0.00s seconds:, 0 successes, 0 failures, 0 quarantines, 0 unlinks, 0 errors, 0 redirects (pid: 19)
Feb 17 19:25:02 standalone object-server[350727]: Object update sweep of d1 completed: 0.00s, 0 successes, 0 failures, 0 quarantines, 0 unlinks, 0 errors, 0 redirects
Feb 17 19:25:02 standalone object-server[127080]: Object update sweep completed: 0.07s
Feb 17 19:26:29 standalone account-server[126901]: 172.20.0.100 - - [17/Feb/2026:19:26:29 +0000] "HEAD /d1/393/.expiring_objects" 404 - "HEAD http://localhost/v1/.expiring_objects?format=json" "tx35880a1ac6ab4e0893ea1-006994c0e5" "proxy-server 2" 0.0008 "-" 23 -
Feb 17 19:26:29 standalone object-expirer[126999]: Pass completed in 0s; 0 objects expired (txn: tx35880a1ac6ab4e0893ea1-006994c0e5)
Feb 17 19:27:53 standalone container-server[126811]: Begin container update sweep
Feb 17 19:27:55 standalone container-server[126811]: Container update sweep completed: 2.16s
Feb 17 19:30:02 standalone object-server[127080]: Begin object update sweep
Feb 17 19:30:02 standalone object-server[372331]: Object update sweep starting on /srv/node/d1 (pid: 20)
Feb 17 19:30:02 standalone object-server[372331]: Object update sweep completed on /srv/node/d1 in 0.00s seconds:, 0 successes, 0 failures, 0 quarantines, 0 unlinks, 0 errors, 0 redirects (pid: 20)
Feb 17 19:30:02 standalone object-server[372331]: Object update sweep of d1 completed: 0.00s, 0 successes, 0 failures, 0 quarantines, 0 unlinks, 0 errors, 0 redirects
Feb 17 19:30:02 standalone object-server[127080]: Object update sweep completed: 0.08s
Feb 17 19:30:26 standalone account-server[126897]: 172.20.0.100 - - [17/Feb/2026:19:30:26 +0000] "HEAD /d1/393/.expiring_objects" 404 - "HEAD http://localhost/v1/.expiring_objects?format=json" "tx408ea21f6c45424d828b2-006994c1d2" "proxy-server 2" 0.0012 "-" 22 -
Feb 17 19:30:26 standalone object-expirer[126999]: Pass completed in 0s; 0 objects expired (txn: tx408ea21f6c45424d828b2-006994c1d2)
Feb 17 19:32:53 standalone container-server[126811]: Begin container update sweep
Feb 17 19:32:55 standalone container-server[126811]: Container update sweep completed: 1.99s
Feb 17 19:33:37 standalone account-server[126897]: 172.20.0.100 - - [17/Feb/2026:19:33:37 +0000] "HEAD /d1/393/.expiring_objects" 404 - "HEAD http://localhost/v1/.expiring_objects?format=json" "txa1ef6e1ee2d1427da06c6-006994c291" "proxy-server 2" 0.0007 "-" 22 -
Feb 17 19:33:37 standalone object-expirer[126999]: Pass completed in 0s; 0 objects expired (txn: txa1ef6e1ee2d1427da06c6-006994c291)
Feb 17 19:35:02 standalone object-server[127080]: Begin object update sweep
Feb 17 19:35:02 standalone object-server[386798]: Object update sweep starting on /srv/node/d1 (pid: 21)
Feb 17 19:35:02 standalone object-server[386798]: Object update sweep completed on /srv/node/d1 in 0.00s seconds:, 0 successes, 0 failures, 0 quarantines, 0 unlinks, 0 errors, 0 redirects (pid: 21)
Feb 17 19:35:02 standalone object-server[386798]: Object update sweep of d1 completed: 0.00s, 0 successes, 0 failures, 0 quarantines, 0 unlinks, 0 errors, 0 redirects
Feb 17 19:35:02 standalone object-server[127080]: Object update sweep completed: 0.07s
Feb 17 19:36:39 standalone account-server[126901]: 172.20.0.100 - - [17/Feb/2026:19:36:39 +0000] "HEAD /d1/393/.expiring_objects" 404 - "HEAD http://localhost/v1/.expiring_objects?format=json" "tx212a2f7d09b54fea8b65d-006994c347" "proxy-server 2" 0.0008 "-" 23 -
Feb 17 19:36:39 standalone object-expirer[126999]: Pass completed in 0s; 0 objects expired (txn: tx212a2f7d09b54fea8b65d-006994c347)
Feb 17 19:37:53 standalone container-server[126811]: Begin container update sweep
Feb 17 19:37:55 standalone container-server[126811]: Container update sweep completed: 1.88s
Feb 17 19:38:59 standalone account-server[126695]: Devices pass completed: 0.00s
Feb 17 19:40:02 standalone object-server[127080]: Begin object update sweep
Feb 17 19:40:02 standalone object-server[392356]: Object update sweep starting on /srv/node/d1 (pid: 22)
Feb 17 19:40:02 standalone object-server[392356]: Object update sweep completed on /srv/node/d1 in 0.00s seconds:, 0 successes, 0 failures, 0 quarantines, 0 unlinks, 0 errors, 0 redirects (pid: 22)
Feb 17 19:40:02 standalone object-server[392356]: Object update sweep of d1 completed: 0.00s, 0 successes, 0 failures, 0 quarantines, 0 unlinks, 0 errors, 0 redirects
Feb 17 19:40:02 standalone object-server[127080]: Object update sweep completed: 0.08s
Feb 17 19:40:51 standalone proxy-server[128744]: SIGTERM received (2)
Feb 17 19:40:51 standalone proxy-server[128744]: Exited (2)
Feb 17 19:41:21 standalone account-server[126895]: 172.20.0.100 - - [17/Feb/2026:19:41:21 +0000] "HEAD /d1/393/.expiring_objects" 404 - "HEAD http://localhost/v1/.expiring_objects?format=json" "txc0242c6673f94214ae52e-006994c461" "proxy-server 2" 0.0005 "-" 21 -
Feb 17 19:41:21 standalone object-expirer[126999]: Pass completed in 0s; 0 objects expired (txn: txc0242c6673f94214ae52e-006994c461)
Feb 17 19:42:33 standalone account-server[126901]: 172.20.0.100 - - [17/Feb/2026:19:42:33 +0000] "HEAD /d1/393/.expiring_objects" 404 - "HEAD http://localhost/v1/.expiring_objects?format=json" "txd6b07c031eed4c1995e5a-006994c4a9" "proxy-server 2" 0.0006 "-" 23 -
Feb 17 19:42:33 standalone object-expirer[126999]: Pass completed in 0s; 0 objects expired (txn: txd6b07c031eed4c1995e5a-006994c4a9)
Feb 17 19:42:53 standalone container-server[126811]: Begin container update sweep
Feb 17 19:42:55 standalone container-server[126811]: Container update sweep completed: 1.92s
Feb 17 19:44:07 standalone account-server[126895]: 172.20.0.100 - - [17/Feb/2026:19:44:07 +0000] "HEAD /d1/393/.expiring_objects" 404 - "HEAD http://localhost/v1/.expiring_objects?format=json" "txa0d5bcf1dd76437b974ca-006994c507" "proxy-server 2" 0.0005 "-" 21 -
Feb 17 19:44:07 standalone object-expirer[126999]: Pass completed in 0s; 0 objects expired (txn: txa0d5bcf1dd76437b974ca-006994c507)
Feb 17 19:45:02 standalone object-server[127080]: Begin object update sweep
Feb 17 19:45:02 standalone object-server[417856]: Object update sweep starting on /srv/node/d1 (pid: 23)
Feb 17 19:45:02 standalone object-server[417856]: Object update sweep completed on /srv/node/d1 in 0.00s seconds:, 0 successes, 0 failures, 0 quarantines, 0 unlinks, 0 errors, 0 redirects (pid: 23)
Feb 17 19:45:02 standalone object-server[417856]: Object update sweep of d1 completed: 0.00s, 0 successes, 0 failures, 0 quarantines, 0 unlinks, 0 errors, 0 redirects
Feb 17 19:45:02 standalone object-server[127080]: Object update sweep completed: 0.08s
Feb 17 19:47:53 standalone container-server[126811]: Begin container update sweep
Feb 17 19:47:55 standalone container-server[126811]: Container update sweep completed: 1.81s
Feb 17 19:49:04 standalone account-server[126895]: 172.20.0.100 - - [17/Feb/2026:19:49:04 +0000] "HEAD /d1/393/.expiring_objects" 404 - "HEAD http://localhost/v1/.expiring_objects?format=json" "txb39d5918cacf4ecaad1bf-006994c630" "proxy-server 2" 0.0004 "-" 21 -
Feb 17 19:49:04 standalone object-expirer[126999]: Pass completed in 0s; 0 objects expired (txn: txb39d5918cacf4ecaad1bf-006994c630)
Feb 17 19:50:02 standalone object-server[127080]: Begin object update sweep
Feb 17 19:50:02 standalone object-server[437040]: Object update sweep starting on /srv/node/d1 (pid: 24)
Feb 17 19:50:02 standalone object-server[437040]: Object update sweep completed on /srv/node/d1 in 0.00s seconds:, 0 successes, 0 failures, 0 quarantines, 0 unlinks, 0 errors, 0 redirects (pid: 24)
Feb 17 19:50:02 standalone object-server[437040]: Object update sweep of d1 completed: 0.00s, 0 successes, 0 failures, 0 quarantines, 0 unlinks, 0 errors, 0 redirects
Feb 17 19:50:02 standalone object-server[127080]: Object update sweep completed: 0.08s
Feb 17 19:50:22 standalone account-server[126891]: 172.20.0.100 - - [17/Feb/2026:19:50:22 +0000] "HEAD /d1/393/.expiring_objects" 404 - "HEAD http://localhost/v1/.expiring_objects?format=json" "txccbd17954c2b4a479f59e-006994c67e" "proxy-server 2" 0.0006 "-" 20 -
Feb 17 19:50:22 standalone object-expirer[126999]: Pass completed in 0s; 0 objects expired (txn: txccbd17954c2b4a479f59e-006994c67e)
Feb 17 19:52:53 standalone container-server[126811]: Begin container update sweep
Feb 17 19:52:56 standalone container-server[126811]: Container update sweep completed: 2.18s
Feb 17 19:54:34 standalone account-server[126891]: 172.20.0.100 - - [17/Feb/2026:19:54:34 +0000] "HEAD /d1/393/.expiring_objects" 404 - "HEAD http://localhost/v1/.expiring_objects?format=json" "txe0bf18694190480f8e428-006994c77a" "proxy-server 2" 0.0009 "-" 20 -
Feb 17 19:54:34 standalone object-expirer[126999]: Pass completed in 0s; 0 objects expired (txn: txe0bf18694190480f8e428-006994c77a)
Feb 17 19:55:02 standalone object-server[127080]: Begin object update sweep
Feb 17 19:55:02 standalone object-server[462747]: Object update sweep starting on /srv/node/d1 (pid: 25)
Feb 17 19:55:02 standalone object-server[462747]: Object update sweep completed on /srv/node/d1 in 0.00s seconds:, 0 successes, 0 failures, 0 quarantines, 0 unlinks, 0 errors, 0 redirects (pid: 25)
Feb 17 19:55:02 standalone object-server[462747]: Object update sweep of d1 completed: 0.00s, 0 successes, 0 failures, 0 quarantines, 0 unlinks, 0 errors, 0 redirects
Feb 17 19:55:02 standalone object-server[127080]: Object update sweep completed: 0.10s
Feb 17 19:55:23 standalone account-server[126891]: 172.20.0.100 - - [17/Feb/2026:19:55:23 +0000] "HEAD /d1/393/.expiring_objects" 404 - "HEAD http://localhost/v1/.expiring_objects?format=json" "tx714c1b14e2a04ca49c07a-006994c7ab" "proxy-server 2" 0.0008 "-" 20 -
Feb 17 19:55:23 standalone object-expirer[126999]: Pass completed in 0s; 0 objects expired (txn: tx714c1b14e2a04ca49c07a-006994c7ab)
Feb 17 19:56:32 standalone account-server[126897]: 172.20.0.100 - - [17/Feb/2026:19:56:32 +0000] "HEAD /d1/393/.expiring_objects" 404 - "HEAD http://localhost/v1/.expiring_objects?format=json" "tx3d03df467b114c7093a9c-006994c7f0" "proxy-server 2" 0.0007 "-" 22 -
Feb 17 19:56:32 standalone object-expirer[126999]: Pass completed in 0s; 0 objects expired (txn: tx3d03df467b114c7093a9c-006994c7f0)
Feb 17 19:57:53 standalone container-server[126811]: Begin container update sweep
Feb 17 19:57:56 standalone container-server[126811]: Container update sweep completed: 2.15s
Feb 17 20:00:02 standalone object-server[127080]: Begin object update sweep
Feb 17 20:00:02 standalone object-server[514206]: Object update sweep starting on /srv/node/d1 (pid: 26)
Feb 17 20:00:02 standalone object-server[514206]: Object update sweep completed on /srv/node/d1 in 0.00s seconds:, 0 successes, 0 failures, 0 quarantines, 0 unlinks, 0 errors, 0 redirects (pid: 26)
Feb 17 20:00:02 standalone object-server[514206]: Object update sweep of d1 completed: 0.00s, 0 successes, 0 failures, 0 quarantines, 0 unlinks, 0 errors, 0 redirects
Feb 17 20:00:02 standalone object-server[127080]: Object update sweep completed: 0.06s
Feb 17 20:00:55 standalone account-server[126891]: 172.20.0.100 - - [17/Feb/2026:20:00:55 +0000] "HEAD /d1/393/.expiring_objects" 404 - "HEAD http://localhost/v1/.expiring_objects?format=json" "txfc224f44ab7344cc8271e-006994c8f7" "proxy-server 2" 0.0005 "-" 20 -
