Nov 25 10:11:30 standalone container-server[122984]: 172.20.0.100 - - [25/Nov/2025:10:11:30 +0000] "HEAD /d1/272/AUTH_692cf325f9a14224bf157722f8f354f2/gnocchi.8555158d-57f8-4bf5-a47f-63048c4568d4" 204 - "HEAD http://localhost:8080/v1/AUTH_692cf325f9a14224bf157722f8f354f2/gnocchi.8555158d-57f8-4bf5-a47f-63048c4568d4?format=json&states=listing" "txc10cd86338d64e9790f74-00692580d2" "proxy-server 21" 0.0011 "-" 16 0
Nov 25 10:11:30 standalone proxy-server[125200]: - - 25/Nov/2025/10/11/30 HEAD /v1/AUTH_692cf325f9a14224bf157722f8f354f2/gnocchi.8555158d-57f8-4bf5-a47f-63048c4568d4%3Fformat%3Djson%26states%3Dlisting HTTP/1.0 204 - Swift - - - - txc10cd86338d64e9790f74-00692580d2 - 0.0035 RL - 1764065490.811851025 1764065490.815347910 0
Nov 25 10:11:30 standalone container-server[122995]: 172.20.0.100 - - [25/Nov/2025:10:11:30 +0000] "GET /d1/272/AUTH_692cf325f9a14224bf157722f8f354f2/gnocchi.8555158d-57f8-4bf5-a47f-63048c4568d4" 200 2 "GET http://localhost:8080/v1/AUTH_692cf325f9a14224bf157722f8f354f2/gnocchi.8555158d-57f8-4bf5-a47f-63048c4568d4?format=json&states=listing" "txc10cd86338d64e9790f74-00692580d2" "proxy-server 21" 0.0071 "-" 17 0
Nov 25 10:11:30 standalone proxy-server[125200]: 172.18.0.2 ::1 25/Nov/2025/10/11/30 GET /v1/AUTH_692cf325f9a14224bf157722f8f354f2/gnocchi.8555158d-57f8-4bf5-a47f-63048c4568d4%3Fformat%3Djson%26states%3Dlisting HTTP/1.0 200 - python-swiftclient-3.11.1 gAAAAABpJYCO3AkK... - 2 - txc10cd86338d64e9790f74-00692580d2 - 0.0185 - - 1764065490.810613394 1764065490.829156160 0
Nov 25 10:11:30 standalone object-server[123264]: 172.20.0.100 - - [25/Nov/2025:10:11:30 +0000] "GET /d1/557/AUTH_692cf325f9a14224bf157722f8f354f2/gnocchi.8555158d-57f8-4bf5-a47f-63048c4568d4/1763640000.0_mean_300.0_v3" 404 70 "GET http://localhost:8080/v1/AUTH_692cf325f9a14224bf157722f8f354f2/gnocchi.8555158d-57f8-4bf5-a47f-63048c4568d4/1763640000.0_mean_300.0_v3" "tx68533fbd4f1c481a81281-00692580d2" "proxy-server 21" 0.0004 "-" 23 0
Nov 25 10:11:30 standalone proxy-server[125200]: 172.18.0.2 ::1 25/Nov/2025/10/11/30 GET /v1/AUTH_692cf325f9a14224bf157722f8f354f2/gnocchi.8555158d-57f8-4bf5-a47f-63048c4568d4/1763640000.0_mean_300.0_v3 HTTP/1.0 404 - python-swiftclient-3.11.1 gAAAAABpJYCO3AkK... - 70 - tx68533fbd4f1c481a81281-00692580d2 - 0.0068 - - 1764065490.832961082 1764065490.839718342 0
Nov 25 10:11:30 standalone container-server[122969]: 172.20.0.100 - - [25/Nov/2025:10:11:30 +0000] "PUT /d1/272/AUTH_692cf325f9a14224bf157722f8f354f2/gnocchi.8555158d-57f8-4bf5-a47f-63048c4568d4/1763640000.0_mean_300.0_v3" 201 - "PUT http://localhost:8080/d1/557/AUTH_692cf325f9a14224bf157722f8f354f2/gnocchi.8555158d-57f8-4bf5-a47f-63048c4568d4/1763640000.0_mean_300.0_v3" "tx7a4e375ae26f4732ae7d6-00692580d2" "object-server 25" 0.0006 "-" 15 0
Nov 25 10:11:30 standalone object-server[123267]: 172.20.0.100 - - [25/Nov/2025:10:11:30 +0000] "PUT /d1/557/AUTH_692cf325f9a14224bf157722f8f354f2/gnocchi.8555158d-57f8-4bf5-a47f-63048c4568d4/1763640000.0_mean_300.0_v3" 201 - "PUT http://localhost:8080/v1/AUTH_692cf325f9a14224bf157722f8f354f2/gnocchi.8555158d-57f8-4bf5-a47f-63048c4568d4/1763640000.0_mean_300.0_v3" "tx7a4e375ae26f4732ae7d6-00692580d2" "proxy-server 21" 0.0104 "-" 25 0
Nov 25 10:11:30 standalone proxy-server[125200]: 172.18.0.2 ::1 25/Nov/2025/10/11/30 PUT /v1/AUTH_692cf325f9a14224bf157722f8f354f2/gnocchi.8555158d-57f8-4bf5-a47f-63048c4568d4/1763640000.0_mean_300.0_v3 HTTP/1.0 201 - python-swiftclient-3.11.1 gAAAAABpJYCO3AkK... 16 - - tx7a4e375ae26f4732ae7d6-00692580d2 - 0.0165 - - 1764065490.843337059 1764065490.859818935 0
Nov 25 10:11:30 standalone container-server[122961]: 172.20.0.100 - - [25/Nov/2025:10:11:30 +0000] "PUT /d1/272/AUTH_692cf325f9a14224bf157722f8f354f2/gnocchi.8555158d-57f8-4bf5-a47f-63048c4568d4/none_v3" 201 - "PUT http://localhost:8080/d1/414/AUTH_692cf325f9a14224bf157722f8f354f2/gnocchi.8555158d-57f8-4bf5-a47f-63048c4568d4/none_v3" "tx706d070cf183447291f93-00692580d2" "object-server 23" 0.0007 "-" 14 0
Nov 25 10:11:30 standalone object-server[123264]: 172.20.0.100 - - [25/Nov/2025:10:11:30 +0000] "PUT /d1/414/AUTH_692cf325f9a14224bf157722f8f354f2/gnocchi.8555158d-57f8-4bf5-a47f-63048c4568d4/none_v3" 201 - "PUT http://localhost:8080/v1/AUTH_692cf325f9a14224bf157722f8f354f2/gnocchi.8555158d-57f8-4bf5-a47f-63048c4568d4/none_v3" "tx706d070cf183447291f93-00692580d2" "proxy-server 21" 0.0116 "-" 23 0
Nov 25 10:11:30 standalone proxy-server[125200]: 172.18.0.2 ::1 25/Nov/2025/10/11/30 PUT /v1/AUTH_692cf325f9a14224bf157722f8f354f2/gnocchi.8555158d-57f8-4bf5-a47f-63048c4568d4/none_v3 HTTP/1.0 201 - python-swiftclient-3.11.1 gAAAAABpJYCO3AkK... 22 - - tx706d070cf183447291f93-00692580d2 - 0.0175 - - 1764065490.862994671 1764065490.880533218 0
Nov 25 10:11:30 standalone container-server[122984]: 172.20.0.100 - - [25/Nov/2025:10:11:30 +0000] "HEAD /d1/362/AUTH_692cf325f9a14224bf157722f8f354f2/gnocchi.a7fe72bd-a107-4f50-acc9-fc5283e43c1d" 404 - "HEAD http://localhost:8080/v1/AUTH_692cf325f9a14224bf157722f8f354f2/gnocchi.a7fe72bd-a107-4f50-acc9-fc5283e43c1d?format=json&states=listing" "tx310daa7995094f5780688-00692580d2" "proxy-server 21" 0.0004 "-" 16 0
Nov 25 10:11:30 standalone object-server[123267]: 172.20.0.100 - - [25/Nov/2025:10:11:30 +0000] "GET /d1/305/AUTH_692cf325f9a14224bf157722f8f354f2/gnocchi.a7fe72bd-a107-4f50-acc9-fc5283e43c1d/none_v3" 404 70 "GET http://localhost:8080/v1/AUTH_692cf325f9a14224bf157722f8f354f2/gnocchi.a7fe72bd-a107-4f50-acc9-fc5283e43c1d/none_v3" "tx310daa7995094f5780688-00692580d2" "proxy-server 21" 0.0003 "-" 25 0
Nov 25 10:11:30 standalone proxy-server[125200]: 172.18.0.2 ::1 25/Nov/2025/10/11/30 GET /v1/AUTH_692cf325f9a14224bf157722f8f354f2/gnocchi.a7fe72bd-a107-4f50-acc9-fc5283e43c1d/none_v3 HTTP/1.0 404 - python-swiftclient-3.11.1 gAAAAABpJYCO3AkK... - 70 - tx310daa7995094f5780688-00692580d2 - 0.0126 - - 1764065490.890401125 1764065490.902977705 0
Nov 25 10:11:30 standalone account-server[123134]: 172.20.0.100 - - [25/Nov/2025:10:11:30 +0000] "PUT /d1/565/AUTH_692cf325f9a14224bf157722f8f354f2/gnocchi.a7fe72bd-a107-4f50-acc9-fc5283e43c1d" 201 - "PUT http://172.20.0.100:6001/d1/362/AUTH_692cf325f9a14224bf157722f8f354f2/gnocchi.a7fe72bd-a107-4f50-acc9-fc5283e43c1d" "txe650155ab60a4370a34e4-00692580d2" "container-server 16" 0.0050 "-" 22 0
Nov 25 10:11:30 standalone container-server[122984]: 172.20.0.100 - - [25/Nov/2025:10:11:30 +0000] "PUT /d1/362/AUTH_692cf325f9a14224bf157722f8f354f2/gnocchi.a7fe72bd-a107-4f50-acc9-fc5283e43c1d" 201 - "PUT http://localhost:8080/v1/AUTH_692cf325f9a14224bf157722f8f354f2/gnocchi.a7fe72bd-a107-4f50-acc9-fc5283e43c1d" "txe650155ab60a4370a34e4-00692580d2" "proxy-server 21" 0.0150 "-" 16 0
Nov 25 10:11:30 standalone proxy-server[125200]: 172.18.0.2 ::1 25/Nov/2025/10/11/30 PUT /v1/AUTH_692cf325f9a14224bf157722f8f354f2/gnocchi.a7fe72bd-a107-4f50-acc9-fc5283e43c1d HTTP/1.0 201 - python-swiftclient-3.11.1 gAAAAABpJYCO3AkK... - - - txe650155ab60a4370a34e4-00692580d2 - 0.0208 - - 1764065490.906563759 1764065490.927315712 0
Nov 25 10:11:30 standalone container-server[122984]: 172.20.0.100 - - [25/Nov/2025:10:11:30 +0000] "HEAD /d1/362/AUTH_692cf325f9a14224bf157722f8f354f2/gnocchi.a7fe72bd-a107-4f50-acc9-fc5283e43c1d" 204 - "HEAD http://localhost:8080/v1/AUTH_692cf325f9a14224bf157722f8f354f2/gnocchi.a7fe72bd-a107-4f50-acc9-fc5283e43c1d?format=json&states=listing" "txae01cd79bff245329ee10-00692580d2" "proxy-server 21" 0.0009 "-" 16 0
Nov 25 10:11:30 standalone proxy-server[125200]: - - 25/Nov/2025/10/11/30 HEAD /v1/AUTH_692cf325f9a14224bf157722f8f354f2/gnocchi.a7fe72bd-a107-4f50-acc9-fc5283e43c1d%3Fformat%3Djson%26states%3Dlisting HTTP/1.0 204 - Swift - - - - txae01cd79bff245329ee10-00692580d2 - 0.0030 RL - 1764065490.931630850 1764065490.934629202 0
Nov 25 10:11:30 standalone container-server[122984]: 172.20.0.100 - - [25/Nov/2025:10:11:30 +0000] "GET /d1/362/AUTH_692cf325f9a14224bf157722f8f354f2/gnocchi.a7fe72bd-a107-4f50-acc9-fc5283e43c1d" 200 2 "GET http://localhost:8080/v1/AUTH_692cf325f9a14224bf157722f8f354f2/gnocchi.a7fe72bd-a107-4f50-acc9-fc5283e43c1d?format=json&states=listing" "txae01cd79bff245329ee10-00692580d2" "proxy-server 21" 0.0014 "-" 16 0
Nov 25 10:11:30 standalone proxy-server[125200]: 172.18.0.2 ::1 25/Nov/2025/10/11/30 GET /v1/AUTH_692cf325f9a14224bf157722f8f354f2/gnocchi.a7fe72bd-a107-4f50-acc9-fc5283e43c1d%3Fformat%3Djson%26states%3Dlisting HTTP/1.0 200 - python-swiftclient-3.11.1 gAAAAABpJYCO3AkK... - 2 - txae01cd79bff245329ee10-00692580d2 - 0.0088 - - 1764065490.930818081 1764065490.939645767 0
Nov 25 10:11:30 standalone object-server[123267]: 172.20.0.100 - - [25/Nov/2025:10:11:30 +0000] "GET /d1/464/AUTH_692cf325f9a14224bf157722f8f354f2/gnocchi.a7fe72bd-a107-4f50-acc9-fc5283e43c1d/1763640000.0_mean_300.0_v3" 404 70 "GET http://localhost:8080/v1/AUTH_692cf325f9a14224bf157722f8f354f2/gnocchi.a7fe72bd-a107-4f50-acc9-fc5283e43c1d/1763640000.0_mean_300.0_v3" "txf7143c11020c49839de11-00692580d2" "proxy-server 21" 0.0003 "-" 25 0
Nov 25 10:11:30 standalone proxy-server[125200]: 172.18.0.2 ::1 25/Nov/2025/10/11/30 GET /v1/AUTH_692cf325f9a14224bf157722f8f354f2/gnocchi.a7fe72bd-a107-4f50-acc9-fc5283e43c1d/1763640000.0_mean_300.0_v3 HTTP/1.0 404 - python-swiftclient-3.11.1 gAAAAABpJYCO3AkK... - 70 - txf7143c11020c49839de11-00692580d2 - 0.0066 - - 1764065490.944468260 1764065490.951036692 0
Nov 25 10:11:30 standalone container-server[122984]: 172.20.0.100 - - [25/Nov/2025:10:11:30 +0000] "PUT /d1/362/AUTH_692cf325f9a14224bf157722f8f354f2/gnocchi.a7fe72bd-a107-4f50-acc9-fc5283e43c1d/1763640000.0_mean_300.0_v3" 201 - "PUT http://localhost:8080/d1/464/AUTH_692cf325f9a14224bf157722f8f354f2/gnocchi.a7fe72bd-a107-4f50-acc9-fc5283e43c1d/1763640000.0_mean_300.0_v3" "txaef2c9cbffeb462cacd74-00692580d2" "object-server 24" 0.0005 "-" 16 0
Nov 25 10:11:30 standalone object-server[123266]: 172.20.0.100 - - [25/Nov/2025:10:11:30 +0000] "PUT /d1/464/AUTH_692cf325f9a14224bf157722f8f354f2/gnocchi.a7fe72bd-a107-4f50-acc9-fc5283e43c1d/1763640000.0_mean_300.0_v3" 201 - "PUT http://localhost:8080/v1/AUTH_692cf325f9a14224bf157722f8f354f2/gnocchi.a7fe72bd-a107-4f50-acc9-fc5283e43c1d/1763640000.0_mean_300.0_v3" "txaef2c9cbffeb462cacd74-00692580d2" "proxy-server 21" 0.0139 "-" 24 0
Nov 25 10:11:30 standalone proxy-server[125200]: 172.18.0.2 ::1 25/Nov/2025/10/11/30 PUT /v1/AUTH_692cf325f9a14224bf157722f8f354f2/gnocchi.a7fe72bd-a107-4f50-acc9-fc5283e43c1d/1763640000.0_mean_300.0_v3 HTTP/1.0 201 - python-swiftclient-3.11.1 gAAAAABpJYCO3AkK... 16 - - txaef2c9cbffeb462cacd74-00692580d2 - 0.0216 - - 1764065490.954357862 1764065490.975979090 0
Nov 25 10:11:30 standalone container-server[122995]: 172.20.0.100 - - [25/Nov/2025:10:11:30 +0000] "PUT /d1/362/AUTH_692cf325f9a14224bf157722f8f354f2/gnocchi.a7fe72bd-a107-4f50-acc9-fc5283e43c1d/none_v3" 201 - "PUT http://localhost:8080/d1/305/AUTH_692cf325f9a14224bf157722f8f354f2/gnocchi.a7fe72bd-a107-4f50-acc9-fc5283e43c1d/none_v3" "txc890a53eaab043898487f-00692580d2" "object-server 22" 0.0006 "-" 17 0
Nov 25 10:11:30 standalone object-server[123263]: 172.20.0.100 - - [25/Nov/2025:10:11:30 +0000] "PUT /d1/305/AUTH_692cf325f9a14224bf157722f8f354f2/gnocchi.a7fe72bd-a107-4f50-acc9-fc5283e43c1d/none_v3" 201 - "PUT http://localhost:8080/v1/AUTH_692cf325f9a14224bf157722f8f354f2/gnocchi.a7fe72bd-a107-4f50-acc9-fc5283e43c1d/none_v3" "txc890a53eaab043898487f-00692580d2" "proxy-server 21" 0.0084 "-" 22 0
Nov 25 10:11:30 standalone proxy-server[125200]: 172.18.0.2 ::1 25/Nov/2025/10/11/30 PUT /v1/AUTH_692cf325f9a14224bf157722f8f354f2/gnocchi.a7fe72bd-a107-4f50-acc9-fc5283e43c1d/none_v3 HTTP/1.0 201 - python-swiftclient-3.11.1 gAAAAABpJYCO3AkK... 22 - - txc890a53eaab043898487f-00692580d2 - 0.0145 - - 1764065490.981904745 1764065490.996408939 0
Nov 25 10:11:31 standalone container-server[122961]: 172.20.0.100 - - [25/Nov/2025:10:11:31 +0000] "HEAD /d1/559/AUTH_692cf325f9a14224bf157722f8f354f2/gnocchi.73491be7-a3d2-42fc-806e-3a57019803bf" 404 - "HEAD http://localhost:8080/v1/AUTH_692cf325f9a14224bf157722f8f354f2/gnocchi.73491be7-a3d2-42fc-806e-3a57019803bf?format=json&states=listing" "tx9f2c6973e4044f068cab8-00692580d3" "proxy-server 21" 0.0003 "-" 14 0
Nov 25 10:11:31 standalone object-server[123266]: 172.20.0.100 - - [25/Nov/2025:10:11:31 +0000] "GET /d1/195/AUTH_692cf325f9a14224bf157722f8f354f2/gnocchi.73491be7-a3d2-42fc-806e-3a57019803bf/none_v3" 404 70 "GET http://localhost:8080/v1/AUTH_692cf325f9a14224bf157722f8f354f2/gnocchi.73491be7-a3d2-42fc-806e-3a57019803bf/none_v3" "tx9f2c6973e4044f068cab8-00692580d3" "proxy-server 21" 0.0006 "-" 24 0
Nov 25 10:11:31 standalone proxy-server[125200]: 172.18.0.2 ::1 25/Nov/2025/10/11/31 GET /v1/AUTH_692cf325f9a14224bf157722f8f354f2/gnocchi.73491be7-a3d2-42fc-806e-3a57019803bf/none_v3 HTTP/1.0 404 - python-swiftclient-3.11.1 gAAAAABpJYCO3AkK... - 70 - tx9f2c6973e4044f068cab8-00692580d3 - 0.0091 - - 1764065491.022755384 1764065491.031828165 0
Nov 25 10:11:31 standalone account-server[123129]: 172.20.0.100 - - [25/Nov/2025:10:11:31 +0000] "PUT /d1/565/AUTH_692cf325f9a14224bf157722f8f354f2/gnocchi.73491be7-a3d2-42fc-806e-3a57019803bf" 201 - "PUT http://172.20.0.100:6001/d1/559/AUTH_692cf325f9a14224bf157722f8f354f2/gnocchi.73491be7-a3d2-42fc-806e-3a57019803bf" "tx56235f157a7f48e38cbaa-00692580d3" "container-server 17" 0.0067 "-" 21 0
Nov 25 10:11:31 standalone container-server[122995]: 172.20.0.100 - - [25/Nov/2025:10:11:31 +0000] "PUT /d1/559/AUTH_692cf325f9a14224bf157722f8f354f2/gnocchi.73491be7-a3d2-42fc-806e-3a57019803bf" 201 - "PUT http://localhost:8080/v1/AUTH_692cf325f9a14224bf157722f8f354f2/gnocchi.73491be7-a3d2-42fc-806e-3a57019803bf" "tx56235f157a7f48e38cbaa-00692580d3" "proxy-server 21" 0.0240 "-" 17 0
Nov 25 10:11:31 standalone proxy-server[125200]: 172.18.0.2 ::1 25/Nov/2025/10/11/31 PUT /v1/AUTH_692cf325f9a14224bf157722f8f354f2/gnocchi.73491be7-a3d2-42fc-806e-3a57019803bf HTTP/1.0 201 - python-swiftclient-3.11.1 gAAAAABpJYCO3AkK... - - - tx56235f157a7f48e38cbaa-00692580d3 - 0.0283 - - 1764065491.038300276 1764065491.066621780 0
Nov 25 10:11:31 standalone container-server[122995]: 172.20.0.100 - - [25/Nov/2025:10:11:31 +0000] "HEAD /d1/559/AUTH_692cf325f9a14224bf157722f8f354f2/gnocchi.73491be7-a3d2-42fc-806e-3a57019803bf" 204 - "HEAD http://localhost:8080/v1/AUTH_692cf325f9a14224bf157722f8f354f2/gnocchi.73491be7-a3d2-42fc-806e-3a57019803bf?format=json&states=listing" "txa6ac6206144c432cbc6e5-00692580d3" "proxy-server 21" 0.0015 "-" 17 0
Nov 25 10:11:31 standalone proxy-server[125200]: - - 25/Nov/2025/10/11/31 HEAD /v1/AUTH_692cf325f9a14224bf157722f8f354f2/gnocchi.73491be7-a3d2-42fc-806e-3a57019803bf%3Fformat%3Djson%26states%3Dlisting HTTP/1.0 204 - Swift - - - - txa6ac6206144c432cbc6e5-00692580d3 - 0.0042 RL - 1764065491.072449207 1764065491.076668501 0
Nov 25 10:11:31 standalone container-server[122995]: 172.20.0.100 - - [25/Nov/2025:10:11:31 +0000] "GET /d1/559/AUTH_692cf325f9a14224bf157722f8f354f2/gnocchi.73491be7-a3d2-42fc-806e-3a57019803bf" 200 2 "GET http://localhost:8080/v1/AUTH_692cf325f9a14224bf157722f8f354f2/gnocchi.73491be7-a3d2-42fc-806e-3a57019803bf?format=json&states=listing" "txa6ac6206144c432cbc6e5-00692580d3" "proxy-server 21" 0.0020 "-" 17 0
Nov 25 10:11:31 standalone proxy-server[125200]: 172.18.0.2 ::1 25/Nov/2025/10/11/31 GET /v1/AUTH_692cf325f9a14224bf157722f8f354f2/gnocchi.73491be7-a3d2-42fc-806e-3a57019803bf%3Fformat%3Djson%26states%3Dlisting HTTP/1.0 200 - python-swiftclient-3.11.1 gAAAAABpJYCO3AkK... - 2 - txa6ac6206144c432cbc6e5-00692580d3 - 0.0136 - - 1764065491.071259975 1764065491.084883451 0
Nov 25 10:11:31 standalone object-server[123264]: 172.20.0.100 - - [25/Nov/2025:10:11:31 +0000] "GET /d1/436/AUTH_692cf325f9a14224bf157722f8f354f2/gnocchi.73491be7-a3d2-42fc-806e-3a57019803bf/1763640000.0_mean_300.0_v3" 404 70 "GET http://localhost:8080/v1/AUTH_692cf325f9a14224bf157722f8f354f2/gnocchi.73491be7-a3d2-42fc-806e-3a57019803bf/1763640000.0_mean_300.0_v3" "txe70df50e10e141e0b65c4-00692580d3" "proxy-server 21" 0.0005 "-" 23 0
Nov 25 10:11:31 standalone proxy-server[125200]: 172.18.0.2 ::1 25/Nov/2025/10/11/31 GET /v1/AUTH_692cf325f9a14224bf157722f8f354f2/gnocchi.73491be7-a3d2-42fc-806e-3a57019803bf/1763640000.0_mean_300.0_v3 HTTP/1.0 404 - python-swiftclient-3.11.1 gAAAAABpJYCO3AkK... - 70 - txe70df50e10e141e0b65c4-00692580d3 - 0.0057 - - 1764065491.094938278 1764065491.100639343 0
Nov 25 10:11:31 standalone container-server[122969]: 172.20.0.100 - - [25/Nov/2025:10:11:31 +0000] "PUT /d1/559/AUTH_692cf325f9a14224bf157722f8f354f2/gnocchi.73491be7-a3d2-42fc-806e-3a57019803bf/1763640000.0_mean_300.0_v3" 201 - "PUT http://localhost:8080/d1/436/AUTH_692cf325f9a14224bf157722f8f354f2/gnocchi.73491be7-a3d2-42fc-806e-3a57019803bf/1763640000.0_mean_300.0_v3" "txb9dbf672c0464d91a24e9-00692580d3" "object-server 23" 0.0007 "-" 15 0
Nov 25 10:11:31 standalone object-server[123264]: 172.20.0.100 - - [25/Nov/2025:10:11:31 +0000] "PUT /d1/436/AUTH_692cf325f9a14224bf157722f8f354f2/gnocchi.73491be7-a3d2-42fc-806e-3a57019803bf/1763640000.0_mean_300.0_v3" 201 - "PUT http://localhost:8080/v1/AUTH_692cf325f9a14224bf157722f8f354f2/gnocchi.73491be7-a3d2-42fc-806e-3a57019803bf/1763640000.0_mean_300.0_v3" "txb9dbf672c0464d91a24e9-00692580d3" "proxy-server 21" 0.0117 "-" 23 0
Nov 25 10:11:31 standalone proxy-server[125200]: 172.18.0.2 ::1 25/Nov/2025/10/11/31 PUT /v1/AUTH_692cf325f9a14224bf157722f8f354f2/gnocchi.73491be7-a3d2-42fc-806e-3a57019803bf/1763640000.0_mean_300.0_v3 HTTP/1.0 201 - python-swiftclient-3.11.1 gAAAAABpJYCO3AkK... 16 - - txb9dbf672c0464d91a24e9-00692580d3 - 0.0203 - - 1764065491.107523441 1764065491.127847910 0
Nov 25 10:11:31 standalone container-server[122984]: 172.20.0.100 - - [25/Nov/2025:10:11:31 +0000] "PUT /d1/559/AUTH_692cf325f9a14224bf157722f8f354f2/gnocchi.73491be7-a3d2-42fc-806e-3a57019803bf/none_v3" 201 - "PUT http://localhost:8080/d1/195/AUTH_692cf325f9a14224bf157722f8f354f2/gnocchi.73491be7-a3d2-42fc-806e-3a57019803bf/none_v3" "tx0c4ad60199f642f4a6dae-00692580d3" "object-server 23" 0.0006 "-" 16 0
Nov 25 10:11:31 standalone object-server[123264]: 172.20.0.100 - - [25/Nov/2025:10:11:31 +0000] "PUT /d1/195/AUTH_692cf325f9a14224bf157722f8f354f2/gnocchi.73491be7-a3d2-42fc-806e-3a57019803bf/none_v3" 201 - "PUT http://localhost:8080/v1/AUTH_692cf325f9a14224bf157722f8f354f2/gnocchi.73491be7-a3d2-42fc-806e-3a57019803bf/none_v3" "tx0c4ad60199f642f4a6dae-00692580d3" "proxy-server 21" 0.0099 "-" 23 0
Nov 25 10:11:31 standalone proxy-server[125200]: 172.18.0.2 ::1 25/Nov/2025/10/11/31 PUT /v1/AUTH_692cf325f9a14224bf157722f8f354f2/gnocchi.73491be7-a3d2-42fc-806e-3a57019803bf/none_v3 HTTP/1.0 201 - python-swiftclient-3.11.1 gAAAAABpJYCO3AkK... 22 - - tx0c4ad60199f642f4a6dae-00692580d3 - 0.0150 - - 1764065491.134943962 1764065491.149904013 0
Nov 25 10:11:31 standalone container-server[122995]: 172.20.0.100 - - [25/Nov/2025:10:11:31 +0000] "HEAD /d1/608/AUTH_692cf325f9a14224bf157722f8f354f2/gnocchi.60858d3b-4a54-4ff3-9c2e-680640be1678" 404 - "HEAD http://localhost:8080/v1/AUTH_692cf325f9a14224bf157722f8f354f2/gnocchi.60858d3b-4a54-4ff3-9c2e-680640be1678?format=json&states=listing" "tx720e0490f2e941f2aa63b-00692580d3" "proxy-server 21" 0.0006 "-" 17 0
Nov 25 10:11:31 standalone object-server[123264]: 172.20.0.100 - - [25/Nov/2025:10:11:31 +0000] "GET /d1/538/AUTH_692cf325f9a14224bf157722f8f354f2/gnocchi.60858d3b-4a54-4ff3-9c2e-680640be1678/none_v3" 404 70 "GET http://localhost:8080/v1/AUTH_692cf325f9a14224bf157722f8f354f2/gnocchi.60858d3b-4a54-4ff3-9c2e-680640be1678/none_v3" "tx720e0490f2e941f2aa63b-00692580d3" "proxy-server 21" 0.0002 "-" 23 0
Nov 25 10:11:31 standalone proxy-server[125200]: 172.18.0.2 ::1 25/Nov/2025/10/11/31 GET /v1/AUTH_692cf325f9a14224bf157722f8f354f2/gnocchi.60858d3b-4a54-4ff3-9c2e-680640be1678/none_v3 HTTP/1.0 404 - python-swiftclient-3.11.1 gAAAAABpJYCO3AkK... - 70 - tx720e0490f2e941f2aa63b-00692580d3 - 0.0097 - - 1764065491.168973923 1764065491.178658009 0
Nov 25 10:11:31 standalone account-server[123134]: 172.20.0.100 - - [25/Nov/2025:10:11:31 +0000] "PUT /d1/565/AUTH_692cf325f9a14224bf157722f8f354f2/gnocchi.60858d3b-4a54-4ff3-9c2e-680640be1678" 201 - "PUT http://172.20.0.100:6001/d1/608/AUTH_692cf325f9a14224bf157722f8f354f2/gnocchi.60858d3b-4a54-4ff3-9c2e-680640be1678" "txa6128551e2fb46048b0f1-00692580d3" "container-server 14" 0.0090 "-" 22 0
Nov 25 10:11:31 standalone container-server[122961]: 172.20.0.100 - - [25/Nov/2025:10:11:31 +0000] "PUT /d1/608/AUTH_692cf325f9a14224bf157722f8f354f2/gnocchi.60858d3b-4a54-4ff3-9c2e-680640be1678" 201 - "PUT http://localhost:8080/v1/AUTH_692cf325f9a14224bf157722f8f354f2/gnocchi.60858d3b-4a54-4ff3-9c2e-680640be1678" "txa6128551e2fb46048b0f1-00692580d3" "proxy-server 21" 0.0209 "-" 14 0
Nov 25 10:11:31 standalone proxy-server[125200]: 172.18.0.2 ::1 25/Nov/2025/10/11/31 PUT /v1/AUTH_692cf325f9a14224bf157722f8f354f2/gnocchi.60858d3b-4a54-4ff3-9c2e-680640be1678 HTTP/1.0 201 - python-swiftclient-3.11.1 gAAAAABpJYCO3AkK... - - - txa6128551e2fb46048b0f1-00692580d3 - 0.0281 - - 1764065491.183419704 1764065491.211522341 0
Nov 25 10:11:31 standalone container-server[122995]: 172.20.0.100 - - [25/Nov/2025:10:11:31 +0000] "HEAD /d1/608/AUTH_692cf325f9a14224bf157722f8f354f2/gnocchi.60858d3b-4a54-4ff3-9c2e-680640be1678" 204 - "HEAD http://localhost:8080/v1/AUTH_692cf325f9a14224bf157722f8f354f2/gnocchi.60858d3b-4a54-4ff3-9c2e-680640be1678?format=json&states=listing" "tx18bc76edf3f941f9b2766-00692580d3" "proxy-server 21" 0.0015 "-" 17 0
Nov 25 10:11:31 standalone proxy-server[125200]: - - 25/Nov/2025/10/11/31 HEAD /v1/AUTH_692cf325f9a14224bf157722f8f354f2/gnocchi.60858d3b-4a54-4ff3-9c2e-680640be1678%3Fformat%3Djson%26states%3Dlisting HTTP/1.0 204 - Swift - - - - tx18bc76edf3f941f9b2766-00692580d3 - 0.0053 RL - 1764065491.218879223 1764065491.224217653 0
Nov 25 10:11:31 standalone container-server[122969]: 172.20.0.100 - - [25/Nov/2025:10:11:31 +0000] "GET /d1/608/AUTH_692cf325f9a14224bf157722f8f354f2/gnocchi.60858d3b-4a54-4ff3-9c2e-680640be1678" 200 2 "GET http://localhost:8080/v1/AUTH_692cf325f9a14224bf157722f8f354f2/gnocchi.60858d3b-4a54-4ff3-9c2e-680640be1678?format=json&states=listing" "tx18bc76edf3f941f9b2766-00692580d3" "proxy-server 21" 0.0027 "-" 15 0
Nov 25 10:11:31 standalone proxy-server[125200]: 172.18.0.2 ::1 25/Nov/2025/10/11/31 GET /v1/AUTH_692cf325f9a14224bf157722f8f354f2/gnocchi.60858d3b-4a54-4ff3-9c2e-680640be1678%3Fformat%3Djson%26states%3Dlisting HTTP/1.0 200 - python-swiftclient-3.11.1 gAAAAABpJYCO3AkK... - 2 - tx18bc76edf3f941f9b2766-00692580d3 - 0.0152 - - 1764065491.217621088 1764065491.232854128 0
Nov 25 10:11:31 standalone object-server[123263]: 172.20.0.100 - - [25/Nov/2025:10:11:31 +0000] "GET /d1/270/AUTH_692cf325f9a14224bf157722f8f354f2/gnocchi.60858d3b-4a54-4ff3-9c2e-680640be1678/1763640000.0_mean_300.0_v3" 404 70 "GET http://localhost:8080/v1/AUTH_692cf325f9a14224bf157722f8f354f2/gnocchi.60858d3b-4a54-4ff3-9c2e-680640be1678/1763640000.0_mean_300.0_v3" "tx859cf27292f34834b8d84-00692580d3" "proxy-server 21" 0.0004 "-" 22 0
Nov 25 10:11:31 standalone proxy-server[125200]: 172.18.0.2 ::1 25/Nov/2025/10/11/31 GET /v1/AUTH_692cf325f9a14224bf157722f8f354f2/gnocchi.60858d3b-4a54-4ff3-9c2e-680640be1678/1763640000.0_mean_300.0_v3 HTTP/1.0 404 - python-swiftclient-3.11.1 gAAAAABpJYCO3AkK... - 70 - tx859cf27292f34834b8d84-00692580d3 - 0.0050 - - 1764065491.237667322 1764065491.242630005 0
Nov 25 10:11:31 standalone container-server[122984]: 172.20.0.100 - - [25/Nov/2025:10:11:31 +0000] "PUT /d1/608/AUTH_692cf325f9a14224bf157722f8f354f2/gnocchi.60858d3b-4a54-4ff3-9c2e-680640be1678/1763640000.0_mean_300.0_v3" 201 - "PUT http://localhost:8080/d1/270/AUTH_692cf325f9a14224bf157722f8f354f2/gnocchi.60858d3b-4a54-4ff3-9c2e-680640be1678/1763640000.0_mean_300.0_v3" "tx95b4ea164005431b82c40-00692580d3" "object-server 22" 0.0011 "-" 16 0
Nov 25 10:11:31 standalone object-server[123263]: 172.20.0.100 - - [25/Nov/2025:10:11:31 +0000] "PUT /d1/270/AUTH_692cf325f9a14224bf157722f8f354f2/gnocchi.60858d3b-4a54-4ff3-9c2e-680640be1678/1763640000.0_mean_300.0_v3" 201 - "PUT http://localhost:8080/v1/AUTH_692cf325f9a14224bf157722f8f354f2/gnocchi.60858d3b-4a54-4ff3-9c2e-680640be1678/1763640000.0_mean_300.0_v3" "tx95b4ea164005431b82c40-00692580d3" "proxy-server 21" 0.0102 "-" 22 0
Nov 25 10:11:31 standalone proxy-server[125200]: 172.18.0.2 ::1 25/Nov/2025/10/11/31 PUT /v1/AUTH_692cf325f9a14224bf157722f8f354f2/gnocchi.60858d3b-4a54-4ff3-9c2e-680640be1678/1763640000.0_mean_300.0_v3 HTTP/1.0 201 - python-swiftclient-3.11.1 gAAAAABpJYCO3AkK... 16 - - tx95b4ea164005431b82c40-00692580d3 - 0.0148 - - 1764065491.246601820 1764065491.261373043 0
Nov 25 10:11:31 standalone container-server[122969]: 172.20.0.100 - - [25/Nov/2025:10:11:31 +0000] "PUT /d1/608/AUTH_692cf325f9a14224bf157722f8f354f2/gnocchi.60858d3b-4a54-4ff3-9c2e-680640be1678/none_v3" 201 - "PUT http://localhost:8080/d1/538/AUTH_692cf325f9a14224bf157722f8f354f2/gnocchi.60858d3b-4a54-4ff3-9c2e-680640be1678/none_v3" "txe7e699a16ac940e39e9f6-00692580d3" "object-server 22" 0.0009 "-" 15 0
Nov 25 10:11:31 standalone object-server[123263]: 172.20.0.100 - - [25/Nov/2025:10:11:31 +0000] "PUT /d1/538/AUTH_692cf325f9a14224bf157722f8f354f2/gnocchi.60858d3b-4a54-4ff3-9c2e-680640be1678/none_v3" 201 - "PUT http://localhost:8080/v1/AUTH_692cf325f9a14224bf157722f8f354f2/gnocchi.60858d3b-4a54-4ff3-9c2e-680640be1678/none_v3" "txe7e699a16ac940e39e9f6-00692580d3" "proxy-server 21" 0.0122 "-" 22 0
Nov 25 10:11:31 standalone proxy-server[125200]: 172.18.0.2 ::1 25/Nov/2025/10/11/31 PUT /v1/AUTH_692cf325f9a14224bf157722f8f354f2/gnocchi.60858d3b-4a54-4ff3-9c2e-680640be1678/none_v3 HTTP/1.0 201 - python-swiftclient-3.11.1 gAAAAABpJYCO3AkK... 22 - - txe7e699a16ac940e39e9f6-00692580d3 - 0.0177 - - 1764065491.265289545 1764065491.282980919 0
Nov 25 10:11:31 standalone container-server[122995]: 172.20.0.100 - - [25/Nov/2025:10:11:31 +0000] "HEAD /d1/128/AUTH_692cf325f9a14224bf157722f8f354f2/gnocchi.3dbdb4cf-a5cd-44f8-9588-e9d14bb30edd" 404 - "HEAD http://localhost:8080/v1/AUTH_692cf325f9a14224bf157722f8f354f2/gnocchi.3dbdb4cf-a5cd-44f8-9588-e9d14bb30edd?format=json&states=listing" "tx826bef15ee4846a5befc9-00692580d3" "proxy-server 21" 0.0004 "-" 17 0
Nov 25 10:11:31 standalone object-server[123267]: 172.20.0.100 - - [25/Nov/2025:10:11:31 +0000] "GET /d1/962/AUTH_692cf325f9a14224bf157722f8f354f2/gnocchi.3dbdb4cf-a5cd-44f8-9588-e9d14bb30edd/none_v3" 404 70 "GET http://localhost:8080/v1/AUTH_692cf325f9a14224bf157722f8f354f2/gnocchi.3dbdb4cf-a5cd-44f8-9588-e9d14bb30edd/none_v3" "tx826bef15ee4846a5befc9-00692580d3" "proxy-server 21" 0.0007 "-" 25 0
Nov 25 10:11:31 standalone proxy-server[125200]: 172.18.0.2 ::1 25/Nov/2025/10/11/31 GET /v1/AUTH_692cf325f9a14224bf157722f8f354f2/gnocchi.3dbdb4cf-a5cd-44f8-9588-e9d14bb30edd/none_v3 HTTP/1.0 404 - python-swiftclient-3.11.1 gAAAAABpJYCO3AkK... - 70 - tx826bef15ee4846a5befc9-00692580d3 - 0.0139 - - 1764065491.350212097 1764065491.364125729 0
Nov 25 10:11:31 standalone account-server[123129]: 172.20.0.100 - - [25/Nov/2025:10:11:31 +0000] "PUT /d1/565/AUTH_692cf325f9a14224bf157722f8f354f2/gnocchi.3dbdb4cf-a5cd-44f8-9588-e9d14bb30edd" 201 - "PUT http://172.20.0.100:6001/d1/128/AUTH_692cf325f9a14224bf157722f8f354f2/gnocchi.3dbdb4cf-a5cd-44f8-9588-e9d14bb30edd" "txa5878bf078714ebf8bb88-00692580d3" "container-server 14" 0.0093 "-" 21 0
Nov 25 10:11:31 standalone container-server[122961]: 172.20.0.100 - - [25/Nov/2025:10:11:31 +0000] "PUT /d1/128/AUTH_692cf325f9a14224bf157722f8f354f2/gnocchi.3dbdb4cf-a5cd-44f8-9588-e9d14bb30edd" 201 - "PUT http://localhost:8080/v1/AUTH_692cf325f9a14224bf157722f8f354f2/gnocchi.3dbdb4cf-a5cd-44f8-9588-e9d14bb30edd" "txa5878bf078714ebf8bb88-00692580d3" "proxy-server 21" 0.0225 "-" 14 0
Nov 25 10:11:31 standalone proxy-server[125200]: 172.18.0.2 ::1 25/Nov/2025/10/11/31 PUT /v1/AUTH_692cf325f9a14224bf157722f8f354f2/gnocchi.3dbdb4cf-a5cd-44f8-9588-e9d14bb30edd HTTP/1.0 201 - python-swiftclient-3.11.1 gAAAAABpJYCO3AkK... - - - txa5878bf078714ebf8bb88-00692580d3 - 0.0294 - - 1764065491.369866133 1764065491.399230003 0
Nov 25 10:11:31 standalone container-server[122961]: 172.20.0.100 - - [25/Nov/2025:10:11:31 +0000] "HEAD /d1/128/AUTH_692cf325f9a14224bf157722f8f354f2/gnocchi.3dbdb4cf-a5cd-44f8-9588-e9d14bb30edd" 204 - "HEAD http://localhost:8080/v1/AUTH_692cf325f9a14224bf157722f8f354f2/gnocchi.3dbdb4cf-a5cd-44f8-9588-e9d14bb30edd?format=json&states=listing" "txa2ced78be19f4893a1267-00692580d3" "proxy-server 21" 0.0027 "-" 14 0
Nov 25 10:11:31 standalone proxy-server[125200]: - - 25/Nov/2025/10/11/31 HEAD /v1/AUTH_692cf325f9a14224bf157722f8f354f2/gnocchi.3dbdb4cf-a5cd-44f8-9588-e9d14bb30edd%3Fformat%3Djson%26states%3Dlisting HTTP/1.0 204 - Swift - - - - txa2ced78be19f4893a1267-00692580d3 - 0.0169 RL - 1764065491.408976793 1764065491.425889015 0
Nov 25 10:11:31 standalone container-server[122961]: 172.20.0.100 - - [25/Nov/2025:10:11:31 +0000] "GET /d1/128/AUTH_692cf325f9a14224bf157722f8f354f2/gnocchi.3dbdb4cf-a5cd-44f8-9588-e9d14bb30edd" 200 2 "GET http://localhost:8080/v1/AUTH_692cf325f9a14224bf157722f8f354f2/gnocchi.3dbdb4cf-a5cd-44f8-9588-e9d14bb30edd?format=json&states=listing" "txa2ced78be19f4893a1267-00692580d3" "proxy-server 21" 0.0044 "-" 14 0
Nov 25 10:11:31 standalone proxy-server[125200]: 172.18.0.2 ::1 25/Nov/2025/10/11/31 GET /v1/AUTH_692cf325f9a14224bf157722f8f354f2/gnocchi.3dbdb4cf-a5cd-44f8-9588-e9d14bb30edd%3Fformat%3Djson%26states%3Dlisting HTTP/1.0 200 - python-swiftclient-3.11.1 gAAAAABpJYCO3AkK... - 2 - txa2ced78be19f4893a1267-00692580d3 - 0.0328 - - 1764065491.407893658 1764065491.440695047 0
Nov 25 10:11:31 standalone object-server[123263]: 172.20.0.100 - - [25/Nov/2025:10:11:31 +0000] "GET /d1/262/AUTH_692cf325f9a14224bf157722f8f354f2/gnocchi.3dbdb4cf-a5cd-44f8-9588-e9d14bb30edd/1763640000.0_mean_300.0_v3" 404 70 "GET http://localhost:8080/v1/AUTH_692cf325f9a14224bf157722f8f354f2/gnocchi.3dbdb4cf-a5cd-44f8-9588-e9d14bb30edd/1763640000.0_mean_300.0_v3" "tx4cdaa46510c4417dbf28f-00692580d3" "proxy-server 21" 0.0004 "-" 22 0
Nov 25 10:11:31 standalone proxy-server[125200]: 172.18.0.2 ::1 25/Nov/2025/10/11/31 GET /v1/AUTH_692cf325f9a14224bf157722f8f354f2/gnocchi.3dbdb4cf-a5cd-44f8-9588-e9d14bb30edd/1763640000.0_mean_300.0_v3 HTTP/1.0 404 - python-swiftclient-3.11.1 gAAAAABpJYCO3AkK... - 70 - tx4cdaa46510c4417dbf28f-00692580d3 - 0.0061 - - 1764065491.447289228 1764065491.453340530 0
Nov 25 10:11:31 standalone container-server[122969]: 172.20.0.100 - - [25/Nov/2025:10:11:31 +0000] "PUT /d1/128/AUTH_692cf325f9a14224bf157722f8f354f2/gnocchi.3dbdb4cf-a5cd-44f8-9588-e9d14bb30edd/1763640000.0_mean_300.0_v3" 201 - "PUT http://localhost:8080/d1/262/AUTH_692cf325f9a14224bf157722f8f354f2/gnocchi.3dbdb4cf-a5cd-44f8-9588-e9d14bb30edd/1763640000.0_mean_300.0_v3" "tx33f42557ca0f44afaf6ea-00692580d3" "object-server 23" 0.0017 "-" 15 0
Nov 25 10:11:31 standalone object-server[123264]: 172.20.0.100 - - [25/Nov/2025:10:11:31 +0000] "PUT /d1/262/AUTH_692cf325f9a14224bf157722f8f354f2/gnocchi.3dbdb4cf-a5cd-44f8-9588-e9d14bb30edd/1763640000.0_mean_300.0_v3" 201 - "PUT http://localhost:8080/v1/AUTH_692cf325f9a14224bf157722f8f354f2/gnocchi.3dbdb4cf-a5cd-44f8-9588-e9d14bb30edd/1763640000.0_mean_300.0_v3" "tx33f42557ca0f44afaf6ea-00692580d3" "proxy-server 21" 0.0174 "-" 23 0
Nov 25 10:11:31 standalone proxy-server[125200]: 172.18.0.2 ::1 25/Nov/2025/10/11/31 PUT /v1/AUTH_692cf325f9a14224bf157722f8f354f2/gnocchi.3dbdb4cf-a5cd-44f8-9588-e9d14bb30edd/1763640000.0_mean_300.0_v3 HTTP/1.0 201 - python-swiftclient-3.11.1 gAAAAABpJYCO3AkK... 16 - - tx33f42557ca0f44afaf6ea-00692580d3 - 0.0242 - - 1764065491.458462000 1764065491.482669115 0
Nov 25 10:11:31 standalone container-server[122995]: 172.20.0.100 - - [25/Nov/2025:10:11:31 +0000] "PUT /d1/128/AUTH_692cf325f9a14224bf157722f8f354f2/gnocchi.3dbdb4cf-a5cd-44f8-9588-e9d14bb30edd/none_v3" 201 - "PUT http://localhost:8080/d1/962/AUTH_692cf325f9a14224bf157722f8f354f2/gnocchi.3dbdb4cf-a5cd-44f8-9588-e9d14bb30edd/none_v3" "tx9ea5293dcd484d24bbc5e-00692580d3" "object-server 24" 0.0005 "-" 17 0
Nov 25 10:11:31 standalone object-server[123266]: 172.20.0.100 - - [25/Nov/2025:10:11:31 +0000] "PUT /d1/962/AUTH_692cf325f9a14224bf157722f8f354f2/gnocchi.3dbdb4cf-a5cd-44f8-9588-e9d14bb30edd/none_v3" 201 - "PUT http://localhost:8080/v1/AUTH_692cf325f9a14224bf157722f8f354f2/gnocchi.3dbdb4cf-a5cd-44f8-9588-e9d14bb30edd/none_v3" "tx9ea5293dcd484d24bbc5e-00692580d3" "proxy-server 21" 0.0108 "-" 24 0
Nov 25 10:11:31 standalone proxy-server[125200]: 172.18.0.2 ::1 25/Nov/2025/10/11/31 PUT /v1/AUTH_692cf325f9a14224bf157722f8f354f2/gnocchi.3dbdb4cf-a5cd-44f8-9588-e9d14bb30edd/none_v3 HTTP/1.0 201 - python-swiftclient-3.11.1 gAAAAABpJYCO3AkK... 22 - - tx9ea5293dcd484d24bbc5e-00692580d3 - 0.0161 - - 1764065491.488852739 1764065491.504924774 0
Nov 25 10:12:51 standalone container-server[122942]: Begin container update sweep
Nov 25 10:12:51 standalone account-server[123135]: 172.20.0.100 - - [25/Nov/2025:10:12:51 +0000] "PUT /d1/565/AUTH_692cf325f9a14224bf157722f8f354f2/gnocchi.60858d3b-4a54-4ff3-9c2e-680640be1678" 201 - "-" "-" "container-updater 2" 0.0017 "-" 23 0
Nov 25 10:12:51 standalone account-server[123119]: 172.20.0.100 - - [25/Nov/2025:10:12:51 +0000] "PUT /d1/565/AUTH_692cf325f9a14224bf157722f8f354f2/glance" 201 - "-" "-" "container-updater 2" 0.0013 "-" 20 0
Nov 25 10:12:52 standalone account-server[123135]: 172.20.0.100 - - [25/Nov/2025:10:12:52 +0000] "PUT /d1/565/AUTH_692cf325f9a14224bf157722f8f354f2/gnocchi.0bbb2dfc-c371-44a4-9bcb-85ceb444cdf7" 201 - "-" "-" "container-updater 2" 0.0006 "-" 23 0
Nov 25 10:12:52 standalone account-server[123134]: 172.20.0.100 - - [25/Nov/2025:10:12:52 +0000] "PUT /d1/565/AUTH_692cf325f9a14224bf157722f8f354f2/gnocchi.8555158d-57f8-4bf5-a47f-63048c4568d4" 201 - "-" "-" "container-updater 2" 0.0009 "-" 22 0
Nov 25 10:12:52 standalone account-server[123119]: 172.20.0.100 - - [25/Nov/2025:10:12:52 +0000] "PUT /d1/565/AUTH_692cf325f9a14224bf157722f8f354f2/gnocchi.a7fe72bd-a107-4f50-acc9-fc5283e43c1d" 201 - "-" "-" "container-updater 2" 0.0010 "-" 20 0
Nov 25 10:12:52 standalone account-server[123135]: 172.20.0.100 - - [25/Nov/2025:10:12:52 +0000] "PUT /d1/565/AUTH_692cf325f9a14224bf157722f8f354f2/gnocchi.af6a9b56-122a-4061-bd34-54b20cbc8dcd" 201 - "-" "-" "container-updater 2" 0.0007 "-" 23 0
Nov 25 10:12:52 standalone account-server[123134]: 172.20.0.100 - - [25/Nov/2025:10:12:52 +0000] "PUT /d1/565/AUTH_692cf325f9a14224bf157722f8f354f2/gnocchi.cba26ccb-4910-4008-b190-fd0e747dcd75" 201 - "-" "-" "container-updater 2" 0.0007 "-" 22 0
Nov 25 10:12:52 standalone account-server[123129]: 172.20.0.100 - - [25/Nov/2025:10:12:52 +0000] "PUT /d1/565/AUTH_692cf325f9a14224bf157722f8f354f2/gnocchi.73491be7-a3d2-42fc-806e-3a57019803bf" 201 - "-" "-" "container-updater 2" 0.0007 "-" 21 0
Nov 25 10:12:52 standalone account-server[123135]: 172.20.0.100 - - [25/Nov/2025:10:12:52 +0000] "PUT /d1/565/AUTH_692cf325f9a14224bf157722f8f354f2/gnocchi.3dbdb4cf-a5cd-44f8-9588-e9d14bb30edd" 201 - "-" "-" "container-updater 2" 0.0007 "-" 23 0
Nov 25 10:12:52 standalone container-server[122942]: Container update sweep completed: 1.08s
Nov 25 10:13:10 standalone account-server[123134]: 172.20.0.100 - - [25/Nov/2025:10:13:10 +0000] "HEAD /d1/688/.expiring_objects" 404 - "HEAD http://localhost/v1/.expiring_objects?format=json" "tx6ccde64bba9f47359388a-0069258136" "proxy-server 2" 0.0010 "-" 22 -
Nov 25 10:13:10 standalone object-expirer[123026]: Pass completed in 0s; 0 objects expired (txn: tx6ccde64bba9f47359388a-0069258136)
Nov 25 10:13:40 standalone account-server[123119]: 172.20.0.100 - - [25/Nov/2025:10:13:40 +0000] "HEAD /d1/565/AUTH_692cf325f9a14224bf157722f8f354f2" 204 - "HEAD http://localhost:8080/v1/AUTH_692cf325f9a14224bf157722f8f354f2?format=json" "tx34259ebe8b804b5da1769-0069258154" "proxy-server 21" 0.0099 "-" 20 -
Nov 25 10:13:40 standalone proxy-server[125200]: - - 25/Nov/2025/10/13/40 HEAD /v1/AUTH_692cf325f9a14224bf157722f8f354f2%3Fformat%3Djson HTTP/1.0 204 - Swift - - - - tx34259ebe8b804b5da1769-0069258154 - 0.0144 RL - 1764065620.758252621 1764065620.772642612 -
Nov 25 10:13:40 standalone container-server[122961]: 172.20.0.100 - - [25/Nov/2025:10:13:40 +0000] "HEAD /d1/927/AUTH_692cf325f9a14224bf157722f8f354f2/gnocchi.0f05adb4-ed73-43e6-a8a1-911473624dfd" 404 - "HEAD http://localhost:8080/v1/AUTH_692cf325f9a14224bf157722f8f354f2/gnocchi.0f05adb4-ed73-43e6-a8a1-911473624dfd?format=json&states=listing" "tx34259ebe8b804b5da1769-0069258154" "proxy-server 21" 0.0006 "-" 14 0
Nov 25 10:13:40 standalone object-server[123263]: 172.20.0.100 - - [25/Nov/2025:10:13:40 +0000] "GET /d1/369/AUTH_692cf325f9a14224bf157722f8f354f2/gnocchi.0f05adb4-ed73-43e6-a8a1-911473624dfd/none_v3" 404 70 "GET http://localhost:8080/v1/AUTH_692cf325f9a14224bf157722f8f354f2/gnocchi.0f05adb4-ed73-43e6-a8a1-911473624dfd/none_v3" "tx34259ebe8b804b5da1769-0069258154" "proxy-server 21" 0.0007 "-" 22 0
Nov 25 10:13:40 standalone proxy-server[125200]: 172.18.0.2 ::1 25/Nov/2025/10/13/40 GET /v1/AUTH_692cf325f9a14224bf157722f8f354f2/gnocchi.0f05adb4-ed73-43e6-a8a1-911473624dfd/none_v3 HTTP/1.0 404 - python-swiftclient-3.11.1 gAAAAABpJYCO3AkK... - 70 - tx34259ebe8b804b5da1769-0069258154 - 0.0265 - - 1764065620.757456541 1764065620.783919334 0
Nov 25 10:13:40 standalone account-server[123119]: 172.20.0.100 - - [25/Nov/2025:10:13:40 +0000] "PUT /d1/565/AUTH_692cf325f9a14224bf157722f8f354f2/gnocchi.0f05adb4-ed73-43e6-a8a1-911473624dfd" 201 - "PUT http://172.20.0.100:6001/d1/927/AUTH_692cf325f9a14224bf157722f8f354f2/gnocchi.0f05adb4-ed73-43e6-a8a1-911473624dfd" "txa3d4f809b90c4e338401c-0069258154" "container-server 17" 0.0013 "-" 20 0
Nov 25 10:13:40 standalone container-server[122995]: 172.20.0.100 - - [25/Nov/2025:10:13:40 +0000] "PUT /d1/927/AUTH_692cf325f9a14224bf157722f8f354f2/gnocchi.0f05adb4-ed73-43e6-a8a1-911473624dfd" 201 - "PUT http://localhost:8080/v1/AUTH_692cf325f9a14224bf157722f8f354f2/gnocchi.0f05adb4-ed73-43e6-a8a1-911473624dfd" "txa3d4f809b90c4e338401c-0069258154" "proxy-server 21" 0.0118 "-" 17 0
Nov 25 10:13:40 standalone proxy-server[125200]: 172.18.0.2 ::1 25/Nov/2025/10/13/40 PUT /v1/AUTH_692cf325f9a14224bf157722f8f354f2/gnocchi.0f05adb4-ed73-43e6-a8a1-911473624dfd HTTP/1.0 201 - python-swiftclient-3.11.1 gAAAAABpJYCO3AkK... - - - txa3d4f809b90c4e338401c-0069258154 - 0.0159 - - 1764065620.788058519 1764065620.803995848 0
Nov 25 10:13:40 standalone container-server[122961]: 172.20.0.100 - - [25/Nov/2025:10:13:40 +0000] "HEAD /d1/927/AUTH_692cf325f9a14224bf157722f8f354f2/gnocchi.0f05adb4-ed73-43e6-a8a1-911473624dfd" 204 - "HEAD http://localhost:8080/v1/AUTH_692cf325f9a14224bf157722f8f354f2/gnocchi.0f05adb4-ed73-43e6-a8a1-911473624dfd?format=json&states=listing" "tx45f625f5693f4fb693261-0069258154" "proxy-server 21" 0.0011 "-" 14 0
Nov 25 10:13:40 standalone proxy-server[125200]: - - 25/Nov/2025/10/13/40 HEAD /v1/AUTH_692cf325f9a14224bf157722f8f354f2/gnocchi.0f05adb4-ed73-43e6-a8a1-911473624dfd%3Fformat%3Djson%26states%3Dlisting HTTP/1.0 204 - Swift - - - - tx45f625f5693f4fb693261-0069258154 - 0.0041 RL - 1764065620.808452129 1764065620.812581301 0
Nov 25 10:13:40 standalone container-server[122995]: 172.20.0.100 - - [25/Nov/2025:10:13:40 +0000] "GET /d1/927/AUTH_692cf325f9a14224bf157722f8f354f2/gnocchi.0f05adb4-ed73-43e6-a8a1-911473624dfd" 200 2 "GET http://localhost:8080/v1/AUTH_692cf325f9a14224bf157722f8f354f2/gnocchi.0f05adb4-ed73-43e6-a8a1-911473624dfd?format=json&states=listing" "tx45f625f5693f4fb693261-0069258154" "proxy-server 21" 0.0031 "-" 17 0
Nov 25 10:13:40 standalone proxy-server[125200]: 172.18.0.2 ::1 25/Nov/2025/10/13/40 GET /v1/AUTH_692cf325f9a14224bf157722f8f354f2/gnocchi.0f05adb4-ed73-43e6-a8a1-911473624dfd%3Fformat%3Djson%26states%3Dlisting HTTP/1.0 200 - python-swiftclient-3.11.1 gAAAAABpJYCO3AkK... - 2 - tx45f625f5693f4fb693261-0069258154 - 0.0131 - - 1764065620.807420492 1764065620.820548773 0
Nov 25 10:13:40 standalone object-server[123263]: 172.20.0.100 - - [25/Nov/2025:10:13:40 +0000] "GET /d1/1012/AUTH_692cf325f9a14224bf157722f8f354f2/gnocchi.0f05adb4-ed73-43e6-a8a1-911473624dfd/1763640000.0_mean_300.0_v3" 404 70 "GET http://localhost:8080/v1/AUTH_692cf325f9a14224bf157722f8f354f2/gnocchi.0f05adb4-ed73-43e6-a8a1-911473624dfd/1763640000.0_mean_300.0_v3" "txcab1cf657c344f5685b31-0069258154" "proxy-server 21" 0.0003 "-" 22 0
Nov 25 10:13:40 standalone proxy-server[125200]: 172.18.0.2 ::1 25/Nov/2025/10/13/40 GET /v1/AUTH_692cf325f9a14224bf157722f8f354f2/gnocchi.0f05adb4-ed73-43e6-a8a1-911473624dfd/1763640000.0_mean_300.0_v3 HTTP/1.0 404 - python-swiftclient-3.11.1 gAAAAABpJYCO3AkK... - 70 - txcab1cf657c344f5685b31-0069258154 - 0.0047 - - 1764065620.824090481 1764065620.828827858 0
Nov 25 10:13:40 standalone container-server[122984]: 172.20.0.100 - - [25/Nov/2025:10:13:40 +0000] "PUT /d1/927/AUTH_692cf325f9a14224bf157722f8f354f2/gnocchi.0f05adb4-ed73-43e6-a8a1-911473624dfd/1763640000.0_mean_300.0_v3" 201 - "PUT http://localhost:8080/d1/1012/AUTH_692cf325f9a14224bf157722f8f354f2/gnocchi.0f05adb4-ed73-43e6-a8a1-911473624dfd/1763640000.0_mean_300.0_v3" "txbbe90aa42a1a49ed9e9d0-0069258154" "object-server 24" 0.0005 "-" 16 0
Nov 25 10:13:40 standalone object-server[123266]: 172.20.0.100 - - [25/Nov/2025:10:13:40 +0000] "PUT /d1/1012/AUTH_692cf325f9a14224bf157722f8f354f2/gnocchi.0f05adb4-ed73-43e6-a8a1-911473624dfd/1763640000.0_mean_300.0_v3" 201 - "PUT http://localhost:8080/v1/AUTH_692cf325f9a14224bf157722f8f354f2/gnocchi.0f05adb4-ed73-43e6-a8a1-911473624dfd/1763640000.0_mean_300.0_v3" "txbbe90aa42a1a49ed9e9d0-0069258154" "proxy-server 21" 0.0106 "-" 24 0
Nov 25 10:13:40 standalone proxy-server[125200]: 172.18.0.2 ::1 25/Nov/2025/10/13/40 PUT /v1/AUTH_692cf325f9a14224bf157722f8f354f2/gnocchi.0f05adb4-ed73-43e6-a8a1-911473624dfd/1763640000.0_mean_300.0_v3 HTTP/1.0 201 - python-swiftclient-3.11.1 gAAAAABpJYCO3AkK... 16 - - txbbe90aa42a1a49ed9e9d0-0069258154 - 0.0149 - - 1764065620.831731558 1764065620.846678972 0
Nov 25 10:13:40 standalone container-server[122969]: 172.20.0.100 - - [25/Nov/2025:10:13:40 +0000] "PUT /d1/927/AUTH_692cf325f9a14224bf157722f8f354f2/gnocchi.0f05adb4-ed73-43e6-a8a1-911473624dfd/none_v3" 201 - "PUT http://localhost:8080/d1/369/AUTH_692cf325f9a14224bf157722f8f354f2/gnocchi.0f05adb4-ed73-43e6-a8a1-911473624dfd/none_v3" "tx6761b3e94aab4de3ae814-0069258154" "object-server 22" 0.0005 "-" 15 0
Nov 25 10:13:40 standalone object-server[123263]: 172.20.0.100 - - [25/Nov/2025:10:13:40 +0000] "PUT /d1/369/AUTH_692cf325f9a14224bf157722f8f354f2/gnocchi.0f05adb4-ed73-43e6-a8a1-911473624dfd/none_v3" 201 - "PUT http://localhost:8080/v1/AUTH_692cf325f9a14224bf157722f8f354f2/gnocchi.0f05adb4-ed73-43e6-a8a1-911473624dfd/none_v3" "tx6761b3e94aab4de3ae814-0069258154" "proxy-server 21" 0.0070 "-" 22 0
Nov 25 10:13:40 standalone proxy-server[125200]: 172.18.0.2 ::1 25/Nov/2025/10/13/40 PUT /v1/AUTH_692cf325f9a14224bf157722f8f354f2/gnocchi.0f05adb4-ed73-43e6-a8a1-911473624dfd/none_v3 HTTP/1.0 201 - python-swiftclient-3.11.1 gAAAAABpJYCO3AkK... 22 - - tx6761b3e94aab4de3ae814-0069258154 - 0.0117 - - 1764065620.849566936 1764065620.861315012 0
Nov 25 10:13:40 standalone container-server[122969]: 172.20.0.100 - - [25/Nov/2025:10:13:40 +0000] "HEAD /d1/157/AUTH_692cf325f9a14224bf157722f8f354f2/gnocchi.e6baaa52-f035-4599-bbe8-ff7795f6d08c" 404 - "HEAD http://localhost:8080/v1/AUTH_692cf325f9a14224bf157722f8f354f2/gnocchi.e6baaa52-f035-4599-bbe8-ff7795f6d08c?format=json&states=listing" "tx4aef21d0b773492f9da57-0069258154" "proxy-server 21" 0.0003 "-" 15 0
Nov 25 10:13:40 standalone object-server[123263]: 172.20.0.100 - - [25/Nov/2025:10:13:40 +0000] "GET /d1/472/AUTH_692cf325f9a14224bf157722f8f354f2/gnocchi.e6baaa52-f035-4599-bbe8-ff7795f6d08c/none_v3" 404 70 "GET http://localhost:8080/v1/AUTH_692cf325f9a14224bf157722f8f354f2/gnocchi.e6baaa52-f035-4599-bbe8-ff7795f6d08c/none_v3" "tx4aef21d0b773492f9da57-0069258154" "proxy-server 21" 0.0003 "-" 22 0
Nov 25 10:13:40 standalone proxy-server[125200]: 172.18.0.2 ::1 25/Nov/2025/10/13/40 GET /v1/AUTH_692cf325f9a14224bf157722f8f354f2/gnocchi.e6baaa52-f035-4599-bbe8-ff7795f6d08c/none_v3 HTTP/1.0 404 - python-swiftclient-3.11.1 gAAAAABpJYCO3AkK... - 70 - tx4aef21d0b773492f9da57-0069258154 - 0.0065 - - 1764065620.871821642 1764065620.878289461 0
Nov 25 10:13:40 standalone account-server[123135]: 172.20.0.100 - - [25/Nov/2025:10:13:40 +0000] "PUT /d1/565/AUTH_692cf325f9a14224bf157722f8f354f2/gnocchi.e6baaa52-f035-4599-bbe8-ff7795f6d08c" 201 - "PUT http://172.20.0.100:6001/d1/157/AUTH_692cf325f9a14224bf157722f8f354f2/gnocchi.e6baaa52-f035-4599-bbe8-ff7795f6d08c" "txc84981e406d44b289c0e5-0069258154" "container-server 14" 0.0051 "-" 23 0
Nov 25 10:13:40 standalone container-server[122961]: 172.20.0.100 - - [25/Nov/2025:10:13:40 +0000] "PUT /d1/157/AUTH_692cf325f9a14224bf157722f8f354f2/gnocchi.e6baaa52-f035-4599-bbe8-ff7795f6d08c" 201 - "PUT http://localhost:8080/v1/AUTH_692cf325f9a14224bf157722f8f354f2/gnocchi.e6baaa52-f035-4599-bbe8-ff7795f6d08c" "txc84981e406d44b289c0e5-0069258154" "proxy-server 21" 0.0119 "-" 14 0
Nov 25 10:13:40 standalone proxy-server[125200]: 172.18.0.2 ::1 25/Nov/2025/10/13/40 PUT /v1/AUTH_692cf325f9a14224bf157722f8f354f2/gnocchi.e6baaa52-f035-4599-bbe8-ff7795f6d08c HTTP/1.0 201 - python-swiftclient-3.11.1 gAAAAABpJYCO3AkK... - - - txc84981e406d44b289c0e5-0069258154 - 0.0161 - - 1764065620.880664110 1764065620.896814108 0
Nov 25 10:13:40 standalone container-server[122969]: 172.20.0.100 - - [25/Nov/2025:10:13:40 +0000] "HEAD /d1/157/AUTH_692cf325f9a14224bf157722f8f354f2/gnocchi.e6baaa52-f035-4599-bbe8-ff7795f6d08c" 204 - "HEAD http://localhost:8080/v1/AUTH_692cf325f9a14224bf157722f8f354f2/gnocchi.e6baaa52-f035-4599-bbe8-ff7795f6d08c?format=json&states=listing" "tx81bd2fe4ed634a52bef95-0069258154" "proxy-server 21" 0.0015 "-" 15 0
Nov 25 10:13:40 standalone proxy-server[125200]: - - 25/Nov/2025/10/13/40 HEAD /v1/AUTH_692cf325f9a14224bf157722f8f354f2/gnocchi.e6baaa52-f035-4599-bbe8-ff7795f6d08c%3Fformat%3Djson%26states%3Dlisting HTTP/1.0 204 - Swift - - - - tx81bd2fe4ed634a52bef95-0069258154 - 0.0054 RL - 1764065620.901816130 1764065620.907207966 0
Nov 25 10:13:40 standalone container-server[122969]: 172.20.0.100 - - [25/Nov/2025:10:13:40 +0000] "GET /d1/157/AUTH_692cf325f9a14224bf157722f8f354f2/gnocchi.e6baaa52-f035-4599-bbe8-ff7795f6d08c" 200 2 "GET http://localhost:8080/v1/AUTH_692cf325f9a14224bf157722f8f354f2/gnocchi.e6baaa52-f035-4599-bbe8-ff7795f6d08c?format=json&states=listing" "tx81bd2fe4ed634a52bef95-0069258154" "proxy-server 21" 0.0021 "-" 15 0
Nov 25 10:13:40 standalone proxy-server[125200]: 172.18.0.2 ::1 25/Nov/2025/10/13/40 GET /v1/AUTH_692cf325f9a14224bf157722f8f354f2/gnocchi.e6baaa52-f035-4599-bbe8-ff7795f6d08c%3Fformat%3Djson%26states%3Dlisting HTTP/1.0 200 - python-swiftclient-3.11.1 gAAAAABpJYCO3AkK... - 2 - tx81bd2fe4ed634a52bef95-0069258154 - 0.0154 - - 1764065620.900485039 1764065620.915917158 0
Nov 25 10:13:40 standalone object-server[123266]: 172.20.0.100 - - [25/Nov/2025:10:13:40 +0000] "GET /d1/867/AUTH_692cf325f9a14224bf157722f8f354f2/gnocchi.e6baaa52-f035-4599-bbe8-ff7795f6d08c/1763640000.0_mean_300.0_v3" 404 70 "GET http://localhost:8080/v1/AUTH_692cf325f9a14224bf157722f8f354f2/gnocchi.e6baaa52-f035-4599-bbe8-ff7795f6d08c/1763640000.0_mean_300.0_v3" "txf2df8b4656b2441b8de3b-0069258154" "proxy-server 21" 0.0009 "-" 24 0
Nov 25 10:13:40 standalone proxy-server[125200]: 172.18.0.2 ::1 25/Nov/2025/10/13/40 GET /v1/AUTH_692cf325f9a14224bf157722f8f354f2/gnocchi.e6baaa52-f035-4599-bbe8-ff7795f6d08c/1763640000.0_mean_300.0_v3 HTTP/1.0 404 - python-swiftclient-3.11.1 gAAAAABpJYCO3AkK... - 70 - txf2df8b4656b2441b8de3b-0069258154 - 0.0065 - - 1764065620.919560909 1764065620.926097631 0
Nov 25 10:13:40 standalone container-server[122995]: 172.20.0.100 - - [25/Nov/2025:10:13:40 +0000] "PUT /d1/157/AUTH_692cf325f9a14224bf157722f8f354f2/gnocchi.e6baaa52-f035-4599-bbe8-ff7795f6d08c/1763640000.0_mean_300.0_v3" 201 - "PUT http://localhost:8080/d1/867/AUTH_692cf325f9a14224bf157722f8f354f2/gnocchi.e6baaa52-f035-4599-bbe8-ff7795f6d08c/1763640000.0_mean_300.0_v3" "tx41fda931f6cd46888baf1-0069258154" "object-server 25" 0.0008 "-" 17 0
Nov 25 10:13:40 standalone object-server[123267]: 172.20.0.100 - - [25/Nov/2025:10:13:40 +0000] "PUT /d1/867/AUTH_692cf325f9a14224bf157722f8f354f2/gnocchi.e6baaa52-f035-4599-bbe8-ff7795f6d08c/1763640000.0_mean_300.0_v3" 201 - "PUT http://localhost:8080/v1/AUTH_692cf325f9a14224bf157722f8f354f2/gnocchi.e6baaa52-f035-4599-bbe8-ff7795f6d08c/1763640000.0_mean_300.0_v3" "tx41fda931f6cd46888baf1-0069258154" "proxy-server 21" 0.0075 "-" 25 0
Nov 25 10:13:40 standalone proxy-server[125200]: 172.18.0.2 ::1 25/Nov/2025/10/13/40 PUT /v1/AUTH_692cf325f9a14224bf157722f8f354f2/gnocchi.e6baaa52-f035-4599-bbe8-ff7795f6d08c/1763640000.0_mean_300.0_v3 HTTP/1.0 201 - python-swiftclient-3.11.1 gAAAAABpJYCO3AkK... 16 - - tx41fda931f6cd46888baf1-0069258154 - 0.0127 - - 1764065620.928256273 1764065620.940994740 0
Nov 25 10:13:40 standalone container-server[122984]: 172.20.0.100 - - [25/Nov/2025:10:13:40 +0000] "PUT /d1/157/AUTH_692cf325f9a14224bf157722f8f354f2/gnocchi.e6baaa52-f035-4599-bbe8-ff7795f6d08c/none_v3" 201 - "PUT http://localhost:8080/d1/472/AUTH_692cf325f9a14224bf157722f8f354f2/gnocchi.e6baaa52-f035-4599-bbe8-ff7795f6d08c/none_v3" "tx2a0e35207be14d5ca438a-0069258154" "object-server 23" 0.0005 "-" 16 0
Nov 25 10:13:40 standalone object-server[123264]: 172.20.0.100 - - [25/Nov/2025:10:13:40 +0000] "PUT /d1/472/AUTH_692cf325f9a14224bf157722f8f354f2/gnocchi.e6baaa52-f035-4599-bbe8-ff7795f6d08c/none_v3" 201 - "PUT http://localhost:8080/v1/AUTH_692cf325f9a14224bf157722f8f354f2/gnocchi.e6baaa52-f035-4599-bbe8-ff7795f6d08c/none_v3" "tx2a0e35207be14d5ca438a-0069258154" "proxy-server 21" 0.0111 "-" 23 0
