Nov 25 10:13:42 standalone object-server[123264]: 172.20.0.100 - - [25/Nov/2025:10:13:42 +0000] "GET /d1/78/AUTH_692cf325f9a14224bf157722f8f354f2/gnocchi.7457deba-fbf5-4c2d-964e-a357d9a047cc/none_v3" 404 70 "GET http://localhost:8080/v1/AUTH_692cf325f9a14224bf157722f8f354f2/gnocchi.7457deba-fbf5-4c2d-964e-a357d9a047cc/none_v3" "tx01751e877cdf449885a24-0069258155" "proxy-server 21" 0.0005 "-" 23 0
Nov 25 10:13:42 standalone proxy-server[125200]: 172.18.0.2 ::1 25/Nov/2025/10/13/42 GET /v1/AUTH_692cf325f9a14224bf157722f8f354f2/gnocchi.7457deba-fbf5-4c2d-964e-a357d9a047cc/none_v3 HTTP/1.0 404 - python-swiftclient-3.11.1 gAAAAABpJYCO3AkK... - 70 - tx01751e877cdf449885a24-0069258155 - 0.0144 - - 1764065621.990772009 1764065622.005143404 0
Nov 25 10:13:42 standalone account-server[123135]: 172.20.0.100 - - [25/Nov/2025:10:13:42 +0000] "PUT /d1/565/AUTH_692cf325f9a14224bf157722f8f354f2/gnocchi.7457deba-fbf5-4c2d-964e-a357d9a047cc" 201 - "PUT http://172.20.0.100:6001/d1/506/AUTH_692cf325f9a14224bf157722f8f354f2/gnocchi.7457deba-fbf5-4c2d-964e-a357d9a047cc" "tx2907b920e5d74f71ade4a-0069258156" "container-server 14" 0.0042 "-" 23 0
Nov 25 10:13:42 standalone container-server[122961]: 172.20.0.100 - - [25/Nov/2025:10:13:42 +0000] "PUT /d1/506/AUTH_692cf325f9a14224bf157722f8f354f2/gnocchi.7457deba-fbf5-4c2d-964e-a357d9a047cc" 201 - "PUT http://localhost:8080/v1/AUTH_692cf325f9a14224bf157722f8f354f2/gnocchi.7457deba-fbf5-4c2d-964e-a357d9a047cc" "tx2907b920e5d74f71ade4a-0069258156" "proxy-server 21" 0.0142 "-" 14 0
Nov 25 10:13:42 standalone proxy-server[125200]: 172.18.0.2 ::1 25/Nov/2025/10/13/42 PUT /v1/AUTH_692cf325f9a14224bf157722f8f354f2/gnocchi.7457deba-fbf5-4c2d-964e-a357d9a047cc HTTP/1.0 201 - python-swiftclient-3.11.1 gAAAAABpJYCO3AkK... - - - tx2907b920e5d74f71ade4a-0069258156 - 0.0212 - - 1764065622.010141134 1764065622.031342506 0
Nov 25 10:13:42 standalone container-server[122961]: 172.20.0.100 - - [25/Nov/2025:10:13:42 +0000] "HEAD /d1/506/AUTH_692cf325f9a14224bf157722f8f354f2/gnocchi.7457deba-fbf5-4c2d-964e-a357d9a047cc" 204 - "HEAD http://localhost:8080/v1/AUTH_692cf325f9a14224bf157722f8f354f2/gnocchi.7457deba-fbf5-4c2d-964e-a357d9a047cc?format=json&states=listing" "tx3cdfc3ca3ace4756ba89f-0069258156" "proxy-server 21" 0.0012 "-" 14 0
Nov 25 10:13:42 standalone proxy-server[125200]: - - 25/Nov/2025/10/13/42 HEAD /v1/AUTH_692cf325f9a14224bf157722f8f354f2/gnocchi.7457deba-fbf5-4c2d-964e-a357d9a047cc%3Fformat%3Djson%26states%3Dlisting HTTP/1.0 204 - Swift - - - - tx3cdfc3ca3ace4756ba89f-0069258156 - 0.0056 RL - 1764065622.037232876 1764065622.042826176 0
Nov 25 10:13:42 standalone container-server[122995]: 172.20.0.100 - - [25/Nov/2025:10:13:42 +0000] "GET /d1/506/AUTH_692cf325f9a14224bf157722f8f354f2/gnocchi.7457deba-fbf5-4c2d-964e-a357d9a047cc" 200 2 "GET http://localhost:8080/v1/AUTH_692cf325f9a14224bf157722f8f354f2/gnocchi.7457deba-fbf5-4c2d-964e-a357d9a047cc?format=json&states=listing" "tx3cdfc3ca3ace4756ba89f-0069258156" "proxy-server 21" 0.0017 "-" 17 0
Nov 25 10:13:42 standalone proxy-server[125200]: 172.18.0.2 ::1 25/Nov/2025/10/13/42 GET /v1/AUTH_692cf325f9a14224bf157722f8f354f2/gnocchi.7457deba-fbf5-4c2d-964e-a357d9a047cc%3Fformat%3Djson%26states%3Dlisting HTTP/1.0 200 - python-swiftclient-3.11.1 gAAAAABpJYCO3AkK... - 2 - tx3cdfc3ca3ace4756ba89f-0069258156 - 0.0177 - - 1764065622.035617828 1764065622.053345442 0
Nov 25 10:13:42 standalone object-server[123266]: 172.20.0.100 - - [25/Nov/2025:10:13:42 +0000] "GET /d1/680/AUTH_692cf325f9a14224bf157722f8f354f2/gnocchi.7457deba-fbf5-4c2d-964e-a357d9a047cc/1763640000.0_mean_300.0_v3" 404 70 "GET http://localhost:8080/v1/AUTH_692cf325f9a14224bf157722f8f354f2/gnocchi.7457deba-fbf5-4c2d-964e-a357d9a047cc/1763640000.0_mean_300.0_v3" "txce58d82339894903a887a-0069258156" "proxy-server 21" 0.0005 "-" 24 0
Nov 25 10:13:42 standalone proxy-server[125200]: 172.18.0.2 ::1 25/Nov/2025/10/13/42 GET /v1/AUTH_692cf325f9a14224bf157722f8f354f2/gnocchi.7457deba-fbf5-4c2d-964e-a357d9a047cc/1763640000.0_mean_300.0_v3 HTTP/1.0 404 - python-swiftclient-3.11.1 gAAAAABpJYCO3AkK... - 70 - txce58d82339894903a887a-0069258156 - 0.0099 - - 1764065622.057937384 1764065622.067819357 0
Nov 25 10:13:42 standalone container-server[122984]: 172.20.0.100 - - [25/Nov/2025:10:13:42 +0000] "PUT /d1/506/AUTH_692cf325f9a14224bf157722f8f354f2/gnocchi.7457deba-fbf5-4c2d-964e-a357d9a047cc/1763640000.0_mean_300.0_v3" 201 - "PUT http://localhost:8080/d1/680/AUTH_692cf325f9a14224bf157722f8f354f2/gnocchi.7457deba-fbf5-4c2d-964e-a357d9a047cc/1763640000.0_mean_300.0_v3" "txd20e6c8c4fa540668357b-0069258156" "object-server 25" 0.0006 "-" 16 0
Nov 25 10:13:42 standalone object-server[123267]: 172.20.0.100 - - [25/Nov/2025:10:13:42 +0000] "PUT /d1/680/AUTH_692cf325f9a14224bf157722f8f354f2/gnocchi.7457deba-fbf5-4c2d-964e-a357d9a047cc/1763640000.0_mean_300.0_v3" 201 - "PUT http://localhost:8080/v1/AUTH_692cf325f9a14224bf157722f8f354f2/gnocchi.7457deba-fbf5-4c2d-964e-a357d9a047cc/1763640000.0_mean_300.0_v3" "txd20e6c8c4fa540668357b-0069258156" "proxy-server 21" 0.0087 "-" 25 0
Nov 25 10:13:42 standalone proxy-server[125200]: 172.18.0.2 ::1 25/Nov/2025/10/13/42 PUT /v1/AUTH_692cf325f9a14224bf157722f8f354f2/gnocchi.7457deba-fbf5-4c2d-964e-a357d9a047cc/1763640000.0_mean_300.0_v3 HTTP/1.0 201 - python-swiftclient-3.11.1 gAAAAABpJYCO3AkK... 16 - - txd20e6c8c4fa540668357b-0069258156 - 0.0163 - - 1764065622.071693897 1764065622.088013887 0
Nov 25 10:13:42 standalone container-server[122969]: 172.20.0.100 - - [25/Nov/2025:10:13:42 +0000] "PUT /d1/506/AUTH_692cf325f9a14224bf157722f8f354f2/gnocchi.7457deba-fbf5-4c2d-964e-a357d9a047cc/none_v3" 201 - "PUT http://localhost:8080/d1/78/AUTH_692cf325f9a14224bf157722f8f354f2/gnocchi.7457deba-fbf5-4c2d-964e-a357d9a047cc/none_v3" "tx9c9c27be6add451a9b3c8-0069258156" "object-server 23" 0.0005 "-" 15 0
Nov 25 10:13:42 standalone object-server[123264]: 172.20.0.100 - - [25/Nov/2025:10:13:42 +0000] "PUT /d1/78/AUTH_692cf325f9a14224bf157722f8f354f2/gnocchi.7457deba-fbf5-4c2d-964e-a357d9a047cc/none_v3" 201 - "PUT http://localhost:8080/v1/AUTH_692cf325f9a14224bf157722f8f354f2/gnocchi.7457deba-fbf5-4c2d-964e-a357d9a047cc/none_v3" "tx9c9c27be6add451a9b3c8-0069258156" "proxy-server 21" 0.0131 "-" 23 0
Nov 25 10:13:42 standalone proxy-server[125200]: 172.18.0.2 ::1 25/Nov/2025/10/13/42 PUT /v1/AUTH_692cf325f9a14224bf157722f8f354f2/gnocchi.7457deba-fbf5-4c2d-964e-a357d9a047cc/none_v3 HTTP/1.0 201 - python-swiftclient-3.11.1 gAAAAABpJYCO3AkK... 22 - - tx9c9c27be6add451a9b3c8-0069258156 - 0.0226 - - 1764065622.091569424 1764065622.114164591 0
Nov 25 10:13:42 standalone container-server[122961]: 172.20.0.100 - - [25/Nov/2025:10:13:42 +0000] "HEAD /d1/10/AUTH_692cf325f9a14224bf157722f8f354f2/gnocchi.6243af05-81c3-41ba-98e0-721b128ee967" 404 - "HEAD http://localhost:8080/v1/AUTH_692cf325f9a14224bf157722f8f354f2/gnocchi.6243af05-81c3-41ba-98e0-721b128ee967?format=json&states=listing" "tx93ce0d57e5c04c259fd2d-0069258156" "proxy-server 21" 0.0005 "-" 14 0
Nov 25 10:13:42 standalone object-server[123267]: 172.20.0.100 - - [25/Nov/2025:10:13:42 +0000] "GET /d1/175/AUTH_692cf325f9a14224bf157722f8f354f2/gnocchi.6243af05-81c3-41ba-98e0-721b128ee967/none_v3" 404 70 "GET http://localhost:8080/v1/AUTH_692cf325f9a14224bf157722f8f354f2/gnocchi.6243af05-81c3-41ba-98e0-721b128ee967/none_v3" "tx93ce0d57e5c04c259fd2d-0069258156" "proxy-server 21" 0.0004 "-" 25 0
Nov 25 10:13:42 standalone proxy-server[125200]: 172.18.0.2 ::1 25/Nov/2025/10/13/42 GET /v1/AUTH_692cf325f9a14224bf157722f8f354f2/gnocchi.6243af05-81c3-41ba-98e0-721b128ee967/none_v3 HTTP/1.0 404 - python-swiftclient-3.11.1 gAAAAABpJYCO3AkK... - 70 - tx93ce0d57e5c04c259fd2d-0069258156 - 0.0126 - - 1764065622.124848366 1764065622.137478113 0
Nov 25 10:13:42 standalone account-server[123134]: 172.20.0.100 - - [25/Nov/2025:10:13:42 +0000] "PUT /d1/565/AUTH_692cf325f9a14224bf157722f8f354f2/gnocchi.6243af05-81c3-41ba-98e0-721b128ee967" 201 - "PUT http://172.20.0.100:6001/d1/10/AUTH_692cf325f9a14224bf157722f8f354f2/gnocchi.6243af05-81c3-41ba-98e0-721b128ee967" "tx7528bd39eb894a59b90c4-0069258156" "container-server 14" 0.0065 "-" 22 0
Nov 25 10:13:42 standalone container-server[122961]: 172.20.0.100 - - [25/Nov/2025:10:13:42 +0000] "PUT /d1/10/AUTH_692cf325f9a14224bf157722f8f354f2/gnocchi.6243af05-81c3-41ba-98e0-721b128ee967" 201 - "PUT http://localhost:8080/v1/AUTH_692cf325f9a14224bf157722f8f354f2/gnocchi.6243af05-81c3-41ba-98e0-721b128ee967" "tx7528bd39eb894a59b90c4-0069258156" "proxy-server 21" 0.0195 "-" 14 0
Nov 25 10:13:42 standalone proxy-server[125200]: 172.18.0.2 ::1 25/Nov/2025/10/13/42 PUT /v1/AUTH_692cf325f9a14224bf157722f8f354f2/gnocchi.6243af05-81c3-41ba-98e0-721b128ee967 HTTP/1.0 201 - python-swiftclient-3.11.1 gAAAAABpJYCO3AkK... - - - tx7528bd39eb894a59b90c4-0069258156 - 0.0286 - - 1764065622.140946388 1764065622.169555902 0
Nov 25 10:13:42 standalone container-server[122961]: 172.20.0.100 - - [25/Nov/2025:10:13:42 +0000] "HEAD /d1/10/AUTH_692cf325f9a14224bf157722f8f354f2/gnocchi.6243af05-81c3-41ba-98e0-721b128ee967" 204 - "HEAD http://localhost:8080/v1/AUTH_692cf325f9a14224bf157722f8f354f2/gnocchi.6243af05-81c3-41ba-98e0-721b128ee967?format=json&states=listing" "tx403366eeb73f4bc4ade2c-0069258156" "proxy-server 21" 0.0015 "-" 14 0
Nov 25 10:13:42 standalone proxy-server[125200]: - - 25/Nov/2025/10/13/42 HEAD /v1/AUTH_692cf325f9a14224bf157722f8f354f2/gnocchi.6243af05-81c3-41ba-98e0-721b128ee967%3Fformat%3Djson%26states%3Dlisting HTTP/1.0 204 - Swift - - - - tx403366eeb73f4bc4ade2c-0069258156 - 0.0082 RL - 1764065622.179289341 1764065622.187473059 0
Nov 25 10:13:42 standalone container-server[122984]: 172.20.0.100 - - [25/Nov/2025:10:13:42 +0000] "GET /d1/10/AUTH_692cf325f9a14224bf157722f8f354f2/gnocchi.6243af05-81c3-41ba-98e0-721b128ee967" 200 2 "GET http://localhost:8080/v1/AUTH_692cf325f9a14224bf157722f8f354f2/gnocchi.6243af05-81c3-41ba-98e0-721b128ee967?format=json&states=listing" "tx403366eeb73f4bc4ade2c-0069258156" "proxy-server 21" 0.0022 "-" 16 0
Nov 25 10:13:42 standalone proxy-server[125200]: 172.18.0.2 ::1 25/Nov/2025/10/13/42 GET /v1/AUTH_692cf325f9a14224bf157722f8f354f2/gnocchi.6243af05-81c3-41ba-98e0-721b128ee967%3Fformat%3Djson%26states%3Dlisting HTTP/1.0 200 - python-swiftclient-3.11.1 gAAAAABpJYCO3AkK... - 2 - tx403366eeb73f4bc4ade2c-0069258156 - 0.0228 - - 1764065622.175982952 1764065622.198755264 0
Nov 25 10:13:42 standalone object-server[123266]: 172.20.0.100 - - [25/Nov/2025:10:13:42 +0000] "GET /d1/863/AUTH_692cf325f9a14224bf157722f8f354f2/gnocchi.6243af05-81c3-41ba-98e0-721b128ee967/1763640000.0_mean_300.0_v3" 404 70 "GET http://localhost:8080/v1/AUTH_692cf325f9a14224bf157722f8f354f2/gnocchi.6243af05-81c3-41ba-98e0-721b128ee967/1763640000.0_mean_300.0_v3" "tx5db468c8e96a4e7c8803b-0069258156" "proxy-server 21" 0.0005 "-" 24 0
Nov 25 10:13:42 standalone proxy-server[125200]: 172.18.0.2 ::1 25/Nov/2025/10/13/42 GET /v1/AUTH_692cf325f9a14224bf157722f8f354f2/gnocchi.6243af05-81c3-41ba-98e0-721b128ee967/1763640000.0_mean_300.0_v3 HTTP/1.0 404 - python-swiftclient-3.11.1 gAAAAABpJYCO3AkK... - 70 - tx5db468c8e96a4e7c8803b-0069258156 - 0.0090 - - 1764065622.203802347 1764065622.212828159 0
Nov 25 10:13:42 standalone container-server[122995]: 172.20.0.100 - - [25/Nov/2025:10:13:42 +0000] "PUT /d1/10/AUTH_692cf325f9a14224bf157722f8f354f2/gnocchi.6243af05-81c3-41ba-98e0-721b128ee967/1763640000.0_mean_300.0_v3" 201 - "PUT http://localhost:8080/d1/863/AUTH_692cf325f9a14224bf157722f8f354f2/gnocchi.6243af05-81c3-41ba-98e0-721b128ee967/1763640000.0_mean_300.0_v3" "txc99303c5098b417c856af-0069258156" "object-server 23" 0.0006 "-" 17 0
Nov 25 10:13:42 standalone object-server[123264]: 172.20.0.100 - - [25/Nov/2025:10:13:42 +0000] "PUT /d1/863/AUTH_692cf325f9a14224bf157722f8f354f2/gnocchi.6243af05-81c3-41ba-98e0-721b128ee967/1763640000.0_mean_300.0_v3" 201 - "PUT http://localhost:8080/v1/AUTH_692cf325f9a14224bf157722f8f354f2/gnocchi.6243af05-81c3-41ba-98e0-721b128ee967/1763640000.0_mean_300.0_v3" "txc99303c5098b417c856af-0069258156" "proxy-server 21" 0.0115 "-" 23 0
Nov 25 10:13:42 standalone proxy-server[125200]: 172.18.0.2 ::1 25/Nov/2025/10/13/42 PUT /v1/AUTH_692cf325f9a14224bf157722f8f354f2/gnocchi.6243af05-81c3-41ba-98e0-721b128ee967/1763640000.0_mean_300.0_v3 HTTP/1.0 201 - python-swiftclient-3.11.1 gAAAAABpJYCO3AkK... 16 - - txc99303c5098b417c856af-0069258156 - 0.0203 - - 1764065622.217564583 1764065622.237897158 0
Nov 25 10:13:42 standalone container-server[122995]: 172.20.0.100 - - [25/Nov/2025:10:13:42 +0000] "PUT /d1/10/AUTH_692cf325f9a14224bf157722f8f354f2/gnocchi.6243af05-81c3-41ba-98e0-721b128ee967/none_v3" 201 - "PUT http://localhost:8080/d1/175/AUTH_692cf325f9a14224bf157722f8f354f2/gnocchi.6243af05-81c3-41ba-98e0-721b128ee967/none_v3" "txdc631f73672e496ea9d2c-0069258156" "object-server 25" 0.0005 "-" 17 0
Nov 25 10:13:42 standalone object-server[123267]: 172.20.0.100 - - [25/Nov/2025:10:13:42 +0000] "PUT /d1/175/AUTH_692cf325f9a14224bf157722f8f354f2/gnocchi.6243af05-81c3-41ba-98e0-721b128ee967/none_v3" 201 - "PUT http://localhost:8080/v1/AUTH_692cf325f9a14224bf157722f8f354f2/gnocchi.6243af05-81c3-41ba-98e0-721b128ee967/none_v3" "txdc631f73672e496ea9d2c-0069258156" "proxy-server 21" 0.0095 "-" 25 0
Nov 25 10:13:42 standalone proxy-server[125200]: 172.18.0.2 ::1 25/Nov/2025/10/13/42 PUT /v1/AUTH_692cf325f9a14224bf157722f8f354f2/gnocchi.6243af05-81c3-41ba-98e0-721b128ee967/none_v3 HTTP/1.0 201 - python-swiftclient-3.11.1 gAAAAABpJYCO3AkK... 22 - - txdc631f73672e496ea9d2c-0069258156 - 0.0167 - - 1764065622.241797209 1764065622.258482218 0
Nov 25 10:13:42 standalone container-server[122969]: 172.20.0.100 - - [25/Nov/2025:10:13:42 +0000] "HEAD /d1/975/AUTH_692cf325f9a14224bf157722f8f354f2/gnocchi.5023da0f-d5b7-457e-b5be-3a3ddd38abfc" 404 - "HEAD http://localhost:8080/v1/AUTH_692cf325f9a14224bf157722f8f354f2/gnocchi.5023da0f-d5b7-457e-b5be-3a3ddd38abfc?format=json&states=listing" "tx5fa94541efff444c8d594-0069258156" "proxy-server 21" 0.0005 "-" 15 0
Nov 25 10:13:42 standalone object-server[123264]: 172.20.0.100 - - [25/Nov/2025:10:13:42 +0000] "GET /d1/882/AUTH_692cf325f9a14224bf157722f8f354f2/gnocchi.5023da0f-d5b7-457e-b5be-3a3ddd38abfc/none_v3" 404 70 "GET http://localhost:8080/v1/AUTH_692cf325f9a14224bf157722f8f354f2/gnocchi.5023da0f-d5b7-457e-b5be-3a3ddd38abfc/none_v3" "tx5fa94541efff444c8d594-0069258156" "proxy-server 21" 0.0005 "-" 23 0
Nov 25 10:13:42 standalone proxy-server[125200]: 172.18.0.2 ::1 25/Nov/2025/10/13/42 GET /v1/AUTH_692cf325f9a14224bf157722f8f354f2/gnocchi.5023da0f-d5b7-457e-b5be-3a3ddd38abfc/none_v3 HTTP/1.0 404 - python-swiftclient-3.11.1 gAAAAABpJYCO3AkK... - 70 - tx5fa94541efff444c8d594-0069258156 - 0.0136 - - 1764065622.268731117 1764065622.282311916 0
Nov 25 10:13:42 standalone account-server[123119]: 172.20.0.100 - - [25/Nov/2025:10:13:42 +0000] "PUT /d1/565/AUTH_692cf325f9a14224bf157722f8f354f2/gnocchi.5023da0f-d5b7-457e-b5be-3a3ddd38abfc" 201 - "PUT http://172.20.0.100:6001/d1/975/AUTH_692cf325f9a14224bf157722f8f354f2/gnocchi.5023da0f-d5b7-457e-b5be-3a3ddd38abfc" "tx0e31a89ab2c3418d9e55f-0069258156" "container-server 17" 0.0068 "-" 20 0
Nov 25 10:13:42 standalone container-server[122995]: 172.20.0.100 - - [25/Nov/2025:10:13:42 +0000] "PUT /d1/975/AUTH_692cf325f9a14224bf157722f8f354f2/gnocchi.5023da0f-d5b7-457e-b5be-3a3ddd38abfc" 201 - "PUT http://localhost:8080/v1/AUTH_692cf325f9a14224bf157722f8f354f2/gnocchi.5023da0f-d5b7-457e-b5be-3a3ddd38abfc" "tx0e31a89ab2c3418d9e55f-0069258156" "proxy-server 21" 0.0200 "-" 17 0
Nov 25 10:13:42 standalone proxy-server[125200]: 172.18.0.2 ::1 25/Nov/2025/10/13/42 PUT /v1/AUTH_692cf325f9a14224bf157722f8f354f2/gnocchi.5023da0f-d5b7-457e-b5be-3a3ddd38abfc HTTP/1.0 201 - python-swiftclient-3.11.1 gAAAAABpJYCO3AkK... - - - tx0e31a89ab2c3418d9e55f-0069258156 - 0.0271 - - 1764065622.286698580 1764065622.313776016 0
Nov 25 10:13:42 standalone container-server[122984]: 172.20.0.100 - - [25/Nov/2025:10:13:42 +0000] "HEAD /d1/975/AUTH_692cf325f9a14224bf157722f8f354f2/gnocchi.5023da0f-d5b7-457e-b5be-3a3ddd38abfc" 204 - "HEAD http://localhost:8080/v1/AUTH_692cf325f9a14224bf157722f8f354f2/gnocchi.5023da0f-d5b7-457e-b5be-3a3ddd38abfc?format=json&states=listing" "tx653590a0666149b7a4c0f-0069258156" "proxy-server 21" 0.0012 "-" 16 0
Nov 25 10:13:42 standalone proxy-server[125200]: - - 25/Nov/2025/10/13/42 HEAD /v1/AUTH_692cf325f9a14224bf157722f8f354f2/gnocchi.5023da0f-d5b7-457e-b5be-3a3ddd38abfc%3Fformat%3Djson%26states%3Dlisting HTTP/1.0 204 - Swift - - - - tx653590a0666149b7a4c0f-0069258156 - 0.0061 RL - 1764065622.324839830 1764065622.330892801 0
Nov 25 10:13:42 standalone container-server[122969]: 172.20.0.100 - - [25/Nov/2025:10:13:42 +0000] "GET /d1/975/AUTH_692cf325f9a14224bf157722f8f354f2/gnocchi.5023da0f-d5b7-457e-b5be-3a3ddd38abfc" 200 2 "GET http://localhost:8080/v1/AUTH_692cf325f9a14224bf157722f8f354f2/gnocchi.5023da0f-d5b7-457e-b5be-3a3ddd38abfc?format=json&states=listing" "tx653590a0666149b7a4c0f-0069258156" "proxy-server 21" 0.0033 "-" 15 0
Nov 25 10:13:42 standalone proxy-server[125200]: 172.18.0.2 ::1 25/Nov/2025/10/13/42 GET /v1/AUTH_692cf325f9a14224bf157722f8f354f2/gnocchi.5023da0f-d5b7-457e-b5be-3a3ddd38abfc%3Fformat%3Djson%26states%3Dlisting HTTP/1.0 200 - python-swiftclient-3.11.1 gAAAAABpJYCO3AkK... - 2 - tx653590a0666149b7a4c0f-0069258156 - 0.0251 - - 1764065622.319133759 1764065622.344239950 0
Nov 25 10:13:42 standalone object-server[123266]: 172.20.0.100 - - [25/Nov/2025:10:13:42 +0000] "GET /d1/767/AUTH_692cf325f9a14224bf157722f8f354f2/gnocchi.5023da0f-d5b7-457e-b5be-3a3ddd38abfc/1763640000.0_mean_300.0_v3" 404 70 "GET http://localhost:8080/v1/AUTH_692cf325f9a14224bf157722f8f354f2/gnocchi.5023da0f-d5b7-457e-b5be-3a3ddd38abfc/1763640000.0_mean_300.0_v3" "tx566fea847f894e8c9b4fc-0069258156" "proxy-server 21" 0.0005 "-" 24 0
Nov 25 10:13:42 standalone proxy-server[125200]: 172.18.0.2 ::1 25/Nov/2025/10/13/42 GET /v1/AUTH_692cf325f9a14224bf157722f8f354f2/gnocchi.5023da0f-d5b7-457e-b5be-3a3ddd38abfc/1763640000.0_mean_300.0_v3 HTTP/1.0 404 - python-swiftclient-3.11.1 gAAAAABpJYCO3AkK... - 70 - tx566fea847f894e8c9b4fc-0069258156 - 0.0120 - - 1764065622.351880074 1764065622.363877535 0
Nov 25 10:13:42 standalone container-server[122984]: 172.20.0.100 - - [25/Nov/2025:10:13:42 +0000] "PUT /d1/975/AUTH_692cf325f9a14224bf157722f8f354f2/gnocchi.5023da0f-d5b7-457e-b5be-3a3ddd38abfc/1763640000.0_mean_300.0_v3" 201 - "PUT http://localhost:8080/d1/767/AUTH_692cf325f9a14224bf157722f8f354f2/gnocchi.5023da0f-d5b7-457e-b5be-3a3ddd38abfc/1763640000.0_mean_300.0_v3" "txec0cb46986274de79f211-0069258156" "object-server 22" 0.0005 "-" 16 0
Nov 25 10:13:42 standalone object-server[123263]: 172.20.0.100 - - [25/Nov/2025:10:13:42 +0000] "PUT /d1/767/AUTH_692cf325f9a14224bf157722f8f354f2/gnocchi.5023da0f-d5b7-457e-b5be-3a3ddd38abfc/1763640000.0_mean_300.0_v3" 201 - "PUT http://localhost:8080/v1/AUTH_692cf325f9a14224bf157722f8f354f2/gnocchi.5023da0f-d5b7-457e-b5be-3a3ddd38abfc/1763640000.0_mean_300.0_v3" "txec0cb46986274de79f211-0069258156" "proxy-server 21" 0.0111 "-" 22 0
Nov 25 10:13:42 standalone proxy-server[125200]: 172.18.0.2 ::1 25/Nov/2025/10/13/42 PUT /v1/AUTH_692cf325f9a14224bf157722f8f354f2/gnocchi.5023da0f-d5b7-457e-b5be-3a3ddd38abfc/1763640000.0_mean_300.0_v3 HTTP/1.0 201 - python-swiftclient-3.11.1 gAAAAABpJYCO3AkK... 16 - - txec0cb46986274de79f211-0069258156 - 0.0226 - - 1764065622.370922565 1764065622.393546820 0
Nov 25 10:13:42 standalone container-server[122995]: 172.20.0.100 - - [25/Nov/2025:10:13:42 +0000] "PUT /d1/975/AUTH_692cf325f9a14224bf157722f8f354f2/gnocchi.5023da0f-d5b7-457e-b5be-3a3ddd38abfc/none_v3" 201 - "PUT http://localhost:8080/d1/882/AUTH_692cf325f9a14224bf157722f8f354f2/gnocchi.5023da0f-d5b7-457e-b5be-3a3ddd38abfc/none_v3" "tx08592d5be68a43428b69c-0069258156" "object-server 22" 0.0010 "-" 17 0
Nov 25 10:13:42 standalone object-server[123263]: 172.20.0.100 - - [25/Nov/2025:10:13:42 +0000] "PUT /d1/882/AUTH_692cf325f9a14224bf157722f8f354f2/gnocchi.5023da0f-d5b7-457e-b5be-3a3ddd38abfc/none_v3" 201 - "PUT http://localhost:8080/v1/AUTH_692cf325f9a14224bf157722f8f354f2/gnocchi.5023da0f-d5b7-457e-b5be-3a3ddd38abfc/none_v3" "tx08592d5be68a43428b69c-0069258156" "proxy-server 21" 0.0205 "-" 22 0
Nov 25 10:13:42 standalone proxy-server[125200]: 172.18.0.2 ::1 25/Nov/2025/10/13/42 PUT /v1/AUTH_692cf325f9a14224bf157722f8f354f2/gnocchi.5023da0f-d5b7-457e-b5be-3a3ddd38abfc/none_v3 HTTP/1.0 201 - python-swiftclient-3.11.1 gAAAAABpJYCO3AkK... 22 - - tx08592d5be68a43428b69c-0069258156 - 0.0303 - - 1764065622.399029255 1764065622.429347992 0
Nov 25 10:13:42 standalone container-server[122984]: 172.20.0.100 - - [25/Nov/2025:10:13:42 +0000] "HEAD /d1/910/AUTH_692cf325f9a14224bf157722f8f354f2/gnocchi.b9acbed0-7a2e-4caf-a9f7-5921d2d0aead" 404 - "HEAD http://localhost:8080/v1/AUTH_692cf325f9a14224bf157722f8f354f2/gnocchi.b9acbed0-7a2e-4caf-a9f7-5921d2d0aead?format=json&states=listing" "txe39ca03f759c447f9d29b-0069258156" "proxy-server 21" 0.0004 "-" 16 0
Nov 25 10:13:42 standalone object-server[123263]: 172.20.0.100 - - [25/Nov/2025:10:13:42 +0000] "GET /d1/115/AUTH_692cf325f9a14224bf157722f8f354f2/gnocchi.b9acbed0-7a2e-4caf-a9f7-5921d2d0aead/none_v3" 404 70 "GET http://localhost:8080/v1/AUTH_692cf325f9a14224bf157722f8f354f2/gnocchi.b9acbed0-7a2e-4caf-a9f7-5921d2d0aead/none_v3" "txe39ca03f759c447f9d29b-0069258156" "proxy-server 21" 0.0005 "-" 22 0
Nov 25 10:13:42 standalone proxy-server[125200]: 172.18.0.2 ::1 25/Nov/2025/10/13/42 GET /v1/AUTH_692cf325f9a14224bf157722f8f354f2/gnocchi.b9acbed0-7a2e-4caf-a9f7-5921d2d0aead/none_v3 HTTP/1.0 404 - python-swiftclient-3.11.1 gAAAAABpJYCO3AkK... - 70 - txe39ca03f759c447f9d29b-0069258156 - 0.0166 - - 1764065622.451333046 1764065622.467972517 0
Nov 25 10:13:42 standalone account-server[123135]: 172.20.0.100 - - [25/Nov/2025:10:13:42 +0000] "PUT /d1/565/AUTH_692cf325f9a14224bf157722f8f354f2/gnocchi.b9acbed0-7a2e-4caf-a9f7-5921d2d0aead" 201 - "PUT http://172.20.0.100:6001/d1/910/AUTH_692cf325f9a14224bf157722f8f354f2/gnocchi.b9acbed0-7a2e-4caf-a9f7-5921d2d0aead" "tx27564d2de2be43fcb25ca-0069258156" "container-server 15" 0.0044 "-" 23 0
Nov 25 10:13:42 standalone container-server[122969]: 172.20.0.100 - - [25/Nov/2025:10:13:42 +0000] "PUT /d1/910/AUTH_692cf325f9a14224bf157722f8f354f2/gnocchi.b9acbed0-7a2e-4caf-a9f7-5921d2d0aead" 201 - "PUT http://localhost:8080/v1/AUTH_692cf325f9a14224bf157722f8f354f2/gnocchi.b9acbed0-7a2e-4caf-a9f7-5921d2d0aead" "tx27564d2de2be43fcb25ca-0069258156" "proxy-server 21" 0.0210 "-" 15 0
Nov 25 10:13:42 standalone proxy-server[125200]: 172.18.0.2 ::1 25/Nov/2025/10/13/42 PUT /v1/AUTH_692cf325f9a14224bf157722f8f354f2/gnocchi.b9acbed0-7a2e-4caf-a9f7-5921d2d0aead HTTP/1.0 201 - python-swiftclient-3.11.1 gAAAAABpJYCO3AkK... - - - tx27564d2de2be43fcb25ca-0069258156 - 0.0313 - - 1764065622.474914551 1764065622.506259918 0
Nov 25 10:13:42 standalone container-server[122961]: 172.20.0.100 - - [25/Nov/2025:10:13:42 +0000] "HEAD /d1/910/AUTH_692cf325f9a14224bf157722f8f354f2/gnocchi.b9acbed0-7a2e-4caf-a9f7-5921d2d0aead" 204 - "HEAD http://localhost:8080/v1/AUTH_692cf325f9a14224bf157722f8f354f2/gnocchi.b9acbed0-7a2e-4caf-a9f7-5921d2d0aead?format=json&states=listing" "tx8b831d6daef34414b39d8-0069258156" "proxy-server 21" 0.0018 "-" 14 0
Nov 25 10:13:42 standalone proxy-server[125200]: - - 25/Nov/2025/10/13/42 HEAD /v1/AUTH_692cf325f9a14224bf157722f8f354f2/gnocchi.b9acbed0-7a2e-4caf-a9f7-5921d2d0aead%3Fformat%3Djson%26states%3Dlisting HTTP/1.0 204 - Swift - - - - tx8b831d6daef34414b39d8-0069258156 - 0.0062 RL - 1764065622.513081551 1764065622.519321442 0
Nov 25 10:13:42 standalone container-server[122995]: 172.20.0.100 - - [25/Nov/2025:10:13:42 +0000] "GET /d1/910/AUTH_692cf325f9a14224bf157722f8f354f2/gnocchi.b9acbed0-7a2e-4caf-a9f7-5921d2d0aead" 200 2 "GET http://localhost:8080/v1/AUTH_692cf325f9a14224bf157722f8f354f2/gnocchi.b9acbed0-7a2e-4caf-a9f7-5921d2d0aead?format=json&states=listing" "tx8b831d6daef34414b39d8-0069258156" "proxy-server 21" 0.0032 "-" 17 0
Nov 25 10:13:42 standalone proxy-server[125200]: 172.18.0.2 ::1 25/Nov/2025/10/13/42 GET /v1/AUTH_692cf325f9a14224bf157722f8f354f2/gnocchi.b9acbed0-7a2e-4caf-a9f7-5921d2d0aead%3Fformat%3Djson%26states%3Dlisting HTTP/1.0 200 - python-swiftclient-3.11.1 gAAAAABpJYCO3AkK... - 2 - tx8b831d6daef34414b39d8-0069258156 - 0.0202 - - 1764065622.511887074 1764065622.532131910 0
Nov 25 10:13:42 standalone object-server[123266]: 172.20.0.100 - - [25/Nov/2025:10:13:42 +0000] "GET /d1/235/AUTH_692cf325f9a14224bf157722f8f354f2/gnocchi.b9acbed0-7a2e-4caf-a9f7-5921d2d0aead/1763640000.0_mean_300.0_v3" 404 70 "GET http://localhost:8080/v1/AUTH_692cf325f9a14224bf157722f8f354f2/gnocchi.b9acbed0-7a2e-4caf-a9f7-5921d2d0aead/1763640000.0_mean_300.0_v3" "tx973247f60eaa4132ab0b4-0069258156" "proxy-server 21" 0.0005 "-" 24 0
Nov 25 10:13:42 standalone proxy-server[125200]: 172.18.0.2 ::1 25/Nov/2025/10/13/42 GET /v1/AUTH_692cf325f9a14224bf157722f8f354f2/gnocchi.b9acbed0-7a2e-4caf-a9f7-5921d2d0aead/1763640000.0_mean_300.0_v3 HTTP/1.0 404 - python-swiftclient-3.11.1 gAAAAABpJYCO3AkK... - 70 - tx973247f60eaa4132ab0b4-0069258156 - 0.0073 - - 1764065622.544050455 1764065622.551388979 0
Nov 25 10:13:42 standalone container-server[122995]: 172.20.0.100 - - [25/Nov/2025:10:13:42 +0000] "PUT /d1/910/AUTH_692cf325f9a14224bf157722f8f354f2/gnocchi.b9acbed0-7a2e-4caf-a9f7-5921d2d0aead/1763640000.0_mean_300.0_v3" 201 - "PUT http://localhost:8080/d1/235/AUTH_692cf325f9a14224bf157722f8f354f2/gnocchi.b9acbed0-7a2e-4caf-a9f7-5921d2d0aead/1763640000.0_mean_300.0_v3" "txd4959adaa843424b80593-0069258156" "object-server 25" 0.0007 "-" 17 0
Nov 25 10:13:42 standalone object-server[123267]: 172.20.0.100 - - [25/Nov/2025:10:13:42 +0000] "PUT /d1/235/AUTH_692cf325f9a14224bf157722f8f354f2/gnocchi.b9acbed0-7a2e-4caf-a9f7-5921d2d0aead/1763640000.0_mean_300.0_v3" 201 - "PUT http://localhost:8080/v1/AUTH_692cf325f9a14224bf157722f8f354f2/gnocchi.b9acbed0-7a2e-4caf-a9f7-5921d2d0aead/1763640000.0_mean_300.0_v3" "txd4959adaa843424b80593-0069258156" "proxy-server 21" 0.0109 "-" 25 0
Nov 25 10:13:42 standalone proxy-server[125200]: 172.18.0.2 ::1 25/Nov/2025/10/13/42 PUT /v1/AUTH_692cf325f9a14224bf157722f8f354f2/gnocchi.b9acbed0-7a2e-4caf-a9f7-5921d2d0aead/1763640000.0_mean_300.0_v3 HTTP/1.0 201 - python-swiftclient-3.11.1 gAAAAABpJYCO3AkK... 16 - - txd4959adaa843424b80593-0069258156 - 0.0193 - - 1764065622.557030678 1764065622.576334000 0
Nov 25 10:13:42 standalone container-server[122969]: 172.20.0.100 - - [25/Nov/2025:10:13:42 +0000] "PUT /d1/910/AUTH_692cf325f9a14224bf157722f8f354f2/gnocchi.b9acbed0-7a2e-4caf-a9f7-5921d2d0aead/none_v3" 201 - "PUT http://localhost:8080/d1/115/AUTH_692cf325f9a14224bf157722f8f354f2/gnocchi.b9acbed0-7a2e-4caf-a9f7-5921d2d0aead/none_v3" "tx18f9ccc520104dde965ee-0069258156" "object-server 22" 0.0008 "-" 15 0
Nov 25 10:13:42 standalone object-server[123263]: 172.20.0.100 - - [25/Nov/2025:10:13:42 +0000] "PUT /d1/115/AUTH_692cf325f9a14224bf157722f8f354f2/gnocchi.b9acbed0-7a2e-4caf-a9f7-5921d2d0aead/none_v3" 201 - "PUT http://localhost:8080/v1/AUTH_692cf325f9a14224bf157722f8f354f2/gnocchi.b9acbed0-7a2e-4caf-a9f7-5921d2d0aead/none_v3" "tx18f9ccc520104dde965ee-0069258156" "proxy-server 21" 0.0126 "-" 22 0
Nov 25 10:13:42 standalone proxy-server[125200]: 172.18.0.2 ::1 25/Nov/2025/10/13/42 PUT /v1/AUTH_692cf325f9a14224bf157722f8f354f2/gnocchi.b9acbed0-7a2e-4caf-a9f7-5921d2d0aead/none_v3 HTTP/1.0 201 - python-swiftclient-3.11.1 gAAAAABpJYCO3AkK... 22 - - tx18f9ccc520104dde965ee-0069258156 - 0.0217 - - 1764065622.581683636 1764065622.603391886 0
Nov 25 10:13:42 standalone container-server[122995]: 172.20.0.100 - - [25/Nov/2025:10:13:42 +0000] "HEAD /d1/767/AUTH_692cf325f9a14224bf157722f8f354f2/gnocchi.817c156d-d3b0-48d6-b133-45be9240b603" 404 - "HEAD http://localhost:8080/v1/AUTH_692cf325f9a14224bf157722f8f354f2/gnocchi.817c156d-d3b0-48d6-b133-45be9240b603?format=json&states=listing" "tx6e6494d261414200a1ded-0069258156" "proxy-server 21" 0.0004 "-" 17 0
Nov 25 10:13:42 standalone object-server[123266]: 172.20.0.100 - - [25/Nov/2025:10:13:42 +0000] "GET /d1/544/AUTH_692cf325f9a14224bf157722f8f354f2/gnocchi.817c156d-d3b0-48d6-b133-45be9240b603/none_v3" 404 70 "GET http://localhost:8080/v1/AUTH_692cf325f9a14224bf157722f8f354f2/gnocchi.817c156d-d3b0-48d6-b133-45be9240b603/none_v3" "tx6e6494d261414200a1ded-0069258156" "proxy-server 21" 0.0003 "-" 24 0
Nov 25 10:13:42 standalone proxy-server[125200]: 172.18.0.2 ::1 25/Nov/2025/10/13/42 GET /v1/AUTH_692cf325f9a14224bf157722f8f354f2/gnocchi.817c156d-d3b0-48d6-b133-45be9240b603/none_v3 HTTP/1.0 404 - python-swiftclient-3.11.1 gAAAAABpJYCO3AkK... - 70 - tx6e6494d261414200a1ded-0069258156 - 0.0223 - - 1764065622.633580208 1764065622.655857086 0
Nov 25 10:13:42 standalone account-server[123129]: 172.20.0.100 - - [25/Nov/2025:10:13:42 +0000] "PUT /d1/565/AUTH_692cf325f9a14224bf157722f8f354f2/gnocchi.817c156d-d3b0-48d6-b133-45be9240b603" 201 - "PUT http://172.20.0.100:6001/d1/767/AUTH_692cf325f9a14224bf157722f8f354f2/gnocchi.817c156d-d3b0-48d6-b133-45be9240b603" "tx9fd842252d284046bce24-0069258156" "container-server 15" 0.0037 "-" 21 0
Nov 25 10:13:42 standalone container-server[122969]: 172.20.0.100 - - [25/Nov/2025:10:13:42 +0000] "PUT /d1/767/AUTH_692cf325f9a14224bf157722f8f354f2/gnocchi.817c156d-d3b0-48d6-b133-45be9240b603" 201 - "PUT http://localhost:8080/v1/AUTH_692cf325f9a14224bf157722f8f354f2/gnocchi.817c156d-d3b0-48d6-b133-45be9240b603" "tx9fd842252d284046bce24-0069258156" "proxy-server 21" 0.0141 "-" 15 0
Nov 25 10:13:42 standalone proxy-server[125200]: 172.18.0.2 ::1 25/Nov/2025/10/13/42 PUT /v1/AUTH_692cf325f9a14224bf157722f8f354f2/gnocchi.817c156d-d3b0-48d6-b133-45be9240b603 HTTP/1.0 201 - python-swiftclient-3.11.1 gAAAAABpJYCO3AkK... - - - tx9fd842252d284046bce24-0069258156 - 0.0214 - - 1764065622.660260677 1764065622.681698084 0
Nov 25 10:13:42 standalone container-server[122995]: 172.20.0.100 - - [25/Nov/2025:10:13:42 +0000] "HEAD /d1/767/AUTH_692cf325f9a14224bf157722f8f354f2/gnocchi.817c156d-d3b0-48d6-b133-45be9240b603" 204 - "HEAD http://localhost:8080/v1/AUTH_692cf325f9a14224bf157722f8f354f2/gnocchi.817c156d-d3b0-48d6-b133-45be9240b603?format=json&states=listing" "txe1f88d4f6c8e4b1bbf4dd-0069258156" "proxy-server 21" 0.0015 "-" 17 0
Nov 25 10:13:42 standalone proxy-server[125200]: - - 25/Nov/2025/10/13/42 HEAD /v1/AUTH_692cf325f9a14224bf157722f8f354f2/gnocchi.817c156d-d3b0-48d6-b133-45be9240b603%3Fformat%3Djson%26states%3Dlisting HTTP/1.0 204 - Swift - - - - txe1f88d4f6c8e4b1bbf4dd-0069258156 - 0.0049 RL - 1764065622.687425375 1764065622.692335844 0
Nov 25 10:13:42 standalone container-server[122961]: 172.20.0.100 - - [25/Nov/2025:10:13:42 +0000] "GET /d1/767/AUTH_692cf325f9a14224bf157722f8f354f2/gnocchi.817c156d-d3b0-48d6-b133-45be9240b603" 200 2 "GET http://localhost:8080/v1/AUTH_692cf325f9a14224bf157722f8f354f2/gnocchi.817c156d-d3b0-48d6-b133-45be9240b603?format=json&states=listing" "txe1f88d4f6c8e4b1bbf4dd-0069258156" "proxy-server 21" 0.0016 "-" 14 0
Nov 25 10:13:42 standalone proxy-server[125200]: 172.18.0.2 ::1 25/Nov/2025/10/13/42 GET /v1/AUTH_692cf325f9a14224bf157722f8f354f2/gnocchi.817c156d-d3b0-48d6-b133-45be9240b603%3Fformat%3Djson%26states%3Dlisting HTTP/1.0 200 - python-swiftclient-3.11.1 gAAAAABpJYCO3AkK... - 2 - txe1f88d4f6c8e4b1bbf4dd-0069258156 - 0.0138 - - 1764065622.686350584 1764065622.700166464 0
Nov 25 10:13:42 standalone object-server[123266]: 172.20.0.100 - - [25/Nov/2025:10:13:42 +0000] "GET /d1/520/AUTH_692cf325f9a14224bf157722f8f354f2/gnocchi.817c156d-d3b0-48d6-b133-45be9240b603/1763640000.0_mean_300.0_v3" 404 70 "GET http://localhost:8080/v1/AUTH_692cf325f9a14224bf157722f8f354f2/gnocchi.817c156d-d3b0-48d6-b133-45be9240b603/1763640000.0_mean_300.0_v3" "txdace7a38e9e04bb187265-0069258156" "proxy-server 21" 0.0003 "-" 24 0
Nov 25 10:13:42 standalone proxy-server[125200]: 172.18.0.2 ::1 25/Nov/2025/10/13/42 GET /v1/AUTH_692cf325f9a14224bf157722f8f354f2/gnocchi.817c156d-d3b0-48d6-b133-45be9240b603/1763640000.0_mean_300.0_v3 HTTP/1.0 404 - python-swiftclient-3.11.1 gAAAAABpJYCO3AkK... - 70 - txdace7a38e9e04bb187265-0069258156 - 0.0056 - - 1764065622.704648733 1764065622.710228682 0
Nov 25 10:13:42 standalone container-server[122995]: 172.20.0.100 - - [25/Nov/2025:10:13:42 +0000] "PUT /d1/767/AUTH_692cf325f9a14224bf157722f8f354f2/gnocchi.817c156d-d3b0-48d6-b133-45be9240b603/1763640000.0_mean_300.0_v3" 201 - "PUT http://localhost:8080/d1/520/AUTH_692cf325f9a14224bf157722f8f354f2/gnocchi.817c156d-d3b0-48d6-b133-45be9240b603/1763640000.0_mean_300.0_v3" "tx45bf4b702b1a477ba2338-0069258156" "object-server 24" 0.0008 "-" 17 0
Nov 25 10:13:42 standalone object-server[123266]: 172.20.0.100 - - [25/Nov/2025:10:13:42 +0000] "PUT /d1/520/AUTH_692cf325f9a14224bf157722f8f354f2/gnocchi.817c156d-d3b0-48d6-b133-45be9240b603/1763640000.0_mean_300.0_v3" 201 - "PUT http://localhost:8080/v1/AUTH_692cf325f9a14224bf157722f8f354f2/gnocchi.817c156d-d3b0-48d6-b133-45be9240b603/1763640000.0_mean_300.0_v3" "tx45bf4b702b1a477ba2338-0069258156" "proxy-server 21" 0.0117 "-" 24 0
Nov 25 10:13:42 standalone proxy-server[125200]: 172.18.0.2 ::1 25/Nov/2025/10/13/42 PUT /v1/AUTH_692cf325f9a14224bf157722f8f354f2/gnocchi.817c156d-d3b0-48d6-b133-45be9240b603/1763640000.0_mean_300.0_v3 HTTP/1.0 201 - python-swiftclient-3.11.1 gAAAAABpJYCO3AkK... 16 - - tx45bf4b702b1a477ba2338-0069258156 - 0.0184 - - 1764065622.714146137 1764065622.732515574 0
Nov 25 10:13:42 standalone container-server[122984]: 172.20.0.100 - - [25/Nov/2025:10:13:42 +0000] "PUT /d1/767/AUTH_692cf325f9a14224bf157722f8f354f2/gnocchi.817c156d-d3b0-48d6-b133-45be9240b603/none_v3" 201 - "PUT http://localhost:8080/d1/544/AUTH_692cf325f9a14224bf157722f8f354f2/gnocchi.817c156d-d3b0-48d6-b133-45be9240b603/none_v3" "tx42ad96cb982a4bfda9be4-0069258156" "object-server 25" 0.0006 "-" 16 0
Nov 25 10:13:42 standalone object-server[123267]: 172.20.0.100 - - [25/Nov/2025:10:13:42 +0000] "PUT /d1/544/AUTH_692cf325f9a14224bf157722f8f354f2/gnocchi.817c156d-d3b0-48d6-b133-45be9240b603/none_v3" 201 - "PUT http://localhost:8080/v1/AUTH_692cf325f9a14224bf157722f8f354f2/gnocchi.817c156d-d3b0-48d6-b133-45be9240b603/none_v3" "tx42ad96cb982a4bfda9be4-0069258156" "proxy-server 21" 0.0115 "-" 25 0
Nov 25 10:13:42 standalone proxy-server[125200]: 172.18.0.2 ::1 25/Nov/2025/10/13/42 PUT /v1/AUTH_692cf325f9a14224bf157722f8f354f2/gnocchi.817c156d-d3b0-48d6-b133-45be9240b603/none_v3 HTTP/1.0 201 - python-swiftclient-3.11.1 gAAAAABpJYCO3AkK... 22 - - tx42ad96cb982a4bfda9be4-0069258156 - 0.0177 - - 1764065622.736679077 1764065622.754388332 0
Nov 25 10:14:21 standalone object-server[123153]: Begin object update sweep
Nov 25 10:14:21 standalone object-server[232343]: Object update sweep starting on /srv/node/d1 (pid: 15)
Nov 25 10:14:21 standalone object-server[232343]: Object update sweep completed on /srv/node/d1 in 0.00s seconds:, 0 successes, 0 failures, 0 quarantines, 0 unlinks, 0 errors, 0 redirects (pid: 15)
Nov 25 10:14:21 standalone object-server[232343]: Object update sweep of d1 completed: 0.00s, 0 successes, 0 failures, 0 quarantines, 0 unlinks, 0 errors, 0 redirects
Nov 25 10:14:21 standalone object-server[123153]: Object update sweep completed: 0.09s
Nov 25 10:14:40 standalone account-server[123129]: 172.20.0.100 - - [25/Nov/2025:10:14:40 +0000] "HEAD /d1/688/.expiring_objects" 404 - "HEAD http://localhost/v1/.expiring_objects?format=json" "tx8e6ea39d8fb74658adaf3-0069258190" "proxy-server 2" 0.0008 "-" 21 -
Nov 25 10:14:40 standalone object-expirer[123026]: Pass completed in 0s; 0 objects expired (txn: tx8e6ea39d8fb74658adaf3-0069258190)
Nov 25 10:16:43 standalone account-server[123134]: 172.20.0.100 - - [25/Nov/2025:10:16:43 +0000] "HEAD /d1/688/.expiring_objects" 404 - "HEAD http://localhost/v1/.expiring_objects?format=json" "tx3a14644dd3964ada998a5-006925820b" "proxy-server 2" 0.0009 "-" 22 -
Nov 25 10:16:43 standalone object-expirer[123026]: Pass completed in 0s; 0 objects expired (txn: tx3a14644dd3964ada998a5-006925820b)
Nov 25 10:17:51 standalone container-server[122942]: Begin container update sweep
Nov 25 10:17:51 standalone account-server[123119]: 172.20.0.100 - - [25/Nov/2025:10:17:51 +0000] "PUT /d1/565/AUTH_692cf325f9a14224bf157722f8f354f2/gnocchi.d57d47e2-dee1-4c95-a8fa-df2b58650eda" 201 - "-" "-" "container-updater 2" 0.0011 "-" 20 0
Nov 25 10:17:52 standalone account-server[123129]: 172.20.0.100 - - [25/Nov/2025:10:17:52 +0000] "PUT /d1/565/AUTH_692cf325f9a14224bf157722f8f354f2/gnocchi.5023da0f-d5b7-457e-b5be-3a3ddd38abfc" 201 - "-" "-" "container-updater 2" 0.0004 "-" 21 0
Nov 25 10:17:52 standalone account-server[123134]: 172.20.0.100 - - [25/Nov/2025:10:17:52 +0000] "PUT /d1/565/AUTH_692cf325f9a14224bf157722f8f354f2/gnocchi.45630877-176e-4f39-bbf7-6a22d83d935e" 201 - "-" "-" "container-updater 2" 0.0010 "-" 22 0
Nov 25 10:17:52 standalone account-server[123129]: 172.20.0.100 - - [25/Nov/2025:10:17:52 +0000] "PUT /d1/565/AUTH_692cf325f9a14224bf157722f8f354f2/gnocchi.f2a3a06b-f434-4dae-9895-ed925460ace2" 201 - "-" "-" "container-updater 2" 0.0007 "-" 21 0
Nov 25 10:17:52 standalone account-server[123119]: 172.20.0.100 - - [25/Nov/2025:10:17:52 +0000] "PUT /d1/565/AUTH_692cf325f9a14224bf157722f8f354f2/gnocchi.0f05adb4-ed73-43e6-a8a1-911473624dfd" 201 - "-" "-" "container-updater 2" 0.0007 "-" 20 0
Nov 25 10:17:52 standalone account-server[123129]: 172.20.0.100 - - [25/Nov/2025:10:17:52 +0000] "PUT /d1/565/AUTH_692cf325f9a14224bf157722f8f354f2/gnocchi.b9acbed0-7a2e-4caf-a9f7-5921d2d0aead" 201 - "-" "-" "container-updater 2" 0.0010 "-" 21 0
Nov 25 10:17:52 standalone account-server[123129]: 172.20.0.100 - - [25/Nov/2025:10:17:52 +0000] "PUT /d1/565/AUTH_692cf325f9a14224bf157722f8f354f2/gnocchi.7457deba-fbf5-4c2d-964e-a357d9a047cc" 201 - "-" "-" "container-updater 2" 0.0007 "-" 21 0
Nov 25 10:17:52 standalone account-server[123135]: 172.20.0.100 - - [25/Nov/2025:10:17:52 +0000] "PUT /d1/565/AUTH_692cf325f9a14224bf157722f8f354f2/gnocchi.817c156d-d3b0-48d6-b133-45be9240b603" 201 - "-" "-" "container-updater 2" 0.0010 "-" 23 0
Nov 25 10:17:52 standalone account-server[123134]: 172.20.0.100 - - [25/Nov/2025:10:17:52 +0000] "PUT /d1/565/AUTH_692cf325f9a14224bf157722f8f354f2/gnocchi.9c6b01a5-384e-4730-8f45-c99b6eebbbb4" 201 - "-" "-" "container-updater 2" 0.0009 "-" 22 0
Nov 25 10:17:53 standalone account-server[123135]: 172.20.0.100 - - [25/Nov/2025:10:17:53 +0000] "PUT /d1/565/AUTH_692cf325f9a14224bf157722f8f354f2/gnocchi.6243af05-81c3-41ba-98e0-721b128ee967" 201 - "-" "-" "container-updater 2" 0.0010 "-" 23 0
Nov 25 10:17:53 standalone account-server[123129]: 172.20.0.100 - - [25/Nov/2025:10:17:53 +0000] "PUT /d1/565/AUTH_692cf325f9a14224bf157722f8f354f2/gnocchi.e6baaa52-f035-4599-bbe8-ff7795f6d08c" 201 - "-" "-" "container-updater 2" 0.0005 "-" 21 0
Nov 25 10:17:53 standalone account-server[123134]: 172.20.0.100 - - [25/Nov/2025:10:17:53 +0000] "PUT /d1/565/AUTH_692cf325f9a14224bf157722f8f354f2/gnocchi.78c54942-0202-4129-bf7d-e0703116da04" 201 - "-" "-" "container-updater 2" 0.0007 "-" 22 0
Nov 25 10:17:53 standalone account-server[123134]: 172.20.0.100 - - [25/Nov/2025:10:17:53 +0000] "PUT /d1/565/AUTH_692cf325f9a14224bf157722f8f354f2/gnocchi.004964ff-389d-4e82-bc9c-df9710fbca3c" 201 - "-" "-" "container-updater 2" 0.0007 "-" 22 0
Nov 25 10:17:53 standalone account-server[123134]: 172.20.0.100 - - [25/Nov/2025:10:17:53 +0000] "PUT /d1/565/AUTH_692cf325f9a14224bf157722f8f354f2/gnocchi.9e7bd6e0-005b-42c0-bdbb-054e59a81614" 201 - "-" "-" "container-updater 2" 0.0007 "-" 22 0
Nov 25 10:17:53 standalone container-server[122942]: Container update sweep completed: 2.10s
Nov 25 10:19:21 standalone object-server[123153]: Begin object update sweep
Nov 25 10:19:21 standalone object-server[261750]: Object update sweep starting on /srv/node/d1 (pid: 16)
Nov 25 10:19:21 standalone object-server[261750]: Object update sweep completed on /srv/node/d1 in 0.00s seconds:, 0 successes, 0 failures, 0 quarantines, 0 unlinks, 0 errors, 0 redirects (pid: 16)
Nov 25 10:19:21 standalone object-server[261750]: Object update sweep of d1 completed: 0.00s, 0 successes, 0 failures, 0 quarantines, 0 unlinks, 0 errors, 0 redirects
Nov 25 10:19:21 standalone object-server[123153]: Object update sweep completed: 0.08s
Nov 25 10:21:02 standalone account-server[123119]: 172.20.0.100 - - [25/Nov/2025:10:21:02 +0000] "HEAD /d1/688/.expiring_objects" 404 - "HEAD http://localhost/v1/.expiring_objects?format=json" "tx7886d13cf1074d4da6ed6-006925830e" "proxy-server 2" 0.0011 "-" 20 -
Nov 25 10:21:02 standalone object-expirer[123026]: Pass completed in 0s; 0 objects expired (txn: tx7886d13cf1074d4da6ed6-006925830e)
Nov 25 10:22:51 standalone container-server[122942]: Begin container update sweep
Nov 25 10:22:53 standalone container-server[122942]: Container update sweep completed: 1.52s
Nov 25 10:22:55 standalone account-server[123129]: 172.20.0.100 - - [25/Nov/2025:10:22:55 +0000] "HEAD /d1/688/.expiring_objects" 404 - "HEAD http://localhost/v1/.expiring_objects?format=json" "tx89dfae95a00743889d732-006925837f" "proxy-server 2" 0.0006 "-" 21 -
Nov 25 10:22:55 standalone object-expirer[123026]: Pass completed in 0s; 0 objects expired (txn: tx89dfae95a00743889d732-006925837f)
Nov 25 10:23:16 standalone account-server[123129]: 172.20.0.100 - - [25/Nov/2025:10:23:16 +0000] "HEAD /d1/688/.expiring_objects" 404 - "HEAD http://localhost/v1/.expiring_objects?format=json" "tx409372b5c0204ebebf988-0069258394" "proxy-server 2" 0.0008 "-" 21 -
Nov 25 10:23:16 standalone object-expirer[123026]: Pass completed in 0s; 0 objects expired (txn: tx409372b5c0204ebebf988-0069258394)
Nov 25 10:24:21 standalone object-server[123153]: Begin object update sweep
Nov 25 10:24:21 standalone object-server[282692]: Object update sweep starting on /srv/node/d1 (pid: 17)
Nov 25 10:24:21 standalone object-server[282692]: Object update sweep completed on /srv/node/d1 in 0.00s seconds:, 0 successes, 0 failures, 0 quarantines, 0 unlinks, 0 errors, 0 redirects (pid: 17)
Nov 25 10:24:21 standalone object-server[282692]: Object update sweep of d1 completed: 0.00s, 0 successes, 0 failures, 0 quarantines, 0 unlinks, 0 errors, 0 redirects
Nov 25 10:24:22 standalone object-server[123153]: Object update sweep completed: 0.09s
Nov 25 10:24:29 standalone account-server[123134]: 172.20.0.31 - - [25/Nov/2025:10:24:29 +0000] "HEAD /d1/18/AUTH_f95a0842dd20454f944ef340c5a7a7dd" 404 - "HEAD http://swift-public-openstack.apps-crc.testing/v1/AUTH_f95a0842dd20454f944ef340c5a7a7dd?format=json" "txbac57290866945f888fd2-00692583dd" "proxy-server 15" 0.0007 "-" 22 -
Nov 25 10:24:29 standalone account-server[123129]: 172.20.0.31 - - [25/Nov/2025:10:24:29 +0000] "GET /d1/18/AUTH_f95a0842dd20454f944ef340c5a7a7dd" 404 - "GET http://swift-public-openstack.apps-crc.testing/v1/AUTH_f95a0842dd20454f944ef340c5a7a7dd?format=json" "txbac57290866945f888fd2-00692583dd" "proxy-server 15" 0.0005 "-" 21 -
Nov 25 10:27:14 standalone account-server[123129]: 172.20.0.100 - - [25/Nov/2025:10:27:14 +0000] "HEAD /d1/688/.expiring_objects" 404 - "HEAD http://localhost/v1/.expiring_objects?format=json" "tx8722ac479c2a41458294a-0069258482" "proxy-server 2" 0.0009 "-" 21 -
Nov 25 10:27:14 standalone object-expirer[123026]: Pass completed in 0s; 0 objects expired (txn: tx8722ac479c2a41458294a-0069258482)
Nov 25 10:27:52 standalone container-server[122942]: Begin container update sweep
Nov 25 10:27:53 standalone container-server[122942]: Container update sweep completed: 1.52s
Nov 25 10:29:22 standalone object-server[123153]: Begin object update sweep
Nov 25 10:29:22 standalone object-server[303043]: Object update sweep starting on /srv/node/d1 (pid: 18)
Nov 25 10:29:22 standalone object-server[303043]: Object update sweep completed on /srv/node/d1 in 0.00s seconds:, 0 successes, 0 failures, 0 quarantines, 0 unlinks, 0 errors, 0 redirects (pid: 18)
Nov 25 10:29:22 standalone object-server[303043]: Object update sweep of d1 completed: 0.00s, 0 successes, 0 failures, 0 quarantines, 0 unlinks, 0 errors, 0 redirects
Nov 25 10:29:22 standalone object-server[123153]: Object update sweep completed: 0.08s
Nov 25 10:31:09 standalone account-server[123129]: 172.20.0.31 - - [25/Nov/2025:10:31:09 +0000] "HEAD /d1/565/AUTH_692cf325f9a14224bf157722f8f354f2" 204 - "HEAD http://swift-internal.openstack.svc:8080/v1/AUTH_692cf325f9a14224bf157722f8f354f2?format=json" "txbe0df13839354ea79eb4b-006925856d" "proxy-server 5" 0.0109 "-" 21 -
Nov 25 10:31:10 standalone container-server[122995]: 172.20.0.31 - - [25/Nov/2025:10:31:10 +0000] "HEAD /d1/879/AUTH_692cf325f9a14224bf157722f8f354f2/glance" 204 - "HEAD http://swift-internal.openstack.svc:8080/v1/AUTH_692cf325f9a14224bf157722f8f354f2/glance?format=json&states=listing" "txbe0df13839354ea79eb4b-006925856d" "proxy-server 5" 0.0025 "-" 17 0
Nov 25 10:31:12 standalone container-server[122961]: 172.20.0.100 - - [25/Nov/2025:10:31:12 +0000] "PUT /d1/879/AUTH_692cf325f9a14224bf157722f8f354f2/glance/a4488f5a-cf6c-4189-b682-9f797dafc9d3-00001" 201 - "PUT http://swift-internal.openstack.svc:8080/d1/261/AUTH_692cf325f9a14224bf157722f8f354f2/glance/a4488f5a-cf6c-4189-b682-9f797dafc9d3-00001" "txfbee21c25ae4471ab486c-006925856e" "object-server 24" 0.0005 "-" 14 0
Nov 25 10:31:12 standalone object-server[123266]: 172.20.0.31 - - [25/Nov/2025:10:31:12 +0000] "PUT /d1/261/AUTH_692cf325f9a14224bf157722f8f354f2/glance/a4488f5a-cf6c-4189-b682-9f797dafc9d3-00001" 201 - "PUT http://swift-internal.openstack.svc:8080/v1/AUTH_692cf325f9a14224bf157722f8f354f2/glance/a4488f5a-cf6c-4189-b682-9f797dafc9d3-00001" "txfbee21c25ae4471ab486c-006925856e" "proxy-server 5" 2.1417 "-" 24 0
Nov 25 10:31:14 standalone container-server[122961]: 172.20.0.100 - - [25/Nov/2025:10:31:14 +0000] "PUT /d1/879/AUTH_692cf325f9a14224bf157722f8f354f2/glance/a4488f5a-cf6c-4189-b682-9f797dafc9d3-00002" 201 - "PUT http://swift-internal.openstack.svc:8080/d1/387/AUTH_692cf325f9a14224bf157722f8f354f2/glance/a4488f5a-cf6c-4189-b682-9f797dafc9d3-00002" "txdf2b3939b44442179a0bf-0069258570" "object-server 23" 0.0007 "-" 14 0
Nov 25 10:31:14 standalone object-server[123264]: 172.20.0.31 - - [25/Nov/2025:10:31:14 +0000] "PUT /d1/387/AUTH_692cf325f9a14224bf157722f8f354f2/glance/a4488f5a-cf6c-4189-b682-9f797dafc9d3-00002" 201 - "PUT http://swift-internal.openstack.svc:8080/v1/AUTH_692cf325f9a14224bf157722f8f354f2/glance/a4488f5a-cf6c-4189-b682-9f797dafc9d3-00002" "txdf2b3939b44442179a0bf-0069258570" "proxy-server 5" 2.1479 "-" 23 0
Nov 25 10:31:15 standalone container-server[122969]: 172.20.0.100 - - [25/Nov/2025:10:31:15 +0000] "PUT /d1/879/AUTH_692cf325f9a14224bf157722f8f354f2/glance/a4488f5a-cf6c-4189-b682-9f797dafc9d3-00003" 201 - "PUT http://swift-internal.openstack.svc:8080/d1/399/AUTH_692cf325f9a14224bf157722f8f354f2/glance/a4488f5a-cf6c-4189-b682-9f797dafc9d3-00003" "tx9d0c9991c11547d09fbc2-0069258572" "object-server 22" 0.0009 "-" 15 0
Nov 25 10:31:15 standalone object-server[123263]: 172.20.0.31 - - [25/Nov/2025:10:31:15 +0000] "PUT /d1/399/AUTH_692cf325f9a14224bf157722f8f354f2/glance/a4488f5a-cf6c-4189-b682-9f797dafc9d3-00003" 201 - "PUT http://swift-internal.openstack.svc:8080/v1/AUTH_692cf325f9a14224bf157722f8f354f2/glance/a4488f5a-cf6c-4189-b682-9f797dafc9d3-00003" "tx9d0c9991c11547d09fbc2-0069258572" "proxy-server 5" 1.3742 "-" 22 0
Nov 25 10:31:15 standalone container-server[122984]: 172.20.0.100 - - [25/Nov/2025:10:31:15 +0000] "PUT /d1/879/AUTH_692cf325f9a14224bf157722f8f354f2/glance/a4488f5a-cf6c-4189-b682-9f797dafc9d3" 201 - "PUT http://swift-internal.openstack.svc:8080/d1/687/AUTH_692cf325f9a14224bf157722f8f354f2/glance/a4488f5a-cf6c-4189-b682-9f797dafc9d3" "tx2d63bbb785924f55bf8e7-0069258573" "object-server 24" 0.0009 "-" 16 0
Nov 25 10:31:15 standalone object-server[123266]: 172.20.0.31 - - [25/Nov/2025:10:31:15 +0000] "PUT /d1/687/AUTH_692cf325f9a14224bf157722f8f354f2/glance/a4488f5a-cf6c-4189-b682-9f797dafc9d3" 201 - "PUT http://swift-internal.openstack.svc:8080/v1/AUTH_692cf325f9a14224bf157722f8f354f2/glance/a4488f5a-cf6c-4189-b682-9f797dafc9d3" "tx2d63bbb785924f55bf8e7-0069258573" "proxy-server 5" 0.0110 "-" 24 0
Nov 25 10:31:21 standalone account-server[123134]: 172.20.0.100 - - [25/Nov/2025:10:31:21 +0000] "HEAD /d1/688/.expiring_objects" 404 - "HEAD http://localhost/v1/.expiring_objects?format=json" "tx95c783f04a214d708a80b-0069258579" "proxy-server 2" 0.0005 "-" 22 -
Nov 25 10:31:21 standalone object-expirer[123026]: Pass completed in 0s; 0 objects expired (txn: tx95c783f04a214d708a80b-0069258579)
Nov 25 10:32:11 standalone account-server[123119]: 172.20.0.100 - - [25/Nov/2025:10:32:11 +0000] "HEAD /d1/688/.expiring_objects" 404 - "HEAD http://localhost/v1/.expiring_objects?format=json" "txccc7d893ecac46cdb2e79-00692585ab" "proxy-server 2" 0.0009 "-" 20 -
Nov 25 10:32:11 standalone object-expirer[123026]: Pass completed in 0s; 0 objects expired (txn: txccc7d893ecac46cdb2e79-00692585ab)
Nov 25 10:32:52 standalone container-server[122942]: Begin container update sweep
Nov 25 10:32:53 standalone account-server[123119]: 172.20.0.100 - - [25/Nov/2025:10:32:53 +0000] "PUT /d1/565/AUTH_692cf325f9a14224bf157722f8f354f2/glance" 201 - "-" "-" "container-updater 2" 0.0011 "-" 20 0
Nov 25 10:32:53 standalone container-server[122942]: Container update sweep completed: 1.50s
Nov 25 10:34:22 standalone object-server[123153]: Begin object update sweep
Nov 25 10:34:22 standalone object-server[323685]: Object update sweep starting on /srv/node/d1 (pid: 19)
Nov 25 10:34:22 standalone object-server[323685]: Object update sweep completed on /srv/node/d1 in 0.00s seconds:, 0 successes, 0 failures, 0 quarantines, 0 unlinks, 0 errors, 0 redirects (pid: 19)
Nov 25 10:34:22 standalone object-server[323685]: Object update sweep of d1 completed: 0.00s, 0 successes, 0 failures, 0 quarantines, 0 unlinks, 0 errors, 0 redirects
Nov 25 10:34:22 standalone object-server[123153]: Object update sweep completed: 0.08s
