Nov 25 10:13:40 standalone proxy-server[125200]: 172.18.0.2 ::1 25/Nov/2025/10/13/40 PUT /v1/AUTH_692cf325f9a14224bf157722f8f354f2/gnocchi.e6baaa52-f035-4599-bbe8-ff7795f6d08c/none_v3 HTTP/1.0 201 - python-swiftclient-3.11.1 gAAAAABpJYCO3AkK... 22 - - tx2a0e35207be14d5ca438a-0069258154 - 0.0174 - - 1764065620.943826914 1764065620.961244106 0
Nov 25 10:13:40 standalone container-server[122984]: 172.20.0.100 - - [25/Nov/2025:10:13:40 +0000] "HEAD /d1/673/AUTH_692cf325f9a14224bf157722f8f354f2/gnocchi.004964ff-389d-4e82-bc9c-df9710fbca3c" 404 - "HEAD http://localhost:8080/v1/AUTH_692cf325f9a14224bf157722f8f354f2/gnocchi.004964ff-389d-4e82-bc9c-df9710fbca3c?format=json&states=listing" "txf300cbf963f443f69d289-0069258154" "proxy-server 21" 0.0003 "-" 16 0
Nov 25 10:13:40 standalone object-server[123263]: 172.20.0.100 - - [25/Nov/2025:10:13:40 +0000] "GET /d1/913/AUTH_692cf325f9a14224bf157722f8f354f2/gnocchi.004964ff-389d-4e82-bc9c-df9710fbca3c/none_v3" 404 70 "GET http://localhost:8080/v1/AUTH_692cf325f9a14224bf157722f8f354f2/gnocchi.004964ff-389d-4e82-bc9c-df9710fbca3c/none_v3" "txf300cbf963f443f69d289-0069258154" "proxy-server 21" 0.0003 "-" 22 0
Nov 25 10:13:40 standalone proxy-server[125200]: 172.18.0.2 ::1 25/Nov/2025/10/13/40 GET /v1/AUTH_692cf325f9a14224bf157722f8f354f2/gnocchi.004964ff-389d-4e82-bc9c-df9710fbca3c/none_v3 HTTP/1.0 404 - python-swiftclient-3.11.1 gAAAAABpJYCO3AkK... - 70 - txf300cbf963f443f69d289-0069258154 - 0.0092 - - 1764065620.971101284 1764065620.980275631 0
Nov 25 10:13:41 standalone account-server[123129]: 172.20.0.100 - - [25/Nov/2025:10:13:41 +0000] "PUT /d1/565/AUTH_692cf325f9a14224bf157722f8f354f2/gnocchi.004964ff-389d-4e82-bc9c-df9710fbca3c" 201 - "PUT http://172.20.0.100:6001/d1/673/AUTH_692cf325f9a14224bf157722f8f354f2/gnocchi.004964ff-389d-4e82-bc9c-df9710fbca3c" "tx38c79fdcecaa4e368cb33-0069258154" "container-server 14" 0.0053 "-" 21 0
Nov 25 10:13:41 standalone container-server[122961]: 172.20.0.100 - - [25/Nov/2025:10:13:41 +0000] "PUT /d1/673/AUTH_692cf325f9a14224bf157722f8f354f2/gnocchi.004964ff-389d-4e82-bc9c-df9710fbca3c" 201 - "PUT http://localhost:8080/v1/AUTH_692cf325f9a14224bf157722f8f354f2/gnocchi.004964ff-389d-4e82-bc9c-df9710fbca3c" "tx38c79fdcecaa4e368cb33-0069258154" "proxy-server 21" 0.0192 "-" 14 0
Nov 25 10:13:41 standalone proxy-server[125200]: 172.18.0.2 ::1 25/Nov/2025/10/13/41 PUT /v1/AUTH_692cf325f9a14224bf157722f8f354f2/gnocchi.004964ff-389d-4e82-bc9c-df9710fbca3c HTTP/1.0 201 - python-swiftclient-3.11.1 gAAAAABpJYCO3AkK... - - - tx38c79fdcecaa4e368cb33-0069258154 - 0.0254 - - 1764065620.983233690 1764065621.008681059 0
Nov 25 10:13:41 standalone container-server[122995]: 172.20.0.100 - - [25/Nov/2025:10:13:41 +0000] "HEAD /d1/673/AUTH_692cf325f9a14224bf157722f8f354f2/gnocchi.004964ff-389d-4e82-bc9c-df9710fbca3c" 204 - "HEAD http://localhost:8080/v1/AUTH_692cf325f9a14224bf157722f8f354f2/gnocchi.004964ff-389d-4e82-bc9c-df9710fbca3c?format=json&states=listing" "txaa2d399b093f408392a6e-0069258155" "proxy-server 21" 0.0014 "-" 17 0
Nov 25 10:13:41 standalone proxy-server[125200]: - - 25/Nov/2025/10/13/41 HEAD /v1/AUTH_692cf325f9a14224bf157722f8f354f2/gnocchi.004964ff-389d-4e82-bc9c-df9710fbca3c%3Fformat%3Djson%26states%3Dlisting HTTP/1.0 204 - Swift - - - - txaa2d399b093f408392a6e-0069258155 - 0.0058 RL - 1764065621.014028072 1764065621.019795179 0
Nov 25 10:13:41 standalone container-server[122961]: 172.20.0.100 - - [25/Nov/2025:10:13:41 +0000] "GET /d1/673/AUTH_692cf325f9a14224bf157722f8f354f2/gnocchi.004964ff-389d-4e82-bc9c-df9710fbca3c" 200 2 "GET http://localhost:8080/v1/AUTH_692cf325f9a14224bf157722f8f354f2/gnocchi.004964ff-389d-4e82-bc9c-df9710fbca3c?format=json&states=listing" "txaa2d399b093f408392a6e-0069258155" "proxy-server 21" 0.0035 "-" 14 0
Nov 25 10:13:41 standalone proxy-server[125200]: 172.18.0.2 ::1 25/Nov/2025/10/13/41 GET /v1/AUTH_692cf325f9a14224bf157722f8f354f2/gnocchi.004964ff-389d-4e82-bc9c-df9710fbca3c%3Fformat%3Djson%26states%3Dlisting HTTP/1.0 200 - python-swiftclient-3.11.1 gAAAAABpJYCO3AkK... - 2 - txaa2d399b093f408392a6e-0069258155 - 0.0203 - - 1764065621.012600422 1764065621.032866240 0
Nov 25 10:13:41 standalone object-server[123263]: 172.20.0.100 - - [25/Nov/2025:10:13:41 +0000] "GET /d1/1005/AUTH_692cf325f9a14224bf157722f8f354f2/gnocchi.004964ff-389d-4e82-bc9c-df9710fbca3c/1763640000.0_mean_300.0_v3" 404 70 "GET http://localhost:8080/v1/AUTH_692cf325f9a14224bf157722f8f354f2/gnocchi.004964ff-389d-4e82-bc9c-df9710fbca3c/1763640000.0_mean_300.0_v3" "tx57738fc4045644cb80162-0069258155" "proxy-server 21" 0.0005 "-" 22 0
Nov 25 10:13:41 standalone proxy-server[125200]: 172.18.0.2 ::1 25/Nov/2025/10/13/41 GET /v1/AUTH_692cf325f9a14224bf157722f8f354f2/gnocchi.004964ff-389d-4e82-bc9c-df9710fbca3c/1763640000.0_mean_300.0_v3 HTTP/1.0 404 - python-swiftclient-3.11.1 gAAAAABpJYCO3AkK... - 70 - tx57738fc4045644cb80162-0069258155 - 0.0080 - - 1764065621.039282322 1764065621.047313452 0
Nov 25 10:13:41 standalone container-server[122961]: 172.20.0.100 - - [25/Nov/2025:10:13:41 +0000] "PUT /d1/673/AUTH_692cf325f9a14224bf157722f8f354f2/gnocchi.004964ff-389d-4e82-bc9c-df9710fbca3c/1763640000.0_mean_300.0_v3" 201 - "PUT http://localhost:8080/d1/1005/AUTH_692cf325f9a14224bf157722f8f354f2/gnocchi.004964ff-389d-4e82-bc9c-df9710fbca3c/1763640000.0_mean_300.0_v3" "txbebcda5d220c40839b3dc-0069258155" "object-server 24" 0.0008 "-" 14 0
Nov 25 10:13:41 standalone object-server[123266]: 172.20.0.100 - - [25/Nov/2025:10:13:41 +0000] "PUT /d1/1005/AUTH_692cf325f9a14224bf157722f8f354f2/gnocchi.004964ff-389d-4e82-bc9c-df9710fbca3c/1763640000.0_mean_300.0_v3" 201 - "PUT http://localhost:8080/v1/AUTH_692cf325f9a14224bf157722f8f354f2/gnocchi.004964ff-389d-4e82-bc9c-df9710fbca3c/1763640000.0_mean_300.0_v3" "txbebcda5d220c40839b3dc-0069258155" "proxy-server 21" 0.0116 "-" 24 0
Nov 25 10:13:41 standalone proxy-server[125200]: 172.18.0.2 ::1 25/Nov/2025/10/13/41 PUT /v1/AUTH_692cf325f9a14224bf157722f8f354f2/gnocchi.004964ff-389d-4e82-bc9c-df9710fbca3c/1763640000.0_mean_300.0_v3 HTTP/1.0 201 - python-swiftclient-3.11.1 gAAAAABpJYCO3AkK... 16 - - txbebcda5d220c40839b3dc-0069258155 - 0.0196 - - 1764065621.052328348 1764065621.071956158 0
Nov 25 10:13:41 standalone container-server[122961]: 172.20.0.100 - - [25/Nov/2025:10:13:41 +0000] "PUT /d1/673/AUTH_692cf325f9a14224bf157722f8f354f2/gnocchi.004964ff-389d-4e82-bc9c-df9710fbca3c/none_v3" 201 - "PUT http://localhost:8080/d1/913/AUTH_692cf325f9a14224bf157722f8f354f2/gnocchi.004964ff-389d-4e82-bc9c-df9710fbca3c/none_v3" "tx466f8bca4fac41d3a5d26-0069258155" "object-server 23" 0.0008 "-" 14 0
Nov 25 10:13:41 standalone object-server[123264]: 172.20.0.100 - - [25/Nov/2025:10:13:41 +0000] "PUT /d1/913/AUTH_692cf325f9a14224bf157722f8f354f2/gnocchi.004964ff-389d-4e82-bc9c-df9710fbca3c/none_v3" 201 - "PUT http://localhost:8080/v1/AUTH_692cf325f9a14224bf157722f8f354f2/gnocchi.004964ff-389d-4e82-bc9c-df9710fbca3c/none_v3" "tx466f8bca4fac41d3a5d26-0069258155" "proxy-server 21" 0.0117 "-" 23 0
Nov 25 10:13:41 standalone proxy-server[125200]: 172.18.0.2 ::1 25/Nov/2025/10/13/41 PUT /v1/AUTH_692cf325f9a14224bf157722f8f354f2/gnocchi.004964ff-389d-4e82-bc9c-df9710fbca3c/none_v3 HTTP/1.0 201 - python-swiftclient-3.11.1 gAAAAABpJYCO3AkK... 22 - - tx466f8bca4fac41d3a5d26-0069258155 - 0.0178 - - 1764065621.076505184 1764065621.094276667 0
Nov 25 10:13:41 standalone container-server[122969]: 172.20.0.100 - - [25/Nov/2025:10:13:41 +0000] "HEAD /d1/456/AUTH_692cf325f9a14224bf157722f8f354f2/gnocchi.45630877-176e-4f39-bbf7-6a22d83d935e" 404 - "HEAD http://localhost:8080/v1/AUTH_692cf325f9a14224bf157722f8f354f2/gnocchi.45630877-176e-4f39-bbf7-6a22d83d935e?format=json&states=listing" "txa367409b513a40b39855a-0069258155" "proxy-server 21" 0.0005 "-" 15 0
Nov 25 10:13:41 standalone object-server[123267]: 172.20.0.100 - - [25/Nov/2025:10:13:41 +0000] "GET /d1/75/AUTH_692cf325f9a14224bf157722f8f354f2/gnocchi.45630877-176e-4f39-bbf7-6a22d83d935e/none_v3" 404 70 "GET http://localhost:8080/v1/AUTH_692cf325f9a14224bf157722f8f354f2/gnocchi.45630877-176e-4f39-bbf7-6a22d83d935e/none_v3" "txa367409b513a40b39855a-0069258155" "proxy-server 21" 0.0003 "-" 25 0
Nov 25 10:13:41 standalone proxy-server[125200]: 172.18.0.2 ::1 25/Nov/2025/10/13/41 GET /v1/AUTH_692cf325f9a14224bf157722f8f354f2/gnocchi.45630877-176e-4f39-bbf7-6a22d83d935e/none_v3 HTTP/1.0 404 - python-swiftclient-3.11.1 gAAAAABpJYCO3AkK... - 70 - txa367409b513a40b39855a-0069258155 - 0.0086 - - 1764065621.107449293 1764065621.116083622 0
Nov 25 10:13:41 standalone account-server[123129]: 172.20.0.100 - - [25/Nov/2025:10:13:41 +0000] "PUT /d1/565/AUTH_692cf325f9a14224bf157722f8f354f2/gnocchi.45630877-176e-4f39-bbf7-6a22d83d935e" 201 - "PUT http://172.20.0.100:6001/d1/456/AUTH_692cf325f9a14224bf157722f8f354f2/gnocchi.45630877-176e-4f39-bbf7-6a22d83d935e" "txc41d1ae973b5478994eab-0069258155" "container-server 16" 0.0039 "-" 21 0
Nov 25 10:13:41 standalone container-server[122984]: 172.20.0.100 - - [25/Nov/2025:10:13:41 +0000] "PUT /d1/456/AUTH_692cf325f9a14224bf157722f8f354f2/gnocchi.45630877-176e-4f39-bbf7-6a22d83d935e" 201 - "PUT http://localhost:8080/v1/AUTH_692cf325f9a14224bf157722f8f354f2/gnocchi.45630877-176e-4f39-bbf7-6a22d83d935e" "txc41d1ae973b5478994eab-0069258155" "proxy-server 21" 0.0152 "-" 16 0
Nov 25 10:13:41 standalone proxy-server[125200]: 172.18.0.2 ::1 25/Nov/2025/10/13/41 PUT /v1/AUTH_692cf325f9a14224bf157722f8f354f2/gnocchi.45630877-176e-4f39-bbf7-6a22d83d935e HTTP/1.0 201 - python-swiftclient-3.11.1 gAAAAABpJYCO3AkK... - - - txc41d1ae973b5478994eab-0069258155 - 0.0203 - - 1764065621.120566130 1764065621.140857458 0
Nov 25 10:13:41 standalone container-server[122995]: 172.20.0.100 - - [25/Nov/2025:10:13:41 +0000] "HEAD /d1/456/AUTH_692cf325f9a14224bf157722f8f354f2/gnocchi.45630877-176e-4f39-bbf7-6a22d83d935e" 204 - "HEAD http://localhost:8080/v1/AUTH_692cf325f9a14224bf157722f8f354f2/gnocchi.45630877-176e-4f39-bbf7-6a22d83d935e?format=json&states=listing" "tx47e69fff004a43528b2ba-0069258155" "proxy-server 21" 0.0012 "-" 17 0
Nov 25 10:13:41 standalone proxy-server[125200]: - - 25/Nov/2025/10/13/41 HEAD /v1/AUTH_692cf325f9a14224bf157722f8f354f2/gnocchi.45630877-176e-4f39-bbf7-6a22d83d935e%3Fformat%3Djson%26states%3Dlisting HTTP/1.0 204 - Swift - - - - tx47e69fff004a43528b2ba-0069258155 - 0.0056 RL - 1764065621.148848057 1764065621.154479980 0
Nov 25 10:13:41 standalone container-server[122961]: 172.20.0.100 - - [25/Nov/2025:10:13:41 +0000] "GET /d1/456/AUTH_692cf325f9a14224bf157722f8f354f2/gnocchi.45630877-176e-4f39-bbf7-6a22d83d935e" 200 2 "GET http://localhost:8080/v1/AUTH_692cf325f9a14224bf157722f8f354f2/gnocchi.45630877-176e-4f39-bbf7-6a22d83d935e?format=json&states=listing" "tx47e69fff004a43528b2ba-0069258155" "proxy-server 21" 0.0041 "-" 14 0
Nov 25 10:13:41 standalone proxy-server[125200]: 172.18.0.2 ::1 25/Nov/2025/10/13/41 GET /v1/AUTH_692cf325f9a14224bf157722f8f354f2/gnocchi.45630877-176e-4f39-bbf7-6a22d83d935e%3Fformat%3Djson%26states%3Dlisting HTTP/1.0 200 - python-swiftclient-3.11.1 gAAAAABpJYCO3AkK... - 2 - tx47e69fff004a43528b2ba-0069258155 - 0.0196 - - 1764065621.147175312 1764065621.166728020 0
Nov 25 10:13:41 standalone object-server[123266]: 172.20.0.100 - - [25/Nov/2025:10:13:41 +0000] "GET /d1/206/AUTH_692cf325f9a14224bf157722f8f354f2/gnocchi.45630877-176e-4f39-bbf7-6a22d83d935e/1763640000.0_mean_300.0_v3" 404 70 "GET http://localhost:8080/v1/AUTH_692cf325f9a14224bf157722f8f354f2/gnocchi.45630877-176e-4f39-bbf7-6a22d83d935e/1763640000.0_mean_300.0_v3" "tx763df159d8384d43b87cc-0069258155" "proxy-server 21" 0.0003 "-" 24 0
Nov 25 10:13:41 standalone proxy-server[125200]: 172.18.0.2 ::1 25/Nov/2025/10/13/41 GET /v1/AUTH_692cf325f9a14224bf157722f8f354f2/gnocchi.45630877-176e-4f39-bbf7-6a22d83d935e/1763640000.0_mean_300.0_v3 HTTP/1.0 404 - python-swiftclient-3.11.1 gAAAAABpJYCO3AkK... - 70 - tx763df159d8384d43b87cc-0069258155 - 0.0072 - - 1764065621.172353983 1764065621.179556608 0
Nov 25 10:13:41 standalone container-server[122969]: 172.20.0.100 - - [25/Nov/2025:10:13:41 +0000] "PUT /d1/456/AUTH_692cf325f9a14224bf157722f8f354f2/gnocchi.45630877-176e-4f39-bbf7-6a22d83d935e/1763640000.0_mean_300.0_v3" 201 - "PUT http://localhost:8080/d1/206/AUTH_692cf325f9a14224bf157722f8f354f2/gnocchi.45630877-176e-4f39-bbf7-6a22d83d935e/1763640000.0_mean_300.0_v3" "txcc2d86d42909445c82f42-0069258155" "object-server 23" 0.0006 "-" 15 0
Nov 25 10:13:41 standalone object-server[123264]: 172.20.0.100 - - [25/Nov/2025:10:13:41 +0000] "PUT /d1/206/AUTH_692cf325f9a14224bf157722f8f354f2/gnocchi.45630877-176e-4f39-bbf7-6a22d83d935e/1763640000.0_mean_300.0_v3" 201 - "PUT http://localhost:8080/v1/AUTH_692cf325f9a14224bf157722f8f354f2/gnocchi.45630877-176e-4f39-bbf7-6a22d83d935e/1763640000.0_mean_300.0_v3" "txcc2d86d42909445c82f42-0069258155" "proxy-server 21" 0.0091 "-" 23 0
Nov 25 10:13:41 standalone proxy-server[125200]: 172.18.0.2 ::1 25/Nov/2025/10/13/41 PUT /v1/AUTH_692cf325f9a14224bf157722f8f354f2/gnocchi.45630877-176e-4f39-bbf7-6a22d83d935e/1763640000.0_mean_300.0_v3 HTTP/1.0 201 - python-swiftclient-3.11.1 gAAAAABpJYCO3AkK... 16 - - txcc2d86d42909445c82f42-0069258155 - 0.0157 - - 1764065621.184107542 1764065621.199856281 0
Nov 25 10:13:41 standalone container-server[122995]: 172.20.0.100 - - [25/Nov/2025:10:13:41 +0000] "PUT /d1/456/AUTH_692cf325f9a14224bf157722f8f354f2/gnocchi.45630877-176e-4f39-bbf7-6a22d83d935e/none_v3" 201 - "PUT http://localhost:8080/d1/75/AUTH_692cf325f9a14224bf157722f8f354f2/gnocchi.45630877-176e-4f39-bbf7-6a22d83d935e/none_v3" "txd54fce8ecc894051bb429-0069258155" "object-server 25" 0.0008 "-" 17 0
Nov 25 10:13:41 standalone object-server[123267]: 172.20.0.100 - - [25/Nov/2025:10:13:41 +0000] "PUT /d1/75/AUTH_692cf325f9a14224bf157722f8f354f2/gnocchi.45630877-176e-4f39-bbf7-6a22d83d935e/none_v3" 201 - "PUT http://localhost:8080/v1/AUTH_692cf325f9a14224bf157722f8f354f2/gnocchi.45630877-176e-4f39-bbf7-6a22d83d935e/none_v3" "txd54fce8ecc894051bb429-0069258155" "proxy-server 21" 0.0110 "-" 25 0
Nov 25 10:13:41 standalone proxy-server[125200]: 172.18.0.2 ::1 25/Nov/2025/10/13/41 PUT /v1/AUTH_692cf325f9a14224bf157722f8f354f2/gnocchi.45630877-176e-4f39-bbf7-6a22d83d935e/none_v3 HTTP/1.0 201 - python-swiftclient-3.11.1 gAAAAABpJYCO3AkK... 22 - - txd54fce8ecc894051bb429-0069258155 - 0.0182 - - 1764065621.203747749 1764065621.221910238 0
Nov 25 10:13:41 standalone container-server[122961]: 172.20.0.100 - - [25/Nov/2025:10:13:41 +0000] "HEAD /d1/380/AUTH_692cf325f9a14224bf157722f8f354f2/gnocchi.d57d47e2-dee1-4c95-a8fa-df2b58650eda" 404 - "HEAD http://localhost:8080/v1/AUTH_692cf325f9a14224bf157722f8f354f2/gnocchi.d57d47e2-dee1-4c95-a8fa-df2b58650eda?format=json&states=listing" "txa9beaae0a510424db4df9-0069258155" "proxy-server 21" 0.0006 "-" 14 0
Nov 25 10:13:41 standalone object-server[123264]: 172.20.0.100 - - [25/Nov/2025:10:13:41 +0000] "GET /d1/341/AUTH_692cf325f9a14224bf157722f8f354f2/gnocchi.d57d47e2-dee1-4c95-a8fa-df2b58650eda/none_v3" 404 70 "GET http://localhost:8080/v1/AUTH_692cf325f9a14224bf157722f8f354f2/gnocchi.d57d47e2-dee1-4c95-a8fa-df2b58650eda/none_v3" "txa9beaae0a510424db4df9-0069258155" "proxy-server 21" 0.0004 "-" 23 0
Nov 25 10:13:41 standalone proxy-server[125200]: 172.18.0.2 ::1 25/Nov/2025/10/13/41 GET /v1/AUTH_692cf325f9a14224bf157722f8f354f2/gnocchi.d57d47e2-dee1-4c95-a8fa-df2b58650eda/none_v3 HTTP/1.0 404 - python-swiftclient-3.11.1 gAAAAABpJYCO3AkK... - 70 - txa9beaae0a510424db4df9-0069258155 - 0.0126 - - 1764065621.233486891 1764065621.246093988 0
Nov 25 10:13:41 standalone account-server[123119]: 172.20.0.100 - - [25/Nov/2025:10:13:41 +0000] "PUT /d1/565/AUTH_692cf325f9a14224bf157722f8f354f2/gnocchi.d57d47e2-dee1-4c95-a8fa-df2b58650eda" 201 - "PUT http://172.20.0.100:6001/d1/380/AUTH_692cf325f9a14224bf157722f8f354f2/gnocchi.d57d47e2-dee1-4c95-a8fa-df2b58650eda" "txd9e668cea1914fe2bcd1d-0069258155" "container-server 17" 0.0043 "-" 20 0
Nov 25 10:13:41 standalone container-server[122995]: 172.20.0.100 - - [25/Nov/2025:10:13:41 +0000] "PUT /d1/380/AUTH_692cf325f9a14224bf157722f8f354f2/gnocchi.d57d47e2-dee1-4c95-a8fa-df2b58650eda" 201 - "PUT http://localhost:8080/v1/AUTH_692cf325f9a14224bf157722f8f354f2/gnocchi.d57d47e2-dee1-4c95-a8fa-df2b58650eda" "txd9e668cea1914fe2bcd1d-0069258155" "proxy-server 21" 0.0177 "-" 17 0
Nov 25 10:13:41 standalone proxy-server[125200]: 172.18.0.2 ::1 25/Nov/2025/10/13/41 PUT /v1/AUTH_692cf325f9a14224bf157722f8f354f2/gnocchi.d57d47e2-dee1-4c95-a8fa-df2b58650eda HTTP/1.0 201 - python-swiftclient-3.11.1 gAAAAABpJYCO3AkK... - - - txd9e668cea1914fe2bcd1d-0069258155 - 0.0256 - - 1764065621.250527859 1764065621.276151896 0
Nov 25 10:13:41 standalone container-server[122995]: 172.20.0.100 - - [25/Nov/2025:10:13:41 +0000] "HEAD /d1/380/AUTH_692cf325f9a14224bf157722f8f354f2/gnocchi.d57d47e2-dee1-4c95-a8fa-df2b58650eda" 204 - "HEAD http://localhost:8080/v1/AUTH_692cf325f9a14224bf157722f8f354f2/gnocchi.d57d47e2-dee1-4c95-a8fa-df2b58650eda?format=json&states=listing" "tx91d5830ea8d44310b72f6-0069258155" "proxy-server 21" 0.0016 "-" 17 0
Nov 25 10:13:41 standalone proxy-server[125200]: - - 25/Nov/2025/10/13/41 HEAD /v1/AUTH_692cf325f9a14224bf157722f8f354f2/gnocchi.d57d47e2-dee1-4c95-a8fa-df2b58650eda%3Fformat%3Djson%26states%3Dlisting HTTP/1.0 204 - Swift - - - - tx91d5830ea8d44310b72f6-0069258155 - 0.0061 RL - 1764065621.283022642 1764065621.289140701 0
Nov 25 10:13:41 standalone container-server[122984]: 172.20.0.100 - - [25/Nov/2025:10:13:41 +0000] "GET /d1/380/AUTH_692cf325f9a14224bf157722f8f354f2/gnocchi.d57d47e2-dee1-4c95-a8fa-df2b58650eda" 200 2 "GET http://localhost:8080/v1/AUTH_692cf325f9a14224bf157722f8f354f2/gnocchi.d57d47e2-dee1-4c95-a8fa-df2b58650eda?format=json&states=listing" "tx91d5830ea8d44310b72f6-0069258155" "proxy-server 21" 0.0033 "-" 16 0
Nov 25 10:13:41 standalone proxy-server[125200]: 172.18.0.2 ::1 25/Nov/2025/10/13/41 GET /v1/AUTH_692cf325f9a14224bf157722f8f354f2/gnocchi.d57d47e2-dee1-4c95-a8fa-df2b58650eda%3Fformat%3Djson%26states%3Dlisting HTTP/1.0 200 - python-swiftclient-3.11.1 gAAAAABpJYCO3AkK... - 2 - tx91d5830ea8d44310b72f6-0069258155 - 0.0204 - - 1764065621.281177998 1764065621.301587343 0
Nov 25 10:13:41 standalone object-server[123264]: 172.20.0.100 - - [25/Nov/2025:10:13:41 +0000] "GET /d1/858/AUTH_692cf325f9a14224bf157722f8f354f2/gnocchi.d57d47e2-dee1-4c95-a8fa-df2b58650eda/1763640000.0_mean_300.0_v3" 404 70 "GET http://localhost:8080/v1/AUTH_692cf325f9a14224bf157722f8f354f2/gnocchi.d57d47e2-dee1-4c95-a8fa-df2b58650eda/1763640000.0_mean_300.0_v3" "txbfdcadbfe6e1419db0ff0-0069258155" "proxy-server 21" 0.0005 "-" 23 0
Nov 25 10:13:41 standalone proxy-server[125200]: 172.18.0.2 ::1 25/Nov/2025/10/13/41 GET /v1/AUTH_692cf325f9a14224bf157722f8f354f2/gnocchi.d57d47e2-dee1-4c95-a8fa-df2b58650eda/1763640000.0_mean_300.0_v3 HTTP/1.0 404 - python-swiftclient-3.11.1 gAAAAABpJYCO3AkK... - 70 - txbfdcadbfe6e1419db0ff0-0069258155 - 0.0085 - - 1764065621.306798220 1764065621.315298557 0
Nov 25 10:13:41 standalone container-server[122984]: 172.20.0.100 - - [25/Nov/2025:10:13:41 +0000] "PUT /d1/380/AUTH_692cf325f9a14224bf157722f8f354f2/gnocchi.d57d47e2-dee1-4c95-a8fa-df2b58650eda/1763640000.0_mean_300.0_v3" 201 - "PUT http://localhost:8080/d1/858/AUTH_692cf325f9a14224bf157722f8f354f2/gnocchi.d57d47e2-dee1-4c95-a8fa-df2b58650eda/1763640000.0_mean_300.0_v3" "tx7ce07e6b905843499717a-0069258155" "object-server 22" 0.0007 "-" 16 0
Nov 25 10:13:41 standalone object-server[123263]: 172.20.0.100 - - [25/Nov/2025:10:13:41 +0000] "PUT /d1/858/AUTH_692cf325f9a14224bf157722f8f354f2/gnocchi.d57d47e2-dee1-4c95-a8fa-df2b58650eda/1763640000.0_mean_300.0_v3" 201 - "PUT http://localhost:8080/v1/AUTH_692cf325f9a14224bf157722f8f354f2/gnocchi.d57d47e2-dee1-4c95-a8fa-df2b58650eda/1763640000.0_mean_300.0_v3" "tx7ce07e6b905843499717a-0069258155" "proxy-server 21" 0.0101 "-" 22 0
Nov 25 10:13:41 standalone proxy-server[125200]: 172.18.0.2 ::1 25/Nov/2025/10/13/41 PUT /v1/AUTH_692cf325f9a14224bf157722f8f354f2/gnocchi.d57d47e2-dee1-4c95-a8fa-df2b58650eda/1763640000.0_mean_300.0_v3 HTTP/1.0 201 - python-swiftclient-3.11.1 gAAAAABpJYCO3AkK... 16 - - tx7ce07e6b905843499717a-0069258155 - 0.0190 - - 1764065621.320708752 1764065621.339673758 0
Nov 25 10:13:41 standalone container-server[122961]: 172.20.0.100 - - [25/Nov/2025:10:13:41 +0000] "PUT /d1/380/AUTH_692cf325f9a14224bf157722f8f354f2/gnocchi.d57d47e2-dee1-4c95-a8fa-df2b58650eda/none_v3" 201 - "PUT http://localhost:8080/d1/341/AUTH_692cf325f9a14224bf157722f8f354f2/gnocchi.d57d47e2-dee1-4c95-a8fa-df2b58650eda/none_v3" "tx1af0fcd84dfb4459b47bb-0069258155" "object-server 25" 0.0008 "-" 14 0
Nov 25 10:13:41 standalone object-server[123267]: 172.20.0.100 - - [25/Nov/2025:10:13:41 +0000] "PUT /d1/341/AUTH_692cf325f9a14224bf157722f8f354f2/gnocchi.d57d47e2-dee1-4c95-a8fa-df2b58650eda/none_v3" 201 - "PUT http://localhost:8080/v1/AUTH_692cf325f9a14224bf157722f8f354f2/gnocchi.d57d47e2-dee1-4c95-a8fa-df2b58650eda/none_v3" "tx1af0fcd84dfb4459b47bb-0069258155" "proxy-server 21" 0.0131 "-" 25 0
Nov 25 10:13:41 standalone proxy-server[125200]: 172.18.0.2 ::1 25/Nov/2025/10/13/41 PUT /v1/AUTH_692cf325f9a14224bf157722f8f354f2/gnocchi.d57d47e2-dee1-4c95-a8fa-df2b58650eda/none_v3 HTTP/1.0 201 - python-swiftclient-3.11.1 gAAAAABpJYCO3AkK... 22 - - tx1af0fcd84dfb4459b47bb-0069258155 - 0.0235 - - 1764065621.348197460 1764065621.371685266 0
Nov 25 10:13:41 standalone container-server[122961]: 172.20.0.100 - - [25/Nov/2025:10:13:41 +0000] "HEAD /d1/664/AUTH_692cf325f9a14224bf157722f8f354f2/gnocchi.78c54942-0202-4129-bf7d-e0703116da04" 404 - "HEAD http://localhost:8080/v1/AUTH_692cf325f9a14224bf157722f8f354f2/gnocchi.78c54942-0202-4129-bf7d-e0703116da04?format=json&states=listing" "tx007e9d7220b24d22b8818-0069258155" "proxy-server 21" 0.0006 "-" 14 0
Nov 25 10:13:41 standalone object-server[123263]: 172.20.0.100 - - [25/Nov/2025:10:13:41 +0000] "GET /d1/19/AUTH_692cf325f9a14224bf157722f8f354f2/gnocchi.78c54942-0202-4129-bf7d-e0703116da04/none_v3" 404 70 "GET http://localhost:8080/v1/AUTH_692cf325f9a14224bf157722f8f354f2/gnocchi.78c54942-0202-4129-bf7d-e0703116da04/none_v3" "tx007e9d7220b24d22b8818-0069258155" "proxy-server 21" 0.0006 "-" 22 0
Nov 25 10:13:41 standalone proxy-server[125200]: 172.18.0.2 ::1 25/Nov/2025/10/13/41 GET /v1/AUTH_692cf325f9a14224bf157722f8f354f2/gnocchi.78c54942-0202-4129-bf7d-e0703116da04/none_v3 HTTP/1.0 404 - python-swiftclient-3.11.1 gAAAAABpJYCO3AkK... - 70 - tx007e9d7220b24d22b8818-0069258155 - 0.0148 - - 1764065621.386363983 1764065621.401210546 0
Nov 25 10:13:41 standalone account-server[123134]: 172.20.0.100 - - [25/Nov/2025:10:13:41 +0000] "PUT /d1/565/AUTH_692cf325f9a14224bf157722f8f354f2/gnocchi.78c54942-0202-4129-bf7d-e0703116da04" 201 - "PUT http://172.20.0.100:6001/d1/664/AUTH_692cf325f9a14224bf157722f8f354f2/gnocchi.78c54942-0202-4129-bf7d-e0703116da04" "tx9250432175d14321a6b6e-0069258155" "container-server 15" 0.0057 "-" 22 0
Nov 25 10:13:41 standalone container-server[122969]: 172.20.0.100 - - [25/Nov/2025:10:13:41 +0000] "PUT /d1/664/AUTH_692cf325f9a14224bf157722f8f354f2/gnocchi.78c54942-0202-4129-bf7d-e0703116da04" 201 - "PUT http://localhost:8080/v1/AUTH_692cf325f9a14224bf157722f8f354f2/gnocchi.78c54942-0202-4129-bf7d-e0703116da04" "tx9250432175d14321a6b6e-0069258155" "proxy-server 21" 0.0187 "-" 15 0
Nov 25 10:13:41 standalone proxy-server[125200]: 172.18.0.2 ::1 25/Nov/2025/10/13/41 PUT /v1/AUTH_692cf325f9a14224bf157722f8f354f2/gnocchi.78c54942-0202-4129-bf7d-e0703116da04 HTTP/1.0 201 - python-swiftclient-3.11.1 gAAAAABpJYCO3AkK... - - - tx9250432175d14321a6b6e-0069258155 - 0.0267 - - 1764065621.406419992 1764065621.433073997 0
Nov 25 10:13:41 standalone container-server[122984]: 172.20.0.100 - - [25/Nov/2025:10:13:41 +0000] "HEAD /d1/664/AUTH_692cf325f9a14224bf157722f8f354f2/gnocchi.78c54942-0202-4129-bf7d-e0703116da04" 204 - "HEAD http://localhost:8080/v1/AUTH_692cf325f9a14224bf157722f8f354f2/gnocchi.78c54942-0202-4129-bf7d-e0703116da04?format=json&states=listing" "txfa3dfc35921d4ed88f2a5-0069258155" "proxy-server 21" 0.0020 "-" 16 0
Nov 25 10:13:41 standalone proxy-server[125200]: - - 25/Nov/2025/10/13/41 HEAD /v1/AUTH_692cf325f9a14224bf157722f8f354f2/gnocchi.78c54942-0202-4129-bf7d-e0703116da04%3Fformat%3Djson%26states%3Dlisting HTTP/1.0 204 - Swift - - - - txfa3dfc35921d4ed88f2a5-0069258155 - 0.0082 RL - 1764065621.442962885 1764065621.451161861 0
Nov 25 10:13:41 standalone container-server[122995]: 172.20.0.100 - - [25/Nov/2025:10:13:41 +0000] "GET /d1/664/AUTH_692cf325f9a14224bf157722f8f354f2/gnocchi.78c54942-0202-4129-bf7d-e0703116da04" 200 2 "GET http://localhost:8080/v1/AUTH_692cf325f9a14224bf157722f8f354f2/gnocchi.78c54942-0202-4129-bf7d-e0703116da04?format=json&states=listing" "txfa3dfc35921d4ed88f2a5-0069258155" "proxy-server 21" 0.0039 "-" 17 0
Nov 25 10:13:41 standalone proxy-server[125200]: 172.18.0.2 ::1 25/Nov/2025/10/13/41 GET /v1/AUTH_692cf325f9a14224bf157722f8f354f2/gnocchi.78c54942-0202-4129-bf7d-e0703116da04%3Fformat%3Djson%26states%3Dlisting HTTP/1.0 200 - python-swiftclient-3.11.1 gAAAAABpJYCO3AkK... - 2 - txfa3dfc35921d4ed88f2a5-0069258155 - 0.0261 - - 1764065621.440895319 1764065621.466961145 0
Nov 25 10:13:41 standalone object-server[123266]: 172.20.0.100 - - [25/Nov/2025:10:13:41 +0000] "GET /d1/200/AUTH_692cf325f9a14224bf157722f8f354f2/gnocchi.78c54942-0202-4129-bf7d-e0703116da04/1763640000.0_mean_300.0_v3" 404 70 "GET http://localhost:8080/v1/AUTH_692cf325f9a14224bf157722f8f354f2/gnocchi.78c54942-0202-4129-bf7d-e0703116da04/1763640000.0_mean_300.0_v3" "txfa7d87d212dd403693cb2-0069258155" "proxy-server 21" 0.0004 "-" 24 0
Nov 25 10:13:41 standalone proxy-server[125200]: 172.18.0.2 ::1 25/Nov/2025/10/13/41 GET /v1/AUTH_692cf325f9a14224bf157722f8f354f2/gnocchi.78c54942-0202-4129-bf7d-e0703116da04/1763640000.0_mean_300.0_v3 HTTP/1.0 404 - python-swiftclient-3.11.1 gAAAAABpJYCO3AkK... - 70 - txfa7d87d212dd403693cb2-0069258155 - 0.0095 - - 1764065621.475694895 1764065621.485213518 0
Nov 25 10:13:41 standalone container-server[122969]: 172.20.0.100 - - [25/Nov/2025:10:13:41 +0000] "PUT /d1/664/AUTH_692cf325f9a14224bf157722f8f354f2/gnocchi.78c54942-0202-4129-bf7d-e0703116da04/1763640000.0_mean_300.0_v3" 201 - "PUT http://localhost:8080/d1/200/AUTH_692cf325f9a14224bf157722f8f354f2/gnocchi.78c54942-0202-4129-bf7d-e0703116da04/1763640000.0_mean_300.0_v3" "txcb731bab88304f6eabab5-0069258155" "object-server 24" 0.0007 "-" 15 0
Nov 25 10:13:41 standalone object-server[123266]: 172.20.0.100 - - [25/Nov/2025:10:13:41 +0000] "PUT /d1/200/AUTH_692cf325f9a14224bf157722f8f354f2/gnocchi.78c54942-0202-4129-bf7d-e0703116da04/1763640000.0_mean_300.0_v3" 201 - "PUT http://localhost:8080/v1/AUTH_692cf325f9a14224bf157722f8f354f2/gnocchi.78c54942-0202-4129-bf7d-e0703116da04/1763640000.0_mean_300.0_v3" "txcb731bab88304f6eabab5-0069258155" "proxy-server 21" 0.0118 "-" 24 0
Nov 25 10:13:41 standalone proxy-server[125200]: 172.18.0.2 ::1 25/Nov/2025/10/13/41 PUT /v1/AUTH_692cf325f9a14224bf157722f8f354f2/gnocchi.78c54942-0202-4129-bf7d-e0703116da04/1763640000.0_mean_300.0_v3 HTTP/1.0 201 - python-swiftclient-3.11.1 gAAAAABpJYCO3AkK... 16 - - txcb731bab88304f6eabab5-0069258155 - 0.0211 - - 1764065621.490294218 1764065621.511358023 0
Nov 25 10:13:41 standalone container-server[122961]: 172.20.0.100 - - [25/Nov/2025:10:13:41 +0000] "PUT /d1/664/AUTH_692cf325f9a14224bf157722f8f354f2/gnocchi.78c54942-0202-4129-bf7d-e0703116da04/none_v3" 201 - "PUT http://localhost:8080/d1/19/AUTH_692cf325f9a14224bf157722f8f354f2/gnocchi.78c54942-0202-4129-bf7d-e0703116da04/none_v3" "txaa24874a8d9f418986d1c-0069258155" "object-server 23" 0.0008 "-" 14 0
Nov 25 10:13:41 standalone object-server[123264]: 172.20.0.100 - - [25/Nov/2025:10:13:41 +0000] "PUT /d1/19/AUTH_692cf325f9a14224bf157722f8f354f2/gnocchi.78c54942-0202-4129-bf7d-e0703116da04/none_v3" 201 - "PUT http://localhost:8080/v1/AUTH_692cf325f9a14224bf157722f8f354f2/gnocchi.78c54942-0202-4129-bf7d-e0703116da04/none_v3" "txaa24874a8d9f418986d1c-0069258155" "proxy-server 21" 0.0111 "-" 23 0
Nov 25 10:13:41 standalone proxy-server[125200]: 172.18.0.2 ::1 25/Nov/2025/10/13/41 PUT /v1/AUTH_692cf325f9a14224bf157722f8f354f2/gnocchi.78c54942-0202-4129-bf7d-e0703116da04/none_v3 HTTP/1.0 201 - python-swiftclient-3.11.1 gAAAAABpJYCO3AkK... 22 - - txaa24874a8d9f418986d1c-0069258155 - 0.0200 - - 1764065621.515930414 1764065621.535956621 0
Nov 25 10:13:41 standalone container-server[122961]: 172.20.0.100 - - [25/Nov/2025:10:13:41 +0000] "HEAD /d1/93/AUTH_692cf325f9a14224bf157722f8f354f2/gnocchi.9c6b01a5-384e-4730-8f45-c99b6eebbbb4" 404 - "HEAD http://localhost:8080/v1/AUTH_692cf325f9a14224bf157722f8f354f2/gnocchi.9c6b01a5-384e-4730-8f45-c99b6eebbbb4?format=json&states=listing" "txbcb71667a35a4f779bba2-0069258155" "proxy-server 21" 0.0006 "-" 14 0
Nov 25 10:13:41 standalone object-server[123264]: 172.20.0.100 - - [25/Nov/2025:10:13:41 +0000] "GET /d1/972/AUTH_692cf325f9a14224bf157722f8f354f2/gnocchi.9c6b01a5-384e-4730-8f45-c99b6eebbbb4/none_v3" 404 70 "GET http://localhost:8080/v1/AUTH_692cf325f9a14224bf157722f8f354f2/gnocchi.9c6b01a5-384e-4730-8f45-c99b6eebbbb4/none_v3" "txbcb71667a35a4f779bba2-0069258155" "proxy-server 21" 0.0005 "-" 23 0
Nov 25 10:13:41 standalone proxy-server[125200]: 172.18.0.2 ::1 25/Nov/2025/10/13/41 GET /v1/AUTH_692cf325f9a14224bf157722f8f354f2/gnocchi.9c6b01a5-384e-4730-8f45-c99b6eebbbb4/none_v3 HTTP/1.0 404 - python-swiftclient-3.11.1 gAAAAABpJYCO3AkK... - 70 - txbcb71667a35a4f779bba2-0069258155 - 0.0154 - - 1764065621.550964117 1764065621.566318035 0
Nov 25 10:13:41 standalone account-server[123135]: 172.20.0.100 - - [25/Nov/2025:10:13:41 +0000] "PUT /d1/565/AUTH_692cf325f9a14224bf157722f8f354f2/gnocchi.9c6b01a5-384e-4730-8f45-c99b6eebbbb4" 201 - "PUT http://172.20.0.100:6001/d1/93/AUTH_692cf325f9a14224bf157722f8f354f2/gnocchi.9c6b01a5-384e-4730-8f45-c99b6eebbbb4" "tx54f6d688363f4743b954a-0069258155" "container-server 17" 0.0043 "-" 23 0
Nov 25 10:13:41 standalone container-server[122995]: 172.20.0.100 - - [25/Nov/2025:10:13:41 +0000] "PUT /d1/93/AUTH_692cf325f9a14224bf157722f8f354f2/gnocchi.9c6b01a5-384e-4730-8f45-c99b6eebbbb4" 201 - "PUT http://localhost:8080/v1/AUTH_692cf325f9a14224bf157722f8f354f2/gnocchi.9c6b01a5-384e-4730-8f45-c99b6eebbbb4" "tx54f6d688363f4743b954a-0069258155" "proxy-server 21" 0.0162 "-" 17 0
Nov 25 10:13:41 standalone proxy-server[125200]: 172.18.0.2 ::1 25/Nov/2025/10/13/41 PUT /v1/AUTH_692cf325f9a14224bf157722f8f354f2/gnocchi.9c6b01a5-384e-4730-8f45-c99b6eebbbb4 HTTP/1.0 201 - python-swiftclient-3.11.1 gAAAAABpJYCO3AkK... - - - tx54f6d688363f4743b954a-0069258155 - 0.0247 - - 1764065621.571483374 1764065621.596152067 0
Nov 25 10:13:41 standalone container-server[122984]: 172.20.0.100 - - [25/Nov/2025:10:13:41 +0000] "HEAD /d1/93/AUTH_692cf325f9a14224bf157722f8f354f2/gnocchi.9c6b01a5-384e-4730-8f45-c99b6eebbbb4" 204 - "HEAD http://localhost:8080/v1/AUTH_692cf325f9a14224bf157722f8f354f2/gnocchi.9c6b01a5-384e-4730-8f45-c99b6eebbbb4?format=json&states=listing" "tx66caec7ef74f4ba7b5969-0069258155" "proxy-server 21" 0.0014 "-" 16 0
Nov 25 10:13:41 standalone proxy-server[125200]: - - 25/Nov/2025/10/13/41 HEAD /v1/AUTH_692cf325f9a14224bf157722f8f354f2/gnocchi.9c6b01a5-384e-4730-8f45-c99b6eebbbb4%3Fformat%3Djson%26states%3Dlisting HTTP/1.0 204 - Swift - - - - tx66caec7ef74f4ba7b5969-0069258155 - 0.0058 RL - 1764065621.604539871 1764065621.610340834 0
Nov 25 10:13:41 standalone container-server[122961]: 172.20.0.100 - - [25/Nov/2025:10:13:41 +0000] "GET /d1/93/AUTH_692cf325f9a14224bf157722f8f354f2/gnocchi.9c6b01a5-384e-4730-8f45-c99b6eebbbb4" 200 2 "GET http://localhost:8080/v1/AUTH_692cf325f9a14224bf157722f8f354f2/gnocchi.9c6b01a5-384e-4730-8f45-c99b6eebbbb4?format=json&states=listing" "tx66caec7ef74f4ba7b5969-0069258155" "proxy-server 21" 0.0035 "-" 14 0
Nov 25 10:13:41 standalone proxy-server[125200]: 172.18.0.2 ::1 25/Nov/2025/10/13/41 GET /v1/AUTH_692cf325f9a14224bf157722f8f354f2/gnocchi.9c6b01a5-384e-4730-8f45-c99b6eebbbb4%3Fformat%3Djson%26states%3Dlisting HTTP/1.0 200 - python-swiftclient-3.11.1 gAAAAABpJYCO3AkK... - 2 - tx66caec7ef74f4ba7b5969-0069258155 - 0.0206 - - 1764065621.602556229 1764065621.623200417 0
Nov 25 10:13:41 standalone object-server[123266]: 172.20.0.100 - - [25/Nov/2025:10:13:41 +0000] "GET /d1/518/AUTH_692cf325f9a14224bf157722f8f354f2/gnocchi.9c6b01a5-384e-4730-8f45-c99b6eebbbb4/1763640000.0_mean_300.0_v3" 404 70 "GET http://localhost:8080/v1/AUTH_692cf325f9a14224bf157722f8f354f2/gnocchi.9c6b01a5-384e-4730-8f45-c99b6eebbbb4/1763640000.0_mean_300.0_v3" "tx92cecc876834403d9b58e-0069258155" "proxy-server 21" 0.0003 "-" 24 0
Nov 25 10:13:41 standalone proxy-server[125200]: 172.18.0.2 ::1 25/Nov/2025/10/13/41 GET /v1/AUTH_692cf325f9a14224bf157722f8f354f2/gnocchi.9c6b01a5-384e-4730-8f45-c99b6eebbbb4/1763640000.0_mean_300.0_v3 HTTP/1.0 404 - python-swiftclient-3.11.1 gAAAAABpJYCO3AkK... - 70 - tx92cecc876834403d9b58e-0069258155 - 0.0051 - - 1764065621.629049778 1764065621.634100914 0
Nov 25 10:13:41 standalone container-server[122984]: 172.20.0.100 - - [25/Nov/2025:10:13:41 +0000] "PUT /d1/93/AUTH_692cf325f9a14224bf157722f8f354f2/gnocchi.9c6b01a5-384e-4730-8f45-c99b6eebbbb4/1763640000.0_mean_300.0_v3" 201 - "PUT http://localhost:8080/d1/518/AUTH_692cf325f9a14224bf157722f8f354f2/gnocchi.9c6b01a5-384e-4730-8f45-c99b6eebbbb4/1763640000.0_mean_300.0_v3" "txe29cffe2529c423da0f59-0069258155" "object-server 25" 0.0006 "-" 16 0
Nov 25 10:13:41 standalone object-server[123267]: 172.20.0.100 - - [25/Nov/2025:10:13:41 +0000] "PUT /d1/518/AUTH_692cf325f9a14224bf157722f8f354f2/gnocchi.9c6b01a5-384e-4730-8f45-c99b6eebbbb4/1763640000.0_mean_300.0_v3" 201 - "PUT http://localhost:8080/v1/AUTH_692cf325f9a14224bf157722f8f354f2/gnocchi.9c6b01a5-384e-4730-8f45-c99b6eebbbb4/1763640000.0_mean_300.0_v3" "txe29cffe2529c423da0f59-0069258155" "proxy-server 21" 0.0116 "-" 25 0
Nov 25 10:13:41 standalone proxy-server[125200]: 172.18.0.2 ::1 25/Nov/2025/10/13/41 PUT /v1/AUTH_692cf325f9a14224bf157722f8f354f2/gnocchi.9c6b01a5-384e-4730-8f45-c99b6eebbbb4/1763640000.0_mean_300.0_v3 HTTP/1.0 201 - python-swiftclient-3.11.1 gAAAAABpJYCO3AkK... 16 - - txe29cffe2529c423da0f59-0069258155 - 0.0165 - - 1764065621.639124155 1764065621.655666590 0
Nov 25 10:13:41 standalone container-server[122995]: 172.20.0.100 - - [25/Nov/2025:10:13:41 +0000] "PUT /d1/93/AUTH_692cf325f9a14224bf157722f8f354f2/gnocchi.9c6b01a5-384e-4730-8f45-c99b6eebbbb4/none_v3" 201 - "PUT http://localhost:8080/d1/972/AUTH_692cf325f9a14224bf157722f8f354f2/gnocchi.9c6b01a5-384e-4730-8f45-c99b6eebbbb4/none_v3" "tx2acb82723c9649218c5f1-0069258155" "object-server 23" 0.0006 "-" 17 0
Nov 25 10:13:41 standalone object-server[123264]: 172.20.0.100 - - [25/Nov/2025:10:13:41 +0000] "PUT /d1/972/AUTH_692cf325f9a14224bf157722f8f354f2/gnocchi.9c6b01a5-384e-4730-8f45-c99b6eebbbb4/none_v3" 201 - "PUT http://localhost:8080/v1/AUTH_692cf325f9a14224bf157722f8f354f2/gnocchi.9c6b01a5-384e-4730-8f45-c99b6eebbbb4/none_v3" "tx2acb82723c9649218c5f1-0069258155" "proxy-server 21" 0.0104 "-" 23 0
Nov 25 10:13:41 standalone proxy-server[125200]: 172.18.0.2 ::1 25/Nov/2025/10/13/41 PUT /v1/AUTH_692cf325f9a14224bf157722f8f354f2/gnocchi.9c6b01a5-384e-4730-8f45-c99b6eebbbb4/none_v3 HTTP/1.0 201 - python-swiftclient-3.11.1 gAAAAABpJYCO3AkK... 22 - - tx2acb82723c9649218c5f1-0069258155 - 0.0158 - - 1764065621.659874678 1764065621.675713062 0
Nov 25 10:13:41 standalone container-server[122969]: 172.20.0.100 - - [25/Nov/2025:10:13:41 +0000] "HEAD /d1/524/AUTH_692cf325f9a14224bf157722f8f354f2/gnocchi.9e7bd6e0-005b-42c0-bdbb-054e59a81614" 404 - "HEAD http://localhost:8080/v1/AUTH_692cf325f9a14224bf157722f8f354f2/gnocchi.9e7bd6e0-005b-42c0-bdbb-054e59a81614?format=json&states=listing" "tx6406cb91a6874c28b51b7-0069258155" "proxy-server 21" 0.0006 "-" 15 0
Nov 25 10:13:41 standalone object-server[123264]: 172.20.0.100 - - [25/Nov/2025:10:13:41 +0000] "GET /d1/107/AUTH_692cf325f9a14224bf157722f8f354f2/gnocchi.9e7bd6e0-005b-42c0-bdbb-054e59a81614/none_v3" 404 70 "GET http://localhost:8080/v1/AUTH_692cf325f9a14224bf157722f8f354f2/gnocchi.9e7bd6e0-005b-42c0-bdbb-054e59a81614/none_v3" "tx6406cb91a6874c28b51b7-0069258155" "proxy-server 21" 0.0003 "-" 23 0
Nov 25 10:13:41 standalone proxy-server[125200]: 172.18.0.2 ::1 25/Nov/2025/10/13/41 GET /v1/AUTH_692cf325f9a14224bf157722f8f354f2/gnocchi.9e7bd6e0-005b-42c0-bdbb-054e59a81614/none_v3 HTTP/1.0 404 - python-swiftclient-3.11.1 gAAAAABpJYCO3AkK... - 70 - tx6406cb91a6874c28b51b7-0069258155 - 0.0096 - - 1764065621.689966440 1764065621.699542761 0
Nov 25 10:13:41 standalone account-server[123134]: 172.20.0.100 - - [25/Nov/2025:10:13:41 +0000] "PUT /d1/565/AUTH_692cf325f9a14224bf157722f8f354f2/gnocchi.9e7bd6e0-005b-42c0-bdbb-054e59a81614" 201 - "PUT http://172.20.0.100:6001/d1/524/AUTH_692cf325f9a14224bf157722f8f354f2/gnocchi.9e7bd6e0-005b-42c0-bdbb-054e59a81614" "tx6bb9fb27d5314edb827b8-0069258155" "container-server 16" 0.0042 "-" 22 0
Nov 25 10:13:41 standalone container-server[122984]: 172.20.0.100 - - [25/Nov/2025:10:13:41 +0000] "PUT /d1/524/AUTH_692cf325f9a14224bf157722f8f354f2/gnocchi.9e7bd6e0-005b-42c0-bdbb-054e59a81614" 201 - "PUT http://localhost:8080/v1/AUTH_692cf325f9a14224bf157722f8f354f2/gnocchi.9e7bd6e0-005b-42c0-bdbb-054e59a81614" "tx6bb9fb27d5314edb827b8-0069258155" "proxy-server 21" 0.0142 "-" 16 0
Nov 25 10:13:41 standalone proxy-server[125200]: 172.18.0.2 ::1 25/Nov/2025/10/13/41 PUT /v1/AUTH_692cf325f9a14224bf157722f8f354f2/gnocchi.9e7bd6e0-005b-42c0-bdbb-054e59a81614 HTTP/1.0 201 - python-swiftclient-3.11.1 gAAAAABpJYCO3AkK... - - - tx6bb9fb27d5314edb827b8-0069258155 - 0.0199 - - 1764065621.704378843 1764065621.724307060 0
Nov 25 10:13:41 standalone container-server[122984]: 172.20.0.100 - - [25/Nov/2025:10:13:41 +0000] "HEAD /d1/524/AUTH_692cf325f9a14224bf157722f8f354f2/gnocchi.9e7bd6e0-005b-42c0-bdbb-054e59a81614" 204 - "HEAD http://localhost:8080/v1/AUTH_692cf325f9a14224bf157722f8f354f2/gnocchi.9e7bd6e0-005b-42c0-bdbb-054e59a81614?format=json&states=listing" "txb991f763efab4a4c8f3d1-0069258155" "proxy-server 21" 0.0011 "-" 16 0
Nov 25 10:13:41 standalone proxy-server[125200]: - - 25/Nov/2025/10/13/41 HEAD /v1/AUTH_692cf325f9a14224bf157722f8f354f2/gnocchi.9e7bd6e0-005b-42c0-bdbb-054e59a81614%3Fformat%3Djson%26states%3Dlisting HTTP/1.0 204 - Swift - - - - txb991f763efab4a4c8f3d1-0069258155 - 0.0052 RL - 1764065621.732540369 1764065621.737779379 0
Nov 25 10:13:41 standalone container-server[122984]: 172.20.0.100 - - [25/Nov/2025:10:13:41 +0000] "GET /d1/524/AUTH_692cf325f9a14224bf157722f8f354f2/gnocchi.9e7bd6e0-005b-42c0-bdbb-054e59a81614" 200 2 "GET http://localhost:8080/v1/AUTH_692cf325f9a14224bf157722f8f354f2/gnocchi.9e7bd6e0-005b-42c0-bdbb-054e59a81614?format=json&states=listing" "txb991f763efab4a4c8f3d1-0069258155" "proxy-server 21" 0.0019 "-" 16 0
Nov 25 10:13:41 standalone proxy-server[125200]: 172.18.0.2 ::1 25/Nov/2025/10/13/41 GET /v1/AUTH_692cf325f9a14224bf157722f8f354f2/gnocchi.9e7bd6e0-005b-42c0-bdbb-054e59a81614%3Fformat%3Djson%26states%3Dlisting HTTP/1.0 200 - python-swiftclient-3.11.1 gAAAAABpJYCO3AkK... - 2 - txb991f763efab4a4c8f3d1-0069258155 - 0.0181 - - 1764065621.730549812 1764065621.748682499 0
Nov 25 10:13:41 standalone object-server[123267]: 172.20.0.100 - - [25/Nov/2025:10:13:41 +0000] "GET /d1/442/AUTH_692cf325f9a14224bf157722f8f354f2/gnocchi.9e7bd6e0-005b-42c0-bdbb-054e59a81614/1763640000.0_mean_300.0_v3" 404 70 "GET http://localhost:8080/v1/AUTH_692cf325f9a14224bf157722f8f354f2/gnocchi.9e7bd6e0-005b-42c0-bdbb-054e59a81614/1763640000.0_mean_300.0_v3" "tx4d22f0f7721f46149d725-0069258155" "proxy-server 21" 0.0006 "-" 25 0
Nov 25 10:13:41 standalone proxy-server[125200]: 172.18.0.2 ::1 25/Nov/2025/10/13/41 GET /v1/AUTH_692cf325f9a14224bf157722f8f354f2/gnocchi.9e7bd6e0-005b-42c0-bdbb-054e59a81614/1763640000.0_mean_300.0_v3 HTTP/1.0 404 - python-swiftclient-3.11.1 gAAAAABpJYCO3AkK... - 70 - tx4d22f0f7721f46149d725-0069258155 - 0.0085 - - 1764065621.754609346 1764065621.763112307 0
Nov 25 10:13:41 standalone container-server[122961]: 172.20.0.100 - - [25/Nov/2025:10:13:41 +0000] "PUT /d1/524/AUTH_692cf325f9a14224bf157722f8f354f2/gnocchi.9e7bd6e0-005b-42c0-bdbb-054e59a81614/1763640000.0_mean_300.0_v3" 201 - "PUT http://localhost:8080/d1/442/AUTH_692cf325f9a14224bf157722f8f354f2/gnocchi.9e7bd6e0-005b-42c0-bdbb-054e59a81614/1763640000.0_mean_300.0_v3" "tx4b807c13d4d44c81983fb-0069258155" "object-server 25" 0.0005 "-" 14 0
Nov 25 10:13:41 standalone object-server[123267]: 172.20.0.100 - - [25/Nov/2025:10:13:41 +0000] "PUT /d1/442/AUTH_692cf325f9a14224bf157722f8f354f2/gnocchi.9e7bd6e0-005b-42c0-bdbb-054e59a81614/1763640000.0_mean_300.0_v3" 201 - "PUT http://localhost:8080/v1/AUTH_692cf325f9a14224bf157722f8f354f2/gnocchi.9e7bd6e0-005b-42c0-bdbb-054e59a81614/1763640000.0_mean_300.0_v3" "tx4b807c13d4d44c81983fb-0069258155" "proxy-server 21" 0.0116 "-" 25 0
Nov 25 10:13:41 standalone proxy-server[125200]: 172.18.0.2 ::1 25/Nov/2025/10/13/41 PUT /v1/AUTH_692cf325f9a14224bf157722f8f354f2/gnocchi.9e7bd6e0-005b-42c0-bdbb-054e59a81614/1763640000.0_mean_300.0_v3 HTTP/1.0 201 - python-swiftclient-3.11.1 gAAAAABpJYCO3AkK... 16 - - tx4b807c13d4d44c81983fb-0069258155 - 0.0177 - - 1764065621.768182755 1764065621.785883904 0
Nov 25 10:13:41 standalone container-server[122984]: 172.20.0.100 - - [25/Nov/2025:10:13:41 +0000] "PUT /d1/524/AUTH_692cf325f9a14224bf157722f8f354f2/gnocchi.9e7bd6e0-005b-42c0-bdbb-054e59a81614/none_v3" 201 - "PUT http://localhost:8080/d1/107/AUTH_692cf325f9a14224bf157722f8f354f2/gnocchi.9e7bd6e0-005b-42c0-bdbb-054e59a81614/none_v3" "txcb6625c46a62404cb777f-0069258155" "object-server 23" 0.0004 "-" 16 0
Nov 25 10:13:41 standalone object-server[123264]: 172.20.0.100 - - [25/Nov/2025:10:13:41 +0000] "PUT /d1/107/AUTH_692cf325f9a14224bf157722f8f354f2/gnocchi.9e7bd6e0-005b-42c0-bdbb-054e59a81614/none_v3" 201 - "PUT http://localhost:8080/v1/AUTH_692cf325f9a14224bf157722f8f354f2/gnocchi.9e7bd6e0-005b-42c0-bdbb-054e59a81614/none_v3" "txcb6625c46a62404cb777f-0069258155" "proxy-server 21" 0.0095 "-" 23 0
Nov 25 10:13:41 standalone proxy-server[125200]: 172.18.0.2 ::1 25/Nov/2025/10/13/41 PUT /v1/AUTH_692cf325f9a14224bf157722f8f354f2/gnocchi.9e7bd6e0-005b-42c0-bdbb-054e59a81614/none_v3 HTTP/1.0 201 - python-swiftclient-3.11.1 gAAAAABpJYCO3AkK... 22 - - txcb6625c46a62404cb777f-0069258155 - 0.0148 - - 1764065621.790041924 1764065621.804859161 0
Nov 25 10:13:41 standalone container-server[122995]: 172.20.0.100 - - [25/Nov/2025:10:13:41 +0000] "HEAD /d1/593/AUTH_692cf325f9a14224bf157722f8f354f2/gnocchi.f2a3a06b-f434-4dae-9895-ed925460ace2" 404 - "HEAD http://localhost:8080/v1/AUTH_692cf325f9a14224bf157722f8f354f2/gnocchi.f2a3a06b-f434-4dae-9895-ed925460ace2?format=json&states=listing" "tx99df45db445e43fabc998-0069258155" "proxy-server 21" 0.0004 "-" 17 0
Nov 25 10:13:41 standalone object-server[123267]: 172.20.0.100 - - [25/Nov/2025:10:13:41 +0000] "GET /d1/909/AUTH_692cf325f9a14224bf157722f8f354f2/gnocchi.f2a3a06b-f434-4dae-9895-ed925460ace2/none_v3" 404 70 "GET http://localhost:8080/v1/AUTH_692cf325f9a14224bf157722f8f354f2/gnocchi.f2a3a06b-f434-4dae-9895-ed925460ace2/none_v3" "tx99df45db445e43fabc998-0069258155" "proxy-server 21" 0.0008 "-" 25 0
Nov 25 10:13:41 standalone proxy-server[125200]: 172.18.0.2 ::1 25/Nov/2025/10/13/41 GET /v1/AUTH_692cf325f9a14224bf157722f8f354f2/gnocchi.f2a3a06b-f434-4dae-9895-ed925460ace2/none_v3 HTTP/1.0 404 - python-swiftclient-3.11.1 gAAAAABpJYCO3AkK... - 70 - tx99df45db445e43fabc998-0069258155 - 0.0136 - - 1764065621.819252014 1764065621.832816362 0
Nov 25 10:13:41 standalone account-server[123119]: 172.20.0.100 - - [25/Nov/2025:10:13:41 +0000] "PUT /d1/565/AUTH_692cf325f9a14224bf157722f8f354f2/gnocchi.f2a3a06b-f434-4dae-9895-ed925460ace2" 201 - "PUT http://172.20.0.100:6001/d1/593/AUTH_692cf325f9a14224bf157722f8f354f2/gnocchi.f2a3a06b-f434-4dae-9895-ed925460ace2" "tx924cb2e485224eee8dabd-0069258155" "container-server 17" 0.0062 "-" 20 0
Nov 25 10:13:41 standalone container-server[122995]: 172.20.0.100 - - [25/Nov/2025:10:13:41 +0000] "PUT /d1/593/AUTH_692cf325f9a14224bf157722f8f354f2/gnocchi.f2a3a06b-f434-4dae-9895-ed925460ace2" 201 - "PUT http://localhost:8080/v1/AUTH_692cf325f9a14224bf157722f8f354f2/gnocchi.f2a3a06b-f434-4dae-9895-ed925460ace2" "tx924cb2e485224eee8dabd-0069258155" "proxy-server 21" 0.0458 "-" 17 0
Nov 25 10:13:41 standalone proxy-server[125200]: 172.18.0.2 ::1 25/Nov/2025/10/13/41 PUT /v1/AUTH_692cf325f9a14224bf157722f8f354f2/gnocchi.f2a3a06b-f434-4dae-9895-ed925460ace2 HTTP/1.0 201 - python-swiftclient-3.11.1 gAAAAABpJYCO3AkK... - - - tx924cb2e485224eee8dabd-0069258155 - 0.0546 - - 1764065621.838756084 1764065621.893378496 0
Nov 25 10:13:41 standalone container-server[122969]: 172.20.0.100 - - [25/Nov/2025:10:13:41 +0000] "HEAD /d1/593/AUTH_692cf325f9a14224bf157722f8f354f2/gnocchi.f2a3a06b-f434-4dae-9895-ed925460ace2" 204 - "HEAD http://localhost:8080/v1/AUTH_692cf325f9a14224bf157722f8f354f2/gnocchi.f2a3a06b-f434-4dae-9895-ed925460ace2?format=json&states=listing" "tx6569b9d2ace6497f83bb7-0069258155" "proxy-server 21" 0.0015 "-" 15 0
Nov 25 10:13:41 standalone proxy-server[125200]: - - 25/Nov/2025/10/13/41 HEAD /v1/AUTH_692cf325f9a14224bf157722f8f354f2/gnocchi.f2a3a06b-f434-4dae-9895-ed925460ace2%3Fformat%3Djson%26states%3Dlisting HTTP/1.0 204 - Swift - - - - tx6569b9d2ace6497f83bb7-0069258155 - 0.0063 RL - 1764065621.900804520 1764065621.907120943 0
Nov 25 10:13:41 standalone container-server[122995]: 172.20.0.100 - - [25/Nov/2025:10:13:41 +0000] "GET /d1/593/AUTH_692cf325f9a14224bf157722f8f354f2/gnocchi.f2a3a06b-f434-4dae-9895-ed925460ace2" 200 2 "GET http://localhost:8080/v1/AUTH_692cf325f9a14224bf157722f8f354f2/gnocchi.f2a3a06b-f434-4dae-9895-ed925460ace2?format=json&states=listing" "tx6569b9d2ace6497f83bb7-0069258155" "proxy-server 21" 0.0028 "-" 17 0
Nov 25 10:13:41 standalone proxy-server[125200]: 172.18.0.2 ::1 25/Nov/2025/10/13/41 GET /v1/AUTH_692cf325f9a14224bf157722f8f354f2/gnocchi.f2a3a06b-f434-4dae-9895-ed925460ace2%3Fformat%3Djson%26states%3Dlisting HTTP/1.0 200 - python-swiftclient-3.11.1 gAAAAABpJYCO3AkK... - 2 - tx6569b9d2ace6497f83bb7-0069258155 - 0.0211 - - 1764065621.899112463 1764065621.920235157 0
Nov 25 10:13:41 standalone object-server[123264]: 172.20.0.100 - - [25/Nov/2025:10:13:41 +0000] "GET /d1/607/AUTH_692cf325f9a14224bf157722f8f354f2/gnocchi.f2a3a06b-f434-4dae-9895-ed925460ace2/1763640000.0_mean_300.0_v3" 404 70 "GET http://localhost:8080/v1/AUTH_692cf325f9a14224bf157722f8f354f2/gnocchi.f2a3a06b-f434-4dae-9895-ed925460ace2/1763640000.0_mean_300.0_v3" "tx9930c96470814dc3a96be-0069258155" "proxy-server 21" 0.0004 "-" 23 0
Nov 25 10:13:41 standalone proxy-server[125200]: 172.18.0.2 ::1 25/Nov/2025/10/13/41 GET /v1/AUTH_692cf325f9a14224bf157722f8f354f2/gnocchi.f2a3a06b-f434-4dae-9895-ed925460ace2/1763640000.0_mean_300.0_v3 HTTP/1.0 404 - python-swiftclient-3.11.1 gAAAAABpJYCO3AkK... - 70 - tx9930c96470814dc3a96be-0069258155 - 0.0080 - - 1764065621.924739599 1764065621.932754517 0
Nov 25 10:13:41 standalone container-server[122984]: 172.20.0.100 - - [25/Nov/2025:10:13:41 +0000] "PUT /d1/593/AUTH_692cf325f9a14224bf157722f8f354f2/gnocchi.f2a3a06b-f434-4dae-9895-ed925460ace2/1763640000.0_mean_300.0_v3" 201 - "PUT http://localhost:8080/d1/607/AUTH_692cf325f9a14224bf157722f8f354f2/gnocchi.f2a3a06b-f434-4dae-9895-ed925460ace2/1763640000.0_mean_300.0_v3" "txa790ca9f462641a182a27-0069258155" "object-server 23" 0.0008 "-" 16 0
Nov 25 10:13:41 standalone object-server[123264]: 172.20.0.100 - - [25/Nov/2025:10:13:41 +0000] "PUT /d1/607/AUTH_692cf325f9a14224bf157722f8f354f2/gnocchi.f2a3a06b-f434-4dae-9895-ed925460ace2/1763640000.0_mean_300.0_v3" 201 - "PUT http://localhost:8080/v1/AUTH_692cf325f9a14224bf157722f8f354f2/gnocchi.f2a3a06b-f434-4dae-9895-ed925460ace2/1763640000.0_mean_300.0_v3" "txa790ca9f462641a182a27-0069258155" "proxy-server 21" 0.0100 "-" 23 0
Nov 25 10:13:41 standalone proxy-server[125200]: 172.18.0.2 ::1 25/Nov/2025/10/13/41 PUT /v1/AUTH_692cf325f9a14224bf157722f8f354f2/gnocchi.f2a3a06b-f434-4dae-9895-ed925460ace2/1763640000.0_mean_300.0_v3 HTTP/1.0 201 - python-swiftclient-3.11.1 gAAAAABpJYCO3AkK... 16 - - txa790ca9f462641a182a27-0069258155 - 0.0178 - - 1764065621.936342478 1764065621.954131365 0
Nov 25 10:13:41 standalone container-server[122961]: 172.20.0.100 - - [25/Nov/2025:10:13:41 +0000] "PUT /d1/593/AUTH_692cf325f9a14224bf157722f8f354f2/gnocchi.f2a3a06b-f434-4dae-9895-ed925460ace2/none_v3" 201 - "PUT http://localhost:8080/d1/909/AUTH_692cf325f9a14224bf157722f8f354f2/gnocchi.f2a3a06b-f434-4dae-9895-ed925460ace2/none_v3" "txe13c45325bb1474f9f8b9-0069258155" "object-server 23" 0.0008 "-" 14 0
Nov 25 10:13:41 standalone object-server[123264]: 172.20.0.100 - - [25/Nov/2025:10:13:41 +0000] "PUT /d1/909/AUTH_692cf325f9a14224bf157722f8f354f2/gnocchi.f2a3a06b-f434-4dae-9895-ed925460ace2/none_v3" 201 - "PUT http://localhost:8080/v1/AUTH_692cf325f9a14224bf157722f8f354f2/gnocchi.f2a3a06b-f434-4dae-9895-ed925460ace2/none_v3" "txe13c45325bb1474f9f8b9-0069258155" "proxy-server 21" 0.0131 "-" 23 0
Nov 25 10:13:41 standalone proxy-server[125200]: 172.18.0.2 ::1 25/Nov/2025/10/13/41 PUT /v1/AUTH_692cf325f9a14224bf157722f8f354f2/gnocchi.f2a3a06b-f434-4dae-9895-ed925460ace2/none_v3 HTTP/1.0 201 - python-swiftclient-3.11.1 gAAAAABpJYCO3AkK... 22 - - txe13c45325bb1474f9f8b9-0069258155 - 0.0214 - - 1764065621.958116770 1764065621.979545593 0
Nov 25 10:13:41 standalone container-server[122961]: 172.20.0.100 - - [25/Nov/2025:10:13:41 +0000] "HEAD /d1/506/AUTH_692cf325f9a14224bf157722f8f354f2/gnocchi.7457deba-fbf5-4c2d-964e-a357d9a047cc" 404 - "HEAD http://localhost:8080/v1/AUTH_692cf325f9a14224bf157722f8f354f2/gnocchi.7457deba-fbf5-4c2d-964e-a357d9a047cc?format=json&states=listing" "tx01751e877cdf449885a24-0069258155" "proxy-server 21" 0.0006 "-" 14 0
