Nov 25 09:58:43 standalone account-server[122716]: Starting 2
Nov 25 09:58:43 standalone container-server[122773]: Option allow_versions is deprecated. Configure the versioned_writes middleware in the proxy-server instead. This option will be ignored in a future release.
Nov 25 09:58:43 standalone container-server[122961]: Option allow_versions is deprecated. Configure the versioned_writes middleware in the proxy-server instead. This option will be ignored in a future release.
Nov 25 09:58:43 standalone container-server[122773]: Started child 14 from parent 2
Nov 25 09:58:43 standalone container-server[122969]: Option allow_versions is deprecated. Configure the versioned_writes middleware in the proxy-server instead. This option will be ignored in a future release.
Nov 25 09:58:43 standalone container-server[122773]: Started child 15 from parent 2
Nov 25 09:58:43 standalone container-server[122984]: Option allow_versions is deprecated. Configure the versioned_writes middleware in the proxy-server instead. This option will be ignored in a future release.
Nov 25 09:58:43 standalone container-server[122773]: Started child 16 from parent 2
Nov 25 09:58:43 standalone container-server[122995]: Option allow_versions is deprecated. Configure the versioned_writes middleware in the proxy-server instead. This option will be ignored in a future release.
Nov 25 09:58:43 standalone container-server[122773]: Started child 17 from parent 2
Nov 25 09:58:43 standalone account-server[122775]: Started child 20 from parent 2
Nov 25 09:58:43 standalone account-server[122775]: Started child 21 from parent 2
Nov 25 09:58:43 standalone account-server[122775]: Started child 22 from parent 2
Nov 25 09:58:43 standalone account-server[122775]: Started child 23 from parent 2
Nov 25 09:58:44 standalone container-server[122942]: Starting 2
Nov 25 09:58:44 standalone object-expirer[123026]: Starting 2
Nov 25 09:58:44 standalone object-expirer[123026]: Option auto_create_account_prefix is deprecated. Configure auto_create_account_prefix under the swift-constraints section of swift.conf. This option will be ignored in a future release.
Nov 25 09:58:44 standalone object-server[123153]: Starting 2
Nov 25 09:58:44 standalone object-server[123150]: Started child 22 from parent 2
Nov 25 09:58:44 standalone object-server[123150]: Started child 23 from parent 2
Nov 25 09:58:44 standalone object-server[123150]: Started child 24 from parent 2
Nov 25 09:58:44 standalone object-server[123150]: Started child 25 from parent 2
Nov 25 09:58:50 standalone proxy-server[124828]: Starting Keystone auth_token middleware
Nov 25 09:58:50 standalone proxy-server[124828]: AuthToken middleware is set with keystone_authtoken.service_token_roles_required set to False. This is backwards compatible but deprecated behaviour. Please set this to True.
Nov 25 09:58:50 standalone proxy-server[125200]: Starting Keystone auth_token middleware
Nov 25 09:58:50 standalone proxy-server[125200]: STDERR: The option "bind_port" is not known to keystonemiddleware
Nov 25 09:58:50 standalone proxy-server[125200]: STDERR: The option "workers" is not known to keystonemiddleware
Nov 25 09:58:50 standalone proxy-server[125200]: STDERR: The option "user" is not known to keystonemiddleware
Nov 25 09:58:50 standalone proxy-server[125200]: STDERR: The option "bind_ip" is not known to keystonemiddleware
Nov 25 09:58:50 standalone proxy-server[125200]: STDERR: The option "log_name" is not known to keystonemiddleware
Nov 25 09:58:50 standalone proxy-server[125200]: STDERR: The option "log_facility" is not known to keystonemiddleware
Nov 25 09:58:50 standalone proxy-server[125200]: STDERR: The option "log_level" is not known to keystonemiddleware
Nov 25 09:58:50 standalone proxy-server[125200]: STDERR: The option "log_headers" is not known to keystonemiddleware
Nov 25 09:58:50 standalone proxy-server[125200]: STDERR: The option "log_address" is not known to keystonemiddleware
Nov 25 09:58:50 standalone proxy-server[125200]: STDERR: The option "project_name" is not known to keystonemiddleware
Nov 25 09:58:50 standalone proxy-server[125200]: STDERR: The option "username" is not known to keystonemiddleware
Nov 25 09:58:50 standalone proxy-server[125200]: STDERR: The option "password" is not known to keystonemiddleware
Nov 25 09:58:50 standalone proxy-server[125200]: STDERR: The option "auth_url" is not known to keystonemiddleware
Nov 25 09:58:50 standalone proxy-server[125200]: STDERR: The option "signing_dir" is not known to keystonemiddleware
Nov 25 09:58:50 standalone proxy-server[125200]: STDERR: The option "project_domain_id" is not known to keystonemiddleware
Nov 25 09:58:50 standalone proxy-server[125200]: STDERR: The option "user_domain_id" is not known to keystonemiddleware
Nov 25 09:58:50 standalone proxy-server[125200]: STDERR: The option "__name__" is not known to keystonemiddleware
Nov 25 09:58:50 standalone proxy-server[125200]: AuthToken middleware is set with keystone_authtoken.service_token_roles_required set to False. This is backwards compatible but deprecated behaviour. Please set this to True.
Nov 25 09:58:50 standalone proxy-server[124828]: Started child 21 from parent 2
Nov 25 09:59:21 standalone object-server[123153]: Begin object update sweep
Nov 25 09:59:21 standalone object-server[128723]: Object update sweep starting on /srv/node/d1 (pid: 11)
Nov 25 09:59:21 standalone object-server[128723]: Object update sweep completed on /srv/node/d1 in 0.00s seconds:, 0 successes, 0 failures, 0 quarantines, 0 unlinks, 0 errors, 0 redirects (pid: 11)
Nov 25 09:59:21 standalone object-server[128723]: Object update sweep of d1 completed: 0.00s, 0 successes, 0 failures, 0 quarantines, 0 unlinks, 0 errors, 0 redirects
Nov 25 09:59:21 standalone object-server[123153]: Object update sweep completed: 0.08s
Nov 25 10:00:13 standalone account-server[123119]: 172.20.0.100 - - [25/Nov/2025:10:00:13 +0000] "HEAD /d1/688/.expiring_objects" 404 - "HEAD http://localhost/v1/.expiring_objects?format=json" "txf0091026e75247e88e7e7-0069257e2d" "proxy-server 2" 0.0016 "-" 20 -
Nov 25 10:00:13 standalone object-expirer[123026]: Pass completed in 0s; 0 objects expired (txn: txf0091026e75247e88e7e7-0069257e2d)
Nov 25 10:00:19 standalone account-server[123134]: 172.20.0.100 - - [25/Nov/2025:10:00:19 +0000] "HEAD /d1/688/.expiring_objects" 404 - "HEAD http://localhost/v1/.expiring_objects?format=json" "txca91dcbad6e947598bbb9-0069257e33" "proxy-server 2" 0.0017 "-" 22 -
Nov 25 10:00:19 standalone object-expirer[123026]: Pass completed in 0s; 0 objects expired (txn: txca91dcbad6e947598bbb9-0069257e33)
Nov 25 10:02:51 standalone container-server[122942]: Begin container update sweep
Nov 25 10:02:51 standalone container-server[122942]: Container update sweep completed: 0.00s
Nov 25 10:04:21 standalone object-server[123153]: Begin object update sweep
Nov 25 10:04:21 standalone object-server[163349]: Object update sweep starting on /srv/node/d1 (pid: 13)
Nov 25 10:04:21 standalone object-server[163349]: Object update sweep completed on /srv/node/d1 in 0.00s seconds:, 0 successes, 0 failures, 0 quarantines, 0 unlinks, 0 errors, 0 redirects (pid: 13)
Nov 25 10:04:21 standalone object-server[163349]: Object update sweep of d1 completed: 0.00s, 0 successes, 0 failures, 0 quarantines, 0 unlinks, 0 errors, 0 redirects
Nov 25 10:04:21 standalone object-server[123153]: Object update sweep completed: 0.06s
Nov 25 10:04:29 standalone account-server[123135]: 172.20.0.100 - - [25/Nov/2025:10:04:29 +0000] "HEAD /d1/688/.expiring_objects" 404 - "HEAD http://localhost/v1/.expiring_objects?format=json" "tx43b68c3d3ed44321ac1b4-0069257f2d" "proxy-server 2" 0.0009 "-" 23 -
Nov 25 10:04:29 standalone object-expirer[123026]: Pass completed in 0s; 0 objects expired (txn: tx43b68c3d3ed44321ac1b4-0069257f2d)
Nov 25 10:05:12 standalone account-server[123134]: 172.20.0.100 - - [25/Nov/2025:10:05:12 +0000] "HEAD /d1/565/AUTH_692cf325f9a14224bf157722f8f354f2" 404 - "HEAD http://localhost:8080/v1/AUTH_692cf325f9a14224bf157722f8f354f2?format=json" "tx2524dc1c85a8467b89860-0069257f58" "proxy-server 21" 0.0005 "-" 22 -
Nov 25 10:05:12 standalone proxy-server[125200]: - - 25/Nov/2025/10/05/12 HEAD /v1/AUTH_692cf325f9a14224bf157722f8f354f2%3Fformat%3Djson HTTP/1.0 200 - Swift - - - - tx2524dc1c85a8467b89860-0069257f58 - 0.0065 RL - 1764065112.802645445 1764065112.809120178 -
Nov 25 10:05:13 standalone proxy-server[125200]: 172.18.0.2 ::1 25/Nov/2025/10/05/13 HEAD /v1/AUTH_692cf325f9a14224bf157722f8f354f2/glance%3Fformat%3Djson HTTP/1.0 404 - python-swiftclient-3.11.1 gAAAAABpJX9Ycoo5... - - - tx2524dc1c85a8467b89860-0069257f58 - 0.4503 - - 1764065112.794741392 1764065113.245061874 -
Nov 25 10:05:13 standalone account-server[123135]: 172.20.0.100 - - [25/Nov/2025:10:05:13 +0000] "PUT /d1/565/AUTH_692cf325f9a14224bf157722f8f354f2" 201 - "-" "tx27deb73a75934164a1187-0069257f59" "-" 0.0150 "-" 23 -
Nov 25 10:05:13 standalone proxy-server[125200]: autocreate account '/AUTH_692cf325f9a14224bf157722f8f354f2' (txn: tx27deb73a75934164a1187-0069257f59)
Nov 25 10:05:13 standalone account-server[123129]: 172.20.0.100 - - [25/Nov/2025:10:05:13 +0000] "HEAD /d1/565/AUTH_692cf325f9a14224bf157722f8f354f2" 204 - "HEAD http://localhost:8080/v1/AUTH_692cf325f9a14224bf157722f8f354f2?format=json" "tx27deb73a75934164a1187-0069257f59" "proxy-server 21" 0.0040 "-" 21 -
Nov 25 10:05:13 standalone account-server[123129]: 172.20.0.100 - - [25/Nov/2025:10:05:13 +0000] "PUT /d1/565/AUTH_692cf325f9a14224bf157722f8f354f2/glance" 201 - "PUT http://172.20.0.100:6001/d1/879/AUTH_692cf325f9a14224bf157722f8f354f2/glance" "tx27deb73a75934164a1187-0069257f59" "container-server 16" 0.0021 "-" 21 0
Nov 25 10:05:13 standalone container-server[122984]: 172.20.0.100 - - [25/Nov/2025:10:05:13 +0000] "PUT /d1/879/AUTH_692cf325f9a14224bf157722f8f354f2/glance" 201 - "PUT http://localhost:8080/v1/AUTH_692cf325f9a14224bf157722f8f354f2/glance" "tx27deb73a75934164a1187-0069257f59" "proxy-server 21" 0.0126 "-" 16 0
Nov 25 10:05:13 standalone proxy-server[125200]: 172.18.0.2 ::1 25/Nov/2025/10/05/13 PUT /v1/AUTH_692cf325f9a14224bf157722f8f354f2/glance HTTP/1.0 201 - python-swiftclient-3.11.1 gAAAAABpJX9Ycoo5... - - - tx27deb73a75934164a1187-0069257f59 - 0.0440 - - 1764065113.249962330 1764065113.293921947 0
Nov 25 10:05:13 standalone container-server[122995]: 172.20.0.100 - - [25/Nov/2025:10:05:13 +0000] "HEAD /d1/879/AUTH_692cf325f9a14224bf157722f8f354f2/glance" 204 - "HEAD http://localhost:8080/v1/AUTH_692cf325f9a14224bf157722f8f354f2/glance?format=json&states=listing" "tx2338545a8d88400fbc78e-0069257f59" "proxy-server 21" 0.0022 "-" 17 0
Nov 25 10:05:13 standalone proxy-server[125200]: - - 25/Nov/2025/10/05/13 HEAD /v1/AUTH_692cf325f9a14224bf157722f8f354f2/glance%3Fformat%3Djson%26states%3Dlisting HTTP/1.0 204 - Swift - - - - tx2338545a8d88400fbc78e-0069257f59 - 0.0114 RL - 1764065113.308797598 1764065113.320173740 0
Nov 25 10:05:31 standalone container-server[122961]: 172.20.0.100 - - [25/Nov/2025:10:05:31 +0000] "PUT /d1/879/AUTH_692cf325f9a14224bf157722f8f354f2/glance/145fd612-2aff-45e3-8d80-5b10eb55d1f5" 201 - "PUT http://localhost:8080/d1/769/AUTH_692cf325f9a14224bf157722f8f354f2/glance/145fd612-2aff-45e3-8d80-5b10eb55d1f5" "tx2338545a8d88400fbc78e-0069257f59" "object-server 25" 0.0075 "-" 14 0
Nov 25 10:05:31 standalone object-server[123267]: 172.20.0.100 - - [25/Nov/2025:10:05:31 +0000] "PUT /d1/769/AUTH_692cf325f9a14224bf157722f8f354f2/glance/145fd612-2aff-45e3-8d80-5b10eb55d1f5" 201 - "PUT http://localhost:8080/v1/AUTH_692cf325f9a14224bf157722f8f354f2/glance/145fd612-2aff-45e3-8d80-5b10eb55d1f5" "tx2338545a8d88400fbc78e-0069257f59" "proxy-server 21" 18.5643 "-" 25 0
Nov 25 10:05:31 standalone proxy-server[125200]: 172.18.0.2 ::1 25/Nov/2025/10/05/31 PUT /v1/AUTH_692cf325f9a14224bf157722f8f354f2/glance/145fd612-2aff-45e3-8d80-5b10eb55d1f5 HTTP/1.0 201 - python-swiftclient-3.11.1 gAAAAABpJX9Ycoo5... 1472724992 - - tx2338545a8d88400fbc78e-0069257f59 - 18.5836 - - 1764065113.307862520 1764065131.891478539 0
Nov 25 10:05:37 standalone account-server[123134]: 172.20.0.100 - - [25/Nov/2025:10:05:37 +0000] "HEAD /d1/688/.expiring_objects" 404 - "HEAD http://localhost/v1/.expiring_objects?format=json" "txa2a7babfff2d4fbaa7ec0-0069257f71" "proxy-server 2" 0.0006 "-" 22 -
Nov 25 10:05:37 standalone object-expirer[123026]: Pass completed in 0s; 0 objects expired (txn: txa2a7babfff2d4fbaa7ec0-0069257f71)
Nov 25 10:07:51 standalone container-server[122942]: Begin container update sweep
Nov 25 10:07:51 standalone account-server[123119]: 172.20.0.100 - - [25/Nov/2025:10:07:51 +0000] "PUT /d1/565/AUTH_692cf325f9a14224bf157722f8f354f2/glance" 201 - "-" "-" "container-updater 2" 0.0008 "-" 20 0
Nov 25 10:07:51 standalone container-server[122942]: Container update sweep completed: 0.11s
Nov 25 10:08:18 standalone account-server[123135]: 172.20.0.100 - - [25/Nov/2025:10:08:18 +0000] "HEAD /d1/688/.expiring_objects" 404 - "HEAD http://localhost/v1/.expiring_objects?format=json" "txaee517c2f7224da181b91-0069258012" "proxy-server 2" 0.0007 "-" 23 -
Nov 25 10:08:18 standalone object-expirer[123026]: Pass completed in 0s; 0 objects expired (txn: txaee517c2f7224da181b91-0069258012)
Nov 25 10:09:21 standalone object-server[123153]: Begin object update sweep
Nov 25 10:09:21 standalone object-server[201726]: Object update sweep starting on /srv/node/d1 (pid: 14)
Nov 25 10:09:21 standalone object-server[201726]: Object update sweep completed on /srv/node/d1 in 0.00s seconds:, 0 successes, 0 failures, 0 quarantines, 0 unlinks, 0 errors, 0 redirects (pid: 14)
Nov 25 10:09:21 standalone object-server[201726]: Object update sweep of d1 completed: 0.00s, 0 successes, 0 failures, 0 quarantines, 0 unlinks, 0 errors, 0 redirects
Nov 25 10:09:21 standalone object-server[123153]: Object update sweep completed: 0.08s
Nov 25 10:10:19 standalone account-server[123129]: 172.20.0.100 - - [25/Nov/2025:10:10:19 +0000] "HEAD /d1/565/AUTH_692cf325f9a14224bf157722f8f354f2" 204 - "HEAD http://localhost:8080/v1/AUTH_692cf325f9a14224bf157722f8f354f2?format=json" "tx92cf39aa46934088b273f-006925808b" "proxy-server 21" 0.0055 "-" 21 -
Nov 25 10:10:19 standalone proxy-server[125200]: - - 25/Nov/2025/10/10/19 HEAD /v1/AUTH_692cf325f9a14224bf157722f8f354f2%3Fformat%3Djson HTTP/1.0 204 - Swift - - - - tx92cf39aa46934088b273f-006925808b - 0.0105 RL - 1764065419.116918087 1764065419.127404451 -
Nov 25 10:10:19 standalone container-server[122961]: 172.20.0.100 - - [25/Nov/2025:10:10:19 +0000] "HEAD /d1/879/AUTH_692cf325f9a14224bf157722f8f354f2/glance" 204 - "HEAD http://localhost:8080/v1/AUTH_692cf325f9a14224bf157722f8f354f2/glance?format=json&states=listing" "tx92cf39aa46934088b273f-006925808b" "proxy-server 21" 0.0029 "-" 14 0
Nov 25 10:10:19 standalone proxy-server[125200]: 172.18.0.2 ::1 25/Nov/2025/10/10/19 HEAD /v1/AUTH_692cf325f9a14224bf157722f8f354f2/glance%3Fformat%3Djson%26states%3Dlisting HTTP/1.0 204 - python-swiftclient-3.11.1 gAAAAABpJYCL11wZ... - - - tx92cf39aa46934088b273f-006925808b - 0.1026 - - 1764065419.115923166 1764065419.218493462 0
Nov 25 10:10:21 standalone container-server[122969]: 172.20.0.100 - - [25/Nov/2025:10:10:21 +0000] "PUT /d1/879/AUTH_692cf325f9a14224bf157722f8f354f2/glance/e02e75fd-d819-460d-8eb8-913d66ee9315-00001" 201 - "PUT http://localhost:8080/d1/623/AUTH_692cf325f9a14224bf157722f8f354f2/glance/e02e75fd-d819-460d-8eb8-913d66ee9315-00001" "tx0d10f0de29b8458889b87-006925808b" "object-server 25" 0.0023 "-" 15 0
Nov 25 10:10:21 standalone object-server[123267]: 172.20.0.100 - - [25/Nov/2025:10:10:21 +0000] "PUT /d1/623/AUTH_692cf325f9a14224bf157722f8f354f2/glance/e02e75fd-d819-460d-8eb8-913d66ee9315-00001" 201 - "PUT http://localhost:8080/v1/AUTH_692cf325f9a14224bf157722f8f354f2/glance/e02e75fd-d819-460d-8eb8-913d66ee9315-00001" "tx0d10f0de29b8458889b87-006925808b" "proxy-server 21" 2.7536 "-" 25 0
Nov 25 10:10:21 standalone proxy-server[125200]: 172.18.0.2 ::1 25/Nov/2025/10/10/21 PUT /v1/AUTH_692cf325f9a14224bf157722f8f354f2/glance/e02e75fd-d819-460d-8eb8-913d66ee9315-00001 HTTP/1.0 201 - python-swiftclient-3.11.1 gAAAAABpJYCL11wZ... 21692416 - - tx0d10f0de29b8458889b87-006925808b - 2.7601 - - 1764065419.223902225 1764065421.984019041 0
Nov 25 10:10:22 standalone container-server[122995]: 172.20.0.100 - - [25/Nov/2025:10:10:22 +0000] "PUT /d1/879/AUTH_692cf325f9a14224bf157722f8f354f2/glance/e02e75fd-d819-460d-8eb8-913d66ee9315" 201 - "PUT http://localhost:8080/d1/426/AUTH_692cf325f9a14224bf157722f8f354f2/glance/e02e75fd-d819-460d-8eb8-913d66ee9315" "txfc410027375144b6b8146-006925808d" "object-server 25" 0.0013 "-" 17 0
Nov 25 10:10:22 standalone object-server[123267]: 172.20.0.100 - - [25/Nov/2025:10:10:22 +0000] "PUT /d1/426/AUTH_692cf325f9a14224bf157722f8f354f2/glance/e02e75fd-d819-460d-8eb8-913d66ee9315" 201 - "PUT http://localhost:8080/v1/AUTH_692cf325f9a14224bf157722f8f354f2/glance/e02e75fd-d819-460d-8eb8-913d66ee9315" "txfc410027375144b6b8146-006925808d" "proxy-server 21" 0.0108 "-" 25 0
Nov 25 10:10:22 standalone proxy-server[125200]: 172.18.0.2 ::1 25/Nov/2025/10/10/22 PUT /v1/AUTH_692cf325f9a14224bf157722f8f354f2/glance/e02e75fd-d819-460d-8eb8-913d66ee9315 HTTP/1.0 201 - python-swiftclient-3.11.1 gAAAAABpJYCL11wZ... - - - txfc410027375144b6b8146-006925808d - 0.0221 - - 1764065421.990218163 1764065422.012347937 0
Nov 25 10:10:22 standalone container-server[122984]: 172.20.0.100 - - [25/Nov/2025:10:10:22 +0000] "HEAD /d1/228/AUTH_692cf325f9a14224bf157722f8f354f2/gnocchi.0bbb2dfc-c371-44a4-9bcb-85ceb444cdf7" 404 - "HEAD http://localhost:8080/v1/AUTH_692cf325f9a14224bf157722f8f354f2/gnocchi.0bbb2dfc-c371-44a4-9bcb-85ceb444cdf7?format=json&states=listing" "txc6b85daceabe4edd935bc-006925808e" "proxy-server 21" 0.0010 "-" 16 0
Nov 25 10:10:22 standalone object-server[123264]: 172.20.0.100 - - [25/Nov/2025:10:10:22 +0000] "GET /d1/563/AUTH_692cf325f9a14224bf157722f8f354f2/gnocchi.0bbb2dfc-c371-44a4-9bcb-85ceb444cdf7/none_v3" 404 70 "GET http://localhost:8080/v1/AUTH_692cf325f9a14224bf157722f8f354f2/gnocchi.0bbb2dfc-c371-44a4-9bcb-85ceb444cdf7/none_v3" "txc6b85daceabe4edd935bc-006925808e" "proxy-server 21" 0.0010 "-" 23 0
Nov 25 10:10:22 standalone proxy-server[125200]: 172.18.0.2 ::1 25/Nov/2025/10/10/22 GET /v1/AUTH_692cf325f9a14224bf157722f8f354f2/gnocchi.0bbb2dfc-c371-44a4-9bcb-85ceb444cdf7/none_v3 HTTP/1.0 404 - python-swiftclient-3.11.1 gAAAAABpJYCO3AkK... - 70 - txc6b85daceabe4edd935bc-006925808e - 0.0549 - - 1764065422.677029133 1764065422.731931925 0
Nov 25 10:10:22 standalone account-server[123129]: 172.20.0.100 - - [25/Nov/2025:10:10:22 +0000] "PUT /d1/565/AUTH_692cf325f9a14224bf157722f8f354f2/gnocchi.0bbb2dfc-c371-44a4-9bcb-85ceb444cdf7" 201 - "PUT http://172.20.0.100:6001/d1/228/AUTH_692cf325f9a14224bf157722f8f354f2/gnocchi.0bbb2dfc-c371-44a4-9bcb-85ceb444cdf7" "tx6a8697b7624d46659bf03-006925808e" "container-server 14" 0.0020 "-" 21 0
Nov 25 10:10:22 standalone container-server[122961]: 172.20.0.100 - - [25/Nov/2025:10:10:22 +0000] "PUT /d1/228/AUTH_692cf325f9a14224bf157722f8f354f2/gnocchi.0bbb2dfc-c371-44a4-9bcb-85ceb444cdf7" 201 - "PUT http://localhost:8080/v1/AUTH_692cf325f9a14224bf157722f8f354f2/gnocchi.0bbb2dfc-c371-44a4-9bcb-85ceb444cdf7" "tx6a8697b7624d46659bf03-006925808e" "proxy-server 21" 0.0159 "-" 14 0
Nov 25 10:10:22 standalone proxy-server[125200]: 172.18.0.2 ::1 25/Nov/2025/10/10/22 PUT /v1/AUTH_692cf325f9a14224bf157722f8f354f2/gnocchi.0bbb2dfc-c371-44a4-9bcb-85ceb444cdf7 HTTP/1.0 201 - python-swiftclient-3.11.1 gAAAAABpJYCO3AkK... - - - tx6a8697b7624d46659bf03-006925808e - 0.0231 - - 1764065422.737544537 1764065422.760669947 0
Nov 25 10:10:22 standalone container-server[122995]: 172.20.0.100 - - [25/Nov/2025:10:10:22 +0000] "HEAD /d1/228/AUTH_692cf325f9a14224bf157722f8f354f2/gnocchi.0bbb2dfc-c371-44a4-9bcb-85ceb444cdf7" 204 - "HEAD http://localhost:8080/v1/AUTH_692cf325f9a14224bf157722f8f354f2/gnocchi.0bbb2dfc-c371-44a4-9bcb-85ceb444cdf7?format=json&states=listing" "tx15cd71de4f2e4d7bbb9c2-006925808e" "proxy-server 21" 0.0015 "-" 17 0
Nov 25 10:10:22 standalone proxy-server[125200]: - - 25/Nov/2025/10/10/22 HEAD /v1/AUTH_692cf325f9a14224bf157722f8f354f2/gnocchi.0bbb2dfc-c371-44a4-9bcb-85ceb444cdf7%3Fformat%3Djson%26states%3Dlisting HTTP/1.0 204 - Swift - - - - tx15cd71de4f2e4d7bbb9c2-006925808e - 0.0059 RL - 1764065422.772483349 1764065422.778351545 0
Nov 25 10:10:22 standalone container-server[122984]: 172.20.0.100 - - [25/Nov/2025:10:10:22 +0000] "GET /d1/228/AUTH_692cf325f9a14224bf157722f8f354f2/gnocchi.0bbb2dfc-c371-44a4-9bcb-85ceb444cdf7" 200 2 "GET http://localhost:8080/v1/AUTH_692cf325f9a14224bf157722f8f354f2/gnocchi.0bbb2dfc-c371-44a4-9bcb-85ceb444cdf7?format=json&states=listing" "tx15cd71de4f2e4d7bbb9c2-006925808e" "proxy-server 21" 0.0037 "-" 16 0
Nov 25 10:10:22 standalone proxy-server[125200]: 172.18.0.2 ::1 25/Nov/2025/10/10/22 GET /v1/AUTH_692cf325f9a14224bf157722f8f354f2/gnocchi.0bbb2dfc-c371-44a4-9bcb-85ceb444cdf7%3Fformat%3Djson%26states%3Dlisting HTTP/1.0 200 - python-swiftclient-3.11.1 gAAAAABpJYCO3AkK... - 2 - tx15cd71de4f2e4d7bbb9c2-006925808e - 0.0196 - - 1764065422.770788908 1764065422.790343285 0
Nov 25 10:10:22 standalone object-server[123264]: 172.20.0.100 - - [25/Nov/2025:10:10:22 +0000] "GET /d1/856/AUTH_692cf325f9a14224bf157722f8f354f2/gnocchi.0bbb2dfc-c371-44a4-9bcb-85ceb444cdf7/1763640000.0_mean_300.0_v3" 404 70 "GET http://localhost:8080/v1/AUTH_692cf325f9a14224bf157722f8f354f2/gnocchi.0bbb2dfc-c371-44a4-9bcb-85ceb444cdf7/1763640000.0_mean_300.0_v3" "txe62abb069eb44795b3b12-006925808e" "proxy-server 21" 0.0003 "-" 23 0
Nov 25 10:10:22 standalone proxy-server[125200]: 172.18.0.2 ::1 25/Nov/2025/10/10/22 GET /v1/AUTH_692cf325f9a14224bf157722f8f354f2/gnocchi.0bbb2dfc-c371-44a4-9bcb-85ceb444cdf7/1763640000.0_mean_300.0_v3 HTTP/1.0 404 - python-swiftclient-3.11.1 gAAAAABpJYCO3AkK... - 70 - txe62abb069eb44795b3b12-006925808e - 0.0071 - - 1764065422.796944857 1764065422.804001093 0
Nov 25 10:10:22 standalone container-server[122961]: 172.20.0.100 - - [25/Nov/2025:10:10:22 +0000] "PUT /d1/228/AUTH_692cf325f9a14224bf157722f8f354f2/gnocchi.0bbb2dfc-c371-44a4-9bcb-85ceb444cdf7/1763640000.0_mean_300.0_v3" 201 - "PUT http://localhost:8080/d1/856/AUTH_692cf325f9a14224bf157722f8f354f2/gnocchi.0bbb2dfc-c371-44a4-9bcb-85ceb444cdf7/1763640000.0_mean_300.0_v3" "txfce6110f62ac40c8ab68e-006925808e" "object-server 25" 0.0008 "-" 14 0
Nov 25 10:10:22 standalone object-server[123267]: 172.20.0.100 - - [25/Nov/2025:10:10:22 +0000] "PUT /d1/856/AUTH_692cf325f9a14224bf157722f8f354f2/gnocchi.0bbb2dfc-c371-44a4-9bcb-85ceb444cdf7/1763640000.0_mean_300.0_v3" 201 - "PUT http://localhost:8080/v1/AUTH_692cf325f9a14224bf157722f8f354f2/gnocchi.0bbb2dfc-c371-44a4-9bcb-85ceb444cdf7/1763640000.0_mean_300.0_v3" "txfce6110f62ac40c8ab68e-006925808e" "proxy-server 21" 0.0113 "-" 25 0
Nov 25 10:10:22 standalone proxy-server[125200]: 172.18.0.2 ::1 25/Nov/2025/10/10/22 PUT /v1/AUTH_692cf325f9a14224bf157722f8f354f2/gnocchi.0bbb2dfc-c371-44a4-9bcb-85ceb444cdf7/1763640000.0_mean_300.0_v3 HTTP/1.0 201 - python-swiftclient-3.11.1 gAAAAABpJYCO3AkK... 16 - - txfce6110f62ac40c8ab68e-006925808e - 0.0201 - - 1764065422.809526682 1764065422.829651594 0
Nov 25 10:10:22 standalone container-server[122961]: 172.20.0.100 - - [25/Nov/2025:10:10:22 +0000] "PUT /d1/228/AUTH_692cf325f9a14224bf157722f8f354f2/gnocchi.0bbb2dfc-c371-44a4-9bcb-85ceb444cdf7/none_v3" 201 - "PUT http://localhost:8080/d1/563/AUTH_692cf325f9a14224bf157722f8f354f2/gnocchi.0bbb2dfc-c371-44a4-9bcb-85ceb444cdf7/none_v3" "txf3e2798dda85491988d3e-006925808e" "object-server 24" 0.0009 "-" 14 0
Nov 25 10:10:22 standalone object-server[123266]: 172.20.0.100 - - [25/Nov/2025:10:10:22 +0000] "PUT /d1/563/AUTH_692cf325f9a14224bf157722f8f354f2/gnocchi.0bbb2dfc-c371-44a4-9bcb-85ceb444cdf7/none_v3" 201 - "PUT http://localhost:8080/v1/AUTH_692cf325f9a14224bf157722f8f354f2/gnocchi.0bbb2dfc-c371-44a4-9bcb-85ceb444cdf7/none_v3" "txf3e2798dda85491988d3e-006925808e" "proxy-server 21" 0.0317 "-" 24 0
Nov 25 10:10:22 standalone proxy-server[125200]: 172.18.0.2 ::1 25/Nov/2025/10/10/22 PUT /v1/AUTH_692cf325f9a14224bf157722f8f354f2/gnocchi.0bbb2dfc-c371-44a4-9bcb-85ceb444cdf7/none_v3 HTTP/1.0 201 - python-swiftclient-3.11.1 gAAAAABpJYCO3AkK... 22 - - txf3e2798dda85491988d3e-006925808e - 0.0403 - - 1764065422.834937572 1764065422.875265598 0
Nov 25 10:10:52 standalone object-server[123267]: 172.20.0.100 - - [25/Nov/2025:10:10:52 +0000] "GET /d1/563/AUTH_692cf325f9a14224bf157722f8f354f2/gnocchi.0bbb2dfc-c371-44a4-9bcb-85ceb444cdf7/none_v3" 200 22 "GET http://localhost:8080/v1/AUTH_692cf325f9a14224bf157722f8f354f2/gnocchi.0bbb2dfc-c371-44a4-9bcb-85ceb444cdf7/none_v3" "txafebb19d5aba4a21aa3c9-00692580ac" "proxy-server 21" 0.0009 "-" 25 0
Nov 25 10:10:52 standalone proxy-server[125200]: 172.18.0.2 ::1 25/Nov/2025/10/10/52 GET /v1/AUTH_692cf325f9a14224bf157722f8f354f2/gnocchi.0bbb2dfc-c371-44a4-9bcb-85ceb444cdf7/none_v3 HTTP/1.0 200 - python-swiftclient-3.11.1 gAAAAABpJYCO3AkK... - 22 - txafebb19d5aba4a21aa3c9-00692580ac - 0.0110 - - 1764065452.488565445 1764065452.499610186 0
Nov 25 10:10:52 standalone container-server[122984]: 172.20.0.100 - - [25/Nov/2025:10:10:52 +0000] "GET /d1/228/AUTH_692cf325f9a14224bf157722f8f354f2/gnocchi.0bbb2dfc-c371-44a4-9bcb-85ceb444cdf7" 200 357 "GET http://localhost:8080/v1/AUTH_692cf325f9a14224bf157722f8f354f2/gnocchi.0bbb2dfc-c371-44a4-9bcb-85ceb444cdf7?format=json&states=listing" "tx318f7f4bb6174628a4933-00692580ac" "proxy-server 21" 0.0168 "-" 16 0
Nov 25 10:10:52 standalone proxy-server[125200]: 172.18.0.2 ::1 25/Nov/2025/10/10/52 GET /v1/AUTH_692cf325f9a14224bf157722f8f354f2/gnocchi.0bbb2dfc-c371-44a4-9bcb-85ceb444cdf7%3Fformat%3Djson%26states%3Dlisting HTTP/1.0 200 - python-swiftclient-3.11.1 gAAAAABpJYCO3AkK... - 357 - tx318f7f4bb6174628a4933-00692580ac - 0.0280 - - 1764065452.504107714 1764065452.532077789 0
Nov 25 10:10:52 standalone container-server[122984]: 172.20.0.100 - - [25/Nov/2025:10:10:52 +0000] "GET /d1/228/AUTH_692cf325f9a14224bf157722f8f354f2/gnocchi.0bbb2dfc-c371-44a4-9bcb-85ceb444cdf7" 200 2 "GET http://localhost:8080/v1/AUTH_692cf325f9a14224bf157722f8f354f2/gnocchi.0bbb2dfc-c371-44a4-9bcb-85ceb444cdf7?format=json&marker=none_v3&states=listing" "tx14050f3321d842358156c-00692580ac" "proxy-server 21" 0.0023 "-" 16 0
Nov 25 10:10:52 standalone proxy-server[125200]: 172.18.0.2 ::1 25/Nov/2025/10/10/52 GET /v1/AUTH_692cf325f9a14224bf157722f8f354f2/gnocchi.0bbb2dfc-c371-44a4-9bcb-85ceb444cdf7%3Fformat%3Djson%26marker%3Dnone_v3%26states%3Dlisting HTTP/1.0 200 - python-swiftclient-3.11.1 gAAAAABpJYCO3AkK... - 2 - tx14050f3321d842358156c-00692580ac - 0.0089 - - 1764065452.540751457 1764065452.549673557 0
Nov 25 10:10:52 standalone object-server[123267]: 172.20.0.100 - - [25/Nov/2025:10:10:52 +0000] "GET /d1/856/AUTH_692cf325f9a14224bf157722f8f354f2/gnocchi.0bbb2dfc-c371-44a4-9bcb-85ceb444cdf7/1763640000.0_mean_300.0_v3" 200 16 "GET http://localhost:8080/v1/AUTH_692cf325f9a14224bf157722f8f354f2/gnocchi.0bbb2dfc-c371-44a4-9bcb-85ceb444cdf7/1763640000.0_mean_300.0_v3" "txd22e74737e724b978f6d7-00692580ac" "proxy-server 21" 0.0011 "-" 25 0
Nov 25 10:10:52 standalone proxy-server[125200]: 172.18.0.2 ::1 25/Nov/2025/10/10/52 GET /v1/AUTH_692cf325f9a14224bf157722f8f354f2/gnocchi.0bbb2dfc-c371-44a4-9bcb-85ceb444cdf7/1763640000.0_mean_300.0_v3 HTTP/1.0 200 - python-swiftclient-3.11.1 gAAAAABpJYCO3AkK... - 16 - txd22e74737e724b978f6d7-00692580ac - 0.0121 - - 1764065452.554300070 1764065452.566351175 0
Nov 25 10:10:52 standalone container-server[122984]: 172.20.0.100 - - [25/Nov/2025:10:10:52 +0000] "PUT /d1/228/AUTH_692cf325f9a14224bf157722f8f354f2/gnocchi.0bbb2dfc-c371-44a4-9bcb-85ceb444cdf7/1763640000.0_mean_300.0_v3" 201 - "PUT http://localhost:8080/d1/856/AUTH_692cf325f9a14224bf157722f8f354f2/gnocchi.0bbb2dfc-c371-44a4-9bcb-85ceb444cdf7/1763640000.0_mean_300.0_v3" "tx1226deeb4d7949e587ba6-00692580ac" "object-server 24" 0.0006 "-" 16 0
Nov 25 10:10:52 standalone object-server[123266]: 172.20.0.100 - - [25/Nov/2025:10:10:52 +0000] "PUT /d1/856/AUTH_692cf325f9a14224bf157722f8f354f2/gnocchi.0bbb2dfc-c371-44a4-9bcb-85ceb444cdf7/1763640000.0_mean_300.0_v3" 201 - "PUT http://localhost:8080/v1/AUTH_692cf325f9a14224bf157722f8f354f2/gnocchi.0bbb2dfc-c371-44a4-9bcb-85ceb444cdf7/1763640000.0_mean_300.0_v3" "tx1226deeb4d7949e587ba6-00692580ac" "proxy-server 21" 0.0133 "-" 24 0
Nov 25 10:10:52 standalone proxy-server[125200]: 172.18.0.2 ::1 25/Nov/2025/10/10/52 PUT /v1/AUTH_692cf325f9a14224bf157722f8f354f2/gnocchi.0bbb2dfc-c371-44a4-9bcb-85ceb444cdf7/1763640000.0_mean_300.0_v3 HTTP/1.0 201 - python-swiftclient-3.11.1 gAAAAABpJYCO3AkK... 16 - - tx1226deeb4d7949e587ba6-00692580ac - 0.0189 - - 1764065452.570227861 1764065452.589130402 0
Nov 25 10:10:52 standalone container-server[122969]: 172.20.0.100 - - [25/Nov/2025:10:10:52 +0000] "PUT /d1/228/AUTH_692cf325f9a14224bf157722f8f354f2/gnocchi.0bbb2dfc-c371-44a4-9bcb-85ceb444cdf7/none_v3" 201 - "PUT http://localhost:8080/d1/563/AUTH_692cf325f9a14224bf157722f8f354f2/gnocchi.0bbb2dfc-c371-44a4-9bcb-85ceb444cdf7/none_v3" "tx972adc7a8d324f889d8dd-00692580ac" "object-server 23" 0.0004 "-" 15 0
Nov 25 10:10:52 standalone object-server[123264]: 172.20.0.100 - - [25/Nov/2025:10:10:52 +0000] "PUT /d1/563/AUTH_692cf325f9a14224bf157722f8f354f2/gnocchi.0bbb2dfc-c371-44a4-9bcb-85ceb444cdf7/none_v3" 201 - "PUT http://localhost:8080/v1/AUTH_692cf325f9a14224bf157722f8f354f2/gnocchi.0bbb2dfc-c371-44a4-9bcb-85ceb444cdf7/none_v3" "tx972adc7a8d324f889d8dd-00692580ac" "proxy-server 21" 0.0227 "-" 23 0
Nov 25 10:10:52 standalone proxy-server[125200]: 172.18.0.2 ::1 25/Nov/2025/10/10/52 PUT /v1/AUTH_692cf325f9a14224bf157722f8f354f2/gnocchi.0bbb2dfc-c371-44a4-9bcb-85ceb444cdf7/none_v3 HTTP/1.0 201 - python-swiftclient-3.11.1 gAAAAABpJYCO3AkK... 32 - - tx972adc7a8d324f889d8dd-00692580ac - 0.0289 - - 1764065452.595556021 1764065452.624490976 0
Nov 25 10:11:08 standalone account-server[123119]: 172.20.0.100 - - [25/Nov/2025:10:11:08 +0000] "HEAD /d1/688/.expiring_objects" 404 - "HEAD http://localhost/v1/.expiring_objects?format=json" "tx9a5da4a1f4f948659a92a-00692580bc" "proxy-server 2" 0.0007 "-" 20 -
Nov 25 10:11:08 standalone object-expirer[123026]: Pass completed in 0s; 0 objects expired (txn: tx9a5da4a1f4f948659a92a-00692580bc)
Nov 25 10:11:25 standalone account-server[123119]: 172.20.0.100 - - [25/Nov/2025:10:11:25 +0000] "HEAD /d1/565/AUTH_692cf325f9a14224bf157722f8f354f2" 204 - "HEAD http://localhost:8080/v1/AUTH_692cf325f9a14224bf157722f8f354f2?format=json" "tx83fa55d0421044c48aa5f-00692580cd" "proxy-server 21" 0.0326 "-" 20 -
Nov 25 10:11:25 standalone proxy-server[125200]: - - 25/Nov/2025/10/11/25 HEAD /v1/AUTH_692cf325f9a14224bf157722f8f354f2%3Fformat%3Djson HTTP/1.0 204 - Swift - - - - tx83fa55d0421044c48aa5f-00692580cd - 0.0393 RL - 1764065485.004971266 1764065485.044317722 -
Nov 25 10:11:25 standalone container-server[122969]: 172.20.0.100 - - [25/Nov/2025:10:11:25 +0000] "HEAD /d1/879/AUTH_692cf325f9a14224bf157722f8f354f2/glance" 204 - "HEAD http://localhost:8080/v1/AUTH_692cf325f9a14224bf157722f8f354f2/glance?format=json&states=listing" "tx83fa55d0421044c48aa5f-00692580cd" "proxy-server 21" 0.0132 "-" 15 0
Nov 25 10:11:25 standalone object-server[123264]: 172.20.0.100 - - [25/Nov/2025:10:11:25 +0000] "GET /d1/426/AUTH_692cf325f9a14224bf157722f8f354f2/glance/e02e75fd-d819-460d-8eb8-913d66ee9315" 200 - "GET http://localhost:8080/v1/AUTH_692cf325f9a14224bf157722f8f354f2/glance/e02e75fd-d819-460d-8eb8-913d66ee9315" "tx83fa55d0421044c48aa5f-00692580cd" "proxy-server 21" 0.0017 "-" 23 0
Nov 25 10:11:25 standalone container-server[122984]: 172.20.0.100 - - [25/Nov/2025:10:11:25 +0000] "GET /d1/879/AUTH_692cf325f9a14224bf157722f8f354f2/glance" 200 210 "GET http://localhost:8080/v1/AUTH_692cf325f9a14224bf157722f8f354f2/glance?prefix=e02e75fd-d819-460d-8eb8-913d66ee9315-&format=json&states=listing" "tx83fa55d0421044c48aa5f-00692580cd" "proxy-server 21" 0.0032 "-" 16 0
Nov 25 10:11:25 standalone proxy-server[125200]: - - 25/Nov/2025/10/11/25 GET /v1/AUTH_692cf325f9a14224bf157722f8f354f2/glance%3Fprefix%3De02e75fd-d819-460d-8eb8-913d66ee9315-%26format%3Djson%26states%3Dlisting HTTP/1.0 200 - python-swiftclient-3.11.1%20DLO%20MultipartGET gAAAAABpJYDM_8dh... - 210 - tx83fa55d0421044c48aa5f-00692580cd - 0.0085 DLO - 1764065485.171585560 1764065485.180135489 0
Nov 25 10:11:25 standalone object-server[123264]: 172.20.0.100 - - [25/Nov/2025:10:11:25 +0000] "GET /d1/623/AUTH_692cf325f9a14224bf157722f8f354f2/glance/e02e75fd-d819-460d-8eb8-913d66ee9315-00001" 200 21692416 "GET http://localhost:8080/v1/AUTH_692cf325f9a14224bf157722f8f354f2/glance/e02e75fd-d819-460d-8eb8-913d66ee9315-00001?multipart-manifest=get" "tx83fa55d0421044c48aa5f-00692580cd" "proxy-server 21" 0.0012 "-" 23 0
Nov 25 10:11:25 standalone proxy-server[125200]: - - 25/Nov/2025/10/11/25 GET /v1/AUTH_692cf325f9a14224bf157722f8f354f2/glance/e02e75fd-d819-460d-8eb8-913d66ee9315-00001%3Fmultipart-manifest%3Dget HTTP/1.0 200 - python-swiftclient-3.11.1%20%20DLO%20MultipartGET gAAAAABpJYDM_8dh... - 21692416 - tx83fa55d0421044c48aa5f-00692580cd - 0.1064 DLO - 1764065485.181318998 1764065485.287764549 0
Nov 25 10:11:25 standalone proxy-server[125200]: 172.18.0.2 ::1 25/Nov/2025/10/11/25 GET /v1/AUTH_692cf325f9a14224bf157722f8f354f2/glance/e02e75fd-d819-460d-8eb8-913d66ee9315 HTTP/1.0 200 - python-swiftclient-3.11.1 gAAAAABpJYDM_8dh... - 21692416 - tx83fa55d0421044c48aa5f-00692580cd - 0.2849 - - 1764065485.003331900 1764065485.288222790 0
Nov 25 10:11:26 standalone container-server[122969]: 172.20.0.100 - - [25/Nov/2025:10:11:26 +0000] "HEAD /d1/935/AUTH_692cf325f9a14224bf157722f8f354f2/gnocchi.cba26ccb-4910-4008-b190-fd0e747dcd75" 404 - "HEAD http://localhost:8080/v1/AUTH_692cf325f9a14224bf157722f8f354f2/gnocchi.cba26ccb-4910-4008-b190-fd0e747dcd75?format=json&states=listing" "txed0ab9d48a69498cbb2a2-00692580ce" "proxy-server 21" 0.0007 "-" 15 0
Nov 25 10:11:26 standalone object-server[123266]: 172.20.0.100 - - [25/Nov/2025:10:11:26 +0000] "GET /d1/205/AUTH_692cf325f9a14224bf157722f8f354f2/gnocchi.cba26ccb-4910-4008-b190-fd0e747dcd75/none_v3" 404 70 "GET http://localhost:8080/v1/AUTH_692cf325f9a14224bf157722f8f354f2/gnocchi.cba26ccb-4910-4008-b190-fd0e747dcd75/none_v3" "txed0ab9d48a69498cbb2a2-00692580ce" "proxy-server 21" 0.0004 "-" 24 0
Nov 25 10:11:26 standalone proxy-server[125200]: 172.18.0.2 ::1 25/Nov/2025/10/11/26 GET /v1/AUTH_692cf325f9a14224bf157722f8f354f2/gnocchi.cba26ccb-4910-4008-b190-fd0e747dcd75/none_v3 HTTP/1.0 404 - python-swiftclient-3.11.1 gAAAAABpJYCO3AkK... - 70 - txed0ab9d48a69498cbb2a2-00692580ce - 0.0216 - - 1764065486.406566858 1764065486.428187609 0
Nov 25 10:11:26 standalone account-server[123135]: 172.20.0.100 - - [25/Nov/2025:10:11:26 +0000] "PUT /d1/565/AUTH_692cf325f9a14224bf157722f8f354f2/gnocchi.cba26ccb-4910-4008-b190-fd0e747dcd75" 201 - "PUT http://172.20.0.100:6001/d1/935/AUTH_692cf325f9a14224bf157722f8f354f2/gnocchi.cba26ccb-4910-4008-b190-fd0e747dcd75" "tx3bd1be7899424225b031c-00692580ce" "container-server 15" 0.0012 "-" 23 0
Nov 25 10:11:26 standalone container-server[122969]: 172.20.0.100 - - [25/Nov/2025:10:11:26 +0000] "PUT /d1/935/AUTH_692cf325f9a14224bf157722f8f354f2/gnocchi.cba26ccb-4910-4008-b190-fd0e747dcd75" 201 - "PUT http://localhost:8080/v1/AUTH_692cf325f9a14224bf157722f8f354f2/gnocchi.cba26ccb-4910-4008-b190-fd0e747dcd75" "tx3bd1be7899424225b031c-00692580ce" "proxy-server 21" 0.0110 "-" 15 0
Nov 25 10:11:26 standalone proxy-server[125200]: 172.18.0.2 ::1 25/Nov/2025/10/11/26 PUT /v1/AUTH_692cf325f9a14224bf157722f8f354f2/gnocchi.cba26ccb-4910-4008-b190-fd0e747dcd75 HTTP/1.0 201 - python-swiftclient-3.11.1 gAAAAABpJYCO3AkK... - - - tx3bd1be7899424225b031c-00692580ce - 0.0183 - - 1764065486.432495832 1764065486.450756550 0
Nov 25 10:11:26 standalone container-server[122969]: 172.20.0.100 - - [25/Nov/2025:10:11:26 +0000] "HEAD /d1/935/AUTH_692cf325f9a14224bf157722f8f354f2/gnocchi.cba26ccb-4910-4008-b190-fd0e747dcd75" 204 - "HEAD http://localhost:8080/v1/AUTH_692cf325f9a14224bf157722f8f354f2/gnocchi.cba26ccb-4910-4008-b190-fd0e747dcd75?format=json&states=listing" "tx50a137d1315448e18e056-00692580ce" "proxy-server 21" 0.0011 "-" 15 0
Nov 25 10:11:26 standalone proxy-server[125200]: - - 25/Nov/2025/10/11/26 HEAD /v1/AUTH_692cf325f9a14224bf157722f8f354f2/gnocchi.cba26ccb-4910-4008-b190-fd0e747dcd75%3Fformat%3Djson%26states%3Dlisting HTTP/1.0 204 - Swift - - - - tx50a137d1315448e18e056-00692580ce - 0.0039 RL - 1764065486.456611156 1764065486.460488081 0
Nov 25 10:11:26 standalone container-server[122961]: 172.20.0.100 - - [25/Nov/2025:10:11:26 +0000] "GET /d1/935/AUTH_692cf325f9a14224bf157722f8f354f2/gnocchi.cba26ccb-4910-4008-b190-fd0e747dcd75" 200 2 "GET http://localhost:8080/v1/AUTH_692cf325f9a14224bf157722f8f354f2/gnocchi.cba26ccb-4910-4008-b190-fd0e747dcd75?format=json&states=listing" "tx50a137d1315448e18e056-00692580ce" "proxy-server 21" 0.0086 "-" 14 0
Nov 25 10:11:26 standalone proxy-server[125200]: 172.18.0.2 ::1 25/Nov/2025/10/11/26 GET /v1/AUTH_692cf325f9a14224bf157722f8f354f2/gnocchi.cba26ccb-4910-4008-b190-fd0e747dcd75%3Fformat%3Djson%26states%3Dlisting HTTP/1.0 200 - python-swiftclient-3.11.1 gAAAAABpJYCO3AkK... - 2 - tx50a137d1315448e18e056-00692580ce - 0.0191 - - 1764065486.455636978 1764065486.474703550 0
Nov 25 10:11:26 standalone object-server[123264]: 172.20.0.100 - - [25/Nov/2025:10:11:26 +0000] "GET /d1/791/AUTH_692cf325f9a14224bf157722f8f354f2/gnocchi.cba26ccb-4910-4008-b190-fd0e747dcd75/1763640000.0_mean_300.0_v3" 404 70 "GET http://localhost:8080/v1/AUTH_692cf325f9a14224bf157722f8f354f2/gnocchi.cba26ccb-4910-4008-b190-fd0e747dcd75/1763640000.0_mean_300.0_v3" "tx22f478e34e5a474ab4196-00692580ce" "proxy-server 21" 0.0004 "-" 23 0
Nov 25 10:11:26 standalone proxy-server[125200]: 172.18.0.2 ::1 25/Nov/2025/10/11/26 GET /v1/AUTH_692cf325f9a14224bf157722f8f354f2/gnocchi.cba26ccb-4910-4008-b190-fd0e747dcd75/1763640000.0_mean_300.0_v3 HTTP/1.0 404 - python-swiftclient-3.11.1 gAAAAABpJYCO3AkK... - 70 - tx22f478e34e5a474ab4196-00692580ce - 0.0050 - - 1764065486.478048563 1764065486.483046770 0
Nov 25 10:11:26 standalone container-server[122969]: 172.20.0.100 - - [25/Nov/2025:10:11:26 +0000] "PUT /d1/935/AUTH_692cf325f9a14224bf157722f8f354f2/gnocchi.cba26ccb-4910-4008-b190-fd0e747dcd75/1763640000.0_mean_300.0_v3" 201 - "PUT http://localhost:8080/d1/791/AUTH_692cf325f9a14224bf157722f8f354f2/gnocchi.cba26ccb-4910-4008-b190-fd0e747dcd75/1763640000.0_mean_300.0_v3" "tx59ffbc115b9149f68700c-00692580ce" "object-server 23" 0.0005 "-" 15 0
Nov 25 10:11:26 standalone object-server[123264]: 172.20.0.100 - - [25/Nov/2025:10:11:26 +0000] "PUT /d1/791/AUTH_692cf325f9a14224bf157722f8f354f2/gnocchi.cba26ccb-4910-4008-b190-fd0e747dcd75/1763640000.0_mean_300.0_v3" 201 - "PUT http://localhost:8080/v1/AUTH_692cf325f9a14224bf157722f8f354f2/gnocchi.cba26ccb-4910-4008-b190-fd0e747dcd75/1763640000.0_mean_300.0_v3" "tx59ffbc115b9149f68700c-00692580ce" "proxy-server 21" 0.0125 "-" 23 0
Nov 25 10:11:26 standalone proxy-server[125200]: 172.18.0.2 ::1 25/Nov/2025/10/11/26 PUT /v1/AUTH_692cf325f9a14224bf157722f8f354f2/gnocchi.cba26ccb-4910-4008-b190-fd0e747dcd75/1763640000.0_mean_300.0_v3 HTTP/1.0 201 - python-swiftclient-3.11.1 gAAAAABpJYCO3AkK... 16 - - tx59ffbc115b9149f68700c-00692580ce - 0.0196 - - 1764065486.489597797 1764065486.509152412 0
Nov 25 10:11:26 standalone container-server[122995]: 172.20.0.100 - - [25/Nov/2025:10:11:26 +0000] "PUT /d1/935/AUTH_692cf325f9a14224bf157722f8f354f2/gnocchi.cba26ccb-4910-4008-b190-fd0e747dcd75/none_v3" 201 - "PUT http://localhost:8080/d1/205/AUTH_692cf325f9a14224bf157722f8f354f2/gnocchi.cba26ccb-4910-4008-b190-fd0e747dcd75/none_v3" "tx9a689316868745269ba1c-00692580ce" "object-server 24" 0.0006 "-" 17 0
Nov 25 10:11:26 standalone object-server[123266]: 172.20.0.100 - - [25/Nov/2025:10:11:26 +0000] "PUT /d1/205/AUTH_692cf325f9a14224bf157722f8f354f2/gnocchi.cba26ccb-4910-4008-b190-fd0e747dcd75/none_v3" 201 - "PUT http://localhost:8080/v1/AUTH_692cf325f9a14224bf157722f8f354f2/gnocchi.cba26ccb-4910-4008-b190-fd0e747dcd75/none_v3" "tx9a689316868745269ba1c-00692580ce" "proxy-server 21" 0.0167 "-" 24 0
Nov 25 10:11:26 standalone proxy-server[125200]: 172.18.0.2 ::1 25/Nov/2025/10/11/26 PUT /v1/AUTH_692cf325f9a14224bf157722f8f354f2/gnocchi.cba26ccb-4910-4008-b190-fd0e747dcd75/none_v3 HTTP/1.0 201 - python-swiftclient-3.11.1 gAAAAABpJYCO3AkK... 22 - - tx9a689316868745269ba1c-00692580ce - 0.0236 - - 1764065486.516036272 1764065486.539633512 0
Nov 25 10:11:26 standalone container-server[122995]: 172.20.0.100 - - [25/Nov/2025:10:11:26 +0000] "HEAD /d1/138/AUTH_692cf325f9a14224bf157722f8f354f2/gnocchi.af6a9b56-122a-4061-bd34-54b20cbc8dcd" 404 - "HEAD http://localhost:8080/v1/AUTH_692cf325f9a14224bf157722f8f354f2/gnocchi.af6a9b56-122a-4061-bd34-54b20cbc8dcd?format=json&states=listing" "txbdb74f9d1cd849e3b6476-00692580ce" "proxy-server 21" 0.0004 "-" 17 0
Nov 25 10:11:26 standalone object-server[123266]: 172.20.0.100 - - [25/Nov/2025:10:11:26 +0000] "GET /d1/502/AUTH_692cf325f9a14224bf157722f8f354f2/gnocchi.af6a9b56-122a-4061-bd34-54b20cbc8dcd/none_v3" 404 70 "GET http://localhost:8080/v1/AUTH_692cf325f9a14224bf157722f8f354f2/gnocchi.af6a9b56-122a-4061-bd34-54b20cbc8dcd/none_v3" "txbdb74f9d1cd849e3b6476-00692580ce" "proxy-server 21" 0.0004 "-" 24 0
Nov 25 10:11:26 standalone proxy-server[125200]: 172.18.0.2 ::1 25/Nov/2025/10/11/26 GET /v1/AUTH_692cf325f9a14224bf157722f8f354f2/gnocchi.af6a9b56-122a-4061-bd34-54b20cbc8dcd/none_v3 HTTP/1.0 404 - python-swiftclient-3.11.1 gAAAAABpJYCO3AkK... - 70 - txbdb74f9d1cd849e3b6476-00692580ce - 0.0108 - - 1764065486.549955130 1764065486.560772657 0
Nov 25 10:11:26 standalone account-server[123119]: 172.20.0.100 - - [25/Nov/2025:10:11:26 +0000] "PUT /d1/565/AUTH_692cf325f9a14224bf157722f8f354f2/gnocchi.af6a9b56-122a-4061-bd34-54b20cbc8dcd" 201 - "PUT http://172.20.0.100:6001/d1/138/AUTH_692cf325f9a14224bf157722f8f354f2/gnocchi.af6a9b56-122a-4061-bd34-54b20cbc8dcd" "tx3ff688aa0d554f8b95c2f-00692580ce" "container-server 15" 0.0088 "-" 20 0
Nov 25 10:11:26 standalone container-server[122969]: 172.20.0.100 - - [25/Nov/2025:10:11:26 +0000] "PUT /d1/138/AUTH_692cf325f9a14224bf157722f8f354f2/gnocchi.af6a9b56-122a-4061-bd34-54b20cbc8dcd" 201 - "PUT http://localhost:8080/v1/AUTH_692cf325f9a14224bf157722f8f354f2/gnocchi.af6a9b56-122a-4061-bd34-54b20cbc8dcd" "tx3ff688aa0d554f8b95c2f-00692580ce" "proxy-server 21" 0.0202 "-" 15 0
Nov 25 10:11:26 standalone proxy-server[125200]: 172.18.0.2 ::1 25/Nov/2025/10/11/26 PUT /v1/AUTH_692cf325f9a14224bf157722f8f354f2/gnocchi.af6a9b56-122a-4061-bd34-54b20cbc8dcd HTTP/1.0 201 - python-swiftclient-3.11.1 gAAAAABpJYCO3AkK... - - - tx3ff688aa0d554f8b95c2f-00692580ce - 0.0259 - - 1764065486.565845728 1764065486.591704369 0
Nov 25 10:11:26 standalone container-server[122961]: 172.20.0.100 - - [25/Nov/2025:10:11:26 +0000] "HEAD /d1/138/AUTH_692cf325f9a14224bf157722f8f354f2/gnocchi.af6a9b56-122a-4061-bd34-54b20cbc8dcd" 204 - "HEAD http://localhost:8080/v1/AUTH_692cf325f9a14224bf157722f8f354f2/gnocchi.af6a9b56-122a-4061-bd34-54b20cbc8dcd?format=json&states=listing" "txe698c73b0fd64a7ab8f73-00692580ce" "proxy-server 21" 0.0018 "-" 14 0
Nov 25 10:11:26 standalone proxy-server[125200]: - - 25/Nov/2025/10/11/26 HEAD /v1/AUTH_692cf325f9a14224bf157722f8f354f2/gnocchi.af6a9b56-122a-4061-bd34-54b20cbc8dcd%3Fformat%3Djson%26states%3Dlisting HTTP/1.0 204 - Swift - - - - txe698c73b0fd64a7ab8f73-00692580ce - 0.0046 RL - 1764065486.595642090 1764065486.600284338 0
Nov 25 10:11:26 standalone container-server[122969]: 172.20.0.100 - - [25/Nov/2025:10:11:26 +0000] "GET /d1/138/AUTH_692cf325f9a14224bf157722f8f354f2/gnocchi.af6a9b56-122a-4061-bd34-54b20cbc8dcd" 200 2 "GET http://localhost:8080/v1/AUTH_692cf325f9a14224bf157722f8f354f2/gnocchi.af6a9b56-122a-4061-bd34-54b20cbc8dcd?format=json&states=listing" "txe698c73b0fd64a7ab8f73-00692580ce" "proxy-server 21" 0.0026 "-" 15 0
Nov 25 10:11:26 standalone proxy-server[125200]: 172.18.0.2 ::1 25/Nov/2025/10/11/26 GET /v1/AUTH_692cf325f9a14224bf157722f8f354f2/gnocchi.af6a9b56-122a-4061-bd34-54b20cbc8dcd%3Fformat%3Djson%26states%3Dlisting HTTP/1.0 200 - python-swiftclient-3.11.1 gAAAAABpJYCO3AkK... - 2 - txe698c73b0fd64a7ab8f73-00692580ce - 0.0135 - - 1764065486.594762087 1764065486.608298302 0
Nov 25 10:11:26 standalone object-server[123267]: 172.20.0.100 - - [25/Nov/2025:10:11:26 +0000] "GET /d1/362/AUTH_692cf325f9a14224bf157722f8f354f2/gnocchi.af6a9b56-122a-4061-bd34-54b20cbc8dcd/1763640000.0_mean_300.0_v3" 404 70 "GET http://localhost:8080/v1/AUTH_692cf325f9a14224bf157722f8f354f2/gnocchi.af6a9b56-122a-4061-bd34-54b20cbc8dcd/1763640000.0_mean_300.0_v3" "txd8b0a572f02845a28d988-00692580ce" "proxy-server 21" 0.0005 "-" 25 0
Nov 25 10:11:26 standalone proxy-server[125200]: 172.18.0.2 ::1 25/Nov/2025/10/11/26 GET /v1/AUTH_692cf325f9a14224bf157722f8f354f2/gnocchi.af6a9b56-122a-4061-bd34-54b20cbc8dcd/1763640000.0_mean_300.0_v3 HTTP/1.0 404 - python-swiftclient-3.11.1 gAAAAABpJYCO3AkK... - 70 - txd8b0a572f02845a28d988-00692580ce - 0.0064 - - 1764065486.612085342 1764065486.618473053 0
Nov 25 10:11:26 standalone container-server[122961]: 172.20.0.100 - - [25/Nov/2025:10:11:26 +0000] "PUT /d1/138/AUTH_692cf325f9a14224bf157722f8f354f2/gnocchi.af6a9b56-122a-4061-bd34-54b20cbc8dcd/1763640000.0_mean_300.0_v3" 201 - "PUT http://localhost:8080/d1/362/AUTH_692cf325f9a14224bf157722f8f354f2/gnocchi.af6a9b56-122a-4061-bd34-54b20cbc8dcd/1763640000.0_mean_300.0_v3" "tx84b0cfb0942847af93a92-00692580ce" "object-server 25" 0.0006 "-" 14 0
Nov 25 10:11:26 standalone object-server[123267]: 172.20.0.100 - - [25/Nov/2025:10:11:26 +0000] "PUT /d1/362/AUTH_692cf325f9a14224bf157722f8f354f2/gnocchi.af6a9b56-122a-4061-bd34-54b20cbc8dcd/1763640000.0_mean_300.0_v3" 201 - "PUT http://localhost:8080/v1/AUTH_692cf325f9a14224bf157722f8f354f2/gnocchi.af6a9b56-122a-4061-bd34-54b20cbc8dcd/1763640000.0_mean_300.0_v3" "tx84b0cfb0942847af93a92-00692580ce" "proxy-server 21" 0.0182 "-" 25 0
Nov 25 10:11:26 standalone proxy-server[125200]: 172.18.0.2 ::1 25/Nov/2025/10/11/26 PUT /v1/AUTH_692cf325f9a14224bf157722f8f354f2/gnocchi.af6a9b56-122a-4061-bd34-54b20cbc8dcd/1763640000.0_mean_300.0_v3 HTTP/1.0 201 - python-swiftclient-3.11.1 gAAAAABpJYCO3AkK... 16 - - tx84b0cfb0942847af93a92-00692580ce - 0.0244 - - 1764065486.621054649 1764065486.645481825 0
Nov 25 10:11:26 standalone container-server[122961]: 172.20.0.100 - - [25/Nov/2025:10:11:26 +0000] "PUT /d1/138/AUTH_692cf325f9a14224bf157722f8f354f2/gnocchi.af6a9b56-122a-4061-bd34-54b20cbc8dcd/none_v3" 201 - "PUT http://localhost:8080/d1/502/AUTH_692cf325f9a14224bf157722f8f354f2/gnocchi.af6a9b56-122a-4061-bd34-54b20cbc8dcd/none_v3" "tx5382c1dc55414de0bc209-00692580ce" "object-server 22" 0.0008 "-" 14 0
Nov 25 10:11:26 standalone object-server[123263]: 172.20.0.100 - - [25/Nov/2025:10:11:26 +0000] "PUT /d1/502/AUTH_692cf325f9a14224bf157722f8f354f2/gnocchi.af6a9b56-122a-4061-bd34-54b20cbc8dcd/none_v3" 201 - "PUT http://localhost:8080/v1/AUTH_692cf325f9a14224bf157722f8f354f2/gnocchi.af6a9b56-122a-4061-bd34-54b20cbc8dcd/none_v3" "tx5382c1dc55414de0bc209-00692580ce" "proxy-server 21" 0.0645 "-" 22 0
Nov 25 10:11:26 standalone proxy-server[125200]: 172.18.0.2 ::1 25/Nov/2025/10/11/26 PUT /v1/AUTH_692cf325f9a14224bf157722f8f354f2/gnocchi.af6a9b56-122a-4061-bd34-54b20cbc8dcd/none_v3 HTTP/1.0 201 - python-swiftclient-3.11.1 gAAAAABpJYCO3AkK... 22 - - tx5382c1dc55414de0bc209-00692580ce - 0.0742 - - 1764065486.654063940 1764065486.728294373 0
Nov 25 10:11:30 standalone container-server[122984]: 172.20.0.100 - - [25/Nov/2025:10:11:30 +0000] "HEAD /d1/272/AUTH_692cf325f9a14224bf157722f8f354f2/gnocchi.8555158d-57f8-4bf5-a47f-63048c4568d4" 404 - "HEAD http://localhost:8080/v1/AUTH_692cf325f9a14224bf157722f8f354f2/gnocchi.8555158d-57f8-4bf5-a47f-63048c4568d4?format=json&states=listing" "txd2ee97d136ee4f11ac088-00692580d2" "proxy-server 21" 0.0007 "-" 16 0
Nov 25 10:11:30 standalone object-server[123264]: 172.20.0.100 - - [25/Nov/2025:10:11:30 +0000] "GET /d1/414/AUTH_692cf325f9a14224bf157722f8f354f2/gnocchi.8555158d-57f8-4bf5-a47f-63048c4568d4/none_v3" 404 70 "GET http://localhost:8080/v1/AUTH_692cf325f9a14224bf157722f8f354f2/gnocchi.8555158d-57f8-4bf5-a47f-63048c4568d4/none_v3" "txd2ee97d136ee4f11ac088-00692580d2" "proxy-server 21" 0.0005 "-" 23 0
Nov 25 10:11:30 standalone proxy-server[125200]: 172.18.0.2 ::1 25/Nov/2025/10/11/30 GET /v1/AUTH_692cf325f9a14224bf157722f8f354f2/gnocchi.8555158d-57f8-4bf5-a47f-63048c4568d4/none_v3 HTTP/1.0 404 - python-swiftclient-3.11.1 gAAAAABpJYCO3AkK... - 70 - txd2ee97d136ee4f11ac088-00692580d2 - 0.0099 - - 1764065490.765355110 1764065490.775237560 0
Nov 25 10:11:30 standalone account-server[123134]: 172.20.0.100 - - [25/Nov/2025:10:11:30 +0000] "PUT /d1/565/AUTH_692cf325f9a14224bf157722f8f354f2/gnocchi.8555158d-57f8-4bf5-a47f-63048c4568d4" 201 - "PUT http://172.20.0.100:6001/d1/272/AUTH_692cf325f9a14224bf157722f8f354f2/gnocchi.8555158d-57f8-4bf5-a47f-63048c4568d4" "tx78fade668e2f403090527-00692580d2" "container-server 14" 0.0113 "-" 22 0
Nov 25 10:11:30 standalone container-server[122961]: 172.20.0.100 - - [25/Nov/2025:10:11:30 +0000] "PUT /d1/272/AUTH_692cf325f9a14224bf157722f8f354f2/gnocchi.8555158d-57f8-4bf5-a47f-63048c4568d4" 201 - "PUT http://localhost:8080/v1/AUTH_692cf325f9a14224bf157722f8f354f2/gnocchi.8555158d-57f8-4bf5-a47f-63048c4568d4" "tx78fade668e2f403090527-00692580d2" "proxy-server 21" 0.0231 "-" 14 0
Nov 25 10:11:30 standalone proxy-server[125200]: 172.18.0.2 ::1 25/Nov/2025/10/11/30 PUT /v1/AUTH_692cf325f9a14224bf157722f8f354f2/gnocchi.8555158d-57f8-4bf5-a47f-63048c4568d4 HTTP/1.0 201 - python-swiftclient-3.11.1 gAAAAABpJYCO3AkK... - - - tx78fade668e2f403090527-00692580d2 - 0.0281 - - 1764065490.779154062 1764065490.807256222 0
