Feb 20 11:11:42 standalone container-server[127047]: 172.20.0.100 - - [20/Feb/2026:11:11:42 +0000] "PUT /d1/341/AUTH_b75c04a01e2a4deebe28e21731b0483c/gnocchi.cda90c3f-ef3a-4017-9794-9d21d82ae00c/none_v3" 201 - "PUT http://172.18.0.2:8080/d1/732/AUTH_b75c04a01e2a4deebe28e21731b0483c/gnocchi.cda90c3f-ef3a-4017-9794-9d21d82ae00c/none_v3" "tx409c40a84a4242ab8eb80-006998416e" "object-server 24" 0.0010 "-" 21 0
Feb 20 11:11:42 standalone object-server[127157]: 172.20.0.100 - - [20/Feb/2026:11:11:42 +0000] "PUT /d1/732/AUTH_b75c04a01e2a4deebe28e21731b0483c/gnocchi.cda90c3f-ef3a-4017-9794-9d21d82ae00c/none_v3" 201 - "PUT http://172.18.0.2:8080/v1/AUTH_b75c04a01e2a4deebe28e21731b0483c/gnocchi.cda90c3f-ef3a-4017-9794-9d21d82ae00c/none_v3" "tx409c40a84a4242ab8eb80-006998416e" "proxy-server 20" 0.0173 "-" 24 0
Feb 20 11:11:42 standalone proxy-server[129190]: 172.18.0.2 172.18.0.100 20/Feb/2026/11/11/42 PUT /v1/AUTH_b75c04a01e2a4deebe28e21731b0483c/gnocchi.cda90c3f-ef3a-4017-9794-9d21d82ae00c/none_v3 HTTP/1.0 201 - python-swiftclient-3.11.1 gAAAAABpmEDLewQk... 32 - - tx409c40a84a4242ab8eb80-006998416e - 0.0229 - - 1771585902.421894312 1771585902.444799185 0
Feb 20 11:11:42 standalone container-server[127027]: 172.20.0.100 - - [20/Feb/2026:11:11:42 +0000] "HEAD /d1/820/AUTH_b75c04a01e2a4deebe28e21731b0483c/gnocchi.11ec721a-6628-484c-ab0b-5e33aadad8c1" 404 - "HEAD http://172.18.0.2:8080/v1/AUTH_b75c04a01e2a4deebe28e21731b0483c/gnocchi.11ec721a-6628-484c-ab0b-5e33aadad8c1?format=json&states=listing" "tx4030df58f7e24421957f6-006998416e" "proxy-server 20" 0.0005 "-" 19 0
Feb 20 11:11:42 standalone object-server[127157]: 172.20.0.100 - - [20/Feb/2026:11:11:42 +0000] "GET /d1/826/AUTH_b75c04a01e2a4deebe28e21731b0483c/gnocchi.11ec721a-6628-484c-ab0b-5e33aadad8c1/none_v3" 404 70 "GET http://172.18.0.2:8080/v1/AUTH_b75c04a01e2a4deebe28e21731b0483c/gnocchi.11ec721a-6628-484c-ab0b-5e33aadad8c1/none_v3" "tx4030df58f7e24421957f6-006998416e" "proxy-server 20" 0.0004 "-" 24 0
Feb 20 11:11:42 standalone proxy-server[129190]: 172.18.0.2 172.18.0.100 20/Feb/2026/11/11/42 GET /v1/AUTH_b75c04a01e2a4deebe28e21731b0483c/gnocchi.11ec721a-6628-484c-ab0b-5e33aadad8c1/none_v3 HTTP/1.0 404 - python-swiftclient-3.11.1 gAAAAABpmEDLewQk... - 70 - tx4030df58f7e24421957f6-006998416e - 0.0097 - - 1771585902.459563494 1771585902.469253540 0
Feb 20 11:11:42 standalone account-server[126929]: 172.20.0.100 - - [20/Feb/2026:11:11:42 +0000] "PUT /d1/675/AUTH_b75c04a01e2a4deebe28e21731b0483c/gnocchi.11ec721a-6628-484c-ab0b-5e33aadad8c1" 201 - "PUT http://172.20.0.100:6001/d1/820/AUTH_b75c04a01e2a4deebe28e21731b0483c/gnocchi.11ec721a-6628-484c-ab0b-5e33aadad8c1" "tx00b8c037875148f7a6aeb-006998416e" "container-server 21" 0.0046 "-" 21 0
Feb 20 11:11:42 standalone container-server[127047]: 172.20.0.100 - - [20/Feb/2026:11:11:42 +0000] "PUT /d1/820/AUTH_b75c04a01e2a4deebe28e21731b0483c/gnocchi.11ec721a-6628-484c-ab0b-5e33aadad8c1" 201 - "PUT http://172.18.0.2:8080/v1/AUTH_b75c04a01e2a4deebe28e21731b0483c/gnocchi.11ec721a-6628-484c-ab0b-5e33aadad8c1" "tx00b8c037875148f7a6aeb-006998416e" "proxy-server 20" 0.0196 "-" 21 0
Feb 20 11:11:42 standalone proxy-server[129190]: 172.18.0.2 172.18.0.100 20/Feb/2026/11/11/42 PUT /v1/AUTH_b75c04a01e2a4deebe28e21731b0483c/gnocchi.11ec721a-6628-484c-ab0b-5e33aadad8c1 HTTP/1.0 201 - python-swiftclient-3.11.1 gAAAAABpmEDLewQk... - - - tx00b8c037875148f7a6aeb-006998416e - 0.0238 - - 1771585902.471766472 1771585902.495527983 0
Feb 20 11:11:42 standalone container-server[127035]: 172.20.0.100 - - [20/Feb/2026:11:11:42 +0000] "HEAD /d1/820/AUTH_b75c04a01e2a4deebe28e21731b0483c/gnocchi.11ec721a-6628-484c-ab0b-5e33aadad8c1" 204 - "HEAD http://172.18.0.2:8080/v1/AUTH_b75c04a01e2a4deebe28e21731b0483c/gnocchi.11ec721a-6628-484c-ab0b-5e33aadad8c1?format=json&states=listing" "tx7e4bb4e010c0444299f77-006998416e" "proxy-server 20" 0.0016 "-" 20 0
Feb 20 11:11:42 standalone proxy-server[129190]: - - 20/Feb/2026/11/11/42 HEAD /v1/AUTH_b75c04a01e2a4deebe28e21731b0483c/gnocchi.11ec721a-6628-484c-ab0b-5e33aadad8c1%3Fformat%3Djson%26states%3Dlisting HTTP/1.0 204 - Swift - - - - tx7e4bb4e010c0444299f77-006998416e - 0.0076 RL - 1771585902.500142813 1771585902.507704496 0
Feb 20 11:11:42 standalone container-server[127027]: 172.20.0.100 - - [20/Feb/2026:11:11:42 +0000] "GET /d1/820/AUTH_b75c04a01e2a4deebe28e21731b0483c/gnocchi.11ec721a-6628-484c-ab0b-5e33aadad8c1" 200 2 "GET http://172.18.0.2:8080/v1/AUTH_b75c04a01e2a4deebe28e21731b0483c/gnocchi.11ec721a-6628-484c-ab0b-5e33aadad8c1?format=json&states=listing" "tx7e4bb4e010c0444299f77-006998416e" "proxy-server 20" 0.0020 "-" 19 0
Feb 20 11:11:42 standalone proxy-server[129190]: 172.18.0.2 172.18.0.100 20/Feb/2026/11/11/42 GET /v1/AUTH_b75c04a01e2a4deebe28e21731b0483c/gnocchi.11ec721a-6628-484c-ab0b-5e33aadad8c1%3Fformat%3Djson%26states%3Dlisting HTTP/1.0 200 - python-swiftclient-3.11.1 gAAAAABpmEDLewQk... - 2 - tx7e4bb4e010c0444299f77-006998416e - 0.0159 - - 1771585902.499297142 1771585902.515184402 0
Feb 20 11:11:42 standalone object-server[127157]: 172.20.0.100 - - [20/Feb/2026:11:11:42 +0000] "GET /d1/991/AUTH_b75c04a01e2a4deebe28e21731b0483c/gnocchi.11ec721a-6628-484c-ab0b-5e33aadad8c1/1771200000.0_mean_300.0_v3" 404 70 "GET http://172.18.0.2:8080/v1/AUTH_b75c04a01e2a4deebe28e21731b0483c/gnocchi.11ec721a-6628-484c-ab0b-5e33aadad8c1/1771200000.0_mean_300.0_v3" "txd2242fc3bcaa46f0a04ed-006998416e" "proxy-server 20" 0.0005 "-" 24 0
Feb 20 11:11:42 standalone proxy-server[129190]: 172.18.0.2 172.18.0.100 20/Feb/2026/11/11/42 GET /v1/AUTH_b75c04a01e2a4deebe28e21731b0483c/gnocchi.11ec721a-6628-484c-ab0b-5e33aadad8c1/1771200000.0_mean_300.0_v3 HTTP/1.0 404 - python-swiftclient-3.11.1 gAAAAABpmEDLewQk... - 70 - txd2242fc3bcaa46f0a04ed-006998416e - 0.0053 - - 1771585902.522202015 1771585902.527460098 0
Feb 20 11:11:42 standalone container-server[127047]: 172.20.0.100 - - [20/Feb/2026:11:11:42 +0000] "PUT /d1/820/AUTH_b75c04a01e2a4deebe28e21731b0483c/gnocchi.11ec721a-6628-484c-ab0b-5e33aadad8c1/1771200000.0_mean_300.0_v3" 201 - "PUT http://172.18.0.2:8080/d1/991/AUTH_b75c04a01e2a4deebe28e21731b0483c/gnocchi.11ec721a-6628-484c-ab0b-5e33aadad8c1/1771200000.0_mean_300.0_v3" "tx239d10e7ae514f69829da-006998416e" "object-server 24" 0.0007 "-" 21 0
Feb 20 11:11:42 standalone object-server[127157]: 172.20.0.100 - - [20/Feb/2026:11:11:42 +0000] "PUT /d1/991/AUTH_b75c04a01e2a4deebe28e21731b0483c/gnocchi.11ec721a-6628-484c-ab0b-5e33aadad8c1/1771200000.0_mean_300.0_v3" 201 - "PUT http://172.18.0.2:8080/v1/AUTH_b75c04a01e2a4deebe28e21731b0483c/gnocchi.11ec721a-6628-484c-ab0b-5e33aadad8c1/1771200000.0_mean_300.0_v3" "tx239d10e7ae514f69829da-006998416e" "proxy-server 20" 0.0169 "-" 24 0
Feb 20 11:11:42 standalone proxy-server[129190]: 172.18.0.2 172.18.0.100 20/Feb/2026/11/11/42 PUT /v1/AUTH_b75c04a01e2a4deebe28e21731b0483c/gnocchi.11ec721a-6628-484c-ab0b-5e33aadad8c1/1771200000.0_mean_300.0_v3 HTTP/1.0 201 - python-swiftclient-3.11.1 gAAAAABpmEDLewQk... 16 - - tx239d10e7ae514f69829da-006998416e - 0.0211 - - 1771585902.529473782 1771585902.550611734 0
Feb 20 11:11:42 standalone container-server[127035]: 172.20.0.100 - - [20/Feb/2026:11:11:42 +0000] "PUT /d1/820/AUTH_b75c04a01e2a4deebe28e21731b0483c/gnocchi.11ec721a-6628-484c-ab0b-5e33aadad8c1/none_v3" 201 - "PUT http://172.18.0.2:8080/d1/826/AUTH_b75c04a01e2a4deebe28e21731b0483c/gnocchi.11ec721a-6628-484c-ab0b-5e33aadad8c1/none_v3" "tx1908c80c8d5847f8bda5e-006998416e" "object-server 25" 0.0007 "-" 20 0
Feb 20 11:11:42 standalone object-server[127161]: 172.20.0.100 - - [20/Feb/2026:11:11:42 +0000] "PUT /d1/826/AUTH_b75c04a01e2a4deebe28e21731b0483c/gnocchi.11ec721a-6628-484c-ab0b-5e33aadad8c1/none_v3" 201 - "PUT http://172.18.0.2:8080/v1/AUTH_b75c04a01e2a4deebe28e21731b0483c/gnocchi.11ec721a-6628-484c-ab0b-5e33aadad8c1/none_v3" "tx1908c80c8d5847f8bda5e-006998416e" "proxy-server 20" 0.0118 "-" 25 0
Feb 20 11:11:42 standalone proxy-server[129190]: 172.18.0.2 172.18.0.100 20/Feb/2026/11/11/42 PUT /v1/AUTH_b75c04a01e2a4deebe28e21731b0483c/gnocchi.11ec721a-6628-484c-ab0b-5e33aadad8c1/none_v3 HTTP/1.0 201 - python-swiftclient-3.11.1 gAAAAABpmEDLewQk... 22 - - tx1908c80c8d5847f8bda5e-006998416e - 0.0166 - - 1771585902.553449631 1771585902.570067167 0
Feb 20 11:11:42 standalone container-server[127047]: 172.20.0.100 - - [20/Feb/2026:11:11:42 +0000] "HEAD /d1/975/AUTH_b75c04a01e2a4deebe28e21731b0483c/gnocchi.a702ad59-0e06-494d-9fef-6b2416e83bac" 404 - "HEAD http://172.18.0.2:8080/v1/AUTH_b75c04a01e2a4deebe28e21731b0483c/gnocchi.a702ad59-0e06-494d-9fef-6b2416e83bac?format=json&states=listing" "tx7430f1eaa7974d198f2d7-006998416e" "proxy-server 20" 0.0007 "-" 21 0
Feb 20 11:11:42 standalone object-server[127154]: 172.20.0.100 - - [20/Feb/2026:11:11:42 +0000] "GET /d1/515/AUTH_b75c04a01e2a4deebe28e21731b0483c/gnocchi.a702ad59-0e06-494d-9fef-6b2416e83bac/none_v3" 404 70 "GET http://172.18.0.2:8080/v1/AUTH_b75c04a01e2a4deebe28e21731b0483c/gnocchi.a702ad59-0e06-494d-9fef-6b2416e83bac/none_v3" "tx7430f1eaa7974d198f2d7-006998416e" "proxy-server 20" 0.0005 "-" 22 0
Feb 20 11:11:42 standalone proxy-server[129190]: 172.18.0.2 172.18.0.100 20/Feb/2026/11/11/42 GET /v1/AUTH_b75c04a01e2a4deebe28e21731b0483c/gnocchi.a702ad59-0e06-494d-9fef-6b2416e83bac/none_v3 HTTP/1.0 404 - python-swiftclient-3.11.1 gAAAAABpmEDLewQk... - 70 - tx7430f1eaa7974d198f2d7-006998416e - 0.0091 - - 1771585902.585092545 1771585902.594143629 0
Feb 20 11:11:42 standalone account-server[126945]: 172.20.0.100 - - [20/Feb/2026:11:11:42 +0000] "PUT /d1/675/AUTH_b75c04a01e2a4deebe28e21731b0483c/gnocchi.a702ad59-0e06-494d-9fef-6b2416e83bac" 201 - "PUT http://172.20.0.100:6001/d1/975/AUTH_b75c04a01e2a4deebe28e21731b0483c/gnocchi.a702ad59-0e06-494d-9fef-6b2416e83bac" "tx8bb43ccd6d4743f9b8d97-006998416e" "container-server 20" 0.0062 "-" 23 0
Feb 20 11:11:42 standalone container-server[127035]: 172.20.0.100 - - [20/Feb/2026:11:11:42 +0000] "PUT /d1/975/AUTH_b75c04a01e2a4deebe28e21731b0483c/gnocchi.a702ad59-0e06-494d-9fef-6b2416e83bac" 201 - "PUT http://172.18.0.2:8080/v1/AUTH_b75c04a01e2a4deebe28e21731b0483c/gnocchi.a702ad59-0e06-494d-9fef-6b2416e83bac" "tx8bb43ccd6d4743f9b8d97-006998416e" "proxy-server 20" 0.0198 "-" 20 0
Feb 20 11:11:42 standalone proxy-server[129190]: 172.18.0.2 172.18.0.100 20/Feb/2026/11/11/42 PUT /v1/AUTH_b75c04a01e2a4deebe28e21731b0483c/gnocchi.a702ad59-0e06-494d-9fef-6b2416e83bac HTTP/1.0 201 - python-swiftclient-3.11.1 gAAAAABpmEDLewQk... - - - tx8bb43ccd6d4743f9b8d97-006998416e - 0.0347 - - 1771585902.596775770 1771585902.631485939 0
Feb 20 11:11:42 standalone container-server[127047]: 172.20.0.100 - - [20/Feb/2026:11:11:42 +0000] "HEAD /d1/975/AUTH_b75c04a01e2a4deebe28e21731b0483c/gnocchi.a702ad59-0e06-494d-9fef-6b2416e83bac" 204 - "HEAD http://172.18.0.2:8080/v1/AUTH_b75c04a01e2a4deebe28e21731b0483c/gnocchi.a702ad59-0e06-494d-9fef-6b2416e83bac?format=json&states=listing" "txe71c238eafe84ffb8d48a-006998416e" "proxy-server 20" 0.0019 "-" 21 0
Feb 20 11:11:42 standalone proxy-server[129190]: - - 20/Feb/2026/11/11/42 HEAD /v1/AUTH_b75c04a01e2a4deebe28e21731b0483c/gnocchi.a702ad59-0e06-494d-9fef-6b2416e83bac%3Fformat%3Djson%26states%3Dlisting HTTP/1.0 204 - Swift - - - - txe71c238eafe84ffb8d48a-006998416e - 0.0077 RL - 1771585902.641071558 1771585902.648790598 0
Feb 20 11:11:42 standalone container-server[127072]: 172.20.0.100 - - [20/Feb/2026:11:11:42 +0000] "GET /d1/975/AUTH_b75c04a01e2a4deebe28e21731b0483c/gnocchi.a702ad59-0e06-494d-9fef-6b2416e83bac" 200 2 "GET http://172.18.0.2:8080/v1/AUTH_b75c04a01e2a4deebe28e21731b0483c/gnocchi.a702ad59-0e06-494d-9fef-6b2416e83bac?format=json&states=listing" "txe71c238eafe84ffb8d48a-006998416e" "proxy-server 20" 0.0036 "-" 23 0
Feb 20 11:11:42 standalone proxy-server[129190]: 172.18.0.2 172.18.0.100 20/Feb/2026/11/11/42 GET /v1/AUTH_b75c04a01e2a4deebe28e21731b0483c/gnocchi.a702ad59-0e06-494d-9fef-6b2416e83bac%3Fformat%3Djson%26states%3Dlisting HTTP/1.0 200 - python-swiftclient-3.11.1 gAAAAABpmEDLewQk... - 2 - txe71c238eafe84ffb8d48a-006998416e - 0.0219 - - 1771585902.639362812 1771585902.661310673 0
Feb 20 11:11:42 standalone object-server[127156]: 172.20.0.100 - - [20/Feb/2026:11:11:42 +0000] "GET /d1/642/AUTH_b75c04a01e2a4deebe28e21731b0483c/gnocchi.a702ad59-0e06-494d-9fef-6b2416e83bac/1771200000.0_mean_300.0_v3" 404 70 "GET http://172.18.0.2:8080/v1/AUTH_b75c04a01e2a4deebe28e21731b0483c/gnocchi.a702ad59-0e06-494d-9fef-6b2416e83bac/1771200000.0_mean_300.0_v3" "tx982098c5e45e4c9f8cbef-006998416e" "proxy-server 20" 0.0006 "-" 23 0
Feb 20 11:11:42 standalone proxy-server[129190]: 172.18.0.2 172.18.0.100 20/Feb/2026/11/11/42 GET /v1/AUTH_b75c04a01e2a4deebe28e21731b0483c/gnocchi.a702ad59-0e06-494d-9fef-6b2416e83bac/1771200000.0_mean_300.0_v3 HTTP/1.0 404 - python-swiftclient-3.11.1 gAAAAABpmEDLewQk... - 70 - tx982098c5e45e4c9f8cbef-006998416e - 0.0057 - - 1771585902.670078516 1771585902.675784111 0
Feb 20 11:11:42 standalone container-server[127027]: 172.20.0.100 - - [20/Feb/2026:11:11:42 +0000] "PUT /d1/975/AUTH_b75c04a01e2a4deebe28e21731b0483c/gnocchi.a702ad59-0e06-494d-9fef-6b2416e83bac/1771200000.0_mean_300.0_v3" 201 - "PUT http://172.18.0.2:8080/d1/642/AUTH_b75c04a01e2a4deebe28e21731b0483c/gnocchi.a702ad59-0e06-494d-9fef-6b2416e83bac/1771200000.0_mean_300.0_v3" "txe8675ff647b64c769c679-006998416e" "object-server 23" 0.0008 "-" 19 0
Feb 20 11:11:42 standalone object-server[127156]: 172.20.0.100 - - [20/Feb/2026:11:11:42 +0000] "PUT /d1/642/AUTH_b75c04a01e2a4deebe28e21731b0483c/gnocchi.a702ad59-0e06-494d-9fef-6b2416e83bac/1771200000.0_mean_300.0_v3" 201 - "PUT http://172.18.0.2:8080/v1/AUTH_b75c04a01e2a4deebe28e21731b0483c/gnocchi.a702ad59-0e06-494d-9fef-6b2416e83bac/1771200000.0_mean_300.0_v3" "txe8675ff647b64c769c679-006998416e" "proxy-server 20" 0.0119 "-" 23 0
Feb 20 11:11:42 standalone proxy-server[129190]: 172.18.0.2 172.18.0.100 20/Feb/2026/11/11/42 PUT /v1/AUTH_b75c04a01e2a4deebe28e21731b0483c/gnocchi.a702ad59-0e06-494d-9fef-6b2416e83bac/1771200000.0_mean_300.0_v3 HTTP/1.0 201 - python-swiftclient-3.11.1 gAAAAABpmEDLewQk... 16 - - txe8675ff647b64c769c679-006998416e - 0.0234 - - 1771585902.678178072 1771585902.701533556 0
Feb 20 11:11:42 standalone container-server[127027]: 172.20.0.100 - - [20/Feb/2026:11:11:42 +0000] "PUT /d1/975/AUTH_b75c04a01e2a4deebe28e21731b0483c/gnocchi.a702ad59-0e06-494d-9fef-6b2416e83bac/none_v3" 201 - "PUT http://172.18.0.2:8080/d1/515/AUTH_b75c04a01e2a4deebe28e21731b0483c/gnocchi.a702ad59-0e06-494d-9fef-6b2416e83bac/none_v3" "tx8871571b26534e29baa27-006998416e" "object-server 24" 0.0004 "-" 19 0
Feb 20 11:11:42 standalone object-server[127157]: 172.20.0.100 - - [20/Feb/2026:11:11:42 +0000] "PUT /d1/515/AUTH_b75c04a01e2a4deebe28e21731b0483c/gnocchi.a702ad59-0e06-494d-9fef-6b2416e83bac/none_v3" 201 - "PUT http://172.18.0.2:8080/v1/AUTH_b75c04a01e2a4deebe28e21731b0483c/gnocchi.a702ad59-0e06-494d-9fef-6b2416e83bac/none_v3" "tx8871571b26534e29baa27-006998416e" "proxy-server 20" 0.0081 "-" 24 0
Feb 20 11:11:42 standalone proxy-server[129190]: 172.18.0.2 172.18.0.100 20/Feb/2026/11/11/42 PUT /v1/AUTH_b75c04a01e2a4deebe28e21731b0483c/gnocchi.a702ad59-0e06-494d-9fef-6b2416e83bac/none_v3 HTTP/1.0 201 - python-swiftclient-3.11.1 gAAAAABpmEDLewQk... 22 - - tx8871571b26534e29baa27-006998416e - 0.0175 - - 1771585902.704319477 1771585902.721827269 0
Feb 20 11:11:42 standalone container-server[127035]: 172.20.0.100 - - [20/Feb/2026:11:11:42 +0000] "HEAD /d1/918/AUTH_b75c04a01e2a4deebe28e21731b0483c/gnocchi.0141f6e5-7e2e-4e4f-90be-0069bb65078d" 404 - "HEAD http://172.18.0.2:8080/v1/AUTH_b75c04a01e2a4deebe28e21731b0483c/gnocchi.0141f6e5-7e2e-4e4f-90be-0069bb65078d?format=json&states=listing" "tx5aa898b67c7a4152a6975-006998416e" "proxy-server 20" 0.0007 "-" 20 0
Feb 20 11:11:42 standalone object-server[127157]: 172.20.0.100 - - [20/Feb/2026:11:11:42 +0000] "GET /d1/963/AUTH_b75c04a01e2a4deebe28e21731b0483c/gnocchi.0141f6e5-7e2e-4e4f-90be-0069bb65078d/none_v3" 404 70 "GET http://172.18.0.2:8080/v1/AUTH_b75c04a01e2a4deebe28e21731b0483c/gnocchi.0141f6e5-7e2e-4e4f-90be-0069bb65078d/none_v3" "tx5aa898b67c7a4152a6975-006998416e" "proxy-server 20" 0.0004 "-" 24 0
Feb 20 11:11:42 standalone proxy-server[129190]: 172.18.0.2 172.18.0.100 20/Feb/2026/11/11/42 GET /v1/AUTH_b75c04a01e2a4deebe28e21731b0483c/gnocchi.0141f6e5-7e2e-4e4f-90be-0069bb65078d/none_v3 HTTP/1.0 404 - python-swiftclient-3.11.1 gAAAAABpmEDLewQk... - 70 - tx5aa898b67c7a4152a6975-006998416e - 0.0128 - - 1771585902.738483906 1771585902.751283646 0
Feb 20 11:11:42 standalone account-server[126945]: 172.20.0.100 - - [20/Feb/2026:11:11:42 +0000] "PUT /d1/675/AUTH_b75c04a01e2a4deebe28e21731b0483c/gnocchi.0141f6e5-7e2e-4e4f-90be-0069bb65078d" 201 - "PUT http://172.20.0.100:6001/d1/918/AUTH_b75c04a01e2a4deebe28e21731b0483c/gnocchi.0141f6e5-7e2e-4e4f-90be-0069bb65078d" "txae04f363981945d1a22bf-006998416e" "container-server 20" 0.0044 "-" 23 0
Feb 20 11:11:42 standalone container-server[127035]: 172.20.0.100 - - [20/Feb/2026:11:11:42 +0000] "PUT /d1/918/AUTH_b75c04a01e2a4deebe28e21731b0483c/gnocchi.0141f6e5-7e2e-4e4f-90be-0069bb65078d" 201 - "PUT http://172.18.0.2:8080/v1/AUTH_b75c04a01e2a4deebe28e21731b0483c/gnocchi.0141f6e5-7e2e-4e4f-90be-0069bb65078d" "txae04f363981945d1a22bf-006998416e" "proxy-server 20" 0.0206 "-" 20 0
Feb 20 11:11:42 standalone proxy-server[129190]: 172.18.0.2 172.18.0.100 20/Feb/2026/11/11/42 PUT /v1/AUTH_b75c04a01e2a4deebe28e21731b0483c/gnocchi.0141f6e5-7e2e-4e4f-90be-0069bb65078d HTTP/1.0 201 - python-swiftclient-3.11.1 gAAAAABpmEDLewQk... - - - txae04f363981945d1a22bf-006998416e - 0.0249 - - 1771585902.754082441 1771585902.779019356 0
Feb 20 11:11:42 standalone container-server[127027]: 172.20.0.100 - - [20/Feb/2026:11:11:42 +0000] "HEAD /d1/918/AUTH_b75c04a01e2a4deebe28e21731b0483c/gnocchi.0141f6e5-7e2e-4e4f-90be-0069bb65078d" 204 - "HEAD http://172.18.0.2:8080/v1/AUTH_b75c04a01e2a4deebe28e21731b0483c/gnocchi.0141f6e5-7e2e-4e4f-90be-0069bb65078d?format=json&states=listing" "tx2b99bf0849d147d29167a-006998416e" "proxy-server 20" 0.0015 "-" 19 0
Feb 20 11:11:42 standalone proxy-server[129190]: - - 20/Feb/2026/11/11/42 HEAD /v1/AUTH_b75c04a01e2a4deebe28e21731b0483c/gnocchi.0141f6e5-7e2e-4e4f-90be-0069bb65078d%3Fformat%3Djson%26states%3Dlisting HTTP/1.0 204 - Swift - - - - tx2b99bf0849d147d29167a-006998416e - 0.0050 RL - 1771585902.786297083 1771585902.791291952 0
Feb 20 11:11:42 standalone container-server[127047]: 172.20.0.100 - - [20/Feb/2026:11:11:42 +0000] "GET /d1/918/AUTH_b75c04a01e2a4deebe28e21731b0483c/gnocchi.0141f6e5-7e2e-4e4f-90be-0069bb65078d" 200 2 "GET http://172.18.0.2:8080/v1/AUTH_b75c04a01e2a4deebe28e21731b0483c/gnocchi.0141f6e5-7e2e-4e4f-90be-0069bb65078d?format=json&states=listing" "tx2b99bf0849d147d29167a-006998416e" "proxy-server 20" 0.0027 "-" 21 0
Feb 20 11:11:42 standalone proxy-server[129190]: 172.18.0.2 172.18.0.100 20/Feb/2026/11/11/42 GET /v1/AUTH_b75c04a01e2a4deebe28e21731b0483c/gnocchi.0141f6e5-7e2e-4e4f-90be-0069bb65078d%3Fformat%3Djson%26states%3Dlisting HTTP/1.0 200 - python-swiftclient-3.11.1 gAAAAABpmEDLewQk... - 2 - tx2b99bf0849d147d29167a-006998416e - 0.0187 - - 1771585902.783022642 1771585902.801685095 0
Feb 20 11:11:42 standalone object-server[127157]: 172.20.0.100 - - [20/Feb/2026:11:11:42 +0000] "GET /d1/241/AUTH_b75c04a01e2a4deebe28e21731b0483c/gnocchi.0141f6e5-7e2e-4e4f-90be-0069bb65078d/1771200000.0_mean_300.0_v3" 404 70 "GET http://172.18.0.2:8080/v1/AUTH_b75c04a01e2a4deebe28e21731b0483c/gnocchi.0141f6e5-7e2e-4e4f-90be-0069bb65078d/1771200000.0_mean_300.0_v3" "txe1ec32e7f3024bc48a952-006998416e" "proxy-server 20" 0.0005 "-" 24 0
Feb 20 11:11:42 standalone proxy-server[129190]: 172.18.0.2 172.18.0.100 20/Feb/2026/11/11/42 GET /v1/AUTH_b75c04a01e2a4deebe28e21731b0483c/gnocchi.0141f6e5-7e2e-4e4f-90be-0069bb65078d/1771200000.0_mean_300.0_v3 HTTP/1.0 404 - python-swiftclient-3.11.1 gAAAAABpmEDLewQk... - 70 - txe1ec32e7f3024bc48a952-006998416e - 0.0051 - - 1771585902.806715727 1771585902.811821222 0
Feb 20 11:11:42 standalone container-server[127035]: 172.20.0.100 - - [20/Feb/2026:11:11:42 +0000] "PUT /d1/918/AUTH_b75c04a01e2a4deebe28e21731b0483c/gnocchi.0141f6e5-7e2e-4e4f-90be-0069bb65078d/1771200000.0_mean_300.0_v3" 201 - "PUT http://172.18.0.2:8080/d1/241/AUTH_b75c04a01e2a4deebe28e21731b0483c/gnocchi.0141f6e5-7e2e-4e4f-90be-0069bb65078d/1771200000.0_mean_300.0_v3" "tx6e0ffa8d137148d4a9a47-006998416e" "object-server 24" 0.0006 "-" 20 0
Feb 20 11:11:42 standalone object-server[127157]: 172.20.0.100 - - [20/Feb/2026:11:11:42 +0000] "PUT /d1/241/AUTH_b75c04a01e2a4deebe28e21731b0483c/gnocchi.0141f6e5-7e2e-4e4f-90be-0069bb65078d/1771200000.0_mean_300.0_v3" 201 - "PUT http://172.18.0.2:8080/v1/AUTH_b75c04a01e2a4deebe28e21731b0483c/gnocchi.0141f6e5-7e2e-4e4f-90be-0069bb65078d/1771200000.0_mean_300.0_v3" "tx6e0ffa8d137148d4a9a47-006998416e" "proxy-server 20" 0.0088 "-" 24 0
Feb 20 11:11:42 standalone proxy-server[129190]: 172.18.0.2 172.18.0.100 20/Feb/2026/11/11/42 PUT /v1/AUTH_b75c04a01e2a4deebe28e21731b0483c/gnocchi.0141f6e5-7e2e-4e4f-90be-0069bb65078d/1771200000.0_mean_300.0_v3 HTTP/1.0 201 - python-swiftclient-3.11.1 gAAAAABpmEDLewQk... 16 - - tx6e0ffa8d137148d4a9a47-006998416e - 0.0124 - - 1771585902.814790726 1771585902.827164412 0
Feb 20 11:11:42 standalone container-server[127047]: 172.20.0.100 - - [20/Feb/2026:11:11:42 +0000] "PUT /d1/918/AUTH_b75c04a01e2a4deebe28e21731b0483c/gnocchi.0141f6e5-7e2e-4e4f-90be-0069bb65078d/none_v3" 201 - "PUT http://172.18.0.2:8080/d1/963/AUTH_b75c04a01e2a4deebe28e21731b0483c/gnocchi.0141f6e5-7e2e-4e4f-90be-0069bb65078d/none_v3" "txb48983c42af34eafab28e-006998416e" "object-server 22" 0.0006 "-" 21 0
Feb 20 11:11:42 standalone object-server[127154]: 172.20.0.100 - - [20/Feb/2026:11:11:42 +0000] "PUT /d1/963/AUTH_b75c04a01e2a4deebe28e21731b0483c/gnocchi.0141f6e5-7e2e-4e4f-90be-0069bb65078d/none_v3" 201 - "PUT http://172.18.0.2:8080/v1/AUTH_b75c04a01e2a4deebe28e21731b0483c/gnocchi.0141f6e5-7e2e-4e4f-90be-0069bb65078d/none_v3" "txb48983c42af34eafab28e-006998416e" "proxy-server 20" 0.0094 "-" 22 0
Feb 20 11:11:42 standalone proxy-server[129190]: 172.18.0.2 172.18.0.100 20/Feb/2026/11/11/42 PUT /v1/AUTH_b75c04a01e2a4deebe28e21731b0483c/gnocchi.0141f6e5-7e2e-4e4f-90be-0069bb65078d/none_v3 HTTP/1.0 201 - python-swiftclient-3.11.1 gAAAAABpmEDLewQk... 22 - - txb48983c42af34eafab28e-006998416e - 0.0137 - - 1771585902.829091787 1771585902.842817068 0
Feb 20 11:11:42 standalone container-server[127072]: 172.20.0.100 - - [20/Feb/2026:11:11:42 +0000] "HEAD /d1/991/AUTH_b75c04a01e2a4deebe28e21731b0483c/gnocchi.a7c71f39-d967-4726-aafe-17836c849513" 404 - "HEAD http://172.18.0.2:8080/v1/AUTH_b75c04a01e2a4deebe28e21731b0483c/gnocchi.a7c71f39-d967-4726-aafe-17836c849513?format=json&states=listing" "txaad8b6a11e9742418dd0d-006998416e" "proxy-server 20" 0.0006 "-" 23 0
Feb 20 11:11:42 standalone object-server[127157]: 172.20.0.100 - - [20/Feb/2026:11:11:42 +0000] "GET /d1/910/AUTH_b75c04a01e2a4deebe28e21731b0483c/gnocchi.a7c71f39-d967-4726-aafe-17836c849513/none_v3" 404 70 "GET http://172.18.0.2:8080/v1/AUTH_b75c04a01e2a4deebe28e21731b0483c/gnocchi.a7c71f39-d967-4726-aafe-17836c849513/none_v3" "txaad8b6a11e9742418dd0d-006998416e" "proxy-server 20" 0.0004 "-" 24 0
Feb 20 11:11:42 standalone proxy-server[129190]: 172.18.0.2 172.18.0.100 20/Feb/2026/11/11/42 GET /v1/AUTH_b75c04a01e2a4deebe28e21731b0483c/gnocchi.a7c71f39-d967-4726-aafe-17836c849513/none_v3 HTTP/1.0 404 - python-swiftclient-3.11.1 gAAAAABpmEDLewQk... - 70 - txaad8b6a11e9742418dd0d-006998416e - 0.0094 - - 1771585902.852492094 1771585902.861915350 0
Feb 20 11:11:42 standalone account-server[126945]: 172.20.0.100 - - [20/Feb/2026:11:11:42 +0000] "PUT /d1/675/AUTH_b75c04a01e2a4deebe28e21731b0483c/gnocchi.a7c71f39-d967-4726-aafe-17836c849513" 201 - "PUT http://172.20.0.100:6001/d1/991/AUTH_b75c04a01e2a4deebe28e21731b0483c/gnocchi.a7c71f39-d967-4726-aafe-17836c849513" "tx334dec8d9afe4c9186fb3-006998416e" "container-server 20" 0.0042 "-" 23 0
Feb 20 11:11:42 standalone container-server[127035]: 172.20.0.100 - - [20/Feb/2026:11:11:42 +0000] "PUT /d1/991/AUTH_b75c04a01e2a4deebe28e21731b0483c/gnocchi.a7c71f39-d967-4726-aafe-17836c849513" 201 - "PUT http://172.18.0.2:8080/v1/AUTH_b75c04a01e2a4deebe28e21731b0483c/gnocchi.a7c71f39-d967-4726-aafe-17836c849513" "tx334dec8d9afe4c9186fb3-006998416e" "proxy-server 20" 0.0176 "-" 20 0
Feb 20 11:11:42 standalone proxy-server[129190]: 172.18.0.2 172.18.0.100 20/Feb/2026/11/11/42 PUT /v1/AUTH_b75c04a01e2a4deebe28e21731b0483c/gnocchi.a7c71f39-d967-4726-aafe-17836c849513 HTTP/1.0 201 - python-swiftclient-3.11.1 gAAAAABpmEDLewQk... - - - tx334dec8d9afe4c9186fb3-006998416e - 0.0214 - - 1771585902.863971949 1771585902.885374784 0
Feb 20 11:11:42 standalone container-server[127047]: 172.20.0.100 - - [20/Feb/2026:11:11:42 +0000] "HEAD /d1/991/AUTH_b75c04a01e2a4deebe28e21731b0483c/gnocchi.a7c71f39-d967-4726-aafe-17836c849513" 204 - "HEAD http://172.18.0.2:8080/v1/AUTH_b75c04a01e2a4deebe28e21731b0483c/gnocchi.a7c71f39-d967-4726-aafe-17836c849513?format=json&states=listing" "tx3352f1cc7ff140439d99a-006998416e" "proxy-server 20" 0.0018 "-" 21 0
Feb 20 11:11:42 standalone proxy-server[129190]: - - 20/Feb/2026/11/11/42 HEAD /v1/AUTH_b75c04a01e2a4deebe28e21731b0483c/gnocchi.a7c71f39-d967-4726-aafe-17836c849513%3Fformat%3Djson%26states%3Dlisting HTTP/1.0 204 - Swift - - - - tx3352f1cc7ff140439d99a-006998416e - 0.0092 RL - 1771585902.891479492 1771585902.900683880 0
Feb 20 11:11:42 standalone container-server[127027]: 172.20.0.100 - - [20/Feb/2026:11:11:42 +0000] "GET /d1/991/AUTH_b75c04a01e2a4deebe28e21731b0483c/gnocchi.a7c71f39-d967-4726-aafe-17836c849513" 200 2 "GET http://172.18.0.2:8080/v1/AUTH_b75c04a01e2a4deebe28e21731b0483c/gnocchi.a7c71f39-d967-4726-aafe-17836c849513?format=json&states=listing" "tx3352f1cc7ff140439d99a-006998416e" "proxy-server 20" 0.0040 "-" 19 0
Feb 20 11:11:42 standalone proxy-server[129190]: 172.18.0.2 172.18.0.100 20/Feb/2026/11/11/42 GET /v1/AUTH_b75c04a01e2a4deebe28e21731b0483c/gnocchi.a7c71f39-d967-4726-aafe-17836c849513%3Fformat%3Djson%26states%3Dlisting HTTP/1.0 200 - python-swiftclient-3.11.1 gAAAAABpmEDLewQk... - 2 - tx3352f1cc7ff140439d99a-006998416e - 0.0246 - - 1771585902.888208628 1771585902.912800789 0
Feb 20 11:11:42 standalone object-server[127156]: 172.20.0.100 - - [20/Feb/2026:11:11:42 +0000] "GET /d1/766/AUTH_b75c04a01e2a4deebe28e21731b0483c/gnocchi.a7c71f39-d967-4726-aafe-17836c849513/1771200000.0_mean_300.0_v3" 404 70 "GET http://172.18.0.2:8080/v1/AUTH_b75c04a01e2a4deebe28e21731b0483c/gnocchi.a7c71f39-d967-4726-aafe-17836c849513/1771200000.0_mean_300.0_v3" "tx6d53e03b47914f0187af3-006998416e" "proxy-server 20" 0.0005 "-" 23 0
Feb 20 11:11:42 standalone proxy-server[129190]: 172.18.0.2 172.18.0.100 20/Feb/2026/11/11/42 GET /v1/AUTH_b75c04a01e2a4deebe28e21731b0483c/gnocchi.a7c71f39-d967-4726-aafe-17836c849513/1771200000.0_mean_300.0_v3 HTTP/1.0 404 - python-swiftclient-3.11.1 gAAAAABpmEDLewQk... - 70 - tx6d53e03b47914f0187af3-006998416e - 0.0093 - - 1771585902.915946007 1771585902.925266981 0
Feb 20 11:11:42 standalone container-server[127035]: 172.20.0.100 - - [20/Feb/2026:11:11:42 +0000] "PUT /d1/991/AUTH_b75c04a01e2a4deebe28e21731b0483c/gnocchi.a7c71f39-d967-4726-aafe-17836c849513/1771200000.0_mean_300.0_v3" 201 - "PUT http://172.18.0.2:8080/d1/766/AUTH_b75c04a01e2a4deebe28e21731b0483c/gnocchi.a7c71f39-d967-4726-aafe-17836c849513/1771200000.0_mean_300.0_v3" "txf71d845c46174fb1bc7b1-006998416e" "object-server 22" 0.0008 "-" 20 0
Feb 20 11:11:42 standalone object-server[127154]: 172.20.0.100 - - [20/Feb/2026:11:11:42 +0000] "PUT /d1/766/AUTH_b75c04a01e2a4deebe28e21731b0483c/gnocchi.a7c71f39-d967-4726-aafe-17836c849513/1771200000.0_mean_300.0_v3" 201 - "PUT http://172.18.0.2:8080/v1/AUTH_b75c04a01e2a4deebe28e21731b0483c/gnocchi.a7c71f39-d967-4726-aafe-17836c849513/1771200000.0_mean_300.0_v3" "txf71d845c46174fb1bc7b1-006998416e" "proxy-server 20" 0.0116 "-" 22 0
Feb 20 11:11:42 standalone proxy-server[129190]: 172.18.0.2 172.18.0.100 20/Feb/2026/11/11/42 PUT /v1/AUTH_b75c04a01e2a4deebe28e21731b0483c/gnocchi.a7c71f39-d967-4726-aafe-17836c849513/1771200000.0_mean_300.0_v3 HTTP/1.0 201 - python-swiftclient-3.11.1 gAAAAABpmEDLewQk... 16 - - txf71d845c46174fb1bc7b1-006998416e - 0.0205 - - 1771585902.930159330 1771585902.950619459 0
Feb 20 11:11:42 standalone container-server[127072]: 172.20.0.100 - - [20/Feb/2026:11:11:42 +0000] "PUT /d1/991/AUTH_b75c04a01e2a4deebe28e21731b0483c/gnocchi.a7c71f39-d967-4726-aafe-17836c849513/none_v3" 201 - "PUT http://172.18.0.2:8080/d1/910/AUTH_b75c04a01e2a4deebe28e21731b0483c/gnocchi.a7c71f39-d967-4726-aafe-17836c849513/none_v3" "txb222590b072a40a68e589-006998416e" "object-server 25" 0.0012 "-" 23 0
Feb 20 11:11:42 standalone object-server[127161]: 172.20.0.100 - - [20/Feb/2026:11:11:42 +0000] "PUT /d1/910/AUTH_b75c04a01e2a4deebe28e21731b0483c/gnocchi.a7c71f39-d967-4726-aafe-17836c849513/none_v3" 201 - "PUT http://172.18.0.2:8080/v1/AUTH_b75c04a01e2a4deebe28e21731b0483c/gnocchi.a7c71f39-d967-4726-aafe-17836c849513/none_v3" "txb222590b072a40a68e589-006998416e" "proxy-server 20" 0.0133 "-" 25 0
Feb 20 11:11:42 standalone proxy-server[129190]: 172.18.0.2 172.18.0.100 20/Feb/2026/11/11/42 PUT /v1/AUTH_b75c04a01e2a4deebe28e21731b0483c/gnocchi.a7c71f39-d967-4726-aafe-17836c849513/none_v3 HTTP/1.0 201 - python-swiftclient-3.11.1 gAAAAABpmEDLewQk... 22 - - txb222590b072a40a68e589-006998416e - 0.0269 - - 1771585902.954250813 1771585902.981189966 0
Feb 20 11:11:43 standalone container-server[127072]: 172.20.0.100 - - [20/Feb/2026:11:11:43 +0000] "HEAD /d1/261/AUTH_b75c04a01e2a4deebe28e21731b0483c/gnocchi.33d32936-69b2-4c28-97bd-0e3285d530d8" 404 - "HEAD http://172.18.0.2:8080/v1/AUTH_b75c04a01e2a4deebe28e21731b0483c/gnocchi.33d32936-69b2-4c28-97bd-0e3285d530d8?format=json&states=listing" "txf3a23e1cd9694a75b57ca-006998416e" "proxy-server 20" 0.0008 "-" 23 0
Feb 20 11:11:43 standalone object-server[127161]: 172.20.0.100 - - [20/Feb/2026:11:11:43 +0000] "GET /d1/684/AUTH_b75c04a01e2a4deebe28e21731b0483c/gnocchi.33d32936-69b2-4c28-97bd-0e3285d530d8/none_v3" 404 70 "GET http://172.18.0.2:8080/v1/AUTH_b75c04a01e2a4deebe28e21731b0483c/gnocchi.33d32936-69b2-4c28-97bd-0e3285d530d8/none_v3" "txf3a23e1cd9694a75b57ca-006998416e" "proxy-server 20" 0.0005 "-" 25 0
Feb 20 11:11:43 standalone proxy-server[129190]: 172.18.0.2 172.18.0.100 20/Feb/2026/11/11/43 GET /v1/AUTH_b75c04a01e2a4deebe28e21731b0483c/gnocchi.33d32936-69b2-4c28-97bd-0e3285d530d8/none_v3 HTTP/1.0 404 - python-swiftclient-3.11.1 gAAAAABpmEDLewQk... - 70 - txf3a23e1cd9694a75b57ca-006998416e - 0.0136 - - 1771585902.996157885 1771585903.009758949 0
Feb 20 11:11:43 standalone account-server[126917]: 172.20.0.100 - - [20/Feb/2026:11:11:43 +0000] "PUT /d1/675/AUTH_b75c04a01e2a4deebe28e21731b0483c/gnocchi.33d32936-69b2-4c28-97bd-0e3285d530d8" 201 - "PUT http://172.20.0.100:6001/d1/261/AUTH_b75c04a01e2a4deebe28e21731b0483c/gnocchi.33d32936-69b2-4c28-97bd-0e3285d530d8" "txc1ab51d5523444dd93cd7-006998416f" "container-server 19" 0.0060 "-" 20 0
Feb 20 11:11:43 standalone container-server[127027]: 172.20.0.100 - - [20/Feb/2026:11:11:43 +0000] "PUT /d1/261/AUTH_b75c04a01e2a4deebe28e21731b0483c/gnocchi.33d32936-69b2-4c28-97bd-0e3285d530d8" 201 - "PUT http://172.18.0.2:8080/v1/AUTH_b75c04a01e2a4deebe28e21731b0483c/gnocchi.33d32936-69b2-4c28-97bd-0e3285d530d8" "txc1ab51d5523444dd93cd7-006998416f" "proxy-server 20" 0.0221 "-" 19 0
Feb 20 11:11:43 standalone proxy-server[129190]: 172.18.0.2 172.18.0.100 20/Feb/2026/11/11/43 PUT /v1/AUTH_b75c04a01e2a4deebe28e21731b0483c/gnocchi.33d32936-69b2-4c28-97bd-0e3285d530d8 HTTP/1.0 201 - python-swiftclient-3.11.1 gAAAAABpmEDLewQk... - - - txc1ab51d5523444dd93cd7-006998416f - 0.0267 - - 1771585903.017688036 1771585903.044390917 0
Feb 20 11:11:43 standalone container-server[127027]: 172.20.0.100 - - [20/Feb/2026:11:11:43 +0000] "HEAD /d1/261/AUTH_b75c04a01e2a4deebe28e21731b0483c/gnocchi.33d32936-69b2-4c28-97bd-0e3285d530d8" 204 - "HEAD http://172.18.0.2:8080/v1/AUTH_b75c04a01e2a4deebe28e21731b0483c/gnocchi.33d32936-69b2-4c28-97bd-0e3285d530d8?format=json&states=listing" "tx41f8c2ca99b849a5b3386-006998416f" "proxy-server 20" 0.0019 "-" 19 0
Feb 20 11:11:43 standalone proxy-server[129190]: - - 20/Feb/2026/11/11/43 HEAD /v1/AUTH_b75c04a01e2a4deebe28e21731b0483c/gnocchi.33d32936-69b2-4c28-97bd-0e3285d530d8%3Fformat%3Djson%26states%3Dlisting HTTP/1.0 204 - Swift - - - - tx41f8c2ca99b849a5b3386-006998416f - 0.0047 RL - 1771585903.049634218 1771585903.054325342 0
Feb 20 11:11:43 standalone container-server[127027]: 172.20.0.100 - - [20/Feb/2026:11:11:43 +0000] "GET /d1/261/AUTH_b75c04a01e2a4deebe28e21731b0483c/gnocchi.33d32936-69b2-4c28-97bd-0e3285d530d8" 200 2 "GET http://172.18.0.2:8080/v1/AUTH_b75c04a01e2a4deebe28e21731b0483c/gnocchi.33d32936-69b2-4c28-97bd-0e3285d530d8?format=json&states=listing" "tx41f8c2ca99b849a5b3386-006998416f" "proxy-server 20" 0.0031 "-" 19 0
Feb 20 11:11:43 standalone proxy-server[129190]: 172.18.0.2 172.18.0.100 20/Feb/2026/11/11/43 GET /v1/AUTH_b75c04a01e2a4deebe28e21731b0483c/gnocchi.33d32936-69b2-4c28-97bd-0e3285d530d8%3Fformat%3Djson%26states%3Dlisting HTTP/1.0 200 - python-swiftclient-3.11.1 gAAAAABpmEDLewQk... - 2 - tx41f8c2ca99b849a5b3386-006998416f - 0.0134 - - 1771585903.048786879 1771585903.062209845 0
Feb 20 11:11:43 standalone object-server[127156]: 172.20.0.100 - - [20/Feb/2026:11:11:43 +0000] "GET /d1/586/AUTH_b75c04a01e2a4deebe28e21731b0483c/gnocchi.33d32936-69b2-4c28-97bd-0e3285d530d8/1771200000.0_mean_300.0_v3" 404 70 "GET http://172.18.0.2:8080/v1/AUTH_b75c04a01e2a4deebe28e21731b0483c/gnocchi.33d32936-69b2-4c28-97bd-0e3285d530d8/1771200000.0_mean_300.0_v3" "tx16dc64fbef1c4fd09ea9d-006998416f" "proxy-server 20" 0.0004 "-" 23 0
Feb 20 11:11:43 standalone proxy-server[129190]: 172.18.0.2 172.18.0.100 20/Feb/2026/11/11/43 GET /v1/AUTH_b75c04a01e2a4deebe28e21731b0483c/gnocchi.33d32936-69b2-4c28-97bd-0e3285d530d8/1771200000.0_mean_300.0_v3 HTTP/1.0 404 - python-swiftclient-3.11.1 gAAAAABpmEDLewQk... - 70 - tx16dc64fbef1c4fd09ea9d-006998416f - 0.0049 - - 1771585903.066612482 1771585903.071472406 0
Feb 20 11:11:43 standalone container-server[127027]: 172.20.0.100 - - [20/Feb/2026:11:11:43 +0000] "PUT /d1/261/AUTH_b75c04a01e2a4deebe28e21731b0483c/gnocchi.33d32936-69b2-4c28-97bd-0e3285d530d8/1771200000.0_mean_300.0_v3" 201 - "PUT http://172.18.0.2:8080/d1/586/AUTH_b75c04a01e2a4deebe28e21731b0483c/gnocchi.33d32936-69b2-4c28-97bd-0e3285d530d8/1771200000.0_mean_300.0_v3" "txfb092e298a3c4930b692d-006998416f" "object-server 23" 0.0007 "-" 19 0
Feb 20 11:11:43 standalone object-server[127156]: 172.20.0.100 - - [20/Feb/2026:11:11:43 +0000] "PUT /d1/586/AUTH_b75c04a01e2a4deebe28e21731b0483c/gnocchi.33d32936-69b2-4c28-97bd-0e3285d530d8/1771200000.0_mean_300.0_v3" 201 - "PUT http://172.18.0.2:8080/v1/AUTH_b75c04a01e2a4deebe28e21731b0483c/gnocchi.33d32936-69b2-4c28-97bd-0e3285d530d8/1771200000.0_mean_300.0_v3" "txfb092e298a3c4930b692d-006998416f" "proxy-server 20" 0.0094 "-" 23 0
Feb 20 11:11:43 standalone proxy-server[129190]: 172.18.0.2 172.18.0.100 20/Feb/2026/11/11/43 PUT /v1/AUTH_b75c04a01e2a4deebe28e21731b0483c/gnocchi.33d32936-69b2-4c28-97bd-0e3285d530d8/1771200000.0_mean_300.0_v3 HTTP/1.0 201 - python-swiftclient-3.11.1 gAAAAABpmEDLewQk... 16 - - txfb092e298a3c4930b692d-006998416f - 0.0149 - - 1771585903.074810505 1771585903.089667559 0
Feb 20 11:11:43 standalone container-server[127035]: 172.20.0.100 - - [20/Feb/2026:11:11:43 +0000] "PUT /d1/261/AUTH_b75c04a01e2a4deebe28e21731b0483c/gnocchi.33d32936-69b2-4c28-97bd-0e3285d530d8/none_v3" 201 - "PUT http://172.18.0.2:8080/d1/684/AUTH_b75c04a01e2a4deebe28e21731b0483c/gnocchi.33d32936-69b2-4c28-97bd-0e3285d530d8/none_v3" "tx71a33eedbca7440c92a79-006998416f" "object-server 22" 0.0007 "-" 20 0
Feb 20 11:11:43 standalone object-server[127154]: 172.20.0.100 - - [20/Feb/2026:11:11:43 +0000] "PUT /d1/684/AUTH_b75c04a01e2a4deebe28e21731b0483c/gnocchi.33d32936-69b2-4c28-97bd-0e3285d530d8/none_v3" 201 - "PUT http://172.18.0.2:8080/v1/AUTH_b75c04a01e2a4deebe28e21731b0483c/gnocchi.33d32936-69b2-4c28-97bd-0e3285d530d8/none_v3" "tx71a33eedbca7440c92a79-006998416f" "proxy-server 20" 0.0095 "-" 22 0
Feb 20 11:11:43 standalone proxy-server[129190]: 172.18.0.2 172.18.0.100 20/Feb/2026/11/11/43 PUT /v1/AUTH_b75c04a01e2a4deebe28e21731b0483c/gnocchi.33d32936-69b2-4c28-97bd-0e3285d530d8/none_v3 HTTP/1.0 201 - python-swiftclient-3.11.1 gAAAAABpmEDLewQk... 22 - - tx71a33eedbca7440c92a79-006998416f - 0.0163 - - 1771585903.092921972 1771585903.109249830 0
Feb 20 11:11:43 standalone container-server[127027]: 172.20.0.100 - - [20/Feb/2026:11:11:43 +0000] "HEAD /d1/523/AUTH_b75c04a01e2a4deebe28e21731b0483c/gnocchi.56fca986-3694-413f-83f5-5bdb4e760c40" 404 - "HEAD http://172.18.0.2:8080/v1/AUTH_b75c04a01e2a4deebe28e21731b0483c/gnocchi.56fca986-3694-413f-83f5-5bdb4e760c40?format=json&states=listing" "tx8a24e2b242fb42f287add-006998416f" "proxy-server 20" 0.0005 "-" 19 0
Feb 20 11:11:43 standalone object-server[127161]: 172.20.0.100 - - [20/Feb/2026:11:11:43 +0000] "GET /d1/185/AUTH_b75c04a01e2a4deebe28e21731b0483c/gnocchi.56fca986-3694-413f-83f5-5bdb4e760c40/none_v3" 404 70 "GET http://172.18.0.2:8080/v1/AUTH_b75c04a01e2a4deebe28e21731b0483c/gnocchi.56fca986-3694-413f-83f5-5bdb4e760c40/none_v3" "tx8a24e2b242fb42f287add-006998416f" "proxy-server 20" 0.0005 "-" 25 0
Feb 20 11:11:43 standalone proxy-server[129190]: 172.18.0.2 172.18.0.100 20/Feb/2026/11/11/43 GET /v1/AUTH_b75c04a01e2a4deebe28e21731b0483c/gnocchi.56fca986-3694-413f-83f5-5bdb4e760c40/none_v3 HTTP/1.0 404 - python-swiftclient-3.11.1 gAAAAABpmEDLewQk... - 70 - tx8a24e2b242fb42f287add-006998416f - 0.0103 - - 1771585903.120560169 1771585903.130885363 0
Feb 20 11:11:43 standalone account-server[126937]: 172.20.0.100 - - [20/Feb/2026:11:11:43 +0000] "PUT /d1/675/AUTH_b75c04a01e2a4deebe28e21731b0483c/gnocchi.56fca986-3694-413f-83f5-5bdb4e760c40" 201 - "PUT http://172.20.0.100:6001/d1/523/AUTH_b75c04a01e2a4deebe28e21731b0483c/gnocchi.56fca986-3694-413f-83f5-5bdb4e760c40" "tx4f446b885e71462594e83-006998416f" "container-server 20" 0.0050 "-" 22 0
Feb 20 11:11:43 standalone container-server[127035]: 172.20.0.100 - - [20/Feb/2026:11:11:43 +0000] "PUT /d1/523/AUTH_b75c04a01e2a4deebe28e21731b0483c/gnocchi.56fca986-3694-413f-83f5-5bdb4e760c40" 201 - "PUT http://172.18.0.2:8080/v1/AUTH_b75c04a01e2a4deebe28e21731b0483c/gnocchi.56fca986-3694-413f-83f5-5bdb4e760c40" "tx4f446b885e71462594e83-006998416f" "proxy-server 20" 0.0148 "-" 20 0
Feb 20 11:11:43 standalone proxy-server[129190]: 172.18.0.2 172.18.0.100 20/Feb/2026/11/11/43 PUT /v1/AUTH_b75c04a01e2a4deebe28e21731b0483c/gnocchi.56fca986-3694-413f-83f5-5bdb4e760c40 HTTP/1.0 201 - python-swiftclient-3.11.1 gAAAAABpmEDLewQk... - - - tx4f446b885e71462594e83-006998416f - 0.0195 - - 1771585903.133157492 1771585903.152660847 0
Feb 20 11:11:43 standalone container-server[127047]: 172.20.0.100 - - [20/Feb/2026:11:11:43 +0000] "HEAD /d1/523/AUTH_b75c04a01e2a4deebe28e21731b0483c/gnocchi.56fca986-3694-413f-83f5-5bdb4e760c40" 204 - "HEAD http://172.18.0.2:8080/v1/AUTH_b75c04a01e2a4deebe28e21731b0483c/gnocchi.56fca986-3694-413f-83f5-5bdb4e760c40?format=json&states=listing" "txb28e29c60ed041059fe03-006998416f" "proxy-server 20" 0.0017 "-" 21 0
Feb 20 11:11:43 standalone proxy-server[129190]: - - 20/Feb/2026/11/11/43 HEAD /v1/AUTH_b75c04a01e2a4deebe28e21731b0483c/gnocchi.56fca986-3694-413f-83f5-5bdb4e760c40%3Fformat%3Djson%26states%3Dlisting HTTP/1.0 204 - Swift - - - - txb28e29c60ed041059fe03-006998416f - 0.0062 RL - 1771585903.157562017 1771585903.163734436 0
Feb 20 11:11:43 standalone container-server[127035]: 172.20.0.100 - - [20/Feb/2026:11:11:43 +0000] "GET /d1/523/AUTH_b75c04a01e2a4deebe28e21731b0483c/gnocchi.56fca986-3694-413f-83f5-5bdb4e760c40" 200 2 "GET http://172.18.0.2:8080/v1/AUTH_b75c04a01e2a4deebe28e21731b0483c/gnocchi.56fca986-3694-413f-83f5-5bdb4e760c40?format=json&states=listing" "txb28e29c60ed041059fe03-006998416f" "proxy-server 20" 0.0020 "-" 20 0
Feb 20 11:11:43 standalone proxy-server[129190]: 172.18.0.2 172.18.0.100 20/Feb/2026/11/11/43 GET /v1/AUTH_b75c04a01e2a4deebe28e21731b0483c/gnocchi.56fca986-3694-413f-83f5-5bdb4e760c40%3Fformat%3Djson%26states%3Dlisting HTTP/1.0 200 - python-swiftclient-3.11.1 gAAAAABpmEDLewQk... - 2 - txb28e29c60ed041059fe03-006998416f - 0.0168 - - 1771585903.156096697 1771585903.172855854 0
Feb 20 11:11:43 standalone object-server[127156]: 172.20.0.100 - - [20/Feb/2026:11:11:43 +0000] "GET /d1/841/AUTH_b75c04a01e2a4deebe28e21731b0483c/gnocchi.56fca986-3694-413f-83f5-5bdb4e760c40/1771200000.0_mean_300.0_v3" 404 70 "GET http://172.18.0.2:8080/v1/AUTH_b75c04a01e2a4deebe28e21731b0483c/gnocchi.56fca986-3694-413f-83f5-5bdb4e760c40/1771200000.0_mean_300.0_v3" "txab7504acd4b94799a74e5-006998416f" "proxy-server 20" 0.0004 "-" 23 0
Feb 20 11:11:43 standalone proxy-server[129190]: 172.18.0.2 172.18.0.100 20/Feb/2026/11/11/43 GET /v1/AUTH_b75c04a01e2a4deebe28e21731b0483c/gnocchi.56fca986-3694-413f-83f5-5bdb4e760c40/1771200000.0_mean_300.0_v3 HTTP/1.0 404 - python-swiftclient-3.11.1 gAAAAABpmEDLewQk... - 70 - txab7504acd4b94799a74e5-006998416f - 0.0063 - - 1771585903.176421642 1771585903.182770014 0
Feb 20 11:11:43 standalone container-server[127072]: 172.20.0.100 - - [20/Feb/2026:11:11:43 +0000] "PUT /d1/523/AUTH_b75c04a01e2a4deebe28e21731b0483c/gnocchi.56fca986-3694-413f-83f5-5bdb4e760c40/1771200000.0_mean_300.0_v3" 201 - "PUT http://172.18.0.2:8080/d1/841/AUTH_b75c04a01e2a4deebe28e21731b0483c/gnocchi.56fca986-3694-413f-83f5-5bdb4e760c40/1771200000.0_mean_300.0_v3" "tx8ae527fa39954e289c293-006998416f" "object-server 22" 0.0008 "-" 23 0
Feb 20 11:11:43 standalone object-server[127154]: 172.20.0.100 - - [20/Feb/2026:11:11:43 +0000] "PUT /d1/841/AUTH_b75c04a01e2a4deebe28e21731b0483c/gnocchi.56fca986-3694-413f-83f5-5bdb4e760c40/1771200000.0_mean_300.0_v3" 201 - "PUT http://172.18.0.2:8080/v1/AUTH_b75c04a01e2a4deebe28e21731b0483c/gnocchi.56fca986-3694-413f-83f5-5bdb4e760c40/1771200000.0_mean_300.0_v3" "tx8ae527fa39954e289c293-006998416f" "proxy-server 20" 0.0096 "-" 22 0
Feb 20 11:11:43 standalone proxy-server[129190]: 172.18.0.2 172.18.0.100 20/Feb/2026/11/11/43 PUT /v1/AUTH_b75c04a01e2a4deebe28e21731b0483c/gnocchi.56fca986-3694-413f-83f5-5bdb4e760c40/1771200000.0_mean_300.0_v3 HTTP/1.0 201 - python-swiftclient-3.11.1 gAAAAABpmEDLewQk... 16 - - tx8ae527fa39954e289c293-006998416f - 0.0160 - - 1771585903.185691118 1771585903.201657534 0
Feb 20 11:11:43 standalone container-server[127047]: 172.20.0.100 - - [20/Feb/2026:11:11:43 +0000] "PUT /d1/523/AUTH_b75c04a01e2a4deebe28e21731b0483c/gnocchi.56fca986-3694-413f-83f5-5bdb4e760c40/none_v3" 201 - "PUT http://172.18.0.2:8080/d1/185/AUTH_b75c04a01e2a4deebe28e21731b0483c/gnocchi.56fca986-3694-413f-83f5-5bdb4e760c40/none_v3" "txe85dbd2ff3324d3e8a1d0-006998416f" "object-server 24" 0.0005 "-" 21 0
Feb 20 11:11:43 standalone object-server[127157]: 172.20.0.100 - - [20/Feb/2026:11:11:43 +0000] "PUT /d1/185/AUTH_b75c04a01e2a4deebe28e21731b0483c/gnocchi.56fca986-3694-413f-83f5-5bdb4e760c40/none_v3" 201 - "PUT http://172.18.0.2:8080/v1/AUTH_b75c04a01e2a4deebe28e21731b0483c/gnocchi.56fca986-3694-413f-83f5-5bdb4e760c40/none_v3" "txe85dbd2ff3324d3e8a1d0-006998416f" "proxy-server 20" 0.0100 "-" 24 0
Feb 20 11:11:43 standalone proxy-server[129190]: 172.18.0.2 172.18.0.100 20/Feb/2026/11/11/43 PUT /v1/AUTH_b75c04a01e2a4deebe28e21731b0483c/gnocchi.56fca986-3694-413f-83f5-5bdb4e760c40/none_v3 HTTP/1.0 201 - python-swiftclient-3.11.1 gAAAAABpmEDLewQk... 22 - - txe85dbd2ff3324d3e8a1d0-006998416f - 0.0171 - - 1771585903.204497099 1771585903.221632957 0
Feb 20 11:11:43 standalone container-server[127072]: 172.20.0.100 - - [20/Feb/2026:11:11:43 +0000] "HEAD /d1/82/AUTH_b75c04a01e2a4deebe28e21731b0483c/gnocchi.60a79c18-616b-4aca-a46c-53c8220f57b2" 404 - "HEAD http://172.18.0.2:8080/v1/AUTH_b75c04a01e2a4deebe28e21731b0483c/gnocchi.60a79c18-616b-4aca-a46c-53c8220f57b2?format=json&states=listing" "txf5abc11d9f5d437ba006a-006998416f" "proxy-server 20" 0.0005 "-" 23 0
Feb 20 11:11:43 standalone object-server[127156]: 172.20.0.100 - - [20/Feb/2026:11:11:43 +0000] "GET /d1/889/AUTH_b75c04a01e2a4deebe28e21731b0483c/gnocchi.60a79c18-616b-4aca-a46c-53c8220f57b2/none_v3" 404 70 "GET http://172.18.0.2:8080/v1/AUTH_b75c04a01e2a4deebe28e21731b0483c/gnocchi.60a79c18-616b-4aca-a46c-53c8220f57b2/none_v3" "txf5abc11d9f5d437ba006a-006998416f" "proxy-server 20" 0.0002 "-" 23 0
Feb 20 11:11:43 standalone proxy-server[129190]: 172.18.0.2 172.18.0.100 20/Feb/2026/11/11/43 GET /v1/AUTH_b75c04a01e2a4deebe28e21731b0483c/gnocchi.60a79c18-616b-4aca-a46c-53c8220f57b2/none_v3 HTTP/1.0 404 - python-swiftclient-3.11.1 gAAAAABpmEDLewQk... - 70 - txf5abc11d9f5d437ba006a-006998416f - 0.0103 - - 1771585903.232265949 1771585903.242548704 0
Feb 20 11:11:43 standalone account-server[126937]: 172.20.0.100 - - [20/Feb/2026:11:11:43 +0000] "PUT /d1/675/AUTH_b75c04a01e2a4deebe28e21731b0483c/gnocchi.60a79c18-616b-4aca-a46c-53c8220f57b2" 201 - "PUT http://172.20.0.100:6001/d1/82/AUTH_b75c04a01e2a4deebe28e21731b0483c/gnocchi.60a79c18-616b-4aca-a46c-53c8220f57b2" "tx1cf4957c0ab346f1a4740-006998416f" "container-server 20" 0.0053 "-" 22 0
Feb 20 11:11:43 standalone container-server[127035]: 172.20.0.100 - - [20/Feb/2026:11:11:43 +0000] "PUT /d1/82/AUTH_b75c04a01e2a4deebe28e21731b0483c/gnocchi.60a79c18-616b-4aca-a46c-53c8220f57b2" 201 - "PUT http://172.18.0.2:8080/v1/AUTH_b75c04a01e2a4deebe28e21731b0483c/gnocchi.60a79c18-616b-4aca-a46c-53c8220f57b2" "tx1cf4957c0ab346f1a4740-006998416f" "proxy-server 20" 0.0197 "-" 20 0
Feb 20 11:11:43 standalone proxy-server[129190]: 172.18.0.2 172.18.0.100 20/Feb/2026/11/11/43 PUT /v1/AUTH_b75c04a01e2a4deebe28e21731b0483c/gnocchi.60a79c18-616b-4aca-a46c-53c8220f57b2 HTTP/1.0 201 - python-swiftclient-3.11.1 gAAAAABpmEDLewQk... - - - tx1cf4957c0ab346f1a4740-006998416f - 0.0260 - - 1771585903.245776653 1771585903.271793604 0
Feb 20 11:11:43 standalone container-server[127047]: 172.20.0.100 - - [20/Feb/2026:11:11:43 +0000] "HEAD /d1/82/AUTH_b75c04a01e2a4deebe28e21731b0483c/gnocchi.60a79c18-616b-4aca-a46c-53c8220f57b2" 204 - "HEAD http://172.18.0.2:8080/v1/AUTH_b75c04a01e2a4deebe28e21731b0483c/gnocchi.60a79c18-616b-4aca-a46c-53c8220f57b2?format=json&states=listing" "tx27f8079fc07e4355beb02-006998416f" "proxy-server 20" 0.0016 "-" 21 0
Feb 20 11:11:43 standalone proxy-server[129190]: - - 20/Feb/2026/11/11/43 HEAD /v1/AUTH_b75c04a01e2a4deebe28e21731b0483c/gnocchi.60a79c18-616b-4aca-a46c-53c8220f57b2%3Fformat%3Djson%26states%3Dlisting HTTP/1.0 204 - Swift - - - - tx27f8079fc07e4355beb02-006998416f - 0.0069 RL - 1771585903.278659821 1771585903.285516977 0
Feb 20 11:11:43 standalone container-server[127035]: 172.20.0.100 - - [20/Feb/2026:11:11:43 +0000] "GET /d1/82/AUTH_b75c04a01e2a4deebe28e21731b0483c/gnocchi.60a79c18-616b-4aca-a46c-53c8220f57b2" 200 2 "GET http://172.18.0.2:8080/v1/AUTH_b75c04a01e2a4deebe28e21731b0483c/gnocchi.60a79c18-616b-4aca-a46c-53c8220f57b2?format=json&states=listing" "tx27f8079fc07e4355beb02-006998416f" "proxy-server 20" 0.0044 "-" 20 0
Feb 20 11:11:43 standalone proxy-server[129190]: 172.18.0.2 172.18.0.100 20/Feb/2026/11/11/43 GET /v1/AUTH_b75c04a01e2a4deebe28e21731b0483c/gnocchi.60a79c18-616b-4aca-a46c-53c8220f57b2%3Fformat%3Djson%26states%3Dlisting HTTP/1.0 200 - python-swiftclient-3.11.1 gAAAAABpmEDLewQk... - 2 - tx27f8079fc07e4355beb02-006998416f - 0.0240 - - 1771585903.276533842 1771585903.300501823 0
Feb 20 11:11:43 standalone object-server[127156]: 172.20.0.100 - - [20/Feb/2026:11:11:43 +0000] "GET /d1/866/AUTH_b75c04a01e2a4deebe28e21731b0483c/gnocchi.60a79c18-616b-4aca-a46c-53c8220f57b2/1771200000.0_mean_300.0_v3" 404 70 "GET http://172.18.0.2:8080/v1/AUTH_b75c04a01e2a4deebe28e21731b0483c/gnocchi.60a79c18-616b-4aca-a46c-53c8220f57b2/1771200000.0_mean_300.0_v3" "tx5604c42f77a94bd5bc97a-006998416f" "proxy-server 20" 0.0004 "-" 23 0
Feb 20 11:11:43 standalone proxy-server[129190]: 172.18.0.2 172.18.0.100 20/Feb/2026/11/11/43 GET /v1/AUTH_b75c04a01e2a4deebe28e21731b0483c/gnocchi.60a79c18-616b-4aca-a46c-53c8220f57b2/1771200000.0_mean_300.0_v3 HTTP/1.0 404 - python-swiftclient-3.11.1 gAAAAABpmEDLewQk... - 70 - tx5604c42f77a94bd5bc97a-006998416f - 0.0076 - - 1771585903.304426193 1771585903.311984301 0
Feb 20 11:11:43 standalone container-server[127035]: 172.20.0.100 - - [20/Feb/2026:11:11:43 +0000] "PUT /d1/82/AUTH_b75c04a01e2a4deebe28e21731b0483c/gnocchi.60a79c18-616b-4aca-a46c-53c8220f57b2/1771200000.0_mean_300.0_v3" 201 - "PUT http://172.18.0.2:8080/d1/866/AUTH_b75c04a01e2a4deebe28e21731b0483c/gnocchi.60a79c18-616b-4aca-a46c-53c8220f57b2/1771200000.0_mean_300.0_v3" "tx06aec5f8507645e7acb3a-006998416f" "object-server 23" 0.0011 "-" 20 0
Feb 20 11:11:43 standalone object-server[127156]: 172.20.0.100 - - [20/Feb/2026:11:11:43 +0000] "PUT /d1/866/AUTH_b75c04a01e2a4deebe28e21731b0483c/gnocchi.60a79c18-616b-4aca-a46c-53c8220f57b2/1771200000.0_mean_300.0_v3" 201 - "PUT http://172.18.0.2:8080/v1/AUTH_b75c04a01e2a4deebe28e21731b0483c/gnocchi.60a79c18-616b-4aca-a46c-53c8220f57b2/1771200000.0_mean_300.0_v3" "tx06aec5f8507645e7acb3a-006998416f" "proxy-server 20" 0.0112 "-" 23 0
Feb 20 11:11:43 standalone proxy-server[129190]: 172.18.0.2 172.18.0.100 20/Feb/2026/11/11/43 PUT /v1/AUTH_b75c04a01e2a4deebe28e21731b0483c/gnocchi.60a79c18-616b-4aca-a46c-53c8220f57b2/1771200000.0_mean_300.0_v3 HTTP/1.0 201 - python-swiftclient-3.11.1 gAAAAABpmEDLewQk... 16 - - tx06aec5f8507645e7acb3a-006998416f - 0.0175 - - 1771585903.315074444 1771585903.332613707 0
Feb 20 11:11:43 standalone container-server[127047]: 172.20.0.100 - - [20/Feb/2026:11:11:43 +0000] "PUT /d1/82/AUTH_b75c04a01e2a4deebe28e21731b0483c/gnocchi.60a79c18-616b-4aca-a46c-53c8220f57b2/none_v3" 201 - "PUT http://172.18.0.2:8080/d1/889/AUTH_b75c04a01e2a4deebe28e21731b0483c/gnocchi.60a79c18-616b-4aca-a46c-53c8220f57b2/none_v3" "txc088a06623dc49cba46fb-006998416f" "object-server 24" 0.0006 "-" 21 0
