Feb 20 11:16:40 standalone container-server[127027]: 172.20.0.100 - - [20/Feb/2026:11:16:40 +0000] "PUT /d1/671/AUTH_b75c04a01e2a4deebe28e21731b0483c/gnocchi.a6470c95-768e-4f9b-9d15-51bafaa6976c/1771200000.0_mean_300.0_v3" 201 - "PUT http://172.18.0.2:8080/d1/207/AUTH_b75c04a01e2a4deebe28e21731b0483c/gnocchi.a6470c95-768e-4f9b-9d15-51bafaa6976c/1771200000.0_mean_300.0_v3" "tx69916984c6c74afe8dbff-0069984298" "object-server 24" 0.0006 "-" 19 0
Feb 20 11:16:40 standalone object-server[127157]: 172.20.0.100 - - [20/Feb/2026:11:16:40 +0000] "PUT /d1/207/AUTH_b75c04a01e2a4deebe28e21731b0483c/gnocchi.a6470c95-768e-4f9b-9d15-51bafaa6976c/1771200000.0_mean_300.0_v3" 201 - "PUT http://172.18.0.2:8080/v1/AUTH_b75c04a01e2a4deebe28e21731b0483c/gnocchi.a6470c95-768e-4f9b-9d15-51bafaa6976c/1771200000.0_mean_300.0_v3" "tx69916984c6c74afe8dbff-0069984298" "proxy-server 20" 0.0091 "-" 24 0
Feb 20 11:16:40 standalone proxy-server[129190]: 172.18.0.2 172.18.0.100 20/Feb/2026/11/16/40 PUT /v1/AUTH_b75c04a01e2a4deebe28e21731b0483c/gnocchi.a6470c95-768e-4f9b-9d15-51bafaa6976c/1771200000.0_mean_300.0_v3 HTTP/1.0 201 - python-swiftclient-3.11.1 gAAAAABpmEDLewQk... 24 - - tx69916984c6c74afe8dbff-0069984298 - 0.0143 - - 1771586200.679536581 1771586200.693806648 0
Feb 20 11:16:40 standalone container-server[127072]: 172.20.0.100 - - [20/Feb/2026:11:16:40 +0000] "PUT /d1/671/AUTH_b75c04a01e2a4deebe28e21731b0483c/gnocchi.a6470c95-768e-4f9b-9d15-51bafaa6976c/1771200000.0_rate%3Amean_300.0_v3" 201 - "PUT http://172.18.0.2:8080/d1/194/AUTH_b75c04a01e2a4deebe28e21731b0483c/gnocchi.a6470c95-768e-4f9b-9d15-51bafaa6976c/1771200000.0_rate%3Amean_300.0_v3" "tx5c8cf0115c3e4570bda48-0069984298" "object-server 22" 0.0008 "-" 23 0
Feb 20 11:16:40 standalone object-server[127154]: 172.20.0.100 - - [20/Feb/2026:11:16:40 +0000] "PUT /d1/194/AUTH_b75c04a01e2a4deebe28e21731b0483c/gnocchi.a6470c95-768e-4f9b-9d15-51bafaa6976c/1771200000.0_rate%3Amean_300.0_v3" 201 - "PUT http://172.18.0.2:8080/v1/AUTH_b75c04a01e2a4deebe28e21731b0483c/gnocchi.a6470c95-768e-4f9b-9d15-51bafaa6976c/1771200000.0_rate%3Amean_300.0_v3" "tx5c8cf0115c3e4570bda48-0069984298" "proxy-server 20" 0.0117 "-" 22 0
Feb 20 11:16:40 standalone proxy-server[129190]: 172.18.0.2 172.18.0.100 20/Feb/2026/11/16/40 PUT /v1/AUTH_b75c04a01e2a4deebe28e21731b0483c/gnocchi.a6470c95-768e-4f9b-9d15-51bafaa6976c/1771200000.0_rate%253Amean_300.0_v3 HTTP/1.0 201 - python-swiftclient-3.11.1 gAAAAABpmEDLewQk... 16 - - tx5c8cf0115c3e4570bda48-0069984298 - 0.0173 - - 1771586200.696597576 1771586200.713881016 0
Feb 20 11:16:40 standalone container-server[127072]: 172.20.0.100 - - [20/Feb/2026:11:16:40 +0000] "PUT /d1/671/AUTH_b75c04a01e2a4deebe28e21731b0483c/gnocchi.a6470c95-768e-4f9b-9d15-51bafaa6976c/none_v3" 201 - "PUT http://172.18.0.2:8080/d1/713/AUTH_b75c04a01e2a4deebe28e21731b0483c/gnocchi.a6470c95-768e-4f9b-9d15-51bafaa6976c/none_v3" "txec6c18bbe47a4a0f93262-0069984298" "object-server 23" 0.0006 "-" 23 0
Feb 20 11:16:40 standalone object-server[127156]: 172.20.0.100 - - [20/Feb/2026:11:16:40 +0000] "PUT /d1/713/AUTH_b75c04a01e2a4deebe28e21731b0483c/gnocchi.a6470c95-768e-4f9b-9d15-51bafaa6976c/none_v3" 201 - "PUT http://172.18.0.2:8080/v1/AUTH_b75c04a01e2a4deebe28e21731b0483c/gnocchi.a6470c95-768e-4f9b-9d15-51bafaa6976c/none_v3" "txec6c18bbe47a4a0f93262-0069984298" "proxy-server 20" 0.0086 "-" 23 0
Feb 20 11:16:40 standalone proxy-server[129190]: 172.18.0.2 172.18.0.100 20/Feb/2026/11/16/40 PUT /v1/AUTH_b75c04a01e2a4deebe28e21731b0483c/gnocchi.a6470c95-768e-4f9b-9d15-51bafaa6976c/none_v3 HTTP/1.0 201 - python-swiftclient-3.11.1 gAAAAABpmEDLewQk... 33 - - txec6c18bbe47a4a0f93262-0069984298 - 0.0131 - - 1771586200.715907574 1771586200.729039669 0
Feb 20 11:16:40 standalone container-server[127047]: 172.20.0.100 - - [20/Feb/2026:11:16:40 +0000] "HEAD /d1/114/AUTH_b75c04a01e2a4deebe28e21731b0483c/gnocchi.ed8009e3-f48c-4928-ad70-b09242a382f5" 204 - "HEAD http://172.18.0.2:8080/v1/AUTH_b75c04a01e2a4deebe28e21731b0483c/gnocchi.ed8009e3-f48c-4928-ad70-b09242a382f5?format=json&states=listing" "txc7cdfe3eb217435a9a272-0069984298" "proxy-server 20" 0.0022 "-" 21 0
Feb 20 11:16:40 standalone object-server[127156]: 172.20.0.100 - - [20/Feb/2026:11:16:40 +0000] "GET /d1/803/AUTH_b75c04a01e2a4deebe28e21731b0483c/gnocchi.ed8009e3-f48c-4928-ad70-b09242a382f5/none_v3" 200 22 "GET http://172.18.0.2:8080/v1/AUTH_b75c04a01e2a4deebe28e21731b0483c/gnocchi.ed8009e3-f48c-4928-ad70-b09242a382f5/none_v3" "txc7cdfe3eb217435a9a272-0069984298" "proxy-server 20" 0.0005 "-" 23 0
Feb 20 11:16:40 standalone proxy-server[129190]: 172.18.0.2 172.18.0.100 20/Feb/2026/11/16/40 GET /v1/AUTH_b75c04a01e2a4deebe28e21731b0483c/gnocchi.ed8009e3-f48c-4928-ad70-b09242a382f5/none_v3 HTTP/1.0 200 - python-swiftclient-3.11.1 gAAAAABpmEDLewQk... - 22 - txc7cdfe3eb217435a9a272-0069984298 - 0.0122 - - 1771586200.736726999 1771586200.748913765 0
Feb 20 11:16:40 standalone container-server[127072]: 172.20.0.100 - - [20/Feb/2026:11:16:40 +0000] "GET /d1/114/AUTH_b75c04a01e2a4deebe28e21731b0483c/gnocchi.ed8009e3-f48c-4928-ad70-b09242a382f5" 200 357 "GET http://172.18.0.2:8080/v1/AUTH_b75c04a01e2a4deebe28e21731b0483c/gnocchi.ed8009e3-f48c-4928-ad70-b09242a382f5?format=json&states=listing" "txa7b7476779c447a7beced-0069984298" "proxy-server 20" 0.0036 "-" 23 0
Feb 20 11:16:40 standalone proxy-server[129190]: 172.18.0.2 172.18.0.100 20/Feb/2026/11/16/40 GET /v1/AUTH_b75c04a01e2a4deebe28e21731b0483c/gnocchi.ed8009e3-f48c-4928-ad70-b09242a382f5%3Fformat%3Djson%26states%3Dlisting HTTP/1.0 200 - python-swiftclient-3.11.1 gAAAAABpmEDLewQk... - 357 - txa7b7476779c447a7beced-0069984298 - 0.0108 - - 1771586200.751504898 1771586200.762304306 0
Feb 20 11:16:40 standalone container-server[127047]: 172.20.0.100 - - [20/Feb/2026:11:16:40 +0000] "GET /d1/114/AUTH_b75c04a01e2a4deebe28e21731b0483c/gnocchi.ed8009e3-f48c-4928-ad70-b09242a382f5" 200 2 "GET http://172.18.0.2:8080/v1/AUTH_b75c04a01e2a4deebe28e21731b0483c/gnocchi.ed8009e3-f48c-4928-ad70-b09242a382f5?format=json&marker=none_v3&states=listing" "txdc9d6fc504b84d5dbd679-0069984298" "proxy-server 20" 0.0040 "-" 21 0
Feb 20 11:16:40 standalone proxy-server[129190]: 172.18.0.2 172.18.0.100 20/Feb/2026/11/16/40 GET /v1/AUTH_b75c04a01e2a4deebe28e21731b0483c/gnocchi.ed8009e3-f48c-4928-ad70-b09242a382f5%3Fformat%3Djson%26marker%3Dnone_v3%26states%3Dlisting HTTP/1.0 200 - python-swiftclient-3.11.1 gAAAAABpmEDLewQk... - 2 - txdc9d6fc504b84d5dbd679-0069984298 - 0.0102 - - 1771586200.765355110 1771586200.775578022 0
Feb 20 11:16:40 standalone object-server[127156]: 172.20.0.100 - - [20/Feb/2026:11:16:40 +0000] "GET /d1/446/AUTH_b75c04a01e2a4deebe28e21731b0483c/gnocchi.ed8009e3-f48c-4928-ad70-b09242a382f5/1771200000.0_mean_300.0_v3" 200 16 "GET http://172.18.0.2:8080/v1/AUTH_b75c04a01e2a4deebe28e21731b0483c/gnocchi.ed8009e3-f48c-4928-ad70-b09242a382f5/1771200000.0_mean_300.0_v3" "tx31e0e33d818f435697384-0069984298" "proxy-server 20" 0.0009 "-" 23 0
Feb 20 11:16:40 standalone proxy-server[129190]: 172.18.0.2 172.18.0.100 20/Feb/2026/11/16/40 GET /v1/AUTH_b75c04a01e2a4deebe28e21731b0483c/gnocchi.ed8009e3-f48c-4928-ad70-b09242a382f5/1771200000.0_mean_300.0_v3 HTTP/1.0 200 - python-swiftclient-3.11.1 gAAAAABpmEDLewQk... - 16 - tx31e0e33d818f435697384-0069984298 - 0.0063 - - 1771586200.779036522 1771586200.785290480 0
Feb 20 11:16:40 standalone object-server[127154]: 172.20.0.100 - - [20/Feb/2026:11:16:40 +0000] "GET /d1/980/AUTH_b75c04a01e2a4deebe28e21731b0483c/gnocchi.ed8009e3-f48c-4928-ad70-b09242a382f5/1771200000.0_rate%3Amean_300.0_v3" 404 70 "GET http://172.18.0.2:8080/v1/AUTH_b75c04a01e2a4deebe28e21731b0483c/gnocchi.ed8009e3-f48c-4928-ad70-b09242a382f5/1771200000.0_rate%3Amean_300.0_v3" "tx125df961f32244e486f17-0069984298" "proxy-server 20" 0.0005 "-" 22 0
Feb 20 11:16:40 standalone proxy-server[129190]: 172.18.0.2 172.18.0.100 20/Feb/2026/11/16/40 GET /v1/AUTH_b75c04a01e2a4deebe28e21731b0483c/gnocchi.ed8009e3-f48c-4928-ad70-b09242a382f5/1771200000.0_rate%253Amean_300.0_v3 HTTP/1.0 404 - python-swiftclient-3.11.1 gAAAAABpmEDLewQk... - 70 - tx125df961f32244e486f17-0069984298 - 0.0068 - - 1771586200.787095547 1771586200.793859482 0
Feb 20 11:16:40 standalone container-server[127027]: 172.20.0.100 - - [20/Feb/2026:11:16:40 +0000] "PUT /d1/114/AUTH_b75c04a01e2a4deebe28e21731b0483c/gnocchi.ed8009e3-f48c-4928-ad70-b09242a382f5/1771200000.0_mean_300.0_v3" 201 - "PUT http://172.18.0.2:8080/d1/446/AUTH_b75c04a01e2a4deebe28e21731b0483c/gnocchi.ed8009e3-f48c-4928-ad70-b09242a382f5/1771200000.0_mean_300.0_v3" "txf2bb4173aad3435b80b46-0069984298" "object-server 25" 0.0009 "-" 19 0
Feb 20 11:16:40 standalone object-server[127161]: 172.20.0.100 - - [20/Feb/2026:11:16:40 +0000] "PUT /d1/446/AUTH_b75c04a01e2a4deebe28e21731b0483c/gnocchi.ed8009e3-f48c-4928-ad70-b09242a382f5/1771200000.0_mean_300.0_v3" 201 - "PUT http://172.18.0.2:8080/v1/AUTH_b75c04a01e2a4deebe28e21731b0483c/gnocchi.ed8009e3-f48c-4928-ad70-b09242a382f5/1771200000.0_mean_300.0_v3" "txf2bb4173aad3435b80b46-0069984298" "proxy-server 20" 0.0106 "-" 25 0
Feb 20 11:16:40 standalone proxy-server[129190]: 172.18.0.2 172.18.0.100 20/Feb/2026/11/16/40 PUT /v1/AUTH_b75c04a01e2a4deebe28e21731b0483c/gnocchi.ed8009e3-f48c-4928-ad70-b09242a382f5/1771200000.0_mean_300.0_v3 HTTP/1.0 201 - python-swiftclient-3.11.1 gAAAAABpmEDLewQk... 24 - - txf2bb4173aad3435b80b46-0069984298 - 0.0150 - - 1771586200.796365738 1771586200.811379433 0
Feb 20 11:16:40 standalone container-server[127027]: 172.20.0.100 - - [20/Feb/2026:11:16:40 +0000] "PUT /d1/114/AUTH_b75c04a01e2a4deebe28e21731b0483c/gnocchi.ed8009e3-f48c-4928-ad70-b09242a382f5/1771200000.0_rate%3Amean_300.0_v3" 201 - "PUT http://172.18.0.2:8080/d1/980/AUTH_b75c04a01e2a4deebe28e21731b0483c/gnocchi.ed8009e3-f48c-4928-ad70-b09242a382f5/1771200000.0_rate%3Amean_300.0_v3" "txbd1374a39f264b7eb6911-0069984298" "object-server 22" 0.0005 "-" 19 0
Feb 20 11:16:40 standalone object-server[127154]: 172.20.0.100 - - [20/Feb/2026:11:16:40 +0000] "PUT /d1/980/AUTH_b75c04a01e2a4deebe28e21731b0483c/gnocchi.ed8009e3-f48c-4928-ad70-b09242a382f5/1771200000.0_rate%3Amean_300.0_v3" 201 - "PUT http://172.18.0.2:8080/v1/AUTH_b75c04a01e2a4deebe28e21731b0483c/gnocchi.ed8009e3-f48c-4928-ad70-b09242a382f5/1771200000.0_rate%3Amean_300.0_v3" "txbd1374a39f264b7eb6911-0069984298" "proxy-server 20" 0.0086 "-" 22 0
Feb 20 11:16:40 standalone proxy-server[129190]: 172.18.0.2 172.18.0.100 20/Feb/2026/11/16/40 PUT /v1/AUTH_b75c04a01e2a4deebe28e21731b0483c/gnocchi.ed8009e3-f48c-4928-ad70-b09242a382f5/1771200000.0_rate%253Amean_300.0_v3 HTTP/1.0 201 - python-swiftclient-3.11.1 gAAAAABpmEDLewQk... 16 - - txbd1374a39f264b7eb6911-0069984298 - 0.0126 - - 1771586200.813073635 1771586200.825625896 0
Feb 20 11:16:40 standalone container-server[127072]: 172.20.0.100 - - [20/Feb/2026:11:16:40 +0000] "PUT /d1/114/AUTH_b75c04a01e2a4deebe28e21731b0483c/gnocchi.ed8009e3-f48c-4928-ad70-b09242a382f5/none_v3" 201 - "PUT http://172.18.0.2:8080/d1/803/AUTH_b75c04a01e2a4deebe28e21731b0483c/gnocchi.ed8009e3-f48c-4928-ad70-b09242a382f5/none_v3" "tx110a031526a642bdbbc5a-0069984298" "object-server 24" 0.0006 "-" 23 0
Feb 20 11:16:40 standalone object-server[127157]: 172.20.0.100 - - [20/Feb/2026:11:16:40 +0000] "PUT /d1/803/AUTH_b75c04a01e2a4deebe28e21731b0483c/gnocchi.ed8009e3-f48c-4928-ad70-b09242a382f5/none_v3" 201 - "PUT http://172.18.0.2:8080/v1/AUTH_b75c04a01e2a4deebe28e21731b0483c/gnocchi.ed8009e3-f48c-4928-ad70-b09242a382f5/none_v3" "tx110a031526a642bdbbc5a-0069984298" "proxy-server 20" 0.0089 "-" 24 0
Feb 20 11:16:40 standalone proxy-server[129190]: 172.18.0.2 172.18.0.100 20/Feb/2026/11/16/40 PUT /v1/AUTH_b75c04a01e2a4deebe28e21731b0483c/gnocchi.ed8009e3-f48c-4928-ad70-b09242a382f5/none_v3 HTTP/1.0 201 - python-swiftclient-3.11.1 gAAAAABpmEDLewQk... 33 - - tx110a031526a642bdbbc5a-0069984298 - 0.0131 - - 1771586200.827298641 1771586200.840435505 0
Feb 20 11:16:40 standalone container-server[127047]: 172.20.0.100 - - [20/Feb/2026:11:16:40 +0000] "HEAD /d1/820/AUTH_b75c04a01e2a4deebe28e21731b0483c/gnocchi.11ec721a-6628-484c-ab0b-5e33aadad8c1" 204 - "HEAD http://172.18.0.2:8080/v1/AUTH_b75c04a01e2a4deebe28e21731b0483c/gnocchi.11ec721a-6628-484c-ab0b-5e33aadad8c1?format=json&states=listing" "txfd6c0680011f46eaa1dfa-0069984298" "proxy-server 20" 0.0016 "-" 21 0
Feb 20 11:16:40 standalone object-server[127154]: 172.20.0.100 - - [20/Feb/2026:11:16:40 +0000] "GET /d1/826/AUTH_b75c04a01e2a4deebe28e21731b0483c/gnocchi.11ec721a-6628-484c-ab0b-5e33aadad8c1/none_v3" 200 22 "GET http://172.18.0.2:8080/v1/AUTH_b75c04a01e2a4deebe28e21731b0483c/gnocchi.11ec721a-6628-484c-ab0b-5e33aadad8c1/none_v3" "txfd6c0680011f46eaa1dfa-0069984298" "proxy-server 20" 0.0007 "-" 22 0
Feb 20 11:16:40 standalone proxy-server[129190]: 172.18.0.2 172.18.0.100 20/Feb/2026/11/16/40 GET /v1/AUTH_b75c04a01e2a4deebe28e21731b0483c/gnocchi.11ec721a-6628-484c-ab0b-5e33aadad8c1/none_v3 HTTP/1.0 200 - python-swiftclient-3.11.1 gAAAAABpmEDLewQk... - 22 - txfd6c0680011f46eaa1dfa-0069984298 - 0.0116 - - 1771586200.847682953 1771586200.859250546 0
Feb 20 11:16:40 standalone container-server[127072]: 172.20.0.100 - - [20/Feb/2026:11:16:40 +0000] "GET /d1/820/AUTH_b75c04a01e2a4deebe28e21731b0483c/gnocchi.11ec721a-6628-484c-ab0b-5e33aadad8c1" 200 357 "GET http://172.18.0.2:8080/v1/AUTH_b75c04a01e2a4deebe28e21731b0483c/gnocchi.11ec721a-6628-484c-ab0b-5e33aadad8c1?format=json&states=listing" "tx31374b7bb0a74439bd0e8-0069984298" "proxy-server 20" 0.0020 "-" 23 0
Feb 20 11:16:40 standalone proxy-server[129190]: 172.18.0.2 172.18.0.100 20/Feb/2026/11/16/40 GET /v1/AUTH_b75c04a01e2a4deebe28e21731b0483c/gnocchi.11ec721a-6628-484c-ab0b-5e33aadad8c1%3Fformat%3Djson%26states%3Dlisting HTTP/1.0 200 - python-swiftclient-3.11.1 gAAAAABpmEDLewQk... - 357 - tx31374b7bb0a74439bd0e8-0069984298 - 0.0073 - - 1771586200.863711596 1771586200.871044874 0
Feb 20 11:16:40 standalone container-server[127072]: 172.20.0.100 - - [20/Feb/2026:11:16:40 +0000] "GET /d1/820/AUTH_b75c04a01e2a4deebe28e21731b0483c/gnocchi.11ec721a-6628-484c-ab0b-5e33aadad8c1" 200 2 "GET http://172.18.0.2:8080/v1/AUTH_b75c04a01e2a4deebe28e21731b0483c/gnocchi.11ec721a-6628-484c-ab0b-5e33aadad8c1?format=json&marker=none_v3&states=listing" "tx33e4c0656fb64fcfbb17e-0069984298" "proxy-server 20" 0.0015 "-" 23 0
Feb 20 11:16:40 standalone proxy-server[129190]: 172.18.0.2 172.18.0.100 20/Feb/2026/11/16/40 GET /v1/AUTH_b75c04a01e2a4deebe28e21731b0483c/gnocchi.11ec721a-6628-484c-ab0b-5e33aadad8c1%3Fformat%3Djson%26marker%3Dnone_v3%26states%3Dlisting HTTP/1.0 200 - python-swiftclient-3.11.1 gAAAAABpmEDLewQk... - 2 - tx33e4c0656fb64fcfbb17e-0069984298 - 0.0062 - - 1771586200.874033928 1771586200.880268574 0
Feb 20 11:16:40 standalone object-server[127154]: 172.20.0.100 - - [20/Feb/2026:11:16:40 +0000] "GET /d1/991/AUTH_b75c04a01e2a4deebe28e21731b0483c/gnocchi.11ec721a-6628-484c-ab0b-5e33aadad8c1/1771200000.0_mean_300.0_v3" 200 16 "GET http://172.18.0.2:8080/v1/AUTH_b75c04a01e2a4deebe28e21731b0483c/gnocchi.11ec721a-6628-484c-ab0b-5e33aadad8c1/1771200000.0_mean_300.0_v3" "txebe4f9b5fe9144ebb1d03-0069984298" "proxy-server 20" 0.0005 "-" 22 0
Feb 20 11:16:40 standalone proxy-server[129190]: 172.18.0.2 172.18.0.100 20/Feb/2026/11/16/40 GET /v1/AUTH_b75c04a01e2a4deebe28e21731b0483c/gnocchi.11ec721a-6628-484c-ab0b-5e33aadad8c1/1771200000.0_mean_300.0_v3 HTTP/1.0 200 - python-swiftclient-3.11.1 gAAAAABpmEDLewQk... - 16 - txebe4f9b5fe9144ebb1d03-0069984298 - 0.0057 - - 1771586200.884564877 1771586200.890278101 0
Feb 20 11:16:40 standalone object-server[127156]: 172.20.0.100 - - [20/Feb/2026:11:16:40 +0000] "GET /d1/512/AUTH_b75c04a01e2a4deebe28e21731b0483c/gnocchi.11ec721a-6628-484c-ab0b-5e33aadad8c1/1771200000.0_rate%3Amean_300.0_v3" 404 70 "GET http://172.18.0.2:8080/v1/AUTH_b75c04a01e2a4deebe28e21731b0483c/gnocchi.11ec721a-6628-484c-ab0b-5e33aadad8c1/1771200000.0_rate%3Amean_300.0_v3" "tx626d486c690a4aaa98194-0069984298" "proxy-server 20" 0.0005 "-" 23 0
Feb 20 11:16:40 standalone proxy-server[129190]: 172.18.0.2 172.18.0.100 20/Feb/2026/11/16/40 GET /v1/AUTH_b75c04a01e2a4deebe28e21731b0483c/gnocchi.11ec721a-6628-484c-ab0b-5e33aadad8c1/1771200000.0_rate%253Amean_300.0_v3 HTTP/1.0 404 - python-swiftclient-3.11.1 gAAAAABpmEDLewQk... - 70 - tx626d486c690a4aaa98194-0069984298 - 0.0060 - - 1771586200.893392086 1771586200.899392843 0
Feb 20 11:16:40 standalone container-server[127027]: 172.20.0.100 - - [20/Feb/2026:11:16:40 +0000] "PUT /d1/820/AUTH_b75c04a01e2a4deebe28e21731b0483c/gnocchi.11ec721a-6628-484c-ab0b-5e33aadad8c1/1771200000.0_mean_300.0_v3" 201 - "PUT http://172.18.0.2:8080/d1/991/AUTH_b75c04a01e2a4deebe28e21731b0483c/gnocchi.11ec721a-6628-484c-ab0b-5e33aadad8c1/1771200000.0_mean_300.0_v3" "tx91b19e3bbf7742ddb3164-0069984298" "object-server 24" 0.0009 "-" 19 0
Feb 20 11:16:40 standalone object-server[127157]: 172.20.0.100 - - [20/Feb/2026:11:16:40 +0000] "PUT /d1/991/AUTH_b75c04a01e2a4deebe28e21731b0483c/gnocchi.11ec721a-6628-484c-ab0b-5e33aadad8c1/1771200000.0_mean_300.0_v3" 201 - "PUT http://172.18.0.2:8080/v1/AUTH_b75c04a01e2a4deebe28e21731b0483c/gnocchi.11ec721a-6628-484c-ab0b-5e33aadad8c1/1771200000.0_mean_300.0_v3" "tx91b19e3bbf7742ddb3164-0069984298" "proxy-server 20" 0.0102 "-" 24 0
Feb 20 11:16:40 standalone proxy-server[129190]: 172.18.0.2 172.18.0.100 20/Feb/2026/11/16/40 PUT /v1/AUTH_b75c04a01e2a4deebe28e21731b0483c/gnocchi.11ec721a-6628-484c-ab0b-5e33aadad8c1/1771200000.0_mean_300.0_v3 HTTP/1.0 201 - python-swiftclient-3.11.1 gAAAAABpmEDLewQk... 24 - - tx91b19e3bbf7742ddb3164-0069984298 - 0.0159 - - 1771586200.925633907 1771586200.941500664 0
Feb 20 11:16:40 standalone container-server[127072]: 172.20.0.100 - - [20/Feb/2026:11:16:40 +0000] "PUT /d1/820/AUTH_b75c04a01e2a4deebe28e21731b0483c/gnocchi.11ec721a-6628-484c-ab0b-5e33aadad8c1/1771200000.0_rate%3Amean_300.0_v3" 201 - "PUT http://172.18.0.2:8080/d1/512/AUTH_b75c04a01e2a4deebe28e21731b0483c/gnocchi.11ec721a-6628-484c-ab0b-5e33aadad8c1/1771200000.0_rate%3Amean_300.0_v3" "txaad015d991a240ed9c07b-0069984298" "object-server 25" 0.0004 "-" 23 0
Feb 20 11:16:40 standalone object-server[127161]: 172.20.0.100 - - [20/Feb/2026:11:16:40 +0000] "PUT /d1/512/AUTH_b75c04a01e2a4deebe28e21731b0483c/gnocchi.11ec721a-6628-484c-ab0b-5e33aadad8c1/1771200000.0_rate%3Amean_300.0_v3" 201 - "PUT http://172.18.0.2:8080/v1/AUTH_b75c04a01e2a4deebe28e21731b0483c/gnocchi.11ec721a-6628-484c-ab0b-5e33aadad8c1/1771200000.0_rate%3Amean_300.0_v3" "txaad015d991a240ed9c07b-0069984298" "proxy-server 20" 0.0087 "-" 25 0
Feb 20 11:16:40 standalone proxy-server[129190]: 172.18.0.2 172.18.0.100 20/Feb/2026/11/16/40 PUT /v1/AUTH_b75c04a01e2a4deebe28e21731b0483c/gnocchi.11ec721a-6628-484c-ab0b-5e33aadad8c1/1771200000.0_rate%253Amean_300.0_v3 HTTP/1.0 201 - python-swiftclient-3.11.1 gAAAAABpmEDLewQk... 16 - - txaad015d991a240ed9c07b-0069984298 - 0.0140 - - 1771586200.944668770 1771586200.958647013 0
Feb 20 11:16:40 standalone container-server[127047]: 172.20.0.100 - - [20/Feb/2026:11:16:40 +0000] "PUT /d1/820/AUTH_b75c04a01e2a4deebe28e21731b0483c/gnocchi.11ec721a-6628-484c-ab0b-5e33aadad8c1/none_v3" 201 - "PUT http://172.18.0.2:8080/d1/826/AUTH_b75c04a01e2a4deebe28e21731b0483c/gnocchi.11ec721a-6628-484c-ab0b-5e33aadad8c1/none_v3" "txd24d750b694649e38dd31-0069984298" "object-server 24" 0.0005 "-" 21 0
Feb 20 11:16:40 standalone object-server[127157]: 172.20.0.100 - - [20/Feb/2026:11:16:40 +0000] "PUT /d1/826/AUTH_b75c04a01e2a4deebe28e21731b0483c/gnocchi.11ec721a-6628-484c-ab0b-5e33aadad8c1/none_v3" 201 - "PUT http://172.18.0.2:8080/v1/AUTH_b75c04a01e2a4deebe28e21731b0483c/gnocchi.11ec721a-6628-484c-ab0b-5e33aadad8c1/none_v3" "txd24d750b694649e38dd31-0069984298" "proxy-server 20" 0.0091 "-" 24 0
Feb 20 11:16:40 standalone proxy-server[129190]: 172.18.0.2 172.18.0.100 20/Feb/2026/11/16/40 PUT /v1/AUTH_b75c04a01e2a4deebe28e21731b0483c/gnocchi.11ec721a-6628-484c-ab0b-5e33aadad8c1/none_v3 HTTP/1.0 201 - python-swiftclient-3.11.1 gAAAAABpmEDLewQk... 33 - - txd24d750b694649e38dd31-0069984298 - 0.0144 - - 1771586200.961607933 1771586200.975969076 0
Feb 20 11:16:40 standalone container-server[127035]: 172.20.0.100 - - [20/Feb/2026:11:16:40 +0000] "HEAD /d1/5/AUTH_b75c04a01e2a4deebe28e21731b0483c/gnocchi.88b3e342-5319-4e71-9303-5b191085b90c" 204 - "HEAD http://172.18.0.2:8080/v1/AUTH_b75c04a01e2a4deebe28e21731b0483c/gnocchi.88b3e342-5319-4e71-9303-5b191085b90c?format=json&states=listing" "tx26642d9e56304bd996361-0069984298" "proxy-server 20" 0.0017 "-" 20 0
Feb 20 11:16:40 standalone object-server[127157]: 172.20.0.100 - - [20/Feb/2026:11:16:40 +0000] "GET /d1/130/AUTH_b75c04a01e2a4deebe28e21731b0483c/gnocchi.88b3e342-5319-4e71-9303-5b191085b90c/none_v3" 200 22 "GET http://172.18.0.2:8080/v1/AUTH_b75c04a01e2a4deebe28e21731b0483c/gnocchi.88b3e342-5319-4e71-9303-5b191085b90c/none_v3" "tx26642d9e56304bd996361-0069984298" "proxy-server 20" 0.0007 "-" 24 0
Feb 20 11:16:40 standalone proxy-server[129190]: 172.18.0.2 172.18.0.100 20/Feb/2026/11/16/40 GET /v1/AUTH_b75c04a01e2a4deebe28e21731b0483c/gnocchi.88b3e342-5319-4e71-9303-5b191085b90c/none_v3 HTTP/1.0 200 - python-swiftclient-3.11.1 gAAAAABpmEDLewQk... - 22 - tx26642d9e56304bd996361-0069984298 - 0.0126 - - 1771586200.986933947 1771586200.999507666 0
Feb 20 11:16:41 standalone container-server[127035]: 172.20.0.100 - - [20/Feb/2026:11:16:41 +0000] "GET /d1/5/AUTH_b75c04a01e2a4deebe28e21731b0483c/gnocchi.88b3e342-5319-4e71-9303-5b191085b90c" 200 357 "GET http://172.18.0.2:8080/v1/AUTH_b75c04a01e2a4deebe28e21731b0483c/gnocchi.88b3e342-5319-4e71-9303-5b191085b90c?format=json&states=listing" "txde5f35c293c849e9a38dc-0069984299" "proxy-server 20" 0.0017 "-" 20 0
Feb 20 11:16:41 standalone proxy-server[129190]: 172.18.0.2 172.18.0.100 20/Feb/2026/11/16/41 GET /v1/AUTH_b75c04a01e2a4deebe28e21731b0483c/gnocchi.88b3e342-5319-4e71-9303-5b191085b90c%3Fformat%3Djson%26states%3Dlisting HTTP/1.0 200 - python-swiftclient-3.11.1 gAAAAABpmEDLewQk... - 357 - txde5f35c293c849e9a38dc-0069984299 - 0.0067 - - 1771586201.003535271 1771586201.010192156 0
Feb 20 11:16:41 standalone container-server[127047]: 172.20.0.100 - - [20/Feb/2026:11:16:41 +0000] "GET /d1/5/AUTH_b75c04a01e2a4deebe28e21731b0483c/gnocchi.88b3e342-5319-4e71-9303-5b191085b90c" 200 2 "GET http://172.18.0.2:8080/v1/AUTH_b75c04a01e2a4deebe28e21731b0483c/gnocchi.88b3e342-5319-4e71-9303-5b191085b90c?format=json&marker=none_v3&states=listing" "txe80ec6ae5ba74491978ca-0069984299" "proxy-server 20" 0.0020 "-" 21 0
Feb 20 11:16:41 standalone proxy-server[129190]: 172.18.0.2 172.18.0.100 20/Feb/2026/11/16/41 GET /v1/AUTH_b75c04a01e2a4deebe28e21731b0483c/gnocchi.88b3e342-5319-4e71-9303-5b191085b90c%3Fformat%3Djson%26marker%3Dnone_v3%26states%3Dlisting HTTP/1.0 200 - python-swiftclient-3.11.1 gAAAAABpmEDLewQk... - 2 - txe80ec6ae5ba74491978ca-0069984299 - 0.0072 - - 1771586201.013167620 1771586201.020414829 0
Feb 20 11:16:41 standalone object-server[127156]: 172.20.0.100 - - [20/Feb/2026:11:16:41 +0000] "GET /d1/808/AUTH_b75c04a01e2a4deebe28e21731b0483c/gnocchi.88b3e342-5319-4e71-9303-5b191085b90c/1771200000.0_mean_300.0_v3" 200 16 "GET http://172.18.0.2:8080/v1/AUTH_b75c04a01e2a4deebe28e21731b0483c/gnocchi.88b3e342-5319-4e71-9303-5b191085b90c/1771200000.0_mean_300.0_v3" "txde826af1c2a24912a4ed8-0069984299" "proxy-server 20" 0.0012 "-" 23 0
Feb 20 11:16:41 standalone proxy-server[129190]: 172.18.0.2 172.18.0.100 20/Feb/2026/11/16/41 GET /v1/AUTH_b75c04a01e2a4deebe28e21731b0483c/gnocchi.88b3e342-5319-4e71-9303-5b191085b90c/1771200000.0_mean_300.0_v3 HTTP/1.0 200 - python-swiftclient-3.11.1 gAAAAABpmEDLewQk... - 16 - txde826af1c2a24912a4ed8-0069984299 - 0.0096 - - 1771586201.025296211 1771586201.034851789 0
Feb 20 11:16:41 standalone object-server[127156]: 172.20.0.100 - - [20/Feb/2026:11:16:41 +0000] "GET /d1/483/AUTH_b75c04a01e2a4deebe28e21731b0483c/gnocchi.88b3e342-5319-4e71-9303-5b191085b90c/1771200000.0_rate%3Amean_300.0_v3" 404 70 "GET http://172.18.0.2:8080/v1/AUTH_b75c04a01e2a4deebe28e21731b0483c/gnocchi.88b3e342-5319-4e71-9303-5b191085b90c/1771200000.0_rate%3Amean_300.0_v3" "tx635b17cd41c247d2b5202-0069984299" "proxy-server 20" 0.0005 "-" 23 0
Feb 20 11:16:41 standalone proxy-server[129190]: 172.18.0.2 172.18.0.100 20/Feb/2026/11/16/41 GET /v1/AUTH_b75c04a01e2a4deebe28e21731b0483c/gnocchi.88b3e342-5319-4e71-9303-5b191085b90c/1771200000.0_rate%253Amean_300.0_v3 HTTP/1.0 404 - python-swiftclient-3.11.1 gAAAAABpmEDLewQk... - 70 - tx635b17cd41c247d2b5202-0069984299 - 0.0069 - - 1771586201.038302898 1771586201.045244932 0
Feb 20 11:16:41 standalone container-server[127072]: 172.20.0.100 - - [20/Feb/2026:11:16:41 +0000] "PUT /d1/5/AUTH_b75c04a01e2a4deebe28e21731b0483c/gnocchi.88b3e342-5319-4e71-9303-5b191085b90c/1771200000.0_mean_300.0_v3" 201 - "PUT http://172.18.0.2:8080/d1/808/AUTH_b75c04a01e2a4deebe28e21731b0483c/gnocchi.88b3e342-5319-4e71-9303-5b191085b90c/1771200000.0_mean_300.0_v3" "tx830f06c2b4634c7fadfdf-0069984299" "object-server 22" 0.0005 "-" 23 0
Feb 20 11:16:41 standalone object-server[127154]: 172.20.0.100 - - [20/Feb/2026:11:16:41 +0000] "PUT /d1/808/AUTH_b75c04a01e2a4deebe28e21731b0483c/gnocchi.88b3e342-5319-4e71-9303-5b191085b90c/1771200000.0_mean_300.0_v3" 201 - "PUT http://172.18.0.2:8080/v1/AUTH_b75c04a01e2a4deebe28e21731b0483c/gnocchi.88b3e342-5319-4e71-9303-5b191085b90c/1771200000.0_mean_300.0_v3" "tx830f06c2b4634c7fadfdf-0069984299" "proxy-server 20" 0.0097 "-" 22 0
Feb 20 11:16:41 standalone proxy-server[129190]: 172.18.0.2 172.18.0.100 20/Feb/2026/11/16/41 PUT /v1/AUTH_b75c04a01e2a4deebe28e21731b0483c/gnocchi.88b3e342-5319-4e71-9303-5b191085b90c/1771200000.0_mean_300.0_v3 HTTP/1.0 201 - python-swiftclient-3.11.1 gAAAAABpmEDLewQk... 24 - - tx830f06c2b4634c7fadfdf-0069984299 - 0.0164 - - 1771586201.049411058 1771586201.065778732 0
Feb 20 11:16:41 standalone container-server[127035]: 172.20.0.100 - - [20/Feb/2026:11:16:41 +0000] "PUT /d1/5/AUTH_b75c04a01e2a4deebe28e21731b0483c/gnocchi.88b3e342-5319-4e71-9303-5b191085b90c/1771200000.0_rate%3Amean_300.0_v3" 201 - "PUT http://172.18.0.2:8080/d1/483/AUTH_b75c04a01e2a4deebe28e21731b0483c/gnocchi.88b3e342-5319-4e71-9303-5b191085b90c/1771200000.0_rate%3Amean_300.0_v3" "tx8d5ae6bccb174ad38a41f-0069984299" "object-server 25" 0.0005 "-" 20 0
Feb 20 11:16:41 standalone object-server[127161]: 172.20.0.100 - - [20/Feb/2026:11:16:41 +0000] "PUT /d1/483/AUTH_b75c04a01e2a4deebe28e21731b0483c/gnocchi.88b3e342-5319-4e71-9303-5b191085b90c/1771200000.0_rate%3Amean_300.0_v3" 201 - "PUT http://172.18.0.2:8080/v1/AUTH_b75c04a01e2a4deebe28e21731b0483c/gnocchi.88b3e342-5319-4e71-9303-5b191085b90c/1771200000.0_rate%3Amean_300.0_v3" "tx8d5ae6bccb174ad38a41f-0069984299" "proxy-server 20" 0.0098 "-" 25 0
Feb 20 11:16:41 standalone proxy-server[129190]: 172.18.0.2 172.18.0.100 20/Feb/2026/11/16/41 PUT /v1/AUTH_b75c04a01e2a4deebe28e21731b0483c/gnocchi.88b3e342-5319-4e71-9303-5b191085b90c/1771200000.0_rate%253Amean_300.0_v3 HTTP/1.0 201 - python-swiftclient-3.11.1 gAAAAABpmEDLewQk... 16 - - tx8d5ae6bccb174ad38a41f-0069984299 - 0.0170 - - 1771586201.069788456 1771586201.086751699 0
Feb 20 11:16:41 standalone container-server[127027]: 172.20.0.100 - - [20/Feb/2026:11:16:41 +0000] "PUT /d1/5/AUTH_b75c04a01e2a4deebe28e21731b0483c/gnocchi.88b3e342-5319-4e71-9303-5b191085b90c/none_v3" 201 - "PUT http://172.18.0.2:8080/d1/130/AUTH_b75c04a01e2a4deebe28e21731b0483c/gnocchi.88b3e342-5319-4e71-9303-5b191085b90c/none_v3" "tx5768ea9445f5446fa353e-0069984299" "object-server 22" 0.0011 "-" 19 0
Feb 20 11:16:41 standalone object-server[127154]: 172.20.0.100 - - [20/Feb/2026:11:16:41 +0000] "PUT /d1/130/AUTH_b75c04a01e2a4deebe28e21731b0483c/gnocchi.88b3e342-5319-4e71-9303-5b191085b90c/none_v3" 201 - "PUT http://172.18.0.2:8080/v1/AUTH_b75c04a01e2a4deebe28e21731b0483c/gnocchi.88b3e342-5319-4e71-9303-5b191085b90c/none_v3" "tx5768ea9445f5446fa353e-0069984299" "proxy-server 20" 0.0099 "-" 22 0
Feb 20 11:16:41 standalone proxy-server[129190]: 172.18.0.2 172.18.0.100 20/Feb/2026/11/16/41 PUT /v1/AUTH_b75c04a01e2a4deebe28e21731b0483c/gnocchi.88b3e342-5319-4e71-9303-5b191085b90c/none_v3 HTTP/1.0 201 - python-swiftclient-3.11.1 gAAAAABpmEDLewQk... 33 - - tx5768ea9445f5446fa353e-0069984299 - 0.0146 - - 1771586201.089801788 1771586201.104404926 0
Feb 20 11:16:41 standalone container-server[127047]: 172.20.0.100 - - [20/Feb/2026:11:16:41 +0000] "HEAD /d1/918/AUTH_b75c04a01e2a4deebe28e21731b0483c/gnocchi.0141f6e5-7e2e-4e4f-90be-0069bb65078d" 204 - "HEAD http://172.18.0.2:8080/v1/AUTH_b75c04a01e2a4deebe28e21731b0483c/gnocchi.0141f6e5-7e2e-4e4f-90be-0069bb65078d?format=json&states=listing" "tx2c49d0884ecf4e4fb83ba-0069984299" "proxy-server 20" 0.0015 "-" 21 0
Feb 20 11:16:41 standalone object-server[127161]: 172.20.0.100 - - [20/Feb/2026:11:16:41 +0000] "GET /d1/963/AUTH_b75c04a01e2a4deebe28e21731b0483c/gnocchi.0141f6e5-7e2e-4e4f-90be-0069bb65078d/none_v3" 200 22 "GET http://172.18.0.2:8080/v1/AUTH_b75c04a01e2a4deebe28e21731b0483c/gnocchi.0141f6e5-7e2e-4e4f-90be-0069bb65078d/none_v3" "tx2c49d0884ecf4e4fb83ba-0069984299" "proxy-server 20" 0.0010 "-" 25 0
Feb 20 11:16:41 standalone proxy-server[129190]: 172.18.0.2 172.18.0.100 20/Feb/2026/11/16/41 GET /v1/AUTH_b75c04a01e2a4deebe28e21731b0483c/gnocchi.0141f6e5-7e2e-4e4f-90be-0069bb65078d/none_v3 HTTP/1.0 200 - python-swiftclient-3.11.1 gAAAAABpmEDLewQk... - 22 - tx2c49d0884ecf4e4fb83ba-0069984299 - 0.0119 - - 1771586201.117272854 1771586201.129214048 0
Feb 20 11:16:41 standalone container-server[127072]: 172.20.0.100 - - [20/Feb/2026:11:16:41 +0000] "GET /d1/918/AUTH_b75c04a01e2a4deebe28e21731b0483c/gnocchi.0141f6e5-7e2e-4e4f-90be-0069bb65078d" 200 357 "GET http://172.18.0.2:8080/v1/AUTH_b75c04a01e2a4deebe28e21731b0483c/gnocchi.0141f6e5-7e2e-4e4f-90be-0069bb65078d?format=json&states=listing" "txa3e8ad2c22a045d585411-0069984299" "proxy-server 20" 0.0045 "-" 23 0
Feb 20 11:16:41 standalone proxy-server[129190]: 172.18.0.2 172.18.0.100 20/Feb/2026/11/16/41 GET /v1/AUTH_b75c04a01e2a4deebe28e21731b0483c/gnocchi.0141f6e5-7e2e-4e4f-90be-0069bb65078d%3Fformat%3Djson%26states%3Dlisting HTTP/1.0 200 - python-swiftclient-3.11.1 gAAAAABpmEDLewQk... - 357 - txa3e8ad2c22a045d585411-0069984299 - 0.0115 - - 1771586201.133684397 1771586201.145192385 0
Feb 20 11:16:41 standalone container-server[127072]: 172.20.0.100 - - [20/Feb/2026:11:16:41 +0000] "GET /d1/918/AUTH_b75c04a01e2a4deebe28e21731b0483c/gnocchi.0141f6e5-7e2e-4e4f-90be-0069bb65078d" 200 2 "GET http://172.18.0.2:8080/v1/AUTH_b75c04a01e2a4deebe28e21731b0483c/gnocchi.0141f6e5-7e2e-4e4f-90be-0069bb65078d?format=json&marker=none_v3&states=listing" "tx8bfb157357b046449890f-0069984299" "proxy-server 20" 0.0044 "-" 23 0
Feb 20 11:16:41 standalone proxy-server[129190]: 172.18.0.2 172.18.0.100 20/Feb/2026/11/16/41 GET /v1/AUTH_b75c04a01e2a4deebe28e21731b0483c/gnocchi.0141f6e5-7e2e-4e4f-90be-0069bb65078d%3Fformat%3Djson%26marker%3Dnone_v3%26states%3Dlisting HTTP/1.0 200 - python-swiftclient-3.11.1 gAAAAABpmEDLewQk... - 2 - tx8bfb157357b046449890f-0069984299 - 0.0111 - - 1771586201.148417234 1771586201.159536600 0
Feb 20 11:16:41 standalone object-server[127157]: 172.20.0.100 - - [20/Feb/2026:11:16:41 +0000] "GET /d1/241/AUTH_b75c04a01e2a4deebe28e21731b0483c/gnocchi.0141f6e5-7e2e-4e4f-90be-0069bb65078d/1771200000.0_mean_300.0_v3" 200 16 "GET http://172.18.0.2:8080/v1/AUTH_b75c04a01e2a4deebe28e21731b0483c/gnocchi.0141f6e5-7e2e-4e4f-90be-0069bb65078d/1771200000.0_mean_300.0_v3" "tx5de028d4d1464f68b6459-0069984299" "proxy-server 20" 0.0007 "-" 24 0
Feb 20 11:16:41 standalone proxy-server[129190]: 172.18.0.2 172.18.0.100 20/Feb/2026/11/16/41 GET /v1/AUTH_b75c04a01e2a4deebe28e21731b0483c/gnocchi.0141f6e5-7e2e-4e4f-90be-0069bb65078d/1771200000.0_mean_300.0_v3 HTTP/1.0 200 - python-swiftclient-3.11.1 gAAAAABpmEDLewQk... - 16 - tx5de028d4d1464f68b6459-0069984299 - 0.0059 - - 1771586201.164129734 1771586201.170028448 0
Feb 20 11:16:41 standalone object-server[127156]: 172.20.0.100 - - [20/Feb/2026:11:16:41 +0000] "GET /d1/397/AUTH_b75c04a01e2a4deebe28e21731b0483c/gnocchi.0141f6e5-7e2e-4e4f-90be-0069bb65078d/1771200000.0_rate%3Amean_300.0_v3" 404 70 "GET http://172.18.0.2:8080/v1/AUTH_b75c04a01e2a4deebe28e21731b0483c/gnocchi.0141f6e5-7e2e-4e4f-90be-0069bb65078d/1771200000.0_rate%3Amean_300.0_v3" "tx2de392eaeb95434ea2d56-0069984299" "proxy-server 20" 0.0006 "-" 23 0
Feb 20 11:16:41 standalone proxy-server[129190]: 172.18.0.2 172.18.0.100 20/Feb/2026/11/16/41 GET /v1/AUTH_b75c04a01e2a4deebe28e21731b0483c/gnocchi.0141f6e5-7e2e-4e4f-90be-0069bb65078d/1771200000.0_rate%253Amean_300.0_v3 HTTP/1.0 404 - python-swiftclient-3.11.1 gAAAAABpmEDLewQk... - 70 - tx2de392eaeb95434ea2d56-0069984299 - 0.0059 - - 1771586201.173327446 1771586201.179203272 0
Feb 20 11:16:41 standalone container-server[127027]: 172.20.0.100 - - [20/Feb/2026:11:16:41 +0000] "PUT /d1/918/AUTH_b75c04a01e2a4deebe28e21731b0483c/gnocchi.0141f6e5-7e2e-4e4f-90be-0069bb65078d/1771200000.0_mean_300.0_v3" 201 - "PUT http://172.18.0.2:8080/d1/241/AUTH_b75c04a01e2a4deebe28e21731b0483c/gnocchi.0141f6e5-7e2e-4e4f-90be-0069bb65078d/1771200000.0_mean_300.0_v3" "tx0d0db294e9e14951986fc-0069984299" "object-server 23" 0.0010 "-" 19 0
Feb 20 11:16:41 standalone object-server[127156]: 172.20.0.100 - - [20/Feb/2026:11:16:41 +0000] "PUT /d1/241/AUTH_b75c04a01e2a4deebe28e21731b0483c/gnocchi.0141f6e5-7e2e-4e4f-90be-0069bb65078d/1771200000.0_mean_300.0_v3" 201 - "PUT http://172.18.0.2:8080/v1/AUTH_b75c04a01e2a4deebe28e21731b0483c/gnocchi.0141f6e5-7e2e-4e4f-90be-0069bb65078d/1771200000.0_mean_300.0_v3" "tx0d0db294e9e14951986fc-0069984299" "proxy-server 20" 0.0160 "-" 23 0
Feb 20 11:16:41 standalone proxy-server[129190]: 172.18.0.2 172.18.0.100 20/Feb/2026/11/16/41 PUT /v1/AUTH_b75c04a01e2a4deebe28e21731b0483c/gnocchi.0141f6e5-7e2e-4e4f-90be-0069bb65078d/1771200000.0_mean_300.0_v3 HTTP/1.0 201 - python-swiftclient-3.11.1 gAAAAABpmEDLewQk... 23 - - tx0d0db294e9e14951986fc-0069984299 - 0.0236 - - 1771586201.183752298 1771586201.207354784 0
Feb 20 11:16:41 standalone container-server[127035]: 172.20.0.100 - - [20/Feb/2026:11:16:41 +0000] "PUT /d1/918/AUTH_b75c04a01e2a4deebe28e21731b0483c/gnocchi.0141f6e5-7e2e-4e4f-90be-0069bb65078d/1771200000.0_rate%3Amean_300.0_v3" 201 - "PUT http://172.18.0.2:8080/d1/397/AUTH_b75c04a01e2a4deebe28e21731b0483c/gnocchi.0141f6e5-7e2e-4e4f-90be-0069bb65078d/1771200000.0_rate%3Amean_300.0_v3" "tx955d575140664eaeba314-0069984299" "object-server 22" 0.0009 "-" 20 0
Feb 20 11:16:41 standalone object-server[127154]: 172.20.0.100 - - [20/Feb/2026:11:16:41 +0000] "PUT /d1/397/AUTH_b75c04a01e2a4deebe28e21731b0483c/gnocchi.0141f6e5-7e2e-4e4f-90be-0069bb65078d/1771200000.0_rate%3Amean_300.0_v3" 201 - "PUT http://172.18.0.2:8080/v1/AUTH_b75c04a01e2a4deebe28e21731b0483c/gnocchi.0141f6e5-7e2e-4e4f-90be-0069bb65078d/1771200000.0_rate%3Amean_300.0_v3" "tx955d575140664eaeba314-0069984299" "proxy-server 20" 0.0125 "-" 22 0
Feb 20 11:16:41 standalone proxy-server[129190]: 172.18.0.2 172.18.0.100 20/Feb/2026/11/16/41 PUT /v1/AUTH_b75c04a01e2a4deebe28e21731b0483c/gnocchi.0141f6e5-7e2e-4e4f-90be-0069bb65078d/1771200000.0_rate%253Amean_300.0_v3 HTTP/1.0 201 - python-swiftclient-3.11.1 gAAAAABpmEDLewQk... 16 - - tx955d575140664eaeba314-0069984299 - 0.0211 - - 1771586201.211617947 1771586201.232704401 0
Feb 20 11:16:41 standalone container-server[127072]: 172.20.0.100 - - [20/Feb/2026:11:16:41 +0000] "PUT /d1/918/AUTH_b75c04a01e2a4deebe28e21731b0483c/gnocchi.0141f6e5-7e2e-4e4f-90be-0069bb65078d/none_v3" 201 - "PUT http://172.18.0.2:8080/d1/963/AUTH_b75c04a01e2a4deebe28e21731b0483c/gnocchi.0141f6e5-7e2e-4e4f-90be-0069bb65078d/none_v3" "tx9aa52d1afd92499b94ef8-0069984299" "object-server 24" 0.0011 "-" 23 0
Feb 20 11:16:41 standalone object-server[127157]: 172.20.0.100 - - [20/Feb/2026:11:16:41 +0000] "PUT /d1/963/AUTH_b75c04a01e2a4deebe28e21731b0483c/gnocchi.0141f6e5-7e2e-4e4f-90be-0069bb65078d/none_v3" 201 - "PUT http://172.18.0.2:8080/v1/AUTH_b75c04a01e2a4deebe28e21731b0483c/gnocchi.0141f6e5-7e2e-4e4f-90be-0069bb65078d/none_v3" "tx9aa52d1afd92499b94ef8-0069984299" "proxy-server 20" 0.0107 "-" 24 0
Feb 20 11:16:41 standalone proxy-server[129190]: 172.18.0.2 172.18.0.100 20/Feb/2026/11/16/41 PUT /v1/AUTH_b75c04a01e2a4deebe28e21731b0483c/gnocchi.0141f6e5-7e2e-4e4f-90be-0069bb65078d/none_v3 HTTP/1.0 201 - python-swiftclient-3.11.1 gAAAAABpmEDLewQk... 32 - - tx9aa52d1afd92499b94ef8-0069984299 - 0.0192 - - 1771586201.236967087 1771586201.256212950 0
Feb 20 11:16:41 standalone container-server[127072]: 172.20.0.100 - - [20/Feb/2026:11:16:41 +0000] "HEAD /d1/991/AUTH_b75c04a01e2a4deebe28e21731b0483c/gnocchi.a7c71f39-d967-4726-aafe-17836c849513" 204 - "HEAD http://172.18.0.2:8080/v1/AUTH_b75c04a01e2a4deebe28e21731b0483c/gnocchi.a7c71f39-d967-4726-aafe-17836c849513?format=json&states=listing" "tx2c43af07a6d24a949f687-0069984299" "proxy-server 20" 0.0029 "-" 23 0
Feb 20 11:16:41 standalone object-server[127161]: 172.20.0.100 - - [20/Feb/2026:11:16:41 +0000] "GET /d1/910/AUTH_b75c04a01e2a4deebe28e21731b0483c/gnocchi.a7c71f39-d967-4726-aafe-17836c849513/none_v3" 200 22 "GET http://172.18.0.2:8080/v1/AUTH_b75c04a01e2a4deebe28e21731b0483c/gnocchi.a7c71f39-d967-4726-aafe-17836c849513/none_v3" "tx2c43af07a6d24a949f687-0069984299" "proxy-server 20" 0.0013 "-" 25 0
Feb 20 11:16:41 standalone proxy-server[129190]: 172.18.0.2 172.18.0.100 20/Feb/2026/11/16/41 GET /v1/AUTH_b75c04a01e2a4deebe28e21731b0483c/gnocchi.a7c71f39-d967-4726-aafe-17836c849513/none_v3 HTTP/1.0 200 - python-swiftclient-3.11.1 gAAAAABpmEDLewQk... - 22 - tx2c43af07a6d24a949f687-0069984299 - 0.0185 - - 1771586201.270265102 1771586201.288809299 0
Feb 20 11:16:41 standalone container-server[127047]: 172.20.0.100 - - [20/Feb/2026:11:16:41 +0000] "GET /d1/991/AUTH_b75c04a01e2a4deebe28e21731b0483c/gnocchi.a7c71f39-d967-4726-aafe-17836c849513" 200 357 "GET http://172.18.0.2:8080/v1/AUTH_b75c04a01e2a4deebe28e21731b0483c/gnocchi.a7c71f39-d967-4726-aafe-17836c849513?format=json&states=listing" "tx4123b5f499734f6c85b9d-0069984299" "proxy-server 20" 0.0040 "-" 21 0
Feb 20 11:16:41 standalone proxy-server[129190]: 172.18.0.2 172.18.0.100 20/Feb/2026/11/16/41 GET /v1/AUTH_b75c04a01e2a4deebe28e21731b0483c/gnocchi.a7c71f39-d967-4726-aafe-17836c849513%3Fformat%3Djson%26states%3Dlisting HTTP/1.0 200 - python-swiftclient-3.11.1 gAAAAABpmEDLewQk... - 357 - tx4123b5f499734f6c85b9d-0069984299 - 0.0148 - - 1771586201.297091007 1771586201.311844587 0
Feb 20 11:16:41 standalone container-server[127035]: 172.20.0.100 - - [20/Feb/2026:11:16:41 +0000] "GET /d1/991/AUTH_b75c04a01e2a4deebe28e21731b0483c/gnocchi.a7c71f39-d967-4726-aafe-17836c849513" 200 2 "GET http://172.18.0.2:8080/v1/AUTH_b75c04a01e2a4deebe28e21731b0483c/gnocchi.a7c71f39-d967-4726-aafe-17836c849513?format=json&marker=none_v3&states=listing" "tx4d21820d17ac4156b76ca-0069984299" "proxy-server 20" 0.0035 "-" 20 0
Feb 20 11:16:41 standalone proxy-server[129190]: 172.18.0.2 172.18.0.100 20/Feb/2026/11/16/41 GET /v1/AUTH_b75c04a01e2a4deebe28e21731b0483c/gnocchi.a7c71f39-d967-4726-aafe-17836c849513%3Fformat%3Djson%26marker%3Dnone_v3%26states%3Dlisting HTTP/1.0 200 - python-swiftclient-3.11.1 gAAAAABpmEDLewQk... - 2 - tx4d21820d17ac4156b76ca-0069984299 - 0.0128 - - 1771586201.316200018 1771586201.328979492 0
Feb 20 11:16:41 standalone object-server[127157]: 172.20.0.100 - - [20/Feb/2026:11:16:41 +0000] "GET /d1/766/AUTH_b75c04a01e2a4deebe28e21731b0483c/gnocchi.a7c71f39-d967-4726-aafe-17836c849513/1771200000.0_mean_300.0_v3" 200 16 "GET http://172.18.0.2:8080/v1/AUTH_b75c04a01e2a4deebe28e21731b0483c/gnocchi.a7c71f39-d967-4726-aafe-17836c849513/1771200000.0_mean_300.0_v3" "tx75602a89459840cf9af67-0069984299" "proxy-server 20" 0.0011 "-" 24 0
Feb 20 11:16:41 standalone proxy-server[129190]: 172.18.0.2 172.18.0.100 20/Feb/2026/11/16/41 GET /v1/AUTH_b75c04a01e2a4deebe28e21731b0483c/gnocchi.a7c71f39-d967-4726-aafe-17836c849513/1771200000.0_mean_300.0_v3 HTTP/1.0 200 - python-swiftclient-3.11.1 gAAAAABpmEDLewQk... - 16 - tx75602a89459840cf9af67-0069984299 - 0.0111 - - 1771586201.334955931 1771586201.346071243 0
Feb 20 11:16:41 standalone object-server[127161]: 172.20.0.100 - - [20/Feb/2026:11:16:41 +0000] "GET /d1/776/AUTH_b75c04a01e2a4deebe28e21731b0483c/gnocchi.a7c71f39-d967-4726-aafe-17836c849513/1771200000.0_rate%3Amean_300.0_v3" 404 70 "GET http://172.18.0.2:8080/v1/AUTH_b75c04a01e2a4deebe28e21731b0483c/gnocchi.a7c71f39-d967-4726-aafe-17836c849513/1771200000.0_rate%3Amean_300.0_v3" "txa865ad462ebf42dcbe44d-0069984299" "proxy-server 20" 0.0006 "-" 25 0
Feb 20 11:16:41 standalone proxy-server[129190]: 172.18.0.2 172.18.0.100 20/Feb/2026/11/16/41 GET /v1/AUTH_b75c04a01e2a4deebe28e21731b0483c/gnocchi.a7c71f39-d967-4726-aafe-17836c849513/1771200000.0_rate%253Amean_300.0_v3 HTTP/1.0 404 - python-swiftclient-3.11.1 gAAAAABpmEDLewQk... - 70 - txa865ad462ebf42dcbe44d-0069984299 - 0.0067 - - 1771586201.349497795 1771586201.356235266 0
Feb 20 11:16:41 standalone container-server[127035]: 172.20.0.100 - - [20/Feb/2026:11:16:41 +0000] "PUT /d1/991/AUTH_b75c04a01e2a4deebe28e21731b0483c/gnocchi.a7c71f39-d967-4726-aafe-17836c849513/1771200000.0_mean_300.0_v3" 201 - "PUT http://172.18.0.2:8080/d1/766/AUTH_b75c04a01e2a4deebe28e21731b0483c/gnocchi.a7c71f39-d967-4726-aafe-17836c849513/1771200000.0_mean_300.0_v3" "txc99eb315922246918771f-0069984299" "object-server 24" 0.0009 "-" 20 0
Feb 20 11:16:41 standalone object-server[127157]: 172.20.0.100 - - [20/Feb/2026:11:16:41 +0000] "PUT /d1/766/AUTH_b75c04a01e2a4deebe28e21731b0483c/gnocchi.a7c71f39-d967-4726-aafe-17836c849513/1771200000.0_mean_300.0_v3" 201 - "PUT http://172.18.0.2:8080/v1/AUTH_b75c04a01e2a4deebe28e21731b0483c/gnocchi.a7c71f39-d967-4726-aafe-17836c849513/1771200000.0_mean_300.0_v3" "txc99eb315922246918771f-0069984299" "proxy-server 20" 0.0127 "-" 24 0
Feb 20 11:16:41 standalone proxy-server[129190]: 172.18.0.2 172.18.0.100 20/Feb/2026/11/16/41 PUT /v1/AUTH_b75c04a01e2a4deebe28e21731b0483c/gnocchi.a7c71f39-d967-4726-aafe-17836c849513/1771200000.0_mean_300.0_v3 HTTP/1.0 201 - python-swiftclient-3.11.1 gAAAAABpmEDLewQk... 24 - - txc99eb315922246918771f-0069984299 - 0.0266 - - 1771586201.361106873 1771586201.387686968 0
Feb 20 11:16:41 standalone container-server[127072]: 172.20.0.100 - - [20/Feb/2026:11:16:41 +0000] "PUT /d1/991/AUTH_b75c04a01e2a4deebe28e21731b0483c/gnocchi.a7c71f39-d967-4726-aafe-17836c849513/1771200000.0_rate%3Amean_300.0_v3" 201 - "PUT http://172.18.0.2:8080/d1/776/AUTH_b75c04a01e2a4deebe28e21731b0483c/gnocchi.a7c71f39-d967-4726-aafe-17836c849513/1771200000.0_rate%3Amean_300.0_v3" "txbb27a0dac6ea4ae2bdbc5-0069984299" "object-server 22" 0.0012 "-" 23 0
Feb 20 11:16:41 standalone object-server[127154]: 172.20.0.100 - - [20/Feb/2026:11:16:41 +0000] "PUT /d1/776/AUTH_b75c04a01e2a4deebe28e21731b0483c/gnocchi.a7c71f39-d967-4726-aafe-17836c849513/1771200000.0_rate%3Amean_300.0_v3" 201 - "PUT http://172.18.0.2:8080/v1/AUTH_b75c04a01e2a4deebe28e21731b0483c/gnocchi.a7c71f39-d967-4726-aafe-17836c849513/1771200000.0_rate%3Amean_300.0_v3" "txbb27a0dac6ea4ae2bdbc5-0069984299" "proxy-server 20" 0.0125 "-" 22 0
Feb 20 11:16:41 standalone proxy-server[129190]: 172.18.0.2 172.18.0.100 20/Feb/2026/11/16/41 PUT /v1/AUTH_b75c04a01e2a4deebe28e21731b0483c/gnocchi.a7c71f39-d967-4726-aafe-17836c849513/1771200000.0_rate%253Amean_300.0_v3 HTTP/1.0 201 - python-swiftclient-3.11.1 gAAAAABpmEDLewQk... 16 - - txbb27a0dac6ea4ae2bdbc5-0069984299 - 0.0205 - - 1771586201.391558170 1771586201.412035227 0
Feb 20 11:16:41 standalone container-server[127035]: 172.20.0.100 - - [20/Feb/2026:11:16:41 +0000] "PUT /d1/991/AUTH_b75c04a01e2a4deebe28e21731b0483c/gnocchi.a7c71f39-d967-4726-aafe-17836c849513/none_v3" 201 - "PUT http://172.18.0.2:8080/d1/910/AUTH_b75c04a01e2a4deebe28e21731b0483c/gnocchi.a7c71f39-d967-4726-aafe-17836c849513/none_v3" "txe2ec71d52b6a42bfa8007-0069984299" "object-server 24" 0.0006 "-" 20 0
Feb 20 11:16:41 standalone object-server[127157]: 172.20.0.100 - - [20/Feb/2026:11:16:41 +0000] "PUT /d1/910/AUTH_b75c04a01e2a4deebe28e21731b0483c/gnocchi.a7c71f39-d967-4726-aafe-17836c849513/none_v3" 201 - "PUT http://172.18.0.2:8080/v1/AUTH_b75c04a01e2a4deebe28e21731b0483c/gnocchi.a7c71f39-d967-4726-aafe-17836c849513/none_v3" "txe2ec71d52b6a42bfa8007-0069984299" "proxy-server 20" 0.0138 "-" 24 0
Feb 20 11:16:41 standalone proxy-server[129190]: 172.18.0.2 172.18.0.100 20/Feb/2026/11/16/41 PUT /v1/AUTH_b75c04a01e2a4deebe28e21731b0483c/gnocchi.a7c71f39-d967-4726-aafe-17836c849513/none_v3 HTTP/1.0 201 - python-swiftclient-3.11.1 gAAAAABpmEDLewQk... 33 - - txe2ec71d52b6a42bfa8007-0069984299 - 0.0217 - - 1771586201.415796518 1771586201.437494278 0
Feb 20 11:16:41 standalone container-server[127072]: 172.20.0.100 - - [20/Feb/2026:11:16:41 +0000] "HEAD /d1/261/AUTH_b75c04a01e2a4deebe28e21731b0483c/gnocchi.33d32936-69b2-4c28-97bd-0e3285d530d8" 204 - "HEAD http://172.18.0.2:8080/v1/AUTH_b75c04a01e2a4deebe28e21731b0483c/gnocchi.33d32936-69b2-4c28-97bd-0e3285d530d8?format=json&states=listing" "tx6a442f9ebd7a4153babf0-0069984299" "proxy-server 20" 0.0026 "-" 23 0
Feb 20 11:16:41 standalone object-server[127154]: 172.20.0.100 - - [20/Feb/2026:11:16:41 +0000] "GET /d1/684/AUTH_b75c04a01e2a4deebe28e21731b0483c/gnocchi.33d32936-69b2-4c28-97bd-0e3285d530d8/none_v3" 200 22 "GET http://172.18.0.2:8080/v1/AUTH_b75c04a01e2a4deebe28e21731b0483c/gnocchi.33d32936-69b2-4c28-97bd-0e3285d530d8/none_v3" "tx6a442f9ebd7a4153babf0-0069984299" "proxy-server 20" 0.0014 "-" 22 0
Feb 20 11:16:41 standalone proxy-server[129190]: 172.18.0.2 172.18.0.100 20/Feb/2026/11/16/41 GET /v1/AUTH_b75c04a01e2a4deebe28e21731b0483c/gnocchi.33d32936-69b2-4c28-97bd-0e3285d530d8/none_v3 HTTP/1.0 200 - python-swiftclient-3.11.1 gAAAAABpmEDLewQk... - 22 - tx6a442f9ebd7a4153babf0-0069984299 - 0.0191 - - 1771586201.451161623 1771586201.470262051 0
Feb 20 11:16:41 standalone container-server[127047]: 172.20.0.100 - - [20/Feb/2026:11:16:41 +0000] "GET /d1/261/AUTH_b75c04a01e2a4deebe28e21731b0483c/gnocchi.33d32936-69b2-4c28-97bd-0e3285d530d8" 200 357 "GET http://172.18.0.2:8080/v1/AUTH_b75c04a01e2a4deebe28e21731b0483c/gnocchi.33d32936-69b2-4c28-97bd-0e3285d530d8?format=json&states=listing" "tx38a700f7ba6e440195f86-0069984299" "proxy-server 20" 0.0037 "-" 21 0
Feb 20 11:16:41 standalone proxy-server[129190]: 172.18.0.2 172.18.0.100 20/Feb/2026/11/16/41 GET /v1/AUTH_b75c04a01e2a4deebe28e21731b0483c/gnocchi.33d32936-69b2-4c28-97bd-0e3285d530d8%3Fformat%3Djson%26states%3Dlisting HTTP/1.0 200 - python-swiftclient-3.11.1 gAAAAABpmEDLewQk... - 357 - tx38a700f7ba6e440195f86-0069984299 - 0.0130 - - 1771586201.475078583 1771586201.488042831 0
Feb 20 11:16:41 standalone container-server[127047]: 172.20.0.100 - - [20/Feb/2026:11:16:41 +0000] "GET /d1/261/AUTH_b75c04a01e2a4deebe28e21731b0483c/gnocchi.33d32936-69b2-4c28-97bd-0e3285d530d8" 200 2 "GET http://172.18.0.2:8080/v1/AUTH_b75c04a01e2a4deebe28e21731b0483c/gnocchi.33d32936-69b2-4c28-97bd-0e3285d530d8?format=json&marker=none_v3&states=listing" "tx1eaa0b0fb1854ec9b143e-0069984299" "proxy-server 20" 0.0031 "-" 21 0
Feb 20 11:16:41 standalone proxy-server[129190]: 172.18.0.2 172.18.0.100 20/Feb/2026/11/16/41 GET /v1/AUTH_b75c04a01e2a4deebe28e21731b0483c/gnocchi.33d32936-69b2-4c28-97bd-0e3285d530d8%3Fformat%3Djson%26marker%3Dnone_v3%26states%3Dlisting HTTP/1.0 200 - python-swiftclient-3.11.1 gAAAAABpmEDLewQk... - 2 - tx1eaa0b0fb1854ec9b143e-0069984299 - 0.0108 - - 1771586201.491704941 1771586201.502536297 0
Feb 20 11:16:41 standalone object-server[127161]: 172.20.0.100 - - [20/Feb/2026:11:16:41 +0000] "GET /d1/586/AUTH_b75c04a01e2a4deebe28e21731b0483c/gnocchi.33d32936-69b2-4c28-97bd-0e3285d530d8/1771200000.0_mean_300.0_v3" 200 16 "GET http://172.18.0.2:8080/v1/AUTH_b75c04a01e2a4deebe28e21731b0483c/gnocchi.33d32936-69b2-4c28-97bd-0e3285d530d8/1771200000.0_mean_300.0_v3" "txb4eb5de76968401d8ab1c-0069984299" "proxy-server 20" 0.0013 "-" 25 0
Feb 20 11:16:41 standalone proxy-server[129190]: 172.18.0.2 172.18.0.100 20/Feb/2026/11/16/41 GET /v1/AUTH_b75c04a01e2a4deebe28e21731b0483c/gnocchi.33d32936-69b2-4c28-97bd-0e3285d530d8/1771200000.0_mean_300.0_v3 HTTP/1.0 200 - python-swiftclient-3.11.1 gAAAAABpmEDLewQk... - 16 - txb4eb5de76968401d8ab1c-0069984299 - 0.0100 - - 1771586201.507589579 1771586201.517599583 0
Feb 20 11:16:41 standalone object-server[127154]: 172.20.0.100 - - [20/Feb/2026:11:16:41 +0000] "GET /d1/652/AUTH_b75c04a01e2a4deebe28e21731b0483c/gnocchi.33d32936-69b2-4c28-97bd-0e3285d530d8/1771200000.0_rate%3Amean_300.0_v3" 404 70 "GET http://172.18.0.2:8080/v1/AUTH_b75c04a01e2a4deebe28e21731b0483c/gnocchi.33d32936-69b2-4c28-97bd-0e3285d530d8/1771200000.0_rate%3Amean_300.0_v3" "tx0a40fea22c79427bbf648-0069984299" "proxy-server 20" 0.0004 "-" 22 0
Feb 20 11:16:41 standalone proxy-server[129190]: 172.18.0.2 172.18.0.100 20/Feb/2026/11/16/41 GET /v1/AUTH_b75c04a01e2a4deebe28e21731b0483c/gnocchi.33d32936-69b2-4c28-97bd-0e3285d530d8/1771200000.0_rate%253Amean_300.0_v3 HTTP/1.0 404 - python-swiftclient-3.11.1 gAAAAABpmEDLewQk... - 70 - tx0a40fea22c79427bbf648-0069984299 - 0.0079 - - 1771586201.521186352 1771586201.529122114 0
Feb 20 11:16:41 standalone container-server[127072]: 172.20.0.100 - - [20/Feb/2026:11:16:41 +0000] "PUT /d1/261/AUTH_b75c04a01e2a4deebe28e21731b0483c/gnocchi.33d32936-69b2-4c28-97bd-0e3285d530d8/1771200000.0_mean_300.0_v3" 201 - "PUT http://172.18.0.2:8080/d1/586/AUTH_b75c04a01e2a4deebe28e21731b0483c/gnocchi.33d32936-69b2-4c28-97bd-0e3285d530d8/1771200000.0_mean_300.0_v3" "txfb53f937abda484cb5c5c-0069984299" "object-server 25" 0.0008 "-" 23 0
Feb 20 11:16:41 standalone object-server[127161]: 172.20.0.100 - - [20/Feb/2026:11:16:41 +0000] "PUT /d1/586/AUTH_b75c04a01e2a4deebe28e21731b0483c/gnocchi.33d32936-69b2-4c28-97bd-0e3285d530d8/1771200000.0_mean_300.0_v3" 201 - "PUT http://172.18.0.2:8080/v1/AUTH_b75c04a01e2a4deebe28e21731b0483c/gnocchi.33d32936-69b2-4c28-97bd-0e3285d530d8/1771200000.0_mean_300.0_v3" "txfb53f937abda484cb5c5c-0069984299" "proxy-server 20" 0.0131 "-" 25 0
