Feb 20 11:16:39 standalone object-server[127154]: 172.20.0.100 - - [20/Feb/2026:11:16:39 +0000] "GET /d1/389/AUTH_b75c04a01e2a4deebe28e21731b0483c/gnocchi.3f66f2b3-aba1-44f0-9124-556061b35d56/1771200000.0_rate%3Amean_300.0_v3" 404 70 "GET http://172.18.0.2:8080/v1/AUTH_b75c04a01e2a4deebe28e21731b0483c/gnocchi.3f66f2b3-aba1-44f0-9124-556061b35d56/1771200000.0_rate%3Amean_300.0_v3" "txcc716cc7c9ad4104a685e-0069984297" "proxy-server 20" 0.0004 "-" 22 0
Feb 20 11:16:39 standalone proxy-server[129190]: 172.18.0.2 172.18.0.100 20/Feb/2026/11/16/39 GET /v1/AUTH_b75c04a01e2a4deebe28e21731b0483c/gnocchi.3f66f2b3-aba1-44f0-9124-556061b35d56/1771200000.0_rate%253Amean_300.0_v3 HTTP/1.0 404 - python-swiftclient-3.11.1 gAAAAABpmEDLewQk... - 70 - txcc716cc7c9ad4104a685e-0069984297 - 0.0053 - - 1771586199.952665806 1771586199.957983732 0
Feb 20 11:16:39 standalone container-server[127072]: 172.20.0.100 - - [20/Feb/2026:11:16:39 +0000] "PUT /d1/540/AUTH_b75c04a01e2a4deebe28e21731b0483c/gnocchi.3f66f2b3-aba1-44f0-9124-556061b35d56/1771200000.0_mean_300.0_v3" 201 - "PUT http://172.18.0.2:8080/d1/577/AUTH_b75c04a01e2a4deebe28e21731b0483c/gnocchi.3f66f2b3-aba1-44f0-9124-556061b35d56/1771200000.0_mean_300.0_v3" "tx26132248ebad47d48516d-0069984297" "object-server 25" 0.0007 "-" 23 0
Feb 20 11:16:39 standalone object-server[127161]: 172.20.0.100 - - [20/Feb/2026:11:16:39 +0000] "PUT /d1/577/AUTH_b75c04a01e2a4deebe28e21731b0483c/gnocchi.3f66f2b3-aba1-44f0-9124-556061b35d56/1771200000.0_mean_300.0_v3" 201 - "PUT http://172.18.0.2:8080/v1/AUTH_b75c04a01e2a4deebe28e21731b0483c/gnocchi.3f66f2b3-aba1-44f0-9124-556061b35d56/1771200000.0_mean_300.0_v3" "tx26132248ebad47d48516d-0069984297" "proxy-server 20" 0.0110 "-" 25 0
Feb 20 11:16:39 standalone proxy-server[129190]: 172.18.0.2 172.18.0.100 20/Feb/2026/11/16/39 PUT /v1/AUTH_b75c04a01e2a4deebe28e21731b0483c/gnocchi.3f66f2b3-aba1-44f0-9124-556061b35d56/1771200000.0_mean_300.0_v3 HTTP/1.0 201 - python-swiftclient-3.11.1 gAAAAABpmEDLewQk... 24 - - tx26132248ebad47d48516d-0069984297 - 0.0157 - - 1771586199.961291552 1771586199.977011681 0
Feb 20 11:16:39 standalone container-server[127047]: 172.20.0.100 - - [20/Feb/2026:11:16:39 +0000] "PUT /d1/540/AUTH_b75c04a01e2a4deebe28e21731b0483c/gnocchi.3f66f2b3-aba1-44f0-9124-556061b35d56/1771200000.0_rate%3Amean_300.0_v3" 201 - "PUT http://172.18.0.2:8080/d1/389/AUTH_b75c04a01e2a4deebe28e21731b0483c/gnocchi.3f66f2b3-aba1-44f0-9124-556061b35d56/1771200000.0_rate%3Amean_300.0_v3" "tx3e151d2afa9b443bb8ca2-0069984297" "object-server 22" 0.0008 "-" 21 0
Feb 20 11:16:39 standalone object-server[127154]: 172.20.0.100 - - [20/Feb/2026:11:16:39 +0000] "PUT /d1/389/AUTH_b75c04a01e2a4deebe28e21731b0483c/gnocchi.3f66f2b3-aba1-44f0-9124-556061b35d56/1771200000.0_rate%3Amean_300.0_v3" 201 - "PUT http://172.18.0.2:8080/v1/AUTH_b75c04a01e2a4deebe28e21731b0483c/gnocchi.3f66f2b3-aba1-44f0-9124-556061b35d56/1771200000.0_rate%3Amean_300.0_v3" "tx3e151d2afa9b443bb8ca2-0069984297" "proxy-server 20" 0.0110 "-" 22 0
Feb 20 11:16:39 standalone proxy-server[129190]: 172.18.0.2 172.18.0.100 20/Feb/2026/11/16/39 PUT /v1/AUTH_b75c04a01e2a4deebe28e21731b0483c/gnocchi.3f66f2b3-aba1-44f0-9124-556061b35d56/1771200000.0_rate%253Amean_300.0_v3 HTTP/1.0 201 - python-swiftclient-3.11.1 gAAAAABpmEDLewQk... 16 - - tx3e151d2afa9b443bb8ca2-0069984297 - 0.0156 - - 1771586199.980240583 1771586199.995840788 0
Feb 20 11:16:40 standalone container-server[127027]: 172.20.0.100 - - [20/Feb/2026:11:16:40 +0000] "PUT /d1/540/AUTH_b75c04a01e2a4deebe28e21731b0483c/gnocchi.3f66f2b3-aba1-44f0-9124-556061b35d56/none_v3" 201 - "PUT http://172.18.0.2:8080/d1/812/AUTH_b75c04a01e2a4deebe28e21731b0483c/gnocchi.3f66f2b3-aba1-44f0-9124-556061b35d56/none_v3" "tx2983c816979544738b28a-0069984297" "object-server 25" 0.0009 "-" 19 0
Feb 20 11:16:40 standalone object-server[127161]: 172.20.0.100 - - [20/Feb/2026:11:16:40 +0000] "PUT /d1/812/AUTH_b75c04a01e2a4deebe28e21731b0483c/gnocchi.3f66f2b3-aba1-44f0-9124-556061b35d56/none_v3" 201 - "PUT http://172.18.0.2:8080/v1/AUTH_b75c04a01e2a4deebe28e21731b0483c/gnocchi.3f66f2b3-aba1-44f0-9124-556061b35d56/none_v3" "tx2983c816979544738b28a-0069984297" "proxy-server 20" 0.0107 "-" 25 0
Feb 20 11:16:40 standalone proxy-server[129190]: 172.18.0.2 172.18.0.100 20/Feb/2026/11/16/40 PUT /v1/AUTH_b75c04a01e2a4deebe28e21731b0483c/gnocchi.3f66f2b3-aba1-44f0-9124-556061b35d56/none_v3 HTTP/1.0 201 - python-swiftclient-3.11.1 gAAAAABpmEDLewQk... 33 - - tx2983c816979544738b28a-0069984297 - 0.0155 - - 1771586199.998762846 1771586200.014244080 0
Feb 20 11:16:40 standalone container-server[127047]: 172.20.0.100 - - [20/Feb/2026:11:16:40 +0000] "HEAD /d1/194/AUTH_b75c04a01e2a4deebe28e21731b0483c/gnocchi.a3c2ca1b-b122-4f76-b82e-23f8535132c8" 204 - "HEAD http://172.18.0.2:8080/v1/AUTH_b75c04a01e2a4deebe28e21731b0483c/gnocchi.a3c2ca1b-b122-4f76-b82e-23f8535132c8?format=json&states=listing" "tx7a817775fe4248a8b87ec-0069984298" "proxy-server 20" 0.0023 "-" 21 0
Feb 20 11:16:40 standalone object-server[127161]: 172.20.0.100 - - [20/Feb/2026:11:16:40 +0000] "GET /d1/904/AUTH_b75c04a01e2a4deebe28e21731b0483c/gnocchi.a3c2ca1b-b122-4f76-b82e-23f8535132c8/none_v3" 200 22 "GET http://172.18.0.2:8080/v1/AUTH_b75c04a01e2a4deebe28e21731b0483c/gnocchi.a3c2ca1b-b122-4f76-b82e-23f8535132c8/none_v3" "tx7a817775fe4248a8b87ec-0069984298" "proxy-server 20" 0.0012 "-" 25 0
Feb 20 11:16:40 standalone proxy-server[129190]: 172.18.0.2 172.18.0.100 20/Feb/2026/11/16/40 GET /v1/AUTH_b75c04a01e2a4deebe28e21731b0483c/gnocchi.a3c2ca1b-b122-4f76-b82e-23f8535132c8/none_v3 HTTP/1.0 200 - python-swiftclient-3.11.1 gAAAAABpmEDLewQk... - 22 - tx7a817775fe4248a8b87ec-0069984298 - 0.0129 - - 1771586200.025860310 1771586200.038716555 0
Feb 20 11:16:40 standalone container-server[127072]: 172.20.0.100 - - [20/Feb/2026:11:16:40 +0000] "GET /d1/194/AUTH_b75c04a01e2a4deebe28e21731b0483c/gnocchi.a3c2ca1b-b122-4f76-b82e-23f8535132c8" 200 357 "GET http://172.18.0.2:8080/v1/AUTH_b75c04a01e2a4deebe28e21731b0483c/gnocchi.a3c2ca1b-b122-4f76-b82e-23f8535132c8?format=json&states=listing" "tx7792d549c1454159beeb2-0069984298" "proxy-server 20" 0.0038 "-" 23 0
Feb 20 11:16:40 standalone proxy-server[129190]: 172.18.0.2 172.18.0.100 20/Feb/2026/11/16/40 GET /v1/AUTH_b75c04a01e2a4deebe28e21731b0483c/gnocchi.a3c2ca1b-b122-4f76-b82e-23f8535132c8%3Fformat%3Djson%26states%3Dlisting HTTP/1.0 200 - python-swiftclient-3.11.1 gAAAAABpmEDLewQk... - 357 - tx7792d549c1454159beeb2-0069984298 - 0.0092 - - 1771586200.042701244 1771586200.051938057 0
Feb 20 11:16:40 standalone container-server[127027]: 172.20.0.100 - - [20/Feb/2026:11:16:40 +0000] "GET /d1/194/AUTH_b75c04a01e2a4deebe28e21731b0483c/gnocchi.a3c2ca1b-b122-4f76-b82e-23f8535132c8" 200 2 "GET http://172.18.0.2:8080/v1/AUTH_b75c04a01e2a4deebe28e21731b0483c/gnocchi.a3c2ca1b-b122-4f76-b82e-23f8535132c8?format=json&marker=none_v3&states=listing" "txc6c783fb7055449e9bd88-0069984298" "proxy-server 20" 0.0036 "-" 19 0
Feb 20 11:16:40 standalone proxy-server[129190]: 172.18.0.2 172.18.0.100 20/Feb/2026/11/16/40 GET /v1/AUTH_b75c04a01e2a4deebe28e21731b0483c/gnocchi.a3c2ca1b-b122-4f76-b82e-23f8535132c8%3Fformat%3Djson%26marker%3Dnone_v3%26states%3Dlisting HTTP/1.0 200 - python-swiftclient-3.11.1 gAAAAABpmEDLewQk... - 2 - txc6c783fb7055449e9bd88-0069984298 - 0.0089 - - 1771586200.054792404 1771586200.063645601 0
Feb 20 11:16:40 standalone object-server[127154]: 172.20.0.100 - - [20/Feb/2026:11:16:40 +0000] "GET /d1/57/AUTH_b75c04a01e2a4deebe28e21731b0483c/gnocchi.a3c2ca1b-b122-4f76-b82e-23f8535132c8/1771200000.0_mean_300.0_v3" 200 16 "GET http://172.18.0.2:8080/v1/AUTH_b75c04a01e2a4deebe28e21731b0483c/gnocchi.a3c2ca1b-b122-4f76-b82e-23f8535132c8/1771200000.0_mean_300.0_v3" "tx0f05780d2f364410b2580-0069984298" "proxy-server 20" 0.0011 "-" 22 0
Feb 20 11:16:40 standalone proxy-server[129190]: 172.18.0.2 172.18.0.100 20/Feb/2026/11/16/40 GET /v1/AUTH_b75c04a01e2a4deebe28e21731b0483c/gnocchi.a3c2ca1b-b122-4f76-b82e-23f8535132c8/1771200000.0_mean_300.0_v3 HTTP/1.0 200 - python-swiftclient-3.11.1 gAAAAABpmEDLewQk... - 16 - tx0f05780d2f364410b2580-0069984298 - 0.0067 - - 1771586200.067765713 1771586200.074419737 0
Feb 20 11:16:40 standalone object-server[127154]: 172.20.0.100 - - [20/Feb/2026:11:16:40 +0000] "GET /d1/342/AUTH_b75c04a01e2a4deebe28e21731b0483c/gnocchi.a3c2ca1b-b122-4f76-b82e-23f8535132c8/1771200000.0_rate%3Amean_300.0_v3" 404 70 "GET http://172.18.0.2:8080/v1/AUTH_b75c04a01e2a4deebe28e21731b0483c/gnocchi.a3c2ca1b-b122-4f76-b82e-23f8535132c8/1771200000.0_rate%3Amean_300.0_v3" "tx720df509a2aa40a3900c5-0069984298" "proxy-server 20" 0.0003 "-" 22 0
Feb 20 11:16:40 standalone proxy-server[129190]: 172.18.0.2 172.18.0.100 20/Feb/2026/11/16/40 GET /v1/AUTH_b75c04a01e2a4deebe28e21731b0483c/gnocchi.a3c2ca1b-b122-4f76-b82e-23f8535132c8/1771200000.0_rate%253Amean_300.0_v3 HTTP/1.0 404 - python-swiftclient-3.11.1 gAAAAABpmEDLewQk... - 70 - tx720df509a2aa40a3900c5-0069984298 - 0.0049 - - 1771586200.077654362 1771586200.082511902 0
Feb 20 11:16:40 standalone container-server[127047]: 172.20.0.100 - - [20/Feb/2026:11:16:40 +0000] "PUT /d1/194/AUTH_b75c04a01e2a4deebe28e21731b0483c/gnocchi.a3c2ca1b-b122-4f76-b82e-23f8535132c8/1771200000.0_mean_300.0_v3" 201 - "PUT http://172.18.0.2:8080/d1/57/AUTH_b75c04a01e2a4deebe28e21731b0483c/gnocchi.a3c2ca1b-b122-4f76-b82e-23f8535132c8/1771200000.0_mean_300.0_v3" "txd5bbe49b2c9b411aaf0a7-0069984298" "object-server 25" 0.0009 "-" 21 0
Feb 20 11:16:40 standalone object-server[127161]: 172.20.0.100 - - [20/Feb/2026:11:16:40 +0000] "PUT /d1/57/AUTH_b75c04a01e2a4deebe28e21731b0483c/gnocchi.a3c2ca1b-b122-4f76-b82e-23f8535132c8/1771200000.0_mean_300.0_v3" 201 - "PUT http://172.18.0.2:8080/v1/AUTH_b75c04a01e2a4deebe28e21731b0483c/gnocchi.a3c2ca1b-b122-4f76-b82e-23f8535132c8/1771200000.0_mean_300.0_v3" "txd5bbe49b2c9b411aaf0a7-0069984298" "proxy-server 20" 0.0126 "-" 25 0
Feb 20 11:16:40 standalone proxy-server[129190]: 172.18.0.2 172.18.0.100 20/Feb/2026/11/16/40 PUT /v1/AUTH_b75c04a01e2a4deebe28e21731b0483c/gnocchi.a3c2ca1b-b122-4f76-b82e-23f8535132c8/1771200000.0_mean_300.0_v3 HTTP/1.0 201 - python-swiftclient-3.11.1 gAAAAABpmEDLewQk... 24 - - txd5bbe49b2c9b411aaf0a7-0069984298 - 0.0180 - - 1771586200.085687876 1771586200.103699446 0
Feb 20 11:16:40 standalone container-server[127047]: 172.20.0.100 - - [20/Feb/2026:11:16:40 +0000] "PUT /d1/194/AUTH_b75c04a01e2a4deebe28e21731b0483c/gnocchi.a3c2ca1b-b122-4f76-b82e-23f8535132c8/1771200000.0_rate%3Amean_300.0_v3" 201 - "PUT http://172.18.0.2:8080/d1/342/AUTH_b75c04a01e2a4deebe28e21731b0483c/gnocchi.a3c2ca1b-b122-4f76-b82e-23f8535132c8/1771200000.0_rate%3Amean_300.0_v3" "txa395a346954c405eab9e0-0069984298" "object-server 22" 0.0006 "-" 21 0
Feb 20 11:16:40 standalone object-server[127154]: 172.20.0.100 - - [20/Feb/2026:11:16:40 +0000] "PUT /d1/342/AUTH_b75c04a01e2a4deebe28e21731b0483c/gnocchi.a3c2ca1b-b122-4f76-b82e-23f8535132c8/1771200000.0_rate%3Amean_300.0_v3" 201 - "PUT http://172.18.0.2:8080/v1/AUTH_b75c04a01e2a4deebe28e21731b0483c/gnocchi.a3c2ca1b-b122-4f76-b82e-23f8535132c8/1771200000.0_rate%3Amean_300.0_v3" "txa395a346954c405eab9e0-0069984298" "proxy-server 20" 0.0105 "-" 22 0
Feb 20 11:16:40 standalone proxy-server[129190]: 172.18.0.2 172.18.0.100 20/Feb/2026/11/16/40 PUT /v1/AUTH_b75c04a01e2a4deebe28e21731b0483c/gnocchi.a3c2ca1b-b122-4f76-b82e-23f8535132c8/1771200000.0_rate%253Amean_300.0_v3 HTTP/1.0 201 - python-swiftclient-3.11.1 gAAAAABpmEDLewQk... 16 - - txa395a346954c405eab9e0-0069984298 - 0.0151 - - 1771586200.105770588 1771586200.120852470 0
Feb 20 11:16:40 standalone container-server[127035]: 172.20.0.100 - - [20/Feb/2026:11:16:40 +0000] "PUT /d1/194/AUTH_b75c04a01e2a4deebe28e21731b0483c/gnocchi.a3c2ca1b-b122-4f76-b82e-23f8535132c8/none_v3" 201 - "PUT http://172.18.0.2:8080/d1/904/AUTH_b75c04a01e2a4deebe28e21731b0483c/gnocchi.a3c2ca1b-b122-4f76-b82e-23f8535132c8/none_v3" "txcce9a2a1baab42a7aedc9-0069984298" "object-server 23" 0.0007 "-" 20 0
Feb 20 11:16:40 standalone object-server[127156]: 172.20.0.100 - - [20/Feb/2026:11:16:40 +0000] "PUT /d1/904/AUTH_b75c04a01e2a4deebe28e21731b0483c/gnocchi.a3c2ca1b-b122-4f76-b82e-23f8535132c8/none_v3" 201 - "PUT http://172.18.0.2:8080/v1/AUTH_b75c04a01e2a4deebe28e21731b0483c/gnocchi.a3c2ca1b-b122-4f76-b82e-23f8535132c8/none_v3" "txcce9a2a1baab42a7aedc9-0069984298" "proxy-server 20" 0.0114 "-" 23 0
Feb 20 11:16:40 standalone proxy-server[129190]: 172.18.0.2 172.18.0.100 20/Feb/2026/11/16/40 PUT /v1/AUTH_b75c04a01e2a4deebe28e21731b0483c/gnocchi.a3c2ca1b-b122-4f76-b82e-23f8535132c8/none_v3 HTTP/1.0 201 - python-swiftclient-3.11.1 gAAAAABpmEDLewQk... 33 - - txcce9a2a1baab42a7aedc9-0069984298 - 0.0159 - - 1771586200.123517275 1771586200.139461517 0
Feb 20 11:16:40 standalone container-server[127035]: 172.20.0.100 - - [20/Feb/2026:11:16:40 +0000] "HEAD /d1/62/AUTH_b75c04a01e2a4deebe28e21731b0483c/gnocchi.026f6d4a-929d-4787-b9ce-cb7a4a24e28a" 204 - "HEAD http://172.18.0.2:8080/v1/AUTH_b75c04a01e2a4deebe28e21731b0483c/gnocchi.026f6d4a-929d-4787-b9ce-cb7a4a24e28a?format=json&states=listing" "tx297977553b0447e38cb38-0069984298" "proxy-server 20" 0.0025 "-" 20 0
Feb 20 11:16:40 standalone object-server[127154]: 172.20.0.100 - - [20/Feb/2026:11:16:40 +0000] "GET /d1/521/AUTH_b75c04a01e2a4deebe28e21731b0483c/gnocchi.026f6d4a-929d-4787-b9ce-cb7a4a24e28a/none_v3" 200 22 "GET http://172.18.0.2:8080/v1/AUTH_b75c04a01e2a4deebe28e21731b0483c/gnocchi.026f6d4a-929d-4787-b9ce-cb7a4a24e28a/none_v3" "tx297977553b0447e38cb38-0069984298" "proxy-server 20" 0.0010 "-" 22 0
Feb 20 11:16:40 standalone proxy-server[129190]: 172.18.0.2 172.18.0.100 20/Feb/2026/11/16/40 GET /v1/AUTH_b75c04a01e2a4deebe28e21731b0483c/gnocchi.026f6d4a-929d-4787-b9ce-cb7a4a24e28a/none_v3 HTTP/1.0 200 - python-swiftclient-3.11.1 gAAAAABpmEDLewQk... - 22 - tx297977553b0447e38cb38-0069984298 - 0.0119 - - 1771586200.147782326 1771586200.159682274 0
Feb 20 11:16:40 standalone container-server[127047]: 172.20.0.100 - - [20/Feb/2026:11:16:40 +0000] "GET /d1/62/AUTH_b75c04a01e2a4deebe28e21731b0483c/gnocchi.026f6d4a-929d-4787-b9ce-cb7a4a24e28a" 200 357 "GET http://172.18.0.2:8080/v1/AUTH_b75c04a01e2a4deebe28e21731b0483c/gnocchi.026f6d4a-929d-4787-b9ce-cb7a4a24e28a?format=json&states=listing" "tx375898ec01084039953ce-0069984298" "proxy-server 20" 0.0038 "-" 21 0
Feb 20 11:16:40 standalone proxy-server[129190]: 172.18.0.2 172.18.0.100 20/Feb/2026/11/16/40 GET /v1/AUTH_b75c04a01e2a4deebe28e21731b0483c/gnocchi.026f6d4a-929d-4787-b9ce-cb7a4a24e28a%3Fformat%3Djson%26states%3Dlisting HTTP/1.0 200 - python-swiftclient-3.11.1 gAAAAABpmEDLewQk... - 357 - tx375898ec01084039953ce-0069984298 - 0.0093 - - 1771586200.161987782 1771586200.171324015 0
Feb 20 11:16:40 standalone container-server[127072]: 172.20.0.100 - - [20/Feb/2026:11:16:40 +0000] "GET /d1/62/AUTH_b75c04a01e2a4deebe28e21731b0483c/gnocchi.026f6d4a-929d-4787-b9ce-cb7a4a24e28a" 200 2 "GET http://172.18.0.2:8080/v1/AUTH_b75c04a01e2a4deebe28e21731b0483c/gnocchi.026f6d4a-929d-4787-b9ce-cb7a4a24e28a?format=json&marker=none_v3&states=listing" "tx7b4a2a9342064e738540e-0069984298" "proxy-server 20" 0.0034 "-" 23 0
Feb 20 11:16:40 standalone proxy-server[129190]: 172.18.0.2 172.18.0.100 20/Feb/2026/11/16/40 GET /v1/AUTH_b75c04a01e2a4deebe28e21731b0483c/gnocchi.026f6d4a-929d-4787-b9ce-cb7a4a24e28a%3Fformat%3Djson%26marker%3Dnone_v3%26states%3Dlisting HTTP/1.0 200 - python-swiftclient-3.11.1 gAAAAABpmEDLewQk... - 2 - tx7b4a2a9342064e738540e-0069984298 - 0.0090 - - 1771586200.173091173 1771586200.182091236 0
Feb 20 11:16:40 standalone object-server[127157]: 172.20.0.100 - - [20/Feb/2026:11:16:40 +0000] "GET /d1/729/AUTH_b75c04a01e2a4deebe28e21731b0483c/gnocchi.026f6d4a-929d-4787-b9ce-cb7a4a24e28a/1771200000.0_mean_300.0_v3" 200 16 "GET http://172.18.0.2:8080/v1/AUTH_b75c04a01e2a4deebe28e21731b0483c/gnocchi.026f6d4a-929d-4787-b9ce-cb7a4a24e28a/1771200000.0_mean_300.0_v3" "txef430af2c03a40508997c-0069984298" "proxy-server 20" 0.0007 "-" 24 0
Feb 20 11:16:40 standalone proxy-server[129190]: 172.18.0.2 172.18.0.100 20/Feb/2026/11/16/40 GET /v1/AUTH_b75c04a01e2a4deebe28e21731b0483c/gnocchi.026f6d4a-929d-4787-b9ce-cb7a4a24e28a/1771200000.0_mean_300.0_v3 HTTP/1.0 200 - python-swiftclient-3.11.1 gAAAAABpmEDLewQk... - 16 - txef430af2c03a40508997c-0069984298 - 0.0054 - - 1771586200.184448719 1771586200.189858913 0
Feb 20 11:16:40 standalone object-server[127161]: 172.20.0.100 - - [20/Feb/2026:11:16:40 +0000] "GET /d1/408/AUTH_b75c04a01e2a4deebe28e21731b0483c/gnocchi.026f6d4a-929d-4787-b9ce-cb7a4a24e28a/1771200000.0_rate%3Amean_300.0_v3" 404 70 "GET http://172.18.0.2:8080/v1/AUTH_b75c04a01e2a4deebe28e21731b0483c/gnocchi.026f6d4a-929d-4787-b9ce-cb7a4a24e28a/1771200000.0_rate%3Amean_300.0_v3" "txc2cef0a5f1f2418a8e104-0069984298" "proxy-server 20" 0.0005 "-" 25 0
Feb 20 11:16:40 standalone proxy-server[129190]: 172.18.0.2 172.18.0.100 20/Feb/2026/11/16/40 GET /v1/AUTH_b75c04a01e2a4deebe28e21731b0483c/gnocchi.026f6d4a-929d-4787-b9ce-cb7a4a24e28a/1771200000.0_rate%253Amean_300.0_v3 HTTP/1.0 404 - python-swiftclient-3.11.1 gAAAAABpmEDLewQk... - 70 - txc2cef0a5f1f2418a8e104-0069984298 - 0.0057 - - 1771586200.191752911 1771586200.197497606 0
Feb 20 11:16:40 standalone container-server[127035]: 172.20.0.100 - - [20/Feb/2026:11:16:40 +0000] "PUT /d1/62/AUTH_b75c04a01e2a4deebe28e21731b0483c/gnocchi.026f6d4a-929d-4787-b9ce-cb7a4a24e28a/1771200000.0_mean_300.0_v3" 201 - "PUT http://172.18.0.2:8080/d1/729/AUTH_b75c04a01e2a4deebe28e21731b0483c/gnocchi.026f6d4a-929d-4787-b9ce-cb7a4a24e28a/1771200000.0_mean_300.0_v3" "txcb014b802f0c402f8a37a-0069984298" "object-server 24" 0.0008 "-" 20 0
Feb 20 11:16:40 standalone object-server[127157]: 172.20.0.100 - - [20/Feb/2026:11:16:40 +0000] "PUT /d1/729/AUTH_b75c04a01e2a4deebe28e21731b0483c/gnocchi.026f6d4a-929d-4787-b9ce-cb7a4a24e28a/1771200000.0_mean_300.0_v3" 201 - "PUT http://172.18.0.2:8080/v1/AUTH_b75c04a01e2a4deebe28e21731b0483c/gnocchi.026f6d4a-929d-4787-b9ce-cb7a4a24e28a/1771200000.0_mean_300.0_v3" "txcb014b802f0c402f8a37a-0069984298" "proxy-server 20" 0.0096 "-" 24 0
Feb 20 11:16:40 standalone proxy-server[129190]: 172.18.0.2 172.18.0.100 20/Feb/2026/11/16/40 PUT /v1/AUTH_b75c04a01e2a4deebe28e21731b0483c/gnocchi.026f6d4a-929d-4787-b9ce-cb7a4a24e28a/1771200000.0_mean_300.0_v3 HTTP/1.0 201 - python-swiftclient-3.11.1 gAAAAABpmEDLewQk... 23 - - txcb014b802f0c402f8a37a-0069984298 - 0.0146 - - 1771586200.199597836 1771586200.214246988 0
Feb 20 11:16:40 standalone container-server[127027]: 172.20.0.100 - - [20/Feb/2026:11:16:40 +0000] "PUT /d1/62/AUTH_b75c04a01e2a4deebe28e21731b0483c/gnocchi.026f6d4a-929d-4787-b9ce-cb7a4a24e28a/1771200000.0_rate%3Amean_300.0_v3" 201 - "PUT http://172.18.0.2:8080/d1/408/AUTH_b75c04a01e2a4deebe28e21731b0483c/gnocchi.026f6d4a-929d-4787-b9ce-cb7a4a24e28a/1771200000.0_rate%3Amean_300.0_v3" "tx181663e500b647dda2e3e-0069984298" "object-server 22" 0.0009 "-" 19 0
Feb 20 11:16:40 standalone object-server[127154]: 172.20.0.100 - - [20/Feb/2026:11:16:40 +0000] "PUT /d1/408/AUTH_b75c04a01e2a4deebe28e21731b0483c/gnocchi.026f6d4a-929d-4787-b9ce-cb7a4a24e28a/1771200000.0_rate%3Amean_300.0_v3" 201 - "PUT http://172.18.0.2:8080/v1/AUTH_b75c04a01e2a4deebe28e21731b0483c/gnocchi.026f6d4a-929d-4787-b9ce-cb7a4a24e28a/1771200000.0_rate%3Amean_300.0_v3" "tx181663e500b647dda2e3e-0069984298" "proxy-server 20" 0.0114 "-" 22 0
Feb 20 11:16:40 standalone proxy-server[129190]: 172.18.0.2 172.18.0.100 20/Feb/2026/11/16/40 PUT /v1/AUTH_b75c04a01e2a4deebe28e21731b0483c/gnocchi.026f6d4a-929d-4787-b9ce-cb7a4a24e28a/1771200000.0_rate%253Amean_300.0_v3 HTTP/1.0 201 - python-swiftclient-3.11.1 gAAAAABpmEDLewQk... 16 - - tx181663e500b647dda2e3e-0069984298 - 0.0251 - - 1771586200.216225624 1771586200.241357088 0
Feb 20 11:16:40 standalone container-server[127047]: 172.20.0.100 - - [20/Feb/2026:11:16:40 +0000] "PUT /d1/62/AUTH_b75c04a01e2a4deebe28e21731b0483c/gnocchi.026f6d4a-929d-4787-b9ce-cb7a4a24e28a/none_v3" 201 - "PUT http://172.18.0.2:8080/d1/521/AUTH_b75c04a01e2a4deebe28e21731b0483c/gnocchi.026f6d4a-929d-4787-b9ce-cb7a4a24e28a/none_v3" "tx0082f4c941fe4484bb7ce-0069984298" "object-server 22" 0.0008 "-" 21 0
Feb 20 11:16:40 standalone object-server[127154]: 172.20.0.100 - - [20/Feb/2026:11:16:40 +0000] "PUT /d1/521/AUTH_b75c04a01e2a4deebe28e21731b0483c/gnocchi.026f6d4a-929d-4787-b9ce-cb7a4a24e28a/none_v3" 201 - "PUT http://172.18.0.2:8080/v1/AUTH_b75c04a01e2a4deebe28e21731b0483c/gnocchi.026f6d4a-929d-4787-b9ce-cb7a4a24e28a/none_v3" "tx0082f4c941fe4484bb7ce-0069984298" "proxy-server 20" 0.0100 "-" 22 0
Feb 20 11:16:40 standalone proxy-server[129190]: 172.18.0.2 172.18.0.100 20/Feb/2026/11/16/40 PUT /v1/AUTH_b75c04a01e2a4deebe28e21731b0483c/gnocchi.026f6d4a-929d-4787-b9ce-cb7a4a24e28a/none_v3 HTTP/1.0 201 - python-swiftclient-3.11.1 gAAAAABpmEDLewQk... 32 - - tx0082f4c941fe4484bb7ce-0069984298 - 0.0154 - - 1771586200.243188143 1771586200.258551598 0
Feb 20 11:16:40 standalone container-server[127072]: 172.20.0.100 - - [20/Feb/2026:11:16:40 +0000] "HEAD /d1/190/AUTH_b75c04a01e2a4deebe28e21731b0483c/gnocchi.ee205237-a111-485b-adae-8cab0c799d4b" 204 - "HEAD http://172.18.0.2:8080/v1/AUTH_b75c04a01e2a4deebe28e21731b0483c/gnocchi.ee205237-a111-485b-adae-8cab0c799d4b?format=json&states=listing" "txb3dfca5a3e0d4c05831de-0069984298" "proxy-server 20" 0.0023 "-" 23 0
Feb 20 11:16:40 standalone object-server[127157]: 172.20.0.100 - - [20/Feb/2026:11:16:40 +0000] "GET /d1/615/AUTH_b75c04a01e2a4deebe28e21731b0483c/gnocchi.ee205237-a111-485b-adae-8cab0c799d4b/none_v3" 200 22 "GET http://172.18.0.2:8080/v1/AUTH_b75c04a01e2a4deebe28e21731b0483c/gnocchi.ee205237-a111-485b-adae-8cab0c799d4b/none_v3" "txb3dfca5a3e0d4c05831de-0069984298" "proxy-server 20" 0.0007 "-" 24 0
Feb 20 11:16:40 standalone proxy-server[129190]: 172.18.0.2 172.18.0.100 20/Feb/2026/11/16/40 GET /v1/AUTH_b75c04a01e2a4deebe28e21731b0483c/gnocchi.ee205237-a111-485b-adae-8cab0c799d4b/none_v3 HTTP/1.0 200 - python-swiftclient-3.11.1 gAAAAABpmEDLewQk... - 22 - txb3dfca5a3e0d4c05831de-0069984298 - 0.0106 - - 1771586200.265895844 1771586200.276541471 0
Feb 20 11:16:40 standalone container-server[127035]: 172.20.0.100 - - [20/Feb/2026:11:16:40 +0000] "GET /d1/190/AUTH_b75c04a01e2a4deebe28e21731b0483c/gnocchi.ee205237-a111-485b-adae-8cab0c799d4b" 200 357 "GET http://172.18.0.2:8080/v1/AUTH_b75c04a01e2a4deebe28e21731b0483c/gnocchi.ee205237-a111-485b-adae-8cab0c799d4b?format=json&states=listing" "tx0128c6ec87b04471ba97d-0069984298" "proxy-server 20" 0.0036 "-" 20 0
Feb 20 11:16:40 standalone proxy-server[129190]: 172.18.0.2 172.18.0.100 20/Feb/2026/11/16/40 GET /v1/AUTH_b75c04a01e2a4deebe28e21731b0483c/gnocchi.ee205237-a111-485b-adae-8cab0c799d4b%3Fformat%3Djson%26states%3Dlisting HTTP/1.0 200 - python-swiftclient-3.11.1 gAAAAABpmEDLewQk... - 357 - tx0128c6ec87b04471ba97d-0069984298 - 0.0083 - - 1771586200.278807878 1771586200.287134886 0
Feb 20 11:16:40 standalone container-server[127072]: 172.20.0.100 - - [20/Feb/2026:11:16:40 +0000] "GET /d1/190/AUTH_b75c04a01e2a4deebe28e21731b0483c/gnocchi.ee205237-a111-485b-adae-8cab0c799d4b" 200 2 "GET http://172.18.0.2:8080/v1/AUTH_b75c04a01e2a4deebe28e21731b0483c/gnocchi.ee205237-a111-485b-adae-8cab0c799d4b?format=json&marker=none_v3&states=listing" "txe375e6133bc0495596550-0069984298" "proxy-server 20" 0.0040 "-" 23 0
Feb 20 11:16:40 standalone proxy-server[129190]: 172.18.0.2 172.18.0.100 20/Feb/2026/11/16/40 GET /v1/AUTH_b75c04a01e2a4deebe28e21731b0483c/gnocchi.ee205237-a111-485b-adae-8cab0c799d4b%3Fformat%3Djson%26marker%3Dnone_v3%26states%3Dlisting HTTP/1.0 200 - python-swiftclient-3.11.1 gAAAAABpmEDLewQk... - 2 - txe375e6133bc0495596550-0069984298 - 0.0086 - - 1771586200.288873672 1771586200.297489405 0
Feb 20 11:16:40 standalone object-server[127157]: 172.20.0.100 - - [20/Feb/2026:11:16:40 +0000] "GET /d1/782/AUTH_b75c04a01e2a4deebe28e21731b0483c/gnocchi.ee205237-a111-485b-adae-8cab0c799d4b/1771200000.0_mean_300.0_v3" 200 16 "GET http://172.18.0.2:8080/v1/AUTH_b75c04a01e2a4deebe28e21731b0483c/gnocchi.ee205237-a111-485b-adae-8cab0c799d4b/1771200000.0_mean_300.0_v3" "txcfdbc10955454fd6a36f6-0069984298" "proxy-server 20" 0.0011 "-" 24 0
Feb 20 11:16:40 standalone proxy-server[129190]: 172.18.0.2 172.18.0.100 20/Feb/2026/11/16/40 GET /v1/AUTH_b75c04a01e2a4deebe28e21731b0483c/gnocchi.ee205237-a111-485b-adae-8cab0c799d4b/1771200000.0_mean_300.0_v3 HTTP/1.0 200 - python-swiftclient-3.11.1 gAAAAABpmEDLewQk... - 16 - txcfdbc10955454fd6a36f6-0069984298 - 0.0060 - - 1771586200.299772739 1771586200.305761576 0
Feb 20 11:16:40 standalone object-server[127156]: 172.20.0.100 - - [20/Feb/2026:11:16:40 +0000] "GET /d1/470/AUTH_b75c04a01e2a4deebe28e21731b0483c/gnocchi.ee205237-a111-485b-adae-8cab0c799d4b/1771200000.0_rate%3Amean_300.0_v3" 404 70 "GET http://172.18.0.2:8080/v1/AUTH_b75c04a01e2a4deebe28e21731b0483c/gnocchi.ee205237-a111-485b-adae-8cab0c799d4b/1771200000.0_rate%3Amean_300.0_v3" "tx65dd3034df654933839a1-0069984298" "proxy-server 20" 0.0004 "-" 23 0
Feb 20 11:16:40 standalone proxy-server[129190]: 172.18.0.2 172.18.0.100 20/Feb/2026/11/16/40 GET /v1/AUTH_b75c04a01e2a4deebe28e21731b0483c/gnocchi.ee205237-a111-485b-adae-8cab0c799d4b/1771200000.0_rate%253Amean_300.0_v3 HTTP/1.0 404 - python-swiftclient-3.11.1 gAAAAABpmEDLewQk... - 70 - tx65dd3034df654933839a1-0069984298 - 0.0045 - - 1771586200.307422638 1771586200.311913490 0
Feb 20 11:16:40 standalone container-server[127072]: 172.20.0.100 - - [20/Feb/2026:11:16:40 +0000] "PUT /d1/190/AUTH_b75c04a01e2a4deebe28e21731b0483c/gnocchi.ee205237-a111-485b-adae-8cab0c799d4b/1771200000.0_mean_300.0_v3" 201 - "PUT http://172.18.0.2:8080/d1/782/AUTH_b75c04a01e2a4deebe28e21731b0483c/gnocchi.ee205237-a111-485b-adae-8cab0c799d4b/1771200000.0_mean_300.0_v3" "txef22f0b296214c14ac544-0069984298" "object-server 25" 0.0008 "-" 23 0
Feb 20 11:16:40 standalone object-server[127161]: 172.20.0.100 - - [20/Feb/2026:11:16:40 +0000] "PUT /d1/782/AUTH_b75c04a01e2a4deebe28e21731b0483c/gnocchi.ee205237-a111-485b-adae-8cab0c799d4b/1771200000.0_mean_300.0_v3" 201 - "PUT http://172.18.0.2:8080/v1/AUTH_b75c04a01e2a4deebe28e21731b0483c/gnocchi.ee205237-a111-485b-adae-8cab0c799d4b/1771200000.0_mean_300.0_v3" "txef22f0b296214c14ac544-0069984298" "proxy-server 20" 0.0174 "-" 25 0
Feb 20 11:16:40 standalone proxy-server[129190]: 172.18.0.2 172.18.0.100 20/Feb/2026/11/16/40 PUT /v1/AUTH_b75c04a01e2a4deebe28e21731b0483c/gnocchi.ee205237-a111-485b-adae-8cab0c799d4b/1771200000.0_mean_300.0_v3 HTTP/1.0 201 - python-swiftclient-3.11.1 gAAAAABpmEDLewQk... 24 - - txef22f0b296214c14ac544-0069984298 - 0.0231 - - 1771586200.314024687 1771586200.337122202 0
Feb 20 11:16:40 standalone container-server[127035]: 172.20.0.100 - - [20/Feb/2026:11:16:40 +0000] "PUT /d1/190/AUTH_b75c04a01e2a4deebe28e21731b0483c/gnocchi.ee205237-a111-485b-adae-8cab0c799d4b/1771200000.0_rate%3Amean_300.0_v3" 201 - "PUT http://172.18.0.2:8080/d1/470/AUTH_b75c04a01e2a4deebe28e21731b0483c/gnocchi.ee205237-a111-485b-adae-8cab0c799d4b/1771200000.0_rate%3Amean_300.0_v3" "tx3403dd478be94052a37ee-0069984298" "object-server 22" 0.0008 "-" 20 0
Feb 20 11:16:40 standalone object-server[127154]: 172.20.0.100 - - [20/Feb/2026:11:16:40 +0000] "PUT /d1/470/AUTH_b75c04a01e2a4deebe28e21731b0483c/gnocchi.ee205237-a111-485b-adae-8cab0c799d4b/1771200000.0_rate%3Amean_300.0_v3" 201 - "PUT http://172.18.0.2:8080/v1/AUTH_b75c04a01e2a4deebe28e21731b0483c/gnocchi.ee205237-a111-485b-adae-8cab0c799d4b/1771200000.0_rate%3Amean_300.0_v3" "tx3403dd478be94052a37ee-0069984298" "proxy-server 20" 0.0114 "-" 22 0
Feb 20 11:16:40 standalone proxy-server[129190]: 172.18.0.2 172.18.0.100 20/Feb/2026/11/16/40 PUT /v1/AUTH_b75c04a01e2a4deebe28e21731b0483c/gnocchi.ee205237-a111-485b-adae-8cab0c799d4b/1771200000.0_rate%253Amean_300.0_v3 HTTP/1.0 201 - python-swiftclient-3.11.1 gAAAAABpmEDLewQk... 16 - - tx3403dd478be94052a37ee-0069984298 - 0.0228 - - 1771586200.340337992 1771586200.363140583 0
Feb 20 11:16:40 standalone container-server[127027]: 172.20.0.100 - - [20/Feb/2026:11:16:40 +0000] "PUT /d1/190/AUTH_b75c04a01e2a4deebe28e21731b0483c/gnocchi.ee205237-a111-485b-adae-8cab0c799d4b/none_v3" 201 - "PUT http://172.18.0.2:8080/d1/615/AUTH_b75c04a01e2a4deebe28e21731b0483c/gnocchi.ee205237-a111-485b-adae-8cab0c799d4b/none_v3" "txbf253f66eb1e4ad580ca3-0069984298" "object-server 25" 0.0008 "-" 19 0
Feb 20 11:16:40 standalone object-server[127161]: 172.20.0.100 - - [20/Feb/2026:11:16:40 +0000] "PUT /d1/615/AUTH_b75c04a01e2a4deebe28e21731b0483c/gnocchi.ee205237-a111-485b-adae-8cab0c799d4b/none_v3" 201 - "PUT http://172.18.0.2:8080/v1/AUTH_b75c04a01e2a4deebe28e21731b0483c/gnocchi.ee205237-a111-485b-adae-8cab0c799d4b/none_v3" "txbf253f66eb1e4ad580ca3-0069984298" "proxy-server 20" 0.0136 "-" 25 0
Feb 20 11:16:40 standalone proxy-server[129190]: 172.18.0.2 172.18.0.100 20/Feb/2026/11/16/40 PUT /v1/AUTH_b75c04a01e2a4deebe28e21731b0483c/gnocchi.ee205237-a111-485b-adae-8cab0c799d4b/none_v3 HTTP/1.0 201 - python-swiftclient-3.11.1 gAAAAABpmEDLewQk... 33 - - txbf253f66eb1e4ad580ca3-0069984298 - 0.0219 - - 1771586200.365906239 1771586200.387828827 0
Feb 20 11:16:40 standalone container-server[127035]: 172.20.0.100 - - [20/Feb/2026:11:16:40 +0000] "HEAD /d1/471/AUTH_b75c04a01e2a4deebe28e21731b0483c/gnocchi.37c90dcb-ea84-4855-82b4-0341bf41aa37" 204 - "HEAD http://172.18.0.2:8080/v1/AUTH_b75c04a01e2a4deebe28e21731b0483c/gnocchi.37c90dcb-ea84-4855-82b4-0341bf41aa37?format=json&states=listing" "tx677ca147ce334247a32fb-0069984298" "proxy-server 20" 0.0024 "-" 20 0
Feb 20 11:16:40 standalone object-server[127161]: 172.20.0.100 - - [20/Feb/2026:11:16:40 +0000] "GET /d1/51/AUTH_b75c04a01e2a4deebe28e21731b0483c/gnocchi.37c90dcb-ea84-4855-82b4-0341bf41aa37/none_v3" 200 22 "GET http://172.18.0.2:8080/v1/AUTH_b75c04a01e2a4deebe28e21731b0483c/gnocchi.37c90dcb-ea84-4855-82b4-0341bf41aa37/none_v3" "tx677ca147ce334247a32fb-0069984298" "proxy-server 20" 0.0011 "-" 25 0
Feb 20 11:16:40 standalone proxy-server[129190]: 172.18.0.2 172.18.0.100 20/Feb/2026/11/16/40 GET /v1/AUTH_b75c04a01e2a4deebe28e21731b0483c/gnocchi.37c90dcb-ea84-4855-82b4-0341bf41aa37/none_v3 HTTP/1.0 200 - python-swiftclient-3.11.1 gAAAAABpmEDLewQk... - 22 - tx677ca147ce334247a32fb-0069984298 - 0.0176 - - 1771586200.395205736 1771586200.412838697 0
Feb 20 11:16:40 standalone container-server[127035]: 172.20.0.100 - - [20/Feb/2026:11:16:40 +0000] "GET /d1/471/AUTH_b75c04a01e2a4deebe28e21731b0483c/gnocchi.37c90dcb-ea84-4855-82b4-0341bf41aa37" 200 357 "GET http://172.18.0.2:8080/v1/AUTH_b75c04a01e2a4deebe28e21731b0483c/gnocchi.37c90dcb-ea84-4855-82b4-0341bf41aa37?format=json&states=listing" "tx1d24b04a6b43474193624-0069984298" "proxy-server 20" 0.0022 "-" 20 0
Feb 20 11:16:40 standalone proxy-server[129190]: 172.18.0.2 172.18.0.100 20/Feb/2026/11/16/40 GET /v1/AUTH_b75c04a01e2a4deebe28e21731b0483c/gnocchi.37c90dcb-ea84-4855-82b4-0341bf41aa37%3Fformat%3Djson%26states%3Dlisting HTTP/1.0 200 - python-swiftclient-3.11.1 gAAAAABpmEDLewQk... - 357 - tx1d24b04a6b43474193624-0069984298 - 0.0076 - - 1771586200.415447950 1771586200.423059702 0
Feb 20 11:16:40 standalone container-server[127027]: 172.20.0.100 - - [20/Feb/2026:11:16:40 +0000] "GET /d1/471/AUTH_b75c04a01e2a4deebe28e21731b0483c/gnocchi.37c90dcb-ea84-4855-82b4-0341bf41aa37" 200 2 "GET http://172.18.0.2:8080/v1/AUTH_b75c04a01e2a4deebe28e21731b0483c/gnocchi.37c90dcb-ea84-4855-82b4-0341bf41aa37?format=json&marker=none_v3&states=listing" "txb158c1b304f340e0bec8a-0069984298" "proxy-server 20" 0.0038 "-" 19 0
Feb 20 11:16:40 standalone proxy-server[129190]: 172.18.0.2 172.18.0.100 20/Feb/2026/11/16/40 GET /v1/AUTH_b75c04a01e2a4deebe28e21731b0483c/gnocchi.37c90dcb-ea84-4855-82b4-0341bf41aa37%3Fformat%3Djson%26marker%3Dnone_v3%26states%3Dlisting HTTP/1.0 200 - python-swiftclient-3.11.1 gAAAAABpmEDLewQk... - 2 - txb158c1b304f340e0bec8a-0069984298 - 0.0100 - - 1771586200.424850941 1771586200.434841394 0
Feb 20 11:16:40 standalone object-server[127156]: 172.20.0.100 - - [20/Feb/2026:11:16:40 +0000] "GET /d1/212/AUTH_b75c04a01e2a4deebe28e21731b0483c/gnocchi.37c90dcb-ea84-4855-82b4-0341bf41aa37/1771200000.0_mean_300.0_v3" 200 16 "GET http://172.18.0.2:8080/v1/AUTH_b75c04a01e2a4deebe28e21731b0483c/gnocchi.37c90dcb-ea84-4855-82b4-0341bf41aa37/1771200000.0_mean_300.0_v3" "tx5feb7b68cff1493b9596f-0069984298" "proxy-server 20" 0.0014 "-" 23 0
Feb 20 11:16:40 standalone proxy-server[129190]: 172.18.0.2 172.18.0.100 20/Feb/2026/11/16/40 GET /v1/AUTH_b75c04a01e2a4deebe28e21731b0483c/gnocchi.37c90dcb-ea84-4855-82b4-0341bf41aa37/1771200000.0_mean_300.0_v3 HTTP/1.0 200 - python-swiftclient-3.11.1 gAAAAABpmEDLewQk... - 16 - tx5feb7b68cff1493b9596f-0069984298 - 0.0074 - - 1771586200.437355280 1771586200.444716454 0
Feb 20 11:16:40 standalone object-server[127156]: 172.20.0.100 - - [20/Feb/2026:11:16:40 +0000] "GET /d1/118/AUTH_b75c04a01e2a4deebe28e21731b0483c/gnocchi.37c90dcb-ea84-4855-82b4-0341bf41aa37/1771200000.0_rate%3Amean_300.0_v3" 404 70 "GET http://172.18.0.2:8080/v1/AUTH_b75c04a01e2a4deebe28e21731b0483c/gnocchi.37c90dcb-ea84-4855-82b4-0341bf41aa37/1771200000.0_rate%3Amean_300.0_v3" "tx6dfd30f778554801b45d0-0069984298" "proxy-server 20" 0.0003 "-" 23 0
Feb 20 11:16:40 standalone proxy-server[129190]: 172.18.0.2 172.18.0.100 20/Feb/2026/11/16/40 GET /v1/AUTH_b75c04a01e2a4deebe28e21731b0483c/gnocchi.37c90dcb-ea84-4855-82b4-0341bf41aa37/1771200000.0_rate%253Amean_300.0_v3 HTTP/1.0 404 - python-swiftclient-3.11.1 gAAAAABpmEDLewQk... - 70 - tx6dfd30f778554801b45d0-0069984298 - 0.0053 - - 1771586200.447388649 1771586200.452708960 0
Feb 20 11:16:40 standalone container-server[127072]: 172.20.0.100 - - [20/Feb/2026:11:16:40 +0000] "PUT /d1/471/AUTH_b75c04a01e2a4deebe28e21731b0483c/gnocchi.37c90dcb-ea84-4855-82b4-0341bf41aa37/1771200000.0_mean_300.0_v3" 201 - "PUT http://172.18.0.2:8080/d1/212/AUTH_b75c04a01e2a4deebe28e21731b0483c/gnocchi.37c90dcb-ea84-4855-82b4-0341bf41aa37/1771200000.0_mean_300.0_v3" "txf61ddffcf32d4235af89b-0069984298" "object-server 24" 0.0006 "-" 23 0
Feb 20 11:16:40 standalone object-server[127157]: 172.20.0.100 - - [20/Feb/2026:11:16:40 +0000] "PUT /d1/212/AUTH_b75c04a01e2a4deebe28e21731b0483c/gnocchi.37c90dcb-ea84-4855-82b4-0341bf41aa37/1771200000.0_mean_300.0_v3" 201 - "PUT http://172.18.0.2:8080/v1/AUTH_b75c04a01e2a4deebe28e21731b0483c/gnocchi.37c90dcb-ea84-4855-82b4-0341bf41aa37/1771200000.0_mean_300.0_v3" "txf61ddffcf32d4235af89b-0069984298" "proxy-server 20" 0.0162 "-" 24 0
Feb 20 11:16:40 standalone proxy-server[129190]: 172.18.0.2 172.18.0.100 20/Feb/2026/11/16/40 PUT /v1/AUTH_b75c04a01e2a4deebe28e21731b0483c/gnocchi.37c90dcb-ea84-4855-82b4-0341bf41aa37/1771200000.0_mean_300.0_v3 HTTP/1.0 201 - python-swiftclient-3.11.1 gAAAAABpmEDLewQk... 27 - - txf61ddffcf32d4235af89b-0069984298 - 0.0231 - - 1771586200.454802275 1771586200.477951050 0
Feb 20 11:16:40 standalone container-server[127035]: 172.20.0.100 - - [20/Feb/2026:11:16:40 +0000] "PUT /d1/471/AUTH_b75c04a01e2a4deebe28e21731b0483c/gnocchi.37c90dcb-ea84-4855-82b4-0341bf41aa37/1771200000.0_rate%3Amean_300.0_v3" 201 - "PUT http://172.18.0.2:8080/d1/118/AUTH_b75c04a01e2a4deebe28e21731b0483c/gnocchi.37c90dcb-ea84-4855-82b4-0341bf41aa37/1771200000.0_rate%3Amean_300.0_v3" "txc262e866bcb8438da2907-0069984298" "object-server 24" 0.0006 "-" 20 0
Feb 20 11:16:40 standalone object-server[127157]: 172.20.0.100 - - [20/Feb/2026:11:16:40 +0000] "PUT /d1/118/AUTH_b75c04a01e2a4deebe28e21731b0483c/gnocchi.37c90dcb-ea84-4855-82b4-0341bf41aa37/1771200000.0_rate%3Amean_300.0_v3" 201 - "PUT http://172.18.0.2:8080/v1/AUTH_b75c04a01e2a4deebe28e21731b0483c/gnocchi.37c90dcb-ea84-4855-82b4-0341bf41aa37/1771200000.0_rate%3Amean_300.0_v3" "txc262e866bcb8438da2907-0069984298" "proxy-server 20" 0.0112 "-" 24 0
Feb 20 11:16:40 standalone proxy-server[129190]: 172.18.0.2 172.18.0.100 20/Feb/2026/11/16/40 PUT /v1/AUTH_b75c04a01e2a4deebe28e21731b0483c/gnocchi.37c90dcb-ea84-4855-82b4-0341bf41aa37/1771200000.0_rate%253Amean_300.0_v3 HTTP/1.0 201 - python-swiftclient-3.11.1 gAAAAABpmEDLewQk... 16 - - txc262e866bcb8438da2907-0069984298 - 0.0186 - - 1771586200.480125904 1771586200.498697758 0
Feb 20 11:16:40 standalone container-server[127047]: 172.20.0.100 - - [20/Feb/2026:11:16:40 +0000] "PUT /d1/471/AUTH_b75c04a01e2a4deebe28e21731b0483c/gnocchi.37c90dcb-ea84-4855-82b4-0341bf41aa37/none_v3" 201 - "PUT http://172.18.0.2:8080/d1/51/AUTH_b75c04a01e2a4deebe28e21731b0483c/gnocchi.37c90dcb-ea84-4855-82b4-0341bf41aa37/none_v3" "tx083e7ac61f934afd9ab36-0069984298" "object-server 22" 0.0006 "-" 21 0
Feb 20 11:16:40 standalone object-server[127154]: 172.20.0.100 - - [20/Feb/2026:11:16:40 +0000] "PUT /d1/51/AUTH_b75c04a01e2a4deebe28e21731b0483c/gnocchi.37c90dcb-ea84-4855-82b4-0341bf41aa37/none_v3" 201 - "PUT http://172.18.0.2:8080/v1/AUTH_b75c04a01e2a4deebe28e21731b0483c/gnocchi.37c90dcb-ea84-4855-82b4-0341bf41aa37/none_v3" "tx083e7ac61f934afd9ab36-0069984298" "proxy-server 20" 0.0093 "-" 22 0
Feb 20 11:16:40 standalone proxy-server[129190]: 172.18.0.2 172.18.0.100 20/Feb/2026/11/16/40 PUT /v1/AUTH_b75c04a01e2a4deebe28e21731b0483c/gnocchi.37c90dcb-ea84-4855-82b4-0341bf41aa37/none_v3 HTTP/1.0 201 - python-swiftclient-3.11.1 gAAAAABpmEDLewQk... 34 - - tx083e7ac61f934afd9ab36-0069984298 - 0.0153 - - 1771586200.501543999 1771586200.516868830 0
Feb 20 11:16:40 standalone container-server[127072]: 172.20.0.100 - - [20/Feb/2026:11:16:40 +0000] "HEAD /d1/975/AUTH_b75c04a01e2a4deebe28e21731b0483c/gnocchi.a702ad59-0e06-494d-9fef-6b2416e83bac" 204 - "HEAD http://172.18.0.2:8080/v1/AUTH_b75c04a01e2a4deebe28e21731b0483c/gnocchi.a702ad59-0e06-494d-9fef-6b2416e83bac?format=json&states=listing" "tx9eacd704466a47c783fde-0069984298" "proxy-server 20" 0.0017 "-" 23 0
Feb 20 11:16:40 standalone object-server[127161]: 172.20.0.100 - - [20/Feb/2026:11:16:40 +0000] "GET /d1/515/AUTH_b75c04a01e2a4deebe28e21731b0483c/gnocchi.a702ad59-0e06-494d-9fef-6b2416e83bac/none_v3" 200 22 "GET http://172.18.0.2:8080/v1/AUTH_b75c04a01e2a4deebe28e21731b0483c/gnocchi.a702ad59-0e06-494d-9fef-6b2416e83bac/none_v3" "tx9eacd704466a47c783fde-0069984298" "proxy-server 20" 0.0008 "-" 25 0
Feb 20 11:16:40 standalone proxy-server[129190]: 172.18.0.2 172.18.0.100 20/Feb/2026/11/16/40 GET /v1/AUTH_b75c04a01e2a4deebe28e21731b0483c/gnocchi.a702ad59-0e06-494d-9fef-6b2416e83bac/none_v3 HTTP/1.0 200 - python-swiftclient-3.11.1 gAAAAABpmEDLewQk... - 22 - tx9eacd704466a47c783fde-0069984298 - 0.0118 - - 1771586200.524178982 1771586200.535987139 0
Feb 20 11:16:40 standalone container-server[127035]: 172.20.0.100 - - [20/Feb/2026:11:16:40 +0000] "GET /d1/975/AUTH_b75c04a01e2a4deebe28e21731b0483c/gnocchi.a702ad59-0e06-494d-9fef-6b2416e83bac" 200 357 "GET http://172.18.0.2:8080/v1/AUTH_b75c04a01e2a4deebe28e21731b0483c/gnocchi.a702ad59-0e06-494d-9fef-6b2416e83bac?format=json&states=listing" "tx2a844af50fa34d01b778b-0069984298" "proxy-server 20" 0.0025 "-" 20 0
Feb 20 11:16:40 standalone proxy-server[129190]: 172.18.0.2 172.18.0.100 20/Feb/2026/11/16/40 GET /v1/AUTH_b75c04a01e2a4deebe28e21731b0483c/gnocchi.a702ad59-0e06-494d-9fef-6b2416e83bac%3Fformat%3Djson%26states%3Dlisting HTTP/1.0 200 - python-swiftclient-3.11.1 gAAAAABpmEDLewQk... - 357 - tx2a844af50fa34d01b778b-0069984298 - 0.0085 - - 1771586200.538406849 1771586200.546876431 0
Feb 20 11:16:40 standalone container-server[127035]: 172.20.0.100 - - [20/Feb/2026:11:16:40 +0000] "GET /d1/975/AUTH_b75c04a01e2a4deebe28e21731b0483c/gnocchi.a702ad59-0e06-494d-9fef-6b2416e83bac" 200 2 "GET http://172.18.0.2:8080/v1/AUTH_b75c04a01e2a4deebe28e21731b0483c/gnocchi.a702ad59-0e06-494d-9fef-6b2416e83bac?format=json&marker=none_v3&states=listing" "tx8cf04f1f9fdb425f9e01e-0069984298" "proxy-server 20" 0.0020 "-" 20 0
Feb 20 11:16:40 standalone proxy-server[129190]: 172.18.0.2 172.18.0.100 20/Feb/2026/11/16/40 GET /v1/AUTH_b75c04a01e2a4deebe28e21731b0483c/gnocchi.a702ad59-0e06-494d-9fef-6b2416e83bac%3Fformat%3Djson%26marker%3Dnone_v3%26states%3Dlisting HTTP/1.0 200 - python-swiftclient-3.11.1 gAAAAABpmEDLewQk... - 2 - tx8cf04f1f9fdb425f9e01e-0069984298 - 0.0064 - - 1771586200.548792839 1771586200.555226803 0
Feb 20 11:16:40 standalone object-server[127161]: 172.20.0.100 - - [20/Feb/2026:11:16:40 +0000] "GET /d1/642/AUTH_b75c04a01e2a4deebe28e21731b0483c/gnocchi.a702ad59-0e06-494d-9fef-6b2416e83bac/1771200000.0_mean_300.0_v3" 200 16 "GET http://172.18.0.2:8080/v1/AUTH_b75c04a01e2a4deebe28e21731b0483c/gnocchi.a702ad59-0e06-494d-9fef-6b2416e83bac/1771200000.0_mean_300.0_v3" "tx24218578fd5e4cdda435a-0069984298" "proxy-server 20" 0.0008 "-" 25 0
Feb 20 11:16:40 standalone proxy-server[129190]: 172.18.0.2 172.18.0.100 20/Feb/2026/11/16/40 GET /v1/AUTH_b75c04a01e2a4deebe28e21731b0483c/gnocchi.a702ad59-0e06-494d-9fef-6b2416e83bac/1771200000.0_mean_300.0_v3 HTTP/1.0 200 - python-swiftclient-3.11.1 gAAAAABpmEDLewQk... - 16 - tx24218578fd5e4cdda435a-0069984298 - 0.0050 - - 1771586200.557554483 1771586200.562519312 0
Feb 20 11:16:40 standalone object-server[127156]: 172.20.0.100 - - [20/Feb/2026:11:16:40 +0000] "GET /d1/406/AUTH_b75c04a01e2a4deebe28e21731b0483c/gnocchi.a702ad59-0e06-494d-9fef-6b2416e83bac/1771200000.0_rate%3Amean_300.0_v3" 404 70 "GET http://172.18.0.2:8080/v1/AUTH_b75c04a01e2a4deebe28e21731b0483c/gnocchi.a702ad59-0e06-494d-9fef-6b2416e83bac/1771200000.0_rate%3Amean_300.0_v3" "tx45f00c9b2a71452f9e5db-0069984298" "proxy-server 20" 0.0005 "-" 23 0
Feb 20 11:16:40 standalone proxy-server[129190]: 172.18.0.2 172.18.0.100 20/Feb/2026/11/16/40 GET /v1/AUTH_b75c04a01e2a4deebe28e21731b0483c/gnocchi.a702ad59-0e06-494d-9fef-6b2416e83bac/1771200000.0_rate%253Amean_300.0_v3 HTTP/1.0 404 - python-swiftclient-3.11.1 gAAAAABpmEDLewQk... - 70 - tx45f00c9b2a71452f9e5db-0069984298 - 0.0048 - - 1771586200.564384699 1771586200.569221258 0
Feb 20 11:16:40 standalone container-server[127047]: 172.20.0.100 - - [20/Feb/2026:11:16:40 +0000] "PUT /d1/975/AUTH_b75c04a01e2a4deebe28e21731b0483c/gnocchi.a702ad59-0e06-494d-9fef-6b2416e83bac/1771200000.0_mean_300.0_v3" 201 - "PUT http://172.18.0.2:8080/d1/642/AUTH_b75c04a01e2a4deebe28e21731b0483c/gnocchi.a702ad59-0e06-494d-9fef-6b2416e83bac/1771200000.0_mean_300.0_v3" "txcf81409152ba4983baa57-0069984298" "object-server 22" 0.0006 "-" 21 0
Feb 20 11:16:40 standalone object-server[127154]: 172.20.0.100 - - [20/Feb/2026:11:16:40 +0000] "PUT /d1/642/AUTH_b75c04a01e2a4deebe28e21731b0483c/gnocchi.a702ad59-0e06-494d-9fef-6b2416e83bac/1771200000.0_mean_300.0_v3" 201 - "PUT http://172.18.0.2:8080/v1/AUTH_b75c04a01e2a4deebe28e21731b0483c/gnocchi.a702ad59-0e06-494d-9fef-6b2416e83bac/1771200000.0_mean_300.0_v3" "txcf81409152ba4983baa57-0069984298" "proxy-server 20" 0.0084 "-" 22 0
Feb 20 11:16:40 standalone proxy-server[129190]: 172.18.0.2 172.18.0.100 20/Feb/2026/11/16/40 PUT /v1/AUTH_b75c04a01e2a4deebe28e21731b0483c/gnocchi.a702ad59-0e06-494d-9fef-6b2416e83bac/1771200000.0_mean_300.0_v3 HTTP/1.0 201 - python-swiftclient-3.11.1 gAAAAABpmEDLewQk... 24 - - txcf81409152ba4983baa57-0069984298 - 0.0123 - - 1771586200.571111917 1771586200.583416462 0
Feb 20 11:16:40 standalone container-server[127027]: 172.20.0.100 - - [20/Feb/2026:11:16:40 +0000] "PUT /d1/975/AUTH_b75c04a01e2a4deebe28e21731b0483c/gnocchi.a702ad59-0e06-494d-9fef-6b2416e83bac/1771200000.0_rate%3Amean_300.0_v3" 201 - "PUT http://172.18.0.2:8080/d1/406/AUTH_b75c04a01e2a4deebe28e21731b0483c/gnocchi.a702ad59-0e06-494d-9fef-6b2416e83bac/1771200000.0_rate%3Amean_300.0_v3" "tx4c65b7d3e91a46e0adb0c-0069984298" "object-server 22" 0.0010 "-" 19 0
Feb 20 11:16:40 standalone object-server[127154]: 172.20.0.100 - - [20/Feb/2026:11:16:40 +0000] "PUT /d1/406/AUTH_b75c04a01e2a4deebe28e21731b0483c/gnocchi.a702ad59-0e06-494d-9fef-6b2416e83bac/1771200000.0_rate%3Amean_300.0_v3" 201 - "PUT http://172.18.0.2:8080/v1/AUTH_b75c04a01e2a4deebe28e21731b0483c/gnocchi.a702ad59-0e06-494d-9fef-6b2416e83bac/1771200000.0_rate%3Amean_300.0_v3" "tx4c65b7d3e91a46e0adb0c-0069984298" "proxy-server 20" 0.0097 "-" 22 0
Feb 20 11:16:40 standalone proxy-server[129190]: 172.18.0.2 172.18.0.100 20/Feb/2026/11/16/40 PUT /v1/AUTH_b75c04a01e2a4deebe28e21731b0483c/gnocchi.a702ad59-0e06-494d-9fef-6b2416e83bac/1771200000.0_rate%253Amean_300.0_v3 HTTP/1.0 201 - python-swiftclient-3.11.1 gAAAAABpmEDLewQk... 16 - - tx4c65b7d3e91a46e0adb0c-0069984298 - 0.0135 - - 1771586200.585272074 1771586200.598772287 0
Feb 20 11:16:40 standalone container-server[127027]: 172.20.0.100 - - [20/Feb/2026:11:16:40 +0000] "PUT /d1/975/AUTH_b75c04a01e2a4deebe28e21731b0483c/gnocchi.a702ad59-0e06-494d-9fef-6b2416e83bac/none_v3" 201 - "PUT http://172.18.0.2:8080/d1/515/AUTH_b75c04a01e2a4deebe28e21731b0483c/gnocchi.a702ad59-0e06-494d-9fef-6b2416e83bac/none_v3" "txa080b28e955d430aa1d6b-0069984298" "object-server 23" 0.0006 "-" 19 0
Feb 20 11:16:40 standalone object-server[127156]: 172.20.0.100 - - [20/Feb/2026:11:16:40 +0000] "PUT /d1/515/AUTH_b75c04a01e2a4deebe28e21731b0483c/gnocchi.a702ad59-0e06-494d-9fef-6b2416e83bac/none_v3" 201 - "PUT http://172.18.0.2:8080/v1/AUTH_b75c04a01e2a4deebe28e21731b0483c/gnocchi.a702ad59-0e06-494d-9fef-6b2416e83bac/none_v3" "txa080b28e955d430aa1d6b-0069984298" "proxy-server 20" 0.0104 "-" 23 0
Feb 20 11:16:40 standalone proxy-server[129190]: 172.18.0.2 172.18.0.100 20/Feb/2026/11/16/40 PUT /v1/AUTH_b75c04a01e2a4deebe28e21731b0483c/gnocchi.a702ad59-0e06-494d-9fef-6b2416e83bac/none_v3 HTTP/1.0 201 - python-swiftclient-3.11.1 gAAAAABpmEDLewQk... 33 - - txa080b28e955d430aa1d6b-0069984298 - 0.0157 - - 1771586200.600671053 1771586200.616363287 0
Feb 20 11:16:40 standalone container-server[127035]: 172.20.0.100 - - [20/Feb/2026:11:16:40 +0000] "HEAD /d1/671/AUTH_b75c04a01e2a4deebe28e21731b0483c/gnocchi.a6470c95-768e-4f9b-9d15-51bafaa6976c" 204 - "HEAD http://172.18.0.2:8080/v1/AUTH_b75c04a01e2a4deebe28e21731b0483c/gnocchi.a6470c95-768e-4f9b-9d15-51bafaa6976c?format=json&states=listing" "txdb7ba53707eb45d69fd1b-0069984298" "proxy-server 20" 0.0026 "-" 20 0
Feb 20 11:16:40 standalone object-server[127157]: 172.20.0.100 - - [20/Feb/2026:11:16:40 +0000] "GET /d1/713/AUTH_b75c04a01e2a4deebe28e21731b0483c/gnocchi.a6470c95-768e-4f9b-9d15-51bafaa6976c/none_v3" 200 22 "GET http://172.18.0.2:8080/v1/AUTH_b75c04a01e2a4deebe28e21731b0483c/gnocchi.a6470c95-768e-4f9b-9d15-51bafaa6976c/none_v3" "txdb7ba53707eb45d69fd1b-0069984298" "proxy-server 20" 0.0007 "-" 24 0
Feb 20 11:16:40 standalone proxy-server[129190]: 172.18.0.2 172.18.0.100 20/Feb/2026/11/16/40 GET /v1/AUTH_b75c04a01e2a4deebe28e21731b0483c/gnocchi.a6470c95-768e-4f9b-9d15-51bafaa6976c/none_v3 HTTP/1.0 200 - python-swiftclient-3.11.1 gAAAAABpmEDLewQk... - 22 - txdb7ba53707eb45d69fd1b-0069984298 - 0.0126 - - 1771586200.624894142 1771586200.637489557 0
Feb 20 11:16:40 standalone container-server[127047]: 172.20.0.100 - - [20/Feb/2026:11:16:40 +0000] "GET /d1/671/AUTH_b75c04a01e2a4deebe28e21731b0483c/gnocchi.a6470c95-768e-4f9b-9d15-51bafaa6976c" 200 357 "GET http://172.18.0.2:8080/v1/AUTH_b75c04a01e2a4deebe28e21731b0483c/gnocchi.a6470c95-768e-4f9b-9d15-51bafaa6976c?format=json&states=listing" "txc3449f7a29604ca7933cd-0069984298" "proxy-server 20" 0.0036 "-" 21 0
Feb 20 11:16:40 standalone proxy-server[129190]: 172.18.0.2 172.18.0.100 20/Feb/2026/11/16/40 GET /v1/AUTH_b75c04a01e2a4deebe28e21731b0483c/gnocchi.a6470c95-768e-4f9b-9d15-51bafaa6976c%3Fformat%3Djson%26states%3Dlisting HTTP/1.0 200 - python-swiftclient-3.11.1 gAAAAABpmEDLewQk... - 357 - txc3449f7a29604ca7933cd-0069984298 - 0.0087 - - 1771586200.639824629 1771586200.648480177 0
Feb 20 11:16:40 standalone container-server[127027]: 172.20.0.100 - - [20/Feb/2026:11:16:40 +0000] "GET /d1/671/AUTH_b75c04a01e2a4deebe28e21731b0483c/gnocchi.a6470c95-768e-4f9b-9d15-51bafaa6976c" 200 2 "GET http://172.18.0.2:8080/v1/AUTH_b75c04a01e2a4deebe28e21731b0483c/gnocchi.a6470c95-768e-4f9b-9d15-51bafaa6976c?format=json&marker=none_v3&states=listing" "txdf6360ef62e347e1b74ab-0069984298" "proxy-server 20" 0.0038 "-" 19 0
Feb 20 11:16:40 standalone proxy-server[129190]: 172.18.0.2 172.18.0.100 20/Feb/2026/11/16/40 GET /v1/AUTH_b75c04a01e2a4deebe28e21731b0483c/gnocchi.a6470c95-768e-4f9b-9d15-51bafaa6976c%3Fformat%3Djson%26marker%3Dnone_v3%26states%3Dlisting HTTP/1.0 200 - python-swiftclient-3.11.1 gAAAAABpmEDLewQk... - 2 - txdf6360ef62e347e1b74ab-0069984298 - 0.0085 - - 1771586200.651141167 1771586200.659628630 0
Feb 20 11:16:40 standalone object-server[127161]: 172.20.0.100 - - [20/Feb/2026:11:16:40 +0000] "GET /d1/207/AUTH_b75c04a01e2a4deebe28e21731b0483c/gnocchi.a6470c95-768e-4f9b-9d15-51bafaa6976c/1771200000.0_mean_300.0_v3" 200 16 "GET http://172.18.0.2:8080/v1/AUTH_b75c04a01e2a4deebe28e21731b0483c/gnocchi.a6470c95-768e-4f9b-9d15-51bafaa6976c/1771200000.0_mean_300.0_v3" "tx5d1562838e224ad8ae49a-0069984298" "proxy-server 20" 0.0013 "-" 25 0
Feb 20 11:16:40 standalone proxy-server[129190]: 172.18.0.2 172.18.0.100 20/Feb/2026/11/16/40 GET /v1/AUTH_b75c04a01e2a4deebe28e21731b0483c/gnocchi.a6470c95-768e-4f9b-9d15-51bafaa6976c/1771200000.0_mean_300.0_v3 HTTP/1.0 200 - python-swiftclient-3.11.1 gAAAAABpmEDLewQk... - 16 - tx5d1562838e224ad8ae49a-0069984298 - 0.0071 - - 1771586200.661968708 1771586200.669029236 0
Feb 20 11:16:40 standalone object-server[127156]: 172.20.0.100 - - [20/Feb/2026:11:16:40 +0000] "GET /d1/194/AUTH_b75c04a01e2a4deebe28e21731b0483c/gnocchi.a6470c95-768e-4f9b-9d15-51bafaa6976c/1771200000.0_rate%3Amean_300.0_v3" 404 70 "GET http://172.18.0.2:8080/v1/AUTH_b75c04a01e2a4deebe28e21731b0483c/gnocchi.a6470c95-768e-4f9b-9d15-51bafaa6976c/1771200000.0_rate%3Amean_300.0_v3" "tx012a946c73a84d54a68f5-0069984298" "proxy-server 20" 0.0005 "-" 23 0
Feb 20 11:16:40 standalone proxy-server[129190]: 172.18.0.2 172.18.0.100 20/Feb/2026/11/16/40 GET /v1/AUTH_b75c04a01e2a4deebe28e21731b0483c/gnocchi.a6470c95-768e-4f9b-9d15-51bafaa6976c/1771200000.0_rate%253Amean_300.0_v3 HTTP/1.0 404 - python-swiftclient-3.11.1 gAAAAABpmEDLewQk... - 70 - tx012a946c73a84d54a68f5-0069984298 - 0.0063 - - 1771586200.671081305 1771586200.677370548 0
