Feb 20 11:10:52 standalone proxy-server[129190]: - - 20/Feb/2026/11/10/52 HEAD /v1/AUTH_b75c04a01e2a4deebe28e21731b0483c/gnocchi.674b4af4-323d-4ab2-99e1-c6cabf68ef6d%3Fformat%3Djson%26states%3Dlisting HTTP/1.0 204 - Swift - - - - tx0f840a66a99a423fa079a-006998413c - 0.0061 RL - 1771585852.780273438 1771585852.786373138 0
Feb 20 11:10:52 standalone container-server[127035]: 172.20.0.100 - - [20/Feb/2026:11:10:52 +0000] "GET /d1/986/AUTH_b75c04a01e2a4deebe28e21731b0483c/gnocchi.674b4af4-323d-4ab2-99e1-c6cabf68ef6d" 200 2 "GET http://172.18.0.2:8080/v1/AUTH_b75c04a01e2a4deebe28e21731b0483c/gnocchi.674b4af4-323d-4ab2-99e1-c6cabf68ef6d?format=json&states=listing" "tx0f840a66a99a423fa079a-006998413c" "proxy-server 20" 0.0031 "-" 20 0
Feb 20 11:10:52 standalone proxy-server[129190]: 172.18.0.2 172.18.0.100 20/Feb/2026/11/10/52 GET /v1/AUTH_b75c04a01e2a4deebe28e21731b0483c/gnocchi.674b4af4-323d-4ab2-99e1-c6cabf68ef6d%3Fformat%3Djson%26states%3Dlisting HTTP/1.0 200 - python-swiftclient-3.11.1 gAAAAABpmEDLewQk... - 2 - tx0f840a66a99a423fa079a-006998413c - 0.0190 - - 1771585852.778646708 1771585852.797665596 0
Feb 20 11:10:52 standalone object-server[127157]: 172.20.0.100 - - [20/Feb/2026:11:10:52 +0000] "GET /d1/675/AUTH_b75c04a01e2a4deebe28e21731b0483c/gnocchi.674b4af4-323d-4ab2-99e1-c6cabf68ef6d/1771200000.0_mean_300.0_v3" 404 70 "GET http://172.18.0.2:8080/v1/AUTH_b75c04a01e2a4deebe28e21731b0483c/gnocchi.674b4af4-323d-4ab2-99e1-c6cabf68ef6d/1771200000.0_mean_300.0_v3" "tx1d72b86ee277403394dd6-006998413c" "proxy-server 20" 0.0004 "-" 24 0
Feb 20 11:10:52 standalone proxy-server[129190]: 172.18.0.2 172.18.0.100 20/Feb/2026/11/10/52 GET /v1/AUTH_b75c04a01e2a4deebe28e21731b0483c/gnocchi.674b4af4-323d-4ab2-99e1-c6cabf68ef6d/1771200000.0_mean_300.0_v3 HTTP/1.0 404 - python-swiftclient-3.11.1 gAAAAABpmEDLewQk... - 70 - tx1d72b86ee277403394dd6-006998413c - 0.0077 - - 1771585852.802469015 1771585852.810176849 0
Feb 20 11:10:52 standalone container-server[127047]: 172.20.0.100 - - [20/Feb/2026:11:10:52 +0000] "PUT /d1/986/AUTH_b75c04a01e2a4deebe28e21731b0483c/gnocchi.674b4af4-323d-4ab2-99e1-c6cabf68ef6d/1771200000.0_mean_300.0_v3" 201 - "PUT http://172.18.0.2:8080/d1/675/AUTH_b75c04a01e2a4deebe28e21731b0483c/gnocchi.674b4af4-323d-4ab2-99e1-c6cabf68ef6d/1771200000.0_mean_300.0_v3" "txc29e683ef0694e7dbbfdd-006998413c" "object-server 24" 0.0013 "-" 21 0
Feb 20 11:10:52 standalone object-server[127157]: 172.20.0.100 - - [20/Feb/2026:11:10:52 +0000] "PUT /d1/675/AUTH_b75c04a01e2a4deebe28e21731b0483c/gnocchi.674b4af4-323d-4ab2-99e1-c6cabf68ef6d/1771200000.0_mean_300.0_v3" 201 - "PUT http://172.18.0.2:8080/v1/AUTH_b75c04a01e2a4deebe28e21731b0483c/gnocchi.674b4af4-323d-4ab2-99e1-c6cabf68ef6d/1771200000.0_mean_300.0_v3" "txc29e683ef0694e7dbbfdd-006998413c" "proxy-server 20" 0.0179 "-" 24 0
Feb 20 11:10:52 standalone proxy-server[129190]: 172.18.0.2 172.18.0.100 20/Feb/2026/11/10/52 PUT /v1/AUTH_b75c04a01e2a4deebe28e21731b0483c/gnocchi.674b4af4-323d-4ab2-99e1-c6cabf68ef6d/1771200000.0_mean_300.0_v3 HTTP/1.0 201 - python-swiftclient-3.11.1 gAAAAABpmEDLewQk... 16 - - txc29e683ef0694e7dbbfdd-006998413c - 0.0263 - - 1771585852.813993692 1771585852.840251207 0
Feb 20 11:10:52 standalone container-server[127072]: 172.20.0.100 - - [20/Feb/2026:11:10:52 +0000] "PUT /d1/986/AUTH_b75c04a01e2a4deebe28e21731b0483c/gnocchi.674b4af4-323d-4ab2-99e1-c6cabf68ef6d/none_v3" 201 - "PUT http://172.18.0.2:8080/d1/584/AUTH_b75c04a01e2a4deebe28e21731b0483c/gnocchi.674b4af4-323d-4ab2-99e1-c6cabf68ef6d/none_v3" "txecd191f68e4d4af0a25db-006998413c" "object-server 24" 0.0008 "-" 23 0
Feb 20 11:10:52 standalone object-server[127157]: 172.20.0.100 - - [20/Feb/2026:11:10:52 +0000] "PUT /d1/584/AUTH_b75c04a01e2a4deebe28e21731b0483c/gnocchi.674b4af4-323d-4ab2-99e1-c6cabf68ef6d/none_v3" 201 - "PUT http://172.18.0.2:8080/v1/AUTH_b75c04a01e2a4deebe28e21731b0483c/gnocchi.674b4af4-323d-4ab2-99e1-c6cabf68ef6d/none_v3" "txecd191f68e4d4af0a25db-006998413c" "proxy-server 20" 0.0126 "-" 24 0
Feb 20 11:10:52 standalone proxy-server[129190]: 172.18.0.2 172.18.0.100 20/Feb/2026/11/10/52 PUT /v1/AUTH_b75c04a01e2a4deebe28e21731b0483c/gnocchi.674b4af4-323d-4ab2-99e1-c6cabf68ef6d/none_v3 HTTP/1.0 201 - python-swiftclient-3.11.1 gAAAAABpmEDLewQk... 22 - - txecd191f68e4d4af0a25db-006998413c - 0.0207 - - 1771585852.845114946 1771585852.865814209 0
Feb 20 11:10:53 standalone object-server[127161]: 172.20.0.100 - - [20/Feb/2026:11:10:53 +0000] "GET /d1/584/AUTH_b75c04a01e2a4deebe28e21731b0483c/gnocchi.674b4af4-323d-4ab2-99e1-c6cabf68ef6d/none_v3" 200 22 "GET http://172.18.0.2:8080/v1/AUTH_b75c04a01e2a4deebe28e21731b0483c/gnocchi.674b4af4-323d-4ab2-99e1-c6cabf68ef6d/none_v3" "txf64d8db8e73940f1be408-006998413d" "proxy-server 20" 0.0015 "-" 25 0
Feb 20 11:10:53 standalone proxy-server[129190]: 172.18.0.2 172.18.0.100 20/Feb/2026/11/10/53 GET /v1/AUTH_b75c04a01e2a4deebe28e21731b0483c/gnocchi.674b4af4-323d-4ab2-99e1-c6cabf68ef6d/none_v3 HTTP/1.0 200 - python-swiftclient-3.11.1 gAAAAABpmEDLewQk... - 22 - txf64d8db8e73940f1be408-006998413d - 0.0154 - - 1771585853.327556610 1771585853.342907429 0
Feb 20 11:10:53 standalone container-server[127027]: 172.20.0.100 - - [20/Feb/2026:11:10:53 +0000] "GET /d1/986/AUTH_b75c04a01e2a4deebe28e21731b0483c/gnocchi.674b4af4-323d-4ab2-99e1-c6cabf68ef6d" 200 357 "GET http://172.18.0.2:8080/v1/AUTH_b75c04a01e2a4deebe28e21731b0483c/gnocchi.674b4af4-323d-4ab2-99e1-c6cabf68ef6d?format=json&states=listing" "tx6048c067e3c34403abb5a-006998413d" "proxy-server 20" 0.0120 "-" 19 0
Feb 20 11:10:53 standalone proxy-server[129190]: 172.18.0.2 172.18.0.100 20/Feb/2026/11/10/53 GET /v1/AUTH_b75c04a01e2a4deebe28e21731b0483c/gnocchi.674b4af4-323d-4ab2-99e1-c6cabf68ef6d%3Fformat%3Djson%26states%3Dlisting HTTP/1.0 200 - python-swiftclient-3.11.1 gAAAAABpmEDLewQk... - 357 - tx6048c067e3c34403abb5a-006998413d - 0.0216 - - 1771585853.348878384 1771585853.370494366 0
Feb 20 11:10:53 standalone container-server[127035]: 172.20.0.100 - - [20/Feb/2026:11:10:53 +0000] "GET /d1/986/AUTH_b75c04a01e2a4deebe28e21731b0483c/gnocchi.674b4af4-323d-4ab2-99e1-c6cabf68ef6d" 200 2 "GET http://172.18.0.2:8080/v1/AUTH_b75c04a01e2a4deebe28e21731b0483c/gnocchi.674b4af4-323d-4ab2-99e1-c6cabf68ef6d?format=json&marker=none_v3&states=listing" "tx2c60596b474144ec88542-006998413d" "proxy-server 20" 0.0043 "-" 20 0
Feb 20 11:10:53 standalone proxy-server[129190]: 172.18.0.2 172.18.0.100 20/Feb/2026/11/10/53 GET /v1/AUTH_b75c04a01e2a4deebe28e21731b0483c/gnocchi.674b4af4-323d-4ab2-99e1-c6cabf68ef6d%3Fformat%3Djson%26marker%3Dnone_v3%26states%3Dlisting HTTP/1.0 200 - python-swiftclient-3.11.1 gAAAAABpmEDLewQk... - 2 - tx2c60596b474144ec88542-006998413d - 0.0127 - - 1771585853.374374151 1771585853.387117624 0
Feb 20 11:10:53 standalone object-server[127154]: 172.20.0.100 - - [20/Feb/2026:11:10:53 +0000] "GET /d1/675/AUTH_b75c04a01e2a4deebe28e21731b0483c/gnocchi.674b4af4-323d-4ab2-99e1-c6cabf68ef6d/1771200000.0_mean_300.0_v3" 200 16 "GET http://172.18.0.2:8080/v1/AUTH_b75c04a01e2a4deebe28e21731b0483c/gnocchi.674b4af4-323d-4ab2-99e1-c6cabf68ef6d/1771200000.0_mean_300.0_v3" "txcce94b4843ca408fb9e26-006998413d" "proxy-server 20" 0.0012 "-" 22 0
Feb 20 11:10:53 standalone proxy-server[129190]: 172.18.0.2 172.18.0.100 20/Feb/2026/11/10/53 GET /v1/AUTH_b75c04a01e2a4deebe28e21731b0483c/gnocchi.674b4af4-323d-4ab2-99e1-c6cabf68ef6d/1771200000.0_mean_300.0_v3 HTTP/1.0 200 - python-swiftclient-3.11.1 gAAAAABpmEDLewQk... - 16 - txcce94b4843ca408fb9e26-006998413d - 0.0082 - - 1771585853.391904593 1771585853.400129795 0
Feb 20 11:10:53 standalone container-server[127072]: 172.20.0.100 - - [20/Feb/2026:11:10:53 +0000] "PUT /d1/986/AUTH_b75c04a01e2a4deebe28e21731b0483c/gnocchi.674b4af4-323d-4ab2-99e1-c6cabf68ef6d/1771200000.0_mean_300.0_v3" 201 - "PUT http://172.18.0.2:8080/d1/675/AUTH_b75c04a01e2a4deebe28e21731b0483c/gnocchi.674b4af4-323d-4ab2-99e1-c6cabf68ef6d/1771200000.0_mean_300.0_v3" "tx88db834b3f964f77bf3fa-006998413d" "object-server 22" 0.0008 "-" 23 0
Feb 20 11:10:53 standalone object-server[127154]: 172.20.0.100 - - [20/Feb/2026:11:10:53 +0000] "PUT /d1/675/AUTH_b75c04a01e2a4deebe28e21731b0483c/gnocchi.674b4af4-323d-4ab2-99e1-c6cabf68ef6d/1771200000.0_mean_300.0_v3" 201 - "PUT http://172.18.0.2:8080/v1/AUTH_b75c04a01e2a4deebe28e21731b0483c/gnocchi.674b4af4-323d-4ab2-99e1-c6cabf68ef6d/1771200000.0_mean_300.0_v3" "tx88db834b3f964f77bf3fa-006998413d" "proxy-server 20" 0.0095 "-" 22 0
Feb 20 11:10:53 standalone proxy-server[129190]: 172.18.0.2 172.18.0.100 20/Feb/2026/11/10/53 PUT /v1/AUTH_b75c04a01e2a4deebe28e21731b0483c/gnocchi.674b4af4-323d-4ab2-99e1-c6cabf68ef6d/1771200000.0_mean_300.0_v3 HTTP/1.0 201 - python-swiftclient-3.11.1 gAAAAABpmEDLewQk... 16 - - tx88db834b3f964f77bf3fa-006998413d - 0.0157 - - 1771585853.404400349 1771585853.420106411 0
Feb 20 11:10:53 standalone container-server[127047]: 172.20.0.100 - - [20/Feb/2026:11:10:53 +0000] "PUT /d1/986/AUTH_b75c04a01e2a4deebe28e21731b0483c/gnocchi.674b4af4-323d-4ab2-99e1-c6cabf68ef6d/none_v3" 201 - "PUT http://172.18.0.2:8080/d1/584/AUTH_b75c04a01e2a4deebe28e21731b0483c/gnocchi.674b4af4-323d-4ab2-99e1-c6cabf68ef6d/none_v3" "tx2e37df8627b74835b1890-006998413d" "object-server 24" 0.0009 "-" 21 0
Feb 20 11:10:53 standalone object-server[127157]: 172.20.0.100 - - [20/Feb/2026:11:10:53 +0000] "PUT /d1/584/AUTH_b75c04a01e2a4deebe28e21731b0483c/gnocchi.674b4af4-323d-4ab2-99e1-c6cabf68ef6d/none_v3" 201 - "PUT http://172.18.0.2:8080/v1/AUTH_b75c04a01e2a4deebe28e21731b0483c/gnocchi.674b4af4-323d-4ab2-99e1-c6cabf68ef6d/none_v3" "tx2e37df8627b74835b1890-006998413d" "proxy-server 20" 0.0127 "-" 24 0
Feb 20 11:10:53 standalone proxy-server[129190]: 172.18.0.2 172.18.0.100 20/Feb/2026/11/10/53 PUT /v1/AUTH_b75c04a01e2a4deebe28e21731b0483c/gnocchi.674b4af4-323d-4ab2-99e1-c6cabf68ef6d/none_v3 HTTP/1.0 201 - python-swiftclient-3.11.1 gAAAAABpmEDLewQk... 31 - - tx2e37df8627b74835b1890-006998413d - 0.0204 - - 1771585853.423709154 1771585853.444063663 0
Feb 20 11:11:02 standalone account-server[126929]: 172.20.0.100 - - [20/Feb/2026:11:11:02 +0000] "HEAD /d1/675/AUTH_b75c04a01e2a4deebe28e21731b0483c" 204 - "HEAD http://172.18.0.2:8080/v1/AUTH_b75c04a01e2a4deebe28e21731b0483c?format=json" "tx25567b199657421f862c1-0069984146" "proxy-server 20" 0.0085 "-" 21 -
Feb 20 11:11:02 standalone proxy-server[129190]: - - 20/Feb/2026/11/11/02 HEAD /v1/AUTH_b75c04a01e2a4deebe28e21731b0483c%3Fformat%3Djson HTTP/1.0 204 - Swift - - - - tx25567b199657421f862c1-0069984146 - 0.0143 RL - 1771585862.480403662 1771585862.494717121 -
Feb 20 11:11:02 standalone object-server[127154]: 172.20.0.100 - - [20/Feb/2026:11:11:02 +0000] "GET /d1/955/AUTH_b75c04a01e2a4deebe28e21731b0483c/gnocchi.c870dced-a81d-42cc-8269-e0967a05a37e/none_v3" 200 32 "GET http://172.18.0.2:8080/v1/AUTH_b75c04a01e2a4deebe28e21731b0483c/gnocchi.c870dced-a81d-42cc-8269-e0967a05a37e/none_v3" "tx25567b199657421f862c1-0069984146" "proxy-server 20" 0.0014 "-" 22 0
Feb 20 11:11:02 standalone proxy-server[129190]: 172.18.0.2 172.18.0.100 20/Feb/2026/11/11/02 GET /v1/AUTH_b75c04a01e2a4deebe28e21731b0483c/gnocchi.c870dced-a81d-42cc-8269-e0967a05a37e/none_v3 HTTP/1.0 200 - python-swiftclient-3.11.1 gAAAAABpmEDLewQk... - 32 - tx25567b199657421f862c1-0069984146 - 0.0263 - - 1771585862.479017019 1771585862.505269051 0
Feb 20 11:11:02 standalone container-server[127072]: 172.20.0.100 - - [20/Feb/2026:11:11:02 +0000] "GET /d1/721/AUTH_b75c04a01e2a4deebe28e21731b0483c/gnocchi.c870dced-a81d-42cc-8269-e0967a05a37e" 200 357 "GET http://172.18.0.2:8080/v1/AUTH_b75c04a01e2a4deebe28e21731b0483c/gnocchi.c870dced-a81d-42cc-8269-e0967a05a37e?format=json&states=listing" "txa1649b5c2ca44c4fb1a54-0069984146" "proxy-server 20" 0.0160 "-" 23 0
Feb 20 11:11:02 standalone proxy-server[129190]: 172.18.0.2 172.18.0.100 20/Feb/2026/11/11/02 GET /v1/AUTH_b75c04a01e2a4deebe28e21731b0483c/gnocchi.c870dced-a81d-42cc-8269-e0967a05a37e%3Fformat%3Djson%26states%3Dlisting HTTP/1.0 200 - python-swiftclient-3.11.1 gAAAAABpmEDLewQk... - 357 - txa1649b5c2ca44c4fb1a54-0069984146 - 0.0252 - - 1771585862.508672953 1771585862.533842325 0
Feb 20 11:11:02 standalone container-server[127072]: 172.20.0.100 - - [20/Feb/2026:11:11:02 +0000] "GET /d1/721/AUTH_b75c04a01e2a4deebe28e21731b0483c/gnocchi.c870dced-a81d-42cc-8269-e0967a05a37e" 200 2 "GET http://172.18.0.2:8080/v1/AUTH_b75c04a01e2a4deebe28e21731b0483c/gnocchi.c870dced-a81d-42cc-8269-e0967a05a37e?format=json&marker=none_v3&states=listing" "tx5eecee36c68f48d98522b-0069984146" "proxy-server 20" 0.0032 "-" 23 0
Feb 20 11:11:02 standalone proxy-server[129190]: 172.18.0.2 172.18.0.100 20/Feb/2026/11/11/02 GET /v1/AUTH_b75c04a01e2a4deebe28e21731b0483c/gnocchi.c870dced-a81d-42cc-8269-e0967a05a37e%3Fformat%3Djson%26marker%3Dnone_v3%26states%3Dlisting HTTP/1.0 200 - python-swiftclient-3.11.1 gAAAAABpmEDLewQk... - 2 - tx5eecee36c68f48d98522b-0069984146 - 0.0110 - - 1771585862.536727190 1771585862.547720194 0
Feb 20 11:11:02 standalone object-server[127154]: 172.20.0.100 - - [20/Feb/2026:11:11:02 +0000] "GET /d1/443/AUTH_b75c04a01e2a4deebe28e21731b0483c/gnocchi.c870dced-a81d-42cc-8269-e0967a05a37e/1771200000.0_mean_300.0_v3" 200 16 "GET http://172.18.0.2:8080/v1/AUTH_b75c04a01e2a4deebe28e21731b0483c/gnocchi.c870dced-a81d-42cc-8269-e0967a05a37e/1771200000.0_mean_300.0_v3" "tx007b6a8c997d4d289b130-0069984146" "proxy-server 20" 0.0015 "-" 22 0
Feb 20 11:11:02 standalone proxy-server[129190]: 172.18.0.2 172.18.0.100 20/Feb/2026/11/11/02 GET /v1/AUTH_b75c04a01e2a4deebe28e21731b0483c/gnocchi.c870dced-a81d-42cc-8269-e0967a05a37e/1771200000.0_mean_300.0_v3 HTTP/1.0 200 - python-swiftclient-3.11.1 gAAAAABpmEDLewQk... - 16 - tx007b6a8c997d4d289b130-0069984146 - 0.0101 - - 1771585862.550938129 1771585862.561041832 0
Feb 20 11:11:02 standalone container-server[127027]: 172.20.0.100 - - [20/Feb/2026:11:11:02 +0000] "PUT /d1/721/AUTH_b75c04a01e2a4deebe28e21731b0483c/gnocchi.c870dced-a81d-42cc-8269-e0967a05a37e/1771200000.0_mean_300.0_v3" 201 - "PUT http://172.18.0.2:8080/d1/443/AUTH_b75c04a01e2a4deebe28e21731b0483c/gnocchi.c870dced-a81d-42cc-8269-e0967a05a37e/1771200000.0_mean_300.0_v3" "tx6f2ca31731b5459aaa26f-0069984146" "object-server 22" 0.0009 "-" 19 0
Feb 20 11:11:02 standalone object-server[127154]: 172.20.0.100 - - [20/Feb/2026:11:11:02 +0000] "PUT /d1/443/AUTH_b75c04a01e2a4deebe28e21731b0483c/gnocchi.c870dced-a81d-42cc-8269-e0967a05a37e/1771200000.0_mean_300.0_v3" 201 - "PUT http://172.18.0.2:8080/v1/AUTH_b75c04a01e2a4deebe28e21731b0483c/gnocchi.c870dced-a81d-42cc-8269-e0967a05a37e/1771200000.0_mean_300.0_v3" "tx6f2ca31731b5459aaa26f-0069984146" "proxy-server 20" 0.0131 "-" 22 0
Feb 20 11:11:02 standalone proxy-server[129190]: 172.18.0.2 172.18.0.100 20/Feb/2026/11/11/02 PUT /v1/AUTH_b75c04a01e2a4deebe28e21731b0483c/gnocchi.c870dced-a81d-42cc-8269-e0967a05a37e/1771200000.0_mean_300.0_v3 HTTP/1.0 201 - python-swiftclient-3.11.1 gAAAAABpmEDLewQk... 16 - - tx6f2ca31731b5459aaa26f-0069984146 - 0.0202 - - 1771585862.564024687 1771585862.584188700 0
Feb 20 11:11:02 standalone container-server[127072]: 172.20.0.100 - - [20/Feb/2026:11:11:02 +0000] "PUT /d1/721/AUTH_b75c04a01e2a4deebe28e21731b0483c/gnocchi.c870dced-a81d-42cc-8269-e0967a05a37e/none_v3" 201 - "PUT http://172.18.0.2:8080/d1/955/AUTH_b75c04a01e2a4deebe28e21731b0483c/gnocchi.c870dced-a81d-42cc-8269-e0967a05a37e/none_v3" "tx4ae16bcea2f04076b1f28-0069984146" "object-server 22" 0.0008 "-" 23 0
Feb 20 11:11:02 standalone object-server[127154]: 172.20.0.100 - - [20/Feb/2026:11:11:02 +0000] "PUT /d1/955/AUTH_b75c04a01e2a4deebe28e21731b0483c/gnocchi.c870dced-a81d-42cc-8269-e0967a05a37e/none_v3" 201 - "PUT http://172.18.0.2:8080/v1/AUTH_b75c04a01e2a4deebe28e21731b0483c/gnocchi.c870dced-a81d-42cc-8269-e0967a05a37e/none_v3" "tx4ae16bcea2f04076b1f28-0069984146" "proxy-server 20" 0.0117 "-" 22 0
Feb 20 11:11:02 standalone proxy-server[129190]: 172.18.0.2 172.18.0.100 20/Feb/2026/11/11/02 PUT /v1/AUTH_b75c04a01e2a4deebe28e21731b0483c/gnocchi.c870dced-a81d-42cc-8269-e0967a05a37e/none_v3 HTTP/1.0 201 - python-swiftclient-3.11.1 gAAAAABpmEDLewQk... 46 - - tx4ae16bcea2f04076b1f28-0069984146 - 0.0192 - - 1771585862.586699724 1771585862.605854988 0
Feb 20 11:11:03 standalone object-server[127157]: 172.20.0.100 - - [20/Feb/2026:11:11:03 +0000] "GET /d1/955/AUTH_b75c04a01e2a4deebe28e21731b0483c/gnocchi.c870dced-a81d-42cc-8269-e0967a05a37e/none_v3" 200 46 "GET http://172.18.0.2:8080/v1/AUTH_b75c04a01e2a4deebe28e21731b0483c/gnocchi.c870dced-a81d-42cc-8269-e0967a05a37e/none_v3" "txafa1580734594eec905c3-0069984147" "proxy-server 20" 0.0013 "-" 24 0
Feb 20 11:11:03 standalone proxy-server[129190]: 172.18.0.2 172.18.0.100 20/Feb/2026/11/11/03 GET /v1/AUTH_b75c04a01e2a4deebe28e21731b0483c/gnocchi.c870dced-a81d-42cc-8269-e0967a05a37e/none_v3 HTTP/1.0 200 - python-swiftclient-3.11.1 gAAAAABpmEDLewQk... - 46 - txafa1580734594eec905c3-0069984147 - 0.0113 - - 1771585863.461219788 1771585863.472474813 0
Feb 20 11:11:03 standalone container-server[127027]: 172.20.0.100 - - [20/Feb/2026:11:11:03 +0000] "GET /d1/721/AUTH_b75c04a01e2a4deebe28e21731b0483c/gnocchi.c870dced-a81d-42cc-8269-e0967a05a37e" 200 357 "GET http://172.18.0.2:8080/v1/AUTH_b75c04a01e2a4deebe28e21731b0483c/gnocchi.c870dced-a81d-42cc-8269-e0967a05a37e?format=json&states=listing" "tx2f7a48ffe8c1499fb4698-0069984147" "proxy-server 20" 0.0108 "-" 19 0
Feb 20 11:11:03 standalone proxy-server[129190]: 172.18.0.2 172.18.0.100 20/Feb/2026/11/11/03 GET /v1/AUTH_b75c04a01e2a4deebe28e21731b0483c/gnocchi.c870dced-a81d-42cc-8269-e0967a05a37e%3Fformat%3Djson%26states%3Dlisting HTTP/1.0 200 - python-swiftclient-3.11.1 gAAAAABpmEDLewQk... - 357 - tx2f7a48ffe8c1499fb4698-0069984147 - 0.0207 - - 1771585863.482463598 1771585863.503118038 0
Feb 20 11:11:03 standalone container-server[127027]: 172.20.0.100 - - [20/Feb/2026:11:11:03 +0000] "GET /d1/721/AUTH_b75c04a01e2a4deebe28e21731b0483c/gnocchi.c870dced-a81d-42cc-8269-e0967a05a37e" 200 2 "GET http://172.18.0.2:8080/v1/AUTH_b75c04a01e2a4deebe28e21731b0483c/gnocchi.c870dced-a81d-42cc-8269-e0967a05a37e?format=json&marker=none_v3&states=listing" "txae2875ed19934de780fa2-0069984147" "proxy-server 20" 0.0032 "-" 19 0
Feb 20 11:11:03 standalone proxy-server[129190]: 172.18.0.2 172.18.0.100 20/Feb/2026/11/11/03 GET /v1/AUTH_b75c04a01e2a4deebe28e21731b0483c/gnocchi.c870dced-a81d-42cc-8269-e0967a05a37e%3Fformat%3Djson%26marker%3Dnone_v3%26states%3Dlisting HTTP/1.0 200 - python-swiftclient-3.11.1 gAAAAABpmEDLewQk... - 2 - txae2875ed19934de780fa2-0069984147 - 0.0126 - - 1771585863.507465363 1771585863.520044565 0
Feb 20 11:11:03 standalone object-server[127154]: 172.20.0.100 - - [20/Feb/2026:11:11:03 +0000] "GET /d1/443/AUTH_b75c04a01e2a4deebe28e21731b0483c/gnocchi.c870dced-a81d-42cc-8269-e0967a05a37e/1771200000.0_mean_300.0_v3" 200 16 "GET http://172.18.0.2:8080/v1/AUTH_b75c04a01e2a4deebe28e21731b0483c/gnocchi.c870dced-a81d-42cc-8269-e0967a05a37e/1771200000.0_mean_300.0_v3" "tx7d2f7e561db74bdd8579d-0069984147" "proxy-server 20" 0.0014 "-" 22 0
Feb 20 11:11:03 standalone proxy-server[129190]: 172.18.0.2 172.18.0.100 20/Feb/2026/11/11/03 GET /v1/AUTH_b75c04a01e2a4deebe28e21731b0483c/gnocchi.c870dced-a81d-42cc-8269-e0967a05a37e/1771200000.0_mean_300.0_v3 HTTP/1.0 200 - python-swiftclient-3.11.1 gAAAAABpmEDLewQk... - 16 - tx7d2f7e561db74bdd8579d-0069984147 - 0.0110 - - 1771585863.525648355 1771585863.536620378 0
Feb 20 11:11:03 standalone container-server[127027]: 172.20.0.100 - - [20/Feb/2026:11:11:03 +0000] "PUT /d1/721/AUTH_b75c04a01e2a4deebe28e21731b0483c/gnocchi.c870dced-a81d-42cc-8269-e0967a05a37e/1771200000.0_mean_300.0_v3" 201 - "PUT http://172.18.0.2:8080/d1/443/AUTH_b75c04a01e2a4deebe28e21731b0483c/gnocchi.c870dced-a81d-42cc-8269-e0967a05a37e/1771200000.0_mean_300.0_v3" "txa0165c2aac81481083a4d-0069984147" "object-server 22" 0.0007 "-" 19 0
Feb 20 11:11:03 standalone object-server[127154]: 172.20.0.100 - - [20/Feb/2026:11:11:03 +0000] "PUT /d1/443/AUTH_b75c04a01e2a4deebe28e21731b0483c/gnocchi.c870dced-a81d-42cc-8269-e0967a05a37e/1771200000.0_mean_300.0_v3" 201 - "PUT http://172.18.0.2:8080/v1/AUTH_b75c04a01e2a4deebe28e21731b0483c/gnocchi.c870dced-a81d-42cc-8269-e0967a05a37e/1771200000.0_mean_300.0_v3" "txa0165c2aac81481083a4d-0069984147" "proxy-server 20" 0.0116 "-" 22 0
Feb 20 11:11:03 standalone proxy-server[129190]: 172.18.0.2 172.18.0.100 20/Feb/2026/11/11/03 PUT /v1/AUTH_b75c04a01e2a4deebe28e21731b0483c/gnocchi.c870dced-a81d-42cc-8269-e0967a05a37e/1771200000.0_mean_300.0_v3 HTTP/1.0 201 - python-swiftclient-3.11.1 gAAAAABpmEDLewQk... 16 - - txa0165c2aac81481083a4d-0069984147 - 0.0203 - - 1771585863.542113781 1771585863.562370777 0
Feb 20 11:11:03 standalone container-server[127072]: 172.20.0.100 - - [20/Feb/2026:11:11:03 +0000] "PUT /d1/721/AUTH_b75c04a01e2a4deebe28e21731b0483c/gnocchi.c870dced-a81d-42cc-8269-e0967a05a37e/none_v3" 201 - "PUT http://172.18.0.2:8080/d1/955/AUTH_b75c04a01e2a4deebe28e21731b0483c/gnocchi.c870dced-a81d-42cc-8269-e0967a05a37e/none_v3" "txa7552d2b14384a9d8a75a-0069984147" "object-server 24" 0.0009 "-" 23 0
Feb 20 11:11:03 standalone object-server[127157]: 172.20.0.100 - - [20/Feb/2026:11:11:03 +0000] "PUT /d1/955/AUTH_b75c04a01e2a4deebe28e21731b0483c/gnocchi.c870dced-a81d-42cc-8269-e0967a05a37e/none_v3" 201 - "PUT http://172.18.0.2:8080/v1/AUTH_b75c04a01e2a4deebe28e21731b0483c/gnocchi.c870dced-a81d-42cc-8269-e0967a05a37e/none_v3" "txa7552d2b14384a9d8a75a-0069984147" "proxy-server 20" 0.0150 "-" 24 0
Feb 20 11:11:03 standalone proxy-server[129190]: 172.18.0.2 172.18.0.100 20/Feb/2026/11/11/03 PUT /v1/AUTH_b75c04a01e2a4deebe28e21731b0483c/gnocchi.c870dced-a81d-42cc-8269-e0967a05a37e/none_v3 HTTP/1.0 201 - python-swiftclient-3.11.1 gAAAAABpmEDLewQk... 51 - - txa7552d2b14384a9d8a75a-0069984147 - 0.0238 - - 1771585863.566639662 1771585863.590407848 0
Feb 20 11:11:03 standalone object-server[127157]: 172.20.0.100 - - [20/Feb/2026:11:11:03 +0000] "GET /d1/413/AUTH_b75c04a01e2a4deebe28e21731b0483c/gnocchi.f55b0f2f-9efc-4d60-b748-7206602a0536/none_v3" 200 22 "GET http://172.18.0.2:8080/v1/AUTH_b75c04a01e2a4deebe28e21731b0483c/gnocchi.f55b0f2f-9efc-4d60-b748-7206602a0536/none_v3" "tx5a4d9d0c1e1c47c08d96e-0069984147" "proxy-server 20" 0.0009 "-" 24 0
Feb 20 11:11:03 standalone proxy-server[129190]: 172.18.0.2 172.18.0.100 20/Feb/2026/11/11/03 GET /v1/AUTH_b75c04a01e2a4deebe28e21731b0483c/gnocchi.f55b0f2f-9efc-4d60-b748-7206602a0536/none_v3 HTTP/1.0 200 - python-swiftclient-3.11.1 gAAAAABpmEDLewQk... - 22 - tx5a4d9d0c1e1c47c08d96e-0069984147 - 0.0104 - - 1771585863.604464531 1771585863.614865780 0
Feb 20 11:11:03 standalone container-server[127072]: 172.20.0.100 - - [20/Feb/2026:11:11:03 +0000] "GET /d1/835/AUTH_b75c04a01e2a4deebe28e21731b0483c/gnocchi.f55b0f2f-9efc-4d60-b748-7206602a0536" 200 357 "GET http://172.18.0.2:8080/v1/AUTH_b75c04a01e2a4deebe28e21731b0483c/gnocchi.f55b0f2f-9efc-4d60-b748-7206602a0536?format=json&states=listing" "tx03e3dc1fb8c344c7a42f1-0069984147" "proxy-server 20" 0.0098 "-" 23 0
Feb 20 11:11:03 standalone proxy-server[129190]: 172.18.0.2 172.18.0.100 20/Feb/2026/11/11/03 GET /v1/AUTH_b75c04a01e2a4deebe28e21731b0483c/gnocchi.f55b0f2f-9efc-4d60-b748-7206602a0536%3Fformat%3Djson%26states%3Dlisting HTTP/1.0 200 - python-swiftclient-3.11.1 gAAAAABpmEDLewQk... - 357 - tx03e3dc1fb8c344c7a42f1-0069984147 - 0.0184 - - 1771585863.619179249 1771585863.637569189 0
Feb 20 11:11:03 standalone container-server[127027]: 172.20.0.100 - - [20/Feb/2026:11:11:03 +0000] "GET /d1/835/AUTH_b75c04a01e2a4deebe28e21731b0483c/gnocchi.f55b0f2f-9efc-4d60-b748-7206602a0536" 200 2 "GET http://172.18.0.2:8080/v1/AUTH_b75c04a01e2a4deebe28e21731b0483c/gnocchi.f55b0f2f-9efc-4d60-b748-7206602a0536?format=json&marker=none_v3&states=listing" "tx81306f6cd1d54fae93f6d-0069984147" "proxy-server 20" 0.0053 "-" 19 0
Feb 20 11:11:03 standalone proxy-server[129190]: 172.18.0.2 172.18.0.100 20/Feb/2026/11/11/03 GET /v1/AUTH_b75c04a01e2a4deebe28e21731b0483c/gnocchi.f55b0f2f-9efc-4d60-b748-7206602a0536%3Fformat%3Djson%26marker%3Dnone_v3%26states%3Dlisting HTTP/1.0 200 - python-swiftclient-3.11.1 gAAAAABpmEDLewQk... - 2 - tx81306f6cd1d54fae93f6d-0069984147 - 0.0154 - - 1771585863.641082287 1771585863.656479836 0
Feb 20 11:11:03 standalone object-server[127154]: 172.20.0.100 - - [20/Feb/2026:11:11:03 +0000] "GET /d1/704/AUTH_b75c04a01e2a4deebe28e21731b0483c/gnocchi.f55b0f2f-9efc-4d60-b748-7206602a0536/1771200000.0_mean_300.0_v3" 200 16 "GET http://172.18.0.2:8080/v1/AUTH_b75c04a01e2a4deebe28e21731b0483c/gnocchi.f55b0f2f-9efc-4d60-b748-7206602a0536/1771200000.0_mean_300.0_v3" "txfe0acef747434106b7c44-0069984147" "proxy-server 20" 0.0011 "-" 22 0
Feb 20 11:11:03 standalone proxy-server[129190]: 172.18.0.2 172.18.0.100 20/Feb/2026/11/11/03 GET /v1/AUTH_b75c04a01e2a4deebe28e21731b0483c/gnocchi.f55b0f2f-9efc-4d60-b748-7206602a0536/1771200000.0_mean_300.0_v3 HTTP/1.0 200 - python-swiftclient-3.11.1 gAAAAABpmEDLewQk... - 16 - txfe0acef747434106b7c44-0069984147 - 0.0116 - - 1771585863.661582232 1771585863.673155308 0
Feb 20 11:11:03 standalone container-server[127072]: 172.20.0.100 - - [20/Feb/2026:11:11:03 +0000] "PUT /d1/835/AUTH_b75c04a01e2a4deebe28e21731b0483c/gnocchi.f55b0f2f-9efc-4d60-b748-7206602a0536/1771200000.0_mean_300.0_v3" 201 - "PUT http://172.18.0.2:8080/d1/704/AUTH_b75c04a01e2a4deebe28e21731b0483c/gnocchi.f55b0f2f-9efc-4d60-b748-7206602a0536/1771200000.0_mean_300.0_v3" "tx87901c93b75b4aca9781c-0069984147" "object-server 25" 0.0006 "-" 23 0
Feb 20 11:11:03 standalone object-server[127161]: 172.20.0.100 - - [20/Feb/2026:11:11:03 +0000] "PUT /d1/704/AUTH_b75c04a01e2a4deebe28e21731b0483c/gnocchi.f55b0f2f-9efc-4d60-b748-7206602a0536/1771200000.0_mean_300.0_v3" 201 - "PUT http://172.18.0.2:8080/v1/AUTH_b75c04a01e2a4deebe28e21731b0483c/gnocchi.f55b0f2f-9efc-4d60-b748-7206602a0536/1771200000.0_mean_300.0_v3" "tx87901c93b75b4aca9781c-0069984147" "proxy-server 20" 0.0130 "-" 25 0
Feb 20 11:11:03 standalone proxy-server[129190]: 172.18.0.2 172.18.0.100 20/Feb/2026/11/11/03 PUT /v1/AUTH_b75c04a01e2a4deebe28e21731b0483c/gnocchi.f55b0f2f-9efc-4d60-b748-7206602a0536/1771200000.0_mean_300.0_v3 HTTP/1.0 201 - python-swiftclient-3.11.1 gAAAAABpmEDLewQk... 16 - - tx87901c93b75b4aca9781c-0069984147 - 0.0233 - - 1771585863.677267790 1771585863.700573206 0
Feb 20 11:11:03 standalone container-server[127072]: 172.20.0.100 - - [20/Feb/2026:11:11:03 +0000] "PUT /d1/835/AUTH_b75c04a01e2a4deebe28e21731b0483c/gnocchi.f55b0f2f-9efc-4d60-b748-7206602a0536/none_v3" 201 - "PUT http://172.18.0.2:8080/d1/413/AUTH_b75c04a01e2a4deebe28e21731b0483c/gnocchi.f55b0f2f-9efc-4d60-b748-7206602a0536/none_v3" "txb50e85a31f6144458a968-0069984147" "object-server 25" 0.0006 "-" 23 0
Feb 20 11:11:03 standalone object-server[127161]: 172.20.0.100 - - [20/Feb/2026:11:11:03 +0000] "PUT /d1/413/AUTH_b75c04a01e2a4deebe28e21731b0483c/gnocchi.f55b0f2f-9efc-4d60-b748-7206602a0536/none_v3" 201 - "PUT http://172.18.0.2:8080/v1/AUTH_b75c04a01e2a4deebe28e21731b0483c/gnocchi.f55b0f2f-9efc-4d60-b748-7206602a0536/none_v3" "txb50e85a31f6144458a968-0069984147" "proxy-server 20" 0.0109 "-" 25 0
Feb 20 11:11:03 standalone proxy-server[129190]: 172.18.0.2 172.18.0.100 20/Feb/2026/11/11/03 PUT /v1/AUTH_b75c04a01e2a4deebe28e21731b0483c/gnocchi.f55b0f2f-9efc-4d60-b748-7206602a0536/none_v3 HTTP/1.0 201 - python-swiftclient-3.11.1 gAAAAABpmEDLewQk... 32 - - txb50e85a31f6144458a968-0069984147 - 0.0182 - - 1771585863.704342127 1771585863.722554922 0
Feb 20 11:11:03 standalone object-server[127161]: 172.20.0.100 - - [20/Feb/2026:11:11:03 +0000] "GET /d1/198/AUTH_b75c04a01e2a4deebe28e21731b0483c/gnocchi.36e0e527-38b2-4885-a798-b8e597de9456/none_v3" 200 22 "GET http://172.18.0.2:8080/v1/AUTH_b75c04a01e2a4deebe28e21731b0483c/gnocchi.36e0e527-38b2-4885-a798-b8e597de9456/none_v3" "tx7c347a00ad404e4d95057-0069984147" "proxy-server 20" 0.0010 "-" 25 0
Feb 20 11:11:03 standalone proxy-server[129190]: 172.18.0.2 172.18.0.100 20/Feb/2026/11/11/03 GET /v1/AUTH_b75c04a01e2a4deebe28e21731b0483c/gnocchi.36e0e527-38b2-4885-a798-b8e597de9456/none_v3 HTTP/1.0 200 - python-swiftclient-3.11.1 gAAAAABpmEDLewQk... - 22 - tx7c347a00ad404e4d95057-0069984147 - 0.0092 - - 1771585863.736182690 1771585863.745387077 0
Feb 20 11:11:03 standalone container-server[127027]: 172.20.0.100 - - [20/Feb/2026:11:11:03 +0000] "GET /d1/643/AUTH_b75c04a01e2a4deebe28e21731b0483c/gnocchi.36e0e527-38b2-4885-a798-b8e597de9456" 200 357 "GET http://172.18.0.2:8080/v1/AUTH_b75c04a01e2a4deebe28e21731b0483c/gnocchi.36e0e527-38b2-4885-a798-b8e597de9456?format=json&states=listing" "txb761a05cec5443a087746-0069984147" "proxy-server 20" 0.0109 "-" 19 0
Feb 20 11:11:03 standalone proxy-server[129190]: 172.18.0.2 172.18.0.100 20/Feb/2026/11/11/03 GET /v1/AUTH_b75c04a01e2a4deebe28e21731b0483c/gnocchi.36e0e527-38b2-4885-a798-b8e597de9456%3Fformat%3Djson%26states%3Dlisting HTTP/1.0 200 - python-swiftclient-3.11.1 gAAAAABpmEDLewQk... - 357 - txb761a05cec5443a087746-0069984147 - 0.0202 - - 1771585863.749618769 1771585863.769796371 0
Feb 20 11:11:03 standalone container-server[127047]: 172.20.0.100 - - [20/Feb/2026:11:11:03 +0000] "GET /d1/643/AUTH_b75c04a01e2a4deebe28e21731b0483c/gnocchi.36e0e527-38b2-4885-a798-b8e597de9456" 200 2 "GET http://172.18.0.2:8080/v1/AUTH_b75c04a01e2a4deebe28e21731b0483c/gnocchi.36e0e527-38b2-4885-a798-b8e597de9456?format=json&marker=none_v3&states=listing" "tx5323a034b74b456082e6d-0069984147" "proxy-server 20" 0.0035 "-" 21 0
Feb 20 11:11:03 standalone proxy-server[129190]: 172.18.0.2 172.18.0.100 20/Feb/2026/11/11/03 GET /v1/AUTH_b75c04a01e2a4deebe28e21731b0483c/gnocchi.36e0e527-38b2-4885-a798-b8e597de9456%3Fformat%3Djson%26marker%3Dnone_v3%26states%3Dlisting HTTP/1.0 200 - python-swiftclient-3.11.1 gAAAAABpmEDLewQk... - 2 - tx5323a034b74b456082e6d-0069984147 - 0.0124 - - 1771585863.773709059 1771585863.786063194 0
Feb 20 11:11:03 standalone object-server[127154]: 172.20.0.100 - - [20/Feb/2026:11:11:03 +0000] "GET /d1/293/AUTH_b75c04a01e2a4deebe28e21731b0483c/gnocchi.36e0e527-38b2-4885-a798-b8e597de9456/1771200000.0_mean_300.0_v3" 200 16 "GET http://172.18.0.2:8080/v1/AUTH_b75c04a01e2a4deebe28e21731b0483c/gnocchi.36e0e527-38b2-4885-a798-b8e597de9456/1771200000.0_mean_300.0_v3" "tx448c49bb30984b12a9534-0069984147" "proxy-server 20" 0.0011 "-" 22 0
Feb 20 11:11:03 standalone proxy-server[129190]: 172.18.0.2 172.18.0.100 20/Feb/2026/11/11/03 GET /v1/AUTH_b75c04a01e2a4deebe28e21731b0483c/gnocchi.36e0e527-38b2-4885-a798-b8e597de9456/1771200000.0_mean_300.0_v3 HTTP/1.0 200 - python-swiftclient-3.11.1 gAAAAABpmEDLewQk... - 16 - tx448c49bb30984b12a9534-0069984147 - 0.0100 - - 1771585863.790404797 1771585863.800354958 0
Feb 20 11:11:03 standalone container-server[127035]: 172.20.0.100 - - [20/Feb/2026:11:11:03 +0000] "PUT /d1/643/AUTH_b75c04a01e2a4deebe28e21731b0483c/gnocchi.36e0e527-38b2-4885-a798-b8e597de9456/1771200000.0_mean_300.0_v3" 201 - "PUT http://172.18.0.2:8080/d1/293/AUTH_b75c04a01e2a4deebe28e21731b0483c/gnocchi.36e0e527-38b2-4885-a798-b8e597de9456/1771200000.0_mean_300.0_v3" "tx7e240e32a6444b4c9527f-0069984147" "object-server 24" 0.0007 "-" 20 0
Feb 20 11:11:03 standalone object-server[127157]: 172.20.0.100 - - [20/Feb/2026:11:11:03 +0000] "PUT /d1/293/AUTH_b75c04a01e2a4deebe28e21731b0483c/gnocchi.36e0e527-38b2-4885-a798-b8e597de9456/1771200000.0_mean_300.0_v3" 201 - "PUT http://172.18.0.2:8080/v1/AUTH_b75c04a01e2a4deebe28e21731b0483c/gnocchi.36e0e527-38b2-4885-a798-b8e597de9456/1771200000.0_mean_300.0_v3" "tx7e240e32a6444b4c9527f-0069984147" "proxy-server 20" 0.0122 "-" 24 0
Feb 20 11:11:03 standalone proxy-server[129190]: 172.18.0.2 172.18.0.100 20/Feb/2026/11/11/03 PUT /v1/AUTH_b75c04a01e2a4deebe28e21731b0483c/gnocchi.36e0e527-38b2-4885-a798-b8e597de9456/1771200000.0_mean_300.0_v3 HTTP/1.0 201 - python-swiftclient-3.11.1 gAAAAABpmEDLewQk... 16 - - tx7e240e32a6444b4c9527f-0069984147 - 0.0196 - - 1771585863.804447412 1771585863.824025393 0
Feb 20 11:11:03 standalone container-server[127047]: 172.20.0.100 - - [20/Feb/2026:11:11:03 +0000] "PUT /d1/643/AUTH_b75c04a01e2a4deebe28e21731b0483c/gnocchi.36e0e527-38b2-4885-a798-b8e597de9456/none_v3" 201 - "PUT http://172.18.0.2:8080/d1/198/AUTH_b75c04a01e2a4deebe28e21731b0483c/gnocchi.36e0e527-38b2-4885-a798-b8e597de9456/none_v3" "txdd302e52270e44939a4fc-0069984147" "object-server 22" 0.0006 "-" 21 0
Feb 20 11:11:03 standalone object-server[127154]: 172.20.0.100 - - [20/Feb/2026:11:11:03 +0000] "PUT /d1/198/AUTH_b75c04a01e2a4deebe28e21731b0483c/gnocchi.36e0e527-38b2-4885-a798-b8e597de9456/none_v3" 201 - "PUT http://172.18.0.2:8080/v1/AUTH_b75c04a01e2a4deebe28e21731b0483c/gnocchi.36e0e527-38b2-4885-a798-b8e597de9456/none_v3" "txdd302e52270e44939a4fc-0069984147" "proxy-server 20" 0.0106 "-" 22 0
Feb 20 11:11:03 standalone proxy-server[129190]: 172.18.0.2 172.18.0.100 20/Feb/2026/11/11/03 PUT /v1/AUTH_b75c04a01e2a4deebe28e21731b0483c/gnocchi.36e0e527-38b2-4885-a798-b8e597de9456/none_v3 HTTP/1.0 201 - python-swiftclient-3.11.1 gAAAAABpmEDLewQk... 32 - - txdd302e52270e44939a4fc-0069984147 - 0.0180 - - 1771585863.827610016 1771585863.845609665 0
Feb 20 11:11:03 standalone object-server[127154]: 172.20.0.100 - - [20/Feb/2026:11:11:03 +0000] "GET /d1/141/AUTH_b75c04a01e2a4deebe28e21731b0483c/gnocchi.49fa22ea-2aac-4e0f-ba75-ff69a262258b/none_v3" 200 22 "GET http://172.18.0.2:8080/v1/AUTH_b75c04a01e2a4deebe28e21731b0483c/gnocchi.49fa22ea-2aac-4e0f-ba75-ff69a262258b/none_v3" "txcb99bb3903c6447ba6c53-0069984147" "proxy-server 20" 0.0012 "-" 22 0
Feb 20 11:11:03 standalone proxy-server[129190]: 172.18.0.2 172.18.0.100 20/Feb/2026/11/11/03 GET /v1/AUTH_b75c04a01e2a4deebe28e21731b0483c/gnocchi.49fa22ea-2aac-4e0f-ba75-ff69a262258b/none_v3 HTTP/1.0 200 - python-swiftclient-3.11.1 gAAAAABpmEDLewQk... - 22 - txcb99bb3903c6447ba6c53-0069984147 - 0.0098 - - 1771585863.858110189 1771585863.867915630 0
Feb 20 11:11:03 standalone container-server[127047]: 172.20.0.100 - - [20/Feb/2026:11:11:03 +0000] "GET /d1/884/AUTH_b75c04a01e2a4deebe28e21731b0483c/gnocchi.49fa22ea-2aac-4e0f-ba75-ff69a262258b" 200 357 "GET http://172.18.0.2:8080/v1/AUTH_b75c04a01e2a4deebe28e21731b0483c/gnocchi.49fa22ea-2aac-4e0f-ba75-ff69a262258b?format=json&states=listing" "tx8c0cf2b16ab147b4a247d-0069984147" "proxy-server 20" 0.0099 "-" 21 0
Feb 20 11:11:03 standalone proxy-server[129190]: 172.18.0.2 172.18.0.100 20/Feb/2026/11/11/03 GET /v1/AUTH_b75c04a01e2a4deebe28e21731b0483c/gnocchi.49fa22ea-2aac-4e0f-ba75-ff69a262258b%3Fformat%3Djson%26states%3Dlisting HTTP/1.0 200 - python-swiftclient-3.11.1 gAAAAABpmEDLewQk... - 357 - tx8c0cf2b16ab147b4a247d-0069984147 - 0.0201 - - 1771585863.872646570 1771585863.892754793 0
Feb 20 11:11:03 standalone container-server[127027]: 172.20.0.100 - - [20/Feb/2026:11:11:03 +0000] "GET /d1/884/AUTH_b75c04a01e2a4deebe28e21731b0483c/gnocchi.49fa22ea-2aac-4e0f-ba75-ff69a262258b" 200 2 "GET http://172.18.0.2:8080/v1/AUTH_b75c04a01e2a4deebe28e21731b0483c/gnocchi.49fa22ea-2aac-4e0f-ba75-ff69a262258b?format=json&marker=none_v3&states=listing" "txa3798d1131734089a8465-0069984147" "proxy-server 20" 0.0037 "-" 19 0
Feb 20 11:11:03 standalone proxy-server[129190]: 172.18.0.2 172.18.0.100 20/Feb/2026/11/11/03 GET /v1/AUTH_b75c04a01e2a4deebe28e21731b0483c/gnocchi.49fa22ea-2aac-4e0f-ba75-ff69a262258b%3Fformat%3Djson%26marker%3Dnone_v3%26states%3Dlisting HTTP/1.0 200 - python-swiftclient-3.11.1 gAAAAABpmEDLewQk... - 2 - txa3798d1131734089a8465-0069984147 - 0.0129 - - 1771585863.896742582 1771585863.909607887 0
Feb 20 11:11:03 standalone object-server[127156]: 172.20.0.100 - - [20/Feb/2026:11:11:03 +0000] "GET /d1/989/AUTH_b75c04a01e2a4deebe28e21731b0483c/gnocchi.49fa22ea-2aac-4e0f-ba75-ff69a262258b/1771200000.0_mean_300.0_v3" 200 16 "GET http://172.18.0.2:8080/v1/AUTH_b75c04a01e2a4deebe28e21731b0483c/gnocchi.49fa22ea-2aac-4e0f-ba75-ff69a262258b/1771200000.0_mean_300.0_v3" "txcff893042dd74b4381db8-0069984147" "proxy-server 20" 0.0011 "-" 23 0
Feb 20 11:11:03 standalone proxy-server[129190]: 172.18.0.2 172.18.0.100 20/Feb/2026/11/11/03 GET /v1/AUTH_b75c04a01e2a4deebe28e21731b0483c/gnocchi.49fa22ea-2aac-4e0f-ba75-ff69a262258b/1771200000.0_mean_300.0_v3 HTTP/1.0 200 - python-swiftclient-3.11.1 gAAAAABpmEDLewQk... - 16 - txcff893042dd74b4381db8-0069984147 - 0.0092 - - 1771585863.914355993 1771585863.923519135 0
Feb 20 11:11:03 standalone container-server[127047]: 172.20.0.100 - - [20/Feb/2026:11:11:03 +0000] "PUT /d1/884/AUTH_b75c04a01e2a4deebe28e21731b0483c/gnocchi.49fa22ea-2aac-4e0f-ba75-ff69a262258b/1771200000.0_mean_300.0_v3" 201 - "PUT http://172.18.0.2:8080/d1/989/AUTH_b75c04a01e2a4deebe28e21731b0483c/gnocchi.49fa22ea-2aac-4e0f-ba75-ff69a262258b/1771200000.0_mean_300.0_v3" "txf4d6e4619a75443395a67-0069984147" "object-server 22" 0.0009 "-" 21 0
Feb 20 11:11:03 standalone object-server[127154]: 172.20.0.100 - - [20/Feb/2026:11:11:03 +0000] "PUT /d1/989/AUTH_b75c04a01e2a4deebe28e21731b0483c/gnocchi.49fa22ea-2aac-4e0f-ba75-ff69a262258b/1771200000.0_mean_300.0_v3" 201 - "PUT http://172.18.0.2:8080/v1/AUTH_b75c04a01e2a4deebe28e21731b0483c/gnocchi.49fa22ea-2aac-4e0f-ba75-ff69a262258b/1771200000.0_mean_300.0_v3" "txf4d6e4619a75443395a67-0069984147" "proxy-server 20" 0.0110 "-" 22 0
Feb 20 11:11:03 standalone proxy-server[129190]: 172.18.0.2 172.18.0.100 20/Feb/2026/11/11/03 PUT /v1/AUTH_b75c04a01e2a4deebe28e21731b0483c/gnocchi.49fa22ea-2aac-4e0f-ba75-ff69a262258b/1771200000.0_mean_300.0_v3 HTTP/1.0 201 - python-swiftclient-3.11.1 gAAAAABpmEDLewQk... 16 - - txf4d6e4619a75443395a67-0069984147 - 0.0174 - - 1771585863.929704666 1771585863.947065830 0
Feb 20 11:11:03 standalone container-server[127072]: 172.20.0.100 - - [20/Feb/2026:11:11:03 +0000] "PUT /d1/884/AUTH_b75c04a01e2a4deebe28e21731b0483c/gnocchi.49fa22ea-2aac-4e0f-ba75-ff69a262258b/none_v3" 201 - "PUT http://172.18.0.2:8080/d1/141/AUTH_b75c04a01e2a4deebe28e21731b0483c/gnocchi.49fa22ea-2aac-4e0f-ba75-ff69a262258b/none_v3" "tx248c8ec24b454e52ac5c5-0069984147" "object-server 22" 0.0008 "-" 23 0
Feb 20 11:11:03 standalone object-server[127154]: 172.20.0.100 - - [20/Feb/2026:11:11:03 +0000] "PUT /d1/141/AUTH_b75c04a01e2a4deebe28e21731b0483c/gnocchi.49fa22ea-2aac-4e0f-ba75-ff69a262258b/none_v3" 201 - "PUT http://172.18.0.2:8080/v1/AUTH_b75c04a01e2a4deebe28e21731b0483c/gnocchi.49fa22ea-2aac-4e0f-ba75-ff69a262258b/none_v3" "tx248c8ec24b454e52ac5c5-0069984147" "proxy-server 20" 0.0125 "-" 22 0
Feb 20 11:11:03 standalone proxy-server[129190]: 172.18.0.2 172.18.0.100 20/Feb/2026/11/11/03 PUT /v1/AUTH_b75c04a01e2a4deebe28e21731b0483c/gnocchi.49fa22ea-2aac-4e0f-ba75-ff69a262258b/none_v3 HTTP/1.0 201 - python-swiftclient-3.11.1 gAAAAABpmEDLewQk... 32 - - tx248c8ec24b454e52ac5c5-0069984147 - 0.0199 - - 1771585863.949664831 1771585863.969597340 0
Feb 20 11:11:03 standalone object-server[127157]: 172.20.0.100 - - [20/Feb/2026:11:11:03 +0000] "GET /d1/1004/AUTH_b75c04a01e2a4deebe28e21731b0483c/gnocchi.1da84416-359d-4793-a41a-8eaf4c89fd40/none_v3" 200 22 "GET http://172.18.0.2:8080/v1/AUTH_b75c04a01e2a4deebe28e21731b0483c/gnocchi.1da84416-359d-4793-a41a-8eaf4c89fd40/none_v3" "tx8ddc0cff6b714595a67dc-0069984147" "proxy-server 20" 0.0012 "-" 24 0
Feb 20 11:11:03 standalone proxy-server[129190]: 172.18.0.2 172.18.0.100 20/Feb/2026/11/11/03 GET /v1/AUTH_b75c04a01e2a4deebe28e21731b0483c/gnocchi.1da84416-359d-4793-a41a-8eaf4c89fd40/none_v3 HTTP/1.0 200 - python-swiftclient-3.11.1 gAAAAABpmEDLewQk... - 22 - tx8ddc0cff6b714595a67dc-0069984147 - 0.0087 - - 1771585863.982625723 1771585863.991368532 0
Feb 20 11:11:04 standalone container-server[127047]: 172.20.0.100 - - [20/Feb/2026:11:11:04 +0000] "GET /d1/745/AUTH_b75c04a01e2a4deebe28e21731b0483c/gnocchi.1da84416-359d-4793-a41a-8eaf4c89fd40" 200 357 "GET http://172.18.0.2:8080/v1/AUTH_b75c04a01e2a4deebe28e21731b0483c/gnocchi.1da84416-359d-4793-a41a-8eaf4c89fd40?format=json&states=listing" "txd33266238494414e82812-0069984147" "proxy-server 20" 0.0092 "-" 21 0
Feb 20 11:11:04 standalone proxy-server[129190]: 172.18.0.2 172.18.0.100 20/Feb/2026/11/11/04 GET /v1/AUTH_b75c04a01e2a4deebe28e21731b0483c/gnocchi.1da84416-359d-4793-a41a-8eaf4c89fd40%3Fformat%3Djson%26states%3Dlisting HTTP/1.0 200 - python-swiftclient-3.11.1 gAAAAABpmEDLewQk... - 357 - txd33266238494414e82812-0069984147 - 0.0155 - - 1771585863.994662046 1771585864.010127544 0
Feb 20 11:11:04 standalone container-server[127047]: 172.20.0.100 - - [20/Feb/2026:11:11:04 +0000] "GET /d1/745/AUTH_b75c04a01e2a4deebe28e21731b0483c/gnocchi.1da84416-359d-4793-a41a-8eaf4c89fd40" 200 2 "GET http://172.18.0.2:8080/v1/AUTH_b75c04a01e2a4deebe28e21731b0483c/gnocchi.1da84416-359d-4793-a41a-8eaf4c89fd40?format=json&marker=none_v3&states=listing" "tx3956c77cec2f4684a21b1-0069984148" "proxy-server 20" 0.0036 "-" 21 0
Feb 20 11:11:04 standalone proxy-server[129190]: 172.18.0.2 172.18.0.100 20/Feb/2026/11/11/04 GET /v1/AUTH_b75c04a01e2a4deebe28e21731b0483c/gnocchi.1da84416-359d-4793-a41a-8eaf4c89fd40%3Fformat%3Djson%26marker%3Dnone_v3%26states%3Dlisting HTTP/1.0 200 - python-swiftclient-3.11.1 gAAAAABpmEDLewQk... - 2 - tx3956c77cec2f4684a21b1-0069984148 - 0.0100 - - 1771585864.012743711 1771585864.022753239 0
Feb 20 11:11:04 standalone object-server[127157]: 172.20.0.100 - - [20/Feb/2026:11:11:04 +0000] "GET /d1/318/AUTH_b75c04a01e2a4deebe28e21731b0483c/gnocchi.1da84416-359d-4793-a41a-8eaf4c89fd40/1771200000.0_mean_300.0_v3" 200 16 "GET http://172.18.0.2:8080/v1/AUTH_b75c04a01e2a4deebe28e21731b0483c/gnocchi.1da84416-359d-4793-a41a-8eaf4c89fd40/1771200000.0_mean_300.0_v3" "tx414531246c9c4e28a2ee4-0069984148" "proxy-server 20" 0.0012 "-" 24 0
Feb 20 11:11:04 standalone proxy-server[129190]: 172.18.0.2 172.18.0.100 20/Feb/2026/11/11/04 GET /v1/AUTH_b75c04a01e2a4deebe28e21731b0483c/gnocchi.1da84416-359d-4793-a41a-8eaf4c89fd40/1771200000.0_mean_300.0_v3 HTTP/1.0 200 - python-swiftclient-3.11.1 gAAAAABpmEDLewQk... - 16 - tx414531246c9c4e28a2ee4-0069984148 - 0.0066 - - 1771585864.025840282 1771585864.032477140 0
Feb 20 11:11:04 standalone container-server[127035]: 172.20.0.100 - - [20/Feb/2026:11:11:04 +0000] "PUT /d1/745/AUTH_b75c04a01e2a4deebe28e21731b0483c/gnocchi.1da84416-359d-4793-a41a-8eaf4c89fd40/1771200000.0_mean_300.0_v3" 201 - "PUT http://172.18.0.2:8080/d1/318/AUTH_b75c04a01e2a4deebe28e21731b0483c/gnocchi.1da84416-359d-4793-a41a-8eaf4c89fd40/1771200000.0_mean_300.0_v3" "tx585589b3ae8f4a65955b2-0069984148" "object-server 25" 0.0006 "-" 20 0
Feb 20 11:11:04 standalone object-server[127161]: 172.20.0.100 - - [20/Feb/2026:11:11:04 +0000] "PUT /d1/318/AUTH_b75c04a01e2a4deebe28e21731b0483c/gnocchi.1da84416-359d-4793-a41a-8eaf4c89fd40/1771200000.0_mean_300.0_v3" 201 - "PUT http://172.18.0.2:8080/v1/AUTH_b75c04a01e2a4deebe28e21731b0483c/gnocchi.1da84416-359d-4793-a41a-8eaf4c89fd40/1771200000.0_mean_300.0_v3" "tx585589b3ae8f4a65955b2-0069984148" "proxy-server 20" 0.0111 "-" 25 0
Feb 20 11:11:04 standalone proxy-server[129190]: 172.18.0.2 172.18.0.100 20/Feb/2026/11/11/04 PUT /v1/AUTH_b75c04a01e2a4deebe28e21731b0483c/gnocchi.1da84416-359d-4793-a41a-8eaf4c89fd40/1771200000.0_mean_300.0_v3 HTTP/1.0 201 - python-swiftclient-3.11.1 gAAAAABpmEDLewQk... 16 - - tx585589b3ae8f4a65955b2-0069984148 - 0.0165 - - 1771585864.035677910 1771585864.052197456 0
Feb 20 11:11:04 standalone container-server[127047]: 172.20.0.100 - - [20/Feb/2026:11:11:04 +0000] "PUT /d1/745/AUTH_b75c04a01e2a4deebe28e21731b0483c/gnocchi.1da84416-359d-4793-a41a-8eaf4c89fd40/none_v3" 201 - "PUT http://172.18.0.2:8080/d1/1004/AUTH_b75c04a01e2a4deebe28e21731b0483c/gnocchi.1da84416-359d-4793-a41a-8eaf4c89fd40/none_v3" "tx34e13a18953b4ada9a7d0-0069984148" "object-server 22" 0.0010 "-" 21 0
Feb 20 11:11:04 standalone object-server[127154]: 172.20.0.100 - - [20/Feb/2026:11:11:04 +0000] "PUT /d1/1004/AUTH_b75c04a01e2a4deebe28e21731b0483c/gnocchi.1da84416-359d-4793-a41a-8eaf4c89fd40/none_v3" 201 - "PUT http://172.18.0.2:8080/v1/AUTH_b75c04a01e2a4deebe28e21731b0483c/gnocchi.1da84416-359d-4793-a41a-8eaf4c89fd40/none_v3" "tx34e13a18953b4ada9a7d0-0069984148" "proxy-server 20" 0.0212 "-" 22 0
Feb 20 11:11:04 standalone proxy-server[129190]: 172.18.0.2 172.18.0.100 20/Feb/2026/11/11/04 PUT /v1/AUTH_b75c04a01e2a4deebe28e21731b0483c/gnocchi.1da84416-359d-4793-a41a-8eaf4c89fd40/none_v3 HTTP/1.0 201 - python-swiftclient-3.11.1 gAAAAABpmEDLewQk... 32 - - tx34e13a18953b4ada9a7d0-0069984148 - 0.0274 - - 1771585864.055861712 1771585864.083274126 0
Feb 20 11:11:07 standalone container-server[127072]: 172.20.0.100 - - [20/Feb/2026:11:11:07 +0000] "HEAD /d1/912/AUTH_b75c04a01e2a4deebe28e21731b0483c/gnocchi.79bb3bf9-b078-4cb3-8348-773780228861" 404 - "HEAD http://172.18.0.2:8080/v1/AUTH_b75c04a01e2a4deebe28e21731b0483c/gnocchi.79bb3bf9-b078-4cb3-8348-773780228861?format=json&states=listing" "txb8f0eac9d0164e72a4c1a-006998414b" "proxy-server 20" 0.0006 "-" 23 0
Feb 20 11:11:07 standalone object-server[127157]: 172.20.0.100 - - [20/Feb/2026:11:11:07 +0000] "GET /d1/361/AUTH_b75c04a01e2a4deebe28e21731b0483c/gnocchi.79bb3bf9-b078-4cb3-8348-773780228861/none_v3" 404 70 "GET http://172.18.0.2:8080/v1/AUTH_b75c04a01e2a4deebe28e21731b0483c/gnocchi.79bb3bf9-b078-4cb3-8348-773780228861/none_v3" "txb8f0eac9d0164e72a4c1a-006998414b" "proxy-server 20" 0.0005 "-" 24 0
Feb 20 11:11:07 standalone proxy-server[129190]: 172.18.0.2 172.18.0.100 20/Feb/2026/11/11/07 GET /v1/AUTH_b75c04a01e2a4deebe28e21731b0483c/gnocchi.79bb3bf9-b078-4cb3-8348-773780228861/none_v3 HTTP/1.0 404 - python-swiftclient-3.11.1 gAAAAABpmEDLewQk... - 70 - txb8f0eac9d0164e72a4c1a-006998414b - 0.0149 - - 1771585867.648578644 1771585867.663493156 0
Feb 20 11:11:07 standalone account-server[126937]: 172.20.0.100 - - [20/Feb/2026:11:11:07 +0000] "PUT /d1/675/AUTH_b75c04a01e2a4deebe28e21731b0483c/gnocchi.79bb3bf9-b078-4cb3-8348-773780228861" 201 - "PUT http://172.20.0.100:6001/d1/912/AUTH_b75c04a01e2a4deebe28e21731b0483c/gnocchi.79bb3bf9-b078-4cb3-8348-773780228861" "tx6041a4f524c347cdaaabd-006998414b" "container-server 20" 0.0013 "-" 22 0
Feb 20 11:11:07 standalone container-server[127035]: 172.20.0.100 - - [20/Feb/2026:11:11:07 +0000] "PUT /d1/912/AUTH_b75c04a01e2a4deebe28e21731b0483c/gnocchi.79bb3bf9-b078-4cb3-8348-773780228861" 201 - "PUT http://172.18.0.2:8080/v1/AUTH_b75c04a01e2a4deebe28e21731b0483c/gnocchi.79bb3bf9-b078-4cb3-8348-773780228861" "tx6041a4f524c347cdaaabd-006998414b" "proxy-server 20" 0.0225 "-" 20 0
Feb 20 11:11:07 standalone proxy-server[129190]: 172.18.0.2 172.18.0.100 20/Feb/2026/11/11/07 PUT /v1/AUTH_b75c04a01e2a4deebe28e21731b0483c/gnocchi.79bb3bf9-b078-4cb3-8348-773780228861 HTTP/1.0 201 - python-swiftclient-3.11.1 gAAAAABpmEDLewQk... - - - tx6041a4f524c347cdaaabd-006998414b - 0.0266 - - 1771585867.666185617 1771585867.692747831 0
Feb 20 11:11:07 standalone container-server[127035]: 172.20.0.100 - - [20/Feb/2026:11:11:07 +0000] "HEAD /d1/912/AUTH_b75c04a01e2a4deebe28e21731b0483c/gnocchi.79bb3bf9-b078-4cb3-8348-773780228861" 204 - "HEAD http://172.18.0.2:8080/v1/AUTH_b75c04a01e2a4deebe28e21731b0483c/gnocchi.79bb3bf9-b078-4cb3-8348-773780228861?format=json&states=listing" "txa35d2d1ad35a40a39f9b1-006998414b" "proxy-server 20" 0.0012 "-" 20 0
Feb 20 11:11:07 standalone proxy-server[129190]: - - 20/Feb/2026/11/11/07 HEAD /v1/AUTH_b75c04a01e2a4deebe28e21731b0483c/gnocchi.79bb3bf9-b078-4cb3-8348-773780228861%3Fformat%3Djson%26states%3Dlisting HTTP/1.0 204 - Swift - - - - txa35d2d1ad35a40a39f9b1-006998414b - 0.0040 RL - 1771585867.701734543 1771585867.705704212 0
Feb 20 11:11:07 standalone container-server[127047]: 172.20.0.100 - - [20/Feb/2026:11:11:07 +0000] "GET /d1/912/AUTH_b75c04a01e2a4deebe28e21731b0483c/gnocchi.79bb3bf9-b078-4cb3-8348-773780228861" 200 2 "GET http://172.18.0.2:8080/v1/AUTH_b75c04a01e2a4deebe28e21731b0483c/gnocchi.79bb3bf9-b078-4cb3-8348-773780228861?format=json&states=listing" "txa35d2d1ad35a40a39f9b1-006998414b" "proxy-server 20" 0.0018 "-" 21 0
Feb 20 11:11:07 standalone proxy-server[129190]: 172.18.0.2 172.18.0.100 20/Feb/2026/11/11/07 GET /v1/AUTH_b75c04a01e2a4deebe28e21731b0483c/gnocchi.79bb3bf9-b078-4cb3-8348-773780228861%3Fformat%3Djson%26states%3Dlisting HTTP/1.0 200 - python-swiftclient-3.11.1 gAAAAABpmEDLewQk... - 2 - txa35d2d1ad35a40a39f9b1-006998414b - 0.0109 - - 1771585867.700896025 1771585867.711752415 0
Feb 20 11:11:07 standalone object-server[127156]: 172.20.0.100 - - [20/Feb/2026:11:11:07 +0000] "GET /d1/26/AUTH_b75c04a01e2a4deebe28e21731b0483c/gnocchi.79bb3bf9-b078-4cb3-8348-773780228861/1771200000.0_mean_300.0_v3" 404 70 "GET http://172.18.0.2:8080/v1/AUTH_b75c04a01e2a4deebe28e21731b0483c/gnocchi.79bb3bf9-b078-4cb3-8348-773780228861/1771200000.0_mean_300.0_v3" "tx138d66ccfa1145c4b2394-006998414b" "proxy-server 20" 0.0007 "-" 23 0
Feb 20 11:11:07 standalone proxy-server[129190]: 172.18.0.2 172.18.0.100 20/Feb/2026/11/11/07 GET /v1/AUTH_b75c04a01e2a4deebe28e21731b0483c/gnocchi.79bb3bf9-b078-4cb3-8348-773780228861/1771200000.0_mean_300.0_v3 HTTP/1.0 404 - python-swiftclient-3.11.1 gAAAAABpmEDLewQk... - 70 - tx138d66ccfa1145c4b2394-006998414b - 0.0052 - - 1771585867.714209318 1771585867.719374180 0
Feb 20 11:11:07 standalone container-server[127072]: 172.20.0.100 - - [20/Feb/2026:11:11:07 +0000] "PUT /d1/912/AUTH_b75c04a01e2a4deebe28e21731b0483c/gnocchi.79bb3bf9-b078-4cb3-8348-773780228861/1771200000.0_mean_300.0_v3" 201 - "PUT http://172.18.0.2:8080/d1/26/AUTH_b75c04a01e2a4deebe28e21731b0483c/gnocchi.79bb3bf9-b078-4cb3-8348-773780228861/1771200000.0_mean_300.0_v3" "txcd3107d0d8814cadb74d3-006998414b" "object-server 23" 0.0012 "-" 23 0
Feb 20 11:11:07 standalone object-server[127156]: 172.20.0.100 - - [20/Feb/2026:11:11:07 +0000] "PUT /d1/26/AUTH_b75c04a01e2a4deebe28e21731b0483c/gnocchi.79bb3bf9-b078-4cb3-8348-773780228861/1771200000.0_mean_300.0_v3" 201 - "PUT http://172.18.0.2:8080/v1/AUTH_b75c04a01e2a4deebe28e21731b0483c/gnocchi.79bb3bf9-b078-4cb3-8348-773780228861/1771200000.0_mean_300.0_v3" "txcd3107d0d8814cadb74d3-006998414b" "proxy-server 20" 0.0169 "-" 23 0
