Feb 20 11:11:41 standalone proxy-server[129190]: 172.18.0.2 172.18.0.100 20/Feb/2026/11/11/41 GET /v1/AUTH_b75c04a01e2a4deebe28e21731b0483c/gnocchi.a3c2ca1b-b122-4f76-b82e-23f8535132c8/1771200000.0_mean_300.0_v3 HTTP/1.0 404 - python-swiftclient-3.11.1 gAAAAABpmEDLewQk... - 70 - txc6b4108a885a4139b79df-006998416d - 0.0086 - - 1771585901.297529936 1771585901.306177616 0
Feb 20 11:11:41 standalone container-server[127047]: 172.20.0.100 - - [20/Feb/2026:11:11:41 +0000] "PUT /d1/194/AUTH_b75c04a01e2a4deebe28e21731b0483c/gnocchi.a3c2ca1b-b122-4f76-b82e-23f8535132c8/1771200000.0_mean_300.0_v3" 201 - "PUT http://172.18.0.2:8080/d1/57/AUTH_b75c04a01e2a4deebe28e21731b0483c/gnocchi.a3c2ca1b-b122-4f76-b82e-23f8535132c8/1771200000.0_mean_300.0_v3" "tx65188823912e417eada92-006998416d" "object-server 25" 0.0011 "-" 21 0
Feb 20 11:11:41 standalone object-server[127161]: 172.20.0.100 - - [20/Feb/2026:11:11:41 +0000] "PUT /d1/57/AUTH_b75c04a01e2a4deebe28e21731b0483c/gnocchi.a3c2ca1b-b122-4f76-b82e-23f8535132c8/1771200000.0_mean_300.0_v3" 201 - "PUT http://172.18.0.2:8080/v1/AUTH_b75c04a01e2a4deebe28e21731b0483c/gnocchi.a3c2ca1b-b122-4f76-b82e-23f8535132c8/1771200000.0_mean_300.0_v3" "tx65188823912e417eada92-006998416d" "proxy-server 20" 0.0111 "-" 25 0
Feb 20 11:11:41 standalone proxy-server[129190]: 172.18.0.2 172.18.0.100 20/Feb/2026/11/11/41 PUT /v1/AUTH_b75c04a01e2a4deebe28e21731b0483c/gnocchi.a3c2ca1b-b122-4f76-b82e-23f8535132c8/1771200000.0_mean_300.0_v3 HTTP/1.0 201 - python-swiftclient-3.11.1 gAAAAABpmEDLewQk... 16 - - tx65188823912e417eada92-006998416d - 0.0188 - - 1771585901.310174942 1771585901.328979015 0
Feb 20 11:11:41 standalone container-server[127035]: 172.20.0.100 - - [20/Feb/2026:11:11:41 +0000] "PUT /d1/194/AUTH_b75c04a01e2a4deebe28e21731b0483c/gnocchi.a3c2ca1b-b122-4f76-b82e-23f8535132c8/none_v3" 201 - "PUT http://172.18.0.2:8080/d1/904/AUTH_b75c04a01e2a4deebe28e21731b0483c/gnocchi.a3c2ca1b-b122-4f76-b82e-23f8535132c8/none_v3" "tx27eae731335a4481af190-006998416d" "object-server 23" 0.0010 "-" 20 0
Feb 20 11:11:41 standalone object-server[127156]: 172.20.0.100 - - [20/Feb/2026:11:11:41 +0000] "PUT /d1/904/AUTH_b75c04a01e2a4deebe28e21731b0483c/gnocchi.a3c2ca1b-b122-4f76-b82e-23f8535132c8/none_v3" 201 - "PUT http://172.18.0.2:8080/v1/AUTH_b75c04a01e2a4deebe28e21731b0483c/gnocchi.a3c2ca1b-b122-4f76-b82e-23f8535132c8/none_v3" "tx27eae731335a4481af190-006998416d" "proxy-server 20" 0.0117 "-" 23 0
Feb 20 11:11:41 standalone proxy-server[129190]: 172.18.0.2 172.18.0.100 20/Feb/2026/11/11/41 PUT /v1/AUTH_b75c04a01e2a4deebe28e21731b0483c/gnocchi.a3c2ca1b-b122-4f76-b82e-23f8535132c8/none_v3 HTTP/1.0 201 - python-swiftclient-3.11.1 gAAAAABpmEDLewQk... 22 - - tx27eae731335a4481af190-006998416d - 0.0187 - - 1771585901.332704306 1771585901.351390362 0
Feb 20 11:11:41 standalone container-server[127072]: 172.20.0.100 - - [20/Feb/2026:11:11:41 +0000] "HEAD /d1/608/AUTH_b75c04a01e2a4deebe28e21731b0483c/gnocchi.5e7d8d08-ec0c-46b0-9bfc-c3f9488a8a43" 404 - "HEAD http://172.18.0.2:8080/v1/AUTH_b75c04a01e2a4deebe28e21731b0483c/gnocchi.5e7d8d08-ec0c-46b0-9bfc-c3f9488a8a43?format=json&states=listing" "txb7f207d6498f480280c90-006998416d" "proxy-server 20" 0.0003 "-" 23 0
Feb 20 11:11:41 standalone object-server[127157]: 172.20.0.100 - - [20/Feb/2026:11:11:41 +0000] "GET /d1/938/AUTH_b75c04a01e2a4deebe28e21731b0483c/gnocchi.5e7d8d08-ec0c-46b0-9bfc-c3f9488a8a43/none_v3" 404 70 "GET http://172.18.0.2:8080/v1/AUTH_b75c04a01e2a4deebe28e21731b0483c/gnocchi.5e7d8d08-ec0c-46b0-9bfc-c3f9488a8a43/none_v3" "txb7f207d6498f480280c90-006998416d" "proxy-server 20" 0.0005 "-" 24 0
Feb 20 11:11:41 standalone proxy-server[129190]: 172.18.0.2 172.18.0.100 20/Feb/2026/11/11/41 GET /v1/AUTH_b75c04a01e2a4deebe28e21731b0483c/gnocchi.5e7d8d08-ec0c-46b0-9bfc-c3f9488a8a43/none_v3 HTTP/1.0 404 - python-swiftclient-3.11.1 gAAAAABpmEDLewQk... - 70 - txb7f207d6498f480280c90-006998416d - 0.0124 - - 1771585901.367013216 1771585901.379400253 0
Feb 20 11:11:41 standalone account-server[126945]: 172.20.0.100 - - [20/Feb/2026:11:11:41 +0000] "PUT /d1/675/AUTH_b75c04a01e2a4deebe28e21731b0483c/gnocchi.5e7d8d08-ec0c-46b0-9bfc-c3f9488a8a43" 201 - "PUT http://172.20.0.100:6001/d1/608/AUTH_b75c04a01e2a4deebe28e21731b0483c/gnocchi.5e7d8d08-ec0c-46b0-9bfc-c3f9488a8a43" "txc3c57aaafe5541d9a9d34-006998416d" "container-server 19" 0.0065 "-" 23 0
Feb 20 11:11:41 standalone container-server[127027]: 172.20.0.100 - - [20/Feb/2026:11:11:41 +0000] "PUT /d1/608/AUTH_b75c04a01e2a4deebe28e21731b0483c/gnocchi.5e7d8d08-ec0c-46b0-9bfc-c3f9488a8a43" 201 - "PUT http://172.18.0.2:8080/v1/AUTH_b75c04a01e2a4deebe28e21731b0483c/gnocchi.5e7d8d08-ec0c-46b0-9bfc-c3f9488a8a43" "txc3c57aaafe5541d9a9d34-006998416d" "proxy-server 20" 0.0206 "-" 19 0
Feb 20 11:11:41 standalone proxy-server[129190]: 172.18.0.2 172.18.0.100 20/Feb/2026/11/11/41 PUT /v1/AUTH_b75c04a01e2a4deebe28e21731b0483c/gnocchi.5e7d8d08-ec0c-46b0-9bfc-c3f9488a8a43 HTTP/1.0 201 - python-swiftclient-3.11.1 gAAAAABpmEDLewQk... - - - txc3c57aaafe5541d9a9d34-006998416d - 0.0272 - - 1771585901.382990599 1771585901.410154343 0
Feb 20 11:11:41 standalone container-server[127035]: 172.20.0.100 - - [20/Feb/2026:11:11:41 +0000] "HEAD /d1/608/AUTH_b75c04a01e2a4deebe28e21731b0483c/gnocchi.5e7d8d08-ec0c-46b0-9bfc-c3f9488a8a43" 204 - "HEAD http://172.18.0.2:8080/v1/AUTH_b75c04a01e2a4deebe28e21731b0483c/gnocchi.5e7d8d08-ec0c-46b0-9bfc-c3f9488a8a43?format=json&states=listing" "txe677a4bb304c434d8dffc-006998416d" "proxy-server 20" 0.0024 "-" 20 0
Feb 20 11:11:41 standalone proxy-server[129190]: - - 20/Feb/2026/11/11/41 HEAD /v1/AUTH_b75c04a01e2a4deebe28e21731b0483c/gnocchi.5e7d8d08-ec0c-46b0-9bfc-c3f9488a8a43%3Fformat%3Djson%26states%3Dlisting HTTP/1.0 204 - Swift - - - - txe677a4bb304c434d8dffc-006998416d - 0.0077 RL - 1771585901.415982485 1771585901.423662663 0
Feb 20 11:11:41 standalone container-server[127047]: 172.20.0.100 - - [20/Feb/2026:11:11:41 +0000] "GET /d1/608/AUTH_b75c04a01e2a4deebe28e21731b0483c/gnocchi.5e7d8d08-ec0c-46b0-9bfc-c3f9488a8a43" 200 2 "GET http://172.18.0.2:8080/v1/AUTH_b75c04a01e2a4deebe28e21731b0483c/gnocchi.5e7d8d08-ec0c-46b0-9bfc-c3f9488a8a43?format=json&states=listing" "txe677a4bb304c434d8dffc-006998416d" "proxy-server 20" 0.0038 "-" 21 0
Feb 20 11:11:41 standalone proxy-server[129190]: 172.18.0.2 172.18.0.100 20/Feb/2026/11/11/41 GET /v1/AUTH_b75c04a01e2a4deebe28e21731b0483c/gnocchi.5e7d8d08-ec0c-46b0-9bfc-c3f9488a8a43%3Fformat%3Djson%26states%3Dlisting HTTP/1.0 200 - python-swiftclient-3.11.1 gAAAAABpmEDLewQk... - 2 - txe677a4bb304c434d8dffc-006998416d - 0.0218 - - 1771585901.414514780 1771585901.436353445 0
Feb 20 11:11:41 standalone object-server[127156]: 172.20.0.100 - - [20/Feb/2026:11:11:41 +0000] "GET /d1/511/AUTH_b75c04a01e2a4deebe28e21731b0483c/gnocchi.5e7d8d08-ec0c-46b0-9bfc-c3f9488a8a43/1771200000.0_mean_300.0_v3" 404 70 "GET http://172.18.0.2:8080/v1/AUTH_b75c04a01e2a4deebe28e21731b0483c/gnocchi.5e7d8d08-ec0c-46b0-9bfc-c3f9488a8a43/1771200000.0_mean_300.0_v3" "tx7f507818cd4b4bea805c7-006998416d" "proxy-server 20" 0.0005 "-" 23 0
Feb 20 11:11:41 standalone proxy-server[129190]: 172.18.0.2 172.18.0.100 20/Feb/2026/11/11/41 GET /v1/AUTH_b75c04a01e2a4deebe28e21731b0483c/gnocchi.5e7d8d08-ec0c-46b0-9bfc-c3f9488a8a43/1771200000.0_mean_300.0_v3 HTTP/1.0 404 - python-swiftclient-3.11.1 gAAAAABpmEDLewQk... - 70 - tx7f507818cd4b4bea805c7-006998416d - 0.0079 - - 1771585901.441570520 1771585901.449517965 0
Feb 20 11:11:41 standalone container-server[127072]: 172.20.0.100 - - [20/Feb/2026:11:11:41 +0000] "PUT /d1/608/AUTH_b75c04a01e2a4deebe28e21731b0483c/gnocchi.5e7d8d08-ec0c-46b0-9bfc-c3f9488a8a43/1771200000.0_mean_300.0_v3" 201 - "PUT http://172.18.0.2:8080/d1/511/AUTH_b75c04a01e2a4deebe28e21731b0483c/gnocchi.5e7d8d08-ec0c-46b0-9bfc-c3f9488a8a43/1771200000.0_mean_300.0_v3" "tx42bbbd9b3f254425a2788-006998416d" "object-server 23" 0.0009 "-" 23 0
Feb 20 11:11:41 standalone object-server[127156]: 172.20.0.100 - - [20/Feb/2026:11:11:41 +0000] "PUT /d1/511/AUTH_b75c04a01e2a4deebe28e21731b0483c/gnocchi.5e7d8d08-ec0c-46b0-9bfc-c3f9488a8a43/1771200000.0_mean_300.0_v3" 201 - "PUT http://172.18.0.2:8080/v1/AUTH_b75c04a01e2a4deebe28e21731b0483c/gnocchi.5e7d8d08-ec0c-46b0-9bfc-c3f9488a8a43/1771200000.0_mean_300.0_v3" "tx42bbbd9b3f254425a2788-006998416d" "proxy-server 20" 0.0118 "-" 23 0
Feb 20 11:11:41 standalone proxy-server[129190]: 172.18.0.2 172.18.0.100 20/Feb/2026/11/11/41 PUT /v1/AUTH_b75c04a01e2a4deebe28e21731b0483c/gnocchi.5e7d8d08-ec0c-46b0-9bfc-c3f9488a8a43/1771200000.0_mean_300.0_v3 HTTP/1.0 201 - python-swiftclient-3.11.1 gAAAAABpmEDLewQk... 16 - - tx42bbbd9b3f254425a2788-006998416d - 0.0191 - - 1771585901.453400373 1771585901.472469330 0
Feb 20 11:11:41 standalone container-server[127047]: 172.20.0.100 - - [20/Feb/2026:11:11:41 +0000] "PUT /d1/608/AUTH_b75c04a01e2a4deebe28e21731b0483c/gnocchi.5e7d8d08-ec0c-46b0-9bfc-c3f9488a8a43/none_v3" 201 - "PUT http://172.18.0.2:8080/d1/938/AUTH_b75c04a01e2a4deebe28e21731b0483c/gnocchi.5e7d8d08-ec0c-46b0-9bfc-c3f9488a8a43/none_v3" "txa6cbdf16c06e460298e6d-006998416d" "object-server 22" 0.0009 "-" 21 0
Feb 20 11:11:41 standalone object-server[127154]: 172.20.0.100 - - [20/Feb/2026:11:11:41 +0000] "PUT /d1/938/AUTH_b75c04a01e2a4deebe28e21731b0483c/gnocchi.5e7d8d08-ec0c-46b0-9bfc-c3f9488a8a43/none_v3" 201 - "PUT http://172.18.0.2:8080/v1/AUTH_b75c04a01e2a4deebe28e21731b0483c/gnocchi.5e7d8d08-ec0c-46b0-9bfc-c3f9488a8a43/none_v3" "txa6cbdf16c06e460298e6d-006998416d" "proxy-server 20" 0.0108 "-" 22 0
Feb 20 11:11:41 standalone proxy-server[129190]: 172.18.0.2 172.18.0.100 20/Feb/2026/11/11/41 PUT /v1/AUTH_b75c04a01e2a4deebe28e21731b0483c/gnocchi.5e7d8d08-ec0c-46b0-9bfc-c3f9488a8a43/none_v3 HTTP/1.0 201 - python-swiftclient-3.11.1 gAAAAABpmEDLewQk... 22 - - txa6cbdf16c06e460298e6d-006998416d - 0.0186 - - 1771585901.476303577 1771585901.494948864 0
Feb 20 11:11:41 standalone container-server[127027]: 172.20.0.100 - - [20/Feb/2026:11:11:41 +0000] "HEAD /d1/62/AUTH_b75c04a01e2a4deebe28e21731b0483c/gnocchi.026f6d4a-929d-4787-b9ce-cb7a4a24e28a" 404 - "HEAD http://172.18.0.2:8080/v1/AUTH_b75c04a01e2a4deebe28e21731b0483c/gnocchi.026f6d4a-929d-4787-b9ce-cb7a4a24e28a?format=json&states=listing" "tx664e79c74ef243928b5e4-006998416d" "proxy-server 20" 0.0006 "-" 19 0
Feb 20 11:11:41 standalone object-server[127161]: 172.20.0.100 - - [20/Feb/2026:11:11:41 +0000] "GET /d1/521/AUTH_b75c04a01e2a4deebe28e21731b0483c/gnocchi.026f6d4a-929d-4787-b9ce-cb7a4a24e28a/none_v3" 404 70 "GET http://172.18.0.2:8080/v1/AUTH_b75c04a01e2a4deebe28e21731b0483c/gnocchi.026f6d4a-929d-4787-b9ce-cb7a4a24e28a/none_v3" "tx664e79c74ef243928b5e4-006998416d" "proxy-server 20" 0.0006 "-" 25 0
Feb 20 11:11:41 standalone proxy-server[129190]: 172.18.0.2 172.18.0.100 20/Feb/2026/11/11/41 GET /v1/AUTH_b75c04a01e2a4deebe28e21731b0483c/gnocchi.026f6d4a-929d-4787-b9ce-cb7a4a24e28a/none_v3 HTTP/1.0 404 - python-swiftclient-3.11.1 gAAAAABpmEDLewQk... - 70 - tx664e79c74ef243928b5e4-006998416d - 0.0141 - - 1771585901.511859179 1771585901.525960445 0
Feb 20 11:11:41 standalone account-server[126917]: 172.20.0.100 - - [20/Feb/2026:11:11:41 +0000] "PUT /d1/675/AUTH_b75c04a01e2a4deebe28e21731b0483c/gnocchi.026f6d4a-929d-4787-b9ce-cb7a4a24e28a" 201 - "PUT http://172.20.0.100:6001/d1/62/AUTH_b75c04a01e2a4deebe28e21731b0483c/gnocchi.026f6d4a-929d-4787-b9ce-cb7a4a24e28a" "txafe6885a34974cd2a9dff-006998416d" "container-server 20" 0.0068 "-" 20 0
Feb 20 11:11:41 standalone container-server[127035]: 172.20.0.100 - - [20/Feb/2026:11:11:41 +0000] "PUT /d1/62/AUTH_b75c04a01e2a4deebe28e21731b0483c/gnocchi.026f6d4a-929d-4787-b9ce-cb7a4a24e28a" 201 - "PUT http://172.18.0.2:8080/v1/AUTH_b75c04a01e2a4deebe28e21731b0483c/gnocchi.026f6d4a-929d-4787-b9ce-cb7a4a24e28a" "txafe6885a34974cd2a9dff-006998416d" "proxy-server 20" 0.0220 "-" 20 0
Feb 20 11:11:41 standalone proxy-server[129190]: 172.18.0.2 172.18.0.100 20/Feb/2026/11/11/41 PUT /v1/AUTH_b75c04a01e2a4deebe28e21731b0483c/gnocchi.026f6d4a-929d-4787-b9ce-cb7a4a24e28a HTTP/1.0 201 - python-swiftclient-3.11.1 gAAAAABpmEDLewQk... - - - txafe6885a34974cd2a9dff-006998416d - 0.0294 - - 1771585901.529569864 1771585901.558920383 0
Feb 20 11:11:41 standalone container-server[127047]: 172.20.0.100 - - [20/Feb/2026:11:11:41 +0000] "HEAD /d1/62/AUTH_b75c04a01e2a4deebe28e21731b0483c/gnocchi.026f6d4a-929d-4787-b9ce-cb7a4a24e28a" 204 - "HEAD http://172.18.0.2:8080/v1/AUTH_b75c04a01e2a4deebe28e21731b0483c/gnocchi.026f6d4a-929d-4787-b9ce-cb7a4a24e28a?format=json&states=listing" "tx909a2c584fa34fbc97c3f-006998416d" "proxy-server 20" 0.0023 "-" 21 0
Feb 20 11:11:41 standalone proxy-server[129190]: - - 20/Feb/2026/11/11/41 HEAD /v1/AUTH_b75c04a01e2a4deebe28e21731b0483c/gnocchi.026f6d4a-929d-4787-b9ce-cb7a4a24e28a%3Fformat%3Djson%26states%3Dlisting HTTP/1.0 204 - Swift - - - - tx909a2c584fa34fbc97c3f-006998416d - 0.0073 RL - 1771585901.565150976 1771585901.572461367 0
Feb 20 11:11:41 standalone container-server[127072]: 172.20.0.100 - - [20/Feb/2026:11:11:41 +0000] "GET /d1/62/AUTH_b75c04a01e2a4deebe28e21731b0483c/gnocchi.026f6d4a-929d-4787-b9ce-cb7a4a24e28a" 200 2 "GET http://172.18.0.2:8080/v1/AUTH_b75c04a01e2a4deebe28e21731b0483c/gnocchi.026f6d4a-929d-4787-b9ce-cb7a4a24e28a?format=json&states=listing" "tx909a2c584fa34fbc97c3f-006998416d" "proxy-server 20" 0.0035 "-" 23 0
Feb 20 11:11:41 standalone proxy-server[129190]: 172.18.0.2 172.18.0.100 20/Feb/2026/11/11/41 GET /v1/AUTH_b75c04a01e2a4deebe28e21731b0483c/gnocchi.026f6d4a-929d-4787-b9ce-cb7a4a24e28a%3Fformat%3Djson%26states%3Dlisting HTTP/1.0 200 - python-swiftclient-3.11.1 gAAAAABpmEDLewQk... - 2 - tx909a2c584fa34fbc97c3f-006998416d - 0.0209 - - 1771585901.563606262 1771585901.584462404 0
Feb 20 11:11:41 standalone object-server[127156]: 172.20.0.100 - - [20/Feb/2026:11:11:41 +0000] "GET /d1/729/AUTH_b75c04a01e2a4deebe28e21731b0483c/gnocchi.026f6d4a-929d-4787-b9ce-cb7a4a24e28a/1771200000.0_mean_300.0_v3" 404 70 "GET http://172.18.0.2:8080/v1/AUTH_b75c04a01e2a4deebe28e21731b0483c/gnocchi.026f6d4a-929d-4787-b9ce-cb7a4a24e28a/1771200000.0_mean_300.0_v3" "tx8618ee3e03744ebcbc5e5-006998416d" "proxy-server 20" 0.0007 "-" 23 0
Feb 20 11:11:41 standalone proxy-server[129190]: 172.18.0.2 172.18.0.100 20/Feb/2026/11/11/41 GET /v1/AUTH_b75c04a01e2a4deebe28e21731b0483c/gnocchi.026f6d4a-929d-4787-b9ce-cb7a4a24e28a/1771200000.0_mean_300.0_v3 HTTP/1.0 404 - python-swiftclient-3.11.1 gAAAAABpmEDLewQk... - 70 - tx8618ee3e03744ebcbc5e5-006998416d - 0.0094 - - 1771585901.589485168 1771585901.598864317 0
Feb 20 11:11:41 standalone container-server[127047]: 172.20.0.100 - - [20/Feb/2026:11:11:41 +0000] "PUT /d1/62/AUTH_b75c04a01e2a4deebe28e21731b0483c/gnocchi.026f6d4a-929d-4787-b9ce-cb7a4a24e28a/1771200000.0_mean_300.0_v3" 201 - "PUT http://172.18.0.2:8080/d1/729/AUTH_b75c04a01e2a4deebe28e21731b0483c/gnocchi.026f6d4a-929d-4787-b9ce-cb7a4a24e28a/1771200000.0_mean_300.0_v3" "tx1df4d006d49a421cbb4a7-006998416d" "object-server 23" 0.0010 "-" 21 0
Feb 20 11:11:41 standalone object-server[127156]: 172.20.0.100 - - [20/Feb/2026:11:11:41 +0000] "PUT /d1/729/AUTH_b75c04a01e2a4deebe28e21731b0483c/gnocchi.026f6d4a-929d-4787-b9ce-cb7a4a24e28a/1771200000.0_mean_300.0_v3" 201 - "PUT http://172.18.0.2:8080/v1/AUTH_b75c04a01e2a4deebe28e21731b0483c/gnocchi.026f6d4a-929d-4787-b9ce-cb7a4a24e28a/1771200000.0_mean_300.0_v3" "tx1df4d006d49a421cbb4a7-006998416d" "proxy-server 20" 0.0139 "-" 23 0
Feb 20 11:11:41 standalone proxy-server[129190]: 172.18.0.2 172.18.0.100 20/Feb/2026/11/11/41 PUT /v1/AUTH_b75c04a01e2a4deebe28e21731b0483c/gnocchi.026f6d4a-929d-4787-b9ce-cb7a4a24e28a/1771200000.0_mean_300.0_v3 HTTP/1.0 201 - python-swiftclient-3.11.1 gAAAAABpmEDLewQk... 16 - - tx1df4d006d49a421cbb4a7-006998416d - 0.0230 - - 1771585901.603578329 1771585901.626531363 0
Feb 20 11:11:41 standalone container-server[127027]: 172.20.0.100 - - [20/Feb/2026:11:11:41 +0000] "PUT /d1/62/AUTH_b75c04a01e2a4deebe28e21731b0483c/gnocchi.026f6d4a-929d-4787-b9ce-cb7a4a24e28a/none_v3" 201 - "PUT http://172.18.0.2:8080/d1/521/AUTH_b75c04a01e2a4deebe28e21731b0483c/gnocchi.026f6d4a-929d-4787-b9ce-cb7a4a24e28a/none_v3" "txb4965b4972d94d28bb0ec-006998416d" "object-server 23" 0.0008 "-" 19 0
Feb 20 11:11:41 standalone object-server[127156]: 172.20.0.100 - - [20/Feb/2026:11:11:41 +0000] "PUT /d1/521/AUTH_b75c04a01e2a4deebe28e21731b0483c/gnocchi.026f6d4a-929d-4787-b9ce-cb7a4a24e28a/none_v3" 201 - "PUT http://172.18.0.2:8080/v1/AUTH_b75c04a01e2a4deebe28e21731b0483c/gnocchi.026f6d4a-929d-4787-b9ce-cb7a4a24e28a/none_v3" "txb4965b4972d94d28bb0ec-006998416d" "proxy-server 20" 0.0138 "-" 23 0
Feb 20 11:11:41 standalone proxy-server[129190]: 172.18.0.2 172.18.0.100 20/Feb/2026/11/11/41 PUT /v1/AUTH_b75c04a01e2a4deebe28e21731b0483c/gnocchi.026f6d4a-929d-4787-b9ce-cb7a4a24e28a/none_v3 HTTP/1.0 201 - python-swiftclient-3.11.1 gAAAAABpmEDLewQk... 22 - - txb4965b4972d94d28bb0ec-006998416d - 0.0227 - - 1771585901.631201982 1771585901.653864861 0
Feb 20 11:11:41 standalone container-server[127027]: 172.20.0.100 - - [20/Feb/2026:11:11:41 +0000] "HEAD /d1/540/AUTH_b75c04a01e2a4deebe28e21731b0483c/gnocchi.3f66f2b3-aba1-44f0-9124-556061b35d56" 404 - "HEAD http://172.18.0.2:8080/v1/AUTH_b75c04a01e2a4deebe28e21731b0483c/gnocchi.3f66f2b3-aba1-44f0-9124-556061b35d56?format=json&states=listing" "txe95245308aff4d9999de9-006998416d" "proxy-server 20" 0.0010 "-" 19 0
Feb 20 11:11:41 standalone object-server[127161]: 172.20.0.100 - - [20/Feb/2026:11:11:41 +0000] "GET /d1/812/AUTH_b75c04a01e2a4deebe28e21731b0483c/gnocchi.3f66f2b3-aba1-44f0-9124-556061b35d56/none_v3" 404 70 "GET http://172.18.0.2:8080/v1/AUTH_b75c04a01e2a4deebe28e21731b0483c/gnocchi.3f66f2b3-aba1-44f0-9124-556061b35d56/none_v3" "txe95245308aff4d9999de9-006998416d" "proxy-server 20" 0.0007 "-" 25 0
Feb 20 11:11:41 standalone proxy-server[129190]: 172.18.0.2 172.18.0.100 20/Feb/2026/11/11/41 GET /v1/AUTH_b75c04a01e2a4deebe28e21731b0483c/gnocchi.3f66f2b3-aba1-44f0-9124-556061b35d56/none_v3 HTTP/1.0 404 - python-swiftclient-3.11.1 gAAAAABpmEDLewQk... - 70 - txe95245308aff4d9999de9-006998416d - 0.0223 - - 1771585901.674319983 1771585901.696604252 0
Feb 20 11:11:41 standalone account-server[126929]: 172.20.0.100 - - [20/Feb/2026:11:11:41 +0000] "PUT /d1/675/AUTH_b75c04a01e2a4deebe28e21731b0483c/gnocchi.3f66f2b3-aba1-44f0-9124-556061b35d56" 201 - "PUT http://172.20.0.100:6001/d1/540/AUTH_b75c04a01e2a4deebe28e21731b0483c/gnocchi.3f66f2b3-aba1-44f0-9124-556061b35d56" "txab2379d69ca64c1aa26ed-006998416d" "container-server 21" 0.0063 "-" 21 0
Feb 20 11:11:41 standalone container-server[127047]: 172.20.0.100 - - [20/Feb/2026:11:11:41 +0000] "PUT /d1/540/AUTH_b75c04a01e2a4deebe28e21731b0483c/gnocchi.3f66f2b3-aba1-44f0-9124-556061b35d56" 201 - "PUT http://172.18.0.2:8080/v1/AUTH_b75c04a01e2a4deebe28e21731b0483c/gnocchi.3f66f2b3-aba1-44f0-9124-556061b35d56" "txab2379d69ca64c1aa26ed-006998416d" "proxy-server 20" 0.0220 "-" 21 0
Feb 20 11:11:41 standalone proxy-server[129190]: 172.18.0.2 172.18.0.100 20/Feb/2026/11/11/41 PUT /v1/AUTH_b75c04a01e2a4deebe28e21731b0483c/gnocchi.3f66f2b3-aba1-44f0-9124-556061b35d56 HTTP/1.0 201 - python-swiftclient-3.11.1 gAAAAABpmEDLewQk... - - - txab2379d69ca64c1aa26ed-006998416d - 0.0290 - - 1771585901.700240850 1771585901.729221821 0
Feb 20 11:11:41 standalone container-server[127047]: 172.20.0.100 - - [20/Feb/2026:11:11:41 +0000] "HEAD /d1/540/AUTH_b75c04a01e2a4deebe28e21731b0483c/gnocchi.3f66f2b3-aba1-44f0-9124-556061b35d56" 204 - "HEAD http://172.18.0.2:8080/v1/AUTH_b75c04a01e2a4deebe28e21731b0483c/gnocchi.3f66f2b3-aba1-44f0-9124-556061b35d56?format=json&states=listing" "tx38f70918c0be4773ae10b-006998416d" "proxy-server 20" 0.0021 "-" 21 0
Feb 20 11:11:41 standalone proxy-server[129190]: - - 20/Feb/2026/11/11/41 HEAD /v1/AUTH_b75c04a01e2a4deebe28e21731b0483c/gnocchi.3f66f2b3-aba1-44f0-9124-556061b35d56%3Fformat%3Djson%26states%3Dlisting HTTP/1.0 204 - Swift - - - - tx38f70918c0be4773ae10b-006998416d - 0.0063 RL - 1771585901.735261202 1771585901.741551876 0
Feb 20 11:11:41 standalone container-server[127027]: 172.20.0.100 - - [20/Feb/2026:11:11:41 +0000] "GET /d1/540/AUTH_b75c04a01e2a4deebe28e21731b0483c/gnocchi.3f66f2b3-aba1-44f0-9124-556061b35d56" 200 2 "GET http://172.18.0.2:8080/v1/AUTH_b75c04a01e2a4deebe28e21731b0483c/gnocchi.3f66f2b3-aba1-44f0-9124-556061b35d56?format=json&states=listing" "tx38f70918c0be4773ae10b-006998416d" "proxy-server 20" 0.0047 "-" 19 0
Feb 20 11:11:41 standalone proxy-server[129190]: 172.18.0.2 172.18.0.100 20/Feb/2026/11/11/41 GET /v1/AUTH_b75c04a01e2a4deebe28e21731b0483c/gnocchi.3f66f2b3-aba1-44f0-9124-556061b35d56%3Fformat%3Djson%26states%3Dlisting HTTP/1.0 200 - python-swiftclient-3.11.1 gAAAAABpmEDLewQk... - 2 - tx38f70918c0be4773ae10b-006998416d - 0.0213 - - 1771585901.733787537 1771585901.755110741 0
Feb 20 11:11:41 standalone object-server[127157]: 172.20.0.100 - - [20/Feb/2026:11:11:41 +0000] "GET /d1/577/AUTH_b75c04a01e2a4deebe28e21731b0483c/gnocchi.3f66f2b3-aba1-44f0-9124-556061b35d56/1771200000.0_mean_300.0_v3" 404 70 "GET http://172.18.0.2:8080/v1/AUTH_b75c04a01e2a4deebe28e21731b0483c/gnocchi.3f66f2b3-aba1-44f0-9124-556061b35d56/1771200000.0_mean_300.0_v3" "tx14760c9c43824c37829af-006998416d" "proxy-server 20" 0.0006 "-" 24 0
Feb 20 11:11:41 standalone proxy-server[129190]: 172.18.0.2 172.18.0.100 20/Feb/2026/11/11/41 GET /v1/AUTH_b75c04a01e2a4deebe28e21731b0483c/gnocchi.3f66f2b3-aba1-44f0-9124-556061b35d56/1771200000.0_mean_300.0_v3 HTTP/1.0 404 - python-swiftclient-3.11.1 gAAAAABpmEDLewQk... - 70 - tx14760c9c43824c37829af-006998416d - 0.0098 - - 1771585901.759820223 1771585901.769575119 0
Feb 20 11:11:41 standalone container-server[127072]: 172.20.0.100 - - [20/Feb/2026:11:11:41 +0000] "PUT /d1/540/AUTH_b75c04a01e2a4deebe28e21731b0483c/gnocchi.3f66f2b3-aba1-44f0-9124-556061b35d56/1771200000.0_mean_300.0_v3" 201 - "PUT http://172.18.0.2:8080/d1/577/AUTH_b75c04a01e2a4deebe28e21731b0483c/gnocchi.3f66f2b3-aba1-44f0-9124-556061b35d56/1771200000.0_mean_300.0_v3" "tx746799d0bd984bf79256e-006998416d" "object-server 25" 0.0010 "-" 23 0
Feb 20 11:11:41 standalone object-server[127161]: 172.20.0.100 - - [20/Feb/2026:11:11:41 +0000] "PUT /d1/577/AUTH_b75c04a01e2a4deebe28e21731b0483c/gnocchi.3f66f2b3-aba1-44f0-9124-556061b35d56/1771200000.0_mean_300.0_v3" 201 - "PUT http://172.18.0.2:8080/v1/AUTH_b75c04a01e2a4deebe28e21731b0483c/gnocchi.3f66f2b3-aba1-44f0-9124-556061b35d56/1771200000.0_mean_300.0_v3" "tx746799d0bd984bf79256e-006998416d" "proxy-server 20" 0.0126 "-" 25 0
Feb 20 11:11:41 standalone proxy-server[129190]: 172.18.0.2 172.18.0.100 20/Feb/2026/11/11/41 PUT /v1/AUTH_b75c04a01e2a4deebe28e21731b0483c/gnocchi.3f66f2b3-aba1-44f0-9124-556061b35d56/1771200000.0_mean_300.0_v3 HTTP/1.0 201 - python-swiftclient-3.11.1 gAAAAABpmEDLewQk... 16 - - tx746799d0bd984bf79256e-006998416d - 0.0206 - - 1771585901.773681164 1771585901.794284582 0
Feb 20 11:11:41 standalone container-server[127072]: 172.20.0.100 - - [20/Feb/2026:11:11:41 +0000] "PUT /d1/540/AUTH_b75c04a01e2a4deebe28e21731b0483c/gnocchi.3f66f2b3-aba1-44f0-9124-556061b35d56/none_v3" 201 - "PUT http://172.18.0.2:8080/d1/812/AUTH_b75c04a01e2a4deebe28e21731b0483c/gnocchi.3f66f2b3-aba1-44f0-9124-556061b35d56/none_v3" "txc6130bf29d2c497caae92-006998416d" "object-server 22" 0.0006 "-" 23 0
Feb 20 11:11:41 standalone object-server[127154]: 172.20.0.100 - - [20/Feb/2026:11:11:41 +0000] "PUT /d1/812/AUTH_b75c04a01e2a4deebe28e21731b0483c/gnocchi.3f66f2b3-aba1-44f0-9124-556061b35d56/none_v3" 201 - "PUT http://172.18.0.2:8080/v1/AUTH_b75c04a01e2a4deebe28e21731b0483c/gnocchi.3f66f2b3-aba1-44f0-9124-556061b35d56/none_v3" "txc6130bf29d2c497caae92-006998416d" "proxy-server 20" 0.0121 "-" 22 0
Feb 20 11:11:41 standalone proxy-server[129190]: 172.18.0.2 172.18.0.100 20/Feb/2026/11/11/41 PUT /v1/AUTH_b75c04a01e2a4deebe28e21731b0483c/gnocchi.3f66f2b3-aba1-44f0-9124-556061b35d56/none_v3 HTTP/1.0 201 - python-swiftclient-3.11.1 gAAAAABpmEDLewQk... 22 - - txc6130bf29d2c497caae92-006998416d - 0.0196 - - 1771585901.798563004 1771585901.818159819 0
Feb 20 11:11:41 standalone container-server[127072]: 172.20.0.100 - - [20/Feb/2026:11:11:41 +0000] "HEAD /d1/190/AUTH_b75c04a01e2a4deebe28e21731b0483c/gnocchi.ee205237-a111-485b-adae-8cab0c799d4b" 404 - "HEAD http://172.18.0.2:8080/v1/AUTH_b75c04a01e2a4deebe28e21731b0483c/gnocchi.ee205237-a111-485b-adae-8cab0c799d4b?format=json&states=listing" "txc0d9a94d58644748b0046-006998416d" "proxy-server 20" 0.0005 "-" 23 0
Feb 20 11:11:41 standalone object-server[127161]: 172.20.0.100 - - [20/Feb/2026:11:11:41 +0000] "GET /d1/615/AUTH_b75c04a01e2a4deebe28e21731b0483c/gnocchi.ee205237-a111-485b-adae-8cab0c799d4b/none_v3" 404 70 "GET http://172.18.0.2:8080/v1/AUTH_b75c04a01e2a4deebe28e21731b0483c/gnocchi.ee205237-a111-485b-adae-8cab0c799d4b/none_v3" "txc0d9a94d58644748b0046-006998416d" "proxy-server 20" 0.0006 "-" 25 0
Feb 20 11:11:41 standalone proxy-server[129190]: 172.18.0.2 172.18.0.100 20/Feb/2026/11/11/41 GET /v1/AUTH_b75c04a01e2a4deebe28e21731b0483c/gnocchi.ee205237-a111-485b-adae-8cab0c799d4b/none_v3 HTTP/1.0 404 - python-swiftclient-3.11.1 gAAAAABpmEDLewQk... - 70 - txc0d9a94d58644748b0046-006998416d - 0.0125 - - 1771585901.831618309 1771585901.844094038 0
Feb 20 11:11:41 standalone account-server[126937]: 172.20.0.100 - - [20/Feb/2026:11:11:41 +0000] "PUT /d1/675/AUTH_b75c04a01e2a4deebe28e21731b0483c/gnocchi.ee205237-a111-485b-adae-8cab0c799d4b" 201 - "PUT http://172.20.0.100:6001/d1/190/AUTH_b75c04a01e2a4deebe28e21731b0483c/gnocchi.ee205237-a111-485b-adae-8cab0c799d4b" "txd2fc4e320d01493e96019-006998416d" "container-server 19" 0.0072 "-" 22 0
Feb 20 11:11:41 standalone container-server[127027]: 172.20.0.100 - - [20/Feb/2026:11:11:41 +0000] "PUT /d1/190/AUTH_b75c04a01e2a4deebe28e21731b0483c/gnocchi.ee205237-a111-485b-adae-8cab0c799d4b" 201 - "PUT http://172.18.0.2:8080/v1/AUTH_b75c04a01e2a4deebe28e21731b0483c/gnocchi.ee205237-a111-485b-adae-8cab0c799d4b" "txd2fc4e320d01493e96019-006998416d" "proxy-server 20" 0.0246 "-" 19 0
Feb 20 11:11:41 standalone proxy-server[129190]: 172.18.0.2 172.18.0.100 20/Feb/2026/11/11/41 PUT /v1/AUTH_b75c04a01e2a4deebe28e21731b0483c/gnocchi.ee205237-a111-485b-adae-8cab0c799d4b HTTP/1.0 201 - python-swiftclient-3.11.1 gAAAAABpmEDLewQk... - - - txd2fc4e320d01493e96019-006998416d - 0.0314 - - 1771585901.847479105 1771585901.878835917 0
Feb 20 11:11:41 standalone container-server[127027]: 172.20.0.100 - - [20/Feb/2026:11:11:41 +0000] "HEAD /d1/190/AUTH_b75c04a01e2a4deebe28e21731b0483c/gnocchi.ee205237-a111-485b-adae-8cab0c799d4b" 204 - "HEAD http://172.18.0.2:8080/v1/AUTH_b75c04a01e2a4deebe28e21731b0483c/gnocchi.ee205237-a111-485b-adae-8cab0c799d4b?format=json&states=listing" "txa8213a30e248475282715-006998416d" "proxy-server 20" 0.0027 "-" 19 0
Feb 20 11:11:41 standalone proxy-server[129190]: - - 20/Feb/2026/11/11/41 HEAD /v1/AUTH_b75c04a01e2a4deebe28e21731b0483c/gnocchi.ee205237-a111-485b-adae-8cab0c799d4b%3Fformat%3Djson%26states%3Dlisting HTTP/1.0 204 - Swift - - - - txa8213a30e248475282715-006998416d - 0.0119 RL - 1771585901.884773970 1771585901.896624327 0
Feb 20 11:11:41 standalone container-server[127047]: 172.20.0.100 - - [20/Feb/2026:11:11:41 +0000] "GET /d1/190/AUTH_b75c04a01e2a4deebe28e21731b0483c/gnocchi.ee205237-a111-485b-adae-8cab0c799d4b" 200 2 "GET http://172.18.0.2:8080/v1/AUTH_b75c04a01e2a4deebe28e21731b0483c/gnocchi.ee205237-a111-485b-adae-8cab0c799d4b?format=json&states=listing" "txa8213a30e248475282715-006998416d" "proxy-server 20" 0.0038 "-" 21 0
Feb 20 11:11:41 standalone proxy-server[129190]: 172.18.0.2 172.18.0.100 20/Feb/2026/11/11/41 GET /v1/AUTH_b75c04a01e2a4deebe28e21731b0483c/gnocchi.ee205237-a111-485b-adae-8cab0c799d4b%3Fformat%3Djson%26states%3Dlisting HTTP/1.0 200 - python-swiftclient-3.11.1 gAAAAABpmEDLewQk... - 2 - txa8213a30e248475282715-006998416d - 0.0255 - - 1771585901.883432627 1771585901.908889055 0
Feb 20 11:11:41 standalone object-server[127154]: 172.20.0.100 - - [20/Feb/2026:11:11:41 +0000] "GET /d1/782/AUTH_b75c04a01e2a4deebe28e21731b0483c/gnocchi.ee205237-a111-485b-adae-8cab0c799d4b/1771200000.0_mean_300.0_v3" 404 70 "GET http://172.18.0.2:8080/v1/AUTH_b75c04a01e2a4deebe28e21731b0483c/gnocchi.ee205237-a111-485b-adae-8cab0c799d4b/1771200000.0_mean_300.0_v3" "txe56b0cba18c14256b34ad-006998416d" "proxy-server 20" 0.0003 "-" 22 0
Feb 20 11:11:41 standalone proxy-server[129190]: 172.18.0.2 172.18.0.100 20/Feb/2026/11/11/41 GET /v1/AUTH_b75c04a01e2a4deebe28e21731b0483c/gnocchi.ee205237-a111-485b-adae-8cab0c799d4b/1771200000.0_mean_300.0_v3 HTTP/1.0 404 - python-swiftclient-3.11.1 gAAAAABpmEDLewQk... - 70 - txe56b0cba18c14256b34ad-006998416d - 0.0075 - - 1771585901.913498163 1771585901.921008110 0
Feb 20 11:11:41 standalone container-server[127027]: 172.20.0.100 - - [20/Feb/2026:11:11:41 +0000] "PUT /d1/190/AUTH_b75c04a01e2a4deebe28e21731b0483c/gnocchi.ee205237-a111-485b-adae-8cab0c799d4b/1771200000.0_mean_300.0_v3" 201 - "PUT http://172.18.0.2:8080/d1/782/AUTH_b75c04a01e2a4deebe28e21731b0483c/gnocchi.ee205237-a111-485b-adae-8cab0c799d4b/1771200000.0_mean_300.0_v3" "tx5dd4ffee16cf4a7b88a63-006998416d" "object-server 25" 0.0011 "-" 19 0
Feb 20 11:11:41 standalone object-server[127161]: 172.20.0.100 - - [20/Feb/2026:11:11:41 +0000] "PUT /d1/782/AUTH_b75c04a01e2a4deebe28e21731b0483c/gnocchi.ee205237-a111-485b-adae-8cab0c799d4b/1771200000.0_mean_300.0_v3" 201 - "PUT http://172.18.0.2:8080/v1/AUTH_b75c04a01e2a4deebe28e21731b0483c/gnocchi.ee205237-a111-485b-adae-8cab0c799d4b/1771200000.0_mean_300.0_v3" "tx5dd4ffee16cf4a7b88a63-006998416d" "proxy-server 20" 0.0157 "-" 25 0
Feb 20 11:11:41 standalone proxy-server[129190]: 172.18.0.2 172.18.0.100 20/Feb/2026/11/11/41 PUT /v1/AUTH_b75c04a01e2a4deebe28e21731b0483c/gnocchi.ee205237-a111-485b-adae-8cab0c799d4b/1771200000.0_mean_300.0_v3 HTTP/1.0 201 - python-swiftclient-3.11.1 gAAAAABpmEDLewQk... 16 - - tx5dd4ffee16cf4a7b88a63-006998416d - 0.0278 - - 1771585901.924765110 1771585901.952538252 0
Feb 20 11:11:41 standalone container-server[127035]: 172.20.0.100 - - [20/Feb/2026:11:11:41 +0000] "PUT /d1/190/AUTH_b75c04a01e2a4deebe28e21731b0483c/gnocchi.ee205237-a111-485b-adae-8cab0c799d4b/none_v3" 201 - "PUT http://172.18.0.2:8080/d1/615/AUTH_b75c04a01e2a4deebe28e21731b0483c/gnocchi.ee205237-a111-485b-adae-8cab0c799d4b/none_v3" "tx55f2c4998b0948e3a972f-006998416d" "object-server 22" 0.0009 "-" 20 0
Feb 20 11:11:41 standalone object-server[127154]: 172.20.0.100 - - [20/Feb/2026:11:11:41 +0000] "PUT /d1/615/AUTH_b75c04a01e2a4deebe28e21731b0483c/gnocchi.ee205237-a111-485b-adae-8cab0c799d4b/none_v3" 201 - "PUT http://172.18.0.2:8080/v1/AUTH_b75c04a01e2a4deebe28e21731b0483c/gnocchi.ee205237-a111-485b-adae-8cab0c799d4b/none_v3" "tx55f2c4998b0948e3a972f-006998416d" "proxy-server 20" 0.0127 "-" 22 0
Feb 20 11:11:41 standalone proxy-server[129190]: 172.18.0.2 172.18.0.100 20/Feb/2026/11/11/41 PUT /v1/AUTH_b75c04a01e2a4deebe28e21731b0483c/gnocchi.ee205237-a111-485b-adae-8cab0c799d4b/none_v3 HTTP/1.0 201 - python-swiftclient-3.11.1 gAAAAABpmEDLewQk... 22 - - tx55f2c4998b0948e3a972f-006998416d - 0.0198 - - 1771585901.955852985 1771585901.975629807 0
Feb 20 11:11:41 standalone container-server[127047]: 172.20.0.100 - - [20/Feb/2026:11:11:41 +0000] "HEAD /d1/471/AUTH_b75c04a01e2a4deebe28e21731b0483c/gnocchi.37c90dcb-ea84-4855-82b4-0341bf41aa37" 404 - "HEAD http://172.18.0.2:8080/v1/AUTH_b75c04a01e2a4deebe28e21731b0483c/gnocchi.37c90dcb-ea84-4855-82b4-0341bf41aa37?format=json&states=listing" "tx16362d2ba0b4436f81872-006998416d" "proxy-server 20" 0.0006 "-" 21 0
Feb 20 11:11:41 standalone object-server[127161]: 172.20.0.100 - - [20/Feb/2026:11:11:41 +0000] "GET /d1/51/AUTH_b75c04a01e2a4deebe28e21731b0483c/gnocchi.37c90dcb-ea84-4855-82b4-0341bf41aa37/none_v3" 404 70 "GET http://172.18.0.2:8080/v1/AUTH_b75c04a01e2a4deebe28e21731b0483c/gnocchi.37c90dcb-ea84-4855-82b4-0341bf41aa37/none_v3" "tx16362d2ba0b4436f81872-006998416d" "proxy-server 20" 0.0005 "-" 25 0
Feb 20 11:11:42 standalone proxy-server[129190]: 172.18.0.2 172.18.0.100 20/Feb/2026/11/11/41 GET /v1/AUTH_b75c04a01e2a4deebe28e21731b0483c/gnocchi.37c90dcb-ea84-4855-82b4-0341bf41aa37/none_v3 HTTP/1.0 404 - python-swiftclient-3.11.1 gAAAAABpmEDLewQk... - 70 - tx16362d2ba0b4436f81872-006998416d - 0.0116 - - 1771585901.988301039 1771585901.999897003 0
Feb 20 11:11:42 standalone account-server[126929]: 172.20.0.100 - - [20/Feb/2026:11:11:42 +0000] "PUT /d1/675/AUTH_b75c04a01e2a4deebe28e21731b0483c/gnocchi.37c90dcb-ea84-4855-82b4-0341bf41aa37" 201 - "PUT http://172.20.0.100:6001/d1/471/AUTH_b75c04a01e2a4deebe28e21731b0483c/gnocchi.37c90dcb-ea84-4855-82b4-0341bf41aa37" "txfcb6110519c540a8aeac0-006998416e" "container-server 21" 0.0063 "-" 21 0
Feb 20 11:11:42 standalone container-server[127047]: 172.20.0.100 - - [20/Feb/2026:11:11:42 +0000] "PUT /d1/471/AUTH_b75c04a01e2a4deebe28e21731b0483c/gnocchi.37c90dcb-ea84-4855-82b4-0341bf41aa37" 201 - "PUT http://172.18.0.2:8080/v1/AUTH_b75c04a01e2a4deebe28e21731b0483c/gnocchi.37c90dcb-ea84-4855-82b4-0341bf41aa37" "txfcb6110519c540a8aeac0-006998416e" "proxy-server 20" 0.0202 "-" 21 0
Feb 20 11:11:42 standalone proxy-server[129190]: 172.18.0.2 172.18.0.100 20/Feb/2026/11/11/42 PUT /v1/AUTH_b75c04a01e2a4deebe28e21731b0483c/gnocchi.37c90dcb-ea84-4855-82b4-0341bf41aa37 HTTP/1.0 201 - python-swiftclient-3.11.1 gAAAAABpmEDLewQk... - - - txfcb6110519c540a8aeac0-006998416e - 0.0265 - - 1771585902.003536463 1771585902.030046463 0
Feb 20 11:11:42 standalone container-server[127047]: 172.20.0.100 - - [20/Feb/2026:11:11:42 +0000] "HEAD /d1/471/AUTH_b75c04a01e2a4deebe28e21731b0483c/gnocchi.37c90dcb-ea84-4855-82b4-0341bf41aa37" 204 - "HEAD http://172.18.0.2:8080/v1/AUTH_b75c04a01e2a4deebe28e21731b0483c/gnocchi.37c90dcb-ea84-4855-82b4-0341bf41aa37?format=json&states=listing" "tx198fee6e22794fabb2e46-006998416e" "proxy-server 20" 0.0020 "-" 21 0
Feb 20 11:11:42 standalone proxy-server[129190]: - - 20/Feb/2026/11/11/42 HEAD /v1/AUTH_b75c04a01e2a4deebe28e21731b0483c/gnocchi.37c90dcb-ea84-4855-82b4-0341bf41aa37%3Fformat%3Djson%26states%3Dlisting HTTP/1.0 204 - Swift - - - - tx198fee6e22794fabb2e46-006998416e - 0.0061 RL - 1771585902.037504911 1771585902.043612480 0
Feb 20 11:11:42 standalone container-server[127027]: 172.20.0.100 - - [20/Feb/2026:11:11:42 +0000] "GET /d1/471/AUTH_b75c04a01e2a4deebe28e21731b0483c/gnocchi.37c90dcb-ea84-4855-82b4-0341bf41aa37" 200 2 "GET http://172.18.0.2:8080/v1/AUTH_b75c04a01e2a4deebe28e21731b0483c/gnocchi.37c90dcb-ea84-4855-82b4-0341bf41aa37?format=json&states=listing" "tx198fee6e22794fabb2e46-006998416e" "proxy-server 20" 0.0040 "-" 19 0
Feb 20 11:11:42 standalone proxy-server[129190]: 172.18.0.2 172.18.0.100 20/Feb/2026/11/11/42 GET /v1/AUTH_b75c04a01e2a4deebe28e21731b0483c/gnocchi.37c90dcb-ea84-4855-82b4-0341bf41aa37%3Fformat%3Djson%26states%3Dlisting HTTP/1.0 200 - python-swiftclient-3.11.1 gAAAAABpmEDLewQk... - 2 - tx198fee6e22794fabb2e46-006998416e - 0.0217 - - 1771585902.036018372 1771585902.057708502 0
Feb 20 11:11:42 standalone object-server[127157]: 172.20.0.100 - - [20/Feb/2026:11:11:42 +0000] "GET /d1/212/AUTH_b75c04a01e2a4deebe28e21731b0483c/gnocchi.37c90dcb-ea84-4855-82b4-0341bf41aa37/1771200000.0_mean_300.0_v3" 404 70 "GET http://172.18.0.2:8080/v1/AUTH_b75c04a01e2a4deebe28e21731b0483c/gnocchi.37c90dcb-ea84-4855-82b4-0341bf41aa37/1771200000.0_mean_300.0_v3" "txba948c676a3c462ebc38c-006998416e" "proxy-server 20" 0.0006 "-" 24 0
Feb 20 11:11:42 standalone proxy-server[129190]: 172.18.0.2 172.18.0.100 20/Feb/2026/11/11/42 GET /v1/AUTH_b75c04a01e2a4deebe28e21731b0483c/gnocchi.37c90dcb-ea84-4855-82b4-0341bf41aa37/1771200000.0_mean_300.0_v3 HTTP/1.0 404 - python-swiftclient-3.11.1 gAAAAABpmEDLewQk... - 70 - txba948c676a3c462ebc38c-006998416e - 0.0079 - - 1771585902.062802792 1771585902.070678234 0
Feb 20 11:11:42 standalone container-server[127072]: 172.20.0.100 - - [20/Feb/2026:11:11:42 +0000] "PUT /d1/471/AUTH_b75c04a01e2a4deebe28e21731b0483c/gnocchi.37c90dcb-ea84-4855-82b4-0341bf41aa37/1771200000.0_mean_300.0_v3" 201 - "PUT http://172.18.0.2:8080/d1/212/AUTH_b75c04a01e2a4deebe28e21731b0483c/gnocchi.37c90dcb-ea84-4855-82b4-0341bf41aa37/1771200000.0_mean_300.0_v3" "tx658502dd971a4c12aa121-006998416e" "object-server 24" 0.0014 "-" 23 0
Feb 20 11:11:42 standalone object-server[127157]: 172.20.0.100 - - [20/Feb/2026:11:11:42 +0000] "PUT /d1/212/AUTH_b75c04a01e2a4deebe28e21731b0483c/gnocchi.37c90dcb-ea84-4855-82b4-0341bf41aa37/1771200000.0_mean_300.0_v3" 201 - "PUT http://172.18.0.2:8080/v1/AUTH_b75c04a01e2a4deebe28e21731b0483c/gnocchi.37c90dcb-ea84-4855-82b4-0341bf41aa37/1771200000.0_mean_300.0_v3" "tx658502dd971a4c12aa121-006998416e" "proxy-server 20" 0.0156 "-" 24 0
Feb 20 11:11:42 standalone proxy-server[129190]: 172.18.0.2 172.18.0.100 20/Feb/2026/11/11/42 PUT /v1/AUTH_b75c04a01e2a4deebe28e21731b0483c/gnocchi.37c90dcb-ea84-4855-82b4-0341bf41aa37/1771200000.0_mean_300.0_v3 HTTP/1.0 201 - python-swiftclient-3.11.1 gAAAAABpmEDLewQk... 16 - - tx658502dd971a4c12aa121-006998416e - 0.0234 - - 1771585902.074489355 1771585902.097936630 0
Feb 20 11:11:42 standalone container-server[127027]: 172.20.0.100 - - [20/Feb/2026:11:11:42 +0000] "PUT /d1/471/AUTH_b75c04a01e2a4deebe28e21731b0483c/gnocchi.37c90dcb-ea84-4855-82b4-0341bf41aa37/none_v3" 201 - "PUT http://172.18.0.2:8080/d1/51/AUTH_b75c04a01e2a4deebe28e21731b0483c/gnocchi.37c90dcb-ea84-4855-82b4-0341bf41aa37/none_v3" "tx074fa0b7003f44a4b5802-006998416e" "object-server 25" 0.0008 "-" 19 0
Feb 20 11:11:42 standalone object-server[127161]: 172.20.0.100 - - [20/Feb/2026:11:11:42 +0000] "PUT /d1/51/AUTH_b75c04a01e2a4deebe28e21731b0483c/gnocchi.37c90dcb-ea84-4855-82b4-0341bf41aa37/none_v3" 201 - "PUT http://172.18.0.2:8080/v1/AUTH_b75c04a01e2a4deebe28e21731b0483c/gnocchi.37c90dcb-ea84-4855-82b4-0341bf41aa37/none_v3" "tx074fa0b7003f44a4b5802-006998416e" "proxy-server 20" 0.0150 "-" 25 0
Feb 20 11:11:42 standalone proxy-server[129190]: 172.18.0.2 172.18.0.100 20/Feb/2026/11/11/42 PUT /v1/AUTH_b75c04a01e2a4deebe28e21731b0483c/gnocchi.37c90dcb-ea84-4855-82b4-0341bf41aa37/none_v3 HTTP/1.0 201 - python-swiftclient-3.11.1 gAAAAABpmEDLewQk... 22 - - tx074fa0b7003f44a4b5802-006998416e - 0.0232 - - 1771585902.101929426 1771585902.125164032 0
Feb 20 11:11:42 standalone container-server[127072]: 172.20.0.100 - - [20/Feb/2026:11:11:42 +0000] "HEAD /d1/5/AUTH_b75c04a01e2a4deebe28e21731b0483c/gnocchi.88b3e342-5319-4e71-9303-5b191085b90c" 404 - "HEAD http://172.18.0.2:8080/v1/AUTH_b75c04a01e2a4deebe28e21731b0483c/gnocchi.88b3e342-5319-4e71-9303-5b191085b90c?format=json&states=listing" "tx62a9add9b5294494a7a0d-006998416e" "proxy-server 20" 0.0005 "-" 23 0
Feb 20 11:11:42 standalone object-server[127154]: 172.20.0.100 - - [20/Feb/2026:11:11:42 +0000] "GET /d1/130/AUTH_b75c04a01e2a4deebe28e21731b0483c/gnocchi.88b3e342-5319-4e71-9303-5b191085b90c/none_v3" 404 70 "GET http://172.18.0.2:8080/v1/AUTH_b75c04a01e2a4deebe28e21731b0483c/gnocchi.88b3e342-5319-4e71-9303-5b191085b90c/none_v3" "tx62a9add9b5294494a7a0d-006998416e" "proxy-server 20" 0.0004 "-" 22 0
Feb 20 11:11:42 standalone proxy-server[129190]: 172.18.0.2 172.18.0.100 20/Feb/2026/11/11/42 GET /v1/AUTH_b75c04a01e2a4deebe28e21731b0483c/gnocchi.88b3e342-5319-4e71-9303-5b191085b90c/none_v3 HTTP/1.0 404 - python-swiftclient-3.11.1 gAAAAABpmEDLewQk... - 70 - tx62a9add9b5294494a7a0d-006998416e - 0.0132 - - 1771585902.153398275 1771585902.166598320 0
Feb 20 11:11:42 standalone account-server[126937]: 172.20.0.100 - - [20/Feb/2026:11:11:42 +0000] "PUT /d1/675/AUTH_b75c04a01e2a4deebe28e21731b0483c/gnocchi.88b3e342-5319-4e71-9303-5b191085b90c" 201 - "PUT http://172.20.0.100:6001/d1/5/AUTH_b75c04a01e2a4deebe28e21731b0483c/gnocchi.88b3e342-5319-4e71-9303-5b191085b90c" "tx19e57eb2fa2548eda72ce-006998416e" "container-server 23" 0.0077 "-" 22 0
Feb 20 11:11:42 standalone container-server[127072]: 172.20.0.100 - - [20/Feb/2026:11:11:42 +0000] "PUT /d1/5/AUTH_b75c04a01e2a4deebe28e21731b0483c/gnocchi.88b3e342-5319-4e71-9303-5b191085b90c" 201 - "PUT http://172.18.0.2:8080/v1/AUTH_b75c04a01e2a4deebe28e21731b0483c/gnocchi.88b3e342-5319-4e71-9303-5b191085b90c" "tx19e57eb2fa2548eda72ce-006998416e" "proxy-server 20" 0.0203 "-" 23 0
Feb 20 11:11:42 standalone proxy-server[129190]: 172.18.0.2 172.18.0.100 20/Feb/2026/11/11/42 PUT /v1/AUTH_b75c04a01e2a4deebe28e21731b0483c/gnocchi.88b3e342-5319-4e71-9303-5b191085b90c HTTP/1.0 201 - python-swiftclient-3.11.1 gAAAAABpmEDLewQk... - - - tx19e57eb2fa2548eda72ce-006998416e - 0.0311 - - 1771585902.175690889 1771585902.206835747 0
Feb 20 11:11:42 standalone object-server[127156]: 172.20.0.100 - - [20/Feb/2026:11:11:42 +0000] "GET /d1/732/AUTH_b75c04a01e2a4deebe28e21731b0483c/gnocchi.cda90c3f-ef3a-4017-9794-9d21d82ae00c/none_v3" 200 22 "GET http://172.18.0.2:8080/v1/AUTH_b75c04a01e2a4deebe28e21731b0483c/gnocchi.cda90c3f-ef3a-4017-9794-9d21d82ae00c/none_v3" "txf6a2bcd3877b4f1789eab-006998416e" "proxy-server 20" 0.0012 "-" 23 0
Feb 20 11:11:42 standalone proxy-server[129190]: 172.18.0.2 172.18.0.100 20/Feb/2026/11/11/42 GET /v1/AUTH_b75c04a01e2a4deebe28e21731b0483c/gnocchi.cda90c3f-ef3a-4017-9794-9d21d82ae00c/none_v3 HTTP/1.0 200 - python-swiftclient-3.11.1 gAAAAABpmEDLewQk... - 22 - txf6a2bcd3877b4f1789eab-006998416e - 0.0094 - - 1771585902.211764574 1771585902.221131325 0
Feb 20 11:11:42 standalone container-server[127047]: 172.20.0.100 - - [20/Feb/2026:11:11:42 +0000] "HEAD /d1/5/AUTH_b75c04a01e2a4deebe28e21731b0483c/gnocchi.88b3e342-5319-4e71-9303-5b191085b90c" 204 - "HEAD http://172.18.0.2:8080/v1/AUTH_b75c04a01e2a4deebe28e21731b0483c/gnocchi.88b3e342-5319-4e71-9303-5b191085b90c?format=json&states=listing" "tx32ba584d5fcf472199761-006998416e" "proxy-server 20" 0.0033 "-" 21 0
Feb 20 11:11:42 standalone proxy-server[129190]: - - 20/Feb/2026/11/11/42 HEAD /v1/AUTH_b75c04a01e2a4deebe28e21731b0483c/gnocchi.88b3e342-5319-4e71-9303-5b191085b90c%3Fformat%3Djson%26states%3Dlisting HTTP/1.0 204 - Swift - - - - tx32ba584d5fcf472199761-006998416e - 0.0092 RL - 1771585902.228593588 1771585902.237787247 0
Feb 20 11:11:42 standalone container-server[127035]: 172.20.0.100 - - [20/Feb/2026:11:11:42 +0000] "GET /d1/5/AUTH_b75c04a01e2a4deebe28e21731b0483c/gnocchi.88b3e342-5319-4e71-9303-5b191085b90c" 200 2 "GET http://172.18.0.2:8080/v1/AUTH_b75c04a01e2a4deebe28e21731b0483c/gnocchi.88b3e342-5319-4e71-9303-5b191085b90c?format=json&states=listing" "tx32ba584d5fcf472199761-006998416e" "proxy-server 20" 0.0043 "-" 20 0
Feb 20 11:11:42 standalone proxy-server[129190]: 172.18.0.2 172.18.0.100 20/Feb/2026/11/11/42 GET /v1/AUTH_b75c04a01e2a4deebe28e21731b0483c/gnocchi.88b3e342-5319-4e71-9303-5b191085b90c%3Fformat%3Djson%26states%3Dlisting HTTP/1.0 200 - python-swiftclient-3.11.1 gAAAAABpmEDLewQk... - 2 - tx32ba584d5fcf472199761-006998416e - 0.0248 - - 1771585902.227051497 1771585902.251836300 0
Feb 20 11:11:42 standalone container-server[127035]: 172.20.0.100 - - [20/Feb/2026:11:11:42 +0000] "GET /d1/341/AUTH_b75c04a01e2a4deebe28e21731b0483c/gnocchi.cda90c3f-ef3a-4017-9794-9d21d82ae00c" 200 357 "GET http://172.18.0.2:8080/v1/AUTH_b75c04a01e2a4deebe28e21731b0483c/gnocchi.cda90c3f-ef3a-4017-9794-9d21d82ae00c?format=json&states=listing" "txe56a77cd083d44bc9ae5d-006998416e" "proxy-server 20" 0.0109 "-" 20 0
Feb 20 11:11:42 standalone proxy-server[129190]: 172.18.0.2 172.18.0.100 20/Feb/2026/11/11/42 GET /v1/AUTH_b75c04a01e2a4deebe28e21731b0483c/gnocchi.cda90c3f-ef3a-4017-9794-9d21d82ae00c%3Fformat%3Djson%26states%3Dlisting HTTP/1.0 200 - python-swiftclient-3.11.1 gAAAAABpmEDLewQk... - 357 - txe56a77cd083d44bc9ae5d-006998416e - 0.0192 - - 1771585902.259218931 1771585902.278391123 0
Feb 20 11:11:42 standalone container-server[127072]: 172.20.0.100 - - [20/Feb/2026:11:11:42 +0000] "GET /d1/341/AUTH_b75c04a01e2a4deebe28e21731b0483c/gnocchi.cda90c3f-ef3a-4017-9794-9d21d82ae00c" 200 2 "GET http://172.18.0.2:8080/v1/AUTH_b75c04a01e2a4deebe28e21731b0483c/gnocchi.cda90c3f-ef3a-4017-9794-9d21d82ae00c?format=json&marker=none_v3&states=listing" "tx333e4bea00a64215a82d9-006998416e" "proxy-server 20" 0.0036 "-" 23 0
Feb 20 11:11:42 standalone proxy-server[129190]: 172.18.0.2 172.18.0.100 20/Feb/2026/11/11/42 GET /v1/AUTH_b75c04a01e2a4deebe28e21731b0483c/gnocchi.cda90c3f-ef3a-4017-9794-9d21d82ae00c%3Fformat%3Djson%26marker%3Dnone_v3%26states%3Dlisting HTTP/1.0 200 - python-swiftclient-3.11.1 gAAAAABpmEDLewQk... - 2 - tx333e4bea00a64215a82d9-006998416e - 0.0118 - - 1771585902.282748222 1771585902.294580698 0
Feb 20 11:11:42 standalone object-server[127161]: 172.20.0.100 - - [20/Feb/2026:11:11:42 +0000] "GET /d1/808/AUTH_b75c04a01e2a4deebe28e21731b0483c/gnocchi.88b3e342-5319-4e71-9303-5b191085b90c/1771200000.0_mean_300.0_v3" 404 70 "GET http://172.18.0.2:8080/v1/AUTH_b75c04a01e2a4deebe28e21731b0483c/gnocchi.88b3e342-5319-4e71-9303-5b191085b90c/1771200000.0_mean_300.0_v3" "tx651fdc30748b48c280603-006998416e" "proxy-server 20" 0.0006 "-" 25 0
Feb 20 11:11:42 standalone proxy-server[129190]: 172.18.0.2 172.18.0.100 20/Feb/2026/11/11/42 GET /v1/AUTH_b75c04a01e2a4deebe28e21731b0483c/gnocchi.88b3e342-5319-4e71-9303-5b191085b90c/1771200000.0_mean_300.0_v3 HTTP/1.0 404 - python-swiftclient-3.11.1 gAAAAABpmEDLewQk... - 70 - tx651fdc30748b48c280603-006998416e - 0.0085 - - 1771585902.299550056 1771585902.308069706 0
Feb 20 11:11:42 standalone object-server[127161]: 172.20.0.100 - - [20/Feb/2026:11:11:42 +0000] "GET /d1/640/AUTH_b75c04a01e2a4deebe28e21731b0483c/gnocchi.cda90c3f-ef3a-4017-9794-9d21d82ae00c/1771200000.0_mean_300.0_v3" 200 16 "GET http://172.18.0.2:8080/v1/AUTH_b75c04a01e2a4deebe28e21731b0483c/gnocchi.cda90c3f-ef3a-4017-9794-9d21d82ae00c/1771200000.0_mean_300.0_v3" "txe8d9dc1b8d954633a5518-006998416e" "proxy-server 20" 0.0010 "-" 25 0
Feb 20 11:11:42 standalone proxy-server[129190]: 172.18.0.2 172.18.0.100 20/Feb/2026/11/11/42 GET /v1/AUTH_b75c04a01e2a4deebe28e21731b0483c/gnocchi.cda90c3f-ef3a-4017-9794-9d21d82ae00c/1771200000.0_mean_300.0_v3 HTTP/1.0 200 - python-swiftclient-3.11.1 gAAAAABpmEDLewQk... - 16 - txe8d9dc1b8d954633a5518-006998416e - 0.0092 - - 1771585902.311728716 1771585902.320894480 0
Feb 20 11:11:42 standalone container-server[127047]: 172.20.0.100 - - [20/Feb/2026:11:11:42 +0000] "PUT /d1/5/AUTH_b75c04a01e2a4deebe28e21731b0483c/gnocchi.88b3e342-5319-4e71-9303-5b191085b90c/1771200000.0_mean_300.0_v3" 201 - "PUT http://172.18.0.2:8080/d1/808/AUTH_b75c04a01e2a4deebe28e21731b0483c/gnocchi.88b3e342-5319-4e71-9303-5b191085b90c/1771200000.0_mean_300.0_v3" "txc0d00ace79a842d6a26cb-006998416e" "object-server 23" 0.0013 "-" 21 0
Feb 20 11:11:42 standalone object-server[127156]: 172.20.0.100 - - [20/Feb/2026:11:11:42 +0000] "PUT /d1/808/AUTH_b75c04a01e2a4deebe28e21731b0483c/gnocchi.88b3e342-5319-4e71-9303-5b191085b90c/1771200000.0_mean_300.0_v3" 201 - "PUT http://172.18.0.2:8080/v1/AUTH_b75c04a01e2a4deebe28e21731b0483c/gnocchi.88b3e342-5319-4e71-9303-5b191085b90c/1771200000.0_mean_300.0_v3" "txc0d00ace79a842d6a26cb-006998416e" "proxy-server 20" 0.0287 "-" 23 0
Feb 20 11:11:42 standalone proxy-server[129190]: 172.18.0.2 172.18.0.100 20/Feb/2026/11/11/42 PUT /v1/AUTH_b75c04a01e2a4deebe28e21731b0483c/gnocchi.88b3e342-5319-4e71-9303-5b191085b90c/1771200000.0_mean_300.0_v3 HTTP/1.0 201 - python-swiftclient-3.11.1 gAAAAABpmEDLewQk... 16 - - txc0d00ace79a842d6a26cb-006998416e - 0.0424 - - 1771585902.325128555 1771585902.367578506 0
Feb 20 11:11:42 standalone container-server[127047]: 172.20.0.100 - - [20/Feb/2026:11:11:42 +0000] "PUT /d1/341/AUTH_b75c04a01e2a4deebe28e21731b0483c/gnocchi.cda90c3f-ef3a-4017-9794-9d21d82ae00c/1771200000.0_mean_300.0_v3" 201 - "PUT http://172.18.0.2:8080/d1/640/AUTH_b75c04a01e2a4deebe28e21731b0483c/gnocchi.cda90c3f-ef3a-4017-9794-9d21d82ae00c/1771200000.0_mean_300.0_v3" "txd4f50b5d40ab49efbf067-006998416e" "object-server 22" 0.0009 "-" 21 0
Feb 20 11:11:42 standalone object-server[127154]: 172.20.0.100 - - [20/Feb/2026:11:11:42 +0000] "PUT /d1/640/AUTH_b75c04a01e2a4deebe28e21731b0483c/gnocchi.cda90c3f-ef3a-4017-9794-9d21d82ae00c/1771200000.0_mean_300.0_v3" 201 - "PUT http://172.18.0.2:8080/v1/AUTH_b75c04a01e2a4deebe28e21731b0483c/gnocchi.cda90c3f-ef3a-4017-9794-9d21d82ae00c/1771200000.0_mean_300.0_v3" "txd4f50b5d40ab49efbf067-006998416e" "proxy-server 20" 0.0138 "-" 22 0
Feb 20 11:11:42 standalone proxy-server[129190]: 172.18.0.2 172.18.0.100 20/Feb/2026/11/11/42 PUT /v1/AUTH_b75c04a01e2a4deebe28e21731b0483c/gnocchi.cda90c3f-ef3a-4017-9794-9d21d82ae00c/1771200000.0_mean_300.0_v3 HTTP/1.0 201 - python-swiftclient-3.11.1 gAAAAABpmEDLewQk... 16 - - txd4f50b5d40ab49efbf067-006998416e - 0.0233 - - 1771585902.372800827 1771585902.396133661 0
Feb 20 11:11:42 standalone container-server[127035]: 172.20.0.100 - - [20/Feb/2026:11:11:42 +0000] "PUT /d1/5/AUTH_b75c04a01e2a4deebe28e21731b0483c/gnocchi.88b3e342-5319-4e71-9303-5b191085b90c/none_v3" 201 - "PUT http://172.18.0.2:8080/d1/130/AUTH_b75c04a01e2a4deebe28e21731b0483c/gnocchi.88b3e342-5319-4e71-9303-5b191085b90c/none_v3" "tx81eaa611d25049c3af559-006998416e" "object-server 25" 0.0009 "-" 20 0
Feb 20 11:11:42 standalone object-server[127161]: 172.20.0.100 - - [20/Feb/2026:11:11:42 +0000] "PUT /d1/130/AUTH_b75c04a01e2a4deebe28e21731b0483c/gnocchi.88b3e342-5319-4e71-9303-5b191085b90c/none_v3" 201 - "PUT http://172.18.0.2:8080/v1/AUTH_b75c04a01e2a4deebe28e21731b0483c/gnocchi.88b3e342-5319-4e71-9303-5b191085b90c/none_v3" "tx81eaa611d25049c3af559-006998416e" "proxy-server 20" 0.0105 "-" 25 0
Feb 20 11:11:42 standalone proxy-server[129190]: 172.18.0.2 172.18.0.100 20/Feb/2026/11/11/42 PUT /v1/AUTH_b75c04a01e2a4deebe28e21731b0483c/gnocchi.88b3e342-5319-4e71-9303-5b191085b90c/none_v3 HTTP/1.0 201 - python-swiftclient-3.11.1 gAAAAABpmEDLewQk... 22 - - tx81eaa611d25049c3af559-006998416e - 0.0183 - - 1771585902.400130033 1771585902.418400526 0
