Feb 20 11:11:07 standalone proxy-server[129190]: 172.18.0.2 172.18.0.100 20/Feb/2026/11/11/07 PUT /v1/AUTH_b75c04a01e2a4deebe28e21731b0483c/gnocchi.79bb3bf9-b078-4cb3-8348-773780228861/1771200000.0_mean_300.0_v3 HTTP/1.0 201 - python-swiftclient-3.11.1 gAAAAABpmEDLewQk... 16 - - txcd3107d0d8814cadb74d3-006998414b - 0.0249 - - 1771585867.721578598 1771585867.746438503 0
Feb 20 11:11:07 standalone container-server[127035]: 172.20.0.100 - - [20/Feb/2026:11:11:07 +0000] "PUT /d1/912/AUTH_b75c04a01e2a4deebe28e21731b0483c/gnocchi.79bb3bf9-b078-4cb3-8348-773780228861/none_v3" 201 - "PUT http://172.18.0.2:8080/d1/361/AUTH_b75c04a01e2a4deebe28e21731b0483c/gnocchi.79bb3bf9-b078-4cb3-8348-773780228861/none_v3" "txeaf5ebf9b789495bb3240-006998414b" "object-server 23" 0.0005 "-" 20 0
Feb 20 11:11:07 standalone object-server[127156]: 172.20.0.100 - - [20/Feb/2026:11:11:07 +0000] "PUT /d1/361/AUTH_b75c04a01e2a4deebe28e21731b0483c/gnocchi.79bb3bf9-b078-4cb3-8348-773780228861/none_v3" 201 - "PUT http://172.18.0.2:8080/v1/AUTH_b75c04a01e2a4deebe28e21731b0483c/gnocchi.79bb3bf9-b078-4cb3-8348-773780228861/none_v3" "txeaf5ebf9b789495bb3240-006998414b" "proxy-server 20" 0.0153 "-" 23 0
Feb 20 11:11:07 standalone proxy-server[129190]: 172.18.0.2 172.18.0.100 20/Feb/2026/11/11/07 PUT /v1/AUTH_b75c04a01e2a4deebe28e21731b0483c/gnocchi.79bb3bf9-b078-4cb3-8348-773780228861/none_v3 HTTP/1.0 201 - python-swiftclient-3.11.1 gAAAAABpmEDLewQk... 22 - - txeaf5ebf9b789495bb3240-006998414b - 0.0271 - - 1771585867.758274555 1771585867.785418034 0
Feb 20 11:11:07 standalone object-server[127156]: 172.20.0.100 - - [20/Feb/2026:11:11:07 +0000] "GET /d1/874/AUTH_b75c04a01e2a4deebe28e21731b0483c/gnocchi.35f0f5fa-d1ec-4fc5-ad0e-296c4d0ceb74/none_v3" 200 33 "GET http://172.18.0.2:8080/v1/AUTH_b75c04a01e2a4deebe28e21731b0483c/gnocchi.35f0f5fa-d1ec-4fc5-ad0e-296c4d0ceb74/none_v3" "tx5b55cc7d1a474957bda55-006998414b" "proxy-server 20" 0.0008 "-" 23 0
Feb 20 11:11:07 standalone proxy-server[129190]: 172.18.0.2 172.18.0.100 20/Feb/2026/11/11/07 GET /v1/AUTH_b75c04a01e2a4deebe28e21731b0483c/gnocchi.35f0f5fa-d1ec-4fc5-ad0e-296c4d0ceb74/none_v3 HTTP/1.0 200 - python-swiftclient-3.11.1 gAAAAABpmEDLewQk... - 33 - tx5b55cc7d1a474957bda55-006998414b - 0.0064 - - 1771585867.863368750 1771585867.869795561 0
Feb 20 11:11:07 standalone container-server[127035]: 172.20.0.100 - - [20/Feb/2026:11:11:07 +0000] "GET /d1/946/AUTH_b75c04a01e2a4deebe28e21731b0483c/gnocchi.35f0f5fa-d1ec-4fc5-ad0e-296c4d0ceb74" 200 357 "GET http://172.18.0.2:8080/v1/AUTH_b75c04a01e2a4deebe28e21731b0483c/gnocchi.35f0f5fa-d1ec-4fc5-ad0e-296c4d0ceb74?format=json&states=listing" "tx0f2379bf17ef471e9d1ef-006998414b" "proxy-server 20" 0.0562 "-" 20 0
Feb 20 11:11:07 standalone proxy-server[129190]: 172.18.0.2 172.18.0.100 20/Feb/2026/11/11/07 GET /v1/AUTH_b75c04a01e2a4deebe28e21731b0483c/gnocchi.35f0f5fa-d1ec-4fc5-ad0e-296c4d0ceb74%3Fformat%3Djson%26states%3Dlisting HTTP/1.0 200 - python-swiftclient-3.11.1 gAAAAABpmEDLewQk... - 357 - tx0f2379bf17ef471e9d1ef-006998414b - 0.0633 - - 1771585867.873846054 1771585867.937186480 0
Feb 20 11:11:07 standalone container-server[127027]: 172.20.0.100 - - [20/Feb/2026:11:11:07 +0000] "GET /d1/946/AUTH_b75c04a01e2a4deebe28e21731b0483c/gnocchi.35f0f5fa-d1ec-4fc5-ad0e-296c4d0ceb74" 200 2 "GET http://172.18.0.2:8080/v1/AUTH_b75c04a01e2a4deebe28e21731b0483c/gnocchi.35f0f5fa-d1ec-4fc5-ad0e-296c4d0ceb74?format=json&marker=none_v3&states=listing" "tx3290799dc4c149648890c-006998414b" "proxy-server 20" 0.0028 "-" 19 0
Feb 20 11:11:07 standalone proxy-server[129190]: 172.18.0.2 172.18.0.100 20/Feb/2026/11/11/07 GET /v1/AUTH_b75c04a01e2a4deebe28e21731b0483c/gnocchi.35f0f5fa-d1ec-4fc5-ad0e-296c4d0ceb74%3Fformat%3Djson%26marker%3Dnone_v3%26states%3Dlisting HTTP/1.0 200 - python-swiftclient-3.11.1 gAAAAABpmEDLewQk... - 2 - tx3290799dc4c149648890c-006998414b - 0.0134 - - 1771585867.940615177 1771585867.954042435 0
Feb 20 11:11:07 standalone object-server[127157]: 172.20.0.100 - - [20/Feb/2026:11:11:07 +0000] "GET /d1/103/AUTH_b75c04a01e2a4deebe28e21731b0483c/gnocchi.35f0f5fa-d1ec-4fc5-ad0e-296c4d0ceb74/1771200000.0_mean_300.0_v3" 200 16 "GET http://172.18.0.2:8080/v1/AUTH_b75c04a01e2a4deebe28e21731b0483c/gnocchi.35f0f5fa-d1ec-4fc5-ad0e-296c4d0ceb74/1771200000.0_mean_300.0_v3" "tx26a912cd61d444158482f-006998414b" "proxy-server 20" 0.0012 "-" 24 0
Feb 20 11:11:07 standalone proxy-server[129190]: 172.18.0.2 172.18.0.100 20/Feb/2026/11/11/07 GET /v1/AUTH_b75c04a01e2a4deebe28e21731b0483c/gnocchi.35f0f5fa-d1ec-4fc5-ad0e-296c4d0ceb74/1771200000.0_mean_300.0_v3 HTTP/1.0 200 - python-swiftclient-3.11.1 gAAAAABpmEDLewQk... - 16 - tx26a912cd61d444158482f-006998414b - 0.0056 - - 1771585867.959108829 1771585867.964665651 0
Feb 20 11:11:07 standalone container-server[127072]: 172.20.0.100 - - [20/Feb/2026:11:11:07 +0000] "PUT /d1/946/AUTH_b75c04a01e2a4deebe28e21731b0483c/gnocchi.35f0f5fa-d1ec-4fc5-ad0e-296c4d0ceb74/1771200000.0_mean_300.0_v3" 201 - "PUT http://172.18.0.2:8080/d1/103/AUTH_b75c04a01e2a4deebe28e21731b0483c/gnocchi.35f0f5fa-d1ec-4fc5-ad0e-296c4d0ceb74/1771200000.0_mean_300.0_v3" "tx965b7d12a897429094780-006998414b" "object-server 23" 0.0006 "-" 23 0
Feb 20 11:11:07 standalone object-server[127156]: 172.20.0.100 - - [20/Feb/2026:11:11:07 +0000] "PUT /d1/103/AUTH_b75c04a01e2a4deebe28e21731b0483c/gnocchi.35f0f5fa-d1ec-4fc5-ad0e-296c4d0ceb74/1771200000.0_mean_300.0_v3" 201 - "PUT http://172.18.0.2:8080/v1/AUTH_b75c04a01e2a4deebe28e21731b0483c/gnocchi.35f0f5fa-d1ec-4fc5-ad0e-296c4d0ceb74/1771200000.0_mean_300.0_v3" "tx965b7d12a897429094780-006998414b" "proxy-server 20" 0.0081 "-" 23 0
Feb 20 11:11:07 standalone proxy-server[129190]: 172.18.0.2 172.18.0.100 20/Feb/2026/11/11/07 PUT /v1/AUTH_b75c04a01e2a4deebe28e21731b0483c/gnocchi.35f0f5fa-d1ec-4fc5-ad0e-296c4d0ceb74/1771200000.0_mean_300.0_v3 HTTP/1.0 201 - python-swiftclient-3.11.1 gAAAAABpmEDLewQk... 16 - - tx965b7d12a897429094780-006998414b - 0.0159 - - 1771585867.966684818 1771585867.982584715 0
Feb 20 11:11:07 standalone container-server[127027]: 172.20.0.100 - - [20/Feb/2026:11:11:07 +0000] "PUT /d1/946/AUTH_b75c04a01e2a4deebe28e21731b0483c/gnocchi.35f0f5fa-d1ec-4fc5-ad0e-296c4d0ceb74/none_v3" 201 - "PUT http://172.18.0.2:8080/d1/874/AUTH_b75c04a01e2a4deebe28e21731b0483c/gnocchi.35f0f5fa-d1ec-4fc5-ad0e-296c4d0ceb74/none_v3" "tx50255a38d72f4d0f914db-006998414b" "object-server 24" 0.0009 "-" 19 0
Feb 20 11:11:07 standalone object-server[127157]: 172.20.0.100 - - [20/Feb/2026:11:11:07 +0000] "PUT /d1/874/AUTH_b75c04a01e2a4deebe28e21731b0483c/gnocchi.35f0f5fa-d1ec-4fc5-ad0e-296c4d0ceb74/none_v3" 201 - "PUT http://172.18.0.2:8080/v1/AUTH_b75c04a01e2a4deebe28e21731b0483c/gnocchi.35f0f5fa-d1ec-4fc5-ad0e-296c4d0ceb74/none_v3" "tx50255a38d72f4d0f914db-006998414b" "proxy-server 20" 0.0079 "-" 24 0
Feb 20 11:11:07 standalone proxy-server[129190]: 172.18.0.2 172.18.0.100 20/Feb/2026/11/11/07 PUT /v1/AUTH_b75c04a01e2a4deebe28e21731b0483c/gnocchi.35f0f5fa-d1ec-4fc5-ad0e-296c4d0ceb74/none_v3 HTTP/1.0 201 - python-swiftclient-3.11.1 gAAAAABpmEDLewQk... 48 - - tx50255a38d72f4d0f914db-006998414b - 0.0123 - - 1771585867.984985590 1771585867.997297525 0
Feb 20 11:11:08 standalone object-server[127156]: 172.20.0.100 - - [20/Feb/2026:11:11:08 +0000] "GET /d1/916/AUTH_b75c04a01e2a4deebe28e21731b0483c/gnocchi.ec1be44e-c029-4e9e-9994-6d4c3ae5c4c7/none_v3" 200 33 "GET http://172.18.0.2:8080/v1/AUTH_b75c04a01e2a4deebe28e21731b0483c/gnocchi.ec1be44e-c029-4e9e-9994-6d4c3ae5c4c7/none_v3" "tx9e0e55794fa4491a8fab5-006998414c" "proxy-server 20" 0.0011 "-" 23 0
Feb 20 11:11:08 standalone proxy-server[129190]: 172.18.0.2 172.18.0.100 20/Feb/2026/11/11/08 GET /v1/AUTH_b75c04a01e2a4deebe28e21731b0483c/gnocchi.ec1be44e-c029-4e9e-9994-6d4c3ae5c4c7/none_v3 HTTP/1.0 200 - python-swiftclient-3.11.1 gAAAAABpmEDLewQk... - 33 - tx9e0e55794fa4491a8fab5-006998414c - 0.0066 - - 1771585868.007275343 1771585868.013884068 0
Feb 20 11:11:08 standalone container-server[127047]: 172.20.0.100 - - [20/Feb/2026:11:11:08 +0000] "GET /d1/696/AUTH_b75c04a01e2a4deebe28e21731b0483c/gnocchi.ec1be44e-c029-4e9e-9994-6d4c3ae5c4c7" 200 357 "GET http://172.18.0.2:8080/v1/AUTH_b75c04a01e2a4deebe28e21731b0483c/gnocchi.ec1be44e-c029-4e9e-9994-6d4c3ae5c4c7?format=json&states=listing" "tx3aea63982f4843c280b48-006998414c" "proxy-server 20" 0.0066 "-" 21 0
Feb 20 11:11:08 standalone proxy-server[129190]: 172.18.0.2 172.18.0.100 20/Feb/2026/11/11/08 GET /v1/AUTH_b75c04a01e2a4deebe28e21731b0483c/gnocchi.ec1be44e-c029-4e9e-9994-6d4c3ae5c4c7%3Fformat%3Djson%26states%3Dlisting HTTP/1.0 200 - python-swiftclient-3.11.1 gAAAAABpmEDLewQk... - 357 - tx3aea63982f4843c280b48-006998414c - 0.0111 - - 1771585868.016133308 1771585868.027227163 0
Feb 20 11:11:08 standalone container-server[127072]: 172.20.0.100 - - [20/Feb/2026:11:11:08 +0000] "GET /d1/696/AUTH_b75c04a01e2a4deebe28e21731b0483c/gnocchi.ec1be44e-c029-4e9e-9994-6d4c3ae5c4c7" 200 2 "GET http://172.18.0.2:8080/v1/AUTH_b75c04a01e2a4deebe28e21731b0483c/gnocchi.ec1be44e-c029-4e9e-9994-6d4c3ae5c4c7?format=json&marker=none_v3&states=listing" "tx04cc370b702e4f848f8f5-006998414c" "proxy-server 20" 0.0017 "-" 23 0
Feb 20 11:11:08 standalone proxy-server[129190]: 172.18.0.2 172.18.0.100 20/Feb/2026/11/11/08 GET /v1/AUTH_b75c04a01e2a4deebe28e21731b0483c/gnocchi.ec1be44e-c029-4e9e-9994-6d4c3ae5c4c7%3Fformat%3Djson%26marker%3Dnone_v3%26states%3Dlisting HTTP/1.0 200 - python-swiftclient-3.11.1 gAAAAABpmEDLewQk... - 2 - tx04cc370b702e4f848f8f5-006998414c - 0.0062 - - 1771585868.028973103 1771585868.035166025 0
Feb 20 11:11:08 standalone object-server[127157]: 172.20.0.100 - - [20/Feb/2026:11:11:08 +0000] "GET /d1/182/AUTH_b75c04a01e2a4deebe28e21731b0483c/gnocchi.ec1be44e-c029-4e9e-9994-6d4c3ae5c4c7/1771200000.0_mean_300.0_v3" 200 16 "GET http://172.18.0.2:8080/v1/AUTH_b75c04a01e2a4deebe28e21731b0483c/gnocchi.ec1be44e-c029-4e9e-9994-6d4c3ae5c4c7/1771200000.0_mean_300.0_v3" "txcbf5f999cd254ceeae1e9-006998414c" "proxy-server 20" 0.0007 "-" 24 0
Feb 20 11:11:08 standalone proxy-server[129190]: 172.18.0.2 172.18.0.100 20/Feb/2026/11/11/08 GET /v1/AUTH_b75c04a01e2a4deebe28e21731b0483c/gnocchi.ec1be44e-c029-4e9e-9994-6d4c3ae5c4c7/1771200000.0_mean_300.0_v3 HTTP/1.0 200 - python-swiftclient-3.11.1 gAAAAABpmEDLewQk... - 16 - txcbf5f999cd254ceeae1e9-006998414c - 0.0050 - - 1771585868.038044691 1771585868.043051720 0
Feb 20 11:11:08 standalone container-server[127035]: 172.20.0.100 - - [20/Feb/2026:11:11:08 +0000] "PUT /d1/696/AUTH_b75c04a01e2a4deebe28e21731b0483c/gnocchi.ec1be44e-c029-4e9e-9994-6d4c3ae5c4c7/1771200000.0_mean_300.0_v3" 201 - "PUT http://172.18.0.2:8080/d1/182/AUTH_b75c04a01e2a4deebe28e21731b0483c/gnocchi.ec1be44e-c029-4e9e-9994-6d4c3ae5c4c7/1771200000.0_mean_300.0_v3" "txbf0a7e9bafe847c7aa417-006998414c" "object-server 24" 0.0006 "-" 20 0
Feb 20 11:11:08 standalone object-server[127157]: 172.20.0.100 - - [20/Feb/2026:11:11:08 +0000] "PUT /d1/182/AUTH_b75c04a01e2a4deebe28e21731b0483c/gnocchi.ec1be44e-c029-4e9e-9994-6d4c3ae5c4c7/1771200000.0_mean_300.0_v3" 201 - "PUT http://172.18.0.2:8080/v1/AUTH_b75c04a01e2a4deebe28e21731b0483c/gnocchi.ec1be44e-c029-4e9e-9994-6d4c3ae5c4c7/1771200000.0_mean_300.0_v3" "txbf0a7e9bafe847c7aa417-006998414c" "proxy-server 20" 0.0081 "-" 24 0
Feb 20 11:11:08 standalone proxy-server[129190]: 172.18.0.2 172.18.0.100 20/Feb/2026/11/11/08 PUT /v1/AUTH_b75c04a01e2a4deebe28e21731b0483c/gnocchi.ec1be44e-c029-4e9e-9994-6d4c3ae5c4c7/1771200000.0_mean_300.0_v3 HTTP/1.0 201 - python-swiftclient-3.11.1 gAAAAABpmEDLewQk... 16 - - txbf0a7e9bafe847c7aa417-006998414c - 0.0116 - - 1771585868.045207977 1771585868.056849480 0
Feb 20 11:11:08 standalone container-server[127027]: 172.20.0.100 - - [20/Feb/2026:11:11:08 +0000] "PUT /d1/696/AUTH_b75c04a01e2a4deebe28e21731b0483c/gnocchi.ec1be44e-c029-4e9e-9994-6d4c3ae5c4c7/none_v3" 201 - "PUT http://172.18.0.2:8080/d1/916/AUTH_b75c04a01e2a4deebe28e21731b0483c/gnocchi.ec1be44e-c029-4e9e-9994-6d4c3ae5c4c7/none_v3" "tx77dfb4abd05440deaefc6-006998414c" "object-server 22" 0.0005 "-" 19 0
Feb 20 11:11:08 standalone object-server[127154]: 172.20.0.100 - - [20/Feb/2026:11:11:08 +0000] "PUT /d1/916/AUTH_b75c04a01e2a4deebe28e21731b0483c/gnocchi.ec1be44e-c029-4e9e-9994-6d4c3ae5c4c7/none_v3" 201 - "PUT http://172.18.0.2:8080/v1/AUTH_b75c04a01e2a4deebe28e21731b0483c/gnocchi.ec1be44e-c029-4e9e-9994-6d4c3ae5c4c7/none_v3" "tx77dfb4abd05440deaefc6-006998414c" "proxy-server 20" 0.0074 "-" 22 0
Feb 20 11:11:08 standalone proxy-server[129190]: 172.18.0.2 172.18.0.100 20/Feb/2026/11/11/08 PUT /v1/AUTH_b75c04a01e2a4deebe28e21731b0483c/gnocchi.ec1be44e-c029-4e9e-9994-6d4c3ae5c4c7/none_v3 HTTP/1.0 201 - python-swiftclient-3.11.1 gAAAAABpmEDLewQk... 48 - - tx77dfb4abd05440deaefc6-006998414c - 0.0112 - - 1771585868.058743000 1771585868.069935799 0
Feb 20 11:11:09 standalone object-server[127156]: 172.20.0.100 - - [20/Feb/2026:11:11:09 +0000] "GET /d1/361/AUTH_b75c04a01e2a4deebe28e21731b0483c/gnocchi.79bb3bf9-b078-4cb3-8348-773780228861/none_v3" 200 22 "GET http://172.18.0.2:8080/v1/AUTH_b75c04a01e2a4deebe28e21731b0483c/gnocchi.79bb3bf9-b078-4cb3-8348-773780228861/none_v3" "tx39b2d2aa909b47de8829a-006998414d" "proxy-server 20" 0.0010 "-" 23 0
Feb 20 11:11:09 standalone proxy-server[129190]: 172.18.0.2 172.18.0.100 20/Feb/2026/11/11/09 GET /v1/AUTH_b75c04a01e2a4deebe28e21731b0483c/gnocchi.79bb3bf9-b078-4cb3-8348-773780228861/none_v3 HTTP/1.0 200 - python-swiftclient-3.11.1 gAAAAABpmEDLewQk... - 22 - tx39b2d2aa909b47de8829a-006998414d - 0.0100 - - 1771585869.372562408 1771585869.382523537 0
Feb 20 11:11:09 standalone container-server[127047]: 172.20.0.100 - - [20/Feb/2026:11:11:09 +0000] "GET /d1/912/AUTH_b75c04a01e2a4deebe28e21731b0483c/gnocchi.79bb3bf9-b078-4cb3-8348-773780228861" 200 357 "GET http://172.18.0.2:8080/v1/AUTH_b75c04a01e2a4deebe28e21731b0483c/gnocchi.79bb3bf9-b078-4cb3-8348-773780228861?format=json&states=listing" "tx5403bdfc349445278e41b-006998414d" "proxy-server 20" 0.0102 "-" 21 0
Feb 20 11:11:09 standalone proxy-server[129190]: 172.18.0.2 172.18.0.100 20/Feb/2026/11/11/09 GET /v1/AUTH_b75c04a01e2a4deebe28e21731b0483c/gnocchi.79bb3bf9-b078-4cb3-8348-773780228861%3Fformat%3Djson%26states%3Dlisting HTTP/1.0 200 - python-swiftclient-3.11.1 gAAAAABpmEDLewQk... - 357 - tx5403bdfc349445278e41b-006998414d - 0.0200 - - 1771585869.386248350 1771585869.406284332 0
Feb 20 11:11:09 standalone container-server[127027]: 172.20.0.100 - - [20/Feb/2026:11:11:09 +0000] "GET /d1/912/AUTH_b75c04a01e2a4deebe28e21731b0483c/gnocchi.79bb3bf9-b078-4cb3-8348-773780228861" 200 2 "GET http://172.18.0.2:8080/v1/AUTH_b75c04a01e2a4deebe28e21731b0483c/gnocchi.79bb3bf9-b078-4cb3-8348-773780228861?format=json&marker=none_v3&states=listing" "txb8f80c848902420ab3aa0-006998414d" "proxy-server 20" 0.0021 "-" 19 0
Feb 20 11:11:09 standalone proxy-server[129190]: 172.18.0.2 172.18.0.100 20/Feb/2026/11/11/09 GET /v1/AUTH_b75c04a01e2a4deebe28e21731b0483c/gnocchi.79bb3bf9-b078-4cb3-8348-773780228861%3Fformat%3Djson%26marker%3Dnone_v3%26states%3Dlisting HTTP/1.0 200 - python-swiftclient-3.11.1 gAAAAABpmEDLewQk... - 2 - txb8f80c848902420ab3aa0-006998414d - 0.0102 - - 1771585869.412210703 1771585869.422456026 0
Feb 20 11:11:09 standalone object-server[127161]: 172.20.0.100 - - [20/Feb/2026:11:11:09 +0000] "GET /d1/26/AUTH_b75c04a01e2a4deebe28e21731b0483c/gnocchi.79bb3bf9-b078-4cb3-8348-773780228861/1771200000.0_mean_300.0_v3" 200 16 "GET http://172.18.0.2:8080/v1/AUTH_b75c04a01e2a4deebe28e21731b0483c/gnocchi.79bb3bf9-b078-4cb3-8348-773780228861/1771200000.0_mean_300.0_v3" "txac43579cc57e4382a9e80-006998414d" "proxy-server 20" 0.0012 "-" 25 0
Feb 20 11:11:09 standalone proxy-server[129190]: 172.18.0.2 172.18.0.100 20/Feb/2026/11/11/09 GET /v1/AUTH_b75c04a01e2a4deebe28e21731b0483c/gnocchi.79bb3bf9-b078-4cb3-8348-773780228861/1771200000.0_mean_300.0_v3 HTTP/1.0 200 - python-swiftclient-3.11.1 gAAAAABpmEDLewQk... - 16 - txac43579cc57e4382a9e80-006998414d - 0.0089 - - 1771585869.425470352 1771585869.434391975 0
Feb 20 11:11:09 standalone container-server[127027]: 172.20.0.100 - - [20/Feb/2026:11:11:09 +0000] "PUT /d1/912/AUTH_b75c04a01e2a4deebe28e21731b0483c/gnocchi.79bb3bf9-b078-4cb3-8348-773780228861/1771200000.0_mean_300.0_v3" 201 - "PUT http://172.18.0.2:8080/d1/26/AUTH_b75c04a01e2a4deebe28e21731b0483c/gnocchi.79bb3bf9-b078-4cb3-8348-773780228861/1771200000.0_mean_300.0_v3" "tx6e9b9a1fd3904f0680e73-006998414d" "object-server 24" 0.0004 "-" 19 0
Feb 20 11:11:09 standalone object-server[127157]: 172.20.0.100 - - [20/Feb/2026:11:11:09 +0000] "PUT /d1/26/AUTH_b75c04a01e2a4deebe28e21731b0483c/gnocchi.79bb3bf9-b078-4cb3-8348-773780228861/1771200000.0_mean_300.0_v3" 201 - "PUT http://172.18.0.2:8080/v1/AUTH_b75c04a01e2a4deebe28e21731b0483c/gnocchi.79bb3bf9-b078-4cb3-8348-773780228861/1771200000.0_mean_300.0_v3" "tx6e9b9a1fd3904f0680e73-006998414d" "proxy-server 20" 0.0077 "-" 24 0
Feb 20 11:11:09 standalone proxy-server[129190]: 172.18.0.2 172.18.0.100 20/Feb/2026/11/11/09 PUT /v1/AUTH_b75c04a01e2a4deebe28e21731b0483c/gnocchi.79bb3bf9-b078-4cb3-8348-773780228861/1771200000.0_mean_300.0_v3 HTTP/1.0 201 - python-swiftclient-3.11.1 gAAAAABpmEDLewQk... 16 - - tx6e9b9a1fd3904f0680e73-006998414d - 0.0139 - - 1771585869.437122583 1771585869.450993776 0
Feb 20 11:11:09 standalone container-server[127035]: 172.20.0.100 - - [20/Feb/2026:11:11:09 +0000] "PUT /d1/912/AUTH_b75c04a01e2a4deebe28e21731b0483c/gnocchi.79bb3bf9-b078-4cb3-8348-773780228861/none_v3" 201 - "PUT http://172.18.0.2:8080/d1/361/AUTH_b75c04a01e2a4deebe28e21731b0483c/gnocchi.79bb3bf9-b078-4cb3-8348-773780228861/none_v3" "tx75a340966dd248f38525c-006998414d" "object-server 23" 0.0009 "-" 20 0
Feb 20 11:11:09 standalone object-server[127156]: 172.20.0.100 - - [20/Feb/2026:11:11:09 +0000] "PUT /d1/361/AUTH_b75c04a01e2a4deebe28e21731b0483c/gnocchi.79bb3bf9-b078-4cb3-8348-773780228861/none_v3" 201 - "PUT http://172.18.0.2:8080/v1/AUTH_b75c04a01e2a4deebe28e21731b0483c/gnocchi.79bb3bf9-b078-4cb3-8348-773780228861/none_v3" "tx75a340966dd248f38525c-006998414d" "proxy-server 20" 0.0103 "-" 23 0
Feb 20 11:11:09 standalone proxy-server[129190]: 172.18.0.2 172.18.0.100 20/Feb/2026/11/11/09 PUT /v1/AUTH_b75c04a01e2a4deebe28e21731b0483c/gnocchi.79bb3bf9-b078-4cb3-8348-773780228861/none_v3 HTTP/1.0 201 - python-swiftclient-3.11.1 gAAAAABpmEDLewQk... 31 - - tx75a340966dd248f38525c-006998414d - 0.0142 - - 1771585869.452696562 1771585869.466888428 0
Feb 20 11:11:12 standalone container-server[126875]: Begin container update sweep
Feb 20 11:11:12 standalone account-server[126917]: 172.20.0.100 - - [20/Feb/2026:11:11:12 +0000] "PUT /d1/675/AUTH_b75c04a01e2a4deebe28e21731b0483c/gnocchi.79bb3bf9-b078-4cb3-8348-773780228861" 201 - "-" "-" "container-updater 2" 0.0008 "-" 20 0
Feb 20 11:11:12 standalone account-server[126937]: 172.20.0.100 - - [20/Feb/2026:11:11:12 +0000] "PUT /d1/675/AUTH_b75c04a01e2a4deebe28e21731b0483c/gnocchi.35f0f5fa-d1ec-4fc5-ad0e-296c4d0ceb74" 201 - "-" "-" "container-updater 2" 0.0007 "-" 22 0
Feb 20 11:11:12 standalone account-server[126917]: 172.20.0.100 - - [20/Feb/2026:11:11:12 +0000] "PUT /d1/675/AUTH_b75c04a01e2a4deebe28e21731b0483c/gnocchi.674b4af4-323d-4ab2-99e1-c6cabf68ef6d" 201 - "-" "-" "container-updater 2" 0.0007 "-" 20 0
Feb 20 11:11:12 standalone account-server[126945]: 172.20.0.100 - - [20/Feb/2026:11:11:12 +0000] "PUT /d1/675/AUTH_b75c04a01e2a4deebe28e21731b0483c/gnocchi.1da84416-359d-4793-a41a-8eaf4c89fd40" 201 - "-" "-" "container-updater 2" 0.0005 "-" 23 0
Feb 20 11:11:12 standalone account-server[126929]: 172.20.0.100 - - [20/Feb/2026:11:11:12 +0000] "PUT /d1/675/AUTH_b75c04a01e2a4deebe28e21731b0483c/gnocchi.36e0e527-38b2-4885-a798-b8e597de9456" 201 - "-" "-" "container-updater 2" 0.0011 "-" 21 0
Feb 20 11:11:12 standalone account-server[126937]: 172.20.0.100 - - [20/Feb/2026:11:11:12 +0000] "PUT /d1/675/AUTH_b75c04a01e2a4deebe28e21731b0483c/gnocchi.b63440ae-2266-4181-bad4-4f517449aae6" 201 - "-" "-" "container-updater 2" 0.0009 "-" 22 0
Feb 20 11:11:12 standalone account-server[126937]: 172.20.0.100 - - [20/Feb/2026:11:11:12 +0000] "PUT /d1/675/AUTH_b75c04a01e2a4deebe28e21731b0483c/gnocchi.f55b0f2f-9efc-4d60-b748-7206602a0536" 201 - "-" "-" "container-updater 2" 0.0005 "-" 22 0
Feb 20 11:11:13 standalone account-server[126929]: 172.20.0.100 - - [20/Feb/2026:11:11:13 +0000] "PUT /d1/675/AUTH_b75c04a01e2a4deebe28e21731b0483c/gnocchi.5ede0f66-7f38-44b6-af78-a8d222c69697" 201 - "-" "-" "container-updater 2" 0.0005 "-" 21 0
Feb 20 11:11:13 standalone account-server[126929]: 172.20.0.100 - - [20/Feb/2026:11:11:13 +0000] "PUT /d1/675/AUTH_b75c04a01e2a4deebe28e21731b0483c/gnocchi.49fa22ea-2aac-4e0f-ba75-ff69a262258b" 201 - "-" "-" "container-updater 2" 0.0005 "-" 21 0
Feb 20 11:11:13 standalone account-server[126937]: 172.20.0.100 - - [20/Feb/2026:11:11:13 +0000] "PUT /d1/675/AUTH_b75c04a01e2a4deebe28e21731b0483c/gnocchi.c870dced-a81d-42cc-8269-e0967a05a37e" 201 - "-" "-" "container-updater 2" 0.0005 "-" 22 0
Feb 20 11:11:13 standalone account-server[126929]: 172.20.0.100 - - [20/Feb/2026:11:11:13 +0000] "PUT /d1/675/AUTH_b75c04a01e2a4deebe28e21731b0483c/gnocchi.ec1be44e-c029-4e9e-9994-6d4c3ae5c4c7" 201 - "-" "-" "container-updater 2" 0.0007 "-" 21 0
Feb 20 11:11:13 standalone container-server[126875]: Container update sweep completed: 1.22s
Feb 20 11:11:17 standalone object-server[127161]: 172.20.0.100 - - [20/Feb/2026:11:11:17 +0000] "GET /d1/361/AUTH_b75c04a01e2a4deebe28e21731b0483c/gnocchi.79bb3bf9-b078-4cb3-8348-773780228861/none_v3" 200 31 "GET http://172.18.0.2:8080/v1/AUTH_b75c04a01e2a4deebe28e21731b0483c/gnocchi.79bb3bf9-b078-4cb3-8348-773780228861/none_v3" "tx106302671b9e40f59d3d1-0069984155" "proxy-server 20" 0.0011 "-" 25 0
Feb 20 11:11:17 standalone proxy-server[129190]: 172.18.0.2 172.18.0.100 20/Feb/2026/11/11/17 GET /v1/AUTH_b75c04a01e2a4deebe28e21731b0483c/gnocchi.79bb3bf9-b078-4cb3-8348-773780228861/none_v3 HTTP/1.0 200 - python-swiftclient-3.11.1 gAAAAABpmEDLewQk... - 31 - tx106302671b9e40f59d3d1-0069984155 - 0.0111 - - 1771585877.626744509 1771585877.637864113 0
Feb 20 11:11:17 standalone container-server[127027]: 172.20.0.100 - - [20/Feb/2026:11:11:17 +0000] "GET /d1/912/AUTH_b75c04a01e2a4deebe28e21731b0483c/gnocchi.79bb3bf9-b078-4cb3-8348-773780228861" 200 357 "GET http://172.18.0.2:8080/v1/AUTH_b75c04a01e2a4deebe28e21731b0483c/gnocchi.79bb3bf9-b078-4cb3-8348-773780228861?format=json&states=listing" "tx7b2aebb79aa24b32a40b7-0069984155" "proxy-server 20" 0.0030 "-" 19 0
Feb 20 11:11:17 standalone proxy-server[129190]: 172.18.0.2 172.18.0.100 20/Feb/2026/11/11/17 GET /v1/AUTH_b75c04a01e2a4deebe28e21731b0483c/gnocchi.79bb3bf9-b078-4cb3-8348-773780228861%3Fformat%3Djson%26states%3Dlisting HTTP/1.0 200 - python-swiftclient-3.11.1 gAAAAABpmEDLewQk... - 357 - tx7b2aebb79aa24b32a40b7-0069984155 - 0.0120 - - 1771585877.643466711 1771585877.655478239 0
Feb 20 11:11:17 standalone container-server[127027]: 172.20.0.100 - - [20/Feb/2026:11:11:17 +0000] "GET /d1/912/AUTH_b75c04a01e2a4deebe28e21731b0483c/gnocchi.79bb3bf9-b078-4cb3-8348-773780228861" 200 2 "GET http://172.18.0.2:8080/v1/AUTH_b75c04a01e2a4deebe28e21731b0483c/gnocchi.79bb3bf9-b078-4cb3-8348-773780228861?format=json&marker=none_v3&states=listing" "tx82b7b72d6a4147d682ff9-0069984155" "proxy-server 20" 0.0021 "-" 19 0
Feb 20 11:11:17 standalone proxy-server[129190]: 172.18.0.2 172.18.0.100 20/Feb/2026/11/11/17 GET /v1/AUTH_b75c04a01e2a4deebe28e21731b0483c/gnocchi.79bb3bf9-b078-4cb3-8348-773780228861%3Fformat%3Djson%26marker%3Dnone_v3%26states%3Dlisting HTTP/1.0 200 - python-swiftclient-3.11.1 gAAAAABpmEDLewQk... - 2 - tx82b7b72d6a4147d682ff9-0069984155 - 0.0101 - - 1771585877.659499884 1771585877.669563293 0
Feb 20 11:11:17 standalone object-server[127157]: 172.20.0.100 - - [20/Feb/2026:11:11:17 +0000] "GET /d1/26/AUTH_b75c04a01e2a4deebe28e21731b0483c/gnocchi.79bb3bf9-b078-4cb3-8348-773780228861/1771200000.0_mean_300.0_v3" 200 16 "GET http://172.18.0.2:8080/v1/AUTH_b75c04a01e2a4deebe28e21731b0483c/gnocchi.79bb3bf9-b078-4cb3-8348-773780228861/1771200000.0_mean_300.0_v3" "tx5e15da63ee8842f4ad94c-0069984155" "proxy-server 20" 0.0009 "-" 24 0
Feb 20 11:11:17 standalone proxy-server[129190]: 172.18.0.2 172.18.0.100 20/Feb/2026/11/11/17 GET /v1/AUTH_b75c04a01e2a4deebe28e21731b0483c/gnocchi.79bb3bf9-b078-4cb3-8348-773780228861/1771200000.0_mean_300.0_v3 HTTP/1.0 200 - python-swiftclient-3.11.1 gAAAAABpmEDLewQk... - 16 - tx5e15da63ee8842f4ad94c-0069984155 - 0.0097 - - 1771585877.674890518 1771585877.684580564 0
Feb 20 11:11:17 standalone container-server[127027]: 172.20.0.100 - - [20/Feb/2026:11:11:17 +0000] "PUT /d1/912/AUTH_b75c04a01e2a4deebe28e21731b0483c/gnocchi.79bb3bf9-b078-4cb3-8348-773780228861/1771200000.0_mean_300.0_v3" 201 - "PUT http://172.18.0.2:8080/d1/26/AUTH_b75c04a01e2a4deebe28e21731b0483c/gnocchi.79bb3bf9-b078-4cb3-8348-773780228861/1771200000.0_mean_300.0_v3" "txef9858e3b0ad4a6091067-0069984155" "object-server 23" 0.0007 "-" 19 0
Feb 20 11:11:17 standalone object-server[127156]: 172.20.0.100 - - [20/Feb/2026:11:11:17 +0000] "PUT /d1/26/AUTH_b75c04a01e2a4deebe28e21731b0483c/gnocchi.79bb3bf9-b078-4cb3-8348-773780228861/1771200000.0_mean_300.0_v3" 201 - "PUT http://172.18.0.2:8080/v1/AUTH_b75c04a01e2a4deebe28e21731b0483c/gnocchi.79bb3bf9-b078-4cb3-8348-773780228861/1771200000.0_mean_300.0_v3" "txef9858e3b0ad4a6091067-0069984155" "proxy-server 20" 0.0138 "-" 23 0
Feb 20 11:11:17 standalone proxy-server[129190]: 172.18.0.2 172.18.0.100 20/Feb/2026/11/11/17 PUT /v1/AUTH_b75c04a01e2a4deebe28e21731b0483c/gnocchi.79bb3bf9-b078-4cb3-8348-773780228861/1771200000.0_mean_300.0_v3 HTTP/1.0 201 - python-swiftclient-3.11.1 gAAAAABpmEDLewQk... 16 - - txef9858e3b0ad4a6091067-0069984155 - 0.0199 - - 1771585877.688141584 1771585877.708085299 0
Feb 20 11:11:17 standalone container-server[127072]: 172.20.0.100 - - [20/Feb/2026:11:11:17 +0000] "PUT /d1/912/AUTH_b75c04a01e2a4deebe28e21731b0483c/gnocchi.79bb3bf9-b078-4cb3-8348-773780228861/none_v3" 201 - "PUT http://172.18.0.2:8080/d1/361/AUTH_b75c04a01e2a4deebe28e21731b0483c/gnocchi.79bb3bf9-b078-4cb3-8348-773780228861/none_v3" "txff11cce10a2b41c79f069-0069984155" "object-server 23" 0.0006 "-" 23 0
Feb 20 11:11:17 standalone object-server[127156]: 172.20.0.100 - - [20/Feb/2026:11:11:17 +0000] "PUT /d1/361/AUTH_b75c04a01e2a4deebe28e21731b0483c/gnocchi.79bb3bf9-b078-4cb3-8348-773780228861/none_v3" 201 - "PUT http://172.18.0.2:8080/v1/AUTH_b75c04a01e2a4deebe28e21731b0483c/gnocchi.79bb3bf9-b078-4cb3-8348-773780228861/none_v3" "txff11cce10a2b41c79f069-0069984155" "proxy-server 20" 0.0142 "-" 23 0
Feb 20 11:11:17 standalone proxy-server[129190]: 172.18.0.2 172.18.0.100 20/Feb/2026/11/11/17 PUT /v1/AUTH_b75c04a01e2a4deebe28e21731b0483c/gnocchi.79bb3bf9-b078-4cb3-8348-773780228861/none_v3 HTTP/1.0 201 - python-swiftclient-3.11.1 gAAAAABpmEDLewQk... 46 - - txff11cce10a2b41c79f069-0069984155 - 0.0215 - - 1771585877.711810827 1771585877.733295202 0
Feb 20 11:11:18 standalone object-server[127161]: 172.20.0.100 - - [20/Feb/2026:11:11:18 +0000] "GET /d1/361/AUTH_b75c04a01e2a4deebe28e21731b0483c/gnocchi.79bb3bf9-b078-4cb3-8348-773780228861/none_v3" 200 46 "GET http://172.18.0.2:8080/v1/AUTH_b75c04a01e2a4deebe28e21731b0483c/gnocchi.79bb3bf9-b078-4cb3-8348-773780228861/none_v3" "tx561b960a134c4ec783fcd-0069984156" "proxy-server 20" 0.0013 "-" 25 0
Feb 20 11:11:18 standalone proxy-server[129190]: 172.18.0.2 172.18.0.100 20/Feb/2026/11/11/18 GET /v1/AUTH_b75c04a01e2a4deebe28e21731b0483c/gnocchi.79bb3bf9-b078-4cb3-8348-773780228861/none_v3 HTTP/1.0 200 - python-swiftclient-3.11.1 gAAAAABpmEDLewQk... - 46 - tx561b960a134c4ec783fcd-0069984156 - 0.0119 - - 1771585878.400855064 1771585878.412720203 0
Feb 20 11:11:18 standalone container-server[127027]: 172.20.0.100 - - [20/Feb/2026:11:11:18 +0000] "GET /d1/912/AUTH_b75c04a01e2a4deebe28e21731b0483c/gnocchi.79bb3bf9-b078-4cb3-8348-773780228861" 200 357 "GET http://172.18.0.2:8080/v1/AUTH_b75c04a01e2a4deebe28e21731b0483c/gnocchi.79bb3bf9-b078-4cb3-8348-773780228861?format=json&states=listing" "tx6cf97eefe17c4652b54bc-0069984156" "proxy-server 20" 0.0076 "-" 19 0
Feb 20 11:11:18 standalone proxy-server[129190]: 172.18.0.2 172.18.0.100 20/Feb/2026/11/11/18 GET /v1/AUTH_b75c04a01e2a4deebe28e21731b0483c/gnocchi.79bb3bf9-b078-4cb3-8348-773780228861%3Fformat%3Djson%26states%3Dlisting HTTP/1.0 200 - python-swiftclient-3.11.1 gAAAAABpmEDLewQk... - 357 - tx6cf97eefe17c4652b54bc-0069984156 - 0.0184 - - 1771585878.419577122 1771585878.437974453 0
Feb 20 11:11:18 standalone container-server[127072]: 172.20.0.100 - - [20/Feb/2026:11:11:18 +0000] "GET /d1/912/AUTH_b75c04a01e2a4deebe28e21731b0483c/gnocchi.79bb3bf9-b078-4cb3-8348-773780228861" 200 2 "GET http://172.18.0.2:8080/v1/AUTH_b75c04a01e2a4deebe28e21731b0483c/gnocchi.79bb3bf9-b078-4cb3-8348-773780228861?format=json&marker=none_v3&states=listing" "txa6cb8557a5924b2dbeb17-0069984156" "proxy-server 20" 0.0069 "-" 23 0
Feb 20 11:11:18 standalone proxy-server[129190]: 172.18.0.2 172.18.0.100 20/Feb/2026/11/11/18 GET /v1/AUTH_b75c04a01e2a4deebe28e21731b0483c/gnocchi.79bb3bf9-b078-4cb3-8348-773780228861%3Fformat%3Djson%26marker%3Dnone_v3%26states%3Dlisting HTTP/1.0 200 - python-swiftclient-3.11.1 gAAAAABpmEDLewQk... - 2 - txa6cb8557a5924b2dbeb17-0069984156 - 0.0216 - - 1771585878.442537308 1771585878.464149237 0
Feb 20 11:11:18 standalone object-server[127154]: 172.20.0.100 - - [20/Feb/2026:11:11:18 +0000] "GET /d1/26/AUTH_b75c04a01e2a4deebe28e21731b0483c/gnocchi.79bb3bf9-b078-4cb3-8348-773780228861/1771200000.0_mean_300.0_v3" 200 16 "GET http://172.18.0.2:8080/v1/AUTH_b75c04a01e2a4deebe28e21731b0483c/gnocchi.79bb3bf9-b078-4cb3-8348-773780228861/1771200000.0_mean_300.0_v3" "tx5eccdadc87504906a99fd-0069984156" "proxy-server 20" 0.0011 "-" 22 0
Feb 20 11:11:18 standalone proxy-server[129190]: 172.18.0.2 172.18.0.100 20/Feb/2026/11/11/18 GET /v1/AUTH_b75c04a01e2a4deebe28e21731b0483c/gnocchi.79bb3bf9-b078-4cb3-8348-773780228861/1771200000.0_mean_300.0_v3 HTTP/1.0 200 - python-swiftclient-3.11.1 gAAAAABpmEDLewQk... - 16 - tx5eccdadc87504906a99fd-0069984156 - 0.0107 - - 1771585878.469047546 1771585878.479727030 0
Feb 20 11:11:18 standalone container-server[127047]: 172.20.0.100 - - [20/Feb/2026:11:11:18 +0000] "PUT /d1/912/AUTH_b75c04a01e2a4deebe28e21731b0483c/gnocchi.79bb3bf9-b078-4cb3-8348-773780228861/1771200000.0_mean_300.0_v3" 201 - "PUT http://172.18.0.2:8080/d1/26/AUTH_b75c04a01e2a4deebe28e21731b0483c/gnocchi.79bb3bf9-b078-4cb3-8348-773780228861/1771200000.0_mean_300.0_v3" "tx520854d3b57446b1884ed-0069984156" "object-server 22" 0.0009 "-" 21 0
Feb 20 11:11:18 standalone object-server[127154]: 172.20.0.100 - - [20/Feb/2026:11:11:18 +0000] "PUT /d1/26/AUTH_b75c04a01e2a4deebe28e21731b0483c/gnocchi.79bb3bf9-b078-4cb3-8348-773780228861/1771200000.0_mean_300.0_v3" 201 - "PUT http://172.18.0.2:8080/v1/AUTH_b75c04a01e2a4deebe28e21731b0483c/gnocchi.79bb3bf9-b078-4cb3-8348-773780228861/1771200000.0_mean_300.0_v3" "tx520854d3b57446b1884ed-0069984156" "proxy-server 20" 0.0148 "-" 22 0
Feb 20 11:11:18 standalone proxy-server[129190]: 172.18.0.2 172.18.0.100 20/Feb/2026/11/11/18 PUT /v1/AUTH_b75c04a01e2a4deebe28e21731b0483c/gnocchi.79bb3bf9-b078-4cb3-8348-773780228861/1771200000.0_mean_300.0_v3 HTTP/1.0 201 - python-swiftclient-3.11.1 gAAAAABpmEDLewQk... 16 - - tx520854d3b57446b1884ed-0069984156 - 0.0231 - - 1771585878.486791372 1771585878.509886980 0
Feb 20 11:11:18 standalone container-server[127035]: 172.20.0.100 - - [20/Feb/2026:11:11:18 +0000] "PUT /d1/912/AUTH_b75c04a01e2a4deebe28e21731b0483c/gnocchi.79bb3bf9-b078-4cb3-8348-773780228861/none_v3" 201 - "PUT http://172.18.0.2:8080/d1/361/AUTH_b75c04a01e2a4deebe28e21731b0483c/gnocchi.79bb3bf9-b078-4cb3-8348-773780228861/none_v3" "tx11ea9522774f4fdab90da-0069984156" "object-server 22" 0.0008 "-" 20 0
Feb 20 11:11:18 standalone object-server[127154]: 172.20.0.100 - - [20/Feb/2026:11:11:18 +0000] "PUT /d1/361/AUTH_b75c04a01e2a4deebe28e21731b0483c/gnocchi.79bb3bf9-b078-4cb3-8348-773780228861/none_v3" 201 - "PUT http://172.18.0.2:8080/v1/AUTH_b75c04a01e2a4deebe28e21731b0483c/gnocchi.79bb3bf9-b078-4cb3-8348-773780228861/none_v3" "tx11ea9522774f4fdab90da-0069984156" "proxy-server 20" 0.0116 "-" 22 0
Feb 20 11:11:18 standalone proxy-server[129190]: 172.18.0.2 172.18.0.100 20/Feb/2026/11/11/18 PUT /v1/AUTH_b75c04a01e2a4deebe28e21731b0483c/gnocchi.79bb3bf9-b078-4cb3-8348-773780228861/none_v3 HTTP/1.0 201 - python-swiftclient-3.11.1 gAAAAABpmEDLewQk... 51 - - tx11ea9522774f4fdab90da-0069984156 - 0.0212 - - 1771585878.515790224 1771585878.537030697 0
Feb 20 11:11:21 standalone container-server[127035]: 172.20.0.100 - - [20/Feb/2026:11:11:21 +0000] "HEAD /d1/890/AUTH_b75c04a01e2a4deebe28e21731b0483c/gnocchi.34609715-f003-44fc-b597-29ee6aabd1b1" 404 - "HEAD http://172.18.0.2:8080/v1/AUTH_b75c04a01e2a4deebe28e21731b0483c/gnocchi.34609715-f003-44fc-b597-29ee6aabd1b1?format=json&states=listing" "txf9d6238774414fe78d2f1-0069984159" "proxy-server 20" 0.0016 "-" 20 0
Feb 20 11:11:21 standalone object-server[127157]: 172.20.0.100 - - [20/Feb/2026:11:11:21 +0000] "GET /d1/965/AUTH_b75c04a01e2a4deebe28e21731b0483c/gnocchi.34609715-f003-44fc-b597-29ee6aabd1b1/none_v3" 404 70 "GET http://172.18.0.2:8080/v1/AUTH_b75c04a01e2a4deebe28e21731b0483c/gnocchi.34609715-f003-44fc-b597-29ee6aabd1b1/none_v3" "txf9d6238774414fe78d2f1-0069984159" "proxy-server 20" 0.0005 "-" 24 0
Feb 20 11:11:21 standalone proxy-server[129190]: 172.18.0.2 172.18.0.100 20/Feb/2026/11/11/21 GET /v1/AUTH_b75c04a01e2a4deebe28e21731b0483c/gnocchi.34609715-f003-44fc-b597-29ee6aabd1b1/none_v3 HTTP/1.0 404 - python-swiftclient-3.11.1 gAAAAABpmEDLewQk... - 70 - txf9d6238774414fe78d2f1-0069984159 - 0.0160 - - 1771585881.415760756 1771585881.431757927 0
Feb 20 11:11:21 standalone account-server[126929]: 172.20.0.100 - - [20/Feb/2026:11:11:21 +0000] "PUT /d1/675/AUTH_b75c04a01e2a4deebe28e21731b0483c/gnocchi.34609715-f003-44fc-b597-29ee6aabd1b1" 201 - "PUT http://172.20.0.100:6001/d1/890/AUTH_b75c04a01e2a4deebe28e21731b0483c/gnocchi.34609715-f003-44fc-b597-29ee6aabd1b1" "tx55b28c5db48d4863ba359-0069984159" "container-server 19" 0.0074 "-" 21 0
Feb 20 11:11:21 standalone container-server[127027]: 172.20.0.100 - - [20/Feb/2026:11:11:21 +0000] "PUT /d1/890/AUTH_b75c04a01e2a4deebe28e21731b0483c/gnocchi.34609715-f003-44fc-b597-29ee6aabd1b1" 201 - "PUT http://172.18.0.2:8080/v1/AUTH_b75c04a01e2a4deebe28e21731b0483c/gnocchi.34609715-f003-44fc-b597-29ee6aabd1b1" "tx55b28c5db48d4863ba359-0069984159" "proxy-server 20" 0.0349 "-" 19 0
Feb 20 11:11:21 standalone proxy-server[129190]: 172.18.0.2 172.18.0.100 20/Feb/2026/11/11/21 PUT /v1/AUTH_b75c04a01e2a4deebe28e21731b0483c/gnocchi.34609715-f003-44fc-b597-29ee6aabd1b1 HTTP/1.0 201 - python-swiftclient-3.11.1 gAAAAABpmEDLewQk... - - - tx55b28c5db48d4863ba359-0069984159 - 0.0444 - - 1771585881.434120417 1771585881.478523254 0
Feb 20 11:11:21 standalone container-server[127072]: 172.20.0.100 - - [20/Feb/2026:11:11:21 +0000] "HEAD /d1/890/AUTH_b75c04a01e2a4deebe28e21731b0483c/gnocchi.34609715-f003-44fc-b597-29ee6aabd1b1" 204 - "HEAD http://172.18.0.2:8080/v1/AUTH_b75c04a01e2a4deebe28e21731b0483c/gnocchi.34609715-f003-44fc-b597-29ee6aabd1b1?format=json&states=listing" "tx6bcdabfcd9f84cadbbb19-0069984159" "proxy-server 20" 0.0019 "-" 23 0
Feb 20 11:11:21 standalone proxy-server[129190]: - - 20/Feb/2026/11/11/21 HEAD /v1/AUTH_b75c04a01e2a4deebe28e21731b0483c/gnocchi.34609715-f003-44fc-b597-29ee6aabd1b1%3Fformat%3Djson%26states%3Dlisting HTTP/1.0 204 - Swift - - - - tx6bcdabfcd9f84cadbbb19-0069984159 - 0.0053 RL - 1771585881.496268988 1771585881.501558542 0
Feb 20 11:11:21 standalone container-server[127047]: 172.20.0.100 - - [20/Feb/2026:11:11:21 +0000] "GET /d1/890/AUTH_b75c04a01e2a4deebe28e21731b0483c/gnocchi.34609715-f003-44fc-b597-29ee6aabd1b1" 200 2 "GET http://172.18.0.2:8080/v1/AUTH_b75c04a01e2a4deebe28e21731b0483c/gnocchi.34609715-f003-44fc-b597-29ee6aabd1b1?format=json&states=listing" "tx6bcdabfcd9f84cadbbb19-0069984159" "proxy-server 20" 0.0024 "-" 21 0
Feb 20 11:11:21 standalone proxy-server[129190]: 172.18.0.2 172.18.0.100 20/Feb/2026/11/11/21 GET /v1/AUTH_b75c04a01e2a4deebe28e21731b0483c/gnocchi.34609715-f003-44fc-b597-29ee6aabd1b1%3Fformat%3Djson%26states%3Dlisting HTTP/1.0 200 - python-swiftclient-3.11.1 gAAAAABpmEDLewQk... - 2 - tx6bcdabfcd9f84cadbbb19-0069984159 - 0.0191 - - 1771585881.490145683 1771585881.509213209 0
Feb 20 11:11:21 standalone object-server[127154]: 172.20.0.100 - - [20/Feb/2026:11:11:21 +0000] "GET /d1/832/AUTH_b75c04a01e2a4deebe28e21731b0483c/gnocchi.34609715-f003-44fc-b597-29ee6aabd1b1/1771200000.0_mean_300.0_v3" 404 70 "GET http://172.18.0.2:8080/v1/AUTH_b75c04a01e2a4deebe28e21731b0483c/gnocchi.34609715-f003-44fc-b597-29ee6aabd1b1/1771200000.0_mean_300.0_v3" "tx86aeac6d8ae24b97b6858-0069984159" "proxy-server 20" 0.0004 "-" 22 0
Feb 20 11:11:21 standalone proxy-server[129190]: 172.18.0.2 172.18.0.100 20/Feb/2026/11/11/21 GET /v1/AUTH_b75c04a01e2a4deebe28e21731b0483c/gnocchi.34609715-f003-44fc-b597-29ee6aabd1b1/1771200000.0_mean_300.0_v3 HTTP/1.0 404 - python-swiftclient-3.11.1 gAAAAABpmEDLewQk... - 70 - tx86aeac6d8ae24b97b6858-0069984159 - 0.0049 - - 1771585881.512298584 1771585881.517174482 0
Feb 20 11:11:21 standalone container-server[127072]: 172.20.0.100 - - [20/Feb/2026:11:11:21 +0000] "PUT /d1/890/AUTH_b75c04a01e2a4deebe28e21731b0483c/gnocchi.34609715-f003-44fc-b597-29ee6aabd1b1/1771200000.0_mean_300.0_v3" 201 - "PUT http://172.18.0.2:8080/d1/832/AUTH_b75c04a01e2a4deebe28e21731b0483c/gnocchi.34609715-f003-44fc-b597-29ee6aabd1b1/1771200000.0_mean_300.0_v3" "tx2e3e6dcb42964fff8908c-0069984159" "object-server 24" 0.0006 "-" 23 0
Feb 20 11:11:21 standalone object-server[127157]: 172.20.0.100 - - [20/Feb/2026:11:11:21 +0000] "PUT /d1/832/AUTH_b75c04a01e2a4deebe28e21731b0483c/gnocchi.34609715-f003-44fc-b597-29ee6aabd1b1/1771200000.0_mean_300.0_v3" 201 - "PUT http://172.18.0.2:8080/v1/AUTH_b75c04a01e2a4deebe28e21731b0483c/gnocchi.34609715-f003-44fc-b597-29ee6aabd1b1/1771200000.0_mean_300.0_v3" "tx2e3e6dcb42964fff8908c-0069984159" "proxy-server 20" 0.0124 "-" 24 0
Feb 20 11:11:21 standalone proxy-server[129190]: 172.18.0.2 172.18.0.100 20/Feb/2026/11/11/21 PUT /v1/AUTH_b75c04a01e2a4deebe28e21731b0483c/gnocchi.34609715-f003-44fc-b597-29ee6aabd1b1/1771200000.0_mean_300.0_v3 HTTP/1.0 201 - python-swiftclient-3.11.1 gAAAAABpmEDLewQk... 16 - - tx2e3e6dcb42964fff8908c-0069984159 - 0.0174 - - 1771585881.519788742 1771585881.537222385 0
Feb 20 11:11:21 standalone container-server[127035]: 172.20.0.100 - - [20/Feb/2026:11:11:21 +0000] "PUT /d1/890/AUTH_b75c04a01e2a4deebe28e21731b0483c/gnocchi.34609715-f003-44fc-b597-29ee6aabd1b1/none_v3" 201 - "PUT http://172.18.0.2:8080/d1/965/AUTH_b75c04a01e2a4deebe28e21731b0483c/gnocchi.34609715-f003-44fc-b597-29ee6aabd1b1/none_v3" "tx2a649e2e09944c94abc57-0069984159" "object-server 22" 0.0023 "-" 20 0
Feb 20 11:11:21 standalone object-server[127154]: 172.20.0.100 - - [20/Feb/2026:11:11:21 +0000] "PUT /d1/965/AUTH_b75c04a01e2a4deebe28e21731b0483c/gnocchi.34609715-f003-44fc-b597-29ee6aabd1b1/none_v3" 201 - "PUT http://172.18.0.2:8080/v1/AUTH_b75c04a01e2a4deebe28e21731b0483c/gnocchi.34609715-f003-44fc-b597-29ee6aabd1b1/none_v3" "tx2a649e2e09944c94abc57-0069984159" "proxy-server 20" 0.0147 "-" 22 0
Feb 20 11:11:21 standalone proxy-server[129190]: 172.18.0.2 172.18.0.100 20/Feb/2026/11/11/21 PUT /v1/AUTH_b75c04a01e2a4deebe28e21731b0483c/gnocchi.34609715-f003-44fc-b597-29ee6aabd1b1/none_v3 HTTP/1.0 201 - python-swiftclient-3.11.1 gAAAAABpmEDLewQk... 22 - - tx2a649e2e09944c94abc57-0069984159 - 0.0194 - - 1771585881.539509296 1771585881.558889866 0
Feb 20 11:11:21 standalone container-server[127047]: 172.20.0.100 - - [20/Feb/2026:11:11:21 +0000] "HEAD /d1/553/AUTH_b75c04a01e2a4deebe28e21731b0483c/gnocchi.617a8301-d545-476f-a337-071746127292" 404 - "HEAD http://172.18.0.2:8080/v1/AUTH_b75c04a01e2a4deebe28e21731b0483c/gnocchi.617a8301-d545-476f-a337-071746127292?format=json&states=listing" "tx6ba8e9b485704b589dc52-0069984159" "proxy-server 20" 0.0005 "-" 21 0
Feb 20 11:11:21 standalone object-server[127156]: 172.20.0.100 - - [20/Feb/2026:11:11:21 +0000] "GET /d1/977/AUTH_b75c04a01e2a4deebe28e21731b0483c/gnocchi.617a8301-d545-476f-a337-071746127292/none_v3" 404 70 "GET http://172.18.0.2:8080/v1/AUTH_b75c04a01e2a4deebe28e21731b0483c/gnocchi.617a8301-d545-476f-a337-071746127292/none_v3" "tx6ba8e9b485704b589dc52-0069984159" "proxy-server 20" 0.0004 "-" 23 0
Feb 20 11:11:21 standalone proxy-server[129190]: 172.18.0.2 172.18.0.100 20/Feb/2026/11/11/21 GET /v1/AUTH_b75c04a01e2a4deebe28e21731b0483c/gnocchi.617a8301-d545-476f-a337-071746127292/none_v3 HTTP/1.0 404 - python-swiftclient-3.11.1 gAAAAABpmEDLewQk... - 70 - tx6ba8e9b485704b589dc52-0069984159 - 0.0094 - - 1771585881.571151972 1771585881.580573082 0
Feb 20 11:11:21 standalone account-server[126937]: 172.20.0.100 - - [20/Feb/2026:11:11:21 +0000] "PUT /d1/675/AUTH_b75c04a01e2a4deebe28e21731b0483c/gnocchi.617a8301-d545-476f-a337-071746127292" 201 - "PUT http://172.20.0.100:6001/d1/553/AUTH_b75c04a01e2a4deebe28e21731b0483c/gnocchi.617a8301-d545-476f-a337-071746127292" "txd03d65d502644648a0aec-0069984159" "container-server 21" 0.0091 "-" 22 0
Feb 20 11:11:21 standalone container-server[127047]: 172.20.0.100 - - [20/Feb/2026:11:11:21 +0000] "PUT /d1/553/AUTH_b75c04a01e2a4deebe28e21731b0483c/gnocchi.617a8301-d545-476f-a337-071746127292" 201 - "PUT http://172.18.0.2:8080/v1/AUTH_b75c04a01e2a4deebe28e21731b0483c/gnocchi.617a8301-d545-476f-a337-071746127292" "txd03d65d502644648a0aec-0069984159" "proxy-server 20" 0.0384 "-" 21 0
Feb 20 11:11:21 standalone proxy-server[129190]: 172.18.0.2 172.18.0.100 20/Feb/2026/11/11/21 PUT /v1/AUTH_b75c04a01e2a4deebe28e21731b0483c/gnocchi.617a8301-d545-476f-a337-071746127292 HTTP/1.0 201 - python-swiftclient-3.11.1 gAAAAABpmEDLewQk... - - - txd03d65d502644648a0aec-0069984159 - 0.0433 - - 1771585881.593483448 1771585881.636830568 0
Feb 20 11:11:21 standalone container-server[127035]: 172.20.0.100 - - [20/Feb/2026:11:11:21 +0000] "HEAD /d1/553/AUTH_b75c04a01e2a4deebe28e21731b0483c/gnocchi.617a8301-d545-476f-a337-071746127292" 204 - "HEAD http://172.18.0.2:8080/v1/AUTH_b75c04a01e2a4deebe28e21731b0483c/gnocchi.617a8301-d545-476f-a337-071746127292?format=json&states=listing" "tx7c9210a95a1440ca994b5-0069984159" "proxy-server 20" 0.0018 "-" 20 0
Feb 20 11:11:21 standalone proxy-server[129190]: - - 20/Feb/2026/11/11/21 HEAD /v1/AUTH_b75c04a01e2a4deebe28e21731b0483c/gnocchi.617a8301-d545-476f-a337-071746127292%3Fformat%3Djson%26states%3Dlisting HTTP/1.0 204 - Swift - - - - tx7c9210a95a1440ca994b5-0069984159 - 0.0062 RL - 1771585881.647496700 1771585881.653682709 0
Feb 20 11:11:21 standalone container-server[127027]: 172.20.0.100 - - [20/Feb/2026:11:11:21 +0000] "GET /d1/553/AUTH_b75c04a01e2a4deebe28e21731b0483c/gnocchi.617a8301-d545-476f-a337-071746127292" 200 2 "GET http://172.18.0.2:8080/v1/AUTH_b75c04a01e2a4deebe28e21731b0483c/gnocchi.617a8301-d545-476f-a337-071746127292?format=json&states=listing" "tx7c9210a95a1440ca994b5-0069984159" "proxy-server 20" 0.0026 "-" 19 0
Feb 20 11:11:21 standalone proxy-server[129190]: 172.18.0.2 172.18.0.100 20/Feb/2026/11/11/21 GET /v1/AUTH_b75c04a01e2a4deebe28e21731b0483c/gnocchi.617a8301-d545-476f-a337-071746127292%3Fformat%3Djson%26states%3Dlisting HTTP/1.0 200 - python-swiftclient-3.11.1 gAAAAABpmEDLewQk... - 2 - tx7c9210a95a1440ca994b5-0069984159 - 0.0270 - - 1771585881.642403841 1771585881.669424534 0
Feb 20 11:11:21 standalone object-server[127157]: 172.20.0.100 - - [20/Feb/2026:11:11:21 +0000] "GET /d1/250/AUTH_b75c04a01e2a4deebe28e21731b0483c/gnocchi.617a8301-d545-476f-a337-071746127292/1771200000.0_mean_300.0_v3" 404 70 "GET http://172.18.0.2:8080/v1/AUTH_b75c04a01e2a4deebe28e21731b0483c/gnocchi.617a8301-d545-476f-a337-071746127292/1771200000.0_mean_300.0_v3" "txbbc5303258fc4163a098a-0069984159" "proxy-server 20" 0.0016 "-" 24 0
Feb 20 11:11:21 standalone proxy-server[129190]: 172.18.0.2 172.18.0.100 20/Feb/2026/11/11/21 GET /v1/AUTH_b75c04a01e2a4deebe28e21731b0483c/gnocchi.617a8301-d545-476f-a337-071746127292/1771200000.0_mean_300.0_v3 HTTP/1.0 404 - python-swiftclient-3.11.1 gAAAAABpmEDLewQk... - 70 - txbbc5303258fc4163a098a-0069984159 - 0.0094 - - 1771585881.677802563 1771585881.687236547 0
Feb 20 11:11:21 standalone container-server[127035]: 172.20.0.100 - - [20/Feb/2026:11:11:21 +0000] "PUT /d1/553/AUTH_b75c04a01e2a4deebe28e21731b0483c/gnocchi.617a8301-d545-476f-a337-071746127292/1771200000.0_mean_300.0_v3" 201 - "PUT http://172.18.0.2:8080/d1/250/AUTH_b75c04a01e2a4deebe28e21731b0483c/gnocchi.617a8301-d545-476f-a337-071746127292/1771200000.0_mean_300.0_v3" "txe24fd26ca73e4522b03aa-0069984159" "object-server 22" 0.0011 "-" 20 0
Feb 20 11:11:21 standalone object-server[127154]: 172.20.0.100 - - [20/Feb/2026:11:11:21 +0000] "PUT /d1/250/AUTH_b75c04a01e2a4deebe28e21731b0483c/gnocchi.617a8301-d545-476f-a337-071746127292/1771200000.0_mean_300.0_v3" 201 - "PUT http://172.18.0.2:8080/v1/AUTH_b75c04a01e2a4deebe28e21731b0483c/gnocchi.617a8301-d545-476f-a337-071746127292/1771200000.0_mean_300.0_v3" "txe24fd26ca73e4522b03aa-0069984159" "proxy-server 20" 0.0292 "-" 22 0
Feb 20 11:11:21 standalone proxy-server[129190]: 172.18.0.2 172.18.0.100 20/Feb/2026/11/11/21 PUT /v1/AUTH_b75c04a01e2a4deebe28e21731b0483c/gnocchi.617a8301-d545-476f-a337-071746127292/1771200000.0_mean_300.0_v3 HTTP/1.0 201 - python-swiftclient-3.11.1 gAAAAABpmEDLewQk... 16 - - txe24fd26ca73e4522b03aa-0069984159 - 0.0401 - - 1771585881.691294909 1771585881.731393337 0
Feb 20 11:11:21 standalone container-server[127072]: 172.20.0.100 - - [20/Feb/2026:11:11:21 +0000] "PUT /d1/553/AUTH_b75c04a01e2a4deebe28e21731b0483c/gnocchi.617a8301-d545-476f-a337-071746127292/none_v3" 201 - "PUT http://172.18.0.2:8080/d1/977/AUTH_b75c04a01e2a4deebe28e21731b0483c/gnocchi.617a8301-d545-476f-a337-071746127292/none_v3" "txb51380d505d34b91a9430-0069984159" "object-server 24" 0.0008 "-" 23 0
Feb 20 11:11:21 standalone object-server[127157]: 172.20.0.100 - - [20/Feb/2026:11:11:21 +0000] "PUT /d1/977/AUTH_b75c04a01e2a4deebe28e21731b0483c/gnocchi.617a8301-d545-476f-a337-071746127292/none_v3" 201 - "PUT http://172.18.0.2:8080/v1/AUTH_b75c04a01e2a4deebe28e21731b0483c/gnocchi.617a8301-d545-476f-a337-071746127292/none_v3" "txb51380d505d34b91a9430-0069984159" "proxy-server 20" 0.0113 "-" 24 0
Feb 20 11:11:21 standalone proxy-server[129190]: 172.18.0.2 172.18.0.100 20/Feb/2026/11/11/21 PUT /v1/AUTH_b75c04a01e2a4deebe28e21731b0483c/gnocchi.617a8301-d545-476f-a337-071746127292/none_v3 HTTP/1.0 201 - python-swiftclient-3.11.1 gAAAAABpmEDLewQk... 22 - - txb51380d505d34b91a9430-0069984159 - 0.0330 - - 1771585881.736228943 1771585881.769189596 0
Feb 20 11:11:21 standalone container-server[127047]: 172.20.0.100 - - [20/Feb/2026:11:11:21 +0000] "HEAD /d1/675/AUTH_b75c04a01e2a4deebe28e21731b0483c/gnocchi.44209e96-27a0-4ffb-b257-e143dfa017e8" 404 - "HEAD http://172.18.0.2:8080/v1/AUTH_b75c04a01e2a4deebe28e21731b0483c/gnocchi.44209e96-27a0-4ffb-b257-e143dfa017e8?format=json&states=listing" "tx2bcbf08fbd044e18b9041-0069984159" "proxy-server 20" 0.0007 "-" 21 0
Feb 20 11:11:21 standalone object-server[127157]: 172.20.0.100 - - [20/Feb/2026:11:11:21 +0000] "GET /d1/856/AUTH_b75c04a01e2a4deebe28e21731b0483c/gnocchi.44209e96-27a0-4ffb-b257-e143dfa017e8/none_v3" 404 70 "GET http://172.18.0.2:8080/v1/AUTH_b75c04a01e2a4deebe28e21731b0483c/gnocchi.44209e96-27a0-4ffb-b257-e143dfa017e8/none_v3" "tx2bcbf08fbd044e18b9041-0069984159" "proxy-server 20" 0.0004 "-" 24 0
Feb 20 11:11:21 standalone proxy-server[129190]: 172.18.0.2 172.18.0.100 20/Feb/2026/11/11/21 GET /v1/AUTH_b75c04a01e2a4deebe28e21731b0483c/gnocchi.44209e96-27a0-4ffb-b257-e143dfa017e8/none_v3 HTTP/1.0 404 - python-swiftclient-3.11.1 gAAAAABpmEDLewQk... - 70 - tx2bcbf08fbd044e18b9041-0069984159 - 0.0184 - - 1771585881.787136078 1771585881.805577517 0
Feb 20 11:11:21 standalone account-server[126929]: 172.20.0.100 - - [20/Feb/2026:11:11:21 +0000] "PUT /d1/675/AUTH_b75c04a01e2a4deebe28e21731b0483c/gnocchi.44209e96-27a0-4ffb-b257-e143dfa017e8" 201 - "PUT http://172.20.0.100:6001/d1/675/AUTH_b75c04a01e2a4deebe28e21731b0483c/gnocchi.44209e96-27a0-4ffb-b257-e143dfa017e8" "tx6d34fba7d2364a25aabd3-0069984159" "container-server 20" 0.0056 "-" 21 0
Feb 20 11:11:21 standalone container-server[127035]: 172.20.0.100 - - [20/Feb/2026:11:11:21 +0000] "PUT /d1/675/AUTH_b75c04a01e2a4deebe28e21731b0483c/gnocchi.44209e96-27a0-4ffb-b257-e143dfa017e8" 201 - "PUT http://172.18.0.2:8080/v1/AUTH_b75c04a01e2a4deebe28e21731b0483c/gnocchi.44209e96-27a0-4ffb-b257-e143dfa017e8" "tx6d34fba7d2364a25aabd3-0069984159" "proxy-server 20" 0.0197 "-" 20 0
Feb 20 11:11:21 standalone proxy-server[129190]: 172.18.0.2 172.18.0.100 20/Feb/2026/11/11/21 PUT /v1/AUTH_b75c04a01e2a4deebe28e21731b0483c/gnocchi.44209e96-27a0-4ffb-b257-e143dfa017e8 HTTP/1.0 201 - python-swiftclient-3.11.1 gAAAAABpmEDLewQk... - - - tx6d34fba7d2364a25aabd3-0069984159 - 0.0282 - - 1771585881.808573961 1771585881.836737871 0
Feb 20 11:11:21 standalone container-server[127035]: 172.20.0.100 - - [20/Feb/2026:11:11:21 +0000] "HEAD /d1/675/AUTH_b75c04a01e2a4deebe28e21731b0483c/gnocchi.44209e96-27a0-4ffb-b257-e143dfa017e8" 204 - "HEAD http://172.18.0.2:8080/v1/AUTH_b75c04a01e2a4deebe28e21731b0483c/gnocchi.44209e96-27a0-4ffb-b257-e143dfa017e8?format=json&states=listing" "txd69b5ccc8b224d57bc2fb-0069984159" "proxy-server 20" 0.0017 "-" 20 0
Feb 20 11:11:21 standalone proxy-server[129190]: - - 20/Feb/2026/11/11/21 HEAD /v1/AUTH_b75c04a01e2a4deebe28e21731b0483c/gnocchi.44209e96-27a0-4ffb-b257-e143dfa017e8%3Fformat%3Djson%26states%3Dlisting HTTP/1.0 204 - Swift - - - - txd69b5ccc8b224d57bc2fb-0069984159 - 0.0110 RL - 1771585881.842094421 1771585881.853070021 0
