Feb 20 11:11:43 standalone object-server[127157]: 172.20.0.100 - - [20/Feb/2026:11:11:43 +0000] "PUT /d1/889/AUTH_b75c04a01e2a4deebe28e21731b0483c/gnocchi.60a79c18-616b-4aca-a46c-53c8220f57b2/none_v3" 201 - "PUT http://172.18.0.2:8080/v1/AUTH_b75c04a01e2a4deebe28e21731b0483c/gnocchi.60a79c18-616b-4aca-a46c-53c8220f57b2/none_v3" "txc088a06623dc49cba46fb-006998416f" "proxy-server 20" 0.0115 "-" 24 0
Feb 20 11:11:43 standalone proxy-server[129190]: 172.18.0.2 172.18.0.100 20/Feb/2026/11/11/43 PUT /v1/AUTH_b75c04a01e2a4deebe28e21731b0483c/gnocchi.60a79c18-616b-4aca-a46c-53c8220f57b2/none_v3 HTTP/1.0 201 - python-swiftclient-3.11.1 gAAAAABpmEDLewQk... 22 - - txc088a06623dc49cba46fb-006998416f - 0.0184 - - 1771585903.335554838 1771585903.353955507 0
Feb 20 11:11:43 standalone container-server[127047]: 172.20.0.100 - - [20/Feb/2026:11:11:43 +0000] "HEAD /d1/106/AUTH_b75c04a01e2a4deebe28e21731b0483c/gnocchi.dbac8ca7-0b40-4dc6-a071-e2023990ba23" 404 - "HEAD http://172.18.0.2:8080/v1/AUTH_b75c04a01e2a4deebe28e21731b0483c/gnocchi.dbac8ca7-0b40-4dc6-a071-e2023990ba23?format=json&states=listing" "tx849f345f7f244215af4e9-006998416f" "proxy-server 20" 0.0004 "-" 21 0
Feb 20 11:11:43 standalone object-server[127156]: 172.20.0.100 - - [20/Feb/2026:11:11:43 +0000] "GET /d1/668/AUTH_b75c04a01e2a4deebe28e21731b0483c/gnocchi.dbac8ca7-0b40-4dc6-a071-e2023990ba23/none_v3" 404 70 "GET http://172.18.0.2:8080/v1/AUTH_b75c04a01e2a4deebe28e21731b0483c/gnocchi.dbac8ca7-0b40-4dc6-a071-e2023990ba23/none_v3" "tx849f345f7f244215af4e9-006998416f" "proxy-server 20" 0.0003 "-" 23 0
Feb 20 11:11:43 standalone proxy-server[129190]: 172.18.0.2 172.18.0.100 20/Feb/2026/11/11/43 GET /v1/AUTH_b75c04a01e2a4deebe28e21731b0483c/gnocchi.dbac8ca7-0b40-4dc6-a071-e2023990ba23/none_v3 HTTP/1.0 404 - python-swiftclient-3.11.1 gAAAAABpmEDLewQk... - 70 - tx849f345f7f244215af4e9-006998416f - 0.0113 - - 1771585903.365481138 1771585903.376801014 0
Feb 20 11:11:43 standalone account-server[126929]: 172.20.0.100 - - [20/Feb/2026:11:11:43 +0000] "PUT /d1/675/AUTH_b75c04a01e2a4deebe28e21731b0483c/gnocchi.dbac8ca7-0b40-4dc6-a071-e2023990ba23" 201 - "PUT http://172.20.0.100:6001/d1/106/AUTH_b75c04a01e2a4deebe28e21731b0483c/gnocchi.dbac8ca7-0b40-4dc6-a071-e2023990ba23" "tx03daf531ff2d43a7ad724-006998416f" "container-server 20" 0.0071 "-" 21 0
Feb 20 11:11:43 standalone container-server[127035]: 172.20.0.100 - - [20/Feb/2026:11:11:43 +0000] "PUT /d1/106/AUTH_b75c04a01e2a4deebe28e21731b0483c/gnocchi.dbac8ca7-0b40-4dc6-a071-e2023990ba23" 201 - "PUT http://172.18.0.2:8080/v1/AUTH_b75c04a01e2a4deebe28e21731b0483c/gnocchi.dbac8ca7-0b40-4dc6-a071-e2023990ba23" "tx03daf531ff2d43a7ad724-006998416f" "proxy-server 20" 0.0217 "-" 20 0
Feb 20 11:11:43 standalone proxy-server[129190]: 172.18.0.2 172.18.0.100 20/Feb/2026/11/11/43 PUT /v1/AUTH_b75c04a01e2a4deebe28e21731b0483c/gnocchi.dbac8ca7-0b40-4dc6-a071-e2023990ba23 HTTP/1.0 201 - python-swiftclient-3.11.1 gAAAAABpmEDLewQk... - - - tx03daf531ff2d43a7ad724-006998416f - 0.0279 - - 1771585903.379594803 1771585903.407523870 0
Feb 20 11:11:43 standalone container-server[127035]: 172.20.0.100 - - [20/Feb/2026:11:11:43 +0000] "HEAD /d1/106/AUTH_b75c04a01e2a4deebe28e21731b0483c/gnocchi.dbac8ca7-0b40-4dc6-a071-e2023990ba23" 204 - "HEAD http://172.18.0.2:8080/v1/AUTH_b75c04a01e2a4deebe28e21731b0483c/gnocchi.dbac8ca7-0b40-4dc6-a071-e2023990ba23?format=json&states=listing" "txfe73bca6d5ca481daaed3-006998416f" "proxy-server 20" 0.0019 "-" 20 0
Feb 20 11:11:43 standalone proxy-server[129190]: - - 20/Feb/2026/11/11/43 HEAD /v1/AUTH_b75c04a01e2a4deebe28e21731b0483c/gnocchi.dbac8ca7-0b40-4dc6-a071-e2023990ba23%3Fformat%3Djson%26states%3Dlisting HTTP/1.0 204 - Swift - - - - txfe73bca6d5ca481daaed3-006998416f - 0.0063 RL - 1771585903.413262844 1771585903.419515610 0
Feb 20 11:11:43 standalone container-server[127072]: 172.20.0.100 - - [20/Feb/2026:11:11:43 +0000] "GET /d1/106/AUTH_b75c04a01e2a4deebe28e21731b0483c/gnocchi.dbac8ca7-0b40-4dc6-a071-e2023990ba23" 200 2 "GET http://172.18.0.2:8080/v1/AUTH_b75c04a01e2a4deebe28e21731b0483c/gnocchi.dbac8ca7-0b40-4dc6-a071-e2023990ba23?format=json&states=listing" "txfe73bca6d5ca481daaed3-006998416f" "proxy-server 20" 0.0040 "-" 23 0
Feb 20 11:11:43 standalone proxy-server[129190]: 172.18.0.2 172.18.0.100 20/Feb/2026/11/11/43 GET /v1/AUTH_b75c04a01e2a4deebe28e21731b0483c/gnocchi.dbac8ca7-0b40-4dc6-a071-e2023990ba23%3Fformat%3Djson%26states%3Dlisting HTTP/1.0 200 - python-swiftclient-3.11.1 gAAAAABpmEDLewQk... - 2 - txfe73bca6d5ca481daaed3-006998416f - 0.0218 - - 1771585903.411739111 1771585903.433523893 0
Feb 20 11:11:43 standalone object-server[127154]: 172.20.0.100 - - [20/Feb/2026:11:11:43 +0000] "GET /d1/1005/AUTH_b75c04a01e2a4deebe28e21731b0483c/gnocchi.dbac8ca7-0b40-4dc6-a071-e2023990ba23/1771200000.0_mean_300.0_v3" 404 70 "GET http://172.18.0.2:8080/v1/AUTH_b75c04a01e2a4deebe28e21731b0483c/gnocchi.dbac8ca7-0b40-4dc6-a071-e2023990ba23/1771200000.0_mean_300.0_v3" "txf01dcf1d7c42441083895-006998416f" "proxy-server 20" 0.0005 "-" 22 0
Feb 20 11:11:43 standalone proxy-server[129190]: 172.18.0.2 172.18.0.100 20/Feb/2026/11/11/43 GET /v1/AUTH_b75c04a01e2a4deebe28e21731b0483c/gnocchi.dbac8ca7-0b40-4dc6-a071-e2023990ba23/1771200000.0_mean_300.0_v3 HTTP/1.0 404 - python-swiftclient-3.11.1 gAAAAABpmEDLewQk... - 70 - txf01dcf1d7c42441083895-006998416f - 0.0080 - - 1771585903.439469814 1771585903.447510242 0
Feb 20 11:11:43 standalone container-server[127027]: 172.20.0.100 - - [20/Feb/2026:11:11:43 +0000] "PUT /d1/106/AUTH_b75c04a01e2a4deebe28e21731b0483c/gnocchi.dbac8ca7-0b40-4dc6-a071-e2023990ba23/1771200000.0_mean_300.0_v3" 201 - "PUT http://172.18.0.2:8080/d1/1005/AUTH_b75c04a01e2a4deebe28e21731b0483c/gnocchi.dbac8ca7-0b40-4dc6-a071-e2023990ba23/1771200000.0_mean_300.0_v3" "txdbad6bd3c0294f26bc09c-006998416f" "object-server 22" 0.0010 "-" 19 0
Feb 20 11:11:43 standalone object-server[127154]: 172.20.0.100 - - [20/Feb/2026:11:11:43 +0000] "PUT /d1/1005/AUTH_b75c04a01e2a4deebe28e21731b0483c/gnocchi.dbac8ca7-0b40-4dc6-a071-e2023990ba23/1771200000.0_mean_300.0_v3" 201 - "PUT http://172.18.0.2:8080/v1/AUTH_b75c04a01e2a4deebe28e21731b0483c/gnocchi.dbac8ca7-0b40-4dc6-a071-e2023990ba23/1771200000.0_mean_300.0_v3" "txdbad6bd3c0294f26bc09c-006998416f" "proxy-server 20" 0.0120 "-" 22 0
Feb 20 11:11:43 standalone proxy-server[129190]: 172.18.0.2 172.18.0.100 20/Feb/2026/11/11/43 PUT /v1/AUTH_b75c04a01e2a4deebe28e21731b0483c/gnocchi.dbac8ca7-0b40-4dc6-a071-e2023990ba23/1771200000.0_mean_300.0_v3 HTTP/1.0 201 - python-swiftclient-3.11.1 gAAAAABpmEDLewQk... 16 - - txdbad6bd3c0294f26bc09c-006998416f - 0.0192 - - 1771585903.451234818 1771585903.470415115 0
Feb 20 11:11:43 standalone container-server[127047]: 172.20.0.100 - - [20/Feb/2026:11:11:43 +0000] "PUT /d1/106/AUTH_b75c04a01e2a4deebe28e21731b0483c/gnocchi.dbac8ca7-0b40-4dc6-a071-e2023990ba23/none_v3" 201 - "PUT http://172.18.0.2:8080/d1/668/AUTH_b75c04a01e2a4deebe28e21731b0483c/gnocchi.dbac8ca7-0b40-4dc6-a071-e2023990ba23/none_v3" "tx6c5dc324370745c8988c6-006998416f" "object-server 22" 0.0070 "-" 21 0
Feb 20 11:11:43 standalone object-server[127154]: 172.20.0.100 - - [20/Feb/2026:11:11:43 +0000] "PUT /d1/668/AUTH_b75c04a01e2a4deebe28e21731b0483c/gnocchi.dbac8ca7-0b40-4dc6-a071-e2023990ba23/none_v3" 201 - "PUT http://172.18.0.2:8080/v1/AUTH_b75c04a01e2a4deebe28e21731b0483c/gnocchi.dbac8ca7-0b40-4dc6-a071-e2023990ba23/none_v3" "tx6c5dc324370745c8988c6-006998416f" "proxy-server 20" 0.0194 "-" 22 0
Feb 20 11:11:43 standalone proxy-server[129190]: 172.18.0.2 172.18.0.100 20/Feb/2026/11/11/43 PUT /v1/AUTH_b75c04a01e2a4deebe28e21731b0483c/gnocchi.dbac8ca7-0b40-4dc6-a071-e2023990ba23/none_v3 HTTP/1.0 201 - python-swiftclient-3.11.1 gAAAAABpmEDLewQk... 22 - - tx6c5dc324370745c8988c6-006998416f - 0.0267 - - 1771585903.474146128 1771585903.500836611 0
Feb 20 11:13:21 standalone account-server[126917]: 172.20.0.100 - - [20/Feb/2026:11:13:21 +0000] "HEAD /d1/241/.expiring_objects" 404 - "HEAD http://localhost/v1/.expiring_objects?format=json" "tx5996bb10d7a44187af5c0-00699841d1" "proxy-server 2" 0.0007 "-" 20 -
Feb 20 11:13:21 standalone object-expirer[127036]: Pass completed in 0s; 0 objects expired (txn: tx5996bb10d7a44187af5c0-00699841d1)
Feb 20 11:14:16 standalone object-server[127163]: Begin object update sweep
Feb 20 11:14:16 standalone object-server[256035]: Object update sweep starting on /srv/node/d1 (pid: 15)
Feb 20 11:14:16 standalone object-server[256035]: Object update sweep completed on /srv/node/d1 in 0.00s seconds:, 0 successes, 0 failures, 0 quarantines, 0 unlinks, 0 errors, 0 redirects (pid: 15)
Feb 20 11:14:16 standalone object-server[256035]: Object update sweep of d1 completed: 0.00s, 0 successes, 0 failures, 0 quarantines, 0 unlinks, 0 errors, 0 redirects
Feb 20 11:14:16 standalone object-server[127163]: Object update sweep completed: 0.06s
Feb 20 11:15:11 standalone account-server[126917]: 172.20.0.100 - - [20/Feb/2026:11:15:11 +0000] "HEAD /d1/241/.expiring_objects" 404 - "HEAD http://localhost/v1/.expiring_objects?format=json" "txa03f02faa7ee498e9952c-006998423f" "proxy-server 2" 0.0008 "-" 20 -
Feb 20 11:15:11 standalone object-expirer[127036]: Pass completed in 0s; 0 objects expired (txn: txa03f02faa7ee498e9952c-006998423f)
Feb 20 11:16:12 standalone container-server[126875]: Begin container update sweep
Feb 20 11:16:12 standalone account-server[126917]: 172.20.0.100 - - [20/Feb/2026:11:16:12 +0000] "PUT /d1/675/AUTH_b75c04a01e2a4deebe28e21731b0483c/gnocchi.06c5f8c0-4374-46fc-b374-662a68083659" 201 - "-" "-" "container-updater 2" 0.0016 "-" 20 0
Feb 20 11:16:12 standalone account-server[126945]: 172.20.0.100 - - [20/Feb/2026:11:16:12 +0000] "PUT /d1/675/AUTH_b75c04a01e2a4deebe28e21731b0483c/gnocchi.a702ad59-0e06-494d-9fef-6b2416e83bac" 201 - "-" "-" "container-updater 2" 0.0006 "-" 23 0
Feb 20 11:16:12 standalone account-server[126917]: 172.20.0.100 - - [20/Feb/2026:11:16:12 +0000] "PUT /d1/675/AUTH_b75c04a01e2a4deebe28e21731b0483c/gnocchi.4be09491-2295-4222-930e-3adb89d6588e" 201 - "-" "-" "container-updater 2" 0.0009 "-" 20 0
Feb 20 11:16:12 standalone account-server[126917]: 172.20.0.100 - - [20/Feb/2026:11:16:12 +0000] "PUT /d1/675/AUTH_b75c04a01e2a4deebe28e21731b0483c/gnocchi.56fca986-3694-413f-83f5-5bdb4e760c40" 201 - "-" "-" "container-updater 2" 0.0006 "-" 20 0
Feb 20 11:16:12 standalone account-server[126929]: 172.20.0.100 - - [20/Feb/2026:11:16:12 +0000] "PUT /d1/675/AUTH_b75c04a01e2a4deebe28e21731b0483c/gnocchi.e8ef0b90-fe5e-4413-a747-8a90c8b317ae" 201 - "-" "-" "container-updater 2" 0.0008 "-" 21 0
Feb 20 11:16:13 standalone account-server[126945]: 172.20.0.100 - - [20/Feb/2026:11:16:13 +0000] "PUT /d1/675/AUTH_b75c04a01e2a4deebe28e21731b0483c/gnocchi.3f66f2b3-aba1-44f0-9124-556061b35d56" 201 - "-" "-" "container-updater 2" 0.0007 "-" 23 0
Feb 20 11:16:13 standalone account-server[126937]: 172.20.0.100 - - [20/Feb/2026:11:16:13 +0000] "PUT /d1/675/AUTH_b75c04a01e2a4deebe28e21731b0483c/gnocchi.7a6c1686-983b-4ef6-8a01-b1a4c2ae593d" 201 - "-" "-" "container-updater 2" 0.0008 "-" 22 0
Feb 20 11:16:13 standalone account-server[126945]: 172.20.0.100 - - [20/Feb/2026:11:16:13 +0000] "PUT /d1/675/AUTH_b75c04a01e2a4deebe28e21731b0483c/gnocchi.0141f6e5-7e2e-4e4f-90be-0069bb65078d" 201 - "-" "-" "container-updater 2" 0.0010 "-" 23 0
Feb 20 11:16:13 standalone account-server[126917]: 172.20.0.100 - - [20/Feb/2026:11:16:13 +0000] "PUT /d1/675/AUTH_b75c04a01e2a4deebe28e21731b0483c/gnocchi.37876645-75f3-4c6b-80f0-821381b0eaf3" 201 - "-" "-" "container-updater 2" 0.0008 "-" 20 0
Feb 20 11:16:13 standalone account-server[126937]: 172.20.0.100 - - [20/Feb/2026:11:16:13 +0000] "PUT /d1/675/AUTH_b75c04a01e2a4deebe28e21731b0483c/gnocchi.cda90c3f-ef3a-4017-9794-9d21d82ae00c" 201 - "-" "-" "container-updater 2" 0.0007 "-" 22 0
Feb 20 11:16:13 standalone account-server[126945]: 172.20.0.100 - - [20/Feb/2026:11:16:13 +0000] "PUT /d1/675/AUTH_b75c04a01e2a4deebe28e21731b0483c/gnocchi.621efd1d-e489-49f1-99de-df85aef31550" 201 - "-" "-" "container-updater 2" 0.0007 "-" 23 0
Feb 20 11:16:13 standalone account-server[126917]: 172.20.0.100 - - [20/Feb/2026:11:16:13 +0000] "PUT /d1/675/AUTH_b75c04a01e2a4deebe28e21731b0483c/gnocchi.a3c2ca1b-b122-4f76-b82e-23f8535132c8" 201 - "-" "-" "container-updater 2" 0.0006 "-" 20 0
Feb 20 11:16:13 standalone account-server[126917]: 172.20.0.100 - - [20/Feb/2026:11:16:13 +0000] "PUT /d1/675/AUTH_b75c04a01e2a4deebe28e21731b0483c/gnocchi.fc72dbd0-5714-4959-a464-4ddc9f890438" 201 - "-" "-" "container-updater 2" 0.0005 "-" 20 0
Feb 20 11:16:13 standalone account-server[126929]: 172.20.0.100 - - [20/Feb/2026:11:16:13 +0000] "PUT /d1/675/AUTH_b75c04a01e2a4deebe28e21731b0483c/gnocchi.44209e96-27a0-4ffb-b257-e143dfa017e8" 201 - "-" "-" "container-updater 2" 0.0007 "-" 21 0
Feb 20 11:16:14 standalone account-server[126945]: 172.20.0.100 - - [20/Feb/2026:11:16:14 +0000] "PUT /d1/675/AUTH_b75c04a01e2a4deebe28e21731b0483c/gnocchi.16d5b8eb-a8f1-47eb-8759-eab74dfc2167" 201 - "-" "-" "container-updater 2" 0.0005 "-" 23 0
Feb 20 11:16:14 standalone account-server[126917]: 172.20.0.100 - - [20/Feb/2026:11:16:14 +0000] "PUT /d1/675/AUTH_b75c04a01e2a4deebe28e21731b0483c/gnocchi.4eb21dc1-a03e-42e3-bb3e-46d4ff0dd587" 201 - "-" "-" "container-updater 2" 0.0005 "-" 20 0
Feb 20 11:16:14 standalone account-server[126917]: 172.20.0.100 - - [20/Feb/2026:11:16:14 +0000] "PUT /d1/675/AUTH_b75c04a01e2a4deebe28e21731b0483c/gnocchi.bfba405d-5bad-496f-896e-14e3f3404347" 201 - "-" "-" "container-updater 2" 0.0005 "-" 20 0
Feb 20 11:16:14 standalone account-server[126945]: 172.20.0.100 - - [20/Feb/2026:11:16:14 +0000] "PUT /d1/675/AUTH_b75c04a01e2a4deebe28e21731b0483c/gnocchi.5e7d8d08-ec0c-46b0-9bfc-c3f9488a8a43" 201 - "-" "-" "container-updater 2" 0.0004 "-" 23 0
Feb 20 11:16:14 standalone account-server[126917]: 172.20.0.100 - - [20/Feb/2026:11:16:14 +0000] "PUT /d1/675/AUTH_b75c04a01e2a4deebe28e21731b0483c/gnocchi.ec64a417-f914-4490-b619-1edcc07dd7f2" 201 - "-" "-" "container-updater 2" 0.0005 "-" 20 0
Feb 20 11:16:14 standalone account-server[126929]: 172.20.0.100 - - [20/Feb/2026:11:16:14 +0000] "PUT /d1/675/AUTH_b75c04a01e2a4deebe28e21731b0483c/gnocchi.60a79c18-616b-4aca-a46c-53c8220f57b2" 201 - "-" "-" "container-updater 2" 0.0009 "-" 21 0
Feb 20 11:16:14 standalone account-server[126917]: 172.20.0.100 - - [20/Feb/2026:11:16:14 +0000] "PUT /d1/675/AUTH_b75c04a01e2a4deebe28e21731b0483c/gnocchi.6be25a83-d052-4f7a-b013-885ef4a7cc62" 201 - "-" "-" "container-updater 2" 0.0005 "-" 20 0
Feb 20 11:16:14 standalone account-server[126937]: 172.20.0.100 - - [20/Feb/2026:11:16:14 +0000] "PUT /d1/675/AUTH_b75c04a01e2a4deebe28e21731b0483c/gnocchi.617a8301-d545-476f-a337-071746127292" 201 - "-" "-" "container-updater 2" 0.0005 "-" 22 0
Feb 20 11:16:14 standalone account-server[126929]: 172.20.0.100 - - [20/Feb/2026:11:16:14 +0000] "PUT /d1/675/AUTH_b75c04a01e2a4deebe28e21731b0483c/gnocchi.b2a72871-c4a2-4cac-b360-f3e033f746d4" 201 - "-" "-" "container-updater 2" 0.0006 "-" 21 0
Feb 20 11:16:15 standalone account-server[126929]: 172.20.0.100 - - [20/Feb/2026:11:16:15 +0000] "PUT /d1/675/AUTH_b75c04a01e2a4deebe28e21731b0483c/gnocchi.8c047b8d-ef7a-4767-a1e4-0c4433c3a2a9" 201 - "-" "-" "container-updater 2" 0.0005 "-" 21 0
Feb 20 11:16:15 standalone account-server[126937]: 172.20.0.100 - - [20/Feb/2026:11:16:15 +0000] "PUT /d1/675/AUTH_b75c04a01e2a4deebe28e21731b0483c/gnocchi.88b3e342-5319-4e71-9303-5b191085b90c" 201 - "-" "-" "container-updater 2" 0.0005 "-" 22 0
Feb 20 11:16:15 standalone account-server[126937]: 172.20.0.100 - - [20/Feb/2026:11:16:15 +0000] "PUT /d1/675/AUTH_b75c04a01e2a4deebe28e21731b0483c/gnocchi.026f6d4a-929d-4787-b9ce-cb7a4a24e28a" 201 - "-" "-" "container-updater 2" 0.0006 "-" 22 0
Feb 20 11:16:15 standalone account-server[126937]: 172.20.0.100 - - [20/Feb/2026:11:16:15 +0000] "PUT /d1/675/AUTH_b75c04a01e2a4deebe28e21731b0483c/gnocchi.ed8009e3-f48c-4928-ad70-b09242a382f5" 201 - "-" "-" "container-updater 2" 0.0005 "-" 22 0
Feb 20 11:16:15 standalone account-server[126929]: 172.20.0.100 - - [20/Feb/2026:11:16:15 +0000] "PUT /d1/675/AUTH_b75c04a01e2a4deebe28e21731b0483c/gnocchi.11ec721a-6628-484c-ab0b-5e33aadad8c1" 201 - "-" "-" "container-updater 2" 0.0006 "-" 21 0
Feb 20 11:16:15 standalone account-server[126929]: 172.20.0.100 - - [20/Feb/2026:11:16:15 +0000] "PUT /d1/675/AUTH_b75c04a01e2a4deebe28e21731b0483c/gnocchi.a6470c95-768e-4f9b-9d15-51bafaa6976c" 201 - "-" "-" "container-updater 2" 0.0005 "-" 21 0
Feb 20 11:16:15 standalone account-server[126937]: 172.20.0.100 - - [20/Feb/2026:11:16:15 +0000] "PUT /d1/675/AUTH_b75c04a01e2a4deebe28e21731b0483c/gnocchi.dbac8ca7-0b40-4dc6-a071-e2023990ba23" 201 - "-" "-" "container-updater 2" 0.0005 "-" 22 0
Feb 20 11:16:15 standalone account-server[126917]: 172.20.0.100 - - [20/Feb/2026:11:16:15 +0000] "PUT /d1/675/AUTH_b75c04a01e2a4deebe28e21731b0483c/gnocchi.37c90dcb-ea84-4855-82b4-0341bf41aa37" 201 - "-" "-" "container-updater 2" 0.0009 "-" 20 0
Feb 20 11:16:16 standalone account-server[126945]: 172.20.0.100 - - [20/Feb/2026:11:16:16 +0000] "PUT /d1/675/AUTH_b75c04a01e2a4deebe28e21731b0483c/gnocchi.34609715-f003-44fc-b597-29ee6aabd1b1" 201 - "-" "-" "container-updater 2" 0.0004 "-" 23 0
Feb 20 11:16:16 standalone account-server[126929]: 172.20.0.100 - - [20/Feb/2026:11:16:16 +0000] "PUT /d1/675/AUTH_b75c04a01e2a4deebe28e21731b0483c/gnocchi.33d32936-69b2-4c28-97bd-0e3285d530d8" 201 - "-" "-" "container-updater 2" 0.0005 "-" 21 0
Feb 20 11:16:16 standalone account-server[126917]: 172.20.0.100 - - [20/Feb/2026:11:16:16 +0000] "PUT /d1/675/AUTH_b75c04a01e2a4deebe28e21731b0483c/gnocchi.a7c71f39-d967-4726-aafe-17836c849513" 201 - "-" "-" "container-updater 2" 0.0006 "-" 20 0
Feb 20 11:16:16 standalone account-server[126929]: 172.20.0.100 - - [20/Feb/2026:11:16:16 +0000] "PUT /d1/675/AUTH_b75c04a01e2a4deebe28e21731b0483c/gnocchi.79bb3bf9-b078-4cb3-8348-773780228861" 201 - "-" "-" "container-updater 2" 0.0003 "-" 21 0
Feb 20 11:16:16 standalone account-server[126929]: 172.20.0.100 - - [20/Feb/2026:11:16:16 +0000] "PUT /d1/675/AUTH_b75c04a01e2a4deebe28e21731b0483c/gnocchi.ee205237-a111-485b-adae-8cab0c799d4b" 201 - "-" "-" "container-updater 2" 0.0005 "-" 21 0
Feb 20 11:16:16 standalone account-server[126929]: 172.20.0.100 - - [20/Feb/2026:11:16:16 +0000] "PUT /d1/675/AUTH_b75c04a01e2a4deebe28e21731b0483c/gnocchi.e931b6f0-af11-4b3e-8b87-03dbf8837973" 201 - "-" "-" "container-updater 2" 0.0005 "-" 21 0
Feb 20 11:16:17 standalone account-server[126917]: 172.20.0.100 - - [20/Feb/2026:11:16:17 +0000] "PUT /d1/675/AUTH_b75c04a01e2a4deebe28e21731b0483c/gnocchi.6a49901c-89ee-4510-aa17-d4cb4f372069" 201 - "-" "-" "container-updater 2" 0.0010 "-" 20 0
Feb 20 11:16:17 standalone account-server[126929]: 172.20.0.100 - - [20/Feb/2026:11:16:17 +0000] "PUT /d1/675/AUTH_b75c04a01e2a4deebe28e21731b0483c/gnocchi.947d0989-24f2-4a69-a1a8-80ba346f7b73" 201 - "-" "-" "container-updater 2" 0.0005 "-" 21 0
Feb 20 11:16:17 standalone container-server[126875]: Container update sweep completed: 4.88s
Feb 20 11:16:37 standalone account-server[126937]: 172.20.0.100 - - [20/Feb/2026:11:16:37 +0000] "HEAD /d1/675/AUTH_b75c04a01e2a4deebe28e21731b0483c" 204 - "HEAD http://172.18.0.2:8080/v1/AUTH_b75c04a01e2a4deebe28e21731b0483c?format=json" "txe47dad72f23c4f94904d2-0069984295" "proxy-server 20" 0.0165 "-" 22 -
Feb 20 11:16:37 standalone proxy-server[129190]: - - 20/Feb/2026/11/16/37 HEAD /v1/AUTH_b75c04a01e2a4deebe28e21731b0483c%3Fformat%3Djson HTTP/1.0 204 - Swift - - - - txe47dad72f23c4f94904d2-0069984295 - 0.0238 RL - 1771586197.437652588 1771586197.461431980 -
Feb 20 11:16:37 standalone container-server[127027]: 172.20.0.100 - - [20/Feb/2026:11:16:37 +0000] "HEAD /d1/788/AUTH_b75c04a01e2a4deebe28e21731b0483c/gnocchi.6be25a83-d052-4f7a-b013-885ef4a7cc62" 204 - "HEAD http://172.18.0.2:8080/v1/AUTH_b75c04a01e2a4deebe28e21731b0483c/gnocchi.6be25a83-d052-4f7a-b013-885ef4a7cc62?format=json&states=listing" "txe47dad72f23c4f94904d2-0069984295" "proxy-server 20" 0.0032 "-" 19 0
Feb 20 11:16:37 standalone object-server[127156]: 172.20.0.100 - - [20/Feb/2026:11:16:37 +0000] "GET /d1/270/AUTH_b75c04a01e2a4deebe28e21731b0483c/gnocchi.6be25a83-d052-4f7a-b013-885ef4a7cc62/none_v3" 200 22 "GET http://172.18.0.2:8080/v1/AUTH_b75c04a01e2a4deebe28e21731b0483c/gnocchi.6be25a83-d052-4f7a-b013-885ef4a7cc62/none_v3" "txe47dad72f23c4f94904d2-0069984295" "proxy-server 20" 0.0015 "-" 23 0
Feb 20 11:16:37 standalone proxy-server[129190]: 172.18.0.2 172.18.0.100 20/Feb/2026/11/16/37 GET /v1/AUTH_b75c04a01e2a4deebe28e21731b0483c/gnocchi.6be25a83-d052-4f7a-b013-885ef4a7cc62/none_v3 HTTP/1.0 200 - python-swiftclient-3.11.1 gAAAAABpmEDLewQk... - 22 - txe47dad72f23c4f94904d2-0069984295 - 0.1662 - - 1771586197.436293602 1771586197.602445364 0
Feb 20 11:16:37 standalone container-server[127047]: 172.20.0.100 - - [20/Feb/2026:11:16:37 +0000] "GET /d1/788/AUTH_b75c04a01e2a4deebe28e21731b0483c/gnocchi.6be25a83-d052-4f7a-b013-885ef4a7cc62" 200 357 "GET http://172.18.0.2:8080/v1/AUTH_b75c04a01e2a4deebe28e21731b0483c/gnocchi.6be25a83-d052-4f7a-b013-885ef4a7cc62?format=json&states=listing" "tx24459a59a5e34c548b771-0069984295" "proxy-server 20" 0.0021 "-" 21 0
Feb 20 11:16:37 standalone proxy-server[129190]: 172.18.0.2 172.18.0.100 20/Feb/2026/11/16/37 GET /v1/AUTH_b75c04a01e2a4deebe28e21731b0483c/gnocchi.6be25a83-d052-4f7a-b013-885ef4a7cc62%3Fformat%3Djson%26states%3Dlisting HTTP/1.0 200 - python-swiftclient-3.11.1 gAAAAABpmEDLewQk... - 357 - tx24459a59a5e34c548b771-0069984295 - 0.0123 - - 1771586197.608406067 1771586197.620724678 0
Feb 20 11:16:37 standalone container-server[127072]: 172.20.0.100 - - [20/Feb/2026:11:16:37 +0000] "GET /d1/788/AUTH_b75c04a01e2a4deebe28e21731b0483c/gnocchi.6be25a83-d052-4f7a-b013-885ef4a7cc62" 200 2 "GET http://172.18.0.2:8080/v1/AUTH_b75c04a01e2a4deebe28e21731b0483c/gnocchi.6be25a83-d052-4f7a-b013-885ef4a7cc62?format=json&marker=none_v3&states=listing" "tx330e9d90ac3a4782a7183-0069984295" "proxy-server 20" 0.0025 "-" 23 0
Feb 20 11:16:37 standalone proxy-server[129190]: 172.18.0.2 172.18.0.100 20/Feb/2026/11/16/37 GET /v1/AUTH_b75c04a01e2a4deebe28e21731b0483c/gnocchi.6be25a83-d052-4f7a-b013-885ef4a7cc62%3Fformat%3Djson%26marker%3Dnone_v3%26states%3Dlisting HTTP/1.0 200 - python-swiftclient-3.11.1 gAAAAABpmEDLewQk... - 2 - tx330e9d90ac3a4782a7183-0069984295 - 0.0105 - - 1771586197.624491215 1771586197.634974480 0
Feb 20 11:16:37 standalone object-server[127157]: 172.20.0.100 - - [20/Feb/2026:11:16:37 +0000] "GET /d1/755/AUTH_b75c04a01e2a4deebe28e21731b0483c/gnocchi.6be25a83-d052-4f7a-b013-885ef4a7cc62/1771200000.0_mean_300.0_v3" 200 16 "GET http://172.18.0.2:8080/v1/AUTH_b75c04a01e2a4deebe28e21731b0483c/gnocchi.6be25a83-d052-4f7a-b013-885ef4a7cc62/1771200000.0_mean_300.0_v3" "tx08e9e63fa99247979baf1-0069984295" "proxy-server 20" 0.0012 "-" 24 0
Feb 20 11:16:37 standalone proxy-server[129190]: 172.18.0.2 172.18.0.100 20/Feb/2026/11/16/37 GET /v1/AUTH_b75c04a01e2a4deebe28e21731b0483c/gnocchi.6be25a83-d052-4f7a-b013-885ef4a7cc62/1771200000.0_mean_300.0_v3 HTTP/1.0 200 - python-swiftclient-3.11.1 gAAAAABpmEDLewQk... - 16 - tx08e9e63fa99247979baf1-0069984295 - 0.0106 - - 1771586197.641406536 1771586197.652047396 0
Feb 20 11:16:37 standalone object-server[127157]: 172.20.0.100 - - [20/Feb/2026:11:16:37 +0000] "GET /d1/445/AUTH_b75c04a01e2a4deebe28e21731b0483c/gnocchi.6be25a83-d052-4f7a-b013-885ef4a7cc62/1771200000.0_rate%3Amean_300.0_v3" 404 70 "GET http://172.18.0.2:8080/v1/AUTH_b75c04a01e2a4deebe28e21731b0483c/gnocchi.6be25a83-d052-4f7a-b013-885ef4a7cc62/1771200000.0_rate%3Amean_300.0_v3" "tx71aa3c76a6d34a0aad66e-0069984295" "proxy-server 20" 0.0004 "-" 24 0
Feb 20 11:16:37 standalone proxy-server[129190]: 172.18.0.2 172.18.0.100 20/Feb/2026/11/16/37 GET /v1/AUTH_b75c04a01e2a4deebe28e21731b0483c/gnocchi.6be25a83-d052-4f7a-b013-885ef4a7cc62/1771200000.0_rate%253Amean_300.0_v3 HTTP/1.0 404 - python-swiftclient-3.11.1 gAAAAABpmEDLewQk... - 70 - tx71aa3c76a6d34a0aad66e-0069984295 - 0.0084 - - 1771586197.656507492 1771586197.664883137 0
Feb 20 11:16:37 standalone container-server[127035]: 172.20.0.100 - - [20/Feb/2026:11:16:37 +0000] "PUT /d1/788/AUTH_b75c04a01e2a4deebe28e21731b0483c/gnocchi.6be25a83-d052-4f7a-b013-885ef4a7cc62/1771200000.0_mean_300.0_v3" 201 - "PUT http://172.18.0.2:8080/d1/755/AUTH_b75c04a01e2a4deebe28e21731b0483c/gnocchi.6be25a83-d052-4f7a-b013-885ef4a7cc62/1771200000.0_mean_300.0_v3" "tx843c95b3a33c416aab914-0069984295" "object-server 24" 0.0010 "-" 20 0
Feb 20 11:16:37 standalone object-server[127157]: 172.20.0.100 - - [20/Feb/2026:11:16:37 +0000] "PUT /d1/755/AUTH_b75c04a01e2a4deebe28e21731b0483c/gnocchi.6be25a83-d052-4f7a-b013-885ef4a7cc62/1771200000.0_mean_300.0_v3" 201 - "PUT http://172.18.0.2:8080/v1/AUTH_b75c04a01e2a4deebe28e21731b0483c/gnocchi.6be25a83-d052-4f7a-b013-885ef4a7cc62/1771200000.0_mean_300.0_v3" "tx843c95b3a33c416aab914-0069984295" "proxy-server 20" 0.0232 "-" 24 0
Feb 20 11:16:37 standalone proxy-server[129190]: 172.18.0.2 172.18.0.100 20/Feb/2026/11/16/37 PUT /v1/AUTH_b75c04a01e2a4deebe28e21731b0483c/gnocchi.6be25a83-d052-4f7a-b013-885ef4a7cc62/1771200000.0_mean_300.0_v3 HTTP/1.0 201 - python-swiftclient-3.11.1 gAAAAABpmEDLewQk... 27 - - tx843c95b3a33c416aab914-0069984295 - 0.0335 - - 1771586197.669499874 1771586197.702975273 0
Feb 20 11:16:37 standalone container-server[127047]: 172.20.0.100 - - [20/Feb/2026:11:16:37 +0000] "PUT /d1/788/AUTH_b75c04a01e2a4deebe28e21731b0483c/gnocchi.6be25a83-d052-4f7a-b013-885ef4a7cc62/1771200000.0_rate%3Amean_300.0_v3" 201 - "PUT http://172.18.0.2:8080/d1/445/AUTH_b75c04a01e2a4deebe28e21731b0483c/gnocchi.6be25a83-d052-4f7a-b013-885ef4a7cc62/1771200000.0_rate%3Amean_300.0_v3" "tx5c0244c82a994cb6bd450-0069984295" "object-server 22" 0.0005 "-" 21 0
Feb 20 11:16:37 standalone object-server[127154]: 172.20.0.100 - - [20/Feb/2026:11:16:37 +0000] "PUT /d1/445/AUTH_b75c04a01e2a4deebe28e21731b0483c/gnocchi.6be25a83-d052-4f7a-b013-885ef4a7cc62/1771200000.0_rate%3Amean_300.0_v3" 201 - "PUT http://172.18.0.2:8080/v1/AUTH_b75c04a01e2a4deebe28e21731b0483c/gnocchi.6be25a83-d052-4f7a-b013-885ef4a7cc62/1771200000.0_rate%3Amean_300.0_v3" "tx5c0244c82a994cb6bd450-0069984295" "proxy-server 20" 0.0110 "-" 22 0
Feb 20 11:16:37 standalone proxy-server[129190]: 172.18.0.2 172.18.0.100 20/Feb/2026/11/16/37 PUT /v1/AUTH_b75c04a01e2a4deebe28e21731b0483c/gnocchi.6be25a83-d052-4f7a-b013-885ef4a7cc62/1771200000.0_rate%253Amean_300.0_v3 HTTP/1.0 201 - python-swiftclient-3.11.1 gAAAAABpmEDLewQk... 16 - - tx5c0244c82a994cb6bd450-0069984295 - 0.0203 - - 1771586197.708558321 1771586197.728869200 0
Feb 20 11:16:37 standalone container-server[127035]: 172.20.0.100 - - [20/Feb/2026:11:16:37 +0000] "PUT /d1/788/AUTH_b75c04a01e2a4deebe28e21731b0483c/gnocchi.6be25a83-d052-4f7a-b013-885ef4a7cc62/none_v3" 201 - "PUT http://172.18.0.2:8080/d1/270/AUTH_b75c04a01e2a4deebe28e21731b0483c/gnocchi.6be25a83-d052-4f7a-b013-885ef4a7cc62/none_v3" "tx77476b97657849f4bd596-0069984295" "object-server 24" 0.0009 "-" 20 0
Feb 20 11:16:37 standalone object-server[127157]: 172.20.0.100 - - [20/Feb/2026:11:16:37 +0000] "PUT /d1/270/AUTH_b75c04a01e2a4deebe28e21731b0483c/gnocchi.6be25a83-d052-4f7a-b013-885ef4a7cc62/none_v3" 201 - "PUT http://172.18.0.2:8080/v1/AUTH_b75c04a01e2a4deebe28e21731b0483c/gnocchi.6be25a83-d052-4f7a-b013-885ef4a7cc62/none_v3" "tx77476b97657849f4bd596-0069984295" "proxy-server 20" 0.0107 "-" 24 0
Feb 20 11:16:37 standalone proxy-server[129190]: 172.18.0.2 172.18.0.100 20/Feb/2026/11/16/37 PUT /v1/AUTH_b75c04a01e2a4deebe28e21731b0483c/gnocchi.6be25a83-d052-4f7a-b013-885ef4a7cc62/none_v3 HTTP/1.0 201 - python-swiftclient-3.11.1 gAAAAABpmEDLewQk... 35 - - tx77476b97657849f4bd596-0069984295 - 0.0184 - - 1771586197.733601809 1771586197.751998186 0
Feb 20 11:16:37 standalone container-server[127047]: 172.20.0.100 - - [20/Feb/2026:11:16:37 +0000] "HEAD /d1/458/AUTH_b75c04a01e2a4deebe28e21731b0483c/gnocchi.37876645-75f3-4c6b-80f0-821381b0eaf3" 204 - "HEAD http://172.18.0.2:8080/v1/AUTH_b75c04a01e2a4deebe28e21731b0483c/gnocchi.37876645-75f3-4c6b-80f0-821381b0eaf3?format=json&states=listing" "tx3c70679086a44875bdec6-0069984295" "proxy-server 20" 0.0013 "-" 21 0
Feb 20 11:16:37 standalone object-server[127161]: 172.20.0.100 - - [20/Feb/2026:11:16:37 +0000] "GET /d1/226/AUTH_b75c04a01e2a4deebe28e21731b0483c/gnocchi.37876645-75f3-4c6b-80f0-821381b0eaf3/none_v3" 200 22 "GET http://172.18.0.2:8080/v1/AUTH_b75c04a01e2a4deebe28e21731b0483c/gnocchi.37876645-75f3-4c6b-80f0-821381b0eaf3/none_v3" "tx3c70679086a44875bdec6-0069984295" "proxy-server 20" 0.0013 "-" 25 0
Feb 20 11:16:37 standalone proxy-server[129190]: 172.18.0.2 172.18.0.100 20/Feb/2026/11/16/37 GET /v1/AUTH_b75c04a01e2a4deebe28e21731b0483c/gnocchi.37876645-75f3-4c6b-80f0-821381b0eaf3/none_v3 HTTP/1.0 200 - python-swiftclient-3.11.1 gAAAAABpmEDLewQk... - 22 - tx3c70679086a44875bdec6-0069984295 - 0.0154 - - 1771586197.767009258 1771586197.782388449 0
Feb 20 11:16:37 standalone container-server[127035]: 172.20.0.100 - - [20/Feb/2026:11:16:37 +0000] "HEAD /d1/246/AUTH_b75c04a01e2a4deebe28e21731b0483c/gnocchi.947d0989-24f2-4a69-a1a8-80ba346f7b73" 204 - "HEAD http://172.18.0.2:8080/v1/AUTH_b75c04a01e2a4deebe28e21731b0483c/gnocchi.947d0989-24f2-4a69-a1a8-80ba346f7b73?format=json&states=listing" "tx641bad429a5d416eb0857-0069984295" "proxy-server 20" 0.0032 "-" 20 0
Feb 20 11:16:37 standalone object-server[127156]: 172.20.0.100 - - [20/Feb/2026:11:16:37 +0000] "GET /d1/709/AUTH_b75c04a01e2a4deebe28e21731b0483c/gnocchi.947d0989-24f2-4a69-a1a8-80ba346f7b73/none_v3" 200 22 "GET http://172.18.0.2:8080/v1/AUTH_b75c04a01e2a4deebe28e21731b0483c/gnocchi.947d0989-24f2-4a69-a1a8-80ba346f7b73/none_v3" "tx641bad429a5d416eb0857-0069984295" "proxy-server 20" 0.0010 "-" 23 0
Feb 20 11:16:37 standalone proxy-server[129190]: 172.18.0.2 172.18.0.100 20/Feb/2026/11/16/37 GET /v1/AUTH_b75c04a01e2a4deebe28e21731b0483c/gnocchi.947d0989-24f2-4a69-a1a8-80ba346f7b73/none_v3 HTTP/1.0 200 - python-swiftclient-3.11.1 gAAAAABpmEDLewQk... - 22 - tx641bad429a5d416eb0857-0069984295 - 0.0182 - - 1771586197.786459923 1771586197.804628134 0
Feb 20 11:16:37 standalone container-server[127047]: 172.20.0.100 - - [20/Feb/2026:11:16:37 +0000] "HEAD /d1/277/AUTH_b75c04a01e2a4deebe28e21731b0483c/gnocchi.e931b6f0-af11-4b3e-8b87-03dbf8837973" 204 - "HEAD http://172.18.0.2:8080/v1/AUTH_b75c04a01e2a4deebe28e21731b0483c/gnocchi.e931b6f0-af11-4b3e-8b87-03dbf8837973?format=json&states=listing" "tx04ff9e16a0634619b0645-0069984295" "proxy-server 20" 0.0011 "-" 21 0
Feb 20 11:16:37 standalone object-server[127156]: 172.20.0.100 - - [20/Feb/2026:11:16:37 +0000] "GET /d1/868/AUTH_b75c04a01e2a4deebe28e21731b0483c/gnocchi.e931b6f0-af11-4b3e-8b87-03dbf8837973/none_v3" 200 22 "GET http://172.18.0.2:8080/v1/AUTH_b75c04a01e2a4deebe28e21731b0483c/gnocchi.e931b6f0-af11-4b3e-8b87-03dbf8837973/none_v3" "tx04ff9e16a0634619b0645-0069984295" "proxy-server 20" 0.0009 "-" 23 0
Feb 20 11:16:37 standalone proxy-server[129190]: 172.18.0.2 172.18.0.100 20/Feb/2026/11/16/37 GET /v1/AUTH_b75c04a01e2a4deebe28e21731b0483c/gnocchi.e931b6f0-af11-4b3e-8b87-03dbf8837973/none_v3 HTTP/1.0 200 - python-swiftclient-3.11.1 gAAAAABpmEDLewQk... - 22 - tx04ff9e16a0634619b0645-0069984295 - 0.0136 - - 1771586197.808820248 1771586197.822372913 0
Feb 20 11:16:37 standalone container-server[127027]: 172.20.0.100 - - [20/Feb/2026:11:16:37 +0000] "GET /d1/458/AUTH_b75c04a01e2a4deebe28e21731b0483c/gnocchi.37876645-75f3-4c6b-80f0-821381b0eaf3" 200 357 "GET http://172.18.0.2:8080/v1/AUTH_b75c04a01e2a4deebe28e21731b0483c/gnocchi.37876645-75f3-4c6b-80f0-821381b0eaf3?format=json&states=listing" "tx43d2113f96b045e5a2088-0069984295" "proxy-server 20" 0.0038 "-" 19 0
Feb 20 11:16:37 standalone proxy-server[129190]: 172.18.0.2 172.18.0.100 20/Feb/2026/11/16/37 GET /v1/AUTH_b75c04a01e2a4deebe28e21731b0483c/gnocchi.37876645-75f3-4c6b-80f0-821381b0eaf3%3Fformat%3Djson%26states%3Dlisting HTTP/1.0 200 - python-swiftclient-3.11.1 gAAAAABpmEDLewQk... - 357 - tx43d2113f96b045e5a2088-0069984295 - 0.0128 - - 1771586197.827888727 1771586197.840727091 0
Feb 20 11:16:37 standalone container-server[127072]: 172.20.0.100 - - [20/Feb/2026:11:16:37 +0000] "GET /d1/458/AUTH_b75c04a01e2a4deebe28e21731b0483c/gnocchi.37876645-75f3-4c6b-80f0-821381b0eaf3" 200 2 "GET http://172.18.0.2:8080/v1/AUTH_b75c04a01e2a4deebe28e21731b0483c/gnocchi.37876645-75f3-4c6b-80f0-821381b0eaf3?format=json&marker=none_v3&states=listing" "tx4e63e79ed0a04a759e198-0069984295" "proxy-server 20" 0.0038 "-" 23 0
Feb 20 11:16:37 standalone proxy-server[129190]: 172.18.0.2 172.18.0.100 20/Feb/2026/11/16/37 GET /v1/AUTH_b75c04a01e2a4deebe28e21731b0483c/gnocchi.37876645-75f3-4c6b-80f0-821381b0eaf3%3Fformat%3Djson%26marker%3Dnone_v3%26states%3Dlisting HTTP/1.0 200 - python-swiftclient-3.11.1 gAAAAABpmEDLewQk... - 2 - tx4e63e79ed0a04a759e198-0069984295 - 0.0131 - - 1771586197.844743013 1771586197.857882738 0
Feb 20 11:16:37 standalone container-server[127027]: 172.20.0.100 - - [20/Feb/2026:11:16:37 +0000] "GET /d1/246/AUTH_b75c04a01e2a4deebe28e21731b0483c/gnocchi.947d0989-24f2-4a69-a1a8-80ba346f7b73" 200 357 "GET http://172.18.0.2:8080/v1/AUTH_b75c04a01e2a4deebe28e21731b0483c/gnocchi.947d0989-24f2-4a69-a1a8-80ba346f7b73?format=json&states=listing" "txd3e5a97e10e04a6a9b5d5-0069984295" "proxy-server 20" 0.0033 "-" 19 0
Feb 20 11:16:37 standalone proxy-server[129190]: 172.18.0.2 172.18.0.100 20/Feb/2026/11/16/37 GET /v1/AUTH_b75c04a01e2a4deebe28e21731b0483c/gnocchi.947d0989-24f2-4a69-a1a8-80ba346f7b73%3Fformat%3Djson%26states%3Dlisting HTTP/1.0 200 - python-swiftclient-3.11.1 gAAAAABpmEDLewQk... - 357 - txd3e5a97e10e04a6a9b5d5-0069984295 - 0.0143 - - 1771586197.866645813 1771586197.880991697 0
Feb 20 11:16:37 standalone container-server[127027]: 172.20.0.100 - - [20/Feb/2026:11:16:37 +0000] "GET /d1/246/AUTH_b75c04a01e2a4deebe28e21731b0483c/gnocchi.947d0989-24f2-4a69-a1a8-80ba346f7b73" 200 2 "GET http://172.18.0.2:8080/v1/AUTH_b75c04a01e2a4deebe28e21731b0483c/gnocchi.947d0989-24f2-4a69-a1a8-80ba346f7b73?format=json&marker=none_v3&states=listing" "tx0001bc1f2c2141a5970b1-0069984295" "proxy-server 20" 0.0039 "-" 19 0
Feb 20 11:16:37 standalone proxy-server[129190]: 172.18.0.2 172.18.0.100 20/Feb/2026/11/16/37 GET /v1/AUTH_b75c04a01e2a4deebe28e21731b0483c/gnocchi.947d0989-24f2-4a69-a1a8-80ba346f7b73%3Fformat%3Djson%26marker%3Dnone_v3%26states%3Dlisting HTTP/1.0 200 - python-swiftclient-3.11.1 gAAAAABpmEDLewQk... - 2 - tx0001bc1f2c2141a5970b1-0069984295 - 0.0127 - - 1771586197.885270119 1771586197.897982121 0
Feb 20 11:16:37 standalone container-server[127035]: 172.20.0.100 - - [20/Feb/2026:11:16:37 +0000] "GET /d1/277/AUTH_b75c04a01e2a4deebe28e21731b0483c/gnocchi.e931b6f0-af11-4b3e-8b87-03dbf8837973" 200 357 "GET http://172.18.0.2:8080/v1/AUTH_b75c04a01e2a4deebe28e21731b0483c/gnocchi.e931b6f0-af11-4b3e-8b87-03dbf8837973?format=json&states=listing" "tx672c000814fb45e6bbca6-0069984295" "proxy-server 20" 0.0040 "-" 20 0
Feb 20 11:16:37 standalone proxy-server[129190]: 172.18.0.2 172.18.0.100 20/Feb/2026/11/16/37 GET /v1/AUTH_b75c04a01e2a4deebe28e21731b0483c/gnocchi.e931b6f0-af11-4b3e-8b87-03dbf8837973%3Fformat%3Djson%26states%3Dlisting HTTP/1.0 200 - python-swiftclient-3.11.1 gAAAAABpmEDLewQk... - 357 - tx672c000814fb45e6bbca6-0069984295 - 0.0121 - - 1771586197.904659986 1771586197.916760683 0
Feb 20 11:16:37 standalone container-server[127047]: 172.20.0.100 - - [20/Feb/2026:11:16:37 +0000] "GET /d1/277/AUTH_b75c04a01e2a4deebe28e21731b0483c/gnocchi.e931b6f0-af11-4b3e-8b87-03dbf8837973" 200 2 "GET http://172.18.0.2:8080/v1/AUTH_b75c04a01e2a4deebe28e21731b0483c/gnocchi.e931b6f0-af11-4b3e-8b87-03dbf8837973?format=json&marker=none_v3&states=listing" "tx68f42343846f4c73b1d4d-0069984295" "proxy-server 20" 0.0021 "-" 21 0
Feb 20 11:16:37 standalone proxy-server[129190]: 172.18.0.2 172.18.0.100 20/Feb/2026/11/16/37 GET /v1/AUTH_b75c04a01e2a4deebe28e21731b0483c/gnocchi.e931b6f0-af11-4b3e-8b87-03dbf8837973%3Fformat%3Djson%26marker%3Dnone_v3%26states%3Dlisting HTTP/1.0 200 - python-swiftclient-3.11.1 gAAAAABpmEDLewQk... - 2 - tx68f42343846f4c73b1d4d-0069984295 - 0.0098 - - 1771586197.921043873 1771586197.930817842 0
Feb 20 11:16:37 standalone object-server[127156]: 172.20.0.100 - - [20/Feb/2026:11:16:37 +0000] "GET /d1/260/AUTH_b75c04a01e2a4deebe28e21731b0483c/gnocchi.37876645-75f3-4c6b-80f0-821381b0eaf3/1771200000.0_mean_300.0_v3" 200 16 "GET http://172.18.0.2:8080/v1/AUTH_b75c04a01e2a4deebe28e21731b0483c/gnocchi.37876645-75f3-4c6b-80f0-821381b0eaf3/1771200000.0_mean_300.0_v3" "tx66fd644e28b74a1797588-0069984295" "proxy-server 20" 0.0011 "-" 23 0
Feb 20 11:16:37 standalone proxy-server[129190]: 172.18.0.2 172.18.0.100 20/Feb/2026/11/16/37 GET /v1/AUTH_b75c04a01e2a4deebe28e21731b0483c/gnocchi.37876645-75f3-4c6b-80f0-821381b0eaf3/1771200000.0_mean_300.0_v3 HTTP/1.0 200 - python-swiftclient-3.11.1 gAAAAABpmEDLewQk... - 16 - tx66fd644e28b74a1797588-0069984295 - 0.0090 - - 1771586197.936028004 1771586197.945004225 0
Feb 20 11:16:37 standalone object-server[127156]: 172.20.0.100 - - [20/Feb/2026:11:16:37 +0000] "GET /d1/205/AUTH_b75c04a01e2a4deebe28e21731b0483c/gnocchi.37876645-75f3-4c6b-80f0-821381b0eaf3/1771200000.0_rate%3Amean_300.0_v3" 404 70 "GET http://172.18.0.2:8080/v1/AUTH_b75c04a01e2a4deebe28e21731b0483c/gnocchi.37876645-75f3-4c6b-80f0-821381b0eaf3/1771200000.0_rate%3Amean_300.0_v3" "tx74283428364d4e29b89a4-0069984295" "proxy-server 20" 0.0010 "-" 23 0
Feb 20 11:16:37 standalone proxy-server[129190]: 172.18.0.2 172.18.0.100 20/Feb/2026/11/16/37 GET /v1/AUTH_b75c04a01e2a4deebe28e21731b0483c/gnocchi.37876645-75f3-4c6b-80f0-821381b0eaf3/1771200000.0_rate%253Amean_300.0_v3 HTTP/1.0 404 - python-swiftclient-3.11.1 gAAAAABpmEDLewQk... - 70 - tx74283428364d4e29b89a4-0069984295 - 0.0117 - - 1771586197.948784351 1771586197.960473061 0
Feb 20 11:16:37 standalone object-server[127157]: 172.20.0.100 - - [20/Feb/2026:11:16:37 +0000] "GET /d1/404/AUTH_b75c04a01e2a4deebe28e21731b0483c/gnocchi.947d0989-24f2-4a69-a1a8-80ba346f7b73/1771200000.0_mean_300.0_v3" 200 16 "GET http://172.18.0.2:8080/v1/AUTH_b75c04a01e2a4deebe28e21731b0483c/gnocchi.947d0989-24f2-4a69-a1a8-80ba346f7b73/1771200000.0_mean_300.0_v3" "tx126231c18c0e4920b0d73-0069984295" "proxy-server 20" 0.0012 "-" 24 0
Feb 20 11:16:37 standalone proxy-server[129190]: 172.18.0.2 172.18.0.100 20/Feb/2026/11/16/37 GET /v1/AUTH_b75c04a01e2a4deebe28e21731b0483c/gnocchi.947d0989-24f2-4a69-a1a8-80ba346f7b73/1771200000.0_mean_300.0_v3 HTTP/1.0 200 - python-swiftclient-3.11.1 gAAAAABpmEDLewQk... - 16 - tx126231c18c0e4920b0d73-0069984295 - 0.0096 - - 1771586197.966591835 1771586197.976178885 0
Feb 20 11:16:37 standalone object-server[127161]: 172.20.0.100 - - [20/Feb/2026:11:16:37 +0000] "GET /d1/624/AUTH_b75c04a01e2a4deebe28e21731b0483c/gnocchi.947d0989-24f2-4a69-a1a8-80ba346f7b73/1771200000.0_rate%3Amean_300.0_v3" 404 70 "GET http://172.18.0.2:8080/v1/AUTH_b75c04a01e2a4deebe28e21731b0483c/gnocchi.947d0989-24f2-4a69-a1a8-80ba346f7b73/1771200000.0_rate%3Amean_300.0_v3" "tx583da8f6c0484bdfbcc70-0069984295" "proxy-server 20" 0.0005 "-" 25 0
Feb 20 11:16:37 standalone proxy-server[129190]: 172.18.0.2 172.18.0.100 20/Feb/2026/11/16/37 GET /v1/AUTH_b75c04a01e2a4deebe28e21731b0483c/gnocchi.947d0989-24f2-4a69-a1a8-80ba346f7b73/1771200000.0_rate%253Amean_300.0_v3 HTTP/1.0 404 - python-swiftclient-3.11.1 gAAAAABpmEDLewQk... - 70 - tx583da8f6c0484bdfbcc70-0069984295 - 0.0094 - - 1771586197.979876757 1771586197.989286423 0
Feb 20 11:16:38 standalone object-server[127156]: 172.20.0.100 - - [20/Feb/2026:11:16:37 +0000] "GET /d1/328/AUTH_b75c04a01e2a4deebe28e21731b0483c/gnocchi.e931b6f0-af11-4b3e-8b87-03dbf8837973/1771200000.0_mean_300.0_v3" 200 16 "GET http://172.18.0.2:8080/v1/AUTH_b75c04a01e2a4deebe28e21731b0483c/gnocchi.e931b6f0-af11-4b3e-8b87-03dbf8837973/1771200000.0_mean_300.0_v3" "tx3e1f15e31a904e9bb2e78-0069984295" "proxy-server 20" 0.0010 "-" 23 0
Feb 20 11:16:38 standalone proxy-server[129190]: 172.18.0.2 172.18.0.100 20/Feb/2026/11/16/38 GET /v1/AUTH_b75c04a01e2a4deebe28e21731b0483c/gnocchi.e931b6f0-af11-4b3e-8b87-03dbf8837973/1771200000.0_mean_300.0_v3 HTTP/1.0 200 - python-swiftclient-3.11.1 gAAAAABpmEDLewQk... - 16 - tx3e1f15e31a904e9bb2e78-0069984295 - 0.0092 - - 1771586197.993057966 1771586198.002227306 0
Feb 20 11:16:38 standalone object-server[127157]: 172.20.0.100 - - [20/Feb/2026:11:16:38 +0000] "GET /d1/794/AUTH_b75c04a01e2a4deebe28e21731b0483c/gnocchi.e931b6f0-af11-4b3e-8b87-03dbf8837973/1771200000.0_rate%3Amean_300.0_v3" 404 70 "GET http://172.18.0.2:8080/v1/AUTH_b75c04a01e2a4deebe28e21731b0483c/gnocchi.e931b6f0-af11-4b3e-8b87-03dbf8837973/1771200000.0_rate%3Amean_300.0_v3" "txbe42dccc87b84d948f6e3-0069984296" "proxy-server 20" 0.0004 "-" 24 0
Feb 20 11:16:38 standalone proxy-server[129190]: 172.18.0.2 172.18.0.100 20/Feb/2026/11/16/38 GET /v1/AUTH_b75c04a01e2a4deebe28e21731b0483c/gnocchi.e931b6f0-af11-4b3e-8b87-03dbf8837973/1771200000.0_rate%253Amean_300.0_v3 HTTP/1.0 404 - python-swiftclient-3.11.1 gAAAAABpmEDLewQk... - 70 - txbe42dccc87b84d948f6e3-0069984296 - 0.0077 - - 1771586198.006047249 1771586198.013752937 0
Feb 20 11:16:38 standalone container-server[127072]: 172.20.0.100 - - [20/Feb/2026:11:16:38 +0000] "PUT /d1/458/AUTH_b75c04a01e2a4deebe28e21731b0483c/gnocchi.37876645-75f3-4c6b-80f0-821381b0eaf3/1771200000.0_mean_300.0_v3" 201 - "PUT http://172.18.0.2:8080/d1/260/AUTH_b75c04a01e2a4deebe28e21731b0483c/gnocchi.37876645-75f3-4c6b-80f0-821381b0eaf3/1771200000.0_mean_300.0_v3" "tx64277c0e081d4d898494c-0069984296" "object-server 23" 0.0011 "-" 23 0
Feb 20 11:16:38 standalone object-server[127156]: 172.20.0.100 - - [20/Feb/2026:11:16:38 +0000] "PUT /d1/260/AUTH_b75c04a01e2a4deebe28e21731b0483c/gnocchi.37876645-75f3-4c6b-80f0-821381b0eaf3/1771200000.0_mean_300.0_v3" 201 - "PUT http://172.18.0.2:8080/v1/AUTH_b75c04a01e2a4deebe28e21731b0483c/gnocchi.37876645-75f3-4c6b-80f0-821381b0eaf3/1771200000.0_mean_300.0_v3" "tx64277c0e081d4d898494c-0069984296" "proxy-server 20" 0.0142 "-" 23 0
Feb 20 11:16:38 standalone proxy-server[129190]: 172.18.0.2 172.18.0.100 20/Feb/2026/11/16/38 PUT /v1/AUTH_b75c04a01e2a4deebe28e21731b0483c/gnocchi.37876645-75f3-4c6b-80f0-821381b0eaf3/1771200000.0_mean_300.0_v3 HTTP/1.0 201 - python-swiftclient-3.11.1 gAAAAABpmEDLewQk... 24 - - tx64277c0e081d4d898494c-0069984296 - 0.0218 - - 1771586198.019114017 1771586198.040943623 0
Feb 20 11:16:38 standalone container-server[127027]: 172.20.0.100 - - [20/Feb/2026:11:16:38 +0000] "PUT /d1/458/AUTH_b75c04a01e2a4deebe28e21731b0483c/gnocchi.37876645-75f3-4c6b-80f0-821381b0eaf3/1771200000.0_rate%3Amean_300.0_v3" 201 - "PUT http://172.18.0.2:8080/d1/205/AUTH_b75c04a01e2a4deebe28e21731b0483c/gnocchi.37876645-75f3-4c6b-80f0-821381b0eaf3/1771200000.0_rate%3Amean_300.0_v3" "txb5f312fb5fd7418a9b0cb-0069984296" "object-server 22" 0.0010 "-" 19 0
Feb 20 11:16:38 standalone object-server[127154]: 172.20.0.100 - - [20/Feb/2026:11:16:38 +0000] "PUT /d1/205/AUTH_b75c04a01e2a4deebe28e21731b0483c/gnocchi.37876645-75f3-4c6b-80f0-821381b0eaf3/1771200000.0_rate%3Amean_300.0_v3" 201 - "PUT http://172.18.0.2:8080/v1/AUTH_b75c04a01e2a4deebe28e21731b0483c/gnocchi.37876645-75f3-4c6b-80f0-821381b0eaf3/1771200000.0_rate%3Amean_300.0_v3" "txb5f312fb5fd7418a9b0cb-0069984296" "proxy-server 20" 0.0135 "-" 22 0
Feb 20 11:16:38 standalone proxy-server[129190]: 172.18.0.2 172.18.0.100 20/Feb/2026/11/16/38 PUT /v1/AUTH_b75c04a01e2a4deebe28e21731b0483c/gnocchi.37876645-75f3-4c6b-80f0-821381b0eaf3/1771200000.0_rate%253Amean_300.0_v3 HTTP/1.0 201 - python-swiftclient-3.11.1 gAAAAABpmEDLewQk... 16 - - txb5f312fb5fd7418a9b0cb-0069984296 - 0.0239 - - 1771586198.044781685 1771586198.068642139 0
Feb 20 11:16:38 standalone container-server[127035]: 172.20.0.100 - - [20/Feb/2026:11:16:38 +0000] "PUT /d1/246/AUTH_b75c04a01e2a4deebe28e21731b0483c/gnocchi.947d0989-24f2-4a69-a1a8-80ba346f7b73/1771200000.0_mean_300.0_v3" 201 - "PUT http://172.18.0.2:8080/d1/404/AUTH_b75c04a01e2a4deebe28e21731b0483c/gnocchi.947d0989-24f2-4a69-a1a8-80ba346f7b73/1771200000.0_mean_300.0_v3" "tx0d282f66d9e3491e9cb8a-0069984296" "object-server 22" 0.0009 "-" 20 0
Feb 20 11:16:38 standalone object-server[127154]: 172.20.0.100 - - [20/Feb/2026:11:16:38 +0000] "PUT /d1/404/AUTH_b75c04a01e2a4deebe28e21731b0483c/gnocchi.947d0989-24f2-4a69-a1a8-80ba346f7b73/1771200000.0_mean_300.0_v3" 201 - "PUT http://172.18.0.2:8080/v1/AUTH_b75c04a01e2a4deebe28e21731b0483c/gnocchi.947d0989-24f2-4a69-a1a8-80ba346f7b73/1771200000.0_mean_300.0_v3" "tx0d282f66d9e3491e9cb8a-0069984296" "proxy-server 20" 0.0114 "-" 22 0
Feb 20 11:16:38 standalone proxy-server[129190]: 172.18.0.2 172.18.0.100 20/Feb/2026/11/16/38 PUT /v1/AUTH_b75c04a01e2a4deebe28e21731b0483c/gnocchi.947d0989-24f2-4a69-a1a8-80ba346f7b73/1771200000.0_mean_300.0_v3 HTTP/1.0 201 - python-swiftclient-3.11.1 gAAAAABpmEDLewQk... 27 - - tx0d282f66d9e3491e9cb8a-0069984296 - 0.0194 - - 1771586198.073089123 1771586198.092527628 0
Feb 20 11:16:38 standalone container-server[127047]: 172.20.0.100 - - [20/Feb/2026:11:16:38 +0000] "PUT /d1/246/AUTH_b75c04a01e2a4deebe28e21731b0483c/gnocchi.947d0989-24f2-4a69-a1a8-80ba346f7b73/1771200000.0_rate%3Amean_300.0_v3" 201 - "PUT http://172.18.0.2:8080/d1/624/AUTH_b75c04a01e2a4deebe28e21731b0483c/gnocchi.947d0989-24f2-4a69-a1a8-80ba346f7b73/1771200000.0_rate%3Amean_300.0_v3" "tx7fed8bdb830d4bd79f74a-0069984296" "object-server 22" 0.0011 "-" 21 0
Feb 20 11:16:38 standalone object-server[127154]: 172.20.0.100 - - [20/Feb/2026:11:16:38 +0000] "PUT /d1/624/AUTH_b75c04a01e2a4deebe28e21731b0483c/gnocchi.947d0989-24f2-4a69-a1a8-80ba346f7b73/1771200000.0_rate%3Amean_300.0_v3" 201 - "PUT http://172.18.0.2:8080/v1/AUTH_b75c04a01e2a4deebe28e21731b0483c/gnocchi.947d0989-24f2-4a69-a1a8-80ba346f7b73/1771200000.0_rate%3Amean_300.0_v3" "tx7fed8bdb830d4bd79f74a-0069984296" "proxy-server 20" 0.0127 "-" 22 0
Feb 20 11:16:38 standalone proxy-server[129190]: 172.18.0.2 172.18.0.100 20/Feb/2026/11/16/38 PUT /v1/AUTH_b75c04a01e2a4deebe28e21731b0483c/gnocchi.947d0989-24f2-4a69-a1a8-80ba346f7b73/1771200000.0_rate%253Amean_300.0_v3 HTTP/1.0 201 - python-swiftclient-3.11.1 gAAAAABpmEDLewQk... 16 - - tx7fed8bdb830d4bd79f74a-0069984296 - 0.0202 - - 1771586198.096633673 1771586198.116800070 0
Feb 20 11:16:38 standalone container-server[127047]: 172.20.0.100 - - [20/Feb/2026:11:16:38 +0000] "PUT /d1/277/AUTH_b75c04a01e2a4deebe28e21731b0483c/gnocchi.e931b6f0-af11-4b3e-8b87-03dbf8837973/1771200000.0_mean_300.0_v3" 201 - "PUT http://172.18.0.2:8080/d1/328/AUTH_b75c04a01e2a4deebe28e21731b0483c/gnocchi.e931b6f0-af11-4b3e-8b87-03dbf8837973/1771200000.0_mean_300.0_v3" "tx0c9853ff1b7846c58a1c7-0069984296" "object-server 24" 0.0007 "-" 21 0
Feb 20 11:16:38 standalone object-server[127157]: 172.20.0.100 - - [20/Feb/2026:11:16:38 +0000] "PUT /d1/328/AUTH_b75c04a01e2a4deebe28e21731b0483c/gnocchi.e931b6f0-af11-4b3e-8b87-03dbf8837973/1771200000.0_mean_300.0_v3" 201 - "PUT http://172.18.0.2:8080/v1/AUTH_b75c04a01e2a4deebe28e21731b0483c/gnocchi.e931b6f0-af11-4b3e-8b87-03dbf8837973/1771200000.0_mean_300.0_v3" "tx0c9853ff1b7846c58a1c7-0069984296" "proxy-server 20" 0.0103 "-" 24 0
Feb 20 11:16:38 standalone proxy-server[129190]: 172.18.0.2 172.18.0.100 20/Feb/2026/11/16/38 PUT /v1/AUTH_b75c04a01e2a4deebe28e21731b0483c/gnocchi.e931b6f0-af11-4b3e-8b87-03dbf8837973/1771200000.0_mean_300.0_v3 HTTP/1.0 201 - python-swiftclient-3.11.1 gAAAAABpmEDLewQk... 23 - - tx0c9853ff1b7846c58a1c7-0069984296 - 0.0177 - - 1771586198.120721817 1771586198.138455153 0
Feb 20 11:16:38 standalone container-server[127035]: 172.20.0.100 - - [20/Feb/2026:11:16:38 +0000] "PUT /d1/277/AUTH_b75c04a01e2a4deebe28e21731b0483c/gnocchi.e931b6f0-af11-4b3e-8b87-03dbf8837973/1771200000.0_rate%3Amean_300.0_v3" 201 - "PUT http://172.18.0.2:8080/d1/794/AUTH_b75c04a01e2a4deebe28e21731b0483c/gnocchi.e931b6f0-af11-4b3e-8b87-03dbf8837973/1771200000.0_rate%3Amean_300.0_v3" "tx30d596cdb45842c59e939-0069984296" "object-server 23" 0.0008 "-" 20 0
Feb 20 11:16:38 standalone object-server[127156]: 172.20.0.100 - - [20/Feb/2026:11:16:38 +0000] "PUT /d1/794/AUTH_b75c04a01e2a4deebe28e21731b0483c/gnocchi.e931b6f0-af11-4b3e-8b87-03dbf8837973/1771200000.0_rate%3Amean_300.0_v3" 201 - "PUT http://172.18.0.2:8080/v1/AUTH_b75c04a01e2a4deebe28e21731b0483c/gnocchi.e931b6f0-af11-4b3e-8b87-03dbf8837973/1771200000.0_rate%3Amean_300.0_v3" "tx30d596cdb45842c59e939-0069984296" "proxy-server 20" 0.0125 "-" 23 0
Feb 20 11:16:38 standalone proxy-server[129190]: 172.18.0.2 172.18.0.100 20/Feb/2026/11/16/38 PUT /v1/AUTH_b75c04a01e2a4deebe28e21731b0483c/gnocchi.e931b6f0-af11-4b3e-8b87-03dbf8837973/1771200000.0_rate%253Amean_300.0_v3 HTTP/1.0 201 - python-swiftclient-3.11.1 gAAAAABpmEDLewQk... 16 - - tx30d596cdb45842c59e939-0069984296 - 0.0205 - - 1771586198.142126083 1771586198.162607193 0
Feb 20 11:16:38 standalone container-server[127035]: 172.20.0.100 - - [20/Feb/2026:11:16:38 +0000] "PUT /d1/458/AUTH_b75c04a01e2a4deebe28e21731b0483c/gnocchi.37876645-75f3-4c6b-80f0-821381b0eaf3/none_v3" 201 - "PUT http://172.18.0.2:8080/d1/226/AUTH_b75c04a01e2a4deebe28e21731b0483c/gnocchi.37876645-75f3-4c6b-80f0-821381b0eaf3/none_v3" "txa2346426e1aa42aa99b1a-0069984296" "object-server 23" 0.0006 "-" 20 0
Feb 20 11:16:38 standalone object-server[127156]: 172.20.0.100 - - [20/Feb/2026:11:16:38 +0000] "PUT /d1/226/AUTH_b75c04a01e2a4deebe28e21731b0483c/gnocchi.37876645-75f3-4c6b-80f0-821381b0eaf3/none_v3" 201 - "PUT http://172.18.0.2:8080/v1/AUTH_b75c04a01e2a4deebe28e21731b0483c/gnocchi.37876645-75f3-4c6b-80f0-821381b0eaf3/none_v3" "txa2346426e1aa42aa99b1a-0069984296" "proxy-server 20" 0.0107 "-" 23 0
Feb 20 11:16:38 standalone proxy-server[129190]: 172.18.0.2 172.18.0.100 20/Feb/2026/11/16/38 PUT /v1/AUTH_b75c04a01e2a4deebe28e21731b0483c/gnocchi.37876645-75f3-4c6b-80f0-821381b0eaf3/none_v3 HTTP/1.0 201 - python-swiftclient-3.11.1 gAAAAABpmEDLewQk... 33 - - txa2346426e1aa42aa99b1a-0069984296 - 0.0175 - - 1771586198.166615248 1771586198.184108496 0
