Feb 20 10:56:41 standalone account-server[126557]: Starting 2
Feb 20 10:56:41 standalone account-server[126596]: Started child 20 from parent 2
Feb 20 10:56:41 standalone account-server[126596]: Started child 21 from parent 2
Feb 20 10:56:41 standalone account-server[126596]: Started child 22 from parent 2
Feb 20 10:56:41 standalone account-server[126596]: Started child 23 from parent 2
Feb 20 10:56:41 standalone container-server[126875]: Starting 2
Feb 20 10:56:42 standalone container-server[126869]: Option allow_versions is deprecated. Configure the versioned_writes middleware in the proxy-server instead. This option will be ignored in a future release.
Feb 20 10:56:42 standalone container-server[127027]: Option allow_versions is deprecated. Configure the versioned_writes middleware in the proxy-server instead. This option will be ignored in a future release.
Feb 20 10:56:42 standalone container-server[126869]: Started child 19 from parent 2
Feb 20 10:56:42 standalone container-server[127035]: Option allow_versions is deprecated. Configure the versioned_writes middleware in the proxy-server instead. This option will be ignored in a future release.
Feb 20 10:56:42 standalone container-server[126869]: Started child 20 from parent 2
Feb 20 10:56:42 standalone container-server[127047]: Option allow_versions is deprecated. Configure the versioned_writes middleware in the proxy-server instead. This option will be ignored in a future release.
Feb 20 10:56:42 standalone container-server[126869]: Started child 21 from parent 2
Feb 20 10:56:42 standalone container-server[127072]: Option allow_versions is deprecated. Configure the versioned_writes middleware in the proxy-server instead. This option will be ignored in a future release.
Feb 20 10:56:42 standalone container-server[126869]: Started child 23 from parent 2
Feb 20 10:56:42 standalone object-expirer[127036]: Starting 2
Feb 20 10:56:42 standalone object-expirer[127036]: Option auto_create_account_prefix is deprecated. Configure auto_create_account_prefix under the swift-constraints section of swift.conf. This option will be ignored in a future release.
Feb 20 10:56:42 standalone object-server[127002]: Started child 22 from parent 2
Feb 20 10:56:42 standalone object-server[127002]: Started child 23 from parent 2
Feb 20 10:56:42 standalone object-server[127002]: Started child 24 from parent 2
Feb 20 10:56:42 standalone object-server[127002]: Started child 25 from parent 2
Feb 20 10:56:43 standalone object-server[127163]: Starting 2
Feb 20 10:56:44 standalone account-server[126945]: 172.20.0.100 - - [20/Feb/2026:10:56:44 +0000] "HEAD /d1/241/.expiring_objects" 404 - "HEAD http://localhost/v1/.expiring_objects?format=json" "txaacca0451b944eb2a17ea-0069983dec" "proxy-server 2" 0.0012 "-" 23 -
Feb 20 10:56:44 standalone object-expirer[127036]: Pass completed in 0s; 0 objects expired (txn: txaacca0451b944eb2a17ea-0069983dec)
Feb 20 10:56:49 standalone proxy-server[129005]: Starting Keystone auth_token middleware
Feb 20 10:56:49 standalone proxy-server[129005]: AuthToken middleware is set with keystone_authtoken.service_token_roles_required set to False. This is backwards compatible but deprecated behaviour. Please set this to True.
Feb 20 10:56:49 standalone proxy-server[129190]: Starting Keystone auth_token middleware
Feb 20 10:56:49 standalone proxy-server[129190]: STDERR: The option "bind_port" is not known to keystonemiddleware
Feb 20 10:56:49 standalone proxy-server[129190]: STDERR: The option "workers" is not known to keystonemiddleware
Feb 20 10:56:49 standalone proxy-server[129190]: STDERR: The option "user" is not known to keystonemiddleware
Feb 20 10:56:49 standalone proxy-server[129190]: STDERR: The option "bind_ip" is not known to keystonemiddleware
Feb 20 10:56:49 standalone proxy-server[129190]: STDERR: The option "log_name" is not known to keystonemiddleware
Feb 20 10:56:49 standalone proxy-server[129190]: STDERR: The option "log_facility" is not known to keystonemiddleware
Feb 20 10:56:49 standalone proxy-server[129190]: STDERR: The option "log_level" is not known to keystonemiddleware
Feb 20 10:56:49 standalone proxy-server[129190]: STDERR: The option "log_headers" is not known to keystonemiddleware
Feb 20 10:56:49 standalone proxy-server[129190]: STDERR: The option "log_address" is not known to keystonemiddleware
Feb 20 10:56:49 standalone proxy-server[129190]: STDERR: The option "project_name" is not known to keystonemiddleware
Feb 20 10:56:49 standalone proxy-server[129190]: STDERR: The option "username" is not known to keystonemiddleware
Feb 20 10:56:49 standalone proxy-server[129190]: STDERR: The option "password" is not known to keystonemiddleware
Feb 20 10:56:49 standalone proxy-server[129190]: STDERR: The option "auth_url" is not known to keystonemiddleware
Feb 20 10:56:49 standalone proxy-server[129190]: STDERR: The option "signing_dir" is not known to keystonemiddleware
Feb 20 10:56:49 standalone proxy-server[129190]: STDERR: The option "project_domain_id" is not known to keystonemiddleware
Feb 20 10:56:49 standalone proxy-server[129190]: STDERR: The option "user_domain_id" is not known to keystonemiddleware
Feb 20 10:56:49 standalone proxy-server[129190]: STDERR: The option "__name__" is not known to keystonemiddleware
Feb 20 10:56:49 standalone proxy-server[129190]: AuthToken middleware is set with keystone_authtoken.service_token_roles_required set to False. This is backwards compatible but deprecated behaviour. Please set this to True.
Feb 20 10:56:49 standalone proxy-server[129005]: Started child 20 from parent 2
Feb 20 10:58:09 standalone account-server[126945]: 172.20.0.100 - - [20/Feb/2026:10:58:09 +0000] "HEAD /d1/241/.expiring_objects" 404 - "HEAD http://localhost/v1/.expiring_objects?format=json" "tx9a187555cfcf491f9868b-0069983e41" "proxy-server 2" 0.0005 "-" 23 -
Feb 20 10:58:09 standalone object-expirer[127036]: Pass completed in 0s; 0 objects expired (txn: tx9a187555cfcf491f9868b-0069983e41)
Feb 20 10:59:16 standalone object-server[127163]: Begin object update sweep
Feb 20 10:59:16 standalone object-server[146120]: Object update sweep starting on /srv/node/d1 (pid: 11)
Feb 20 10:59:16 standalone object-server[146120]: Object update sweep completed on /srv/node/d1 in 0.00s seconds:, 0 successes, 0 failures, 0 quarantines, 0 unlinks, 0 errors, 0 redirects (pid: 11)
Feb 20 10:59:16 standalone object-server[146120]: Object update sweep of d1 completed: 0.00s, 0 successes, 0 failures, 0 quarantines, 0 unlinks, 0 errors, 0 redirects
Feb 20 10:59:16 standalone object-server[127163]: Object update sweep completed: 0.09s
Feb 20 11:01:12 standalone container-server[126875]: Begin container update sweep
Feb 20 11:01:12 standalone container-server[126875]: Container update sweep completed: 0.00s
Feb 20 11:01:35 standalone account-server[126917]: 172.20.0.100 - - [20/Feb/2026:11:01:35 +0000] "HEAD /d1/241/.expiring_objects" 404 - "HEAD http://localhost/v1/.expiring_objects?format=json" "tx2727a10ea0b4494fb0787-0069983f0f" "proxy-server 2" 0.0018 "-" 20 -
Feb 20 11:01:35 standalone object-expirer[127036]: Pass completed in 0s; 0 objects expired (txn: tx2727a10ea0b4494fb0787-0069983f0f)
Feb 20 11:04:16 standalone object-server[127163]: Begin object update sweep
Feb 20 11:04:16 standalone object-server[184444]: Object update sweep starting on /srv/node/d1 (pid: 13)
Feb 20 11:04:16 standalone object-server[184444]: Object update sweep completed on /srv/node/d1 in 0.00s seconds:, 0 successes, 0 failures, 0 quarantines, 0 unlinks, 0 errors, 0 redirects (pid: 13)
Feb 20 11:04:16 standalone object-server[184444]: Object update sweep of d1 completed: 0.00s, 0 successes, 0 failures, 0 quarantines, 0 unlinks, 0 errors, 0 redirects
Feb 20 11:04:16 standalone object-server[127163]: Object update sweep completed: 0.09s
Feb 20 11:05:21 standalone account-server[126937]: 172.20.0.100 - - [20/Feb/2026:11:05:21 +0000] "HEAD /d1/241/.expiring_objects" 404 - "HEAD http://localhost/v1/.expiring_objects?format=json" "tx6e658fd8a9704e4dbec4b-0069983ff1" "proxy-server 2" 0.0013 "-" 22 -
Feb 20 11:05:21 standalone object-expirer[127036]: Pass completed in 0s; 0 objects expired (txn: tx6e658fd8a9704e4dbec4b-0069983ff1)
Feb 20 11:06:12 standalone container-server[126875]: Begin container update sweep
Feb 20 11:06:12 standalone container-server[126875]: Container update sweep completed: 0.00s
Feb 20 11:08:59 standalone account-server[126937]: 172.20.0.100 - - [20/Feb/2026:11:08:59 +0000] "HEAD /d1/675/AUTH_b75c04a01e2a4deebe28e21731b0483c" 404 - "HEAD http://172.18.0.2:8080/v1/AUTH_b75c04a01e2a4deebe28e21731b0483c?format=json" "tx8e3f8d367b2545a3a90bc-00699840cb" "proxy-server 20" 0.0007 "-" 22 -
Feb 20 11:08:59 standalone proxy-server[129190]: - - 20/Feb/2026/11/08/59 HEAD /v1/AUTH_b75c04a01e2a4deebe28e21731b0483c%3Fformat%3Djson HTTP/1.0 200 - Swift - - - - tx8e3f8d367b2545a3a90bc-00699840cb - 0.0072 RL - 1771585739.630839586 1771585739.638034105 -
Feb 20 11:09:00 standalone object-server[127161]: 172.20.0.100 - - [20/Feb/2026:11:09:00 +0000] "GET /d1/1014/AUTH_b75c04a01e2a4deebe28e21731b0483c/gnocchi.b63440ae-2266-4181-bad4-4f517449aae6/none_v3" 404 70 "GET http://172.18.0.2:8080/v1/AUTH_b75c04a01e2a4deebe28e21731b0483c/gnocchi.b63440ae-2266-4181-bad4-4f517449aae6/none_v3" "tx8e3f8d367b2545a3a90bc-00699840cb" "proxy-server 20" 0.0015 "-" 25 0
Feb 20 11:09:00 standalone proxy-server[129190]: 172.18.0.2 172.18.0.100 20/Feb/2026/11/09/00 GET /v1/AUTH_b75c04a01e2a4deebe28e21731b0483c/gnocchi.b63440ae-2266-4181-bad4-4f517449aae6/none_v3 HTTP/1.0 404 - python-swiftclient-3.11.1 gAAAAABpmEDLewQk... - 70 - tx8e3f8d367b2545a3a90bc-00699840cb - 0.3862 - - 1771585739.626945257 1771585740.013130903 0
Feb 20 11:09:00 standalone account-server[126917]: 172.20.0.100 - - [20/Feb/2026:11:09:00 +0000] "PUT /d1/675/AUTH_b75c04a01e2a4deebe28e21731b0483c" 201 - "-" "txa325592fc6ee4f939054d-00699840cc" "-" 0.0134 "-" 20 -
Feb 20 11:09:00 standalone proxy-server[129190]: autocreate account '/AUTH_b75c04a01e2a4deebe28e21731b0483c' (txn: txa325592fc6ee4f939054d-00699840cc)
Feb 20 11:09:00 standalone account-server[126937]: 172.20.0.100 - - [20/Feb/2026:11:09:00 +0000] "HEAD /d1/675/AUTH_b75c04a01e2a4deebe28e21731b0483c" 204 - "HEAD http://172.18.0.2:8080/v1/AUTH_b75c04a01e2a4deebe28e21731b0483c?format=json" "txa325592fc6ee4f939054d-00699840cc" "proxy-server 20" 0.0031 "-" 22 -
Feb 20 11:09:00 standalone account-server[126945]: 172.20.0.100 - - [20/Feb/2026:11:09:00 +0000] "PUT /d1/675/AUTH_b75c04a01e2a4deebe28e21731b0483c/gnocchi.b63440ae-2266-4181-bad4-4f517449aae6" 201 - "PUT http://172.20.0.100:6001/d1/33/AUTH_b75c04a01e2a4deebe28e21731b0483c/gnocchi.b63440ae-2266-4181-bad4-4f517449aae6" "txa325592fc6ee4f939054d-00699840cc" "container-server 23" 0.0028 "-" 23 0
Feb 20 11:09:00 standalone container-server[127072]: 172.20.0.100 - - [20/Feb/2026:11:09:00 +0000] "PUT /d1/33/AUTH_b75c04a01e2a4deebe28e21731b0483c/gnocchi.b63440ae-2266-4181-bad4-4f517449aae6" 201 - "PUT http://172.18.0.2:8080/v1/AUTH_b75c04a01e2a4deebe28e21731b0483c/gnocchi.b63440ae-2266-4181-bad4-4f517449aae6" "txa325592fc6ee4f939054d-00699840cc" "proxy-server 20" 0.0208 "-" 23 0
Feb 20 11:09:00 standalone proxy-server[129190]: 172.18.0.2 172.18.0.100 20/Feb/2026/11/09/00 PUT /v1/AUTH_b75c04a01e2a4deebe28e21731b0483c/gnocchi.b63440ae-2266-4181-bad4-4f517449aae6 HTTP/1.0 201 - python-swiftclient-3.11.1 gAAAAABpmEDLewQk... - - - txa325592fc6ee4f939054d-00699840cc - 0.0542 - - 1771585740.017722368 1771585740.071879387 0
Feb 20 11:09:00 standalone container-server[127047]: 172.20.0.100 - - [20/Feb/2026:11:09:00 +0000] "HEAD /d1/33/AUTH_b75c04a01e2a4deebe28e21731b0483c/gnocchi.b63440ae-2266-4181-bad4-4f517449aae6" 204 - "HEAD http://172.18.0.2:8080/v1/AUTH_b75c04a01e2a4deebe28e21731b0483c/gnocchi.b63440ae-2266-4181-bad4-4f517449aae6?format=json&states=listing" "txb40ff133fc7047eeafe94-00699840cc" "proxy-server 20" 0.0047 "-" 21 0
Feb 20 11:09:00 standalone proxy-server[129190]: - - 20/Feb/2026/11/09/00 HEAD /v1/AUTH_b75c04a01e2a4deebe28e21731b0483c/gnocchi.b63440ae-2266-4181-bad4-4f517449aae6%3Fformat%3Djson%26states%3Dlisting HTTP/1.0 204 - Swift - - - - txb40ff133fc7047eeafe94-00699840cc - 0.0096 RL - 1771585740.079646826 1771585740.089198112 0
Feb 20 11:09:00 standalone container-server[127072]: 172.20.0.100 - - [20/Feb/2026:11:09:00 +0000] "GET /d1/33/AUTH_b75c04a01e2a4deebe28e21731b0483c/gnocchi.b63440ae-2266-4181-bad4-4f517449aae6" 200 2 "GET http://172.18.0.2:8080/v1/AUTH_b75c04a01e2a4deebe28e21731b0483c/gnocchi.b63440ae-2266-4181-bad4-4f517449aae6?format=json&states=listing" "txb40ff133fc7047eeafe94-00699840cc" "proxy-server 20" 0.0038 "-" 23 0
Feb 20 11:09:00 standalone proxy-server[129190]: 172.18.0.2 172.18.0.100 20/Feb/2026/11/09/00 GET /v1/AUTH_b75c04a01e2a4deebe28e21731b0483c/gnocchi.b63440ae-2266-4181-bad4-4f517449aae6%3Fformat%3Djson%26states%3Dlisting HTTP/1.0 200 - python-swiftclient-3.11.1 gAAAAABpmEDLewQk... - 2 - txb40ff133fc7047eeafe94-00699840cc - 0.0232 - - 1771585740.077981472 1771585740.101147413 0
Feb 20 11:09:00 standalone object-server[127156]: 172.20.0.100 - - [20/Feb/2026:11:09:00 +0000] "GET /d1/966/AUTH_b75c04a01e2a4deebe28e21731b0483c/gnocchi.b63440ae-2266-4181-bad4-4f517449aae6/1771200000.0_mean_300.0_v3" 404 70 "GET http://172.18.0.2:8080/v1/AUTH_b75c04a01e2a4deebe28e21731b0483c/gnocchi.b63440ae-2266-4181-bad4-4f517449aae6/1771200000.0_mean_300.0_v3" "tx8471a56eab94409c8ac66-00699840cc" "proxy-server 20" 0.0012 "-" 23 0
Feb 20 11:09:00 standalone proxy-server[129190]: 172.18.0.2 172.18.0.100 20/Feb/2026/11/09/00 GET /v1/AUTH_b75c04a01e2a4deebe28e21731b0483c/gnocchi.b63440ae-2266-4181-bad4-4f517449aae6/1771200000.0_mean_300.0_v3 HTTP/1.0 404 - python-swiftclient-3.11.1 gAAAAABpmEDLewQk... - 70 - tx8471a56eab94409c8ac66-00699840cc - 0.0085 - - 1771585740.107568026 1771585740.116083622 0
Feb 20 11:09:00 standalone container-server[127072]: 172.20.0.100 - - [20/Feb/2026:11:09:00 +0000] "PUT /d1/33/AUTH_b75c04a01e2a4deebe28e21731b0483c/gnocchi.b63440ae-2266-4181-bad4-4f517449aae6/1771200000.0_mean_300.0_v3" 201 - "PUT http://172.18.0.2:8080/d1/966/AUTH_b75c04a01e2a4deebe28e21731b0483c/gnocchi.b63440ae-2266-4181-bad4-4f517449aae6/1771200000.0_mean_300.0_v3" "txd81d7fca143847f081708-00699840cc" "object-server 22" 0.0009 "-" 23 0
Feb 20 11:09:00 standalone object-server[127154]: 172.20.0.100 - - [20/Feb/2026:11:09:00 +0000] "PUT /d1/966/AUTH_b75c04a01e2a4deebe28e21731b0483c/gnocchi.b63440ae-2266-4181-bad4-4f517449aae6/1771200000.0_mean_300.0_v3" 201 - "PUT http://172.18.0.2:8080/v1/AUTH_b75c04a01e2a4deebe28e21731b0483c/gnocchi.b63440ae-2266-4181-bad4-4f517449aae6/1771200000.0_mean_300.0_v3" "txd81d7fca143847f081708-00699840cc" "proxy-server 20" 0.0342 "-" 22 0
Feb 20 11:09:00 standalone proxy-server[129190]: 172.18.0.2 172.18.0.100 20/Feb/2026/11/09/00 PUT /v1/AUTH_b75c04a01e2a4deebe28e21731b0483c/gnocchi.b63440ae-2266-4181-bad4-4f517449aae6/1771200000.0_mean_300.0_v3 HTTP/1.0 201 - python-swiftclient-3.11.1 gAAAAABpmEDLewQk... 16 - - txd81d7fca143847f081708-00699840cc - 0.0431 - - 1771585740.120414972 1771585740.163542509 0
Feb 20 11:09:00 standalone container-server[127047]: 172.20.0.100 - - [20/Feb/2026:11:09:00 +0000] "PUT /d1/33/AUTH_b75c04a01e2a4deebe28e21731b0483c/gnocchi.b63440ae-2266-4181-bad4-4f517449aae6/none_v3" 201 - "PUT http://172.18.0.2:8080/d1/1014/AUTH_b75c04a01e2a4deebe28e21731b0483c/gnocchi.b63440ae-2266-4181-bad4-4f517449aae6/none_v3" "tx4c7b2534abfe47dd913c2-00699840cc" "object-server 22" 0.0009 "-" 21 0
Feb 20 11:09:00 standalone object-server[127154]: 172.20.0.100 - - [20/Feb/2026:11:09:00 +0000] "PUT /d1/1014/AUTH_b75c04a01e2a4deebe28e21731b0483c/gnocchi.b63440ae-2266-4181-bad4-4f517449aae6/none_v3" 201 - "PUT http://172.18.0.2:8080/v1/AUTH_b75c04a01e2a4deebe28e21731b0483c/gnocchi.b63440ae-2266-4181-bad4-4f517449aae6/none_v3" "tx4c7b2534abfe47dd913c2-00699840cc" "proxy-server 20" 0.0121 "-" 22 0
Feb 20 11:09:00 standalone proxy-server[129190]: 172.18.0.2 172.18.0.100 20/Feb/2026/11/09/00 PUT /v1/AUTH_b75c04a01e2a4deebe28e21731b0483c/gnocchi.b63440ae-2266-4181-bad4-4f517449aae6/none_v3 HTTP/1.0 201 - python-swiftclient-3.11.1 gAAAAABpmEDLewQk... 22 - - tx4c7b2534abfe47dd913c2-00699840cc - 0.0201 - - 1771585740.167876720 1771585740.188019753 0
Feb 20 11:09:16 standalone object-server[127163]: Begin object update sweep
Feb 20 11:09:16 standalone object-server[222323]: Object update sweep starting on /srv/node/d1 (pid: 14)
Feb 20 11:09:16 standalone object-server[222323]: Object update sweep completed on /srv/node/d1 in 0.00s seconds:, 0 successes, 0 failures, 0 quarantines, 0 unlinks, 0 errors, 0 redirects (pid: 14)
Feb 20 11:09:16 standalone object-server[222323]: Object update sweep of d1 completed: 0.00s, 0 successes, 0 failures, 0 quarantines, 0 unlinks, 0 errors, 0 redirects
Feb 20 11:09:16 standalone object-server[127163]: Object update sweep completed: 0.08s
Feb 20 11:09:29 standalone object-server[127156]: 172.20.0.100 - - [20/Feb/2026:11:09:29 +0000] "GET /d1/1014/AUTH_b75c04a01e2a4deebe28e21731b0483c/gnocchi.b63440ae-2266-4181-bad4-4f517449aae6/none_v3" 200 22 "GET http://172.18.0.2:8080/v1/AUTH_b75c04a01e2a4deebe28e21731b0483c/gnocchi.b63440ae-2266-4181-bad4-4f517449aae6/none_v3" "txe33fad90f8c843dcaa014-00699840e9" "proxy-server 20" 0.0011 "-" 23 0
Feb 20 11:09:29 standalone proxy-server[129190]: 172.18.0.2 172.18.0.100 20/Feb/2026/11/09/29 GET /v1/AUTH_b75c04a01e2a4deebe28e21731b0483c/gnocchi.b63440ae-2266-4181-bad4-4f517449aae6/none_v3 HTTP/1.0 200 - python-swiftclient-3.11.1 gAAAAABpmEDLewQk... - 22 - txe33fad90f8c843dcaa014-00699840e9 - 0.0200 - - 1771585769.353123665 1771585769.373162985 0
Feb 20 11:09:29 standalone container-server[127047]: 172.20.0.100 - - [20/Feb/2026:11:09:29 +0000] "GET /d1/33/AUTH_b75c04a01e2a4deebe28e21731b0483c/gnocchi.b63440ae-2266-4181-bad4-4f517449aae6" 200 357 "GET http://172.18.0.2:8080/v1/AUTH_b75c04a01e2a4deebe28e21731b0483c/gnocchi.b63440ae-2266-4181-bad4-4f517449aae6?format=json&states=listing" "txa579b04e7f524d678f59a-00699840e9" "proxy-server 20" 0.0196 "-" 21 0
Feb 20 11:09:29 standalone proxy-server[129190]: 172.18.0.2 172.18.0.100 20/Feb/2026/11/09/29 GET /v1/AUTH_b75c04a01e2a4deebe28e21731b0483c/gnocchi.b63440ae-2266-4181-bad4-4f517449aae6%3Fformat%3Djson%26states%3Dlisting HTTP/1.0 200 - python-swiftclient-3.11.1 gAAAAABpmEDLewQk... - 357 - txa579b04e7f524d678f59a-00699840e9 - 0.0331 - - 1771585769.377564430 1771585769.410640955 0
Feb 20 11:09:29 standalone container-server[127027]: 172.20.0.100 - - [20/Feb/2026:11:09:29 +0000] "GET /d1/33/AUTH_b75c04a01e2a4deebe28e21731b0483c/gnocchi.b63440ae-2266-4181-bad4-4f517449aae6" 200 2 "GET http://172.18.0.2:8080/v1/AUTH_b75c04a01e2a4deebe28e21731b0483c/gnocchi.b63440ae-2266-4181-bad4-4f517449aae6?format=json&marker=none_v3&states=listing" "txb49bd9422a104c4fa4bf0-00699840e9" "proxy-server 20" 0.0112 "-" 19 0
Feb 20 11:09:29 standalone proxy-server[129190]: 172.18.0.2 172.18.0.100 20/Feb/2026/11/09/29 GET /v1/AUTH_b75c04a01e2a4deebe28e21731b0483c/gnocchi.b63440ae-2266-4181-bad4-4f517449aae6%3Fformat%3Djson%26marker%3Dnone_v3%26states%3Dlisting HTTP/1.0 200 - python-swiftclient-3.11.1 gAAAAABpmEDLewQk... - 2 - txb49bd9422a104c4fa4bf0-00699840e9 - 0.0258 - - 1771585769.414234638 1771585769.440053463 0
Feb 20 11:09:29 standalone object-server[127156]: 172.20.0.100 - - [20/Feb/2026:11:09:29 +0000] "GET /d1/966/AUTH_b75c04a01e2a4deebe28e21731b0483c/gnocchi.b63440ae-2266-4181-bad4-4f517449aae6/1771200000.0_mean_300.0_v3" 200 16 "GET http://172.18.0.2:8080/v1/AUTH_b75c04a01e2a4deebe28e21731b0483c/gnocchi.b63440ae-2266-4181-bad4-4f517449aae6/1771200000.0_mean_300.0_v3" "txc4aed661a365444daf2db-00699840e9" "proxy-server 20" 0.0014 "-" 23 0
Feb 20 11:09:29 standalone proxy-server[129190]: 172.18.0.2 172.18.0.100 20/Feb/2026/11/09/29 GET /v1/AUTH_b75c04a01e2a4deebe28e21731b0483c/gnocchi.b63440ae-2266-4181-bad4-4f517449aae6/1771200000.0_mean_300.0_v3 HTTP/1.0 200 - python-swiftclient-3.11.1 gAAAAABpmEDLewQk... - 16 - txc4aed661a365444daf2db-00699840e9 - 0.0146 - - 1771585769.444300652 1771585769.458852053 0
Feb 20 11:09:29 standalone container-server[127072]: 172.20.0.100 - - [20/Feb/2026:11:09:29 +0000] "PUT /d1/33/AUTH_b75c04a01e2a4deebe28e21731b0483c/gnocchi.b63440ae-2266-4181-bad4-4f517449aae6/1771200000.0_mean_300.0_v3" 201 - "PUT http://172.18.0.2:8080/d1/966/AUTH_b75c04a01e2a4deebe28e21731b0483c/gnocchi.b63440ae-2266-4181-bad4-4f517449aae6/1771200000.0_mean_300.0_v3" "tx24036abc74864539a7201-00699840e9" "object-server 24" 0.0009 "-" 23 0
Feb 20 11:09:29 standalone object-server[127157]: 172.20.0.100 - - [20/Feb/2026:11:09:29 +0000] "PUT /d1/966/AUTH_b75c04a01e2a4deebe28e21731b0483c/gnocchi.b63440ae-2266-4181-bad4-4f517449aae6/1771200000.0_mean_300.0_v3" 201 - "PUT http://172.18.0.2:8080/v1/AUTH_b75c04a01e2a4deebe28e21731b0483c/gnocchi.b63440ae-2266-4181-bad4-4f517449aae6/1771200000.0_mean_300.0_v3" "tx24036abc74864539a7201-00699840e9" "proxy-server 20" 0.0338 "-" 24 0
Feb 20 11:09:29 standalone proxy-server[129190]: 172.18.0.2 172.18.0.100 20/Feb/2026/11/09/29 PUT /v1/AUTH_b75c04a01e2a4deebe28e21731b0483c/gnocchi.b63440ae-2266-4181-bad4-4f517449aae6/1771200000.0_mean_300.0_v3 HTTP/1.0 201 - python-swiftclient-3.11.1 gAAAAABpmEDLewQk... 16 - - tx24036abc74864539a7201-00699840e9 - 0.0400 - - 1771585769.461629152 1771585769.501623869 0
Feb 20 11:09:29 standalone container-server[127035]: 172.20.0.100 - - [20/Feb/2026:11:09:29 +0000] "PUT /d1/33/AUTH_b75c04a01e2a4deebe28e21731b0483c/gnocchi.b63440ae-2266-4181-bad4-4f517449aae6/none_v3" 201 - "PUT http://172.18.0.2:8080/d1/1014/AUTH_b75c04a01e2a4deebe28e21731b0483c/gnocchi.b63440ae-2266-4181-bad4-4f517449aae6/none_v3" "tx25d72e7a27d44b46a6649-00699840e9" "object-server 25" 0.0016 "-" 20 0
Feb 20 11:09:29 standalone object-server[127161]: 172.20.0.100 - - [20/Feb/2026:11:09:29 +0000] "PUT /d1/1014/AUTH_b75c04a01e2a4deebe28e21731b0483c/gnocchi.b63440ae-2266-4181-bad4-4f517449aae6/none_v3" 201 - "PUT http://172.18.0.2:8080/v1/AUTH_b75c04a01e2a4deebe28e21731b0483c/gnocchi.b63440ae-2266-4181-bad4-4f517449aae6/none_v3" "tx25d72e7a27d44b46a6649-00699840e9" "proxy-server 20" 0.0385 "-" 25 0
Feb 20 11:09:29 standalone proxy-server[129190]: 172.18.0.2 172.18.0.100 20/Feb/2026/11/09/29 PUT /v1/AUTH_b75c04a01e2a4deebe28e21731b0483c/gnocchi.b63440ae-2266-4181-bad4-4f517449aae6/none_v3 HTTP/1.0 201 - python-swiftclient-3.11.1 gAAAAABpmEDLewQk... 32 - - tx25d72e7a27d44b46a6649-00699840e9 - 0.0458 - - 1771585769.504287243 1771585769.550059080 0
Feb 20 11:09:45 standalone account-server[126917]: 172.20.0.100 - - [20/Feb/2026:11:09:45 +0000] "HEAD /d1/241/.expiring_objects" 404 - "HEAD http://localhost/v1/.expiring_objects?format=json" "tx90c2f4189a534e6fa07f2-00699840f9" "proxy-server 2" 0.0005 "-" 20 -
Feb 20 11:09:45 standalone object-expirer[127036]: Pass completed in 0s; 0 objects expired (txn: tx90c2f4189a534e6fa07f2-00699840f9)
Feb 20 11:10:01 standalone account-server[126917]: 172.20.0.100 - - [20/Feb/2026:11:10:01 +0000] "HEAD /d1/675/AUTH_b75c04a01e2a4deebe28e21731b0483c" 204 - "HEAD http://172.18.0.2:8080/v1/AUTH_b75c04a01e2a4deebe28e21731b0483c?format=json" "tx29783c3377144fa98bf10-0069984109" "proxy-server 20" 0.0055 "-" 20 -
Feb 20 11:10:01 standalone proxy-server[129190]: - - 20/Feb/2026/11/10/01 HEAD /v1/AUTH_b75c04a01e2a4deebe28e21731b0483c%3Fformat%3Djson HTTP/1.0 204 - Swift - - - - tx29783c3377144fa98bf10-0069984109 - 0.0110 RL - 1771585801.361694098 1771585801.372724295 -
Feb 20 11:10:01 standalone container-server[127035]: 172.20.0.100 - - [20/Feb/2026:11:10:01 +0000] "HEAD /d1/946/AUTH_b75c04a01e2a4deebe28e21731b0483c/gnocchi.35f0f5fa-d1ec-4fc5-ad0e-296c4d0ceb74" 404 - "HEAD http://172.18.0.2:8080/v1/AUTH_b75c04a01e2a4deebe28e21731b0483c/gnocchi.35f0f5fa-d1ec-4fc5-ad0e-296c4d0ceb74?format=json&states=listing" "tx29783c3377144fa98bf10-0069984109" "proxy-server 20" 0.0011 "-" 20 0
Feb 20 11:10:01 standalone object-server[127161]: 172.20.0.100 - - [20/Feb/2026:11:10:01 +0000] "GET /d1/874/AUTH_b75c04a01e2a4deebe28e21731b0483c/gnocchi.35f0f5fa-d1ec-4fc5-ad0e-296c4d0ceb74/none_v3" 404 70 "GET http://172.18.0.2:8080/v1/AUTH_b75c04a01e2a4deebe28e21731b0483c/gnocchi.35f0f5fa-d1ec-4fc5-ad0e-296c4d0ceb74/none_v3" "tx29783c3377144fa98bf10-0069984109" "proxy-server 20" 0.0006 "-" 25 0
Feb 20 11:10:01 standalone proxy-server[129190]: 172.18.0.2 172.18.0.100 20/Feb/2026/11/10/01 GET /v1/AUTH_b75c04a01e2a4deebe28e21731b0483c/gnocchi.35f0f5fa-d1ec-4fc5-ad0e-296c4d0ceb74/none_v3 HTTP/1.0 404 - python-swiftclient-3.11.1 gAAAAABpmEDLewQk... - 70 - tx29783c3377144fa98bf10-0069984109 - 0.0267 - - 1771585801.360382557 1771585801.387118816 0
Feb 20 11:10:01 standalone account-server[126937]: 172.20.0.100 - - [20/Feb/2026:11:10:01 +0000] "PUT /d1/675/AUTH_b75c04a01e2a4deebe28e21731b0483c/gnocchi.35f0f5fa-d1ec-4fc5-ad0e-296c4d0ceb74" 201 - "PUT http://172.20.0.100:6001/d1/946/AUTH_b75c04a01e2a4deebe28e21731b0483c/gnocchi.35f0f5fa-d1ec-4fc5-ad0e-296c4d0ceb74" "txf9523c8831724159a1b1f-0069984109" "container-server 23" 0.0026 "-" 22 0
Feb 20 11:10:01 standalone container-server[127072]: 172.20.0.100 - - [20/Feb/2026:11:10:01 +0000] "PUT /d1/946/AUTH_b75c04a01e2a4deebe28e21731b0483c/gnocchi.35f0f5fa-d1ec-4fc5-ad0e-296c4d0ceb74" 201 - "PUT http://172.18.0.2:8080/v1/AUTH_b75c04a01e2a4deebe28e21731b0483c/gnocchi.35f0f5fa-d1ec-4fc5-ad0e-296c4d0ceb74" "txf9523c8831724159a1b1f-0069984109" "proxy-server 20" 0.0135 "-" 23 0
Feb 20 11:10:01 standalone proxy-server[129190]: 172.18.0.2 172.18.0.100 20/Feb/2026/11/10/01 PUT /v1/AUTH_b75c04a01e2a4deebe28e21731b0483c/gnocchi.35f0f5fa-d1ec-4fc5-ad0e-296c4d0ceb74 HTTP/1.0 201 - python-swiftclient-3.11.1 gAAAAABpmEDLewQk... - - - txf9523c8831724159a1b1f-0069984109 - 0.0210 - - 1771585801.390376091 1771585801.411364079 0
Feb 20 11:10:01 standalone container-server[127027]: 172.20.0.100 - - [20/Feb/2026:11:10:01 +0000] "HEAD /d1/946/AUTH_b75c04a01e2a4deebe28e21731b0483c/gnocchi.35f0f5fa-d1ec-4fc5-ad0e-296c4d0ceb74" 204 - "HEAD http://172.18.0.2:8080/v1/AUTH_b75c04a01e2a4deebe28e21731b0483c/gnocchi.35f0f5fa-d1ec-4fc5-ad0e-296c4d0ceb74?format=json&states=listing" "tx6b45ba5b9fba4297b3644-0069984109" "proxy-server 20" 0.0014 "-" 19 0
Feb 20 11:10:01 standalone proxy-server[129190]: - - 20/Feb/2026/11/10/01 HEAD /v1/AUTH_b75c04a01e2a4deebe28e21731b0483c/gnocchi.35f0f5fa-d1ec-4fc5-ad0e-296c4d0ceb74%3Fformat%3Djson%26states%3Dlisting HTTP/1.0 204 - Swift - - - - tx6b45ba5b9fba4297b3644-0069984109 - 0.0053 RL - 1771585801.416010380 1771585801.421265602 0
Feb 20 11:10:01 standalone container-server[127027]: 172.20.0.100 - - [20/Feb/2026:11:10:01 +0000] "GET /d1/946/AUTH_b75c04a01e2a4deebe28e21731b0483c/gnocchi.35f0f5fa-d1ec-4fc5-ad0e-296c4d0ceb74" 200 2 "GET http://172.18.0.2:8080/v1/AUTH_b75c04a01e2a4deebe28e21731b0483c/gnocchi.35f0f5fa-d1ec-4fc5-ad0e-296c4d0ceb74?format=json&states=listing" "tx6b45ba5b9fba4297b3644-0069984109" "proxy-server 20" 0.0014 "-" 19 0
Feb 20 11:10:01 standalone proxy-server[129190]: 172.18.0.2 172.18.0.100 20/Feb/2026/11/10/01 GET /v1/AUTH_b75c04a01e2a4deebe28e21731b0483c/gnocchi.35f0f5fa-d1ec-4fc5-ad0e-296c4d0ceb74%3Fformat%3Djson%26states%3Dlisting HTTP/1.0 200 - python-swiftclient-3.11.1 gAAAAABpmEDLewQk... - 2 - tx6b45ba5b9fba4297b3644-0069984109 - 0.0190 - - 1771585801.414670229 1771585801.433709383 0
Feb 20 11:10:01 standalone object-server[127156]: 172.20.0.100 - - [20/Feb/2026:11:10:01 +0000] "GET /d1/103/AUTH_b75c04a01e2a4deebe28e21731b0483c/gnocchi.35f0f5fa-d1ec-4fc5-ad0e-296c4d0ceb74/1771200000.0_mean_300.0_v3" 404 70 "GET http://172.18.0.2:8080/v1/AUTH_b75c04a01e2a4deebe28e21731b0483c/gnocchi.35f0f5fa-d1ec-4fc5-ad0e-296c4d0ceb74/1771200000.0_mean_300.0_v3" "txb6a351c0c0fd487f8ccb5-0069984109" "proxy-server 20" 0.0004 "-" 23 0
Feb 20 11:10:01 standalone proxy-server[129190]: 172.18.0.2 172.18.0.100 20/Feb/2026/11/10/01 GET /v1/AUTH_b75c04a01e2a4deebe28e21731b0483c/gnocchi.35f0f5fa-d1ec-4fc5-ad0e-296c4d0ceb74/1771200000.0_mean_300.0_v3 HTTP/1.0 404 - python-swiftclient-3.11.1 gAAAAABpmEDLewQk... - 70 - txb6a351c0c0fd487f8ccb5-0069984109 - 0.0086 - - 1771585801.437867403 1771585801.446478844 0
Feb 20 11:10:01 standalone container-server[127072]: 172.20.0.100 - - [20/Feb/2026:11:10:01 +0000] "PUT /d1/946/AUTH_b75c04a01e2a4deebe28e21731b0483c/gnocchi.35f0f5fa-d1ec-4fc5-ad0e-296c4d0ceb74/1771200000.0_mean_300.0_v3" 201 - "PUT http://172.18.0.2:8080/d1/103/AUTH_b75c04a01e2a4deebe28e21731b0483c/gnocchi.35f0f5fa-d1ec-4fc5-ad0e-296c4d0ceb74/1771200000.0_mean_300.0_v3" "txebf68b7e93854a9d9204f-0069984109" "object-server 25" 0.0008 "-" 23 0
Feb 20 11:10:01 standalone object-server[127161]: 172.20.0.100 - - [20/Feb/2026:11:10:01 +0000] "PUT /d1/103/AUTH_b75c04a01e2a4deebe28e21731b0483c/gnocchi.35f0f5fa-d1ec-4fc5-ad0e-296c4d0ceb74/1771200000.0_mean_300.0_v3" 201 - "PUT http://172.18.0.2:8080/v1/AUTH_b75c04a01e2a4deebe28e21731b0483c/gnocchi.35f0f5fa-d1ec-4fc5-ad0e-296c4d0ceb74/1771200000.0_mean_300.0_v3" "txebf68b7e93854a9d9204f-0069984109" "proxy-server 20" 0.0103 "-" 25 0
Feb 20 11:10:01 standalone proxy-server[129190]: 172.18.0.2 172.18.0.100 20/Feb/2026/11/10/01 PUT /v1/AUTH_b75c04a01e2a4deebe28e21731b0483c/gnocchi.35f0f5fa-d1ec-4fc5-ad0e-296c4d0ceb74/1771200000.0_mean_300.0_v3 HTTP/1.0 201 - python-swiftclient-3.11.1 gAAAAABpmEDLewQk... 16 - - txebf68b7e93854a9d9204f-0069984109 - 0.0183 - - 1771585801.449507952 1771585801.467773199 0
Feb 20 11:10:01 standalone container-server[127072]: 172.20.0.100 - - [20/Feb/2026:11:10:01 +0000] "PUT /d1/946/AUTH_b75c04a01e2a4deebe28e21731b0483c/gnocchi.35f0f5fa-d1ec-4fc5-ad0e-296c4d0ceb74/none_v3" 201 - "PUT http://172.18.0.2:8080/d1/874/AUTH_b75c04a01e2a4deebe28e21731b0483c/gnocchi.35f0f5fa-d1ec-4fc5-ad0e-296c4d0ceb74/none_v3" "txcca9139afbde4087b6704-0069984109" "object-server 23" 0.0006 "-" 23 0
Feb 20 11:10:01 standalone object-server[127156]: 172.20.0.100 - - [20/Feb/2026:11:10:01 +0000] "PUT /d1/874/AUTH_b75c04a01e2a4deebe28e21731b0483c/gnocchi.35f0f5fa-d1ec-4fc5-ad0e-296c4d0ceb74/none_v3" 201 - "PUT http://172.18.0.2:8080/v1/AUTH_b75c04a01e2a4deebe28e21731b0483c/gnocchi.35f0f5fa-d1ec-4fc5-ad0e-296c4d0ceb74/none_v3" "txcca9139afbde4087b6704-0069984109" "proxy-server 20" 0.0295 "-" 23 0
Feb 20 11:10:01 standalone proxy-server[129190]: 172.18.0.2 172.18.0.100 20/Feb/2026/11/10/01 PUT /v1/AUTH_b75c04a01e2a4deebe28e21731b0483c/gnocchi.35f0f5fa-d1ec-4fc5-ad0e-296c4d0ceb74/none_v3 HTTP/1.0 201 - python-swiftclient-3.11.1 gAAAAABpmEDLewQk... 22 - - txcca9139afbde4087b6704-0069984109 - 0.0348 - - 1771585801.472839355 1771585801.507660627 0
Feb 20 11:10:01 standalone container-server[127027]: 172.20.0.100 - - [20/Feb/2026:11:10:01 +0000] "HEAD /d1/696/AUTH_b75c04a01e2a4deebe28e21731b0483c/gnocchi.ec1be44e-c029-4e9e-9994-6d4c3ae5c4c7" 404 - "HEAD http://172.18.0.2:8080/v1/AUTH_b75c04a01e2a4deebe28e21731b0483c/gnocchi.ec1be44e-c029-4e9e-9994-6d4c3ae5c4c7?format=json&states=listing" "tx507f09a88dd14550bc3de-0069984109" "proxy-server 20" 0.0005 "-" 19 0
Feb 20 11:10:01 standalone object-server[127154]: 172.20.0.100 - - [20/Feb/2026:11:10:01 +0000] "GET /d1/916/AUTH_b75c04a01e2a4deebe28e21731b0483c/gnocchi.ec1be44e-c029-4e9e-9994-6d4c3ae5c4c7/none_v3" 404 70 "GET http://172.18.0.2:8080/v1/AUTH_b75c04a01e2a4deebe28e21731b0483c/gnocchi.ec1be44e-c029-4e9e-9994-6d4c3ae5c4c7/none_v3" "tx507f09a88dd14550bc3de-0069984109" "proxy-server 20" 0.0004 "-" 22 0
Feb 20 11:10:01 standalone proxy-server[129190]: 172.18.0.2 172.18.0.100 20/Feb/2026/11/10/01 GET /v1/AUTH_b75c04a01e2a4deebe28e21731b0483c/gnocchi.ec1be44e-c029-4e9e-9994-6d4c3ae5c4c7/none_v3 HTTP/1.0 404 - python-swiftclient-3.11.1 gAAAAABpmEDLewQk... - 70 - tx507f09a88dd14550bc3de-0069984109 - 0.0125 - - 1771585801.521620035 1771585801.534084558 0
Feb 20 11:10:01 standalone account-server[126945]: 172.20.0.100 - - [20/Feb/2026:11:10:01 +0000] "PUT /d1/675/AUTH_b75c04a01e2a4deebe28e21731b0483c/gnocchi.ec1be44e-c029-4e9e-9994-6d4c3ae5c4c7" 201 - "PUT http://172.20.0.100:6001/d1/696/AUTH_b75c04a01e2a4deebe28e21731b0483c/gnocchi.ec1be44e-c029-4e9e-9994-6d4c3ae5c4c7" "tx32e7f94608bf4152ae59e-0069984109" "container-server 21" 0.0101 "-" 23 0
Feb 20 11:10:01 standalone container-server[127047]: 172.20.0.100 - - [20/Feb/2026:11:10:01 +0000] "PUT /d1/696/AUTH_b75c04a01e2a4deebe28e21731b0483c/gnocchi.ec1be44e-c029-4e9e-9994-6d4c3ae5c4c7" 201 - "PUT http://172.18.0.2:8080/v1/AUTH_b75c04a01e2a4deebe28e21731b0483c/gnocchi.ec1be44e-c029-4e9e-9994-6d4c3ae5c4c7" "tx32e7f94608bf4152ae59e-0069984109" "proxy-server 20" 0.0292 "-" 21 0
Feb 20 11:10:01 standalone proxy-server[129190]: 172.18.0.2 172.18.0.100 20/Feb/2026/11/10/01 PUT /v1/AUTH_b75c04a01e2a4deebe28e21731b0483c/gnocchi.ec1be44e-c029-4e9e-9994-6d4c3ae5c4c7 HTTP/1.0 201 - python-swiftclient-3.11.1 gAAAAABpmEDLewQk... - - - tx32e7f94608bf4152ae59e-0069984109 - 0.0339 - - 1771585801.537176132 1771585801.571046352 0
Feb 20 11:10:01 standalone container-server[127047]: 172.20.0.100 - - [20/Feb/2026:11:10:01 +0000] "HEAD /d1/696/AUTH_b75c04a01e2a4deebe28e21731b0483c/gnocchi.ec1be44e-c029-4e9e-9994-6d4c3ae5c4c7" 204 - "HEAD http://172.18.0.2:8080/v1/AUTH_b75c04a01e2a4deebe28e21731b0483c/gnocchi.ec1be44e-c029-4e9e-9994-6d4c3ae5c4c7?format=json&states=listing" "tx84d94af962d94b72b9cdc-0069984109" "proxy-server 20" 0.0013 "-" 21 0
Feb 20 11:10:01 standalone proxy-server[129190]: - - 20/Feb/2026/11/10/01 HEAD /v1/AUTH_b75c04a01e2a4deebe28e21731b0483c/gnocchi.ec1be44e-c029-4e9e-9994-6d4c3ae5c4c7%3Fformat%3Djson%26states%3Dlisting HTTP/1.0 204 - Swift - - - - tx84d94af962d94b72b9cdc-0069984109 - 0.0049 RL - 1771585801.577519417 1771585801.582426071 0
Feb 20 11:10:01 standalone container-server[127035]: 172.20.0.100 - - [20/Feb/2026:11:10:01 +0000] "GET /d1/696/AUTH_b75c04a01e2a4deebe28e21731b0483c/gnocchi.ec1be44e-c029-4e9e-9994-6d4c3ae5c4c7" 200 2 "GET http://172.18.0.2:8080/v1/AUTH_b75c04a01e2a4deebe28e21731b0483c/gnocchi.ec1be44e-c029-4e9e-9994-6d4c3ae5c4c7?format=json&states=listing" "tx84d94af962d94b72b9cdc-0069984109" "proxy-server 20" 0.0029 "-" 20 0
Feb 20 11:10:01 standalone proxy-server[129190]: 172.18.0.2 172.18.0.100 20/Feb/2026/11/10/01 GET /v1/AUTH_b75c04a01e2a4deebe28e21731b0483c/gnocchi.ec1be44e-c029-4e9e-9994-6d4c3ae5c4c7%3Fformat%3Djson%26states%3Dlisting HTTP/1.0 200 - python-swiftclient-3.11.1 gAAAAABpmEDLewQk... - 2 - tx84d94af962d94b72b9cdc-0069984109 - 0.0153 - - 1771585801.576273441 1771585801.591591120 0
Feb 20 11:10:01 standalone object-server[127156]: 172.20.0.100 - - [20/Feb/2026:11:10:01 +0000] "GET /d1/182/AUTH_b75c04a01e2a4deebe28e21731b0483c/gnocchi.ec1be44e-c029-4e9e-9994-6d4c3ae5c4c7/1771200000.0_mean_300.0_v3" 404 70 "GET http://172.18.0.2:8080/v1/AUTH_b75c04a01e2a4deebe28e21731b0483c/gnocchi.ec1be44e-c029-4e9e-9994-6d4c3ae5c4c7/1771200000.0_mean_300.0_v3" "tx09d9875a3420414596573-0069984109" "proxy-server 20" 0.0006 "-" 23 0
Feb 20 11:10:01 standalone proxy-server[129190]: 172.18.0.2 172.18.0.100 20/Feb/2026/11/10/01 GET /v1/AUTH_b75c04a01e2a4deebe28e21731b0483c/gnocchi.ec1be44e-c029-4e9e-9994-6d4c3ae5c4c7/1771200000.0_mean_300.0_v3 HTTP/1.0 404 - python-swiftclient-3.11.1 gAAAAABpmEDLewQk... - 70 - tx09d9875a3420414596573-0069984109 - 0.0068 - - 1771585801.595426321 1771585801.602254629 0
Feb 20 11:10:01 standalone container-server[127027]: 172.20.0.100 - - [20/Feb/2026:11:10:01 +0000] "PUT /d1/696/AUTH_b75c04a01e2a4deebe28e21731b0483c/gnocchi.ec1be44e-c029-4e9e-9994-6d4c3ae5c4c7/1771200000.0_mean_300.0_v3" 201 - "PUT http://172.18.0.2:8080/d1/182/AUTH_b75c04a01e2a4deebe28e21731b0483c/gnocchi.ec1be44e-c029-4e9e-9994-6d4c3ae5c4c7/1771200000.0_mean_300.0_v3" "tx603ddf44e83a41738a924-0069984109" "object-server 25" 0.0009 "-" 19 0
Feb 20 11:10:01 standalone object-server[127161]: 172.20.0.100 - - [20/Feb/2026:11:10:01 +0000] "PUT /d1/182/AUTH_b75c04a01e2a4deebe28e21731b0483c/gnocchi.ec1be44e-c029-4e9e-9994-6d4c3ae5c4c7/1771200000.0_mean_300.0_v3" 201 - "PUT http://172.18.0.2:8080/v1/AUTH_b75c04a01e2a4deebe28e21731b0483c/gnocchi.ec1be44e-c029-4e9e-9994-6d4c3ae5c4c7/1771200000.0_mean_300.0_v3" "tx603ddf44e83a41738a924-0069984109" "proxy-server 20" 0.0174 "-" 25 0
Feb 20 11:10:01 standalone proxy-server[129190]: 172.18.0.2 172.18.0.100 20/Feb/2026/11/10/01 PUT /v1/AUTH_b75c04a01e2a4deebe28e21731b0483c/gnocchi.ec1be44e-c029-4e9e-9994-6d4c3ae5c4c7/1771200000.0_mean_300.0_v3 HTTP/1.0 201 - python-swiftclient-3.11.1 gAAAAABpmEDLewQk... 16 - - tx603ddf44e83a41738a924-0069984109 - 0.0229 - - 1771585801.605057716 1771585801.627968788 0
Feb 20 11:10:01 standalone container-server[127035]: 172.20.0.100 - - [20/Feb/2026:11:10:01 +0000] "PUT /d1/696/AUTH_b75c04a01e2a4deebe28e21731b0483c/gnocchi.ec1be44e-c029-4e9e-9994-6d4c3ae5c4c7/none_v3" 201 - "PUT http://172.18.0.2:8080/d1/916/AUTH_b75c04a01e2a4deebe28e21731b0483c/gnocchi.ec1be44e-c029-4e9e-9994-6d4c3ae5c4c7/none_v3" "txd9a92e7208b44620a8f06-0069984109" "object-server 23" 0.0008 "-" 20 0
Feb 20 11:10:01 standalone object-server[127156]: 172.20.0.100 - - [20/Feb/2026:11:10:01 +0000] "PUT /d1/916/AUTH_b75c04a01e2a4deebe28e21731b0483c/gnocchi.ec1be44e-c029-4e9e-9994-6d4c3ae5c4c7/none_v3" 201 - "PUT http://172.18.0.2:8080/v1/AUTH_b75c04a01e2a4deebe28e21731b0483c/gnocchi.ec1be44e-c029-4e9e-9994-6d4c3ae5c4c7/none_v3" "txd9a92e7208b44620a8f06-0069984109" "proxy-server 20" 0.0202 "-" 23 0
Feb 20 11:10:01 standalone proxy-server[129190]: 172.18.0.2 172.18.0.100 20/Feb/2026/11/10/01 PUT /v1/AUTH_b75c04a01e2a4deebe28e21731b0483c/gnocchi.ec1be44e-c029-4e9e-9994-6d4c3ae5c4c7/none_v3 HTTP/1.0 201 - python-swiftclient-3.11.1 gAAAAABpmEDLewQk... 22 - - txd9a92e7208b44620a8f06-0069984109 - 0.0268 - - 1771585801.630757332 1771585801.657604694 0
Feb 20 11:10:09 standalone container-server[127072]: 172.20.0.100 - - [20/Feb/2026:11:10:09 +0000] "HEAD /d1/884/AUTH_b75c04a01e2a4deebe28e21731b0483c/gnocchi.49fa22ea-2aac-4e0f-ba75-ff69a262258b" 404 - "HEAD http://172.18.0.2:8080/v1/AUTH_b75c04a01e2a4deebe28e21731b0483c/gnocchi.49fa22ea-2aac-4e0f-ba75-ff69a262258b?format=json&states=listing" "tx79734ff7d0b4497f988e6-0069984111" "proxy-server 20" 0.0011 "-" 23 0
Feb 20 11:10:09 standalone object-server[127154]: 172.20.0.100 - - [20/Feb/2026:11:10:09 +0000] "GET /d1/141/AUTH_b75c04a01e2a4deebe28e21731b0483c/gnocchi.49fa22ea-2aac-4e0f-ba75-ff69a262258b/none_v3" 404 70 "GET http://172.18.0.2:8080/v1/AUTH_b75c04a01e2a4deebe28e21731b0483c/gnocchi.49fa22ea-2aac-4e0f-ba75-ff69a262258b/none_v3" "tx79734ff7d0b4497f988e6-0069984111" "proxy-server 20" 0.0006 "-" 22 0
Feb 20 11:10:09 standalone proxy-server[129190]: 172.18.0.2 172.18.0.100 20/Feb/2026/11/10/09 GET /v1/AUTH_b75c04a01e2a4deebe28e21731b0483c/gnocchi.49fa22ea-2aac-4e0f-ba75-ff69a262258b/none_v3 HTTP/1.0 404 - python-swiftclient-3.11.1 gAAAAABpmEDLewQk... - 70 - tx79734ff7d0b4497f988e6-0069984111 - 0.0180 - - 1771585809.693296671 1771585809.711288929 0
Feb 20 11:10:09 standalone account-server[126917]: 172.20.0.100 - - [20/Feb/2026:11:10:09 +0000] "PUT /d1/675/AUTH_b75c04a01e2a4deebe28e21731b0483c/gnocchi.49fa22ea-2aac-4e0f-ba75-ff69a262258b" 201 - "PUT http://172.20.0.100:6001/d1/884/AUTH_b75c04a01e2a4deebe28e21731b0483c/gnocchi.49fa22ea-2aac-4e0f-ba75-ff69a262258b" "tx725c9991ecce4665a1205-0069984111" "container-server 21" 0.0052 "-" 20 0
Feb 20 11:10:09 standalone container-server[127047]: 172.20.0.100 - - [20/Feb/2026:11:10:09 +0000] "PUT /d1/884/AUTH_b75c04a01e2a4deebe28e21731b0483c/gnocchi.49fa22ea-2aac-4e0f-ba75-ff69a262258b" 201 - "PUT http://172.18.0.2:8080/v1/AUTH_b75c04a01e2a4deebe28e21731b0483c/gnocchi.49fa22ea-2aac-4e0f-ba75-ff69a262258b" "tx725c9991ecce4665a1205-0069984111" "proxy-server 20" 0.0171 "-" 21 0
Feb 20 11:10:09 standalone proxy-server[129190]: 172.18.0.2 172.18.0.100 20/Feb/2026/11/10/09 PUT /v1/AUTH_b75c04a01e2a4deebe28e21731b0483c/gnocchi.49fa22ea-2aac-4e0f-ba75-ff69a262258b HTTP/1.0 201 - python-swiftclient-3.11.1 gAAAAABpmEDLewQk... - - - tx725c9991ecce4665a1205-0069984111 - 0.0234 - - 1771585809.714834929 1771585809.738247395 0
Feb 20 11:10:09 standalone container-server[127035]: 172.20.0.100 - - [20/Feb/2026:11:10:09 +0000] "HEAD /d1/884/AUTH_b75c04a01e2a4deebe28e21731b0483c/gnocchi.49fa22ea-2aac-4e0f-ba75-ff69a262258b" 204 - "HEAD http://172.18.0.2:8080/v1/AUTH_b75c04a01e2a4deebe28e21731b0483c/gnocchi.49fa22ea-2aac-4e0f-ba75-ff69a262258b?format=json&states=listing" "tx9fec75cbf53245b899d85-0069984111" "proxy-server 20" 0.0013 "-" 20 0
Feb 20 11:10:09 standalone proxy-server[129190]: - - 20/Feb/2026/11/10/09 HEAD /v1/AUTH_b75c04a01e2a4deebe28e21731b0483c/gnocchi.49fa22ea-2aac-4e0f-ba75-ff69a262258b%3Fformat%3Djson%26states%3Dlisting HTTP/1.0 204 - Swift - - - - tx9fec75cbf53245b899d85-0069984111 - 0.0042 RL - 1771585809.743694544 1771585809.747911930 0
Feb 20 11:10:09 standalone container-server[127047]: 172.20.0.100 - - [20/Feb/2026:11:10:09 +0000] "GET /d1/884/AUTH_b75c04a01e2a4deebe28e21731b0483c/gnocchi.49fa22ea-2aac-4e0f-ba75-ff69a262258b" 200 2 "GET http://172.18.0.2:8080/v1/AUTH_b75c04a01e2a4deebe28e21731b0483c/gnocchi.49fa22ea-2aac-4e0f-ba75-ff69a262258b?format=json&states=listing" "tx9fec75cbf53245b899d85-0069984111" "proxy-server 20" 0.0020 "-" 21 0
Feb 20 11:10:09 standalone proxy-server[129190]: 172.18.0.2 172.18.0.100 20/Feb/2026/11/10/09 GET /v1/AUTH_b75c04a01e2a4deebe28e21731b0483c/gnocchi.49fa22ea-2aac-4e0f-ba75-ff69a262258b%3Fformat%3Djson%26states%3Dlisting HTTP/1.0 200 - python-swiftclient-3.11.1 gAAAAABpmEDLewQk... - 2 - tx9fec75cbf53245b899d85-0069984111 - 0.0123 - - 1771585809.742828369 1771585809.755143404 0
Feb 20 11:10:09 standalone object-server[127154]: 172.20.0.100 - - [20/Feb/2026:11:10:09 +0000] "GET /d1/989/AUTH_b75c04a01e2a4deebe28e21731b0483c/gnocchi.49fa22ea-2aac-4e0f-ba75-ff69a262258b/1771200000.0_mean_300.0_v3" 404 70 "GET http://172.18.0.2:8080/v1/AUTH_b75c04a01e2a4deebe28e21731b0483c/gnocchi.49fa22ea-2aac-4e0f-ba75-ff69a262258b/1771200000.0_mean_300.0_v3" "txffaa5f5397f0458d824dc-0069984111" "proxy-server 20" 0.0004 "-" 22 0
Feb 20 11:10:09 standalone proxy-server[129190]: 172.18.0.2 172.18.0.100 20/Feb/2026/11/10/09 GET /v1/AUTH_b75c04a01e2a4deebe28e21731b0483c/gnocchi.49fa22ea-2aac-4e0f-ba75-ff69a262258b/1771200000.0_mean_300.0_v3 HTTP/1.0 404 - python-swiftclient-3.11.1 gAAAAABpmEDLewQk... - 70 - txffaa5f5397f0458d824dc-0069984111 - 0.0048 - - 1771585809.758115053 1771585809.762868166 0
Feb 20 11:10:09 standalone container-server[127027]: 172.20.0.100 - - [20/Feb/2026:11:10:09 +0000] "PUT /d1/884/AUTH_b75c04a01e2a4deebe28e21731b0483c/gnocchi.49fa22ea-2aac-4e0f-ba75-ff69a262258b/1771200000.0_mean_300.0_v3" 201 - "PUT http://172.18.0.2:8080/d1/989/AUTH_b75c04a01e2a4deebe28e21731b0483c/gnocchi.49fa22ea-2aac-4e0f-ba75-ff69a262258b/1771200000.0_mean_300.0_v3" "txb491a3162fae428eb56f4-0069984111" "object-server 25" 0.0020 "-" 19 0
Feb 20 11:10:09 standalone object-server[127161]: 172.20.0.100 - - [20/Feb/2026:11:10:09 +0000] "PUT /d1/989/AUTH_b75c04a01e2a4deebe28e21731b0483c/gnocchi.49fa22ea-2aac-4e0f-ba75-ff69a262258b/1771200000.0_mean_300.0_v3" 201 - "PUT http://172.18.0.2:8080/v1/AUTH_b75c04a01e2a4deebe28e21731b0483c/gnocchi.49fa22ea-2aac-4e0f-ba75-ff69a262258b/1771200000.0_mean_300.0_v3" "txb491a3162fae428eb56f4-0069984111" "proxy-server 20" 0.0149 "-" 25 0
Feb 20 11:10:09 standalone proxy-server[129190]: 172.18.0.2 172.18.0.100 20/Feb/2026/11/10/09 PUT /v1/AUTH_b75c04a01e2a4deebe28e21731b0483c/gnocchi.49fa22ea-2aac-4e0f-ba75-ff69a262258b/1771200000.0_mean_300.0_v3 HTTP/1.0 201 - python-swiftclient-3.11.1 gAAAAABpmEDLewQk... 16 - - txb491a3162fae428eb56f4-0069984111 - 0.0211 - - 1771585809.764970064 1771585809.786098957 0
Feb 20 11:10:09 standalone container-server[127027]: 172.20.0.100 - - [20/Feb/2026:11:10:09 +0000] "PUT /d1/884/AUTH_b75c04a01e2a4deebe28e21731b0483c/gnocchi.49fa22ea-2aac-4e0f-ba75-ff69a262258b/none_v3" 201 - "PUT http://172.18.0.2:8080/d1/141/AUTH_b75c04a01e2a4deebe28e21731b0483c/gnocchi.49fa22ea-2aac-4e0f-ba75-ff69a262258b/none_v3" "tx1687811c801a43758715d-0069984111" "object-server 24" 0.0004 "-" 19 0
Feb 20 11:10:09 standalone object-server[127157]: 172.20.0.100 - - [20/Feb/2026:11:10:09 +0000] "PUT /d1/141/AUTH_b75c04a01e2a4deebe28e21731b0483c/gnocchi.49fa22ea-2aac-4e0f-ba75-ff69a262258b/none_v3" 201 - "PUT http://172.18.0.2:8080/v1/AUTH_b75c04a01e2a4deebe28e21731b0483c/gnocchi.49fa22ea-2aac-4e0f-ba75-ff69a262258b/none_v3" "tx1687811c801a43758715d-0069984111" "proxy-server 20" 0.0103 "-" 24 0
Feb 20 11:10:09 standalone proxy-server[129190]: 172.18.0.2 172.18.0.100 20/Feb/2026/11/10/09 PUT /v1/AUTH_b75c04a01e2a4deebe28e21731b0483c/gnocchi.49fa22ea-2aac-4e0f-ba75-ff69a262258b/none_v3 HTTP/1.0 201 - python-swiftclient-3.11.1 gAAAAABpmEDLewQk... 22 - - tx1687811c801a43758715d-0069984111 - 0.0154 - - 1771585809.788147449 1771585809.803518057 0
Feb 20 11:10:09 standalone container-server[127035]: 172.20.0.100 - - [20/Feb/2026:11:10:09 +0000] "HEAD /d1/835/AUTH_b75c04a01e2a4deebe28e21731b0483c/gnocchi.f55b0f2f-9efc-4d60-b748-7206602a0536" 404 - "HEAD http://172.18.0.2:8080/v1/AUTH_b75c04a01e2a4deebe28e21731b0483c/gnocchi.f55b0f2f-9efc-4d60-b748-7206602a0536?format=json&states=listing" "tx884e9387fa9b4baabc33c-0069984111" "proxy-server 20" 0.0004 "-" 20 0
Feb 20 11:10:09 standalone object-server[127156]: 172.20.0.100 - - [20/Feb/2026:11:10:09 +0000] "GET /d1/413/AUTH_b75c04a01e2a4deebe28e21731b0483c/gnocchi.f55b0f2f-9efc-4d60-b748-7206602a0536/none_v3" 404 70 "GET http://172.18.0.2:8080/v1/AUTH_b75c04a01e2a4deebe28e21731b0483c/gnocchi.f55b0f2f-9efc-4d60-b748-7206602a0536/none_v3" "tx884e9387fa9b4baabc33c-0069984111" "proxy-server 20" 0.0003 "-" 23 0
Feb 20 11:10:09 standalone proxy-server[129190]: 172.18.0.2 172.18.0.100 20/Feb/2026/11/10/09 GET /v1/AUTH_b75c04a01e2a4deebe28e21731b0483c/gnocchi.f55b0f2f-9efc-4d60-b748-7206602a0536/none_v3 HTTP/1.0 404 - python-swiftclient-3.11.1 gAAAAABpmEDLewQk... - 70 - tx884e9387fa9b4baabc33c-0069984111 - 0.0091 - - 1771585809.822661877 1771585809.831757545 0
Feb 20 11:10:09 standalone account-server[126917]: 172.20.0.100 - - [20/Feb/2026:11:10:09 +0000] "PUT /d1/675/AUTH_b75c04a01e2a4deebe28e21731b0483c/gnocchi.f55b0f2f-9efc-4d60-b748-7206602a0536" 201 - "PUT http://172.20.0.100:6001/d1/835/AUTH_b75c04a01e2a4deebe28e21731b0483c/gnocchi.f55b0f2f-9efc-4d60-b748-7206602a0536" "tx9c9f74fc95804c7d91369-0069984111" "container-server 23" 0.0046 "-" 20 0
Feb 20 11:10:09 standalone container-server[127072]: 172.20.0.100 - - [20/Feb/2026:11:10:09 +0000] "PUT /d1/835/AUTH_b75c04a01e2a4deebe28e21731b0483c/gnocchi.f55b0f2f-9efc-4d60-b748-7206602a0536" 201 - "PUT http://172.18.0.2:8080/v1/AUTH_b75c04a01e2a4deebe28e21731b0483c/gnocchi.f55b0f2f-9efc-4d60-b748-7206602a0536" "tx9c9f74fc95804c7d91369-0069984111" "proxy-server 20" 0.0245 "-" 23 0
Feb 20 11:10:09 standalone proxy-server[129190]: 172.18.0.2 172.18.0.100 20/Feb/2026/11/10/09 PUT /v1/AUTH_b75c04a01e2a4deebe28e21731b0483c/gnocchi.f55b0f2f-9efc-4d60-b748-7206602a0536 HTTP/1.0 201 - python-swiftclient-3.11.1 gAAAAABpmEDLewQk... - - - tx9c9f74fc95804c7d91369-0069984111 - 0.0294 - - 1771585809.833639622 1771585809.863071680 0
Feb 20 11:10:09 standalone container-server[127035]: 172.20.0.100 - - [20/Feb/2026:11:10:09 +0000] "HEAD /d1/835/AUTH_b75c04a01e2a4deebe28e21731b0483c/gnocchi.f55b0f2f-9efc-4d60-b748-7206602a0536" 204 - "HEAD http://172.18.0.2:8080/v1/AUTH_b75c04a01e2a4deebe28e21731b0483c/gnocchi.f55b0f2f-9efc-4d60-b748-7206602a0536?format=json&states=listing" "txc0e2c916ee864b7c89699-0069984111" "proxy-server 20" 0.0012 "-" 20 0
Feb 20 11:10:09 standalone proxy-server[129190]: - - 20/Feb/2026/11/10/09 HEAD /v1/AUTH_b75c04a01e2a4deebe28e21731b0483c/gnocchi.f55b0f2f-9efc-4d60-b748-7206602a0536%3Fformat%3Djson%26states%3Dlisting HTTP/1.0 204 - Swift - - - - txc0e2c916ee864b7c89699-0069984111 - 0.0031 RL - 1771585809.866008520 1771585809.869118929 0
Feb 20 11:10:09 standalone container-server[127027]: 172.20.0.100 - - [20/Feb/2026:11:10:09 +0000] "GET /d1/835/AUTH_b75c04a01e2a4deebe28e21731b0483c/gnocchi.f55b0f2f-9efc-4d60-b748-7206602a0536" 200 2 "GET http://172.18.0.2:8080/v1/AUTH_b75c04a01e2a4deebe28e21731b0483c/gnocchi.f55b0f2f-9efc-4d60-b748-7206602a0536?format=json&states=listing" "txc0e2c916ee864b7c89699-0069984111" "proxy-server 20" 0.0023 "-" 19 0
Feb 20 11:10:09 standalone proxy-server[129190]: 172.18.0.2 172.18.0.100 20/Feb/2026/11/10/09 GET /v1/AUTH_b75c04a01e2a4deebe28e21731b0483c/gnocchi.f55b0f2f-9efc-4d60-b748-7206602a0536%3Fformat%3Djson%26states%3Dlisting HTTP/1.0 200 - python-swiftclient-3.11.1 gAAAAABpmEDLewQk... - 2 - txc0e2c916ee864b7c89699-0069984111 - 0.0458 - - 1771585809.865247965 1771585809.911062002 0
Feb 20 11:10:09 standalone object-server[127154]: 172.20.0.100 - - [20/Feb/2026:11:10:09 +0000] "GET /d1/704/AUTH_b75c04a01e2a4deebe28e21731b0483c/gnocchi.f55b0f2f-9efc-4d60-b748-7206602a0536/1771200000.0_mean_300.0_v3" 404 70 "GET http://172.18.0.2:8080/v1/AUTH_b75c04a01e2a4deebe28e21731b0483c/gnocchi.f55b0f2f-9efc-4d60-b748-7206602a0536/1771200000.0_mean_300.0_v3" "txb41373460c2049a986475-0069984111" "proxy-server 20" 0.0005 "-" 22 0
Feb 20 11:10:09 standalone proxy-server[129190]: 172.18.0.2 172.18.0.100 20/Feb/2026/11/10/09 GET /v1/AUTH_b75c04a01e2a4deebe28e21731b0483c/gnocchi.f55b0f2f-9efc-4d60-b748-7206602a0536/1771200000.0_mean_300.0_v3 HTTP/1.0 404 - python-swiftclient-3.11.1 gAAAAABpmEDLewQk... - 70 - txb41373460c2049a986475-0069984111 - 0.0050 - - 1771585809.913756609 1771585809.918766737 0
Feb 20 11:10:09 standalone container-server[127047]: 172.20.0.100 - - [20/Feb/2026:11:10:09 +0000] "PUT /d1/835/AUTH_b75c04a01e2a4deebe28e21731b0483c/gnocchi.f55b0f2f-9efc-4d60-b748-7206602a0536/1771200000.0_mean_300.0_v3" 201 - "PUT http://172.18.0.2:8080/d1/704/AUTH_b75c04a01e2a4deebe28e21731b0483c/gnocchi.f55b0f2f-9efc-4d60-b748-7206602a0536/1771200000.0_mean_300.0_v3" "tx2e6e5ad874c449629472a-0069984111" "object-server 24" 0.0008 "-" 21 0
