2025-12-16 07:47:47.390 17 INFO neutron.plugins.ml2.managers [req-7f1c085e-ef3c-48e5-b8c0-d2d211ccfe06 5a2fe1ef92d54939bf68448a35cfcb01 9e1589f6ab5a42da8d5b87292151df19 - default default] Loaded type driver names: ['flat', 'gre', 'local', 'vlan', 'vxlan']
2025-12-16 07:47:47.390 17 INFO neutron.plugins.ml2.managers [req-7f1c085e-ef3c-48e5-b8c0-d2d211ccfe06 5a2fe1ef92d54939bf68448a35cfcb01 9e1589f6ab5a42da8d5b87292151df19 - default default] Registered types: dict_keys(['flat', 'gre', 'local', 'vlan', 'vxlan'])
2025-12-16 07:47:47.390 17 INFO neutron.plugins.ml2.managers [req-7f1c085e-ef3c-48e5-b8c0-d2d211ccfe06 5a2fe1ef92d54939bf68448a35cfcb01 9e1589f6ab5a42da8d5b87292151df19 - default default] Tenant network_types: ['local', 'flat', 'vlan', 'gre', 'vxlan']
2025-12-16 07:47:47.390 17 DEBUG neutron.plugins.ml2.managers [req-7f1c085e-ef3c-48e5-b8c0-d2d211ccfe06 5a2fe1ef92d54939bf68448a35cfcb01 9e1589f6ab5a42da8d5b87292151df19 - default default] Network d507f3dc-359a-45a5-945a-d754ac1767bc has no segments extend_network_with_provider_segments /usr/lib/python3.9/site-packages/neutron/plugins/ml2/managers.py:169
2025-12-16 07:47:47.408 17 DEBUG neutron_lib.callbacks.manager [req-7f1c085e-ef3c-48e5-b8c0-d2d211ccfe06 5a2fe1ef92d54939bf68448a35cfcb01 9e1589f6ab5a42da8d5b87292151df19 - default default] Notify callbacks ['neutron.plugins.ml2.plugin.Ml2Plugin._handle_segment_change-658862'] for segment, after_create _notify_loop /usr/lib/python3.9/site-packages/neutron_lib/callbacks/manager.py:200
2025-12-16 07:47:47.521 17 DEBUG neutron_lib.callbacks.manager [req-7f1c085e-ef3c-48e5-b8c0-d2d211ccfe06 5a2fe1ef92d54939bf68448a35cfcb01 9e1589f6ab5a42da8d5b87292151df19 - default default] Notify callbacks [] for segment, before_response _notify_loop /usr/lib/python3.9/site-packages/neutron_lib/callbacks/manager.py:200
2025-12-16 07:47:47.522 17 INFO neutron.wsgi [req-7f1c085e-ef3c-48e5-b8c0-d2d211ccfe06 5a2fe1ef92d54939bf68448a35cfcb01 9e1589f6ab5a42da8d5b87292151df19 - default default] 192.168.122.99,192.168.122.100 "POST /v2.0/segments HTTP/1.1" status: 201 len: 543 time: 0.2593951
2025-12-16 07:47:47.547 17 INFO neutron.pecan_wsgi.hooks.translation [req-3149fc90-93f0-4de1-8220-2aa0059e5fe8 5a2fe1ef92d54939bf68448a35cfcb01 9e1589f6ab5a42da8d5b87292151df19 - default default] GET failed (client error): The resource could not be found.
2025-12-16 07:47:47.548 17 INFO neutron.wsgi [req-3149fc90-93f0-4de1-8220-2aa0059e5fe8 5a2fe1ef92d54939bf68448a35cfcb01 9e1589f6ab5a42da8d5b87292151df19 - default default] 192.168.122.99,192.168.122.100 "GET /v2.0/subnets/external_subnet?network_id=d507f3dc-359a-45a5-945a-d754ac1767bc HTTP/1.1" status: 404 len: 297 time: 0.0203559
2025-12-16 07:47:47.571 17 INFO neutron.wsgi [req-4c04c433-5d09-414f-bf61-8d5b0ee28083 5a2fe1ef92d54939bf68448a35cfcb01 9e1589f6ab5a42da8d5b87292151df19 - default default] 192.168.122.99,192.168.122.100 "GET /v2.0/subnets?name=external_subnet&network_id=d507f3dc-359a-45a5-945a-d754ac1767bc HTTP/1.1" status: 200 len: 188 time: 0.0194411
2025-12-16 07:47:47.579 17 DEBUG neutron.api.v2.base [req-a221d637-8166-499d-9a6c-99653e567b17 5a2fe1ef92d54939bf68448a35cfcb01 9e1589f6ab5a42da8d5b87292151df19 - default default] Request body: {'subnet': {'segment_id': '8342ff4b-4cde-413a-a72b-96e44e3e905b', 'name': 'external_subnet', 'network_id': 'd507f3dc-359a-45a5-945a-d754ac1767bc', 'allocation_pools': [{'start': '172.21.0.120', 'end': '172.21.0.250'}], 'cidr': '172.21.0.0/24', 'host_routes': [], 'ip_version': 4, 'enable_dhcp': False, 'gateway_ip': None}} prepare_request_body /usr/lib/python3.9/site-packages/neutron/api/v2/base.py:729
2025-12-16 07:47:47.598 17 DEBUG neutron.pecan_wsgi.hooks.quota_enforcement [req-a221d637-8166-499d-9a6c-99653e567b17 5a2fe1ef92d54939bf68448a35cfcb01 9e1589f6ab5a42da8d5b87292151df19 - default default] Made reservation on behalf of 9e1589f6ab5a42da8d5b87292151df19 for: {'subnet': 1} before /usr/lib/python3.9/site-packages/neutron/pecan_wsgi/hooks/quota_enforcement.py:53
2025-12-16 07:47:47.600 17 DEBUG neutron_lib.callbacks.manager [req-a221d637-8166-499d-9a6c-99653e567b17 5a2fe1ef92d54939bf68448a35cfcb01 9e1589f6ab5a42da8d5b87292151df19 - default default] Notify callbacks ['neutron.services.segments.plugin.SegmentHostRoutes.host_routes_before_create-3713885'] for subnet, before_create _notify_loop /usr/lib/python3.9/site-packages/neutron_lib/callbacks/manager.py:200
2025-12-16 07:47:47.657 17 DEBUG neutron.db.ipam_backend_mixin [req-a221d637-8166-499d-9a6c-99653e567b17 5a2fe1ef92d54939bf68448a35cfcb01 9e1589f6ab5a42da8d5b87292151df19 - default default] Performing IP validity checks on allocation pools validate_allocation_pools /usr/lib/python3.9/site-packages/neutron/db/ipam_backend_mixin.py:314
2025-12-16 07:47:47.658 17 DEBUG neutron.db.ipam_backend_mixin [req-a221d637-8166-499d-9a6c-99653e567b17 5a2fe1ef92d54939bf68448a35cfcb01 9e1589f6ab5a42da8d5b87292151df19 - default default] Checking for overlaps among allocation pools and gateway ip validate_allocation_pools /usr/lib/python3.9/site-packages/neutron/db/ipam_backend_mixin.py:335
2025-12-16 07:47:47.736 17 DEBUG neutron_lib.callbacks.manager [req-a221d637-8166-499d-9a6c-99653e567b17 5a2fe1ef92d54939bf68448a35cfcb01 9e1589f6ab5a42da8d5b87292151df19 - default default] Notify callbacks ['neutron.plugins.ml2.ovo_rpc._ObjectChangeHandler.handle_event-3888490', 'neutron.api.rpc.agentnotifiers.dhcp_rpc_agent_api.DhcpAgentNotifyAPI._native_event_send_dhcp_notification-3821813', 'neutron.services.segments.plugin.NovaSegmentNotifier._notify_subnet_created-3741562', 'neutron.services.segments.plugin.SegmentHostRoutes.host_routes_after_create-3713867'] for subnet, after_create _notify_loop /usr/lib/python3.9/site-packages/neutron_lib/callbacks/manager.py:200
2025-12-16 07:47:47.736 17 DEBUG neutron.services.segments.db [req-a221d637-8166-499d-9a6c-99653e567b17 5a2fe1ef92d54939bf68448a35cfcb01 9e1589f6ab5a42da8d5b87292151df19 - default default] neutron.services.segments.plugin.Plugin method get_segment called with arguments (, '8342ff4b-4cde-413a-a72b-96e44e3e905b') {} wrapper /usr/lib/python3.9/site-packages/oslo_log/helpers.py:65
2025-12-16 07:47:47.767 17 DEBUG neutron.api.rpc.handlers.resources_rpc [req-a221d637-8166-499d-9a6c-99653e567b17 5a2fe1ef92d54939bf68448a35cfcb01 9e1589f6ab5a42da8d5b87292151df19 - - -] Pushing event updated for resources: {'Subnet': ['ID=68e70344-5335-4499-9b56-dc40cad922b4,revision_number=0']} push /usr/lib/python3.9/site-packages/neutron/api/rpc/handlers/resources_rpc.py:237
2025-12-16 07:47:47.777 17 DEBUG neutron.plugins.ml2.drivers.mech_agent [req-a221d637-8166-499d-9a6c-99653e567b17 5a2fe1ef92d54939bf68448a35cfcb01 9e1589f6ab5a42da8d5b87292151df19 - default default] Checking segment: {'id': '8342ff4b-4cde-413a-a72b-96e44e3e905b', 'network_type': 'flat', 'physical_network': 'external_external_subnet', 'segmentation_id': None, 'network_id': 'd507f3dc-359a-45a5-945a-d754ac1767bc'} for mappings: {'ctlplane': 'br-ctlplane'} with network types: ['local', 'flat', 'vlan'] check_segment_for_agent /usr/lib/python3.9/site-packages/neutron/plugins/ml2/drivers/mech_agent.py:343
2025-12-16 07:47:47.778 17 DEBUG neutron.plugins.ml2.drivers.mech_agent [req-a221d637-8166-499d-9a6c-99653e567b17 5a2fe1ef92d54939bf68448a35cfcb01 9e1589f6ab5a42da8d5b87292151df19 - default default] Network d507f3dc-359a-45a5-945a-d754ac1767bc with segment 8342ff4b-4cde-413a-a72b-96e44e3e905b is connected to physical network external_external_subnet, but agent undercloud.ooo.test reported physical networks {'ctlplane': 'br-ctlplane'}. The physical network must be configured on the agent if binding is to succeed. check_segment_for_agent /usr/lib/python3.9/site-packages/neutron/plugins/ml2/drivers/mech_agent.py:365
2025-12-16 07:47:47.780 17 DEBUG neutron.scheduler.dhcp_agent_scheduler [req-a221d637-8166-499d-9a6c-99653e567b17 5a2fe1ef92d54939bf68448a35cfcb01 9e1589f6ab5a42da8d5b87292151df19 - default default] Network hostable DHCP agents. Network: d507f3dc-359a-45a5-945a-d754ac1767bc, hostable agents: [], hosted agents: [] _get_network_hostable_dhcp_agents /usr/lib/python3.9/site-packages/neutron/scheduler/dhcp_agent_scheduler.py:329
2025-12-16 07:47:47.780 17 DEBUG neutron.scheduler.base_scheduler [req-a221d637-8166-499d-9a6c-99653e567b17 5a2fe1ef92d54939bf68448a35cfcb01 9e1589f6ab5a42da8d5b87292151df19 - default default] Resources bound (agent type, host, resource id): schedule /usr/lib/python3.9/site-packages/neutron/scheduler/base_scheduler.py:57
2025-12-16 07:47:47.780 17 WARNING neutron.api.rpc.agentnotifiers.dhcp_rpc_agent_api [req-a221d637-8166-499d-9a6c-99653e567b17 5a2fe1ef92d54939bf68448a35cfcb01 9e1589f6ab5a42da8d5b87292151df19 - default default] Unable to schedule network d507f3dc-359a-45a5-945a-d754ac1767bc: no agents available; will retry on subsequent port and subnet creation events.
2025-12-16 07:47:47.780 17 DEBUG neutron.api.rpc.agentnotifiers.dhcp_rpc_agent_api [req-a221d637-8166-499d-9a6c-99653e567b17 5a2fe1ef92d54939bf68448a35cfcb01 9e1589f6ab5a42da8d5b87292151df19 - default default] Network d507f3dc-359a-45a5-945a-d754ac1767bc is not hosted by any dhcp agent _notify_agents /usr/lib/python3.9/site-packages/neutron/api/rpc/agentnotifiers/dhcp_rpc_agent_api.py:228
2025-12-16 07:47:47.786 17 DEBUG neutron.pecan_wsgi.hooks.policy_enforcement [req-a221d637-8166-499d-9a6c-99653e567b17 5a2fe1ef92d54939bf68448a35cfcb01 9e1589f6ab5a42da8d5b87292151df19 - default default] Attributes excluded by policy engine: ['standard_attr_id', 'shared', 'network'] _exclude_attributes_by_policy /usr/lib/python3.9/site-packages/neutron/pecan_wsgi/hooks/policy_enforcement.py:259
2025-12-16 07:47:47.787 17 DEBUG neutron_lib.callbacks.manager [req-a221d637-8166-499d-9a6c-99653e567b17 5a2fe1ef92d54939bf68448a35cfcb01 9e1589f6ab5a42da8d5b87292151df19 - default default] Notify callbacks ['neutron.api.rpc.agentnotifiers.dhcp_rpc_agent_api.DhcpAgentNotifyAPI._send_dhcp_notification-3821703'] for subnet, before_response _notify_loop /usr/lib/python3.9/site-packages/neutron_lib/callbacks/manager.py:200
2025-12-16 07:47:47.796 17 INFO neutron.wsgi [req-a221d637-8166-499d-9a6c-99653e567b17 5a2fe1ef92d54939bf68448a35cfcb01 9e1589f6ab5a42da8d5b87292151df19 - default default] 192.168.122.99,192.168.122.100 "POST /v2.0/subnets HTTP/1.1" status: 201 len: 845 time: 0.2209985
2025-12-16 07:47:47.804 17 DEBUG neutron.services.tag.tag_plugin [req-451c14b6-c3e6-4a03-82b6-1a87ed107d5c 5a2fe1ef92d54939bf68448a35cfcb01 9e1589f6ab5a42da8d5b87292151df19 - default default] neutron.services.tag.tag_plugin.TagPlugin method update_tags called with arguments (, 'subnets', '68e70344-5335-4499-9b56-dc40cad922b4', {'tags': ['tripleo_vlan_id=44']}) {} wrapper /usr/lib/python3.9/site-packages/oslo_log/helpers.py:65
2025-12-16 07:47:47.831 17 INFO neutron.wsgi [req-451c14b6-c3e6-4a03-82b6-1a87ed107d5c 5a2fe1ef92d54939bf68448a35cfcb01 9e1589f6ab5a42da8d5b87292151df19 - default default] 192.168.122.99,192.168.122.100 "PUT /v2.0/subnets/68e70344-5335-4499-9b56-dc40cad922b4/tags HTTP/1.1" status: 200 len: 206 time: 0.0297275
2025-12-16 07:47:48.825 16 DEBUG neutron.wsgi [-] (16) accepted ('192.168.122.100', 34658) server /usr/lib/python3.9/site-packages/eventlet/wsgi.py:992
2025-12-16 07:47:48.827 16 INFO neutron.wsgi [-] 192.168.122.100 "GET /healthcheck HTTP/1.0" status: 200 len: 137 time: 0.0016532
2025-12-16 07:47:49.241 16 DEBUG neutron.wsgi [-] (16) accepted ('192.168.122.100', 34672) server /usr/lib/python3.9/site-packages/eventlet/wsgi.py:992
2025-12-16 07:47:49.330 16 INFO neutron.pecan_wsgi.hooks.translation [req-4543aa52-2799-42ba-953a-1fd2711b097c 5a2fe1ef92d54939bf68448a35cfcb01 9e1589f6ab5a42da8d5b87292151df19 - default default] GET failed (client error): The resource could not be found.
2025-12-16 07:47:49.333 16 INFO neutron.wsgi [req-4543aa52-2799-42ba-953a-1fd2711b097c 5a2fe1ef92d54939bf68448a35cfcb01 9e1589f6ab5a42da8d5b87292151df19 - default default] 192.168.122.99,192.168.122.100 "GET /v2.0/networks/storage HTTP/1.1" status: 404 len: 291 time: 0.0894606
2025-12-16 07:47:49.479 16 DEBUG neutron.pecan_wsgi.hooks.policy_enforcement [req-e360eb72-d724-4ad5-971d-76ae05b0bf86 5a2fe1ef92d54939bf68448a35cfcb01 9e1589f6ab5a42da8d5b87292151df19 - default default] Attributes excluded by policy engine: ['standard_attr_id', 'vlan_transparent'] _exclude_attributes_by_policy /usr/lib/python3.9/site-packages/neutron/pecan_wsgi/hooks/policy_enforcement.py:259
2025-12-16 07:47:49.481 16 INFO neutron.wsgi [req-e360eb72-d724-4ad5-971d-76ae05b0bf86 5a2fe1ef92d54939bf68448a35cfcb01 9e1589f6ab5a42da8d5b87292151df19 - default default] 192.168.122.99,192.168.122.100 "GET /v2.0/networks?name=storage HTTP/1.1" status: 200 len: 1023 time: 0.1433151
2025-12-16 07:47:49.532 16 DEBUG neutron.pecan_wsgi.hooks.policy_enforcement [req-e5e3af9e-1e0d-49f8-b8a8-f893ad00b223 5a2fe1ef92d54939bf68448a35cfcb01 9e1589f6ab5a42da8d5b87292151df19 - default default] Attributes excluded by policy engine: ['standard_attr_id', 'shared'] _exclude_attributes_by_policy /usr/lib/python3.9/site-packages/neutron/pecan_wsgi/hooks/policy_enforcement.py:259
2025-12-16 07:47:49.533 16 INFO neutron.wsgi [req-e5e3af9e-1e0d-49f8-b8a8-f893ad00b223 5a2fe1ef92d54939bf68448a35cfcb01 9e1589f6ab5a42da8d5b87292151df19 - default default] 192.168.122.99,192.168.122.100 "GET /v2.0/subnets/84a9b7f3-a439-468b-8ac2-76e6cdb7bfbf HTTP/1.1" status: 200 len: 859 time: 0.0449314
2025-12-16 07:47:49.553 16 INFO neutron.pecan_wsgi.hooks.translation [req-255e3923-a779-40d3-a1b5-60e5d2ef634e 5a2fe1ef92d54939bf68448a35cfcb01 9e1589f6ab5a42da8d5b87292151df19 - default default] GET failed (client error): The resource could not be found.
2025-12-16 07:47:49.554 16 INFO neutron.wsgi [req-255e3923-a779-40d3-a1b5-60e5d2ef634e 5a2fe1ef92d54939bf68448a35cfcb01 9e1589f6ab5a42da8d5b87292151df19 - default default] 192.168.122.99,192.168.122.100 "GET /v2.0/networks/storage_mgmt HTTP/1.1" status: 404 len: 296 time: 0.0148866
2025-12-16 07:47:49.623 16 DEBUG neutron.pecan_wsgi.hooks.policy_enforcement [req-1b7982f0-ba67-4397-bf16-a0274851479e 5a2fe1ef92d54939bf68448a35cfcb01 9e1589f6ab5a42da8d5b87292151df19 - default default] Attributes excluded by policy engine: ['standard_attr_id', 'vlan_transparent'] _exclude_attributes_by_policy /usr/lib/python3.9/site-packages/neutron/pecan_wsgi/hooks/policy_enforcement.py:259
2025-12-16 07:47:49.624 16 INFO neutron.wsgi [req-1b7982f0-ba67-4397-bf16-a0274851479e 5a2fe1ef92d54939bf68448a35cfcb01 9e1589f6ab5a42da8d5b87292151df19 - default default] 192.168.122.99,192.168.122.100 "GET /v2.0/networks?name=storage_mgmt HTTP/1.1" status: 200 len: 1051 time: 0.0657768
2025-12-16 07:47:49.659 16 DEBUG neutron.pecan_wsgi.hooks.policy_enforcement [req-f396fe24-34d9-48e0-800d-f9c07fd0158d 5a2fe1ef92d54939bf68448a35cfcb01 9e1589f6ab5a42da8d5b87292151df19 - default default] Attributes excluded by policy engine: ['standard_attr_id', 'shared'] _exclude_attributes_by_policy /usr/lib/python3.9/site-packages/neutron/pecan_wsgi/hooks/policy_enforcement.py:259
2025-12-16 07:47:49.660 16 INFO neutron.wsgi [req-f396fe24-34d9-48e0-800d-f9c07fd0158d 5a2fe1ef92d54939bf68448a35cfcb01 9e1589f6ab5a42da8d5b87292151df19 - default default] 192.168.122.99,192.168.122.100 "GET /v2.0/subnets/5a8d9ed5-c649-4fde-b334-1712cf499664 HTTP/1.1" status: 200 len: 864 time: 0.0297222
2025-12-16 07:47:49.678 16 INFO neutron.pecan_wsgi.hooks.translation [req-3a2fa5c3-dc44-4ee4-a41c-5ef2900dcc5b 5a2fe1ef92d54939bf68448a35cfcb01 9e1589f6ab5a42da8d5b87292151df19 - default default] GET failed (client error): The resource could not be found.
2025-12-16 07:47:49.678 16 INFO neutron.wsgi [req-3a2fa5c3-dc44-4ee4-a41c-5ef2900dcc5b 5a2fe1ef92d54939bf68448a35cfcb01 9e1589f6ab5a42da8d5b87292151df19 - default default] 192.168.122.99,192.168.122.100 "GET /v2.0/networks/internal_api HTTP/1.1" status: 404 len: 296 time: 0.0125751
2025-12-16 07:47:49.735 16 DEBUG neutron.pecan_wsgi.hooks.policy_enforcement [req-a04ac68b-57c1-4498-bfe2-0c1cced7639e 5a2fe1ef92d54939bf68448a35cfcb01 9e1589f6ab5a42da8d5b87292151df19 - default default] Attributes excluded by policy engine: ['standard_attr_id', 'vlan_transparent'] _exclude_attributes_by_policy /usr/lib/python3.9/site-packages/neutron/pecan_wsgi/hooks/policy_enforcement.py:259
2025-12-16 07:47:49.736 16 INFO neutron.wsgi [req-a04ac68b-57c1-4498-bfe2-0c1cced7639e 5a2fe1ef92d54939bf68448a35cfcb01 9e1589f6ab5a42da8d5b87292151df19 - default default] 192.168.122.99,192.168.122.100 "GET /v2.0/networks?name=internal_api HTTP/1.1" status: 200 len: 1052 time: 0.0537791
2025-12-16 07:47:49.770 16 DEBUG neutron.pecan_wsgi.hooks.policy_enforcement [req-f081d589-c477-44cc-a693-b919cf22007f 5a2fe1ef92d54939bf68448a35cfcb01 9e1589f6ab5a42da8d5b87292151df19 - default default] Attributes excluded by policy engine: ['standard_attr_id', 'shared'] _exclude_attributes_by_policy /usr/lib/python3.9/site-packages/neutron/pecan_wsgi/hooks/policy_enforcement.py:259
2025-12-16 07:47:49.770 16 INFO neutron.wsgi [req-f081d589-c477-44cc-a693-b919cf22007f 5a2fe1ef92d54939bf68448a35cfcb01 9e1589f6ab5a42da8d5b87292151df19 - default default] 192.168.122.99,192.168.122.100 "GET /v2.0/subnets/1f9e8ce2-f2c7-4fc0-a187-fe6a0f01b3c5 HTTP/1.1" status: 200 len: 864 time: 0.0290179
2025-12-16 07:47:49.787 16 INFO neutron.pecan_wsgi.hooks.translation [req-141200b0-c0ce-4dc4-abf2-ce270fe8697e 5a2fe1ef92d54939bf68448a35cfcb01 9e1589f6ab5a42da8d5b87292151df19 - default default] GET failed (client error): The resource could not be found.
2025-12-16 07:47:49.787 16 INFO neutron.wsgi [req-141200b0-c0ce-4dc4-abf2-ce270fe8697e 5a2fe1ef92d54939bf68448a35cfcb01 9e1589f6ab5a42da8d5b87292151df19 - default default] 192.168.122.99,192.168.122.100 "GET /v2.0/networks/tenant HTTP/1.1" status: 404 len: 290 time: 0.0121162
2025-12-16 07:47:49.850 16 DEBUG neutron.pecan_wsgi.hooks.policy_enforcement [req-ecd278bb-f03f-4f4d-a123-691a6fc79ef8 5a2fe1ef92d54939bf68448a35cfcb01 9e1589f6ab5a42da8d5b87292151df19 - default default] Attributes excluded by policy engine: ['standard_attr_id', 'vlan_transparent'] _exclude_attributes_by_policy /usr/lib/python3.9/site-packages/neutron/pecan_wsgi/hooks/policy_enforcement.py:259
2025-12-16 07:47:49.851 16 INFO neutron.wsgi [req-ecd278bb-f03f-4f4d-a123-691a6fc79ef8 5a2fe1ef92d54939bf68448a35cfcb01 9e1589f6ab5a42da8d5b87292151df19 - default default] 192.168.122.99,192.168.122.100 "GET /v2.0/networks?name=tenant HTTP/1.1" status: 200 len: 998 time: 0.0605745
2025-12-16 07:47:49.887 16 DEBUG neutron.pecan_wsgi.hooks.policy_enforcement [req-8c1b144d-f375-4a1f-a508-8cc061af3d6b 5a2fe1ef92d54939bf68448a35cfcb01 9e1589f6ab5a42da8d5b87292151df19 - default default] Attributes excluded by policy engine: ['standard_attr_id', 'shared'] _exclude_attributes_by_policy /usr/lib/python3.9/site-packages/neutron/pecan_wsgi/hooks/policy_enforcement.py:259
2025-12-16 07:47:49.888 16 INFO neutron.wsgi [req-8c1b144d-f375-4a1f-a508-8cc061af3d6b 5a2fe1ef92d54939bf68448a35cfcb01 9e1589f6ab5a42da8d5b87292151df19 - default default] 192.168.122.99,192.168.122.100 "GET /v2.0/subnets/f253ac7e-f06a-4263-8302-4c3468552ea9 HTTP/1.1" status: 200 len: 858 time: 0.0312538
2025-12-16 07:47:49.904 16 INFO neutron.pecan_wsgi.hooks.translation [req-0ed7d840-54b1-4c77-bf14-09756331da90 5a2fe1ef92d54939bf68448a35cfcb01 9e1589f6ab5a42da8d5b87292151df19 - default default] GET failed (client error): The resource could not be found.
2025-12-16 07:47:49.905 16 INFO neutron.wsgi [req-0ed7d840-54b1-4c77-bf14-09756331da90 5a2fe1ef92d54939bf68448a35cfcb01 9e1589f6ab5a42da8d5b87292151df19 - default default] 192.168.122.99,192.168.122.100 "GET /v2.0/networks/external HTTP/1.1" status: 404 len: 292 time: 0.0115714
2025-12-16 07:47:49.960 16 DEBUG neutron.pecan_wsgi.hooks.policy_enforcement [req-a3e13432-c225-4c70-8caa-d289177ec834 5a2fe1ef92d54939bf68448a35cfcb01 9e1589f6ab5a42da8d5b87292151df19 - default default] Attributes excluded by policy engine: ['standard_attr_id', 'vlan_transparent'] _exclude_attributes_by_policy /usr/lib/python3.9/site-packages/neutron/pecan_wsgi/hooks/policy_enforcement.py:259
2025-12-16 07:47:49.961 16 INFO neutron.wsgi [req-a3e13432-c225-4c70-8caa-d289177ec834 5a2fe1ef92d54939bf68448a35cfcb01 9e1589f6ab5a42da8d5b87292151df19 - default default] 192.168.122.99,192.168.122.100 "GET /v2.0/networks?name=external HTTP/1.1" status: 200 len: 1029 time: 0.0522330
2025-12-16 07:47:49.995 16 DEBUG neutron.pecan_wsgi.hooks.policy_enforcement [req-46014992-2a8d-42d9-8c97-320e465f4174 5a2fe1ef92d54939bf68448a35cfcb01 9e1589f6ab5a42da8d5b87292151df19 - default default] Attributes excluded by policy engine: ['standard_attr_id', 'shared'] _exclude_attributes_by_policy /usr/lib/python3.9/site-packages/neutron/pecan_wsgi/hooks/policy_enforcement.py:259
2025-12-16 07:47:49.995 16 INFO neutron.wsgi [req-46014992-2a8d-42d9-8c97-320e465f4174 5a2fe1ef92d54939bf68448a35cfcb01 9e1589f6ab5a42da8d5b87292151df19 - default default] 192.168.122.99,192.168.122.100 "GET /v2.0/subnets/68e70344-5335-4499-9b56-dc40cad922b4 HTTP/1.1" status: 200 len: 860 time: 0.0287848
2025-12-16 07:47:50.828 17 DEBUG neutron.wsgi [-] (17) accepted ('192.168.122.100', 34676) server /usr/lib/python3.9/site-packages/eventlet/wsgi.py:992
2025-12-16 07:47:50.832 17 INFO neutron.wsgi [-] 192.168.122.100 "GET /healthcheck HTTP/1.0" status: 200 len: 137 time: 0.0027387
2025-12-16 07:47:51.805 17 DEBUG neutron.wsgi [-] (17) accepted ('192.168.122.100', 34688) server /usr/lib/python3.9/site-packages/eventlet/wsgi.py:992
2025-12-16 07:47:51.808 17 INFO neutron.wsgi [-] 192.168.122.100 "GET / HTTP/1.1" status: 200 len: 233 time: 0.0014017
2025-12-16 07:47:52.833 16 DEBUG neutron.wsgi [-] (16) accepted ('192.168.122.100', 34700) server /usr/lib/python3.9/site-packages/eventlet/wsgi.py:992
2025-12-16 07:47:52.835 16 INFO neutron.wsgi [-] 192.168.122.100 "GET /healthcheck HTTP/1.0" status: 200 len: 137 time: 0.0013597
2025-12-16 07:47:54.837 15 DEBUG neutron.wsgi [-] (15) accepted ('192.168.122.100', 34708) server /usr/lib/python3.9/site-packages/eventlet/wsgi.py:992
2025-12-16 07:47:54.841 15 INFO neutron.wsgi [-] 192.168.122.100 "GET /healthcheck HTTP/1.0" status: 200 len: 137 time: 0.0028250
2025-12-16 07:47:55.579 17 DEBUG neutron.wsgi [-] (17) accepted ('192.168.122.100', 42074) server /usr/lib/python3.9/site-packages/eventlet/wsgi.py:992
2025-12-16 07:47:55.740 17 DEBUG neutron.pecan_wsgi.hooks.policy_enforcement [req-4c9ba8fa-780d-4ac2-b109-6faf3fc9ad9b 5a2fe1ef92d54939bf68448a35cfcb01 9e1589f6ab5a42da8d5b87292151df19 - default default] Attributes excluded by policy engine: ['standard_attr_id', 'vlan_transparent'] _exclude_attributes_by_policy /usr/lib/python3.9/site-packages/neutron/pecan_wsgi/hooks/policy_enforcement.py:259
2025-12-16 07:47:55.741 17 DEBUG neutron.pecan_wsgi.hooks.policy_enforcement [req-4c9ba8fa-780d-4ac2-b109-6faf3fc9ad9b 5a2fe1ef92d54939bf68448a35cfcb01 9e1589f6ab5a42da8d5b87292151df19 - default default] Attributes excluded by policy engine: ['standard_attr_id', 'vlan_transparent'] _exclude_attributes_by_policy /usr/lib/python3.9/site-packages/neutron/pecan_wsgi/hooks/policy_enforcement.py:259
2025-12-16 07:47:55.741 17 DEBUG neutron.pecan_wsgi.hooks.policy_enforcement [req-4c9ba8fa-780d-4ac2-b109-6faf3fc9ad9b 5a2fe1ef92d54939bf68448a35cfcb01 9e1589f6ab5a42da8d5b87292151df19 - default default] Attributes excluded by policy engine: ['standard_attr_id', 'vlan_transparent'] _exclude_attributes_by_policy /usr/lib/python3.9/site-packages/neutron/pecan_wsgi/hooks/policy_enforcement.py:259
2025-12-16 07:47:55.742 17 DEBUG neutron.pecan_wsgi.hooks.policy_enforcement [req-4c9ba8fa-780d-4ac2-b109-6faf3fc9ad9b 5a2fe1ef92d54939bf68448a35cfcb01 9e1589f6ab5a42da8d5b87292151df19 - default default] Attributes excluded by policy engine: ['standard_attr_id', 'vlan_transparent'] _exclude_attributes_by_policy /usr/lib/python3.9/site-packages/neutron/pecan_wsgi/hooks/policy_enforcement.py:259
2025-12-16 07:47:55.742 17 DEBUG neutron.pecan_wsgi.hooks.policy_enforcement [req-4c9ba8fa-780d-4ac2-b109-6faf3fc9ad9b 5a2fe1ef92d54939bf68448a35cfcb01 9e1589f6ab5a42da8d5b87292151df19 - default default] Attributes excluded by policy engine: ['standard_attr_id', 'vlan_transparent'] _exclude_attributes_by_policy /usr/lib/python3.9/site-packages/neutron/pecan_wsgi/hooks/policy_enforcement.py:259
2025-12-16 07:47:55.742 17 DEBUG neutron.pecan_wsgi.hooks.policy_enforcement [req-4c9ba8fa-780d-4ac2-b109-6faf3fc9ad9b 5a2fe1ef92d54939bf68448a35cfcb01 9e1589f6ab5a42da8d5b87292151df19 - default default] Attributes excluded by policy engine: ['standard_attr_id', 'vlan_transparent'] _exclude_attributes_by_policy /usr/lib/python3.9/site-packages/neutron/pecan_wsgi/hooks/policy_enforcement.py:259
2025-12-16 07:47:55.743 17 INFO neutron.wsgi [req-4c9ba8fa-780d-4ac2-b109-6faf3fc9ad9b 5a2fe1ef92d54939bf68448a35cfcb01 9e1589f6ab5a42da8d5b87292151df19 - default default] 192.168.122.99,192.168.122.100 "GET /v2.0/networks HTTP/1.1" status: 200 len: 5131 time: 0.1630270
2025-12-16 07:47:55.783 17 DEBUG neutron.pecan_wsgi.hooks.policy_enforcement [req-c7b762df-f045-451d-831a-6b056394b4a1 5a2fe1ef92d54939bf68448a35cfcb01 9e1589f6ab5a42da8d5b87292151df19 - default default] Attributes excluded by policy engine: ['standard_attr_id', 'shared'] _exclude_attributes_by_policy /usr/lib/python3.9/site-packages/neutron/pecan_wsgi/hooks/policy_enforcement.py:259
2025-12-16 07:47:55.784 17 INFO neutron.wsgi [req-c7b762df-f045-451d-831a-6b056394b4a1 5a2fe1ef92d54939bf68448a35cfcb01 9e1589f6ab5a42da8d5b87292151df19 - default default] 192.168.122.99,192.168.122.100 "GET /v2.0/subnets?network_id=278331a9-6436-4e0f-b1ed-7c1affb92a6b HTTP/1.1" status: 200 len: 861 time: 0.0357504
2025-12-16 07:47:55.823 17 DEBUG neutron.pecan_wsgi.hooks.policy_enforcement [req-2d470be8-d499-488d-b792-c3b2a59b0f63 5a2fe1ef92d54939bf68448a35cfcb01 9e1589f6ab5a42da8d5b87292151df19 - default default] Attributes excluded by policy engine: ['standard_attr_id', 'shared'] _exclude_attributes_by_policy /usr/lib/python3.9/site-packages/neutron/pecan_wsgi/hooks/policy_enforcement.py:259
2025-12-16 07:47:55.824 17 INFO neutron.wsgi [req-2d470be8-d499-488d-b792-c3b2a59b0f63 5a2fe1ef92d54939bf68448a35cfcb01 9e1589f6ab5a42da8d5b87292151df19 - default default] 192.168.122.99,192.168.122.100 "GET /v2.0/subnets?network_id=829c656c-bf08-4b06-a43e-a94c9b605914 HTTP/1.1" status: 200 len: 867 time: 0.0337446
2025-12-16 07:47:55.865 17 DEBUG neutron.pecan_wsgi.hooks.policy_enforcement [req-5282a132-2e5c-4849-be2c-bc1aefd638a2 5a2fe1ef92d54939bf68448a35cfcb01 9e1589f6ab5a42da8d5b87292151df19 - default default] Attributes excluded by policy engine: ['standard_attr_id', 'shared'] _exclude_attributes_by_policy /usr/lib/python3.9/site-packages/neutron/pecan_wsgi/hooks/policy_enforcement.py:259
2025-12-16 07:47:55.866 17 INFO neutron.wsgi [req-5282a132-2e5c-4849-be2c-bc1aefd638a2 5a2fe1ef92d54939bf68448a35cfcb01 9e1589f6ab5a42da8d5b87292151df19 - default default] 192.168.122.99,192.168.122.100 "GET /v2.0/subnets?network_id=9510cd16-a7a9-4150-b099-53e686ea0ebc HTTP/1.1" status: 200 len: 862 time: 0.0351634
2025-12-16 07:47:55.903 17 DEBUG neutron.pecan_wsgi.hooks.policy_enforcement [req-e17e4a06-3dff-4707-82f0-53ebf86d78fd 5a2fe1ef92d54939bf68448a35cfcb01 9e1589f6ab5a42da8d5b87292151df19 - default default] Attributes excluded by policy engine: ['standard_attr_id', 'shared'] _exclude_attributes_by_policy /usr/lib/python3.9/site-packages/neutron/pecan_wsgi/hooks/policy_enforcement.py:259
2025-12-16 07:47:55.905 17 INFO neutron.wsgi [req-e17e4a06-3dff-4707-82f0-53ebf86d78fd 5a2fe1ef92d54939bf68448a35cfcb01 9e1589f6ab5a42da8d5b87292151df19 - default default] 192.168.122.99,192.168.122.100 "GET /v2.0/subnets?network_id=9a7f23dd-e1eb-4106-8369-3f719bdeb030 HTTP/1.1" status: 200 len: 845 time: 0.0324931
2025-12-16 07:47:55.938 17 DEBUG neutron.pecan_wsgi.hooks.policy_enforcement [req-aa2a4d10-7042-46f6-829c-9b217ac42800 5a2fe1ef92d54939bf68448a35cfcb01 9e1589f6ab5a42da8d5b87292151df19 - default default] Attributes excluded by policy engine: ['standard_attr_id', 'shared'] _exclude_attributes_by_policy /usr/lib/python3.9/site-packages/neutron/pecan_wsgi/hooks/policy_enforcement.py:259
2025-12-16 07:47:55.939 17 INFO neutron.wsgi [req-aa2a4d10-7042-46f6-829c-9b217ac42800 5a2fe1ef92d54939bf68448a35cfcb01 9e1589f6ab5a42da8d5b87292151df19 - default default] 192.168.122.99,192.168.122.100 "GET /v2.0/subnets?network_id=b5eede3c-cd7e-4911-9d09-21f9f6617aa2 HTTP/1.1" status: 200 len: 867 time: 0.0299993
2025-12-16 07:47:55.969 17 DEBUG neutron.pecan_wsgi.hooks.policy_enforcement [req-19bab28b-9a89-4842-9499-c5a48796b065 5a2fe1ef92d54939bf68448a35cfcb01 9e1589f6ab5a42da8d5b87292151df19 - default default] Attributes excluded by policy engine: ['standard_attr_id', 'shared'] _exclude_attributes_by_policy /usr/lib/python3.9/site-packages/neutron/pecan_wsgi/hooks/policy_enforcement.py:259
2025-12-16 07:47:55.969 17 INFO neutron.wsgi [req-19bab28b-9a89-4842-9499-c5a48796b065 5a2fe1ef92d54939bf68448a35cfcb01 9e1589f6ab5a42da8d5b87292151df19 - default default] 192.168.122.99,192.168.122.100 "GET /v2.0/subnets?network_id=d507f3dc-359a-45a5-945a-d754ac1767bc HTTP/1.1" status: 200 len: 863 time: 0.0268142
2025-12-16 07:47:55.996 17 DEBUG neutron.wsgi [-] (17) accepted ('192.168.122.100', 42090) server /usr/lib/python3.9/site-packages/eventlet/wsgi.py:992
2025-12-16 07:47:55.999 15 DEBUG neutron.wsgi [-] (15) accepted ('192.168.122.100', 42100) server /usr/lib/python3.9/site-packages/eventlet/wsgi.py:992
2025-12-16 07:47:56.000 16 DEBUG neutron.wsgi [-] (16) accepted ('192.168.122.100', 42104) server /usr/lib/python3.9/site-packages/eventlet/wsgi.py:992
2025-12-16 07:47:56.004 18 DEBUG neutron.wsgi [-] (18) accepted ('192.168.122.100', 42116) server /usr/lib/python3.9/site-packages/eventlet/wsgi.py:992
2025-12-16 07:47:56.025 17 INFO neutron.wsgi [req-1107545f-6062-44d2-9777-190cd17a4ca0 5a2fe1ef92d54939bf68448a35cfcb01 9e1589f6ab5a42da8d5b87292151df19 - default default] 192.168.122.99,192.168.122.100 "GET /v2.0/ports?network_id=829c656c-bf08-4b06-a43e-a94c9b605914&tags=tripleo_stack_name%3Dovercloud&tags=tripleo_vip_net%3Dinternal_api HTTP/1.1" status: 200 len: 186 time: 0.0502439
2025-12-16 07:47:56.026 17 INFO neutron.wsgi [req-8e10f080-e075-4321-9618-dd143c7ccf52 5a2fe1ef92d54939bf68448a35cfcb01 9e1589f6ab5a42da8d5b87292151df19 - default default] 192.168.122.99,192.168.122.100 "GET /v2.0/ports?network_id=9510cd16-a7a9-4150-b099-53e686ea0ebc&tags=tripleo_stack_name%3Dovercloud&tags=tripleo_vip_net%3Dstorage HTTP/1.1" status: 200 len: 186 time: 0.0295732
2025-12-16 07:47:56.036 17 DEBUG neutron.api.v2.base [req-c0c93b40-c073-4439-b583-9392015bd559 5a2fe1ef92d54939bf68448a35cfcb01 9e1589f6ab5a42da8d5b87292151df19 - default default] Request body: {'port': {'network_id': '829c656c-bf08-4b06-a43e-a94c9b605914', 'fixed_ips': [{'subnet_id': '1f9e8ce2-f2c7-4fc0-a187-fe6a0f01b3c5'}], 'dns_name': 'overcloud', 'name': 'internal_api_vip'}} prepare_request_body /usr/lib/python3.9/site-packages/neutron/api/v2/base.py:729
2025-12-16 07:47:56.042 17 DEBUG neutron.api.v2.base [req-32caf279-0110-4ebd-beb3-e48fb9f31f65 5a2fe1ef92d54939bf68448a35cfcb01 9e1589f6ab5a42da8d5b87292151df19 - default default] Request body: {'port': {'network_id': '9510cd16-a7a9-4150-b099-53e686ea0ebc', 'fixed_ips': [{'subnet_id': '84a9b7f3-a439-468b-8ac2-76e6cdb7bfbf'}], 'dns_name': 'overcloud', 'name': 'storage_vip'}} prepare_request_body /usr/lib/python3.9/site-packages/neutron/api/v2/base.py:729
2025-12-16 07:47:56.050 18 INFO neutron.wsgi [req-4bc99802-fba8-4fb1-a492-5f76bb772d1e 5a2fe1ef92d54939bf68448a35cfcb01 9e1589f6ab5a42da8d5b87292151df19 - default default] 192.168.122.99,192.168.122.100 "GET /v2.0/ports?network_id=d507f3dc-359a-45a5-945a-d754ac1767bc&tags=tripleo_stack_name%3Dovercloud&tags=tripleo_vip_net%3Dexternal HTTP/1.1" status: 200 len: 186 time: 0.0442846
2025-12-16 07:47:56.056 17 DEBUG neutron.pecan_wsgi.hooks.quota_enforcement [req-c0c93b40-c073-4439-b583-9392015bd559 5a2fe1ef92d54939bf68448a35cfcb01 9e1589f6ab5a42da8d5b87292151df19 - default default] Made reservation on behalf of 9e1589f6ab5a42da8d5b87292151df19 for: {'port': 1} before /usr/lib/python3.9/site-packages/neutron/pecan_wsgi/hooks/quota_enforcement.py:53
2025-12-16 07:47:56.056 15 INFO neutron.wsgi [req-02a7d3f5-3ea7-45be-b4fb-0ab450d7c4d2 5a2fe1ef92d54939bf68448a35cfcb01 9e1589f6ab5a42da8d5b87292151df19 - default default] 192.168.122.99,192.168.122.100 "GET /v2.0/ports?network_id=9a7f23dd-e1eb-4106-8369-3f719bdeb030&tags=tripleo_stack_name%3Dovercloud&tags=tripleo_vip_net%3Dctlplane HTTP/1.1" status: 200 len: 186 time: 0.0564785
2025-12-16 07:47:56.058 17 DEBUG neutron_lib.callbacks.manager [req-c0c93b40-c073-4439-b583-9392015bd559 5a2fe1ef92d54939bf68448a35cfcb01 9e1589f6ab5a42da8d5b87292151df19 - default default] Notify callbacks ['neutron.plugins.ml2.plugin.SecurityGroupDbMixin._ensure_default_security_group_handler-630399'] for port, before_create _notify_loop /usr/lib/python3.9/site-packages/neutron_lib/callbacks/manager.py:200
2025-12-16 07:47:56.059 18 DEBUG neutron.api.v2.base [req-aafd5b4f-3931-4fdd-9e0e-fde1b357535b 5a2fe1ef92d54939bf68448a35cfcb01 9e1589f6ab5a42da8d5b87292151df19 - default default] Request body: {'port': {'network_id': 'd507f3dc-359a-45a5-945a-d754ac1767bc', 'fixed_ips': [{'subnet_id': '68e70344-5335-4499-9b56-dc40cad922b4'}], 'dns_name': 'overcloud', 'name': 'external_vip'}} prepare_request_body /usr/lib/python3.9/site-packages/neutron/api/v2/base.py:729
2025-12-16 07:47:56.064 15 DEBUG neutron.api.v2.base [req-216eacca-a4e2-45c9-9082-b4e509a780b2 5a2fe1ef92d54939bf68448a35cfcb01 9e1589f6ab5a42da8d5b87292151df19 - default default] Request body: {'port': {'network_id': '9a7f23dd-e1eb-4106-8369-3f719bdeb030', 'fixed_ips': [{'ip_address': '192.168.122.99'}], 'dns_name': 'overcloud', 'name': 'ctlplane_vip'}} prepare_request_body /usr/lib/python3.9/site-packages/neutron/api/v2/base.py:729
2025-12-16 07:47:56.067 17 DEBUG neutron.pecan_wsgi.hooks.quota_enforcement [req-32caf279-0110-4ebd-beb3-e48fb9f31f65 5a2fe1ef92d54939bf68448a35cfcb01 9e1589f6ab5a42da8d5b87292151df19 - default default] Made reservation on behalf of 9e1589f6ab5a42da8d5b87292151df19 for: {'port': 1} before /usr/lib/python3.9/site-packages/neutron/pecan_wsgi/hooks/quota_enforcement.py:53
2025-12-16 07:47:56.068 17 DEBUG neutron_lib.callbacks.manager [req-32caf279-0110-4ebd-beb3-e48fb9f31f65 5a2fe1ef92d54939bf68448a35cfcb01 9e1589f6ab5a42da8d5b87292151df19 - default default] Notify callbacks ['neutron.plugins.ml2.plugin.SecurityGroupDbMixin._ensure_default_security_group_handler-630399'] for port, before_create _notify_loop /usr/lib/python3.9/site-packages/neutron_lib/callbacks/manager.py:200
2025-12-16 07:47:56.068 16 INFO neutron.wsgi [req-428b7429-dc5d-47a2-bec3-c1ba023c580f 5a2fe1ef92d54939bf68448a35cfcb01 9e1589f6ab5a42da8d5b87292151df19 - default default] 192.168.122.99,192.168.122.100 "GET /v2.0/ports?network_id=b5eede3c-cd7e-4911-9d09-21f9f6617aa2&tags=tripleo_stack_name%3Dovercloud&tags=tripleo_vip_net%3Dstorage_mgmt HTTP/1.1" status: 200 len: 186 time: 0.0663741
2025-12-16 07:47:56.069 18 DEBUG neutron.pecan_wsgi.hooks.quota_enforcement [req-aafd5b4f-3931-4fdd-9e0e-fde1b357535b 5a2fe1ef92d54939bf68448a35cfcb01 9e1589f6ab5a42da8d5b87292151df19 - default default] Made reservation on behalf of 9e1589f6ab5a42da8d5b87292151df19 for: {'port': 1} before /usr/lib/python3.9/site-packages/neutron/pecan_wsgi/hooks/quota_enforcement.py:53
2025-12-16 07:47:56.070 18 DEBUG neutron_lib.callbacks.manager [req-aafd5b4f-3931-4fdd-9e0e-fde1b357535b 5a2fe1ef92d54939bf68448a35cfcb01 9e1589f6ab5a42da8d5b87292151df19 - default default] Notify callbacks ['neutron.plugins.ml2.plugin.SecurityGroupDbMixin._ensure_default_security_group_handler-630399'] for port, before_create _notify_loop /usr/lib/python3.9/site-packages/neutron_lib/callbacks/manager.py:200
2025-12-16 07:47:56.075 16 DEBUG neutron.api.v2.base [req-385050cf-d98e-4818-b6c1-bc8731f8f0fe 5a2fe1ef92d54939bf68448a35cfcb01 9e1589f6ab5a42da8d5b87292151df19 - default default] Request body: {'port': {'network_id': 'b5eede3c-cd7e-4911-9d09-21f9f6617aa2', 'fixed_ips': [{'subnet_id': '5a8d9ed5-c649-4fde-b334-1712cf499664'}], 'dns_name': 'overcloud', 'name': 'storage_mgmt_vip'}} prepare_request_body /usr/lib/python3.9/site-packages/neutron/api/v2/base.py:729
2025-12-16 07:47:56.078 15 DEBUG neutron.pecan_wsgi.hooks.quota_enforcement [req-216eacca-a4e2-45c9-9082-b4e509a780b2 5a2fe1ef92d54939bf68448a35cfcb01 9e1589f6ab5a42da8d5b87292151df19 - default default] Made reservation on behalf of 9e1589f6ab5a42da8d5b87292151df19 for: {'port': 1} before /usr/lib/python3.9/site-packages/neutron/pecan_wsgi/hooks/quota_enforcement.py:53
2025-12-16 07:47:56.080 15 DEBUG neutron_lib.callbacks.manager [req-216eacca-a4e2-45c9-9082-b4e509a780b2 5a2fe1ef92d54939bf68448a35cfcb01 9e1589f6ab5a42da8d5b87292151df19 - default default] Notify callbacks ['neutron.plugins.ml2.plugin.SecurityGroupDbMixin._ensure_default_security_group_handler-630399'] for port, before_create _notify_loop /usr/lib/python3.9/site-packages/neutron_lib/callbacks/manager.py:200
2025-12-16 07:47:56.086 16 DEBUG neutron.pecan_wsgi.hooks.quota_enforcement [req-385050cf-d98e-4818-b6c1-bc8731f8f0fe 5a2fe1ef92d54939bf68448a35cfcb01 9e1589f6ab5a42da8d5b87292151df19 - default default] Made reservation on behalf of 9e1589f6ab5a42da8d5b87292151df19 for: {'port': 1} before /usr/lib/python3.9/site-packages/neutron/pecan_wsgi/hooks/quota_enforcement.py:53
2025-12-16 07:47:56.088 17 DEBUG neutron.notifiers.nova [req-c0c93b40-c073-4439-b583-9392015bd559 5a2fe1ef92d54939bf68448a35cfcb01 9e1589f6ab5a42da8d5b87292151df19 - default default] device_id is not set on port f7dc6820-a978-4995-9599-9141375acf72 yet. _can_notify /usr/lib/python3.9/site-packages/neutron/notifiers/nova.py:201
2025-12-16 07:47:56.088 18 DEBUG neutron.notifiers.nova [req-aafd5b4f-3931-4fdd-9e0e-fde1b357535b 5a2fe1ef92d54939bf68448a35cfcb01 9e1589f6ab5a42da8d5b87292151df19 - default default] device_id is not set on port aa9430a3-139a-477c-9905-eb91082b81f0 yet. _can_notify /usr/lib/python3.9/site-packages/neutron/notifiers/nova.py:201
2025-12-16 07:47:56.089 16 DEBUG neutron_lib.callbacks.manager [req-385050cf-d98e-4818-b6c1-bc8731f8f0fe 5a2fe1ef92d54939bf68448a35cfcb01 9e1589f6ab5a42da8d5b87292151df19 - default default] Notify callbacks ['neutron.plugins.ml2.plugin.SecurityGroupDbMixin._ensure_default_security_group_handler-630399'] for port, before_create _notify_loop /usr/lib/python3.9/site-packages/neutron_lib/callbacks/manager.py:200
2025-12-16 07:47:56.104 17 DEBUG neutron.notifiers.nova [req-32caf279-0110-4ebd-beb3-e48fb9f31f65 5a2fe1ef92d54939bf68448a35cfcb01 9e1589f6ab5a42da8d5b87292151df19 - default default] device_id is not set on port 3a56574b-fff6-498f-b45d-661df6bec59d yet. _can_notify /usr/lib/python3.9/site-packages/neutron/notifiers/nova.py:201
2025-12-16 07:47:56.111 16 DEBUG neutron.notifiers.nova [req-385050cf-d98e-4818-b6c1-bc8731f8f0fe 5a2fe1ef92d54939bf68448a35cfcb01 9e1589f6ab5a42da8d5b87292151df19 - default default] device_id is not set on port cabc0f4a-1304-40e8-b184-3c60e0e33c69 yet. _can_notify /usr/lib/python3.9/site-packages/neutron/notifiers/nova.py:201
2025-12-16 07:47:56.121 15 DEBUG neutron.notifiers.nova [req-216eacca-a4e2-45c9-9082-b4e509a780b2 5a2fe1ef92d54939bf68448a35cfcb01 9e1589f6ab5a42da8d5b87292151df19 - default default] device_id is not set on port 0d2fe07c-b704-4781-9da4-957e3bd7fd29 yet. _can_notify /usr/lib/python3.9/site-packages/neutron/notifiers/nova.py:201
2025-12-16 07:47:56.175 18 DEBUG neutron.db.db_base_plugin_common [req-aafd5b4f-3931-4fdd-9e0e-fde1b357535b 5a2fe1ef92d54939bf68448a35cfcb01 9e1589f6ab5a42da8d5b87292151df19 - default default] Allocated IP 172.21.0.146 (d507f3dc-359a-45a5-945a-d754ac1767bc/68e70344-5335-4499-9b56-dc40cad922b4/aa9430a3-139a-477c-9905-eb91082b81f0) _store_ip_allocation /usr/lib/python3.9/site-packages/neutron/db/db_base_plugin_common.py:131
2025-12-16 07:47:56.218 15 DEBUG neutron.db.db_base_plugin_common [req-216eacca-a4e2-45c9-9082-b4e509a780b2 5a2fe1ef92d54939bf68448a35cfcb01 9e1589f6ab5a42da8d5b87292151df19 - default default] Allocated IP 192.168.122.99 (9a7f23dd-e1eb-4106-8369-3f719bdeb030/24189af3-7d10-4624-9da5-be790f01bd99/0d2fe07c-b704-4781-9da4-957e3bd7fd29) _store_ip_allocation /usr/lib/python3.9/site-packages/neutron/db/db_base_plugin_common.py:131
2025-12-16 07:47:56.237 17 DEBUG neutron.db.db_base_plugin_common [req-c0c93b40-c073-4439-b583-9392015bd559 5a2fe1ef92d54939bf68448a35cfcb01 9e1589f6ab5a42da8d5b87292151df19 - default default] Allocated IP 172.17.0.213 (829c656c-bf08-4b06-a43e-a94c9b605914/1f9e8ce2-f2c7-4fc0-a187-fe6a0f01b3c5/f7dc6820-a978-4995-9599-9141375acf72) _store_ip_allocation /usr/lib/python3.9/site-packages/neutron/db/db_base_plugin_common.py:131
2025-12-16 07:47:56.238 17 DEBUG neutron.db.db_base_plugin_common [req-32caf279-0110-4ebd-beb3-e48fb9f31f65 5a2fe1ef92d54939bf68448a35cfcb01 9e1589f6ab5a42da8d5b87292151df19 - default default] Allocated IP 172.18.0.127 (9510cd16-a7a9-4150-b099-53e686ea0ebc/84a9b7f3-a439-468b-8ac2-76e6cdb7bfbf/3a56574b-fff6-498f-b45d-661df6bec59d) _store_ip_allocation /usr/lib/python3.9/site-packages/neutron/db/db_base_plugin_common.py:131
2025-12-16 07:47:56.269 16 DEBUG neutron.db.db_base_plugin_common [req-385050cf-d98e-4818-b6c1-bc8731f8f0fe 5a2fe1ef92d54939bf68448a35cfcb01 9e1589f6ab5a42da8d5b87292151df19 - default default] Allocated IP 172.20.0.231 (b5eede3c-cd7e-4911-9d09-21f9f6617aa2/5a8d9ed5-c649-4fde-b334-1712cf499664/cabc0f4a-1304-40e8-b184-3c60e0e33c69) _store_ip_allocation /usr/lib/python3.9/site-packages/neutron/db/db_base_plugin_common.py:131
2025-12-16 07:47:56.346 18 DEBUG neutron_lib.callbacks.manager [req-aafd5b4f-3931-4fdd-9e0e-fde1b357535b 5a2fe1ef92d54939bf68448a35cfcb01 9e1589f6ab5a42da8d5b87292151df19 - default default] Notify callbacks [] for allowed_address_pair, before_create _notify_loop /usr/lib/python3.9/site-packages/neutron_lib/callbacks/manager.py:200
2025-12-16 07:47:56.347 18 DEBUG neutron_lib.callbacks.manager [req-aafd5b4f-3931-4fdd-9e0e-fde1b357535b 5a2fe1ef92d54939bf68448a35cfcb01 9e1589f6ab5a42da8d5b87292151df19 - default default] Notify callbacks [] for port, precommit_create _notify_loop /usr/lib/python3.9/site-packages/neutron_lib/callbacks/manager.py:200
2025-12-16 07:47:56.388 18 DEBUG neutron_lib.callbacks.manager [req-aafd5b4f-3931-4fdd-9e0e-fde1b357535b 5a2fe1ef92d54939bf68448a35cfcb01 9e1589f6ab5a42da8d5b87292151df19 - default default] Notify callbacks ['neutron.plugins.ml2.plugin.SecurityGroupServerNotifierRpcMixin.notify_sg_on_port_change-536971', 'neutron.plugins.ml2.extensions.dns_integration._create_port_in_external_dns_service-8742009588044', 'neutron.plugins.ml2.ovo_rpc._ObjectChangeHandler.handle_event-4191482', 'neutron.api.rpc.agentnotifiers.dhcp_rpc_agent_api.DhcpAgentNotifyAPI._native_event_send_dhcp_notification-3821813', 'neutron.services.segments.plugin.NovaSegmentNotifier._notify_port_created_or_deleted-3795441'] for port, after_create _notify_loop /usr/lib/python3.9/site-packages/neutron_lib/callbacks/manager.py:200
2025-12-16 07:47:56.409 15 DEBUG neutron_lib.callbacks.manager [req-216eacca-a4e2-45c9-9082-b4e509a780b2 5a2fe1ef92d54939bf68448a35cfcb01 9e1589f6ab5a42da8d5b87292151df19 - default default] Notify callbacks [] for allowed_address_pair, before_create _notify_loop /usr/lib/python3.9/site-packages/neutron_lib/callbacks/manager.py:200
2025-12-16 07:47:56.410 15 DEBUG neutron_lib.callbacks.manager [req-216eacca-a4e2-45c9-9082-b4e509a780b2 5a2fe1ef92d54939bf68448a35cfcb01 9e1589f6ab5a42da8d5b87292151df19 - default default] Notify callbacks [] for port, precommit_create _notify_loop /usr/lib/python3.9/site-packages/neutron_lib/callbacks/manager.py:200
2025-12-16 07:47:56.420 15 DEBUG neutron.db.provisioning_blocks [req-216eacca-a4e2-45c9-9082-b4e509a780b2 5a2fe1ef92d54939bf68448a35cfcb01 9e1589f6ab5a42da8d5b87292151df19 - default default] Transition to ACTIVE for port object 0d2fe07c-b704-4781-9da4-957e3bd7fd29 will not be triggered until provisioned by entity DHCP. add_provisioning_component /usr/lib/python3.9/site-packages/neutron/db/provisioning_blocks.py:74
2025-12-16 07:47:56.430 18 DEBUG neutron.api.rpc.handlers.resources_rpc [req-aafd5b4f-3931-4fdd-9e0e-fde1b357535b 5a2fe1ef92d54939bf68448a35cfcb01 9e1589f6ab5a42da8d5b87292151df19 - - -] Pushing event updated for resources: {'Port': ['ID=aa9430a3-139a-477c-9905-eb91082b81f0,revision_number=1']} push /usr/lib/python3.9/site-packages/neutron/api/rpc/handlers/resources_rpc.py:237
2025-12-16 07:47:56.436 18 DEBUG neutron.plugins.ml2.drivers.mech_agent [req-aafd5b4f-3931-4fdd-9e0e-fde1b357535b 5a2fe1ef92d54939bf68448a35cfcb01 9e1589f6ab5a42da8d5b87292151df19 - default default] Checking segment: {'id': '8342ff4b-4cde-413a-a72b-96e44e3e905b', 'network_type': 'flat', 'physical_network': 'external_external_subnet', 'segmentation_id': None, 'network_id': 'd507f3dc-359a-45a5-945a-d754ac1767bc'} for mappings: {'ctlplane': 'br-ctlplane'} with network types: ['local', 'flat', 'vlan'] check_segment_for_agent /usr/lib/python3.9/site-packages/neutron/plugins/ml2/drivers/mech_agent.py:343
2025-12-16 07:47:56.437 18 DEBUG neutron.plugins.ml2.drivers.mech_agent [req-aafd5b4f-3931-4fdd-9e0e-fde1b357535b 5a2fe1ef92d54939bf68448a35cfcb01 9e1589f6ab5a42da8d5b87292151df19 - default default] Network d507f3dc-359a-45a5-945a-d754ac1767bc with segment 8342ff4b-4cde-413a-a72b-96e44e3e905b is connected to physical network external_external_subnet, but agent undercloud.ooo.test reported physical networks {'ctlplane': 'br-ctlplane'}. The physical network must be configured on the agent if binding is to succeed. check_segment_for_agent /usr/lib/python3.9/site-packages/neutron/plugins/ml2/drivers/mech_agent.py:365
2025-12-16 07:47:56.439 18 DEBUG neutron.scheduler.dhcp_agent_scheduler [req-aafd5b4f-3931-4fdd-9e0e-fde1b357535b 5a2fe1ef92d54939bf68448a35cfcb01 9e1589f6ab5a42da8d5b87292151df19 - default default] Network hostable DHCP agents. Network: d507f3dc-359a-45a5-945a-d754ac1767bc, hostable agents: [], hosted agents: [] _get_network_hostable_dhcp_agents /usr/lib/python3.9/site-packages/neutron/scheduler/dhcp_agent_scheduler.py:329
2025-12-16 07:47:56.440 18 DEBUG neutron.scheduler.base_scheduler [req-aafd5b4f-3931-4fdd-9e0e-fde1b357535b 5a2fe1ef92d54939bf68448a35cfcb01 9e1589f6ab5a42da8d5b87292151df19 - default default] Resources bound (agent type, host, resource id): schedule /usr/lib/python3.9/site-packages/neutron/scheduler/base_scheduler.py:57
2025-12-16 07:47:56.440 18 WARNING neutron.api.rpc.agentnotifiers.dhcp_rpc_agent_api [req-aafd5b4f-3931-4fdd-9e0e-fde1b357535b 5a2fe1ef92d54939bf68448a35cfcb01 9e1589f6ab5a42da8d5b87292151df19 - default default] Unable to schedule network d507f3dc-359a-45a5-945a-d754ac1767bc: no agents available; will retry on subsequent port and subnet creation events.
2025-12-16 07:47:56.440 18 DEBUG neutron.api.rpc.agentnotifiers.dhcp_rpc_agent_api [req-aafd5b4f-3931-4fdd-9e0e-fde1b357535b 5a2fe1ef92d54939bf68448a35cfcb01 9e1589f6ab5a42da8d5b87292151df19 - default default] Network d507f3dc-359a-45a5-945a-d754ac1767bc is not hosted by any dhcp agent _notify_agents /usr/lib/python3.9/site-packages/neutron/api/rpc/agentnotifiers/dhcp_rpc_agent_api.py:228
2025-12-16 07:47:56.450 15 DEBUG neutron_lib.callbacks.manager [req-216eacca-a4e2-45c9-9082-b4e509a780b2 5a2fe1ef92d54939bf68448a35cfcb01 9e1589f6ab5a42da8d5b87292151df19 - default default] Notify callbacks ['neutron.plugins.ml2.plugin.SecurityGroupServerNotifierRpcMixin.notify_sg_on_port_change-536971', 'neutron.plugins.ml2.extensions.dns_integration._create_port_in_external_dns_service-8742009588044', 'neutron.plugins.ml2.ovo_rpc._ObjectChangeHandler.handle_event-4191482', 'neutron.api.rpc.agentnotifiers.dhcp_rpc_agent_api.DhcpAgentNotifyAPI._native_event_send_dhcp_notification-3821813', 'neutron.services.segments.plugin.NovaSegmentNotifier._notify_port_created_or_deleted-3795441'] for port, after_create _notify_loop /usr/lib/python3.9/site-packages/neutron_lib/callbacks/manager.py:200
2025-12-16 07:47:56.468 18 DEBUG neutron.pecan_wsgi.hooks.policy_enforcement [req-aafd5b4f-3931-4fdd-9e0e-fde1b357535b 5a2fe1ef92d54939bf68448a35cfcb01 9e1589f6ab5a42da8d5b87292151df19 - default default] Attributes excluded by policy engine: ['standard_attr_id', 'network'] _exclude_attributes_by_policy /usr/lib/python3.9/site-packages/neutron/pecan_wsgi/hooks/policy_enforcement.py:259
2025-12-16 07:47:56.468 18 DEBUG neutron_lib.callbacks.manager [req-aafd5b4f-3931-4fdd-9e0e-fde1b357535b 5a2fe1ef92d54939bf68448a35cfcb01 9e1589f6ab5a42da8d5b87292151df19 - default default] Notify callbacks ['neutron.notifiers.nova.Notifier._send_nova_notification-4118911', 'neutron.api.rpc.agentnotifiers.dhcp_rpc_agent_api.DhcpAgentNotifyAPI._send_dhcp_notification-3821703'] for port, before_response _notify_loop /usr/lib/python3.9/site-packages/neutron_lib/callbacks/manager.py:200
2025-12-16 07:47:56.485 15 DEBUG neutron.scheduler.dhcp_agent_scheduler [req-216eacca-a4e2-45c9-9082-b4e509a780b2 5a2fe1ef92d54939bf68448a35cfcb01 9e1589f6ab5a42da8d5b87292151df19 - default default] Network 9a7f23dd-e1eb-4106-8369-3f719bdeb030 is already hosted by enough agents. _get_dhcp_agents_hosting_network /usr/lib/python3.9/site-packages/neutron/scheduler/dhcp_agent_scheduler.py:275
2025-12-16 07:47:56.489 15 DEBUG neutron.scheduler.base_scheduler [req-216eacca-a4e2-45c9-9082-b4e509a780b2 5a2fe1ef92d54939bf68448a35cfcb01 9e1589f6ab5a42da8d5b87292151df19 - default default] Resources bound (agent type, host, resource id): schedule /usr/lib/python3.9/site-packages/neutron/scheduler/base_scheduler.py:57
