2025-12-16 07:58:46.750 18 INFO neutron.wsgi [-] 192.168.122.100 "GET /healthcheck HTTP/1.0" status: 200 len: 137 time: 0.0014646
2025-12-16 07:58:48.753 18 DEBUG neutron.wsgi [-] (18) accepted ('192.168.122.100', 46146) server /usr/lib/python3.9/site-packages/eventlet/wsgi.py:992
2025-12-16 07:58:48.756 18 INFO neutron.wsgi [-] 192.168.122.100 "GET /healthcheck HTTP/1.0" status: 200 len: 137 time: 0.0019670
2025-12-16 07:58:50.757 18 DEBUG neutron.wsgi [-] (18) accepted ('192.168.122.100', 46162) server /usr/lib/python3.9/site-packages/eventlet/wsgi.py:992
2025-12-16 07:58:50.760 18 INFO neutron.wsgi [-] 192.168.122.100 "GET /healthcheck HTTP/1.0" status: 200 len: 137 time: 0.0025375
2025-12-16 07:58:52.761 17 DEBUG neutron.wsgi [-] (17) accepted ('192.168.122.100', 46164) server /usr/lib/python3.9/site-packages/eventlet/wsgi.py:992
2025-12-16 07:58:52.764 17 INFO neutron.wsgi [-] 192.168.122.100 "GET /healthcheck HTTP/1.0" status: 200 len: 137 time: 0.0023894
2025-12-16 07:58:54.766 17 DEBUG neutron.wsgi [-] (17) accepted ('192.168.122.100', 46180) server /usr/lib/python3.9/site-packages/eventlet/wsgi.py:992
2025-12-16 07:58:54.770 17 INFO neutron.wsgi [-] 192.168.122.100 "GET /healthcheck HTTP/1.0" status: 200 len: 137 time: 0.0027008
2025-12-16 07:58:56.771 16 DEBUG neutron.wsgi [-] (16) accepted ('192.168.122.100', 37814) server /usr/lib/python3.9/site-packages/eventlet/wsgi.py:992
2025-12-16 07:58:56.775 16 INFO neutron.wsgi [-] 192.168.122.100 "GET /healthcheck HTTP/1.0" status: 200 len: 137 time: 0.0026238
2025-12-16 07:58:58.777 16 DEBUG neutron.wsgi [-] (16) accepted ('192.168.122.100', 37828) server /usr/lib/python3.9/site-packages/eventlet/wsgi.py:992
2025-12-16 07:58:58.781 16 INFO neutron.wsgi [-] 192.168.122.100 "GET /healthcheck HTTP/1.0" status: 200 len: 137 time: 0.0026021
2025-12-16 07:59:00.783 16 DEBUG neutron.wsgi [-] (16) accepted ('192.168.122.100', 37844) server /usr/lib/python3.9/site-packages/eventlet/wsgi.py:992
2025-12-16 07:59:00.786 16 INFO neutron.wsgi [-] 192.168.122.100 "GET /healthcheck HTTP/1.0" status: 200 len: 137 time: 0.0027461
2025-12-16 07:59:02.788 16 DEBUG neutron.wsgi [-] (16) accepted ('192.168.122.100', 37856) server /usr/lib/python3.9/site-packages/eventlet/wsgi.py:992
2025-12-16 07:59:02.791 16 INFO neutron.wsgi [-] 192.168.122.100 "GET /healthcheck HTTP/1.0" status: 200 len: 137 time: 0.0025723
2025-12-16 07:59:04.793 16 DEBUG neutron.wsgi [-] (16) accepted ('192.168.122.100', 37866) server /usr/lib/python3.9/site-packages/eventlet/wsgi.py:992
2025-12-16 07:59:04.797 16 INFO neutron.wsgi [-] 192.168.122.100 "GET /healthcheck HTTP/1.0" status: 200 len: 137 time: 0.0025272
2025-12-16 07:59:06.798 16 DEBUG neutron.wsgi [-] (16) accepted ('192.168.122.100', 43248) server /usr/lib/python3.9/site-packages/eventlet/wsgi.py:992
2025-12-16 07:59:06.802 16 INFO neutron.wsgi [-] 192.168.122.100 "GET /healthcheck HTTP/1.0" status: 200 len: 137 time: 0.0028210
2025-12-16 07:59:08.585 16 DEBUG neutron.wsgi [-] (16) accepted ('192.168.122.100', 43254) server /usr/lib/python3.9/site-packages/eventlet/wsgi.py:992
2025-12-16 07:59:08.651 16 INFO neutron.pecan_wsgi.hooks.translation [req-58fef352-47df-4395-9dc2-b692c31249be 5a2fe1ef92d54939bf68448a35cfcb01 9e1589f6ab5a42da8d5b87292151df19 - default default] GET failed (client error): The resource could not be found.
2025-12-16 07:59:08.653 16 INFO neutron.wsgi [req-58fef352-47df-4395-9dc2-b692c31249be 5a2fe1ef92d54939bf68448a35cfcb01 9e1589f6ab5a42da8d5b87292151df19 - default default] 192.168.122.99,192.168.122.100 "GET /v2.0/networks/ovn_mac_addr_net HTTP/1.1" status: 404 len: 300 time: 0.0661545
2025-12-16 07:59:08.678 16 INFO neutron.wsgi [req-72e4ac22-057a-4d2a-a999-71730b2c8157 5a2fe1ef92d54939bf68448a35cfcb01 9e1589f6ab5a42da8d5b87292151df19 - default default] 192.168.122.99,192.168.122.100 "GET /v2.0/networks?name=ovn_mac_addr_net HTTP/1.1" status: 200 len: 189 time: 0.0203662
2025-12-16 07:59:08.690 16 DEBUG neutron.api.v2.base [req-fe36b45b-8f87-4176-b314-afee15ffd873 5a2fe1ef92d54939bf68448a35cfcb01 9e1589f6ab5a42da8d5b87292151df19 - default default] Request body: {'network': {'name': 'ovn_mac_addr_net', 'description': 'Network used to allocate MAC addresses for OVN chassis.'}} prepare_request_body /usr/lib/python3.9/site-packages/neutron/api/v2/base.py:729
2025-12-16 07:59:08.727 16 DEBUG neutron.pecan_wsgi.hooks.quota_enforcement [req-fe36b45b-8f87-4176-b314-afee15ffd873 5a2fe1ef92d54939bf68448a35cfcb01 9e1589f6ab5a42da8d5b87292151df19 - default default] Made reservation on behalf of 9e1589f6ab5a42da8d5b87292151df19 for: {'network': 1} before /usr/lib/python3.9/site-packages/neutron/pecan_wsgi/hooks/quota_enforcement.py:53
2025-12-16 07:59:08.729 16 DEBUG neutron_lib.callbacks.manager [req-fe36b45b-8f87-4176-b314-afee15ffd873 5a2fe1ef92d54939bf68448a35cfcb01 9e1589f6ab5a42da8d5b87292151df19 - default default] Notify callbacks ['neutron.plugins.ml2.plugin.SecurityGroupDbMixin._ensure_default_security_group_handler-630399'] for network, before_create _notify_loop /usr/lib/python3.9/site-packages/neutron_lib/callbacks/manager.py:200
2025-12-16 07:59:08.799 16 DEBUG neutron_lib.callbacks.manager [req-fe36b45b-8f87-4176-b314-afee15ffd873 5a2fe1ef92d54939bf68448a35cfcb01 9e1589f6ab5a42da8d5b87292151df19 - default default] Notify callbacks ['neutron.services.segments.db._add_segment_host_mapping_for_segment-8742009702647', 'neutron.plugins.ml2.plugin.Ml2Plugin._handle_segment_change-658862'] for segment, precommit_create _notify_loop /usr/lib/python3.9/site-packages/neutron_lib/callbacks/manager.py:200
2025-12-16 07:59:08.799 16 INFO neutron.db.segments_db [req-fe36b45b-8f87-4176-b314-afee15ffd873 5a2fe1ef92d54939bf68448a35cfcb01 9e1589f6ab5a42da8d5b87292151df19 - default default] Added segment 4cce29af-19a8-471c-a52a-e05c29f4c933 of type local for network 5cbd1e00-02d7-45a9-b017-c838f8bb798d
2025-12-16 07:59:08.804 18 DEBUG neutron.wsgi [-] (18) accepted ('192.168.122.100', 43268) server /usr/lib/python3.9/site-packages/eventlet/wsgi.py:992
2025-12-16 07:59:08.808 18 INFO neutron.wsgi [-] 192.168.122.100 "GET /healthcheck HTTP/1.0" status: 200 len: 137 time: 0.0025082
2025-12-16 07:59:08.833 16 DEBUG neutron_lib.callbacks.manager [req-fe36b45b-8f87-4176-b314-afee15ffd873 5a2fe1ef92d54939bf68448a35cfcb01 9e1589f6ab5a42da8d5b87292151df19 - default default] Notify callbacks ['neutron.services.auto_allocate.db._ensure_external_network_default_value_callback-8742009057446'] for network, precommit_create _notify_loop /usr/lib/python3.9/site-packages/neutron_lib/callbacks/manager.py:200
2025-12-16 07:59:08.864 16 DEBUG neutron_lib.callbacks.manager [req-fe36b45b-8f87-4176-b314-afee15ffd873 5a2fe1ef92d54939bf68448a35cfcb01 9e1589f6ab5a42da8d5b87292151df19 - default default] Notify callbacks ['neutron.plugins.ml2.ovo_rpc._ObjectChangeHandler.handle_event-3888387', 'neutron.api.rpc.agentnotifiers.dhcp_rpc_agent_api.DhcpAgentNotifyAPI._native_event_send_dhcp_notification-3821813'] for network, after_create _notify_loop /usr/lib/python3.9/site-packages/neutron_lib/callbacks/manager.py:200
2025-12-16 07:59:08.865 16 DEBUG neutron.pecan_wsgi.hooks.policy_enforcement [req-fe36b45b-8f87-4176-b314-afee15ffd873 5a2fe1ef92d54939bf68448a35cfcb01 9e1589f6ab5a42da8d5b87292151df19 - default default] Attributes excluded by policy engine: ['standard_attr_id', 'vlan_transparent'] _exclude_attributes_by_policy /usr/lib/python3.9/site-packages/neutron/pecan_wsgi/hooks/policy_enforcement.py:259
2025-12-16 07:59:08.866 16 DEBUG neutron_lib.callbacks.manager [req-fe36b45b-8f87-4176-b314-afee15ffd873 5a2fe1ef92d54939bf68448a35cfcb01 9e1589f6ab5a42da8d5b87292151df19 - default default] Notify callbacks ['neutron.api.rpc.agentnotifiers.dhcp_rpc_agent_api.DhcpAgentNotifyAPI._send_dhcp_notification-3821703'] for network, before_response _notify_loop /usr/lib/python3.9/site-packages/neutron_lib/callbacks/manager.py:200
2025-12-16 07:59:08.920 16 INFO neutron.wsgi [req-fe36b45b-8f87-4176-b314-afee15ffd873 5a2fe1ef92d54939bf68448a35cfcb01 9e1589f6ab5a42da8d5b87292151df19 - default default] 192.168.122.99,192.168.122.100 "POST /v2.0/networks HTTP/1.1" status: 201 len: 918 time: 0.2340019
2025-12-16 07:59:08.941 18 DEBUG neutron.wsgi [-] (18) accepted ('192.168.122.100', 43274) server /usr/lib/python3.9/site-packages/eventlet/wsgi.py:992
2025-12-16 07:59:08.943 16 DEBUG neutron.api.rpc.handlers.resources_rpc [req-fe36b45b-8f87-4176-b314-afee15ffd873 5a2fe1ef92d54939bf68448a35cfcb01 9e1589f6ab5a42da8d5b87292151df19 - - -] Pushing event updated for resources: {'Network': ['ID=5cbd1e00-02d7-45a9-b017-c838f8bb798d,revision_number=1']} push /usr/lib/python3.9/site-packages/neutron/api/rpc/handlers/resources_rpc.py:237
2025-12-16 07:59:08.944 15 DEBUG neutron.wsgi [-] (15) accepted ('192.168.122.100', 43290) server /usr/lib/python3.9/site-packages/eventlet/wsgi.py:992
2025-12-16 07:59:08.957 16 INFO neutron.wsgi [req-2c6092fc-8a1b-4bfb-a0a7-7c12ab8e9a60 5a2fe1ef92d54939bf68448a35cfcb01 9e1589f6ab5a42da8d5b87292151df19 - default default] 192.168.122.99,192.168.122.100 "GET /v2.0/ports?name=np0005561301_ovn_physnet_datacentre&network_id=5cbd1e00-02d7-45a9-b017-c838f8bb798d&tags=tripleo_stack_name%3Dovercloud HTTP/1.1" status: 200 len: 186 time: 0.0299742
2025-12-16 07:59:08.962 16 DEBUG neutron.api.rpc.callbacks.version_manager [req-fe36b45b-8f87-4176-b314-afee15ffd873 5a2fe1ef92d54939bf68448a35cfcb01 9e1589f6ab5a42da8d5b87292151df19 - - -] Version for resource type AddressGroup changed None to 1.2 on consumer Open vSwitch agent@undercloud.ooo.test _set_version /usr/lib/python3.9/site-packages/neutron/api/rpc/callbacks/version_manager.py:113
2025-12-16 07:59:08.963 16 DEBUG neutron.api.rpc.callbacks.version_manager [req-fe36b45b-8f87-4176-b314-afee15ffd873 5a2fe1ef92d54939bf68448a35cfcb01 9e1589f6ab5a42da8d5b87292151df19 - - -] Version for resource type ConntrackHelper changed None to 1.0 on consumer Open vSwitch agent@undercloud.ooo.test _set_version /usr/lib/python3.9/site-packages/neutron/api/rpc/callbacks/version_manager.py:113
2025-12-16 07:59:08.963 16 DEBUG neutron.api.rpc.callbacks.version_manager [req-fe36b45b-8f87-4176-b314-afee15ffd873 5a2fe1ef92d54939bf68448a35cfcb01 9e1589f6ab5a42da8d5b87292151df19 - - -] Version for resource type Log changed None to 1.0 on consumer Open vSwitch agent@undercloud.ooo.test _set_version /usr/lib/python3.9/site-packages/neutron/api/rpc/callbacks/version_manager.py:113
2025-12-16 07:59:08.964 16 DEBUG neutron.api.rpc.callbacks.version_manager [req-fe36b45b-8f87-4176-b314-afee15ffd873 5a2fe1ef92d54939bf68448a35cfcb01 9e1589f6ab5a42da8d5b87292151df19 - - -] Version for resource type Network changed None to 1.1 on consumer Open vSwitch agent@undercloud.ooo.test _set_version /usr/lib/python3.9/site-packages/neutron/api/rpc/callbacks/version_manager.py:113
2025-12-16 07:59:08.964 16 DEBUG neutron.api.rpc.callbacks.version_manager [req-fe36b45b-8f87-4176-b314-afee15ffd873 5a2fe1ef92d54939bf68448a35cfcb01 9e1589f6ab5a42da8d5b87292151df19 - - -] Version for resource type Port changed None to 1.7 on consumer Open vSwitch agent@undercloud.ooo.test _set_version /usr/lib/python3.9/site-packages/neutron/api/rpc/callbacks/version_manager.py:113
2025-12-16 07:59:08.965 16 DEBUG neutron.api.rpc.callbacks.version_manager [req-fe36b45b-8f87-4176-b314-afee15ffd873 5a2fe1ef92d54939bf68448a35cfcb01 9e1589f6ab5a42da8d5b87292151df19 - - -] Version for resource type PortForwarding changed None to 1.2 on consumer Open vSwitch agent@undercloud.ooo.test _set_version /usr/lib/python3.9/site-packages/neutron/api/rpc/callbacks/version_manager.py:113
2025-12-16 07:59:08.965 16 DEBUG neutron.api.rpc.callbacks.version_manager [req-fe36b45b-8f87-4176-b314-afee15ffd873 5a2fe1ef92d54939bf68448a35cfcb01 9e1589f6ab5a42da8d5b87292151df19 - - -] Version for resource type QosPolicy changed None to 1.8 on consumer Open vSwitch agent@undercloud.ooo.test _set_version /usr/lib/python3.9/site-packages/neutron/api/rpc/callbacks/version_manager.py:113
2025-12-16 07:59:08.966 16 DEBUG neutron.api.rpc.callbacks.version_manager [req-fe36b45b-8f87-4176-b314-afee15ffd873 5a2fe1ef92d54939bf68448a35cfcb01 9e1589f6ab5a42da8d5b87292151df19 - - -] Version for resource type SecurityGroup changed None to 1.5 on consumer Open vSwitch agent@undercloud.ooo.test _set_version /usr/lib/python3.9/site-packages/neutron/api/rpc/callbacks/version_manager.py:113
2025-12-16 07:59:08.966 16 DEBUG neutron.api.rpc.callbacks.version_manager [req-fe36b45b-8f87-4176-b314-afee15ffd873 5a2fe1ef92d54939bf68448a35cfcb01 9e1589f6ab5a42da8d5b87292151df19 - - -] Version for resource type SecurityGroupRule changed None to 1.2 on consumer Open vSwitch agent@undercloud.ooo.test _set_version /usr/lib/python3.9/site-packages/neutron/api/rpc/callbacks/version_manager.py:113
2025-12-16 07:59:08.966 16 DEBUG neutron.api.rpc.callbacks.version_manager [req-fe36b45b-8f87-4176-b314-afee15ffd873 5a2fe1ef92d54939bf68448a35cfcb01 9e1589f6ab5a42da8d5b87292151df19 - - -] Version for resource type SubPort changed None to 1.0 on consumer Open vSwitch agent@undercloud.ooo.test _set_version /usr/lib/python3.9/site-packages/neutron/api/rpc/callbacks/version_manager.py:113
2025-12-16 07:59:08.966 16 DEBUG neutron.api.rpc.callbacks.version_manager [req-fe36b45b-8f87-4176-b314-afee15ffd873 5a2fe1ef92d54939bf68448a35cfcb01 9e1589f6ab5a42da8d5b87292151df19 - - -] Version for resource type Subnet changed None to 1.1 on consumer Open vSwitch agent@undercloud.ooo.test _set_version /usr/lib/python3.9/site-packages/neutron/api/rpc/callbacks/version_manager.py:113
2025-12-16 07:59:08.967 16 DEBUG neutron.api.rpc.callbacks.version_manager [req-fe36b45b-8f87-4176-b314-afee15ffd873 5a2fe1ef92d54939bf68448a35cfcb01 9e1589f6ab5a42da8d5b87292151df19 - - -] Version for resource type Trunk changed None to 1.1 on consumer Open vSwitch agent@undercloud.ooo.test _set_version /usr/lib/python3.9/site-packages/neutron/api/rpc/callbacks/version_manager.py:113
2025-12-16 07:59:08.971 15 INFO neutron.wsgi [req-1214dcdc-0407-4107-b297-cfc5de799ac1 5a2fe1ef92d54939bf68448a35cfcb01 9e1589f6ab5a42da8d5b87292151df19 - default default] 192.168.122.99,192.168.122.100 "GET /v2.0/ports?name=np0005561303_ovn_physnet_datacentre&network_id=5cbd1e00-02d7-45a9-b017-c838f8bb798d&tags=tripleo_stack_name%3Dovercloud HTTP/1.1" status: 200 len: 186 time: 0.0253077
2025-12-16 07:59:08.978 21 DEBUG neutron.plugins.ml2.rpc [req-e9b4c7b2-9e17-4f4b-aed9-eefee0e2d8e1 - - - - -] Network 5cbd1e00-02d7-45a9-b017-c838f8bb798d details requested by agent ovs-agent-undercloud.ooo.test with host undercloud.ooo.test get_network_details /usr/lib/python3.9/site-packages/neutron/plugins/ml2/rpc.py:232
2025-12-16 07:59:08.978 15 DEBUG neutron.api.v2.base [req-84bf3e2e-b8f4-4063-a3ee-9804cdefc388 5a2fe1ef92d54939bf68448a35cfcb01 9e1589f6ab5a42da8d5b87292151df19 - default default] Request body: {'port': {'name': 'np0005561303_ovn_physnet_datacentre', 'network_id': '5cbd1e00-02d7-45a9-b017-c838f8bb798d', 'dns_name': 'np0005561303'}} prepare_request_body /usr/lib/python3.9/site-packages/neutron/api/v2/base.py:729
2025-12-16 07:59:08.981 16 DEBUG neutron.api.v2.base [req-5d27f2a4-449d-4fd4-b08a-5ceb49e79c9b 5a2fe1ef92d54939bf68448a35cfcb01 9e1589f6ab5a42da8d5b87292151df19 - default default] Request body: {'port': {'name': 'np0005561301_ovn_physnet_datacentre', 'network_id': '5cbd1e00-02d7-45a9-b017-c838f8bb798d', 'dns_name': 'np0005561301'}} prepare_request_body /usr/lib/python3.9/site-packages/neutron/api/v2/base.py:729
2025-12-16 07:59:08.987 15 DEBUG neutron.pecan_wsgi.hooks.quota_enforcement [req-84bf3e2e-b8f4-4063-a3ee-9804cdefc388 5a2fe1ef92d54939bf68448a35cfcb01 9e1589f6ab5a42da8d5b87292151df19 - default default] Made reservation on behalf of 9e1589f6ab5a42da8d5b87292151df19 for: {'port': 1} before /usr/lib/python3.9/site-packages/neutron/pecan_wsgi/hooks/quota_enforcement.py:53
2025-12-16 07:59:08.988 15 DEBUG neutron_lib.callbacks.manager [req-84bf3e2e-b8f4-4063-a3ee-9804cdefc388 5a2fe1ef92d54939bf68448a35cfcb01 9e1589f6ab5a42da8d5b87292151df19 - default default] Notify callbacks ['neutron.plugins.ml2.plugin.SecurityGroupDbMixin._ensure_default_security_group_handler-630399'] for port, before_create _notify_loop /usr/lib/python3.9/site-packages/neutron_lib/callbacks/manager.py:200
2025-12-16 07:59:08.994 16 DEBUG neutron.pecan_wsgi.hooks.quota_enforcement [req-5d27f2a4-449d-4fd4-b08a-5ceb49e79c9b 5a2fe1ef92d54939bf68448a35cfcb01 9e1589f6ab5a42da8d5b87292151df19 - default default] Made reservation on behalf of 9e1589f6ab5a42da8d5b87292151df19 for: {'port': 1} before /usr/lib/python3.9/site-packages/neutron/pecan_wsgi/hooks/quota_enforcement.py:53
2025-12-16 07:59:08.994 18 INFO neutron.wsgi [req-78dfbc76-23f8-4185-ab2d-c0c4ef65b3cb 5a2fe1ef92d54939bf68448a35cfcb01 9e1589f6ab5a42da8d5b87292151df19 - default default] 192.168.122.99,192.168.122.100 "GET /v2.0/ports?name=np0005561302_ovn_physnet_datacentre&network_id=5cbd1e00-02d7-45a9-b017-c838f8bb798d&tags=tripleo_stack_name%3Dovercloud HTTP/1.1" status: 200 len: 186 time: 0.0485318
2025-12-16 07:59:08.996 16 DEBUG neutron_lib.callbacks.manager [req-5d27f2a4-449d-4fd4-b08a-5ceb49e79c9b 5a2fe1ef92d54939bf68448a35cfcb01 9e1589f6ab5a42da8d5b87292151df19 - default default] Notify callbacks ['neutron.plugins.ml2.plugin.SecurityGroupDbMixin._ensure_default_security_group_handler-630399'] for port, before_create _notify_loop /usr/lib/python3.9/site-packages/neutron_lib/callbacks/manager.py:200
2025-12-16 07:59:09.004 18 DEBUG neutron.api.v2.base [req-a48655cd-e8bc-48ee-bd84-d6123444e8a0 5a2fe1ef92d54939bf68448a35cfcb01 9e1589f6ab5a42da8d5b87292151df19 - default default] Request body: {'port': {'name': 'np0005561302_ovn_physnet_datacentre', 'network_id': '5cbd1e00-02d7-45a9-b017-c838f8bb798d', 'dns_name': 'np0005561302'}} prepare_request_body /usr/lib/python3.9/site-packages/neutron/api/v2/base.py:729
2025-12-16 07:59:09.006 15 DEBUG neutron.notifiers.nova [req-84bf3e2e-b8f4-4063-a3ee-9804cdefc388 5a2fe1ef92d54939bf68448a35cfcb01 9e1589f6ab5a42da8d5b87292151df19 - default default] device_id is not set on port 9c833023-2fae-442e-8eea-b0d9f9de4dee yet. _can_notify /usr/lib/python3.9/site-packages/neutron/notifiers/nova.py:201
2025-12-16 07:59:09.020 18 DEBUG neutron.pecan_wsgi.hooks.quota_enforcement [req-a48655cd-e8bc-48ee-bd84-d6123444e8a0 5a2fe1ef92d54939bf68448a35cfcb01 9e1589f6ab5a42da8d5b87292151df19 - default default] Made reservation on behalf of 9e1589f6ab5a42da8d5b87292151df19 for: {'port': 1} before /usr/lib/python3.9/site-packages/neutron/pecan_wsgi/hooks/quota_enforcement.py:53
2025-12-16 07:59:09.022 16 DEBUG neutron.notifiers.nova [req-5d27f2a4-449d-4fd4-b08a-5ceb49e79c9b 5a2fe1ef92d54939bf68448a35cfcb01 9e1589f6ab5a42da8d5b87292151df19 - default default] device_id is not set on port ea394cd7-a852-4cf4-a1ab-3b6f715bad14 yet. _can_notify /usr/lib/python3.9/site-packages/neutron/notifiers/nova.py:201
2025-12-16 07:59:09.025 18 DEBUG neutron_lib.callbacks.manager [req-a48655cd-e8bc-48ee-bd84-d6123444e8a0 5a2fe1ef92d54939bf68448a35cfcb01 9e1589f6ab5a42da8d5b87292151df19 - default default] Notify callbacks ['neutron.plugins.ml2.plugin.SecurityGroupDbMixin._ensure_default_security_group_handler-630399'] for port, before_create _notify_loop /usr/lib/python3.9/site-packages/neutron_lib/callbacks/manager.py:200
2025-12-16 07:59:09.055 18 DEBUG neutron.notifiers.nova [req-a48655cd-e8bc-48ee-bd84-d6123444e8a0 5a2fe1ef92d54939bf68448a35cfcb01 9e1589f6ab5a42da8d5b87292151df19 - default default] device_id is not set on port def8b36c-90d2-49a0-984e-0a9fc5f7559b yet. _can_notify /usr/lib/python3.9/site-packages/neutron/notifiers/nova.py:201
2025-12-16 07:59:09.161 15 DEBUG neutron_lib.callbacks.manager [req-84bf3e2e-b8f4-4063-a3ee-9804cdefc388 5a2fe1ef92d54939bf68448a35cfcb01 9e1589f6ab5a42da8d5b87292151df19 - default default] Notify callbacks [] for allowed_address_pair, before_create _notify_loop /usr/lib/python3.9/site-packages/neutron_lib/callbacks/manager.py:200
2025-12-16 07:59:09.162 15 DEBUG neutron_lib.callbacks.manager [req-84bf3e2e-b8f4-4063-a3ee-9804cdefc388 5a2fe1ef92d54939bf68448a35cfcb01 9e1589f6ab5a42da8d5b87292151df19 - default default] Notify callbacks [] for port, precommit_create _notify_loop /usr/lib/python3.9/site-packages/neutron_lib/callbacks/manager.py:200
2025-12-16 07:59:09.190 16 DEBUG neutron_lib.callbacks.manager [req-5d27f2a4-449d-4fd4-b08a-5ceb49e79c9b 5a2fe1ef92d54939bf68448a35cfcb01 9e1589f6ab5a42da8d5b87292151df19 - default default] Notify callbacks [] for allowed_address_pair, before_create _notify_loop /usr/lib/python3.9/site-packages/neutron_lib/callbacks/manager.py:200
2025-12-16 07:59:09.191 16 DEBUG neutron_lib.callbacks.manager [req-5d27f2a4-449d-4fd4-b08a-5ceb49e79c9b 5a2fe1ef92d54939bf68448a35cfcb01 9e1589f6ab5a42da8d5b87292151df19 - default default] Notify callbacks [] for port, precommit_create _notify_loop /usr/lib/python3.9/site-packages/neutron_lib/callbacks/manager.py:200
2025-12-16 07:59:09.201 15 DEBUG neutron_lib.callbacks.manager [req-84bf3e2e-b8f4-4063-a3ee-9804cdefc388 5a2fe1ef92d54939bf68448a35cfcb01 9e1589f6ab5a42da8d5b87292151df19 - default default] Notify callbacks ['neutron.plugins.ml2.plugin.SecurityGroupServerNotifierRpcMixin.notify_sg_on_port_change-536971', 'neutron.plugins.ml2.extensions.dns_integration._create_port_in_external_dns_service-8742009588044', 'neutron.plugins.ml2.ovo_rpc._ObjectChangeHandler.handle_event-4191482', 'neutron.api.rpc.agentnotifiers.dhcp_rpc_agent_api.DhcpAgentNotifyAPI._native_event_send_dhcp_notification-3821813', 'neutron.services.segments.plugin.NovaSegmentNotifier._notify_port_created_or_deleted-3795441'] for port, after_create _notify_loop /usr/lib/python3.9/site-packages/neutron_lib/callbacks/manager.py:200
2025-12-16 07:59:09.208 16 DEBUG neutron_lib.callbacks.manager [req-5d27f2a4-449d-4fd4-b08a-5ceb49e79c9b 5a2fe1ef92d54939bf68448a35cfcb01 9e1589f6ab5a42da8d5b87292151df19 - default default] Notify callbacks ['neutron.plugins.ml2.plugin.SecurityGroupServerNotifierRpcMixin.notify_sg_on_port_change-536971', 'neutron.plugins.ml2.extensions.dns_integration._create_port_in_external_dns_service-8742009588044', 'neutron.plugins.ml2.ovo_rpc._ObjectChangeHandler.handle_event-4191482', 'neutron.api.rpc.agentnotifiers.dhcp_rpc_agent_api.DhcpAgentNotifyAPI._native_event_send_dhcp_notification-3821813', 'neutron.services.segments.plugin.NovaSegmentNotifier._notify_port_created_or_deleted-3795441'] for port, after_create _notify_loop /usr/lib/python3.9/site-packages/neutron_lib/callbacks/manager.py:200
2025-12-16 07:59:09.244 15 DEBUG neutron.api.rpc.handlers.resources_rpc [req-84bf3e2e-b8f4-4063-a3ee-9804cdefc388 5a2fe1ef92d54939bf68448a35cfcb01 9e1589f6ab5a42da8d5b87292151df19 - - -] Pushing event updated for resources: {'Port': ['ID=9c833023-2fae-442e-8eea-b0d9f9de4dee,revision_number=1']} push /usr/lib/python3.9/site-packages/neutron/api/rpc/handlers/resources_rpc.py:237
2025-12-16 07:59:09.249 15 DEBUG neutron.api.rpc.callbacks.version_manager [req-84bf3e2e-b8f4-4063-a3ee-9804cdefc388 5a2fe1ef92d54939bf68448a35cfcb01 9e1589f6ab5a42da8d5b87292151df19 - - -] Version for resource type AddressGroup changed None to 1.2 on consumer Open vSwitch agent@undercloud.ooo.test _set_version /usr/lib/python3.9/site-packages/neutron/api/rpc/callbacks/version_manager.py:113
2025-12-16 07:59:09.249 15 DEBUG neutron.api.rpc.callbacks.version_manager [req-84bf3e2e-b8f4-4063-a3ee-9804cdefc388 5a2fe1ef92d54939bf68448a35cfcb01 9e1589f6ab5a42da8d5b87292151df19 - - -] Version for resource type ConntrackHelper changed None to 1.0 on consumer Open vSwitch agent@undercloud.ooo.test _set_version /usr/lib/python3.9/site-packages/neutron/api/rpc/callbacks/version_manager.py:113
2025-12-16 07:59:09.249 15 DEBUG neutron.api.rpc.callbacks.version_manager [req-84bf3e2e-b8f4-4063-a3ee-9804cdefc388 5a2fe1ef92d54939bf68448a35cfcb01 9e1589f6ab5a42da8d5b87292151df19 - - -] Version for resource type Log changed None to 1.0 on consumer Open vSwitch agent@undercloud.ooo.test _set_version /usr/lib/python3.9/site-packages/neutron/api/rpc/callbacks/version_manager.py:113
2025-12-16 07:59:09.250 15 DEBUG neutron.api.rpc.callbacks.version_manager [req-84bf3e2e-b8f4-4063-a3ee-9804cdefc388 5a2fe1ef92d54939bf68448a35cfcb01 9e1589f6ab5a42da8d5b87292151df19 - - -] Version for resource type Network changed None to 1.1 on consumer Open vSwitch agent@undercloud.ooo.test _set_version /usr/lib/python3.9/site-packages/neutron/api/rpc/callbacks/version_manager.py:113
2025-12-16 07:59:09.250 15 DEBUG neutron.api.rpc.callbacks.version_manager [req-84bf3e2e-b8f4-4063-a3ee-9804cdefc388 5a2fe1ef92d54939bf68448a35cfcb01 9e1589f6ab5a42da8d5b87292151df19 - - -] Version for resource type Port changed None to 1.7 on consumer Open vSwitch agent@undercloud.ooo.test _set_version /usr/lib/python3.9/site-packages/neutron/api/rpc/callbacks/version_manager.py:113
2025-12-16 07:59:09.250 15 DEBUG neutron.api.rpc.callbacks.version_manager [req-84bf3e2e-b8f4-4063-a3ee-9804cdefc388 5a2fe1ef92d54939bf68448a35cfcb01 9e1589f6ab5a42da8d5b87292151df19 - - -] Version for resource type PortForwarding changed None to 1.2 on consumer Open vSwitch agent@undercloud.ooo.test _set_version /usr/lib/python3.9/site-packages/neutron/api/rpc/callbacks/version_manager.py:113
2025-12-16 07:59:09.250 15 DEBUG neutron.api.rpc.callbacks.version_manager [req-84bf3e2e-b8f4-4063-a3ee-9804cdefc388 5a2fe1ef92d54939bf68448a35cfcb01 9e1589f6ab5a42da8d5b87292151df19 - - -] Version for resource type QosPolicy changed None to 1.8 on consumer Open vSwitch agent@undercloud.ooo.test _set_version /usr/lib/python3.9/site-packages/neutron/api/rpc/callbacks/version_manager.py:113
2025-12-16 07:59:09.250 15 DEBUG neutron.api.rpc.callbacks.version_manager [req-84bf3e2e-b8f4-4063-a3ee-9804cdefc388 5a2fe1ef92d54939bf68448a35cfcb01 9e1589f6ab5a42da8d5b87292151df19 - - -] Version for resource type SecurityGroup changed None to 1.5 on consumer Open vSwitch agent@undercloud.ooo.test _set_version /usr/lib/python3.9/site-packages/neutron/api/rpc/callbacks/version_manager.py:113
2025-12-16 07:59:09.250 15 DEBUG neutron.api.rpc.callbacks.version_manager [req-84bf3e2e-b8f4-4063-a3ee-9804cdefc388 5a2fe1ef92d54939bf68448a35cfcb01 9e1589f6ab5a42da8d5b87292151df19 - - -] Version for resource type SecurityGroupRule changed None to 1.2 on consumer Open vSwitch agent@undercloud.ooo.test _set_version /usr/lib/python3.9/site-packages/neutron/api/rpc/callbacks/version_manager.py:113
2025-12-16 07:59:09.250 16 DEBUG neutron.api.rpc.handlers.resources_rpc [req-5d27f2a4-449d-4fd4-b08a-5ceb49e79c9b 5a2fe1ef92d54939bf68448a35cfcb01 9e1589f6ab5a42da8d5b87292151df19 - - -] Pushing event updated for resources: {'Port': ['ID=ea394cd7-a852-4cf4-a1ab-3b6f715bad14,revision_number=1']} push /usr/lib/python3.9/site-packages/neutron/api/rpc/handlers/resources_rpc.py:237
2025-12-16 07:59:09.250 15 DEBUG neutron.api.rpc.callbacks.version_manager [req-84bf3e2e-b8f4-4063-a3ee-9804cdefc388 5a2fe1ef92d54939bf68448a35cfcb01 9e1589f6ab5a42da8d5b87292151df19 - - -] Version for resource type SubPort changed None to 1.0 on consumer Open vSwitch agent@undercloud.ooo.test _set_version /usr/lib/python3.9/site-packages/neutron/api/rpc/callbacks/version_manager.py:113
2025-12-16 07:59:09.250 15 DEBUG neutron.api.rpc.callbacks.version_manager [req-84bf3e2e-b8f4-4063-a3ee-9804cdefc388 5a2fe1ef92d54939bf68448a35cfcb01 9e1589f6ab5a42da8d5b87292151df19 - - -] Version for resource type Subnet changed None to 1.1 on consumer Open vSwitch agent@undercloud.ooo.test _set_version /usr/lib/python3.9/site-packages/neutron/api/rpc/callbacks/version_manager.py:113
2025-12-16 07:59:09.251 15 DEBUG neutron.api.rpc.callbacks.version_manager [req-84bf3e2e-b8f4-4063-a3ee-9804cdefc388 5a2fe1ef92d54939bf68448a35cfcb01 9e1589f6ab5a42da8d5b87292151df19 - - -] Version for resource type Trunk changed None to 1.1 on consumer Open vSwitch agent@undercloud.ooo.test _set_version /usr/lib/python3.9/site-packages/neutron/api/rpc/callbacks/version_manager.py:113
2025-12-16 07:59:09.254 15 DEBUG neutron.plugins.ml2.drivers.mech_agent [req-84bf3e2e-b8f4-4063-a3ee-9804cdefc388 5a2fe1ef92d54939bf68448a35cfcb01 9e1589f6ab5a42da8d5b87292151df19 - default default] Checking segment: {'id': '4cce29af-19a8-471c-a52a-e05c29f4c933', 'network_type': 'local', 'physical_network': None, 'segmentation_id': None, 'network_id': '5cbd1e00-02d7-45a9-b017-c838f8bb798d'} for mappings: {'ctlplane': 'br-ctlplane'} with network types: ['local', 'flat', 'vlan'] check_segment_for_agent /usr/lib/python3.9/site-packages/neutron/plugins/ml2/drivers/mech_agent.py:343
2025-12-16 07:59:09.254 15 DEBUG neutron.scheduler.dhcp_agent_scheduler [req-84bf3e2e-b8f4-4063-a3ee-9804cdefc388 5a2fe1ef92d54939bf68448a35cfcb01 9e1589f6ab5a42da8d5b87292151df19 - default default] Network hostable DHCP agents. Network: 5cbd1e00-02d7-45a9-b017-c838f8bb798d, hostable agents: ['830e02b3-f7d2-4047-9ed4-6fbd1df9dedc'], hosted agents: [] _get_network_hostable_dhcp_agents /usr/lib/python3.9/site-packages/neutron/scheduler/dhcp_agent_scheduler.py:329
2025-12-16 07:59:09.267 15 DEBUG neutron.scheduler.dhcp_agent_scheduler [req-84bf3e2e-b8f4-4063-a3ee-9804cdefc388 5a2fe1ef92d54939bf68448a35cfcb01 9e1589f6ab5a42da8d5b87292151df19 - default default] Network 5cbd1e00-02d7-45a9-b017-c838f8bb798d is scheduled to be hosted by DHCP agent 830e02b3-f7d2-4047-9ed4-6fbd1df9dedc with binding_index 1 bind /usr/lib/python3.9/site-packages/neutron/scheduler/dhcp_agent_scheduler.py:227
2025-12-16 07:59:09.268 16 DEBUG neutron.plugins.ml2.drivers.mech_agent [req-5d27f2a4-449d-4fd4-b08a-5ceb49e79c9b 5a2fe1ef92d54939bf68448a35cfcb01 9e1589f6ab5a42da8d5b87292151df19 - default default] Checking segment: {'id': '4cce29af-19a8-471c-a52a-e05c29f4c933', 'network_type': 'local', 'physical_network': None, 'segmentation_id': None, 'network_id': '5cbd1e00-02d7-45a9-b017-c838f8bb798d'} for mappings: {'ctlplane': 'br-ctlplane'} with network types: ['local', 'flat', 'vlan'] check_segment_for_agent /usr/lib/python3.9/site-packages/neutron/plugins/ml2/drivers/mech_agent.py:343
2025-12-16 07:59:09.268 16 DEBUG neutron.scheduler.dhcp_agent_scheduler [req-5d27f2a4-449d-4fd4-b08a-5ceb49e79c9b 5a2fe1ef92d54939bf68448a35cfcb01 9e1589f6ab5a42da8d5b87292151df19 - default default] Network hostable DHCP agents. Network: 5cbd1e00-02d7-45a9-b017-c838f8bb798d, hostable agents: ['830e02b3-f7d2-4047-9ed4-6fbd1df9dedc'], hosted agents: [] _get_network_hostable_dhcp_agents /usr/lib/python3.9/site-packages/neutron/scheduler/dhcp_agent_scheduler.py:329
2025-12-16 07:59:09.272 15 DEBUG neutron.scheduler.base_scheduler [req-84bf3e2e-b8f4-4063-a3ee-9804cdefc388 5a2fe1ef92d54939bf68448a35cfcb01 9e1589f6ab5a42da8d5b87292151df19 - default default] Resources bound (agent type, host, resource id): (DHCP agent, undercloud.ooo.test, 5cbd1e00-02d7-45a9-b017-c838f8bb798d) schedule /usr/lib/python3.9/site-packages/neutron/scheduler/base_scheduler.py:57
2025-12-16 07:59:09.276 15 DEBUG neutron.pecan_wsgi.hooks.policy_enforcement [req-84bf3e2e-b8f4-4063-a3ee-9804cdefc388 5a2fe1ef92d54939bf68448a35cfcb01 9e1589f6ab5a42da8d5b87292151df19 - default default] Attributes excluded by policy engine: ['standard_attr_id', 'network'] _exclude_attributes_by_policy /usr/lib/python3.9/site-packages/neutron/pecan_wsgi/hooks/policy_enforcement.py:259
2025-12-16 07:59:09.276 15 DEBUG neutron_lib.callbacks.manager [req-84bf3e2e-b8f4-4063-a3ee-9804cdefc388 5a2fe1ef92d54939bf68448a35cfcb01 9e1589f6ab5a42da8d5b87292151df19 - default default] Notify callbacks ['neutron.notifiers.nova.Notifier._send_nova_notification-4118911', 'neutron.api.rpc.agentnotifiers.dhcp_rpc_agent_api.DhcpAgentNotifyAPI._send_dhcp_notification-3821703'] for port, before_response _notify_loop /usr/lib/python3.9/site-packages/neutron_lib/callbacks/manager.py:200
2025-12-16 07:59:09.278 20 DEBUG neutron.api.rpc.handlers.dhcp_rpc [req-3b0b9bec-5f0a-443e-85ad-3f432e245846 - - - - -] Network 5cbd1e00-02d7-45a9-b017-c838f8bb798d requested from undercloud.ooo.test get_network_info /usr/lib/python3.9/site-packages/neutron/api/rpc/handlers/dhcp_rpc.py:213
2025-12-16 07:59:09.285 15 INFO neutron.wsgi [req-84bf3e2e-b8f4-4063-a3ee-9804cdefc388 5a2fe1ef92d54939bf68448a35cfcb01 9e1589f6ab5a42da8d5b87292151df19 - default default] 192.168.122.99,192.168.122.100 "POST /v2.0/ports HTTP/1.1" status: 201 len: 1016 time: 0.3090532
2025-12-16 07:59:09.289 18 DEBUG neutron_lib.callbacks.manager [req-a48655cd-e8bc-48ee-bd84-d6123444e8a0 5a2fe1ef92d54939bf68448a35cfcb01 9e1589f6ab5a42da8d5b87292151df19 - default default] Notify callbacks [] for allowed_address_pair, before_create _notify_loop /usr/lib/python3.9/site-packages/neutron_lib/callbacks/manager.py:200
2025-12-16 07:59:09.290 18 DEBUG neutron_lib.callbacks.manager [req-a48655cd-e8bc-48ee-bd84-d6123444e8a0 5a2fe1ef92d54939bf68448a35cfcb01 9e1589f6ab5a42da8d5b87292151df19 - default default] Notify callbacks [] for port, precommit_create _notify_loop /usr/lib/python3.9/site-packages/neutron_lib/callbacks/manager.py:200
2025-12-16 07:59:09.291 16 DEBUG neutron.scheduler.dhcp_agent_scheduler [req-5d27f2a4-449d-4fd4-b08a-5ceb49e79c9b 5a2fe1ef92d54939bf68448a35cfcb01 9e1589f6ab5a42da8d5b87292151df19 - default default] Unable to find a vacant binding_index for network 5cbd1e00-02d7-45a9-b017-c838f8bb798d and agent 830e02b3-f7d2-4047-9ed4-6fbd1df9dedc bind /usr/lib/python3.9/site-packages/neutron/scheduler/dhcp_agent_scheduler.py:209
2025-12-16 07:59:09.293 15 DEBUG neutron.services.tag.tag_plugin [req-e695ccd3-365b-4c12-a31f-a7f06814d851 5a2fe1ef92d54939bf68448a35cfcb01 9e1589f6ab5a42da8d5b87292151df19 - default default] neutron.services.tag.tag_plugin.TagPlugin method update_tags called with arguments (, 'ports', '9c833023-2fae-442e-8eea-b0d9f9de4dee', {'tags': ['tripleo_stack_name=overcloud', 'tripleo_ovn_physnet=datacentre']}) {} wrapper /usr/lib/python3.9/site-packages/oslo_log/helpers.py:65
2025-12-16 07:59:09.295 16 DEBUG neutron.scheduler.base_scheduler [req-5d27f2a4-449d-4fd4-b08a-5ceb49e79c9b 5a2fe1ef92d54939bf68448a35cfcb01 9e1589f6ab5a42da8d5b87292151df19 - default default] Resources bound (agent type, host, resource id): (DHCP agent, undercloud.ooo.test, 5cbd1e00-02d7-45a9-b017-c838f8bb798d) schedule /usr/lib/python3.9/site-packages/neutron/scheduler/base_scheduler.py:57
2025-12-16 07:59:09.297 16 DEBUG neutron.pecan_wsgi.hooks.policy_enforcement [req-5d27f2a4-449d-4fd4-b08a-5ceb49e79c9b 5a2fe1ef92d54939bf68448a35cfcb01 9e1589f6ab5a42da8d5b87292151df19 - default default] Attributes excluded by policy engine: ['standard_attr_id', 'network'] _exclude_attributes_by_policy /usr/lib/python3.9/site-packages/neutron/pecan_wsgi/hooks/policy_enforcement.py:259
2025-12-16 07:59:09.298 16 DEBUG neutron_lib.callbacks.manager [req-5d27f2a4-449d-4fd4-b08a-5ceb49e79c9b 5a2fe1ef92d54939bf68448a35cfcb01 9e1589f6ab5a42da8d5b87292151df19 - default default] Notify callbacks ['neutron.notifiers.nova.Notifier._send_nova_notification-4118911', 'neutron.api.rpc.agentnotifiers.dhcp_rpc_agent_api.DhcpAgentNotifyAPI._send_dhcp_notification-3821703'] for port, before_response _notify_loop /usr/lib/python3.9/site-packages/neutron_lib/callbacks/manager.py:200
2025-12-16 07:59:09.306 16 INFO neutron.wsgi [req-5d27f2a4-449d-4fd4-b08a-5ceb49e79c9b 5a2fe1ef92d54939bf68448a35cfcb01 9e1589f6ab5a42da8d5b87292151df19 - default default] 192.168.122.99,192.168.122.100 "POST /v2.0/ports HTTP/1.1" status: 201 len: 1016 time: 0.3364186
2025-12-16 07:59:09.312 18 DEBUG neutron_lib.callbacks.manager [req-a48655cd-e8bc-48ee-bd84-d6123444e8a0 5a2fe1ef92d54939bf68448a35cfcb01 9e1589f6ab5a42da8d5b87292151df19 - default default] Notify callbacks ['neutron.plugins.ml2.plugin.SecurityGroupServerNotifierRpcMixin.notify_sg_on_port_change-536971', 'neutron.plugins.ml2.extensions.dns_integration._create_port_in_external_dns_service-8742009588044', 'neutron.plugins.ml2.ovo_rpc._ObjectChangeHandler.handle_event-4191482', 'neutron.api.rpc.agentnotifiers.dhcp_rpc_agent_api.DhcpAgentNotifyAPI._native_event_send_dhcp_notification-3821813', 'neutron.services.segments.plugin.NovaSegmentNotifier._notify_port_created_or_deleted-3795441'] for port, after_create _notify_loop /usr/lib/python3.9/site-packages/neutron_lib/callbacks/manager.py:200
2025-12-16 07:59:09.315 16 DEBUG neutron.services.tag.tag_plugin [req-df6ff46d-a7c1-44df-a121-fdab69ff07e5 5a2fe1ef92d54939bf68448a35cfcb01 9e1589f6ab5a42da8d5b87292151df19 - default default] neutron.services.tag.tag_plugin.TagPlugin method update_tags called with arguments (, 'ports', 'ea394cd7-a852-4cf4-a1ab-3b6f715bad14', {'tags': ['tripleo_stack_name=overcloud', 'tripleo_ovn_physnet=datacentre']}) {} wrapper /usr/lib/python3.9/site-packages/oslo_log/helpers.py:65
2025-12-16 07:59:09.322 15 INFO neutron.wsgi [req-e695ccd3-365b-4c12-a31f-a7f06814d851 5a2fe1ef92d54939bf68448a35cfcb01 9e1589f6ab5a42da8d5b87292151df19 - default default] 192.168.122.99,192.168.122.100 "PUT /v2.0/ports/9c833023-2fae-442e-8eea-b0d9f9de4dee/tags HTTP/1.1" status: 200 len: 250 time: 0.0309126
2025-12-16 07:59:09.369 16 INFO neutron.wsgi [req-df6ff46d-a7c1-44df-a121-fdab69ff07e5 5a2fe1ef92d54939bf68448a35cfcb01 9e1589f6ab5a42da8d5b87292151df19 - default default] 192.168.122.99,192.168.122.100 "PUT /v2.0/ports/ea394cd7-a852-4cf4-a1ab-3b6f715bad14/tags HTTP/1.1" status: 200 len: 250 time: 0.0585914
2025-12-16 07:59:09.379 18 DEBUG neutron.scheduler.dhcp_agent_scheduler [req-a48655cd-e8bc-48ee-bd84-d6123444e8a0 5a2fe1ef92d54939bf68448a35cfcb01 9e1589f6ab5a42da8d5b87292151df19 - default default] Network 5cbd1e00-02d7-45a9-b017-c838f8bb798d is already hosted by enough agents. _get_dhcp_agents_hosting_network /usr/lib/python3.9/site-packages/neutron/scheduler/dhcp_agent_scheduler.py:275
2025-12-16 07:59:09.388 18 DEBUG neutron.scheduler.base_scheduler [req-a48655cd-e8bc-48ee-bd84-d6123444e8a0 5a2fe1ef92d54939bf68448a35cfcb01 9e1589f6ab5a42da8d5b87292151df19 - default default] Resources bound (agent type, host, resource id): schedule /usr/lib/python3.9/site-packages/neutron/scheduler/base_scheduler.py:57
2025-12-16 07:59:09.393 18 DEBUG neutron.api.rpc.handlers.resources_rpc [req-a48655cd-e8bc-48ee-bd84-d6123444e8a0 5a2fe1ef92d54939bf68448a35cfcb01 9e1589f6ab5a42da8d5b87292151df19 - - -] Pushing event updated for resources: {'Port': ['ID=def8b36c-90d2-49a0-984e-0a9fc5f7559b,revision_number=1']} push /usr/lib/python3.9/site-packages/neutron/api/rpc/handlers/resources_rpc.py:237
2025-12-16 07:59:09.398 18 DEBUG neutron.api.rpc.callbacks.version_manager [req-a48655cd-e8bc-48ee-bd84-d6123444e8a0 5a2fe1ef92d54939bf68448a35cfcb01 9e1589f6ab5a42da8d5b87292151df19 - - -] Version for resource type AddressGroup changed None to 1.2 on consumer Open vSwitch agent@undercloud.ooo.test _set_version /usr/lib/python3.9/site-packages/neutron/api/rpc/callbacks/version_manager.py:113
2025-12-16 07:59:09.398 18 DEBUG neutron.api.rpc.callbacks.version_manager [req-a48655cd-e8bc-48ee-bd84-d6123444e8a0 5a2fe1ef92d54939bf68448a35cfcb01 9e1589f6ab5a42da8d5b87292151df19 - - -] Version for resource type ConntrackHelper changed None to 1.0 on consumer Open vSwitch agent@undercloud.ooo.test _set_version /usr/lib/python3.9/site-packages/neutron/api/rpc/callbacks/version_manager.py:113
2025-12-16 07:59:09.398 18 DEBUG neutron.api.rpc.callbacks.version_manager [req-a48655cd-e8bc-48ee-bd84-d6123444e8a0 5a2fe1ef92d54939bf68448a35cfcb01 9e1589f6ab5a42da8d5b87292151df19 - - -] Version for resource type Log changed None to 1.0 on consumer Open vSwitch agent@undercloud.ooo.test _set_version /usr/lib/python3.9/site-packages/neutron/api/rpc/callbacks/version_manager.py:113
2025-12-16 07:59:09.399 18 DEBUG neutron.api.rpc.callbacks.version_manager [req-a48655cd-e8bc-48ee-bd84-d6123444e8a0 5a2fe1ef92d54939bf68448a35cfcb01 9e1589f6ab5a42da8d5b87292151df19 - - -] Version for resource type Network changed None to 1.1 on consumer Open vSwitch agent@undercloud.ooo.test _set_version /usr/lib/python3.9/site-packages/neutron/api/rpc/callbacks/version_manager.py:113
2025-12-16 07:59:09.399 18 DEBUG neutron.api.rpc.callbacks.version_manager [req-a48655cd-e8bc-48ee-bd84-d6123444e8a0 5a2fe1ef92d54939bf68448a35cfcb01 9e1589f6ab5a42da8d5b87292151df19 - - -] Version for resource type Port changed None to 1.7 on consumer Open vSwitch agent@undercloud.ooo.test _set_version /usr/lib/python3.9/site-packages/neutron/api/rpc/callbacks/version_manager.py:113
2025-12-16 07:59:09.399 18 DEBUG neutron.api.rpc.callbacks.version_manager [req-a48655cd-e8bc-48ee-bd84-d6123444e8a0 5a2fe1ef92d54939bf68448a35cfcb01 9e1589f6ab5a42da8d5b87292151df19 - - -] Version for resource type PortForwarding changed None to 1.2 on consumer Open vSwitch agent@undercloud.ooo.test _set_version /usr/lib/python3.9/site-packages/neutron/api/rpc/callbacks/version_manager.py:113
2025-12-16 07:59:09.399 18 DEBUG neutron.api.rpc.callbacks.version_manager [req-a48655cd-e8bc-48ee-bd84-d6123444e8a0 5a2fe1ef92d54939bf68448a35cfcb01 9e1589f6ab5a42da8d5b87292151df19 - - -] Version for resource type QosPolicy changed None to 1.8 on consumer Open vSwitch agent@undercloud.ooo.test _set_version /usr/lib/python3.9/site-packages/neutron/api/rpc/callbacks/version_manager.py:113
2025-12-16 07:59:09.399 18 DEBUG neutron.api.rpc.callbacks.version_manager [req-a48655cd-e8bc-48ee-bd84-d6123444e8a0 5a2fe1ef92d54939bf68448a35cfcb01 9e1589f6ab5a42da8d5b87292151df19 - - -] Version for resource type SecurityGroup changed None to 1.5 on consumer Open vSwitch agent@undercloud.ooo.test _set_version /usr/lib/python3.9/site-packages/neutron/api/rpc/callbacks/version_manager.py:113
2025-12-16 07:59:09.400 18 DEBUG neutron.api.rpc.callbacks.version_manager [req-a48655cd-e8bc-48ee-bd84-d6123444e8a0 5a2fe1ef92d54939bf68448a35cfcb01 9e1589f6ab5a42da8d5b87292151df19 - - -] Version for resource type SecurityGroupRule changed None to 1.2 on consumer Open vSwitch agent@undercloud.ooo.test _set_version /usr/lib/python3.9/site-packages/neutron/api/rpc/callbacks/version_manager.py:113
2025-12-16 07:59:09.400 18 DEBUG neutron.api.rpc.callbacks.version_manager [req-a48655cd-e8bc-48ee-bd84-d6123444e8a0 5a2fe1ef92d54939bf68448a35cfcb01 9e1589f6ab5a42da8d5b87292151df19 - - -] Version for resource type SubPort changed None to 1.0 on consumer Open vSwitch agent@undercloud.ooo.test _set_version /usr/lib/python3.9/site-packages/neutron/api/rpc/callbacks/version_manager.py:113
2025-12-16 07:59:09.400 18 DEBUG neutron.api.rpc.callbacks.version_manager [req-a48655cd-e8bc-48ee-bd84-d6123444e8a0 5a2fe1ef92d54939bf68448a35cfcb01 9e1589f6ab5a42da8d5b87292151df19 - - -] Version for resource type Subnet changed None to 1.1 on consumer Open vSwitch agent@undercloud.ooo.test _set_version /usr/lib/python3.9/site-packages/neutron/api/rpc/callbacks/version_manager.py:113
2025-12-16 07:59:09.401 18 DEBUG neutron.api.rpc.callbacks.version_manager [req-a48655cd-e8bc-48ee-bd84-d6123444e8a0 5a2fe1ef92d54939bf68448a35cfcb01 9e1589f6ab5a42da8d5b87292151df19 - - -] Version for resource type Trunk changed None to 1.1 on consumer Open vSwitch agent@undercloud.ooo.test _set_version /usr/lib/python3.9/site-packages/neutron/api/rpc/callbacks/version_manager.py:113
2025-12-16 07:59:09.416 18 DEBUG neutron.pecan_wsgi.hooks.policy_enforcement [req-a48655cd-e8bc-48ee-bd84-d6123444e8a0 5a2fe1ef92d54939bf68448a35cfcb01 9e1589f6ab5a42da8d5b87292151df19 - default default] Attributes excluded by policy engine: ['standard_attr_id', 'network'] _exclude_attributes_by_policy /usr/lib/python3.9/site-packages/neutron/pecan_wsgi/hooks/policy_enforcement.py:259
2025-12-16 07:59:09.417 18 DEBUG neutron_lib.callbacks.manager [req-a48655cd-e8bc-48ee-bd84-d6123444e8a0 5a2fe1ef92d54939bf68448a35cfcb01 9e1589f6ab5a42da8d5b87292151df19 - default default] Notify callbacks ['neutron.notifiers.nova.Notifier._send_nova_notification-4118911', 'neutron.api.rpc.agentnotifiers.dhcp_rpc_agent_api.DhcpAgentNotifyAPI._send_dhcp_notification-3821703'] for port, before_response _notify_loop /usr/lib/python3.9/site-packages/neutron_lib/callbacks/manager.py:200
2025-12-16 07:59:09.426 19 DEBUG neutron.api.rpc.handlers.dhcp_rpc [req-8164c08f-6a33-44ce-a447-1c9c16d44d64 - - - - -] Network 5cbd1e00-02d7-45a9-b017-c838f8bb798d requested from undercloud.ooo.test get_network_info /usr/lib/python3.9/site-packages/neutron/api/rpc/handlers/dhcp_rpc.py:213
2025-12-16 07:59:09.431 18 INFO neutron.wsgi [req-a48655cd-e8bc-48ee-bd84-d6123444e8a0 5a2fe1ef92d54939bf68448a35cfcb01 9e1589f6ab5a42da8d5b87292151df19 - default default] 192.168.122.99,192.168.122.100 "POST /v2.0/ports HTTP/1.1" status: 201 len: 1016 time: 0.4339736
2025-12-16 07:59:09.439 18 DEBUG neutron.services.tag.tag_plugin [req-7e54693c-e649-417d-b6a9-861f8a20fc8b 5a2fe1ef92d54939bf68448a35cfcb01 9e1589f6ab5a42da8d5b87292151df19 - default default] neutron.services.tag.tag_plugin.TagPlugin method update_tags called with arguments (, 'ports', 'def8b36c-90d2-49a0-984e-0a9fc5f7559b', {'tags': ['tripleo_stack_name=overcloud', 'tripleo_ovn_physnet=datacentre']}) {} wrapper /usr/lib/python3.9/site-packages/oslo_log/helpers.py:65
2025-12-16 07:59:09.482 18 INFO neutron.wsgi [req-7e54693c-e649-417d-b6a9-861f8a20fc8b 5a2fe1ef92d54939bf68448a35cfcb01 9e1589f6ab5a42da8d5b87292151df19 - default default] 192.168.122.99,192.168.122.100 "PUT /v2.0/ports/def8b36c-90d2-49a0-984e-0a9fc5f7559b/tags HTTP/1.1" status: 200 len: 250 time: 0.0470943
2025-12-16 07:59:09.532 18 DEBUG neutron.pecan_wsgi.hooks.policy_enforcement [req-72d37855-62e1-4269-b5bc-a96cf1bc7b98 5a2fe1ef92d54939bf68448a35cfcb01 9e1589f6ab5a42da8d5b87292151df19 - default default] Attributes excluded by policy engine: ['standard_attr_id'] _exclude_attributes_by_policy /usr/lib/python3.9/site-packages/neutron/pecan_wsgi/hooks/policy_enforcement.py:259
2025-12-16 07:59:09.532 18 DEBUG neutron.pecan_wsgi.hooks.policy_enforcement [req-72d37855-62e1-4269-b5bc-a96cf1bc7b98 5a2fe1ef92d54939bf68448a35cfcb01 9e1589f6ab5a42da8d5b87292151df19 - default default] Attributes excluded by policy engine: ['standard_attr_id'] _exclude_attributes_by_policy /usr/lib/python3.9/site-packages/neutron/pecan_wsgi/hooks/policy_enforcement.py:259
2025-12-16 07:59:09.532 18 DEBUG neutron.pecan_wsgi.hooks.policy_enforcement [req-72d37855-62e1-4269-b5bc-a96cf1bc7b98 5a2fe1ef92d54939bf68448a35cfcb01 9e1589f6ab5a42da8d5b87292151df19 - default default] Attributes excluded by policy engine: ['standard_attr_id'] _exclude_attributes_by_policy /usr/lib/python3.9/site-packages/neutron/pecan_wsgi/hooks/policy_enforcement.py:259
2025-12-16 07:59:09.533 18 INFO neutron.wsgi [req-72d37855-62e1-4269-b5bc-a96cf1bc7b98 5a2fe1ef92d54939bf68448a35cfcb01 9e1589f6ab5a42da8d5b87292151df19 - default default] 192.168.122.99,192.168.122.100 "GET /v2.0/ports?network_id=5cbd1e00-02d7-45a9-b017-c838f8bb798d&tags=tripleo_stack_name%3Dovercloud HTTP/1.1" status: 200 len: 2860 time: 0.0463159
2025-12-16 07:59:09.587 18 DEBUG neutron.pecan_wsgi.hooks.policy_enforcement [req-e56e3c5b-a00d-41f3-ad0b-a09bd31a8d5f 5a2fe1ef92d54939bf68448a35cfcb01 9e1589f6ab5a42da8d5b87292151df19 - default default] Attributes excluded by policy engine: ['standard_attr_id'] _exclude_attributes_by_policy /usr/lib/python3.9/site-packages/neutron/pecan_wsgi/hooks/policy_enforcement.py:259
2025-12-16 07:59:09.588 18 DEBUG neutron.pecan_wsgi.hooks.policy_enforcement [req-e56e3c5b-a00d-41f3-ad0b-a09bd31a8d5f 5a2fe1ef92d54939bf68448a35cfcb01 9e1589f6ab5a42da8d5b87292151df19 - default default] Attributes excluded by policy engine: ['standard_attr_id'] _exclude_attributes_by_policy /usr/lib/python3.9/site-packages/neutron/pecan_wsgi/hooks/policy_enforcement.py:259
2025-12-16 07:59:09.588 18 DEBUG neutron.pecan_wsgi.hooks.policy_enforcement [req-e56e3c5b-a00d-41f3-ad0b-a09bd31a8d5f 5a2fe1ef92d54939bf68448a35cfcb01 9e1589f6ab5a42da8d5b87292151df19 - default default] Attributes excluded by policy engine: ['standard_attr_id'] _exclude_attributes_by_policy /usr/lib/python3.9/site-packages/neutron/pecan_wsgi/hooks/policy_enforcement.py:259
2025-12-16 07:59:09.589 18 INFO neutron.wsgi [req-e56e3c5b-a00d-41f3-ad0b-a09bd31a8d5f 5a2fe1ef92d54939bf68448a35cfcb01 9e1589f6ab5a42da8d5b87292151df19 - default default] 192.168.122.99,192.168.122.100 "GET /v2.0/ports?network_id=5cbd1e00-02d7-45a9-b017-c838f8bb798d&tags=tripleo_stack_name%3Dovercloud HTTP/1.1" status: 200 len: 2860 time: 0.0440433
2025-12-16 07:59:10.809 16 DEBUG neutron.wsgi [-] (16) accepted ('192.168.122.100', 43294) server /usr/lib/python3.9/site-packages/eventlet/wsgi.py:992
2025-12-16 07:59:10.812 16 INFO neutron.wsgi [-] 192.168.122.100 "GET /healthcheck HTTP/1.0" status: 200 len: 137 time: 0.0020235
2025-12-16 07:59:10.904 16 DEBUG neutron.wsgi [-] (16) accepted ('192.168.122.100', 43296) server /usr/lib/python3.9/site-packages/eventlet/wsgi.py:992
2025-12-16 07:59:10.906 16 INFO neutron.wsgi [-] 192.168.122.100 "GET / HTTP/1.1" status: 200 len: 233 time: 0.0012548
2025-12-16 07:59:11.714 16 DEBUG neutron.wsgi [-] (16) accepted ('192.168.122.100', 43298) server /usr/lib/python3.9/site-packages/eventlet/wsgi.py:992
2025-12-16 07:59:11.766 16 INFO neutron.pecan_wsgi.hooks.translation [req-b627155e-a7e4-4ea0-a16b-f3bbba0065ad 5a2fe1ef92d54939bf68448a35cfcb01 9e1589f6ab5a42da8d5b87292151df19 - default default] GET failed (client error): The resource could not be found.
2025-12-16 07:59:11.767 16 INFO neutron.wsgi [req-b627155e-a7e4-4ea0-a16b-f3bbba0065ad 5a2fe1ef92d54939bf68448a35cfcb01 9e1589f6ab5a42da8d5b87292151df19 - default default] 192.168.122.99,192.168.122.100 "GET /v2.0/networks/ovn_mac_addr_net HTTP/1.1" status: 404 len: 300 time: 0.0523341
