2025-12-16 07:47:56.495 18 INFO neutron.wsgi [req-aafd5b4f-3931-4fdd-9e0e-fde1b357535b 5a2fe1ef92d54939bf68448a35cfcb01 9e1589f6ab5a42da8d5b87292151df19 - default default] 192.168.122.99,192.168.122.100 "POST /v2.0/ports HTTP/1.1" status: 201 len: 1151 time: 0.4386365
2025-12-16 07:47:56.497 16 DEBUG neutron_lib.callbacks.manager [req-385050cf-d98e-4818-b6c1-bc8731f8f0fe 5a2fe1ef92d54939bf68448a35cfcb01 9e1589f6ab5a42da8d5b87292151df19 - default default] Notify callbacks [] for allowed_address_pair, before_create _notify_loop /usr/lib/python3.9/site-packages/neutron_lib/callbacks/manager.py:200
2025-12-16 07:47:56.498 16 DEBUG neutron_lib.callbacks.manager [req-385050cf-d98e-4818-b6c1-bc8731f8f0fe 5a2fe1ef92d54939bf68448a35cfcb01 9e1589f6ab5a42da8d5b87292151df19 - default default] Notify callbacks [] for port, precommit_create _notify_loop /usr/lib/python3.9/site-packages/neutron_lib/callbacks/manager.py:200
2025-12-16 07:47:56.503 18 DEBUG neutron.services.tag.tag_plugin [req-d6aace79-4e42-4a60-ac33-1a9781b2b8cb 5a2fe1ef92d54939bf68448a35cfcb01 9e1589f6ab5a42da8d5b87292151df19 - default default] neutron.services.tag.tag_plugin.TagPlugin method update_tags called with arguments (, 'ports', 'aa9430a3-139a-477c-9905-eb91082b81f0', {'tags': ['tripleo_stack_name=overcloud', 'tripleo_vip_net=external']}) {} wrapper /usr/lib/python3.9/site-packages/oslo_log/helpers.py:65
2025-12-16 07:47:56.512 15 DEBUG neutron.api.rpc.handlers.resources_rpc [req-216eacca-a4e2-45c9-9082-b4e509a780b2 5a2fe1ef92d54939bf68448a35cfcb01 9e1589f6ab5a42da8d5b87292151df19 - - -] Pushing event updated for resources: {'Port': ['ID=0d2fe07c-b704-4781-9da4-957e3bd7fd29,revision_number=1']} push /usr/lib/python3.9/site-packages/neutron/api/rpc/handlers/resources_rpc.py:237
2025-12-16 07:47:56.514 17 DEBUG neutron_lib.callbacks.manager [req-32caf279-0110-4ebd-beb3-e48fb9f31f65 5a2fe1ef92d54939bf68448a35cfcb01 9e1589f6ab5a42da8d5b87292151df19 - default default] Notify callbacks [] for allowed_address_pair, before_create _notify_loop /usr/lib/python3.9/site-packages/neutron_lib/callbacks/manager.py:200
2025-12-16 07:47:56.514 17 DEBUG neutron_lib.callbacks.manager [req-32caf279-0110-4ebd-beb3-e48fb9f31f65 5a2fe1ef92d54939bf68448a35cfcb01 9e1589f6ab5a42da8d5b87292151df19 - default default] Notify callbacks [] for port, precommit_create _notify_loop /usr/lib/python3.9/site-packages/neutron_lib/callbacks/manager.py:200
2025-12-16 07:47:56.523 15 DEBUG neutron.pecan_wsgi.hooks.policy_enforcement [req-216eacca-a4e2-45c9-9082-b4e509a780b2 5a2fe1ef92d54939bf68448a35cfcb01 9e1589f6ab5a42da8d5b87292151df19 - default default] Attributes excluded by policy engine: ['standard_attr_id', 'network'] _exclude_attributes_by_policy /usr/lib/python3.9/site-packages/neutron/pecan_wsgi/hooks/policy_enforcement.py:259
2025-12-16 07:47:56.524 15 DEBUG neutron_lib.callbacks.manager [req-216eacca-a4e2-45c9-9082-b4e509a780b2 5a2fe1ef92d54939bf68448a35cfcb01 9e1589f6ab5a42da8d5b87292151df19 - default default] Notify callbacks ['neutron.notifiers.nova.Notifier._send_nova_notification-4118911', 'neutron.api.rpc.agentnotifiers.dhcp_rpc_agent_api.DhcpAgentNotifyAPI._send_dhcp_notification-3821703'] for port, before_response _notify_loop /usr/lib/python3.9/site-packages/neutron_lib/callbacks/manager.py:200
2025-12-16 07:47:56.534 15 INFO neutron.wsgi [req-216eacca-a4e2-45c9-9082-b4e509a780b2 5a2fe1ef92d54939bf68448a35cfcb01 9e1589f6ab5a42da8d5b87292151df19 - default default] 192.168.122.99,192.168.122.100 "POST /v2.0/ports HTTP/1.1" status: 201 len: 1155 time: 0.4721408
2025-12-16 07:47:56.546 15 DEBUG neutron.services.tag.tag_plugin [req-cded69eb-617b-481a-92e3-c07715036182 5a2fe1ef92d54939bf68448a35cfcb01 9e1589f6ab5a42da8d5b87292151df19 - default default] neutron.services.tag.tag_plugin.TagPlugin method update_tags called with arguments (, 'ports', '0d2fe07c-b704-4781-9da4-957e3bd7fd29', {'tags': ['tripleo_stack_name=overcloud', 'tripleo_vip_net=ctlplane']}) {} wrapper /usr/lib/python3.9/site-packages/oslo_log/helpers.py:65
2025-12-16 07:47:56.548 16 DEBUG neutron_lib.callbacks.manager [req-385050cf-d98e-4818-b6c1-bc8731f8f0fe 5a2fe1ef92d54939bf68448a35cfcb01 9e1589f6ab5a42da8d5b87292151df19 - default default] Notify callbacks ['neutron.plugins.ml2.plugin.SecurityGroupServerNotifierRpcMixin.notify_sg_on_port_change-536971', 'neutron.plugins.ml2.extensions.dns_integration._create_port_in_external_dns_service-8742009588044', 'neutron.plugins.ml2.ovo_rpc._ObjectChangeHandler.handle_event-4191482', 'neutron.api.rpc.agentnotifiers.dhcp_rpc_agent_api.DhcpAgentNotifyAPI._native_event_send_dhcp_notification-3821813', 'neutron.services.segments.plugin.NovaSegmentNotifier._notify_port_created_or_deleted-3795441'] for port, after_create _notify_loop /usr/lib/python3.9/site-packages/neutron_lib/callbacks/manager.py:200
2025-12-16 07:47:56.551 17 DEBUG neutron_lib.callbacks.manager [req-32caf279-0110-4ebd-beb3-e48fb9f31f65 5a2fe1ef92d54939bf68448a35cfcb01 9e1589f6ab5a42da8d5b87292151df19 - default default] Notify callbacks ['neutron.plugins.ml2.plugin.SecurityGroupServerNotifierRpcMixin.notify_sg_on_port_change-536971', 'neutron.plugins.ml2.extensions.dns_integration._create_port_in_external_dns_service-8742009588044', 'neutron.plugins.ml2.ovo_rpc._ObjectChangeHandler.handle_event-4191482', 'neutron.api.rpc.agentnotifiers.dhcp_rpc_agent_api.DhcpAgentNotifyAPI._native_event_send_dhcp_notification-3821813', 'neutron.services.segments.plugin.NovaSegmentNotifier._notify_port_created_or_deleted-3795441'] for port, after_create _notify_loop /usr/lib/python3.9/site-packages/neutron_lib/callbacks/manager.py:200
2025-12-16 07:47:56.579 18 INFO neutron.wsgi [req-d6aace79-4e42-4a60-ac33-1a9781b2b8cb 5a2fe1ef92d54939bf68448a35cfcb01 9e1589f6ab5a42da8d5b87292151df19 - default default] 192.168.122.99,192.168.122.100 "PUT /v2.0/ports/aa9430a3-139a-477c-9905-eb91082b81f0/tags HTTP/1.1" status: 200 len: 244 time: 0.0788078
2025-12-16 07:47:56.591 16 DEBUG neutron.api.rpc.handlers.resources_rpc [req-385050cf-d98e-4818-b6c1-bc8731f8f0fe 5a2fe1ef92d54939bf68448a35cfcb01 9e1589f6ab5a42da8d5b87292151df19 - - -] Pushing event updated for resources: {'Port': ['ID=cabc0f4a-1304-40e8-b184-3c60e0e33c69,revision_number=1']} push /usr/lib/python3.9/site-packages/neutron/api/rpc/handlers/resources_rpc.py:237
2025-12-16 07:47:56.594 15 INFO neutron.wsgi [req-cded69eb-617b-481a-92e3-c07715036182 5a2fe1ef92d54939bf68448a35cfcb01 9e1589f6ab5a42da8d5b87292151df19 - default default] 192.168.122.99,192.168.122.100 "PUT /v2.0/ports/0d2fe07c-b704-4781-9da4-957e3bd7fd29/tags HTTP/1.1" status: 200 len: 244 time: 0.0525398
2025-12-16 07:47:56.596 17 DEBUG neutron.plugins.ml2.drivers.mech_agent [req-32caf279-0110-4ebd-beb3-e48fb9f31f65 5a2fe1ef92d54939bf68448a35cfcb01 9e1589f6ab5a42da8d5b87292151df19 - default default] Checking segment: {'id': 'f655557d-ea97-450e-9b31-adbc69bb259c', 'network_type': 'flat', 'physical_network': 'storage_storage_subnet', 'segmentation_id': None, 'network_id': '9510cd16-a7a9-4150-b099-53e686ea0ebc'} for mappings: {'ctlplane': 'br-ctlplane'} with network types: ['local', 'flat', 'vlan'] check_segment_for_agent /usr/lib/python3.9/site-packages/neutron/plugins/ml2/drivers/mech_agent.py:343
2025-12-16 07:47:56.597 17 DEBUG neutron.plugins.ml2.drivers.mech_agent [req-32caf279-0110-4ebd-beb3-e48fb9f31f65 5a2fe1ef92d54939bf68448a35cfcb01 9e1589f6ab5a42da8d5b87292151df19 - default default] Network 9510cd16-a7a9-4150-b099-53e686ea0ebc with segment f655557d-ea97-450e-9b31-adbc69bb259c is connected to physical network storage_storage_subnet, but agent undercloud.ooo.test reported physical networks {'ctlplane': 'br-ctlplane'}. The physical network must be configured on the agent if binding is to succeed. check_segment_for_agent /usr/lib/python3.9/site-packages/neutron/plugins/ml2/drivers/mech_agent.py:365
2025-12-16 07:47:56.599 17 DEBUG neutron_lib.callbacks.manager [req-c0c93b40-c073-4439-b583-9392015bd559 5a2fe1ef92d54939bf68448a35cfcb01 9e1589f6ab5a42da8d5b87292151df19 - default default] Notify callbacks [] for allowed_address_pair, before_create _notify_loop /usr/lib/python3.9/site-packages/neutron_lib/callbacks/manager.py:200
2025-12-16 07:47:56.600 17 DEBUG neutron_lib.callbacks.manager [req-c0c93b40-c073-4439-b583-9392015bd559 5a2fe1ef92d54939bf68448a35cfcb01 9e1589f6ab5a42da8d5b87292151df19 - default default] Notify callbacks [] for port, precommit_create _notify_loop /usr/lib/python3.9/site-packages/neutron_lib/callbacks/manager.py:200
2025-12-16 07:47:56.601 16 DEBUG neutron.plugins.ml2.drivers.mech_agent [req-385050cf-d98e-4818-b6c1-bc8731f8f0fe 5a2fe1ef92d54939bf68448a35cfcb01 9e1589f6ab5a42da8d5b87292151df19 - default default] Checking segment: {'id': '573c1246-a604-4498-bd00-051d8296e71b', 'network_type': 'flat', 'physical_network': 'storage_mgmt_storage_mgmt_subnet', 'segmentation_id': None, 'network_id': 'b5eede3c-cd7e-4911-9d09-21f9f6617aa2'} for mappings: {'ctlplane': 'br-ctlplane'} with network types: ['local', 'flat', 'vlan'] check_segment_for_agent /usr/lib/python3.9/site-packages/neutron/plugins/ml2/drivers/mech_agent.py:343
2025-12-16 07:47:56.601 16 DEBUG neutron.plugins.ml2.drivers.mech_agent [req-385050cf-d98e-4818-b6c1-bc8731f8f0fe 5a2fe1ef92d54939bf68448a35cfcb01 9e1589f6ab5a42da8d5b87292151df19 - default default] Network b5eede3c-cd7e-4911-9d09-21f9f6617aa2 with segment 573c1246-a604-4498-bd00-051d8296e71b is connected to physical network storage_mgmt_storage_mgmt_subnet, but agent undercloud.ooo.test reported physical networks {'ctlplane': 'br-ctlplane'}. The physical network must be configured on the agent if binding is to succeed. check_segment_for_agent /usr/lib/python3.9/site-packages/neutron/plugins/ml2/drivers/mech_agent.py:365
2025-12-16 07:47:56.601 17 DEBUG neutron.scheduler.dhcp_agent_scheduler [req-32caf279-0110-4ebd-beb3-e48fb9f31f65 5a2fe1ef92d54939bf68448a35cfcb01 9e1589f6ab5a42da8d5b87292151df19 - default default] Network hostable DHCP agents. Network: 9510cd16-a7a9-4150-b099-53e686ea0ebc, hostable agents: [], hosted agents: [] _get_network_hostable_dhcp_agents /usr/lib/python3.9/site-packages/neutron/scheduler/dhcp_agent_scheduler.py:329
2025-12-16 07:47:56.602 17 DEBUG neutron.scheduler.base_scheduler [req-32caf279-0110-4ebd-beb3-e48fb9f31f65 5a2fe1ef92d54939bf68448a35cfcb01 9e1589f6ab5a42da8d5b87292151df19 - default default] Resources bound (agent type, host, resource id): schedule /usr/lib/python3.9/site-packages/neutron/scheduler/base_scheduler.py:57
2025-12-16 07:47:56.602 17 WARNING neutron.api.rpc.agentnotifiers.dhcp_rpc_agent_api [req-32caf279-0110-4ebd-beb3-e48fb9f31f65 5a2fe1ef92d54939bf68448a35cfcb01 9e1589f6ab5a42da8d5b87292151df19 - default default] Unable to schedule network 9510cd16-a7a9-4150-b099-53e686ea0ebc: no agents available; will retry on subsequent port and subnet creation events.
2025-12-16 07:47:56.602 17 DEBUG neutron.api.rpc.agentnotifiers.dhcp_rpc_agent_api [req-32caf279-0110-4ebd-beb3-e48fb9f31f65 5a2fe1ef92d54939bf68448a35cfcb01 9e1589f6ab5a42da8d5b87292151df19 - default default] Network 9510cd16-a7a9-4150-b099-53e686ea0ebc is not hosted by any dhcp agent _notify_agents /usr/lib/python3.9/site-packages/neutron/api/rpc/agentnotifiers/dhcp_rpc_agent_api.py:228
2025-12-16 07:47:56.604 16 DEBUG neutron.scheduler.dhcp_agent_scheduler [req-385050cf-d98e-4818-b6c1-bc8731f8f0fe 5a2fe1ef92d54939bf68448a35cfcb01 9e1589f6ab5a42da8d5b87292151df19 - default default] Network hostable DHCP agents. Network: b5eede3c-cd7e-4911-9d09-21f9f6617aa2, hostable agents: [], hosted agents: [] _get_network_hostable_dhcp_agents /usr/lib/python3.9/site-packages/neutron/scheduler/dhcp_agent_scheduler.py:329
2025-12-16 07:47:56.604 16 DEBUG neutron.scheduler.base_scheduler [req-385050cf-d98e-4818-b6c1-bc8731f8f0fe 5a2fe1ef92d54939bf68448a35cfcb01 9e1589f6ab5a42da8d5b87292151df19 - default default] Resources bound (agent type, host, resource id): schedule /usr/lib/python3.9/site-packages/neutron/scheduler/base_scheduler.py:57
2025-12-16 07:47:56.604 16 WARNING neutron.api.rpc.agentnotifiers.dhcp_rpc_agent_api [req-385050cf-d98e-4818-b6c1-bc8731f8f0fe 5a2fe1ef92d54939bf68448a35cfcb01 9e1589f6ab5a42da8d5b87292151df19 - default default] Unable to schedule network b5eede3c-cd7e-4911-9d09-21f9f6617aa2: no agents available; will retry on subsequent port and subnet creation events.
2025-12-16 07:47:56.604 16 DEBUG neutron.api.rpc.agentnotifiers.dhcp_rpc_agent_api [req-385050cf-d98e-4818-b6c1-bc8731f8f0fe 5a2fe1ef92d54939bf68448a35cfcb01 9e1589f6ab5a42da8d5b87292151df19 - default default] Network b5eede3c-cd7e-4911-9d09-21f9f6617aa2 is not hosted by any dhcp agent _notify_agents /usr/lib/python3.9/site-packages/neutron/api/rpc/agentnotifiers/dhcp_rpc_agent_api.py:228
2025-12-16 07:47:56.627 17 DEBUG neutron.pecan_wsgi.hooks.policy_enforcement [req-32caf279-0110-4ebd-beb3-e48fb9f31f65 5a2fe1ef92d54939bf68448a35cfcb01 9e1589f6ab5a42da8d5b87292151df19 - default default] Attributes excluded by policy engine: ['standard_attr_id', 'network'] _exclude_attributes_by_policy /usr/lib/python3.9/site-packages/neutron/pecan_wsgi/hooks/policy_enforcement.py:259
2025-12-16 07:47:56.627 17 DEBUG neutron_lib.callbacks.manager [req-32caf279-0110-4ebd-beb3-e48fb9f31f65 5a2fe1ef92d54939bf68448a35cfcb01 9e1589f6ab5a42da8d5b87292151df19 - default default] Notify callbacks ['neutron.notifiers.nova.Notifier._send_nova_notification-4118911', 'neutron.api.rpc.agentnotifiers.dhcp_rpc_agent_api.DhcpAgentNotifyAPI._send_dhcp_notification-3821703'] for port, before_response _notify_loop /usr/lib/python3.9/site-packages/neutron_lib/callbacks/manager.py:200
2025-12-16 07:47:56.631 16 DEBUG neutron.pecan_wsgi.hooks.policy_enforcement [req-385050cf-d98e-4818-b6c1-bc8731f8f0fe 5a2fe1ef92d54939bf68448a35cfcb01 9e1589f6ab5a42da8d5b87292151df19 - default default] Attributes excluded by policy engine: ['standard_attr_id', 'network'] _exclude_attributes_by_policy /usr/lib/python3.9/site-packages/neutron/pecan_wsgi/hooks/policy_enforcement.py:259
2025-12-16 07:47:56.632 16 DEBUG neutron_lib.callbacks.manager [req-385050cf-d98e-4818-b6c1-bc8731f8f0fe 5a2fe1ef92d54939bf68448a35cfcb01 9e1589f6ab5a42da8d5b87292151df19 - default default] Notify callbacks ['neutron.notifiers.nova.Notifier._send_nova_notification-4118911', 'neutron.api.rpc.agentnotifiers.dhcp_rpc_agent_api.DhcpAgentNotifyAPI._send_dhcp_notification-3821703'] for port, before_response _notify_loop /usr/lib/python3.9/site-packages/neutron_lib/callbacks/manager.py:200
2025-12-16 07:47:56.642 16 INFO neutron.wsgi [req-385050cf-d98e-4818-b6c1-bc8731f8f0fe 5a2fe1ef92d54939bf68448a35cfcb01 9e1589f6ab5a42da8d5b87292151df19 - default default] 192.168.122.99,192.168.122.100 "POST /v2.0/ports HTTP/1.1" status: 201 len: 1155 time: 0.5698235
2025-12-16 07:47:56.643 17 INFO neutron.wsgi [req-32caf279-0110-4ebd-beb3-e48fb9f31f65 5a2fe1ef92d54939bf68448a35cfcb01 9e1589f6ab5a42da8d5b87292151df19 - default default] 192.168.122.99,192.168.122.100 "POST /v2.0/ports HTTP/1.1" status: 201 len: 1150 time: 0.6030045
2025-12-16 07:47:56.654 16 DEBUG neutron.services.tag.tag_plugin [req-a5d63019-3c64-4e68-a517-5fadbb90229c 5a2fe1ef92d54939bf68448a35cfcb01 9e1589f6ab5a42da8d5b87292151df19 - default default] neutron.services.tag.tag_plugin.TagPlugin method update_tags called with arguments (, 'ports', '3a56574b-fff6-498f-b45d-661df6bec59d', {'tags': ['tripleo_stack_name=overcloud', 'tripleo_vip_net=storage']}) {} wrapper /usr/lib/python3.9/site-packages/oslo_log/helpers.py:65
2025-12-16 07:47:56.657 17 DEBUG neutron.services.tag.tag_plugin [req-11904a56-374c-442d-8d3b-0f38a9542bda 5a2fe1ef92d54939bf68448a35cfcb01 9e1589f6ab5a42da8d5b87292151df19 - default default] neutron.services.tag.tag_plugin.TagPlugin method update_tags called with arguments (, 'ports', 'cabc0f4a-1304-40e8-b184-3c60e0e33c69', {'tags': ['tripleo_stack_name=overcloud', 'tripleo_vip_net=storage_mgmt']}) {} wrapper /usr/lib/python3.9/site-packages/oslo_log/helpers.py:65
2025-12-16 07:47:56.685 16 INFO neutron.wsgi [req-a5d63019-3c64-4e68-a517-5fadbb90229c 5a2fe1ef92d54939bf68448a35cfcb01 9e1589f6ab5a42da8d5b87292151df19 - default default] 192.168.122.99,192.168.122.100 "PUT /v2.0/ports/3a56574b-fff6-498f-b45d-661df6bec59d/tags HTTP/1.1" status: 200 len: 243 time: 0.0330062
2025-12-16 07:47:56.685 17 DEBUG neutron.api.rpc.handlers.resources_rpc [req-32caf279-0110-4ebd-beb3-e48fb9f31f65 5a2fe1ef92d54939bf68448a35cfcb01 9e1589f6ab5a42da8d5b87292151df19 - - -] Pushing event updated for resources: {'Port': ['ID=3a56574b-fff6-498f-b45d-661df6bec59d,revision_number=1']} push /usr/lib/python3.9/site-packages/neutron/api/rpc/handlers/resources_rpc.py:237
2025-12-16 07:47:56.688 17 INFO neutron.wsgi [req-11904a56-374c-442d-8d3b-0f38a9542bda 5a2fe1ef92d54939bf68448a35cfcb01 9e1589f6ab5a42da8d5b87292151df19 - default default] 192.168.122.99,192.168.122.100 "PUT /v2.0/ports/cabc0f4a-1304-40e8-b184-3c60e0e33c69/tags HTTP/1.1" status: 200 len: 248 time: 0.0354996
2025-12-16 07:47:56.695 17 DEBUG neutron_lib.callbacks.manager [req-c0c93b40-c073-4439-b583-9392015bd559 5a2fe1ef92d54939bf68448a35cfcb01 9e1589f6ab5a42da8d5b87292151df19 - default default] Notify callbacks ['neutron.plugins.ml2.plugin.SecurityGroupServerNotifierRpcMixin.notify_sg_on_port_change-536971', 'neutron.plugins.ml2.extensions.dns_integration._create_port_in_external_dns_service-8742009588044', 'neutron.plugins.ml2.ovo_rpc._ObjectChangeHandler.handle_event-4191482', 'neutron.api.rpc.agentnotifiers.dhcp_rpc_agent_api.DhcpAgentNotifyAPI._native_event_send_dhcp_notification-3821813', 'neutron.services.segments.plugin.NovaSegmentNotifier._notify_port_created_or_deleted-3795441'] for port, after_create _notify_loop /usr/lib/python3.9/site-packages/neutron_lib/callbacks/manager.py:200
2025-12-16 07:47:56.726 17 DEBUG neutron.api.rpc.handlers.resources_rpc [req-c0c93b40-c073-4439-b583-9392015bd559 5a2fe1ef92d54939bf68448a35cfcb01 9e1589f6ab5a42da8d5b87292151df19 - - -] Pushing event updated for resources: {'Port': ['ID=f7dc6820-a978-4995-9599-9141375acf72,revision_number=1']} push /usr/lib/python3.9/site-packages/neutron/api/rpc/handlers/resources_rpc.py:237
2025-12-16 07:47:56.741 17 DEBUG neutron.plugins.ml2.drivers.mech_agent [req-c0c93b40-c073-4439-b583-9392015bd559 5a2fe1ef92d54939bf68448a35cfcb01 9e1589f6ab5a42da8d5b87292151df19 - default default] Checking segment: {'id': '28c0359c-3ac6-4d35-8dbb-c5ed85b5aef9', 'network_type': 'flat', 'physical_network': 'internal_api_internal_api_subnet', 'segmentation_id': None, 'network_id': '829c656c-bf08-4b06-a43e-a94c9b605914'} for mappings: {'ctlplane': 'br-ctlplane'} with network types: ['local', 'flat', 'vlan'] check_segment_for_agent /usr/lib/python3.9/site-packages/neutron/plugins/ml2/drivers/mech_agent.py:343
2025-12-16 07:47:56.741 17 DEBUG neutron.plugins.ml2.drivers.mech_agent [req-c0c93b40-c073-4439-b583-9392015bd559 5a2fe1ef92d54939bf68448a35cfcb01 9e1589f6ab5a42da8d5b87292151df19 - default default] Network 829c656c-bf08-4b06-a43e-a94c9b605914 with segment 28c0359c-3ac6-4d35-8dbb-c5ed85b5aef9 is connected to physical network internal_api_internal_api_subnet, but agent undercloud.ooo.test reported physical networks {'ctlplane': 'br-ctlplane'}. The physical network must be configured on the agent if binding is to succeed. check_segment_for_agent /usr/lib/python3.9/site-packages/neutron/plugins/ml2/drivers/mech_agent.py:365
2025-12-16 07:47:56.743 17 DEBUG neutron.scheduler.dhcp_agent_scheduler [req-c0c93b40-c073-4439-b583-9392015bd559 5a2fe1ef92d54939bf68448a35cfcb01 9e1589f6ab5a42da8d5b87292151df19 - default default] Network hostable DHCP agents. Network: 829c656c-bf08-4b06-a43e-a94c9b605914, hostable agents: [], hosted agents: [] _get_network_hostable_dhcp_agents /usr/lib/python3.9/site-packages/neutron/scheduler/dhcp_agent_scheduler.py:329
2025-12-16 07:47:56.743 17 DEBUG neutron.scheduler.base_scheduler [req-c0c93b40-c073-4439-b583-9392015bd559 5a2fe1ef92d54939bf68448a35cfcb01 9e1589f6ab5a42da8d5b87292151df19 - default default] Resources bound (agent type, host, resource id): schedule /usr/lib/python3.9/site-packages/neutron/scheduler/base_scheduler.py:57
2025-12-16 07:47:56.743 17 WARNING neutron.api.rpc.agentnotifiers.dhcp_rpc_agent_api [req-c0c93b40-c073-4439-b583-9392015bd559 5a2fe1ef92d54939bf68448a35cfcb01 9e1589f6ab5a42da8d5b87292151df19 - default default] Unable to schedule network 829c656c-bf08-4b06-a43e-a94c9b605914: no agents available; will retry on subsequent port and subnet creation events.
2025-12-16 07:47:56.744 17 DEBUG neutron.api.rpc.agentnotifiers.dhcp_rpc_agent_api [req-c0c93b40-c073-4439-b583-9392015bd559 5a2fe1ef92d54939bf68448a35cfcb01 9e1589f6ab5a42da8d5b87292151df19 - default default] Network 829c656c-bf08-4b06-a43e-a94c9b605914 is not hosted by any dhcp agent _notify_agents /usr/lib/python3.9/site-packages/neutron/api/rpc/agentnotifiers/dhcp_rpc_agent_api.py:228
2025-12-16 07:47:56.769 17 DEBUG neutron.pecan_wsgi.hooks.policy_enforcement [req-c0c93b40-c073-4439-b583-9392015bd559 5a2fe1ef92d54939bf68448a35cfcb01 9e1589f6ab5a42da8d5b87292151df19 - default default] Attributes excluded by policy engine: ['standard_attr_id', 'network'] _exclude_attributes_by_policy /usr/lib/python3.9/site-packages/neutron/pecan_wsgi/hooks/policy_enforcement.py:259
2025-12-16 07:47:56.770 17 DEBUG neutron_lib.callbacks.manager [req-c0c93b40-c073-4439-b583-9392015bd559 5a2fe1ef92d54939bf68448a35cfcb01 9e1589f6ab5a42da8d5b87292151df19 - default default] Notify callbacks ['neutron.notifiers.nova.Notifier._send_nova_notification-4118911', 'neutron.api.rpc.agentnotifiers.dhcp_rpc_agent_api.DhcpAgentNotifyAPI._send_dhcp_notification-3821703'] for port, before_response _notify_loop /usr/lib/python3.9/site-packages/neutron_lib/callbacks/manager.py:200
2025-12-16 07:47:56.781 17 INFO neutron.wsgi [req-c0c93b40-c073-4439-b583-9392015bd559 5a2fe1ef92d54939bf68448a35cfcb01 9e1589f6ab5a42da8d5b87292151df19 - default default] 192.168.122.99,192.168.122.100 "POST /v2.0/ports HTTP/1.1" status: 201 len: 1155 time: 0.7489884
2025-12-16 07:47:56.791 17 DEBUG neutron.services.tag.tag_plugin [req-e305eb18-bac5-4695-b7ad-ee00cbe017c6 5a2fe1ef92d54939bf68448a35cfcb01 9e1589f6ab5a42da8d5b87292151df19 - default default] neutron.services.tag.tag_plugin.TagPlugin method update_tags called with arguments (, 'ports', 'f7dc6820-a978-4995-9599-9141375acf72', {'tags': ['tripleo_stack_name=overcloud', 'tripleo_vip_net=internal_api']}) {} wrapper /usr/lib/python3.9/site-packages/oslo_log/helpers.py:65
2025-12-16 07:47:56.821 17 INFO neutron.wsgi [req-e305eb18-bac5-4695-b7ad-ee00cbe017c6 5a2fe1ef92d54939bf68448a35cfcb01 9e1589f6ab5a42da8d5b87292151df19 - default default] 192.168.122.99,192.168.122.100 "PUT /v2.0/ports/f7dc6820-a978-4995-9599-9141375acf72/tags HTTP/1.1" status: 200 len: 248 time: 0.0322065
2025-12-16 07:47:56.842 15 DEBUG neutron.wsgi [-] (15) accepted ('192.168.122.100', 42122) server /usr/lib/python3.9/site-packages/eventlet/wsgi.py:992
2025-12-16 07:47:56.846 15 INFO neutron.wsgi [-] 192.168.122.100 "GET /healthcheck HTTP/1.0" status: 200 len: 137 time: 0.0026593
2025-12-16 07:47:56.870 17 DEBUG neutron.pecan_wsgi.hooks.policy_enforcement [req-547e7a46-e3cd-4a36-883b-2a12cf1a87d5 5a2fe1ef92d54939bf68448a35cfcb01 9e1589f6ab5a42da8d5b87292151df19 - default default] Attributes excluded by policy engine: ['standard_attr_id'] _exclude_attributes_by_policy /usr/lib/python3.9/site-packages/neutron/pecan_wsgi/hooks/policy_enforcement.py:259
2025-12-16 07:47:56.870 17 DEBUG neutron.pecan_wsgi.hooks.policy_enforcement [req-547e7a46-e3cd-4a36-883b-2a12cf1a87d5 5a2fe1ef92d54939bf68448a35cfcb01 9e1589f6ab5a42da8d5b87292151df19 - default default] Attributes excluded by policy engine: ['standard_attr_id'] _exclude_attributes_by_policy /usr/lib/python3.9/site-packages/neutron/pecan_wsgi/hooks/policy_enforcement.py:259
2025-12-16 07:47:56.870 17 DEBUG neutron.pecan_wsgi.hooks.policy_enforcement [req-547e7a46-e3cd-4a36-883b-2a12cf1a87d5 5a2fe1ef92d54939bf68448a35cfcb01 9e1589f6ab5a42da8d5b87292151df19 - default default] Attributes excluded by policy engine: ['standard_attr_id'] _exclude_attributes_by_policy /usr/lib/python3.9/site-packages/neutron/pecan_wsgi/hooks/policy_enforcement.py:259
2025-12-16 07:47:56.870 17 DEBUG neutron.pecan_wsgi.hooks.policy_enforcement [req-547e7a46-e3cd-4a36-883b-2a12cf1a87d5 5a2fe1ef92d54939bf68448a35cfcb01 9e1589f6ab5a42da8d5b87292151df19 - default default] Attributes excluded by policy engine: ['standard_attr_id'] _exclude_attributes_by_policy /usr/lib/python3.9/site-packages/neutron/pecan_wsgi/hooks/policy_enforcement.py:259
2025-12-16 07:47:56.870 17 DEBUG neutron.pecan_wsgi.hooks.policy_enforcement [req-547e7a46-e3cd-4a36-883b-2a12cf1a87d5 5a2fe1ef92d54939bf68448a35cfcb01 9e1589f6ab5a42da8d5b87292151df19 - default default] Attributes excluded by policy engine: ['standard_attr_id'] _exclude_attributes_by_policy /usr/lib/python3.9/site-packages/neutron/pecan_wsgi/hooks/policy_enforcement.py:259
2025-12-16 07:47:56.871 17 INFO neutron.wsgi [req-547e7a46-e3cd-4a36-883b-2a12cf1a87d5 5a2fe1ef92d54939bf68448a35cfcb01 9e1589f6ab5a42da8d5b87292151df19 - default default] 192.168.122.99,192.168.122.100 "GET /v2.0/ports?tags=tripleo_stack_name%3Dovercloud HTTP/1.1" status: 200 len: 5305 time: 0.0452797
2025-12-16 07:47:56.915 22 DEBUG neutron.db.provisioning_blocks [req-2399d88b-347e-4fe7-a458-378c5d6a8300 - - - - -] Provisioning for port 0d2fe07c-b704-4781-9da4-957e3bd7fd29 completed by entity DHCP. provisioning_complete /usr/lib/python3.9/site-packages/neutron/db/provisioning_blocks.py:134
2025-12-16 07:47:56.920 22 DEBUG neutron.db.provisioning_blocks [req-2399d88b-347e-4fe7-a458-378c5d6a8300 - - - - -] Provisioning complete for port 0d2fe07c-b704-4781-9da4-957e3bd7fd29 triggered by entity DHCP. provisioning_complete /usr/lib/python3.9/site-packages/neutron/db/provisioning_blocks.py:140
2025-12-16 07:47:56.921 22 DEBUG neutron_lib.callbacks.manager [req-2399d88b-347e-4fe7-a458-378c5d6a8300 - - - - -] Notify callbacks ['neutron.plugins.ml2.plugin.Ml2Plugin._port_provisioned-659796'] for port, provisioning_complete _notify_loop /usr/lib/python3.9/site-packages/neutron_lib/callbacks/manager.py:200
2025-12-16 07:47:56.921 22 INFO neutron.plugins.ml2.plugin [req-2399d88b-347e-4fe7-a458-378c5d6a8300 - - - - -] Attempt 1 to provision port 0d2fe07c-b704-4781-9da4-957e3bd7fd29
2025-12-16 07:47:56.978 22 DEBUG neutron.plugins.ml2.plugin [req-2399d88b-347e-4fe7-a458-378c5d6a8300 - - - - -] Port 0d2fe07c-b704-4781-9da4-957e3bd7fd29 cannot update to ACTIVE because it is not bound. _port_provisioned /usr/lib/python3.9/site-packages/neutron/plugins/ml2/plugin.py:353
2025-12-16 07:47:58.255 15 DEBUG neutron.wsgi [-] (15) accepted ('192.168.122.100', 42126) server /usr/lib/python3.9/site-packages/eventlet/wsgi.py:992
2025-12-16 07:47:58.427 15 DEBUG neutron.pecan_wsgi.hooks.policy_enforcement [req-7ff887d7-6ca8-43d7-b3cd-b7ad15361b4c 5a2fe1ef92d54939bf68448a35cfcb01 9e1589f6ab5a42da8d5b87292151df19 - default default] Attributes excluded by policy engine: ['standard_attr_id', 'vlan_transparent'] _exclude_attributes_by_policy /usr/lib/python3.9/site-packages/neutron/pecan_wsgi/hooks/policy_enforcement.py:259
2025-12-16 07:47:58.427 15 DEBUG neutron.pecan_wsgi.hooks.policy_enforcement [req-7ff887d7-6ca8-43d7-b3cd-b7ad15361b4c 5a2fe1ef92d54939bf68448a35cfcb01 9e1589f6ab5a42da8d5b87292151df19 - default default] Attributes excluded by policy engine: ['standard_attr_id', 'vlan_transparent'] _exclude_attributes_by_policy /usr/lib/python3.9/site-packages/neutron/pecan_wsgi/hooks/policy_enforcement.py:259
2025-12-16 07:47:58.428 15 DEBUG neutron.pecan_wsgi.hooks.policy_enforcement [req-7ff887d7-6ca8-43d7-b3cd-b7ad15361b4c 5a2fe1ef92d54939bf68448a35cfcb01 9e1589f6ab5a42da8d5b87292151df19 - default default] Attributes excluded by policy engine: ['standard_attr_id', 'vlan_transparent'] _exclude_attributes_by_policy /usr/lib/python3.9/site-packages/neutron/pecan_wsgi/hooks/policy_enforcement.py:259
2025-12-16 07:47:58.428 15 DEBUG neutron.pecan_wsgi.hooks.policy_enforcement [req-7ff887d7-6ca8-43d7-b3cd-b7ad15361b4c 5a2fe1ef92d54939bf68448a35cfcb01 9e1589f6ab5a42da8d5b87292151df19 - default default] Attributes excluded by policy engine: ['standard_attr_id', 'vlan_transparent'] _exclude_attributes_by_policy /usr/lib/python3.9/site-packages/neutron/pecan_wsgi/hooks/policy_enforcement.py:259
2025-12-16 07:47:58.428 15 DEBUG neutron.pecan_wsgi.hooks.policy_enforcement [req-7ff887d7-6ca8-43d7-b3cd-b7ad15361b4c 5a2fe1ef92d54939bf68448a35cfcb01 9e1589f6ab5a42da8d5b87292151df19 - default default] Attributes excluded by policy engine: ['standard_attr_id', 'vlan_transparent'] _exclude_attributes_by_policy /usr/lib/python3.9/site-packages/neutron/pecan_wsgi/hooks/policy_enforcement.py:259
2025-12-16 07:47:58.428 15 DEBUG neutron.pecan_wsgi.hooks.policy_enforcement [req-7ff887d7-6ca8-43d7-b3cd-b7ad15361b4c 5a2fe1ef92d54939bf68448a35cfcb01 9e1589f6ab5a42da8d5b87292151df19 - default default] Attributes excluded by policy engine: ['standard_attr_id', 'vlan_transparent'] _exclude_attributes_by_policy /usr/lib/python3.9/site-packages/neutron/pecan_wsgi/hooks/policy_enforcement.py:259
2025-12-16 07:47:58.429 15 INFO neutron.wsgi [req-7ff887d7-6ca8-43d7-b3cd-b7ad15361b4c 5a2fe1ef92d54939bf68448a35cfcb01 9e1589f6ab5a42da8d5b87292151df19 - default default] 192.168.122.99,192.168.122.100 "GET /v2.0/networks HTTP/1.1" status: 200 len: 5131 time: 0.1735587
2025-12-16 07:47:58.471 15 DEBUG neutron.pecan_wsgi.hooks.policy_enforcement [req-ab637567-6549-46c0-aff6-ece91d46b6cb 5a2fe1ef92d54939bf68448a35cfcb01 9e1589f6ab5a42da8d5b87292151df19 - default default] Attributes excluded by policy engine: ['standard_attr_id', 'shared'] _exclude_attributes_by_policy /usr/lib/python3.9/site-packages/neutron/pecan_wsgi/hooks/policy_enforcement.py:259
2025-12-16 07:47:58.472 15 INFO neutron.wsgi [req-ab637567-6549-46c0-aff6-ece91d46b6cb 5a2fe1ef92d54939bf68448a35cfcb01 9e1589f6ab5a42da8d5b87292151df19 - default default] 192.168.122.99,192.168.122.100 "GET /v2.0/subnets?network_id=278331a9-6436-4e0f-b1ed-7c1affb92a6b HTTP/1.1" status: 200 len: 861 time: 0.0369329
2025-12-16 07:47:58.514 15 DEBUG neutron.pecan_wsgi.hooks.policy_enforcement [req-c4dd64c0-6d33-4edb-aa09-245bec62873b 5a2fe1ef92d54939bf68448a35cfcb01 9e1589f6ab5a42da8d5b87292151df19 - default default] Attributes excluded by policy engine: ['standard_attr_id', 'shared'] _exclude_attributes_by_policy /usr/lib/python3.9/site-packages/neutron/pecan_wsgi/hooks/policy_enforcement.py:259
2025-12-16 07:47:58.515 15 INFO neutron.wsgi [req-c4dd64c0-6d33-4edb-aa09-245bec62873b 5a2fe1ef92d54939bf68448a35cfcb01 9e1589f6ab5a42da8d5b87292151df19 - default default] 192.168.122.99,192.168.122.100 "GET /v2.0/subnets?network_id=829c656c-bf08-4b06-a43e-a94c9b605914 HTTP/1.1" status: 200 len: 867 time: 0.0363719
2025-12-16 07:47:58.553 15 DEBUG neutron.pecan_wsgi.hooks.policy_enforcement [req-ae0c3079-435e-4e6f-b168-249222c3ec5c 5a2fe1ef92d54939bf68448a35cfcb01 9e1589f6ab5a42da8d5b87292151df19 - default default] Attributes excluded by policy engine: ['standard_attr_id', 'shared'] _exclude_attributes_by_policy /usr/lib/python3.9/site-packages/neutron/pecan_wsgi/hooks/policy_enforcement.py:259
2025-12-16 07:47:58.554 15 INFO neutron.wsgi [req-ae0c3079-435e-4e6f-b168-249222c3ec5c 5a2fe1ef92d54939bf68448a35cfcb01 9e1589f6ab5a42da8d5b87292151df19 - default default] 192.168.122.99,192.168.122.100 "GET /v2.0/subnets?network_id=9510cd16-a7a9-4150-b099-53e686ea0ebc HTTP/1.1" status: 200 len: 862 time: 0.0328810
2025-12-16 07:47:58.608 15 DEBUG neutron.pecan_wsgi.hooks.policy_enforcement [req-bc6432bb-8704-4527-9e22-b5db535040e0 5a2fe1ef92d54939bf68448a35cfcb01 9e1589f6ab5a42da8d5b87292151df19 - default default] Attributes excluded by policy engine: ['standard_attr_id', 'shared'] _exclude_attributes_by_policy /usr/lib/python3.9/site-packages/neutron/pecan_wsgi/hooks/policy_enforcement.py:259
2025-12-16 07:47:58.609 15 INFO neutron.wsgi [req-bc6432bb-8704-4527-9e22-b5db535040e0 5a2fe1ef92d54939bf68448a35cfcb01 9e1589f6ab5a42da8d5b87292151df19 - default default] 192.168.122.99,192.168.122.100 "GET /v2.0/subnets?network_id=9a7f23dd-e1eb-4106-8369-3f719bdeb030 HTTP/1.1" status: 200 len: 845 time: 0.0273547
2025-12-16 07:47:58.640 15 DEBUG neutron.pecan_wsgi.hooks.policy_enforcement [req-e43d18f8-90bb-4cc5-88db-278ea6220693 5a2fe1ef92d54939bf68448a35cfcb01 9e1589f6ab5a42da8d5b87292151df19 - default default] Attributes excluded by policy engine: ['standard_attr_id', 'shared'] _exclude_attributes_by_policy /usr/lib/python3.9/site-packages/neutron/pecan_wsgi/hooks/policy_enforcement.py:259
2025-12-16 07:47:58.641 15 INFO neutron.wsgi [req-e43d18f8-90bb-4cc5-88db-278ea6220693 5a2fe1ef92d54939bf68448a35cfcb01 9e1589f6ab5a42da8d5b87292151df19 - default default] 192.168.122.99,192.168.122.100 "GET /v2.0/subnets?network_id=b5eede3c-cd7e-4911-9d09-21f9f6617aa2 HTTP/1.1" status: 200 len: 867 time: 0.0256922
2025-12-16 07:47:58.672 15 DEBUG neutron.pecan_wsgi.hooks.policy_enforcement [req-0f61c1ca-70a7-4606-833f-ac1cbe14890a 5a2fe1ef92d54939bf68448a35cfcb01 9e1589f6ab5a42da8d5b87292151df19 - default default] Attributes excluded by policy engine: ['standard_attr_id', 'shared'] _exclude_attributes_by_policy /usr/lib/python3.9/site-packages/neutron/pecan_wsgi/hooks/policy_enforcement.py:259
2025-12-16 07:47:58.672 15 INFO neutron.wsgi [req-0f61c1ca-70a7-4606-833f-ac1cbe14890a 5a2fe1ef92d54939bf68448a35cfcb01 9e1589f6ab5a42da8d5b87292151df19 - default default] 192.168.122.99,192.168.122.100 "GET /v2.0/subnets?network_id=d507f3dc-359a-45a5-945a-d754ac1767bc HTTP/1.1" status: 200 len: 863 time: 0.0252123
2025-12-16 07:47:58.731 15 DEBUG neutron.pecan_wsgi.hooks.policy_enforcement [req-ae20a612-b508-4147-a981-3d88dfe0f879 5a2fe1ef92d54939bf68448a35cfcb01 9e1589f6ab5a42da8d5b87292151df19 - default default] Attributes excluded by policy engine: ['standard_attr_id', 'vlan_transparent'] _exclude_attributes_by_policy /usr/lib/python3.9/site-packages/neutron/pecan_wsgi/hooks/policy_enforcement.py:259
2025-12-16 07:47:58.732 15 DEBUG neutron.pecan_wsgi.hooks.policy_enforcement [req-ae20a612-b508-4147-a981-3d88dfe0f879 5a2fe1ef92d54939bf68448a35cfcb01 9e1589f6ab5a42da8d5b87292151df19 - default default] Attributes excluded by policy engine: ['standard_attr_id', 'vlan_transparent'] _exclude_attributes_by_policy /usr/lib/python3.9/site-packages/neutron/pecan_wsgi/hooks/policy_enforcement.py:259
2025-12-16 07:47:58.732 15 DEBUG neutron.pecan_wsgi.hooks.policy_enforcement [req-ae20a612-b508-4147-a981-3d88dfe0f879 5a2fe1ef92d54939bf68448a35cfcb01 9e1589f6ab5a42da8d5b87292151df19 - default default] Attributes excluded by policy engine: ['standard_attr_id', 'vlan_transparent'] _exclude_attributes_by_policy /usr/lib/python3.9/site-packages/neutron/pecan_wsgi/hooks/policy_enforcement.py:259
2025-12-16 07:47:58.732 15 DEBUG neutron.pecan_wsgi.hooks.policy_enforcement [req-ae20a612-b508-4147-a981-3d88dfe0f879 5a2fe1ef92d54939bf68448a35cfcb01 9e1589f6ab5a42da8d5b87292151df19 - default default] Attributes excluded by policy engine: ['standard_attr_id', 'vlan_transparent'] _exclude_attributes_by_policy /usr/lib/python3.9/site-packages/neutron/pecan_wsgi/hooks/policy_enforcement.py:259
2025-12-16 07:47:58.732 15 DEBUG neutron.pecan_wsgi.hooks.policy_enforcement [req-ae20a612-b508-4147-a981-3d88dfe0f879 5a2fe1ef92d54939bf68448a35cfcb01 9e1589f6ab5a42da8d5b87292151df19 - default default] Attributes excluded by policy engine: ['standard_attr_id', 'vlan_transparent'] _exclude_attributes_by_policy /usr/lib/python3.9/site-packages/neutron/pecan_wsgi/hooks/policy_enforcement.py:259
2025-12-16 07:47:58.732 15 DEBUG neutron.pecan_wsgi.hooks.policy_enforcement [req-ae20a612-b508-4147-a981-3d88dfe0f879 5a2fe1ef92d54939bf68448a35cfcb01 9e1589f6ab5a42da8d5b87292151df19 - default default] Attributes excluded by policy engine: ['standard_attr_id', 'vlan_transparent'] _exclude_attributes_by_policy /usr/lib/python3.9/site-packages/neutron/pecan_wsgi/hooks/policy_enforcement.py:259
2025-12-16 07:47:58.733 15 INFO neutron.wsgi [req-ae20a612-b508-4147-a981-3d88dfe0f879 5a2fe1ef92d54939bf68448a35cfcb01 9e1589f6ab5a42da8d5b87292151df19 - default default] 192.168.122.99,192.168.122.100 "GET /v2.0/networks HTTP/1.1" status: 200 len: 5131 time: 0.0560944
2025-12-16 07:47:58.782 15 DEBUG neutron.pecan_wsgi.hooks.policy_enforcement [req-01c86d9e-cb5c-4bbb-acd0-87c6f328037e 5a2fe1ef92d54939bf68448a35cfcb01 9e1589f6ab5a42da8d5b87292151df19 - default default] Attributes excluded by policy engine: ['standard_attr_id'] _exclude_attributes_by_policy /usr/lib/python3.9/site-packages/neutron/pecan_wsgi/hooks/policy_enforcement.py:259
2025-12-16 07:47:58.783 15 INFO neutron.wsgi [req-01c86d9e-cb5c-4bbb-acd0-87c6f328037e 5a2fe1ef92d54939bf68448a35cfcb01 9e1589f6ab5a42da8d5b87292151df19 - default default] 192.168.122.99,192.168.122.100 "GET /v2.0/ports?network_id=829c656c-bf08-4b06-a43e-a94c9b605914&tags=tripleo_stack_name%3Dovercloud&tags=tripleo_vip_net%3Dinternal_api HTTP/1.1" status: 200 len: 1215 time: 0.0379074
2025-12-16 07:47:58.834 15 DEBUG neutron.pecan_wsgi.hooks.policy_enforcement [req-fa3cdd7d-c455-4d77-b4f9-2bc90a7c0fd3 5a2fe1ef92d54939bf68448a35cfcb01 9e1589f6ab5a42da8d5b87292151df19 - default default] Attributes excluded by policy engine: ['standard_attr_id', 'shared'] _exclude_attributes_by_policy /usr/lib/python3.9/site-packages/neutron/pecan_wsgi/hooks/policy_enforcement.py:259
2025-12-16 07:47:58.835 15 INFO neutron.wsgi [req-fa3cdd7d-c455-4d77-b4f9-2bc90a7c0fd3 5a2fe1ef92d54939bf68448a35cfcb01 9e1589f6ab5a42da8d5b87292151df19 - default default] 192.168.122.99,192.168.122.100 "GET /v2.0/subnets/1f9e8ce2-f2c7-4fc0-a187-fe6a0f01b3c5 HTTP/1.1" status: 200 len: 864 time: 0.0460324
2025-12-16 07:47:58.848 18 DEBUG neutron.wsgi [-] (18) accepted ('192.168.122.100', 42128) server /usr/lib/python3.9/site-packages/eventlet/wsgi.py:992
2025-12-16 07:47:58.850 18 INFO neutron.wsgi [-] 192.168.122.100 "GET /healthcheck HTTP/1.0" status: 200 len: 137 time: 0.0013895
2025-12-16 07:47:58.924 15 DEBUG neutron.pecan_wsgi.hooks.policy_enforcement [req-6e855d27-3afd-4b0e-a098-0fd392fe2811 5a2fe1ef92d54939bf68448a35cfcb01 9e1589f6ab5a42da8d5b87292151df19 - default default] Attributes excluded by policy engine: ['standard_attr_id'] _exclude_attributes_by_policy /usr/lib/python3.9/site-packages/neutron/pecan_wsgi/hooks/policy_enforcement.py:259
2025-12-16 07:47:58.926 15 INFO neutron.wsgi [req-6e855d27-3afd-4b0e-a098-0fd392fe2811 5a2fe1ef92d54939bf68448a35cfcb01 9e1589f6ab5a42da8d5b87292151df19 - default default] 192.168.122.99,192.168.122.100 "GET /v2.0/ports?network_id=9510cd16-a7a9-4150-b099-53e686ea0ebc&tags=tripleo_stack_name%3Dovercloud&tags=tripleo_vip_net%3Dstorage HTTP/1.1" status: 200 len: 1205 time: 0.0858371
2025-12-16 07:47:58.974 15 DEBUG neutron.pecan_wsgi.hooks.policy_enforcement [req-b03c8362-1033-41f5-bcbb-4b6b13b82144 5a2fe1ef92d54939bf68448a35cfcb01 9e1589f6ab5a42da8d5b87292151df19 - default default] Attributes excluded by policy engine: ['standard_attr_id', 'shared'] _exclude_attributes_by_policy /usr/lib/python3.9/site-packages/neutron/pecan_wsgi/hooks/policy_enforcement.py:259
2025-12-16 07:47:58.975 15 INFO neutron.wsgi [req-b03c8362-1033-41f5-bcbb-4b6b13b82144 5a2fe1ef92d54939bf68448a35cfcb01 9e1589f6ab5a42da8d5b87292151df19 - default default] 192.168.122.99,192.168.122.100 "GET /v2.0/subnets/84a9b7f3-a439-468b-8ac2-76e6cdb7bfbf HTTP/1.1" status: 200 len: 859 time: 0.0427761
2025-12-16 07:47:59.032 15 DEBUG neutron.pecan_wsgi.hooks.policy_enforcement [req-b3e96547-8ade-42f7-bcb7-fbe657385dd4 5a2fe1ef92d54939bf68448a35cfcb01 9e1589f6ab5a42da8d5b87292151df19 - default default] Attributes excluded by policy engine: ['standard_attr_id'] _exclude_attributes_by_policy /usr/lib/python3.9/site-packages/neutron/pecan_wsgi/hooks/policy_enforcement.py:259
2025-12-16 07:47:59.033 15 INFO neutron.wsgi [req-b3e96547-8ade-42f7-bcb7-fbe657385dd4 5a2fe1ef92d54939bf68448a35cfcb01 9e1589f6ab5a42da8d5b87292151df19 - default default] 192.168.122.99,192.168.122.100 "GET /v2.0/ports?network_id=b5eede3c-cd7e-4911-9d09-21f9f6617aa2&tags=tripleo_stack_name%3Dovercloud&tags=tripleo_vip_net%3Dstorage_mgmt HTTP/1.1" status: 200 len: 1215 time: 0.0537500
2025-12-16 07:47:59.074 15 DEBUG neutron.pecan_wsgi.hooks.policy_enforcement [req-08f6cd64-cb97-40ba-b6bc-f7125385c44c 5a2fe1ef92d54939bf68448a35cfcb01 9e1589f6ab5a42da8d5b87292151df19 - default default] Attributes excluded by policy engine: ['standard_attr_id', 'shared'] _exclude_attributes_by_policy /usr/lib/python3.9/site-packages/neutron/pecan_wsgi/hooks/policy_enforcement.py:259
2025-12-16 07:47:59.074 15 INFO neutron.wsgi [req-08f6cd64-cb97-40ba-b6bc-f7125385c44c 5a2fe1ef92d54939bf68448a35cfcb01 9e1589f6ab5a42da8d5b87292151df19 - default default] 192.168.122.99,192.168.122.100 "GET /v2.0/subnets/5a8d9ed5-c649-4fde-b334-1712cf499664 HTTP/1.1" status: 200 len: 864 time: 0.0350618
2025-12-16 07:47:59.119 15 DEBUG neutron.pecan_wsgi.hooks.policy_enforcement [req-4855d748-88c7-4fa7-8d80-73f82196887a 5a2fe1ef92d54939bf68448a35cfcb01 9e1589f6ab5a42da8d5b87292151df19 - default default] Attributes excluded by policy engine: ['standard_attr_id'] _exclude_attributes_by_policy /usr/lib/python3.9/site-packages/neutron/pecan_wsgi/hooks/policy_enforcement.py:259
2025-12-16 07:47:59.120 15 INFO neutron.wsgi [req-4855d748-88c7-4fa7-8d80-73f82196887a 5a2fe1ef92d54939bf68448a35cfcb01 9e1589f6ab5a42da8d5b87292151df19 - default default] 192.168.122.99,192.168.122.100 "GET /v2.0/ports?network_id=d507f3dc-359a-45a5-945a-d754ac1767bc&tags=tripleo_stack_name%3Dovercloud&tags=tripleo_vip_net%3Dexternal HTTP/1.1" status: 200 len: 1207 time: 0.0410702
2025-12-16 07:47:59.156 15 DEBUG neutron.pecan_wsgi.hooks.policy_enforcement [req-e80cd7ff-d72b-430a-b4b9-d0137432e408 5a2fe1ef92d54939bf68448a35cfcb01 9e1589f6ab5a42da8d5b87292151df19 - default default] Attributes excluded by policy engine: ['standard_attr_id', 'shared'] _exclude_attributes_by_policy /usr/lib/python3.9/site-packages/neutron/pecan_wsgi/hooks/policy_enforcement.py:259
2025-12-16 07:47:59.157 15 INFO neutron.wsgi [req-e80cd7ff-d72b-430a-b4b9-d0137432e408 5a2fe1ef92d54939bf68448a35cfcb01 9e1589f6ab5a42da8d5b87292151df19 - default default] 192.168.122.99,192.168.122.100 "GET /v2.0/subnets/68e70344-5335-4499-9b56-dc40cad922b4 HTTP/1.1" status: 200 len: 860 time: 0.0315454
2025-12-16 07:47:59.162 15 DEBUG neutron.wsgi [-] (15) accepted ('192.168.122.100', 42144) server /usr/lib/python3.9/site-packages/eventlet/wsgi.py:992
2025-12-16 07:47:59.202 15 DEBUG neutron.pecan_wsgi.hooks.policy_enforcement [req-7b0029f4-d877-4900-ba2a-3e69ace25c9a 5a2fe1ef92d54939bf68448a35cfcb01 9e1589f6ab5a42da8d5b87292151df19 - default default] Attributes excluded by policy engine: ['standard_attr_id'] _exclude_attributes_by_policy /usr/lib/python3.9/site-packages/neutron/pecan_wsgi/hooks/policy_enforcement.py:259
2025-12-16 07:47:59.203 15 INFO neutron.wsgi [req-7b0029f4-d877-4900-ba2a-3e69ace25c9a 5a2fe1ef92d54939bf68448a35cfcb01 9e1589f6ab5a42da8d5b87292151df19 - default default] 192.168.122.99,192.168.122.100 "GET /v2.0/ports?network_id=9a7f23dd-e1eb-4106-8369-3f719bdeb030&tags=tripleo_stack_name%3Dovercloud&tags=tripleo_vip_net%3Dctlplane HTTP/1.1" status: 200 len: 1211 time: 0.0404236
2025-12-16 07:47:59.263 15 DEBUG neutron.pecan_wsgi.hooks.policy_enforcement [req-0615accb-b569-4741-a980-473cfd5f6fe6 5a2fe1ef92d54939bf68448a35cfcb01 9e1589f6ab5a42da8d5b87292151df19 - default default] Attributes excluded by policy engine: ['standard_attr_id', 'vlan_transparent'] _exclude_attributes_by_policy /usr/lib/python3.9/site-packages/neutron/pecan_wsgi/hooks/policy_enforcement.py:259
2025-12-16 07:47:59.263 15 INFO neutron.wsgi [req-0615accb-b569-4741-a980-473cfd5f6fe6 5a2fe1ef92d54939bf68448a35cfcb01 9e1589f6ab5a42da8d5b87292151df19 - default default] 192.168.122.99,192.168.122.100 "GET /v2.0/networks/9a7f23dd-e1eb-4106-8369-3f719bdeb030 HTTP/1.1" status: 200 len: 919 time: 0.0542369
2025-12-16 07:47:59.298 15 DEBUG neutron.pecan_wsgi.hooks.policy_enforcement [req-b829d9ff-cf5d-4f62-abc4-549664e9d26a 5a2fe1ef92d54939bf68448a35cfcb01 9e1589f6ab5a42da8d5b87292151df19 - default default] Attributes excluded by policy engine: ['standard_attr_id', 'shared'] _exclude_attributes_by_policy /usr/lib/python3.9/site-packages/neutron/pecan_wsgi/hooks/policy_enforcement.py:259
2025-12-16 07:47:59.298 15 INFO neutron.wsgi [req-b829d9ff-cf5d-4f62-abc4-549664e9d26a 5a2fe1ef92d54939bf68448a35cfcb01 9e1589f6ab5a42da8d5b87292151df19 - default default] 192.168.122.99,192.168.122.100 "GET /v2.0/subnets/24189af3-7d10-4624-9da5-be790f01bd99 HTTP/1.1" status: 200 len: 842 time: 0.0289614
2025-12-16 07:48:00.852 15 DEBUG neutron.wsgi [-] (15) accepted ('192.168.122.100', 42146) server /usr/lib/python3.9/site-packages/eventlet/wsgi.py:992
2025-12-16 07:48:00.854 15 INFO neutron.wsgi [-] 192.168.122.100 "GET /healthcheck HTTP/1.0" status: 200 len: 137 time: 0.0018117
2025-12-16 07:48:02.856 17 DEBUG neutron.wsgi [-] (17) accepted ('192.168.122.100', 42152) server /usr/lib/python3.9/site-packages/eventlet/wsgi.py:992
2025-12-16 07:48:02.858 17 INFO neutron.wsgi [-] 192.168.122.100 "GET /healthcheck HTTP/1.0" status: 200 len: 137 time: 0.0015426
2025-12-16 07:48:04.860 15 DEBUG neutron.wsgi [-] (15) accepted ('192.168.122.100', 42158) server /usr/lib/python3.9/site-packages/eventlet/wsgi.py:992
2025-12-16 07:48:04.863 15 INFO neutron.wsgi [-] 192.168.122.100 "GET /healthcheck HTTP/1.0" status: 200 len: 137 time: 0.0018950
2025-12-16 07:48:06.865 16 DEBUG neutron.wsgi [-] (16) accepted ('192.168.122.100', 55588) server /usr/lib/python3.9/site-packages/eventlet/wsgi.py:992
2025-12-16 07:48:06.867 16 INFO neutron.wsgi [-] 192.168.122.100 "GET /healthcheck HTTP/1.0" status: 200 len: 137 time: 0.0017626
2025-12-16 07:48:08.869 18 DEBUG neutron.wsgi [-] (18) accepted ('192.168.122.100', 55602) server /usr/lib/python3.9/site-packages/eventlet/wsgi.py:992
2025-12-16 07:48:08.871 18 INFO neutron.wsgi [-] 192.168.122.100 "GET /healthcheck HTTP/1.0" status: 200 len: 137 time: 0.0018506
2025-12-16 07:48:10.873 18 DEBUG neutron.wsgi [-] (18) accepted ('192.168.122.100', 55616) server /usr/lib/python3.9/site-packages/eventlet/wsgi.py:992
2025-12-16 07:48:10.875 18 INFO neutron.wsgi [-] 192.168.122.100 "GET /healthcheck HTTP/1.0" status: 200 len: 137 time: 0.0012765
2025-12-16 07:48:12.877 17 DEBUG neutron.wsgi [-] (17) accepted ('192.168.122.100', 55622) server /usr/lib/python3.9/site-packages/eventlet/wsgi.py:992
2025-12-16 07:48:12.879 17 INFO neutron.wsgi [-] 192.168.122.100 "GET /healthcheck HTTP/1.0" status: 200 len: 137 time: 0.0013452
2025-12-16 07:48:14.881 16 DEBUG neutron.wsgi [-] (16) accepted ('192.168.122.100', 55628) server /usr/lib/python3.9/site-packages/eventlet/wsgi.py:992
2025-12-16 07:48:14.884 16 INFO neutron.wsgi [-] 192.168.122.100 "GET /healthcheck HTTP/1.0" status: 200 len: 137 time: 0.0014400
2025-12-16 07:48:16.885 17 DEBUG neutron.wsgi [-] (17) accepted ('192.168.122.100', 56494) server /usr/lib/python3.9/site-packages/eventlet/wsgi.py:992
2025-12-16 07:48:16.888 17 INFO neutron.wsgi [-] 192.168.122.100 "GET /healthcheck HTTP/1.0" status: 200 len: 137 time: 0.0019009
2025-12-16 07:48:18.890 15 DEBUG neutron.wsgi [-] (15) accepted ('192.168.122.100', 56504) server /usr/lib/python3.9/site-packages/eventlet/wsgi.py:992
2025-12-16 07:48:18.894 15 INFO neutron.wsgi [-] 192.168.122.100 "GET /healthcheck HTTP/1.0" status: 200 len: 137 time: 0.0025346
2025-12-16 07:48:20.896 18 DEBUG neutron.wsgi [-] (18) accepted ('192.168.122.100', 56514) server /usr/lib/python3.9/site-packages/eventlet/wsgi.py:992
2025-12-16 07:48:20.899 18 INFO neutron.wsgi [-] 192.168.122.100 "GET /healthcheck HTTP/1.0" status: 200 len: 137 time: 0.0025256
2025-12-16 07:48:22.466 15 DEBUG neutron.wsgi [-] (15) accepted ('192.168.122.100', 56516) server /usr/lib/python3.9/site-packages/eventlet/wsgi.py:992
2025-12-16 07:48:22.468 15 INFO neutron.wsgi [-] 192.168.122.100 "GET / HTTP/1.1" status: 200 len: 233 time: 0.0012028
2025-12-16 07:48:22.901 17 DEBUG neutron.wsgi [-] (17) accepted ('192.168.122.100', 56518) server /usr/lib/python3.9/site-packages/eventlet/wsgi.py:992
2025-12-16 07:48:22.904 17 INFO neutron.wsgi [-] 192.168.122.100 "GET /healthcheck HTTP/1.0" status: 200 len: 137 time: 0.0018439
2025-12-16 07:48:24.906 16 DEBUG neutron.wsgi [-] (16) accepted ('192.168.122.100', 56520) server /usr/lib/python3.9/site-packages/eventlet/wsgi.py:992
2025-12-16 07:48:24.910 16 INFO neutron.wsgi [-] 192.168.122.100 "GET /healthcheck HTTP/1.0" status: 200 len: 137 time: 0.0025482
2025-12-16 07:48:26.912 15 DEBUG neutron.wsgi [-] (15) accepted ('192.168.122.100', 44680) server /usr/lib/python3.9/site-packages/eventlet/wsgi.py:992
2025-12-16 07:48:26.916 15 INFO neutron.wsgi [-] 192.168.122.100 "GET /healthcheck HTTP/1.0" status: 200 len: 137 time: 0.0025406
2025-12-16 07:48:28.918 16 DEBUG neutron.wsgi [-] (16) accepted ('192.168.122.100', 44696) server /usr/lib/python3.9/site-packages/eventlet/wsgi.py:992
2025-12-16 07:48:28.920 16 INFO neutron.wsgi [-] 192.168.122.100 "GET /healthcheck HTTP/1.0" status: 200 len: 137 time: 0.0012839
2025-12-16 07:48:30.922 16 DEBUG neutron.wsgi [-] (16) accepted ('192.168.122.100', 44706) server /usr/lib/python3.9/site-packages/eventlet/wsgi.py:992
2025-12-16 07:48:30.926 16 INFO neutron.wsgi [-] 192.168.122.100 "GET /healthcheck HTTP/1.0" status: 200 len: 137 time: 0.0024958
2025-12-16 07:48:32.928 16 DEBUG neutron.wsgi [-] (16) accepted ('192.168.122.100', 44716) server /usr/lib/python3.9/site-packages/eventlet/wsgi.py:992
2025-12-16 07:48:32.932 16 INFO neutron.wsgi [-] 192.168.122.100 "GET /healthcheck HTTP/1.0" status: 200 len: 137 time: 0.0024107
2025-12-16 07:48:34.934 17 DEBUG neutron.wsgi [-] (17) accepted ('192.168.122.100', 44726) server /usr/lib/python3.9/site-packages/eventlet/wsgi.py:992
