2025-12-16 07:59:11.835 16 DEBUG neutron.pecan_wsgi.hooks.policy_enforcement [req-dc11193a-abb6-4927-95e5-3c1b3330da90 5a2fe1ef92d54939bf68448a35cfcb01 9e1589f6ab5a42da8d5b87292151df19 - default default] Attributes excluded by policy engine: ['standard_attr_id', 'vlan_transparent'] _exclude_attributes_by_policy /usr/lib/python3.9/site-packages/neutron/pecan_wsgi/hooks/policy_enforcement.py:259
2025-12-16 07:59:11.836 16 INFO neutron.wsgi [req-dc11193a-abb6-4927-95e5-3c1b3330da90 5a2fe1ef92d54939bf68448a35cfcb01 9e1589f6ab5a42da8d5b87292151df19 - default default] 192.168.122.99,192.168.122.100 "GET /v2.0/networks?name=ovn_mac_addr_net HTTP/1.1" status: 200 len: 903 time: 0.0642326
2025-12-16 07:59:11.856 17 DEBUG neutron.wsgi [-] (17) accepted ('192.168.122.100', 43312) server /usr/lib/python3.9/site-packages/eventlet/wsgi.py:992
2025-12-16 07:59:11.857 18 DEBUG neutron.wsgi [-] (18) accepted ('192.168.122.100', 43324) server /usr/lib/python3.9/site-packages/eventlet/wsgi.py:992
2025-12-16 07:59:11.868 16 INFO neutron.wsgi [req-6de4bee2-8164-4d13-8dbf-93f13c667245 5a2fe1ef92d54939bf68448a35cfcb01 9e1589f6ab5a42da8d5b87292151df19 - default default] 192.168.122.99,192.168.122.100 "GET /v2.0/ports?name=np0005561304_ovn_physnet_datacentre&network_id=5cbd1e00-02d7-45a9-b017-c838f8bb798d&tags=tripleo_stack_name%3Dovercloud HTTP/1.1" status: 200 len: 186 time: 0.0250905
2025-12-16 07:59:11.876 16 DEBUG neutron.api.v2.base [req-17faa030-ee05-4d89-b8d6-65facc5f2824 5a2fe1ef92d54939bf68448a35cfcb01 9e1589f6ab5a42da8d5b87292151df19 - default default] Request body: {'port': {'dns_name': 'np0005561304', 'name': 'np0005561304_ovn_physnet_datacentre', 'network_id': '5cbd1e00-02d7-45a9-b017-c838f8bb798d'}} prepare_request_body /usr/lib/python3.9/site-packages/neutron/api/v2/base.py:729
2025-12-16 07:59:11.885 16 DEBUG neutron.pecan_wsgi.hooks.quota_enforcement [req-17faa030-ee05-4d89-b8d6-65facc5f2824 5a2fe1ef92d54939bf68448a35cfcb01 9e1589f6ab5a42da8d5b87292151df19 - default default] Made reservation on behalf of 9e1589f6ab5a42da8d5b87292151df19 for: {'port': 1} before /usr/lib/python3.9/site-packages/neutron/pecan_wsgi/hooks/quota_enforcement.py:53
2025-12-16 07:59:11.886 16 DEBUG neutron_lib.callbacks.manager [req-17faa030-ee05-4d89-b8d6-65facc5f2824 5a2fe1ef92d54939bf68448a35cfcb01 9e1589f6ab5a42da8d5b87292151df19 - default default] Notify callbacks ['neutron.plugins.ml2.plugin.SecurityGroupDbMixin._ensure_default_security_group_handler-630399'] for port, before_create _notify_loop /usr/lib/python3.9/site-packages/neutron_lib/callbacks/manager.py:200
2025-12-16 07:59:11.902 16 DEBUG neutron.notifiers.nova [req-17faa030-ee05-4d89-b8d6-65facc5f2824 5a2fe1ef92d54939bf68448a35cfcb01 9e1589f6ab5a42da8d5b87292151df19 - default default] device_id is not set on port 92c7b9aa-ab6d-45e7-afa1-f0e0b7c35d25 yet. _can_notify /usr/lib/python3.9/site-packages/neutron/notifiers/nova.py:201
2025-12-16 07:59:11.903 18 INFO neutron.wsgi [req-6e3836a9-aebe-49d0-bed0-abcbd5931d71 5a2fe1ef92d54939bf68448a35cfcb01 9e1589f6ab5a42da8d5b87292151df19 - default default] 192.168.122.99,192.168.122.100 "GET /v2.0/ports?name=np0005561305_ovn_physnet_datacentre&network_id=5cbd1e00-02d7-45a9-b017-c838f8bb798d&tags=tripleo_stack_name%3Dovercloud HTTP/1.1" status: 200 len: 186 time: 0.0449905
2025-12-16 07:59:11.905 17 INFO neutron.wsgi [req-5bf17428-e451-491b-b0ba-83239855228e 5a2fe1ef92d54939bf68448a35cfcb01 9e1589f6ab5a42da8d5b87292151df19 - default default] 192.168.122.99,192.168.122.100 "GET /v2.0/ports?name=np0005561306_ovn_physnet_datacentre&network_id=5cbd1e00-02d7-45a9-b017-c838f8bb798d&tags=tripleo_stack_name%3Dovercloud HTTP/1.1" status: 200 len: 186 time: 0.0479424
2025-12-16 07:59:11.914 18 DEBUG neutron.api.v2.base [req-c8cacda4-e1b0-480e-b283-5ec0dd4e0c34 5a2fe1ef92d54939bf68448a35cfcb01 9e1589f6ab5a42da8d5b87292151df19 - default default] Request body: {'port': {'dns_name': 'np0005561305', 'name': 'np0005561305_ovn_physnet_datacentre', 'network_id': '5cbd1e00-02d7-45a9-b017-c838f8bb798d'}} prepare_request_body /usr/lib/python3.9/site-packages/neutron/api/v2/base.py:729
2025-12-16 07:59:11.918 17 DEBUG neutron.api.v2.base [req-b30ef753-8090-4422-bf5b-38cb5460d224 5a2fe1ef92d54939bf68448a35cfcb01 9e1589f6ab5a42da8d5b87292151df19 - default default] Request body: {'port': {'dns_name': 'np0005561306', 'name': 'np0005561306_ovn_physnet_datacentre', 'network_id': '5cbd1e00-02d7-45a9-b017-c838f8bb798d'}} prepare_request_body /usr/lib/python3.9/site-packages/neutron/api/v2/base.py:729
2025-12-16 07:59:11.928 18 DEBUG neutron.pecan_wsgi.hooks.quota_enforcement [req-c8cacda4-e1b0-480e-b283-5ec0dd4e0c34 5a2fe1ef92d54939bf68448a35cfcb01 9e1589f6ab5a42da8d5b87292151df19 - default default] Made reservation on behalf of 9e1589f6ab5a42da8d5b87292151df19 for: {'port': 1} before /usr/lib/python3.9/site-packages/neutron/pecan_wsgi/hooks/quota_enforcement.py:53
2025-12-16 07:59:11.930 18 DEBUG neutron_lib.callbacks.manager [req-c8cacda4-e1b0-480e-b283-5ec0dd4e0c34 5a2fe1ef92d54939bf68448a35cfcb01 9e1589f6ab5a42da8d5b87292151df19 - default default] Notify callbacks ['neutron.plugins.ml2.plugin.SecurityGroupDbMixin._ensure_default_security_group_handler-630399'] for port, before_create _notify_loop /usr/lib/python3.9/site-packages/neutron_lib/callbacks/manager.py:200
2025-12-16 07:59:11.932 17 DEBUG neutron.pecan_wsgi.hooks.quota_enforcement [req-b30ef753-8090-4422-bf5b-38cb5460d224 5a2fe1ef92d54939bf68448a35cfcb01 9e1589f6ab5a42da8d5b87292151df19 - default default] Made reservation on behalf of 9e1589f6ab5a42da8d5b87292151df19 for: {'port': 1} before /usr/lib/python3.9/site-packages/neutron/pecan_wsgi/hooks/quota_enforcement.py:53
2025-12-16 07:59:11.935 17 DEBUG neutron_lib.callbacks.manager [req-b30ef753-8090-4422-bf5b-38cb5460d224 5a2fe1ef92d54939bf68448a35cfcb01 9e1589f6ab5a42da8d5b87292151df19 - default default] Notify callbacks ['neutron.plugins.ml2.plugin.SecurityGroupDbMixin._ensure_default_security_group_handler-630399'] for port, before_create _notify_loop /usr/lib/python3.9/site-packages/neutron_lib/callbacks/manager.py:200
2025-12-16 07:59:11.955 18 DEBUG neutron.notifiers.nova [req-c8cacda4-e1b0-480e-b283-5ec0dd4e0c34 5a2fe1ef92d54939bf68448a35cfcb01 9e1589f6ab5a42da8d5b87292151df19 - default default] device_id is not set on port a249de9e-db40-4c13-a2cb-df4da9f1876b yet. _can_notify /usr/lib/python3.9/site-packages/neutron/notifiers/nova.py:201
2025-12-16 07:59:11.958 17 DEBUG neutron.notifiers.nova [req-b30ef753-8090-4422-bf5b-38cb5460d224 5a2fe1ef92d54939bf68448a35cfcb01 9e1589f6ab5a42da8d5b87292151df19 - default default] device_id is not set on port d819557b-eb95-4c7c-829b-f138259536d7 yet. _can_notify /usr/lib/python3.9/site-packages/neutron/notifiers/nova.py:201
2025-12-16 07:59:12.055 16 DEBUG neutron_lib.callbacks.manager [req-17faa030-ee05-4d89-b8d6-65facc5f2824 5a2fe1ef92d54939bf68448a35cfcb01 9e1589f6ab5a42da8d5b87292151df19 - default default] Notify callbacks [] for allowed_address_pair, before_create _notify_loop /usr/lib/python3.9/site-packages/neutron_lib/callbacks/manager.py:200
2025-12-16 07:59:12.056 16 DEBUG neutron_lib.callbacks.manager [req-17faa030-ee05-4d89-b8d6-65facc5f2824 5a2fe1ef92d54939bf68448a35cfcb01 9e1589f6ab5a42da8d5b87292151df19 - default default] Notify callbacks [] for port, precommit_create _notify_loop /usr/lib/python3.9/site-packages/neutron_lib/callbacks/manager.py:200
2025-12-16 07:59:12.073 16 DEBUG neutron_lib.callbacks.manager [req-17faa030-ee05-4d89-b8d6-65facc5f2824 5a2fe1ef92d54939bf68448a35cfcb01 9e1589f6ab5a42da8d5b87292151df19 - default default] Notify callbacks ['neutron.plugins.ml2.plugin.SecurityGroupServerNotifierRpcMixin.notify_sg_on_port_change-536971', 'neutron.plugins.ml2.extensions.dns_integration._create_port_in_external_dns_service-8742009588044', 'neutron.plugins.ml2.ovo_rpc._ObjectChangeHandler.handle_event-4191482', 'neutron.api.rpc.agentnotifiers.dhcp_rpc_agent_api.DhcpAgentNotifyAPI._native_event_send_dhcp_notification-3821813', 'neutron.services.segments.plugin.NovaSegmentNotifier._notify_port_created_or_deleted-3795441'] for port, after_create _notify_loop /usr/lib/python3.9/site-packages/neutron_lib/callbacks/manager.py:200
2025-12-16 07:59:12.102 16 DEBUG neutron.scheduler.dhcp_agent_scheduler [req-17faa030-ee05-4d89-b8d6-65facc5f2824 5a2fe1ef92d54939bf68448a35cfcb01 9e1589f6ab5a42da8d5b87292151df19 - default default] Network 5cbd1e00-02d7-45a9-b017-c838f8bb798d is already hosted by enough agents. _get_dhcp_agents_hosting_network /usr/lib/python3.9/site-packages/neutron/scheduler/dhcp_agent_scheduler.py:275
2025-12-16 07:59:12.103 16 DEBUG neutron.scheduler.base_scheduler [req-17faa030-ee05-4d89-b8d6-65facc5f2824 5a2fe1ef92d54939bf68448a35cfcb01 9e1589f6ab5a42da8d5b87292151df19 - default default] Resources bound (agent type, host, resource id): schedule /usr/lib/python3.9/site-packages/neutron/scheduler/base_scheduler.py:57
2025-12-16 07:59:12.107 16 DEBUG neutron.pecan_wsgi.hooks.policy_enforcement [req-17faa030-ee05-4d89-b8d6-65facc5f2824 5a2fe1ef92d54939bf68448a35cfcb01 9e1589f6ab5a42da8d5b87292151df19 - default default] Attributes excluded by policy engine: ['standard_attr_id', 'network'] _exclude_attributes_by_policy /usr/lib/python3.9/site-packages/neutron/pecan_wsgi/hooks/policy_enforcement.py:259
2025-12-16 07:59:12.107 16 DEBUG neutron_lib.callbacks.manager [req-17faa030-ee05-4d89-b8d6-65facc5f2824 5a2fe1ef92d54939bf68448a35cfcb01 9e1589f6ab5a42da8d5b87292151df19 - default default] Notify callbacks ['neutron.notifiers.nova.Notifier._send_nova_notification-4118911', 'neutron.api.rpc.agentnotifiers.dhcp_rpc_agent_api.DhcpAgentNotifyAPI._send_dhcp_notification-3821703'] for port, before_response _notify_loop /usr/lib/python3.9/site-packages/neutron_lib/callbacks/manager.py:200
2025-12-16 07:59:12.114 16 DEBUG neutron.api.rpc.handlers.resources_rpc [req-17faa030-ee05-4d89-b8d6-65facc5f2824 5a2fe1ef92d54939bf68448a35cfcb01 9e1589f6ab5a42da8d5b87292151df19 - - -] Pushing event updated for resources: {'Port': ['ID=92c7b9aa-ab6d-45e7-afa1-f0e0b7c35d25,revision_number=1']} push /usr/lib/python3.9/site-packages/neutron/api/rpc/handlers/resources_rpc.py:237
2025-12-16 07:59:12.116 18 DEBUG neutron_lib.callbacks.manager [req-c8cacda4-e1b0-480e-b283-5ec0dd4e0c34 5a2fe1ef92d54939bf68448a35cfcb01 9e1589f6ab5a42da8d5b87292151df19 - default default] Notify callbacks [] for allowed_address_pair, before_create _notify_loop /usr/lib/python3.9/site-packages/neutron_lib/callbacks/manager.py:200
2025-12-16 07:59:12.117 18 DEBUG neutron_lib.callbacks.manager [req-c8cacda4-e1b0-480e-b283-5ec0dd4e0c34 5a2fe1ef92d54939bf68448a35cfcb01 9e1589f6ab5a42da8d5b87292151df19 - default default] Notify callbacks [] for port, precommit_create _notify_loop /usr/lib/python3.9/site-packages/neutron_lib/callbacks/manager.py:200
2025-12-16 07:59:12.121 16 INFO neutron.wsgi [req-17faa030-ee05-4d89-b8d6-65facc5f2824 5a2fe1ef92d54939bf68448a35cfcb01 9e1589f6ab5a42da8d5b87292151df19 - default default] 192.168.122.99,192.168.122.100 "POST /v2.0/ports HTTP/1.1" status: 201 len: 1016 time: 0.2471621
2025-12-16 07:59:12.130 16 DEBUG neutron.services.tag.tag_plugin [req-b92673ea-a902-41b4-be66-224799fcdc0a 5a2fe1ef92d54939bf68448a35cfcb01 9e1589f6ab5a42da8d5b87292151df19 - default default] neutron.services.tag.tag_plugin.TagPlugin method update_tags called with arguments (, 'ports', '92c7b9aa-ab6d-45e7-afa1-f0e0b7c35d25', {'tags': ['tripleo_stack_name=overcloud', 'tripleo_ovn_physnet=datacentre']}) {} wrapper /usr/lib/python3.9/site-packages/oslo_log/helpers.py:65
2025-12-16 07:59:12.131 18 DEBUG neutron_lib.callbacks.manager [req-c8cacda4-e1b0-480e-b283-5ec0dd4e0c34 5a2fe1ef92d54939bf68448a35cfcb01 9e1589f6ab5a42da8d5b87292151df19 - default default] Notify callbacks ['neutron.plugins.ml2.plugin.SecurityGroupServerNotifierRpcMixin.notify_sg_on_port_change-536971', 'neutron.plugins.ml2.extensions.dns_integration._create_port_in_external_dns_service-8742009588044', 'neutron.plugins.ml2.ovo_rpc._ObjectChangeHandler.handle_event-4191482', 'neutron.api.rpc.agentnotifiers.dhcp_rpc_agent_api.DhcpAgentNotifyAPI._native_event_send_dhcp_notification-3821813', 'neutron.services.segments.plugin.NovaSegmentNotifier._notify_port_created_or_deleted-3795441'] for port, after_create _notify_loop /usr/lib/python3.9/site-packages/neutron_lib/callbacks/manager.py:200
2025-12-16 07:59:12.158 18 DEBUG neutron.scheduler.dhcp_agent_scheduler [req-c8cacda4-e1b0-480e-b283-5ec0dd4e0c34 5a2fe1ef92d54939bf68448a35cfcb01 9e1589f6ab5a42da8d5b87292151df19 - default default] Network 5cbd1e00-02d7-45a9-b017-c838f8bb798d is already hosted by enough agents. _get_dhcp_agents_hosting_network /usr/lib/python3.9/site-packages/neutron/scheduler/dhcp_agent_scheduler.py:275
2025-12-16 07:59:12.161 16 INFO neutron.wsgi [req-b92673ea-a902-41b4-be66-224799fcdc0a 5a2fe1ef92d54939bf68448a35cfcb01 9e1589f6ab5a42da8d5b87292151df19 - default default] 192.168.122.99,192.168.122.100 "PUT /v2.0/ports/92c7b9aa-ab6d-45e7-afa1-f0e0b7c35d25/tags HTTP/1.1" status: 200 len: 250 time: 0.0331423
2025-12-16 07:59:12.161 18 DEBUG neutron.scheduler.base_scheduler [req-c8cacda4-e1b0-480e-b283-5ec0dd4e0c34 5a2fe1ef92d54939bf68448a35cfcb01 9e1589f6ab5a42da8d5b87292151df19 - default default] Resources bound (agent type, host, resource id): schedule /usr/lib/python3.9/site-packages/neutron/scheduler/base_scheduler.py:57
2025-12-16 07:59:12.162 17 DEBUG neutron_lib.callbacks.manager [req-b30ef753-8090-4422-bf5b-38cb5460d224 5a2fe1ef92d54939bf68448a35cfcb01 9e1589f6ab5a42da8d5b87292151df19 - default default] Notify callbacks [] for allowed_address_pair, before_create _notify_loop /usr/lib/python3.9/site-packages/neutron_lib/callbacks/manager.py:200
2025-12-16 07:59:12.163 17 DEBUG neutron_lib.callbacks.manager [req-b30ef753-8090-4422-bf5b-38cb5460d224 5a2fe1ef92d54939bf68448a35cfcb01 9e1589f6ab5a42da8d5b87292151df19 - default default] Notify callbacks [] for port, precommit_create _notify_loop /usr/lib/python3.9/site-packages/neutron_lib/callbacks/manager.py:200
2025-12-16 07:59:12.165 18 DEBUG neutron.api.rpc.handlers.resources_rpc [req-c8cacda4-e1b0-480e-b283-5ec0dd4e0c34 5a2fe1ef92d54939bf68448a35cfcb01 9e1589f6ab5a42da8d5b87292151df19 - - -] Pushing event updated for resources: {'Port': ['ID=a249de9e-db40-4c13-a2cb-df4da9f1876b,revision_number=1']} push /usr/lib/python3.9/site-packages/neutron/api/rpc/handlers/resources_rpc.py:237
2025-12-16 07:59:12.166 18 DEBUG neutron.pecan_wsgi.hooks.policy_enforcement [req-c8cacda4-e1b0-480e-b283-5ec0dd4e0c34 5a2fe1ef92d54939bf68448a35cfcb01 9e1589f6ab5a42da8d5b87292151df19 - default default] Attributes excluded by policy engine: ['standard_attr_id', 'network'] _exclude_attributes_by_policy /usr/lib/python3.9/site-packages/neutron/pecan_wsgi/hooks/policy_enforcement.py:259
2025-12-16 07:59:12.166 18 DEBUG neutron_lib.callbacks.manager [req-c8cacda4-e1b0-480e-b283-5ec0dd4e0c34 5a2fe1ef92d54939bf68448a35cfcb01 9e1589f6ab5a42da8d5b87292151df19 - default default] Notify callbacks ['neutron.notifiers.nova.Notifier._send_nova_notification-4118911', 'neutron.api.rpc.agentnotifiers.dhcp_rpc_agent_api.DhcpAgentNotifyAPI._send_dhcp_notification-3821703'] for port, before_response _notify_loop /usr/lib/python3.9/site-packages/neutron_lib/callbacks/manager.py:200
2025-12-16 07:59:12.175 18 INFO neutron.wsgi [req-c8cacda4-e1b0-480e-b283-5ec0dd4e0c34 5a2fe1ef92d54939bf68448a35cfcb01 9e1589f6ab5a42da8d5b87292151df19 - default default] 192.168.122.99,192.168.122.100 "POST /v2.0/ports HTTP/1.1" status: 201 len: 1016 time: 0.2658949
2025-12-16 07:59:12.180 18 DEBUG neutron.services.tag.tag_plugin [req-9e23b63f-9a7c-4a0c-aa44-1af413fe9e68 5a2fe1ef92d54939bf68448a35cfcb01 9e1589f6ab5a42da8d5b87292151df19 - default default] neutron.services.tag.tag_plugin.TagPlugin method update_tags called with arguments (, 'ports', 'a249de9e-db40-4c13-a2cb-df4da9f1876b', {'tags': ['tripleo_stack_name=overcloud', 'tripleo_ovn_physnet=datacentre']}) {} wrapper /usr/lib/python3.9/site-packages/oslo_log/helpers.py:65
2025-12-16 07:59:12.187 17 DEBUG neutron_lib.callbacks.manager [req-b30ef753-8090-4422-bf5b-38cb5460d224 5a2fe1ef92d54939bf68448a35cfcb01 9e1589f6ab5a42da8d5b87292151df19 - default default] Notify callbacks ['neutron.plugins.ml2.plugin.SecurityGroupServerNotifierRpcMixin.notify_sg_on_port_change-536971', 'neutron.plugins.ml2.extensions.dns_integration._create_port_in_external_dns_service-8742009588044', 'neutron.plugins.ml2.ovo_rpc._ObjectChangeHandler.handle_event-4191482', 'neutron.api.rpc.agentnotifiers.dhcp_rpc_agent_api.DhcpAgentNotifyAPI._native_event_send_dhcp_notification-3821813', 'neutron.services.segments.plugin.NovaSegmentNotifier._notify_port_created_or_deleted-3795441'] for port, after_create _notify_loop /usr/lib/python3.9/site-packages/neutron_lib/callbacks/manager.py:200
2025-12-16 07:59:12.210 18 INFO neutron.wsgi [req-9e23b63f-9a7c-4a0c-aa44-1af413fe9e68 5a2fe1ef92d54939bf68448a35cfcb01 9e1589f6ab5a42da8d5b87292151df19 - default default] 192.168.122.99,192.168.122.100 "PUT /v2.0/ports/a249de9e-db40-4c13-a2cb-df4da9f1876b/tags HTTP/1.1" status: 200 len: 250 time: 0.0314841
2025-12-16 07:59:12.225 17 DEBUG neutron.scheduler.dhcp_agent_scheduler [req-b30ef753-8090-4422-bf5b-38cb5460d224 5a2fe1ef92d54939bf68448a35cfcb01 9e1589f6ab5a42da8d5b87292151df19 - default default] Network 5cbd1e00-02d7-45a9-b017-c838f8bb798d is already hosted by enough agents. _get_dhcp_agents_hosting_network /usr/lib/python3.9/site-packages/neutron/scheduler/dhcp_agent_scheduler.py:275
2025-12-16 07:59:12.228 17 DEBUG neutron.scheduler.base_scheduler [req-b30ef753-8090-4422-bf5b-38cb5460d224 5a2fe1ef92d54939bf68448a35cfcb01 9e1589f6ab5a42da8d5b87292151df19 - default default] Resources bound (agent type, host, resource id): schedule /usr/lib/python3.9/site-packages/neutron/scheduler/base_scheduler.py:57
2025-12-16 07:59:12.231 17 DEBUG neutron.pecan_wsgi.hooks.policy_enforcement [req-b30ef753-8090-4422-bf5b-38cb5460d224 5a2fe1ef92d54939bf68448a35cfcb01 9e1589f6ab5a42da8d5b87292151df19 - default default] Attributes excluded by policy engine: ['standard_attr_id', 'network'] _exclude_attributes_by_policy /usr/lib/python3.9/site-packages/neutron/pecan_wsgi/hooks/policy_enforcement.py:259
2025-12-16 07:59:12.232 17 DEBUG neutron_lib.callbacks.manager [req-b30ef753-8090-4422-bf5b-38cb5460d224 5a2fe1ef92d54939bf68448a35cfcb01 9e1589f6ab5a42da8d5b87292151df19 - default default] Notify callbacks ['neutron.notifiers.nova.Notifier._send_nova_notification-4118911', 'neutron.api.rpc.agentnotifiers.dhcp_rpc_agent_api.DhcpAgentNotifyAPI._send_dhcp_notification-3821703'] for port, before_response _notify_loop /usr/lib/python3.9/site-packages/neutron_lib/callbacks/manager.py:200
2025-12-16 07:59:12.234 17 DEBUG neutron.api.rpc.handlers.resources_rpc [req-b30ef753-8090-4422-bf5b-38cb5460d224 5a2fe1ef92d54939bf68448a35cfcb01 9e1589f6ab5a42da8d5b87292151df19 - - -] Pushing event updated for resources: {'Port': ['ID=d819557b-eb95-4c7c-829b-f138259536d7,revision_number=1']} push /usr/lib/python3.9/site-packages/neutron/api/rpc/handlers/resources_rpc.py:237
2025-12-16 07:59:12.246 17 DEBUG neutron.api.rpc.callbacks.version_manager [req-b30ef753-8090-4422-bf5b-38cb5460d224 5a2fe1ef92d54939bf68448a35cfcb01 9e1589f6ab5a42da8d5b87292151df19 - - -] Version for resource type AddressGroup changed None to 1.2 on consumer Open vSwitch agent@undercloud.ooo.test _set_version /usr/lib/python3.9/site-packages/neutron/api/rpc/callbacks/version_manager.py:113
2025-12-16 07:59:12.247 17 DEBUG neutron.api.rpc.callbacks.version_manager [req-b30ef753-8090-4422-bf5b-38cb5460d224 5a2fe1ef92d54939bf68448a35cfcb01 9e1589f6ab5a42da8d5b87292151df19 - - -] Version for resource type ConntrackHelper changed None to 1.0 on consumer Open vSwitch agent@undercloud.ooo.test _set_version /usr/lib/python3.9/site-packages/neutron/api/rpc/callbacks/version_manager.py:113
2025-12-16 07:59:12.247 17 DEBUG neutron.api.rpc.callbacks.version_manager [req-b30ef753-8090-4422-bf5b-38cb5460d224 5a2fe1ef92d54939bf68448a35cfcb01 9e1589f6ab5a42da8d5b87292151df19 - - -] Version for resource type Log changed None to 1.0 on consumer Open vSwitch agent@undercloud.ooo.test _set_version /usr/lib/python3.9/site-packages/neutron/api/rpc/callbacks/version_manager.py:113
2025-12-16 07:59:12.247 17 DEBUG neutron.api.rpc.callbacks.version_manager [req-b30ef753-8090-4422-bf5b-38cb5460d224 5a2fe1ef92d54939bf68448a35cfcb01 9e1589f6ab5a42da8d5b87292151df19 - - -] Version for resource type Network changed None to 1.1 on consumer Open vSwitch agent@undercloud.ooo.test _set_version /usr/lib/python3.9/site-packages/neutron/api/rpc/callbacks/version_manager.py:113
2025-12-16 07:59:12.247 17 DEBUG neutron.api.rpc.callbacks.version_manager [req-b30ef753-8090-4422-bf5b-38cb5460d224 5a2fe1ef92d54939bf68448a35cfcb01 9e1589f6ab5a42da8d5b87292151df19 - - -] Version for resource type Port changed None to 1.7 on consumer Open vSwitch agent@undercloud.ooo.test _set_version /usr/lib/python3.9/site-packages/neutron/api/rpc/callbacks/version_manager.py:113
2025-12-16 07:59:12.247 17 DEBUG neutron.api.rpc.callbacks.version_manager [req-b30ef753-8090-4422-bf5b-38cb5460d224 5a2fe1ef92d54939bf68448a35cfcb01 9e1589f6ab5a42da8d5b87292151df19 - - -] Version for resource type PortForwarding changed None to 1.2 on consumer Open vSwitch agent@undercloud.ooo.test _set_version /usr/lib/python3.9/site-packages/neutron/api/rpc/callbacks/version_manager.py:113
2025-12-16 07:59:12.247 17 DEBUG neutron.api.rpc.callbacks.version_manager [req-b30ef753-8090-4422-bf5b-38cb5460d224 5a2fe1ef92d54939bf68448a35cfcb01 9e1589f6ab5a42da8d5b87292151df19 - - -] Version for resource type QosPolicy changed None to 1.8 on consumer Open vSwitch agent@undercloud.ooo.test _set_version /usr/lib/python3.9/site-packages/neutron/api/rpc/callbacks/version_manager.py:113
2025-12-16 07:59:12.248 17 DEBUG neutron.api.rpc.callbacks.version_manager [req-b30ef753-8090-4422-bf5b-38cb5460d224 5a2fe1ef92d54939bf68448a35cfcb01 9e1589f6ab5a42da8d5b87292151df19 - - -] Version for resource type SecurityGroup changed None to 1.5 on consumer Open vSwitch agent@undercloud.ooo.test _set_version /usr/lib/python3.9/site-packages/neutron/api/rpc/callbacks/version_manager.py:113
2025-12-16 07:59:12.248 17 DEBUG neutron.api.rpc.callbacks.version_manager [req-b30ef753-8090-4422-bf5b-38cb5460d224 5a2fe1ef92d54939bf68448a35cfcb01 9e1589f6ab5a42da8d5b87292151df19 - - -] Version for resource type SecurityGroupRule changed None to 1.2 on consumer Open vSwitch agent@undercloud.ooo.test _set_version /usr/lib/python3.9/site-packages/neutron/api/rpc/callbacks/version_manager.py:113
2025-12-16 07:59:12.248 17 DEBUG neutron.api.rpc.callbacks.version_manager [req-b30ef753-8090-4422-bf5b-38cb5460d224 5a2fe1ef92d54939bf68448a35cfcb01 9e1589f6ab5a42da8d5b87292151df19 - - -] Version for resource type SubPort changed None to 1.0 on consumer Open vSwitch agent@undercloud.ooo.test _set_version /usr/lib/python3.9/site-packages/neutron/api/rpc/callbacks/version_manager.py:113
2025-12-16 07:59:12.248 17 DEBUG neutron.api.rpc.callbacks.version_manager [req-b30ef753-8090-4422-bf5b-38cb5460d224 5a2fe1ef92d54939bf68448a35cfcb01 9e1589f6ab5a42da8d5b87292151df19 - - -] Version for resource type Subnet changed None to 1.1 on consumer Open vSwitch agent@undercloud.ooo.test _set_version /usr/lib/python3.9/site-packages/neutron/api/rpc/callbacks/version_manager.py:113
2025-12-16 07:59:12.248 17 DEBUG neutron.api.rpc.callbacks.version_manager [req-b30ef753-8090-4422-bf5b-38cb5460d224 5a2fe1ef92d54939bf68448a35cfcb01 9e1589f6ab5a42da8d5b87292151df19 - - -] Version for resource type Trunk changed None to 1.1 on consumer Open vSwitch agent@undercloud.ooo.test _set_version /usr/lib/python3.9/site-packages/neutron/api/rpc/callbacks/version_manager.py:113
2025-12-16 07:59:12.253 17 INFO neutron.wsgi [req-b30ef753-8090-4422-bf5b-38cb5460d224 5a2fe1ef92d54939bf68448a35cfcb01 9e1589f6ab5a42da8d5b87292151df19 - default default] 192.168.122.99,192.168.122.100 "POST /v2.0/ports HTTP/1.1" status: 201 len: 1016 time: 0.3388357
2025-12-16 07:59:12.265 17 DEBUG neutron.services.tag.tag_plugin [req-d3a08aa3-2985-49a0-aa60-c24c1ebd7d25 5a2fe1ef92d54939bf68448a35cfcb01 9e1589f6ab5a42da8d5b87292151df19 - default default] neutron.services.tag.tag_plugin.TagPlugin method update_tags called with arguments (, 'ports', 'd819557b-eb95-4c7c-829b-f138259536d7', {'tags': ['tripleo_stack_name=overcloud', 'tripleo_ovn_physnet=datacentre']}) {} wrapper /usr/lib/python3.9/site-packages/oslo_log/helpers.py:65
2025-12-16 07:59:12.299 17 INFO neutron.wsgi [req-d3a08aa3-2985-49a0-aa60-c24c1ebd7d25 5a2fe1ef92d54939bf68448a35cfcb01 9e1589f6ab5a42da8d5b87292151df19 - default default] 192.168.122.99,192.168.122.100 "PUT /v2.0/ports/d819557b-eb95-4c7c-829b-f138259536d7/tags HTTP/1.1" status: 200 len: 250 time: 0.0429685
2025-12-16 07:59:12.344 17 DEBUG neutron.pecan_wsgi.hooks.policy_enforcement [req-46fe8f75-cccc-4a1b-9963-fba2ba37a1c6 5a2fe1ef92d54939bf68448a35cfcb01 9e1589f6ab5a42da8d5b87292151df19 - default default] Attributes excluded by policy engine: ['standard_attr_id'] _exclude_attributes_by_policy /usr/lib/python3.9/site-packages/neutron/pecan_wsgi/hooks/policy_enforcement.py:259
2025-12-16 07:59:12.344 17 DEBUG neutron.pecan_wsgi.hooks.policy_enforcement [req-46fe8f75-cccc-4a1b-9963-fba2ba37a1c6 5a2fe1ef92d54939bf68448a35cfcb01 9e1589f6ab5a42da8d5b87292151df19 - default default] Attributes excluded by policy engine: ['standard_attr_id'] _exclude_attributes_by_policy /usr/lib/python3.9/site-packages/neutron/pecan_wsgi/hooks/policy_enforcement.py:259
2025-12-16 07:59:12.345 17 DEBUG neutron.pecan_wsgi.hooks.policy_enforcement [req-46fe8f75-cccc-4a1b-9963-fba2ba37a1c6 5a2fe1ef92d54939bf68448a35cfcb01 9e1589f6ab5a42da8d5b87292151df19 - default default] Attributes excluded by policy engine: ['standard_attr_id'] _exclude_attributes_by_policy /usr/lib/python3.9/site-packages/neutron/pecan_wsgi/hooks/policy_enforcement.py:259
2025-12-16 07:59:12.345 17 DEBUG neutron.pecan_wsgi.hooks.policy_enforcement [req-46fe8f75-cccc-4a1b-9963-fba2ba37a1c6 5a2fe1ef92d54939bf68448a35cfcb01 9e1589f6ab5a42da8d5b87292151df19 - default default] Attributes excluded by policy engine: ['standard_attr_id'] _exclude_attributes_by_policy /usr/lib/python3.9/site-packages/neutron/pecan_wsgi/hooks/policy_enforcement.py:259
2025-12-16 07:59:12.345 17 DEBUG neutron.pecan_wsgi.hooks.policy_enforcement [req-46fe8f75-cccc-4a1b-9963-fba2ba37a1c6 5a2fe1ef92d54939bf68448a35cfcb01 9e1589f6ab5a42da8d5b87292151df19 - default default] Attributes excluded by policy engine: ['standard_attr_id'] _exclude_attributes_by_policy /usr/lib/python3.9/site-packages/neutron/pecan_wsgi/hooks/policy_enforcement.py:259
2025-12-16 07:59:12.345 17 DEBUG neutron.pecan_wsgi.hooks.policy_enforcement [req-46fe8f75-cccc-4a1b-9963-fba2ba37a1c6 5a2fe1ef92d54939bf68448a35cfcb01 9e1589f6ab5a42da8d5b87292151df19 - default default] Attributes excluded by policy engine: ['standard_attr_id'] _exclude_attributes_by_policy /usr/lib/python3.9/site-packages/neutron/pecan_wsgi/hooks/policy_enforcement.py:259
2025-12-16 07:59:12.346 17 INFO neutron.wsgi [req-46fe8f75-cccc-4a1b-9963-fba2ba37a1c6 5a2fe1ef92d54939bf68448a35cfcb01 9e1589f6ab5a42da8d5b87292151df19 - default default] 192.168.122.99,192.168.122.100 "GET /v2.0/ports?network_id=5cbd1e00-02d7-45a9-b017-c838f8bb798d&tags=tripleo_stack_name%3Dovercloud HTTP/1.1" status: 200 len: 5533 time: 0.0433967
2025-12-16 07:59:12.381 17 DEBUG neutron.plugins.ml2.plugin [req-0ebc6c52-4fd0-4cd2-8bf5-338c29d36b48 5a2fe1ef92d54939bf68448a35cfcb01 9e1589f6ab5a42da8d5b87292151df19 - default default] Deleting port 9c833023-2fae-442e-8eea-b0d9f9de4dee _pre_delete_port /usr/lib/python3.9/site-packages/neutron/plugins/ml2/plugin.py:2025
2025-12-16 07:59:12.382 17 DEBUG neutron_lib.callbacks.manager [req-0ebc6c52-4fd0-4cd2-8bf5-338c29d36b48 5a2fe1ef92d54939bf68448a35cfcb01 9e1589f6ab5a42da8d5b87292151df19 - default default] Notify callbacks ['neutron.plugins.ml2.extensions.dns_integration._delete_port_in_external_dns_service-8742009588080', 'neutron.db.l3_db.L3_NAT_dbonly_mixin._prevent_l3_port_delete_callback-8742009652767'] for port, before_delete _notify_loop /usr/lib/python3.9/site-packages/neutron_lib/callbacks/manager.py:200
2025-12-16 07:59:12.467 17 DEBUG neutron_lib.callbacks.manager [req-0ebc6c52-4fd0-4cd2-8bf5-338c29d36b48 5a2fe1ef92d54939bf68448a35cfcb01 9e1589f6ab5a42da8d5b87292151df19 - default default] Notify callbacks ['neutron.services.l3_router.l3_router_plugin.L3_NAT_dbonly_mixin._precommit_delete_port_callback-3692219'] for port, precommit_delete _notify_loop /usr/lib/python3.9/site-packages/neutron_lib/callbacks/manager.py:200
2025-12-16 07:59:12.476 17 DEBUG neutron.plugins.ml2.plugin [req-0ebc6c52-4fd0-4cd2-8bf5-338c29d36b48 5a2fe1ef92d54939bf68448a35cfcb01 9e1589f6ab5a42da8d5b87292151df19 - default default] Calling delete_port for 9c833023-2fae-442e-8eea-b0d9f9de4dee owned by delete_port /usr/lib/python3.9/site-packages/neutron/plugins/ml2/plugin.py:2097
2025-12-16 07:59:12.540 17 DEBUG neutron_lib.callbacks.manager [req-0ebc6c52-4fd0-4cd2-8bf5-338c29d36b48 5a2fe1ef92d54939bf68448a35cfcb01 9e1589f6ab5a42da8d5b87292151df19 - default default] Notify callbacks ['neutron.plugins.ml2.plugin.SecurityGroupServerNotifierRpcMixin.notify_sg_on_port_change-536971', 'neutron.plugins.ml2.ovo_rpc._ObjectChangeHandler.handle_event-4191482', 'neutron.api.rpc.agentnotifiers.dhcp_rpc_agent_api.DhcpAgentNotifyAPI._native_event_send_dhcp_notification-3821813', 'neutron.db.l3_db.L3RpcNotifierMixin._notify_routers_callback-8742009658763', 'neutron.services.segments.plugin.NovaSegmentNotifier._notify_port_created_or_deleted-3795441'] for port, after_delete _notify_loop /usr/lib/python3.9/site-packages/neutron_lib/callbacks/manager.py:200
2025-12-16 07:59:12.562 17 DEBUG neutron.api.rpc.handlers.resources_rpc [req-0ebc6c52-4fd0-4cd2-8bf5-338c29d36b48 5a2fe1ef92d54939bf68448a35cfcb01 9e1589f6ab5a42da8d5b87292151df19 - - -] Pushing event deleted for resources: {'Port': ['ID=9c833023-2fae-442e-8eea-b0d9f9de4dee,revision_number=None']} push /usr/lib/python3.9/site-packages/neutron/api/rpc/handlers/resources_rpc.py:237
2025-12-16 07:59:12.580 17 DEBUG neutron_lib.callbacks.manager [req-0ebc6c52-4fd0-4cd2-8bf5-338c29d36b48 5a2fe1ef92d54939bf68448a35cfcb01 9e1589f6ab5a42da8d5b87292151df19 - default default] Notify callbacks ['neutron.notifiers.nova.Notifier._send_nova_notification-4118911', 'neutron.api.rpc.agentnotifiers.dhcp_rpc_agent_api.DhcpAgentNotifyAPI._send_dhcp_notification-3821703'] for port, before_response _notify_loop /usr/lib/python3.9/site-packages/neutron_lib/callbacks/manager.py:200
2025-12-16 07:59:12.581 17 INFO neutron.wsgi [req-0ebc6c52-4fd0-4cd2-8bf5-338c29d36b48 5a2fe1ef92d54939bf68448a35cfcb01 9e1589f6ab5a42da8d5b87292151df19 - default default] 192.168.122.99,192.168.122.100 "DELETE /v2.0/ports/9c833023-2fae-442e-8eea-b0d9f9de4dee HTTP/1.1" status: 204 len: 149 time: 0.2276342
2025-12-16 07:59:12.620 17 DEBUG neutron.plugins.ml2.plugin [req-064b1fb1-b201-46c8-8d0e-9e26bf2fe756 5a2fe1ef92d54939bf68448a35cfcb01 9e1589f6ab5a42da8d5b87292151df19 - default default] Deleting port def8b36c-90d2-49a0-984e-0a9fc5f7559b _pre_delete_port /usr/lib/python3.9/site-packages/neutron/plugins/ml2/plugin.py:2025
2025-12-16 07:59:12.620 17 DEBUG neutron_lib.callbacks.manager [req-064b1fb1-b201-46c8-8d0e-9e26bf2fe756 5a2fe1ef92d54939bf68448a35cfcb01 9e1589f6ab5a42da8d5b87292151df19 - default default] Notify callbacks ['neutron.plugins.ml2.extensions.dns_integration._delete_port_in_external_dns_service-8742009588080', 'neutron.db.l3_db.L3_NAT_dbonly_mixin._prevent_l3_port_delete_callback-8742009652767'] for port, before_delete _notify_loop /usr/lib/python3.9/site-packages/neutron_lib/callbacks/manager.py:200
2025-12-16 07:59:12.743 17 DEBUG neutron_lib.callbacks.manager [req-064b1fb1-b201-46c8-8d0e-9e26bf2fe756 5a2fe1ef92d54939bf68448a35cfcb01 9e1589f6ab5a42da8d5b87292151df19 - default default] Notify callbacks ['neutron.services.l3_router.l3_router_plugin.L3_NAT_dbonly_mixin._precommit_delete_port_callback-3692219'] for port, precommit_delete _notify_loop /usr/lib/python3.9/site-packages/neutron_lib/callbacks/manager.py:200
2025-12-16 07:59:12.751 17 DEBUG neutron.plugins.ml2.plugin [req-064b1fb1-b201-46c8-8d0e-9e26bf2fe756 5a2fe1ef92d54939bf68448a35cfcb01 9e1589f6ab5a42da8d5b87292151df19 - default default] Calling delete_port for def8b36c-90d2-49a0-984e-0a9fc5f7559b owned by delete_port /usr/lib/python3.9/site-packages/neutron/plugins/ml2/plugin.py:2097
2025-12-16 07:59:12.787 17 DEBUG neutron_lib.callbacks.manager [req-064b1fb1-b201-46c8-8d0e-9e26bf2fe756 5a2fe1ef92d54939bf68448a35cfcb01 9e1589f6ab5a42da8d5b87292151df19 - default default] Notify callbacks ['neutron.plugins.ml2.plugin.SecurityGroupServerNotifierRpcMixin.notify_sg_on_port_change-536971', 'neutron.plugins.ml2.ovo_rpc._ObjectChangeHandler.handle_event-4191482', 'neutron.api.rpc.agentnotifiers.dhcp_rpc_agent_api.DhcpAgentNotifyAPI._native_event_send_dhcp_notification-3821813', 'neutron.db.l3_db.L3RpcNotifierMixin._notify_routers_callback-8742009658763', 'neutron.services.segments.plugin.NovaSegmentNotifier._notify_port_created_or_deleted-3795441'] for port, after_delete _notify_loop /usr/lib/python3.9/site-packages/neutron_lib/callbacks/manager.py:200
2025-12-16 07:59:12.813 15 DEBUG neutron.wsgi [-] (15) accepted ('192.168.122.100', 43328) server /usr/lib/python3.9/site-packages/eventlet/wsgi.py:992
2025-12-16 07:59:12.814 17 DEBUG neutron.api.rpc.handlers.resources_rpc [req-064b1fb1-b201-46c8-8d0e-9e26bf2fe756 5a2fe1ef92d54939bf68448a35cfcb01 9e1589f6ab5a42da8d5b87292151df19 - - -] Pushing event deleted for resources: {'Port': ['ID=def8b36c-90d2-49a0-984e-0a9fc5f7559b,revision_number=None']} push /usr/lib/python3.9/site-packages/neutron/api/rpc/handlers/resources_rpc.py:237
2025-12-16 07:59:12.816 15 INFO neutron.wsgi [-] 192.168.122.100 "GET /healthcheck HTTP/1.0" status: 200 len: 137 time: 0.0027061
2025-12-16 07:59:12.820 17 DEBUG neutron_lib.callbacks.manager [req-064b1fb1-b201-46c8-8d0e-9e26bf2fe756 5a2fe1ef92d54939bf68448a35cfcb01 9e1589f6ab5a42da8d5b87292151df19 - default default] Notify callbacks ['neutron.notifiers.nova.Notifier._send_nova_notification-4118911', 'neutron.api.rpc.agentnotifiers.dhcp_rpc_agent_api.DhcpAgentNotifyAPI._send_dhcp_notification-3821703'] for port, before_response _notify_loop /usr/lib/python3.9/site-packages/neutron_lib/callbacks/manager.py:200
2025-12-16 07:59:12.823 17 INFO neutron.wsgi [req-064b1fb1-b201-46c8-8d0e-9e26bf2fe756 5a2fe1ef92d54939bf68448a35cfcb01 9e1589f6ab5a42da8d5b87292151df19 - default default] 192.168.122.99,192.168.122.100 "DELETE /v2.0/ports/def8b36c-90d2-49a0-984e-0a9fc5f7559b HTTP/1.1" status: 204 len: 149 time: 0.2316308
2025-12-16 07:59:12.887 17 DEBUG neutron.plugins.ml2.plugin [req-1bc20b19-ea2f-43b1-b9e8-74855c2b6d5a 5a2fe1ef92d54939bf68448a35cfcb01 9e1589f6ab5a42da8d5b87292151df19 - default default] Deleting port ea394cd7-a852-4cf4-a1ab-3b6f715bad14 _pre_delete_port /usr/lib/python3.9/site-packages/neutron/plugins/ml2/plugin.py:2025
2025-12-16 07:59:12.888 17 DEBUG neutron_lib.callbacks.manager [req-1bc20b19-ea2f-43b1-b9e8-74855c2b6d5a 5a2fe1ef92d54939bf68448a35cfcb01 9e1589f6ab5a42da8d5b87292151df19 - default default] Notify callbacks ['neutron.plugins.ml2.extensions.dns_integration._delete_port_in_external_dns_service-8742009588080', 'neutron.db.l3_db.L3_NAT_dbonly_mixin._prevent_l3_port_delete_callback-8742009652767'] for port, before_delete _notify_loop /usr/lib/python3.9/site-packages/neutron_lib/callbacks/manager.py:200
2025-12-16 07:59:12.993 17 DEBUG neutron_lib.callbacks.manager [req-1bc20b19-ea2f-43b1-b9e8-74855c2b6d5a 5a2fe1ef92d54939bf68448a35cfcb01 9e1589f6ab5a42da8d5b87292151df19 - default default] Notify callbacks ['neutron.services.l3_router.l3_router_plugin.L3_NAT_dbonly_mixin._precommit_delete_port_callback-3692219'] for port, precommit_delete _notify_loop /usr/lib/python3.9/site-packages/neutron_lib/callbacks/manager.py:200
2025-12-16 07:59:13.001 17 DEBUG neutron.plugins.ml2.plugin [req-1bc20b19-ea2f-43b1-b9e8-74855c2b6d5a 5a2fe1ef92d54939bf68448a35cfcb01 9e1589f6ab5a42da8d5b87292151df19 - default default] Calling delete_port for ea394cd7-a852-4cf4-a1ab-3b6f715bad14 owned by delete_port /usr/lib/python3.9/site-packages/neutron/plugins/ml2/plugin.py:2097
2025-12-16 07:59:13.037 17 DEBUG neutron_lib.callbacks.manager [req-1bc20b19-ea2f-43b1-b9e8-74855c2b6d5a 5a2fe1ef92d54939bf68448a35cfcb01 9e1589f6ab5a42da8d5b87292151df19 - default default] Notify callbacks ['neutron.plugins.ml2.plugin.SecurityGroupServerNotifierRpcMixin.notify_sg_on_port_change-536971', 'neutron.plugins.ml2.ovo_rpc._ObjectChangeHandler.handle_event-4191482', 'neutron.api.rpc.agentnotifiers.dhcp_rpc_agent_api.DhcpAgentNotifyAPI._native_event_send_dhcp_notification-3821813', 'neutron.db.l3_db.L3RpcNotifierMixin._notify_routers_callback-8742009658763', 'neutron.services.segments.plugin.NovaSegmentNotifier._notify_port_created_or_deleted-3795441'] for port, after_delete _notify_loop /usr/lib/python3.9/site-packages/neutron_lib/callbacks/manager.py:200
2025-12-16 07:59:13.058 17 DEBUG neutron.api.rpc.handlers.resources_rpc [req-1bc20b19-ea2f-43b1-b9e8-74855c2b6d5a 5a2fe1ef92d54939bf68448a35cfcb01 9e1589f6ab5a42da8d5b87292151df19 - - -] Pushing event deleted for resources: {'Port': ['ID=ea394cd7-a852-4cf4-a1ab-3b6f715bad14,revision_number=None']} push /usr/lib/python3.9/site-packages/neutron/api/rpc/handlers/resources_rpc.py:237
2025-12-16 07:59:13.061 17 DEBUG neutron_lib.callbacks.manager [req-1bc20b19-ea2f-43b1-b9e8-74855c2b6d5a 5a2fe1ef92d54939bf68448a35cfcb01 9e1589f6ab5a42da8d5b87292151df19 - default default] Notify callbacks ['neutron.notifiers.nova.Notifier._send_nova_notification-4118911', 'neutron.api.rpc.agentnotifiers.dhcp_rpc_agent_api.DhcpAgentNotifyAPI._send_dhcp_notification-3821703'] for port, before_response _notify_loop /usr/lib/python3.9/site-packages/neutron_lib/callbacks/manager.py:200
2025-12-16 07:59:13.062 17 INFO neutron.wsgi [req-1bc20b19-ea2f-43b1-b9e8-74855c2b6d5a 5a2fe1ef92d54939bf68448a35cfcb01 9e1589f6ab5a42da8d5b87292151df19 - default default] 192.168.122.99,192.168.122.100 "DELETE /v2.0/ports/ea394cd7-a852-4cf4-a1ab-3b6f715bad14 HTTP/1.1" status: 204 len: 149 time: 0.2309883
2025-12-16 07:59:13.147 17 DEBUG neutron.pecan_wsgi.hooks.policy_enforcement [req-a0bcc36c-9a02-4c23-8a04-41ad4658bf6e 5a2fe1ef92d54939bf68448a35cfcb01 9e1589f6ab5a42da8d5b87292151df19 - default default] Attributes excluded by policy engine: ['standard_attr_id'] _exclude_attributes_by_policy /usr/lib/python3.9/site-packages/neutron/pecan_wsgi/hooks/policy_enforcement.py:259
2025-12-16 07:59:13.147 17 DEBUG neutron.pecan_wsgi.hooks.policy_enforcement [req-a0bcc36c-9a02-4c23-8a04-41ad4658bf6e 5a2fe1ef92d54939bf68448a35cfcb01 9e1589f6ab5a42da8d5b87292151df19 - default default] Attributes excluded by policy engine: ['standard_attr_id'] _exclude_attributes_by_policy /usr/lib/python3.9/site-packages/neutron/pecan_wsgi/hooks/policy_enforcement.py:259
2025-12-16 07:59:13.148 17 DEBUG neutron.pecan_wsgi.hooks.policy_enforcement [req-a0bcc36c-9a02-4c23-8a04-41ad4658bf6e 5a2fe1ef92d54939bf68448a35cfcb01 9e1589f6ab5a42da8d5b87292151df19 - default default] Attributes excluded by policy engine: ['standard_attr_id'] _exclude_attributes_by_policy /usr/lib/python3.9/site-packages/neutron/pecan_wsgi/hooks/policy_enforcement.py:259
2025-12-16 07:59:13.149 17 INFO neutron.wsgi [req-a0bcc36c-9a02-4c23-8a04-41ad4658bf6e 5a2fe1ef92d54939bf68448a35cfcb01 9e1589f6ab5a42da8d5b87292151df19 - default default] 192.168.122.99,192.168.122.100 "GET /v2.0/ports?network_id=5cbd1e00-02d7-45a9-b017-c838f8bb798d&tags=tripleo_stack_name%3Dovercloud HTTP/1.1" status: 200 len: 2860 time: 0.0829442
2025-12-16 07:59:14.818 16 DEBUG neutron.wsgi [-] (16) accepted ('192.168.122.100', 43334) server /usr/lib/python3.9/site-packages/eventlet/wsgi.py:992
2025-12-16 07:59:14.820 16 INFO neutron.wsgi [-] 192.168.122.100 "GET /healthcheck HTTP/1.0" status: 200 len: 137 time: 0.0016873
2025-12-16 07:59:16.823 16 DEBUG neutron.wsgi [-] (16) accepted ('192.168.122.100', 38280) server /usr/lib/python3.9/site-packages/eventlet/wsgi.py:992
2025-12-16 07:59:16.826 16 INFO neutron.wsgi [-] 192.168.122.100 "GET /healthcheck HTTP/1.0" status: 200 len: 137 time: 0.0025423
2025-12-16 07:59:18.828 15 DEBUG neutron.wsgi [-] (15) accepted ('192.168.122.100', 38290) server /usr/lib/python3.9/site-packages/eventlet/wsgi.py:992
2025-12-16 07:59:18.832 15 INFO neutron.wsgi [-] 192.168.122.100 "GET /healthcheck HTTP/1.0" status: 200 len: 137 time: 0.0025849
2025-12-16 07:59:20.834 15 DEBUG neutron.wsgi [-] (15) accepted ('192.168.122.100', 38298) server /usr/lib/python3.9/site-packages/eventlet/wsgi.py:992
2025-12-16 07:59:20.838 15 INFO neutron.wsgi [-] 192.168.122.100 "GET /healthcheck HTTP/1.0" status: 200 len: 137 time: 0.0024955
2025-12-16 07:59:22.839 17 DEBUG neutron.wsgi [-] (17) accepted ('192.168.122.100', 38314) server /usr/lib/python3.9/site-packages/eventlet/wsgi.py:992
2025-12-16 07:59:22.843 17 INFO neutron.wsgi [-] 192.168.122.100 "GET /healthcheck HTTP/1.0" status: 200 len: 137 time: 0.0028036
2025-12-16 07:59:24.845 15 DEBUG neutron.wsgi [-] (15) accepted ('192.168.122.100', 38320) server /usr/lib/python3.9/site-packages/eventlet/wsgi.py:992
2025-12-16 07:59:24.849 15 INFO neutron.wsgi [-] 192.168.122.100 "GET /healthcheck HTTP/1.0" status: 200 len: 137 time: 0.0025504
2025-12-16 07:59:26.851 18 DEBUG neutron.wsgi [-] (18) accepted ('192.168.122.100', 56244) server /usr/lib/python3.9/site-packages/eventlet/wsgi.py:992
2025-12-16 07:59:26.853 18 INFO neutron.wsgi [-] 192.168.122.100 "GET /healthcheck HTTP/1.0" status: 200 len: 137 time: 0.0019252
2025-12-16 07:59:28.856 16 DEBUG neutron.wsgi [-] (16) accepted ('192.168.122.100', 56260) server /usr/lib/python3.9/site-packages/eventlet/wsgi.py:992
2025-12-16 07:59:28.860 16 INFO neutron.wsgi [-] 192.168.122.100 "GET /healthcheck HTTP/1.0" status: 200 len: 137 time: 0.0029542
2025-12-16 07:59:30.861 18 DEBUG neutron.wsgi [-] (18) accepted ('192.168.122.100', 56276) server /usr/lib/python3.9/site-packages/eventlet/wsgi.py:992
2025-12-16 07:59:30.863 18 INFO neutron.wsgi [-] 192.168.122.100 "GET /healthcheck HTTP/1.0" status: 200 len: 137 time: 0.0013096
2025-12-16 07:59:32.864 18 DEBUG neutron.wsgi [-] (18) accepted ('192.168.122.100', 56290) server /usr/lib/python3.9/site-packages/eventlet/wsgi.py:992
2025-12-16 07:59:32.868 18 INFO neutron.wsgi [-] 192.168.122.100 "GET /healthcheck HTTP/1.0" status: 200 len: 137 time: 0.0025086
2025-12-16 07:59:34.871 17 DEBUG neutron.wsgi [-] (17) accepted ('192.168.122.100', 56304) server /usr/lib/python3.9/site-packages/eventlet/wsgi.py:992
2025-12-16 07:59:34.874 17 INFO neutron.wsgi [-] 192.168.122.100 "GET /healthcheck HTTP/1.0" status: 200 len: 137 time: 0.0024676
2025-12-16 07:59:36.877 16 DEBUG neutron.wsgi [-] (16) accepted ('192.168.122.100', 34380) server /usr/lib/python3.9/site-packages/eventlet/wsgi.py:992
2025-12-16 07:59:36.880 16 INFO neutron.wsgi [-] 192.168.122.100 "GET /healthcheck HTTP/1.0" status: 200 len: 137 time: 0.0026529
2025-12-16 07:59:38.882 17 DEBUG neutron.wsgi [-] (17) accepted ('192.168.122.100', 34392) server /usr/lib/python3.9/site-packages/eventlet/wsgi.py:992
2025-12-16 07:59:38.886 17 INFO neutron.wsgi [-] 192.168.122.100 "GET /healthcheck HTTP/1.0" status: 200 len: 137 time: 0.0024881
2025-12-16 07:59:40.888 17 DEBUG neutron.wsgi [-] (17) accepted ('192.168.122.100', 34408) server /usr/lib/python3.9/site-packages/eventlet/wsgi.py:992
2025-12-16 07:59:40.891 17 INFO neutron.wsgi [-] 192.168.122.100 "GET /healthcheck HTTP/1.0" status: 200 len: 137 time: 0.0024064
2025-12-16 07:59:41.720 17 DEBUG neutron.wsgi [-] (17) accepted ('192.168.122.100', 34410) server /usr/lib/python3.9/site-packages/eventlet/wsgi.py:992
2025-12-16 07:59:41.722 17 INFO neutron.wsgi [-] 192.168.122.100 "GET / HTTP/1.1" status: 200 len: 233 time: 0.0016019
2025-12-16 07:59:42.893 17 DEBUG neutron.wsgi [-] (17) accepted ('192.168.122.100', 34412) server /usr/lib/python3.9/site-packages/eventlet/wsgi.py:992
2025-12-16 07:59:42.895 17 INFO neutron.wsgi [-] 192.168.122.100 "GET /healthcheck HTTP/1.0" status: 200 len: 137 time: 0.0015490
2025-12-16 07:59:44.898 18 DEBUG neutron.wsgi [-] (18) accepted ('192.168.122.100', 34420) server /usr/lib/python3.9/site-packages/eventlet/wsgi.py:992
2025-12-16 07:59:44.901 18 INFO neutron.wsgi [-] 192.168.122.100 "GET /healthcheck HTTP/1.0" status: 200 len: 137 time: 0.0025191
2025-12-16 07:59:46.903 18 DEBUG neutron.wsgi [-] (18) accepted ('192.168.122.100', 57068) server /usr/lib/python3.9/site-packages/eventlet/wsgi.py:992
2025-12-16 07:59:46.906 18 INFO neutron.wsgi [-] 192.168.122.100 "GET /healthcheck HTTP/1.0" status: 200 len: 137 time: 0.0017276
2025-12-16 07:59:48.908 15 DEBUG neutron.wsgi [-] (15) accepted ('192.168.122.100', 57084) server /usr/lib/python3.9/site-packages/eventlet/wsgi.py:992
2025-12-16 07:59:48.912 15 INFO neutron.wsgi [-] 192.168.122.100 "GET /healthcheck HTTP/1.0" status: 200 len: 137 time: 0.0027683
2025-12-16 07:59:50.914 15 DEBUG neutron.wsgi [-] (15) accepted ('192.168.122.100', 57086) server /usr/lib/python3.9/site-packages/eventlet/wsgi.py:992
2025-12-16 07:59:50.917 15 INFO neutron.wsgi [-] 192.168.122.100 "GET /healthcheck HTTP/1.0" status: 200 len: 137 time: 0.0026805
2025-12-16 07:59:52.919 15 DEBUG neutron.wsgi [-] (15) accepted ('192.168.122.100', 57100) server /usr/lib/python3.9/site-packages/eventlet/wsgi.py:992
2025-12-16 07:59:52.923 15 INFO neutron.wsgi [-] 192.168.122.100 "GET /healthcheck HTTP/1.0" status: 200 len: 137 time: 0.0027266
2025-12-16 07:59:54.925 18 DEBUG neutron.wsgi [-] (18) accepted ('192.168.122.100', 57110) server /usr/lib/python3.9/site-packages/eventlet/wsgi.py:992
2025-12-16 07:59:54.927 18 INFO neutron.wsgi [-] 192.168.122.100 "GET /healthcheck HTTP/1.0" status: 200 len: 137 time: 0.0017066
2025-12-16 07:59:56.929 16 DEBUG neutron.wsgi [-] (16) accepted ('192.168.122.100', 48856) server /usr/lib/python3.9/site-packages/eventlet/wsgi.py:992
2025-12-16 07:59:56.932 16 INFO neutron.wsgi [-] 192.168.122.100 "GET /healthcheck HTTP/1.0" status: 200 len: 137 time: 0.0017533
2025-12-16 07:59:58.933 18 DEBUG neutron.wsgi [-] (18) accepted ('192.168.122.100', 48860) server /usr/lib/python3.9/site-packages/eventlet/wsgi.py:992
2025-12-16 07:59:58.937 18 INFO neutron.wsgi [-] 192.168.122.100 "GET /healthcheck HTTP/1.0" status: 200 len: 137 time: 0.0024235
2025-12-16 08:00:00.940 15 DEBUG neutron.wsgi [-] (15) accepted ('192.168.122.100', 48876) server /usr/lib/python3.9/site-packages/eventlet/wsgi.py:992
2025-12-16 08:00:00.942 15 INFO neutron.wsgi [-] 192.168.122.100 "GET /healthcheck HTTP/1.0" status: 200 len: 137 time: 0.0017047
2025-12-16 08:00:02.944 15 DEBUG neutron.wsgi [-] (15) accepted ('192.168.122.100', 48892) server /usr/lib/python3.9/site-packages/eventlet/wsgi.py:992
2025-12-16 08:00:02.947 15 INFO neutron.wsgi [-] 192.168.122.100 "GET /healthcheck HTTP/1.0" status: 200 len: 137 time: 0.0024705
2025-12-16 08:00:04.950 16 DEBUG neutron.wsgi [-] (16) accepted ('192.168.122.100', 48900) server /usr/lib/python3.9/site-packages/eventlet/wsgi.py:992
2025-12-16 08:00:04.953 16 INFO neutron.wsgi [-] 192.168.122.100 "GET /healthcheck HTTP/1.0" status: 200 len: 137 time: 0.0021443
2025-12-16 08:00:06.956 17 DEBUG neutron.wsgi [-] (17) accepted ('192.168.122.100', 59046) server /usr/lib/python3.9/site-packages/eventlet/wsgi.py:992
2025-12-16 08:00:06.959 17 INFO neutron.wsgi [-] 192.168.122.100 "GET /healthcheck HTTP/1.0" status: 200 len: 137 time: 0.0025029
2025-12-16 08:00:08.961 17 DEBUG neutron.wsgi [-] (17) accepted ('192.168.122.100', 59058) server /usr/lib/python3.9/site-packages/eventlet/wsgi.py:992
2025-12-16 08:00:08.963 17 INFO neutron.wsgi [-] 192.168.122.100 "GET /healthcheck HTTP/1.0" status: 200 len: 137 time: 0.0013855
2025-12-16 08:00:10.964 17 DEBUG neutron.wsgi [-] (17) accepted ('192.168.122.100', 59072) server /usr/lib/python3.9/site-packages/eventlet/wsgi.py:992
2025-12-16 08:00:10.967 17 INFO neutron.wsgi [-] 192.168.122.100 "GET /healthcheck HTTP/1.0" status: 200 len: 137 time: 0.0026400
2025-12-16 08:00:12.636 15 DEBUG neutron.wsgi [-] (15) accepted ('192.168.122.100', 59078) server /usr/lib/python3.9/site-packages/eventlet/wsgi.py:992
2025-12-16 08:00:12.639 15 INFO neutron.wsgi [-] 192.168.122.100 "GET / HTTP/1.1" status: 200 len: 233 time: 0.0017705
2025-12-16 08:00:12.969 17 DEBUG neutron.wsgi [-] (17) accepted ('192.168.122.100', 59084) server /usr/lib/python3.9/site-packages/eventlet/wsgi.py:992
2025-12-16 08:00:12.972 17 INFO neutron.wsgi [-] 192.168.122.100 "GET /healthcheck HTTP/1.0" status: 200 len: 137 time: 0.0024524
2025-12-16 08:00:14.974 15 DEBUG neutron.wsgi [-] (15) accepted ('192.168.122.100', 59098) server /usr/lib/python3.9/site-packages/eventlet/wsgi.py:992
2025-12-16 08:00:14.977 15 INFO neutron.wsgi [-] 192.168.122.100 "GET /healthcheck HTTP/1.0" status: 200 len: 137 time: 0.0025349
2025-12-16 08:00:16.979 15 DEBUG neutron.wsgi [-] (15) accepted ('192.168.122.100', 39674) server /usr/lib/python3.9/site-packages/eventlet/wsgi.py:992
2025-12-16 08:00:16.984 15 INFO neutron.wsgi [-] 192.168.122.100 "GET /healthcheck HTTP/1.0" status: 200 len: 137 time: 0.0032983
2025-12-16 08:00:18.985 17 DEBUG neutron.wsgi [-] (17) accepted ('192.168.122.100', 39676) server /usr/lib/python3.9/site-packages/eventlet/wsgi.py:992
2025-12-16 08:00:18.988 17 INFO neutron.wsgi [-] 192.168.122.100 "GET /healthcheck HTTP/1.0" status: 200 len: 137 time: 0.0024211
2025-12-16 08:00:20.990 17 DEBUG neutron.wsgi [-] (17) accepted ('192.168.122.100', 39682) server /usr/lib/python3.9/site-packages/eventlet/wsgi.py:992
