Oct 6 09:59:25 standalone container-server[129791]: 172.20.0.100 - - [06/Oct/2025:09:59:25 +0000] "HEAD /d1/983/AUTH_4268d646484344c694f0f2dc49fef4bb/gnocchi.b60ed197-1c6c-43ad-a465-dd5589040c8c" 204 - "HEAD http://172.18.0.2:8080/v1/AUTH_4268d646484344c694f0f2dc49fef4bb/gnocchi.b60ed197-1c6c-43ad-a465-dd5589040c8c?format=json&states=listing" "txdd515299836743f5abac8-0068e392fd" "proxy-server 20" 0.0019 "-" 23 0
Oct 6 09:59:25 standalone proxy-server[131818]: - - 06/Oct/2025/09/59/25 HEAD /v1/AUTH_4268d646484344c694f0f2dc49fef4bb/gnocchi.b60ed197-1c6c-43ad-a465-dd5589040c8c%3Fformat%3Djson%26states%3Dlisting HTTP/1.0 204 - Swift - - - - txdd515299836743f5abac8-0068e392fd - 0.0064 RL - 1759744765.293879747 1759744765.300240040 0
Oct 6 09:59:25 standalone container-server[129764]: 172.20.0.100 - - [06/Oct/2025:09:59:25 +0000] "GET /d1/983/AUTH_4268d646484344c694f0f2dc49fef4bb/gnocchi.b60ed197-1c6c-43ad-a465-dd5589040c8c" 200 2 "GET http://172.18.0.2:8080/v1/AUTH_4268d646484344c694f0f2dc49fef4bb/gnocchi.b60ed197-1c6c-43ad-a465-dd5589040c8c?format=json&states=listing" "txdd515299836743f5abac8-0068e392fd" "proxy-server 20" 0.0036 "-" 20 0
Oct 6 09:59:25 standalone proxy-server[131818]: 172.18.0.2 172.18.0.100 06/Oct/2025/09/59/25 GET /v1/AUTH_4268d646484344c694f0f2dc49fef4bb/gnocchi.b60ed197-1c6c-43ad-a465-dd5589040c8c%3Fformat%3Djson%26states%3Dlisting HTTP/1.0 200 - python-swiftclient-3.11.1 gAAAAABo45JMWJyK... - 2 - txdd515299836743f5abac8-0068e392fd - 0.0200 - - 1759744765.292410374 1759744765.312378645 0
Oct 6 09:59:25 standalone object-server[130053]: 172.20.0.100 - - [06/Oct/2025:09:59:25 +0000] "GET /d1/193/AUTH_4268d646484344c694f0f2dc49fef4bb/gnocchi.b60ed197-1c6c-43ad-a465-dd5589040c8c/1759320000.0_mean_300.0_v3" 404 70 "GET http://172.18.0.2:8080/v1/AUTH_4268d646484344c694f0f2dc49fef4bb/gnocchi.b60ed197-1c6c-43ad-a465-dd5589040c8c/1759320000.0_mean_300.0_v3" "txd1ca5ba83aef43379e9c3-0068e392fd" "proxy-server 20" 0.0004 "-" 23 0
Oct 6 09:59:25 standalone proxy-server[131818]: 172.18.0.2 172.18.0.100 06/Oct/2025/09/59/25 GET /v1/AUTH_4268d646484344c694f0f2dc49fef4bb/gnocchi.b60ed197-1c6c-43ad-a465-dd5589040c8c/1759320000.0_mean_300.0_v3 HTTP/1.0 404 - python-swiftclient-3.11.1 gAAAAABo45JMWJyK... - 70 - txd1ca5ba83aef43379e9c3-0068e392fd - 0.0070 - - 1759744765.317092180 1759744765.324065685 0
Oct 6 09:59:25 standalone container-server[129764]: 172.20.0.100 - - [06/Oct/2025:09:59:25 +0000] "PUT /d1/983/AUTH_4268d646484344c694f0f2dc49fef4bb/gnocchi.b60ed197-1c6c-43ad-a465-dd5589040c8c/1759320000.0_mean_300.0_v3" 201 - "PUT http://172.18.0.2:8080/d1/193/AUTH_4268d646484344c694f0f2dc49fef4bb/gnocchi.b60ed197-1c6c-43ad-a465-dd5589040c8c/1759320000.0_mean_300.0_v3" "txc165e397e6a74777bc83c-0068e392fd" "object-server 22" 0.0008 "-" 20 0
Oct 6 09:59:25 standalone object-server[130052]: 172.20.0.100 - - [06/Oct/2025:09:59:25 +0000] "PUT /d1/193/AUTH_4268d646484344c694f0f2dc49fef4bb/gnocchi.b60ed197-1c6c-43ad-a465-dd5589040c8c/1759320000.0_mean_300.0_v3" 201 - "PUT http://172.18.0.2:8080/v1/AUTH_4268d646484344c694f0f2dc49fef4bb/gnocchi.b60ed197-1c6c-43ad-a465-dd5589040c8c/1759320000.0_mean_300.0_v3" "txc165e397e6a74777bc83c-0068e392fd" "proxy-server 20" 0.0108 "-" 22 0
Oct 6 09:59:25 standalone proxy-server[131818]: 172.18.0.2 172.18.0.100 06/Oct/2025/09/59/25 PUT /v1/AUTH_4268d646484344c694f0f2dc49fef4bb/gnocchi.b60ed197-1c6c-43ad-a465-dd5589040c8c/1759320000.0_mean_300.0_v3 HTTP/1.0 201 - python-swiftclient-3.11.1 gAAAAABo45JMWJyK... 16 - - txc165e397e6a74777bc83c-0068e392fd - 0.0179 - - 1759744765.327906132 1759744765.345786333 0
Oct 6 09:59:25 standalone container-server[129791]: 172.20.0.100 - - [06/Oct/2025:09:59:25 +0000] "PUT /d1/983/AUTH_4268d646484344c694f0f2dc49fef4bb/gnocchi.b60ed197-1c6c-43ad-a465-dd5589040c8c/none_v3" 201 - "PUT http://172.18.0.2:8080/d1/471/AUTH_4268d646484344c694f0f2dc49fef4bb/gnocchi.b60ed197-1c6c-43ad-a465-dd5589040c8c/none_v3" "txbbbc34ef94074b5b9b53d-0068e392fd" "object-server 25" 0.0007 "-" 23 0
Oct 6 09:59:25 standalone object-server[130067]: 172.20.0.100 - - [06/Oct/2025:09:59:25 +0000] "PUT /d1/471/AUTH_4268d646484344c694f0f2dc49fef4bb/gnocchi.b60ed197-1c6c-43ad-a465-dd5589040c8c/none_v3" 201 - "PUT http://172.18.0.2:8080/v1/AUTH_4268d646484344c694f0f2dc49fef4bb/gnocchi.b60ed197-1c6c-43ad-a465-dd5589040c8c/none_v3" "txbbbc34ef94074b5b9b53d-0068e392fd" "proxy-server 20" 0.0124 "-" 25 0
Oct 6 09:59:25 standalone proxy-server[131818]: 172.18.0.2 172.18.0.100 06/Oct/2025/09/59/25 PUT /v1/AUTH_4268d646484344c694f0f2dc49fef4bb/gnocchi.b60ed197-1c6c-43ad-a465-dd5589040c8c/none_v3 HTTP/1.0 201 - python-swiftclient-3.11.1 gAAAAABo45JMWJyK... 22 - - txbbbc34ef94074b5b9b53d-0068e392fd - 0.0201 - - 1759744765.349287271 1759744765.369405985 0
Oct 6 09:59:26 standalone account-server[129774]: 172.20.0.100 - - [06/Oct/2025:09:59:26 +0000] "HEAD /d1/194/.expiring_objects" 404 - "HEAD http://localhost/v1/.expiring_objects?format=json" "txc974e9e21cfa472cb0128-0068e392fe" "proxy-server 2" 0.0056 "-" 23 -
Oct 6 09:59:26 standalone object-expirer[129790]: Pass completed in 0s; 0 objects expired (txn: txc974e9e21cfa472cb0128-0068e392fe)
Oct 6 10:00:10 standalone container-server[129715]: Begin container update sweep
Oct 6 10:00:10 standalone account-server[129753]: 172.20.0.100 - - [06/Oct/2025:10:00:10 +0000] "PUT /d1/864/AUTH_4268d646484344c694f0f2dc49fef4bb/gnocchi.6c5b5d0e-c951-41a7-86aa-2d314ebae697" 201 - "-" "-" "container-updater 2" 0.0011 "-" 20 0
Oct 6 10:00:10 standalone account-server[129774]: 172.20.0.100 - - [06/Oct/2025:10:00:10 +0000] "PUT /d1/864/AUTH_4268d646484344c694f0f2dc49fef4bb/gnocchi.67a0f03c-f536-4e5b-b0d2-37a0df922edc" 201 - "-" "-" "container-updater 2" 0.0006 "-" 23 0
Oct 6 10:00:11 standalone account-server[129774]: 172.20.0.100 - - [06/Oct/2025:10:00:11 +0000] "PUT /d1/864/AUTH_4268d646484344c694f0f2dc49fef4bb/gnocchi.804da634-87e4-4f7b-ac87-5a7903ddc7e3" 201 - "-" "-" "container-updater 2" 0.0006 "-" 23 0
Oct 6 10:00:11 standalone account-server[129774]: 172.20.0.100 - - [06/Oct/2025:10:00:11 +0000] "PUT /d1/864/AUTH_4268d646484344c694f0f2dc49fef4bb/gnocchi.38864593-df90-49b8-a2f6-ec6a31748400" 201 - "-" "-" "container-updater 2" 0.0006 "-" 23 0
Oct 6 10:00:11 standalone account-server[129753]: 172.20.0.100 - - [06/Oct/2025:10:00:11 +0000] "PUT /d1/864/AUTH_4268d646484344c694f0f2dc49fef4bb/gnocchi.25220e6d-5d8c-477c-a801-688c61389355" 201 - "-" "-" "container-updater 2" 0.0007 "-" 20 0
Oct 6 10:00:11 standalone account-server[129757]: 172.20.0.100 - - [06/Oct/2025:10:00:11 +0000] "PUT /d1/864/AUTH_4268d646484344c694f0f2dc49fef4bb/gnocchi.fecea764-c44b-4c1a-95cb-269fe5d746d3" 201 - "-" "-" "container-updater 2" 0.0008 "-" 21 0
Oct 6 10:00:11 standalone account-server[129774]: 172.20.0.100 - - [06/Oct/2025:10:00:11 +0000] "PUT /d1/864/AUTH_4268d646484344c694f0f2dc49fef4bb/gnocchi.5c366f43-2620-4894-84f3-b8c4efc01fa9" 201 - "-" "-" "container-updater 2" 0.0008 "-" 23 0
Oct 6 10:00:11 standalone account-server[129757]: 172.20.0.100 - - [06/Oct/2025:10:00:11 +0000] "PUT /d1/864/AUTH_4268d646484344c694f0f2dc49fef4bb/gnocchi.a8323ad0-9cdb-4a3d-8fa0-57739d791112" 201 - "-" "-" "container-updater 2" 0.0006 "-" 21 0
Oct 6 10:00:11 standalone account-server[129753]: 172.20.0.100 - - [06/Oct/2025:10:00:11 +0000] "PUT /d1/864/AUTH_4268d646484344c694f0f2dc49fef4bb/gnocchi.326b8409-80e0-4ac3-86c4-4c5fd6fb59bd" 201 - "-" "-" "container-updater 2" 0.0007 "-" 20 0
Oct 6 10:00:11 standalone account-server[129774]: 172.20.0.100 - - [06/Oct/2025:10:00:11 +0000] "PUT /d1/864/AUTH_4268d646484344c694f0f2dc49fef4bb/gnocchi.f112510d-6e40-4416-a370-aa03b3f28e40" 201 - "-" "-" "container-updater 2" 0.0008 "-" 23 0
Oct 6 10:00:11 standalone account-server[129774]: 172.20.0.100 - - [06/Oct/2025:10:00:11 +0000] "PUT /d1/864/AUTH_4268d646484344c694f0f2dc49fef4bb/gnocchi.a8f76d0e-9cfd-448a-9e90-d9d2610a90d5" 201 - "-" "-" "container-updater 2" 0.0006 "-" 23 0
Oct 6 10:00:11 standalone account-server[129753]: 172.20.0.100 - - [06/Oct/2025:10:00:11 +0000] "PUT /d1/864/AUTH_4268d646484344c694f0f2dc49fef4bb/gnocchi.b60ed197-1c6c-43ad-a465-dd5589040c8c" 201 - "-" "-" "container-updater 2" 0.0007 "-" 20 0
Oct 6 10:00:11 standalone account-server[129753]: 172.20.0.100 - - [06/Oct/2025:10:00:11 +0000] "PUT /d1/864/AUTH_4268d646484344c694f0f2dc49fef4bb/gnocchi.7891abdd-e2a3-49aa-a2b2-60adfcb6bce9" 201 - "-" "-" "container-updater 2" 0.0008 "-" 20 0
Oct 6 10:00:12 standalone account-server[129768]: 172.20.0.100 - - [06/Oct/2025:10:00:12 +0000] "PUT /d1/864/AUTH_4268d646484344c694f0f2dc49fef4bb/gnocchi.8ee14065-7072-41e4-91a4-0d5a6f97075e" 201 - "-" "-" "container-updater 2" 0.0005 "-" 22 0
Oct 6 10:00:12 standalone account-server[129753]: 172.20.0.100 - - [06/Oct/2025:10:00:12 +0000] "PUT /d1/864/AUTH_4268d646484344c694f0f2dc49fef4bb/gnocchi.3c1732dd-f59c-4b55-9f11-d3e5b469fd05" 201 - "-" "-" "container-updater 2" 0.0007 "-" 20 0
Oct 6 10:00:12 standalone account-server[129757]: 172.20.0.100 - - [06/Oct/2025:10:00:12 +0000] "PUT /d1/864/AUTH_4268d646484344c694f0f2dc49fef4bb/gnocchi.41a82223-ee72-4756-93d6-fd39224597cc" 201 - "-" "-" "container-updater 2" 0.0007 "-" 21 0
Oct 6 10:00:12 standalone account-server[129768]: 172.20.0.100 - - [06/Oct/2025:10:00:12 +0000] "PUT /d1/864/AUTH_4268d646484344c694f0f2dc49fef4bb/gnocchi.60c9d23c-fceb-45c4-9a2d-5d5c94d0abc8" 201 - "-" "-" "container-updater 2" 0.0007 "-" 22 0
Oct 6 10:00:12 standalone account-server[129768]: 172.20.0.100 - - [06/Oct/2025:10:00:12 +0000] "PUT /d1/864/AUTH_4268d646484344c694f0f2dc49fef4bb/gnocchi.c39db223-c98b-4737-abb0-1138e3175c6e" 201 - "-" "-" "container-updater 2" 0.0007 "-" 22 0
Oct 6 10:00:12 standalone account-server[129757]: 172.20.0.100 - - [06/Oct/2025:10:00:12 +0000] "PUT /d1/864/AUTH_4268d646484344c694f0f2dc49fef4bb/gnocchi.7ed117a3-75ea-4d61-a6ec-8461c6748fa6" 201 - "-" "-" "container-updater 2" 0.0004 "-" 21 0
Oct 6 10:00:12 standalone account-server[129774]: 172.20.0.100 - - [06/Oct/2025:10:00:12 +0000] "PUT /d1/864/AUTH_4268d646484344c694f0f2dc49fef4bb/gnocchi.ab2472fc-dd46-4c4f-bbc0-4c0a742ffb17" 201 - "-" "-" "container-updater 2" 0.0007 "-" 23 0
Oct 6 10:00:12 standalone account-server[129768]: 172.20.0.100 - - [06/Oct/2025:10:00:12 +0000] "PUT /d1/864/AUTH_4268d646484344c694f0f2dc49fef4bb/gnocchi.05e6700d-27b8-4324-bd05-4c8be19207ea" 201 - "-" "-" "container-updater 2" 0.0006 "-" 22 0
Oct 6 10:00:12 standalone account-server[129774]: 172.20.0.100 - - [06/Oct/2025:10:00:12 +0000] "PUT /d1/864/AUTH_4268d646484344c694f0f2dc49fef4bb/gnocchi.c5e01a15-288b-47b9-83a2-7d62c776d6dd" 201 - "-" "-" "container-updater 2" 0.0007 "-" 23 0
Oct 6 10:00:13 standalone account-server[129757]: 172.20.0.100 - - [06/Oct/2025:10:00:13 +0000] "PUT /d1/864/AUTH_4268d646484344c694f0f2dc49fef4bb/gnocchi.725d4ca5-af5d-4f76-b73e-a4109f2ae961" 201 - "-" "-" "container-updater 2" 0.0006 "-" 21 0
Oct 6 10:00:13 standalone account-server[129757]: 172.20.0.100 - - [06/Oct/2025:10:00:13 +0000] "PUT /d1/864/AUTH_4268d646484344c694f0f2dc49fef4bb/gnocchi.98805cca-a0d5-4d5c-a639-c10214ef0627" 201 - "-" "-" "container-updater 2" 0.0004 "-" 21 0
Oct 6 10:00:13 standalone account-server[129753]: 172.20.0.100 - - [06/Oct/2025:10:00:13 +0000] "PUT /d1/864/AUTH_4268d646484344c694f0f2dc49fef4bb/gnocchi.2e8a5f9d-a66b-44df-922a-d1488d504e46" 201 - "-" "-" "container-updater 2" 0.0004 "-" 20 0
Oct 6 10:00:13 standalone account-server[129774]: 172.20.0.100 - - [06/Oct/2025:10:00:13 +0000] "PUT /d1/864/AUTH_4268d646484344c694f0f2dc49fef4bb/gnocchi.20c533c7-4327-4867-a983-6fc823122c5f" 201 - "-" "-" "container-updater 2" 0.0009 "-" 23 0
Oct 6 10:00:13 standalone account-server[129768]: 172.20.0.100 - - [06/Oct/2025:10:00:13 +0000] "PUT /d1/864/AUTH_4268d646484344c694f0f2dc49fef4bb/gnocchi.d7d74f87-db51-4d8e-9442-a3ea7d32459f" 201 - "-" "-" "container-updater 2" 0.0007 "-" 22 0
Oct 6 10:00:13 standalone account-server[129774]: 172.20.0.100 - - [06/Oct/2025:10:00:13 +0000] "PUT /d1/864/AUTH_4268d646484344c694f0f2dc49fef4bb/gnocchi.844f2b71-d615-42cc-a429-cb344f6cb855" 201 - "-" "-" "container-updater 2" 0.0008 "-" 23 0
Oct 6 10:00:13 standalone account-server[129768]: 172.20.0.100 - - [06/Oct/2025:10:00:13 +0000] "PUT /d1/864/AUTH_4268d646484344c694f0f2dc49fef4bb/gnocchi.f9f4e506-319f-41ce-addd-c680e7950617" 201 - "-" "-" "container-updater 2" 0.0006 "-" 22 0
Oct 6 10:00:13 standalone account-server[129753]: 172.20.0.100 - - [06/Oct/2025:10:00:13 +0000] "PUT /d1/864/AUTH_4268d646484344c694f0f2dc49fef4bb/gnocchi.43313eaa-3975-49d3-9fe7-b989370dde93" 201 - "-" "-" "container-updater 2" 0.0006 "-" 20 0
Oct 6 10:00:13 standalone account-server[129757]: 172.20.0.100 - - [06/Oct/2025:10:00:13 +0000] "PUT /d1/864/AUTH_4268d646484344c694f0f2dc49fef4bb/gnocchi.780ed67c-a0bb-4bf4-9be3-bc518de9503c" 201 - "-" "-" "container-updater 2" 0.0004 "-" 21 0
Oct 6 10:00:13 standalone account-server[129753]: 172.20.0.100 - - [06/Oct/2025:10:00:13 +0000] "PUT /d1/864/AUTH_4268d646484344c694f0f2dc49fef4bb/gnocchi.0b108ed5-80c6-4ca1-9f28-bcb6f767bb01" 201 - "-" "-" "container-updater 2" 0.0006 "-" 20 0
Oct 6 10:00:14 standalone account-server[129774]: 172.20.0.100 - - [06/Oct/2025:10:00:14 +0000] "PUT /d1/864/AUTH_4268d646484344c694f0f2dc49fef4bb/gnocchi.bb7223fb-3b32-4876-b7f2-ef8eb0d5e60e" 201 - "-" "-" "container-updater 2" 0.0007 "-" 23 0
Oct 6 10:00:14 standalone account-server[129757]: 172.20.0.100 - - [06/Oct/2025:10:00:14 +0000] "PUT /d1/864/AUTH_4268d646484344c694f0f2dc49fef4bb/gnocchi.7ae3d610-79bb-4f52-959f-44891b9d192f" 201 - "-" "-" "container-updater 2" 0.0004 "-" 21 0
Oct 6 10:00:14 standalone account-server[129757]: 172.20.0.100 - - [06/Oct/2025:10:00:14 +0000] "PUT /d1/864/AUTH_4268d646484344c694f0f2dc49fef4bb/gnocchi.e51d8ade-ec2d-45d8-b94e-80ee608ab9a3" 201 - "-" "-" "container-updater 2" 0.0007 "-" 21 0
Oct 6 10:00:14 standalone account-server[129757]: 172.20.0.100 - - [06/Oct/2025:10:00:14 +0000] "PUT /d1/864/AUTH_4268d646484344c694f0f2dc49fef4bb/gnocchi.fff46774-5f0b-4d93-9e89-c1692ec8a16d" 201 - "-" "-" "container-updater 2" 0.0004 "-" 21 0
Oct 6 10:00:14 standalone account-server[129774]: 172.20.0.100 - - [06/Oct/2025:10:00:14 +0000] "PUT /d1/864/AUTH_4268d646484344c694f0f2dc49fef4bb/gnocchi.d1fe0de1-dc8c-4d0d-ad29-a33bab902194" 201 - "-" "-" "container-updater 2" 0.0004 "-" 23 0
Oct 6 10:00:14 standalone account-server[129757]: 172.20.0.100 - - [06/Oct/2025:10:00:14 +0000] "PUT /d1/864/AUTH_4268d646484344c694f0f2dc49fef4bb/gnocchi.c81f6e49-5026-4f8b-8ca5-d9c03e418756" 201 - "-" "-" "container-updater 2" 0.0005 "-" 21 0
Oct 6 10:00:14 standalone account-server[129774]: 172.20.0.100 - - [06/Oct/2025:10:00:14 +0000] "PUT /d1/864/AUTH_4268d646484344c694f0f2dc49fef4bb/gnocchi.c99be40b-482e-4bc3-b688-76f61fbd2f3a" 201 - "-" "-" "container-updater 2" 0.0004 "-" 23 0
Oct 6 10:00:14 standalone account-server[129753]: 172.20.0.100 - - [06/Oct/2025:10:00:14 +0000] "PUT /d1/864/AUTH_4268d646484344c694f0f2dc49fef4bb/gnocchi.3e0dda9c-c194-4442-83bb-0a3ece9e0306" 201 - "-" "-" "container-updater 2" 0.0004 "-" 20 0
Oct 6 10:00:14 standalone account-server[129757]: 172.20.0.100 - - [06/Oct/2025:10:00:14 +0000] "PUT /d1/864/AUTH_4268d646484344c694f0f2dc49fef4bb/gnocchi.dd307c10-745e-41ae-ac1d-65e5c86b9217" 201 - "-" "-" "container-updater 2" 0.0007 "-" 21 0
Oct 6 10:00:14 standalone account-server[129757]: 172.20.0.100 - - [06/Oct/2025:10:00:14 +0000] "PUT /d1/864/AUTH_4268d646484344c694f0f2dc49fef4bb/gnocchi.ee61eac6-2519-4912-952a-71313438260f" 201 - "-" "-" "container-updater 2" 0.0005 "-" 21 0
Oct 6 10:00:15 standalone account-server[129768]: 172.20.0.100 - - [06/Oct/2025:10:00:15 +0000] "PUT /d1/864/AUTH_4268d646484344c694f0f2dc49fef4bb/gnocchi.63b820ab-8b4d-43af-b529-35b07f3fe457" 201 - "-" "-" "container-updater 2" 0.0004 "-" 22 0
Oct 6 10:00:15 standalone account-server[129768]: 172.20.0.100 - - [06/Oct/2025:10:00:15 +0000] "PUT /d1/864/AUTH_4268d646484344c694f0f2dc49fef4bb/gnocchi.669967e1-0336-4303-93f4-c4a27c43da8a" 201 - "-" "-" "container-updater 2" 0.0004 "-" 22 0
Oct 6 10:00:15 standalone account-server[129753]: 172.20.0.100 - - [06/Oct/2025:10:00:15 +0000] "PUT /d1/864/AUTH_4268d646484344c694f0f2dc49fef4bb/gnocchi.7db8cf31-eb3f-4512-b7b4-757b775a3c4e" 201 - "-" "-" "container-updater 2" 0.0004 "-" 20 0
Oct 6 10:00:15 standalone account-server[129768]: 172.20.0.100 - - [06/Oct/2025:10:00:15 +0000] "PUT /d1/864/AUTH_4268d646484344c694f0f2dc49fef4bb/gnocchi.7c1ed8f6-754a-48d7-89ab-9fb7a903888d" 201 - "-" "-" "container-updater 2" 0.0007 "-" 22 0
Oct 6 10:00:15 standalone account-server[129757]: 172.20.0.100 - - [06/Oct/2025:10:00:15 +0000] "PUT /d1/864/AUTH_4268d646484344c694f0f2dc49fef4bb/gnocchi.fd015bfd-b6b4-41d7-84ca-65ac364544cc" 201 - "-" "-" "container-updater 2" 0.0004 "-" 21 0
Oct 6 10:00:15 standalone account-server[129774]: 172.20.0.100 - - [06/Oct/2025:10:00:15 +0000] "PUT /d1/864/AUTH_4268d646484344c694f0f2dc49fef4bb/gnocchi.69749dd8-50ab-41d8-855c-00b1cac7a3ee" 201 - "-" "-" "container-updater 2" 0.0005 "-" 23 0
Oct 6 10:00:15 standalone account-server[129753]: 172.20.0.100 - - [06/Oct/2025:10:00:15 +0000] "PUT /d1/864/AUTH_4268d646484344c694f0f2dc49fef4bb/gnocchi.d483eb83-50b8-4a27-9417-96d70f8b0325" 201 - "-" "-" "container-updater 2" 0.0005 "-" 20 0
Oct 6 10:00:15 standalone container-server[129715]: Container update sweep completed: 4.93s
Oct 6 10:00:17 standalone account-server[129774]: 172.20.0.100 - - [06/Oct/2025:10:00:17 +0000] "HEAD /d1/864/AUTH_4268d646484344c694f0f2dc49fef4bb" 204 - "HEAD http://172.18.0.2:8080/v1/AUTH_4268d646484344c694f0f2dc49fef4bb?format=json" "txbcec7f546200425398c90-0068e39331" "proxy-server 20" 0.0176 "-" 23 -
Oct 6 10:00:17 standalone proxy-server[131818]: - - 06/Oct/2025/10/00/17 HEAD /v1/AUTH_4268d646484344c694f0f2dc49fef4bb%3Fformat%3Djson HTTP/1.0 204 - Swift - - - - txbcec7f546200425398c90-0068e39331 - 0.0244 RL - 1759744817.735041618 1759744817.759454012 -
Oct 6 10:00:17 standalone container-server[129764]: 172.20.0.100 - - [06/Oct/2025:10:00:17 +0000] "HEAD /d1/544/AUTH_4268d646484344c694f0f2dc49fef4bb/gnocchi.5c366f43-2620-4894-84f3-b8c4efc01fa9" 204 - "HEAD http://172.18.0.2:8080/v1/AUTH_4268d646484344c694f0f2dc49fef4bb/gnocchi.5c366f43-2620-4894-84f3-b8c4efc01fa9?format=json&states=listing" "txbcec7f546200425398c90-0068e39331" "proxy-server 20" 0.0029 "-" 20 0
Oct 6 10:00:17 standalone object-server[130053]: 172.20.0.100 - - [06/Oct/2025:10:00:17 +0000] "GET /d1/514/AUTH_4268d646484344c694f0f2dc49fef4bb/gnocchi.5c366f43-2620-4894-84f3-b8c4efc01fa9/none_v3" 200 22 "GET http://172.18.0.2:8080/v1/AUTH_4268d646484344c694f0f2dc49fef4bb/gnocchi.5c366f43-2620-4894-84f3-b8c4efc01fa9/none_v3" "txbcec7f546200425398c90-0068e39331" "proxy-server 20" 0.0019 "-" 23 0
Oct 6 10:00:17 standalone proxy-server[131818]: 172.18.0.2 172.18.0.100 06/Oct/2025/10/00/17 GET /v1/AUTH_4268d646484344c694f0f2dc49fef4bb/gnocchi.5c366f43-2620-4894-84f3-b8c4efc01fa9/none_v3 HTTP/1.0 200 - python-swiftclient-3.11.1 gAAAAABo45JMWJyK... - 22 - txbcec7f546200425398c90-0068e39331 - 0.0524 - - 1759744817.733537436 1759744817.785924911 0
Oct 6 10:00:17 standalone container-server[129791]: 172.20.0.100 - - [06/Oct/2025:10:00:17 +0000] "GET /d1/544/AUTH_4268d646484344c694f0f2dc49fef4bb/gnocchi.5c366f43-2620-4894-84f3-b8c4efc01fa9" 200 357 "GET http://172.18.0.2:8080/v1/AUTH_4268d646484344c694f0f2dc49fef4bb/gnocchi.5c366f43-2620-4894-84f3-b8c4efc01fa9?format=json&states=listing" "txc93b2a20c2714767a9dea-0068e39331" "proxy-server 20" 0.0041 "-" 23 0
Oct 6 10:00:17 standalone proxy-server[131818]: 172.18.0.2 172.18.0.100 06/Oct/2025/10/00/17 GET /v1/AUTH_4268d646484344c694f0f2dc49fef4bb/gnocchi.5c366f43-2620-4894-84f3-b8c4efc01fa9%3Fformat%3Djson%26states%3Dlisting HTTP/1.0 200 - python-swiftclient-3.11.1 gAAAAABo45JMWJyK... - 357 - txc93b2a20c2714767a9dea-0068e39331 - 0.0213 - - 1759744817.792902231 1759744817.814177990 0
Oct 6 10:00:17 standalone container-server[129764]: 172.20.0.100 - - [06/Oct/2025:10:00:17 +0000] "GET /d1/544/AUTH_4268d646484344c694f0f2dc49fef4bb/gnocchi.5c366f43-2620-4894-84f3-b8c4efc01fa9" 200 2 "GET http://172.18.0.2:8080/v1/AUTH_4268d646484344c694f0f2dc49fef4bb/gnocchi.5c366f43-2620-4894-84f3-b8c4efc01fa9?format=json&marker=none_v3&states=listing" "txcc1c3d8b764c46b394b8b-0068e39331" "proxy-server 20" 0.0035 "-" 20 0
Oct 6 10:00:17 standalone proxy-server[131818]: 172.18.0.2 172.18.0.100 06/Oct/2025/10/00/17 GET /v1/AUTH_4268d646484344c694f0f2dc49fef4bb/gnocchi.5c366f43-2620-4894-84f3-b8c4efc01fa9%3Fformat%3Djson%26marker%3Dnone_v3%26states%3Dlisting HTTP/1.0 200 - python-swiftclient-3.11.1 gAAAAABo45JMWJyK... - 2 - txcc1c3d8b764c46b394b8b-0068e39331 - 0.0148 - - 1759744817.818796635 1759744817.833604813 0
Oct 6 10:00:17 standalone object-server[130053]: 172.20.0.100 - - [06/Oct/2025:10:00:17 +0000] "GET /d1/484/AUTH_4268d646484344c694f0f2dc49fef4bb/gnocchi.5c366f43-2620-4894-84f3-b8c4efc01fa9/1759320000.0_mean_300.0_v3" 200 16 "GET http://172.18.0.2:8080/v1/AUTH_4268d646484344c694f0f2dc49fef4bb/gnocchi.5c366f43-2620-4894-84f3-b8c4efc01fa9/1759320000.0_mean_300.0_v3" "tx6fe8a0ac97e64a67bd7b6-0068e39331" "proxy-server 20" 0.0020 "-" 23 0
Oct 6 10:00:17 standalone proxy-server[131818]: 172.18.0.2 172.18.0.100 06/Oct/2025/10/00/17 GET /v1/AUTH_4268d646484344c694f0f2dc49fef4bb/gnocchi.5c366f43-2620-4894-84f3-b8c4efc01fa9/1759320000.0_mean_300.0_v3 HTTP/1.0 200 - python-swiftclient-3.11.1 gAAAAABo45JMWJyK... - 16 - tx6fe8a0ac97e64a67bd7b6-0068e39331 - 0.0138 - - 1759744817.840832949 1759744817.854659319 0
Oct 6 10:00:17 standalone container-server[129764]: 172.20.0.100 - - [06/Oct/2025:10:00:17 +0000] "PUT /d1/544/AUTH_4268d646484344c694f0f2dc49fef4bb/gnocchi.5c366f43-2620-4894-84f3-b8c4efc01fa9/1759320000.0_mean_300.0_v3" 201 - "PUT http://172.18.0.2:8080/d1/484/AUTH_4268d646484344c694f0f2dc49fef4bb/gnocchi.5c366f43-2620-4894-84f3-b8c4efc01fa9/1759320000.0_mean_300.0_v3" "tx1c34bc09cc5c46548914c-0068e39331" "object-server 22" 0.0009 "-" 20 0
Oct 6 10:00:17 standalone object-server[130052]: 172.20.0.100 - - [06/Oct/2025:10:00:17 +0000] "PUT /d1/484/AUTH_4268d646484344c694f0f2dc49fef4bb/gnocchi.5c366f43-2620-4894-84f3-b8c4efc01fa9/1759320000.0_mean_300.0_v3" 201 - "PUT http://172.18.0.2:8080/v1/AUTH_4268d646484344c694f0f2dc49fef4bb/gnocchi.5c366f43-2620-4894-84f3-b8c4efc01fa9/1759320000.0_mean_300.0_v3" "tx1c34bc09cc5c46548914c-0068e39331" "proxy-server 20" 0.0137 "-" 22 0
Oct 6 10:00:17 standalone proxy-server[131818]: 172.18.0.2 172.18.0.100 06/Oct/2025/10/00/17 PUT /v1/AUTH_4268d646484344c694f0f2dc49fef4bb/gnocchi.5c366f43-2620-4894-84f3-b8c4efc01fa9/1759320000.0_mean_300.0_v3 HTTP/1.0 201 - python-swiftclient-3.11.1 gAAAAABo45JMWJyK... 23 - - tx1c34bc09cc5c46548914c-0068e39331 - 0.0255 - - 1759744817.861658573 1759744817.887125731 0
Oct 6 10:00:17 standalone container-server[129769]: 172.20.0.100 - - [06/Oct/2025:10:00:17 +0000] "PUT /d1/544/AUTH_4268d646484344c694f0f2dc49fef4bb/gnocchi.5c366f43-2620-4894-84f3-b8c4efc01fa9/none_v3" 201 - "PUT http://172.18.0.2:8080/d1/514/AUTH_4268d646484344c694f0f2dc49fef4bb/gnocchi.5c366f43-2620-4894-84f3-b8c4efc01fa9/none_v3" "tx93ff53a7df4c4aa6ac34a-0068e39331" "object-server 25" 0.0009 "-" 21 0
Oct 6 10:00:17 standalone object-server[130067]: 172.20.0.100 - - [06/Oct/2025:10:00:17 +0000] "PUT /d1/514/AUTH_4268d646484344c694f0f2dc49fef4bb/gnocchi.5c366f43-2620-4894-84f3-b8c4efc01fa9/none_v3" 201 - "PUT http://172.18.0.2:8080/v1/AUTH_4268d646484344c694f0f2dc49fef4bb/gnocchi.5c366f43-2620-4894-84f3-b8c4efc01fa9/none_v3" "tx93ff53a7df4c4aa6ac34a-0068e39331" "proxy-server 20" 0.0140 "-" 25 0
Oct 6 10:00:17 standalone proxy-server[131818]: 172.18.0.2 172.18.0.100 06/Oct/2025/10/00/17 PUT /v1/AUTH_4268d646484344c694f0f2dc49fef4bb/gnocchi.5c366f43-2620-4894-84f3-b8c4efc01fa9/none_v3 HTTP/1.0 201 - python-swiftclient-3.11.1 gAAAAABo45JMWJyK... 22 - - tx93ff53a7df4c4aa6ac34a-0068e39331 - 0.0251 - - 1759744817.894561529 1759744817.919691324 0
Oct 6 10:00:17 standalone container-server[129791]: 172.20.0.100 - - [06/Oct/2025:10:00:17 +0000] "HEAD /d1/641/AUTH_4268d646484344c694f0f2dc49fef4bb/gnocchi.2e8a5f9d-a66b-44df-922a-d1488d504e46" 204 - "HEAD http://172.18.0.2:8080/v1/AUTH_4268d646484344c694f0f2dc49fef4bb/gnocchi.2e8a5f9d-a66b-44df-922a-d1488d504e46?format=json&states=listing" "tx075913804d6f4351ac4a9-0068e39331" "proxy-server 20" 0.0026 "-" 23 0
Oct 6 10:00:17 standalone object-server[130054]: 172.20.0.100 - - [06/Oct/2025:10:00:17 +0000] "GET /d1/137/AUTH_4268d646484344c694f0f2dc49fef4bb/gnocchi.2e8a5f9d-a66b-44df-922a-d1488d504e46/none_v3" 200 22 "GET http://172.18.0.2:8080/v1/AUTH_4268d646484344c694f0f2dc49fef4bb/gnocchi.2e8a5f9d-a66b-44df-922a-d1488d504e46/none_v3" "tx075913804d6f4351ac4a9-0068e39331" "proxy-server 20" 0.0016 "-" 24 0
Oct 6 10:00:17 standalone proxy-server[131818]: 172.18.0.2 172.18.0.100 06/Oct/2025/10/00/17 GET /v1/AUTH_4268d646484344c694f0f2dc49fef4bb/gnocchi.2e8a5f9d-a66b-44df-922a-d1488d504e46/none_v3 HTTP/1.0 200 - python-swiftclient-3.11.1 gAAAAABo45JMWJyK... - 22 - tx075913804d6f4351ac4a9-0068e39331 - 0.0225 - - 1759744817.934949636 1759744817.957483292 0
Oct 6 10:00:17 standalone container-server[129781]: 172.20.0.100 - - [06/Oct/2025:10:00:17 +0000] "GET /d1/641/AUTH_4268d646484344c694f0f2dc49fef4bb/gnocchi.2e8a5f9d-a66b-44df-922a-d1488d504e46" 200 357 "GET http://172.18.0.2:8080/v1/AUTH_4268d646484344c694f0f2dc49fef4bb/gnocchi.2e8a5f9d-a66b-44df-922a-d1488d504e46?format=json&states=listing" "txd078148a3b2a4489b715e-0068e39331" "proxy-server 20" 0.0043 "-" 22 0
Oct 6 10:00:17 standalone proxy-server[131818]: 172.18.0.2 172.18.0.100 06/Oct/2025/10/00/17 GET /v1/AUTH_4268d646484344c694f0f2dc49fef4bb/gnocchi.2e8a5f9d-a66b-44df-922a-d1488d504e46%3Fformat%3Djson%26states%3Dlisting HTTP/1.0 200 - python-swiftclient-3.11.1 gAAAAABo45JMWJyK... - 357 - txd078148a3b2a4489b715e-0068e39331 - 0.0160 - - 1759744817.962976456 1759744817.979015112 0
Oct 6 10:00:17 standalone container-server[129764]: 172.20.0.100 - - [06/Oct/2025:10:00:17 +0000] "GET /d1/641/AUTH_4268d646484344c694f0f2dc49fef4bb/gnocchi.2e8a5f9d-a66b-44df-922a-d1488d504e46" 200 2 "GET http://172.18.0.2:8080/v1/AUTH_4268d646484344c694f0f2dc49fef4bb/gnocchi.2e8a5f9d-a66b-44df-922a-d1488d504e46?format=json&marker=none_v3&states=listing" "tx44d4ae3aa82b4674870c7-0068e39331" "proxy-server 20" 0.0039 "-" 20 0
Oct 6 10:00:17 standalone proxy-server[131818]: 172.18.0.2 172.18.0.100 06/Oct/2025/10/00/17 GET /v1/AUTH_4268d646484344c694f0f2dc49fef4bb/gnocchi.2e8a5f9d-a66b-44df-922a-d1488d504e46%3Fformat%3Djson%26marker%3Dnone_v3%26states%3Dlisting HTTP/1.0 200 - python-swiftclient-3.11.1 gAAAAABo45JMWJyK... - 2 - tx44d4ae3aa82b4674870c7-0068e39331 - 0.0148 - - 1759744817.983561754 1759744817.998351812 0
Oct 6 10:00:18 standalone object-server[130053]: 172.20.0.100 - - [06/Oct/2025:10:00:18 +0000] "GET /d1/655/AUTH_4268d646484344c694f0f2dc49fef4bb/gnocchi.2e8a5f9d-a66b-44df-922a-d1488d504e46/1759320000.0_mean_300.0_v3" 200 16 "GET http://172.18.0.2:8080/v1/AUTH_4268d646484344c694f0f2dc49fef4bb/gnocchi.2e8a5f9d-a66b-44df-922a-d1488d504e46/1759320000.0_mean_300.0_v3" "txd7c00371ad52408dbd3ec-0068e39332" "proxy-server 20" 0.0014 "-" 23 0
Oct 6 10:00:18 standalone proxy-server[131818]: 172.18.0.2 172.18.0.100 06/Oct/2025/10/00/18 GET /v1/AUTH_4268d646484344c694f0f2dc49fef4bb/gnocchi.2e8a5f9d-a66b-44df-922a-d1488d504e46/1759320000.0_mean_300.0_v3 HTTP/1.0 200 - python-swiftclient-3.11.1 gAAAAABo45JMWJyK... - 16 - txd7c00371ad52408dbd3ec-0068e39332 - 0.0124 - - 1759744818.004335642 1759744818.016698360 0
Oct 6 10:00:18 standalone container-server[129791]: 172.20.0.100 - - [06/Oct/2025:10:00:18 +0000] "PUT /d1/641/AUTH_4268d646484344c694f0f2dc49fef4bb/gnocchi.2e8a5f9d-a66b-44df-922a-d1488d504e46/1759320000.0_mean_300.0_v3" 201 - "PUT http://172.18.0.2:8080/d1/655/AUTH_4268d646484344c694f0f2dc49fef4bb/gnocchi.2e8a5f9d-a66b-44df-922a-d1488d504e46/1759320000.0_mean_300.0_v3" "tx2a8afe59e6e847549f928-0068e39332" "object-server 24" 0.0009 "-" 23 0
Oct 6 10:00:18 standalone object-server[130054]: 172.20.0.100 - - [06/Oct/2025:10:00:18 +0000] "PUT /d1/655/AUTH_4268d646484344c694f0f2dc49fef4bb/gnocchi.2e8a5f9d-a66b-44df-922a-d1488d504e46/1759320000.0_mean_300.0_v3" 201 - "PUT http://172.18.0.2:8080/v1/AUTH_4268d646484344c694f0f2dc49fef4bb/gnocchi.2e8a5f9d-a66b-44df-922a-d1488d504e46/1759320000.0_mean_300.0_v3" "tx2a8afe59e6e847549f928-0068e39332" "proxy-server 20" 0.0137 "-" 24 0
Oct 6 10:00:18 standalone proxy-server[131818]: 172.18.0.2 172.18.0.100 06/Oct/2025/10/00/18 PUT /v1/AUTH_4268d646484344c694f0f2dc49fef4bb/gnocchi.2e8a5f9d-a66b-44df-922a-d1488d504e46/1759320000.0_mean_300.0_v3 HTTP/1.0 201 - python-swiftclient-3.11.1 gAAAAABo45JMWJyK... 23 - - tx2a8afe59e6e847549f928-0068e39332 - 0.0227 - - 1759744818.021162987 1759744818.043826342 0
Oct 6 10:00:18 standalone container-server[129764]: 172.20.0.100 - - [06/Oct/2025:10:00:18 +0000] "PUT /d1/641/AUTH_4268d646484344c694f0f2dc49fef4bb/gnocchi.2e8a5f9d-a66b-44df-922a-d1488d504e46/none_v3" 201 - "PUT http://172.18.0.2:8080/d1/137/AUTH_4268d646484344c694f0f2dc49fef4bb/gnocchi.2e8a5f9d-a66b-44df-922a-d1488d504e46/none_v3" "tx8410e59a6544499a8f6e0-0068e39332" "object-server 24" 0.0009 "-" 20 0
Oct 6 10:00:18 standalone object-server[130054]: 172.20.0.100 - - [06/Oct/2025:10:00:18 +0000] "PUT /d1/137/AUTH_4268d646484344c694f0f2dc49fef4bb/gnocchi.2e8a5f9d-a66b-44df-922a-d1488d504e46/none_v3" 201 - "PUT http://172.18.0.2:8080/v1/AUTH_4268d646484344c694f0f2dc49fef4bb/gnocchi.2e8a5f9d-a66b-44df-922a-d1488d504e46/none_v3" "tx8410e59a6544499a8f6e0-0068e39332" "proxy-server 20" 0.0131 "-" 24 0
Oct 6 10:00:18 standalone proxy-server[131818]: 172.18.0.2 172.18.0.100 06/Oct/2025/10/00/18 PUT /v1/AUTH_4268d646484344c694f0f2dc49fef4bb/gnocchi.2e8a5f9d-a66b-44df-922a-d1488d504e46/none_v3 HTTP/1.0 201 - python-swiftclient-3.11.1 gAAAAABo45JMWJyK... 22 - - tx8410e59a6544499a8f6e0-0068e39332 - 0.0216 - - 1759744818.047978163 1759744818.069613218 0
Oct 6 10:00:18 standalone container-server[129781]: 172.20.0.100 - - [06/Oct/2025:10:00:18 +0000] "HEAD /d1/113/AUTH_4268d646484344c694f0f2dc49fef4bb/gnocchi.43313eaa-3975-49d3-9fe7-b989370dde93" 204 - "HEAD http://172.18.0.2:8080/v1/AUTH_4268d646484344c694f0f2dc49fef4bb/gnocchi.43313eaa-3975-49d3-9fe7-b989370dde93?format=json&states=listing" "txd5995374d6144edcbf104-0068e39332" "proxy-server 20" 0.0026 "-" 22 0
Oct 6 10:00:18 standalone object-server[130067]: 172.20.0.100 - - [06/Oct/2025:10:00:18 +0000] "GET /d1/253/AUTH_4268d646484344c694f0f2dc49fef4bb/gnocchi.43313eaa-3975-49d3-9fe7-b989370dde93/none_v3" 200 32 "GET http://172.18.0.2:8080/v1/AUTH_4268d646484344c694f0f2dc49fef4bb/gnocchi.43313eaa-3975-49d3-9fe7-b989370dde93/none_v3" "txd5995374d6144edcbf104-0068e39332" "proxy-server 20" 0.0019 "-" 25 0
Oct 6 10:00:18 standalone proxy-server[131818]: 172.18.0.2 172.18.0.100 06/Oct/2025/10/00/18 GET /v1/AUTH_4268d646484344c694f0f2dc49fef4bb/gnocchi.43313eaa-3975-49d3-9fe7-b989370dde93/none_v3 HTTP/1.0 200 - python-swiftclient-3.11.1 gAAAAABo45JMWJyK... - 32 - txd5995374d6144edcbf104-0068e39332 - 0.0216 - - 1759744818.085421324 1759744818.106997967 0
Oct 6 10:00:18 standalone container-server[129781]: 172.20.0.100 - - [06/Oct/2025:10:00:18 +0000] "GET /d1/113/AUTH_4268d646484344c694f0f2dc49fef4bb/gnocchi.43313eaa-3975-49d3-9fe7-b989370dde93" 200 357 "GET http://172.18.0.2:8080/v1/AUTH_4268d646484344c694f0f2dc49fef4bb/gnocchi.43313eaa-3975-49d3-9fe7-b989370dde93?format=json&states=listing" "tx55b5f0266f3943a3b7314-0068e39332" "proxy-server 20" 0.0061 "-" 22 0
Oct 6 10:00:18 standalone proxy-server[131818]: 172.18.0.2 172.18.0.100 06/Oct/2025/10/00/18 GET /v1/AUTH_4268d646484344c694f0f2dc49fef4bb/gnocchi.43313eaa-3975-49d3-9fe7-b989370dde93%3Fformat%3Djson%26states%3Dlisting HTTP/1.0 200 - python-swiftclient-3.11.1 gAAAAABo45JMWJyK... - 357 - tx55b5f0266f3943a3b7314-0068e39332 - 0.0163 - - 1759744818.112482548 1759744818.128782034 0
Oct 6 10:00:18 standalone container-server[129769]: 172.20.0.100 - - [06/Oct/2025:10:00:18 +0000] "GET /d1/113/AUTH_4268d646484344c694f0f2dc49fef4bb/gnocchi.43313eaa-3975-49d3-9fe7-b989370dde93" 200 2 "GET http://172.18.0.2:8080/v1/AUTH_4268d646484344c694f0f2dc49fef4bb/gnocchi.43313eaa-3975-49d3-9fe7-b989370dde93?format=json&marker=none_v3&states=listing" "txd6051a8960834028a22b1-0068e39332" "proxy-server 20" 0.0034 "-" 21 0
Oct 6 10:00:18 standalone proxy-server[131818]: 172.18.0.2 172.18.0.100 06/Oct/2025/10/00/18 GET /v1/AUTH_4268d646484344c694f0f2dc49fef4bb/gnocchi.43313eaa-3975-49d3-9fe7-b989370dde93%3Fformat%3Djson%26marker%3Dnone_v3%26states%3Dlisting HTTP/1.0 200 - python-swiftclient-3.11.1 gAAAAABo45JMWJyK... - 2 - txd6051a8960834028a22b1-0068e39332 - 0.0146 - - 1759744818.132895708 1759744818.147467375 0
Oct 6 10:00:18 standalone object-server[130053]: 172.20.0.100 - - [06/Oct/2025:10:00:18 +0000] "GET /d1/720/AUTH_4268d646484344c694f0f2dc49fef4bb/gnocchi.43313eaa-3975-49d3-9fe7-b989370dde93/1759320000.0_mean_300.0_v3" 200 16 "GET http://172.18.0.2:8080/v1/AUTH_4268d646484344c694f0f2dc49fef4bb/gnocchi.43313eaa-3975-49d3-9fe7-b989370dde93/1759320000.0_mean_300.0_v3" "tx62da98b549e7450db6a23-0068e39332" "proxy-server 20" 0.0012 "-" 23 0
Oct 6 10:00:18 standalone proxy-server[131818]: 172.18.0.2 172.18.0.100 06/Oct/2025/10/00/18 GET /v1/AUTH_4268d646484344c694f0f2dc49fef4bb/gnocchi.43313eaa-3975-49d3-9fe7-b989370dde93/1759320000.0_mean_300.0_v3 HTTP/1.0 200 - python-swiftclient-3.11.1 gAAAAABo45JMWJyK... - 16 - tx62da98b549e7450db6a23-0068e39332 - 0.0097 - - 1759744818.152117729 1759744818.161863565 0
Oct 6 10:00:18 standalone container-server[129769]: 172.20.0.100 - - [06/Oct/2025:10:00:18 +0000] "PUT /d1/113/AUTH_4268d646484344c694f0f2dc49fef4bb/gnocchi.43313eaa-3975-49d3-9fe7-b989370dde93/1759320000.0_mean_300.0_v3" 201 - "PUT http://172.18.0.2:8080/d1/720/AUTH_4268d646484344c694f0f2dc49fef4bb/gnocchi.43313eaa-3975-49d3-9fe7-b989370dde93/1759320000.0_mean_300.0_v3" "tx99caef6ba89d4d6f9a785-0068e39332" "object-server 25" 0.0008 "-" 21 0
Oct 6 10:00:18 standalone object-server[130067]: 172.20.0.100 - - [06/Oct/2025:10:00:18 +0000] "PUT /d1/720/AUTH_4268d646484344c694f0f2dc49fef4bb/gnocchi.43313eaa-3975-49d3-9fe7-b989370dde93/1759320000.0_mean_300.0_v3" 201 - "PUT http://172.18.0.2:8080/v1/AUTH_4268d646484344c694f0f2dc49fef4bb/gnocchi.43313eaa-3975-49d3-9fe7-b989370dde93/1759320000.0_mean_300.0_v3" "tx99caef6ba89d4d6f9a785-0068e39332" "proxy-server 20" 0.0123 "-" 25 0
Oct 6 10:00:18 standalone proxy-server[131818]: 172.18.0.2 172.18.0.100 06/Oct/2025/10/00/18 PUT /v1/AUTH_4268d646484344c694f0f2dc49fef4bb/gnocchi.43313eaa-3975-49d3-9fe7-b989370dde93/1759320000.0_mean_300.0_v3 HTTP/1.0 201 - python-swiftclient-3.11.1 gAAAAABo45JMWJyK... 23 - - tx99caef6ba89d4d6f9a785-0068e39332 - 0.0207 - - 1759744818.165979862 1759744818.186701298 0
Oct 6 10:00:18 standalone container-server[129769]: 172.20.0.100 - - [06/Oct/2025:10:00:18 +0000] "PUT /d1/113/AUTH_4268d646484344c694f0f2dc49fef4bb/gnocchi.43313eaa-3975-49d3-9fe7-b989370dde93/none_v3" 201 - "PUT http://172.18.0.2:8080/d1/253/AUTH_4268d646484344c694f0f2dc49fef4bb/gnocchi.43313eaa-3975-49d3-9fe7-b989370dde93/none_v3" "tx4d34e9ec02f049f8bff81-0068e39332" "object-server 23" 0.0008 "-" 21 0
Oct 6 10:00:18 standalone object-server[130053]: 172.20.0.100 - - [06/Oct/2025:10:00:18 +0000] "PUT /d1/253/AUTH_4268d646484344c694f0f2dc49fef4bb/gnocchi.43313eaa-3975-49d3-9fe7-b989370dde93/none_v3" 201 - "PUT http://172.18.0.2:8080/v1/AUTH_4268d646484344c694f0f2dc49fef4bb/gnocchi.43313eaa-3975-49d3-9fe7-b989370dde93/none_v3" "tx4d34e9ec02f049f8bff81-0068e39332" "proxy-server 20" 0.0115 "-" 23 0
Oct 6 10:00:18 standalone proxy-server[131818]: 172.18.0.2 172.18.0.100 06/Oct/2025/10/00/18 PUT /v1/AUTH_4268d646484344c694f0f2dc49fef4bb/gnocchi.43313eaa-3975-49d3-9fe7-b989370dde93/none_v3 HTTP/1.0 201 - python-swiftclient-3.11.1 gAAAAABo45JMWJyK... 22 - - tx4d34e9ec02f049f8bff81-0068e39332 - 0.0197 - - 1759744818.190992355 1759744818.210741997 0
Oct 6 10:00:18 standalone container-server[129791]: 172.20.0.100 - - [06/Oct/2025:10:00:18 +0000] "HEAD /d1/148/AUTH_4268d646484344c694f0f2dc49fef4bb/gnocchi.e51d8ade-ec2d-45d8-b94e-80ee608ab9a3" 204 - "HEAD http://172.18.0.2:8080/v1/AUTH_4268d646484344c694f0f2dc49fef4bb/gnocchi.e51d8ade-ec2d-45d8-b94e-80ee608ab9a3?format=json&states=listing" "tx8f69983b3c8f408186cc9-0068e39332" "proxy-server 20" 0.0024 "-" 23 0
Oct 6 10:00:18 standalone object-server[130052]: 172.20.0.100 - - [06/Oct/2025:10:00:18 +0000] "GET /d1/99/AUTH_4268d646484344c694f0f2dc49fef4bb/gnocchi.e51d8ade-ec2d-45d8-b94e-80ee608ab9a3/none_v3" 200 32 "GET http://172.18.0.2:8080/v1/AUTH_4268d646484344c694f0f2dc49fef4bb/gnocchi.e51d8ade-ec2d-45d8-b94e-80ee608ab9a3/none_v3" "tx8f69983b3c8f408186cc9-0068e39332" "proxy-server 20" 0.0012 "-" 22 0
Oct 6 10:00:18 standalone proxy-server[131818]: 172.18.0.2 172.18.0.100 06/Oct/2025/10/00/18 GET /v1/AUTH_4268d646484344c694f0f2dc49fef4bb/gnocchi.e51d8ade-ec2d-45d8-b94e-80ee608ab9a3/none_v3 HTTP/1.0 200 - python-swiftclient-3.11.1 gAAAAABo45JMWJyK... - 32 - tx8f69983b3c8f408186cc9-0068e39332 - 0.0176 - - 1759744818.225985050 1759744818.243593454 0
Oct 6 10:00:18 standalone container-server[129791]: 172.20.0.100 - - [06/Oct/2025:10:00:18 +0000] "GET /d1/148/AUTH_4268d646484344c694f0f2dc49fef4bb/gnocchi.e51d8ade-ec2d-45d8-b94e-80ee608ab9a3" 200 357 "GET http://172.18.0.2:8080/v1/AUTH_4268d646484344c694f0f2dc49fef4bb/gnocchi.e51d8ade-ec2d-45d8-b94e-80ee608ab9a3?format=json&states=listing" "txd444e1cfdc754acaaaacd-0068e39332" "proxy-server 20" 0.0054 "-" 23 0
Oct 6 10:00:18 standalone proxy-server[131818]: 172.18.0.2 172.18.0.100 06/Oct/2025/10/00/18 GET /v1/AUTH_4268d646484344c694f0f2dc49fef4bb/gnocchi.e51d8ade-ec2d-45d8-b94e-80ee608ab9a3%3Fformat%3Djson%26states%3Dlisting HTTP/1.0 200 - python-swiftclient-3.11.1 gAAAAABo45JMWJyK... - 357 - txd444e1cfdc754acaaaacd-0068e39332 - 0.0151 - - 1759744818.248622179 1759744818.263735533 0
Oct 6 10:00:18 standalone container-server[129781]: 172.20.0.100 - - [06/Oct/2025:10:00:18 +0000] "GET /d1/148/AUTH_4268d646484344c694f0f2dc49fef4bb/gnocchi.e51d8ade-ec2d-45d8-b94e-80ee608ab9a3" 200 2 "GET http://172.18.0.2:8080/v1/AUTH_4268d646484344c694f0f2dc49fef4bb/gnocchi.e51d8ade-ec2d-45d8-b94e-80ee608ab9a3?format=json&marker=none_v3&states=listing" "txd43d9005716e4effa225a-0068e39332" "proxy-server 20" 0.0039 "-" 22 0
Oct 6 10:00:18 standalone proxy-server[131818]: 172.18.0.2 172.18.0.100 06/Oct/2025/10/00/18 GET /v1/AUTH_4268d646484344c694f0f2dc49fef4bb/gnocchi.e51d8ade-ec2d-45d8-b94e-80ee608ab9a3%3Fformat%3Djson%26marker%3Dnone_v3%26states%3Dlisting HTTP/1.0 200 - python-swiftclient-3.11.1 gAAAAABo45JMWJyK... - 2 - txd43d9005716e4effa225a-0068e39332 - 0.0143 - - 1759744818.267734051 1759744818.282035112 0
Oct 6 10:00:18 standalone object-server[130052]: 172.20.0.100 - - [06/Oct/2025:10:00:18 +0000] "GET /d1/161/AUTH_4268d646484344c694f0f2dc49fef4bb/gnocchi.e51d8ade-ec2d-45d8-b94e-80ee608ab9a3/1759320000.0_mean_300.0_v3" 200 16 "GET http://172.18.0.2:8080/v1/AUTH_4268d646484344c694f0f2dc49fef4bb/gnocchi.e51d8ade-ec2d-45d8-b94e-80ee608ab9a3/1759320000.0_mean_300.0_v3" "txc8526cca212047a69b9a0-0068e39332" "proxy-server 20" 0.0011 "-" 22 0
Oct 6 10:00:18 standalone proxy-server[131818]: 172.18.0.2 172.18.0.100 06/Oct/2025/10/00/18 GET /v1/AUTH_4268d646484344c694f0f2dc49fef4bb/gnocchi.e51d8ade-ec2d-45d8-b94e-80ee608ab9a3/1759320000.0_mean_300.0_v3 HTTP/1.0 200 - python-swiftclient-3.11.1 gAAAAABo45JMWJyK... - 16 - txc8526cca212047a69b9a0-0068e39332 - 0.0106 - - 1759744818.287091970 1759744818.297659874 0
Oct 6 10:00:18 standalone container-server[129769]: 172.20.0.100 - - [06/Oct/2025:10:00:18 +0000] "PUT /d1/148/AUTH_4268d646484344c694f0f2dc49fef4bb/gnocchi.e51d8ade-ec2d-45d8-b94e-80ee608ab9a3/1759320000.0_mean_300.0_v3" 201 - "PUT http://172.18.0.2:8080/d1/161/AUTH_4268d646484344c694f0f2dc49fef4bb/gnocchi.e51d8ade-ec2d-45d8-b94e-80ee608ab9a3/1759320000.0_mean_300.0_v3" "tx761d2a898e344f0d82d12-0068e39332" "object-server 24" 0.0007 "-" 21 0
Oct 6 10:00:18 standalone object-server[130054]: 172.20.0.100 - - [06/Oct/2025:10:00:18 +0000] "PUT /d1/161/AUTH_4268d646484344c694f0f2dc49fef4bb/gnocchi.e51d8ade-ec2d-45d8-b94e-80ee608ab9a3/1759320000.0_mean_300.0_v3" 201 - "PUT http://172.18.0.2:8080/v1/AUTH_4268d646484344c694f0f2dc49fef4bb/gnocchi.e51d8ade-ec2d-45d8-b94e-80ee608ab9a3/1759320000.0_mean_300.0_v3" "tx761d2a898e344f0d82d12-0068e39332" "proxy-server 20" 0.0130 "-" 24 0
Oct 6 10:00:18 standalone proxy-server[131818]: 172.18.0.2 172.18.0.100 06/Oct/2025/10/00/18 PUT /v1/AUTH_4268d646484344c694f0f2dc49fef4bb/gnocchi.e51d8ade-ec2d-45d8-b94e-80ee608ab9a3/1759320000.0_mean_300.0_v3 HTTP/1.0 201 - python-swiftclient-3.11.1 gAAAAABo45JMWJyK... 23 - - tx761d2a898e344f0d82d12-0068e39332 - 0.0230 - - 1759744818.302306414 1759744818.325332642 0
Oct 6 10:00:18 standalone container-server[129791]: 172.20.0.100 - - [06/Oct/2025:10:00:18 +0000] "PUT /d1/148/AUTH_4268d646484344c694f0f2dc49fef4bb/gnocchi.e51d8ade-ec2d-45d8-b94e-80ee608ab9a3/none_v3" 201 - "PUT http://172.18.0.2:8080/d1/99/AUTH_4268d646484344c694f0f2dc49fef4bb/gnocchi.e51d8ade-ec2d-45d8-b94e-80ee608ab9a3/none_v3" "txdeacedbeac824e7daa9b5-0068e39332" "object-server 25" 0.0008 "-" 23 0
Oct 6 10:00:18 standalone object-server[130067]: 172.20.0.100 - - [06/Oct/2025:10:00:18 +0000] "PUT /d1/99/AUTH_4268d646484344c694f0f2dc49fef4bb/gnocchi.e51d8ade-ec2d-45d8-b94e-80ee608ab9a3/none_v3" 201 - "PUT http://172.18.0.2:8080/v1/AUTH_4268d646484344c694f0f2dc49fef4bb/gnocchi.e51d8ade-ec2d-45d8-b94e-80ee608ab9a3/none_v3" "txdeacedbeac824e7daa9b5-0068e39332" "proxy-server 20" 0.0130 "-" 25 0
Oct 6 10:00:18 standalone proxy-server[131818]: 172.18.0.2 172.18.0.100 06/Oct/2025/10/00/18 PUT /v1/AUTH_4268d646484344c694f0f2dc49fef4bb/gnocchi.e51d8ade-ec2d-45d8-b94e-80ee608ab9a3/none_v3 HTTP/1.0 201 - python-swiftclient-3.11.1 gAAAAABo45JMWJyK... 22 - - txdeacedbeac824e7daa9b5-0068e39332 - 0.0245 - - 1759744818.330353975 1759744818.354814053 0
Oct 6 10:00:18 standalone container-server[129781]: 172.20.0.100 - - [06/Oct/2025:10:00:18 +0000] "HEAD /d1/711/AUTH_4268d646484344c694f0f2dc49fef4bb/gnocchi.c5e01a15-288b-47b9-83a2-7d62c776d6dd" 204 - "HEAD http://172.18.0.2:8080/v1/AUTH_4268d646484344c694f0f2dc49fef4bb/gnocchi.c5e01a15-288b-47b9-83a2-7d62c776d6dd?format=json&states=listing" "txa7bea0c2a0a74813849bb-0068e39332" "proxy-server 20" 0.0025 "-" 22 0
Oct 6 10:00:18 standalone object-server[130067]: 172.20.0.100 - - [06/Oct/2025:10:00:18 +0000] "GET /d1/755/AUTH_4268d646484344c694f0f2dc49fef4bb/gnocchi.c5e01a15-288b-47b9-83a2-7d62c776d6dd/none_v3" 200 22 "GET http://172.18.0.2:8080/v1/AUTH_4268d646484344c694f0f2dc49fef4bb/gnocchi.c5e01a15-288b-47b9-83a2-7d62c776d6dd/none_v3" "txa7bea0c2a0a74813849bb-0068e39332" "proxy-server 20" 0.0014 "-" 25 0
Oct 6 10:00:18 standalone proxy-server[131818]: 172.18.0.2 172.18.0.100 06/Oct/2025/10/00/18 GET /v1/AUTH_4268d646484344c694f0f2dc49fef4bb/gnocchi.c5e01a15-288b-47b9-83a2-7d62c776d6dd/none_v3 HTTP/1.0 200 - python-swiftclient-3.11.1 gAAAAABo45JMWJyK... - 22 - txa7bea0c2a0a74813849bb-0068e39332 - 0.0525 - - 1759744818.372879505 1759744818.425333977 0
Oct 6 10:00:18 standalone container-server[129769]: 172.20.0.100 - - [06/Oct/2025:10:00:18 +0000] "GET /d1/711/AUTH_4268d646484344c694f0f2dc49fef4bb/gnocchi.c5e01a15-288b-47b9-83a2-7d62c776d6dd" 200 357 "GET http://172.18.0.2:8080/v1/AUTH_4268d646484344c694f0f2dc49fef4bb/gnocchi.c5e01a15-288b-47b9-83a2-7d62c776d6dd?format=json&states=listing" "txcd0593ee6b2b429f9bd49-0068e39332" "proxy-server 20" 0.0047 "-" 21 0
Oct 6 10:00:18 standalone proxy-server[131818]: 172.18.0.2 172.18.0.100 06/Oct/2025/10/00/18 GET /v1/AUTH_4268d646484344c694f0f2dc49fef4bb/gnocchi.c5e01a15-288b-47b9-83a2-7d62c776d6dd%3Fformat%3Djson%26states%3Dlisting HTTP/1.0 200 - python-swiftclient-3.11.1 gAAAAABo45JMWJyK... - 357 - txcd0593ee6b2b429f9bd49-0068e39332 - 0.0123 - - 1759744818.431574583 1759744818.443899632 0
Oct 6 10:00:18 standalone container-server[129769]: 172.20.0.100 - - [06/Oct/2025:10:00:18 +0000] "GET /d1/711/AUTH_4268d646484344c694f0f2dc49fef4bb/gnocchi.c5e01a15-288b-47b9-83a2-7d62c776d6dd" 200 2 "GET http://172.18.0.2:8080/v1/AUTH_4268d646484344c694f0f2dc49fef4bb/gnocchi.c5e01a15-288b-47b9-83a2-7d62c776d6dd?format=json&marker=none_v3&states=listing" "txab8d9a4e235a4c2f9f331-0068e39332" "proxy-server 20" 0.0041 "-" 21 0
Oct 6 10:00:18 standalone proxy-server[131818]: 172.18.0.2 172.18.0.100 06/Oct/2025/10/00/18 GET /v1/AUTH_4268d646484344c694f0f2dc49fef4bb/gnocchi.c5e01a15-288b-47b9-83a2-7d62c776d6dd%3Fformat%3Djson%26marker%3Dnone_v3%26states%3Dlisting HTTP/1.0 200 - python-swiftclient-3.11.1 gAAAAABo45JMWJyK... - 2 - txab8d9a4e235a4c2f9f331-0068e39332 - 0.0108 - - 1759744818.447807550 1759744818.458622456 0
Oct 6 10:00:18 standalone object-server[130054]: 172.20.0.100 - - [06/Oct/2025:10:00:18 +0000] "GET /d1/841/AUTH_4268d646484344c694f0f2dc49fef4bb/gnocchi.c5e01a15-288b-47b9-83a2-7d62c776d6dd/1759320000.0_mean_300.0_v3" 200 16 "GET http://172.18.0.2:8080/v1/AUTH_4268d646484344c694f0f2dc49fef4bb/gnocchi.c5e01a15-288b-47b9-83a2-7d62c776d6dd/1759320000.0_mean_300.0_v3" "txc836faaad7ea4c05b6a2f-0068e39332" "proxy-server 20" 0.0017 "-" 24 0
Oct 6 10:00:18 standalone proxy-server[131818]: 172.18.0.2 172.18.0.100 06/Oct/2025/10/00/18 GET /v1/AUTH_4268d646484344c694f0f2dc49fef4bb/gnocchi.c5e01a15-288b-47b9-83a2-7d62c776d6dd/1759320000.0_mean_300.0_v3 HTTP/1.0 200 - python-swiftclient-3.11.1 gAAAAABo45JMWJyK... - 16 - txc836faaad7ea4c05b6a2f-0068e39332 - 0.0110 - - 1759744818.464584112 1759744818.475610971 0
Oct 6 10:00:18 standalone container-server[129764]: 172.20.0.100 - - [06/Oct/2025:10:00:18 +0000] "PUT /d1/711/AUTH_4268d646484344c694f0f2dc49fef4bb/gnocchi.c5e01a15-288b-47b9-83a2-7d62c776d6dd/1759320000.0_mean_300.0_v3" 201 - "PUT http://172.18.0.2:8080/d1/841/AUTH_4268d646484344c694f0f2dc49fef4bb/gnocchi.c5e01a15-288b-47b9-83a2-7d62c776d6dd/1759320000.0_mean_300.0_v3" "tx9c89d15a079d4b1bbfd72-0068e39332" "object-server 24" 0.0009 "-" 20 0
Oct 6 10:00:18 standalone object-server[130054]: 172.20.0.100 - - [06/Oct/2025:10:00:18 +0000] "PUT /d1/841/AUTH_4268d646484344c694f0f2dc49fef4bb/gnocchi.c5e01a15-288b-47b9-83a2-7d62c776d6dd/1759320000.0_mean_300.0_v3" 201 - "PUT http://172.18.0.2:8080/v1/AUTH_4268d646484344c694f0f2dc49fef4bb/gnocchi.c5e01a15-288b-47b9-83a2-7d62c776d6dd/1759320000.0_mean_300.0_v3" "tx9c89d15a079d4b1bbfd72-0068e39332" "proxy-server 20" 0.0118 "-" 24 0
Oct 6 10:00:18 standalone proxy-server[131818]: 172.18.0.2 172.18.0.100 06/Oct/2025/10/00/18 PUT /v1/AUTH_4268d646484344c694f0f2dc49fef4bb/gnocchi.c5e01a15-288b-47b9-83a2-7d62c776d6dd/1759320000.0_mean_300.0_v3 HTTP/1.0 201 - python-swiftclient-3.11.1 gAAAAABo45JMWJyK... 23 - - tx9c89d15a079d4b1bbfd72-0068e39332 - 0.0193 - - 1759744818.482249737 1759744818.501585484 0
Oct 6 10:00:18 standalone container-server[129781]: 172.20.0.100 - - [06/Oct/2025:10:00:18 +0000] "PUT /d1/711/AUTH_4268d646484344c694f0f2dc49fef4bb/gnocchi.c5e01a15-288b-47b9-83a2-7d62c776d6dd/none_v3" 201 - "PUT http://172.18.0.2:8080/d1/755/AUTH_4268d646484344c694f0f2dc49fef4bb/gnocchi.c5e01a15-288b-47b9-83a2-7d62c776d6dd/none_v3" "tx5b50b808536847b2b7e6d-0068e39332" "object-server 22" 0.0009 "-" 22 0
Oct 6 10:00:18 standalone object-server[130052]: 172.20.0.100 - - [06/Oct/2025:10:00:18 +0000] "PUT /d1/755/AUTH_4268d646484344c694f0f2dc49fef4bb/gnocchi.c5e01a15-288b-47b9-83a2-7d62c776d6dd/none_v3" 201 - "PUT http://172.18.0.2:8080/v1/AUTH_4268d646484344c694f0f2dc49fef4bb/gnocchi.c5e01a15-288b-47b9-83a2-7d62c776d6dd/none_v3" "tx5b50b808536847b2b7e6d-0068e39332" "proxy-server 20" 0.0118 "-" 22 0
Oct 6 10:00:18 standalone proxy-server[131818]: 172.18.0.2 172.18.0.100 06/Oct/2025/10/00/18 PUT /v1/AUTH_4268d646484344c694f0f2dc49fef4bb/gnocchi.c5e01a15-288b-47b9-83a2-7d62c776d6dd/none_v3 HTTP/1.0 201 - python-swiftclient-3.11.1 gAAAAABo45JMWJyK... 22 - - tx5b50b808536847b2b7e6d-0068e39332 - 0.0193 - - 1759744818.505419493 1759744818.524708748 0
Oct 6 10:00:18 standalone container-server[129781]: 172.20.0.100 - - [06/Oct/2025:10:00:18 +0000] "HEAD /d1/607/AUTH_4268d646484344c694f0f2dc49fef4bb/gnocchi.67a0f03c-f536-4e5b-b0d2-37a0df922edc" 204 - "HEAD http://172.18.0.2:8080/v1/AUTH_4268d646484344c694f0f2dc49fef4bb/gnocchi.67a0f03c-f536-4e5b-b0d2-37a0df922edc?format=json&states=listing" "txe221c0c4c97f4f80b3b67-0068e39332" "proxy-server 20" 0.0024 "-" 22 0
Oct 6 10:00:18 standalone object-server[130054]: 172.20.0.100 - - [06/Oct/2025:10:00:18 +0000] "GET /d1/718/AUTH_4268d646484344c694f0f2dc49fef4bb/gnocchi.67a0f03c-f536-4e5b-b0d2-37a0df922edc/none_v3" 200 32 "GET http://172.18.0.2:8080/v1/AUTH_4268d646484344c694f0f2dc49fef4bb/gnocchi.67a0f03c-f536-4e5b-b0d2-37a0df922edc/none_v3" "txe221c0c4c97f4f80b3b67-0068e39332" "proxy-server 20" 0.0012 "-" 24 0
Oct 6 10:00:18 standalone proxy-server[131818]: 172.18.0.2 172.18.0.100 06/Oct/2025/10/00/18 GET /v1/AUTH_4268d646484344c694f0f2dc49fef4bb/gnocchi.67a0f03c-f536-4e5b-b0d2-37a0df922edc/none_v3 HTTP/1.0 200 - python-swiftclient-3.11.1 gAAAAABo45JMWJyK... - 32 - txe221c0c4c97f4f80b3b67-0068e39332 - 0.0182 - - 1759744818.541592598 1759744818.559822321 0
Oct 6 10:00:18 standalone container-server[129791]: 172.20.0.100 - - [06/Oct/2025:10:00:18 +0000] "GET /d1/607/AUTH_4268d646484344c694f0f2dc49fef4bb/gnocchi.67a0f03c-f536-4e5b-b0d2-37a0df922edc" 200 357 "GET http://172.18.0.2:8080/v1/AUTH_4268d646484344c694f0f2dc49fef4bb/gnocchi.67a0f03c-f536-4e5b-b0d2-37a0df922edc?format=json&states=listing" "txc36bde451abd4043b60e2-0068e39332" "proxy-server 20" 0.0043 "-" 23 0
Oct 6 10:00:18 standalone proxy-server[131818]: 172.18.0.2 172.18.0.100 06/Oct/2025/10/00/18 GET /v1/AUTH_4268d646484344c694f0f2dc49fef4bb/gnocchi.67a0f03c-f536-4e5b-b0d2-37a0df922edc%3Fformat%3Djson%26states%3Dlisting HTTP/1.0 200 - python-swiftclient-3.11.1 gAAAAABo45JMWJyK... - 357 - txc36bde451abd4043b60e2-0068e39332 - 0.0136 - - 1759744818.564989805 1759744818.578567743 0
