Oct 6 09:44:23 standalone account-server[129346]: Starting 2
Oct 6 09:44:24 standalone account-server[129443]: Started child 20 from parent 2
Oct 6 09:44:24 standalone container-server[129486]: Option allow_versions is deprecated. Configure the versioned_writes middleware in the proxy-server instead. This option will be ignored in a future release.
Oct 6 09:44:24 standalone container-server[129764]: Option allow_versions is deprecated. Configure the versioned_writes middleware in the proxy-server instead. This option will be ignored in a future release.
Oct 6 09:44:24 standalone account-server[129443]: Started child 21 from parent 2
Oct 6 09:44:24 standalone container-server[129486]: Started child 20 from parent 2
Oct 6 09:44:24 standalone account-server[129443]: Started child 22 from parent 2
Oct 6 09:44:24 standalone container-server[129769]: Option allow_versions is deprecated. Configure the versioned_writes middleware in the proxy-server instead. This option will be ignored in a future release.
Oct 6 09:44:24 standalone container-server[129486]: Started child 21 from parent 2
Oct 6 09:44:24 standalone account-server[129443]: Started child 23 from parent 2
Oct 6 09:44:24 standalone container-server[129781]: Option allow_versions is deprecated. Configure the versioned_writes middleware in the proxy-server instead. This option will be ignored in a future release.
Oct 6 09:44:24 standalone container-server[129486]: Started child 22 from parent 2
Oct 6 09:44:24 standalone container-server[129791]: Option allow_versions is deprecated. Configure the versioned_writes middleware in the proxy-server instead. This option will be ignored in a future release.
Oct 6 09:44:24 standalone container-server[129486]: Started child 23 from parent 2
Oct 6 09:44:24 standalone container-server[129715]: Starting 2
Oct 6 09:44:24 standalone object-expirer[129790]: Starting 2
Oct 6 09:44:24 standalone object-expirer[129790]: Option auto_create_account_prefix is deprecated. Configure auto_create_account_prefix under the swift-constraints section of swift.conf. This option will be ignored in a future release.
Oct 6 09:44:25 standalone object-server[129972]: Started child 22 from parent 2
Oct 6 09:44:25 standalone object-server[129972]: Started child 23 from parent 2
Oct 6 09:44:25 standalone object-server[129972]: Started child 24 from parent 2
Oct 6 09:44:25 standalone object-server[129892]: Starting 2
Oct 6 09:44:25 standalone object-server[129972]: Started child 25 from parent 2
Oct 6 09:44:31 standalone proxy-server[131677]: Starting Keystone auth_token middleware
Oct 6 09:44:31 standalone proxy-server[131677]: AuthToken middleware is set with keystone_authtoken.service_token_roles_required set to False. This is backwards compatible but deprecated behaviour. Please set this to True.
Oct 6 09:44:31 standalone proxy-server[131818]: Starting Keystone auth_token middleware
Oct 6 09:44:31 standalone proxy-server[131818]: STDERR: The option "bind_port" is not known to keystonemiddleware
Oct 6 09:44:31 standalone proxy-server[131818]: STDERR: The option "workers" is not known to keystonemiddleware
Oct 6 09:44:31 standalone proxy-server[131818]: STDERR: The option "user" is not known to keystonemiddleware
Oct 6 09:44:31 standalone proxy-server[131818]: STDERR: The option "bind_ip" is not known to keystonemiddleware
Oct 6 09:44:31 standalone proxy-server[131818]: STDERR: The option "log_name" is not known to keystonemiddleware
Oct 6 09:44:31 standalone proxy-server[131818]: STDERR: The option "log_facility" is not known to keystonemiddleware
Oct 6 09:44:31 standalone proxy-server[131818]: STDERR: The option "log_level" is not known to keystonemiddleware
Oct 6 09:44:31 standalone proxy-server[131818]: STDERR: The option "log_headers" is not known to keystonemiddleware
Oct 6 09:44:31 standalone proxy-server[131818]: STDERR: The option "log_address" is not known to keystonemiddleware
Oct 6 09:44:31 standalone proxy-server[131818]: STDERR: The option "project_name" is not known to keystonemiddleware
Oct 6 09:44:31 standalone proxy-server[131818]: STDERR: The option "username" is not known to keystonemiddleware
Oct 6 09:44:31 standalone proxy-server[131818]: STDERR: The option "password" is not known to keystonemiddleware
Oct 6 09:44:31 standalone proxy-server[131818]: STDERR: The option "auth_url" is not known to keystonemiddleware
Oct 6 09:44:31 standalone proxy-server[131818]: STDERR: The option "signing_dir" is not known to keystonemiddleware
Oct 6 09:44:31 standalone proxy-server[131818]: STDERR: The option "project_domain_id" is not known to keystonemiddleware
Oct 6 09:44:31 standalone proxy-server[131818]: STDERR: The option "user_domain_id" is not known to keystonemiddleware
Oct 6 09:44:31 standalone proxy-server[131818]: STDERR: The option "__name__" is not known to keystonemiddleware
Oct 6 09:44:31 standalone proxy-server[131818]: AuthToken middleware is set with keystone_authtoken.service_token_roles_required set to False. This is backwards compatible but deprecated behaviour. Please set this to True.
Oct 6 09:44:31 standalone proxy-server[131677]: Started child 20 from parent 2
Oct 6 09:45:10 standalone container-server[129715]: Begin container update sweep
Oct 6 09:45:10 standalone container-server[129715]: Container update sweep completed: 0.00s
Oct 6 09:47:06 standalone object-server[129892]: Begin object update sweep
Oct 6 09:47:06 standalone object-server[149634]: Object update sweep starting on /srv/node/d1 (pid: 11)
Oct 6 09:47:06 standalone object-server[149634]: Object update sweep completed on /srv/node/d1 in 0.00s seconds:, 0 successes, 0 failures, 0 quarantines, 0 unlinks, 0 errors, 0 redirects (pid: 11)
Oct 6 09:47:06 standalone object-server[149634]: Object update sweep of d1 completed: 0.00s, 0 successes, 0 failures, 0 quarantines, 0 unlinks, 0 errors, 0 redirects
Oct 6 09:47:06 standalone object-server[129892]: Object update sweep completed: 0.08s
Oct 6 09:47:49 standalone account-server[129768]: 172.20.0.100 - - [06/Oct/2025:09:47:49 +0000] "HEAD /d1/194/.expiring_objects" 404 - "HEAD http://localhost/v1/.expiring_objects?format=json" "txd1735783a58c45b78af24-0068e39045" "proxy-server 2" 0.0010 "-" 22 -
Oct 6 09:47:49 standalone object-expirer[129790]: Pass completed in 0s; 0 objects expired (txn: txd1735783a58c45b78af24-0068e39045)
Oct 6 09:50:10 standalone container-server[129715]: Begin container update sweep
Oct 6 09:50:10 standalone container-server[129715]: Container update sweep completed: 0.00s
Oct 6 09:50:58 standalone account-server[129753]: 172.20.0.100 - - [06/Oct/2025:09:50:58 +0000] "HEAD /d1/194/.expiring_objects" 404 - "HEAD http://localhost/v1/.expiring_objects?format=json" "txb42b3f3e884a44ecb5403-0068e39102" "proxy-server 2" 0.0009 "-" 20 -
Oct 6 09:50:58 standalone object-expirer[129790]: Pass completed in 0s; 0 objects expired (txn: txb42b3f3e884a44ecb5403-0068e39102)
Oct 6 09:51:24 standalone account-server[129757]: 172.20.0.100 - - [06/Oct/2025:09:51:24 +0000] "HEAD /d1/194/.expiring_objects" 404 - "HEAD http://localhost/v1/.expiring_objects?format=json" "txca3b91d964b34b058fc80-0068e3911c" "proxy-server 2" 0.0015 "-" 21 -
Oct 6 09:51:24 standalone object-expirer[129790]: Pass completed in 0s; 0 objects expired (txn: txca3b91d964b34b058fc80-0068e3911c)
Oct 6 09:52:04 standalone account-server[129774]: 172.20.0.100 - - [06/Oct/2025:09:52:04 +0000] "HEAD /d1/194/.expiring_objects" 404 - "HEAD http://localhost/v1/.expiring_objects?format=json" "txa5601b4d88b249df92028-0068e39144" "proxy-server 2" 0.0012 "-" 23 -
Oct 6 09:52:04 standalone object-expirer[129790]: Pass completed in 0s; 0 objects expired (txn: txa5601b4d88b249df92028-0068e39144)
Oct 6 09:52:06 standalone object-server[129892]: Begin object update sweep
Oct 6 09:52:06 standalone object-server[188632]: Object update sweep starting on /srv/node/d1 (pid: 13)
Oct 6 09:52:06 standalone object-server[188632]: Object update sweep completed on /srv/node/d1 in 0.00s seconds:, 0 successes, 0 failures, 0 quarantines, 0 unlinks, 0 errors, 0 redirects (pid: 13)
Oct 6 09:52:06 standalone object-server[188632]: Object update sweep of d1 completed: 0.00s, 0 successes, 0 failures, 0 quarantines, 0 unlinks, 0 errors, 0 redirects
Oct 6 09:52:07 standalone object-server[129892]: Object update sweep completed: 0.08s
Oct 6 09:52:14 standalone account-server[129774]: 172.20.0.100 - - [06/Oct/2025:09:52:14 +0000] "HEAD /d1/194/.expiring_objects" 404 - "HEAD http://localhost/v1/.expiring_objects?format=json" "tx35ec0829b3bc41b280323-0068e3914e" "proxy-server 2" 0.0005 "-" 23 -
Oct 6 09:52:14 standalone object-expirer[129790]: Pass completed in 0s; 0 objects expired (txn: tx35ec0829b3bc41b280323-0068e3914e)
Oct 6 09:55:10 standalone container-server[129715]: Begin container update sweep
Oct 6 09:55:10 standalone container-server[129715]: Container update sweep completed: 0.00s
Oct 6 09:56:28 standalone account-server[129768]: 172.20.0.100 - - [06/Oct/2025:09:56:28 +0000] "HEAD /d1/864/AUTH_4268d646484344c694f0f2dc49fef4bb" 404 - "HEAD http://172.18.0.2:8080/v1/AUTH_4268d646484344c694f0f2dc49fef4bb?format=json" "txf1f8146826bd45c3b0a8f-0068e3924c" "proxy-server 20" 0.0004 "-" 22 -
Oct 6 09:56:28 standalone proxy-server[131818]: - - 06/Oct/2025/09/56/28 HEAD /v1/AUTH_4268d646484344c694f0f2dc49fef4bb%3Fformat%3Djson HTTP/1.0 200 - Swift - - - - txf1f8146826bd45c3b0a8f-0068e3924c - 0.0049 RL - 1759744588.859161377 1759744588.864060163 -
Oct 6 09:56:29 standalone object-server[130052]: 172.20.0.100 - - [06/Oct/2025:09:56:29 +0000] "GET /d1/183/AUTH_4268d646484344c694f0f2dc49fef4bb/gnocchi.7891abdd-e2a3-49aa-a2b2-60adfcb6bce9/none_v3" 404 70 "GET http://172.18.0.2:8080/v1/AUTH_4268d646484344c694f0f2dc49fef4bb/gnocchi.7891abdd-e2a3-49aa-a2b2-60adfcb6bce9/none_v3" "txf1f8146826bd45c3b0a8f-0068e3924c" "proxy-server 20" 0.0009 "-" 22 0
Oct 6 09:56:29 standalone proxy-server[131818]: 172.18.0.2 172.18.0.100 06/Oct/2025/09/56/29 GET /v1/AUTH_4268d646484344c694f0f2dc49fef4bb/gnocchi.7891abdd-e2a3-49aa-a2b2-60adfcb6bce9/none_v3 HTTP/1.0 404 - python-swiftclient-3.11.1 gAAAAABo45JMWJyK... - 70 - txf1f8146826bd45c3b0a8f-0068e3924c - 0.3721 - - 1759744588.849222898 1759744589.221316338 0
Oct 6 09:56:29 standalone account-server[129774]: 172.20.0.100 - - [06/Oct/2025:09:56:29 +0000] "PUT /d1/864/AUTH_4268d646484344c694f0f2dc49fef4bb" 201 - "-" "tx873f087d7d9442bea36d4-0068e3924d" "-" 0.0184 "-" 23 -
Oct 6 09:56:29 standalone proxy-server[131818]: autocreate account '/AUTH_4268d646484344c694f0f2dc49fef4bb' (txn: tx873f087d7d9442bea36d4-0068e3924d)
Oct 6 09:56:29 standalone account-server[129753]: 172.20.0.100 - - [06/Oct/2025:09:56:29 +0000] "HEAD /d1/864/AUTH_4268d646484344c694f0f2dc49fef4bb" 204 - "HEAD http://172.18.0.2:8080/v1/AUTH_4268d646484344c694f0f2dc49fef4bb?format=json" "tx873f087d7d9442bea36d4-0068e3924d" "proxy-server 20" 0.0029 "-" 20 -
Oct 6 09:56:29 standalone account-server[129753]: 172.20.0.100 - - [06/Oct/2025:09:56:29 +0000] "PUT /d1/864/AUTH_4268d646484344c694f0f2dc49fef4bb/gnocchi.7891abdd-e2a3-49aa-a2b2-60adfcb6bce9" 201 - "PUT http://172.20.0.100:6001/d1/655/AUTH_4268d646484344c694f0f2dc49fef4bb/gnocchi.7891abdd-e2a3-49aa-a2b2-60adfcb6bce9" "tx873f087d7d9442bea36d4-0068e3924d" "container-server 21" 0.0020 "-" 20 0
Oct 6 09:56:29 standalone container-server[129769]: 172.20.0.100 - - [06/Oct/2025:09:56:29 +0000] "PUT /d1/655/AUTH_4268d646484344c694f0f2dc49fef4bb/gnocchi.7891abdd-e2a3-49aa-a2b2-60adfcb6bce9" 201 - "PUT http://172.18.0.2:8080/v1/AUTH_4268d646484344c694f0f2dc49fef4bb/gnocchi.7891abdd-e2a3-49aa-a2b2-60adfcb6bce9" "tx873f087d7d9442bea36d4-0068e3924d" "proxy-server 20" 0.0157 "-" 21 0
Oct 6 09:56:29 standalone proxy-server[131818]: 172.18.0.2 172.18.0.100 06/Oct/2025/09/56/29 PUT /v1/AUTH_4268d646484344c694f0f2dc49fef4bb/gnocchi.7891abdd-e2a3-49aa-a2b2-60adfcb6bce9 HTTP/1.0 201 - python-swiftclient-3.11.1 gAAAAABo45JMWJyK... - - - tx873f087d7d9442bea36d4-0068e3924d - 0.0551 - - 1759744589.226157427 1759744589.281275034 0
Oct 6 09:56:29 standalone container-server[129769]: 172.20.0.100 - - [06/Oct/2025:09:56:29 +0000] "HEAD /d1/655/AUTH_4268d646484344c694f0f2dc49fef4bb/gnocchi.7891abdd-e2a3-49aa-a2b2-60adfcb6bce9" 204 - "HEAD http://172.18.0.2:8080/v1/AUTH_4268d646484344c694f0f2dc49fef4bb/gnocchi.7891abdd-e2a3-49aa-a2b2-60adfcb6bce9?format=json&states=listing" "tx99f1cb7c17d748c18726b-0068e3924d" "proxy-server 20" 0.0015 "-" 21 0
Oct 6 09:56:29 standalone proxy-server[131818]: - - 06/Oct/2025/09/56/29 HEAD /v1/AUTH_4268d646484344c694f0f2dc49fef4bb/gnocchi.7891abdd-e2a3-49aa-a2b2-60adfcb6bce9%3Fformat%3Djson%26states%3Dlisting HTTP/1.0 204 - Swift - - - - tx99f1cb7c17d748c18726b-0068e3924d - 0.0056 RL - 1759744589.288157701 1759744589.293727398 0
Oct 6 09:56:29 standalone container-server[129781]: 172.20.0.100 - - [06/Oct/2025:09:56:29 +0000] "GET /d1/655/AUTH_4268d646484344c694f0f2dc49fef4bb/gnocchi.7891abdd-e2a3-49aa-a2b2-60adfcb6bce9" 200 2 "GET http://172.18.0.2:8080/v1/AUTH_4268d646484344c694f0f2dc49fef4bb/gnocchi.7891abdd-e2a3-49aa-a2b2-60adfcb6bce9?format=json&states=listing" "tx99f1cb7c17d748c18726b-0068e3924d" "proxy-server 20" 0.0029 "-" 22 0
Oct 6 09:56:29 standalone proxy-server[131818]: 172.18.0.2 172.18.0.100 06/Oct/2025/09/56/29 GET /v1/AUTH_4268d646484344c694f0f2dc49fef4bb/gnocchi.7891abdd-e2a3-49aa-a2b2-60adfcb6bce9%3Fformat%3Djson%26states%3Dlisting HTTP/1.0 200 - python-swiftclient-3.11.1 gAAAAABo45JMWJyK... - 2 - tx99f1cb7c17d748c18726b-0068e3924d - 0.0176 - - 1759744589.286424875 1759744589.304074526 0
Oct 6 09:56:29 standalone object-server[130054]: 172.20.0.100 - - [06/Oct/2025:09:56:29 +0000] "GET /d1/214/AUTH_4268d646484344c694f0f2dc49fef4bb/gnocchi.7891abdd-e2a3-49aa-a2b2-60adfcb6bce9/1759320000.0_mean_300.0_v3" 404 70 "GET http://172.18.0.2:8080/v1/AUTH_4268d646484344c694f0f2dc49fef4bb/gnocchi.7891abdd-e2a3-49aa-a2b2-60adfcb6bce9/1759320000.0_mean_300.0_v3" "txbd3b17d203864aeab64fa-0068e3924d" "proxy-server 20" 0.0006 "-" 24 0
Oct 6 09:56:29 standalone proxy-server[131818]: 172.18.0.2 172.18.0.100 06/Oct/2025/09/56/29 GET /v1/AUTH_4268d646484344c694f0f2dc49fef4bb/gnocchi.7891abdd-e2a3-49aa-a2b2-60adfcb6bce9/1759320000.0_mean_300.0_v3 HTTP/1.0 404 - python-swiftclient-3.11.1 gAAAAABo45JMWJyK... - 70 - txbd3b17d203864aeab64fa-0068e3924d - 0.0087 - - 1759744589.310388565 1759744589.319137096 0
Oct 6 09:56:29 standalone container-server[129791]: 172.20.0.100 - - [06/Oct/2025:09:56:29 +0000] "PUT /d1/655/AUTH_4268d646484344c694f0f2dc49fef4bb/gnocchi.7891abdd-e2a3-49aa-a2b2-60adfcb6bce9/1759320000.0_mean_300.0_v3" 201 - "PUT http://172.18.0.2:8080/d1/214/AUTH_4268d646484344c694f0f2dc49fef4bb/gnocchi.7891abdd-e2a3-49aa-a2b2-60adfcb6bce9/1759320000.0_mean_300.0_v3" "tx28801248d0bb4900bac28-0068e3924d" "object-server 23" 0.0009 "-" 23 0
Oct 6 09:56:29 standalone object-server[130053]: 172.20.0.100 - - [06/Oct/2025:09:56:29 +0000] "PUT /d1/214/AUTH_4268d646484344c694f0f2dc49fef4bb/gnocchi.7891abdd-e2a3-49aa-a2b2-60adfcb6bce9/1759320000.0_mean_300.0_v3" 201 - "PUT http://172.18.0.2:8080/v1/AUTH_4268d646484344c694f0f2dc49fef4bb/gnocchi.7891abdd-e2a3-49aa-a2b2-60adfcb6bce9/1759320000.0_mean_300.0_v3" "tx28801248d0bb4900bac28-0068e3924d" "proxy-server 20" 0.0361 "-" 23 0
Oct 6 09:56:29 standalone proxy-server[131818]: 172.18.0.2 172.18.0.100 06/Oct/2025/09/56/29 PUT /v1/AUTH_4268d646484344c694f0f2dc49fef4bb/gnocchi.7891abdd-e2a3-49aa-a2b2-60adfcb6bce9/1759320000.0_mean_300.0_v3 HTTP/1.0 201 - python-swiftclient-3.11.1 gAAAAABo45JMWJyK... 16 - - tx28801248d0bb4900bac28-0068e3924d - 0.0460 - - 1759744589.324898243 1759744589.370898008 0
Oct 6 09:56:29 standalone container-server[129791]: 172.20.0.100 - - [06/Oct/2025:09:56:29 +0000] "PUT /d1/655/AUTH_4268d646484344c694f0f2dc49fef4bb/gnocchi.7891abdd-e2a3-49aa-a2b2-60adfcb6bce9/none_v3" 201 - "PUT http://172.18.0.2:8080/d1/183/AUTH_4268d646484344c694f0f2dc49fef4bb/gnocchi.7891abdd-e2a3-49aa-a2b2-60adfcb6bce9/none_v3" "tx270049d097094f88b6fe0-0068e3924d" "object-server 24" 0.0005 "-" 23 0
Oct 6 09:56:29 standalone object-server[130054]: 172.20.0.100 - - [06/Oct/2025:09:56:29 +0000] "PUT /d1/183/AUTH_4268d646484344c694f0f2dc49fef4bb/gnocchi.7891abdd-e2a3-49aa-a2b2-60adfcb6bce9/none_v3" 201 - "PUT http://172.18.0.2:8080/v1/AUTH_4268d646484344c694f0f2dc49fef4bb/gnocchi.7891abdd-e2a3-49aa-a2b2-60adfcb6bce9/none_v3" "tx270049d097094f88b6fe0-0068e3924d" "proxy-server 20" 0.0218 "-" 24 0
Oct 6 09:56:29 standalone proxy-server[131818]: 172.18.0.2 172.18.0.100 06/Oct/2025/09/56/29 PUT /v1/AUTH_4268d646484344c694f0f2dc49fef4bb/gnocchi.7891abdd-e2a3-49aa-a2b2-60adfcb6bce9/none_v3 HTTP/1.0 201 - python-swiftclient-3.11.1 gAAAAABo45JMWJyK... 22 - - tx270049d097094f88b6fe0-0068e3924d - 0.0280 - - 1759744589.375094414 1759744589.403081179 0
Oct 6 09:56:36 standalone account-server[129774]: 172.20.0.100 - - [06/Oct/2025:09:56:36 +0000] "HEAD /d1/194/.expiring_objects" 404 - "HEAD http://localhost/v1/.expiring_objects?format=json" "txada244aadd124885bd087-0068e39254" "proxy-server 2" 0.0005 "-" 23 -
Oct 6 09:56:36 standalone object-expirer[129790]: Pass completed in 0s; 0 objects expired (txn: txada244aadd124885bd087-0068e39254)
Oct 6 09:56:58 standalone object-server[130052]: 172.20.0.100 - - [06/Oct/2025:09:56:58 +0000] "GET /d1/183/AUTH_4268d646484344c694f0f2dc49fef4bb/gnocchi.7891abdd-e2a3-49aa-a2b2-60adfcb6bce9/none_v3" 200 22 "GET http://172.18.0.2:8080/v1/AUTH_4268d646484344c694f0f2dc49fef4bb/gnocchi.7891abdd-e2a3-49aa-a2b2-60adfcb6bce9/none_v3" "tx06627ce8e1804f358313c-0068e3926a" "proxy-server 20" 0.0016 "-" 22 0
Oct 6 09:56:58 standalone proxy-server[131818]: 172.18.0.2 172.18.0.100 06/Oct/2025/09/56/58 GET /v1/AUTH_4268d646484344c694f0f2dc49fef4bb/gnocchi.7891abdd-e2a3-49aa-a2b2-60adfcb6bce9/none_v3 HTTP/1.0 200 - python-swiftclient-3.11.1 gAAAAABo45JMWJyK... - 22 - tx06627ce8e1804f358313c-0068e3926a - 0.0159 - - 1759744618.623849869 1759744618.639730215 0
Oct 6 09:56:58 standalone container-server[129769]: 172.20.0.100 - - [06/Oct/2025:09:56:58 +0000] "GET /d1/655/AUTH_4268d646484344c694f0f2dc49fef4bb/gnocchi.7891abdd-e2a3-49aa-a2b2-60adfcb6bce9" 200 357 "GET http://172.18.0.2:8080/v1/AUTH_4268d646484344c694f0f2dc49fef4bb/gnocchi.7891abdd-e2a3-49aa-a2b2-60adfcb6bce9?format=json&states=listing" "tx3f8f1d14e85146759bc61-0068e3926a" "proxy-server 20" 0.0204 "-" 21 0
Oct 6 09:56:58 standalone proxy-server[131818]: 172.18.0.2 172.18.0.100 06/Oct/2025/09/56/58 GET /v1/AUTH_4268d646484344c694f0f2dc49fef4bb/gnocchi.7891abdd-e2a3-49aa-a2b2-60adfcb6bce9%3Fformat%3Djson%26states%3Dlisting HTTP/1.0 200 - python-swiftclient-3.11.1 gAAAAABo45JMWJyK... - 357 - tx3f8f1d14e85146759bc61-0068e3926a - 0.0276 - - 1759744618.643228531 1759744618.670826435 0
Oct 6 09:56:58 standalone container-server[129764]: 172.20.0.100 - - [06/Oct/2025:09:56:58 +0000] "GET /d1/655/AUTH_4268d646484344c694f0f2dc49fef4bb/gnocchi.7891abdd-e2a3-49aa-a2b2-60adfcb6bce9" 200 2 "GET http://172.18.0.2:8080/v1/AUTH_4268d646484344c694f0f2dc49fef4bb/gnocchi.7891abdd-e2a3-49aa-a2b2-60adfcb6bce9?format=json&marker=none_v3&states=listing" "tx85429057f7eb4550be0b7-0068e3926a" "proxy-server 20" 0.0030 "-" 20 0
Oct 6 09:56:58 standalone proxy-server[131818]: 172.18.0.2 172.18.0.100 06/Oct/2025/09/56/58 GET /v1/AUTH_4268d646484344c694f0f2dc49fef4bb/gnocchi.7891abdd-e2a3-49aa-a2b2-60adfcb6bce9%3Fformat%3Djson%26marker%3Dnone_v3%26states%3Dlisting HTTP/1.0 200 - python-swiftclient-3.11.1 gAAAAABo45JMWJyK... - 2 - tx85429057f7eb4550be0b7-0068e3926a - 0.0100 - - 1759744618.673873186 1759744618.683901787 0
Oct 6 09:56:58 standalone object-server[130053]: 172.20.0.100 - - [06/Oct/2025:09:56:58 +0000] "GET /d1/214/AUTH_4268d646484344c694f0f2dc49fef4bb/gnocchi.7891abdd-e2a3-49aa-a2b2-60adfcb6bce9/1759320000.0_mean_300.0_v3" 200 16 "GET http://172.18.0.2:8080/v1/AUTH_4268d646484344c694f0f2dc49fef4bb/gnocchi.7891abdd-e2a3-49aa-a2b2-60adfcb6bce9/1759320000.0_mean_300.0_v3" "tx1e4cf1d7cad5407282af9-0068e3926a" "proxy-server 20" 0.0014 "-" 23 0
Oct 6 09:56:58 standalone proxy-server[131818]: 172.18.0.2 172.18.0.100 06/Oct/2025/09/56/58 GET /v1/AUTH_4268d646484344c694f0f2dc49fef4bb/gnocchi.7891abdd-e2a3-49aa-a2b2-60adfcb6bce9/1759320000.0_mean_300.0_v3 HTTP/1.0 200 - python-swiftclient-3.11.1 gAAAAABo45JMWJyK... - 16 - tx1e4cf1d7cad5407282af9-0068e3926a - 0.0076 - - 1759744618.686823606 1759744618.694458723 0
Oct 6 09:56:58 standalone container-server[129764]: 172.20.0.100 - - [06/Oct/2025:09:56:58 +0000] "PUT /d1/655/AUTH_4268d646484344c694f0f2dc49fef4bb/gnocchi.7891abdd-e2a3-49aa-a2b2-60adfcb6bce9/1759320000.0_mean_300.0_v3" 201 - "PUT http://172.18.0.2:8080/d1/214/AUTH_4268d646484344c694f0f2dc49fef4bb/gnocchi.7891abdd-e2a3-49aa-a2b2-60adfcb6bce9/1759320000.0_mean_300.0_v3" "txd16e3c432baa41258328b-0068e3926a" "object-server 24" 0.0004 "-" 20 0
Oct 6 09:56:58 standalone object-server[130054]: 172.20.0.100 - - [06/Oct/2025:09:56:58 +0000] "PUT /d1/214/AUTH_4268d646484344c694f0f2dc49fef4bb/gnocchi.7891abdd-e2a3-49aa-a2b2-60adfcb6bce9/1759320000.0_mean_300.0_v3" 201 - "PUT http://172.18.0.2:8080/v1/AUTH_4268d646484344c694f0f2dc49fef4bb/gnocchi.7891abdd-e2a3-49aa-a2b2-60adfcb6bce9/1759320000.0_mean_300.0_v3" "txd16e3c432baa41258328b-0068e3926a" "proxy-server 20" 0.0154 "-" 24 0
Oct 6 09:56:58 standalone proxy-server[131818]: 172.18.0.2 172.18.0.100 06/Oct/2025/09/56/58 PUT /v1/AUTH_4268d646484344c694f0f2dc49fef4bb/gnocchi.7891abdd-e2a3-49aa-a2b2-60adfcb6bce9/1759320000.0_mean_300.0_v3 HTTP/1.0 201 - python-swiftclient-3.11.1 gAAAAABo45JMWJyK... 16 - - txd16e3c432baa41258328b-0068e3926a - 0.0247 - - 1759744618.696758747 1759744618.721460342 0
Oct 6 09:56:58 standalone container-server[129769]: 172.20.0.100 - - [06/Oct/2025:09:56:58 +0000] "PUT /d1/655/AUTH_4268d646484344c694f0f2dc49fef4bb/gnocchi.7891abdd-e2a3-49aa-a2b2-60adfcb6bce9/none_v3" 201 - "PUT http://172.18.0.2:8080/d1/183/AUTH_4268d646484344c694f0f2dc49fef4bb/gnocchi.7891abdd-e2a3-49aa-a2b2-60adfcb6bce9/none_v3" "txf6834f09423542d1aad44-0068e3926a" "object-server 22" 0.0010 "-" 21 0
Oct 6 09:56:58 standalone object-server[130052]: 172.20.0.100 - - [06/Oct/2025:09:56:58 +0000] "PUT /d1/183/AUTH_4268d646484344c694f0f2dc49fef4bb/gnocchi.7891abdd-e2a3-49aa-a2b2-60adfcb6bce9/none_v3" 201 - "PUT http://172.18.0.2:8080/v1/AUTH_4268d646484344c694f0f2dc49fef4bb/gnocchi.7891abdd-e2a3-49aa-a2b2-60adfcb6bce9/none_v3" "txf6834f09423542d1aad44-0068e3926a" "proxy-server 20" 0.0196 "-" 22 0
Oct 6 09:56:58 standalone proxy-server[131818]: 172.18.0.2 172.18.0.100 06/Oct/2025/09/56/58 PUT /v1/AUTH_4268d646484344c694f0f2dc49fef4bb/gnocchi.7891abdd-e2a3-49aa-a2b2-60adfcb6bce9/none_v3 HTTP/1.0 201 - python-swiftclient-3.11.1 gAAAAABo45JMWJyK... 32 - - txf6834f09423542d1aad44-0068e3926a - 0.0238 - - 1759744618.724257708 1759744618.748046398 0
Oct 6 09:57:07 standalone object-server[129892]: Begin object update sweep
Oct 6 09:57:07 standalone object-server[225789]: Object update sweep starting on /srv/node/d1 (pid: 14)
Oct 6 09:57:07 standalone object-server[225789]: Object update sweep completed on /srv/node/d1 in 0.00s seconds:, 0 successes, 0 failures, 0 quarantines, 0 unlinks, 0 errors, 0 redirects (pid: 14)
Oct 6 09:57:07 standalone object-server[225789]: Object update sweep of d1 completed: 0.00s, 0 successes, 0 failures, 0 quarantines, 0 unlinks, 0 errors, 0 redirects
Oct 6 09:57:07 standalone object-server[129892]: Object update sweep completed: 0.06s
Oct 6 09:57:27 standalone container-server[129764]: 172.20.0.100 - - [06/Oct/2025:09:57:27 +0000] "HEAD /d1/380/AUTH_4268d646484344c694f0f2dc49fef4bb/gnocchi.41a82223-ee72-4756-93d6-fd39224597cc" 404 - "HEAD http://172.18.0.2:8080/v1/AUTH_4268d646484344c694f0f2dc49fef4bb/gnocchi.41a82223-ee72-4756-93d6-fd39224597cc?format=json&states=listing" "tx94ee78c6e53e4986a246b-0068e39287" "proxy-server 20" 0.0007 "-" 20 0
Oct 6 09:57:27 standalone object-server[130054]: 172.20.0.100 - - [06/Oct/2025:09:57:27 +0000] "GET /d1/392/AUTH_4268d646484344c694f0f2dc49fef4bb/gnocchi.41a82223-ee72-4756-93d6-fd39224597cc/none_v3" 404 70 "GET http://172.18.0.2:8080/v1/AUTH_4268d646484344c694f0f2dc49fef4bb/gnocchi.41a82223-ee72-4756-93d6-fd39224597cc/none_v3" "tx94ee78c6e53e4986a246b-0068e39287" "proxy-server 20" 0.0006 "-" 24 0
Oct 6 09:57:27 standalone proxy-server[131818]: 172.18.0.2 172.18.0.100 06/Oct/2025/09/57/27 GET /v1/AUTH_4268d646484344c694f0f2dc49fef4bb/gnocchi.41a82223-ee72-4756-93d6-fd39224597cc/none_v3 HTTP/1.0 404 - python-swiftclient-3.11.1 gAAAAABo45JMWJyK... - 70 - tx94ee78c6e53e4986a246b-0068e39287 - 0.0149 - - 1759744647.199625015 1759744647.214504242 0
Oct 6 09:57:27 standalone account-server[129774]: 172.20.0.100 - - [06/Oct/2025:09:57:27 +0000] "PUT /d1/864/AUTH_4268d646484344c694f0f2dc49fef4bb/gnocchi.41a82223-ee72-4756-93d6-fd39224597cc" 201 - "PUT http://172.20.0.100:6001/d1/380/AUTH_4268d646484344c694f0f2dc49fef4bb/gnocchi.41a82223-ee72-4756-93d6-fd39224597cc" "txffde67b7b947410aa1c8f-0068e39287" "container-server 22" 0.0054 "-" 23 0
Oct 6 09:57:27 standalone container-server[129781]: 172.20.0.100 - - [06/Oct/2025:09:57:27 +0000] "PUT /d1/380/AUTH_4268d646484344c694f0f2dc49fef4bb/gnocchi.41a82223-ee72-4756-93d6-fd39224597cc" 201 - "PUT http://172.18.0.2:8080/v1/AUTH_4268d646484344c694f0f2dc49fef4bb/gnocchi.41a82223-ee72-4756-93d6-fd39224597cc" "txffde67b7b947410aa1c8f-0068e39287" "proxy-server 20" 0.0159 "-" 22 0
Oct 6 09:57:27 standalone proxy-server[131818]: 172.18.0.2 172.18.0.100 06/Oct/2025/09/57/27 PUT /v1/AUTH_4268d646484344c694f0f2dc49fef4bb/gnocchi.41a82223-ee72-4756-93d6-fd39224597cc HTTP/1.0 201 - python-swiftclient-3.11.1 gAAAAABo45JMWJyK... - - - txffde67b7b947410aa1c8f-0068e39287 - 0.0213 - - 1759744647.218742847 1759744647.240009785 0
Oct 6 09:57:27 standalone container-server[129791]: 172.20.0.100 - - [06/Oct/2025:09:57:27 +0000] "HEAD /d1/380/AUTH_4268d646484344c694f0f2dc49fef4bb/gnocchi.41a82223-ee72-4756-93d6-fd39224597cc" 204 - "HEAD http://172.18.0.2:8080/v1/AUTH_4268d646484344c694f0f2dc49fef4bb/gnocchi.41a82223-ee72-4756-93d6-fd39224597cc?format=json&states=listing" "tx3a8109c00bc244e3bff63-0068e39287" "proxy-server 20" 0.0024 "-" 23 0
Oct 6 09:57:27 standalone proxy-server[131818]: - - 06/Oct/2025/09/57/27 HEAD /v1/AUTH_4268d646484344c694f0f2dc49fef4bb/gnocchi.41a82223-ee72-4756-93d6-fd39224597cc%3Fformat%3Djson%26states%3Dlisting HTTP/1.0 204 - Swift - - - - tx3a8109c00bc244e3bff63-0068e39287 - 0.0056 RL - 1759744647.244834423 1759744647.250397205 0
Oct 6 09:57:27 standalone container-server[129764]: 172.20.0.100 - - [06/Oct/2025:09:57:27 +0000] "GET /d1/380/AUTH_4268d646484344c694f0f2dc49fef4bb/gnocchi.41a82223-ee72-4756-93d6-fd39224597cc" 200 2 "GET http://172.18.0.2:8080/v1/AUTH_4268d646484344c694f0f2dc49fef4bb/gnocchi.41a82223-ee72-4756-93d6-fd39224597cc?format=json&states=listing" "tx3a8109c00bc244e3bff63-0068e39287" "proxy-server 20" 0.0038 "-" 20 0
Oct 6 09:57:27 standalone proxy-server[131818]: 172.18.0.2 172.18.0.100 06/Oct/2025/09/57/27 GET /v1/AUTH_4268d646484344c694f0f2dc49fef4bb/gnocchi.41a82223-ee72-4756-93d6-fd39224597cc%3Fformat%3Djson%26states%3Dlisting HTTP/1.0 200 - python-swiftclient-3.11.1 gAAAAABo45JMWJyK... - 2 - tx3a8109c00bc244e3bff63-0068e39287 - 0.0201 - - 1759744647.243849277 1759744647.263904333 0
Oct 6 09:57:27 standalone object-server[130054]: 172.20.0.100 - - [06/Oct/2025:09:57:27 +0000] "GET /d1/650/AUTH_4268d646484344c694f0f2dc49fef4bb/gnocchi.41a82223-ee72-4756-93d6-fd39224597cc/1759320000.0_mean_300.0_v3" 404 70 "GET http://172.18.0.2:8080/v1/AUTH_4268d646484344c694f0f2dc49fef4bb/gnocchi.41a82223-ee72-4756-93d6-fd39224597cc/1759320000.0_mean_300.0_v3" "tx1db8e0d8fa234f49b1887-0068e39287" "proxy-server 20" 0.0004 "-" 24 0
Oct 6 09:57:27 standalone proxy-server[131818]: 172.18.0.2 172.18.0.100 06/Oct/2025/09/57/27 GET /v1/AUTH_4268d646484344c694f0f2dc49fef4bb/gnocchi.41a82223-ee72-4756-93d6-fd39224597cc/1759320000.0_mean_300.0_v3 HTTP/1.0 404 - python-swiftclient-3.11.1 gAAAAABo45JMWJyK... - 70 - tx1db8e0d8fa234f49b1887-0068e39287 - 0.0074 - - 1759744647.268481731 1759744647.275887728 0
Oct 6 09:57:27 standalone container-server[129764]: 172.20.0.100 - - [06/Oct/2025:09:57:27 +0000] "PUT /d1/380/AUTH_4268d646484344c694f0f2dc49fef4bb/gnocchi.41a82223-ee72-4756-93d6-fd39224597cc/1759320000.0_mean_300.0_v3" 201 - "PUT http://172.18.0.2:8080/d1/650/AUTH_4268d646484344c694f0f2dc49fef4bb/gnocchi.41a82223-ee72-4756-93d6-fd39224597cc/1759320000.0_mean_300.0_v3" "tx4979adca44184e398322a-0068e39287" "object-server 22" 0.0008 "-" 20 0
Oct 6 09:57:27 standalone object-server[130052]: 172.20.0.100 - - [06/Oct/2025:09:57:27 +0000] "PUT /d1/650/AUTH_4268d646484344c694f0f2dc49fef4bb/gnocchi.41a82223-ee72-4756-93d6-fd39224597cc/1759320000.0_mean_300.0_v3" 201 - "PUT http://172.18.0.2:8080/v1/AUTH_4268d646484344c694f0f2dc49fef4bb/gnocchi.41a82223-ee72-4756-93d6-fd39224597cc/1759320000.0_mean_300.0_v3" "tx4979adca44184e398322a-0068e39287" "proxy-server 20" 0.0161 "-" 22 0
Oct 6 09:57:27 standalone proxy-server[131818]: 172.18.0.2 172.18.0.100 06/Oct/2025/09/57/27 PUT /v1/AUTH_4268d646484344c694f0f2dc49fef4bb/gnocchi.41a82223-ee72-4756-93d6-fd39224597cc/1759320000.0_mean_300.0_v3 HTTP/1.0 201 - python-swiftclient-3.11.1 gAAAAABo45JMWJyK... 16 - - tx4979adca44184e398322a-0068e39287 - 0.0223 - - 1759744647.279595375 1759744647.301904917 0
Oct 6 09:57:27 standalone container-server[129769]: 172.20.0.100 - - [06/Oct/2025:09:57:27 +0000] "PUT /d1/380/AUTH_4268d646484344c694f0f2dc49fef4bb/gnocchi.41a82223-ee72-4756-93d6-fd39224597cc/none_v3" 201 - "PUT http://172.18.0.2:8080/d1/392/AUTH_4268d646484344c694f0f2dc49fef4bb/gnocchi.41a82223-ee72-4756-93d6-fd39224597cc/none_v3" "tx337a86d30b79444ebf3c9-0068e39287" "object-server 22" 0.0008 "-" 21 0
Oct 6 09:57:27 standalone object-server[130052]: 172.20.0.100 - - [06/Oct/2025:09:57:27 +0000] "PUT /d1/392/AUTH_4268d646484344c694f0f2dc49fef4bb/gnocchi.41a82223-ee72-4756-93d6-fd39224597cc/none_v3" 201 - "PUT http://172.18.0.2:8080/v1/AUTH_4268d646484344c694f0f2dc49fef4bb/gnocchi.41a82223-ee72-4756-93d6-fd39224597cc/none_v3" "tx337a86d30b79444ebf3c9-0068e39287" "proxy-server 20" 0.0264 "-" 22 0
Oct 6 09:57:27 standalone proxy-server[131818]: 172.18.0.2 172.18.0.100 06/Oct/2025/09/57/27 PUT /v1/AUTH_4268d646484344c694f0f2dc49fef4bb/gnocchi.41a82223-ee72-4756-93d6-fd39224597cc/none_v3 HTTP/1.0 201 - python-swiftclient-3.11.1 gAAAAABo45JMWJyK... 22 - - tx337a86d30b79444ebf3c9-0068e39287 - 0.0334 - - 1759744647.305847883 1759744647.339275122 0
Oct 6 09:57:27 standalone container-server[129769]: 172.20.0.100 - - [06/Oct/2025:09:57:27 +0000] "HEAD /d1/22/AUTH_4268d646484344c694f0f2dc49fef4bb/gnocchi.d7d74f87-db51-4d8e-9442-a3ea7d32459f" 404 - "HEAD http://172.18.0.2:8080/v1/AUTH_4268d646484344c694f0f2dc49fef4bb/gnocchi.d7d74f87-db51-4d8e-9442-a3ea7d32459f?format=json&states=listing" "txacce9af67a7e4774aa80b-0068e39287" "proxy-server 20" 0.0007 "-" 21 0
Oct 6 09:57:27 standalone object-server[130054]: 172.20.0.100 - - [06/Oct/2025:09:57:27 +0000] "GET /d1/752/AUTH_4268d646484344c694f0f2dc49fef4bb/gnocchi.d7d74f87-db51-4d8e-9442-a3ea7d32459f/none_v3" 404 70 "GET http://172.18.0.2:8080/v1/AUTH_4268d646484344c694f0f2dc49fef4bb/gnocchi.d7d74f87-db51-4d8e-9442-a3ea7d32459f/none_v3" "txacce9af67a7e4774aa80b-0068e39287" "proxy-server 20" 0.0003 "-" 24 0
Oct 6 09:57:27 standalone proxy-server[131818]: 172.18.0.2 172.18.0.100 06/Oct/2025/09/57/27 GET /v1/AUTH_4268d646484344c694f0f2dc49fef4bb/gnocchi.d7d74f87-db51-4d8e-9442-a3ea7d32459f/none_v3 HTTP/1.0 404 - python-swiftclient-3.11.1 gAAAAABo45JMWJyK... - 70 - txacce9af67a7e4774aa80b-0068e39287 - 0.0097 - - 1759744647.354372263 1759744647.364105701 0
Oct 6 09:57:27 standalone account-server[129753]: 172.20.0.100 - - [06/Oct/2025:09:57:27 +0000] "PUT /d1/864/AUTH_4268d646484344c694f0f2dc49fef4bb/gnocchi.d7d74f87-db51-4d8e-9442-a3ea7d32459f" 201 - "PUT http://172.20.0.100:6001/d1/22/AUTH_4268d646484344c694f0f2dc49fef4bb/gnocchi.d7d74f87-db51-4d8e-9442-a3ea7d32459f" "tx8cfc0c6af5bc44dd8fb3f-0068e39287" "container-server 21" 0.0106 "-" 20 0
Oct 6 09:57:27 standalone container-server[129769]: 172.20.0.100 - - [06/Oct/2025:09:57:27 +0000] "PUT /d1/22/AUTH_4268d646484344c694f0f2dc49fef4bb/gnocchi.d7d74f87-db51-4d8e-9442-a3ea7d32459f" 201 - "PUT http://172.18.0.2:8080/v1/AUTH_4268d646484344c694f0f2dc49fef4bb/gnocchi.d7d74f87-db51-4d8e-9442-a3ea7d32459f" "tx8cfc0c6af5bc44dd8fb3f-0068e39287" "proxy-server 20" 0.0325 "-" 21 0
Oct 6 09:57:27 standalone proxy-server[131818]: 172.18.0.2 172.18.0.100 06/Oct/2025/09/57/27 PUT /v1/AUTH_4268d646484344c694f0f2dc49fef4bb/gnocchi.d7d74f87-db51-4d8e-9442-a3ea7d32459f HTTP/1.0 201 - python-swiftclient-3.11.1 gAAAAABo45JMWJyK... - - - tx8cfc0c6af5bc44dd8fb3f-0068e39287 - 0.0388 - - 1759744647.367372751 1759744647.406143904 0
Oct 6 09:57:27 standalone container-server[129764]: 172.20.0.100 - - [06/Oct/2025:09:57:27 +0000] "HEAD /d1/22/AUTH_4268d646484344c694f0f2dc49fef4bb/gnocchi.d7d74f87-db51-4d8e-9442-a3ea7d32459f" 204 - "HEAD http://172.18.0.2:8080/v1/AUTH_4268d646484344c694f0f2dc49fef4bb/gnocchi.d7d74f87-db51-4d8e-9442-a3ea7d32459f?format=json&states=listing" "tx771c87300d854a789f4b3-0068e39287" "proxy-server 20" 0.0021 "-" 20 0
Oct 6 09:57:27 standalone proxy-server[131818]: - - 06/Oct/2025/09/57/27 HEAD /v1/AUTH_4268d646484344c694f0f2dc49fef4bb/gnocchi.d7d74f87-db51-4d8e-9442-a3ea7d32459f%3Fformat%3Djson%26states%3Dlisting HTTP/1.0 204 - Swift - - - - tx771c87300d854a789f4b3-0068e39287 - 0.0080 RL - 1759744647.413507700 1759744647.421517611 0
Oct 6 09:57:27 standalone container-server[129769]: 172.20.0.100 - - [06/Oct/2025:09:57:27 +0000] "GET /d1/22/AUTH_4268d646484344c694f0f2dc49fef4bb/gnocchi.d7d74f87-db51-4d8e-9442-a3ea7d32459f" 200 2 "GET http://172.18.0.2:8080/v1/AUTH_4268d646484344c694f0f2dc49fef4bb/gnocchi.d7d74f87-db51-4d8e-9442-a3ea7d32459f?format=json&states=listing" "tx771c87300d854a789f4b3-0068e39287" "proxy-server 20" 0.0033 "-" 21 0
Oct 6 09:57:27 standalone proxy-server[131818]: 172.18.0.2 172.18.0.100 06/Oct/2025/09/57/27 GET /v1/AUTH_4268d646484344c694f0f2dc49fef4bb/gnocchi.d7d74f87-db51-4d8e-9442-a3ea7d32459f%3Fformat%3Djson%26states%3Dlisting HTTP/1.0 200 - python-swiftclient-3.11.1 gAAAAABo45JMWJyK... - 2 - tx771c87300d854a789f4b3-0068e39287 - 0.0240 - - 1759744647.411685467 1759744647.435692310 0
Oct 6 09:57:27 standalone object-server[130054]: 172.20.0.100 - - [06/Oct/2025:09:57:27 +0000] "GET /d1/411/AUTH_4268d646484344c694f0f2dc49fef4bb/gnocchi.d7d74f87-db51-4d8e-9442-a3ea7d32459f/1759320000.0_mean_300.0_v3" 404 70 "GET http://172.18.0.2:8080/v1/AUTH_4268d646484344c694f0f2dc49fef4bb/gnocchi.d7d74f87-db51-4d8e-9442-a3ea7d32459f/1759320000.0_mean_300.0_v3" "txbcf974ffaaf7455a9dc46-0068e39287" "proxy-server 20" 0.0004 "-" 24 0
Oct 6 09:57:27 standalone proxy-server[131818]: 172.18.0.2 172.18.0.100 06/Oct/2025/09/57/27 GET /v1/AUTH_4268d646484344c694f0f2dc49fef4bb/gnocchi.d7d74f87-db51-4d8e-9442-a3ea7d32459f/1759320000.0_mean_300.0_v3 HTTP/1.0 404 - python-swiftclient-3.11.1 gAAAAABo45JMWJyK... - 70 - txbcf974ffaaf7455a9dc46-0068e39287 - 0.0085 - - 1759744647.441644430 1759744647.450145960 0
Oct 6 09:57:27 standalone container-server[129769]: 172.20.0.100 - - [06/Oct/2025:09:57:27 +0000] "PUT /d1/22/AUTH_4268d646484344c694f0f2dc49fef4bb/gnocchi.d7d74f87-db51-4d8e-9442-a3ea7d32459f/1759320000.0_mean_300.0_v3" 201 - "PUT http://172.18.0.2:8080/d1/411/AUTH_4268d646484344c694f0f2dc49fef4bb/gnocchi.d7d74f87-db51-4d8e-9442-a3ea7d32459f/1759320000.0_mean_300.0_v3" "tx9c38cf8ba25d400e9076b-0068e39287" "object-server 22" 0.0009 "-" 21 0
Oct 6 09:57:27 standalone object-server[130052]: 172.20.0.100 - - [06/Oct/2025:09:57:27 +0000] "PUT /d1/411/AUTH_4268d646484344c694f0f2dc49fef4bb/gnocchi.d7d74f87-db51-4d8e-9442-a3ea7d32459f/1759320000.0_mean_300.0_v3" 201 - "PUT http://172.18.0.2:8080/v1/AUTH_4268d646484344c694f0f2dc49fef4bb/gnocchi.d7d74f87-db51-4d8e-9442-a3ea7d32459f/1759320000.0_mean_300.0_v3" "tx9c38cf8ba25d400e9076b-0068e39287" "proxy-server 20" 0.0180 "-" 22 0
Oct 6 09:57:27 standalone proxy-server[131818]: 172.18.0.2 172.18.0.100 06/Oct/2025/09/57/27 PUT /v1/AUTH_4268d646484344c694f0f2dc49fef4bb/gnocchi.d7d74f87-db51-4d8e-9442-a3ea7d32459f/1759320000.0_mean_300.0_v3 HTTP/1.0 201 - python-swiftclient-3.11.1 gAAAAABo45JMWJyK... 16 - - tx9c38cf8ba25d400e9076b-0068e39287 - 0.0266 - - 1759744647.454715729 1759744647.481327772 0
Oct 6 09:57:27 standalone container-server[129764]: 172.20.0.100 - - [06/Oct/2025:09:57:27 +0000] "PUT /d1/22/AUTH_4268d646484344c694f0f2dc49fef4bb/gnocchi.d7d74f87-db51-4d8e-9442-a3ea7d32459f/none_v3" 201 - "PUT http://172.18.0.2:8080/d1/752/AUTH_4268d646484344c694f0f2dc49fef4bb/gnocchi.d7d74f87-db51-4d8e-9442-a3ea7d32459f/none_v3" "txc54d8a1dfeb149ebb905e-0068e39287" "object-server 23" 0.0006 "-" 20 0
Oct 6 09:57:27 standalone object-server[130053]: 172.20.0.100 - - [06/Oct/2025:09:57:27 +0000] "PUT /d1/752/AUTH_4268d646484344c694f0f2dc49fef4bb/gnocchi.d7d74f87-db51-4d8e-9442-a3ea7d32459f/none_v3" 201 - "PUT http://172.18.0.2:8080/v1/AUTH_4268d646484344c694f0f2dc49fef4bb/gnocchi.d7d74f87-db51-4d8e-9442-a3ea7d32459f/none_v3" "txc54d8a1dfeb149ebb905e-0068e39287" "proxy-server 20" 0.0069 "-" 23 0
Oct 6 09:57:27 standalone proxy-server[131818]: 172.18.0.2 172.18.0.100 06/Oct/2025/09/57/27 PUT /v1/AUTH_4268d646484344c694f0f2dc49fef4bb/gnocchi.d7d74f87-db51-4d8e-9442-a3ea7d32459f/none_v3 HTTP/1.0 201 - python-swiftclient-3.11.1 gAAAAABo45JMWJyK... 22 - - txc54d8a1dfeb149ebb905e-0068e39287 - 0.0115 - - 1759744647.484388351 1759744647.495851278 0
Oct 6 09:57:34 standalone account-server[129774]: 172.20.0.100 - - [06/Oct/2025:09:57:34 +0000] "HEAD /d1/864/AUTH_4268d646484344c694f0f2dc49fef4bb" 204 - "HEAD http://172.18.0.2:8080/v1/AUTH_4268d646484344c694f0f2dc49fef4bb?format=json" "tx48e585060153436db891d-0068e3928e" "proxy-server 20" 0.0053 "-" 23 -
Oct 6 09:57:34 standalone proxy-server[131818]: - - 06/Oct/2025/09/57/34 HEAD /v1/AUTH_4268d646484344c694f0f2dc49fef4bb%3Fformat%3Djson HTTP/1.0 204 - Swift - - - - tx48e585060153436db891d-0068e3928e - 0.0105 RL - 1759744654.988017082 1759744654.998489141 -
Oct 6 09:57:35 standalone container-server[129781]: 172.20.0.100 - - [06/Oct/2025:09:57:35 +0000] "HEAD /d1/113/AUTH_4268d646484344c694f0f2dc49fef4bb/gnocchi.43313eaa-3975-49d3-9fe7-b989370dde93" 404 - "HEAD http://172.18.0.2:8080/v1/AUTH_4268d646484344c694f0f2dc49fef4bb/gnocchi.43313eaa-3975-49d3-9fe7-b989370dde93?format=json&states=listing" "tx48e585060153436db891d-0068e3928e" "proxy-server 20" 0.0007 "-" 22 0
Oct 6 09:57:35 standalone object-server[130053]: 172.20.0.100 - - [06/Oct/2025:09:57:35 +0000] "GET /d1/253/AUTH_4268d646484344c694f0f2dc49fef4bb/gnocchi.43313eaa-3975-49d3-9fe7-b989370dde93/none_v3" 404 70 "GET http://172.18.0.2:8080/v1/AUTH_4268d646484344c694f0f2dc49fef4bb/gnocchi.43313eaa-3975-49d3-9fe7-b989370dde93/none_v3" "tx48e585060153436db891d-0068e3928e" "proxy-server 20" 0.0005 "-" 23 0
Oct 6 09:57:35 standalone proxy-server[131818]: 172.18.0.2 172.18.0.100 06/Oct/2025/09/57/35 GET /v1/AUTH_4268d646484344c694f0f2dc49fef4bb/gnocchi.43313eaa-3975-49d3-9fe7-b989370dde93/none_v3 HTTP/1.0 404 - python-swiftclient-3.11.1 gAAAAABo45JMWJyK... - 70 - tx48e585060153436db891d-0068e3928e - 0.0313 - - 1759744654.986676931 1759744655.017999649 0
Oct 6 09:57:35 standalone account-server[129774]: 172.20.0.100 - - [06/Oct/2025:09:57:35 +0000] "PUT /d1/864/AUTH_4268d646484344c694f0f2dc49fef4bb/gnocchi.43313eaa-3975-49d3-9fe7-b989370dde93" 201 - "PUT http://172.20.0.100:6001/d1/113/AUTH_4268d646484344c694f0f2dc49fef4bb/gnocchi.43313eaa-3975-49d3-9fe7-b989370dde93" "tx199d583f8eb242638dae1-0068e3928f" "container-server 23" 0.0009 "-" 23 0
Oct 6 09:57:35 standalone container-server[129791]: 172.20.0.100 - - [06/Oct/2025:09:57:35 +0000] "PUT /d1/113/AUTH_4268d646484344c694f0f2dc49fef4bb/gnocchi.43313eaa-3975-49d3-9fe7-b989370dde93" 201 - "PUT http://172.18.0.2:8080/v1/AUTH_4268d646484344c694f0f2dc49fef4bb/gnocchi.43313eaa-3975-49d3-9fe7-b989370dde93" "tx199d583f8eb242638dae1-0068e3928f" "proxy-server 20" 0.0103 "-" 23 0
Oct 6 09:57:35 standalone proxy-server[131818]: 172.18.0.2 172.18.0.100 06/Oct/2025/09/57/35 PUT /v1/AUTH_4268d646484344c694f0f2dc49fef4bb/gnocchi.43313eaa-3975-49d3-9fe7-b989370dde93 HTTP/1.0 201 - python-swiftclient-3.11.1 gAAAAABo45JMWJyK... - - - tx199d583f8eb242638dae1-0068e3928f - 0.0180 - - 1759744655.023370981 1759744655.041407585 0
Oct 6 09:57:35 standalone container-server[129769]: 172.20.0.100 - - [06/Oct/2025:09:57:35 +0000] "HEAD /d1/113/AUTH_4268d646484344c694f0f2dc49fef4bb/gnocchi.43313eaa-3975-49d3-9fe7-b989370dde93" 204 - "HEAD http://172.18.0.2:8080/v1/AUTH_4268d646484344c694f0f2dc49fef4bb/gnocchi.43313eaa-3975-49d3-9fe7-b989370dde93?format=json&states=listing" "tx4dafaa28da8145669baf6-0068e3928f" "proxy-server 20" 0.0013 "-" 21 0
Oct 6 09:57:35 standalone proxy-server[131818]: - - 06/Oct/2025/09/57/35 HEAD /v1/AUTH_4268d646484344c694f0f2dc49fef4bb/gnocchi.43313eaa-3975-49d3-9fe7-b989370dde93%3Fformat%3Djson%26states%3Dlisting HTTP/1.0 204 - Swift - - - - tx4dafaa28da8145669baf6-0068e3928f - 0.0060 RL - 1759744655.047604561 1759744655.053596258 0
Oct 6 09:57:35 standalone container-server[129764]: 172.20.0.100 - - [06/Oct/2025:09:57:35 +0000] "GET /d1/113/AUTH_4268d646484344c694f0f2dc49fef4bb/gnocchi.43313eaa-3975-49d3-9fe7-b989370dde93" 200 2 "GET http://172.18.0.2:8080/v1/AUTH_4268d646484344c694f0f2dc49fef4bb/gnocchi.43313eaa-3975-49d3-9fe7-b989370dde93?format=json&states=listing" "tx4dafaa28da8145669baf6-0068e3928f" "proxy-server 20" 0.0023 "-" 20 0
Oct 6 09:57:35 standalone proxy-server[131818]: 172.18.0.2 172.18.0.100 06/Oct/2025/09/57/35 GET /v1/AUTH_4268d646484344c694f0f2dc49fef4bb/gnocchi.43313eaa-3975-49d3-9fe7-b989370dde93%3Fformat%3Djson%26states%3Dlisting HTTP/1.0 200 - python-swiftclient-3.11.1 gAAAAABo45JMWJyK... - 2 - tx4dafaa28da8145669baf6-0068e3928f - 0.0222 - - 1759744655.045469046 1759744655.067641020 0
Oct 6 09:57:35 standalone object-server[130067]: 172.20.0.100 - - [06/Oct/2025:09:57:35 +0000] "GET /d1/720/AUTH_4268d646484344c694f0f2dc49fef4bb/gnocchi.43313eaa-3975-49d3-9fe7-b989370dde93/1759320000.0_mean_300.0_v3" 404 70 "GET http://172.18.0.2:8080/v1/AUTH_4268d646484344c694f0f2dc49fef4bb/gnocchi.43313eaa-3975-49d3-9fe7-b989370dde93/1759320000.0_mean_300.0_v3" "tx154c059be4dc4a70bfc72-0068e3928f" "proxy-server 20" 0.0016 "-" 25 0
Oct 6 09:57:35 standalone proxy-server[131818]: 172.18.0.2 172.18.0.100 06/Oct/2025/09/57/35 GET /v1/AUTH_4268d646484344c694f0f2dc49fef4bb/gnocchi.43313eaa-3975-49d3-9fe7-b989370dde93/1759320000.0_mean_300.0_v3 HTTP/1.0 404 - python-swiftclient-3.11.1 gAAAAABo45JMWJyK... - 70 - tx154c059be4dc4a70bfc72-0068e3928f - 0.0133 - - 1759744655.072266340 1759744655.085548639 0
Oct 6 09:57:35 standalone container-server[129764]: 172.20.0.100 - - [06/Oct/2025:09:57:35 +0000] "PUT /d1/113/AUTH_4268d646484344c694f0f2dc49fef4bb/gnocchi.43313eaa-3975-49d3-9fe7-b989370dde93/1759320000.0_mean_300.0_v3" 201 - "PUT http://172.18.0.2:8080/d1/720/AUTH_4268d646484344c694f0f2dc49fef4bb/gnocchi.43313eaa-3975-49d3-9fe7-b989370dde93/1759320000.0_mean_300.0_v3" "tx33c09feb4b7c4d87ad6ab-0068e3928f" "object-server 24" 0.0007 "-" 20 0
Oct 6 09:57:35 standalone object-server[130054]: 172.20.0.100 - - [06/Oct/2025:09:57:35 +0000] "PUT /d1/720/AUTH_4268d646484344c694f0f2dc49fef4bb/gnocchi.43313eaa-3975-49d3-9fe7-b989370dde93/1759320000.0_mean_300.0_v3" 201 - "PUT http://172.18.0.2:8080/v1/AUTH_4268d646484344c694f0f2dc49fef4bb/gnocchi.43313eaa-3975-49d3-9fe7-b989370dde93/1759320000.0_mean_300.0_v3" "tx33c09feb4b7c4d87ad6ab-0068e3928f" "proxy-server 20" 0.0114 "-" 24 0
Oct 6 09:57:35 standalone proxy-server[131818]: 172.18.0.2 172.18.0.100 06/Oct/2025/09/57/35 PUT /v1/AUTH_4268d646484344c694f0f2dc49fef4bb/gnocchi.43313eaa-3975-49d3-9fe7-b989370dde93/1759320000.0_mean_300.0_v3 HTTP/1.0 201 - python-swiftclient-3.11.1 gAAAAABo45JMWJyK... 16 - - tx33c09feb4b7c4d87ad6ab-0068e3928f - 0.0209 - - 1759744655.090704918 1759744655.111640930 0
Oct 6 09:57:35 standalone container-server[129781]: 172.20.0.100 - - [06/Oct/2025:09:57:35 +0000] "PUT /d1/113/AUTH_4268d646484344c694f0f2dc49fef4bb/gnocchi.43313eaa-3975-49d3-9fe7-b989370dde93/none_v3" 201 - "PUT http://172.18.0.2:8080/d1/253/AUTH_4268d646484344c694f0f2dc49fef4bb/gnocchi.43313eaa-3975-49d3-9fe7-b989370dde93/none_v3" "tx8b275041a19d48f8ab847-0068e3928f" "object-server 25" 0.0005 "-" 22 0
Oct 6 09:57:35 standalone object-server[130067]: 172.20.0.100 - - [06/Oct/2025:09:57:35 +0000] "PUT /d1/253/AUTH_4268d646484344c694f0f2dc49fef4bb/gnocchi.43313eaa-3975-49d3-9fe7-b989370dde93/none_v3" 201 - "PUT http://172.18.0.2:8080/v1/AUTH_4268d646484344c694f0f2dc49fef4bb/gnocchi.43313eaa-3975-49d3-9fe7-b989370dde93/none_v3" "tx8b275041a19d48f8ab847-0068e3928f" "proxy-server 20" 0.0341 "-" 25 0
Oct 6 09:57:35 standalone proxy-server[131818]: 172.18.0.2 172.18.0.100 06/Oct/2025/09/57/35 PUT /v1/AUTH_4268d646484344c694f0f2dc49fef4bb/gnocchi.43313eaa-3975-49d3-9fe7-b989370dde93/none_v3 HTTP/1.0 201 - python-swiftclient-3.11.1 gAAAAABo45JMWJyK... 22 - - tx8b275041a19d48f8ab847-0068e3928f - 0.0442 - - 1759744655.117006063 1759744655.161156654 0
Oct 6 09:57:35 standalone container-server[129791]: 172.20.0.100 - - [06/Oct/2025:09:57:35 +0000] "HEAD /d1/148/AUTH_4268d646484344c694f0f2dc49fef4bb/gnocchi.e51d8ade-ec2d-45d8-b94e-80ee608ab9a3" 404 - "HEAD http://172.18.0.2:8080/v1/AUTH_4268d646484344c694f0f2dc49fef4bb/gnocchi.e51d8ade-ec2d-45d8-b94e-80ee608ab9a3?format=json&states=listing" "tx79d0f77f49824ca7ac66e-0068e3928f" "proxy-server 20" 0.0004 "-" 23 0
Oct 6 09:57:35 standalone object-server[130054]: 172.20.0.100 - - [06/Oct/2025:09:57:35 +0000] "GET /d1/99/AUTH_4268d646484344c694f0f2dc49fef4bb/gnocchi.e51d8ade-ec2d-45d8-b94e-80ee608ab9a3/none_v3" 404 70 "GET http://172.18.0.2:8080/v1/AUTH_4268d646484344c694f0f2dc49fef4bb/gnocchi.e51d8ade-ec2d-45d8-b94e-80ee608ab9a3/none_v3" "tx79d0f77f49824ca7ac66e-0068e3928f" "proxy-server 20" 0.0003 "-" 24 0
Oct 6 09:57:35 standalone proxy-server[131818]: 172.18.0.2 172.18.0.100 06/Oct/2025/09/57/35 GET /v1/AUTH_4268d646484344c694f0f2dc49fef4bb/gnocchi.e51d8ade-ec2d-45d8-b94e-80ee608ab9a3/none_v3 HTTP/1.0 404 - python-swiftclient-3.11.1 gAAAAABo45JMWJyK... - 70 - tx79d0f77f49824ca7ac66e-0068e3928f - 0.0157 - - 1759744655.190948009 1759744655.206645727 0
Oct 6 09:57:35 standalone account-server[129768]: 172.20.0.100 - - [06/Oct/2025:09:57:35 +0000] "PUT /d1/864/AUTH_4268d646484344c694f0f2dc49fef4bb/gnocchi.e51d8ade-ec2d-45d8-b94e-80ee608ab9a3" 201 - "PUT http://172.20.0.100:6001/d1/148/AUTH_4268d646484344c694f0f2dc49fef4bb/gnocchi.e51d8ade-ec2d-45d8-b94e-80ee608ab9a3" "tx5b53d694db3342e584ade-0068e3928f" "container-server 22" 0.0053 "-" 22 0
Oct 6 09:57:35 standalone container-server[129781]: 172.20.0.100 - - [06/Oct/2025:09:57:35 +0000] "PUT /d1/148/AUTH_4268d646484344c694f0f2dc49fef4bb/gnocchi.e51d8ade-ec2d-45d8-b94e-80ee608ab9a3" 201 - "PUT http://172.18.0.2:8080/v1/AUTH_4268d646484344c694f0f2dc49fef4bb/gnocchi.e51d8ade-ec2d-45d8-b94e-80ee608ab9a3" "tx5b53d694db3342e584ade-0068e3928f" "proxy-server 20" 0.0151 "-" 22 0
Oct 6 09:57:35 standalone proxy-server[131818]: 172.18.0.2 172.18.0.100 06/Oct/2025/09/57/35 PUT /v1/AUTH_4268d646484344c694f0f2dc49fef4bb/gnocchi.e51d8ade-ec2d-45d8-b94e-80ee608ab9a3 HTTP/1.0 201 - python-swiftclient-3.11.1 gAAAAABo45JMWJyK... - - - tx5b53d694db3342e584ade-0068e3928f - 0.0233 - - 1759744655.213464737 1759744655.236734629 0
Oct 6 09:57:35 standalone container-server[129764]: 172.20.0.100 - - [06/Oct/2025:09:57:35 +0000] "HEAD /d1/148/AUTH_4268d646484344c694f0f2dc49fef4bb/gnocchi.e51d8ade-ec2d-45d8-b94e-80ee608ab9a3" 204 - "HEAD http://172.18.0.2:8080/v1/AUTH_4268d646484344c694f0f2dc49fef4bb/gnocchi.e51d8ade-ec2d-45d8-b94e-80ee608ab9a3?format=json&states=listing" "txb53c8b6c7fcf4c6e94fb1-0068e3928f" "proxy-server 20" 0.0022 "-" 20 0
Oct 6 09:57:35 standalone proxy-server[131818]: - - 06/Oct/2025/09/57/35 HEAD /v1/AUTH_4268d646484344c694f0f2dc49fef4bb/gnocchi.e51d8ade-ec2d-45d8-b94e-80ee608ab9a3%3Fformat%3Djson%26states%3Dlisting HTTP/1.0 204 - Swift - - - - txb53c8b6c7fcf4c6e94fb1-0068e3928f - 0.0083 RL - 1759744655.244812489 1759744655.253113508 0
Oct 6 09:57:35 standalone container-server[129764]: 172.20.0.100 - - [06/Oct/2025:09:57:35 +0000] "GET /d1/148/AUTH_4268d646484344c694f0f2dc49fef4bb/gnocchi.e51d8ade-ec2d-45d8-b94e-80ee608ab9a3" 200 2 "GET http://172.18.0.2:8080/v1/AUTH_4268d646484344c694f0f2dc49fef4bb/gnocchi.e51d8ade-ec2d-45d8-b94e-80ee608ab9a3?format=json&states=listing" "txb53c8b6c7fcf4c6e94fb1-0068e3928f" "proxy-server 20" 0.0039 "-" 20 0
Oct 6 09:57:35 standalone proxy-server[131818]: 172.18.0.2 172.18.0.100 06/Oct/2025/09/57/35 GET /v1/AUTH_4268d646484344c694f0f2dc49fef4bb/gnocchi.e51d8ade-ec2d-45d8-b94e-80ee608ab9a3%3Fformat%3Djson%26states%3Dlisting HTTP/1.0 200 - python-swiftclient-3.11.1 gAAAAABo45JMWJyK... - 2 - txb53c8b6c7fcf4c6e94fb1-0068e3928f - 0.0253 - - 1759744655.242414236 1759744655.267698526 0
Oct 6 09:57:35 standalone object-server[130054]: 172.20.0.100 - - [06/Oct/2025:09:57:35 +0000] "GET /d1/161/AUTH_4268d646484344c694f0f2dc49fef4bb/gnocchi.e51d8ade-ec2d-45d8-b94e-80ee608ab9a3/1759320000.0_mean_300.0_v3" 404 70 "GET http://172.18.0.2:8080/v1/AUTH_4268d646484344c694f0f2dc49fef4bb/gnocchi.e51d8ade-ec2d-45d8-b94e-80ee608ab9a3/1759320000.0_mean_300.0_v3" "tx2093e4c806d544fbb332d-0068e3928f" "proxy-server 20" 0.0003 "-" 24 0
Oct 6 09:57:35 standalone proxy-server[131818]: 172.18.0.2 172.18.0.100 06/Oct/2025/09/57/35 GET /v1/AUTH_4268d646484344c694f0f2dc49fef4bb/gnocchi.e51d8ade-ec2d-45d8-b94e-80ee608ab9a3/1759320000.0_mean_300.0_v3 HTTP/1.0 404 - python-swiftclient-3.11.1 gAAAAABo45JMWJyK... - 70 - tx2093e4c806d544fbb332d-0068e3928f - 0.0083 - - 1759744655.273907661 1759744655.282179356 0
