Oct 6 10:00:18 standalone container-server[129764]: 172.20.0.100 - - [06/Oct/2025:10:00:18 +0000] "GET /d1/607/AUTH_4268d646484344c694f0f2dc49fef4bb/gnocchi.67a0f03c-f536-4e5b-b0d2-37a0df922edc" 200 2 "GET http://172.18.0.2:8080/v1/AUTH_4268d646484344c694f0f2dc49fef4bb/gnocchi.67a0f03c-f536-4e5b-b0d2-37a0df922edc?format=json&marker=none_v3&states=listing" "tx39b6ac08fab448cdbf607-0068e39332" "proxy-server 20" 0.0033 "-" 20 0
Oct 6 10:00:18 standalone proxy-server[131818]: 172.18.0.2 172.18.0.100 06/Oct/2025/10/00/18 GET /v1/AUTH_4268d646484344c694f0f2dc49fef4bb/gnocchi.67a0f03c-f536-4e5b-b0d2-37a0df922edc%3Fformat%3Djson%26marker%3Dnone_v3%26states%3Dlisting HTTP/1.0 200 - python-swiftclient-3.11.1 gAAAAABo45JMWJyK... - 2 - tx39b6ac08fab448cdbf607-0068e39332 - 0.0103 - - 1759744818.582121611 1759744818.592468739 0
Oct 6 10:00:18 standalone object-server[130052]: 172.20.0.100 - - [06/Oct/2025:10:00:18 +0000] "GET /d1/934/AUTH_4268d646484344c694f0f2dc49fef4bb/gnocchi.67a0f03c-f536-4e5b-b0d2-37a0df922edc/1759320000.0_mean_300.0_v3" 200 16 "GET http://172.18.0.2:8080/v1/AUTH_4268d646484344c694f0f2dc49fef4bb/gnocchi.67a0f03c-f536-4e5b-b0d2-37a0df922edc/1759320000.0_mean_300.0_v3" "tx48a4583cbce048838528c-0068e39332" "proxy-server 20" 0.0011 "-" 22 0
Oct 6 10:00:18 standalone proxy-server[131818]: 172.18.0.2 172.18.0.100 06/Oct/2025/10/00/18 GET /v1/AUTH_4268d646484344c694f0f2dc49fef4bb/gnocchi.67a0f03c-f536-4e5b-b0d2-37a0df922edc/1759320000.0_mean_300.0_v3 HTTP/1.0 200 - python-swiftclient-3.11.1 gAAAAABo45JMWJyK... - 16 - tx48a4583cbce048838528c-0068e39332 - 0.0068 - - 1759744818.596928358 1759744818.603683233 0
Oct 6 10:00:18 standalone container-server[129791]: 172.20.0.100 - - [06/Oct/2025:10:00:18 +0000] "PUT /d1/607/AUTH_4268d646484344c694f0f2dc49fef4bb/gnocchi.67a0f03c-f536-4e5b-b0d2-37a0df922edc/1759320000.0_mean_300.0_v3" 201 - "PUT http://172.18.0.2:8080/d1/934/AUTH_4268d646484344c694f0f2dc49fef4bb/gnocchi.67a0f03c-f536-4e5b-b0d2-37a0df922edc/1759320000.0_mean_300.0_v3" "tx65c23b4e7fc848fabbeb9-0068e39332" "object-server 24" 0.0008 "-" 23 0
Oct 6 10:00:18 standalone object-server[130054]: 172.20.0.100 - - [06/Oct/2025:10:00:18 +0000] "PUT /d1/934/AUTH_4268d646484344c694f0f2dc49fef4bb/gnocchi.67a0f03c-f536-4e5b-b0d2-37a0df922edc/1759320000.0_mean_300.0_v3" 201 - "PUT http://172.18.0.2:8080/v1/AUTH_4268d646484344c694f0f2dc49fef4bb/gnocchi.67a0f03c-f536-4e5b-b0d2-37a0df922edc/1759320000.0_mean_300.0_v3" "tx65c23b4e7fc848fabbeb9-0068e39332" "proxy-server 20" 0.0101 "-" 24 0
Oct 6 10:00:18 standalone proxy-server[131818]: 172.18.0.2 172.18.0.100 06/Oct/2025/10/00/18 PUT /v1/AUTH_4268d646484344c694f0f2dc49fef4bb/gnocchi.67a0f03c-f536-4e5b-b0d2-37a0df922edc/1759320000.0_mean_300.0_v3 HTTP/1.0 201 - python-swiftclient-3.11.1 gAAAAABo45JMWJyK... 23 - - tx65c23b4e7fc848fabbeb9-0068e39332 - 0.0165 - - 1759744818.607239008 1759744818.623781681 0
Oct 6 10:00:18 standalone container-server[129769]: 172.20.0.100 - - [06/Oct/2025:10:00:18 +0000] "PUT /d1/607/AUTH_4268d646484344c694f0f2dc49fef4bb/gnocchi.67a0f03c-f536-4e5b-b0d2-37a0df922edc/none_v3" 201 - "PUT http://172.18.0.2:8080/d1/718/AUTH_4268d646484344c694f0f2dc49fef4bb/gnocchi.67a0f03c-f536-4e5b-b0d2-37a0df922edc/none_v3" "tx3fc92828b5a5498abaf78-0068e39332" "object-server 22" 0.0008 "-" 21 0
Oct 6 10:00:18 standalone object-server[130052]: 172.20.0.100 - - [06/Oct/2025:10:00:18 +0000] "PUT /d1/718/AUTH_4268d646484344c694f0f2dc49fef4bb/gnocchi.67a0f03c-f536-4e5b-b0d2-37a0df922edc/none_v3" 201 - "PUT http://172.18.0.2:8080/v1/AUTH_4268d646484344c694f0f2dc49fef4bb/gnocchi.67a0f03c-f536-4e5b-b0d2-37a0df922edc/none_v3" "tx3fc92828b5a5498abaf78-0068e39332" "proxy-server 20" 0.0104 "-" 22 0
Oct 6 10:00:18 standalone proxy-server[131818]: 172.18.0.2 172.18.0.100 06/Oct/2025/10/00/18 PUT /v1/AUTH_4268d646484344c694f0f2dc49fef4bb/gnocchi.67a0f03c-f536-4e5b-b0d2-37a0df922edc/none_v3 HTTP/1.0 201 - python-swiftclient-3.11.1 gAAAAABo45JMWJyK... 22 - - tx3fc92828b5a5498abaf78-0068e39332 - 0.0180 - - 1759744818.627479076 1759744818.645469904 0
Oct 6 10:00:18 standalone container-server[129781]: 172.20.0.100 - - [06/Oct/2025:10:00:18 +0000] "HEAD /d1/46/AUTH_4268d646484344c694f0f2dc49fef4bb/gnocchi.60c9d23c-fceb-45c4-9a2d-5d5c94d0abc8" 204 - "HEAD http://172.18.0.2:8080/v1/AUTH_4268d646484344c694f0f2dc49fef4bb/gnocchi.60c9d23c-fceb-45c4-9a2d-5d5c94d0abc8?format=json&states=listing" "tx8dcdd6192a2248f1bfa28-0068e39332" "proxy-server 20" 0.0016 "-" 22 0
Oct 6 10:00:18 standalone object-server[130053]: 172.20.0.100 - - [06/Oct/2025:10:00:18 +0000] "GET /d1/410/AUTH_4268d646484344c694f0f2dc49fef4bb/gnocchi.60c9d23c-fceb-45c4-9a2d-5d5c94d0abc8/none_v3" 200 22 "GET http://172.18.0.2:8080/v1/AUTH_4268d646484344c694f0f2dc49fef4bb/gnocchi.60c9d23c-fceb-45c4-9a2d-5d5c94d0abc8/none_v3" "tx8dcdd6192a2248f1bfa28-0068e39332" "proxy-server 20" 0.0014 "-" 23 0
Oct 6 10:00:18 standalone proxy-server[131818]: 172.18.0.2 172.18.0.100 06/Oct/2025/10/00/18 GET /v1/AUTH_4268d646484344c694f0f2dc49fef4bb/gnocchi.60c9d23c-fceb-45c4-9a2d-5d5c94d0abc8/none_v3 HTTP/1.0 200 - python-swiftclient-3.11.1 gAAAAABo45JMWJyK... - 22 - tx8dcdd6192a2248f1bfa28-0068e39332 - 0.0155 - - 1759744818.657577038 1759744818.673116207 0
Oct 6 10:00:18 standalone container-server[129769]: 172.20.0.100 - - [06/Oct/2025:10:00:18 +0000] "GET /d1/46/AUTH_4268d646484344c694f0f2dc49fef4bb/gnocchi.60c9d23c-fceb-45c4-9a2d-5d5c94d0abc8" 200 357 "GET http://172.18.0.2:8080/v1/AUTH_4268d646484344c694f0f2dc49fef4bb/gnocchi.60c9d23c-fceb-45c4-9a2d-5d5c94d0abc8?format=json&states=listing" "tx22679e65872a439c8b5a1-0068e39332" "proxy-server 20" 0.0026 "-" 21 0
Oct 6 10:00:18 standalone proxy-server[131818]: 172.18.0.2 172.18.0.100 06/Oct/2025/10/00/18 GET /v1/AUTH_4268d646484344c694f0f2dc49fef4bb/gnocchi.60c9d23c-fceb-45c4-9a2d-5d5c94d0abc8%3Fformat%3Djson%26states%3Dlisting HTTP/1.0 200 - python-swiftclient-3.11.1 gAAAAABo45JMWJyK... - 357 - tx22679e65872a439c8b5a1-0068e39332 - 0.0104 - - 1759744818.677547932 1759744818.687972784 0
Oct 6 10:00:18 standalone container-server[129791]: 172.20.0.100 - - [06/Oct/2025:10:00:18 +0000] "GET /d1/46/AUTH_4268d646484344c694f0f2dc49fef4bb/gnocchi.60c9d23c-fceb-45c4-9a2d-5d5c94d0abc8" 200 2 "GET http://172.18.0.2:8080/v1/AUTH_4268d646484344c694f0f2dc49fef4bb/gnocchi.60c9d23c-fceb-45c4-9a2d-5d5c94d0abc8?format=json&marker=none_v3&states=listing" "tx7c06520b0ac64419bce81-0068e39332" "proxy-server 20" 0.0040 "-" 23 0
Oct 6 10:00:18 standalone proxy-server[131818]: 172.18.0.2 172.18.0.100 06/Oct/2025/10/00/18 GET /v1/AUTH_4268d646484344c694f0f2dc49fef4bb/gnocchi.60c9d23c-fceb-45c4-9a2d-5d5c94d0abc8%3Fformat%3Djson%26marker%3Dnone_v3%26states%3Dlisting HTTP/1.0 200 - python-swiftclient-3.11.1 gAAAAABo45JMWJyK... - 2 - tx7c06520b0ac64419bce81-0068e39332 - 0.0123 - - 1759744818.691494226 1759744818.703749657 0
Oct 6 10:00:18 standalone object-server[130067]: 172.20.0.100 - - [06/Oct/2025:10:00:18 +0000] "GET /d1/989/AUTH_4268d646484344c694f0f2dc49fef4bb/gnocchi.60c9d23c-fceb-45c4-9a2d-5d5c94d0abc8/1759320000.0_mean_300.0_v3" 200 16 "GET http://172.18.0.2:8080/v1/AUTH_4268d646484344c694f0f2dc49fef4bb/gnocchi.60c9d23c-fceb-45c4-9a2d-5d5c94d0abc8/1759320000.0_mean_300.0_v3" "txe109a13ede454855a5714-0068e39332" "proxy-server 20" 0.0011 "-" 25 0
Oct 6 10:00:18 standalone proxy-server[131818]: 172.18.0.2 172.18.0.100 06/Oct/2025/10/00/18 GET /v1/AUTH_4268d646484344c694f0f2dc49fef4bb/gnocchi.60c9d23c-fceb-45c4-9a2d-5d5c94d0abc8/1759320000.0_mean_300.0_v3 HTTP/1.0 200 - python-swiftclient-3.11.1 gAAAAABo45JMWJyK... - 16 - txe109a13ede454855a5714-0068e39332 - 0.0092 - - 1759744818.708069086 1759744818.717239857 0
Oct 6 10:00:18 standalone container-server[129781]: 172.20.0.100 - - [06/Oct/2025:10:00:18 +0000] "PUT /d1/46/AUTH_4268d646484344c694f0f2dc49fef4bb/gnocchi.60c9d23c-fceb-45c4-9a2d-5d5c94d0abc8/1759320000.0_mean_300.0_v3" 201 - "PUT http://172.18.0.2:8080/d1/989/AUTH_4268d646484344c694f0f2dc49fef4bb/gnocchi.60c9d23c-fceb-45c4-9a2d-5d5c94d0abc8/1759320000.0_mean_300.0_v3" "tx7920e71f57d24f9593e31-0068e39332" "object-server 25" 0.0007 "-" 22 0
Oct 6 10:00:18 standalone object-server[130067]: 172.20.0.100 - - [06/Oct/2025:10:00:18 +0000] "PUT /d1/989/AUTH_4268d646484344c694f0f2dc49fef4bb/gnocchi.60c9d23c-fceb-45c4-9a2d-5d5c94d0abc8/1759320000.0_mean_300.0_v3" 201 - "PUT http://172.18.0.2:8080/v1/AUTH_4268d646484344c694f0f2dc49fef4bb/gnocchi.60c9d23c-fceb-45c4-9a2d-5d5c94d0abc8/1759320000.0_mean_300.0_v3" "tx7920e71f57d24f9593e31-0068e39332" "proxy-server 20" 0.0110 "-" 25 0
Oct 6 10:00:18 standalone proxy-server[131818]: 172.18.0.2 172.18.0.100 06/Oct/2025/10/00/18 PUT /v1/AUTH_4268d646484344c694f0f2dc49fef4bb/gnocchi.60c9d23c-fceb-45c4-9a2d-5d5c94d0abc8/1759320000.0_mean_300.0_v3 HTTP/1.0 201 - python-swiftclient-3.11.1 gAAAAABo45JMWJyK... 23 - - tx7920e71f57d24f9593e31-0068e39332 - 0.0173 - - 1759744818.720596552 1759744818.737853289 0
Oct 6 10:00:18 standalone container-server[129769]: 172.20.0.100 - - [06/Oct/2025:10:00:18 +0000] "PUT /d1/46/AUTH_4268d646484344c694f0f2dc49fef4bb/gnocchi.60c9d23c-fceb-45c4-9a2d-5d5c94d0abc8/none_v3" 201 - "PUT http://172.18.0.2:8080/d1/410/AUTH_4268d646484344c694f0f2dc49fef4bb/gnocchi.60c9d23c-fceb-45c4-9a2d-5d5c94d0abc8/none_v3" "txc5ffc523767d4a2bbe121-0068e39332" "object-server 23" 0.0009 "-" 21 0
Oct 6 10:00:18 standalone object-server[130053]: 172.20.0.100 - - [06/Oct/2025:10:00:18 +0000] "PUT /d1/410/AUTH_4268d646484344c694f0f2dc49fef4bb/gnocchi.60c9d23c-fceb-45c4-9a2d-5d5c94d0abc8/none_v3" 201 - "PUT http://172.18.0.2:8080/v1/AUTH_4268d646484344c694f0f2dc49fef4bb/gnocchi.60c9d23c-fceb-45c4-9a2d-5d5c94d0abc8/none_v3" "txc5ffc523767d4a2bbe121-0068e39332" "proxy-server 20" 0.0125 "-" 23 0
Oct 6 10:00:18 standalone proxy-server[131818]: 172.18.0.2 172.18.0.100 06/Oct/2025/10/00/18 PUT /v1/AUTH_4268d646484344c694f0f2dc49fef4bb/gnocchi.60c9d23c-fceb-45c4-9a2d-5d5c94d0abc8/none_v3 HTTP/1.0 201 - python-swiftclient-3.11.1 gAAAAABo45JMWJyK... 22 - - txc5ffc523767d4a2bbe121-0068e39332 - 0.0191 - - 1759744818.741030693 1759744818.760084629 0
Oct 6 10:00:18 standalone container-server[129764]: 172.20.0.100 - - [06/Oct/2025:10:00:18 +0000] "HEAD /d1/491/AUTH_4268d646484344c694f0f2dc49fef4bb/gnocchi.05e6700d-27b8-4324-bd05-4c8be19207ea" 204 - "HEAD http://172.18.0.2:8080/v1/AUTH_4268d646484344c694f0f2dc49fef4bb/gnocchi.05e6700d-27b8-4324-bd05-4c8be19207ea?format=json&states=listing" "tx074de29baaa84e73b1ab0-0068e39332" "proxy-server 20" 0.0017 "-" 20 0
Oct 6 10:00:18 standalone object-server[130052]: 172.20.0.100 - - [06/Oct/2025:10:00:18 +0000] "GET /d1/765/AUTH_4268d646484344c694f0f2dc49fef4bb/gnocchi.05e6700d-27b8-4324-bd05-4c8be19207ea/none_v3" 200 32 "GET http://172.18.0.2:8080/v1/AUTH_4268d646484344c694f0f2dc49fef4bb/gnocchi.05e6700d-27b8-4324-bd05-4c8be19207ea/none_v3" "tx074de29baaa84e73b1ab0-0068e39332" "proxy-server 20" 0.0011 "-" 22 0
Oct 6 10:00:18 standalone proxy-server[131818]: 172.18.0.2 172.18.0.100 06/Oct/2025/10/00/18 GET /v1/AUTH_4268d646484344c694f0f2dc49fef4bb/gnocchi.05e6700d-27b8-4324-bd05-4c8be19207ea/none_v3 HTTP/1.0 200 - python-swiftclient-3.11.1 gAAAAABo45JMWJyK... - 32 - tx074de29baaa84e73b1ab0-0068e39332 - 0.0135 - - 1759744818.772608757 1759744818.786122561 0
Oct 6 10:00:18 standalone container-server[129764]: 172.20.0.100 - - [06/Oct/2025:10:00:18 +0000] "GET /d1/491/AUTH_4268d646484344c694f0f2dc49fef4bb/gnocchi.05e6700d-27b8-4324-bd05-4c8be19207ea" 200 357 "GET http://172.18.0.2:8080/v1/AUTH_4268d646484344c694f0f2dc49fef4bb/gnocchi.05e6700d-27b8-4324-bd05-4c8be19207ea?format=json&states=listing" "txc73222784b8840449bff1-0068e39332" "proxy-server 20" 0.0023 "-" 20 0
Oct 6 10:00:18 standalone proxy-server[131818]: 172.18.0.2 172.18.0.100 06/Oct/2025/10/00/18 GET /v1/AUTH_4268d646484344c694f0f2dc49fef4bb/gnocchi.05e6700d-27b8-4324-bd05-4c8be19207ea%3Fformat%3Djson%26states%3Dlisting HTTP/1.0 200 - python-swiftclient-3.11.1 gAAAAABo45JMWJyK... - 357 - txc73222784b8840449bff1-0068e39332 - 0.0084 - - 1759744818.790102720 1759744818.798534632 0
Oct 6 10:00:18 standalone container-server[129781]: 172.20.0.100 - - [06/Oct/2025:10:00:18 +0000] "GET /d1/491/AUTH_4268d646484344c694f0f2dc49fef4bb/gnocchi.05e6700d-27b8-4324-bd05-4c8be19207ea" 200 2 "GET http://172.18.0.2:8080/v1/AUTH_4268d646484344c694f0f2dc49fef4bb/gnocchi.05e6700d-27b8-4324-bd05-4c8be19207ea?format=json&marker=none_v3&states=listing" "txb6be4dc60b2d4425941ec-0068e39332" "proxy-server 20" 0.0032 "-" 22 0
Oct 6 10:00:18 standalone proxy-server[131818]: 172.18.0.2 172.18.0.100 06/Oct/2025/10/00/18 GET /v1/AUTH_4268d646484344c694f0f2dc49fef4bb/gnocchi.05e6700d-27b8-4324-bd05-4c8be19207ea%3Fformat%3Djson%26marker%3Dnone_v3%26states%3Dlisting HTTP/1.0 200 - python-swiftclient-3.11.1 gAAAAABo45JMWJyK... - 2 - txb6be4dc60b2d4425941ec-0068e39332 - 0.0166 - - 1759744818.802045584 1759744818.818659782 0
Oct 6 10:00:18 standalone object-server[130053]: 172.20.0.100 - - [06/Oct/2025:10:00:18 +0000] "GET /d1/495/AUTH_4268d646484344c694f0f2dc49fef4bb/gnocchi.05e6700d-27b8-4324-bd05-4c8be19207ea/1759320000.0_mean_300.0_v3" 200 16 "GET http://172.18.0.2:8080/v1/AUTH_4268d646484344c694f0f2dc49fef4bb/gnocchi.05e6700d-27b8-4324-bd05-4c8be19207ea/1759320000.0_mean_300.0_v3" "txd93a4d04d8ed456b821ae-0068e39332" "proxy-server 20" 0.0011 "-" 23 0
Oct 6 10:00:18 standalone proxy-server[131818]: 172.18.0.2 172.18.0.100 06/Oct/2025/10/00/18 GET /v1/AUTH_4268d646484344c694f0f2dc49fef4bb/gnocchi.05e6700d-27b8-4324-bd05-4c8be19207ea/1759320000.0_mean_300.0_v3 HTTP/1.0 200 - python-swiftclient-3.11.1 gAAAAABo45JMWJyK... - 16 - txd93a4d04d8ed456b821ae-0068e39332 - 0.0101 - - 1759744818.823551893 1759744818.833660364 0
Oct 6 10:00:18 standalone container-server[129764]: 172.20.0.100 - - [06/Oct/2025:10:00:18 +0000] "PUT /d1/491/AUTH_4268d646484344c694f0f2dc49fef4bb/gnocchi.05e6700d-27b8-4324-bd05-4c8be19207ea/1759320000.0_mean_300.0_v3" 201 - "PUT http://172.18.0.2:8080/d1/495/AUTH_4268d646484344c694f0f2dc49fef4bb/gnocchi.05e6700d-27b8-4324-bd05-4c8be19207ea/1759320000.0_mean_300.0_v3" "tx085ab2d027414d3990d7b-0068e39332" "object-server 25" 0.0006 "-" 20 0
Oct 6 10:00:18 standalone object-server[130067]: 172.20.0.100 - - [06/Oct/2025:10:00:18 +0000] "PUT /d1/495/AUTH_4268d646484344c694f0f2dc49fef4bb/gnocchi.05e6700d-27b8-4324-bd05-4c8be19207ea/1759320000.0_mean_300.0_v3" 201 - "PUT http://172.18.0.2:8080/v1/AUTH_4268d646484344c694f0f2dc49fef4bb/gnocchi.05e6700d-27b8-4324-bd05-4c8be19207ea/1759320000.0_mean_300.0_v3" "tx085ab2d027414d3990d7b-0068e39332" "proxy-server 20" 0.0102 "-" 25 0
Oct 6 10:00:18 standalone proxy-server[131818]: 172.18.0.2 172.18.0.100 06/Oct/2025/10/00/18 PUT /v1/AUTH_4268d646484344c694f0f2dc49fef4bb/gnocchi.05e6700d-27b8-4324-bd05-4c8be19207ea/1759320000.0_mean_300.0_v3 HTTP/1.0 201 - python-swiftclient-3.11.1 gAAAAABo45JMWJyK... 23 - - tx085ab2d027414d3990d7b-0068e39332 - 0.0171 - - 1759744818.837972641 1759744818.855030060 0
Oct 6 10:00:18 standalone container-server[129764]: 172.20.0.100 - - [06/Oct/2025:10:00:18 +0000] "PUT /d1/491/AUTH_4268d646484344c694f0f2dc49fef4bb/gnocchi.05e6700d-27b8-4324-bd05-4c8be19207ea/none_v3" 201 - "PUT http://172.18.0.2:8080/d1/765/AUTH_4268d646484344c694f0f2dc49fef4bb/gnocchi.05e6700d-27b8-4324-bd05-4c8be19207ea/none_v3" "tx20b990bc3e2444ebaa847-0068e39332" "object-server 25" 0.0007 "-" 20 0
Oct 6 10:00:18 standalone object-server[130067]: 172.20.0.100 - - [06/Oct/2025:10:00:18 +0000] "PUT /d1/765/AUTH_4268d646484344c694f0f2dc49fef4bb/gnocchi.05e6700d-27b8-4324-bd05-4c8be19207ea/none_v3" 201 - "PUT http://172.18.0.2:8080/v1/AUTH_4268d646484344c694f0f2dc49fef4bb/gnocchi.05e6700d-27b8-4324-bd05-4c8be19207ea/none_v3" "tx20b990bc3e2444ebaa847-0068e39332" "proxy-server 20" 0.0098 "-" 25 0
Oct 6 10:00:18 standalone proxy-server[131818]: 172.18.0.2 172.18.0.100 06/Oct/2025/10/00/18 PUT /v1/AUTH_4268d646484344c694f0f2dc49fef4bb/gnocchi.05e6700d-27b8-4324-bd05-4c8be19207ea/none_v3 HTTP/1.0 201 - python-swiftclient-3.11.1 gAAAAABo45JMWJyK... 22 - - tx20b990bc3e2444ebaa847-0068e39332 - 0.0165 - - 1759744818.858663082 1759744818.875135183 0
Oct 6 10:01:38 standalone account-server[129774]: 172.20.0.100 - - [06/Oct/2025:10:01:38 +0000] "HEAD /d1/194/.expiring_objects" 404 - "HEAD http://localhost/v1/.expiring_objects?format=json" "tx0459a95aa78947a393d3b-0068e39382" "proxy-server 2" 0.0008 "-" 23 -
Oct 6 10:01:38 standalone object-expirer[129790]: Pass completed in 0s; 0 objects expired (txn: tx0459a95aa78947a393d3b-0068e39382)
Oct 6 10:02:07 standalone object-server[129892]: Begin object update sweep
Oct 6 10:02:07 standalone object-server[260264]: Object update sweep starting on /srv/node/d1 (pid: 15)
Oct 6 10:02:07 standalone object-server[260264]: Object update sweep completed on /srv/node/d1 in 0.00s seconds:, 0 successes, 0 failures, 0 quarantines, 0 unlinks, 0 errors, 0 redirects (pid: 15)
Oct 6 10:02:07 standalone object-server[260264]: Object update sweep of d1 completed: 0.00s, 0 successes, 0 failures, 0 quarantines, 0 unlinks, 0 errors, 0 redirects
Oct 6 10:02:07 standalone object-server[129892]: Object update sweep completed: 0.08s
Oct 6 10:05:10 standalone container-server[129715]: Begin container update sweep
Oct 6 10:05:10 standalone account-server[129757]: 172.20.0.100 - - [06/Oct/2025:10:05:10 +0000] "PUT /d1/864/AUTH_4268d646484344c694f0f2dc49fef4bb/gnocchi.67a0f03c-f536-4e5b-b0d2-37a0df922edc" 201 - "-" "-" "container-updater 2" 0.0009 "-" 21 0
Oct 6 10:05:11 standalone account-server[129757]: 172.20.0.100 - - [06/Oct/2025:10:05:11 +0000] "PUT /d1/864/AUTH_4268d646484344c694f0f2dc49fef4bb/gnocchi.60c9d23c-fceb-45c4-9a2d-5d5c94d0abc8" 201 - "-" "-" "container-updater 2" 0.0007 "-" 21 0
Oct 6 10:05:11 standalone account-server[129757]: 172.20.0.100 - - [06/Oct/2025:10:05:11 +0000] "PUT /d1/864/AUTH_4268d646484344c694f0f2dc49fef4bb/gnocchi.5c366f43-2620-4894-84f3-b8c4efc01fa9" 201 - "-" "-" "container-updater 2" 0.0006 "-" 21 0
Oct 6 10:05:12 standalone account-server[129757]: 172.20.0.100 - - [06/Oct/2025:10:05:12 +0000] "PUT /d1/864/AUTH_4268d646484344c694f0f2dc49fef4bb/gnocchi.c5e01a15-288b-47b9-83a2-7d62c776d6dd" 201 - "-" "-" "container-updater 2" 0.0007 "-" 21 0
Oct 6 10:05:13 standalone account-server[129757]: 172.20.0.100 - - [06/Oct/2025:10:05:13 +0000] "PUT /d1/864/AUTH_4268d646484344c694f0f2dc49fef4bb/gnocchi.e51d8ade-ec2d-45d8-b94e-80ee608ab9a3" 201 - "-" "-" "container-updater 2" 0.0010 "-" 21 0
Oct 6 10:05:13 standalone account-server[129768]: 172.20.0.100 - - [06/Oct/2025:10:05:13 +0000] "PUT /d1/864/AUTH_4268d646484344c694f0f2dc49fef4bb/gnocchi.2e8a5f9d-a66b-44df-922a-d1488d504e46" 201 - "-" "-" "container-updater 2" 0.0005 "-" 22 0
Oct 6 10:05:13 standalone account-server[129774]: 172.20.0.100 - - [06/Oct/2025:10:05:13 +0000] "PUT /d1/864/AUTH_4268d646484344c694f0f2dc49fef4bb/gnocchi.43313eaa-3975-49d3-9fe7-b989370dde93" 201 - "-" "-" "container-updater 2" 0.0007 "-" 23 0
Oct 6 10:05:13 standalone account-server[129768]: 172.20.0.100 - - [06/Oct/2025:10:05:13 +0000] "PUT /d1/864/AUTH_4268d646484344c694f0f2dc49fef4bb/gnocchi.05e6700d-27b8-4324-bd05-4c8be19207ea" 201 - "-" "-" "container-updater 2" 0.0005 "-" 22 0
Oct 6 10:05:14 standalone container-server[129715]: Container update sweep completed: 3.66s
Oct 6 10:05:46 standalone account-server[129768]: 172.20.0.100 - - [06/Oct/2025:10:05:46 +0000] "HEAD /d1/194/.expiring_objects" 404 - "HEAD http://localhost/v1/.expiring_objects?format=json" "txafd9c2ed11cf4d4ca25b7-0068e3947a" "proxy-server 2" 0.0008 "-" 22 -
Oct 6 10:05:46 standalone object-expirer[129790]: Pass completed in 0s; 0 objects expired (txn: txafd9c2ed11cf4d4ca25b7-0068e3947a)
Oct 6 10:07:07 standalone object-server[129892]: Begin object update sweep
Oct 6 10:07:07 standalone object-server[291110]: Object update sweep starting on /srv/node/d1 (pid: 16)
Oct 6 10:07:07 standalone object-server[291110]: Object update sweep completed on /srv/node/d1 in 0.00s seconds:, 0 successes, 0 failures, 0 quarantines, 0 unlinks, 0 errors, 0 redirects (pid: 16)
Oct 6 10:07:07 standalone object-server[291110]: Object update sweep of d1 completed: 0.00s, 0 successes, 0 failures, 0 quarantines, 0 unlinks, 0 errors, 0 redirects
Oct 6 10:07:07 standalone object-server[129892]: Object update sweep completed: 0.08s
Oct 6 10:09:55 standalone account-server[129757]: 172.20.0.100 - - [06/Oct/2025:10:09:55 +0000] "HEAD /d1/194/.expiring_objects" 404 - "HEAD http://localhost/v1/.expiring_objects?format=json" "tx54a02491bb974b42af084-0068e39573" "proxy-server 2" 0.0003 "-" 21 -
Oct 6 10:09:55 standalone object-expirer[129790]: Pass completed in 0s; 0 objects expired (txn: tx54a02491bb974b42af084-0068e39573)
Oct 6 10:10:11 standalone container-server[129715]: Begin container update sweep
Oct 6 10:10:13 standalone container-server[129715]: Container update sweep completed: 2.87s
Oct 6 10:11:07 standalone account-server[129768]: 172.20.0.100 - - [06/Oct/2025:10:11:07 +0000] "HEAD /d1/194/.expiring_objects" 404 - "HEAD http://localhost/v1/.expiring_objects?format=json" "tx633fc86f9c07416db7a62-0068e395bb" "proxy-server 2" 0.0005 "-" 22 -
Oct 6 10:11:07 standalone object-expirer[129790]: Pass completed in 0s; 0 objects expired (txn: tx633fc86f9c07416db7a62-0068e395bb)
Oct 6 10:12:07 standalone object-server[129892]: Begin object update sweep
Oct 6 10:12:07 standalone object-server[312589]: Object update sweep starting on /srv/node/d1 (pid: 17)
Oct 6 10:12:07 standalone object-server[312589]: Object update sweep completed on /srv/node/d1 in 0.00s seconds:, 0 successes, 0 failures, 0 quarantines, 0 unlinks, 0 errors, 0 redirects (pid: 17)
Oct 6 10:12:07 standalone object-server[312589]: Object update sweep of d1 completed: 0.00s, 0 successes, 0 failures, 0 quarantines, 0 unlinks, 0 errors, 0 redirects
Oct 6 10:12:07 standalone object-server[129892]: Object update sweep completed: 0.08s
Oct 6 10:15:11 standalone container-server[129715]: Begin container update sweep
Oct 6 10:15:14 standalone container-server[129715]: Container update sweep completed: 3.45s
Oct 6 10:15:57 standalone account-server[129757]: 172.20.0.100 - - [06/Oct/2025:10:15:57 +0000] "HEAD /d1/194/.expiring_objects" 404 - "HEAD http://localhost/v1/.expiring_objects?format=json" "tx98854ed332fa4357af010-0068e396dd" "proxy-server 2" 0.0008 "-" 21 -
Oct 6 10:15:57 standalone object-expirer[129790]: Pass completed in 0s; 0 objects expired (txn: tx98854ed332fa4357af010-0068e396dd)
Oct 6 10:17:07 standalone object-server[129892]: Begin object update sweep
Oct 6 10:17:07 standalone object-server[336039]: Object update sweep starting on /srv/node/d1 (pid: 18)
Oct 6 10:17:07 standalone object-server[336039]: Object update sweep completed on /srv/node/d1 in 0.00s seconds:, 0 successes, 0 failures, 0 quarantines, 0 unlinks, 0 errors, 0 redirects (pid: 18)
Oct 6 10:17:07 standalone object-server[336039]: Object update sweep of d1 completed: 0.00s, 0 successes, 0 failures, 0 quarantines, 0 unlinks, 0 errors, 0 redirects
Oct 6 10:17:07 standalone object-server[129892]: Object update sweep completed: 0.10s
Oct 6 10:20:02 standalone account-server[129753]: 172.20.0.100 - - [06/Oct/2025:10:20:02 +0000] "HEAD /d1/194/.expiring_objects" 404 - "HEAD http://localhost/v1/.expiring_objects?format=json" "tx58038d91fdbb4b5fb6cab-0068e397d2" "proxy-server 2" 0.0006 "-" 20 -
Oct 6 10:20:02 standalone object-expirer[129790]: Pass completed in 0s; 0 objects expired (txn: tx58038d91fdbb4b5fb6cab-0068e397d2)
Oct 6 10:20:11 standalone container-server[129715]: Begin container update sweep
Oct 6 10:20:14 standalone container-server[129715]: Container update sweep completed: 3.16s
Oct 6 10:22:07 standalone object-server[129892]: Begin object update sweep
Oct 6 10:22:07 standalone object-server[357365]: Object update sweep starting on /srv/node/d1 (pid: 19)
Oct 6 10:22:07 standalone object-server[357365]: Object update sweep completed on /srv/node/d1 in 0.00s seconds:, 0 successes, 0 failures, 0 quarantines, 0 unlinks, 0 errors, 0 redirects (pid: 19)
Oct 6 10:22:07 standalone object-server[357365]: Object update sweep of d1 completed: 0.00s, 0 successes, 0 failures, 0 quarantines, 0 unlinks, 0 errors, 0 redirects
Oct 6 10:22:07 standalone object-server[129892]: Object update sweep completed: 0.08s
Oct 6 10:24:30 standalone account-server[129774]: 172.20.0.100 - - [06/Oct/2025:10:24:30 +0000] "HEAD /d1/194/.expiring_objects" 404 - "HEAD http://localhost/v1/.expiring_objects?format=json" "tx72b3ca0ef5e0432b9c165-0068e398de" "proxy-server 2" 0.0009 "-" 23 -
Oct 6 10:24:30 standalone object-expirer[129790]: Pass completed in 0s; 0 objects expired (txn: tx72b3ca0ef5e0432b9c165-0068e398de)
Oct 6 10:25:11 standalone container-server[129715]: Begin container update sweep
Oct 6 10:25:13 standalone container-server[129715]: Container update sweep completed: 2.70s
Oct 6 10:27:07 standalone object-server[129892]: Begin object update sweep
Oct 6 10:27:07 standalone object-server[378933]: Object update sweep starting on /srv/node/d1 (pid: 20)
Oct 6 10:27:07 standalone object-server[378933]: Object update sweep completed on /srv/node/d1 in 0.00s seconds:, 0 successes, 0 failures, 0 quarantines, 0 unlinks, 0 errors, 0 redirects (pid: 20)
Oct 6 10:27:07 standalone object-server[378933]: Object update sweep of d1 completed: 0.00s, 0 successes, 0 failures, 0 quarantines, 0 unlinks, 0 errors, 0 redirects
Oct 6 10:27:07 standalone object-server[129892]: Object update sweep completed: 0.10s
Oct 6 10:28:35 standalone account-server[129757]: 172.20.0.100 - - [06/Oct/2025:10:28:35 +0000] "HEAD /d1/194/.expiring_objects" 404 - "HEAD http://localhost/v1/.expiring_objects?format=json" "tx07d766b2f0604d45ae005-0068e399d3" "proxy-server 2" 0.0012 "-" 21 -
Oct 6 10:28:35 standalone object-expirer[129790]: Pass completed in 0s; 0 objects expired (txn: tx07d766b2f0604d45ae005-0068e399d3)
Oct 6 10:29:08 standalone account-server[129757]: 172.20.0.100 - - [06/Oct/2025:10:29:08 +0000] "HEAD /d1/194/.expiring_objects" 404 - "HEAD http://localhost/v1/.expiring_objects?format=json" "tx10291ca3a38048d8a6824-0068e399f4" "proxy-server 2" 0.0009 "-" 21 -
Oct 6 10:29:08 standalone object-expirer[129790]: Pass completed in 0s; 0 objects expired (txn: tx10291ca3a38048d8a6824-0068e399f4)
Oct 6 10:30:11 standalone container-server[129715]: Begin container update sweep
Oct 6 10:30:15 standalone container-server[129715]: Container update sweep completed: 3.77s
Oct 6 10:32:07 standalone object-server[129892]: Begin object update sweep
Oct 6 10:32:07 standalone object-server[392377]: Object update sweep starting on /srv/node/d1 (pid: 21)
Oct 6 10:32:07 standalone object-server[392377]: Object update sweep completed on /srv/node/d1 in 0.00s seconds:, 0 successes, 0 failures, 0 quarantines, 0 unlinks, 0 errors, 0 redirects (pid: 21)
Oct 6 10:32:07 standalone object-server[392377]: Object update sweep of d1 completed: 0.00s, 0 successes, 0 failures, 0 quarantines, 0 unlinks, 0 errors, 0 redirects
Oct 6 10:32:07 standalone object-server[129892]: Object update sweep completed: 0.09s
Oct 6 10:33:56 standalone account-server[129753]: 172.20.0.100 - - [06/Oct/2025:10:33:56 +0000] "HEAD /d1/194/.expiring_objects" 404 - "HEAD http://localhost/v1/.expiring_objects?format=json" "txe848ec1a86bf479584024-0068e39b14" "proxy-server 2" 0.0008 "-" 20 -
Oct 6 10:33:56 standalone object-expirer[129790]: Pass completed in 0s; 0 objects expired (txn: txe848ec1a86bf479584024-0068e39b14)
Oct 6 10:35:11 standalone container-server[129715]: Begin container update sweep
Oct 6 10:35:15 standalone container-server[129715]: Container update sweep completed: 4.00s
Oct 6 10:35:42 standalone account-server[129346]: Devices pass completed: 0.00s
Oct 6 10:36:33 standalone account-server[129774]: 172.20.0.100 - - [06/Oct/2025:10:36:33 +0000] "HEAD /d1/194/.expiring_objects" 404 - "HEAD http://localhost/v1/.expiring_objects?format=json" "tx904b027e313b430591d66-0068e39bb1" "proxy-server 2" 0.0007 "-" 23 -
Oct 6 10:36:33 standalone object-expirer[129790]: Pass completed in 0s; 0 objects expired (txn: tx904b027e313b430591d66-0068e39bb1)
Oct 6 10:36:58 standalone proxy-server[131677]: SIGTERM received (2)
Oct 6 10:36:58 standalone proxy-server[131677]: Exited (2)
Oct 6 10:37:07 standalone object-server[129892]: Begin object update sweep
Oct 6 10:37:07 standalone object-server[401343]: Object update sweep starting on /srv/node/d1 (pid: 22)
Oct 6 10:37:07 standalone object-server[401343]: Object update sweep completed on /srv/node/d1 in 0.00s seconds:, 0 successes, 0 failures, 0 quarantines, 0 unlinks, 0 errors, 0 redirects (pid: 22)
Oct 6 10:37:07 standalone object-server[401343]: Object update sweep of d1 completed: 0.00s, 0 successes, 0 failures, 0 quarantines, 0 unlinks, 0 errors, 0 redirects
Oct 6 10:37:07 standalone object-server[129892]: Object update sweep completed: 0.07s
Oct 6 10:38:09 standalone account-server[129757]: 172.20.0.100 - - [06/Oct/2025:10:38:09 +0000] "HEAD /d1/194/.expiring_objects" 404 - "HEAD http://localhost/v1/.expiring_objects?format=json" "tx15073936be934c078e0a2-0068e39c11" "proxy-server 2" 0.0012 "-" 21 -
Oct 6 10:38:09 standalone object-expirer[129790]: Pass completed in 0s; 0 objects expired (txn: tx15073936be934c078e0a2-0068e39c11)
Oct 6 10:40:11 standalone container-server[129715]: Begin container update sweep
Oct 6 10:40:14 standalone container-server[129715]: Container update sweep completed: 3.06s
Oct 6 10:40:27 standalone account-server[129768]: 172.20.0.100 - - [06/Oct/2025:10:40:27 +0000] "HEAD /d1/194/.expiring_objects" 404 - "HEAD http://localhost/v1/.expiring_objects?format=json" "tx3bb782d9db6a41c1bc75f-0068e39c9b" "proxy-server 2" 0.0016 "-" 22 -
Oct 6 10:40:27 standalone object-expirer[129790]: Pass completed in 0s; 0 objects expired (txn: tx3bb782d9db6a41c1bc75f-0068e39c9b)
Oct 6 10:42:07 standalone object-server[129892]: Begin object update sweep
Oct 6 10:42:07 standalone object-server[425999]: Object update sweep starting on /srv/node/d1 (pid: 23)
Oct 6 10:42:07 standalone object-server[425999]: Object update sweep completed on /srv/node/d1 in 0.00s seconds:, 0 successes, 0 failures, 0 quarantines, 0 unlinks, 0 errors, 0 redirects (pid: 23)
Oct 6 10:42:07 standalone object-server[425999]: Object update sweep of d1 completed: 0.00s, 0 successes, 0 failures, 0 quarantines, 0 unlinks, 0 errors, 0 redirects
Oct 6 10:42:07 standalone object-server[129892]: Object update sweep completed: 0.08s
Oct 6 10:42:55 standalone account-server[129774]: 172.20.0.100 - - [06/Oct/2025:10:42:55 +0000] "HEAD /d1/194/.expiring_objects" 404 - "HEAD http://localhost/v1/.expiring_objects?format=json" "txc9189a3d311f4f5e8a5d0-0068e39d2f" "proxy-server 2" 0.0010 "-" 23 -
Oct 6 10:42:55 standalone object-expirer[129790]: Pass completed in 0s; 0 objects expired (txn: txc9189a3d311f4f5e8a5d0-0068e39d2f)
Oct 6 10:45:11 standalone container-server[129715]: Begin container update sweep
Oct 6 10:45:14 standalone container-server[129715]: Container update sweep completed: 3.24s
Oct 6 10:47:07 standalone object-server[129892]: Begin object update sweep
Oct 6 10:47:07 standalone object-server[448397]: Object update sweep starting on /srv/node/d1 (pid: 24)
Oct 6 10:47:07 standalone object-server[448397]: Object update sweep completed on /srv/node/d1 in 0.00s seconds:, 0 successes, 0 failures, 0 quarantines, 0 unlinks, 0 errors, 0 redirects (pid: 24)
Oct 6 10:47:07 standalone object-server[448397]: Object update sweep of d1 completed: 0.00s, 0 successes, 0 failures, 0 quarantines, 0 unlinks, 0 errors, 0 redirects
Oct 6 10:47:08 standalone object-server[129892]: Object update sweep completed: 0.08s
Oct 6 10:47:46 standalone account-server[129774]: 172.20.0.100 - - [06/Oct/2025:10:47:46 +0000] "HEAD /d1/194/.expiring_objects" 404 - "HEAD http://localhost/v1/.expiring_objects?format=json" "txdcdd4ec4176d464bbe245-0068e39e52" "proxy-server 2" 0.0006 "-" 23 -
Oct 6 10:47:46 standalone object-expirer[129790]: Pass completed in 0s; 0 objects expired (txn: txdcdd4ec4176d464bbe245-0068e39e52)
Oct 6 10:48:21 standalone account-server[129768]: 172.20.0.100 - - [06/Oct/2025:10:48:21 +0000] "HEAD /d1/194/.expiring_objects" 404 - "HEAD http://localhost/v1/.expiring_objects?format=json" "tx397a789774884c8eb9a39-0068e39e75" "proxy-server 2" 0.0006 "-" 22 -
Oct 6 10:48:21 standalone object-expirer[129790]: Pass completed in 0s; 0 objects expired (txn: tx397a789774884c8eb9a39-0068e39e75)
Oct 6 10:48:42 standalone account-server[129757]: 172.20.0.100 - - [06/Oct/2025:10:48:42 +0000] "HEAD /d1/194/.expiring_objects" 404 - "HEAD http://localhost/v1/.expiring_objects?format=json" "txe7f0960e62c5426c8b8cb-0068e39e8a" "proxy-server 2" 0.0007 "-" 21 -
Oct 6 10:48:42 standalone object-expirer[129790]: Pass completed in 0s; 0 objects expired (txn: txe7f0960e62c5426c8b8cb-0068e39e8a)
Oct 6 10:50:11 standalone container-server[129715]: Begin container update sweep
Oct 6 10:50:15 standalone container-server[129715]: Container update sweep completed: 3.50s
Oct 6 10:52:08 standalone object-server[129892]: Begin object update sweep
Oct 6 10:52:08 standalone object-server[471883]: Object update sweep starting on /srv/node/d1 (pid: 25)
Oct 6 10:52:08 standalone object-server[471883]: Object update sweep completed on /srv/node/d1 in 0.00s seconds:, 0 successes, 0 failures, 0 quarantines, 0 unlinks, 0 errors, 0 redirects (pid: 25)
Oct 6 10:52:08 standalone object-server[471883]: Object update sweep of d1 completed: 0.00s, 0 successes, 0 failures, 0 quarantines, 0 unlinks, 0 errors, 0 redirects
Oct 6 10:52:08 standalone object-server[129892]: Object update sweep completed: 0.07s
Oct 6 10:52:09 standalone account-server[129774]: 172.20.0.100 - - [06/Oct/2025:10:52:09 +0000] "HEAD /d1/194/.expiring_objects" 404 - "HEAD http://localhost/v1/.expiring_objects?format=json" "tx53240e3b6e0e4a0ebfccb-0068e39f59" "proxy-server 2" 0.0009 "-" 23 -
Oct 6 10:52:09 standalone object-expirer[129790]: Pass completed in 0s; 0 objects expired (txn: tx53240e3b6e0e4a0ebfccb-0068e39f59)
Oct 6 10:53:46 standalone account-server[129753]: 172.20.0.100 - - [06/Oct/2025:10:53:46 +0000] "HEAD /d1/194/.expiring_objects" 404 - "HEAD http://localhost/v1/.expiring_objects?format=json" "txba5835ff5d7945ce9a0ac-0068e39fba" "proxy-server 2" 0.0004 "-" 20 -
Oct 6 10:53:46 standalone object-expirer[129790]: Pass completed in 0s; 0 objects expired (txn: txba5835ff5d7945ce9a0ac-0068e39fba)
Oct 6 10:55:11 standalone container-server[129715]: Begin container update sweep
Oct 6 10:55:14 standalone container-server[129715]: Container update sweep completed: 2.72s
Oct 6 10:55:36 standalone account-server[129774]: 172.20.0.100 - - [06/Oct/2025:10:55:36 +0000] "HEAD /d1/194/.expiring_objects" 404 - "HEAD http://localhost/v1/.expiring_objects?format=json" "txfda84d5440dd49168968a-0068e3a028" "proxy-server 2" 0.0006 "-" 23 -
Oct 6 10:55:36 standalone object-expirer[129790]: Pass completed in 0s; 0 objects expired (txn: txfda84d5440dd49168968a-0068e3a028)
Oct 6 10:57:08 standalone object-server[129892]: Begin object update sweep
Oct 6 10:57:08 standalone object-server[529286]: Object update sweep starting on /srv/node/d1 (pid: 26)
Oct 6 10:57:08 standalone object-server[529286]: Object update sweep completed on /srv/node/d1 in 0.00s seconds:, 0 successes, 0 failures, 0 quarantines, 0 unlinks, 0 errors, 0 redirects (pid: 26)
Oct 6 10:57:08 standalone object-server[529286]: Object update sweep of d1 completed: 0.00s, 0 successes, 0 failures, 0 quarantines, 0 unlinks, 0 errors, 0 redirects
Oct 6 10:57:08 standalone object-server[129892]: Object update sweep completed: 0.08s
Oct 6 10:58:37 standalone account-server[129774]: 172.20.0.100 - - [06/Oct/2025:10:58:37 +0000] "HEAD /d1/194/.expiring_objects" 404 - "HEAD http://localhost/v1/.expiring_objects?format=json" "txb6ddf3f8026741a79b0b6-0068e3a0dd" "proxy-server 2" 0.0009 "-" 23 -
Oct 6 10:58:37 standalone object-expirer[129790]: Pass completed in 0s; 0 objects expired (txn: txb6ddf3f8026741a79b0b6-0068e3a0dd)
Oct 6 10:58:47 standalone account-server[129768]: 172.20.0.100 - - [06/Oct/2025:10:58:47 +0000] "HEAD /d1/194/.expiring_objects" 404 - "HEAD http://localhost/v1/.expiring_objects?format=json" "tx10a460e748ef4b419a921-0068e3a0e7" "proxy-server 2" 0.0017 "-" 22 -
Oct 6 10:58:47 standalone object-expirer[129790]: Pass completed in 0s; 0 objects expired (txn: tx10a460e748ef4b419a921-0068e3a0e7)
Oct 6 11:02:00 standalone account-server[129753]: 172.20.0.100 - - [06/Oct/2025:11:02:00 +0000] "HEAD /d1/194/.expiring_objects" 404 - "HEAD http://localhost/v1/.expiring_objects?format=json" "tx5c90bfa210c8471aac79e-0068e3a1a8" "proxy-server 2" 0.0006 "-" 20 -
Oct 6 11:02:00 standalone object-expirer[129790]: Pass completed in 0s; 0 objects expired (txn: tx5c90bfa210c8471aac79e-0068e3a1a8)
Oct 6 11:02:08 standalone object-server[129892]: Begin object update sweep
Oct 6 11:02:08 standalone object-server[556832]: Object update sweep starting on /srv/node/d1 (pid: 27)
Oct 6 11:02:08 standalone object-server[556832]: Object update sweep completed on /srv/node/d1 in 0.00s seconds:, 0 successes, 0 failures, 0 quarantines, 0 unlinks, 0 errors, 0 redirects (pid: 27)
Oct 6 11:02:08 standalone object-server[556832]: Object update sweep of d1 completed: 0.00s, 0 successes, 0 failures, 0 quarantines, 0 unlinks, 0 errors, 0 redirects
Oct 6 11:02:08 standalone object-server[129892]: Object update sweep completed: 0.08s
Oct 6 11:03:52 standalone account-server[129768]: 172.20.0.100 - - [06/Oct/2025:11:03:52 +0000] "HEAD /d1/194/.expiring_objects" 404 - "HEAD http://localhost/v1/.expiring_objects?format=json" "tx83f26c0231144af094288-0068e3a218" "proxy-server 2" 0.0004 "-" 22 -
Oct 6 11:03:52 standalone object-expirer[129790]: Pass completed in 0s; 0 objects expired (txn: tx83f26c0231144af094288-0068e3a218)
Oct 6 11:05:11 standalone container-server[129715]: Begin container update sweep
Oct 6 11:05:14 standalone container-server[129715]: Container update sweep completed: 2.87s
Oct 6 11:07:08 standalone object-server[129892]: Begin object update sweep
Oct 6 11:07:08 standalone object-server[569042]: Object update sweep starting on /srv/node/d1 (pid: 28)
Oct 6 11:07:08 standalone object-server[569042]: Object update sweep completed on /srv/node/d1 in 0.00s seconds:, 0 successes, 0 failures, 0 quarantines, 0 unlinks, 0 errors, 0 redirects (pid: 28)
Oct 6 11:07:08 standalone object-server[569042]: Object update sweep of d1 completed: 0.00s, 0 successes, 0 failures, 0 quarantines, 0 unlinks, 0 errors, 0 redirects
Oct 6 11:07:08 standalone object-server[129892]: Object update sweep completed: 0.08s
Oct 6 11:08:18 standalone account-server[129753]: 172.20.0.100 - - [06/Oct/2025:11:08:18 +0000] "HEAD /d1/194/.expiring_objects" 404 - "HEAD http://localhost/v1/.expiring_objects?format=json" "tx0cdb4a74286d4f5e8813a-0068e3a322" "proxy-server 2" 0.0008 "-" 20 -
Oct 6 11:08:18 standalone object-expirer[129790]: Pass completed in 0s; 0 objects expired (txn: tx0cdb4a74286d4f5e8813a-0068e3a322)
Oct 6 11:10:12 standalone container-server[129715]: Begin container update sweep
Oct 6 11:10:14 standalone container-server[129715]: Container update sweep completed: 2.75s
Oct 6 11:11:08 standalone account-server[129753]: 172.20.0.100 - - [06/Oct/2025:11:11:08 +0000] "HEAD /d1/194/.expiring_objects" 404 - "HEAD http://localhost/v1/.expiring_objects?format=json" "txb4326e47ab394b298d7c5-0068e3a3cc" "proxy-server 2" 0.0006 "-" 20 -
Oct 6 11:11:08 standalone object-expirer[129790]: Pass completed in 0s; 0 objects expired (txn: txb4326e47ab394b298d7c5-0068e3a3cc)
Oct 6 11:12:08 standalone object-server[129892]: Begin object update sweep
Oct 6 11:12:08 standalone object-server[580067]: Object update sweep starting on /srv/node/d1 (pid: 29)
Oct 6 11:12:08 standalone object-server[580067]: Object update sweep completed on /srv/node/d1 in 0.00s seconds:, 0 successes, 0 failures, 0 quarantines, 0 unlinks, 0 errors, 0 redirects (pid: 29)
Oct 6 11:12:08 standalone object-server[580067]: Object update sweep of d1 completed: 0.00s, 0 successes, 0 failures, 0 quarantines, 0 unlinks, 0 errors, 0 redirects
Oct 6 11:12:08 standalone object-server[129892]: Object update sweep completed: 0.05s
Oct 6 11:13:36 standalone account-server[129757]: 172.20.0.100 - - [06/Oct/2025:11:13:36 +0000] "HEAD /d1/194/.expiring_objects" 404 - "HEAD http://localhost/v1/.expiring_objects?format=json" "txf41c6b39b76f4550b0e87-0068e3a460" "proxy-server 2" 0.0005 "-" 21 -
Oct 6 11:13:36 standalone object-expirer[129790]: Pass completed in 0s; 0 objects expired (txn: txf41c6b39b76f4550b0e87-0068e3a460)
Oct 6 11:13:43 standalone account-server[129768]: 172.20.0.100 - - [06/Oct/2025:11:13:43 +0000] "HEAD /d1/194/.expiring_objects" 404 - "HEAD http://localhost/v1/.expiring_objects?format=json" "tx3a37f2c2ee18468aaca6e-0068e3a467" "proxy-server 2" 0.0004 "-" 22 -
Oct 6 11:13:43 standalone object-expirer[129790]: Pass completed in 0s; 0 objects expired (txn: tx3a37f2c2ee18468aaca6e-0068e3a467)
Oct 6 11:15:12 standalone container-server[129715]: Begin container update sweep
Oct 6 11:15:15 standalone container-server[129715]: Container update sweep completed: 3.34s
Oct 6 11:17:08 standalone object-server[129892]: Begin object update sweep
Oct 6 11:17:08 standalone object-server[592768]: Object update sweep starting on /srv/node/d1 (pid: 30)
Oct 6 11:17:08 standalone object-server[592768]: Object update sweep completed on /srv/node/d1 in 0.00s seconds:, 0 successes, 0 failures, 0 quarantines, 0 unlinks, 0 errors, 0 redirects (pid: 30)
Oct 6 11:17:08 standalone object-server[592768]: Object update sweep of d1 completed: 0.00s, 0 successes, 0 failures, 0 quarantines, 0 unlinks, 0 errors, 0 redirects
Oct 6 11:17:08 standalone object-server[129892]: Object update sweep completed: 0.06s
Oct 6 11:17:41 standalone account-server[129768]: 172.20.0.100 - - [06/Oct/2025:11:17:41 +0000] "HEAD /d1/194/.expiring_objects" 404 - "HEAD http://localhost/v1/.expiring_objects?format=json" "tx7f5b0cc177e9477f8e41b-0068e3a555" "proxy-server 2" 0.0006 "-" 22 -
Oct 6 11:17:41 standalone object-expirer[129790]: Pass completed in 0s; 0 objects expired (txn: tx7f5b0cc177e9477f8e41b-0068e3a555)
Oct 6 11:19:17 standalone account-server[129774]: 172.20.0.100 - - [06/Oct/2025:11:19:17 +0000] "HEAD /d1/194/.expiring_objects" 404 - "HEAD http://localhost/v1/.expiring_objects?format=json" "txdbd724fda1a54dabb9cad-0068e3a5b5" "proxy-server 2" 0.0005 "-" 23 -
Oct 6 11:19:17 standalone object-expirer[129790]: Pass completed in 0s; 0 objects expired (txn: txdbd724fda1a54dabb9cad-0068e3a5b5)
Oct 6 11:22:08 standalone object-server[129892]: Begin object update sweep
Oct 6 11:22:08 standalone object-server[609168]: Object update sweep starting on /srv/node/d1 (pid: 31)
Oct 6 11:22:08 standalone object-server[609168]: Object update sweep completed on /srv/node/d1 in 0.00s seconds:, 0 successes, 0 failures, 0 quarantines, 0 unlinks, 0 errors, 0 redirects (pid: 31)
Oct 6 11:22:08 standalone object-server[609168]: Object update sweep of d1 completed: 0.00s, 0 successes, 0 failures, 0 quarantines, 0 unlinks, 0 errors, 0 redirects
Oct 6 11:22:08 standalone object-server[129892]: Object update sweep completed: 0.10s
Oct 6 11:23:32 standalone account-server[129757]: 172.20.0.100 - - [06/Oct/2025:11:23:32 +0000] "HEAD /d1/194/.expiring_objects" 404 - "HEAD http://localhost/v1/.expiring_objects?format=json" "tx87248bcd8fd14938b72d6-0068e3a6b4" "proxy-server 2" 0.0008 "-" 21 -
Oct 6 11:23:32 standalone object-expirer[129790]: Pass completed in 0s; 0 objects expired (txn: tx87248bcd8fd14938b72d6-0068e3a6b4)