Oct 6 09:58:31 standalone container-server[129791]: 172.20.0.100 - - [06/Oct/2025:09:58:31 +0000] "PUT /d1/814/AUTH_4268d646484344c694f0f2dc49fef4bb/gnocchi.bb7223fb-3b32-4876-b7f2-ef8eb0d5e60e/none_v3" 201 - "PUT http://172.18.0.2:8080/d1/431/AUTH_4268d646484344c694f0f2dc49fef4bb/gnocchi.bb7223fb-3b32-4876-b7f2-ef8eb0d5e60e/none_v3" "txae0a543e09be41c799d02-0068e392c7" "object-server 24" 0.0014 "-" 23 0
Oct 6 09:58:31 standalone object-server[130054]: 172.20.0.100 - - [06/Oct/2025:09:58:31 +0000] "PUT /d1/431/AUTH_4268d646484344c694f0f2dc49fef4bb/gnocchi.bb7223fb-3b32-4876-b7f2-ef8eb0d5e60e/none_v3" 201 - "PUT http://172.18.0.2:8080/v1/AUTH_4268d646484344c694f0f2dc49fef4bb/gnocchi.bb7223fb-3b32-4876-b7f2-ef8eb0d5e60e/none_v3" "txae0a543e09be41c799d02-0068e392c7" "proxy-server 20" 0.0117 "-" 24 0
Oct 6 09:58:31 standalone proxy-server[131818]: 172.18.0.2 172.18.0.100 06/Oct/2025/09/58/31 PUT /v1/AUTH_4268d646484344c694f0f2dc49fef4bb/gnocchi.bb7223fb-3b32-4876-b7f2-ef8eb0d5e60e/none_v3 HTTP/1.0 201 - python-swiftclient-3.11.1 gAAAAABo45JMWJyK... 22 - - txae0a543e09be41c799d02-0068e392c7 - 0.0185 - - 1759744711.045891285 1759744711.064388037 0
Oct 6 09:58:31 standalone object-server[130067]: 172.20.0.100 - - [06/Oct/2025:09:58:31 +0000] "GET /d1/392/AUTH_4268d646484344c694f0f2dc49fef4bb/gnocchi.41a82223-ee72-4756-93d6-fd39224597cc/none_v3" 200 33 "GET http://172.18.0.2:8080/v1/AUTH_4268d646484344c694f0f2dc49fef4bb/gnocchi.41a82223-ee72-4756-93d6-fd39224597cc/none_v3" "tx874d0891ee4b456eb6cbe-0068e392c7" "proxy-server 20" 0.0008 "-" 25 0
Oct 6 09:58:31 standalone proxy-server[131818]: 172.18.0.2 172.18.0.100 06/Oct/2025/09/58/31 GET /v1/AUTH_4268d646484344c694f0f2dc49fef4bb/gnocchi.41a82223-ee72-4756-93d6-fd39224597cc/none_v3 HTTP/1.0 200 - python-swiftclient-3.11.1 gAAAAABo45JMWJyK... - 33 - tx874d0891ee4b456eb6cbe-0068e392c7 - 0.0092 - - 1759744711.146084309 1759744711.155264139 0
Oct 6 09:58:31 standalone container-server[129764]: 172.20.0.100 - - [06/Oct/2025:09:58:31 +0000] "GET /d1/380/AUTH_4268d646484344c694f0f2dc49fef4bb/gnocchi.41a82223-ee72-4756-93d6-fd39224597cc" 200 357 "GET http://172.18.0.2:8080/v1/AUTH_4268d646484344c694f0f2dc49fef4bb/gnocchi.41a82223-ee72-4756-93d6-fd39224597cc?format=json&states=listing" "tx7b4f1fef606d43c7be6cc-0068e392c7" "proxy-server 20" 0.0067 "-" 20 0
Oct 6 09:58:31 standalone proxy-server[131818]: 172.18.0.2 172.18.0.100 06/Oct/2025/09/58/31 GET /v1/AUTH_4268d646484344c694f0f2dc49fef4bb/gnocchi.41a82223-ee72-4756-93d6-fd39224597cc%3Fformat%3Djson%26states%3Dlisting HTTP/1.0 200 - python-swiftclient-3.11.1 gAAAAABo45JMWJyK... - 357 - tx7b4f1fef606d43c7be6cc-0068e392c7 - 0.0166 - - 1759744711.160746813 1759744711.177359104 0
Oct 6 09:58:31 standalone container-server[129791]: 172.20.0.100 - - [06/Oct/2025:09:58:31 +0000] "GET /d1/380/AUTH_4268d646484344c694f0f2dc49fef4bb/gnocchi.41a82223-ee72-4756-93d6-fd39224597cc" 200 2 "GET http://172.18.0.2:8080/v1/AUTH_4268d646484344c694f0f2dc49fef4bb/gnocchi.41a82223-ee72-4756-93d6-fd39224597cc?format=json&marker=none_v3&states=listing" "txc0f7e469ba28491aaaa5b-0068e392c7" "proxy-server 20" 0.0034 "-" 23 0
Oct 6 09:58:31 standalone proxy-server[131818]: 172.18.0.2 172.18.0.100 06/Oct/2025/09/58/31 GET /v1/AUTH_4268d646484344c694f0f2dc49fef4bb/gnocchi.41a82223-ee72-4756-93d6-fd39224597cc%3Fformat%3Djson%26marker%3Dnone_v3%26states%3Dlisting HTTP/1.0 200 - python-swiftclient-3.11.1 gAAAAABo45JMWJyK... - 2 - txc0f7e469ba28491aaaa5b-0068e392c7 - 0.0141 - - 1759744711.181540251 1759744711.195672035 0
Oct 6 09:58:31 standalone object-server[130052]: 172.20.0.100 - - [06/Oct/2025:09:58:31 +0000] "GET /d1/650/AUTH_4268d646484344c694f0f2dc49fef4bb/gnocchi.41a82223-ee72-4756-93d6-fd39224597cc/1759320000.0_mean_300.0_v3" 200 16 "GET http://172.18.0.2:8080/v1/AUTH_4268d646484344c694f0f2dc49fef4bb/gnocchi.41a82223-ee72-4756-93d6-fd39224597cc/1759320000.0_mean_300.0_v3" "tx2c26e21167c8477887236-0068e392c7" "proxy-server 20" 0.0007 "-" 22 0
Oct 6 09:58:31 standalone proxy-server[131818]: 172.18.0.2 172.18.0.100 06/Oct/2025/09/58/31 GET /v1/AUTH_4268d646484344c694f0f2dc49fef4bb/gnocchi.41a82223-ee72-4756-93d6-fd39224597cc/1759320000.0_mean_300.0_v3 HTTP/1.0 200 - python-swiftclient-3.11.1 gAAAAABo45JMWJyK... - 16 - tx2c26e21167c8477887236-0068e392c7 - 0.0123 - - 1759744711.199094534 1759744711.211414099 0
Oct 6 09:58:31 standalone container-server[129764]: 172.20.0.100 - - [06/Oct/2025:09:58:31 +0000] "PUT /d1/380/AUTH_4268d646484344c694f0f2dc49fef4bb/gnocchi.41a82223-ee72-4756-93d6-fd39224597cc/1759320000.0_mean_300.0_v3" 201 - "PUT http://172.18.0.2:8080/d1/650/AUTH_4268d646484344c694f0f2dc49fef4bb/gnocchi.41a82223-ee72-4756-93d6-fd39224597cc/1759320000.0_mean_300.0_v3" "txfa8b6564a51f4a12a8e3a-0068e392c7" "object-server 22" 0.0005 "-" 20 0
Oct 6 09:58:31 standalone object-server[130052]: 172.20.0.100 - - [06/Oct/2025:09:58:31 +0000] "PUT /d1/650/AUTH_4268d646484344c694f0f2dc49fef4bb/gnocchi.41a82223-ee72-4756-93d6-fd39224597cc/1759320000.0_mean_300.0_v3" 201 - "PUT http://172.18.0.2:8080/v1/AUTH_4268d646484344c694f0f2dc49fef4bb/gnocchi.41a82223-ee72-4756-93d6-fd39224597cc/1759320000.0_mean_300.0_v3" "txfa8b6564a51f4a12a8e3a-0068e392c7" "proxy-server 20" 0.0113 "-" 22 0
Oct 6 09:58:31 standalone proxy-server[131818]: 172.18.0.2 172.18.0.100 06/Oct/2025/09/58/31 PUT /v1/AUTH_4268d646484344c694f0f2dc49fef4bb/gnocchi.41a82223-ee72-4756-93d6-fd39224597cc/1759320000.0_mean_300.0_v3 HTTP/1.0 201 - python-swiftclient-3.11.1 gAAAAABo45JMWJyK... 16 - - txfa8b6564a51f4a12a8e3a-0068e392c7 - 0.0197 - - 1759744711.221802950 1759744711.241485596 0
Oct 6 09:58:31 standalone container-server[129764]: 172.20.0.100 - - [06/Oct/2025:09:58:31 +0000] "PUT /d1/380/AUTH_4268d646484344c694f0f2dc49fef4bb/gnocchi.41a82223-ee72-4756-93d6-fd39224597cc/none_v3" 201 - "PUT http://172.18.0.2:8080/d1/392/AUTH_4268d646484344c694f0f2dc49fef4bb/gnocchi.41a82223-ee72-4756-93d6-fd39224597cc/none_v3" "txe5d26cab2b224e6b92fa8-0068e392c7" "object-server 25" 0.0008 "-" 20 0
Oct 6 09:58:31 standalone object-server[130067]: 172.20.0.100 - - [06/Oct/2025:09:58:31 +0000] "PUT /d1/392/AUTH_4268d646484344c694f0f2dc49fef4bb/gnocchi.41a82223-ee72-4756-93d6-fd39224597cc/none_v3" 201 - "PUT http://172.18.0.2:8080/v1/AUTH_4268d646484344c694f0f2dc49fef4bb/gnocchi.41a82223-ee72-4756-93d6-fd39224597cc/none_v3" "txe5d26cab2b224e6b92fa8-0068e392c7" "proxy-server 20" 0.0109 "-" 25 0
Oct 6 09:58:31 standalone proxy-server[131818]: 172.18.0.2 172.18.0.100 06/Oct/2025/09/58/31 PUT /v1/AUTH_4268d646484344c694f0f2dc49fef4bb/gnocchi.41a82223-ee72-4756-93d6-fd39224597cc/none_v3 HTTP/1.0 201 - python-swiftclient-3.11.1 gAAAAABo45JMWJyK... 48 - - txe5d26cab2b224e6b92fa8-0068e392c7 - 0.0195 - - 1759744711.256170511 1759744711.275646925 0
Oct 6 09:58:31 standalone object-server[130054]: 172.20.0.100 - - [06/Oct/2025:09:58:31 +0000] "GET /d1/752/AUTH_4268d646484344c694f0f2dc49fef4bb/gnocchi.d7d74f87-db51-4d8e-9442-a3ea7d32459f/none_v3" 200 33 "GET http://172.18.0.2:8080/v1/AUTH_4268d646484344c694f0f2dc49fef4bb/gnocchi.d7d74f87-db51-4d8e-9442-a3ea7d32459f/none_v3" "txdfd0151be5874a3c9d81d-0068e392c7" "proxy-server 20" 0.0011 "-" 24 0
Oct 6 09:58:31 standalone proxy-server[131818]: 172.18.0.2 172.18.0.100 06/Oct/2025/09/58/31 GET /v1/AUTH_4268d646484344c694f0f2dc49fef4bb/gnocchi.d7d74f87-db51-4d8e-9442-a3ea7d32459f/none_v3 HTTP/1.0 200 - python-swiftclient-3.11.1 gAAAAABo45JMWJyK... - 33 - txdfd0151be5874a3c9d81d-0068e392c7 - 0.0106 - - 1759744711.283918381 1759744711.294560671 0
Oct 6 09:58:31 standalone container-server[129769]: 172.20.0.100 - - [06/Oct/2025:09:58:31 +0000] "GET /d1/22/AUTH_4268d646484344c694f0f2dc49fef4bb/gnocchi.d7d74f87-db51-4d8e-9442-a3ea7d32459f" 200 357 "GET http://172.18.0.2:8080/v1/AUTH_4268d646484344c694f0f2dc49fef4bb/gnocchi.d7d74f87-db51-4d8e-9442-a3ea7d32459f?format=json&states=listing" "tx790389efbbe1463bb1540-0068e392c7" "proxy-server 20" 0.0100 "-" 21 0
Oct 6 09:58:31 standalone proxy-server[131818]: 172.18.0.2 172.18.0.100 06/Oct/2025/09/58/31 GET /v1/AUTH_4268d646484344c694f0f2dc49fef4bb/gnocchi.d7d74f87-db51-4d8e-9442-a3ea7d32459f%3Fformat%3Djson%26states%3Dlisting HTTP/1.0 200 - python-swiftclient-3.11.1 gAAAAABo45JMWJyK... - 357 - tx790389efbbe1463bb1540-0068e392c7 - 0.0211 - - 1759744711.298436165 1759744711.319559336 0
Oct 6 09:58:31 standalone container-server[129781]: 172.20.0.100 - - [06/Oct/2025:09:58:31 +0000] "GET /d1/22/AUTH_4268d646484344c694f0f2dc49fef4bb/gnocchi.d7d74f87-db51-4d8e-9442-a3ea7d32459f" 200 2 "GET http://172.18.0.2:8080/v1/AUTH_4268d646484344c694f0f2dc49fef4bb/gnocchi.d7d74f87-db51-4d8e-9442-a3ea7d32459f?format=json&marker=none_v3&states=listing" "tx0530233ad5234202bf4d2-0068e392c7" "proxy-server 20" 0.0043 "-" 22 0
Oct 6 09:58:31 standalone proxy-server[131818]: 172.18.0.2 172.18.0.100 06/Oct/2025/09/58/31 GET /v1/AUTH_4268d646484344c694f0f2dc49fef4bb/gnocchi.d7d74f87-db51-4d8e-9442-a3ea7d32459f%3Fformat%3Djson%26marker%3Dnone_v3%26states%3Dlisting HTTP/1.0 200 - python-swiftclient-3.11.1 gAAAAABo45JMWJyK... - 2 - tx0530233ad5234202bf4d2-0068e392c7 - 0.0147 - - 1759744711.322929144 1759744711.337626457 0
Oct 6 09:58:31 standalone object-server[130067]: 172.20.0.100 - - [06/Oct/2025:09:58:31 +0000] "GET /d1/411/AUTH_4268d646484344c694f0f2dc49fef4bb/gnocchi.d7d74f87-db51-4d8e-9442-a3ea7d32459f/1759320000.0_mean_300.0_v3" 200 16 "GET http://172.18.0.2:8080/v1/AUTH_4268d646484344c694f0f2dc49fef4bb/gnocchi.d7d74f87-db51-4d8e-9442-a3ea7d32459f/1759320000.0_mean_300.0_v3" "txfcd16722504b45508337c-0068e392c7" "proxy-server 20" 0.0013 "-" 25 0
Oct 6 09:58:31 standalone proxy-server[131818]: 172.18.0.2 172.18.0.100 06/Oct/2025/09/58/31 GET /v1/AUTH_4268d646484344c694f0f2dc49fef4bb/gnocchi.d7d74f87-db51-4d8e-9442-a3ea7d32459f/1759320000.0_mean_300.0_v3 HTTP/1.0 200 - python-swiftclient-3.11.1 gAAAAABo45JMWJyK... - 16 - txfcd16722504b45508337c-0068e392c7 - 0.0102 - - 1759744711.341631174 1759744711.351797581 0
Oct 6 09:58:31 standalone container-server[129781]: 172.20.0.100 - - [06/Oct/2025:09:58:31 +0000] "PUT /d1/22/AUTH_4268d646484344c694f0f2dc49fef4bb/gnocchi.d7d74f87-db51-4d8e-9442-a3ea7d32459f/1759320000.0_mean_300.0_v3" 201 - "PUT http://172.18.0.2:8080/d1/411/AUTH_4268d646484344c694f0f2dc49fef4bb/gnocchi.d7d74f87-db51-4d8e-9442-a3ea7d32459f/1759320000.0_mean_300.0_v3" "txfbcfdf5b71b543d5bc095-0068e392c7" "object-server 24" 0.0007 "-" 22 0
Oct 6 09:58:31 standalone object-server[130054]: 172.20.0.100 - - [06/Oct/2025:09:58:31 +0000] "PUT /d1/411/AUTH_4268d646484344c694f0f2dc49fef4bb/gnocchi.d7d74f87-db51-4d8e-9442-a3ea7d32459f/1759320000.0_mean_300.0_v3" 201 - "PUT http://172.18.0.2:8080/v1/AUTH_4268d646484344c694f0f2dc49fef4bb/gnocchi.d7d74f87-db51-4d8e-9442-a3ea7d32459f/1759320000.0_mean_300.0_v3" "txfbcfdf5b71b543d5bc095-0068e392c7" "proxy-server 20" 0.0136 "-" 24 0
Oct 6 09:58:31 standalone proxy-server[131818]: 172.18.0.2 172.18.0.100 06/Oct/2025/09/58/31 PUT /v1/AUTH_4268d646484344c694f0f2dc49fef4bb/gnocchi.d7d74f87-db51-4d8e-9442-a3ea7d32459f/1759320000.0_mean_300.0_v3 HTTP/1.0 201 - python-swiftclient-3.11.1 gAAAAABo45JMWJyK... 16 - - txfbcfdf5b71b543d5bc095-0068e392c7 - 0.0217 - - 1759744711.355051517 1759744711.376713753 0
Oct 6 09:58:31 standalone container-server[129791]: 172.20.0.100 - - [06/Oct/2025:09:58:31 +0000] "PUT /d1/22/AUTH_4268d646484344c694f0f2dc49fef4bb/gnocchi.d7d74f87-db51-4d8e-9442-a3ea7d32459f/none_v3" 201 - "PUT http://172.18.0.2:8080/d1/752/AUTH_4268d646484344c694f0f2dc49fef4bb/gnocchi.d7d74f87-db51-4d8e-9442-a3ea7d32459f/none_v3" "tx21344ad18a7144b39b85b-0068e392c7" "object-server 23" 0.0009 "-" 23 0
Oct 6 09:58:31 standalone object-server[130053]: 172.20.0.100 - - [06/Oct/2025:09:58:31 +0000] "PUT /d1/752/AUTH_4268d646484344c694f0f2dc49fef4bb/gnocchi.d7d74f87-db51-4d8e-9442-a3ea7d32459f/none_v3" 201 - "PUT http://172.18.0.2:8080/v1/AUTH_4268d646484344c694f0f2dc49fef4bb/gnocchi.d7d74f87-db51-4d8e-9442-a3ea7d32459f/none_v3" "tx21344ad18a7144b39b85b-0068e392c7" "proxy-server 20" 0.0683 "-" 23 0
Oct 6 09:58:31 standalone proxy-server[131818]: 172.18.0.2 172.18.0.100 06/Oct/2025/09/58/31 PUT /v1/AUTH_4268d646484344c694f0f2dc49fef4bb/gnocchi.d7d74f87-db51-4d8e-9442-a3ea7d32459f/none_v3 HTTP/1.0 201 - python-swiftclient-3.11.1 gAAAAABo45JMWJyK... 48 - - tx21344ad18a7144b39b85b-0068e392c7 - 0.0796 - - 1759744711.380351067 1759744711.459955692 0
Oct 6 09:58:32 standalone object-server[130052]: 172.20.0.100 - - [06/Oct/2025:09:58:32 +0000] "GET /d1/431/AUTH_4268d646484344c694f0f2dc49fef4bb/gnocchi.bb7223fb-3b32-4876-b7f2-ef8eb0d5e60e/none_v3" 200 22 "GET http://172.18.0.2:8080/v1/AUTH_4268d646484344c694f0f2dc49fef4bb/gnocchi.bb7223fb-3b32-4876-b7f2-ef8eb0d5e60e/none_v3" "tx1d671c356425483e90488-0068e392c8" "proxy-server 20" 0.0011 "-" 22 0
Oct 6 09:58:32 standalone proxy-server[131818]: 172.18.0.2 172.18.0.100 06/Oct/2025/09/58/32 GET /v1/AUTH_4268d646484344c694f0f2dc49fef4bb/gnocchi.bb7223fb-3b32-4876-b7f2-ef8eb0d5e60e/none_v3 HTTP/1.0 200 - python-swiftclient-3.11.1 gAAAAABo45JMWJyK... - 22 - tx1d671c356425483e90488-0068e392c8 - 0.0110 - - 1759744712.702785969 1759744712.713819981 0
Oct 6 09:58:32 standalone container-server[129764]: 172.20.0.100 - - [06/Oct/2025:09:58:32 +0000] "GET /d1/814/AUTH_4268d646484344c694f0f2dc49fef4bb/gnocchi.bb7223fb-3b32-4876-b7f2-ef8eb0d5e60e" 200 357 "GET http://172.18.0.2:8080/v1/AUTH_4268d646484344c694f0f2dc49fef4bb/gnocchi.bb7223fb-3b32-4876-b7f2-ef8eb0d5e60e?format=json&states=listing" "txd5f1d1d8f5c148ba8e813-0068e392c8" "proxy-server 20" 0.0094 "-" 20 0
Oct 6 09:58:32 standalone proxy-server[131818]: 172.18.0.2 172.18.0.100 06/Oct/2025/09/58/32 GET /v1/AUTH_4268d646484344c694f0f2dc49fef4bb/gnocchi.bb7223fb-3b32-4876-b7f2-ef8eb0d5e60e%3Fformat%3Djson%26states%3Dlisting HTTP/1.0 200 - python-swiftclient-3.11.1 gAAAAABo45JMWJyK... - 357 - txd5f1d1d8f5c148ba8e813-0068e392c8 - 0.0157 - - 1759744712.718400717 1759744712.734149456 0
Oct 6 09:58:32 standalone container-server[129769]: 172.20.0.100 - - [06/Oct/2025:09:58:32 +0000] "GET /d1/814/AUTH_4268d646484344c694f0f2dc49fef4bb/gnocchi.bb7223fb-3b32-4876-b7f2-ef8eb0d5e60e" 200 2 "GET http://172.18.0.2:8080/v1/AUTH_4268d646484344c694f0f2dc49fef4bb/gnocchi.bb7223fb-3b32-4876-b7f2-ef8eb0d5e60e?format=json&marker=none_v3&states=listing" "tx54e37f1602df4a03bbb13-0068e392c8" "proxy-server 20" 0.0017 "-" 21 0
Oct 6 09:58:32 standalone proxy-server[131818]: 172.18.0.2 172.18.0.100 06/Oct/2025/09/58/32 GET /v1/AUTH_4268d646484344c694f0f2dc49fef4bb/gnocchi.bb7223fb-3b32-4876-b7f2-ef8eb0d5e60e%3Fformat%3Djson%26marker%3Dnone_v3%26states%3Dlisting HTTP/1.0 200 - python-swiftclient-3.11.1 gAAAAABo45JMWJyK... - 2 - tx54e37f1602df4a03bbb13-0068e392c8 - 0.0070 - - 1759744712.737308979 1759744712.744354010 0
Oct 6 09:58:32 standalone object-server[130052]: 172.20.0.100 - - [06/Oct/2025:09:58:32 +0000] "GET /d1/949/AUTH_4268d646484344c694f0f2dc49fef4bb/gnocchi.bb7223fb-3b32-4876-b7f2-ef8eb0d5e60e/1759320000.0_mean_300.0_v3" 200 16 "GET http://172.18.0.2:8080/v1/AUTH_4268d646484344c694f0f2dc49fef4bb/gnocchi.bb7223fb-3b32-4876-b7f2-ef8eb0d5e60e/1759320000.0_mean_300.0_v3" "txc227994de969422d863e9-0068e392c8" "proxy-server 20" 0.0009 "-" 22 0
Oct 6 09:58:32 standalone proxy-server[131818]: 172.18.0.2 172.18.0.100 06/Oct/2025/09/58/32 GET /v1/AUTH_4268d646484344c694f0f2dc49fef4bb/gnocchi.bb7223fb-3b32-4876-b7f2-ef8eb0d5e60e/1759320000.0_mean_300.0_v3 HTTP/1.0 200 - python-swiftclient-3.11.1 gAAAAABo45JMWJyK... - 16 - txc227994de969422d863e9-0068e392c8 - 0.0064 - - 1759744712.748666763 1759744712.755033970 0
Oct 6 09:58:32 standalone container-server[129791]: 172.20.0.100 - - [06/Oct/2025:09:58:32 +0000] "PUT /d1/814/AUTH_4268d646484344c694f0f2dc49fef4bb/gnocchi.bb7223fb-3b32-4876-b7f2-ef8eb0d5e60e/1759320000.0_mean_300.0_v3" 201 - "PUT http://172.18.0.2:8080/d1/949/AUTH_4268d646484344c694f0f2dc49fef4bb/gnocchi.bb7223fb-3b32-4876-b7f2-ef8eb0d5e60e/1759320000.0_mean_300.0_v3" "tx9faad3aab0d8443a90748-0068e392c8" "object-server 24" 0.0005 "-" 23 0
Oct 6 09:58:32 standalone object-server[130054]: 172.20.0.100 - - [06/Oct/2025:09:58:32 +0000] "PUT /d1/949/AUTH_4268d646484344c694f0f2dc49fef4bb/gnocchi.bb7223fb-3b32-4876-b7f2-ef8eb0d5e60e/1759320000.0_mean_300.0_v3" 201 - "PUT http://172.18.0.2:8080/v1/AUTH_4268d646484344c694f0f2dc49fef4bb/gnocchi.bb7223fb-3b32-4876-b7f2-ef8eb0d5e60e/1759320000.0_mean_300.0_v3" "tx9faad3aab0d8443a90748-0068e392c8" "proxy-server 20" 0.0126 "-" 24 0
Oct 6 09:58:32 standalone proxy-server[131818]: 172.18.0.2 172.18.0.100 06/Oct/2025/09/58/32 PUT /v1/AUTH_4268d646484344c694f0f2dc49fef4bb/gnocchi.bb7223fb-3b32-4876-b7f2-ef8eb0d5e60e/1759320000.0_mean_300.0_v3 HTTP/1.0 201 - python-swiftclient-3.11.1 gAAAAABo45JMWJyK... 16 - - tx9faad3aab0d8443a90748-0068e392c8 - 0.0177 - - 1759744712.760247946 1759744712.777910709 0
Oct 6 09:58:32 standalone container-server[129764]: 172.20.0.100 - - [06/Oct/2025:09:58:32 +0000] "PUT /d1/814/AUTH_4268d646484344c694f0f2dc49fef4bb/gnocchi.bb7223fb-3b32-4876-b7f2-ef8eb0d5e60e/none_v3" 201 - "PUT http://172.18.0.2:8080/d1/431/AUTH_4268d646484344c694f0f2dc49fef4bb/gnocchi.bb7223fb-3b32-4876-b7f2-ef8eb0d5e60e/none_v3" "tx864064ff0fc14b47b1433-0068e392c8" "object-server 22" 0.0005 "-" 20 0
Oct 6 09:58:32 standalone object-server[130052]: 172.20.0.100 - - [06/Oct/2025:09:58:32 +0000] "PUT /d1/431/AUTH_4268d646484344c694f0f2dc49fef4bb/gnocchi.bb7223fb-3b32-4876-b7f2-ef8eb0d5e60e/none_v3" 201 - "PUT http://172.18.0.2:8080/v1/AUTH_4268d646484344c694f0f2dc49fef4bb/gnocchi.bb7223fb-3b32-4876-b7f2-ef8eb0d5e60e/none_v3" "tx864064ff0fc14b47b1433-0068e392c8" "proxy-server 20" 0.0097 "-" 22 0
Oct 6 09:58:32 standalone proxy-server[131818]: 172.18.0.2 172.18.0.100 06/Oct/2025/09/58/32 PUT /v1/AUTH_4268d646484344c694f0f2dc49fef4bb/gnocchi.bb7223fb-3b32-4876-b7f2-ef8eb0d5e60e/none_v3 HTTP/1.0 201 - python-swiftclient-3.11.1 gAAAAABo45JMWJyK... 31 - - tx864064ff0fc14b47b1433-0068e392c8 - 0.0146 - - 1759744712.781059742 1759744712.795629978 0
Oct 6 09:58:40 standalone account-server[129753]: 172.20.0.100 - - [06/Oct/2025:09:58:40 +0000] "HEAD /d1/864/AUTH_4268d646484344c694f0f2dc49fef4bb" 204 - "HEAD http://172.18.0.2:8080/v1/AUTH_4268d646484344c694f0f2dc49fef4bb?format=json" "tx0ed65080a6154e82a3367-0068e392d0" "proxy-server 20" 0.0071 "-" 20 -
Oct 6 09:58:40 standalone proxy-server[131818]: - - 06/Oct/2025/09/58/40 HEAD /v1/AUTH_4268d646484344c694f0f2dc49fef4bb%3Fformat%3Djson HTTP/1.0 204 - Swift - - - - tx0ed65080a6154e82a3367-0068e392d0 - 0.0147 RL - 1759744720.730386019 1759744720.745105982 -
Oct 6 09:58:40 standalone object-server[130067]: 172.20.0.100 - - [06/Oct/2025:09:58:40 +0000] "GET /d1/431/AUTH_4268d646484344c694f0f2dc49fef4bb/gnocchi.bb7223fb-3b32-4876-b7f2-ef8eb0d5e60e/none_v3" 200 31 "GET http://172.18.0.2:8080/v1/AUTH_4268d646484344c694f0f2dc49fef4bb/gnocchi.bb7223fb-3b32-4876-b7f2-ef8eb0d5e60e/none_v3" "tx0ed65080a6154e82a3367-0068e392d0" "proxy-server 20" 0.0010 "-" 25 0
Oct 6 09:58:40 standalone proxy-server[131818]: 172.18.0.2 172.18.0.100 06/Oct/2025/09/58/40 GET /v1/AUTH_4268d646484344c694f0f2dc49fef4bb/gnocchi.bb7223fb-3b32-4876-b7f2-ef8eb0d5e60e/none_v3 HTTP/1.0 200 - python-swiftclient-3.11.1 gAAAAABo45JMWJyK... - 31 - tx0ed65080a6154e82a3367-0068e392d0 - 0.0269 - - 1759744720.729010105 1759744720.755931377 0
Oct 6 09:58:40 standalone container-server[129791]: 172.20.0.100 - - [06/Oct/2025:09:58:40 +0000] "GET /d1/814/AUTH_4268d646484344c694f0f2dc49fef4bb/gnocchi.bb7223fb-3b32-4876-b7f2-ef8eb0d5e60e" 200 357 "GET http://172.18.0.2:8080/v1/AUTH_4268d646484344c694f0f2dc49fef4bb/gnocchi.bb7223fb-3b32-4876-b7f2-ef8eb0d5e60e?format=json&states=listing" "txdfc4f7aee0624993ba22f-0068e392d0" "proxy-server 20" 0.0089 "-" 23 0
Oct 6 09:58:40 standalone proxy-server[131818]: 172.18.0.2 172.18.0.100 06/Oct/2025/09/58/40 GET /v1/AUTH_4268d646484344c694f0f2dc49fef4bb/gnocchi.bb7223fb-3b32-4876-b7f2-ef8eb0d5e60e%3Fformat%3Djson%26states%3Dlisting HTTP/1.0 200 - python-swiftclient-3.11.1 gAAAAABo45JMWJyK... - 357 - txdfc4f7aee0624993ba22f-0068e392d0 - 0.0168 - - 1759744720.760435820 1759744720.777260303 0
Oct 6 09:58:40 standalone container-server[129764]: 172.20.0.100 - - [06/Oct/2025:09:58:40 +0000] "GET /d1/814/AUTH_4268d646484344c694f0f2dc49fef4bb/gnocchi.bb7223fb-3b32-4876-b7f2-ef8eb0d5e60e" 200 2 "GET http://172.18.0.2:8080/v1/AUTH_4268d646484344c694f0f2dc49fef4bb/gnocchi.bb7223fb-3b32-4876-b7f2-ef8eb0d5e60e?format=json&marker=none_v3&states=listing" "txe3471737b67e4cbd96455-0068e392d0" "proxy-server 20" 0.0024 "-" 20 0
Oct 6 09:58:40 standalone proxy-server[131818]: 172.18.0.2 172.18.0.100 06/Oct/2025/09/58/40 GET /v1/AUTH_4268d646484344c694f0f2dc49fef4bb/gnocchi.bb7223fb-3b32-4876-b7f2-ef8eb0d5e60e%3Fformat%3Djson%26marker%3Dnone_v3%26states%3Dlisting HTTP/1.0 200 - python-swiftclient-3.11.1 gAAAAABo45JMWJyK... - 2 - txe3471737b67e4cbd96455-0068e392d0 - 0.0102 - - 1759744720.780739069 1759744720.790907860 0
Oct 6 09:58:40 standalone object-server[130067]: 172.20.0.100 - - [06/Oct/2025:09:58:40 +0000] "GET /d1/949/AUTH_4268d646484344c694f0f2dc49fef4bb/gnocchi.bb7223fb-3b32-4876-b7f2-ef8eb0d5e60e/1759320000.0_mean_300.0_v3" 200 16 "GET http://172.18.0.2:8080/v1/AUTH_4268d646484344c694f0f2dc49fef4bb/gnocchi.bb7223fb-3b32-4876-b7f2-ef8eb0d5e60e/1759320000.0_mean_300.0_v3" "tx89b6e605491040e5afdbd-0068e392d0" "proxy-server 20" 0.0006 "-" 25 0
Oct 6 09:58:40 standalone proxy-server[131818]: 172.18.0.2 172.18.0.100 06/Oct/2025/09/58/40 GET /v1/AUTH_4268d646484344c694f0f2dc49fef4bb/gnocchi.bb7223fb-3b32-4876-b7f2-ef8eb0d5e60e/1759320000.0_mean_300.0_v3 HTTP/1.0 200 - python-swiftclient-3.11.1 gAAAAABo45JMWJyK... - 16 - tx89b6e605491040e5afdbd-0068e392d0 - 0.0069 - - 1759744720.795152664 1759744720.802095175 0
Oct 6 09:58:40 standalone container-server[129769]: 172.20.0.100 - - [06/Oct/2025:09:58:40 +0000] "PUT /d1/814/AUTH_4268d646484344c694f0f2dc49fef4bb/gnocchi.bb7223fb-3b32-4876-b7f2-ef8eb0d5e60e/1759320000.0_mean_300.0_v3" 201 - "PUT http://172.18.0.2:8080/d1/949/AUTH_4268d646484344c694f0f2dc49fef4bb/gnocchi.bb7223fb-3b32-4876-b7f2-ef8eb0d5e60e/1759320000.0_mean_300.0_v3" "txcb135a9f86974b44981bc-0068e392d0" "object-server 23" 0.0008 "-" 21 0
Oct 6 09:58:40 standalone object-server[130053]: 172.20.0.100 - - [06/Oct/2025:09:58:40 +0000] "PUT /d1/949/AUTH_4268d646484344c694f0f2dc49fef4bb/gnocchi.bb7223fb-3b32-4876-b7f2-ef8eb0d5e60e/1759320000.0_mean_300.0_v3" 201 - "PUT http://172.18.0.2:8080/v1/AUTH_4268d646484344c694f0f2dc49fef4bb/gnocchi.bb7223fb-3b32-4876-b7f2-ef8eb0d5e60e/1759320000.0_mean_300.0_v3" "txcb135a9f86974b44981bc-0068e392d0" "proxy-server 20" 0.0104 "-" 23 0
Oct 6 09:58:40 standalone proxy-server[131818]: 172.18.0.2 172.18.0.100 06/Oct/2025/09/58/40 PUT /v1/AUTH_4268d646484344c694f0f2dc49fef4bb/gnocchi.bb7223fb-3b32-4876-b7f2-ef8eb0d5e60e/1759320000.0_mean_300.0_v3 HTTP/1.0 201 - python-swiftclient-3.11.1 gAAAAABo45JMWJyK... 16 - - txcb135a9f86974b44981bc-0068e392d0 - 0.0157 - - 1759744720.805532455 1759744720.821274281 0
Oct 6 09:58:40 standalone container-server[129764]: 172.20.0.100 - - [06/Oct/2025:09:58:40 +0000] "PUT /d1/814/AUTH_4268d646484344c694f0f2dc49fef4bb/gnocchi.bb7223fb-3b32-4876-b7f2-ef8eb0d5e60e/none_v3" 201 - "PUT http://172.18.0.2:8080/d1/431/AUTH_4268d646484344c694f0f2dc49fef4bb/gnocchi.bb7223fb-3b32-4876-b7f2-ef8eb0d5e60e/none_v3" "tx8cd3aa65036d47039ff24-0068e392d0" "object-server 25" 0.0006 "-" 20 0
Oct 6 09:58:40 standalone object-server[130067]: 172.20.0.100 - - [06/Oct/2025:09:58:40 +0000] "PUT /d1/431/AUTH_4268d646484344c694f0f2dc49fef4bb/gnocchi.bb7223fb-3b32-4876-b7f2-ef8eb0d5e60e/none_v3" 201 - "PUT http://172.18.0.2:8080/v1/AUTH_4268d646484344c694f0f2dc49fef4bb/gnocchi.bb7223fb-3b32-4876-b7f2-ef8eb0d5e60e/none_v3" "tx8cd3aa65036d47039ff24-0068e392d0" "proxy-server 20" 0.0118 "-" 25 0
Oct 6 09:58:40 standalone proxy-server[131818]: 172.18.0.2 172.18.0.100 06/Oct/2025/09/58/40 PUT /v1/AUTH_4268d646484344c694f0f2dc49fef4bb/gnocchi.bb7223fb-3b32-4876-b7f2-ef8eb0d5e60e/none_v3 HTTP/1.0 201 - python-swiftclient-3.11.1 gAAAAABo45JMWJyK... 46 - - tx8cd3aa65036d47039ff24-0068e392d0 - 0.0171 - - 1759744720.824511290 1759744720.841564894 0
Oct 6 09:58:41 standalone object-server[130052]: 172.20.0.100 - - [06/Oct/2025:09:58:41 +0000] "GET /d1/431/AUTH_4268d646484344c694f0f2dc49fef4bb/gnocchi.bb7223fb-3b32-4876-b7f2-ef8eb0d5e60e/none_v3" 200 46 "GET http://172.18.0.2:8080/v1/AUTH_4268d646484344c694f0f2dc49fef4bb/gnocchi.bb7223fb-3b32-4876-b7f2-ef8eb0d5e60e/none_v3" "tx60898ed0b9104e71896fb-0068e392d1" "proxy-server 20" 0.0010 "-" 22 0
Oct 6 09:58:41 standalone proxy-server[131818]: 172.18.0.2 172.18.0.100 06/Oct/2025/09/58/41 GET /v1/AUTH_4268d646484344c694f0f2dc49fef4bb/gnocchi.bb7223fb-3b32-4876-b7f2-ef8eb0d5e60e/none_v3 HTTP/1.0 200 - python-swiftclient-3.11.1 gAAAAABo45JMWJyK... - 46 - tx60898ed0b9104e71896fb-0068e392d1 - 0.0060 - - 1759744721.544721365 1759744721.550689936 0
Oct 6 09:58:41 standalone container-server[129781]: 172.20.0.100 - - [06/Oct/2025:09:58:41 +0000] "GET /d1/814/AUTH_4268d646484344c694f0f2dc49fef4bb/gnocchi.bb7223fb-3b32-4876-b7f2-ef8eb0d5e60e" 200 357 "GET http://172.18.0.2:8080/v1/AUTH_4268d646484344c694f0f2dc49fef4bb/gnocchi.bb7223fb-3b32-4876-b7f2-ef8eb0d5e60e?format=json&states=listing" "txdf2823b3a6a1492cb9081-0068e392d1" "proxy-server 20" 0.0067 "-" 22 0
Oct 6 09:58:41 standalone proxy-server[131818]: 172.18.0.2 172.18.0.100 06/Oct/2025/09/58/41 GET /v1/AUTH_4268d646484344c694f0f2dc49fef4bb/gnocchi.bb7223fb-3b32-4876-b7f2-ef8eb0d5e60e%3Fformat%3Djson%26states%3Dlisting HTTP/1.0 200 - python-swiftclient-3.11.1 gAAAAABo45JMWJyK... - 357 - txdf2823b3a6a1492cb9081-0068e392d1 - 0.0136 - - 1759744721.556348085 1759744721.569956064 0
Oct 6 09:58:41 standalone container-server[129781]: 172.20.0.100 - - [06/Oct/2025:09:58:41 +0000] "GET /d1/814/AUTH_4268d646484344c694f0f2dc49fef4bb/gnocchi.bb7223fb-3b32-4876-b7f2-ef8eb0d5e60e" 200 2 "GET http://172.18.0.2:8080/v1/AUTH_4268d646484344c694f0f2dc49fef4bb/gnocchi.bb7223fb-3b32-4876-b7f2-ef8eb0d5e60e?format=json&marker=none_v3&states=listing" "txafae15ca0d234deaacc0a-0068e392d1" "proxy-server 20" 0.0025 "-" 22 0
Oct 6 09:58:41 standalone proxy-server[131818]: 172.18.0.2 172.18.0.100 06/Oct/2025/09/58/41 GET /v1/AUTH_4268d646484344c694f0f2dc49fef4bb/gnocchi.bb7223fb-3b32-4876-b7f2-ef8eb0d5e60e%3Fformat%3Djson%26marker%3Dnone_v3%26states%3Dlisting HTTP/1.0 200 - python-swiftclient-3.11.1 gAAAAABo45JMWJyK... - 2 - txafae15ca0d234deaacc0a-0068e392d1 - 0.0082 - - 1759744721.572363377 1759744721.580536127 0
Oct 6 09:58:41 standalone object-server[130054]: 172.20.0.100 - - [06/Oct/2025:09:58:41 +0000] "GET /d1/949/AUTH_4268d646484344c694f0f2dc49fef4bb/gnocchi.bb7223fb-3b32-4876-b7f2-ef8eb0d5e60e/1759320000.0_mean_300.0_v3" 200 16 "GET http://172.18.0.2:8080/v1/AUTH_4268d646484344c694f0f2dc49fef4bb/gnocchi.bb7223fb-3b32-4876-b7f2-ef8eb0d5e60e/1759320000.0_mean_300.0_v3" "txc2b58bd17b2747ae99b08-0068e392d1" "proxy-server 20" 0.0006 "-" 24 0
Oct 6 09:58:41 standalone proxy-server[131818]: 172.18.0.2 172.18.0.100 06/Oct/2025/09/58/41 GET /v1/AUTH_4268d646484344c694f0f2dc49fef4bb/gnocchi.bb7223fb-3b32-4876-b7f2-ef8eb0d5e60e/1759320000.0_mean_300.0_v3 HTTP/1.0 200 - python-swiftclient-3.11.1 gAAAAABo45JMWJyK... - 16 - txc2b58bd17b2747ae99b08-0068e392d1 - 0.0056 - - 1759744721.585432768 1759744721.591031790 0
Oct 6 09:58:41 standalone container-server[129781]: 172.20.0.100 - - [06/Oct/2025:09:58:41 +0000] "PUT /d1/814/AUTH_4268d646484344c694f0f2dc49fef4bb/gnocchi.bb7223fb-3b32-4876-b7f2-ef8eb0d5e60e/1759320000.0_mean_300.0_v3" 201 - "PUT http://172.18.0.2:8080/d1/949/AUTH_4268d646484344c694f0f2dc49fef4bb/gnocchi.bb7223fb-3b32-4876-b7f2-ef8eb0d5e60e/1759320000.0_mean_300.0_v3" "tx295bd1f3015a41c68aa49-0068e392d1" "object-server 23" 0.0005 "-" 22 0
Oct 6 09:58:41 standalone object-server[130053]: 172.20.0.100 - - [06/Oct/2025:09:58:41 +0000] "PUT /d1/949/AUTH_4268d646484344c694f0f2dc49fef4bb/gnocchi.bb7223fb-3b32-4876-b7f2-ef8eb0d5e60e/1759320000.0_mean_300.0_v3" 201 - "PUT http://172.18.0.2:8080/v1/AUTH_4268d646484344c694f0f2dc49fef4bb/gnocchi.bb7223fb-3b32-4876-b7f2-ef8eb0d5e60e/1759320000.0_mean_300.0_v3" "tx295bd1f3015a41c68aa49-0068e392d1" "proxy-server 20" 0.0100 "-" 23 0
Oct 6 09:58:41 standalone proxy-server[131818]: 172.18.0.2 172.18.0.100 06/Oct/2025/09/58/41 PUT /v1/AUTH_4268d646484344c694f0f2dc49fef4bb/gnocchi.bb7223fb-3b32-4876-b7f2-ef8eb0d5e60e/1759320000.0_mean_300.0_v3 HTTP/1.0 201 - python-swiftclient-3.11.1 gAAAAABo45JMWJyK... 16 - - tx295bd1f3015a41c68aa49-0068e392d1 - 0.0175 - - 1759744721.593288183 1759744721.610817432 0
Oct 6 09:58:41 standalone container-server[129764]: 172.20.0.100 - - [06/Oct/2025:09:58:41 +0000] "PUT /d1/814/AUTH_4268d646484344c694f0f2dc49fef4bb/gnocchi.bb7223fb-3b32-4876-b7f2-ef8eb0d5e60e/none_v3" 201 - "PUT http://172.18.0.2:8080/d1/431/AUTH_4268d646484344c694f0f2dc49fef4bb/gnocchi.bb7223fb-3b32-4876-b7f2-ef8eb0d5e60e/none_v3" "txd5b5392dd77340a1a862c-0068e392d1" "object-server 23" 0.0004 "-" 20 0
Oct 6 09:58:41 standalone object-server[130053]: 172.20.0.100 - - [06/Oct/2025:09:58:41 +0000] "PUT /d1/431/AUTH_4268d646484344c694f0f2dc49fef4bb/gnocchi.bb7223fb-3b32-4876-b7f2-ef8eb0d5e60e/none_v3" 201 - "PUT http://172.18.0.2:8080/v1/AUTH_4268d646484344c694f0f2dc49fef4bb/gnocchi.bb7223fb-3b32-4876-b7f2-ef8eb0d5e60e/none_v3" "txd5b5392dd77340a1a862c-0068e392d1" "proxy-server 20" 0.0085 "-" 23 0
Oct 6 09:58:41 standalone proxy-server[131818]: 172.18.0.2 172.18.0.100 06/Oct/2025/09/58/41 PUT /v1/AUTH_4268d646484344c694f0f2dc49fef4bb/gnocchi.bb7223fb-3b32-4876-b7f2-ef8eb0d5e60e/none_v3 HTTP/1.0 201 - python-swiftclient-3.11.1 gAAAAABo45JMWJyK... 51 - - txd5b5392dd77340a1a862c-0068e392d1 - 0.0136 - - 1759744721.614165783 1759744721.627778053 0
Oct 6 09:58:44 standalone container-server[129769]: 172.20.0.100 - - [06/Oct/2025:09:58:44 +0000] "HEAD /d1/544/AUTH_4268d646484344c694f0f2dc49fef4bb/gnocchi.5c366f43-2620-4894-84f3-b8c4efc01fa9" 404 - "HEAD http://172.18.0.2:8080/v1/AUTH_4268d646484344c694f0f2dc49fef4bb/gnocchi.5c366f43-2620-4894-84f3-b8c4efc01fa9?format=json&states=listing" "tx7f64d3a2e67f424796161-0068e392d4" "proxy-server 20" 0.0006 "-" 21 0
Oct 6 09:58:44 standalone object-server[130053]: 172.20.0.100 - - [06/Oct/2025:09:58:44 +0000] "GET /d1/514/AUTH_4268d646484344c694f0f2dc49fef4bb/gnocchi.5c366f43-2620-4894-84f3-b8c4efc01fa9/none_v3" 404 70 "GET http://172.18.0.2:8080/v1/AUTH_4268d646484344c694f0f2dc49fef4bb/gnocchi.5c366f43-2620-4894-84f3-b8c4efc01fa9/none_v3" "tx7f64d3a2e67f424796161-0068e392d4" "proxy-server 20" 0.0004 "-" 23 0
Oct 6 09:58:44 standalone proxy-server[131818]: 172.18.0.2 172.18.0.100 06/Oct/2025/09/58/44 GET /v1/AUTH_4268d646484344c694f0f2dc49fef4bb/gnocchi.5c366f43-2620-4894-84f3-b8c4efc01fa9/none_v3 HTTP/1.0 404 - python-swiftclient-3.11.1 gAAAAABo45JMWJyK... - 70 - tx7f64d3a2e67f424796161-0068e392d4 - 0.0096 - - 1759744724.384476662 1759744724.394047260 0
Oct 6 09:58:44 standalone account-server[129774]: 172.20.0.100 - - [06/Oct/2025:09:58:44 +0000] "PUT /d1/864/AUTH_4268d646484344c694f0f2dc49fef4bb/gnocchi.5c366f43-2620-4894-84f3-b8c4efc01fa9" 201 - "PUT http://172.20.0.100:6001/d1/544/AUTH_4268d646484344c694f0f2dc49fef4bb/gnocchi.5c366f43-2620-4894-84f3-b8c4efc01fa9" "txd5eb8585ebb04561a4bdb-0068e392d4" "container-server 20" 0.0016 "-" 23 0
Oct 6 09:58:44 standalone container-server[129764]: 172.20.0.100 - - [06/Oct/2025:09:58:44 +0000] "PUT /d1/544/AUTH_4268d646484344c694f0f2dc49fef4bb/gnocchi.5c366f43-2620-4894-84f3-b8c4efc01fa9" 201 - "PUT http://172.18.0.2:8080/v1/AUTH_4268d646484344c694f0f2dc49fef4bb/gnocchi.5c366f43-2620-4894-84f3-b8c4efc01fa9" "txd5eb8585ebb04561a4bdb-0068e392d4" "proxy-server 20" 0.0114 "-" 20 0
Oct 6 09:58:44 standalone proxy-server[131818]: 172.18.0.2 172.18.0.100 06/Oct/2025/09/58/44 PUT /v1/AUTH_4268d646484344c694f0f2dc49fef4bb/gnocchi.5c366f43-2620-4894-84f3-b8c4efc01fa9 HTTP/1.0 201 - python-swiftclient-3.11.1 gAAAAABo45JMWJyK... - - - txd5eb8585ebb04561a4bdb-0068e392d4 - 0.0161 - - 1759744724.396874428 1759744724.413015127 0
Oct 6 09:58:44 standalone container-server[129781]: 172.20.0.100 - - [06/Oct/2025:09:58:44 +0000] "HEAD /d1/544/AUTH_4268d646484344c694f0f2dc49fef4bb/gnocchi.5c366f43-2620-4894-84f3-b8c4efc01fa9" 204 - "HEAD http://172.18.0.2:8080/v1/AUTH_4268d646484344c694f0f2dc49fef4bb/gnocchi.5c366f43-2620-4894-84f3-b8c4efc01fa9?format=json&states=listing" "tx77c9fb589bb94cbc805f1-0068e392d4" "proxy-server 20" 0.0011 "-" 22 0
Oct 6 09:58:44 standalone proxy-server[131818]: - - 06/Oct/2025/09/58/44 HEAD /v1/AUTH_4268d646484344c694f0f2dc49fef4bb/gnocchi.5c366f43-2620-4894-84f3-b8c4efc01fa9%3Fformat%3Djson%26states%3Dlisting HTTP/1.0 204 - Swift - - - - tx77c9fb589bb94cbc805f1-0068e392d4 - 0.0047 RL - 1759744724.417922020 1759744724.422651529 0
Oct 6 09:58:44 standalone container-server[129791]: 172.20.0.100 - - [06/Oct/2025:09:58:44 +0000] "GET /d1/544/AUTH_4268d646484344c694f0f2dc49fef4bb/gnocchi.5c366f43-2620-4894-84f3-b8c4efc01fa9" 200 2 "GET http://172.18.0.2:8080/v1/AUTH_4268d646484344c694f0f2dc49fef4bb/gnocchi.5c366f43-2620-4894-84f3-b8c4efc01fa9?format=json&states=listing" "tx77c9fb589bb94cbc805f1-0068e392d4" "proxy-server 20" 0.0025 "-" 23 0
Oct 6 09:58:44 standalone proxy-server[131818]: 172.18.0.2 172.18.0.100 06/Oct/2025/09/58/44 GET /v1/AUTH_4268d646484344c694f0f2dc49fef4bb/gnocchi.5c366f43-2620-4894-84f3-b8c4efc01fa9%3Fformat%3Djson%26states%3Dlisting HTTP/1.0 200 - python-swiftclient-3.11.1 gAAAAABo45JMWJyK... - 2 - tx77c9fb589bb94cbc805f1-0068e392d4 - 0.0141 - - 1759744724.416502237 1759744724.430610895 0
Oct 6 09:58:44 standalone object-server[130067]: 172.20.0.100 - - [06/Oct/2025:09:58:44 +0000] "GET /d1/484/AUTH_4268d646484344c694f0f2dc49fef4bb/gnocchi.5c366f43-2620-4894-84f3-b8c4efc01fa9/1759320000.0_mean_300.0_v3" 404 70 "GET http://172.18.0.2:8080/v1/AUTH_4268d646484344c694f0f2dc49fef4bb/gnocchi.5c366f43-2620-4894-84f3-b8c4efc01fa9/1759320000.0_mean_300.0_v3" "tx92b92733c64e427a9fb88-0068e392d4" "proxy-server 20" 0.0004 "-" 25 0
Oct 6 09:58:44 standalone proxy-server[131818]: 172.18.0.2 172.18.0.100 06/Oct/2025/09/58/44 GET /v1/AUTH_4268d646484344c694f0f2dc49fef4bb/gnocchi.5c366f43-2620-4894-84f3-b8c4efc01fa9/1759320000.0_mean_300.0_v3 HTTP/1.0 404 - python-swiftclient-3.11.1 gAAAAABo45JMWJyK... - 70 - tx92b92733c64e427a9fb88-0068e392d4 - 0.0050 - - 1759744724.433750391 1759744724.438769817 0
Oct 6 09:58:44 standalone container-server[129769]: 172.20.0.100 - - [06/Oct/2025:09:58:44 +0000] "PUT /d1/544/AUTH_4268d646484344c694f0f2dc49fef4bb/gnocchi.5c366f43-2620-4894-84f3-b8c4efc01fa9/1759320000.0_mean_300.0_v3" 201 - "PUT http://172.18.0.2:8080/d1/484/AUTH_4268d646484344c694f0f2dc49fef4bb/gnocchi.5c366f43-2620-4894-84f3-b8c4efc01fa9/1759320000.0_mean_300.0_v3" "tx95ccfb0d98e245e696da4-0068e392d4" "object-server 23" 0.0005 "-" 21 0
Oct 6 09:58:44 standalone object-server[130053]: 172.20.0.100 - - [06/Oct/2025:09:58:44 +0000] "PUT /d1/484/AUTH_4268d646484344c694f0f2dc49fef4bb/gnocchi.5c366f43-2620-4894-84f3-b8c4efc01fa9/1759320000.0_mean_300.0_v3" 201 - "PUT http://172.18.0.2:8080/v1/AUTH_4268d646484344c694f0f2dc49fef4bb/gnocchi.5c366f43-2620-4894-84f3-b8c4efc01fa9/1759320000.0_mean_300.0_v3" "tx95ccfb0d98e245e696da4-0068e392d4" "proxy-server 20" 0.0081 "-" 23 0
Oct 6 09:58:44 standalone proxy-server[131818]: 172.18.0.2 172.18.0.100 06/Oct/2025/09/58/44 PUT /v1/AUTH_4268d646484344c694f0f2dc49fef4bb/gnocchi.5c366f43-2620-4894-84f3-b8c4efc01fa9/1759320000.0_mean_300.0_v3 HTTP/1.0 201 - python-swiftclient-3.11.1 gAAAAABo45JMWJyK... 16 - - tx95ccfb0d98e245e696da4-0068e392d4 - 0.0144 - - 1759744724.441242218 1759744724.455614090 0
Oct 6 09:58:44 standalone container-server[129769]: 172.20.0.100 - - [06/Oct/2025:09:58:44 +0000] "PUT /d1/544/AUTH_4268d646484344c694f0f2dc49fef4bb/gnocchi.5c366f43-2620-4894-84f3-b8c4efc01fa9/none_v3" 201 - "PUT http://172.18.0.2:8080/d1/514/AUTH_4268d646484344c694f0f2dc49fef4bb/gnocchi.5c366f43-2620-4894-84f3-b8c4efc01fa9/none_v3" "tx95ef46e25ee9476781bd4-0068e392d4" "object-server 25" 0.0004 "-" 21 0
Oct 6 09:58:44 standalone object-server[130067]: 172.20.0.100 - - [06/Oct/2025:09:58:44 +0000] "PUT /d1/514/AUTH_4268d646484344c694f0f2dc49fef4bb/gnocchi.5c366f43-2620-4894-84f3-b8c4efc01fa9/none_v3" 201 - "PUT http://172.18.0.2:8080/v1/AUTH_4268d646484344c694f0f2dc49fef4bb/gnocchi.5c366f43-2620-4894-84f3-b8c4efc01fa9/none_v3" "tx95ef46e25ee9476781bd4-0068e392d4" "proxy-server 20" 0.0082 "-" 25 0
Oct 6 09:58:44 standalone proxy-server[131818]: 172.18.0.2 172.18.0.100 06/Oct/2025/09/58/44 PUT /v1/AUTH_4268d646484344c694f0f2dc49fef4bb/gnocchi.5c366f43-2620-4894-84f3-b8c4efc01fa9/none_v3 HTTP/1.0 201 - python-swiftclient-3.11.1 gAAAAABo45JMWJyK... 22 - - tx95ef46e25ee9476781bd4-0068e392d4 - 0.0139 - - 1759744724.457993269 1759744724.471912861 0
Oct 6 09:58:44 standalone container-server[129781]: 172.20.0.100 - - [06/Oct/2025:09:58:44 +0000] "HEAD /d1/711/AUTH_4268d646484344c694f0f2dc49fef4bb/gnocchi.c5e01a15-288b-47b9-83a2-7d62c776d6dd" 404 - "HEAD http://172.18.0.2:8080/v1/AUTH_4268d646484344c694f0f2dc49fef4bb/gnocchi.c5e01a15-288b-47b9-83a2-7d62c776d6dd?format=json&states=listing" "tx842f18fb52fd44dd97d39-0068e392d4" "proxy-server 20" 0.0003 "-" 22 0
Oct 6 09:58:44 standalone object-server[130053]: 172.20.0.100 - - [06/Oct/2025:09:58:44 +0000] "GET /d1/755/AUTH_4268d646484344c694f0f2dc49fef4bb/gnocchi.c5e01a15-288b-47b9-83a2-7d62c776d6dd/none_v3" 404 70 "GET http://172.18.0.2:8080/v1/AUTH_4268d646484344c694f0f2dc49fef4bb/gnocchi.c5e01a15-288b-47b9-83a2-7d62c776d6dd/none_v3" "tx842f18fb52fd44dd97d39-0068e392d4" "proxy-server 20" 0.0002 "-" 23 0
Oct 6 09:58:44 standalone proxy-server[131818]: 172.18.0.2 172.18.0.100 06/Oct/2025/09/58/44 GET /v1/AUTH_4268d646484344c694f0f2dc49fef4bb/gnocchi.c5e01a15-288b-47b9-83a2-7d62c776d6dd/none_v3 HTTP/1.0 404 - python-swiftclient-3.11.1 gAAAAABo45JMWJyK... - 70 - tx842f18fb52fd44dd97d39-0068e392d4 - 0.0074 - - 1759744724.480378389 1759744724.487794399 0
Oct 6 09:58:44 standalone account-server[129753]: 172.20.0.100 - - [06/Oct/2025:09:58:44 +0000] "PUT /d1/864/AUTH_4268d646484344c694f0f2dc49fef4bb/gnocchi.c5e01a15-288b-47b9-83a2-7d62c776d6dd" 201 - "PUT http://172.20.0.100:6001/d1/711/AUTH_4268d646484344c694f0f2dc49fef4bb/gnocchi.c5e01a15-288b-47b9-83a2-7d62c776d6dd" "txd759854e95b344669b4c7-0068e392d4" "container-server 21" 0.0037 "-" 20 0
Oct 6 09:58:44 standalone container-server[129769]: 172.20.0.100 - - [06/Oct/2025:09:58:44 +0000] "PUT /d1/711/AUTH_4268d646484344c694f0f2dc49fef4bb/gnocchi.c5e01a15-288b-47b9-83a2-7d62c776d6dd" 201 - "PUT http://172.18.0.2:8080/v1/AUTH_4268d646484344c694f0f2dc49fef4bb/gnocchi.c5e01a15-288b-47b9-83a2-7d62c776d6dd" "txd759854e95b344669b4c7-0068e392d4" "proxy-server 20" 0.0136 "-" 21 0
Oct 6 09:58:44 standalone proxy-server[131818]: 172.18.0.2 172.18.0.100 06/Oct/2025/09/58/44 PUT /v1/AUTH_4268d646484344c694f0f2dc49fef4bb/gnocchi.c5e01a15-288b-47b9-83a2-7d62c776d6dd HTTP/1.0 201 - python-swiftclient-3.11.1 gAAAAABo45JMWJyK... - - - txd759854e95b344669b4c7-0068e392d4 - 0.0184 - - 1759744724.489998341 1759744724.508445263 0
Oct 6 09:58:44 standalone container-server[129769]: 172.20.0.100 - - [06/Oct/2025:09:58:44 +0000] "HEAD /d1/711/AUTH_4268d646484344c694f0f2dc49fef4bb/gnocchi.c5e01a15-288b-47b9-83a2-7d62c776d6dd" 204 - "HEAD http://172.18.0.2:8080/v1/AUTH_4268d646484344c694f0f2dc49fef4bb/gnocchi.c5e01a15-288b-47b9-83a2-7d62c776d6dd?format=json&states=listing" "tx06b3af2da6e048768c356-0068e392d4" "proxy-server 20" 0.0014 "-" 21 0
Oct 6 09:58:44 standalone proxy-server[131818]: - - 06/Oct/2025/09/58/44 HEAD /v1/AUTH_4268d646484344c694f0f2dc49fef4bb/gnocchi.c5e01a15-288b-47b9-83a2-7d62c776d6dd%3Fformat%3Djson%26states%3Dlisting HTTP/1.0 204 - Swift - - - - tx06b3af2da6e048768c356-0068e392d4 - 0.0041 RL - 1759744724.513007402 1759744724.517124176 0
Oct 6 09:58:44 standalone container-server[129764]: 172.20.0.100 - - [06/Oct/2025:09:58:44 +0000] "GET /d1/711/AUTH_4268d646484344c694f0f2dc49fef4bb/gnocchi.c5e01a15-288b-47b9-83a2-7d62c776d6dd" 200 2 "GET http://172.18.0.2:8080/v1/AUTH_4268d646484344c694f0f2dc49fef4bb/gnocchi.c5e01a15-288b-47b9-83a2-7d62c776d6dd?format=json&states=listing" "tx06b3af2da6e048768c356-0068e392d4" "proxy-server 20" 0.0021 "-" 20 0
Oct 6 09:58:44 standalone proxy-server[131818]: 172.18.0.2 172.18.0.100 06/Oct/2025/09/58/44 GET /v1/AUTH_4268d646484344c694f0f2dc49fef4bb/gnocchi.c5e01a15-288b-47b9-83a2-7d62c776d6dd%3Fformat%3Djson%26states%3Dlisting HTTP/1.0 200 - python-swiftclient-3.11.1 gAAAAABo45JMWJyK... - 2 - tx06b3af2da6e048768c356-0068e392d4 - 0.0123 - - 1759744724.511821032 1759744724.524153709 0
Oct 6 09:58:44 standalone object-server[130054]: 172.20.0.100 - - [06/Oct/2025:09:58:44 +0000] "GET /d1/841/AUTH_4268d646484344c694f0f2dc49fef4bb/gnocchi.c5e01a15-288b-47b9-83a2-7d62c776d6dd/1759320000.0_mean_300.0_v3" 404 70 "GET http://172.18.0.2:8080/v1/AUTH_4268d646484344c694f0f2dc49fef4bb/gnocchi.c5e01a15-288b-47b9-83a2-7d62c776d6dd/1759320000.0_mean_300.0_v3" "tx90cc7225917a4de485499-0068e392d4" "proxy-server 20" 0.0003 "-" 24 0
Oct 6 09:58:44 standalone proxy-server[131818]: 172.18.0.2 172.18.0.100 06/Oct/2025/09/58/44 GET /v1/AUTH_4268d646484344c694f0f2dc49fef4bb/gnocchi.c5e01a15-288b-47b9-83a2-7d62c776d6dd/1759320000.0_mean_300.0_v3 HTTP/1.0 404 - python-swiftclient-3.11.1 gAAAAABo45JMWJyK... - 70 - tx90cc7225917a4de485499-0068e392d4 - 0.0046 - - 1759744724.526968241 1759744724.531614065 0
Oct 6 09:58:44 standalone container-server[129769]: 172.20.0.100 - - [06/Oct/2025:09:58:44 +0000] "PUT /d1/711/AUTH_4268d646484344c694f0f2dc49fef4bb/gnocchi.c5e01a15-288b-47b9-83a2-7d62c776d6dd/1759320000.0_mean_300.0_v3" 201 - "PUT http://172.18.0.2:8080/d1/841/AUTH_4268d646484344c694f0f2dc49fef4bb/gnocchi.c5e01a15-288b-47b9-83a2-7d62c776d6dd/1759320000.0_mean_300.0_v3" "tx389028de001047c28606e-0068e392d4" "object-server 24" 0.0007 "-" 21 0
Oct 6 09:58:44 standalone object-server[130054]: 172.20.0.100 - - [06/Oct/2025:09:58:44 +0000] "PUT /d1/841/AUTH_4268d646484344c694f0f2dc49fef4bb/gnocchi.c5e01a15-288b-47b9-83a2-7d62c776d6dd/1759320000.0_mean_300.0_v3" 201 - "PUT http://172.18.0.2:8080/v1/AUTH_4268d646484344c694f0f2dc49fef4bb/gnocchi.c5e01a15-288b-47b9-83a2-7d62c776d6dd/1759320000.0_mean_300.0_v3" "tx389028de001047c28606e-0068e392d4" "proxy-server 20" 0.0115 "-" 24 0
Oct 6 09:58:44 standalone proxy-server[131818]: 172.18.0.2 172.18.0.100 06/Oct/2025/09/58/44 PUT /v1/AUTH_4268d646484344c694f0f2dc49fef4bb/gnocchi.c5e01a15-288b-47b9-83a2-7d62c776d6dd/1759320000.0_mean_300.0_v3 HTTP/1.0 201 - python-swiftclient-3.11.1 gAAAAABo45JMWJyK... 16 - - tx389028de001047c28606e-0068e392d4 - 0.0161 - - 1759744724.534303188 1759744724.550428629 0
Oct 6 09:58:44 standalone container-server[129769]: 172.20.0.100 - - [06/Oct/2025:09:58:44 +0000] "PUT /d1/711/AUTH_4268d646484344c694f0f2dc49fef4bb/gnocchi.c5e01a15-288b-47b9-83a2-7d62c776d6dd/none_v3" 201 - "PUT http://172.18.0.2:8080/d1/755/AUTH_4268d646484344c694f0f2dc49fef4bb/gnocchi.c5e01a15-288b-47b9-83a2-7d62c776d6dd/none_v3" "tx27a1935eb3b3481c81eb4-0068e392d4" "object-server 25" 0.0005 "-" 21 0
Oct 6 09:58:44 standalone object-server[130067]: 172.20.0.100 - - [06/Oct/2025:09:58:44 +0000] "PUT /d1/755/AUTH_4268d646484344c694f0f2dc49fef4bb/gnocchi.c5e01a15-288b-47b9-83a2-7d62c776d6dd/none_v3" 201 - "PUT http://172.18.0.2:8080/v1/AUTH_4268d646484344c694f0f2dc49fef4bb/gnocchi.c5e01a15-288b-47b9-83a2-7d62c776d6dd/none_v3" "tx27a1935eb3b3481c81eb4-0068e392d4" "proxy-server 20" 0.0089 "-" 25 0
Oct 6 09:58:44 standalone proxy-server[131818]: 172.18.0.2 172.18.0.100 06/Oct/2025/09/58/44 PUT /v1/AUTH_4268d646484344c694f0f2dc49fef4bb/gnocchi.c5e01a15-288b-47b9-83a2-7d62c776d6dd/none_v3 HTTP/1.0 201 - python-swiftclient-3.11.1 gAAAAABo45JMWJyK... 22 - - tx27a1935eb3b3481c81eb4-0068e392d4 - 0.0137 - - 1759744724.553045988 1759744724.566757679 0
Oct 6 09:58:44 standalone container-server[129764]: 172.20.0.100 - - [06/Oct/2025:09:58:44 +0000] "HEAD /d1/252/AUTH_4268d646484344c694f0f2dc49fef4bb/gnocchi.63b820ab-8b4d-43af-b529-35b07f3fe457" 404 - "HEAD http://172.18.0.2:8080/v1/AUTH_4268d646484344c694f0f2dc49fef4bb/gnocchi.63b820ab-8b4d-43af-b529-35b07f3fe457?format=json&states=listing" "txe80b238aa4bd4740a4726-0068e392d4" "proxy-server 20" 0.0007 "-" 20 0
Oct 6 09:58:44 standalone object-server[130054]: 172.20.0.100 - - [06/Oct/2025:09:58:44 +0000] "GET /d1/500/AUTH_4268d646484344c694f0f2dc49fef4bb/gnocchi.63b820ab-8b4d-43af-b529-35b07f3fe457/none_v3" 404 70 "GET http://172.18.0.2:8080/v1/AUTH_4268d646484344c694f0f2dc49fef4bb/gnocchi.63b820ab-8b4d-43af-b529-35b07f3fe457/none_v3" "txe80b238aa4bd4740a4726-0068e392d4" "proxy-server 20" 0.0002 "-" 24 0
Oct 6 09:58:44 standalone proxy-server[131818]: 172.18.0.2 172.18.0.100 06/Oct/2025/09/58/44 GET /v1/AUTH_4268d646484344c694f0f2dc49fef4bb/gnocchi.63b820ab-8b4d-43af-b529-35b07f3fe457/none_v3 HTTP/1.0 404 - python-swiftclient-3.11.1 gAAAAABo45JMWJyK... - 70 - txe80b238aa4bd4740a4726-0068e392d4 - 0.0098 - - 1759744724.576693773 1759744724.586444616 0
Oct 6 09:58:44 standalone account-server[129757]: 172.20.0.100 - - [06/Oct/2025:09:58:44 +0000] "PUT /d1/864/AUTH_4268d646484344c694f0f2dc49fef4bb/gnocchi.63b820ab-8b4d-43af-b529-35b07f3fe457" 201 - "PUT http://172.20.0.100:6001/d1/252/AUTH_4268d646484344c694f0f2dc49fef4bb/gnocchi.63b820ab-8b4d-43af-b529-35b07f3fe457" "tx2c20b3b702464ebc913c5-0068e392d4" "container-server 20" 0.0045 "-" 21 0
Oct 6 09:58:44 standalone container-server[129764]: 172.20.0.100 - - [06/Oct/2025:09:58:44 +0000] "PUT /d1/252/AUTH_4268d646484344c694f0f2dc49fef4bb/gnocchi.63b820ab-8b4d-43af-b529-35b07f3fe457" 201 - "PUT http://172.18.0.2:8080/v1/AUTH_4268d646484344c694f0f2dc49fef4bb/gnocchi.63b820ab-8b4d-43af-b529-35b07f3fe457" "tx2c20b3b702464ebc913c5-0068e392d4" "proxy-server 20" 0.0160 "-" 20 0
Oct 6 09:58:44 standalone proxy-server[131818]: 172.18.0.2 172.18.0.100 06/Oct/2025/09/58/44 PUT /v1/AUTH_4268d646484344c694f0f2dc49fef4bb/gnocchi.63b820ab-8b4d-43af-b529-35b07f3fe457 HTTP/1.0 201 - python-swiftclient-3.11.1 gAAAAABo45JMWJyK... - - - tx2c20b3b702464ebc913c5-0068e392d4 - 0.0219 - - 1759744724.589609146 1759744724.611463070 0
Oct 6 09:58:44 standalone container-server[129769]: 172.20.0.100 - - [06/Oct/2025:09:58:44 +0000] "HEAD /d1/252/AUTH_4268d646484344c694f0f2dc49fef4bb/gnocchi.63b820ab-8b4d-43af-b529-35b07f3fe457" 204 - "HEAD http://172.18.0.2:8080/v1/AUTH_4268d646484344c694f0f2dc49fef4bb/gnocchi.63b820ab-8b4d-43af-b529-35b07f3fe457?format=json&states=listing" "tx38d3ab02fac444929fb31-0068e392d4" "proxy-server 20" 0.0019 "-" 21 0
Oct 6 09:58:44 standalone proxy-server[131818]: - - 06/Oct/2025/09/58/44 HEAD /v1/AUTH_4268d646484344c694f0f2dc49fef4bb/gnocchi.63b820ab-8b4d-43af-b529-35b07f3fe457%3Fformat%3Djson%26states%3Dlisting HTTP/1.0 204 - Swift - - - - tx38d3ab02fac444929fb31-0068e392d4 - 0.0061 RL - 1759744724.616008759 1759744724.622147083 0
Oct 6 09:58:44 standalone container-server[129781]: 172.20.0.100 - - [06/Oct/2025:09:58:44 +0000] "GET /d1/252/AUTH_4268d646484344c694f0f2dc49fef4bb/gnocchi.63b820ab-8b4d-43af-b529-35b07f3fe457" 200 2 "GET http://172.18.0.2:8080/v1/AUTH_4268d646484344c694f0f2dc49fef4bb/gnocchi.63b820ab-8b4d-43af-b529-35b07f3fe457?format=json&states=listing" "tx38d3ab02fac444929fb31-0068e392d4" "proxy-server 20" 0.0022 "-" 22 0
Oct 6 09:58:44 standalone proxy-server[131818]: 172.18.0.2 172.18.0.100 06/Oct/2025/09/58/44 GET /v1/AUTH_4268d646484344c694f0f2dc49fef4bb/gnocchi.63b820ab-8b4d-43af-b529-35b07f3fe457%3Fformat%3Djson%26states%3Dlisting HTTP/1.0 200 - python-swiftclient-3.11.1 gAAAAABo45JMWJyK... - 2 - tx38d3ab02fac444929fb31-0068e392d4 - 0.0164 - - 1759744724.614717722 1759744724.631165028 0
Oct 6 09:58:44 standalone object-server[130067]: 172.20.0.100 - - [06/Oct/2025:09:58:44 +0000] "GET /d1/617/AUTH_4268d646484344c694f0f2dc49fef4bb/gnocchi.63b820ab-8b4d-43af-b529-35b07f3fe457/1759320000.0_mean_300.0_v3" 404 70 "GET http://172.18.0.2:8080/v1/AUTH_4268d646484344c694f0f2dc49fef4bb/gnocchi.63b820ab-8b4d-43af-b529-35b07f3fe457/1759320000.0_mean_300.0_v3" "tx010ea43d61b144d5aec90-0068e392d4" "proxy-server 20" 0.0004 "-" 25 0
Oct 6 09:58:44 standalone proxy-server[131818]: 172.18.0.2 172.18.0.100 06/Oct/2025/09/58/44 GET /v1/AUTH_4268d646484344c694f0f2dc49fef4bb/gnocchi.63b820ab-8b4d-43af-b529-35b07f3fe457/1759320000.0_mean_300.0_v3 HTTP/1.0 404 - python-swiftclient-3.11.1 gAAAAABo45JMWJyK... - 70 - tx010ea43d61b144d5aec90-0068e392d4 - 0.0078 - - 1759744724.634905815 1759744724.642720461 0
Oct 6 09:58:44 standalone container-server[129764]: 172.20.0.100 - - [06/Oct/2025:09:58:44 +0000] "PUT /d1/252/AUTH_4268d646484344c694f0f2dc49fef4bb/gnocchi.63b820ab-8b4d-43af-b529-35b07f3fe457/1759320000.0_mean_300.0_v3" 201 - "PUT http://172.18.0.2:8080/d1/617/AUTH_4268d646484344c694f0f2dc49fef4bb/gnocchi.63b820ab-8b4d-43af-b529-35b07f3fe457/1759320000.0_mean_300.0_v3" "txfb3a0fbca2bf4df389e2b-0068e392d4" "object-server 25" 0.0016 "-" 20 0
Oct 6 09:58:44 standalone object-server[130067]: 172.20.0.100 - - [06/Oct/2025:09:58:44 +0000] "PUT /d1/617/AUTH_4268d646484344c694f0f2dc49fef4bb/gnocchi.63b820ab-8b4d-43af-b529-35b07f3fe457/1759320000.0_mean_300.0_v3" 201 - "PUT http://172.18.0.2:8080/v1/AUTH_4268d646484344c694f0f2dc49fef4bb/gnocchi.63b820ab-8b4d-43af-b529-35b07f3fe457/1759320000.0_mean_300.0_v3" "txfb3a0fbca2bf4df389e2b-0068e392d4" "proxy-server 20" 0.0120 "-" 25 0
Oct 6 09:58:44 standalone proxy-server[131818]: 172.18.0.2 172.18.0.100 06/Oct/2025/09/58/44 PUT /v1/AUTH_4268d646484344c694f0f2dc49fef4bb/gnocchi.63b820ab-8b4d-43af-b529-35b07f3fe457/1759320000.0_mean_300.0_v3 HTTP/1.0 201 - python-swiftclient-3.11.1 gAAAAABo45JMWJyK... 16 - - txfb3a0fbca2bf4df389e2b-0068e392d4 - 0.0191 - - 1759744724.646065712 1759744724.665156364 0
