Oct 6 09:58:44 standalone container-server[129769]: 172.20.0.100 - - [06/Oct/2025:09:58:44 +0000] "PUT /d1/252/AUTH_4268d646484344c694f0f2dc49fef4bb/gnocchi.63b820ab-8b4d-43af-b529-35b07f3fe457/none_v3" 201 - "PUT http://172.18.0.2:8080/d1/500/AUTH_4268d646484344c694f0f2dc49fef4bb/gnocchi.63b820ab-8b4d-43af-b529-35b07f3fe457/none_v3" "tx6af0951e2cb74b4cb6225-0068e392d4" "object-server 23" 0.0012 "-" 21 0
Oct 6 09:58:44 standalone object-server[130053]: 172.20.0.100 - - [06/Oct/2025:09:58:44 +0000] "PUT /d1/500/AUTH_4268d646484344c694f0f2dc49fef4bb/gnocchi.63b820ab-8b4d-43af-b529-35b07f3fe457/none_v3" 201 - "PUT http://172.18.0.2:8080/v1/AUTH_4268d646484344c694f0f2dc49fef4bb/gnocchi.63b820ab-8b4d-43af-b529-35b07f3fe457/none_v3" "tx6af0951e2cb74b4cb6225-0068e392d4" "proxy-server 20" 0.0137 "-" 23 0
Oct 6 09:58:44 standalone proxy-server[131818]: 172.18.0.2 172.18.0.100 06/Oct/2025/09/58/44 PUT /v1/AUTH_4268d646484344c694f0f2dc49fef4bb/gnocchi.63b820ab-8b4d-43af-b529-35b07f3fe457/none_v3 HTTP/1.0 201 - python-swiftclient-3.11.1 gAAAAABo45JMWJyK... 22 - - tx6af0951e2cb74b4cb6225-0068e392d4 - 0.0197 - - 1759744724.667756557 1759744724.687439919 0
Oct 6 09:58:44 standalone container-server[129781]: 172.20.0.100 - - [06/Oct/2025:09:58:44 +0000] "HEAD /d1/641/AUTH_4268d646484344c694f0f2dc49fef4bb/gnocchi.2e8a5f9d-a66b-44df-922a-d1488d504e46" 404 - "HEAD http://172.18.0.2:8080/v1/AUTH_4268d646484344c694f0f2dc49fef4bb/gnocchi.2e8a5f9d-a66b-44df-922a-d1488d504e46?format=json&states=listing" "tx193f90cc10e1414e9e12e-0068e392d4" "proxy-server 20" 0.0003 "-" 22 0
Oct 6 09:58:44 standalone object-server[130067]: 172.20.0.100 - - [06/Oct/2025:09:58:44 +0000] "GET /d1/137/AUTH_4268d646484344c694f0f2dc49fef4bb/gnocchi.2e8a5f9d-a66b-44df-922a-d1488d504e46/none_v3" 404 70 "GET http://172.18.0.2:8080/v1/AUTH_4268d646484344c694f0f2dc49fef4bb/gnocchi.2e8a5f9d-a66b-44df-922a-d1488d504e46/none_v3" "tx193f90cc10e1414e9e12e-0068e392d4" "proxy-server 20" 0.0003 "-" 25 0
Oct 6 09:58:44 standalone proxy-server[131818]: 172.18.0.2 172.18.0.100 06/Oct/2025/09/58/44 GET /v1/AUTH_4268d646484344c694f0f2dc49fef4bb/gnocchi.2e8a5f9d-a66b-44df-922a-d1488d504e46/none_v3 HTTP/1.0 404 - python-swiftclient-3.11.1 gAAAAABo45JMWJyK... - 70 - tx193f90cc10e1414e9e12e-0068e392d4 - 0.0065 - - 1759744724.693830729 1759744724.700347185 0
Oct 6 09:58:44 standalone account-server[129774]: 172.20.0.100 - - [06/Oct/2025:09:58:44 +0000] "PUT /d1/864/AUTH_4268d646484344c694f0f2dc49fef4bb/gnocchi.2e8a5f9d-a66b-44df-922a-d1488d504e46" 201 - "PUT http://172.20.0.100:6001/d1/641/AUTH_4268d646484344c694f0f2dc49fef4bb/gnocchi.2e8a5f9d-a66b-44df-922a-d1488d504e46" "txd86bde6b7a2d434bb87ba-0068e392d4" "container-server 22" 0.0039 "-" 23 0
Oct 6 09:58:44 standalone container-server[129781]: 172.20.0.100 - - [06/Oct/2025:09:58:44 +0000] "PUT /d1/641/AUTH_4268d646484344c694f0f2dc49fef4bb/gnocchi.2e8a5f9d-a66b-44df-922a-d1488d504e46" 201 - "PUT http://172.18.0.2:8080/v1/AUTH_4268d646484344c694f0f2dc49fef4bb/gnocchi.2e8a5f9d-a66b-44df-922a-d1488d504e46" "txd86bde6b7a2d434bb87ba-0068e392d4" "proxy-server 20" 0.0129 "-" 22 0
Oct 6 09:58:44 standalone proxy-server[131818]: 172.18.0.2 172.18.0.100 06/Oct/2025/09/58/44 PUT /v1/AUTH_4268d646484344c694f0f2dc49fef4bb/gnocchi.2e8a5f9d-a66b-44df-922a-d1488d504e46 HTTP/1.0 201 - python-swiftclient-3.11.1 gAAAAABo45JMWJyK... - - - txd86bde6b7a2d434bb87ba-0068e392d4 - 0.0162 - - 1759744724.702032804 1759744724.718236685 0
Oct 6 09:58:44 standalone container-server[129781]: 172.20.0.100 - - [06/Oct/2025:09:58:44 +0000] "HEAD /d1/641/AUTH_4268d646484344c694f0f2dc49fef4bb/gnocchi.2e8a5f9d-a66b-44df-922a-d1488d504e46" 204 - "HEAD http://172.18.0.2:8080/v1/AUTH_4268d646484344c694f0f2dc49fef4bb/gnocchi.2e8a5f9d-a66b-44df-922a-d1488d504e46?format=json&states=listing" "tx6b69b9a254fa4127b940b-0068e392d4" "proxy-server 20" 0.0010 "-" 22 0
Oct 6 09:58:44 standalone proxy-server[131818]: - - 06/Oct/2025/09/58/44 HEAD /v1/AUTH_4268d646484344c694f0f2dc49fef4bb/gnocchi.2e8a5f9d-a66b-44df-922a-d1488d504e46%3Fformat%3Djson%26states%3Dlisting HTTP/1.0 204 - Swift - - - - tx6b69b9a254fa4127b940b-0068e392d4 - 0.0034 RL - 1759744724.721428394 1759744724.724790096 0
Oct 6 09:58:44 standalone container-server[129769]: 172.20.0.100 - - [06/Oct/2025:09:58:44 +0000] "GET /d1/641/AUTH_4268d646484344c694f0f2dc49fef4bb/gnocchi.2e8a5f9d-a66b-44df-922a-d1488d504e46" 200 2 "GET http://172.18.0.2:8080/v1/AUTH_4268d646484344c694f0f2dc49fef4bb/gnocchi.2e8a5f9d-a66b-44df-922a-d1488d504e46?format=json&states=listing" "tx6b69b9a254fa4127b940b-0068e392d4" "proxy-server 20" 0.0034 "-" 21 0
Oct 6 09:58:44 standalone proxy-server[131818]: 172.18.0.2 172.18.0.100 06/Oct/2025/09/58/44 GET /v1/AUTH_4268d646484344c694f0f2dc49fef4bb/gnocchi.2e8a5f9d-a66b-44df-922a-d1488d504e46%3Fformat%3Djson%26states%3Dlisting HTTP/1.0 200 - python-swiftclient-3.11.1 gAAAAABo45JMWJyK... - 2 - tx6b69b9a254fa4127b940b-0068e392d4 - 0.0144 - - 1759744724.720725536 1759744724.735120535 0
Oct 6 09:58:44 standalone object-server[130054]: 172.20.0.100 - - [06/Oct/2025:09:58:44 +0000] "GET /d1/655/AUTH_4268d646484344c694f0f2dc49fef4bb/gnocchi.2e8a5f9d-a66b-44df-922a-d1488d504e46/1759320000.0_mean_300.0_v3" 404 70 "GET http://172.18.0.2:8080/v1/AUTH_4268d646484344c694f0f2dc49fef4bb/gnocchi.2e8a5f9d-a66b-44df-922a-d1488d504e46/1759320000.0_mean_300.0_v3" "tx6436ed0edc9241e499888-0068e392d4" "proxy-server 20" 0.0003 "-" 24 0
Oct 6 09:58:44 standalone proxy-server[131818]: 172.18.0.2 172.18.0.100 06/Oct/2025/09/58/44 GET /v1/AUTH_4268d646484344c694f0f2dc49fef4bb/gnocchi.2e8a5f9d-a66b-44df-922a-d1488d504e46/1759320000.0_mean_300.0_v3 HTTP/1.0 404 - python-swiftclient-3.11.1 gAAAAABo45JMWJyK... - 70 - tx6436ed0edc9241e499888-0068e392d4 - 0.0040 - - 1759744724.737927675 1759744724.741889954 0
Oct 6 09:58:44 standalone container-server[129781]: 172.20.0.100 - - [06/Oct/2025:09:58:44 +0000] "PUT /d1/641/AUTH_4268d646484344c694f0f2dc49fef4bb/gnocchi.2e8a5f9d-a66b-44df-922a-d1488d504e46/1759320000.0_mean_300.0_v3" 201 - "PUT http://172.18.0.2:8080/d1/655/AUTH_4268d646484344c694f0f2dc49fef4bb/gnocchi.2e8a5f9d-a66b-44df-922a-d1488d504e46/1759320000.0_mean_300.0_v3" "txe944ec2a983140d9b2e57-0068e392d4" "object-server 23" 0.0006 "-" 22 0
Oct 6 09:58:44 standalone object-server[130053]: 172.20.0.100 - - [06/Oct/2025:09:58:44 +0000] "PUT /d1/655/AUTH_4268d646484344c694f0f2dc49fef4bb/gnocchi.2e8a5f9d-a66b-44df-922a-d1488d504e46/1759320000.0_mean_300.0_v3" 201 - "PUT http://172.18.0.2:8080/v1/AUTH_4268d646484344c694f0f2dc49fef4bb/gnocchi.2e8a5f9d-a66b-44df-922a-d1488d504e46/1759320000.0_mean_300.0_v3" "txe944ec2a983140d9b2e57-0068e392d4" "proxy-server 20" 0.0148 "-" 23 0
Oct 6 09:58:44 standalone proxy-server[131818]: 172.18.0.2 172.18.0.100 06/Oct/2025/09/58/44 PUT /v1/AUTH_4268d646484344c694f0f2dc49fef4bb/gnocchi.2e8a5f9d-a66b-44df-922a-d1488d504e46/1759320000.0_mean_300.0_v3 HTTP/1.0 201 - python-swiftclient-3.11.1 gAAAAABo45JMWJyK... 16 - - txe944ec2a983140d9b2e57-0068e392d4 - 0.0188 - - 1759744724.743703604 1759744724.762506008 0
Oct 6 09:58:44 standalone container-server[129769]: 172.20.0.100 - - [06/Oct/2025:09:58:44 +0000] "PUT /d1/641/AUTH_4268d646484344c694f0f2dc49fef4bb/gnocchi.2e8a5f9d-a66b-44df-922a-d1488d504e46/none_v3" 201 - "PUT http://172.18.0.2:8080/d1/137/AUTH_4268d646484344c694f0f2dc49fef4bb/gnocchi.2e8a5f9d-a66b-44df-922a-d1488d504e46/none_v3" "tx1001a2e545934dd883f48-0068e392d4" "object-server 24" 0.0026 "-" 21 0
Oct 6 09:58:44 standalone object-server[130054]: 172.20.0.100 - - [06/Oct/2025:09:58:44 +0000] "PUT /d1/137/AUTH_4268d646484344c694f0f2dc49fef4bb/gnocchi.2e8a5f9d-a66b-44df-922a-d1488d504e46/none_v3" 201 - "PUT http://172.18.0.2:8080/v1/AUTH_4268d646484344c694f0f2dc49fef4bb/gnocchi.2e8a5f9d-a66b-44df-922a-d1488d504e46/none_v3" "tx1001a2e545934dd883f48-0068e392d4" "proxy-server 20" 0.0167 "-" 24 0
Oct 6 09:58:44 standalone proxy-server[131818]: 172.18.0.2 172.18.0.100 06/Oct/2025/09/58/44 PUT /v1/AUTH_4268d646484344c694f0f2dc49fef4bb/gnocchi.2e8a5f9d-a66b-44df-922a-d1488d504e46/none_v3 HTTP/1.0 201 - python-swiftclient-3.11.1 gAAAAABo45JMWJyK... 22 - - tx1001a2e545934dd883f48-0068e392d4 - 0.0221 - - 1759744724.764840364 1759744724.786898375 0
Oct 6 09:58:44 standalone container-server[129764]: 172.20.0.100 - - [06/Oct/2025:09:58:44 +0000] "HEAD /d1/46/AUTH_4268d646484344c694f0f2dc49fef4bb/gnocchi.60c9d23c-fceb-45c4-9a2d-5d5c94d0abc8" 404 - "HEAD http://172.18.0.2:8080/v1/AUTH_4268d646484344c694f0f2dc49fef4bb/gnocchi.60c9d23c-fceb-45c4-9a2d-5d5c94d0abc8?format=json&states=listing" "tx350c6d0c6f8d44ec8cbab-0068e392d4" "proxy-server 20" 0.0009 "-" 20 0
Oct 6 09:58:44 standalone object-server[130052]: 172.20.0.100 - - [06/Oct/2025:09:58:44 +0000] "GET /d1/410/AUTH_4268d646484344c694f0f2dc49fef4bb/gnocchi.60c9d23c-fceb-45c4-9a2d-5d5c94d0abc8/none_v3" 404 70 "GET http://172.18.0.2:8080/v1/AUTH_4268d646484344c694f0f2dc49fef4bb/gnocchi.60c9d23c-fceb-45c4-9a2d-5d5c94d0abc8/none_v3" "tx350c6d0c6f8d44ec8cbab-0068e392d4" "proxy-server 20" 0.0023 "-" 22 0
Oct 6 09:58:44 standalone proxy-server[131818]: 172.18.0.2 172.18.0.100 06/Oct/2025/09/58/44 GET /v1/AUTH_4268d646484344c694f0f2dc49fef4bb/gnocchi.60c9d23c-fceb-45c4-9a2d-5d5c94d0abc8/none_v3 HTTP/1.0 404 - python-swiftclient-3.11.1 gAAAAABo45JMWJyK... - 70 - tx350c6d0c6f8d44ec8cbab-0068e392d4 - 0.0233 - - 1759744724.802359581 1759744724.825619936 0
Oct 6 09:58:44 standalone account-server[129757]: 172.20.0.100 - - [06/Oct/2025:09:58:44 +0000] "PUT /d1/864/AUTH_4268d646484344c694f0f2dc49fef4bb/gnocchi.60c9d23c-fceb-45c4-9a2d-5d5c94d0abc8" 201 - "PUT http://172.20.0.100:6001/d1/46/AUTH_4268d646484344c694f0f2dc49fef4bb/gnocchi.60c9d23c-fceb-45c4-9a2d-5d5c94d0abc8" "txdcf58c67bb174771a76ed-0068e392d4" "container-server 21" 0.0103 "-" 21 0
Oct 6 09:58:44 standalone container-server[129769]: 172.20.0.100 - - [06/Oct/2025:09:58:44 +0000] "PUT /d1/46/AUTH_4268d646484344c694f0f2dc49fef4bb/gnocchi.60c9d23c-fceb-45c4-9a2d-5d5c94d0abc8" 201 - "PUT http://172.18.0.2:8080/v1/AUTH_4268d646484344c694f0f2dc49fef4bb/gnocchi.60c9d23c-fceb-45c4-9a2d-5d5c94d0abc8" "txdcf58c67bb174771a76ed-0068e392d4" "proxy-server 20" 0.0336 "-" 21 0
Oct 6 09:58:44 standalone proxy-server[131818]: 172.18.0.2 172.18.0.100 06/Oct/2025/09/58/44 PUT /v1/AUTH_4268d646484344c694f0f2dc49fef4bb/gnocchi.60c9d23c-fceb-45c4-9a2d-5d5c94d0abc8 HTTP/1.0 201 - python-swiftclient-3.11.1 gAAAAABo45JMWJyK... - - - txdcf58c67bb174771a76ed-0068e392d4 - 0.0405 - - 1759744724.829041004 1759744724.869511604 0
Oct 6 09:58:44 standalone container-server[129781]: 172.20.0.100 - - [06/Oct/2025:09:58:44 +0000] "HEAD /d1/46/AUTH_4268d646484344c694f0f2dc49fef4bb/gnocchi.60c9d23c-fceb-45c4-9a2d-5d5c94d0abc8" 204 - "HEAD http://172.18.0.2:8080/v1/AUTH_4268d646484344c694f0f2dc49fef4bb/gnocchi.60c9d23c-fceb-45c4-9a2d-5d5c94d0abc8?format=json&states=listing" "txc56b5c1e07bb4cd4bfc0c-0068e392d4" "proxy-server 20" 0.0014 "-" 22 0
Oct 6 09:58:44 standalone proxy-server[131818]: - - 06/Oct/2025/09/58/44 HEAD /v1/AUTH_4268d646484344c694f0f2dc49fef4bb/gnocchi.60c9d23c-fceb-45c4-9a2d-5d5c94d0abc8%3Fformat%3Djson%26states%3Dlisting HTTP/1.0 204 - Swift - - - - txc56b5c1e07bb4cd4bfc0c-0068e392d4 - 0.0045 RL - 1759744724.873708248 1759744724.878176451 0
Oct 6 09:58:44 standalone container-server[129769]: 172.20.0.100 - - [06/Oct/2025:09:58:44 +0000] "GET /d1/46/AUTH_4268d646484344c694f0f2dc49fef4bb/gnocchi.60c9d23c-fceb-45c4-9a2d-5d5c94d0abc8" 200 2 "GET http://172.18.0.2:8080/v1/AUTH_4268d646484344c694f0f2dc49fef4bb/gnocchi.60c9d23c-fceb-45c4-9a2d-5d5c94d0abc8?format=json&states=listing" "txc56b5c1e07bb4cd4bfc0c-0068e392d4" "proxy-server 20" 0.0026 "-" 21 0
Oct 6 09:58:44 standalone proxy-server[131818]: 172.18.0.2 172.18.0.100 06/Oct/2025/09/58/44 GET /v1/AUTH_4268d646484344c694f0f2dc49fef4bb/gnocchi.60c9d23c-fceb-45c4-9a2d-5d5c94d0abc8%3Fformat%3Djson%26states%3Dlisting HTTP/1.0 200 - python-swiftclient-3.11.1 gAAAAABo45JMWJyK... - 2 - txc56b5c1e07bb4cd4bfc0c-0068e392d4 - 0.0153 - - 1759744724.872737646 1759744724.887991190 0
Oct 6 09:58:44 standalone object-server[130052]: 172.20.0.100 - - [06/Oct/2025:09:58:44 +0000] "GET /d1/989/AUTH_4268d646484344c694f0f2dc49fef4bb/gnocchi.60c9d23c-fceb-45c4-9a2d-5d5c94d0abc8/1759320000.0_mean_300.0_v3" 404 70 "GET http://172.18.0.2:8080/v1/AUTH_4268d646484344c694f0f2dc49fef4bb/gnocchi.60c9d23c-fceb-45c4-9a2d-5d5c94d0abc8/1759320000.0_mean_300.0_v3" "txedf5fe5b1d56492ba4e2e-0068e392d4" "proxy-server 20" 0.0005 "-" 22 0
Oct 6 09:58:44 standalone proxy-server[131818]: 172.18.0.2 172.18.0.100 06/Oct/2025/09/58/44 GET /v1/AUTH_4268d646484344c694f0f2dc49fef4bb/gnocchi.60c9d23c-fceb-45c4-9a2d-5d5c94d0abc8/1759320000.0_mean_300.0_v3 HTTP/1.0 404 - python-swiftclient-3.11.1 gAAAAABo45JMWJyK... - 70 - txedf5fe5b1d56492ba4e2e-0068e392d4 - 0.0064 - - 1759744724.891456842 1759744724.897869825 0
Oct 6 09:58:44 standalone container-server[129781]: 172.20.0.100 - - [06/Oct/2025:09:58:44 +0000] "PUT /d1/46/AUTH_4268d646484344c694f0f2dc49fef4bb/gnocchi.60c9d23c-fceb-45c4-9a2d-5d5c94d0abc8/1759320000.0_mean_300.0_v3" 201 - "PUT http://172.18.0.2:8080/d1/989/AUTH_4268d646484344c694f0f2dc49fef4bb/gnocchi.60c9d23c-fceb-45c4-9a2d-5d5c94d0abc8/1759320000.0_mean_300.0_v3" "tx254f8325082f4d2ab6568-0068e392d4" "object-server 25" 0.0005 "-" 22 0
Oct 6 09:58:44 standalone object-server[130067]: 172.20.0.100 - - [06/Oct/2025:09:58:44 +0000] "PUT /d1/989/AUTH_4268d646484344c694f0f2dc49fef4bb/gnocchi.60c9d23c-fceb-45c4-9a2d-5d5c94d0abc8/1759320000.0_mean_300.0_v3" 201 - "PUT http://172.18.0.2:8080/v1/AUTH_4268d646484344c694f0f2dc49fef4bb/gnocchi.60c9d23c-fceb-45c4-9a2d-5d5c94d0abc8/1759320000.0_mean_300.0_v3" "tx254f8325082f4d2ab6568-0068e392d4" "proxy-server 20" 0.0087 "-" 25 0
Oct 6 09:58:44 standalone proxy-server[131818]: 172.18.0.2 172.18.0.100 06/Oct/2025/09/58/44 PUT /v1/AUTH_4268d646484344c694f0f2dc49fef4bb/gnocchi.60c9d23c-fceb-45c4-9a2d-5d5c94d0abc8/1759320000.0_mean_300.0_v3 HTTP/1.0 201 - python-swiftclient-3.11.1 gAAAAABo45JMWJyK... 16 - - tx254f8325082f4d2ab6568-0068e392d4 - 0.0155 - - 1759744724.900854588 1759744724.916395187 0
Oct 6 09:58:44 standalone container-server[129791]: 172.20.0.100 - - [06/Oct/2025:09:58:44 +0000] "PUT /d1/46/AUTH_4268d646484344c694f0f2dc49fef4bb/gnocchi.60c9d23c-fceb-45c4-9a2d-5d5c94d0abc8/none_v3" 201 - "PUT http://172.18.0.2:8080/d1/410/AUTH_4268d646484344c694f0f2dc49fef4bb/gnocchi.60c9d23c-fceb-45c4-9a2d-5d5c94d0abc8/none_v3" "tx3b193527ee4b4241bb67e-0068e392d4" "object-server 25" 0.0018 "-" 23 0
Oct 6 09:58:44 standalone object-server[130067]: 172.20.0.100 - - [06/Oct/2025:09:58:44 +0000] "PUT /d1/410/AUTH_4268d646484344c694f0f2dc49fef4bb/gnocchi.60c9d23c-fceb-45c4-9a2d-5d5c94d0abc8/none_v3" 201 - "PUT http://172.18.0.2:8080/v1/AUTH_4268d646484344c694f0f2dc49fef4bb/gnocchi.60c9d23c-fceb-45c4-9a2d-5d5c94d0abc8/none_v3" "tx3b193527ee4b4241bb67e-0068e392d4" "proxy-server 20" 0.0155 "-" 25 0
Oct 6 09:58:44 standalone proxy-server[131818]: 172.18.0.2 172.18.0.100 06/Oct/2025/09/58/44 PUT /v1/AUTH_4268d646484344c694f0f2dc49fef4bb/gnocchi.60c9d23c-fceb-45c4-9a2d-5d5c94d0abc8/none_v3 HTTP/1.0 201 - python-swiftclient-3.11.1 gAAAAABo45JMWJyK... 22 - - tx3b193527ee4b4241bb67e-0068e392d4 - 0.0219 - - 1759744724.919641256 1759744724.941564083 0
Oct 6 09:58:50 standalone container-server[129769]: 172.20.0.100 - - [06/Oct/2025:09:58:50 +0000] "HEAD /d1/1001/AUTH_4268d646484344c694f0f2dc49fef4bb/gnocchi.fff46774-5f0b-4d93-9e89-c1692ec8a16d" 404 - "HEAD http://172.18.0.2:8080/v1/AUTH_4268d646484344c694f0f2dc49fef4bb/gnocchi.fff46774-5f0b-4d93-9e89-c1692ec8a16d?format=json&states=listing" "tx33f04d4f9a944cba8e637-0068e392da" "proxy-server 20" 0.0004 "-" 21 0
Oct 6 09:58:50 standalone object-server[130067]: 172.20.0.100 - - [06/Oct/2025:09:58:50 +0000] "GET /d1/640/AUTH_4268d646484344c694f0f2dc49fef4bb/gnocchi.fff46774-5f0b-4d93-9e89-c1692ec8a16d/none_v3" 404 70 "GET http://172.18.0.2:8080/v1/AUTH_4268d646484344c694f0f2dc49fef4bb/gnocchi.fff46774-5f0b-4d93-9e89-c1692ec8a16d/none_v3" "tx33f04d4f9a944cba8e637-0068e392da" "proxy-server 20" 0.0006 "-" 25 0
Oct 6 09:58:50 standalone proxy-server[131818]: 172.18.0.2 172.18.0.100 06/Oct/2025/09/58/50 GET /v1/AUTH_4268d646484344c694f0f2dc49fef4bb/gnocchi.fff46774-5f0b-4d93-9e89-c1692ec8a16d/none_v3 HTTP/1.0 404 - python-swiftclient-3.11.1 gAAAAABo45JMWJyK... - 70 - tx33f04d4f9a944cba8e637-0068e392da - 0.0213 - - 1759744730.653282881 1759744730.674576521 0
Oct 6 09:58:50 standalone account-server[129757]: 172.20.0.100 - - [06/Oct/2025:09:58:50 +0000] "PUT /d1/864/AUTH_4268d646484344c694f0f2dc49fef4bb/gnocchi.fff46774-5f0b-4d93-9e89-c1692ec8a16d" 201 - "PUT http://172.20.0.100:6001/d1/1001/AUTH_4268d646484344c694f0f2dc49fef4bb/gnocchi.fff46774-5f0b-4d93-9e89-c1692ec8a16d" "txb512f656966b41edba622-0068e392da" "container-server 22" 0.0054 "-" 21 0
Oct 6 09:58:50 standalone container-server[129781]: 172.20.0.100 - - [06/Oct/2025:09:58:50 +0000] "PUT /d1/1001/AUTH_4268d646484344c694f0f2dc49fef4bb/gnocchi.fff46774-5f0b-4d93-9e89-c1692ec8a16d" 201 - "PUT http://172.18.0.2:8080/v1/AUTH_4268d646484344c694f0f2dc49fef4bb/gnocchi.fff46774-5f0b-4d93-9e89-c1692ec8a16d" "txb512f656966b41edba622-0068e392da" "proxy-server 20" 0.0189 "-" 22 0
Oct 6 09:58:50 standalone proxy-server[131818]: 172.18.0.2 172.18.0.100 06/Oct/2025/09/58/50 PUT /v1/AUTH_4268d646484344c694f0f2dc49fef4bb/gnocchi.fff46774-5f0b-4d93-9e89-c1692ec8a16d HTTP/1.0 201 - python-swiftclient-3.11.1 gAAAAABo45JMWJyK... - - - txb512f656966b41edba622-0068e392da - 0.0316 - - 1759744730.680532455 1759744730.712177515 0
Oct 6 09:58:50 standalone container-server[129764]: 172.20.0.100 - - [06/Oct/2025:09:58:50 +0000] "HEAD /d1/1001/AUTH_4268d646484344c694f0f2dc49fef4bb/gnocchi.fff46774-5f0b-4d93-9e89-c1692ec8a16d" 204 - "HEAD http://172.18.0.2:8080/v1/AUTH_4268d646484344c694f0f2dc49fef4bb/gnocchi.fff46774-5f0b-4d93-9e89-c1692ec8a16d?format=json&states=listing" "txbaaee1b4f65a40478732c-0068e392da" "proxy-server 20" 0.0012 "-" 20 0
Oct 6 09:58:50 standalone proxy-server[131818]: - - 06/Oct/2025/09/58/50 HEAD /v1/AUTH_4268d646484344c694f0f2dc49fef4bb/gnocchi.fff46774-5f0b-4d93-9e89-c1692ec8a16d%3Fformat%3Djson%26states%3Dlisting HTTP/1.0 204 - Swift - - - - txbaaee1b4f65a40478732c-0068e392da - 0.0038 RL - 1759744730.716250181 1759744730.720018864 0
Oct 6 09:58:50 standalone container-server[129781]: 172.20.0.100 - - [06/Oct/2025:09:58:50 +0000] "GET /d1/1001/AUTH_4268d646484344c694f0f2dc49fef4bb/gnocchi.fff46774-5f0b-4d93-9e89-c1692ec8a16d" 200 2 "GET http://172.18.0.2:8080/v1/AUTH_4268d646484344c694f0f2dc49fef4bb/gnocchi.fff46774-5f0b-4d93-9e89-c1692ec8a16d?format=json&states=listing" "txbaaee1b4f65a40478732c-0068e392da" "proxy-server 20" 0.0018 "-" 22 0
Oct 6 09:58:50 standalone proxy-server[131818]: 172.18.0.2 172.18.0.100 06/Oct/2025/09/58/50 GET /v1/AUTH_4268d646484344c694f0f2dc49fef4bb/gnocchi.fff46774-5f0b-4d93-9e89-c1692ec8a16d%3Fformat%3Djson%26states%3Dlisting HTTP/1.0 200 - python-swiftclient-3.11.1 gAAAAABo45JMWJyK... - 2 - txbaaee1b4f65a40478732c-0068e392da - 0.0105 - - 1759744730.715443850 1759744730.725971937 0
Oct 6 09:58:50 standalone object-server[130053]: 172.20.0.100 - - [06/Oct/2025:09:58:50 +0000] "GET /d1/559/AUTH_4268d646484344c694f0f2dc49fef4bb/gnocchi.fff46774-5f0b-4d93-9e89-c1692ec8a16d/1759320000.0_mean_300.0_v3" 404 70 "GET http://172.18.0.2:8080/v1/AUTH_4268d646484344c694f0f2dc49fef4bb/gnocchi.fff46774-5f0b-4d93-9e89-c1692ec8a16d/1759320000.0_mean_300.0_v3" "tx154d7e0ce0c44af7a57c4-0068e392da" "proxy-server 20" 0.0004 "-" 23 0
Oct 6 09:58:50 standalone proxy-server[131818]: 172.18.0.2 172.18.0.100 06/Oct/2025/09/58/50 GET /v1/AUTH_4268d646484344c694f0f2dc49fef4bb/gnocchi.fff46774-5f0b-4d93-9e89-c1692ec8a16d/1759320000.0_mean_300.0_v3 HTTP/1.0 404 - python-swiftclient-3.11.1 gAAAAABo45JMWJyK... - 70 - tx154d7e0ce0c44af7a57c4-0068e392da - 0.0040 - - 1759744730.728550196 1759744730.732540131 0
Oct 6 09:58:50 standalone container-server[129769]: 172.20.0.100 - - [06/Oct/2025:09:58:50 +0000] "PUT /d1/1001/AUTH_4268d646484344c694f0f2dc49fef4bb/gnocchi.fff46774-5f0b-4d93-9e89-c1692ec8a16d/1759320000.0_mean_300.0_v3" 201 - "PUT http://172.18.0.2:8080/d1/559/AUTH_4268d646484344c694f0f2dc49fef4bb/gnocchi.fff46774-5f0b-4d93-9e89-c1692ec8a16d/1759320000.0_mean_300.0_v3" "txc0afde7fcc974bd2bdc9f-0068e392da" "object-server 25" 0.0006 "-" 21 0
Oct 6 09:58:50 standalone object-server[130067]: 172.20.0.100 - - [06/Oct/2025:09:58:50 +0000] "PUT /d1/559/AUTH_4268d646484344c694f0f2dc49fef4bb/gnocchi.fff46774-5f0b-4d93-9e89-c1692ec8a16d/1759320000.0_mean_300.0_v3" 201 - "PUT http://172.18.0.2:8080/v1/AUTH_4268d646484344c694f0f2dc49fef4bb/gnocchi.fff46774-5f0b-4d93-9e89-c1692ec8a16d/1759320000.0_mean_300.0_v3" "txc0afde7fcc974bd2bdc9f-0068e392da" "proxy-server 20" 0.0087 "-" 25 0
Oct 6 09:58:50 standalone proxy-server[131818]: 172.18.0.2 172.18.0.100 06/Oct/2025/09/58/50 PUT /v1/AUTH_4268d646484344c694f0f2dc49fef4bb/gnocchi.fff46774-5f0b-4d93-9e89-c1692ec8a16d/1759320000.0_mean_300.0_v3 HTTP/1.0 201 - python-swiftclient-3.11.1 gAAAAABo45JMWJyK... 16 - - txc0afde7fcc974bd2bdc9f-0068e392da - 0.0122 - - 1759744730.734367371 1759744730.746584415 0
Oct 6 09:58:50 standalone container-server[129791]: 172.20.0.100 - - [06/Oct/2025:09:58:50 +0000] "PUT /d1/1001/AUTH_4268d646484344c694f0f2dc49fef4bb/gnocchi.fff46774-5f0b-4d93-9e89-c1692ec8a16d/none_v3" 201 - "PUT http://172.18.0.2:8080/d1/640/AUTH_4268d646484344c694f0f2dc49fef4bb/gnocchi.fff46774-5f0b-4d93-9e89-c1692ec8a16d/none_v3" "tx069f165d52694326bcada-0068e392da" "object-server 25" 0.0004 "-" 23 0
Oct 6 09:58:50 standalone object-server[130067]: 172.20.0.100 - - [06/Oct/2025:09:58:50 +0000] "PUT /d1/640/AUTH_4268d646484344c694f0f2dc49fef4bb/gnocchi.fff46774-5f0b-4d93-9e89-c1692ec8a16d/none_v3" 201 - "PUT http://172.18.0.2:8080/v1/AUTH_4268d646484344c694f0f2dc49fef4bb/gnocchi.fff46774-5f0b-4d93-9e89-c1692ec8a16d/none_v3" "tx069f165d52694326bcada-0068e392da" "proxy-server 20" 0.0081 "-" 25 0
Oct 6 09:58:50 standalone proxy-server[131818]: 172.18.0.2 172.18.0.100 06/Oct/2025/09/58/50 PUT /v1/AUTH_4268d646484344c694f0f2dc49fef4bb/gnocchi.fff46774-5f0b-4d93-9e89-c1692ec8a16d/none_v3 HTTP/1.0 201 - python-swiftclient-3.11.1 gAAAAABo45JMWJyK... 22 - - tx069f165d52694326bcada-0068e392da - 0.0121 - - 1759744730.748404503 1759744730.760523081 0
Oct 6 09:58:56 standalone object-server[130067]: 172.20.0.100 - - [06/Oct/2025:09:58:56 +0000] "GET /d1/640/AUTH_4268d646484344c694f0f2dc49fef4bb/gnocchi.fff46774-5f0b-4d93-9e89-c1692ec8a16d/none_v3" 200 22 "GET http://172.18.0.2:8080/v1/AUTH_4268d646484344c694f0f2dc49fef4bb/gnocchi.fff46774-5f0b-4d93-9e89-c1692ec8a16d/none_v3" "tx50f7d27f2c7e47b68b623-0068e392e0" "proxy-server 20" 0.0014 "-" 25 0
Oct 6 09:58:56 standalone proxy-server[131818]: 172.18.0.2 172.18.0.100 06/Oct/2025/09/58/56 GET /v1/AUTH_4268d646484344c694f0f2dc49fef4bb/gnocchi.fff46774-5f0b-4d93-9e89-c1692ec8a16d/none_v3 HTTP/1.0 200 - python-swiftclient-3.11.1 gAAAAABo45JMWJyK... - 22 - tx50f7d27f2c7e47b68b623-0068e392e0 - 0.0091 - - 1759744736.245516062 1759744736.254609585 0
Oct 6 09:58:56 standalone container-server[129764]: 172.20.0.100 - - [06/Oct/2025:09:58:56 +0000] "GET /d1/1001/AUTH_4268d646484344c694f0f2dc49fef4bb/gnocchi.fff46774-5f0b-4d93-9e89-c1692ec8a16d" 200 357 "GET http://172.18.0.2:8080/v1/AUTH_4268d646484344c694f0f2dc49fef4bb/gnocchi.fff46774-5f0b-4d93-9e89-c1692ec8a16d?format=json&states=listing" "tx92d71fed35aa43509c75f-0068e392e0" "proxy-server 20" 0.0100 "-" 20 0
Oct 6 09:58:56 standalone proxy-server[131818]: 172.18.0.2 172.18.0.100 06/Oct/2025/09/58/56 GET /v1/AUTH_4268d646484344c694f0f2dc49fef4bb/gnocchi.fff46774-5f0b-4d93-9e89-c1692ec8a16d%3Fformat%3Djson%26states%3Dlisting HTTP/1.0 200 - python-swiftclient-3.11.1 gAAAAABo45JMWJyK... - 357 - tx92d71fed35aa43509c75f-0068e392e0 - 0.0185 - - 1759744736.259462357 1759744736.277915478 0
Oct 6 09:58:56 standalone container-server[129769]: 172.20.0.100 - - [06/Oct/2025:09:58:56 +0000] "GET /d1/1001/AUTH_4268d646484344c694f0f2dc49fef4bb/gnocchi.fff46774-5f0b-4d93-9e89-c1692ec8a16d" 200 2 "GET http://172.18.0.2:8080/v1/AUTH_4268d646484344c694f0f2dc49fef4bb/gnocchi.fff46774-5f0b-4d93-9e89-c1692ec8a16d?format=json&marker=none_v3&states=listing" "tx76847bcd917b4afdb0ec9-0068e392e0" "proxy-server 20" 0.0036 "-" 21 0
Oct 6 09:58:56 standalone proxy-server[131818]: 172.18.0.2 172.18.0.100 06/Oct/2025/09/58/56 GET /v1/AUTH_4268d646484344c694f0f2dc49fef4bb/gnocchi.fff46774-5f0b-4d93-9e89-c1692ec8a16d%3Fformat%3Djson%26marker%3Dnone_v3%26states%3Dlisting HTTP/1.0 200 - python-swiftclient-3.11.1 gAAAAABo45JMWJyK... - 2 - tx76847bcd917b4afdb0ec9-0068e392e0 - 0.0143 - - 1759744736.283039331 1759744736.297356367 0
Oct 6 09:58:56 standalone object-server[130052]: 172.20.0.100 - - [06/Oct/2025:09:58:56 +0000] "GET /d1/559/AUTH_4268d646484344c694f0f2dc49fef4bb/gnocchi.fff46774-5f0b-4d93-9e89-c1692ec8a16d/1759320000.0_mean_300.0_v3" 200 16 "GET http://172.18.0.2:8080/v1/AUTH_4268d646484344c694f0f2dc49fef4bb/gnocchi.fff46774-5f0b-4d93-9e89-c1692ec8a16d/1759320000.0_mean_300.0_v3" "txb003f9dcadeb4cb6b05ae-0068e392e0" "proxy-server 20" 0.0011 "-" 22 0
Oct 6 09:58:56 standalone proxy-server[131818]: 172.18.0.2 172.18.0.100 06/Oct/2025/09/58/56 GET /v1/AUTH_4268d646484344c694f0f2dc49fef4bb/gnocchi.fff46774-5f0b-4d93-9e89-c1692ec8a16d/1759320000.0_mean_300.0_v3 HTTP/1.0 200 - python-swiftclient-3.11.1 gAAAAABo45JMWJyK... - 16 - txb003f9dcadeb4cb6b05ae-0068e392e0 - 0.0113 - - 1759744736.302525520 1759744736.313830614 0
Oct 6 09:58:56 standalone container-server[129791]: 172.20.0.100 - - [06/Oct/2025:09:58:56 +0000] "PUT /d1/1001/AUTH_4268d646484344c694f0f2dc49fef4bb/gnocchi.fff46774-5f0b-4d93-9e89-c1692ec8a16d/1759320000.0_mean_300.0_v3" 201 - "PUT http://172.18.0.2:8080/d1/559/AUTH_4268d646484344c694f0f2dc49fef4bb/gnocchi.fff46774-5f0b-4d93-9e89-c1692ec8a16d/1759320000.0_mean_300.0_v3" "tx08aa7b50b32f4b18bbaab-0068e392e0" "object-server 22" 0.0007 "-" 23 0
Oct 6 09:58:56 standalone object-server[130052]: 172.20.0.100 - - [06/Oct/2025:09:58:56 +0000] "PUT /d1/559/AUTH_4268d646484344c694f0f2dc49fef4bb/gnocchi.fff46774-5f0b-4d93-9e89-c1692ec8a16d/1759320000.0_mean_300.0_v3" 201 - "PUT http://172.18.0.2:8080/v1/AUTH_4268d646484344c694f0f2dc49fef4bb/gnocchi.fff46774-5f0b-4d93-9e89-c1692ec8a16d/1759320000.0_mean_300.0_v3" "tx08aa7b50b32f4b18bbaab-0068e392e0" "proxy-server 20" 0.0121 "-" 22 0
Oct 6 09:58:56 standalone proxy-server[131818]: 172.18.0.2 172.18.0.100 06/Oct/2025/09/58/56 PUT /v1/AUTH_4268d646484344c694f0f2dc49fef4bb/gnocchi.fff46774-5f0b-4d93-9e89-c1692ec8a16d/1759320000.0_mean_300.0_v3 HTTP/1.0 201 - python-swiftclient-3.11.1 gAAAAABo45JMWJyK... 16 - - tx08aa7b50b32f4b18bbaab-0068e392e0 - 0.0208 - - 1759744736.317868710 1759744736.338670731 0
Oct 6 09:58:56 standalone container-server[129781]: 172.20.0.100 - - [06/Oct/2025:09:58:56 +0000] "PUT /d1/1001/AUTH_4268d646484344c694f0f2dc49fef4bb/gnocchi.fff46774-5f0b-4d93-9e89-c1692ec8a16d/none_v3" 201 - "PUT http://172.18.0.2:8080/d1/640/AUTH_4268d646484344c694f0f2dc49fef4bb/gnocchi.fff46774-5f0b-4d93-9e89-c1692ec8a16d/none_v3" "tx744822bdd1af458f9aaf9-0068e392e0" "object-server 25" 0.0011 "-" 22 0
Oct 6 09:58:56 standalone object-server[130067]: 172.20.0.100 - - [06/Oct/2025:09:58:56 +0000] "PUT /d1/640/AUTH_4268d646484344c694f0f2dc49fef4bb/gnocchi.fff46774-5f0b-4d93-9e89-c1692ec8a16d/none_v3" 201 - "PUT http://172.18.0.2:8080/v1/AUTH_4268d646484344c694f0f2dc49fef4bb/gnocchi.fff46774-5f0b-4d93-9e89-c1692ec8a16d/none_v3" "tx744822bdd1af458f9aaf9-0068e392e0" "proxy-server 20" 0.0136 "-" 25 0
Oct 6 09:58:56 standalone proxy-server[131818]: 172.18.0.2 172.18.0.100 06/Oct/2025/09/58/56 PUT /v1/AUTH_4268d646484344c694f0f2dc49fef4bb/gnocchi.fff46774-5f0b-4d93-9e89-c1692ec8a16d/none_v3 HTTP/1.0 201 - python-swiftclient-3.11.1 gAAAAABo45JMWJyK... 32 - - tx744822bdd1af458f9aaf9-0068e392e0 - 0.0222 - - 1759744736.342320204 1759744736.364545345 0
Oct 6 09:59:21 standalone container-server[129764]: 172.20.0.100 - - [06/Oct/2025:09:59:21 +0000] "HEAD /d1/880/AUTH_4268d646484344c694f0f2dc49fef4bb/gnocchi.7c1ed8f6-754a-48d7-89ab-9fb7a903888d" 404 - "HEAD http://172.18.0.2:8080/v1/AUTH_4268d646484344c694f0f2dc49fef4bb/gnocchi.7c1ed8f6-754a-48d7-89ab-9fb7a903888d?format=json&states=listing" "txe7eb535852a14f4ab36b9-0068e392f9" "proxy-server 20" 0.0004 "-" 20 0
Oct 6 09:59:21 standalone object-server[130053]: 172.20.0.100 - - [06/Oct/2025:09:59:21 +0000] "GET /d1/556/AUTH_4268d646484344c694f0f2dc49fef4bb/gnocchi.7c1ed8f6-754a-48d7-89ab-9fb7a903888d/none_v3" 404 70 "GET http://172.18.0.2:8080/v1/AUTH_4268d646484344c694f0f2dc49fef4bb/gnocchi.7c1ed8f6-754a-48d7-89ab-9fb7a903888d/none_v3" "txe7eb535852a14f4ab36b9-0068e392f9" "proxy-server 20" 0.0005 "-" 23 0
Oct 6 09:59:21 standalone proxy-server[131818]: 172.18.0.2 172.18.0.100 06/Oct/2025/09/59/21 GET /v1/AUTH_4268d646484344c694f0f2dc49fef4bb/gnocchi.7c1ed8f6-754a-48d7-89ab-9fb7a903888d/none_v3 HTTP/1.0 404 - python-swiftclient-3.11.1 gAAAAABo45JMWJyK... - 70 - txe7eb535852a14f4ab36b9-0068e392f9 - 0.0113 - - 1759744761.073609829 1759744761.084897518 0
Oct 6 09:59:21 standalone account-server[129757]: 172.20.0.100 - - [06/Oct/2025:09:59:21 +0000] "PUT /d1/864/AUTH_4268d646484344c694f0f2dc49fef4bb/gnocchi.7c1ed8f6-754a-48d7-89ab-9fb7a903888d" 201 - "PUT http://172.20.0.100:6001/d1/880/AUTH_4268d646484344c694f0f2dc49fef4bb/gnocchi.7c1ed8f6-754a-48d7-89ab-9fb7a903888d" "txa81207528aab4ecf8abd4-0068e392f9" "container-server 20" 0.0072 "-" 21 0
Oct 6 09:59:21 standalone container-server[129764]: 172.20.0.100 - - [06/Oct/2025:09:59:21 +0000] "PUT /d1/880/AUTH_4268d646484344c694f0f2dc49fef4bb/gnocchi.7c1ed8f6-754a-48d7-89ab-9fb7a903888d" 201 - "PUT http://172.18.0.2:8080/v1/AUTH_4268d646484344c694f0f2dc49fef4bb/gnocchi.7c1ed8f6-754a-48d7-89ab-9fb7a903888d" "txa81207528aab4ecf8abd4-0068e392f9" "proxy-server 20" 0.0203 "-" 20 0
Oct 6 09:59:21 standalone proxy-server[131818]: 172.18.0.2 172.18.0.100 06/Oct/2025/09/59/21 PUT /v1/AUTH_4268d646484344c694f0f2dc49fef4bb/gnocchi.7c1ed8f6-754a-48d7-89ab-9fb7a903888d HTTP/1.0 201 - python-swiftclient-3.11.1 gAAAAABo45JMWJyK... - - - txa81207528aab4ecf8abd4-0068e392f9 - 0.0287 - - 1759744761.088629723 1759744761.117321014 0
Oct 6 09:59:21 standalone container-server[129769]: 172.20.0.100 - - [06/Oct/2025:09:59:21 +0000] "HEAD /d1/880/AUTH_4268d646484344c694f0f2dc49fef4bb/gnocchi.7c1ed8f6-754a-48d7-89ab-9fb7a903888d" 204 - "HEAD http://172.18.0.2:8080/v1/AUTH_4268d646484344c694f0f2dc49fef4bb/gnocchi.7c1ed8f6-754a-48d7-89ab-9fb7a903888d?format=json&states=listing" "tx1cc68bd87afa4eaa8965d-0068e392f9" "proxy-server 20" 0.0042 "-" 21 0
Oct 6 09:59:21 standalone proxy-server[131818]: - - 06/Oct/2025/09/59/21 HEAD /v1/AUTH_4268d646484344c694f0f2dc49fef4bb/gnocchi.7c1ed8f6-754a-48d7-89ab-9fb7a903888d%3Fformat%3Djson%26states%3Dlisting HTTP/1.0 204 - Swift - - - - tx1cc68bd87afa4eaa8965d-0068e392f9 - 0.0080 RL - 1759744761.121309280 1759744761.129341364 0
Oct 6 09:59:21 standalone container-server[129769]: 172.20.0.100 - - [06/Oct/2025:09:59:21 +0000] "GET /d1/880/AUTH_4268d646484344c694f0f2dc49fef4bb/gnocchi.7c1ed8f6-754a-48d7-89ab-9fb7a903888d" 200 2 "GET http://172.18.0.2:8080/v1/AUTH_4268d646484344c694f0f2dc49fef4bb/gnocchi.7c1ed8f6-754a-48d7-89ab-9fb7a903888d?format=json&states=listing" "tx1cc68bd87afa4eaa8965d-0068e392f9" "proxy-server 20" 0.0029 "-" 21 0
Oct 6 09:59:21 standalone proxy-server[131818]: 172.18.0.2 172.18.0.100 06/Oct/2025/09/59/21 GET /v1/AUTH_4268d646484344c694f0f2dc49fef4bb/gnocchi.7c1ed8f6-754a-48d7-89ab-9fb7a903888d%3Fformat%3Djson%26states%3Dlisting HTTP/1.0 200 - python-swiftclient-3.11.1 gAAAAABo45JMWJyK... - 2 - tx1cc68bd87afa4eaa8965d-0068e392f9 - 0.0202 - - 1759744761.120288372 1759744761.140441895 0
Oct 6 09:59:21 standalone object-server[130053]: 172.20.0.100 - - [06/Oct/2025:09:59:21 +0000] "GET /d1/941/AUTH_4268d646484344c694f0f2dc49fef4bb/gnocchi.7c1ed8f6-754a-48d7-89ab-9fb7a903888d/1759320000.0_mean_300.0_v3" 404 70 "GET http://172.18.0.2:8080/v1/AUTH_4268d646484344c694f0f2dc49fef4bb/gnocchi.7c1ed8f6-754a-48d7-89ab-9fb7a903888d/1759320000.0_mean_300.0_v3" "tx90e9b07795734661901b5-0068e392f9" "proxy-server 20" 0.0004 "-" 23 0
Oct 6 09:59:21 standalone proxy-server[131818]: 172.18.0.2 172.18.0.100 06/Oct/2025/09/59/21 GET /v1/AUTH_4268d646484344c694f0f2dc49fef4bb/gnocchi.7c1ed8f6-754a-48d7-89ab-9fb7a903888d/1759320000.0_mean_300.0_v3 HTTP/1.0 404 - python-swiftclient-3.11.1 gAAAAABo45JMWJyK... - 70 - tx90e9b07795734661901b5-0068e392f9 - 0.0049 - - 1759744761.143549681 1759744761.148405552 0
Oct 6 09:59:21 standalone container-server[129769]: 172.20.0.100 - - [06/Oct/2025:09:59:21 +0000] "PUT /d1/880/AUTH_4268d646484344c694f0f2dc49fef4bb/gnocchi.7c1ed8f6-754a-48d7-89ab-9fb7a903888d/1759320000.0_mean_300.0_v3" 201 - "PUT http://172.18.0.2:8080/d1/941/AUTH_4268d646484344c694f0f2dc49fef4bb/gnocchi.7c1ed8f6-754a-48d7-89ab-9fb7a903888d/1759320000.0_mean_300.0_v3" "txe8331c4cf8804aec9b26e-0068e392f9" "object-server 22" 0.0006 "-" 21 0
Oct 6 09:59:21 standalone object-server[130052]: 172.20.0.100 - - [06/Oct/2025:09:59:21 +0000] "PUT /d1/941/AUTH_4268d646484344c694f0f2dc49fef4bb/gnocchi.7c1ed8f6-754a-48d7-89ab-9fb7a903888d/1759320000.0_mean_300.0_v3" 201 - "PUT http://172.18.0.2:8080/v1/AUTH_4268d646484344c694f0f2dc49fef4bb/gnocchi.7c1ed8f6-754a-48d7-89ab-9fb7a903888d/1759320000.0_mean_300.0_v3" "txe8331c4cf8804aec9b26e-0068e392f9" "proxy-server 20" 0.0126 "-" 22 0
Oct 6 09:59:21 standalone proxy-server[131818]: 172.18.0.2 172.18.0.100 06/Oct/2025/09/59/21 PUT /v1/AUTH_4268d646484344c694f0f2dc49fef4bb/gnocchi.7c1ed8f6-754a-48d7-89ab-9fb7a903888d/1759320000.0_mean_300.0_v3 HTTP/1.0 201 - python-swiftclient-3.11.1 gAAAAABo45JMWJyK... 16 - - txe8331c4cf8804aec9b26e-0068e392f9 - 0.0173 - - 1759744761.150367975 1759744761.167685270 0
Oct 6 09:59:21 standalone container-server[129781]: 172.20.0.100 - - [06/Oct/2025:09:59:21 +0000] "PUT /d1/880/AUTH_4268d646484344c694f0f2dc49fef4bb/gnocchi.7c1ed8f6-754a-48d7-89ab-9fb7a903888d/none_v3" 201 - "PUT http://172.18.0.2:8080/d1/556/AUTH_4268d646484344c694f0f2dc49fef4bb/gnocchi.7c1ed8f6-754a-48d7-89ab-9fb7a903888d/none_v3" "tx14623c7bafb343d3951a5-0068e392f9" "object-server 22" 0.0006 "-" 22 0
Oct 6 09:59:21 standalone object-server[130052]: 172.20.0.100 - - [06/Oct/2025:09:59:21 +0000] "PUT /d1/556/AUTH_4268d646484344c694f0f2dc49fef4bb/gnocchi.7c1ed8f6-754a-48d7-89ab-9fb7a903888d/none_v3" 201 - "PUT http://172.18.0.2:8080/v1/AUTH_4268d646484344c694f0f2dc49fef4bb/gnocchi.7c1ed8f6-754a-48d7-89ab-9fb7a903888d/none_v3" "tx14623c7bafb343d3951a5-0068e392f9" "proxy-server 20" 0.0137 "-" 22 0
Oct 6 09:59:21 standalone proxy-server[131818]: 172.18.0.2 172.18.0.100 06/Oct/2025/09/59/21 PUT /v1/AUTH_4268d646484344c694f0f2dc49fef4bb/gnocchi.7c1ed8f6-754a-48d7-89ab-9fb7a903888d/none_v3 HTTP/1.0 201 - python-swiftclient-3.11.1 gAAAAABo45JMWJyK... 22 - - tx14623c7bafb343d3951a5-0068e392f9 - 0.0186 - - 1759744761.170093060 1759744761.188678026 0
Oct 6 09:59:21 standalone container-server[129769]: 172.20.0.100 - - [06/Oct/2025:09:59:21 +0000] "HEAD /d1/533/AUTH_4268d646484344c694f0f2dc49fef4bb/gnocchi.f9f4e506-319f-41ce-addd-c680e7950617" 404 - "HEAD http://172.18.0.2:8080/v1/AUTH_4268d646484344c694f0f2dc49fef4bb/gnocchi.f9f4e506-319f-41ce-addd-c680e7950617?format=json&states=listing" "tx7da222bed5974c38b8862-0068e392f9" "proxy-server 20" 0.0003 "-" 21 0
Oct 6 09:59:21 standalone object-server[130052]: 172.20.0.100 - - [06/Oct/2025:09:59:21 +0000] "GET /d1/39/AUTH_4268d646484344c694f0f2dc49fef4bb/gnocchi.f9f4e506-319f-41ce-addd-c680e7950617/none_v3" 404 70 "GET http://172.18.0.2:8080/v1/AUTH_4268d646484344c694f0f2dc49fef4bb/gnocchi.f9f4e506-319f-41ce-addd-c680e7950617/none_v3" "tx7da222bed5974c38b8862-0068e392f9" "proxy-server 20" 0.0003 "-" 22 0
Oct 6 09:59:21 standalone proxy-server[131818]: 172.18.0.2 172.18.0.100 06/Oct/2025/09/59/21 GET /v1/AUTH_4268d646484344c694f0f2dc49fef4bb/gnocchi.f9f4e506-319f-41ce-addd-c680e7950617/none_v3 HTTP/1.0 404 - python-swiftclient-3.11.1 gAAAAABo45JMWJyK... - 70 - tx7da222bed5974c38b8862-0068e392f9 - 0.0087 - - 1759744761.203128576 1759744761.211826324 0
Oct 6 09:59:21 standalone account-server[129768]: 172.20.0.100 - - [06/Oct/2025:09:59:21 +0000] "PUT /d1/864/AUTH_4268d646484344c694f0f2dc49fef4bb/gnocchi.f9f4e506-319f-41ce-addd-c680e7950617" 201 - "PUT http://172.20.0.100:6001/d1/533/AUTH_4268d646484344c694f0f2dc49fef4bb/gnocchi.f9f4e506-319f-41ce-addd-c680e7950617" "tx3fab8b9d2a144584b2014-0068e392f9" "container-server 21" 0.0051 "-" 22 0
Oct 6 09:59:21 standalone container-server[129769]: 172.20.0.100 - - [06/Oct/2025:09:59:21 +0000] "PUT /d1/533/AUTH_4268d646484344c694f0f2dc49fef4bb/gnocchi.f9f4e506-319f-41ce-addd-c680e7950617" 201 - "PUT http://172.18.0.2:8080/v1/AUTH_4268d646484344c694f0f2dc49fef4bb/gnocchi.f9f4e506-319f-41ce-addd-c680e7950617" "tx3fab8b9d2a144584b2014-0068e392f9" "proxy-server 20" 0.0132 "-" 21 0
Oct 6 09:59:21 standalone proxy-server[131818]: 172.18.0.2 172.18.0.100 06/Oct/2025/09/59/21 PUT /v1/AUTH_4268d646484344c694f0f2dc49fef4bb/gnocchi.f9f4e506-319f-41ce-addd-c680e7950617 HTTP/1.0 201 - python-swiftclient-3.11.1 gAAAAABo45JMWJyK... - - - tx3fab8b9d2a144584b2014-0068e392f9 - 0.0302 - - 1759744761.214680672 1759744761.244861126 0
Oct 6 09:59:21 standalone container-server[129769]: 172.20.0.100 - - [06/Oct/2025:09:59:21 +0000] "HEAD /d1/533/AUTH_4268d646484344c694f0f2dc49fef4bb/gnocchi.f9f4e506-319f-41ce-addd-c680e7950617" 204 - "HEAD http://172.18.0.2:8080/v1/AUTH_4268d646484344c694f0f2dc49fef4bb/gnocchi.f9f4e506-319f-41ce-addd-c680e7950617?format=json&states=listing" "tx6f1b693f0cb543859a8a8-0068e392f9" "proxy-server 20" 0.0012 "-" 21 0
Oct 6 09:59:21 standalone proxy-server[131818]: - - 06/Oct/2025/09/59/21 HEAD /v1/AUTH_4268d646484344c694f0f2dc49fef4bb/gnocchi.f9f4e506-319f-41ce-addd-c680e7950617%3Fformat%3Djson%26states%3Dlisting HTTP/1.0 204 - Swift - - - - tx6f1b693f0cb543859a8a8-0068e392f9 - 0.0035 RL - 1759744761.248703241 1759744761.252248526 0
Oct 6 09:59:21 standalone container-server[129764]: 172.20.0.100 - - [06/Oct/2025:09:59:21 +0000] "GET /d1/533/AUTH_4268d646484344c694f0f2dc49fef4bb/gnocchi.f9f4e506-319f-41ce-addd-c680e7950617" 200 2 "GET http://172.18.0.2:8080/v1/AUTH_4268d646484344c694f0f2dc49fef4bb/gnocchi.f9f4e506-319f-41ce-addd-c680e7950617?format=json&states=listing" "tx6f1b693f0cb543859a8a8-0068e392f9" "proxy-server 20" 0.0024 "-" 20 0
Oct 6 09:59:21 standalone proxy-server[131818]: 172.18.0.2 172.18.0.100 06/Oct/2025/09/59/21 GET /v1/AUTH_4268d646484344c694f0f2dc49fef4bb/gnocchi.f9f4e506-319f-41ce-addd-c680e7950617%3Fformat%3Djson%26states%3Dlisting HTTP/1.0 200 - python-swiftclient-3.11.1 gAAAAABo45JMWJyK... - 2 - tx6f1b693f0cb543859a8a8-0068e392f9 - 0.0111 - - 1759744761.247957945 1759744761.259054661 0
Oct 6 09:59:21 standalone object-server[130054]: 172.20.0.100 - - [06/Oct/2025:09:59:21 +0000] "GET /d1/87/AUTH_4268d646484344c694f0f2dc49fef4bb/gnocchi.f9f4e506-319f-41ce-addd-c680e7950617/1759320000.0_mean_300.0_v3" 404 70 "GET http://172.18.0.2:8080/v1/AUTH_4268d646484344c694f0f2dc49fef4bb/gnocchi.f9f4e506-319f-41ce-addd-c680e7950617/1759320000.0_mean_300.0_v3" "txde08115cf1374991a7f9c-0068e392f9" "proxy-server 20" 0.0004 "-" 24 0
Oct 6 09:59:21 standalone proxy-server[131818]: 172.18.0.2 172.18.0.100 06/Oct/2025/09/59/21 GET /v1/AUTH_4268d646484344c694f0f2dc49fef4bb/gnocchi.f9f4e506-319f-41ce-addd-c680e7950617/1759320000.0_mean_300.0_v3 HTTP/1.0 404 - python-swiftclient-3.11.1 gAAAAABo45JMWJyK... - 70 - txde08115cf1374991a7f9c-0068e392f9 - 0.0044 - - 1759744761.261875153 1759744761.266257048 0
Oct 6 09:59:21 standalone container-server[129791]: 172.20.0.100 - - [06/Oct/2025:09:59:21 +0000] "PUT /d1/533/AUTH_4268d646484344c694f0f2dc49fef4bb/gnocchi.f9f4e506-319f-41ce-addd-c680e7950617/1759320000.0_mean_300.0_v3" 201 - "PUT http://172.18.0.2:8080/d1/87/AUTH_4268d646484344c694f0f2dc49fef4bb/gnocchi.f9f4e506-319f-41ce-addd-c680e7950617/1759320000.0_mean_300.0_v3" "tx4ef07edf83f242df946bd-0068e392f9" "object-server 22" 0.0006 "-" 23 0
Oct 6 09:59:21 standalone object-server[130052]: 172.20.0.100 - - [06/Oct/2025:09:59:21 +0000] "PUT /d1/87/AUTH_4268d646484344c694f0f2dc49fef4bb/gnocchi.f9f4e506-319f-41ce-addd-c680e7950617/1759320000.0_mean_300.0_v3" 201 - "PUT http://172.18.0.2:8080/v1/AUTH_4268d646484344c694f0f2dc49fef4bb/gnocchi.f9f4e506-319f-41ce-addd-c680e7950617/1759320000.0_mean_300.0_v3" "tx4ef07edf83f242df946bd-0068e392f9" "proxy-server 20" 0.0073 "-" 22 0
Oct 6 09:59:21 standalone proxy-server[131818]: 172.18.0.2 172.18.0.100 06/Oct/2025/09/59/21 PUT /v1/AUTH_4268d646484344c694f0f2dc49fef4bb/gnocchi.f9f4e506-319f-41ce-addd-c680e7950617/1759320000.0_mean_300.0_v3 HTTP/1.0 201 - python-swiftclient-3.11.1 gAAAAABo45JMWJyK... 16 - - tx4ef07edf83f242df946bd-0068e392f9 - 0.0114 - - 1759744761.268396616 1759744761.279820442 0
Oct 6 09:59:21 standalone container-server[129791]: 172.20.0.100 - - [06/Oct/2025:09:59:21 +0000] "PUT /d1/533/AUTH_4268d646484344c694f0f2dc49fef4bb/gnocchi.f9f4e506-319f-41ce-addd-c680e7950617/none_v3" 201 - "PUT http://172.18.0.2:8080/d1/39/AUTH_4268d646484344c694f0f2dc49fef4bb/gnocchi.f9f4e506-319f-41ce-addd-c680e7950617/none_v3" "tx9bd2a45f2b8546a3b8ee3-0068e392f9" "object-server 24" 0.0004 "-" 23 0
Oct 6 09:59:21 standalone object-server[130054]: 172.20.0.100 - - [06/Oct/2025:09:59:21 +0000] "PUT /d1/39/AUTH_4268d646484344c694f0f2dc49fef4bb/gnocchi.f9f4e506-319f-41ce-addd-c680e7950617/none_v3" 201 - "PUT http://172.18.0.2:8080/v1/AUTH_4268d646484344c694f0f2dc49fef4bb/gnocchi.f9f4e506-319f-41ce-addd-c680e7950617/none_v3" "tx9bd2a45f2b8546a3b8ee3-0068e392f9" "proxy-server 20" 0.0157 "-" 24 0
Oct 6 09:59:21 standalone proxy-server[131818]: 172.18.0.2 172.18.0.100 06/Oct/2025/09/59/21 PUT /v1/AUTH_4268d646484344c694f0f2dc49fef4bb/gnocchi.f9f4e506-319f-41ce-addd-c680e7950617/none_v3 HTTP/1.0 201 - python-swiftclient-3.11.1 gAAAAABo45JMWJyK... 22 - - tx9bd2a45f2b8546a3b8ee3-0068e392f9 - 0.0246 - - 1759744761.283007383 1759744761.307590485 0
Oct 6 09:59:21 standalone container-server[129781]: 172.20.0.100 - - [06/Oct/2025:09:59:21 +0000] "HEAD /d1/411/AUTH_4268d646484344c694f0f2dc49fef4bb/gnocchi.7ed117a3-75ea-4d61-a6ec-8461c6748fa6" 404 - "HEAD http://172.18.0.2:8080/v1/AUTH_4268d646484344c694f0f2dc49fef4bb/gnocchi.7ed117a3-75ea-4d61-a6ec-8461c6748fa6?format=json&states=listing" "txffdf9fd3afcf4dc39da68-0068e392f9" "proxy-server 20" 0.0004 "-" 22 0
Oct 6 09:59:21 standalone object-server[130053]: 172.20.0.100 - - [06/Oct/2025:09:59:21 +0000] "GET /d1/339/AUTH_4268d646484344c694f0f2dc49fef4bb/gnocchi.7ed117a3-75ea-4d61-a6ec-8461c6748fa6/none_v3" 404 70 "GET http://172.18.0.2:8080/v1/AUTH_4268d646484344c694f0f2dc49fef4bb/gnocchi.7ed117a3-75ea-4d61-a6ec-8461c6748fa6/none_v3" "txffdf9fd3afcf4dc39da68-0068e392f9" "proxy-server 20" 0.0004 "-" 23 0
Oct 6 09:59:21 standalone proxy-server[131818]: 172.18.0.2 172.18.0.100 06/Oct/2025/09/59/21 GET /v1/AUTH_4268d646484344c694f0f2dc49fef4bb/gnocchi.7ed117a3-75ea-4d61-a6ec-8461c6748fa6/none_v3 HTTP/1.0 404 - python-swiftclient-3.11.1 gAAAAABo45JMWJyK... - 70 - txffdf9fd3afcf4dc39da68-0068e392f9 - 0.0119 - - 1759744761.346823215 1759744761.358757019 0
Oct 6 09:59:21 standalone account-server[129757]: 172.20.0.100 - - [06/Oct/2025:09:59:21 +0000] "PUT /d1/864/AUTH_4268d646484344c694f0f2dc49fef4bb/gnocchi.7ed117a3-75ea-4d61-a6ec-8461c6748fa6" 201 - "PUT http://172.20.0.100:6001/d1/411/AUTH_4268d646484344c694f0f2dc49fef4bb/gnocchi.7ed117a3-75ea-4d61-a6ec-8461c6748fa6" "txa3f98e8b6a634c3ba014a-0068e392f9" "container-server 20" 0.0040 "-" 21 0
Oct 6 09:59:21 standalone container-server[129764]: 172.20.0.100 - - [06/Oct/2025:09:59:21 +0000] "PUT /d1/411/AUTH_4268d646484344c694f0f2dc49fef4bb/gnocchi.7ed117a3-75ea-4d61-a6ec-8461c6748fa6" 201 - "PUT http://172.18.0.2:8080/v1/AUTH_4268d646484344c694f0f2dc49fef4bb/gnocchi.7ed117a3-75ea-4d61-a6ec-8461c6748fa6" "txa3f98e8b6a634c3ba014a-0068e392f9" "proxy-server 20" 0.0137 "-" 20 0
Oct 6 09:59:21 standalone proxy-server[131818]: 172.18.0.2 172.18.0.100 06/Oct/2025/09/59/21 PUT /v1/AUTH_4268d646484344c694f0f2dc49fef4bb/gnocchi.7ed117a3-75ea-4d61-a6ec-8461c6748fa6 HTTP/1.0 201 - python-swiftclient-3.11.1 gAAAAABo45JMWJyK... - - - txa3f98e8b6a634c3ba014a-0068e392f9 - 0.0190 - - 1759744761.360920429 1759744761.379946709 0
Oct 6 09:59:21 standalone container-server[129781]: 172.20.0.100 - - [06/Oct/2025:09:59:21 +0000] "HEAD /d1/411/AUTH_4268d646484344c694f0f2dc49fef4bb/gnocchi.7ed117a3-75ea-4d61-a6ec-8461c6748fa6" 204 - "HEAD http://172.18.0.2:8080/v1/AUTH_4268d646484344c694f0f2dc49fef4bb/gnocchi.7ed117a3-75ea-4d61-a6ec-8461c6748fa6?format=json&states=listing" "tx164d1a66cea84d8bada12-0068e392f9" "proxy-server 20" 0.0010 "-" 22 0
Oct 6 09:59:21 standalone proxy-server[131818]: - - 06/Oct/2025/09/59/21 HEAD /v1/AUTH_4268d646484344c694f0f2dc49fef4bb/gnocchi.7ed117a3-75ea-4d61-a6ec-8461c6748fa6%3Fformat%3Djson%26states%3Dlisting HTTP/1.0 204 - Swift - - - - tx164d1a66cea84d8bada12-0068e392f9 - 0.0034 RL - 1759744761.383825064 1759744761.387250185 0
Oct 6 09:59:21 standalone container-server[129769]: 172.20.0.100 - - [06/Oct/2025:09:59:21 +0000] "GET /d1/411/AUTH_4268d646484344c694f0f2dc49fef4bb/gnocchi.7ed117a3-75ea-4d61-a6ec-8461c6748fa6" 200 2 "GET http://172.18.0.2:8080/v1/AUTH_4268d646484344c694f0f2dc49fef4bb/gnocchi.7ed117a3-75ea-4d61-a6ec-8461c6748fa6?format=json&states=listing" "tx164d1a66cea84d8bada12-0068e392f9" "proxy-server 20" 0.0028 "-" 21 0
Oct 6 09:59:21 standalone proxy-server[131818]: 172.18.0.2 172.18.0.100 06/Oct/2025/09/59/21 GET /v1/AUTH_4268d646484344c694f0f2dc49fef4bb/gnocchi.7ed117a3-75ea-4d61-a6ec-8461c6748fa6%3Fformat%3Djson%26states%3Dlisting HTTP/1.0 200 - python-swiftclient-3.11.1 gAAAAABo45JMWJyK... - 2 - tx164d1a66cea84d8bada12-0068e392f9 - 0.0120 - - 1759744761.383031368 1759744761.395020723 0
Oct 6 09:59:21 standalone object-server[130052]: 172.20.0.100 - - [06/Oct/2025:09:59:21 +0000] "GET /d1/301/AUTH_4268d646484344c694f0f2dc49fef4bb/gnocchi.7ed117a3-75ea-4d61-a6ec-8461c6748fa6/1759320000.0_mean_300.0_v3" 404 70 "GET http://172.18.0.2:8080/v1/AUTH_4268d646484344c694f0f2dc49fef4bb/gnocchi.7ed117a3-75ea-4d61-a6ec-8461c6748fa6/1759320000.0_mean_300.0_v3" "tx8f4eea54e84b4f4fa6ff7-0068e392f9" "proxy-server 20" 0.0003 "-" 22 0
Oct 6 09:59:21 standalone proxy-server[131818]: 172.18.0.2 172.18.0.100 06/Oct/2025/09/59/21 GET /v1/AUTH_4268d646484344c694f0f2dc49fef4bb/gnocchi.7ed117a3-75ea-4d61-a6ec-8461c6748fa6/1759320000.0_mean_300.0_v3 HTTP/1.0 404 - python-swiftclient-3.11.1 gAAAAABo45JMWJyK... - 70 - tx8f4eea54e84b4f4fa6ff7-0068e392f9 - 0.0043 - - 1759744761.398551226 1759744761.402824640 0
Oct 6 09:59:21 standalone container-server[129791]: 172.20.0.100 - - [06/Oct/2025:09:59:21 +0000] "PUT /d1/411/AUTH_4268d646484344c694f0f2dc49fef4bb/gnocchi.7ed117a3-75ea-4d61-a6ec-8461c6748fa6/1759320000.0_mean_300.0_v3" 201 - "PUT http://172.18.0.2:8080/d1/301/AUTH_4268d646484344c694f0f2dc49fef4bb/gnocchi.7ed117a3-75ea-4d61-a6ec-8461c6748fa6/1759320000.0_mean_300.0_v3" "tx1b29972af6ac4f40b8559-0068e392f9" "object-server 25" 0.0005 "-" 23 0
Oct 6 09:59:21 standalone object-server[130067]: 172.20.0.100 - - [06/Oct/2025:09:59:21 +0000] "PUT /d1/301/AUTH_4268d646484344c694f0f2dc49fef4bb/gnocchi.7ed117a3-75ea-4d61-a6ec-8461c6748fa6/1759320000.0_mean_300.0_v3" 201 - "PUT http://172.18.0.2:8080/v1/AUTH_4268d646484344c694f0f2dc49fef4bb/gnocchi.7ed117a3-75ea-4d61-a6ec-8461c6748fa6/1759320000.0_mean_300.0_v3" "tx1b29972af6ac4f40b8559-0068e392f9" "proxy-server 20" 0.0088 "-" 25 0
Oct 6 09:59:21 standalone proxy-server[131818]: 172.18.0.2 172.18.0.100 06/Oct/2025/09/59/21 PUT /v1/AUTH_4268d646484344c694f0f2dc49fef4bb/gnocchi.7ed117a3-75ea-4d61-a6ec-8461c6748fa6/1759320000.0_mean_300.0_v3 HTTP/1.0 201 - python-swiftclient-3.11.1 gAAAAABo45JMWJyK... 16 - - tx1b29972af6ac4f40b8559-0068e392f9 - 0.0129 - - 1759744761.404921532 1759744761.417851210 0
Oct 6 09:59:21 standalone container-server[129769]: 172.20.0.100 - - [06/Oct/2025:09:59:21 +0000] "PUT /d1/411/AUTH_4268d646484344c694f0f2dc49fef4bb/gnocchi.7ed117a3-75ea-4d61-a6ec-8461c6748fa6/none_v3" 201 - "PUT http://172.18.0.2:8080/d1/339/AUTH_4268d646484344c694f0f2dc49fef4bb/gnocchi.7ed117a3-75ea-4d61-a6ec-8461c6748fa6/none_v3" "tx9f523adc93714764ad6ee-0068e392f9" "object-server 24" 0.0005 "-" 21 0
Oct 6 09:59:21 standalone object-server[130054]: 172.20.0.100 - - [06/Oct/2025:09:59:21 +0000] "PUT /d1/339/AUTH_4268d646484344c694f0f2dc49fef4bb/gnocchi.7ed117a3-75ea-4d61-a6ec-8461c6748fa6/none_v3" 201 - "PUT http://172.18.0.2:8080/v1/AUTH_4268d646484344c694f0f2dc49fef4bb/gnocchi.7ed117a3-75ea-4d61-a6ec-8461c6748fa6/none_v3" "tx9f523adc93714764ad6ee-0068e392f9" "proxy-server 20" 0.0070 "-" 24 0
Oct 6 09:59:21 standalone proxy-server[131818]: 172.18.0.2 172.18.0.100 06/Oct/2025/09/59/21 PUT /v1/AUTH_4268d646484344c694f0f2dc49fef4bb/gnocchi.7ed117a3-75ea-4d61-a6ec-8461c6748fa6/none_v3 HTTP/1.0 201 - python-swiftclient-3.11.1 gAAAAABo45JMWJyK... 22 - - tx9f523adc93714764ad6ee-0068e392f9 - 0.0113 - - 1759744761.419959307 1759744761.431301355 0
Oct 6 09:59:21 standalone container-server[129791]: 172.20.0.100 - - [06/Oct/2025:09:59:21 +0000] "HEAD /d1/114/AUTH_4268d646484344c694f0f2dc49fef4bb/gnocchi.98805cca-a0d5-4d5c-a639-c10214ef0627" 404 - "HEAD http://172.18.0.2:8080/v1/AUTH_4268d646484344c694f0f2dc49fef4bb/gnocchi.98805cca-a0d5-4d5c-a639-c10214ef0627?format=json&states=listing" "tx085865dfc1d74b64b4d16-0068e392f9" "proxy-server 20" 0.0002 "-" 23 0
Oct 6 09:59:21 standalone object-server[130052]: 172.20.0.100 - - [06/Oct/2025:09:59:21 +0000] "GET /d1/982/AUTH_4268d646484344c694f0f2dc49fef4bb/gnocchi.98805cca-a0d5-4d5c-a639-c10214ef0627/none_v3" 404 70 "GET http://172.18.0.2:8080/v1/AUTH_4268d646484344c694f0f2dc49fef4bb/gnocchi.98805cca-a0d5-4d5c-a639-c10214ef0627/none_v3" "tx085865dfc1d74b64b4d16-0068e392f9" "proxy-server 20" 0.0003 "-" 22 0
