Nov 24 10:08:08 standalone object-server[127394]: 172.20.0.100 - - [24/Nov/2025:10:08:08 +0000] "GET /d1/7/AUTH_31323bd5b14c4aefa306e9efd9a95011/gnocchi.8e8297d1-b840-4aeb-aabc-2ddf10f170b6/1763640000.0_mean_300.0_v3" 404 70 "GET http://172.18.0.2:8080/v1/AUTH_31323bd5b14c4aefa306e9efd9a95011/gnocchi.8e8297d1-b840-4aeb-aabc-2ddf10f170b6/1763640000.0_mean_300.0_v3" "txfec9ff6bd02e440ba4c26-0069242e88" "proxy-server 20" 0.0008 "-" 24 0
Nov 24 10:08:08 standalone proxy-server[129224]: 172.18.0.2 172.18.0.100 24/Nov/2025/10/08/08 GET /v1/AUTH_31323bd5b14c4aefa306e9efd9a95011/gnocchi.8e8297d1-b840-4aeb-aabc-2ddf10f170b6/1763640000.0_mean_300.0_v3 HTTP/1.0 404 - python-swiftclient-3.11.1 gAAAAABpJC3WgXjV... - 70 - txfec9ff6bd02e440ba4c26-0069242e88 - 0.0105 - - 1763978888.808345318 1763978888.818800688 0
Nov 24 10:08:08 standalone object-server[127394]: 172.20.0.100 - - [24/Nov/2025:10:08:08 +0000] "GET /d1/698/AUTH_31323bd5b14c4aefa306e9efd9a95011/gnocchi.adfc0314-81b3-44ca-9d20-16e30bd911b6/1763640000.0_mean_300.0_v3" 404 70 "GET http://172.18.0.2:8080/v1/AUTH_31323bd5b14c4aefa306e9efd9a95011/gnocchi.adfc0314-81b3-44ca-9d20-16e30bd911b6/1763640000.0_mean_300.0_v3" "tx87a579b2cce7465c9c117-0069242e88" "proxy-server 20" 0.0003 "-" 24 0
Nov 24 10:08:08 standalone proxy-server[129224]: 172.18.0.2 172.18.0.100 24/Nov/2025/10/08/08 GET /v1/AUTH_31323bd5b14c4aefa306e9efd9a95011/gnocchi.adfc0314-81b3-44ca-9d20-16e30bd911b6/1763640000.0_mean_300.0_v3 HTTP/1.0 404 - python-swiftclient-3.11.1 gAAAAABpJC3WgXjV... - 70 - tx87a579b2cce7465c9c117-0069242e88 - 0.0089 - - 1763978888.823263407 1763978888.832188606 0
Nov 24 10:08:08 standalone container-server[127015]: 172.20.0.100 - - [24/Nov/2025:10:08:08 +0000] "PUT /d1/236/AUTH_31323bd5b14c4aefa306e9efd9a95011/gnocchi.8e8297d1-b840-4aeb-aabc-2ddf10f170b6/1763640000.0_mean_300.0_v3" 201 - "PUT http://172.18.0.2:8080/d1/7/AUTH_31323bd5b14c4aefa306e9efd9a95011/gnocchi.8e8297d1-b840-4aeb-aabc-2ddf10f170b6/1763640000.0_mean_300.0_v3" "tx3c8bf1cad3e94168a43a6-0069242e88" "object-server 24" 0.0011 "-" 22 0
Nov 24 10:08:08 standalone object-server[127394]: 172.20.0.100 - - [24/Nov/2025:10:08:08 +0000] "PUT /d1/7/AUTH_31323bd5b14c4aefa306e9efd9a95011/gnocchi.8e8297d1-b840-4aeb-aabc-2ddf10f170b6/1763640000.0_mean_300.0_v3" 201 - "PUT http://172.18.0.2:8080/v1/AUTH_31323bd5b14c4aefa306e9efd9a95011/gnocchi.8e8297d1-b840-4aeb-aabc-2ddf10f170b6/1763640000.0_mean_300.0_v3" "tx3c8bf1cad3e94168a43a6-0069242e88" "proxy-server 20" 0.0107 "-" 24 0
Nov 24 10:08:08 standalone proxy-server[129224]: 172.18.0.2 172.18.0.100 24/Nov/2025/10/08/08 PUT /v1/AUTH_31323bd5b14c4aefa306e9efd9a95011/gnocchi.8e8297d1-b840-4aeb-aabc-2ddf10f170b6/1763640000.0_mean_300.0_v3 HTTP/1.0 201 - python-swiftclient-3.11.1 gAAAAABpJC3WgXjV... 16 - - tx3c8bf1cad3e94168a43a6-0069242e88 - 0.0180 - - 1763978888.837204456 1763978888.855231285 0
Nov 24 10:08:08 standalone container-server[127016]: 172.20.0.100 - - [24/Nov/2025:10:08:08 +0000] "PUT /d1/250/AUTH_31323bd5b14c4aefa306e9efd9a95011/gnocchi.adfc0314-81b3-44ca-9d20-16e30bd911b6/1763640000.0_mean_300.0_v3" 201 - "PUT http://172.18.0.2:8080/d1/698/AUTH_31323bd5b14c4aefa306e9efd9a95011/gnocchi.adfc0314-81b3-44ca-9d20-16e30bd911b6/1763640000.0_mean_300.0_v3" "txd5c8770525984b25a2683-0069242e88" "object-server 22" 0.0009 "-" 23 0
Nov 24 10:08:08 standalone object-server[127390]: 172.20.0.100 - - [24/Nov/2025:10:08:08 +0000] "PUT /d1/698/AUTH_31323bd5b14c4aefa306e9efd9a95011/gnocchi.adfc0314-81b3-44ca-9d20-16e30bd911b6/1763640000.0_mean_300.0_v3" 201 - "PUT http://172.18.0.2:8080/v1/AUTH_31323bd5b14c4aefa306e9efd9a95011/gnocchi.adfc0314-81b3-44ca-9d20-16e30bd911b6/1763640000.0_mean_300.0_v3" "txd5c8770525984b25a2683-0069242e88" "proxy-server 20" 0.0131 "-" 22 0
Nov 24 10:08:08 standalone proxy-server[129224]: 172.18.0.2 172.18.0.100 24/Nov/2025/10/08/08 PUT /v1/AUTH_31323bd5b14c4aefa306e9efd9a95011/gnocchi.adfc0314-81b3-44ca-9d20-16e30bd911b6/1763640000.0_mean_300.0_v3 HTTP/1.0 201 - python-swiftclient-3.11.1 gAAAAABpJC3WgXjV... 16 - - txd5c8770525984b25a2683-0069242e88 - 0.0215 - - 1763978888.862643480 1763978888.884155273 0
Nov 24 10:08:08 standalone container-server[127013]: 172.20.0.100 - - [24/Nov/2025:10:08:08 +0000] "PUT /d1/236/AUTH_31323bd5b14c4aefa306e9efd9a95011/gnocchi.8e8297d1-b840-4aeb-aabc-2ddf10f170b6/none_v3" 201 - "PUT http://172.18.0.2:8080/d1/329/AUTH_31323bd5b14c4aefa306e9efd9a95011/gnocchi.8e8297d1-b840-4aeb-aabc-2ddf10f170b6/none_v3" "tx888d95286205444da13d0-0069242e88" "object-server 22" 0.0009 "-" 20 0
Nov 24 10:08:08 standalone object-server[127390]: 172.20.0.100 - - [24/Nov/2025:10:08:08 +0000] "PUT /d1/329/AUTH_31323bd5b14c4aefa306e9efd9a95011/gnocchi.8e8297d1-b840-4aeb-aabc-2ddf10f170b6/none_v3" 201 - "PUT http://172.18.0.2:8080/v1/AUTH_31323bd5b14c4aefa306e9efd9a95011/gnocchi.8e8297d1-b840-4aeb-aabc-2ddf10f170b6/none_v3" "tx888d95286205444da13d0-0069242e88" "proxy-server 20" 0.0121 "-" 22 0
Nov 24 10:08:08 standalone proxy-server[129224]: 172.18.0.2 172.18.0.100 24/Nov/2025/10/08/08 PUT /v1/AUTH_31323bd5b14c4aefa306e9efd9a95011/gnocchi.8e8297d1-b840-4aeb-aabc-2ddf10f170b6/none_v3 HTTP/1.0 201 - python-swiftclient-3.11.1 gAAAAABpJC3WgXjV... 22 - - tx888d95286205444da13d0-0069242e88 - 0.0203 - - 1763978888.888513088 1763978888.908829689 0
Nov 24 10:08:08 standalone container-server[127013]: 172.20.0.100 - - [24/Nov/2025:10:08:08 +0000] "PUT /d1/250/AUTH_31323bd5b14c4aefa306e9efd9a95011/gnocchi.adfc0314-81b3-44ca-9d20-16e30bd911b6/none_v3" 201 - "PUT http://172.18.0.2:8080/d1/457/AUTH_31323bd5b14c4aefa306e9efd9a95011/gnocchi.adfc0314-81b3-44ca-9d20-16e30bd911b6/none_v3" "tx979316a5138846169252f-0069242e88" "object-server 25" 0.0010 "-" 20 0
Nov 24 10:08:08 standalone object-server[127395]: 172.20.0.100 - - [24/Nov/2025:10:08:08 +0000] "PUT /d1/457/AUTH_31323bd5b14c4aefa306e9efd9a95011/gnocchi.adfc0314-81b3-44ca-9d20-16e30bd911b6/none_v3" 201 - "PUT http://172.18.0.2:8080/v1/AUTH_31323bd5b14c4aefa306e9efd9a95011/gnocchi.adfc0314-81b3-44ca-9d20-16e30bd911b6/none_v3" "tx979316a5138846169252f-0069242e88" "proxy-server 20" 0.0138 "-" 25 0
Nov 24 10:08:08 standalone proxy-server[129224]: 172.18.0.2 172.18.0.100 24/Nov/2025/10/08/08 PUT /v1/AUTH_31323bd5b14c4aefa306e9efd9a95011/gnocchi.adfc0314-81b3-44ca-9d20-16e30bd911b6/none_v3 HTTP/1.0 201 - python-swiftclient-3.11.1 gAAAAABpJC3WgXjV... 22 - - tx979316a5138846169252f-0069242e88 - 0.0222 - - 1763978888.912553787 1763978888.934715986 0
Nov 24 10:08:08 standalone container-server[127013]: 172.20.0.100 - - [24/Nov/2025:10:08:08 +0000] "HEAD /d1/279/AUTH_31323bd5b14c4aefa306e9efd9a95011/gnocchi.660c418b-e4f0-451a-88eb-0bad11132cb8" 404 - "HEAD http://172.18.0.2:8080/v1/AUTH_31323bd5b14c4aefa306e9efd9a95011/gnocchi.660c418b-e4f0-451a-88eb-0bad11132cb8?format=json&states=listing" "txcfe9ddda387b467c9ec9e-0069242e88" "proxy-server 20" 0.0006 "-" 20 0
Nov 24 10:08:08 standalone object-server[127395]: 172.20.0.100 - - [24/Nov/2025:10:08:08 +0000] "GET /d1/115/AUTH_31323bd5b14c4aefa306e9efd9a95011/gnocchi.660c418b-e4f0-451a-88eb-0bad11132cb8/none_v3" 404 70 "GET http://172.18.0.2:8080/v1/AUTH_31323bd5b14c4aefa306e9efd9a95011/gnocchi.660c418b-e4f0-451a-88eb-0bad11132cb8/none_v3" "txcfe9ddda387b467c9ec9e-0069242e88" "proxy-server 20" 0.0007 "-" 25 0
Nov 24 10:08:08 standalone proxy-server[129224]: 172.18.0.2 172.18.0.100 24/Nov/2025/10/08/08 GET /v1/AUTH_31323bd5b14c4aefa306e9efd9a95011/gnocchi.660c418b-e4f0-451a-88eb-0bad11132cb8/none_v3 HTTP/1.0 404 - python-swiftclient-3.11.1 gAAAAABpJC3WgXjV... - 70 - txcfe9ddda387b467c9ec9e-0069242e88 - 0.0158 - - 1763978888.950740576 1763978888.966527939 0
Nov 24 10:08:08 standalone account-server[126927]: 172.20.0.100 - - [24/Nov/2025:10:08:08 +0000] "PUT /d1/93/AUTH_31323bd5b14c4aefa306e9efd9a95011/gnocchi.660c418b-e4f0-451a-88eb-0bad11132cb8" 201 - "PUT http://172.20.0.100:6001/d1/279/AUTH_31323bd5b14c4aefa306e9efd9a95011/gnocchi.660c418b-e4f0-451a-88eb-0bad11132cb8" "txf38b133b9a73447889d69-0069242e88" "container-server 22" 0.0062 "-" 17 0
Nov 24 10:08:08 standalone container-server[127015]: 172.20.0.100 - - [24/Nov/2025:10:08:08 +0000] "PUT /d1/279/AUTH_31323bd5b14c4aefa306e9efd9a95011/gnocchi.660c418b-e4f0-451a-88eb-0bad11132cb8" 201 - "PUT http://172.18.0.2:8080/v1/AUTH_31323bd5b14c4aefa306e9efd9a95011/gnocchi.660c418b-e4f0-451a-88eb-0bad11132cb8" "txf38b133b9a73447889d69-0069242e88" "proxy-server 20" 0.0225 "-" 22 0
Nov 24 10:08:09 standalone proxy-server[129224]: 172.18.0.2 172.18.0.100 24/Nov/2025/10/08/09 PUT /v1/AUTH_31323bd5b14c4aefa306e9efd9a95011/gnocchi.660c418b-e4f0-451a-88eb-0bad11132cb8 HTTP/1.0 201 - python-swiftclient-3.11.1 gAAAAABpJC3WgXjV... - - - txf38b133b9a73447889d69-0069242e88 - 0.0308 - - 1763978888.971162796 1763978889.001967907 0
Nov 24 10:08:09 standalone container-server[127008]: 172.20.0.100 - - [24/Nov/2025:10:08:09 +0000] "HEAD /d1/279/AUTH_31323bd5b14c4aefa306e9efd9a95011/gnocchi.660c418b-e4f0-451a-88eb-0bad11132cb8" 204 - "HEAD http://172.18.0.2:8080/v1/AUTH_31323bd5b14c4aefa306e9efd9a95011/gnocchi.660c418b-e4f0-451a-88eb-0bad11132cb8?format=json&states=listing" "tx1374797b12704b959bab1-0069242e89" "proxy-server 20" 0.0029 "-" 19 0
Nov 24 10:08:09 standalone proxy-server[129224]: - - 24/Nov/2025/10/08/09 HEAD /v1/AUTH_31323bd5b14c4aefa306e9efd9a95011/gnocchi.660c418b-e4f0-451a-88eb-0bad11132cb8%3Fformat%3Djson%26states%3Dlisting HTTP/1.0 204 - Swift - - - - tx1374797b12704b959bab1-0069242e89 - 0.0086 RL - 1763978889.008872509 1763978889.017515182 0
Nov 24 10:08:09 standalone container-server[127013]: 172.20.0.100 - - [24/Nov/2025:10:08:09 +0000] "GET /d1/279/AUTH_31323bd5b14c4aefa306e9efd9a95011/gnocchi.660c418b-e4f0-451a-88eb-0bad11132cb8" 200 2 "GET http://172.18.0.2:8080/v1/AUTH_31323bd5b14c4aefa306e9efd9a95011/gnocchi.660c418b-e4f0-451a-88eb-0bad11132cb8?format=json&states=listing" "tx1374797b12704b959bab1-0069242e89" "proxy-server 20" 0.0042 "-" 20 0
Nov 24 10:08:09 standalone proxy-server[129224]: 172.18.0.2 172.18.0.100 24/Nov/2025/10/08/09 GET /v1/AUTH_31323bd5b14c4aefa306e9efd9a95011/gnocchi.660c418b-e4f0-451a-88eb-0bad11132cb8%3Fformat%3Djson%26states%3Dlisting HTTP/1.0 200 - python-swiftclient-3.11.1 gAAAAABpJC3WgXjV... - 2 - tx1374797b12704b959bab1-0069242e89 - 0.0243 - - 1763978889.007282257 1763978889.031602383 0
Nov 24 10:08:09 standalone object-server[127395]: 172.20.0.100 - - [24/Nov/2025:10:08:09 +0000] "GET /d1/165/AUTH_31323bd5b14c4aefa306e9efd9a95011/gnocchi.660c418b-e4f0-451a-88eb-0bad11132cb8/1763640000.0_mean_300.0_v3" 404 70 "GET http://172.18.0.2:8080/v1/AUTH_31323bd5b14c4aefa306e9efd9a95011/gnocchi.660c418b-e4f0-451a-88eb-0bad11132cb8/1763640000.0_mean_300.0_v3" "txb9b35787ae8047d2ab85c-0069242e89" "proxy-server 20" 0.0006 "-" 25 0
Nov 24 10:08:09 standalone proxy-server[129224]: 172.18.0.2 172.18.0.100 24/Nov/2025/10/08/09 GET /v1/AUTH_31323bd5b14c4aefa306e9efd9a95011/gnocchi.660c418b-e4f0-451a-88eb-0bad11132cb8/1763640000.0_mean_300.0_v3 HTTP/1.0 404 - python-swiftclient-3.11.1 gAAAAABpJC3WgXjV... - 70 - txb9b35787ae8047d2ab85c-0069242e89 - 0.0085 - - 1763978889.037260532 1763978889.045788050 0
Nov 24 10:08:09 standalone container-server[127016]: 172.20.0.100 - - [24/Nov/2025:10:08:09 +0000] "PUT /d1/279/AUTH_31323bd5b14c4aefa306e9efd9a95011/gnocchi.660c418b-e4f0-451a-88eb-0bad11132cb8/1763640000.0_mean_300.0_v3" 201 - "PUT http://172.18.0.2:8080/d1/165/AUTH_31323bd5b14c4aefa306e9efd9a95011/gnocchi.660c418b-e4f0-451a-88eb-0bad11132cb8/1763640000.0_mean_300.0_v3" "tx3321ef281419469c90c5e-0069242e89" "object-server 24" 0.0013 "-" 23 0
Nov 24 10:08:09 standalone object-server[127394]: 172.20.0.100 - - [24/Nov/2025:10:08:09 +0000] "PUT /d1/165/AUTH_31323bd5b14c4aefa306e9efd9a95011/gnocchi.660c418b-e4f0-451a-88eb-0bad11132cb8/1763640000.0_mean_300.0_v3" 201 - "PUT http://172.18.0.2:8080/v1/AUTH_31323bd5b14c4aefa306e9efd9a95011/gnocchi.660c418b-e4f0-451a-88eb-0bad11132cb8/1763640000.0_mean_300.0_v3" "tx3321ef281419469c90c5e-0069242e89" "proxy-server 20" 0.0120 "-" 24 0
Nov 24 10:08:09 standalone proxy-server[129224]: 172.18.0.2 172.18.0.100 24/Nov/2025/10/08/09 PUT /v1/AUTH_31323bd5b14c4aefa306e9efd9a95011/gnocchi.660c418b-e4f0-451a-88eb-0bad11132cb8/1763640000.0_mean_300.0_v3 HTTP/1.0 201 - python-swiftclient-3.11.1 gAAAAABpJC3WgXjV... 16 - - tx3321ef281419469c90c5e-0069242e89 - 0.0196 - - 1763978889.050024748 1763978889.069583654 0
Nov 24 10:08:09 standalone container-server[127008]: 172.20.0.100 - - [24/Nov/2025:10:08:09 +0000] "PUT /d1/279/AUTH_31323bd5b14c4aefa306e9efd9a95011/gnocchi.660c418b-e4f0-451a-88eb-0bad11132cb8/none_v3" 201 - "PUT http://172.18.0.2:8080/d1/115/AUTH_31323bd5b14c4aefa306e9efd9a95011/gnocchi.660c418b-e4f0-451a-88eb-0bad11132cb8/none_v3" "tx6e73e19cf5a24d949d6a3-0069242e89" "object-server 22" 0.0013 "-" 19 0
Nov 24 10:08:09 standalone object-server[127390]: 172.20.0.100 - - [24/Nov/2025:10:08:09 +0000] "PUT /d1/115/AUTH_31323bd5b14c4aefa306e9efd9a95011/gnocchi.660c418b-e4f0-451a-88eb-0bad11132cb8/none_v3" 201 - "PUT http://172.18.0.2:8080/v1/AUTH_31323bd5b14c4aefa306e9efd9a95011/gnocchi.660c418b-e4f0-451a-88eb-0bad11132cb8/none_v3" "tx6e73e19cf5a24d949d6a3-0069242e89" "proxy-server 20" 0.0114 "-" 22 0
Nov 24 10:08:09 standalone proxy-server[129224]: 172.18.0.2 172.18.0.100 24/Nov/2025/10/08/09 PUT /v1/AUTH_31323bd5b14c4aefa306e9efd9a95011/gnocchi.660c418b-e4f0-451a-88eb-0bad11132cb8/none_v3 HTTP/1.0 201 - python-swiftclient-3.11.1 gAAAAABpJC3WgXjV... 22 - - tx6e73e19cf5a24d949d6a3-0069242e89 - 0.0157 - - 1763978889.073068380 1763978889.088749647 0
Nov 24 10:08:09 standalone container-server[127008]: 172.20.0.100 - - [24/Nov/2025:10:08:09 +0000] "HEAD /d1/673/AUTH_31323bd5b14c4aefa306e9efd9a95011/gnocchi.9286823b-6db2-41ea-af72-8d2df41b8a40" 404 - "HEAD http://172.18.0.2:8080/v1/AUTH_31323bd5b14c4aefa306e9efd9a95011/gnocchi.9286823b-6db2-41ea-af72-8d2df41b8a40?format=json&states=listing" "tx1f2149c0d10e4b6a8e40f-0069242e89" "proxy-server 20" 0.0005 "-" 19 0
Nov 24 10:08:09 standalone object-server[127393]: 172.20.0.100 - - [24/Nov/2025:10:08:09 +0000] "GET /d1/245/AUTH_31323bd5b14c4aefa306e9efd9a95011/gnocchi.9286823b-6db2-41ea-af72-8d2df41b8a40/none_v3" 404 70 "GET http://172.18.0.2:8080/v1/AUTH_31323bd5b14c4aefa306e9efd9a95011/gnocchi.9286823b-6db2-41ea-af72-8d2df41b8a40/none_v3" "tx1f2149c0d10e4b6a8e40f-0069242e89" "proxy-server 20" 0.0003 "-" 23 0
Nov 24 10:08:09 standalone proxy-server[129224]: 172.18.0.2 172.18.0.100 24/Nov/2025/10/08/09 GET /v1/AUTH_31323bd5b14c4aefa306e9efd9a95011/gnocchi.9286823b-6db2-41ea-af72-8d2df41b8a40/none_v3 HTTP/1.0 404 - python-swiftclient-3.11.1 gAAAAABpJC3WgXjV... - 70 - tx1f2149c0d10e4b6a8e40f-0069242e89 - 0.0087 - - 1763978889.112940311 1763978889.121592999 0
Nov 24 10:08:09 standalone account-server[126938]: 172.20.0.100 - - [24/Nov/2025:10:08:09 +0000] "PUT /d1/93/AUTH_31323bd5b14c4aefa306e9efd9a95011/gnocchi.9286823b-6db2-41ea-af72-8d2df41b8a40" 201 - "PUT http://172.20.0.100:6001/d1/673/AUTH_31323bd5b14c4aefa306e9efd9a95011/gnocchi.9286823b-6db2-41ea-af72-8d2df41b8a40" "tx2f11443420184288986a0-0069242e89" "container-server 23" 0.0053 "-" 21 0
Nov 24 10:08:09 standalone container-server[127016]: 172.20.0.100 - - [24/Nov/2025:10:08:09 +0000] "PUT /d1/673/AUTH_31323bd5b14c4aefa306e9efd9a95011/gnocchi.9286823b-6db2-41ea-af72-8d2df41b8a40" 201 - "PUT http://172.18.0.2:8080/v1/AUTH_31323bd5b14c4aefa306e9efd9a95011/gnocchi.9286823b-6db2-41ea-af72-8d2df41b8a40" "tx2f11443420184288986a0-0069242e89" "proxy-server 20" 0.0185 "-" 23 0
Nov 24 10:08:09 standalone proxy-server[129224]: 172.18.0.2 172.18.0.100 24/Nov/2025/10/08/09 PUT /v1/AUTH_31323bd5b14c4aefa306e9efd9a95011/gnocchi.9286823b-6db2-41ea-af72-8d2df41b8a40 HTTP/1.0 201 - python-swiftclient-3.11.1 gAAAAABpJC3WgXjV... - - - tx2f11443420184288986a0-0069242e89 - 0.0232 - - 1763978889.124975681 1763978889.148205996 0
Nov 24 10:08:09 standalone container-server[127013]: 172.20.0.100 - - [24/Nov/2025:10:08:09 +0000] "HEAD /d1/673/AUTH_31323bd5b14c4aefa306e9efd9a95011/gnocchi.9286823b-6db2-41ea-af72-8d2df41b8a40" 204 - "HEAD http://172.18.0.2:8080/v1/AUTH_31323bd5b14c4aefa306e9efd9a95011/gnocchi.9286823b-6db2-41ea-af72-8d2df41b8a40?format=json&states=listing" "txccff59494af1479aa1285-0069242e89" "proxy-server 20" 0.0023 "-" 20 0
Nov 24 10:08:09 standalone proxy-server[129224]: - - 24/Nov/2025/10/08/09 HEAD /v1/AUTH_31323bd5b14c4aefa306e9efd9a95011/gnocchi.9286823b-6db2-41ea-af72-8d2df41b8a40%3Fformat%3Djson%26states%3Dlisting HTTP/1.0 204 - Swift - - - - txccff59494af1479aa1285-0069242e89 - 0.0058 RL - 1763978889.152863503 1763978889.158628464 0
Nov 24 10:08:09 standalone container-server[127013]: 172.20.0.100 - - [24/Nov/2025:10:08:09 +0000] "GET /d1/673/AUTH_31323bd5b14c4aefa306e9efd9a95011/gnocchi.9286823b-6db2-41ea-af72-8d2df41b8a40" 200 2 "GET http://172.18.0.2:8080/v1/AUTH_31323bd5b14c4aefa306e9efd9a95011/gnocchi.9286823b-6db2-41ea-af72-8d2df41b8a40?format=json&states=listing" "txccff59494af1479aa1285-0069242e89" "proxy-server 20" 0.0035 "-" 20 0
Nov 24 10:08:09 standalone proxy-server[129224]: 172.18.0.2 172.18.0.100 24/Nov/2025/10/08/09 GET /v1/AUTH_31323bd5b14c4aefa306e9efd9a95011/gnocchi.9286823b-6db2-41ea-af72-8d2df41b8a40%3Fformat%3Djson%26states%3Dlisting HTTP/1.0 200 - python-swiftclient-3.11.1 gAAAAABpJC3WgXjV... - 2 - txccff59494af1479aa1285-0069242e89 - 0.0155 - - 1763978889.151727915 1763978889.167266607 0
Nov 24 10:08:09 standalone object-server[127390]: 172.20.0.100 - - [24/Nov/2025:10:08:09 +0000] "GET /d1/718/AUTH_31323bd5b14c4aefa306e9efd9a95011/gnocchi.9286823b-6db2-41ea-af72-8d2df41b8a40/1763640000.0_mean_300.0_v3" 404 70 "GET http://172.18.0.2:8080/v1/AUTH_31323bd5b14c4aefa306e9efd9a95011/gnocchi.9286823b-6db2-41ea-af72-8d2df41b8a40/1763640000.0_mean_300.0_v3" "txd06724c7e0e647be9c82e-0069242e89" "proxy-server 20" 0.0003 "-" 22 0
Nov 24 10:08:09 standalone proxy-server[129224]: 172.18.0.2 172.18.0.100 24/Nov/2025/10/08/09 GET /v1/AUTH_31323bd5b14c4aefa306e9efd9a95011/gnocchi.9286823b-6db2-41ea-af72-8d2df41b8a40/1763640000.0_mean_300.0_v3 HTTP/1.0 404 - python-swiftclient-3.11.1 gAAAAABpJC3WgXjV... - 70 - txd06724c7e0e647be9c82e-0069242e89 - 0.0039 - - 1763978889.169957161 1763978889.173892021 0
Nov 24 10:08:09 standalone container-server[127008]: 172.20.0.100 - - [24/Nov/2025:10:08:09 +0000] "PUT /d1/673/AUTH_31323bd5b14c4aefa306e9efd9a95011/gnocchi.9286823b-6db2-41ea-af72-8d2df41b8a40/1763640000.0_mean_300.0_v3" 201 - "PUT http://172.18.0.2:8080/d1/718/AUTH_31323bd5b14c4aefa306e9efd9a95011/gnocchi.9286823b-6db2-41ea-af72-8d2df41b8a40/1763640000.0_mean_300.0_v3" "tx6c43c973ec554110b14b2-0069242e89" "object-server 23" 0.0009 "-" 19 0
Nov 24 10:08:09 standalone object-server[127393]: 172.20.0.100 - - [24/Nov/2025:10:08:09 +0000] "PUT /d1/718/AUTH_31323bd5b14c4aefa306e9efd9a95011/gnocchi.9286823b-6db2-41ea-af72-8d2df41b8a40/1763640000.0_mean_300.0_v3" 201 - "PUT http://172.18.0.2:8080/v1/AUTH_31323bd5b14c4aefa306e9efd9a95011/gnocchi.9286823b-6db2-41ea-af72-8d2df41b8a40/1763640000.0_mean_300.0_v3" "tx6c43c973ec554110b14b2-0069242e89" "proxy-server 20" 0.0085 "-" 23 0
Nov 24 10:08:09 standalone proxy-server[129224]: 172.18.0.2 172.18.0.100 24/Nov/2025/10/08/09 PUT /v1/AUTH_31323bd5b14c4aefa306e9efd9a95011/gnocchi.9286823b-6db2-41ea-af72-8d2df41b8a40/1763640000.0_mean_300.0_v3 HTTP/1.0 201 - python-swiftclient-3.11.1 gAAAAABpJC3WgXjV... 16 - - tx6c43c973ec554110b14b2-0069242e89 - 0.0138 - - 1763978889.176154137 1763978889.189957619 0
Nov 24 10:08:09 standalone container-server[127016]: 172.20.0.100 - - [24/Nov/2025:10:08:09 +0000] "PUT /d1/673/AUTH_31323bd5b14c4aefa306e9efd9a95011/gnocchi.9286823b-6db2-41ea-af72-8d2df41b8a40/none_v3" 201 - "PUT http://172.18.0.2:8080/d1/245/AUTH_31323bd5b14c4aefa306e9efd9a95011/gnocchi.9286823b-6db2-41ea-af72-8d2df41b8a40/none_v3" "txb19b32e991c94e059c891-0069242e89" "object-server 25" 0.0007 "-" 23 0
Nov 24 10:08:09 standalone object-server[127395]: 172.20.0.100 - - [24/Nov/2025:10:08:09 +0000] "PUT /d1/245/AUTH_31323bd5b14c4aefa306e9efd9a95011/gnocchi.9286823b-6db2-41ea-af72-8d2df41b8a40/none_v3" 201 - "PUT http://172.18.0.2:8080/v1/AUTH_31323bd5b14c4aefa306e9efd9a95011/gnocchi.9286823b-6db2-41ea-af72-8d2df41b8a40/none_v3" "txb19b32e991c94e059c891-0069242e89" "proxy-server 20" 0.0108 "-" 25 0
Nov 24 10:08:09 standalone proxy-server[129224]: 172.18.0.2 172.18.0.100 24/Nov/2025/10/08/09 PUT /v1/AUTH_31323bd5b14c4aefa306e9efd9a95011/gnocchi.9286823b-6db2-41ea-af72-8d2df41b8a40/none_v3 HTTP/1.0 201 - python-swiftclient-3.11.1 gAAAAABpJC3WgXjV... 22 - - txb19b32e991c94e059c891-0069242e89 - 0.0191 - - 1763978889.194106579 1763978889.213247776 0
Nov 24 10:08:09 standalone container-server[127016]: 172.20.0.100 - - [24/Nov/2025:10:08:09 +0000] "HEAD /d1/580/AUTH_31323bd5b14c4aefa306e9efd9a95011/gnocchi.55b81c70-43bb-45e6-90e6-f81ff4676ec9" 404 - "HEAD http://172.18.0.2:8080/v1/AUTH_31323bd5b14c4aefa306e9efd9a95011/gnocchi.55b81c70-43bb-45e6-90e6-f81ff4676ec9?format=json&states=listing" "tx8b84d45c3e054bdc96f71-0069242e89" "proxy-server 20" 0.0007 "-" 23 0
Nov 24 10:08:09 standalone object-server[127390]: 172.20.0.100 - - [24/Nov/2025:10:08:09 +0000] "GET /d1/821/AUTH_31323bd5b14c4aefa306e9efd9a95011/gnocchi.55b81c70-43bb-45e6-90e6-f81ff4676ec9/none_v3" 404 70 "GET http://172.18.0.2:8080/v1/AUTH_31323bd5b14c4aefa306e9efd9a95011/gnocchi.55b81c70-43bb-45e6-90e6-f81ff4676ec9/none_v3" "tx8b84d45c3e054bdc96f71-0069242e89" "proxy-server 20" 0.0005 "-" 22 0
Nov 24 10:08:09 standalone proxy-server[129224]: 172.18.0.2 172.18.0.100 24/Nov/2025/10/08/09 GET /v1/AUTH_31323bd5b14c4aefa306e9efd9a95011/gnocchi.55b81c70-43bb-45e6-90e6-f81ff4676ec9/none_v3 HTTP/1.0 404 - python-swiftclient-3.11.1 gAAAAABpJC3WgXjV... - 70 - tx8b84d45c3e054bdc96f71-0069242e89 - 0.0107 - - 1763978889.239545107 1763978889.250246286 0
Nov 24 10:08:09 standalone account-server[126944]: 172.20.0.100 - - [24/Nov/2025:10:08:09 +0000] "PUT /d1/93/AUTH_31323bd5b14c4aefa306e9efd9a95011/gnocchi.55b81c70-43bb-45e6-90e6-f81ff4676ec9" 201 - "PUT http://172.20.0.100:6001/d1/580/AUTH_31323bd5b14c4aefa306e9efd9a95011/gnocchi.55b81c70-43bb-45e6-90e6-f81ff4676ec9" "txd17c815276004a188595e-0069242e89" "container-server 20" 0.0046 "-" 23 0
Nov 24 10:08:09 standalone container-server[127013]: 172.20.0.100 - - [24/Nov/2025:10:08:09 +0000] "PUT /d1/580/AUTH_31323bd5b14c4aefa306e9efd9a95011/gnocchi.55b81c70-43bb-45e6-90e6-f81ff4676ec9" 201 - "PUT http://172.18.0.2:8080/v1/AUTH_31323bd5b14c4aefa306e9efd9a95011/gnocchi.55b81c70-43bb-45e6-90e6-f81ff4676ec9" "txd17c815276004a188595e-0069242e89" "proxy-server 20" 0.0130 "-" 20 0
Nov 24 10:08:09 standalone proxy-server[129224]: 172.18.0.2 172.18.0.100 24/Nov/2025/10/08/09 PUT /v1/AUTH_31323bd5b14c4aefa306e9efd9a95011/gnocchi.55b81c70-43bb-45e6-90e6-f81ff4676ec9 HTTP/1.0 201 - python-swiftclient-3.11.1 gAAAAABpJC3WgXjV... - - - txd17c815276004a188595e-0069242e89 - 0.0174 - - 1763978889.253404140 1763978889.270802021 0
Nov 24 10:08:09 standalone container-server[127016]: 172.20.0.100 - - [24/Nov/2025:10:08:09 +0000] "HEAD /d1/580/AUTH_31323bd5b14c4aefa306e9efd9a95011/gnocchi.55b81c70-43bb-45e6-90e6-f81ff4676ec9" 204 - "HEAD http://172.18.0.2:8080/v1/AUTH_31323bd5b14c4aefa306e9efd9a95011/gnocchi.55b81c70-43bb-45e6-90e6-f81ff4676ec9?format=json&states=listing" "tx468d9fedb97442e1bda58-0069242e89" "proxy-server 20" 0.0025 "-" 23 0
Nov 24 10:08:09 standalone proxy-server[129224]: - - 24/Nov/2025/10/08/09 HEAD /v1/AUTH_31323bd5b14c4aefa306e9efd9a95011/gnocchi.55b81c70-43bb-45e6-90e6-f81ff4676ec9%3Fformat%3Djson%26states%3Dlisting HTTP/1.0 204 - Swift - - - - tx468d9fedb97442e1bda58-0069242e89 - 0.0074 RL - 1763978889.278344631 1763978889.285711765 0
Nov 24 10:08:09 standalone container-server[127013]: 172.20.0.100 - - [24/Nov/2025:10:08:09 +0000] "GET /d1/580/AUTH_31323bd5b14c4aefa306e9efd9a95011/gnocchi.55b81c70-43bb-45e6-90e6-f81ff4676ec9" 200 2 "GET http://172.18.0.2:8080/v1/AUTH_31323bd5b14c4aefa306e9efd9a95011/gnocchi.55b81c70-43bb-45e6-90e6-f81ff4676ec9?format=json&states=listing" "tx468d9fedb97442e1bda58-0069242e89" "proxy-server 20" 0.0016 "-" 20 0
Nov 24 10:08:09 standalone proxy-server[129224]: 172.18.0.2 172.18.0.100 24/Nov/2025/10/08/09 GET /v1/AUTH_31323bd5b14c4aefa306e9efd9a95011/gnocchi.55b81c70-43bb-45e6-90e6-f81ff4676ec9%3Fformat%3Djson%26states%3Dlisting HTTP/1.0 200 - python-swiftclient-3.11.1 gAAAAABpJC3WgXjV... - 2 - tx468d9fedb97442e1bda58-0069242e89 - 0.0181 - - 1763978889.276715994 1763978889.294784784 0
Nov 24 10:08:09 standalone object-server[127393]: 172.20.0.100 - - [24/Nov/2025:10:08:09 +0000] "GET /d1/838/AUTH_31323bd5b14c4aefa306e9efd9a95011/gnocchi.55b81c70-43bb-45e6-90e6-f81ff4676ec9/1763640000.0_mean_300.0_v3" 404 70 "GET http://172.18.0.2:8080/v1/AUTH_31323bd5b14c4aefa306e9efd9a95011/gnocchi.55b81c70-43bb-45e6-90e6-f81ff4676ec9/1763640000.0_mean_300.0_v3" "tx273acf2a75c449d185b47-0069242e89" "proxy-server 20" 0.0005 "-" 23 0
Nov 24 10:08:09 standalone proxy-server[129224]: 172.18.0.2 172.18.0.100 24/Nov/2025/10/08/09 GET /v1/AUTH_31323bd5b14c4aefa306e9efd9a95011/gnocchi.55b81c70-43bb-45e6-90e6-f81ff4676ec9/1763640000.0_mean_300.0_v3 HTTP/1.0 404 - python-swiftclient-3.11.1 gAAAAABpJC3WgXjV... - 70 - tx273acf2a75c449d185b47-0069242e89 - 0.0078 - - 1763978889.300015688 1763978889.307834864 0
Nov 24 10:08:09 standalone container-server[127013]: 172.20.0.100 - - [24/Nov/2025:10:08:09 +0000] "PUT /d1/580/AUTH_31323bd5b14c4aefa306e9efd9a95011/gnocchi.55b81c70-43bb-45e6-90e6-f81ff4676ec9/1763640000.0_mean_300.0_v3" 201 - "PUT http://172.18.0.2:8080/d1/838/AUTH_31323bd5b14c4aefa306e9efd9a95011/gnocchi.55b81c70-43bb-45e6-90e6-f81ff4676ec9/1763640000.0_mean_300.0_v3" "txe868c949d98b41f7b866e-0069242e89" "object-server 22" 0.0005 "-" 20 0
Nov 24 10:08:09 standalone object-server[127390]: 172.20.0.100 - - [24/Nov/2025:10:08:09 +0000] "PUT /d1/838/AUTH_31323bd5b14c4aefa306e9efd9a95011/gnocchi.55b81c70-43bb-45e6-90e6-f81ff4676ec9/1763640000.0_mean_300.0_v3" 201 - "PUT http://172.18.0.2:8080/v1/AUTH_31323bd5b14c4aefa306e9efd9a95011/gnocchi.55b81c70-43bb-45e6-90e6-f81ff4676ec9/1763640000.0_mean_300.0_v3" "txe868c949d98b41f7b866e-0069242e89" "proxy-server 20" 0.0123 "-" 22 0
Nov 24 10:08:09 standalone proxy-server[129224]: 172.18.0.2 172.18.0.100 24/Nov/2025/10/08/09 PUT /v1/AUTH_31323bd5b14c4aefa306e9efd9a95011/gnocchi.55b81c70-43bb-45e6-90e6-f81ff4676ec9/1763640000.0_mean_300.0_v3 HTTP/1.0 201 - python-swiftclient-3.11.1 gAAAAABpJC3WgXjV... 16 - - txe868c949d98b41f7b866e-0069242e89 - 0.0231 - - 1763978889.311888218 1763978889.334990263 0
Nov 24 10:08:09 standalone container-server[127013]: 172.20.0.100 - - [24/Nov/2025:10:08:09 +0000] "PUT /d1/580/AUTH_31323bd5b14c4aefa306e9efd9a95011/gnocchi.55b81c70-43bb-45e6-90e6-f81ff4676ec9/none_v3" 201 - "PUT http://172.18.0.2:8080/d1/821/AUTH_31323bd5b14c4aefa306e9efd9a95011/gnocchi.55b81c70-43bb-45e6-90e6-f81ff4676ec9/none_v3" "tx8ca1e9a342b743b599455-0069242e89" "object-server 23" 0.0009 "-" 20 0
Nov 24 10:08:09 standalone object-server[127393]: 172.20.0.100 - - [24/Nov/2025:10:08:09 +0000] "PUT /d1/821/AUTH_31323bd5b14c4aefa306e9efd9a95011/gnocchi.55b81c70-43bb-45e6-90e6-f81ff4676ec9/none_v3" 201 - "PUT http://172.18.0.2:8080/v1/AUTH_31323bd5b14c4aefa306e9efd9a95011/gnocchi.55b81c70-43bb-45e6-90e6-f81ff4676ec9/none_v3" "tx8ca1e9a342b743b599455-0069242e89" "proxy-server 20" 0.0103 "-" 23 0
Nov 24 10:08:09 standalone proxy-server[129224]: 172.18.0.2 172.18.0.100 24/Nov/2025/10/08/09 PUT /v1/AUTH_31323bd5b14c4aefa306e9efd9a95011/gnocchi.55b81c70-43bb-45e6-90e6-f81ff4676ec9/none_v3 HTTP/1.0 201 - python-swiftclient-3.11.1 gAAAAABpJC3WgXjV... 22 - - tx8ca1e9a342b743b599455-0069242e89 - 0.0211 - - 1763978889.340108395 1763978889.361182213 0
Nov 24 10:08:09 standalone container-server[127015]: 172.20.0.100 - - [24/Nov/2025:10:08:09 +0000] "HEAD /d1/127/AUTH_31323bd5b14c4aefa306e9efd9a95011/gnocchi.e73a3c70-51b8-4635-b54d-39bf83bfbbd3" 404 - "HEAD http://172.18.0.2:8080/v1/AUTH_31323bd5b14c4aefa306e9efd9a95011/gnocchi.e73a3c70-51b8-4635-b54d-39bf83bfbbd3?format=json&states=listing" "tx02297ab60d1149a68fbfc-0069242e89" "proxy-server 20" 0.0005 "-" 22 0
Nov 24 10:08:09 standalone object-server[127393]: 172.20.0.100 - - [24/Nov/2025:10:08:09 +0000] "GET /d1/29/AUTH_31323bd5b14c4aefa306e9efd9a95011/gnocchi.e73a3c70-51b8-4635-b54d-39bf83bfbbd3/none_v3" 404 70 "GET http://172.18.0.2:8080/v1/AUTH_31323bd5b14c4aefa306e9efd9a95011/gnocchi.e73a3c70-51b8-4635-b54d-39bf83bfbbd3/none_v3" "tx02297ab60d1149a68fbfc-0069242e89" "proxy-server 20" 0.0004 "-" 23 0
Nov 24 10:08:09 standalone proxy-server[129224]: 172.18.0.2 172.18.0.100 24/Nov/2025/10/08/09 GET /v1/AUTH_31323bd5b14c4aefa306e9efd9a95011/gnocchi.e73a3c70-51b8-4635-b54d-39bf83bfbbd3/none_v3 HTTP/1.0 404 - python-swiftclient-3.11.1 gAAAAABpJC3WgXjV... - 70 - tx02297ab60d1149a68fbfc-0069242e89 - 0.0189 - - 1763978889.387119770 1763978889.406062126 0
Nov 24 10:08:09 standalone account-server[126927]: 172.20.0.100 - - [24/Nov/2025:10:08:09 +0000] "PUT /d1/93/AUTH_31323bd5b14c4aefa306e9efd9a95011/gnocchi.e73a3c70-51b8-4635-b54d-39bf83bfbbd3" 201 - "PUT http://172.20.0.100:6001/d1/127/AUTH_31323bd5b14c4aefa306e9efd9a95011/gnocchi.e73a3c70-51b8-4635-b54d-39bf83bfbbd3" "tx02f594c0792741ef88a3e-0069242e89" "container-server 23" 0.0060 "-" 17 0
Nov 24 10:08:09 standalone container-server[127016]: 172.20.0.100 - - [24/Nov/2025:10:08:09 +0000] "PUT /d1/127/AUTH_31323bd5b14c4aefa306e9efd9a95011/gnocchi.e73a3c70-51b8-4635-b54d-39bf83bfbbd3" 201 - "PUT http://172.18.0.2:8080/v1/AUTH_31323bd5b14c4aefa306e9efd9a95011/gnocchi.e73a3c70-51b8-4635-b54d-39bf83bfbbd3" "tx02f594c0792741ef88a3e-0069242e89" "proxy-server 20" 0.0213 "-" 23 0
Nov 24 10:08:09 standalone proxy-server[129224]: 172.18.0.2 172.18.0.100 24/Nov/2025/10/08/09 PUT /v1/AUTH_31323bd5b14c4aefa306e9efd9a95011/gnocchi.e73a3c70-51b8-4635-b54d-39bf83bfbbd3 HTTP/1.0 201 - python-swiftclient-3.11.1 gAAAAABpJC3WgXjV... - - - tx02f594c0792741ef88a3e-0069242e89 - 0.0303 - - 1763978889.409920216 1763978889.440255165 0
Nov 24 10:08:09 standalone container-server[127016]: 172.20.0.100 - - [24/Nov/2025:10:08:09 +0000] "HEAD /d1/127/AUTH_31323bd5b14c4aefa306e9efd9a95011/gnocchi.e73a3c70-51b8-4635-b54d-39bf83bfbbd3" 204 - "HEAD http://172.18.0.2:8080/v1/AUTH_31323bd5b14c4aefa306e9efd9a95011/gnocchi.e73a3c70-51b8-4635-b54d-39bf83bfbbd3?format=json&states=listing" "txf724a920504c43caab781-0069242e89" "proxy-server 20" 0.0033 "-" 23 0
Nov 24 10:08:09 standalone proxy-server[129224]: - - 24/Nov/2025/10/08/09 HEAD /v1/AUTH_31323bd5b14c4aefa306e9efd9a95011/gnocchi.e73a3c70-51b8-4635-b54d-39bf83bfbbd3%3Fformat%3Djson%26states%3Dlisting HTTP/1.0 204 - Swift - - - - txf724a920504c43caab781-0069242e89 - 0.0093 RL - 1763978889.447194576 1763978889.456504107 0
Nov 24 10:08:09 standalone container-server[127016]: 172.20.0.100 - - [24/Nov/2025:10:08:09 +0000] "GET /d1/127/AUTH_31323bd5b14c4aefa306e9efd9a95011/gnocchi.e73a3c70-51b8-4635-b54d-39bf83bfbbd3" 200 2 "GET http://172.18.0.2:8080/v1/AUTH_31323bd5b14c4aefa306e9efd9a95011/gnocchi.e73a3c70-51b8-4635-b54d-39bf83bfbbd3?format=json&states=listing" "txf724a920504c43caab781-0069242e89" "proxy-server 20" 0.0025 "-" 23 0
Nov 24 10:08:09 standalone proxy-server[129224]: 172.18.0.2 172.18.0.100 24/Nov/2025/10/08/09 GET /v1/AUTH_31323bd5b14c4aefa306e9efd9a95011/gnocchi.e73a3c70-51b8-4635-b54d-39bf83bfbbd3%3Fformat%3Djson%26states%3Dlisting HTTP/1.0 200 - python-swiftclient-3.11.1 gAAAAABpJC3WgXjV... - 2 - txf724a920504c43caab781-0069242e89 - 0.0227 - - 1763978889.445177317 1763978889.467916012 0
Nov 24 10:08:09 standalone object-server[127390]: 172.20.0.100 - - [24/Nov/2025:10:08:09 +0000] "GET /d1/296/AUTH_31323bd5b14c4aefa306e9efd9a95011/gnocchi.e73a3c70-51b8-4635-b54d-39bf83bfbbd3/1763640000.0_mean_300.0_v3" 404 70 "GET http://172.18.0.2:8080/v1/AUTH_31323bd5b14c4aefa306e9efd9a95011/gnocchi.e73a3c70-51b8-4635-b54d-39bf83bfbbd3/1763640000.0_mean_300.0_v3" "tx73795aac1ab24c60ace43-0069242e89" "proxy-server 20" 0.0005 "-" 22 0
Nov 24 10:08:09 standalone proxy-server[129224]: 172.18.0.2 172.18.0.100 24/Nov/2025/10/08/09 GET /v1/AUTH_31323bd5b14c4aefa306e9efd9a95011/gnocchi.e73a3c70-51b8-4635-b54d-39bf83bfbbd3/1763640000.0_mean_300.0_v3 HTTP/1.0 404 - python-swiftclient-3.11.1 gAAAAABpJC3WgXjV... - 70 - tx73795aac1ab24c60ace43-0069242e89 - 0.0094 - - 1763978889.472279072 1763978889.481701374 0
Nov 24 10:08:09 standalone container-server[127008]: 172.20.0.100 - - [24/Nov/2025:10:08:09 +0000] "PUT /d1/127/AUTH_31323bd5b14c4aefa306e9efd9a95011/gnocchi.e73a3c70-51b8-4635-b54d-39bf83bfbbd3/1763640000.0_mean_300.0_v3" 201 - "PUT http://172.18.0.2:8080/d1/296/AUTH_31323bd5b14c4aefa306e9efd9a95011/gnocchi.e73a3c70-51b8-4635-b54d-39bf83bfbbd3/1763640000.0_mean_300.0_v3" "tx463c7be3a452459490996-0069242e89" "object-server 25" 0.0013 "-" 19 0
Nov 24 10:08:09 standalone object-server[127395]: 172.20.0.100 - - [24/Nov/2025:10:08:09 +0000] "PUT /d1/296/AUTH_31323bd5b14c4aefa306e9efd9a95011/gnocchi.e73a3c70-51b8-4635-b54d-39bf83bfbbd3/1763640000.0_mean_300.0_v3" 201 - "PUT http://172.18.0.2:8080/v1/AUTH_31323bd5b14c4aefa306e9efd9a95011/gnocchi.e73a3c70-51b8-4635-b54d-39bf83bfbbd3/1763640000.0_mean_300.0_v3" "tx463c7be3a452459490996-0069242e89" "proxy-server 20" 0.0196 "-" 25 0
Nov 24 10:08:09 standalone proxy-server[129224]: 172.18.0.2 172.18.0.100 24/Nov/2025/10/08/09 PUT /v1/AUTH_31323bd5b14c4aefa306e9efd9a95011/gnocchi.e73a3c70-51b8-4635-b54d-39bf83bfbbd3/1763640000.0_mean_300.0_v3 HTTP/1.0 201 - python-swiftclient-3.11.1 gAAAAABpJC3WgXjV... 16 - - tx463c7be3a452459490996-0069242e89 - 0.0295 - - 1763978889.487315178 1763978889.516770363 0
Nov 24 10:08:09 standalone container-server[127015]: 172.20.0.100 - - [24/Nov/2025:10:08:09 +0000] "PUT /d1/127/AUTH_31323bd5b14c4aefa306e9efd9a95011/gnocchi.e73a3c70-51b8-4635-b54d-39bf83bfbbd3/none_v3" 201 - "PUT http://172.18.0.2:8080/d1/29/AUTH_31323bd5b14c4aefa306e9efd9a95011/gnocchi.e73a3c70-51b8-4635-b54d-39bf83bfbbd3/none_v3" "tx1934b17beb8a451291754-0069242e89" "object-server 25" 0.0008 "-" 22 0
Nov 24 10:08:09 standalone object-server[127395]: 172.20.0.100 - - [24/Nov/2025:10:08:09 +0000] "PUT /d1/29/AUTH_31323bd5b14c4aefa306e9efd9a95011/gnocchi.e73a3c70-51b8-4635-b54d-39bf83bfbbd3/none_v3" 201 - "PUT http://172.18.0.2:8080/v1/AUTH_31323bd5b14c4aefa306e9efd9a95011/gnocchi.e73a3c70-51b8-4635-b54d-39bf83bfbbd3/none_v3" "tx1934b17beb8a451291754-0069242e89" "proxy-server 20" 0.0128 "-" 25 0
Nov 24 10:08:09 standalone proxy-server[129224]: 172.18.0.2 172.18.0.100 24/Nov/2025/10/08/09 PUT /v1/AUTH_31323bd5b14c4aefa306e9efd9a95011/gnocchi.e73a3c70-51b8-4635-b54d-39bf83bfbbd3/none_v3 HTTP/1.0 201 - python-swiftclient-3.11.1 gAAAAABpJC3WgXjV... 22 - - tx1934b17beb8a451291754-0069242e89 - 0.0237 - - 1763978889.523242712 1763978889.546934843 0
Nov 24 10:08:09 standalone container-server[127013]: 172.20.0.100 - - [24/Nov/2025:10:08:09 +0000] "HEAD /d1/435/AUTH_31323bd5b14c4aefa306e9efd9a95011/gnocchi.49b278bd-2461-4dca-bf5e-8ee30aafdbd9" 404 - "HEAD http://172.18.0.2:8080/v1/AUTH_31323bd5b14c4aefa306e9efd9a95011/gnocchi.49b278bd-2461-4dca-bf5e-8ee30aafdbd9?format=json&states=listing" "tx678c7f6269ec4405aaa41-0069242e89" "proxy-server 20" 0.0006 "-" 20 0
Nov 24 10:08:09 standalone object-server[127393]: 172.20.0.100 - - [24/Nov/2025:10:08:09 +0000] "GET /d1/909/AUTH_31323bd5b14c4aefa306e9efd9a95011/gnocchi.49b278bd-2461-4dca-bf5e-8ee30aafdbd9/none_v3" 404 70 "GET http://172.18.0.2:8080/v1/AUTH_31323bd5b14c4aefa306e9efd9a95011/gnocchi.49b278bd-2461-4dca-bf5e-8ee30aafdbd9/none_v3" "tx678c7f6269ec4405aaa41-0069242e89" "proxy-server 20" 0.0006 "-" 23 0
Nov 24 10:08:09 standalone proxy-server[129224]: 172.18.0.2 172.18.0.100 24/Nov/2025/10/08/09 GET /v1/AUTH_31323bd5b14c4aefa306e9efd9a95011/gnocchi.49b278bd-2461-4dca-bf5e-8ee30aafdbd9/none_v3 HTTP/1.0 404 - python-swiftclient-3.11.1 gAAAAABpJC3WgXjV... - 70 - tx678c7f6269ec4405aaa41-0069242e89 - 0.0163 - - 1763978889.571524143 1763978889.587857485 0
Nov 24 10:08:09 standalone account-server[126938]: 172.20.0.100 - - [24/Nov/2025:10:08:09 +0000] "PUT /d1/93/AUTH_31323bd5b14c4aefa306e9efd9a95011/gnocchi.49b278bd-2461-4dca-bf5e-8ee30aafdbd9" 201 - "PUT http://172.20.0.100:6001/d1/435/AUTH_31323bd5b14c4aefa306e9efd9a95011/gnocchi.49b278bd-2461-4dca-bf5e-8ee30aafdbd9" "tx6ef4b33e4416415bb7f68-0069242e89" "container-server 20" 0.0061 "-" 21 0
Nov 24 10:08:09 standalone container-server[127013]: 172.20.0.100 - - [24/Nov/2025:10:08:09 +0000] "PUT /d1/435/AUTH_31323bd5b14c4aefa306e9efd9a95011/gnocchi.49b278bd-2461-4dca-bf5e-8ee30aafdbd9" 201 - "PUT http://172.18.0.2:8080/v1/AUTH_31323bd5b14c4aefa306e9efd9a95011/gnocchi.49b278bd-2461-4dca-bf5e-8ee30aafdbd9" "tx6ef4b33e4416415bb7f68-0069242e89" "proxy-server 20" 0.0205 "-" 20 0
Nov 24 10:08:09 standalone proxy-server[129224]: 172.18.0.2 172.18.0.100 24/Nov/2025/10/08/09 PUT /v1/AUTH_31323bd5b14c4aefa306e9efd9a95011/gnocchi.49b278bd-2461-4dca-bf5e-8ee30aafdbd9 HTTP/1.0 201 - python-swiftclient-3.11.1 gAAAAABpJC3WgXjV... - - - tx6ef4b33e4416415bb7f68-0069242e89 - 0.0280 - - 1763978889.592229605 1763978889.620262384 0
Nov 24 10:08:09 standalone container-server[127013]: 172.20.0.100 - - [24/Nov/2025:10:08:09 +0000] "HEAD /d1/435/AUTH_31323bd5b14c4aefa306e9efd9a95011/gnocchi.49b278bd-2461-4dca-bf5e-8ee30aafdbd9" 204 - "HEAD http://172.18.0.2:8080/v1/AUTH_31323bd5b14c4aefa306e9efd9a95011/gnocchi.49b278bd-2461-4dca-bf5e-8ee30aafdbd9?format=json&states=listing" "txd7dc9f338bcb4b4b96ff3-0069242e89" "proxy-server 20" 0.0016 "-" 20 0
Nov 24 10:08:09 standalone proxy-server[129224]: - - 24/Nov/2025/10/08/09 HEAD /v1/AUTH_31323bd5b14c4aefa306e9efd9a95011/gnocchi.49b278bd-2461-4dca-bf5e-8ee30aafdbd9%3Fformat%3Djson%26states%3Dlisting HTTP/1.0 204 - Swift - - - - txd7dc9f338bcb4b4b96ff3-0069242e89 - 0.0065 RL - 1763978889.629417181 1763978889.635878801 0
Nov 24 10:08:09 standalone container-server[127016]: 172.20.0.100 - - [24/Nov/2025:10:08:09 +0000] "GET /d1/435/AUTH_31323bd5b14c4aefa306e9efd9a95011/gnocchi.49b278bd-2461-4dca-bf5e-8ee30aafdbd9" 200 2 "GET http://172.18.0.2:8080/v1/AUTH_31323bd5b14c4aefa306e9efd9a95011/gnocchi.49b278bd-2461-4dca-bf5e-8ee30aafdbd9?format=json&states=listing" "txd7dc9f338bcb4b4b96ff3-0069242e89" "proxy-server 20" 0.0043 "-" 23 0
Nov 24 10:08:09 standalone proxy-server[129224]: 172.18.0.2 172.18.0.100 24/Nov/2025/10/08/09 GET /v1/AUTH_31323bd5b14c4aefa306e9efd9a95011/gnocchi.49b278bd-2461-4dca-bf5e-8ee30aafdbd9%3Fformat%3Djson%26states%3Dlisting HTTP/1.0 200 - python-swiftclient-3.11.1 gAAAAABpJC3WgXjV... - 2 - txd7dc9f338bcb4b4b96ff3-0069242e89 - 0.0248 - - 1763978889.627004862 1763978889.651784420 0
Nov 24 10:08:09 standalone object-server[127393]: 172.20.0.100 - - [24/Nov/2025:10:08:09 +0000] "GET /d1/708/AUTH_31323bd5b14c4aefa306e9efd9a95011/gnocchi.49b278bd-2461-4dca-bf5e-8ee30aafdbd9/1763640000.0_mean_300.0_v3" 404 70 "GET http://172.18.0.2:8080/v1/AUTH_31323bd5b14c4aefa306e9efd9a95011/gnocchi.49b278bd-2461-4dca-bf5e-8ee30aafdbd9/1763640000.0_mean_300.0_v3" "txe071cf24583a4ef1a4429-0069242e89" "proxy-server 20" 0.0004 "-" 23 0
Nov 24 10:08:09 standalone proxy-server[129224]: 172.18.0.2 172.18.0.100 24/Nov/2025/10/08/09 GET /v1/AUTH_31323bd5b14c4aefa306e9efd9a95011/gnocchi.49b278bd-2461-4dca-bf5e-8ee30aafdbd9/1763640000.0_mean_300.0_v3 HTTP/1.0 404 - python-swiftclient-3.11.1 gAAAAABpJC3WgXjV... - 70 - txe071cf24583a4ef1a4429-0069242e89 - 0.0073 - - 1763978889.658918858 1763978889.666264057 0
Nov 24 10:08:09 standalone container-server[127008]: 172.20.0.100 - - [24/Nov/2025:10:08:09 +0000] "PUT /d1/435/AUTH_31323bd5b14c4aefa306e9efd9a95011/gnocchi.49b278bd-2461-4dca-bf5e-8ee30aafdbd9/1763640000.0_mean_300.0_v3" 201 - "PUT http://172.18.0.2:8080/d1/708/AUTH_31323bd5b14c4aefa306e9efd9a95011/gnocchi.49b278bd-2461-4dca-bf5e-8ee30aafdbd9/1763640000.0_mean_300.0_v3" "tx183f82ada45742eebeb91-0069242e89" "object-server 22" 0.0009 "-" 19 0
Nov 24 10:08:09 standalone object-server[127390]: 172.20.0.100 - - [24/Nov/2025:10:08:09 +0000] "PUT /d1/708/AUTH_31323bd5b14c4aefa306e9efd9a95011/gnocchi.49b278bd-2461-4dca-bf5e-8ee30aafdbd9/1763640000.0_mean_300.0_v3" 201 - "PUT http://172.18.0.2:8080/v1/AUTH_31323bd5b14c4aefa306e9efd9a95011/gnocchi.49b278bd-2461-4dca-bf5e-8ee30aafdbd9/1763640000.0_mean_300.0_v3" "tx183f82ada45742eebeb91-0069242e89" "proxy-server 20" 0.0119 "-" 22 0
Nov 24 10:08:09 standalone proxy-server[129224]: 172.18.0.2 172.18.0.100 24/Nov/2025/10/08/09 PUT /v1/AUTH_31323bd5b14c4aefa306e9efd9a95011/gnocchi.49b278bd-2461-4dca-bf5e-8ee30aafdbd9/1763640000.0_mean_300.0_v3 HTTP/1.0 201 - python-swiftclient-3.11.1 gAAAAABpJC3WgXjV... 16 - - tx183f82ada45742eebeb91-0069242e89 - 0.0199 - - 1763978889.671392679 1763978889.691258192 0
Nov 24 10:08:09 standalone container-server[127013]: 172.20.0.100 - - [24/Nov/2025:10:08:09 +0000] "PUT /d1/435/AUTH_31323bd5b14c4aefa306e9efd9a95011/gnocchi.49b278bd-2461-4dca-bf5e-8ee30aafdbd9/none_v3" 201 - "PUT http://172.18.0.2:8080/d1/909/AUTH_31323bd5b14c4aefa306e9efd9a95011/gnocchi.49b278bd-2461-4dca-bf5e-8ee30aafdbd9/none_v3" "tx177f1aa5eb534c93aefaf-0069242e89" "object-server 22" 0.0007 "-" 20 0
Nov 24 10:08:09 standalone object-server[127390]: 172.20.0.100 - - [24/Nov/2025:10:08:09 +0000] "PUT /d1/909/AUTH_31323bd5b14c4aefa306e9efd9a95011/gnocchi.49b278bd-2461-4dca-bf5e-8ee30aafdbd9/none_v3" 201 - "PUT http://172.18.0.2:8080/v1/AUTH_31323bd5b14c4aefa306e9efd9a95011/gnocchi.49b278bd-2461-4dca-bf5e-8ee30aafdbd9/none_v3" "tx177f1aa5eb534c93aefaf-0069242e89" "proxy-server 20" 0.0129 "-" 22 0
Nov 24 10:08:09 standalone proxy-server[129224]: 172.18.0.2 172.18.0.100 24/Nov/2025/10/08/09 PUT /v1/AUTH_31323bd5b14c4aefa306e9efd9a95011/gnocchi.49b278bd-2461-4dca-bf5e-8ee30aafdbd9/none_v3 HTTP/1.0 201 - python-swiftclient-3.11.1 gAAAAABpJC3WgXjV... 22 - - tx177f1aa5eb534c93aefaf-0069242e89 - 0.0202 - - 1763978889.695307970 1763978889.715550423 0
Nov 24 10:08:09 standalone container-server[127016]: 172.20.0.100 - - [24/Nov/2025:10:08:09 +0000] "HEAD /d1/351/AUTH_31323bd5b14c4aefa306e9efd9a95011/gnocchi.799edba7-53ae-4c2e-bc55-d64cae050463" 404 - "HEAD http://172.18.0.2:8080/v1/AUTH_31323bd5b14c4aefa306e9efd9a95011/gnocchi.799edba7-53ae-4c2e-bc55-d64cae050463?format=json&states=listing" "tx367bf6f261f247be82351-0069242e89" "proxy-server 20" 0.0008 "-" 23 0
Nov 24 10:08:09 standalone object-server[127395]: 172.20.0.100 - - [24/Nov/2025:10:08:09 +0000] "GET /d1/733/AUTH_31323bd5b14c4aefa306e9efd9a95011/gnocchi.799edba7-53ae-4c2e-bc55-d64cae050463/none_v3" 404 70 "GET http://172.18.0.2:8080/v1/AUTH_31323bd5b14c4aefa306e9efd9a95011/gnocchi.799edba7-53ae-4c2e-bc55-d64cae050463/none_v3" "tx367bf6f261f247be82351-0069242e89" "proxy-server 20" 0.0005 "-" 25 0
Nov 24 10:08:09 standalone proxy-server[129224]: 172.18.0.2 172.18.0.100 24/Nov/2025/10/08/09 GET /v1/AUTH_31323bd5b14c4aefa306e9efd9a95011/gnocchi.799edba7-53ae-4c2e-bc55-d64cae050463/none_v3 HTTP/1.0 404 - python-swiftclient-3.11.1 gAAAAABpJC3WgXjV... - 70 - tx367bf6f261f247be82351-0069242e89 - 0.0172 - - 1763978889.743544817 1763978889.760749578 0
Nov 24 10:08:09 standalone account-server[126927]: 172.20.0.100 - - [24/Nov/2025:10:08:09 +0000] "PUT /d1/93/AUTH_31323bd5b14c4aefa306e9efd9a95011/gnocchi.799edba7-53ae-4c2e-bc55-d64cae050463" 201 - "PUT http://172.20.0.100:6001/d1/351/AUTH_31323bd5b14c4aefa306e9efd9a95011/gnocchi.799edba7-53ae-4c2e-bc55-d64cae050463" "tx77f219388f1d41e6baaa6-0069242e89" "container-server 20" 0.0060 "-" 17 0
Nov 24 10:08:09 standalone container-server[127013]: 172.20.0.100 - - [24/Nov/2025:10:08:09 +0000] "PUT /d1/351/AUTH_31323bd5b14c4aefa306e9efd9a95011/gnocchi.799edba7-53ae-4c2e-bc55-d64cae050463" 201 - "PUT http://172.18.0.2:8080/v1/AUTH_31323bd5b14c4aefa306e9efd9a95011/gnocchi.799edba7-53ae-4c2e-bc55-d64cae050463" "tx77f219388f1d41e6baaa6-0069242e89" "proxy-server 20" 0.0200 "-" 20 0
Nov 24 10:08:09 standalone proxy-server[129224]: 172.18.0.2 172.18.0.100 24/Nov/2025/10/08/09 PUT /v1/AUTH_31323bd5b14c4aefa306e9efd9a95011/gnocchi.799edba7-53ae-4c2e-bc55-d64cae050463 HTTP/1.0 201 - python-swiftclient-3.11.1 gAAAAABpJC3WgXjV... - - - tx77f219388f1d41e6baaa6-0069242e89 - 0.0269 - - 1763978889.764781713 1763978889.791632652 0
Nov 24 10:08:09 standalone container-server[127008]: 172.20.0.100 - - [24/Nov/2025:10:08:09 +0000] "HEAD /d1/351/AUTH_31323bd5b14c4aefa306e9efd9a95011/gnocchi.799edba7-53ae-4c2e-bc55-d64cae050463" 204 - "HEAD http://172.18.0.2:8080/v1/AUTH_31323bd5b14c4aefa306e9efd9a95011/gnocchi.799edba7-53ae-4c2e-bc55-d64cae050463?format=json&states=listing" "txe5cc57ba0af8402aa5b79-0069242e89" "proxy-server 20" 0.0022 "-" 19 0
Nov 24 10:08:09 standalone proxy-server[129224]: - - 24/Nov/2025/10/08/09 HEAD /v1/AUTH_31323bd5b14c4aefa306e9efd9a95011/gnocchi.799edba7-53ae-4c2e-bc55-d64cae050463%3Fformat%3Djson%26states%3Dlisting HTTP/1.0 204 - Swift - - - - txe5cc57ba0af8402aa5b79-0069242e89 - 0.0070 RL - 1763978889.797392845 1763978889.804401398 0
Nov 24 10:08:09 standalone container-server[127008]: 172.20.0.100 - - [24/Nov/2025:10:08:09 +0000] "GET /d1/351/AUTH_31323bd5b14c4aefa306e9efd9a95011/gnocchi.799edba7-53ae-4c2e-bc55-d64cae050463" 200 2 "GET http://172.18.0.2:8080/v1/AUTH_31323bd5b14c4aefa306e9efd9a95011/gnocchi.799edba7-53ae-4c2e-bc55-d64cae050463?format=json&states=listing" "txe5cc57ba0af8402aa5b79-0069242e89" "proxy-server 20" 0.0014 "-" 19 0
Nov 24 10:08:09 standalone proxy-server[129224]: 172.18.0.2 172.18.0.100 24/Nov/2025/10/08/09 GET /v1/AUTH_31323bd5b14c4aefa306e9efd9a95011/gnocchi.799edba7-53ae-4c2e-bc55-d64cae050463%3Fformat%3Djson%26states%3Dlisting HTTP/1.0 200 - python-swiftclient-3.11.1 gAAAAABpJC3WgXjV... - 2 - txe5cc57ba0af8402aa5b79-0069242e89 - 0.0175 - - 1763978889.795707464 1763978889.813246012 0
Nov 24 10:08:09 standalone object-server[127394]: 172.20.0.100 - - [24/Nov/2025:10:08:09 +0000] "GET /d1/946/AUTH_31323bd5b14c4aefa306e9efd9a95011/gnocchi.799edba7-53ae-4c2e-bc55-d64cae050463/1763640000.0_mean_300.0_v3" 404 70 "GET http://172.18.0.2:8080/v1/AUTH_31323bd5b14c4aefa306e9efd9a95011/gnocchi.799edba7-53ae-4c2e-bc55-d64cae050463/1763640000.0_mean_300.0_v3" "txbd721a0452104e68bd14d-0069242e89" "proxy-server 20" 0.0004 "-" 24 0
Nov 24 10:08:09 standalone proxy-server[129224]: 172.18.0.2 172.18.0.100 24/Nov/2025/10/08/09 GET /v1/AUTH_31323bd5b14c4aefa306e9efd9a95011/gnocchi.799edba7-53ae-4c2e-bc55-d64cae050463/1763640000.0_mean_300.0_v3 HTTP/1.0 404 - python-swiftclient-3.11.1 gAAAAABpJC3WgXjV... - 70 - txbd721a0452104e68bd14d-0069242e89 - 0.0080 - - 1763978889.818469524 1763978889.826498747 0
Nov 24 10:08:09 standalone container-server[127008]: 172.20.0.100 - - [24/Nov/2025:10:08:09 +0000] "PUT /d1/351/AUTH_31323bd5b14c4aefa306e9efd9a95011/gnocchi.799edba7-53ae-4c2e-bc55-d64cae050463/1763640000.0_mean_300.0_v3" 201 - "PUT http://172.18.0.2:8080/d1/946/AUTH_31323bd5b14c4aefa306e9efd9a95011/gnocchi.799edba7-53ae-4c2e-bc55-d64cae050463/1763640000.0_mean_300.0_v3" "tx6dc491efe1d643629e57e-0069242e89" "object-server 23" 0.0004 "-" 19 0
Nov 24 10:08:09 standalone object-server[127393]: 172.20.0.100 - - [24/Nov/2025:10:08:09 +0000] "PUT /d1/946/AUTH_31323bd5b14c4aefa306e9efd9a95011/gnocchi.799edba7-53ae-4c2e-bc55-d64cae050463/1763640000.0_mean_300.0_v3" 201 - "PUT http://172.18.0.2:8080/v1/AUTH_31323bd5b14c4aefa306e9efd9a95011/gnocchi.799edba7-53ae-4c2e-bc55-d64cae050463/1763640000.0_mean_300.0_v3" "tx6dc491efe1d643629e57e-0069242e89" "proxy-server 20" 0.0104 "-" 23 0
Nov 24 10:08:09 standalone proxy-server[129224]: 172.18.0.2 172.18.0.100 24/Nov/2025/10/08/09 PUT /v1/AUTH_31323bd5b14c4aefa306e9efd9a95011/gnocchi.799edba7-53ae-4c2e-bc55-d64cae050463/1763640000.0_mean_300.0_v3 HTTP/1.0 201 - python-swiftclient-3.11.1 gAAAAABpJC3WgXjV... 16 - - tx6dc491efe1d643629e57e-0069242e89 - 0.0203 - - 1763978889.831213236 1763978889.851555347 0
Nov 24 10:08:09 standalone container-server[127016]: 172.20.0.100 - - [24/Nov/2025:10:08:09 +0000] "PUT /d1/351/AUTH_31323bd5b14c4aefa306e9efd9a95011/gnocchi.799edba7-53ae-4c2e-bc55-d64cae050463/none_v3" 201 - "PUT http://172.18.0.2:8080/d1/733/AUTH_31323bd5b14c4aefa306e9efd9a95011/gnocchi.799edba7-53ae-4c2e-bc55-d64cae050463/none_v3" "tx6fbef1d112464ec59e527-0069242e89" "object-server 25" 0.0009 "-" 23 0
Nov 24 10:08:09 standalone object-server[127395]: 172.20.0.100 - - [24/Nov/2025:10:08:09 +0000] "PUT /d1/733/AUTH_31323bd5b14c4aefa306e9efd9a95011/gnocchi.799edba7-53ae-4c2e-bc55-d64cae050463/none_v3" 201 - "PUT http://172.18.0.2:8080/v1/AUTH_31323bd5b14c4aefa306e9efd9a95011/gnocchi.799edba7-53ae-4c2e-bc55-d64cae050463/none_v3" "tx6fbef1d112464ec59e527-0069242e89" "proxy-server 20" 0.0100 "-" 25 0
Nov 24 10:08:09 standalone proxy-server[129224]: 172.18.0.2 172.18.0.100 24/Nov/2025/10/08/09 PUT /v1/AUTH_31323bd5b14c4aefa306e9efd9a95011/gnocchi.799edba7-53ae-4c2e-bc55-d64cae050463/none_v3 HTTP/1.0 201 - python-swiftclient-3.11.1 gAAAAABpJC3WgXjV... 22 - - tx6fbef1d112464ec59e527-0069242e89 - 0.0179 - - 1763978889.855862856 1763978889.873760700 0
Nov 24 10:08:09 standalone container-server[127016]: 172.20.0.100 - - [24/Nov/2025:10:08:09 +0000] "HEAD /d1/275/AUTH_31323bd5b14c4aefa306e9efd9a95011/gnocchi.c10236ef-7be3-47d0-abd5-6efa712aefe4" 404 - "HEAD http://172.18.0.2:8080/v1/AUTH_31323bd5b14c4aefa306e9efd9a95011/gnocchi.c10236ef-7be3-47d0-abd5-6efa712aefe4?format=json&states=listing" "tx5e4a2df7be354bd09d21e-0069242e89" "proxy-server 20" 0.0007 "-" 23 0
Nov 24 10:08:09 standalone object-server[127393]: 172.20.0.100 - - [24/Nov/2025:10:08:09 +0000] "GET /d1/260/AUTH_31323bd5b14c4aefa306e9efd9a95011/gnocchi.c10236ef-7be3-47d0-abd5-6efa712aefe4/none_v3" 404 70 "GET http://172.18.0.2:8080/v1/AUTH_31323bd5b14c4aefa306e9efd9a95011/gnocchi.c10236ef-7be3-47d0-abd5-6efa712aefe4/none_v3" "tx5e4a2df7be354bd09d21e-0069242e89" "proxy-server 20" 0.0005 "-" 23 0
