Nov 24 09:53:09 standalone account-server[126772]: Started child 17 from parent 2
Nov 24 09:53:09 standalone account-server[126772]: Started child 20 from parent 2
Nov 24 09:53:09 standalone account-server[126772]: Started child 21 from parent 2
Nov 24 09:53:09 standalone account-server[126772]: Started child 23 from parent 2
Nov 24 09:53:09 standalone account-server[126726]: Starting 2
Nov 24 09:53:10 standalone container-server[126838]: Option allow_versions is deprecated. Configure the versioned_writes middleware in the proxy-server instead. This option will be ignored in a future release.
Nov 24 09:53:10 standalone container-server[127008]: Option allow_versions is deprecated. Configure the versioned_writes middleware in the proxy-server instead. This option will be ignored in a future release.
Nov 24 09:53:10 standalone container-server[126838]: Started child 19 from parent 2
Nov 24 09:53:10 standalone container-server[127013]: Option allow_versions is deprecated. Configure the versioned_writes middleware in the proxy-server instead. This option will be ignored in a future release.
Nov 24 09:53:10 standalone container-server[126838]: Started child 20 from parent 2
Nov 24 09:53:10 standalone container-server[127015]: Option allow_versions is deprecated. Configure the versioned_writes middleware in the proxy-server instead. This option will be ignored in a future release.
Nov 24 09:53:10 standalone container-server[126838]: Started child 22 from parent 2
Nov 24 09:53:10 standalone container-server[127016]: Option allow_versions is deprecated. Configure the versioned_writes middleware in the proxy-server instead. This option will be ignored in a future release.
Nov 24 09:53:10 standalone container-server[126838]: Started child 23 from parent 2
Nov 24 09:53:10 standalone container-server[126891]: Starting 2
Nov 24 09:53:10 standalone object-expirer[127075]: Starting 2
Nov 24 09:53:10 standalone object-expirer[127075]: Option auto_create_account_prefix is deprecated. Configure auto_create_account_prefix under the swift-constraints section of swift.conf. This option will be ignored in a future release.
Nov 24 09:53:11 standalone object-server[127211]: Starting 2
Nov 24 09:53:11 standalone object-server[127220]: Started child 22 from parent 2
Nov 24 09:53:11 standalone object-server[127220]: Started child 23 from parent 2
Nov 24 09:53:11 standalone object-server[127220]: Started child 24 from parent 2
Nov 24 09:53:11 standalone object-server[127220]: Started child 25 from parent 2
Nov 24 09:53:17 standalone proxy-server[128834]: Starting Keystone auth_token middleware
Nov 24 09:53:17 standalone proxy-server[128834]: AuthToken middleware is set with keystone_authtoken.service_token_roles_required set to False. This is backwards compatible but deprecated behaviour. Please set this to True.
Nov 24 09:53:17 standalone proxy-server[129224]: Starting Keystone auth_token middleware
Nov 24 09:53:17 standalone proxy-server[129224]: STDERR: The option "bind_port" is not known to keystonemiddleware
Nov 24 09:53:17 standalone proxy-server[129224]: STDERR: The option "workers" is not known to keystonemiddleware
Nov 24 09:53:17 standalone proxy-server[129224]: STDERR: The option "user" is not known to keystonemiddleware
Nov 24 09:53:17 standalone proxy-server[129224]: STDERR: The option "bind_ip" is not known to keystonemiddleware
Nov 24 09:53:17 standalone proxy-server[129224]: STDERR: The option "log_name" is not known to keystonemiddleware
Nov 24 09:53:17 standalone proxy-server[129224]: STDERR: The option "log_facility" is not known to keystonemiddleware
Nov 24 09:53:17 standalone proxy-server[129224]: STDERR: The option "log_level" is not known to keystonemiddleware
Nov 24 09:53:17 standalone proxy-server[129224]: STDERR: The option "log_headers" is not known to keystonemiddleware
Nov 24 09:53:17 standalone proxy-server[129224]: STDERR: The option "log_address" is not known to keystonemiddleware
Nov 24 09:53:17 standalone proxy-server[129224]: STDERR: The option "project_name" is not known to keystonemiddleware
Nov 24 09:53:17 standalone proxy-server[129224]: STDERR: The option "username" is not known to keystonemiddleware
Nov 24 09:53:17 standalone proxy-server[129224]: STDERR: The option "password" is not known to keystonemiddleware
Nov 24 09:53:17 standalone proxy-server[129224]: STDERR: The option "auth_url" is not known to keystonemiddleware
Nov 24 09:53:17 standalone proxy-server[129224]: STDERR: The option "signing_dir" is not known to keystonemiddleware
Nov 24 09:53:17 standalone proxy-server[129224]: STDERR: The option "project_domain_id" is not known to keystonemiddleware
Nov 24 09:53:17 standalone proxy-server[129224]: STDERR: The option "user_domain_id" is not known to keystonemiddleware
Nov 24 09:53:17 standalone proxy-server[129224]: STDERR: The option "__name__" is not known to keystonemiddleware
Nov 24 09:53:17 standalone proxy-server[129224]: AuthToken middleware is set with keystone_authtoken.service_token_roles_required set to False. This is backwards compatible but deprecated behaviour. Please set this to True.
Nov 24 09:53:17 standalone proxy-server[128834]: Started child 20 from parent 2
Nov 24 09:53:22 standalone account-server[126927]: 172.20.0.100 - - [24/Nov/2025:09:53:22 +0000] "HEAD /d1/537/.expiring_objects" 404 - "HEAD http://localhost/v1/.expiring_objects?format=json" "tx841545eefa3c4751a59d6-0069242b12" "proxy-server 2" 0.0017 "-" 17 -
Nov 24 09:53:22 standalone object-expirer[127075]: Pass completed in 0s; 0 objects expired (txn: tx841545eefa3c4751a59d6-0069242b12)
Nov 24 09:53:42 standalone account-server[126930]: 172.20.0.100 - - [24/Nov/2025:09:53:42 +0000] "HEAD /d1/537/.expiring_objects" 404 - "HEAD http://localhost/v1/.expiring_objects?format=json" "tx4bf0cf40681445a7aea94-0069242b26" "proxy-server 2" 0.0019 "-" 20 -
Nov 24 09:53:42 standalone object-expirer[127075]: Pass completed in 0s; 0 objects expired (txn: tx4bf0cf40681445a7aea94-0069242b26)
Nov 24 09:53:43 standalone container-server[126891]: Begin container update sweep
Nov 24 09:53:43 standalone container-server[126891]: Container update sweep completed: 0.00s
Nov 24 09:55:48 standalone object-server[127211]: Begin object update sweep
Nov 24 09:55:48 standalone object-server[146959]: Object update sweep starting on /srv/node/d1 (pid: 11)
Nov 24 09:55:48 standalone object-server[146959]: Object update sweep completed on /srv/node/d1 in 0.00s seconds:, 0 successes, 0 failures, 0 quarantines, 0 unlinks, 0 errors, 0 redirects (pid: 11)
Nov 24 09:55:48 standalone object-server[146959]: Object update sweep of d1 completed: 0.00s, 0 successes, 0 failures, 0 quarantines, 0 unlinks, 0 errors, 0 redirects
Nov 24 09:55:48 standalone object-server[127211]: Object update sweep completed: 0.07s
Nov 24 09:57:21 standalone account-server[126930]: 172.20.0.100 - - [24/Nov/2025:09:57:21 +0000] "HEAD /d1/537/.expiring_objects" 404 - "HEAD http://localhost/v1/.expiring_objects?format=json" "tx69ff9723c6234627a6c2d-0069242c01" "proxy-server 2" 0.0008 "-" 20 -
Nov 24 09:57:21 standalone object-expirer[127075]: Pass completed in 0s; 0 objects expired (txn: tx69ff9723c6234627a6c2d-0069242c01)
Nov 24 09:58:43 standalone container-server[126891]: Begin container update sweep
Nov 24 09:58:43 standalone container-server[126891]: Container update sweep completed: 0.00s
Nov 24 10:00:49 standalone object-server[127211]: Begin object update sweep
Nov 24 10:00:49 standalone object-server[185662]: Object update sweep starting on /srv/node/d1 (pid: 13)
Nov 24 10:00:49 standalone object-server[185662]: Object update sweep completed on /srv/node/d1 in 0.00s seconds:, 0 successes, 0 failures, 0 quarantines, 0 unlinks, 0 errors, 0 redirects (pid: 13)
Nov 24 10:00:49 standalone object-server[185662]: Object update sweep of d1 completed: 0.00s, 0 successes, 0 failures, 0 quarantines, 0 unlinks, 0 errors, 0 redirects
Nov 24 10:00:49 standalone object-server[127211]: Object update sweep completed: 0.09s
Nov 24 10:01:52 standalone account-server[126944]: 172.20.0.100 - - [24/Nov/2025:10:01:52 +0000] "HEAD /d1/537/.expiring_objects" 404 - "HEAD http://localhost/v1/.expiring_objects?format=json" "tx49fbf904a53a41d0ae12c-0069242d10" "proxy-server 2" 0.0015 "-" 23 -
Nov 24 10:01:52 standalone object-expirer[127075]: Pass completed in 0s; 0 objects expired (txn: tx49fbf904a53a41d0ae12c-0069242d10)
Nov 24 10:03:43 standalone container-server[126891]: Begin container update sweep
Nov 24 10:03:43 standalone container-server[126891]: Container update sweep completed: 0.00s
Nov 24 10:05:10 standalone account-server[126938]: 172.20.0.100 - - [24/Nov/2025:10:05:10 +0000] "HEAD /d1/93/AUTH_31323bd5b14c4aefa306e9efd9a95011" 404 - "HEAD http://172.18.0.2:8080/v1/AUTH_31323bd5b14c4aefa306e9efd9a95011?format=json" "tx22e6d9d899704dacb51e1-0069242dd6" "proxy-server 20" 0.0010 "-" 21 -
Nov 24 10:05:10 standalone proxy-server[129224]: - - 24/Nov/2025/10/05/10 HEAD /v1/AUTH_31323bd5b14c4aefa306e9efd9a95011%3Fformat%3Djson HTTP/1.0 200 - Swift - - - - tx22e6d9d899704dacb51e1-0069242dd6 - 0.0065 RL - 1763978710.919437408 1763978710.925965071 -
Nov 24 10:05:11 standalone object-server[127390]: 172.20.0.100 - - [24/Nov/2025:10:05:11 +0000] "GET /d1/471/AUTH_31323bd5b14c4aefa306e9efd9a95011/gnocchi.8ffa946d-b30c-4f96-9ded-b40f262b474b/none_v3" 404 70 "GET http://172.18.0.2:8080/v1/AUTH_31323bd5b14c4aefa306e9efd9a95011/gnocchi.8ffa946d-b30c-4f96-9ded-b40f262b474b/none_v3" "tx22e6d9d899704dacb51e1-0069242dd6" "proxy-server 20" 0.0010 "-" 22 0
Nov 24 10:05:11 standalone proxy-server[129224]: 172.18.0.2 172.18.0.100 24/Nov/2025/10/05/11 GET /v1/AUTH_31323bd5b14c4aefa306e9efd9a95011/gnocchi.8ffa946d-b30c-4f96-9ded-b40f262b474b/none_v3 HTTP/1.0 404 - python-swiftclient-3.11.1 gAAAAABpJC3WgXjV... - 70 - tx22e6d9d899704dacb51e1-0069242dd6 - 0.4221 - - 1763978710.914418936 1763978711.336529732 0
Nov 24 10:05:11 standalone account-server[126938]: 172.20.0.100 - - [24/Nov/2025:10:05:11 +0000] "PUT /d1/93/AUTH_31323bd5b14c4aefa306e9efd9a95011" 201 - "-" "tx1c11be547cb545758ad67-0069242dd7" "-" 0.0185 "-" 21 -
Nov 24 10:05:11 standalone proxy-server[129224]: autocreate account '/AUTH_31323bd5b14c4aefa306e9efd9a95011' (txn: tx1c11be547cb545758ad67-0069242dd7)
Nov 24 10:05:11 standalone account-server[126944]: 172.20.0.100 - - [24/Nov/2025:10:05:11 +0000] "HEAD /d1/93/AUTH_31323bd5b14c4aefa306e9efd9a95011" 204 - "HEAD http://172.18.0.2:8080/v1/AUTH_31323bd5b14c4aefa306e9efd9a95011?format=json" "tx1c11be547cb545758ad67-0069242dd7" "proxy-server 20" 0.0028 "-" 23 -
Nov 24 10:05:11 standalone account-server[126927]: 172.20.0.100 - - [24/Nov/2025:10:05:11 +0000] "PUT /d1/93/AUTH_31323bd5b14c4aefa306e9efd9a95011/gnocchi.8ffa946d-b30c-4f96-9ded-b40f262b474b" 201 - "PUT http://172.20.0.100:6001/d1/240/AUTH_31323bd5b14c4aefa306e9efd9a95011/gnocchi.8ffa946d-b30c-4f96-9ded-b40f262b474b" "tx1c11be547cb545758ad67-0069242dd7" "container-server 19" 0.0027 "-" 17 0
Nov 24 10:05:11 standalone container-server[127008]: 172.20.0.100 - - [24/Nov/2025:10:05:11 +0000] "PUT /d1/240/AUTH_31323bd5b14c4aefa306e9efd9a95011/gnocchi.8ffa946d-b30c-4f96-9ded-b40f262b474b" 201 - "PUT http://172.18.0.2:8080/v1/AUTH_31323bd5b14c4aefa306e9efd9a95011/gnocchi.8ffa946d-b30c-4f96-9ded-b40f262b474b" "tx1c11be547cb545758ad67-0069242dd7" "proxy-server 20" 0.0238 "-" 19 0
Nov 24 10:05:11 standalone proxy-server[129224]: 172.18.0.2 172.18.0.100 24/Nov/2025/10/05/11 PUT /v1/AUTH_31323bd5b14c4aefa306e9efd9a95011/gnocchi.8ffa946d-b30c-4f96-9ded-b40f262b474b HTTP/1.0 201 - python-swiftclient-3.11.1 gAAAAABpJC3WgXjV... - - - tx1c11be547cb545758ad67-0069242dd7 - 0.0681 - - 1763978711.342517614 1763978711.410570860 0
Nov 24 10:05:11 standalone container-server[127015]: 172.20.0.100 - - [24/Nov/2025:10:05:11 +0000] "HEAD /d1/240/AUTH_31323bd5b14c4aefa306e9efd9a95011/gnocchi.8ffa946d-b30c-4f96-9ded-b40f262b474b" 204 - "HEAD http://172.18.0.2:8080/v1/AUTH_31323bd5b14c4aefa306e9efd9a95011/gnocchi.8ffa946d-b30c-4f96-9ded-b40f262b474b?format=json&states=listing" "tx2ffe7083511847e2b4ded-0069242dd7" "proxy-server 20" 0.0056 "-" 22 0
Nov 24 10:05:11 standalone proxy-server[129224]: - - 24/Nov/2025/10/05/11 HEAD /v1/AUTH_31323bd5b14c4aefa306e9efd9a95011/gnocchi.8ffa946d-b30c-4f96-9ded-b40f262b474b%3Fformat%3Djson%26states%3Dlisting HTTP/1.0 204 - Swift - - - - tx2ffe7083511847e2b4ded-0069242dd7 - 0.0128 RL - 1763978711.418300390 1763978711.431092262 0
Nov 24 10:05:11 standalone container-server[127013]: 172.20.0.100 - - [24/Nov/2025:10:05:11 +0000] "GET /d1/240/AUTH_31323bd5b14c4aefa306e9efd9a95011/gnocchi.8ffa946d-b30c-4f96-9ded-b40f262b474b" 200 2 "GET http://172.18.0.2:8080/v1/AUTH_31323bd5b14c4aefa306e9efd9a95011/gnocchi.8ffa946d-b30c-4f96-9ded-b40f262b474b?format=json&states=listing" "tx2ffe7083511847e2b4ded-0069242dd7" "proxy-server 20" 0.0063 "-" 20 0
Nov 24 10:05:11 standalone proxy-server[129224]: 172.18.0.2 172.18.0.100 24/Nov/2025/10/05/11 GET /v1/AUTH_31323bd5b14c4aefa306e9efd9a95011/gnocchi.8ffa946d-b30c-4f96-9ded-b40f262b474b%3Fformat%3Djson%26states%3Dlisting HTTP/1.0 200 - python-swiftclient-3.11.1 gAAAAABpJC3WgXjV... - 2 - tx2ffe7083511847e2b4ded-0069242dd7 - 0.0321 - - 1763978711.415883780 1763978711.447958946 0
Nov 24 10:05:11 standalone object-server[127393]: 172.20.0.100 - - [24/Nov/2025:10:05:11 +0000] "GET /d1/758/AUTH_31323bd5b14c4aefa306e9efd9a95011/gnocchi.8ffa946d-b30c-4f96-9ded-b40f262b474b/1763640000.0_mean_300.0_v3" 404 70 "GET http://172.18.0.2:8080/v1/AUTH_31323bd5b14c4aefa306e9efd9a95011/gnocchi.8ffa946d-b30c-4f96-9ded-b40f262b474b/1763640000.0_mean_300.0_v3" "tx833590bd19b8413aa702b-0069242dd7" "proxy-server 20" 0.0012 "-" 23 0
Nov 24 10:05:11 standalone proxy-server[129224]: 172.18.0.2 172.18.0.100 24/Nov/2025/10/05/11 GET /v1/AUTH_31323bd5b14c4aefa306e9efd9a95011/gnocchi.8ffa946d-b30c-4f96-9ded-b40f262b474b/1763640000.0_mean_300.0_v3 HTTP/1.0 404 - python-swiftclient-3.11.1 gAAAAABpJC3WgXjV... - 70 - tx833590bd19b8413aa702b-0069242dd7 - 0.0106 - - 1763978711.455284834 1763978711.465874672 0
Nov 24 10:05:11 standalone container-server[127015]: 172.20.0.100 - - [24/Nov/2025:10:05:11 +0000] "PUT /d1/240/AUTH_31323bd5b14c4aefa306e9efd9a95011/gnocchi.8ffa946d-b30c-4f96-9ded-b40f262b474b/1763640000.0_mean_300.0_v3" 201 - "PUT http://172.18.0.2:8080/d1/758/AUTH_31323bd5b14c4aefa306e9efd9a95011/gnocchi.8ffa946d-b30c-4f96-9ded-b40f262b474b/1763640000.0_mean_300.0_v3" "txc5ef471ffd9c4c94b8225-0069242dd7" "object-server 24" 0.0012 "-" 22 0
Nov 24 10:05:11 standalone object-server[127394]: 172.20.0.100 - - [24/Nov/2025:10:05:11 +0000] "PUT /d1/758/AUTH_31323bd5b14c4aefa306e9efd9a95011/gnocchi.8ffa946d-b30c-4f96-9ded-b40f262b474b/1763640000.0_mean_300.0_v3" 201 - "PUT http://172.18.0.2:8080/v1/AUTH_31323bd5b14c4aefa306e9efd9a95011/gnocchi.8ffa946d-b30c-4f96-9ded-b40f262b474b/1763640000.0_mean_300.0_v3" "txc5ef471ffd9c4c94b8225-0069242dd7" "proxy-server 20" 0.0388 "-" 24 0
Nov 24 10:05:11 standalone proxy-server[129224]: 172.18.0.2 172.18.0.100 24/Nov/2025/10/05/11 PUT /v1/AUTH_31323bd5b14c4aefa306e9efd9a95011/gnocchi.8ffa946d-b30c-4f96-9ded-b40f262b474b/1763640000.0_mean_300.0_v3 HTTP/1.0 201 - python-swiftclient-3.11.1 gAAAAABpJC3WgXjV... 16 - - txc5ef471ffd9c4c94b8225-0069242dd7 - 0.0486 - - 1763978711.471931458 1763978711.520546675 0
Nov 24 10:05:11 standalone container-server[127013]: 172.20.0.100 - - [24/Nov/2025:10:05:11 +0000] "PUT /d1/240/AUTH_31323bd5b14c4aefa306e9efd9a95011/gnocchi.8ffa946d-b30c-4f96-9ded-b40f262b474b/none_v3" 201 - "PUT http://172.18.0.2:8080/d1/471/AUTH_31323bd5b14c4aefa306e9efd9a95011/gnocchi.8ffa946d-b30c-4f96-9ded-b40f262b474b/none_v3" "tx156e4994e0e643e58009a-0069242dd7" "object-server 24" 0.0009 "-" 20 0
Nov 24 10:05:11 standalone object-server[127394]: 172.20.0.100 - - [24/Nov/2025:10:05:11 +0000] "PUT /d1/471/AUTH_31323bd5b14c4aefa306e9efd9a95011/gnocchi.8ffa946d-b30c-4f96-9ded-b40f262b474b/none_v3" 201 - "PUT http://172.18.0.2:8080/v1/AUTH_31323bd5b14c4aefa306e9efd9a95011/gnocchi.8ffa946d-b30c-4f96-9ded-b40f262b474b/none_v3" "tx156e4994e0e643e58009a-0069242dd7" "proxy-server 20" 0.0132 "-" 24 0
Nov 24 10:05:11 standalone proxy-server[129224]: 172.18.0.2 172.18.0.100 24/Nov/2025/10/05/11 PUT /v1/AUTH_31323bd5b14c4aefa306e9efd9a95011/gnocchi.8ffa946d-b30c-4f96-9ded-b40f262b474b/none_v3 HTTP/1.0 201 - python-swiftclient-3.11.1 gAAAAABpJC3WgXjV... 22 - - tx156e4994e0e643e58009a-0069242dd7 - 0.0217 - - 1763978711.525339127 1763978711.547011375 0
Nov 24 10:05:40 standalone object-server[127393]: 172.20.0.100 - - [24/Nov/2025:10:05:40 +0000] "GET /d1/471/AUTH_31323bd5b14c4aefa306e9efd9a95011/gnocchi.8ffa946d-b30c-4f96-9ded-b40f262b474b/none_v3" 200 22 "GET http://172.18.0.2:8080/v1/AUTH_31323bd5b14c4aefa306e9efd9a95011/gnocchi.8ffa946d-b30c-4f96-9ded-b40f262b474b/none_v3" "tx339893fa8b6b44c78bcec-0069242df4" "proxy-server 20" 0.0009 "-" 23 0
Nov 24 10:05:40 standalone proxy-server[129224]: 172.18.0.2 172.18.0.100 24/Nov/2025/10/05/40 GET /v1/AUTH_31323bd5b14c4aefa306e9efd9a95011/gnocchi.8ffa946d-b30c-4f96-9ded-b40f262b474b/none_v3 HTTP/1.0 200 - python-swiftclient-3.11.1 gAAAAABpJC3WgXjV... - 22 - tx339893fa8b6b44c78bcec-0069242df4 - 0.0123 - - 1763978740.634881496 1763978740.647182703 0
Nov 24 10:05:40 standalone container-server[127008]: 172.20.0.100 - - [24/Nov/2025:10:05:40 +0000] "GET /d1/240/AUTH_31323bd5b14c4aefa306e9efd9a95011/gnocchi.8ffa946d-b30c-4f96-9ded-b40f262b474b" 200 357 "GET http://172.18.0.2:8080/v1/AUTH_31323bd5b14c4aefa306e9efd9a95011/gnocchi.8ffa946d-b30c-4f96-9ded-b40f262b474b?format=json&states=listing" "tx8d3086914fb2421f8cb4a-0069242df4" "proxy-server 20" 0.0183 "-" 19 0
Nov 24 10:05:40 standalone proxy-server[129224]: 172.18.0.2 172.18.0.100 24/Nov/2025/10/05/40 GET /v1/AUTH_31323bd5b14c4aefa306e9efd9a95011/gnocchi.8ffa946d-b30c-4f96-9ded-b40f262b474b%3Fformat%3Djson%26states%3Dlisting HTTP/1.0 200 - python-swiftclient-3.11.1 gAAAAABpJC3WgXjV... - 357 - tx8d3086914fb2421f8cb4a-0069242df4 - 0.0265 - - 1763978740.652156353 1763978740.678656101 0
Nov 24 10:05:40 standalone container-server[127016]: 172.20.0.100 - - [24/Nov/2025:10:05:40 +0000] "GET /d1/240/AUTH_31323bd5b14c4aefa306e9efd9a95011/gnocchi.8ffa946d-b30c-4f96-9ded-b40f262b474b" 200 2 "GET http://172.18.0.2:8080/v1/AUTH_31323bd5b14c4aefa306e9efd9a95011/gnocchi.8ffa946d-b30c-4f96-9ded-b40f262b474b?format=json&marker=none_v3&states=listing" "tx711a833ee9a94d9c87088-0069242df4" "proxy-server 20" 0.0046 "-" 23 0
Nov 24 10:05:40 standalone proxy-server[129224]: 172.18.0.2 172.18.0.100 24/Nov/2025/10/05/40 GET /v1/AUTH_31323bd5b14c4aefa306e9efd9a95011/gnocchi.8ffa946d-b30c-4f96-9ded-b40f262b474b%3Fformat%3Djson%26marker%3Dnone_v3%26states%3Dlisting HTTP/1.0 200 - python-swiftclient-3.11.1 gAAAAABpJC3WgXjV... - 2 - tx711a833ee9a94d9c87088-0069242df4 - 0.0119 - - 1763978740.681815624 1763978740.693711758 0
Nov 24 10:05:40 standalone object-server[127390]: 172.20.0.100 - - [24/Nov/2025:10:05:40 +0000] "GET /d1/758/AUTH_31323bd5b14c4aefa306e9efd9a95011/gnocchi.8ffa946d-b30c-4f96-9ded-b40f262b474b/1763640000.0_mean_300.0_v3" 200 16 "GET http://172.18.0.2:8080/v1/AUTH_31323bd5b14c4aefa306e9efd9a95011/gnocchi.8ffa946d-b30c-4f96-9ded-b40f262b474b/1763640000.0_mean_300.0_v3" "txce02c3f8b7784badb668f-0069242df4" "proxy-server 20" 0.0009 "-" 22 0
Nov 24 10:05:40 standalone proxy-server[129224]: 172.18.0.2 172.18.0.100 24/Nov/2025/10/05/40 GET /v1/AUTH_31323bd5b14c4aefa306e9efd9a95011/gnocchi.8ffa946d-b30c-4f96-9ded-b40f262b474b/1763640000.0_mean_300.0_v3 HTTP/1.0 200 - python-swiftclient-3.11.1 gAAAAABpJC3WgXjV... - 16 - txce02c3f8b7784badb668f-0069242df4 - 0.0104 - - 1763978740.698467493 1763978740.708879948 0
Nov 24 10:05:40 standalone container-server[127013]: 172.20.0.100 - - [24/Nov/2025:10:05:40 +0000] "PUT /d1/240/AUTH_31323bd5b14c4aefa306e9efd9a95011/gnocchi.8ffa946d-b30c-4f96-9ded-b40f262b474b/1763640000.0_mean_300.0_v3" 201 - "PUT http://172.18.0.2:8080/d1/758/AUTH_31323bd5b14c4aefa306e9efd9a95011/gnocchi.8ffa946d-b30c-4f96-9ded-b40f262b474b/1763640000.0_mean_300.0_v3" "txfb89777fa6284bd499bc8-0069242df4" "object-server 22" 0.0005 "-" 20 0
Nov 24 10:05:40 standalone object-server[127390]: 172.20.0.100 - - [24/Nov/2025:10:05:40 +0000] "PUT /d1/758/AUTH_31323bd5b14c4aefa306e9efd9a95011/gnocchi.8ffa946d-b30c-4f96-9ded-b40f262b474b/1763640000.0_mean_300.0_v3" 201 - "PUT http://172.18.0.2:8080/v1/AUTH_31323bd5b14c4aefa306e9efd9a95011/gnocchi.8ffa946d-b30c-4f96-9ded-b40f262b474b/1763640000.0_mean_300.0_v3" "txfb89777fa6284bd499bc8-0069242df4" "proxy-server 20" 0.0255 "-" 22 0
Nov 24 10:05:40 standalone proxy-server[129224]: 172.18.0.2 172.18.0.100 24/Nov/2025/10/05/40 PUT /v1/AUTH_31323bd5b14c4aefa306e9efd9a95011/gnocchi.8ffa946d-b30c-4f96-9ded-b40f262b474b/1763640000.0_mean_300.0_v3 HTTP/1.0 201 - python-swiftclient-3.11.1 gAAAAABpJC3WgXjV... 16 - - txfb89777fa6284bd499bc8-0069242df4 - 0.0312 - - 1763978740.714612007 1763978740.745860577 0
Nov 24 10:05:40 standalone container-server[127015]: 172.20.0.100 - - [24/Nov/2025:10:05:40 +0000] "PUT /d1/240/AUTH_31323bd5b14c4aefa306e9efd9a95011/gnocchi.8ffa946d-b30c-4f96-9ded-b40f262b474b/none_v3" 201 - "PUT http://172.18.0.2:8080/d1/471/AUTH_31323bd5b14c4aefa306e9efd9a95011/gnocchi.8ffa946d-b30c-4f96-9ded-b40f262b474b/none_v3" "tx8fe697e53ad944959dcf0-0069242df4" "object-server 22" 0.0006 "-" 22 0
Nov 24 10:05:40 standalone object-server[127390]: 172.20.0.100 - - [24/Nov/2025:10:05:40 +0000] "PUT /d1/471/AUTH_31323bd5b14c4aefa306e9efd9a95011/gnocchi.8ffa946d-b30c-4f96-9ded-b40f262b474b/none_v3" 201 - "PUT http://172.18.0.2:8080/v1/AUTH_31323bd5b14c4aefa306e9efd9a95011/gnocchi.8ffa946d-b30c-4f96-9ded-b40f262b474b/none_v3" "tx8fe697e53ad944959dcf0-0069242df4" "proxy-server 20" 0.0106 "-" 22 0
Nov 24 10:05:40 standalone proxy-server[129224]: 172.18.0.2 172.18.0.100 24/Nov/2025/10/05/40 PUT /v1/AUTH_31323bd5b14c4aefa306e9efd9a95011/gnocchi.8ffa946d-b30c-4f96-9ded-b40f262b474b/none_v3 HTTP/1.0 201 - python-swiftclient-3.11.1 gAAAAABpJC3WgXjV... 32 - - tx8fe697e53ad944959dcf0-0069242df4 - 0.0157 - - 1763978740.748728514 1763978740.764450788 0
Nov 24 10:05:49 standalone object-server[127211]: Begin object update sweep
Nov 24 10:05:49 standalone object-server[222835]: Object update sweep starting on /srv/node/d1 (pid: 14)
Nov 24 10:05:49 standalone object-server[222835]: Object update sweep completed on /srv/node/d1 in 0.00s seconds:, 0 successes, 0 failures, 0 quarantines, 0 unlinks, 0 errors, 0 redirects (pid: 14)
Nov 24 10:05:49 standalone object-server[222835]: Object update sweep of d1 completed: 0.00s, 0 successes, 0 failures, 0 quarantines, 0 unlinks, 0 errors, 0 redirects
Nov 24 10:05:49 standalone object-server[127211]: Object update sweep completed: 0.09s
Nov 24 10:06:10 standalone container-server[127015]: 172.20.0.100 - - [24/Nov/2025:10:06:10 +0000] "HEAD /d1/912/AUTH_31323bd5b14c4aefa306e9efd9a95011/gnocchi.0fc84f97-1272-4180-9a0f-e100c3f2530c" 404 - "HEAD http://172.18.0.2:8080/v1/AUTH_31323bd5b14c4aefa306e9efd9a95011/gnocchi.0fc84f97-1272-4180-9a0f-e100c3f2530c?format=json&states=listing" "tx58170986a21a46ef9bc7d-0069242e12" "proxy-server 20" 0.0005 "-" 22 0
Nov 24 10:06:10 standalone object-server[127394]: 172.20.0.100 - - [24/Nov/2025:10:06:10 +0000] "GET /d1/266/AUTH_31323bd5b14c4aefa306e9efd9a95011/gnocchi.0fc84f97-1272-4180-9a0f-e100c3f2530c/none_v3" 404 70 "GET http://172.18.0.2:8080/v1/AUTH_31323bd5b14c4aefa306e9efd9a95011/gnocchi.0fc84f97-1272-4180-9a0f-e100c3f2530c/none_v3" "tx58170986a21a46ef9bc7d-0069242e12" "proxy-server 20" 0.0005 "-" 24 0
Nov 24 10:06:10 standalone proxy-server[129224]: 172.18.0.2 172.18.0.100 24/Nov/2025/10/06/10 GET /v1/AUTH_31323bd5b14c4aefa306e9efd9a95011/gnocchi.0fc84f97-1272-4180-9a0f-e100c3f2530c/none_v3 HTTP/1.0 404 - python-swiftclient-3.11.1 gAAAAABpJC3WgXjV... - 70 - tx58170986a21a46ef9bc7d-0069242e12 - 0.0093 - - 1763978770.415685654 1763978770.424997330 0
Nov 24 10:06:10 standalone account-server[126938]: 172.20.0.100 - - [24/Nov/2025:10:06:10 +0000] "PUT /d1/93/AUTH_31323bd5b14c4aefa306e9efd9a95011/gnocchi.0fc84f97-1272-4180-9a0f-e100c3f2530c" 201 - "PUT http://172.20.0.100:6001/d1/912/AUTH_31323bd5b14c4aefa306e9efd9a95011/gnocchi.0fc84f97-1272-4180-9a0f-e100c3f2530c" "txa618888b7a4e4f52953eb-0069242e12" "container-server 23" 0.0173 "-" 21 0
Nov 24 10:06:10 standalone container-server[127016]: 172.20.0.100 - - [24/Nov/2025:10:06:10 +0000] "PUT /d1/912/AUTH_31323bd5b14c4aefa306e9efd9a95011/gnocchi.0fc84f97-1272-4180-9a0f-e100c3f2530c" 201 - "PUT http://172.18.0.2:8080/v1/AUTH_31323bd5b14c4aefa306e9efd9a95011/gnocchi.0fc84f97-1272-4180-9a0f-e100c3f2530c" "txa618888b7a4e4f52953eb-0069242e12" "proxy-server 20" 0.0282 "-" 23 0
Nov 24 10:06:10 standalone proxy-server[129224]: 172.18.0.2 172.18.0.100 24/Nov/2025/10/06/10 PUT /v1/AUTH_31323bd5b14c4aefa306e9efd9a95011/gnocchi.0fc84f97-1272-4180-9a0f-e100c3f2530c HTTP/1.0 201 - python-swiftclient-3.11.1 gAAAAABpJC3WgXjV... - - - txa618888b7a4e4f52953eb-0069242e12 - 0.0345 - - 1763978770.428073645 1763978770.462584019 0
Nov 24 10:06:10 standalone container-server[127015]: 172.20.0.100 - - [24/Nov/2025:10:06:10 +0000] "HEAD /d1/912/AUTH_31323bd5b14c4aefa306e9efd9a95011/gnocchi.0fc84f97-1272-4180-9a0f-e100c3f2530c" 204 - "HEAD http://172.18.0.2:8080/v1/AUTH_31323bd5b14c4aefa306e9efd9a95011/gnocchi.0fc84f97-1272-4180-9a0f-e100c3f2530c?format=json&states=listing" "tx74d5cff51d964811aba5d-0069242e12" "proxy-server 20" 0.0015 "-" 22 0
Nov 24 10:06:10 standalone proxy-server[129224]: - - 24/Nov/2025/10/06/10 HEAD /v1/AUTH_31323bd5b14c4aefa306e9efd9a95011/gnocchi.0fc84f97-1272-4180-9a0f-e100c3f2530c%3Fformat%3Djson%26states%3Dlisting HTTP/1.0 204 - Swift - - - - tx74d5cff51d964811aba5d-0069242e12 - 0.0083 RL - 1763978770.469735384 1763978770.478018522 0
Nov 24 10:06:10 standalone container-server[127008]: 172.20.0.100 - - [24/Nov/2025:10:06:10 +0000] "GET /d1/912/AUTH_31323bd5b14c4aefa306e9efd9a95011/gnocchi.0fc84f97-1272-4180-9a0f-e100c3f2530c" 200 2 "GET http://172.18.0.2:8080/v1/AUTH_31323bd5b14c4aefa306e9efd9a95011/gnocchi.0fc84f97-1272-4180-9a0f-e100c3f2530c?format=json&states=listing" "tx74d5cff51d964811aba5d-0069242e12" "proxy-server 20" 0.0025 "-" 19 0
Nov 24 10:06:10 standalone proxy-server[129224]: 172.18.0.2 172.18.0.100 24/Nov/2025/10/06/10 GET /v1/AUTH_31323bd5b14c4aefa306e9efd9a95011/gnocchi.0fc84f97-1272-4180-9a0f-e100c3f2530c%3Fformat%3Djson%26states%3Dlisting HTTP/1.0 200 - python-swiftclient-3.11.1 gAAAAABpJC3WgXjV... - 2 - tx74d5cff51d964811aba5d-0069242e12 - 0.0285 - - 1763978770.468472481 1763978770.496983051 0
Nov 24 10:06:10 standalone object-server[127394]: 172.20.0.100 - - [24/Nov/2025:10:06:10 +0000] "GET /d1/895/AUTH_31323bd5b14c4aefa306e9efd9a95011/gnocchi.0fc84f97-1272-4180-9a0f-e100c3f2530c/1763640000.0_mean_300.0_v3" 404 70 "GET http://172.18.0.2:8080/v1/AUTH_31323bd5b14c4aefa306e9efd9a95011/gnocchi.0fc84f97-1272-4180-9a0f-e100c3f2530c/1763640000.0_mean_300.0_v3" "txe445e80a88b648bc9fbea-0069242e12" "proxy-server 20" 0.0003 "-" 24 0
Nov 24 10:06:10 standalone proxy-server[129224]: 172.18.0.2 172.18.0.100 24/Nov/2025/10/06/10 GET /v1/AUTH_31323bd5b14c4aefa306e9efd9a95011/gnocchi.0fc84f97-1272-4180-9a0f-e100c3f2530c/1763640000.0_mean_300.0_v3 HTTP/1.0 404 - python-swiftclient-3.11.1 gAAAAABpJC3WgXjV... - 70 - txe445e80a88b648bc9fbea-0069242e12 - 0.0068 - - 1763978770.500724792 1763978770.507510900 0
Nov 24 10:06:10 standalone container-server[127013]: 172.20.0.100 - - [24/Nov/2025:10:06:10 +0000] "PUT /d1/912/AUTH_31323bd5b14c4aefa306e9efd9a95011/gnocchi.0fc84f97-1272-4180-9a0f-e100c3f2530c/1763640000.0_mean_300.0_v3" 201 - "PUT http://172.18.0.2:8080/d1/895/AUTH_31323bd5b14c4aefa306e9efd9a95011/gnocchi.0fc84f97-1272-4180-9a0f-e100c3f2530c/1763640000.0_mean_300.0_v3" "tx65714d0e6e5d4ee1aa1c2-0069242e12" "object-server 23" 0.0007 "-" 20 0
Nov 24 10:06:10 standalone object-server[127393]: 172.20.0.100 - - [24/Nov/2025:10:06:10 +0000] "PUT /d1/895/AUTH_31323bd5b14c4aefa306e9efd9a95011/gnocchi.0fc84f97-1272-4180-9a0f-e100c3f2530c/1763640000.0_mean_300.0_v3" 201 - "PUT http://172.18.0.2:8080/v1/AUTH_31323bd5b14c4aefa306e9efd9a95011/gnocchi.0fc84f97-1272-4180-9a0f-e100c3f2530c/1763640000.0_mean_300.0_v3" "tx65714d0e6e5d4ee1aa1c2-0069242e12" "proxy-server 20" 0.0409 "-" 23 0
Nov 24 10:06:10 standalone proxy-server[129224]: 172.18.0.2 172.18.0.100 24/Nov/2025/10/06/10 PUT /v1/AUTH_31323bd5b14c4aefa306e9efd9a95011/gnocchi.0fc84f97-1272-4180-9a0f-e100c3f2530c/1763640000.0_mean_300.0_v3 HTTP/1.0 201 - python-swiftclient-3.11.1 gAAAAABpJC3WgXjV... 16 - - tx65714d0e6e5d4ee1aa1c2-0069242e12 - 0.0478 - - 1763978770.510535240 1763978770.558326960 0
Nov 24 10:06:10 standalone container-server[127013]: 172.20.0.100 - - [24/Nov/2025:10:06:10 +0000] "PUT /d1/912/AUTH_31323bd5b14c4aefa306e9efd9a95011/gnocchi.0fc84f97-1272-4180-9a0f-e100c3f2530c/none_v3" 201 - "PUT http://172.18.0.2:8080/d1/266/AUTH_31323bd5b14c4aefa306e9efd9a95011/gnocchi.0fc84f97-1272-4180-9a0f-e100c3f2530c/none_v3" "txbb05cbe5b1774626b53d7-0069242e12" "object-server 24" 0.0006 "-" 20 0
Nov 24 10:06:10 standalone object-server[127394]: 172.20.0.100 - - [24/Nov/2025:10:06:10 +0000] "PUT /d1/266/AUTH_31323bd5b14c4aefa306e9efd9a95011/gnocchi.0fc84f97-1272-4180-9a0f-e100c3f2530c/none_v3" 201 - "PUT http://172.18.0.2:8080/v1/AUTH_31323bd5b14c4aefa306e9efd9a95011/gnocchi.0fc84f97-1272-4180-9a0f-e100c3f2530c/none_v3" "txbb05cbe5b1774626b53d7-0069242e12" "proxy-server 20" 0.0137 "-" 24 0
Nov 24 10:06:10 standalone proxy-server[129224]: 172.18.0.2 172.18.0.100 24/Nov/2025/10/06/10 PUT /v1/AUTH_31323bd5b14c4aefa306e9efd9a95011/gnocchi.0fc84f97-1272-4180-9a0f-e100c3f2530c/none_v3 HTTP/1.0 201 - python-swiftclient-3.11.1 gAAAAABpJC3WgXjV... 22 - - txbb05cbe5b1774626b53d7-0069242e12 - 0.0199 - - 1763978770.561140776 1763978770.581003666 0
Nov 24 10:06:10 standalone container-server[127013]: 172.20.0.100 - - [24/Nov/2025:10:06:10 +0000] "HEAD /d1/816/AUTH_31323bd5b14c4aefa306e9efd9a95011/gnocchi.a5b2c4dd-7d14-4ce1-afa0-ebc19bf4d38f" 404 - "HEAD http://172.18.0.2:8080/v1/AUTH_31323bd5b14c4aefa306e9efd9a95011/gnocchi.a5b2c4dd-7d14-4ce1-afa0-ebc19bf4d38f?format=json&states=listing" "tx7d2a3d768bba4240b1070-0069242e12" "proxy-server 20" 0.0004 "-" 20 0
Nov 24 10:06:10 standalone object-server[127390]: 172.20.0.100 - - [24/Nov/2025:10:06:10 +0000] "GET /d1/842/AUTH_31323bd5b14c4aefa306e9efd9a95011/gnocchi.a5b2c4dd-7d14-4ce1-afa0-ebc19bf4d38f/none_v3" 404 70 "GET http://172.18.0.2:8080/v1/AUTH_31323bd5b14c4aefa306e9efd9a95011/gnocchi.a5b2c4dd-7d14-4ce1-afa0-ebc19bf4d38f/none_v3" "tx7d2a3d768bba4240b1070-0069242e12" "proxy-server 20" 0.0003 "-" 22 0
Nov 24 10:06:10 standalone proxy-server[129224]: 172.18.0.2 172.18.0.100 24/Nov/2025/10/06/10 GET /v1/AUTH_31323bd5b14c4aefa306e9efd9a95011/gnocchi.a5b2c4dd-7d14-4ce1-afa0-ebc19bf4d38f/none_v3 HTTP/1.0 404 - python-swiftclient-3.11.1 gAAAAABpJC3WgXjV... - 70 - tx7d2a3d768bba4240b1070-0069242e12 - 0.0097 - - 1763978770.589678764 1763978770.599397659 0
Nov 24 10:06:10 standalone account-server[126930]: 172.20.0.100 - - [24/Nov/2025:10:06:10 +0000] "PUT /d1/93/AUTH_31323bd5b14c4aefa306e9efd9a95011/gnocchi.a5b2c4dd-7d14-4ce1-afa0-ebc19bf4d38f" 201 - "PUT http://172.20.0.100:6001/d1/816/AUTH_31323bd5b14c4aefa306e9efd9a95011/gnocchi.a5b2c4dd-7d14-4ce1-afa0-ebc19bf4d38f" "txea3c4747c8f04a9aa9b2d-0069242e12" "container-server 19" 0.0138 "-" 20 0
Nov 24 10:06:10 standalone container-server[127008]: 172.20.0.100 - - [24/Nov/2025:10:06:10 +0000] "PUT /d1/816/AUTH_31323bd5b14c4aefa306e9efd9a95011/gnocchi.a5b2c4dd-7d14-4ce1-afa0-ebc19bf4d38f" 201 - "PUT http://172.18.0.2:8080/v1/AUTH_31323bd5b14c4aefa306e9efd9a95011/gnocchi.a5b2c4dd-7d14-4ce1-afa0-ebc19bf4d38f" "txea3c4747c8f04a9aa9b2d-0069242e12" "proxy-server 20" 0.0376 "-" 19 0
Nov 24 10:06:10 standalone proxy-server[129224]: 172.18.0.2 172.18.0.100 24/Nov/2025/10/06/10 PUT /v1/AUTH_31323bd5b14c4aefa306e9efd9a95011/gnocchi.a5b2c4dd-7d14-4ce1-afa0-ebc19bf4d38f HTTP/1.0 201 - python-swiftclient-3.11.1 gAAAAABpJC3WgXjV... - - - txea3c4747c8f04a9aa9b2d-0069242e12 - 0.0439 - - 1763978770.601817369 1763978770.645668268 0
Nov 24 10:06:10 standalone container-server[127008]: 172.20.0.100 - - [24/Nov/2025:10:06:10 +0000] "HEAD /d1/816/AUTH_31323bd5b14c4aefa306e9efd9a95011/gnocchi.a5b2c4dd-7d14-4ce1-afa0-ebc19bf4d38f" 204 - "HEAD http://172.18.0.2:8080/v1/AUTH_31323bd5b14c4aefa306e9efd9a95011/gnocchi.a5b2c4dd-7d14-4ce1-afa0-ebc19bf4d38f?format=json&states=listing" "tx331e4f18a7d0423292216-0069242e12" "proxy-server 20" 0.0016 "-" 19 0
Nov 24 10:06:10 standalone proxy-server[129224]: - - 24/Nov/2025/10/06/10 HEAD /v1/AUTH_31323bd5b14c4aefa306e9efd9a95011/gnocchi.a5b2c4dd-7d14-4ce1-afa0-ebc19bf4d38f%3Fformat%3Djson%26states%3Dlisting HTTP/1.0 204 - Swift - - - - tx331e4f18a7d0423292216-0069242e12 - 0.0050 RL - 1763978770.650554657 1763978770.655602694 0
Nov 24 10:06:10 standalone container-server[127016]: 172.20.0.100 - - [24/Nov/2025:10:06:10 +0000] "GET /d1/816/AUTH_31323bd5b14c4aefa306e9efd9a95011/gnocchi.a5b2c4dd-7d14-4ce1-afa0-ebc19bf4d38f" 200 2 "GET http://172.18.0.2:8080/v1/AUTH_31323bd5b14c4aefa306e9efd9a95011/gnocchi.a5b2c4dd-7d14-4ce1-afa0-ebc19bf4d38f?format=json&states=listing" "tx331e4f18a7d0423292216-0069242e12" "proxy-server 20" 0.0027 "-" 23 0
Nov 24 10:06:10 standalone proxy-server[129224]: 172.18.0.2 172.18.0.100 24/Nov/2025/10/06/10 GET /v1/AUTH_31323bd5b14c4aefa306e9efd9a95011/gnocchi.a5b2c4dd-7d14-4ce1-afa0-ebc19bf4d38f%3Fformat%3Djson%26states%3Dlisting HTTP/1.0 200 - python-swiftclient-3.11.1 gAAAAABpJC3WgXjV... - 2 - tx331e4f18a7d0423292216-0069242e12 - 0.0144 - - 1763978770.649379492 1763978770.663816929 0
Nov 24 10:06:10 standalone object-server[127393]: 172.20.0.100 - - [24/Nov/2025:10:06:10 +0000] "GET /d1/346/AUTH_31323bd5b14c4aefa306e9efd9a95011/gnocchi.a5b2c4dd-7d14-4ce1-afa0-ebc19bf4d38f/1763640000.0_mean_300.0_v3" 404 70 "GET http://172.18.0.2:8080/v1/AUTH_31323bd5b14c4aefa306e9efd9a95011/gnocchi.a5b2c4dd-7d14-4ce1-afa0-ebc19bf4d38f/1763640000.0_mean_300.0_v3" "tx555191420637427787115-0069242e12" "proxy-server 20" 0.0005 "-" 23 0
Nov 24 10:06:10 standalone proxy-server[129224]: 172.18.0.2 172.18.0.100 24/Nov/2025/10/06/10 GET /v1/AUTH_31323bd5b14c4aefa306e9efd9a95011/gnocchi.a5b2c4dd-7d14-4ce1-afa0-ebc19bf4d38f/1763640000.0_mean_300.0_v3 HTTP/1.0 404 - python-swiftclient-3.11.1 gAAAAABpJC3WgXjV... - 70 - tx555191420637427787115-0069242e12 - 0.0060 - - 1763978770.667152166 1763978770.673159361 0
Nov 24 10:06:10 standalone container-server[127013]: 172.20.0.100 - - [24/Nov/2025:10:06:10 +0000] "PUT /d1/816/AUTH_31323bd5b14c4aefa306e9efd9a95011/gnocchi.a5b2c4dd-7d14-4ce1-afa0-ebc19bf4d38f/1763640000.0_mean_300.0_v3" 201 - "PUT http://172.18.0.2:8080/d1/346/AUTH_31323bd5b14c4aefa306e9efd9a95011/gnocchi.a5b2c4dd-7d14-4ce1-afa0-ebc19bf4d38f/1763640000.0_mean_300.0_v3" "txb1d6ad5d577a4f53a238c-0069242e12" "object-server 25" 0.0009 "-" 20 0
Nov 24 10:06:10 standalone object-server[127395]: 172.20.0.100 - - [24/Nov/2025:10:06:10 +0000] "PUT /d1/346/AUTH_31323bd5b14c4aefa306e9efd9a95011/gnocchi.a5b2c4dd-7d14-4ce1-afa0-ebc19bf4d38f/1763640000.0_mean_300.0_v3" 201 - "PUT http://172.18.0.2:8080/v1/AUTH_31323bd5b14c4aefa306e9efd9a95011/gnocchi.a5b2c4dd-7d14-4ce1-afa0-ebc19bf4d38f/1763640000.0_mean_300.0_v3" "txb1d6ad5d577a4f53a238c-0069242e12" "proxy-server 20" 0.0347 "-" 25 0
Nov 24 10:06:10 standalone proxy-server[129224]: 172.18.0.2 172.18.0.100 24/Nov/2025/10/06/10 PUT /v1/AUTH_31323bd5b14c4aefa306e9efd9a95011/gnocchi.a5b2c4dd-7d14-4ce1-afa0-ebc19bf4d38f/1763640000.0_mean_300.0_v3 HTTP/1.0 201 - python-swiftclient-3.11.1 gAAAAABpJC3WgXjV... 16 - - txb1d6ad5d577a4f53a238c-0069242e12 - 0.0463 - - 1763978770.676776409 1763978770.723069668 0
Nov 24 10:06:10 standalone container-server[127016]: 172.20.0.100 - - [24/Nov/2025:10:06:10 +0000] "PUT /d1/816/AUTH_31323bd5b14c4aefa306e9efd9a95011/gnocchi.a5b2c4dd-7d14-4ce1-afa0-ebc19bf4d38f/none_v3" 201 - "PUT http://172.18.0.2:8080/d1/842/AUTH_31323bd5b14c4aefa306e9efd9a95011/gnocchi.a5b2c4dd-7d14-4ce1-afa0-ebc19bf4d38f/none_v3" "txbc549157ea6e46308da83-0069242e12" "object-server 25" 0.0005 "-" 23 0
Nov 24 10:06:10 standalone object-server[127395]: 172.20.0.100 - - [24/Nov/2025:10:06:10 +0000] "PUT /d1/842/AUTH_31323bd5b14c4aefa306e9efd9a95011/gnocchi.a5b2c4dd-7d14-4ce1-afa0-ebc19bf4d38f/none_v3" 201 - "PUT http://172.18.0.2:8080/v1/AUTH_31323bd5b14c4aefa306e9efd9a95011/gnocchi.a5b2c4dd-7d14-4ce1-afa0-ebc19bf4d38f/none_v3" "txbc549157ea6e46308da83-0069242e12" "proxy-server 20" 0.0094 "-" 25 0
Nov 24 10:06:10 standalone proxy-server[129224]: 172.18.0.2 172.18.0.100 24/Nov/2025/10/06/10 PUT /v1/AUTH_31323bd5b14c4aefa306e9efd9a95011/gnocchi.a5b2c4dd-7d14-4ce1-afa0-ebc19bf4d38f/none_v3 HTTP/1.0 201 - python-swiftclient-3.11.1 gAAAAABpJC3WgXjV... 22 - - txbc549157ea6e46308da83-0069242e12 - 0.0180 - - 1763978770.726093531 1763978770.744132757 0
Nov 24 10:06:18 standalone account-server[126927]: 172.20.0.100 - - [24/Nov/2025:10:06:18 +0000] "HEAD /d1/93/AUTH_31323bd5b14c4aefa306e9efd9a95011" 204 - "HEAD http://172.18.0.2:8080/v1/AUTH_31323bd5b14c4aefa306e9efd9a95011?format=json" "tx285f0997cb1d4cdf91d62-0069242e1a" "proxy-server 20" 0.0069 "-" 17 -
Nov 24 10:06:18 standalone proxy-server[129224]: - - 24/Nov/2025/10/06/18 HEAD /v1/AUTH_31323bd5b14c4aefa306e9efd9a95011%3Fformat%3Djson HTTP/1.0 204 - Swift - - - - tx285f0997cb1d4cdf91d62-0069242e1a - 0.0117 RL - 1763978778.533396482 1763978778.545099020 -
Nov 24 10:06:18 standalone container-server[127016]: 172.20.0.100 - - [24/Nov/2025:10:06:18 +0000] "HEAD /d1/777/AUTH_31323bd5b14c4aefa306e9efd9a95011/gnocchi.ff3d3f9f-ee07-468c-9db9-be1f18d74f1f" 404 - "HEAD http://172.18.0.2:8080/v1/AUTH_31323bd5b14c4aefa306e9efd9a95011/gnocchi.ff3d3f9f-ee07-468c-9db9-be1f18d74f1f?format=json&states=listing" "tx285f0997cb1d4cdf91d62-0069242e1a" "proxy-server 20" 0.0010 "-" 23 0
Nov 24 10:06:18 standalone object-server[127395]: 172.20.0.100 - - [24/Nov/2025:10:06:18 +0000] "GET /d1/687/AUTH_31323bd5b14c4aefa306e9efd9a95011/gnocchi.ff3d3f9f-ee07-468c-9db9-be1f18d74f1f/none_v3" 404 70 "GET http://172.18.0.2:8080/v1/AUTH_31323bd5b14c4aefa306e9efd9a95011/gnocchi.ff3d3f9f-ee07-468c-9db9-be1f18d74f1f/none_v3" "tx285f0997cb1d4cdf91d62-0069242e1a" "proxy-server 20" 0.0006 "-" 25 0
Nov 24 10:06:18 standalone proxy-server[129224]: 172.18.0.2 172.18.0.100 24/Nov/2025/10/06/18 GET /v1/AUTH_31323bd5b14c4aefa306e9efd9a95011/gnocchi.ff3d3f9f-ee07-468c-9db9-be1f18d74f1f/none_v3 HTTP/1.0 404 - python-swiftclient-3.11.1 gAAAAABpJC3WgXjV... - 70 - tx285f0997cb1d4cdf91d62-0069242e1a - 0.0249 - - 1763978778.532502890 1763978778.557398319 0
Nov 24 10:06:18 standalone account-server[126938]: 172.20.0.100 - - [24/Nov/2025:10:06:18 +0000] "PUT /d1/93/AUTH_31323bd5b14c4aefa306e9efd9a95011/gnocchi.ff3d3f9f-ee07-468c-9db9-be1f18d74f1f" 201 - "PUT http://172.20.0.100:6001/d1/777/AUTH_31323bd5b14c4aefa306e9efd9a95011/gnocchi.ff3d3f9f-ee07-468c-9db9-be1f18d74f1f" "tx9df5d9530e7f443e86c09-0069242e1a" "container-server 19" 0.0015 "-" 21 0
Nov 24 10:06:18 standalone container-server[127008]: 172.20.0.100 - - [24/Nov/2025:10:06:18 +0000] "PUT /d1/777/AUTH_31323bd5b14c4aefa306e9efd9a95011/gnocchi.ff3d3f9f-ee07-468c-9db9-be1f18d74f1f" 201 - "PUT http://172.18.0.2:8080/v1/AUTH_31323bd5b14c4aefa306e9efd9a95011/gnocchi.ff3d3f9f-ee07-468c-9db9-be1f18d74f1f" "tx9df5d9530e7f443e86c09-0069242e1a" "proxy-server 20" 0.0157 "-" 19 0
Nov 24 10:06:18 standalone proxy-server[129224]: 172.18.0.2 172.18.0.100 24/Nov/2025/10/06/18 PUT /v1/AUTH_31323bd5b14c4aefa306e9efd9a95011/gnocchi.ff3d3f9f-ee07-468c-9db9-be1f18d74f1f HTTP/1.0 201 - python-swiftclient-3.11.1 gAAAAABpJC3WgXjV... - - - tx9df5d9530e7f443e86c09-0069242e1a - 0.0212 - - 1763978778.562103510 1763978778.583293200 0
Nov 24 10:06:18 standalone container-server[127015]: 172.20.0.100 - - [24/Nov/2025:10:06:18 +0000] "HEAD /d1/777/AUTH_31323bd5b14c4aefa306e9efd9a95011/gnocchi.ff3d3f9f-ee07-468c-9db9-be1f18d74f1f" 204 - "HEAD http://172.18.0.2:8080/v1/AUTH_31323bd5b14c4aefa306e9efd9a95011/gnocchi.ff3d3f9f-ee07-468c-9db9-be1f18d74f1f?format=json&states=listing" "tx6dc8ab3c6054413a95b90-0069242e1a" "proxy-server 20" 0.0016 "-" 22 0
Nov 24 10:06:18 standalone proxy-server[129224]: - - 24/Nov/2025/10/06/18 HEAD /v1/AUTH_31323bd5b14c4aefa306e9efd9a95011/gnocchi.ff3d3f9f-ee07-468c-9db9-be1f18d74f1f%3Fformat%3Djson%26states%3Dlisting HTTP/1.0 204 - Swift - - - - tx6dc8ab3c6054413a95b90-0069242e1a - 0.0056 RL - 1763978778.587379694 1763978778.592945814 0
Nov 24 10:06:18 standalone container-server[127013]: 172.20.0.100 - - [24/Nov/2025:10:06:18 +0000] "GET /d1/777/AUTH_31323bd5b14c4aefa306e9efd9a95011/gnocchi.ff3d3f9f-ee07-468c-9db9-be1f18d74f1f" 200 2 "GET http://172.18.0.2:8080/v1/AUTH_31323bd5b14c4aefa306e9efd9a95011/gnocchi.ff3d3f9f-ee07-468c-9db9-be1f18d74f1f?format=json&states=listing" "tx6dc8ab3c6054413a95b90-0069242e1a" "proxy-server 20" 0.0026 "-" 20 0
Nov 24 10:06:18 standalone proxy-server[129224]: 172.18.0.2 172.18.0.100 24/Nov/2025/10/06/18 GET /v1/AUTH_31323bd5b14c4aefa306e9efd9a95011/gnocchi.ff3d3f9f-ee07-468c-9db9-be1f18d74f1f%3Fformat%3Djson%26states%3Dlisting HTTP/1.0 200 - python-swiftclient-3.11.1 gAAAAABpJC3WgXjV... - 2 - tx6dc8ab3c6054413a95b90-0069242e1a - 0.0231 - - 1763978778.586365700 1763978778.609472752 0
Nov 24 10:06:18 standalone object-server[127390]: 172.20.0.100 - - [24/Nov/2025:10:06:18 +0000] "GET /d1/660/AUTH_31323bd5b14c4aefa306e9efd9a95011/gnocchi.ff3d3f9f-ee07-468c-9db9-be1f18d74f1f/1763640000.0_mean_300.0_v3" 404 70 "GET http://172.18.0.2:8080/v1/AUTH_31323bd5b14c4aefa306e9efd9a95011/gnocchi.ff3d3f9f-ee07-468c-9db9-be1f18d74f1f/1763640000.0_mean_300.0_v3" "tx61b3d5ad5bdd4e43b7849-0069242e1a" "proxy-server 20" 0.0004 "-" 22 0
Nov 24 10:06:18 standalone proxy-server[129224]: 172.18.0.2 172.18.0.100 24/Nov/2025/10/06/18 GET /v1/AUTH_31323bd5b14c4aefa306e9efd9a95011/gnocchi.ff3d3f9f-ee07-468c-9db9-be1f18d74f1f/1763640000.0_mean_300.0_v3 HTTP/1.0 404 - python-swiftclient-3.11.1 gAAAAABpJC3WgXjV... - 70 - tx61b3d5ad5bdd4e43b7849-0069242e1a - 0.0053 - - 1763978778.617943525 1763978778.623278141 0
Nov 24 10:06:18 standalone container-server[127013]: 172.20.0.100 - - [24/Nov/2025:10:06:18 +0000] "PUT /d1/777/AUTH_31323bd5b14c4aefa306e9efd9a95011/gnocchi.ff3d3f9f-ee07-468c-9db9-be1f18d74f1f/1763640000.0_mean_300.0_v3" 201 - "PUT http://172.18.0.2:8080/d1/660/AUTH_31323bd5b14c4aefa306e9efd9a95011/gnocchi.ff3d3f9f-ee07-468c-9db9-be1f18d74f1f/1763640000.0_mean_300.0_v3" "txd8c5808dc4cf464a951ee-0069242e1a" "object-server 22" 0.0006 "-" 20 0
Nov 24 10:06:18 standalone object-server[127390]: 172.20.0.100 - - [24/Nov/2025:10:06:18 +0000] "PUT /d1/660/AUTH_31323bd5b14c4aefa306e9efd9a95011/gnocchi.ff3d3f9f-ee07-468c-9db9-be1f18d74f1f/1763640000.0_mean_300.0_v3" 201 - "PUT http://172.18.0.2:8080/v1/AUTH_31323bd5b14c4aefa306e9efd9a95011/gnocchi.ff3d3f9f-ee07-468c-9db9-be1f18d74f1f/1763640000.0_mean_300.0_v3" "txd8c5808dc4cf464a951ee-0069242e1a" "proxy-server 20" 0.0106 "-" 22 0
Nov 24 10:06:18 standalone proxy-server[129224]: 172.18.0.2 172.18.0.100 24/Nov/2025/10/06/18 PUT /v1/AUTH_31323bd5b14c4aefa306e9efd9a95011/gnocchi.ff3d3f9f-ee07-468c-9db9-be1f18d74f1f/1763640000.0_mean_300.0_v3 HTTP/1.0 201 - python-swiftclient-3.11.1 gAAAAABpJC3WgXjV... 16 - - txd8c5808dc4cf464a951ee-0069242e1a - 0.0168 - - 1763978778.626606941 1763978778.643428087 0
Nov 24 10:06:18 standalone container-server[127016]: 172.20.0.100 - - [24/Nov/2025:10:06:18 +0000] "PUT /d1/777/AUTH_31323bd5b14c4aefa306e9efd9a95011/gnocchi.ff3d3f9f-ee07-468c-9db9-be1f18d74f1f/none_v3" 201 - "PUT http://172.18.0.2:8080/d1/687/AUTH_31323bd5b14c4aefa306e9efd9a95011/gnocchi.ff3d3f9f-ee07-468c-9db9-be1f18d74f1f/none_v3" "tx3f8921a49daa49dea0edb-0069242e1a" "object-server 22" 0.0006 "-" 23 0
Nov 24 10:06:18 standalone object-server[127390]: 172.20.0.100 - - [24/Nov/2025:10:06:18 +0000] "PUT /d1/687/AUTH_31323bd5b14c4aefa306e9efd9a95011/gnocchi.ff3d3f9f-ee07-468c-9db9-be1f18d74f1f/none_v3" 201 - "PUT http://172.18.0.2:8080/v1/AUTH_31323bd5b14c4aefa306e9efd9a95011/gnocchi.ff3d3f9f-ee07-468c-9db9-be1f18d74f1f/none_v3" "tx3f8921a49daa49dea0edb-0069242e1a" "proxy-server 20" 0.0083 "-" 22 0
Nov 24 10:06:18 standalone proxy-server[129224]: 172.18.0.2 172.18.0.100 24/Nov/2025/10/06/18 PUT /v1/AUTH_31323bd5b14c4aefa306e9efd9a95011/gnocchi.ff3d3f9f-ee07-468c-9db9-be1f18d74f1f/none_v3 HTTP/1.0 201 - python-swiftclient-3.11.1 gAAAAABpJC3WgXjV... 22 - - tx3f8921a49daa49dea0edb-0069242e1a - 0.0141 - - 1763978778.647617102 1763978778.661718845 0
Nov 24 10:06:18 standalone container-server[127015]: 172.20.0.100 - - [24/Nov/2025:10:06:18 +0000] "HEAD /d1/14/AUTH_31323bd5b14c4aefa306e9efd9a95011/gnocchi.42322ac7-2e27-4cca-ad72-8fbfa1d36827" 404 - "HEAD http://172.18.0.2:8080/v1/AUTH_31323bd5b14c4aefa306e9efd9a95011/gnocchi.42322ac7-2e27-4cca-ad72-8fbfa1d36827?format=json&states=listing" "tx981f666f2009422ea619d-0069242e1a" "proxy-server 20" 0.0004 "-" 22 0
Nov 24 10:06:18 standalone object-server[127390]: 172.20.0.100 - - [24/Nov/2025:10:06:18 +0000] "GET /d1/295/AUTH_31323bd5b14c4aefa306e9efd9a95011/gnocchi.42322ac7-2e27-4cca-ad72-8fbfa1d36827/none_v3" 404 70 "GET http://172.18.0.2:8080/v1/AUTH_31323bd5b14c4aefa306e9efd9a95011/gnocchi.42322ac7-2e27-4cca-ad72-8fbfa1d36827/none_v3" "tx981f666f2009422ea619d-0069242e1a" "proxy-server 20" 0.0003 "-" 22 0
Nov 24 10:06:18 standalone proxy-server[129224]: 172.18.0.2 172.18.0.100 24/Nov/2025/10/06/18 GET /v1/AUTH_31323bd5b14c4aefa306e9efd9a95011/gnocchi.42322ac7-2e27-4cca-ad72-8fbfa1d36827/none_v3 HTTP/1.0 404 - python-swiftclient-3.11.1 gAAAAABpJC3WgXjV... - 70 - tx981f666f2009422ea619d-0069242e1a - 0.0109 - - 1763978778.687926531 1763978778.698868752 0
Nov 24 10:06:18 standalone account-server[126930]: 172.20.0.100 - - [24/Nov/2025:10:06:18 +0000] "PUT /d1/93/AUTH_31323bd5b14c4aefa306e9efd9a95011/gnocchi.42322ac7-2e27-4cca-ad72-8fbfa1d36827" 201 - "PUT http://172.20.0.100:6001/d1/14/AUTH_31323bd5b14c4aefa306e9efd9a95011/gnocchi.42322ac7-2e27-4cca-ad72-8fbfa1d36827" "tx3b78f66913e145e78f0e7-0069242e1a" "container-server 22" 0.0042 "-" 20 0
Nov 24 10:06:18 standalone container-server[127015]: 172.20.0.100 - - [24/Nov/2025:10:06:18 +0000] "PUT /d1/14/AUTH_31323bd5b14c4aefa306e9efd9a95011/gnocchi.42322ac7-2e27-4cca-ad72-8fbfa1d36827" 201 - "PUT http://172.18.0.2:8080/v1/AUTH_31323bd5b14c4aefa306e9efd9a95011/gnocchi.42322ac7-2e27-4cca-ad72-8fbfa1d36827" "tx3b78f66913e145e78f0e7-0069242e1a" "proxy-server 20" 0.0159 "-" 22 0
Nov 24 10:06:18 standalone proxy-server[129224]: 172.18.0.2 172.18.0.100 24/Nov/2025/10/06/18 PUT /v1/AUTH_31323bd5b14c4aefa306e9efd9a95011/gnocchi.42322ac7-2e27-4cca-ad72-8fbfa1d36827 HTTP/1.0 201 - python-swiftclient-3.11.1 gAAAAABpJC3WgXjV... - - - tx3b78f66913e145e78f0e7-0069242e1a - 0.0209 - - 1763978778.704863548 1763978778.725803375 0
Nov 24 10:06:18 standalone container-server[127013]: 172.20.0.100 - - [24/Nov/2025:10:06:18 +0000] "HEAD /d1/14/AUTH_31323bd5b14c4aefa306e9efd9a95011/gnocchi.42322ac7-2e27-4cca-ad72-8fbfa1d36827" 204 - "HEAD http://172.18.0.2:8080/v1/AUTH_31323bd5b14c4aefa306e9efd9a95011/gnocchi.42322ac7-2e27-4cca-ad72-8fbfa1d36827?format=json&states=listing" "txe4baac05aab94d5893751-0069242e1a" "proxy-server 20" 0.0019 "-" 20 0
Nov 24 10:06:18 standalone proxy-server[129224]: - - 24/Nov/2025/10/06/18 HEAD /v1/AUTH_31323bd5b14c4aefa306e9efd9a95011/gnocchi.42322ac7-2e27-4cca-ad72-8fbfa1d36827%3Fformat%3Djson%26states%3Dlisting HTTP/1.0 204 - Swift - - - - txe4baac05aab94d5893751-0069242e1a - 0.0062 RL - 1763978778.730710745 1763978778.736915827 0
Nov 24 10:06:18 standalone container-server[127013]: 172.20.0.100 - - [24/Nov/2025:10:06:18 +0000] "GET /d1/14/AUTH_31323bd5b14c4aefa306e9efd9a95011/gnocchi.42322ac7-2e27-4cca-ad72-8fbfa1d36827" 200 2 "GET http://172.18.0.2:8080/v1/AUTH_31323bd5b14c4aefa306e9efd9a95011/gnocchi.42322ac7-2e27-4cca-ad72-8fbfa1d36827?format=json&states=listing" "txe4baac05aab94d5893751-0069242e1a" "proxy-server 20" 0.0023 "-" 20 0
Nov 24 10:06:18 standalone proxy-server[129224]: 172.18.0.2 172.18.0.100 24/Nov/2025/10/06/18 GET /v1/AUTH_31323bd5b14c4aefa306e9efd9a95011/gnocchi.42322ac7-2e27-4cca-ad72-8fbfa1d36827%3Fformat%3Djson%26states%3Dlisting HTTP/1.0 200 - python-swiftclient-3.11.1 gAAAAABpJC3WgXjV... - 2 - txe4baac05aab94d5893751-0069242e1a - 0.0159 - - 1763978778.729460716 1763978778.745346308 0
Nov 24 10:06:18 standalone object-server[127395]: 172.20.0.100 - - [24/Nov/2025:10:06:18 +0000] "GET /d1/702/AUTH_31323bd5b14c4aefa306e9efd9a95011/gnocchi.42322ac7-2e27-4cca-ad72-8fbfa1d36827/1763640000.0_mean_300.0_v3" 404 70 "GET http://172.18.0.2:8080/v1/AUTH_31323bd5b14c4aefa306e9efd9a95011/gnocchi.42322ac7-2e27-4cca-ad72-8fbfa1d36827/1763640000.0_mean_300.0_v3" "tx0f77aef565f34b439d9fe-0069242e1a" "proxy-server 20" 0.0007 "-" 25 0
Nov 24 10:06:18 standalone proxy-server[129224]: 172.18.0.2 172.18.0.100 24/Nov/2025/10/06/18 GET /v1/AUTH_31323bd5b14c4aefa306e9efd9a95011/gnocchi.42322ac7-2e27-4cca-ad72-8fbfa1d36827/1763640000.0_mean_300.0_v3 HTTP/1.0 404 - python-swiftclient-3.11.1 gAAAAABpJC3WgXjV... - 70 - tx0f77aef565f34b439d9fe-0069242e1a - 0.0085 - - 1763978778.749304295 1763978778.757819653 0
Nov 24 10:06:18 standalone container-server[127008]: 172.20.0.100 - - [24/Nov/2025:10:06:18 +0000] "PUT /d1/14/AUTH_31323bd5b14c4aefa306e9efd9a95011/gnocchi.42322ac7-2e27-4cca-ad72-8fbfa1d36827/1763640000.0_mean_300.0_v3" 201 - "PUT http://172.18.0.2:8080/d1/702/AUTH_31323bd5b14c4aefa306e9efd9a95011/gnocchi.42322ac7-2e27-4cca-ad72-8fbfa1d36827/1763640000.0_mean_300.0_v3" "tx6d8251124bdb4f94add67-0069242e1a" "object-server 22" 0.0012 "-" 19 0
