Nov 24 10:08:07 standalone object-server[127393]: 172.20.0.100 - - [24/Nov/2025:10:08:07 +0000] "GET /d1/816/AUTH_31323bd5b14c4aefa306e9efd9a95011/gnocchi.7aec91a7-37c1-4ae4-bfa0-633dc4662a9b/none_v3" 404 70 "GET http://172.18.0.2:8080/v1/AUTH_31323bd5b14c4aefa306e9efd9a95011/gnocchi.7aec91a7-37c1-4ae4-bfa0-633dc4662a9b/none_v3" "tx5bdfe66206e8498f8cbcd-0069242e87" "proxy-server 20" 0.0005 "-" 23 0
Nov 24 10:08:07 standalone proxy-server[129224]: 172.18.0.2 172.18.0.100 24/Nov/2025/10/08/07 GET /v1/AUTH_31323bd5b14c4aefa306e9efd9a95011/gnocchi.7aec91a7-37c1-4ae4-bfa0-633dc4662a9b/none_v3 HTTP/1.0 404 - python-swiftclient-3.11.1 gAAAAABpJC3WgXjV... - 70 - tx5bdfe66206e8498f8cbcd-0069242e87 - 0.0121 - - 1763978887.737426281 1763978887.749563932 0
Nov 24 10:08:07 standalone account-server[126944]: 172.20.0.100 - - [24/Nov/2025:10:08:07 +0000] "PUT /d1/93/AUTH_31323bd5b14c4aefa306e9efd9a95011/gnocchi.7aec91a7-37c1-4ae4-bfa0-633dc4662a9b" 201 - "PUT http://172.20.0.100:6001/d1/744/AUTH_31323bd5b14c4aefa306e9efd9a95011/gnocchi.7aec91a7-37c1-4ae4-bfa0-633dc4662a9b" "txf57e7331732544c2aee86-0069242e87" "container-server 23" 0.0050 "-" 23 0
Nov 24 10:08:07 standalone container-server[127016]: 172.20.0.100 - - [24/Nov/2025:10:08:07 +0000] "PUT /d1/744/AUTH_31323bd5b14c4aefa306e9efd9a95011/gnocchi.7aec91a7-37c1-4ae4-bfa0-633dc4662a9b" 201 - "PUT http://172.18.0.2:8080/v1/AUTH_31323bd5b14c4aefa306e9efd9a95011/gnocchi.7aec91a7-37c1-4ae4-bfa0-633dc4662a9b" "txf57e7331732544c2aee86-0069242e87" "proxy-server 20" 0.0158 "-" 23 0
Nov 24 10:08:07 standalone proxy-server[129224]: 172.18.0.2 172.18.0.100 24/Nov/2025/10/08/07 PUT /v1/AUTH_31323bd5b14c4aefa306e9efd9a95011/gnocchi.7aec91a7-37c1-4ae4-bfa0-633dc4662a9b HTTP/1.0 201 - python-swiftclient-3.11.1 gAAAAABpJC3WgXjV... - - - txf57e7331732544c2aee86-0069242e87 - 0.0231 - - 1763978887.753172636 1763978887.776248932 0
Nov 24 10:08:07 standalone container-server[127015]: 172.20.0.100 - - [24/Nov/2025:10:08:07 +0000] "HEAD /d1/744/AUTH_31323bd5b14c4aefa306e9efd9a95011/gnocchi.7aec91a7-37c1-4ae4-bfa0-633dc4662a9b" 204 - "HEAD http://172.18.0.2:8080/v1/AUTH_31323bd5b14c4aefa306e9efd9a95011/gnocchi.7aec91a7-37c1-4ae4-bfa0-633dc4662a9b?format=json&states=listing" "tx4df0473a92dd47ada5680-0069242e87" "proxy-server 20" 0.0012 "-" 22 0
Nov 24 10:08:07 standalone proxy-server[129224]: - - 24/Nov/2025/10/08/07 HEAD /v1/AUTH_31323bd5b14c4aefa306e9efd9a95011/gnocchi.7aec91a7-37c1-4ae4-bfa0-633dc4662a9b%3Fformat%3Djson%26states%3Dlisting HTTP/1.0 204 - Swift - - - - tx4df0473a92dd47ada5680-0069242e87 - 0.0055 RL - 1763978887.781575918 1763978887.787064552 0
Nov 24 10:08:07 standalone container-server[127016]: 172.20.0.100 - - [24/Nov/2025:10:08:07 +0000] "GET /d1/744/AUTH_31323bd5b14c4aefa306e9efd9a95011/gnocchi.7aec91a7-37c1-4ae4-bfa0-633dc4662a9b" 200 2 "GET http://172.18.0.2:8080/v1/AUTH_31323bd5b14c4aefa306e9efd9a95011/gnocchi.7aec91a7-37c1-4ae4-bfa0-633dc4662a9b?format=json&states=listing" "tx4df0473a92dd47ada5680-0069242e87" "proxy-server 20" 0.0023 "-" 23 0
Nov 24 10:08:07 standalone proxy-server[129224]: 172.18.0.2 172.18.0.100 24/Nov/2025/10/08/07 GET /v1/AUTH_31323bd5b14c4aefa306e9efd9a95011/gnocchi.7aec91a7-37c1-4ae4-bfa0-633dc4662a9b%3Fformat%3Djson%26states%3Dlisting HTTP/1.0 200 - python-swiftclient-3.11.1 gAAAAABpJC3WgXjV... - 2 - tx4df0473a92dd47ada5680-0069242e87 - 0.0179 - - 1763978887.779698610 1763978887.797641754 0
Nov 24 10:08:07 standalone object-server[127394]: 172.20.0.100 - - [24/Nov/2025:10:08:07 +0000] "GET /d1/635/AUTH_31323bd5b14c4aefa306e9efd9a95011/gnocchi.7aec91a7-37c1-4ae4-bfa0-633dc4662a9b/1763640000.0_mean_300.0_v3" 404 70 "GET http://172.18.0.2:8080/v1/AUTH_31323bd5b14c4aefa306e9efd9a95011/gnocchi.7aec91a7-37c1-4ae4-bfa0-633dc4662a9b/1763640000.0_mean_300.0_v3" "txee55f402eaa741e78464e-0069242e87" "proxy-server 20" 0.0003 "-" 24 0
Nov 24 10:08:07 standalone proxy-server[129224]: 172.18.0.2 172.18.0.100 24/Nov/2025/10/08/07 GET /v1/AUTH_31323bd5b14c4aefa306e9efd9a95011/gnocchi.7aec91a7-37c1-4ae4-bfa0-633dc4662a9b/1763640000.0_mean_300.0_v3 HTTP/1.0 404 - python-swiftclient-3.11.1 gAAAAABpJC3WgXjV... - 70 - txee55f402eaa741e78464e-0069242e87 - 0.0074 - - 1763978887.801238537 1763978887.808668137 0
Nov 24 10:08:07 standalone container-server[127013]: 172.20.0.100 - - [24/Nov/2025:10:08:07 +0000] "PUT /d1/744/AUTH_31323bd5b14c4aefa306e9efd9a95011/gnocchi.7aec91a7-37c1-4ae4-bfa0-633dc4662a9b/1763640000.0_mean_300.0_v3" 201 - "PUT http://172.18.0.2:8080/d1/635/AUTH_31323bd5b14c4aefa306e9efd9a95011/gnocchi.7aec91a7-37c1-4ae4-bfa0-633dc4662a9b/1763640000.0_mean_300.0_v3" "txb043f287973441028c24c-0069242e87" "object-server 22" 0.0007 "-" 20 0
Nov 24 10:08:07 standalone object-server[127390]: 172.20.0.100 - - [24/Nov/2025:10:08:07 +0000] "PUT /d1/635/AUTH_31323bd5b14c4aefa306e9efd9a95011/gnocchi.7aec91a7-37c1-4ae4-bfa0-633dc4662a9b/1763640000.0_mean_300.0_v3" 201 - "PUT http://172.18.0.2:8080/v1/AUTH_31323bd5b14c4aefa306e9efd9a95011/gnocchi.7aec91a7-37c1-4ae4-bfa0-633dc4662a9b/1763640000.0_mean_300.0_v3" "txb043f287973441028c24c-0069242e87" "proxy-server 20" 0.0100 "-" 22 0
Nov 24 10:08:07 standalone proxy-server[129224]: 172.18.0.2 172.18.0.100 24/Nov/2025/10/08/07 PUT /v1/AUTH_31323bd5b14c4aefa306e9efd9a95011/gnocchi.7aec91a7-37c1-4ae4-bfa0-633dc4662a9b/1763640000.0_mean_300.0_v3 HTTP/1.0 201 - python-swiftclient-3.11.1 gAAAAABpJC3WgXjV... 16 - - txb043f287973441028c24c-0069242e87 - 0.0180 - - 1763978887.811461926 1763978887.829413891 0
Nov 24 10:08:07 standalone container-server[127016]: 172.20.0.100 - - [24/Nov/2025:10:08:07 +0000] "PUT /d1/744/AUTH_31323bd5b14c4aefa306e9efd9a95011/gnocchi.7aec91a7-37c1-4ae4-bfa0-633dc4662a9b/none_v3" 201 - "PUT http://172.18.0.2:8080/d1/816/AUTH_31323bd5b14c4aefa306e9efd9a95011/gnocchi.7aec91a7-37c1-4ae4-bfa0-633dc4662a9b/none_v3" "txd4c11840dfcf4fe094271-0069242e87" "object-server 24" 0.0006 "-" 23 0
Nov 24 10:08:07 standalone object-server[127394]: 172.20.0.100 - - [24/Nov/2025:10:08:07 +0000] "PUT /d1/816/AUTH_31323bd5b14c4aefa306e9efd9a95011/gnocchi.7aec91a7-37c1-4ae4-bfa0-633dc4662a9b/none_v3" 201 - "PUT http://172.18.0.2:8080/v1/AUTH_31323bd5b14c4aefa306e9efd9a95011/gnocchi.7aec91a7-37c1-4ae4-bfa0-633dc4662a9b/none_v3" "txd4c11840dfcf4fe094271-0069242e87" "proxy-server 20" 0.0090 "-" 24 0
Nov 24 10:08:07 standalone proxy-server[129224]: 172.18.0.2 172.18.0.100 24/Nov/2025/10/08/07 PUT /v1/AUTH_31323bd5b14c4aefa306e9efd9a95011/gnocchi.7aec91a7-37c1-4ae4-bfa0-633dc4662a9b/none_v3 HTTP/1.0 201 - python-swiftclient-3.11.1 gAAAAABpJC3WgXjV... 22 - - txd4c11840dfcf4fe094271-0069242e87 - 0.0142 - - 1763978887.831721067 1763978887.845914125 0
Nov 24 10:08:07 standalone container-server[127016]: 172.20.0.100 - - [24/Nov/2025:10:08:07 +0000] "HEAD /d1/903/AUTH_31323bd5b14c4aefa306e9efd9a95011/gnocchi.e350c3b2-fba6-4dbd-8809-ce4e34a0051e" 404 - "HEAD http://172.18.0.2:8080/v1/AUTH_31323bd5b14c4aefa306e9efd9a95011/gnocchi.e350c3b2-fba6-4dbd-8809-ce4e34a0051e?format=json&states=listing" "txc5e5c4da82404ac8b90a5-0069242e87" "proxy-server 20" 0.0003 "-" 23 0
Nov 24 10:08:07 standalone object-server[127390]: 172.20.0.100 - - [24/Nov/2025:10:08:07 +0000] "GET /d1/945/AUTH_31323bd5b14c4aefa306e9efd9a95011/gnocchi.e350c3b2-fba6-4dbd-8809-ce4e34a0051e/none_v3" 404 70 "GET http://172.18.0.2:8080/v1/AUTH_31323bd5b14c4aefa306e9efd9a95011/gnocchi.e350c3b2-fba6-4dbd-8809-ce4e34a0051e/none_v3" "txc5e5c4da82404ac8b90a5-0069242e87" "proxy-server 20" 0.0006 "-" 22 0
Nov 24 10:08:07 standalone proxy-server[129224]: 172.18.0.2 172.18.0.100 24/Nov/2025/10/08/07 GET /v1/AUTH_31323bd5b14c4aefa306e9efd9a95011/gnocchi.e350c3b2-fba6-4dbd-8809-ce4e34a0051e/none_v3 HTTP/1.0 404 - python-swiftclient-3.11.1 gAAAAABpJC3WgXjV... - 70 - txc5e5c4da82404ac8b90a5-0069242e87 - 0.0092 - - 1763978887.855173349 1763978887.864412785 0
Nov 24 10:08:07 standalone account-server[126927]: 172.20.0.100 - - [24/Nov/2025:10:08:07 +0000] "PUT /d1/93/AUTH_31323bd5b14c4aefa306e9efd9a95011/gnocchi.e350c3b2-fba6-4dbd-8809-ce4e34a0051e" 201 - "PUT http://172.20.0.100:6001/d1/903/AUTH_31323bd5b14c4aefa306e9efd9a95011/gnocchi.e350c3b2-fba6-4dbd-8809-ce4e34a0051e" "tx8ab171cf2f64400dbb437-0069242e87" "container-server 22" 0.0058 "-" 17 0
Nov 24 10:08:07 standalone container-server[127015]: 172.20.0.100 - - [24/Nov/2025:10:08:07 +0000] "PUT /d1/903/AUTH_31323bd5b14c4aefa306e9efd9a95011/gnocchi.e350c3b2-fba6-4dbd-8809-ce4e34a0051e" 201 - "PUT http://172.18.0.2:8080/v1/AUTH_31323bd5b14c4aefa306e9efd9a95011/gnocchi.e350c3b2-fba6-4dbd-8809-ce4e34a0051e" "tx8ab171cf2f64400dbb437-0069242e87" "proxy-server 20" 0.0220 "-" 22 0
Nov 24 10:08:07 standalone proxy-server[129224]: 172.18.0.2 172.18.0.100 24/Nov/2025/10/08/07 PUT /v1/AUTH_31323bd5b14c4aefa306e9efd9a95011/gnocchi.e350c3b2-fba6-4dbd-8809-ce4e34a0051e HTTP/1.0 201 - python-swiftclient-3.11.1 gAAAAABpJC3WgXjV... - - - tx8ab171cf2f64400dbb437-0069242e87 - 0.0272 - - 1763978887.866315365 1763978887.893552303 0
Nov 24 10:08:07 standalone container-server[127013]: 172.20.0.100 - - [24/Nov/2025:10:08:07 +0000] "HEAD /d1/903/AUTH_31323bd5b14c4aefa306e9efd9a95011/gnocchi.e350c3b2-fba6-4dbd-8809-ce4e34a0051e" 204 - "HEAD http://172.18.0.2:8080/v1/AUTH_31323bd5b14c4aefa306e9efd9a95011/gnocchi.e350c3b2-fba6-4dbd-8809-ce4e34a0051e?format=json&states=listing" "txcb88332082c0490c86bd2-0069242e87" "proxy-server 20" 0.0015 "-" 20 0
Nov 24 10:08:07 standalone proxy-server[129224]: - - 24/Nov/2025/10/08/07 HEAD /v1/AUTH_31323bd5b14c4aefa306e9efd9a95011/gnocchi.e350c3b2-fba6-4dbd-8809-ce4e34a0051e%3Fformat%3Djson%26states%3Dlisting HTTP/1.0 204 - Swift - - - - txcb88332082c0490c86bd2-0069242e87 - 0.0049 RL - 1763978887.899286032 1763978887.904163361 0
Nov 24 10:08:07 standalone container-server[127015]: 172.20.0.100 - - [24/Nov/2025:10:08:07 +0000] "GET /d1/903/AUTH_31323bd5b14c4aefa306e9efd9a95011/gnocchi.e350c3b2-fba6-4dbd-8809-ce4e34a0051e" 200 2 "GET http://172.18.0.2:8080/v1/AUTH_31323bd5b14c4aefa306e9efd9a95011/gnocchi.e350c3b2-fba6-4dbd-8809-ce4e34a0051e?format=json&states=listing" "txcb88332082c0490c86bd2-0069242e87" "proxy-server 20" 0.0054 "-" 22 0
Nov 24 10:08:07 standalone proxy-server[129224]: 172.18.0.2 172.18.0.100 24/Nov/2025/10/08/07 GET /v1/AUTH_31323bd5b14c4aefa306e9efd9a95011/gnocchi.e350c3b2-fba6-4dbd-8809-ce4e34a0051e%3Fformat%3Djson%26states%3Dlisting HTTP/1.0 200 - python-swiftclient-3.11.1 gAAAAABpJC3WgXjV... - 2 - txcb88332082c0490c86bd2-0069242e87 - 0.0187 - - 1763978887.898271799 1763978887.916959286 0
Nov 24 10:08:07 standalone object-server[127393]: 172.20.0.100 - - [24/Nov/2025:10:08:07 +0000] "GET /d1/211/AUTH_31323bd5b14c4aefa306e9efd9a95011/gnocchi.e350c3b2-fba6-4dbd-8809-ce4e34a0051e/1763640000.0_mean_300.0_v3" 404 70 "GET http://172.18.0.2:8080/v1/AUTH_31323bd5b14c4aefa306e9efd9a95011/gnocchi.e350c3b2-fba6-4dbd-8809-ce4e34a0051e/1763640000.0_mean_300.0_v3" "tx4f5c0126cd9c4a67b6951-0069242e87" "proxy-server 20" 0.0006 "-" 23 0
Nov 24 10:08:07 standalone proxy-server[129224]: 172.18.0.2 172.18.0.100 24/Nov/2025/10/08/07 GET /v1/AUTH_31323bd5b14c4aefa306e9efd9a95011/gnocchi.e350c3b2-fba6-4dbd-8809-ce4e34a0051e/1763640000.0_mean_300.0_v3 HTTP/1.0 404 - python-swiftclient-3.11.1 gAAAAABpJC3WgXjV... - 70 - tx4f5c0126cd9c4a67b6951-0069242e87 - 0.0056 - - 1763978887.921773911 1763978887.927344799 0
Nov 24 10:08:07 standalone container-server[127008]: 172.20.0.100 - - [24/Nov/2025:10:08:07 +0000] "PUT /d1/903/AUTH_31323bd5b14c4aefa306e9efd9a95011/gnocchi.e350c3b2-fba6-4dbd-8809-ce4e34a0051e/1763640000.0_mean_300.0_v3" 201 - "PUT http://172.18.0.2:8080/d1/211/AUTH_31323bd5b14c4aefa306e9efd9a95011/gnocchi.e350c3b2-fba6-4dbd-8809-ce4e34a0051e/1763640000.0_mean_300.0_v3" "tx9f8b88720bd94e0aa11be-0069242e87" "object-server 22" 0.0009 "-" 19 0
Nov 24 10:08:07 standalone object-server[127390]: 172.20.0.100 - - [24/Nov/2025:10:08:07 +0000] "PUT /d1/211/AUTH_31323bd5b14c4aefa306e9efd9a95011/gnocchi.e350c3b2-fba6-4dbd-8809-ce4e34a0051e/1763640000.0_mean_300.0_v3" 201 - "PUT http://172.18.0.2:8080/v1/AUTH_31323bd5b14c4aefa306e9efd9a95011/gnocchi.e350c3b2-fba6-4dbd-8809-ce4e34a0051e/1763640000.0_mean_300.0_v3" "tx9f8b88720bd94e0aa11be-0069242e87" "proxy-server 20" 0.0115 "-" 22 0
Nov 24 10:08:07 standalone proxy-server[129224]: 172.18.0.2 172.18.0.100 24/Nov/2025/10/08/07 PUT /v1/AUTH_31323bd5b14c4aefa306e9efd9a95011/gnocchi.e350c3b2-fba6-4dbd-8809-ce4e34a0051e/1763640000.0_mean_300.0_v3 HTTP/1.0 201 - python-swiftclient-3.11.1 gAAAAABpJC3WgXjV... 16 - - tx9f8b88720bd94e0aa11be-0069242e87 - 0.0176 - - 1763978887.930755377 1763978887.948367119 0
Nov 24 10:08:07 standalone container-server[127016]: 172.20.0.100 - - [24/Nov/2025:10:08:07 +0000] "PUT /d1/903/AUTH_31323bd5b14c4aefa306e9efd9a95011/gnocchi.e350c3b2-fba6-4dbd-8809-ce4e34a0051e/none_v3" 201 - "PUT http://172.18.0.2:8080/d1/945/AUTH_31323bd5b14c4aefa306e9efd9a95011/gnocchi.e350c3b2-fba6-4dbd-8809-ce4e34a0051e/none_v3" "tx78861c70214c49fe9fc64-0069242e87" "object-server 22" 0.0004 "-" 23 0
Nov 24 10:08:07 standalone object-server[127390]: 172.20.0.100 - - [24/Nov/2025:10:08:07 +0000] "PUT /d1/945/AUTH_31323bd5b14c4aefa306e9efd9a95011/gnocchi.e350c3b2-fba6-4dbd-8809-ce4e34a0051e/none_v3" 201 - "PUT http://172.18.0.2:8080/v1/AUTH_31323bd5b14c4aefa306e9efd9a95011/gnocchi.e350c3b2-fba6-4dbd-8809-ce4e34a0051e/none_v3" "tx78861c70214c49fe9fc64-0069242e87" "proxy-server 20" 0.0101 "-" 22 0
Nov 24 10:08:07 standalone proxy-server[129224]: 172.18.0.2 172.18.0.100 24/Nov/2025/10/08/07 PUT /v1/AUTH_31323bd5b14c4aefa306e9efd9a95011/gnocchi.e350c3b2-fba6-4dbd-8809-ce4e34a0051e/none_v3 HTTP/1.0 201 - python-swiftclient-3.11.1 gAAAAABpJC3WgXjV... 22 - - tx78861c70214c49fe9fc64-0069242e87 - 0.0176 - - 1763978887.951871157 1763978887.969484329 0
Nov 24 10:08:07 standalone container-server[127013]: 172.20.0.100 - - [24/Nov/2025:10:08:07 +0000] "HEAD /d1/25/AUTH_31323bd5b14c4aefa306e9efd9a95011/gnocchi.d42a34b0-4cb5-4cd1-bb43-cc88cb9d5a1f" 404 - "HEAD http://172.18.0.2:8080/v1/AUTH_31323bd5b14c4aefa306e9efd9a95011/gnocchi.d42a34b0-4cb5-4cd1-bb43-cc88cb9d5a1f?format=json&states=listing" "tx383ae5d2b2db469c8c6f2-0069242e87" "proxy-server 20" 0.0006 "-" 20 0
Nov 24 10:08:07 standalone object-server[127394]: 172.20.0.100 - - [24/Nov/2025:10:08:07 +0000] "GET /d1/667/AUTH_31323bd5b14c4aefa306e9efd9a95011/gnocchi.d42a34b0-4cb5-4cd1-bb43-cc88cb9d5a1f/none_v3" 404 70 "GET http://172.18.0.2:8080/v1/AUTH_31323bd5b14c4aefa306e9efd9a95011/gnocchi.d42a34b0-4cb5-4cd1-bb43-cc88cb9d5a1f/none_v3" "tx383ae5d2b2db469c8c6f2-0069242e87" "proxy-server 20" 0.0004 "-" 24 0
Nov 24 10:08:07 standalone proxy-server[129224]: 172.18.0.2 172.18.0.100 24/Nov/2025/10/08/07 GET /v1/AUTH_31323bd5b14c4aefa306e9efd9a95011/gnocchi.d42a34b0-4cb5-4cd1-bb43-cc88cb9d5a1f/none_v3 HTTP/1.0 404 - python-swiftclient-3.11.1 gAAAAABpJC3WgXjV... - 70 - tx383ae5d2b2db469c8c6f2-0069242e87 - 0.0116 - - 1763978887.981573105 1763978887.993185520 0
Nov 24 10:08:08 standalone account-server[126944]: 172.20.0.100 - - [24/Nov/2025:10:08:08 +0000] "PUT /d1/93/AUTH_31323bd5b14c4aefa306e9efd9a95011/gnocchi.d42a34b0-4cb5-4cd1-bb43-cc88cb9d5a1f" 201 - "PUT http://172.20.0.100:6001/d1/25/AUTH_31323bd5b14c4aefa306e9efd9a95011/gnocchi.d42a34b0-4cb5-4cd1-bb43-cc88cb9d5a1f" "tx0a70f75d2002482ba5d7a-0069242e87" "container-server 23" 0.0065 "-" 23 0
Nov 24 10:08:08 standalone container-server[127016]: 172.20.0.100 - - [24/Nov/2025:10:08:08 +0000] "PUT /d1/25/AUTH_31323bd5b14c4aefa306e9efd9a95011/gnocchi.d42a34b0-4cb5-4cd1-bb43-cc88cb9d5a1f" 201 - "PUT http://172.18.0.2:8080/v1/AUTH_31323bd5b14c4aefa306e9efd9a95011/gnocchi.d42a34b0-4cb5-4cd1-bb43-cc88cb9d5a1f" "tx0a70f75d2002482ba5d7a-0069242e87" "proxy-server 20" 0.0209 "-" 23 0
Nov 24 10:08:08 standalone proxy-server[129224]: 172.18.0.2 172.18.0.100 24/Nov/2025/10/08/08 PUT /v1/AUTH_31323bd5b14c4aefa306e9efd9a95011/gnocchi.d42a34b0-4cb5-4cd1-bb43-cc88cb9d5a1f HTTP/1.0 201 - python-swiftclient-3.11.1 gAAAAABpJC3WgXjV... - - - tx0a70f75d2002482ba5d7a-0069242e87 - 0.0274 - - 1763978887.995284557 1763978888.022689581 0
Nov 24 10:08:08 standalone container-server[127016]: 172.20.0.100 - - [24/Nov/2025:10:08:08 +0000] "HEAD /d1/25/AUTH_31323bd5b14c4aefa306e9efd9a95011/gnocchi.d42a34b0-4cb5-4cd1-bb43-cc88cb9d5a1f" 204 - "HEAD http://172.18.0.2:8080/v1/AUTH_31323bd5b14c4aefa306e9efd9a95011/gnocchi.d42a34b0-4cb5-4cd1-bb43-cc88cb9d5a1f?format=json&states=listing" "tx24c872ce8c07447cb22f4-0069242e88" "proxy-server 20" 0.0027 "-" 23 0
Nov 24 10:08:08 standalone proxy-server[129224]: - - 24/Nov/2025/10/08/08 HEAD /v1/AUTH_31323bd5b14c4aefa306e9efd9a95011/gnocchi.d42a34b0-4cb5-4cd1-bb43-cc88cb9d5a1f%3Fformat%3Djson%26states%3Dlisting HTTP/1.0 204 - Swift - - - - tx24c872ce8c07447cb22f4-0069242e88 - 0.0090 RL - 1763978888.031598330 1763978888.040590048 0
Nov 24 10:08:08 standalone container-server[127015]: 172.20.0.100 - - [24/Nov/2025:10:08:08 +0000] "GET /d1/25/AUTH_31323bd5b14c4aefa306e9efd9a95011/gnocchi.d42a34b0-4cb5-4cd1-bb43-cc88cb9d5a1f" 200 2 "GET http://172.18.0.2:8080/v1/AUTH_31323bd5b14c4aefa306e9efd9a95011/gnocchi.d42a34b0-4cb5-4cd1-bb43-cc88cb9d5a1f?format=json&states=listing" "tx24c872ce8c07447cb22f4-0069242e88" "proxy-server 20" 0.0046 "-" 22 0
Nov 24 10:08:08 standalone proxy-server[129224]: 172.18.0.2 172.18.0.100 24/Nov/2025/10/08/08 GET /v1/AUTH_31323bd5b14c4aefa306e9efd9a95011/gnocchi.d42a34b0-4cb5-4cd1-bb43-cc88cb9d5a1f%3Fformat%3Djson%26states%3Dlisting HTTP/1.0 200 - python-swiftclient-3.11.1 gAAAAABpJC3WgXjV... - 2 - tx24c872ce8c07447cb22f4-0069242e88 - 0.0265 - - 1763978888.029203892 1763978888.055743933 0
Nov 24 10:08:08 standalone object-server[127394]: 172.20.0.100 - - [24/Nov/2025:10:08:08 +0000] "GET /d1/415/AUTH_31323bd5b14c4aefa306e9efd9a95011/gnocchi.d42a34b0-4cb5-4cd1-bb43-cc88cb9d5a1f/1763640000.0_mean_300.0_v3" 404 70 "GET http://172.18.0.2:8080/v1/AUTH_31323bd5b14c4aefa306e9efd9a95011/gnocchi.d42a34b0-4cb5-4cd1-bb43-cc88cb9d5a1f/1763640000.0_mean_300.0_v3" "tx6a135149d83a45bb97669-0069242e88" "proxy-server 20" 0.0006 "-" 24 0
Nov 24 10:08:08 standalone proxy-server[129224]: 172.18.0.2 172.18.0.100 24/Nov/2025/10/08/08 GET /v1/AUTH_31323bd5b14c4aefa306e9efd9a95011/gnocchi.d42a34b0-4cb5-4cd1-bb43-cc88cb9d5a1f/1763640000.0_mean_300.0_v3 HTTP/1.0 404 - python-swiftclient-3.11.1 gAAAAABpJC3WgXjV... - 70 - tx6a135149d83a45bb97669-0069242e88 - 0.0096 - - 1763978888.060937405 1763978888.070513010 0
Nov 24 10:08:08 standalone container-server[127013]: 172.20.0.100 - - [24/Nov/2025:10:08:08 +0000] "PUT /d1/25/AUTH_31323bd5b14c4aefa306e9efd9a95011/gnocchi.d42a34b0-4cb5-4cd1-bb43-cc88cb9d5a1f/1763640000.0_mean_300.0_v3" 201 - "PUT http://172.18.0.2:8080/d1/415/AUTH_31323bd5b14c4aefa306e9efd9a95011/gnocchi.d42a34b0-4cb5-4cd1-bb43-cc88cb9d5a1f/1763640000.0_mean_300.0_v3" "tx858f36f0c96b4c95b8199-0069242e88" "object-server 23" 0.0009 "-" 20 0
Nov 24 10:08:08 standalone object-server[127393]: 172.20.0.100 - - [24/Nov/2025:10:08:08 +0000] "PUT /d1/415/AUTH_31323bd5b14c4aefa306e9efd9a95011/gnocchi.d42a34b0-4cb5-4cd1-bb43-cc88cb9d5a1f/1763640000.0_mean_300.0_v3" 201 - "PUT http://172.18.0.2:8080/v1/AUTH_31323bd5b14c4aefa306e9efd9a95011/gnocchi.d42a34b0-4cb5-4cd1-bb43-cc88cb9d5a1f/1763640000.0_mean_300.0_v3" "tx858f36f0c96b4c95b8199-0069242e88" "proxy-server 20" 0.0128 "-" 23 0
Nov 24 10:08:08 standalone proxy-server[129224]: 172.18.0.2 172.18.0.100 24/Nov/2025/10/08/08 PUT /v1/AUTH_31323bd5b14c4aefa306e9efd9a95011/gnocchi.d42a34b0-4cb5-4cd1-bb43-cc88cb9d5a1f/1763640000.0_mean_300.0_v3 HTTP/1.0 201 - python-swiftclient-3.11.1 gAAAAABpJC3WgXjV... 16 - - tx858f36f0c96b4c95b8199-0069242e88 - 0.0217 - - 1763978888.074864626 1763978888.096584082 0
Nov 24 10:08:08 standalone container-server[127016]: 172.20.0.100 - - [24/Nov/2025:10:08:08 +0000] "PUT /d1/25/AUTH_31323bd5b14c4aefa306e9efd9a95011/gnocchi.d42a34b0-4cb5-4cd1-bb43-cc88cb9d5a1f/none_v3" 201 - "PUT http://172.18.0.2:8080/d1/667/AUTH_31323bd5b14c4aefa306e9efd9a95011/gnocchi.d42a34b0-4cb5-4cd1-bb43-cc88cb9d5a1f/none_v3" "txb968c2ad86b443c8baf2e-0069242e88" "object-server 22" 0.0009 "-" 23 0
Nov 24 10:08:08 standalone object-server[127390]: 172.20.0.100 - - [24/Nov/2025:10:08:08 +0000] "PUT /d1/667/AUTH_31323bd5b14c4aefa306e9efd9a95011/gnocchi.d42a34b0-4cb5-4cd1-bb43-cc88cb9d5a1f/none_v3" 201 - "PUT http://172.18.0.2:8080/v1/AUTH_31323bd5b14c4aefa306e9efd9a95011/gnocchi.d42a34b0-4cb5-4cd1-bb43-cc88cb9d5a1f/none_v3" "txb968c2ad86b443c8baf2e-0069242e88" "proxy-server 20" 0.0136 "-" 22 0
Nov 24 10:08:08 standalone proxy-server[129224]: 172.18.0.2 172.18.0.100 24/Nov/2025/10/08/08 PUT /v1/AUTH_31323bd5b14c4aefa306e9efd9a95011/gnocchi.d42a34b0-4cb5-4cd1-bb43-cc88cb9d5a1f/none_v3 HTTP/1.0 201 - python-swiftclient-3.11.1 gAAAAABpJC3WgXjV... 22 - - txb968c2ad86b443c8baf2e-0069242e88 - 0.0222 - - 1763978888.100720644 1763978888.122894526 0
Nov 24 10:08:08 standalone container-server[127008]: 172.20.0.100 - - [24/Nov/2025:10:08:08 +0000] "HEAD /d1/5/AUTH_31323bd5b14c4aefa306e9efd9a95011/gnocchi.ae27c74c-b82f-4c8e-9cd8-99b0c81261a1" 404 - "HEAD http://172.18.0.2:8080/v1/AUTH_31323bd5b14c4aefa306e9efd9a95011/gnocchi.ae27c74c-b82f-4c8e-9cd8-99b0c81261a1?format=json&states=listing" "txc7ed89cb452d4142b49a5-0069242e88" "proxy-server 20" 0.0006 "-" 19 0
Nov 24 10:08:08 standalone object-server[127394]: 172.20.0.100 - - [24/Nov/2025:10:08:08 +0000] "GET /d1/1023/AUTH_31323bd5b14c4aefa306e9efd9a95011/gnocchi.ae27c74c-b82f-4c8e-9cd8-99b0c81261a1/none_v3" 404 70 "GET http://172.18.0.2:8080/v1/AUTH_31323bd5b14c4aefa306e9efd9a95011/gnocchi.ae27c74c-b82f-4c8e-9cd8-99b0c81261a1/none_v3" "txc7ed89cb452d4142b49a5-0069242e88" "proxy-server 20" 0.0006 "-" 24 0
Nov 24 10:08:08 standalone proxy-server[129224]: 172.18.0.2 172.18.0.100 24/Nov/2025/10/08/08 GET /v1/AUTH_31323bd5b14c4aefa306e9efd9a95011/gnocchi.ae27c74c-b82f-4c8e-9cd8-99b0c81261a1/none_v3 HTTP/1.0 404 - python-swiftclient-3.11.1 gAAAAABpJC3WgXjV... - 70 - txc7ed89cb452d4142b49a5-0069242e88 - 0.0163 - - 1763978888.139165163 1763978888.155424356 0
Nov 24 10:08:08 standalone account-server[126944]: 172.20.0.100 - - [24/Nov/2025:10:08:08 +0000] "PUT /d1/93/AUTH_31323bd5b14c4aefa306e9efd9a95011/gnocchi.ae27c74c-b82f-4c8e-9cd8-99b0c81261a1" 201 - "PUT http://172.20.0.100:6001/d1/5/AUTH_31323bd5b14c4aefa306e9efd9a95011/gnocchi.ae27c74c-b82f-4c8e-9cd8-99b0c81261a1" "tx4bcb635ea3504b31a28fe-0069242e88" "container-server 22" 0.0063 "-" 23 0
Nov 24 10:08:08 standalone container-server[127015]: 172.20.0.100 - - [24/Nov/2025:10:08:08 +0000] "PUT /d1/5/AUTH_31323bd5b14c4aefa306e9efd9a95011/gnocchi.ae27c74c-b82f-4c8e-9cd8-99b0c81261a1" 201 - "PUT http://172.18.0.2:8080/v1/AUTH_31323bd5b14c4aefa306e9efd9a95011/gnocchi.ae27c74c-b82f-4c8e-9cd8-99b0c81261a1" "tx4bcb635ea3504b31a28fe-0069242e88" "proxy-server 20" 0.0241 "-" 22 0
Nov 24 10:08:08 standalone proxy-server[129224]: 172.18.0.2 172.18.0.100 24/Nov/2025/10/08/08 PUT /v1/AUTH_31323bd5b14c4aefa306e9efd9a95011/gnocchi.ae27c74c-b82f-4c8e-9cd8-99b0c81261a1 HTTP/1.0 201 - python-swiftclient-3.11.1 gAAAAABpJC3WgXjV... - - - tx4bcb635ea3504b31a28fe-0069242e88 - 0.0319 - - 1763978888.159446716 1763978888.191297531 0
Nov 24 10:08:08 standalone container-server[127015]: 172.20.0.100 - - [24/Nov/2025:10:08:08 +0000] "HEAD /d1/5/AUTH_31323bd5b14c4aefa306e9efd9a95011/gnocchi.ae27c74c-b82f-4c8e-9cd8-99b0c81261a1" 204 - "HEAD http://172.18.0.2:8080/v1/AUTH_31323bd5b14c4aefa306e9efd9a95011/gnocchi.ae27c74c-b82f-4c8e-9cd8-99b0c81261a1?format=json&states=listing" "tx3627f3a064c74cb7a38c7-0069242e88" "proxy-server 20" 0.0025 "-" 22 0
Nov 24 10:08:08 standalone proxy-server[129224]: - - 24/Nov/2025/10/08/08 HEAD /v1/AUTH_31323bd5b14c4aefa306e9efd9a95011/gnocchi.ae27c74c-b82f-4c8e-9cd8-99b0c81261a1%3Fformat%3Djson%26states%3Dlisting HTTP/1.0 204 - Swift - - - - tx3627f3a064c74cb7a38c7-0069242e88 - 0.0098 RL - 1763978888.198760033 1763978888.208516121 0
Nov 24 10:08:08 standalone container-server[127013]: 172.20.0.100 - - [24/Nov/2025:10:08:08 +0000] "GET /d1/5/AUTH_31323bd5b14c4aefa306e9efd9a95011/gnocchi.ae27c74c-b82f-4c8e-9cd8-99b0c81261a1" 200 2 "GET http://172.18.0.2:8080/v1/AUTH_31323bd5b14c4aefa306e9efd9a95011/gnocchi.ae27c74c-b82f-4c8e-9cd8-99b0c81261a1?format=json&states=listing" "tx3627f3a064c74cb7a38c7-0069242e88" "proxy-server 20" 0.0040 "-" 20 0
Nov 24 10:08:08 standalone proxy-server[129224]: 172.18.0.2 172.18.0.100 24/Nov/2025/10/08/08 GET /v1/AUTH_31323bd5b14c4aefa306e9efd9a95011/gnocchi.ae27c74c-b82f-4c8e-9cd8-99b0c81261a1%3Fformat%3Djson%26states%3Dlisting HTTP/1.0 200 - python-swiftclient-3.11.1 gAAAAABpJC3WgXjV... - 2 - tx3627f3a064c74cb7a38c7-0069242e88 - 0.0252 - - 1763978888.196663380 1763978888.221831322 0
Nov 24 10:08:08 standalone object-server[127393]: 172.20.0.100 - - [24/Nov/2025:10:08:08 +0000] "GET /d1/918/AUTH_31323bd5b14c4aefa306e9efd9a95011/gnocchi.ae27c74c-b82f-4c8e-9cd8-99b0c81261a1/1763640000.0_mean_300.0_v3" 404 70 "GET http://172.18.0.2:8080/v1/AUTH_31323bd5b14c4aefa306e9efd9a95011/gnocchi.ae27c74c-b82f-4c8e-9cd8-99b0c81261a1/1763640000.0_mean_300.0_v3" "tx82c9fb06e6674077a2bd9-0069242e88" "proxy-server 20" 0.0006 "-" 23 0
Nov 24 10:08:08 standalone proxy-server[129224]: 172.18.0.2 172.18.0.100 24/Nov/2025/10/08/08 GET /v1/AUTH_31323bd5b14c4aefa306e9efd9a95011/gnocchi.ae27c74c-b82f-4c8e-9cd8-99b0c81261a1/1763640000.0_mean_300.0_v3 HTTP/1.0 404 - python-swiftclient-3.11.1 gAAAAABpJC3WgXjV... - 70 - tx82c9fb06e6674077a2bd9-0069242e88 - 0.0078 - - 1763978888.227608204 1763978888.235398293 0
Nov 24 10:08:08 standalone container-server[127008]: 172.20.0.100 - - [24/Nov/2025:10:08:08 +0000] "PUT /d1/5/AUTH_31323bd5b14c4aefa306e9efd9a95011/gnocchi.ae27c74c-b82f-4c8e-9cd8-99b0c81261a1/1763640000.0_mean_300.0_v3" 201 - "PUT http://172.18.0.2:8080/d1/918/AUTH_31323bd5b14c4aefa306e9efd9a95011/gnocchi.ae27c74c-b82f-4c8e-9cd8-99b0c81261a1/1763640000.0_mean_300.0_v3" "tx8b03c35b7d25409a8e48e-0069242e88" "object-server 24" 0.0008 "-" 19 0
Nov 24 10:08:08 standalone object-server[127394]: 172.20.0.100 - - [24/Nov/2025:10:08:08 +0000] "PUT /d1/918/AUTH_31323bd5b14c4aefa306e9efd9a95011/gnocchi.ae27c74c-b82f-4c8e-9cd8-99b0c81261a1/1763640000.0_mean_300.0_v3" 201 - "PUT http://172.18.0.2:8080/v1/AUTH_31323bd5b14c4aefa306e9efd9a95011/gnocchi.ae27c74c-b82f-4c8e-9cd8-99b0c81261a1/1763640000.0_mean_300.0_v3" "tx8b03c35b7d25409a8e48e-0069242e88" "proxy-server 20" 0.0125 "-" 24 0
Nov 24 10:08:08 standalone proxy-server[129224]: 172.18.0.2 172.18.0.100 24/Nov/2025/10/08/08 PUT /v1/AUTH_31323bd5b14c4aefa306e9efd9a95011/gnocchi.ae27c74c-b82f-4c8e-9cd8-99b0c81261a1/1763640000.0_mean_300.0_v3 HTTP/1.0 201 - python-swiftclient-3.11.1 gAAAAABpJC3WgXjV... 16 - - tx8b03c35b7d25409a8e48e-0069242e88 - 0.0211 - - 1763978888.239327908 1763978888.260475159 0
Nov 24 10:08:08 standalone container-server[127013]: 172.20.0.100 - - [24/Nov/2025:10:08:08 +0000] "PUT /d1/5/AUTH_31323bd5b14c4aefa306e9efd9a95011/gnocchi.ae27c74c-b82f-4c8e-9cd8-99b0c81261a1/none_v3" 201 - "PUT http://172.18.0.2:8080/d1/1023/AUTH_31323bd5b14c4aefa306e9efd9a95011/gnocchi.ae27c74c-b82f-4c8e-9cd8-99b0c81261a1/none_v3" "txfb13613b923645c09aa84-0069242e88" "object-server 23" 0.0008 "-" 20 0
Nov 24 10:08:08 standalone object-server[127393]: 172.20.0.100 - - [24/Nov/2025:10:08:08 +0000] "PUT /d1/1023/AUTH_31323bd5b14c4aefa306e9efd9a95011/gnocchi.ae27c74c-b82f-4c8e-9cd8-99b0c81261a1/none_v3" 201 - "PUT http://172.18.0.2:8080/v1/AUTH_31323bd5b14c4aefa306e9efd9a95011/gnocchi.ae27c74c-b82f-4c8e-9cd8-99b0c81261a1/none_v3" "txfb13613b923645c09aa84-0069242e88" "proxy-server 20" 0.0134 "-" 23 0
Nov 24 10:08:08 standalone proxy-server[129224]: 172.18.0.2 172.18.0.100 24/Nov/2025/10/08/08 PUT /v1/AUTH_31323bd5b14c4aefa306e9efd9a95011/gnocchi.ae27c74c-b82f-4c8e-9cd8-99b0c81261a1/none_v3 HTTP/1.0 201 - python-swiftclient-3.11.1 gAAAAABpJC3WgXjV... 22 - - txfb13613b923645c09aa84-0069242e88 - 0.0219 - - 1763978888.264055967 1763978888.285983324 0
Nov 24 10:08:08 standalone container-server[127013]: 172.20.0.100 - - [24/Nov/2025:10:08:08 +0000] "HEAD /d1/79/AUTH_31323bd5b14c4aefa306e9efd9a95011/gnocchi.692f926f-6e3b-4377-9b90-435fac798826" 404 - "HEAD http://172.18.0.2:8080/v1/AUTH_31323bd5b14c4aefa306e9efd9a95011/gnocchi.692f926f-6e3b-4377-9b90-435fac798826?format=json&states=listing" "txb54189990d3748ccae8c0-0069242e88" "proxy-server 20" 0.0008 "-" 20 0
Nov 24 10:08:08 standalone object-server[127390]: 172.20.0.100 - - [24/Nov/2025:10:08:08 +0000] "GET /d1/251/AUTH_31323bd5b14c4aefa306e9efd9a95011/gnocchi.692f926f-6e3b-4377-9b90-435fac798826/none_v3" 404 70 "GET http://172.18.0.2:8080/v1/AUTH_31323bd5b14c4aefa306e9efd9a95011/gnocchi.692f926f-6e3b-4377-9b90-435fac798826/none_v3" "txb54189990d3748ccae8c0-0069242e88" "proxy-server 20" 0.0005 "-" 22 0
Nov 24 10:08:08 standalone proxy-server[129224]: 172.18.0.2 172.18.0.100 24/Nov/2025/10/08/08 GET /v1/AUTH_31323bd5b14c4aefa306e9efd9a95011/gnocchi.692f926f-6e3b-4377-9b90-435fac798826/none_v3 HTTP/1.0 404 - python-swiftclient-3.11.1 gAAAAABpJC3WgXjV... - 70 - txb54189990d3748ccae8c0-0069242e88 - 0.0140 - - 1763978888.307691813 1763978888.321681261 0
Nov 24 10:08:08 standalone account-server[126930]: 172.20.0.100 - - [24/Nov/2025:10:08:08 +0000] "PUT /d1/93/AUTH_31323bd5b14c4aefa306e9efd9a95011/gnocchi.692f926f-6e3b-4377-9b90-435fac798826" 201 - "PUT http://172.20.0.100:6001/d1/79/AUTH_31323bd5b14c4aefa306e9efd9a95011/gnocchi.692f926f-6e3b-4377-9b90-435fac798826" "txeba4b51509214e73bfd0f-0069242e88" "container-server 20" 0.0062 "-" 20 0
Nov 24 10:08:08 standalone container-server[127013]: 172.20.0.100 - - [24/Nov/2025:10:08:08 +0000] "PUT /d1/79/AUTH_31323bd5b14c4aefa306e9efd9a95011/gnocchi.692f926f-6e3b-4377-9b90-435fac798826" 201 - "PUT http://172.18.0.2:8080/v1/AUTH_31323bd5b14c4aefa306e9efd9a95011/gnocchi.692f926f-6e3b-4377-9b90-435fac798826" "txeba4b51509214e73bfd0f-0069242e88" "proxy-server 20" 0.0188 "-" 20 0
Nov 24 10:08:08 standalone proxy-server[129224]: 172.18.0.2 172.18.0.100 24/Nov/2025/10/08/08 PUT /v1/AUTH_31323bd5b14c4aefa306e9efd9a95011/gnocchi.692f926f-6e3b-4377-9b90-435fac798826 HTTP/1.0 201 - python-swiftclient-3.11.1 gAAAAABpJC3WgXjV... - - - txeba4b51509214e73bfd0f-0069242e88 - 0.0260 - - 1763978888.326714277 1763978888.352734804 0
Nov 24 10:08:08 standalone container-server[127015]: 172.20.0.100 - - [24/Nov/2025:10:08:08 +0000] "HEAD /d1/79/AUTH_31323bd5b14c4aefa306e9efd9a95011/gnocchi.692f926f-6e3b-4377-9b90-435fac798826" 204 - "HEAD http://172.18.0.2:8080/v1/AUTH_31323bd5b14c4aefa306e9efd9a95011/gnocchi.692f926f-6e3b-4377-9b90-435fac798826?format=json&states=listing" "txc1c2fe6ee2af4726ac4d4-0069242e88" "proxy-server 20" 0.0022 "-" 22 0
Nov 24 10:08:08 standalone proxy-server[129224]: - - 24/Nov/2025/10/08/08 HEAD /v1/AUTH_31323bd5b14c4aefa306e9efd9a95011/gnocchi.692f926f-6e3b-4377-9b90-435fac798826%3Fformat%3Djson%26states%3Dlisting HTTP/1.0 204 - Swift - - - - txc1c2fe6ee2af4726ac4d4-0069242e88 - 0.0073 RL - 1763978888.360977173 1763978888.368234634 0
Nov 24 10:08:08 standalone container-server[127013]: 172.20.0.100 - - [24/Nov/2025:10:08:08 +0000] "GET /d1/79/AUTH_31323bd5b14c4aefa306e9efd9a95011/gnocchi.692f926f-6e3b-4377-9b90-435fac798826" 200 2 "GET http://172.18.0.2:8080/v1/AUTH_31323bd5b14c4aefa306e9efd9a95011/gnocchi.692f926f-6e3b-4377-9b90-435fac798826?format=json&states=listing" "txc1c2fe6ee2af4726ac4d4-0069242e88" "proxy-server 20" 0.0031 "-" 20 0
Nov 24 10:08:08 standalone proxy-server[129224]: 172.18.0.2 172.18.0.100 24/Nov/2025/10/08/08 GET /v1/AUTH_31323bd5b14c4aefa306e9efd9a95011/gnocchi.692f926f-6e3b-4377-9b90-435fac798826%3Fformat%3Djson%26states%3Dlisting HTTP/1.0 200 - python-swiftclient-3.11.1 gAAAAABpJC3WgXjV... - 2 - txc1c2fe6ee2af4726ac4d4-0069242e88 - 0.0214 - - 1763978888.359328270 1763978888.380713940 0
Nov 24 10:08:08 standalone object-server[127390]: 172.20.0.100 - - [24/Nov/2025:10:08:08 +0000] "GET /d1/562/AUTH_31323bd5b14c4aefa306e9efd9a95011/gnocchi.692f926f-6e3b-4377-9b90-435fac798826/1763640000.0_mean_300.0_v3" 404 70 "GET http://172.18.0.2:8080/v1/AUTH_31323bd5b14c4aefa306e9efd9a95011/gnocchi.692f926f-6e3b-4377-9b90-435fac798826/1763640000.0_mean_300.0_v3" "tx7964d73c8e934357aad8b-0069242e88" "proxy-server 20" 0.0005 "-" 22 0
Nov 24 10:08:08 standalone proxy-server[129224]: 172.18.0.2 172.18.0.100 24/Nov/2025/10/08/08 GET /v1/AUTH_31323bd5b14c4aefa306e9efd9a95011/gnocchi.692f926f-6e3b-4377-9b90-435fac798826/1763640000.0_mean_300.0_v3 HTTP/1.0 404 - python-swiftclient-3.11.1 gAAAAABpJC3WgXjV... - 70 - tx7964d73c8e934357aad8b-0069242e88 - 0.0087 - - 1763978888.386450529 1763978888.395119429 0
Nov 24 10:08:08 standalone container-server[127008]: 172.20.0.100 - - [24/Nov/2025:10:08:08 +0000] "PUT /d1/79/AUTH_31323bd5b14c4aefa306e9efd9a95011/gnocchi.692f926f-6e3b-4377-9b90-435fac798826/1763640000.0_mean_300.0_v3" 201 - "PUT http://172.18.0.2:8080/d1/562/AUTH_31323bd5b14c4aefa306e9efd9a95011/gnocchi.692f926f-6e3b-4377-9b90-435fac798826/1763640000.0_mean_300.0_v3" "tx2d9c583137524cc597830-0069242e88" "object-server 25" 0.0423 "-" 19 0
Nov 24 10:08:08 standalone object-server[127395]: 172.20.0.100 - - [24/Nov/2025:10:08:08 +0000] "PUT /d1/562/AUTH_31323bd5b14c4aefa306e9efd9a95011/gnocchi.692f926f-6e3b-4377-9b90-435fac798826/1763640000.0_mean_300.0_v3" 201 - "PUT http://172.18.0.2:8080/v1/AUTH_31323bd5b14c4aefa306e9efd9a95011/gnocchi.692f926f-6e3b-4377-9b90-435fac798826/1763640000.0_mean_300.0_v3" "tx2d9c583137524cc597830-0069242e88" "proxy-server 20" 0.0547 "-" 25 0
Nov 24 10:08:08 standalone proxy-server[129224]: 172.18.0.2 172.18.0.100 24/Nov/2025/10/08/08 PUT /v1/AUTH_31323bd5b14c4aefa306e9efd9a95011/gnocchi.692f926f-6e3b-4377-9b90-435fac798826/1763640000.0_mean_300.0_v3 HTTP/1.0 201 - python-swiftclient-3.11.1 gAAAAABpJC3WgXjV... 16 - - tx2d9c583137524cc597830-0069242e88 - 0.0629 - - 1763978888.399753332 1763978888.462684870 0
Nov 24 10:08:08 standalone container-server[127013]: 172.20.0.100 - - [24/Nov/2025:10:08:08 +0000] "PUT /d1/79/AUTH_31323bd5b14c4aefa306e9efd9a95011/gnocchi.692f926f-6e3b-4377-9b90-435fac798826/none_v3" 201 - "PUT http://172.18.0.2:8080/d1/251/AUTH_31323bd5b14c4aefa306e9efd9a95011/gnocchi.692f926f-6e3b-4377-9b90-435fac798826/none_v3" "tx9352f4fcfbc4497a94aec-0069242e88" "object-server 22" 0.0007 "-" 20 0
Nov 24 10:08:08 standalone object-server[127390]: 172.20.0.100 - - [24/Nov/2025:10:08:08 +0000] "PUT /d1/251/AUTH_31323bd5b14c4aefa306e9efd9a95011/gnocchi.692f926f-6e3b-4377-9b90-435fac798826/none_v3" 201 - "PUT http://172.18.0.2:8080/v1/AUTH_31323bd5b14c4aefa306e9efd9a95011/gnocchi.692f926f-6e3b-4377-9b90-435fac798826/none_v3" "tx9352f4fcfbc4497a94aec-0069242e88" "proxy-server 20" 0.0107 "-" 22 0
Nov 24 10:08:08 standalone proxy-server[129224]: 172.18.0.2 172.18.0.100 24/Nov/2025/10/08/08 PUT /v1/AUTH_31323bd5b14c4aefa306e9efd9a95011/gnocchi.692f926f-6e3b-4377-9b90-435fac798826/none_v3 HTTP/1.0 201 - python-swiftclient-3.11.1 gAAAAABpJC3WgXjV... 22 - - tx9352f4fcfbc4497a94aec-0069242e88 - 0.0179 - - 1763978888.466914892 1763978888.484790087 0
Nov 24 10:08:08 standalone container-server[127016]: 172.20.0.100 - - [24/Nov/2025:10:08:08 +0000] "HEAD /d1/358/AUTH_31323bd5b14c4aefa306e9efd9a95011/gnocchi.0386d9d5-e412-4e97-b9ac-e62d258c19b2" 404 - "HEAD http://172.18.0.2:8080/v1/AUTH_31323bd5b14c4aefa306e9efd9a95011/gnocchi.0386d9d5-e412-4e97-b9ac-e62d258c19b2?format=json&states=listing" "txceb6888b42464e078786a-0069242e88" "proxy-server 20" 0.0004 "-" 23 0
Nov 24 10:08:08 standalone object-server[127395]: 172.20.0.100 - - [24/Nov/2025:10:08:08 +0000] "GET /d1/789/AUTH_31323bd5b14c4aefa306e9efd9a95011/gnocchi.0386d9d5-e412-4e97-b9ac-e62d258c19b2/none_v3" 404 70 "GET http://172.18.0.2:8080/v1/AUTH_31323bd5b14c4aefa306e9efd9a95011/gnocchi.0386d9d5-e412-4e97-b9ac-e62d258c19b2/none_v3" "txceb6888b42464e078786a-0069242e88" "proxy-server 20" 0.0008 "-" 25 0
Nov 24 10:08:08 standalone proxy-server[129224]: 172.18.0.2 172.18.0.100 24/Nov/2025/10/08/08 GET /v1/AUTH_31323bd5b14c4aefa306e9efd9a95011/gnocchi.0386d9d5-e412-4e97-b9ac-e62d258c19b2/none_v3 HTTP/1.0 404 - python-swiftclient-3.11.1 gAAAAABpJC3WgXjV... - 70 - txceb6888b42464e078786a-0069242e88 - 0.0137 - - 1763978888.522656441 1763978888.536333323 0
Nov 24 10:08:08 standalone account-server[126930]: 172.20.0.100 - - [24/Nov/2025:10:08:08 +0000] "PUT /d1/93/AUTH_31323bd5b14c4aefa306e9efd9a95011/gnocchi.0386d9d5-e412-4e97-b9ac-e62d258c19b2" 201 - "PUT http://172.20.0.100:6001/d1/358/AUTH_31323bd5b14c4aefa306e9efd9a95011/gnocchi.0386d9d5-e412-4e97-b9ac-e62d258c19b2" "txd6fe8182cc0442509e6bf-0069242e88" "container-server 23" 0.0079 "-" 20 0
Nov 24 10:08:08 standalone container-server[127016]: 172.20.0.100 - - [24/Nov/2025:10:08:08 +0000] "PUT /d1/358/AUTH_31323bd5b14c4aefa306e9efd9a95011/gnocchi.0386d9d5-e412-4e97-b9ac-e62d258c19b2" 201 - "PUT http://172.18.0.2:8080/v1/AUTH_31323bd5b14c4aefa306e9efd9a95011/gnocchi.0386d9d5-e412-4e97-b9ac-e62d258c19b2" "txd6fe8182cc0442509e6bf-0069242e88" "proxy-server 20" 0.0226 "-" 23 0
Nov 24 10:08:08 standalone proxy-server[129224]: 172.18.0.2 172.18.0.100 24/Nov/2025/10/08/08 PUT /v1/AUTH_31323bd5b14c4aefa306e9efd9a95011/gnocchi.0386d9d5-e412-4e97-b9ac-e62d258c19b2 HTTP/1.0 201 - python-swiftclient-3.11.1 gAAAAABpJC3WgXjV... - - - txd6fe8182cc0442509e6bf-0069242e88 - 0.0295 - - 1763978888.540331841 1763978888.569875956 0
Nov 24 10:08:08 standalone container-server[127013]: 172.20.0.100 - - [24/Nov/2025:10:08:08 +0000] "HEAD /d1/358/AUTH_31323bd5b14c4aefa306e9efd9a95011/gnocchi.0386d9d5-e412-4e97-b9ac-e62d258c19b2" 204 - "HEAD http://172.18.0.2:8080/v1/AUTH_31323bd5b14c4aefa306e9efd9a95011/gnocchi.0386d9d5-e412-4e97-b9ac-e62d258c19b2?format=json&states=listing" "txc768669e6bc74b7ab98c2-0069242e88" "proxy-server 20" 0.0023 "-" 20 0
Nov 24 10:08:08 standalone proxy-server[129224]: - - 24/Nov/2025/10/08/08 HEAD /v1/AUTH_31323bd5b14c4aefa306e9efd9a95011/gnocchi.0386d9d5-e412-4e97-b9ac-e62d258c19b2%3Fformat%3Djson%26states%3Dlisting HTTP/1.0 204 - Swift - - - - txc768669e6bc74b7ab98c2-0069242e88 - 0.0062 RL - 1763978888.577925682 1763978888.584124327 0
Nov 24 10:08:08 standalone container-server[127013]: 172.20.0.100 - - [24/Nov/2025:10:08:08 +0000] "GET /d1/358/AUTH_31323bd5b14c4aefa306e9efd9a95011/gnocchi.0386d9d5-e412-4e97-b9ac-e62d258c19b2" 200 2 "GET http://172.18.0.2:8080/v1/AUTH_31323bd5b14c4aefa306e9efd9a95011/gnocchi.0386d9d5-e412-4e97-b9ac-e62d258c19b2?format=json&states=listing" "txc768669e6bc74b7ab98c2-0069242e88" "proxy-server 20" 0.0035 "-" 20 0
Nov 24 10:08:08 standalone proxy-server[129224]: 172.18.0.2 172.18.0.100 24/Nov/2025/10/08/08 GET /v1/AUTH_31323bd5b14c4aefa306e9efd9a95011/gnocchi.0386d9d5-e412-4e97-b9ac-e62d258c19b2%3Fformat%3Djson%26states%3Dlisting HTTP/1.0 200 - python-swiftclient-3.11.1 gAAAAABpJC3WgXjV... - 2 - txc768669e6bc74b7ab98c2-0069242e88 - 0.0170 - - 1763978888.576690674 1763978888.593657017 0
Nov 24 10:08:08 standalone object-server[127393]: 172.20.0.100 - - [24/Nov/2025:10:08:08 +0000] "GET /d1/334/AUTH_31323bd5b14c4aefa306e9efd9a95011/gnocchi.0386d9d5-e412-4e97-b9ac-e62d258c19b2/1763640000.0_mean_300.0_v3" 404 70 "GET http://172.18.0.2:8080/v1/AUTH_31323bd5b14c4aefa306e9efd9a95011/gnocchi.0386d9d5-e412-4e97-b9ac-e62d258c19b2/1763640000.0_mean_300.0_v3" "tx8410d735cf084fcf915ee-0069242e88" "proxy-server 20" 0.0005 "-" 23 0
Nov 24 10:08:08 standalone proxy-server[129224]: 172.18.0.2 172.18.0.100 24/Nov/2025/10/08/08 GET /v1/AUTH_31323bd5b14c4aefa306e9efd9a95011/gnocchi.0386d9d5-e412-4e97-b9ac-e62d258c19b2/1763640000.0_mean_300.0_v3 HTTP/1.0 404 - python-swiftclient-3.11.1 gAAAAABpJC3WgXjV... - 70 - tx8410d735cf084fcf915ee-0069242e88 - 0.0063 - - 1763978888.598922729 1763978888.605241776 0
Nov 24 10:08:08 standalone container-server[127016]: 172.20.0.100 - - [24/Nov/2025:10:08:08 +0000] "PUT /d1/358/AUTH_31323bd5b14c4aefa306e9efd9a95011/gnocchi.0386d9d5-e412-4e97-b9ac-e62d258c19b2/1763640000.0_mean_300.0_v3" 201 - "PUT http://172.18.0.2:8080/d1/334/AUTH_31323bd5b14c4aefa306e9efd9a95011/gnocchi.0386d9d5-e412-4e97-b9ac-e62d258c19b2/1763640000.0_mean_300.0_v3" "txefe14f9c0b424671aca78-0069242e88" "object-server 22" 0.0015 "-" 23 0
Nov 24 10:08:08 standalone object-server[127390]: 172.20.0.100 - - [24/Nov/2025:10:08:08 +0000] "PUT /d1/334/AUTH_31323bd5b14c4aefa306e9efd9a95011/gnocchi.0386d9d5-e412-4e97-b9ac-e62d258c19b2/1763640000.0_mean_300.0_v3" 201 - "PUT http://172.18.0.2:8080/v1/AUTH_31323bd5b14c4aefa306e9efd9a95011/gnocchi.0386d9d5-e412-4e97-b9ac-e62d258c19b2/1763640000.0_mean_300.0_v3" "txefe14f9c0b424671aca78-0069242e88" "proxy-server 20" 0.0142 "-" 22 0
Nov 24 10:08:08 standalone proxy-server[129224]: 172.18.0.2 172.18.0.100 24/Nov/2025/10/08/08 PUT /v1/AUTH_31323bd5b14c4aefa306e9efd9a95011/gnocchi.0386d9d5-e412-4e97-b9ac-e62d258c19b2/1763640000.0_mean_300.0_v3 HTTP/1.0 201 - python-swiftclient-3.11.1 gAAAAABpJC3WgXjV... 16 - - txefe14f9c0b424671aca78-0069242e88 - 0.0202 - - 1763978888.609620571 1763978888.629804611 0
Nov 24 10:08:08 standalone container-server[127008]: 172.20.0.100 - - [24/Nov/2025:10:08:08 +0000] "PUT /d1/358/AUTH_31323bd5b14c4aefa306e9efd9a95011/gnocchi.0386d9d5-e412-4e97-b9ac-e62d258c19b2/none_v3" 201 - "PUT http://172.18.0.2:8080/d1/789/AUTH_31323bd5b14c4aefa306e9efd9a95011/gnocchi.0386d9d5-e412-4e97-b9ac-e62d258c19b2/none_v3" "txc9465ed18bb44f82b0683-0069242e88" "object-server 23" 0.0011 "-" 19 0
Nov 24 10:08:08 standalone object-server[127393]: 172.20.0.100 - - [24/Nov/2025:10:08:08 +0000] "PUT /d1/789/AUTH_31323bd5b14c4aefa306e9efd9a95011/gnocchi.0386d9d5-e412-4e97-b9ac-e62d258c19b2/none_v3" 201 - "PUT http://172.18.0.2:8080/v1/AUTH_31323bd5b14c4aefa306e9efd9a95011/gnocchi.0386d9d5-e412-4e97-b9ac-e62d258c19b2/none_v3" "txc9465ed18bb44f82b0683-0069242e88" "proxy-server 20" 0.0135 "-" 23 0
Nov 24 10:08:08 standalone proxy-server[129224]: 172.18.0.2 172.18.0.100 24/Nov/2025/10/08/08 PUT /v1/AUTH_31323bd5b14c4aefa306e9efd9a95011/gnocchi.0386d9d5-e412-4e97-b9ac-e62d258c19b2/none_v3 HTTP/1.0 201 - python-swiftclient-3.11.1 gAAAAABpJC3WgXjV... 22 - - txc9465ed18bb44f82b0683-0069242e88 - 0.0198 - - 1763978888.634239435 1763978888.654086113 0
Nov 24 10:08:08 standalone container-server[127016]: 172.20.0.100 - - [24/Nov/2025:10:08:08 +0000] "HEAD /d1/236/AUTH_31323bd5b14c4aefa306e9efd9a95011/gnocchi.8e8297d1-b840-4aeb-aabc-2ddf10f170b6" 404 - "HEAD http://172.18.0.2:8080/v1/AUTH_31323bd5b14c4aefa306e9efd9a95011/gnocchi.8e8297d1-b840-4aeb-aabc-2ddf10f170b6?format=json&states=listing" "tx8184b1fe49304dd79747f-0069242e88" "proxy-server 20" 0.0006 "-" 23 0
Nov 24 10:08:08 standalone object-server[127393]: 172.20.0.100 - - [24/Nov/2025:10:08:08 +0000] "GET /d1/329/AUTH_31323bd5b14c4aefa306e9efd9a95011/gnocchi.8e8297d1-b840-4aeb-aabc-2ddf10f170b6/none_v3" 404 70 "GET http://172.18.0.2:8080/v1/AUTH_31323bd5b14c4aefa306e9efd9a95011/gnocchi.8e8297d1-b840-4aeb-aabc-2ddf10f170b6/none_v3" "tx8184b1fe49304dd79747f-0069242e88" "proxy-server 20" 0.0007 "-" 23 0
Nov 24 10:08:08 standalone proxy-server[129224]: 172.18.0.2 172.18.0.100 24/Nov/2025/10/08/08 GET /v1/AUTH_31323bd5b14c4aefa306e9efd9a95011/gnocchi.8e8297d1-b840-4aeb-aabc-2ddf10f170b6/none_v3 HTTP/1.0 404 - python-swiftclient-3.11.1 gAAAAABpJC3WgXjV... - 70 - tx8184b1fe49304dd79747f-0069242e88 - 0.0127 - - 1763978888.676682472 1763978888.689409256 0
Nov 24 10:08:08 standalone account-server[126938]: 172.20.0.100 - - [24/Nov/2025:10:08:08 +0000] "PUT /d1/93/AUTH_31323bd5b14c4aefa306e9efd9a95011/gnocchi.8e8297d1-b840-4aeb-aabc-2ddf10f170b6" 201 - "PUT http://172.20.0.100:6001/d1/236/AUTH_31323bd5b14c4aefa306e9efd9a95011/gnocchi.8e8297d1-b840-4aeb-aabc-2ddf10f170b6" "tx230f3956aaf5410b8b0e9-0069242e88" "container-server 19" 0.0059 "-" 21 0
Nov 24 10:08:08 standalone container-server[127008]: 172.20.0.100 - - [24/Nov/2025:10:08:08 +0000] "PUT /d1/236/AUTH_31323bd5b14c4aefa306e9efd9a95011/gnocchi.8e8297d1-b840-4aeb-aabc-2ddf10f170b6" 201 - "PUT http://172.18.0.2:8080/v1/AUTH_31323bd5b14c4aefa306e9efd9a95011/gnocchi.8e8297d1-b840-4aeb-aabc-2ddf10f170b6" "tx230f3956aaf5410b8b0e9-0069242e88" "proxy-server 20" 0.0194 "-" 19 0
Nov 24 10:08:08 standalone proxy-server[129224]: 172.18.0.2 172.18.0.100 24/Nov/2025/10/08/08 PUT /v1/AUTH_31323bd5b14c4aefa306e9efd9a95011/gnocchi.8e8297d1-b840-4aeb-aabc-2ddf10f170b6 HTTP/1.0 201 - python-swiftclient-3.11.1 gAAAAABpJC3WgXjV... - - - tx230f3956aaf5410b8b0e9-0069242e88 - 0.0249 - - 1763978888.692917824 1763978888.717847109 0
Nov 24 10:08:08 standalone container-server[127013]: 172.20.0.100 - - [24/Nov/2025:10:08:08 +0000] "HEAD /d1/250/AUTH_31323bd5b14c4aefa306e9efd9a95011/gnocchi.adfc0314-81b3-44ca-9d20-16e30bd911b6" 404 - "HEAD http://172.18.0.2:8080/v1/AUTH_31323bd5b14c4aefa306e9efd9a95011/gnocchi.adfc0314-81b3-44ca-9d20-16e30bd911b6?format=json&states=listing" "txfbe25ba885aa4daebfa91-0069242e88" "proxy-server 20" 0.0006 "-" 20 0
Nov 24 10:08:08 standalone object-server[127394]: 172.20.0.100 - - [24/Nov/2025:10:08:08 +0000] "GET /d1/457/AUTH_31323bd5b14c4aefa306e9efd9a95011/gnocchi.adfc0314-81b3-44ca-9d20-16e30bd911b6/none_v3" 404 70 "GET http://172.18.0.2:8080/v1/AUTH_31323bd5b14c4aefa306e9efd9a95011/gnocchi.adfc0314-81b3-44ca-9d20-16e30bd911b6/none_v3" "txfbe25ba885aa4daebfa91-0069242e88" "proxy-server 20" 0.0004 "-" 24 0
Nov 24 10:08:08 standalone proxy-server[129224]: 172.18.0.2 172.18.0.100 24/Nov/2025/10/08/08 GET /v1/AUTH_31323bd5b14c4aefa306e9efd9a95011/gnocchi.adfc0314-81b3-44ca-9d20-16e30bd911b6/none_v3 HTTP/1.0 404 - python-swiftclient-3.11.1 gAAAAABpJC3WgXjV... - 70 - txfbe25ba885aa4daebfa91-0069242e88 - 0.0109 - - 1763978888.721051931 1763978888.731962919 0
Nov 24 10:08:08 standalone account-server[126927]: 172.20.0.100 - - [24/Nov/2025:10:08:08 +0000] "PUT /d1/93/AUTH_31323bd5b14c4aefa306e9efd9a95011/gnocchi.adfc0314-81b3-44ca-9d20-16e30bd911b6" 201 - "PUT http://172.20.0.100:6001/d1/250/AUTH_31323bd5b14c4aefa306e9efd9a95011/gnocchi.adfc0314-81b3-44ca-9d20-16e30bd911b6" "tx91b45dd1c7e9405ab4cc7-0069242e88" "container-server 20" 0.0056 "-" 17 0
Nov 24 10:08:08 standalone container-server[127013]: 172.20.0.100 - - [24/Nov/2025:10:08:08 +0000] "PUT /d1/250/AUTH_31323bd5b14c4aefa306e9efd9a95011/gnocchi.adfc0314-81b3-44ca-9d20-16e30bd911b6" 201 - "PUT http://172.18.0.2:8080/v1/AUTH_31323bd5b14c4aefa306e9efd9a95011/gnocchi.adfc0314-81b3-44ca-9d20-16e30bd911b6" "tx91b45dd1c7e9405ab4cc7-0069242e88" "proxy-server 20" 0.0186 "-" 20 0
Nov 24 10:08:08 standalone proxy-server[129224]: 172.18.0.2 172.18.0.100 24/Nov/2025/10/08/08 PUT /v1/AUTH_31323bd5b14c4aefa306e9efd9a95011/gnocchi.adfc0314-81b3-44ca-9d20-16e30bd911b6 HTTP/1.0 201 - python-swiftclient-3.11.1 gAAAAABpJC3WgXjV... - - - tx91b45dd1c7e9405ab4cc7-0069242e88 - 0.0240 - - 1763978888.735267878 1763978888.759315968 0
Nov 24 10:08:08 standalone container-server[127008]: 172.20.0.100 - - [24/Nov/2025:10:08:08 +0000] "HEAD /d1/236/AUTH_31323bd5b14c4aefa306e9efd9a95011/gnocchi.8e8297d1-b840-4aeb-aabc-2ddf10f170b6" 204 - "HEAD http://172.18.0.2:8080/v1/AUTH_31323bd5b14c4aefa306e9efd9a95011/gnocchi.8e8297d1-b840-4aeb-aabc-2ddf10f170b6?format=json&states=listing" "tx6f27467f1bd14cacb07f5-0069242e88" "proxy-server 20" 0.0024 "-" 19 0
Nov 24 10:08:08 standalone proxy-server[129224]: - - 24/Nov/2025/10/08/08 HEAD /v1/AUTH_31323bd5b14c4aefa306e9efd9a95011/gnocchi.8e8297d1-b840-4aeb-aabc-2ddf10f170b6%3Fformat%3Djson%26states%3Dlisting HTTP/1.0 204 - Swift - - - - tx6f27467f1bd14cacb07f5-0069242e88 - 0.0062 RL - 1763978888.764501095 1763978888.770740271 0
Nov 24 10:08:08 standalone container-server[127008]: 172.20.0.100 - - [24/Nov/2025:10:08:08 +0000] "GET /d1/236/AUTH_31323bd5b14c4aefa306e9efd9a95011/gnocchi.8e8297d1-b840-4aeb-aabc-2ddf10f170b6" 200 2 "GET http://172.18.0.2:8080/v1/AUTH_31323bd5b14c4aefa306e9efd9a95011/gnocchi.8e8297d1-b840-4aeb-aabc-2ddf10f170b6?format=json&states=listing" "tx6f27467f1bd14cacb07f5-0069242e88" "proxy-server 20" 0.0038 "-" 19 0
Nov 24 10:08:08 standalone proxy-server[129224]: 172.18.0.2 172.18.0.100 24/Nov/2025/10/08/08 GET /v1/AUTH_31323bd5b14c4aefa306e9efd9a95011/gnocchi.8e8297d1-b840-4aeb-aabc-2ddf10f170b6%3Fformat%3Djson%26states%3Dlisting HTTP/1.0 200 - python-swiftclient-3.11.1 gAAAAABpJC3WgXjV... - 2 - tx6f27467f1bd14cacb07f5-0069242e88 - 0.0178 - - 1763978888.763367891 1763978888.781160355 0
Nov 24 10:08:08 standalone container-server[127016]: 172.20.0.100 - - [24/Nov/2025:10:08:08 +0000] "HEAD /d1/250/AUTH_31323bd5b14c4aefa306e9efd9a95011/gnocchi.adfc0314-81b3-44ca-9d20-16e30bd911b6" 204 - "HEAD http://172.18.0.2:8080/v1/AUTH_31323bd5b14c4aefa306e9efd9a95011/gnocchi.adfc0314-81b3-44ca-9d20-16e30bd911b6?format=json&states=listing" "tx57f29d8e1c614c7781c42-0069242e88" "proxy-server 20" 0.0023 "-" 23 0
Nov 24 10:08:08 standalone proxy-server[129224]: - - 24/Nov/2025/10/08/08 HEAD /v1/AUTH_31323bd5b14c4aefa306e9efd9a95011/gnocchi.adfc0314-81b3-44ca-9d20-16e30bd911b6%3Fformat%3Djson%26states%3Dlisting HTTP/1.0 204 - Swift - - - - tx57f29d8e1c614c7781c42-0069242e88 - 0.0066 RL - 1763978888.786992788 1763978888.793543100 0
Nov 24 10:08:08 standalone container-server[127008]: 172.20.0.100 - - [24/Nov/2025:10:08:08 +0000] "GET /d1/250/AUTH_31323bd5b14c4aefa306e9efd9a95011/gnocchi.adfc0314-81b3-44ca-9d20-16e30bd911b6" 200 2 "GET http://172.18.0.2:8080/v1/AUTH_31323bd5b14c4aefa306e9efd9a95011/gnocchi.adfc0314-81b3-44ca-9d20-16e30bd911b6?format=json&states=listing" "tx57f29d8e1c614c7781c42-0069242e88" "proxy-server 20" 0.0038 "-" 19 0
Nov 24 10:08:08 standalone proxy-server[129224]: 172.18.0.2 172.18.0.100 24/Nov/2025/10/08/08 GET /v1/AUTH_31323bd5b14c4aefa306e9efd9a95011/gnocchi.adfc0314-81b3-44ca-9d20-16e30bd911b6%3Fformat%3Djson%26states%3Dlisting HTTP/1.0 200 - python-swiftclient-3.11.1 gAAAAABpJC3WgXjV... - 2 - tx57f29d8e1c614c7781c42-0069242e88 - 0.0185 - - 1763978888.785950184 1763978888.804435015 0
