Nov 24 10:07:15 standalone proxy-server[129224]: 172.18.0.2 172.18.0.100 24/Nov/2025/10/07/15 PUT /v1/AUTH_31323bd5b14c4aefa306e9efd9a95011/gnocchi.9da650bb-09e3-40dd-8d35-29195b7f88c9/1763640000.0_mean_300.0_v3 HTTP/1.0 201 - python-swiftclient-3.11.1 gAAAAABpJC3WgXjV... 16 - - tx60466b6d4f5e46078b0f5-0069242e53 - 0.0273 - - 1763978835.353500605 1763978835.380818129 0
Nov 24 10:07:15 standalone container-server[127013]: 172.20.0.100 - - [24/Nov/2025:10:07:15 +0000] "PUT /d1/486/AUTH_31323bd5b14c4aefa306e9efd9a95011/gnocchi.9da650bb-09e3-40dd-8d35-29195b7f88c9/none_v3" 201 - "PUT http://172.18.0.2:8080/d1/549/AUTH_31323bd5b14c4aefa306e9efd9a95011/gnocchi.9da650bb-09e3-40dd-8d35-29195b7f88c9/none_v3" "tx857f77eeba8a4eb2b7e7c-0069242e53" "object-server 25" 0.0010 "-" 20 0
Nov 24 10:07:15 standalone object-server[127395]: 172.20.0.100 - - [24/Nov/2025:10:07:15 +0000] "PUT /d1/549/AUTH_31323bd5b14c4aefa306e9efd9a95011/gnocchi.9da650bb-09e3-40dd-8d35-29195b7f88c9/none_v3" 201 - "PUT http://172.18.0.2:8080/v1/AUTH_31323bd5b14c4aefa306e9efd9a95011/gnocchi.9da650bb-09e3-40dd-8d35-29195b7f88c9/none_v3" "tx857f77eeba8a4eb2b7e7c-0069242e53" "proxy-server 20" 0.0198 "-" 25 0
Nov 24 10:07:15 standalone proxy-server[129224]: 172.18.0.2 172.18.0.100 24/Nov/2025/10/07/15 PUT /v1/AUTH_31323bd5b14c4aefa306e9efd9a95011/gnocchi.9da650bb-09e3-40dd-8d35-29195b7f88c9/none_v3 HTTP/1.0 201 - python-swiftclient-3.11.1 gAAAAABpJC3WgXjV... 22 - - tx857f77eeba8a4eb2b7e7c-0069242e53 - 0.0249 - - 1763978835.384370804 1763978835.409298897 0
Nov 24 10:07:15 standalone object-server[127393]: 172.20.0.100 - - [24/Nov/2025:10:07:15 +0000] "GET /d1/266/AUTH_31323bd5b14c4aefa306e9efd9a95011/gnocchi.0fc84f97-1272-4180-9a0f-e100c3f2530c/none_v3" 200 33 "GET http://172.18.0.2:8080/v1/AUTH_31323bd5b14c4aefa306e9efd9a95011/gnocchi.0fc84f97-1272-4180-9a0f-e100c3f2530c/none_v3" "tx6f1c03a42feb4dffb6091-0069242e53" "proxy-server 20" 0.0006 "-" 23 0
Nov 24 10:07:15 standalone proxy-server[129224]: 172.18.0.2 172.18.0.100 24/Nov/2025/10/07/15 GET /v1/AUTH_31323bd5b14c4aefa306e9efd9a95011/gnocchi.0fc84f97-1272-4180-9a0f-e100c3f2530c/none_v3 HTTP/1.0 200 - python-swiftclient-3.11.1 gAAAAABpJC3WgXjV... - 33 - tx6f1c03a42feb4dffb6091-0069242e53 - 0.0067 - - 1763978835.431517124 1763978835.438221931 0
Nov 24 10:07:15 standalone container-server[127016]: 172.20.0.100 - - [24/Nov/2025:10:07:15 +0000] "GET /d1/912/AUTH_31323bd5b14c4aefa306e9efd9a95011/gnocchi.0fc84f97-1272-4180-9a0f-e100c3f2530c" 200 357 "GET http://172.18.0.2:8080/v1/AUTH_31323bd5b14c4aefa306e9efd9a95011/gnocchi.0fc84f97-1272-4180-9a0f-e100c3f2530c?format=json&states=listing" "tx623c50cc21884380ae62c-0069242e53" "proxy-server 20" 0.0110 "-" 23 0
Nov 24 10:07:15 standalone proxy-server[129224]: 172.18.0.2 172.18.0.100 24/Nov/2025/10/07/15 GET /v1/AUTH_31323bd5b14c4aefa306e9efd9a95011/gnocchi.0fc84f97-1272-4180-9a0f-e100c3f2530c%3Fformat%3Djson%26states%3Dlisting HTTP/1.0 200 - python-swiftclient-3.11.1 gAAAAABpJC3WgXjV... - 357 - tx623c50cc21884380ae62c-0069242e53 - 0.0171 - - 1763978835.443664789 1763978835.460785151 0
Nov 24 10:07:15 standalone container-server[127013]: 172.20.0.100 - - [24/Nov/2025:10:07:15 +0000] "GET /d1/912/AUTH_31323bd5b14c4aefa306e9efd9a95011/gnocchi.0fc84f97-1272-4180-9a0f-e100c3f2530c" 200 2 "GET http://172.18.0.2:8080/v1/AUTH_31323bd5b14c4aefa306e9efd9a95011/gnocchi.0fc84f97-1272-4180-9a0f-e100c3f2530c?format=json&marker=none_v3&states=listing" "tx4e2a9751b4fb472e8be22-0069242e53" "proxy-server 20" 0.0024 "-" 20 0
Nov 24 10:07:15 standalone proxy-server[129224]: 172.18.0.2 172.18.0.100 24/Nov/2025/10/07/15 GET /v1/AUTH_31323bd5b14c4aefa306e9efd9a95011/gnocchi.0fc84f97-1272-4180-9a0f-e100c3f2530c%3Fformat%3Djson%26marker%3Dnone_v3%26states%3Dlisting HTTP/1.0 200 - python-swiftclient-3.11.1 gAAAAABpJC3WgXjV... - 2 - tx4e2a9751b4fb472e8be22-0069242e53 - 0.0080 - - 1763978835.463667393 1763978835.471666574 0
Nov 24 10:07:15 standalone object-server[127393]: 172.20.0.100 - - [24/Nov/2025:10:07:15 +0000] "GET /d1/895/AUTH_31323bd5b14c4aefa306e9efd9a95011/gnocchi.0fc84f97-1272-4180-9a0f-e100c3f2530c/1763640000.0_mean_300.0_v3" 200 16 "GET http://172.18.0.2:8080/v1/AUTH_31323bd5b14c4aefa306e9efd9a95011/gnocchi.0fc84f97-1272-4180-9a0f-e100c3f2530c/1763640000.0_mean_300.0_v3" "tx8c3b489a99e546348503d-0069242e53" "proxy-server 20" 0.0007 "-" 23 0
Nov 24 10:07:15 standalone proxy-server[129224]: 172.18.0.2 172.18.0.100 24/Nov/2025/10/07/15 GET /v1/AUTH_31323bd5b14c4aefa306e9efd9a95011/gnocchi.0fc84f97-1272-4180-9a0f-e100c3f2530c/1763640000.0_mean_300.0_v3 HTTP/1.0 200 - python-swiftclient-3.11.1 gAAAAABpJC3WgXjV... - 16 - tx8c3b489a99e546348503d-0069242e53 - 0.0061 - - 1763978835.475663185 1763978835.481729507 0
Nov 24 10:07:15 standalone container-server[127008]: 172.20.0.100 - - [24/Nov/2025:10:07:15 +0000] "PUT /d1/912/AUTH_31323bd5b14c4aefa306e9efd9a95011/gnocchi.0fc84f97-1272-4180-9a0f-e100c3f2530c/1763640000.0_mean_300.0_v3" 201 - "PUT http://172.18.0.2:8080/d1/895/AUTH_31323bd5b14c4aefa306e9efd9a95011/gnocchi.0fc84f97-1272-4180-9a0f-e100c3f2530c/1763640000.0_mean_300.0_v3" "txfa6e6512ef2e46c69dc38-0069242e53" "object-server 24" 0.0005 "-" 19 0
Nov 24 10:07:15 standalone object-server[127394]: 172.20.0.100 - - [24/Nov/2025:10:07:15 +0000] "PUT /d1/895/AUTH_31323bd5b14c4aefa306e9efd9a95011/gnocchi.0fc84f97-1272-4180-9a0f-e100c3f2530c/1763640000.0_mean_300.0_v3" 201 - "PUT http://172.18.0.2:8080/v1/AUTH_31323bd5b14c4aefa306e9efd9a95011/gnocchi.0fc84f97-1272-4180-9a0f-e100c3f2530c/1763640000.0_mean_300.0_v3" "txfa6e6512ef2e46c69dc38-0069242e53" "proxy-server 20" 0.0085 "-" 24 0
Nov 24 10:07:15 standalone proxy-server[129224]: 172.18.0.2 172.18.0.100 24/Nov/2025/10/07/15 PUT /v1/AUTH_31323bd5b14c4aefa306e9efd9a95011/gnocchi.0fc84f97-1272-4180-9a0f-e100c3f2530c/1763640000.0_mean_300.0_v3 HTTP/1.0 201 - python-swiftclient-3.11.1 gAAAAABpJC3WgXjV... 16 - - txfa6e6512ef2e46c69dc38-0069242e53 - 0.0133 - - 1763978835.484971285 1763978835.498267412 0
Nov 24 10:07:15 standalone container-server[127013]: 172.20.0.100 - - [24/Nov/2025:10:07:15 +0000] "PUT /d1/912/AUTH_31323bd5b14c4aefa306e9efd9a95011/gnocchi.0fc84f97-1272-4180-9a0f-e100c3f2530c/none_v3" 201 - "PUT http://172.18.0.2:8080/d1/266/AUTH_31323bd5b14c4aefa306e9efd9a95011/gnocchi.0fc84f97-1272-4180-9a0f-e100c3f2530c/none_v3" "tx90ef84cf2a86445e8aff1-0069242e53" "object-server 22" 0.0007 "-" 20 0
Nov 24 10:07:15 standalone object-server[127390]: 172.20.0.100 - - [24/Nov/2025:10:07:15 +0000] "PUT /d1/266/AUTH_31323bd5b14c4aefa306e9efd9a95011/gnocchi.0fc84f97-1272-4180-9a0f-e100c3f2530c/none_v3" 201 - "PUT http://172.18.0.2:8080/v1/AUTH_31323bd5b14c4aefa306e9efd9a95011/gnocchi.0fc84f97-1272-4180-9a0f-e100c3f2530c/none_v3" "tx90ef84cf2a86445e8aff1-0069242e53" "proxy-server 20" 0.0114 "-" 22 0
Nov 24 10:07:15 standalone proxy-server[129224]: 172.18.0.2 172.18.0.100 24/Nov/2025/10/07/15 PUT /v1/AUTH_31323bd5b14c4aefa306e9efd9a95011/gnocchi.0fc84f97-1272-4180-9a0f-e100c3f2530c/none_v3 HTTP/1.0 201 - python-swiftclient-3.11.1 gAAAAABpJC3WgXjV... 48 - - tx90ef84cf2a86445e8aff1-0069242e53 - 0.0185 - - 1763978835.503265142 1763978835.521736860 0
Nov 24 10:07:15 standalone object-server[127394]: 172.20.0.100 - - [24/Nov/2025:10:07:15 +0000] "GET /d1/842/AUTH_31323bd5b14c4aefa306e9efd9a95011/gnocchi.a5b2c4dd-7d14-4ce1-afa0-ebc19bf4d38f/none_v3" 200 33 "GET http://172.18.0.2:8080/v1/AUTH_31323bd5b14c4aefa306e9efd9a95011/gnocchi.a5b2c4dd-7d14-4ce1-afa0-ebc19bf4d38f/none_v3" "tx781461bfe07c45b18d032-0069242e53" "proxy-server 20" 0.0013 "-" 24 0
Nov 24 10:07:15 standalone proxy-server[129224]: 172.18.0.2 172.18.0.100 24/Nov/2025/10/07/15 GET /v1/AUTH_31323bd5b14c4aefa306e9efd9a95011/gnocchi.a5b2c4dd-7d14-4ce1-afa0-ebc19bf4d38f/none_v3 HTTP/1.0 200 - python-swiftclient-3.11.1 gAAAAABpJC3WgXjV... - 33 - tx781461bfe07c45b18d032-0069242e53 - 0.0090 - - 1763978835.534594774 1763978835.543617010 0
Nov 24 10:07:15 standalone container-server[127016]: 172.20.0.100 - - [24/Nov/2025:10:07:15 +0000] "GET /d1/816/AUTH_31323bd5b14c4aefa306e9efd9a95011/gnocchi.a5b2c4dd-7d14-4ce1-afa0-ebc19bf4d38f" 200 357 "GET http://172.18.0.2:8080/v1/AUTH_31323bd5b14c4aefa306e9efd9a95011/gnocchi.a5b2c4dd-7d14-4ce1-afa0-ebc19bf4d38f?format=json&states=listing" "txe76e755f9d09488f887f7-0069242e53" "proxy-server 20" 0.0070 "-" 23 0
Nov 24 10:07:15 standalone proxy-server[129224]: 172.18.0.2 172.18.0.100 24/Nov/2025/10/07/15 GET /v1/AUTH_31323bd5b14c4aefa306e9efd9a95011/gnocchi.a5b2c4dd-7d14-4ce1-afa0-ebc19bf4d38f%3Fformat%3Djson%26states%3Dlisting HTTP/1.0 200 - python-swiftclient-3.11.1 gAAAAABpJC3WgXjV... - 357 - txe76e755f9d09488f887f7-0069242e53 - 0.0138 - - 1763978835.548859835 1763978835.562617302 0
Nov 24 10:07:15 standalone container-server[127016]: 172.20.0.100 - - [24/Nov/2025:10:07:15 +0000] "GET /d1/816/AUTH_31323bd5b14c4aefa306e9efd9a95011/gnocchi.a5b2c4dd-7d14-4ce1-afa0-ebc19bf4d38f" 200 2 "GET http://172.18.0.2:8080/v1/AUTH_31323bd5b14c4aefa306e9efd9a95011/gnocchi.a5b2c4dd-7d14-4ce1-afa0-ebc19bf4d38f?format=json&marker=none_v3&states=listing" "tx3f660d5df6fb4475b13bb-0069242e53" "proxy-server 20" 0.0025 "-" 23 0
Nov 24 10:07:15 standalone proxy-server[129224]: 172.18.0.2 172.18.0.100 24/Nov/2025/10/07/15 GET /v1/AUTH_31323bd5b14c4aefa306e9efd9a95011/gnocchi.a5b2c4dd-7d14-4ce1-afa0-ebc19bf4d38f%3Fformat%3Djson%26marker%3Dnone_v3%26states%3Dlisting HTTP/1.0 200 - python-swiftclient-3.11.1 gAAAAABpJC3WgXjV... - 2 - tx3f660d5df6fb4475b13bb-0069242e53 - 0.0092 - - 1763978835.565520048 1763978835.574694872 0
Nov 24 10:07:15 standalone object-server[127390]: 172.20.0.100 - - [24/Nov/2025:10:07:15 +0000] "GET /d1/346/AUTH_31323bd5b14c4aefa306e9efd9a95011/gnocchi.a5b2c4dd-7d14-4ce1-afa0-ebc19bf4d38f/1763640000.0_mean_300.0_v3" 200 16 "GET http://172.18.0.2:8080/v1/AUTH_31323bd5b14c4aefa306e9efd9a95011/gnocchi.a5b2c4dd-7d14-4ce1-afa0-ebc19bf4d38f/1763640000.0_mean_300.0_v3" "txd76ef95033c049b7ae4df-0069242e53" "proxy-server 20" 0.0009 "-" 22 0
Nov 24 10:07:15 standalone proxy-server[129224]: 172.18.0.2 172.18.0.100 24/Nov/2025/10/07/15 GET /v1/AUTH_31323bd5b14c4aefa306e9efd9a95011/gnocchi.a5b2c4dd-7d14-4ce1-afa0-ebc19bf4d38f/1763640000.0_mean_300.0_v3 HTTP/1.0 200 - python-swiftclient-3.11.1 gAAAAABpJC3WgXjV... - 16 - txd76ef95033c049b7ae4df-0069242e53 - 0.0075 - - 1763978835.578252792 1763978835.585761070 0
Nov 24 10:07:15 standalone container-server[127008]: 172.20.0.100 - - [24/Nov/2025:10:07:15 +0000] "PUT /d1/816/AUTH_31323bd5b14c4aefa306e9efd9a95011/gnocchi.a5b2c4dd-7d14-4ce1-afa0-ebc19bf4d38f/1763640000.0_mean_300.0_v3" 201 - "PUT http://172.18.0.2:8080/d1/346/AUTH_31323bd5b14c4aefa306e9efd9a95011/gnocchi.a5b2c4dd-7d14-4ce1-afa0-ebc19bf4d38f/1763640000.0_mean_300.0_v3" "txbfc8dc46edd1487f88ac0-0069242e53" "object-server 25" 0.0006 "-" 19 0
Nov 24 10:07:15 standalone object-server[127395]: 172.20.0.100 - - [24/Nov/2025:10:07:15 +0000] "PUT /d1/346/AUTH_31323bd5b14c4aefa306e9efd9a95011/gnocchi.a5b2c4dd-7d14-4ce1-afa0-ebc19bf4d38f/1763640000.0_mean_300.0_v3" 201 - "PUT http://172.18.0.2:8080/v1/AUTH_31323bd5b14c4aefa306e9efd9a95011/gnocchi.a5b2c4dd-7d14-4ce1-afa0-ebc19bf4d38f/1763640000.0_mean_300.0_v3" "txbfc8dc46edd1487f88ac0-0069242e53" "proxy-server 20" 0.0124 "-" 25 0
Nov 24 10:07:15 standalone proxy-server[129224]: 172.18.0.2 172.18.0.100 24/Nov/2025/10/07/15 PUT /v1/AUTH_31323bd5b14c4aefa306e9efd9a95011/gnocchi.a5b2c4dd-7d14-4ce1-afa0-ebc19bf4d38f/1763640000.0_mean_300.0_v3 HTTP/1.0 201 - python-swiftclient-3.11.1 gAAAAABpJC3WgXjV... 16 - - txbfc8dc46edd1487f88ac0-0069242e53 - 0.0184 - - 1763978835.588865519 1763978835.607227564 0
Nov 24 10:07:15 standalone container-server[127008]: 172.20.0.100 - - [24/Nov/2025:10:07:15 +0000] "PUT /d1/816/AUTH_31323bd5b14c4aefa306e9efd9a95011/gnocchi.a5b2c4dd-7d14-4ce1-afa0-ebc19bf4d38f/none_v3" 201 - "PUT http://172.18.0.2:8080/d1/842/AUTH_31323bd5b14c4aefa306e9efd9a95011/gnocchi.a5b2c4dd-7d14-4ce1-afa0-ebc19bf4d38f/none_v3" "txefa2bd60a0184bbf8fbe3-0069242e53" "object-server 25" 0.0007 "-" 19 0
Nov 24 10:07:15 standalone object-server[127395]: 172.20.0.100 - - [24/Nov/2025:10:07:15 +0000] "PUT /d1/842/AUTH_31323bd5b14c4aefa306e9efd9a95011/gnocchi.a5b2c4dd-7d14-4ce1-afa0-ebc19bf4d38f/none_v3" 201 - "PUT http://172.18.0.2:8080/v1/AUTH_31323bd5b14c4aefa306e9efd9a95011/gnocchi.a5b2c4dd-7d14-4ce1-afa0-ebc19bf4d38f/none_v3" "txefa2bd60a0184bbf8fbe3-0069242e53" "proxy-server 20" 0.0098 "-" 25 0
Nov 24 10:07:15 standalone proxy-server[129224]: 172.18.0.2 172.18.0.100 24/Nov/2025/10/07/15 PUT /v1/AUTH_31323bd5b14c4aefa306e9efd9a95011/gnocchi.a5b2c4dd-7d14-4ce1-afa0-ebc19bf4d38f/none_v3 HTTP/1.0 201 - python-swiftclient-3.11.1 gAAAAABpJC3WgXjV... 48 - - txefa2bd60a0184bbf8fbe3-0069242e53 - 0.0155 - - 1763978835.614377737 1763978835.629846096 0
Nov 24 10:07:16 standalone object-server[127390]: 172.20.0.100 - - [24/Nov/2025:10:07:16 +0000] "GET /d1/549/AUTH_31323bd5b14c4aefa306e9efd9a95011/gnocchi.9da650bb-09e3-40dd-8d35-29195b7f88c9/none_v3" 200 22 "GET http://172.18.0.2:8080/v1/AUTH_31323bd5b14c4aefa306e9efd9a95011/gnocchi.9da650bb-09e3-40dd-8d35-29195b7f88c9/none_v3" "txd920cd5007ae4c7b8e500-0069242e54" "proxy-server 20" 0.0012 "-" 22 0
Nov 24 10:07:16 standalone proxy-server[129224]: 172.18.0.2 172.18.0.100 24/Nov/2025/10/07/16 GET /v1/AUTH_31323bd5b14c4aefa306e9efd9a95011/gnocchi.9da650bb-09e3-40dd-8d35-29195b7f88c9/none_v3 HTTP/1.0 200 - python-swiftclient-3.11.1 gAAAAABpJC3WgXjV... - 22 - txd920cd5007ae4c7b8e500-0069242e54 - 0.0106 - - 1763978836.926663637 1763978836.937285185 0
Nov 24 10:07:16 standalone container-server[127016]: 172.20.0.100 - - [24/Nov/2025:10:07:16 +0000] "GET /d1/486/AUTH_31323bd5b14c4aefa306e9efd9a95011/gnocchi.9da650bb-09e3-40dd-8d35-29195b7f88c9" 200 357 "GET http://172.18.0.2:8080/v1/AUTH_31323bd5b14c4aefa306e9efd9a95011/gnocchi.9da650bb-09e3-40dd-8d35-29195b7f88c9?format=json&states=listing" "txa789cc612b2940e587924-0069242e54" "proxy-server 20" 0.0085 "-" 23 0
Nov 24 10:07:16 standalone proxy-server[129224]: 172.18.0.2 172.18.0.100 24/Nov/2025/10/07/16 GET /v1/AUTH_31323bd5b14c4aefa306e9efd9a95011/gnocchi.9da650bb-09e3-40dd-8d35-29195b7f88c9%3Fformat%3Djson%26states%3Dlisting HTTP/1.0 200 - python-swiftclient-3.11.1 gAAAAABpJC3WgXjV... - 357 - txa789cc612b2940e587924-0069242e54 - 0.0187 - - 1763978836.941189528 1763978836.959928989 0
Nov 24 10:07:16 standalone container-server[127015]: 172.20.0.100 - - [24/Nov/2025:10:07:16 +0000] "GET /d1/486/AUTH_31323bd5b14c4aefa306e9efd9a95011/gnocchi.9da650bb-09e3-40dd-8d35-29195b7f88c9" 200 2 "GET http://172.18.0.2:8080/v1/AUTH_31323bd5b14c4aefa306e9efd9a95011/gnocchi.9da650bb-09e3-40dd-8d35-29195b7f88c9?format=json&marker=none_v3&states=listing" "txb17f406b7f3b4b0b8bab0-0069242e54" "proxy-server 20" 0.0018 "-" 22 0
Nov 24 10:07:16 standalone proxy-server[129224]: 172.18.0.2 172.18.0.100 24/Nov/2025/10/07/16 GET /v1/AUTH_31323bd5b14c4aefa306e9efd9a95011/gnocchi.9da650bb-09e3-40dd-8d35-29195b7f88c9%3Fformat%3Djson%26marker%3Dnone_v3%26states%3Dlisting HTTP/1.0 200 - python-swiftclient-3.11.1 gAAAAABpJC3WgXjV... - 2 - txb17f406b7f3b4b0b8bab0-0069242e54 - 0.0093 - - 1763978836.963362217 1763978836.972639561 0
Nov 24 10:07:16 standalone object-server[127394]: 172.20.0.100 - - [24/Nov/2025:10:07:16 +0000] "GET /d1/743/AUTH_31323bd5b14c4aefa306e9efd9a95011/gnocchi.9da650bb-09e3-40dd-8d35-29195b7f88c9/1763640000.0_mean_300.0_v3" 200 16 "GET http://172.18.0.2:8080/v1/AUTH_31323bd5b14c4aefa306e9efd9a95011/gnocchi.9da650bb-09e3-40dd-8d35-29195b7f88c9/1763640000.0_mean_300.0_v3" "txe0a27e80ba7f4b66806e8-0069242e54" "proxy-server 20" 0.0005 "-" 24 0
Nov 24 10:07:16 standalone proxy-server[129224]: 172.18.0.2 172.18.0.100 24/Nov/2025/10/07/16 GET /v1/AUTH_31323bd5b14c4aefa306e9efd9a95011/gnocchi.9da650bb-09e3-40dd-8d35-29195b7f88c9/1763640000.0_mean_300.0_v3 HTTP/1.0 200 - python-swiftclient-3.11.1 gAAAAABpJC3WgXjV... - 16 - txe0a27e80ba7f4b66806e8-0069242e54 - 0.0067 - - 1763978836.976372242 1763978836.983083248 0
Nov 24 10:07:16 standalone container-server[127015]: 172.20.0.100 - - [24/Nov/2025:10:07:16 +0000] "PUT /d1/486/AUTH_31323bd5b14c4aefa306e9efd9a95011/gnocchi.9da650bb-09e3-40dd-8d35-29195b7f88c9/1763640000.0_mean_300.0_v3" 201 - "PUT http://172.18.0.2:8080/d1/743/AUTH_31323bd5b14c4aefa306e9efd9a95011/gnocchi.9da650bb-09e3-40dd-8d35-29195b7f88c9/1763640000.0_mean_300.0_v3" "tx563605ebbdb04c03b3e9e-0069242e54" "object-server 23" 0.0005 "-" 22 0
Nov 24 10:07:16 standalone object-server[127393]: 172.20.0.100 - - [24/Nov/2025:10:07:16 +0000] "PUT /d1/743/AUTH_31323bd5b14c4aefa306e9efd9a95011/gnocchi.9da650bb-09e3-40dd-8d35-29195b7f88c9/1763640000.0_mean_300.0_v3" 201 - "PUT http://172.18.0.2:8080/v1/AUTH_31323bd5b14c4aefa306e9efd9a95011/gnocchi.9da650bb-09e3-40dd-8d35-29195b7f88c9/1763640000.0_mean_300.0_v3" "tx563605ebbdb04c03b3e9e-0069242e54" "proxy-server 20" 0.0088 "-" 23 0
Nov 24 10:07:17 standalone proxy-server[129224]: 172.18.0.2 172.18.0.100 24/Nov/2025/10/07/17 PUT /v1/AUTH_31323bd5b14c4aefa306e9efd9a95011/gnocchi.9da650bb-09e3-40dd-8d35-29195b7f88c9/1763640000.0_mean_300.0_v3 HTTP/1.0 201 - python-swiftclient-3.11.1 gAAAAABpJC3WgXjV... 16 - - tx563605ebbdb04c03b3e9e-0069242e54 - 0.0146 - - 1763978836.986147642 1763978837.000705481 0
Nov 24 10:07:17 standalone container-server[127008]: 172.20.0.100 - - [24/Nov/2025:10:07:17 +0000] "PUT /d1/486/AUTH_31323bd5b14c4aefa306e9efd9a95011/gnocchi.9da650bb-09e3-40dd-8d35-29195b7f88c9/none_v3" 201 - "PUT http://172.18.0.2:8080/d1/549/AUTH_31323bd5b14c4aefa306e9efd9a95011/gnocchi.9da650bb-09e3-40dd-8d35-29195b7f88c9/none_v3" "tx5c26c81aa20e4e4a91dfa-0069242e55" "object-server 23" 0.0007 "-" 19 0
Nov 24 10:07:17 standalone object-server[127393]: 172.20.0.100 - - [24/Nov/2025:10:07:17 +0000] "PUT /d1/549/AUTH_31323bd5b14c4aefa306e9efd9a95011/gnocchi.9da650bb-09e3-40dd-8d35-29195b7f88c9/none_v3" 201 - "PUT http://172.18.0.2:8080/v1/AUTH_31323bd5b14c4aefa306e9efd9a95011/gnocchi.9da650bb-09e3-40dd-8d35-29195b7f88c9/none_v3" "tx5c26c81aa20e4e4a91dfa-0069242e55" "proxy-server 20" 0.0083 "-" 23 0
Nov 24 10:07:17 standalone proxy-server[129224]: 172.18.0.2 172.18.0.100 24/Nov/2025/10/07/17 PUT /v1/AUTH_31323bd5b14c4aefa306e9efd9a95011/gnocchi.9da650bb-09e3-40dd-8d35-29195b7f88c9/none_v3 HTTP/1.0 201 - python-swiftclient-3.11.1 gAAAAABpJC3WgXjV... 31 - - tx5c26c81aa20e4e4a91dfa-0069242e55 - 0.0139 - - 1763978837.003340960 1763978837.017266750 0
Nov 24 10:07:26 standalone account-server[126927]: 172.20.0.100 - - [24/Nov/2025:10:07:26 +0000] "HEAD /d1/93/AUTH_31323bd5b14c4aefa306e9efd9a95011" 204 - "HEAD http://172.18.0.2:8080/v1/AUTH_31323bd5b14c4aefa306e9efd9a95011?format=json" "tx38a071ea4218428ebd686-0069242e5e" "proxy-server 20" 0.0051 "-" 17 -
Nov 24 10:07:26 standalone proxy-server[129224]: - - 24/Nov/2025/10/07/26 HEAD /v1/AUTH_31323bd5b14c4aefa306e9efd9a95011%3Fformat%3Djson HTTP/1.0 204 - Swift - - - - tx38a071ea4218428ebd686-0069242e5e - 0.0111 RL - 1763978846.070853233 1763978846.081949472 -
Nov 24 10:07:26 standalone object-server[127395]: 172.20.0.100 - - [24/Nov/2025:10:07:26 +0000] "GET /d1/549/AUTH_31323bd5b14c4aefa306e9efd9a95011/gnocchi.9da650bb-09e3-40dd-8d35-29195b7f88c9/none_v3" 200 31 "GET http://172.18.0.2:8080/v1/AUTH_31323bd5b14c4aefa306e9efd9a95011/gnocchi.9da650bb-09e3-40dd-8d35-29195b7f88c9/none_v3" "tx38a071ea4218428ebd686-0069242e5e" "proxy-server 20" 0.0011 "-" 25 0
Nov 24 10:07:26 standalone proxy-server[129224]: 172.18.0.2 172.18.0.100 24/Nov/2025/10/07/26 GET /v1/AUTH_31323bd5b14c4aefa306e9efd9a95011/gnocchi.9da650bb-09e3-40dd-8d35-29195b7f88c9/none_v3 HTTP/1.0 200 - python-swiftclient-3.11.1 gAAAAABpJC3WgXjV... - 31 - tx38a071ea4218428ebd686-0069242e5e - 0.0204 - - 1763978846.070007563 1763978846.090375900 0
Nov 24 10:07:26 standalone container-server[127008]: 172.20.0.100 - - [24/Nov/2025:10:07:26 +0000] "GET /d1/486/AUTH_31323bd5b14c4aefa306e9efd9a95011/gnocchi.9da650bb-09e3-40dd-8d35-29195b7f88c9" 200 357 "GET http://172.18.0.2:8080/v1/AUTH_31323bd5b14c4aefa306e9efd9a95011/gnocchi.9da650bb-09e3-40dd-8d35-29195b7f88c9?format=json&states=listing" "txfb9b00218c0c4d87940d8-0069242e5e" "proxy-server 20" 0.0067 "-" 19 0
Nov 24 10:07:26 standalone proxy-server[129224]: 172.18.0.2 172.18.0.100 24/Nov/2025/10/07/26 GET /v1/AUTH_31323bd5b14c4aefa306e9efd9a95011/gnocchi.9da650bb-09e3-40dd-8d35-29195b7f88c9%3Fformat%3Djson%26states%3Dlisting HTTP/1.0 200 - python-swiftclient-3.11.1 gAAAAABpJC3WgXjV... - 357 - txfb9b00218c0c4d87940d8-0069242e5e - 0.0141 - - 1763978846.093115330 1763978846.107209206 0
Nov 24 10:07:26 standalone container-server[127015]: 172.20.0.100 - - [24/Nov/2025:10:07:26 +0000] "GET /d1/486/AUTH_31323bd5b14c4aefa306e9efd9a95011/gnocchi.9da650bb-09e3-40dd-8d35-29195b7f88c9" 200 2 "GET http://172.18.0.2:8080/v1/AUTH_31323bd5b14c4aefa306e9efd9a95011/gnocchi.9da650bb-09e3-40dd-8d35-29195b7f88c9?format=json&marker=none_v3&states=listing" "tx0de1a5581af54dc59c10e-0069242e5e" "proxy-server 20" 0.0020 "-" 22 0
Nov 24 10:07:26 standalone proxy-server[129224]: 172.18.0.2 172.18.0.100 24/Nov/2025/10/07/26 GET /v1/AUTH_31323bd5b14c4aefa306e9efd9a95011/gnocchi.9da650bb-09e3-40dd-8d35-29195b7f88c9%3Fformat%3Djson%26marker%3Dnone_v3%26states%3Dlisting HTTP/1.0 200 - python-swiftclient-3.11.1 gAAAAABpJC3WgXjV... - 2 - tx0de1a5581af54dc59c10e-0069242e5e - 0.0071 - - 1763978846.110263586 1763978846.117326260 0
Nov 24 10:07:26 standalone object-server[127393]: 172.20.0.100 - - [24/Nov/2025:10:07:26 +0000] "GET /d1/743/AUTH_31323bd5b14c4aefa306e9efd9a95011/gnocchi.9da650bb-09e3-40dd-8d35-29195b7f88c9/1763640000.0_mean_300.0_v3" 200 16 "GET http://172.18.0.2:8080/v1/AUTH_31323bd5b14c4aefa306e9efd9a95011/gnocchi.9da650bb-09e3-40dd-8d35-29195b7f88c9/1763640000.0_mean_300.0_v3" "tx1b81a00149934549a75f0-0069242e5e" "proxy-server 20" 0.0008 "-" 23 0
Nov 24 10:07:26 standalone proxy-server[129224]: 172.18.0.2 172.18.0.100 24/Nov/2025/10/07/26 GET /v1/AUTH_31323bd5b14c4aefa306e9efd9a95011/gnocchi.9da650bb-09e3-40dd-8d35-29195b7f88c9/1763640000.0_mean_300.0_v3 HTTP/1.0 200 - python-swiftclient-3.11.1 gAAAAABpJC3WgXjV... - 16 - tx1b81a00149934549a75f0-0069242e5e - 0.0060 - - 1763978846.122565985 1763978846.128566027 0
Nov 24 10:07:26 standalone container-server[127016]: 172.20.0.100 - - [24/Nov/2025:10:07:26 +0000] "PUT /d1/486/AUTH_31323bd5b14c4aefa306e9efd9a95011/gnocchi.9da650bb-09e3-40dd-8d35-29195b7f88c9/1763640000.0_mean_300.0_v3" 201 - "PUT http://172.18.0.2:8080/d1/743/AUTH_31323bd5b14c4aefa306e9efd9a95011/gnocchi.9da650bb-09e3-40dd-8d35-29195b7f88c9/1763640000.0_mean_300.0_v3" "tx88f3cd3dd2ea465eabcc6-0069242e5e" "object-server 24" 0.0004 "-" 23 0
Nov 24 10:07:26 standalone object-server[127394]: 172.20.0.100 - - [24/Nov/2025:10:07:26 +0000] "PUT /d1/743/AUTH_31323bd5b14c4aefa306e9efd9a95011/gnocchi.9da650bb-09e3-40dd-8d35-29195b7f88c9/1763640000.0_mean_300.0_v3" 201 - "PUT http://172.18.0.2:8080/v1/AUTH_31323bd5b14c4aefa306e9efd9a95011/gnocchi.9da650bb-09e3-40dd-8d35-29195b7f88c9/1763640000.0_mean_300.0_v3" "tx88f3cd3dd2ea465eabcc6-0069242e5e" "proxy-server 20" 0.0084 "-" 24 0
Nov 24 10:07:26 standalone proxy-server[129224]: 172.18.0.2 172.18.0.100 24/Nov/2025/10/07/26 PUT /v1/AUTH_31323bd5b14c4aefa306e9efd9a95011/gnocchi.9da650bb-09e3-40dd-8d35-29195b7f88c9/1763640000.0_mean_300.0_v3 HTTP/1.0 201 - python-swiftclient-3.11.1 gAAAAABpJC3WgXjV... 16 - - tx88f3cd3dd2ea465eabcc6-0069242e5e - 0.0128 - - 1763978846.130647659 1763978846.143463135 0
Nov 24 10:07:26 standalone container-server[127016]: 172.20.0.100 - - [24/Nov/2025:10:07:26 +0000] "PUT /d1/486/AUTH_31323bd5b14c4aefa306e9efd9a95011/gnocchi.9da650bb-09e3-40dd-8d35-29195b7f88c9/none_v3" 201 - "PUT http://172.18.0.2:8080/d1/549/AUTH_31323bd5b14c4aefa306e9efd9a95011/gnocchi.9da650bb-09e3-40dd-8d35-29195b7f88c9/none_v3" "tx1e4d30a3a67d48a5b2fea-0069242e5e" "object-server 23" 0.0005 "-" 23 0
Nov 24 10:07:26 standalone object-server[127393]: 172.20.0.100 - - [24/Nov/2025:10:07:26 +0000] "PUT /d1/549/AUTH_31323bd5b14c4aefa306e9efd9a95011/gnocchi.9da650bb-09e3-40dd-8d35-29195b7f88c9/none_v3" 201 - "PUT http://172.18.0.2:8080/v1/AUTH_31323bd5b14c4aefa306e9efd9a95011/gnocchi.9da650bb-09e3-40dd-8d35-29195b7f88c9/none_v3" "tx1e4d30a3a67d48a5b2fea-0069242e5e" "proxy-server 20" 0.0079 "-" 23 0
Nov 24 10:07:26 standalone proxy-server[129224]: 172.18.0.2 172.18.0.100 24/Nov/2025/10/07/26 PUT /v1/AUTH_31323bd5b14c4aefa306e9efd9a95011/gnocchi.9da650bb-09e3-40dd-8d35-29195b7f88c9/none_v3 HTTP/1.0 201 - python-swiftclient-3.11.1 gAAAAABpJC3WgXjV... 46 - - tx1e4d30a3a67d48a5b2fea-0069242e5e - 0.0124 - - 1763978846.145522594 1763978846.157891989 0
Nov 24 10:07:26 standalone object-server[127395]: 172.20.0.100 - - [24/Nov/2025:10:07:26 +0000] "GET /d1/549/AUTH_31323bd5b14c4aefa306e9efd9a95011/gnocchi.9da650bb-09e3-40dd-8d35-29195b7f88c9/none_v3" 200 46 "GET http://172.18.0.2:8080/v1/AUTH_31323bd5b14c4aefa306e9efd9a95011/gnocchi.9da650bb-09e3-40dd-8d35-29195b7f88c9/none_v3" "txfecbc954ec234741aa8ae-0069242e5e" "proxy-server 20" 0.0015 "-" 25 0
Nov 24 10:07:26 standalone proxy-server[129224]: 172.18.0.2 172.18.0.100 24/Nov/2025/10/07/26 GET /v1/AUTH_31323bd5b14c4aefa306e9efd9a95011/gnocchi.9da650bb-09e3-40dd-8d35-29195b7f88c9/none_v3 HTTP/1.0 200 - python-swiftclient-3.11.1 gAAAAABpJC3WgXjV... - 46 - txfecbc954ec234741aa8ae-0069242e5e - 0.0088 - - 1763978846.668342590 1763978846.677157402 0
Nov 24 10:07:26 standalone container-server[127016]: 172.20.0.100 - - [24/Nov/2025:10:07:26 +0000] "GET /d1/486/AUTH_31323bd5b14c4aefa306e9efd9a95011/gnocchi.9da650bb-09e3-40dd-8d35-29195b7f88c9" 200 357 "GET http://172.18.0.2:8080/v1/AUTH_31323bd5b14c4aefa306e9efd9a95011/gnocchi.9da650bb-09e3-40dd-8d35-29195b7f88c9?format=json&states=listing" "tx88403258ddbe43ee8fca7-0069242e5e" "proxy-server 20" 0.0089 "-" 23 0
Nov 24 10:07:26 standalone proxy-server[129224]: 172.18.0.2 172.18.0.100 24/Nov/2025/10/07/26 GET /v1/AUTH_31323bd5b14c4aefa306e9efd9a95011/gnocchi.9da650bb-09e3-40dd-8d35-29195b7f88c9%3Fformat%3Djson%26states%3Dlisting HTTP/1.0 200 - python-swiftclient-3.11.1 gAAAAABpJC3WgXjV... - 357 - tx88403258ddbe43ee8fca7-0069242e5e - 0.0161 - - 1763978846.680463314 1763978846.696557283 0
Nov 24 10:07:26 standalone container-server[127008]: 172.20.0.100 - - [24/Nov/2025:10:07:26 +0000] "GET /d1/486/AUTH_31323bd5b14c4aefa306e9efd9a95011/gnocchi.9da650bb-09e3-40dd-8d35-29195b7f88c9" 200 2 "GET http://172.18.0.2:8080/v1/AUTH_31323bd5b14c4aefa306e9efd9a95011/gnocchi.9da650bb-09e3-40dd-8d35-29195b7f88c9?format=json&marker=none_v3&states=listing" "txec745c31443c4ecfad14e-0069242e5e" "proxy-server 20" 0.0018 "-" 19 0
Nov 24 10:07:26 standalone proxy-server[129224]: 172.18.0.2 172.18.0.100 24/Nov/2025/10/07/26 GET /v1/AUTH_31323bd5b14c4aefa306e9efd9a95011/gnocchi.9da650bb-09e3-40dd-8d35-29195b7f88c9%3Fformat%3Djson%26marker%3Dnone_v3%26states%3Dlisting HTTP/1.0 200 - python-swiftclient-3.11.1 gAAAAABpJC3WgXjV... - 2 - txec745c31443c4ecfad14e-0069242e5e - 0.0079 - - 1763978846.698844194 1763978846.706750393 0
Nov 24 10:07:26 standalone object-server[127393]: 172.20.0.100 - - [24/Nov/2025:10:07:26 +0000] "GET /d1/743/AUTH_31323bd5b14c4aefa306e9efd9a95011/gnocchi.9da650bb-09e3-40dd-8d35-29195b7f88c9/1763640000.0_mean_300.0_v3" 200 16 "GET http://172.18.0.2:8080/v1/AUTH_31323bd5b14c4aefa306e9efd9a95011/gnocchi.9da650bb-09e3-40dd-8d35-29195b7f88c9/1763640000.0_mean_300.0_v3" "txb7abecbeea1948459fb44-0069242e5e" "proxy-server 20" 0.0008 "-" 23 0
Nov 24 10:07:26 standalone proxy-server[129224]: 172.18.0.2 172.18.0.100 24/Nov/2025/10/07/26 GET /v1/AUTH_31323bd5b14c4aefa306e9efd9a95011/gnocchi.9da650bb-09e3-40dd-8d35-29195b7f88c9/1763640000.0_mean_300.0_v3 HTTP/1.0 200 - python-swiftclient-3.11.1 gAAAAABpJC3WgXjV... - 16 - txb7abecbeea1948459fb44-0069242e5e - 0.0084 - - 1763978846.709565401 1763978846.717935562 0
Nov 24 10:07:26 standalone container-server[127016]: 172.20.0.100 - - [24/Nov/2025:10:07:26 +0000] "PUT /d1/486/AUTH_31323bd5b14c4aefa306e9efd9a95011/gnocchi.9da650bb-09e3-40dd-8d35-29195b7f88c9/1763640000.0_mean_300.0_v3" 201 - "PUT http://172.18.0.2:8080/d1/743/AUTH_31323bd5b14c4aefa306e9efd9a95011/gnocchi.9da650bb-09e3-40dd-8d35-29195b7f88c9/1763640000.0_mean_300.0_v3" "tx05c800fb4ec44c5c9929b-0069242e5e" "object-server 25" 0.0012 "-" 23 0
Nov 24 10:07:26 standalone object-server[127395]: 172.20.0.100 - - [24/Nov/2025:10:07:26 +0000] "PUT /d1/743/AUTH_31323bd5b14c4aefa306e9efd9a95011/gnocchi.9da650bb-09e3-40dd-8d35-29195b7f88c9/1763640000.0_mean_300.0_v3" 201 - "PUT http://172.18.0.2:8080/v1/AUTH_31323bd5b14c4aefa306e9efd9a95011/gnocchi.9da650bb-09e3-40dd-8d35-29195b7f88c9/1763640000.0_mean_300.0_v3" "tx05c800fb4ec44c5c9929b-0069242e5e" "proxy-server 20" 0.0113 "-" 25 0
Nov 24 10:07:26 standalone proxy-server[129224]: 172.18.0.2 172.18.0.100 24/Nov/2025/10/07/26 PUT /v1/AUTH_31323bd5b14c4aefa306e9efd9a95011/gnocchi.9da650bb-09e3-40dd-8d35-29195b7f88c9/1763640000.0_mean_300.0_v3 HTTP/1.0 201 - python-swiftclient-3.11.1 gAAAAABpJC3WgXjV... 16 - - tx05c800fb4ec44c5c9929b-0069242e5e - 0.0191 - - 1763978846.720221996 1763978846.739367962 0
Nov 24 10:07:26 standalone container-server[127015]: 172.20.0.100 - - [24/Nov/2025:10:07:26 +0000] "PUT /d1/486/AUTH_31323bd5b14c4aefa306e9efd9a95011/gnocchi.9da650bb-09e3-40dd-8d35-29195b7f88c9/none_v3" 201 - "PUT http://172.18.0.2:8080/d1/549/AUTH_31323bd5b14c4aefa306e9efd9a95011/gnocchi.9da650bb-09e3-40dd-8d35-29195b7f88c9/none_v3" "tx29db6c02964449cca9a1f-0069242e5e" "object-server 23" 0.0006 "-" 22 0
Nov 24 10:07:26 standalone object-server[127393]: 172.20.0.100 - - [24/Nov/2025:10:07:26 +0000] "PUT /d1/549/AUTH_31323bd5b14c4aefa306e9efd9a95011/gnocchi.9da650bb-09e3-40dd-8d35-29195b7f88c9/none_v3" 201 - "PUT http://172.18.0.2:8080/v1/AUTH_31323bd5b14c4aefa306e9efd9a95011/gnocchi.9da650bb-09e3-40dd-8d35-29195b7f88c9/none_v3" "tx29db6c02964449cca9a1f-0069242e5e" "proxy-server 20" 0.0127 "-" 23 0
Nov 24 10:07:26 standalone proxy-server[129224]: 172.18.0.2 172.18.0.100 24/Nov/2025/10/07/26 PUT /v1/AUTH_31323bd5b14c4aefa306e9efd9a95011/gnocchi.9da650bb-09e3-40dd-8d35-29195b7f88c9/none_v3 HTTP/1.0 201 - python-swiftclient-3.11.1 gAAAAABpJC3WgXjV... 51 - - tx29db6c02964449cca9a1f-0069242e5e - 0.0210 - - 1763978846.742442131 1763978846.763399601 0
Nov 24 10:07:29 standalone container-server[127008]: 172.20.0.100 - - [24/Nov/2025:10:07:29 +0000] "HEAD /d1/774/AUTH_31323bd5b14c4aefa306e9efd9a95011/gnocchi.0e3473ee-d629-422c-ac8a-c7893b5889d9" 404 - "HEAD http://172.18.0.2:8080/v1/AUTH_31323bd5b14c4aefa306e9efd9a95011/gnocchi.0e3473ee-d629-422c-ac8a-c7893b5889d9?format=json&states=listing" "txccc82eaf5fb74bb9ae454-0069242e61" "proxy-server 20" 0.0008 "-" 19 0
Nov 24 10:07:29 standalone object-server[127394]: 172.20.0.100 - - [24/Nov/2025:10:07:29 +0000] "GET /d1/998/AUTH_31323bd5b14c4aefa306e9efd9a95011/gnocchi.0e3473ee-d629-422c-ac8a-c7893b5889d9/none_v3" 404 70 "GET http://172.18.0.2:8080/v1/AUTH_31323bd5b14c4aefa306e9efd9a95011/gnocchi.0e3473ee-d629-422c-ac8a-c7893b5889d9/none_v3" "txccc82eaf5fb74bb9ae454-0069242e61" "proxy-server 20" 0.0006 "-" 24 0
Nov 24 10:07:29 standalone proxy-server[129224]: 172.18.0.2 172.18.0.100 24/Nov/2025/10/07/29 GET /v1/AUTH_31323bd5b14c4aefa306e9efd9a95011/gnocchi.0e3473ee-d629-422c-ac8a-c7893b5889d9/none_v3 HTTP/1.0 404 - python-swiftclient-3.11.1 gAAAAABpJC3WgXjV... - 70 - txccc82eaf5fb74bb9ae454-0069242e61 - 0.0131 - - 1763978849.692585945 1763978849.705650091 0
Nov 24 10:07:29 standalone account-server[126944]: 172.20.0.100 - - [24/Nov/2025:10:07:29 +0000] "PUT /d1/93/AUTH_31323bd5b14c4aefa306e9efd9a95011/gnocchi.0e3473ee-d629-422c-ac8a-c7893b5889d9" 201 - "PUT http://172.20.0.100:6001/d1/774/AUTH_31323bd5b14c4aefa306e9efd9a95011/gnocchi.0e3473ee-d629-422c-ac8a-c7893b5889d9" "tx39aced1f0e324a2f9deaf-0069242e61" "container-server 19" 0.0017 "-" 23 0
Nov 24 10:07:29 standalone container-server[127008]: 172.20.0.100 - - [24/Nov/2025:10:07:29 +0000] "PUT /d1/774/AUTH_31323bd5b14c4aefa306e9efd9a95011/gnocchi.0e3473ee-d629-422c-ac8a-c7893b5889d9" 201 - "PUT http://172.18.0.2:8080/v1/AUTH_31323bd5b14c4aefa306e9efd9a95011/gnocchi.0e3473ee-d629-422c-ac8a-c7893b5889d9" "tx39aced1f0e324a2f9deaf-0069242e61" "proxy-server 20" 0.0166 "-" 19 0
Nov 24 10:07:29 standalone proxy-server[129224]: 172.18.0.2 172.18.0.100 24/Nov/2025/10/07/29 PUT /v1/AUTH_31323bd5b14c4aefa306e9efd9a95011/gnocchi.0e3473ee-d629-422c-ac8a-c7893b5889d9 HTTP/1.0 201 - python-swiftclient-3.11.1 gAAAAABpJC3WgXjV... - - - tx39aced1f0e324a2f9deaf-0069242e61 - 0.0223 - - 1763978849.709422350 1763978849.731759787 0
Nov 24 10:07:29 standalone container-server[127013]: 172.20.0.100 - - [24/Nov/2025:10:07:29 +0000] "HEAD /d1/774/AUTH_31323bd5b14c4aefa306e9efd9a95011/gnocchi.0e3473ee-d629-422c-ac8a-c7893b5889d9" 204 - "HEAD http://172.18.0.2:8080/v1/AUTH_31323bd5b14c4aefa306e9efd9a95011/gnocchi.0e3473ee-d629-422c-ac8a-c7893b5889d9?format=json&states=listing" "tx3e9cc56bdc4845b2af306-0069242e61" "proxy-server 20" 0.0017 "-" 20 0
Nov 24 10:07:29 standalone proxy-server[129224]: - - 24/Nov/2025/10/07/29 HEAD /v1/AUTH_31323bd5b14c4aefa306e9efd9a95011/gnocchi.0e3473ee-d629-422c-ac8a-c7893b5889d9%3Fformat%3Djson%26states%3Dlisting HTTP/1.0 204 - Swift - - - - tx3e9cc56bdc4845b2af306-0069242e61 - 0.0067 RL - 1763978849.738008022 1763978849.744668007 0
Nov 24 10:07:29 standalone container-server[127013]: 172.20.0.100 - - [24/Nov/2025:10:07:29 +0000] "GET /d1/774/AUTH_31323bd5b14c4aefa306e9efd9a95011/gnocchi.0e3473ee-d629-422c-ac8a-c7893b5889d9" 200 2 "GET http://172.18.0.2:8080/v1/AUTH_31323bd5b14c4aefa306e9efd9a95011/gnocchi.0e3473ee-d629-422c-ac8a-c7893b5889d9?format=json&states=listing" "tx3e9cc56bdc4845b2af306-0069242e61" "proxy-server 20" 0.0024 "-" 20 0
Nov 24 10:07:29 standalone proxy-server[129224]: 172.18.0.2 172.18.0.100 24/Nov/2025/10/07/29 GET /v1/AUTH_31323bd5b14c4aefa306e9efd9a95011/gnocchi.0e3473ee-d629-422c-ac8a-c7893b5889d9%3Fformat%3Djson%26states%3Dlisting HTTP/1.0 200 - python-swiftclient-3.11.1 gAAAAABpJC3WgXjV... - 2 - tx3e9cc56bdc4845b2af306-0069242e61 - 0.0190 - - 1763978849.736447573 1763978849.755488157 0
Nov 24 10:07:29 standalone object-server[127393]: 172.20.0.100 - - [24/Nov/2025:10:07:29 +0000] "GET /d1/994/AUTH_31323bd5b14c4aefa306e9efd9a95011/gnocchi.0e3473ee-d629-422c-ac8a-c7893b5889d9/1763640000.0_mean_300.0_v3" 404 70 "GET http://172.18.0.2:8080/v1/AUTH_31323bd5b14c4aefa306e9efd9a95011/gnocchi.0e3473ee-d629-422c-ac8a-c7893b5889d9/1763640000.0_mean_300.0_v3" "tx9a3307cf2299405986df4-0069242e61" "proxy-server 20" 0.0003 "-" 23 0
Nov 24 10:07:29 standalone proxy-server[129224]: 172.18.0.2 172.18.0.100 24/Nov/2025/10/07/29 GET /v1/AUTH_31323bd5b14c4aefa306e9efd9a95011/gnocchi.0e3473ee-d629-422c-ac8a-c7893b5889d9/1763640000.0_mean_300.0_v3 HTTP/1.0 404 - python-swiftclient-3.11.1 gAAAAABpJC3WgXjV... - 70 - tx9a3307cf2299405986df4-0069242e61 - 0.0067 - - 1763978849.760263920 1763978849.767007351 0
Nov 24 10:07:29 standalone container-server[127015]: 172.20.0.100 - - [24/Nov/2025:10:07:29 +0000] "PUT /d1/774/AUTH_31323bd5b14c4aefa306e9efd9a95011/gnocchi.0e3473ee-d629-422c-ac8a-c7893b5889d9/1763640000.0_mean_300.0_v3" 201 - "PUT http://172.18.0.2:8080/d1/994/AUTH_31323bd5b14c4aefa306e9efd9a95011/gnocchi.0e3473ee-d629-422c-ac8a-c7893b5889d9/1763640000.0_mean_300.0_v3" "tx786baf7d98014892a942e-0069242e61" "object-server 24" 0.0006 "-" 22 0
Nov 24 10:07:29 standalone object-server[127394]: 172.20.0.100 - - [24/Nov/2025:10:07:29 +0000] "PUT /d1/994/AUTH_31323bd5b14c4aefa306e9efd9a95011/gnocchi.0e3473ee-d629-422c-ac8a-c7893b5889d9/1763640000.0_mean_300.0_v3" 201 - "PUT http://172.18.0.2:8080/v1/AUTH_31323bd5b14c4aefa306e9efd9a95011/gnocchi.0e3473ee-d629-422c-ac8a-c7893b5889d9/1763640000.0_mean_300.0_v3" "tx786baf7d98014892a942e-0069242e61" "proxy-server 20" 0.0115 "-" 24 0
Nov 24 10:07:29 standalone proxy-server[129224]: 172.18.0.2 172.18.0.100 24/Nov/2025/10/07/29 PUT /v1/AUTH_31323bd5b14c4aefa306e9efd9a95011/gnocchi.0e3473ee-d629-422c-ac8a-c7893b5889d9/1763640000.0_mean_300.0_v3 HTTP/1.0 201 - python-swiftclient-3.11.1 gAAAAABpJC3WgXjV... 16 - - tx786baf7d98014892a942e-0069242e61 - 0.0177 - - 1763978849.771634102 1763978849.789379120 0
Nov 24 10:07:29 standalone container-server[127013]: 172.20.0.100 - - [24/Nov/2025:10:07:29 +0000] "PUT /d1/774/AUTH_31323bd5b14c4aefa306e9efd9a95011/gnocchi.0e3473ee-d629-422c-ac8a-c7893b5889d9/none_v3" 201 - "PUT http://172.18.0.2:8080/d1/998/AUTH_31323bd5b14c4aefa306e9efd9a95011/gnocchi.0e3473ee-d629-422c-ac8a-c7893b5889d9/none_v3" "tx3670e57a86bb408daf01c-0069242e61" "object-server 23" 0.0005 "-" 20 0
Nov 24 10:07:29 standalone object-server[127393]: 172.20.0.100 - - [24/Nov/2025:10:07:29 +0000] "PUT /d1/998/AUTH_31323bd5b14c4aefa306e9efd9a95011/gnocchi.0e3473ee-d629-422c-ac8a-c7893b5889d9/none_v3" 201 - "PUT http://172.18.0.2:8080/v1/AUTH_31323bd5b14c4aefa306e9efd9a95011/gnocchi.0e3473ee-d629-422c-ac8a-c7893b5889d9/none_v3" "tx3670e57a86bb408daf01c-0069242e61" "proxy-server 20" 0.0105 "-" 23 0
Nov 24 10:07:29 standalone proxy-server[129224]: 172.18.0.2 172.18.0.100 24/Nov/2025/10/07/29 PUT /v1/AUTH_31323bd5b14c4aefa306e9efd9a95011/gnocchi.0e3473ee-d629-422c-ac8a-c7893b5889d9/none_v3 HTTP/1.0 201 - python-swiftclient-3.11.1 gAAAAABpJC3WgXjV... 22 - - tx3670e57a86bb408daf01c-0069242e61 - 0.0253 - - 1763978849.794777393 1763978849.820067644 0
Nov 24 10:07:29 standalone container-server[127015]: 172.20.0.100 - - [24/Nov/2025:10:07:29 +0000] "HEAD /d1/19/AUTH_31323bd5b14c4aefa306e9efd9a95011/gnocchi.4dc7e0a8-330c-4557-9de5-e81ae64654e7" 404 - "HEAD http://172.18.0.2:8080/v1/AUTH_31323bd5b14c4aefa306e9efd9a95011/gnocchi.4dc7e0a8-330c-4557-9de5-e81ae64654e7?format=json&states=listing" "txb1424636d4664b7ba08f0-0069242e61" "proxy-server 20" 0.0008 "-" 22 0
Nov 24 10:07:29 standalone object-server[127395]: 172.20.0.100 - - [24/Nov/2025:10:07:29 +0000] "GET /d1/797/AUTH_31323bd5b14c4aefa306e9efd9a95011/gnocchi.4dc7e0a8-330c-4557-9de5-e81ae64654e7/none_v3" 404 70 "GET http://172.18.0.2:8080/v1/AUTH_31323bd5b14c4aefa306e9efd9a95011/gnocchi.4dc7e0a8-330c-4557-9de5-e81ae64654e7/none_v3" "txb1424636d4664b7ba08f0-0069242e61" "proxy-server 20" 0.0003 "-" 25 0
Nov 24 10:07:29 standalone proxy-server[129224]: 172.18.0.2 172.18.0.100 24/Nov/2025/10/07/29 GET /v1/AUTH_31323bd5b14c4aefa306e9efd9a95011/gnocchi.4dc7e0a8-330c-4557-9de5-e81ae64654e7/none_v3 HTTP/1.0 404 - python-swiftclient-3.11.1 gAAAAABpJC3WgXjV... - 70 - txb1424636d4664b7ba08f0-0069242e61 - 0.0120 - - 1763978849.840228796 1763978849.852274895 0
Nov 24 10:07:29 standalone account-server[126927]: 172.20.0.100 - - [24/Nov/2025:10:07:29 +0000] "PUT /d1/93/AUTH_31323bd5b14c4aefa306e9efd9a95011/gnocchi.4dc7e0a8-330c-4557-9de5-e81ae64654e7" 201 - "PUT http://172.20.0.100:6001/d1/19/AUTH_31323bd5b14c4aefa306e9efd9a95011/gnocchi.4dc7e0a8-330c-4557-9de5-e81ae64654e7" "tx63a76c3d8e154d11ae27e-0069242e61" "container-server 19" 0.0084 "-" 17 0
Nov 24 10:07:29 standalone container-server[127008]: 172.20.0.100 - - [24/Nov/2025:10:07:29 +0000] "PUT /d1/19/AUTH_31323bd5b14c4aefa306e9efd9a95011/gnocchi.4dc7e0a8-330c-4557-9de5-e81ae64654e7" 201 - "PUT http://172.18.0.2:8080/v1/AUTH_31323bd5b14c4aefa306e9efd9a95011/gnocchi.4dc7e0a8-330c-4557-9de5-e81ae64654e7" "tx63a76c3d8e154d11ae27e-0069242e61" "proxy-server 20" 0.0191 "-" 19 0
Nov 24 10:07:29 standalone proxy-server[129224]: 172.18.0.2 172.18.0.100 24/Nov/2025/10/07/29 PUT /v1/AUTH_31323bd5b14c4aefa306e9efd9a95011/gnocchi.4dc7e0a8-330c-4557-9de5-e81ae64654e7 HTTP/1.0 201 - python-swiftclient-3.11.1 gAAAAABpJC3WgXjV... - - - tx63a76c3d8e154d11ae27e-0069242e61 - 0.0243 - - 1763978849.857648611 1763978849.881987810 0
Nov 24 10:07:29 standalone container-server[127013]: 172.20.0.100 - - [24/Nov/2025:10:07:29 +0000] "HEAD /d1/19/AUTH_31323bd5b14c4aefa306e9efd9a95011/gnocchi.4dc7e0a8-330c-4557-9de5-e81ae64654e7" 204 - "HEAD http://172.18.0.2:8080/v1/AUTH_31323bd5b14c4aefa306e9efd9a95011/gnocchi.4dc7e0a8-330c-4557-9de5-e81ae64654e7?format=json&states=listing" "tx3e0af99fe08b4ade8684f-0069242e61" "proxy-server 20" 0.0017 "-" 20 0
Nov 24 10:07:29 standalone proxy-server[129224]: - - 24/Nov/2025/10/07/29 HEAD /v1/AUTH_31323bd5b14c4aefa306e9efd9a95011/gnocchi.4dc7e0a8-330c-4557-9de5-e81ae64654e7%3Fformat%3Djson%26states%3Dlisting HTTP/1.0 204 - Swift - - - - tx3e0af99fe08b4ade8684f-0069242e61 - 0.0072 RL - 1763978849.890649319 1763978849.897855759 0
Nov 24 10:07:29 standalone container-server[127008]: 172.20.0.100 - - [24/Nov/2025:10:07:29 +0000] "GET /d1/19/AUTH_31323bd5b14c4aefa306e9efd9a95011/gnocchi.4dc7e0a8-330c-4557-9de5-e81ae64654e7" 200 2 "GET http://172.18.0.2:8080/v1/AUTH_31323bd5b14c4aefa306e9efd9a95011/gnocchi.4dc7e0a8-330c-4557-9de5-e81ae64654e7?format=json&states=listing" "tx3e0af99fe08b4ade8684f-0069242e61" "proxy-server 20" 0.0018 "-" 19 0
Nov 24 10:07:29 standalone proxy-server[129224]: 172.18.0.2 172.18.0.100 24/Nov/2025/10/07/29 GET /v1/AUTH_31323bd5b14c4aefa306e9efd9a95011/gnocchi.4dc7e0a8-330c-4557-9de5-e81ae64654e7%3Fformat%3Djson%26states%3Dlisting HTTP/1.0 200 - python-swiftclient-3.11.1 gAAAAABpJC3WgXjV... - 2 - tx3e0af99fe08b4ade8684f-0069242e61 - 0.0231 - - 1763978849.888698339 1763978849.911778212 0
Nov 24 10:07:29 standalone object-server[127395]: 172.20.0.100 - - [24/Nov/2025:10:07:29 +0000] "GET /d1/406/AUTH_31323bd5b14c4aefa306e9efd9a95011/gnocchi.4dc7e0a8-330c-4557-9de5-e81ae64654e7/1763640000.0_mean_300.0_v3" 404 70 "GET http://172.18.0.2:8080/v1/AUTH_31323bd5b14c4aefa306e9efd9a95011/gnocchi.4dc7e0a8-330c-4557-9de5-e81ae64654e7/1763640000.0_mean_300.0_v3" "tx13c1694a964b4845a5ef1-0069242e61" "proxy-server 20" 0.0007 "-" 25 0
Nov 24 10:07:29 standalone proxy-server[129224]: 172.18.0.2 172.18.0.100 24/Nov/2025/10/07/29 GET /v1/AUTH_31323bd5b14c4aefa306e9efd9a95011/gnocchi.4dc7e0a8-330c-4557-9de5-e81ae64654e7/1763640000.0_mean_300.0_v3 HTTP/1.0 404 - python-swiftclient-3.11.1 gAAAAABpJC3WgXjV... - 70 - tx13c1694a964b4845a5ef1-0069242e61 - 0.0150 - - 1763978849.918911934 1763978849.933935165 0
Nov 24 10:07:29 standalone container-server[127013]: 172.20.0.100 - - [24/Nov/2025:10:07:29 +0000] "PUT /d1/19/AUTH_31323bd5b14c4aefa306e9efd9a95011/gnocchi.4dc7e0a8-330c-4557-9de5-e81ae64654e7/1763640000.0_mean_300.0_v3" 201 - "PUT http://172.18.0.2:8080/d1/406/AUTH_31323bd5b14c4aefa306e9efd9a95011/gnocchi.4dc7e0a8-330c-4557-9de5-e81ae64654e7/1763640000.0_mean_300.0_v3" "txf413767de51d4920aa570-0069242e61" "object-server 23" 0.0006 "-" 20 0
Nov 24 10:07:29 standalone object-server[127393]: 172.20.0.100 - - [24/Nov/2025:10:07:29 +0000] "PUT /d1/406/AUTH_31323bd5b14c4aefa306e9efd9a95011/gnocchi.4dc7e0a8-330c-4557-9de5-e81ae64654e7/1763640000.0_mean_300.0_v3" 201 - "PUT http://172.18.0.2:8080/v1/AUTH_31323bd5b14c4aefa306e9efd9a95011/gnocchi.4dc7e0a8-330c-4557-9de5-e81ae64654e7/1763640000.0_mean_300.0_v3" "txf413767de51d4920aa570-0069242e61" "proxy-server 20" 0.0098 "-" 23 0
Nov 24 10:07:29 standalone proxy-server[129224]: 172.18.0.2 172.18.0.100 24/Nov/2025/10/07/29 PUT /v1/AUTH_31323bd5b14c4aefa306e9efd9a95011/gnocchi.4dc7e0a8-330c-4557-9de5-e81ae64654e7/1763640000.0_mean_300.0_v3 HTTP/1.0 201 - python-swiftclient-3.11.1 gAAAAABpJC3WgXjV... 16 - - txf413767de51d4920aa570-0069242e61 - 0.0158 - - 1763978849.940606833 1763978849.956452370 0
Nov 24 10:07:29 standalone container-server[127008]: 172.20.0.100 - - [24/Nov/2025:10:07:29 +0000] "PUT /d1/19/AUTH_31323bd5b14c4aefa306e9efd9a95011/gnocchi.4dc7e0a8-330c-4557-9de5-e81ae64654e7/none_v3" 201 - "PUT http://172.18.0.2:8080/d1/797/AUTH_31323bd5b14c4aefa306e9efd9a95011/gnocchi.4dc7e0a8-330c-4557-9de5-e81ae64654e7/none_v3" "tx5da31a5ee45b48c38d4fa-0069242e61" "object-server 25" 0.0005 "-" 19 0
Nov 24 10:07:29 standalone object-server[127395]: 172.20.0.100 - - [24/Nov/2025:10:07:29 +0000] "PUT /d1/797/AUTH_31323bd5b14c4aefa306e9efd9a95011/gnocchi.4dc7e0a8-330c-4557-9de5-e81ae64654e7/none_v3" 201 - "PUT http://172.18.0.2:8080/v1/AUTH_31323bd5b14c4aefa306e9efd9a95011/gnocchi.4dc7e0a8-330c-4557-9de5-e81ae64654e7/none_v3" "tx5da31a5ee45b48c38d4fa-0069242e61" "proxy-server 20" 0.0078 "-" 25 0
Nov 24 10:07:29 standalone proxy-server[129224]: 172.18.0.2 172.18.0.100 24/Nov/2025/10/07/29 PUT /v1/AUTH_31323bd5b14c4aefa306e9efd9a95011/gnocchi.4dc7e0a8-330c-4557-9de5-e81ae64654e7/none_v3 HTTP/1.0 201 - python-swiftclient-3.11.1 gAAAAABpJC3WgXjV... 22 - - tx5da31a5ee45b48c38d4fa-0069242e61 - 0.0139 - - 1763978849.960747242 1763978849.974662542 0
Nov 24 10:07:30 standalone container-server[127013]: 172.20.0.100 - - [24/Nov/2025:10:07:30 +0000] "HEAD /d1/18/AUTH_31323bd5b14c4aefa306e9efd9a95011/gnocchi.2c4ee5bc-5a2e-4e32-8a7a-980826b19891" 404 - "HEAD http://172.18.0.2:8080/v1/AUTH_31323bd5b14c4aefa306e9efd9a95011/gnocchi.2c4ee5bc-5a2e-4e32-8a7a-980826b19891?format=json&states=listing" "txd09b5ebcaa554f0a88f1d-0069242e61" "proxy-server 20" 0.0006 "-" 20 0
Nov 24 10:07:30 standalone object-server[127395]: 172.20.0.100 - - [24/Nov/2025:10:07:30 +0000] "GET /d1/495/AUTH_31323bd5b14c4aefa306e9efd9a95011/gnocchi.2c4ee5bc-5a2e-4e32-8a7a-980826b19891/none_v3" 404 70 "GET http://172.18.0.2:8080/v1/AUTH_31323bd5b14c4aefa306e9efd9a95011/gnocchi.2c4ee5bc-5a2e-4e32-8a7a-980826b19891/none_v3" "txd09b5ebcaa554f0a88f1d-0069242e61" "proxy-server 20" 0.0005 "-" 25 0
Nov 24 10:07:30 standalone proxy-server[129224]: 172.18.0.2 172.18.0.100 24/Nov/2025/10/07/30 GET /v1/AUTH_31323bd5b14c4aefa306e9efd9a95011/gnocchi.2c4ee5bc-5a2e-4e32-8a7a-980826b19891/none_v3 HTTP/1.0 404 - python-swiftclient-3.11.1 gAAAAABpJC3WgXjV... - 70 - txd09b5ebcaa554f0a88f1d-0069242e61 - 0.0143 - - 1763978849.995440483 1763978850.009761810 0
Nov 24 10:07:30 standalone account-server[126930]: 172.20.0.100 - - [24/Nov/2025:10:07:30 +0000] "PUT /d1/93/AUTH_31323bd5b14c4aefa306e9efd9a95011/gnocchi.2c4ee5bc-5a2e-4e32-8a7a-980826b19891" 201 - "PUT http://172.20.0.100:6001/d1/18/AUTH_31323bd5b14c4aefa306e9efd9a95011/gnocchi.2c4ee5bc-5a2e-4e32-8a7a-980826b19891" "tx96b681c2902e488db889d-0069242e62" "container-server 22" 0.0051 "-" 20 0
Nov 24 10:07:30 standalone container-server[127015]: 172.20.0.100 - - [24/Nov/2025:10:07:30 +0000] "PUT /d1/18/AUTH_31323bd5b14c4aefa306e9efd9a95011/gnocchi.2c4ee5bc-5a2e-4e32-8a7a-980826b19891" 201 - "PUT http://172.18.0.2:8080/v1/AUTH_31323bd5b14c4aefa306e9efd9a95011/gnocchi.2c4ee5bc-5a2e-4e32-8a7a-980826b19891" "tx96b681c2902e488db889d-0069242e62" "proxy-server 20" 0.0160 "-" 22 0
Nov 24 10:07:30 standalone proxy-server[129224]: 172.18.0.2 172.18.0.100 24/Nov/2025/10/07/30 PUT /v1/AUTH_31323bd5b14c4aefa306e9efd9a95011/gnocchi.2c4ee5bc-5a2e-4e32-8a7a-980826b19891 HTTP/1.0 201 - python-swiftclient-3.11.1 gAAAAABpJC3WgXjV... - - - tx96b681c2902e488db889d-0069242e62 - 0.0239 - - 1763978850.019008398 1763978850.042871952 0
Nov 24 10:07:30 standalone container-server[127013]: 172.20.0.100 - - [24/Nov/2025:10:07:30 +0000] "HEAD /d1/18/AUTH_31323bd5b14c4aefa306e9efd9a95011/gnocchi.2c4ee5bc-5a2e-4e32-8a7a-980826b19891" 204 - "HEAD http://172.18.0.2:8080/v1/AUTH_31323bd5b14c4aefa306e9efd9a95011/gnocchi.2c4ee5bc-5a2e-4e32-8a7a-980826b19891?format=json&states=listing" "txb55a04fa8564499bb363d-0069242e62" "proxy-server 20" 0.0019 "-" 20 0
Nov 24 10:07:30 standalone proxy-server[129224]: - - 24/Nov/2025/10/07/30 HEAD /v1/AUTH_31323bd5b14c4aefa306e9efd9a95011/gnocchi.2c4ee5bc-5a2e-4e32-8a7a-980826b19891%3Fformat%3Djson%26states%3Dlisting HTTP/1.0 204 - Swift - - - - txb55a04fa8564499bb363d-0069242e62 - 0.0051 RL - 1763978850.049523115 1763978850.054654121 0
Nov 24 10:07:30 standalone container-server[127008]: 172.20.0.100 - - [24/Nov/2025:10:07:30 +0000] "GET /d1/18/AUTH_31323bd5b14c4aefa306e9efd9a95011/gnocchi.2c4ee5bc-5a2e-4e32-8a7a-980826b19891" 200 2 "GET http://172.18.0.2:8080/v1/AUTH_31323bd5b14c4aefa306e9efd9a95011/gnocchi.2c4ee5bc-5a2e-4e32-8a7a-980826b19891?format=json&states=listing" "txb55a04fa8564499bb363d-0069242e62" "proxy-server 20" 0.0019 "-" 19 0
Nov 24 10:07:30 standalone proxy-server[129224]: 172.18.0.2 172.18.0.100 24/Nov/2025/10/07/30 GET /v1/AUTH_31323bd5b14c4aefa306e9efd9a95011/gnocchi.2c4ee5bc-5a2e-4e32-8a7a-980826b19891%3Fformat%3Djson%26states%3Dlisting HTTP/1.0 200 - python-swiftclient-3.11.1 gAAAAABpJC3WgXjV... - 2 - txb55a04fa8564499bb363d-0069242e62 - 0.0137 - - 1763978850.048496962 1763978850.062225580 0
Nov 24 10:07:30 standalone object-server[127395]: 172.20.0.100 - - [24/Nov/2025:10:07:30 +0000] "GET /d1/614/AUTH_31323bd5b14c4aefa306e9efd9a95011/gnocchi.2c4ee5bc-5a2e-4e32-8a7a-980826b19891/1763640000.0_mean_300.0_v3" 404 70 "GET http://172.18.0.2:8080/v1/AUTH_31323bd5b14c4aefa306e9efd9a95011/gnocchi.2c4ee5bc-5a2e-4e32-8a7a-980826b19891/1763640000.0_mean_300.0_v3" "tx02625963e107457992fd4-0069242e62" "proxy-server 20" 0.0003 "-" 25 0
Nov 24 10:07:30 standalone proxy-server[129224]: 172.18.0.2 172.18.0.100 24/Nov/2025/10/07/30 GET /v1/AUTH_31323bd5b14c4aefa306e9efd9a95011/gnocchi.2c4ee5bc-5a2e-4e32-8a7a-980826b19891/1763640000.0_mean_300.0_v3 HTTP/1.0 404 - python-swiftclient-3.11.1 gAAAAABpJC3WgXjV... - 70 - tx02625963e107457992fd4-0069242e62 - 0.0049 - - 1763978850.066944361 1763978850.071872711 0
Nov 24 10:07:30 standalone container-server[127016]: 172.20.0.100 - - [24/Nov/2025:10:07:30 +0000] "PUT /d1/18/AUTH_31323bd5b14c4aefa306e9efd9a95011/gnocchi.2c4ee5bc-5a2e-4e32-8a7a-980826b19891/1763640000.0_mean_300.0_v3" 201 - "PUT http://172.18.0.2:8080/d1/614/AUTH_31323bd5b14c4aefa306e9efd9a95011/gnocchi.2c4ee5bc-5a2e-4e32-8a7a-980826b19891/1763640000.0_mean_300.0_v3" "tx48b17d2d5c7d496094f14-0069242e62" "object-server 23" 0.0008 "-" 23 0
Nov 24 10:07:30 standalone object-server[127393]: 172.20.0.100 - - [24/Nov/2025:10:07:30 +0000] "PUT /d1/614/AUTH_31323bd5b14c4aefa306e9efd9a95011/gnocchi.2c4ee5bc-5a2e-4e32-8a7a-980826b19891/1763640000.0_mean_300.0_v3" 201 - "PUT http://172.18.0.2:8080/v1/AUTH_31323bd5b14c4aefa306e9efd9a95011/gnocchi.2c4ee5bc-5a2e-4e32-8a7a-980826b19891/1763640000.0_mean_300.0_v3" "tx48b17d2d5c7d496094f14-0069242e62" "proxy-server 20" 0.0097 "-" 23 0
