Nov 24 10:06:18 standalone object-server[127390]: 172.20.0.100 - - [24/Nov/2025:10:06:18 +0000] "PUT /d1/702/AUTH_31323bd5b14c4aefa306e9efd9a95011/gnocchi.42322ac7-2e27-4cca-ad72-8fbfa1d36827/1763640000.0_mean_300.0_v3" 201 - "PUT http://172.18.0.2:8080/v1/AUTH_31323bd5b14c4aefa306e9efd9a95011/gnocchi.42322ac7-2e27-4cca-ad72-8fbfa1d36827/1763640000.0_mean_300.0_v3" "tx6d8251124bdb4f94add67-0069242e1a" "proxy-server 20" 0.0128 "-" 22 0
Nov 24 10:06:18 standalone proxy-server[129224]: 172.18.0.2 172.18.0.100 24/Nov/2025/10/06/18 PUT /v1/AUTH_31323bd5b14c4aefa306e9efd9a95011/gnocchi.42322ac7-2e27-4cca-ad72-8fbfa1d36827/1763640000.0_mean_300.0_v3 HTTP/1.0 201 - python-swiftclient-3.11.1 gAAAAABpJC3WgXjV... 16 - - tx6d8251124bdb4f94add67-0069242e1a - 0.0591 - - 1763978778.761250734 1763978778.820400476 0
Nov 24 10:06:18 standalone container-server[127008]: 172.20.0.100 - - [24/Nov/2025:10:06:18 +0000] "PUT /d1/14/AUTH_31323bd5b14c4aefa306e9efd9a95011/gnocchi.42322ac7-2e27-4cca-ad72-8fbfa1d36827/none_v3" 201 - "PUT http://172.18.0.2:8080/d1/295/AUTH_31323bd5b14c4aefa306e9efd9a95011/gnocchi.42322ac7-2e27-4cca-ad72-8fbfa1d36827/none_v3" "tx3f97fc41cfd34252b74d6-0069242e1a" "object-server 22" 0.0007 "-" 19 0
Nov 24 10:06:18 standalone object-server[127390]: 172.20.0.100 - - [24/Nov/2025:10:06:18 +0000] "PUT /d1/295/AUTH_31323bd5b14c4aefa306e9efd9a95011/gnocchi.42322ac7-2e27-4cca-ad72-8fbfa1d36827/none_v3" 201 - "PUT http://172.18.0.2:8080/v1/AUTH_31323bd5b14c4aefa306e9efd9a95011/gnocchi.42322ac7-2e27-4cca-ad72-8fbfa1d36827/none_v3" "tx3f97fc41cfd34252b74d6-0069242e1a" "proxy-server 20" 0.0169 "-" 22 0
Nov 24 10:06:18 standalone proxy-server[129224]: 172.18.0.2 172.18.0.100 24/Nov/2025/10/06/18 PUT /v1/AUTH_31323bd5b14c4aefa306e9efd9a95011/gnocchi.42322ac7-2e27-4cca-ad72-8fbfa1d36827/none_v3 HTTP/1.0 201 - python-swiftclient-3.11.1 gAAAAABpJC3WgXjV... 22 - - tx3f97fc41cfd34252b74d6-0069242e1a - 0.0252 - - 1763978778.825713396 1763978778.850889921 0
Nov 24 10:06:18 standalone container-server[127016]: 172.20.0.100 - - [24/Nov/2025:10:06:18 +0000] "HEAD /d1/76/AUTH_31323bd5b14c4aefa306e9efd9a95011/gnocchi.e67325e8-3be7-46c0-92b9-1a1832b76142" 404 - "HEAD http://172.18.0.2:8080/v1/AUTH_31323bd5b14c4aefa306e9efd9a95011/gnocchi.e67325e8-3be7-46c0-92b9-1a1832b76142?format=json&states=listing" "tx58a05cf5d3ee4e42a1654-0069242e1a" "proxy-server 20" 0.0007 "-" 23 0
Nov 24 10:06:18 standalone object-server[127390]: 172.20.0.100 - - [24/Nov/2025:10:06:18 +0000] "GET /d1/37/AUTH_31323bd5b14c4aefa306e9efd9a95011/gnocchi.e67325e8-3be7-46c0-92b9-1a1832b76142/none_v3" 404 70 "GET http://172.18.0.2:8080/v1/AUTH_31323bd5b14c4aefa306e9efd9a95011/gnocchi.e67325e8-3be7-46c0-92b9-1a1832b76142/none_v3" "tx58a05cf5d3ee4e42a1654-0069242e1a" "proxy-server 20" 0.0003 "-" 22 0
Nov 24 10:06:18 standalone proxy-server[129224]: 172.18.0.2 172.18.0.100 24/Nov/2025/10/06/18 GET /v1/AUTH_31323bd5b14c4aefa306e9efd9a95011/gnocchi.e67325e8-3be7-46c0-92b9-1a1832b76142/none_v3 HTTP/1.0 404 - python-swiftclient-3.11.1 gAAAAABpJC3WgXjV... - 70 - tx58a05cf5d3ee4e42a1654-0069242e1a - 0.0107 - - 1763978778.908385277 1763978778.919134617 0
Nov 24 10:06:18 standalone account-server[126930]: 172.20.0.100 - - [24/Nov/2025:10:06:18 +0000] "PUT /d1/93/AUTH_31323bd5b14c4aefa306e9efd9a95011/gnocchi.e67325e8-3be7-46c0-92b9-1a1832b76142" 201 - "PUT http://172.20.0.100:6001/d1/76/AUTH_31323bd5b14c4aefa306e9efd9a95011/gnocchi.e67325e8-3be7-46c0-92b9-1a1832b76142" "tx77ba2ce17dbc48f68cb3d-0069242e1a" "container-server 19" 0.0067 "-" 20 0
Nov 24 10:06:18 standalone container-server[127008]: 172.20.0.100 - - [24/Nov/2025:10:06:18 +0000] "PUT /d1/76/AUTH_31323bd5b14c4aefa306e9efd9a95011/gnocchi.e67325e8-3be7-46c0-92b9-1a1832b76142" 201 - "PUT http://172.18.0.2:8080/v1/AUTH_31323bd5b14c4aefa306e9efd9a95011/gnocchi.e67325e8-3be7-46c0-92b9-1a1832b76142" "tx77ba2ce17dbc48f68cb3d-0069242e1a" "proxy-server 20" 0.0211 "-" 19 0
Nov 24 10:06:18 standalone proxy-server[129224]: 172.18.0.2 172.18.0.100 24/Nov/2025/10/06/18 PUT /v1/AUTH_31323bd5b14c4aefa306e9efd9a95011/gnocchi.e67325e8-3be7-46c0-92b9-1a1832b76142 HTTP/1.0 201 - python-swiftclient-3.11.1 gAAAAABpJC3WgXjV... - - - tx77ba2ce17dbc48f68cb3d-0069242e1a - 0.0326 - - 1763978778.926381350 1763978778.959009171 0
Nov 24 10:06:18 standalone container-server[127015]: 172.20.0.100 - - [24/Nov/2025:10:06:18 +0000] "HEAD /d1/76/AUTH_31323bd5b14c4aefa306e9efd9a95011/gnocchi.e67325e8-3be7-46c0-92b9-1a1832b76142" 204 - "HEAD http://172.18.0.2:8080/v1/AUTH_31323bd5b14c4aefa306e9efd9a95011/gnocchi.e67325e8-3be7-46c0-92b9-1a1832b76142?format=json&states=listing" "tx2855881207c64454b1771-0069242e1a" "proxy-server 20" 0.0029 "-" 22 0
Nov 24 10:06:18 standalone proxy-server[129224]: - - 24/Nov/2025/10/06/18 HEAD /v1/AUTH_31323bd5b14c4aefa306e9efd9a95011/gnocchi.e67325e8-3be7-46c0-92b9-1a1832b76142%3Fformat%3Djson%26states%3Dlisting HTTP/1.0 204 - Swift - - - - tx2855881207c64454b1771-0069242e1a - 0.0087 RL - 1763978778.963712454 1763978778.972447395 0
Nov 24 10:06:18 standalone container-server[127013]: 172.20.0.100 - - [24/Nov/2025:10:06:18 +0000] "GET /d1/76/AUTH_31323bd5b14c4aefa306e9efd9a95011/gnocchi.e67325e8-3be7-46c0-92b9-1a1832b76142" 200 2 "GET http://172.18.0.2:8080/v1/AUTH_31323bd5b14c4aefa306e9efd9a95011/gnocchi.e67325e8-3be7-46c0-92b9-1a1832b76142?format=json&states=listing" "tx2855881207c64454b1771-0069242e1a" "proxy-server 20" 0.0046 "-" 20 0
Nov 24 10:06:18 standalone proxy-server[129224]: 172.18.0.2 172.18.0.100 24/Nov/2025/10/06/18 GET /v1/AUTH_31323bd5b14c4aefa306e9efd9a95011/gnocchi.e67325e8-3be7-46c0-92b9-1a1832b76142%3Fformat%3Djson%26states%3Dlisting HTTP/1.0 200 - python-swiftclient-3.11.1 gAAAAABpJC3WgXjV... - 2 - tx2855881207c64454b1771-0069242e1a - 0.0270 - - 1763978778.962599754 1763978778.989558458 0
Nov 24 10:06:18 standalone object-server[127393]: 172.20.0.100 - - [24/Nov/2025:10:06:18 +0000] "GET /d1/776/AUTH_31323bd5b14c4aefa306e9efd9a95011/gnocchi.e67325e8-3be7-46c0-92b9-1a1832b76142/1763640000.0_mean_300.0_v3" 404 70 "GET http://172.18.0.2:8080/v1/AUTH_31323bd5b14c4aefa306e9efd9a95011/gnocchi.e67325e8-3be7-46c0-92b9-1a1832b76142/1763640000.0_mean_300.0_v3" "txfd1c4271581f4afc987c3-0069242e1a" "proxy-server 20" 0.0003 "-" 23 0
Nov 24 10:06:18 standalone proxy-server[129224]: 172.18.0.2 172.18.0.100 24/Nov/2025/10/06/18 GET /v1/AUTH_31323bd5b14c4aefa306e9efd9a95011/gnocchi.e67325e8-3be7-46c0-92b9-1a1832b76142/1763640000.0_mean_300.0_v3 HTTP/1.0 404 - python-swiftclient-3.11.1 gAAAAABpJC3WgXjV... - 70 - txfd1c4271581f4afc987c3-0069242e1a - 0.0061 - - 1763978778.993447065 1763978778.999533653 0
Nov 24 10:06:19 standalone container-server[127016]: 172.20.0.100 - - [24/Nov/2025:10:06:19 +0000] "PUT /d1/76/AUTH_31323bd5b14c4aefa306e9efd9a95011/gnocchi.e67325e8-3be7-46c0-92b9-1a1832b76142/1763640000.0_mean_300.0_v3" 201 - "PUT http://172.18.0.2:8080/d1/776/AUTH_31323bd5b14c4aefa306e9efd9a95011/gnocchi.e67325e8-3be7-46c0-92b9-1a1832b76142/1763640000.0_mean_300.0_v3" "txe2ddd15a9a274e888db57-0069242e1b" "object-server 25" 0.0006 "-" 23 0
Nov 24 10:06:19 standalone object-server[127395]: 172.20.0.100 - - [24/Nov/2025:10:06:19 +0000] "PUT /d1/776/AUTH_31323bd5b14c4aefa306e9efd9a95011/gnocchi.e67325e8-3be7-46c0-92b9-1a1832b76142/1763640000.0_mean_300.0_v3" 201 - "PUT http://172.18.0.2:8080/v1/AUTH_31323bd5b14c4aefa306e9efd9a95011/gnocchi.e67325e8-3be7-46c0-92b9-1a1832b76142/1763640000.0_mean_300.0_v3" "txe2ddd15a9a274e888db57-0069242e1b" "proxy-server 20" 0.0118 "-" 25 0
Nov 24 10:06:19 standalone proxy-server[129224]: 172.18.0.2 172.18.0.100 24/Nov/2025/10/06/19 PUT /v1/AUTH_31323bd5b14c4aefa306e9efd9a95011/gnocchi.e67325e8-3be7-46c0-92b9-1a1832b76142/1763640000.0_mean_300.0_v3 HTTP/1.0 201 - python-swiftclient-3.11.1 gAAAAABpJC3WgXjV... 16 - - txe2ddd15a9a274e888db57-0069242e1b - 0.0197 - - 1763978779.003046036 1763978779.022748709 0
Nov 24 10:06:19 standalone container-server[127008]: 172.20.0.100 - - [24/Nov/2025:10:06:19 +0000] "PUT /d1/76/AUTH_31323bd5b14c4aefa306e9efd9a95011/gnocchi.e67325e8-3be7-46c0-92b9-1a1832b76142/none_v3" 201 - "PUT http://172.18.0.2:8080/d1/37/AUTH_31323bd5b14c4aefa306e9efd9a95011/gnocchi.e67325e8-3be7-46c0-92b9-1a1832b76142/none_v3" "tx60d96fa54407439290f3b-0069242e1b" "object-server 24" 0.0008 "-" 19 0
Nov 24 10:06:19 standalone object-server[127394]: 172.20.0.100 - - [24/Nov/2025:10:06:19 +0000] "PUT /d1/37/AUTH_31323bd5b14c4aefa306e9efd9a95011/gnocchi.e67325e8-3be7-46c0-92b9-1a1832b76142/none_v3" 201 - "PUT http://172.18.0.2:8080/v1/AUTH_31323bd5b14c4aefa306e9efd9a95011/gnocchi.e67325e8-3be7-46c0-92b9-1a1832b76142/none_v3" "tx60d96fa54407439290f3b-0069242e1b" "proxy-server 20" 0.0201 "-" 24 0
Nov 24 10:06:19 standalone proxy-server[129224]: 172.18.0.2 172.18.0.100 24/Nov/2025/10/06/19 PUT /v1/AUTH_31323bd5b14c4aefa306e9efd9a95011/gnocchi.e67325e8-3be7-46c0-92b9-1a1832b76142/none_v3 HTTP/1.0 201 - python-swiftclient-3.11.1 gAAAAABpJC3WgXjV... 22 - - tx60d96fa54407439290f3b-0069242e1b - 0.0320 - - 1763978779.029341459 1763978779.061388493 0
Nov 24 10:06:19 standalone container-server[127016]: 172.20.0.100 - - [24/Nov/2025:10:06:19 +0000] "HEAD /d1/354/AUTH_31323bd5b14c4aefa306e9efd9a95011/gnocchi.721b87e5-e49d-48df-a8fb-b86761bec55a" 404 - "HEAD http://172.18.0.2:8080/v1/AUTH_31323bd5b14c4aefa306e9efd9a95011/gnocchi.721b87e5-e49d-48df-a8fb-b86761bec55a?format=json&states=listing" "txe0e5abc847c74093a7e21-0069242e1b" "proxy-server 20" 0.0004 "-" 23 0
Nov 24 10:06:19 standalone object-server[127393]: 172.20.0.100 - - [24/Nov/2025:10:06:19 +0000] "GET /d1/524/AUTH_31323bd5b14c4aefa306e9efd9a95011/gnocchi.721b87e5-e49d-48df-a8fb-b86761bec55a/none_v3" 404 70 "GET http://172.18.0.2:8080/v1/AUTH_31323bd5b14c4aefa306e9efd9a95011/gnocchi.721b87e5-e49d-48df-a8fb-b86761bec55a/none_v3" "txe0e5abc847c74093a7e21-0069242e1b" "proxy-server 20" 0.0004 "-" 23 0
Nov 24 10:06:19 standalone proxy-server[129224]: 172.18.0.2 172.18.0.100 24/Nov/2025/10/06/19 GET /v1/AUTH_31323bd5b14c4aefa306e9efd9a95011/gnocchi.721b87e5-e49d-48df-a8fb-b86761bec55a/none_v3 HTTP/1.0 404 - python-swiftclient-3.11.1 gAAAAABpJC3WgXjV... - 70 - txe0e5abc847c74093a7e21-0069242e1b - 0.0105 - - 1763978779.106959820 1763978779.117480040 0
Nov 24 10:06:19 standalone account-server[126930]: 172.20.0.100 - - [24/Nov/2025:10:06:19 +0000] "PUT /d1/93/AUTH_31323bd5b14c4aefa306e9efd9a95011/gnocchi.721b87e5-e49d-48df-a8fb-b86761bec55a" 201 - "PUT http://172.20.0.100:6001/d1/354/AUTH_31323bd5b14c4aefa306e9efd9a95011/gnocchi.721b87e5-e49d-48df-a8fb-b86761bec55a" "tx78bf89a9c0844a4cb342c-0069242e1b" "container-server 19" 0.0045 "-" 20 0
Nov 24 10:06:19 standalone container-server[127008]: 172.20.0.100 - - [24/Nov/2025:10:06:19 +0000] "PUT /d1/354/AUTH_31323bd5b14c4aefa306e9efd9a95011/gnocchi.721b87e5-e49d-48df-a8fb-b86761bec55a" 201 - "PUT http://172.18.0.2:8080/v1/AUTH_31323bd5b14c4aefa306e9efd9a95011/gnocchi.721b87e5-e49d-48df-a8fb-b86761bec55a" "tx78bf89a9c0844a4cb342c-0069242e1b" "proxy-server 20" 0.0150 "-" 19 0
Nov 24 10:06:19 standalone proxy-server[129224]: 172.18.0.2 172.18.0.100 24/Nov/2025/10/06/19 PUT /v1/AUTH_31323bd5b14c4aefa306e9efd9a95011/gnocchi.721b87e5-e49d-48df-a8fb-b86761bec55a HTTP/1.0 201 - python-swiftclient-3.11.1 gAAAAABpJC3WgXjV... - - - tx78bf89a9c0844a4cb342c-0069242e1b - 0.0221 - - 1763978779.120975971 1763978779.143112183 0
Nov 24 10:06:19 standalone container-server[127013]: 172.20.0.100 - - [24/Nov/2025:10:06:19 +0000] "HEAD /d1/354/AUTH_31323bd5b14c4aefa306e9efd9a95011/gnocchi.721b87e5-e49d-48df-a8fb-b86761bec55a" 204 - "HEAD http://172.18.0.2:8080/v1/AUTH_31323bd5b14c4aefa306e9efd9a95011/gnocchi.721b87e5-e49d-48df-a8fb-b86761bec55a?format=json&states=listing" "txba0718ef426441a389b3c-0069242e1b" "proxy-server 20" 0.0017 "-" 20 0
Nov 24 10:06:19 standalone proxy-server[129224]: - - 24/Nov/2025/10/06/19 HEAD /v1/AUTH_31323bd5b14c4aefa306e9efd9a95011/gnocchi.721b87e5-e49d-48df-a8fb-b86761bec55a%3Fformat%3Djson%26states%3Dlisting HTTP/1.0 204 - Swift - - - - txba0718ef426441a389b3c-0069242e1b - 0.0066 RL - 1763978779.147934437 1763978779.154528141 0
Nov 24 10:06:19 standalone container-server[127015]: 172.20.0.100 - - [24/Nov/2025:10:06:19 +0000] "GET /d1/354/AUTH_31323bd5b14c4aefa306e9efd9a95011/gnocchi.721b87e5-e49d-48df-a8fb-b86761bec55a" 200 2 "GET http://172.18.0.2:8080/v1/AUTH_31323bd5b14c4aefa306e9efd9a95011/gnocchi.721b87e5-e49d-48df-a8fb-b86761bec55a?format=json&states=listing" "txba0718ef426441a389b3c-0069242e1b" "proxy-server 20" 0.0031 "-" 22 0
Nov 24 10:06:19 standalone proxy-server[129224]: 172.18.0.2 172.18.0.100 24/Nov/2025/10/06/19 GET /v1/AUTH_31323bd5b14c4aefa306e9efd9a95011/gnocchi.721b87e5-e49d-48df-a8fb-b86761bec55a%3Fformat%3Djson%26states%3Dlisting HTTP/1.0 200 - python-swiftclient-3.11.1 gAAAAABpJC3WgXjV... - 2 - txba0718ef426441a389b3c-0069242e1b - 0.0185 - - 1763978779.146308661 1763978779.164810896 0
Nov 24 10:06:19 standalone object-server[127395]: 172.20.0.100 - - [24/Nov/2025:10:06:19 +0000] "GET /d1/548/AUTH_31323bd5b14c4aefa306e9efd9a95011/gnocchi.721b87e5-e49d-48df-a8fb-b86761bec55a/1763640000.0_mean_300.0_v3" 404 70 "GET http://172.18.0.2:8080/v1/AUTH_31323bd5b14c4aefa306e9efd9a95011/gnocchi.721b87e5-e49d-48df-a8fb-b86761bec55a/1763640000.0_mean_300.0_v3" "tx7e0c15a8934a436298622-0069242e1b" "proxy-server 20" 0.0005 "-" 25 0
Nov 24 10:06:19 standalone proxy-server[129224]: 172.18.0.2 172.18.0.100 24/Nov/2025/10/06/19 GET /v1/AUTH_31323bd5b14c4aefa306e9efd9a95011/gnocchi.721b87e5-e49d-48df-a8fb-b86761bec55a/1763640000.0_mean_300.0_v3 HTTP/1.0 404 - python-swiftclient-3.11.1 gAAAAABpJC3WgXjV... - 70 - tx7e0c15a8934a436298622-0069242e1b - 0.0079 - - 1763978779.170847654 1763978779.178748131 0
Nov 24 10:06:19 standalone container-server[127013]: 172.20.0.100 - - [24/Nov/2025:10:06:19 +0000] "PUT /d1/354/AUTH_31323bd5b14c4aefa306e9efd9a95011/gnocchi.721b87e5-e49d-48df-a8fb-b86761bec55a/1763640000.0_mean_300.0_v3" 201 - "PUT http://172.18.0.2:8080/d1/548/AUTH_31323bd5b14c4aefa306e9efd9a95011/gnocchi.721b87e5-e49d-48df-a8fb-b86761bec55a/1763640000.0_mean_300.0_v3" "txac2a52c6c79e48ccb93a0-0069242e1b" "object-server 24" 0.0008 "-" 20 0
Nov 24 10:06:19 standalone object-server[127394]: 172.20.0.100 - - [24/Nov/2025:10:06:19 +0000] "PUT /d1/548/AUTH_31323bd5b14c4aefa306e9efd9a95011/gnocchi.721b87e5-e49d-48df-a8fb-b86761bec55a/1763640000.0_mean_300.0_v3" 201 - "PUT http://172.18.0.2:8080/v1/AUTH_31323bd5b14c4aefa306e9efd9a95011/gnocchi.721b87e5-e49d-48df-a8fb-b86761bec55a/1763640000.0_mean_300.0_v3" "txac2a52c6c79e48ccb93a0-0069242e1b" "proxy-server 20" 0.0145 "-" 24 0
Nov 24 10:06:19 standalone proxy-server[129224]: 172.18.0.2 172.18.0.100 24/Nov/2025/10/06/19 PUT /v1/AUTH_31323bd5b14c4aefa306e9efd9a95011/gnocchi.721b87e5-e49d-48df-a8fb-b86761bec55a/1763640000.0_mean_300.0_v3 HTTP/1.0 201 - python-swiftclient-3.11.1 gAAAAABpJC3WgXjV... 16 - - txac2a52c6c79e48ccb93a0-0069242e1b - 0.0221 - - 1763978779.183933973 1763978779.206017733 0
Nov 24 10:06:19 standalone container-server[127013]: 172.20.0.100 - - [24/Nov/2025:10:06:19 +0000] "PUT /d1/354/AUTH_31323bd5b14c4aefa306e9efd9a95011/gnocchi.721b87e5-e49d-48df-a8fb-b86761bec55a/none_v3" 201 - "PUT http://172.18.0.2:8080/d1/524/AUTH_31323bd5b14c4aefa306e9efd9a95011/gnocchi.721b87e5-e49d-48df-a8fb-b86761bec55a/none_v3" "tx4ffdd82e03644132be398-0069242e1b" "object-server 24" 0.0008 "-" 20 0
Nov 24 10:06:19 standalone object-server[127394]: 172.20.0.100 - - [24/Nov/2025:10:06:19 +0000] "PUT /d1/524/AUTH_31323bd5b14c4aefa306e9efd9a95011/gnocchi.721b87e5-e49d-48df-a8fb-b86761bec55a/none_v3" 201 - "PUT http://172.18.0.2:8080/v1/AUTH_31323bd5b14c4aefa306e9efd9a95011/gnocchi.721b87e5-e49d-48df-a8fb-b86761bec55a/none_v3" "tx4ffdd82e03644132be398-0069242e1b" "proxy-server 20" 0.0187 "-" 24 0
Nov 24 10:06:19 standalone proxy-server[129224]: 172.18.0.2 172.18.0.100 24/Nov/2025/10/06/19 PUT /v1/AUTH_31323bd5b14c4aefa306e9efd9a95011/gnocchi.721b87e5-e49d-48df-a8fb-b86761bec55a/none_v3 HTTP/1.0 201 - python-swiftclient-3.11.1 gAAAAABpJC3WgXjV... 22 - - tx4ffdd82e03644132be398-0069242e1b - 0.0269 - - 1763978779.211466551 1763978779.238395929 0
Nov 24 10:06:19 standalone container-server[127015]: 172.20.0.100 - - [24/Nov/2025:10:06:19 +0000] "HEAD /d1/24/AUTH_31323bd5b14c4aefa306e9efd9a95011/gnocchi.c12f69c9-798a-4c64-8f9a-d6bf21da23f7" 404 - "HEAD http://172.18.0.2:8080/v1/AUTH_31323bd5b14c4aefa306e9efd9a95011/gnocchi.c12f69c9-798a-4c64-8f9a-d6bf21da23f7?format=json&states=listing" "tx17f856b466f342ff95d6a-0069242e1b" "proxy-server 20" 0.0005 "-" 22 0
Nov 24 10:06:19 standalone object-server[127395]: 172.20.0.100 - - [24/Nov/2025:10:06:19 +0000] "GET /d1/489/AUTH_31323bd5b14c4aefa306e9efd9a95011/gnocchi.c12f69c9-798a-4c64-8f9a-d6bf21da23f7/none_v3" 404 70 "GET http://172.18.0.2:8080/v1/AUTH_31323bd5b14c4aefa306e9efd9a95011/gnocchi.c12f69c9-798a-4c64-8f9a-d6bf21da23f7/none_v3" "tx17f856b466f342ff95d6a-0069242e1b" "proxy-server 20" 0.0005 "-" 25 0
Nov 24 10:06:19 standalone proxy-server[129224]: 172.18.0.2 172.18.0.100 24/Nov/2025/10/06/19 GET /v1/AUTH_31323bd5b14c4aefa306e9efd9a95011/gnocchi.c12f69c9-798a-4c64-8f9a-d6bf21da23f7/none_v3 HTTP/1.0 404 - python-swiftclient-3.11.1 gAAAAABpJC3WgXjV... - 70 - tx17f856b466f342ff95d6a-0069242e1b - 0.0116 - - 1763978779.293050289 1763978779.304673195 0
Nov 24 10:06:19 standalone account-server[126938]: 172.20.0.100 - - [24/Nov/2025:10:06:19 +0000] "PUT /d1/93/AUTH_31323bd5b14c4aefa306e9efd9a95011/gnocchi.c12f69c9-798a-4c64-8f9a-d6bf21da23f7" 201 - "PUT http://172.20.0.100:6001/d1/24/AUTH_31323bd5b14c4aefa306e9efd9a95011/gnocchi.c12f69c9-798a-4c64-8f9a-d6bf21da23f7" "txd8ed440fb10940a4b481e-0069242e1b" "container-server 20" 0.0046 "-" 21 0
Nov 24 10:06:19 standalone container-server[127013]: 172.20.0.100 - - [24/Nov/2025:10:06:19 +0000] "PUT /d1/24/AUTH_31323bd5b14c4aefa306e9efd9a95011/gnocchi.c12f69c9-798a-4c64-8f9a-d6bf21da23f7" 201 - "PUT http://172.18.0.2:8080/v1/AUTH_31323bd5b14c4aefa306e9efd9a95011/gnocchi.c12f69c9-798a-4c64-8f9a-d6bf21da23f7" "txd8ed440fb10940a4b481e-0069242e1b" "proxy-server 20" 0.0196 "-" 20 0
Nov 24 10:06:19 standalone proxy-server[129224]: 172.18.0.2 172.18.0.100 24/Nov/2025/10/06/19 PUT /v1/AUTH_31323bd5b14c4aefa306e9efd9a95011/gnocchi.c12f69c9-798a-4c64-8f9a-d6bf21da23f7 HTTP/1.0 201 - python-swiftclient-3.11.1 gAAAAABpJC3WgXjV... - - - txd8ed440fb10940a4b481e-0069242e1b - 0.0328 - - 1763978779.307563543 1763978779.340353727 0
Nov 24 10:06:19 standalone container-server[127015]: 172.20.0.100 - - [24/Nov/2025:10:06:19 +0000] "HEAD /d1/24/AUTH_31323bd5b14c4aefa306e9efd9a95011/gnocchi.c12f69c9-798a-4c64-8f9a-d6bf21da23f7" 204 - "HEAD http://172.18.0.2:8080/v1/AUTH_31323bd5b14c4aefa306e9efd9a95011/gnocchi.c12f69c9-798a-4c64-8f9a-d6bf21da23f7?format=json&states=listing" "tx0e1c90497d4d4d6ba0281-0069242e1b" "proxy-server 20" 0.0019 "-" 22 0
Nov 24 10:06:19 standalone proxy-server[129224]: - - 24/Nov/2025/10/06/19 HEAD /v1/AUTH_31323bd5b14c4aefa306e9efd9a95011/gnocchi.c12f69c9-798a-4c64-8f9a-d6bf21da23f7%3Fformat%3Djson%26states%3Dlisting HTTP/1.0 204 - Swift - - - - tx0e1c90497d4d4d6ba0281-0069242e1b - 0.0055 RL - 1763978779.344689369 1763978779.350197077 0
Nov 24 10:06:19 standalone container-server[127015]: 172.20.0.100 - - [24/Nov/2025:10:06:19 +0000] "GET /d1/24/AUTH_31323bd5b14c4aefa306e9efd9a95011/gnocchi.c12f69c9-798a-4c64-8f9a-d6bf21da23f7" 200 2 "GET http://172.18.0.2:8080/v1/AUTH_31323bd5b14c4aefa306e9efd9a95011/gnocchi.c12f69c9-798a-4c64-8f9a-d6bf21da23f7?format=json&states=listing" "tx0e1c90497d4d4d6ba0281-0069242e1b" "proxy-server 20" 0.0022 "-" 22 0
Nov 24 10:06:19 standalone proxy-server[129224]: 172.18.0.2 172.18.0.100 24/Nov/2025/10/06/19 GET /v1/AUTH_31323bd5b14c4aefa306e9efd9a95011/gnocchi.c12f69c9-798a-4c64-8f9a-d6bf21da23f7%3Fformat%3Djson%26states%3Dlisting HTTP/1.0 200 - python-swiftclient-3.11.1 gAAAAABpJC3WgXjV... - 2 - tx0e1c90497d4d4d6ba0281-0069242e1b - 0.0144 - - 1763978779.343684673 1763978779.358119726 0
Nov 24 10:06:19 standalone object-server[127393]: 172.20.0.100 - - [24/Nov/2025:10:06:19 +0000] "GET /d1/834/AUTH_31323bd5b14c4aefa306e9efd9a95011/gnocchi.c12f69c9-798a-4c64-8f9a-d6bf21da23f7/1763640000.0_mean_300.0_v3" 404 70 "GET http://172.18.0.2:8080/v1/AUTH_31323bd5b14c4aefa306e9efd9a95011/gnocchi.c12f69c9-798a-4c64-8f9a-d6bf21da23f7/1763640000.0_mean_300.0_v3" "tx2d4777fe2293457e96f75-0069242e1b" "proxy-server 20" 0.0003 "-" 23 0
Nov 24 10:06:19 standalone proxy-server[129224]: 172.18.0.2 172.18.0.100 24/Nov/2025/10/06/19 GET /v1/AUTH_31323bd5b14c4aefa306e9efd9a95011/gnocchi.c12f69c9-798a-4c64-8f9a-d6bf21da23f7/1763640000.0_mean_300.0_v3 HTTP/1.0 404 - python-swiftclient-3.11.1 gAAAAABpJC3WgXjV... - 70 - tx2d4777fe2293457e96f75-0069242e1b - 0.0100 - - 1763978779.361417294 1763978779.371392488 0
Nov 24 10:06:19 standalone container-server[127016]: 172.20.0.100 - - [24/Nov/2025:10:06:19 +0000] "PUT /d1/24/AUTH_31323bd5b14c4aefa306e9efd9a95011/gnocchi.c12f69c9-798a-4c64-8f9a-d6bf21da23f7/1763640000.0_mean_300.0_v3" 201 - "PUT http://172.18.0.2:8080/d1/834/AUTH_31323bd5b14c4aefa306e9efd9a95011/gnocchi.c12f69c9-798a-4c64-8f9a-d6bf21da23f7/1763640000.0_mean_300.0_v3" "tx73f801cc9665415dabf81-0069242e1b" "object-server 23" 0.0007 "-" 23 0
Nov 24 10:06:19 standalone object-server[127393]: 172.20.0.100 - - [24/Nov/2025:10:06:19 +0000] "PUT /d1/834/AUTH_31323bd5b14c4aefa306e9efd9a95011/gnocchi.c12f69c9-798a-4c64-8f9a-d6bf21da23f7/1763640000.0_mean_300.0_v3" 201 - "PUT http://172.18.0.2:8080/v1/AUTH_31323bd5b14c4aefa306e9efd9a95011/gnocchi.c12f69c9-798a-4c64-8f9a-d6bf21da23f7/1763640000.0_mean_300.0_v3" "tx73f801cc9665415dabf81-0069242e1b" "proxy-server 20" 0.0112 "-" 23 0
Nov 24 10:06:19 standalone proxy-server[129224]: 172.18.0.2 172.18.0.100 24/Nov/2025/10/06/19 PUT /v1/AUTH_31323bd5b14c4aefa306e9efd9a95011/gnocchi.c12f69c9-798a-4c64-8f9a-d6bf21da23f7/1763640000.0_mean_300.0_v3 HTTP/1.0 201 - python-swiftclient-3.11.1 gAAAAABpJC3WgXjV... 16 - - tx73f801cc9665415dabf81-0069242e1b - 0.0219 - - 1763978779.374259472 1763978779.396195889 0
Nov 24 10:06:19 standalone container-server[127013]: 172.20.0.100 - - [24/Nov/2025:10:06:19 +0000] "PUT /d1/24/AUTH_31323bd5b14c4aefa306e9efd9a95011/gnocchi.c12f69c9-798a-4c64-8f9a-d6bf21da23f7/none_v3" 201 - "PUT http://172.18.0.2:8080/d1/489/AUTH_31323bd5b14c4aefa306e9efd9a95011/gnocchi.c12f69c9-798a-4c64-8f9a-d6bf21da23f7/none_v3" "txb75f68bfff214c929bd81-0069242e1b" "object-server 25" 0.0008 "-" 20 0
Nov 24 10:06:19 standalone object-server[127395]: 172.20.0.100 - - [24/Nov/2025:10:06:19 +0000] "PUT /d1/489/AUTH_31323bd5b14c4aefa306e9efd9a95011/gnocchi.c12f69c9-798a-4c64-8f9a-d6bf21da23f7/none_v3" 201 - "PUT http://172.18.0.2:8080/v1/AUTH_31323bd5b14c4aefa306e9efd9a95011/gnocchi.c12f69c9-798a-4c64-8f9a-d6bf21da23f7/none_v3" "txb75f68bfff214c929bd81-0069242e1b" "proxy-server 20" 0.0114 "-" 25 0
Nov 24 10:06:19 standalone proxy-server[129224]: 172.18.0.2 172.18.0.100 24/Nov/2025/10/06/19 PUT /v1/AUTH_31323bd5b14c4aefa306e9efd9a95011/gnocchi.c12f69c9-798a-4c64-8f9a-d6bf21da23f7/none_v3 HTTP/1.0 201 - python-swiftclient-3.11.1 gAAAAABpJC3WgXjV... 22 - - txb75f68bfff214c929bd81-0069242e1b - 0.0171 - - 1763978779.398971319 1763978779.416063786 0
Nov 24 10:06:20 standalone account-server[126938]: 172.20.0.100 - - [24/Nov/2025:10:06:20 +0000] "HEAD /d1/537/.expiring_objects" 404 - "HEAD http://localhost/v1/.expiring_objects?format=json" "tx45621fbf6734474a9c37c-0069242e1c" "proxy-server 2" 0.0008 "-" 21 -
Nov 24 10:06:20 standalone object-expirer[127075]: Pass completed in 0s; 0 objects expired (txn: tx45621fbf6734474a9c37c-0069242e1c)
Nov 24 10:06:21 standalone account-server[126938]: 172.20.0.100 - - [24/Nov/2025:10:06:21 +0000] "HEAD /d1/537/.expiring_objects" 404 - "HEAD http://localhost/v1/.expiring_objects?format=json" "txb81386032415468dbc357-0069242e1d" "proxy-server 2" 0.0009 "-" 21 -
Nov 24 10:06:21 standalone object-expirer[127075]: Pass completed in 0s; 0 objects expired (txn: txb81386032415468dbc357-0069242e1d)
Nov 24 10:06:45 standalone container-server[127008]: 172.20.0.100 - - [24/Nov/2025:10:06:45 +0000] "HEAD /d1/786/AUTH_31323bd5b14c4aefa306e9efd9a95011/gnocchi.0de2b465-d723-49ee-8af8-2cb8f512142c" 404 - "HEAD http://172.18.0.2:8080/v1/AUTH_31323bd5b14c4aefa306e9efd9a95011/gnocchi.0de2b465-d723-49ee-8af8-2cb8f512142c?format=json&states=listing" "tx536de212b5cb480182221-0069242e35" "proxy-server 20" 0.0005 "-" 19 0
Nov 24 10:06:45 standalone object-server[127394]: 172.20.0.100 - - [24/Nov/2025:10:06:45 +0000] "GET /d1/592/AUTH_31323bd5b14c4aefa306e9efd9a95011/gnocchi.0de2b465-d723-49ee-8af8-2cb8f512142c/none_v3" 404 70 "GET http://172.18.0.2:8080/v1/AUTH_31323bd5b14c4aefa306e9efd9a95011/gnocchi.0de2b465-d723-49ee-8af8-2cb8f512142c/none_v3" "tx536de212b5cb480182221-0069242e35" "proxy-server 20" 0.0004 "-" 24 0
Nov 24 10:06:45 standalone proxy-server[129224]: 172.18.0.2 172.18.0.100 24/Nov/2025/10/06/45 GET /v1/AUTH_31323bd5b14c4aefa306e9efd9a95011/gnocchi.0de2b465-d723-49ee-8af8-2cb8f512142c/none_v3 HTTP/1.0 404 - python-swiftclient-3.11.1 gAAAAABpJC3WgXjV... - 70 - tx536de212b5cb480182221-0069242e35 - 0.0125 - - 1763978805.918909073 1763978805.931396961 0
Nov 24 10:06:45 standalone account-server[126938]: 172.20.0.100 - - [24/Nov/2025:10:06:45 +0000] "PUT /d1/93/AUTH_31323bd5b14c4aefa306e9efd9a95011/gnocchi.0de2b465-d723-49ee-8af8-2cb8f512142c" 201 - "PUT http://172.20.0.100:6001/d1/786/AUTH_31323bd5b14c4aefa306e9efd9a95011/gnocchi.0de2b465-d723-49ee-8af8-2cb8f512142c" "txba39dac9925c43eeb8360-0069242e35" "container-server 22" 0.0065 "-" 21 0
Nov 24 10:06:45 standalone container-server[127015]: 172.20.0.100 - - [24/Nov/2025:10:06:45 +0000] "PUT /d1/786/AUTH_31323bd5b14c4aefa306e9efd9a95011/gnocchi.0de2b465-d723-49ee-8af8-2cb8f512142c" 201 - "PUT http://172.18.0.2:8080/v1/AUTH_31323bd5b14c4aefa306e9efd9a95011/gnocchi.0de2b465-d723-49ee-8af8-2cb8f512142c" "txba39dac9925c43eeb8360-0069242e35" "proxy-server 20" 0.0160 "-" 22 0
Nov 24 10:06:45 standalone proxy-server[129224]: 172.18.0.2 172.18.0.100 24/Nov/2025/10/06/45 PUT /v1/AUTH_31323bd5b14c4aefa306e9efd9a95011/gnocchi.0de2b465-d723-49ee-8af8-2cb8f512142c HTTP/1.0 201 - python-swiftclient-3.11.1 gAAAAABpJC3WgXjV... - - - txba39dac9925c43eeb8360-0069242e35 - 0.0320 - - 1763978805.936503410 1763978805.968465567 0
Nov 24 10:06:45 standalone container-server[127013]: 172.20.0.100 - - [24/Nov/2025:10:06:45 +0000] "HEAD /d1/786/AUTH_31323bd5b14c4aefa306e9efd9a95011/gnocchi.0de2b465-d723-49ee-8af8-2cb8f512142c" 204 - "HEAD http://172.18.0.2:8080/v1/AUTH_31323bd5b14c4aefa306e9efd9a95011/gnocchi.0de2b465-d723-49ee-8af8-2cb8f512142c?format=json&states=listing" "txb9c964e85ef44b74b31db-0069242e35" "proxy-server 20" 0.0012 "-" 20 0
Nov 24 10:06:45 standalone proxy-server[129224]: - - 24/Nov/2025/10/06/45 HEAD /v1/AUTH_31323bd5b14c4aefa306e9efd9a95011/gnocchi.0de2b465-d723-49ee-8af8-2cb8f512142c%3Fformat%3Djson%26states%3Dlisting HTTP/1.0 204 - Swift - - - - txb9c964e85ef44b74b31db-0069242e35 - 0.0044 RL - 1763978805.977384329 1763978805.981757641 0
Nov 24 10:06:45 standalone container-server[127016]: 172.20.0.100 - - [24/Nov/2025:10:06:45 +0000] "GET /d1/786/AUTH_31323bd5b14c4aefa306e9efd9a95011/gnocchi.0de2b465-d723-49ee-8af8-2cb8f512142c" 200 2 "GET http://172.18.0.2:8080/v1/AUTH_31323bd5b14c4aefa306e9efd9a95011/gnocchi.0de2b465-d723-49ee-8af8-2cb8f512142c?format=json&states=listing" "txb9c964e85ef44b74b31db-0069242e35" "proxy-server 20" 0.0039 "-" 23 0
Nov 24 10:06:45 standalone proxy-server[129224]: 172.18.0.2 172.18.0.100 24/Nov/2025/10/06/45 GET /v1/AUTH_31323bd5b14c4aefa306e9efd9a95011/gnocchi.0de2b465-d723-49ee-8af8-2cb8f512142c%3Fformat%3Djson%26states%3Dlisting HTTP/1.0 200 - python-swiftclient-3.11.1 gAAAAABpJC3WgXjV... - 2 - txb9c964e85ef44b74b31db-0069242e35 - 0.0163 - - 1763978805.976305008 1763978805.992646933 0
Nov 24 10:06:46 standalone object-server[127395]: 172.20.0.100 - - [24/Nov/2025:10:06:46 +0000] "GET /d1/41/AUTH_31323bd5b14c4aefa306e9efd9a95011/gnocchi.0de2b465-d723-49ee-8af8-2cb8f512142c/1763640000.0_mean_300.0_v3" 404 70 "GET http://172.18.0.2:8080/v1/AUTH_31323bd5b14c4aefa306e9efd9a95011/gnocchi.0de2b465-d723-49ee-8af8-2cb8f512142c/1763640000.0_mean_300.0_v3" "tx5cd56f7864ab4ab3b0197-0069242e36" "proxy-server 20" 0.0003 "-" 25 0
Nov 24 10:06:46 standalone proxy-server[129224]: 172.18.0.2 172.18.0.100 24/Nov/2025/10/06/46 GET /v1/AUTH_31323bd5b14c4aefa306e9efd9a95011/gnocchi.0de2b465-d723-49ee-8af8-2cb8f512142c/1763640000.0_mean_300.0_v3 HTTP/1.0 404 - python-swiftclient-3.11.1 gAAAAABpJC3WgXjV... - 70 - tx5cd56f7864ab4ab3b0197-0069242e36 - 0.0053 - - 1763978806.000462770 1763978806.005791664 0
Nov 24 10:06:46 standalone container-server[127015]: 172.20.0.100 - - [24/Nov/2025:10:06:46 +0000] "PUT /d1/786/AUTH_31323bd5b14c4aefa306e9efd9a95011/gnocchi.0de2b465-d723-49ee-8af8-2cb8f512142c/1763640000.0_mean_300.0_v3" 201 - "PUT http://172.18.0.2:8080/d1/41/AUTH_31323bd5b14c4aefa306e9efd9a95011/gnocchi.0de2b465-d723-49ee-8af8-2cb8f512142c/1763640000.0_mean_300.0_v3" "tx961d5c7c4843465c9e604-0069242e36" "object-server 24" 0.0006 "-" 22 0
Nov 24 10:06:46 standalone object-server[127394]: 172.20.0.100 - - [24/Nov/2025:10:06:46 +0000] "PUT /d1/41/AUTH_31323bd5b14c4aefa306e9efd9a95011/gnocchi.0de2b465-d723-49ee-8af8-2cb8f512142c/1763640000.0_mean_300.0_v3" 201 - "PUT http://172.18.0.2:8080/v1/AUTH_31323bd5b14c4aefa306e9efd9a95011/gnocchi.0de2b465-d723-49ee-8af8-2cb8f512142c/1763640000.0_mean_300.0_v3" "tx961d5c7c4843465c9e604-0069242e36" "proxy-server 20" 0.0108 "-" 24 0
Nov 24 10:06:46 standalone proxy-server[129224]: 172.18.0.2 172.18.0.100 24/Nov/2025/10/06/46 PUT /v1/AUTH_31323bd5b14c4aefa306e9efd9a95011/gnocchi.0de2b465-d723-49ee-8af8-2cb8f512142c/1763640000.0_mean_300.0_v3 HTTP/1.0 201 - python-swiftclient-3.11.1 gAAAAABpJC3WgXjV... 16 - - tx961d5c7c4843465c9e604-0069242e36 - 0.0191 - - 1763978806.012066364 1763978806.031157732 0
Nov 24 10:06:46 standalone container-server[127013]: 172.20.0.100 - - [24/Nov/2025:10:06:46 +0000] "PUT /d1/786/AUTH_31323bd5b14c4aefa306e9efd9a95011/gnocchi.0de2b465-d723-49ee-8af8-2cb8f512142c/none_v3" 201 - "PUT http://172.18.0.2:8080/d1/592/AUTH_31323bd5b14c4aefa306e9efd9a95011/gnocchi.0de2b465-d723-49ee-8af8-2cb8f512142c/none_v3" "txddadd00a780e4e70a94cf-0069242e36" "object-server 22" 0.0007 "-" 20 0
Nov 24 10:06:46 standalone object-server[127390]: 172.20.0.100 - - [24/Nov/2025:10:06:46 +0000] "PUT /d1/592/AUTH_31323bd5b14c4aefa306e9efd9a95011/gnocchi.0de2b465-d723-49ee-8af8-2cb8f512142c/none_v3" 201 - "PUT http://172.18.0.2:8080/v1/AUTH_31323bd5b14c4aefa306e9efd9a95011/gnocchi.0de2b465-d723-49ee-8af8-2cb8f512142c/none_v3" "txddadd00a780e4e70a94cf-0069242e36" "proxy-server 20" 0.0127 "-" 22 0
Nov 24 10:06:46 standalone proxy-server[129224]: 172.18.0.2 172.18.0.100 24/Nov/2025/10/06/46 PUT /v1/AUTH_31323bd5b14c4aefa306e9efd9a95011/gnocchi.0de2b465-d723-49ee-8af8-2cb8f512142c/none_v3 HTTP/1.0 201 - python-swiftclient-3.11.1 gAAAAABpJC3WgXjV... 22 - - txddadd00a780e4e70a94cf-0069242e36 - 0.0237 - - 1763978806.035610437 1763978806.059303284 0
Nov 24 10:06:46 standalone object-server[127393]: 172.20.0.100 - - [24/Nov/2025:10:06:46 +0000] "GET /d1/266/AUTH_31323bd5b14c4aefa306e9efd9a95011/gnocchi.0fc84f97-1272-4180-9a0f-e100c3f2530c/none_v3" 200 22 "GET http://172.18.0.2:8080/v1/AUTH_31323bd5b14c4aefa306e9efd9a95011/gnocchi.0fc84f97-1272-4180-9a0f-e100c3f2530c/none_v3" "txf79001e13f3a4b0ea0847-0069242e36" "proxy-server 20" 0.0007 "-" 23 0
Nov 24 10:06:46 standalone proxy-server[129224]: 172.18.0.2 172.18.0.100 24/Nov/2025/10/06/46 GET /v1/AUTH_31323bd5b14c4aefa306e9efd9a95011/gnocchi.0fc84f97-1272-4180-9a0f-e100c3f2530c/none_v3 HTTP/1.0 200 - python-swiftclient-3.11.1 gAAAAABpJC3WgXjV... - 22 - txf79001e13f3a4b0ea0847-0069242e36 - 0.0065 - - 1763978806.074401140 1763978806.080947876 0
Nov 24 10:06:46 standalone container-server[127008]: 172.20.0.100 - - [24/Nov/2025:10:06:46 +0000] "GET /d1/912/AUTH_31323bd5b14c4aefa306e9efd9a95011/gnocchi.0fc84f97-1272-4180-9a0f-e100c3f2530c" 200 357 "GET http://172.18.0.2:8080/v1/AUTH_31323bd5b14c4aefa306e9efd9a95011/gnocchi.0fc84f97-1272-4180-9a0f-e100c3f2530c?format=json&states=listing" "tx590586a8d67148059c939-0069242e36" "proxy-server 20" 0.0060 "-" 19 0
Nov 24 10:06:46 standalone proxy-server[129224]: 172.18.0.2 172.18.0.100 24/Nov/2025/10/06/46 GET /v1/AUTH_31323bd5b14c4aefa306e9efd9a95011/gnocchi.0fc84f97-1272-4180-9a0f-e100c3f2530c%3Fformat%3Djson%26states%3Dlisting HTTP/1.0 200 - python-swiftclient-3.11.1 gAAAAABpJC3WgXjV... - 357 - tx590586a8d67148059c939-0069242e36 - 0.0124 - - 1763978806.085760593 1763978806.098184586 0
Nov 24 10:06:46 standalone container-server[127016]: 172.20.0.100 - - [24/Nov/2025:10:06:46 +0000] "GET /d1/912/AUTH_31323bd5b14c4aefa306e9efd9a95011/gnocchi.0fc84f97-1272-4180-9a0f-e100c3f2530c" 200 2 "GET http://172.18.0.2:8080/v1/AUTH_31323bd5b14c4aefa306e9efd9a95011/gnocchi.0fc84f97-1272-4180-9a0f-e100c3f2530c?format=json&marker=none_v3&states=listing" "txca42c0d9aedb4f78b33e3-0069242e36" "proxy-server 20" 0.0048 "-" 23 0
Nov 24 10:06:46 standalone proxy-server[129224]: 172.18.0.2 172.18.0.100 24/Nov/2025/10/06/46 GET /v1/AUTH_31323bd5b14c4aefa306e9efd9a95011/gnocchi.0fc84f97-1272-4180-9a0f-e100c3f2530c%3Fformat%3Djson%26marker%3Dnone_v3%26states%3Dlisting HTTP/1.0 200 - python-swiftclient-3.11.1 gAAAAABpJC3WgXjV... - 2 - txca42c0d9aedb4f78b33e3-0069242e36 - 0.0130 - - 1763978806.102451563 1763978806.115494490 0
Nov 24 10:06:46 standalone object-server[127394]: 172.20.0.100 - - [24/Nov/2025:10:06:46 +0000] "GET /d1/895/AUTH_31323bd5b14c4aefa306e9efd9a95011/gnocchi.0fc84f97-1272-4180-9a0f-e100c3f2530c/1763640000.0_mean_300.0_v3" 200 16 "GET http://172.18.0.2:8080/v1/AUTH_31323bd5b14c4aefa306e9efd9a95011/gnocchi.0fc84f97-1272-4180-9a0f-e100c3f2530c/1763640000.0_mean_300.0_v3" "tx4e6c68814f9a45f197e7e-0069242e36" "proxy-server 20" 0.0008 "-" 24 0
Nov 24 10:06:46 standalone proxy-server[129224]: 172.18.0.2 172.18.0.100 24/Nov/2025/10/06/46 GET /v1/AUTH_31323bd5b14c4aefa306e9efd9a95011/gnocchi.0fc84f97-1272-4180-9a0f-e100c3f2530c/1763640000.0_mean_300.0_v3 HTTP/1.0 200 - python-swiftclient-3.11.1 gAAAAABpJC3WgXjV... - 16 - tx4e6c68814f9a45f197e7e-0069242e36 - 0.0078 - - 1763978806.120957136 1763978806.128789902 0
Nov 24 10:06:46 standalone container-server[127013]: 172.20.0.100 - - [24/Nov/2025:10:06:46 +0000] "PUT /d1/912/AUTH_31323bd5b14c4aefa306e9efd9a95011/gnocchi.0fc84f97-1272-4180-9a0f-e100c3f2530c/1763640000.0_mean_300.0_v3" 201 - "PUT http://172.18.0.2:8080/d1/895/AUTH_31323bd5b14c4aefa306e9efd9a95011/gnocchi.0fc84f97-1272-4180-9a0f-e100c3f2530c/1763640000.0_mean_300.0_v3" "tx64bc3c86f065486ba6f36-0069242e36" "object-server 23" 0.0005 "-" 20 0
Nov 24 10:06:46 standalone object-server[127393]: 172.20.0.100 - - [24/Nov/2025:10:06:46 +0000] "PUT /d1/895/AUTH_31323bd5b14c4aefa306e9efd9a95011/gnocchi.0fc84f97-1272-4180-9a0f-e100c3f2530c/1763640000.0_mean_300.0_v3" 201 - "PUT http://172.18.0.2:8080/v1/AUTH_31323bd5b14c4aefa306e9efd9a95011/gnocchi.0fc84f97-1272-4180-9a0f-e100c3f2530c/1763640000.0_mean_300.0_v3" "tx64bc3c86f065486ba6f36-0069242e36" "proxy-server 20" 0.0103 "-" 23 0
Nov 24 10:06:46 standalone proxy-server[129224]: 172.18.0.2 172.18.0.100 24/Nov/2025/10/06/46 PUT /v1/AUTH_31323bd5b14c4aefa306e9efd9a95011/gnocchi.0fc84f97-1272-4180-9a0f-e100c3f2530c/1763640000.0_mean_300.0_v3 HTTP/1.0 201 - python-swiftclient-3.11.1 gAAAAABpJC3WgXjV... 16 - - tx64bc3c86f065486ba6f36-0069242e36 - 0.0158 - - 1763978806.134286880 1763978806.150076866 0
Nov 24 10:06:46 standalone container-server[127013]: 172.20.0.100 - - [24/Nov/2025:10:06:46 +0000] "PUT /d1/912/AUTH_31323bd5b14c4aefa306e9efd9a95011/gnocchi.0fc84f97-1272-4180-9a0f-e100c3f2530c/none_v3" 201 - "PUT http://172.18.0.2:8080/d1/266/AUTH_31323bd5b14c4aefa306e9efd9a95011/gnocchi.0fc84f97-1272-4180-9a0f-e100c3f2530c/none_v3" "txd46c5a0b893145c48f504-0069242e36" "object-server 24" 0.0005 "-" 20 0
Nov 24 10:06:46 standalone object-server[127394]: 172.20.0.100 - - [24/Nov/2025:10:06:46 +0000] "PUT /d1/266/AUTH_31323bd5b14c4aefa306e9efd9a95011/gnocchi.0fc84f97-1272-4180-9a0f-e100c3f2530c/none_v3" 201 - "PUT http://172.18.0.2:8080/v1/AUTH_31323bd5b14c4aefa306e9efd9a95011/gnocchi.0fc84f97-1272-4180-9a0f-e100c3f2530c/none_v3" "txd46c5a0b893145c48f504-0069242e36" "proxy-server 20" 0.0085 "-" 24 0
Nov 24 10:06:46 standalone proxy-server[129224]: 172.18.0.2 172.18.0.100 24/Nov/2025/10/06/46 PUT /v1/AUTH_31323bd5b14c4aefa306e9efd9a95011/gnocchi.0fc84f97-1272-4180-9a0f-e100c3f2530c/none_v3 HTTP/1.0 201 - python-swiftclient-3.11.1 gAAAAABpJC3WgXjV... 33 - - txd46c5a0b893145c48f504-0069242e36 - 0.0140 - - 1763978806.153681993 1763978806.167640686 0
Nov 24 10:06:46 standalone object-server[127395]: 172.20.0.100 - - [24/Nov/2025:10:06:46 +0000] "GET /d1/842/AUTH_31323bd5b14c4aefa306e9efd9a95011/gnocchi.a5b2c4dd-7d14-4ce1-afa0-ebc19bf4d38f/none_v3" 200 22 "GET http://172.18.0.2:8080/v1/AUTH_31323bd5b14c4aefa306e9efd9a95011/gnocchi.a5b2c4dd-7d14-4ce1-afa0-ebc19bf4d38f/none_v3" "tx65c837838f2944e8ae743-0069242e36" "proxy-server 20" 0.0019 "-" 25 0
Nov 24 10:06:46 standalone proxy-server[129224]: 172.18.0.2 172.18.0.100 24/Nov/2025/10/06/46 GET /v1/AUTH_31323bd5b14c4aefa306e9efd9a95011/gnocchi.a5b2c4dd-7d14-4ce1-afa0-ebc19bf4d38f/none_v3 HTTP/1.0 200 - python-swiftclient-3.11.1 gAAAAABpJC3WgXjV... - 22 - tx65c837838f2944e8ae743-0069242e36 - 0.0088 - - 1763978806.179477453 1763978806.188279629 0
Nov 24 10:06:46 standalone container-server[127013]: 172.20.0.100 - - [24/Nov/2025:10:06:46 +0000] "GET /d1/816/AUTH_31323bd5b14c4aefa306e9efd9a95011/gnocchi.a5b2c4dd-7d14-4ce1-afa0-ebc19bf4d38f" 200 357 "GET http://172.18.0.2:8080/v1/AUTH_31323bd5b14c4aefa306e9efd9a95011/gnocchi.a5b2c4dd-7d14-4ce1-afa0-ebc19bf4d38f?format=json&states=listing" "tx281e244dc08640648fed5-0069242e36" "proxy-server 20" 0.0138 "-" 20 0
Nov 24 10:06:46 standalone proxy-server[129224]: 172.18.0.2 172.18.0.100 24/Nov/2025/10/06/46 GET /v1/AUTH_31323bd5b14c4aefa306e9efd9a95011/gnocchi.a5b2c4dd-7d14-4ce1-afa0-ebc19bf4d38f%3Fformat%3Djson%26states%3Dlisting HTTP/1.0 200 - python-swiftclient-3.11.1 gAAAAABpJC3WgXjV... - 357 - tx281e244dc08640648fed5-0069242e36 - 0.0237 - - 1763978806.191769123 1763978806.215457201 0
Nov 24 10:06:46 standalone container-server[127016]: 172.20.0.100 - - [24/Nov/2025:10:06:46 +0000] "GET /d1/816/AUTH_31323bd5b14c4aefa306e9efd9a95011/gnocchi.a5b2c4dd-7d14-4ce1-afa0-ebc19bf4d38f" 200 2 "GET http://172.18.0.2:8080/v1/AUTH_31323bd5b14c4aefa306e9efd9a95011/gnocchi.a5b2c4dd-7d14-4ce1-afa0-ebc19bf4d38f?format=json&marker=none_v3&states=listing" "tx1bb004a346e14579a8a18-0069242e36" "proxy-server 20" 0.0045 "-" 23 0
Nov 24 10:06:46 standalone proxy-server[129224]: 172.18.0.2 172.18.0.100 24/Nov/2025/10/06/46 GET /v1/AUTH_31323bd5b14c4aefa306e9efd9a95011/gnocchi.a5b2c4dd-7d14-4ce1-afa0-ebc19bf4d38f%3Fformat%3Djson%26marker%3Dnone_v3%26states%3Dlisting HTTP/1.0 200 - python-swiftclient-3.11.1 gAAAAABpJC3WgXjV... - 2 - tx1bb004a346e14579a8a18-0069242e36 - 0.0138 - - 1763978806.218793154 1763978806.232629299 0
Nov 24 10:06:46 standalone object-server[127390]: 172.20.0.100 - - [24/Nov/2025:10:06:46 +0000] "GET /d1/346/AUTH_31323bd5b14c4aefa306e9efd9a95011/gnocchi.a5b2c4dd-7d14-4ce1-afa0-ebc19bf4d38f/1763640000.0_mean_300.0_v3" 200 16 "GET http://172.18.0.2:8080/v1/AUTH_31323bd5b14c4aefa306e9efd9a95011/gnocchi.a5b2c4dd-7d14-4ce1-afa0-ebc19bf4d38f/1763640000.0_mean_300.0_v3" "txcebc3d9019b14419add5c-0069242e36" "proxy-server 20" 0.0007 "-" 22 0
Nov 24 10:06:46 standalone proxy-server[129224]: 172.18.0.2 172.18.0.100 24/Nov/2025/10/06/46 GET /v1/AUTH_31323bd5b14c4aefa306e9efd9a95011/gnocchi.a5b2c4dd-7d14-4ce1-afa0-ebc19bf4d38f/1763640000.0_mean_300.0_v3 HTTP/1.0 200 - python-swiftclient-3.11.1 gAAAAABpJC3WgXjV... - 16 - txcebc3d9019b14419add5c-0069242e36 - 0.0064 - - 1763978806.235924721 1763978806.242359877 0
Nov 24 10:06:46 standalone container-server[127008]: 172.20.0.100 - - [24/Nov/2025:10:06:46 +0000] "PUT /d1/816/AUTH_31323bd5b14c4aefa306e9efd9a95011/gnocchi.a5b2c4dd-7d14-4ce1-afa0-ebc19bf4d38f/1763640000.0_mean_300.0_v3" 201 - "PUT http://172.18.0.2:8080/d1/346/AUTH_31323bd5b14c4aefa306e9efd9a95011/gnocchi.a5b2c4dd-7d14-4ce1-afa0-ebc19bf4d38f/1763640000.0_mean_300.0_v3" "tx705cb6e9a2bf4b7c9536e-0069242e36" "object-server 24" 0.0005 "-" 19 0
Nov 24 10:06:46 standalone object-server[127394]: 172.20.0.100 - - [24/Nov/2025:10:06:46 +0000] "PUT /d1/346/AUTH_31323bd5b14c4aefa306e9efd9a95011/gnocchi.a5b2c4dd-7d14-4ce1-afa0-ebc19bf4d38f/1763640000.0_mean_300.0_v3" 201 - "PUT http://172.18.0.2:8080/v1/AUTH_31323bd5b14c4aefa306e9efd9a95011/gnocchi.a5b2c4dd-7d14-4ce1-afa0-ebc19bf4d38f/1763640000.0_mean_300.0_v3" "tx705cb6e9a2bf4b7c9536e-0069242e36" "proxy-server 20" 0.0102 "-" 24 0
Nov 24 10:06:46 standalone proxy-server[129224]: 172.18.0.2 172.18.0.100 24/Nov/2025/10/06/46 PUT /v1/AUTH_31323bd5b14c4aefa306e9efd9a95011/gnocchi.a5b2c4dd-7d14-4ce1-afa0-ebc19bf4d38f/1763640000.0_mean_300.0_v3 HTTP/1.0 201 - python-swiftclient-3.11.1 gAAAAABpJC3WgXjV... 16 - - tx705cb6e9a2bf4b7c9536e-0069242e36 - 0.0156 - - 1763978806.245052576 1763978806.260666132 0
Nov 24 10:06:46 standalone container-server[127015]: 172.20.0.100 - - [24/Nov/2025:10:06:46 +0000] "PUT /d1/816/AUTH_31323bd5b14c4aefa306e9efd9a95011/gnocchi.a5b2c4dd-7d14-4ce1-afa0-ebc19bf4d38f/none_v3" 201 - "PUT http://172.18.0.2:8080/d1/842/AUTH_31323bd5b14c4aefa306e9efd9a95011/gnocchi.a5b2c4dd-7d14-4ce1-afa0-ebc19bf4d38f/none_v3" "txdb3b708e5d6d4813902e1-0069242e36" "object-server 24" 0.0006 "-" 22 0
Nov 24 10:06:46 standalone object-server[127394]: 172.20.0.100 - - [24/Nov/2025:10:06:46 +0000] "PUT /d1/842/AUTH_31323bd5b14c4aefa306e9efd9a95011/gnocchi.a5b2c4dd-7d14-4ce1-afa0-ebc19bf4d38f/none_v3" 201 - "PUT http://172.18.0.2:8080/v1/AUTH_31323bd5b14c4aefa306e9efd9a95011/gnocchi.a5b2c4dd-7d14-4ce1-afa0-ebc19bf4d38f/none_v3" "txdb3b708e5d6d4813902e1-0069242e36" "proxy-server 20" 0.0143 "-" 24 0
Nov 24 10:06:46 standalone proxy-server[129224]: 172.18.0.2 172.18.0.100 24/Nov/2025/10/06/46 PUT /v1/AUTH_31323bd5b14c4aefa306e9efd9a95011/gnocchi.a5b2c4dd-7d14-4ce1-afa0-ebc19bf4d38f/none_v3 HTTP/1.0 201 - python-swiftclient-3.11.1 gAAAAABpJC3WgXjV... 33 - - txdb3b708e5d6d4813902e1-0069242e36 - 0.0217 - - 1763978806.263440847 1763978806.285178661 0
Nov 24 10:06:50 standalone object-server[127393]: 172.20.0.100 - - [24/Nov/2025:10:06:50 +0000] "GET /d1/592/AUTH_31323bd5b14c4aefa306e9efd9a95011/gnocchi.0de2b465-d723-49ee-8af8-2cb8f512142c/none_v3" 200 22 "GET http://172.18.0.2:8080/v1/AUTH_31323bd5b14c4aefa306e9efd9a95011/gnocchi.0de2b465-d723-49ee-8af8-2cb8f512142c/none_v3" "tx6ea790cbe885404b8503d-0069242e3a" "proxy-server 20" 0.0016 "-" 23 0
Nov 24 10:06:50 standalone proxy-server[129224]: 172.18.0.2 172.18.0.100 24/Nov/2025/10/06/50 GET /v1/AUTH_31323bd5b14c4aefa306e9efd9a95011/gnocchi.0de2b465-d723-49ee-8af8-2cb8f512142c/none_v3 HTTP/1.0 200 - python-swiftclient-3.11.1 gAAAAABpJC3WgXjV... - 22 - tx6ea790cbe885404b8503d-0069242e3a - 0.0119 - - 1763978810.930894136 1763978810.942794323 0
Nov 24 10:06:50 standalone container-server[127015]: 172.20.0.100 - - [24/Nov/2025:10:06:50 +0000] "GET /d1/786/AUTH_31323bd5b14c4aefa306e9efd9a95011/gnocchi.0de2b465-d723-49ee-8af8-2cb8f512142c" 200 357 "GET http://172.18.0.2:8080/v1/AUTH_31323bd5b14c4aefa306e9efd9a95011/gnocchi.0de2b465-d723-49ee-8af8-2cb8f512142c?format=json&states=listing" "txb5e986b158234df896a88-0069242e3a" "proxy-server 20" 0.0180 "-" 22 0
Nov 24 10:06:50 standalone proxy-server[129224]: 172.18.0.2 172.18.0.100 24/Nov/2025/10/06/50 GET /v1/AUTH_31323bd5b14c4aefa306e9efd9a95011/gnocchi.0de2b465-d723-49ee-8af8-2cb8f512142c%3Fformat%3Djson%26states%3Dlisting HTTP/1.0 200 - python-swiftclient-3.11.1 gAAAAABpJC3WgXjV... - 357 - txb5e986b158234df896a88-0069242e3a - 0.0279 - - 1763978810.949671984 1763978810.977567434 0
Nov 24 10:06:50 standalone container-server[127008]: 172.20.0.100 - - [24/Nov/2025:10:06:50 +0000] "GET /d1/786/AUTH_31323bd5b14c4aefa306e9efd9a95011/gnocchi.0de2b465-d723-49ee-8af8-2cb8f512142c" 200 2 "GET http://172.18.0.2:8080/v1/AUTH_31323bd5b14c4aefa306e9efd9a95011/gnocchi.0de2b465-d723-49ee-8af8-2cb8f512142c?format=json&marker=none_v3&states=listing" "tx6ac2911f3c4f4c1d81d53-0069242e3a" "proxy-server 20" 0.0035 "-" 19 0
Nov 24 10:06:50 standalone proxy-server[129224]: 172.18.0.2 172.18.0.100 24/Nov/2025/10/06/50 GET /v1/AUTH_31323bd5b14c4aefa306e9efd9a95011/gnocchi.0de2b465-d723-49ee-8af8-2cb8f512142c%3Fformat%3Djson%26marker%3Dnone_v3%26states%3Dlisting HTTP/1.0 200 - python-swiftclient-3.11.1 gAAAAABpJC3WgXjV... - 2 - tx6ac2911f3c4f4c1d81d53-0069242e3a - 0.0130 - - 1763978810.981954575 1763978810.994938374 0
Nov 24 10:06:51 standalone object-server[127393]: 172.20.0.100 - - [24/Nov/2025:10:06:51 +0000] "GET /d1/41/AUTH_31323bd5b14c4aefa306e9efd9a95011/gnocchi.0de2b465-d723-49ee-8af8-2cb8f512142c/1763640000.0_mean_300.0_v3" 200 16 "GET http://172.18.0.2:8080/v1/AUTH_31323bd5b14c4aefa306e9efd9a95011/gnocchi.0de2b465-d723-49ee-8af8-2cb8f512142c/1763640000.0_mean_300.0_v3" "txb6ca7ad92ce2463992ef1-0069242e3b" "proxy-server 20" 0.0007 "-" 23 0
Nov 24 10:06:51 standalone proxy-server[129224]: 172.18.0.2 172.18.0.100 24/Nov/2025/10/06/51 GET /v1/AUTH_31323bd5b14c4aefa306e9efd9a95011/gnocchi.0de2b465-d723-49ee-8af8-2cb8f512142c/1763640000.0_mean_300.0_v3 HTTP/1.0 200 - python-swiftclient-3.11.1 gAAAAABpJC3WgXjV... - 16 - txb6ca7ad92ce2463992ef1-0069242e3b - 0.0087 - - 1763978811.000461578 1763978811.009205103 0
Nov 24 10:06:51 standalone container-server[127015]: 172.20.0.100 - - [24/Nov/2025:10:06:51 +0000] "PUT /d1/786/AUTH_31323bd5b14c4aefa306e9efd9a95011/gnocchi.0de2b465-d723-49ee-8af8-2cb8f512142c/1763640000.0_mean_300.0_v3" 201 - "PUT http://172.18.0.2:8080/d1/41/AUTH_31323bd5b14c4aefa306e9efd9a95011/gnocchi.0de2b465-d723-49ee-8af8-2cb8f512142c/1763640000.0_mean_300.0_v3" "txdba1ae62c8eb4bd5b22d2-0069242e3b" "object-server 24" 0.0010 "-" 22 0
Nov 24 10:06:51 standalone object-server[127394]: 172.20.0.100 - - [24/Nov/2025:10:06:51 +0000] "PUT /d1/41/AUTH_31323bd5b14c4aefa306e9efd9a95011/gnocchi.0de2b465-d723-49ee-8af8-2cb8f512142c/1763640000.0_mean_300.0_v3" 201 - "PUT http://172.18.0.2:8080/v1/AUTH_31323bd5b14c4aefa306e9efd9a95011/gnocchi.0de2b465-d723-49ee-8af8-2cb8f512142c/1763640000.0_mean_300.0_v3" "txdba1ae62c8eb4bd5b22d2-0069242e3b" "proxy-server 20" 0.0180 "-" 24 0
Nov 24 10:06:51 standalone proxy-server[129224]: 172.18.0.2 172.18.0.100 24/Nov/2025/10/06/51 PUT /v1/AUTH_31323bd5b14c4aefa306e9efd9a95011/gnocchi.0de2b465-d723-49ee-8af8-2cb8f512142c/1763640000.0_mean_300.0_v3 HTTP/1.0 201 - python-swiftclient-3.11.1 gAAAAABpJC3WgXjV... 16 - - txdba1ae62c8eb4bd5b22d2-0069242e3b - 0.0259 - - 1763978811.013625622 1763978811.039568663 0
Nov 24 10:06:51 standalone container-server[127015]: 172.20.0.100 - - [24/Nov/2025:10:06:51 +0000] "PUT /d1/786/AUTH_31323bd5b14c4aefa306e9efd9a95011/gnocchi.0de2b465-d723-49ee-8af8-2cb8f512142c/none_v3" 201 - "PUT http://172.18.0.2:8080/d1/592/AUTH_31323bd5b14c4aefa306e9efd9a95011/gnocchi.0de2b465-d723-49ee-8af8-2cb8f512142c/none_v3" "tx5733a60750144a5791db5-0069242e3b" "object-server 22" 0.0005 "-" 22 0
Nov 24 10:06:51 standalone object-server[127390]: 172.20.0.100 - - [24/Nov/2025:10:06:51 +0000] "PUT /d1/592/AUTH_31323bd5b14c4aefa306e9efd9a95011/gnocchi.0de2b465-d723-49ee-8af8-2cb8f512142c/none_v3" 201 - "PUT http://172.18.0.2:8080/v1/AUTH_31323bd5b14c4aefa306e9efd9a95011/gnocchi.0de2b465-d723-49ee-8af8-2cb8f512142c/none_v3" "tx5733a60750144a5791db5-0069242e3b" "proxy-server 20" 0.0107 "-" 22 0
Nov 24 10:06:51 standalone proxy-server[129224]: 172.18.0.2 172.18.0.100 24/Nov/2025/10/06/51 PUT /v1/AUTH_31323bd5b14c4aefa306e9efd9a95011/gnocchi.0de2b465-d723-49ee-8af8-2cb8f512142c/none_v3 HTTP/1.0 201 - python-swiftclient-3.11.1 gAAAAABpJC3WgXjV... 32 - - tx5733a60750144a5791db5-0069242e3b - 0.0187 - - 1763978811.043885231 1763978811.062610388 0
Nov 24 10:07:00 standalone container-server[127015]: 172.20.0.100 - - [24/Nov/2025:10:07:00 +0000] "HEAD /d1/430/AUTH_31323bd5b14c4aefa306e9efd9a95011/gnocchi.aef42097-df95-47ef-b668-291d675d6a7c" 404 - "HEAD http://172.18.0.2:8080/v1/AUTH_31323bd5b14c4aefa306e9efd9a95011/gnocchi.aef42097-df95-47ef-b668-291d675d6a7c?format=json&states=listing" "txe35b3eb9da904be99d617-0069242e44" "proxy-server 20" 0.0005 "-" 22 0
Nov 24 10:07:00 standalone object-server[127390]: 172.20.0.100 - - [24/Nov/2025:10:07:00 +0000] "GET /d1/704/AUTH_31323bd5b14c4aefa306e9efd9a95011/gnocchi.aef42097-df95-47ef-b668-291d675d6a7c/none_v3" 404 70 "GET http://172.18.0.2:8080/v1/AUTH_31323bd5b14c4aefa306e9efd9a95011/gnocchi.aef42097-df95-47ef-b668-291d675d6a7c/none_v3" "txe35b3eb9da904be99d617-0069242e44" "proxy-server 20" 0.0004 "-" 22 0
Nov 24 10:07:00 standalone proxy-server[129224]: 172.18.0.2 172.18.0.100 24/Nov/2025/10/07/00 GET /v1/AUTH_31323bd5b14c4aefa306e9efd9a95011/gnocchi.aef42097-df95-47ef-b668-291d675d6a7c/none_v3 HTTP/1.0 404 - python-swiftclient-3.11.1 gAAAAABpJC3WgXjV... - 70 - txe35b3eb9da904be99d617-0069242e44 - 0.0117 - - 1763978820.936391830 1763978820.948044538 0
Nov 24 10:07:00 standalone account-server[126944]: 172.20.0.100 - - [24/Nov/2025:10:07:00 +0000] "PUT /d1/93/AUTH_31323bd5b14c4aefa306e9efd9a95011/gnocchi.aef42097-df95-47ef-b668-291d675d6a7c" 201 - "PUT http://172.20.0.100:6001/d1/430/AUTH_31323bd5b14c4aefa306e9efd9a95011/gnocchi.aef42097-df95-47ef-b668-291d675d6a7c" "tx92484c3b7b1a449ea232e-0069242e44" "container-server 19" 0.0089 "-" 23 0
Nov 24 10:07:00 standalone container-server[127008]: 172.20.0.100 - - [24/Nov/2025:10:07:00 +0000] "PUT /d1/430/AUTH_31323bd5b14c4aefa306e9efd9a95011/gnocchi.aef42097-df95-47ef-b668-291d675d6a7c" 201 - "PUT http://172.18.0.2:8080/v1/AUTH_31323bd5b14c4aefa306e9efd9a95011/gnocchi.aef42097-df95-47ef-b668-291d675d6a7c" "tx92484c3b7b1a449ea232e-0069242e44" "proxy-server 20" 0.0222 "-" 19 0
