Oct 8 19:29:23 standalone object-server[132406]: 172.20.0.100 - - [08/Oct/2025:19:29:23 +0000] "GET /d1/87/AUTH_433aca961d4044a58192397d2bfb2ecb/gnocchi.a43031fe-d3f9-4546-b438-25243666fae3/none_v3" 404 70 "GET http://172.18.0.2:8080/v1/AUTH_433aca961d4044a58192397d2bfb2ecb/gnocchi.a43031fe-d3f9-4546-b438-25243666fae3/none_v3" "tx4dd952c60ced41faba73c-0068e6bb93" "proxy-server 20" 0.0003 "-" 22 0
Oct 8 19:29:23 standalone proxy-server[134001]: 172.18.0.2 172.18.0.100 08/Oct/2025/19/29/23 GET /v1/AUTH_433aca961d4044a58192397d2bfb2ecb/gnocchi.a43031fe-d3f9-4546-b438-25243666fae3/none_v3 HTTP/1.0 404 - python-swiftclient-3.11.1 gAAAAABo5rsHjV_5... - 70 - tx4dd952c60ced41faba73c-0068e6bb93 - 0.0124 - - 1759951763.160580873 1759951763.173024178 0
Oct 8 19:29:23 standalone account-server[131650]: 172.20.0.100 - - [08/Oct/2025:19:29:23 +0000] "PUT /d1/564/AUTH_433aca961d4044a58192397d2bfb2ecb/gnocchi.a43031fe-d3f9-4546-b438-25243666fae3" 201 - "PUT http://172.20.0.100:6001/d1/1/AUTH_433aca961d4044a58192397d2bfb2ecb/gnocchi.a43031fe-d3f9-4546-b438-25243666fae3" "tx00bf7693be9a48b5bb4fc-0068e6bb93" "container-server 15" 0.0065 "-" 20 0
Oct 8 19:29:23 standalone container-server[131727]: 172.20.0.100 - - [08/Oct/2025:19:29:23 +0000] "PUT /d1/1/AUTH_433aca961d4044a58192397d2bfb2ecb/gnocchi.a43031fe-d3f9-4546-b438-25243666fae3" 201 - "PUT http://172.18.0.2:8080/v1/AUTH_433aca961d4044a58192397d2bfb2ecb/gnocchi.a43031fe-d3f9-4546-b438-25243666fae3" "tx00bf7693be9a48b5bb4fc-0068e6bb93" "proxy-server 20" 0.0209 "-" 15 0
Oct 8 19:29:23 standalone proxy-server[134001]: 172.18.0.2 172.18.0.100 08/Oct/2025/19/29/23 PUT /v1/AUTH_433aca961d4044a58192397d2bfb2ecb/gnocchi.a43031fe-d3f9-4546-b438-25243666fae3 HTTP/1.0 201 - python-swiftclient-3.11.1 gAAAAABo5rsHjV_5... - - - tx00bf7693be9a48b5bb4fc-0068e6bb93 - 0.0275 - - 1759951763.176379442 1759951763.203884125 0
Oct 8 19:29:23 standalone container-server[131743]: 172.20.0.100 - - [08/Oct/2025:19:29:23 +0000] "HEAD /d1/1/AUTH_433aca961d4044a58192397d2bfb2ecb/gnocchi.a43031fe-d3f9-4546-b438-25243666fae3" 204 - "HEAD http://172.18.0.2:8080/v1/AUTH_433aca961d4044a58192397d2bfb2ecb/gnocchi.a43031fe-d3f9-4546-b438-25243666fae3?format=json&states=listing" "tx32446ad68d504f4787fac-0068e6bb93" "proxy-server 20" 0.0019 "-" 16 0
Oct 8 19:29:23 standalone proxy-server[134001]: - - 08/Oct/2025/19/29/23 HEAD /v1/AUTH_433aca961d4044a58192397d2bfb2ecb/gnocchi.a43031fe-d3f9-4546-b438-25243666fae3%3Fformat%3Djson%26states%3Dlisting HTTP/1.0 204 - Swift - - - - tx32446ad68d504f4787fac-0068e6bb93 - 0.0059 RL - 1759951763.208628416 1759951763.214553595 0
Oct 8 19:29:23 standalone container-server[131718]: 172.20.0.100 - - [08/Oct/2025:19:29:23 +0000] "GET /d1/1/AUTH_433aca961d4044a58192397d2bfb2ecb/gnocchi.a43031fe-d3f9-4546-b438-25243666fae3" 200 2 "GET http://172.18.0.2:8080/v1/AUTH_433aca961d4044a58192397d2bfb2ecb/gnocchi.a43031fe-d3f9-4546-b438-25243666fae3?format=json&states=listing" "tx32446ad68d504f4787fac-0068e6bb93" "proxy-server 20" 0.0037 "-" 10 0
Oct 8 19:29:23 standalone proxy-server[134001]: 172.18.0.2 172.18.0.100 08/Oct/2025/19/29/23 GET /v1/AUTH_433aca961d4044a58192397d2bfb2ecb/gnocchi.a43031fe-d3f9-4546-b438-25243666fae3%3Fformat%3Djson%26states%3Dlisting HTTP/1.0 200 - python-swiftclient-3.11.1 gAAAAABo5rsHjV_5... - 2 - tx32446ad68d504f4787fac-0068e6bb93 - 0.0182 - - 1759951763.207364082 1759951763.225570679 0
Oct 8 19:29:23 standalone object-server[132406]: 172.20.0.100 - - [08/Oct/2025:19:29:23 +0000] "GET /d1/558/AUTH_433aca961d4044a58192397d2bfb2ecb/gnocchi.a43031fe-d3f9-4546-b438-25243666fae3/1759320000.0_mean_300.0_v3" 404 70 "GET http://172.18.0.2:8080/v1/AUTH_433aca961d4044a58192397d2bfb2ecb/gnocchi.a43031fe-d3f9-4546-b438-25243666fae3/1759320000.0_mean_300.0_v3" "tx9a06e247e3e1407dbda8f-0068e6bb93" "proxy-server 20" 0.0004 "-" 22 0
Oct 8 19:29:23 standalone proxy-server[134001]: 172.18.0.2 172.18.0.100 08/Oct/2025/19/29/23 GET /v1/AUTH_433aca961d4044a58192397d2bfb2ecb/gnocchi.a43031fe-d3f9-4546-b438-25243666fae3/1759320000.0_mean_300.0_v3 HTTP/1.0 404 - python-swiftclient-3.11.1 gAAAAABo5rsHjV_5... - 70 - tx9a06e247e3e1407dbda8f-0068e6bb93 - 0.0074 - - 1759951763.229419231 1759951763.236863136 0
Oct 8 19:29:23 standalone container-server[131718]: 172.20.0.100 - - [08/Oct/2025:19:29:23 +0000] "PUT /d1/1/AUTH_433aca961d4044a58192397d2bfb2ecb/gnocchi.a43031fe-d3f9-4546-b438-25243666fae3/1759320000.0_mean_300.0_v3" 201 - "PUT http://172.18.0.2:8080/d1/558/AUTH_433aca961d4044a58192397d2bfb2ecb/gnocchi.a43031fe-d3f9-4546-b438-25243666fae3/1759320000.0_mean_300.0_v3" "tx00c228a493834ce7b9913-0068e6bb93" "object-server 22" 0.0008 "-" 10 0
Oct 8 19:29:23 standalone object-server[132406]: 172.20.0.100 - - [08/Oct/2025:19:29:23 +0000] "PUT /d1/558/AUTH_433aca961d4044a58192397d2bfb2ecb/gnocchi.a43031fe-d3f9-4546-b438-25243666fae3/1759320000.0_mean_300.0_v3" 201 - "PUT http://172.18.0.2:8080/v1/AUTH_433aca961d4044a58192397d2bfb2ecb/gnocchi.a43031fe-d3f9-4546-b438-25243666fae3/1759320000.0_mean_300.0_v3" "tx00c228a493834ce7b9913-0068e6bb93" "proxy-server 20" 0.0162 "-" 22 0
Oct 8 19:29:23 standalone proxy-server[134001]: 172.18.0.2 172.18.0.100 08/Oct/2025/19/29/23 PUT /v1/AUTH_433aca961d4044a58192397d2bfb2ecb/gnocchi.a43031fe-d3f9-4546-b438-25243666fae3/1759320000.0_mean_300.0_v3 HTTP/1.0 201 - python-swiftclient-3.11.1 gAAAAABo5rsHjV_5... 16 - - tx00c228a493834ce7b9913-0068e6bb93 - 0.0227 - - 1759951763.240082979 1759951763.262819529 0
Oct 8 19:29:23 standalone container-server[131743]: 172.20.0.100 - - [08/Oct/2025:19:29:23 +0000] "PUT /d1/1/AUTH_433aca961d4044a58192397d2bfb2ecb/gnocchi.a43031fe-d3f9-4546-b438-25243666fae3/none_v3" 201 - "PUT http://172.18.0.2:8080/d1/87/AUTH_433aca961d4044a58192397d2bfb2ecb/gnocchi.a43031fe-d3f9-4546-b438-25243666fae3/none_v3" "txda594f095b8b4c94b9c93-0068e6bb93" "object-server 22" 0.0006 "-" 16 0
Oct 8 19:29:23 standalone object-server[132406]: 172.20.0.100 - - [08/Oct/2025:19:29:23 +0000] "PUT /d1/87/AUTH_433aca961d4044a58192397d2bfb2ecb/gnocchi.a43031fe-d3f9-4546-b438-25243666fae3/none_v3" 201 - "PUT http://172.18.0.2:8080/v1/AUTH_433aca961d4044a58192397d2bfb2ecb/gnocchi.a43031fe-d3f9-4546-b438-25243666fae3/none_v3" "txda594f095b8b4c94b9c93-0068e6bb93" "proxy-server 20" 0.0099 "-" 22 0
Oct 8 19:29:23 standalone proxy-server[134001]: 172.18.0.2 172.18.0.100 08/Oct/2025/19/29/23 PUT /v1/AUTH_433aca961d4044a58192397d2bfb2ecb/gnocchi.a43031fe-d3f9-4546-b438-25243666fae3/none_v3 HTTP/1.0 201 - python-swiftclient-3.11.1 gAAAAABo5rsHjV_5... 22 - - txda594f095b8b4c94b9c93-0068e6bb93 - 0.0183 - - 1759951763.266500711 1759951763.284798384 0
Oct 8 19:29:29 standalone container-server[131744]: 172.20.0.100 - - [08/Oct/2025:19:29:29 +0000] "HEAD /d1/389/AUTH_433aca961d4044a58192397d2bfb2ecb/gnocchi.f6f4fd0b-4702-4dfa-8fb7-60fedc39a96e" 404 - "HEAD http://172.18.0.2:8080/v1/AUTH_433aca961d4044a58192397d2bfb2ecb/gnocchi.f6f4fd0b-4702-4dfa-8fb7-60fedc39a96e?format=json&states=listing" "txf06e9a72277a45a98ba58-0068e6bb99" "proxy-server 20" 0.0007 "-" 17 0
Oct 8 19:29:29 standalone object-server[132406]: 172.20.0.100 - - [08/Oct/2025:19:29:29 +0000] "GET /d1/722/AUTH_433aca961d4044a58192397d2bfb2ecb/gnocchi.f6f4fd0b-4702-4dfa-8fb7-60fedc39a96e/none_v3" 404 70 "GET http://172.18.0.2:8080/v1/AUTH_433aca961d4044a58192397d2bfb2ecb/gnocchi.f6f4fd0b-4702-4dfa-8fb7-60fedc39a96e/none_v3" "txf06e9a72277a45a98ba58-0068e6bb99" "proxy-server 20" 0.0008 "-" 22 0
Oct 8 19:29:29 standalone proxy-server[134001]: 172.18.0.2 172.18.0.100 08/Oct/2025/19/29/29 GET /v1/AUTH_433aca961d4044a58192397d2bfb2ecb/gnocchi.f6f4fd0b-4702-4dfa-8fb7-60fedc39a96e/none_v3 HTTP/1.0 404 - python-swiftclient-3.11.1 gAAAAABo5rsHjV_5... - 70 - txf06e9a72277a45a98ba58-0068e6bb99 - 0.0109 - - 1759951769.621747255 1759951769.632633924 0
Oct 8 19:29:29 standalone account-server[131624]: 172.20.0.100 - - [08/Oct/2025:19:29:29 +0000] "PUT /d1/564/AUTH_433aca961d4044a58192397d2bfb2ecb/gnocchi.f6f4fd0b-4702-4dfa-8fb7-60fedc39a96e" 201 - "PUT http://172.20.0.100:6001/d1/389/AUTH_433aca961d4044a58192397d2bfb2ecb/gnocchi.f6f4fd0b-4702-4dfa-8fb7-60fedc39a96e" "tx681bd9bff317400e8b8f2-0068e6bb99" "container-server 10" 0.0045 "-" 17 0
Oct 8 19:29:29 standalone container-server[131718]: 172.20.0.100 - - [08/Oct/2025:19:29:29 +0000] "PUT /d1/389/AUTH_433aca961d4044a58192397d2bfb2ecb/gnocchi.f6f4fd0b-4702-4dfa-8fb7-60fedc39a96e" 201 - "PUT http://172.18.0.2:8080/v1/AUTH_433aca961d4044a58192397d2bfb2ecb/gnocchi.f6f4fd0b-4702-4dfa-8fb7-60fedc39a96e" "tx681bd9bff317400e8b8f2-0068e6bb99" "proxy-server 20" 0.0247 "-" 10 0
Oct 8 19:29:29 standalone proxy-server[134001]: 172.18.0.2 172.18.0.100 08/Oct/2025/19/29/29 PUT /v1/AUTH_433aca961d4044a58192397d2bfb2ecb/gnocchi.f6f4fd0b-4702-4dfa-8fb7-60fedc39a96e HTTP/1.0 201 - python-swiftclient-3.11.1 gAAAAABo5rsHjV_5... - - - tx681bd9bff317400e8b8f2-0068e6bb99 - 0.0291 - - 1759951769.635531425 1759951769.664614916 0
Oct 8 19:29:29 standalone container-server[131727]: 172.20.0.100 - - [08/Oct/2025:19:29:29 +0000] "HEAD /d1/389/AUTH_433aca961d4044a58192397d2bfb2ecb/gnocchi.f6f4fd0b-4702-4dfa-8fb7-60fedc39a96e" 204 - "HEAD http://172.18.0.2:8080/v1/AUTH_433aca961d4044a58192397d2bfb2ecb/gnocchi.f6f4fd0b-4702-4dfa-8fb7-60fedc39a96e?format=json&states=listing" "tx9be3ff6651b04f2c96ad9-0068e6bb99" "proxy-server 20" 0.0018 "-" 15 0
Oct 8 19:29:29 standalone proxy-server[134001]: - - 08/Oct/2025/19/29/29 HEAD /v1/AUTH_433aca961d4044a58192397d2bfb2ecb/gnocchi.f6f4fd0b-4702-4dfa-8fb7-60fedc39a96e%3Fformat%3Djson%26states%3Dlisting HTTP/1.0 204 - Swift - - - - tx9be3ff6651b04f2c96ad9-0068e6bb99 - 0.0049 RL - 1759951769.670355797 1759951769.675261736 0
Oct 8 19:29:29 standalone container-server[131744]: 172.20.0.100 - - [08/Oct/2025:19:29:29 +0000] "GET /d1/389/AUTH_433aca961d4044a58192397d2bfb2ecb/gnocchi.f6f4fd0b-4702-4dfa-8fb7-60fedc39a96e" 200 2 "GET http://172.18.0.2:8080/v1/AUTH_433aca961d4044a58192397d2bfb2ecb/gnocchi.f6f4fd0b-4702-4dfa-8fb7-60fedc39a96e?format=json&states=listing" "tx9be3ff6651b04f2c96ad9-0068e6bb99" "proxy-server 20" 0.0024 "-" 17 0
Oct 8 19:29:29 standalone proxy-server[134001]: 172.18.0.2 172.18.0.100 08/Oct/2025/19/29/29 GET /v1/AUTH_433aca961d4044a58192397d2bfb2ecb/gnocchi.f6f4fd0b-4702-4dfa-8fb7-60fedc39a96e%3Fformat%3Djson%26states%3Dlisting HTTP/1.0 200 - python-swiftclient-3.11.1 gAAAAABo5rsHjV_5... - 2 - tx9be3ff6651b04f2c96ad9-0068e6bb99 - 0.0135 - - 1759951769.669359207 1759951769.682880878 0
Oct 8 19:29:29 standalone object-server[132425]: 172.20.0.100 - - [08/Oct/2025:19:29:29 +0000] "GET /d1/183/AUTH_433aca961d4044a58192397d2bfb2ecb/gnocchi.f6f4fd0b-4702-4dfa-8fb7-60fedc39a96e/1759320000.0_mean_300.0_v3" 404 70 "GET http://172.18.0.2:8080/v1/AUTH_433aca961d4044a58192397d2bfb2ecb/gnocchi.f6f4fd0b-4702-4dfa-8fb7-60fedc39a96e/1759320000.0_mean_300.0_v3" "txe43957c05d814135afa2b-0068e6bb99" "proxy-server 20" 0.0006 "-" 25 0
Oct 8 19:29:29 standalone proxy-server[134001]: 172.18.0.2 172.18.0.100 08/Oct/2025/19/29/29 GET /v1/AUTH_433aca961d4044a58192397d2bfb2ecb/gnocchi.f6f4fd0b-4702-4dfa-8fb7-60fedc39a96e/1759320000.0_mean_300.0_v3 HTTP/1.0 404 - python-swiftclient-3.11.1 gAAAAABo5rsHjV_5... - 70 - txe43957c05d814135afa2b-0068e6bb99 - 0.0051 - - 1759951769.690208912 1759951769.695323467 0
Oct 8 19:29:29 standalone container-server[131727]: 172.20.0.100 - - [08/Oct/2025:19:29:29 +0000] "PUT /d1/389/AUTH_433aca961d4044a58192397d2bfb2ecb/gnocchi.f6f4fd0b-4702-4dfa-8fb7-60fedc39a96e/1759320000.0_mean_300.0_v3" 201 - "PUT http://172.18.0.2:8080/d1/183/AUTH_433aca961d4044a58192397d2bfb2ecb/gnocchi.f6f4fd0b-4702-4dfa-8fb7-60fedc39a96e/1759320000.0_mean_300.0_v3" "tx064643bd01514ffe92bd7-0068e6bb99" "object-server 23" 0.0007 "-" 15 0
Oct 8 19:29:29 standalone object-server[132411]: 172.20.0.100 - - [08/Oct/2025:19:29:29 +0000] "PUT /d1/183/AUTH_433aca961d4044a58192397d2bfb2ecb/gnocchi.f6f4fd0b-4702-4dfa-8fb7-60fedc39a96e/1759320000.0_mean_300.0_v3" 201 - "PUT http://172.18.0.2:8080/v1/AUTH_433aca961d4044a58192397d2bfb2ecb/gnocchi.f6f4fd0b-4702-4dfa-8fb7-60fedc39a96e/1759320000.0_mean_300.0_v3" "tx064643bd01514ffe92bd7-0068e6bb99" "proxy-server 20" 0.0103 "-" 23 0
Oct 8 19:29:29 standalone proxy-server[134001]: 172.18.0.2 172.18.0.100 08/Oct/2025/19/29/29 PUT /v1/AUTH_433aca961d4044a58192397d2bfb2ecb/gnocchi.f6f4fd0b-4702-4dfa-8fb7-60fedc39a96e/1759320000.0_mean_300.0_v3 HTTP/1.0 201 - python-swiftclient-3.11.1 gAAAAABo5rsHjV_5... 16 - - tx064643bd01514ffe92bd7-0068e6bb99 - 0.0170 - - 1759951769.698204756 1759951769.715188026 0
Oct 8 19:29:29 standalone container-server[131743]: 172.20.0.100 - - [08/Oct/2025:19:29:29 +0000] "PUT /d1/389/AUTH_433aca961d4044a58192397d2bfb2ecb/gnocchi.f6f4fd0b-4702-4dfa-8fb7-60fedc39a96e/none_v3" 201 - "PUT http://172.18.0.2:8080/d1/722/AUTH_433aca961d4044a58192397d2bfb2ecb/gnocchi.f6f4fd0b-4702-4dfa-8fb7-60fedc39a96e/none_v3" "tx8376f99865194c539e8f5-0068e6bb99" "object-server 22" 0.0006 "-" 16 0
Oct 8 19:29:29 standalone object-server[132406]: 172.20.0.100 - - [08/Oct/2025:19:29:29 +0000] "PUT /d1/722/AUTH_433aca961d4044a58192397d2bfb2ecb/gnocchi.f6f4fd0b-4702-4dfa-8fb7-60fedc39a96e/none_v3" 201 - "PUT http://172.18.0.2:8080/v1/AUTH_433aca961d4044a58192397d2bfb2ecb/gnocchi.f6f4fd0b-4702-4dfa-8fb7-60fedc39a96e/none_v3" "tx8376f99865194c539e8f5-0068e6bb99" "proxy-server 20" 0.0088 "-" 22 0
Oct 8 19:29:29 standalone proxy-server[134001]: 172.18.0.2 172.18.0.100 08/Oct/2025/19/29/29 PUT /v1/AUTH_433aca961d4044a58192397d2bfb2ecb/gnocchi.f6f4fd0b-4702-4dfa-8fb7-60fedc39a96e/none_v3 HTTP/1.0 201 - python-swiftclient-3.11.1 gAAAAABo5rsHjV_5... 22 - - tx8376f99865194c539e8f5-0068e6bb99 - 0.0139 - - 1759951769.718191147 1759951769.732120037 0
Oct 8 19:29:35 standalone object-server[132406]: 172.20.0.100 - - [08/Oct/2025:19:29:35 +0000] "GET /d1/722/AUTH_433aca961d4044a58192397d2bfb2ecb/gnocchi.f6f4fd0b-4702-4dfa-8fb7-60fedc39a96e/none_v3" 200 22 "GET http://172.18.0.2:8080/v1/AUTH_433aca961d4044a58192397d2bfb2ecb/gnocchi.f6f4fd0b-4702-4dfa-8fb7-60fedc39a96e/none_v3" "txba285c0d9b7f4f9aa2d6c-0068e6bb9f" "proxy-server 20" 0.0009 "-" 22 0
Oct 8 19:29:35 standalone proxy-server[134001]: 172.18.0.2 172.18.0.100 08/Oct/2025/19/29/35 GET /v1/AUTH_433aca961d4044a58192397d2bfb2ecb/gnocchi.f6f4fd0b-4702-4dfa-8fb7-60fedc39a96e/none_v3 HTTP/1.0 200 - python-swiftclient-3.11.1 gAAAAABo5rsHjV_5... - 22 - txba285c0d9b7f4f9aa2d6c-0068e6bb9f - 0.0066 - - 1759951775.357543945 1759951775.364107370 0
Oct 8 19:29:35 standalone container-server[131744]: 172.20.0.100 - - [08/Oct/2025:19:29:35 +0000] "GET /d1/389/AUTH_433aca961d4044a58192397d2bfb2ecb/gnocchi.f6f4fd0b-4702-4dfa-8fb7-60fedc39a96e" 200 357 "GET http://172.18.0.2:8080/v1/AUTH_433aca961d4044a58192397d2bfb2ecb/gnocchi.f6f4fd0b-4702-4dfa-8fb7-60fedc39a96e?format=json&states=listing" "tx79ffd04e2a5d4ccba82ab-0068e6bb9f" "proxy-server 20" 0.0492 "-" 17 0
Oct 8 19:29:35 standalone proxy-server[134001]: 172.18.0.2 172.18.0.100 08/Oct/2025/19/29/35 GET /v1/AUTH_433aca961d4044a58192397d2bfb2ecb/gnocchi.f6f4fd0b-4702-4dfa-8fb7-60fedc39a96e%3Fformat%3Djson%26states%3Dlisting HTTP/1.0 200 - python-swiftclient-3.11.1 gAAAAABo5rsHjV_5... - 357 - tx79ffd04e2a5d4ccba82ab-0068e6bb9f - 0.0571 - - 1759951775.369208813 1759951775.426313639 0
Oct 8 19:29:35 standalone container-server[131727]: 172.20.0.100 - - [08/Oct/2025:19:29:35 +0000] "GET /d1/389/AUTH_433aca961d4044a58192397d2bfb2ecb/gnocchi.f6f4fd0b-4702-4dfa-8fb7-60fedc39a96e" 200 2 "GET http://172.18.0.2:8080/v1/AUTH_433aca961d4044a58192397d2bfb2ecb/gnocchi.f6f4fd0b-4702-4dfa-8fb7-60fedc39a96e?format=json&marker=none_v3&states=listing" "txc8c3fc131af84312aa319-0068e6bb9f" "proxy-server 20" 0.0026 "-" 15 0
Oct 8 19:29:35 standalone proxy-server[134001]: 172.18.0.2 172.18.0.100 08/Oct/2025/19/29/35 GET /v1/AUTH_433aca961d4044a58192397d2bfb2ecb/gnocchi.f6f4fd0b-4702-4dfa-8fb7-60fedc39a96e%3Fformat%3Djson%26marker%3Dnone_v3%26states%3Dlisting HTTP/1.0 200 - python-swiftclient-3.11.1 gAAAAABo5rsHjV_5... - 2 - txc8c3fc131af84312aa319-0068e6bb9f - 0.0096 - - 1759951775.429543734 1759951775.439132452 0
Oct 8 19:29:35 standalone object-server[132411]: 172.20.0.100 - - [08/Oct/2025:19:29:35 +0000] "GET /d1/183/AUTH_433aca961d4044a58192397d2bfb2ecb/gnocchi.f6f4fd0b-4702-4dfa-8fb7-60fedc39a96e/1759320000.0_mean_300.0_v3" 200 16 "GET http://172.18.0.2:8080/v1/AUTH_433aca961d4044a58192397d2bfb2ecb/gnocchi.f6f4fd0b-4702-4dfa-8fb7-60fedc39a96e/1759320000.0_mean_300.0_v3" "tx981e2676bd704837a8805-0068e6bb9f" "proxy-server 20" 0.0008 "-" 23 0
Oct 8 19:29:35 standalone proxy-server[134001]: 172.18.0.2 172.18.0.100 08/Oct/2025/19/29/35 GET /v1/AUTH_433aca961d4044a58192397d2bfb2ecb/gnocchi.f6f4fd0b-4702-4dfa-8fb7-60fedc39a96e/1759320000.0_mean_300.0_v3 HTTP/1.0 200 - python-swiftclient-3.11.1 gAAAAABo5rsHjV_5... - 16 - tx981e2676bd704837a8805-0068e6bb9f - 0.0075 - - 1759951775.443004847 1759951775.450546980 0
Oct 8 19:29:35 standalone container-server[131743]: 172.20.0.100 - - [08/Oct/2025:19:29:35 +0000] "PUT /d1/389/AUTH_433aca961d4044a58192397d2bfb2ecb/gnocchi.f6f4fd0b-4702-4dfa-8fb7-60fedc39a96e/1759320000.0_mean_300.0_v3" 201 - "PUT http://172.18.0.2:8080/d1/183/AUTH_433aca961d4044a58192397d2bfb2ecb/gnocchi.f6f4fd0b-4702-4dfa-8fb7-60fedc39a96e/1759320000.0_mean_300.0_v3" "tx8a1033d27bc94d49bd703-0068e6bb9f" "object-server 24" 0.0008 "-" 16 0
Oct 8 19:29:35 standalone object-server[132418]: 172.20.0.100 - - [08/Oct/2025:19:29:35 +0000] "PUT /d1/183/AUTH_433aca961d4044a58192397d2bfb2ecb/gnocchi.f6f4fd0b-4702-4dfa-8fb7-60fedc39a96e/1759320000.0_mean_300.0_v3" 201 - "PUT http://172.18.0.2:8080/v1/AUTH_433aca961d4044a58192397d2bfb2ecb/gnocchi.f6f4fd0b-4702-4dfa-8fb7-60fedc39a96e/1759320000.0_mean_300.0_v3" "tx8a1033d27bc94d49bd703-0068e6bb9f" "proxy-server 20" 0.0649 "-" 24 0
Oct 8 19:29:35 standalone proxy-server[134001]: 172.18.0.2 172.18.0.100 08/Oct/2025/19/29/35 PUT /v1/AUTH_433aca961d4044a58192397d2bfb2ecb/gnocchi.f6f4fd0b-4702-4dfa-8fb7-60fedc39a96e/1759320000.0_mean_300.0_v3 HTTP/1.0 201 - python-swiftclient-3.11.1 gAAAAABo5rsHjV_5... 16 - - tx8a1033d27bc94d49bd703-0068e6bb9f - 0.0712 - - 1759951775.453789234 1759951775.524940491 0
Oct 8 19:29:35 standalone container-server[131718]: 172.20.0.100 - - [08/Oct/2025:19:29:35 +0000] "PUT /d1/389/AUTH_433aca961d4044a58192397d2bfb2ecb/gnocchi.f6f4fd0b-4702-4dfa-8fb7-60fedc39a96e/none_v3" 201 - "PUT http://172.18.0.2:8080/d1/722/AUTH_433aca961d4044a58192397d2bfb2ecb/gnocchi.f6f4fd0b-4702-4dfa-8fb7-60fedc39a96e/none_v3" "txeed8ba3e136e4d3bacb12-0068e6bb9f" "object-server 23" 0.0010 "-" 10 0
Oct 8 19:29:35 standalone object-server[132411]: 172.20.0.100 - - [08/Oct/2025:19:29:35 +0000] "PUT /d1/722/AUTH_433aca961d4044a58192397d2bfb2ecb/gnocchi.f6f4fd0b-4702-4dfa-8fb7-60fedc39a96e/none_v3" 201 - "PUT http://172.18.0.2:8080/v1/AUTH_433aca961d4044a58192397d2bfb2ecb/gnocchi.f6f4fd0b-4702-4dfa-8fb7-60fedc39a96e/none_v3" "txeed8ba3e136e4d3bacb12-0068e6bb9f" "proxy-server 20" 0.0379 "-" 23 0
Oct 8 19:29:35 standalone proxy-server[134001]: 172.18.0.2 172.18.0.100 08/Oct/2025/19/29/35 PUT /v1/AUTH_433aca961d4044a58192397d2bfb2ecb/gnocchi.f6f4fd0b-4702-4dfa-8fb7-60fedc39a96e/none_v3 HTTP/1.0 201 - python-swiftclient-3.11.1 gAAAAABo5rsHjV_5... 32 - - txeed8ba3e136e4d3bacb12-0068e6bb9f - 0.0478 - - 1759951775.529572010 1759951775.577335358 0
Oct 8 19:33:12 standalone account-server[131650]: 172.20.0.100 - - [08/Oct/2025:19:33:12 +0000] "HEAD /d1/564/AUTH_433aca961d4044a58192397d2bfb2ecb" 204 - "HEAD http://172.18.0.2:8080/v1/AUTH_433aca961d4044a58192397d2bfb2ecb?format=json" "tx3f717072eb2f4e9ca8640-0068e6bc78" "proxy-server 20" 0.0077 "-" 20 -
Oct 8 19:33:12 standalone proxy-server[134001]: - - 08/Oct/2025/19/33/12 HEAD /v1/AUTH_433aca961d4044a58192397d2bfb2ecb%3Fformat%3Djson HTTP/1.0 204 - Swift - - - - tx3f717072eb2f4e9ca8640-0068e6bc78 - 0.0147 RL - 1759951992.198995829 1759951992.213723898 -
Oct 8 19:33:12 standalone container-server[131743]: 172.20.0.100 - - [08/Oct/2025:19:33:12 +0000] "HEAD /d1/43/AUTH_433aca961d4044a58192397d2bfb2ecb/gnocchi.23534e41-6bcd-4d3a-8ede-bbc5369466ca" 204 - "HEAD http://172.18.0.2:8080/v1/AUTH_433aca961d4044a58192397d2bfb2ecb/gnocchi.23534e41-6bcd-4d3a-8ede-bbc5369466ca?format=json&states=listing" "tx3f717072eb2f4e9ca8640-0068e6bc78" "proxy-server 20" 0.0027 "-" 16 0
Oct 8 19:33:12 standalone object-server[132411]: 172.20.0.100 - - [08/Oct/2025:19:33:12 +0000] "GET /d1/12/AUTH_433aca961d4044a58192397d2bfb2ecb/gnocchi.23534e41-6bcd-4d3a-8ede-bbc5369466ca/none_v3" 200 22 "GET http://172.18.0.2:8080/v1/AUTH_433aca961d4044a58192397d2bfb2ecb/gnocchi.23534e41-6bcd-4d3a-8ede-bbc5369466ca/none_v3" "tx3f717072eb2f4e9ca8640-0068e6bc78" "proxy-server 20" 0.0013 "-" 23 0
Oct 8 19:33:12 standalone proxy-server[134001]: 172.18.0.2 172.18.0.100 08/Oct/2025/19/33/12 GET /v1/AUTH_433aca961d4044a58192397d2bfb2ecb/gnocchi.23534e41-6bcd-4d3a-8ede-bbc5369466ca/none_v3 HTTP/1.0 200 - python-swiftclient-3.11.1 gAAAAABo5rsHjV_5... - 22 - tx3f717072eb2f4e9ca8640-0068e6bc78 - 0.3582 - - 1759951992.197809458 1759951992.556019783 0
Oct 8 19:33:12 standalone container-server[131718]: 172.20.0.100 - - [08/Oct/2025:19:33:12 +0000] "GET /d1/43/AUTH_433aca961d4044a58192397d2bfb2ecb/gnocchi.23534e41-6bcd-4d3a-8ede-bbc5369466ca" 200 357 "GET http://172.18.0.2:8080/v1/AUTH_433aca961d4044a58192397d2bfb2ecb/gnocchi.23534e41-6bcd-4d3a-8ede-bbc5369466ca?format=json&states=listing" "tx46ff08a6549b4cc8983fc-0068e6bc78" "proxy-server 20" 0.0042 "-" 10 0
Oct 8 19:33:12 standalone proxy-server[134001]: 172.18.0.2 172.18.0.100 08/Oct/2025/19/33/12 GET /v1/AUTH_433aca961d4044a58192397d2bfb2ecb/gnocchi.23534e41-6bcd-4d3a-8ede-bbc5369466ca%3Fformat%3Djson%26states%3Dlisting HTTP/1.0 200 - python-swiftclient-3.11.1 gAAAAABo5rsHjV_5... - 357 - tx46ff08a6549b4cc8983fc-0068e6bc78 - 0.0141 - - 1759951992.561397076 1759951992.575465441 0
Oct 8 19:33:12 standalone container-server[131727]: 172.20.0.100 - - [08/Oct/2025:19:33:12 +0000] "GET /d1/43/AUTH_433aca961d4044a58192397d2bfb2ecb/gnocchi.23534e41-6bcd-4d3a-8ede-bbc5369466ca" 200 2 "GET http://172.18.0.2:8080/v1/AUTH_433aca961d4044a58192397d2bfb2ecb/gnocchi.23534e41-6bcd-4d3a-8ede-bbc5369466ca?format=json&marker=none_v3&states=listing" "tx9569d9a5007e4906921cd-0068e6bc78" "proxy-server 20" 0.0052 "-" 15 0
Oct 8 19:33:12 standalone proxy-server[134001]: 172.18.0.2 172.18.0.100 08/Oct/2025/19/33/12 GET /v1/AUTH_433aca961d4044a58192397d2bfb2ecb/gnocchi.23534e41-6bcd-4d3a-8ede-bbc5369466ca%3Fformat%3Djson%26marker%3Dnone_v3%26states%3Dlisting HTTP/1.0 200 - python-swiftclient-3.11.1 gAAAAABo5rsHjV_5... - 2 - tx9569d9a5007e4906921cd-0068e6bc78 - 0.0161 - - 1759951992.579441071 1759951992.595510960 0
Oct 8 19:33:12 standalone object-server[132418]: 172.20.0.100 - - [08/Oct/2025:19:33:12 +0000] "GET /d1/58/AUTH_433aca961d4044a58192397d2bfb2ecb/gnocchi.23534e41-6bcd-4d3a-8ede-bbc5369466ca/1759320000.0_mean_300.0_v3" 200 16 "GET http://172.18.0.2:8080/v1/AUTH_433aca961d4044a58192397d2bfb2ecb/gnocchi.23534e41-6bcd-4d3a-8ede-bbc5369466ca/1759320000.0_mean_300.0_v3" "tx6791dc73831d455da85f5-0068e6bc78" "proxy-server 20" 0.0007 "-" 24 0
Oct 8 19:33:12 standalone proxy-server[134001]: 172.18.0.2 172.18.0.100 08/Oct/2025/19/33/12 GET /v1/AUTH_433aca961d4044a58192397d2bfb2ecb/gnocchi.23534e41-6bcd-4d3a-8ede-bbc5369466ca/1759320000.0_mean_300.0_v3 HTTP/1.0 200 - python-swiftclient-3.11.1 gAAAAABo5rsHjV_5... - 16 - tx6791dc73831d455da85f5-0068e6bc78 - 0.0086 - - 1759951992.601224422 1759951992.609822273 0
Oct 8 19:33:12 standalone object-server[132425]: 172.20.0.100 - - [08/Oct/2025:19:33:12 +0000] "GET /d1/533/AUTH_433aca961d4044a58192397d2bfb2ecb/gnocchi.23534e41-6bcd-4d3a-8ede-bbc5369466ca/1759320000.0_rate%3Amean_300.0_v3" 404 70 "GET http://172.18.0.2:8080/v1/AUTH_433aca961d4044a58192397d2bfb2ecb/gnocchi.23534e41-6bcd-4d3a-8ede-bbc5369466ca/1759320000.0_rate%3Amean_300.0_v3" "tx43f3e596dc0241c19ec70-0068e6bc78" "proxy-server 20" 0.0005 "-" 25 0
Oct 8 19:33:12 standalone proxy-server[134001]: 172.18.0.2 172.18.0.100 08/Oct/2025/19/33/12 GET /v1/AUTH_433aca961d4044a58192397d2bfb2ecb/gnocchi.23534e41-6bcd-4d3a-8ede-bbc5369466ca/1759320000.0_rate%253Amean_300.0_v3 HTTP/1.0 404 - python-swiftclient-3.11.1 gAAAAABo5rsHjV_5... - 70 - tx43f3e596dc0241c19ec70-0068e6bc78 - 0.0086 - - 1759951992.614336729 1759951992.622922897 0
Oct 8 19:33:12 standalone container-server[131744]: 172.20.0.100 - - [08/Oct/2025:19:33:12 +0000] "PUT /d1/43/AUTH_433aca961d4044a58192397d2bfb2ecb/gnocchi.23534e41-6bcd-4d3a-8ede-bbc5369466ca/1759320000.0_mean_300.0_v3" 201 - "PUT http://172.18.0.2:8080/d1/58/AUTH_433aca961d4044a58192397d2bfb2ecb/gnocchi.23534e41-6bcd-4d3a-8ede-bbc5369466ca/1759320000.0_mean_300.0_v3" "tx51640e62a19a465886878-0068e6bc78" "object-server 25" 0.0007 "-" 17 0
Oct 8 19:33:12 standalone object-server[132425]: 172.20.0.100 - - [08/Oct/2025:19:33:12 +0000] "PUT /d1/58/AUTH_433aca961d4044a58192397d2bfb2ecb/gnocchi.23534e41-6bcd-4d3a-8ede-bbc5369466ca/1759320000.0_mean_300.0_v3" 201 - "PUT http://172.18.0.2:8080/v1/AUTH_433aca961d4044a58192397d2bfb2ecb/gnocchi.23534e41-6bcd-4d3a-8ede-bbc5369466ca/1759320000.0_mean_300.0_v3" "tx51640e62a19a465886878-0068e6bc78" "proxy-server 20" 0.0083 "-" 25 0
Oct 8 19:33:12 standalone proxy-server[134001]: 172.18.0.2 172.18.0.100 08/Oct/2025/19/33/12 PUT /v1/AUTH_433aca961d4044a58192397d2bfb2ecb/gnocchi.23534e41-6bcd-4d3a-8ede-bbc5369466ca/1759320000.0_mean_300.0_v3 HTTP/1.0 201 - python-swiftclient-3.11.1 gAAAAABo5rsHjV_5... 27 - - tx51640e62a19a465886878-0068e6bc78 - 0.0129 - - 1759951992.626778364 1759951992.639724255 0
Oct 8 19:33:12 standalone container-server[131743]: 172.20.0.100 - - [08/Oct/2025:19:33:12 +0000] "PUT /d1/43/AUTH_433aca961d4044a58192397d2bfb2ecb/gnocchi.23534e41-6bcd-4d3a-8ede-bbc5369466ca/1759320000.0_rate%3Amean_300.0_v3" 201 - "PUT http://172.18.0.2:8080/d1/533/AUTH_433aca961d4044a58192397d2bfb2ecb/gnocchi.23534e41-6bcd-4d3a-8ede-bbc5369466ca/1759320000.0_rate%3Amean_300.0_v3" "tx6f4fc941d876430a8ccb2-0068e6bc78" "object-server 23" 0.0005 "-" 16 0
Oct 8 19:33:12 standalone object-server[132411]: 172.20.0.100 - - [08/Oct/2025:19:33:12 +0000] "PUT /d1/533/AUTH_433aca961d4044a58192397d2bfb2ecb/gnocchi.23534e41-6bcd-4d3a-8ede-bbc5369466ca/1759320000.0_rate%3Amean_300.0_v3" 201 - "PUT http://172.18.0.2:8080/v1/AUTH_433aca961d4044a58192397d2bfb2ecb/gnocchi.23534e41-6bcd-4d3a-8ede-bbc5369466ca/1759320000.0_rate%3Amean_300.0_v3" "tx6f4fc941d876430a8ccb2-0068e6bc78" "proxy-server 20" 0.0091 "-" 23 0
Oct 8 19:33:12 standalone proxy-server[134001]: 172.18.0.2 172.18.0.100 08/Oct/2025/19/33/12 PUT /v1/AUTH_433aca961d4044a58192397d2bfb2ecb/gnocchi.23534e41-6bcd-4d3a-8ede-bbc5369466ca/1759320000.0_rate%253Amean_300.0_v3 HTTP/1.0 201 - python-swiftclient-3.11.1 gAAAAABo5rsHjV_5... 16 - - tx6f4fc941d876430a8ccb2-0068e6bc78 - 0.0155 - - 1759951992.642075539 1759951992.657623529 0
Oct 8 19:33:12 standalone container-server[131744]: 172.20.0.100 - - [08/Oct/2025:19:33:12 +0000] "PUT /d1/43/AUTH_433aca961d4044a58192397d2bfb2ecb/gnocchi.23534e41-6bcd-4d3a-8ede-bbc5369466ca/none_v3" 201 - "PUT http://172.18.0.2:8080/d1/12/AUTH_433aca961d4044a58192397d2bfb2ecb/gnocchi.23534e41-6bcd-4d3a-8ede-bbc5369466ca/none_v3" "tx214dbd23b40748cbb96c0-0068e6bc78" "object-server 24" 0.0007 "-" 17 0
Oct 8 19:33:12 standalone object-server[132418]: 172.20.0.100 - - [08/Oct/2025:19:33:12 +0000] "PUT /d1/12/AUTH_433aca961d4044a58192397d2bfb2ecb/gnocchi.23534e41-6bcd-4d3a-8ede-bbc5369466ca/none_v3" 201 - "PUT http://172.18.0.2:8080/v1/AUTH_433aca961d4044a58192397d2bfb2ecb/gnocchi.23534e41-6bcd-4d3a-8ede-bbc5369466ca/none_v3" "tx214dbd23b40748cbb96c0-0068e6bc78" "proxy-server 20" 0.0329 "-" 24 0
Oct 8 19:33:12 standalone proxy-server[134001]: 172.18.0.2 172.18.0.100 08/Oct/2025/19/33/12 PUT /v1/AUTH_433aca961d4044a58192397d2bfb2ecb/gnocchi.23534e41-6bcd-4d3a-8ede-bbc5369466ca/none_v3 HTTP/1.0 201 - python-swiftclient-3.11.1 gAAAAABo5rsHjV_5... 34 - - tx214dbd23b40748cbb96c0-0068e6bc78 - 0.0381 - - 1759951992.659920931 1759951992.698067904 0
Oct 8 19:33:12 standalone container-server[131727]: 172.20.0.100 - - [08/Oct/2025:19:33:12 +0000] "HEAD /d1/507/AUTH_433aca961d4044a58192397d2bfb2ecb/gnocchi.9b13cd90-0d6c-4a71-924c-0889be9d43a0" 404 - "HEAD http://172.18.0.2:8080/v1/AUTH_433aca961d4044a58192397d2bfb2ecb/gnocchi.9b13cd90-0d6c-4a71-924c-0889be9d43a0?format=json&states=listing" "tx5fb037a392b64ca2a295b-0068e6bc78" "proxy-server 20" 0.0009 "-" 15 0
Oct 8 19:33:12 standalone object-server[132418]: 172.20.0.100 - - [08/Oct/2025:19:33:12 +0000] "GET /d1/277/AUTH_433aca961d4044a58192397d2bfb2ecb/gnocchi.9b13cd90-0d6c-4a71-924c-0889be9d43a0/none_v3" 404 70 "GET http://172.18.0.2:8080/v1/AUTH_433aca961d4044a58192397d2bfb2ecb/gnocchi.9b13cd90-0d6c-4a71-924c-0889be9d43a0/none_v3" "tx5fb037a392b64ca2a295b-0068e6bc78" "proxy-server 20" 0.0004 "-" 24 0
Oct 8 19:33:12 standalone proxy-server[134001]: 172.18.0.2 172.18.0.100 08/Oct/2025/19/33/12 GET /v1/AUTH_433aca961d4044a58192397d2bfb2ecb/gnocchi.9b13cd90-0d6c-4a71-924c-0889be9d43a0/none_v3 HTTP/1.0 404 - python-swiftclient-3.11.1 gAAAAABo5rsHjV_5... - 70 - tx5fb037a392b64ca2a295b-0068e6bc78 - 0.0129 - - 1759951992.715240717 1759951992.728174686 0
Oct 8 19:33:12 standalone account-server[131624]: 172.20.0.100 - - [08/Oct/2025:19:33:12 +0000] "PUT /d1/564/AUTH_433aca961d4044a58192397d2bfb2ecb/gnocchi.9b13cd90-0d6c-4a71-924c-0889be9d43a0" 201 - "PUT http://172.20.0.100:6001/d1/507/AUTH_433aca961d4044a58192397d2bfb2ecb/gnocchi.9b13cd90-0d6c-4a71-924c-0889be9d43a0" "txf6e3bba2ead247e59eacb-0068e6bc78" "container-server 17" 0.0011 "-" 17 0
Oct 8 19:33:12 standalone container-server[131744]: 172.20.0.100 - - [08/Oct/2025:19:33:12 +0000] "PUT /d1/507/AUTH_433aca961d4044a58192397d2bfb2ecb/gnocchi.9b13cd90-0d6c-4a71-924c-0889be9d43a0" 201 - "PUT http://172.18.0.2:8080/v1/AUTH_433aca961d4044a58192397d2bfb2ecb/gnocchi.9b13cd90-0d6c-4a71-924c-0889be9d43a0" "txf6e3bba2ead247e59eacb-0068e6bc78" "proxy-server 20" 0.0603 "-" 17 0
Oct 8 19:33:12 standalone proxy-server[134001]: 172.18.0.2 172.18.0.100 08/Oct/2025/19/33/12 PUT /v1/AUTH_433aca961d4044a58192397d2bfb2ecb/gnocchi.9b13cd90-0d6c-4a71-924c-0889be9d43a0 HTTP/1.0 201 - python-swiftclient-3.11.1 gAAAAABo5rsHjV_5... - - - txf6e3bba2ead247e59eacb-0068e6bc78 - 0.0685 - - 1759951992.732196331 1759951992.800696135 0
Oct 8 19:33:12 standalone container-server[131727]: 172.20.0.100 - - [08/Oct/2025:19:33:12 +0000] "HEAD /d1/507/AUTH_433aca961d4044a58192397d2bfb2ecb/gnocchi.9b13cd90-0d6c-4a71-924c-0889be9d43a0" 204 - "HEAD http://172.18.0.2:8080/v1/AUTH_433aca961d4044a58192397d2bfb2ecb/gnocchi.9b13cd90-0d6c-4a71-924c-0889be9d43a0?format=json&states=listing" "txa8cf8c1854cb408eb3ef7-0068e6bc78" "proxy-server 20" 0.0026 "-" 15 0
Oct 8 19:33:12 standalone proxy-server[134001]: - - 08/Oct/2025/19/33/12 HEAD /v1/AUTH_433aca961d4044a58192397d2bfb2ecb/gnocchi.9b13cd90-0d6c-4a71-924c-0889be9d43a0%3Fformat%3Djson%26states%3Dlisting HTTP/1.0 204 - Swift - - - - txa8cf8c1854cb408eb3ef7-0068e6bc78 - 0.0095 RL - 1759951992.808587551 1759951992.818058968 0
Oct 8 19:33:12 standalone container-server[131744]: 172.20.0.100 - - [08/Oct/2025:19:33:12 +0000] "GET /d1/507/AUTH_433aca961d4044a58192397d2bfb2ecb/gnocchi.9b13cd90-0d6c-4a71-924c-0889be9d43a0" 200 2 "GET http://172.18.0.2:8080/v1/AUTH_433aca961d4044a58192397d2bfb2ecb/gnocchi.9b13cd90-0d6c-4a71-924c-0889be9d43a0?format=json&states=listing" "txa8cf8c1854cb408eb3ef7-0068e6bc78" "proxy-server 20" 0.0036 "-" 17 0
Oct 8 19:33:12 standalone proxy-server[134001]: 172.18.0.2 172.18.0.100 08/Oct/2025/19/33/12 GET /v1/AUTH_433aca961d4044a58192397d2bfb2ecb/gnocchi.9b13cd90-0d6c-4a71-924c-0889be9d43a0%3Fformat%3Djson%26states%3Dlisting HTTP/1.0 200 - python-swiftclient-3.11.1 gAAAAABo5rsHjV_5... - 2 - txa8cf8c1854cb408eb3ef7-0068e6bc78 - 0.0243 - - 1759951992.806747198 1759951992.831081629 0
Oct 8 19:33:12 standalone object-server[132406]: 172.20.0.100 - - [08/Oct/2025:19:33:12 +0000] "GET /d1/930/AUTH_433aca961d4044a58192397d2bfb2ecb/gnocchi.9b13cd90-0d6c-4a71-924c-0889be9d43a0/1759320000.0_mean_300.0_v3" 404 70 "GET http://172.18.0.2:8080/v1/AUTH_433aca961d4044a58192397d2bfb2ecb/gnocchi.9b13cd90-0d6c-4a71-924c-0889be9d43a0/1759320000.0_mean_300.0_v3" "tx53c4613114214e2ca5459-0068e6bc78" "proxy-server 20" 0.0005 "-" 22 0
Oct 8 19:33:12 standalone proxy-server[134001]: 172.18.0.2 172.18.0.100 08/Oct/2025/19/33/12 GET /v1/AUTH_433aca961d4044a58192397d2bfb2ecb/gnocchi.9b13cd90-0d6c-4a71-924c-0889be9d43a0/1759320000.0_mean_300.0_v3 HTTP/1.0 404 - python-swiftclient-3.11.1 gAAAAABo5rsHjV_5... - 70 - tx53c4613114214e2ca5459-0068e6bc78 - 0.0087 - - 1759951992.836889029 1759951992.845564127 0
Oct 8 19:33:12 standalone container-server[131743]: 172.20.0.100 - - [08/Oct/2025:19:33:12 +0000] "PUT /d1/507/AUTH_433aca961d4044a58192397d2bfb2ecb/gnocchi.9b13cd90-0d6c-4a71-924c-0889be9d43a0/1759320000.0_mean_300.0_v3" 201 - "PUT http://172.18.0.2:8080/d1/930/AUTH_433aca961d4044a58192397d2bfb2ecb/gnocchi.9b13cd90-0d6c-4a71-924c-0889be9d43a0/1759320000.0_mean_300.0_v3" "tx97dc329315584275aa7ff-0068e6bc78" "object-server 25" 0.0009 "-" 16 0
Oct 8 19:33:12 standalone object-server[132425]: 172.20.0.100 - - [08/Oct/2025:19:33:12 +0000] "PUT /d1/930/AUTH_433aca961d4044a58192397d2bfb2ecb/gnocchi.9b13cd90-0d6c-4a71-924c-0889be9d43a0/1759320000.0_mean_300.0_v3" 201 - "PUT http://172.18.0.2:8080/v1/AUTH_433aca961d4044a58192397d2bfb2ecb/gnocchi.9b13cd90-0d6c-4a71-924c-0889be9d43a0/1759320000.0_mean_300.0_v3" "tx97dc329315584275aa7ff-0068e6bc78" "proxy-server 20" 0.0117 "-" 25 0
Oct 8 19:33:12 standalone proxy-server[134001]: 172.18.0.2 172.18.0.100 08/Oct/2025/19/33/12 PUT /v1/AUTH_433aca961d4044a58192397d2bfb2ecb/gnocchi.9b13cd90-0d6c-4a71-924c-0889be9d43a0/1759320000.0_mean_300.0_v3 HTTP/1.0 201 - python-swiftclient-3.11.1 gAAAAABo5rsHjV_5... 16 - - tx97dc329315584275aa7ff-0068e6bc78 - 0.0198 - - 1759951992.850368738 1759951992.870218277 0
Oct 8 19:33:12 standalone container-server[131727]: 172.20.0.100 - - [08/Oct/2025:19:33:12 +0000] "PUT /d1/507/AUTH_433aca961d4044a58192397d2bfb2ecb/gnocchi.9b13cd90-0d6c-4a71-924c-0889be9d43a0/none_v3" 201 - "PUT http://172.18.0.2:8080/d1/277/AUTH_433aca961d4044a58192397d2bfb2ecb/gnocchi.9b13cd90-0d6c-4a71-924c-0889be9d43a0/none_v3" "txf093ad1bba894cc59f113-0068e6bc78" "object-server 23" 0.0008 "-" 15 0
Oct 8 19:33:12 standalone object-server[132411]: 172.20.0.100 - - [08/Oct/2025:19:33:12 +0000] "PUT /d1/277/AUTH_433aca961d4044a58192397d2bfb2ecb/gnocchi.9b13cd90-0d6c-4a71-924c-0889be9d43a0/none_v3" 201 - "PUT http://172.18.0.2:8080/v1/AUTH_433aca961d4044a58192397d2bfb2ecb/gnocchi.9b13cd90-0d6c-4a71-924c-0889be9d43a0/none_v3" "txf093ad1bba894cc59f113-0068e6bc78" "proxy-server 20" 0.0148 "-" 23 0
Oct 8 19:33:12 standalone proxy-server[134001]: 172.18.0.2 172.18.0.100 08/Oct/2025/19/33/12 PUT /v1/AUTH_433aca961d4044a58192397d2bfb2ecb/gnocchi.9b13cd90-0d6c-4a71-924c-0889be9d43a0/none_v3 HTTP/1.0 201 - python-swiftclient-3.11.1 gAAAAABo5rsHjV_5... 22 - - txf093ad1bba894cc59f113-0068e6bc78 - 0.0247 - - 1759951992.874461412 1759951992.899197102 0
Oct 8 19:33:12 standalone container-server[131727]: 172.20.0.100 - - [08/Oct/2025:19:33:12 +0000] "HEAD /d1/48/AUTH_433aca961d4044a58192397d2bfb2ecb/gnocchi.c5b7aa7f-85aa-478d-9440-09bc451a8fc2" 204 - "HEAD http://172.18.0.2:8080/v1/AUTH_433aca961d4044a58192397d2bfb2ecb/gnocchi.c5b7aa7f-85aa-478d-9440-09bc451a8fc2?format=json&states=listing" "txb80d15cca5f4478c9f53d-0068e6bc78" "proxy-server 20" 0.0023 "-" 15 0
Oct 8 19:33:12 standalone object-server[132425]: 172.20.0.100 - - [08/Oct/2025:19:33:12 +0000] "GET /d1/920/AUTH_433aca961d4044a58192397d2bfb2ecb/gnocchi.c5b7aa7f-85aa-478d-9440-09bc451a8fc2/none_v3" 200 22 "GET http://172.18.0.2:8080/v1/AUTH_433aca961d4044a58192397d2bfb2ecb/gnocchi.c5b7aa7f-85aa-478d-9440-09bc451a8fc2/none_v3" "txb80d15cca5f4478c9f53d-0068e6bc78" "proxy-server 20" 0.0013 "-" 25 0
Oct 8 19:33:12 standalone proxy-server[134001]: 172.18.0.2 172.18.0.100 08/Oct/2025/19/33/12 GET /v1/AUTH_433aca961d4044a58192397d2bfb2ecb/gnocchi.c5b7aa7f-85aa-478d-9440-09bc451a8fc2/none_v3 HTTP/1.0 200 - python-swiftclient-3.11.1 gAAAAABo5rsHjV_5... - 22 - txb80d15cca5f4478c9f53d-0068e6bc78 - 0.0244 - - 1759951992.919923306 1759951992.944346666 0
Oct 8 19:33:12 standalone container-server[131744]: 172.20.0.100 - - [08/Oct/2025:19:33:12 +0000] "GET /d1/48/AUTH_433aca961d4044a58192397d2bfb2ecb/gnocchi.c5b7aa7f-85aa-478d-9440-09bc451a8fc2" 200 357 "GET http://172.18.0.2:8080/v1/AUTH_433aca961d4044a58192397d2bfb2ecb/gnocchi.c5b7aa7f-85aa-478d-9440-09bc451a8fc2?format=json&states=listing" "tx4656d5d38e63491aaa020-0068e6bc78" "proxy-server 20" 0.0039 "-" 17 0
Oct 8 19:33:12 standalone proxy-server[134001]: 172.18.0.2 172.18.0.100 08/Oct/2025/19/33/12 GET /v1/AUTH_433aca961d4044a58192397d2bfb2ecb/gnocchi.c5b7aa7f-85aa-478d-9440-09bc451a8fc2%3Fformat%3Djson%26states%3Dlisting HTTP/1.0 200 - python-swiftclient-3.11.1 gAAAAABo5rsHjV_5... - 357 - tx4656d5d38e63491aaa020-0068e6bc78 - 0.0171 - - 1759951992.951386452 1759951992.968458891 0
Oct 8 19:33:12 standalone container-server[131743]: 172.20.0.100 - - [08/Oct/2025:19:33:12 +0000] "GET /d1/48/AUTH_433aca961d4044a58192397d2bfb2ecb/gnocchi.c5b7aa7f-85aa-478d-9440-09bc451a8fc2" 200 2 "GET http://172.18.0.2:8080/v1/AUTH_433aca961d4044a58192397d2bfb2ecb/gnocchi.c5b7aa7f-85aa-478d-9440-09bc451a8fc2?format=json&marker=none_v3&states=listing" "txf36b14e6567d416cb4a1a-0068e6bc78" "proxy-server 20" 0.0047 "-" 16 0
Oct 8 19:33:12 standalone proxy-server[134001]: 172.18.0.2 172.18.0.100 08/Oct/2025/19/33/12 GET /v1/AUTH_433aca961d4044a58192397d2bfb2ecb/gnocchi.c5b7aa7f-85aa-478d-9440-09bc451a8fc2%3Fformat%3Djson%26marker%3Dnone_v3%26states%3Dlisting HTTP/1.0 200 - python-swiftclient-3.11.1 gAAAAABo5rsHjV_5... - 2 - txf36b14e6567d416cb4a1a-0068e6bc78 - 0.0198 - - 1759951992.974349976 1759951992.994185209 0
Oct 8 19:33:13 standalone object-server[132425]: 172.20.0.100 - - [08/Oct/2025:19:33:13 +0000] "GET /d1/137/AUTH_433aca961d4044a58192397d2bfb2ecb/gnocchi.c5b7aa7f-85aa-478d-9440-09bc451a8fc2/1759320000.0_mean_300.0_v3" 200 16 "GET http://172.18.0.2:8080/v1/AUTH_433aca961d4044a58192397d2bfb2ecb/gnocchi.c5b7aa7f-85aa-478d-9440-09bc451a8fc2/1759320000.0_mean_300.0_v3" "tx34d0c3d8bbae428eb70a8-0068e6bc79" "proxy-server 20" 0.0014 "-" 25 0
Oct 8 19:33:13 standalone proxy-server[134001]: 172.18.0.2 172.18.0.100 08/Oct/2025/19/33/13 GET /v1/AUTH_433aca961d4044a58192397d2bfb2ecb/gnocchi.c5b7aa7f-85aa-478d-9440-09bc451a8fc2/1759320000.0_mean_300.0_v3 HTTP/1.0 200 - python-swiftclient-3.11.1 gAAAAABo5rsHjV_5... - 16 - tx34d0c3d8bbae428eb70a8-0068e6bc79 - 0.0134 - - 1759951993.002160549 1759951993.015589237 0
Oct 8 19:33:13 standalone object-server[132418]: 172.20.0.100 - - [08/Oct/2025:19:33:13 +0000] "GET /d1/89/AUTH_433aca961d4044a58192397d2bfb2ecb/gnocchi.c5b7aa7f-85aa-478d-9440-09bc451a8fc2/1759320000.0_rate%3Amean_300.0_v3" 404 70 "GET http://172.18.0.2:8080/v1/AUTH_433aca961d4044a58192397d2bfb2ecb/gnocchi.c5b7aa7f-85aa-478d-9440-09bc451a8fc2/1759320000.0_rate%3Amean_300.0_v3" "tx0a55ccacd68d431a8cbdd-0068e6bc79" "proxy-server 20" 0.0005 "-" 24 0
Oct 8 19:33:13 standalone proxy-server[134001]: 172.18.0.2 172.18.0.100 08/Oct/2025/19/33/13 GET /v1/AUTH_433aca961d4044a58192397d2bfb2ecb/gnocchi.c5b7aa7f-85aa-478d-9440-09bc451a8fc2/1759320000.0_rate%253Amean_300.0_v3 HTTP/1.0 404 - python-swiftclient-3.11.1 gAAAAABo5rsHjV_5... - 70 - tx0a55ccacd68d431a8cbdd-0068e6bc79 - 0.0125 - - 1759951993.021368742 1759951993.033893108 0
Oct 8 19:33:13 standalone container-server[131743]: 172.20.0.100 - - [08/Oct/2025:19:33:13 +0000] "PUT /d1/48/AUTH_433aca961d4044a58192397d2bfb2ecb/gnocchi.c5b7aa7f-85aa-478d-9440-09bc451a8fc2/1759320000.0_mean_300.0_v3" 201 - "PUT http://172.18.0.2:8080/d1/137/AUTH_433aca961d4044a58192397d2bfb2ecb/gnocchi.c5b7aa7f-85aa-478d-9440-09bc451a8fc2/1759320000.0_mean_300.0_v3" "tx87f189e803f2441eb8c50-0068e6bc79" "object-server 24" 0.0011 "-" 16 0
Oct 8 19:33:13 standalone object-server[132418]: 172.20.0.100 - - [08/Oct/2025:19:33:13 +0000] "PUT /d1/137/AUTH_433aca961d4044a58192397d2bfb2ecb/gnocchi.c5b7aa7f-85aa-478d-9440-09bc451a8fc2/1759320000.0_mean_300.0_v3" 201 - "PUT http://172.18.0.2:8080/v1/AUTH_433aca961d4044a58192397d2bfb2ecb/gnocchi.c5b7aa7f-85aa-478d-9440-09bc451a8fc2/1759320000.0_mean_300.0_v3" "tx87f189e803f2441eb8c50-0068e6bc79" "proxy-server 20" 0.0160 "-" 24 0
Oct 8 19:33:13 standalone proxy-server[134001]: 172.18.0.2 172.18.0.100 08/Oct/2025/19/33/13 PUT /v1/AUTH_433aca961d4044a58192397d2bfb2ecb/gnocchi.c5b7aa7f-85aa-478d-9440-09bc451a8fc2/1759320000.0_mean_300.0_v3 HTTP/1.0 201 - python-swiftclient-3.11.1 gAAAAABo5rsHjV_5... 18 - - tx87f189e803f2441eb8c50-0068e6bc79 - 0.0281 - - 1759951993.042471647 1759951993.070614576 0
Oct 8 19:33:13 standalone container-server[131743]: 172.20.0.100 - - [08/Oct/2025:19:33:13 +0000] "PUT /d1/48/AUTH_433aca961d4044a58192397d2bfb2ecb/gnocchi.c5b7aa7f-85aa-478d-9440-09bc451a8fc2/1759320000.0_rate%3Amean_300.0_v3" 201 - "PUT http://172.18.0.2:8080/d1/89/AUTH_433aca961d4044a58192397d2bfb2ecb/gnocchi.c5b7aa7f-85aa-478d-9440-09bc451a8fc2/1759320000.0_rate%3Amean_300.0_v3" "tx6a65e9cdfa8346dfb835e-0068e6bc79" "object-server 22" 0.0018 "-" 16 0
Oct 8 19:33:13 standalone object-server[132406]: 172.20.0.100 - - [08/Oct/2025:19:33:13 +0000] "PUT /d1/89/AUTH_433aca961d4044a58192397d2bfb2ecb/gnocchi.c5b7aa7f-85aa-478d-9440-09bc451a8fc2/1759320000.0_rate%3Amean_300.0_v3" 201 - "PUT http://172.18.0.2:8080/v1/AUTH_433aca961d4044a58192397d2bfb2ecb/gnocchi.c5b7aa7f-85aa-478d-9440-09bc451a8fc2/1759320000.0_rate%3Amean_300.0_v3" "tx6a65e9cdfa8346dfb835e-0068e6bc79" "proxy-server 20" 0.0162 "-" 22 0
Oct 8 19:33:13 standalone proxy-server[134001]: 172.18.0.2 172.18.0.100 08/Oct/2025/19/33/13 PUT /v1/AUTH_433aca961d4044a58192397d2bfb2ecb/gnocchi.c5b7aa7f-85aa-478d-9440-09bc451a8fc2/1759320000.0_rate%253Amean_300.0_v3 HTTP/1.0 201 - python-swiftclient-3.11.1 gAAAAABo5rsHjV_5... 16 - - tx6a65e9cdfa8346dfb835e-0068e6bc79 - 0.0292 - - 1759951993.076650143 1759951993.105875731 0
Oct 8 19:33:13 standalone container-server[131727]: 172.20.0.100 - - [08/Oct/2025:19:33:13 +0000] "PUT /d1/48/AUTH_433aca961d4044a58192397d2bfb2ecb/gnocchi.c5b7aa7f-85aa-478d-9440-09bc451a8fc2/none_v3" 201 - "PUT http://172.18.0.2:8080/d1/920/AUTH_433aca961d4044a58192397d2bfb2ecb/gnocchi.c5b7aa7f-85aa-478d-9440-09bc451a8fc2/none_v3" "txbebdaf506d244ce38b04c-0068e6bc79" "object-server 25" 0.0007 "-" 15 0
Oct 8 19:33:13 standalone object-server[132425]: 172.20.0.100 - - [08/Oct/2025:19:33:13 +0000] "PUT /d1/920/AUTH_433aca961d4044a58192397d2bfb2ecb/gnocchi.c5b7aa7f-85aa-478d-9440-09bc451a8fc2/none_v3" 201 - "PUT http://172.18.0.2:8080/v1/AUTH_433aca961d4044a58192397d2bfb2ecb/gnocchi.c5b7aa7f-85aa-478d-9440-09bc451a8fc2/none_v3" "txbebdaf506d244ce38b04c-0068e6bc79" "proxy-server 20" 0.0229 "-" 25 0
Oct 8 19:33:13 standalone proxy-server[134001]: 172.18.0.2 172.18.0.100 08/Oct/2025/19/33/13 PUT /v1/AUTH_433aca961d4044a58192397d2bfb2ecb/gnocchi.c5b7aa7f-85aa-478d-9440-09bc451a8fc2/none_v3 HTTP/1.0 201 - python-swiftclient-3.11.1 gAAAAABo5rsHjV_5... 27 - - txbebdaf506d244ce38b04c-0068e6bc79 - 0.0347 - - 1759951993.112143517 1759951993.146856546 0
Oct 8 19:33:13 standalone container-server[131727]: 172.20.0.100 - - [08/Oct/2025:19:33:13 +0000] "HEAD /d1/307/AUTH_433aca961d4044a58192397d2bfb2ecb/gnocchi.4b21e0a1-e61b-4d9d-a281-f51cd4495c10" 204 - "HEAD http://172.18.0.2:8080/v1/AUTH_433aca961d4044a58192397d2bfb2ecb/gnocchi.4b21e0a1-e61b-4d9d-a281-f51cd4495c10?format=json&states=listing" "tx0cff3bd961b64f82a4dc5-0068e6bc79" "proxy-server 20" 0.0025 "-" 15 0
Oct 8 19:33:13 standalone object-server[132406]: 172.20.0.100 - - [08/Oct/2025:19:33:13 +0000] "GET /d1/879/AUTH_433aca961d4044a58192397d2bfb2ecb/gnocchi.4b21e0a1-e61b-4d9d-a281-f51cd4495c10/none_v3" 200 22 "GET http://172.18.0.2:8080/v1/AUTH_433aca961d4044a58192397d2bfb2ecb/gnocchi.4b21e0a1-e61b-4d9d-a281-f51cd4495c10/none_v3" "tx0cff3bd961b64f82a4dc5-0068e6bc79" "proxy-server 20" 0.0022 "-" 22 0
Oct 8 19:33:13 standalone proxy-server[134001]: 172.18.0.2 172.18.0.100 08/Oct/2025/19/33/13 GET /v1/AUTH_433aca961d4044a58192397d2bfb2ecb/gnocchi.4b21e0a1-e61b-4d9d-a281-f51cd4495c10/none_v3 HTTP/1.0 200 - python-swiftclient-3.11.1 gAAAAABo5rsHjV_5... - 22 - tx0cff3bd961b64f82a4dc5-0068e6bc79 - 0.0935 - - 1759951993.172953606 1759951993.266464233 0
Oct 8 19:33:13 standalone container-server[131727]: 172.20.0.100 - - [08/Oct/2025:19:33:13 +0000] "HEAD /d1/374/AUTH_433aca961d4044a58192397d2bfb2ecb/gnocchi.a6de8257-e523-49d0-86cb-f1a8b5acd610" 404 - "HEAD http://172.18.0.2:8080/v1/AUTH_433aca961d4044a58192397d2bfb2ecb/gnocchi.a6de8257-e523-49d0-86cb-f1a8b5acd610?format=json&states=listing" "tx6b450a04353b418e9dec7-0068e6bc79" "proxy-server 20" 0.0004 "-" 15 0
Oct 8 19:33:13 standalone object-server[132425]: 172.20.0.100 - - [08/Oct/2025:19:33:13 +0000] "GET /d1/713/AUTH_433aca961d4044a58192397d2bfb2ecb/gnocchi.a6de8257-e523-49d0-86cb-f1a8b5acd610/none_v3" 404 70 "GET http://172.18.0.2:8080/v1/AUTH_433aca961d4044a58192397d2bfb2ecb/gnocchi.a6de8257-e523-49d0-86cb-f1a8b5acd610/none_v3" "tx6b450a04353b418e9dec7-0068e6bc79" "proxy-server 20" 0.0006 "-" 25 0
Oct 8 19:33:13 standalone proxy-server[134001]: 172.18.0.2 172.18.0.100 08/Oct/2025/19/33/13 GET /v1/AUTH_433aca961d4044a58192397d2bfb2ecb/gnocchi.a6de8257-e523-49d0-86cb-f1a8b5acd610/none_v3 HTTP/1.0 404 - python-swiftclient-3.11.1 gAAAAABo5rsHjV_5... - 70 - tx6b450a04353b418e9dec7-0068e6bc79 - 0.0853 - - 1759951993.270016909 1759951993.355285406 0
Oct 8 19:33:13 standalone account-server[131637]: 172.20.0.100 - - [08/Oct/2025:19:33:13 +0000] "PUT /d1/564/AUTH_433aca961d4044a58192397d2bfb2ecb/gnocchi.a6de8257-e523-49d0-86cb-f1a8b5acd610" 201 - "PUT http://172.20.0.100:6001/d1/374/AUTH_433aca961d4044a58192397d2bfb2ecb/gnocchi.a6de8257-e523-49d0-86cb-f1a8b5acd610" "tx5c375d5763304e89a46f7-0068e6bc79" "container-server 16" 0.0059 "-" 19 0
Oct 8 19:33:13 standalone container-server[131743]: 172.20.0.100 - - [08/Oct/2025:19:33:13 +0000] "PUT /d1/374/AUTH_433aca961d4044a58192397d2bfb2ecb/gnocchi.a6de8257-e523-49d0-86cb-f1a8b5acd610" 201 - "PUT http://172.18.0.2:8080/v1/AUTH_433aca961d4044a58192397d2bfb2ecb/gnocchi.a6de8257-e523-49d0-86cb-f1a8b5acd610" "tx5c375d5763304e89a46f7-0068e6bc79" "proxy-server 20" 0.0928 "-" 16 0
Oct 8 19:33:13 standalone proxy-server[134001]: 172.18.0.2 172.18.0.100 08/Oct/2025/19/33/13 PUT /v1/AUTH_433aca961d4044a58192397d2bfb2ecb/gnocchi.a6de8257-e523-49d0-86cb-f1a8b5acd610 HTTP/1.0 201 - python-swiftclient-3.11.1 gAAAAABo5rsHjV_5... - - - tx5c375d5763304e89a46f7-0068e6bc79 - 0.1008 - - 1759951993.358224630 1759951993.459019423 0
Oct 8 19:33:13 standalone container-server[131727]: 172.20.0.100 - - [08/Oct/2025:19:33:13 +0000] "GET /d1/307/AUTH_433aca961d4044a58192397d2bfb2ecb/gnocchi.4b21e0a1-e61b-4d9d-a281-f51cd4495c10" 200 357 "GET http://172.18.0.2:8080/v1/AUTH_433aca961d4044a58192397d2bfb2ecb/gnocchi.4b21e0a1-e61b-4d9d-a281-f51cd4495c10?format=json&states=listing" "tx3e0a3910eb09450b86f53-0068e6bc79" "proxy-server 20" 0.0021 "-" 15 0
Oct 8 19:33:13 standalone proxy-server[134001]: 172.18.0.2 172.18.0.100 08/Oct/2025/19/33/13 GET /v1/AUTH_433aca961d4044a58192397d2bfb2ecb/gnocchi.4b21e0a1-e61b-4d9d-a281-f51cd4495c10%3Fformat%3Djson%26states%3Dlisting HTTP/1.0 200 - python-swiftclient-3.11.1 gAAAAABo5rsHjV_5... - 357 - tx3e0a3910eb09450b86f53-0068e6bc79 - 0.0096 - - 1759951993.464922190 1759951993.474554300 0
Oct 8 19:33:13 standalone container-server[131718]: 172.20.0.100 - - [08/Oct/2025:19:33:13 +0000] "GET /d1/307/AUTH_433aca961d4044a58192397d2bfb2ecb/gnocchi.4b21e0a1-e61b-4d9d-a281-f51cd4495c10" 200 2 "GET http://172.18.0.2:8080/v1/AUTH_433aca961d4044a58192397d2bfb2ecb/gnocchi.4b21e0a1-e61b-4d9d-a281-f51cd4495c10?format=json&marker=none_v3&states=listing" "tx52aeb973ee05476aa13b4-0068e6bc79" "proxy-server 20" 0.0043 "-" 10 0
Oct 8 19:33:13 standalone proxy-server[134001]: 172.18.0.2 172.18.0.100 08/Oct/2025/19/33/13 GET /v1/AUTH_433aca961d4044a58192397d2bfb2ecb/gnocchi.4b21e0a1-e61b-4d9d-a281-f51cd4495c10%3Fformat%3Djson%26marker%3Dnone_v3%26states%3Dlisting HTTP/1.0 200 - python-swiftclient-3.11.1 gAAAAABo5rsHjV_5... - 2 - tx52aeb973ee05476aa13b4-0068e6bc79 - 0.0135 - - 1759951993.478424549 1759951993.491882324 0
Oct 8 19:33:13 standalone container-server[131727]: 172.20.0.100 - - [08/Oct/2025:19:33:13 +0000] "HEAD /d1/374/AUTH_433aca961d4044a58192397d2bfb2ecb/gnocchi.a6de8257-e523-49d0-86cb-f1a8b5acd610" 204 - "HEAD http://172.18.0.2:8080/v1/AUTH_433aca961d4044a58192397d2bfb2ecb/gnocchi.a6de8257-e523-49d0-86cb-f1a8b5acd610?format=json&states=listing" "txc8ca5c58189444269dee1-0068e6bc79" "proxy-server 20" 0.0015 "-" 15 0
Oct 8 19:33:13 standalone proxy-server[134001]: - - 08/Oct/2025/19/33/13 HEAD /v1/AUTH_433aca961d4044a58192397d2bfb2ecb/gnocchi.a6de8257-e523-49d0-86cb-f1a8b5acd610%3Fformat%3Djson%26states%3Dlisting HTTP/1.0 204 - Swift - - - - txc8ca5c58189444269dee1-0068e6bc79 - 0.0050 RL - 1759951993.498074055 1759951993.503043652 0
Oct 8 19:33:13 standalone container-server[131744]: 172.20.0.100 - - [08/Oct/2025:19:33:13 +0000] "GET /d1/374/AUTH_433aca961d4044a58192397d2bfb2ecb/gnocchi.a6de8257-e523-49d0-86cb-f1a8b5acd610" 200 2 "GET http://172.18.0.2:8080/v1/AUTH_433aca961d4044a58192397d2bfb2ecb/gnocchi.a6de8257-e523-49d0-86cb-f1a8b5acd610?format=json&states=listing" "txc8ca5c58189444269dee1-0068e6bc79" "proxy-server 20" 0.0025 "-" 17 0
Oct 8 19:33:13 standalone proxy-server[134001]: 172.18.0.2 172.18.0.100 08/Oct/2025/19/33/13 GET /v1/AUTH_433aca961d4044a58192397d2bfb2ecb/gnocchi.a6de8257-e523-49d0-86cb-f1a8b5acd610%3Fformat%3Djson%26states%3Dlisting HTTP/1.0 200 - python-swiftclient-3.11.1 gAAAAABo5rsHjV_5... - 2 - txc8ca5c58189444269dee1-0068e6bc79 - 0.0154 - - 1759951993.497044563 1759951993.512434959 0
