Oct 8 19:29:09 standalone container-server[131718]: 172.20.0.100 - - [08/Oct/2025:19:29:09 +0000] "GET /d1/611/AUTH_433aca961d4044a58192397d2bfb2ecb/gnocchi.5c25ff04-da45-4573-9f1c-45d8d69a31e4" 200 2 "GET http://172.18.0.2:8080/v1/AUTH_433aca961d4044a58192397d2bfb2ecb/gnocchi.5c25ff04-da45-4573-9f1c-45d8d69a31e4?format=json&marker=none_v3&states=listing" "txa3139d85b65d48e1b8d56-0068e6bb85" "proxy-server 20" 0.0053 "-" 10 0
Oct 8 19:29:09 standalone proxy-server[134001]: 172.18.0.2 172.18.0.100 08/Oct/2025/19/29/09 GET /v1/AUTH_433aca961d4044a58192397d2bfb2ecb/gnocchi.5c25ff04-da45-4573-9f1c-45d8d69a31e4%3Fformat%3Djson%26marker%3Dnone_v3%26states%3Dlisting HTTP/1.0 200 - python-swiftclient-3.11.1 gAAAAABo5rsHjV_5... - 2 - txa3139d85b65d48e1b8d56-0068e6bb85 - 0.0118 - - 1759951749.450016737 1759951749.461798906 0
Oct 8 19:29:09 standalone object-server[132406]: 172.20.0.100 - - [08/Oct/2025:19:29:09 +0000] "GET /d1/594/AUTH_433aca961d4044a58192397d2bfb2ecb/gnocchi.5c25ff04-da45-4573-9f1c-45d8d69a31e4/1759320000.0_mean_300.0_v3" 200 16 "GET http://172.18.0.2:8080/v1/AUTH_433aca961d4044a58192397d2bfb2ecb/gnocchi.5c25ff04-da45-4573-9f1c-45d8d69a31e4/1759320000.0_mean_300.0_v3" "txfe02dbfbd8bd499cac6a8-0068e6bb85" "proxy-server 20" 0.0011 "-" 22 0
Oct 8 19:29:09 standalone proxy-server[134001]: 172.18.0.2 172.18.0.100 08/Oct/2025/19/29/09 GET /v1/AUTH_433aca961d4044a58192397d2bfb2ecb/gnocchi.5c25ff04-da45-4573-9f1c-45d8d69a31e4/1759320000.0_mean_300.0_v3 HTTP/1.0 200 - python-swiftclient-3.11.1 gAAAAABo5rsHjV_5... - 16 - txfe02dbfbd8bd499cac6a8-0068e6bb85 - 0.0179 - - 1759951749.465401173 1759951749.483277321 0
Oct 8 19:29:09 standalone container-server[131718]: 172.20.0.100 - - [08/Oct/2025:19:29:09 +0000] "PUT /d1/611/AUTH_433aca961d4044a58192397d2bfb2ecb/gnocchi.5c25ff04-da45-4573-9f1c-45d8d69a31e4/1759320000.0_mean_300.0_v3" 201 - "PUT http://172.18.0.2:8080/d1/594/AUTH_433aca961d4044a58192397d2bfb2ecb/gnocchi.5c25ff04-da45-4573-9f1c-45d8d69a31e4/1759320000.0_mean_300.0_v3" "txb79759785811476193212-0068e6bb85" "object-server 23" 0.0006 "-" 10 0
Oct 8 19:29:09 standalone object-server[132411]: 172.20.0.100 - - [08/Oct/2025:19:29:09 +0000] "PUT /d1/594/AUTH_433aca961d4044a58192397d2bfb2ecb/gnocchi.5c25ff04-da45-4573-9f1c-45d8d69a31e4/1759320000.0_mean_300.0_v3" 201 - "PUT http://172.18.0.2:8080/v1/AUTH_433aca961d4044a58192397d2bfb2ecb/gnocchi.5c25ff04-da45-4573-9f1c-45d8d69a31e4/1759320000.0_mean_300.0_v3" "txb79759785811476193212-0068e6bb85" "proxy-server 20" 0.0344 "-" 23 0
Oct 8 19:29:09 standalone proxy-server[134001]: 172.18.0.2 172.18.0.100 08/Oct/2025/19/29/09 PUT /v1/AUTH_433aca961d4044a58192397d2bfb2ecb/gnocchi.5c25ff04-da45-4573-9f1c-45d8d69a31e4/1759320000.0_mean_300.0_v3 HTTP/1.0 201 - python-swiftclient-3.11.1 gAAAAABo5rsHjV_5... 16 - - txb79759785811476193212-0068e6bb85 - 0.0408 - - 1759951749.486193180 1759951749.527022839 0
Oct 8 19:29:09 standalone container-server[131727]: 172.20.0.100 - - [08/Oct/2025:19:29:09 +0000] "PUT /d1/611/AUTH_433aca961d4044a58192397d2bfb2ecb/gnocchi.5c25ff04-da45-4573-9f1c-45d8d69a31e4/none_v3" 201 - "PUT http://172.18.0.2:8080/d1/774/AUTH_433aca961d4044a58192397d2bfb2ecb/gnocchi.5c25ff04-da45-4573-9f1c-45d8d69a31e4/none_v3" "tx9d481fe61701452c8a487-0068e6bb85" "object-server 22" 0.0005 "-" 15 0
Oct 8 19:29:09 standalone object-server[132406]: 172.20.0.100 - - [08/Oct/2025:19:29:09 +0000] "PUT /d1/774/AUTH_433aca961d4044a58192397d2bfb2ecb/gnocchi.5c25ff04-da45-4573-9f1c-45d8d69a31e4/none_v3" 201 - "PUT http://172.18.0.2:8080/v1/AUTH_433aca961d4044a58192397d2bfb2ecb/gnocchi.5c25ff04-da45-4573-9f1c-45d8d69a31e4/none_v3" "tx9d481fe61701452c8a487-0068e6bb85" "proxy-server 20" 0.0105 "-" 22 0
Oct 8 19:29:09 standalone proxy-server[134001]: 172.18.0.2 172.18.0.100 08/Oct/2025/19/29/09 PUT /v1/AUTH_433aca961d4044a58192397d2bfb2ecb/gnocchi.5c25ff04-da45-4573-9f1c-45d8d69a31e4/none_v3 HTTP/1.0 201 - python-swiftclient-3.11.1 gAAAAABo5rsHjV_5... 48 - - tx9d481fe61701452c8a487-0068e6bb85 - 0.0189 - - 1759951749.531965494 1759951749.550872326 0
Oct 8 19:29:11 standalone object-server[132411]: 172.20.0.100 - - [08/Oct/2025:19:29:11 +0000] "GET /d1/519/AUTH_433aca961d4044a58192397d2bfb2ecb/gnocchi.3aed8726-7f8c-4ab1-9fc7-47bbb64ae2b6/none_v3" 200 22 "GET http://172.18.0.2:8080/v1/AUTH_433aca961d4044a58192397d2bfb2ecb/gnocchi.3aed8726-7f8c-4ab1-9fc7-47bbb64ae2b6/none_v3" "tx4dc01be2aabc4b3db6f45-0068e6bb87" "proxy-server 20" 0.0016 "-" 23 0
Oct 8 19:29:11 standalone proxy-server[134001]: 172.18.0.2 172.18.0.100 08/Oct/2025/19/29/11 GET /v1/AUTH_433aca961d4044a58192397d2bfb2ecb/gnocchi.3aed8726-7f8c-4ab1-9fc7-47bbb64ae2b6/none_v3 HTTP/1.0 200 - python-swiftclient-3.11.1 gAAAAABo5rsHjV_5... - 22 - tx4dc01be2aabc4b3db6f45-0068e6bb87 - 0.0108 - - 1759951751.125147581 1759951751.135912895 0
Oct 8 19:29:11 standalone container-server[131727]: 172.20.0.100 - - [08/Oct/2025:19:29:11 +0000] "GET /d1/941/AUTH_433aca961d4044a58192397d2bfb2ecb/gnocchi.3aed8726-7f8c-4ab1-9fc7-47bbb64ae2b6" 200 357 "GET http://172.18.0.2:8080/v1/AUTH_433aca961d4044a58192397d2bfb2ecb/gnocchi.3aed8726-7f8c-4ab1-9fc7-47bbb64ae2b6?format=json&states=listing" "txaa94a6c793eb4b2da0e1a-0068e6bb87" "proxy-server 20" 0.0174 "-" 15 0
Oct 8 19:29:11 standalone proxy-server[134001]: 172.18.0.2 172.18.0.100 08/Oct/2025/19/29/11 GET /v1/AUTH_433aca961d4044a58192397d2bfb2ecb/gnocchi.3aed8726-7f8c-4ab1-9fc7-47bbb64ae2b6%3Fformat%3Djson%26states%3Dlisting HTTP/1.0 200 - python-swiftclient-3.11.1 gAAAAABo5rsHjV_5... - 357 - txaa94a6c793eb4b2da0e1a-0068e6bb87 - 0.0239 - - 1759951751.139661551 1759951751.163601160 0
Oct 8 19:29:11 standalone container-server[131727]: 172.20.0.100 - - [08/Oct/2025:19:29:11 +0000] "GET /d1/941/AUTH_433aca961d4044a58192397d2bfb2ecb/gnocchi.3aed8726-7f8c-4ab1-9fc7-47bbb64ae2b6" 200 2 "GET http://172.18.0.2:8080/v1/AUTH_433aca961d4044a58192397d2bfb2ecb/gnocchi.3aed8726-7f8c-4ab1-9fc7-47bbb64ae2b6?format=json&marker=none_v3&states=listing" "txd583a31212ca4104a828b-0068e6bb87" "proxy-server 20" 0.0031 "-" 15 0
Oct 8 19:29:11 standalone proxy-server[134001]: 172.18.0.2 172.18.0.100 08/Oct/2025/19/29/11 GET /v1/AUTH_433aca961d4044a58192397d2bfb2ecb/gnocchi.3aed8726-7f8c-4ab1-9fc7-47bbb64ae2b6%3Fformat%3Djson%26marker%3Dnone_v3%26states%3Dlisting HTTP/1.0 200 - python-swiftclient-3.11.1 gAAAAABo5rsHjV_5... - 2 - txd583a31212ca4104a828b-0068e6bb87 - 0.0089 - - 1759951751.167002439 1759951751.175872087 0
Oct 8 19:29:11 standalone object-server[132406]: 172.20.0.100 - - [08/Oct/2025:19:29:11 +0000] "GET /d1/633/AUTH_433aca961d4044a58192397d2bfb2ecb/gnocchi.3aed8726-7f8c-4ab1-9fc7-47bbb64ae2b6/1759320000.0_mean_300.0_v3" 200 16 "GET http://172.18.0.2:8080/v1/AUTH_433aca961d4044a58192397d2bfb2ecb/gnocchi.3aed8726-7f8c-4ab1-9fc7-47bbb64ae2b6/1759320000.0_mean_300.0_v3" "txd2c7cb5a888c46d59d781-0068e6bb87" "proxy-server 20" 0.0008 "-" 22 0
Oct 8 19:29:11 standalone proxy-server[134001]: 172.18.0.2 172.18.0.100 08/Oct/2025/19/29/11 GET /v1/AUTH_433aca961d4044a58192397d2bfb2ecb/gnocchi.3aed8726-7f8c-4ab1-9fc7-47bbb64ae2b6/1759320000.0_mean_300.0_v3 HTTP/1.0 200 - python-swiftclient-3.11.1 gAAAAABo5rsHjV_5... - 16 - txd2c7cb5a888c46d59d781-0068e6bb87 - 0.0128 - - 1759951751.180170774 1759951751.192963600 0
Oct 8 19:29:11 standalone container-server[131743]: 172.20.0.100 - - [08/Oct/2025:19:29:11 +0000] "PUT /d1/941/AUTH_433aca961d4044a58192397d2bfb2ecb/gnocchi.3aed8726-7f8c-4ab1-9fc7-47bbb64ae2b6/1759320000.0_mean_300.0_v3" 201 - "PUT http://172.18.0.2:8080/d1/633/AUTH_433aca961d4044a58192397d2bfb2ecb/gnocchi.3aed8726-7f8c-4ab1-9fc7-47bbb64ae2b6/1759320000.0_mean_300.0_v3" "tx563ad1389f354e468ae95-0068e6bb87" "object-server 25" 0.0011 "-" 16 0
Oct 8 19:29:11 standalone object-server[132425]: 172.20.0.100 - - [08/Oct/2025:19:29:11 +0000] "PUT /d1/633/AUTH_433aca961d4044a58192397d2bfb2ecb/gnocchi.3aed8726-7f8c-4ab1-9fc7-47bbb64ae2b6/1759320000.0_mean_300.0_v3" 201 - "PUT http://172.18.0.2:8080/v1/AUTH_433aca961d4044a58192397d2bfb2ecb/gnocchi.3aed8726-7f8c-4ab1-9fc7-47bbb64ae2b6/1759320000.0_mean_300.0_v3" "tx563ad1389f354e468ae95-0068e6bb87" "proxy-server 20" 0.0260 "-" 25 0
Oct 8 19:29:11 standalone proxy-server[134001]: 172.18.0.2 172.18.0.100 08/Oct/2025/19/29/11 PUT /v1/AUTH_433aca961d4044a58192397d2bfb2ecb/gnocchi.3aed8726-7f8c-4ab1-9fc7-47bbb64ae2b6/1759320000.0_mean_300.0_v3 HTTP/1.0 201 - python-swiftclient-3.11.1 gAAAAABo5rsHjV_5... 16 - - tx563ad1389f354e468ae95-0068e6bb87 - 0.0309 - - 1759951751.196681499 1759951751.227557182 0
Oct 8 19:29:11 standalone container-server[131744]: 172.20.0.100 - - [08/Oct/2025:19:29:11 +0000] "PUT /d1/941/AUTH_433aca961d4044a58192397d2bfb2ecb/gnocchi.3aed8726-7f8c-4ab1-9fc7-47bbb64ae2b6/none_v3" 201 - "PUT http://172.18.0.2:8080/d1/519/AUTH_433aca961d4044a58192397d2bfb2ecb/gnocchi.3aed8726-7f8c-4ab1-9fc7-47bbb64ae2b6/none_v3" "tx0d9718b2a524400188554-0068e6bb87" "object-server 23" 0.0010 "-" 17 0
Oct 8 19:29:11 standalone object-server[132411]: 172.20.0.100 - - [08/Oct/2025:19:29:11 +0000] "PUT /d1/519/AUTH_433aca961d4044a58192397d2bfb2ecb/gnocchi.3aed8726-7f8c-4ab1-9fc7-47bbb64ae2b6/none_v3" 201 - "PUT http://172.18.0.2:8080/v1/AUTH_433aca961d4044a58192397d2bfb2ecb/gnocchi.3aed8726-7f8c-4ab1-9fc7-47bbb64ae2b6/none_v3" "tx0d9718b2a524400188554-0068e6bb87" "proxy-server 20" 0.0085 "-" 23 0
Oct 8 19:29:11 standalone proxy-server[134001]: 172.18.0.2 172.18.0.100 08/Oct/2025/19/29/11 PUT /v1/AUTH_433aca961d4044a58192397d2bfb2ecb/gnocchi.3aed8726-7f8c-4ab1-9fc7-47bbb64ae2b6/none_v3 HTTP/1.0 201 - python-swiftclient-3.11.1 gAAAAABo5rsHjV_5... 31 - - tx0d9718b2a524400188554-0068e6bb87 - 0.0134 - - 1759951751.230947495 1759951751.244318485 0
Oct 8 19:29:18 standalone object-server[132411]: 172.20.0.100 - - [08/Oct/2025:19:29:18 +0000] "GET /d1/519/AUTH_433aca961d4044a58192397d2bfb2ecb/gnocchi.3aed8726-7f8c-4ab1-9fc7-47bbb64ae2b6/none_v3" 200 31 "GET http://172.18.0.2:8080/v1/AUTH_433aca961d4044a58192397d2bfb2ecb/gnocchi.3aed8726-7f8c-4ab1-9fc7-47bbb64ae2b6/none_v3" "tx3abaeb05c68f4013a610d-0068e6bb8e" "proxy-server 20" 0.0012 "-" 23 0
Oct 8 19:29:18 standalone proxy-server[134001]: 172.18.0.2 172.18.0.100 08/Oct/2025/19/29/18 GET /v1/AUTH_433aca961d4044a58192397d2bfb2ecb/gnocchi.3aed8726-7f8c-4ab1-9fc7-47bbb64ae2b6/none_v3 HTTP/1.0 200 - python-swiftclient-3.11.1 gAAAAABo5rsHjV_5... - 31 - tx3abaeb05c68f4013a610d-0068e6bb8e - 0.0127 - - 1759951758.954314709 1759951758.966996670 0
Oct 8 19:29:18 standalone container-server[131743]: 172.20.0.100 - - [08/Oct/2025:19:29:18 +0000] "GET /d1/941/AUTH_433aca961d4044a58192397d2bfb2ecb/gnocchi.3aed8726-7f8c-4ab1-9fc7-47bbb64ae2b6" 200 357 "GET http://172.18.0.2:8080/v1/AUTH_433aca961d4044a58192397d2bfb2ecb/gnocchi.3aed8726-7f8c-4ab1-9fc7-47bbb64ae2b6?format=json&states=listing" "txbbe17a6404f845d195633-0068e6bb8e" "proxy-server 20" 0.0095 "-" 16 0
Oct 8 19:29:18 standalone proxy-server[134001]: 172.18.0.2 172.18.0.100 08/Oct/2025/19/29/18 GET /v1/AUTH_433aca961d4044a58192397d2bfb2ecb/gnocchi.3aed8726-7f8c-4ab1-9fc7-47bbb64ae2b6%3Fformat%3Djson%26states%3Dlisting HTTP/1.0 200 - python-swiftclient-3.11.1 gAAAAABo5rsHjV_5... - 357 - txbbe17a6404f845d195633-0068e6bb8e - 0.0191 - - 1759951758.975315094 1759951758.994464874 0
Oct 8 19:29:19 standalone container-server[131743]: 172.20.0.100 - - [08/Oct/2025:19:29:19 +0000] "GET /d1/941/AUTH_433aca961d4044a58192397d2bfb2ecb/gnocchi.3aed8726-7f8c-4ab1-9fc7-47bbb64ae2b6" 200 2 "GET http://172.18.0.2:8080/v1/AUTH_433aca961d4044a58192397d2bfb2ecb/gnocchi.3aed8726-7f8c-4ab1-9fc7-47bbb64ae2b6?format=json&marker=none_v3&states=listing" "tx76055109a2cf403a99432-0068e6bb8f" "proxy-server 20" 0.0024 "-" 16 0
Oct 8 19:29:19 standalone proxy-server[134001]: 172.18.0.2 172.18.0.100 08/Oct/2025/19/29/19 GET /v1/AUTH_433aca961d4044a58192397d2bfb2ecb/gnocchi.3aed8726-7f8c-4ab1-9fc7-47bbb64ae2b6%3Fformat%3Djson%26marker%3Dnone_v3%26states%3Dlisting HTTP/1.0 200 - python-swiftclient-3.11.1 gAAAAABo5rsHjV_5... - 2 - tx76055109a2cf403a99432-0068e6bb8f - 0.0125 - - 1759951759.000365019 1759951759.012883902 0
Oct 8 19:29:19 standalone object-server[132406]: 172.20.0.100 - - [08/Oct/2025:19:29:19 +0000] "GET /d1/633/AUTH_433aca961d4044a58192397d2bfb2ecb/gnocchi.3aed8726-7f8c-4ab1-9fc7-47bbb64ae2b6/1759320000.0_mean_300.0_v3" 200 16 "GET http://172.18.0.2:8080/v1/AUTH_433aca961d4044a58192397d2bfb2ecb/gnocchi.3aed8726-7f8c-4ab1-9fc7-47bbb64ae2b6/1759320000.0_mean_300.0_v3" "txfa075ed3283446a3a6658-0068e6bb8f" "proxy-server 20" 0.0009 "-" 22 0
Oct 8 19:29:19 standalone proxy-server[134001]: 172.18.0.2 172.18.0.100 08/Oct/2025/19/29/19 GET /v1/AUTH_433aca961d4044a58192397d2bfb2ecb/gnocchi.3aed8726-7f8c-4ab1-9fc7-47bbb64ae2b6/1759320000.0_mean_300.0_v3 HTTP/1.0 200 - python-swiftclient-3.11.1 gAAAAABo5rsHjV_5... - 16 - txfa075ed3283446a3a6658-0068e6bb8f - 0.0083 - - 1759951759.020436764 1759951759.028718710 0
Oct 8 19:29:19 standalone container-server[131718]: 172.20.0.100 - - [08/Oct/2025:19:29:19 +0000] "PUT /d1/941/AUTH_433aca961d4044a58192397d2bfb2ecb/gnocchi.3aed8726-7f8c-4ab1-9fc7-47bbb64ae2b6/1759320000.0_mean_300.0_v3" 201 - "PUT http://172.18.0.2:8080/d1/633/AUTH_433aca961d4044a58192397d2bfb2ecb/gnocchi.3aed8726-7f8c-4ab1-9fc7-47bbb64ae2b6/1759320000.0_mean_300.0_v3" "tx6ecb765303c94765827fd-0068e6bb8f" "object-server 24" 0.0007 "-" 10 0
Oct 8 19:29:19 standalone object-server[132418]: 172.20.0.100 - - [08/Oct/2025:19:29:19 +0000] "PUT /d1/633/AUTH_433aca961d4044a58192397d2bfb2ecb/gnocchi.3aed8726-7f8c-4ab1-9fc7-47bbb64ae2b6/1759320000.0_mean_300.0_v3" 201 - "PUT http://172.18.0.2:8080/v1/AUTH_433aca961d4044a58192397d2bfb2ecb/gnocchi.3aed8726-7f8c-4ab1-9fc7-47bbb64ae2b6/1759320000.0_mean_300.0_v3" "tx6ecb765303c94765827fd-0068e6bb8f" "proxy-server 20" 0.0100 "-" 24 0
Oct 8 19:29:19 standalone proxy-server[134001]: 172.18.0.2 172.18.0.100 08/Oct/2025/19/29/19 PUT /v1/AUTH_433aca961d4044a58192397d2bfb2ecb/gnocchi.3aed8726-7f8c-4ab1-9fc7-47bbb64ae2b6/1759320000.0_mean_300.0_v3 HTTP/1.0 201 - python-swiftclient-3.11.1 gAAAAABo5rsHjV_5... 16 - - tx6ecb765303c94765827fd-0068e6bb8f - 0.0178 - - 1759951759.038227081 1759951759.056050777 0
Oct 8 19:29:19 standalone container-server[131744]: 172.20.0.100 - - [08/Oct/2025:19:29:19 +0000] "PUT /d1/941/AUTH_433aca961d4044a58192397d2bfb2ecb/gnocchi.3aed8726-7f8c-4ab1-9fc7-47bbb64ae2b6/none_v3" 201 - "PUT http://172.18.0.2:8080/d1/519/AUTH_433aca961d4044a58192397d2bfb2ecb/gnocchi.3aed8726-7f8c-4ab1-9fc7-47bbb64ae2b6/none_v3" "tx5bcc499efdfc471ab0ac2-0068e6bb8f" "object-server 22" 0.0006 "-" 17 0
Oct 8 19:29:19 standalone object-server[132406]: 172.20.0.100 - - [08/Oct/2025:19:29:19 +0000] "PUT /d1/519/AUTH_433aca961d4044a58192397d2bfb2ecb/gnocchi.3aed8726-7f8c-4ab1-9fc7-47bbb64ae2b6/none_v3" 201 - "PUT http://172.18.0.2:8080/v1/AUTH_433aca961d4044a58192397d2bfb2ecb/gnocchi.3aed8726-7f8c-4ab1-9fc7-47bbb64ae2b6/none_v3" "tx5bcc499efdfc471ab0ac2-0068e6bb8f" "proxy-server 20" 0.0095 "-" 22 0
Oct 8 19:29:19 standalone proxy-server[134001]: 172.18.0.2 172.18.0.100 08/Oct/2025/19/29/19 PUT /v1/AUTH_433aca961d4044a58192397d2bfb2ecb/gnocchi.3aed8726-7f8c-4ab1-9fc7-47bbb64ae2b6/none_v3 HTTP/1.0 201 - python-swiftclient-3.11.1 gAAAAABo5rsHjV_5... 46 - - tx5bcc499efdfc471ab0ac2-0068e6bb8f - 0.0165 - - 1759951759.066302538 1759951759.082782507 0
Oct 8 19:29:19 standalone object-server[132411]: 172.20.0.100 - - [08/Oct/2025:19:29:19 +0000] "GET /d1/519/AUTH_433aca961d4044a58192397d2bfb2ecb/gnocchi.3aed8726-7f8c-4ab1-9fc7-47bbb64ae2b6/none_v3" 200 46 "GET http://172.18.0.2:8080/v1/AUTH_433aca961d4044a58192397d2bfb2ecb/gnocchi.3aed8726-7f8c-4ab1-9fc7-47bbb64ae2b6/none_v3" "txb4844030e0e249eb9eb8f-0068e6bb8f" "proxy-server 20" 0.0011 "-" 23 0
Oct 8 19:29:19 standalone proxy-server[134001]: 172.18.0.2 172.18.0.100 08/Oct/2025/19/29/19 GET /v1/AUTH_433aca961d4044a58192397d2bfb2ecb/gnocchi.3aed8726-7f8c-4ab1-9fc7-47bbb64ae2b6/none_v3 HTTP/1.0 200 - python-swiftclient-3.11.1 gAAAAABo5rsHjV_5... - 46 - txb4844030e0e249eb9eb8f-0068e6bb8f - 0.0077 - - 1759951759.714771986 1759951759.722453594 0
Oct 8 19:29:19 standalone container-server[131727]: 172.20.0.100 - - [08/Oct/2025:19:29:19 +0000] "GET /d1/941/AUTH_433aca961d4044a58192397d2bfb2ecb/gnocchi.3aed8726-7f8c-4ab1-9fc7-47bbb64ae2b6" 200 357 "GET http://172.18.0.2:8080/v1/AUTH_433aca961d4044a58192397d2bfb2ecb/gnocchi.3aed8726-7f8c-4ab1-9fc7-47bbb64ae2b6?format=json&states=listing" "tx026fd8257dbf4db18779a-0068e6bb8f" "proxy-server 20" 0.0088 "-" 15 0
Oct 8 19:29:19 standalone proxy-server[134001]: 172.18.0.2 172.18.0.100 08/Oct/2025/19/29/19 GET /v1/AUTH_433aca961d4044a58192397d2bfb2ecb/gnocchi.3aed8726-7f8c-4ab1-9fc7-47bbb64ae2b6%3Fformat%3Djson%26states%3Dlisting HTTP/1.0 200 - python-swiftclient-3.11.1 gAAAAABo5rsHjV_5... - 357 - tx026fd8257dbf4db18779a-0068e6bb8f - 0.0160 - - 1759951759.726569653 1759951759.742520332 0
Oct 8 19:29:19 standalone container-server[131744]: 172.20.0.100 - - [08/Oct/2025:19:29:19 +0000] "GET /d1/941/AUTH_433aca961d4044a58192397d2bfb2ecb/gnocchi.3aed8726-7f8c-4ab1-9fc7-47bbb64ae2b6" 200 2 "GET http://172.18.0.2:8080/v1/AUTH_433aca961d4044a58192397d2bfb2ecb/gnocchi.3aed8726-7f8c-4ab1-9fc7-47bbb64ae2b6?format=json&marker=none_v3&states=listing" "tx608255bfc0404c7ebd671-0068e6bb8f" "proxy-server 20" 0.0021 "-" 17 0
Oct 8 19:29:19 standalone proxy-server[134001]: 172.18.0.2 172.18.0.100 08/Oct/2025/19/29/19 GET /v1/AUTH_433aca961d4044a58192397d2bfb2ecb/gnocchi.3aed8726-7f8c-4ab1-9fc7-47bbb64ae2b6%3Fformat%3Djson%26marker%3Dnone_v3%26states%3Dlisting HTTP/1.0 200 - python-swiftclient-3.11.1 gAAAAABo5rsHjV_5... - 2 - tx608255bfc0404c7ebd671-0068e6bb8f - 0.0077 - - 1759951759.745543003 1759951759.753292322 0
Oct 8 19:29:19 standalone object-server[132418]: 172.20.0.100 - - [08/Oct/2025:19:29:19 +0000] "GET /d1/633/AUTH_433aca961d4044a58192397d2bfb2ecb/gnocchi.3aed8726-7f8c-4ab1-9fc7-47bbb64ae2b6/1759320000.0_mean_300.0_v3" 200 16 "GET http://172.18.0.2:8080/v1/AUTH_433aca961d4044a58192397d2bfb2ecb/gnocchi.3aed8726-7f8c-4ab1-9fc7-47bbb64ae2b6/1759320000.0_mean_300.0_v3" "txccfe776d03b64a839bcc0-0068e6bb8f" "proxy-server 20" 0.0012 "-" 24 0
Oct 8 19:29:19 standalone proxy-server[134001]: 172.18.0.2 172.18.0.100 08/Oct/2025/19/29/19 GET /v1/AUTH_433aca961d4044a58192397d2bfb2ecb/gnocchi.3aed8726-7f8c-4ab1-9fc7-47bbb64ae2b6/1759320000.0_mean_300.0_v3 HTTP/1.0 200 - python-swiftclient-3.11.1 gAAAAABo5rsHjV_5... - 16 - txccfe776d03b64a839bcc0-0068e6bb8f - 0.0085 - - 1759951759.757379293 1759951759.765926361 0
Oct 8 19:29:19 standalone container-server[131744]: 172.20.0.100 - - [08/Oct/2025:19:29:19 +0000] "PUT /d1/941/AUTH_433aca961d4044a58192397d2bfb2ecb/gnocchi.3aed8726-7f8c-4ab1-9fc7-47bbb64ae2b6/1759320000.0_mean_300.0_v3" 201 - "PUT http://172.18.0.2:8080/d1/633/AUTH_433aca961d4044a58192397d2bfb2ecb/gnocchi.3aed8726-7f8c-4ab1-9fc7-47bbb64ae2b6/1759320000.0_mean_300.0_v3" "tx742ccb0fda8e49158509e-0068e6bb8f" "object-server 25" 0.0010 "-" 17 0
Oct 8 19:29:19 standalone object-server[132425]: 172.20.0.100 - - [08/Oct/2025:19:29:19 +0000] "PUT /d1/633/AUTH_433aca961d4044a58192397d2bfb2ecb/gnocchi.3aed8726-7f8c-4ab1-9fc7-47bbb64ae2b6/1759320000.0_mean_300.0_v3" 201 - "PUT http://172.18.0.2:8080/v1/AUTH_433aca961d4044a58192397d2bfb2ecb/gnocchi.3aed8726-7f8c-4ab1-9fc7-47bbb64ae2b6/1759320000.0_mean_300.0_v3" "tx742ccb0fda8e49158509e-0068e6bb8f" "proxy-server 20" 0.0114 "-" 25 0
Oct 8 19:29:19 standalone proxy-server[134001]: 172.18.0.2 172.18.0.100 08/Oct/2025/19/29/19 PUT /v1/AUTH_433aca961d4044a58192397d2bfb2ecb/gnocchi.3aed8726-7f8c-4ab1-9fc7-47bbb64ae2b6/1759320000.0_mean_300.0_v3 HTTP/1.0 201 - python-swiftclient-3.11.1 gAAAAABo5rsHjV_5... 16 - - tx742ccb0fda8e49158509e-0068e6bb8f - 0.0168 - - 1759951759.770230770 1759951759.787022352 0
Oct 8 19:29:19 standalone container-server[131744]: 172.20.0.100 - - [08/Oct/2025:19:29:19 +0000] "PUT /d1/941/AUTH_433aca961d4044a58192397d2bfb2ecb/gnocchi.3aed8726-7f8c-4ab1-9fc7-47bbb64ae2b6/none_v3" 201 - "PUT http://172.18.0.2:8080/d1/519/AUTH_433aca961d4044a58192397d2bfb2ecb/gnocchi.3aed8726-7f8c-4ab1-9fc7-47bbb64ae2b6/none_v3" "txa704ac64734c4fbba3b37-0068e6bb8f" "object-server 24" 0.0021 "-" 17 0
Oct 8 19:29:19 standalone object-server[132418]: 172.20.0.100 - - [08/Oct/2025:19:29:19 +0000] "PUT /d1/519/AUTH_433aca961d4044a58192397d2bfb2ecb/gnocchi.3aed8726-7f8c-4ab1-9fc7-47bbb64ae2b6/none_v3" 201 - "PUT http://172.18.0.2:8080/v1/AUTH_433aca961d4044a58192397d2bfb2ecb/gnocchi.3aed8726-7f8c-4ab1-9fc7-47bbb64ae2b6/none_v3" "txa704ac64734c4fbba3b37-0068e6bb8f" "proxy-server 20" 0.0114 "-" 24 0
Oct 8 19:29:19 standalone proxy-server[134001]: 172.18.0.2 172.18.0.100 08/Oct/2025/19/29/19 PUT /v1/AUTH_433aca961d4044a58192397d2bfb2ecb/gnocchi.3aed8726-7f8c-4ab1-9fc7-47bbb64ae2b6/none_v3 HTTP/1.0 201 - python-swiftclient-3.11.1 gAAAAABo5rsHjV_5... 51 - - txa704ac64734c4fbba3b37-0068e6bb8f - 0.0180 - - 1759951759.791033745 1759951759.809023380 0
Oct 8 19:29:20 standalone account-server[131650]: 172.20.0.100 - - [08/Oct/2025:19:29:20 +0000] "HEAD /d1/67/.expiring_objects" 404 - "HEAD http://localhost/v1/.expiring_objects?format=json" "tx8082f7f42ccf4685b8fa1-0068e6bb90" "proxy-server 2" 0.0007 "-" 20 -
Oct 8 19:29:20 standalone object-expirer[132042]: Pass completed in 0s; 0 objects expired (txn: tx8082f7f42ccf4685b8fa1-0068e6bb90)
Oct 8 19:29:22 standalone container-server[131744]: 172.20.0.100 - - [08/Oct/2025:19:29:22 +0000] "HEAD /d1/166/AUTH_433aca961d4044a58192397d2bfb2ecb/gnocchi.9c526f0d-d86c-45da-8c9e-1619d48c45f5" 404 - "HEAD http://172.18.0.2:8080/v1/AUTH_433aca961d4044a58192397d2bfb2ecb/gnocchi.9c526f0d-d86c-45da-8c9e-1619d48c45f5?format=json&states=listing" "txe1077ea4930d4e13a2093-0068e6bb92" "proxy-server 20" 0.0007 "-" 17 0
Oct 8 19:29:22 standalone object-server[132406]: 172.20.0.100 - - [08/Oct/2025:19:29:22 +0000] "GET /d1/38/AUTH_433aca961d4044a58192397d2bfb2ecb/gnocchi.9c526f0d-d86c-45da-8c9e-1619d48c45f5/none_v3" 404 70 "GET http://172.18.0.2:8080/v1/AUTH_433aca961d4044a58192397d2bfb2ecb/gnocchi.9c526f0d-d86c-45da-8c9e-1619d48c45f5/none_v3" "txe1077ea4930d4e13a2093-0068e6bb92" "proxy-server 20" 0.0006 "-" 22 0
Oct 8 19:29:22 standalone proxy-server[134001]: 172.18.0.2 172.18.0.100 08/Oct/2025/19/29/22 GET /v1/AUTH_433aca961d4044a58192397d2bfb2ecb/gnocchi.9c526f0d-d86c-45da-8c9e-1619d48c45f5/none_v3 HTTP/1.0 404 - python-swiftclient-3.11.1 gAAAAABo5rsHjV_5... - 70 - txe1077ea4930d4e13a2093-0068e6bb92 - 0.0186 - - 1759951762.517912626 1759951762.536554098 0
Oct 8 19:29:22 standalone account-server[131637]: 172.20.0.100 - - [08/Oct/2025:19:29:22 +0000] "PUT /d1/564/AUTH_433aca961d4044a58192397d2bfb2ecb/gnocchi.9c526f0d-d86c-45da-8c9e-1619d48c45f5" 201 - "PUT http://172.20.0.100:6001/d1/166/AUTH_433aca961d4044a58192397d2bfb2ecb/gnocchi.9c526f0d-d86c-45da-8c9e-1619d48c45f5" "txc90448cdae0f4626a6928-0068e6bb92" "container-server 17" 0.0052 "-" 19 0
Oct 8 19:29:22 standalone container-server[131744]: 172.20.0.100 - - [08/Oct/2025:19:29:22 +0000] "PUT /d1/166/AUTH_433aca961d4044a58192397d2bfb2ecb/gnocchi.9c526f0d-d86c-45da-8c9e-1619d48c45f5" 201 - "PUT http://172.18.0.2:8080/v1/AUTH_433aca961d4044a58192397d2bfb2ecb/gnocchi.9c526f0d-d86c-45da-8c9e-1619d48c45f5" "txc90448cdae0f4626a6928-0068e6bb92" "proxy-server 20" 0.0146 "-" 17 0
Oct 8 19:29:22 standalone proxy-server[134001]: 172.18.0.2 172.18.0.100 08/Oct/2025/19/29/22 PUT /v1/AUTH_433aca961d4044a58192397d2bfb2ecb/gnocchi.9c526f0d-d86c-45da-8c9e-1619d48c45f5 HTTP/1.0 201 - python-swiftclient-3.11.1 gAAAAABo5rsHjV_5... - - - txc90448cdae0f4626a6928-0068e6bb92 - 0.0268 - - 1759951762.539286613 1759951762.566095352 0
Oct 8 19:29:22 standalone container-server[131743]: 172.20.0.100 - - [08/Oct/2025:19:29:22 +0000] "HEAD /d1/166/AUTH_433aca961d4044a58192397d2bfb2ecb/gnocchi.9c526f0d-d86c-45da-8c9e-1619d48c45f5" 204 - "HEAD http://172.18.0.2:8080/v1/AUTH_433aca961d4044a58192397d2bfb2ecb/gnocchi.9c526f0d-d86c-45da-8c9e-1619d48c45f5?format=json&states=listing" "txb0f0d26cb1b845889c277-0068e6bb92" "proxy-server 20" 0.0015 "-" 16 0
Oct 8 19:29:22 standalone proxy-server[134001]: - - 08/Oct/2025/19/29/22 HEAD /v1/AUTH_433aca961d4044a58192397d2bfb2ecb/gnocchi.9c526f0d-d86c-45da-8c9e-1619d48c45f5%3Fformat%3Djson%26states%3Dlisting HTTP/1.0 204 - Swift - - - - txb0f0d26cb1b845889c277-0068e6bb92 - 0.0057 RL - 1759951762.575159073 1759951762.580899000 0
Oct 8 19:29:22 standalone container-server[131718]: 172.20.0.100 - - [08/Oct/2025:19:29:22 +0000] "GET /d1/166/AUTH_433aca961d4044a58192397d2bfb2ecb/gnocchi.9c526f0d-d86c-45da-8c9e-1619d48c45f5" 200 2 "GET http://172.18.0.2:8080/v1/AUTH_433aca961d4044a58192397d2bfb2ecb/gnocchi.9c526f0d-d86c-45da-8c9e-1619d48c45f5?format=json&states=listing" "txb0f0d26cb1b845889c277-0068e6bb92" "proxy-server 20" 0.0025 "-" 10 0
Oct 8 19:29:22 standalone proxy-server[134001]: 172.18.0.2 172.18.0.100 08/Oct/2025/19/29/22 GET /v1/AUTH_433aca961d4044a58192397d2bfb2ecb/gnocchi.9c526f0d-d86c-45da-8c9e-1619d48c45f5%3Fformat%3Djson%26states%3Dlisting HTTP/1.0 200 - python-swiftclient-3.11.1 gAAAAABo5rsHjV_5... - 2 - txb0f0d26cb1b845889c277-0068e6bb92 - 0.0234 - - 1759951762.569614887 1759951762.592997551 0
Oct 8 19:29:22 standalone object-server[132406]: 172.20.0.100 - - [08/Oct/2025:19:29:22 +0000] "GET /d1/841/AUTH_433aca961d4044a58192397d2bfb2ecb/gnocchi.9c526f0d-d86c-45da-8c9e-1619d48c45f5/1759320000.0_mean_300.0_v3" 404 70 "GET http://172.18.0.2:8080/v1/AUTH_433aca961d4044a58192397d2bfb2ecb/gnocchi.9c526f0d-d86c-45da-8c9e-1619d48c45f5/1759320000.0_mean_300.0_v3" "txa5166a52921f42bda9715-0068e6bb92" "proxy-server 20" 0.0004 "-" 22 0
Oct 8 19:29:22 standalone proxy-server[134001]: 172.18.0.2 172.18.0.100 08/Oct/2025/19/29/22 GET /v1/AUTH_433aca961d4044a58192397d2bfb2ecb/gnocchi.9c526f0d-d86c-45da-8c9e-1619d48c45f5/1759320000.0_mean_300.0_v3 HTTP/1.0 404 - python-swiftclient-3.11.1 gAAAAABo5rsHjV_5... - 70 - txa5166a52921f42bda9715-0068e6bb92 - 0.0153 - - 1759951762.596856117 1759951762.612108231 0
Oct 8 19:29:22 standalone container-server[131727]: 172.20.0.100 - - [08/Oct/2025:19:29:22 +0000] "PUT /d1/166/AUTH_433aca961d4044a58192397d2bfb2ecb/gnocchi.9c526f0d-d86c-45da-8c9e-1619d48c45f5/1759320000.0_mean_300.0_v3" 201 - "PUT http://172.18.0.2:8080/d1/841/AUTH_433aca961d4044a58192397d2bfb2ecb/gnocchi.9c526f0d-d86c-45da-8c9e-1619d48c45f5/1759320000.0_mean_300.0_v3" "txb64230590836442e86cb5-0068e6bb92" "object-server 23" 0.0012 "-" 15 0
Oct 8 19:29:22 standalone object-server[132411]: 172.20.0.100 - - [08/Oct/2025:19:29:22 +0000] "PUT /d1/841/AUTH_433aca961d4044a58192397d2bfb2ecb/gnocchi.9c526f0d-d86c-45da-8c9e-1619d48c45f5/1759320000.0_mean_300.0_v3" 201 - "PUT http://172.18.0.2:8080/v1/AUTH_433aca961d4044a58192397d2bfb2ecb/gnocchi.9c526f0d-d86c-45da-8c9e-1619d48c45f5/1759320000.0_mean_300.0_v3" "txb64230590836442e86cb5-0068e6bb92" "proxy-server 20" 0.0125 "-" 23 0
Oct 8 19:29:22 standalone proxy-server[134001]: 172.18.0.2 172.18.0.100 08/Oct/2025/19/29/22 PUT /v1/AUTH_433aca961d4044a58192397d2bfb2ecb/gnocchi.9c526f0d-d86c-45da-8c9e-1619d48c45f5/1759320000.0_mean_300.0_v3 HTTP/1.0 201 - python-swiftclient-3.11.1 gAAAAABo5rsHjV_5... 16 - - txb64230590836442e86cb5-0068e6bb92 - 0.0184 - - 1759951762.615748644 1759951762.634137869 0
Oct 8 19:29:22 standalone container-server[131718]: 172.20.0.100 - - [08/Oct/2025:19:29:22 +0000] "PUT /d1/166/AUTH_433aca961d4044a58192397d2bfb2ecb/gnocchi.9c526f0d-d86c-45da-8c9e-1619d48c45f5/none_v3" 201 - "PUT http://172.18.0.2:8080/d1/38/AUTH_433aca961d4044a58192397d2bfb2ecb/gnocchi.9c526f0d-d86c-45da-8c9e-1619d48c45f5/none_v3" "tx6de0ee8c794f4180bb11e-0068e6bb92" "object-server 24" 0.0005 "-" 10 0
Oct 8 19:29:22 standalone object-server[132418]: 172.20.0.100 - - [08/Oct/2025:19:29:22 +0000] "PUT /d1/38/AUTH_433aca961d4044a58192397d2bfb2ecb/gnocchi.9c526f0d-d86c-45da-8c9e-1619d48c45f5/none_v3" 201 - "PUT http://172.18.0.2:8080/v1/AUTH_433aca961d4044a58192397d2bfb2ecb/gnocchi.9c526f0d-d86c-45da-8c9e-1619d48c45f5/none_v3" "tx6de0ee8c794f4180bb11e-0068e6bb92" "proxy-server 20" 0.0099 "-" 24 0
Oct 8 19:29:22 standalone proxy-server[134001]: 172.18.0.2 172.18.0.100 08/Oct/2025/19/29/22 PUT /v1/AUTH_433aca961d4044a58192397d2bfb2ecb/gnocchi.9c526f0d-d86c-45da-8c9e-1619d48c45f5/none_v3 HTTP/1.0 201 - python-swiftclient-3.11.1 gAAAAABo5rsHjV_5... 22 - - tx6de0ee8c794f4180bb11e-0068e6bb92 - 0.0212 - - 1759951762.637204409 1759951762.658368111 0
Oct 8 19:29:22 standalone container-server[131718]: 172.20.0.100 - - [08/Oct/2025:19:29:22 +0000] "HEAD /d1/845/AUTH_433aca961d4044a58192397d2bfb2ecb/gnocchi.b369d177-bf75-4eba-81b1-5137fafe0a53" 404 - "HEAD http://172.18.0.2:8080/v1/AUTH_433aca961d4044a58192397d2bfb2ecb/gnocchi.b369d177-bf75-4eba-81b1-5137fafe0a53?format=json&states=listing" "tx6df9acd0219945c6bd652-0068e6bb92" "proxy-server 20" 0.0004 "-" 10 0
Oct 8 19:29:22 standalone object-server[132418]: 172.20.0.100 - - [08/Oct/2025:19:29:22 +0000] "GET /d1/315/AUTH_433aca961d4044a58192397d2bfb2ecb/gnocchi.b369d177-bf75-4eba-81b1-5137fafe0a53/none_v3" 404 70 "GET http://172.18.0.2:8080/v1/AUTH_433aca961d4044a58192397d2bfb2ecb/gnocchi.b369d177-bf75-4eba-81b1-5137fafe0a53/none_v3" "tx6df9acd0219945c6bd652-0068e6bb92" "proxy-server 20" 0.0004 "-" 24 0
Oct 8 19:29:22 standalone proxy-server[134001]: 172.18.0.2 172.18.0.100 08/Oct/2025/19/29/22 GET /v1/AUTH_433aca961d4044a58192397d2bfb2ecb/gnocchi.b369d177-bf75-4eba-81b1-5137fafe0a53/none_v3 HTTP/1.0 404 - python-swiftclient-3.11.1 gAAAAABo5rsHjV_5... - 70 - tx6df9acd0219945c6bd652-0068e6bb92 - 0.0118 - - 1759951762.673322439 1759951762.685107946 0
Oct 8 19:29:22 standalone account-server[131631]: 172.20.0.100 - - [08/Oct/2025:19:29:22 +0000] "PUT /d1/564/AUTH_433aca961d4044a58192397d2bfb2ecb/gnocchi.b369d177-bf75-4eba-81b1-5137fafe0a53" 201 - "PUT http://172.20.0.100:6001/d1/845/AUTH_433aca961d4044a58192397d2bfb2ecb/gnocchi.b369d177-bf75-4eba-81b1-5137fafe0a53" "tx5a3d8b33ce664d1d9f040-0068e6bb92" "container-server 17" 0.0095 "-" 18 0
Oct 8 19:29:22 standalone container-server[131744]: 172.20.0.100 - - [08/Oct/2025:19:29:22 +0000] "PUT /d1/845/AUTH_433aca961d4044a58192397d2bfb2ecb/gnocchi.b369d177-bf75-4eba-81b1-5137fafe0a53" 201 - "PUT http://172.18.0.2:8080/v1/AUTH_433aca961d4044a58192397d2bfb2ecb/gnocchi.b369d177-bf75-4eba-81b1-5137fafe0a53" "tx5a3d8b33ce664d1d9f040-0068e6bb92" "proxy-server 20" 0.0251 "-" 17 0
Oct 8 19:29:22 standalone proxy-server[134001]: 172.18.0.2 172.18.0.100 08/Oct/2025/19/29/22 PUT /v1/AUTH_433aca961d4044a58192397d2bfb2ecb/gnocchi.b369d177-bf75-4eba-81b1-5137fafe0a53 HTTP/1.0 201 - python-swiftclient-3.11.1 gAAAAABo5rsHjV_5... - - - tx5a3d8b33ce664d1d9f040-0068e6bb92 - 0.0329 - - 1759951762.688229799 1759951762.721084118 0
Oct 8 19:29:22 standalone container-server[131744]: 172.20.0.100 - - [08/Oct/2025:19:29:22 +0000] "HEAD /d1/845/AUTH_433aca961d4044a58192397d2bfb2ecb/gnocchi.b369d177-bf75-4eba-81b1-5137fafe0a53" 204 - "HEAD http://172.18.0.2:8080/v1/AUTH_433aca961d4044a58192397d2bfb2ecb/gnocchi.b369d177-bf75-4eba-81b1-5137fafe0a53?format=json&states=listing" "txf7614915e769489fbd05c-0068e6bb92" "proxy-server 20" 0.0016 "-" 17 0
Oct 8 19:29:22 standalone proxy-server[134001]: - - 08/Oct/2025/19/29/22 HEAD /v1/AUTH_433aca961d4044a58192397d2bfb2ecb/gnocchi.b369d177-bf75-4eba-81b1-5137fafe0a53%3Fformat%3Djson%26states%3Dlisting HTTP/1.0 204 - Swift - - - - txf7614915e769489fbd05c-0068e6bb92 - 0.0062 RL - 1759951762.727357626 1759951762.733592033 0
Oct 8 19:29:22 standalone container-server[131744]: 172.20.0.100 - - [08/Oct/2025:19:29:22 +0000] "GET /d1/845/AUTH_433aca961d4044a58192397d2bfb2ecb/gnocchi.b369d177-bf75-4eba-81b1-5137fafe0a53" 200 2 "GET http://172.18.0.2:8080/v1/AUTH_433aca961d4044a58192397d2bfb2ecb/gnocchi.b369d177-bf75-4eba-81b1-5137fafe0a53?format=json&states=listing" "txf7614915e769489fbd05c-0068e6bb92" "proxy-server 20" 0.0027 "-" 17 0
Oct 8 19:29:22 standalone proxy-server[134001]: 172.18.0.2 172.18.0.100 08/Oct/2025/19/29/22 GET /v1/AUTH_433aca961d4044a58192397d2bfb2ecb/gnocchi.b369d177-bf75-4eba-81b1-5137fafe0a53%3Fformat%3Djson%26states%3Dlisting HTTP/1.0 200 - python-swiftclient-3.11.1 gAAAAABo5rsHjV_5... - 2 - txf7614915e769489fbd05c-0068e6bb92 - 0.0215 - - 1759951762.725500584 1759951762.746982336 0
Oct 8 19:29:22 standalone object-server[132418]: 172.20.0.100 - - [08/Oct/2025:19:29:22 +0000] "GET /d1/280/AUTH_433aca961d4044a58192397d2bfb2ecb/gnocchi.b369d177-bf75-4eba-81b1-5137fafe0a53/1759320000.0_mean_300.0_v3" 404 70 "GET http://172.18.0.2:8080/v1/AUTH_433aca961d4044a58192397d2bfb2ecb/gnocchi.b369d177-bf75-4eba-81b1-5137fafe0a53/1759320000.0_mean_300.0_v3" "txdbfa7cf31bc74765af4ae-0068e6bb92" "proxy-server 20" 0.0004 "-" 24 0
Oct 8 19:29:22 standalone proxy-server[134001]: 172.18.0.2 172.18.0.100 08/Oct/2025/19/29/22 GET /v1/AUTH_433aca961d4044a58192397d2bfb2ecb/gnocchi.b369d177-bf75-4eba-81b1-5137fafe0a53/1759320000.0_mean_300.0_v3 HTTP/1.0 404 - python-swiftclient-3.11.1 gAAAAABo5rsHjV_5... - 70 - txdbfa7cf31bc74765af4ae-0068e6bb92 - 0.0072 - - 1759951762.752397299 1759951762.759643316 0
Oct 8 19:29:22 standalone container-server[131727]: 172.20.0.100 - - [08/Oct/2025:19:29:22 +0000] "PUT /d1/845/AUTH_433aca961d4044a58192397d2bfb2ecb/gnocchi.b369d177-bf75-4eba-81b1-5137fafe0a53/1759320000.0_mean_300.0_v3" 201 - "PUT http://172.18.0.2:8080/d1/280/AUTH_433aca961d4044a58192397d2bfb2ecb/gnocchi.b369d177-bf75-4eba-81b1-5137fafe0a53/1759320000.0_mean_300.0_v3" "tx168610ea61df400cb839a-0068e6bb92" "object-server 24" 0.0007 "-" 15 0
Oct 8 19:29:22 standalone object-server[132418]: 172.20.0.100 - - [08/Oct/2025:19:29:22 +0000] "PUT /d1/280/AUTH_433aca961d4044a58192397d2bfb2ecb/gnocchi.b369d177-bf75-4eba-81b1-5137fafe0a53/1759320000.0_mean_300.0_v3" 201 - "PUT http://172.18.0.2:8080/v1/AUTH_433aca961d4044a58192397d2bfb2ecb/gnocchi.b369d177-bf75-4eba-81b1-5137fafe0a53/1759320000.0_mean_300.0_v3" "tx168610ea61df400cb839a-0068e6bb92" "proxy-server 20" 0.0157 "-" 24 0
Oct 8 19:29:22 standalone proxy-server[134001]: 172.18.0.2 172.18.0.100 08/Oct/2025/19/29/22 PUT /v1/AUTH_433aca961d4044a58192397d2bfb2ecb/gnocchi.b369d177-bf75-4eba-81b1-5137fafe0a53/1759320000.0_mean_300.0_v3 HTTP/1.0 201 - python-swiftclient-3.11.1 gAAAAABo5rsHjV_5... 16 - - tx168610ea61df400cb839a-0068e6bb92 - 0.0242 - - 1759951762.763945580 1759951762.788105011 0
Oct 8 19:29:22 standalone container-server[131744]: 172.20.0.100 - - [08/Oct/2025:19:29:22 +0000] "PUT /d1/845/AUTH_433aca961d4044a58192397d2bfb2ecb/gnocchi.b369d177-bf75-4eba-81b1-5137fafe0a53/none_v3" 201 - "PUT http://172.18.0.2:8080/d1/315/AUTH_433aca961d4044a58192397d2bfb2ecb/gnocchi.b369d177-bf75-4eba-81b1-5137fafe0a53/none_v3" "txaf89c5af655b441faeb33-0068e6bb92" "object-server 25" 0.0006 "-" 17 0
Oct 8 19:29:22 standalone object-server[132425]: 172.20.0.100 - - [08/Oct/2025:19:29:22 +0000] "PUT /d1/315/AUTH_433aca961d4044a58192397d2bfb2ecb/gnocchi.b369d177-bf75-4eba-81b1-5137fafe0a53/none_v3" 201 - "PUT http://172.18.0.2:8080/v1/AUTH_433aca961d4044a58192397d2bfb2ecb/gnocchi.b369d177-bf75-4eba-81b1-5137fafe0a53/none_v3" "txaf89c5af655b441faeb33-0068e6bb92" "proxy-server 20" 0.0154 "-" 25 0
Oct 8 19:29:22 standalone proxy-server[134001]: 172.18.0.2 172.18.0.100 08/Oct/2025/19/29/22 PUT /v1/AUTH_433aca961d4044a58192397d2bfb2ecb/gnocchi.b369d177-bf75-4eba-81b1-5137fafe0a53/none_v3 HTTP/1.0 201 - python-swiftclient-3.11.1 gAAAAABo5rsHjV_5... 22 - - txaf89c5af655b441faeb33-0068e6bb92 - 0.0302 - - 1759951762.803986549 1759951762.834175348 0
Oct 8 19:29:22 standalone container-server[131727]: 172.20.0.100 - - [08/Oct/2025:19:29:22 +0000] "HEAD /d1/231/AUTH_433aca961d4044a58192397d2bfb2ecb/gnocchi.b939ec9b-75a2-4d74-b66a-23e03fe85a1d" 404 - "HEAD http://172.18.0.2:8080/v1/AUTH_433aca961d4044a58192397d2bfb2ecb/gnocchi.b939ec9b-75a2-4d74-b66a-23e03fe85a1d?format=json&states=listing" "txd2e256d062c44e6d88f47-0068e6bb92" "proxy-server 20" 0.0004 "-" 15 0
Oct 8 19:29:22 standalone object-server[132425]: 172.20.0.100 - - [08/Oct/2025:19:29:22 +0000] "GET /d1/489/AUTH_433aca961d4044a58192397d2bfb2ecb/gnocchi.b939ec9b-75a2-4d74-b66a-23e03fe85a1d/none_v3" 404 70 "GET http://172.18.0.2:8080/v1/AUTH_433aca961d4044a58192397d2bfb2ecb/gnocchi.b939ec9b-75a2-4d74-b66a-23e03fe85a1d/none_v3" "txd2e256d062c44e6d88f47-0068e6bb92" "proxy-server 20" 0.0006 "-" 25 0
Oct 8 19:29:22 standalone proxy-server[134001]: 172.18.0.2 172.18.0.100 08/Oct/2025/19/29/22 GET /v1/AUTH_433aca961d4044a58192397d2bfb2ecb/gnocchi.b939ec9b-75a2-4d74-b66a-23e03fe85a1d/none_v3 HTTP/1.0 404 - python-swiftclient-3.11.1 gAAAAABo5rsHjV_5... - 70 - txd2e256d062c44e6d88f47-0068e6bb92 - 0.0186 - - 1759951762.847153187 1759951762.865709305 0
Oct 8 19:29:22 standalone account-server[131631]: 172.20.0.100 - - [08/Oct/2025:19:29:22 +0000] "PUT /d1/564/AUTH_433aca961d4044a58192397d2bfb2ecb/gnocchi.b939ec9b-75a2-4d74-b66a-23e03fe85a1d" 201 - "PUT http://172.20.0.100:6001/d1/231/AUTH_433aca961d4044a58192397d2bfb2ecb/gnocchi.b939ec9b-75a2-4d74-b66a-23e03fe85a1d" "tx5838104090294413beb3b-0068e6bb92" "container-server 17" 0.0069 "-" 18 0
Oct 8 19:29:22 standalone container-server[131744]: 172.20.0.100 - - [08/Oct/2025:19:29:22 +0000] "PUT /d1/231/AUTH_433aca961d4044a58192397d2bfb2ecb/gnocchi.b939ec9b-75a2-4d74-b66a-23e03fe85a1d" 201 - "PUT http://172.18.0.2:8080/v1/AUTH_433aca961d4044a58192397d2bfb2ecb/gnocchi.b939ec9b-75a2-4d74-b66a-23e03fe85a1d" "tx5838104090294413beb3b-0068e6bb92" "proxy-server 20" 0.0179 "-" 17 0
Oct 8 19:29:22 standalone proxy-server[134001]: 172.18.0.2 172.18.0.100 08/Oct/2025/19/29/22 PUT /v1/AUTH_433aca961d4044a58192397d2bfb2ecb/gnocchi.b939ec9b-75a2-4d74-b66a-23e03fe85a1d HTTP/1.0 201 - python-swiftclient-3.11.1 gAAAAABo5rsHjV_5... - - - tx5838104090294413beb3b-0068e6bb92 - 0.0255 - - 1759951762.869995594 1759951762.895525694 0
Oct 8 19:29:22 standalone container-server[131718]: 172.20.0.100 - - [08/Oct/2025:19:29:22 +0000] "HEAD /d1/231/AUTH_433aca961d4044a58192397d2bfb2ecb/gnocchi.b939ec9b-75a2-4d74-b66a-23e03fe85a1d" 204 - "HEAD http://172.18.0.2:8080/v1/AUTH_433aca961d4044a58192397d2bfb2ecb/gnocchi.b939ec9b-75a2-4d74-b66a-23e03fe85a1d?format=json&states=listing" "tx3c50844d9fc0495982c06-0068e6bb92" "proxy-server 20" 0.0021 "-" 10 0
Oct 8 19:29:22 standalone proxy-server[134001]: - - 08/Oct/2025/19/29/22 HEAD /v1/AUTH_433aca961d4044a58192397d2bfb2ecb/gnocchi.b939ec9b-75a2-4d74-b66a-23e03fe85a1d%3Fformat%3Djson%26states%3Dlisting HTTP/1.0 204 - Swift - - - - tx3c50844d9fc0495982c06-0068e6bb92 - 0.0060 RL - 1759951762.900914192 1759951762.906925678 0
Oct 8 19:29:22 standalone container-server[131718]: 172.20.0.100 - - [08/Oct/2025:19:29:22 +0000] "GET /d1/231/AUTH_433aca961d4044a58192397d2bfb2ecb/gnocchi.b939ec9b-75a2-4d74-b66a-23e03fe85a1d" 200 2 "GET http://172.18.0.2:8080/v1/AUTH_433aca961d4044a58192397d2bfb2ecb/gnocchi.b939ec9b-75a2-4d74-b66a-23e03fe85a1d?format=json&states=listing" "tx3c50844d9fc0495982c06-0068e6bb92" "proxy-server 20" 0.0033 "-" 10 0
Oct 8 19:29:22 standalone proxy-server[134001]: 172.18.0.2 172.18.0.100 08/Oct/2025/19/29/22 GET /v1/AUTH_433aca961d4044a58192397d2bfb2ecb/gnocchi.b939ec9b-75a2-4d74-b66a-23e03fe85a1d%3Fformat%3Djson%26states%3Dlisting HTTP/1.0 200 - python-swiftclient-3.11.1 gAAAAABo5rsHjV_5... - 2 - tx3c50844d9fc0495982c06-0068e6bb92 - 0.0180 - - 1759951762.899355888 1759951762.917358637 0
Oct 8 19:29:22 standalone object-server[132411]: 172.20.0.100 - - [08/Oct/2025:19:29:22 +0000] "GET /d1/655/AUTH_433aca961d4044a58192397d2bfb2ecb/gnocchi.b939ec9b-75a2-4d74-b66a-23e03fe85a1d/1759320000.0_mean_300.0_v3" 404 70 "GET http://172.18.0.2:8080/v1/AUTH_433aca961d4044a58192397d2bfb2ecb/gnocchi.b939ec9b-75a2-4d74-b66a-23e03fe85a1d/1759320000.0_mean_300.0_v3" "txa1b3bd3076c34fb2872f2-0068e6bb92" "proxy-server 20" 0.0006 "-" 23 0
Oct 8 19:29:22 standalone proxy-server[134001]: 172.18.0.2 172.18.0.100 08/Oct/2025/19/29/22 GET /v1/AUTH_433aca961d4044a58192397d2bfb2ecb/gnocchi.b939ec9b-75a2-4d74-b66a-23e03fe85a1d/1759320000.0_mean_300.0_v3 HTTP/1.0 404 - python-swiftclient-3.11.1 gAAAAABo5rsHjV_5... - 70 - txa1b3bd3076c34fb2872f2-0068e6bb92 - 0.0080 - - 1759951762.921984673 1759951762.929974556 0
Oct 8 19:29:22 standalone container-server[131727]: 172.20.0.100 - - [08/Oct/2025:19:29:22 +0000] "PUT /d1/231/AUTH_433aca961d4044a58192397d2bfb2ecb/gnocchi.b939ec9b-75a2-4d74-b66a-23e03fe85a1d/1759320000.0_mean_300.0_v3" 201 - "PUT http://172.18.0.2:8080/d1/655/AUTH_433aca961d4044a58192397d2bfb2ecb/gnocchi.b939ec9b-75a2-4d74-b66a-23e03fe85a1d/1759320000.0_mean_300.0_v3" "txcc6348a4e0034806a0c0b-0068e6bb92" "object-server 24" 0.0008 "-" 15 0
Oct 8 19:29:22 standalone object-server[132418]: 172.20.0.100 - - [08/Oct/2025:19:29:22 +0000] "PUT /d1/655/AUTH_433aca961d4044a58192397d2bfb2ecb/gnocchi.b939ec9b-75a2-4d74-b66a-23e03fe85a1d/1759320000.0_mean_300.0_v3" 201 - "PUT http://172.18.0.2:8080/v1/AUTH_433aca961d4044a58192397d2bfb2ecb/gnocchi.b939ec9b-75a2-4d74-b66a-23e03fe85a1d/1759320000.0_mean_300.0_v3" "txcc6348a4e0034806a0c0b-0068e6bb92" "proxy-server 20" 0.0134 "-" 24 0
Oct 8 19:29:22 standalone proxy-server[134001]: 172.18.0.2 172.18.0.100 08/Oct/2025/19/29/22 PUT /v1/AUTH_433aca961d4044a58192397d2bfb2ecb/gnocchi.b939ec9b-75a2-4d74-b66a-23e03fe85a1d/1759320000.0_mean_300.0_v3 HTTP/1.0 201 - python-swiftclient-3.11.1 gAAAAABo5rsHjV_5... 16 - - txcc6348a4e0034806a0c0b-0068e6bb92 - 0.0231 - - 1759951762.934080839 1759951762.957168102 0
Oct 8 19:29:22 standalone container-server[131718]: 172.20.0.100 - - [08/Oct/2025:19:29:22 +0000] "PUT /d1/231/AUTH_433aca961d4044a58192397d2bfb2ecb/gnocchi.b939ec9b-75a2-4d74-b66a-23e03fe85a1d/none_v3" 201 - "PUT http://172.18.0.2:8080/d1/489/AUTH_433aca961d4044a58192397d2bfb2ecb/gnocchi.b939ec9b-75a2-4d74-b66a-23e03fe85a1d/none_v3" "tx414f93a09eed4546b4a68-0068e6bb92" "object-server 24" 0.0006 "-" 10 0
Oct 8 19:29:22 standalone object-server[132418]: 172.20.0.100 - - [08/Oct/2025:19:29:22 +0000] "PUT /d1/489/AUTH_433aca961d4044a58192397d2bfb2ecb/gnocchi.b939ec9b-75a2-4d74-b66a-23e03fe85a1d/none_v3" 201 - "PUT http://172.18.0.2:8080/v1/AUTH_433aca961d4044a58192397d2bfb2ecb/gnocchi.b939ec9b-75a2-4d74-b66a-23e03fe85a1d/none_v3" "tx414f93a09eed4546b4a68-0068e6bb92" "proxy-server 20" 0.0157 "-" 24 0
Oct 8 19:29:22 standalone proxy-server[134001]: 172.18.0.2 172.18.0.100 08/Oct/2025/19/29/22 PUT /v1/AUTH_433aca961d4044a58192397d2bfb2ecb/gnocchi.b939ec9b-75a2-4d74-b66a-23e03fe85a1d/none_v3 HTTP/1.0 201 - python-swiftclient-3.11.1 gAAAAABo5rsHjV_5... 22 - - tx414f93a09eed4546b4a68-0068e6bb92 - 0.0235 - - 1759951762.961555243 1759951762.985058308 0
Oct 8 19:29:23 standalone container-server[131743]: 172.20.0.100 - - [08/Oct/2025:19:29:23 +0000] "HEAD /d1/780/AUTH_433aca961d4044a58192397d2bfb2ecb/gnocchi.d1a7f695-437b-4ee5-8e8a-0b3875a5943c" 404 - "HEAD http://172.18.0.2:8080/v1/AUTH_433aca961d4044a58192397d2bfb2ecb/gnocchi.d1a7f695-437b-4ee5-8e8a-0b3875a5943c?format=json&states=listing" "tx2486266521b9465fb50da-0068e6bb93" "proxy-server 20" 0.0003 "-" 16 0
Oct 8 19:29:23 standalone object-server[132406]: 172.20.0.100 - - [08/Oct/2025:19:29:23 +0000] "GET /d1/917/AUTH_433aca961d4044a58192397d2bfb2ecb/gnocchi.d1a7f695-437b-4ee5-8e8a-0b3875a5943c/none_v3" 404 70 "GET http://172.18.0.2:8080/v1/AUTH_433aca961d4044a58192397d2bfb2ecb/gnocchi.d1a7f695-437b-4ee5-8e8a-0b3875a5943c/none_v3" "tx2486266521b9465fb50da-0068e6bb93" "proxy-server 20" 0.0003 "-" 22 0
Oct 8 19:29:23 standalone proxy-server[134001]: 172.18.0.2 172.18.0.100 08/Oct/2025/19/29/23 GET /v1/AUTH_433aca961d4044a58192397d2bfb2ecb/gnocchi.d1a7f695-437b-4ee5-8e8a-0b3875a5943c/none_v3 HTTP/1.0 404 - python-swiftclient-3.11.1 gAAAAABo5rsHjV_5... - 70 - tx2486266521b9465fb50da-0068e6bb93 - 0.0165 - - 1759951763.003538132 1759951763.020013094 0
Oct 8 19:29:23 standalone account-server[131624]: 172.20.0.100 - - [08/Oct/2025:19:29:23 +0000] "PUT /d1/564/AUTH_433aca961d4044a58192397d2bfb2ecb/gnocchi.d1a7f695-437b-4ee5-8e8a-0b3875a5943c" 201 - "PUT http://172.20.0.100:6001/d1/780/AUTH_433aca961d4044a58192397d2bfb2ecb/gnocchi.d1a7f695-437b-4ee5-8e8a-0b3875a5943c" "txcdc289e971d4489e85767-0068e6bb93" "container-server 16" 0.0064 "-" 17 0
Oct 8 19:29:23 standalone container-server[131743]: 172.20.0.100 - - [08/Oct/2025:19:29:23 +0000] "PUT /d1/780/AUTH_433aca961d4044a58192397d2bfb2ecb/gnocchi.d1a7f695-437b-4ee5-8e8a-0b3875a5943c" 201 - "PUT http://172.18.0.2:8080/v1/AUTH_433aca961d4044a58192397d2bfb2ecb/gnocchi.d1a7f695-437b-4ee5-8e8a-0b3875a5943c" "txcdc289e971d4489e85767-0068e6bb93" "proxy-server 20" 0.0186 "-" 16 0
Oct 8 19:29:23 standalone proxy-server[134001]: 172.18.0.2 172.18.0.100 08/Oct/2025/19/29/23 PUT /v1/AUTH_433aca961d4044a58192397d2bfb2ecb/gnocchi.d1a7f695-437b-4ee5-8e8a-0b3875a5943c HTTP/1.0 201 - python-swiftclient-3.11.1 gAAAAABo5rsHjV_5... - - - txcdc289e971d4489e85767-0068e6bb93 - 0.0271 - - 1759951763.027974129 1759951763.055054665 0
Oct 8 19:29:23 standalone container-server[131744]: 172.20.0.100 - - [08/Oct/2025:19:29:23 +0000] "HEAD /d1/780/AUTH_433aca961d4044a58192397d2bfb2ecb/gnocchi.d1a7f695-437b-4ee5-8e8a-0b3875a5943c" 204 - "HEAD http://172.18.0.2:8080/v1/AUTH_433aca961d4044a58192397d2bfb2ecb/gnocchi.d1a7f695-437b-4ee5-8e8a-0b3875a5943c?format=json&states=listing" "tx27b595a3efa74a5282ba8-0068e6bb93" "proxy-server 20" 0.0019 "-" 17 0
Oct 8 19:29:23 standalone proxy-server[134001]: - - 08/Oct/2025/19/29/23 HEAD /v1/AUTH_433aca961d4044a58192397d2bfb2ecb/gnocchi.d1a7f695-437b-4ee5-8e8a-0b3875a5943c%3Fformat%3Djson%26states%3Dlisting HTTP/1.0 204 - Swift - - - - tx27b595a3efa74a5282ba8-0068e6bb93 - 0.0143 RL - 1759951763.059623957 1759951763.073922396 0
Oct 8 19:29:23 standalone container-server[131743]: 172.20.0.100 - - [08/Oct/2025:19:29:23 +0000] "GET /d1/780/AUTH_433aca961d4044a58192397d2bfb2ecb/gnocchi.d1a7f695-437b-4ee5-8e8a-0b3875a5943c" 200 2 "GET http://172.18.0.2:8080/v1/AUTH_433aca961d4044a58192397d2bfb2ecb/gnocchi.d1a7f695-437b-4ee5-8e8a-0b3875a5943c?format=json&states=listing" "tx27b595a3efa74a5282ba8-0068e6bb93" "proxy-server 20" 0.0021 "-" 16 0
Oct 8 19:29:23 standalone proxy-server[134001]: 172.18.0.2 172.18.0.100 08/Oct/2025/19/29/23 GET /v1/AUTH_433aca961d4044a58192397d2bfb2ecb/gnocchi.d1a7f695-437b-4ee5-8e8a-0b3875a5943c%3Fformat%3Djson%26states%3Dlisting HTTP/1.0 200 - python-swiftclient-3.11.1 gAAAAABo5rsHjV_5... - 2 - tx27b595a3efa74a5282ba8-0068e6bb93 - 0.0358 - - 1759951763.058414221 1759951763.094241142 0
Oct 8 19:29:23 standalone object-server[132411]: 172.20.0.100 - - [08/Oct/2025:19:29:23 +0000] "GET /d1/906/AUTH_433aca961d4044a58192397d2bfb2ecb/gnocchi.d1a7f695-437b-4ee5-8e8a-0b3875a5943c/1759320000.0_mean_300.0_v3" 404 70 "GET http://172.18.0.2:8080/v1/AUTH_433aca961d4044a58192397d2bfb2ecb/gnocchi.d1a7f695-437b-4ee5-8e8a-0b3875a5943c/1759320000.0_mean_300.0_v3" "txfd26afe2e6c34b10b6591-0068e6bb93" "proxy-server 20" 0.0005 "-" 23 0
Oct 8 19:29:23 standalone proxy-server[134001]: 172.18.0.2 172.18.0.100 08/Oct/2025/19/29/23 GET /v1/AUTH_433aca961d4044a58192397d2bfb2ecb/gnocchi.d1a7f695-437b-4ee5-8e8a-0b3875a5943c/1759320000.0_mean_300.0_v3 HTTP/1.0 404 - python-swiftclient-3.11.1 gAAAAABo5rsHjV_5... - 70 - txfd26afe2e6c34b10b6591-0068e6bb93 - 0.0062 - - 1759951763.097708702 1759951763.103910208 0
Oct 8 19:29:23 standalone container-server[131743]: 172.20.0.100 - - [08/Oct/2025:19:29:23 +0000] "PUT /d1/780/AUTH_433aca961d4044a58192397d2bfb2ecb/gnocchi.d1a7f695-437b-4ee5-8e8a-0b3875a5943c/1759320000.0_mean_300.0_v3" 201 - "PUT http://172.18.0.2:8080/d1/906/AUTH_433aca961d4044a58192397d2bfb2ecb/gnocchi.d1a7f695-437b-4ee5-8e8a-0b3875a5943c/1759320000.0_mean_300.0_v3" "tx1eed2c628e2e44af9bf4c-0068e6bb93" "object-server 24" 0.0008 "-" 16 0
Oct 8 19:29:23 standalone object-server[132418]: 172.20.0.100 - - [08/Oct/2025:19:29:23 +0000] "PUT /d1/906/AUTH_433aca961d4044a58192397d2bfb2ecb/gnocchi.d1a7f695-437b-4ee5-8e8a-0b3875a5943c/1759320000.0_mean_300.0_v3" 201 - "PUT http://172.18.0.2:8080/v1/AUTH_433aca961d4044a58192397d2bfb2ecb/gnocchi.d1a7f695-437b-4ee5-8e8a-0b3875a5943c/1759320000.0_mean_300.0_v3" "tx1eed2c628e2e44af9bf4c-0068e6bb93" "proxy-server 20" 0.0121 "-" 24 0
Oct 8 19:29:23 standalone proxy-server[134001]: 172.18.0.2 172.18.0.100 08/Oct/2025/19/29/23 PUT /v1/AUTH_433aca961d4044a58192397d2bfb2ecb/gnocchi.d1a7f695-437b-4ee5-8e8a-0b3875a5943c/1759320000.0_mean_300.0_v3 HTTP/1.0 201 - python-swiftclient-3.11.1 gAAAAABo5rsHjV_5... 16 - - tx1eed2c628e2e44af9bf4c-0068e6bb93 - 0.0183 - - 1759951763.107388258 1759951763.125724554 0
Oct 8 19:29:23 standalone container-server[131727]: 172.20.0.100 - - [08/Oct/2025:19:29:23 +0000] "PUT /d1/780/AUTH_433aca961d4044a58192397d2bfb2ecb/gnocchi.d1a7f695-437b-4ee5-8e8a-0b3875a5943c/none_v3" 201 - "PUT http://172.18.0.2:8080/d1/917/AUTH_433aca961d4044a58192397d2bfb2ecb/gnocchi.d1a7f695-437b-4ee5-8e8a-0b3875a5943c/none_v3" "txdf2d25373b5543a98efec-0068e6bb93" "object-server 24" 0.0011 "-" 15 0
Oct 8 19:29:23 standalone object-server[132418]: 172.20.0.100 - - [08/Oct/2025:19:29:23 +0000] "PUT /d1/917/AUTH_433aca961d4044a58192397d2bfb2ecb/gnocchi.d1a7f695-437b-4ee5-8e8a-0b3875a5943c/none_v3" 201 - "PUT http://172.18.0.2:8080/v1/AUTH_433aca961d4044a58192397d2bfb2ecb/gnocchi.d1a7f695-437b-4ee5-8e8a-0b3875a5943c/none_v3" "txdf2d25373b5543a98efec-0068e6bb93" "proxy-server 20" 0.0129 "-" 24 0
Oct 8 19:29:23 standalone proxy-server[134001]: 172.18.0.2 172.18.0.100 08/Oct/2025/19/29/23 PUT /v1/AUTH_433aca961d4044a58192397d2bfb2ecb/gnocchi.d1a7f695-437b-4ee5-8e8a-0b3875a5943c/none_v3 HTTP/1.0 201 - python-swiftclient-3.11.1 gAAAAABo5rsHjV_5... 22 - - txdf2d25373b5543a98efec-0068e6bb93 - 0.0204 - - 1759951763.129003286 1759951763.149374485 0
Oct 8 19:29:23 standalone container-server[131727]: 172.20.0.100 - - [08/Oct/2025:19:29:23 +0000] "HEAD /d1/1/AUTH_433aca961d4044a58192397d2bfb2ecb/gnocchi.a43031fe-d3f9-4546-b438-25243666fae3" 404 - "HEAD http://172.18.0.2:8080/v1/AUTH_433aca961d4044a58192397d2bfb2ecb/gnocchi.a43031fe-d3f9-4546-b438-25243666fae3?format=json&states=listing" "tx4dd952c60ced41faba73c-0068e6bb93" "proxy-server 20" 0.0006 "-" 15 0
