Oct 8 19:29:03 standalone account-server[131624]: 172.20.0.100 - - [08/Oct/2025:19:29:03 +0000] "PUT /d1/564/AUTH_433aca961d4044a58192397d2bfb2ecb/gnocchi.eb4697fc-c59b-4c29-8dd7-4ade6034b004" 201 - "-" "-" "container-updater 2" 0.0004 "-" 17 0
Oct 8 19:29:03 standalone account-server[131637]: 172.20.0.100 - - [08/Oct/2025:19:29:03 +0000] "PUT /d1/564/AUTH_433aca961d4044a58192397d2bfb2ecb/gnocchi.c5b7aa7f-85aa-478d-9440-09bc451a8fc2" 201 - "-" "-" "container-updater 2" 0.0005 "-" 19 0
Oct 8 19:29:03 standalone account-server[131637]: 172.20.0.100 - - [08/Oct/2025:19:29:03 +0000] "PUT /d1/564/AUTH_433aca961d4044a58192397d2bfb2ecb/gnocchi.e2afd917-c4dd-4af0-8f31-d1fc000786e9" 201 - "-" "-" "container-updater 2" 0.0007 "-" 19 0
Oct 8 19:29:03 standalone account-server[131650]: 172.20.0.100 - - [08/Oct/2025:19:29:03 +0000] "PUT /d1/564/AUTH_433aca961d4044a58192397d2bfb2ecb/gnocchi.00b54080-e72b-400a-8be2-14a33c4ab849" 201 - "-" "-" "container-updater 2" 0.0005 "-" 20 0
Oct 8 19:29:03 standalone account-server[131631]: 172.20.0.100 - - [08/Oct/2025:19:29:03 +0000] "PUT /d1/564/AUTH_433aca961d4044a58192397d2bfb2ecb/gnocchi.95995b18-4ace-4488-b109-32ff945bdd8b" 201 - "-" "-" "container-updater 2" 0.0005 "-" 18 0
Oct 8 19:29:03 standalone account-server[131637]: 172.20.0.100 - - [08/Oct/2025:19:29:03 +0000] "PUT /d1/564/AUTH_433aca961d4044a58192397d2bfb2ecb/gnocchi.1bc76699-bdc6-4b8a-9df9-7981627dfdae" 201 - "-" "-" "container-updater 2" 0.0005 "-" 19 0
Oct 8 19:29:03 standalone container-server[131945]: Container update sweep completed: 2.69s
Oct 8 19:29:03 standalone object-server[132411]: 172.20.0.100 - - [08/Oct/2025:19:29:03 +0000] "GET /d1/654/AUTH_433aca961d4044a58192397d2bfb2ecb/gnocchi.fa2199ce-f876-4941-899c-0ca56d247cd9/none_v3" 200 32 "GET http://172.18.0.2:8080/v1/AUTH_433aca961d4044a58192397d2bfb2ecb/gnocchi.fa2199ce-f876-4941-899c-0ca56d247cd9/none_v3" "tx3a7019f6aa1f4bf296933-0068e6bb7f" "proxy-server 20" 0.0012 "-" 23 0
Oct 8 19:29:04 standalone proxy-server[134001]: 172.18.0.2 172.18.0.100 08/Oct/2025/19/29/04 GET /v1/AUTH_433aca961d4044a58192397d2bfb2ecb/gnocchi.fa2199ce-f876-4941-899c-0ca56d247cd9/none_v3 HTTP/1.0 200 - python-swiftclient-3.11.1 gAAAAABo5rsHjV_5... - 32 - tx3a7019f6aa1f4bf296933-0068e6bb7f - 0.0073 - - 1759951743.993518591 1759951744.000794172 0
Oct 8 19:29:04 standalone container-server[131727]: 172.20.0.100 - - [08/Oct/2025:19:29:04 +0000] "GET /d1/754/AUTH_433aca961d4044a58192397d2bfb2ecb/gnocchi.fa2199ce-f876-4941-899c-0ca56d247cd9" 200 357 "GET http://172.18.0.2:8080/v1/AUTH_433aca961d4044a58192397d2bfb2ecb/gnocchi.fa2199ce-f876-4941-899c-0ca56d247cd9?format=json&states=listing" "tx3cef38f0c5b0486788203-0068e6bb80" "proxy-server 20" 0.0022 "-" 15 0
Oct 8 19:29:04 standalone proxy-server[134001]: 172.18.0.2 172.18.0.100 08/Oct/2025/19/29/04 GET /v1/AUTH_433aca961d4044a58192397d2bfb2ecb/gnocchi.fa2199ce-f876-4941-899c-0ca56d247cd9%3Fformat%3Djson%26states%3Dlisting HTTP/1.0 200 - python-swiftclient-3.11.1 gAAAAABo5rsHjV_5... - 357 - tx3cef38f0c5b0486788203-0068e6bb80 - 0.0084 - - 1759951744.004412174 1759951744.012820482 0
Oct 8 19:29:04 standalone container-server[131743]: 172.20.0.100 - - [08/Oct/2025:19:29:04 +0000] "GET /d1/754/AUTH_433aca961d4044a58192397d2bfb2ecb/gnocchi.fa2199ce-f876-4941-899c-0ca56d247cd9" 200 2 "GET http://172.18.0.2:8080/v1/AUTH_433aca961d4044a58192397d2bfb2ecb/gnocchi.fa2199ce-f876-4941-899c-0ca56d247cd9?format=json&marker=none_v3&states=listing" "tx753f4003ba8c42e38cd96-0068e6bb80" "proxy-server 20" 0.0023 "-" 16 0
Oct 8 19:29:04 standalone proxy-server[134001]: 172.18.0.2 172.18.0.100 08/Oct/2025/19/29/04 GET /v1/AUTH_433aca961d4044a58192397d2bfb2ecb/gnocchi.fa2199ce-f876-4941-899c-0ca56d247cd9%3Fformat%3Djson%26marker%3Dnone_v3%26states%3Dlisting HTTP/1.0 200 - python-swiftclient-3.11.1 gAAAAABo5rsHjV_5... - 2 - tx753f4003ba8c42e38cd96-0068e6bb80 - 0.0090 - - 1759951744.015825987 1759951744.024847507 0
Oct 8 19:29:04 standalone object-server[132418]: 172.20.0.100 - - [08/Oct/2025:19:29:04 +0000] "GET /d1/523/AUTH_433aca961d4044a58192397d2bfb2ecb/gnocchi.fa2199ce-f876-4941-899c-0ca56d247cd9/1759320000.0_mean_300.0_v3" 200 16 "GET http://172.18.0.2:8080/v1/AUTH_433aca961d4044a58192397d2bfb2ecb/gnocchi.fa2199ce-f876-4941-899c-0ca56d247cd9/1759320000.0_mean_300.0_v3" "tx27d99b4c921d4057a5341-0068e6bb80" "proxy-server 20" 0.0007 "-" 24 0
Oct 8 19:29:04 standalone proxy-server[134001]: 172.18.0.2 172.18.0.100 08/Oct/2025/19/29/04 GET /v1/AUTH_433aca961d4044a58192397d2bfb2ecb/gnocchi.fa2199ce-f876-4941-899c-0ca56d247cd9/1759320000.0_mean_300.0_v3 HTTP/1.0 200 - python-swiftclient-3.11.1 gAAAAABo5rsHjV_5... - 16 - tx27d99b4c921d4057a5341-0068e6bb80 - 0.0070 - - 1759951744.030236006 1759951744.037229776 0
Oct 8 19:29:04 standalone container-server[131744]: 172.20.0.100 - - [08/Oct/2025:19:29:04 +0000] "PUT /d1/754/AUTH_433aca961d4044a58192397d2bfb2ecb/gnocchi.fa2199ce-f876-4941-899c-0ca56d247cd9/1759320000.0_mean_300.0_v3" 201 - "PUT http://172.18.0.2:8080/d1/523/AUTH_433aca961d4044a58192397d2bfb2ecb/gnocchi.fa2199ce-f876-4941-899c-0ca56d247cd9/1759320000.0_mean_300.0_v3" "txcc75124093dd4d8a9a743-0068e6bb80" "object-server 23" 0.0005 "-" 17 0
Oct 8 19:29:04 standalone object-server[132411]: 172.20.0.100 - - [08/Oct/2025:19:29:04 +0000] "PUT /d1/523/AUTH_433aca961d4044a58192397d2bfb2ecb/gnocchi.fa2199ce-f876-4941-899c-0ca56d247cd9/1759320000.0_mean_300.0_v3" 201 - "PUT http://172.18.0.2:8080/v1/AUTH_433aca961d4044a58192397d2bfb2ecb/gnocchi.fa2199ce-f876-4941-899c-0ca56d247cd9/1759320000.0_mean_300.0_v3" "txcc75124093dd4d8a9a743-0068e6bb80" "proxy-server 20" 0.0074 "-" 23 0
Oct 8 19:29:04 standalone proxy-server[134001]: 172.18.0.2 172.18.0.100 08/Oct/2025/19/29/04 PUT /v1/AUTH_433aca961d4044a58192397d2bfb2ecb/gnocchi.fa2199ce-f876-4941-899c-0ca56d247cd9/1759320000.0_mean_300.0_v3 HTTP/1.0 201 - python-swiftclient-3.11.1 gAAAAABo5rsHjV_5... 16 - - txcc75124093dd4d8a9a743-0068e6bb80 - 0.0130 - - 1759951744.040892839 1759951744.053893805 0
Oct 8 19:29:04 standalone container-server[131743]: 172.20.0.100 - - [08/Oct/2025:19:29:04 +0000] "PUT /d1/754/AUTH_433aca961d4044a58192397d2bfb2ecb/gnocchi.fa2199ce-f876-4941-899c-0ca56d247cd9/none_v3" 201 - "PUT http://172.18.0.2:8080/d1/654/AUTH_433aca961d4044a58192397d2bfb2ecb/gnocchi.fa2199ce-f876-4941-899c-0ca56d247cd9/none_v3" "tx30e298b4ad9e4a8b9b784-0068e6bb80" "object-server 25" 0.0006 "-" 16 0
Oct 8 19:29:04 standalone object-server[132425]: 172.20.0.100 - - [08/Oct/2025:19:29:04 +0000] "PUT /d1/654/AUTH_433aca961d4044a58192397d2bfb2ecb/gnocchi.fa2199ce-f876-4941-899c-0ca56d247cd9/none_v3" 201 - "PUT http://172.18.0.2:8080/v1/AUTH_433aca961d4044a58192397d2bfb2ecb/gnocchi.fa2199ce-f876-4941-899c-0ca56d247cd9/none_v3" "tx30e298b4ad9e4a8b9b784-0068e6bb80" "proxy-server 20" 0.0084 "-" 25 0
Oct 8 19:29:04 standalone proxy-server[134001]: 172.18.0.2 172.18.0.100 08/Oct/2025/19/29/04 PUT /v1/AUTH_433aca961d4044a58192397d2bfb2ecb/gnocchi.fa2199ce-f876-4941-899c-0ca56d247cd9/none_v3 HTTP/1.0 201 - python-swiftclient-3.11.1 gAAAAABo5rsHjV_5... 46 - - tx30e298b4ad9e4a8b9b784-0068e6bb80 - 0.0135 - - 1759951744.056849241 1759951744.070371628 0
Oct 8 19:29:05 standalone object-server[132411]: 172.20.0.100 - - [08/Oct/2025:19:29:05 +0000] "GET /d1/654/AUTH_433aca961d4044a58192397d2bfb2ecb/gnocchi.fa2199ce-f876-4941-899c-0ca56d247cd9/none_v3" 200 46 "GET http://172.18.0.2:8080/v1/AUTH_433aca961d4044a58192397d2bfb2ecb/gnocchi.fa2199ce-f876-4941-899c-0ca56d247cd9/none_v3" "tx9a3a992671114b7f83406-0068e6bb80" "proxy-server 20" 0.0012 "-" 23 0
Oct 8 19:29:05 standalone proxy-server[134001]: 172.18.0.2 172.18.0.100 08/Oct/2025/19/29/05 GET /v1/AUTH_433aca961d4044a58192397d2bfb2ecb/gnocchi.fa2199ce-f876-4941-899c-0ca56d247cd9/none_v3 HTTP/1.0 200 - python-swiftclient-3.11.1 gAAAAABo5rsHjV_5... - 46 - tx9a3a992671114b7f83406-0068e6bb80 - 0.0069 - - 1759951744.996484041 1759951745.003416538 0
Oct 8 19:29:05 standalone container-server[131743]: 172.20.0.100 - - [08/Oct/2025:19:29:05 +0000] "GET /d1/754/AUTH_433aca961d4044a58192397d2bfb2ecb/gnocchi.fa2199ce-f876-4941-899c-0ca56d247cd9" 200 357 "GET http://172.18.0.2:8080/v1/AUTH_433aca961d4044a58192397d2bfb2ecb/gnocchi.fa2199ce-f876-4941-899c-0ca56d247cd9?format=json&states=listing" "txea0b9636e2be4a8a8a9f7-0068e6bb81" "proxy-server 20" 0.0220 "-" 16 0
Oct 8 19:29:05 standalone proxy-server[134001]: 172.18.0.2 172.18.0.100 08/Oct/2025/19/29/05 GET /v1/AUTH_433aca961d4044a58192397d2bfb2ecb/gnocchi.fa2199ce-f876-4941-899c-0ca56d247cd9%3Fformat%3Djson%26states%3Dlisting HTTP/1.0 200 - python-swiftclient-3.11.1 gAAAAABo5rsHjV_5... - 357 - txea0b9636e2be4a8a8a9f7-0068e6bb81 - 0.0311 - - 1759951745.006765366 1759951745.037867069 0
Oct 8 19:29:05 standalone container-server[131727]: 172.20.0.100 - - [08/Oct/2025:19:29:05 +0000] "GET /d1/754/AUTH_433aca961d4044a58192397d2bfb2ecb/gnocchi.fa2199ce-f876-4941-899c-0ca56d247cd9" 200 2 "GET http://172.18.0.2:8080/v1/AUTH_433aca961d4044a58192397d2bfb2ecb/gnocchi.fa2199ce-f876-4941-899c-0ca56d247cd9?format=json&marker=none_v3&states=listing" "tx03a8da6516904ab1ac696-0068e6bb81" "proxy-server 20" 0.0054 "-" 15 0
Oct 8 19:29:05 standalone proxy-server[134001]: 172.18.0.2 172.18.0.100 08/Oct/2025/19/29/05 GET /v1/AUTH_433aca961d4044a58192397d2bfb2ecb/gnocchi.fa2199ce-f876-4941-899c-0ca56d247cd9%3Fformat%3Djson%26marker%3Dnone_v3%26states%3Dlisting HTTP/1.0 200 - python-swiftclient-3.11.1 gAAAAABo5rsHjV_5... - 2 - tx03a8da6516904ab1ac696-0068e6bb81 - 0.0160 - - 1759951745.041308880 1759951745.057288170 0
Oct 8 19:29:05 standalone object-server[132418]: 172.20.0.100 - - [08/Oct/2025:19:29:05 +0000] "GET /d1/523/AUTH_433aca961d4044a58192397d2bfb2ecb/gnocchi.fa2199ce-f876-4941-899c-0ca56d247cd9/1759320000.0_mean_300.0_v3" 200 16 "GET http://172.18.0.2:8080/v1/AUTH_433aca961d4044a58192397d2bfb2ecb/gnocchi.fa2199ce-f876-4941-899c-0ca56d247cd9/1759320000.0_mean_300.0_v3" "txc7c2108db56346ca98c65-0068e6bb81" "proxy-server 20" 0.0006 "-" 24 0
Oct 8 19:29:05 standalone proxy-server[134001]: 172.18.0.2 172.18.0.100 08/Oct/2025/19/29/05 GET /v1/AUTH_433aca961d4044a58192397d2bfb2ecb/gnocchi.fa2199ce-f876-4941-899c-0ca56d247cd9/1759320000.0_mean_300.0_v3 HTTP/1.0 200 - python-swiftclient-3.11.1 gAAAAABo5rsHjV_5... - 16 - txc7c2108db56346ca98c65-0068e6bb81 - 0.0069 - - 1759951745.061982632 1759951745.068864107 0
Oct 8 19:29:05 standalone container-server[131743]: 172.20.0.100 - - [08/Oct/2025:19:29:05 +0000] "PUT /d1/754/AUTH_433aca961d4044a58192397d2bfb2ecb/gnocchi.fa2199ce-f876-4941-899c-0ca56d247cd9/1759320000.0_mean_300.0_v3" 201 - "PUT http://172.18.0.2:8080/d1/523/AUTH_433aca961d4044a58192397d2bfb2ecb/gnocchi.fa2199ce-f876-4941-899c-0ca56d247cd9/1759320000.0_mean_300.0_v3" "tx66ac744090064aa89a4c2-0068e6bb81" "object-server 25" 0.0005 "-" 16 0
Oct 8 19:29:05 standalone object-server[132425]: 172.20.0.100 - - [08/Oct/2025:19:29:05 +0000] "PUT /d1/523/AUTH_433aca961d4044a58192397d2bfb2ecb/gnocchi.fa2199ce-f876-4941-899c-0ca56d247cd9/1759320000.0_mean_300.0_v3" 201 - "PUT http://172.18.0.2:8080/v1/AUTH_433aca961d4044a58192397d2bfb2ecb/gnocchi.fa2199ce-f876-4941-899c-0ca56d247cd9/1759320000.0_mean_300.0_v3" "tx66ac744090064aa89a4c2-0068e6bb81" "proxy-server 20" 0.0122 "-" 25 0
Oct 8 19:29:05 standalone proxy-server[134001]: 172.18.0.2 172.18.0.100 08/Oct/2025/19/29/05 PUT /v1/AUTH_433aca961d4044a58192397d2bfb2ecb/gnocchi.fa2199ce-f876-4941-899c-0ca56d247cd9/1759320000.0_mean_300.0_v3 HTTP/1.0 201 - python-swiftclient-3.11.1 gAAAAABo5rsHjV_5... 16 - - tx66ac744090064aa89a4c2-0068e6bb81 - 0.0168 - - 1759951745.071718216 1759951745.088548422 0
Oct 8 19:29:05 standalone container-server[131718]: 172.20.0.100 - - [08/Oct/2025:19:29:05 +0000] "PUT /d1/754/AUTH_433aca961d4044a58192397d2bfb2ecb/gnocchi.fa2199ce-f876-4941-899c-0ca56d247cd9/none_v3" 201 - "PUT http://172.18.0.2:8080/d1/654/AUTH_433aca961d4044a58192397d2bfb2ecb/gnocchi.fa2199ce-f876-4941-899c-0ca56d247cd9/none_v3" "tx79f86e4e4eb7444b94b39-0068e6bb81" "object-server 24" 0.0006 "-" 10 0
Oct 8 19:29:05 standalone object-server[132418]: 172.20.0.100 - - [08/Oct/2025:19:29:05 +0000] "PUT /d1/654/AUTH_433aca961d4044a58192397d2bfb2ecb/gnocchi.fa2199ce-f876-4941-899c-0ca56d247cd9/none_v3" 201 - "PUT http://172.18.0.2:8080/v1/AUTH_433aca961d4044a58192397d2bfb2ecb/gnocchi.fa2199ce-f876-4941-899c-0ca56d247cd9/none_v3" "tx79f86e4e4eb7444b94b39-0068e6bb81" "proxy-server 20" 0.0088 "-" 24 0
Oct 8 19:29:05 standalone proxy-server[134001]: 172.18.0.2 172.18.0.100 08/Oct/2025/19/29/05 PUT /v1/AUTH_433aca961d4044a58192397d2bfb2ecb/gnocchi.fa2199ce-f876-4941-899c-0ca56d247cd9/none_v3 HTTP/1.0 201 - python-swiftclient-3.11.1 gAAAAABo5rsHjV_5... 51 - - tx79f86e4e4eb7444b94b39-0068e6bb81 - 0.0141 - - 1759951745.091165543 1759951745.105225563 0
Oct 8 19:29:05 standalone object-server[132411]: 172.20.0.100 - - [08/Oct/2025:19:29:05 +0000] "GET /d1/945/AUTH_433aca961d4044a58192397d2bfb2ecb/gnocchi.bb3c14f2-4cf8-4873-9a35-6611d269baea/none_v3" 200 22 "GET http://172.18.0.2:8080/v1/AUTH_433aca961d4044a58192397d2bfb2ecb/gnocchi.bb3c14f2-4cf8-4873-9a35-6611d269baea/none_v3" "txe79ba55f32ff4ce68b59a-0068e6bb81" "proxy-server 20" 0.0007 "-" 23 0
Oct 8 19:29:05 standalone proxy-server[134001]: 172.18.0.2 172.18.0.100 08/Oct/2025/19/29/05 GET /v1/AUTH_433aca961d4044a58192397d2bfb2ecb/gnocchi.bb3c14f2-4cf8-4873-9a35-6611d269baea/none_v3 HTTP/1.0 200 - python-swiftclient-3.11.1 gAAAAABo5rsHjV_5... - 22 - txe79ba55f32ff4ce68b59a-0068e6bb81 - 0.0059 - - 1759951745.116972446 1759951745.122911215 0
Oct 8 19:29:05 standalone container-server[131718]: 172.20.0.100 - - [08/Oct/2025:19:29:05 +0000] "GET /d1/946/AUTH_433aca961d4044a58192397d2bfb2ecb/gnocchi.bb3c14f2-4cf8-4873-9a35-6611d269baea" 200 357 "GET http://172.18.0.2:8080/v1/AUTH_433aca961d4044a58192397d2bfb2ecb/gnocchi.bb3c14f2-4cf8-4873-9a35-6611d269baea?format=json&states=listing" "tx8af6f224146d47979006a-0068e6bb81" "proxy-server 20" 0.0035 "-" 10 0
Oct 8 19:29:05 standalone proxy-server[134001]: 172.18.0.2 172.18.0.100 08/Oct/2025/19/29/05 GET /v1/AUTH_433aca961d4044a58192397d2bfb2ecb/gnocchi.bb3c14f2-4cf8-4873-9a35-6611d269baea%3Fformat%3Djson%26states%3Dlisting HTTP/1.0 200 - python-swiftclient-3.11.1 gAAAAABo5rsHjV_5... - 357 - tx8af6f224146d47979006a-0068e6bb81 - 0.0104 - - 1759951745.125794649 1759951745.136203527 0
Oct 8 19:29:05 standalone container-server[131744]: 172.20.0.100 - - [08/Oct/2025:19:29:05 +0000] "GET /d1/946/AUTH_433aca961d4044a58192397d2bfb2ecb/gnocchi.bb3c14f2-4cf8-4873-9a35-6611d269baea" 200 2 "GET http://172.18.0.2:8080/v1/AUTH_433aca961d4044a58192397d2bfb2ecb/gnocchi.bb3c14f2-4cf8-4873-9a35-6611d269baea?format=json&marker=none_v3&states=listing" "tx5dc089baf1864c28afd9a-0068e6bb81" "proxy-server 20" 0.0020 "-" 17 0
Oct 8 19:29:05 standalone proxy-server[134001]: 172.18.0.2 172.18.0.100 08/Oct/2025/19/29/05 GET /v1/AUTH_433aca961d4044a58192397d2bfb2ecb/gnocchi.bb3c14f2-4cf8-4873-9a35-6611d269baea%3Fformat%3Djson%26marker%3Dnone_v3%26states%3Dlisting HTTP/1.0 200 - python-swiftclient-3.11.1 gAAAAABo5rsHjV_5... - 2 - tx5dc089baf1864c28afd9a-0068e6bb81 - 0.0076 - - 1759951745.139168262 1759951745.146755219 0
Oct 8 19:29:05 standalone object-server[132418]: 172.20.0.100 - - [08/Oct/2025:19:29:05 +0000] "GET /d1/680/AUTH_433aca961d4044a58192397d2bfb2ecb/gnocchi.bb3c14f2-4cf8-4873-9a35-6611d269baea/1759320000.0_mean_300.0_v3" 200 16 "GET http://172.18.0.2:8080/v1/AUTH_433aca961d4044a58192397d2bfb2ecb/gnocchi.bb3c14f2-4cf8-4873-9a35-6611d269baea/1759320000.0_mean_300.0_v3" "tx98cccee04e76419ab66ed-0068e6bb81" "proxy-server 20" 0.0009 "-" 24 0
Oct 8 19:29:05 standalone proxy-server[134001]: 172.18.0.2 172.18.0.100 08/Oct/2025/19/29/05 GET /v1/AUTH_433aca961d4044a58192397d2bfb2ecb/gnocchi.bb3c14f2-4cf8-4873-9a35-6611d269baea/1759320000.0_mean_300.0_v3 HTTP/1.0 200 - python-swiftclient-3.11.1 gAAAAABo5rsHjV_5... - 16 - tx98cccee04e76419ab66ed-0068e6bb81 - 0.0065 - - 1759951745.149976254 1759951745.156515837 0
Oct 8 19:29:05 standalone container-server[131718]: 172.20.0.100 - - [08/Oct/2025:19:29:05 +0000] "PUT /d1/946/AUTH_433aca961d4044a58192397d2bfb2ecb/gnocchi.bb3c14f2-4cf8-4873-9a35-6611d269baea/1759320000.0_mean_300.0_v3" 201 - "PUT http://172.18.0.2:8080/d1/680/AUTH_433aca961d4044a58192397d2bfb2ecb/gnocchi.bb3c14f2-4cf8-4873-9a35-6611d269baea/1759320000.0_mean_300.0_v3" "tx74f393b250b7434b83a82-0068e6bb81" "object-server 23" 0.0006 "-" 10 0
Oct 8 19:29:05 standalone object-server[132411]: 172.20.0.100 - - [08/Oct/2025:19:29:05 +0000] "PUT /d1/680/AUTH_433aca961d4044a58192397d2bfb2ecb/gnocchi.bb3c14f2-4cf8-4873-9a35-6611d269baea/1759320000.0_mean_300.0_v3" 201 - "PUT http://172.18.0.2:8080/v1/AUTH_433aca961d4044a58192397d2bfb2ecb/gnocchi.bb3c14f2-4cf8-4873-9a35-6611d269baea/1759320000.0_mean_300.0_v3" "tx74f393b250b7434b83a82-0068e6bb81" "proxy-server 20" 0.0127 "-" 23 0
Oct 8 19:29:05 standalone proxy-server[134001]: 172.18.0.2 172.18.0.100 08/Oct/2025/19/29/05 PUT /v1/AUTH_433aca961d4044a58192397d2bfb2ecb/gnocchi.bb3c14f2-4cf8-4873-9a35-6611d269baea/1759320000.0_mean_300.0_v3 HTTP/1.0 201 - python-swiftclient-3.11.1 gAAAAABo5rsHjV_5... 16 - - tx74f393b250b7434b83a82-0068e6bb81 - 0.0236 - - 1759951745.159616232 1759951745.183244705 0
Oct 8 19:29:05 standalone container-server[131744]: 172.20.0.100 - - [08/Oct/2025:19:29:05 +0000] "PUT /d1/946/AUTH_433aca961d4044a58192397d2bfb2ecb/gnocchi.bb3c14f2-4cf8-4873-9a35-6611d269baea/none_v3" 201 - "PUT http://172.18.0.2:8080/d1/945/AUTH_433aca961d4044a58192397d2bfb2ecb/gnocchi.bb3c14f2-4cf8-4873-9a35-6611d269baea/none_v3" "txd57a3b56d4994c2883f06-0068e6bb81" "object-server 24" 0.0005 "-" 17 0
Oct 8 19:29:05 standalone object-server[132418]: 172.20.0.100 - - [08/Oct/2025:19:29:05 +0000] "PUT /d1/945/AUTH_433aca961d4044a58192397d2bfb2ecb/gnocchi.bb3c14f2-4cf8-4873-9a35-6611d269baea/none_v3" 201 - "PUT http://172.18.0.2:8080/v1/AUTH_433aca961d4044a58192397d2bfb2ecb/gnocchi.bb3c14f2-4cf8-4873-9a35-6611d269baea/none_v3" "txd57a3b56d4994c2883f06-0068e6bb81" "proxy-server 20" 0.0091 "-" 24 0
Oct 8 19:29:05 standalone proxy-server[134001]: 172.18.0.2 172.18.0.100 08/Oct/2025/19/29/05 PUT /v1/AUTH_433aca961d4044a58192397d2bfb2ecb/gnocchi.bb3c14f2-4cf8-4873-9a35-6611d269baea/none_v3 HTTP/1.0 201 - python-swiftclient-3.11.1 gAAAAABo5rsHjV_5... 32 - - txd57a3b56d4994c2883f06-0068e6bb81 - 0.0146 - - 1759951745.186059952 1759951745.200686693 0
Oct 8 19:29:05 standalone object-server[132425]: 172.20.0.100 - - [08/Oct/2025:19:29:05 +0000] "GET /d1/122/AUTH_433aca961d4044a58192397d2bfb2ecb/gnocchi.1bc76699-bdc6-4b8a-9df9-7981627dfdae/none_v3" 200 22 "GET http://172.18.0.2:8080/v1/AUTH_433aca961d4044a58192397d2bfb2ecb/gnocchi.1bc76699-bdc6-4b8a-9df9-7981627dfdae/none_v3" "tx9bb350a112c14513a2767-0068e6bb81" "proxy-server 20" 0.0007 "-" 25 0
Oct 8 19:29:05 standalone proxy-server[134001]: 172.18.0.2 172.18.0.100 08/Oct/2025/19/29/05 GET /v1/AUTH_433aca961d4044a58192397d2bfb2ecb/gnocchi.1bc76699-bdc6-4b8a-9df9-7981627dfdae/none_v3 HTTP/1.0 200 - python-swiftclient-3.11.1 gAAAAABo5rsHjV_5... - 22 - tx9bb350a112c14513a2767-0068e6bb81 - 0.0062 - - 1759951745.210507631 1759951745.216723442 0
Oct 8 19:29:05 standalone container-server[131727]: 172.20.0.100 - - [08/Oct/2025:19:29:05 +0000] "GET /d1/468/AUTH_433aca961d4044a58192397d2bfb2ecb/gnocchi.1bc76699-bdc6-4b8a-9df9-7981627dfdae" 200 357 "GET http://172.18.0.2:8080/v1/AUTH_433aca961d4044a58192397d2bfb2ecb/gnocchi.1bc76699-bdc6-4b8a-9df9-7981627dfdae?format=json&states=listing" "tx78ba0f93eabd410487751-0068e6bb81" "proxy-server 20" 0.0031 "-" 15 0
Oct 8 19:29:05 standalone proxy-server[134001]: 172.18.0.2 172.18.0.100 08/Oct/2025/19/29/05 GET /v1/AUTH_433aca961d4044a58192397d2bfb2ecb/gnocchi.1bc76699-bdc6-4b8a-9df9-7981627dfdae%3Fformat%3Djson%26states%3Dlisting HTTP/1.0 200 - python-swiftclient-3.11.1 gAAAAABo5rsHjV_5... - 357 - tx78ba0f93eabd410487751-0068e6bb81 - 0.0093 - - 1759951745.219912529 1759951745.229197264 0
Oct 8 19:29:05 standalone container-server[131718]: 172.20.0.100 - - [08/Oct/2025:19:29:05 +0000] "GET /d1/468/AUTH_433aca961d4044a58192397d2bfb2ecb/gnocchi.1bc76699-bdc6-4b8a-9df9-7981627dfdae" 200 2 "GET http://172.18.0.2:8080/v1/AUTH_433aca961d4044a58192397d2bfb2ecb/gnocchi.1bc76699-bdc6-4b8a-9df9-7981627dfdae?format=json&marker=none_v3&states=listing" "tx85eeeee7dc164f77aadc5-0068e6bb81" "proxy-server 20" 0.0033 "-" 10 0
Oct 8 19:29:05 standalone proxy-server[134001]: 172.18.0.2 172.18.0.100 08/Oct/2025/19/29/05 GET /v1/AUTH_433aca961d4044a58192397d2bfb2ecb/gnocchi.1bc76699-bdc6-4b8a-9df9-7981627dfdae%3Fformat%3Djson%26marker%3Dnone_v3%26states%3Dlisting HTTP/1.0 200 - python-swiftclient-3.11.1 gAAAAABo5rsHjV_5... - 2 - tx85eeeee7dc164f77aadc5-0068e6bb81 - 0.0102 - - 1759951745.232195377 1759951745.242403269 0
Oct 8 19:29:05 standalone object-server[132425]: 172.20.0.100 - - [08/Oct/2025:19:29:05 +0000] "GET /d1/659/AUTH_433aca961d4044a58192397d2bfb2ecb/gnocchi.1bc76699-bdc6-4b8a-9df9-7981627dfdae/1759320000.0_mean_300.0_v3" 200 16 "GET http://172.18.0.2:8080/v1/AUTH_433aca961d4044a58192397d2bfb2ecb/gnocchi.1bc76699-bdc6-4b8a-9df9-7981627dfdae/1759320000.0_mean_300.0_v3" "txd3763f977f4f4616bc53c-0068e6bb81" "proxy-server 20" 0.0006 "-" 25 0
Oct 8 19:29:05 standalone proxy-server[134001]: 172.18.0.2 172.18.0.100 08/Oct/2025/19/29/05 GET /v1/AUTH_433aca961d4044a58192397d2bfb2ecb/gnocchi.1bc76699-bdc6-4b8a-9df9-7981627dfdae/1759320000.0_mean_300.0_v3 HTTP/1.0 200 - python-swiftclient-3.11.1 gAAAAABo5rsHjV_5... - 16 - txd3763f977f4f4616bc53c-0068e6bb81 - 0.0051 - - 1759951745.245588303 1759951745.250716686 0
Oct 8 19:29:05 standalone container-server[131744]: 172.20.0.100 - - [08/Oct/2025:19:29:05 +0000] "PUT /d1/468/AUTH_433aca961d4044a58192397d2bfb2ecb/gnocchi.1bc76699-bdc6-4b8a-9df9-7981627dfdae/1759320000.0_mean_300.0_v3" 201 - "PUT http://172.18.0.2:8080/d1/659/AUTH_433aca961d4044a58192397d2bfb2ecb/gnocchi.1bc76699-bdc6-4b8a-9df9-7981627dfdae/1759320000.0_mean_300.0_v3" "tx9f1db20bb6be49a684352-0068e6bb81" "object-server 25" 0.0006 "-" 17 0
Oct 8 19:29:05 standalone object-server[132425]: 172.20.0.100 - - [08/Oct/2025:19:29:05 +0000] "PUT /d1/659/AUTH_433aca961d4044a58192397d2bfb2ecb/gnocchi.1bc76699-bdc6-4b8a-9df9-7981627dfdae/1759320000.0_mean_300.0_v3" 201 - "PUT http://172.18.0.2:8080/v1/AUTH_433aca961d4044a58192397d2bfb2ecb/gnocchi.1bc76699-bdc6-4b8a-9df9-7981627dfdae/1759320000.0_mean_300.0_v3" "tx9f1db20bb6be49a684352-0068e6bb81" "proxy-server 20" 0.0099 "-" 25 0
Oct 8 19:29:05 standalone proxy-server[134001]: 172.18.0.2 172.18.0.100 08/Oct/2025/19/29/05 PUT /v1/AUTH_433aca961d4044a58192397d2bfb2ecb/gnocchi.1bc76699-bdc6-4b8a-9df9-7981627dfdae/1759320000.0_mean_300.0_v3 HTTP/1.0 201 - python-swiftclient-3.11.1 gAAAAABo5rsHjV_5... 16 - - tx9f1db20bb6be49a684352-0068e6bb81 - 0.0142 - - 1759951745.253126860 1759951745.267297506 0
Oct 8 19:29:05 standalone container-server[131718]: 172.20.0.100 - - [08/Oct/2025:19:29:05 +0000] "PUT /d1/468/AUTH_433aca961d4044a58192397d2bfb2ecb/gnocchi.1bc76699-bdc6-4b8a-9df9-7981627dfdae/none_v3" 201 - "PUT http://172.18.0.2:8080/d1/122/AUTH_433aca961d4044a58192397d2bfb2ecb/gnocchi.1bc76699-bdc6-4b8a-9df9-7981627dfdae/none_v3" "txdb3942da20f74113871f4-0068e6bb81" "object-server 24" 0.0004 "-" 10 0
Oct 8 19:29:05 standalone object-server[132418]: 172.20.0.100 - - [08/Oct/2025:19:29:05 +0000] "PUT /d1/122/AUTH_433aca961d4044a58192397d2bfb2ecb/gnocchi.1bc76699-bdc6-4b8a-9df9-7981627dfdae/none_v3" 201 - "PUT http://172.18.0.2:8080/v1/AUTH_433aca961d4044a58192397d2bfb2ecb/gnocchi.1bc76699-bdc6-4b8a-9df9-7981627dfdae/none_v3" "txdb3942da20f74113871f4-0068e6bb81" "proxy-server 20" 0.0086 "-" 24 0
Oct 8 19:29:05 standalone proxy-server[134001]: 172.18.0.2 172.18.0.100 08/Oct/2025/19/29/05 PUT /v1/AUTH_433aca961d4044a58192397d2bfb2ecb/gnocchi.1bc76699-bdc6-4b8a-9df9-7981627dfdae/none_v3 HTTP/1.0 201 - python-swiftclient-3.11.1 gAAAAABo5rsHjV_5... 32 - - txdb3942da20f74113871f4-0068e6bb81 - 0.0135 - - 1759951745.269848824 1759951745.283307076 0
Oct 8 19:29:05 standalone object-server[132406]: 172.20.0.100 - - [08/Oct/2025:19:29:05 +0000] "GET /d1/852/AUTH_433aca961d4044a58192397d2bfb2ecb/gnocchi.95995b18-4ace-4488-b109-32ff945bdd8b/none_v3" 200 22 "GET http://172.18.0.2:8080/v1/AUTH_433aca961d4044a58192397d2bfb2ecb/gnocchi.95995b18-4ace-4488-b109-32ff945bdd8b/none_v3" "tx485bc3f64019418f855fd-0068e6bb81" "proxy-server 20" 0.0007 "-" 22 0
Oct 8 19:29:05 standalone proxy-server[134001]: 172.18.0.2 172.18.0.100 08/Oct/2025/19/29/05 GET /v1/AUTH_433aca961d4044a58192397d2bfb2ecb/gnocchi.95995b18-4ace-4488-b109-32ff945bdd8b/none_v3 HTTP/1.0 200 - python-swiftclient-3.11.1 gAAAAABo5rsHjV_5... - 22 - tx485bc3f64019418f855fd-0068e6bb81 - 0.0059 - - 1759951745.293241024 1759951745.299128532 0
Oct 8 19:29:05 standalone container-server[131744]: 172.20.0.100 - - [08/Oct/2025:19:29:05 +0000] "GET /d1/835/AUTH_433aca961d4044a58192397d2bfb2ecb/gnocchi.95995b18-4ace-4488-b109-32ff945bdd8b" 200 357 "GET http://172.18.0.2:8080/v1/AUTH_433aca961d4044a58192397d2bfb2ecb/gnocchi.95995b18-4ace-4488-b109-32ff945bdd8b?format=json&states=listing" "tx29ad306173ea4b65a1da8-0068e6bb81" "proxy-server 20" 0.0019 "-" 17 0
Oct 8 19:29:05 standalone proxy-server[134001]: 172.18.0.2 172.18.0.100 08/Oct/2025/19/29/05 GET /v1/AUTH_433aca961d4044a58192397d2bfb2ecb/gnocchi.95995b18-4ace-4488-b109-32ff945bdd8b%3Fformat%3Djson%26states%3Dlisting HTTP/1.0 200 - python-swiftclient-3.11.1 gAAAAABo5rsHjV_5... - 357 - tx29ad306173ea4b65a1da8-0068e6bb81 - 0.0074 - - 1759951745.302112579 1759951745.309473753 0
Oct 8 19:29:05 standalone container-server[131744]: 172.20.0.100 - - [08/Oct/2025:19:29:05 +0000] "GET /d1/835/AUTH_433aca961d4044a58192397d2bfb2ecb/gnocchi.95995b18-4ace-4488-b109-32ff945bdd8b" 200 2 "GET http://172.18.0.2:8080/v1/AUTH_433aca961d4044a58192397d2bfb2ecb/gnocchi.95995b18-4ace-4488-b109-32ff945bdd8b?format=json&marker=none_v3&states=listing" "txad05694faf6944138d721-0068e6bb81" "proxy-server 20" 0.0018 "-" 17 0
Oct 8 19:29:05 standalone proxy-server[134001]: 172.18.0.2 172.18.0.100 08/Oct/2025/19/29/05 GET /v1/AUTH_433aca961d4044a58192397d2bfb2ecb/gnocchi.95995b18-4ace-4488-b109-32ff945bdd8b%3Fformat%3Djson%26marker%3Dnone_v3%26states%3Dlisting HTTP/1.0 200 - python-swiftclient-3.11.1 gAAAAABo5rsHjV_5... - 2 - txad05694faf6944138d721-0068e6bb81 - 0.0072 - - 1759951745.311976671 1759951745.319185495 0
Oct 8 19:29:05 standalone object-server[132418]: 172.20.0.100 - - [08/Oct/2025:19:29:05 +0000] "GET /d1/814/AUTH_433aca961d4044a58192397d2bfb2ecb/gnocchi.95995b18-4ace-4488-b109-32ff945bdd8b/1759320000.0_mean_300.0_v3" 200 16 "GET http://172.18.0.2:8080/v1/AUTH_433aca961d4044a58192397d2bfb2ecb/gnocchi.95995b18-4ace-4488-b109-32ff945bdd8b/1759320000.0_mean_300.0_v3" "txa20b0cd37fbd46bb934f9-0068e6bb81" "proxy-server 20" 0.0043 "-" 24 0
Oct 8 19:29:05 standalone proxy-server[134001]: 172.18.0.2 172.18.0.100 08/Oct/2025/19/29/05 GET /v1/AUTH_433aca961d4044a58192397d2bfb2ecb/gnocchi.95995b18-4ace-4488-b109-32ff945bdd8b/1759320000.0_mean_300.0_v3 HTTP/1.0 200 - python-swiftclient-3.11.1 gAAAAABo5rsHjV_5... - 16 - txa20b0cd37fbd46bb934f9-0068e6bb81 - 0.0104 - - 1759951745.322379589 1759951745.332766056 0
Oct 8 19:29:05 standalone container-server[131743]: 172.20.0.100 - - [08/Oct/2025:19:29:05 +0000] "PUT /d1/835/AUTH_433aca961d4044a58192397d2bfb2ecb/gnocchi.95995b18-4ace-4488-b109-32ff945bdd8b/1759320000.0_mean_300.0_v3" 201 - "PUT http://172.18.0.2:8080/d1/814/AUTH_433aca961d4044a58192397d2bfb2ecb/gnocchi.95995b18-4ace-4488-b109-32ff945bdd8b/1759320000.0_mean_300.0_v3" "txe062bae3bdd9420eb7a7b-0068e6bb81" "object-server 24" 0.0006 "-" 16 0
Oct 8 19:29:05 standalone object-server[132418]: 172.20.0.100 - - [08/Oct/2025:19:29:05 +0000] "PUT /d1/814/AUTH_433aca961d4044a58192397d2bfb2ecb/gnocchi.95995b18-4ace-4488-b109-32ff945bdd8b/1759320000.0_mean_300.0_v3" 201 - "PUT http://172.18.0.2:8080/v1/AUTH_433aca961d4044a58192397d2bfb2ecb/gnocchi.95995b18-4ace-4488-b109-32ff945bdd8b/1759320000.0_mean_300.0_v3" "txe062bae3bdd9420eb7a7b-0068e6bb81" "proxy-server 20" 0.0140 "-" 24 0
Oct 8 19:29:05 standalone proxy-server[134001]: 172.18.0.2 172.18.0.100 08/Oct/2025/19/29/05 PUT /v1/AUTH_433aca961d4044a58192397d2bfb2ecb/gnocchi.95995b18-4ace-4488-b109-32ff945bdd8b/1759320000.0_mean_300.0_v3 HTTP/1.0 201 - python-swiftclient-3.11.1 gAAAAABo5rsHjV_5... 16 - - txe062bae3bdd9420eb7a7b-0068e6bb81 - 0.0207 - - 1759951745.335823298 1759951745.356503725 0
Oct 8 19:29:05 standalone container-server[131743]: 172.20.0.100 - - [08/Oct/2025:19:29:05 +0000] "PUT /d1/835/AUTH_433aca961d4044a58192397d2bfb2ecb/gnocchi.95995b18-4ace-4488-b109-32ff945bdd8b/none_v3" 201 - "PUT http://172.18.0.2:8080/d1/852/AUTH_433aca961d4044a58192397d2bfb2ecb/gnocchi.95995b18-4ace-4488-b109-32ff945bdd8b/none_v3" "txb1b60cb074794a9abaf90-0068e6bb81" "object-server 25" 0.0004 "-" 16 0
Oct 8 19:29:05 standalone object-server[132425]: 172.20.0.100 - - [08/Oct/2025:19:29:05 +0000] "PUT /d1/852/AUTH_433aca961d4044a58192397d2bfb2ecb/gnocchi.95995b18-4ace-4488-b109-32ff945bdd8b/none_v3" 201 - "PUT http://172.18.0.2:8080/v1/AUTH_433aca961d4044a58192397d2bfb2ecb/gnocchi.95995b18-4ace-4488-b109-32ff945bdd8b/none_v3" "txb1b60cb074794a9abaf90-0068e6bb81" "proxy-server 20" 0.0079 "-" 25 0
Oct 8 19:29:05 standalone proxy-server[134001]: 172.18.0.2 172.18.0.100 08/Oct/2025/19/29/05 PUT /v1/AUTH_433aca961d4044a58192397d2bfb2ecb/gnocchi.95995b18-4ace-4488-b109-32ff945bdd8b/none_v3 HTTP/1.0 201 - python-swiftclient-3.11.1 gAAAAABo5rsHjV_5... 32 - - txb1b60cb074794a9abaf90-0068e6bb81 - 0.0138 - - 1759951745.363817215 1759951745.377624750 0
Oct 8 19:29:05 standalone object-server[132411]: 172.20.0.100 - - [08/Oct/2025:19:29:05 +0000] "GET /d1/89/AUTH_433aca961d4044a58192397d2bfb2ecb/gnocchi.b7fb104a-eb97-4fec-a29a-b84a8c7162f9/none_v3" 200 22 "GET http://172.18.0.2:8080/v1/AUTH_433aca961d4044a58192397d2bfb2ecb/gnocchi.b7fb104a-eb97-4fec-a29a-b84a8c7162f9/none_v3" "tx7bbd09779df74802968c4-0068e6bb81" "proxy-server 20" 0.0011 "-" 23 0
Oct 8 19:29:05 standalone proxy-server[134001]: 172.18.0.2 172.18.0.100 08/Oct/2025/19/29/05 GET /v1/AUTH_433aca961d4044a58192397d2bfb2ecb/gnocchi.b7fb104a-eb97-4fec-a29a-b84a8c7162f9/none_v3 HTTP/1.0 200 - python-swiftclient-3.11.1 gAAAAABo5rsHjV_5... - 22 - tx7bbd09779df74802968c4-0068e6bb81 - 0.0110 - - 1759951745.386126518 1759951745.397161961 0
Oct 8 19:29:05 standalone container-server[131744]: 172.20.0.100 - - [08/Oct/2025:19:29:05 +0000] "GET /d1/929/AUTH_433aca961d4044a58192397d2bfb2ecb/gnocchi.b7fb104a-eb97-4fec-a29a-b84a8c7162f9" 200 357 "GET http://172.18.0.2:8080/v1/AUTH_433aca961d4044a58192397d2bfb2ecb/gnocchi.b7fb104a-eb97-4fec-a29a-b84a8c7162f9?format=json&states=listing" "tx652d97acd7f34744b688e-0068e6bb81" "proxy-server 20" 0.0020 "-" 17 0
Oct 8 19:29:05 standalone proxy-server[134001]: 172.18.0.2 172.18.0.100 08/Oct/2025/19/29/05 GET /v1/AUTH_433aca961d4044a58192397d2bfb2ecb/gnocchi.b7fb104a-eb97-4fec-a29a-b84a8c7162f9%3Fformat%3Djson%26states%3Dlisting HTTP/1.0 200 - python-swiftclient-3.11.1 gAAAAABo5rsHjV_5... - 357 - tx652d97acd7f34744b688e-0068e6bb81 - 0.0078 - - 1759951745.401084661 1759951745.408903837 0
Oct 8 19:29:05 standalone account-server[131650]: 172.20.0.100 - - [08/Oct/2025:19:29:05 +0000] "HEAD /d1/564/AUTH_433aca961d4044a58192397d2bfb2ecb" 204 - "HEAD http://172.18.0.2:8080/v1/AUTH_433aca961d4044a58192397d2bfb2ecb?format=json" "txb7eeb24d0a494a67af7a3-0068e6bb81" "proxy-server 20" 0.0080 "-" 20 -
Oct 8 19:29:05 standalone proxy-server[134001]: - - 08/Oct/2025/19/29/05 HEAD /v1/AUTH_433aca961d4044a58192397d2bfb2ecb%3Fformat%3Djson HTTP/1.0 204 - Swift - - - - txb7eeb24d0a494a67af7a3-0068e6bb81 - 0.0128 RL - 1759951745.412429333 1759951745.425193548 -
Oct 8 19:29:05 standalone container-server[131743]: 172.20.0.100 - - [08/Oct/2025:19:29:05 +0000] "GET /d1/929/AUTH_433aca961d4044a58192397d2bfb2ecb/gnocchi.b7fb104a-eb97-4fec-a29a-b84a8c7162f9" 200 2 "GET http://172.18.0.2:8080/v1/AUTH_433aca961d4044a58192397d2bfb2ecb/gnocchi.b7fb104a-eb97-4fec-a29a-b84a8c7162f9?format=json&marker=none_v3&states=listing" "txb7eeb24d0a494a67af7a3-0068e6bb81" "proxy-server 20" 0.0023 "-" 16 0
Oct 8 19:29:05 standalone proxy-server[134001]: 172.18.0.2 172.18.0.100 08/Oct/2025/19/29/05 GET /v1/AUTH_433aca961d4044a58192397d2bfb2ecb/gnocchi.b7fb104a-eb97-4fec-a29a-b84a8c7162f9%3Fformat%3Djson%26marker%3Dnone_v3%26states%3Dlisting HTTP/1.0 200 - python-swiftclient-3.11.1 gAAAAABo5rsHjV_5... - 2 - txb7eeb24d0a494a67af7a3-0068e6bb81 - 0.0218 - - 1759951745.411548138 1759951745.433378935 0
Oct 8 19:29:05 standalone object-server[132406]: 172.20.0.100 - - [08/Oct/2025:19:29:05 +0000] "GET /d1/804/AUTH_433aca961d4044a58192397d2bfb2ecb/gnocchi.b7fb104a-eb97-4fec-a29a-b84a8c7162f9/1759320000.0_mean_300.0_v3" 200 16 "GET http://172.18.0.2:8080/v1/AUTH_433aca961d4044a58192397d2bfb2ecb/gnocchi.b7fb104a-eb97-4fec-a29a-b84a8c7162f9/1759320000.0_mean_300.0_v3" "tx0e53fc6383ab43c295038-0068e6bb81" "proxy-server 20" 0.0006 "-" 22 0
Oct 8 19:29:05 standalone proxy-server[134001]: 172.18.0.2 172.18.0.100 08/Oct/2025/19/29/05 GET /v1/AUTH_433aca961d4044a58192397d2bfb2ecb/gnocchi.b7fb104a-eb97-4fec-a29a-b84a8c7162f9/1759320000.0_mean_300.0_v3 HTTP/1.0 200 - python-swiftclient-3.11.1 gAAAAABo5rsHjV_5... - 16 - tx0e53fc6383ab43c295038-0068e6bb81 - 0.0057 - - 1759951745.436896086 1759951745.442604303 0
Oct 8 19:29:05 standalone container-server[131718]: 172.20.0.100 - - [08/Oct/2025:19:29:05 +0000] "PUT /d1/929/AUTH_433aca961d4044a58192397d2bfb2ecb/gnocchi.b7fb104a-eb97-4fec-a29a-b84a8c7162f9/1759320000.0_mean_300.0_v3" 201 - "PUT http://172.18.0.2:8080/d1/804/AUTH_433aca961d4044a58192397d2bfb2ecb/gnocchi.b7fb104a-eb97-4fec-a29a-b84a8c7162f9/1759320000.0_mean_300.0_v3" "txdd77d57553694c669f37b-0068e6bb81" "object-server 24" 0.0006 "-" 10 0
Oct 8 19:29:05 standalone object-server[132418]: 172.20.0.100 - - [08/Oct/2025:19:29:05 +0000] "PUT /d1/804/AUTH_433aca961d4044a58192397d2bfb2ecb/gnocchi.b7fb104a-eb97-4fec-a29a-b84a8c7162f9/1759320000.0_mean_300.0_v3" 201 - "PUT http://172.18.0.2:8080/v1/AUTH_433aca961d4044a58192397d2bfb2ecb/gnocchi.b7fb104a-eb97-4fec-a29a-b84a8c7162f9/1759320000.0_mean_300.0_v3" "txdd77d57553694c669f37b-0068e6bb81" "proxy-server 20" 0.0092 "-" 24 0
Oct 8 19:29:05 standalone proxy-server[134001]: 172.18.0.2 172.18.0.100 08/Oct/2025/19/29/05 PUT /v1/AUTH_433aca961d4044a58192397d2bfb2ecb/gnocchi.b7fb104a-eb97-4fec-a29a-b84a8c7162f9/1759320000.0_mean_300.0_v3 HTTP/1.0 201 - python-swiftclient-3.11.1 gAAAAABo5rsHjV_5... 16 - - txdd77d57553694c669f37b-0068e6bb81 - 0.0141 - - 1759951745.445368767 1759951745.459467173 0
Oct 8 19:29:05 standalone container-server[131718]: 172.20.0.100 - - [08/Oct/2025:19:29:05 +0000] "PUT /d1/929/AUTH_433aca961d4044a58192397d2bfb2ecb/gnocchi.b7fb104a-eb97-4fec-a29a-b84a8c7162f9/none_v3" 201 - "PUT http://172.18.0.2:8080/d1/89/AUTH_433aca961d4044a58192397d2bfb2ecb/gnocchi.b7fb104a-eb97-4fec-a29a-b84a8c7162f9/none_v3" "tx3549a750c57a482a95a29-0068e6bb81" "object-server 24" 0.0004 "-" 10 0
Oct 8 19:29:05 standalone object-server[132418]: 172.20.0.100 - - [08/Oct/2025:19:29:05 +0000] "PUT /d1/89/AUTH_433aca961d4044a58192397d2bfb2ecb/gnocchi.b7fb104a-eb97-4fec-a29a-b84a8c7162f9/none_v3" 201 - "PUT http://172.18.0.2:8080/v1/AUTH_433aca961d4044a58192397d2bfb2ecb/gnocchi.b7fb104a-eb97-4fec-a29a-b84a8c7162f9/none_v3" "tx3549a750c57a482a95a29-0068e6bb81" "proxy-server 20" 0.0075 "-" 24 0
Oct 8 19:29:05 standalone proxy-server[134001]: 172.18.0.2 172.18.0.100 08/Oct/2025/19/29/05 PUT /v1/AUTH_433aca961d4044a58192397d2bfb2ecb/gnocchi.b7fb104a-eb97-4fec-a29a-b84a8c7162f9/none_v3 HTTP/1.0 201 - python-swiftclient-3.11.1 gAAAAABo5rsHjV_5... 32 - - tx3549a750c57a482a95a29-0068e6bb81 - 0.0158 - - 1759951745.462620020 1759951745.478448868 0
Oct 8 19:29:09 standalone container-server[131718]: 172.20.0.100 - - [08/Oct/2025:19:29:09 +0000] "HEAD /d1/941/AUTH_433aca961d4044a58192397d2bfb2ecb/gnocchi.3aed8726-7f8c-4ab1-9fc7-47bbb64ae2b6" 404 - "HEAD http://172.18.0.2:8080/v1/AUTH_433aca961d4044a58192397d2bfb2ecb/gnocchi.3aed8726-7f8c-4ab1-9fc7-47bbb64ae2b6?format=json&states=listing" "tx044bd80a706a4e36ba144-0068e6bb85" "proxy-server 20" 0.0007 "-" 10 0
Oct 8 19:29:09 standalone object-server[132425]: 172.20.0.100 - - [08/Oct/2025:19:29:09 +0000] "GET /d1/519/AUTH_433aca961d4044a58192397d2bfb2ecb/gnocchi.3aed8726-7f8c-4ab1-9fc7-47bbb64ae2b6/none_v3" 404 70 "GET http://172.18.0.2:8080/v1/AUTH_433aca961d4044a58192397d2bfb2ecb/gnocchi.3aed8726-7f8c-4ab1-9fc7-47bbb64ae2b6/none_v3" "tx044bd80a706a4e36ba144-0068e6bb85" "proxy-server 20" 0.0005 "-" 25 0
Oct 8 19:29:09 standalone proxy-server[134001]: 172.18.0.2 172.18.0.100 08/Oct/2025/19/29/09 GET /v1/AUTH_433aca961d4044a58192397d2bfb2ecb/gnocchi.3aed8726-7f8c-4ab1-9fc7-47bbb64ae2b6/none_v3 HTTP/1.0 404 - python-swiftclient-3.11.1 gAAAAABo5rsHjV_5... - 70 - tx044bd80a706a4e36ba144-0068e6bb85 - 0.0099 - - 1759951749.009231329 1759951749.019083500 0
Oct 8 19:29:09 standalone account-server[131637]: 172.20.0.100 - - [08/Oct/2025:19:29:09 +0000] "PUT /d1/564/AUTH_433aca961d4044a58192397d2bfb2ecb/gnocchi.3aed8726-7f8c-4ab1-9fc7-47bbb64ae2b6" 201 - "PUT http://172.20.0.100:6001/d1/941/AUTH_433aca961d4044a58192397d2bfb2ecb/gnocchi.3aed8726-7f8c-4ab1-9fc7-47bbb64ae2b6" "tx19a290bf131c46e9832d4-0068e6bb85" "container-server 10" 0.0014 "-" 19 0
Oct 8 19:29:09 standalone container-server[131718]: 172.20.0.100 - - [08/Oct/2025:19:29:09 +0000] "PUT /d1/941/AUTH_433aca961d4044a58192397d2bfb2ecb/gnocchi.3aed8726-7f8c-4ab1-9fc7-47bbb64ae2b6" 201 - "PUT http://172.18.0.2:8080/v1/AUTH_433aca961d4044a58192397d2bfb2ecb/gnocchi.3aed8726-7f8c-4ab1-9fc7-47bbb64ae2b6" "tx19a290bf131c46e9832d4-0068e6bb85" "proxy-server 20" 0.0126 "-" 10 0
Oct 8 19:29:09 standalone proxy-server[134001]: 172.18.0.2 172.18.0.100 08/Oct/2025/19/29/09 PUT /v1/AUTH_433aca961d4044a58192397d2bfb2ecb/gnocchi.3aed8726-7f8c-4ab1-9fc7-47bbb64ae2b6 HTTP/1.0 201 - python-swiftclient-3.11.1 gAAAAABo5rsHjV_5... - - - tx19a290bf131c46e9832d4-0068e6bb85 - 0.0173 - - 1759951749.021598101 1759951749.038928032 0
Oct 8 19:29:09 standalone container-server[131718]: 172.20.0.100 - - [08/Oct/2025:19:29:09 +0000] "HEAD /d1/941/AUTH_433aca961d4044a58192397d2bfb2ecb/gnocchi.3aed8726-7f8c-4ab1-9fc7-47bbb64ae2b6" 204 - "HEAD http://172.18.0.2:8080/v1/AUTH_433aca961d4044a58192397d2bfb2ecb/gnocchi.3aed8726-7f8c-4ab1-9fc7-47bbb64ae2b6?format=json&states=listing" "tx0a2da93a12af4a7b834bd-0068e6bb85" "proxy-server 20" 0.0011 "-" 10 0
Oct 8 19:29:09 standalone proxy-server[134001]: - - 08/Oct/2025/19/29/09 HEAD /v1/AUTH_433aca961d4044a58192397d2bfb2ecb/gnocchi.3aed8726-7f8c-4ab1-9fc7-47bbb64ae2b6%3Fformat%3Djson%26states%3Dlisting HTTP/1.0 204 - Swift - - - - tx0a2da93a12af4a7b834bd-0068e6bb85 - 0.0039 RL - 1759951749.043117046 1759951749.047064543 0
Oct 8 19:29:09 standalone container-server[131718]: 172.20.0.100 - - [08/Oct/2025:19:29:09 +0000] "GET /d1/941/AUTH_433aca961d4044a58192397d2bfb2ecb/gnocchi.3aed8726-7f8c-4ab1-9fc7-47bbb64ae2b6" 200 2 "GET http://172.18.0.2:8080/v1/AUTH_433aca961d4044a58192397d2bfb2ecb/gnocchi.3aed8726-7f8c-4ab1-9fc7-47bbb64ae2b6?format=json&states=listing" "tx0a2da93a12af4a7b834bd-0068e6bb85" "proxy-server 20" 0.0015 "-" 10 0
Oct 8 19:29:09 standalone proxy-server[134001]: 172.18.0.2 172.18.0.100 08/Oct/2025/19/29/09 GET /v1/AUTH_433aca961d4044a58192397d2bfb2ecb/gnocchi.3aed8726-7f8c-4ab1-9fc7-47bbb64ae2b6%3Fformat%3Djson%26states%3Dlisting HTTP/1.0 200 - python-swiftclient-3.11.1 gAAAAABo5rsHjV_5... - 2 - tx0a2da93a12af4a7b834bd-0068e6bb85 - 0.0107 - - 1759951749.042258739 1759951749.052937746 0
Oct 8 19:29:09 standalone object-server[132406]: 172.20.0.100 - - [08/Oct/2025:19:29:09 +0000] "GET /d1/633/AUTH_433aca961d4044a58192397d2bfb2ecb/gnocchi.3aed8726-7f8c-4ab1-9fc7-47bbb64ae2b6/1759320000.0_mean_300.0_v3" 404 70 "GET http://172.18.0.2:8080/v1/AUTH_433aca961d4044a58192397d2bfb2ecb/gnocchi.3aed8726-7f8c-4ab1-9fc7-47bbb64ae2b6/1759320000.0_mean_300.0_v3" "tx391fb371b44441d685002-0068e6bb85" "proxy-server 20" 0.0003 "-" 22 0
Oct 8 19:29:09 standalone proxy-server[134001]: 172.18.0.2 172.18.0.100 08/Oct/2025/19/29/09 GET /v1/AUTH_433aca961d4044a58192397d2bfb2ecb/gnocchi.3aed8726-7f8c-4ab1-9fc7-47bbb64ae2b6/1759320000.0_mean_300.0_v3 HTTP/1.0 404 - python-swiftclient-3.11.1 gAAAAABo5rsHjV_5... - 70 - tx391fb371b44441d685002-0068e6bb85 - 0.0057 - - 1759951749.056344509 1759951749.061995268 0
Oct 8 19:29:09 standalone container-server[131743]: 172.20.0.100 - - [08/Oct/2025:19:29:09 +0000] "PUT /d1/941/AUTH_433aca961d4044a58192397d2bfb2ecb/gnocchi.3aed8726-7f8c-4ab1-9fc7-47bbb64ae2b6/1759320000.0_mean_300.0_v3" 201 - "PUT http://172.18.0.2:8080/d1/633/AUTH_433aca961d4044a58192397d2bfb2ecb/gnocchi.3aed8726-7f8c-4ab1-9fc7-47bbb64ae2b6/1759320000.0_mean_300.0_v3" "txca63f37382cf4e93a6bb4-0068e6bb85" "object-server 23" 0.0007 "-" 16 0
Oct 8 19:29:09 standalone object-server[132411]: 172.20.0.100 - - [08/Oct/2025:19:29:09 +0000] "PUT /d1/633/AUTH_433aca961d4044a58192397d2bfb2ecb/gnocchi.3aed8726-7f8c-4ab1-9fc7-47bbb64ae2b6/1759320000.0_mean_300.0_v3" 201 - "PUT http://172.18.0.2:8080/v1/AUTH_433aca961d4044a58192397d2bfb2ecb/gnocchi.3aed8726-7f8c-4ab1-9fc7-47bbb64ae2b6/1759320000.0_mean_300.0_v3" "txca63f37382cf4e93a6bb4-0068e6bb85" "proxy-server 20" 0.0163 "-" 23 0
Oct 8 19:29:09 standalone proxy-server[134001]: 172.18.0.2 172.18.0.100 08/Oct/2025/19/29/09 PUT /v1/AUTH_433aca961d4044a58192397d2bfb2ecb/gnocchi.3aed8726-7f8c-4ab1-9fc7-47bbb64ae2b6/1759320000.0_mean_300.0_v3 HTTP/1.0 201 - python-swiftclient-3.11.1 gAAAAABo5rsHjV_5... 16 - - txca63f37382cf4e93a6bb4-0068e6bb85 - 0.0223 - - 1759951749.065382719 1759951749.087651014 0
Oct 8 19:29:09 standalone container-server[131718]: 172.20.0.100 - - [08/Oct/2025:19:29:09 +0000] "PUT /d1/941/AUTH_433aca961d4044a58192397d2bfb2ecb/gnocchi.3aed8726-7f8c-4ab1-9fc7-47bbb64ae2b6/none_v3" 201 - "PUT http://172.18.0.2:8080/d1/519/AUTH_433aca961d4044a58192397d2bfb2ecb/gnocchi.3aed8726-7f8c-4ab1-9fc7-47bbb64ae2b6/none_v3" "tx7888ac5d3c6743aa9d312-0068e6bb85" "object-server 24" 0.0005 "-" 10 0
Oct 8 19:29:09 standalone object-server[132418]: 172.20.0.100 - - [08/Oct/2025:19:29:09 +0000] "PUT /d1/519/AUTH_433aca961d4044a58192397d2bfb2ecb/gnocchi.3aed8726-7f8c-4ab1-9fc7-47bbb64ae2b6/none_v3" 201 - "PUT http://172.18.0.2:8080/v1/AUTH_433aca961d4044a58192397d2bfb2ecb/gnocchi.3aed8726-7f8c-4ab1-9fc7-47bbb64ae2b6/none_v3" "tx7888ac5d3c6743aa9d312-0068e6bb85" "proxy-server 20" 0.0098 "-" 24 0
Oct 8 19:29:09 standalone proxy-server[134001]: 172.18.0.2 172.18.0.100 08/Oct/2025/19/29/09 PUT /v1/AUTH_433aca961d4044a58192397d2bfb2ecb/gnocchi.3aed8726-7f8c-4ab1-9fc7-47bbb64ae2b6/none_v3 HTTP/1.0 201 - python-swiftclient-3.11.1 gAAAAABo5rsHjV_5... 22 - - tx7888ac5d3c6743aa9d312-0068e6bb85 - 0.0148 - - 1759951749.091469526 1759951749.106275320 0
Oct 8 19:29:09 standalone object-server[132411]: 172.20.0.100 - - [08/Oct/2025:19:29:09 +0000] "GET /d1/89/AUTH_433aca961d4044a58192397d2bfb2ecb/gnocchi.00b54080-e72b-400a-8be2-14a33c4ab849/none_v3" 200 33 "GET http://172.18.0.2:8080/v1/AUTH_433aca961d4044a58192397d2bfb2ecb/gnocchi.00b54080-e72b-400a-8be2-14a33c4ab849/none_v3" "tx76f78e9b235f49ba8aed9-0068e6bb85" "proxy-server 20" 0.0009 "-" 23 0
Oct 8 19:29:09 standalone proxy-server[134001]: 172.18.0.2 172.18.0.100 08/Oct/2025/19/29/09 GET /v1/AUTH_433aca961d4044a58192397d2bfb2ecb/gnocchi.00b54080-e72b-400a-8be2-14a33c4ab849/none_v3 HTTP/1.0 200 - python-swiftclient-3.11.1 gAAAAABo5rsHjV_5... - 33 - tx76f78e9b235f49ba8aed9-0068e6bb85 - 0.0094 - - 1759951749.242217302 1759951749.251642704 0
Oct 8 19:29:09 standalone container-server[131743]: 172.20.0.100 - - [08/Oct/2025:19:29:09 +0000] "GET /d1/898/AUTH_433aca961d4044a58192397d2bfb2ecb/gnocchi.00b54080-e72b-400a-8be2-14a33c4ab849" 200 357 "GET http://172.18.0.2:8080/v1/AUTH_433aca961d4044a58192397d2bfb2ecb/gnocchi.00b54080-e72b-400a-8be2-14a33c4ab849?format=json&states=listing" "txe7976f63bc304373be76a-0068e6bb85" "proxy-server 20" 0.0030 "-" 16 0
Oct 8 19:29:09 standalone proxy-server[134001]: 172.18.0.2 172.18.0.100 08/Oct/2025/19/29/09 GET /v1/AUTH_433aca961d4044a58192397d2bfb2ecb/gnocchi.00b54080-e72b-400a-8be2-14a33c4ab849%3Fformat%3Djson%26states%3Dlisting HTTP/1.0 200 - python-swiftclient-3.11.1 gAAAAABo5rsHjV_5... - 357 - txe7976f63bc304373be76a-0068e6bb85 - 0.0115 - - 1759951749.257247448 1759951749.268781424 0
Oct 8 19:29:09 standalone container-server[131727]: 172.20.0.100 - - [08/Oct/2025:19:29:09 +0000] "GET /d1/898/AUTH_433aca961d4044a58192397d2bfb2ecb/gnocchi.00b54080-e72b-400a-8be2-14a33c4ab849" 200 2 "GET http://172.18.0.2:8080/v1/AUTH_433aca961d4044a58192397d2bfb2ecb/gnocchi.00b54080-e72b-400a-8be2-14a33c4ab849?format=json&marker=none_v3&states=listing" "txd523f01f92a54f9db23ad-0068e6bb85" "proxy-server 20" 0.0054 "-" 15 0
Oct 8 19:29:09 standalone proxy-server[134001]: 172.18.0.2 172.18.0.100 08/Oct/2025/19/29/09 GET /v1/AUTH_433aca961d4044a58192397d2bfb2ecb/gnocchi.00b54080-e72b-400a-8be2-14a33c4ab849%3Fformat%3Djson%26marker%3Dnone_v3%26states%3Dlisting HTTP/1.0 200 - python-swiftclient-3.11.1 gAAAAABo5rsHjV_5... - 2 - txd523f01f92a54f9db23ad-0068e6bb85 - 0.0156 - - 1759951749.273272276 1759951749.288830519 0
Oct 8 19:29:09 standalone object-server[132425]: 172.20.0.100 - - [08/Oct/2025:19:29:09 +0000] "GET /d1/981/AUTH_433aca961d4044a58192397d2bfb2ecb/gnocchi.00b54080-e72b-400a-8be2-14a33c4ab849/1759320000.0_mean_300.0_v3" 200 16 "GET http://172.18.0.2:8080/v1/AUTH_433aca961d4044a58192397d2bfb2ecb/gnocchi.00b54080-e72b-400a-8be2-14a33c4ab849/1759320000.0_mean_300.0_v3" "txedd4242ab21f4badb04ac-0068e6bb85" "proxy-server 20" 0.0008 "-" 25 0
Oct 8 19:29:09 standalone proxy-server[134001]: 172.18.0.2 172.18.0.100 08/Oct/2025/19/29/09 GET /v1/AUTH_433aca961d4044a58192397d2bfb2ecb/gnocchi.00b54080-e72b-400a-8be2-14a33c4ab849/1759320000.0_mean_300.0_v3 HTTP/1.0 200 - python-swiftclient-3.11.1 gAAAAABo5rsHjV_5... - 16 - txedd4242ab21f4badb04ac-0068e6bb85 - 0.0085 - - 1759951749.294692516 1759951749.303206205 0
Oct 8 19:29:09 standalone container-server[131718]: 172.20.0.100 - - [08/Oct/2025:19:29:09 +0000] "PUT /d1/898/AUTH_433aca961d4044a58192397d2bfb2ecb/gnocchi.00b54080-e72b-400a-8be2-14a33c4ab849/1759320000.0_mean_300.0_v3" 201 - "PUT http://172.18.0.2:8080/d1/981/AUTH_433aca961d4044a58192397d2bfb2ecb/gnocchi.00b54080-e72b-400a-8be2-14a33c4ab849/1759320000.0_mean_300.0_v3" "tx4c9c3374500f46eab4c3b-0068e6bb85" "object-server 24" 0.0005 "-" 10 0
Oct 8 19:29:09 standalone object-server[132418]: 172.20.0.100 - - [08/Oct/2025:19:29:09 +0000] "PUT /d1/981/AUTH_433aca961d4044a58192397d2bfb2ecb/gnocchi.00b54080-e72b-400a-8be2-14a33c4ab849/1759320000.0_mean_300.0_v3" 201 - "PUT http://172.18.0.2:8080/v1/AUTH_433aca961d4044a58192397d2bfb2ecb/gnocchi.00b54080-e72b-400a-8be2-14a33c4ab849/1759320000.0_mean_300.0_v3" "tx4c9c3374500f46eab4c3b-0068e6bb85" "proxy-server 20" 0.0611 "-" 24 0
Oct 8 19:29:09 standalone proxy-server[134001]: 172.18.0.2 172.18.0.100 08/Oct/2025/19/29/09 PUT /v1/AUTH_433aca961d4044a58192397d2bfb2ecb/gnocchi.00b54080-e72b-400a-8be2-14a33c4ab849/1759320000.0_mean_300.0_v3 HTTP/1.0 201 - python-swiftclient-3.11.1 gAAAAABo5rsHjV_5... 16 - - tx4c9c3374500f46eab4c3b-0068e6bb85 - 0.0674 - - 1759951749.308629274 1759951749.376064062 0
Oct 8 19:29:09 standalone container-server[131727]: 172.20.0.100 - - [08/Oct/2025:19:29:09 +0000] "PUT /d1/898/AUTH_433aca961d4044a58192397d2bfb2ecb/gnocchi.00b54080-e72b-400a-8be2-14a33c4ab849/none_v3" 201 - "PUT http://172.18.0.2:8080/d1/89/AUTH_433aca961d4044a58192397d2bfb2ecb/gnocchi.00b54080-e72b-400a-8be2-14a33c4ab849/none_v3" "tx0d1a9b6cb0f54f74b4d2b-0068e6bb85" "object-server 24" 0.0007 "-" 15 0
Oct 8 19:29:09 standalone object-server[132418]: 172.20.0.100 - - [08/Oct/2025:19:29:09 +0000] "PUT /d1/89/AUTH_433aca961d4044a58192397d2bfb2ecb/gnocchi.00b54080-e72b-400a-8be2-14a33c4ab849/none_v3" 201 - "PUT http://172.18.0.2:8080/v1/AUTH_433aca961d4044a58192397d2bfb2ecb/gnocchi.00b54080-e72b-400a-8be2-14a33c4ab849/none_v3" "tx0d1a9b6cb0f54f74b4d2b-0068e6bb85" "proxy-server 20" 0.0229 "-" 24 0
Oct 8 19:29:09 standalone proxy-server[134001]: 172.18.0.2 172.18.0.100 08/Oct/2025/19/29/09 PUT /v1/AUTH_433aca961d4044a58192397d2bfb2ecb/gnocchi.00b54080-e72b-400a-8be2-14a33c4ab849/none_v3 HTTP/1.0 201 - python-swiftclient-3.11.1 gAAAAABo5rsHjV_5... 48 - - tx0d1a9b6cb0f54f74b4d2b-0068e6bb85 - 0.0291 - - 1759951749.379388809 1759951749.408508062 0
Oct 8 19:29:09 standalone object-server[132425]: 172.20.0.100 - - [08/Oct/2025:19:29:09 +0000] "GET /d1/774/AUTH_433aca961d4044a58192397d2bfb2ecb/gnocchi.5c25ff04-da45-4573-9f1c-45d8d69a31e4/none_v3" 200 33 "GET http://172.18.0.2:8080/v1/AUTH_433aca961d4044a58192397d2bfb2ecb/gnocchi.5c25ff04-da45-4573-9f1c-45d8d69a31e4/none_v3" "txaccbaea000df46cc9d9da-0068e6bb85" "proxy-server 20" 0.0008 "-" 25 0
Oct 8 19:29:09 standalone proxy-server[134001]: 172.18.0.2 172.18.0.100 08/Oct/2025/19/29/09 GET /v1/AUTH_433aca961d4044a58192397d2bfb2ecb/gnocchi.5c25ff04-da45-4573-9f1c-45d8d69a31e4/none_v3 HTTP/1.0 200 - python-swiftclient-3.11.1 gAAAAABo5rsHjV_5... - 33 - txaccbaea000df46cc9d9da-0068e6bb85 - 0.0100 - - 1759951749.418147087 1759951749.428182364 0
Oct 8 19:29:09 standalone container-server[131718]: 172.20.0.100 - - [08/Oct/2025:19:29:09 +0000] "GET /d1/611/AUTH_433aca961d4044a58192397d2bfb2ecb/gnocchi.5c25ff04-da45-4573-9f1c-45d8d69a31e4" 200 357 "GET http://172.18.0.2:8080/v1/AUTH_433aca961d4044a58192397d2bfb2ecb/gnocchi.5c25ff04-da45-4573-9f1c-45d8d69a31e4?format=json&states=listing" "txf88ce298783e4ebdbbcb5-0068e6bb85" "proxy-server 20" 0.0052 "-" 10 0
Oct 8 19:29:09 standalone proxy-server[134001]: 172.18.0.2 172.18.0.100 08/Oct/2025/19/29/09 GET /v1/AUTH_433aca961d4044a58192397d2bfb2ecb/gnocchi.5c25ff04-da45-4573-9f1c-45d8d69a31e4%3Fformat%3Djson%26states%3Dlisting HTTP/1.0 200 - python-swiftclient-3.11.1 gAAAAABo5rsHjV_5... - 357 - txf88ce298783e4ebdbbcb5-0068e6bb85 - 0.0139 - - 1759951749.432057619 1759951749.445974588 0
