Oct 8 19:13:24 standalone account-server[131472]: Starting 2
Oct 8 19:13:25 standalone account-server[131553]: Started child 17 from parent 2
Oct 8 19:13:25 standalone account-server[131553]: Started child 18 from parent 2
Oct 8 19:13:25 standalone account-server[131553]: Started child 19 from parent 2
Oct 8 19:13:25 standalone account-server[131553]: Started child 20 from parent 2
Oct 8 19:13:25 standalone container-server[131572]: Option allow_versions is deprecated. Configure the versioned_writes middleware in the proxy-server instead. This option will be ignored in a future release.
Oct 8 19:13:25 standalone container-server[131718]: Option allow_versions is deprecated. Configure the versioned_writes middleware in the proxy-server instead. This option will be ignored in a future release.
Oct 8 19:13:25 standalone container-server[131572]: Started child 10 from parent 2
Oct 8 19:13:25 standalone container-server[131727]: Option allow_versions is deprecated. Configure the versioned_writes middleware in the proxy-server instead. This option will be ignored in a future release.
Oct 8 19:13:25 standalone container-server[131572]: Started child 15 from parent 2
Oct 8 19:13:25 standalone container-server[131743]: Option allow_versions is deprecated. Configure the versioned_writes middleware in the proxy-server instead. This option will be ignored in a future release.
Oct 8 19:13:25 standalone container-server[131572]: Started child 16 from parent 2
Oct 8 19:13:25 standalone container-server[131744]: Option allow_versions is deprecated. Configure the versioned_writes middleware in the proxy-server instead. This option will be ignored in a future release.
Oct 8 19:13:25 standalone container-server[131572]: Started child 17 from parent 2
Oct 8 19:13:26 standalone container-server[131945]: Starting 2
Oct 8 19:13:27 standalone object-expirer[132042]: Starting 2
Oct 8 19:13:27 standalone object-expirer[132042]: Option auto_create_account_prefix is deprecated. Configure auto_create_account_prefix under the swift-constraints section of swift.conf. This option will be ignored in a future release.
Oct 8 19:13:27 standalone object-server[132092]: Starting 2
Oct 8 19:13:28 standalone object-server[132184]: Started child 22 from parent 2
Oct 8 19:13:28 standalone object-server[132184]: Started child 23 from parent 2
Oct 8 19:13:28 standalone object-server[132184]: Started child 24 from parent 2
Oct 8 19:13:28 standalone object-server[132184]: Started child 25 from parent 2
Oct 8 19:13:34 standalone proxy-server[133916]: Starting Keystone auth_token middleware
Oct 8 19:13:34 standalone proxy-server[133916]: AuthToken middleware is set with keystone_authtoken.service_token_roles_required set to False. This is backwards compatible but deprecated behaviour. Please set this to True.
Oct 8 19:13:34 standalone proxy-server[134001]: Starting Keystone auth_token middleware
Oct 8 19:13:34 standalone proxy-server[134001]: STDERR: The option "bind_port" is not known to keystonemiddleware
Oct 8 19:13:34 standalone proxy-server[134001]: STDERR: The option "workers" is not known to keystonemiddleware
Oct 8 19:13:34 standalone proxy-server[134001]: STDERR: The option "user" is not known to keystonemiddleware
Oct 8 19:13:34 standalone proxy-server[134001]: STDERR: The option "bind_ip" is not known to keystonemiddleware
Oct 8 19:13:34 standalone proxy-server[134001]: STDERR: The option "log_name" is not known to keystonemiddleware
Oct 8 19:13:34 standalone proxy-server[134001]: STDERR: The option "log_facility" is not known to keystonemiddleware
Oct 8 19:13:34 standalone proxy-server[134001]: STDERR: The option "log_level" is not known to keystonemiddleware
Oct 8 19:13:34 standalone proxy-server[134001]: STDERR: The option "log_headers" is not known to keystonemiddleware
Oct 8 19:13:34 standalone proxy-server[134001]: STDERR: The option "log_address" is not known to keystonemiddleware
Oct 8 19:13:34 standalone proxy-server[134001]: STDERR: The option "project_name" is not known to keystonemiddleware
Oct 8 19:13:34 standalone proxy-server[134001]: STDERR: The option "username" is not known to keystonemiddleware
Oct 8 19:13:34 standalone proxy-server[134001]: STDERR: The option "password" is not known to keystonemiddleware
Oct 8 19:13:34 standalone proxy-server[134001]: STDERR: The option "auth_url" is not known to keystonemiddleware
Oct 8 19:13:34 standalone proxy-server[134001]: STDERR: The option "signing_dir" is not known to keystonemiddleware
Oct 8 19:13:34 standalone proxy-server[134001]: STDERR: The option "project_domain_id" is not known to keystonemiddleware
Oct 8 19:13:34 standalone proxy-server[134001]: STDERR: The option "user_domain_id" is not known to keystonemiddleware
Oct 8 19:13:34 standalone proxy-server[134001]: STDERR: The option "__name__" is not known to keystonemiddleware
Oct 8 19:13:34 standalone proxy-server[134001]: AuthToken middleware is set with keystone_authtoken.service_token_roles_required set to False. This is backwards compatible but deprecated behaviour. Please set this to True.
Oct 8 19:13:34 standalone proxy-server[133916]: Started child 20 from parent 2
Oct 8 19:14:00 standalone container-server[131945]: Begin container update sweep
Oct 8 19:14:00 standalone container-server[131945]: Container update sweep completed: 0.00s
Oct 8 19:16:56 standalone account-server[131637]: 172.20.0.100 - - [08/Oct/2025:19:16:56 +0000] "HEAD /d1/67/.expiring_objects" 404 - "HEAD http://localhost/v1/.expiring_objects?format=json" "tx99b7cd9856f6476ab91f5-0068e6b8a8" "proxy-server 2" 0.0018 "-" 19 -
Oct 8 19:16:56 standalone object-expirer[132042]: Pass completed in 0s; 0 objects expired (txn: tx99b7cd9856f6476ab91f5-0068e6b8a8)
Oct 8 19:18:16 standalone object-server[132092]: Begin object update sweep
Oct 8 19:18:16 standalone object-server[166442]: Object update sweep starting on /srv/node/d1 (pid: 12)
Oct 8 19:18:16 standalone object-server[166442]: Object update sweep completed on /srv/node/d1 in 0.00s seconds:, 0 successes, 0 failures, 0 quarantines, 0 unlinks, 0 errors, 0 redirects (pid: 12)
Oct 8 19:18:16 standalone object-server[166442]: Object update sweep of d1 completed: 0.00s, 0 successes, 0 failures, 0 quarantines, 0 unlinks, 0 errors, 0 redirects
Oct 8 19:18:16 standalone object-server[132092]: Object update sweep completed: 0.08s
Oct 8 19:19:00 standalone container-server[131945]: Begin container update sweep
Oct 8 19:19:00 standalone container-server[131945]: Container update sweep completed: 0.00s
Oct 8 19:20:46 standalone account-server[131624]: 172.20.0.100 - - [08/Oct/2025:19:20:46 +0000] "HEAD /d1/67/.expiring_objects" 404 - "HEAD http://localhost/v1/.expiring_objects?format=json" "tx8077486b366946569c2c5-0068e6b98e" "proxy-server 2" 0.0010 "-" 17 -
Oct 8 19:20:46 standalone object-expirer[132042]: Pass completed in 0s; 0 objects expired (txn: tx8077486b366946569c2c5-0068e6b98e)
Oct 8 19:23:15 standalone account-server[131631]: 172.20.0.100 - - [08/Oct/2025:19:23:15 +0000] "HEAD /d1/67/.expiring_objects" 404 - "HEAD http://localhost/v1/.expiring_objects?format=json" "tx1764a407ab5d4a2fa156c-0068e6ba23" "proxy-server 2" 0.0013 "-" 18 -
Oct 8 19:23:15 standalone object-expirer[132042]: Pass completed in 0s; 0 objects expired (txn: tx1764a407ab5d4a2fa156c-0068e6ba23)
Oct 8 19:23:16 standalone object-server[132092]: Begin object update sweep
Oct 8 19:23:16 standalone object-server[204814]: Object update sweep starting on /srv/node/d1 (pid: 13)
Oct 8 19:23:16 standalone object-server[204814]: Object update sweep completed on /srv/node/d1 in 0.00s seconds:, 0 successes, 0 failures, 0 quarantines, 0 unlinks, 0 errors, 0 redirects (pid: 13)
Oct 8 19:23:16 standalone object-server[204814]: Object update sweep of d1 completed: 0.00s, 0 successes, 0 failures, 0 quarantines, 0 unlinks, 0 errors, 0 redirects
Oct 8 19:23:16 standalone object-server[132092]: Object update sweep completed: 0.10s
Oct 8 19:24:00 standalone container-server[131945]: Begin container update sweep
Oct 8 19:24:00 standalone container-server[131945]: Container update sweep completed: 0.00s
Oct 8 19:27:03 standalone account-server[131631]: 172.20.0.100 - - [08/Oct/2025:19:27:03 +0000] "HEAD /d1/564/AUTH_433aca961d4044a58192397d2bfb2ecb" 404 - "HEAD http://172.18.0.2:8080/v1/AUTH_433aca961d4044a58192397d2bfb2ecb?format=json" "tx132dca0dc29f49d680792-0068e6bb07" "proxy-server 20" 0.0005 "-" 18 -
Oct 8 19:27:03 standalone proxy-server[134001]: - - 08/Oct/2025/19/27/03 HEAD /v1/AUTH_433aca961d4044a58192397d2bfb2ecb%3Fformat%3Djson HTTP/1.0 200 - Swift - - - - tx132dca0dc29f49d680792-0068e6bb07 - 0.0068 RL - 1759951623.336994410 1759951623.343785524 -
Oct 8 19:27:03 standalone object-server[132411]: 172.20.0.100 - - [08/Oct/2025:19:27:03 +0000] "GET /d1/791/AUTH_433aca961d4044a58192397d2bfb2ecb/gnocchi.65f4849a-d4f1-42c5-bd6c-566cc814355b/none_v3" 404 70 "GET http://172.18.0.2:8080/v1/AUTH_433aca961d4044a58192397d2bfb2ecb/gnocchi.65f4849a-d4f1-42c5-bd6c-566cc814355b/none_v3" "tx132dca0dc29f49d680792-0068e6bb07" "proxy-server 20" 0.0009 "-" 23 0
Oct 8 19:27:03 standalone proxy-server[134001]: 172.18.0.2 172.18.0.100 08/Oct/2025/19/27/03 GET /v1/AUTH_433aca961d4044a58192397d2bfb2ecb/gnocchi.65f4849a-d4f1-42c5-bd6c-566cc814355b/none_v3 HTTP/1.0 404 - python-swiftclient-3.11.1 gAAAAABo5rsHjV_5... - 70 - tx132dca0dc29f49d680792-0068e6bb07 - 0.3842 - - 1759951623.334754229 1759951623.718931675 0
Oct 8 19:27:03 standalone account-server[131637]: 172.20.0.100 - - [08/Oct/2025:19:27:03 +0000] "PUT /d1/564/AUTH_433aca961d4044a58192397d2bfb2ecb" 201 - "-" "tx79b82ef50c7f4234b9383-0068e6bb07" "-" 0.0160 "-" 19 -
Oct 8 19:27:03 standalone proxy-server[134001]: autocreate account '/AUTH_433aca961d4044a58192397d2bfb2ecb' (txn: tx79b82ef50c7f4234b9383-0068e6bb07)
Oct 8 19:27:03 standalone account-server[131624]: 172.20.0.100 - - [08/Oct/2025:19:27:03 +0000] "HEAD /d1/564/AUTH_433aca961d4044a58192397d2bfb2ecb" 204 - "HEAD http://172.18.0.2:8080/v1/AUTH_433aca961d4044a58192397d2bfb2ecb?format=json" "tx79b82ef50c7f4234b9383-0068e6bb07" "proxy-server 20" 0.0018 "-" 17 -
Oct 8 19:27:03 standalone account-server[131637]: 172.20.0.100 - - [08/Oct/2025:19:27:03 +0000] "PUT /d1/564/AUTH_433aca961d4044a58192397d2bfb2ecb/gnocchi.65f4849a-d4f1-42c5-bd6c-566cc814355b" 201 - "PUT http://172.20.0.100:6001/d1/565/AUTH_433aca961d4044a58192397d2bfb2ecb/gnocchi.65f4849a-d4f1-42c5-bd6c-566cc814355b" "tx79b82ef50c7f4234b9383-0068e6bb07" "container-server 17" 0.0018 "-" 19 0
Oct 8 19:27:03 standalone container-server[131744]: 172.20.0.100 - - [08/Oct/2025:19:27:03 +0000] "PUT /d1/565/AUTH_433aca961d4044a58192397d2bfb2ecb/gnocchi.65f4849a-d4f1-42c5-bd6c-566cc814355b" 201 - "PUT http://172.18.0.2:8080/v1/AUTH_433aca961d4044a58192397d2bfb2ecb/gnocchi.65f4849a-d4f1-42c5-bd6c-566cc814355b" "tx79b82ef50c7f4234b9383-0068e6bb07" "proxy-server 20" 0.0122 "-" 17 0
Oct 8 19:27:03 standalone proxy-server[134001]: 172.18.0.2 172.18.0.100 08/Oct/2025/19/27/03 PUT /v1/AUTH_433aca961d4044a58192397d2bfb2ecb/gnocchi.65f4849a-d4f1-42c5-bd6c-566cc814355b HTTP/1.0 201 - python-swiftclient-3.11.1 gAAAAABo5rsHjV_5... - - - tx79b82ef50c7f4234b9383-0068e6bb07 - 0.0450 - - 1759951623.725122929 1759951623.770131350 0
Oct 8 19:27:03 standalone container-server[131727]: 172.20.0.100 - - [08/Oct/2025:19:27:03 +0000] "HEAD /d1/565/AUTH_433aca961d4044a58192397d2bfb2ecb/gnocchi.65f4849a-d4f1-42c5-bd6c-566cc814355b" 204 - "HEAD http://172.18.0.2:8080/v1/AUTH_433aca961d4044a58192397d2bfb2ecb/gnocchi.65f4849a-d4f1-42c5-bd6c-566cc814355b?format=json&states=listing" "txf21e7fc7ae144056a778e-0068e6bb07" "proxy-server 20" 0.0044 "-" 15 0
Oct 8 19:27:03 standalone proxy-server[134001]: - - 08/Oct/2025/19/27/03 HEAD /v1/AUTH_433aca961d4044a58192397d2bfb2ecb/gnocchi.65f4849a-d4f1-42c5-bd6c-566cc814355b%3Fformat%3Djson%26states%3Dlisting HTTP/1.0 204 - Swift - - - - txf21e7fc7ae144056a778e-0068e6bb07 - 0.0091 RL - 1759951623.777872562 1759951623.786996841 0
Oct 8 19:27:03 standalone container-server[131743]: 172.20.0.100 - - [08/Oct/2025:19:27:03 +0000] "GET /d1/565/AUTH_433aca961d4044a58192397d2bfb2ecb/gnocchi.65f4849a-d4f1-42c5-bd6c-566cc814355b" 200 2 "GET http://172.18.0.2:8080/v1/AUTH_433aca961d4044a58192397d2bfb2ecb/gnocchi.65f4849a-d4f1-42c5-bd6c-566cc814355b?format=json&states=listing" "txf21e7fc7ae144056a778e-0068e6bb07" "proxy-server 20" 0.0046 "-" 16 0
Oct 8 19:27:03 standalone proxy-server[134001]: 172.18.0.2 172.18.0.100 08/Oct/2025/19/27/03 GET /v1/AUTH_433aca961d4044a58192397d2bfb2ecb/gnocchi.65f4849a-d4f1-42c5-bd6c-566cc814355b%3Fformat%3Djson%26states%3Dlisting HTTP/1.0 200 - python-swiftclient-3.11.1 gAAAAABo5rsHjV_5... - 2 - txf21e7fc7ae144056a778e-0068e6bb07 - 0.0243 - - 1759951623.776166916 1759951623.800482273 0
Oct 8 19:27:03 standalone object-server[132418]: 172.20.0.100 - - [08/Oct/2025:19:27:03 +0000] "GET /d1/241/AUTH_433aca961d4044a58192397d2bfb2ecb/gnocchi.65f4849a-d4f1-42c5-bd6c-566cc814355b/1759320000.0_mean_300.0_v3" 404 70 "GET http://172.18.0.2:8080/v1/AUTH_433aca961d4044a58192397d2bfb2ecb/gnocchi.65f4849a-d4f1-42c5-bd6c-566cc814355b/1759320000.0_mean_300.0_v3" "tx801c3e86cbe54a81a918b-0068e6bb07" "proxy-server 20" 0.0012 "-" 24 0
Oct 8 19:27:03 standalone proxy-server[134001]: 172.18.0.2 172.18.0.100 08/Oct/2025/19/27/03 GET /v1/AUTH_433aca961d4044a58192397d2bfb2ecb/gnocchi.65f4849a-d4f1-42c5-bd6c-566cc814355b/1759320000.0_mean_300.0_v3 HTTP/1.0 404 - python-swiftclient-3.11.1 gAAAAABo5rsHjV_5... - 70 - tx801c3e86cbe54a81a918b-0068e6bb07 - 0.0130 - - 1759951623.807387590 1759951623.820367336 0
Oct 8 19:27:03 standalone container-server[131744]: 172.20.0.100 - - [08/Oct/2025:19:27:03 +0000] "PUT /d1/565/AUTH_433aca961d4044a58192397d2bfb2ecb/gnocchi.65f4849a-d4f1-42c5-bd6c-566cc814355b/1759320000.0_mean_300.0_v3" 201 - "PUT http://172.18.0.2:8080/d1/241/AUTH_433aca961d4044a58192397d2bfb2ecb/gnocchi.65f4849a-d4f1-42c5-bd6c-566cc814355b/1759320000.0_mean_300.0_v3" "tx841f7de7afb743e196c13-0068e6bb07" "object-server 22" 0.0012 "-" 17 0
Oct 8 19:27:03 standalone object-server[132406]: 172.20.0.100 - - [08/Oct/2025:19:27:03 +0000] "PUT /d1/241/AUTH_433aca961d4044a58192397d2bfb2ecb/gnocchi.65f4849a-d4f1-42c5-bd6c-566cc814355b/1759320000.0_mean_300.0_v3" 201 - "PUT http://172.18.0.2:8080/v1/AUTH_433aca961d4044a58192397d2bfb2ecb/gnocchi.65f4849a-d4f1-42c5-bd6c-566cc814355b/1759320000.0_mean_300.0_v3" "tx841f7de7afb743e196c13-0068e6bb07" "proxy-server 20" 0.0522 "-" 22 0
Oct 8 19:27:03 standalone proxy-server[134001]: 172.18.0.2 172.18.0.100 08/Oct/2025/19/27/03 PUT /v1/AUTH_433aca961d4044a58192397d2bfb2ecb/gnocchi.65f4849a-d4f1-42c5-bd6c-566cc814355b/1759320000.0_mean_300.0_v3 HTTP/1.0 201 - python-swiftclient-3.11.1 gAAAAABo5rsHjV_5... 16 - - tx841f7de7afb743e196c13-0068e6bb07 - 0.0612 - - 1759951623.824337006 1759951623.885494232 0
Oct 8 19:27:03 standalone container-server[131744]: 172.20.0.100 - - [08/Oct/2025:19:27:03 +0000] "PUT /d1/565/AUTH_433aca961d4044a58192397d2bfb2ecb/gnocchi.65f4849a-d4f1-42c5-bd6c-566cc814355b/none_v3" 201 - "PUT http://172.18.0.2:8080/d1/791/AUTH_433aca961d4044a58192397d2bfb2ecb/gnocchi.65f4849a-d4f1-42c5-bd6c-566cc814355b/none_v3" "txcc33a7e6bb47436abd827-0068e6bb07" "object-server 24" 0.0008 "-" 17 0
Oct 8 19:27:03 standalone object-server[132418]: 172.20.0.100 - - [08/Oct/2025:19:27:03 +0000] "PUT /d1/791/AUTH_433aca961d4044a58192397d2bfb2ecb/gnocchi.65f4849a-d4f1-42c5-bd6c-566cc814355b/none_v3" 201 - "PUT http://172.18.0.2:8080/v1/AUTH_433aca961d4044a58192397d2bfb2ecb/gnocchi.65f4849a-d4f1-42c5-bd6c-566cc814355b/none_v3" "txcc33a7e6bb47436abd827-0068e6bb07" "proxy-server 20" 0.0300 "-" 24 0
Oct 8 19:27:03 standalone proxy-server[134001]: 172.18.0.2 172.18.0.100 08/Oct/2025/19/27/03 PUT /v1/AUTH_433aca961d4044a58192397d2bfb2ecb/gnocchi.65f4849a-d4f1-42c5-bd6c-566cc814355b/none_v3 HTTP/1.0 201 - python-swiftclient-3.11.1 gAAAAABo5rsHjV_5... 32 - - txcc33a7e6bb47436abd827-0068e6bb07 - 0.0365 - - 1759951623.888892412 1759951623.925373793 0
Oct 8 19:27:18 standalone account-server[131624]: 172.20.0.100 - - [08/Oct/2025:19:27:18 +0000] "HEAD /d1/67/.expiring_objects" 404 - "HEAD http://localhost/v1/.expiring_objects?format=json" "txb8927fb40c0e4af29150c-0068e6bb16" "proxy-server 2" 0.0008 "-" 17 -
Oct 8 19:27:18 standalone object-expirer[132042]: Pass completed in 0s; 0 objects expired (txn: txb8927fb40c0e4af29150c-0068e6bb16)
Oct 8 19:28:05 standalone account-server[131624]: 172.20.0.100 - - [08/Oct/2025:19:28:05 +0000] "HEAD /d1/564/AUTH_433aca961d4044a58192397d2bfb2ecb" 204 - "HEAD http://172.18.0.2:8080/v1/AUTH_433aca961d4044a58192397d2bfb2ecb?format=json" "txc4c9feb9765245dabfad2-0068e6bb45" "proxy-server 20" 0.0123 "-" 17 -
Oct 8 19:28:05 standalone proxy-server[134001]: - - 08/Oct/2025/19/28/05 HEAD /v1/AUTH_433aca961d4044a58192397d2bfb2ecb%3Fformat%3Djson HTTP/1.0 204 - Swift - - - - txc4c9feb9765245dabfad2-0068e6bb45 - 0.0169 RL - 1759951685.756686449 1759951685.773579121 -
Oct 8 19:28:05 standalone container-server[131718]: 172.20.0.100 - - [08/Oct/2025:19:28:05 +0000] "HEAD /d1/898/AUTH_433aca961d4044a58192397d2bfb2ecb/gnocchi.00b54080-e72b-400a-8be2-14a33c4ab849" 404 - "HEAD http://172.18.0.2:8080/v1/AUTH_433aca961d4044a58192397d2bfb2ecb/gnocchi.00b54080-e72b-400a-8be2-14a33c4ab849?format=json&states=listing" "txc4c9feb9765245dabfad2-0068e6bb45" "proxy-server 20" 0.0010 "-" 10 0
Oct 8 19:28:05 standalone object-server[132406]: 172.20.0.100 - - [08/Oct/2025:19:28:05 +0000] "GET /d1/89/AUTH_433aca961d4044a58192397d2bfb2ecb/gnocchi.00b54080-e72b-400a-8be2-14a33c4ab849/none_v3" 404 70 "GET http://172.18.0.2:8080/v1/AUTH_433aca961d4044a58192397d2bfb2ecb/gnocchi.00b54080-e72b-400a-8be2-14a33c4ab849/none_v3" "txc4c9feb9765245dabfad2-0068e6bb45" "proxy-server 20" 0.0005 "-" 22 0
Oct 8 19:28:05 standalone proxy-server[134001]: 172.18.0.2 172.18.0.100 08/Oct/2025/19/28/05 GET /v1/AUTH_433aca961d4044a58192397d2bfb2ecb/gnocchi.00b54080-e72b-400a-8be2-14a33c4ab849/none_v3 HTTP/1.0 404 - python-swiftclient-3.11.1 gAAAAABo5rsHjV_5... - 70 - txc4c9feb9765245dabfad2-0068e6bb45 - 0.0287 - - 1759951685.755768061 1759951685.784423351 0
Oct 8 19:28:05 standalone account-server[131631]: 172.20.0.100 - - [08/Oct/2025:19:28:05 +0000] "PUT /d1/564/AUTH_433aca961d4044a58192397d2bfb2ecb/gnocchi.00b54080-e72b-400a-8be2-14a33c4ab849" 201 - "PUT http://172.20.0.100:6001/d1/898/AUTH_433aca961d4044a58192397d2bfb2ecb/gnocchi.00b54080-e72b-400a-8be2-14a33c4ab849" "txebc1beb7956a4f8993d5f-0068e6bb45" "container-server 17" 0.0028 "-" 18 0
Oct 8 19:28:05 standalone container-server[131744]: 172.20.0.100 - - [08/Oct/2025:19:28:05 +0000] "PUT /d1/898/AUTH_433aca961d4044a58192397d2bfb2ecb/gnocchi.00b54080-e72b-400a-8be2-14a33c4ab849" 201 - "PUT http://172.18.0.2:8080/v1/AUTH_433aca961d4044a58192397d2bfb2ecb/gnocchi.00b54080-e72b-400a-8be2-14a33c4ab849" "txebc1beb7956a4f8993d5f-0068e6bb45" "proxy-server 20" 0.0142 "-" 17 0
Oct 8 19:28:05 standalone proxy-server[134001]: 172.18.0.2 172.18.0.100 08/Oct/2025/19/28/05 PUT /v1/AUTH_433aca961d4044a58192397d2bfb2ecb/gnocchi.00b54080-e72b-400a-8be2-14a33c4ab849 HTTP/1.0 201 - python-swiftclient-3.11.1 gAAAAABo5rsHjV_5... - - - txebc1beb7956a4f8993d5f-0068e6bb45 - 0.0200 - - 1759951685.788407564 1759951685.808393955 0
Oct 8 19:28:05 standalone container-server[131744]: 172.20.0.100 - - [08/Oct/2025:19:28:05 +0000] "HEAD /d1/898/AUTH_433aca961d4044a58192397d2bfb2ecb/gnocchi.00b54080-e72b-400a-8be2-14a33c4ab849" 204 - "HEAD http://172.18.0.2:8080/v1/AUTH_433aca961d4044a58192397d2bfb2ecb/gnocchi.00b54080-e72b-400a-8be2-14a33c4ab849?format=json&states=listing" "txed6c59cbd19d4a1288439-0068e6bb45" "proxy-server 20" 0.0014 "-" 17 0
Oct 8 19:28:05 standalone proxy-server[134001]: - - 08/Oct/2025/19/28/05 HEAD /v1/AUTH_433aca961d4044a58192397d2bfb2ecb/gnocchi.00b54080-e72b-400a-8be2-14a33c4ab849%3Fformat%3Djson%26states%3Dlisting HTTP/1.0 204 - Swift - - - - txed6c59cbd19d4a1288439-0068e6bb45 - 0.0043 RL - 1759951685.812457800 1759951685.816786766 0
Oct 8 19:28:05 standalone container-server[131744]: 172.20.0.100 - - [08/Oct/2025:19:28:05 +0000] "GET /d1/898/AUTH_433aca961d4044a58192397d2bfb2ecb/gnocchi.00b54080-e72b-400a-8be2-14a33c4ab849" 200 2 "GET http://172.18.0.2:8080/v1/AUTH_433aca961d4044a58192397d2bfb2ecb/gnocchi.00b54080-e72b-400a-8be2-14a33c4ab849?format=json&states=listing" "txed6c59cbd19d4a1288439-0068e6bb45" "proxy-server 20" 0.0018 "-" 17 0
Oct 8 19:28:05 standalone proxy-server[134001]: 172.18.0.2 172.18.0.100 08/Oct/2025/19/28/05 GET /v1/AUTH_433aca961d4044a58192397d2bfb2ecb/gnocchi.00b54080-e72b-400a-8be2-14a33c4ab849%3Fformat%3Djson%26states%3Dlisting HTTP/1.0 200 - python-swiftclient-3.11.1 gAAAAABo5rsHjV_5... - 2 - txed6c59cbd19d4a1288439-0068e6bb45 - 0.0121 - - 1759951685.811535835 1759951685.823645592 0
Oct 8 19:28:05 standalone object-server[132425]: 172.20.0.100 - - [08/Oct/2025:19:28:05 +0000] "GET /d1/981/AUTH_433aca961d4044a58192397d2bfb2ecb/gnocchi.00b54080-e72b-400a-8be2-14a33c4ab849/1759320000.0_mean_300.0_v3" 404 70 "GET http://172.18.0.2:8080/v1/AUTH_433aca961d4044a58192397d2bfb2ecb/gnocchi.00b54080-e72b-400a-8be2-14a33c4ab849/1759320000.0_mean_300.0_v3" "tx18b1ddb9c3bf45e7a5370-0068e6bb45" "proxy-server 20" 0.0006 "-" 25 0
Oct 8 19:28:05 standalone proxy-server[134001]: 172.18.0.2 172.18.0.100 08/Oct/2025/19/28/05 GET /v1/AUTH_433aca961d4044a58192397d2bfb2ecb/gnocchi.00b54080-e72b-400a-8be2-14a33c4ab849/1759320000.0_mean_300.0_v3 HTTP/1.0 404 - python-swiftclient-3.11.1 gAAAAABo5rsHjV_5... - 70 - tx18b1ddb9c3bf45e7a5370-0068e6bb45 - 0.0048 - - 1759951685.826737404 1759951685.831512690 0
Oct 8 19:28:05 standalone container-server[131744]: 172.20.0.100 - - [08/Oct/2025:19:28:05 +0000] "PUT /d1/898/AUTH_433aca961d4044a58192397d2bfb2ecb/gnocchi.00b54080-e72b-400a-8be2-14a33c4ab849/1759320000.0_mean_300.0_v3" 201 - "PUT http://172.18.0.2:8080/d1/981/AUTH_433aca961d4044a58192397d2bfb2ecb/gnocchi.00b54080-e72b-400a-8be2-14a33c4ab849/1759320000.0_mean_300.0_v3" "txcde2419b03d447a3962d5-0068e6bb45" "object-server 22" 0.0005 "-" 17 0
Oct 8 19:28:05 standalone object-server[132406]: 172.20.0.100 - - [08/Oct/2025:19:28:05 +0000] "PUT /d1/981/AUTH_433aca961d4044a58192397d2bfb2ecb/gnocchi.00b54080-e72b-400a-8be2-14a33c4ab849/1759320000.0_mean_300.0_v3" 201 - "PUT http://172.18.0.2:8080/v1/AUTH_433aca961d4044a58192397d2bfb2ecb/gnocchi.00b54080-e72b-400a-8be2-14a33c4ab849/1759320000.0_mean_300.0_v3" "txcde2419b03d447a3962d5-0068e6bb45" "proxy-server 20" 0.0095 "-" 22 0
Oct 8 19:28:05 standalone proxy-server[134001]: 172.18.0.2 172.18.0.100 08/Oct/2025/19/28/05 PUT /v1/AUTH_433aca961d4044a58192397d2bfb2ecb/gnocchi.00b54080-e72b-400a-8be2-14a33c4ab849/1759320000.0_mean_300.0_v3 HTTP/1.0 201 - python-swiftclient-3.11.1 gAAAAABo5rsHjV_5... 16 - - txcde2419b03d447a3962d5-0068e6bb45 - 0.0149 - - 1759951685.833893061 1759951685.848828316 0
Oct 8 19:28:05 standalone container-server[131718]: 172.20.0.100 - - [08/Oct/2025:19:28:05 +0000] "PUT /d1/898/AUTH_433aca961d4044a58192397d2bfb2ecb/gnocchi.00b54080-e72b-400a-8be2-14a33c4ab849/none_v3" 201 - "PUT http://172.18.0.2:8080/d1/89/AUTH_433aca961d4044a58192397d2bfb2ecb/gnocchi.00b54080-e72b-400a-8be2-14a33c4ab849/none_v3" "tx46207134e8dc403388c52-0068e6bb45" "object-server 22" 0.0007 "-" 10 0
Oct 8 19:28:05 standalone object-server[132406]: 172.20.0.100 - - [08/Oct/2025:19:28:05 +0000] "PUT /d1/89/AUTH_433aca961d4044a58192397d2bfb2ecb/gnocchi.00b54080-e72b-400a-8be2-14a33c4ab849/none_v3" 201 - "PUT http://172.18.0.2:8080/v1/AUTH_433aca961d4044a58192397d2bfb2ecb/gnocchi.00b54080-e72b-400a-8be2-14a33c4ab849/none_v3" "tx46207134e8dc403388c52-0068e6bb45" "proxy-server 20" 0.0097 "-" 22 0
Oct 8 19:28:05 standalone proxy-server[134001]: 172.18.0.2 172.18.0.100 08/Oct/2025/19/28/05 PUT /v1/AUTH_433aca961d4044a58192397d2bfb2ecb/gnocchi.00b54080-e72b-400a-8be2-14a33c4ab849/none_v3 HTTP/1.0 201 - python-swiftclient-3.11.1 gAAAAABo5rsHjV_5... 22 - - tx46207134e8dc403388c52-0068e6bb45 - 0.0154 - - 1759951685.851811886 1759951685.867246389 0
Oct 8 19:28:05 standalone container-server[131744]: 172.20.0.100 - - [08/Oct/2025:19:28:05 +0000] "HEAD /d1/611/AUTH_433aca961d4044a58192397d2bfb2ecb/gnocchi.5c25ff04-da45-4573-9f1c-45d8d69a31e4" 404 - "HEAD http://172.18.0.2:8080/v1/AUTH_433aca961d4044a58192397d2bfb2ecb/gnocchi.5c25ff04-da45-4573-9f1c-45d8d69a31e4?format=json&states=listing" "tx5a16ca1828e646bfa03d4-0068e6bb45" "proxy-server 20" 0.0004 "-" 17 0
Oct 8 19:28:05 standalone object-server[132406]: 172.20.0.100 - - [08/Oct/2025:19:28:05 +0000] "GET /d1/774/AUTH_433aca961d4044a58192397d2bfb2ecb/gnocchi.5c25ff04-da45-4573-9f1c-45d8d69a31e4/none_v3" 404 70 "GET http://172.18.0.2:8080/v1/AUTH_433aca961d4044a58192397d2bfb2ecb/gnocchi.5c25ff04-da45-4573-9f1c-45d8d69a31e4/none_v3" "tx5a16ca1828e646bfa03d4-0068e6bb45" "proxy-server 20" 0.0004 "-" 22 0
Oct 8 19:28:05 standalone proxy-server[134001]: 172.18.0.2 172.18.0.100 08/Oct/2025/19/28/05 GET /v1/AUTH_433aca961d4044a58192397d2bfb2ecb/gnocchi.5c25ff04-da45-4573-9f1c-45d8d69a31e4/none_v3 HTTP/1.0 404 - python-swiftclient-3.11.1 gAAAAABo5rsHjV_5... - 70 - tx5a16ca1828e646bfa03d4-0068e6bb45 - 0.0123 - - 1759951685.875164270 1759951685.887500763 0
Oct 8 19:28:05 standalone account-server[131637]: 172.20.0.100 - - [08/Oct/2025:19:28:05 +0000] "PUT /d1/564/AUTH_433aca961d4044a58192397d2bfb2ecb/gnocchi.5c25ff04-da45-4573-9f1c-45d8d69a31e4" 201 - "PUT http://172.20.0.100:6001/d1/611/AUTH_433aca961d4044a58192397d2bfb2ecb/gnocchi.5c25ff04-da45-4573-9f1c-45d8d69a31e4" "tx2c10e27c504049e4a3598-0068e6bb45" "container-server 10" 0.0042 "-" 19 0
Oct 8 19:28:05 standalone container-server[131718]: 172.20.0.100 - - [08/Oct/2025:19:28:05 +0000] "PUT /d1/611/AUTH_433aca961d4044a58192397d2bfb2ecb/gnocchi.5c25ff04-da45-4573-9f1c-45d8d69a31e4" 201 - "PUT http://172.18.0.2:8080/v1/AUTH_433aca961d4044a58192397d2bfb2ecb/gnocchi.5c25ff04-da45-4573-9f1c-45d8d69a31e4" "tx2c10e27c504049e4a3598-0068e6bb45" "proxy-server 20" 0.0153 "-" 10 0
Oct 8 19:28:05 standalone proxy-server[134001]: 172.18.0.2 172.18.0.100 08/Oct/2025/19/28/05 PUT /v1/AUTH_433aca961d4044a58192397d2bfb2ecb/gnocchi.5c25ff04-da45-4573-9f1c-45d8d69a31e4 HTTP/1.0 201 - python-swiftclient-3.11.1 gAAAAABo5rsHjV_5... - - - tx2c10e27c504049e4a3598-0068e6bb45 - 0.0204 - - 1759951685.890645027 1759951685.911051512 0
Oct 8 19:28:05 standalone container-server[131744]: 172.20.0.100 - - [08/Oct/2025:19:28:05 +0000] "HEAD /d1/611/AUTH_433aca961d4044a58192397d2bfb2ecb/gnocchi.5c25ff04-da45-4573-9f1c-45d8d69a31e4" 204 - "HEAD http://172.18.0.2:8080/v1/AUTH_433aca961d4044a58192397d2bfb2ecb/gnocchi.5c25ff04-da45-4573-9f1c-45d8d69a31e4?format=json&states=listing" "tx8601093bacac4616907be-0068e6bb45" "proxy-server 20" 0.0012 "-" 17 0
Oct 8 19:28:05 standalone proxy-server[134001]: - - 08/Oct/2025/19/28/05 HEAD /v1/AUTH_433aca961d4044a58192397d2bfb2ecb/gnocchi.5c25ff04-da45-4573-9f1c-45d8d69a31e4%3Fformat%3Djson%26states%3Dlisting HTTP/1.0 204 - Swift - - - - tx8601093bacac4616907be-0068e6bb45 - 0.0042 RL - 1759951685.917488575 1759951685.921675920 0
Oct 8 19:28:05 standalone container-server[131718]: 172.20.0.100 - - [08/Oct/2025:19:28:05 +0000] "GET /d1/611/AUTH_433aca961d4044a58192397d2bfb2ecb/gnocchi.5c25ff04-da45-4573-9f1c-45d8d69a31e4" 200 2 "GET http://172.18.0.2:8080/v1/AUTH_433aca961d4044a58192397d2bfb2ecb/gnocchi.5c25ff04-da45-4573-9f1c-45d8d69a31e4?format=json&states=listing" "tx8601093bacac4616907be-0068e6bb45" "proxy-server 20" 0.0022 "-" 10 0
Oct 8 19:28:05 standalone proxy-server[134001]: 172.18.0.2 172.18.0.100 08/Oct/2025/19/28/05 GET /v1/AUTH_433aca961d4044a58192397d2bfb2ecb/gnocchi.5c25ff04-da45-4573-9f1c-45d8d69a31e4%3Fformat%3Djson%26states%3Dlisting HTTP/1.0 200 - python-swiftclient-3.11.1 gAAAAABo5rsHjV_5... - 2 - tx8601093bacac4616907be-0068e6bb45 - 0.0125 - - 1759951685.916386127 1759951685.928926468 0
Oct 8 19:28:05 standalone object-server[132411]: 172.20.0.100 - - [08/Oct/2025:19:28:05 +0000] "GET /d1/594/AUTH_433aca961d4044a58192397d2bfb2ecb/gnocchi.5c25ff04-da45-4573-9f1c-45d8d69a31e4/1759320000.0_mean_300.0_v3" 404 70 "GET http://172.18.0.2:8080/v1/AUTH_433aca961d4044a58192397d2bfb2ecb/gnocchi.5c25ff04-da45-4573-9f1c-45d8d69a31e4/1759320000.0_mean_300.0_v3" "txc4e1848cbbbb4e70bbbf6-0068e6bb45" "proxy-server 20" 0.0003 "-" 23 0
Oct 8 19:28:05 standalone proxy-server[134001]: 172.18.0.2 172.18.0.100 08/Oct/2025/19/28/05 GET /v1/AUTH_433aca961d4044a58192397d2bfb2ecb/gnocchi.5c25ff04-da45-4573-9f1c-45d8d69a31e4/1759320000.0_mean_300.0_v3 HTTP/1.0 404 - python-swiftclient-3.11.1 gAAAAABo5rsHjV_5... - 70 - txc4e1848cbbbb4e70bbbf6-0068e6bb45 - 0.0046 - - 1759951685.932111502 1759951685.936740160 0
Oct 8 19:28:05 standalone container-server[131718]: 172.20.0.100 - - [08/Oct/2025:19:28:05 +0000] "PUT /d1/611/AUTH_433aca961d4044a58192397d2bfb2ecb/gnocchi.5c25ff04-da45-4573-9f1c-45d8d69a31e4/1759320000.0_mean_300.0_v3" 201 - "PUT http://172.18.0.2:8080/d1/594/AUTH_433aca961d4044a58192397d2bfb2ecb/gnocchi.5c25ff04-da45-4573-9f1c-45d8d69a31e4/1759320000.0_mean_300.0_v3" "txb09e833d5aff40139a242-0068e6bb45" "object-server 25" 0.0005 "-" 10 0
Oct 8 19:28:05 standalone object-server[132425]: 172.20.0.100 - - [08/Oct/2025:19:28:05 +0000] "PUT /d1/594/AUTH_433aca961d4044a58192397d2bfb2ecb/gnocchi.5c25ff04-da45-4573-9f1c-45d8d69a31e4/1759320000.0_mean_300.0_v3" 201 - "PUT http://172.18.0.2:8080/v1/AUTH_433aca961d4044a58192397d2bfb2ecb/gnocchi.5c25ff04-da45-4573-9f1c-45d8d69a31e4/1759320000.0_mean_300.0_v3" "txb09e833d5aff40139a242-0068e6bb45" "proxy-server 20" 0.0225 "-" 25 0
Oct 8 19:28:05 standalone proxy-server[134001]: 172.18.0.2 172.18.0.100 08/Oct/2025/19/28/05 PUT /v1/AUTH_433aca961d4044a58192397d2bfb2ecb/gnocchi.5c25ff04-da45-4573-9f1c-45d8d69a31e4/1759320000.0_mean_300.0_v3 HTTP/1.0 201 - python-swiftclient-3.11.1 gAAAAABo5rsHjV_5... 16 - - txb09e833d5aff40139a242-0068e6bb45 - 0.0279 - - 1759951685.941963673 1759951685.969844818 0
Oct 8 19:28:05 standalone container-server[131743]: 172.20.0.100 - - [08/Oct/2025:19:28:05 +0000] "PUT /d1/611/AUTH_433aca961d4044a58192397d2bfb2ecb/gnocchi.5c25ff04-da45-4573-9f1c-45d8d69a31e4/none_v3" 201 - "PUT http://172.18.0.2:8080/d1/774/AUTH_433aca961d4044a58192397d2bfb2ecb/gnocchi.5c25ff04-da45-4573-9f1c-45d8d69a31e4/none_v3" "txb5bc9e35a2174abbbda9f-0068e6bb45" "object-server 24" 0.0006 "-" 16 0
Oct 8 19:28:05 standalone object-server[132418]: 172.20.0.100 - - [08/Oct/2025:19:28:05 +0000] "PUT /d1/774/AUTH_433aca961d4044a58192397d2bfb2ecb/gnocchi.5c25ff04-da45-4573-9f1c-45d8d69a31e4/none_v3" 201 - "PUT http://172.18.0.2:8080/v1/AUTH_433aca961d4044a58192397d2bfb2ecb/gnocchi.5c25ff04-da45-4573-9f1c-45d8d69a31e4/none_v3" "txb5bc9e35a2174abbbda9f-0068e6bb45" "proxy-server 20" 0.0076 "-" 24 0
Oct 8 19:28:05 standalone proxy-server[134001]: 172.18.0.2 172.18.0.100 08/Oct/2025/19/28/05 PUT /v1/AUTH_433aca961d4044a58192397d2bfb2ecb/gnocchi.5c25ff04-da45-4573-9f1c-45d8d69a31e4/none_v3 HTTP/1.0 201 - python-swiftclient-3.11.1 gAAAAABo5rsHjV_5... 22 - - txb5bc9e35a2174abbbda9f-0068e6bb45 - 0.0121 - - 1759951685.972516298 1759951685.984609604 0
Oct 8 19:28:13 standalone container-server[131743]: 172.20.0.100 - - [08/Oct/2025:19:28:13 +0000] "HEAD /d1/371/AUTH_433aca961d4044a58192397d2bfb2ecb/gnocchi.01aa2548-c00d-48a6-82b5-38d174f0d95f" 404 - "HEAD http://172.18.0.2:8080/v1/AUTH_433aca961d4044a58192397d2bfb2ecb/gnocchi.01aa2548-c00d-48a6-82b5-38d174f0d95f?format=json&states=listing" "txb9b641fbe06c49c6a65a4-0068e6bb4d" "proxy-server 20" 0.0005 "-" 16 0
Oct 8 19:28:13 standalone object-server[132406]: 172.20.0.100 - - [08/Oct/2025:19:28:13 +0000] "GET /d1/131/AUTH_433aca961d4044a58192397d2bfb2ecb/gnocchi.01aa2548-c00d-48a6-82b5-38d174f0d95f/none_v3" 404 70 "GET http://172.18.0.2:8080/v1/AUTH_433aca961d4044a58192397d2bfb2ecb/gnocchi.01aa2548-c00d-48a6-82b5-38d174f0d95f/none_v3" "txb9b641fbe06c49c6a65a4-0068e6bb4d" "proxy-server 20" 0.0005 "-" 22 0
Oct 8 19:28:13 standalone proxy-server[134001]: 172.18.0.2 172.18.0.100 08/Oct/2025/19/28/13 GET /v1/AUTH_433aca961d4044a58192397d2bfb2ecb/gnocchi.01aa2548-c00d-48a6-82b5-38d174f0d95f/none_v3 HTTP/1.0 404 - python-swiftclient-3.11.1 gAAAAABo5rsHjV_5... - 70 - txb9b641fbe06c49c6a65a4-0068e6bb4d - 0.0240 - - 1759951693.460787535 1759951693.484827995 0
Oct 8 19:28:13 standalone account-server[131650]: 172.20.0.100 - - [08/Oct/2025:19:28:13 +0000] "PUT /d1/564/AUTH_433aca961d4044a58192397d2bfb2ecb/gnocchi.01aa2548-c00d-48a6-82b5-38d174f0d95f" 201 - "PUT http://172.20.0.100:6001/d1/371/AUTH_433aca961d4044a58192397d2bfb2ecb/gnocchi.01aa2548-c00d-48a6-82b5-38d174f0d95f" "tx2fc8b6c141ed479290372-0068e6bb4d" "container-server 10" 0.0055 "-" 20 0
Oct 8 19:28:13 standalone container-server[131718]: 172.20.0.100 - - [08/Oct/2025:19:28:13 +0000] "PUT /d1/371/AUTH_433aca961d4044a58192397d2bfb2ecb/gnocchi.01aa2548-c00d-48a6-82b5-38d174f0d95f" 201 - "PUT http://172.18.0.2:8080/v1/AUTH_433aca961d4044a58192397d2bfb2ecb/gnocchi.01aa2548-c00d-48a6-82b5-38d174f0d95f" "tx2fc8b6c141ed479290372-0068e6bb4d" "proxy-server 20" 0.0180 "-" 10 0
Oct 8 19:28:13 standalone proxy-server[134001]: 172.18.0.2 172.18.0.100 08/Oct/2025/19/28/13 PUT /v1/AUTH_433aca961d4044a58192397d2bfb2ecb/gnocchi.01aa2548-c00d-48a6-82b5-38d174f0d95f HTTP/1.0 201 - python-swiftclient-3.11.1 gAAAAABo5rsHjV_5... - - - tx2fc8b6c141ed479290372-0068e6bb4d - 0.0305 - - 1759951693.489650726 1759951693.520106316 0
Oct 8 19:28:13 standalone container-server[131727]: 172.20.0.100 - - [08/Oct/2025:19:28:13 +0000] "HEAD /d1/371/AUTH_433aca961d4044a58192397d2bfb2ecb/gnocchi.01aa2548-c00d-48a6-82b5-38d174f0d95f" 204 - "HEAD http://172.18.0.2:8080/v1/AUTH_433aca961d4044a58192397d2bfb2ecb/gnocchi.01aa2548-c00d-48a6-82b5-38d174f0d95f?format=json&states=listing" "tx4e8805b761be458da8222-0068e6bb4d" "proxy-server 20" 0.0016 "-" 15 0
Oct 8 19:28:13 standalone proxy-server[134001]: - - 08/Oct/2025/19/28/13 HEAD /v1/AUTH_433aca961d4044a58192397d2bfb2ecb/gnocchi.01aa2548-c00d-48a6-82b5-38d174f0d95f%3Fformat%3Djson%26states%3Dlisting HTTP/1.0 204 - Swift - - - - tx4e8805b761be458da8222-0068e6bb4d - 0.0065 RL - 1759951693.533284903 1759951693.539742708 0
Oct 8 19:28:13 standalone container-server[131744]: 172.20.0.100 - - [08/Oct/2025:19:28:13 +0000] "GET /d1/371/AUTH_433aca961d4044a58192397d2bfb2ecb/gnocchi.01aa2548-c00d-48a6-82b5-38d174f0d95f" 200 2 "GET http://172.18.0.2:8080/v1/AUTH_433aca961d4044a58192397d2bfb2ecb/gnocchi.01aa2548-c00d-48a6-82b5-38d174f0d95f?format=json&states=listing" "tx4e8805b761be458da8222-0068e6bb4d" "proxy-server 20" 0.0020 "-" 17 0
Oct 8 19:28:13 standalone proxy-server[134001]: 172.18.0.2 172.18.0.100 08/Oct/2025/19/28/13 GET /v1/AUTH_433aca961d4044a58192397d2bfb2ecb/gnocchi.01aa2548-c00d-48a6-82b5-38d174f0d95f%3Fformat%3Djson%26states%3Dlisting HTTP/1.0 200 - python-swiftclient-3.11.1 gAAAAABo5rsHjV_5... - 2 - tx4e8805b761be458da8222-0068e6bb4d - 0.0239 - - 1759951693.527488470 1759951693.551397324 0
Oct 8 19:28:13 standalone object-server[132418]: 172.20.0.100 - - [08/Oct/2025:19:28:13 +0000] "GET /d1/963/AUTH_433aca961d4044a58192397d2bfb2ecb/gnocchi.01aa2548-c00d-48a6-82b5-38d174f0d95f/1759320000.0_mean_300.0_v3" 404 70 "GET http://172.18.0.2:8080/v1/AUTH_433aca961d4044a58192397d2bfb2ecb/gnocchi.01aa2548-c00d-48a6-82b5-38d174f0d95f/1759320000.0_mean_300.0_v3" "tx3ab6369765aa4eaeb2b67-0068e6bb4d" "proxy-server 20" 0.0003 "-" 24 0
Oct 8 19:28:13 standalone proxy-server[134001]: 172.18.0.2 172.18.0.100 08/Oct/2025/19/28/13 GET /v1/AUTH_433aca961d4044a58192397d2bfb2ecb/gnocchi.01aa2548-c00d-48a6-82b5-38d174f0d95f/1759320000.0_mean_300.0_v3 HTTP/1.0 404 - python-swiftclient-3.11.1 gAAAAABo5rsHjV_5... - 70 - tx3ab6369765aa4eaeb2b67-0068e6bb4d - 0.0066 - - 1759951693.556254387 1759951693.562804699 0
Oct 8 19:28:13 standalone container-server[131744]: 172.20.0.100 - - [08/Oct/2025:19:28:13 +0000] "PUT /d1/371/AUTH_433aca961d4044a58192397d2bfb2ecb/gnocchi.01aa2548-c00d-48a6-82b5-38d174f0d95f/1759320000.0_mean_300.0_v3" 201 - "PUT http://172.18.0.2:8080/d1/963/AUTH_433aca961d4044a58192397d2bfb2ecb/gnocchi.01aa2548-c00d-48a6-82b5-38d174f0d95f/1759320000.0_mean_300.0_v3" "txd07d16f0588a4c93b7ad8-0068e6bb4d" "object-server 24" 0.0006 "-" 17 0
Oct 8 19:28:13 standalone object-server[132418]: 172.20.0.100 - - [08/Oct/2025:19:28:13 +0000] "PUT /d1/963/AUTH_433aca961d4044a58192397d2bfb2ecb/gnocchi.01aa2548-c00d-48a6-82b5-38d174f0d95f/1759320000.0_mean_300.0_v3" 201 - "PUT http://172.18.0.2:8080/v1/AUTH_433aca961d4044a58192397d2bfb2ecb/gnocchi.01aa2548-c00d-48a6-82b5-38d174f0d95f/1759320000.0_mean_300.0_v3" "txd07d16f0588a4c93b7ad8-0068e6bb4d" "proxy-server 20" 0.0078 "-" 24 0
Oct 8 19:28:13 standalone proxy-server[134001]: 172.18.0.2 172.18.0.100 08/Oct/2025/19/28/13 PUT /v1/AUTH_433aca961d4044a58192397d2bfb2ecb/gnocchi.01aa2548-c00d-48a6-82b5-38d174f0d95f/1759320000.0_mean_300.0_v3 HTTP/1.0 201 - python-swiftclient-3.11.1 gAAAAABo5rsHjV_5... 16 - - txd07d16f0588a4c93b7ad8-0068e6bb4d - 0.0155 - - 1759951693.567408562 1759951693.582955837 0
Oct 8 19:28:13 standalone container-server[131727]: 172.20.0.100 - - [08/Oct/2025:19:28:13 +0000] "PUT /d1/371/AUTH_433aca961d4044a58192397d2bfb2ecb/gnocchi.01aa2548-c00d-48a6-82b5-38d174f0d95f/none_v3" 201 - "PUT http://172.18.0.2:8080/d1/131/AUTH_433aca961d4044a58192397d2bfb2ecb/gnocchi.01aa2548-c00d-48a6-82b5-38d174f0d95f/none_v3" "tx4187ce5da10d416f9b2d4-0068e6bb4d" "object-server 23" 0.0006 "-" 15 0
Oct 8 19:28:13 standalone object-server[132411]: 172.20.0.100 - - [08/Oct/2025:19:28:13 +0000] "PUT /d1/131/AUTH_433aca961d4044a58192397d2bfb2ecb/gnocchi.01aa2548-c00d-48a6-82b5-38d174f0d95f/none_v3" 201 - "PUT http://172.18.0.2:8080/v1/AUTH_433aca961d4044a58192397d2bfb2ecb/gnocchi.01aa2548-c00d-48a6-82b5-38d174f0d95f/none_v3" "tx4187ce5da10d416f9b2d4-0068e6bb4d" "proxy-server 20" 0.0258 "-" 23 0
Oct 8 19:28:13 standalone proxy-server[134001]: 172.18.0.2 172.18.0.100 08/Oct/2025/19/28/13 PUT /v1/AUTH_433aca961d4044a58192397d2bfb2ecb/gnocchi.01aa2548-c00d-48a6-82b5-38d174f0d95f/none_v3 HTTP/1.0 201 - python-swiftclient-3.11.1 gAAAAABo5rsHjV_5... 22 - - tx4187ce5da10d416f9b2d4-0068e6bb4d - 0.0324 - - 1759951693.586714268 1759951693.619119644 0
Oct 8 19:28:13 standalone container-server[131743]: 172.20.0.100 - - [08/Oct/2025:19:28:13 +0000] "HEAD /d1/48/AUTH_433aca961d4044a58192397d2bfb2ecb/gnocchi.c5b7aa7f-85aa-478d-9440-09bc451a8fc2" 404 - "HEAD http://172.18.0.2:8080/v1/AUTH_433aca961d4044a58192397d2bfb2ecb/gnocchi.c5b7aa7f-85aa-478d-9440-09bc451a8fc2?format=json&states=listing" "tx71de28f1537049df9e0d7-0068e6bb4d" "proxy-server 20" 0.0003 "-" 16 0
Oct 8 19:28:13 standalone object-server[132406]: 172.20.0.100 - - [08/Oct/2025:19:28:13 +0000] "GET /d1/920/AUTH_433aca961d4044a58192397d2bfb2ecb/gnocchi.c5b7aa7f-85aa-478d-9440-09bc451a8fc2/none_v3" 404 70 "GET http://172.18.0.2:8080/v1/AUTH_433aca961d4044a58192397d2bfb2ecb/gnocchi.c5b7aa7f-85aa-478d-9440-09bc451a8fc2/none_v3" "tx71de28f1537049df9e0d7-0068e6bb4d" "proxy-server 20" 0.0005 "-" 22 0
Oct 8 19:28:13 standalone proxy-server[134001]: 172.18.0.2 172.18.0.100 08/Oct/2025/19/28/13 GET /v1/AUTH_433aca961d4044a58192397d2bfb2ecb/gnocchi.c5b7aa7f-85aa-478d-9440-09bc451a8fc2/none_v3 HTTP/1.0 404 - python-swiftclient-3.11.1 gAAAAABo5rsHjV_5... - 70 - tx71de28f1537049df9e0d7-0068e6bb4d - 0.0089 - - 1759951693.628393412 1759951693.637249947 0
Oct 8 19:28:13 standalone account-server[131624]: 172.20.0.100 - - [08/Oct/2025:19:28:13 +0000] "PUT /d1/564/AUTH_433aca961d4044a58192397d2bfb2ecb/gnocchi.c5b7aa7f-85aa-478d-9440-09bc451a8fc2" 201 - "PUT http://172.20.0.100:6001/d1/48/AUTH_433aca961d4044a58192397d2bfb2ecb/gnocchi.c5b7aa7f-85aa-478d-9440-09bc451a8fc2" "txb02c1d1b67064d8985853-0068e6bb4d" "container-server 15" 0.0037 "-" 17 0
Oct 8 19:28:13 standalone container-server[131727]: 172.20.0.100 - - [08/Oct/2025:19:28:13 +0000] "PUT /d1/48/AUTH_433aca961d4044a58192397d2bfb2ecb/gnocchi.c5b7aa7f-85aa-478d-9440-09bc451a8fc2" 201 - "PUT http://172.18.0.2:8080/v1/AUTH_433aca961d4044a58192397d2bfb2ecb/gnocchi.c5b7aa7f-85aa-478d-9440-09bc451a8fc2" "txb02c1d1b67064d8985853-0068e6bb4d" "proxy-server 20" 0.0115 "-" 15 0
Oct 8 19:28:13 standalone proxy-server[134001]: 172.18.0.2 172.18.0.100 08/Oct/2025/19/28/13 PUT /v1/AUTH_433aca961d4044a58192397d2bfb2ecb/gnocchi.c5b7aa7f-85aa-478d-9440-09bc451a8fc2 HTTP/1.0 201 - python-swiftclient-3.11.1 gAAAAABo5rsHjV_5... - - - txb02c1d1b67064d8985853-0068e6bb4d - 0.0155 - - 1759951693.639387846 1759951693.654878139 0
Oct 8 19:28:13 standalone container-server[131744]: 172.20.0.100 - - [08/Oct/2025:19:28:13 +0000] "HEAD /d1/48/AUTH_433aca961d4044a58192397d2bfb2ecb/gnocchi.c5b7aa7f-85aa-478d-9440-09bc451a8fc2" 204 - "HEAD http://172.18.0.2:8080/v1/AUTH_433aca961d4044a58192397d2bfb2ecb/gnocchi.c5b7aa7f-85aa-478d-9440-09bc451a8fc2?format=json&states=listing" "tx051b9d24e06145c9942f3-0068e6bb4d" "proxy-server 20" 0.0011 "-" 17 0
Oct 8 19:28:13 standalone proxy-server[134001]: - - 08/Oct/2025/19/28/13 HEAD /v1/AUTH_433aca961d4044a58192397d2bfb2ecb/gnocchi.c5b7aa7f-85aa-478d-9440-09bc451a8fc2%3Fformat%3Djson%26states%3Dlisting HTTP/1.0 204 - Swift - - - - tx051b9d24e06145c9942f3-0068e6bb4d - 0.0037 RL - 1759951693.658555031 1759951693.662257433 0
Oct 8 19:28:13 standalone container-server[131744]: 172.20.0.100 - - [08/Oct/2025:19:28:13 +0000] "GET /d1/48/AUTH_433aca961d4044a58192397d2bfb2ecb/gnocchi.c5b7aa7f-85aa-478d-9440-09bc451a8fc2" 200 2 "GET http://172.18.0.2:8080/v1/AUTH_433aca961d4044a58192397d2bfb2ecb/gnocchi.c5b7aa7f-85aa-478d-9440-09bc451a8fc2?format=json&states=listing" "tx051b9d24e06145c9942f3-0068e6bb4d" "proxy-server 20" 0.0015 "-" 17 0
Oct 8 19:28:13 standalone proxy-server[134001]: 172.18.0.2 172.18.0.100 08/Oct/2025/19/28/13 GET /v1/AUTH_433aca961d4044a58192397d2bfb2ecb/gnocchi.c5b7aa7f-85aa-478d-9440-09bc451a8fc2%3Fformat%3Djson%26states%3Dlisting HTTP/1.0 200 - python-swiftclient-3.11.1 gAAAAABo5rsHjV_5... - 2 - tx051b9d24e06145c9942f3-0068e6bb4d - 0.0105 - - 1759951693.657754183 1759951693.668290615 0
Oct 8 19:28:13 standalone object-server[132425]: 172.20.0.100 - - [08/Oct/2025:19:28:13 +0000] "GET /d1/137/AUTH_433aca961d4044a58192397d2bfb2ecb/gnocchi.c5b7aa7f-85aa-478d-9440-09bc451a8fc2/1759320000.0_mean_300.0_v3" 404 70 "GET http://172.18.0.2:8080/v1/AUTH_433aca961d4044a58192397d2bfb2ecb/gnocchi.c5b7aa7f-85aa-478d-9440-09bc451a8fc2/1759320000.0_mean_300.0_v3" "tx0904463b5fd147cbbab7d-0068e6bb4d" "proxy-server 20" 0.0004 "-" 25 0
Oct 8 19:28:13 standalone proxy-server[134001]: 172.18.0.2 172.18.0.100 08/Oct/2025/19/28/13 GET /v1/AUTH_433aca961d4044a58192397d2bfb2ecb/gnocchi.c5b7aa7f-85aa-478d-9440-09bc451a8fc2/1759320000.0_mean_300.0_v3 HTTP/1.0 404 - python-swiftclient-3.11.1 gAAAAABo5rsHjV_5... - 70 - tx0904463b5fd147cbbab7d-0068e6bb4d - 0.0380 - - 1759951693.670992374 1759951693.708993673 0
Oct 8 19:28:13 standalone container-server[131727]: 172.20.0.100 - - [08/Oct/2025:19:28:13 +0000] "PUT /d1/48/AUTH_433aca961d4044a58192397d2bfb2ecb/gnocchi.c5b7aa7f-85aa-478d-9440-09bc451a8fc2/1759320000.0_mean_300.0_v3" 201 - "PUT http://172.18.0.2:8080/d1/137/AUTH_433aca961d4044a58192397d2bfb2ecb/gnocchi.c5b7aa7f-85aa-478d-9440-09bc451a8fc2/1759320000.0_mean_300.0_v3" "tx2028907e98bf4a7fa9476-0068e6bb4d" "object-server 22" 0.0018 "-" 15 0
Oct 8 19:28:13 standalone object-server[132406]: 172.20.0.100 - - [08/Oct/2025:19:28:13 +0000] "PUT /d1/137/AUTH_433aca961d4044a58192397d2bfb2ecb/gnocchi.c5b7aa7f-85aa-478d-9440-09bc451a8fc2/1759320000.0_mean_300.0_v3" 201 - "PUT http://172.18.0.2:8080/v1/AUTH_433aca961d4044a58192397d2bfb2ecb/gnocchi.c5b7aa7f-85aa-478d-9440-09bc451a8fc2/1759320000.0_mean_300.0_v3" "tx2028907e98bf4a7fa9476-0068e6bb4d" "proxy-server 20" 0.0152 "-" 22 0
Oct 8 19:28:13 standalone proxy-server[134001]: 172.18.0.2 172.18.0.100 08/Oct/2025/19/28/13 PUT /v1/AUTH_433aca961d4044a58192397d2bfb2ecb/gnocchi.c5b7aa7f-85aa-478d-9440-09bc451a8fc2/1759320000.0_mean_300.0_v3 HTTP/1.0 201 - python-swiftclient-3.11.1 gAAAAABo5rsHjV_5... 16 - - tx2028907e98bf4a7fa9476-0068e6bb4d - 0.0204 - - 1759951693.712466717 1759951693.732887506 0
Oct 8 19:28:13 standalone container-server[131718]: 172.20.0.100 - - [08/Oct/2025:19:28:13 +0000] "PUT /d1/48/AUTH_433aca961d4044a58192397d2bfb2ecb/gnocchi.c5b7aa7f-85aa-478d-9440-09bc451a8fc2/none_v3" 201 - "PUT http://172.18.0.2:8080/d1/920/AUTH_433aca961d4044a58192397d2bfb2ecb/gnocchi.c5b7aa7f-85aa-478d-9440-09bc451a8fc2/none_v3" "txf50c3212f31a42db99760-0068e6bb4d" "object-server 23" 0.0007 "-" 10 0
Oct 8 19:28:13 standalone object-server[132411]: 172.20.0.100 - - [08/Oct/2025:19:28:13 +0000] "PUT /d1/920/AUTH_433aca961d4044a58192397d2bfb2ecb/gnocchi.c5b7aa7f-85aa-478d-9440-09bc451a8fc2/none_v3" 201 - "PUT http://172.18.0.2:8080/v1/AUTH_433aca961d4044a58192397d2bfb2ecb/gnocchi.c5b7aa7f-85aa-478d-9440-09bc451a8fc2/none_v3" "txf50c3212f31a42db99760-0068e6bb4d" "proxy-server 20" 0.0107 "-" 23 0
Oct 8 19:28:13 standalone proxy-server[134001]: 172.18.0.2 172.18.0.100 08/Oct/2025/19/28/13 PUT /v1/AUTH_433aca961d4044a58192397d2bfb2ecb/gnocchi.c5b7aa7f-85aa-478d-9440-09bc451a8fc2/none_v3 HTTP/1.0 201 - python-swiftclient-3.11.1 gAAAAABo5rsHjV_5... 22 - - txf50c3212f31a42db99760-0068e6bb4d - 0.0171 - - 1759951693.737503529 1759951693.754565239 0
Oct 8 19:28:13 standalone container-server[131743]: 172.20.0.100 - - [08/Oct/2025:19:28:13 +0000] "HEAD /d1/311/AUTH_433aca961d4044a58192397d2bfb2ecb/gnocchi.adc23044-28e2-4d0b-a4e9-8b15186ede61" 404 - "HEAD http://172.18.0.2:8080/v1/AUTH_433aca961d4044a58192397d2bfb2ecb/gnocchi.adc23044-28e2-4d0b-a4e9-8b15186ede61?format=json&states=listing" "tx8528e3d8046448e888ff9-0068e6bb4d" "proxy-server 20" 0.0004 "-" 16 0
Oct 8 19:28:13 standalone object-server[132411]: 172.20.0.100 - - [08/Oct/2025:19:28:13 +0000] "GET /d1/857/AUTH_433aca961d4044a58192397d2bfb2ecb/gnocchi.adc23044-28e2-4d0b-a4e9-8b15186ede61/none_v3" 404 70 "GET http://172.18.0.2:8080/v1/AUTH_433aca961d4044a58192397d2bfb2ecb/gnocchi.adc23044-28e2-4d0b-a4e9-8b15186ede61/none_v3" "tx8528e3d8046448e888ff9-0068e6bb4d" "proxy-server 20" 0.0003 "-" 23 0
Oct 8 19:28:13 standalone proxy-server[134001]: 172.18.0.2 172.18.0.100 08/Oct/2025/19/28/13 GET /v1/AUTH_433aca961d4044a58192397d2bfb2ecb/gnocchi.adc23044-28e2-4d0b-a4e9-8b15186ede61/none_v3 HTTP/1.0 404 - python-swiftclient-3.11.1 gAAAAABo5rsHjV_5... - 70 - tx8528e3d8046448e888ff9-0068e6bb4d - 0.0175 - - 1759951693.765292645 1759951693.782799006 0
Oct 8 19:28:13 standalone account-server[131631]: 172.20.0.100 - - [08/Oct/2025:19:28:13 +0000] "PUT /d1/564/AUTH_433aca961d4044a58192397d2bfb2ecb/gnocchi.adc23044-28e2-4d0b-a4e9-8b15186ede61" 201 - "PUT http://172.20.0.100:6001/d1/311/AUTH_433aca961d4044a58192397d2bfb2ecb/gnocchi.adc23044-28e2-4d0b-a4e9-8b15186ede61" "tx52d612f9767a4fceab237-0068e6bb4d" "container-server 16" 0.0048 "-" 18 0
Oct 8 19:28:13 standalone container-server[131743]: 172.20.0.100 - - [08/Oct/2025:19:28:13 +0000] "PUT /d1/311/AUTH_433aca961d4044a58192397d2bfb2ecb/gnocchi.adc23044-28e2-4d0b-a4e9-8b15186ede61" 201 - "PUT http://172.18.0.2:8080/v1/AUTH_433aca961d4044a58192397d2bfb2ecb/gnocchi.adc23044-28e2-4d0b-a4e9-8b15186ede61" "tx52d612f9767a4fceab237-0068e6bb4d" "proxy-server 20" 0.0161 "-" 16 0
Oct 8 19:28:13 standalone proxy-server[134001]: 172.18.0.2 172.18.0.100 08/Oct/2025/19/28/13 PUT /v1/AUTH_433aca961d4044a58192397d2bfb2ecb/gnocchi.adc23044-28e2-4d0b-a4e9-8b15186ede61 HTTP/1.0 201 - python-swiftclient-3.11.1 gAAAAABo5rsHjV_5... - - - tx52d612f9767a4fceab237-0068e6bb4d - 0.0283 - - 1759951693.789022684 1759951693.817274570 0
Oct 8 19:28:13 standalone container-server[131743]: 172.20.0.100 - - [08/Oct/2025:19:28:13 +0000] "HEAD /d1/311/AUTH_433aca961d4044a58192397d2bfb2ecb/gnocchi.adc23044-28e2-4d0b-a4e9-8b15186ede61" 204 - "HEAD http://172.18.0.2:8080/v1/AUTH_433aca961d4044a58192397d2bfb2ecb/gnocchi.adc23044-28e2-4d0b-a4e9-8b15186ede61?format=json&states=listing" "tx71154d0a759a408bbe476-0068e6bb4d" "proxy-server 20" 0.0012 "-" 16 0
Oct 8 19:28:13 standalone proxy-server[134001]: - - 08/Oct/2025/19/28/13 HEAD /v1/AUTH_433aca961d4044a58192397d2bfb2ecb/gnocchi.adc23044-28e2-4d0b-a4e9-8b15186ede61%3Fformat%3Djson%26states%3Dlisting HTTP/1.0 204 - Swift - - - - tx71154d0a759a408bbe476-0068e6bb4d - 0.0049 RL - 1759951693.825994015 1759951693.830927849 0
Oct 8 19:28:13 standalone container-server[131743]: 172.20.0.100 - - [08/Oct/2025:19:28:13 +0000] "GET /d1/311/AUTH_433aca961d4044a58192397d2bfb2ecb/gnocchi.adc23044-28e2-4d0b-a4e9-8b15186ede61" 200 2 "GET http://172.18.0.2:8080/v1/AUTH_433aca961d4044a58192397d2bfb2ecb/gnocchi.adc23044-28e2-4d0b-a4e9-8b15186ede61?format=json&states=listing" "tx71154d0a759a408bbe476-0068e6bb4d" "proxy-server 20" 0.0019 "-" 16 0
Oct 8 19:28:13 standalone proxy-server[134001]: 172.18.0.2 172.18.0.100 08/Oct/2025/19/28/13 GET /v1/AUTH_433aca961d4044a58192397d2bfb2ecb/gnocchi.adc23044-28e2-4d0b-a4e9-8b15186ede61%3Fformat%3Djson%26states%3Dlisting HTTP/1.0 200 - python-swiftclient-3.11.1 gAAAAABo5rsHjV_5... - 2 - tx71154d0a759a408bbe476-0068e6bb4d - 0.0176 - - 1759951693.822881460 1759951693.840450764 0
Oct 8 19:28:13 standalone object-server[132425]: 172.20.0.100 - - [08/Oct/2025:19:28:13 +0000] "GET /d1/584/AUTH_433aca961d4044a58192397d2bfb2ecb/gnocchi.adc23044-28e2-4d0b-a4e9-8b15186ede61/1759320000.0_mean_300.0_v3" 404 70 "GET http://172.18.0.2:8080/v1/AUTH_433aca961d4044a58192397d2bfb2ecb/gnocchi.adc23044-28e2-4d0b-a4e9-8b15186ede61/1759320000.0_mean_300.0_v3" "txdd407eda3b61437fbbfa6-0068e6bb4d" "proxy-server 20" 0.0004 "-" 25 0
Oct 8 19:28:13 standalone proxy-server[134001]: 172.18.0.2 172.18.0.100 08/Oct/2025/19/28/13 GET /v1/AUTH_433aca961d4044a58192397d2bfb2ecb/gnocchi.adc23044-28e2-4d0b-a4e9-8b15186ede61/1759320000.0_mean_300.0_v3 HTTP/1.0 404 - python-swiftclient-3.11.1 gAAAAABo5rsHjV_5... - 70 - txdd407eda3b61437fbbfa6-0068e6bb4d - 0.0081 - - 1759951693.845271349 1759951693.853384018 0
