Oct 8 19:33:16 standalone proxy-server[134001]: 172.18.0.2 172.18.0.100 08/Oct/2025/19/33/16 PUT /v1/AUTH_433aca961d4044a58192397d2bfb2ecb/gnocchi.e2afd917-c4dd-4af0-8f31-d1fc000786e9/1759320000.0_rate%253Amean_300.0_v3 HTTP/1.0 201 - python-swiftclient-3.11.1 gAAAAABo5rsHjV_5... 16 - - txd37b71b7c19448909643b-0068e6bc7c - 0.0293 - - 1759951996.369549036 1759951996.398840666 0
Oct 8 19:33:16 standalone container-server[131744]: 172.20.0.100 - - [08/Oct/2025:19:33:16 +0000] "PUT /d1/62/AUTH_433aca961d4044a58192397d2bfb2ecb/gnocchi.e2afd917-c4dd-4af0-8f31-d1fc000786e9/none_v3" 201 - "PUT http://172.18.0.2:8080/d1/153/AUTH_433aca961d4044a58192397d2bfb2ecb/gnocchi.e2afd917-c4dd-4af0-8f31-d1fc000786e9/none_v3" "tx0325dab4b37d449bba09e-0068e6bc7c" "object-server 25" 0.0009 "-" 17 0
Oct 8 19:33:16 standalone object-server[132425]: 172.20.0.100 - - [08/Oct/2025:19:33:16 +0000] "PUT /d1/153/AUTH_433aca961d4044a58192397d2bfb2ecb/gnocchi.e2afd917-c4dd-4af0-8f31-d1fc000786e9/none_v3" 201 - "PUT http://172.18.0.2:8080/v1/AUTH_433aca961d4044a58192397d2bfb2ecb/gnocchi.e2afd917-c4dd-4af0-8f31-d1fc000786e9/none_v3" "tx0325dab4b37d449bba09e-0068e6bc7c" "proxy-server 20" 0.0105 "-" 25 0
Oct 8 19:33:16 standalone proxy-server[134001]: 172.18.0.2 172.18.0.100 08/Oct/2025/19/33/16 PUT /v1/AUTH_433aca961d4044a58192397d2bfb2ecb/gnocchi.e2afd917-c4dd-4af0-8f31-d1fc000786e9/none_v3 HTTP/1.0 201 - python-swiftclient-3.11.1 gAAAAABo5rsHjV_5... 27 - - tx0325dab4b37d449bba09e-0068e6bc7c - 0.0183 - - 1759951996.403111696 1759951996.421414375 0
Oct 8 19:33:16 standalone container-server[131744]: 172.20.0.100 - - [08/Oct/2025:19:33:16 +0000] "HEAD /d1/597/AUTH_433aca961d4044a58192397d2bfb2ecb/gnocchi.55c43c66-0453-4848-afde-90ea642379ee" 404 - "HEAD http://172.18.0.2:8080/v1/AUTH_433aca961d4044a58192397d2bfb2ecb/gnocchi.55c43c66-0453-4848-afde-90ea642379ee?format=json&states=listing" "tx98761e7514df4560b4b42-0068e6bc7c" "proxy-server 20" 0.0004 "-" 17 0
Oct 8 19:33:16 standalone object-server[132425]: 172.20.0.100 - - [08/Oct/2025:19:33:16 +0000] "GET /d1/402/AUTH_433aca961d4044a58192397d2bfb2ecb/gnocchi.55c43c66-0453-4848-afde-90ea642379ee/none_v3" 404 70 "GET http://172.18.0.2:8080/v1/AUTH_433aca961d4044a58192397d2bfb2ecb/gnocchi.55c43c66-0453-4848-afde-90ea642379ee/none_v3" "tx98761e7514df4560b4b42-0068e6bc7c" "proxy-server 20" 0.0003 "-" 25 0
Oct 8 19:33:16 standalone proxy-server[134001]: 172.18.0.2 172.18.0.100 08/Oct/2025/19/33/16 GET /v1/AUTH_433aca961d4044a58192397d2bfb2ecb/gnocchi.55c43c66-0453-4848-afde-90ea642379ee/none_v3 HTTP/1.0 404 - python-swiftclient-3.11.1 gAAAAABo5rsHjV_5... - 70 - tx98761e7514df4560b4b42-0068e6bc7c - 0.0097 - - 1759951996.430984735 1759951996.440642595 0
Oct 8 19:33:16 standalone account-server[131624]: 172.20.0.100 - - [08/Oct/2025:19:33:16 +0000] "PUT /d1/564/AUTH_433aca961d4044a58192397d2bfb2ecb/gnocchi.55c43c66-0453-4848-afde-90ea642379ee" 201 - "PUT http://172.20.0.100:6001/d1/597/AUTH_433aca961d4044a58192397d2bfb2ecb/gnocchi.55c43c66-0453-4848-afde-90ea642379ee" "txbb56438a2b9a48ed87eeb-0068e6bc7c" "container-server 15" 0.0038 "-" 17 0
Oct 8 19:33:16 standalone container-server[131727]: 172.20.0.100 - - [08/Oct/2025:19:33:16 +0000] "PUT /d1/597/AUTH_433aca961d4044a58192397d2bfb2ecb/gnocchi.55c43c66-0453-4848-afde-90ea642379ee" 201 - "PUT http://172.18.0.2:8080/v1/AUTH_433aca961d4044a58192397d2bfb2ecb/gnocchi.55c43c66-0453-4848-afde-90ea642379ee" "txbb56438a2b9a48ed87eeb-0068e6bc7c" "proxy-server 20" 0.0111 "-" 15 0
Oct 8 19:33:16 standalone proxy-server[134001]: 172.18.0.2 172.18.0.100 08/Oct/2025/19/33/16 PUT /v1/AUTH_433aca961d4044a58192397d2bfb2ecb/gnocchi.55c43c66-0453-4848-afde-90ea642379ee HTTP/1.0 201 - python-swiftclient-3.11.1 gAAAAABo5rsHjV_5... - - - txbb56438a2b9a48ed87eeb-0068e6bc7c - 0.0157 - - 1759951996.443582058 1759951996.459243536 0
Oct 8 19:33:16 standalone container-server[131718]: 172.20.0.100 - - [08/Oct/2025:19:33:16 +0000] "HEAD /d1/597/AUTH_433aca961d4044a58192397d2bfb2ecb/gnocchi.55c43c66-0453-4848-afde-90ea642379ee" 204 - "HEAD http://172.18.0.2:8080/v1/AUTH_433aca961d4044a58192397d2bfb2ecb/gnocchi.55c43c66-0453-4848-afde-90ea642379ee?format=json&states=listing" "tx27e53e9f790a4b9d9951a-0068e6bc7c" "proxy-server 20" 0.0020 "-" 10 0
Oct 8 19:33:16 standalone proxy-server[134001]: - - 08/Oct/2025/19/33/16 HEAD /v1/AUTH_433aca961d4044a58192397d2bfb2ecb/gnocchi.55c43c66-0453-4848-afde-90ea642379ee%3Fformat%3Djson%26states%3Dlisting HTTP/1.0 204 - Swift - - - - tx27e53e9f790a4b9d9951a-0068e6bc7c - 0.0060 RL - 1759951996.465087175 1759951996.471037388 0
Oct 8 19:33:16 standalone container-server[131743]: 172.20.0.100 - - [08/Oct/2025:19:33:16 +0000] "GET /d1/597/AUTH_433aca961d4044a58192397d2bfb2ecb/gnocchi.55c43c66-0453-4848-afde-90ea642379ee" 200 2 "GET http://172.18.0.2:8080/v1/AUTH_433aca961d4044a58192397d2bfb2ecb/gnocchi.55c43c66-0453-4848-afde-90ea642379ee?format=json&states=listing" "tx27e53e9f790a4b9d9951a-0068e6bc7c" "proxy-server 20" 0.0027 "-" 16 0
Oct 8 19:33:16 standalone proxy-server[134001]: 172.18.0.2 172.18.0.100 08/Oct/2025/19/33/16 GET /v1/AUTH_433aca961d4044a58192397d2bfb2ecb/gnocchi.55c43c66-0453-4848-afde-90ea642379ee%3Fformat%3Djson%26states%3Dlisting HTTP/1.0 200 - python-swiftclient-3.11.1 gAAAAABo5rsHjV_5... - 2 - tx27e53e9f790a4b9d9951a-0068e6bc7c - 0.0167 - - 1759951996.463172674 1759951996.479895592 0
Oct 8 19:33:16 standalone object-server[132425]: 172.20.0.100 - - [08/Oct/2025:19:33:16 +0000] "GET /d1/232/AUTH_433aca961d4044a58192397d2bfb2ecb/gnocchi.55c43c66-0453-4848-afde-90ea642379ee/1759320000.0_mean_300.0_v3" 404 70 "GET http://172.18.0.2:8080/v1/AUTH_433aca961d4044a58192397d2bfb2ecb/gnocchi.55c43c66-0453-4848-afde-90ea642379ee/1759320000.0_mean_300.0_v3" "tx5420474a19ea484388803-0068e6bc7c" "proxy-server 20" 0.0003 "-" 25 0
Oct 8 19:33:16 standalone proxy-server[134001]: 172.18.0.2 172.18.0.100 08/Oct/2025/19/33/16 GET /v1/AUTH_433aca961d4044a58192397d2bfb2ecb/gnocchi.55c43c66-0453-4848-afde-90ea642379ee/1759320000.0_mean_300.0_v3 HTTP/1.0 404 - python-swiftclient-3.11.1 gAAAAABo5rsHjV_5... - 70 - tx5420474a19ea484388803-0068e6bc7c - 0.0043 - - 1759951996.483000994 1759951996.487264156 0
Oct 8 19:33:16 standalone container-server[131744]: 172.20.0.100 - - [08/Oct/2025:19:33:16 +0000] "PUT /d1/597/AUTH_433aca961d4044a58192397d2bfb2ecb/gnocchi.55c43c66-0453-4848-afde-90ea642379ee/1759320000.0_mean_300.0_v3" 201 - "PUT http://172.18.0.2:8080/d1/232/AUTH_433aca961d4044a58192397d2bfb2ecb/gnocchi.55c43c66-0453-4848-afde-90ea642379ee/1759320000.0_mean_300.0_v3" "txea023cfb6b7f4aec897e5-0068e6bc7c" "object-server 24" 0.0007 "-" 17 0
Oct 8 19:33:16 standalone object-server[132418]: 172.20.0.100 - - [08/Oct/2025:19:33:16 +0000] "PUT /d1/232/AUTH_433aca961d4044a58192397d2bfb2ecb/gnocchi.55c43c66-0453-4848-afde-90ea642379ee/1759320000.0_mean_300.0_v3" 201 - "PUT http://172.18.0.2:8080/v1/AUTH_433aca961d4044a58192397d2bfb2ecb/gnocchi.55c43c66-0453-4848-afde-90ea642379ee/1759320000.0_mean_300.0_v3" "txea023cfb6b7f4aec897e5-0068e6bc7c" "proxy-server 20" 0.0078 "-" 24 0
Oct 8 19:33:16 standalone proxy-server[134001]: 172.18.0.2 172.18.0.100 08/Oct/2025/19/33/16 PUT /v1/AUTH_433aca961d4044a58192397d2bfb2ecb/gnocchi.55c43c66-0453-4848-afde-90ea642379ee/1759320000.0_mean_300.0_v3 HTTP/1.0 201 - python-swiftclient-3.11.1 gAAAAABo5rsHjV_5... 16 - - txea023cfb6b7f4aec897e5-0068e6bc7c - 0.0124 - - 1759951996.489395618 1759951996.501761675 0
Oct 8 19:33:16 standalone container-server[131718]: 172.20.0.100 - - [08/Oct/2025:19:33:16 +0000] "PUT /d1/597/AUTH_433aca961d4044a58192397d2bfb2ecb/gnocchi.55c43c66-0453-4848-afde-90ea642379ee/none_v3" 201 - "PUT http://172.18.0.2:8080/d1/402/AUTH_433aca961d4044a58192397d2bfb2ecb/gnocchi.55c43c66-0453-4848-afde-90ea642379ee/none_v3" "tx06d3bda015fc4414aa747-0068e6bc7c" "object-server 22" 0.0005 "-" 10 0
Oct 8 19:33:16 standalone object-server[132406]: 172.20.0.100 - - [08/Oct/2025:19:33:16 +0000] "PUT /d1/402/AUTH_433aca961d4044a58192397d2bfb2ecb/gnocchi.55c43c66-0453-4848-afde-90ea642379ee/none_v3" 201 - "PUT http://172.18.0.2:8080/v1/AUTH_433aca961d4044a58192397d2bfb2ecb/gnocchi.55c43c66-0453-4848-afde-90ea642379ee/none_v3" "tx06d3bda015fc4414aa747-0068e6bc7c" "proxy-server 20" 0.0078 "-" 22 0
Oct 8 19:33:16 standalone proxy-server[134001]: 172.18.0.2 172.18.0.100 08/Oct/2025/19/33/16 PUT /v1/AUTH_433aca961d4044a58192397d2bfb2ecb/gnocchi.55c43c66-0453-4848-afde-90ea642379ee/none_v3 HTTP/1.0 201 - python-swiftclient-3.11.1 gAAAAABo5rsHjV_5... 22 - - tx06d3bda015fc4414aa747-0068e6bc7c - 0.0133 - - 1759951996.504282713 1759951996.517549515 0
Oct 8 19:33:16 standalone container-server[131743]: 172.20.0.100 - - [08/Oct/2025:19:33:16 +0000] "HEAD /d1/617/AUTH_433aca961d4044a58192397d2bfb2ecb/gnocchi.2711a72f-cbc7-4e7e-8bd7-9c88eb80975a" 404 - "HEAD http://172.18.0.2:8080/v1/AUTH_433aca961d4044a58192397d2bfb2ecb/gnocchi.2711a72f-cbc7-4e7e-8bd7-9c88eb80975a?format=json&states=listing" "txf17869b8476042b69c170-0068e6bc7c" "proxy-server 20" 0.0004 "-" 16 0
Oct 8 19:33:16 standalone object-server[132425]: 172.20.0.100 - - [08/Oct/2025:19:33:16 +0000] "GET /d1/959/AUTH_433aca961d4044a58192397d2bfb2ecb/gnocchi.2711a72f-cbc7-4e7e-8bd7-9c88eb80975a/none_v3" 404 70 "GET http://172.18.0.2:8080/v1/AUTH_433aca961d4044a58192397d2bfb2ecb/gnocchi.2711a72f-cbc7-4e7e-8bd7-9c88eb80975a/none_v3" "txf17869b8476042b69c170-0068e6bc7c" "proxy-server 20" 0.0003 "-" 25 0
Oct 8 19:33:16 standalone proxy-server[134001]: 172.18.0.2 172.18.0.100 08/Oct/2025/19/33/16 GET /v1/AUTH_433aca961d4044a58192397d2bfb2ecb/gnocchi.2711a72f-cbc7-4e7e-8bd7-9c88eb80975a/none_v3 HTTP/1.0 404 - python-swiftclient-3.11.1 gAAAAABo5rsHjV_5... - 70 - txf17869b8476042b69c170-0068e6bc7c - 0.0081 - - 1759951996.525273800 1759951996.533358335 0
Oct 8 19:33:16 standalone account-server[131624]: 172.20.0.100 - - [08/Oct/2025:19:33:16 +0000] "PUT /d1/564/AUTH_433aca961d4044a58192397d2bfb2ecb/gnocchi.2711a72f-cbc7-4e7e-8bd7-9c88eb80975a" 201 - "PUT http://172.20.0.100:6001/d1/617/AUTH_433aca961d4044a58192397d2bfb2ecb/gnocchi.2711a72f-cbc7-4e7e-8bd7-9c88eb80975a" "tx65b4eb34b7834343b28f0-0068e6bc7c" "container-server 17" 0.0033 "-" 17 0
Oct 8 19:33:16 standalone container-server[131744]: 172.20.0.100 - - [08/Oct/2025:19:33:16 +0000] "PUT /d1/617/AUTH_433aca961d4044a58192397d2bfb2ecb/gnocchi.2711a72f-cbc7-4e7e-8bd7-9c88eb80975a" 201 - "PUT http://172.18.0.2:8080/v1/AUTH_433aca961d4044a58192397d2bfb2ecb/gnocchi.2711a72f-cbc7-4e7e-8bd7-9c88eb80975a" "tx65b4eb34b7834343b28f0-0068e6bc7c" "proxy-server 20" 0.0129 "-" 17 0
Oct 8 19:33:16 standalone proxy-server[134001]: 172.18.0.2 172.18.0.100 08/Oct/2025/19/33/16 PUT /v1/AUTH_433aca961d4044a58192397d2bfb2ecb/gnocchi.2711a72f-cbc7-4e7e-8bd7-9c88eb80975a HTTP/1.0 201 - python-swiftclient-3.11.1 gAAAAABo5rsHjV_5... - - - tx65b4eb34b7834343b28f0-0068e6bc7c - 0.0169 - - 1759951996.535545826 1759951996.552414656 0
Oct 8 19:33:16 standalone container-server[131718]: 172.20.0.100 - - [08/Oct/2025:19:33:16 +0000] "HEAD /d1/617/AUTH_433aca961d4044a58192397d2bfb2ecb/gnocchi.2711a72f-cbc7-4e7e-8bd7-9c88eb80975a" 204 - "HEAD http://172.18.0.2:8080/v1/AUTH_433aca961d4044a58192397d2bfb2ecb/gnocchi.2711a72f-cbc7-4e7e-8bd7-9c88eb80975a?format=json&states=listing" "tx1aa102eff26d40c992baf-0068e6bc7c" "proxy-server 20" 0.0012 "-" 10 0
Oct 8 19:33:16 standalone proxy-server[134001]: - - 08/Oct/2025/19/33/16 HEAD /v1/AUTH_433aca961d4044a58192397d2bfb2ecb/gnocchi.2711a72f-cbc7-4e7e-8bd7-9c88eb80975a%3Fformat%3Djson%26states%3Dlisting HTTP/1.0 204 - Swift - - - - tx1aa102eff26d40c992baf-0068e6bc7c - 0.0038 RL - 1759951996.556016445 1759951996.559852362 0
Oct 8 19:33:16 standalone container-server[131744]: 172.20.0.100 - - [08/Oct/2025:19:33:16 +0000] "GET /d1/617/AUTH_433aca961d4044a58192397d2bfb2ecb/gnocchi.2711a72f-cbc7-4e7e-8bd7-9c88eb80975a" 200 2 "GET http://172.18.0.2:8080/v1/AUTH_433aca961d4044a58192397d2bfb2ecb/gnocchi.2711a72f-cbc7-4e7e-8bd7-9c88eb80975a?format=json&states=listing" "tx1aa102eff26d40c992baf-0068e6bc7c" "proxy-server 20" 0.0021 "-" 17 0
Oct 8 19:33:16 standalone proxy-server[134001]: 172.18.0.2 172.18.0.100 08/Oct/2025/19/33/16 GET /v1/AUTH_433aca961d4044a58192397d2bfb2ecb/gnocchi.2711a72f-cbc7-4e7e-8bd7-9c88eb80975a%3Fformat%3Djson%26states%3Dlisting HTTP/1.0 200 - python-swiftclient-3.11.1 gAAAAABo5rsHjV_5... - 2 - tx1aa102eff26d40c992baf-0068e6bc7c - 0.0117 - - 1759951996.555114031 1759951996.566833735 0
Oct 8 19:33:16 standalone object-server[132418]: 172.20.0.100 - - [08/Oct/2025:19:33:16 +0000] "GET /d1/20/AUTH_433aca961d4044a58192397d2bfb2ecb/gnocchi.2711a72f-cbc7-4e7e-8bd7-9c88eb80975a/1759320000.0_mean_300.0_v3" 404 70 "GET http://172.18.0.2:8080/v1/AUTH_433aca961d4044a58192397d2bfb2ecb/gnocchi.2711a72f-cbc7-4e7e-8bd7-9c88eb80975a/1759320000.0_mean_300.0_v3" "txf6dae4226cd042899d7ca-0068e6bc7c" "proxy-server 20" 0.0003 "-" 24 0
Oct 8 19:33:16 standalone proxy-server[134001]: 172.18.0.2 172.18.0.100 08/Oct/2025/19/33/16 GET /v1/AUTH_433aca961d4044a58192397d2bfb2ecb/gnocchi.2711a72f-cbc7-4e7e-8bd7-9c88eb80975a/1759320000.0_mean_300.0_v3 HTTP/1.0 404 - python-swiftclient-3.11.1 gAAAAABo5rsHjV_5... - 70 - txf6dae4226cd042899d7ca-0068e6bc7c - 0.0060 - - 1759951996.571113110 1759951996.577088594 0
Oct 8 19:33:16 standalone container-server[131744]: 172.20.0.100 - - [08/Oct/2025:19:33:16 +0000] "PUT /d1/617/AUTH_433aca961d4044a58192397d2bfb2ecb/gnocchi.2711a72f-cbc7-4e7e-8bd7-9c88eb80975a/1759320000.0_mean_300.0_v3" 201 - "PUT http://172.18.0.2:8080/d1/20/AUTH_433aca961d4044a58192397d2bfb2ecb/gnocchi.2711a72f-cbc7-4e7e-8bd7-9c88eb80975a/1759320000.0_mean_300.0_v3" "txd49e33ca74524830bd4a3-0068e6bc7c" "object-server 22" 0.0006 "-" 17 0
Oct 8 19:33:16 standalone object-server[132406]: 172.20.0.100 - - [08/Oct/2025:19:33:16 +0000] "PUT /d1/20/AUTH_433aca961d4044a58192397d2bfb2ecb/gnocchi.2711a72f-cbc7-4e7e-8bd7-9c88eb80975a/1759320000.0_mean_300.0_v3" 201 - "PUT http://172.18.0.2:8080/v1/AUTH_433aca961d4044a58192397d2bfb2ecb/gnocchi.2711a72f-cbc7-4e7e-8bd7-9c88eb80975a/1759320000.0_mean_300.0_v3" "txd49e33ca74524830bd4a3-0068e6bc7c" "proxy-server 20" 0.0117 "-" 22 0
Oct 8 19:33:16 standalone proxy-server[134001]: 172.18.0.2 172.18.0.100 08/Oct/2025/19/33/16 PUT /v1/AUTH_433aca961d4044a58192397d2bfb2ecb/gnocchi.2711a72f-cbc7-4e7e-8bd7-9c88eb80975a/1759320000.0_mean_300.0_v3 HTTP/1.0 201 - python-swiftclient-3.11.1 gAAAAABo5rsHjV_5... 16 - - txd49e33ca74524830bd4a3-0068e6bc7c - 0.0193 - - 1759951996.581093788 1759951996.600379229 0
Oct 8 19:33:16 standalone container-server[131744]: 172.20.0.100 - - [08/Oct/2025:19:33:16 +0000] "PUT /d1/617/AUTH_433aca961d4044a58192397d2bfb2ecb/gnocchi.2711a72f-cbc7-4e7e-8bd7-9c88eb80975a/none_v3" 201 - "PUT http://172.18.0.2:8080/d1/959/AUTH_433aca961d4044a58192397d2bfb2ecb/gnocchi.2711a72f-cbc7-4e7e-8bd7-9c88eb80975a/none_v3" "tx8a16b79f595a4ced9c2ba-0068e6bc7c" "object-server 25" 0.0008 "-" 17 0
Oct 8 19:33:16 standalone object-server[132425]: 172.20.0.100 - - [08/Oct/2025:19:33:16 +0000] "PUT /d1/959/AUTH_433aca961d4044a58192397d2bfb2ecb/gnocchi.2711a72f-cbc7-4e7e-8bd7-9c88eb80975a/none_v3" 201 - "PUT http://172.18.0.2:8080/v1/AUTH_433aca961d4044a58192397d2bfb2ecb/gnocchi.2711a72f-cbc7-4e7e-8bd7-9c88eb80975a/none_v3" "tx8a16b79f595a4ced9c2ba-0068e6bc7c" "proxy-server 20" 0.0097 "-" 25 0
Oct 8 19:33:16 standalone proxy-server[134001]: 172.18.0.2 172.18.0.100 08/Oct/2025/19/33/16 PUT /v1/AUTH_433aca961d4044a58192397d2bfb2ecb/gnocchi.2711a72f-cbc7-4e7e-8bd7-9c88eb80975a/none_v3 HTTP/1.0 201 - python-swiftclient-3.11.1 gAAAAABo5rsHjV_5... 22 - - tx8a16b79f595a4ced9c2ba-0068e6bc7c - 0.0162 - - 1759951996.604660273 1759951996.620898485 0
Oct 8 19:33:16 standalone container-server[131744]: 172.20.0.100 - - [08/Oct/2025:19:33:16 +0000] "HEAD /d1/1/AUTH_433aca961d4044a58192397d2bfb2ecb/gnocchi.f6418cd6-09bd-4721-afd2-eb9f0225ba3c" 404 - "HEAD http://172.18.0.2:8080/v1/AUTH_433aca961d4044a58192397d2bfb2ecb/gnocchi.f6418cd6-09bd-4721-afd2-eb9f0225ba3c?format=json&states=listing" "tx7854ab578eca416aafa9f-0068e6bc7c" "proxy-server 20" 0.0006 "-" 17 0
Oct 8 19:33:16 standalone object-server[132406]: 172.20.0.100 - - [08/Oct/2025:19:33:16 +0000] "GET /d1/104/AUTH_433aca961d4044a58192397d2bfb2ecb/gnocchi.f6418cd6-09bd-4721-afd2-eb9f0225ba3c/none_v3" 404 70 "GET http://172.18.0.2:8080/v1/AUTH_433aca961d4044a58192397d2bfb2ecb/gnocchi.f6418cd6-09bd-4721-afd2-eb9f0225ba3c/none_v3" "tx7854ab578eca416aafa9f-0068e6bc7c" "proxy-server 20" 0.0007 "-" 22 0
Oct 8 19:33:16 standalone proxy-server[134001]: 172.18.0.2 172.18.0.100 08/Oct/2025/19/33/16 GET /v1/AUTH_433aca961d4044a58192397d2bfb2ecb/gnocchi.f6418cd6-09bd-4721-afd2-eb9f0225ba3c/none_v3 HTTP/1.0 404 - python-swiftclient-3.11.1 gAAAAABo5rsHjV_5... - 70 - tx7854ab578eca416aafa9f-0068e6bc7c - 0.0126 - - 1759951996.629994392 1759951996.642626047 0
Oct 8 19:33:16 standalone account-server[131650]: 172.20.0.100 - - [08/Oct/2025:19:33:16 +0000] "PUT /d1/564/AUTH_433aca961d4044a58192397d2bfb2ecb/gnocchi.f6418cd6-09bd-4721-afd2-eb9f0225ba3c" 201 - "PUT http://172.20.0.100:6001/d1/1/AUTH_433aca961d4044a58192397d2bfb2ecb/gnocchi.f6418cd6-09bd-4721-afd2-eb9f0225ba3c" "tx1917f98fb90943ad9801a-0068e6bc7c" "container-server 16" 0.0080 "-" 20 0
Oct 8 19:33:16 standalone container-server[131743]: 172.20.0.100 - - [08/Oct/2025:19:33:16 +0000] "PUT /d1/1/AUTH_433aca961d4044a58192397d2bfb2ecb/gnocchi.f6418cd6-09bd-4721-afd2-eb9f0225ba3c" 201 - "PUT http://172.18.0.2:8080/v1/AUTH_433aca961d4044a58192397d2bfb2ecb/gnocchi.f6418cd6-09bd-4721-afd2-eb9f0225ba3c" "tx1917f98fb90943ad9801a-0068e6bc7c" "proxy-server 20" 0.0194 "-" 16 0
Oct 8 19:33:16 standalone proxy-server[134001]: 172.18.0.2 172.18.0.100 08/Oct/2025/19/33/16 PUT /v1/AUTH_433aca961d4044a58192397d2bfb2ecb/gnocchi.f6418cd6-09bd-4721-afd2-eb9f0225ba3c HTTP/1.0 201 - python-swiftclient-3.11.1 gAAAAABo5rsHjV_5... - - - tx1917f98fb90943ad9801a-0068e6bc7c - 0.0249 - - 1759951996.645407200 1759951996.670324564 0
Oct 8 19:33:16 standalone container-server[131727]: 172.20.0.100 - - [08/Oct/2025:19:33:16 +0000] "HEAD /d1/1/AUTH_433aca961d4044a58192397d2bfb2ecb/gnocchi.f6418cd6-09bd-4721-afd2-eb9f0225ba3c" 204 - "HEAD http://172.18.0.2:8080/v1/AUTH_433aca961d4044a58192397d2bfb2ecb/gnocchi.f6418cd6-09bd-4721-afd2-eb9f0225ba3c?format=json&states=listing" "tx47cf76906133403b94500-0068e6bc7c" "proxy-server 20" 0.0028 "-" 15 0
Oct 8 19:33:16 standalone proxy-server[134001]: - - 08/Oct/2025/19/33/16 HEAD /v1/AUTH_433aca961d4044a58192397d2bfb2ecb/gnocchi.f6418cd6-09bd-4721-afd2-eb9f0225ba3c%3Fformat%3Djson%26states%3Dlisting HTTP/1.0 204 - Swift - - - - tx47cf76906133403b94500-0068e6bc7c - 0.0064 RL - 1759951996.674151897 1759951996.680559635 0
Oct 8 19:33:16 standalone container-server[131727]: 172.20.0.100 - - [08/Oct/2025:19:33:16 +0000] "GET /d1/1/AUTH_433aca961d4044a58192397d2bfb2ecb/gnocchi.f6418cd6-09bd-4721-afd2-eb9f0225ba3c" 200 2 "GET http://172.18.0.2:8080/v1/AUTH_433aca961d4044a58192397d2bfb2ecb/gnocchi.f6418cd6-09bd-4721-afd2-eb9f0225ba3c?format=json&states=listing" "tx47cf76906133403b94500-0068e6bc7c" "proxy-server 20" 0.0030 "-" 15 0
Oct 8 19:33:16 standalone proxy-server[134001]: 172.18.0.2 172.18.0.100 08/Oct/2025/19/33/16 GET /v1/AUTH_433aca961d4044a58192397d2bfb2ecb/gnocchi.f6418cd6-09bd-4721-afd2-eb9f0225ba3c%3Fformat%3Djson%26states%3Dlisting HTTP/1.0 200 - python-swiftclient-3.11.1 gAAAAABo5rsHjV_5... - 2 - tx47cf76906133403b94500-0068e6bc7c - 0.0156 - - 1759951996.673197269 1759951996.688801050 0
Oct 8 19:33:16 standalone object-server[132425]: 172.20.0.100 - - [08/Oct/2025:19:33:16 +0000] "GET /d1/497/AUTH_433aca961d4044a58192397d2bfb2ecb/gnocchi.f6418cd6-09bd-4721-afd2-eb9f0225ba3c/1759320000.0_mean_300.0_v3" 404 70 "GET http://172.18.0.2:8080/v1/AUTH_433aca961d4044a58192397d2bfb2ecb/gnocchi.f6418cd6-09bd-4721-afd2-eb9f0225ba3c/1759320000.0_mean_300.0_v3" "tx152f47275f304469904bd-0068e6bc7c" "proxy-server 20" 0.0005 "-" 25 0
Oct 8 19:33:16 standalone proxy-server[134001]: 172.18.0.2 172.18.0.100 08/Oct/2025/19/33/16 GET /v1/AUTH_433aca961d4044a58192397d2bfb2ecb/gnocchi.f6418cd6-09bd-4721-afd2-eb9f0225ba3c/1759320000.0_mean_300.0_v3 HTTP/1.0 404 - python-swiftclient-3.11.1 gAAAAABo5rsHjV_5... - 70 - tx152f47275f304469904bd-0068e6bc7c - 0.0057 - - 1759951996.691926479 1759951996.697614670 0
Oct 8 19:33:16 standalone container-server[131727]: 172.20.0.100 - - [08/Oct/2025:19:33:16 +0000] "PUT /d1/1/AUTH_433aca961d4044a58192397d2bfb2ecb/gnocchi.f6418cd6-09bd-4721-afd2-eb9f0225ba3c/1759320000.0_mean_300.0_v3" 201 - "PUT http://172.18.0.2:8080/d1/497/AUTH_433aca961d4044a58192397d2bfb2ecb/gnocchi.f6418cd6-09bd-4721-afd2-eb9f0225ba3c/1759320000.0_mean_300.0_v3" "txa69b13886a504cbc94165-0068e6bc7c" "object-server 23" 0.0009 "-" 15 0
Oct 8 19:33:16 standalone object-server[132411]: 172.20.0.100 - - [08/Oct/2025:19:33:16 +0000] "PUT /d1/497/AUTH_433aca961d4044a58192397d2bfb2ecb/gnocchi.f6418cd6-09bd-4721-afd2-eb9f0225ba3c/1759320000.0_mean_300.0_v3" 201 - "PUT http://172.18.0.2:8080/v1/AUTH_433aca961d4044a58192397d2bfb2ecb/gnocchi.f6418cd6-09bd-4721-afd2-eb9f0225ba3c/1759320000.0_mean_300.0_v3" "txa69b13886a504cbc94165-0068e6bc7c" "proxy-server 20" 0.0118 "-" 23 0
Oct 8 19:33:16 standalone proxy-server[134001]: 172.18.0.2 172.18.0.100 08/Oct/2025/19/33/16 PUT /v1/AUTH_433aca961d4044a58192397d2bfb2ecb/gnocchi.f6418cd6-09bd-4721-afd2-eb9f0225ba3c/1759320000.0_mean_300.0_v3 HTTP/1.0 201 - python-swiftclient-3.11.1 gAAAAABo5rsHjV_5... 16 - - txa69b13886a504cbc94165-0068e6bc7c - 0.0176 - - 1759951996.700149298 1759951996.717758179 0
Oct 8 19:33:16 standalone container-server[131743]: 172.20.0.100 - - [08/Oct/2025:19:33:16 +0000] "PUT /d1/1/AUTH_433aca961d4044a58192397d2bfb2ecb/gnocchi.f6418cd6-09bd-4721-afd2-eb9f0225ba3c/none_v3" 201 - "PUT http://172.18.0.2:8080/d1/104/AUTH_433aca961d4044a58192397d2bfb2ecb/gnocchi.f6418cd6-09bd-4721-afd2-eb9f0225ba3c/none_v3" "txe3a6878ffc244fa7bbff7-0068e6bc7c" "object-server 23" 0.0010 "-" 16 0
Oct 8 19:33:16 standalone object-server[132411]: 172.20.0.100 - - [08/Oct/2025:19:33:16 +0000] "PUT /d1/104/AUTH_433aca961d4044a58192397d2bfb2ecb/gnocchi.f6418cd6-09bd-4721-afd2-eb9f0225ba3c/none_v3" 201 - "PUT http://172.18.0.2:8080/v1/AUTH_433aca961d4044a58192397d2bfb2ecb/gnocchi.f6418cd6-09bd-4721-afd2-eb9f0225ba3c/none_v3" "txe3a6878ffc244fa7bbff7-0068e6bc7c" "proxy-server 20" 0.0089 "-" 23 0
Oct 8 19:33:16 standalone proxy-server[134001]: 172.18.0.2 172.18.0.100 08/Oct/2025/19/33/16 PUT /v1/AUTH_433aca961d4044a58192397d2bfb2ecb/gnocchi.f6418cd6-09bd-4721-afd2-eb9f0225ba3c/none_v3 HTTP/1.0 201 - python-swiftclient-3.11.1 gAAAAABo5rsHjV_5... 22 - - txe3a6878ffc244fa7bbff7-0068e6bc7c - 0.0140 - - 1759951996.720314264 1759951996.734344006 0
Oct 8 19:33:16 standalone container-server[131743]: 172.20.0.100 - - [08/Oct/2025:19:33:16 +0000] "HEAD /d1/979/AUTH_433aca961d4044a58192397d2bfb2ecb/gnocchi.eb4697fc-c59b-4c29-8dd7-4ade6034b004" 204 - "HEAD http://172.18.0.2:8080/v1/AUTH_433aca961d4044a58192397d2bfb2ecb/gnocchi.eb4697fc-c59b-4c29-8dd7-4ade6034b004?format=json&states=listing" "tx64a7bb92fd62433f853f3-0068e6bc7c" "proxy-server 20" 0.0021 "-" 16 0
Oct 8 19:33:16 standalone object-server[132418]: 172.20.0.100 - - [08/Oct/2025:19:33:16 +0000] "GET /d1/847/AUTH_433aca961d4044a58192397d2bfb2ecb/gnocchi.eb4697fc-c59b-4c29-8dd7-4ade6034b004/none_v3" 200 22 "GET http://172.18.0.2:8080/v1/AUTH_433aca961d4044a58192397d2bfb2ecb/gnocchi.eb4697fc-c59b-4c29-8dd7-4ade6034b004/none_v3" "tx64a7bb92fd62433f853f3-0068e6bc7c" "proxy-server 20" 0.0007 "-" 24 0
Oct 8 19:33:16 standalone proxy-server[134001]: 172.18.0.2 172.18.0.100 08/Oct/2025/19/33/16 GET /v1/AUTH_433aca961d4044a58192397d2bfb2ecb/gnocchi.eb4697fc-c59b-4c29-8dd7-4ade6034b004/none_v3 HTTP/1.0 200 - python-swiftclient-3.11.1 gAAAAABo5rsHjV_5... - 22 - tx64a7bb92fd62433f853f3-0068e6bc7c - 0.0121 - - 1759951996.744614601 1759951996.756707430 0
Oct 8 19:33:16 standalone container-server[131743]: 172.20.0.100 - - [08/Oct/2025:19:33:16 +0000] "GET /d1/979/AUTH_433aca961d4044a58192397d2bfb2ecb/gnocchi.eb4697fc-c59b-4c29-8dd7-4ade6034b004" 200 357 "GET http://172.18.0.2:8080/v1/AUTH_433aca961d4044a58192397d2bfb2ecb/gnocchi.eb4697fc-c59b-4c29-8dd7-4ade6034b004?format=json&states=listing" "tx2d3575335e3a4477be9e7-0068e6bc7c" "proxy-server 20" 0.0036 "-" 16 0
Oct 8 19:33:16 standalone proxy-server[134001]: 172.18.0.2 172.18.0.100 08/Oct/2025/19/33/16 GET /v1/AUTH_433aca961d4044a58192397d2bfb2ecb/gnocchi.eb4697fc-c59b-4c29-8dd7-4ade6034b004%3Fformat%3Djson%26states%3Dlisting HTTP/1.0 200 - python-swiftclient-3.11.1 gAAAAABo5rsHjV_5... - 357 - tx2d3575335e3a4477be9e7-0068e6bc7c - 0.0108 - - 1759951996.759946823 1759951996.770767450 0
Oct 8 19:33:16 standalone container-server[131718]: 172.20.0.100 - - [08/Oct/2025:19:33:16 +0000] "GET /d1/979/AUTH_433aca961d4044a58192397d2bfb2ecb/gnocchi.eb4697fc-c59b-4c29-8dd7-4ade6034b004" 200 2 "GET http://172.18.0.2:8080/v1/AUTH_433aca961d4044a58192397d2bfb2ecb/gnocchi.eb4697fc-c59b-4c29-8dd7-4ade6034b004?format=json&marker=none_v3&states=listing" "txe2cdae54ab1247c4a7660-0068e6bc7c" "proxy-server 20" 0.0024 "-" 10 0
Oct 8 19:33:16 standalone proxy-server[134001]: 172.18.0.2 172.18.0.100 08/Oct/2025/19/33/16 GET /v1/AUTH_433aca961d4044a58192397d2bfb2ecb/gnocchi.eb4697fc-c59b-4c29-8dd7-4ade6034b004%3Fformat%3Djson%26marker%3Dnone_v3%26states%3Dlisting HTTP/1.0 200 - python-swiftclient-3.11.1 gAAAAABo5rsHjV_5... - 2 - txe2cdae54ab1247c4a7660-0068e6bc7c - 0.0085 - - 1759951996.773762226 1759951996.782250643 0
Oct 8 19:33:16 standalone object-server[132411]: 172.20.0.100 - - [08/Oct/2025:19:33:16 +0000] "GET /d1/446/AUTH_433aca961d4044a58192397d2bfb2ecb/gnocchi.eb4697fc-c59b-4c29-8dd7-4ade6034b004/1759320000.0_mean_300.0_v3" 200 16 "GET http://172.18.0.2:8080/v1/AUTH_433aca961d4044a58192397d2bfb2ecb/gnocchi.eb4697fc-c59b-4c29-8dd7-4ade6034b004/1759320000.0_mean_300.0_v3" "txc22c5f95b1b544f7bf62e-0068e6bc7c" "proxy-server 20" 0.0009 "-" 23 0
Oct 8 19:33:16 standalone proxy-server[134001]: 172.18.0.2 172.18.0.100 08/Oct/2025/19/33/16 GET /v1/AUTH_433aca961d4044a58192397d2bfb2ecb/gnocchi.eb4697fc-c59b-4c29-8dd7-4ade6034b004/1759320000.0_mean_300.0_v3 HTTP/1.0 200 - python-swiftclient-3.11.1 gAAAAABo5rsHjV_5... - 16 - txc22c5f95b1b544f7bf62e-0068e6bc7c - 0.0078 - - 1759951996.786245346 1759951996.794086218 0
Oct 8 19:33:16 standalone object-server[132418]: 172.20.0.100 - - [08/Oct/2025:19:33:16 +0000] "GET /d1/996/AUTH_433aca961d4044a58192397d2bfb2ecb/gnocchi.eb4697fc-c59b-4c29-8dd7-4ade6034b004/1759320000.0_rate%3Amean_300.0_v3" 404 70 "GET http://172.18.0.2:8080/v1/AUTH_433aca961d4044a58192397d2bfb2ecb/gnocchi.eb4697fc-c59b-4c29-8dd7-4ade6034b004/1759320000.0_rate%3Amean_300.0_v3" "txa22aa46e3778441daf141-0068e6bc7c" "proxy-server 20" 0.0004 "-" 24 0
Oct 8 19:33:16 standalone proxy-server[134001]: 172.18.0.2 172.18.0.100 08/Oct/2025/19/33/16 GET /v1/AUTH_433aca961d4044a58192397d2bfb2ecb/gnocchi.eb4697fc-c59b-4c29-8dd7-4ade6034b004/1759320000.0_rate%253Amean_300.0_v3 HTTP/1.0 404 - python-swiftclient-3.11.1 gAAAAABo5rsHjV_5... - 70 - txa22aa46e3778441daf141-0068e6bc7c - 0.0060 - - 1759951996.797187328 1759951996.803157806 0
Oct 8 19:33:16 standalone container-server[131718]: 172.20.0.100 - - [08/Oct/2025:19:33:16 +0000] "PUT /d1/979/AUTH_433aca961d4044a58192397d2bfb2ecb/gnocchi.eb4697fc-c59b-4c29-8dd7-4ade6034b004/1759320000.0_mean_300.0_v3" 201 - "PUT http://172.18.0.2:8080/d1/446/AUTH_433aca961d4044a58192397d2bfb2ecb/gnocchi.eb4697fc-c59b-4c29-8dd7-4ade6034b004/1759320000.0_mean_300.0_v3" "txb65890cdc48a4befbb16a-0068e6bc7c" "object-server 23" 0.0006 "-" 10 0
Oct 8 19:33:16 standalone object-server[132411]: 172.20.0.100 - - [08/Oct/2025:19:33:16 +0000] "PUT /d1/446/AUTH_433aca961d4044a58192397d2bfb2ecb/gnocchi.eb4697fc-c59b-4c29-8dd7-4ade6034b004/1759320000.0_mean_300.0_v3" 201 - "PUT http://172.18.0.2:8080/v1/AUTH_433aca961d4044a58192397d2bfb2ecb/gnocchi.eb4697fc-c59b-4c29-8dd7-4ade6034b004/1759320000.0_mean_300.0_v3" "txb65890cdc48a4befbb16a-0068e6bc7c" "proxy-server 20" 0.0112 "-" 23 0
Oct 8 19:33:16 standalone proxy-server[134001]: 172.18.0.2 172.18.0.100 08/Oct/2025/19/33/16 PUT /v1/AUTH_433aca961d4044a58192397d2bfb2ecb/gnocchi.eb4697fc-c59b-4c29-8dd7-4ade6034b004/1759320000.0_mean_300.0_v3 HTTP/1.0 201 - python-swiftclient-3.11.1 gAAAAABo5rsHjV_5... 24 - - txb65890cdc48a4befbb16a-0068e6bc7c - 0.0171 - - 1759951996.807040453 1759951996.824132204 0
Oct 8 19:33:16 standalone object-server[132092]: Begin object update sweep
Oct 8 19:33:16 standalone object-server[274151]: Object update sweep starting on /srv/node/d1 (pid: 15)
Oct 8 19:33:16 standalone object-server[274151]: Object update sweep completed on /srv/node/d1 in 0.00s seconds:, 0 successes, 0 failures, 0 quarantines, 0 unlinks, 0 errors, 0 redirects (pid: 15)
Oct 8 19:33:16 standalone object-server[274151]: Object update sweep of d1 completed: 0.00s, 0 successes, 0 failures, 0 quarantines, 0 unlinks, 0 errors, 0 redirects
Oct 8 19:33:16 standalone container-server[131727]: 172.20.0.100 - - [08/Oct/2025:19:33:16 +0000] "PUT /d1/979/AUTH_433aca961d4044a58192397d2bfb2ecb/gnocchi.eb4697fc-c59b-4c29-8dd7-4ade6034b004/1759320000.0_rate%3Amean_300.0_v3" 201 - "PUT http://172.18.0.2:8080/d1/996/AUTH_433aca961d4044a58192397d2bfb2ecb/gnocchi.eb4697fc-c59b-4c29-8dd7-4ade6034b004/1759320000.0_rate%3Amean_300.0_v3" "tx0f96fa4d05544a87a4cb9-0068e6bc7c" "object-server 25" 0.0007 "-" 15 0
Oct 8 19:33:16 standalone object-server[132425]: 172.20.0.100 - - [08/Oct/2025:19:33:16 +0000] "PUT /d1/996/AUTH_433aca961d4044a58192397d2bfb2ecb/gnocchi.eb4697fc-c59b-4c29-8dd7-4ade6034b004/1759320000.0_rate%3Amean_300.0_v3" 201 - "PUT http://172.18.0.2:8080/v1/AUTH_433aca961d4044a58192397d2bfb2ecb/gnocchi.eb4697fc-c59b-4c29-8dd7-4ade6034b004/1759320000.0_rate%3Amean_300.0_v3" "tx0f96fa4d05544a87a4cb9-0068e6bc7c" "proxy-server 20" 0.0107 "-" 25 0
Oct 8 19:33:16 standalone proxy-server[134001]: 172.18.0.2 172.18.0.100 08/Oct/2025/19/33/16 PUT /v1/AUTH_433aca961d4044a58192397d2bfb2ecb/gnocchi.eb4697fc-c59b-4c29-8dd7-4ade6034b004/1759320000.0_rate%253Amean_300.0_v3 HTTP/1.0 201 - python-swiftclient-3.11.1 gAAAAABo5rsHjV_5... 16 - - tx0f96fa4d05544a87a4cb9-0068e6bc7c - 0.0163 - - 1759951996.827235937 1759951996.843561411 0
Oct 8 19:33:16 standalone container-server[131743]: 172.20.0.100 - - [08/Oct/2025:19:33:16 +0000] "PUT /d1/979/AUTH_433aca961d4044a58192397d2bfb2ecb/gnocchi.eb4697fc-c59b-4c29-8dd7-4ade6034b004/none_v3" 201 - "PUT http://172.18.0.2:8080/d1/847/AUTH_433aca961d4044a58192397d2bfb2ecb/gnocchi.eb4697fc-c59b-4c29-8dd7-4ade6034b004/none_v3" "tx8c15e7c1d66943fd9f97f-0068e6bc7c" "object-server 24" 0.0006 "-" 16 0
Oct 8 19:33:16 standalone object-server[132418]: 172.20.0.100 - - [08/Oct/2025:19:33:16 +0000] "PUT /d1/847/AUTH_433aca961d4044a58192397d2bfb2ecb/gnocchi.eb4697fc-c59b-4c29-8dd7-4ade6034b004/none_v3" 201 - "PUT http://172.18.0.2:8080/v1/AUTH_433aca961d4044a58192397d2bfb2ecb/gnocchi.eb4697fc-c59b-4c29-8dd7-4ade6034b004/none_v3" "tx8c15e7c1d66943fd9f97f-0068e6bc7c" "proxy-server 20" 0.0088 "-" 24 0
Oct 8 19:33:16 standalone proxy-server[134001]: 172.18.0.2 172.18.0.100 08/Oct/2025/19/33/16 PUT /v1/AUTH_433aca961d4044a58192397d2bfb2ecb/gnocchi.eb4697fc-c59b-4c29-8dd7-4ade6034b004/none_v3 HTTP/1.0 201 - python-swiftclient-3.11.1 gAAAAABo5rsHjV_5... 33 - - tx8c15e7c1d66943fd9f97f-0068e6bc7c - 0.0139 - - 1759951996.846488237 1759951996.860359669 0
Oct 8 19:33:16 standalone container-server[131727]: 172.20.0.100 - - [08/Oct/2025:19:33:16 +0000] "HEAD /d1/639/AUTH_433aca961d4044a58192397d2bfb2ecb/gnocchi.6753f29d-02fd-4461-8bb0-dfcff55ae4ba" 204 - "HEAD http://172.18.0.2:8080/v1/AUTH_433aca961d4044a58192397d2bfb2ecb/gnocchi.6753f29d-02fd-4461-8bb0-dfcff55ae4ba?format=json&states=listing" "tx9a4ac6b38ca94dc7a242f-0068e6bc7c" "proxy-server 20" 0.0065 "-" 15 0
Oct 8 19:33:16 standalone object-server[132411]: 172.20.0.100 - - [08/Oct/2025:19:33:16 +0000] "GET /d1/62/AUTH_433aca961d4044a58192397d2bfb2ecb/gnocchi.6753f29d-02fd-4461-8bb0-dfcff55ae4ba/none_v3" 200 22 "GET http://172.18.0.2:8080/v1/AUTH_433aca961d4044a58192397d2bfb2ecb/gnocchi.6753f29d-02fd-4461-8bb0-dfcff55ae4ba/none_v3" "tx9a4ac6b38ca94dc7a242f-0068e6bc7c" "proxy-server 20" 0.0008 "-" 23 0
Oct 8 19:33:16 standalone object-server[132092]: Object update sweep completed: 0.06s
Oct 8 19:33:16 standalone proxy-server[134001]: 172.18.0.2 172.18.0.100 08/Oct/2025/19/33/16 GET /v1/AUTH_433aca961d4044a58192397d2bfb2ecb/gnocchi.6753f29d-02fd-4461-8bb0-dfcff55ae4ba/none_v3 HTTP/1.0 200 - python-swiftclient-3.11.1 gAAAAABo5rsHjV_5... - 22 - tx9a4ac6b38ca94dc7a242f-0068e6bc7c - 0.0162 - - 1759951996.874645710 1759951996.890847445 0
Oct 8 19:33:16 standalone container-server[131743]: 172.20.0.100 - - [08/Oct/2025:19:33:16 +0000] "GET /d1/639/AUTH_433aca961d4044a58192397d2bfb2ecb/gnocchi.6753f29d-02fd-4461-8bb0-dfcff55ae4ba" 200 357 "GET http://172.18.0.2:8080/v1/AUTH_433aca961d4044a58192397d2bfb2ecb/gnocchi.6753f29d-02fd-4461-8bb0-dfcff55ae4ba?format=json&states=listing" "tx53d9a5765638435685eb0-0068e6bc7c" "proxy-server 20" 0.0019 "-" 16 0
Oct 8 19:33:16 standalone proxy-server[134001]: 172.18.0.2 172.18.0.100 08/Oct/2025/19/33/16 GET /v1/AUTH_433aca961d4044a58192397d2bfb2ecb/gnocchi.6753f29d-02fd-4461-8bb0-dfcff55ae4ba%3Fformat%3Djson%26states%3Dlisting HTTP/1.0 200 - python-swiftclient-3.11.1 gAAAAABo5rsHjV_5... - 357 - tx53d9a5765638435685eb0-0068e6bc7c - 0.0089 - - 1759951996.894159079 1759951996.903078079 0
Oct 8 19:33:16 standalone container-server[131744]: 172.20.0.100 - - [08/Oct/2025:19:33:16 +0000] "GET /d1/639/AUTH_433aca961d4044a58192397d2bfb2ecb/gnocchi.6753f29d-02fd-4461-8bb0-dfcff55ae4ba" 200 2 "GET http://172.18.0.2:8080/v1/AUTH_433aca961d4044a58192397d2bfb2ecb/gnocchi.6753f29d-02fd-4461-8bb0-dfcff55ae4ba?format=json&marker=none_v3&states=listing" "txedcd5f51e7b745a08643a-0068e6bc7c" "proxy-server 20" 0.0046 "-" 17 0
Oct 8 19:33:16 standalone proxy-server[134001]: 172.18.0.2 172.18.0.100 08/Oct/2025/19/33/16 GET /v1/AUTH_433aca961d4044a58192397d2bfb2ecb/gnocchi.6753f29d-02fd-4461-8bb0-dfcff55ae4ba%3Fformat%3Djson%26marker%3Dnone_v3%26states%3Dlisting HTTP/1.0 200 - python-swiftclient-3.11.1 gAAAAABo5rsHjV_5... - 2 - txedcd5f51e7b745a08643a-0068e6bc7c - 0.0132 - - 1759951996.906188488 1759951996.919421911 0
Oct 8 19:33:16 standalone object-server[132411]: 172.20.0.100 - - [08/Oct/2025:19:33:16 +0000] "GET /d1/793/AUTH_433aca961d4044a58192397d2bfb2ecb/gnocchi.6753f29d-02fd-4461-8bb0-dfcff55ae4ba/1759320000.0_mean_300.0_v3" 200 16 "GET http://172.18.0.2:8080/v1/AUTH_433aca961d4044a58192397d2bfb2ecb/gnocchi.6753f29d-02fd-4461-8bb0-dfcff55ae4ba/1759320000.0_mean_300.0_v3" "txac34730202b4436f988df-0068e6bc7c" "proxy-server 20" 0.0008 "-" 23 0
Oct 8 19:33:16 standalone proxy-server[134001]: 172.18.0.2 172.18.0.100 08/Oct/2025/19/33/16 GET /v1/AUTH_433aca961d4044a58192397d2bfb2ecb/gnocchi.6753f29d-02fd-4461-8bb0-dfcff55ae4ba/1759320000.0_mean_300.0_v3 HTTP/1.0 200 - python-swiftclient-3.11.1 gAAAAABo5rsHjV_5... - 16 - txac34730202b4436f988df-0068e6bc7c - 0.0078 - - 1759951996.924445629 1759951996.932218313 0
Oct 8 19:33:16 standalone object-server[132418]: 172.20.0.100 - - [08/Oct/2025:19:33:16 +0000] "GET /d1/154/AUTH_433aca961d4044a58192397d2bfb2ecb/gnocchi.6753f29d-02fd-4461-8bb0-dfcff55ae4ba/1759320000.0_rate%3Amean_300.0_v3" 404 70 "GET http://172.18.0.2:8080/v1/AUTH_433aca961d4044a58192397d2bfb2ecb/gnocchi.6753f29d-02fd-4461-8bb0-dfcff55ae4ba/1759320000.0_rate%3Amean_300.0_v3" "txdfce9e93c43e4b60ba1ca-0068e6bc7c" "proxy-server 20" 0.0005 "-" 24 0
Oct 8 19:33:16 standalone proxy-server[134001]: 172.18.0.2 172.18.0.100 08/Oct/2025/19/33/16 GET /v1/AUTH_433aca961d4044a58192397d2bfb2ecb/gnocchi.6753f29d-02fd-4461-8bb0-dfcff55ae4ba/1759320000.0_rate%253Amean_300.0_v3 HTTP/1.0 404 - python-swiftclient-3.11.1 gAAAAABo5rsHjV_5... - 70 - txdfce9e93c43e4b60ba1ca-0068e6bc7c - 0.0070 - - 1759951996.935722828 1759951996.942723274 0
Oct 8 19:33:16 standalone container-server[131727]: 172.20.0.100 - - [08/Oct/2025:19:33:16 +0000] "PUT /d1/639/AUTH_433aca961d4044a58192397d2bfb2ecb/gnocchi.6753f29d-02fd-4461-8bb0-dfcff55ae4ba/1759320000.0_mean_300.0_v3" 201 - "PUT http://172.18.0.2:8080/d1/793/AUTH_433aca961d4044a58192397d2bfb2ecb/gnocchi.6753f29d-02fd-4461-8bb0-dfcff55ae4ba/1759320000.0_mean_300.0_v3" "txa7c1bd586d124ec2853ac-0068e6bc7c" "object-server 22" 0.0010 "-" 15 0
Oct 8 19:33:16 standalone object-server[132406]: 172.20.0.100 - - [08/Oct/2025:19:33:16 +0000] "PUT /d1/793/AUTH_433aca961d4044a58192397d2bfb2ecb/gnocchi.6753f29d-02fd-4461-8bb0-dfcff55ae4ba/1759320000.0_mean_300.0_v3" 201 - "PUT http://172.18.0.2:8080/v1/AUTH_433aca961d4044a58192397d2bfb2ecb/gnocchi.6753f29d-02fd-4461-8bb0-dfcff55ae4ba/1759320000.0_mean_300.0_v3" "txa7c1bd586d124ec2853ac-0068e6bc7c" "proxy-server 20" 0.0379 "-" 22 0
Oct 8 19:33:16 standalone proxy-server[134001]: 172.18.0.2 172.18.0.100 08/Oct/2025/19/33/16 PUT /v1/AUTH_433aca961d4044a58192397d2bfb2ecb/gnocchi.6753f29d-02fd-4461-8bb0-dfcff55ae4ba/1759320000.0_mean_300.0_v3 HTTP/1.0 201 - python-swiftclient-3.11.1 gAAAAABo5rsHjV_5... 23 - - txa7c1bd586d124ec2853ac-0068e6bc7c - 0.0438 - - 1759951996.946641445 1759951996.990392685 0
Oct 8 19:33:17 standalone container-server[131743]: 172.20.0.100 - - [08/Oct/2025:19:33:17 +0000] "PUT /d1/639/AUTH_433aca961d4044a58192397d2bfb2ecb/gnocchi.6753f29d-02fd-4461-8bb0-dfcff55ae4ba/1759320000.0_rate%3Amean_300.0_v3" 201 - "PUT http://172.18.0.2:8080/d1/154/AUTH_433aca961d4044a58192397d2bfb2ecb/gnocchi.6753f29d-02fd-4461-8bb0-dfcff55ae4ba/1759320000.0_rate%3Amean_300.0_v3" "tx77357d7bf39042d7b4b9c-0068e6bc7c" "object-server 24" 0.0009 "-" 16 0
Oct 8 19:33:17 standalone object-server[132418]: 172.20.0.100 - - [08/Oct/2025:19:33:17 +0000] "PUT /d1/154/AUTH_433aca961d4044a58192397d2bfb2ecb/gnocchi.6753f29d-02fd-4461-8bb0-dfcff55ae4ba/1759320000.0_rate%3Amean_300.0_v3" 201 - "PUT http://172.18.0.2:8080/v1/AUTH_433aca961d4044a58192397d2bfb2ecb/gnocchi.6753f29d-02fd-4461-8bb0-dfcff55ae4ba/1759320000.0_rate%3Amean_300.0_v3" "tx77357d7bf39042d7b4b9c-0068e6bc7c" "proxy-server 20" 0.0238 "-" 24 0
Oct 8 19:33:17 standalone proxy-server[134001]: 172.18.0.2 172.18.0.100 08/Oct/2025/19/33/17 PUT /v1/AUTH_433aca961d4044a58192397d2bfb2ecb/gnocchi.6753f29d-02fd-4461-8bb0-dfcff55ae4ba/1759320000.0_rate%253Amean_300.0_v3 HTTP/1.0 201 - python-swiftclient-3.11.1 gAAAAABo5rsHjV_5... 16 - - tx77357d7bf39042d7b4b9c-0068e6bc7c - 0.0291 - - 1759951996.993573189 1759951997.022708416 0
Oct 8 19:33:17 standalone container-server[131743]: 172.20.0.100 - - [08/Oct/2025:19:33:17 +0000] "PUT /d1/639/AUTH_433aca961d4044a58192397d2bfb2ecb/gnocchi.6753f29d-02fd-4461-8bb0-dfcff55ae4ba/none_v3" 201 - "PUT http://172.18.0.2:8080/d1/62/AUTH_433aca961d4044a58192397d2bfb2ecb/gnocchi.6753f29d-02fd-4461-8bb0-dfcff55ae4ba/none_v3" "tx8926ecfbbd744bd888263-0068e6bc7d" "object-server 23" 0.0007 "-" 16 0
Oct 8 19:33:17 standalone object-server[132411]: 172.20.0.100 - - [08/Oct/2025:19:33:17 +0000] "PUT /d1/62/AUTH_433aca961d4044a58192397d2bfb2ecb/gnocchi.6753f29d-02fd-4461-8bb0-dfcff55ae4ba/none_v3" 201 - "PUT http://172.18.0.2:8080/v1/AUTH_433aca961d4044a58192397d2bfb2ecb/gnocchi.6753f29d-02fd-4461-8bb0-dfcff55ae4ba/none_v3" "tx8926ecfbbd744bd888263-0068e6bc7d" "proxy-server 20" 0.1149 "-" 23 0
Oct 8 19:33:17 standalone proxy-server[134001]: 172.18.0.2 172.18.0.100 08/Oct/2025/19/33/17 PUT /v1/AUTH_433aca961d4044a58192397d2bfb2ecb/gnocchi.6753f29d-02fd-4461-8bb0-dfcff55ae4ba/none_v3 HTTP/1.0 201 - python-swiftclient-3.11.1 gAAAAABo5rsHjV_5... 32 - - tx8926ecfbbd744bd888263-0068e6bc7d - 0.1198 - - 1759951997.026417494 1759951997.146266460 0
Oct 8 19:33:17 standalone container-server[131727]: 172.20.0.100 - - [08/Oct/2025:19:33:17 +0000] "HEAD /d1/823/AUTH_433aca961d4044a58192397d2bfb2ecb/gnocchi.a74425ae-d0ea-4552-a99e-62124f6e3582" 404 - "HEAD http://172.18.0.2:8080/v1/AUTH_433aca961d4044a58192397d2bfb2ecb/gnocchi.a74425ae-d0ea-4552-a99e-62124f6e3582?format=json&states=listing" "tx4e3ec31bbb2c472799e6e-0068e6bc7d" "proxy-server 20" 0.0007 "-" 15 0
Oct 8 19:33:17 standalone object-server[132425]: 172.20.0.100 - - [08/Oct/2025:19:33:17 +0000] "GET /d1/270/AUTH_433aca961d4044a58192397d2bfb2ecb/gnocchi.a74425ae-d0ea-4552-a99e-62124f6e3582/none_v3" 404 70 "GET http://172.18.0.2:8080/v1/AUTH_433aca961d4044a58192397d2bfb2ecb/gnocchi.a74425ae-d0ea-4552-a99e-62124f6e3582/none_v3" "tx4e3ec31bbb2c472799e6e-0068e6bc7d" "proxy-server 20" 0.0003 "-" 25 0
Oct 8 19:33:17 standalone proxy-server[134001]: 172.18.0.2 172.18.0.100 08/Oct/2025/19/33/17 GET /v1/AUTH_433aca961d4044a58192397d2bfb2ecb/gnocchi.a74425ae-d0ea-4552-a99e-62124f6e3582/none_v3 HTTP/1.0 404 - python-swiftclient-3.11.1 gAAAAABo5rsHjV_5... - 70 - tx4e3ec31bbb2c472799e6e-0068e6bc7d - 0.0100 - - 1759951997.156518459 1759951997.166502953 0
Oct 8 19:33:17 standalone account-server[131624]: 172.20.0.100 - - [08/Oct/2025:19:33:17 +0000] "PUT /d1/564/AUTH_433aca961d4044a58192397d2bfb2ecb/gnocchi.a74425ae-d0ea-4552-a99e-62124f6e3582" 201 - "PUT http://172.20.0.100:6001/d1/823/AUTH_433aca961d4044a58192397d2bfb2ecb/gnocchi.a74425ae-d0ea-4552-a99e-62124f6e3582" "txe00de5c32b734b579049f-0068e6bc7d" "container-server 16" 0.0033 "-" 17 0
Oct 8 19:33:17 standalone container-server[131743]: 172.20.0.100 - - [08/Oct/2025:19:33:17 +0000] "PUT /d1/823/AUTH_433aca961d4044a58192397d2bfb2ecb/gnocchi.a74425ae-d0ea-4552-a99e-62124f6e3582" 201 - "PUT http://172.18.0.2:8080/v1/AUTH_433aca961d4044a58192397d2bfb2ecb/gnocchi.a74425ae-d0ea-4552-a99e-62124f6e3582" "txe00de5c32b734b579049f-0068e6bc7d" "proxy-server 20" 0.0132 "-" 16 0
Oct 8 19:33:17 standalone proxy-server[134001]: 172.18.0.2 172.18.0.100 08/Oct/2025/19/33/17 PUT /v1/AUTH_433aca961d4044a58192397d2bfb2ecb/gnocchi.a74425ae-d0ea-4552-a99e-62124f6e3582 HTTP/1.0 201 - python-swiftclient-3.11.1 gAAAAABo5rsHjV_5... - - - txe00de5c32b734b579049f-0068e6bc7d - 0.0177 - - 1759951997.169732332 1759951997.187472582 0
Oct 8 19:33:17 standalone container-server[131727]: 172.20.0.100 - - [08/Oct/2025:19:33:17 +0000] "HEAD /d1/823/AUTH_433aca961d4044a58192397d2bfb2ecb/gnocchi.a74425ae-d0ea-4552-a99e-62124f6e3582" 204 - "HEAD http://172.18.0.2:8080/v1/AUTH_433aca961d4044a58192397d2bfb2ecb/gnocchi.a74425ae-d0ea-4552-a99e-62124f6e3582?format=json&states=listing" "tx89b85f69694b494d91578-0068e6bc7d" "proxy-server 20" 0.0031 "-" 15 0
Oct 8 19:33:17 standalone proxy-server[134001]: - - 08/Oct/2025/19/33/17 HEAD /v1/AUTH_433aca961d4044a58192397d2bfb2ecb/gnocchi.a74425ae-d0ea-4552-a99e-62124f6e3582%3Fformat%3Djson%26states%3Dlisting HTTP/1.0 204 - Swift - - - - tx89b85f69694b494d91578-0068e6bc7d - 0.0073 RL - 1759951997.192803144 1759951997.200108051 0
Oct 8 19:33:17 standalone container-server[131743]: 172.20.0.100 - - [08/Oct/2025:19:33:17 +0000] "GET /d1/823/AUTH_433aca961d4044a58192397d2bfb2ecb/gnocchi.a74425ae-d0ea-4552-a99e-62124f6e3582" 200 2 "GET http://172.18.0.2:8080/v1/AUTH_433aca961d4044a58192397d2bfb2ecb/gnocchi.a74425ae-d0ea-4552-a99e-62124f6e3582?format=json&states=listing" "tx89b85f69694b494d91578-0068e6bc7d" "proxy-server 20" 0.0025 "-" 16 0
Oct 8 19:33:17 standalone proxy-server[134001]: 172.18.0.2 172.18.0.100 08/Oct/2025/19/33/17 GET /v1/AUTH_433aca961d4044a58192397d2bfb2ecb/gnocchi.a74425ae-d0ea-4552-a99e-62124f6e3582%3Fformat%3Djson%26states%3Dlisting HTTP/1.0 200 - python-swiftclient-3.11.1 gAAAAABo5rsHjV_5... - 2 - tx89b85f69694b494d91578-0068e6bc7d - 0.0169 - - 1759951997.191865683 1759951997.208776474 0
Oct 8 19:33:17 standalone object-server[132406]: 172.20.0.100 - - [08/Oct/2025:19:33:17 +0000] "GET /d1/19/AUTH_433aca961d4044a58192397d2bfb2ecb/gnocchi.a74425ae-d0ea-4552-a99e-62124f6e3582/1759320000.0_mean_300.0_v3" 404 70 "GET http://172.18.0.2:8080/v1/AUTH_433aca961d4044a58192397d2bfb2ecb/gnocchi.a74425ae-d0ea-4552-a99e-62124f6e3582/1759320000.0_mean_300.0_v3" "txc511d172d2104032a3105-0068e6bc7d" "proxy-server 20" 0.0003 "-" 22 0
Oct 8 19:33:17 standalone proxy-server[134001]: 172.18.0.2 172.18.0.100 08/Oct/2025/19/33/17 GET /v1/AUTH_433aca961d4044a58192397d2bfb2ecb/gnocchi.a74425ae-d0ea-4552-a99e-62124f6e3582/1759320000.0_mean_300.0_v3 HTTP/1.0 404 - python-swiftclient-3.11.1 gAAAAABo5rsHjV_5... - 70 - txc511d172d2104032a3105-0068e6bc7d - 0.0042 - - 1759951997.212943077 1759951997.217185020 0
Oct 8 19:33:17 standalone container-server[131743]: 172.20.0.100 - - [08/Oct/2025:19:33:17 +0000] "PUT /d1/823/AUTH_433aca961d4044a58192397d2bfb2ecb/gnocchi.a74425ae-d0ea-4552-a99e-62124f6e3582/1759320000.0_mean_300.0_v3" 201 - "PUT http://172.18.0.2:8080/d1/19/AUTH_433aca961d4044a58192397d2bfb2ecb/gnocchi.a74425ae-d0ea-4552-a99e-62124f6e3582/1759320000.0_mean_300.0_v3" "txfb9f22e12b3e46ebb2028-0068e6bc7d" "object-server 24" 0.0009 "-" 16 0
Oct 8 19:33:17 standalone object-server[132418]: 172.20.0.100 - - [08/Oct/2025:19:33:17 +0000] "PUT /d1/19/AUTH_433aca961d4044a58192397d2bfb2ecb/gnocchi.a74425ae-d0ea-4552-a99e-62124f6e3582/1759320000.0_mean_300.0_v3" 201 - "PUT http://172.18.0.2:8080/v1/AUTH_433aca961d4044a58192397d2bfb2ecb/gnocchi.a74425ae-d0ea-4552-a99e-62124f6e3582/1759320000.0_mean_300.0_v3" "txfb9f22e12b3e46ebb2028-0068e6bc7d" "proxy-server 20" 0.0084 "-" 24 0
Oct 8 19:33:17 standalone proxy-server[134001]: 172.18.0.2 172.18.0.100 08/Oct/2025/19/33/17 PUT /v1/AUTH_433aca961d4044a58192397d2bfb2ecb/gnocchi.a74425ae-d0ea-4552-a99e-62124f6e3582/1759320000.0_mean_300.0_v3 HTTP/1.0 201 - python-swiftclient-3.11.1 gAAAAABo5rsHjV_5... 16 - - txfb9f22e12b3e46ebb2028-0068e6bc7d - 0.0123 - - 1759951997.219642162 1759951997.231916904 0
Oct 8 19:33:17 standalone container-server[131727]: 172.20.0.100 - - [08/Oct/2025:19:33:17 +0000] "PUT /d1/823/AUTH_433aca961d4044a58192397d2bfb2ecb/gnocchi.a74425ae-d0ea-4552-a99e-62124f6e3582/none_v3" 201 - "PUT http://172.18.0.2:8080/d1/270/AUTH_433aca961d4044a58192397d2bfb2ecb/gnocchi.a74425ae-d0ea-4552-a99e-62124f6e3582/none_v3" "txa719b4bffcbf4f39a98fd-0068e6bc7d" "object-server 22" 0.0005 "-" 15 0
Oct 8 19:33:17 standalone object-server[132406]: 172.20.0.100 - - [08/Oct/2025:19:33:17 +0000] "PUT /d1/270/AUTH_433aca961d4044a58192397d2bfb2ecb/gnocchi.a74425ae-d0ea-4552-a99e-62124f6e3582/none_v3" 201 - "PUT http://172.18.0.2:8080/v1/AUTH_433aca961d4044a58192397d2bfb2ecb/gnocchi.a74425ae-d0ea-4552-a99e-62124f6e3582/none_v3" "txa719b4bffcbf4f39a98fd-0068e6bc7d" "proxy-server 20" 0.0078 "-" 22 0
Oct 8 19:33:17 standalone proxy-server[134001]: 172.18.0.2 172.18.0.100 08/Oct/2025/19/33/17 PUT /v1/AUTH_433aca961d4044a58192397d2bfb2ecb/gnocchi.a74425ae-d0ea-4552-a99e-62124f6e3582/none_v3 HTTP/1.0 201 - python-swiftclient-3.11.1 gAAAAABo5rsHjV_5... 22 - - txa719b4bffcbf4f39a98fd-0068e6bc7d - 0.0121 - - 1759951997.234304190 1759951997.246397257 0
Oct 8 19:33:17 standalone container-server[131743]: 172.20.0.100 - - [08/Oct/2025:19:33:17 +0000] "HEAD /d1/653/AUTH_433aca961d4044a58192397d2bfb2ecb/gnocchi.0dfa3484-e45f-47ca-89d3-773e1f2bb591" 404 - "HEAD http://172.18.0.2:8080/v1/AUTH_433aca961d4044a58192397d2bfb2ecb/gnocchi.0dfa3484-e45f-47ca-89d3-773e1f2bb591?format=json&states=listing" "tx85cf475bc74544fc9db09-0068e6bc7d" "proxy-server 20" 0.0004 "-" 16 0
Oct 8 19:33:17 standalone object-server[132418]: 172.20.0.100 - - [08/Oct/2025:19:33:17 +0000] "GET /d1/678/AUTH_433aca961d4044a58192397d2bfb2ecb/gnocchi.0dfa3484-e45f-47ca-89d3-773e1f2bb591/none_v3" 404 70 "GET http://172.18.0.2:8080/v1/AUTH_433aca961d4044a58192397d2bfb2ecb/gnocchi.0dfa3484-e45f-47ca-89d3-773e1f2bb591/none_v3" "tx85cf475bc74544fc9db09-0068e6bc7d" "proxy-server 20" 0.0003 "-" 24 0
Oct 8 19:33:17 standalone proxy-server[134001]: 172.18.0.2 172.18.0.100 08/Oct/2025/19/33/17 GET /v1/AUTH_433aca961d4044a58192397d2bfb2ecb/gnocchi.0dfa3484-e45f-47ca-89d3-773e1f2bb591/none_v3 HTTP/1.0 404 - python-swiftclient-3.11.1 gAAAAABo5rsHjV_5... - 70 - tx85cf475bc74544fc9db09-0068e6bc7d - 0.0085 - - 1759951997.254495859 1759951997.262958050 0
Oct 8 19:33:17 standalone account-server[131624]: 172.20.0.100 - - [08/Oct/2025:19:33:17 +0000] "PUT /d1/564/AUTH_433aca961d4044a58192397d2bfb2ecb/gnocchi.0dfa3484-e45f-47ca-89d3-773e1f2bb591" 201 - "PUT http://172.20.0.100:6001/d1/653/AUTH_433aca961d4044a58192397d2bfb2ecb/gnocchi.0dfa3484-e45f-47ca-89d3-773e1f2bb591" "txca07fdacc5b74accb32e5-0068e6bc7d" "container-server 15" 0.0040 "-" 17 0
Oct 8 19:33:17 standalone container-server[131727]: 172.20.0.100 - - [08/Oct/2025:19:33:17 +0000] "PUT /d1/653/AUTH_433aca961d4044a58192397d2bfb2ecb/gnocchi.0dfa3484-e45f-47ca-89d3-773e1f2bb591" 201 - "PUT http://172.18.0.2:8080/v1/AUTH_433aca961d4044a58192397d2bfb2ecb/gnocchi.0dfa3484-e45f-47ca-89d3-773e1f2bb591" "txca07fdacc5b74accb32e5-0068e6bc7d" "proxy-server 20" 0.0136 "-" 15 0
Oct 8 19:33:17 standalone proxy-server[134001]: 172.18.0.2 172.18.0.100 08/Oct/2025/19/33/17 PUT /v1/AUTH_433aca961d4044a58192397d2bfb2ecb/gnocchi.0dfa3484-e45f-47ca-89d3-773e1f2bb591 HTTP/1.0 201 - python-swiftclient-3.11.1 gAAAAABo5rsHjV_5... - - - txca07fdacc5b74accb32e5-0068e6bc7d - 0.0204 - - 1759951997.265786648 1759951997.286152601 0
Oct 8 19:33:17 standalone container-server[131727]: 172.20.0.100 - - [08/Oct/2025:19:33:17 +0000] "HEAD /d1/653/AUTH_433aca961d4044a58192397d2bfb2ecb/gnocchi.0dfa3484-e45f-47ca-89d3-773e1f2bb591" 204 - "HEAD http://172.18.0.2:8080/v1/AUTH_433aca961d4044a58192397d2bfb2ecb/gnocchi.0dfa3484-e45f-47ca-89d3-773e1f2bb591?format=json&states=listing" "tx2fb5aa203aeb4edb8a2e2-0068e6bc7d" "proxy-server 20" 0.0015 "-" 15 0
Oct 8 19:33:17 standalone proxy-server[134001]: - - 08/Oct/2025/19/33/17 HEAD /v1/AUTH_433aca961d4044a58192397d2bfb2ecb/gnocchi.0dfa3484-e45f-47ca-89d3-773e1f2bb591%3Fformat%3Djson%26states%3Dlisting HTTP/1.0 204 - Swift - - - - tx2fb5aa203aeb4edb8a2e2-0068e6bc7d - 0.0046 RL - 1759951997.290325642 1759951997.294910192 0
