Oct 8 19:33:17 standalone container-server[131727]: 172.20.0.100 - - [08/Oct/2025:19:33:17 +0000] "GET /d1/653/AUTH_433aca961d4044a58192397d2bfb2ecb/gnocchi.0dfa3484-e45f-47ca-89d3-773e1f2bb591" 200 2 "GET http://172.18.0.2:8080/v1/AUTH_433aca961d4044a58192397d2bfb2ecb/gnocchi.0dfa3484-e45f-47ca-89d3-773e1f2bb591?format=json&states=listing" "tx2fb5aa203aeb4edb8a2e2-0068e6bc7d" "proxy-server 20" 0.0019 "-" 15 0
Oct 8 19:33:17 standalone proxy-server[134001]: 172.18.0.2 172.18.0.100 08/Oct/2025/19/33/17 GET /v1/AUTH_433aca961d4044a58192397d2bfb2ecb/gnocchi.0dfa3484-e45f-47ca-89d3-773e1f2bb591%3Fformat%3Djson%26states%3Dlisting HTTP/1.0 200 - python-swiftclient-3.11.1 gAAAAABo5rsHjV_5... - 2 - tx2fb5aa203aeb4edb8a2e2-0068e6bc7d - 0.0126 - - 1759951997.289355755 1759951997.301964998 0
Oct 8 19:33:17 standalone object-server[132425]: 172.20.0.100 - - [08/Oct/2025:19:33:17 +0000] "GET /d1/3/AUTH_433aca961d4044a58192397d2bfb2ecb/gnocchi.0dfa3484-e45f-47ca-89d3-773e1f2bb591/1759320000.0_mean_300.0_v3" 404 70 "GET http://172.18.0.2:8080/v1/AUTH_433aca961d4044a58192397d2bfb2ecb/gnocchi.0dfa3484-e45f-47ca-89d3-773e1f2bb591/1759320000.0_mean_300.0_v3" "txae6b90ac7424453da2532-0068e6bc7d" "proxy-server 20" 0.0003 "-" 25 0
Oct 8 19:33:17 standalone proxy-server[134001]: 172.18.0.2 172.18.0.100 08/Oct/2025/19/33/17 GET /v1/AUTH_433aca961d4044a58192397d2bfb2ecb/gnocchi.0dfa3484-e45f-47ca-89d3-773e1f2bb591/1759320000.0_mean_300.0_v3 HTTP/1.0 404 - python-swiftclient-3.11.1 gAAAAABo5rsHjV_5... - 70 - txae6b90ac7424453da2532-0068e6bc7d - 0.0057 - - 1759951997.305053234 1759951997.310748816 0
Oct 8 19:33:17 standalone container-server[131718]: 172.20.0.100 - - [08/Oct/2025:19:33:17 +0000] "PUT /d1/653/AUTH_433aca961d4044a58192397d2bfb2ecb/gnocchi.0dfa3484-e45f-47ca-89d3-773e1f2bb591/1759320000.0_mean_300.0_v3" 201 - "PUT http://172.18.0.2:8080/d1/3/AUTH_433aca961d4044a58192397d2bfb2ecb/gnocchi.0dfa3484-e45f-47ca-89d3-773e1f2bb591/1759320000.0_mean_300.0_v3" "txbe0cdf35dd9d441d8fec5-0068e6bc7d" "object-server 22" 0.0005 "-" 10 0
Oct 8 19:33:17 standalone object-server[132406]: 172.20.0.100 - - [08/Oct/2025:19:33:17 +0000] "PUT /d1/3/AUTH_433aca961d4044a58192397d2bfb2ecb/gnocchi.0dfa3484-e45f-47ca-89d3-773e1f2bb591/1759320000.0_mean_300.0_v3" 201 - "PUT http://172.18.0.2:8080/v1/AUTH_433aca961d4044a58192397d2bfb2ecb/gnocchi.0dfa3484-e45f-47ca-89d3-773e1f2bb591/1759320000.0_mean_300.0_v3" "txbe0cdf35dd9d441d8fec5-0068e6bc7d" "proxy-server 20" 0.0089 "-" 22 0
Oct 8 19:33:17 standalone proxy-server[134001]: 172.18.0.2 172.18.0.100 08/Oct/2025/19/33/17 PUT /v1/AUTH_433aca961d4044a58192397d2bfb2ecb/gnocchi.0dfa3484-e45f-47ca-89d3-773e1f2bb591/1759320000.0_mean_300.0_v3 HTTP/1.0 201 - python-swiftclient-3.11.1 gAAAAABo5rsHjV_5... 16 - - txbe0cdf35dd9d441d8fec5-0068e6bc7d - 0.0137 - - 1759951997.313602448 1759951997.327270031 0
Oct 8 19:33:17 standalone container-server[131743]: 172.20.0.100 - - [08/Oct/2025:19:33:17 +0000] "PUT /d1/653/AUTH_433aca961d4044a58192397d2bfb2ecb/gnocchi.0dfa3484-e45f-47ca-89d3-773e1f2bb591/none_v3" 201 - "PUT http://172.18.0.2:8080/d1/678/AUTH_433aca961d4044a58192397d2bfb2ecb/gnocchi.0dfa3484-e45f-47ca-89d3-773e1f2bb591/none_v3" "tx72607548d8c1428791c5c-0068e6bc7d" "object-server 25" 0.0016 "-" 16 0
Oct 8 19:33:17 standalone object-server[132425]: 172.20.0.100 - - [08/Oct/2025:19:33:17 +0000] "PUT /d1/678/AUTH_433aca961d4044a58192397d2bfb2ecb/gnocchi.0dfa3484-e45f-47ca-89d3-773e1f2bb591/none_v3" 201 - "PUT http://172.18.0.2:8080/v1/AUTH_433aca961d4044a58192397d2bfb2ecb/gnocchi.0dfa3484-e45f-47ca-89d3-773e1f2bb591/none_v3" "tx72607548d8c1428791c5c-0068e6bc7d" "proxy-server 20" 0.0095 "-" 25 0
Oct 8 19:33:17 standalone proxy-server[134001]: 172.18.0.2 172.18.0.100 08/Oct/2025/19/33/17 PUT /v1/AUTH_433aca961d4044a58192397d2bfb2ecb/gnocchi.0dfa3484-e45f-47ca-89d3-773e1f2bb591/none_v3 HTTP/1.0 201 - python-swiftclient-3.11.1 gAAAAABo5rsHjV_5... 22 - - tx72607548d8c1428791c5c-0068e6bc7d - 0.0163 - - 1759951997.329752922 1759951997.346021175 0
Oct 8 19:33:17 standalone container-server[131744]: 172.20.0.100 - - [08/Oct/2025:19:33:17 +0000] "HEAD /d1/611/AUTH_433aca961d4044a58192397d2bfb2ecb/gnocchi.69fe7f2c-815f-4e02-9a65-e55b224b3d2d" 404 - "HEAD http://172.18.0.2:8080/v1/AUTH_433aca961d4044a58192397d2bfb2ecb/gnocchi.69fe7f2c-815f-4e02-9a65-e55b224b3d2d?format=json&states=listing" "tx925a545494ce4ec9b00da-0068e6bc7d" "proxy-server 20" 0.0005 "-" 17 0
Oct 8 19:33:17 standalone object-server[132418]: 172.20.0.100 - - [08/Oct/2025:19:33:17 +0000] "GET /d1/827/AUTH_433aca961d4044a58192397d2bfb2ecb/gnocchi.69fe7f2c-815f-4e02-9a65-e55b224b3d2d/none_v3" 404 70 "GET http://172.18.0.2:8080/v1/AUTH_433aca961d4044a58192397d2bfb2ecb/gnocchi.69fe7f2c-815f-4e02-9a65-e55b224b3d2d/none_v3" "tx925a545494ce4ec9b00da-0068e6bc7d" "proxy-server 20" 0.0006 "-" 24 0
Oct 8 19:33:17 standalone proxy-server[134001]: 172.18.0.2 172.18.0.100 08/Oct/2025/19/33/17 GET /v1/AUTH_433aca961d4044a58192397d2bfb2ecb/gnocchi.69fe7f2c-815f-4e02-9a65-e55b224b3d2d/none_v3 HTTP/1.0 404 - python-swiftclient-3.11.1 gAAAAABo5rsHjV_5... - 70 - tx925a545494ce4ec9b00da-0068e6bc7d - 0.0112 - - 1759951997.356369972 1759951997.367583275 0
Oct 8 19:33:17 standalone account-server[131624]: 172.20.0.100 - - [08/Oct/2025:19:33:17 +0000] "PUT /d1/564/AUTH_433aca961d4044a58192397d2bfb2ecb/gnocchi.69fe7f2c-815f-4e02-9a65-e55b224b3d2d" 201 - "PUT http://172.20.0.100:6001/d1/611/AUTH_433aca961d4044a58192397d2bfb2ecb/gnocchi.69fe7f2c-815f-4e02-9a65-e55b224b3d2d" "txf2369e83e1d44d0491605-0068e6bc7d" "container-server 15" 0.0057 "-" 17 0
Oct 8 19:33:17 standalone container-server[131727]: 172.20.0.100 - - [08/Oct/2025:19:33:17 +0000] "PUT /d1/611/AUTH_433aca961d4044a58192397d2bfb2ecb/gnocchi.69fe7f2c-815f-4e02-9a65-e55b224b3d2d" 201 - "PUT http://172.18.0.2:8080/v1/AUTH_433aca961d4044a58192397d2bfb2ecb/gnocchi.69fe7f2c-815f-4e02-9a65-e55b224b3d2d" "txf2369e83e1d44d0491605-0068e6bc7d" "proxy-server 20" 0.0158 "-" 15 0
Oct 8 19:33:17 standalone proxy-server[134001]: 172.18.0.2 172.18.0.100 08/Oct/2025/19/33/17 PUT /v1/AUTH_433aca961d4044a58192397d2bfb2ecb/gnocchi.69fe7f2c-815f-4e02-9a65-e55b224b3d2d HTTP/1.0 201 - python-swiftclient-3.11.1 gAAAAABo5rsHjV_5... - - - txf2369e83e1d44d0491605-0068e6bc7d - 0.0202 - - 1759951997.370680809 1759951997.390878439 0
Oct 8 19:33:17 standalone container-server[131744]: 172.20.0.100 - - [08/Oct/2025:19:33:17 +0000] "HEAD /d1/611/AUTH_433aca961d4044a58192397d2bfb2ecb/gnocchi.69fe7f2c-815f-4e02-9a65-e55b224b3d2d" 204 - "HEAD http://172.18.0.2:8080/v1/AUTH_433aca961d4044a58192397d2bfb2ecb/gnocchi.69fe7f2c-815f-4e02-9a65-e55b224b3d2d?format=json&states=listing" "txbefd4bd5d18d4647bfa5f-0068e6bc7d" "proxy-server 20" 0.0013 "-" 17 0
Oct 8 19:33:17 standalone proxy-server[134001]: - - 08/Oct/2025/19/33/17 HEAD /v1/AUTH_433aca961d4044a58192397d2bfb2ecb/gnocchi.69fe7f2c-815f-4e02-9a65-e55b224b3d2d%3Fformat%3Djson%26states%3Dlisting HTTP/1.0 204 - Swift - - - - txbefd4bd5d18d4647bfa5f-0068e6bc7d - 0.0047 RL - 1759951997.394780874 1759951997.399477482 0
Oct 8 19:33:17 standalone container-server[131743]: 172.20.0.100 - - [08/Oct/2025:19:33:17 +0000] "GET /d1/611/AUTH_433aca961d4044a58192397d2bfb2ecb/gnocchi.69fe7f2c-815f-4e02-9a65-e55b224b3d2d" 200 2 "GET http://172.18.0.2:8080/v1/AUTH_433aca961d4044a58192397d2bfb2ecb/gnocchi.69fe7f2c-815f-4e02-9a65-e55b224b3d2d?format=json&states=listing" "txbefd4bd5d18d4647bfa5f-0068e6bc7d" "proxy-server 20" 0.0025 "-" 16 0
Oct 8 19:33:17 standalone proxy-server[134001]: 172.18.0.2 172.18.0.100 08/Oct/2025/19/33/17 GET /v1/AUTH_433aca961d4044a58192397d2bfb2ecb/gnocchi.69fe7f2c-815f-4e02-9a65-e55b224b3d2d%3Fformat%3Djson%26states%3Dlisting HTTP/1.0 200 - python-swiftclient-3.11.1 gAAAAABo5rsHjV_5... - 2 - txbefd4bd5d18d4647bfa5f-0068e6bc7d - 0.0125 - - 1759951997.393911362 1759951997.406379700 0
Oct 8 19:33:17 standalone object-server[132406]: 172.20.0.100 - - [08/Oct/2025:19:33:17 +0000] "GET /d1/16/AUTH_433aca961d4044a58192397d2bfb2ecb/gnocchi.69fe7f2c-815f-4e02-9a65-e55b224b3d2d/1759320000.0_mean_300.0_v3" 404 70 "GET http://172.18.0.2:8080/v1/AUTH_433aca961d4044a58192397d2bfb2ecb/gnocchi.69fe7f2c-815f-4e02-9a65-e55b224b3d2d/1759320000.0_mean_300.0_v3" "tx8c42ad3cdcf3408e82096-0068e6bc7d" "proxy-server 20" 0.0008 "-" 22 0
Oct 8 19:33:17 standalone proxy-server[134001]: 172.18.0.2 172.18.0.100 08/Oct/2025/19/33/17 GET /v1/AUTH_433aca961d4044a58192397d2bfb2ecb/gnocchi.69fe7f2c-815f-4e02-9a65-e55b224b3d2d/1759320000.0_mean_300.0_v3 HTTP/1.0 404 - python-swiftclient-3.11.1 gAAAAABo5rsHjV_5... - 70 - tx8c42ad3cdcf3408e82096-0068e6bc7d - 0.0057 - - 1759951997.409311771 1759951997.415047407 0
Oct 8 19:33:17 standalone container-server[131727]: 172.20.0.100 - - [08/Oct/2025:19:33:17 +0000] "PUT /d1/611/AUTH_433aca961d4044a58192397d2bfb2ecb/gnocchi.69fe7f2c-815f-4e02-9a65-e55b224b3d2d/1759320000.0_mean_300.0_v3" 201 - "PUT http://172.18.0.2:8080/d1/16/AUTH_433aca961d4044a58192397d2bfb2ecb/gnocchi.69fe7f2c-815f-4e02-9a65-e55b224b3d2d/1759320000.0_mean_300.0_v3" "txcb3d7315da7b457194b67-0068e6bc7d" "object-server 25" 0.0009 "-" 15 0
Oct 8 19:33:17 standalone object-server[132425]: 172.20.0.100 - - [08/Oct/2025:19:33:17 +0000] "PUT /d1/16/AUTH_433aca961d4044a58192397d2bfb2ecb/gnocchi.69fe7f2c-815f-4e02-9a65-e55b224b3d2d/1759320000.0_mean_300.0_v3" 201 - "PUT http://172.18.0.2:8080/v1/AUTH_433aca961d4044a58192397d2bfb2ecb/gnocchi.69fe7f2c-815f-4e02-9a65-e55b224b3d2d/1759320000.0_mean_300.0_v3" "txcb3d7315da7b457194b67-0068e6bc7d" "proxy-server 20" 0.0078 "-" 25 0
Oct 8 19:33:17 standalone proxy-server[134001]: 172.18.0.2 172.18.0.100 08/Oct/2025/19/33/17 PUT /v1/AUTH_433aca961d4044a58192397d2bfb2ecb/gnocchi.69fe7f2c-815f-4e02-9a65-e55b224b3d2d/1759320000.0_mean_300.0_v3 HTTP/1.0 201 - python-swiftclient-3.11.1 gAAAAABo5rsHjV_5... 16 - - txcb3d7315da7b457194b67-0068e6bc7d - 0.0117 - - 1759951997.417389393 1759951997.429100275 0
Oct 8 19:33:17 standalone container-server[131718]: 172.20.0.100 - - [08/Oct/2025:19:33:17 +0000] "PUT /d1/611/AUTH_433aca961d4044a58192397d2bfb2ecb/gnocchi.69fe7f2c-815f-4e02-9a65-e55b224b3d2d/none_v3" 201 - "PUT http://172.18.0.2:8080/d1/827/AUTH_433aca961d4044a58192397d2bfb2ecb/gnocchi.69fe7f2c-815f-4e02-9a65-e55b224b3d2d/none_v3" "tx171c5f46a15e4df0a6473-0068e6bc7d" "object-server 23" 0.0005 "-" 10 0
Oct 8 19:33:17 standalone object-server[132411]: 172.20.0.100 - - [08/Oct/2025:19:33:17 +0000] "PUT /d1/827/AUTH_433aca961d4044a58192397d2bfb2ecb/gnocchi.69fe7f2c-815f-4e02-9a65-e55b224b3d2d/none_v3" 201 - "PUT http://172.18.0.2:8080/v1/AUTH_433aca961d4044a58192397d2bfb2ecb/gnocchi.69fe7f2c-815f-4e02-9a65-e55b224b3d2d/none_v3" "tx171c5f46a15e4df0a6473-0068e6bc7d" "proxy-server 20" 0.0080 "-" 23 0
Oct 8 19:33:17 standalone proxy-server[134001]: 172.18.0.2 172.18.0.100 08/Oct/2025/19/33/17 PUT /v1/AUTH_433aca961d4044a58192397d2bfb2ecb/gnocchi.69fe7f2c-815f-4e02-9a65-e55b224b3d2d/none_v3 HTTP/1.0 201 - python-swiftclient-3.11.1 gAAAAABo5rsHjV_5... 22 - - tx171c5f46a15e4df0a6473-0068e6bc7d - 0.0118 - - 1759951997.432265759 1759951997.444101810 0
Oct 8 19:33:18 standalone account-server[131650]: 172.20.0.100 - - [08/Oct/2025:19:33:18 +0000] "HEAD /d1/67/.expiring_objects" 404 - "HEAD http://localhost/v1/.expiring_objects?format=json" "tx7756cfa436a14c0b90207-0068e6bc7e" "proxy-server 2" 0.0071 "-" 20 -
Oct 8 19:33:18 standalone object-expirer[132042]: Pass completed in 0s; 0 objects expired (txn: tx7756cfa436a14c0b90207-0068e6bc7e)
Oct 8 19:34:01 standalone container-server[131945]: Begin container update sweep
Oct 8 19:34:01 standalone account-server[131650]: 172.20.0.100 - - [08/Oct/2025:19:34:01 +0000] "PUT /d1/564/AUTH_433aca961d4044a58192397d2bfb2ecb/gnocchi.92016d10-f9f7-4121-9356-a2368f2495f2" 201 - "-" "-" "container-updater 2" 0.0007 "-" 20 0
Oct 8 19:34:01 standalone account-server[131650]: 172.20.0.100 - - [08/Oct/2025:19:34:01 +0000] "PUT /d1/564/AUTH_433aca961d4044a58192397d2bfb2ecb/gnocchi.22eceeac-c092-46f3-a979-9a11566ab3b5" 201 - "-" "-" "container-updater 2" 0.0008 "-" 20 0
Oct 8 19:34:01 standalone account-server[131631]: 172.20.0.100 - - [08/Oct/2025:19:34:01 +0000] "PUT /d1/564/AUTH_433aca961d4044a58192397d2bfb2ecb/gnocchi.baad5a19-7c9b-46a7-8fc9-e4fcac1d4138" 201 - "-" "-" "container-updater 2" 0.0010 "-" 18 0
Oct 8 19:34:01 standalone account-server[131631]: 172.20.0.100 - - [08/Oct/2025:19:34:01 +0000] "PUT /d1/564/AUTH_433aca961d4044a58192397d2bfb2ecb/gnocchi.fa2199ce-f876-4941-899c-0ca56d247cd9" 201 - "-" "-" "container-updater 2" 0.0008 "-" 18 0
Oct 8 19:34:01 standalone account-server[131650]: 172.20.0.100 - - [08/Oct/2025:19:34:01 +0000] "PUT /d1/564/AUTH_433aca961d4044a58192397d2bfb2ecb/gnocchi.01aa2548-c00d-48a6-82b5-38d174f0d95f" 201 - "-" "-" "container-updater 2" 0.0005 "-" 20 0
Oct 8 19:34:01 standalone account-server[131631]: 172.20.0.100 - - [08/Oct/2025:19:34:01 +0000] "PUT /d1/564/AUTH_433aca961d4044a58192397d2bfb2ecb/gnocchi.0dfa3484-e45f-47ca-89d3-773e1f2bb591" 201 - "-" "-" "container-updater 2" 0.0007 "-" 18 0
Oct 8 19:34:01 standalone account-server[131650]: 172.20.0.100 - - [08/Oct/2025:19:34:01 +0000] "PUT /d1/564/AUTH_433aca961d4044a58192397d2bfb2ecb/gnocchi.95995b18-4ace-4488-b109-32ff945bdd8b" 201 - "-" "-" "container-updater 2" 0.0006 "-" 20 0
Oct 8 19:34:01 standalone account-server[131637]: 172.20.0.100 - - [08/Oct/2025:19:34:01 +0000] "PUT /d1/564/AUTH_433aca961d4044a58192397d2bfb2ecb/gnocchi.3739bec6-f254-4c3a-a3f7-96e8ec40e538" 201 - "-" "-" "container-updater 2" 0.0005 "-" 19 0
Oct 8 19:34:01 standalone account-server[131637]: 172.20.0.100 - - [08/Oct/2025:19:34:01 +0000] "PUT /d1/564/AUTH_433aca961d4044a58192397d2bfb2ecb/gnocchi.23534e41-6bcd-4d3a-8ede-bbc5369466ca" 201 - "-" "-" "container-updater 2" 0.0007 "-" 19 0
Oct 8 19:34:02 standalone account-server[131624]: 172.20.0.100 - - [08/Oct/2025:19:34:02 +0000] "PUT /d1/564/AUTH_433aca961d4044a58192397d2bfb2ecb/gnocchi.6753f29d-02fd-4461-8bb0-dfcff55ae4ba" 201 - "-" "-" "container-updater 2" 0.0007 "-" 17 0
Oct 8 19:34:02 standalone account-server[131637]: 172.20.0.100 - - [08/Oct/2025:19:34:02 +0000] "PUT /d1/564/AUTH_433aca961d4044a58192397d2bfb2ecb/gnocchi.a6de8257-e523-49d0-86cb-f1a8b5acd610" 201 - "-" "-" "container-updater 2" 0.0009 "-" 19 0
Oct 8 19:34:02 standalone account-server[131650]: 172.20.0.100 - - [08/Oct/2025:19:34:02 +0000] "PUT /d1/564/AUTH_433aca961d4044a58192397d2bfb2ecb/gnocchi.e2afd917-c4dd-4af0-8f31-d1fc000786e9" 201 - "-" "-" "container-updater 2" 0.0005 "-" 20 0
Oct 8 19:34:02 standalone account-server[131631]: 172.20.0.100 - - [08/Oct/2025:19:34:02 +0000] "PUT /d1/564/AUTH_433aca961d4044a58192397d2bfb2ecb/gnocchi.9b13cd90-0d6c-4a71-924c-0889be9d43a0" 201 - "-" "-" "container-updater 2" 0.0004 "-" 18 0
Oct 8 19:34:02 standalone account-server[131624]: 172.20.0.100 - - [08/Oct/2025:19:34:02 +0000] "PUT /d1/564/AUTH_433aca961d4044a58192397d2bfb2ecb/gnocchi.8f20915c-e21f-42a3-8388-010b66c775a7" 201 - "-" "-" "container-updater 2" 0.0007 "-" 17 0
Oct 8 19:34:02 standalone account-server[131631]: 172.20.0.100 - - [08/Oct/2025:19:34:02 +0000] "PUT /d1/564/AUTH_433aca961d4044a58192397d2bfb2ecb/gnocchi.bb3c14f2-4cf8-4873-9a35-6611d269baea" 201 - "-" "-" "container-updater 2" 0.0008 "-" 18 0
Oct 8 19:34:02 standalone account-server[131631]: 172.20.0.100 - - [08/Oct/2025:19:34:02 +0000] "PUT /d1/564/AUTH_433aca961d4044a58192397d2bfb2ecb/gnocchi.b16b58b9-5566-4589-9b7f-e953d72e95f7" 201 - "-" "-" "container-updater 2" 0.0006 "-" 18 0
Oct 8 19:34:02 standalone account-server[131637]: 172.20.0.100 - - [08/Oct/2025:19:34:02 +0000] "PUT /d1/564/AUTH_433aca961d4044a58192397d2bfb2ecb/gnocchi.5c25ff04-da45-4573-9f1c-45d8d69a31e4" 201 - "-" "-" "container-updater 2" 0.0008 "-" 19 0
Oct 8 19:34:02 standalone account-server[131631]: 172.20.0.100 - - [08/Oct/2025:19:34:02 +0000] "PUT /d1/564/AUTH_433aca961d4044a58192397d2bfb2ecb/gnocchi.69fe7f2c-815f-4e02-9a65-e55b224b3d2d" 201 - "-" "-" "container-updater 2" 0.0008 "-" 18 0
Oct 8 19:34:03 standalone account-server[131650]: 172.20.0.100 - - [08/Oct/2025:19:34:03 +0000] "PUT /d1/564/AUTH_433aca961d4044a58192397d2bfb2ecb/gnocchi.b7fb104a-eb97-4fec-a29a-b84a8c7162f9" 201 - "-" "-" "container-updater 2" 0.0006 "-" 20 0
Oct 8 19:34:03 standalone account-server[131637]: 172.20.0.100 - - [08/Oct/2025:19:34:03 +0000] "PUT /d1/564/AUTH_433aca961d4044a58192397d2bfb2ecb/gnocchi.a43031fe-d3f9-4546-b438-25243666fae3" 201 - "-" "-" "container-updater 2" 0.0006 "-" 19 0
Oct 8 19:34:03 standalone account-server[131650]: 172.20.0.100 - - [08/Oct/2025:19:34:03 +0000] "PUT /d1/564/AUTH_433aca961d4044a58192397d2bfb2ecb/gnocchi.f6418cd6-09bd-4721-afd2-eb9f0225ba3c" 201 - "-" "-" "container-updater 2" 0.0005 "-" 20 0
Oct 8 19:34:03 standalone account-server[131650]: 172.20.0.100 - - [08/Oct/2025:19:34:03 +0000] "PUT /d1/564/AUTH_433aca961d4044a58192397d2bfb2ecb/gnocchi.6d97badb-b84a-4065-a823-1651bf2453d3" 201 - "-" "-" "container-updater 2" 0.0007 "-" 20 0
Oct 8 19:34:03 standalone account-server[131631]: 172.20.0.100 - - [08/Oct/2025:19:34:03 +0000] "PUT /d1/564/AUTH_433aca961d4044a58192397d2bfb2ecb/gnocchi.3a8c8932-1a4b-4ada-9dff-24d0b39dd9d7" 201 - "-" "-" "container-updater 2" 0.0004 "-" 18 0
Oct 8 19:34:03 standalone account-server[131637]: 172.20.0.100 - - [08/Oct/2025:19:34:03 +0000] "PUT /d1/564/AUTH_433aca961d4044a58192397d2bfb2ecb/gnocchi.4b21e0a1-e61b-4d9d-a281-f51cd4495c10" 201 - "-" "-" "container-updater 2" 0.0005 "-" 19 0
Oct 8 19:34:03 standalone account-server[131631]: 172.20.0.100 - - [08/Oct/2025:19:34:03 +0000] "PUT /d1/564/AUTH_433aca961d4044a58192397d2bfb2ecb/gnocchi.b369d177-bf75-4eba-81b1-5137fafe0a53" 201 - "-" "-" "container-updater 2" 0.0006 "-" 18 0
Oct 8 19:34:03 standalone account-server[131631]: 172.20.0.100 - - [08/Oct/2025:19:34:03 +0000] "PUT /d1/564/AUTH_433aca961d4044a58192397d2bfb2ecb/gnocchi.d1a7f695-437b-4ee5-8e8a-0b3875a5943c" 201 - "-" "-" "container-updater 2" 0.0005 "-" 18 0
Oct 8 19:34:03 standalone account-server[131631]: 172.20.0.100 - - [08/Oct/2025:19:34:03 +0000] "PUT /d1/564/AUTH_433aca961d4044a58192397d2bfb2ecb/gnocchi.af78a721-3c54-4e75-b7f4-14f1d09408f5" 201 - "-" "-" "container-updater 2" 0.0006 "-" 18 0
Oct 8 19:34:03 standalone account-server[131631]: 172.20.0.100 - - [08/Oct/2025:19:34:03 +0000] "PUT /d1/564/AUTH_433aca961d4044a58192397d2bfb2ecb/gnocchi.a74425ae-d0ea-4552-a99e-62124f6e3582" 201 - "-" "-" "container-updater 2" 0.0004 "-" 18 0
Oct 8 19:34:03 standalone account-server[131631]: 172.20.0.100 - - [08/Oct/2025:19:34:03 +0000] "PUT /d1/564/AUTH_433aca961d4044a58192397d2bfb2ecb/gnocchi.eb4697fc-c59b-4c29-8dd7-4ade6034b004" 201 - "-" "-" "container-updater 2" 0.0007 "-" 18 0
Oct 8 19:34:04 standalone account-server[131650]: 172.20.0.100 - - [08/Oct/2025:19:34:04 +0000] "PUT /d1/564/AUTH_433aca961d4044a58192397d2bfb2ecb/gnocchi.adc23044-28e2-4d0b-a4e9-8b15186ede61" 201 - "-" "-" "container-updater 2" 0.0007 "-" 20 0
Oct 8 19:34:04 standalone account-server[131631]: 172.20.0.100 - - [08/Oct/2025:19:34:04 +0000] "PUT /d1/564/AUTH_433aca961d4044a58192397d2bfb2ecb/gnocchi.a120cb92-38b1-43f7-9fa1-0c56e00425fc" 201 - "-" "-" "container-updater 2" 0.0006 "-" 18 0
Oct 8 19:34:04 standalone account-server[131650]: 172.20.0.100 - - [08/Oct/2025:19:34:04 +0000] "PUT /d1/564/AUTH_433aca961d4044a58192397d2bfb2ecb/gnocchi.d7c7b6f4-f404-44a7-b382-b9bf87a01788" 201 - "-" "-" "container-updater 2" 0.0005 "-" 20 0
Oct 8 19:34:04 standalone account-server[131624]: 172.20.0.100 - - [08/Oct/2025:19:34:04 +0000] "PUT /d1/564/AUTH_433aca961d4044a58192397d2bfb2ecb/gnocchi.c5b7aa7f-85aa-478d-9440-09bc451a8fc2" 201 - "-" "-" "container-updater 2" 0.0009 "-" 17 0
Oct 8 19:34:04 standalone account-server[131631]: 172.20.0.100 - - [08/Oct/2025:19:34:04 +0000] "PUT /d1/564/AUTH_433aca961d4044a58192397d2bfb2ecb/gnocchi.2711a72f-cbc7-4e7e-8bd7-9c88eb80975a" 201 - "-" "-" "container-updater 2" 0.0005 "-" 18 0
Oct 8 19:34:04 standalone account-server[131631]: 172.20.0.100 - - [08/Oct/2025:19:34:04 +0000] "PUT /d1/564/AUTH_433aca961d4044a58192397d2bfb2ecb/gnocchi.00b54080-e72b-400a-8be2-14a33c4ab849" 201 - "-" "-" "container-updater 2" 0.0004 "-" 18 0
Oct 8 19:34:04 standalone account-server[131631]: 172.20.0.100 - - [08/Oct/2025:19:34:04 +0000] "PUT /d1/564/AUTH_433aca961d4044a58192397d2bfb2ecb/gnocchi.077472c9-4485-4f7f-8066-4af7d833bf4b" 201 - "-" "-" "container-updater 2" 0.0007 "-" 18 0
Oct 8 19:34:04 standalone account-server[131650]: 172.20.0.100 - - [08/Oct/2025:19:34:04 +0000] "PUT /d1/564/AUTH_433aca961d4044a58192397d2bfb2ecb/gnocchi.55c43c66-0453-4848-afde-90ea642379ee" 201 - "-" "-" "container-updater 2" 0.0004 "-" 20 0
Oct 8 19:34:05 standalone account-server[131637]: 172.20.0.100 - - [08/Oct/2025:19:34:05 +0000] "PUT /d1/564/AUTH_433aca961d4044a58192397d2bfb2ecb/gnocchi.3d59fed8-8dd6-4323-bf76-93c207ad57a7" 201 - "-" "-" "container-updater 2" 0.0006 "-" 19 0
Oct 8 19:34:05 standalone account-server[131624]: 172.20.0.100 - - [08/Oct/2025:19:34:05 +0000] "PUT /d1/564/AUTH_433aca961d4044a58192397d2bfb2ecb/gnocchi.1bc76699-bdc6-4b8a-9df9-7981627dfdae" 201 - "-" "-" "container-updater 2" 0.0006 "-" 17 0
Oct 8 19:34:05 standalone account-server[131637]: 172.20.0.100 - - [08/Oct/2025:19:34:05 +0000] "PUT /d1/564/AUTH_433aca961d4044a58192397d2bfb2ecb/gnocchi.c8e220e2-865a-4059-9ed0-3577e9a67252" 201 - "-" "-" "container-updater 2" 0.0009 "-" 19 0
Oct 8 19:34:05 standalone account-server[131637]: 172.20.0.100 - - [08/Oct/2025:19:34:05 +0000] "PUT /d1/564/AUTH_433aca961d4044a58192397d2bfb2ecb/gnocchi.9c526f0d-d86c-45da-8c9e-1619d48c45f5" 201 - "-" "-" "container-updater 2" 0.0007 "-" 19 0
Oct 8 19:34:05 standalone account-server[131624]: 172.20.0.100 - - [08/Oct/2025:19:34:05 +0000] "PUT /d1/564/AUTH_433aca961d4044a58192397d2bfb2ecb/gnocchi.b939ec9b-75a2-4d74-b66a-23e03fe85a1d" 201 - "-" "-" "container-updater 2" 0.0004 "-" 17 0
Oct 8 19:34:05 standalone account-server[131624]: 172.20.0.100 - - [08/Oct/2025:19:34:05 +0000] "PUT /d1/564/AUTH_433aca961d4044a58192397d2bfb2ecb/gnocchi.dc3d6627-84f8-4d48-9a5d-317a2311421d" 201 - "-" "-" "container-updater 2" 0.0003 "-" 17 0
Oct 8 19:34:05 standalone account-server[131650]: 172.20.0.100 - - [08/Oct/2025:19:34:05 +0000] "PUT /d1/564/AUTH_433aca961d4044a58192397d2bfb2ecb/gnocchi.3aed8726-7f8c-4ab1-9fc7-47bbb64ae2b6" 201 - "-" "-" "container-updater 2" 0.0004 "-" 20 0
Oct 8 19:34:05 standalone account-server[131637]: 172.20.0.100 - - [08/Oct/2025:19:34:05 +0000] "PUT /d1/564/AUTH_433aca961d4044a58192397d2bfb2ecb/gnocchi.f6f4fd0b-4702-4dfa-8fb7-60fedc39a96e" 201 - "-" "-" "container-updater 2" 0.0005 "-" 19 0
Oct 8 19:34:05 standalone account-server[131624]: 172.20.0.100 - - [08/Oct/2025:19:34:05 +0000] "PUT /d1/564/AUTH_433aca961d4044a58192397d2bfb2ecb/gnocchi.fa4b0a29-37ca-43da-a5fd-f221f13b56d6" 201 - "-" "-" "container-updater 2" 0.0008 "-" 17 0
Oct 8 19:34:05 standalone container-server[131945]: Container update sweep completed: 4.76s
Oct 8 19:35:59 standalone account-server[131650]: 172.20.0.100 - - [08/Oct/2025:19:35:59 +0000] "HEAD /d1/67/.expiring_objects" 404 - "HEAD http://localhost/v1/.expiring_objects?format=json" "txff283783fda8474baa654-0068e6bd1f" "proxy-server 2" 0.0007 "-" 20 -
Oct 8 19:35:59 standalone object-expirer[132042]: Pass completed in 0s; 0 objects expired (txn: txff283783fda8474baa654-0068e6bd1f)
Oct 8 19:36:00 standalone account-server[131624]: 172.20.0.100 - - [08/Oct/2025:19:36:00 +0000] "HEAD /d1/67/.expiring_objects" 404 - "HEAD http://localhost/v1/.expiring_objects?format=json" "txbf61c78e6138403e96f7e-0068e6bd20" "proxy-server 2" 0.0003 "-" 17 -
Oct 8 19:36:00 standalone object-expirer[132042]: Pass completed in 0s; 0 objects expired (txn: txbf61c78e6138403e96f7e-0068e6bd20)
Oct 8 19:38:16 standalone object-server[132092]: Begin object update sweep
Oct 8 19:38:16 standalone object-server[305445]: Object update sweep starting on /srv/node/d1 (pid: 16)
Oct 8 19:38:16 standalone object-server[305445]: Object update sweep completed on /srv/node/d1 in 0.00s seconds:, 0 successes, 0 failures, 0 quarantines, 0 unlinks, 0 errors, 0 redirects (pid: 16)
Oct 8 19:38:16 standalone object-server[305445]: Object update sweep of d1 completed: 0.00s, 0 successes, 0 failures, 0 quarantines, 0 unlinks, 0 errors, 0 redirects
Oct 8 19:38:16 standalone object-server[132092]: Object update sweep completed: 0.07s
Oct 8 19:38:28 standalone account-server[131637]: 172.20.0.100 - - [08/Oct/2025:19:38:28 +0000] "HEAD /d1/67/.expiring_objects" 404 - "HEAD http://localhost/v1/.expiring_objects?format=json" "tx05c762851e814be4a2f2d-0068e6bdb4" "proxy-server 2" 0.0004 "-" 19 -
Oct 8 19:38:28 standalone object-expirer[132042]: Pass completed in 0s; 0 objects expired (txn: tx05c762851e814be4a2f2d-0068e6bdb4)
Oct 8 19:39:01 standalone container-server[131945]: Begin container update sweep
Oct 8 19:39:04 standalone container-server[131945]: Container update sweep completed: 3.37s
Oct 8 19:43:02 standalone account-server[131631]: 172.20.0.100 - - [08/Oct/2025:19:43:02 +0000] "HEAD /d1/67/.expiring_objects" 404 - "HEAD http://localhost/v1/.expiring_objects?format=json" "tx78954d450c57412f9d453-0068e6bec6" "proxy-server 2" 0.0009 "-" 18 -
Oct 8 19:43:02 standalone object-expirer[132042]: Pass completed in 0s; 0 objects expired (txn: tx78954d450c57412f9d453-0068e6bec6)
Oct 8 19:43:17 standalone object-server[132092]: Begin object update sweep
Oct 8 19:43:17 standalone object-server[329544]: Object update sweep starting on /srv/node/d1 (pid: 17)
Oct 8 19:43:17 standalone object-server[329544]: Object update sweep completed on /srv/node/d1 in 0.00s seconds:, 0 successes, 0 failures, 0 quarantines, 0 unlinks, 0 errors, 0 redirects (pid: 17)
Oct 8 19:43:17 standalone object-server[329544]: Object update sweep of d1 completed: 0.00s, 0 successes, 0 failures, 0 quarantines, 0 unlinks, 0 errors, 0 redirects
Oct 8 19:43:17 standalone object-server[132092]: Object update sweep completed: 0.09s
Oct 8 19:43:47 standalone account-server[131650]: 172.20.0.100 - - [08/Oct/2025:19:43:47 +0000] "HEAD /d1/67/.expiring_objects" 404 - "HEAD http://localhost/v1/.expiring_objects?format=json" "tx95794e20be3544059c13b-0068e6bef3" "proxy-server 2" 0.0009 "-" 20 -
Oct 8 19:43:47 standalone object-expirer[132042]: Pass completed in 0s; 0 objects expired (txn: tx95794e20be3544059c13b-0068e6bef3)
Oct 8 19:44:01 standalone container-server[131945]: Begin container update sweep
Oct 8 19:44:04 standalone container-server[131945]: Container update sweep completed: 3.09s
Oct 8 19:46:07 standalone account-server[131650]: 172.20.0.100 - - [08/Oct/2025:19:46:07 +0000] "HEAD /d1/67/.expiring_objects" 404 - "HEAD http://localhost/v1/.expiring_objects?format=json" "tx28e74aeb24db470a96cf2-0068e6bf7f" "proxy-server 2" 0.0007 "-" 20 -
Oct 8 19:46:07 standalone object-expirer[132042]: Pass completed in 0s; 0 objects expired (txn: tx28e74aeb24db470a96cf2-0068e6bf7f)
Oct 8 19:48:17 standalone object-server[132092]: Begin object update sweep
Oct 8 19:48:17 standalone object-server[350875]: Object update sweep starting on /srv/node/d1 (pid: 18)
Oct 8 19:48:17 standalone object-server[350875]: Object update sweep completed on /srv/node/d1 in 0.00s seconds:, 0 successes, 0 failures, 0 quarantines, 0 unlinks, 0 errors, 0 redirects (pid: 18)
Oct 8 19:48:17 standalone object-server[350875]: Object update sweep of d1 completed: 0.00s, 0 successes, 0 failures, 0 quarantines, 0 unlinks, 0 errors, 0 redirects
Oct 8 19:48:17 standalone object-server[132092]: Object update sweep completed: 0.09s
Oct 8 19:49:01 standalone container-server[131945]: Begin container update sweep
Oct 8 19:49:04 standalone container-server[131945]: Container update sweep completed: 2.85s
Oct 8 19:50:51 standalone account-server[131624]: 172.20.0.100 - - [08/Oct/2025:19:50:51 +0000] "HEAD /d1/67/.expiring_objects" 404 - "HEAD http://localhost/v1/.expiring_objects?format=json" "tx3ee04be7af2d4318bdd74-0068e6c09b" "proxy-server 2" 0.0012 "-" 17 -
Oct 8 19:50:51 standalone object-expirer[132042]: Pass completed in 0s; 0 objects expired (txn: tx3ee04be7af2d4318bdd74-0068e6c09b)
Oct 8 19:52:10 standalone account-server[131650]: 172.20.0.100 - - [08/Oct/2025:19:52:10 +0000] "HEAD /d1/67/.expiring_objects" 404 - "HEAD http://localhost/v1/.expiring_objects?format=json" "txfdc4980384c145e9b757b-0068e6c0ea" "proxy-server 2" 0.0011 "-" 20 -
Oct 8 19:52:10 standalone object-expirer[132042]: Pass completed in 0s; 0 objects expired (txn: txfdc4980384c145e9b757b-0068e6c0ea)
Oct 8 19:53:17 standalone object-server[132092]: Begin object update sweep
Oct 8 19:53:17 standalone object-server[372360]: Object update sweep starting on /srv/node/d1 (pid: 19)
Oct 8 19:53:17 standalone object-server[372360]: Object update sweep completed on /srv/node/d1 in 0.00s seconds:, 0 successes, 0 failures, 0 quarantines, 0 unlinks, 0 errors, 0 redirects (pid: 19)
Oct 8 19:53:17 standalone object-server[372360]: Object update sweep of d1 completed: 0.00s, 0 successes, 0 failures, 0 quarantines, 0 unlinks, 0 errors, 0 redirects
Oct 8 19:53:17 standalone object-server[132092]: Object update sweep completed: 0.09s
Oct 8 19:53:21 standalone account-server[131472]: Devices pass completed: 0.00s
Oct 8 19:54:01 standalone container-server[131945]: Begin container update sweep
Oct 8 19:54:04 standalone container-server[131945]: Container update sweep completed: 3.52s
Oct 8 19:55:05 standalone account-server[131637]: 172.20.0.100 - - [08/Oct/2025:19:55:05 +0000] "HEAD /d1/67/.expiring_objects" 404 - "HEAD http://localhost/v1/.expiring_objects?format=json" "txfb0d61477b2a47a8beb28-0068e6c199" "proxy-server 2" 0.0008 "-" 19 -
Oct 8 19:55:05 standalone object-expirer[132042]: Pass completed in 0s; 0 objects expired (txn: txfb0d61477b2a47a8beb28-0068e6c199)
Oct 8 19:56:15 standalone account-server[131624]: 172.20.0.100 - - [08/Oct/2025:19:56:15 +0000] "HEAD /d1/67/.expiring_objects" 404 - "HEAD http://localhost/v1/.expiring_objects?format=json" "tx7ef9071429264907b88b9-0068e6c1df" "proxy-server 2" 0.0008 "-" 17 -
Oct 8 19:56:15 standalone object-expirer[132042]: Pass completed in 0s; 0 objects expired (txn: tx7ef9071429264907b88b9-0068e6c1df)
Oct 8 19:58:17 standalone object-server[132092]: Begin object update sweep
Oct 8 19:58:17 standalone object-server[393544]: Object update sweep starting on /srv/node/d1 (pid: 20)
Oct 8 19:58:17 standalone object-server[393544]: Object update sweep completed on /srv/node/d1 in 0.00s seconds:, 0 successes, 0 failures, 0 quarantines, 0 unlinks, 0 errors, 0 redirects (pid: 20)
Oct 8 19:58:17 standalone object-server[393544]: Object update sweep of d1 completed: 0.00s, 0 successes, 0 failures, 0 quarantines, 0 unlinks, 0 errors, 0 redirects
Oct 8 19:58:17 standalone object-server[132092]: Object update sweep completed: 0.08s
Oct 8 19:59:01 standalone container-server[131945]: Begin container update sweep
Oct 8 19:59:04 standalone container-server[131945]: Container update sweep completed: 2.74s
Oct 8 20:01:08 standalone account-server[131637]: 172.20.0.100 - - [08/Oct/2025:20:01:08 +0000] "HEAD /d1/67/.expiring_objects" 404 - "HEAD http://localhost/v1/.expiring_objects?format=json" "tx2877e08ff0f64b6487736-0068e6c304" "proxy-server 2" 0.0008 "-" 19 -
Oct 8 20:01:08 standalone object-expirer[132042]: Pass completed in 0s; 0 objects expired (txn: tx2877e08ff0f64b6487736-0068e6c304)
Oct 8 20:02:42 standalone account-server[131624]: 172.20.0.100 - - [08/Oct/2025:20:02:42 +0000] "HEAD /d1/67/.expiring_objects" 404 - "HEAD http://localhost/v1/.expiring_objects?format=json" "txb528b4b9fb034d24894ca-0068e6c362" "proxy-server 2" 0.0007 "-" 17 -
Oct 8 20:02:42 standalone object-expirer[132042]: Pass completed in 0s; 0 objects expired (txn: txb528b4b9fb034d24894ca-0068e6c362)