Oct 8 19:28:16 standalone proxy-server[134001]: 172.18.0.2 172.18.0.100 08/Oct/2025/19/28/16 PUT /v1/AUTH_433aca961d4044a58192397d2bfb2ecb/gnocchi.95995b18-4ace-4488-b109-32ff945bdd8b/1759320000.0_mean_300.0_v3 HTTP/1.0 201 - python-swiftclient-3.11.1 gAAAAABo5rsHjV_5... 16 - - tx0a49902bdc6a44f0b0a4a-0068e6bb50 - 0.0190 - - 1759951696.087316751 1759951696.106316566 0
Oct 8 19:28:16 standalone container-server[131727]: 172.20.0.100 - - [08/Oct/2025:19:28:16 +0000] "PUT /d1/835/AUTH_433aca961d4044a58192397d2bfb2ecb/gnocchi.95995b18-4ace-4488-b109-32ff945bdd8b/none_v3" 201 - "PUT http://172.18.0.2:8080/d1/852/AUTH_433aca961d4044a58192397d2bfb2ecb/gnocchi.95995b18-4ace-4488-b109-32ff945bdd8b/none_v3" "txb3a441bd31a54e86a9908-0068e6bb50" "object-server 22" 0.0006 "-" 15 0
Oct 8 19:28:16 standalone object-server[132406]: 172.20.0.100 - - [08/Oct/2025:19:28:16 +0000] "PUT /d1/852/AUTH_433aca961d4044a58192397d2bfb2ecb/gnocchi.95995b18-4ace-4488-b109-32ff945bdd8b/none_v3" 201 - "PUT http://172.18.0.2:8080/v1/AUTH_433aca961d4044a58192397d2bfb2ecb/gnocchi.95995b18-4ace-4488-b109-32ff945bdd8b/none_v3" "txb3a441bd31a54e86a9908-0068e6bb50" "proxy-server 20" 0.0107 "-" 22 0
Oct 8 19:28:16 standalone proxy-server[134001]: 172.18.0.2 172.18.0.100 08/Oct/2025/19/28/16 PUT /v1/AUTH_433aca961d4044a58192397d2bfb2ecb/gnocchi.95995b18-4ace-4488-b109-32ff945bdd8b/none_v3 HTTP/1.0 201 - python-swiftclient-3.11.1 gAAAAABo5rsHjV_5... 22 - - txb3a441bd31a54e86a9908-0068e6bb50 - 0.0173 - - 1759951696.109966993 1759951696.127224922 0
Oct 8 19:28:16 standalone container-server[131727]: 172.20.0.100 - - [08/Oct/2025:19:28:16 +0000] "HEAD /d1/929/AUTH_433aca961d4044a58192397d2bfb2ecb/gnocchi.b7fb104a-eb97-4fec-a29a-b84a8c7162f9" 404 - "HEAD http://172.18.0.2:8080/v1/AUTH_433aca961d4044a58192397d2bfb2ecb/gnocchi.b7fb104a-eb97-4fec-a29a-b84a8c7162f9?format=json&states=listing" "tx6d236c33389841608ccf1-0068e6bb50" "proxy-server 20" 0.0005 "-" 15 0
Oct 8 19:28:16 standalone object-server[132411]: 172.20.0.100 - - [08/Oct/2025:19:28:16 +0000] "GET /d1/89/AUTH_433aca961d4044a58192397d2bfb2ecb/gnocchi.b7fb104a-eb97-4fec-a29a-b84a8c7162f9/none_v3" 404 70 "GET http://172.18.0.2:8080/v1/AUTH_433aca961d4044a58192397d2bfb2ecb/gnocchi.b7fb104a-eb97-4fec-a29a-b84a8c7162f9/none_v3" "tx6d236c33389841608ccf1-0068e6bb50" "proxy-server 20" 0.0006 "-" 23 0
Oct 8 19:28:16 standalone proxy-server[134001]: 172.18.0.2 172.18.0.100 08/Oct/2025/19/28/16 GET /v1/AUTH_433aca961d4044a58192397d2bfb2ecb/gnocchi.b7fb104a-eb97-4fec-a29a-b84a8c7162f9/none_v3 HTTP/1.0 404 - python-swiftclient-3.11.1 gAAAAABo5rsHjV_5... - 70 - tx6d236c33389841608ccf1-0068e6bb50 - 0.0152 - - 1759951696.140868664 1759951696.156041145 0
Oct 8 19:28:16 standalone account-server[131624]: 172.20.0.100 - - [08/Oct/2025:19:28:16 +0000] "PUT /d1/564/AUTH_433aca961d4044a58192397d2bfb2ecb/gnocchi.b7fb104a-eb97-4fec-a29a-b84a8c7162f9" 201 - "PUT http://172.20.0.100:6001/d1/929/AUTH_433aca961d4044a58192397d2bfb2ecb/gnocchi.b7fb104a-eb97-4fec-a29a-b84a8c7162f9" "tx86eaa85d1eac4309a54ca-0068e6bb50" "container-server 15" 0.0293 "-" 17 0
Oct 8 19:28:16 standalone container-server[131727]: 172.20.0.100 - - [08/Oct/2025:19:28:16 +0000] "PUT /d1/929/AUTH_433aca961d4044a58192397d2bfb2ecb/gnocchi.b7fb104a-eb97-4fec-a29a-b84a8c7162f9" 201 - "PUT http://172.18.0.2:8080/v1/AUTH_433aca961d4044a58192397d2bfb2ecb/gnocchi.b7fb104a-eb97-4fec-a29a-b84a8c7162f9" "tx86eaa85d1eac4309a54ca-0068e6bb50" "proxy-server 20" 0.0396 "-" 15 0
Oct 8 19:28:16 standalone proxy-server[134001]: 172.18.0.2 172.18.0.100 08/Oct/2025/19/28/16 PUT /v1/AUTH_433aca961d4044a58192397d2bfb2ecb/gnocchi.b7fb104a-eb97-4fec-a29a-b84a8c7162f9 HTTP/1.0 201 - python-swiftclient-3.11.1 gAAAAABo5rsHjV_5... - - - tx86eaa85d1eac4309a54ca-0068e6bb50 - 0.0488 - - 1759951696.162449598 1759951696.211215973 0
Oct 8 19:28:16 standalone container-server[131744]: 172.20.0.100 - - [08/Oct/2025:19:28:16 +0000] "HEAD /d1/929/AUTH_433aca961d4044a58192397d2bfb2ecb/gnocchi.b7fb104a-eb97-4fec-a29a-b84a8c7162f9" 204 - "HEAD http://172.18.0.2:8080/v1/AUTH_433aca961d4044a58192397d2bfb2ecb/gnocchi.b7fb104a-eb97-4fec-a29a-b84a8c7162f9?format=json&states=listing" "tx453017a4f54f4849aa2e9-0068e6bb50" "proxy-server 20" 0.0023 "-" 17 0
Oct 8 19:28:16 standalone proxy-server[134001]: - - 08/Oct/2025/19/28/16 HEAD /v1/AUTH_433aca961d4044a58192397d2bfb2ecb/gnocchi.b7fb104a-eb97-4fec-a29a-b84a8c7162f9%3Fformat%3Djson%26states%3Dlisting HTTP/1.0 204 - Swift - - - - tx453017a4f54f4849aa2e9-0068e6bb50 - 0.0098 RL - 1759951696.222197294 1759951696.231951952 0
Oct 8 19:28:16 standalone container-server[131718]: 172.20.0.100 - - [08/Oct/2025:19:28:16 +0000] "GET /d1/929/AUTH_433aca961d4044a58192397d2bfb2ecb/gnocchi.b7fb104a-eb97-4fec-a29a-b84a8c7162f9" 200 2 "GET http://172.18.0.2:8080/v1/AUTH_433aca961d4044a58192397d2bfb2ecb/gnocchi.b7fb104a-eb97-4fec-a29a-b84a8c7162f9?format=json&states=listing" "tx453017a4f54f4849aa2e9-0068e6bb50" "proxy-server 20" 0.0051 "-" 10 0
Oct 8 19:28:16 standalone proxy-server[134001]: 172.18.0.2 172.18.0.100 08/Oct/2025/19/28/16 GET /v1/AUTH_433aca961d4044a58192397d2bfb2ecb/gnocchi.b7fb104a-eb97-4fec-a29a-b84a8c7162f9%3Fformat%3Djson%26states%3Dlisting HTTP/1.0 200 - python-swiftclient-3.11.1 gAAAAABo5rsHjV_5... - 2 - tx453017a4f54f4849aa2e9-0068e6bb50 - 0.0290 - - 1759951696.218947887 1759951696.247971058 0
Oct 8 19:28:16 standalone object-server[132411]: 172.20.0.100 - - [08/Oct/2025:19:28:16 +0000] "GET /d1/804/AUTH_433aca961d4044a58192397d2bfb2ecb/gnocchi.b7fb104a-eb97-4fec-a29a-b84a8c7162f9/1759320000.0_mean_300.0_v3" 404 70 "GET http://172.18.0.2:8080/v1/AUTH_433aca961d4044a58192397d2bfb2ecb/gnocchi.b7fb104a-eb97-4fec-a29a-b84a8c7162f9/1759320000.0_mean_300.0_v3" "txf475bac809b4420baddcd-0068e6bb50" "proxy-server 20" 0.0006 "-" 23 0
Oct 8 19:28:16 standalone proxy-server[134001]: 172.18.0.2 172.18.0.100 08/Oct/2025/19/28/16 GET /v1/AUTH_433aca961d4044a58192397d2bfb2ecb/gnocchi.b7fb104a-eb97-4fec-a29a-b84a8c7162f9/1759320000.0_mean_300.0_v3 HTTP/1.0 404 - python-swiftclient-3.11.1 gAAAAABo5rsHjV_5... - 70 - txf475bac809b4420baddcd-0068e6bb50 - 0.0086 - - 1759951696.253518343 1759951696.262082100 0
Oct 8 19:28:16 standalone container-server[131743]: 172.20.0.100 - - [08/Oct/2025:19:28:16 +0000] "PUT /d1/929/AUTH_433aca961d4044a58192397d2bfb2ecb/gnocchi.b7fb104a-eb97-4fec-a29a-b84a8c7162f9/1759320000.0_mean_300.0_v3" 201 - "PUT http://172.18.0.2:8080/d1/804/AUTH_433aca961d4044a58192397d2bfb2ecb/gnocchi.b7fb104a-eb97-4fec-a29a-b84a8c7162f9/1759320000.0_mean_300.0_v3" "tx23c79bd2203446d6bd02b-0068e6bb50" "object-server 24" 0.0010 "-" 16 0
Oct 8 19:28:16 standalone object-server[132418]: 172.20.0.100 - - [08/Oct/2025:19:28:16 +0000] "PUT /d1/804/AUTH_433aca961d4044a58192397d2bfb2ecb/gnocchi.b7fb104a-eb97-4fec-a29a-b84a8c7162f9/1759320000.0_mean_300.0_v3" 201 - "PUT http://172.18.0.2:8080/v1/AUTH_433aca961d4044a58192397d2bfb2ecb/gnocchi.b7fb104a-eb97-4fec-a29a-b84a8c7162f9/1759320000.0_mean_300.0_v3" "tx23c79bd2203446d6bd02b-0068e6bb50" "proxy-server 20" 0.0237 "-" 24 0
Oct 8 19:28:16 standalone proxy-server[134001]: 172.18.0.2 172.18.0.100 08/Oct/2025/19/28/16 PUT /v1/AUTH_433aca961d4044a58192397d2bfb2ecb/gnocchi.b7fb104a-eb97-4fec-a29a-b84a8c7162f9/1759320000.0_mean_300.0_v3 HTTP/1.0 201 - python-swiftclient-3.11.1 gAAAAABo5rsHjV_5... 16 - - tx23c79bd2203446d6bd02b-0068e6bb50 - 0.0299 - - 1759951696.266922474 1759951696.296772957 0
Oct 8 19:28:16 standalone container-server[131718]: 172.20.0.100 - - [08/Oct/2025:19:28:16 +0000] "PUT /d1/929/AUTH_433aca961d4044a58192397d2bfb2ecb/gnocchi.b7fb104a-eb97-4fec-a29a-b84a8c7162f9/none_v3" 201 - "PUT http://172.18.0.2:8080/d1/89/AUTH_433aca961d4044a58192397d2bfb2ecb/gnocchi.b7fb104a-eb97-4fec-a29a-b84a8c7162f9/none_v3" "txee87539d0b8d4c91a8045-0068e6bb50" "object-server 23" 0.0008 "-" 10 0
Oct 8 19:28:16 standalone object-server[132411]: 172.20.0.100 - - [08/Oct/2025:19:28:16 +0000] "PUT /d1/89/AUTH_433aca961d4044a58192397d2bfb2ecb/gnocchi.b7fb104a-eb97-4fec-a29a-b84a8c7162f9/none_v3" 201 - "PUT http://172.18.0.2:8080/v1/AUTH_433aca961d4044a58192397d2bfb2ecb/gnocchi.b7fb104a-eb97-4fec-a29a-b84a8c7162f9/none_v3" "txee87539d0b8d4c91a8045-0068e6bb50" "proxy-server 20" 0.0137 "-" 23 0
Oct 8 19:28:16 standalone proxy-server[134001]: 172.18.0.2 172.18.0.100 08/Oct/2025/19/28/16 PUT /v1/AUTH_433aca961d4044a58192397d2bfb2ecb/gnocchi.b7fb104a-eb97-4fec-a29a-b84a8c7162f9/none_v3 HTTP/1.0 201 - python-swiftclient-3.11.1 gAAAAABo5rsHjV_5... 22 - - txee87539d0b8d4c91a8045-0068e6bb50 - 0.0196 - - 1759951696.300281286 1759951696.319894552 0
Oct 8 19:28:16 standalone object-server[132092]: Begin object update sweep
Oct 8 19:28:16 standalone object-server[241083]: Object update sweep starting on /srv/node/d1 (pid: 14)
Oct 8 19:28:16 standalone object-server[241083]: Object update sweep completed on /srv/node/d1 in 0.00s seconds:, 0 successes, 0 failures, 0 quarantines, 0 unlinks, 0 errors, 0 redirects (pid: 14)
Oct 8 19:28:16 standalone object-server[241083]: Object update sweep of d1 completed: 0.00s, 0 successes, 0 failures, 0 quarantines, 0 unlinks, 0 errors, 0 redirects
Oct 8 19:28:16 standalone object-server[132092]: Object update sweep completed: 0.09s
Oct 8 19:28:39 standalone container-server[131718]: 172.20.0.100 - - [08/Oct/2025:19:28:39 +0000] "HEAD /d1/754/AUTH_433aca961d4044a58192397d2bfb2ecb/gnocchi.fa2199ce-f876-4941-899c-0ca56d247cd9" 404 - "HEAD http://172.18.0.2:8080/v1/AUTH_433aca961d4044a58192397d2bfb2ecb/gnocchi.fa2199ce-f876-4941-899c-0ca56d247cd9?format=json&states=listing" "txc36e12e347ea4c4dab7ee-0068e6bb67" "proxy-server 20" 0.0004 "-" 10 0
Oct 8 19:28:39 standalone object-server[132418]: 172.20.0.100 - - [08/Oct/2025:19:28:39 +0000] "GET /d1/654/AUTH_433aca961d4044a58192397d2bfb2ecb/gnocchi.fa2199ce-f876-4941-899c-0ca56d247cd9/none_v3" 404 70 "GET http://172.18.0.2:8080/v1/AUTH_433aca961d4044a58192397d2bfb2ecb/gnocchi.fa2199ce-f876-4941-899c-0ca56d247cd9/none_v3" "txc36e12e347ea4c4dab7ee-0068e6bb67" "proxy-server 20" 0.0008 "-" 24 0
Oct 8 19:28:39 standalone proxy-server[134001]: 172.18.0.2 172.18.0.100 08/Oct/2025/19/28/39 GET /v1/AUTH_433aca961d4044a58192397d2bfb2ecb/gnocchi.fa2199ce-f876-4941-899c-0ca56d247cd9/none_v3 HTTP/1.0 404 - python-swiftclient-3.11.1 gAAAAABo5rsHjV_5... - 70 - txc36e12e347ea4c4dab7ee-0068e6bb67 - 0.0130 - - 1759951719.327786446 1759951719.340796232 0
Oct 8 19:28:39 standalone account-server[131624]: 172.20.0.100 - - [08/Oct/2025:19:28:39 +0000] "PUT /d1/564/AUTH_433aca961d4044a58192397d2bfb2ecb/gnocchi.fa2199ce-f876-4941-899c-0ca56d247cd9" 201 - "PUT http://172.20.0.100:6001/d1/754/AUTH_433aca961d4044a58192397d2bfb2ecb/gnocchi.fa2199ce-f876-4941-899c-0ca56d247cd9" "tx3b9f03647f764477a3a68-0068e6bb67" "container-server 16" 0.0050 "-" 17 0
Oct 8 19:28:39 standalone container-server[131743]: 172.20.0.100 - - [08/Oct/2025:19:28:39 +0000] "PUT /d1/754/AUTH_433aca961d4044a58192397d2bfb2ecb/gnocchi.fa2199ce-f876-4941-899c-0ca56d247cd9" 201 - "PUT http://172.18.0.2:8080/v1/AUTH_433aca961d4044a58192397d2bfb2ecb/gnocchi.fa2199ce-f876-4941-899c-0ca56d247cd9" "tx3b9f03647f764477a3a68-0068e6bb67" "proxy-server 20" 0.0293 "-" 16 0
Oct 8 19:28:39 standalone proxy-server[134001]: 172.18.0.2 172.18.0.100 08/Oct/2025/19/28/39 PUT /v1/AUTH_433aca961d4044a58192397d2bfb2ecb/gnocchi.fa2199ce-f876-4941-899c-0ca56d247cd9 HTTP/1.0 201 - python-swiftclient-3.11.1 gAAAAABo5rsHjV_5... - - - tx3b9f03647f764477a3a68-0068e6bb67 - 0.0351 - - 1759951719.343841791 1759951719.378946781 0
Oct 8 19:28:39 standalone container-server[131718]: 172.20.0.100 - - [08/Oct/2025:19:28:39 +0000] "HEAD /d1/754/AUTH_433aca961d4044a58192397d2bfb2ecb/gnocchi.fa2199ce-f876-4941-899c-0ca56d247cd9" 204 - "HEAD http://172.18.0.2:8080/v1/AUTH_433aca961d4044a58192397d2bfb2ecb/gnocchi.fa2199ce-f876-4941-899c-0ca56d247cd9?format=json&states=listing" "txb462111aef1a4549854c8-0068e6bb67" "proxy-server 20" 0.0048 "-" 10 0
Oct 8 19:28:39 standalone proxy-server[134001]: - - 08/Oct/2025/19/28/39 HEAD /v1/AUTH_433aca961d4044a58192397d2bfb2ecb/gnocchi.fa2199ce-f876-4941-899c-0ca56d247cd9%3Fformat%3Djson%26states%3Dlisting HTTP/1.0 204 - Swift - - - - txb462111aef1a4549854c8-0068e6bb67 - 0.0110 RL - 1759951719.384303331 1759951719.395304918 0
Oct 8 19:28:39 standalone container-server[131743]: 172.20.0.100 - - [08/Oct/2025:19:28:39 +0000] "GET /d1/754/AUTH_433aca961d4044a58192397d2bfb2ecb/gnocchi.fa2199ce-f876-4941-899c-0ca56d247cd9" 200 2 "GET http://172.18.0.2:8080/v1/AUTH_433aca961d4044a58192397d2bfb2ecb/gnocchi.fa2199ce-f876-4941-899c-0ca56d247cd9?format=json&states=listing" "txb462111aef1a4549854c8-0068e6bb67" "proxy-server 20" 0.0025 "-" 16 0
Oct 8 19:28:39 standalone proxy-server[134001]: 172.18.0.2 172.18.0.100 08/Oct/2025/19/28/39 GET /v1/AUTH_433aca961d4044a58192397d2bfb2ecb/gnocchi.fa2199ce-f876-4941-899c-0ca56d247cd9%3Fformat%3Djson%26states%3Dlisting HTTP/1.0 200 - python-swiftclient-3.11.1 gAAAAABo5rsHjV_5... - 2 - txb462111aef1a4549854c8-0068e6bb67 - 0.0244 - - 1759951719.382578135 1759951719.406983614 0
Oct 8 19:28:39 standalone object-server[132418]: 172.20.0.100 - - [08/Oct/2025:19:28:39 +0000] "GET /d1/523/AUTH_433aca961d4044a58192397d2bfb2ecb/gnocchi.fa2199ce-f876-4941-899c-0ca56d247cd9/1759320000.0_mean_300.0_v3" 404 70 "GET http://172.18.0.2:8080/v1/AUTH_433aca961d4044a58192397d2bfb2ecb/gnocchi.fa2199ce-f876-4941-899c-0ca56d247cd9/1759320000.0_mean_300.0_v3" "tx0f0e9ea3cfb84e6881f0c-0068e6bb67" "proxy-server 20" 0.0005 "-" 24 0
Oct 8 19:28:39 standalone proxy-server[134001]: 172.18.0.2 172.18.0.100 08/Oct/2025/19/28/39 GET /v1/AUTH_433aca961d4044a58192397d2bfb2ecb/gnocchi.fa2199ce-f876-4941-899c-0ca56d247cd9/1759320000.0_mean_300.0_v3 HTTP/1.0 404 - python-swiftclient-3.11.1 gAAAAABo5rsHjV_5... - 70 - tx0f0e9ea3cfb84e6881f0c-0068e6bb67 - 0.0062 - - 1759951719.410212755 1759951719.416366100 0
Oct 8 19:28:39 standalone container-server[131743]: 172.20.0.100 - - [08/Oct/2025:19:28:39 +0000] "PUT /d1/754/AUTH_433aca961d4044a58192397d2bfb2ecb/gnocchi.fa2199ce-f876-4941-899c-0ca56d247cd9/1759320000.0_mean_300.0_v3" 201 - "PUT http://172.18.0.2:8080/d1/523/AUTH_433aca961d4044a58192397d2bfb2ecb/gnocchi.fa2199ce-f876-4941-899c-0ca56d247cd9/1759320000.0_mean_300.0_v3" "txba19f1d969a74482bb725-0068e6bb67" "object-server 24" 0.0007 "-" 16 0
Oct 8 19:28:39 standalone object-server[132418]: 172.20.0.100 - - [08/Oct/2025:19:28:39 +0000] "PUT /d1/523/AUTH_433aca961d4044a58192397d2bfb2ecb/gnocchi.fa2199ce-f876-4941-899c-0ca56d247cd9/1759320000.0_mean_300.0_v3" 201 - "PUT http://172.18.0.2:8080/v1/AUTH_433aca961d4044a58192397d2bfb2ecb/gnocchi.fa2199ce-f876-4941-899c-0ca56d247cd9/1759320000.0_mean_300.0_v3" "txba19f1d969a74482bb725-0068e6bb67" "proxy-server 20" 0.0102 "-" 24 0
Oct 8 19:28:39 standalone proxy-server[134001]: 172.18.0.2 172.18.0.100 08/Oct/2025/19/28/39 PUT /v1/AUTH_433aca961d4044a58192397d2bfb2ecb/gnocchi.fa2199ce-f876-4941-899c-0ca56d247cd9/1759320000.0_mean_300.0_v3 HTTP/1.0 201 - python-swiftclient-3.11.1 gAAAAABo5rsHjV_5... 16 - - txba19f1d969a74482bb725-0068e6bb67 - 0.0156 - - 1759951719.418925762 1759951719.434542656 0
Oct 8 19:28:39 standalone container-server[131718]: 172.20.0.100 - - [08/Oct/2025:19:28:39 +0000] "PUT /d1/754/AUTH_433aca961d4044a58192397d2bfb2ecb/gnocchi.fa2199ce-f876-4941-899c-0ca56d247cd9/none_v3" 201 - "PUT http://172.18.0.2:8080/d1/654/AUTH_433aca961d4044a58192397d2bfb2ecb/gnocchi.fa2199ce-f876-4941-899c-0ca56d247cd9/none_v3" "txf386b16990c840ffbc7ed-0068e6bb67" "object-server 25" 0.0005 "-" 10 0
Oct 8 19:28:39 standalone object-server[132425]: 172.20.0.100 - - [08/Oct/2025:19:28:39 +0000] "PUT /d1/654/AUTH_433aca961d4044a58192397d2bfb2ecb/gnocchi.fa2199ce-f876-4941-899c-0ca56d247cd9/none_v3" 201 - "PUT http://172.18.0.2:8080/v1/AUTH_433aca961d4044a58192397d2bfb2ecb/gnocchi.fa2199ce-f876-4941-899c-0ca56d247cd9/none_v3" "txf386b16990c840ffbc7ed-0068e6bb67" "proxy-server 20" 0.0088 "-" 25 0
Oct 8 19:28:39 standalone proxy-server[134001]: 172.18.0.2 172.18.0.100 08/Oct/2025/19/28/39 PUT /v1/AUTH_433aca961d4044a58192397d2bfb2ecb/gnocchi.fa2199ce-f876-4941-899c-0ca56d247cd9/none_v3 HTTP/1.0 201 - python-swiftclient-3.11.1 gAAAAABo5rsHjV_5... 22 - - txf386b16990c840ffbc7ed-0068e6bb67 - 0.0150 - - 1759951719.439128399 1759951719.454084635 0
Oct 8 19:28:39 standalone object-server[132411]: 172.20.0.100 - - [08/Oct/2025:19:28:39 +0000] "GET /d1/774/AUTH_433aca961d4044a58192397d2bfb2ecb/gnocchi.5c25ff04-da45-4573-9f1c-45d8d69a31e4/none_v3" 200 22 "GET http://172.18.0.2:8080/v1/AUTH_433aca961d4044a58192397d2bfb2ecb/gnocchi.5c25ff04-da45-4573-9f1c-45d8d69a31e4/none_v3" "tx71a768c9b4af46f1896da-0068e6bb67" "proxy-server 20" 0.0012 "-" 23 0
Oct 8 19:28:39 standalone proxy-server[134001]: 172.18.0.2 172.18.0.100 08/Oct/2025/19/28/39 GET /v1/AUTH_433aca961d4044a58192397d2bfb2ecb/gnocchi.5c25ff04-da45-4573-9f1c-45d8d69a31e4/none_v3 HTTP/1.0 200 - python-swiftclient-3.11.1 gAAAAABo5rsHjV_5... - 22 - tx71a768c9b4af46f1896da-0068e6bb67 - 0.0076 - - 1759951719.493784428 1759951719.501349449 0
Oct 8 19:28:39 standalone container-server[131718]: 172.20.0.100 - - [08/Oct/2025:19:28:39 +0000] "GET /d1/611/AUTH_433aca961d4044a58192397d2bfb2ecb/gnocchi.5c25ff04-da45-4573-9f1c-45d8d69a31e4" 200 357 "GET http://172.18.0.2:8080/v1/AUTH_433aca961d4044a58192397d2bfb2ecb/gnocchi.5c25ff04-da45-4573-9f1c-45d8d69a31e4?format=json&states=listing" "tx38726af1c1654a7097722-0068e6bb67" "proxy-server 20" 0.0148 "-" 10 0
Oct 8 19:28:39 standalone proxy-server[134001]: 172.18.0.2 172.18.0.100 08/Oct/2025/19/28/39 GET /v1/AUTH_433aca961d4044a58192397d2bfb2ecb/gnocchi.5c25ff04-da45-4573-9f1c-45d8d69a31e4%3Fformat%3Djson%26states%3Dlisting HTTP/1.0 200 - python-swiftclient-3.11.1 gAAAAABo5rsHjV_5... - 357 - tx38726af1c1654a7097722-0068e6bb67 - 0.0219 - - 1759951719.505271912 1759951719.527169704 0
Oct 8 19:28:39 standalone container-server[131744]: 172.20.0.100 - - [08/Oct/2025:19:28:39 +0000] "GET /d1/611/AUTH_433aca961d4044a58192397d2bfb2ecb/gnocchi.5c25ff04-da45-4573-9f1c-45d8d69a31e4" 200 2 "GET http://172.18.0.2:8080/v1/AUTH_433aca961d4044a58192397d2bfb2ecb/gnocchi.5c25ff04-da45-4573-9f1c-45d8d69a31e4?format=json&marker=none_v3&states=listing" "tx592ff66b2229403e814ce-0068e6bb67" "proxy-server 20" 0.0035 "-" 17 0
Oct 8 19:28:39 standalone proxy-server[134001]: 172.18.0.2 172.18.0.100 08/Oct/2025/19/28/39 GET /v1/AUTH_433aca961d4044a58192397d2bfb2ecb/gnocchi.5c25ff04-da45-4573-9f1c-45d8d69a31e4%3Fformat%3Djson%26marker%3Dnone_v3%26states%3Dlisting HTTP/1.0 200 - python-swiftclient-3.11.1 gAAAAABo5rsHjV_5... - 2 - tx592ff66b2229403e814ce-0068e6bb67 - 0.0141 - - 1759951719.530915022 1759951719.545014381 0
Oct 8 19:28:39 standalone object-server[132406]: 172.20.0.100 - - [08/Oct/2025:19:28:39 +0000] "GET /d1/594/AUTH_433aca961d4044a58192397d2bfb2ecb/gnocchi.5c25ff04-da45-4573-9f1c-45d8d69a31e4/1759320000.0_mean_300.0_v3" 200 16 "GET http://172.18.0.2:8080/v1/AUTH_433aca961d4044a58192397d2bfb2ecb/gnocchi.5c25ff04-da45-4573-9f1c-45d8d69a31e4/1759320000.0_mean_300.0_v3" "txb50de6855f164e2cafb8a-0068e6bb67" "proxy-server 20" 0.0009 "-" 22 0
Oct 8 19:28:39 standalone proxy-server[134001]: 172.18.0.2 172.18.0.100 08/Oct/2025/19/28/39 GET /v1/AUTH_433aca961d4044a58192397d2bfb2ecb/gnocchi.5c25ff04-da45-4573-9f1c-45d8d69a31e4/1759320000.0_mean_300.0_v3 HTTP/1.0 200 - python-swiftclient-3.11.1 gAAAAABo5rsHjV_5... - 16 - txb50de6855f164e2cafb8a-0068e6bb67 - 0.0073 - - 1759951719.548958778 1759951719.556224585 0
Oct 8 19:28:39 standalone container-server[131718]: 172.20.0.100 - - [08/Oct/2025:19:28:39 +0000] "PUT /d1/611/AUTH_433aca961d4044a58192397d2bfb2ecb/gnocchi.5c25ff04-da45-4573-9f1c-45d8d69a31e4/1759320000.0_mean_300.0_v3" 201 - "PUT http://172.18.0.2:8080/d1/594/AUTH_433aca961d4044a58192397d2bfb2ecb/gnocchi.5c25ff04-da45-4573-9f1c-45d8d69a31e4/1759320000.0_mean_300.0_v3" "txbb166abe8632415485ad0-0068e6bb67" "object-server 25" 0.0008 "-" 10 0
Oct 8 19:28:39 standalone object-server[132425]: 172.20.0.100 - - [08/Oct/2025:19:28:39 +0000] "PUT /d1/594/AUTH_433aca961d4044a58192397d2bfb2ecb/gnocchi.5c25ff04-da45-4573-9f1c-45d8d69a31e4/1759320000.0_mean_300.0_v3" 201 - "PUT http://172.18.0.2:8080/v1/AUTH_433aca961d4044a58192397d2bfb2ecb/gnocchi.5c25ff04-da45-4573-9f1c-45d8d69a31e4/1759320000.0_mean_300.0_v3" "txbb166abe8632415485ad0-0068e6bb67" "proxy-server 20" 0.0141 "-" 25 0
Oct 8 19:28:39 standalone proxy-server[134001]: 172.18.0.2 172.18.0.100 08/Oct/2025/19/28/39 PUT /v1/AUTH_433aca961d4044a58192397d2bfb2ecb/gnocchi.5c25ff04-da45-4573-9f1c-45d8d69a31e4/1759320000.0_mean_300.0_v3 HTTP/1.0 201 - python-swiftclient-3.11.1 gAAAAABo5rsHjV_5... 16 - - txbb166abe8632415485ad0-0068e6bb67 - 0.0208 - - 1759951719.559557676 1759951719.580374956 0
Oct 8 19:28:39 standalone container-server[131743]: 172.20.0.100 - - [08/Oct/2025:19:28:39 +0000] "PUT /d1/611/AUTH_433aca961d4044a58192397d2bfb2ecb/gnocchi.5c25ff04-da45-4573-9f1c-45d8d69a31e4/none_v3" 201 - "PUT http://172.18.0.2:8080/d1/774/AUTH_433aca961d4044a58192397d2bfb2ecb/gnocchi.5c25ff04-da45-4573-9f1c-45d8d69a31e4/none_v3" "tx55654070b0824f6c98273-0068e6bb67" "object-server 25" 0.0006 "-" 16 0
Oct 8 19:28:39 standalone object-server[132425]: 172.20.0.100 - - [08/Oct/2025:19:28:39 +0000] "PUT /d1/774/AUTH_433aca961d4044a58192397d2bfb2ecb/gnocchi.5c25ff04-da45-4573-9f1c-45d8d69a31e4/none_v3" 201 - "PUT http://172.18.0.2:8080/v1/AUTH_433aca961d4044a58192397d2bfb2ecb/gnocchi.5c25ff04-da45-4573-9f1c-45d8d69a31e4/none_v3" "tx55654070b0824f6c98273-0068e6bb67" "proxy-server 20" 0.0135 "-" 25 0
Oct 8 19:28:39 standalone proxy-server[134001]: 172.18.0.2 172.18.0.100 08/Oct/2025/19/28/39 PUT /v1/AUTH_433aca961d4044a58192397d2bfb2ecb/gnocchi.5c25ff04-da45-4573-9f1c-45d8d69a31e4/none_v3 HTTP/1.0 201 - python-swiftclient-3.11.1 gAAAAABo5rsHjV_5... 33 - - tx55654070b0824f6c98273-0068e6bb67 - 0.0208 - - 1759951719.583405256 1759951719.604187965 0
Oct 8 19:28:39 standalone object-server[132418]: 172.20.0.100 - - [08/Oct/2025:19:28:39 +0000] "GET /d1/89/AUTH_433aca961d4044a58192397d2bfb2ecb/gnocchi.00b54080-e72b-400a-8be2-14a33c4ab849/none_v3" 200 22 "GET http://172.18.0.2:8080/v1/AUTH_433aca961d4044a58192397d2bfb2ecb/gnocchi.00b54080-e72b-400a-8be2-14a33c4ab849/none_v3" "txf4e50b822b174256becd2-0068e6bb67" "proxy-server 20" 0.0015 "-" 24 0
Oct 8 19:28:39 standalone proxy-server[134001]: 172.18.0.2 172.18.0.100 08/Oct/2025/19/28/39 GET /v1/AUTH_433aca961d4044a58192397d2bfb2ecb/gnocchi.00b54080-e72b-400a-8be2-14a33c4ab849/none_v3 HTTP/1.0 200 - python-swiftclient-3.11.1 gAAAAABo5rsHjV_5... - 22 - txf4e50b822b174256becd2-0068e6bb67 - 0.0079 - - 1759951719.657979727 1759951719.665928125 0
Oct 8 19:28:39 standalone container-server[131727]: 172.20.0.100 - - [08/Oct/2025:19:28:39 +0000] "GET /d1/898/AUTH_433aca961d4044a58192397d2bfb2ecb/gnocchi.00b54080-e72b-400a-8be2-14a33c4ab849" 200 357 "GET http://172.18.0.2:8080/v1/AUTH_433aca961d4044a58192397d2bfb2ecb/gnocchi.00b54080-e72b-400a-8be2-14a33c4ab849?format=json&states=listing" "tx55e8ec7e2819408290279-0068e6bb67" "proxy-server 20" 0.0115 "-" 15 0
Oct 8 19:28:39 standalone proxy-server[134001]: 172.18.0.2 172.18.0.100 08/Oct/2025/19/28/39 GET /v1/AUTH_433aca961d4044a58192397d2bfb2ecb/gnocchi.00b54080-e72b-400a-8be2-14a33c4ab849%3Fformat%3Djson%26states%3Dlisting HTTP/1.0 200 - python-swiftclient-3.11.1 gAAAAABo5rsHjV_5... - 357 - tx55e8ec7e2819408290279-0068e6bb67 - 0.0178 - - 1759951719.670012474 1759951719.687786341 0
Oct 8 19:28:39 standalone container-server[131744]: 172.20.0.100 - - [08/Oct/2025:19:28:39 +0000] "GET /d1/898/AUTH_433aca961d4044a58192397d2bfb2ecb/gnocchi.00b54080-e72b-400a-8be2-14a33c4ab849" 200 2 "GET http://172.18.0.2:8080/v1/AUTH_433aca961d4044a58192397d2bfb2ecb/gnocchi.00b54080-e72b-400a-8be2-14a33c4ab849?format=json&marker=none_v3&states=listing" "tx8ad0426421d4410db6d42-0068e6bb67" "proxy-server 20" 0.0027 "-" 17 0
Oct 8 19:28:39 standalone proxy-server[134001]: 172.18.0.2 172.18.0.100 08/Oct/2025/19/28/39 GET /v1/AUTH_433aca961d4044a58192397d2bfb2ecb/gnocchi.00b54080-e72b-400a-8be2-14a33c4ab849%3Fformat%3Djson%26marker%3Dnone_v3%26states%3Dlisting HTTP/1.0 200 - python-swiftclient-3.11.1 gAAAAABo5rsHjV_5... - 2 - tx8ad0426421d4410db6d42-0068e6bb67 - 0.0099 - - 1759951719.691398144 1759951719.701250076 0
Oct 8 19:28:39 standalone object-server[132425]: 172.20.0.100 - - [08/Oct/2025:19:28:39 +0000] "GET /d1/981/AUTH_433aca961d4044a58192397d2bfb2ecb/gnocchi.00b54080-e72b-400a-8be2-14a33c4ab849/1759320000.0_mean_300.0_v3" 200 16 "GET http://172.18.0.2:8080/v1/AUTH_433aca961d4044a58192397d2bfb2ecb/gnocchi.00b54080-e72b-400a-8be2-14a33c4ab849/1759320000.0_mean_300.0_v3" "tx028fd16f991e4b6792808-0068e6bb67" "proxy-server 20" 0.0009 "-" 25 0
Oct 8 19:28:39 standalone proxy-server[134001]: 172.18.0.2 172.18.0.100 08/Oct/2025/19/28/39 GET /v1/AUTH_433aca961d4044a58192397d2bfb2ecb/gnocchi.00b54080-e72b-400a-8be2-14a33c4ab849/1759320000.0_mean_300.0_v3 HTTP/1.0 200 - python-swiftclient-3.11.1 gAAAAABo5rsHjV_5... - 16 - tx028fd16f991e4b6792808-0068e6bb67 - 0.0062 - - 1759951719.705329895 1759951719.711522102 0
Oct 8 19:28:39 standalone container-server[131718]: 172.20.0.100 - - [08/Oct/2025:19:28:39 +0000] "PUT /d1/898/AUTH_433aca961d4044a58192397d2bfb2ecb/gnocchi.00b54080-e72b-400a-8be2-14a33c4ab849/1759320000.0_mean_300.0_v3" 201 - "PUT http://172.18.0.2:8080/d1/981/AUTH_433aca961d4044a58192397d2bfb2ecb/gnocchi.00b54080-e72b-400a-8be2-14a33c4ab849/1759320000.0_mean_300.0_v3" "txee4371ef803744f185c80-0068e6bb67" "object-server 25" 0.0004 "-" 10 0
Oct 8 19:28:39 standalone object-server[132425]: 172.20.0.100 - - [08/Oct/2025:19:28:39 +0000] "PUT /d1/981/AUTH_433aca961d4044a58192397d2bfb2ecb/gnocchi.00b54080-e72b-400a-8be2-14a33c4ab849/1759320000.0_mean_300.0_v3" 201 - "PUT http://172.18.0.2:8080/v1/AUTH_433aca961d4044a58192397d2bfb2ecb/gnocchi.00b54080-e72b-400a-8be2-14a33c4ab849/1759320000.0_mean_300.0_v3" "txee4371ef803744f185c80-0068e6bb67" "proxy-server 20" 0.0097 "-" 25 0
Oct 8 19:28:39 standalone proxy-server[134001]: 172.18.0.2 172.18.0.100 08/Oct/2025/19/28/39 PUT /v1/AUTH_433aca961d4044a58192397d2bfb2ecb/gnocchi.00b54080-e72b-400a-8be2-14a33c4ab849/1759320000.0_mean_300.0_v3 HTTP/1.0 201 - python-swiftclient-3.11.1 gAAAAABo5rsHjV_5... 16 - - txee4371ef803744f185c80-0068e6bb67 - 0.0151 - - 1759951719.714922428 1759951719.729988813 0
Oct 8 19:28:39 standalone container-server[131744]: 172.20.0.100 - - [08/Oct/2025:19:28:39 +0000] "PUT /d1/898/AUTH_433aca961d4044a58192397d2bfb2ecb/gnocchi.00b54080-e72b-400a-8be2-14a33c4ab849/none_v3" 201 - "PUT http://172.18.0.2:8080/d1/89/AUTH_433aca961d4044a58192397d2bfb2ecb/gnocchi.00b54080-e72b-400a-8be2-14a33c4ab849/none_v3" "tx16d1c1df72ed4b83acfe4-0068e6bb67" "object-server 24" 0.0007 "-" 17 0
Oct 8 19:28:39 standalone object-server[132418]: 172.20.0.100 - - [08/Oct/2025:19:28:39 +0000] "PUT /d1/89/AUTH_433aca961d4044a58192397d2bfb2ecb/gnocchi.00b54080-e72b-400a-8be2-14a33c4ab849/none_v3" 201 - "PUT http://172.18.0.2:8080/v1/AUTH_433aca961d4044a58192397d2bfb2ecb/gnocchi.00b54080-e72b-400a-8be2-14a33c4ab849/none_v3" "tx16d1c1df72ed4b83acfe4-0068e6bb67" "proxy-server 20" 0.0106 "-" 24 0
Oct 8 19:28:39 standalone proxy-server[134001]: 172.18.0.2 172.18.0.100 08/Oct/2025/19/28/39 PUT /v1/AUTH_433aca961d4044a58192397d2bfb2ecb/gnocchi.00b54080-e72b-400a-8be2-14a33c4ab849/none_v3 HTTP/1.0 201 - python-swiftclient-3.11.1 gAAAAABo5rsHjV_5... 33 - - tx16d1c1df72ed4b83acfe4-0068e6bb67 - 0.0163 - - 1759951719.733438253 1759951719.749746084 0
Oct 8 19:28:43 standalone object-server[132411]: 172.20.0.100 - - [08/Oct/2025:19:28:43 +0000] "GET /d1/654/AUTH_433aca961d4044a58192397d2bfb2ecb/gnocchi.fa2199ce-f876-4941-899c-0ca56d247cd9/none_v3" 200 22 "GET http://172.18.0.2:8080/v1/AUTH_433aca961d4044a58192397d2bfb2ecb/gnocchi.fa2199ce-f876-4941-899c-0ca56d247cd9/none_v3" "txc5a34a4f839441cabf041-0068e6bb6b" "proxy-server 20" 0.0010 "-" 23 0
Oct 8 19:28:43 standalone proxy-server[134001]: 172.18.0.2 172.18.0.100 08/Oct/2025/19/28/43 GET /v1/AUTH_433aca961d4044a58192397d2bfb2ecb/gnocchi.fa2199ce-f876-4941-899c-0ca56d247cd9/none_v3 HTTP/1.0 200 - python-swiftclient-3.11.1 gAAAAABo5rsHjV_5... - 22 - txc5a34a4f839441cabf041-0068e6bb6b - 0.0122 - - 1759951723.535500050 1759951723.547704220 0
Oct 8 19:28:43 standalone container-server[131744]: 172.20.0.100 - - [08/Oct/2025:19:28:43 +0000] "GET /d1/754/AUTH_433aca961d4044a58192397d2bfb2ecb/gnocchi.fa2199ce-f876-4941-899c-0ca56d247cd9" 200 357 "GET http://172.18.0.2:8080/v1/AUTH_433aca961d4044a58192397d2bfb2ecb/gnocchi.fa2199ce-f876-4941-899c-0ca56d247cd9?format=json&states=listing" "tx91d060caf2154502af58e-0068e6bb6b" "proxy-server 20" 0.0126 "-" 17 0
Oct 8 19:28:43 standalone proxy-server[134001]: 172.18.0.2 172.18.0.100 08/Oct/2025/19/28/43 GET /v1/AUTH_433aca961d4044a58192397d2bfb2ecb/gnocchi.fa2199ce-f876-4941-899c-0ca56d247cd9%3Fformat%3Djson%26states%3Dlisting HTTP/1.0 200 - python-swiftclient-3.11.1 gAAAAABo5rsHjV_5... - 357 - tx91d060caf2154502af58e-0068e6bb6b - 0.0200 - - 1759951723.554790974 1759951723.574799299 0
Oct 8 19:28:43 standalone container-server[131744]: 172.20.0.100 - - [08/Oct/2025:19:28:43 +0000] "GET /d1/754/AUTH_433aca961d4044a58192397d2bfb2ecb/gnocchi.fa2199ce-f876-4941-899c-0ca56d247cd9" 200 2 "GET http://172.18.0.2:8080/v1/AUTH_433aca961d4044a58192397d2bfb2ecb/gnocchi.fa2199ce-f876-4941-899c-0ca56d247cd9?format=json&marker=none_v3&states=listing" "tx4536c380d3124c6f98979-0068e6bb6b" "proxy-server 20" 0.0029 "-" 17 0
Oct 8 19:28:43 standalone proxy-server[134001]: 172.18.0.2 172.18.0.100 08/Oct/2025/19/28/43 GET /v1/AUTH_433aca961d4044a58192397d2bfb2ecb/gnocchi.fa2199ce-f876-4941-899c-0ca56d247cd9%3Fformat%3Djson%26marker%3Dnone_v3%26states%3Dlisting HTTP/1.0 200 - python-swiftclient-3.11.1 gAAAAABo5rsHjV_5... - 2 - tx4536c380d3124c6f98979-0068e6bb6b - 0.0150 - - 1759951723.577280045 1759951723.592306137 0
Oct 8 19:28:43 standalone object-server[132406]: 172.20.0.100 - - [08/Oct/2025:19:28:43 +0000] "GET /d1/523/AUTH_433aca961d4044a58192397d2bfb2ecb/gnocchi.fa2199ce-f876-4941-899c-0ca56d247cd9/1759320000.0_mean_300.0_v3" 200 16 "GET http://172.18.0.2:8080/v1/AUTH_433aca961d4044a58192397d2bfb2ecb/gnocchi.fa2199ce-f876-4941-899c-0ca56d247cd9/1759320000.0_mean_300.0_v3" "tx65d1c7f52a7a49a1b832c-0068e6bb6b" "proxy-server 20" 0.0010 "-" 22 0
Oct 8 19:28:43 standalone proxy-server[134001]: 172.18.0.2 172.18.0.100 08/Oct/2025/19/28/43 GET /v1/AUTH_433aca961d4044a58192397d2bfb2ecb/gnocchi.fa2199ce-f876-4941-899c-0ca56d247cd9/1759320000.0_mean_300.0_v3 HTTP/1.0 200 - python-swiftclient-3.11.1 gAAAAABo5rsHjV_5... - 16 - tx65d1c7f52a7a49a1b832c-0068e6bb6b - 0.0174 - - 1759951723.598627329 1759951723.616039991 0
Oct 8 19:28:43 standalone container-server[131744]: 172.20.0.100 - - [08/Oct/2025:19:28:43 +0000] "PUT /d1/754/AUTH_433aca961d4044a58192397d2bfb2ecb/gnocchi.fa2199ce-f876-4941-899c-0ca56d247cd9/1759320000.0_mean_300.0_v3" 201 - "PUT http://172.18.0.2:8080/d1/523/AUTH_433aca961d4044a58192397d2bfb2ecb/gnocchi.fa2199ce-f876-4941-899c-0ca56d247cd9/1759320000.0_mean_300.0_v3" "txf52c84b184e34af381e7a-0068e6bb6b" "object-server 23" 0.0007 "-" 17 0
Oct 8 19:28:43 standalone object-server[132411]: 172.20.0.100 - - [08/Oct/2025:19:28:43 +0000] "PUT /d1/523/AUTH_433aca961d4044a58192397d2bfb2ecb/gnocchi.fa2199ce-f876-4941-899c-0ca56d247cd9/1759320000.0_mean_300.0_v3" 201 - "PUT http://172.18.0.2:8080/v1/AUTH_433aca961d4044a58192397d2bfb2ecb/gnocchi.fa2199ce-f876-4941-899c-0ca56d247cd9/1759320000.0_mean_300.0_v3" "txf52c84b184e34af381e7a-0068e6bb6b" "proxy-server 20" 0.0179 "-" 23 0
Oct 8 19:28:43 standalone proxy-server[134001]: 172.18.0.2 172.18.0.100 08/Oct/2025/19/28/43 PUT /v1/AUTH_433aca961d4044a58192397d2bfb2ecb/gnocchi.fa2199ce-f876-4941-899c-0ca56d247cd9/1759320000.0_mean_300.0_v3 HTTP/1.0 201 - python-swiftclient-3.11.1 gAAAAABo5rsHjV_5... 16 - - txf52c84b184e34af381e7a-0068e6bb6b - 0.0320 - - 1759951723.622095346 1759951723.654120684 0
Oct 8 19:28:43 standalone container-server[131744]: 172.20.0.100 - - [08/Oct/2025:19:28:43 +0000] "PUT /d1/754/AUTH_433aca961d4044a58192397d2bfb2ecb/gnocchi.fa2199ce-f876-4941-899c-0ca56d247cd9/none_v3" 201 - "PUT http://172.18.0.2:8080/d1/654/AUTH_433aca961d4044a58192397d2bfb2ecb/gnocchi.fa2199ce-f876-4941-899c-0ca56d247cd9/none_v3" "tx538c525c09bc4250b4ab4-0068e6bb6b" "object-server 22" 0.0005 "-" 17 0
Oct 8 19:28:43 standalone object-server[132406]: 172.20.0.100 - - [08/Oct/2025:19:28:43 +0000] "PUT /d1/654/AUTH_433aca961d4044a58192397d2bfb2ecb/gnocchi.fa2199ce-f876-4941-899c-0ca56d247cd9/none_v3" 201 - "PUT http://172.18.0.2:8080/v1/AUTH_433aca961d4044a58192397d2bfb2ecb/gnocchi.fa2199ce-f876-4941-899c-0ca56d247cd9/none_v3" "tx538c525c09bc4250b4ab4-0068e6bb6b" "proxy-server 20" 0.0153 "-" 22 0
Oct 8 19:28:43 standalone proxy-server[134001]: 172.18.0.2 172.18.0.100 08/Oct/2025/19/28/43 PUT /v1/AUTH_433aca961d4044a58192397d2bfb2ecb/gnocchi.fa2199ce-f876-4941-899c-0ca56d247cd9/none_v3 HTTP/1.0 201 - python-swiftclient-3.11.1 gAAAAABo5rsHjV_5... 32 - - tx538c525c09bc4250b4ab4-0068e6bb6b - 0.0211 - - 1759951723.659033537 1759951723.680152178 0
Oct 8 19:28:54 standalone container-server[131744]: 172.20.0.100 - - [08/Oct/2025:19:28:54 +0000] "HEAD /d1/915/AUTH_433aca961d4044a58192397d2bfb2ecb/gnocchi.93d35ae7-c91c-4828-bc94-a1d07e427f8d" 404 - "HEAD http://172.18.0.2:8080/v1/AUTH_433aca961d4044a58192397d2bfb2ecb/gnocchi.93d35ae7-c91c-4828-bc94-a1d07e427f8d?format=json&states=listing" "tx63ccc190abaa4438a12ce-0068e6bb76" "proxy-server 20" 0.0009 "-" 17 0
Oct 8 19:28:54 standalone object-server[132406]: 172.20.0.100 - - [08/Oct/2025:19:28:54 +0000] "GET /d1/1011/AUTH_433aca961d4044a58192397d2bfb2ecb/gnocchi.93d35ae7-c91c-4828-bc94-a1d07e427f8d/none_v3" 404 70 "GET http://172.18.0.2:8080/v1/AUTH_433aca961d4044a58192397d2bfb2ecb/gnocchi.93d35ae7-c91c-4828-bc94-a1d07e427f8d/none_v3" "tx63ccc190abaa4438a12ce-0068e6bb76" "proxy-server 20" 0.0009 "-" 22 0
Oct 8 19:28:54 standalone proxy-server[134001]: 172.18.0.2 172.18.0.100 08/Oct/2025/19/28/54 GET /v1/AUTH_433aca961d4044a58192397d2bfb2ecb/gnocchi.93d35ae7-c91c-4828-bc94-a1d07e427f8d/none_v3 HTTP/1.0 404 - python-swiftclient-3.11.1 gAAAAABo5rsHjV_5... - 70 - tx63ccc190abaa4438a12ce-0068e6bb76 - 0.0130 - - 1759951734.228907824 1759951734.241916895 0
Oct 8 19:28:54 standalone account-server[131637]: 172.20.0.100 - - [08/Oct/2025:19:28:54 +0000] "PUT /d1/564/AUTH_433aca961d4044a58192397d2bfb2ecb/gnocchi.93d35ae7-c91c-4828-bc94-a1d07e427f8d" 201 - "PUT http://172.20.0.100:6001/d1/915/AUTH_433aca961d4044a58192397d2bfb2ecb/gnocchi.93d35ae7-c91c-4828-bc94-a1d07e427f8d" "tx1c52eb324595477396f8a-0068e6bb76" "container-server 15" 0.0519 "-" 19 0
Oct 8 19:28:54 standalone container-server[131727]: 172.20.0.100 - - [08/Oct/2025:19:28:54 +0000] "PUT /d1/915/AUTH_433aca961d4044a58192397d2bfb2ecb/gnocchi.93d35ae7-c91c-4828-bc94-a1d07e427f8d" 201 - "PUT http://172.18.0.2:8080/v1/AUTH_433aca961d4044a58192397d2bfb2ecb/gnocchi.93d35ae7-c91c-4828-bc94-a1d07e427f8d" "tx1c52eb324595477396f8a-0068e6bb76" "proxy-server 20" 0.0704 "-" 15 0
Oct 8 19:28:54 standalone proxy-server[134001]: 172.18.0.2 172.18.0.100 08/Oct/2025/19/28/54 PUT /v1/AUTH_433aca961d4044a58192397d2bfb2ecb/gnocchi.93d35ae7-c91c-4828-bc94-a1d07e427f8d HTTP/1.0 201 - python-swiftclient-3.11.1 gAAAAABo5rsHjV_5... - - - tx1c52eb324595477396f8a-0068e6bb76 - 0.0758 - - 1759951734.271371841 1759951734.347180605 0
Oct 8 19:28:54 standalone container-server[131718]: 172.20.0.100 - - [08/Oct/2025:19:28:54 +0000] "HEAD /d1/915/AUTH_433aca961d4044a58192397d2bfb2ecb/gnocchi.93d35ae7-c91c-4828-bc94-a1d07e427f8d" 204 - "HEAD http://172.18.0.2:8080/v1/AUTH_433aca961d4044a58192397d2bfb2ecb/gnocchi.93d35ae7-c91c-4828-bc94-a1d07e427f8d?format=json&states=listing" "tx282d0d858a224e1d80305-0068e6bb76" "proxy-server 20" 0.0023 "-" 10 0
Oct 8 19:28:54 standalone proxy-server[134001]: - - 08/Oct/2025/19/28/54 HEAD /v1/AUTH_433aca961d4044a58192397d2bfb2ecb/gnocchi.93d35ae7-c91c-4828-bc94-a1d07e427f8d%3Fformat%3Djson%26states%3Dlisting HTTP/1.0 204 - Swift - - - - tx282d0d858a224e1d80305-0068e6bb76 - 0.0116 RL - 1759951734.355726004 1759951734.367347002 0
Oct 8 19:28:54 standalone container-server[131744]: 172.20.0.100 - - [08/Oct/2025:19:28:54 +0000] "GET /d1/915/AUTH_433aca961d4044a58192397d2bfb2ecb/gnocchi.93d35ae7-c91c-4828-bc94-a1d07e427f8d" 200 2 "GET http://172.18.0.2:8080/v1/AUTH_433aca961d4044a58192397d2bfb2ecb/gnocchi.93d35ae7-c91c-4828-bc94-a1d07e427f8d?format=json&states=listing" "tx282d0d858a224e1d80305-0068e6bb76" "proxy-server 20" 0.0029 "-" 17 0
Oct 8 19:28:54 standalone proxy-server[134001]: 172.18.0.2 172.18.0.100 08/Oct/2025/19/28/54 GET /v1/AUTH_433aca961d4044a58192397d2bfb2ecb/gnocchi.93d35ae7-c91c-4828-bc94-a1d07e427f8d%3Fformat%3Djson%26states%3Dlisting HTTP/1.0 200 - python-swiftclient-3.11.1 gAAAAABo5rsHjV_5... - 2 - tx282d0d858a224e1d80305-0068e6bb76 - 0.0281 - - 1759951734.353546381 1759951734.381608009 0
Oct 8 19:28:54 standalone object-server[132411]: 172.20.0.100 - - [08/Oct/2025:19:28:54 +0000] "GET /d1/167/AUTH_433aca961d4044a58192397d2bfb2ecb/gnocchi.93d35ae7-c91c-4828-bc94-a1d07e427f8d/1759320000.0_mean_300.0_v3" 404 70 "GET http://172.18.0.2:8080/v1/AUTH_433aca961d4044a58192397d2bfb2ecb/gnocchi.93d35ae7-c91c-4828-bc94-a1d07e427f8d/1759320000.0_mean_300.0_v3" "tx90862fa503944906821ca-0068e6bb76" "proxy-server 20" 0.0004 "-" 23 0
Oct 8 19:28:54 standalone proxy-server[134001]: 172.18.0.2 172.18.0.100 08/Oct/2025/19/28/54 GET /v1/AUTH_433aca961d4044a58192397d2bfb2ecb/gnocchi.93d35ae7-c91c-4828-bc94-a1d07e427f8d/1759320000.0_mean_300.0_v3 HTTP/1.0 404 - python-swiftclient-3.11.1 gAAAAABo5rsHjV_5... - 70 - tx90862fa503944906821ca-0068e6bb76 - 0.0060 - - 1759951734.385874510 1759951734.391896725 0
Oct 8 19:28:54 standalone container-server[131743]: 172.20.0.100 - - [08/Oct/2025:19:28:54 +0000] "PUT /d1/915/AUTH_433aca961d4044a58192397d2bfb2ecb/gnocchi.93d35ae7-c91c-4828-bc94-a1d07e427f8d/1759320000.0_mean_300.0_v3" 201 - "PUT http://172.18.0.2:8080/d1/167/AUTH_433aca961d4044a58192397d2bfb2ecb/gnocchi.93d35ae7-c91c-4828-bc94-a1d07e427f8d/1759320000.0_mean_300.0_v3" "tx7937904d4f014990a8100-0068e6bb76" "object-server 25" 0.0008 "-" 16 0
Oct 8 19:28:54 standalone object-server[132425]: 172.20.0.100 - - [08/Oct/2025:19:28:54 +0000] "PUT /d1/167/AUTH_433aca961d4044a58192397d2bfb2ecb/gnocchi.93d35ae7-c91c-4828-bc94-a1d07e427f8d/1759320000.0_mean_300.0_v3" 201 - "PUT http://172.18.0.2:8080/v1/AUTH_433aca961d4044a58192397d2bfb2ecb/gnocchi.93d35ae7-c91c-4828-bc94-a1d07e427f8d/1759320000.0_mean_300.0_v3" "tx7937904d4f014990a8100-0068e6bb76" "proxy-server 20" 0.0111 "-" 25 0
Oct 8 19:28:54 standalone proxy-server[134001]: 172.18.0.2 172.18.0.100 08/Oct/2025/19/28/54 PUT /v1/AUTH_433aca961d4044a58192397d2bfb2ecb/gnocchi.93d35ae7-c91c-4828-bc94-a1d07e427f8d/1759320000.0_mean_300.0_v3 HTTP/1.0 201 - python-swiftclient-3.11.1 gAAAAABo5rsHjV_5... 16 - - tx7937904d4f014990a8100-0068e6bb76 - 0.0176 - - 1759951734.395230293 1759951734.412814140 0
Oct 8 19:28:54 standalone container-server[131743]: 172.20.0.100 - - [08/Oct/2025:19:28:54 +0000] "PUT /d1/915/AUTH_433aca961d4044a58192397d2bfb2ecb/gnocchi.93d35ae7-c91c-4828-bc94-a1d07e427f8d/none_v3" 201 - "PUT http://172.18.0.2:8080/d1/1011/AUTH_433aca961d4044a58192397d2bfb2ecb/gnocchi.93d35ae7-c91c-4828-bc94-a1d07e427f8d/none_v3" "tx239d143247f44ba48de92-0068e6bb76" "object-server 22" 0.0007 "-" 16 0
Oct 8 19:28:54 standalone object-server[132406]: 172.20.0.100 - - [08/Oct/2025:19:28:54 +0000] "PUT /d1/1011/AUTH_433aca961d4044a58192397d2bfb2ecb/gnocchi.93d35ae7-c91c-4828-bc94-a1d07e427f8d/none_v3" 201 - "PUT http://172.18.0.2:8080/v1/AUTH_433aca961d4044a58192397d2bfb2ecb/gnocchi.93d35ae7-c91c-4828-bc94-a1d07e427f8d/none_v3" "tx239d143247f44ba48de92-0068e6bb76" "proxy-server 20" 0.0516 "-" 22 0
Oct 8 19:28:54 standalone proxy-server[134001]: 172.18.0.2 172.18.0.100 08/Oct/2025/19/28/54 PUT /v1/AUTH_433aca961d4044a58192397d2bfb2ecb/gnocchi.93d35ae7-c91c-4828-bc94-a1d07e427f8d/none_v3 HTTP/1.0 201 - python-swiftclient-3.11.1 gAAAAABo5rsHjV_5... 22 - - tx239d143247f44ba48de92-0068e6bb76 - 0.0577 - - 1759951734.416125536 1759951734.473814249 0
Oct 8 19:28:54 standalone object-server[132425]: 172.20.0.100 - - [08/Oct/2025:19:28:54 +0000] "GET /d1/1011/AUTH_433aca961d4044a58192397d2bfb2ecb/gnocchi.93d35ae7-c91c-4828-bc94-a1d07e427f8d/none_v3" 200 22 "GET http://172.18.0.2:8080/v1/AUTH_433aca961d4044a58192397d2bfb2ecb/gnocchi.93d35ae7-c91c-4828-bc94-a1d07e427f8d/none_v3" "tx9810779368f74bc98cdad-0068e6bb76" "proxy-server 20" 0.0012 "-" 25 0
Oct 8 19:28:54 standalone proxy-server[134001]: 172.18.0.2 172.18.0.100 08/Oct/2025/19/28/54 GET /v1/AUTH_433aca961d4044a58192397d2bfb2ecb/gnocchi.93d35ae7-c91c-4828-bc94-a1d07e427f8d/none_v3 HTTP/1.0 200 - python-swiftclient-3.11.1 gAAAAABo5rsHjV_5... - 22 - tx9810779368f74bc98cdad-0068e6bb76 - 0.0116 - - 1759951734.602802753 1759951734.614428997 0
Oct 8 19:28:54 standalone container-server[131744]: 172.20.0.100 - - [08/Oct/2025:19:28:54 +0000] "GET /d1/915/AUTH_433aca961d4044a58192397d2bfb2ecb/gnocchi.93d35ae7-c91c-4828-bc94-a1d07e427f8d" 200 357 "GET http://172.18.0.2:8080/v1/AUTH_433aca961d4044a58192397d2bfb2ecb/gnocchi.93d35ae7-c91c-4828-bc94-a1d07e427f8d?format=json&states=listing" "tx97a41cbebedb4fcdb52e2-0068e6bb76" "proxy-server 20" 0.0574 "-" 17 0
Oct 8 19:28:54 standalone proxy-server[134001]: 172.18.0.2 172.18.0.100 08/Oct/2025/19/28/54 GET /v1/AUTH_433aca961d4044a58192397d2bfb2ecb/gnocchi.93d35ae7-c91c-4828-bc94-a1d07e427f8d%3Fformat%3Djson%26states%3Dlisting HTTP/1.0 200 - python-swiftclient-3.11.1 gAAAAABo5rsHjV_5... - 357 - tx97a41cbebedb4fcdb52e2-0068e6bb76 - 0.0691 - - 1759951734.620181084 1759951734.689276218 0
Oct 8 19:28:54 standalone container-server[131727]: 172.20.0.100 - - [08/Oct/2025:19:28:54 +0000] "GET /d1/915/AUTH_433aca961d4044a58192397d2bfb2ecb/gnocchi.93d35ae7-c91c-4828-bc94-a1d07e427f8d" 200 2 "GET http://172.18.0.2:8080/v1/AUTH_433aca961d4044a58192397d2bfb2ecb/gnocchi.93d35ae7-c91c-4828-bc94-a1d07e427f8d?format=json&marker=none_v3&states=listing" "tx1166e93cc70b473db6307-0068e6bb76" "proxy-server 20" 0.0043 "-" 15 0
Oct 8 19:28:54 standalone proxy-server[134001]: 172.18.0.2 172.18.0.100 08/Oct/2025/19/28/54 GET /v1/AUTH_433aca961d4044a58192397d2bfb2ecb/gnocchi.93d35ae7-c91c-4828-bc94-a1d07e427f8d%3Fformat%3Djson%26marker%3Dnone_v3%26states%3Dlisting HTTP/1.0 200 - python-swiftclient-3.11.1 gAAAAABo5rsHjV_5... - 2 - tx1166e93cc70b473db6307-0068e6bb76 - 0.0153 - - 1759951734.695044279 1759951734.710311651 0
Oct 8 19:28:54 standalone object-server[132418]: 172.20.0.100 - - [08/Oct/2025:19:28:54 +0000] "GET /d1/167/AUTH_433aca961d4044a58192397d2bfb2ecb/gnocchi.93d35ae7-c91c-4828-bc94-a1d07e427f8d/1759320000.0_mean_300.0_v3" 200 16 "GET http://172.18.0.2:8080/v1/AUTH_433aca961d4044a58192397d2bfb2ecb/gnocchi.93d35ae7-c91c-4828-bc94-a1d07e427f8d/1759320000.0_mean_300.0_v3" "tx34aa694d07c04200b5724-0068e6bb76" "proxy-server 20" 0.0008 "-" 24 0
Oct 8 19:28:54 standalone proxy-server[134001]: 172.18.0.2 172.18.0.100 08/Oct/2025/19/28/54 GET /v1/AUTH_433aca961d4044a58192397d2bfb2ecb/gnocchi.93d35ae7-c91c-4828-bc94-a1d07e427f8d/1759320000.0_mean_300.0_v3 HTTP/1.0 200 - python-swiftclient-3.11.1 gAAAAABo5rsHjV_5... - 16 - tx34aa694d07c04200b5724-0068e6bb76 - 0.0109 - - 1759951734.717706680 1759951734.728572369 0
Oct 8 19:28:54 standalone container-server[131727]: 172.20.0.100 - - [08/Oct/2025:19:28:54 +0000] "PUT /d1/915/AUTH_433aca961d4044a58192397d2bfb2ecb/gnocchi.93d35ae7-c91c-4828-bc94-a1d07e427f8d/1759320000.0_mean_300.0_v3" 201 - "PUT http://172.18.0.2:8080/d1/167/AUTH_433aca961d4044a58192397d2bfb2ecb/gnocchi.93d35ae7-c91c-4828-bc94-a1d07e427f8d/1759320000.0_mean_300.0_v3" "txc78d2447c6c040078a746-0068e6bb76" "object-server 22" 0.0008 "-" 15 0
Oct 8 19:28:54 standalone object-server[132406]: 172.20.0.100 - - [08/Oct/2025:19:28:54 +0000] "PUT /d1/167/AUTH_433aca961d4044a58192397d2bfb2ecb/gnocchi.93d35ae7-c91c-4828-bc94-a1d07e427f8d/1759320000.0_mean_300.0_v3" 201 - "PUT http://172.18.0.2:8080/v1/AUTH_433aca961d4044a58192397d2bfb2ecb/gnocchi.93d35ae7-c91c-4828-bc94-a1d07e427f8d/1759320000.0_mean_300.0_v3" "txc78d2447c6c040078a746-0068e6bb76" "proxy-server 20" 0.0768 "-" 22 0
Oct 8 19:28:54 standalone proxy-server[134001]: 172.18.0.2 172.18.0.100 08/Oct/2025/19/28/54 PUT /v1/AUTH_433aca961d4044a58192397d2bfb2ecb/gnocchi.93d35ae7-c91c-4828-bc94-a1d07e427f8d/1759320000.0_mean_300.0_v3 HTTP/1.0 201 - python-swiftclient-3.11.1 gAAAAABo5rsHjV_5... 16 - - txc78d2447c6c040078a746-0068e6bb76 - 0.0848 - - 1759951734.734380007 1759951734.819218159 0
Oct 8 19:28:54 standalone container-server[131727]: 172.20.0.100 - - [08/Oct/2025:19:28:54 +0000] "PUT /d1/915/AUTH_433aca961d4044a58192397d2bfb2ecb/gnocchi.93d35ae7-c91c-4828-bc94-a1d07e427f8d/none_v3" 201 - "PUT http://172.18.0.2:8080/d1/1011/AUTH_433aca961d4044a58192397d2bfb2ecb/gnocchi.93d35ae7-c91c-4828-bc94-a1d07e427f8d/none_v3" "txfa8b13e9a71e46329c128-0068e6bb76" "object-server 24" 0.0005 "-" 15 0
Oct 8 19:28:54 standalone object-server[132418]: 172.20.0.100 - - [08/Oct/2025:19:28:54 +0000] "PUT /d1/1011/AUTH_433aca961d4044a58192397d2bfb2ecb/gnocchi.93d35ae7-c91c-4828-bc94-a1d07e427f8d/none_v3" 201 - "PUT http://172.18.0.2:8080/v1/AUTH_433aca961d4044a58192397d2bfb2ecb/gnocchi.93d35ae7-c91c-4828-bc94-a1d07e427f8d/none_v3" "txfa8b13e9a71e46329c128-0068e6bb76" "proxy-server 20" 0.0090 "-" 24 0
Oct 8 19:28:54 standalone proxy-server[134001]: 172.18.0.2 172.18.0.100 08/Oct/2025/19/28/54 PUT /v1/AUTH_433aca961d4044a58192397d2bfb2ecb/gnocchi.93d35ae7-c91c-4828-bc94-a1d07e427f8d/none_v3 HTTP/1.0 201 - python-swiftclient-3.11.1 gAAAAABo5rsHjV_5... 31 - - txfa8b13e9a71e46329c128-0068e6bb76 - 0.0140 - - 1759951734.821757793 1759951734.835739374 0
Oct 8 19:29:00 standalone container-server[131945]: Begin container update sweep
Oct 8 19:29:00 standalone account-server[131650]: 172.20.0.100 - - [08/Oct/2025:19:29:00 +0000] "PUT /d1/564/AUTH_433aca961d4044a58192397d2bfb2ecb/gnocchi.5c25ff04-da45-4573-9f1c-45d8d69a31e4" 201 - "-" "-" "container-updater 2" 0.0010 "-" 20 0
Oct 8 19:29:01 standalone account-server[131631]: 172.20.0.100 - - [08/Oct/2025:19:29:01 +0000] "PUT /d1/564/AUTH_433aca961d4044a58192397d2bfb2ecb/gnocchi.bb3c14f2-4cf8-4873-9a35-6611d269baea" 201 - "-" "-" "container-updater 2" 0.0008 "-" 18 0
Oct 8 19:29:01 standalone account-server[131637]: 172.20.0.100 - - [08/Oct/2025:19:29:01 +0000] "PUT /d1/564/AUTH_433aca961d4044a58192397d2bfb2ecb/gnocchi.3d59fed8-8dd6-4323-bf76-93c207ad57a7" 201 - "-" "-" "container-updater 2" 0.0007 "-" 19 0
Oct 8 19:29:01 standalone account-server[131624]: 172.20.0.100 - - [08/Oct/2025:19:29:01 +0000] "PUT /d1/564/AUTH_433aca961d4044a58192397d2bfb2ecb/gnocchi.fa2199ce-f876-4941-899c-0ca56d247cd9" 201 - "-" "-" "container-updater 2" 0.0008 "-" 17 0
Oct 8 19:29:01 standalone account-server[131650]: 172.20.0.100 - - [08/Oct/2025:19:29:01 +0000] "PUT /d1/564/AUTH_433aca961d4044a58192397d2bfb2ecb/gnocchi.b16b58b9-5566-4589-9b7f-e953d72e95f7" 201 - "-" "-" "container-updater 2" 0.0006 "-" 20 0
Oct 8 19:29:01 standalone account-server[131650]: 172.20.0.100 - - [08/Oct/2025:19:29:01 +0000] "PUT /d1/564/AUTH_433aca961d4044a58192397d2bfb2ecb/gnocchi.6753f29d-02fd-4461-8bb0-dfcff55ae4ba" 201 - "-" "-" "container-updater 2" 0.0005 "-" 20 0
Oct 8 19:29:01 standalone account-server[131637]: 172.20.0.100 - - [08/Oct/2025:19:29:01 +0000] "PUT /d1/564/AUTH_433aca961d4044a58192397d2bfb2ecb/gnocchi.23534e41-6bcd-4d3a-8ede-bbc5369466ca" 201 - "-" "-" "container-updater 2" 0.0006 "-" 19 0
Oct 8 19:29:01 standalone account-server[131624]: 172.20.0.100 - - [08/Oct/2025:19:29:01 +0000] "PUT /d1/564/AUTH_433aca961d4044a58192397d2bfb2ecb/gnocchi.adc23044-28e2-4d0b-a4e9-8b15186ede61" 201 - "-" "-" "container-updater 2" 0.0006 "-" 17 0
Oct 8 19:29:01 standalone account-server[131637]: 172.20.0.100 - - [08/Oct/2025:19:29:01 +0000] "PUT /d1/564/AUTH_433aca961d4044a58192397d2bfb2ecb/gnocchi.3a8c8932-1a4b-4ada-9dff-24d0b39dd9d7" 201 - "-" "-" "container-updater 2" 0.0007 "-" 19 0
Oct 8 19:29:02 standalone account-server[131637]: 172.20.0.100 - - [08/Oct/2025:19:29:02 +0000] "PUT /d1/564/AUTH_433aca961d4044a58192397d2bfb2ecb/gnocchi.93d35ae7-c91c-4828-bc94-a1d07e427f8d" 201 - "-" "-" "container-updater 2" 0.0005 "-" 19 0
Oct 8 19:29:02 standalone account-server[131650]: 172.20.0.100 - - [08/Oct/2025:19:29:02 +0000] "PUT /d1/564/AUTH_433aca961d4044a58192397d2bfb2ecb/gnocchi.01aa2548-c00d-48a6-82b5-38d174f0d95f" 201 - "-" "-" "container-updater 2" 0.0008 "-" 20 0
Oct 8 19:29:02 standalone account-server[131624]: 172.20.0.100 - - [08/Oct/2025:19:29:02 +0000] "PUT /d1/564/AUTH_433aca961d4044a58192397d2bfb2ecb/gnocchi.3739bec6-f254-4c3a-a3f7-96e8ec40e538" 201 - "-" "-" "container-updater 2" 0.0008 "-" 17 0
Oct 8 19:29:02 standalone account-server[131624]: 172.20.0.100 - - [08/Oct/2025:19:29:02 +0000] "PUT /d1/564/AUTH_433aca961d4044a58192397d2bfb2ecb/gnocchi.4b21e0a1-e61b-4d9d-a281-f51cd4495c10" 201 - "-" "-" "container-updater 2" 0.0011 "-" 17 0
Oct 8 19:29:02 standalone account-server[131650]: 172.20.0.100 - - [08/Oct/2025:19:29:02 +0000] "PUT /d1/564/AUTH_433aca961d4044a58192397d2bfb2ecb/gnocchi.65f4849a-d4f1-42c5-bd6c-566cc814355b" 201 - "-" "-" "container-updater 2" 0.0006 "-" 20 0
Oct 8 19:29:02 standalone account-server[131631]: 172.20.0.100 - - [08/Oct/2025:19:29:02 +0000] "PUT /d1/564/AUTH_433aca961d4044a58192397d2bfb2ecb/gnocchi.d7c7b6f4-f404-44a7-b382-b9bf87a01788" 201 - "-" "-" "container-updater 2" 0.0008 "-" 18 0
Oct 8 19:29:02 standalone account-server[131631]: 172.20.0.100 - - [08/Oct/2025:19:29:02 +0000] "PUT /d1/564/AUTH_433aca961d4044a58192397d2bfb2ecb/gnocchi.6a1a7ec2-505f-4271-9103-ce6840721238" 201 - "-" "-" "container-updater 2" 0.0007 "-" 18 0
Oct 8 19:29:03 standalone account-server[131637]: 172.20.0.100 - - [08/Oct/2025:19:29:03 +0000] "PUT /d1/564/AUTH_433aca961d4044a58192397d2bfb2ecb/gnocchi.b7fb104a-eb97-4fec-a29a-b84a8c7162f9" 201 - "-" "-" "container-updater 2" 0.0006 "-" 19 0
