Nov 29 19:41:51 np0005539973.novalocal account-server[96855]: ::1 - - [30/Nov/2025:00:41:51 +0000] "PUT /3/39192/AUTH_d7431f1b3e4b40fe8ff42eb83afd437e/gnocchi.b544f4d3-e92f-461e-8455-61056c67adbc" 201 - "PUT http://[::1]:6001/3/211342/AUTH_d7431f1b3e4b40fe8ff42eb83afd437e/gnocchi.b544f4d3-e92f-461e-8455-61056c67adbc" "txc6694d2339a445d49af78-00692b92cf" "container-server 97148" 0.0043 "-" 96855 0
Nov 29 19:41:51 np0005539973.novalocal container-server[97150]: ::1 - - [30/Nov/2025:00:41:51 +0000] "PUT /3/223481/AUTH_d7431f1b3e4b40fe8ff42eb83afd437e/gnocchi.d566ef24-ef05-4c9b-ae40-801ae4181b37/none_v3" 201 - "PUT http://[::1]:8080/3/202590/AUTH_d7431f1b3e4b40fe8ff42eb83afd437e/gnocchi.d566ef24-ef05-4c9b-ae40-801ae4181b37/none_v3" "txae910ab1a90b415aaed52-00692b92cf" "object-server 97455" 0.0014 "-" 97150 0
Nov 29 19:41:51 np0005539973.novalocal container-server[97148]: ::1 - - [30/Nov/2025:00:41:51 +0000] "PUT /3/211342/AUTH_d7431f1b3e4b40fe8ff42eb83afd437e/gnocchi.b544f4d3-e92f-461e-8455-61056c67adbc" 201 - "PUT http://[::1]:8080/v1/AUTH_d7431f1b3e4b40fe8ff42eb83afd437e/gnocchi.b544f4d3-e92f-461e-8455-61056c67adbc" "txc6694d2339a445d49af78-00692b92cf" "proxy-server 90232" 0.0194 "-" 97148 0
Nov 29 19:41:51 np0005539973.novalocal object-server[97455]: ::1 - - [30/Nov/2025:00:41:51 +0000] "PUT /3/202590/AUTH_d7431f1b3e4b40fe8ff42eb83afd437e/gnocchi.d566ef24-ef05-4c9b-ae40-801ae4181b37/none_v3" 201 - "PUT http://[::1]:8080/v1/AUTH_d7431f1b3e4b40fe8ff42eb83afd437e/gnocchi.d566ef24-ef05-4c9b-ae40-801ae4181b37/none_v3" "txae910ab1a90b415aaed52-00692b92cf" "proxy-server 90231" 0.0296 "-" 97455 0
Nov 29 19:41:51 np0005539973.novalocal proxy-server[90231]: ::1 ::1 30/Nov/2025/00/41/51 PUT /v1/AUTH_d7431f1b3e4b40fe8ff42eb83afd437e/gnocchi.d566ef24-ef05-4c9b-ae40-801ae4181b37/none_v3 HTTP/1.0 201 - python-swiftclient-4.2.0 gAAAAABpK5KUEQfJ... 50 - - txae910ab1a90b415aaed52-00692b92cf - 0.0364 - - 1764463311.312731981 1764463311.349137306 0
Nov 29 19:41:51 np0005539973.novalocal account-server[96858]: ::1 - - [30/Nov/2025:00:41:51 +0000] "PUT /1/39192/AUTH_d7431f1b3e4b40fe8ff42eb83afd437e/gnocchi.b544f4d3-e92f-461e-8455-61056c67adbc" 201 - "PUT http://[::1]:6001/2/211342/AUTH_d7431f1b3e4b40fe8ff42eb83afd437e/gnocchi.b544f4d3-e92f-461e-8455-61056c67adbc" "txc6694d2339a445d49af78-00692b92cf" "container-server 97150" 0.0092 "-" 96858 0
Nov 29 19:41:51 np0005539973.novalocal container-server[97150]: ::1 - - [30/Nov/2025:00:41:51 +0000] "PUT /2/211342/AUTH_d7431f1b3e4b40fe8ff42eb83afd437e/gnocchi.b544f4d3-e92f-461e-8455-61056c67adbc" 201 - "PUT http://[::1]:8080/v1/AUTH_d7431f1b3e4b40fe8ff42eb83afd437e/gnocchi.b544f4d3-e92f-461e-8455-61056c67adbc" "txc6694d2339a445d49af78-00692b92cf" "proxy-server 90232" 0.0281 "-" 97150 0
Nov 29 19:41:51 np0005539973.novalocal proxy-server[90232]: ::1 ::1 30/Nov/2025/00/41/51 PUT /v1/AUTH_d7431f1b3e4b40fe8ff42eb83afd437e/gnocchi.b544f4d3-e92f-461e-8455-61056c67adbc HTTP/1.0 201 - python-swiftclient-4.2.0 gAAAAABpK5KUbDSc... - - - txc6694d2339a445d49af78-00692b92cf - 0.0375 - - 1764463311.322971344 1764463311.360491276 0
Nov 29 19:41:51 np0005539973.novalocal object-server[97452]: ::1 - - [30/Nov/2025:00:41:51 +0000] "GET /3/50046/AUTH_d7431f1b3e4b40fe8ff42eb83afd437e/gnocchi.cd4057d3-8f55-48a7-bbb6-5f658b6fabbc/none_v3" 200 31 "GET http://[::1]:8080/v1/AUTH_d7431f1b3e4b40fe8ff42eb83afd437e/gnocchi.cd4057d3-8f55-48a7-bbb6-5f658b6fabbc/none_v3" "txbec2ad4673bb4ddd95788-00692b92cf" "proxy-server 90232" 0.0005 "-" 97452 0
Nov 29 19:41:51 np0005539973.novalocal container-server[97149]: ::1 - - [30/Nov/2025:00:41:51 +0000] "HEAD /2/119344/AUTH_d7431f1b3e4b40fe8ff42eb83afd437e/gnocchi.96ba1d65-835f-49d1-bbcc-93ed9a8750c0" 404 - "HEAD http://[::1]:8080/v1/AUTH_d7431f1b3e4b40fe8ff42eb83afd437e/gnocchi.96ba1d65-835f-49d1-bbcc-93ed9a8750c0?format=json&states=listing" "txebc99a2366f2418c800f2-00692b92cf" "proxy-server 90231" 0.0004 "-" 97149 0
Nov 29 19:41:51 np0005539973.novalocal proxy-server[90232]: ::1 ::1 30/Nov/2025/00/41/51 GET /v1/AUTH_d7431f1b3e4b40fe8ff42eb83afd437e/gnocchi.cd4057d3-8f55-48a7-bbb6-5f658b6fabbc/none_v3 HTTP/1.0 200 - python-swiftclient-4.2.0 gAAAAABpK5KUbDSc... - 31 - txbec2ad4673bb4ddd95788-00692b92cf - 0.0098 - - 1764463311.363025427 1764463311.372845173 0
Nov 29 19:41:51 np0005539973.novalocal container-server[97151]: ::1 - - [30/Nov/2025:00:41:51 +0000] "HEAD /1/119344/AUTH_d7431f1b3e4b40fe8ff42eb83afd437e/gnocchi.96ba1d65-835f-49d1-bbcc-93ed9a8750c0" 404 - "HEAD http://[::1]:8080/v1/AUTH_d7431f1b3e4b40fe8ff42eb83afd437e/gnocchi.96ba1d65-835f-49d1-bbcc-93ed9a8750c0?format=json&states=listing" "txebc99a2366f2418c800f2-00692b92cf" "proxy-server 90231" 0.0004 "-" 97151 0
Nov 29 19:41:51 np0005539973.novalocal container-server[97148]: ::1 - - [30/Nov/2025:00:41:51 +0000] "HEAD /3/119344/AUTH_d7431f1b3e4b40fe8ff42eb83afd437e/gnocchi.96ba1d65-835f-49d1-bbcc-93ed9a8750c0" 404 - "HEAD http://[::1]:8080/v1/AUTH_d7431f1b3e4b40fe8ff42eb83afd437e/gnocchi.96ba1d65-835f-49d1-bbcc-93ed9a8750c0?format=json&states=listing" "txebc99a2366f2418c800f2-00692b92cf" "proxy-server 90231" 0.0004 "-" 97148 0
Nov 29 19:41:51 np0005539973.novalocal container-server[97151]: ::1 - - [30/Nov/2025:00:41:51 +0000] "HEAD /2/211342/AUTH_d7431f1b3e4b40fe8ff42eb83afd437e/gnocchi.b544f4d3-e92f-461e-8455-61056c67adbc" 204 - "HEAD http://[::1]:8080/v1/AUTH_d7431f1b3e4b40fe8ff42eb83afd437e/gnocchi.b544f4d3-e92f-461e-8455-61056c67adbc?format=json&states=listing" "tx596c9aa29e4541d8bacf5-00692b92cf" "proxy-server 90232" 0.0012 "-" 97151 0
Nov 29 19:41:51 np0005539973.novalocal object-server[97453]: ::1 - - [30/Nov/2025:00:41:51 +0000] "GET /1/258214/AUTH_d7431f1b3e4b40fe8ff42eb83afd437e/gnocchi.96ba1d65-835f-49d1-bbcc-93ed9a8750c0/none_v3" 404 70 "GET http://[::1]:8080/v1/AUTH_d7431f1b3e4b40fe8ff42eb83afd437e/gnocchi.96ba1d65-835f-49d1-bbcc-93ed9a8750c0/none_v3" "txebc99a2366f2418c800f2-00692b92cf" "proxy-server 90231" 0.0003 "-" 97453 0
Nov 29 19:41:51 np0005539973.novalocal object-server[97453]: ::1 - - [30/Nov/2025:00:41:51 +0000] "GET /2/258214/AUTH_d7431f1b3e4b40fe8ff42eb83afd437e/gnocchi.96ba1d65-835f-49d1-bbcc-93ed9a8750c0/none_v3" 404 70 "GET http://[::1]:8080/v1/AUTH_d7431f1b3e4b40fe8ff42eb83afd437e/gnocchi.96ba1d65-835f-49d1-bbcc-93ed9a8750c0/none_v3" "txebc99a2366f2418c800f2-00692b92cf" "proxy-server 90231" 0.0002 "-" 97453 0
Nov 29 19:41:51 np0005539973.novalocal object-server[97455]: ::1 - - [30/Nov/2025:00:41:51 +0000] "GET /3/258214/AUTH_d7431f1b3e4b40fe8ff42eb83afd437e/gnocchi.96ba1d65-835f-49d1-bbcc-93ed9a8750c0/none_v3" 404 70 "GET http://[::1]:8080/v1/AUTH_d7431f1b3e4b40fe8ff42eb83afd437e/gnocchi.96ba1d65-835f-49d1-bbcc-93ed9a8750c0/none_v3" "txebc99a2366f2418c800f2-00692b92cf" "proxy-server 90231" 0.0003 "-" 97455 0
Nov 29 19:41:51 np0005539973.novalocal proxy-server[90231]: ::1 ::1 30/Nov/2025/00/41/51 GET /v1/AUTH_d7431f1b3e4b40fe8ff42eb83afd437e/gnocchi.96ba1d65-835f-49d1-bbcc-93ed9a8750c0/none_v3 HTTP/1.0 404 - python-swiftclient-4.2.0 gAAAAABpK5KUEQfJ... - 70 - txebc99a2366f2418c800f2-00692b92cf - 0.0273 - - 1764463311.367451668 1764463311.394760847 0
Nov 29 19:41:51 np0005539973.novalocal container-server[97151]: ::1 - - [30/Nov/2025:00:41:51 +0000] "GET /1/211342/AUTH_d7431f1b3e4b40fe8ff42eb83afd437e/gnocchi.b544f4d3-e92f-461e-8455-61056c67adbc" 200 2 "GET http://[::1]:8080/v1/AUTH_d7431f1b3e4b40fe8ff42eb83afd437e/gnocchi.b544f4d3-e92f-461e-8455-61056c67adbc?format=json&states=listing" "tx596c9aa29e4541d8bacf5-00692b92cf" "proxy-server 90232" 0.0018 "-" 97151 0
Nov 29 19:41:51 np0005539973.novalocal proxy-server[90232]: ::1 ::1 30/Nov/2025/00/41/51 GET /v1/AUTH_d7431f1b3e4b40fe8ff42eb83afd437e/gnocchi.b544f4d3-e92f-461e-8455-61056c67adbc%3Fformat%3Djson%26states%3Dlisting HTTP/1.0 200 - python-swiftclient-4.2.0 gAAAAABpK5KUbDSc... - 2 - tx596c9aa29e4541d8bacf5-00692b92cf - 0.0232 - - 1764463311.375512362 1764463311.398710728 0
Nov 29 19:41:51 np0005539973.novalocal dnsmasq-dhcp[104702]: DHCPRELEASE(tap35082f68-fc) 10.100.0.12 fa:16:3e:69:ac:ef
Nov 29 19:41:51 np0005539973.novalocal dnsmasq-dhcp[104702]: DHCPRELEASE(tap35082f68-fc) 10.100.0.12 fa:16:3e:69:ac:ef unknown lease
Nov 29 19:41:51 np0005539973.novalocal container-server[97151]: ::1 - - [30/Nov/2025:00:41:51 +0000] "GET /1/163765/AUTH_d7431f1b3e4b40fe8ff42eb83afd437e/gnocchi.cd4057d3-8f55-48a7-bbb6-5f658b6fabbc" 200 357 "GET http://[::1]:8080/v1/AUTH_d7431f1b3e4b40fe8ff42eb83afd437e/gnocchi.cd4057d3-8f55-48a7-bbb6-5f658b6fabbc?format=json&states=listing" "txb95f404be4ec4c77938e4-00692b92cf" "proxy-server 90232" 0.0018 "-" 97151 0
Nov 29 19:41:51 np0005539973.novalocal proxy-server[90232]: ::1 ::1 30/Nov/2025/00/41/51 GET /v1/AUTH_d7431f1b3e4b40fe8ff42eb83afd437e/gnocchi.cd4057d3-8f55-48a7-bbb6-5f658b6fabbc%3Fformat%3Djson%26states%3Dlisting HTTP/1.0 200 - python-swiftclient-4.2.0 gAAAAABpK5KUbDSc... - 357 - txb95f404be4ec4c77938e4-00692b92cf - 0.0217 - - 1764463311.401973963 1764463311.423653603 0
Nov 29 19:41:51 np0005539973.novalocal account-server[96858]: ::1 - - [30/Nov/2025:00:41:51 +0000] "PUT /2/39192/AUTH_d7431f1b3e4b40fe8ff42eb83afd437e/gnocchi.96ba1d65-835f-49d1-bbcc-93ed9a8750c0" 201 - "PUT http://[::1]:6001/2/119344/AUTH_d7431f1b3e4b40fe8ff42eb83afd437e/gnocchi.96ba1d65-835f-49d1-bbcc-93ed9a8750c0" "txdb467e73a8ab4a6fadc50-00692b92cf" "container-server 97151" 0.0044 "-" 96858 0
Nov 29 19:41:51 np0005539973.novalocal container-server[97151]: ::1 - - [30/Nov/2025:00:41:51 +0000] "PUT /2/119344/AUTH_d7431f1b3e4b40fe8ff42eb83afd437e/gnocchi.96ba1d65-835f-49d1-bbcc-93ed9a8750c0" 201 - "PUT http://[::1]:8080/v1/AUTH_d7431f1b3e4b40fe8ff42eb83afd437e/gnocchi.96ba1d65-835f-49d1-bbcc-93ed9a8750c0" "txdb467e73a8ab4a6fadc50-00692b92cf" "proxy-server 90231" 0.0196 "-" 97151 0
Nov 29 19:41:51 np0005539973.novalocal account-server[96856]: ::1 - - [30/Nov/2025:00:41:51 +0000] "PUT /3/39192/AUTH_d7431f1b3e4b40fe8ff42eb83afd437e/gnocchi.96ba1d65-835f-49d1-bbcc-93ed9a8750c0" 201 - "PUT http://[::1]:6001/1/119344/AUTH_d7431f1b3e4b40fe8ff42eb83afd437e/gnocchi.96ba1d65-835f-49d1-bbcc-93ed9a8750c0" "txdb467e73a8ab4a6fadc50-00692b92cf" "container-server 97149" 0.0107 "-" 96856 0
Nov 29 19:41:51 np0005539973.novalocal container-server[97151]: ::1 - - [30/Nov/2025:00:41:51 +0000] "GET /1/163765/AUTH_d7431f1b3e4b40fe8ff42eb83afd437e/gnocchi.cd4057d3-8f55-48a7-bbb6-5f658b6fabbc" 200 2 "GET http://[::1]:8080/v1/AUTH_d7431f1b3e4b40fe8ff42eb83afd437e/gnocchi.cd4057d3-8f55-48a7-bbb6-5f658b6fabbc?format=json&marker=none_v3&states=listing" "tx5001a779bf654ec792f23-00692b92cf" "proxy-server 90232" 0.0018 "-" 97151 0
Nov 29 19:41:51 np0005539973.novalocal container-server[97149]: ::1 - - [30/Nov/2025:00:41:51 +0000] "PUT /1/119344/AUTH_d7431f1b3e4b40fe8ff42eb83afd437e/gnocchi.96ba1d65-835f-49d1-bbcc-93ed9a8750c0" 201 - "PUT http://[::1]:8080/v1/AUTH_d7431f1b3e4b40fe8ff42eb83afd437e/gnocchi.96ba1d65-835f-49d1-bbcc-93ed9a8750c0" "txdb467e73a8ab4a6fadc50-00692b92cf" "proxy-server 90231" 0.0268 "-" 97149 0
Nov 29 19:41:51 np0005539973.novalocal proxy-server[90232]: ::1 ::1 30/Nov/2025/00/41/51 GET /v1/AUTH_d7431f1b3e4b40fe8ff42eb83afd437e/gnocchi.cd4057d3-8f55-48a7-bbb6-5f658b6fabbc%3Fformat%3Djson%26marker%3Dnone_v3%26states%3Dlisting HTTP/1.0 200 - python-swiftclient-4.2.0 gAAAAABpK5KUbDSc... - 2 - tx5001a779bf654ec792f23-00692b92cf - 0.0071 - - 1764463311.425930500 1764463311.433030367 0
Nov 29 19:41:51 np0005539973.novalocal account-server[96856]: ::1 - - [30/Nov/2025:00:41:51 +0000] "PUT /1/39192/AUTH_d7431f1b3e4b40fe8ff42eb83afd437e/gnocchi.96ba1d65-835f-49d1-bbcc-93ed9a8750c0" 201 - "PUT http://[::1]:6001/3/119344/AUTH_d7431f1b3e4b40fe8ff42eb83afd437e/gnocchi.96ba1d65-835f-49d1-bbcc-93ed9a8750c0" "txdb467e73a8ab4a6fadc50-00692b92cf" "container-server 97148" 0.0047 "-" 96856 0
Nov 29 19:41:51 np0005539973.novalocal container-server[97148]: ::1 - - [30/Nov/2025:00:41:51 +0000] "PUT /3/119344/AUTH_d7431f1b3e4b40fe8ff42eb83afd437e/gnocchi.96ba1d65-835f-49d1-bbcc-93ed9a8750c0" 201 - "PUT http://[::1]:8080/v1/AUTH_d7431f1b3e4b40fe8ff42eb83afd437e/gnocchi.96ba1d65-835f-49d1-bbcc-93ed9a8750c0" "txdb467e73a8ab4a6fadc50-00692b92cf" "proxy-server 90231" 0.0327 "-" 97148 0
Nov 29 19:41:51 np0005539973.novalocal object-server[97453]: ::1 - - [30/Nov/2025:00:41:51 +0000] "GET /2/51411/AUTH_d7431f1b3e4b40fe8ff42eb83afd437e/gnocchi.b544f4d3-e92f-461e-8455-61056c67adbc/1763640000.0_mean_300.0_v3" 404 70 "GET http://[::1]:8080/v1/AUTH_d7431f1b3e4b40fe8ff42eb83afd437e/gnocchi.b544f4d3-e92f-461e-8455-61056c67adbc/1763640000.0_mean_300.0_v3" "tx26e5b4fcdeeb4e02b13b2-00692b92cf" "proxy-server 90232" 0.0003 "-" 97453 0
Nov 29 19:41:51 np0005539973.novalocal proxy-server[90231]: ::1 ::1 30/Nov/2025/00/41/51 PUT /v1/AUTH_d7431f1b3e4b40fe8ff42eb83afd437e/gnocchi.96ba1d65-835f-49d1-bbcc-93ed9a8750c0 HTTP/1.0 201 - python-swiftclient-4.2.0 gAAAAABpK5KUEQfJ... - - - txdb467e73a8ab4a6fadc50-00692b92cf - 0.0436 - - 1764463311.397741795 1764463311.441339970 0
Nov 29 19:41:51 np0005539973.novalocal object-server[97452]: ::1 - - [30/Nov/2025:00:41:51 +0000] "GET /1/51411/AUTH_d7431f1b3e4b40fe8ff42eb83afd437e/gnocchi.b544f4d3-e92f-461e-8455-61056c67adbc/1763640000.0_mean_300.0_v3" 404 70 "GET http://[::1]:8080/v1/AUTH_d7431f1b3e4b40fe8ff42eb83afd437e/gnocchi.b544f4d3-e92f-461e-8455-61056c67adbc/1763640000.0_mean_300.0_v3" "tx26e5b4fcdeeb4e02b13b2-00692b92cf" "proxy-server 90232" 0.0003 "-" 97452 0
Nov 29 19:41:51 np0005539973.novalocal object-server[97455]: ::1 - - [30/Nov/2025:00:41:51 +0000] "GET /3/51411/AUTH_d7431f1b3e4b40fe8ff42eb83afd437e/gnocchi.b544f4d3-e92f-461e-8455-61056c67adbc/1763640000.0_mean_300.0_v3" 404 70 "GET http://[::1]:8080/v1/AUTH_d7431f1b3e4b40fe8ff42eb83afd437e/gnocchi.b544f4d3-e92f-461e-8455-61056c67adbc/1763640000.0_mean_300.0_v3" "tx26e5b4fcdeeb4e02b13b2-00692b92cf" "proxy-server 90232" 0.0003 "-" 97455 0
Nov 29 19:41:51 np0005539973.novalocal proxy-server[90232]: ::1 ::1 30/Nov/2025/00/41/51 GET /v1/AUTH_d7431f1b3e4b40fe8ff42eb83afd437e/gnocchi.b544f4d3-e92f-461e-8455-61056c67adbc/1763640000.0_mean_300.0_v3 HTTP/1.0 404 - python-swiftclient-4.2.0 gAAAAABpK5KUbDSc... - 70 - tx26e5b4fcdeeb4e02b13b2-00692b92cf - 0.0104 - - 1764463311.435621738 1764463311.446003437 0
Nov 29 19:41:51 np0005539973.novalocal container-server[97151]: ::1 - - [30/Nov/2025:00:41:51 +0000] "HEAD /1/119344/AUTH_d7431f1b3e4b40fe8ff42eb83afd437e/gnocchi.96ba1d65-835f-49d1-bbcc-93ed9a8750c0" 204 - "HEAD http://[::1]:8080/v1/AUTH_d7431f1b3e4b40fe8ff42eb83afd437e/gnocchi.96ba1d65-835f-49d1-bbcc-93ed9a8750c0?format=json&states=listing" "txa39f3a6d1d3a4512adf67-00692b92cf" "proxy-server 90231" 0.0011 "-" 97151 0
Nov 29 19:41:51 np0005539973.novalocal object-server[97452]: ::1 - - [30/Nov/2025:00:41:51 +0000] "GET /1/248227/AUTH_d7431f1b3e4b40fe8ff42eb83afd437e/gnocchi.cd4057d3-8f55-48a7-bbb6-5f658b6fabbc/1763640000.0_mean_300.0_v3" 200 16 "GET http://[::1]:8080/v1/AUTH_d7431f1b3e4b40fe8ff42eb83afd437e/gnocchi.cd4057d3-8f55-48a7-bbb6-5f658b6fabbc/1763640000.0_mean_300.0_v3" "txa768258f917a4393ac771-00692b92cf" "proxy-server 90232" 0.0006 "-" 97452 0
Nov 29 19:41:51 np0005539973.novalocal container-server[97151]: ::1 - - [30/Nov/2025:00:41:51 +0000] "GET /1/119344/AUTH_d7431f1b3e4b40fe8ff42eb83afd437e/gnocchi.96ba1d65-835f-49d1-bbcc-93ed9a8750c0" 200 2 "GET http://[::1]:8080/v1/AUTH_d7431f1b3e4b40fe8ff42eb83afd437e/gnocchi.96ba1d65-835f-49d1-bbcc-93ed9a8750c0?format=json&states=listing" "txa39f3a6d1d3a4512adf67-00692b92cf" "proxy-server 90231" 0.0019 "-" 97151 0
Nov 29 19:41:51 np0005539973.novalocal proxy-server[90232]: ::1 ::1 30/Nov/2025/00/41/51 GET /v1/AUTH_d7431f1b3e4b40fe8ff42eb83afd437e/gnocchi.cd4057d3-8f55-48a7-bbb6-5f658b6fabbc/1763640000.0_mean_300.0_v3 HTTP/1.0 200 - python-swiftclient-4.2.0 gAAAAABpK5KUbDSc... - 16 - txa768258f917a4393ac771-00692b92cf - 0.0067 - - 1764463311.448270321 1764463311.454986811 0
Nov 29 19:41:51 np0005539973.novalocal proxy-server[90231]: ::1 ::1 30/Nov/2025/00/41/51 GET /v1/AUTH_d7431f1b3e4b40fe8ff42eb83afd437e/gnocchi.96ba1d65-835f-49d1-bbcc-93ed9a8750c0%3Fformat%3Djson%26states%3Dlisting HTTP/1.0 200 - python-swiftclient-4.2.0 gAAAAABpK5KUEQfJ... - 2 - txa39f3a6d1d3a4512adf67-00692b92cf - 0.0115 - - 1764463311.444706917 1764463311.456175566 0
Nov 29 19:41:51 np0005539973.novalocal object-server[97455]: ::1 - - [30/Nov/2025:00:41:51 +0000] "GET /1/150778/AUTH_d7431f1b3e4b40fe8ff42eb83afd437e/gnocchi.96ba1d65-835f-49d1-bbcc-93ed9a8750c0/1763640000.0_mean_300.0_v3" 404 70 "GET http://[::1]:8080/v1/AUTH_d7431f1b3e4b40fe8ff42eb83afd437e/gnocchi.96ba1d65-835f-49d1-bbcc-93ed9a8750c0/1763640000.0_mean_300.0_v3" "txa79dc324cd0f43879833b-00692b92cf" "proxy-server 90231" 0.0003 "-" 97455 0
Nov 29 19:41:51 np0005539973.novalocal object-server[97455]: ::1 - - [30/Nov/2025:00:41:51 +0000] "GET /3/150778/AUTH_d7431f1b3e4b40fe8ff42eb83afd437e/gnocchi.96ba1d65-835f-49d1-bbcc-93ed9a8750c0/1763640000.0_mean_300.0_v3" 404 70 "GET http://[::1]:8080/v1/AUTH_d7431f1b3e4b40fe8ff42eb83afd437e/gnocchi.96ba1d65-835f-49d1-bbcc-93ed9a8750c0/1763640000.0_mean_300.0_v3" "txa79dc324cd0f43879833b-00692b92cf" "proxy-server 90231" 0.0001 "-" 97455 0
Nov 29 19:41:51 np0005539973.novalocal object-server[97454]: ::1 - - [30/Nov/2025:00:41:51 +0000] "GET /2/150778/AUTH_d7431f1b3e4b40fe8ff42eb83afd437e/gnocchi.96ba1d65-835f-49d1-bbcc-93ed9a8750c0/1763640000.0_mean_300.0_v3" 404 70 "GET http://[::1]:8080/v1/AUTH_d7431f1b3e4b40fe8ff42eb83afd437e/gnocchi.96ba1d65-835f-49d1-bbcc-93ed9a8750c0/1763640000.0_mean_300.0_v3" "txa79dc324cd0f43879833b-00692b92cf" "proxy-server 90231" 0.0002 "-" 97454 0
Nov 29 19:41:51 np0005539973.novalocal proxy-server[90231]: ::1 ::1 30/Nov/2025/00/41/51 GET /v1/AUTH_d7431f1b3e4b40fe8ff42eb83afd437e/gnocchi.96ba1d65-835f-49d1-bbcc-93ed9a8750c0/1763640000.0_mean_300.0_v3 HTTP/1.0 404 - python-swiftclient-4.2.0 gAAAAABpK5KUEQfJ... - 70 - txa79dc324cd0f43879833b-00692b92cf - 0.0075 - - 1764463311.459190369 1764463311.466732979 0
Nov 29 19:41:51 np0005539973.novalocal container-server[97151]: ::1 - - [30/Nov/2025:00:41:51 +0000] "PUT /3/211342/AUTH_d7431f1b3e4b40fe8ff42eb83afd437e/gnocchi.b544f4d3-e92f-461e-8455-61056c67adbc/1763640000.0_mean_300.0_v3" 201 - "PUT http://[::1]:8080/2/51411/AUTH_d7431f1b3e4b40fe8ff42eb83afd437e/gnocchi.b544f4d3-e92f-461e-8455-61056c67adbc/1763640000.0_mean_300.0_v3" "tx58f76f8740f0419fa6dc2-00692b92cf" "object-server 97455" 0.0006 "-" 97151 0
Nov 29 19:41:51 np0005539973.novalocal container-server[97151]: ::1 - - [30/Nov/2025:00:41:51 +0000] "PUT /2/211342/AUTH_d7431f1b3e4b40fe8ff42eb83afd437e/gnocchi.b544f4d3-e92f-461e-8455-61056c67adbc/1763640000.0_mean_300.0_v3" 201 - "PUT http://[::1]:8080/3/51411/AUTH_d7431f1b3e4b40fe8ff42eb83afd437e/gnocchi.b544f4d3-e92f-461e-8455-61056c67adbc/1763640000.0_mean_300.0_v3" "tx58f76f8740f0419fa6dc2-00692b92cf" "object-server 97453" 0.0005 "-" 97151 0
Nov 29 19:41:51 np0005539973.novalocal object-server[97455]: ::1 - - [30/Nov/2025:00:41:51 +0000] "PUT /2/51411/AUTH_d7431f1b3e4b40fe8ff42eb83afd437e/gnocchi.b544f4d3-e92f-461e-8455-61056c67adbc/1763640000.0_mean_300.0_v3" 201 - "PUT http://[::1]:8080/v1/AUTH_d7431f1b3e4b40fe8ff42eb83afd437e/gnocchi.b544f4d3-e92f-461e-8455-61056c67adbc/1763640000.0_mean_300.0_v3" "tx58f76f8740f0419fa6dc2-00692b92cf" "proxy-server 90232" 0.0146 "-" 97455 0
Nov 29 19:41:51 np0005539973.novalocal container-server[97151]: ::1 - - [30/Nov/2025:00:41:51 +0000] "PUT /1/211342/AUTH_d7431f1b3e4b40fe8ff42eb83afd437e/gnocchi.b544f4d3-e92f-461e-8455-61056c67adbc/1763640000.0_mean_300.0_v3" 201 - "PUT http://[::1]:8080/1/51411/AUTH_d7431f1b3e4b40fe8ff42eb83afd437e/gnocchi.b544f4d3-e92f-461e-8455-61056c67adbc/1763640000.0_mean_300.0_v3" "tx58f76f8740f0419fa6dc2-00692b92cf" "object-server 97452" 0.0003 "-" 97151 0
Nov 29 19:41:51 np0005539973.novalocal object-server[97453]: ::1 - - [30/Nov/2025:00:41:51 +0000] "PUT /3/51411/AUTH_d7431f1b3e4b40fe8ff42eb83afd437e/gnocchi.b544f4d3-e92f-461e-8455-61056c67adbc/1763640000.0_mean_300.0_v3" 201 - "PUT http://[::1]:8080/v1/AUTH_d7431f1b3e4b40fe8ff42eb83afd437e/gnocchi.b544f4d3-e92f-461e-8455-61056c67adbc/1763640000.0_mean_300.0_v3" "tx58f76f8740f0419fa6dc2-00692b92cf" "proxy-server 90232" 0.0108 "-" 97453 0
Nov 29 19:41:51 np0005539973.novalocal object-server[97452]: ::1 - - [30/Nov/2025:00:41:51 +0000] "PUT /1/51411/AUTH_d7431f1b3e4b40fe8ff42eb83afd437e/gnocchi.b544f4d3-e92f-461e-8455-61056c67adbc/1763640000.0_mean_300.0_v3" 201 - "PUT http://[::1]:8080/v1/AUTH_d7431f1b3e4b40fe8ff42eb83afd437e/gnocchi.b544f4d3-e92f-461e-8455-61056c67adbc/1763640000.0_mean_300.0_v3" "tx58f76f8740f0419fa6dc2-00692b92cf" "proxy-server 90232" 0.0167 "-" 97452 0
Nov 29 19:41:51 np0005539973.novalocal proxy-server[90232]: ::1 ::1 30/Nov/2025/00/41/51 PUT /v1/AUTH_d7431f1b3e4b40fe8ff42eb83afd437e/gnocchi.b544f4d3-e92f-461e-8455-61056c67adbc/1763640000.0_mean_300.0_v3 HTTP/1.0 201 - python-swiftclient-4.2.0 gAAAAABpK5KUbDSc... 16 - - tx58f76f8740f0419fa6dc2-00692b92cf - 0.0240 - - 1764463311.459849834 1764463311.483843803 0
Nov 29 19:41:51 np0005539973.novalocal container-server[97150]: ::1 - - [30/Nov/2025:00:41:51 +0000] "PUT /2/119344/AUTH_d7431f1b3e4b40fe8ff42eb83afd437e/gnocchi.96ba1d65-835f-49d1-bbcc-93ed9a8750c0/1763640000.0_mean_300.0_v3" 201 - "PUT http://[::1]:8080/2/150778/AUTH_d7431f1b3e4b40fe8ff42eb83afd437e/gnocchi.96ba1d65-835f-49d1-bbcc-93ed9a8750c0/1763640000.0_mean_300.0_v3" "tx193a61e7666b45a4827f6-00692b92cf" "object-server 97453" 0.0005 "-" 97150 0
Nov 29 19:41:51 np0005539973.novalocal object-server[97453]: ::1 - - [30/Nov/2025:00:41:51 +0000] "PUT /2/150778/AUTH_d7431f1b3e4b40fe8ff42eb83afd437e/gnocchi.96ba1d65-835f-49d1-bbcc-93ed9a8750c0/1763640000.0_mean_300.0_v3" 201 - "PUT http://[::1]:8080/v1/AUTH_d7431f1b3e4b40fe8ff42eb83afd437e/gnocchi.96ba1d65-835f-49d1-bbcc-93ed9a8750c0/1763640000.0_mean_300.0_v3" "tx193a61e7666b45a4827f6-00692b92cf" "proxy-server 90231" 0.0145 "-" 97453 0
Nov 29 19:41:51 np0005539973.novalocal container-server[97151]: ::1 - - [30/Nov/2025:00:41:51 +0000] "PUT /1/119344/AUTH_d7431f1b3e4b40fe8ff42eb83afd437e/gnocchi.96ba1d65-835f-49d1-bbcc-93ed9a8750c0/1763640000.0_mean_300.0_v3" 201 - "PUT http://[::1]:8080/1/150778/AUTH_d7431f1b3e4b40fe8ff42eb83afd437e/gnocchi.96ba1d65-835f-49d1-bbcc-93ed9a8750c0/1763640000.0_mean_300.0_v3" "tx193a61e7666b45a4827f6-00692b92cf" "object-server 97454" 0.0005 "-" 97151 0
Nov 29 19:41:51 np0005539973.novalocal container-server[97149]: ::1 - - [30/Nov/2025:00:41:51 +0000] "PUT /3/119344/AUTH_d7431f1b3e4b40fe8ff42eb83afd437e/gnocchi.96ba1d65-835f-49d1-bbcc-93ed9a8750c0/1763640000.0_mean_300.0_v3" 201 - "PUT http://[::1]:8080/3/150778/AUTH_d7431f1b3e4b40fe8ff42eb83afd437e/gnocchi.96ba1d65-835f-49d1-bbcc-93ed9a8750c0/1763640000.0_mean_300.0_v3" "tx193a61e7666b45a4827f6-00692b92cf" "object-server 97454" 0.0006 "-" 97149 0
Nov 29 19:41:51 np0005539973.novalocal dnsmasq-dhcp[104146]: DHCPRELEASE(tap3a031b3f-ee) 10.100.0.12 fa:16:3e:74:1a:95
Nov 29 19:41:51 np0005539973.novalocal object-server[97454]: ::1 - - [30/Nov/2025:00:41:51 +0000] "PUT /3/150778/AUTH_d7431f1b3e4b40fe8ff42eb83afd437e/gnocchi.96ba1d65-835f-49d1-bbcc-93ed9a8750c0/1763640000.0_mean_300.0_v3" 201 - "PUT http://[::1]:8080/v1/AUTH_d7431f1b3e4b40fe8ff42eb83afd437e/gnocchi.96ba1d65-835f-49d1-bbcc-93ed9a8750c0/1763640000.0_mean_300.0_v3" "tx193a61e7666b45a4827f6-00692b92cf" "proxy-server 90231" 0.0175 "-" 97454 0
Nov 29 19:41:51 np0005539973.novalocal object-server[97454]: ::1 - - [30/Nov/2025:00:41:51 +0000] "PUT /1/150778/AUTH_d7431f1b3e4b40fe8ff42eb83afd437e/gnocchi.96ba1d65-835f-49d1-bbcc-93ed9a8750c0/1763640000.0_mean_300.0_v3" 201 - "PUT http://[::1]:8080/v1/AUTH_d7431f1b3e4b40fe8ff42eb83afd437e/gnocchi.96ba1d65-835f-49d1-bbcc-93ed9a8750c0/1763640000.0_mean_300.0_v3" "tx193a61e7666b45a4827f6-00692b92cf" "proxy-server 90231" 0.0214 "-" 97454 0
Nov 29 19:41:51 np0005539973.novalocal proxy-server[90231]: ::1 ::1 30/Nov/2025/00/41/51 PUT /v1/AUTH_d7431f1b3e4b40fe8ff42eb83afd437e/gnocchi.96ba1d65-835f-49d1-bbcc-93ed9a8750c0/1763640000.0_mean_300.0_v3 HTTP/1.0 201 - python-swiftclient-4.2.0 gAAAAABpK5KUEQfJ... 16 - - tx193a61e7666b45a4827f6-00692b92cf - 0.0292 - - 1764463311.468805790 1764463311.498036623 0
Nov 29 19:41:51 np0005539973.novalocal container-server[97149]: ::1 - - [30/Nov/2025:00:41:51 +0000] "PUT /3/163765/AUTH_d7431f1b3e4b40fe8ff42eb83afd437e/gnocchi.cd4057d3-8f55-48a7-bbb6-5f658b6fabbc/1763640000.0_mean_300.0_v3" 201 - "PUT http://[::1]:8080/1/248227/AUTH_d7431f1b3e4b40fe8ff42eb83afd437e/gnocchi.cd4057d3-8f55-48a7-bbb6-5f658b6fabbc/1763640000.0_mean_300.0_v3" "tx4f7fe5040eae4983bd3c3-00692b92cf" "object-server 97452" 0.0005 "-" 97149 0
Nov 29 19:41:51 np0005539973.novalocal object-server[97452]: ::1 - - [30/Nov/2025:00:41:51 +0000] "PUT /1/248227/AUTH_d7431f1b3e4b40fe8ff42eb83afd437e/gnocchi.cd4057d3-8f55-48a7-bbb6-5f658b6fabbc/1763640000.0_mean_300.0_v3" 201 - "PUT http://[::1]:8080/v1/AUTH_d7431f1b3e4b40fe8ff42eb83afd437e/gnocchi.cd4057d3-8f55-48a7-bbb6-5f658b6fabbc/1763640000.0_mean_300.0_v3" "tx4f7fe5040eae4983bd3c3-00692b92cf" "proxy-server 90232" 0.0101 "-" 97452 0
Nov 29 19:41:51 np0005539973.novalocal container-server[97151]: ::1 - - [30/Nov/2025:00:41:51 +0000] "PUT /1/163765/AUTH_d7431f1b3e4b40fe8ff42eb83afd437e/gnocchi.cd4057d3-8f55-48a7-bbb6-5f658b6fabbc/1763640000.0_mean_300.0_v3" 201 - "PUT http://[::1]:8080/3/248227/AUTH_d7431f1b3e4b40fe8ff42eb83afd437e/gnocchi.cd4057d3-8f55-48a7-bbb6-5f658b6fabbc/1763640000.0_mean_300.0_v3" "tx4f7fe5040eae4983bd3c3-00692b92cf" "object-server 97454" 0.0005 "-" 97151 0
Nov 29 19:41:51 np0005539973.novalocal dnsmasq-dhcp[104146]: DHCPRELEASE(tap3a031b3f-ee) 10.100.0.12 fa:16:3e:74:1a:95 unknown lease
Nov 29 19:41:51 np0005539973.novalocal container-server[97151]: ::1 - - [30/Nov/2025:00:41:51 +0000] "PUT /2/163765/AUTH_d7431f1b3e4b40fe8ff42eb83afd437e/gnocchi.cd4057d3-8f55-48a7-bbb6-5f658b6fabbc/1763640000.0_mean_300.0_v3" 201 - "PUT http://[::1]:8080/2/248227/AUTH_d7431f1b3e4b40fe8ff42eb83afd437e/gnocchi.cd4057d3-8f55-48a7-bbb6-5f658b6fabbc/1763640000.0_mean_300.0_v3" "tx4f7fe5040eae4983bd3c3-00692b92cf" "object-server 97454" 0.0003 "-" 97151 0
Nov 29 19:41:51 np0005539973.novalocal object-server[97454]: ::1 - - [30/Nov/2025:00:41:51 +0000] "PUT /3/248227/AUTH_d7431f1b3e4b40fe8ff42eb83afd437e/gnocchi.cd4057d3-8f55-48a7-bbb6-5f658b6fabbc/1763640000.0_mean_300.0_v3" 201 - "PUT http://[::1]:8080/v1/AUTH_d7431f1b3e4b40fe8ff42eb83afd437e/gnocchi.cd4057d3-8f55-48a7-bbb6-5f658b6fabbc/1763640000.0_mean_300.0_v3" "tx4f7fe5040eae4983bd3c3-00692b92cf" "proxy-server 90232" 0.0126 "-" 97454 0
Nov 29 19:41:51 np0005539973.novalocal object-server[97454]: ::1 - - [30/Nov/2025:00:41:51 +0000] "PUT /2/248227/AUTH_d7431f1b3e4b40fe8ff42eb83afd437e/gnocchi.cd4057d3-8f55-48a7-bbb6-5f658b6fabbc/1763640000.0_mean_300.0_v3" 201 - "PUT http://[::1]:8080/v1/AUTH_d7431f1b3e4b40fe8ff42eb83afd437e/gnocchi.cd4057d3-8f55-48a7-bbb6-5f658b6fabbc/1763640000.0_mean_300.0_v3" "tx4f7fe5040eae4983bd3c3-00692b92cf" "proxy-server 90232" 0.0158 "-" 97454 0
Nov 29 19:41:51 np0005539973.novalocal proxy-server[90232]: ::1 ::1 30/Nov/2025/00/41/51 PUT /v1/AUTH_d7431f1b3e4b40fe8ff42eb83afd437e/gnocchi.cd4057d3-8f55-48a7-bbb6-5f658b6fabbc/1763640000.0_mean_300.0_v3 HTTP/1.0 201 - python-swiftclient-4.2.0 gAAAAABpK5KUbDSc... 16 - - tx4f7fe5040eae4983bd3c3-00692b92cf - 0.0267 - - 1764463311.485942125 1764463311.512634993 0
Nov 29 19:41:51 np0005539973.novalocal container-server[97149]: ::1 - - [30/Nov/2025:00:41:51 +0000] "PUT /2/119344/AUTH_d7431f1b3e4b40fe8ff42eb83afd437e/gnocchi.96ba1d65-835f-49d1-bbcc-93ed9a8750c0/none_v3" 201 - "PUT http://[::1]:8080/3/258214/AUTH_d7431f1b3e4b40fe8ff42eb83afd437e/gnocchi.96ba1d65-835f-49d1-bbcc-93ed9a8750c0/none_v3" "tx27c83f62fcdc4187aef29-00692b92cf" "object-server 97452" 0.0005 "-" 97149 0
Nov 29 19:41:51 np0005539973.novalocal object-server[97452]: ::1 - - [30/Nov/2025:00:41:51 +0000] "PUT /3/258214/AUTH_d7431f1b3e4b40fe8ff42eb83afd437e/gnocchi.96ba1d65-835f-49d1-bbcc-93ed9a8750c0/none_v3" 201 - "PUT http://[::1]:8080/v1/AUTH_d7431f1b3e4b40fe8ff42eb83afd437e/gnocchi.96ba1d65-835f-49d1-bbcc-93ed9a8750c0/none_v3" "tx27c83f62fcdc4187aef29-00692b92cf" "proxy-server 90231" 0.0121 "-" 97452 0
Nov 29 19:41:51 np0005539973.novalocal container-server[97149]: ::1 - - [30/Nov/2025:00:41:51 +0000] "PUT /3/119344/AUTH_d7431f1b3e4b40fe8ff42eb83afd437e/gnocchi.96ba1d65-835f-49d1-bbcc-93ed9a8750c0/none_v3" 201 - "PUT http://[::1]:8080/2/258214/AUTH_d7431f1b3e4b40fe8ff42eb83afd437e/gnocchi.96ba1d65-835f-49d1-bbcc-93ed9a8750c0/none_v3" "tx27c83f62fcdc4187aef29-00692b92cf" "object-server 97452" 0.0003 "-" 97149 0
Nov 29 19:41:51 np0005539973.novalocal object-server[97452]: ::1 - - [30/Nov/2025:00:41:51 +0000] "PUT /2/258214/AUTH_d7431f1b3e4b40fe8ff42eb83afd437e/gnocchi.96ba1d65-835f-49d1-bbcc-93ed9a8750c0/none_v3" 201 - "PUT http://[::1]:8080/v1/AUTH_d7431f1b3e4b40fe8ff42eb83afd437e/gnocchi.96ba1d65-835f-49d1-bbcc-93ed9a8750c0/none_v3" "tx27c83f62fcdc4187aef29-00692b92cf" "proxy-server 90231" 0.0111 "-" 97452 0
Nov 29 19:41:51 np0005539973.novalocal container-server[97151]: ::1 - - [30/Nov/2025:00:41:51 +0000] "PUT /1/119344/AUTH_d7431f1b3e4b40fe8ff42eb83afd437e/gnocchi.96ba1d65-835f-49d1-bbcc-93ed9a8750c0/none_v3" 201 - "PUT http://[::1]:8080/1/258214/AUTH_d7431f1b3e4b40fe8ff42eb83afd437e/gnocchi.96ba1d65-835f-49d1-bbcc-93ed9a8750c0/none_v3" "tx27c83f62fcdc4187aef29-00692b92cf" "object-server 97455" 0.0004 "-" 97151 0
Nov 29 19:41:51 np0005539973.novalocal object-server[97455]: ::1 - - [30/Nov/2025:00:41:51 +0000] "PUT /1/258214/AUTH_d7431f1b3e4b40fe8ff42eb83afd437e/gnocchi.96ba1d65-835f-49d1-bbcc-93ed9a8750c0/none_v3" 201 - "PUT http://[::1]:8080/v1/AUTH_d7431f1b3e4b40fe8ff42eb83afd437e/gnocchi.96ba1d65-835f-49d1-bbcc-93ed9a8750c0/none_v3" "tx27c83f62fcdc4187aef29-00692b92cf" "proxy-server 90231" 0.0187 "-" 97455 0
Nov 29 19:41:51 np0005539973.novalocal proxy-server[90231]: ::1 ::1 30/Nov/2025/00/41/51 PUT /v1/AUTH_d7431f1b3e4b40fe8ff42eb83afd437e/gnocchi.96ba1d65-835f-49d1-bbcc-93ed9a8750c0/none_v3 HTTP/1.0 201 - python-swiftclient-4.2.0 gAAAAABpK5KUEQfJ... 22 - - tx27c83f62fcdc4187aef29-00692b92cf - 0.0255 - - 1764463311.500588655 1764463311.526106834 0
Nov 29 19:41:51 np0005539973.novalocal container-server[97151]: ::1 - - [30/Nov/2025:00:41:51 +0000] "PUT /3/211342/AUTH_d7431f1b3e4b40fe8ff42eb83afd437e/gnocchi.b544f4d3-e92f-461e-8455-61056c67adbc/none_v3" 201 - "PUT http://[::1]:8080/1/255346/AUTH_d7431f1b3e4b40fe8ff42eb83afd437e/gnocchi.b544f4d3-e92f-461e-8455-61056c67adbc/none_v3" "txa8755f4b369d462ba11b3-00692b92cf" "object-server 97453" 0.0005 "-" 97151 0
Nov 29 19:41:51 np0005539973.novalocal container-server[97149]: ::1 - - [30/Nov/2025:00:41:51 +0000] "PUT /1/211342/AUTH_d7431f1b3e4b40fe8ff42eb83afd437e/gnocchi.b544f4d3-e92f-461e-8455-61056c67adbc/none_v3" 201 - "PUT http://[::1]:8080/3/255346/AUTH_d7431f1b3e4b40fe8ff42eb83afd437e/gnocchi.b544f4d3-e92f-461e-8455-61056c67adbc/none_v3" "txa8755f4b369d462ba11b3-00692b92cf" "object-server 97452" 0.0004 "-" 97149 0
Nov 29 19:41:51 np0005539973.novalocal object-server[97453]: ::1 - - [30/Nov/2025:00:41:51 +0000] "PUT /1/255346/AUTH_d7431f1b3e4b40fe8ff42eb83afd437e/gnocchi.b544f4d3-e92f-461e-8455-61056c67adbc/none_v3" 201 - "PUT http://[::1]:8080/v1/AUTH_d7431f1b3e4b40fe8ff42eb83afd437e/gnocchi.b544f4d3-e92f-461e-8455-61056c67adbc/none_v3" "txa8755f4b369d462ba11b3-00692b92cf" "proxy-server 90232" 0.0103 "-" 97453 0
Nov 29 19:41:51 np0005539973.novalocal object-server[97452]: ::1 - - [30/Nov/2025:00:41:51 +0000] "PUT /3/255346/AUTH_d7431f1b3e4b40fe8ff42eb83afd437e/gnocchi.b544f4d3-e92f-461e-8455-61056c67adbc/none_v3" 201 - "PUT http://[::1]:8080/v1/AUTH_d7431f1b3e4b40fe8ff42eb83afd437e/gnocchi.b544f4d3-e92f-461e-8455-61056c67adbc/none_v3" "txa8755f4b369d462ba11b3-00692b92cf" "proxy-server 90232" 0.0106 "-" 97452 0
Nov 29 19:41:51 np0005539973.novalocal container-server[97149]: ::1 - - [30/Nov/2025:00:41:51 +0000] "PUT /2/211342/AUTH_d7431f1b3e4b40fe8ff42eb83afd437e/gnocchi.b544f4d3-e92f-461e-8455-61056c67adbc/none_v3" 201 - "PUT http://[::1]:8080/2/255346/AUTH_d7431f1b3e4b40fe8ff42eb83afd437e/gnocchi.b544f4d3-e92f-461e-8455-61056c67adbc/none_v3" "txa8755f4b369d462ba11b3-00692b92cf" "object-server 97454" 0.0003 "-" 97149 0
Nov 29 19:41:51 np0005539973.novalocal object-server[97454]: ::1 - - [30/Nov/2025:00:41:51 +0000] "PUT /2/255346/AUTH_d7431f1b3e4b40fe8ff42eb83afd437e/gnocchi.b544f4d3-e92f-461e-8455-61056c67adbc/none_v3" 201 - "PUT http://[::1]:8080/v1/AUTH_d7431f1b3e4b40fe8ff42eb83afd437e/gnocchi.b544f4d3-e92f-461e-8455-61056c67adbc/none_v3" "txa8755f4b369d462ba11b3-00692b92cf" "proxy-server 90232" 0.0098 "-" 97454 0
Nov 29 19:41:51 np0005539973.novalocal proxy-server[90232]: ::1 ::1 30/Nov/2025/00/41/51 PUT /v1/AUTH_d7431f1b3e4b40fe8ff42eb83afd437e/gnocchi.b544f4d3-e92f-461e-8455-61056c67adbc/none_v3 HTTP/1.0 201 - python-swiftclient-4.2.0 gAAAAABpK5KUbDSc... 22 - - txa8755f4b369d462ba11b3-00692b92cf - 0.0208 - - 1764463311.519230127 1764463311.540078878 0
Nov 29 19:41:51 np0005539973.novalocal container-server[97151]: ::1 - - [30/Nov/2025:00:41:51 +0000] "HEAD /1/197844/AUTH_d7431f1b3e4b40fe8ff42eb83afd437e/gnocchi.0ea596eb-74c3-4592-bceb-a991905412d4" 404 - "HEAD http://[::1]:8080/v1/AUTH_d7431f1b3e4b40fe8ff42eb83afd437e/gnocchi.0ea596eb-74c3-4592-bceb-a991905412d4?format=json&states=listing" "txeb842aba314949ebadf04-00692b92cf" "proxy-server 90231" 0.0003 "-" 97151 0
Nov 29 19:41:51 np0005539973.novalocal container-server[97149]: ::1 - - [30/Nov/2025:00:41:51 +0000] "PUT /1/163765/AUTH_d7431f1b3e4b40fe8ff42eb83afd437e/gnocchi.cd4057d3-8f55-48a7-bbb6-5f658b6fabbc/none_v3" 201 - "PUT http://[::1]:8080/2/50046/AUTH_d7431f1b3e4b40fe8ff42eb83afd437e/gnocchi.cd4057d3-8f55-48a7-bbb6-5f658b6fabbc/none_v3" "tx0e806f8a05c343ba89541-00692b92cf" "object-server 97453" 0.0008 "-" 97149 0
Nov 29 19:41:51 np0005539973.novalocal object-server[97453]: ::1 - - [30/Nov/2025:00:41:51 +0000] "PUT /2/50046/AUTH_d7431f1b3e4b40fe8ff42eb83afd437e/gnocchi.cd4057d3-8f55-48a7-bbb6-5f658b6fabbc/none_v3" 201 - "PUT http://[::1]:8080/v1/AUTH_d7431f1b3e4b40fe8ff42eb83afd437e/gnocchi.cd4057d3-8f55-48a7-bbb6-5f658b6fabbc/none_v3" "tx0e806f8a05c343ba89541-00692b92cf" "proxy-server 90232" 0.0092 "-" 97453 0
Nov 29 19:41:51 np0005539973.novalocal container-server[97148]: ::1 - - [30/Nov/2025:00:41:51 +0000] "HEAD /3/197844/AUTH_d7431f1b3e4b40fe8ff42eb83afd437e/gnocchi.0ea596eb-74c3-4592-bceb-a991905412d4" 404 - "HEAD http://[::1]:8080/v1/AUTH_d7431f1b3e4b40fe8ff42eb83afd437e/gnocchi.0ea596eb-74c3-4592-bceb-a991905412d4?format=json&states=listing" "txeb842aba314949ebadf04-00692b92cf" "proxy-server 90231" 0.0003 "-" 97148 0
Nov 29 19:41:51 np0005539973.novalocal container-server[97149]: ::1 - - [30/Nov/2025:00:41:51 +0000] "PUT /2/163765/AUTH_d7431f1b3e4b40fe8ff42eb83afd437e/gnocchi.cd4057d3-8f55-48a7-bbb6-5f658b6fabbc/none_v3" 201 - "PUT http://[::1]:8080/1/50046/AUTH_d7431f1b3e4b40fe8ff42eb83afd437e/gnocchi.cd4057d3-8f55-48a7-bbb6-5f658b6fabbc/none_v3" "tx0e806f8a05c343ba89541-00692b92cf" "object-server 97453" 0.0003 "-" 97149 0
Nov 29 19:41:51 np0005539973.novalocal object-server[97453]: ::1 - - [30/Nov/2025:00:41:51 +0000] "PUT /1/50046/AUTH_d7431f1b3e4b40fe8ff42eb83afd437e/gnocchi.cd4057d3-8f55-48a7-bbb6-5f658b6fabbc/none_v3" 201 - "PUT http://[::1]:8080/v1/AUTH_d7431f1b3e4b40fe8ff42eb83afd437e/gnocchi.cd4057d3-8f55-48a7-bbb6-5f658b6fabbc/none_v3" "tx0e806f8a05c343ba89541-00692b92cf" "proxy-server 90232" 0.0109 "-" 97453 0
Nov 29 19:41:51 np0005539973.novalocal container-server[97148]: ::1 - - [30/Nov/2025:00:41:51 +0000] "PUT /3/163765/AUTH_d7431f1b3e4b40fe8ff42eb83afd437e/gnocchi.cd4057d3-8f55-48a7-bbb6-5f658b6fabbc/none_v3" 201 - "PUT http://[::1]:8080/3/50046/AUTH_d7431f1b3e4b40fe8ff42eb83afd437e/gnocchi.cd4057d3-8f55-48a7-bbb6-5f658b6fabbc/none_v3" "tx0e806f8a05c343ba89541-00692b92cf" "object-server 97453" 0.0003 "-" 97148 0
Nov 29 19:41:51 np0005539973.novalocal object-server[97453]: ::1 - - [30/Nov/2025:00:41:51 +0000] "PUT /3/50046/AUTH_d7431f1b3e4b40fe8ff42eb83afd437e/gnocchi.cd4057d3-8f55-48a7-bbb6-5f658b6fabbc/none_v3" 201 - "PUT http://[::1]:8080/v1/AUTH_d7431f1b3e4b40fe8ff42eb83afd437e/gnocchi.cd4057d3-8f55-48a7-bbb6-5f658b6fabbc/none_v3" "tx0e806f8a05c343ba89541-00692b92cf" "proxy-server 90232" 0.0135 "-" 97453 0
Nov 29 19:41:51 np0005539973.novalocal container-server[97148]: ::1 - - [30/Nov/2025:00:41:51 +0000] "HEAD /2/197844/AUTH_d7431f1b3e4b40fe8ff42eb83afd437e/gnocchi.0ea596eb-74c3-4592-bceb-a991905412d4" 404 - "HEAD http://[::1]:8080/v1/AUTH_d7431f1b3e4b40fe8ff42eb83afd437e/gnocchi.0ea596eb-74c3-4592-bceb-a991905412d4?format=json&states=listing" "txeb842aba314949ebadf04-00692b92cf" "proxy-server 90231" 0.0002 "-" 97148 0
Nov 29 19:41:51 np0005539973.novalocal proxy-server[90232]: ::1 ::1 30/Nov/2025/00/41/51 PUT /v1/AUTH_d7431f1b3e4b40fe8ff42eb83afd437e/gnocchi.cd4057d3-8f55-48a7-bbb6-5f658b6fabbc/none_v3 HTTP/1.0 201 - python-swiftclient-4.2.0 gAAAAABpK5KUbDSc... 49 - - tx0e806f8a05c343ba89541-00692b92cf - 0.0193 - - 1764463311.542343140 1764463311.561629534 0
Nov 29 19:41:51 np0005539973.novalocal object-server[97455]: ::1 - - [30/Nov/2025:00:41:51 +0000] "GET /2/114009/AUTH_d7431f1b3e4b40fe8ff42eb83afd437e/gnocchi.0ea596eb-74c3-4592-bceb-a991905412d4/none_v3" 404 70 "GET http://[::1]:8080/v1/AUTH_d7431f1b3e4b40fe8ff42eb83afd437e/gnocchi.0ea596eb-74c3-4592-bceb-a991905412d4/none_v3" "txeb842aba314949ebadf04-00692b92cf" "proxy-server 90231" 0.0004 "-" 97455 0
Nov 29 19:41:51 np0005539973.novalocal object-server[97453]: ::1 - - [30/Nov/2025:00:41:51 +0000] "GET /1/114009/AUTH_d7431f1b3e4b40fe8ff42eb83afd437e/gnocchi.0ea596eb-74c3-4592-bceb-a991905412d4/none_v3" 404 70 "GET http://[::1]:8080/v1/AUTH_d7431f1b3e4b40fe8ff42eb83afd437e/gnocchi.0ea596eb-74c3-4592-bceb-a991905412d4/none_v3" "txeb842aba314949ebadf04-00692b92cf" "proxy-server 90231" 0.0002 "-" 97453 0
Nov 29 19:41:51 np0005539973.novalocal object-server[97452]: ::1 - - [30/Nov/2025:00:41:51 +0000] "GET /3/114009/AUTH_d7431f1b3e4b40fe8ff42eb83afd437e/gnocchi.0ea596eb-74c3-4592-bceb-a991905412d4/none_v3" 404 70 "GET http://[::1]:8080/v1/AUTH_d7431f1b3e4b40fe8ff42eb83afd437e/gnocchi.0ea596eb-74c3-4592-bceb-a991905412d4/none_v3" "txeb842aba314949ebadf04-00692b92cf" "proxy-server 90231" 0.0002 "-" 97452 0
Nov 29 19:41:51 np0005539973.novalocal proxy-server[90231]: ::1 ::1 30/Nov/2025/00/41/51 GET /v1/AUTH_d7431f1b3e4b40fe8ff42eb83afd437e/gnocchi.0ea596eb-74c3-4592-bceb-a991905412d4/none_v3 HTTP/1.0 404 - python-swiftclient-4.2.0 gAAAAABpK5KUEQfJ... - 70 - txeb842aba314949ebadf04-00692b92cf - 0.0182 - - 1764463311.553834438 1764463311.572008371 0
Nov 29 19:41:51 np0005539973.novalocal container-server[97151]: ::1 - - [30/Nov/2025:00:41:51 +0000] "HEAD /3/99740/AUTH_d7431f1b3e4b40fe8ff42eb83afd437e/gnocchi.33f3b49c-f5a8-4fbc-8419-78110cd7dcd6" 404 - "HEAD http://[::1]:8080/v1/AUTH_d7431f1b3e4b40fe8ff42eb83afd437e/gnocchi.33f3b49c-f5a8-4fbc-8419-78110cd7dcd6?format=json&states=listing" "tx598516377b8f42139bfd2-00692b92cf" "proxy-server 90232" 0.0004 "-" 97151 0
Nov 29 19:41:51 np0005539973.novalocal account-server[96856]: ::1 - - [30/Nov/2025:00:41:51 +0000] "PUT /1/39192/AUTH_d7431f1b3e4b40fe8ff42eb83afd437e/gnocchi.0ea596eb-74c3-4592-bceb-a991905412d4" 201 - "PUT http://[::1]:6001/3/197844/AUTH_d7431f1b3e4b40fe8ff42eb83afd437e/gnocchi.0ea596eb-74c3-4592-bceb-a991905412d4" "txd983b3dc5b7e48d7a3c22-00692b92cf" "container-server 97148" 0.0044 "-" 96856 0
Nov 29 19:41:51 np0005539973.novalocal container-server[97148]: ::1 - - [30/Nov/2025:00:41:51 +0000] "PUT /3/197844/AUTH_d7431f1b3e4b40fe8ff42eb83afd437e/gnocchi.0ea596eb-74c3-4592-bceb-a991905412d4" 201 - "PUT http://[::1]:8080/v1/AUTH_d7431f1b3e4b40fe8ff42eb83afd437e/gnocchi.0ea596eb-74c3-4592-bceb-a991905412d4" "txd983b3dc5b7e48d7a3c22-00692b92cf" "proxy-server 90231" 0.0363 "-" 97148 0
Nov 29 19:41:51 np0005539973.novalocal container-server[97148]: ::1 - - [30/Nov/2025:00:41:51 +0000] "HEAD /2/99740/AUTH_d7431f1b3e4b40fe8ff42eb83afd437e/gnocchi.33f3b49c-f5a8-4fbc-8419-78110cd7dcd6" 404 - "HEAD http://[::1]:8080/v1/AUTH_d7431f1b3e4b40fe8ff42eb83afd437e/gnocchi.33f3b49c-f5a8-4fbc-8419-78110cd7dcd6?format=json&states=listing" "tx598516377b8f42139bfd2-00692b92cf" "proxy-server 90232" 0.0002 "-" 97148 0
Nov 29 19:41:51 np0005539973.novalocal container-server[97149]: ::1 - - [30/Nov/2025:00:41:51 +0000] "HEAD /1/99740/AUTH_d7431f1b3e4b40fe8ff42eb83afd437e/gnocchi.33f3b49c-f5a8-4fbc-8419-78110cd7dcd6" 404 - "HEAD http://[::1]:8080/v1/AUTH_d7431f1b3e4b40fe8ff42eb83afd437e/gnocchi.33f3b49c-f5a8-4fbc-8419-78110cd7dcd6?format=json&states=listing" "tx598516377b8f42139bfd2-00692b92cf" "proxy-server 90232" 0.0003 "-" 97149 0
Nov 29 19:41:51 np0005539973.novalocal account-server[96856]: ::1 - - [30/Nov/2025:00:41:51 +0000] "PUT /3/39192/AUTH_d7431f1b3e4b40fe8ff42eb83afd437e/gnocchi.0ea596eb-74c3-4592-bceb-a991905412d4" 201 - "PUT http://[::1]:6001/2/197844/AUTH_d7431f1b3e4b40fe8ff42eb83afd437e/gnocchi.0ea596eb-74c3-4592-bceb-a991905412d4" "txd983b3dc5b7e48d7a3c22-00692b92cf" "container-server 97148" 0.0041 "-" 96856 0
Nov 29 19:41:51 np0005539973.novalocal container-server[97148]: ::1 - - [30/Nov/2025:00:41:51 +0000] "PUT /2/197844/AUTH_d7431f1b3e4b40fe8ff42eb83afd437e/gnocchi.0ea596eb-74c3-4592-bceb-a991905412d4" 201 - "PUT http://[::1]:8080/v1/AUTH_d7431f1b3e4b40fe8ff42eb83afd437e/gnocchi.0ea596eb-74c3-4592-bceb-a991905412d4" "txd983b3dc5b7e48d7a3c22-00692b92cf" "proxy-server 90231" 0.0143 "-" 97148 0
Nov 29 19:41:51 np0005539973.novalocal account-server[96858]: ::1 - - [30/Nov/2025:00:41:51 +0000] "PUT /2/39192/AUTH_d7431f1b3e4b40fe8ff42eb83afd437e/gnocchi.0ea596eb-74c3-4592-bceb-a991905412d4" 201 - "PUT http://[::1]:6001/1/197844/AUTH_d7431f1b3e4b40fe8ff42eb83afd437e/gnocchi.0ea596eb-74c3-4592-bceb-a991905412d4" "txd983b3dc5b7e48d7a3c22-00692b92cf" "container-server 97148" 0.0053 "-" 96858 0
Nov 29 19:41:51 np0005539973.novalocal container-server[97148]: ::1 - - [30/Nov/2025:00:41:51 +0000] "PUT /1/197844/AUTH_d7431f1b3e4b40fe8ff42eb83afd437e/gnocchi.0ea596eb-74c3-4592-bceb-a991905412d4" 201 - "PUT http://[::1]:8080/v1/AUTH_d7431f1b3e4b40fe8ff42eb83afd437e/gnocchi.0ea596eb-74c3-4592-bceb-a991905412d4" "txd983b3dc5b7e48d7a3c22-00692b92cf" "proxy-server 90231" 0.0215 "-" 97148 0
Nov 29 19:41:51 np0005539973.novalocal object-server[97452]: ::1 - - [30/Nov/2025:00:41:51 +0000] "GET /2/2827/AUTH_d7431f1b3e4b40fe8ff42eb83afd437e/gnocchi.33f3b49c-f5a8-4fbc-8419-78110cd7dcd6/none_v3" 404 70 "GET http://[::1]:8080/v1/AUTH_d7431f1b3e4b40fe8ff42eb83afd437e/gnocchi.33f3b49c-f5a8-4fbc-8419-78110cd7dcd6/none_v3" "tx598516377b8f42139bfd2-00692b92cf" "proxy-server 90232" 0.0003 "-" 97452 0
Nov 29 19:41:51 np0005539973.novalocal proxy-server[90231]: ::1 ::1 30/Nov/2025/00/41/51 PUT /v1/AUTH_d7431f1b3e4b40fe8ff42eb83afd437e/gnocchi.0ea596eb-74c3-4592-bceb-a991905412d4 HTTP/1.0 201 - python-swiftclient-4.2.0 gAAAAABpK5KUEQfJ... - - - txd983b3dc5b7e48d7a3c22-00692b92cf - 0.0491 - - 1764463311.574158907 1764463311.623264074 0
Nov 29 19:41:51 np0005539973.novalocal object-server[97452]: ::1 - - [30/Nov/2025:00:41:51 +0000] "GET /3/2827/AUTH_d7431f1b3e4b40fe8ff42eb83afd437e/gnocchi.33f3b49c-f5a8-4fbc-8419-78110cd7dcd6/none_v3" 404 70 "GET http://[::1]:8080/v1/AUTH_d7431f1b3e4b40fe8ff42eb83afd437e/gnocchi.33f3b49c-f5a8-4fbc-8419-78110cd7dcd6/none_v3" "tx598516377b8f42139bfd2-00692b92cf" "proxy-server 90232" 0.0005 "-" 97452 0
Nov 29 19:41:51 np0005539973.novalocal container-server[97150]: ::1 - - [30/Nov/2025:00:41:51 +0000] "HEAD /3/197844/AUTH_d7431f1b3e4b40fe8ff42eb83afd437e/gnocchi.0ea596eb-74c3-4592-bceb-a991905412d4" 204 - "HEAD http://[::1]:8080/v1/AUTH_d7431f1b3e4b40fe8ff42eb83afd437e/gnocchi.0ea596eb-74c3-4592-bceb-a991905412d4?format=json&states=listing" "tx8eb4f83052b946199ae43-00692b92cf" "proxy-server 90231" 0.0017 "-" 97150 0
Nov 29 19:41:51 np0005539973.novalocal object-server[97455]: ::1 - - [30/Nov/2025:00:41:51 +0000] "GET /1/2827/AUTH_d7431f1b3e4b40fe8ff42eb83afd437e/gnocchi.33f3b49c-f5a8-4fbc-8419-78110cd7dcd6/none_v3" 404 70 "GET http://[::1]:8080/v1/AUTH_d7431f1b3e4b40fe8ff42eb83afd437e/gnocchi.33f3b49c-f5a8-4fbc-8419-78110cd7dcd6/none_v3" "tx598516377b8f42139bfd2-00692b92cf" "proxy-server 90232" 0.0003 "-" 97455 0
Nov 29 19:41:51 np0005539973.novalocal proxy-server[90232]: ::1 ::1 30/Nov/2025/00/41/51 GET /v1/AUTH_d7431f1b3e4b40fe8ff42eb83afd437e/gnocchi.33f3b49c-f5a8-4fbc-8419-78110cd7dcd6/none_v3 HTTP/1.0 404 - python-swiftclient-4.2.0 gAAAAABpK5KUbDSc... - 70 - tx598516377b8f42139bfd2-00692b92cf - 0.0398 - - 1764463311.596525431 1764463311.636283398 0
Nov 29 19:41:51 np0005539973.novalocal container-server[97149]: ::1 - - [30/Nov/2025:00:41:51 +0000] "GET /2/197844/AUTH_d7431f1b3e4b40fe8ff42eb83afd437e/gnocchi.0ea596eb-74c3-4592-bceb-a991905412d4" 200 2 "GET http://[::1]:8080/v1/AUTH_d7431f1b3e4b40fe8ff42eb83afd437e/gnocchi.0ea596eb-74c3-4592-bceb-a991905412d4?format=json&states=listing" "tx8eb4f83052b946199ae43-00692b92cf" "proxy-server 90231" 0.0017 "-" 97149 0
Nov 29 19:41:51 np0005539973.novalocal proxy-server[90231]: ::1 ::1 30/Nov/2025/00/41/51 GET /v1/AUTH_d7431f1b3e4b40fe8ff42eb83afd437e/gnocchi.0ea596eb-74c3-4592-bceb-a991905412d4%3Fformat%3Djson%26states%3Dlisting HTTP/1.0 200 - python-swiftclient-4.2.0 gAAAAABpK5KUEQfJ... - 2 - tx8eb4f83052b946199ae43-00692b92cf - 0.0140 - - 1764463311.627103567 1764463311.641058922 0
Nov 29 19:41:51 np0005539973.novalocal object-server[97455]: ::1 - - [30/Nov/2025:00:41:51 +0000] "GET /2/147288/AUTH_d7431f1b3e4b40fe8ff42eb83afd437e/gnocchi.0ea596eb-74c3-4592-bceb-a991905412d4/1763640000.0_mean_300.0_v3" 404 70 "GET http://[::1]:8080/v1/AUTH_d7431f1b3e4b40fe8ff42eb83afd437e/gnocchi.0ea596eb-74c3-4592-bceb-a991905412d4/1763640000.0_mean_300.0_v3" "txe1c6b6175bcc42ac82a0d-00692b92cf" "proxy-server 90231" 0.0004 "-" 97455 0
Nov 29 19:41:51 np0005539973.novalocal object-server[97454]: ::1 - - [30/Nov/2025:00:41:51 +0000] "GET /1/147288/AUTH_d7431f1b3e4b40fe8ff42eb83afd437e/gnocchi.0ea596eb-74c3-4592-bceb-a991905412d4/1763640000.0_mean_300.0_v3" 404 70 "GET http://[::1]:8080/v1/AUTH_d7431f1b3e4b40fe8ff42eb83afd437e/gnocchi.0ea596eb-74c3-4592-bceb-a991905412d4/1763640000.0_mean_300.0_v3" "txe1c6b6175bcc42ac82a0d-00692b92cf" "proxy-server 90231" 0.0003 "-" 97454 0
Nov 29 19:41:51 np0005539973.novalocal object-server[97455]: ::1 - - [30/Nov/2025:00:41:51 +0000] "GET /3/147288/AUTH_d7431f1b3e4b40fe8ff42eb83afd437e/gnocchi.0ea596eb-74c3-4592-bceb-a991905412d4/1763640000.0_mean_300.0_v3" 404 70 "GET http://[::1]:8080/v1/AUTH_d7431f1b3e4b40fe8ff42eb83afd437e/gnocchi.0ea596eb-74c3-4592-bceb-a991905412d4/1763640000.0_mean_300.0_v3" "txe1c6b6175bcc42ac82a0d-00692b92cf" "proxy-server 90231" 0.0012 "-" 97455 0
Nov 29 19:41:51 np0005539973.novalocal proxy-server[90231]: ::1 ::1 30/Nov/2025/00/41/51 GET /v1/AUTH_d7431f1b3e4b40fe8ff42eb83afd437e/gnocchi.0ea596eb-74c3-4592-bceb-a991905412d4/1763640000.0_mean_300.0_v3 HTTP/1.0 404 - python-swiftclient-4.2.0 gAAAAABpK5KUEQfJ... - 70 - txe1c6b6175bcc42ac82a0d-00692b92cf - 0.0135 - - 1764463311.645200729 1764463311.658696175 0
Nov 29 19:41:51 np0005539973.novalocal account-server[96858]: ::1 - - [30/Nov/2025:00:41:51 +0000] "PUT /3/39192/AUTH_d7431f1b3e4b40fe8ff42eb83afd437e/gnocchi.33f3b49c-f5a8-4fbc-8419-78110cd7dcd6" 201 - "PUT http://[::1]:6001/3/99740/AUTH_d7431f1b3e4b40fe8ff42eb83afd437e/gnocchi.33f3b49c-f5a8-4fbc-8419-78110cd7dcd6" "tx0fdd5b0402164b44bc9cf-00692b92cf" "container-server 97150" 0.0051 "-" 96858 0
Nov 29 19:41:51 np0005539973.novalocal container-server[97150]: ::1 - - [30/Nov/2025:00:41:51 +0000] "PUT /3/99740/AUTH_d7431f1b3e4b40fe8ff42eb83afd437e/gnocchi.33f3b49c-f5a8-4fbc-8419-78110cd7dcd6" 201 - "PUT http://[::1]:8080/v1/AUTH_d7431f1b3e4b40fe8ff42eb83afd437e/gnocchi.33f3b49c-f5a8-4fbc-8419-78110cd7dcd6" "tx0fdd5b0402164b44bc9cf-00692b92cf" "proxy-server 90232" 0.0174 "-" 97150 0
Nov 29 19:41:51 np0005539973.novalocal account-server[96856]: ::1 - - [30/Nov/2025:00:41:51 +0000] "PUT /2/39192/AUTH_d7431f1b3e4b40fe8ff42eb83afd437e/gnocchi.33f3b49c-f5a8-4fbc-8419-78110cd7dcd6" 201 - "PUT http://[::1]:6001/1/99740/AUTH_d7431f1b3e4b40fe8ff42eb83afd437e/gnocchi.33f3b49c-f5a8-4fbc-8419-78110cd7dcd6" "tx0fdd5b0402164b44bc9cf-00692b92cf" "container-server 97149" 0.0063 "-" 96856 0
Nov 29 19:41:51 np0005539973.novalocal container-server[97149]: ::1 - - [30/Nov/2025:00:41:51 +0000] "PUT /1/99740/AUTH_d7431f1b3e4b40fe8ff42eb83afd437e/gnocchi.33f3b49c-f5a8-4fbc-8419-78110cd7dcd6" 201 - "PUT http://[::1]:8080/v1/AUTH_d7431f1b3e4b40fe8ff42eb83afd437e/gnocchi.33f3b49c-f5a8-4fbc-8419-78110cd7dcd6" "tx0fdd5b0402164b44bc9cf-00692b92cf" "proxy-server 90232" 0.0189 "-" 97149 0
Nov 29 19:41:51 np0005539973.novalocal container-server[97150]: ::1 - - [30/Nov/2025:00:41:51 +0000] "PUT /1/197844/AUTH_d7431f1b3e4b40fe8ff42eb83afd437e/gnocchi.0ea596eb-74c3-4592-bceb-a991905412d4/1763640000.0_mean_300.0_v3" 201 - "PUT http://[::1]:8080/1/147288/AUTH_d7431f1b3e4b40fe8ff42eb83afd437e/gnocchi.0ea596eb-74c3-4592-bceb-a991905412d4/1763640000.0_mean_300.0_v3" "tx1c1590960f7243aa8f015-00692b92cf" "object-server 97454" 0.0006 "-" 97150 0
Nov 29 19:41:51 np0005539973.novalocal object-server[97454]: ::1 - - [30/Nov/2025:00:41:51 +0000] "PUT /1/147288/AUTH_d7431f1b3e4b40fe8ff42eb83afd437e/gnocchi.0ea596eb-74c3-4592-bceb-a991905412d4/1763640000.0_mean_300.0_v3" 201 - "PUT http://[::1]:8080/v1/AUTH_d7431f1b3e4b40fe8ff42eb83afd437e/gnocchi.0ea596eb-74c3-4592-bceb-a991905412d4/1763640000.0_mean_300.0_v3" "tx1c1590960f7243aa8f015-00692b92cf" "proxy-server 90231" 0.0101 "-" 97454 0
Nov 29 19:41:51 np0005539973.novalocal account-server[96856]: ::1 - - [30/Nov/2025:00:41:51 +0000] "PUT /1/39192/AUTH_d7431f1b3e4b40fe8ff42eb83afd437e/gnocchi.33f3b49c-f5a8-4fbc-8419-78110cd7dcd6" 201 - "PUT http://[::1]:6001/2/99740/AUTH_d7431f1b3e4b40fe8ff42eb83afd437e/gnocchi.33f3b49c-f5a8-4fbc-8419-78110cd7dcd6" "tx0fdd5b0402164b44bc9cf-00692b92cf" "container-server 97149" 0.0041 "-" 96856 0
