Nov 29 19:41:51 np0005539973.novalocal container-server[97150]: ::1 - - [30/Nov/2025:00:41:51 +0000] "PUT /2/68481/AUTH_d7431f1b3e4b40fe8ff42eb83afd437e/gnocchi.be1703e1-2272-4246-a8f7-c473251fc19e" 201 - "PUT http://[::1]:8080/v1/AUTH_d7431f1b3e4b40fe8ff42eb83afd437e/gnocchi.be1703e1-2272-4246-a8f7-c473251fc19e" "tx0a1d86225c6a4e90b00f0-00692b92cf" "proxy-server 90232" 0.0190 "-" 97150 0
Nov 29 19:41:51 np0005539973.novalocal account-server[96856]: ::1 - - [30/Nov/2025:00:41:51 +0000] "PUT /3/39192/AUTH_d7431f1b3e4b40fe8ff42eb83afd437e/gnocchi.be1703e1-2272-4246-a8f7-c473251fc19e" 201 - "PUT http://[::1]:6001/3/68481/AUTH_d7431f1b3e4b40fe8ff42eb83afd437e/gnocchi.be1703e1-2272-4246-a8f7-c473251fc19e" "tx0a1d86225c6a4e90b00f0-00692b92cf" "container-server 97149" 0.0040 "-" 96856 0
Nov 29 19:41:51 np0005539973.novalocal object-server[97453]: ::1 - - [30/Nov/2025:00:41:51 +0000] "PUT /2/115387/AUTH_d7431f1b3e4b40fe8ff42eb83afd437e/gnocchi.d9046c06-150f-4973-adcd-b896919e4fa8/1763640000.0_mean_300.0_v3" 201 - "PUT http://[::1]:8080/v1/AUTH_d7431f1b3e4b40fe8ff42eb83afd437e/gnocchi.d9046c06-150f-4973-adcd-b896919e4fa8/1763640000.0_mean_300.0_v3" "tx6f5d21657b3c4c1da4fe4-00692b92cf" "proxy-server 90231" 0.0147 "-" 97453 0
Nov 29 19:41:51 np0005539973.novalocal container-server[97149]: ::1 - - [30/Nov/2025:00:41:51 +0000] "PUT /3/68481/AUTH_d7431f1b3e4b40fe8ff42eb83afd437e/gnocchi.be1703e1-2272-4246-a8f7-c473251fc19e" 201 - "PUT http://[::1]:8080/v1/AUTH_d7431f1b3e4b40fe8ff42eb83afd437e/gnocchi.be1703e1-2272-4246-a8f7-c473251fc19e" "tx0a1d86225c6a4e90b00f0-00692b92cf" "proxy-server 90232" 0.0180 "-" 97149 0
Nov 29 19:41:51 np0005539973.novalocal container-server[97149]: ::1 - - [30/Nov/2025:00:41:51 +0000] "PUT /2/206998/AUTH_d7431f1b3e4b40fe8ff42eb83afd437e/gnocchi.d9046c06-150f-4973-adcd-b896919e4fa8/1763640000.0_mean_300.0_v3" 201 - "PUT http://[::1]:8080/3/115387/AUTH_d7431f1b3e4b40fe8ff42eb83afd437e/gnocchi.d9046c06-150f-4973-adcd-b896919e4fa8/1763640000.0_mean_300.0_v3" "tx6f5d21657b3c4c1da4fe4-00692b92cf" "object-server 97453" 0.0005 "-" 97149 0
Nov 29 19:41:51 np0005539973.novalocal proxy-server[90232]: ::1 ::1 30/Nov/2025/00/41/51 PUT /v1/AUTH_d7431f1b3e4b40fe8ff42eb83afd437e/gnocchi.be1703e1-2272-4246-a8f7-c473251fc19e HTTP/1.0 201 - python-swiftclient-4.2.0 gAAAAABpK5KUbDSc... - - - tx0a1d86225c6a4e90b00f0-00692b92cf - 0.0292 - - 1764463311.047640324 1764463311.076799631 0
Nov 29 19:41:51 np0005539973.novalocal object-server[97453]: ::1 - - [30/Nov/2025:00:41:51 +0000] "PUT /3/115387/AUTH_d7431f1b3e4b40fe8ff42eb83afd437e/gnocchi.d9046c06-150f-4973-adcd-b896919e4fa8/1763640000.0_mean_300.0_v3" 201 - "PUT http://[::1]:8080/v1/AUTH_d7431f1b3e4b40fe8ff42eb83afd437e/gnocchi.d9046c06-150f-4973-adcd-b896919e4fa8/1763640000.0_mean_300.0_v3" "tx6f5d21657b3c4c1da4fe4-00692b92cf" "proxy-server 90231" 0.0176 "-" 97453 0
Nov 29 19:41:51 np0005539973.novalocal proxy-server[90231]: ::1 ::1 30/Nov/2025/00/41/51 PUT /v1/AUTH_d7431f1b3e4b40fe8ff42eb83afd437e/gnocchi.d9046c06-150f-4973-adcd-b896919e4fa8/1763640000.0_mean_300.0_v3 HTTP/1.0 201 - python-swiftclient-4.2.0 gAAAAABpK5KUEQfJ... 16 - - tx6f5d21657b3c4c1da4fe4-00692b92cf - 0.0316 - - 1764463311.048661232 1764463311.080246687 0
Nov 29 19:41:51 np0005539973.novalocal container-server[97150]: ::1 - - [30/Nov/2025:00:41:51 +0000] "HEAD /3/68481/AUTH_d7431f1b3e4b40fe8ff42eb83afd437e/gnocchi.be1703e1-2272-4246-a8f7-c473251fc19e" 204 - "HEAD http://[::1]:8080/v1/AUTH_d7431f1b3e4b40fe8ff42eb83afd437e/gnocchi.be1703e1-2272-4246-a8f7-c473251fc19e?format=json&states=listing" "tx9d556d14bdc342afb37c8-00692b92cf" "proxy-server 90232" 0.0016 "-" 97150 0
Nov 29 19:41:51 np0005539973.novalocal container-server[97151]: ::1 - - [30/Nov/2025:00:41:51 +0000] "GET /2/68481/AUTH_d7431f1b3e4b40fe8ff42eb83afd437e/gnocchi.be1703e1-2272-4246-a8f7-c473251fc19e" 200 2 "GET http://[::1]:8080/v1/AUTH_d7431f1b3e4b40fe8ff42eb83afd437e/gnocchi.be1703e1-2272-4246-a8f7-c473251fc19e?format=json&states=listing" "tx9d556d14bdc342afb37c8-00692b92cf" "proxy-server 90232" 0.0018 "-" 97151 0
Nov 29 19:41:51 np0005539973.novalocal proxy-server[90232]: ::1 ::1 30/Nov/2025/00/41/51 GET /v1/AUTH_d7431f1b3e4b40fe8ff42eb83afd437e/gnocchi.be1703e1-2272-4246-a8f7-c473251fc19e%3Fformat%3Djson%26states%3Dlisting HTTP/1.0 200 - python-swiftclient-4.2.0 gAAAAABpK5KUbDSc... - 2 - tx9d556d14bdc342afb37c8-00692b92cf - 0.0122 - - 1764463311.079183102 1764463311.091333866 0
Nov 29 19:41:51 np0005539973.novalocal object-server[97453]: ::1 - - [30/Nov/2025:00:41:51 +0000] "GET /1/214568/AUTH_d7431f1b3e4b40fe8ff42eb83afd437e/gnocchi.be1703e1-2272-4246-a8f7-c473251fc19e/1763640000.0_mean_300.0_v3" 404 70 "GET http://[::1]:8080/v1/AUTH_d7431f1b3e4b40fe8ff42eb83afd437e/gnocchi.be1703e1-2272-4246-a8f7-c473251fc19e/1763640000.0_mean_300.0_v3" "txc2a183cda34544c797d09-00692b92cf" "proxy-server 90232" 0.0002 "-" 97453 0
Nov 29 19:41:51 np0005539973.novalocal object-server[97454]: ::1 - - [30/Nov/2025:00:41:51 +0000] "GET /3/214568/AUTH_d7431f1b3e4b40fe8ff42eb83afd437e/gnocchi.be1703e1-2272-4246-a8f7-c473251fc19e/1763640000.0_mean_300.0_v3" 404 70 "GET http://[::1]:8080/v1/AUTH_d7431f1b3e4b40fe8ff42eb83afd437e/gnocchi.be1703e1-2272-4246-a8f7-c473251fc19e/1763640000.0_mean_300.0_v3" "txc2a183cda34544c797d09-00692b92cf" "proxy-server 90232" 0.0002 "-" 97454 0
Nov 29 19:41:51 np0005539973.novalocal container-server[97148]: ::1 - - [30/Nov/2025:00:41:51 +0000] "PUT /2/206998/AUTH_d7431f1b3e4b40fe8ff42eb83afd437e/gnocchi.d9046c06-150f-4973-adcd-b896919e4fa8/none_v3" 201 - "PUT http://[::1]:8080/1/190443/AUTH_d7431f1b3e4b40fe8ff42eb83afd437e/gnocchi.d9046c06-150f-4973-adcd-b896919e4fa8/none_v3" "tx70f9d25e8a7e494f996ec-00692b92cf" "object-server 97455" 0.0005 "-" 97148 0
Nov 29 19:41:51 np0005539973.novalocal container-server[97151]: ::1 - - [30/Nov/2025:00:41:51 +0000] "PUT /3/206998/AUTH_d7431f1b3e4b40fe8ff42eb83afd437e/gnocchi.d9046c06-150f-4973-adcd-b896919e4fa8/none_v3" 201 - "PUT http://[::1]:8080/3/190443/AUTH_d7431f1b3e4b40fe8ff42eb83afd437e/gnocchi.d9046c06-150f-4973-adcd-b896919e4fa8/none_v3" "tx70f9d25e8a7e494f996ec-00692b92cf" "object-server 97453" 0.0005 "-" 97151 0
Nov 29 19:41:51 np0005539973.novalocal object-server[97453]: ::1 - - [30/Nov/2025:00:41:51 +0000] "PUT /3/190443/AUTH_d7431f1b3e4b40fe8ff42eb83afd437e/gnocchi.d9046c06-150f-4973-adcd-b896919e4fa8/none_v3" 201 - "PUT http://[::1]:8080/v1/AUTH_d7431f1b3e4b40fe8ff42eb83afd437e/gnocchi.d9046c06-150f-4973-adcd-b896919e4fa8/none_v3" "tx70f9d25e8a7e494f996ec-00692b92cf" "proxy-server 90231" 0.0135 "-" 97453 0
Nov 29 19:41:51 np0005539973.novalocal container-server[97148]: ::1 - - [30/Nov/2025:00:41:51 +0000] "PUT /1/206998/AUTH_d7431f1b3e4b40fe8ff42eb83afd437e/gnocchi.d9046c06-150f-4973-adcd-b896919e4fa8/none_v3" 201 - "PUT http://[::1]:8080/2/190443/AUTH_d7431f1b3e4b40fe8ff42eb83afd437e/gnocchi.d9046c06-150f-4973-adcd-b896919e4fa8/none_v3" "tx70f9d25e8a7e494f996ec-00692b92cf" "object-server 97455" 0.0003 "-" 97148 0
Nov 29 19:41:51 np0005539973.novalocal object-server[97455]: ::1 - - [30/Nov/2025:00:41:51 +0000] "PUT /1/190443/AUTH_d7431f1b3e4b40fe8ff42eb83afd437e/gnocchi.d9046c06-150f-4973-adcd-b896919e4fa8/none_v3" 201 - "PUT http://[::1]:8080/v1/AUTH_d7431f1b3e4b40fe8ff42eb83afd437e/gnocchi.d9046c06-150f-4973-adcd-b896919e4fa8/none_v3" "tx70f9d25e8a7e494f996ec-00692b92cf" "proxy-server 90231" 0.0107 "-" 97455 0
Nov 29 19:41:51 np0005539973.novalocal object-server[97455]: ::1 - - [30/Nov/2025:00:41:51 +0000] "PUT /2/190443/AUTH_d7431f1b3e4b40fe8ff42eb83afd437e/gnocchi.d9046c06-150f-4973-adcd-b896919e4fa8/none_v3" 201 - "PUT http://[::1]:8080/v1/AUTH_d7431f1b3e4b40fe8ff42eb83afd437e/gnocchi.d9046c06-150f-4973-adcd-b896919e4fa8/none_v3" "tx70f9d25e8a7e494f996ec-00692b92cf" "proxy-server 90231" 0.0125 "-" 97455 0
Nov 29 19:41:51 np0005539973.novalocal proxy-server[90231]: ::1 ::1 30/Nov/2025/00/41/51 PUT /v1/AUTH_d7431f1b3e4b40fe8ff42eb83afd437e/gnocchi.d9046c06-150f-4973-adcd-b896919e4fa8/none_v3 HTTP/1.0 201 - python-swiftclient-4.2.0 gAAAAABpK5KUEQfJ... 22 - - tx70f9d25e8a7e494f996ec-00692b92cf - 0.0215 - - 1764463311.082846403 1764463311.104357719 0
Nov 29 19:41:51 np0005539973.novalocal object-server[97455]: ::1 - - [30/Nov/2025:00:41:51 +0000] "GET /2/214568/AUTH_d7431f1b3e4b40fe8ff42eb83afd437e/gnocchi.be1703e1-2272-4246-a8f7-c473251fc19e/1763640000.0_mean_300.0_v3" 404 70 "GET http://[::1]:8080/v1/AUTH_d7431f1b3e4b40fe8ff42eb83afd437e/gnocchi.be1703e1-2272-4246-a8f7-c473251fc19e/1763640000.0_mean_300.0_v3" "txc2a183cda34544c797d09-00692b92cf" "proxy-server 90232" 0.0003 "-" 97455 0
Nov 29 19:41:51 np0005539973.novalocal proxy-server[90232]: ::1 ::1 30/Nov/2025/00/41/51 GET /v1/AUTH_d7431f1b3e4b40fe8ff42eb83afd437e/gnocchi.be1703e1-2272-4246-a8f7-c473251fc19e/1763640000.0_mean_300.0_v3 HTTP/1.0 404 - python-swiftclient-4.2.0 gAAAAABpK5KUbDSc... - 70 - txc2a183cda34544c797d09-00692b92cf - 0.0180 - - 1764463311.093946218 1764463311.111969233 0
Nov 29 19:41:51 np0005539973.novalocal container-server[97149]: ::1 - - [30/Nov/2025:00:41:51 +0000] "HEAD /1/195530/AUTH_d7431f1b3e4b40fe8ff42eb83afd437e/gnocchi.b98d0916-b5f0-455a-a663-34dc3a8cca2f" 404 - "HEAD http://[::1]:8080/v1/AUTH_d7431f1b3e4b40fe8ff42eb83afd437e/gnocchi.b98d0916-b5f0-455a-a663-34dc3a8cca2f?format=json&states=listing" "txa79c2ba3042f483cb7f16-00692b92cf" "proxy-server 90231" 0.0003 "-" 97149 0
Nov 29 19:41:51 np0005539973.novalocal container-server[97148]: ::1 - - [30/Nov/2025:00:41:51 +0000] "HEAD /3/195530/AUTH_d7431f1b3e4b40fe8ff42eb83afd437e/gnocchi.b98d0916-b5f0-455a-a663-34dc3a8cca2f" 404 - "HEAD http://[::1]:8080/v1/AUTH_d7431f1b3e4b40fe8ff42eb83afd437e/gnocchi.b98d0916-b5f0-455a-a663-34dc3a8cca2f?format=json&states=listing" "txa79c2ba3042f483cb7f16-00692b92cf" "proxy-server 90231" 0.0003 "-" 97148 0
Nov 29 19:41:51 np0005539973.novalocal container-server[97150]: ::1 - - [30/Nov/2025:00:41:51 +0000] "HEAD /2/195530/AUTH_d7431f1b3e4b40fe8ff42eb83afd437e/gnocchi.b98d0916-b5f0-455a-a663-34dc3a8cca2f" 404 - "HEAD http://[::1]:8080/v1/AUTH_d7431f1b3e4b40fe8ff42eb83afd437e/gnocchi.b98d0916-b5f0-455a-a663-34dc3a8cca2f?format=json&states=listing" "txa79c2ba3042f483cb7f16-00692b92cf" "proxy-server 90231" 0.0003 "-" 97150 0
Nov 29 19:41:51 np0005539973.novalocal object-server[97455]: ::1 - - [30/Nov/2025:00:41:51 +0000] "GET /1/59431/AUTH_d7431f1b3e4b40fe8ff42eb83afd437e/gnocchi.b98d0916-b5f0-455a-a663-34dc3a8cca2f/none_v3" 404 70 "GET http://[::1]:8080/v1/AUTH_d7431f1b3e4b40fe8ff42eb83afd437e/gnocchi.b98d0916-b5f0-455a-a663-34dc3a8cca2f/none_v3" "txa79c2ba3042f483cb7f16-00692b92cf" "proxy-server 90231" 0.0003 "-" 97455 0
Nov 29 19:41:51 np0005539973.novalocal object-server[97454]: ::1 - - [30/Nov/2025:00:41:51 +0000] "GET /3/59431/AUTH_d7431f1b3e4b40fe8ff42eb83afd437e/gnocchi.b98d0916-b5f0-455a-a663-34dc3a8cca2f/none_v3" 404 70 "GET http://[::1]:8080/v1/AUTH_d7431f1b3e4b40fe8ff42eb83afd437e/gnocchi.b98d0916-b5f0-455a-a663-34dc3a8cca2f/none_v3" "txa79c2ba3042f483cb7f16-00692b92cf" "proxy-server 90231" 0.0002 "-" 97454 0
Nov 29 19:41:51 np0005539973.novalocal container-server[97148]: ::1 - - [30/Nov/2025:00:41:51 +0000] "PUT /1/68481/AUTH_d7431f1b3e4b40fe8ff42eb83afd437e/gnocchi.be1703e1-2272-4246-a8f7-c473251fc19e/1763640000.0_mean_300.0_v3" 201 - "PUT http://[::1]:8080/1/214568/AUTH_d7431f1b3e4b40fe8ff42eb83afd437e/gnocchi.be1703e1-2272-4246-a8f7-c473251fc19e/1763640000.0_mean_300.0_v3" "tx43d16b2728e14586befcc-00692b92cf" "object-server 97453" 0.0006 "-" 97148 0
Nov 29 19:41:51 np0005539973.novalocal object-server[97454]: ::1 - - [30/Nov/2025:00:41:51 +0000] "GET /2/59431/AUTH_d7431f1b3e4b40fe8ff42eb83afd437e/gnocchi.b98d0916-b5f0-455a-a663-34dc3a8cca2f/none_v3" 404 70 "GET http://[::1]:8080/v1/AUTH_d7431f1b3e4b40fe8ff42eb83afd437e/gnocchi.b98d0916-b5f0-455a-a663-34dc3a8cca2f/none_v3" "txa79c2ba3042f483cb7f16-00692b92cf" "proxy-server 90231" 0.0002 "-" 97454 0
Nov 29 19:41:51 np0005539973.novalocal container-server[97148]: ::1 - - [30/Nov/2025:00:41:51 +0000] "PUT /2/68481/AUTH_d7431f1b3e4b40fe8ff42eb83afd437e/gnocchi.be1703e1-2272-4246-a8f7-c473251fc19e/1763640000.0_mean_300.0_v3" 201 - "PUT http://[::1]:8080/2/214568/AUTH_d7431f1b3e4b40fe8ff42eb83afd437e/gnocchi.be1703e1-2272-4246-a8f7-c473251fc19e/1763640000.0_mean_300.0_v3" "tx43d16b2728e14586befcc-00692b92cf" "object-server 97454" 0.0004 "-" 97148 0
Nov 29 19:41:51 np0005539973.novalocal object-server[97453]: ::1 - - [30/Nov/2025:00:41:51 +0000] "PUT /1/214568/AUTH_d7431f1b3e4b40fe8ff42eb83afd437e/gnocchi.be1703e1-2272-4246-a8f7-c473251fc19e/1763640000.0_mean_300.0_v3" 201 - "PUT http://[::1]:8080/v1/AUTH_d7431f1b3e4b40fe8ff42eb83afd437e/gnocchi.be1703e1-2272-4246-a8f7-c473251fc19e/1763640000.0_mean_300.0_v3" "tx43d16b2728e14586befcc-00692b92cf" "proxy-server 90232" 0.0178 "-" 97453 0
Nov 29 19:41:51 np0005539973.novalocal proxy-server[90231]: ::1 ::1 30/Nov/2025/00/41/51 GET /v1/AUTH_d7431f1b3e4b40fe8ff42eb83afd437e/gnocchi.b98d0916-b5f0-455a-a663-34dc3a8cca2f/none_v3 HTTP/1.0 404 - python-swiftclient-4.2.0 gAAAAABpK5KUEQfJ... - 70 - txa79c2ba3042f483cb7f16-00692b92cf - 0.0185 - - 1764463311.121430635 1764463311.139976978 0
Nov 29 19:41:51 np0005539973.novalocal object-server[97454]: ::1 - - [30/Nov/2025:00:41:51 +0000] "PUT /2/214568/AUTH_d7431f1b3e4b40fe8ff42eb83afd437e/gnocchi.be1703e1-2272-4246-a8f7-c473251fc19e/1763640000.0_mean_300.0_v3" 201 - "PUT http://[::1]:8080/v1/AUTH_d7431f1b3e4b40fe8ff42eb83afd437e/gnocchi.be1703e1-2272-4246-a8f7-c473251fc19e/1763640000.0_mean_300.0_v3" "tx43d16b2728e14586befcc-00692b92cf" "proxy-server 90232" 0.0216 "-" 97454 0
Nov 29 19:41:51 np0005539973.novalocal container-server[97150]: ::1 - - [30/Nov/2025:00:41:51 +0000] "PUT /3/68481/AUTH_d7431f1b3e4b40fe8ff42eb83afd437e/gnocchi.be1703e1-2272-4246-a8f7-c473251fc19e/1763640000.0_mean_300.0_v3" 201 - "PUT http://[::1]:8080/3/214568/AUTH_d7431f1b3e4b40fe8ff42eb83afd437e/gnocchi.be1703e1-2272-4246-a8f7-c473251fc19e/1763640000.0_mean_300.0_v3" "tx43d16b2728e14586befcc-00692b92cf" "object-server 97454" 0.0004 "-" 97150 0
Nov 29 19:41:51 np0005539973.novalocal object-server[97454]: ::1 - - [30/Nov/2025:00:41:51 +0000] "PUT /3/214568/AUTH_d7431f1b3e4b40fe8ff42eb83afd437e/gnocchi.be1703e1-2272-4246-a8f7-c473251fc19e/1763640000.0_mean_300.0_v3" 201 - "PUT http://[::1]:8080/v1/AUTH_d7431f1b3e4b40fe8ff42eb83afd437e/gnocchi.be1703e1-2272-4246-a8f7-c473251fc19e/1763640000.0_mean_300.0_v3" "tx43d16b2728e14586befcc-00692b92cf" "proxy-server 90232" 0.0210 "-" 97454 0
Nov 29 19:41:51 np0005539973.novalocal proxy-server[90232]: ::1 ::1 30/Nov/2025/00/41/51 PUT /v1/AUTH_d7431f1b3e4b40fe8ff42eb83afd437e/gnocchi.be1703e1-2272-4246-a8f7-c473251fc19e/1763640000.0_mean_300.0_v3 HTTP/1.0 201 - python-swiftclient-4.2.0 gAAAAABpK5KUbDSc... 16 - - tx43d16b2728e14586befcc-00692b92cf - 0.0296 - - 1764463311.114558220 1764463311.144182682 0
Nov 29 19:41:51 np0005539973.novalocal account-server[96856]: ::1 - - [30/Nov/2025:00:41:51 +0000] "PUT /3/39192/AUTH_d7431f1b3e4b40fe8ff42eb83afd437e/gnocchi.b98d0916-b5f0-455a-a663-34dc3a8cca2f" 201 - "PUT http://[::1]:6001/3/195530/AUTH_d7431f1b3e4b40fe8ff42eb83afd437e/gnocchi.b98d0916-b5f0-455a-a663-34dc3a8cca2f" "tx39ea69470b72431a879fa-00692b92cf" "container-server 97150" 0.0067 "-" 96856 0
Nov 29 19:41:51 np0005539973.novalocal account-server[96858]: ::1 - - [30/Nov/2025:00:41:51 +0000] "PUT /1/39192/AUTH_d7431f1b3e4b40fe8ff42eb83afd437e/gnocchi.b98d0916-b5f0-455a-a663-34dc3a8cca2f" 201 - "PUT http://[::1]:6001/1/195530/AUTH_d7431f1b3e4b40fe8ff42eb83afd437e/gnocchi.b98d0916-b5f0-455a-a663-34dc3a8cca2f" "tx39ea69470b72431a879fa-00692b92cf" "container-server 97149" 0.0063 "-" 96858 0
Nov 29 19:41:51 np0005539973.novalocal container-server[97150]: ::1 - - [30/Nov/2025:00:41:51 +0000] "PUT /3/195530/AUTH_d7431f1b3e4b40fe8ff42eb83afd437e/gnocchi.b98d0916-b5f0-455a-a663-34dc3a8cca2f" 201 - "PUT http://[::1]:8080/v1/AUTH_d7431f1b3e4b40fe8ff42eb83afd437e/gnocchi.b98d0916-b5f0-455a-a663-34dc3a8cca2f" "tx39ea69470b72431a879fa-00692b92cf" "proxy-server 90231" 0.0190 "-" 97150 0
Nov 29 19:41:51 np0005539973.novalocal container-server[97149]: ::1 - - [30/Nov/2025:00:41:51 +0000] "PUT /1/195530/AUTH_d7431f1b3e4b40fe8ff42eb83afd437e/gnocchi.b98d0916-b5f0-455a-a663-34dc3a8cca2f" 201 - "PUT http://[::1]:8080/v1/AUTH_d7431f1b3e4b40fe8ff42eb83afd437e/gnocchi.b98d0916-b5f0-455a-a663-34dc3a8cca2f" "tx39ea69470b72431a879fa-00692b92cf" "proxy-server 90231" 0.0191 "-" 97149 0
Nov 29 19:41:51 np0005539973.novalocal account-server[96858]: ::1 - - [30/Nov/2025:00:41:51 +0000] "PUT /2/39192/AUTH_d7431f1b3e4b40fe8ff42eb83afd437e/gnocchi.b98d0916-b5f0-455a-a663-34dc3a8cca2f" 201 - "PUT http://[::1]:6001/2/195530/AUTH_d7431f1b3e4b40fe8ff42eb83afd437e/gnocchi.b98d0916-b5f0-455a-a663-34dc3a8cca2f" "tx39ea69470b72431a879fa-00692b92cf" "container-server 97150" 0.0053 "-" 96858 0
Nov 29 19:41:51 np0005539973.novalocal container-server[97150]: ::1 - - [30/Nov/2025:00:41:51 +0000] "PUT /2/195530/AUTH_d7431f1b3e4b40fe8ff42eb83afd437e/gnocchi.b98d0916-b5f0-455a-a663-34dc3a8cca2f" 201 - "PUT http://[::1]:8080/v1/AUTH_d7431f1b3e4b40fe8ff42eb83afd437e/gnocchi.b98d0916-b5f0-455a-a663-34dc3a8cca2f" "tx39ea69470b72431a879fa-00692b92cf" "proxy-server 90231" 0.0171 "-" 97150 0
Nov 29 19:41:51 np0005539973.novalocal proxy-server[90231]: ::1 ::1 30/Nov/2025/00/41/51 PUT /v1/AUTH_d7431f1b3e4b40fe8ff42eb83afd437e/gnocchi.b98d0916-b5f0-455a-a663-34dc3a8cca2f HTTP/1.0 201 - python-swiftclient-4.2.0 gAAAAABpK5KUEQfJ... - - - tx39ea69470b72431a879fa-00692b92cf - 0.0313 - - 1764463311.142159462 1764463311.173440933 0
Nov 29 19:41:51 np0005539973.novalocal container-server[97149]: ::1 - - [30/Nov/2025:00:41:51 +0000] "PUT /3/68481/AUTH_d7431f1b3e4b40fe8ff42eb83afd437e/gnocchi.be1703e1-2272-4246-a8f7-c473251fc19e/none_v3" 201 - "PUT http://[::1]:8080/1/192156/AUTH_d7431f1b3e4b40fe8ff42eb83afd437e/gnocchi.be1703e1-2272-4246-a8f7-c473251fc19e/none_v3" "txc6b92868b1f643a781f53-00692b92cf" "object-server 97452" 0.0004 "-" 97149 0
Nov 29 19:41:51 np0005539973.novalocal object-server[97452]: ::1 - - [30/Nov/2025:00:41:51 +0000] "PUT /1/192156/AUTH_d7431f1b3e4b40fe8ff42eb83afd437e/gnocchi.be1703e1-2272-4246-a8f7-c473251fc19e/none_v3" 201 - "PUT http://[::1]:8080/v1/AUTH_d7431f1b3e4b40fe8ff42eb83afd437e/gnocchi.be1703e1-2272-4246-a8f7-c473251fc19e/none_v3" "txc6b92868b1f643a781f53-00692b92cf" "proxy-server 90232" 0.0082 "-" 97452 0
Nov 29 19:41:51 np0005539973.novalocal container-server[97151]: ::1 - - [30/Nov/2025:00:41:51 +0000] "PUT /2/68481/AUTH_d7431f1b3e4b40fe8ff42eb83afd437e/gnocchi.be1703e1-2272-4246-a8f7-c473251fc19e/none_v3" 201 - "PUT http://[::1]:8080/3/192156/AUTH_d7431f1b3e4b40fe8ff42eb83afd437e/gnocchi.be1703e1-2272-4246-a8f7-c473251fc19e/none_v3" "txc6b92868b1f643a781f53-00692b92cf" "object-server 97455" 0.0007 "-" 97151 0
Nov 29 19:41:51 np0005539973.novalocal object-server[97455]: ::1 - - [30/Nov/2025:00:41:51 +0000] "PUT /3/192156/AUTH_d7431f1b3e4b40fe8ff42eb83afd437e/gnocchi.be1703e1-2272-4246-a8f7-c473251fc19e/none_v3" 201 - "PUT http://[::1]:8080/v1/AUTH_d7431f1b3e4b40fe8ff42eb83afd437e/gnocchi.be1703e1-2272-4246-a8f7-c473251fc19e/none_v3" "txc6b92868b1f643a781f53-00692b92cf" "proxy-server 90232" 0.0106 "-" 97455 0
Nov 29 19:41:51 np0005539973.novalocal container-server[97148]: ::1 - - [30/Nov/2025:00:41:51 +0000] "PUT /1/68481/AUTH_d7431f1b3e4b40fe8ff42eb83afd437e/gnocchi.be1703e1-2272-4246-a8f7-c473251fc19e/none_v3" 201 - "PUT http://[::1]:8080/2/192156/AUTH_d7431f1b3e4b40fe8ff42eb83afd437e/gnocchi.be1703e1-2272-4246-a8f7-c473251fc19e/none_v3" "txc6b92868b1f643a781f53-00692b92cf" "object-server 97454" 0.0005 "-" 97148 0
Nov 29 19:41:51 np0005539973.novalocal container-server[97151]: ::1 - - [30/Nov/2025:00:41:51 +0000] "HEAD /3/195530/AUTH_d7431f1b3e4b40fe8ff42eb83afd437e/gnocchi.b98d0916-b5f0-455a-a663-34dc3a8cca2f" 204 - "HEAD http://[::1]:8080/v1/AUTH_d7431f1b3e4b40fe8ff42eb83afd437e/gnocchi.b98d0916-b5f0-455a-a663-34dc3a8cca2f?format=json&states=listing" "txac3b05912e484464abfe5-00692b92cf" "proxy-server 90231" 0.0011 "-" 97151 0
Nov 29 19:41:51 np0005539973.novalocal object-server[97454]: ::1 - - [30/Nov/2025:00:41:51 +0000] "PUT /2/192156/AUTH_d7431f1b3e4b40fe8ff42eb83afd437e/gnocchi.be1703e1-2272-4246-a8f7-c473251fc19e/none_v3" 201 - "PUT http://[::1]:8080/v1/AUTH_d7431f1b3e4b40fe8ff42eb83afd437e/gnocchi.be1703e1-2272-4246-a8f7-c473251fc19e/none_v3" "txc6b92868b1f643a781f53-00692b92cf" "proxy-server 90232" 0.0099 "-" 97454 0
Nov 29 19:41:51 np0005539973.novalocal proxy-server[90232]: ::1 ::1 30/Nov/2025/00/41/51 PUT /v1/AUTH_d7431f1b3e4b40fe8ff42eb83afd437e/gnocchi.be1703e1-2272-4246-a8f7-c473251fc19e/none_v3 HTTP/1.0 201 - python-swiftclient-4.2.0 gAAAAABpK5KUbDSc... 22 - - txc6b92868b1f643a781f53-00692b92cf - 0.0307 - - 1764463311.150801182 1764463311.181464911 0
Nov 29 19:41:51 np0005539973.novalocal container-server[97151]: ::1 - - [30/Nov/2025:00:41:51 +0000] "GET /1/195530/AUTH_d7431f1b3e4b40fe8ff42eb83afd437e/gnocchi.b98d0916-b5f0-455a-a663-34dc3a8cca2f" 200 2 "GET http://[::1]:8080/v1/AUTH_d7431f1b3e4b40fe8ff42eb83afd437e/gnocchi.b98d0916-b5f0-455a-a663-34dc3a8cca2f?format=json&states=listing" "txac3b05912e484464abfe5-00692b92cf" "proxy-server 90231" 0.0018 "-" 97151 0
Nov 29 19:41:51 np0005539973.novalocal proxy-server[90231]: ::1 ::1 30/Nov/2025/00/41/51 GET /v1/AUTH_d7431f1b3e4b40fe8ff42eb83afd437e/gnocchi.b98d0916-b5f0-455a-a663-34dc3a8cca2f%3Fformat%3Djson%26states%3Dlisting HTTP/1.0 200 - python-swiftclient-4.2.0 gAAAAABpK5KUEQfJ... - 2 - txac3b05912e484464abfe5-00692b92cf - 0.0122 - - 1764463311.176029444 1764463311.188246965 0
Nov 29 19:41:51 np0005539973.novalocal object-server[97453]: ::1 - - [30/Nov/2025:00:41:51 +0000] "GET /1/76820/AUTH_d7431f1b3e4b40fe8ff42eb83afd437e/gnocchi.b98d0916-b5f0-455a-a663-34dc3a8cca2f/1763640000.0_mean_300.0_v3" 404 70 "GET http://[::1]:8080/v1/AUTH_d7431f1b3e4b40fe8ff42eb83afd437e/gnocchi.b98d0916-b5f0-455a-a663-34dc3a8cca2f/1763640000.0_mean_300.0_v3" "tx9892e7beec7a426a9f8c9-00692b92cf" "proxy-server 90231" 0.0003 "-" 97453 0
Nov 29 19:41:51 np0005539973.novalocal object-server[97452]: ::1 - - [30/Nov/2025:00:41:51 +0000] "GET /2/76820/AUTH_d7431f1b3e4b40fe8ff42eb83afd437e/gnocchi.b98d0916-b5f0-455a-a663-34dc3a8cca2f/1763640000.0_mean_300.0_v3" 404 70 "GET http://[::1]:8080/v1/AUTH_d7431f1b3e4b40fe8ff42eb83afd437e/gnocchi.b98d0916-b5f0-455a-a663-34dc3a8cca2f/1763640000.0_mean_300.0_v3" "tx9892e7beec7a426a9f8c9-00692b92cf" "proxy-server 90231" 0.0003 "-" 97452 0
Nov 29 19:41:51 np0005539973.novalocal object-server[97453]: ::1 - - [30/Nov/2025:00:41:51 +0000] "GET /3/76820/AUTH_d7431f1b3e4b40fe8ff42eb83afd437e/gnocchi.b98d0916-b5f0-455a-a663-34dc3a8cca2f/1763640000.0_mean_300.0_v3" 404 70 "GET http://[::1]:8080/v1/AUTH_d7431f1b3e4b40fe8ff42eb83afd437e/gnocchi.b98d0916-b5f0-455a-a663-34dc3a8cca2f/1763640000.0_mean_300.0_v3" "tx9892e7beec7a426a9f8c9-00692b92cf" "proxy-server 90231" 0.0002 "-" 97453 0
Nov 29 19:41:51 np0005539973.novalocal proxy-server[90231]: ::1 ::1 30/Nov/2025/00/41/51 GET /v1/AUTH_d7431f1b3e4b40fe8ff42eb83afd437e/gnocchi.b98d0916-b5f0-455a-a663-34dc3a8cca2f/1763640000.0_mean_300.0_v3 HTTP/1.0 404 - python-swiftclient-4.2.0 gAAAAABpK5KUEQfJ... - 70 - tx9892e7beec7a426a9f8c9-00692b92cf - 0.0088 - - 1764463311.190830708 1764463311.199610710 0
Nov 29 19:41:51 np0005539973.novalocal object-server[97452]: ::1 - - [30/Nov/2025:00:41:51 +0000] "GET /3/133640/AUTH_d7431f1b3e4b40fe8ff42eb83afd437e/gnocchi.0a838c06-cc86-452c-866e-0b1367dc68b2/none_v3" 200 27 "GET http://[::1]:8080/v1/AUTH_d7431f1b3e4b40fe8ff42eb83afd437e/gnocchi.0a838c06-cc86-452c-866e-0b1367dc68b2/none_v3" "tx0524e9ed3568434f9159d-00692b92cf" "proxy-server 90232" 0.0004 "-" 97452 0
Nov 29 19:41:51 np0005539973.novalocal proxy-server[90232]: ::1 ::1 30/Nov/2025/00/41/51 GET /v1/AUTH_d7431f1b3e4b40fe8ff42eb83afd437e/gnocchi.0a838c06-cc86-452c-866e-0b1367dc68b2/none_v3 HTTP/1.0 200 - python-swiftclient-4.2.0 gAAAAABpK5KUbDSc... - 27 - tx0524e9ed3568434f9159d-00692b92cf - 0.0060 - - 1764463311.204233408 1764463311.210275888 0
Nov 29 19:41:51 np0005539973.novalocal container-server[97151]: ::1 - - [30/Nov/2025:00:41:51 +0000] "PUT /2/195530/AUTH_d7431f1b3e4b40fe8ff42eb83afd437e/gnocchi.b98d0916-b5f0-455a-a663-34dc3a8cca2f/1763640000.0_mean_300.0_v3" 201 - "PUT http://[::1]:8080/1/76820/AUTH_d7431f1b3e4b40fe8ff42eb83afd437e/gnocchi.b98d0916-b5f0-455a-a663-34dc3a8cca2f/1763640000.0_mean_300.0_v3" "txa4d8dcd4882f41c38c541-00692b92cf" "object-server 97455" 0.0005 "-" 97151 0
Nov 29 19:41:51 np0005539973.novalocal container-server[97148]: ::1 - - [30/Nov/2025:00:41:51 +0000] "GET /1/150736/AUTH_d7431f1b3e4b40fe8ff42eb83afd437e/gnocchi.0a838c06-cc86-452c-866e-0b1367dc68b2" 200 357 "GET http://[::1]:8080/v1/AUTH_d7431f1b3e4b40fe8ff42eb83afd437e/gnocchi.0a838c06-cc86-452c-866e-0b1367dc68b2?format=json&states=listing" "txa1999fcb01d3408d9cd12-00692b92cf" "proxy-server 90232" 0.0019 "-" 97148 0
Nov 29 19:41:51 np0005539973.novalocal container-server[97151]: ::1 - - [30/Nov/2025:00:41:51 +0000] "PUT /1/195530/AUTH_d7431f1b3e4b40fe8ff42eb83afd437e/gnocchi.b98d0916-b5f0-455a-a663-34dc3a8cca2f/1763640000.0_mean_300.0_v3" 201 - "PUT http://[::1]:8080/3/76820/AUTH_d7431f1b3e4b40fe8ff42eb83afd437e/gnocchi.b98d0916-b5f0-455a-a663-34dc3a8cca2f/1763640000.0_mean_300.0_v3" "txa4d8dcd4882f41c38c541-00692b92cf" "object-server 97452" 0.0003 "-" 97151 0
Nov 29 19:41:51 np0005539973.novalocal object-server[97455]: ::1 - - [30/Nov/2025:00:41:51 +0000] "PUT /1/76820/AUTH_d7431f1b3e4b40fe8ff42eb83afd437e/gnocchi.b98d0916-b5f0-455a-a663-34dc3a8cca2f/1763640000.0_mean_300.0_v3" 201 - "PUT http://[::1]:8080/v1/AUTH_d7431f1b3e4b40fe8ff42eb83afd437e/gnocchi.b98d0916-b5f0-455a-a663-34dc3a8cca2f/1763640000.0_mean_300.0_v3" "txa4d8dcd4882f41c38c541-00692b92cf" "proxy-server 90231" 0.0114 "-" 97455 0
Nov 29 19:41:51 np0005539973.novalocal container-server[97148]: ::1 - - [30/Nov/2025:00:41:51 +0000] "PUT /3/195530/AUTH_d7431f1b3e4b40fe8ff42eb83afd437e/gnocchi.b98d0916-b5f0-455a-a663-34dc3a8cca2f/1763640000.0_mean_300.0_v3" 201 - "PUT http://[::1]:8080/2/76820/AUTH_d7431f1b3e4b40fe8ff42eb83afd437e/gnocchi.b98d0916-b5f0-455a-a663-34dc3a8cca2f/1763640000.0_mean_300.0_v3" "txa4d8dcd4882f41c38c541-00692b92cf" "object-server 97454" 0.0004 "-" 97148 0
Nov 29 19:41:51 np0005539973.novalocal object-server[97454]: ::1 - - [30/Nov/2025:00:41:51 +0000] "PUT /2/76820/AUTH_d7431f1b3e4b40fe8ff42eb83afd437e/gnocchi.b98d0916-b5f0-455a-a663-34dc3a8cca2f/1763640000.0_mean_300.0_v3" 201 - "PUT http://[::1]:8080/v1/AUTH_d7431f1b3e4b40fe8ff42eb83afd437e/gnocchi.b98d0916-b5f0-455a-a663-34dc3a8cca2f/1763640000.0_mean_300.0_v3" "txa4d8dcd4882f41c38c541-00692b92cf" "proxy-server 90231" 0.0113 "-" 97454 0
Nov 29 19:41:51 np0005539973.novalocal proxy-server[90232]: ::1 ::1 30/Nov/2025/00/41/51 GET /v1/AUTH_d7431f1b3e4b40fe8ff42eb83afd437e/gnocchi.0a838c06-cc86-452c-866e-0b1367dc68b2%3Fformat%3Djson%26states%3Dlisting HTTP/1.0 200 - python-swiftclient-4.2.0 gAAAAABpK5KUbDSc... - 357 - txa1999fcb01d3408d9cd12-00692b92cf - 0.0071 - - 1764463311.212693691 1764463311.219777107 0
Nov 29 19:41:51 np0005539973.novalocal object-server[97452]: ::1 - - [30/Nov/2025:00:41:51 +0000] "PUT /3/76820/AUTH_d7431f1b3e4b40fe8ff42eb83afd437e/gnocchi.b98d0916-b5f0-455a-a663-34dc3a8cca2f/1763640000.0_mean_300.0_v3" 201 - "PUT http://[::1]:8080/v1/AUTH_d7431f1b3e4b40fe8ff42eb83afd437e/gnocchi.b98d0916-b5f0-455a-a663-34dc3a8cca2f/1763640000.0_mean_300.0_v3" "txa4d8dcd4882f41c38c541-00692b92cf" "proxy-server 90231" 0.0132 "-" 97452 0
Nov 29 19:41:51 np0005539973.novalocal proxy-server[90231]: ::1 ::1 30/Nov/2025/00/41/51 PUT /v1/AUTH_d7431f1b3e4b40fe8ff42eb83afd437e/gnocchi.b98d0916-b5f0-455a-a663-34dc3a8cca2f/1763640000.0_mean_300.0_v3 HTTP/1.0 201 - python-swiftclient-4.2.0 gAAAAABpK5KUEQfJ... 16 - - txa4d8dcd4882f41c38c541-00692b92cf - 0.0197 - - 1764463311.201647282 1764463311.221389771 0
Nov 29 19:41:51 np0005539973.novalocal container-server[97151]: ::1 - - [30/Nov/2025:00:41:51 +0000] "GET /1/150736/AUTH_d7431f1b3e4b40fe8ff42eb83afd437e/gnocchi.0a838c06-cc86-452c-866e-0b1367dc68b2" 200 2 "GET http://[::1]:8080/v1/AUTH_d7431f1b3e4b40fe8ff42eb83afd437e/gnocchi.0a838c06-cc86-452c-866e-0b1367dc68b2?format=json&marker=none_v3&states=listing" "txcf30bf4b82af400b8cec0-00692b92cf" "proxy-server 90232" 0.0019 "-" 97151 0
Nov 29 19:41:51 np0005539973.novalocal proxy-server[90232]: ::1 ::1 30/Nov/2025/00/41/51 GET /v1/AUTH_d7431f1b3e4b40fe8ff42eb83afd437e/gnocchi.0a838c06-cc86-452c-866e-0b1367dc68b2%3Fformat%3Djson%26marker%3Dnone_v3%26states%3Dlisting HTTP/1.0 200 - python-swiftclient-4.2.0 gAAAAABpK5KUbDSc... - 2 - txcf30bf4b82af400b8cec0-00692b92cf - 0.0077 - - 1764463311.221675158 1764463311.229382753 0
Nov 29 19:41:51 np0005539973.novalocal container-server[97151]: ::1 - - [30/Nov/2025:00:41:51 +0000] "PUT /2/195530/AUTH_d7431f1b3e4b40fe8ff42eb83afd437e/gnocchi.b98d0916-b5f0-455a-a663-34dc3a8cca2f/none_v3" 201 - "PUT http://[::1]:8080/1/59431/AUTH_d7431f1b3e4b40fe8ff42eb83afd437e/gnocchi.b98d0916-b5f0-455a-a663-34dc3a8cca2f/none_v3" "tx00649e0d9f4e464fa2e59-00692b92cf" "object-server 97453" 0.0004 "-" 97151 0
Nov 29 19:41:51 np0005539973.novalocal object-server[97453]: ::1 - - [30/Nov/2025:00:41:51 +0000] "PUT /1/59431/AUTH_d7431f1b3e4b40fe8ff42eb83afd437e/gnocchi.b98d0916-b5f0-455a-a663-34dc3a8cca2f/none_v3" 201 - "PUT http://[::1]:8080/v1/AUTH_d7431f1b3e4b40fe8ff42eb83afd437e/gnocchi.b98d0916-b5f0-455a-a663-34dc3a8cca2f/none_v3" "tx00649e0d9f4e464fa2e59-00692b92cf" "proxy-server 90231" 0.0080 "-" 97453 0
Nov 29 19:41:51 np0005539973.novalocal object-server[97452]: ::1 - - [30/Nov/2025:00:41:51 +0000] "GET /1/206172/AUTH_d7431f1b3e4b40fe8ff42eb83afd437e/gnocchi.0a838c06-cc86-452c-866e-0b1367dc68b2/1763640000.0_mean_300.0_v3" 200 16 "GET http://[::1]:8080/v1/AUTH_d7431f1b3e4b40fe8ff42eb83afd437e/gnocchi.0a838c06-cc86-452c-866e-0b1367dc68b2/1763640000.0_mean_300.0_v3" "tx95b7aad5e6a848529e32d-00692b92cf" "proxy-server 90232" 0.0005 "-" 97452 0
Nov 29 19:41:51 np0005539973.novalocal container-server[97149]: ::1 - - [30/Nov/2025:00:41:51 +0000] "PUT /1/195530/AUTH_d7431f1b3e4b40fe8ff42eb83afd437e/gnocchi.b98d0916-b5f0-455a-a663-34dc3a8cca2f/none_v3" 201 - "PUT http://[::1]:8080/2/59431/AUTH_d7431f1b3e4b40fe8ff42eb83afd437e/gnocchi.b98d0916-b5f0-455a-a663-34dc3a8cca2f/none_v3" "tx00649e0d9f4e464fa2e59-00692b92cf" "object-server 97454" 0.0005 "-" 97149 0
Nov 29 19:41:51 np0005539973.novalocal object-server[97454]: ::1 - - [30/Nov/2025:00:41:51 +0000] "PUT /2/59431/AUTH_d7431f1b3e4b40fe8ff42eb83afd437e/gnocchi.b98d0916-b5f0-455a-a663-34dc3a8cca2f/none_v3" 201 - "PUT http://[::1]:8080/v1/AUTH_d7431f1b3e4b40fe8ff42eb83afd437e/gnocchi.b98d0916-b5f0-455a-a663-34dc3a8cca2f/none_v3" "tx00649e0d9f4e464fa2e59-00692b92cf" "proxy-server 90231" 0.0101 "-" 97454 0
Nov 29 19:41:51 np0005539973.novalocal proxy-server[90232]: ::1 ::1 30/Nov/2025/00/41/51 GET /v1/AUTH_d7431f1b3e4b40fe8ff42eb83afd437e/gnocchi.0a838c06-cc86-452c-866e-0b1367dc68b2/1763640000.0_mean_300.0_v3 HTTP/1.0 200 - python-swiftclient-4.2.0 gAAAAABpK5KUbDSc... - 16 - tx95b7aad5e6a848529e32d-00692b92cf - 0.0057 - - 1764463311.232224464 1764463311.237927914 0
Nov 29 19:41:51 np0005539973.novalocal container-server[97150]: ::1 - - [30/Nov/2025:00:41:51 +0000] "PUT /3/195530/AUTH_d7431f1b3e4b40fe8ff42eb83afd437e/gnocchi.b98d0916-b5f0-455a-a663-34dc3a8cca2f/none_v3" 201 - "PUT http://[::1]:8080/3/59431/AUTH_d7431f1b3e4b40fe8ff42eb83afd437e/gnocchi.b98d0916-b5f0-455a-a663-34dc3a8cca2f/none_v3" "tx00649e0d9f4e464fa2e59-00692b92cf" "object-server 97452" 0.0004 "-" 97150 0
Nov 29 19:41:51 np0005539973.novalocal object-server[97452]: ::1 - - [30/Nov/2025:00:41:51 +0000] "PUT /3/59431/AUTH_d7431f1b3e4b40fe8ff42eb83afd437e/gnocchi.b98d0916-b5f0-455a-a663-34dc3a8cca2f/none_v3" 201 - "PUT http://[::1]:8080/v1/AUTH_d7431f1b3e4b40fe8ff42eb83afd437e/gnocchi.b98d0916-b5f0-455a-a663-34dc3a8cca2f/none_v3" "tx00649e0d9f4e464fa2e59-00692b92cf" "proxy-server 90231" 0.0106 "-" 97452 0
Nov 29 19:41:51 np0005539973.novalocal proxy-server[90231]: ::1 ::1 30/Nov/2025/00/41/51 PUT /v1/AUTH_d7431f1b3e4b40fe8ff42eb83afd437e/gnocchi.b98d0916-b5f0-455a-a663-34dc3a8cca2f/none_v3 HTTP/1.0 201 - python-swiftclient-4.2.0 gAAAAABpK5KUEQfJ... 22 - - tx00649e0d9f4e464fa2e59-00692b92cf - 0.0161 - - 1764463311.223406553 1764463311.239525795 0
Nov 29 19:41:51 np0005539973.novalocal container-server[97151]: ::1 - - [30/Nov/2025:00:41:51 +0000] "PUT /2/150736/AUTH_d7431f1b3e4b40fe8ff42eb83afd437e/gnocchi.0a838c06-cc86-452c-866e-0b1367dc68b2/1763640000.0_mean_300.0_v3" 201 - "PUT http://[::1]:8080/1/206172/AUTH_d7431f1b3e4b40fe8ff42eb83afd437e/gnocchi.0a838c06-cc86-452c-866e-0b1367dc68b2/1763640000.0_mean_300.0_v3" "txe7ba7348f2d94343aeeef-00692b92cf" "object-server 97455" 0.0005 "-" 97151 0
Nov 29 19:41:51 np0005539973.novalocal container-server[97148]: ::1 - - [30/Nov/2025:00:41:51 +0000] "PUT /3/150736/AUTH_d7431f1b3e4b40fe8ff42eb83afd437e/gnocchi.0a838c06-cc86-452c-866e-0b1367dc68b2/1763640000.0_mean_300.0_v3" 201 - "PUT http://[::1]:8080/3/206172/AUTH_d7431f1b3e4b40fe8ff42eb83afd437e/gnocchi.0a838c06-cc86-452c-866e-0b1367dc68b2/1763640000.0_mean_300.0_v3" "txe7ba7348f2d94343aeeef-00692b92cf" "object-server 97452" 0.0004 "-" 97148 0
Nov 29 19:41:51 np0005539973.novalocal object-server[97455]: ::1 - - [30/Nov/2025:00:41:51 +0000] "PUT /1/206172/AUTH_d7431f1b3e4b40fe8ff42eb83afd437e/gnocchi.0a838c06-cc86-452c-866e-0b1367dc68b2/1763640000.0_mean_300.0_v3" 201 - "PUT http://[::1]:8080/v1/AUTH_d7431f1b3e4b40fe8ff42eb83afd437e/gnocchi.0a838c06-cc86-452c-866e-0b1367dc68b2/1763640000.0_mean_300.0_v3" "txe7ba7348f2d94343aeeef-00692b92cf" "proxy-server 90232" 0.0094 "-" 97455 0
Nov 29 19:41:51 np0005539973.novalocal container-server[97151]: ::1 - - [30/Nov/2025:00:41:51 +0000] "PUT /1/150736/AUTH_d7431f1b3e4b40fe8ff42eb83afd437e/gnocchi.0a838c06-cc86-452c-866e-0b1367dc68b2/1763640000.0_mean_300.0_v3" 201 - "PUT http://[::1]:8080/2/206172/AUTH_d7431f1b3e4b40fe8ff42eb83afd437e/gnocchi.0a838c06-cc86-452c-866e-0b1367dc68b2/1763640000.0_mean_300.0_v3" "txe7ba7348f2d94343aeeef-00692b92cf" "object-server 97455" 0.0003 "-" 97151 0
Nov 29 19:41:51 np0005539973.novalocal object-server[97452]: ::1 - - [30/Nov/2025:00:41:51 +0000] "PUT /3/206172/AUTH_d7431f1b3e4b40fe8ff42eb83afd437e/gnocchi.0a838c06-cc86-452c-866e-0b1367dc68b2/1763640000.0_mean_300.0_v3" 201 - "PUT http://[::1]:8080/v1/AUTH_d7431f1b3e4b40fe8ff42eb83afd437e/gnocchi.0a838c06-cc86-452c-866e-0b1367dc68b2/1763640000.0_mean_300.0_v3" "txe7ba7348f2d94343aeeef-00692b92cf" "proxy-server 90232" 0.0126 "-" 97452 0
Nov 29 19:41:51 np0005539973.novalocal object-server[97455]: ::1 - - [30/Nov/2025:00:41:51 +0000] "PUT /2/206172/AUTH_d7431f1b3e4b40fe8ff42eb83afd437e/gnocchi.0a838c06-cc86-452c-866e-0b1367dc68b2/1763640000.0_mean_300.0_v3" 201 - "PUT http://[::1]:8080/v1/AUTH_d7431f1b3e4b40fe8ff42eb83afd437e/gnocchi.0a838c06-cc86-452c-866e-0b1367dc68b2/1763640000.0_mean_300.0_v3" "txe7ba7348f2d94343aeeef-00692b92cf" "proxy-server 90232" 0.0112 "-" 97455 0
Nov 29 19:41:51 np0005539973.novalocal object-server[97453]: ::1 - - [30/Nov/2025:00:41:51 +0000] "GET /1/202590/AUTH_d7431f1b3e4b40fe8ff42eb83afd437e/gnocchi.d566ef24-ef05-4c9b-ae40-801ae4181b37/none_v3" 200 32 "GET http://[::1]:8080/v1/AUTH_d7431f1b3e4b40fe8ff42eb83afd437e/gnocchi.d566ef24-ef05-4c9b-ae40-801ae4181b37/none_v3" "tx5e425a1d0d4844d5a333c-00692b92cf" "proxy-server 90231" 0.0005 "-" 97453 0
Nov 29 19:41:51 np0005539973.novalocal proxy-server[90232]: ::1 ::1 30/Nov/2025/00/41/51 PUT /v1/AUTH_d7431f1b3e4b40fe8ff42eb83afd437e/gnocchi.0a838c06-cc86-452c-866e-0b1367dc68b2/1763640000.0_mean_300.0_v3 HTTP/1.0 201 - python-swiftclient-4.2.0 gAAAAABpK5KUbDSc... 16 - - txe7ba7348f2d94343aeeef-00692b92cf - 0.0202 - - 1764463311.240474224 1764463311.260687351 0
Nov 29 19:41:51 np0005539973.novalocal proxy-server[90231]: ::1 ::1 30/Nov/2025/00/41/51 GET /v1/AUTH_d7431f1b3e4b40fe8ff42eb83afd437e/gnocchi.d566ef24-ef05-4c9b-ae40-801ae4181b37/none_v3 HTTP/1.0 200 - python-swiftclient-4.2.0 gAAAAABpK5KUEQfJ... - 32 - tx5e425a1d0d4844d5a333c-00692b92cf - 0.0092 - - 1764463311.253143072 1764463311.262308359 0
Nov 29 19:41:51 np0005539973.novalocal container-server[97148]: ::1 - - [30/Nov/2025:00:41:51 +0000] "GET /2/223481/AUTH_d7431f1b3e4b40fe8ff42eb83afd437e/gnocchi.d566ef24-ef05-4c9b-ae40-801ae4181b37" 200 357 "GET http://[::1]:8080/v1/AUTH_d7431f1b3e4b40fe8ff42eb83afd437e/gnocchi.d566ef24-ef05-4c9b-ae40-801ae4181b37?format=json&states=listing" "tx0cff3fbecdf34fc795b25-00692b92cf" "proxy-server 90231" 0.0018 "-" 97148 0
Nov 29 19:41:51 np0005539973.novalocal proxy-server[90231]: ::1 ::1 30/Nov/2025/00/41/51 GET /v1/AUTH_d7431f1b3e4b40fe8ff42eb83afd437e/gnocchi.d566ef24-ef05-4c9b-ae40-801ae4181b37%3Fformat%3Djson%26states%3Dlisting HTTP/1.0 200 - python-swiftclient-4.2.0 gAAAAABpK5KUEQfJ... - 357 - tx0cff3fbecdf34fc795b25-00692b92cf - 0.0069 - - 1764463311.264766455 1764463311.271653175 0
Nov 29 19:41:51 np0005539973.novalocal container-server[97151]: ::1 - - [30/Nov/2025:00:41:51 +0000] "PUT /1/150736/AUTH_d7431f1b3e4b40fe8ff42eb83afd437e/gnocchi.0a838c06-cc86-452c-866e-0b1367dc68b2/none_v3" 201 - "PUT http://[::1]:8080/2/133640/AUTH_d7431f1b3e4b40fe8ff42eb83afd437e/gnocchi.0a838c06-cc86-452c-866e-0b1367dc68b2/none_v3" "txcd814634718f47fc8e948-00692b92cf" "object-server 97454" 0.0005 "-" 97151 0
Nov 29 19:41:51 np0005539973.novalocal object-server[97454]: ::1 - - [30/Nov/2025:00:41:51 +0000] "PUT /2/133640/AUTH_d7431f1b3e4b40fe8ff42eb83afd437e/gnocchi.0a838c06-cc86-452c-866e-0b1367dc68b2/none_v3" 201 - "PUT http://[::1]:8080/v1/AUTH_d7431f1b3e4b40fe8ff42eb83afd437e/gnocchi.0a838c06-cc86-452c-866e-0b1367dc68b2/none_v3" "txcd814634718f47fc8e948-00692b92cf" "proxy-server 90232" 0.0082 "-" 97454 0
Nov 29 19:41:51 np0005539973.novalocal container-server[97149]: ::1 - - [30/Nov/2025:00:41:51 +0000] "PUT /2/150736/AUTH_d7431f1b3e4b40fe8ff42eb83afd437e/gnocchi.0a838c06-cc86-452c-866e-0b1367dc68b2/none_v3" 201 - "PUT http://[::1]:8080/3/133640/AUTH_d7431f1b3e4b40fe8ff42eb83afd437e/gnocchi.0a838c06-cc86-452c-866e-0b1367dc68b2/none_v3" "txcd814634718f47fc8e948-00692b92cf" "object-server 97454" 0.0004 "-" 97149 0
Nov 29 19:41:51 np0005539973.novalocal container-server[97151]: ::1 - - [30/Nov/2025:00:41:51 +0000] "PUT /3/150736/AUTH_d7431f1b3e4b40fe8ff42eb83afd437e/gnocchi.0a838c06-cc86-452c-866e-0b1367dc68b2/none_v3" 201 - "PUT http://[::1]:8080/1/133640/AUTH_d7431f1b3e4b40fe8ff42eb83afd437e/gnocchi.0a838c06-cc86-452c-866e-0b1367dc68b2/none_v3" "txcd814634718f47fc8e948-00692b92cf" "object-server 97453" 0.0003 "-" 97151 0
Nov 29 19:41:51 np0005539973.novalocal object-server[97454]: ::1 - - [30/Nov/2025:00:41:51 +0000] "PUT /3/133640/AUTH_d7431f1b3e4b40fe8ff42eb83afd437e/gnocchi.0a838c06-cc86-452c-866e-0b1367dc68b2/none_v3" 201 - "PUT http://[::1]:8080/v1/AUTH_d7431f1b3e4b40fe8ff42eb83afd437e/gnocchi.0a838c06-cc86-452c-866e-0b1367dc68b2/none_v3" "txcd814634718f47fc8e948-00692b92cf" "proxy-server 90232" 0.0099 "-" 97454 0
Nov 29 19:41:51 np0005539973.novalocal container-server[97150]: ::1 - - [30/Nov/2025:00:41:51 +0000] "GET /2/223481/AUTH_d7431f1b3e4b40fe8ff42eb83afd437e/gnocchi.d566ef24-ef05-4c9b-ae40-801ae4181b37" 200 2 "GET http://[::1]:8080/v1/AUTH_d7431f1b3e4b40fe8ff42eb83afd437e/gnocchi.d566ef24-ef05-4c9b-ae40-801ae4181b37?format=json&marker=none_v3&states=listing" "txf4113838723343d3b203a-00692b92cf" "proxy-server 90231" 0.0017 "-" 97150 0
Nov 29 19:41:51 np0005539973.novalocal object-server[97453]: ::1 - - [30/Nov/2025:00:41:51 +0000] "PUT /1/133640/AUTH_d7431f1b3e4b40fe8ff42eb83afd437e/gnocchi.0a838c06-cc86-452c-866e-0b1367dc68b2/none_v3" 201 - "PUT http://[::1]:8080/v1/AUTH_d7431f1b3e4b40fe8ff42eb83afd437e/gnocchi.0a838c06-cc86-452c-866e-0b1367dc68b2/none_v3" "txcd814634718f47fc8e948-00692b92cf" "proxy-server 90232" 0.0104 "-" 97453 0
Nov 29 19:41:51 np0005539973.novalocal proxy-server[90232]: ::1 ::1 30/Nov/2025/00/41/51 PUT /v1/AUTH_d7431f1b3e4b40fe8ff42eb83afd437e/gnocchi.0a838c06-cc86-452c-866e-0b1367dc68b2/none_v3 HTTP/1.0 201 - python-swiftclient-4.2.0 gAAAAABpK5KUbDSc... 43 - - txcd814634718f47fc8e948-00692b92cf - 0.0175 - - 1764463311.263330460 1764463311.280831814 0
Nov 29 19:41:51 np0005539973.novalocal proxy-server[90231]: ::1 ::1 30/Nov/2025/00/41/51 GET /v1/AUTH_d7431f1b3e4b40fe8ff42eb83afd437e/gnocchi.d566ef24-ef05-4c9b-ae40-801ae4181b37%3Fformat%3Djson%26marker%3Dnone_v3%26states%3Dlisting HTTP/1.0 200 - python-swiftclient-4.2.0 gAAAAABpK5KUEQfJ... - 2 - txf4113838723343d3b203a-00692b92cf - 0.0068 - - 1764463311.273840189 1764463311.280623674 0
Nov 29 19:41:51 np0005539973.novalocal object-server[97453]: ::1 - - [30/Nov/2025:00:41:51 +0000] "GET /1/120578/AUTH_d7431f1b3e4b40fe8ff42eb83afd437e/gnocchi.d566ef24-ef05-4c9b-ae40-801ae4181b37/1763640000.0_mean_300.0_v3" 200 16 "GET http://[::1]:8080/v1/AUTH_d7431f1b3e4b40fe8ff42eb83afd437e/gnocchi.d566ef24-ef05-4c9b-ae40-801ae4181b37/1763640000.0_mean_300.0_v3" "tx2f4ef23120bc46ef97ea1-00692b92cf" "proxy-server 90231" 0.0008 "-" 97453 0
Nov 29 19:41:51 np0005539973.novalocal proxy-server[90231]: ::1 ::1 30/Nov/2025/00/41/51 GET /v1/AUTH_d7431f1b3e4b40fe8ff42eb83afd437e/gnocchi.d566ef24-ef05-4c9b-ae40-801ae4181b37/1763640000.0_mean_300.0_v3 HTTP/1.0 200 - python-swiftclient-4.2.0 gAAAAABpK5KUEQfJ... - 16 - tx2f4ef23120bc46ef97ea1-00692b92cf - 0.0059 - - 1764463311.285475492 1764463311.291394711 0
Nov 29 19:41:51 np0005539973.novalocal container-server[97151]: ::1 - - [30/Nov/2025:00:41:51 +0000] "PUT /2/223481/AUTH_d7431f1b3e4b40fe8ff42eb83afd437e/gnocchi.d566ef24-ef05-4c9b-ae40-801ae4181b37/1763640000.0_mean_300.0_v3" 201 - "PUT http://[::1]:8080/3/120578/AUTH_d7431f1b3e4b40fe8ff42eb83afd437e/gnocchi.d566ef24-ef05-4c9b-ae40-801ae4181b37/1763640000.0_mean_300.0_v3" "tx53077284ec9c42689c230-00692b92cf" "object-server 97454" 0.0006 "-" 97151 0
Nov 29 19:41:51 np0005539973.novalocal container-server[97148]: ::1 - - [30/Nov/2025:00:41:51 +0000] "HEAD /2/211342/AUTH_d7431f1b3e4b40fe8ff42eb83afd437e/gnocchi.b544f4d3-e92f-461e-8455-61056c67adbc" 404 - "HEAD http://[::1]:8080/v1/AUTH_d7431f1b3e4b40fe8ff42eb83afd437e/gnocchi.b544f4d3-e92f-461e-8455-61056c67adbc?format=json&states=listing" "tx526337e93f8143d4b2e33-00692b92cf" "proxy-server 90232" 0.0003 "-" 97148 0
Nov 29 19:41:51 np0005539973.novalocal object-server[97454]: ::1 - - [30/Nov/2025:00:41:51 +0000] "PUT /3/120578/AUTH_d7431f1b3e4b40fe8ff42eb83afd437e/gnocchi.d566ef24-ef05-4c9b-ae40-801ae4181b37/1763640000.0_mean_300.0_v3" 201 - "PUT http://[::1]:8080/v1/AUTH_d7431f1b3e4b40fe8ff42eb83afd437e/gnocchi.d566ef24-ef05-4c9b-ae40-801ae4181b37/1763640000.0_mean_300.0_v3" "tx53077284ec9c42689c230-00692b92cf" "proxy-server 90231" 0.0084 "-" 97454 0
Nov 29 19:41:51 np0005539973.novalocal container-server[97150]: ::1 - - [30/Nov/2025:00:41:51 +0000] "PUT /1/223481/AUTH_d7431f1b3e4b40fe8ff42eb83afd437e/gnocchi.d566ef24-ef05-4c9b-ae40-801ae4181b37/1763640000.0_mean_300.0_v3" 201 - "PUT http://[::1]:8080/2/120578/AUTH_d7431f1b3e4b40fe8ff42eb83afd437e/gnocchi.d566ef24-ef05-4c9b-ae40-801ae4181b37/1763640000.0_mean_300.0_v3" "tx53077284ec9c42689c230-00692b92cf" "object-server 97453" 0.0004 "-" 97150 0
Nov 29 19:41:51 np0005539973.novalocal container-server[97151]: ::1 - - [30/Nov/2025:00:41:51 +0000] "HEAD /3/211342/AUTH_d7431f1b3e4b40fe8ff42eb83afd437e/gnocchi.b544f4d3-e92f-461e-8455-61056c67adbc" 404 - "HEAD http://[::1]:8080/v1/AUTH_d7431f1b3e4b40fe8ff42eb83afd437e/gnocchi.b544f4d3-e92f-461e-8455-61056c67adbc?format=json&states=listing" "tx526337e93f8143d4b2e33-00692b92cf" "proxy-server 90232" 0.0002 "-" 97151 0
Nov 29 19:41:51 np0005539973.novalocal object-server[97453]: ::1 - - [30/Nov/2025:00:41:51 +0000] "PUT /2/120578/AUTH_d7431f1b3e4b40fe8ff42eb83afd437e/gnocchi.d566ef24-ef05-4c9b-ae40-801ae4181b37/1763640000.0_mean_300.0_v3" 201 - "PUT http://[::1]:8080/v1/AUTH_d7431f1b3e4b40fe8ff42eb83afd437e/gnocchi.d566ef24-ef05-4c9b-ae40-801ae4181b37/1763640000.0_mean_300.0_v3" "tx53077284ec9c42689c230-00692b92cf" "proxy-server 90231" 0.0114 "-" 97453 0
Nov 29 19:41:51 np0005539973.novalocal container-server[97148]: ::1 - - [30/Nov/2025:00:41:51 +0000] "PUT /3/223481/AUTH_d7431f1b3e4b40fe8ff42eb83afd437e/gnocchi.d566ef24-ef05-4c9b-ae40-801ae4181b37/1763640000.0_mean_300.0_v3" 201 - "PUT http://[::1]:8080/1/120578/AUTH_d7431f1b3e4b40fe8ff42eb83afd437e/gnocchi.d566ef24-ef05-4c9b-ae40-801ae4181b37/1763640000.0_mean_300.0_v3" "tx53077284ec9c42689c230-00692b92cf" "object-server 97455" 0.0003 "-" 97148 0
Nov 29 19:41:51 np0005539973.novalocal object-server[97455]: ::1 - - [30/Nov/2025:00:41:51 +0000] "PUT /1/120578/AUTH_d7431f1b3e4b40fe8ff42eb83afd437e/gnocchi.d566ef24-ef05-4c9b-ae40-801ae4181b37/1763640000.0_mean_300.0_v3" 201 - "PUT http://[::1]:8080/v1/AUTH_d7431f1b3e4b40fe8ff42eb83afd437e/gnocchi.d566ef24-ef05-4c9b-ae40-801ae4181b37/1763640000.0_mean_300.0_v3" "tx53077284ec9c42689c230-00692b92cf" "proxy-server 90231" 0.0121 "-" 97455 0
Nov 29 19:41:51 np0005539973.novalocal container-server[97149]: ::1 - - [30/Nov/2025:00:41:51 +0000] "HEAD /1/211342/AUTH_d7431f1b3e4b40fe8ff42eb83afd437e/gnocchi.b544f4d3-e92f-461e-8455-61056c67adbc" 404 - "HEAD http://[::1]:8080/v1/AUTH_d7431f1b3e4b40fe8ff42eb83afd437e/gnocchi.b544f4d3-e92f-461e-8455-61056c67adbc?format=json&states=listing" "tx526337e93f8143d4b2e33-00692b92cf" "proxy-server 90232" 0.0003 "-" 97149 0
Nov 29 19:41:51 np0005539973.novalocal proxy-server[90231]: ::1 ::1 30/Nov/2025/00/41/51 PUT /v1/AUTH_d7431f1b3e4b40fe8ff42eb83afd437e/gnocchi.d566ef24-ef05-4c9b-ae40-801ae4181b37/1763640000.0_mean_300.0_v3 HTTP/1.0 201 - python-swiftclient-4.2.0 gAAAAABpK5KUEQfJ... 16 - - tx53077284ec9c42689c230-00692b92cf - 0.0175 - - 1764463311.293182373 1764463311.310704231 0
Nov 29 19:41:51 np0005539973.novalocal object-server[97455]: ::1 - - [30/Nov/2025:00:41:51 +0000] "GET /1/255346/AUTH_d7431f1b3e4b40fe8ff42eb83afd437e/gnocchi.b544f4d3-e92f-461e-8455-61056c67adbc/none_v3" 404 70 "GET http://[::1]:8080/v1/AUTH_d7431f1b3e4b40fe8ff42eb83afd437e/gnocchi.b544f4d3-e92f-461e-8455-61056c67adbc/none_v3" "tx526337e93f8143d4b2e33-00692b92cf" "proxy-server 90232" 0.0003 "-" 97455 0
Nov 29 19:41:51 np0005539973.novalocal object-server[97454]: ::1 - - [30/Nov/2025:00:41:51 +0000] "GET /3/255346/AUTH_d7431f1b3e4b40fe8ff42eb83afd437e/gnocchi.b544f4d3-e92f-461e-8455-61056c67adbc/none_v3" 404 70 "GET http://[::1]:8080/v1/AUTH_d7431f1b3e4b40fe8ff42eb83afd437e/gnocchi.b544f4d3-e92f-461e-8455-61056c67adbc/none_v3" "tx526337e93f8143d4b2e33-00692b92cf" "proxy-server 90232" 0.0002 "-" 97454 0
Nov 29 19:41:51 np0005539973.novalocal object-server[97455]: ::1 - - [30/Nov/2025:00:41:51 +0000] "GET /2/255346/AUTH_d7431f1b3e4b40fe8ff42eb83afd437e/gnocchi.b544f4d3-e92f-461e-8455-61056c67adbc/none_v3" 404 70 "GET http://[::1]:8080/v1/AUTH_d7431f1b3e4b40fe8ff42eb83afd437e/gnocchi.b544f4d3-e92f-461e-8455-61056c67adbc/none_v3" "tx526337e93f8143d4b2e33-00692b92cf" "proxy-server 90232" 0.0001 "-" 97455 0
Nov 29 19:41:51 np0005539973.novalocal proxy-server[90232]: ::1 ::1 30/Nov/2025/00/41/51 GET /v1/AUTH_d7431f1b3e4b40fe8ff42eb83afd437e/gnocchi.b544f4d3-e92f-461e-8455-61056c67adbc/none_v3 HTTP/1.0 404 - python-swiftclient-4.2.0 gAAAAABpK5KUbDSc... - 70 - tx526337e93f8143d4b2e33-00692b92cf - 0.0170 - - 1764463311.303698540 1764463311.320721149 0
Nov 29 19:41:51 np0005539973.novalocal container-server[97149]: ::1 - - [30/Nov/2025:00:41:51 +0000] "PUT /2/223481/AUTH_d7431f1b3e4b40fe8ff42eb83afd437e/gnocchi.d566ef24-ef05-4c9b-ae40-801ae4181b37/none_v3" 201 - "PUT http://[::1]:8080/1/202590/AUTH_d7431f1b3e4b40fe8ff42eb83afd437e/gnocchi.d566ef24-ef05-4c9b-ae40-801ae4181b37/none_v3" "txae910ab1a90b415aaed52-00692b92cf" "object-server 97452" 0.0005 "-" 97149 0
Nov 29 19:41:51 np0005539973.novalocal object-server[97452]: ::1 - - [30/Nov/2025:00:41:51 +0000] "PUT /1/202590/AUTH_d7431f1b3e4b40fe8ff42eb83afd437e/gnocchi.d566ef24-ef05-4c9b-ae40-801ae4181b37/none_v3" 201 - "PUT http://[::1]:8080/v1/AUTH_d7431f1b3e4b40fe8ff42eb83afd437e/gnocchi.d566ef24-ef05-4c9b-ae40-801ae4181b37/none_v3" "txae910ab1a90b415aaed52-00692b92cf" "proxy-server 90231" 0.0117 "-" 97452 0
Nov 29 19:41:51 np0005539973.novalocal account-server[96856]: ::1 - - [30/Nov/2025:00:41:51 +0000] "PUT /2/39192/AUTH_d7431f1b3e4b40fe8ff42eb83afd437e/gnocchi.b544f4d3-e92f-461e-8455-61056c67adbc" 201 - "PUT http://[::1]:6001/1/211342/AUTH_d7431f1b3e4b40fe8ff42eb83afd437e/gnocchi.b544f4d3-e92f-461e-8455-61056c67adbc" "txc6694d2339a445d49af78-00692b92cf" "container-server 97149" 0.0043 "-" 96856 0
Nov 29 19:41:51 np0005539973.novalocal container-server[97149]: ::1 - - [30/Nov/2025:00:41:51 +0000] "PUT /1/211342/AUTH_d7431f1b3e4b40fe8ff42eb83afd437e/gnocchi.b544f4d3-e92f-461e-8455-61056c67adbc" 201 - "PUT http://[::1]:8080/v1/AUTH_d7431f1b3e4b40fe8ff42eb83afd437e/gnocchi.b544f4d3-e92f-461e-8455-61056c67adbc" "txc6694d2339a445d49af78-00692b92cf" "proxy-server 90232" 0.0122 "-" 97149 0
Nov 29 19:41:51 np0005539973.novalocal container-server[97150]: ::1 - - [30/Nov/2025:00:41:51 +0000] "PUT /1/223481/AUTH_d7431f1b3e4b40fe8ff42eb83afd437e/gnocchi.d566ef24-ef05-4c9b-ae40-801ae4181b37/none_v3" 201 - "PUT http://[::1]:8080/2/202590/AUTH_d7431f1b3e4b40fe8ff42eb83afd437e/gnocchi.d566ef24-ef05-4c9b-ae40-801ae4181b37/none_v3" "txae910ab1a90b415aaed52-00692b92cf" "object-server 97455" 0.0005 "-" 97150 0
Nov 29 19:41:51 np0005539973.novalocal object-server[97455]: ::1 - - [30/Nov/2025:00:41:51 +0000] "PUT /2/202590/AUTH_d7431f1b3e4b40fe8ff42eb83afd437e/gnocchi.d566ef24-ef05-4c9b-ae40-801ae4181b37/none_v3" 201 - "PUT http://[::1]:8080/v1/AUTH_d7431f1b3e4b40fe8ff42eb83afd437e/gnocchi.d566ef24-ef05-4c9b-ae40-801ae4181b37/none_v3" "txae910ab1a90b415aaed52-00692b92cf" "proxy-server 90231" 0.0287 "-" 97455 0
