Nov 29 19:42:30 np0005539973.novalocal account-server[96855]: ::1 - - [30/Nov/2025:00:42:30 +0000] "PUT /1/39192/AUTH_d7431f1b3e4b40fe8ff42eb83afd437e/gnocchi.baf5a357-14cf-4713-b3e3-6fb15bb7ea98" 201 - "PUT http://[::1]:6001/2/116704/AUTH_d7431f1b3e4b40fe8ff42eb83afd437e/gnocchi.baf5a357-14cf-4713-b3e3-6fb15bb7ea98" "txe6ddfc79573840a5a199c-00692b92f6" "container-server 97150" 0.0187 "-" 96855 0
Nov 29 19:42:30 np0005539973.novalocal account-server[96856]: ::1 - - [30/Nov/2025:00:42:30 +0000] "PUT /2/39192/AUTH_d7431f1b3e4b40fe8ff42eb83afd437e/gnocchi.baf5a357-14cf-4713-b3e3-6fb15bb7ea98" 201 - "PUT http://[::1]:6001/1/116704/AUTH_d7431f1b3e4b40fe8ff42eb83afd437e/gnocchi.baf5a357-14cf-4713-b3e3-6fb15bb7ea98" "txe6ddfc79573840a5a199c-00692b92f6" "container-server 97148" 0.0159 "-" 96856 0
Nov 29 19:42:30 np0005539973.novalocal container-server[97150]: ::1 - - [30/Nov/2025:00:42:30 +0000] "PUT /2/116704/AUTH_d7431f1b3e4b40fe8ff42eb83afd437e/gnocchi.baf5a357-14cf-4713-b3e3-6fb15bb7ea98" 201 - "PUT http://[::1]:8080/v1/AUTH_d7431f1b3e4b40fe8ff42eb83afd437e/gnocchi.baf5a357-14cf-4713-b3e3-6fb15bb7ea98" "txe6ddfc79573840a5a199c-00692b92f6" "proxy-server 90232" 0.1210 "-" 97150 0
Nov 29 19:42:30 np0005539973.novalocal account-server[96858]: ::1 - - [30/Nov/2025:00:42:30 +0000] "PUT /3/39192/AUTH_d7431f1b3e4b40fe8ff42eb83afd437e/gnocchi.baf5a357-14cf-4713-b3e3-6fb15bb7ea98" 201 - "PUT http://[::1]:6001/3/116704/AUTH_d7431f1b3e4b40fe8ff42eb83afd437e/gnocchi.baf5a357-14cf-4713-b3e3-6fb15bb7ea98" "txe6ddfc79573840a5a199c-00692b92f6" "container-server 97149" 0.0168 "-" 96858 0
Nov 29 19:42:30 np0005539973.novalocal container-server[97148]: ::1 - - [30/Nov/2025:00:42:30 +0000] "PUT /1/116704/AUTH_d7431f1b3e4b40fe8ff42eb83afd437e/gnocchi.baf5a357-14cf-4713-b3e3-6fb15bb7ea98" 201 - "PUT http://[::1]:8080/v1/AUTH_d7431f1b3e4b40fe8ff42eb83afd437e/gnocchi.baf5a357-14cf-4713-b3e3-6fb15bb7ea98" "txe6ddfc79573840a5a199c-00692b92f6" "proxy-server 90232" 0.1228 "-" 97148 0
Nov 29 19:42:30 np0005539973.novalocal container-server[97149]: ::1 - - [30/Nov/2025:00:42:30 +0000] "PUT /3/116704/AUTH_d7431f1b3e4b40fe8ff42eb83afd437e/gnocchi.baf5a357-14cf-4713-b3e3-6fb15bb7ea98" 201 - "PUT http://[::1]:8080/v1/AUTH_d7431f1b3e4b40fe8ff42eb83afd437e/gnocchi.baf5a357-14cf-4713-b3e3-6fb15bb7ea98" "txe6ddfc79573840a5a199c-00692b92f6" "proxy-server 90232" 0.1227 "-" 97149 0
Nov 29 19:42:30 np0005539973.novalocal proxy-server[90232]: ::1 ::1 30/Nov/2025/00/42/30 PUT /v1/AUTH_d7431f1b3e4b40fe8ff42eb83afd437e/gnocchi.baf5a357-14cf-4713-b3e3-6fb15bb7ea98 HTTP/1.0 201 - python-swiftclient-4.2.0 gAAAAABpK5KUbDSc... - - - txe6ddfc79573840a5a199c-00692b92f6 - 0.1301 - - 1764463350.324644566 1764463350.454737425 0
Nov 29 19:42:30 np0005539973.novalocal container-server[97149]: ::1 - - [30/Nov/2025:00:42:30 +0000] "HEAD /1/116704/AUTH_d7431f1b3e4b40fe8ff42eb83afd437e/gnocchi.baf5a357-14cf-4713-b3e3-6fb15bb7ea98" 204 - "HEAD http://[::1]:8080/v1/AUTH_d7431f1b3e4b40fe8ff42eb83afd437e/gnocchi.baf5a357-14cf-4713-b3e3-6fb15bb7ea98?format=json&states=listing" "txb373379b629a435fbce15-00692b92f6" "proxy-server 90232" 0.0016 "-" 97149 0
Nov 29 19:42:30 np0005539973.novalocal container-server[97149]: ::1 - - [30/Nov/2025:00:42:30 +0000] "GET /2/116704/AUTH_d7431f1b3e4b40fe8ff42eb83afd437e/gnocchi.baf5a357-14cf-4713-b3e3-6fb15bb7ea98" 200 2 "GET http://[::1]:8080/v1/AUTH_d7431f1b3e4b40fe8ff42eb83afd437e/gnocchi.baf5a357-14cf-4713-b3e3-6fb15bb7ea98?format=json&states=listing" "txb373379b629a435fbce15-00692b92f6" "proxy-server 90232" 0.0019 "-" 97149 0
Nov 29 19:42:30 np0005539973.novalocal proxy-server[90232]: ::1 ::1 30/Nov/2025/00/42/30 GET /v1/AUTH_d7431f1b3e4b40fe8ff42eb83afd437e/gnocchi.baf5a357-14cf-4713-b3e3-6fb15bb7ea98%3Fformat%3Djson%26states%3Dlisting HTTP/1.0 200 - python-swiftclient-4.2.0 gAAAAABpK5KUbDSc... - 2 - txb373379b629a435fbce15-00692b92f6 - 0.0136 - - 1764463350.458501816 1764463350.472134829 0
Nov 29 19:42:30 np0005539973.novalocal object-server[97453]: ::1 - - [30/Nov/2025:00:42:30 +0000] "GET /2/49581/AUTH_d7431f1b3e4b40fe8ff42eb83afd437e/gnocchi.baf5a357-14cf-4713-b3e3-6fb15bb7ea98/1763640000.0_mean_300.0_v3" 404 70 "GET http://[::1]:8080/v1/AUTH_d7431f1b3e4b40fe8ff42eb83afd437e/gnocchi.baf5a357-14cf-4713-b3e3-6fb15bb7ea98/1763640000.0_mean_300.0_v3" "tx35aaa543c00244c8b1e31-00692b92f6" "proxy-server 90232" 0.0003 "-" 97453 0
Nov 29 19:42:30 np0005539973.novalocal object-server[97453]: ::1 - - [30/Nov/2025:00:42:30 +0000] "GET /3/49581/AUTH_d7431f1b3e4b40fe8ff42eb83afd437e/gnocchi.baf5a357-14cf-4713-b3e3-6fb15bb7ea98/1763640000.0_mean_300.0_v3" 404 70 "GET http://[::1]:8080/v1/AUTH_d7431f1b3e4b40fe8ff42eb83afd437e/gnocchi.baf5a357-14cf-4713-b3e3-6fb15bb7ea98/1763640000.0_mean_300.0_v3" "tx35aaa543c00244c8b1e31-00692b92f6" "proxy-server 90232" 0.0002 "-" 97453 0
Nov 29 19:42:30 np0005539973.novalocal object-server[97454]: ::1 - - [30/Nov/2025:00:42:30 +0000] "GET /1/49581/AUTH_d7431f1b3e4b40fe8ff42eb83afd437e/gnocchi.baf5a357-14cf-4713-b3e3-6fb15bb7ea98/1763640000.0_mean_300.0_v3" 404 70 "GET http://[::1]:8080/v1/AUTH_d7431f1b3e4b40fe8ff42eb83afd437e/gnocchi.baf5a357-14cf-4713-b3e3-6fb15bb7ea98/1763640000.0_mean_300.0_v3" "tx35aaa543c00244c8b1e31-00692b92f6" "proxy-server 90232" 0.0004 "-" 97454 0
Nov 29 19:42:30 np0005539973.novalocal proxy-server[90232]: ::1 ::1 30/Nov/2025/00/42/30 GET /v1/AUTH_d7431f1b3e4b40fe8ff42eb83afd437e/gnocchi.baf5a357-14cf-4713-b3e3-6fb15bb7ea98/1763640000.0_mean_300.0_v3 HTTP/1.0 404 - python-swiftclient-4.2.0 gAAAAABpK5KUbDSc... - 70 - tx35aaa543c00244c8b1e31-00692b92f6 - 0.0115 - - 1764463350.475684404 1764463350.487162590 0
Nov 29 19:42:30 np0005539973.novalocal container-server[97148]: ::1 - - [30/Nov/2025:00:42:30 +0000] "PUT /1/116704/AUTH_d7431f1b3e4b40fe8ff42eb83afd437e/gnocchi.baf5a357-14cf-4713-b3e3-6fb15bb7ea98/1763640000.0_mean_300.0_v3" 201 - "PUT http://[::1]:8080/1/49581/AUTH_d7431f1b3e4b40fe8ff42eb83afd437e/gnocchi.baf5a357-14cf-4713-b3e3-6fb15bb7ea98/1763640000.0_mean_300.0_v3" "txc3677e9034744a309d128-00692b92f6" "object-server 97452" 0.0006 "-" 97148 0
Nov 29 19:42:30 np0005539973.novalocal object-server[97452]: ::1 - - [30/Nov/2025:00:42:30 +0000] "PUT /1/49581/AUTH_d7431f1b3e4b40fe8ff42eb83afd437e/gnocchi.baf5a357-14cf-4713-b3e3-6fb15bb7ea98/1763640000.0_mean_300.0_v3" 201 - "PUT http://[::1]:8080/v1/AUTH_d7431f1b3e4b40fe8ff42eb83afd437e/gnocchi.baf5a357-14cf-4713-b3e3-6fb15bb7ea98/1763640000.0_mean_300.0_v3" "txc3677e9034744a309d128-00692b92f6" "proxy-server 90232" 0.0299 "-" 97452 0
Nov 29 19:42:30 np0005539973.novalocal container-server[97151]: ::1 - - [30/Nov/2025:00:42:30 +0000] "PUT /2/116704/AUTH_d7431f1b3e4b40fe8ff42eb83afd437e/gnocchi.baf5a357-14cf-4713-b3e3-6fb15bb7ea98/1763640000.0_mean_300.0_v3" 201 - "PUT http://[::1]:8080/3/49581/AUTH_d7431f1b3e4b40fe8ff42eb83afd437e/gnocchi.baf5a357-14cf-4713-b3e3-6fb15bb7ea98/1763640000.0_mean_300.0_v3" "txc3677e9034744a309d128-00692b92f6" "object-server 97454" 0.0006 "-" 97151 0
Nov 29 19:42:30 np0005539973.novalocal object-server[97454]: ::1 - - [30/Nov/2025:00:42:30 +0000] "PUT /3/49581/AUTH_d7431f1b3e4b40fe8ff42eb83afd437e/gnocchi.baf5a357-14cf-4713-b3e3-6fb15bb7ea98/1763640000.0_mean_300.0_v3" 201 - "PUT http://[::1]:8080/v1/AUTH_d7431f1b3e4b40fe8ff42eb83afd437e/gnocchi.baf5a357-14cf-4713-b3e3-6fb15bb7ea98/1763640000.0_mean_300.0_v3" "txc3677e9034744a309d128-00692b92f6" "proxy-server 90232" 0.0306 "-" 97454 0
Nov 29 19:42:30 np0005539973.novalocal container-server[97151]: ::1 - - [30/Nov/2025:00:42:30 +0000] "PUT /3/116704/AUTH_d7431f1b3e4b40fe8ff42eb83afd437e/gnocchi.baf5a357-14cf-4713-b3e3-6fb15bb7ea98/1763640000.0_mean_300.0_v3" 201 - "PUT http://[::1]:8080/2/49581/AUTH_d7431f1b3e4b40fe8ff42eb83afd437e/gnocchi.baf5a357-14cf-4713-b3e3-6fb15bb7ea98/1763640000.0_mean_300.0_v3" "txc3677e9034744a309d128-00692b92f6" "object-server 97454" 0.0004 "-" 97151 0
Nov 29 19:42:30 np0005539973.novalocal object-server[97454]: ::1 - - [30/Nov/2025:00:42:30 +0000] "PUT /2/49581/AUTH_d7431f1b3e4b40fe8ff42eb83afd437e/gnocchi.baf5a357-14cf-4713-b3e3-6fb15bb7ea98/1763640000.0_mean_300.0_v3" 201 - "PUT http://[::1]:8080/v1/AUTH_d7431f1b3e4b40fe8ff42eb83afd437e/gnocchi.baf5a357-14cf-4713-b3e3-6fb15bb7ea98/1763640000.0_mean_300.0_v3" "txc3677e9034744a309d128-00692b92f6" "proxy-server 90232" 0.0337 "-" 97454 0
Nov 29 19:42:30 np0005539973.novalocal proxy-server[90232]: ::1 ::1 30/Nov/2025/00/42/30 PUT /v1/AUTH_d7431f1b3e4b40fe8ff42eb83afd437e/gnocchi.baf5a357-14cf-4713-b3e3-6fb15bb7ea98/1763640000.0_mean_300.0_v3 HTTP/1.0 201 - python-swiftclient-4.2.0 gAAAAABpK5KUbDSc... 16 - - txc3677e9034744a309d128-00692b92f6 - 0.0406 - - 1764463350.490131378 1764463350.530736923 0
Nov 29 19:42:30 np0005539973.novalocal container-server[97148]: ::1 - - [30/Nov/2025:00:42:30 +0000] "PUT /3/116704/AUTH_d7431f1b3e4b40fe8ff42eb83afd437e/gnocchi.baf5a357-14cf-4713-b3e3-6fb15bb7ea98/none_v3" 201 - "PUT http://[::1]:8080/2/166489/AUTH_d7431f1b3e4b40fe8ff42eb83afd437e/gnocchi.baf5a357-14cf-4713-b3e3-6fb15bb7ea98/none_v3" "txf79396921c274edd9b19d-00692b92f6" "object-server 97455" 0.0004 "-" 97148 0
Nov 29 19:42:30 np0005539973.novalocal object-server[97455]: ::1 - - [30/Nov/2025:00:42:30 +0000] "PUT /2/166489/AUTH_d7431f1b3e4b40fe8ff42eb83afd437e/gnocchi.baf5a357-14cf-4713-b3e3-6fb15bb7ea98/none_v3" 201 - "PUT http://[::1]:8080/v1/AUTH_d7431f1b3e4b40fe8ff42eb83afd437e/gnocchi.baf5a357-14cf-4713-b3e3-6fb15bb7ea98/none_v3" "txf79396921c274edd9b19d-00692b92f6" "proxy-server 90232" 0.0166 "-" 97455 0
Nov 29 19:42:30 np0005539973.novalocal container-server[97149]: ::1 - - [30/Nov/2025:00:42:30 +0000] "PUT /2/116704/AUTH_d7431f1b3e4b40fe8ff42eb83afd437e/gnocchi.baf5a357-14cf-4713-b3e3-6fb15bb7ea98/none_v3" 201 - "PUT http://[::1]:8080/1/166489/AUTH_d7431f1b3e4b40fe8ff42eb83afd437e/gnocchi.baf5a357-14cf-4713-b3e3-6fb15bb7ea98/none_v3" "txf79396921c274edd9b19d-00692b92f6" "object-server 97452" 0.0008 "-" 97149 0
Nov 29 19:42:30 np0005539973.novalocal container-server[97151]: ::1 - - [30/Nov/2025:00:42:30 +0000] "PUT /1/116704/AUTH_d7431f1b3e4b40fe8ff42eb83afd437e/gnocchi.baf5a357-14cf-4713-b3e3-6fb15bb7ea98/none_v3" 201 - "PUT http://[::1]:8080/3/166489/AUTH_d7431f1b3e4b40fe8ff42eb83afd437e/gnocchi.baf5a357-14cf-4713-b3e3-6fb15bb7ea98/none_v3" "txf79396921c274edd9b19d-00692b92f6" "object-server 97453" 0.0005 "-" 97151 0
Nov 29 19:42:30 np0005539973.novalocal object-server[97452]: ::1 - - [30/Nov/2025:00:42:30 +0000] "PUT /1/166489/AUTH_d7431f1b3e4b40fe8ff42eb83afd437e/gnocchi.baf5a357-14cf-4713-b3e3-6fb15bb7ea98/none_v3" 201 - "PUT http://[::1]:8080/v1/AUTH_d7431f1b3e4b40fe8ff42eb83afd437e/gnocchi.baf5a357-14cf-4713-b3e3-6fb15bb7ea98/none_v3" "txf79396921c274edd9b19d-00692b92f6" "proxy-server 90232" 0.0166 "-" 97452 0
Nov 29 19:42:30 np0005539973.novalocal object-server[97453]: ::1 - - [30/Nov/2025:00:42:30 +0000] "PUT /3/166489/AUTH_d7431f1b3e4b40fe8ff42eb83afd437e/gnocchi.baf5a357-14cf-4713-b3e3-6fb15bb7ea98/none_v3" 201 - "PUT http://[::1]:8080/v1/AUTH_d7431f1b3e4b40fe8ff42eb83afd437e/gnocchi.baf5a357-14cf-4713-b3e3-6fb15bb7ea98/none_v3" "txf79396921c274edd9b19d-00692b92f6" "proxy-server 90232" 0.0188 "-" 97453 0
Nov 29 19:42:30 np0005539973.novalocal proxy-server[90232]: ::1 ::1 30/Nov/2025/00/42/30 PUT /v1/AUTH_d7431f1b3e4b40fe8ff42eb83afd437e/gnocchi.baf5a357-14cf-4713-b3e3-6fb15bb7ea98/none_v3 HTTP/1.0 201 - python-swiftclient-4.2.0 gAAAAABpK5KUbDSc... 22 - - txf79396921c274edd9b19d-00692b92f6 - 0.0245 - - 1764463350.532770634 1764463350.557304382 0
Nov 29 19:42:30 np0005539973.novalocal sshd-session[106146]: Received disconnect from 85.133.237.167 port 34218:11: Bye Bye [preauth]
Nov 29 19:42:30 np0005539973.novalocal sshd-session[106146]: Disconnected from invalid user roott 85.133.237.167 port 34218 [preauth]
Nov 29 19:42:33 np0005539973.novalocal kernel: qbr8b05c6cb-40: port 2(tap8b05c6cb-40) entered disabled state
Nov 29 19:42:33 np0005539973.novalocal kernel: tap8b05c6cb-40 (unregistering): left allmulticast mode
Nov 29 19:42:33 np0005539973.novalocal kernel: tap8b05c6cb-40 (unregistering): left promiscuous mode
Nov 29 19:42:33 np0005539973.novalocal kernel: qbr8b05c6cb-40: port 2(tap8b05c6cb-40) entered disabled state
Nov 29 19:42:33 np0005539973.novalocal NetworkManager[856]: [1764463353.6265] device (tap8b05c6cb-40): state change: activated -> unmanaged (reason 'unmanaged', managed-type: 'removed')
Nov 29 19:42:33 np0005539973.novalocal NetworkManager[856]: [1764463353.6271] device (tap8b05c6cb-40): released from controller device qbr8b05c6cb-40
Nov 29 19:42:33 np0005539973.novalocal systemd[1]: machine-qemu\x2d5\x2dinstance\x2d00000004.scope: Deactivated successfully.
Nov 29 19:42:33 np0005539973.novalocal systemd[1]: machine-qemu\x2d5\x2dinstance\x2d00000004.scope: Consumed 4.001s CPU time.
Nov 29 19:42:33 np0005539973.novalocal systemd-machined[94278]: Machine qemu-5-instance-00000004 terminated.
Nov 29 19:42:33 np0005539973.novalocal object-server[97452]: ::1 - - [30/Nov/2025:00:42:33 +0000] "GET /2/529/AUTH_d7431f1b3e4b40fe8ff42eb83afd437e/gnocchi.db578100-c516-4b73-9426-df66dba95aab/none_v3" 200 22 "GET http://[::1]:8080/v1/AUTH_d7431f1b3e4b40fe8ff42eb83afd437e/gnocchi.db578100-c516-4b73-9426-df66dba95aab/none_v3" "tx2f37f95ea0844f9fafae6-00692b92f9" "proxy-server 90231" 0.0006 "-" 97452 0
Nov 29 19:42:33 np0005539973.novalocal proxy-server[90231]: ::1 ::1 30/Nov/2025/00/42/33 GET /v1/AUTH_d7431f1b3e4b40fe8ff42eb83afd437e/gnocchi.db578100-c516-4b73-9426-df66dba95aab/none_v3 HTTP/1.0 200 - python-swiftclient-4.2.0 gAAAAABpK5KUEQfJ... - 22 - tx2f37f95ea0844f9fafae6-00692b92f9 - 0.0065 - - 1764463353.692442656 1764463353.698933363 0
Nov 29 19:42:33 np0005539973.novalocal container-server[97150]: ::1 - - [30/Nov/2025:00:42:33 +0000] "GET /2/251411/AUTH_d7431f1b3e4b40fe8ff42eb83afd437e/gnocchi.db578100-c516-4b73-9426-df66dba95aab" 200 357 "GET http://[::1]:8080/v1/AUTH_d7431f1b3e4b40fe8ff42eb83afd437e/gnocchi.db578100-c516-4b73-9426-df66dba95aab?format=json&states=listing" "tx887f1242c7dd4525a8285-00692b92f9" "proxy-server 90231" 0.0122 "-" 97150 0
Nov 29 19:42:33 np0005539973.novalocal proxy-server[90231]: ::1 ::1 30/Nov/2025/00/42/33 GET /v1/AUTH_d7431f1b3e4b40fe8ff42eb83afd437e/gnocchi.db578100-c516-4b73-9426-df66dba95aab%3Fformat%3Djson%26states%3Dlisting HTTP/1.0 200 - python-swiftclient-4.2.0 gAAAAABpK5KUEQfJ... - 357 - tx887f1242c7dd4525a8285-00692b92f9 - 0.0189 - - 1764463353.701703787 1764463353.720638990 0
Nov 29 19:42:33 np0005539973.novalocal container-server[97148]: ::1 - - [30/Nov/2025:00:42:33 +0000] "GET /2/251411/AUTH_d7431f1b3e4b40fe8ff42eb83afd437e/gnocchi.db578100-c516-4b73-9426-df66dba95aab" 200 2 "GET http://[::1]:8080/v1/AUTH_d7431f1b3e4b40fe8ff42eb83afd437e/gnocchi.db578100-c516-4b73-9426-df66dba95aab?format=json&marker=none_v3&states=listing" "txd5071e0b6301479c9e946-00692b92f9" "proxy-server 90231" 0.0021 "-" 97148 0
Nov 29 19:42:33 np0005539973.novalocal proxy-server[90231]: ::1 ::1 30/Nov/2025/00/42/33 GET /v1/AUTH_d7431f1b3e4b40fe8ff42eb83afd437e/gnocchi.db578100-c516-4b73-9426-df66dba95aab%3Fformat%3Djson%26marker%3Dnone_v3%26states%3Dlisting HTTP/1.0 200 - python-swiftclient-4.2.0 gAAAAABpK5KUEQfJ... - 2 - txd5071e0b6301479c9e946-00692b92f9 - 0.0080 - - 1764463353.722801208 1764463353.730777264 0
Nov 29 19:42:33 np0005539973.novalocal object-server[97453]: ::1 - - [30/Nov/2025:00:42:33 +0000] "GET /3/89158/AUTH_d7431f1b3e4b40fe8ff42eb83afd437e/gnocchi.db578100-c516-4b73-9426-df66dba95aab/1763640000.0_mean_300.0_v3" 200 16 "GET http://[::1]:8080/v1/AUTH_d7431f1b3e4b40fe8ff42eb83afd437e/gnocchi.db578100-c516-4b73-9426-df66dba95aab/1763640000.0_mean_300.0_v3" "txcbdd866faa584b03a676a-00692b92f9" "proxy-server 90231" 0.0006 "-" 97453 0
Nov 29 19:42:33 np0005539973.novalocal proxy-server[90231]: ::1 ::1 30/Nov/2025/00/42/33 GET /v1/AUTH_d7431f1b3e4b40fe8ff42eb83afd437e/gnocchi.db578100-c516-4b73-9426-df66dba95aab/1763640000.0_mean_300.0_v3 HTTP/1.0 200 - python-swiftclient-4.2.0 gAAAAABpK5KUEQfJ... - 16 - txcbdd866faa584b03a676a-00692b92f9 - 0.0057 - - 1764463353.733940840 1764463353.739642382 0
Nov 29 19:42:33 np0005539973.novalocal container-server[97148]: ::1 - - [30/Nov/2025:00:42:33 +0000] "PUT /2/251411/AUTH_d7431f1b3e4b40fe8ff42eb83afd437e/gnocchi.db578100-c516-4b73-9426-df66dba95aab/1763640000.0_mean_300.0_v3" 201 - "PUT http://[::1]:8080/3/89158/AUTH_d7431f1b3e4b40fe8ff42eb83afd437e/gnocchi.db578100-c516-4b73-9426-df66dba95aab/1763640000.0_mean_300.0_v3" "tx7eaf1b19f71e49d0b0c89-00692b92f9" "object-server 97454" 0.0005 "-" 97148 0
Nov 29 19:42:33 np0005539973.novalocal object-server[97454]: ::1 - - [30/Nov/2025:00:42:33 +0000] "PUT /3/89158/AUTH_d7431f1b3e4b40fe8ff42eb83afd437e/gnocchi.db578100-c516-4b73-9426-df66dba95aab/1763640000.0_mean_300.0_v3" 201 - "PUT http://[::1]:8080/v1/AUTH_d7431f1b3e4b40fe8ff42eb83afd437e/gnocchi.db578100-c516-4b73-9426-df66dba95aab/1763640000.0_mean_300.0_v3" "tx7eaf1b19f71e49d0b0c89-00692b92f9" "proxy-server 90231" 0.0113 "-" 97454 0
Nov 29 19:42:33 np0005539973.novalocal container-server[97150]: ::1 - - [30/Nov/2025:00:42:33 +0000] "PUT /1/251411/AUTH_d7431f1b3e4b40fe8ff42eb83afd437e/gnocchi.db578100-c516-4b73-9426-df66dba95aab/1763640000.0_mean_300.0_v3" 201 - "PUT http://[::1]:8080/1/89158/AUTH_d7431f1b3e4b40fe8ff42eb83afd437e/gnocchi.db578100-c516-4b73-9426-df66dba95aab/1763640000.0_mean_300.0_v3" "tx7eaf1b19f71e49d0b0c89-00692b92f9" "object-server 97452" 0.0006 "-" 97150 0
Nov 29 19:42:33 np0005539973.novalocal object-server[97452]: ::1 - - [30/Nov/2025:00:42:33 +0000] "PUT /1/89158/AUTH_d7431f1b3e4b40fe8ff42eb83afd437e/gnocchi.db578100-c516-4b73-9426-df66dba95aab/1763640000.0_mean_300.0_v3" 201 - "PUT http://[::1]:8080/v1/AUTH_d7431f1b3e4b40fe8ff42eb83afd437e/gnocchi.db578100-c516-4b73-9426-df66dba95aab/1763640000.0_mean_300.0_v3" "tx7eaf1b19f71e49d0b0c89-00692b92f9" "proxy-server 90231" 0.0118 "-" 97452 0
Nov 29 19:42:33 np0005539973.novalocal container-server[97150]: ::1 - - [30/Nov/2025:00:42:33 +0000] "PUT /3/251411/AUTH_d7431f1b3e4b40fe8ff42eb83afd437e/gnocchi.db578100-c516-4b73-9426-df66dba95aab/1763640000.0_mean_300.0_v3" 201 - "PUT http://[::1]:8080/2/89158/AUTH_d7431f1b3e4b40fe8ff42eb83afd437e/gnocchi.db578100-c516-4b73-9426-df66dba95aab/1763640000.0_mean_300.0_v3" "tx7eaf1b19f71e49d0b0c89-00692b92f9" "object-server 97452" 0.0004 "-" 97150 0
Nov 29 19:42:33 np0005539973.novalocal object-server[97452]: ::1 - - [30/Nov/2025:00:42:33 +0000] "PUT /2/89158/AUTH_d7431f1b3e4b40fe8ff42eb83afd437e/gnocchi.db578100-c516-4b73-9426-df66dba95aab/1763640000.0_mean_300.0_v3" 201 - "PUT http://[::1]:8080/v1/AUTH_d7431f1b3e4b40fe8ff42eb83afd437e/gnocchi.db578100-c516-4b73-9426-df66dba95aab/1763640000.0_mean_300.0_v3" "tx7eaf1b19f71e49d0b0c89-00692b92f9" "proxy-server 90231" 0.0139 "-" 97452 0
Nov 29 19:42:33 np0005539973.novalocal proxy-server[90231]: ::1 ::1 30/Nov/2025/00/42/33 PUT /v1/AUTH_d7431f1b3e4b40fe8ff42eb83afd437e/gnocchi.db578100-c516-4b73-9426-df66dba95aab/1763640000.0_mean_300.0_v3 HTTP/1.0 201 - python-swiftclient-4.2.0 gAAAAABpK5KUEQfJ... 16 - - tx7eaf1b19f71e49d0b0c89-00692b92f9 - 0.0204 - - 1764463353.742269754 1764463353.762632847 0
Nov 29 19:42:33 np0005539973.novalocal object-server[97455]: ::1 - - [30/Nov/2025:00:42:33 +0000] "GET /2/164785/AUTH_d7431f1b3e4b40fe8ff42eb83afd437e/gnocchi.e03ddb0b-d86f-4dc7-a494-e27ad021535c/none_v3" 200 22 "GET http://[::1]:8080/v1/AUTH_d7431f1b3e4b40fe8ff42eb83afd437e/gnocchi.e03ddb0b-d86f-4dc7-a494-e27ad021535c/none_v3" "tx97315a5275bb40bebcd1d-00692b92f9" "proxy-server 90232" 0.0006 "-" 97455 0
Nov 29 19:42:33 np0005539973.novalocal proxy-server[90232]: ::1 ::1 30/Nov/2025/00/42/33 GET /v1/AUTH_d7431f1b3e4b40fe8ff42eb83afd437e/gnocchi.e03ddb0b-d86f-4dc7-a494-e27ad021535c/none_v3 HTTP/1.0 200 - python-swiftclient-4.2.0 gAAAAABpK5KUbDSc... - 22 - tx97315a5275bb40bebcd1d-00692b92f9 - 0.0057 - - 1764463353.762383461 1764463353.768130064 0
Nov 29 19:42:33 np0005539973.novalocal container-server[97151]: ::1 - - [30/Nov/2025:00:42:33 +0000] "PUT /2/251411/AUTH_d7431f1b3e4b40fe8ff42eb83afd437e/gnocchi.db578100-c516-4b73-9426-df66dba95aab/none_v3" 201 - "PUT http://[::1]:8080/1/529/AUTH_d7431f1b3e4b40fe8ff42eb83afd437e/gnocchi.db578100-c516-4b73-9426-df66dba95aab/none_v3" "tx6ba161582b5148d99d3cb-00692b92f9" "object-server 97452" 0.0004 "-" 97151 0
Nov 29 19:42:33 np0005539973.novalocal container-server[97148]: ::1 - - [30/Nov/2025:00:42:33 +0000] "PUT /3/251411/AUTH_d7431f1b3e4b40fe8ff42eb83afd437e/gnocchi.db578100-c516-4b73-9426-df66dba95aab/none_v3" 201 - "PUT http://[::1]:8080/3/529/AUTH_d7431f1b3e4b40fe8ff42eb83afd437e/gnocchi.db578100-c516-4b73-9426-df66dba95aab/none_v3" "tx6ba161582b5148d99d3cb-00692b92f9" "object-server 97454" 0.0006 "-" 97148 0
Nov 29 19:42:33 np0005539973.novalocal object-server[97452]: ::1 - - [30/Nov/2025:00:42:33 +0000] "PUT /1/529/AUTH_d7431f1b3e4b40fe8ff42eb83afd437e/gnocchi.db578100-c516-4b73-9426-df66dba95aab/none_v3" 201 - "PUT http://[::1]:8080/v1/AUTH_d7431f1b3e4b40fe8ff42eb83afd437e/gnocchi.db578100-c516-4b73-9426-df66dba95aab/none_v3" "tx6ba161582b5148d99d3cb-00692b92f9" "proxy-server 90231" 0.0108 "-" 97452 0
Nov 29 19:42:33 np0005539973.novalocal object-server[97454]: ::1 - - [30/Nov/2025:00:42:33 +0000] "PUT /3/529/AUTH_d7431f1b3e4b40fe8ff42eb83afd437e/gnocchi.db578100-c516-4b73-9426-df66dba95aab/none_v3" 201 - "PUT http://[::1]:8080/v1/AUTH_d7431f1b3e4b40fe8ff42eb83afd437e/gnocchi.db578100-c516-4b73-9426-df66dba95aab/none_v3" "tx6ba161582b5148d99d3cb-00692b92f9" "proxy-server 90231" 0.0110 "-" 97454 0
Nov 29 19:42:33 np0005539973.novalocal container-server[97149]: ::1 - - [30/Nov/2025:00:42:33 +0000] "GET /1/157861/AUTH_d7431f1b3e4b40fe8ff42eb83afd437e/gnocchi.e03ddb0b-d86f-4dc7-a494-e27ad021535c" 200 357 "GET http://[::1]:8080/v1/AUTH_d7431f1b3e4b40fe8ff42eb83afd437e/gnocchi.e03ddb0b-d86f-4dc7-a494-e27ad021535c?format=json&states=listing" "txa109e59a3f6a4a55aac1c-00692b92f9" "proxy-server 90232" 0.0068 "-" 97149 0
Nov 29 19:42:33 np0005539973.novalocal container-server[97150]: ::1 - - [30/Nov/2025:00:42:33 +0000] "PUT /1/251411/AUTH_d7431f1b3e4b40fe8ff42eb83afd437e/gnocchi.db578100-c516-4b73-9426-df66dba95aab/none_v3" 201 - "PUT http://[::1]:8080/2/529/AUTH_d7431f1b3e4b40fe8ff42eb83afd437e/gnocchi.db578100-c516-4b73-9426-df66dba95aab/none_v3" "tx6ba161582b5148d99d3cb-00692b92f9" "object-server 97455" 0.0005 "-" 97150 0
Nov 29 19:42:33 np0005539973.novalocal object-server[97455]: ::1 - - [30/Nov/2025:00:42:33 +0000] "PUT /2/529/AUTH_d7431f1b3e4b40fe8ff42eb83afd437e/gnocchi.db578100-c516-4b73-9426-df66dba95aab/none_v3" 201 - "PUT http://[::1]:8080/v1/AUTH_d7431f1b3e4b40fe8ff42eb83afd437e/gnocchi.db578100-c516-4b73-9426-df66dba95aab/none_v3" "tx6ba161582b5148d99d3cb-00692b92f9" "proxy-server 90231" 0.0129 "-" 97455 0
Nov 29 19:42:33 np0005539973.novalocal proxy-server[90231]: ::1 ::1 30/Nov/2025/00/42/33 PUT /v1/AUTH_d7431f1b3e4b40fe8ff42eb83afd437e/gnocchi.db578100-c516-4b73-9426-df66dba95aab/none_v3 HTTP/1.0 201 - python-swiftclient-4.2.0 gAAAAABpK5KUEQfJ... 31 - - tx6ba161582b5148d99d3cb-00692b92f9 - 0.0192 - - 1764463353.764776230 1764463353.784006119 0
Nov 29 19:42:33 np0005539973.novalocal proxy-server[90232]: ::1 ::1 30/Nov/2025/00/42/33 GET /v1/AUTH_d7431f1b3e4b40fe8ff42eb83afd437e/gnocchi.e03ddb0b-d86f-4dc7-a494-e27ad021535c%3Fformat%3Djson%26states%3Dlisting HTTP/1.0 200 - python-swiftclient-4.2.0 gAAAAABpK5KUbDSc... - 357 - txa109e59a3f6a4a55aac1c-00692b92f9 - 0.0125 - - 1764463353.771459103 1764463353.784000397 0
Nov 29 19:42:33 np0005539973.novalocal container-server[97150]: ::1 - - [30/Nov/2025:00:42:33 +0000] "GET /2/157861/AUTH_d7431f1b3e4b40fe8ff42eb83afd437e/gnocchi.e03ddb0b-d86f-4dc7-a494-e27ad021535c" 200 2 "GET http://[::1]:8080/v1/AUTH_d7431f1b3e4b40fe8ff42eb83afd437e/gnocchi.e03ddb0b-d86f-4dc7-a494-e27ad021535c?format=json&marker=none_v3&states=listing" "tx582576a9899b4c75ab5bf-00692b92f9" "proxy-server 90232" 0.0086 "-" 97150 0
Nov 29 19:42:33 np0005539973.novalocal proxy-server[90232]: ::1 ::1 30/Nov/2025/00/42/33 GET /v1/AUTH_d7431f1b3e4b40fe8ff42eb83afd437e/gnocchi.e03ddb0b-d86f-4dc7-a494-e27ad021535c%3Fformat%3Djson%26marker%3Dnone_v3%26states%3Dlisting HTTP/1.0 200 - python-swiftclient-4.2.0 gAAAAABpK5KUbDSc... - 2 - tx582576a9899b4c75ab5bf-00692b92f9 - 0.0163 - - 1764463353.786130190 1764463353.802471399 0
Nov 29 19:42:33 np0005539973.novalocal object-server[97452]: ::1 - - [30/Nov/2025:00:42:33 +0000] "GET /2/191933/AUTH_d7431f1b3e4b40fe8ff42eb83afd437e/gnocchi.e03ddb0b-d86f-4dc7-a494-e27ad021535c/1763640000.0_mean_300.0_v3" 200 16 "GET http://[::1]:8080/v1/AUTH_d7431f1b3e4b40fe8ff42eb83afd437e/gnocchi.e03ddb0b-d86f-4dc7-a494-e27ad021535c/1763640000.0_mean_300.0_v3" "txb4a7aada4e7047959beea-00692b92f9" "proxy-server 90232" 0.0019 "-" 97452 0
Nov 29 19:42:33 np0005539973.novalocal proxy-server[90232]: ::1 ::1 30/Nov/2025/00/42/33 GET /v1/AUTH_d7431f1b3e4b40fe8ff42eb83afd437e/gnocchi.e03ddb0b-d86f-4dc7-a494-e27ad021535c/1763640000.0_mean_300.0_v3 HTTP/1.0 200 - python-swiftclient-4.2.0 gAAAAABpK5KUbDSc... - 16 - txb4a7aada4e7047959beea-00692b92f9 - 0.0089 - - 1764463353.806117535 1764463353.815060377 0
Nov 29 19:42:33 np0005539973.novalocal kernel: MODE SENSE: unimplemented page/subpage: 0x0a/0x05
Nov 29 19:42:33 np0005539973.novalocal kernel: GPT:Primary header thinks Alt. header is not at the end of the disk.
Nov 29 19:42:33 np0005539973.novalocal kernel: GPT:229375 != 2097151
Nov 29 19:42:33 np0005539973.novalocal kernel: GPT:Alternate GPT header not at the end of the disk.
Nov 29 19:42:33 np0005539973.novalocal kernel: GPT:229375 != 2097151
Nov 29 19:42:33 np0005539973.novalocal kernel: GPT: Use GNU Parted to correct GPT errors.
Nov 29 19:42:33 np0005539973.novalocal kernel: sda: sda1 sda15
Nov 29 19:42:33 np0005539973.novalocal kernel: MODE SENSE: unimplemented page/subpage: 0x0a/0x05
Nov 29 19:42:33 np0005539973.novalocal container-server[97148]: ::1 - - [30/Nov/2025:00:42:33 +0000] "PUT /3/157861/AUTH_d7431f1b3e4b40fe8ff42eb83afd437e/gnocchi.e03ddb0b-d86f-4dc7-a494-e27ad021535c/1763640000.0_mean_300.0_v3" 201 - "PUT http://[::1]:8080/2/191933/AUTH_d7431f1b3e4b40fe8ff42eb83afd437e/gnocchi.e03ddb0b-d86f-4dc7-a494-e27ad021535c/1763640000.0_mean_300.0_v3" "tx1f8adf8eceb447228a41d-00692b92f9" "object-server 97452" 0.0005 "-" 97148 0
Nov 29 19:42:33 np0005539973.novalocal container-server[97151]: ::1 - - [30/Nov/2025:00:42:33 +0000] "PUT /1/157861/AUTH_d7431f1b3e4b40fe8ff42eb83afd437e/gnocchi.e03ddb0b-d86f-4dc7-a494-e27ad021535c/1763640000.0_mean_300.0_v3" 201 - "PUT http://[::1]:8080/1/191933/AUTH_d7431f1b3e4b40fe8ff42eb83afd437e/gnocchi.e03ddb0b-d86f-4dc7-a494-e27ad021535c/1763640000.0_mean_300.0_v3" "tx1f8adf8eceb447228a41d-00692b92f9" "object-server 97455" 0.0005 "-" 97151 0
Nov 29 19:42:33 np0005539973.novalocal object-server[97452]: ::1 - - [30/Nov/2025:00:42:33 +0000] "PUT /2/191933/AUTH_d7431f1b3e4b40fe8ff42eb83afd437e/gnocchi.e03ddb0b-d86f-4dc7-a494-e27ad021535c/1763640000.0_mean_300.0_v3" 201 - "PUT http://[::1]:8080/v1/AUTH_d7431f1b3e4b40fe8ff42eb83afd437e/gnocchi.e03ddb0b-d86f-4dc7-a494-e27ad021535c/1763640000.0_mean_300.0_v3" "tx1f8adf8eceb447228a41d-00692b92f9" "proxy-server 90232" 0.0122 "-" 97452 0
Nov 29 19:42:33 np0005539973.novalocal object-server[97455]: ::1 - - [30/Nov/2025:00:42:33 +0000] "PUT /1/191933/AUTH_d7431f1b3e4b40fe8ff42eb83afd437e/gnocchi.e03ddb0b-d86f-4dc7-a494-e27ad021535c/1763640000.0_mean_300.0_v3" 201 - "PUT http://[::1]:8080/v1/AUTH_d7431f1b3e4b40fe8ff42eb83afd437e/gnocchi.e03ddb0b-d86f-4dc7-a494-e27ad021535c/1763640000.0_mean_300.0_v3" "tx1f8adf8eceb447228a41d-00692b92f9" "proxy-server 90232" 0.0136 "-" 97455 0
Nov 29 19:42:33 np0005539973.novalocal kernel: GPT:Primary header thinks Alt. header is not at the end of the disk.
Nov 29 19:42:33 np0005539973.novalocal kernel: GPT:229375 != 2097151
Nov 29 19:42:33 np0005539973.novalocal kernel: GPT:Alternate GPT header not at the end of the disk.
Nov 29 19:42:33 np0005539973.novalocal kernel: GPT:229375 != 2097151
Nov 29 19:42:33 np0005539973.novalocal kernel: GPT: Use GNU Parted to correct GPT errors.
Nov 29 19:42:33 np0005539973.novalocal kernel: sda: sda1 sda15
Nov 29 19:42:33 np0005539973.novalocal kernel: MODE SENSE: unimplemented page/subpage: 0x0a/0x05
Nov 29 19:42:33 np0005539973.novalocal container-server[97150]: ::1 - - [30/Nov/2025:00:42:33 +0000] "PUT /2/157861/AUTH_d7431f1b3e4b40fe8ff42eb83afd437e/gnocchi.e03ddb0b-d86f-4dc7-a494-e27ad021535c/1763640000.0_mean_300.0_v3" 201 - "PUT http://[::1]:8080/3/191933/AUTH_d7431f1b3e4b40fe8ff42eb83afd437e/gnocchi.e03ddb0b-d86f-4dc7-a494-e27ad021535c/1763640000.0_mean_300.0_v3" "tx1f8adf8eceb447228a41d-00692b92f9" "object-server 97454" 0.0005 "-" 97150 0
Nov 29 19:42:33 np0005539973.novalocal object-server[97454]: ::1 - - [30/Nov/2025:00:42:33 +0000] "PUT /3/191933/AUTH_d7431f1b3e4b40fe8ff42eb83afd437e/gnocchi.e03ddb0b-d86f-4dc7-a494-e27ad021535c/1763640000.0_mean_300.0_v3" 201 - "PUT http://[::1]:8080/v1/AUTH_d7431f1b3e4b40fe8ff42eb83afd437e/gnocchi.e03ddb0b-d86f-4dc7-a494-e27ad021535c/1763640000.0_mean_300.0_v3" "tx1f8adf8eceb447228a41d-00692b92f9" "proxy-server 90232" 0.0241 "-" 97454 0
Nov 29 19:42:33 np0005539973.novalocal proxy-server[90232]: ::1 ::1 30/Nov/2025/00/42/33 PUT /v1/AUTH_d7431f1b3e4b40fe8ff42eb83afd437e/gnocchi.e03ddb0b-d86f-4dc7-a494-e27ad021535c/1763640000.0_mean_300.0_v3 HTTP/1.0 201 - python-swiftclient-4.2.0 gAAAAABpK5KUbDSc... 16 - - tx1f8adf8eceb447228a41d-00692b92f9 - 0.0325 - - 1764463353.818277836 1764463353.850748301 0
Nov 29 19:42:33 np0005539973.novalocal object-server[97453]: ::1 - - [30/Nov/2025:00:42:33 +0000] "GET /2/197435/AUTH_d7431f1b3e4b40fe8ff42eb83afd437e/gnocchi.33c85406-6929-41ab-9656-3d08419a4460/none_v3" 200 22 "GET http://[::1]:8080/v1/AUTH_d7431f1b3e4b40fe8ff42eb83afd437e/gnocchi.33c85406-6929-41ab-9656-3d08419a4460/none_v3" "tx1e41b4d048e843ddbc315-00692b92f9" "proxy-server 90231" 0.0008 "-" 97453 0
Nov 29 19:42:33 np0005539973.novalocal proxy-server[90231]: ::1 ::1 30/Nov/2025/00/42/33 GET /v1/AUTH_d7431f1b3e4b40fe8ff42eb83afd437e/gnocchi.33c85406-6929-41ab-9656-3d08419a4460/none_v3 HTTP/1.0 200 - python-swiftclient-4.2.0 gAAAAABpK5KUEQfJ... - 22 - tx1e41b4d048e843ddbc315-00692b92f9 - 0.0158 - - 1764463353.837957621 1764463353.853740692 0
Nov 29 19:42:33 np0005539973.novalocal kernel: GPT:Primary header thinks Alt. header is not at the end of the disk.
Nov 29 19:42:33 np0005539973.novalocal kernel: GPT:229375 != 2097151
Nov 29 19:42:33 np0005539973.novalocal kernel: GPT:Alternate GPT header not at the end of the disk.
Nov 29 19:42:33 np0005539973.novalocal kernel: GPT:229375 != 2097151
Nov 29 19:42:33 np0005539973.novalocal kernel: GPT: Use GNU Parted to correct GPT errors.
Nov 29 19:42:33 np0005539973.novalocal kernel: sda: sda1 sda15
Nov 29 19:42:33 np0005539973.novalocal kernel: MODE SENSE: unimplemented page/subpage: 0x0a/0x05
Nov 29 19:42:33 np0005539973.novalocal container-server[97150]: ::1 - - [30/Nov/2025:00:42:33 +0000] "PUT /1/157861/AUTH_d7431f1b3e4b40fe8ff42eb83afd437e/gnocchi.e03ddb0b-d86f-4dc7-a494-e27ad021535c/none_v3" 201 - "PUT http://[::1]:8080/3/164785/AUTH_d7431f1b3e4b40fe8ff42eb83afd437e/gnocchi.e03ddb0b-d86f-4dc7-a494-e27ad021535c/none_v3" "txd19681c3583a496b96bee-00692b92f9" "object-server 97454" 0.0005 "-" 97150 0
Nov 29 19:42:33 np0005539973.novalocal container-server[97151]: ::1 - - [30/Nov/2025:00:42:33 +0000] "PUT /3/157861/AUTH_d7431f1b3e4b40fe8ff42eb83afd437e/gnocchi.e03ddb0b-d86f-4dc7-a494-e27ad021535c/none_v3" 201 - "PUT http://[::1]:8080/2/164785/AUTH_d7431f1b3e4b40fe8ff42eb83afd437e/gnocchi.e03ddb0b-d86f-4dc7-a494-e27ad021535c/none_v3" "txd19681c3583a496b96bee-00692b92f9" "object-server 97452" 0.0004 "-" 97151 0
Nov 29 19:42:33 np0005539973.novalocal object-server[97454]: ::1 - - [30/Nov/2025:00:42:33 +0000] "PUT /3/164785/AUTH_d7431f1b3e4b40fe8ff42eb83afd437e/gnocchi.e03ddb0b-d86f-4dc7-a494-e27ad021535c/none_v3" 201 - "PUT http://[::1]:8080/v1/AUTH_d7431f1b3e4b40fe8ff42eb83afd437e/gnocchi.e03ddb0b-d86f-4dc7-a494-e27ad021535c/none_v3" "txd19681c3583a496b96bee-00692b92f9" "proxy-server 90232" 0.0117 "-" 97454 0
Nov 29 19:42:33 np0005539973.novalocal kernel: GPT:Primary header thinks Alt. header is not at the end of the disk.
Nov 29 19:42:33 np0005539973.novalocal kernel: GPT:229375 != 2097151
Nov 29 19:42:33 np0005539973.novalocal kernel: GPT:Alternate GPT header not at the end of the disk.
Nov 29 19:42:33 np0005539973.novalocal kernel: GPT:229375 != 2097151
Nov 29 19:42:33 np0005539973.novalocal kernel: GPT: Use GNU Parted to correct GPT errors.
Nov 29 19:42:33 np0005539973.novalocal kernel: sda: sda1 sda15
Nov 29 19:42:33 np0005539973.novalocal object-server[97452]: ::1 - - [30/Nov/2025:00:42:33 +0000] "PUT /2/164785/AUTH_d7431f1b3e4b40fe8ff42eb83afd437e/gnocchi.e03ddb0b-d86f-4dc7-a494-e27ad021535c/none_v3" 201 - "PUT http://[::1]:8080/v1/AUTH_d7431f1b3e4b40fe8ff42eb83afd437e/gnocchi.e03ddb0b-d86f-4dc7-a494-e27ad021535c/none_v3" "txd19681c3583a496b96bee-00692b92f9" "proxy-server 90232" 0.0113 "-" 97452 0
Nov 29 19:42:33 np0005539973.novalocal container-server[97149]: ::1 - - [30/Nov/2025:00:42:33 +0000] "GET /1/48788/AUTH_d7431f1b3e4b40fe8ff42eb83afd437e/gnocchi.33c85406-6929-41ab-9656-3d08419a4460" 200 357 "GET http://[::1]:8080/v1/AUTH_d7431f1b3e4b40fe8ff42eb83afd437e/gnocchi.33c85406-6929-41ab-9656-3d08419a4460?format=json&states=listing" "txe4de6747e52648b4b2d74-00692b92f9" "proxy-server 90231" 0.0076 "-" 97149 0
Nov 29 19:42:33 np0005539973.novalocal container-server[97148]: ::1 - - [30/Nov/2025:00:42:33 +0000] "PUT /2/157861/AUTH_d7431f1b3e4b40fe8ff42eb83afd437e/gnocchi.e03ddb0b-d86f-4dc7-a494-e27ad021535c/none_v3" 201 - "PUT http://[::1]:8080/1/164785/AUTH_d7431f1b3e4b40fe8ff42eb83afd437e/gnocchi.e03ddb0b-d86f-4dc7-a494-e27ad021535c/none_v3" "txd19681c3583a496b96bee-00692b92f9" "object-server 97452" 0.0006 "-" 97148 0
Nov 29 19:42:33 np0005539973.novalocal object-server[97452]: ::1 - - [30/Nov/2025:00:42:33 +0000] "PUT /1/164785/AUTH_d7431f1b3e4b40fe8ff42eb83afd437e/gnocchi.e03ddb0b-d86f-4dc7-a494-e27ad021535c/none_v3" 201 - "PUT http://[::1]:8080/v1/AUTH_d7431f1b3e4b40fe8ff42eb83afd437e/gnocchi.e03ddb0b-d86f-4dc7-a494-e27ad021535c/none_v3" "txd19681c3583a496b96bee-00692b92f9" "proxy-server 90232" 0.0164 "-" 97452 0
Nov 29 19:42:33 np0005539973.novalocal proxy-server[90232]: ::1 ::1 30/Nov/2025/00/42/33 PUT /v1/AUTH_d7431f1b3e4b40fe8ff42eb83afd437e/gnocchi.e03ddb0b-d86f-4dc7-a494-e27ad021535c/none_v3 HTTP/1.0 201 - python-swiftclient-4.2.0 gAAAAABpK5KUbDSc... 31 - - txd19681c3583a496b96bee-00692b92f9 - 0.0242 - - 1764463353.853169918 1764463353.877412558 0
Nov 29 19:42:33 np0005539973.novalocal proxy-server[90231]: ::1 ::1 30/Nov/2025/00/42/33 GET /v1/AUTH_d7431f1b3e4b40fe8ff42eb83afd437e/gnocchi.33c85406-6929-41ab-9656-3d08419a4460%3Fformat%3Djson%26states%3Dlisting HTTP/1.0 200 - python-swiftclient-4.2.0 gAAAAABpK5KUEQfJ... - 357 - txe4de6747e52648b4b2d74-00692b92f9 - 0.0188 - - 1764463353.860702991 1764463353.879511356 0
Nov 29 19:42:33 np0005539973.novalocal kernel: qvb8b05c6cb-40: left allmulticast mode
Nov 29 19:42:33 np0005539973.novalocal kernel: qvb8b05c6cb-40: left promiscuous mode
Nov 29 19:42:33 np0005539973.novalocal kernel: qbr8b05c6cb-40: port 1(qvb8b05c6cb-40) entered disabled state
Nov 29 19:42:33 np0005539973.novalocal container-server[97149]: ::1 - - [30/Nov/2025:00:42:33 +0000] "GET /2/48788/AUTH_d7431f1b3e4b40fe8ff42eb83afd437e/gnocchi.33c85406-6929-41ab-9656-3d08419a4460" 200 2 "GET http://[::1]:8080/v1/AUTH_d7431f1b3e4b40fe8ff42eb83afd437e/gnocchi.33c85406-6929-41ab-9656-3d08419a4460?format=json&marker=none_v3&states=listing" "tx5071b951a4834646a5fb2-00692b92f9" "proxy-server 90231" 0.0072 "-" 97149 0
Nov 29 19:42:33 np0005539973.novalocal proxy-server[90231]: ::1 ::1 30/Nov/2025/00/42/33 GET /v1/AUTH_d7431f1b3e4b40fe8ff42eb83afd437e/gnocchi.33c85406-6929-41ab-9656-3d08419a4460%3Fformat%3Djson%26marker%3Dnone_v3%26states%3Dlisting HTTP/1.0 200 - python-swiftclient-4.2.0 gAAAAABpK5KUEQfJ... - 2 - tx5071b951a4834646a5fb2-00692b92f9 - 0.0135 - - 1764463353.886911154 1764463353.900429487 0
Nov 29 19:42:33 np0005539973.novalocal NetworkManager[856]: [1764463353.9041] device (qbr8b05c6cb-40): bridge port qvb8b05c6cb-40 was detached
Nov 29 19:42:33 np0005539973.novalocal NetworkManager[856]: [1764463353.9046] device (qbr8b05c6cb-40): state change: activated -> unmanaged (reason 'unmanaged', managed-type: 'removed')
Nov 29 19:42:33 np0005539973.novalocal object-server[97452]: ::1 - - [30/Nov/2025:00:42:33 +0000] "GET /1/163841/AUTH_d7431f1b3e4b40fe8ff42eb83afd437e/gnocchi.b7824be1-289c-4967-8850-3f18a8bd67e4/none_v3" 200 22 "GET http://[::1]:8080/v1/AUTH_d7431f1b3e4b40fe8ff42eb83afd437e/gnocchi.b7824be1-289c-4967-8850-3f18a8bd67e4/none_v3" "tx12270f234eac44ef9f4fd-00692b92f9" "proxy-server 90232" 0.0006 "-" 97452 0
Nov 29 19:42:33 np0005539973.novalocal proxy-server[90232]: ::1 ::1 30/Nov/2025/00/42/33 GET /v1/AUTH_d7431f1b3e4b40fe8ff42eb83afd437e/gnocchi.b7824be1-289c-4967-8850-3f18a8bd67e4/none_v3 HTTP/1.0 200 - python-swiftclient-4.2.0 gAAAAABpK5KUbDSc... - 22 - tx12270f234eac44ef9f4fd-00692b92f9 - 0.0079 - - 1764463353.902196884 1764463353.910053730 0
Nov 29 19:42:33 np0005539973.novalocal object-server[97455]: ::1 - - [30/Nov/2025:00:42:33 +0000] "GET /2/92009/AUTH_d7431f1b3e4b40fe8ff42eb83afd437e/gnocchi.33c85406-6929-41ab-9656-3d08419a4460/1763640000.0_mean_300.0_v3" 200 16 "GET http://[::1]:8080/v1/AUTH_d7431f1b3e4b40fe8ff42eb83afd437e/gnocchi.33c85406-6929-41ab-9656-3d08419a4460/1763640000.0_mean_300.0_v3" "tx9d5a901b30e84031bdd96-00692b92f9" "proxy-server 90231" 0.0006 "-" 97455 0
Nov 29 19:42:33 np0005539973.novalocal kernel: qvo8b05c6cb-40: left promiscuous mode
Nov 29 19:42:33 np0005539973.novalocal proxy-server[90231]: ::1 ::1 30/Nov/2025/00/42/33 GET /v1/AUTH_d7431f1b3e4b40fe8ff42eb83afd437e/gnocchi.33c85406-6929-41ab-9656-3d08419a4460/1763640000.0_mean_300.0_v3 HTTP/1.0 200 - python-swiftclient-4.2.0 gAAAAABpK5KUEQfJ... - 16 - tx9d5a901b30e84031bdd96-00692b92f9 - 0.0157 - - 1764463353.906634331 1764463353.922314405 0
Nov 29 19:42:33 np0005539973.novalocal container-server[97150]: ::1 - - [30/Nov/2025:00:42:33 +0000] "GET /1/201989/AUTH_d7431f1b3e4b40fe8ff42eb83afd437e/gnocchi.b7824be1-289c-4967-8850-3f18a8bd67e4" 200 357 "GET http://[::1]:8080/v1/AUTH_d7431f1b3e4b40fe8ff42eb83afd437e/gnocchi.b7824be1-289c-4967-8850-3f18a8bd67e4?format=json&states=listing" "tx50736f472cb5461394adf-00692b92f9" "proxy-server 90232" 0.0080 "-" 97150 0
Nov 29 19:42:33 np0005539973.novalocal proxy-server[90232]: ::1 ::1 30/Nov/2025/00/42/33 GET /v1/AUTH_d7431f1b3e4b40fe8ff42eb83afd437e/gnocchi.b7824be1-289c-4967-8850-3f18a8bd67e4%3Fformat%3Djson%26states%3Dlisting HTTP/1.0 200 - python-swiftclient-4.2.0 gAAAAABpK5KUbDSc... - 357 - tx50736f472cb5461394adf-00692b92f9 - 0.0145 - - 1764463353.913261175 1764463353.927765846 0
Nov 29 19:42:33 np0005539973.novalocal container-server[97149]: ::1 - - [30/Nov/2025:00:42:33 +0000] "PUT /3/48788/AUTH_d7431f1b3e4b40fe8ff42eb83afd437e/gnocchi.33c85406-6929-41ab-9656-3d08419a4460/1763640000.0_mean_300.0_v3" 201 - "PUT http://[::1]:8080/1/92009/AUTH_d7431f1b3e4b40fe8ff42eb83afd437e/gnocchi.33c85406-6929-41ab-9656-3d08419a4460/1763640000.0_mean_300.0_v3" "tx02b3d31233434cdaba21e-00692b92f9" "object-server 97454" 0.0005 "-" 97149 0
Nov 29 19:42:33 np0005539973.novalocal container-server[97151]: ::1 - - [30/Nov/2025:00:42:33 +0000] "GET /3/201989/AUTH_d7431f1b3e4b40fe8ff42eb83afd437e/gnocchi.b7824be1-289c-4967-8850-3f18a8bd67e4" 200 2 "GET http://[::1]:8080/v1/AUTH_d7431f1b3e4b40fe8ff42eb83afd437e/gnocchi.b7824be1-289c-4967-8850-3f18a8bd67e4?format=json&marker=none_v3&states=listing" "txfc4d44112a48460bb7216-00692b92f9" "proxy-server 90232" 0.0066 "-" 97151 0
Nov 29 19:42:33 np0005539973.novalocal object-server[97454]: ::1 - - [30/Nov/2025:00:42:33 +0000] "PUT /1/92009/AUTH_d7431f1b3e4b40fe8ff42eb83afd437e/gnocchi.33c85406-6929-41ab-9656-3d08419a4460/1763640000.0_mean_300.0_v3" 201 - "PUT http://[::1]:8080/v1/AUTH_d7431f1b3e4b40fe8ff42eb83afd437e/gnocchi.33c85406-6929-41ab-9656-3d08419a4460/1763640000.0_mean_300.0_v3" "tx02b3d31233434cdaba21e-00692b92f9" "proxy-server 90231" 0.0117 "-" 97454 0
Nov 29 19:42:33 np0005539973.novalocal container-server[97151]: ::1 - - [30/Nov/2025:00:42:33 +0000] "PUT /1/48788/AUTH_d7431f1b3e4b40fe8ff42eb83afd437e/gnocchi.33c85406-6929-41ab-9656-3d08419a4460/1763640000.0_mean_300.0_v3" 201 - "PUT http://[::1]:8080/2/92009/AUTH_d7431f1b3e4b40fe8ff42eb83afd437e/gnocchi.33c85406-6929-41ab-9656-3d08419a4460/1763640000.0_mean_300.0_v3" "tx02b3d31233434cdaba21e-00692b92f9" "object-server 97454" 0.0004 "-" 97151 0
Nov 29 19:42:33 np0005539973.novalocal object-server[97454]: ::1 - - [30/Nov/2025:00:42:33 +0000] "PUT /2/92009/AUTH_d7431f1b3e4b40fe8ff42eb83afd437e/gnocchi.33c85406-6929-41ab-9656-3d08419a4460/1763640000.0_mean_300.0_v3" 201 - "PUT http://[::1]:8080/v1/AUTH_d7431f1b3e4b40fe8ff42eb83afd437e/gnocchi.33c85406-6929-41ab-9656-3d08419a4460/1763640000.0_mean_300.0_v3" "tx02b3d31233434cdaba21e-00692b92f9" "proxy-server 90231" 0.0155 "-" 97454 0
Nov 29 19:42:33 np0005539973.novalocal proxy-server[90232]: ::1 ::1 30/Nov/2025/00/42/33 GET /v1/AUTH_d7431f1b3e4b40fe8ff42eb83afd437e/gnocchi.b7824be1-289c-4967-8850-3f18a8bd67e4%3Fformat%3Djson%26marker%3Dnone_v3%26states%3Dlisting HTTP/1.0 200 - python-swiftclient-4.2.0 gAAAAABpK5KUbDSc... - 2 - txfc4d44112a48460bb7216-00692b92f9 - 0.0184 - - 1764463353.929936886 1764463353.948339939 0
Nov 29 19:42:33 np0005539973.novalocal container-server[97149]: ::1 - - [30/Nov/2025:00:42:33 +0000] "PUT /2/48788/AUTH_d7431f1b3e4b40fe8ff42eb83afd437e/gnocchi.33c85406-6929-41ab-9656-3d08419a4460/1763640000.0_mean_300.0_v3" 201 - "PUT http://[::1]:8080/3/92009/AUTH_d7431f1b3e4b40fe8ff42eb83afd437e/gnocchi.33c85406-6929-41ab-9656-3d08419a4460/1763640000.0_mean_300.0_v3" "tx02b3d31233434cdaba21e-00692b92f9" "object-server 97452" 0.0005 "-" 97149 0
Nov 29 19:42:33 np0005539973.novalocal object-server[97452]: ::1 - - [30/Nov/2025:00:42:33 +0000] "PUT /3/92009/AUTH_d7431f1b3e4b40fe8ff42eb83afd437e/gnocchi.33c85406-6929-41ab-9656-3d08419a4460/1763640000.0_mean_300.0_v3" 201 - "PUT http://[::1]:8080/v1/AUTH_d7431f1b3e4b40fe8ff42eb83afd437e/gnocchi.33c85406-6929-41ab-9656-3d08419a4460/1763640000.0_mean_300.0_v3" "tx02b3d31233434cdaba21e-00692b92f9" "proxy-server 90231" 0.0238 "-" 97452 0
Nov 29 19:42:33 np0005539973.novalocal object-server[97452]: ::1 - - [30/Nov/2025:00:42:33 +0000] "GET /1/55525/AUTH_d7431f1b3e4b40fe8ff42eb83afd437e/gnocchi.b7824be1-289c-4967-8850-3f18a8bd67e4/1763640000.0_mean_300.0_v3" 200 16 "GET http://[::1]:8080/v1/AUTH_d7431f1b3e4b40fe8ff42eb83afd437e/gnocchi.b7824be1-289c-4967-8850-3f18a8bd67e4/1763640000.0_mean_300.0_v3" "txdf1530f9badd4acba4a56-00692b92f9" "proxy-server 90232" 0.0005 "-" 97452 0
Nov 29 19:42:33 np0005539973.novalocal proxy-server[90231]: ::1 ::1 30/Nov/2025/00/42/33 PUT /v1/AUTH_d7431f1b3e4b40fe8ff42eb83afd437e/gnocchi.33c85406-6929-41ab-9656-3d08419a4460/1763640000.0_mean_300.0_v3 HTTP/1.0 201 - python-swiftclient-4.2.0 gAAAAABpK5KUEQfJ... 16 - - tx02b3d31233434cdaba21e-00692b92f9 - 0.0311 - - 1764463353.927095413 1764463353.958200216 0
Nov 29 19:42:33 np0005539973.novalocal proxy-server[90232]: ::1 ::1 30/Nov/2025/00/42/33 GET /v1/AUTH_d7431f1b3e4b40fe8ff42eb83afd437e/gnocchi.b7824be1-289c-4967-8850-3f18a8bd67e4/1763640000.0_mean_300.0_v3 HTTP/1.0 200 - python-swiftclient-4.2.0 gAAAAABpK5KUbDSc... - 16 - txdf1530f9badd4acba4a56-00692b92f9 - 0.0083 - - 1764463353.951540947 1764463353.959793329 0
Nov 29 19:42:33 np0005539973.novalocal container-server[97150]: ::1 - - [30/Nov/2025:00:42:33 +0000] "PUT /1/48788/AUTH_d7431f1b3e4b40fe8ff42eb83afd437e/gnocchi.33c85406-6929-41ab-9656-3d08419a4460/none_v3" 201 - "PUT http://[::1]:8080/2/197435/AUTH_d7431f1b3e4b40fe8ff42eb83afd437e/gnocchi.33c85406-6929-41ab-9656-3d08419a4460/none_v3" "tx1afe455e5c4941ca885af-00692b92f9" "object-server 97453" 0.0005 "-" 97150 0
Nov 29 19:42:33 np0005539973.novalocal container-server[97149]: ::1 - - [30/Nov/2025:00:42:33 +0000] "PUT /3/48788/AUTH_d7431f1b3e4b40fe8ff42eb83afd437e/gnocchi.33c85406-6929-41ab-9656-3d08419a4460/none_v3" 201 - "PUT http://[::1]:8080/1/197435/AUTH_d7431f1b3e4b40fe8ff42eb83afd437e/gnocchi.33c85406-6929-41ab-9656-3d08419a4460/none_v3" "tx1afe455e5c4941ca885af-00692b92f9" "object-server 97455" 0.0005 "-" 97149 0
Nov 29 19:42:33 np0005539973.novalocal object-server[97455]: ::1 - - [30/Nov/2025:00:42:33 +0000] "PUT /1/197435/AUTH_d7431f1b3e4b40fe8ff42eb83afd437e/gnocchi.33c85406-6929-41ab-9656-3d08419a4460/none_v3" 201 - "PUT http://[::1]:8080/v1/AUTH_d7431f1b3e4b40fe8ff42eb83afd437e/gnocchi.33c85406-6929-41ab-9656-3d08419a4460/none_v3" "tx1afe455e5c4941ca885af-00692b92f9" "proxy-server 90231" 0.0152 "-" 97455 0
Nov 29 19:42:33 np0005539973.novalocal object-server[97453]: ::1 - - [30/Nov/2025:00:42:33 +0000] "PUT /2/197435/AUTH_d7431f1b3e4b40fe8ff42eb83afd437e/gnocchi.33c85406-6929-41ab-9656-3d08419a4460/none_v3" 201 - "PUT http://[::1]:8080/v1/AUTH_d7431f1b3e4b40fe8ff42eb83afd437e/gnocchi.33c85406-6929-41ab-9656-3d08419a4460/none_v3" "tx1afe455e5c4941ca885af-00692b92f9" "proxy-server 90231" 0.0160 "-" 97453 0
Nov 29 19:42:33 np0005539973.novalocal container-server[97151]: ::1 - - [30/Nov/2025:00:42:33 +0000] "PUT /3/201989/AUTH_d7431f1b3e4b40fe8ff42eb83afd437e/gnocchi.b7824be1-289c-4967-8850-3f18a8bd67e4/1763640000.0_mean_300.0_v3" 201 - "PUT http://[::1]:8080/2/55525/AUTH_d7431f1b3e4b40fe8ff42eb83afd437e/gnocchi.b7824be1-289c-4967-8850-3f18a8bd67e4/1763640000.0_mean_300.0_v3" "tx697dd0e0f22843f4a13e0-00692b92f9" "object-server 97454" 0.0005 "-" 97151 0
Nov 29 19:42:33 np0005539973.novalocal container-server[97150]: ::1 - - [30/Nov/2025:00:42:33 +0000] "PUT /2/48788/AUTH_d7431f1b3e4b40fe8ff42eb83afd437e/gnocchi.33c85406-6929-41ab-9656-3d08419a4460/none_v3" 201 - "PUT http://[::1]:8080/3/197435/AUTH_d7431f1b3e4b40fe8ff42eb83afd437e/gnocchi.33c85406-6929-41ab-9656-3d08419a4460/none_v3" "tx1afe455e5c4941ca885af-00692b92f9" "object-server 97453" 0.0005 "-" 97150 0
Nov 29 19:42:33 np0005539973.novalocal container-server[97149]: ::1 - - [30/Nov/2025:00:42:33 +0000] "PUT /2/201989/AUTH_d7431f1b3e4b40fe8ff42eb83afd437e/gnocchi.b7824be1-289c-4967-8850-3f18a8bd67e4/1763640000.0_mean_300.0_v3" 201 - "PUT http://[::1]:8080/3/55525/AUTH_d7431f1b3e4b40fe8ff42eb83afd437e/gnocchi.b7824be1-289c-4967-8850-3f18a8bd67e4/1763640000.0_mean_300.0_v3" "tx697dd0e0f22843f4a13e0-00692b92f9" "object-server 97453" 0.0004 "-" 97149 0
Nov 29 19:42:33 np0005539973.novalocal container-server[97148]: ::1 - - [30/Nov/2025:00:42:33 +0000] "PUT /1/201989/AUTH_d7431f1b3e4b40fe8ff42eb83afd437e/gnocchi.b7824be1-289c-4967-8850-3f18a8bd67e4/1763640000.0_mean_300.0_v3" 201 - "PUT http://[::1]:8080/1/55525/AUTH_d7431f1b3e4b40fe8ff42eb83afd437e/gnocchi.b7824be1-289c-4967-8850-3f18a8bd67e4/1763640000.0_mean_300.0_v3" "tx697dd0e0f22843f4a13e0-00692b92f9" "object-server 97453" 0.0006 "-" 97148 0
Nov 29 19:42:33 np0005539973.novalocal object-server[97454]: ::1 - - [30/Nov/2025:00:42:33 +0000] "PUT /2/55525/AUTH_d7431f1b3e4b40fe8ff42eb83afd437e/gnocchi.b7824be1-289c-4967-8850-3f18a8bd67e4/1763640000.0_mean_300.0_v3" 201 - "PUT http://[::1]:8080/v1/AUTH_d7431f1b3e4b40fe8ff42eb83afd437e/gnocchi.b7824be1-289c-4967-8850-3f18a8bd67e4/1763640000.0_mean_300.0_v3" "tx697dd0e0f22843f4a13e0-00692b92f9" "proxy-server 90232" 0.0201 "-" 97454 0
Nov 29 19:42:33 np0005539973.novalocal object-server[97453]: ::1 - - [30/Nov/2025:00:42:33 +0000] "PUT /3/197435/AUTH_d7431f1b3e4b40fe8ff42eb83afd437e/gnocchi.33c85406-6929-41ab-9656-3d08419a4460/none_v3" 201 - "PUT http://[::1]:8080/v1/AUTH_d7431f1b3e4b40fe8ff42eb83afd437e/gnocchi.33c85406-6929-41ab-9656-3d08419a4460/none_v3" "tx1afe455e5c4941ca885af-00692b92f9" "proxy-server 90231" 0.0220 "-" 97453 0
Nov 29 19:42:33 np0005539973.novalocal object-server[97453]: ::1 - - [30/Nov/2025:00:42:33 +0000] "PUT /3/55525/AUTH_d7431f1b3e4b40fe8ff42eb83afd437e/gnocchi.b7824be1-289c-4967-8850-3f18a8bd67e4/1763640000.0_mean_300.0_v3" 201 - "PUT http://[::1]:8080/v1/AUTH_d7431f1b3e4b40fe8ff42eb83afd437e/gnocchi.b7824be1-289c-4967-8850-3f18a8bd67e4/1763640000.0_mean_300.0_v3" "tx697dd0e0f22843f4a13e0-00692b92f9" "proxy-server 90232" 0.0194 "-" 97453 0
Nov 29 19:42:33 np0005539973.novalocal object-server[97453]: ::1 - - [30/Nov/2025:00:42:33 +0000] "PUT /1/55525/AUTH_d7431f1b3e4b40fe8ff42eb83afd437e/gnocchi.b7824be1-289c-4967-8850-3f18a8bd67e4/1763640000.0_mean_300.0_v3" 201 - "PUT http://[::1]:8080/v1/AUTH_d7431f1b3e4b40fe8ff42eb83afd437e/gnocchi.b7824be1-289c-4967-8850-3f18a8bd67e4/1763640000.0_mean_300.0_v3" "tx697dd0e0f22843f4a13e0-00692b92f9" "proxy-server 90232" 0.0195 "-" 97453 0
Nov 29 19:42:33 np0005539973.novalocal proxy-server[90231]: ::1 ::1 30/Nov/2025/00/42/33 PUT /v1/AUTH_d7431f1b3e4b40fe8ff42eb83afd437e/gnocchi.33c85406-6929-41ab-9656-3d08419a4460/none_v3 HTTP/1.0 201 - python-swiftclient-4.2.0 gAAAAABpK5KUEQfJ... 26 - - tx1afe455e5c4941ca885af-00692b92f9 - 0.0285 - - 1764463353.961997986 1764463353.990474224 0
Nov 29 19:42:33 np0005539973.novalocal proxy-server[90232]: ::1 ::1 30/Nov/2025/00/42/33 PUT /v1/AUTH_d7431f1b3e4b40fe8ff42eb83afd437e/gnocchi.b7824be1-289c-4967-8850-3f18a8bd67e4/1763640000.0_mean_300.0_v3 HTTP/1.0 201 - python-swiftclient-4.2.0 gAAAAABpK5KUbDSc... 16 - - tx697dd0e0f22843f4a13e0-00692b92f9 - 0.0286 - - 1764463353.962485075 1764463353.991092920 0
Nov 29 19:42:34 np0005539973.novalocal container-server[97149]: ::1 - - [30/Nov/2025:00:42:34 +0000] "PUT /3/201989/AUTH_d7431f1b3e4b40fe8ff42eb83afd437e/gnocchi.b7824be1-289c-4967-8850-3f18a8bd67e4/none_v3" 201 - "PUT http://[::1]:8080/1/163841/AUTH_d7431f1b3e4b40fe8ff42eb83afd437e/gnocchi.b7824be1-289c-4967-8850-3f18a8bd67e4/none_v3" "tx05f8e2a68ed44dd88c4b8-00692b92f9" "object-server 97454" 0.0005 "-" 97149 0
