Nov 29 19:40:54 np0005539973.novalocal container-server[97151]: ::1 - - [30/Nov/2025:00:40:54 +0000] "PUT /2/217927/AUTH_d7431f1b3e4b40fe8ff42eb83afd437e/gnocchi.70058cf5-6094-4034-bd83-971c2cd4caa7" 201 - "PUT http://[::1]:8080/v1/AUTH_d7431f1b3e4b40fe8ff42eb83afd437e/gnocchi.70058cf5-6094-4034-bd83-971c2cd4caa7" "txfd7508f8e69342bf8ba37-00692b9296" "proxy-server 90231" 0.0345 "-" 97151 0
Nov 29 19:40:54 np0005539973.novalocal NetworkManager[856]: [1764463254.2308] device (qbr48ff4003-4c): bridge port qvb48ff4003-4c was detached
Nov 29 19:40:54 np0005539973.novalocal account-server[96858]: ::1 - - [30/Nov/2025:00:40:54 +0000] "PUT /3/39192/AUTH_d7431f1b3e4b40fe8ff42eb83afd437e/gnocchi.70058cf5-6094-4034-bd83-971c2cd4caa7" 201 - "PUT http://[::1]:6001/3/217927/AUTH_d7431f1b3e4b40fe8ff42eb83afd437e/gnocchi.70058cf5-6094-4034-bd83-971c2cd4caa7" "txfd7508f8e69342bf8ba37-00692b9296" "container-server 97151" 0.0048 "-" 96858 0
Nov 29 19:40:54 np0005539973.novalocal NetworkManager[856]: [1764463254.2311] device (qbr48ff4003-4c): state change: activated -> unmanaged (reason 'unmanaged', managed-type: 'removed')
Nov 29 19:40:54 np0005539973.novalocal container-server[97151]: ::1 - - [30/Nov/2025:00:40:54 +0000] "PUT /3/217927/AUTH_d7431f1b3e4b40fe8ff42eb83afd437e/gnocchi.70058cf5-6094-4034-bd83-971c2cd4caa7" 201 - "PUT http://[::1]:8080/v1/AUTH_d7431f1b3e4b40fe8ff42eb83afd437e/gnocchi.70058cf5-6094-4034-bd83-971c2cd4caa7" "txfd7508f8e69342bf8ba37-00692b9296" "proxy-server 90231" 0.0504 "-" 97151 0
Nov 29 19:40:54 np0005539973.novalocal proxy-server[90231]: ::1 ::1 30/Nov/2025/00/40/54 PUT /v1/AUTH_d7431f1b3e4b40fe8ff42eb83afd437e/gnocchi.70058cf5-6094-4034-bd83-971c2cd4caa7 HTTP/1.0 201 - python-swiftclient-4.2.0 gAAAAABpK5KUEQfJ... - - - txfd7508f8e69342bf8ba37-00692b9296 - 0.0745 - - 1764463254.158340931 1764463254.232845783 0
Nov 29 19:40:54 np0005539973.novalocal container-server[97150]: ::1 - - [30/Nov/2025:00:40:54 +0000] "HEAD /1/217927/AUTH_d7431f1b3e4b40fe8ff42eb83afd437e/gnocchi.70058cf5-6094-4034-bd83-971c2cd4caa7" 204 - "HEAD http://[::1]:8080/v1/AUTH_d7431f1b3e4b40fe8ff42eb83afd437e/gnocchi.70058cf5-6094-4034-bd83-971c2cd4caa7?format=json&states=listing" "txf9636ec0051847789f1d6-00692b9296" "proxy-server 90231" 0.0014 "-" 97150 0
Nov 29 19:40:54 np0005539973.novalocal kernel: qvo48ff4003-4c: left promiscuous mode
Nov 29 19:40:54 np0005539973.novalocal container-server[97149]: ::1 - - [30/Nov/2025:00:40:54 +0000] "GET /1/217927/AUTH_d7431f1b3e4b40fe8ff42eb83afd437e/gnocchi.70058cf5-6094-4034-bd83-971c2cd4caa7" 200 2 "GET http://[::1]:8080/v1/AUTH_d7431f1b3e4b40fe8ff42eb83afd437e/gnocchi.70058cf5-6094-4034-bd83-971c2cd4caa7?format=json&states=listing" "txf9636ec0051847789f1d6-00692b9296" "proxy-server 90231" 0.0018 "-" 97149 0
Nov 29 19:40:54 np0005539973.novalocal container-server[97150]: ::1 - - [30/Nov/2025:00:40:54 +0000] "PUT /2/33566/AUTH_d7431f1b3e4b40fe8ff42eb83afd437e/gnocchi.cae81822-618f-41a2-9bbf-fd38d3413d43/none_v3" 201 - "PUT http://[::1]:8080/1/2280/AUTH_d7431f1b3e4b40fe8ff42eb83afd437e/gnocchi.cae81822-618f-41a2-9bbf-fd38d3413d43/none_v3" "tx08e388836d3544a2b9c90-00692b9296" "object-server 97453" 0.0005 "-" 97150 0
Nov 29 19:40:54 np0005539973.novalocal container-server[97149]: ::1 - - [30/Nov/2025:00:40:54 +0000] "PUT /1/33566/AUTH_d7431f1b3e4b40fe8ff42eb83afd437e/gnocchi.cae81822-618f-41a2-9bbf-fd38d3413d43/none_v3" 201 - "PUT http://[::1]:8080/3/2280/AUTH_d7431f1b3e4b40fe8ff42eb83afd437e/gnocchi.cae81822-618f-41a2-9bbf-fd38d3413d43/none_v3" "tx08e388836d3544a2b9c90-00692b9296" "object-server 97452" 0.0003 "-" 97149 0
Nov 29 19:40:54 np0005539973.novalocal container-server[97148]: ::1 - - [30/Nov/2025:00:40:54 +0000] "PUT /3/33566/AUTH_d7431f1b3e4b40fe8ff42eb83afd437e/gnocchi.cae81822-618f-41a2-9bbf-fd38d3413d43/none_v3" 201 - "PUT http://[::1]:8080/2/2280/AUTH_d7431f1b3e4b40fe8ff42eb83afd437e/gnocchi.cae81822-618f-41a2-9bbf-fd38d3413d43/none_v3" "tx08e388836d3544a2b9c90-00692b9296" "object-server 97452" 0.0005 "-" 97148 0
Nov 29 19:40:54 np0005539973.novalocal object-server[97453]: ::1 - - [30/Nov/2025:00:40:54 +0000] "PUT /1/2280/AUTH_d7431f1b3e4b40fe8ff42eb83afd437e/gnocchi.cae81822-618f-41a2-9bbf-fd38d3413d43/none_v3" 201 - "PUT http://[::1]:8080/v1/AUTH_d7431f1b3e4b40fe8ff42eb83afd437e/gnocchi.cae81822-618f-41a2-9bbf-fd38d3413d43/none_v3" "tx08e388836d3544a2b9c90-00692b9296" "proxy-server 90232" 0.0135 "-" 97453 0
Nov 29 19:40:54 np0005539973.novalocal object-server[97452]: ::1 - - [30/Nov/2025:00:40:54 +0000] "PUT /3/2280/AUTH_d7431f1b3e4b40fe8ff42eb83afd437e/gnocchi.cae81822-618f-41a2-9bbf-fd38d3413d43/none_v3" 201 - "PUT http://[::1]:8080/v1/AUTH_d7431f1b3e4b40fe8ff42eb83afd437e/gnocchi.cae81822-618f-41a2-9bbf-fd38d3413d43/none_v3" "tx08e388836d3544a2b9c90-00692b9296" "proxy-server 90232" 0.0132 "-" 97452 0
Nov 29 19:40:54 np0005539973.novalocal proxy-server[90231]: ::1 ::1 30/Nov/2025/00/40/54 GET /v1/AUTH_d7431f1b3e4b40fe8ff42eb83afd437e/gnocchi.70058cf5-6094-4034-bd83-971c2cd4caa7%3Fformat%3Djson%26states%3Dlisting HTTP/1.0 200 - python-swiftclient-4.2.0 gAAAAABpK5KUEQfJ... - 2 - txf9636ec0051847789f1d6-00692b9296 - 0.0166 - - 1764463254.235656023 1764463254.252265453 0
Nov 29 19:40:54 np0005539973.novalocal object-server[97452]: ::1 - - [30/Nov/2025:00:40:54 +0000] "PUT /2/2280/AUTH_d7431f1b3e4b40fe8ff42eb83afd437e/gnocchi.cae81822-618f-41a2-9bbf-fd38d3413d43/none_v3" 201 - "PUT http://[::1]:8080/v1/AUTH_d7431f1b3e4b40fe8ff42eb83afd437e/gnocchi.cae81822-618f-41a2-9bbf-fd38d3413d43/none_v3" "tx08e388836d3544a2b9c90-00692b9296" "proxy-server 90232" 0.0150 "-" 97452 0
Nov 29 19:40:54 np0005539973.novalocal proxy-server[90232]: ::1 ::1 30/Nov/2025/00/40/54 PUT /v1/AUTH_d7431f1b3e4b40fe8ff42eb83afd437e/gnocchi.cae81822-618f-41a2-9bbf-fd38d3413d43/none_v3 HTTP/1.0 201 - python-swiftclient-4.2.0 gAAAAABpK5KUbDSc... 26 - - tx08e388836d3544a2b9c90-00692b9296 - 0.0260 - - 1764463254.227582455 1764463254.253539324 0
Nov 29 19:40:54 np0005539973.novalocal object-server[97454]: ::1 - - [30/Nov/2025:00:40:54 +0000] "GET /1/56627/AUTH_d7431f1b3e4b40fe8ff42eb83afd437e/gnocchi.70058cf5-6094-4034-bd83-971c2cd4caa7/1763640000.0_mean_300.0_v3" 404 70 "GET http://[::1]:8080/v1/AUTH_d7431f1b3e4b40fe8ff42eb83afd437e/gnocchi.70058cf5-6094-4034-bd83-971c2cd4caa7/1763640000.0_mean_300.0_v3" "txe70d2c7609aa4064a9b4f-00692b9296" "proxy-server 90231" 0.0003 "-" 97454 0
Nov 29 19:40:54 np0005539973.novalocal object-server[97454]: ::1 - - [30/Nov/2025:00:40:54 +0000] "GET /3/56627/AUTH_d7431f1b3e4b40fe8ff42eb83afd437e/gnocchi.70058cf5-6094-4034-bd83-971c2cd4caa7/1763640000.0_mean_300.0_v3" 404 70 "GET http://[::1]:8080/v1/AUTH_d7431f1b3e4b40fe8ff42eb83afd437e/gnocchi.70058cf5-6094-4034-bd83-971c2cd4caa7/1763640000.0_mean_300.0_v3" "txe70d2c7609aa4064a9b4f-00692b9296" "proxy-server 90231" 0.0001 "-" 97454 0
Nov 29 19:40:54 np0005539973.novalocal object-server[97454]: ::1 - - [30/Nov/2025:00:40:54 +0000] "GET /2/56627/AUTH_d7431f1b3e4b40fe8ff42eb83afd437e/gnocchi.70058cf5-6094-4034-bd83-971c2cd4caa7/1763640000.0_mean_300.0_v3" 404 70 "GET http://[::1]:8080/v1/AUTH_d7431f1b3e4b40fe8ff42eb83afd437e/gnocchi.70058cf5-6094-4034-bd83-971c2cd4caa7/1763640000.0_mean_300.0_v3" "txe70d2c7609aa4064a9b4f-00692b9296" "proxy-server 90231" 0.0001 "-" 97454 0
Nov 29 19:40:54 np0005539973.novalocal proxy-server[90231]: ::1 ::1 30/Nov/2025/00/40/54 GET /v1/AUTH_d7431f1b3e4b40fe8ff42eb83afd437e/gnocchi.70058cf5-6094-4034-bd83-971c2cd4caa7/1763640000.0_mean_300.0_v3 HTTP/1.0 404 - python-swiftclient-4.2.0 gAAAAABpK5KUEQfJ... - 70 - txe70d2c7609aa4064a9b4f-00692b9296 - 0.0146 - - 1764463254.255177259 1764463254.269731045 0
Nov 29 19:40:54 np0005539973.novalocal container-server[97151]: ::1 - - [30/Nov/2025:00:40:54 +0000] "HEAD /3/234020/AUTH_d7431f1b3e4b40fe8ff42eb83afd437e/gnocchi.fa6376c9-1942-4082-9388-a01c80e449af" 404 - "HEAD http://[::1]:8080/v1/AUTH_d7431f1b3e4b40fe8ff42eb83afd437e/gnocchi.fa6376c9-1942-4082-9388-a01c80e449af?format=json&states=listing" "tx52c66010714c49cd9fa5d-00692b9296" "proxy-server 90232" 0.0003 "-" 97151 0
Nov 29 19:40:54 np0005539973.novalocal container-server[97151]: ::1 - - [30/Nov/2025:00:40:54 +0000] "HEAD /2/234020/AUTH_d7431f1b3e4b40fe8ff42eb83afd437e/gnocchi.fa6376c9-1942-4082-9388-a01c80e449af" 404 - "HEAD http://[::1]:8080/v1/AUTH_d7431f1b3e4b40fe8ff42eb83afd437e/gnocchi.fa6376c9-1942-4082-9388-a01c80e449af?format=json&states=listing" "tx52c66010714c49cd9fa5d-00692b9296" "proxy-server 90232" 0.0003 "-" 97151 0
Nov 29 19:40:54 np0005539973.novalocal container-server[97148]: ::1 - - [30/Nov/2025:00:40:54 +0000] "HEAD /1/234020/AUTH_d7431f1b3e4b40fe8ff42eb83afd437e/gnocchi.fa6376c9-1942-4082-9388-a01c80e449af" 404 - "HEAD http://[::1]:8080/v1/AUTH_d7431f1b3e4b40fe8ff42eb83afd437e/gnocchi.fa6376c9-1942-4082-9388-a01c80e449af?format=json&states=listing" "tx52c66010714c49cd9fa5d-00692b9296" "proxy-server 90232" 0.0003 "-" 97148 0
Nov 29 19:40:54 np0005539973.novalocal object-server[97453]: ::1 - - [30/Nov/2025:00:40:54 +0000] "GET /3/257312/AUTH_d7431f1b3e4b40fe8ff42eb83afd437e/gnocchi.fa6376c9-1942-4082-9388-a01c80e449af/none_v3" 404 70 "GET http://[::1]:8080/v1/AUTH_d7431f1b3e4b40fe8ff42eb83afd437e/gnocchi.fa6376c9-1942-4082-9388-a01c80e449af/none_v3" "tx52c66010714c49cd9fa5d-00692b9296" "proxy-server 90232" 0.0003 "-" 97453 0
Nov 29 19:40:54 np0005539973.novalocal container-server[97151]: ::1 - - [30/Nov/2025:00:40:54 +0000] "PUT /2/217927/AUTH_d7431f1b3e4b40fe8ff42eb83afd437e/gnocchi.70058cf5-6094-4034-bd83-971c2cd4caa7/1763640000.0_mean_300.0_v3" 201 - "PUT http://[::1]:8080/1/56627/AUTH_d7431f1b3e4b40fe8ff42eb83afd437e/gnocchi.70058cf5-6094-4034-bd83-971c2cd4caa7/1763640000.0_mean_300.0_v3" "tx3be72944298e40a2a1ceb-00692b9296" "object-server 97454" 0.0004 "-" 97151 0
Nov 29 19:40:54 np0005539973.novalocal object-server[97455]: ::1 - - [30/Nov/2025:00:40:54 +0000] "GET /2/257312/AUTH_d7431f1b3e4b40fe8ff42eb83afd437e/gnocchi.fa6376c9-1942-4082-9388-a01c80e449af/none_v3" 404 70 "GET http://[::1]:8080/v1/AUTH_d7431f1b3e4b40fe8ff42eb83afd437e/gnocchi.fa6376c9-1942-4082-9388-a01c80e449af/none_v3" "tx52c66010714c49cd9fa5d-00692b9296" "proxy-server 90232" 0.0003 "-" 97455 0
Nov 29 19:40:54 np0005539973.novalocal object-server[97454]: ::1 - - [30/Nov/2025:00:40:54 +0000] "PUT /1/56627/AUTH_d7431f1b3e4b40fe8ff42eb83afd437e/gnocchi.70058cf5-6094-4034-bd83-971c2cd4caa7/1763640000.0_mean_300.0_v3" 201 - "PUT http://[::1]:8080/v1/AUTH_d7431f1b3e4b40fe8ff42eb83afd437e/gnocchi.70058cf5-6094-4034-bd83-971c2cd4caa7/1763640000.0_mean_300.0_v3" "tx3be72944298e40a2a1ceb-00692b9296" "proxy-server 90231" 0.0100 "-" 97454 0
Nov 29 19:40:54 np0005539973.novalocal container-server[97148]: ::1 - - [30/Nov/2025:00:40:54 +0000] "PUT /3/217927/AUTH_d7431f1b3e4b40fe8ff42eb83afd437e/gnocchi.70058cf5-6094-4034-bd83-971c2cd4caa7/1763640000.0_mean_300.0_v3" 201 - "PUT http://[::1]:8080/2/56627/AUTH_d7431f1b3e4b40fe8ff42eb83afd437e/gnocchi.70058cf5-6094-4034-bd83-971c2cd4caa7/1763640000.0_mean_300.0_v3" "tx3be72944298e40a2a1ceb-00692b9296" "object-server 97453" 0.0005 "-" 97148 0
Nov 29 19:40:54 np0005539973.novalocal object-server[97455]: ::1 - - [30/Nov/2025:00:40:54 +0000] "GET /1/257312/AUTH_d7431f1b3e4b40fe8ff42eb83afd437e/gnocchi.fa6376c9-1942-4082-9388-a01c80e449af/none_v3" 404 70 "GET http://[::1]:8080/v1/AUTH_d7431f1b3e4b40fe8ff42eb83afd437e/gnocchi.fa6376c9-1942-4082-9388-a01c80e449af/none_v3" "tx52c66010714c49cd9fa5d-00692b9296" "proxy-server 90232" 0.0002 "-" 97455 0
Nov 29 19:40:54 np0005539973.novalocal object-server[97453]: ::1 - - [30/Nov/2025:00:40:54 +0000] "PUT /2/56627/AUTH_d7431f1b3e4b40fe8ff42eb83afd437e/gnocchi.70058cf5-6094-4034-bd83-971c2cd4caa7/1763640000.0_mean_300.0_v3" 201 - "PUT http://[::1]:8080/v1/AUTH_d7431f1b3e4b40fe8ff42eb83afd437e/gnocchi.70058cf5-6094-4034-bd83-971c2cd4caa7/1763640000.0_mean_300.0_v3" "tx3be72944298e40a2a1ceb-00692b9296" "proxy-server 90231" 0.0107 "-" 97453 0
Nov 29 19:40:54 np0005539973.novalocal container-server[97150]: ::1 - - [30/Nov/2025:00:40:54 +0000] "PUT /1/217927/AUTH_d7431f1b3e4b40fe8ff42eb83afd437e/gnocchi.70058cf5-6094-4034-bd83-971c2cd4caa7/1763640000.0_mean_300.0_v3" 201 - "PUT http://[::1]:8080/3/56627/AUTH_d7431f1b3e4b40fe8ff42eb83afd437e/gnocchi.70058cf5-6094-4034-bd83-971c2cd4caa7/1763640000.0_mean_300.0_v3" "tx3be72944298e40a2a1ceb-00692b9296" "object-server 97452" 0.0004 "-" 97150 0
Nov 29 19:40:54 np0005539973.novalocal proxy-server[90232]: ::1 ::1 30/Nov/2025/00/40/54 GET /v1/AUTH_d7431f1b3e4b40fe8ff42eb83afd437e/gnocchi.fa6376c9-1942-4082-9388-a01c80e449af/none_v3 HTTP/1.0 404 - python-swiftclient-4.2.0 gAAAAABpK5KUbDSc... - 70 - tx52c66010714c49cd9fa5d-00692b9296 - 0.0189 - - 1764463254.271754026 1764463254.290681601 0
Nov 29 19:40:54 np0005539973.novalocal object-server[97452]: ::1 - - [30/Nov/2025:00:40:54 +0000] "PUT /3/56627/AUTH_d7431f1b3e4b40fe8ff42eb83afd437e/gnocchi.70058cf5-6094-4034-bd83-971c2cd4caa7/1763640000.0_mean_300.0_v3" 201 - "PUT http://[::1]:8080/v1/AUTH_d7431f1b3e4b40fe8ff42eb83afd437e/gnocchi.70058cf5-6094-4034-bd83-971c2cd4caa7/1763640000.0_mean_300.0_v3" "tx3be72944298e40a2a1ceb-00692b9296" "proxy-server 90231" 0.0137 "-" 97452 0
Nov 29 19:40:54 np0005539973.novalocal proxy-server[90231]: ::1 ::1 30/Nov/2025/00/40/54 PUT /v1/AUTH_d7431f1b3e4b40fe8ff42eb83afd437e/gnocchi.70058cf5-6094-4034-bd83-971c2cd4caa7/1763640000.0_mean_300.0_v3 HTTP/1.0 201 - python-swiftclient-4.2.0 gAAAAABpK5KUEQfJ... 16 - - tx3be72944298e40a2a1ceb-00692b9296 - 0.0204 - - 1764463254.272107840 1764463254.292503119 0
Nov 29 19:40:54 np0005539973.novalocal account-server[96855]: ::1 - - [30/Nov/2025:00:40:54 +0000] "PUT /3/39192/AUTH_d7431f1b3e4b40fe8ff42eb83afd437e/gnocchi.fa6376c9-1942-4082-9388-a01c80e449af" 201 - "PUT http://[::1]:6001/2/234020/AUTH_d7431f1b3e4b40fe8ff42eb83afd437e/gnocchi.fa6376c9-1942-4082-9388-a01c80e449af" "tx69cbdc07df8c41e7ae98a-00692b9296" "container-server 97148" 0.0041 "-" 96855 0
Nov 29 19:40:54 np0005539973.novalocal container-server[97148]: ::1 - - [30/Nov/2025:00:40:54 +0000] "PUT /2/234020/AUTH_d7431f1b3e4b40fe8ff42eb83afd437e/gnocchi.fa6376c9-1942-4082-9388-a01c80e449af" 201 - "PUT http://[::1]:8080/v1/AUTH_d7431f1b3e4b40fe8ff42eb83afd437e/gnocchi.fa6376c9-1942-4082-9388-a01c80e449af" "tx69cbdc07df8c41e7ae98a-00692b9296" "proxy-server 90232" 0.0138 "-" 97148 0
Nov 29 19:40:54 np0005539973.novalocal account-server[96856]: ::1 - - [30/Nov/2025:00:40:54 +0000] "PUT /1/39192/AUTH_d7431f1b3e4b40fe8ff42eb83afd437e/gnocchi.fa6376c9-1942-4082-9388-a01c80e449af" 201 - "PUT http://[::1]:6001/3/234020/AUTH_d7431f1b3e4b40fe8ff42eb83afd437e/gnocchi.fa6376c9-1942-4082-9388-a01c80e449af" "tx69cbdc07df8c41e7ae98a-00692b9296" "container-server 97150" 0.0047 "-" 96856 0
Nov 29 19:40:54 np0005539973.novalocal account-server[96857]: ::1 - - [30/Nov/2025:00:40:54 +0000] "PUT /2/39192/AUTH_d7431f1b3e4b40fe8ff42eb83afd437e/gnocchi.fa6376c9-1942-4082-9388-a01c80e449af" 201 - "PUT http://[::1]:6001/1/234020/AUTH_d7431f1b3e4b40fe8ff42eb83afd437e/gnocchi.fa6376c9-1942-4082-9388-a01c80e449af" "tx69cbdc07df8c41e7ae98a-00692b9296" "container-server 97149" 0.0042 "-" 96857 0
Nov 29 19:40:54 np0005539973.novalocal container-server[97149]: ::1 - - [30/Nov/2025:00:40:54 +0000] "PUT /1/234020/AUTH_d7431f1b3e4b40fe8ff42eb83afd437e/gnocchi.fa6376c9-1942-4082-9388-a01c80e449af" 201 - "PUT http://[::1]:8080/v1/AUTH_d7431f1b3e4b40fe8ff42eb83afd437e/gnocchi.fa6376c9-1942-4082-9388-a01c80e449af" "tx69cbdc07df8c41e7ae98a-00692b9296" "proxy-server 90232" 0.0158 "-" 97149 0
Nov 29 19:40:54 np0005539973.novalocal container-server[97150]: ::1 - - [30/Nov/2025:00:40:54 +0000] "PUT /3/217927/AUTH_d7431f1b3e4b40fe8ff42eb83afd437e/gnocchi.70058cf5-6094-4034-bd83-971c2cd4caa7/none_v3" 201 - "PUT http://[::1]:8080/1/177131/AUTH_d7431f1b3e4b40fe8ff42eb83afd437e/gnocchi.70058cf5-6094-4034-bd83-971c2cd4caa7/none_v3" "tx2d206eef6d3743a0ae75d-00692b9296" "object-server 97454" 0.0004 "-" 97150 0
Nov 29 19:40:54 np0005539973.novalocal object-server[97454]: ::1 - - [30/Nov/2025:00:40:54 +0000] "PUT /1/177131/AUTH_d7431f1b3e4b40fe8ff42eb83afd437e/gnocchi.70058cf5-6094-4034-bd83-971c2cd4caa7/none_v3" 201 - "PUT http://[::1]:8080/v1/AUTH_d7431f1b3e4b40fe8ff42eb83afd437e/gnocchi.70058cf5-6094-4034-bd83-971c2cd4caa7/none_v3" "tx2d206eef6d3743a0ae75d-00692b9296" "proxy-server 90231" 0.0136 "-" 97454 0
Nov 29 19:40:54 np0005539973.novalocal container-server[97150]: ::1 - - [30/Nov/2025:00:40:54 +0000] "PUT /2/217927/AUTH_d7431f1b3e4b40fe8ff42eb83afd437e/gnocchi.70058cf5-6094-4034-bd83-971c2cd4caa7/none_v3" 201 - "PUT http://[::1]:8080/2/177131/AUTH_d7431f1b3e4b40fe8ff42eb83afd437e/gnocchi.70058cf5-6094-4034-bd83-971c2cd4caa7/none_v3" "tx2d206eef6d3743a0ae75d-00692b9296" "object-server 97455" 0.0003 "-" 97150 0
Nov 29 19:40:54 np0005539973.novalocal container-server[97151]: ::1 - - [30/Nov/2025:00:40:54 +0000] "PUT /1/217927/AUTH_d7431f1b3e4b40fe8ff42eb83afd437e/gnocchi.70058cf5-6094-4034-bd83-971c2cd4caa7/none_v3" 201 - "PUT http://[::1]:8080/3/177131/AUTH_d7431f1b3e4b40fe8ff42eb83afd437e/gnocchi.70058cf5-6094-4034-bd83-971c2cd4caa7/none_v3" "tx2d206eef6d3743a0ae75d-00692b9296" "object-server 97453" 0.0007 "-" 97151 0
Nov 29 19:40:54 np0005539973.novalocal object-server[97455]: ::1 - - [30/Nov/2025:00:40:54 +0000] "PUT /2/177131/AUTH_d7431f1b3e4b40fe8ff42eb83afd437e/gnocchi.70058cf5-6094-4034-bd83-971c2cd4caa7/none_v3" 201 - "PUT http://[::1]:8080/v1/AUTH_d7431f1b3e4b40fe8ff42eb83afd437e/gnocchi.70058cf5-6094-4034-bd83-971c2cd4caa7/none_v3" "tx2d206eef6d3743a0ae75d-00692b9296" "proxy-server 90231" 0.0152 "-" 97455 0
Nov 29 19:40:54 np0005539973.novalocal object-server[97453]: ::1 - - [30/Nov/2025:00:40:54 +0000] "PUT /3/177131/AUTH_d7431f1b3e4b40fe8ff42eb83afd437e/gnocchi.70058cf5-6094-4034-bd83-971c2cd4caa7/none_v3" 201 - "PUT http://[::1]:8080/v1/AUTH_d7431f1b3e4b40fe8ff42eb83afd437e/gnocchi.70058cf5-6094-4034-bd83-971c2cd4caa7/none_v3" "tx2d206eef6d3743a0ae75d-00692b9296" "proxy-server 90231" 0.0144 "-" 97453 0
Nov 29 19:40:54 np0005539973.novalocal container-server[97150]: ::1 - - [30/Nov/2025:00:40:54 +0000] "PUT /3/234020/AUTH_d7431f1b3e4b40fe8ff42eb83afd437e/gnocchi.fa6376c9-1942-4082-9388-a01c80e449af" 201 - "PUT http://[::1]:8080/v1/AUTH_d7431f1b3e4b40fe8ff42eb83afd437e/gnocchi.fa6376c9-1942-4082-9388-a01c80e449af" "tx69cbdc07df8c41e7ae98a-00692b9296" "proxy-server 90232" 0.0196 "-" 97150 0
Nov 29 19:40:54 np0005539973.novalocal proxy-server[90231]: ::1 ::1 30/Nov/2025/00/40/54 PUT /v1/AUTH_d7431f1b3e4b40fe8ff42eb83afd437e/gnocchi.70058cf5-6094-4034-bd83-971c2cd4caa7/none_v3 HTTP/1.0 201 - python-swiftclient-4.2.0 gAAAAABpK5KUEQfJ... 22 - - tx2d206eef6d3743a0ae75d-00692b9296 - 0.0220 - - 1764463254.294568777 1764463254.316524982 0
Nov 29 19:40:54 np0005539973.novalocal proxy-server[90232]: ::1 ::1 30/Nov/2025/00/40/54 PUT /v1/AUTH_d7431f1b3e4b40fe8ff42eb83afd437e/gnocchi.fa6376c9-1942-4082-9388-a01c80e449af HTTP/1.0 201 - python-swiftclient-4.2.0 gAAAAABpK5KUbDSc... - - - tx69cbdc07df8c41e7ae98a-00692b9296 - 0.0242 - - 1764463254.293158054 1764463254.317315817 0
Nov 29 19:40:54 np0005539973.novalocal container-server[97151]: ::1 - - [30/Nov/2025:00:40:54 +0000] "HEAD /2/234020/AUTH_d7431f1b3e4b40fe8ff42eb83afd437e/gnocchi.fa6376c9-1942-4082-9388-a01c80e449af" 204 - "HEAD http://[::1]:8080/v1/AUTH_d7431f1b3e4b40fe8ff42eb83afd437e/gnocchi.fa6376c9-1942-4082-9388-a01c80e449af?format=json&states=listing" "txdff2fe38225c48698e8a3-00692b9296" "proxy-server 90232" 0.0016 "-" 97151 0
Nov 29 19:40:54 np0005539973.novalocal container-server[97149]: ::1 - - [30/Nov/2025:00:40:54 +0000] "GET /2/234020/AUTH_d7431f1b3e4b40fe8ff42eb83afd437e/gnocchi.fa6376c9-1942-4082-9388-a01c80e449af" 200 2 "GET http://[::1]:8080/v1/AUTH_d7431f1b3e4b40fe8ff42eb83afd437e/gnocchi.fa6376c9-1942-4082-9388-a01c80e449af?format=json&states=listing" "txdff2fe38225c48698e8a3-00692b9296" "proxy-server 90232" 0.0018 "-" 97149 0
Nov 29 19:40:54 np0005539973.novalocal proxy-server[90232]: ::1 ::1 30/Nov/2025/00/40/54 GET /v1/AUTH_d7431f1b3e4b40fe8ff42eb83afd437e/gnocchi.fa6376c9-1942-4082-9388-a01c80e449af%3Fformat%3Djson%26states%3Dlisting HTTP/1.0 200 - python-swiftclient-4.2.0 gAAAAABpK5KUbDSc... - 2 - txdff2fe38225c48698e8a3-00692b9296 - 0.0137 - - 1764463254.320388556 1764463254.334053040 0
Nov 29 19:40:54 np0005539973.novalocal object-server[97453]: ::1 - - [30/Nov/2025:00:40:54 +0000] "GET /3/26381/AUTH_d7431f1b3e4b40fe8ff42eb83afd437e/gnocchi.fa6376c9-1942-4082-9388-a01c80e449af/1763640000.0_mean_300.0_v3" 404 70 "GET http://[::1]:8080/v1/AUTH_d7431f1b3e4b40fe8ff42eb83afd437e/gnocchi.fa6376c9-1942-4082-9388-a01c80e449af/1763640000.0_mean_300.0_v3" "tx4eb2c7a4616d4e4eb9804-00692b9296" "proxy-server 90232" 0.0003 "-" 97453 0
Nov 29 19:40:54 np0005539973.novalocal container-server[97149]: ::1 - - [30/Nov/2025:00:40:54 +0000] "HEAD /3/164207/AUTH_d7431f1b3e4b40fe8ff42eb83afd437e/gnocchi.bcb68802-2c99-427b-b529-ebf98575f737" 404 - "HEAD http://[::1]:8080/v1/AUTH_d7431f1b3e4b40fe8ff42eb83afd437e/gnocchi.bcb68802-2c99-427b-b529-ebf98575f737?format=json&states=listing" "tx266131ac6f5e4fac901cb-00692b9296" "proxy-server 90231" 0.0003 "-" 97149 0
Nov 29 19:40:54 np0005539973.novalocal object-server[97452]: ::1 - - [30/Nov/2025:00:40:54 +0000] "GET /2/26381/AUTH_d7431f1b3e4b40fe8ff42eb83afd437e/gnocchi.fa6376c9-1942-4082-9388-a01c80e449af/1763640000.0_mean_300.0_v3" 404 70 "GET http://[::1]:8080/v1/AUTH_d7431f1b3e4b40fe8ff42eb83afd437e/gnocchi.fa6376c9-1942-4082-9388-a01c80e449af/1763640000.0_mean_300.0_v3" "tx4eb2c7a4616d4e4eb9804-00692b9296" "proxy-server 90232" 0.0003 "-" 97452 0
Nov 29 19:40:54 np0005539973.novalocal container-server[97151]: ::1 - - [30/Nov/2025:00:40:54 +0000] "HEAD /1/164207/AUTH_d7431f1b3e4b40fe8ff42eb83afd437e/gnocchi.bcb68802-2c99-427b-b529-ebf98575f737" 404 - "HEAD http://[::1]:8080/v1/AUTH_d7431f1b3e4b40fe8ff42eb83afd437e/gnocchi.bcb68802-2c99-427b-b529-ebf98575f737?format=json&states=listing" "tx266131ac6f5e4fac901cb-00692b9296" "proxy-server 90231" 0.0006 "-" 97151 0
Nov 29 19:40:54 np0005539973.novalocal object-server[97454]: ::1 - - [30/Nov/2025:00:40:54 +0000] "GET /1/26381/AUTH_d7431f1b3e4b40fe8ff42eb83afd437e/gnocchi.fa6376c9-1942-4082-9388-a01c80e449af/1763640000.0_mean_300.0_v3" 404 70 "GET http://[::1]:8080/v1/AUTH_d7431f1b3e4b40fe8ff42eb83afd437e/gnocchi.fa6376c9-1942-4082-9388-a01c80e449af/1763640000.0_mean_300.0_v3" "tx4eb2c7a4616d4e4eb9804-00692b9296" "proxy-server 90232" 0.0003 "-" 97454 0
Nov 29 19:40:54 np0005539973.novalocal proxy-server[90232]: ::1 ::1 30/Nov/2025/00/40/54 GET /v1/AUTH_d7431f1b3e4b40fe8ff42eb83afd437e/gnocchi.fa6376c9-1942-4082-9388-a01c80e449af/1763640000.0_mean_300.0_v3 HTTP/1.0 404 - python-swiftclient-4.2.0 gAAAAABpK5KUbDSc... - 70 - tx4eb2c7a4616d4e4eb9804-00692b9296 - 0.0101 - - 1764463254.336728573 1764463254.346873283 0
Nov 29 19:40:54 np0005539973.novalocal container-server[97148]: ::1 - - [30/Nov/2025:00:40:54 +0000] "HEAD /2/164207/AUTH_d7431f1b3e4b40fe8ff42eb83afd437e/gnocchi.bcb68802-2c99-427b-b529-ebf98575f737" 404 - "HEAD http://[::1]:8080/v1/AUTH_d7431f1b3e4b40fe8ff42eb83afd437e/gnocchi.bcb68802-2c99-427b-b529-ebf98575f737?format=json&states=listing" "tx266131ac6f5e4fac901cb-00692b9296" "proxy-server 90231" 0.0004 "-" 97148 0
Nov 29 19:40:54 np0005539973.novalocal object-server[97454]: ::1 - - [30/Nov/2025:00:40:54 +0000] "GET /3/104019/AUTH_d7431f1b3e4b40fe8ff42eb83afd437e/gnocchi.bcb68802-2c99-427b-b529-ebf98575f737/none_v3" 404 70 "GET http://[::1]:8080/v1/AUTH_d7431f1b3e4b40fe8ff42eb83afd437e/gnocchi.bcb68802-2c99-427b-b529-ebf98575f737/none_v3" "tx266131ac6f5e4fac901cb-00692b9296" "proxy-server 90231" 0.0002 "-" 97454 0
Nov 29 19:40:54 np0005539973.novalocal object-server[97453]: ::1 - - [30/Nov/2025:00:40:54 +0000] "GET /2/104019/AUTH_d7431f1b3e4b40fe8ff42eb83afd437e/gnocchi.bcb68802-2c99-427b-b529-ebf98575f737/none_v3" 404 70 "GET http://[::1]:8080/v1/AUTH_d7431f1b3e4b40fe8ff42eb83afd437e/gnocchi.bcb68802-2c99-427b-b529-ebf98575f737/none_v3" "tx266131ac6f5e4fac901cb-00692b9296" "proxy-server 90231" 0.0002 "-" 97453 0
Nov 29 19:40:54 np0005539973.novalocal object-server[97452]: ::1 - - [30/Nov/2025:00:40:54 +0000] "GET /1/104019/AUTH_d7431f1b3e4b40fe8ff42eb83afd437e/gnocchi.bcb68802-2c99-427b-b529-ebf98575f737/none_v3" 404 70 "GET http://[::1]:8080/v1/AUTH_d7431f1b3e4b40fe8ff42eb83afd437e/gnocchi.bcb68802-2c99-427b-b529-ebf98575f737/none_v3" "tx266131ac6f5e4fac901cb-00692b9296" "proxy-server 90231" 0.0002 "-" 97452 0
Nov 29 19:40:54 np0005539973.novalocal proxy-server[90231]: ::1 ::1 30/Nov/2025/00/40/54 GET /v1/AUTH_d7431f1b3e4b40fe8ff42eb83afd437e/gnocchi.bcb68802-2c99-427b-b529-ebf98575f737/none_v3 HTTP/1.0 404 - python-swiftclient-4.2.0 gAAAAABpK5KUEQfJ... - 70 - tx266131ac6f5e4fac901cb-00692b9296 - 0.0201 - - 1764463254.339823246 1764463254.359969616 0
Nov 29 19:40:54 np0005539973.novalocal container-server[97149]: ::1 - - [30/Nov/2025:00:40:54 +0000] "PUT /3/234020/AUTH_d7431f1b3e4b40fe8ff42eb83afd437e/gnocchi.fa6376c9-1942-4082-9388-a01c80e449af/1763640000.0_mean_300.0_v3" 201 - "PUT http://[::1]:8080/2/26381/AUTH_d7431f1b3e4b40fe8ff42eb83afd437e/gnocchi.fa6376c9-1942-4082-9388-a01c80e449af/1763640000.0_mean_300.0_v3" "txef4e0d1fee074d8fad5ea-00692b9296" "object-server 97453" 0.0006 "-" 97149 0
Nov 29 19:40:54 np0005539973.novalocal object-server[97453]: ::1 - - [30/Nov/2025:00:40:54 +0000] "PUT /2/26381/AUTH_d7431f1b3e4b40fe8ff42eb83afd437e/gnocchi.fa6376c9-1942-4082-9388-a01c80e449af/1763640000.0_mean_300.0_v3" 201 - "PUT http://[::1]:8080/v1/AUTH_d7431f1b3e4b40fe8ff42eb83afd437e/gnocchi.fa6376c9-1942-4082-9388-a01c80e449af/1763640000.0_mean_300.0_v3" "txef4e0d1fee074d8fad5ea-00692b9296" "proxy-server 90232" 0.0172 "-" 97453 0
Nov 29 19:40:54 np0005539973.novalocal container-server[97150]: ::1 - - [30/Nov/2025:00:40:54 +0000] "PUT /2/234020/AUTH_d7431f1b3e4b40fe8ff42eb83afd437e/gnocchi.fa6376c9-1942-4082-9388-a01c80e449af/1763640000.0_mean_300.0_v3" 201 - "PUT http://[::1]:8080/1/26381/AUTH_d7431f1b3e4b40fe8ff42eb83afd437e/gnocchi.fa6376c9-1942-4082-9388-a01c80e449af/1763640000.0_mean_300.0_v3" "txef4e0d1fee074d8fad5ea-00692b9296" "object-server 97455" 0.0005 "-" 97150 0
Nov 29 19:40:54 np0005539973.novalocal object-server[97455]: ::1 - - [30/Nov/2025:00:40:54 +0000] "PUT /1/26381/AUTH_d7431f1b3e4b40fe8ff42eb83afd437e/gnocchi.fa6376c9-1942-4082-9388-a01c80e449af/1763640000.0_mean_300.0_v3" 201 - "PUT http://[::1]:8080/v1/AUTH_d7431f1b3e4b40fe8ff42eb83afd437e/gnocchi.fa6376c9-1942-4082-9388-a01c80e449af/1763640000.0_mean_300.0_v3" "txef4e0d1fee074d8fad5ea-00692b9296" "proxy-server 90232" 0.0242 "-" 97455 0
Nov 29 19:40:54 np0005539973.novalocal container-server[97151]: ::1 - - [30/Nov/2025:00:40:54 +0000] "PUT /1/234020/AUTH_d7431f1b3e4b40fe8ff42eb83afd437e/gnocchi.fa6376c9-1942-4082-9388-a01c80e449af/1763640000.0_mean_300.0_v3" 201 - "PUT http://[::1]:8080/3/26381/AUTH_d7431f1b3e4b40fe8ff42eb83afd437e/gnocchi.fa6376c9-1942-4082-9388-a01c80e449af/1763640000.0_mean_300.0_v3" "txef4e0d1fee074d8fad5ea-00692b9296" "object-server 97453" 0.0004 "-" 97151 0
Nov 29 19:40:54 np0005539973.novalocal account-server[96858]: ::1 - - [30/Nov/2025:00:40:54 +0000] "PUT /1/39192/AUTH_d7431f1b3e4b40fe8ff42eb83afd437e/gnocchi.bcb68802-2c99-427b-b529-ebf98575f737" 201 - "PUT http://[::1]:6001/3/164207/AUTH_d7431f1b3e4b40fe8ff42eb83afd437e/gnocchi.bcb68802-2c99-427b-b529-ebf98575f737" "tx4f91163fdca048a09a7ed-00692b9296" "container-server 97150" 0.0043 "-" 96858 0
Nov 29 19:40:54 np0005539973.novalocal object-server[97453]: ::1 - - [30/Nov/2025:00:40:54 +0000] "PUT /3/26381/AUTH_d7431f1b3e4b40fe8ff42eb83afd437e/gnocchi.fa6376c9-1942-4082-9388-a01c80e449af/1763640000.0_mean_300.0_v3" 201 - "PUT http://[::1]:8080/v1/AUTH_d7431f1b3e4b40fe8ff42eb83afd437e/gnocchi.fa6376c9-1942-4082-9388-a01c80e449af/1763640000.0_mean_300.0_v3" "txef4e0d1fee074d8fad5ea-00692b9296" "proxy-server 90232" 0.0323 "-" 97453 0
Nov 29 19:40:54 np0005539973.novalocal account-server[96856]: ::1 - - [30/Nov/2025:00:40:54 +0000] "PUT /3/39192/AUTH_d7431f1b3e4b40fe8ff42eb83afd437e/gnocchi.bcb68802-2c99-427b-b529-ebf98575f737" 201 - "PUT http://[::1]:6001/2/164207/AUTH_d7431f1b3e4b40fe8ff42eb83afd437e/gnocchi.bcb68802-2c99-427b-b529-ebf98575f737" "tx4f91163fdca048a09a7ed-00692b9296" "container-server 97151" 0.0040 "-" 96856 0
Nov 29 19:40:54 np0005539973.novalocal proxy-server[90232]: ::1 ::1 30/Nov/2025/00/40/54 PUT /v1/AUTH_d7431f1b3e4b40fe8ff42eb83afd437e/gnocchi.fa6376c9-1942-4082-9388-a01c80e449af/1763640000.0_mean_300.0_v3 HTTP/1.0 201 - python-swiftclient-4.2.0 gAAAAABpK5KUbDSc... 16 - - txef4e0d1fee074d8fad5ea-00692b9296 - 0.0386 - - 1764463254.348786592 1764463254.387368202 0
Nov 29 19:40:54 np0005539973.novalocal container-server[97150]: ::1 - - [30/Nov/2025:00:40:54 +0000] "PUT /3/164207/AUTH_d7431f1b3e4b40fe8ff42eb83afd437e/gnocchi.bcb68802-2c99-427b-b529-ebf98575f737" 201 - "PUT http://[::1]:8080/v1/AUTH_d7431f1b3e4b40fe8ff42eb83afd437e/gnocchi.bcb68802-2c99-427b-b529-ebf98575f737" "tx4f91163fdca048a09a7ed-00692b9296" "proxy-server 90231" 0.0200 "-" 97150 0
Nov 29 19:40:54 np0005539973.novalocal container-server[97151]: ::1 - - [30/Nov/2025:00:40:54 +0000] "PUT /2/164207/AUTH_d7431f1b3e4b40fe8ff42eb83afd437e/gnocchi.bcb68802-2c99-427b-b529-ebf98575f737" 201 - "PUT http://[::1]:8080/v1/AUTH_d7431f1b3e4b40fe8ff42eb83afd437e/gnocchi.bcb68802-2c99-427b-b529-ebf98575f737" "tx4f91163fdca048a09a7ed-00692b9296" "proxy-server 90231" 0.0220 "-" 97151 0
Nov 29 19:40:54 np0005539973.novalocal account-server[96856]: ::1 - - [30/Nov/2025:00:40:54 +0000] "PUT /2/39192/AUTH_d7431f1b3e4b40fe8ff42eb83afd437e/gnocchi.bcb68802-2c99-427b-b529-ebf98575f737" 201 - "PUT http://[::1]:6001/1/164207/AUTH_d7431f1b3e4b40fe8ff42eb83afd437e/gnocchi.bcb68802-2c99-427b-b529-ebf98575f737" "tx4f91163fdca048a09a7ed-00692b9296" "container-server 97148" 0.0032 "-" 96856 0
Nov 29 19:40:54 np0005539973.novalocal container-server[97148]: ::1 - - [30/Nov/2025:00:40:54 +0000] "PUT /1/164207/AUTH_d7431f1b3e4b40fe8ff42eb83afd437e/gnocchi.bcb68802-2c99-427b-b529-ebf98575f737" 201 - "PUT http://[::1]:8080/v1/AUTH_d7431f1b3e4b40fe8ff42eb83afd437e/gnocchi.bcb68802-2c99-427b-b529-ebf98575f737" "tx4f91163fdca048a09a7ed-00692b9296" "proxy-server 90231" 0.0254 "-" 97148 0
Nov 29 19:40:54 np0005539973.novalocal proxy-server[90231]: ::1 ::1 30/Nov/2025/00/40/54 PUT /v1/AUTH_d7431f1b3e4b40fe8ff42eb83afd437e/gnocchi.bcb68802-2c99-427b-b529-ebf98575f737 HTTP/1.0 201 - python-swiftclient-4.2.0 gAAAAABpK5KUEQfJ... - - - tx4f91163fdca048a09a7ed-00692b9296 - 0.0304 - - 1764463254.362780571 1764463254.393193483 0
Nov 29 19:40:54 np0005539973.novalocal container-server[97149]: ::1 - - [30/Nov/2025:00:40:54 +0000] "HEAD /1/164207/AUTH_d7431f1b3e4b40fe8ff42eb83afd437e/gnocchi.bcb68802-2c99-427b-b529-ebf98575f737" 204 - "HEAD http://[::1]:8080/v1/AUTH_d7431f1b3e4b40fe8ff42eb83afd437e/gnocchi.bcb68802-2c99-427b-b529-ebf98575f737?format=json&states=listing" "tx358e1c6d446446c78098b-00692b9296" "proxy-server 90231" 0.0011 "-" 97149 0
Nov 29 19:40:54 np0005539973.novalocal container-server[97150]: ::1 - - [30/Nov/2025:00:40:54 +0000] "GET /1/164207/AUTH_d7431f1b3e4b40fe8ff42eb83afd437e/gnocchi.bcb68802-2c99-427b-b529-ebf98575f737" 200 2 "GET http://[::1]:8080/v1/AUTH_d7431f1b3e4b40fe8ff42eb83afd437e/gnocchi.bcb68802-2c99-427b-b529-ebf98575f737?format=json&states=listing" "tx358e1c6d446446c78098b-00692b9296" "proxy-server 90231" 0.0022 "-" 97150 0
Nov 29 19:40:54 np0005539973.novalocal proxy-server[90231]: ::1 ::1 30/Nov/2025/00/40/54 GET /v1/AUTH_d7431f1b3e4b40fe8ff42eb83afd437e/gnocchi.bcb68802-2c99-427b-b529-ebf98575f737%3Fformat%3Djson%26states%3Dlisting HTTP/1.0 200 - python-swiftclient-4.2.0 gAAAAABpK5KUEQfJ... - 2 - tx358e1c6d446446c78098b-00692b9296 - 0.0106 - - 1764463254.395796537 1764463254.406426430 0
Nov 29 19:40:54 np0005539973.novalocal container-server[97148]: ::1 - - [30/Nov/2025:00:40:54 +0000] "PUT /1/234020/AUTH_d7431f1b3e4b40fe8ff42eb83afd437e/gnocchi.fa6376c9-1942-4082-9388-a01c80e449af/none_v3" 201 - "PUT http://[::1]:8080/1/257312/AUTH_d7431f1b3e4b40fe8ff42eb83afd437e/gnocchi.fa6376c9-1942-4082-9388-a01c80e449af/none_v3" "tx1f8bb25df5444d7a99d95-00692b9296" "object-server 97453" 0.0004 "-" 97148 0
Nov 29 19:40:54 np0005539973.novalocal container-server[97148]: ::1 - - [30/Nov/2025:00:40:54 +0000] "PUT /3/234020/AUTH_d7431f1b3e4b40fe8ff42eb83afd437e/gnocchi.fa6376c9-1942-4082-9388-a01c80e449af/none_v3" 201 - "PUT http://[::1]:8080/3/257312/AUTH_d7431f1b3e4b40fe8ff42eb83afd437e/gnocchi.fa6376c9-1942-4082-9388-a01c80e449af/none_v3" "tx1f8bb25df5444d7a99d95-00692b9296" "object-server 97453" 0.0003 "-" 97148 0
Nov 29 19:40:54 np0005539973.novalocal container-server[97151]: ::1 - - [30/Nov/2025:00:40:54 +0000] "PUT /2/234020/AUTH_d7431f1b3e4b40fe8ff42eb83afd437e/gnocchi.fa6376c9-1942-4082-9388-a01c80e449af/none_v3" 201 - "PUT http://[::1]:8080/2/257312/AUTH_d7431f1b3e4b40fe8ff42eb83afd437e/gnocchi.fa6376c9-1942-4082-9388-a01c80e449af/none_v3" "tx1f8bb25df5444d7a99d95-00692b9296" "object-server 97452" 0.0004 "-" 97151 0
Nov 29 19:40:54 np0005539973.novalocal object-server[97453]: ::1 - - [30/Nov/2025:00:40:54 +0000] "PUT /1/257312/AUTH_d7431f1b3e4b40fe8ff42eb83afd437e/gnocchi.fa6376c9-1942-4082-9388-a01c80e449af/none_v3" 201 - "PUT http://[::1]:8080/v1/AUTH_d7431f1b3e4b40fe8ff42eb83afd437e/gnocchi.fa6376c9-1942-4082-9388-a01c80e449af/none_v3" "tx1f8bb25df5444d7a99d95-00692b9296" "proxy-server 90232" 0.0128 "-" 97453 0
Nov 29 19:40:54 np0005539973.novalocal object-server[97452]: ::1 - - [30/Nov/2025:00:40:54 +0000] "PUT /2/257312/AUTH_d7431f1b3e4b40fe8ff42eb83afd437e/gnocchi.fa6376c9-1942-4082-9388-a01c80e449af/none_v3" 201 - "PUT http://[::1]:8080/v1/AUTH_d7431f1b3e4b40fe8ff42eb83afd437e/gnocchi.fa6376c9-1942-4082-9388-a01c80e449af/none_v3" "tx1f8bb25df5444d7a99d95-00692b9296" "proxy-server 90232" 0.0138 "-" 97452 0
Nov 29 19:40:54 np0005539973.novalocal object-server[97453]: ::1 - - [30/Nov/2025:00:40:54 +0000] "PUT /3/257312/AUTH_d7431f1b3e4b40fe8ff42eb83afd437e/gnocchi.fa6376c9-1942-4082-9388-a01c80e449af/none_v3" 201 - "PUT http://[::1]:8080/v1/AUTH_d7431f1b3e4b40fe8ff42eb83afd437e/gnocchi.fa6376c9-1942-4082-9388-a01c80e449af/none_v3" "tx1f8bb25df5444d7a99d95-00692b9296" "proxy-server 90232" 0.0127 "-" 97453 0
Nov 29 19:40:54 np0005539973.novalocal proxy-server[90232]: ::1 ::1 30/Nov/2025/00/40/54 PUT /v1/AUTH_d7431f1b3e4b40fe8ff42eb83afd437e/gnocchi.fa6376c9-1942-4082-9388-a01c80e449af/none_v3 HTTP/1.0 201 - python-swiftclient-4.2.0 gAAAAABpK5KUbDSc... 22 - - tx1f8bb25df5444d7a99d95-00692b9296 - 0.0201 - - 1764463254.389443874 1764463254.409503460 0
Nov 29 19:40:54 np0005539973.novalocal object-server[97454]: ::1 - - [30/Nov/2025:00:40:54 +0000] "GET /1/247406/AUTH_d7431f1b3e4b40fe8ff42eb83afd437e/gnocchi.bcb68802-2c99-427b-b529-ebf98575f737/1763640000.0_mean_300.0_v3" 404 70 "GET http://[::1]:8080/v1/AUTH_d7431f1b3e4b40fe8ff42eb83afd437e/gnocchi.bcb68802-2c99-427b-b529-ebf98575f737/1763640000.0_mean_300.0_v3" "tx54e9fc407f1b47f7aa46f-00692b9296" "proxy-server 90231" 0.0003 "-" 97454 0
Nov 29 19:40:54 np0005539973.novalocal sshd[44906]: Timeout before authentication for connection from 115.190.91.2 to 38.102.83.18, pid = 102648
Nov 29 19:40:54 np0005539973.novalocal object-server[97453]: ::1 - - [30/Nov/2025:00:40:54 +0000] "GET /3/247406/AUTH_d7431f1b3e4b40fe8ff42eb83afd437e/gnocchi.bcb68802-2c99-427b-b529-ebf98575f737/1763640000.0_mean_300.0_v3" 404 70 "GET http://[::1]:8080/v1/AUTH_d7431f1b3e4b40fe8ff42eb83afd437e/gnocchi.bcb68802-2c99-427b-b529-ebf98575f737/1763640000.0_mean_300.0_v3" "tx54e9fc407f1b47f7aa46f-00692b9296" "proxy-server 90231" 0.0003 "-" 97453 0
Nov 29 19:40:54 np0005539973.novalocal object-server[97453]: ::1 - - [30/Nov/2025:00:40:54 +0000] "GET /2/247406/AUTH_d7431f1b3e4b40fe8ff42eb83afd437e/gnocchi.bcb68802-2c99-427b-b529-ebf98575f737/1763640000.0_mean_300.0_v3" 404 70 "GET http://[::1]:8080/v1/AUTH_d7431f1b3e4b40fe8ff42eb83afd437e/gnocchi.bcb68802-2c99-427b-b529-ebf98575f737/1763640000.0_mean_300.0_v3" "tx54e9fc407f1b47f7aa46f-00692b9296" "proxy-server 90231" 0.0005 "-" 97453 0
Nov 29 19:40:54 np0005539973.novalocal proxy-server[90231]: ::1 ::1 30/Nov/2025/00/40/54 GET /v1/AUTH_d7431f1b3e4b40fe8ff42eb83afd437e/gnocchi.bcb68802-2c99-427b-b529-ebf98575f737/1763640000.0_mean_300.0_v3 HTTP/1.0 404 - python-swiftclient-4.2.0 gAAAAABpK5KUEQfJ... - 70 - tx54e9fc407f1b47f7aa46f-00692b9296 - 0.0101 - - 1764463254.409246683 1764463254.419334888 0
Nov 29 19:40:54 np0005539973.novalocal container-server[97151]: ::1 - - [30/Nov/2025:00:40:54 +0000] "HEAD /1/183964/AUTH_d7431f1b3e4b40fe8ff42eb83afd437e/gnocchi.c84fb73f-90fa-4ce6-b982-b4bb9b29963a" 404 - "HEAD http://[::1]:8080/v1/AUTH_d7431f1b3e4b40fe8ff42eb83afd437e/gnocchi.c84fb73f-90fa-4ce6-b982-b4bb9b29963a?format=json&states=listing" "tx887ce61153af46f3ba00d-00692b9296" "proxy-server 90232" 0.0003 "-" 97151 0
Nov 29 19:40:54 np0005539973.novalocal container-server[97149]: ::1 - - [30/Nov/2025:00:40:54 +0000] "HEAD /3/183964/AUTH_d7431f1b3e4b40fe8ff42eb83afd437e/gnocchi.c84fb73f-90fa-4ce6-b982-b4bb9b29963a" 404 - "HEAD http://[::1]:8080/v1/AUTH_d7431f1b3e4b40fe8ff42eb83afd437e/gnocchi.c84fb73f-90fa-4ce6-b982-b4bb9b29963a?format=json&states=listing" "tx887ce61153af46f3ba00d-00692b9296" "proxy-server 90232" 0.0004 "-" 97149 0
Nov 29 19:40:54 np0005539973.novalocal container-server[97150]: ::1 - - [30/Nov/2025:00:40:54 +0000] "HEAD /2/183964/AUTH_d7431f1b3e4b40fe8ff42eb83afd437e/gnocchi.c84fb73f-90fa-4ce6-b982-b4bb9b29963a" 404 - "HEAD http://[::1]:8080/v1/AUTH_d7431f1b3e4b40fe8ff42eb83afd437e/gnocchi.c84fb73f-90fa-4ce6-b982-b4bb9b29963a?format=json&states=listing" "tx887ce61153af46f3ba00d-00692b9296" "proxy-server 90232" 0.0003 "-" 97150 0
Nov 29 19:40:54 np0005539973.novalocal object-server[97455]: ::1 - - [30/Nov/2025:00:40:54 +0000] "GET /1/44686/AUTH_d7431f1b3e4b40fe8ff42eb83afd437e/gnocchi.c84fb73f-90fa-4ce6-b982-b4bb9b29963a/none_v3" 404 70 "GET http://[::1]:8080/v1/AUTH_d7431f1b3e4b40fe8ff42eb83afd437e/gnocchi.c84fb73f-90fa-4ce6-b982-b4bb9b29963a/none_v3" "tx887ce61153af46f3ba00d-00692b9296" "proxy-server 90232" 0.0004 "-" 97455 0
Nov 29 19:40:54 np0005539973.novalocal container-server[97151]: ::1 - - [30/Nov/2025:00:40:54 +0000] "PUT /3/164207/AUTH_d7431f1b3e4b40fe8ff42eb83afd437e/gnocchi.bcb68802-2c99-427b-b529-ebf98575f737/1763640000.0_mean_300.0_v3" 201 - "PUT http://[::1]:8080/2/247406/AUTH_d7431f1b3e4b40fe8ff42eb83afd437e/gnocchi.bcb68802-2c99-427b-b529-ebf98575f737/1763640000.0_mean_300.0_v3" "txeee3793eab894a6da8a8b-00692b9296" "object-server 97453" 0.0004 "-" 97151 0
Nov 29 19:40:54 np0005539973.novalocal object-server[97453]: ::1 - - [30/Nov/2025:00:40:54 +0000] "PUT /2/247406/AUTH_d7431f1b3e4b40fe8ff42eb83afd437e/gnocchi.bcb68802-2c99-427b-b529-ebf98575f737/1763640000.0_mean_300.0_v3" 201 - "PUT http://[::1]:8080/v1/AUTH_d7431f1b3e4b40fe8ff42eb83afd437e/gnocchi.bcb68802-2c99-427b-b529-ebf98575f737/1763640000.0_mean_300.0_v3" "txeee3793eab894a6da8a8b-00692b9296" "proxy-server 90231" 0.0097 "-" 97453 0
Nov 29 19:40:54 np0005539973.novalocal container-server[97149]: ::1 - - [30/Nov/2025:00:40:54 +0000] "PUT /2/164207/AUTH_d7431f1b3e4b40fe8ff42eb83afd437e/gnocchi.bcb68802-2c99-427b-b529-ebf98575f737/1763640000.0_mean_300.0_v3" 201 - "PUT http://[::1]:8080/3/247406/AUTH_d7431f1b3e4b40fe8ff42eb83afd437e/gnocchi.bcb68802-2c99-427b-b529-ebf98575f737/1763640000.0_mean_300.0_v3" "txeee3793eab894a6da8a8b-00692b9296" "object-server 97453" 0.0007 "-" 97149 0
Nov 29 19:40:54 np0005539973.novalocal container-server[97148]: ::1 - - [30/Nov/2025:00:40:54 +0000] "PUT /1/164207/AUTH_d7431f1b3e4b40fe8ff42eb83afd437e/gnocchi.bcb68802-2c99-427b-b529-ebf98575f737/1763640000.0_mean_300.0_v3" 201 - "PUT http://[::1]:8080/1/247406/AUTH_d7431f1b3e4b40fe8ff42eb83afd437e/gnocchi.bcb68802-2c99-427b-b529-ebf98575f737/1763640000.0_mean_300.0_v3" "txeee3793eab894a6da8a8b-00692b9296" "object-server 97455" 0.0005 "-" 97148 0
Nov 29 19:40:54 np0005539973.novalocal object-server[97453]: ::1 - - [30/Nov/2025:00:40:54 +0000] "PUT /3/247406/AUTH_d7431f1b3e4b40fe8ff42eb83afd437e/gnocchi.bcb68802-2c99-427b-b529-ebf98575f737/1763640000.0_mean_300.0_v3" 201 - "PUT http://[::1]:8080/v1/AUTH_d7431f1b3e4b40fe8ff42eb83afd437e/gnocchi.bcb68802-2c99-427b-b529-ebf98575f737/1763640000.0_mean_300.0_v3" "txeee3793eab894a6da8a8b-00692b9296" "proxy-server 90231" 0.0131 "-" 97453 0
Nov 29 19:40:54 np0005539973.novalocal object-server[97455]: ::1 - - [30/Nov/2025:00:40:54 +0000] "PUT /1/247406/AUTH_d7431f1b3e4b40fe8ff42eb83afd437e/gnocchi.bcb68802-2c99-427b-b529-ebf98575f737/1763640000.0_mean_300.0_v3" 201 - "PUT http://[::1]:8080/v1/AUTH_d7431f1b3e4b40fe8ff42eb83afd437e/gnocchi.bcb68802-2c99-427b-b529-ebf98575f737/1763640000.0_mean_300.0_v3" "txeee3793eab894a6da8a8b-00692b9296" "proxy-server 90231" 0.0149 "-" 97455 0
Nov 29 19:40:54 np0005539973.novalocal proxy-server[90231]: ::1 ::1 30/Nov/2025/00/40/54 PUT /v1/AUTH_d7431f1b3e4b40fe8ff42eb83afd437e/gnocchi.bcb68802-2c99-427b-b529-ebf98575f737/1763640000.0_mean_300.0_v3 HTTP/1.0 201 - python-swiftclient-4.2.0 gAAAAABpK5KUEQfJ... 16 - - txeee3793eab894a6da8a8b-00692b9296 - 0.0218 - - 1764463254.421455383 1764463254.443217754 0
Nov 29 19:40:54 np0005539973.novalocal object-server[97452]: ::1 - - [30/Nov/2025:00:40:54 +0000] "GET /3/44686/AUTH_d7431f1b3e4b40fe8ff42eb83afd437e/gnocchi.c84fb73f-90fa-4ce6-b982-b4bb9b29963a/none_v3" 404 70 "GET http://[::1]:8080/v1/AUTH_d7431f1b3e4b40fe8ff42eb83afd437e/gnocchi.c84fb73f-90fa-4ce6-b982-b4bb9b29963a/none_v3" "tx887ce61153af46f3ba00d-00692b9296" "proxy-server 90232" 0.0004 "-" 97452 0
Nov 29 19:40:54 np0005539973.novalocal object-server[97452]: ::1 - - [30/Nov/2025:00:40:54 +0000] "GET /2/44686/AUTH_d7431f1b3e4b40fe8ff42eb83afd437e/gnocchi.c84fb73f-90fa-4ce6-b982-b4bb9b29963a/none_v3" 404 70 "GET http://[::1]:8080/v1/AUTH_d7431f1b3e4b40fe8ff42eb83afd437e/gnocchi.c84fb73f-90fa-4ce6-b982-b4bb9b29963a/none_v3" "tx887ce61153af46f3ba00d-00692b9296" "proxy-server 90232" 0.0003 "-" 97452 0
Nov 29 19:40:54 np0005539973.novalocal proxy-server[90232]: ::1 ::1 30/Nov/2025/00/40/54 GET /v1/AUTH_d7431f1b3e4b40fe8ff42eb83afd437e/gnocchi.c84fb73f-90fa-4ce6-b982-b4bb9b29963a/none_v3 HTTP/1.0 404 - python-swiftclient-4.2.0 gAAAAABpK5KUbDSc... - 70 - tx887ce61153af46f3ba00d-00692b9296 - 0.0295 - - 1764463254.418501139 1764463254.447964191 0
Nov 29 19:40:54 np0005539973.novalocal container-server[97149]: ::1 - - [30/Nov/2025:00:40:54 +0000] "PUT /3/164207/AUTH_d7431f1b3e4b40fe8ff42eb83afd437e/gnocchi.bcb68802-2c99-427b-b529-ebf98575f737/none_v3" 201 - "PUT http://[::1]:8080/2/104019/AUTH_d7431f1b3e4b40fe8ff42eb83afd437e/gnocchi.bcb68802-2c99-427b-b529-ebf98575f737/none_v3" "tx1755e04ad15d4d939c437-00692b9296" "object-server 97455" 0.0006 "-" 97149 0
Nov 29 19:40:54 np0005539973.novalocal container-server[97150]: ::1 - - [30/Nov/2025:00:40:54 +0000] "PUT /1/164207/AUTH_d7431f1b3e4b40fe8ff42eb83afd437e/gnocchi.bcb68802-2c99-427b-b529-ebf98575f737/none_v3" 201 - "PUT http://[::1]:8080/3/104019/AUTH_d7431f1b3e4b40fe8ff42eb83afd437e/gnocchi.bcb68802-2c99-427b-b529-ebf98575f737/none_v3" "tx1755e04ad15d4d939c437-00692b9296" "object-server 97452" 0.0004 "-" 97150 0
Nov 29 19:40:54 np0005539973.novalocal container-server[97149]: ::1 - - [30/Nov/2025:00:40:54 +0000] "PUT /2/164207/AUTH_d7431f1b3e4b40fe8ff42eb83afd437e/gnocchi.bcb68802-2c99-427b-b529-ebf98575f737/none_v3" 201 - "PUT http://[::1]:8080/1/104019/AUTH_d7431f1b3e4b40fe8ff42eb83afd437e/gnocchi.bcb68802-2c99-427b-b529-ebf98575f737/none_v3" "tx1755e04ad15d4d939c437-00692b9296" "object-server 97453" 0.0003 "-" 97149 0
Nov 29 19:40:54 np0005539973.novalocal object-server[97455]: ::1 - - [30/Nov/2025:00:40:54 +0000] "PUT /2/104019/AUTH_d7431f1b3e4b40fe8ff42eb83afd437e/gnocchi.bcb68802-2c99-427b-b529-ebf98575f737/none_v3" 201 - "PUT http://[::1]:8080/v1/AUTH_d7431f1b3e4b40fe8ff42eb83afd437e/gnocchi.bcb68802-2c99-427b-b529-ebf98575f737/none_v3" "tx1755e04ad15d4d939c437-00692b9296" "proxy-server 90231" 0.0199 "-" 97455 0
Nov 29 19:40:54 np0005539973.novalocal object-server[97452]: ::1 - - [30/Nov/2025:00:40:54 +0000] "PUT /3/104019/AUTH_d7431f1b3e4b40fe8ff42eb83afd437e/gnocchi.bcb68802-2c99-427b-b529-ebf98575f737/none_v3" 201 - "PUT http://[::1]:8080/v1/AUTH_d7431f1b3e4b40fe8ff42eb83afd437e/gnocchi.bcb68802-2c99-427b-b529-ebf98575f737/none_v3" "tx1755e04ad15d4d939c437-00692b9296" "proxy-server 90231" 0.0193 "-" 97452 0
Nov 29 19:40:54 np0005539973.novalocal object-server[97453]: ::1 - - [30/Nov/2025:00:40:54 +0000] "PUT /1/104019/AUTH_d7431f1b3e4b40fe8ff42eb83afd437e/gnocchi.bcb68802-2c99-427b-b529-ebf98575f737/none_v3" 201 - "PUT http://[::1]:8080/v1/AUTH_d7431f1b3e4b40fe8ff42eb83afd437e/gnocchi.bcb68802-2c99-427b-b529-ebf98575f737/none_v3" "tx1755e04ad15d4d939c437-00692b9296" "proxy-server 90231" 0.0199 "-" 97453 0
Nov 29 19:40:54 np0005539973.novalocal proxy-server[90231]: ::1 ::1 30/Nov/2025/00/40/54 PUT /v1/AUTH_d7431f1b3e4b40fe8ff42eb83afd437e/gnocchi.bcb68802-2c99-427b-b529-ebf98575f737/none_v3 HTTP/1.0 201 - python-swiftclient-4.2.0 gAAAAABpK5KUEQfJ... 22 - - tx1755e04ad15d4d939c437-00692b9296 - 0.0263 - - 1764463254.445592642 1764463254.471864939 0
Nov 29 19:40:54 np0005539973.novalocal account-server[96856]: ::1 - - [30/Nov/2025:00:40:54 +0000] "PUT /2/39192/AUTH_d7431f1b3e4b40fe8ff42eb83afd437e/gnocchi.c84fb73f-90fa-4ce6-b982-b4bb9b29963a" 201 - "PUT http://[::1]:6001/2/183964/AUTH_d7431f1b3e4b40fe8ff42eb83afd437e/gnocchi.c84fb73f-90fa-4ce6-b982-b4bb9b29963a" "tx6bb7334e89484233afb8c-00692b9296" "container-server 97148" 0.0091 "-" 96856 0
Nov 29 19:40:54 np0005539973.novalocal account-server[96855]: ::1 - - [30/Nov/2025:00:40:54 +0000] "PUT /1/39192/AUTH_d7431f1b3e4b40fe8ff42eb83afd437e/gnocchi.c84fb73f-90fa-4ce6-b982-b4bb9b29963a" 201 - "PUT http://[::1]:6001/3/183964/AUTH_d7431f1b3e4b40fe8ff42eb83afd437e/gnocchi.c84fb73f-90fa-4ce6-b982-b4bb9b29963a" "tx6bb7334e89484233afb8c-00692b9296" "container-server 97149" 0.0080 "-" 96855 0
Nov 29 19:40:54 np0005539973.novalocal container-server[97148]: ::1 - - [30/Nov/2025:00:40:54 +0000] "PUT /2/183964/AUTH_d7431f1b3e4b40fe8ff42eb83afd437e/gnocchi.c84fb73f-90fa-4ce6-b982-b4bb9b29963a" 201 - "PUT http://[::1]:8080/v1/AUTH_d7431f1b3e4b40fe8ff42eb83afd437e/gnocchi.c84fb73f-90fa-4ce6-b982-b4bb9b29963a" "tx6bb7334e89484233afb8c-00692b9296" "proxy-server 90232" 0.0197 "-" 97148 0
Nov 29 19:40:54 np0005539973.novalocal container-server[97149]: ::1 - - [30/Nov/2025:00:40:54 +0000] "PUT /3/183964/AUTH_d7431f1b3e4b40fe8ff42eb83afd437e/gnocchi.c84fb73f-90fa-4ce6-b982-b4bb9b29963a" 201 - "PUT http://[::1]:8080/v1/AUTH_d7431f1b3e4b40fe8ff42eb83afd437e/gnocchi.c84fb73f-90fa-4ce6-b982-b4bb9b29963a" "tx6bb7334e89484233afb8c-00692b9296" "proxy-server 90232" 0.0193 "-" 97149 0
Nov 29 19:40:54 np0005539973.novalocal account-server[96856]: ::1 - - [30/Nov/2025:00:40:54 +0000] "PUT /3/39192/AUTH_d7431f1b3e4b40fe8ff42eb83afd437e/gnocchi.c84fb73f-90fa-4ce6-b982-b4bb9b29963a" 201 - "PUT http://[::1]:6001/1/183964/AUTH_d7431f1b3e4b40fe8ff42eb83afd437e/gnocchi.c84fb73f-90fa-4ce6-b982-b4bb9b29963a" "tx6bb7334e89484233afb8c-00692b9296" "container-server 97150" 0.0049 "-" 96856 0
Nov 29 19:40:54 np0005539973.novalocal container-server[97150]: ::1 - - [30/Nov/2025:00:40:54 +0000] "PUT /1/183964/AUTH_d7431f1b3e4b40fe8ff42eb83afd437e/gnocchi.c84fb73f-90fa-4ce6-b982-b4bb9b29963a" 201 - "PUT http://[::1]:8080/v1/AUTH_d7431f1b3e4b40fe8ff42eb83afd437e/gnocchi.c84fb73f-90fa-4ce6-b982-b4bb9b29963a" "tx6bb7334e89484233afb8c-00692b9296" "proxy-server 90232" 0.0252 "-" 97150 0
Nov 29 19:40:54 np0005539973.novalocal proxy-server[90232]: ::1 ::1 30/Nov/2025/00/40/54 PUT /v1/AUTH_d7431f1b3e4b40fe8ff42eb83afd437e/gnocchi.c84fb73f-90fa-4ce6-b982-b4bb9b29963a HTTP/1.0 201 - python-swiftclient-4.2.0 gAAAAABpK5KUbDSc... - - - tx6bb7334e89484233afb8c-00692b9296 - 0.0346 - - 1764463254.450597525 1764463254.485179186 0
Nov 29 19:40:54 np0005539973.novalocal container-server[97148]: ::1 - - [30/Nov/2025:00:40:54 +0000] "HEAD /3/183964/AUTH_d7431f1b3e4b40fe8ff42eb83afd437e/gnocchi.c84fb73f-90fa-4ce6-b982-b4bb9b29963a" 204 - "HEAD http://[::1]:8080/v1/AUTH_d7431f1b3e4b40fe8ff42eb83afd437e/gnocchi.c84fb73f-90fa-4ce6-b982-b4bb9b29963a?format=json&states=listing" "tx45bd1e91bca04f678114c-00692b9296" "proxy-server 90232" 0.0018 "-" 97148 0
Nov 29 19:40:54 np0005539973.novalocal container-server[97151]: ::1 - - [30/Nov/2025:00:40:54 +0000] "HEAD /1/127193/AUTH_d7431f1b3e4b40fe8ff42eb83afd437e/gnocchi.1eae07ef-250e-4fe2-a029-66efd3a1bd45" 404 - "HEAD http://[::1]:8080/v1/AUTH_d7431f1b3e4b40fe8ff42eb83afd437e/gnocchi.1eae07ef-250e-4fe2-a029-66efd3a1bd45?format=json&states=listing" "tx9690dabce9bc40b6a363a-00692b9296" "proxy-server 90231" 0.0004 "-" 97151 0
Nov 29 19:40:54 np0005539973.novalocal container-server[97149]: ::1 - - [30/Nov/2025:00:40:54 +0000] "HEAD /2/127193/AUTH_d7431f1b3e4b40fe8ff42eb83afd437e/gnocchi.1eae07ef-250e-4fe2-a029-66efd3a1bd45" 404 - "HEAD http://[::1]:8080/v1/AUTH_d7431f1b3e4b40fe8ff42eb83afd437e/gnocchi.1eae07ef-250e-4fe2-a029-66efd3a1bd45?format=json&states=listing" "tx9690dabce9bc40b6a363a-00692b9296" "proxy-server 90231" 0.0004 "-" 97149 0
Nov 29 19:40:54 np0005539973.novalocal container-server[97150]: ::1 - - [30/Nov/2025:00:40:54 +0000] "GET /3/183964/AUTH_d7431f1b3e4b40fe8ff42eb83afd437e/gnocchi.c84fb73f-90fa-4ce6-b982-b4bb9b29963a" 200 2 "GET http://[::1]:8080/v1/AUTH_d7431f1b3e4b40fe8ff42eb83afd437e/gnocchi.c84fb73f-90fa-4ce6-b982-b4bb9b29963a?format=json&states=listing" "tx45bd1e91bca04f678114c-00692b9296" "proxy-server 90232" 0.0027 "-" 97150 0
Nov 29 19:40:54 np0005539973.novalocal container-server[97149]: ::1 - - [30/Nov/2025:00:40:54 +0000] "HEAD /3/127193/AUTH_d7431f1b3e4b40fe8ff42eb83afd437e/gnocchi.1eae07ef-250e-4fe2-a029-66efd3a1bd45" 404 - "HEAD http://[::1]:8080/v1/AUTH_d7431f1b3e4b40fe8ff42eb83afd437e/gnocchi.1eae07ef-250e-4fe2-a029-66efd3a1bd45?format=json&states=listing" "tx9690dabce9bc40b6a363a-00692b9296" "proxy-server 90231" 0.0002 "-" 97149 0
