Nov 29 19:40:54 np0005539973.novalocal account-server[96857]: ::1 - - [30/Nov/2025:00:40:54 +0000] "PUT /1/39192/AUTH_d7431f1b3e4b40fe8ff42eb83afd437e/gnocchi.3f7ce5b1-b0f1-47e6-91e9-2060a1566ffa" 201 - "PUT http://[::1]:6001/1/218653/AUTH_d7431f1b3e4b40fe8ff42eb83afd437e/gnocchi.3f7ce5b1-b0f1-47e6-91e9-2060a1566ffa" "tx1ffa12e53eb2496db14d7-00692b9296" "container-server 97149" 0.0076 "-" 96857 0
Nov 29 19:40:54 np0005539973.novalocal container-server[97149]: ::1 - - [30/Nov/2025:00:40:54 +0000] "PUT /1/218653/AUTH_d7431f1b3e4b40fe8ff42eb83afd437e/gnocchi.3f7ce5b1-b0f1-47e6-91e9-2060a1566ffa" 201 - "PUT http://[::1]:8080/v1/AUTH_d7431f1b3e4b40fe8ff42eb83afd437e/gnocchi.3f7ce5b1-b0f1-47e6-91e9-2060a1566ffa" "tx1ffa12e53eb2496db14d7-00692b9296" "proxy-server 90232" 0.0191 "-" 97149 0
Nov 29 19:40:54 np0005539973.novalocal container-server[97150]: ::1 - - [30/Nov/2025:00:40:54 +0000] "PUT /1/191332/AUTH_d7431f1b3e4b40fe8ff42eb83afd437e/gnocchi.487fcbb7-7e5f-4f1d-982e-e73469e85047/none_v3" 201 - "PUT http://[::1]:8080/2/132033/AUTH_d7431f1b3e4b40fe8ff42eb83afd437e/gnocchi.487fcbb7-7e5f-4f1d-982e-e73469e85047/none_v3" "txa73860423d7a4c219497c-00692b9296" "object-server 97455" 0.0004 "-" 97150 0
Nov 29 19:40:54 np0005539973.novalocal object-server[97455]: ::1 - - [30/Nov/2025:00:40:54 +0000] "PUT /2/132033/AUTH_d7431f1b3e4b40fe8ff42eb83afd437e/gnocchi.487fcbb7-7e5f-4f1d-982e-e73469e85047/none_v3" 201 - "PUT http://[::1]:8080/v1/AUTH_d7431f1b3e4b40fe8ff42eb83afd437e/gnocchi.487fcbb7-7e5f-4f1d-982e-e73469e85047/none_v3" "txa73860423d7a4c219497c-00692b9296" "proxy-server 90231" 0.0284 "-" 97455 0
Nov 29 19:40:54 np0005539973.novalocal container-server[97150]: ::1 - - [30/Nov/2025:00:40:54 +0000] "PUT /2/191332/AUTH_d7431f1b3e4b40fe8ff42eb83afd437e/gnocchi.487fcbb7-7e5f-4f1d-982e-e73469e85047/none_v3" 201 - "PUT http://[::1]:8080/1/132033/AUTH_d7431f1b3e4b40fe8ff42eb83afd437e/gnocchi.487fcbb7-7e5f-4f1d-982e-e73469e85047/none_v3" "txa73860423d7a4c219497c-00692b9296" "object-server 97454" 0.0004 "-" 97150 0
Nov 29 19:40:54 np0005539973.novalocal object-server[97454]: ::1 - - [30/Nov/2025:00:40:54 +0000] "PUT /1/132033/AUTH_d7431f1b3e4b40fe8ff42eb83afd437e/gnocchi.487fcbb7-7e5f-4f1d-982e-e73469e85047/none_v3" 201 - "PUT http://[::1]:8080/v1/AUTH_d7431f1b3e4b40fe8ff42eb83afd437e/gnocchi.487fcbb7-7e5f-4f1d-982e-e73469e85047/none_v3" "txa73860423d7a4c219497c-00692b9296" "proxy-server 90231" 0.0298 "-" 97454 0
Nov 29 19:40:54 np0005539973.novalocal account-server[96858]: ::1 - - [30/Nov/2025:00:40:54 +0000] "PUT /2/39192/AUTH_d7431f1b3e4b40fe8ff42eb83afd437e/gnocchi.3f7ce5b1-b0f1-47e6-91e9-2060a1566ffa" 201 - "PUT http://[::1]:6001/2/218653/AUTH_d7431f1b3e4b40fe8ff42eb83afd437e/gnocchi.3f7ce5b1-b0f1-47e6-91e9-2060a1566ffa" "tx1ffa12e53eb2496db14d7-00692b9296" "container-server 97150" 0.0038 "-" 96858 0
Nov 29 19:40:54 np0005539973.novalocal container-server[97150]: ::1 - - [30/Nov/2025:00:40:54 +0000] "PUT /3/191332/AUTH_d7431f1b3e4b40fe8ff42eb83afd437e/gnocchi.487fcbb7-7e5f-4f1d-982e-e73469e85047/none_v3" 201 - "PUT http://[::1]:8080/3/132033/AUTH_d7431f1b3e4b40fe8ff42eb83afd437e/gnocchi.487fcbb7-7e5f-4f1d-982e-e73469e85047/none_v3" "txa73860423d7a4c219497c-00692b9296" "object-server 97454" 0.0023 "-" 97150 0
Nov 29 19:40:54 np0005539973.novalocal object-server[97454]: ::1 - - [30/Nov/2025:00:40:54 +0000] "PUT /3/132033/AUTH_d7431f1b3e4b40fe8ff42eb83afd437e/gnocchi.487fcbb7-7e5f-4f1d-982e-e73469e85047/none_v3" 201 - "PUT http://[::1]:8080/v1/AUTH_d7431f1b3e4b40fe8ff42eb83afd437e/gnocchi.487fcbb7-7e5f-4f1d-982e-e73469e85047/none_v3" "txa73860423d7a4c219497c-00692b9296" "proxy-server 90231" 0.0310 "-" 97454 0
Nov 29 19:40:54 np0005539973.novalocal proxy-server[90231]: ::1 ::1 30/Nov/2025/00/40/54 PUT /v1/AUTH_d7431f1b3e4b40fe8ff42eb83afd437e/gnocchi.487fcbb7-7e5f-4f1d-982e-e73469e85047/none_v3 HTTP/1.0 201 - python-swiftclient-4.2.0 gAAAAABpK5KUEQfJ... 22 - - txa73860423d7a4c219497c-00692b9296 - 0.0394 - - 1764463254.820465565 1764463254.859836102 0
Nov 29 19:40:54 np0005539973.novalocal container-server[97150]: ::1 - - [30/Nov/2025:00:40:54 +0000] "PUT /2/218653/AUTH_d7431f1b3e4b40fe8ff42eb83afd437e/gnocchi.3f7ce5b1-b0f1-47e6-91e9-2060a1566ffa" 201 - "PUT http://[::1]:8080/v1/AUTH_d7431f1b3e4b40fe8ff42eb83afd437e/gnocchi.3f7ce5b1-b0f1-47e6-91e9-2060a1566ffa" "tx1ffa12e53eb2496db14d7-00692b9296" "proxy-server 90232" 0.0285 "-" 97150 0
Nov 29 19:40:54 np0005539973.novalocal account-server[96857]: ::1 - - [30/Nov/2025:00:40:54 +0000] "PUT /3/39192/AUTH_d7431f1b3e4b40fe8ff42eb83afd437e/gnocchi.3f7ce5b1-b0f1-47e6-91e9-2060a1566ffa" 201 - "PUT http://[::1]:6001/3/218653/AUTH_d7431f1b3e4b40fe8ff42eb83afd437e/gnocchi.3f7ce5b1-b0f1-47e6-91e9-2060a1566ffa" "tx1ffa12e53eb2496db14d7-00692b9296" "container-server 97150" 0.0068 "-" 96857 0
Nov 29 19:40:54 np0005539973.novalocal container-server[97150]: ::1 - - [30/Nov/2025:00:40:54 +0000] "PUT /3/218653/AUTH_d7431f1b3e4b40fe8ff42eb83afd437e/gnocchi.3f7ce5b1-b0f1-47e6-91e9-2060a1566ffa" 201 - "PUT http://[::1]:8080/v1/AUTH_d7431f1b3e4b40fe8ff42eb83afd437e/gnocchi.3f7ce5b1-b0f1-47e6-91e9-2060a1566ffa" "tx1ffa12e53eb2496db14d7-00692b9296" "proxy-server 90232" 0.0235 "-" 97150 0
Nov 29 19:40:54 np0005539973.novalocal proxy-server[90232]: ::1 ::1 30/Nov/2025/00/40/54 PUT /v1/AUTH_d7431f1b3e4b40fe8ff42eb83afd437e/gnocchi.3f7ce5b1-b0f1-47e6-91e9-2060a1566ffa HTTP/1.0 201 - python-swiftclient-4.2.0 gAAAAABpK5KUbDSc... - - - tx1ffa12e53eb2496db14d7-00692b9296 - 0.0445 - - 1764463254.825408459 1764463254.869874716 0
Nov 29 19:40:54 np0005539973.novalocal container-server[97150]: ::1 - - [30/Nov/2025:00:40:54 +0000] "HEAD /1/218653/AUTH_d7431f1b3e4b40fe8ff42eb83afd437e/gnocchi.3f7ce5b1-b0f1-47e6-91e9-2060a1566ffa" 204 - "HEAD http://[::1]:8080/v1/AUTH_d7431f1b3e4b40fe8ff42eb83afd437e/gnocchi.3f7ce5b1-b0f1-47e6-91e9-2060a1566ffa?format=json&states=listing" "txf6150eb5d13c4f2288911-00692b9296" "proxy-server 90232" 0.0016 "-" 97150 0
Nov 29 19:40:54 np0005539973.novalocal object-server[97455]: ::1 - - [30/Nov/2025:00:40:54 +0000] "GET /2/27185/AUTH_d7431f1b3e4b40fe8ff42eb83afd437e/gnocchi.bf887d10-cf90-4b2f-9cd6-a9eda09c53cc/none_v3" 200 22 "GET http://[::1]:8080/v1/AUTH_d7431f1b3e4b40fe8ff42eb83afd437e/gnocchi.bf887d10-cf90-4b2f-9cd6-a9eda09c53cc/none_v3" "txdc984aff843043068904c-00692b9296" "proxy-server 90231" 0.0007 "-" 97455 0
Nov 29 19:40:54 np0005539973.novalocal proxy-server[90231]: ::1 ::1 30/Nov/2025/00/40/54 GET /v1/AUTH_d7431f1b3e4b40fe8ff42eb83afd437e/gnocchi.bf887d10-cf90-4b2f-9cd6-a9eda09c53cc/none_v3 HTTP/1.0 200 - python-swiftclient-4.2.0 gAAAAABpK5KUEQfJ... - 22 - txdc984aff843043068904c-00692b9296 - 0.0075 - - 1764463254.875535965 1764463254.883013010 0
Nov 29 19:40:54 np0005539973.novalocal container-server[97148]: ::1 - - [30/Nov/2025:00:40:54 +0000] "GET /2/218653/AUTH_d7431f1b3e4b40fe8ff42eb83afd437e/gnocchi.3f7ce5b1-b0f1-47e6-91e9-2060a1566ffa" 200 2 "GET http://[::1]:8080/v1/AUTH_d7431f1b3e4b40fe8ff42eb83afd437e/gnocchi.3f7ce5b1-b0f1-47e6-91e9-2060a1566ffa?format=json&states=listing" "txf6150eb5d13c4f2288911-00692b9296" "proxy-server 90232" 0.0023 "-" 97148 0
Nov 29 19:40:54 np0005539973.novalocal proxy-server[90232]: ::1 ::1 30/Nov/2025/00/40/54 GET /v1/AUTH_d7431f1b3e4b40fe8ff42eb83afd437e/gnocchi.3f7ce5b1-b0f1-47e6-91e9-2060a1566ffa%3Fformat%3Djson%26states%3Dlisting HTTP/1.0 200 - python-swiftclient-4.2.0 gAAAAABpK5KUbDSc... - 2 - txf6150eb5d13c4f2288911-00692b9296 - 0.0198 - - 1764463254.872785330 1764463254.892556190 0
Nov 29 19:40:54 np0005539973.novalocal object-server[97452]: ::1 - - [30/Nov/2025:00:40:54 +0000] "GET /2/10080/AUTH_d7431f1b3e4b40fe8ff42eb83afd437e/gnocchi.3f7ce5b1-b0f1-47e6-91e9-2060a1566ffa/1763640000.0_mean_300.0_v3" 404 70 "GET http://[::1]:8080/v1/AUTH_d7431f1b3e4b40fe8ff42eb83afd437e/gnocchi.3f7ce5b1-b0f1-47e6-91e9-2060a1566ffa/1763640000.0_mean_300.0_v3" "tx765e3a12807746db86f9b-00692b9296" "proxy-server 90232" 0.0004 "-" 97452 0
Nov 29 19:40:54 np0005539973.novalocal object-server[97452]: ::1 - - [30/Nov/2025:00:40:54 +0000] "GET /3/10080/AUTH_d7431f1b3e4b40fe8ff42eb83afd437e/gnocchi.3f7ce5b1-b0f1-47e6-91e9-2060a1566ffa/1763640000.0_mean_300.0_v3" 404 70 "GET http://[::1]:8080/v1/AUTH_d7431f1b3e4b40fe8ff42eb83afd437e/gnocchi.3f7ce5b1-b0f1-47e6-91e9-2060a1566ffa/1763640000.0_mean_300.0_v3" "tx765e3a12807746db86f9b-00692b9296" "proxy-server 90232" 0.0003 "-" 97452 0
Nov 29 19:40:54 np0005539973.novalocal object-server[97453]: ::1 - - [30/Nov/2025:00:40:54 +0000] "GET /1/10080/AUTH_d7431f1b3e4b40fe8ff42eb83afd437e/gnocchi.3f7ce5b1-b0f1-47e6-91e9-2060a1566ffa/1763640000.0_mean_300.0_v3" 404 70 "GET http://[::1]:8080/v1/AUTH_d7431f1b3e4b40fe8ff42eb83afd437e/gnocchi.3f7ce5b1-b0f1-47e6-91e9-2060a1566ffa/1763640000.0_mean_300.0_v3" "tx765e3a12807746db86f9b-00692b9296" "proxy-server 90232" 0.0004 "-" 97453 0
Nov 29 19:40:54 np0005539973.novalocal proxy-server[90232]: ::1 ::1 30/Nov/2025/00/40/54 GET /v1/AUTH_d7431f1b3e4b40fe8ff42eb83afd437e/gnocchi.3f7ce5b1-b0f1-47e6-91e9-2060a1566ffa/1763640000.0_mean_300.0_v3 HTTP/1.0 404 - python-swiftclient-4.2.0 gAAAAABpK5KUbDSc... - 70 - tx765e3a12807746db86f9b-00692b9296 - 0.0145 - - 1764463254.896354675 1764463254.910825253 0
Nov 29 19:40:54 np0005539973.novalocal container-server[97149]: ::1 - - [30/Nov/2025:00:40:54 +0000] "GET /2/250907/AUTH_d7431f1b3e4b40fe8ff42eb83afd437e/gnocchi.bf887d10-cf90-4b2f-9cd6-a9eda09c53cc" 200 357 "GET http://[::1]:8080/v1/AUTH_d7431f1b3e4b40fe8ff42eb83afd437e/gnocchi.bf887d10-cf90-4b2f-9cd6-a9eda09c53cc?format=json&states=listing" "txcedf192c4bf146d5b418c-00692b9296" "proxy-server 90231" 0.0242 "-" 97149 0
Nov 29 19:40:54 np0005539973.novalocal proxy-server[90231]: ::1 ::1 30/Nov/2025/00/40/54 GET /v1/AUTH_d7431f1b3e4b40fe8ff42eb83afd437e/gnocchi.bf887d10-cf90-4b2f-9cd6-a9eda09c53cc%3Fformat%3Djson%26states%3Dlisting HTTP/1.0 200 - python-swiftclient-4.2.0 gAAAAABpK5KUEQfJ... - 357 - txcedf192c4bf146d5b418c-00692b9296 - 0.0331 - - 1764463254.887633562 1764463254.920702696 0
Nov 29 19:40:54 np0005539973.novalocal container-server[97148]: ::1 - - [30/Nov/2025:00:40:54 +0000] "GET /2/250907/AUTH_d7431f1b3e4b40fe8ff42eb83afd437e/gnocchi.bf887d10-cf90-4b2f-9cd6-a9eda09c53cc" 200 2 "GET http://[::1]:8080/v1/AUTH_d7431f1b3e4b40fe8ff42eb83afd437e/gnocchi.bf887d10-cf90-4b2f-9cd6-a9eda09c53cc?format=json&marker=none_v3&states=listing" "txa4cf4c48bec6491fbaa2c-00692b9296" "proxy-server 90231" 0.0020 "-" 97148 0
Nov 29 19:40:54 np0005539973.novalocal container-server[97149]: ::1 - - [30/Nov/2025:00:40:54 +0000] "PUT /1/218653/AUTH_d7431f1b3e4b40fe8ff42eb83afd437e/gnocchi.3f7ce5b1-b0f1-47e6-91e9-2060a1566ffa/1763640000.0_mean_300.0_v3" 201 - "PUT http://[::1]:8080/2/10080/AUTH_d7431f1b3e4b40fe8ff42eb83afd437e/gnocchi.3f7ce5b1-b0f1-47e6-91e9-2060a1566ffa/1763640000.0_mean_300.0_v3" "txca9d49a480c04e388d19e-00692b9296" "object-server 97453" 0.0004 "-" 97149 0
Nov 29 19:40:54 np0005539973.novalocal container-server[97150]: ::1 - - [30/Nov/2025:00:40:54 +0000] "PUT /2/218653/AUTH_d7431f1b3e4b40fe8ff42eb83afd437e/gnocchi.3f7ce5b1-b0f1-47e6-91e9-2060a1566ffa/1763640000.0_mean_300.0_v3" 201 - "PUT http://[::1]:8080/3/10080/AUTH_d7431f1b3e4b40fe8ff42eb83afd437e/gnocchi.3f7ce5b1-b0f1-47e6-91e9-2060a1566ffa/1763640000.0_mean_300.0_v3" "txca9d49a480c04e388d19e-00692b9296" "object-server 97454" 0.0004 "-" 97150 0
Nov 29 19:40:54 np0005539973.novalocal proxy-server[90231]: ::1 ::1 30/Nov/2025/00/40/54 GET /v1/AUTH_d7431f1b3e4b40fe8ff42eb83afd437e/gnocchi.bf887d10-cf90-4b2f-9cd6-a9eda09c53cc%3Fformat%3Djson%26marker%3Dnone_v3%26states%3Dlisting HTTP/1.0 200 - python-swiftclient-4.2.0 gAAAAABpK5KUEQfJ... - 2 - txa4cf4c48bec6491fbaa2c-00692b9296 - 0.0094 - - 1764463254.924305201 1764463254.933701515 0
Nov 29 19:40:54 np0005539973.novalocal object-server[97454]: ::1 - - [30/Nov/2025:00:40:54 +0000] "PUT /3/10080/AUTH_d7431f1b3e4b40fe8ff42eb83afd437e/gnocchi.3f7ce5b1-b0f1-47e6-91e9-2060a1566ffa/1763640000.0_mean_300.0_v3" 201 - "PUT http://[::1]:8080/v1/AUTH_d7431f1b3e4b40fe8ff42eb83afd437e/gnocchi.3f7ce5b1-b0f1-47e6-91e9-2060a1566ffa/1763640000.0_mean_300.0_v3" "txca9d49a480c04e388d19e-00692b9296" "proxy-server 90232" 0.0125 "-" 97454 0
Nov 29 19:40:54 np0005539973.novalocal container-server[97149]: ::1 - - [30/Nov/2025:00:40:54 +0000] "PUT /3/218653/AUTH_d7431f1b3e4b40fe8ff42eb83afd437e/gnocchi.3f7ce5b1-b0f1-47e6-91e9-2060a1566ffa/1763640000.0_mean_300.0_v3" 201 - "PUT http://[::1]:8080/1/10080/AUTH_d7431f1b3e4b40fe8ff42eb83afd437e/gnocchi.3f7ce5b1-b0f1-47e6-91e9-2060a1566ffa/1763640000.0_mean_300.0_v3" "txca9d49a480c04e388d19e-00692b9296" "object-server 97455" 0.0003 "-" 97149 0
Nov 29 19:40:54 np0005539973.novalocal object-server[97453]: ::1 - - [30/Nov/2025:00:40:54 +0000] "PUT /2/10080/AUTH_d7431f1b3e4b40fe8ff42eb83afd437e/gnocchi.3f7ce5b1-b0f1-47e6-91e9-2060a1566ffa/1763640000.0_mean_300.0_v3" 201 - "PUT http://[::1]:8080/v1/AUTH_d7431f1b3e4b40fe8ff42eb83afd437e/gnocchi.3f7ce5b1-b0f1-47e6-91e9-2060a1566ffa/1763640000.0_mean_300.0_v3" "txca9d49a480c04e388d19e-00692b9296" "proxy-server 90232" 0.0135 "-" 97453 0
Nov 29 19:40:54 np0005539973.novalocal object-server[97455]: ::1 - - [30/Nov/2025:00:40:54 +0000] "PUT /1/10080/AUTH_d7431f1b3e4b40fe8ff42eb83afd437e/gnocchi.3f7ce5b1-b0f1-47e6-91e9-2060a1566ffa/1763640000.0_mean_300.0_v3" 201 - "PUT http://[::1]:8080/v1/AUTH_d7431f1b3e4b40fe8ff42eb83afd437e/gnocchi.3f7ce5b1-b0f1-47e6-91e9-2060a1566ffa/1763640000.0_mean_300.0_v3" "txca9d49a480c04e388d19e-00692b9296" "proxy-server 90232" 0.0123 "-" 97455 0
Nov 29 19:40:54 np0005539973.novalocal proxy-server[90232]: ::1 ::1 30/Nov/2025/00/40/54 PUT /v1/AUTH_d7431f1b3e4b40fe8ff42eb83afd437e/gnocchi.3f7ce5b1-b0f1-47e6-91e9-2060a1566ffa/1763640000.0_mean_300.0_v3 HTTP/1.0 201 - python-swiftclient-4.2.0 gAAAAABpK5KUbDSc... 16 - - txca9d49a480c04e388d19e-00692b9296 - 0.0227 - - 1764463254.914146662 1764463254.936830997 0
Nov 29 19:40:54 np0005539973.novalocal object-server[97452]: ::1 - - [30/Nov/2025:00:40:54 +0000] "GET /2/174772/AUTH_d7431f1b3e4b40fe8ff42eb83afd437e/gnocchi.bf887d10-cf90-4b2f-9cd6-a9eda09c53cc/1763640000.0_mean_300.0_v3" 200 16 "GET http://[::1]:8080/v1/AUTH_d7431f1b3e4b40fe8ff42eb83afd437e/gnocchi.bf887d10-cf90-4b2f-9cd6-a9eda09c53cc/1763640000.0_mean_300.0_v3" "txb74cc38f72ab47bc994ae-00692b9296" "proxy-server 90231" 0.0017 "-" 97452 0
Nov 29 19:40:54 np0005539973.novalocal proxy-server[90231]: ::1 ::1 30/Nov/2025/00/40/54 GET /v1/AUTH_d7431f1b3e4b40fe8ff42eb83afd437e/gnocchi.bf887d10-cf90-4b2f-9cd6-a9eda09c53cc/1763640000.0_mean_300.0_v3 HTTP/1.0 200 - python-swiftclient-4.2.0 gAAAAABpK5KUEQfJ... - 16 - txb74cc38f72ab47bc994ae-00692b9296 - 0.0077 - - 1764463254.943827391 1764463254.951482058 0
Nov 29 19:40:54 np0005539973.novalocal container-server[97149]: ::1 - - [30/Nov/2025:00:40:54 +0000] "PUT /3/218653/AUTH_d7431f1b3e4b40fe8ff42eb83afd437e/gnocchi.3f7ce5b1-b0f1-47e6-91e9-2060a1566ffa/none_v3" 201 - "PUT http://[::1]:8080/1/117706/AUTH_d7431f1b3e4b40fe8ff42eb83afd437e/gnocchi.3f7ce5b1-b0f1-47e6-91e9-2060a1566ffa/none_v3" "tx6e0919f2299f4064b4f52-00692b9296" "object-server 97454" 0.0004 "-" 97149 0
Nov 29 19:40:54 np0005539973.novalocal container-server[97151]: ::1 - - [30/Nov/2025:00:40:54 +0000] "PUT /1/218653/AUTH_d7431f1b3e4b40fe8ff42eb83afd437e/gnocchi.3f7ce5b1-b0f1-47e6-91e9-2060a1566ffa/none_v3" 201 - "PUT http://[::1]:8080/2/117706/AUTH_d7431f1b3e4b40fe8ff42eb83afd437e/gnocchi.3f7ce5b1-b0f1-47e6-91e9-2060a1566ffa/none_v3" "tx6e0919f2299f4064b4f52-00692b9296" "object-server 97455" 0.0007 "-" 97151 0
Nov 29 19:40:54 np0005539973.novalocal object-server[97454]: ::1 - - [30/Nov/2025:00:40:54 +0000] "PUT /1/117706/AUTH_d7431f1b3e4b40fe8ff42eb83afd437e/gnocchi.3f7ce5b1-b0f1-47e6-91e9-2060a1566ffa/none_v3" 201 - "PUT http://[::1]:8080/v1/AUTH_d7431f1b3e4b40fe8ff42eb83afd437e/gnocchi.3f7ce5b1-b0f1-47e6-91e9-2060a1566ffa/none_v3" "tx6e0919f2299f4064b4f52-00692b9296" "proxy-server 90232" 0.0162 "-" 97454 0
Nov 29 19:40:54 np0005539973.novalocal object-server[97455]: ::1 - - [30/Nov/2025:00:40:54 +0000] "PUT /2/117706/AUTH_d7431f1b3e4b40fe8ff42eb83afd437e/gnocchi.3f7ce5b1-b0f1-47e6-91e9-2060a1566ffa/none_v3" 201 - "PUT http://[::1]:8080/v1/AUTH_d7431f1b3e4b40fe8ff42eb83afd437e/gnocchi.3f7ce5b1-b0f1-47e6-91e9-2060a1566ffa/none_v3" "tx6e0919f2299f4064b4f52-00692b9296" "proxy-server 90232" 0.0212 "-" 97455 0
Nov 29 19:40:54 np0005539973.novalocal container-server[97148]: ::1 - - [30/Nov/2025:00:40:54 +0000] "PUT /2/218653/AUTH_d7431f1b3e4b40fe8ff42eb83afd437e/gnocchi.3f7ce5b1-b0f1-47e6-91e9-2060a1566ffa/none_v3" 201 - "PUT http://[::1]:8080/3/117706/AUTH_d7431f1b3e4b40fe8ff42eb83afd437e/gnocchi.3f7ce5b1-b0f1-47e6-91e9-2060a1566ffa/none_v3" "tx6e0919f2299f4064b4f52-00692b9296" "object-server 97454" 0.0006 "-" 97148 0
Nov 29 19:40:54 np0005539973.novalocal object-server[97454]: ::1 - - [30/Nov/2025:00:40:54 +0000] "PUT /3/117706/AUTH_d7431f1b3e4b40fe8ff42eb83afd437e/gnocchi.3f7ce5b1-b0f1-47e6-91e9-2060a1566ffa/none_v3" 201 - "PUT http://[::1]:8080/v1/AUTH_d7431f1b3e4b40fe8ff42eb83afd437e/gnocchi.3f7ce5b1-b0f1-47e6-91e9-2060a1566ffa/none_v3" "tx6e0919f2299f4064b4f52-00692b9296" "proxy-server 90232" 0.0188 "-" 97454 0
Nov 29 19:40:54 np0005539973.novalocal proxy-server[90232]: ::1 ::1 30/Nov/2025/00/40/54 PUT /v1/AUTH_d7431f1b3e4b40fe8ff42eb83afd437e/gnocchi.3f7ce5b1-b0f1-47e6-91e9-2060a1566ffa/none_v3 HTTP/1.0 201 - python-swiftclient-4.2.0 gAAAAABpK5KUbDSc... 31 - - tx6e0919f2299f4064b4f52-00692b9296 - 0.0328 - - 1764463254.939412594 1764463254.972179413 0
Nov 29 19:40:54 np0005539973.novalocal container-server[97149]: ::1 - - [30/Nov/2025:00:40:54 +0000] "PUT /2/250907/AUTH_d7431f1b3e4b40fe8ff42eb83afd437e/gnocchi.bf887d10-cf90-4b2f-9cd6-a9eda09c53cc/1763640000.0_mean_300.0_v3" 201 - "PUT http://[::1]:8080/2/174772/AUTH_d7431f1b3e4b40fe8ff42eb83afd437e/gnocchi.bf887d10-cf90-4b2f-9cd6-a9eda09c53cc/1763640000.0_mean_300.0_v3" "tx4131ab5309e74f268f107-00692b9296" "object-server 97452" 0.0004 "-" 97149 0
Nov 29 19:40:54 np0005539973.novalocal object-server[97452]: ::1 - - [30/Nov/2025:00:40:54 +0000] "PUT /2/174772/AUTH_d7431f1b3e4b40fe8ff42eb83afd437e/gnocchi.bf887d10-cf90-4b2f-9cd6-a9eda09c53cc/1763640000.0_mean_300.0_v3" 201 - "PUT http://[::1]:8080/v1/AUTH_d7431f1b3e4b40fe8ff42eb83afd437e/gnocchi.bf887d10-cf90-4b2f-9cd6-a9eda09c53cc/1763640000.0_mean_300.0_v3" "tx4131ab5309e74f268f107-00692b9296" "proxy-server 90231" 0.0136 "-" 97452 0
Nov 29 19:40:54 np0005539973.novalocal container-server[97151]: ::1 - - [30/Nov/2025:00:40:54 +0000] "PUT /1/250907/AUTH_d7431f1b3e4b40fe8ff42eb83afd437e/gnocchi.bf887d10-cf90-4b2f-9cd6-a9eda09c53cc/1763640000.0_mean_300.0_v3" 201 - "PUT http://[::1]:8080/3/174772/AUTH_d7431f1b3e4b40fe8ff42eb83afd437e/gnocchi.bf887d10-cf90-4b2f-9cd6-a9eda09c53cc/1763640000.0_mean_300.0_v3" "tx4131ab5309e74f268f107-00692b9296" "object-server 97452" 0.0008 "-" 97151 0
Nov 29 19:40:54 np0005539973.novalocal object-server[97452]: ::1 - - [30/Nov/2025:00:40:54 +0000] "PUT /3/174772/AUTH_d7431f1b3e4b40fe8ff42eb83afd437e/gnocchi.bf887d10-cf90-4b2f-9cd6-a9eda09c53cc/1763640000.0_mean_300.0_v3" 201 - "PUT http://[::1]:8080/v1/AUTH_d7431f1b3e4b40fe8ff42eb83afd437e/gnocchi.bf887d10-cf90-4b2f-9cd6-a9eda09c53cc/1763640000.0_mean_300.0_v3" "tx4131ab5309e74f268f107-00692b9296" "proxy-server 90231" 0.0176 "-" 97452 0
Nov 29 19:40:54 np0005539973.novalocal container-server[97148]: ::1 - - [30/Nov/2025:00:40:54 +0000] "PUT /3/250907/AUTH_d7431f1b3e4b40fe8ff42eb83afd437e/gnocchi.bf887d10-cf90-4b2f-9cd6-a9eda09c53cc/1763640000.0_mean_300.0_v3" 201 - "PUT http://[::1]:8080/1/174772/AUTH_d7431f1b3e4b40fe8ff42eb83afd437e/gnocchi.bf887d10-cf90-4b2f-9cd6-a9eda09c53cc/1763640000.0_mean_300.0_v3" "tx4131ab5309e74f268f107-00692b9296" "object-server 97453" 0.0041 "-" 97148 0
Nov 29 19:40:54 np0005539973.novalocal dnsmasq[103227]: read /var/lib/neutron/dhcp/397fee02-5544-4c05-8b60-72eb69cc1ccf/addn_hosts - 1 addresses
Nov 29 19:40:54 np0005539973.novalocal dnsmasq-dhcp[103227]: read /var/lib/neutron/dhcp/397fee02-5544-4c05-8b60-72eb69cc1ccf/host
Nov 29 19:40:54 np0005539973.novalocal dnsmasq-dhcp[103227]: read /var/lib/neutron/dhcp/397fee02-5544-4c05-8b60-72eb69cc1ccf/opts
Nov 29 19:40:54 np0005539973.novalocal object-server[97453]: ::1 - - [30/Nov/2025:00:40:54 +0000] "PUT /1/174772/AUTH_d7431f1b3e4b40fe8ff42eb83afd437e/gnocchi.bf887d10-cf90-4b2f-9cd6-a9eda09c53cc/1763640000.0_mean_300.0_v3" 201 - "PUT http://[::1]:8080/v1/AUTH_d7431f1b3e4b40fe8ff42eb83afd437e/gnocchi.bf887d10-cf90-4b2f-9cd6-a9eda09c53cc/1763640000.0_mean_300.0_v3" "tx4131ab5309e74f268f107-00692b9296" "proxy-server 90231" 0.0193 "-" 97453 0
Nov 29 19:40:54 np0005539973.novalocal proxy-server[90231]: ::1 ::1 30/Nov/2025/00/40/54 PUT /v1/AUTH_d7431f1b3e4b40fe8ff42eb83afd437e/gnocchi.bf887d10-cf90-4b2f-9cd6-a9eda09c53cc/1763640000.0_mean_300.0_v3 HTTP/1.0 201 - python-swiftclient-4.2.0 gAAAAABpK5KUEQfJ... 16 - - tx4131ab5309e74f268f107-00692b9296 - 0.0279 - - 1764463254.955301523 1764463254.983225822 0
Nov 29 19:40:55 np0005539973.novalocal container-server[97149]: ::1 - - [30/Nov/2025:00:40:55 +0000] "PUT /1/250907/AUTH_d7431f1b3e4b40fe8ff42eb83afd437e/gnocchi.bf887d10-cf90-4b2f-9cd6-a9eda09c53cc/none_v3" 201 - "PUT http://[::1]:8080/3/27185/AUTH_d7431f1b3e4b40fe8ff42eb83afd437e/gnocchi.bf887d10-cf90-4b2f-9cd6-a9eda09c53cc/none_v3" "tx9119e702f8674c1c8619e-00692b9296" "object-server 97454" 0.0004 "-" 97149 0
Nov 29 19:40:55 np0005539973.novalocal object-server[97454]: ::1 - - [30/Nov/2025:00:40:55 +0000] "PUT /3/27185/AUTH_d7431f1b3e4b40fe8ff42eb83afd437e/gnocchi.bf887d10-cf90-4b2f-9cd6-a9eda09c53cc/none_v3" 201 - "PUT http://[::1]:8080/v1/AUTH_d7431f1b3e4b40fe8ff42eb83afd437e/gnocchi.bf887d10-cf90-4b2f-9cd6-a9eda09c53cc/none_v3" "tx9119e702f8674c1c8619e-00692b9296" "proxy-server 90231" 0.0135 "-" 97454 0
Nov 29 19:40:55 np0005539973.novalocal container-server[97149]: ::1 - - [30/Nov/2025:00:40:55 +0000] "PUT /2/250907/AUTH_d7431f1b3e4b40fe8ff42eb83afd437e/gnocchi.bf887d10-cf90-4b2f-9cd6-a9eda09c53cc/none_v3" 201 - "PUT http://[::1]:8080/2/27185/AUTH_d7431f1b3e4b40fe8ff42eb83afd437e/gnocchi.bf887d10-cf90-4b2f-9cd6-a9eda09c53cc/none_v3" "tx9119e702f8674c1c8619e-00692b9296" "object-server 97453" 0.0003 "-" 97149 0
Nov 29 19:40:55 np0005539973.novalocal container-server[97151]: ::1 - - [30/Nov/2025:00:40:55 +0000] "PUT /3/250907/AUTH_d7431f1b3e4b40fe8ff42eb83afd437e/gnocchi.bf887d10-cf90-4b2f-9cd6-a9eda09c53cc/none_v3" 201 - "PUT http://[::1]:8080/1/27185/AUTH_d7431f1b3e4b40fe8ff42eb83afd437e/gnocchi.bf887d10-cf90-4b2f-9cd6-a9eda09c53cc/none_v3" "tx9119e702f8674c1c8619e-00692b9296" "object-server 97453" 0.0006 "-" 97151 0
Nov 29 19:40:55 np0005539973.novalocal object-server[97453]: ::1 - - [30/Nov/2025:00:40:55 +0000] "PUT /2/27185/AUTH_d7431f1b3e4b40fe8ff42eb83afd437e/gnocchi.bf887d10-cf90-4b2f-9cd6-a9eda09c53cc/none_v3" 201 - "PUT http://[::1]:8080/v1/AUTH_d7431f1b3e4b40fe8ff42eb83afd437e/gnocchi.bf887d10-cf90-4b2f-9cd6-a9eda09c53cc/none_v3" "tx9119e702f8674c1c8619e-00692b9296" "proxy-server 90231" 0.0177 "-" 97453 0
Nov 29 19:40:55 np0005539973.novalocal object-server[97453]: ::1 - - [30/Nov/2025:00:40:55 +0000] "PUT /1/27185/AUTH_d7431f1b3e4b40fe8ff42eb83afd437e/gnocchi.bf887d10-cf90-4b2f-9cd6-a9eda09c53cc/none_v3" 201 - "PUT http://[::1]:8080/v1/AUTH_d7431f1b3e4b40fe8ff42eb83afd437e/gnocchi.bf887d10-cf90-4b2f-9cd6-a9eda09c53cc/none_v3" "tx9119e702f8674c1c8619e-00692b9296" "proxy-server 90231" 0.0175 "-" 97453 0
Nov 29 19:40:55 np0005539973.novalocal proxy-server[90231]: ::1 ::1 30/Nov/2025/00/40/55 PUT /v1/AUTH_d7431f1b3e4b40fe8ff42eb83afd437e/gnocchi.bf887d10-cf90-4b2f-9cd6-a9eda09c53cc/none_v3 HTTP/1.0 201 - python-swiftclient-4.2.0 gAAAAABpK5KUEQfJ... 31 - - tx9119e702f8674c1c8619e-00692b9296 - 0.0260 - - 1764463254.985829592 1764463255.011819363 0
Nov 29 19:40:55 np0005539973.novalocal object-server[97452]: ::1 - - [30/Nov/2025:00:40:55 +0000] "GET /3/27185/AUTH_d7431f1b3e4b40fe8ff42eb83afd437e/gnocchi.bf887d10-cf90-4b2f-9cd6-a9eda09c53cc/none_v3" 200 31 "GET http://[::1]:8080/v1/AUTH_d7431f1b3e4b40fe8ff42eb83afd437e/gnocchi.bf887d10-cf90-4b2f-9cd6-a9eda09c53cc/none_v3" "txcca16b212c3f4394832b5-00692b9297" "proxy-server 90231" 0.0006 "-" 97452 0
Nov 29 19:40:55 np0005539973.novalocal proxy-server[90231]: ::1 ::1 30/Nov/2025/00/40/55 GET /v1/AUTH_d7431f1b3e4b40fe8ff42eb83afd437e/gnocchi.bf887d10-cf90-4b2f-9cd6-a9eda09c53cc/none_v3 HTTP/1.0 200 - python-swiftclient-4.2.0 gAAAAABpK5KUEQfJ... - 31 - txcca16b212c3f4394832b5-00692b9297 - 0.0080 - - 1764463255.149804592 1764463255.157764435 0
Nov 29 19:40:55 np0005539973.novalocal container-server[97148]: ::1 - - [30/Nov/2025:00:40:55 +0000] "GET /1/250907/AUTH_d7431f1b3e4b40fe8ff42eb83afd437e/gnocchi.bf887d10-cf90-4b2f-9cd6-a9eda09c53cc" 200 357 "GET http://[::1]:8080/v1/AUTH_d7431f1b3e4b40fe8ff42eb83afd437e/gnocchi.bf887d10-cf90-4b2f-9cd6-a9eda09c53cc?format=json&states=listing" "txc321c078ce674b9ab0661-00692b9297" "proxy-server 90231" 0.0336 "-" 97148 0
Nov 29 19:40:55 np0005539973.novalocal proxy-server[90231]: ::1 ::1 30/Nov/2025/00/40/55 GET /v1/AUTH_d7431f1b3e4b40fe8ff42eb83afd437e/gnocchi.bf887d10-cf90-4b2f-9cd6-a9eda09c53cc%3Fformat%3Djson%26states%3Dlisting HTTP/1.0 200 - python-swiftclient-4.2.0 gAAAAABpK5KUEQfJ... - 357 - txc321c078ce674b9ab0661-00692b9297 - 0.0432 - - 1764463255.161071777 1764463255.204224586 0
Nov 29 19:40:55 np0005539973.novalocal container-server[97148]: ::1 - - [30/Nov/2025:00:40:55 +0000] "GET /3/250907/AUTH_d7431f1b3e4b40fe8ff42eb83afd437e/gnocchi.bf887d10-cf90-4b2f-9cd6-a9eda09c53cc" 200 2 "GET http://[::1]:8080/v1/AUTH_d7431f1b3e4b40fe8ff42eb83afd437e/gnocchi.bf887d10-cf90-4b2f-9cd6-a9eda09c53cc?format=json&marker=none_v3&states=listing" "tx69fcbf48aeb74dbaa5193-00692b9297" "proxy-server 90231" 0.0079 "-" 97148 0
Nov 29 19:40:55 np0005539973.novalocal object-server[97453]: ::1 - - [30/Nov/2025:00:40:55 +0000] "GET /3/2280/AUTH_d7431f1b3e4b40fe8ff42eb83afd437e/gnocchi.cae81822-618f-41a2-9bbf-fd38d3413d43/none_v3" 200 26 "GET http://[::1]:8080/v1/AUTH_d7431f1b3e4b40fe8ff42eb83afd437e/gnocchi.cae81822-618f-41a2-9bbf-fd38d3413d43/none_v3" "tx4d9fb4cb7a244ea59d274-00692b9297" "proxy-server 90232" 0.0017 "-" 97453 0
Nov 29 19:40:55 np0005539973.novalocal proxy-server[90231]: ::1 ::1 30/Nov/2025/00/40/55 GET /v1/AUTH_d7431f1b3e4b40fe8ff42eb83afd437e/gnocchi.bf887d10-cf90-4b2f-9cd6-a9eda09c53cc%3Fformat%3Djson%26marker%3Dnone_v3%26states%3Dlisting HTTP/1.0 200 - python-swiftclient-4.2.0 gAAAAABpK5KUEQfJ... - 2 - tx69fcbf48aeb74dbaa5193-00692b9297 - 0.0154 - - 1764463255.206817627 1764463255.222227573 0
Nov 29 19:40:55 np0005539973.novalocal proxy-server[90232]: ::1 ::1 30/Nov/2025/00/40/55 GET /v1/AUTH_d7431f1b3e4b40fe8ff42eb83afd437e/gnocchi.cae81822-618f-41a2-9bbf-fd38d3413d43/none_v3 HTTP/1.0 200 - python-swiftclient-4.2.0 gAAAAABpK5KUbDSc... - 26 - tx4d9fb4cb7a244ea59d274-00692b9297 - 0.0095 - - 1764463255.215254307 1764463255.224713564 0
Nov 29 19:40:55 np0005539973.novalocal object-server[97454]: ::1 - - [30/Nov/2025:00:40:55 +0000] "GET /3/174772/AUTH_d7431f1b3e4b40fe8ff42eb83afd437e/gnocchi.bf887d10-cf90-4b2f-9cd6-a9eda09c53cc/1763640000.0_mean_300.0_v3" 200 16 "GET http://[::1]:8080/v1/AUTH_d7431f1b3e4b40fe8ff42eb83afd437e/gnocchi.bf887d10-cf90-4b2f-9cd6-a9eda09c53cc/1763640000.0_mean_300.0_v3" "tx7b18d31a958c4e03ad959-00692b9297" "proxy-server 90231" 0.0028 "-" 97454 0
Nov 29 19:40:55 np0005539973.novalocal proxy-server[90231]: ::1 ::1 30/Nov/2025/00/40/55 GET /v1/AUTH_d7431f1b3e4b40fe8ff42eb83afd437e/gnocchi.bf887d10-cf90-4b2f-9cd6-a9eda09c53cc/1763640000.0_mean_300.0_v3 HTTP/1.0 200 - python-swiftclient-4.2.0 gAAAAABpK5KUEQfJ... - 16 - tx7b18d31a958c4e03ad959-00692b9297 - 0.0108 - - 1764463255.225996256 1764463255.236801386 0
Nov 29 19:40:55 np0005539973.novalocal container-server[97148]: ::1 - - [30/Nov/2025:00:40:55 +0000] "GET /2/33566/AUTH_d7431f1b3e4b40fe8ff42eb83afd437e/gnocchi.cae81822-618f-41a2-9bbf-fd38d3413d43" 200 357 "GET http://[::1]:8080/v1/AUTH_d7431f1b3e4b40fe8ff42eb83afd437e/gnocchi.cae81822-618f-41a2-9bbf-fd38d3413d43?format=json&states=listing" "txfc2d77206a2445c6b2e52-00692b9297" "proxy-server 90232" 0.0100 "-" 97148 0
Nov 29 19:40:55 np0005539973.novalocal proxy-server[90232]: ::1 ::1 30/Nov/2025/00/40/55 GET /v1/AUTH_d7431f1b3e4b40fe8ff42eb83afd437e/gnocchi.cae81822-618f-41a2-9bbf-fd38d3413d43%3Fformat%3Djson%26states%3Dlisting HTTP/1.0 200 - python-swiftclient-4.2.0 gAAAAABpK5KUbDSc... - 357 - txfc2d77206a2445c6b2e52-00692b9297 - 0.0171 - - 1764463255.228363752 1764463255.245453119 0
Nov 29 19:40:55 np0005539973.novalocal container-server[97150]: ::1 - - [30/Nov/2025:00:40:55 +0000] "GET /2/33566/AUTH_d7431f1b3e4b40fe8ff42eb83afd437e/gnocchi.cae81822-618f-41a2-9bbf-fd38d3413d43" 200 2 "GET http://[::1]:8080/v1/AUTH_d7431f1b3e4b40fe8ff42eb83afd437e/gnocchi.cae81822-618f-41a2-9bbf-fd38d3413d43?format=json&marker=none_v3&states=listing" "tx885869e7b39c4584a5318-00692b9297" "proxy-server 90232" 0.0032 "-" 97150 0
Nov 29 19:40:55 np0005539973.novalocal proxy-server[90232]: ::1 ::1 30/Nov/2025/00/40/55 GET /v1/AUTH_d7431f1b3e4b40fe8ff42eb83afd437e/gnocchi.cae81822-618f-41a2-9bbf-fd38d3413d43%3Fformat%3Djson%26marker%3Dnone_v3%26states%3Dlisting HTTP/1.0 200 - python-swiftclient-4.2.0 gAAAAABpK5KUbDSc... - 2 - tx885869e7b39c4584a5318-00692b9297 - 0.0103 - - 1764463255.247795343 1764463255.258096695 0
Nov 29 19:40:55 np0005539973.novalocal container-server[97150]: ::1 - - [30/Nov/2025:00:40:55 +0000] "PUT /2/250907/AUTH_d7431f1b3e4b40fe8ff42eb83afd437e/gnocchi.bf887d10-cf90-4b2f-9cd6-a9eda09c53cc/1763640000.0_mean_300.0_v3" 201 - "PUT http://[::1]:8080/1/174772/AUTH_d7431f1b3e4b40fe8ff42eb83afd437e/gnocchi.bf887d10-cf90-4b2f-9cd6-a9eda09c53cc/1763640000.0_mean_300.0_v3" "tx788a34cc8f624c3f85196-00692b9297" "object-server 97455" 0.0016 "-" 97150 0
Nov 29 19:40:55 np0005539973.novalocal object-server[97454]: ::1 - - [30/Nov/2025:00:40:55 +0000] "GET /2/21081/AUTH_d7431f1b3e4b40fe8ff42eb83afd437e/gnocchi.cae81822-618f-41a2-9bbf-fd38d3413d43/1763640000.0_mean_300.0_v3" 200 16 "GET http://[::1]:8080/v1/AUTH_d7431f1b3e4b40fe8ff42eb83afd437e/gnocchi.cae81822-618f-41a2-9bbf-fd38d3413d43/1763640000.0_mean_300.0_v3" "tx49d8da8f8b8a452fac610-00692b9297" "proxy-server 90232" 0.0008 "-" 97454 0
Nov 29 19:40:55 np0005539973.novalocal object-server[97455]: ::1 - - [30/Nov/2025:00:40:55 +0000] "PUT /1/174772/AUTH_d7431f1b3e4b40fe8ff42eb83afd437e/gnocchi.bf887d10-cf90-4b2f-9cd6-a9eda09c53cc/1763640000.0_mean_300.0_v3" 201 - "PUT http://[::1]:8080/v1/AUTH_d7431f1b3e4b40fe8ff42eb83afd437e/gnocchi.bf887d10-cf90-4b2f-9cd6-a9eda09c53cc/1763640000.0_mean_300.0_v3" "tx788a34cc8f624c3f85196-00692b9297" "proxy-server 90231" 0.0173 "-" 97455 0
Nov 29 19:40:55 np0005539973.novalocal container-server[97149]: ::1 - - [30/Nov/2025:00:40:55 +0000] "PUT /3/250907/AUTH_d7431f1b3e4b40fe8ff42eb83afd437e/gnocchi.bf887d10-cf90-4b2f-9cd6-a9eda09c53cc/1763640000.0_mean_300.0_v3" 201 - "PUT http://[::1]:8080/3/174772/AUTH_d7431f1b3e4b40fe8ff42eb83afd437e/gnocchi.bf887d10-cf90-4b2f-9cd6-a9eda09c53cc/1763640000.0_mean_300.0_v3" "tx788a34cc8f624c3f85196-00692b9297" "object-server 97452" 0.0066 "-" 97149 0
Nov 29 19:40:55 np0005539973.novalocal object-server[97452]: ::1 - - [30/Nov/2025:00:40:55 +0000] "PUT /3/174772/AUTH_d7431f1b3e4b40fe8ff42eb83afd437e/gnocchi.bf887d10-cf90-4b2f-9cd6-a9eda09c53cc/1763640000.0_mean_300.0_v3" 201 - "PUT http://[::1]:8080/v1/AUTH_d7431f1b3e4b40fe8ff42eb83afd437e/gnocchi.bf887d10-cf90-4b2f-9cd6-a9eda09c53cc/1763640000.0_mean_300.0_v3" "tx788a34cc8f624c3f85196-00692b9297" "proxy-server 90231" 0.0220 "-" 97452 0
Nov 29 19:40:55 np0005539973.novalocal proxy-server[90232]: ::1 ::1 30/Nov/2025/00/40/55 GET /v1/AUTH_d7431f1b3e4b40fe8ff42eb83afd437e/gnocchi.cae81822-618f-41a2-9bbf-fd38d3413d43/1763640000.0_mean_300.0_v3 HTTP/1.0 200 - python-swiftclient-4.2.0 gAAAAABpK5KUbDSc... - 16 - tx49d8da8f8b8a452fac610-00692b9297 - 0.0073 - - 1764463255.262576342 1764463255.269843340 0
Nov 29 19:40:55 np0005539973.novalocal container-server[97149]: ::1 - - [30/Nov/2025:00:40:55 +0000] "PUT /1/250907/AUTH_d7431f1b3e4b40fe8ff42eb83afd437e/gnocchi.bf887d10-cf90-4b2f-9cd6-a9eda09c53cc/1763640000.0_mean_300.0_v3" 201 - "PUT http://[::1]:8080/2/174772/AUTH_d7431f1b3e4b40fe8ff42eb83afd437e/gnocchi.bf887d10-cf90-4b2f-9cd6-a9eda09c53cc/1763640000.0_mean_300.0_v3" "tx788a34cc8f624c3f85196-00692b9297" "object-server 97455" 0.0005 "-" 97149 0
Nov 29 19:40:55 np0005539973.novalocal object-server[97455]: ::1 - - [30/Nov/2025:00:40:55 +0000] "PUT /2/174772/AUTH_d7431f1b3e4b40fe8ff42eb83afd437e/gnocchi.bf887d10-cf90-4b2f-9cd6-a9eda09c53cc/1763640000.0_mean_300.0_v3" 201 - "PUT http://[::1]:8080/v1/AUTH_d7431f1b3e4b40fe8ff42eb83afd437e/gnocchi.bf887d10-cf90-4b2f-9cd6-a9eda09c53cc/1763640000.0_mean_300.0_v3" "tx788a34cc8f624c3f85196-00692b9297" "proxy-server 90231" 0.0221 "-" 97455 0
Nov 29 19:40:55 np0005539973.novalocal proxy-server[90231]: ::1 ::1 30/Nov/2025/00/40/55 PUT /v1/AUTH_d7431f1b3e4b40fe8ff42eb83afd437e/gnocchi.bf887d10-cf90-4b2f-9cd6-a9eda09c53cc/1763640000.0_mean_300.0_v3 HTTP/1.0 201 - python-swiftclient-4.2.0 gAAAAABpK5KUEQfJ... 16 - - tx788a34cc8f624c3f85196-00692b9297 - 0.0396 - - 1764463255.239936352 1764463255.279548883 0
Nov 29 19:40:55 np0005539973.novalocal container-server[97149]: ::1 - - [30/Nov/2025:00:40:55 +0000] "PUT /3/250907/AUTH_d7431f1b3e4b40fe8ff42eb83afd437e/gnocchi.bf887d10-cf90-4b2f-9cd6-a9eda09c53cc/none_v3" 201 - "PUT http://[::1]:8080/1/27185/AUTH_d7431f1b3e4b40fe8ff42eb83afd437e/gnocchi.bf887d10-cf90-4b2f-9cd6-a9eda09c53cc/none_v3" "tx68d11d82a2044793aec04-00692b9297" "object-server 97454" 0.0005 "-" 97149 0
Nov 29 19:40:55 np0005539973.novalocal object-server[97454]: ::1 - - [30/Nov/2025:00:40:55 +0000] "PUT /1/27185/AUTH_d7431f1b3e4b40fe8ff42eb83afd437e/gnocchi.bf887d10-cf90-4b2f-9cd6-a9eda09c53cc/none_v3" 201 - "PUT http://[::1]:8080/v1/AUTH_d7431f1b3e4b40fe8ff42eb83afd437e/gnocchi.bf887d10-cf90-4b2f-9cd6-a9eda09c53cc/none_v3" "tx68d11d82a2044793aec04-00692b9297" "proxy-server 90231" 0.0173 "-" 97454 0
Nov 29 19:40:55 np0005539973.novalocal container-server[97148]: ::1 - - [30/Nov/2025:00:40:55 +0000] "PUT /1/33566/AUTH_d7431f1b3e4b40fe8ff42eb83afd437e/gnocchi.cae81822-618f-41a2-9bbf-fd38d3413d43/1763640000.0_mean_300.0_v3" 201 - "PUT http://[::1]:8080/3/21081/AUTH_d7431f1b3e4b40fe8ff42eb83afd437e/gnocchi.cae81822-618f-41a2-9bbf-fd38d3413d43/1763640000.0_mean_300.0_v3" "tx2ba0512ee8ef4c4cbb85c-00692b9297" "object-server 97452" 0.0006 "-" 97148 0
Nov 29 19:40:55 np0005539973.novalocal object-server[97452]: ::1 - - [30/Nov/2025:00:40:55 +0000] "PUT /3/21081/AUTH_d7431f1b3e4b40fe8ff42eb83afd437e/gnocchi.cae81822-618f-41a2-9bbf-fd38d3413d43/1763640000.0_mean_300.0_v3" 201 - "PUT http://[::1]:8080/v1/AUTH_d7431f1b3e4b40fe8ff42eb83afd437e/gnocchi.cae81822-618f-41a2-9bbf-fd38d3413d43/1763640000.0_mean_300.0_v3" "tx2ba0512ee8ef4c4cbb85c-00692b9297" "proxy-server 90232" 0.0104 "-" 97452 0
Nov 29 19:40:55 np0005539973.novalocal container-server[97151]: ::1 - - [30/Nov/2025:00:40:55 +0000] "PUT /3/33566/AUTH_d7431f1b3e4b40fe8ff42eb83afd437e/gnocchi.cae81822-618f-41a2-9bbf-fd38d3413d43/1763640000.0_mean_300.0_v3" 201 - "PUT http://[::1]:8080/2/21081/AUTH_d7431f1b3e4b40fe8ff42eb83afd437e/gnocchi.cae81822-618f-41a2-9bbf-fd38d3413d43/1763640000.0_mean_300.0_v3" "tx2ba0512ee8ef4c4cbb85c-00692b9297" "object-server 97455" 0.0006 "-" 97151 0
Nov 29 19:40:55 np0005539973.novalocal container-server[97149]: ::1 - - [30/Nov/2025:00:40:55 +0000] "PUT /2/33566/AUTH_d7431f1b3e4b40fe8ff42eb83afd437e/gnocchi.cae81822-618f-41a2-9bbf-fd38d3413d43/1763640000.0_mean_300.0_v3" 201 - "PUT http://[::1]:8080/1/21081/AUTH_d7431f1b3e4b40fe8ff42eb83afd437e/gnocchi.cae81822-618f-41a2-9bbf-fd38d3413d43/1763640000.0_mean_300.0_v3" "tx2ba0512ee8ef4c4cbb85c-00692b9297" "object-server 97454" 0.0006 "-" 97149 0
Nov 29 19:40:55 np0005539973.novalocal object-server[97455]: ::1 - - [30/Nov/2025:00:40:55 +0000] "PUT /2/21081/AUTH_d7431f1b3e4b40fe8ff42eb83afd437e/gnocchi.cae81822-618f-41a2-9bbf-fd38d3413d43/1763640000.0_mean_300.0_v3" 201 - "PUT http://[::1]:8080/v1/AUTH_d7431f1b3e4b40fe8ff42eb83afd437e/gnocchi.cae81822-618f-41a2-9bbf-fd38d3413d43/1763640000.0_mean_300.0_v3" "tx2ba0512ee8ef4c4cbb85c-00692b9297" "proxy-server 90232" 0.0177 "-" 97455 0
Nov 29 19:40:55 np0005539973.novalocal container-server[97150]: ::1 - - [30/Nov/2025:00:40:55 +0000] "PUT /1/250907/AUTH_d7431f1b3e4b40fe8ff42eb83afd437e/gnocchi.bf887d10-cf90-4b2f-9cd6-a9eda09c53cc/none_v3" 201 - "PUT http://[::1]:8080/3/27185/AUTH_d7431f1b3e4b40fe8ff42eb83afd437e/gnocchi.bf887d10-cf90-4b2f-9cd6-a9eda09c53cc/none_v3" "tx68d11d82a2044793aec04-00692b9297" "object-server 97452" 0.0080 "-" 97150 0
Nov 29 19:40:55 np0005539973.novalocal object-server[97454]: ::1 - - [30/Nov/2025:00:40:55 +0000] "PUT /1/21081/AUTH_d7431f1b3e4b40fe8ff42eb83afd437e/gnocchi.cae81822-618f-41a2-9bbf-fd38d3413d43/1763640000.0_mean_300.0_v3" 201 - "PUT http://[::1]:8080/v1/AUTH_d7431f1b3e4b40fe8ff42eb83afd437e/gnocchi.cae81822-618f-41a2-9bbf-fd38d3413d43/1763640000.0_mean_300.0_v3" "tx2ba0512ee8ef4c4cbb85c-00692b9297" "proxy-server 90232" 0.0186 "-" 97454 0
Nov 29 19:40:55 np0005539973.novalocal object-server[97452]: ::1 - - [30/Nov/2025:00:40:55 +0000] "PUT /3/27185/AUTH_d7431f1b3e4b40fe8ff42eb83afd437e/gnocchi.bf887d10-cf90-4b2f-9cd6-a9eda09c53cc/none_v3" 201 - "PUT http://[::1]:8080/v1/AUTH_d7431f1b3e4b40fe8ff42eb83afd437e/gnocchi.bf887d10-cf90-4b2f-9cd6-a9eda09c53cc/none_v3" "tx68d11d82a2044793aec04-00692b9297" "proxy-server 90231" 0.0269 "-" 97452 0
Nov 29 19:40:55 np0005539973.novalocal container-server[97150]: ::1 - - [30/Nov/2025:00:40:55 +0000] "PUT /2/250907/AUTH_d7431f1b3e4b40fe8ff42eb83afd437e/gnocchi.bf887d10-cf90-4b2f-9cd6-a9eda09c53cc/none_v3" 201 - "PUT http://[::1]:8080/2/27185/AUTH_d7431f1b3e4b40fe8ff42eb83afd437e/gnocchi.bf887d10-cf90-4b2f-9cd6-a9eda09c53cc/none_v3" "tx68d11d82a2044793aec04-00692b9297" "object-server 97452" 0.0005 "-" 97150 0
Nov 29 19:40:55 np0005539973.novalocal proxy-server[90232]: ::1 ::1 30/Nov/2025/00/40/55 PUT /v1/AUTH_d7431f1b3e4b40fe8ff42eb83afd437e/gnocchi.cae81822-618f-41a2-9bbf-fd38d3413d43/1763640000.0_mean_300.0_v3 HTTP/1.0 201 - python-swiftclient-4.2.0 gAAAAABpK5KUbDSc... 16 - - tx2ba0512ee8ef4c4cbb85c-00692b9297 - 0.0347 - - 1764463255.283270597 1764463255.317991734 0
Nov 29 19:40:55 np0005539973.novalocal object-server[97452]: ::1 - - [30/Nov/2025:00:40:55 +0000] "PUT /2/27185/AUTH_d7431f1b3e4b40fe8ff42eb83afd437e/gnocchi.bf887d10-cf90-4b2f-9cd6-a9eda09c53cc/none_v3" 201 - "PUT http://[::1]:8080/v1/AUTH_d7431f1b3e4b40fe8ff42eb83afd437e/gnocchi.bf887d10-cf90-4b2f-9cd6-a9eda09c53cc/none_v3" "tx68d11d82a2044793aec04-00692b9297" "proxy-server 90231" 0.0335 "-" 97452 0
Nov 29 19:40:55 np0005539973.novalocal proxy-server[90231]: ::1 ::1 30/Nov/2025/00/40/55 PUT /v1/AUTH_d7431f1b3e4b40fe8ff42eb83afd437e/gnocchi.bf887d10-cf90-4b2f-9cd6-a9eda09c53cc/none_v3 HTTP/1.0 201 - python-swiftclient-4.2.0 gAAAAABpK5KUEQfJ... 45 - - tx68d11d82a2044793aec04-00692b9297 - 0.0389 - - 1764463255.282685757 1764463255.321593523 0
Nov 29 19:40:55 np0005539973.novalocal container-server[97150]: ::1 - - [30/Nov/2025:00:40:55 +0000] "PUT /3/33566/AUTH_d7431f1b3e4b40fe8ff42eb83afd437e/gnocchi.cae81822-618f-41a2-9bbf-fd38d3413d43/none_v3" 201 - "PUT http://[::1]:8080/1/2280/AUTH_d7431f1b3e4b40fe8ff42eb83afd437e/gnocchi.cae81822-618f-41a2-9bbf-fd38d3413d43/none_v3" "txec911f97599e4d1d93b92-00692b9297" "object-server 97452" 0.0004 "-" 97150 0
Nov 29 19:40:55 np0005539973.novalocal container-server[97149]: ::1 - - [30/Nov/2025:00:40:55 +0000] "PUT /1/33566/AUTH_d7431f1b3e4b40fe8ff42eb83afd437e/gnocchi.cae81822-618f-41a2-9bbf-fd38d3413d43/none_v3" 201 - "PUT http://[::1]:8080/2/2280/AUTH_d7431f1b3e4b40fe8ff42eb83afd437e/gnocchi.cae81822-618f-41a2-9bbf-fd38d3413d43/none_v3" "txec911f97599e4d1d93b92-00692b9297" "object-server 97453" 0.0004 "-" 97149 0
Nov 29 19:40:55 np0005539973.novalocal object-server[97452]: ::1 - - [30/Nov/2025:00:40:55 +0000] "PUT /1/2280/AUTH_d7431f1b3e4b40fe8ff42eb83afd437e/gnocchi.cae81822-618f-41a2-9bbf-fd38d3413d43/none_v3" 201 - "PUT http://[::1]:8080/v1/AUTH_d7431f1b3e4b40fe8ff42eb83afd437e/gnocchi.cae81822-618f-41a2-9bbf-fd38d3413d43/none_v3" "txec911f97599e4d1d93b92-00692b9297" "proxy-server 90232" 0.0123 "-" 97452 0
Nov 29 19:40:55 np0005539973.novalocal object-server[97453]: ::1 - - [30/Nov/2025:00:40:55 +0000] "PUT /2/2280/AUTH_d7431f1b3e4b40fe8ff42eb83afd437e/gnocchi.cae81822-618f-41a2-9bbf-fd38d3413d43/none_v3" 201 - "PUT http://[::1]:8080/v1/AUTH_d7431f1b3e4b40fe8ff42eb83afd437e/gnocchi.cae81822-618f-41a2-9bbf-fd38d3413d43/none_v3" "txec911f97599e4d1d93b92-00692b9297" "proxy-server 90232" 0.0136 "-" 97453 0
Nov 29 19:40:55 np0005539973.novalocal object-server[97452]: ::1 - - [30/Nov/2025:00:40:55 +0000] "GET /3/117706/AUTH_d7431f1b3e4b40fe8ff42eb83afd437e/gnocchi.3f7ce5b1-b0f1-47e6-91e9-2060a1566ffa/none_v3" 200 31 "GET http://[::1]:8080/v1/AUTH_d7431f1b3e4b40fe8ff42eb83afd437e/gnocchi.3f7ce5b1-b0f1-47e6-91e9-2060a1566ffa/none_v3" "tx09f7c994c7bf4b65aa41f-00692b9297" "proxy-server 90231" 0.0006 "-" 97452 0
Nov 29 19:40:55 np0005539973.novalocal container-server[97151]: ::1 - - [30/Nov/2025:00:40:55 +0000] "PUT /2/33566/AUTH_d7431f1b3e4b40fe8ff42eb83afd437e/gnocchi.cae81822-618f-41a2-9bbf-fd38d3413d43/none_v3" 201 - "PUT http://[::1]:8080/3/2280/AUTH_d7431f1b3e4b40fe8ff42eb83afd437e/gnocchi.cae81822-618f-41a2-9bbf-fd38d3413d43/none_v3" "txec911f97599e4d1d93b92-00692b9297" "object-server 97454" 0.0006 "-" 97151 0
Nov 29 19:40:55 np0005539973.novalocal object-server[97454]: ::1 - - [30/Nov/2025:00:40:55 +0000] "PUT /3/2280/AUTH_d7431f1b3e4b40fe8ff42eb83afd437e/gnocchi.cae81822-618f-41a2-9bbf-fd38d3413d43/none_v3" 201 - "PUT http://[::1]:8080/v1/AUTH_d7431f1b3e4b40fe8ff42eb83afd437e/gnocchi.cae81822-618f-41a2-9bbf-fd38d3413d43/none_v3" "txec911f97599e4d1d93b92-00692b9297" "proxy-server 90232" 0.0154 "-" 97454 0
Nov 29 19:40:55 np0005539973.novalocal proxy-server[90232]: ::1 ::1 30/Nov/2025/00/40/55 PUT /v1/AUTH_d7431f1b3e4b40fe8ff42eb83afd437e/gnocchi.cae81822-618f-41a2-9bbf-fd38d3413d43/none_v3 HTTP/1.0 201 - python-swiftclient-4.2.0 gAAAAABpK5KUbDSc... 36 - - txec911f97599e4d1d93b92-00692b9297 - 0.0311 - - 1764463255.320754290 1764463255.351863146 0
Nov 29 19:40:55 np0005539973.novalocal proxy-server[90231]: ::1 ::1 30/Nov/2025/00/40/55 GET /v1/AUTH_d7431f1b3e4b40fe8ff42eb83afd437e/gnocchi.3f7ce5b1-b0f1-47e6-91e9-2060a1566ffa/none_v3 HTTP/1.0 200 - python-swiftclient-4.2.0 gAAAAABpK5KUEQfJ... - 31 - tx09f7c994c7bf4b65aa41f-00692b9297 - 0.0168 - - 1764463255.337317228 1764463255.354127645 0
Nov 29 19:40:55 np0005539973.novalocal container-server[97148]: ::1 - - [30/Nov/2025:00:40:55 +0000] "GET /1/218653/AUTH_d7431f1b3e4b40fe8ff42eb83afd437e/gnocchi.3f7ce5b1-b0f1-47e6-91e9-2060a1566ffa" 200 357 "GET http://[::1]:8080/v1/AUTH_d7431f1b3e4b40fe8ff42eb83afd437e/gnocchi.3f7ce5b1-b0f1-47e6-91e9-2060a1566ffa?format=json&states=listing" "txb4d6b119bbc04741b0cfd-00692b9297" "proxy-server 90231" 0.0074 "-" 97148 0
Nov 29 19:40:55 np0005539973.novalocal proxy-server[90231]: ::1 ::1 30/Nov/2025/00/40/55 GET /v1/AUTH_d7431f1b3e4b40fe8ff42eb83afd437e/gnocchi.3f7ce5b1-b0f1-47e6-91e9-2060a1566ffa%3Fformat%3Djson%26states%3Dlisting HTTP/1.0 200 - python-swiftclient-4.2.0 gAAAAABpK5KUEQfJ... - 357 - txb4d6b119bbc04741b0cfd-00692b9297 - 0.0193 - - 1764463255.358788252 1764463255.378131628 0
Nov 29 19:40:55 np0005539973.novalocal container-server[97150]: ::1 - - [30/Nov/2025:00:40:55 +0000] "GET /2/218653/AUTH_d7431f1b3e4b40fe8ff42eb83afd437e/gnocchi.3f7ce5b1-b0f1-47e6-91e9-2060a1566ffa" 200 2 "GET http://[::1]:8080/v1/AUTH_d7431f1b3e4b40fe8ff42eb83afd437e/gnocchi.3f7ce5b1-b0f1-47e6-91e9-2060a1566ffa?format=json&marker=none_v3&states=listing" "tx8544728acc7640c3b7ddd-00692b9297" "proxy-server 90231" 0.0181 "-" 97150 0
Nov 29 19:40:55 np0005539973.novalocal proxy-server[90231]: ::1 ::1 30/Nov/2025/00/40/55 GET /v1/AUTH_d7431f1b3e4b40fe8ff42eb83afd437e/gnocchi.3f7ce5b1-b0f1-47e6-91e9-2060a1566ffa%3Fformat%3Djson%26marker%3Dnone_v3%26states%3Dlisting HTTP/1.0 200 - python-swiftclient-4.2.0 gAAAAABpK5KUEQfJ... - 2 - tx8544728acc7640c3b7ddd-00692b9297 - 0.0260 - - 1764463255.380592108 1764463255.406631947 0
Nov 29 19:40:55 np0005539973.novalocal object-server[97453]: ::1 - - [30/Nov/2025:00:40:55 +0000] "GET /1/10080/AUTH_d7431f1b3e4b40fe8ff42eb83afd437e/gnocchi.3f7ce5b1-b0f1-47e6-91e9-2060a1566ffa/1763640000.0_mean_300.0_v3" 200 16 "GET http://[::1]:8080/v1/AUTH_d7431f1b3e4b40fe8ff42eb83afd437e/gnocchi.3f7ce5b1-b0f1-47e6-91e9-2060a1566ffa/1763640000.0_mean_300.0_v3" "txb963aa6c4e4a40ccba0d7-00692b9297" "proxy-server 90231" 0.0006 "-" 97453 0
Nov 29 19:40:55 np0005539973.novalocal proxy-server[90231]: ::1 ::1 30/Nov/2025/00/40/55 GET /v1/AUTH_d7431f1b3e4b40fe8ff42eb83afd437e/gnocchi.3f7ce5b1-b0f1-47e6-91e9-2060a1566ffa/1763640000.0_mean_300.0_v3 HTTP/1.0 200 - python-swiftclient-4.2.0 gAAAAABpK5KUEQfJ... - 16 - txb963aa6c4e4a40ccba0d7-00692b9297 - 0.0078 - - 1764463255.409585476 1764463255.417344809 0
Nov 29 19:40:55 np0005539973.novalocal object-server[97452]: ::1 - - [30/Nov/2025:00:40:55 +0000] "GET /3/118065/AUTH_d7431f1b3e4b40fe8ff42eb83afd437e/gnocchi.05f57873-44fa-431c-9368-a4817c018eff/none_v3" 200 30 "GET http://[::1]:8080/v1/AUTH_d7431f1b3e4b40fe8ff42eb83afd437e/gnocchi.05f57873-44fa-431c-9368-a4817c018eff/none_v3" "tx07a11eb294234e488ff4d-00692b9297" "proxy-server 90232" 0.0006 "-" 97452 0
Nov 29 19:40:55 np0005539973.novalocal proxy-server[90232]: ::1 ::1 30/Nov/2025/00/40/55 GET /v1/AUTH_d7431f1b3e4b40fe8ff42eb83afd437e/gnocchi.05f57873-44fa-431c-9368-a4817c018eff/none_v3 HTTP/1.0 200 - python-swiftclient-4.2.0 gAAAAABpK5KUbDSc... - 30 - tx07a11eb294234e488ff4d-00692b9297 - 0.0077 - - 1764463255.425709009 1764463255.433428764 0
Nov 29 19:40:55 np0005539973.novalocal container-server[97150]: ::1 - - [30/Nov/2025:00:40:55 +0000] "PUT /1/218653/AUTH_d7431f1b3e4b40fe8ff42eb83afd437e/gnocchi.3f7ce5b1-b0f1-47e6-91e9-2060a1566ffa/1763640000.0_mean_300.0_v3" 201 - "PUT http://[::1]:8080/2/10080/AUTH_d7431f1b3e4b40fe8ff42eb83afd437e/gnocchi.3f7ce5b1-b0f1-47e6-91e9-2060a1566ffa/1763640000.0_mean_300.0_v3" "txa4c66c88494b4318b446c-00692b9297" "object-server 97454" 0.0005 "-" 97150 0
Nov 29 19:40:55 np0005539973.novalocal object-server[97454]: ::1 - - [30/Nov/2025:00:40:55 +0000] "PUT /2/10080/AUTH_d7431f1b3e4b40fe8ff42eb83afd437e/gnocchi.3f7ce5b1-b0f1-47e6-91e9-2060a1566ffa/1763640000.0_mean_300.0_v3" 201 - "PUT http://[::1]:8080/v1/AUTH_d7431f1b3e4b40fe8ff42eb83afd437e/gnocchi.3f7ce5b1-b0f1-47e6-91e9-2060a1566ffa/1763640000.0_mean_300.0_v3" "txa4c66c88494b4318b446c-00692b9297" "proxy-server 90231" 0.0120 "-" 97454 0
Nov 29 19:40:55 np0005539973.novalocal container-server[97150]: ::1 - - [30/Nov/2025:00:40:55 +0000] "PUT /2/218653/AUTH_d7431f1b3e4b40fe8ff42eb83afd437e/gnocchi.3f7ce5b1-b0f1-47e6-91e9-2060a1566ffa/1763640000.0_mean_300.0_v3" 201 - "PUT http://[::1]:8080/1/10080/AUTH_d7431f1b3e4b40fe8ff42eb83afd437e/gnocchi.3f7ce5b1-b0f1-47e6-91e9-2060a1566ffa/1763640000.0_mean_300.0_v3" "txa4c66c88494b4318b446c-00692b9297" "object-server 97454" 0.0012 "-" 97150 0
Nov 29 19:40:55 np0005539973.novalocal container-server[97149]: ::1 - - [30/Nov/2025:00:40:55 +0000] "PUT /3/218653/AUTH_d7431f1b3e4b40fe8ff42eb83afd437e/gnocchi.3f7ce5b1-b0f1-47e6-91e9-2060a1566ffa/1763640000.0_mean_300.0_v3" 201 - "PUT http://[::1]:8080/3/10080/AUTH_d7431f1b3e4b40fe8ff42eb83afd437e/gnocchi.3f7ce5b1-b0f1-47e6-91e9-2060a1566ffa/1763640000.0_mean_300.0_v3" "txa4c66c88494b4318b446c-00692b9297" "object-server 97452" 0.0004 "-" 97149 0
Nov 29 19:40:55 np0005539973.novalocal object-server[97454]: ::1 - - [30/Nov/2025:00:40:55 +0000] "PUT /1/10080/AUTH_d7431f1b3e4b40fe8ff42eb83afd437e/gnocchi.3f7ce5b1-b0f1-47e6-91e9-2060a1566ffa/1763640000.0_mean_300.0_v3" 201 - "PUT http://[::1]:8080/v1/AUTH_d7431f1b3e4b40fe8ff42eb83afd437e/gnocchi.3f7ce5b1-b0f1-47e6-91e9-2060a1566ffa/1763640000.0_mean_300.0_v3" "txa4c66c88494b4318b446c-00692b9297" "proxy-server 90231" 0.0173 "-" 97454 0
Nov 29 19:40:55 np0005539973.novalocal object-server[97452]: ::1 - - [30/Nov/2025:00:40:55 +0000] "PUT /3/10080/AUTH_d7431f1b3e4b40fe8ff42eb83afd437e/gnocchi.3f7ce5b1-b0f1-47e6-91e9-2060a1566ffa/1763640000.0_mean_300.0_v3" 201 - "PUT http://[::1]:8080/v1/AUTH_d7431f1b3e4b40fe8ff42eb83afd437e/gnocchi.3f7ce5b1-b0f1-47e6-91e9-2060a1566ffa/1763640000.0_mean_300.0_v3" "txa4c66c88494b4318b446c-00692b9297" "proxy-server 90231" 0.0173 "-" 97452 0
Nov 29 19:40:55 np0005539973.novalocal proxy-server[90231]: ::1 ::1 30/Nov/2025/00/40/55 PUT /v1/AUTH_d7431f1b3e4b40fe8ff42eb83afd437e/gnocchi.3f7ce5b1-b0f1-47e6-91e9-2060a1566ffa/1763640000.0_mean_300.0_v3 HTTP/1.0 201 - python-swiftclient-4.2.0 gAAAAABpK5KUEQfJ... 16 - - txa4c66c88494b4318b446c-00692b9297 - 0.0281 - - 1764463255.419742823 1764463255.447882175 0
Nov 29 19:40:55 np0005539973.novalocal container-server[97149]: ::1 - - [30/Nov/2025:00:40:55 +0000] "GET /3/227211/AUTH_d7431f1b3e4b40fe8ff42eb83afd437e/gnocchi.05f57873-44fa-431c-9368-a4817c018eff" 200 357 "GET http://[::1]:8080/v1/AUTH_d7431f1b3e4b40fe8ff42eb83afd437e/gnocchi.05f57873-44fa-431c-9368-a4817c018eff?format=json&states=listing" "tx42a7de82195c478ea8061-00692b9297" "proxy-server 90232" 0.0112 "-" 97149 0
Nov 29 19:40:55 np0005539973.novalocal kernel: tap3a031b3f-ee: entered promiscuous mode
Nov 29 19:40:55 np0005539973.novalocal NetworkManager[856]: [1764463255.4534] manager: (tap3a031b3f-ee): 'openvswitch' plugin not available; creating generic device
Nov 29 19:40:55 np0005539973.novalocal NetworkManager[856]: [1764463255.4547] manager: (tap3a031b3f-ee): new Generic device (/org/freedesktop/NetworkManager/Devices/24)
