Nov 29 19:40:54 np0005539973.novalocal proxy-server[90232]: ::1 ::1 30/Nov/2025/00/40/54 GET /v1/AUTH_d7431f1b3e4b40fe8ff42eb83afd437e/gnocchi.c84fb73f-90fa-4ce6-b982-b4bb9b29963a%3Fformat%3Djson%26states%3Dlisting HTTP/1.0 200 - python-swiftclient-4.2.0 gAAAAABpK5KUbDSc... - 2 - tx45bd1e91bca04f678114c-00692b9296 - 0.0174 - - 1764463254.487962961 1764463254.505332708 0
Nov 29 19:40:54 np0005539973.novalocal object-server[97453]: ::1 - - [30/Nov/2025:00:40:54 +0000] "GET /3/166977/AUTH_d7431f1b3e4b40fe8ff42eb83afd437e/gnocchi.1eae07ef-250e-4fe2-a029-66efd3a1bd45/none_v3" 404 70 "GET http://[::1]:8080/v1/AUTH_d7431f1b3e4b40fe8ff42eb83afd437e/gnocchi.1eae07ef-250e-4fe2-a029-66efd3a1bd45/none_v3" "tx9690dabce9bc40b6a363a-00692b9296" "proxy-server 90231" 0.0011 "-" 97453 0
Nov 29 19:40:54 np0005539973.novalocal object-server[97453]: ::1 - - [30/Nov/2025:00:40:54 +0000] "GET /2/166977/AUTH_d7431f1b3e4b40fe8ff42eb83afd437e/gnocchi.1eae07ef-250e-4fe2-a029-66efd3a1bd45/none_v3" 404 70 "GET http://[::1]:8080/v1/AUTH_d7431f1b3e4b40fe8ff42eb83afd437e/gnocchi.1eae07ef-250e-4fe2-a029-66efd3a1bd45/none_v3" "tx9690dabce9bc40b6a363a-00692b9296" "proxy-server 90231" 0.0003 "-" 97453 0
Nov 29 19:40:54 np0005539973.novalocal object-server[97453]: ::1 - - [30/Nov/2025:00:40:54 +0000] "GET /1/166977/AUTH_d7431f1b3e4b40fe8ff42eb83afd437e/gnocchi.1eae07ef-250e-4fe2-a029-66efd3a1bd45/none_v3" 404 70 "GET http://[::1]:8080/v1/AUTH_d7431f1b3e4b40fe8ff42eb83afd437e/gnocchi.1eae07ef-250e-4fe2-a029-66efd3a1bd45/none_v3" "tx9690dabce9bc40b6a363a-00692b9296" "proxy-server 90231" 0.0003 "-" 97453 0
Nov 29 19:40:54 np0005539973.novalocal proxy-server[90231]: ::1 ::1 30/Nov/2025/00/40/54 GET /v1/AUTH_d7431f1b3e4b40fe8ff42eb83afd437e/gnocchi.1eae07ef-250e-4fe2-a029-66efd3a1bd45/none_v3 HTTP/1.0 404 - python-swiftclient-4.2.0 gAAAAABpK5KUEQfJ... - 70 - tx9690dabce9bc40b6a363a-00692b9296 - 0.0187 - - 1764463254.495204210 1764463254.513922930 0
Nov 29 19:40:54 np0005539973.novalocal object-server[97453]: ::1 - - [30/Nov/2025:00:40:54 +0000] "GET /1/65591/AUTH_d7431f1b3e4b40fe8ff42eb83afd437e/gnocchi.c84fb73f-90fa-4ce6-b982-b4bb9b29963a/1763640000.0_mean_300.0_v3" 404 70 "GET http://[::1]:8080/v1/AUTH_d7431f1b3e4b40fe8ff42eb83afd437e/gnocchi.c84fb73f-90fa-4ce6-b982-b4bb9b29963a/1763640000.0_mean_300.0_v3" "tx0f622d303a9e4d58b626e-00692b9296" "proxy-server 90232" 0.0003 "-" 97453 0
Nov 29 19:40:54 np0005539973.novalocal object-server[97452]: ::1 - - [30/Nov/2025:00:40:54 +0000] "GET /3/65591/AUTH_d7431f1b3e4b40fe8ff42eb83afd437e/gnocchi.c84fb73f-90fa-4ce6-b982-b4bb9b29963a/1763640000.0_mean_300.0_v3" 404 70 "GET http://[::1]:8080/v1/AUTH_d7431f1b3e4b40fe8ff42eb83afd437e/gnocchi.c84fb73f-90fa-4ce6-b982-b4bb9b29963a/1763640000.0_mean_300.0_v3" "tx0f622d303a9e4d58b626e-00692b9296" "proxy-server 90232" 0.0003 "-" 97452 0
Nov 29 19:40:54 np0005539973.novalocal object-server[97452]: ::1 - - [30/Nov/2025:00:40:54 +0000] "GET /2/65591/AUTH_d7431f1b3e4b40fe8ff42eb83afd437e/gnocchi.c84fb73f-90fa-4ce6-b982-b4bb9b29963a/1763640000.0_mean_300.0_v3" 404 70 "GET http://[::1]:8080/v1/AUTH_d7431f1b3e4b40fe8ff42eb83afd437e/gnocchi.c84fb73f-90fa-4ce6-b982-b4bb9b29963a/1763640000.0_mean_300.0_v3" "tx0f622d303a9e4d58b626e-00692b9296" "proxy-server 90232" 0.0003 "-" 97452 0
Nov 29 19:40:54 np0005539973.novalocal proxy-server[90232]: ::1 ::1 30/Nov/2025/00/40/54 GET /v1/AUTH_d7431f1b3e4b40fe8ff42eb83afd437e/gnocchi.c84fb73f-90fa-4ce6-b982-b4bb9b29963a/1763640000.0_mean_300.0_v3 HTTP/1.0 404 - python-swiftclient-4.2.0 gAAAAABpK5KUbDSc... - 70 - tx0f622d303a9e4d58b626e-00692b9296 - 0.0192 - - 1764463254.508311272 1764463254.527464628 0
Nov 29 19:40:54 np0005539973.novalocal account-server[96857]: ::1 - - [30/Nov/2025:00:40:54 +0000] "PUT /2/39192/AUTH_d7431f1b3e4b40fe8ff42eb83afd437e/gnocchi.1eae07ef-250e-4fe2-a029-66efd3a1bd45" 201 - "PUT http://[::1]:6001/2/127193/AUTH_d7431f1b3e4b40fe8ff42eb83afd437e/gnocchi.1eae07ef-250e-4fe2-a029-66efd3a1bd45" "txf1c571b63d6a42c3a6297-00692b9296" "container-server 97150" 0.0037 "-" 96857 0
Nov 29 19:40:54 np0005539973.novalocal container-server[97150]: ::1 - - [30/Nov/2025:00:40:54 +0000] "PUT /2/127193/AUTH_d7431f1b3e4b40fe8ff42eb83afd437e/gnocchi.1eae07ef-250e-4fe2-a029-66efd3a1bd45" 201 - "PUT http://[::1]:8080/v1/AUTH_d7431f1b3e4b40fe8ff42eb83afd437e/gnocchi.1eae07ef-250e-4fe2-a029-66efd3a1bd45" "txf1c571b63d6a42c3a6297-00692b9296" "proxy-server 90231" 0.0181 "-" 97150 0
Nov 29 19:40:54 np0005539973.novalocal account-server[96855]: ::1 - - [30/Nov/2025:00:40:54 +0000] "PUT /3/39192/AUTH_d7431f1b3e4b40fe8ff42eb83afd437e/gnocchi.1eae07ef-250e-4fe2-a029-66efd3a1bd45" 201 - "PUT http://[::1]:6001/3/127193/AUTH_d7431f1b3e4b40fe8ff42eb83afd437e/gnocchi.1eae07ef-250e-4fe2-a029-66efd3a1bd45" "txf1c571b63d6a42c3a6297-00692b9296" "container-server 97149" 0.0060 "-" 96855 0
Nov 29 19:40:54 np0005539973.novalocal container-server[97149]: ::1 - - [30/Nov/2025:00:40:54 +0000] "PUT /3/127193/AUTH_d7431f1b3e4b40fe8ff42eb83afd437e/gnocchi.1eae07ef-250e-4fe2-a029-66efd3a1bd45" 201 - "PUT http://[::1]:8080/v1/AUTH_d7431f1b3e4b40fe8ff42eb83afd437e/gnocchi.1eae07ef-250e-4fe2-a029-66efd3a1bd45" "txf1c571b63d6a42c3a6297-00692b9296" "proxy-server 90231" 0.0203 "-" 97149 0
Nov 29 19:40:54 np0005539973.novalocal account-server[96857]: ::1 - - [30/Nov/2025:00:40:54 +0000] "PUT /1/39192/AUTH_d7431f1b3e4b40fe8ff42eb83afd437e/gnocchi.1eae07ef-250e-4fe2-a029-66efd3a1bd45" 201 - "PUT http://[::1]:6001/1/127193/AUTH_d7431f1b3e4b40fe8ff42eb83afd437e/gnocchi.1eae07ef-250e-4fe2-a029-66efd3a1bd45" "txf1c571b63d6a42c3a6297-00692b9296" "container-server 97151" 0.0039 "-" 96857 0
Nov 29 19:40:54 np0005539973.novalocal container-server[97151]: ::1 - - [30/Nov/2025:00:40:54 +0000] "PUT /1/127193/AUTH_d7431f1b3e4b40fe8ff42eb83afd437e/gnocchi.1eae07ef-250e-4fe2-a029-66efd3a1bd45" 201 - "PUT http://[::1]:8080/v1/AUTH_d7431f1b3e4b40fe8ff42eb83afd437e/gnocchi.1eae07ef-250e-4fe2-a029-66efd3a1bd45" "txf1c571b63d6a42c3a6297-00692b9296" "proxy-server 90231" 0.0227 "-" 97151 0
Nov 29 19:40:54 np0005539973.novalocal proxy-server[90231]: ::1 ::1 30/Nov/2025/00/40/54 PUT /v1/AUTH_d7431f1b3e4b40fe8ff42eb83afd437e/gnocchi.1eae07ef-250e-4fe2-a029-66efd3a1bd45 HTTP/1.0 201 - python-swiftclient-4.2.0 gAAAAABpK5KUEQfJ... - - - txf1c571b63d6a42c3a6297-00692b9296 - 0.0284 - - 1764463254.516047955 1764463254.544408083 0
Nov 29 19:40:54 np0005539973.novalocal container-server[97148]: ::1 - - [30/Nov/2025:00:40:54 +0000] "HEAD /1/127193/AUTH_d7431f1b3e4b40fe8ff42eb83afd437e/gnocchi.1eae07ef-250e-4fe2-a029-66efd3a1bd45" 204 - "HEAD http://[::1]:8080/v1/AUTH_d7431f1b3e4b40fe8ff42eb83afd437e/gnocchi.1eae07ef-250e-4fe2-a029-66efd3a1bd45?format=json&states=listing" "tx0e43b31d654d41b2ac595-00692b9296" "proxy-server 90231" 0.0020 "-" 97148 0
Nov 29 19:40:54 np0005539973.novalocal container-server[97149]: ::1 - - [30/Nov/2025:00:40:54 +0000] "PUT /2/183964/AUTH_d7431f1b3e4b40fe8ff42eb83afd437e/gnocchi.c84fb73f-90fa-4ce6-b982-b4bb9b29963a/1763640000.0_mean_300.0_v3" 201 - "PUT http://[::1]:8080/1/65591/AUTH_d7431f1b3e4b40fe8ff42eb83afd437e/gnocchi.c84fb73f-90fa-4ce6-b982-b4bb9b29963a/1763640000.0_mean_300.0_v3" "tx62befcd2be264f45846a0-00692b9296" "object-server 97453" 0.0004 "-" 97149 0
Nov 29 19:40:54 np0005539973.novalocal object-server[97453]: ::1 - - [30/Nov/2025:00:40:54 +0000] "PUT /1/65591/AUTH_d7431f1b3e4b40fe8ff42eb83afd437e/gnocchi.c84fb73f-90fa-4ce6-b982-b4bb9b29963a/1763640000.0_mean_300.0_v3" 201 - "PUT http://[::1]:8080/v1/AUTH_d7431f1b3e4b40fe8ff42eb83afd437e/gnocchi.c84fb73f-90fa-4ce6-b982-b4bb9b29963a/1763640000.0_mean_300.0_v3" "tx62befcd2be264f45846a0-00692b9296" "proxy-server 90232" 0.0119 "-" 97453 0
Nov 29 19:40:54 np0005539973.novalocal container-server[97149]: ::1 - - [30/Nov/2025:00:40:54 +0000] "PUT /3/183964/AUTH_d7431f1b3e4b40fe8ff42eb83afd437e/gnocchi.c84fb73f-90fa-4ce6-b982-b4bb9b29963a/1763640000.0_mean_300.0_v3" 201 - "PUT http://[::1]:8080/3/65591/AUTH_d7431f1b3e4b40fe8ff42eb83afd437e/gnocchi.c84fb73f-90fa-4ce6-b982-b4bb9b29963a/1763640000.0_mean_300.0_v3" "tx62befcd2be264f45846a0-00692b9296" "object-server 97452" 0.0003 "-" 97149 0
Nov 29 19:40:54 np0005539973.novalocal container-server[97150]: ::1 - - [30/Nov/2025:00:40:54 +0000] "PUT /1/183964/AUTH_d7431f1b3e4b40fe8ff42eb83afd437e/gnocchi.c84fb73f-90fa-4ce6-b982-b4bb9b29963a/1763640000.0_mean_300.0_v3" 201 - "PUT http://[::1]:8080/2/65591/AUTH_d7431f1b3e4b40fe8ff42eb83afd437e/gnocchi.c84fb73f-90fa-4ce6-b982-b4bb9b29963a/1763640000.0_mean_300.0_v3" "tx62befcd2be264f45846a0-00692b9296" "object-server 97454" 0.0008 "-" 97150 0
Nov 29 19:40:54 np0005539973.novalocal object-server[97452]: ::1 - - [30/Nov/2025:00:40:54 +0000] "PUT /3/65591/AUTH_d7431f1b3e4b40fe8ff42eb83afd437e/gnocchi.c84fb73f-90fa-4ce6-b982-b4bb9b29963a/1763640000.0_mean_300.0_v3" 201 - "PUT http://[::1]:8080/v1/AUTH_d7431f1b3e4b40fe8ff42eb83afd437e/gnocchi.c84fb73f-90fa-4ce6-b982-b4bb9b29963a/1763640000.0_mean_300.0_v3" "tx62befcd2be264f45846a0-00692b9296" "proxy-server 90232" 0.0207 "-" 97452 0
Nov 29 19:40:54 np0005539973.novalocal object-server[97454]: ::1 - - [30/Nov/2025:00:40:54 +0000] "PUT /2/65591/AUTH_d7431f1b3e4b40fe8ff42eb83afd437e/gnocchi.c84fb73f-90fa-4ce6-b982-b4bb9b29963a/1763640000.0_mean_300.0_v3" 201 - "PUT http://[::1]:8080/v1/AUTH_d7431f1b3e4b40fe8ff42eb83afd437e/gnocchi.c84fb73f-90fa-4ce6-b982-b4bb9b29963a/1763640000.0_mean_300.0_v3" "tx62befcd2be264f45846a0-00692b9296" "proxy-server 90232" 0.0210 "-" 97454 0
Nov 29 19:40:54 np0005539973.novalocal proxy-server[90232]: ::1 ::1 30/Nov/2025/00/40/54 PUT /v1/AUTH_d7431f1b3e4b40fe8ff42eb83afd437e/gnocchi.c84fb73f-90fa-4ce6-b982-b4bb9b29963a/1763640000.0_mean_300.0_v3 HTTP/1.0 201 - python-swiftclient-4.2.0 gAAAAABpK5KUbDSc... 16 - - tx62befcd2be264f45846a0-00692b9296 - 0.0302 - - 1764463254.529691458 1764463254.559873819 0
Nov 29 19:40:54 np0005539973.novalocal container-server[97151]: ::1 - - [30/Nov/2025:00:40:54 +0000] "GET /3/127193/AUTH_d7431f1b3e4b40fe8ff42eb83afd437e/gnocchi.1eae07ef-250e-4fe2-a029-66efd3a1bd45" 200 2 "GET http://[::1]:8080/v1/AUTH_d7431f1b3e4b40fe8ff42eb83afd437e/gnocchi.1eae07ef-250e-4fe2-a029-66efd3a1bd45?format=json&states=listing" "tx0e43b31d654d41b2ac595-00692b9296" "proxy-server 90231" 0.0043 "-" 97151 0
Nov 29 19:40:54 np0005539973.novalocal proxy-server[90231]: ::1 ::1 30/Nov/2025/00/40/54 GET /v1/AUTH_d7431f1b3e4b40fe8ff42eb83afd437e/gnocchi.1eae07ef-250e-4fe2-a029-66efd3a1bd45%3Fformat%3Djson%26states%3Dlisting HTTP/1.0 200 - python-swiftclient-4.2.0 gAAAAABpK5KUEQfJ... - 2 - tx0e43b31d654d41b2ac595-00692b9296 - 0.0155 - - 1764463254.547253609 1764463254.562739849 0
Nov 29 19:40:54 np0005539973.novalocal object-server[97455]: ::1 - - [30/Nov/2025:00:40:54 +0000] "GET /1/72440/AUTH_d7431f1b3e4b40fe8ff42eb83afd437e/gnocchi.1eae07ef-250e-4fe2-a029-66efd3a1bd45/1763640000.0_mean_300.0_v3" 404 70 "GET http://[::1]:8080/v1/AUTH_d7431f1b3e4b40fe8ff42eb83afd437e/gnocchi.1eae07ef-250e-4fe2-a029-66efd3a1bd45/1763640000.0_mean_300.0_v3" "txed6dd4c04f37451fb4224-00692b9296" "proxy-server 90231" 0.0003 "-" 97455 0
Nov 29 19:40:54 np0005539973.novalocal object-server[97455]: ::1 - - [30/Nov/2025:00:40:54 +0000] "GET /3/72440/AUTH_d7431f1b3e4b40fe8ff42eb83afd437e/gnocchi.1eae07ef-250e-4fe2-a029-66efd3a1bd45/1763640000.0_mean_300.0_v3" 404 70 "GET http://[::1]:8080/v1/AUTH_d7431f1b3e4b40fe8ff42eb83afd437e/gnocchi.1eae07ef-250e-4fe2-a029-66efd3a1bd45/1763640000.0_mean_300.0_v3" "txed6dd4c04f37451fb4224-00692b9296" "proxy-server 90231" 0.0002 "-" 97455 0
Nov 29 19:40:54 np0005539973.novalocal object-server[97455]: ::1 - - [30/Nov/2025:00:40:54 +0000] "GET /2/72440/AUTH_d7431f1b3e4b40fe8ff42eb83afd437e/gnocchi.1eae07ef-250e-4fe2-a029-66efd3a1bd45/1763640000.0_mean_300.0_v3" 404 70 "GET http://[::1]:8080/v1/AUTH_d7431f1b3e4b40fe8ff42eb83afd437e/gnocchi.1eae07ef-250e-4fe2-a029-66efd3a1bd45/1763640000.0_mean_300.0_v3" "txed6dd4c04f37451fb4224-00692b9296" "proxy-server 90231" 0.0005 "-" 97455 0
Nov 29 19:40:54 np0005539973.novalocal proxy-server[90231]: ::1 ::1 30/Nov/2025/00/40/54 GET /v1/AUTH_d7431f1b3e4b40fe8ff42eb83afd437e/gnocchi.1eae07ef-250e-4fe2-a029-66efd3a1bd45/1763640000.0_mean_300.0_v3 HTTP/1.0 404 - python-swiftclient-4.2.0 gAAAAABpK5KUEQfJ... - 70 - txed6dd4c04f37451fb4224-00692b9296 - 0.0128 - - 1764463254.565385580 1764463254.578188658 0
Nov 29 19:40:54 np0005539973.novalocal container-server[97148]: ::1 - - [30/Nov/2025:00:40:54 +0000] "PUT /2/183964/AUTH_d7431f1b3e4b40fe8ff42eb83afd437e/gnocchi.c84fb73f-90fa-4ce6-b982-b4bb9b29963a/none_v3" 201 - "PUT http://[::1]:8080/1/44686/AUTH_d7431f1b3e4b40fe8ff42eb83afd437e/gnocchi.c84fb73f-90fa-4ce6-b982-b4bb9b29963a/none_v3" "tx81d59bf968674782ad959-00692b9296" "object-server 97454" 0.0006 "-" 97148 0
Nov 29 19:40:54 np0005539973.novalocal container-server[97150]: ::1 - - [30/Nov/2025:00:40:54 +0000] "PUT /1/183964/AUTH_d7431f1b3e4b40fe8ff42eb83afd437e/gnocchi.c84fb73f-90fa-4ce6-b982-b4bb9b29963a/none_v3" 201 - "PUT http://[::1]:8080/3/44686/AUTH_d7431f1b3e4b40fe8ff42eb83afd437e/gnocchi.c84fb73f-90fa-4ce6-b982-b4bb9b29963a/none_v3" "tx81d59bf968674782ad959-00692b9296" "object-server 97455" 0.0012 "-" 97150 0
Nov 29 19:40:54 np0005539973.novalocal container-server[97151]: ::1 - - [30/Nov/2025:00:40:54 +0000] "PUT /3/183964/AUTH_d7431f1b3e4b40fe8ff42eb83afd437e/gnocchi.c84fb73f-90fa-4ce6-b982-b4bb9b29963a/none_v3" 201 - "PUT http://[::1]:8080/2/44686/AUTH_d7431f1b3e4b40fe8ff42eb83afd437e/gnocchi.c84fb73f-90fa-4ce6-b982-b4bb9b29963a/none_v3" "tx81d59bf968674782ad959-00692b9296" "object-server 97454" 0.0006 "-" 97151 0
Nov 29 19:40:54 np0005539973.novalocal object-server[97455]: ::1 - - [30/Nov/2025:00:40:54 +0000] "PUT /3/44686/AUTH_d7431f1b3e4b40fe8ff42eb83afd437e/gnocchi.c84fb73f-90fa-4ce6-b982-b4bb9b29963a/none_v3" 201 - "PUT http://[::1]:8080/v1/AUTH_d7431f1b3e4b40fe8ff42eb83afd437e/gnocchi.c84fb73f-90fa-4ce6-b982-b4bb9b29963a/none_v3" "tx81d59bf968674782ad959-00692b9296" "proxy-server 90232" 0.0191 "-" 97455 0
Nov 29 19:40:54 np0005539973.novalocal object-server[97454]: ::1 - - [30/Nov/2025:00:40:54 +0000] "PUT /1/44686/AUTH_d7431f1b3e4b40fe8ff42eb83afd437e/gnocchi.c84fb73f-90fa-4ce6-b982-b4bb9b29963a/none_v3" 201 - "PUT http://[::1]:8080/v1/AUTH_d7431f1b3e4b40fe8ff42eb83afd437e/gnocchi.c84fb73f-90fa-4ce6-b982-b4bb9b29963a/none_v3" "tx81d59bf968674782ad959-00692b9296" "proxy-server 90232" 0.0274 "-" 97454 0
Nov 29 19:40:54 np0005539973.novalocal object-server[97454]: ::1 - - [30/Nov/2025:00:40:54 +0000] "PUT /2/44686/AUTH_d7431f1b3e4b40fe8ff42eb83afd437e/gnocchi.c84fb73f-90fa-4ce6-b982-b4bb9b29963a/none_v3" 201 - "PUT http://[::1]:8080/v1/AUTH_d7431f1b3e4b40fe8ff42eb83afd437e/gnocchi.c84fb73f-90fa-4ce6-b982-b4bb9b29963a/none_v3" "tx81d59bf968674782ad959-00692b9296" "proxy-server 90232" 0.0275 "-" 97454 0
Nov 29 19:40:54 np0005539973.novalocal proxy-server[90232]: ::1 ::1 30/Nov/2025/00/40/54 PUT /v1/AUTH_d7431f1b3e4b40fe8ff42eb83afd437e/gnocchi.c84fb73f-90fa-4ce6-b982-b4bb9b29963a/none_v3 HTTP/1.0 201 - python-swiftclient-4.2.0 gAAAAABpK5KUbDSc... 22 - - tx81d59bf968674782ad959-00692b9296 - 0.0388 - - 1764463254.562062740 1764463254.600868940 0
Nov 29 19:40:54 np0005539973.novalocal container-server[97149]: ::1 - - [30/Nov/2025:00:40:54 +0000] "HEAD /2/227211/AUTH_d7431f1b3e4b40fe8ff42eb83afd437e/gnocchi.05f57873-44fa-431c-9368-a4817c018eff" 404 - "HEAD http://[::1]:8080/v1/AUTH_d7431f1b3e4b40fe8ff42eb83afd437e/gnocchi.05f57873-44fa-431c-9368-a4817c018eff?format=json&states=listing" "txe16f85abbc8c49148de64-00692b9296" "proxy-server 90232" 0.0004 "-" 97149 0
Nov 29 19:40:54 np0005539973.novalocal container-server[97148]: ::1 - - [30/Nov/2025:00:40:54 +0000] "HEAD /3/227211/AUTH_d7431f1b3e4b40fe8ff42eb83afd437e/gnocchi.05f57873-44fa-431c-9368-a4817c018eff" 404 - "HEAD http://[::1]:8080/v1/AUTH_d7431f1b3e4b40fe8ff42eb83afd437e/gnocchi.05f57873-44fa-431c-9368-a4817c018eff?format=json&states=listing" "txe16f85abbc8c49148de64-00692b9296" "proxy-server 90232" 0.0003 "-" 97148 0
Nov 29 19:40:54 np0005539973.novalocal container-server[97148]: ::1 - - [30/Nov/2025:00:40:54 +0000] "HEAD /1/227211/AUTH_d7431f1b3e4b40fe8ff42eb83afd437e/gnocchi.05f57873-44fa-431c-9368-a4817c018eff" 404 - "HEAD http://[::1]:8080/v1/AUTH_d7431f1b3e4b40fe8ff42eb83afd437e/gnocchi.05f57873-44fa-431c-9368-a4817c018eff?format=json&states=listing" "txe16f85abbc8c49148de64-00692b9296" "proxy-server 90232" 0.0002 "-" 97148 0
Nov 29 19:40:54 np0005539973.novalocal container-server[97150]: ::1 - - [30/Nov/2025:00:40:54 +0000] "PUT /1/127193/AUTH_d7431f1b3e4b40fe8ff42eb83afd437e/gnocchi.1eae07ef-250e-4fe2-a029-66efd3a1bd45/1763640000.0_mean_300.0_v3" 201 - "PUT http://[::1]:8080/3/72440/AUTH_d7431f1b3e4b40fe8ff42eb83afd437e/gnocchi.1eae07ef-250e-4fe2-a029-66efd3a1bd45/1763640000.0_mean_300.0_v3" "tx1b3c08841fcc4b0094e42-00692b9296" "object-server 97453" 0.0005 "-" 97150 0
Nov 29 19:40:54 np0005539973.novalocal object-server[97453]: ::1 - - [30/Nov/2025:00:40:54 +0000] "PUT /3/72440/AUTH_d7431f1b3e4b40fe8ff42eb83afd437e/gnocchi.1eae07ef-250e-4fe2-a029-66efd3a1bd45/1763640000.0_mean_300.0_v3" 201 - "PUT http://[::1]:8080/v1/AUTH_d7431f1b3e4b40fe8ff42eb83afd437e/gnocchi.1eae07ef-250e-4fe2-a029-66efd3a1bd45/1763640000.0_mean_300.0_v3" "tx1b3c08841fcc4b0094e42-00692b9296" "proxy-server 90231" 0.0287 "-" 97453 0
Nov 29 19:40:54 np0005539973.novalocal container-server[97150]: ::1 - - [30/Nov/2025:00:40:54 +0000] "PUT /2/127193/AUTH_d7431f1b3e4b40fe8ff42eb83afd437e/gnocchi.1eae07ef-250e-4fe2-a029-66efd3a1bd45/1763640000.0_mean_300.0_v3" 201 - "PUT http://[::1]:8080/2/72440/AUTH_d7431f1b3e4b40fe8ff42eb83afd437e/gnocchi.1eae07ef-250e-4fe2-a029-66efd3a1bd45/1763640000.0_mean_300.0_v3" "tx1b3c08841fcc4b0094e42-00692b9296" "object-server 97454" 0.0003 "-" 97150 0
Nov 29 19:40:54 np0005539973.novalocal object-server[97454]: ::1 - - [30/Nov/2025:00:40:54 +0000] "PUT /2/72440/AUTH_d7431f1b3e4b40fe8ff42eb83afd437e/gnocchi.1eae07ef-250e-4fe2-a029-66efd3a1bd45/1763640000.0_mean_300.0_v3" 201 - "PUT http://[::1]:8080/v1/AUTH_d7431f1b3e4b40fe8ff42eb83afd437e/gnocchi.1eae07ef-250e-4fe2-a029-66efd3a1bd45/1763640000.0_mean_300.0_v3" "tx1b3c08841fcc4b0094e42-00692b9296" "proxy-server 90231" 0.0169 "-" 97454 0
Nov 29 19:40:54 np0005539973.novalocal container-server[97150]: ::1 - - [30/Nov/2025:00:40:54 +0000] "PUT /3/127193/AUTH_d7431f1b3e4b40fe8ff42eb83afd437e/gnocchi.1eae07ef-250e-4fe2-a029-66efd3a1bd45/1763640000.0_mean_300.0_v3" 201 - "PUT http://[::1]:8080/1/72440/AUTH_d7431f1b3e4b40fe8ff42eb83afd437e/gnocchi.1eae07ef-250e-4fe2-a029-66efd3a1bd45/1763640000.0_mean_300.0_v3" "tx1b3c08841fcc4b0094e42-00692b9296" "object-server 97452" 0.0004 "-" 97150 0
Nov 29 19:40:54 np0005539973.novalocal object-server[97452]: ::1 - - [30/Nov/2025:00:40:54 +0000] "PUT /1/72440/AUTH_d7431f1b3e4b40fe8ff42eb83afd437e/gnocchi.1eae07ef-250e-4fe2-a029-66efd3a1bd45/1763640000.0_mean_300.0_v3" 201 - "PUT http://[::1]:8080/v1/AUTH_d7431f1b3e4b40fe8ff42eb83afd437e/gnocchi.1eae07ef-250e-4fe2-a029-66efd3a1bd45/1763640000.0_mean_300.0_v3" "tx1b3c08841fcc4b0094e42-00692b9296" "proxy-server 90231" 0.0299 "-" 97452 0
Nov 29 19:40:54 np0005539973.novalocal proxy-server[90231]: ::1 ::1 30/Nov/2025/00/40/54 PUT /v1/AUTH_d7431f1b3e4b40fe8ff42eb83afd437e/gnocchi.1eae07ef-250e-4fe2-a029-66efd3a1bd45/1763640000.0_mean_300.0_v3 HTTP/1.0 201 - python-swiftclient-4.2.0 gAAAAABpK5KUEQfJ... 16 - - tx1b3c08841fcc4b0094e42-00692b9296 - 0.0387 - - 1764463254.581120968 1764463254.619815588 0
Nov 29 19:40:54 np0005539973.novalocal object-server[97455]: ::1 - - [30/Nov/2025:00:40:54 +0000] "GET /1/118065/AUTH_d7431f1b3e4b40fe8ff42eb83afd437e/gnocchi.05f57873-44fa-431c-9368-a4817c018eff/none_v3" 404 70 "GET http://[::1]:8080/v1/AUTH_d7431f1b3e4b40fe8ff42eb83afd437e/gnocchi.05f57873-44fa-431c-9368-a4817c018eff/none_v3" "txe16f85abbc8c49148de64-00692b9296" "proxy-server 90232" 0.0002 "-" 97455 0
Nov 29 19:40:54 np0005539973.novalocal object-server[97455]: ::1 - - [30/Nov/2025:00:40:54 +0000] "GET /3/118065/AUTH_d7431f1b3e4b40fe8ff42eb83afd437e/gnocchi.05f57873-44fa-431c-9368-a4817c018eff/none_v3" 404 70 "GET http://[::1]:8080/v1/AUTH_d7431f1b3e4b40fe8ff42eb83afd437e/gnocchi.05f57873-44fa-431c-9368-a4817c018eff/none_v3" "txe16f85abbc8c49148de64-00692b9296" "proxy-server 90232" 0.0001 "-" 97455 0
Nov 29 19:40:54 np0005539973.novalocal object-server[97452]: ::1 - - [30/Nov/2025:00:40:54 +0000] "GET /2/118065/AUTH_d7431f1b3e4b40fe8ff42eb83afd437e/gnocchi.05f57873-44fa-431c-9368-a4817c018eff/none_v3" 404 70 "GET http://[::1]:8080/v1/AUTH_d7431f1b3e4b40fe8ff42eb83afd437e/gnocchi.05f57873-44fa-431c-9368-a4817c018eff/none_v3" "txe16f85abbc8c49148de64-00692b9296" "proxy-server 90232" 0.0004 "-" 97452 0
Nov 29 19:40:54 np0005539973.novalocal proxy-server[90232]: ::1 ::1 30/Nov/2025/00/40/54 GET /v1/AUTH_d7431f1b3e4b40fe8ff42eb83afd437e/gnocchi.05f57873-44fa-431c-9368-a4817c018eff/none_v3 HTTP/1.0 404 - python-swiftclient-4.2.0 gAAAAABpK5KUbDSc... - 70 - txe16f85abbc8c49148de64-00692b9296 - 0.0209 - - 1764463254.608242273 1764463254.629135609 0
Nov 29 19:40:54 np0005539973.novalocal account-server[96858]: ::1 - - [30/Nov/2025:00:40:54 +0000] "PUT /2/39192/AUTH_d7431f1b3e4b40fe8ff42eb83afd437e/gnocchi.05f57873-44fa-431c-9368-a4817c018eff" 201 - "PUT http://[::1]:6001/2/227211/AUTH_d7431f1b3e4b40fe8ff42eb83afd437e/gnocchi.05f57873-44fa-431c-9368-a4817c018eff" "txff927e919ce244708dc9f-00692b9296" "container-server 97148" 0.0037 "-" 96858 0
Nov 29 19:40:54 np0005539973.novalocal container-server[97151]: ::1 - - [30/Nov/2025:00:40:54 +0000] "PUT /2/127193/AUTH_d7431f1b3e4b40fe8ff42eb83afd437e/gnocchi.1eae07ef-250e-4fe2-a029-66efd3a1bd45/none_v3" 201 - "PUT http://[::1]:8080/2/166977/AUTH_d7431f1b3e4b40fe8ff42eb83afd437e/gnocchi.1eae07ef-250e-4fe2-a029-66efd3a1bd45/none_v3" "tx23c5311edcac4e668001d-00692b9296" "object-server 97452" 0.0004 "-" 97151 0
Nov 29 19:40:54 np0005539973.novalocal object-server[97452]: ::1 - - [30/Nov/2025:00:40:54 +0000] "PUT /2/166977/AUTH_d7431f1b3e4b40fe8ff42eb83afd437e/gnocchi.1eae07ef-250e-4fe2-a029-66efd3a1bd45/none_v3" 201 - "PUT http://[::1]:8080/v1/AUTH_d7431f1b3e4b40fe8ff42eb83afd437e/gnocchi.1eae07ef-250e-4fe2-a029-66efd3a1bd45/none_v3" "tx23c5311edcac4e668001d-00692b9296" "proxy-server 90231" 0.0248 "-" 97452 0
Nov 29 19:40:54 np0005539973.novalocal account-server[96855]: ::1 - - [30/Nov/2025:00:40:54 +0000] "PUT /1/39192/AUTH_d7431f1b3e4b40fe8ff42eb83afd437e/gnocchi.05f57873-44fa-431c-9368-a4817c018eff" 201 - "PUT http://[::1]:6001/1/227211/AUTH_d7431f1b3e4b40fe8ff42eb83afd437e/gnocchi.05f57873-44fa-431c-9368-a4817c018eff" "txff927e919ce244708dc9f-00692b9296" "container-server 97151" 0.0037 "-" 96855 0
Nov 29 19:40:54 np0005539973.novalocal container-server[97148]: ::1 - - [30/Nov/2025:00:40:54 +0000] "PUT /2/227211/AUTH_d7431f1b3e4b40fe8ff42eb83afd437e/gnocchi.05f57873-44fa-431c-9368-a4817c018eff" 201 - "PUT http://[::1]:8080/v1/AUTH_d7431f1b3e4b40fe8ff42eb83afd437e/gnocchi.05f57873-44fa-431c-9368-a4817c018eff" "txff927e919ce244708dc9f-00692b9296" "proxy-server 90232" 0.0221 "-" 97148 0
Nov 29 19:40:54 np0005539973.novalocal container-server[97148]: ::1 - - [30/Nov/2025:00:40:54 +0000] "PUT /3/127193/AUTH_d7431f1b3e4b40fe8ff42eb83afd437e/gnocchi.1eae07ef-250e-4fe2-a029-66efd3a1bd45/none_v3" 201 - "PUT http://[::1]:8080/1/166977/AUTH_d7431f1b3e4b40fe8ff42eb83afd437e/gnocchi.1eae07ef-250e-4fe2-a029-66efd3a1bd45/none_v3" "tx23c5311edcac4e668001d-00692b9296" "object-server 97453" 0.0003 "-" 97148 0
Nov 29 19:40:54 np0005539973.novalocal container-server[97148]: ::1 - - [30/Nov/2025:00:40:54 +0000] "PUT /1/127193/AUTH_d7431f1b3e4b40fe8ff42eb83afd437e/gnocchi.1eae07ef-250e-4fe2-a029-66efd3a1bd45/none_v3" 201 - "PUT http://[::1]:8080/3/166977/AUTH_d7431f1b3e4b40fe8ff42eb83afd437e/gnocchi.1eae07ef-250e-4fe2-a029-66efd3a1bd45/none_v3" "tx23c5311edcac4e668001d-00692b9296" "object-server 97453" 0.0003 "-" 97148 0
Nov 29 19:40:54 np0005539973.novalocal object-server[97453]: ::1 - - [30/Nov/2025:00:40:54 +0000] "PUT /1/166977/AUTH_d7431f1b3e4b40fe8ff42eb83afd437e/gnocchi.1eae07ef-250e-4fe2-a029-66efd3a1bd45/none_v3" 201 - "PUT http://[::1]:8080/v1/AUTH_d7431f1b3e4b40fe8ff42eb83afd437e/gnocchi.1eae07ef-250e-4fe2-a029-66efd3a1bd45/none_v3" "tx23c5311edcac4e668001d-00692b9296" "proxy-server 90231" 0.0288 "-" 97453 0
Nov 29 19:40:54 np0005539973.novalocal container-server[97151]: ::1 - - [30/Nov/2025:00:40:54 +0000] "PUT /1/227211/AUTH_d7431f1b3e4b40fe8ff42eb83afd437e/gnocchi.05f57873-44fa-431c-9368-a4817c018eff" 201 - "PUT http://[::1]:8080/v1/AUTH_d7431f1b3e4b40fe8ff42eb83afd437e/gnocchi.05f57873-44fa-431c-9368-a4817c018eff" "txff927e919ce244708dc9f-00692b9296" "proxy-server 90232" 0.0215 "-" 97151 0
Nov 29 19:40:54 np0005539973.novalocal object-server[97453]: ::1 - - [30/Nov/2025:00:40:54 +0000] "PUT /3/166977/AUTH_d7431f1b3e4b40fe8ff42eb83afd437e/gnocchi.1eae07ef-250e-4fe2-a029-66efd3a1bd45/none_v3" 201 - "PUT http://[::1]:8080/v1/AUTH_d7431f1b3e4b40fe8ff42eb83afd437e/gnocchi.1eae07ef-250e-4fe2-a029-66efd3a1bd45/none_v3" "tx23c5311edcac4e668001d-00692b9296" "proxy-server 90231" 0.0321 "-" 97453 0
Nov 29 19:40:54 np0005539973.novalocal account-server[96857]: ::1 - - [30/Nov/2025:00:40:54 +0000] "PUT /3/39192/AUTH_d7431f1b3e4b40fe8ff42eb83afd437e/gnocchi.05f57873-44fa-431c-9368-a4817c018eff" 201 - "PUT http://[::1]:6001/3/227211/AUTH_d7431f1b3e4b40fe8ff42eb83afd437e/gnocchi.05f57873-44fa-431c-9368-a4817c018eff" "txff927e919ce244708dc9f-00692b9296" "container-server 97148" 0.0041 "-" 96857 0
Nov 29 19:40:54 np0005539973.novalocal proxy-server[90231]: ::1 ::1 30/Nov/2025/00/40/54 PUT /v1/AUTH_d7431f1b3e4b40fe8ff42eb83afd437e/gnocchi.1eae07ef-250e-4fe2-a029-66efd3a1bd45/none_v3 HTTP/1.0 201 - python-swiftclient-4.2.0 gAAAAABpK5KUEQfJ... 22 - - tx23c5311edcac4e668001d-00692b9296 - 0.0382 - - 1764463254.622649193 1764463254.660894156 0
Nov 29 19:40:54 np0005539973.novalocal container-server[97148]: ::1 - - [30/Nov/2025:00:40:54 +0000] "PUT /3/227211/AUTH_d7431f1b3e4b40fe8ff42eb83afd437e/gnocchi.05f57873-44fa-431c-9368-a4817c018eff" 201 - "PUT http://[::1]:8080/v1/AUTH_d7431f1b3e4b40fe8ff42eb83afd437e/gnocchi.05f57873-44fa-431c-9368-a4817c018eff" "txff927e919ce244708dc9f-00692b9296" "proxy-server 90232" 0.0167 "-" 97148 0
Nov 29 19:40:54 np0005539973.novalocal proxy-server[90232]: ::1 ::1 30/Nov/2025/00/40/54 PUT /v1/AUTH_d7431f1b3e4b40fe8ff42eb83afd437e/gnocchi.05f57873-44fa-431c-9368-a4817c018eff HTTP/1.0 201 - python-swiftclient-4.2.0 gAAAAABpK5KUbDSc... - - - txff927e919ce244708dc9f-00692b9296 - 0.0347 - - 1764463254.631292820 1764463254.665948629 0
Nov 29 19:40:54 np0005539973.novalocal container-server[97151]: ::1 - - [30/Nov/2025:00:40:54 +0000] "HEAD /2/191332/AUTH_d7431f1b3e4b40fe8ff42eb83afd437e/gnocchi.487fcbb7-7e5f-4f1d-982e-e73469e85047" 404 - "HEAD http://[::1]:8080/v1/AUTH_d7431f1b3e4b40fe8ff42eb83afd437e/gnocchi.487fcbb7-7e5f-4f1d-982e-e73469e85047?format=json&states=listing" "tx9a5eeea24ca941f19e42d-00692b9296" "proxy-server 90231" 0.0002 "-" 97151 0
Nov 29 19:40:54 np0005539973.novalocal container-server[97151]: ::1 - - [30/Nov/2025:00:40:54 +0000] "HEAD /3/191332/AUTH_d7431f1b3e4b40fe8ff42eb83afd437e/gnocchi.487fcbb7-7e5f-4f1d-982e-e73469e85047" 404 - "HEAD http://[::1]:8080/v1/AUTH_d7431f1b3e4b40fe8ff42eb83afd437e/gnocchi.487fcbb7-7e5f-4f1d-982e-e73469e85047?format=json&states=listing" "tx9a5eeea24ca941f19e42d-00692b9296" "proxy-server 90231" 0.0002 "-" 97151 0
Nov 29 19:40:54 np0005539973.novalocal container-server[97149]: ::1 - - [30/Nov/2025:00:40:54 +0000] "HEAD /2/227211/AUTH_d7431f1b3e4b40fe8ff42eb83afd437e/gnocchi.05f57873-44fa-431c-9368-a4817c018eff" 204 - "HEAD http://[::1]:8080/v1/AUTH_d7431f1b3e4b40fe8ff42eb83afd437e/gnocchi.05f57873-44fa-431c-9368-a4817c018eff?format=json&states=listing" "txef9a3cd13c874251833e3-00692b9296" "proxy-server 90232" 0.0016 "-" 97149 0
Nov 29 19:40:54 np0005539973.novalocal container-server[97148]: ::1 - - [30/Nov/2025:00:40:54 +0000] "HEAD /1/191332/AUTH_d7431f1b3e4b40fe8ff42eb83afd437e/gnocchi.487fcbb7-7e5f-4f1d-982e-e73469e85047" 404 - "HEAD http://[::1]:8080/v1/AUTH_d7431f1b3e4b40fe8ff42eb83afd437e/gnocchi.487fcbb7-7e5f-4f1d-982e-e73469e85047?format=json&states=listing" "tx9a5eeea24ca941f19e42d-00692b9296" "proxy-server 90231" 0.0004 "-" 97148 0
Nov 29 19:40:54 np0005539973.novalocal object-server[97453]: ::1 - - [30/Nov/2025:00:40:54 +0000] "GET /3/132033/AUTH_d7431f1b3e4b40fe8ff42eb83afd437e/gnocchi.487fcbb7-7e5f-4f1d-982e-e73469e85047/none_v3" 404 70 "GET http://[::1]:8080/v1/AUTH_d7431f1b3e4b40fe8ff42eb83afd437e/gnocchi.487fcbb7-7e5f-4f1d-982e-e73469e85047/none_v3" "tx9a5eeea24ca941f19e42d-00692b9296" "proxy-server 90231" 0.0003 "-" 97453 0
Nov 29 19:40:54 np0005539973.novalocal container-server[97149]: ::1 - - [30/Nov/2025:00:40:54 +0000] "GET /3/227211/AUTH_d7431f1b3e4b40fe8ff42eb83afd437e/gnocchi.05f57873-44fa-431c-9368-a4817c018eff" 200 2 "GET http://[::1]:8080/v1/AUTH_d7431f1b3e4b40fe8ff42eb83afd437e/gnocchi.05f57873-44fa-431c-9368-a4817c018eff?format=json&states=listing" "txef9a3cd13c874251833e3-00692b9296" "proxy-server 90232" 0.0020 "-" 97149 0
Nov 29 19:40:54 np0005539973.novalocal object-server[97453]: ::1 - - [30/Nov/2025:00:40:54 +0000] "GET /1/132033/AUTH_d7431f1b3e4b40fe8ff42eb83afd437e/gnocchi.487fcbb7-7e5f-4f1d-982e-e73469e85047/none_v3" 404 70 "GET http://[::1]:8080/v1/AUTH_d7431f1b3e4b40fe8ff42eb83afd437e/gnocchi.487fcbb7-7e5f-4f1d-982e-e73469e85047/none_v3" "tx9a5eeea24ca941f19e42d-00692b9296" "proxy-server 90231" 0.0007 "-" 97453 0
Nov 29 19:40:54 np0005539973.novalocal proxy-server[90232]: ::1 ::1 30/Nov/2025/00/40/54 GET /v1/AUTH_d7431f1b3e4b40fe8ff42eb83afd437e/gnocchi.05f57873-44fa-431c-9368-a4817c018eff%3Fformat%3Djson%26states%3Dlisting HTTP/1.0 200 - python-swiftclient-4.2.0 gAAAAABpK5KUbDSc... - 2 - txef9a3cd13c874251833e3-00692b9296 - 0.0134 - - 1764463254.672318459 1764463254.685757637 0
Nov 29 19:40:54 np0005539973.novalocal object-server[97453]: ::1 - - [30/Nov/2025:00:40:54 +0000] "GET /2/132033/AUTH_d7431f1b3e4b40fe8ff42eb83afd437e/gnocchi.487fcbb7-7e5f-4f1d-982e-e73469e85047/none_v3" 404 70 "GET http://[::1]:8080/v1/AUTH_d7431f1b3e4b40fe8ff42eb83afd437e/gnocchi.487fcbb7-7e5f-4f1d-982e-e73469e85047/none_v3" "tx9a5eeea24ca941f19e42d-00692b9296" "proxy-server 90231" 0.0005 "-" 97453 0
Nov 29 19:40:54 np0005539973.novalocal proxy-server[90231]: ::1 ::1 30/Nov/2025/00/40/54 GET /v1/AUTH_d7431f1b3e4b40fe8ff42eb83afd437e/gnocchi.487fcbb7-7e5f-4f1d-982e-e73469e85047/none_v3 HTTP/1.0 404 - python-swiftclient-4.2.0 gAAAAABpK5KUEQfJ... - 70 - tx9a5eeea24ca941f19e42d-00692b9296 - 0.0214 - - 1764463254.670207024 1764463254.691567421 0
Nov 29 19:40:54 np0005539973.novalocal object-server[97455]: ::1 - - [30/Nov/2025:00:40:54 +0000] "GET /1/144194/AUTH_d7431f1b3e4b40fe8ff42eb83afd437e/gnocchi.05f57873-44fa-431c-9368-a4817c018eff/1763640000.0_mean_300.0_v3" 404 70 "GET http://[::1]:8080/v1/AUTH_d7431f1b3e4b40fe8ff42eb83afd437e/gnocchi.05f57873-44fa-431c-9368-a4817c018eff/1763640000.0_mean_300.0_v3" "txed10140c4d5a4466bd962-00692b9296" "proxy-server 90232" 0.0003 "-" 97455 0
Nov 29 19:40:54 np0005539973.novalocal object-server[97454]: ::1 - - [30/Nov/2025:00:40:54 +0000] "GET /2/144194/AUTH_d7431f1b3e4b40fe8ff42eb83afd437e/gnocchi.05f57873-44fa-431c-9368-a4817c018eff/1763640000.0_mean_300.0_v3" 404 70 "GET http://[::1]:8080/v1/AUTH_d7431f1b3e4b40fe8ff42eb83afd437e/gnocchi.05f57873-44fa-431c-9368-a4817c018eff/1763640000.0_mean_300.0_v3" "txed10140c4d5a4466bd962-00692b9296" "proxy-server 90232" 0.0002 "-" 97454 0
Nov 29 19:40:54 np0005539973.novalocal object-server[97452]: ::1 - - [30/Nov/2025:00:40:54 +0000] "GET /3/144194/AUTH_d7431f1b3e4b40fe8ff42eb83afd437e/gnocchi.05f57873-44fa-431c-9368-a4817c018eff/1763640000.0_mean_300.0_v3" 404 70 "GET http://[::1]:8080/v1/AUTH_d7431f1b3e4b40fe8ff42eb83afd437e/gnocchi.05f57873-44fa-431c-9368-a4817c018eff/1763640000.0_mean_300.0_v3" "txed10140c4d5a4466bd962-00692b9296" "proxy-server 90232" 0.0005 "-" 97452 0
Nov 29 19:40:54 np0005539973.novalocal proxy-server[90232]: ::1 ::1 30/Nov/2025/00/40/54 GET /v1/AUTH_d7431f1b3e4b40fe8ff42eb83afd437e/gnocchi.05f57873-44fa-431c-9368-a4817c018eff/1763640000.0_mean_300.0_v3 HTTP/1.0 404 - python-swiftclient-4.2.0 gAAAAABpK5KUbDSc... - 70 - txed10140c4d5a4466bd962-00692b9296 - 0.0146 - - 1764463254.688930035 1764463254.703543901 0
Nov 29 19:40:54 np0005539973.novalocal account-server[96858]: ::1 - - [30/Nov/2025:00:40:54 +0000] "PUT /1/39192/AUTH_d7431f1b3e4b40fe8ff42eb83afd437e/gnocchi.487fcbb7-7e5f-4f1d-982e-e73469e85047" 201 - "PUT http://[::1]:6001/2/191332/AUTH_d7431f1b3e4b40fe8ff42eb83afd437e/gnocchi.487fcbb7-7e5f-4f1d-982e-e73469e85047" "txfadd22769e9b4188add77-00692b9296" "container-server 97149" 0.0044 "-" 96858 0
Nov 29 19:40:54 np0005539973.novalocal container-server[97149]: ::1 - - [30/Nov/2025:00:40:54 +0000] "PUT /2/191332/AUTH_d7431f1b3e4b40fe8ff42eb83afd437e/gnocchi.487fcbb7-7e5f-4f1d-982e-e73469e85047" 201 - "PUT http://[::1]:8080/v1/AUTH_d7431f1b3e4b40fe8ff42eb83afd437e/gnocchi.487fcbb7-7e5f-4f1d-982e-e73469e85047" "txfadd22769e9b4188add77-00692b9296" "proxy-server 90231" 0.0157 "-" 97149 0
Nov 29 19:40:54 np0005539973.novalocal container-server[97151]: ::1 - - [30/Nov/2025:00:40:54 +0000] "PUT /3/227211/AUTH_d7431f1b3e4b40fe8ff42eb83afd437e/gnocchi.05f57873-44fa-431c-9368-a4817c018eff/1763640000.0_mean_300.0_v3" 201 - "PUT http://[::1]:8080/3/144194/AUTH_d7431f1b3e4b40fe8ff42eb83afd437e/gnocchi.05f57873-44fa-431c-9368-a4817c018eff/1763640000.0_mean_300.0_v3" "tx2fcdd44303f9456a806f8-00692b9296" "object-server 97452" 0.0009 "-" 97151 0
Nov 29 19:40:54 np0005539973.novalocal container-server[97151]: ::1 - - [30/Nov/2025:00:40:54 +0000] "PUT /2/227211/AUTH_d7431f1b3e4b40fe8ff42eb83afd437e/gnocchi.05f57873-44fa-431c-9368-a4817c018eff/1763640000.0_mean_300.0_v3" 201 - "PUT http://[::1]:8080/2/144194/AUTH_d7431f1b3e4b40fe8ff42eb83afd437e/gnocchi.05f57873-44fa-431c-9368-a4817c018eff/1763640000.0_mean_300.0_v3" "tx2fcdd44303f9456a806f8-00692b9296" "object-server 97454" 0.0011 "-" 97151 0
Nov 29 19:40:54 np0005539973.novalocal object-server[97454]: ::1 - - [30/Nov/2025:00:40:54 +0000] "PUT /2/144194/AUTH_d7431f1b3e4b40fe8ff42eb83afd437e/gnocchi.05f57873-44fa-431c-9368-a4817c018eff/1763640000.0_mean_300.0_v3" 201 - "PUT http://[::1]:8080/v1/AUTH_d7431f1b3e4b40fe8ff42eb83afd437e/gnocchi.05f57873-44fa-431c-9368-a4817c018eff/1763640000.0_mean_300.0_v3" "tx2fcdd44303f9456a806f8-00692b9296" "proxy-server 90232" 0.0146 "-" 97454 0
Nov 29 19:40:54 np0005539973.novalocal object-server[97452]: ::1 - - [30/Nov/2025:00:40:54 +0000] "PUT /3/144194/AUTH_d7431f1b3e4b40fe8ff42eb83afd437e/gnocchi.05f57873-44fa-431c-9368-a4817c018eff/1763640000.0_mean_300.0_v3" 201 - "PUT http://[::1]:8080/v1/AUTH_d7431f1b3e4b40fe8ff42eb83afd437e/gnocchi.05f57873-44fa-431c-9368-a4817c018eff/1763640000.0_mean_300.0_v3" "tx2fcdd44303f9456a806f8-00692b9296" "proxy-server 90232" 0.0160 "-" 97452 0
Nov 29 19:40:54 np0005539973.novalocal container-server[97148]: ::1 - - [30/Nov/2025:00:40:54 +0000] "PUT /1/227211/AUTH_d7431f1b3e4b40fe8ff42eb83afd437e/gnocchi.05f57873-44fa-431c-9368-a4817c018eff/1763640000.0_mean_300.0_v3" 201 - "PUT http://[::1]:8080/1/144194/AUTH_d7431f1b3e4b40fe8ff42eb83afd437e/gnocchi.05f57873-44fa-431c-9368-a4817c018eff/1763640000.0_mean_300.0_v3" "tx2fcdd44303f9456a806f8-00692b9296" "object-server 97453" 0.0007 "-" 97148 0
Nov 29 19:40:54 np0005539973.novalocal object-server[97453]: ::1 - - [30/Nov/2025:00:40:54 +0000] "PUT /1/144194/AUTH_d7431f1b3e4b40fe8ff42eb83afd437e/gnocchi.05f57873-44fa-431c-9368-a4817c018eff/1763640000.0_mean_300.0_v3" 201 - "PUT http://[::1]:8080/v1/AUTH_d7431f1b3e4b40fe8ff42eb83afd437e/gnocchi.05f57873-44fa-431c-9368-a4817c018eff/1763640000.0_mean_300.0_v3" "tx2fcdd44303f9456a806f8-00692b9296" "proxy-server 90232" 0.0235 "-" 97453 0
Nov 29 19:40:54 np0005539973.novalocal proxy-server[90232]: ::1 ::1 30/Nov/2025/00/40/54 PUT /v1/AUTH_d7431f1b3e4b40fe8ff42eb83afd437e/gnocchi.05f57873-44fa-431c-9368-a4817c018eff/1763640000.0_mean_300.0_v3 HTTP/1.0 201 - python-swiftclient-4.2.0 gAAAAABpK5KUbDSc... 16 - - tx2fcdd44303f9456a806f8-00692b9296 - 0.0331 - - 1764463254.706512213 1764463254.739582062 0
Nov 29 19:40:54 np0005539973.novalocal account-server[96856]: ::1 - - [30/Nov/2025:00:40:54 +0000] "PUT /2/39192/AUTH_d7431f1b3e4b40fe8ff42eb83afd437e/gnocchi.487fcbb7-7e5f-4f1d-982e-e73469e85047" 201 - "PUT http://[::1]:6001/1/191332/AUTH_d7431f1b3e4b40fe8ff42eb83afd437e/gnocchi.487fcbb7-7e5f-4f1d-982e-e73469e85047" "txfadd22769e9b4188add77-00692b9296" "container-server 97148" 0.0048 "-" 96856 0
Nov 29 19:40:54 np0005539973.novalocal account-server[96855]: ::1 - - [30/Nov/2025:00:40:54 +0000] "PUT /3/39192/AUTH_d7431f1b3e4b40fe8ff42eb83afd437e/gnocchi.487fcbb7-7e5f-4f1d-982e-e73469e85047" 201 - "PUT http://[::1]:6001/3/191332/AUTH_d7431f1b3e4b40fe8ff42eb83afd437e/gnocchi.487fcbb7-7e5f-4f1d-982e-e73469e85047" "txfadd22769e9b4188add77-00692b9296" "container-server 97148" 0.0062 "-" 96855 0
Nov 29 19:40:54 np0005539973.novalocal container-server[97148]: ::1 - - [30/Nov/2025:00:40:54 +0000] "PUT /1/191332/AUTH_d7431f1b3e4b40fe8ff42eb83afd437e/gnocchi.487fcbb7-7e5f-4f1d-982e-e73469e85047" 201 - "PUT http://[::1]:8080/v1/AUTH_d7431f1b3e4b40fe8ff42eb83afd437e/gnocchi.487fcbb7-7e5f-4f1d-982e-e73469e85047" "txfadd22769e9b4188add77-00692b9296" "proxy-server 90231" 0.0224 "-" 97148 0
Nov 29 19:40:54 np0005539973.novalocal container-server[97148]: ::1 - - [30/Nov/2025:00:40:54 +0000] "PUT /3/191332/AUTH_d7431f1b3e4b40fe8ff42eb83afd437e/gnocchi.487fcbb7-7e5f-4f1d-982e-e73469e85047" 201 - "PUT http://[::1]:8080/v1/AUTH_d7431f1b3e4b40fe8ff42eb83afd437e/gnocchi.487fcbb7-7e5f-4f1d-982e-e73469e85047" "txfadd22769e9b4188add77-00692b9296" "proxy-server 90231" 0.0342 "-" 97148 0
Nov 29 19:40:54 np0005539973.novalocal proxy-server[90231]: ::1 ::1 30/Nov/2025/00/40/54 PUT /v1/AUTH_d7431f1b3e4b40fe8ff42eb83afd437e/gnocchi.487fcbb7-7e5f-4f1d-982e-e73469e85047 HTTP/1.0 201 - python-swiftclient-4.2.0 gAAAAABpK5KUEQfJ... - - - txfadd22769e9b4188add77-00692b9296 - 0.0542 - - 1764463254.693679810 1764463254.747910500 0
Nov 29 19:40:54 np0005539973.novalocal container-server[97151]: ::1 - - [30/Nov/2025:00:40:54 +0000] "HEAD /3/191332/AUTH_d7431f1b3e4b40fe8ff42eb83afd437e/gnocchi.487fcbb7-7e5f-4f1d-982e-e73469e85047" 204 - "HEAD http://[::1]:8080/v1/AUTH_d7431f1b3e4b40fe8ff42eb83afd437e/gnocchi.487fcbb7-7e5f-4f1d-982e-e73469e85047?format=json&states=listing" "txb29bff28236b491aaccd4-00692b9296" "proxy-server 90231" 0.0023 "-" 97151 0
Nov 29 19:40:54 np0005539973.novalocal container-server[97151]: ::1 - - [30/Nov/2025:00:40:54 +0000] "PUT /2/227211/AUTH_d7431f1b3e4b40fe8ff42eb83afd437e/gnocchi.05f57873-44fa-431c-9368-a4817c018eff/none_v3" 201 - "PUT http://[::1]:8080/3/118065/AUTH_d7431f1b3e4b40fe8ff42eb83afd437e/gnocchi.05f57873-44fa-431c-9368-a4817c018eff/none_v3" "txc8e711c7c57e455e978f2-00692b9296" "object-server 97454" 0.0005 "-" 97151 0
Nov 29 19:40:54 np0005539973.novalocal object-server[97454]: ::1 - - [30/Nov/2025:00:40:54 +0000] "PUT /3/118065/AUTH_d7431f1b3e4b40fe8ff42eb83afd437e/gnocchi.05f57873-44fa-431c-9368-a4817c018eff/none_v3" 201 - "PUT http://[::1]:8080/v1/AUTH_d7431f1b3e4b40fe8ff42eb83afd437e/gnocchi.05f57873-44fa-431c-9368-a4817c018eff/none_v3" "txc8e711c7c57e455e978f2-00692b9296" "proxy-server 90232" 0.0135 "-" 97454 0
Nov 29 19:40:54 np0005539973.novalocal container-server[97151]: ::1 - - [30/Nov/2025:00:40:54 +0000] "PUT /1/227211/AUTH_d7431f1b3e4b40fe8ff42eb83afd437e/gnocchi.05f57873-44fa-431c-9368-a4817c018eff/none_v3" 201 - "PUT http://[::1]:8080/2/118065/AUTH_d7431f1b3e4b40fe8ff42eb83afd437e/gnocchi.05f57873-44fa-431c-9368-a4817c018eff/none_v3" "txc8e711c7c57e455e978f2-00692b9296" "object-server 97453" 0.0005 "-" 97151 0
Nov 29 19:40:54 np0005539973.novalocal object-server[97453]: ::1 - - [30/Nov/2025:00:40:54 +0000] "PUT /2/118065/AUTH_d7431f1b3e4b40fe8ff42eb83afd437e/gnocchi.05f57873-44fa-431c-9368-a4817c018eff/none_v3" 201 - "PUT http://[::1]:8080/v1/AUTH_d7431f1b3e4b40fe8ff42eb83afd437e/gnocchi.05f57873-44fa-431c-9368-a4817c018eff/none_v3" "txc8e711c7c57e455e978f2-00692b9296" "proxy-server 90232" 0.0176 "-" 97453 0
Nov 29 19:40:54 np0005539973.novalocal container-server[97151]: ::1 - - [30/Nov/2025:00:40:54 +0000] "PUT /3/227211/AUTH_d7431f1b3e4b40fe8ff42eb83afd437e/gnocchi.05f57873-44fa-431c-9368-a4817c018eff/none_v3" 201 - "PUT http://[::1]:8080/1/118065/AUTH_d7431f1b3e4b40fe8ff42eb83afd437e/gnocchi.05f57873-44fa-431c-9368-a4817c018eff/none_v3" "txc8e711c7c57e455e978f2-00692b9296" "object-server 97453" 0.0004 "-" 97151 0
Nov 29 19:40:54 np0005539973.novalocal object-server[97453]: ::1 - - [30/Nov/2025:00:40:54 +0000] "PUT /1/118065/AUTH_d7431f1b3e4b40fe8ff42eb83afd437e/gnocchi.05f57873-44fa-431c-9368-a4817c018eff/none_v3" 201 - "PUT http://[::1]:8080/v1/AUTH_d7431f1b3e4b40fe8ff42eb83afd437e/gnocchi.05f57873-44fa-431c-9368-a4817c018eff/none_v3" "txc8e711c7c57e455e978f2-00692b9296" "proxy-server 90232" 0.0205 "-" 97453 0
Nov 29 19:40:54 np0005539973.novalocal proxy-server[90232]: ::1 ::1 30/Nov/2025/00/40/54 PUT /v1/AUTH_d7431f1b3e4b40fe8ff42eb83afd437e/gnocchi.05f57873-44fa-431c-9368-a4817c018eff/none_v3 HTTP/1.0 201 - python-swiftclient-4.2.0 gAAAAABpK5KUbDSc... 30 - - txc8e711c7c57e455e978f2-00692b9296 - 0.0270 - - 1764463254.741733074 1764463254.768692970 0
Nov 29 19:40:54 np0005539973.novalocal container-server[97148]: ::1 - - [30/Nov/2025:00:40:54 +0000] "GET /1/191332/AUTH_d7431f1b3e4b40fe8ff42eb83afd437e/gnocchi.487fcbb7-7e5f-4f1d-982e-e73469e85047" 200 2 "GET http://[::1]:8080/v1/AUTH_d7431f1b3e4b40fe8ff42eb83afd437e/gnocchi.487fcbb7-7e5f-4f1d-982e-e73469e85047?format=json&states=listing" "txb29bff28236b491aaccd4-00692b9296" "proxy-server 90231" 0.0036 "-" 97148 0
Nov 29 19:40:54 np0005539973.novalocal proxy-server[90231]: ::1 ::1 30/Nov/2025/00/40/54 GET /v1/AUTH_d7431f1b3e4b40fe8ff42eb83afd437e/gnocchi.487fcbb7-7e5f-4f1d-982e-e73469e85047%3Fformat%3Djson%26states%3Dlisting HTTP/1.0 200 - python-swiftclient-4.2.0 gAAAAABpK5KUEQfJ... - 2 - txb29bff28236b491aaccd4-00692b9296 - 0.0249 - - 1764463254.750637293 1764463254.775496483 0
Nov 29 19:40:54 np0005539973.novalocal object-server[97452]: ::1 - - [30/Nov/2025:00:40:54 +0000] "GET /2/22081/AUTH_d7431f1b3e4b40fe8ff42eb83afd437e/gnocchi.487fcbb7-7e5f-4f1d-982e-e73469e85047/1763640000.0_mean_300.0_v3" 404 70 "GET http://[::1]:8080/v1/AUTH_d7431f1b3e4b40fe8ff42eb83afd437e/gnocchi.487fcbb7-7e5f-4f1d-982e-e73469e85047/1763640000.0_mean_300.0_v3" "tx79d4f418d15f4b39bbb7f-00692b9296" "proxy-server 90231" 0.0003 "-" 97452 0
Nov 29 19:40:54 np0005539973.novalocal object-server[97455]: ::1 - - [30/Nov/2025:00:40:54 +0000] "GET /1/22081/AUTH_d7431f1b3e4b40fe8ff42eb83afd437e/gnocchi.487fcbb7-7e5f-4f1d-982e-e73469e85047/1763640000.0_mean_300.0_v3" 404 70 "GET http://[::1]:8080/v1/AUTH_d7431f1b3e4b40fe8ff42eb83afd437e/gnocchi.487fcbb7-7e5f-4f1d-982e-e73469e85047/1763640000.0_mean_300.0_v3" "tx79d4f418d15f4b39bbb7f-00692b9296" "proxy-server 90231" 0.0004 "-" 97455 0
Nov 29 19:40:54 np0005539973.novalocal object-server[97454]: ::1 - - [30/Nov/2025:00:40:54 +0000] "GET /3/22081/AUTH_d7431f1b3e4b40fe8ff42eb83afd437e/gnocchi.487fcbb7-7e5f-4f1d-982e-e73469e85047/1763640000.0_mean_300.0_v3" 404 70 "GET http://[::1]:8080/v1/AUTH_d7431f1b3e4b40fe8ff42eb83afd437e/gnocchi.487fcbb7-7e5f-4f1d-982e-e73469e85047/1763640000.0_mean_300.0_v3" "tx79d4f418d15f4b39bbb7f-00692b9296" "proxy-server 90231" 0.0003 "-" 97454 0
Nov 29 19:40:54 np0005539973.novalocal proxy-server[90231]: ::1 ::1 30/Nov/2025/00/40/54 GET /v1/AUTH_d7431f1b3e4b40fe8ff42eb83afd437e/gnocchi.487fcbb7-7e5f-4f1d-982e-e73469e85047/1763640000.0_mean_300.0_v3 HTTP/1.0 404 - python-swiftclient-4.2.0 gAAAAABpK5KUEQfJ... - 70 - tx79d4f418d15f4b39bbb7f-00692b9296 - 0.0116 - - 1764463254.779177427 1764463254.790734529 0
Nov 29 19:40:54 np0005539973.novalocal container-server[97148]: ::1 - - [30/Nov/2025:00:40:54 +0000] "HEAD /2/218653/AUTH_d7431f1b3e4b40fe8ff42eb83afd437e/gnocchi.3f7ce5b1-b0f1-47e6-91e9-2060a1566ffa" 404 - "HEAD http://[::1]:8080/v1/AUTH_d7431f1b3e4b40fe8ff42eb83afd437e/gnocchi.3f7ce5b1-b0f1-47e6-91e9-2060a1566ffa?format=json&states=listing" "txe055ede2c3074ddba4ac7-00692b9296" "proxy-server 90232" 0.0004 "-" 97148 0
Nov 29 19:40:54 np0005539973.novalocal container-server[97149]: ::1 - - [30/Nov/2025:00:40:54 +0000] "HEAD /3/218653/AUTH_d7431f1b3e4b40fe8ff42eb83afd437e/gnocchi.3f7ce5b1-b0f1-47e6-91e9-2060a1566ffa" 404 - "HEAD http://[::1]:8080/v1/AUTH_d7431f1b3e4b40fe8ff42eb83afd437e/gnocchi.3f7ce5b1-b0f1-47e6-91e9-2060a1566ffa?format=json&states=listing" "txe055ede2c3074ddba4ac7-00692b9296" "proxy-server 90232" 0.0004 "-" 97149 0
Nov 29 19:40:54 np0005539973.novalocal container-server[97148]: ::1 - - [30/Nov/2025:00:40:54 +0000] "HEAD /1/218653/AUTH_d7431f1b3e4b40fe8ff42eb83afd437e/gnocchi.3f7ce5b1-b0f1-47e6-91e9-2060a1566ffa" 404 - "HEAD http://[::1]:8080/v1/AUTH_d7431f1b3e4b40fe8ff42eb83afd437e/gnocchi.3f7ce5b1-b0f1-47e6-91e9-2060a1566ffa?format=json&states=listing" "txe055ede2c3074ddba4ac7-00692b9296" "proxy-server 90232" 0.0004 "-" 97148 0
Nov 29 19:40:54 np0005539973.novalocal container-server[97149]: ::1 - - [30/Nov/2025:00:40:54 +0000] "PUT /3/191332/AUTH_d7431f1b3e4b40fe8ff42eb83afd437e/gnocchi.487fcbb7-7e5f-4f1d-982e-e73469e85047/1763640000.0_mean_300.0_v3" 201 - "PUT http://[::1]:8080/3/22081/AUTH_d7431f1b3e4b40fe8ff42eb83afd437e/gnocchi.487fcbb7-7e5f-4f1d-982e-e73469e85047/1763640000.0_mean_300.0_v3" "tx7e979b6e7bbc48ce9d29c-00692b9296" "object-server 97453" 0.0010 "-" 97149 0
Nov 29 19:40:54 np0005539973.novalocal object-server[97453]: ::1 - - [30/Nov/2025:00:40:54 +0000] "PUT /3/22081/AUTH_d7431f1b3e4b40fe8ff42eb83afd437e/gnocchi.487fcbb7-7e5f-4f1d-982e-e73469e85047/1763640000.0_mean_300.0_v3" 201 - "PUT http://[::1]:8080/v1/AUTH_d7431f1b3e4b40fe8ff42eb83afd437e/gnocchi.487fcbb7-7e5f-4f1d-982e-e73469e85047/1763640000.0_mean_300.0_v3" "tx7e979b6e7bbc48ce9d29c-00692b9296" "proxy-server 90231" 0.0129 "-" 97453 0
Nov 29 19:40:54 np0005539973.novalocal container-server[97151]: ::1 - - [30/Nov/2025:00:40:54 +0000] "PUT /1/191332/AUTH_d7431f1b3e4b40fe8ff42eb83afd437e/gnocchi.487fcbb7-7e5f-4f1d-982e-e73469e85047/1763640000.0_mean_300.0_v3" 201 - "PUT http://[::1]:8080/2/22081/AUTH_d7431f1b3e4b40fe8ff42eb83afd437e/gnocchi.487fcbb7-7e5f-4f1d-982e-e73469e85047/1763640000.0_mean_300.0_v3" "tx7e979b6e7bbc48ce9d29c-00692b9296" "object-server 97454" 0.0004 "-" 97151 0
Nov 29 19:40:54 np0005539973.novalocal container-server[97149]: ::1 - - [30/Nov/2025:00:40:54 +0000] "PUT /2/191332/AUTH_d7431f1b3e4b40fe8ff42eb83afd437e/gnocchi.487fcbb7-7e5f-4f1d-982e-e73469e85047/1763640000.0_mean_300.0_v3" 201 - "PUT http://[::1]:8080/1/22081/AUTH_d7431f1b3e4b40fe8ff42eb83afd437e/gnocchi.487fcbb7-7e5f-4f1d-982e-e73469e85047/1763640000.0_mean_300.0_v3" "tx7e979b6e7bbc48ce9d29c-00692b9296" "object-server 97455" 0.0004 "-" 97149 0
Nov 29 19:40:54 np0005539973.novalocal object-server[97454]: ::1 - - [30/Nov/2025:00:40:54 +0000] "PUT /2/22081/AUTH_d7431f1b3e4b40fe8ff42eb83afd437e/gnocchi.487fcbb7-7e5f-4f1d-982e-e73469e85047/1763640000.0_mean_300.0_v3" 201 - "PUT http://[::1]:8080/v1/AUTH_d7431f1b3e4b40fe8ff42eb83afd437e/gnocchi.487fcbb7-7e5f-4f1d-982e-e73469e85047/1763640000.0_mean_300.0_v3" "tx7e979b6e7bbc48ce9d29c-00692b9296" "proxy-server 90231" 0.0119 "-" 97454 0
Nov 29 19:40:54 np0005539973.novalocal object-server[97455]: ::1 - - [30/Nov/2025:00:40:54 +0000] "PUT /1/22081/AUTH_d7431f1b3e4b40fe8ff42eb83afd437e/gnocchi.487fcbb7-7e5f-4f1d-982e-e73469e85047/1763640000.0_mean_300.0_v3" 201 - "PUT http://[::1]:8080/v1/AUTH_d7431f1b3e4b40fe8ff42eb83afd437e/gnocchi.487fcbb7-7e5f-4f1d-982e-e73469e85047/1763640000.0_mean_300.0_v3" "tx7e979b6e7bbc48ce9d29c-00692b9296" "proxy-server 90231" 0.0139 "-" 97455 0
Nov 29 19:40:54 np0005539973.novalocal proxy-server[90231]: ::1 ::1 30/Nov/2025/00/40/54 PUT /v1/AUTH_d7431f1b3e4b40fe8ff42eb83afd437e/gnocchi.487fcbb7-7e5f-4f1d-982e-e73469e85047/1763640000.0_mean_300.0_v3 HTTP/1.0 201 - python-swiftclient-4.2.0 gAAAAABpK5KUEQfJ... 16 - - tx7e979b6e7bbc48ce9d29c-00692b9296 - 0.0224 - - 1764463254.793500900 1764463254.815943003 0
Nov 29 19:40:54 np0005539973.novalocal object-server[97452]: ::1 - - [30/Nov/2025:00:40:54 +0000] "GET /3/117706/AUTH_d7431f1b3e4b40fe8ff42eb83afd437e/gnocchi.3f7ce5b1-b0f1-47e6-91e9-2060a1566ffa/none_v3" 404 70 "GET http://[::1]:8080/v1/AUTH_d7431f1b3e4b40fe8ff42eb83afd437e/gnocchi.3f7ce5b1-b0f1-47e6-91e9-2060a1566ffa/none_v3" "txe055ede2c3074ddba4ac7-00692b9296" "proxy-server 90232" 0.0004 "-" 97452 0
Nov 29 19:40:54 np0005539973.novalocal object-server[97453]: ::1 - - [30/Nov/2025:00:40:54 +0000] "GET /1/117706/AUTH_d7431f1b3e4b40fe8ff42eb83afd437e/gnocchi.3f7ce5b1-b0f1-47e6-91e9-2060a1566ffa/none_v3" 404 70 "GET http://[::1]:8080/v1/AUTH_d7431f1b3e4b40fe8ff42eb83afd437e/gnocchi.3f7ce5b1-b0f1-47e6-91e9-2060a1566ffa/none_v3" "txe055ede2c3074ddba4ac7-00692b9296" "proxy-server 90232" 0.0003 "-" 97453 0
Nov 29 19:40:54 np0005539973.novalocal object-server[97452]: ::1 - - [30/Nov/2025:00:40:54 +0000] "GET /2/117706/AUTH_d7431f1b3e4b40fe8ff42eb83afd437e/gnocchi.3f7ce5b1-b0f1-47e6-91e9-2060a1566ffa/none_v3" 404 70 "GET http://[::1]:8080/v1/AUTH_d7431f1b3e4b40fe8ff42eb83afd437e/gnocchi.3f7ce5b1-b0f1-47e6-91e9-2060a1566ffa/none_v3" "txe055ede2c3074ddba4ac7-00692b9296" "proxy-server 90232" 0.0002 "-" 97452 0
Nov 29 19:40:54 np0005539973.novalocal proxy-server[90232]: ::1 ::1 30/Nov/2025/00/40/54 GET /v1/AUTH_d7431f1b3e4b40fe8ff42eb83afd437e/gnocchi.3f7ce5b1-b0f1-47e6-91e9-2060a1566ffa/none_v3 HTTP/1.0 404 - python-swiftclient-4.2.0 gAAAAABpK5KUbDSc... - 70 - txe055ede2c3074ddba4ac7-00692b9296 - 0.0335 - - 1764463254.789601803 1764463254.823149681 0
