Nov 29 19:41:49 np0005539973.novalocal proxy-server[90232]: ::1 ::1 30/Nov/2025/00/41/49 GET /v1/AUTH_d7431f1b3e4b40fe8ff42eb83afd437e/gnocchi.3945111b-3aaf-41ef-830e-c1f82e54a260%3Fformat%3Djson%26marker%3Dnone_v3%26states%3Dlisting HTTP/1.0 200 - python-swiftclient-4.2.0 gAAAAABpK5KUbDSc... - 2 - tx4fbd361e886247aa98ab1-00692b92cd - 0.0068 - - 1764463309.571561813 1764463309.578383446 0
Nov 29 19:41:49 np0005539973.novalocal object-server[97452]: ::1 - - [30/Nov/2025:00:41:49 +0000] "GET /2/259564/AUTH_d7431f1b3e4b40fe8ff42eb83afd437e/gnocchi.3945111b-3aaf-41ef-830e-c1f82e54a260/1763640000.0_mean_300.0_v3" 200 16 "GET http://[::1]:8080/v1/AUTH_d7431f1b3e4b40fe8ff42eb83afd437e/gnocchi.3945111b-3aaf-41ef-830e-c1f82e54a260/1763640000.0_mean_300.0_v3" "txe1fab17f745d42c1a3146-00692b92cd" "proxy-server 90232" 0.0006 "-" 97452 0
Nov 29 19:41:49 np0005539973.novalocal object-server[97453]: ::1 - - [30/Nov/2025:00:41:49 +0000] "GET /2/159575/AUTH_d7431f1b3e4b40fe8ff42eb83afd437e/gnocchi.a715e959-1367-431e-ac1c-b71dac1fa365/1763640000.0_mean_300.0_v3" 200 16 "GET http://[::1]:8080/v1/AUTH_d7431f1b3e4b40fe8ff42eb83afd437e/gnocchi.a715e959-1367-431e-ac1c-b71dac1fa365/1763640000.0_mean_300.0_v3" "tx08a4b0dc0e4b45949a2f3-00692b92cd" "proxy-server 90231" 0.0005 "-" 97453 0
Nov 29 19:41:49 np0005539973.novalocal proxy-server[90232]: ::1 ::1 30/Nov/2025/00/41/49 GET /v1/AUTH_d7431f1b3e4b40fe8ff42eb83afd437e/gnocchi.3945111b-3aaf-41ef-830e-c1f82e54a260/1763640000.0_mean_300.0_v3 HTTP/1.0 200 - python-swiftclient-4.2.0 gAAAAABpK5KUbDSc... - 16 - txe1fab17f745d42c1a3146-00692b92cd - 0.0062 - - 1764463309.580915689 1764463309.587133646 0
Nov 29 19:41:49 np0005539973.novalocal proxy-server[90231]: ::1 ::1 30/Nov/2025/00/41/49 GET /v1/AUTH_d7431f1b3e4b40fe8ff42eb83afd437e/gnocchi.a715e959-1367-431e-ac1c-b71dac1fa365/1763640000.0_mean_300.0_v3 HTTP/1.0 200 - python-swiftclient-4.2.0 gAAAAABpK5KUEQfJ... - 16 - tx08a4b0dc0e4b45949a2f3-00692b92cd - 0.0062 - - 1764463309.580903769 1764463309.587115526 0
Nov 29 19:41:49 np0005539973.novalocal container-server[97149]: ::1 - - [30/Nov/2025:00:41:49 +0000] "PUT /1/221879/AUTH_d7431f1b3e4b40fe8ff42eb83afd437e/gnocchi.3945111b-3aaf-41ef-830e-c1f82e54a260/1763640000.0_mean_300.0_v3" 201 - "PUT http://[::1]:8080/2/259564/AUTH_d7431f1b3e4b40fe8ff42eb83afd437e/gnocchi.3945111b-3aaf-41ef-830e-c1f82e54a260/1763640000.0_mean_300.0_v3" "tx97c5320883754ad4b95fd-00692b92cd" "object-server 97455" 0.0008 "-" 97149 0
Nov 29 19:41:49 np0005539973.novalocal container-server[97149]: ::1 - - [30/Nov/2025:00:41:49 +0000] "PUT /2/221879/AUTH_d7431f1b3e4b40fe8ff42eb83afd437e/gnocchi.3945111b-3aaf-41ef-830e-c1f82e54a260/1763640000.0_mean_300.0_v3" 201 - "PUT http://[::1]:8080/3/259564/AUTH_d7431f1b3e4b40fe8ff42eb83afd437e/gnocchi.3945111b-3aaf-41ef-830e-c1f82e54a260/1763640000.0_mean_300.0_v3" "tx97c5320883754ad4b95fd-00692b92cd" "object-server 97454" 0.0005 "-" 97149 0
Nov 29 19:41:49 np0005539973.novalocal object-server[97455]: ::1 - - [30/Nov/2025:00:41:49 +0000] "PUT /2/259564/AUTH_d7431f1b3e4b40fe8ff42eb83afd437e/gnocchi.3945111b-3aaf-41ef-830e-c1f82e54a260/1763640000.0_mean_300.0_v3" 201 - "PUT http://[::1]:8080/v1/AUTH_d7431f1b3e4b40fe8ff42eb83afd437e/gnocchi.3945111b-3aaf-41ef-830e-c1f82e54a260/1763640000.0_mean_300.0_v3" "tx97c5320883754ad4b95fd-00692b92cd" "proxy-server 90232" 0.0156 "-" 97455 0
Nov 29 19:41:49 np0005539973.novalocal container-server[97151]: ::1 - - [30/Nov/2025:00:41:49 +0000] "PUT /2/232211/AUTH_d7431f1b3e4b40fe8ff42eb83afd437e/gnocchi.a715e959-1367-431e-ac1c-b71dac1fa365/1763640000.0_mean_300.0_v3" 201 - "PUT http://[::1]:8080/3/159575/AUTH_d7431f1b3e4b40fe8ff42eb83afd437e/gnocchi.a715e959-1367-431e-ac1c-b71dac1fa365/1763640000.0_mean_300.0_v3" "tx230e255d995c4859b4c53-00692b92cd" "object-server 97454" 0.0007 "-" 97151 0
Nov 29 19:41:49 np0005539973.novalocal object-server[97454]: ::1 - - [30/Nov/2025:00:41:49 +0000] "PUT /3/259564/AUTH_d7431f1b3e4b40fe8ff42eb83afd437e/gnocchi.3945111b-3aaf-41ef-830e-c1f82e54a260/1763640000.0_mean_300.0_v3" 201 - "PUT http://[::1]:8080/v1/AUTH_d7431f1b3e4b40fe8ff42eb83afd437e/gnocchi.3945111b-3aaf-41ef-830e-c1f82e54a260/1763640000.0_mean_300.0_v3" "tx97c5320883754ad4b95fd-00692b92cd" "proxy-server 90232" 0.0162 "-" 97454 0
Nov 29 19:41:49 np0005539973.novalocal object-server[97454]: ::1 - - [30/Nov/2025:00:41:49 +0000] "PUT /3/159575/AUTH_d7431f1b3e4b40fe8ff42eb83afd437e/gnocchi.a715e959-1367-431e-ac1c-b71dac1fa365/1763640000.0_mean_300.0_v3" 201 - "PUT http://[::1]:8080/v1/AUTH_d7431f1b3e4b40fe8ff42eb83afd437e/gnocchi.a715e959-1367-431e-ac1c-b71dac1fa365/1763640000.0_mean_300.0_v3" "tx230e255d995c4859b4c53-00692b92cd" "proxy-server 90231" 0.0163 "-" 97454 0
Nov 29 19:41:49 np0005539973.novalocal container-server[97150]: ::1 - - [30/Nov/2025:00:41:49 +0000] "PUT /3/221879/AUTH_d7431f1b3e4b40fe8ff42eb83afd437e/gnocchi.3945111b-3aaf-41ef-830e-c1f82e54a260/1763640000.0_mean_300.0_v3" 201 - "PUT http://[::1]:8080/1/259564/AUTH_d7431f1b3e4b40fe8ff42eb83afd437e/gnocchi.3945111b-3aaf-41ef-830e-c1f82e54a260/1763640000.0_mean_300.0_v3" "tx97c5320883754ad4b95fd-00692b92cd" "object-server 97455" 0.0005 "-" 97150 0
Nov 29 19:41:49 np0005539973.novalocal container-server[97151]: ::1 - - [30/Nov/2025:00:41:49 +0000] "PUT /3/232211/AUTH_d7431f1b3e4b40fe8ff42eb83afd437e/gnocchi.a715e959-1367-431e-ac1c-b71dac1fa365/1763640000.0_mean_300.0_v3" 201 - "PUT http://[::1]:8080/1/159575/AUTH_d7431f1b3e4b40fe8ff42eb83afd437e/gnocchi.a715e959-1367-431e-ac1c-b71dac1fa365/1763640000.0_mean_300.0_v3" "tx230e255d995c4859b4c53-00692b92cd" "object-server 97454" 0.0006 "-" 97151 0
Nov 29 19:41:49 np0005539973.novalocal object-server[97455]: ::1 - - [30/Nov/2025:00:41:49 +0000] "PUT /1/259564/AUTH_d7431f1b3e4b40fe8ff42eb83afd437e/gnocchi.3945111b-3aaf-41ef-830e-c1f82e54a260/1763640000.0_mean_300.0_v3" 201 - "PUT http://[::1]:8080/v1/AUTH_d7431f1b3e4b40fe8ff42eb83afd437e/gnocchi.3945111b-3aaf-41ef-830e-c1f82e54a260/1763640000.0_mean_300.0_v3" "tx97c5320883754ad4b95fd-00692b92cd" "proxy-server 90232" 0.0161 "-" 97455 0
Nov 29 19:41:49 np0005539973.novalocal object-server[97454]: ::1 - - [30/Nov/2025:00:41:49 +0000] "PUT /1/159575/AUTH_d7431f1b3e4b40fe8ff42eb83afd437e/gnocchi.a715e959-1367-431e-ac1c-b71dac1fa365/1763640000.0_mean_300.0_v3" 201 - "PUT http://[::1]:8080/v1/AUTH_d7431f1b3e4b40fe8ff42eb83afd437e/gnocchi.a715e959-1367-431e-ac1c-b71dac1fa365/1763640000.0_mean_300.0_v3" "tx230e255d995c4859b4c53-00692b92cd" "proxy-server 90231" 0.0168 "-" 97454 0
Nov 29 19:41:49 np0005539973.novalocal container-server[97151]: ::1 - - [30/Nov/2025:00:41:49 +0000] "PUT /1/232211/AUTH_d7431f1b3e4b40fe8ff42eb83afd437e/gnocchi.a715e959-1367-431e-ac1c-b71dac1fa365/1763640000.0_mean_300.0_v3" 201 - "PUT http://[::1]:8080/2/159575/AUTH_d7431f1b3e4b40fe8ff42eb83afd437e/gnocchi.a715e959-1367-431e-ac1c-b71dac1fa365/1763640000.0_mean_300.0_v3" "tx230e255d995c4859b4c53-00692b92cd" "object-server 97455" 0.0008 "-" 97151 0
Nov 29 19:41:49 np0005539973.novalocal object-server[97455]: ::1 - - [30/Nov/2025:00:41:49 +0000] "PUT /2/159575/AUTH_d7431f1b3e4b40fe8ff42eb83afd437e/gnocchi.a715e959-1367-431e-ac1c-b71dac1fa365/1763640000.0_mean_300.0_v3" 201 - "PUT http://[::1]:8080/v1/AUTH_d7431f1b3e4b40fe8ff42eb83afd437e/gnocchi.a715e959-1367-431e-ac1c-b71dac1fa365/1763640000.0_mean_300.0_v3" "tx230e255d995c4859b4c53-00692b92cd" "proxy-server 90231" 0.0160 "-" 97455 0
Nov 29 19:41:49 np0005539973.novalocal proxy-server[90232]: ::1 ::1 30/Nov/2025/00/41/49 PUT /v1/AUTH_d7431f1b3e4b40fe8ff42eb83afd437e/gnocchi.3945111b-3aaf-41ef-830e-c1f82e54a260/1763640000.0_mean_300.0_v3 HTTP/1.0 201 - python-swiftclient-4.2.0 gAAAAABpK5KUbDSc... 16 - - tx97c5320883754ad4b95fd-00692b92cd - 0.0238 - - 1764463309.589955807 1764463309.613746166 0
Nov 29 19:41:49 np0005539973.novalocal proxy-server[90231]: ::1 ::1 30/Nov/2025/00/41/49 PUT /v1/AUTH_d7431f1b3e4b40fe8ff42eb83afd437e/gnocchi.a715e959-1367-431e-ac1c-b71dac1fa365/1763640000.0_mean_300.0_v3 HTTP/1.0 201 - python-swiftclient-4.2.0 gAAAAABpK5KUEQfJ... 16 - - tx230e255d995c4859b4c53-00692b92cd - 0.0258 - - 1764463309.589655399 1764463309.615426540 0
Nov 29 19:41:49 np0005539973.novalocal container-server[97151]: ::1 - - [30/Nov/2025:00:41:49 +0000] "PUT /1/232211/AUTH_d7431f1b3e4b40fe8ff42eb83afd437e/gnocchi.a715e959-1367-431e-ac1c-b71dac1fa365/none_v3" 201 - "PUT http://[::1]:8080/3/177495/AUTH_d7431f1b3e4b40fe8ff42eb83afd437e/gnocchi.a715e959-1367-431e-ac1c-b71dac1fa365/none_v3" "tx26d47d38ce25464a8488e-00692b92cd" "object-server 97452" 0.0006 "-" 97151 0
Nov 29 19:41:49 np0005539973.novalocal object-server[97452]: ::1 - - [30/Nov/2025:00:41:49 +0000] "PUT /3/177495/AUTH_d7431f1b3e4b40fe8ff42eb83afd437e/gnocchi.a715e959-1367-431e-ac1c-b71dac1fa365/none_v3" 201 - "PUT http://[::1]:8080/v1/AUTH_d7431f1b3e4b40fe8ff42eb83afd437e/gnocchi.a715e959-1367-431e-ac1c-b71dac1fa365/none_v3" "tx26d47d38ce25464a8488e-00692b92cd" "proxy-server 90231" 0.0108 "-" 97452 0
Nov 29 19:41:49 np0005539973.novalocal container-server[97148]: ::1 - - [30/Nov/2025:00:41:49 +0000] "PUT /3/221879/AUTH_d7431f1b3e4b40fe8ff42eb83afd437e/gnocchi.3945111b-3aaf-41ef-830e-c1f82e54a260/none_v3" 201 - "PUT http://[::1]:8080/3/154780/AUTH_d7431f1b3e4b40fe8ff42eb83afd437e/gnocchi.3945111b-3aaf-41ef-830e-c1f82e54a260/none_v3" "txebbdc74b30ee4d72b3c51-00692b92cd" "object-server 97453" 0.0005 "-" 97148 0
Nov 29 19:41:49 np0005539973.novalocal object-server[97453]: ::1 - - [30/Nov/2025:00:41:49 +0000] "PUT /3/154780/AUTH_d7431f1b3e4b40fe8ff42eb83afd437e/gnocchi.3945111b-3aaf-41ef-830e-c1f82e54a260/none_v3" 201 - "PUT http://[::1]:8080/v1/AUTH_d7431f1b3e4b40fe8ff42eb83afd437e/gnocchi.3945111b-3aaf-41ef-830e-c1f82e54a260/none_v3" "txebbdc74b30ee4d72b3c51-00692b92cd" "proxy-server 90232" 0.0112 "-" 97453 0
Nov 29 19:41:49 np0005539973.novalocal container-server[97151]: ::1 - - [30/Nov/2025:00:41:49 +0000] "PUT /2/221879/AUTH_d7431f1b3e4b40fe8ff42eb83afd437e/gnocchi.3945111b-3aaf-41ef-830e-c1f82e54a260/none_v3" 201 - "PUT http://[::1]:8080/2/154780/AUTH_d7431f1b3e4b40fe8ff42eb83afd437e/gnocchi.3945111b-3aaf-41ef-830e-c1f82e54a260/none_v3" "txebbdc74b30ee4d72b3c51-00692b92cd" "object-server 97455" 0.0003 "-" 97151 0
Nov 29 19:41:49 np0005539973.novalocal container-server[97151]: ::1 - - [30/Nov/2025:00:41:49 +0000] "PUT /3/232211/AUTH_d7431f1b3e4b40fe8ff42eb83afd437e/gnocchi.a715e959-1367-431e-ac1c-b71dac1fa365/none_v3" 201 - "PUT http://[::1]:8080/1/177495/AUTH_d7431f1b3e4b40fe8ff42eb83afd437e/gnocchi.a715e959-1367-431e-ac1c-b71dac1fa365/none_v3" "tx26d47d38ce25464a8488e-00692b92cd" "object-server 97454" 0.0003 "-" 97151 0
Nov 29 19:41:49 np0005539973.novalocal object-server[97455]: ::1 - - [30/Nov/2025:00:41:49 +0000] "PUT /2/154780/AUTH_d7431f1b3e4b40fe8ff42eb83afd437e/gnocchi.3945111b-3aaf-41ef-830e-c1f82e54a260/none_v3" 201 - "PUT http://[::1]:8080/v1/AUTH_d7431f1b3e4b40fe8ff42eb83afd437e/gnocchi.3945111b-3aaf-41ef-830e-c1f82e54a260/none_v3" "txebbdc74b30ee4d72b3c51-00692b92cd" "proxy-server 90232" 0.0126 "-" 97455 0
Nov 29 19:41:49 np0005539973.novalocal container-server[97149]: ::1 - - [30/Nov/2025:00:41:49 +0000] "PUT /1/221879/AUTH_d7431f1b3e4b40fe8ff42eb83afd437e/gnocchi.3945111b-3aaf-41ef-830e-c1f82e54a260/none_v3" 201 - "PUT http://[::1]:8080/1/154780/AUTH_d7431f1b3e4b40fe8ff42eb83afd437e/gnocchi.3945111b-3aaf-41ef-830e-c1f82e54a260/none_v3" "txebbdc74b30ee4d72b3c51-00692b92cd" "object-server 97454" 0.0007 "-" 97149 0
Nov 29 19:41:49 np0005539973.novalocal object-server[97454]: ::1 - - [30/Nov/2025:00:41:49 +0000] "PUT /1/177495/AUTH_d7431f1b3e4b40fe8ff42eb83afd437e/gnocchi.a715e959-1367-431e-ac1c-b71dac1fa365/none_v3" 201 - "PUT http://[::1]:8080/v1/AUTH_d7431f1b3e4b40fe8ff42eb83afd437e/gnocchi.a715e959-1367-431e-ac1c-b71dac1fa365/none_v3" "tx26d47d38ce25464a8488e-00692b92cd" "proxy-server 90231" 0.0179 "-" 97454 0
Nov 29 19:41:49 np0005539973.novalocal container-server[97150]: ::1 - - [30/Nov/2025:00:41:49 +0000] "PUT /2/232211/AUTH_d7431f1b3e4b40fe8ff42eb83afd437e/gnocchi.a715e959-1367-431e-ac1c-b71dac1fa365/none_v3" 201 - "PUT http://[::1]:8080/2/177495/AUTH_d7431f1b3e4b40fe8ff42eb83afd437e/gnocchi.a715e959-1367-431e-ac1c-b71dac1fa365/none_v3" "tx26d47d38ce25464a8488e-00692b92cd" "object-server 97454" 0.0011 "-" 97150 0
Nov 29 19:41:49 np0005539973.novalocal object-server[97454]: ::1 - - [30/Nov/2025:00:41:49 +0000] "PUT /1/154780/AUTH_d7431f1b3e4b40fe8ff42eb83afd437e/gnocchi.3945111b-3aaf-41ef-830e-c1f82e54a260/none_v3" 201 - "PUT http://[::1]:8080/v1/AUTH_d7431f1b3e4b40fe8ff42eb83afd437e/gnocchi.3945111b-3aaf-41ef-830e-c1f82e54a260/none_v3" "txebbdc74b30ee4d72b3c51-00692b92cd" "proxy-server 90232" 0.0156 "-" 97454 0
Nov 29 19:41:49 np0005539973.novalocal object-server[97454]: ::1 - - [30/Nov/2025:00:41:49 +0000] "PUT /2/177495/AUTH_d7431f1b3e4b40fe8ff42eb83afd437e/gnocchi.a715e959-1367-431e-ac1c-b71dac1fa365/none_v3" 201 - "PUT http://[::1]:8080/v1/AUTH_d7431f1b3e4b40fe8ff42eb83afd437e/gnocchi.a715e959-1367-431e-ac1c-b71dac1fa365/none_v3" "tx26d47d38ce25464a8488e-00692b92cd" "proxy-server 90231" 0.0181 "-" 97454 0
Nov 29 19:41:49 np0005539973.novalocal proxy-server[90231]: ::1 ::1 30/Nov/2025/00/41/49 PUT /v1/AUTH_d7431f1b3e4b40fe8ff42eb83afd437e/gnocchi.a715e959-1367-431e-ac1c-b71dac1fa365/none_v3 HTTP/1.0 201 - python-swiftclient-4.2.0 gAAAAABpK5KUEQfJ... 32 - - tx26d47d38ce25464a8488e-00692b92cd - 0.0256 - - 1764463309.617905617 1764463309.643534899 0
Nov 29 19:41:49 np0005539973.novalocal proxy-server[90232]: ::1 ::1 30/Nov/2025/00/41/49 PUT /v1/AUTH_d7431f1b3e4b40fe8ff42eb83afd437e/gnocchi.3945111b-3aaf-41ef-830e-c1f82e54a260/none_v3 HTTP/1.0 201 - python-swiftclient-4.2.0 gAAAAABpK5KUbDSc... 32 - - txebbdc74b30ee4d72b3c51-00692b92cd - 0.0263 - - 1764463309.617166758 1764463309.643445015 0
Nov 29 19:41:49 np0005539973.novalocal object-server[97455]: ::1 - - [30/Nov/2025:00:41:49 +0000] "GET /1/209536/AUTH_d7431f1b3e4b40fe8ff42eb83afd437e/gnocchi.c606fbda-44d7-4d64-96c2-a4dda131d95f/none_v3" 200 22 "GET http://[::1]:8080/v1/AUTH_d7431f1b3e4b40fe8ff42eb83afd437e/gnocchi.c606fbda-44d7-4d64-96c2-a4dda131d95f/none_v3" "txafdb841343d541cf9a80e-00692b92cd" "proxy-server 90231" 0.0011 "-" 97455 0
Nov 29 19:41:49 np0005539973.novalocal object-server[97452]: ::1 - - [30/Nov/2025:00:41:49 +0000] "GET /2/45651/AUTH_d7431f1b3e4b40fe8ff42eb83afd437e/gnocchi.98301f11-d8e3-464f-9197-05a0545a4a13/none_v3" 200 22 "GET http://[::1]:8080/v1/AUTH_d7431f1b3e4b40fe8ff42eb83afd437e/gnocchi.98301f11-d8e3-464f-9197-05a0545a4a13/none_v3" "tx197acb1d1a844c088b750-00692b92cd" "proxy-server 90232" 0.0008 "-" 97452 0
Nov 29 19:41:49 np0005539973.novalocal proxy-server[90231]: ::1 ::1 30/Nov/2025/00/41/49 GET /v1/AUTH_d7431f1b3e4b40fe8ff42eb83afd437e/gnocchi.c606fbda-44d7-4d64-96c2-a4dda131d95f/none_v3 HTTP/1.0 200 - python-swiftclient-4.2.0 gAAAAABpK5KUEQfJ... - 22 - txafdb841343d541cf9a80e-00692b92cd - 0.0073 - - 1764463309.653860092 1764463309.661115408 0
Nov 29 19:41:49 np0005539973.novalocal proxy-server[90232]: ::1 ::1 30/Nov/2025/00/41/49 GET /v1/AUTH_d7431f1b3e4b40fe8ff42eb83afd437e/gnocchi.98301f11-d8e3-464f-9197-05a0545a4a13/none_v3 HTTP/1.0 200 - python-swiftclient-4.2.0 gAAAAABpK5KUbDSc... - 22 - tx197acb1d1a844c088b750-00692b92cd - 0.0095 - - 1764463309.652648211 1764463309.662129402 0
Nov 29 19:41:49 np0005539973.novalocal container-server[97149]: ::1 - - [30/Nov/2025:00:41:49 +0000] "GET /2/154267/AUTH_d7431f1b3e4b40fe8ff42eb83afd437e/gnocchi.c606fbda-44d7-4d64-96c2-a4dda131d95f" 200 357 "GET http://[::1]:8080/v1/AUTH_d7431f1b3e4b40fe8ff42eb83afd437e/gnocchi.c606fbda-44d7-4d64-96c2-a4dda131d95f?format=json&states=listing" "tx666bf4efdca7486598a77-00692b92cd" "proxy-server 90231" 0.0028 "-" 97149 0
Nov 29 19:41:49 np0005539973.novalocal kernel: qvb56b67102-ea: left allmulticast mode
Nov 29 19:41:49 np0005539973.novalocal kernel: qvb56b67102-ea: left promiscuous mode
Nov 29 19:41:49 np0005539973.novalocal kernel: qbr56b67102-ea: port 1(qvb56b67102-ea) entered disabled state
Nov 29 19:41:49 np0005539973.novalocal proxy-server[90231]: ::1 ::1 30/Nov/2025/00/41/49 GET /v1/AUTH_d7431f1b3e4b40fe8ff42eb83afd437e/gnocchi.c606fbda-44d7-4d64-96c2-a4dda131d95f%3Fformat%3Djson%26states%3Dlisting HTTP/1.0 200 - python-swiftclient-4.2.0 gAAAAABpK5KUEQfJ... - 357 - tx666bf4efdca7486598a77-00692b92cd - 0.0077 - - 1764463309.663954020 1764463309.671657562 0
Nov 29 19:41:49 np0005539973.novalocal container-server[97149]: ::1 - - [30/Nov/2025:00:41:49 +0000] "GET /1/17542/AUTH_d7431f1b3e4b40fe8ff42eb83afd437e/gnocchi.98301f11-d8e3-464f-9197-05a0545a4a13" 200 357 "GET http://[::1]:8080/v1/AUTH_d7431f1b3e4b40fe8ff42eb83afd437e/gnocchi.98301f11-d8e3-464f-9197-05a0545a4a13?format=json&states=listing" "txf51569d5653842249ddd6-00692b92cd" "proxy-server 90232" 0.0049 "-" 97149 0
Nov 29 19:41:49 np0005539973.novalocal container-server[97151]: ::1 - - [30/Nov/2025:00:41:49 +0000] "GET /1/154267/AUTH_d7431f1b3e4b40fe8ff42eb83afd437e/gnocchi.c606fbda-44d7-4d64-96c2-a4dda131d95f" 200 2 "GET http://[::1]:8080/v1/AUTH_d7431f1b3e4b40fe8ff42eb83afd437e/gnocchi.c606fbda-44d7-4d64-96c2-a4dda131d95f?format=json&marker=none_v3&states=listing" "txa5a577721ac243658541a-00692b92cd" "proxy-server 90231" 0.0021 "-" 97151 0
Nov 29 19:41:49 np0005539973.novalocal proxy-server[90232]: ::1 ::1 30/Nov/2025/00/41/49 GET /v1/AUTH_d7431f1b3e4b40fe8ff42eb83afd437e/gnocchi.98301f11-d8e3-464f-9197-05a0545a4a13%3Fformat%3Djson%26states%3Dlisting HTTP/1.0 200 - python-swiftclient-4.2.0 gAAAAABpK5KUbDSc... - 357 - txf51569d5653842249ddd6-00692b92cd - 0.0148 - - 1764463309.665308952 1764463309.680103540 0
Nov 29 19:41:49 np0005539973.novalocal proxy-server[90231]: ::1 ::1 30/Nov/2025/00/41/49 GET /v1/AUTH_d7431f1b3e4b40fe8ff42eb83afd437e/gnocchi.c606fbda-44d7-4d64-96c2-a4dda131d95f%3Fformat%3Djson%26marker%3Dnone_v3%26states%3Dlisting HTTP/1.0 200 - python-swiftclient-4.2.0 gAAAAABpK5KUEQfJ... - 2 - txa5a577721ac243658541a-00692b92cd - 0.0068 - - 1764463309.673999786 1764463309.680817604 0
Nov 29 19:41:49 np0005539973.novalocal object-server[97453]: ::1 - - [30/Nov/2025:00:41:49 +0000] "GET /3/146529/AUTH_d7431f1b3e4b40fe8ff42eb83afd437e/gnocchi.c606fbda-44d7-4d64-96c2-a4dda131d95f/1763640000.0_mean_300.0_v3" 200 16 "GET http://[::1]:8080/v1/AUTH_d7431f1b3e4b40fe8ff42eb83afd437e/gnocchi.c606fbda-44d7-4d64-96c2-a4dda131d95f/1763640000.0_mean_300.0_v3" "tx4cd4f2df978e436a88db7-00692b92cd" "proxy-server 90231" 0.0006 "-" 97453 0
Nov 29 19:41:49 np0005539973.novalocal proxy-server[90231]: ::1 ::1 30/Nov/2025/00/41/49 GET /v1/AUTH_d7431f1b3e4b40fe8ff42eb83afd437e/gnocchi.c606fbda-44d7-4d64-96c2-a4dda131d95f/1763640000.0_mean_300.0_v3 HTTP/1.0 200 - python-swiftclient-4.2.0 gAAAAABpK5KUEQfJ... - 16 - tx4cd4f2df978e436a88db7-00692b92cd - 0.0048 - - 1764463309.683106661 1764463309.687939167 0
Nov 29 19:41:49 np0005539973.novalocal container-server[97150]: ::1 - - [30/Nov/2025:00:41:49 +0000] "GET /2/17542/AUTH_d7431f1b3e4b40fe8ff42eb83afd437e/gnocchi.98301f11-d8e3-464f-9197-05a0545a4a13" 200 2 "GET http://[::1]:8080/v1/AUTH_d7431f1b3e4b40fe8ff42eb83afd437e/gnocchi.98301f11-d8e3-464f-9197-05a0545a4a13?format=json&marker=none_v3&states=listing" "txab28b9718c4145b58d65d-00692b92cd" "proxy-server 90232" 0.0023 "-" 97150 0
Nov 29 19:41:49 np0005539973.novalocal NetworkManager[856]: [1764463309.6910] device (qbr56b67102-ea): bridge port qvb56b67102-ea was detached
Nov 29 19:41:49 np0005539973.novalocal NetworkManager[856]: [1764463309.6922] device (qbr56b67102-ea): state change: activated -> unmanaged (reason 'unmanaged', managed-type: 'removed')
Nov 29 19:41:49 np0005539973.novalocal proxy-server[90232]: ::1 ::1 30/Nov/2025/00/41/49 GET /v1/AUTH_d7431f1b3e4b40fe8ff42eb83afd437e/gnocchi.98301f11-d8e3-464f-9197-05a0545a4a13%3Fformat%3Djson%26marker%3Dnone_v3%26states%3Dlisting HTTP/1.0 200 - python-swiftclient-4.2.0 gAAAAABpK5KUbDSc... - 2 - txab28b9718c4145b58d65d-00692b92cd - 0.0098 - - 1764463309.682624578 1764463309.692454100 0
Nov 29 19:41:49 np0005539973.novalocal container-server[97151]: ::1 - - [30/Nov/2025:00:41:49 +0000] "PUT /3/154267/AUTH_d7431f1b3e4b40fe8ff42eb83afd437e/gnocchi.c606fbda-44d7-4d64-96c2-a4dda131d95f/1763640000.0_mean_300.0_v3" 201 - "PUT http://[::1]:8080/3/146529/AUTH_d7431f1b3e4b40fe8ff42eb83afd437e/gnocchi.c606fbda-44d7-4d64-96c2-a4dda131d95f/1763640000.0_mean_300.0_v3" "tx0c06b93ae06748c398456-00692b92cd" "object-server 97453" 0.0006 "-" 97151 0
Nov 29 19:41:49 np0005539973.novalocal object-server[97455]: ::1 - - [30/Nov/2025:00:41:49 +0000] "GET /1/64288/AUTH_d7431f1b3e4b40fe8ff42eb83afd437e/gnocchi.98301f11-d8e3-464f-9197-05a0545a4a13/1763640000.0_mean_300.0_v3" 200 16 "GET http://[::1]:8080/v1/AUTH_d7431f1b3e4b40fe8ff42eb83afd437e/gnocchi.98301f11-d8e3-464f-9197-05a0545a4a13/1763640000.0_mean_300.0_v3" "tx182c51c6e8c24017a18ae-00692b92cd" "proxy-server 90232" 0.0030 "-" 97455 0
Nov 29 19:41:49 np0005539973.novalocal kernel: qvo56b67102-ea: left promiscuous mode
Nov 29 19:41:49 np0005539973.novalocal object-server[97453]: ::1 - - [30/Nov/2025:00:41:49 +0000] "PUT /3/146529/AUTH_d7431f1b3e4b40fe8ff42eb83afd437e/gnocchi.c606fbda-44d7-4d64-96c2-a4dda131d95f/1763640000.0_mean_300.0_v3" 201 - "PUT http://[::1]:8080/v1/AUTH_d7431f1b3e4b40fe8ff42eb83afd437e/gnocchi.c606fbda-44d7-4d64-96c2-a4dda131d95f/1763640000.0_mean_300.0_v3" "tx0c06b93ae06748c398456-00692b92cd" "proxy-server 90231" 0.0160 "-" 97453 0
Nov 29 19:41:49 np0005539973.novalocal proxy-server[90232]: ::1 ::1 30/Nov/2025/00/41/49 GET /v1/AUTH_d7431f1b3e4b40fe8ff42eb83afd437e/gnocchi.98301f11-d8e3-464f-9197-05a0545a4a13/1763640000.0_mean_300.0_v3 HTTP/1.0 200 - python-swiftclient-4.2.0 gAAAAABpK5KUbDSc... - 16 - tx182c51c6e8c24017a18ae-00692b92cd - 0.0147 - - 1764463309.697519064 1764463309.712248802 0
Nov 29 19:41:49 np0005539973.novalocal container-server[97149]: ::1 - - [30/Nov/2025:00:41:49 +0000] "PUT /2/154267/AUTH_d7431f1b3e4b40fe8ff42eb83afd437e/gnocchi.c606fbda-44d7-4d64-96c2-a4dda131d95f/1763640000.0_mean_300.0_v3" 201 - "PUT http://[::1]:8080/2/146529/AUTH_d7431f1b3e4b40fe8ff42eb83afd437e/gnocchi.c606fbda-44d7-4d64-96c2-a4dda131d95f/1763640000.0_mean_300.0_v3" "tx0c06b93ae06748c398456-00692b92cd" "object-server 97452" 0.0010 "-" 97149 0
Nov 29 19:41:49 np0005539973.novalocal object-server[97452]: ::1 - - [30/Nov/2025:00:41:49 +0000] "PUT /2/146529/AUTH_d7431f1b3e4b40fe8ff42eb83afd437e/gnocchi.c606fbda-44d7-4d64-96c2-a4dda131d95f/1763640000.0_mean_300.0_v3" 201 - "PUT http://[::1]:8080/v1/AUTH_d7431f1b3e4b40fe8ff42eb83afd437e/gnocchi.c606fbda-44d7-4d64-96c2-a4dda131d95f/1763640000.0_mean_300.0_v3" "tx0c06b93ae06748c398456-00692b92cd" "proxy-server 90231" 0.0207 "-" 97452 0
Nov 29 19:41:49 np0005539973.novalocal container-server[97151]: ::1 - - [30/Nov/2025:00:41:49 +0000] "PUT /1/154267/AUTH_d7431f1b3e4b40fe8ff42eb83afd437e/gnocchi.c606fbda-44d7-4d64-96c2-a4dda131d95f/1763640000.0_mean_300.0_v3" 201 - "PUT http://[::1]:8080/1/146529/AUTH_d7431f1b3e4b40fe8ff42eb83afd437e/gnocchi.c606fbda-44d7-4d64-96c2-a4dda131d95f/1763640000.0_mean_300.0_v3" "tx0c06b93ae06748c398456-00692b92cd" "object-server 97455" 0.0007 "-" 97151 0
Nov 29 19:41:49 np0005539973.novalocal object-server[97455]: ::1 - - [30/Nov/2025:00:41:49 +0000] "PUT /1/146529/AUTH_d7431f1b3e4b40fe8ff42eb83afd437e/gnocchi.c606fbda-44d7-4d64-96c2-a4dda131d95f/1763640000.0_mean_300.0_v3" 201 - "PUT http://[::1]:8080/v1/AUTH_d7431f1b3e4b40fe8ff42eb83afd437e/gnocchi.c606fbda-44d7-4d64-96c2-a4dda131d95f/1763640000.0_mean_300.0_v3" "tx0c06b93ae06748c398456-00692b92cd" "proxy-server 90231" 0.0229 "-" 97455 0
Nov 29 19:41:49 np0005539973.novalocal proxy-server[90231]: ::1 ::1 30/Nov/2025/00/41/49 PUT /v1/AUTH_d7431f1b3e4b40fe8ff42eb83afd437e/gnocchi.c606fbda-44d7-4d64-96c2-a4dda131d95f/1763640000.0_mean_300.0_v3 HTTP/1.0 201 - python-swiftclient-4.2.0 gAAAAABpK5KUEQfJ... 16 - - tx0c06b93ae06748c398456-00692b92cd - 0.0298 - - 1764463309.689705133 1764463309.719523668 0
Nov 29 19:41:49 np0005539973.novalocal container-server[97149]: ::1 - - [30/Nov/2025:00:41:49 +0000] "PUT /3/154267/AUTH_d7431f1b3e4b40fe8ff42eb83afd437e/gnocchi.c606fbda-44d7-4d64-96c2-a4dda131d95f/none_v3" 201 - "PUT http://[::1]:8080/3/209536/AUTH_d7431f1b3e4b40fe8ff42eb83afd437e/gnocchi.c606fbda-44d7-4d64-96c2-a4dda131d95f/none_v3" "txe36d973a10c74cd8850c2-00692b92cd" "object-server 97452" 0.0007 "-" 97149 0
Nov 29 19:41:49 np0005539973.novalocal container-server[97150]: ::1 - - [30/Nov/2025:00:41:49 +0000] "PUT /2/17542/AUTH_d7431f1b3e4b40fe8ff42eb83afd437e/gnocchi.98301f11-d8e3-464f-9197-05a0545a4a13/1763640000.0_mean_300.0_v3" 201 - "PUT http://[::1]:8080/1/64288/AUTH_d7431f1b3e4b40fe8ff42eb83afd437e/gnocchi.98301f11-d8e3-464f-9197-05a0545a4a13/1763640000.0_mean_300.0_v3" "txaec64bac0271496589633-00692b92cd" "object-server 97454" 0.0005 "-" 97150 0
Nov 29 19:41:49 np0005539973.novalocal container-server[97151]: ::1 - - [30/Nov/2025:00:41:49 +0000] "PUT /1/17542/AUTH_d7431f1b3e4b40fe8ff42eb83afd437e/gnocchi.98301f11-d8e3-464f-9197-05a0545a4a13/1763640000.0_mean_300.0_v3" 201 - "PUT http://[::1]:8080/3/64288/AUTH_d7431f1b3e4b40fe8ff42eb83afd437e/gnocchi.98301f11-d8e3-464f-9197-05a0545a4a13/1763640000.0_mean_300.0_v3" "txaec64bac0271496589633-00692b92cd" "object-server 97455" 0.0007 "-" 97151 0
Nov 29 19:41:49 np0005539973.novalocal container-server[97149]: ::1 - - [30/Nov/2025:00:41:49 +0000] "PUT /2/154267/AUTH_d7431f1b3e4b40fe8ff42eb83afd437e/gnocchi.c606fbda-44d7-4d64-96c2-a4dda131d95f/none_v3" 201 - "PUT http://[::1]:8080/1/209536/AUTH_d7431f1b3e4b40fe8ff42eb83afd437e/gnocchi.c606fbda-44d7-4d64-96c2-a4dda131d95f/none_v3" "txe36d973a10c74cd8850c2-00692b92cd" "object-server 97453" 0.0005 "-" 97149 0
Nov 29 19:41:49 np0005539973.novalocal object-server[97454]: ::1 - - [30/Nov/2025:00:41:49 +0000] "PUT /1/64288/AUTH_d7431f1b3e4b40fe8ff42eb83afd437e/gnocchi.98301f11-d8e3-464f-9197-05a0545a4a13/1763640000.0_mean_300.0_v3" 201 - "PUT http://[::1]:8080/v1/AUTH_d7431f1b3e4b40fe8ff42eb83afd437e/gnocchi.98301f11-d8e3-464f-9197-05a0545a4a13/1763640000.0_mean_300.0_v3" "txaec64bac0271496589633-00692b92cd" "proxy-server 90232" 0.0192 "-" 97454 0
Nov 29 19:41:49 np0005539973.novalocal object-server[97452]: ::1 - - [30/Nov/2025:00:41:49 +0000] "PUT /3/209536/AUTH_d7431f1b3e4b40fe8ff42eb83afd437e/gnocchi.c606fbda-44d7-4d64-96c2-a4dda131d95f/none_v3" 201 - "PUT http://[::1]:8080/v1/AUTH_d7431f1b3e4b40fe8ff42eb83afd437e/gnocchi.c606fbda-44d7-4d64-96c2-a4dda131d95f/none_v3" "txe36d973a10c74cd8850c2-00692b92cd" "proxy-server 90231" 0.0216 "-" 97452 0
Nov 29 19:41:49 np0005539973.novalocal object-server[97455]: ::1 - - [30/Nov/2025:00:41:49 +0000] "PUT /3/64288/AUTH_d7431f1b3e4b40fe8ff42eb83afd437e/gnocchi.98301f11-d8e3-464f-9197-05a0545a4a13/1763640000.0_mean_300.0_v3" 201 - "PUT http://[::1]:8080/v1/AUTH_d7431f1b3e4b40fe8ff42eb83afd437e/gnocchi.98301f11-d8e3-464f-9197-05a0545a4a13/1763640000.0_mean_300.0_v3" "txaec64bac0271496589633-00692b92cd" "proxy-server 90232" 0.0215 "-" 97455 0
Nov 29 19:41:49 np0005539973.novalocal container-server[97151]: ::1 - - [30/Nov/2025:00:41:49 +0000] "PUT /1/154267/AUTH_d7431f1b3e4b40fe8ff42eb83afd437e/gnocchi.c606fbda-44d7-4d64-96c2-a4dda131d95f/none_v3" 201 - "PUT http://[::1]:8080/2/209536/AUTH_d7431f1b3e4b40fe8ff42eb83afd437e/gnocchi.c606fbda-44d7-4d64-96c2-a4dda131d95f/none_v3" "txe36d973a10c74cd8850c2-00692b92cd" "object-server 97455" 0.0004 "-" 97151 0
Nov 29 19:41:49 np0005539973.novalocal object-server[97455]: ::1 - - [30/Nov/2025:00:41:49 +0000] "PUT /2/209536/AUTH_d7431f1b3e4b40fe8ff42eb83afd437e/gnocchi.c606fbda-44d7-4d64-96c2-a4dda131d95f/none_v3" 201 - "PUT http://[::1]:8080/v1/AUTH_d7431f1b3e4b40fe8ff42eb83afd437e/gnocchi.c606fbda-44d7-4d64-96c2-a4dda131d95f/none_v3" "txe36d973a10c74cd8850c2-00692b92cd" "proxy-server 90231" 0.0204 "-" 97455 0
Nov 29 19:41:49 np0005539973.novalocal object-server[97453]: ::1 - - [30/Nov/2025:00:41:49 +0000] "PUT /1/209536/AUTH_d7431f1b3e4b40fe8ff42eb83afd437e/gnocchi.c606fbda-44d7-4d64-96c2-a4dda131d95f/none_v3" 201 - "PUT http://[::1]:8080/v1/AUTH_d7431f1b3e4b40fe8ff42eb83afd437e/gnocchi.c606fbda-44d7-4d64-96c2-a4dda131d95f/none_v3" "txe36d973a10c74cd8850c2-00692b92cd" "proxy-server 90231" 0.0231 "-" 97453 0
Nov 29 19:41:49 np0005539973.novalocal proxy-server[90231]: ::1 ::1 30/Nov/2025/00/41/49 PUT /v1/AUTH_d7431f1b3e4b40fe8ff42eb83afd437e/gnocchi.c606fbda-44d7-4d64-96c2-a4dda131d95f/none_v3 HTTP/1.0 201 - python-swiftclient-4.2.0 gAAAAABpK5KUEQfJ... 27 - - txe36d973a10c74cd8850c2-00692b92cd - 0.0290 - - 1764463309.722069979 1764463309.751081467 0
Nov 29 19:41:49 np0005539973.novalocal container-server[97148]: ::1 - - [30/Nov/2025:00:41:49 +0000] "PUT /3/17542/AUTH_d7431f1b3e4b40fe8ff42eb83afd437e/gnocchi.98301f11-d8e3-464f-9197-05a0545a4a13/1763640000.0_mean_300.0_v3" 201 - "PUT http://[::1]:8080/2/64288/AUTH_d7431f1b3e4b40fe8ff42eb83afd437e/gnocchi.98301f11-d8e3-464f-9197-05a0545a4a13/1763640000.0_mean_300.0_v3" "txaec64bac0271496589633-00692b92cd" "object-server 97453" 0.0006 "-" 97148 0
Nov 29 19:41:49 np0005539973.novalocal object-server[97453]: ::1 - - [30/Nov/2025:00:41:49 +0000] "PUT /2/64288/AUTH_d7431f1b3e4b40fe8ff42eb83afd437e/gnocchi.98301f11-d8e3-464f-9197-05a0545a4a13/1763640000.0_mean_300.0_v3" 201 - "PUT http://[::1]:8080/v1/AUTH_d7431f1b3e4b40fe8ff42eb83afd437e/gnocchi.98301f11-d8e3-464f-9197-05a0545a4a13/1763640000.0_mean_300.0_v3" "txaec64bac0271496589633-00692b92cd" "proxy-server 90232" 0.0264 "-" 97453 0
Nov 29 19:41:49 np0005539973.novalocal proxy-server[90232]: ::1 ::1 30/Nov/2025/00/41/49 PUT /v1/AUTH_d7431f1b3e4b40fe8ff42eb83afd437e/gnocchi.98301f11-d8e3-464f-9197-05a0545a4a13/1763640000.0_mean_300.0_v3 HTTP/1.0 201 - python-swiftclient-4.2.0 gAAAAABpK5KUbDSc... 16 - - txaec64bac0271496589633-00692b92cd - 0.0407 - - 1764463309.715106964 1764463309.755810261 0
Nov 29 19:41:49 np0005539973.novalocal container-server[97148]: ::1 - - [30/Nov/2025:00:41:49 +0000] "PUT /1/17542/AUTH_d7431f1b3e4b40fe8ff42eb83afd437e/gnocchi.98301f11-d8e3-464f-9197-05a0545a4a13/none_v3" 201 - "PUT http://[::1]:8080/1/45651/AUTH_d7431f1b3e4b40fe8ff42eb83afd437e/gnocchi.98301f11-d8e3-464f-9197-05a0545a4a13/none_v3" "tx971f437a044d4cc4a3514-00692b92cd" "object-server 97452" 0.0008 "-" 97148 0
Nov 29 19:41:49 np0005539973.novalocal container-server[97149]: ::1 - - [30/Nov/2025:00:41:49 +0000] "PUT /2/17542/AUTH_d7431f1b3e4b40fe8ff42eb83afd437e/gnocchi.98301f11-d8e3-464f-9197-05a0545a4a13/none_v3" 201 - "PUT http://[::1]:8080/2/45651/AUTH_d7431f1b3e4b40fe8ff42eb83afd437e/gnocchi.98301f11-d8e3-464f-9197-05a0545a4a13/none_v3" "tx971f437a044d4cc4a3514-00692b92cd" "object-server 97455" 0.0007 "-" 97149 0
Nov 29 19:41:49 np0005539973.novalocal object-server[97452]: ::1 - - [30/Nov/2025:00:41:49 +0000] "PUT /1/45651/AUTH_d7431f1b3e4b40fe8ff42eb83afd437e/gnocchi.98301f11-d8e3-464f-9197-05a0545a4a13/none_v3" 201 - "PUT http://[::1]:8080/v1/AUTH_d7431f1b3e4b40fe8ff42eb83afd437e/gnocchi.98301f11-d8e3-464f-9197-05a0545a4a13/none_v3" "tx971f437a044d4cc4a3514-00692b92cd" "proxy-server 90232" 0.0120 "-" 97452 0
Nov 29 19:41:49 np0005539973.novalocal object-server[97455]: ::1 - - [30/Nov/2025:00:41:49 +0000] "PUT /2/45651/AUTH_d7431f1b3e4b40fe8ff42eb83afd437e/gnocchi.98301f11-d8e3-464f-9197-05a0545a4a13/none_v3" 201 - "PUT http://[::1]:8080/v1/AUTH_d7431f1b3e4b40fe8ff42eb83afd437e/gnocchi.98301f11-d8e3-464f-9197-05a0545a4a13/none_v3" "tx971f437a044d4cc4a3514-00692b92cd" "proxy-server 90232" 0.0125 "-" 97455 0
Nov 29 19:41:49 np0005539973.novalocal container-server[97148]: ::1 - - [30/Nov/2025:00:41:49 +0000] "PUT /3/17542/AUTH_d7431f1b3e4b40fe8ff42eb83afd437e/gnocchi.98301f11-d8e3-464f-9197-05a0545a4a13/none_v3" 201 - "PUT http://[::1]:8080/3/45651/AUTH_d7431f1b3e4b40fe8ff42eb83afd437e/gnocchi.98301f11-d8e3-464f-9197-05a0545a4a13/none_v3" "tx971f437a044d4cc4a3514-00692b92cd" "object-server 97453" 0.0004 "-" 97148 0
Nov 29 19:41:49 np0005539973.novalocal object-server[97453]: ::1 - - [30/Nov/2025:00:41:49 +0000] "PUT /3/45651/AUTH_d7431f1b3e4b40fe8ff42eb83afd437e/gnocchi.98301f11-d8e3-464f-9197-05a0545a4a13/none_v3" 201 - "PUT http://[::1]:8080/v1/AUTH_d7431f1b3e4b40fe8ff42eb83afd437e/gnocchi.98301f11-d8e3-464f-9197-05a0545a4a13/none_v3" "tx971f437a044d4cc4a3514-00692b92cd" "proxy-server 90232" 0.0140 "-" 97453 0
Nov 29 19:41:49 np0005539973.novalocal proxy-server[90232]: ::1 ::1 30/Nov/2025/00/41/49 PUT /v1/AUTH_d7431f1b3e4b40fe8ff42eb83afd437e/gnocchi.98301f11-d8e3-464f-9197-05a0545a4a13/none_v3 HTTP/1.0 201 - python-swiftclient-4.2.0 gAAAAABpK5KUbDSc... 31 - - tx971f437a044d4cc4a3514-00692b92cd - 0.0228 - - 1764463309.758035898 1764463309.780856371 0
Nov 29 19:41:50 np0005539973.novalocal sudo[105327]: neutron : PWD=/ ; USER=root ; COMMAND=/usr/bin/neutron-rootwrap /etc/neutron/rootwrap.conf privsep-helper --config-file /usr/share/neutron/neutron-dist.conf --config-file /etc/neutron/neutron.conf --config-file /etc/neutron/dhcp_agent.ini --config-dir /etc/neutron/conf.d/neutron-dhcp-agent --privsep_context neutron.privileged.dhcp_release_cmd --privsep_sock_path /tmp/tmpfnq9i5yd/privsep.sock
Nov 29 19:41:50 np0005539973.novalocal systemd[1]: Started Session c117 of User root.
Nov 29 19:41:50 np0005539973.novalocal sudo[105327]: pam_unix(sudo:session): session opened for user root(uid=0) by (uid=981)
Nov 29 19:41:50 np0005539973.novalocal object-server[97455]: ::1 - - [30/Nov/2025:00:41:50 +0000] "GET /1/177495/AUTH_d7431f1b3e4b40fe8ff42eb83afd437e/gnocchi.a715e959-1367-431e-ac1c-b71dac1fa365/none_v3" 200 32 "GET http://[::1]:8080/v1/AUTH_d7431f1b3e4b40fe8ff42eb83afd437e/gnocchi.a715e959-1367-431e-ac1c-b71dac1fa365/none_v3" "tx941fe192aaeb40dcb77d9-00692b92ce" "proxy-server 90232" 0.0009 "-" 97455 0
Nov 29 19:41:50 np0005539973.novalocal proxy-server[90232]: ::1 ::1 30/Nov/2025/00/41/50 GET /v1/AUTH_d7431f1b3e4b40fe8ff42eb83afd437e/gnocchi.a715e959-1367-431e-ac1c-b71dac1fa365/none_v3 HTTP/1.0 200 - python-swiftclient-4.2.0 gAAAAABpK5KUbDSc... - 32 - tx941fe192aaeb40dcb77d9-00692b92ce - 0.0121 - - 1764463310.543099642 1764463310.555207729 0
Nov 29 19:41:50 np0005539973.novalocal container-server[97149]: ::1 - - [30/Nov/2025:00:41:50 +0000] "GET /2/232211/AUTH_d7431f1b3e4b40fe8ff42eb83afd437e/gnocchi.a715e959-1367-431e-ac1c-b71dac1fa365" 200 357 "GET http://[::1]:8080/v1/AUTH_d7431f1b3e4b40fe8ff42eb83afd437e/gnocchi.a715e959-1367-431e-ac1c-b71dac1fa365?format=json&states=listing" "txc729bbcfcc92498fa345d-00692b92ce" "proxy-server 90232" 0.0079 "-" 97149 0
Nov 29 19:41:50 np0005539973.novalocal proxy-server[90232]: ::1 ::1 30/Nov/2025/00/41/50 GET /v1/AUTH_d7431f1b3e4b40fe8ff42eb83afd437e/gnocchi.a715e959-1367-431e-ac1c-b71dac1fa365%3Fformat%3Djson%26states%3Dlisting HTTP/1.0 200 - python-swiftclient-4.2.0 gAAAAABpK5KUbDSc... - 357 - txc729bbcfcc92498fa345d-00692b92ce - 0.0181 - - 1764463310.558016300 1764463310.576077938 0
Nov 29 19:41:50 np0005539973.novalocal object-server[97453]: ::1 - - [30/Nov/2025:00:41:50 +0000] "GET /1/45651/AUTH_d7431f1b3e4b40fe8ff42eb83afd437e/gnocchi.98301f11-d8e3-464f-9197-05a0545a4a13/none_v3" 200 31 "GET http://[::1]:8080/v1/AUTH_d7431f1b3e4b40fe8ff42eb83afd437e/gnocchi.98301f11-d8e3-464f-9197-05a0545a4a13/none_v3" "txc56914dd08ff4bdea0589-00692b92ce" "proxy-server 90231" 0.0010 "-" 97453 0
Nov 29 19:41:50 np0005539973.novalocal proxy-server[90231]: ::1 ::1 30/Nov/2025/00/41/50 GET /v1/AUTH_d7431f1b3e4b40fe8ff42eb83afd437e/gnocchi.98301f11-d8e3-464f-9197-05a0545a4a13/none_v3 HTTP/1.0 200 - python-swiftclient-4.2.0 gAAAAABpK5KUEQfJ... - 31 - txc56914dd08ff4bdea0589-00692b92ce - 0.0144 - - 1764463310.569774628 1764463310.584175825 0
Nov 29 19:41:50 np0005539973.novalocal container-server[97151]: ::1 - - [30/Nov/2025:00:41:50 +0000] "GET /2/232211/AUTH_d7431f1b3e4b40fe8ff42eb83afd437e/gnocchi.a715e959-1367-431e-ac1c-b71dac1fa365" 200 2 "GET http://[::1]:8080/v1/AUTH_d7431f1b3e4b40fe8ff42eb83afd437e/gnocchi.a715e959-1367-431e-ac1c-b71dac1fa365?format=json&marker=none_v3&states=listing" "tx6721992efc694712b0d65-00692b92ce" "proxy-server 90232" 0.0020 "-" 97151 0
Nov 29 19:41:50 np0005539973.novalocal container-server[97151]: ::1 - - [30/Nov/2025:00:41:50 +0000] "GET /2/17542/AUTH_d7431f1b3e4b40fe8ff42eb83afd437e/gnocchi.98301f11-d8e3-464f-9197-05a0545a4a13" 200 357 "GET http://[::1]:8080/v1/AUTH_d7431f1b3e4b40fe8ff42eb83afd437e/gnocchi.98301f11-d8e3-464f-9197-05a0545a4a13?format=json&states=listing" "txf8217a4f2d6e4535ba858-00692b92ce" "proxy-server 90231" 0.0062 "-" 97151 0
Nov 29 19:41:50 np0005539973.novalocal proxy-server[90231]: ::1 ::1 30/Nov/2025/00/41/50 GET /v1/AUTH_d7431f1b3e4b40fe8ff42eb83afd437e/gnocchi.98301f11-d8e3-464f-9197-05a0545a4a13%3Fformat%3Djson%26states%3Dlisting HTTP/1.0 200 - python-swiftclient-4.2.0 gAAAAABpK5KUEQfJ... - 357 - txf8217a4f2d6e4535ba858-00692b92ce - 0.0119 - - 1764463310.587764502 1764463310.599658489 0
Nov 29 19:41:50 np0005539973.novalocal proxy-server[90232]: ::1 ::1 30/Nov/2025/00/41/50 GET /v1/AUTH_d7431f1b3e4b40fe8ff42eb83afd437e/gnocchi.a715e959-1367-431e-ac1c-b71dac1fa365%3Fformat%3Djson%26marker%3Dnone_v3%26states%3Dlisting HTTP/1.0 200 - python-swiftclient-4.2.0 gAAAAABpK5KUbDSc... - 2 - tx6721992efc694712b0d65-00692b92ce - 0.0215 - - 1764463310.579221725 1764463310.600738049 0
Nov 29 19:41:50 np0005539973.novalocal container-server[97149]: ::1 - - [30/Nov/2025:00:41:50 +0000] "GET /2/17542/AUTH_d7431f1b3e4b40fe8ff42eb83afd437e/gnocchi.98301f11-d8e3-464f-9197-05a0545a4a13" 200 2 "GET http://[::1]:8080/v1/AUTH_d7431f1b3e4b40fe8ff42eb83afd437e/gnocchi.98301f11-d8e3-464f-9197-05a0545a4a13?format=json&marker=none_v3&states=listing" "txbce5f2feb51342dfab992-00692b92ce" "proxy-server 90231" 0.0031 "-" 97149 0
Nov 29 19:41:50 np0005539973.novalocal object-server[97452]: ::1 - - [30/Nov/2025:00:41:50 +0000] "GET /3/159575/AUTH_d7431f1b3e4b40fe8ff42eb83afd437e/gnocchi.a715e959-1367-431e-ac1c-b71dac1fa365/1763640000.0_mean_300.0_v3" 200 16 "GET http://[::1]:8080/v1/AUTH_d7431f1b3e4b40fe8ff42eb83afd437e/gnocchi.a715e959-1367-431e-ac1c-b71dac1fa365/1763640000.0_mean_300.0_v3" "tx242a2f6c192045e7a8a0a-00692b92ce" "proxy-server 90232" 0.0009 "-" 97452 0
Nov 29 19:41:50 np0005539973.novalocal proxy-server[90232]: ::1 ::1 30/Nov/2025/00/41/50 GET /v1/AUTH_d7431f1b3e4b40fe8ff42eb83afd437e/gnocchi.a715e959-1367-431e-ac1c-b71dac1fa365/1763640000.0_mean_300.0_v3 HTTP/1.0 200 - python-swiftclient-4.2.0 gAAAAABpK5KUbDSc... - 16 - tx242a2f6c192045e7a8a0a-00692b92ce - 0.0108 - - 1764463310.603672504 1764463310.614515781 0
Nov 29 19:41:50 np0005539973.novalocal proxy-server[90231]: ::1 ::1 30/Nov/2025/00/41/50 GET /v1/AUTH_d7431f1b3e4b40fe8ff42eb83afd437e/gnocchi.98301f11-d8e3-464f-9197-05a0545a4a13%3Fformat%3Djson%26marker%3Dnone_v3%26states%3Dlisting HTTP/1.0 200 - python-swiftclient-4.2.0 gAAAAABpK5KUEQfJ... - 2 - txbce5f2feb51342dfab992-00692b92ce - 0.0173 - - 1764463310.604880333 1764463310.622194767 0
Nov 29 19:41:50 np0005539973.novalocal object-server[97454]: ::1 - - [30/Nov/2025:00:41:50 +0000] "GET /1/64288/AUTH_d7431f1b3e4b40fe8ff42eb83afd437e/gnocchi.98301f11-d8e3-464f-9197-05a0545a4a13/1763640000.0_mean_300.0_v3" 200 16 "GET http://[::1]:8080/v1/AUTH_d7431f1b3e4b40fe8ff42eb83afd437e/gnocchi.98301f11-d8e3-464f-9197-05a0545a4a13/1763640000.0_mean_300.0_v3" "txc46683a0b2684364beb30-00692b92ce" "proxy-server 90231" 0.0006 "-" 97454 0
Nov 29 19:41:50 np0005539973.novalocal proxy-server[90231]: ::1 ::1 30/Nov/2025/00/41/50 GET /v1/AUTH_d7431f1b3e4b40fe8ff42eb83afd437e/gnocchi.98301f11-d8e3-464f-9197-05a0545a4a13/1763640000.0_mean_300.0_v3 HTTP/1.0 200 - python-swiftclient-4.2.0 gAAAAABpK5KUEQfJ... - 16 - txc46683a0b2684364beb30-00692b92ce - 0.0070 - - 1764463310.630228043 1764463310.637223482 0
Nov 29 19:41:50 np0005539973.novalocal container-server[97148]: ::1 - - [30/Nov/2025:00:41:50 +0000] "PUT /3/232211/AUTH_d7431f1b3e4b40fe8ff42eb83afd437e/gnocchi.a715e959-1367-431e-ac1c-b71dac1fa365/1763640000.0_mean_300.0_v3" 201 - "PUT http://[::1]:8080/1/159575/AUTH_d7431f1b3e4b40fe8ff42eb83afd437e/gnocchi.a715e959-1367-431e-ac1c-b71dac1fa365/1763640000.0_mean_300.0_v3" "txd58d9f115480444580894-00692b92ce" "object-server 97453" 0.0006 "-" 97148 0
Nov 29 19:41:50 np0005539973.novalocal object-server[97453]: ::1 - - [30/Nov/2025:00:41:50 +0000] "PUT /1/159575/AUTH_d7431f1b3e4b40fe8ff42eb83afd437e/gnocchi.a715e959-1367-431e-ac1c-b71dac1fa365/1763640000.0_mean_300.0_v3" 201 - "PUT http://[::1]:8080/v1/AUTH_d7431f1b3e4b40fe8ff42eb83afd437e/gnocchi.a715e959-1367-431e-ac1c-b71dac1fa365/1763640000.0_mean_300.0_v3" "txd58d9f115480444580894-00692b92ce" "proxy-server 90232" 0.0155 "-" 97453 0
Nov 29 19:41:50 np0005539973.novalocal container-server[97151]: ::1 - - [30/Nov/2025:00:41:50 +0000] "PUT /1/232211/AUTH_d7431f1b3e4b40fe8ff42eb83afd437e/gnocchi.a715e959-1367-431e-ac1c-b71dac1fa365/1763640000.0_mean_300.0_v3" 201 - "PUT http://[::1]:8080/2/159575/AUTH_d7431f1b3e4b40fe8ff42eb83afd437e/gnocchi.a715e959-1367-431e-ac1c-b71dac1fa365/1763640000.0_mean_300.0_v3" "txd58d9f115480444580894-00692b92ce" "object-server 97454" 0.0009 "-" 97151 0
Nov 29 19:41:50 np0005539973.novalocal container-server[97151]: ::1 - - [30/Nov/2025:00:41:50 +0000] "PUT /2/232211/AUTH_d7431f1b3e4b40fe8ff42eb83afd437e/gnocchi.a715e959-1367-431e-ac1c-b71dac1fa365/1763640000.0_mean_300.0_v3" 201 - "PUT http://[::1]:8080/3/159575/AUTH_d7431f1b3e4b40fe8ff42eb83afd437e/gnocchi.a715e959-1367-431e-ac1c-b71dac1fa365/1763640000.0_mean_300.0_v3" "txd58d9f115480444580894-00692b92ce" "object-server 97454" 0.0004 "-" 97151 0
Nov 29 19:41:50 np0005539973.novalocal object-server[97454]: ::1 - - [30/Nov/2025:00:41:50 +0000] "PUT /2/159575/AUTH_d7431f1b3e4b40fe8ff42eb83afd437e/gnocchi.a715e959-1367-431e-ac1c-b71dac1fa365/1763640000.0_mean_300.0_v3" 201 - "PUT http://[::1]:8080/v1/AUTH_d7431f1b3e4b40fe8ff42eb83afd437e/gnocchi.a715e959-1367-431e-ac1c-b71dac1fa365/1763640000.0_mean_300.0_v3" "txd58d9f115480444580894-00692b92ce" "proxy-server 90232" 0.0232 "-" 97454 0
Nov 29 19:41:50 np0005539973.novalocal object-server[97454]: ::1 - - [30/Nov/2025:00:41:50 +0000] "PUT /3/159575/AUTH_d7431f1b3e4b40fe8ff42eb83afd437e/gnocchi.a715e959-1367-431e-ac1c-b71dac1fa365/1763640000.0_mean_300.0_v3" 201 - "PUT http://[::1]:8080/v1/AUTH_d7431f1b3e4b40fe8ff42eb83afd437e/gnocchi.a715e959-1367-431e-ac1c-b71dac1fa365/1763640000.0_mean_300.0_v3" "txd58d9f115480444580894-00692b92ce" "proxy-server 90232" 0.0268 "-" 97454 0
Nov 29 19:41:50 np0005539973.novalocal container-server[97149]: ::1 - - [30/Nov/2025:00:41:50 +0000] "PUT /3/17542/AUTH_d7431f1b3e4b40fe8ff42eb83afd437e/gnocchi.98301f11-d8e3-464f-9197-05a0545a4a13/1763640000.0_mean_300.0_v3" 201 - "PUT http://[::1]:8080/2/64288/AUTH_d7431f1b3e4b40fe8ff42eb83afd437e/gnocchi.98301f11-d8e3-464f-9197-05a0545a4a13/1763640000.0_mean_300.0_v3" "txc0a04bc5159743569cb7d-00692b92ce" "object-server 97454" 0.0004 "-" 97149 0
Nov 29 19:41:50 np0005539973.novalocal container-server[97150]: ::1 - - [30/Nov/2025:00:41:50 +0000] "PUT /1/17542/AUTH_d7431f1b3e4b40fe8ff42eb83afd437e/gnocchi.98301f11-d8e3-464f-9197-05a0545a4a13/1763640000.0_mean_300.0_v3" 201 - "PUT http://[::1]:8080/1/64288/AUTH_d7431f1b3e4b40fe8ff42eb83afd437e/gnocchi.98301f11-d8e3-464f-9197-05a0545a4a13/1763640000.0_mean_300.0_v3" "txc0a04bc5159743569cb7d-00692b92ce" "object-server 97453" 0.0005 "-" 97150 0
Nov 29 19:41:50 np0005539973.novalocal proxy-server[90232]: ::1 ::1 30/Nov/2025/00/41/50 PUT /v1/AUTH_d7431f1b3e4b40fe8ff42eb83afd437e/gnocchi.a715e959-1367-431e-ac1c-b71dac1fa365/1763640000.0_mean_300.0_v3 HTTP/1.0 201 - python-swiftclient-4.2.0 gAAAAABpK5KUbDSc... 16 - - txd58d9f115480444580894-00692b92ce - 0.0380 - - 1764463310.616887808 1764463310.654927254 0
Nov 29 19:41:50 np0005539973.novalocal object-server[97453]: ::1 - - [30/Nov/2025:00:41:50 +0000] "PUT /1/64288/AUTH_d7431f1b3e4b40fe8ff42eb83afd437e/gnocchi.98301f11-d8e3-464f-9197-05a0545a4a13/1763640000.0_mean_300.0_v3" 201 - "PUT http://[::1]:8080/v1/AUTH_d7431f1b3e4b40fe8ff42eb83afd437e/gnocchi.98301f11-d8e3-464f-9197-05a0545a4a13/1763640000.0_mean_300.0_v3" "txc0a04bc5159743569cb7d-00692b92ce" "proxy-server 90231" 0.0120 "-" 97453 0
Nov 29 19:41:50 np0005539973.novalocal object-server[97454]: ::1 - - [30/Nov/2025:00:41:50 +0000] "PUT /2/64288/AUTH_d7431f1b3e4b40fe8ff42eb83afd437e/gnocchi.98301f11-d8e3-464f-9197-05a0545a4a13/1763640000.0_mean_300.0_v3" 201 - "PUT http://[::1]:8080/v1/AUTH_d7431f1b3e4b40fe8ff42eb83afd437e/gnocchi.98301f11-d8e3-464f-9197-05a0545a4a13/1763640000.0_mean_300.0_v3" "txc0a04bc5159743569cb7d-00692b92ce" "proxy-server 90231" 0.0123 "-" 97454 0
Nov 29 19:41:50 np0005539973.novalocal container-server[97150]: ::1 - - [30/Nov/2025:00:41:50 +0000] "PUT /2/17542/AUTH_d7431f1b3e4b40fe8ff42eb83afd437e/gnocchi.98301f11-d8e3-464f-9197-05a0545a4a13/1763640000.0_mean_300.0_v3" 201 - "PUT http://[::1]:8080/3/64288/AUTH_d7431f1b3e4b40fe8ff42eb83afd437e/gnocchi.98301f11-d8e3-464f-9197-05a0545a4a13/1763640000.0_mean_300.0_v3" "txc0a04bc5159743569cb7d-00692b92ce" "object-server 97452" 0.0005 "-" 97150 0
Nov 29 19:41:50 np0005539973.novalocal object-server[97452]: ::1 - - [30/Nov/2025:00:41:50 +0000] "PUT /3/64288/AUTH_d7431f1b3e4b40fe8ff42eb83afd437e/gnocchi.98301f11-d8e3-464f-9197-05a0545a4a13/1763640000.0_mean_300.0_v3" 201 - "PUT http://[::1]:8080/v1/AUTH_d7431f1b3e4b40fe8ff42eb83afd437e/gnocchi.98301f11-d8e3-464f-9197-05a0545a4a13/1763640000.0_mean_300.0_v3" "txc0a04bc5159743569cb7d-00692b92ce" "proxy-server 90231" 0.0137 "-" 97452 0
Nov 29 19:41:50 np0005539973.novalocal proxy-server[90231]: ::1 ::1 30/Nov/2025/00/41/50 PUT /v1/AUTH_d7431f1b3e4b40fe8ff42eb83afd437e/gnocchi.98301f11-d8e3-464f-9197-05a0545a4a13/1763640000.0_mean_300.0_v3 HTTP/1.0 201 - python-swiftclient-4.2.0 gAAAAABpK5KUEQfJ... 16 - - txc0a04bc5159743569cb7d-00692b92ce - 0.0213 - - 1764463310.639729977 1764463310.660989285 0
Nov 29 19:41:50 np0005539973.novalocal container-server[97150]: ::1 - - [30/Nov/2025:00:41:50 +0000] "PUT /2/17542/AUTH_d7431f1b3e4b40fe8ff42eb83afd437e/gnocchi.98301f11-d8e3-464f-9197-05a0545a4a13/none_v3" 201 - "PUT http://[::1]:8080/1/45651/AUTH_d7431f1b3e4b40fe8ff42eb83afd437e/gnocchi.98301f11-d8e3-464f-9197-05a0545a4a13/none_v3" "tx8c6cb2947bac41558c420-00692b92ce" "object-server 97454" 0.0006 "-" 97150 0
Nov 29 19:41:50 np0005539973.novalocal container-server[97149]: ::1 - - [30/Nov/2025:00:41:50 +0000] "PUT /3/17542/AUTH_d7431f1b3e4b40fe8ff42eb83afd437e/gnocchi.98301f11-d8e3-464f-9197-05a0545a4a13/none_v3" 201 - "PUT http://[::1]:8080/2/45651/AUTH_d7431f1b3e4b40fe8ff42eb83afd437e/gnocchi.98301f11-d8e3-464f-9197-05a0545a4a13/none_v3" "tx8c6cb2947bac41558c420-00692b92ce" "object-server 97455" 0.0005 "-" 97149 0
Nov 29 19:41:50 np0005539973.novalocal container-server[97150]: ::1 - - [30/Nov/2025:00:41:50 +0000] "PUT /3/232211/AUTH_d7431f1b3e4b40fe8ff42eb83afd437e/gnocchi.a715e959-1367-431e-ac1c-b71dac1fa365/none_v3" 201 - "PUT http://[::1]:8080/1/177495/AUTH_d7431f1b3e4b40fe8ff42eb83afd437e/gnocchi.a715e959-1367-431e-ac1c-b71dac1fa365/none_v3" "tx0398aa2337d34584849c8-00692b92ce" "object-server 97453" 0.0003 "-" 97150 0
Nov 29 19:41:50 np0005539973.novalocal container-server[97149]: ::1 - - [30/Nov/2025:00:41:50 +0000] "PUT /1/232211/AUTH_d7431f1b3e4b40fe8ff42eb83afd437e/gnocchi.a715e959-1367-431e-ac1c-b71dac1fa365/none_v3" 201 - "PUT http://[::1]:8080/3/177495/AUTH_d7431f1b3e4b40fe8ff42eb83afd437e/gnocchi.a715e959-1367-431e-ac1c-b71dac1fa365/none_v3" "tx0398aa2337d34584849c8-00692b92ce" "object-server 97455" 0.0003 "-" 97149 0
Nov 29 19:41:50 np0005539973.novalocal object-server[97454]: ::1 - - [30/Nov/2025:00:41:50 +0000] "PUT /1/45651/AUTH_d7431f1b3e4b40fe8ff42eb83afd437e/gnocchi.98301f11-d8e3-464f-9197-05a0545a4a13/none_v3" 201 - "PUT http://[::1]:8080/v1/AUTH_d7431f1b3e4b40fe8ff42eb83afd437e/gnocchi.98301f11-d8e3-464f-9197-05a0545a4a13/none_v3" "tx8c6cb2947bac41558c420-00692b92ce" "proxy-server 90231" 0.0174 "-" 97454 0
Nov 29 19:41:50 np0005539973.novalocal object-server[97453]: ::1 - - [30/Nov/2025:00:41:50 +0000] "PUT /1/177495/AUTH_d7431f1b3e4b40fe8ff42eb83afd437e/gnocchi.a715e959-1367-431e-ac1c-b71dac1fa365/none_v3" 201 - "PUT http://[::1]:8080/v1/AUTH_d7431f1b3e4b40fe8ff42eb83afd437e/gnocchi.a715e959-1367-431e-ac1c-b71dac1fa365/none_v3" "tx0398aa2337d34584849c8-00692b92ce" "proxy-server 90232" 0.0150 "-" 97453 0
Nov 29 19:41:50 np0005539973.novalocal container-server[97149]: ::1 - - [30/Nov/2025:00:41:50 +0000] "PUT /1/17542/AUTH_d7431f1b3e4b40fe8ff42eb83afd437e/gnocchi.98301f11-d8e3-464f-9197-05a0545a4a13/none_v3" 201 - "PUT http://[::1]:8080/3/45651/AUTH_d7431f1b3e4b40fe8ff42eb83afd437e/gnocchi.98301f11-d8e3-464f-9197-05a0545a4a13/none_v3" "tx8c6cb2947bac41558c420-00692b92ce" "object-server 97453" 0.0002 "-" 97149 0
Nov 29 19:41:50 np0005539973.novalocal object-server[97453]: ::1 - - [30/Nov/2025:00:41:50 +0000] "PUT /3/45651/AUTH_d7431f1b3e4b40fe8ff42eb83afd437e/gnocchi.98301f11-d8e3-464f-9197-05a0545a4a13/none_v3" 201 - "PUT http://[::1]:8080/v1/AUTH_d7431f1b3e4b40fe8ff42eb83afd437e/gnocchi.98301f11-d8e3-464f-9197-05a0545a4a13/none_v3" "tx8c6cb2947bac41558c420-00692b92ce" "proxy-server 90231" 0.0139 "-" 97453 0
Nov 29 19:41:50 np0005539973.novalocal container-server[97151]: ::1 - - [30/Nov/2025:00:41:50 +0000] "PUT /2/232211/AUTH_d7431f1b3e4b40fe8ff42eb83afd437e/gnocchi.a715e959-1367-431e-ac1c-b71dac1fa365/none_v3" 201 - "PUT http://[::1]:8080/2/177495/AUTH_d7431f1b3e4b40fe8ff42eb83afd437e/gnocchi.a715e959-1367-431e-ac1c-b71dac1fa365/none_v3" "tx0398aa2337d34584849c8-00692b92ce" "object-server 97453" 0.0004 "-" 97151 0
Nov 29 19:41:50 np0005539973.novalocal object-server[97455]: ::1 - - [30/Nov/2025:00:41:50 +0000] "PUT /3/177495/AUTH_d7431f1b3e4b40fe8ff42eb83afd437e/gnocchi.a715e959-1367-431e-ac1c-b71dac1fa365/none_v3" 201 - "PUT http://[::1]:8080/v1/AUTH_d7431f1b3e4b40fe8ff42eb83afd437e/gnocchi.a715e959-1367-431e-ac1c-b71dac1fa365/none_v3" "tx0398aa2337d34584849c8-00692b92ce" "proxy-server 90232" 0.0198 "-" 97455 0
