Nov 29 19:41:38 np0005539973.novalocal container-server[97148]: ::1 - - [30/Nov/2025:00:41:38 +0000] "PUT /2/232211/AUTH_d7431f1b3e4b40fe8ff42eb83afd437e/gnocchi.a715e959-1367-431e-ac1c-b71dac1fa365" 201 - "PUT http://[::1]:8080/v1/AUTH_d7431f1b3e4b40fe8ff42eb83afd437e/gnocchi.a715e959-1367-431e-ac1c-b71dac1fa365" "tx06de95bb75204df0accca-00692b92c1" "proxy-server 90231" 0.0364 "-" 97148 0
Nov 29 19:41:38 np0005539973.novalocal container-server[97148]: ::1 - - [30/Nov/2025:00:41:38 +0000] "PUT /3/221879/AUTH_d7431f1b3e4b40fe8ff42eb83afd437e/gnocchi.3945111b-3aaf-41ef-830e-c1f82e54a260" 201 - "PUT http://[::1]:8080/v1/AUTH_d7431f1b3e4b40fe8ff42eb83afd437e/gnocchi.3945111b-3aaf-41ef-830e-c1f82e54a260" "tx52c0365d6871416d9c3a5-00692b92c1" "proxy-server 90232" 0.0232 "-" 97148 0
Nov 29 19:41:38 np0005539973.novalocal proxy-server[90232]: ::1 ::1 30/Nov/2025/00/41/38 PUT /v1/AUTH_d7431f1b3e4b40fe8ff42eb83afd437e/gnocchi.3945111b-3aaf-41ef-830e-c1f82e54a260 HTTP/1.0 201 - python-swiftclient-4.2.0 gAAAAABpK5KUbDSc... - - - tx52c0365d6871416d9c3a5-00692b92c1 - 0.1014 - - 1764463297.981261015 1764463298.082682133 0
Nov 29 19:41:38 np0005539973.novalocal account-server[96857]: ::1 - - [30/Nov/2025:00:41:38 +0000] "PUT /2/39192/AUTH_d7431f1b3e4b40fe8ff42eb83afd437e/gnocchi.a715e959-1367-431e-ac1c-b71dac1fa365" 201 - "PUT http://[::1]:6001/3/232211/AUTH_d7431f1b3e4b40fe8ff42eb83afd437e/gnocchi.a715e959-1367-431e-ac1c-b71dac1fa365" "tx06de95bb75204df0accca-00692b92c1" "container-server 97148" 0.0046 "-" 96857 0
Nov 29 19:41:38 np0005539973.novalocal container-server[97148]: ::1 - - [30/Nov/2025:00:41:38 +0000] "PUT /3/232211/AUTH_d7431f1b3e4b40fe8ff42eb83afd437e/gnocchi.a715e959-1367-431e-ac1c-b71dac1fa365" 201 - "PUT http://[::1]:8080/v1/AUTH_d7431f1b3e4b40fe8ff42eb83afd437e/gnocchi.a715e959-1367-431e-ac1c-b71dac1fa365" "tx06de95bb75204df0accca-00692b92c1" "proxy-server 90231" 0.0571 "-" 97148 0
Nov 29 19:41:38 np0005539973.novalocal proxy-server[90231]: ::1 ::1 30/Nov/2025/00/41/38 PUT /v1/AUTH_d7431f1b3e4b40fe8ff42eb83afd437e/gnocchi.a715e959-1367-431e-ac1c-b71dac1fa365 HTTP/1.0 201 - python-swiftclient-4.2.0 gAAAAABpK5KUEQfJ... - - - tx06de95bb75204df0accca-00692b92c1 - 0.1087 - - 1764463297.978021860 1764463298.086737394 0
Nov 29 19:41:38 np0005539973.novalocal container-server[97148]: ::1 - - [30/Nov/2025:00:41:38 +0000] "HEAD /1/232211/AUTH_d7431f1b3e4b40fe8ff42eb83afd437e/gnocchi.a715e959-1367-431e-ac1c-b71dac1fa365" 204 - "HEAD http://[::1]:8080/v1/AUTH_d7431f1b3e4b40fe8ff42eb83afd437e/gnocchi.a715e959-1367-431e-ac1c-b71dac1fa365?format=json&states=listing" "tx289e170cd7824ede8635c-00692b92c2" "proxy-server 90231" 0.0022 "-" 97148 0
Nov 29 19:41:38 np0005539973.novalocal container-server[97151]: ::1 - - [30/Nov/2025:00:41:38 +0000] "HEAD /3/221879/AUTH_d7431f1b3e4b40fe8ff42eb83afd437e/gnocchi.3945111b-3aaf-41ef-830e-c1f82e54a260" 204 - "HEAD http://[::1]:8080/v1/AUTH_d7431f1b3e4b40fe8ff42eb83afd437e/gnocchi.3945111b-3aaf-41ef-830e-c1f82e54a260?format=json&states=listing" "tx799f89f607a7495aad7fe-00692b92c2" "proxy-server 90232" 0.0014 "-" 97151 0
Nov 29 19:41:38 np0005539973.novalocal container-server[97151]: ::1 - - [30/Nov/2025:00:41:38 +0000] "GET /1/221879/AUTH_d7431f1b3e4b40fe8ff42eb83afd437e/gnocchi.3945111b-3aaf-41ef-830e-c1f82e54a260" 200 2 "GET http://[::1]:8080/v1/AUTH_d7431f1b3e4b40fe8ff42eb83afd437e/gnocchi.3945111b-3aaf-41ef-830e-c1f82e54a260?format=json&states=listing" "tx799f89f607a7495aad7fe-00692b92c2" "proxy-server 90232" 0.0020 "-" 97151 0
Nov 29 19:41:38 np0005539973.novalocal container-server[97148]: ::1 - - [30/Nov/2025:00:41:38 +0000] "GET /1/232211/AUTH_d7431f1b3e4b40fe8ff42eb83afd437e/gnocchi.a715e959-1367-431e-ac1c-b71dac1fa365" 200 2 "GET http://[::1]:8080/v1/AUTH_d7431f1b3e4b40fe8ff42eb83afd437e/gnocchi.a715e959-1367-431e-ac1c-b71dac1fa365?format=json&states=listing" "tx289e170cd7824ede8635c-00692b92c2" "proxy-server 90231" 0.0024 "-" 97148 0
Nov 29 19:41:38 np0005539973.novalocal proxy-server[90232]: ::1 ::1 30/Nov/2025/00/41/38 GET /v1/AUTH_d7431f1b3e4b40fe8ff42eb83afd437e/gnocchi.3945111b-3aaf-41ef-830e-c1f82e54a260%3Fformat%3Djson%26states%3Dlisting HTTP/1.0 200 - python-swiftclient-4.2.0 gAAAAABpK5KUbDSc... - 2 - tx799f89f607a7495aad7fe-00692b92c2 - 0.0160 - - 1764463298.091280222 1764463298.107241154 0
Nov 29 19:41:38 np0005539973.novalocal proxy-server[90231]: ::1 ::1 30/Nov/2025/00/41/38 GET /v1/AUTH_d7431f1b3e4b40fe8ff42eb83afd437e/gnocchi.a715e959-1367-431e-ac1c-b71dac1fa365%3Fformat%3Djson%26states%3Dlisting HTTP/1.0 200 - python-swiftclient-4.2.0 gAAAAABpK5KUEQfJ... - 2 - tx289e170cd7824ede8635c-00692b92c2 - 0.0189 - - 1764463298.090476036 1764463298.109407425 0
Nov 29 19:41:38 np0005539973.novalocal object-server[97453]: ::1 - - [30/Nov/2025:00:41:38 +0000] "GET /3/159575/AUTH_d7431f1b3e4b40fe8ff42eb83afd437e/gnocchi.a715e959-1367-431e-ac1c-b71dac1fa365/1763640000.0_mean_300.0_v3" 404 70 "GET http://[::1]:8080/v1/AUTH_d7431f1b3e4b40fe8ff42eb83afd437e/gnocchi.a715e959-1367-431e-ac1c-b71dac1fa365/1763640000.0_mean_300.0_v3" "tx9ec5e5a7b92a4bbea405c-00692b92c2" "proxy-server 90231" 0.0003 "-" 97453 0
Nov 29 19:41:38 np0005539973.novalocal object-server[97455]: ::1 - - [30/Nov/2025:00:41:38 +0000] "GET /2/259564/AUTH_d7431f1b3e4b40fe8ff42eb83afd437e/gnocchi.3945111b-3aaf-41ef-830e-c1f82e54a260/1763640000.0_mean_300.0_v3" 404 70 "GET http://[::1]:8080/v1/AUTH_d7431f1b3e4b40fe8ff42eb83afd437e/gnocchi.3945111b-3aaf-41ef-830e-c1f82e54a260/1763640000.0_mean_300.0_v3" "txf5b2f6eec8b74152b73e1-00692b92c2" "proxy-server 90232" 0.0003 "-" 97455 0
Nov 29 19:41:38 np0005539973.novalocal object-server[97453]: ::1 - - [30/Nov/2025:00:41:38 +0000] "GET /2/159575/AUTH_d7431f1b3e4b40fe8ff42eb83afd437e/gnocchi.a715e959-1367-431e-ac1c-b71dac1fa365/1763640000.0_mean_300.0_v3" 404 70 "GET http://[::1]:8080/v1/AUTH_d7431f1b3e4b40fe8ff42eb83afd437e/gnocchi.a715e959-1367-431e-ac1c-b71dac1fa365/1763640000.0_mean_300.0_v3" "tx9ec5e5a7b92a4bbea405c-00692b92c2" "proxy-server 90231" 0.0003 "-" 97453 0
Nov 29 19:41:38 np0005539973.novalocal object-server[97454]: ::1 - - [30/Nov/2025:00:41:38 +0000] "GET /1/259564/AUTH_d7431f1b3e4b40fe8ff42eb83afd437e/gnocchi.3945111b-3aaf-41ef-830e-c1f82e54a260/1763640000.0_mean_300.0_v3" 404 70 "GET http://[::1]:8080/v1/AUTH_d7431f1b3e4b40fe8ff42eb83afd437e/gnocchi.3945111b-3aaf-41ef-830e-c1f82e54a260/1763640000.0_mean_300.0_v3" "txf5b2f6eec8b74152b73e1-00692b92c2" "proxy-server 90232" 0.0003 "-" 97454 0
Nov 29 19:41:38 np0005539973.novalocal object-server[97452]: ::1 - - [30/Nov/2025:00:41:38 +0000] "GET /3/259564/AUTH_d7431f1b3e4b40fe8ff42eb83afd437e/gnocchi.3945111b-3aaf-41ef-830e-c1f82e54a260/1763640000.0_mean_300.0_v3" 404 70 "GET http://[::1]:8080/v1/AUTH_d7431f1b3e4b40fe8ff42eb83afd437e/gnocchi.3945111b-3aaf-41ef-830e-c1f82e54a260/1763640000.0_mean_300.0_v3" "txf5b2f6eec8b74152b73e1-00692b92c2" "proxy-server 90232" 0.0003 "-" 97452 0
Nov 29 19:41:38 np0005539973.novalocal object-server[97453]: ::1 - - [30/Nov/2025:00:41:38 +0000] "GET /1/159575/AUTH_d7431f1b3e4b40fe8ff42eb83afd437e/gnocchi.a715e959-1367-431e-ac1c-b71dac1fa365/1763640000.0_mean_300.0_v3" 404 70 "GET http://[::1]:8080/v1/AUTH_d7431f1b3e4b40fe8ff42eb83afd437e/gnocchi.a715e959-1367-431e-ac1c-b71dac1fa365/1763640000.0_mean_300.0_v3" "tx9ec5e5a7b92a4bbea405c-00692b92c2" "proxy-server 90231" 0.0003 "-" 97453 0
Nov 29 19:41:38 np0005539973.novalocal proxy-server[90232]: ::1 ::1 30/Nov/2025/00/41/38 GET /v1/AUTH_d7431f1b3e4b40fe8ff42eb83afd437e/gnocchi.3945111b-3aaf-41ef-830e-c1f82e54a260/1763640000.0_mean_300.0_v3 HTTP/1.0 404 - python-swiftclient-4.2.0 gAAAAABpK5KUbDSc... - 70 - txf5b2f6eec8b74152b73e1-00692b92c2 - 0.0118 - - 1764463298.114591599 1764463298.126438379 0
Nov 29 19:41:38 np0005539973.novalocal proxy-server[90231]: ::1 ::1 30/Nov/2025/00/41/38 GET /v1/AUTH_d7431f1b3e4b40fe8ff42eb83afd437e/gnocchi.a715e959-1367-431e-ac1c-b71dac1fa365/1763640000.0_mean_300.0_v3 HTTP/1.0 404 - python-swiftclient-4.2.0 gAAAAABpK5KUEQfJ... - 70 - tx9ec5e5a7b92a4bbea405c-00692b92c2 - 0.0150 - - 1764463298.112702131 1764463298.127656937 0
Nov 29 19:41:38 np0005539973.novalocal sshd-session[105229]: Invalid user proxyuser from 173.212.238.152 port 47514
Nov 29 19:41:38 np0005539973.novalocal container-server[97148]: ::1 - - [30/Nov/2025:00:41:38 +0000] "PUT /2/232211/AUTH_d7431f1b3e4b40fe8ff42eb83afd437e/gnocchi.a715e959-1367-431e-ac1c-b71dac1fa365/1763640000.0_mean_300.0_v3" 201 - "PUT http://[::1]:8080/1/159575/AUTH_d7431f1b3e4b40fe8ff42eb83afd437e/gnocchi.a715e959-1367-431e-ac1c-b71dac1fa365/1763640000.0_mean_300.0_v3" "tx92cf461d72fe4328b2679-00692b92c2" "object-server 97452" 0.0027 "-" 97148 0
Nov 29 19:41:38 np0005539973.novalocal container-server[97150]: ::1 - - [30/Nov/2025:00:41:38 +0000] "PUT /3/221879/AUTH_d7431f1b3e4b40fe8ff42eb83afd437e/gnocchi.3945111b-3aaf-41ef-830e-c1f82e54a260/1763640000.0_mean_300.0_v3" 201 - "PUT http://[::1]:8080/3/259564/AUTH_d7431f1b3e4b40fe8ff42eb83afd437e/gnocchi.3945111b-3aaf-41ef-830e-c1f82e54a260/1763640000.0_mean_300.0_v3" "tx090a3e849f4348f5aaa33-00692b92c2" "object-server 97453" 0.0007 "-" 97150 0
Nov 29 19:41:38 np0005539973.novalocal object-server[97452]: ::1 - - [30/Nov/2025:00:41:38 +0000] "PUT /1/159575/AUTH_d7431f1b3e4b40fe8ff42eb83afd437e/gnocchi.a715e959-1367-431e-ac1c-b71dac1fa365/1763640000.0_mean_300.0_v3" 201 - "PUT http://[::1]:8080/v1/AUTH_d7431f1b3e4b40fe8ff42eb83afd437e/gnocchi.a715e959-1367-431e-ac1c-b71dac1fa365/1763640000.0_mean_300.0_v3" "tx92cf461d72fe4328b2679-00692b92c2" "proxy-server 90231" 0.0659 "-" 97452 0
Nov 29 19:41:38 np0005539973.novalocal container-server[97149]: ::1 - - [30/Nov/2025:00:41:38 +0000] "PUT /3/232211/AUTH_d7431f1b3e4b40fe8ff42eb83afd437e/gnocchi.a715e959-1367-431e-ac1c-b71dac1fa365/1763640000.0_mean_300.0_v3" 201 - "PUT http://[::1]:8080/3/159575/AUTH_d7431f1b3e4b40fe8ff42eb83afd437e/gnocchi.a715e959-1367-431e-ac1c-b71dac1fa365/1763640000.0_mean_300.0_v3" "tx92cf461d72fe4328b2679-00692b92c2" "object-server 97453" 0.0009 "-" 97149 0
Nov 29 19:41:38 np0005539973.novalocal container-server[97149]: ::1 - - [30/Nov/2025:00:41:38 +0000] "PUT /1/232211/AUTH_d7431f1b3e4b40fe8ff42eb83afd437e/gnocchi.a715e959-1367-431e-ac1c-b71dac1fa365/1763640000.0_mean_300.0_v3" 201 - "PUT http://[::1]:8080/2/159575/AUTH_d7431f1b3e4b40fe8ff42eb83afd437e/gnocchi.a715e959-1367-431e-ac1c-b71dac1fa365/1763640000.0_mean_300.0_v3" "tx92cf461d72fe4328b2679-00692b92c2" "object-server 97455" 0.0009 "-" 97149 0
Nov 29 19:41:38 np0005539973.novalocal object-server[97455]: ::1 - - [30/Nov/2025:00:41:38 +0000] "PUT /2/159575/AUTH_d7431f1b3e4b40fe8ff42eb83afd437e/gnocchi.a715e959-1367-431e-ac1c-b71dac1fa365/1763640000.0_mean_300.0_v3" 201 - "PUT http://[::1]:8080/v1/AUTH_d7431f1b3e4b40fe8ff42eb83afd437e/gnocchi.a715e959-1367-431e-ac1c-b71dac1fa365/1763640000.0_mean_300.0_v3" "tx92cf461d72fe4328b2679-00692b92c2" "proxy-server 90231" 0.0700 "-" 97455 0
Nov 29 19:41:38 np0005539973.novalocal container-server[97151]: ::1 - - [30/Nov/2025:00:41:38 +0000] "PUT /1/221879/AUTH_d7431f1b3e4b40fe8ff42eb83afd437e/gnocchi.3945111b-3aaf-41ef-830e-c1f82e54a260/1763640000.0_mean_300.0_v3" 201 - "PUT http://[::1]:8080/2/259564/AUTH_d7431f1b3e4b40fe8ff42eb83afd437e/gnocchi.3945111b-3aaf-41ef-830e-c1f82e54a260/1763640000.0_mean_300.0_v3" "tx090a3e849f4348f5aaa33-00692b92c2" "object-server 97455" 0.0008 "-" 97151 0
Nov 29 19:41:38 np0005539973.novalocal object-server[97455]: ::1 - - [30/Nov/2025:00:41:38 +0000] "PUT /2/259564/AUTH_d7431f1b3e4b40fe8ff42eb83afd437e/gnocchi.3945111b-3aaf-41ef-830e-c1f82e54a260/1763640000.0_mean_300.0_v3" 201 - "PUT http://[::1]:8080/v1/AUTH_d7431f1b3e4b40fe8ff42eb83afd437e/gnocchi.3945111b-3aaf-41ef-830e-c1f82e54a260/1763640000.0_mean_300.0_v3" "tx090a3e849f4348f5aaa33-00692b92c2" "proxy-server 90232" 0.0673 "-" 97455 0
Nov 29 19:41:38 np0005539973.novalocal container-server[97151]: ::1 - - [30/Nov/2025:00:41:38 +0000] "PUT /2/221879/AUTH_d7431f1b3e4b40fe8ff42eb83afd437e/gnocchi.3945111b-3aaf-41ef-830e-c1f82e54a260/1763640000.0_mean_300.0_v3" 201 - "PUT http://[::1]:8080/1/259564/AUTH_d7431f1b3e4b40fe8ff42eb83afd437e/gnocchi.3945111b-3aaf-41ef-830e-c1f82e54a260/1763640000.0_mean_300.0_v3" "tx090a3e849f4348f5aaa33-00692b92c2" "object-server 97455" 0.0006 "-" 97151 0
Nov 29 19:41:38 np0005539973.novalocal object-server[97455]: ::1 - - [30/Nov/2025:00:41:38 +0000] "PUT /1/259564/AUTH_d7431f1b3e4b40fe8ff42eb83afd437e/gnocchi.3945111b-3aaf-41ef-830e-c1f82e54a260/1763640000.0_mean_300.0_v3" 201 - "PUT http://[::1]:8080/v1/AUTH_d7431f1b3e4b40fe8ff42eb83afd437e/gnocchi.3945111b-3aaf-41ef-830e-c1f82e54a260/1763640000.0_mean_300.0_v3" "tx090a3e849f4348f5aaa33-00692b92c2" "proxy-server 90232" 0.0667 "-" 97455 0
Nov 29 19:41:38 np0005539973.novalocal object-server[97453]: ::1 - - [30/Nov/2025:00:41:38 +0000] "PUT /3/159575/AUTH_d7431f1b3e4b40fe8ff42eb83afd437e/gnocchi.a715e959-1367-431e-ac1c-b71dac1fa365/1763640000.0_mean_300.0_v3" 201 - "PUT http://[::1]:8080/v1/AUTH_d7431f1b3e4b40fe8ff42eb83afd437e/gnocchi.a715e959-1367-431e-ac1c-b71dac1fa365/1763640000.0_mean_300.0_v3" "tx92cf461d72fe4328b2679-00692b92c2" "proxy-server 90231" 0.0739 "-" 97453 0
Nov 29 19:41:38 np0005539973.novalocal object-server[97453]: ::1 - - [30/Nov/2025:00:41:38 +0000] "PUT /3/259564/AUTH_d7431f1b3e4b40fe8ff42eb83afd437e/gnocchi.3945111b-3aaf-41ef-830e-c1f82e54a260/1763640000.0_mean_300.0_v3" 201 - "PUT http://[::1]:8080/v1/AUTH_d7431f1b3e4b40fe8ff42eb83afd437e/gnocchi.3945111b-3aaf-41ef-830e-c1f82e54a260/1763640000.0_mean_300.0_v3" "tx090a3e849f4348f5aaa33-00692b92c2" "proxy-server 90232" 0.0734 "-" 97453 0
Nov 29 19:41:38 np0005539973.novalocal proxy-server[90231]: ::1 ::1 30/Nov/2025/00/41/38 PUT /v1/AUTH_d7431f1b3e4b40fe8ff42eb83afd437e/gnocchi.a715e959-1367-431e-ac1c-b71dac1fa365/1763640000.0_mean_300.0_v3 HTTP/1.0 201 - python-swiftclient-4.2.0 gAAAAABpK5KUEQfJ... 16 - - tx92cf461d72fe4328b2679-00692b92c2 - 0.0820 - - 1764463298.137639999 1764463298.219607115 0
Nov 29 19:41:38 np0005539973.novalocal proxy-server[90232]: ::1 ::1 30/Nov/2025/00/41/38 PUT /v1/AUTH_d7431f1b3e4b40fe8ff42eb83afd437e/gnocchi.3945111b-3aaf-41ef-830e-c1f82e54a260/1763640000.0_mean_300.0_v3 HTTP/1.0 201 - python-swiftclient-4.2.0 gAAAAABpK5KUbDSc... 16 - - tx090a3e849f4348f5aaa33-00692b92c2 - 0.0856 - - 1764463298.136999607 1764463298.222596169 0
Nov 29 19:41:38 np0005539973.novalocal container-server[97149]: ::1 - - [30/Nov/2025:00:41:38 +0000] "PUT /1/232211/AUTH_d7431f1b3e4b40fe8ff42eb83afd437e/gnocchi.a715e959-1367-431e-ac1c-b71dac1fa365/none_v3" 201 - "PUT http://[::1]:8080/1/177495/AUTH_d7431f1b3e4b40fe8ff42eb83afd437e/gnocchi.a715e959-1367-431e-ac1c-b71dac1fa365/none_v3" "tx2a2f98bfa65441559c0f0-00692b92c2" "object-server 97455" 0.0006 "-" 97149 0
Nov 29 19:41:38 np0005539973.novalocal object-server[97455]: ::1 - - [30/Nov/2025:00:41:38 +0000] "PUT /1/177495/AUTH_d7431f1b3e4b40fe8ff42eb83afd437e/gnocchi.a715e959-1367-431e-ac1c-b71dac1fa365/none_v3" 201 - "PUT http://[::1]:8080/v1/AUTH_d7431f1b3e4b40fe8ff42eb83afd437e/gnocchi.a715e959-1367-431e-ac1c-b71dac1fa365/none_v3" "tx2a2f98bfa65441559c0f0-00692b92c2" "proxy-server 90231" 0.0116 "-" 97455 0
Nov 29 19:41:38 np0005539973.novalocal container-server[97151]: ::1 - - [30/Nov/2025:00:41:38 +0000] "PUT /2/232211/AUTH_d7431f1b3e4b40fe8ff42eb83afd437e/gnocchi.a715e959-1367-431e-ac1c-b71dac1fa365/none_v3" 201 - "PUT http://[::1]:8080/3/177495/AUTH_d7431f1b3e4b40fe8ff42eb83afd437e/gnocchi.a715e959-1367-431e-ac1c-b71dac1fa365/none_v3" "tx2a2f98bfa65441559c0f0-00692b92c2" "object-server 97455" 0.0007 "-" 97151 0
Nov 29 19:41:38 np0005539973.novalocal object-server[97455]: ::1 - - [30/Nov/2025:00:41:38 +0000] "PUT /3/177495/AUTH_d7431f1b3e4b40fe8ff42eb83afd437e/gnocchi.a715e959-1367-431e-ac1c-b71dac1fa365/none_v3" 201 - "PUT http://[::1]:8080/v1/AUTH_d7431f1b3e4b40fe8ff42eb83afd437e/gnocchi.a715e959-1367-431e-ac1c-b71dac1fa365/none_v3" "tx2a2f98bfa65441559c0f0-00692b92c2" "proxy-server 90231" 0.0130 "-" 97455 0
Nov 29 19:41:38 np0005539973.novalocal container-server[97149]: ::1 - - [30/Nov/2025:00:41:38 +0000] "PUT /2/221879/AUTH_d7431f1b3e4b40fe8ff42eb83afd437e/gnocchi.3945111b-3aaf-41ef-830e-c1f82e54a260/none_v3" 201 - "PUT http://[::1]:8080/1/154780/AUTH_d7431f1b3e4b40fe8ff42eb83afd437e/gnocchi.3945111b-3aaf-41ef-830e-c1f82e54a260/none_v3" "tx5ed881d8207f42deb01e6-00692b92c2" "object-server 97452" 0.0006 "-" 97149 0
Nov 29 19:41:38 np0005539973.novalocal container-server[97148]: ::1 - - [30/Nov/2025:00:41:38 +0000] "PUT /3/232211/AUTH_d7431f1b3e4b40fe8ff42eb83afd437e/gnocchi.a715e959-1367-431e-ac1c-b71dac1fa365/none_v3" 201 - "PUT http://[::1]:8080/2/177495/AUTH_d7431f1b3e4b40fe8ff42eb83afd437e/gnocchi.a715e959-1367-431e-ac1c-b71dac1fa365/none_v3" "tx2a2f98bfa65441559c0f0-00692b92c2" "object-server 97453" 0.0007 "-" 97148 0
Nov 29 19:41:38 np0005539973.novalocal object-server[97452]: ::1 - - [30/Nov/2025:00:41:38 +0000] "PUT /1/154780/AUTH_d7431f1b3e4b40fe8ff42eb83afd437e/gnocchi.3945111b-3aaf-41ef-830e-c1f82e54a260/none_v3" 201 - "PUT http://[::1]:8080/v1/AUTH_d7431f1b3e4b40fe8ff42eb83afd437e/gnocchi.3945111b-3aaf-41ef-830e-c1f82e54a260/none_v3" "tx5ed881d8207f42deb01e6-00692b92c2" "proxy-server 90232" 0.0132 "-" 97452 0
Nov 29 19:41:38 np0005539973.novalocal object-server[97453]: ::1 - - [30/Nov/2025:00:41:38 +0000] "PUT /2/177495/AUTH_d7431f1b3e4b40fe8ff42eb83afd437e/gnocchi.a715e959-1367-431e-ac1c-b71dac1fa365/none_v3" 201 - "PUT http://[::1]:8080/v1/AUTH_d7431f1b3e4b40fe8ff42eb83afd437e/gnocchi.a715e959-1367-431e-ac1c-b71dac1fa365/none_v3" "tx2a2f98bfa65441559c0f0-00692b92c2" "proxy-server 90231" 0.0171 "-" 97453 0
Nov 29 19:41:38 np0005539973.novalocal container-server[97149]: ::1 - - [30/Nov/2025:00:41:38 +0000] "PUT /1/221879/AUTH_d7431f1b3e4b40fe8ff42eb83afd437e/gnocchi.3945111b-3aaf-41ef-830e-c1f82e54a260/none_v3" 201 - "PUT http://[::1]:8080/3/154780/AUTH_d7431f1b3e4b40fe8ff42eb83afd437e/gnocchi.3945111b-3aaf-41ef-830e-c1f82e54a260/none_v3" "tx5ed881d8207f42deb01e6-00692b92c2" "object-server 97453" 0.0006 "-" 97149 0
Nov 29 19:41:38 np0005539973.novalocal proxy-server[90231]: ::1 ::1 30/Nov/2025/00/41/38 PUT /v1/AUTH_d7431f1b3e4b40fe8ff42eb83afd437e/gnocchi.a715e959-1367-431e-ac1c-b71dac1fa365/none_v3 HTTP/1.0 201 - python-swiftclient-4.2.0 gAAAAABpK5KUEQfJ... 22 - - tx2a2f98bfa65441559c0f0-00692b92c2 - 0.0247 - - 1764463298.222472429 1764463298.247201443 0
Nov 29 19:41:38 np0005539973.novalocal object-server[97453]: ::1 - - [30/Nov/2025:00:41:38 +0000] "PUT /3/154780/AUTH_d7431f1b3e4b40fe8ff42eb83afd437e/gnocchi.3945111b-3aaf-41ef-830e-c1f82e54a260/none_v3" 201 - "PUT http://[::1]:8080/v1/AUTH_d7431f1b3e4b40fe8ff42eb83afd437e/gnocchi.3945111b-3aaf-41ef-830e-c1f82e54a260/none_v3" "tx5ed881d8207f42deb01e6-00692b92c2" "proxy-server 90232" 0.0170 "-" 97453 0
Nov 29 19:41:38 np0005539973.novalocal container-server[97149]: ::1 - - [30/Nov/2025:00:41:38 +0000] "PUT /3/221879/AUTH_d7431f1b3e4b40fe8ff42eb83afd437e/gnocchi.3945111b-3aaf-41ef-830e-c1f82e54a260/none_v3" 201 - "PUT http://[::1]:8080/2/154780/AUTH_d7431f1b3e4b40fe8ff42eb83afd437e/gnocchi.3945111b-3aaf-41ef-830e-c1f82e54a260/none_v3" "tx5ed881d8207f42deb01e6-00692b92c2" "object-server 97453" 0.0006 "-" 97149 0
Nov 29 19:41:38 np0005539973.novalocal object-server[97453]: ::1 - - [30/Nov/2025:00:41:38 +0000] "PUT /2/154780/AUTH_d7431f1b3e4b40fe8ff42eb83afd437e/gnocchi.3945111b-3aaf-41ef-830e-c1f82e54a260/none_v3" 201 - "PUT http://[::1]:8080/v1/AUTH_d7431f1b3e4b40fe8ff42eb83afd437e/gnocchi.3945111b-3aaf-41ef-830e-c1f82e54a260/none_v3" "tx5ed881d8207f42deb01e6-00692b92c2" "proxy-server 90232" 0.0193 "-" 97453 0
Nov 29 19:41:38 np0005539973.novalocal proxy-server[90232]: ::1 ::1 30/Nov/2025/00/41/38 PUT /v1/AUTH_d7431f1b3e4b40fe8ff42eb83afd437e/gnocchi.3945111b-3aaf-41ef-830e-c1f82e54a260/none_v3 HTTP/1.0 201 - python-swiftclient-4.2.0 gAAAAABpK5KUbDSc... 22 - - tx5ed881d8207f42deb01e6-00692b92c2 - 0.0287 - - 1764463298.225152969 1764463298.253866911 0
Nov 29 19:41:38 np0005539973.novalocal container-server[97150]: ::1 - - [30/Nov/2025:00:41:38 +0000] "HEAD /1/17542/AUTH_d7431f1b3e4b40fe8ff42eb83afd437e/gnocchi.98301f11-d8e3-464f-9197-05a0545a4a13" 404 - "HEAD http://[::1]:8080/v1/AUTH_d7431f1b3e4b40fe8ff42eb83afd437e/gnocchi.98301f11-d8e3-464f-9197-05a0545a4a13?format=json&states=listing" "txb98ac53ef5cd424b8764c-00692b92c2" "proxy-server 90231" 0.0003 "-" 97150 0
Nov 29 19:41:38 np0005539973.novalocal container-server[97150]: ::1 - - [30/Nov/2025:00:41:38 +0000] "HEAD /2/17542/AUTH_d7431f1b3e4b40fe8ff42eb83afd437e/gnocchi.98301f11-d8e3-464f-9197-05a0545a4a13" 404 - "HEAD http://[::1]:8080/v1/AUTH_d7431f1b3e4b40fe8ff42eb83afd437e/gnocchi.98301f11-d8e3-464f-9197-05a0545a4a13?format=json&states=listing" "txb98ac53ef5cd424b8764c-00692b92c2" "proxy-server 90231" 0.0002 "-" 97150 0
Nov 29 19:41:38 np0005539973.novalocal container-server[97150]: ::1 - - [30/Nov/2025:00:41:38 +0000] "HEAD /3/154267/AUTH_d7431f1b3e4b40fe8ff42eb83afd437e/gnocchi.c606fbda-44d7-4d64-96c2-a4dda131d95f" 404 - "HEAD http://[::1]:8080/v1/AUTH_d7431f1b3e4b40fe8ff42eb83afd437e/gnocchi.c606fbda-44d7-4d64-96c2-a4dda131d95f?format=json&states=listing" "tx6955ca2dad4549b5a32d4-00692b92c2" "proxy-server 90232" 0.0002 "-" 97150 0
Nov 29 19:41:38 np0005539973.novalocal sshd-session[105229]: Received disconnect from 173.212.238.152 port 47514:11: Bye Bye [preauth]
Nov 29 19:41:38 np0005539973.novalocal sshd-session[105229]: Disconnected from invalid user proxyuser 173.212.238.152 port 47514 [preauth]
Nov 29 19:41:38 np0005539973.novalocal container-server[97151]: ::1 - - [30/Nov/2025:00:41:38 +0000] "HEAD /2/154267/AUTH_d7431f1b3e4b40fe8ff42eb83afd437e/gnocchi.c606fbda-44d7-4d64-96c2-a4dda131d95f" 404 - "HEAD http://[::1]:8080/v1/AUTH_d7431f1b3e4b40fe8ff42eb83afd437e/gnocchi.c606fbda-44d7-4d64-96c2-a4dda131d95f?format=json&states=listing" "tx6955ca2dad4549b5a32d4-00692b92c2" "proxy-server 90232" 0.0004 "-" 97151 0
Nov 29 19:41:38 np0005539973.novalocal container-server[97148]: ::1 - - [30/Nov/2025:00:41:38 +0000] "HEAD /3/17542/AUTH_d7431f1b3e4b40fe8ff42eb83afd437e/gnocchi.98301f11-d8e3-464f-9197-05a0545a4a13" 404 - "HEAD http://[::1]:8080/v1/AUTH_d7431f1b3e4b40fe8ff42eb83afd437e/gnocchi.98301f11-d8e3-464f-9197-05a0545a4a13?format=json&states=listing" "txb98ac53ef5cd424b8764c-00692b92c2" "proxy-server 90231" 0.0011 "-" 97148 0
Nov 29 19:41:38 np0005539973.novalocal container-server[97149]: ::1 - - [30/Nov/2025:00:41:38 +0000] "HEAD /1/154267/AUTH_d7431f1b3e4b40fe8ff42eb83afd437e/gnocchi.c606fbda-44d7-4d64-96c2-a4dda131d95f" 404 - "HEAD http://[::1]:8080/v1/AUTH_d7431f1b3e4b40fe8ff42eb83afd437e/gnocchi.c606fbda-44d7-4d64-96c2-a4dda131d95f?format=json&states=listing" "tx6955ca2dad4549b5a32d4-00692b92c2" "proxy-server 90232" 0.0006 "-" 97149 0
Nov 29 19:41:38 np0005539973.novalocal object-server[97453]: ::1 - - [30/Nov/2025:00:41:38 +0000] "GET /1/45651/AUTH_d7431f1b3e4b40fe8ff42eb83afd437e/gnocchi.98301f11-d8e3-464f-9197-05a0545a4a13/none_v3" 404 70 "GET http://[::1]:8080/v1/AUTH_d7431f1b3e4b40fe8ff42eb83afd437e/gnocchi.98301f11-d8e3-464f-9197-05a0545a4a13/none_v3" "txb98ac53ef5cd424b8764c-00692b92c2" "proxy-server 90231" 0.0003 "-" 97453 0
Nov 29 19:41:38 np0005539973.novalocal object-server[97452]: ::1 - - [30/Nov/2025:00:41:38 +0000] "GET /2/209536/AUTH_d7431f1b3e4b40fe8ff42eb83afd437e/gnocchi.c606fbda-44d7-4d64-96c2-a4dda131d95f/none_v3" 404 70 "GET http://[::1]:8080/v1/AUTH_d7431f1b3e4b40fe8ff42eb83afd437e/gnocchi.c606fbda-44d7-4d64-96c2-a4dda131d95f/none_v3" "tx6955ca2dad4549b5a32d4-00692b92c2" "proxy-server 90232" 0.0003 "-" 97452 0
Nov 29 19:41:38 np0005539973.novalocal object-server[97455]: ::1 - - [30/Nov/2025:00:41:38 +0000] "GET /2/45651/AUTH_d7431f1b3e4b40fe8ff42eb83afd437e/gnocchi.98301f11-d8e3-464f-9197-05a0545a4a13/none_v3" 404 70 "GET http://[::1]:8080/v1/AUTH_d7431f1b3e4b40fe8ff42eb83afd437e/gnocchi.98301f11-d8e3-464f-9197-05a0545a4a13/none_v3" "txb98ac53ef5cd424b8764c-00692b92c2" "proxy-server 90231" 0.0003 "-" 97455 0
Nov 29 19:41:38 np0005539973.novalocal object-server[97453]: ::1 - - [30/Nov/2025:00:41:38 +0000] "GET /3/209536/AUTH_d7431f1b3e4b40fe8ff42eb83afd437e/gnocchi.c606fbda-44d7-4d64-96c2-a4dda131d95f/none_v3" 404 70 "GET http://[::1]:8080/v1/AUTH_d7431f1b3e4b40fe8ff42eb83afd437e/gnocchi.c606fbda-44d7-4d64-96c2-a4dda131d95f/none_v3" "tx6955ca2dad4549b5a32d4-00692b92c2" "proxy-server 90232" 0.0002 "-" 97453 0
Nov 29 19:41:38 np0005539973.novalocal object-server[97452]: ::1 - - [30/Nov/2025:00:41:38 +0000] "GET /3/45651/AUTH_d7431f1b3e4b40fe8ff42eb83afd437e/gnocchi.98301f11-d8e3-464f-9197-05a0545a4a13/none_v3" 404 70 "GET http://[::1]:8080/v1/AUTH_d7431f1b3e4b40fe8ff42eb83afd437e/gnocchi.98301f11-d8e3-464f-9197-05a0545a4a13/none_v3" "txb98ac53ef5cd424b8764c-00692b92c2" "proxy-server 90231" 0.0002 "-" 97452 0
Nov 29 19:41:38 np0005539973.novalocal proxy-server[90231]: ::1 ::1 30/Nov/2025/00/41/38 GET /v1/AUTH_d7431f1b3e4b40fe8ff42eb83afd437e/gnocchi.98301f11-d8e3-464f-9197-05a0545a4a13/none_v3 HTTP/1.0 404 - python-swiftclient-4.2.0 gAAAAABpK5KUEQfJ... - 70 - txb98ac53ef5cd424b8764c-00692b92c2 - 0.0239 - - 1764463298.262364864 1764463298.286273241 0
Nov 29 19:41:38 np0005539973.novalocal object-server[97455]: ::1 - - [30/Nov/2025:00:41:38 +0000] "GET /1/209536/AUTH_d7431f1b3e4b40fe8ff42eb83afd437e/gnocchi.c606fbda-44d7-4d64-96c2-a4dda131d95f/none_v3" 404 70 "GET http://[::1]:8080/v1/AUTH_d7431f1b3e4b40fe8ff42eb83afd437e/gnocchi.c606fbda-44d7-4d64-96c2-a4dda131d95f/none_v3" "tx6955ca2dad4549b5a32d4-00692b92c2" "proxy-server 90232" 0.0002 "-" 97455 0
Nov 29 19:41:38 np0005539973.novalocal proxy-server[90232]: ::1 ::1 30/Nov/2025/00/41/38 GET /v1/AUTH_d7431f1b3e4b40fe8ff42eb83afd437e/gnocchi.c606fbda-44d7-4d64-96c2-a4dda131d95f/none_v3 HTTP/1.0 404 - python-swiftclient-4.2.0 gAAAAABpK5KUbDSc... - 70 - tx6955ca2dad4549b5a32d4-00692b92c2 - 0.0230 - - 1764463298.265090466 1764463298.288128853 0
Nov 29 19:41:38 np0005539973.novalocal account-server[96857]: ::1 - - [30/Nov/2025:00:41:38 +0000] "PUT /3/39192/AUTH_d7431f1b3e4b40fe8ff42eb83afd437e/gnocchi.98301f11-d8e3-464f-9197-05a0545a4a13" 201 - "PUT http://[::1]:6001/3/17542/AUTH_d7431f1b3e4b40fe8ff42eb83afd437e/gnocchi.98301f11-d8e3-464f-9197-05a0545a4a13" "txfa42d0bfb90440fbb5bbb-00692b92c2" "container-server 97150" 0.0041 "-" 96857 0
Nov 29 19:41:38 np0005539973.novalocal container-server[97150]: ::1 - - [30/Nov/2025:00:41:38 +0000] "PUT /3/17542/AUTH_d7431f1b3e4b40fe8ff42eb83afd437e/gnocchi.98301f11-d8e3-464f-9197-05a0545a4a13" 201 - "PUT http://[::1]:8080/v1/AUTH_d7431f1b3e4b40fe8ff42eb83afd437e/gnocchi.98301f11-d8e3-464f-9197-05a0545a4a13" "txfa42d0bfb90440fbb5bbb-00692b92c2" "proxy-server 90231" 0.0166 "-" 97150 0
Nov 29 19:41:38 np0005539973.novalocal account-server[96858]: ::1 - - [30/Nov/2025:00:41:38 +0000] "PUT /2/39192/AUTH_d7431f1b3e4b40fe8ff42eb83afd437e/gnocchi.c606fbda-44d7-4d64-96c2-a4dda131d95f" 201 - "PUT http://[::1]:6001/3/154267/AUTH_d7431f1b3e4b40fe8ff42eb83afd437e/gnocchi.c606fbda-44d7-4d64-96c2-a4dda131d95f" "tx15379f521bc64cc8a3ca8-00692b92c2" "container-server 97151" 0.0037 "-" 96858 0
Nov 29 19:41:38 np0005539973.novalocal container-server[97151]: ::1 - - [30/Nov/2025:00:41:38 +0000] "PUT /3/154267/AUTH_d7431f1b3e4b40fe8ff42eb83afd437e/gnocchi.c606fbda-44d7-4d64-96c2-a4dda131d95f" 201 - "PUT http://[::1]:8080/v1/AUTH_d7431f1b3e4b40fe8ff42eb83afd437e/gnocchi.c606fbda-44d7-4d64-96c2-a4dda131d95f" "tx15379f521bc64cc8a3ca8-00692b92c2" "proxy-server 90232" 0.0201 "-" 97151 0
Nov 29 19:41:38 np0005539973.novalocal account-server[96855]: ::1 - - [30/Nov/2025:00:41:38 +0000] "PUT /1/39192/AUTH_d7431f1b3e4b40fe8ff42eb83afd437e/gnocchi.98301f11-d8e3-464f-9197-05a0545a4a13" 201 - "PUT http://[::1]:6001/1/17542/AUTH_d7431f1b3e4b40fe8ff42eb83afd437e/gnocchi.98301f11-d8e3-464f-9197-05a0545a4a13" "txfa42d0bfb90440fbb5bbb-00692b92c2" "container-server 97149" 0.0078 "-" 96855 0
Nov 29 19:41:38 np0005539973.novalocal container-server[97149]: ::1 - - [30/Nov/2025:00:41:38 +0000] "PUT /1/17542/AUTH_d7431f1b3e4b40fe8ff42eb83afd437e/gnocchi.98301f11-d8e3-464f-9197-05a0545a4a13" 201 - "PUT http://[::1]:8080/v1/AUTH_d7431f1b3e4b40fe8ff42eb83afd437e/gnocchi.98301f11-d8e3-464f-9197-05a0545a4a13" "txfa42d0bfb90440fbb5bbb-00692b92c2" "proxy-server 90231" 0.0514 "-" 97149 0
Nov 29 19:41:38 np0005539973.novalocal account-server[96857]: ::1 - - [30/Nov/2025:00:41:38 +0000] "PUT /1/39192/AUTH_d7431f1b3e4b40fe8ff42eb83afd437e/gnocchi.c606fbda-44d7-4d64-96c2-a4dda131d95f" 201 - "PUT http://[::1]:6001/1/154267/AUTH_d7431f1b3e4b40fe8ff42eb83afd437e/gnocchi.c606fbda-44d7-4d64-96c2-a4dda131d95f" "tx15379f521bc64cc8a3ca8-00692b92c2" "container-server 97149" 0.0043 "-" 96857 0
Nov 29 19:41:38 np0005539973.novalocal container-server[97149]: ::1 - - [30/Nov/2025:00:41:38 +0000] "PUT /1/154267/AUTH_d7431f1b3e4b40fe8ff42eb83afd437e/gnocchi.c606fbda-44d7-4d64-96c2-a4dda131d95f" 201 - "PUT http://[::1]:8080/v1/AUTH_d7431f1b3e4b40fe8ff42eb83afd437e/gnocchi.c606fbda-44d7-4d64-96c2-a4dda131d95f" "tx15379f521bc64cc8a3ca8-00692b92c2" "proxy-server 90232" 0.0151 "-" 97149 0
Nov 29 19:41:38 np0005539973.novalocal account-server[96858]: ::1 - - [30/Nov/2025:00:41:38 +0000] "PUT /2/39192/AUTH_d7431f1b3e4b40fe8ff42eb83afd437e/gnocchi.98301f11-d8e3-464f-9197-05a0545a4a13" 201 - "PUT http://[::1]:6001/2/17542/AUTH_d7431f1b3e4b40fe8ff42eb83afd437e/gnocchi.98301f11-d8e3-464f-9197-05a0545a4a13" "txfa42d0bfb90440fbb5bbb-00692b92c2" "container-server 97149" 0.0050 "-" 96858 0
Nov 29 19:41:38 np0005539973.novalocal container-server[97149]: ::1 - - [30/Nov/2025:00:41:38 +0000] "PUT /2/17542/AUTH_d7431f1b3e4b40fe8ff42eb83afd437e/gnocchi.98301f11-d8e3-464f-9197-05a0545a4a13" 201 - "PUT http://[::1]:8080/v1/AUTH_d7431f1b3e4b40fe8ff42eb83afd437e/gnocchi.98301f11-d8e3-464f-9197-05a0545a4a13" "txfa42d0bfb90440fbb5bbb-00692b92c2" "proxy-server 90231" 0.0404 "-" 97149 0
Nov 29 19:41:38 np0005539973.novalocal account-server[96855]: ::1 - - [30/Nov/2025:00:41:38 +0000] "PUT /3/39192/AUTH_d7431f1b3e4b40fe8ff42eb83afd437e/gnocchi.c606fbda-44d7-4d64-96c2-a4dda131d95f" 201 - "PUT http://[::1]:6001/2/154267/AUTH_d7431f1b3e4b40fe8ff42eb83afd437e/gnocchi.c606fbda-44d7-4d64-96c2-a4dda131d95f" "tx15379f521bc64cc8a3ca8-00692b92c2" "container-server 97149" 0.0066 "-" 96855 0
Nov 29 19:41:38 np0005539973.novalocal container-server[97149]: ::1 - - [30/Nov/2025:00:41:38 +0000] "PUT /2/154267/AUTH_d7431f1b3e4b40fe8ff42eb83afd437e/gnocchi.c606fbda-44d7-4d64-96c2-a4dda131d95f" 201 - "PUT http://[::1]:8080/v1/AUTH_d7431f1b3e4b40fe8ff42eb83afd437e/gnocchi.c606fbda-44d7-4d64-96c2-a4dda131d95f" "tx15379f521bc64cc8a3ca8-00692b92c2" "proxy-server 90232" 0.0289 "-" 97149 0
Nov 29 19:41:38 np0005539973.novalocal proxy-server[90231]: ::1 ::1 30/Nov/2025/00/41/38 PUT /v1/AUTH_d7431f1b3e4b40fe8ff42eb83afd437e/gnocchi.98301f11-d8e3-464f-9197-05a0545a4a13 HTTP/1.0 201 - python-swiftclient-4.2.0 gAAAAABpK5KUEQfJ... - - - txfa42d0bfb90440fbb5bbb-00692b92c2 - 0.0660 - - 1764463298.289340973 1764463298.355301142 0
Nov 29 19:41:38 np0005539973.novalocal proxy-server[90232]: ::1 ::1 30/Nov/2025/00/41/38 PUT /v1/AUTH_d7431f1b3e4b40fe8ff42eb83afd437e/gnocchi.c606fbda-44d7-4d64-96c2-a4dda131d95f HTTP/1.0 201 - python-swiftclient-4.2.0 gAAAAABpK5KUbDSc... - - - tx15379f521bc64cc8a3ca8-00692b92c2 - 0.0677 - - 1764463298.291220188 1764463298.358879328 0
Nov 29 19:41:38 np0005539973.novalocal container-server[97150]: ::1 - - [30/Nov/2025:00:41:38 +0000] "HEAD /1/17542/AUTH_d7431f1b3e4b40fe8ff42eb83afd437e/gnocchi.98301f11-d8e3-464f-9197-05a0545a4a13" 204 - "HEAD http://[::1]:8080/v1/AUTH_d7431f1b3e4b40fe8ff42eb83afd437e/gnocchi.98301f11-d8e3-464f-9197-05a0545a4a13?format=json&states=listing" "tx6ea3b4d015fd4bfa9281f-00692b92c2" "proxy-server 90231" 0.0020 "-" 97150 0
Nov 29 19:41:38 np0005539973.novalocal container-server[97151]: ::1 - - [30/Nov/2025:00:41:38 +0000] "HEAD /1/154267/AUTH_d7431f1b3e4b40fe8ff42eb83afd437e/gnocchi.c606fbda-44d7-4d64-96c2-a4dda131d95f" 204 - "HEAD http://[::1]:8080/v1/AUTH_d7431f1b3e4b40fe8ff42eb83afd437e/gnocchi.c606fbda-44d7-4d64-96c2-a4dda131d95f?format=json&states=listing" "txaa22e90bc9494ad18a54d-00692b92c2" "proxy-server 90232" 0.0029 "-" 97151 0
Nov 29 19:41:38 np0005539973.novalocal container-server[97149]: ::1 - - [30/Nov/2025:00:41:38 +0000] "GET /2/17542/AUTH_d7431f1b3e4b40fe8ff42eb83afd437e/gnocchi.98301f11-d8e3-464f-9197-05a0545a4a13" 200 2 "GET http://[::1]:8080/v1/AUTH_d7431f1b3e4b40fe8ff42eb83afd437e/gnocchi.98301f11-d8e3-464f-9197-05a0545a4a13?format=json&states=listing" "tx6ea3b4d015fd4bfa9281f-00692b92c2" "proxy-server 90231" 0.0022 "-" 97149 0
Nov 29 19:41:38 np0005539973.novalocal proxy-server[90231]: ::1 ::1 30/Nov/2025/00/41/38 GET /v1/AUTH_d7431f1b3e4b40fe8ff42eb83afd437e/gnocchi.98301f11-d8e3-464f-9197-05a0545a4a13%3Fformat%3Djson%26states%3Dlisting HTTP/1.0 200 - python-swiftclient-4.2.0 gAAAAABpK5KUEQfJ... - 2 - tx6ea3b4d015fd4bfa9281f-00692b92c2 - 0.0150 - - 1764463298.358519793 1764463298.373510838 0
Nov 29 19:41:38 np0005539973.novalocal container-server[97150]: ::1 - - [30/Nov/2025:00:41:38 +0000] "GET /2/154267/AUTH_d7431f1b3e4b40fe8ff42eb83afd437e/gnocchi.c606fbda-44d7-4d64-96c2-a4dda131d95f" 200 2 "GET http://[::1]:8080/v1/AUTH_d7431f1b3e4b40fe8ff42eb83afd437e/gnocchi.c606fbda-44d7-4d64-96c2-a4dda131d95f?format=json&states=listing" "txaa22e90bc9494ad18a54d-00692b92c2" "proxy-server 90232" 0.0019 "-" 97150 0
Nov 29 19:41:38 np0005539973.novalocal proxy-server[90232]: ::1 ::1 30/Nov/2025/00/41/38 GET /v1/AUTH_d7431f1b3e4b40fe8ff42eb83afd437e/gnocchi.c606fbda-44d7-4d64-96c2-a4dda131d95f%3Fformat%3Djson%26states%3Dlisting HTTP/1.0 200 - python-swiftclient-4.2.0 gAAAAABpK5KUbDSc... - 2 - txaa22e90bc9494ad18a54d-00692b92c2 - 0.0150 - - 1764463298.363302469 1764463298.378288031 0
Nov 29 19:41:38 np0005539973.novalocal object-server[97454]: ::1 - - [30/Nov/2025:00:41:38 +0000] "GET /1/64288/AUTH_d7431f1b3e4b40fe8ff42eb83afd437e/gnocchi.98301f11-d8e3-464f-9197-05a0545a4a13/1763640000.0_mean_300.0_v3" 404 70 "GET http://[::1]:8080/v1/AUTH_d7431f1b3e4b40fe8ff42eb83afd437e/gnocchi.98301f11-d8e3-464f-9197-05a0545a4a13/1763640000.0_mean_300.0_v3" "tx56d7aed6ca264a1ea2287-00692b92c2" "proxy-server 90231" 0.0003 "-" 97454 0
Nov 29 19:41:38 np0005539973.novalocal object-server[97453]: ::1 - - [30/Nov/2025:00:41:38 +0000] "GET /2/64288/AUTH_d7431f1b3e4b40fe8ff42eb83afd437e/gnocchi.98301f11-d8e3-464f-9197-05a0545a4a13/1763640000.0_mean_300.0_v3" 404 70 "GET http://[::1]:8080/v1/AUTH_d7431f1b3e4b40fe8ff42eb83afd437e/gnocchi.98301f11-d8e3-464f-9197-05a0545a4a13/1763640000.0_mean_300.0_v3" "tx56d7aed6ca264a1ea2287-00692b92c2" "proxy-server 90231" 0.0008 "-" 97453 0
Nov 29 19:41:38 np0005539973.novalocal object-server[97455]: ::1 - - [30/Nov/2025:00:41:38 +0000] "GET /1/146529/AUTH_d7431f1b3e4b40fe8ff42eb83afd437e/gnocchi.c606fbda-44d7-4d64-96c2-a4dda131d95f/1763640000.0_mean_300.0_v3" 404 70 "GET http://[::1]:8080/v1/AUTH_d7431f1b3e4b40fe8ff42eb83afd437e/gnocchi.c606fbda-44d7-4d64-96c2-a4dda131d95f/1763640000.0_mean_300.0_v3" "tx1588eafa2bde4c2d88960-00692b92c2" "proxy-server 90232" 0.0005 "-" 97455 0
Nov 29 19:41:38 np0005539973.novalocal object-server[97452]: ::1 - - [30/Nov/2025:00:41:38 +0000] "GET /2/146529/AUTH_d7431f1b3e4b40fe8ff42eb83afd437e/gnocchi.c606fbda-44d7-4d64-96c2-a4dda131d95f/1763640000.0_mean_300.0_v3" 404 70 "GET http://[::1]:8080/v1/AUTH_d7431f1b3e4b40fe8ff42eb83afd437e/gnocchi.c606fbda-44d7-4d64-96c2-a4dda131d95f/1763640000.0_mean_300.0_v3" "tx1588eafa2bde4c2d88960-00692b92c2" "proxy-server 90232" 0.0004 "-" 97452 0
Nov 29 19:41:38 np0005539973.novalocal object-server[97454]: ::1 - - [30/Nov/2025:00:41:38 +0000] "GET /3/64288/AUTH_d7431f1b3e4b40fe8ff42eb83afd437e/gnocchi.98301f11-d8e3-464f-9197-05a0545a4a13/1763640000.0_mean_300.0_v3" 404 70 "GET http://[::1]:8080/v1/AUTH_d7431f1b3e4b40fe8ff42eb83afd437e/gnocchi.98301f11-d8e3-464f-9197-05a0545a4a13/1763640000.0_mean_300.0_v3" "tx56d7aed6ca264a1ea2287-00692b92c2" "proxy-server 90231" 0.0022 "-" 97454 0
Nov 29 19:41:38 np0005539973.novalocal proxy-server[90231]: ::1 ::1 30/Nov/2025/00/41/38 GET /v1/AUTH_d7431f1b3e4b40fe8ff42eb83afd437e/gnocchi.98301f11-d8e3-464f-9197-05a0545a4a13/1763640000.0_mean_300.0_v3 HTTP/1.0 404 - python-swiftclient-4.2.0 gAAAAABpK5KUEQfJ... - 70 - tx56d7aed6ca264a1ea2287-00692b92c2 - 0.0155 - - 1764463298.376918316 1764463298.392401934 0
Nov 29 19:41:38 np0005539973.novalocal object-server[97454]: ::1 - - [30/Nov/2025:00:41:38 +0000] "GET /3/146529/AUTH_d7431f1b3e4b40fe8ff42eb83afd437e/gnocchi.c606fbda-44d7-4d64-96c2-a4dda131d95f/1763640000.0_mean_300.0_v3" 404 70 "GET http://[::1]:8080/v1/AUTH_d7431f1b3e4b40fe8ff42eb83afd437e/gnocchi.c606fbda-44d7-4d64-96c2-a4dda131d95f/1763640000.0_mean_300.0_v3" "tx1588eafa2bde4c2d88960-00692b92c2" "proxy-server 90232" 0.0002 "-" 97454 0
Nov 29 19:41:38 np0005539973.novalocal proxy-server[90232]: ::1 ::1 30/Nov/2025/00/41/38 GET /v1/AUTH_d7431f1b3e4b40fe8ff42eb83afd437e/gnocchi.c606fbda-44d7-4d64-96c2-a4dda131d95f/1763640000.0_mean_300.0_v3 HTTP/1.0 404 - python-swiftclient-4.2.0 gAAAAABpK5KUbDSc... - 70 - tx1588eafa2bde4c2d88960-00692b92c2 - 0.0136 - - 1764463298.381854534 1764463298.395473719 0
Nov 29 19:41:38 np0005539973.novalocal container-server[97149]: ::1 - - [30/Nov/2025:00:41:38 +0000] "PUT /3/154267/AUTH_d7431f1b3e4b40fe8ff42eb83afd437e/gnocchi.c606fbda-44d7-4d64-96c2-a4dda131d95f/1763640000.0_mean_300.0_v3" 201 - "PUT http://[::1]:8080/3/146529/AUTH_d7431f1b3e4b40fe8ff42eb83afd437e/gnocchi.c606fbda-44d7-4d64-96c2-a4dda131d95f/1763640000.0_mean_300.0_v3" "tx4b964bfbcf1546eab743a-00692b92c2" "object-server 97453" 0.0005 "-" 97149 0
Nov 29 19:41:38 np0005539973.novalocal object-server[97453]: ::1 - - [30/Nov/2025:00:41:38 +0000] "PUT /3/146529/AUTH_d7431f1b3e4b40fe8ff42eb83afd437e/gnocchi.c606fbda-44d7-4d64-96c2-a4dda131d95f/1763640000.0_mean_300.0_v3" 201 - "PUT http://[::1]:8080/v1/AUTH_d7431f1b3e4b40fe8ff42eb83afd437e/gnocchi.c606fbda-44d7-4d64-96c2-a4dda131d95f/1763640000.0_mean_300.0_v3" "tx4b964bfbcf1546eab743a-00692b92c2" "proxy-server 90232" 0.0144 "-" 97453 0
Nov 29 19:41:38 np0005539973.novalocal container-server[97149]: ::1 - - [30/Nov/2025:00:41:38 +0000] "PUT /2/154267/AUTH_d7431f1b3e4b40fe8ff42eb83afd437e/gnocchi.c606fbda-44d7-4d64-96c2-a4dda131d95f/1763640000.0_mean_300.0_v3" 201 - "PUT http://[::1]:8080/2/146529/AUTH_d7431f1b3e4b40fe8ff42eb83afd437e/gnocchi.c606fbda-44d7-4d64-96c2-a4dda131d95f/1763640000.0_mean_300.0_v3" "tx4b964bfbcf1546eab743a-00692b92c2" "object-server 97455" 0.0004 "-" 97149 0
Nov 29 19:41:38 np0005539973.novalocal container-server[97149]: ::1 - - [30/Nov/2025:00:41:38 +0000] "PUT /3/17542/AUTH_d7431f1b3e4b40fe8ff42eb83afd437e/gnocchi.98301f11-d8e3-464f-9197-05a0545a4a13/1763640000.0_mean_300.0_v3" 201 - "PUT http://[::1]:8080/2/64288/AUTH_d7431f1b3e4b40fe8ff42eb83afd437e/gnocchi.98301f11-d8e3-464f-9197-05a0545a4a13/1763640000.0_mean_300.0_v3" "txe759bd5800534b5d9d8ac-00692b92c2" "object-server 97454" 0.0004 "-" 97149 0
Nov 29 19:41:38 np0005539973.novalocal container-server[97148]: ::1 - - [30/Nov/2025:00:41:38 +0000] "PUT /1/17542/AUTH_d7431f1b3e4b40fe8ff42eb83afd437e/gnocchi.98301f11-d8e3-464f-9197-05a0545a4a13/1763640000.0_mean_300.0_v3" 201 - "PUT http://[::1]:8080/1/64288/AUTH_d7431f1b3e4b40fe8ff42eb83afd437e/gnocchi.98301f11-d8e3-464f-9197-05a0545a4a13/1763640000.0_mean_300.0_v3" "txe759bd5800534b5d9d8ac-00692b92c2" "object-server 97452" 0.0007 "-" 97148 0
Nov 29 19:41:38 np0005539973.novalocal container-server[97150]: ::1 - - [30/Nov/2025:00:41:38 +0000] "PUT /1/154267/AUTH_d7431f1b3e4b40fe8ff42eb83afd437e/gnocchi.c606fbda-44d7-4d64-96c2-a4dda131d95f/1763640000.0_mean_300.0_v3" 201 - "PUT http://[::1]:8080/1/146529/AUTH_d7431f1b3e4b40fe8ff42eb83afd437e/gnocchi.c606fbda-44d7-4d64-96c2-a4dda131d95f/1763640000.0_mean_300.0_v3" "tx4b964bfbcf1546eab743a-00692b92c2" "object-server 97452" 0.0006 "-" 97150 0
Nov 29 19:41:38 np0005539973.novalocal object-server[97455]: ::1 - - [30/Nov/2025:00:41:38 +0000] "PUT /2/146529/AUTH_d7431f1b3e4b40fe8ff42eb83afd437e/gnocchi.c606fbda-44d7-4d64-96c2-a4dda131d95f/1763640000.0_mean_300.0_v3" 201 - "PUT http://[::1]:8080/v1/AUTH_d7431f1b3e4b40fe8ff42eb83afd437e/gnocchi.c606fbda-44d7-4d64-96c2-a4dda131d95f/1763640000.0_mean_300.0_v3" "tx4b964bfbcf1546eab743a-00692b92c2" "proxy-server 90232" 0.0172 "-" 97455 0
Nov 29 19:41:38 np0005539973.novalocal object-server[97454]: ::1 - - [30/Nov/2025:00:41:38 +0000] "PUT /2/64288/AUTH_d7431f1b3e4b40fe8ff42eb83afd437e/gnocchi.98301f11-d8e3-464f-9197-05a0545a4a13/1763640000.0_mean_300.0_v3" 201 - "PUT http://[::1]:8080/v1/AUTH_d7431f1b3e4b40fe8ff42eb83afd437e/gnocchi.98301f11-d8e3-464f-9197-05a0545a4a13/1763640000.0_mean_300.0_v3" "txe759bd5800534b5d9d8ac-00692b92c2" "proxy-server 90231" 0.0205 "-" 97454 0
Nov 29 19:41:38 np0005539973.novalocal container-server[97149]: ::1 - - [30/Nov/2025:00:41:38 +0000] "PUT /2/17542/AUTH_d7431f1b3e4b40fe8ff42eb83afd437e/gnocchi.98301f11-d8e3-464f-9197-05a0545a4a13/1763640000.0_mean_300.0_v3" 201 - "PUT http://[::1]:8080/3/64288/AUTH_d7431f1b3e4b40fe8ff42eb83afd437e/gnocchi.98301f11-d8e3-464f-9197-05a0545a4a13/1763640000.0_mean_300.0_v3" "txe759bd5800534b5d9d8ac-00692b92c2" "object-server 97455" 0.0004 "-" 97149 0
Nov 29 19:41:38 np0005539973.novalocal object-server[97452]: ::1 - - [30/Nov/2025:00:41:38 +0000] "PUT /1/146529/AUTH_d7431f1b3e4b40fe8ff42eb83afd437e/gnocchi.c606fbda-44d7-4d64-96c2-a4dda131d95f/1763640000.0_mean_300.0_v3" 201 - "PUT http://[::1]:8080/v1/AUTH_d7431f1b3e4b40fe8ff42eb83afd437e/gnocchi.c606fbda-44d7-4d64-96c2-a4dda131d95f/1763640000.0_mean_300.0_v3" "tx4b964bfbcf1546eab743a-00692b92c2" "proxy-server 90232" 0.0178 "-" 97452 0
Nov 29 19:41:38 np0005539973.novalocal object-server[97452]: ::1 - - [30/Nov/2025:00:41:38 +0000] "PUT /1/64288/AUTH_d7431f1b3e4b40fe8ff42eb83afd437e/gnocchi.98301f11-d8e3-464f-9197-05a0545a4a13/1763640000.0_mean_300.0_v3" 201 - "PUT http://[::1]:8080/v1/AUTH_d7431f1b3e4b40fe8ff42eb83afd437e/gnocchi.98301f11-d8e3-464f-9197-05a0545a4a13/1763640000.0_mean_300.0_v3" "txe759bd5800534b5d9d8ac-00692b92c2" "proxy-server 90231" 0.0217 "-" 97452 0
Nov 29 19:41:38 np0005539973.novalocal proxy-server[90232]: ::1 ::1 30/Nov/2025/00/41/38 PUT /v1/AUTH_d7431f1b3e4b40fe8ff42eb83afd437e/gnocchi.c606fbda-44d7-4d64-96c2-a4dda131d95f/1763640000.0_mean_300.0_v3 HTTP/1.0 201 - python-swiftclient-4.2.0 gAAAAABpK5KUbDSc... 16 - - tx4b964bfbcf1546eab743a-00692b92c2 - 0.0276 - - 1764463298.398650169 1764463298.426236629 0
Nov 29 19:41:38 np0005539973.novalocal object-server[97455]: ::1 - - [30/Nov/2025:00:41:38 +0000] "PUT /3/64288/AUTH_d7431f1b3e4b40fe8ff42eb83afd437e/gnocchi.98301f11-d8e3-464f-9197-05a0545a4a13/1763640000.0_mean_300.0_v3" 201 - "PUT http://[::1]:8080/v1/AUTH_d7431f1b3e4b40fe8ff42eb83afd437e/gnocchi.98301f11-d8e3-464f-9197-05a0545a4a13/1763640000.0_mean_300.0_v3" "txe759bd5800534b5d9d8ac-00692b92c2" "proxy-server 90231" 0.0239 "-" 97455 0
Nov 29 19:41:38 np0005539973.novalocal proxy-server[90231]: ::1 ::1 30/Nov/2025/00/41/38 PUT /v1/AUTH_d7431f1b3e4b40fe8ff42eb83afd437e/gnocchi.98301f11-d8e3-464f-9197-05a0545a4a13/1763640000.0_mean_300.0_v3 HTTP/1.0 201 - python-swiftclient-4.2.0 gAAAAABpK5KUEQfJ... 16 - - txe759bd5800534b5d9d8ac-00692b92c2 - 0.0331 - - 1764463298.395501137 1764463298.428551674 0
Nov 29 19:41:38 np0005539973.novalocal container-server[97151]: ::1 - - [30/Nov/2025:00:41:38 +0000] "PUT /2/154267/AUTH_d7431f1b3e4b40fe8ff42eb83afd437e/gnocchi.c606fbda-44d7-4d64-96c2-a4dda131d95f/none_v3" 201 - "PUT http://[::1]:8080/1/209536/AUTH_d7431f1b3e4b40fe8ff42eb83afd437e/gnocchi.c606fbda-44d7-4d64-96c2-a4dda131d95f/none_v3" "txafc6e16ca50b4f0293013-00692b92c2" "object-server 97454" 0.0005 "-" 97151 0
Nov 29 19:41:38 np0005539973.novalocal object-server[97454]: ::1 - - [30/Nov/2025:00:41:38 +0000] "PUT /1/209536/AUTH_d7431f1b3e4b40fe8ff42eb83afd437e/gnocchi.c606fbda-44d7-4d64-96c2-a4dda131d95f/none_v3" 201 - "PUT http://[::1]:8080/v1/AUTH_d7431f1b3e4b40fe8ff42eb83afd437e/gnocchi.c606fbda-44d7-4d64-96c2-a4dda131d95f/none_v3" "txafc6e16ca50b4f0293013-00692b92c2" "proxy-server 90232" 0.0186 "-" 97454 0
Nov 29 19:41:38 np0005539973.novalocal container-server[97149]: ::1 - - [30/Nov/2025:00:41:38 +0000] "PUT /3/154267/AUTH_d7431f1b3e4b40fe8ff42eb83afd437e/gnocchi.c606fbda-44d7-4d64-96c2-a4dda131d95f/none_v3" 201 - "PUT http://[::1]:8080/3/209536/AUTH_d7431f1b3e4b40fe8ff42eb83afd437e/gnocchi.c606fbda-44d7-4d64-96c2-a4dda131d95f/none_v3" "txafc6e16ca50b4f0293013-00692b92c2" "object-server 97454" 0.0006 "-" 97149 0
Nov 29 19:41:38 np0005539973.novalocal object-server[97454]: ::1 - - [30/Nov/2025:00:41:38 +0000] "PUT /3/209536/AUTH_d7431f1b3e4b40fe8ff42eb83afd437e/gnocchi.c606fbda-44d7-4d64-96c2-a4dda131d95f/none_v3" 201 - "PUT http://[::1]:8080/v1/AUTH_d7431f1b3e4b40fe8ff42eb83afd437e/gnocchi.c606fbda-44d7-4d64-96c2-a4dda131d95f/none_v3" "txafc6e16ca50b4f0293013-00692b92c2" "proxy-server 90232" 0.0182 "-" 97454 0
Nov 29 19:41:38 np0005539973.novalocal container-server[97149]: ::1 - - [30/Nov/2025:00:41:38 +0000] "PUT /1/17542/AUTH_d7431f1b3e4b40fe8ff42eb83afd437e/gnocchi.98301f11-d8e3-464f-9197-05a0545a4a13/none_v3" 201 - "PUT http://[::1]:8080/1/45651/AUTH_d7431f1b3e4b40fe8ff42eb83afd437e/gnocchi.98301f11-d8e3-464f-9197-05a0545a4a13/none_v3" "tx15f62d3533a243e6835b0-00692b92c2" "object-server 97453" 0.0004 "-" 97149 0
Nov 29 19:41:38 np0005539973.novalocal object-server[97453]: ::1 - - [30/Nov/2025:00:41:38 +0000] "PUT /1/45651/AUTH_d7431f1b3e4b40fe8ff42eb83afd437e/gnocchi.98301f11-d8e3-464f-9197-05a0545a4a13/none_v3" 201 - "PUT http://[::1]:8080/v1/AUTH_d7431f1b3e4b40fe8ff42eb83afd437e/gnocchi.98301f11-d8e3-464f-9197-05a0545a4a13/none_v3" "tx15f62d3533a243e6835b0-00692b92c2" "proxy-server 90231" 0.0199 "-" 97453 0
Nov 29 19:41:38 np0005539973.novalocal container-server[97149]: ::1 - - [30/Nov/2025:00:41:38 +0000] "PUT /1/154267/AUTH_d7431f1b3e4b40fe8ff42eb83afd437e/gnocchi.c606fbda-44d7-4d64-96c2-a4dda131d95f/none_v3" 201 - "PUT http://[::1]:8080/2/209536/AUTH_d7431f1b3e4b40fe8ff42eb83afd437e/gnocchi.c606fbda-44d7-4d64-96c2-a4dda131d95f/none_v3" "txafc6e16ca50b4f0293013-00692b92c2" "object-server 97452" 0.0003 "-" 97149 0
Nov 29 19:41:38 np0005539973.novalocal container-server[97151]: ::1 - - [30/Nov/2025:00:41:38 +0000] "PUT /3/17542/AUTH_d7431f1b3e4b40fe8ff42eb83afd437e/gnocchi.98301f11-d8e3-464f-9197-05a0545a4a13/none_v3" 201 - "PUT http://[::1]:8080/2/45651/AUTH_d7431f1b3e4b40fe8ff42eb83afd437e/gnocchi.98301f11-d8e3-464f-9197-05a0545a4a13/none_v3" "tx15f62d3533a243e6835b0-00692b92c2" "object-server 97452" 0.0005 "-" 97151 0
Nov 29 19:41:38 np0005539973.novalocal object-server[97452]: ::1 - - [30/Nov/2025:00:41:38 +0000] "PUT /2/209536/AUTH_d7431f1b3e4b40fe8ff42eb83afd437e/gnocchi.c606fbda-44d7-4d64-96c2-a4dda131d95f/none_v3" 201 - "PUT http://[::1]:8080/v1/AUTH_d7431f1b3e4b40fe8ff42eb83afd437e/gnocchi.c606fbda-44d7-4d64-96c2-a4dda131d95f/none_v3" "txafc6e16ca50b4f0293013-00692b92c2" "proxy-server 90232" 0.0200 "-" 97452 0
Nov 29 19:41:38 np0005539973.novalocal container-server[97151]: ::1 - - [30/Nov/2025:00:41:38 +0000] "PUT /2/17542/AUTH_d7431f1b3e4b40fe8ff42eb83afd437e/gnocchi.98301f11-d8e3-464f-9197-05a0545a4a13/none_v3" 201 - "PUT http://[::1]:8080/3/45651/AUTH_d7431f1b3e4b40fe8ff42eb83afd437e/gnocchi.98301f11-d8e3-464f-9197-05a0545a4a13/none_v3" "tx15f62d3533a243e6835b0-00692b92c2" "object-server 97452" 0.0003 "-" 97151 0
Nov 29 19:41:38 np0005539973.novalocal object-server[97452]: ::1 - - [30/Nov/2025:00:41:38 +0000] "PUT /3/45651/AUTH_d7431f1b3e4b40fe8ff42eb83afd437e/gnocchi.98301f11-d8e3-464f-9197-05a0545a4a13/none_v3" 201 - "PUT http://[::1]:8080/v1/AUTH_d7431f1b3e4b40fe8ff42eb83afd437e/gnocchi.98301f11-d8e3-464f-9197-05a0545a4a13/none_v3" "tx15f62d3533a243e6835b0-00692b92c2" "proxy-server 90231" 0.0172 "-" 97452 0
Nov 29 19:41:38 np0005539973.novalocal proxy-server[90232]: ::1 ::1 30/Nov/2025/00/41/38 PUT /v1/AUTH_d7431f1b3e4b40fe8ff42eb83afd437e/gnocchi.c606fbda-44d7-4d64-96c2-a4dda131d95f/none_v3 HTTP/1.0 201 - python-swiftclient-4.2.0 gAAAAABpK5KUbDSc... 22 - - txafc6e16ca50b4f0293013-00692b92c2 - 0.0371 - - 1764463298.429302454 1764463298.466448069 0
Nov 29 19:41:38 np0005539973.novalocal object-server[97452]: ::1 - - [30/Nov/2025:00:41:38 +0000] "PUT /2/45651/AUTH_d7431f1b3e4b40fe8ff42eb83afd437e/gnocchi.98301f11-d8e3-464f-9197-05a0545a4a13/none_v3" 201 - "PUT http://[::1]:8080/v1/AUTH_d7431f1b3e4b40fe8ff42eb83afd437e/gnocchi.98301f11-d8e3-464f-9197-05a0545a4a13/none_v3" "tx15f62d3533a243e6835b0-00692b92c2" "proxy-server 90231" 0.0191 "-" 97452 0
Nov 29 19:41:38 np0005539973.novalocal proxy-server[90231]: ::1 ::1 30/Nov/2025/00/41/38 PUT /v1/AUTH_d7431f1b3e4b40fe8ff42eb83afd437e/gnocchi.98301f11-d8e3-464f-9197-05a0545a4a13/none_v3 HTTP/1.0 201 - python-swiftclient-4.2.0 gAAAAABpK5KUEQfJ... 22 - - tx15f62d3533a243e6835b0-00692b92c2 - 0.0364 - - 1764463298.431794643 1764463298.468239784 0
Nov 29 19:41:40 np0005539973.novalocal object-server[97455]: ::1 - - [30/Nov/2025:00:41:40 +0000] "GET /1/133640/AUTH_d7431f1b3e4b40fe8ff42eb83afd437e/gnocchi.0a838c06-cc86-452c-866e-0b1367dc68b2/none_v3" 200 22 "GET http://[::1]:8080/v1/AUTH_d7431f1b3e4b40fe8ff42eb83afd437e/gnocchi.0a838c06-cc86-452c-866e-0b1367dc68b2/none_v3" "tx6e72d1568db0475dbb832-00692b92c4" "proxy-server 90232" 0.0007 "-" 97455 0
Nov 29 19:41:40 np0005539973.novalocal proxy-server[90232]: ::1 ::1 30/Nov/2025/00/41/40 GET /v1/AUTH_d7431f1b3e4b40fe8ff42eb83afd437e/gnocchi.0a838c06-cc86-452c-866e-0b1367dc68b2/none_v3 HTTP/1.0 200 - python-swiftclient-4.2.0 gAAAAABpK5KUbDSc... - 22 - tx6e72d1568db0475dbb832-00692b92c4 - 0.0095 - - 1764463300.430396318 1764463300.439872265 0
