Nov 29 19:42:37 np0005539973.novalocal object-server[97455]: ::1 - - [30/Nov/2025:00:42:37 +0000] "PUT /1/197435/AUTH_d7431f1b3e4b40fe8ff42eb83afd437e/gnocchi.33c85406-6929-41ab-9656-3d08419a4460/none_v3" 201 - "PUT http://[::1]:8080/v1/AUTH_d7431f1b3e4b40fe8ff42eb83afd437e/gnocchi.33c85406-6929-41ab-9656-3d08419a4460/none_v3" "tx20081afce51e49cbb3eca-00692b92fd" "proxy-server 90231" 0.0189 "-" 97455 0
Nov 29 19:42:37 np0005539973.novalocal proxy-server[90231]: ::1 ::1 30/Nov/2025/00/42/37 PUT /v1/AUTH_d7431f1b3e4b40fe8ff42eb83afd437e/gnocchi.33c85406-6929-41ab-9656-3d08419a4460/none_v3 HTTP/1.0 201 - python-swiftclient-4.2.0 gAAAAABpK5KUEQfJ... 36 - - tx20081afce51e49cbb3eca-00692b92fd - 0.0371 - - 1764463357.899863005 1764463357.936969519 0
Nov 29 19:42:37 np0005539973.novalocal container-server[97148]: ::1 - - [30/Nov/2025:00:42:37 +0000] "PUT /3/157861/AUTH_d7431f1b3e4b40fe8ff42eb83afd437e/gnocchi.e03ddb0b-d86f-4dc7-a494-e27ad021535c/none_v3" 201 - "PUT http://[::1]:8080/1/164785/AUTH_d7431f1b3e4b40fe8ff42eb83afd437e/gnocchi.e03ddb0b-d86f-4dc7-a494-e27ad021535c/none_v3" "tx9012aed979584405b3b1b-00692b92fd" "object-server 97455" 0.0006 "-" 97148 0
Nov 29 19:42:37 np0005539973.novalocal object-server[97455]: ::1 - - [30/Nov/2025:00:42:37 +0000] "PUT /1/164785/AUTH_d7431f1b3e4b40fe8ff42eb83afd437e/gnocchi.e03ddb0b-d86f-4dc7-a494-e27ad021535c/none_v3" 201 - "PUT http://[::1]:8080/v1/AUTH_d7431f1b3e4b40fe8ff42eb83afd437e/gnocchi.e03ddb0b-d86f-4dc7-a494-e27ad021535c/none_v3" "tx9012aed979584405b3b1b-00692b92fd" "proxy-server 90232" 0.0165 "-" 97455 0
Nov 29 19:42:37 np0005539973.novalocal container-server[97148]: ::1 - - [30/Nov/2025:00:42:37 +0000] "PUT /2/157861/AUTH_d7431f1b3e4b40fe8ff42eb83afd437e/gnocchi.e03ddb0b-d86f-4dc7-a494-e27ad021535c/none_v3" 201 - "PUT http://[::1]:8080/2/164785/AUTH_d7431f1b3e4b40fe8ff42eb83afd437e/gnocchi.e03ddb0b-d86f-4dc7-a494-e27ad021535c/none_v3" "tx9012aed979584405b3b1b-00692b92fd" "object-server 97455" 0.0003 "-" 97148 0
Nov 29 19:42:37 np0005539973.novalocal container-server[97151]: ::1 - - [30/Nov/2025:00:42:37 +0000] "PUT /1/157861/AUTH_d7431f1b3e4b40fe8ff42eb83afd437e/gnocchi.e03ddb0b-d86f-4dc7-a494-e27ad021535c/none_v3" 201 - "PUT http://[::1]:8080/3/164785/AUTH_d7431f1b3e4b40fe8ff42eb83afd437e/gnocchi.e03ddb0b-d86f-4dc7-a494-e27ad021535c/none_v3" "tx9012aed979584405b3b1b-00692b92fd" "object-server 97455" 0.0006 "-" 97151 0
Nov 29 19:42:37 np0005539973.novalocal object-server[97452]: ::1 - - [30/Nov/2025:00:42:37 +0000] "GET /1/163841/AUTH_d7431f1b3e4b40fe8ff42eb83afd437e/gnocchi.b7824be1-289c-4967-8850-3f18a8bd67e4/none_v3" 200 30 "GET http://[::1]:8080/v1/AUTH_d7431f1b3e4b40fe8ff42eb83afd437e/gnocchi.b7824be1-289c-4967-8850-3f18a8bd67e4/none_v3" "tx7147b466eab7417cb2650-00692b92fd" "proxy-server 90231" 0.0008 "-" 97452 0
Nov 29 19:42:37 np0005539973.novalocal object-server[97455]: ::1 - - [30/Nov/2025:00:42:37 +0000] "PUT /3/164785/AUTH_d7431f1b3e4b40fe8ff42eb83afd437e/gnocchi.e03ddb0b-d86f-4dc7-a494-e27ad021535c/none_v3" 201 - "PUT http://[::1]:8080/v1/AUTH_d7431f1b3e4b40fe8ff42eb83afd437e/gnocchi.e03ddb0b-d86f-4dc7-a494-e27ad021535c/none_v3" "tx9012aed979584405b3b1b-00692b92fd" "proxy-server 90232" 0.0163 "-" 97455 0
Nov 29 19:42:37 np0005539973.novalocal object-server[97455]: ::1 - - [30/Nov/2025:00:42:37 +0000] "PUT /2/164785/AUTH_d7431f1b3e4b40fe8ff42eb83afd437e/gnocchi.e03ddb0b-d86f-4dc7-a494-e27ad021535c/none_v3" 201 - "PUT http://[::1]:8080/v1/AUTH_d7431f1b3e4b40fe8ff42eb83afd437e/gnocchi.e03ddb0b-d86f-4dc7-a494-e27ad021535c/none_v3" "tx9012aed979584405b3b1b-00692b92fd" "proxy-server 90232" 0.0192 "-" 97455 0
Nov 29 19:42:37 np0005539973.novalocal proxy-server[90232]: ::1 ::1 30/Nov/2025/00/42/37 PUT /v1/AUTH_d7431f1b3e4b40fe8ff42eb83afd437e/gnocchi.e03ddb0b-d86f-4dc7-a494-e27ad021535c/none_v3 HTTP/1.0 201 - python-swiftclient-4.2.0 gAAAAABpK5KUbDSc... 45 - - tx9012aed979584405b3b1b-00692b92fd - 0.0261 - - 1764463357.927052498 1764463357.953188181 0
Nov 29 19:42:37 np0005539973.novalocal proxy-server[90231]: ::1 ::1 30/Nov/2025/00/42/37 GET /v1/AUTH_d7431f1b3e4b40fe8ff42eb83afd437e/gnocchi.b7824be1-289c-4967-8850-3f18a8bd67e4/none_v3 HTTP/1.0 200 - python-swiftclient-4.2.0 gAAAAABpK5KUEQfJ... - 30 - tx7147b466eab7417cb2650-00692b92fd - 0.0083 - - 1764463357.945776463 1764463357.954082489 0
Nov 29 19:42:37 np0005539973.novalocal container-server[97148]: ::1 - - [30/Nov/2025:00:42:37 +0000] "GET /1/201989/AUTH_d7431f1b3e4b40fe8ff42eb83afd437e/gnocchi.b7824be1-289c-4967-8850-3f18a8bd67e4" 200 357 "GET http://[::1]:8080/v1/AUTH_d7431f1b3e4b40fe8ff42eb83afd437e/gnocchi.b7824be1-289c-4967-8850-3f18a8bd67e4?format=json&states=listing" "tx3a7fec67bfdc4337a31b2-00692b92fd" "proxy-server 90231" 0.0074 "-" 97148 0
Nov 29 19:42:37 np0005539973.novalocal object-server[97455]: ::1 - - [30/Nov/2025:00:42:37 +0000] "GET /2/236578/AUTH_d7431f1b3e4b40fe8ff42eb83afd437e/gnocchi.f494d481-93b1-4b3f-95e0-467396b39d11/none_v3" 200 68 "GET http://[::1]:8080/v1/AUTH_d7431f1b3e4b40fe8ff42eb83afd437e/gnocchi.f494d481-93b1-4b3f-95e0-467396b39d11/none_v3" "tx533818c0befd4ea6be7e7-00692b92fd" "proxy-server 90232" 0.0009 "-" 97455 0
Nov 29 19:42:37 np0005539973.novalocal proxy-server[90231]: ::1 ::1 30/Nov/2025/00/42/37 GET /v1/AUTH_d7431f1b3e4b40fe8ff42eb83afd437e/gnocchi.b7824be1-289c-4967-8850-3f18a8bd67e4%3Fformat%3Djson%26states%3Dlisting HTTP/1.0 200 - python-swiftclient-4.2.0 gAAAAABpK5KUEQfJ... - 357 - tx3a7fec67bfdc4337a31b2-00692b92fd - 0.0201 - - 1764463357.957278490 1764463357.977427483 0
Nov 29 19:42:37 np0005539973.novalocal proxy-server[90232]: ::1 ::1 30/Nov/2025/00/42/37 GET /v1/AUTH_d7431f1b3e4b40fe8ff42eb83afd437e/gnocchi.f494d481-93b1-4b3f-95e0-467396b39d11/none_v3 HTTP/1.0 200 - python-swiftclient-4.2.0 gAAAAABpK5KUbDSc... - 68 - tx533818c0befd4ea6be7e7-00692b92fd - 0.0072 - - 1764463357.972078800 1764463357.979257107 0
Nov 29 19:42:37 np0005539973.novalocal container-server[97150]: ::1 - - [30/Nov/2025:00:42:37 +0000] "GET /2/201989/AUTH_d7431f1b3e4b40fe8ff42eb83afd437e/gnocchi.b7824be1-289c-4967-8850-3f18a8bd67e4" 200 2 "GET http://[::1]:8080/v1/AUTH_d7431f1b3e4b40fe8ff42eb83afd437e/gnocchi.b7824be1-289c-4967-8850-3f18a8bd67e4?format=json&marker=none_v3&states=listing" "tx4130827a439a462fa3da7-00692b92fd" "proxy-server 90231" 0.0082 "-" 97150 0
Nov 29 19:42:37 np0005539973.novalocal container-server[97148]: ::1 - - [30/Nov/2025:00:42:37 +0000] "GET /3/100036/AUTH_d7431f1b3e4b40fe8ff42eb83afd437e/gnocchi.f494d481-93b1-4b3f-95e0-467396b39d11" 200 357 "GET http://[::1]:8080/v1/AUTH_d7431f1b3e4b40fe8ff42eb83afd437e/gnocchi.f494d481-93b1-4b3f-95e0-467396b39d11?format=json&states=listing" "txe50969aef8044fe5807aa-00692b92fd" "proxy-server 90232" 0.0071 "-" 97148 0
Nov 29 19:42:37 np0005539973.novalocal proxy-server[90231]: ::1 ::1 30/Nov/2025/00/42/37 GET /v1/AUTH_d7431f1b3e4b40fe8ff42eb83afd437e/gnocchi.b7824be1-289c-4967-8850-3f18a8bd67e4%3Fformat%3Djson%26marker%3Dnone_v3%26states%3Dlisting HTTP/1.0 200 - python-swiftclient-4.2.0 gAAAAABpK5KUEQfJ... - 2 - tx4130827a439a462fa3da7-00692b92fd - 0.0154 - - 1764463357.982464314 1764463357.997862577 0
Nov 29 19:42:37 np0005539973.novalocal proxy-server[90232]: ::1 ::1 30/Nov/2025/00/42/37 GET /v1/AUTH_d7431f1b3e4b40fe8ff42eb83afd437e/gnocchi.f494d481-93b1-4b3f-95e0-467396b39d11%3Fformat%3Djson%26states%3Dlisting HTTP/1.0 200 - python-swiftclient-4.2.0 gAAAAABpK5KUbDSc... - 357 - txe50969aef8044fe5807aa-00692b92fd - 0.0134 - - 1764463357.985060692 1764463357.998462915 0
Nov 29 19:42:38 np0005539973.novalocal object-server[97454]: ::1 - - [30/Nov/2025:00:42:38 +0000] "GET /1/55525/AUTH_d7431f1b3e4b40fe8ff42eb83afd437e/gnocchi.b7824be1-289c-4967-8850-3f18a8bd67e4/1763640000.0_mean_300.0_v3" 200 16 "GET http://[::1]:8080/v1/AUTH_d7431f1b3e4b40fe8ff42eb83afd437e/gnocchi.b7824be1-289c-4967-8850-3f18a8bd67e4/1763640000.0_mean_300.0_v3" "tx30dfd3d4c4d243ddaaa41-00692b92fe" "proxy-server 90231" 0.0007 "-" 97454 0
Nov 29 19:42:38 np0005539973.novalocal proxy-server[90231]: ::1 ::1 30/Nov/2025/00/42/38 GET /v1/AUTH_d7431f1b3e4b40fe8ff42eb83afd437e/gnocchi.b7824be1-289c-4967-8850-3f18a8bd67e4/1763640000.0_mean_300.0_v3 HTTP/1.0 200 - python-swiftclient-4.2.0 gAAAAABpK5KUEQfJ... - 16 - tx30dfd3d4c4d243ddaaa41-00692b92fe - 0.0067 - - 1764463358.003686666 1764463358.010355473 0
Nov 29 19:42:38 np0005539973.novalocal container-server[97151]: ::1 - - [30/Nov/2025:00:42:38 +0000] "GET /1/100036/AUTH_d7431f1b3e4b40fe8ff42eb83afd437e/gnocchi.f494d481-93b1-4b3f-95e0-467396b39d11" 200 2 "GET http://[::1]:8080/v1/AUTH_d7431f1b3e4b40fe8ff42eb83afd437e/gnocchi.f494d481-93b1-4b3f-95e0-467396b39d11?format=json&marker=none_v3&states=listing" "tx7c9168956d814f94ace15-00692b92fe" "proxy-server 90232" 0.0069 "-" 97151 0
Nov 29 19:42:38 np0005539973.novalocal proxy-server[90232]: ::1 ::1 30/Nov/2025/00/42/38 GET /v1/AUTH_d7431f1b3e4b40fe8ff42eb83afd437e/gnocchi.f494d481-93b1-4b3f-95e0-467396b39d11%3Fformat%3Djson%26marker%3Dnone_v3%26states%3Dlisting HTTP/1.0 200 - python-swiftclient-4.2.0 gAAAAABpK5KUbDSc... - 2 - tx7c9168956d814f94ace15-00692b92fe - 0.0134 - - 1764463358.001765966 1764463358.015197754 0
Nov 29 19:42:38 np0005539973.novalocal object-server[97452]: ::1 - - [30/Nov/2025:00:42:38 +0000] "GET /2/45669/AUTH_d7431f1b3e4b40fe8ff42eb83afd437e/gnocchi.f494d481-93b1-4b3f-95e0-467396b39d11/1763640000.0_mean_300.0_v3" 200 16 "GET http://[::1]:8080/v1/AUTH_d7431f1b3e4b40fe8ff42eb83afd437e/gnocchi.f494d481-93b1-4b3f-95e0-467396b39d11/1763640000.0_mean_300.0_v3" "txee72705955b7418faca3b-00692b92fe" "proxy-server 90232" 0.0009 "-" 97452 0
Nov 29 19:42:38 np0005539973.novalocal proxy-server[90232]: ::1 ::1 30/Nov/2025/00/42/38 GET /v1/AUTH_d7431f1b3e4b40fe8ff42eb83afd437e/gnocchi.f494d481-93b1-4b3f-95e0-467396b39d11/1763640000.0_mean_300.0_v3 HTTP/1.0 200 - python-swiftclient-4.2.0 gAAAAABpK5KUbDSc... - 16 - txee72705955b7418faca3b-00692b92fe - 0.0109 - - 1764463358.019163132 1764463358.030087471 0
Nov 29 19:42:38 np0005539973.novalocal container-server[97148]: ::1 - - [30/Nov/2025:00:42:38 +0000] "PUT /2/201989/AUTH_d7431f1b3e4b40fe8ff42eb83afd437e/gnocchi.b7824be1-289c-4967-8850-3f18a8bd67e4/1763640000.0_mean_300.0_v3" 201 - "PUT http://[::1]:8080/1/55525/AUTH_d7431f1b3e4b40fe8ff42eb83afd437e/gnocchi.b7824be1-289c-4967-8850-3f18a8bd67e4/1763640000.0_mean_300.0_v3" "txe7c1d97d2c13449686327-00692b92fe" "object-server 97455" 0.0005 "-" 97148 0
Nov 29 19:42:38 np0005539973.novalocal container-server[97150]: ::1 - - [30/Nov/2025:00:42:38 +0000] "PUT /3/201989/AUTH_d7431f1b3e4b40fe8ff42eb83afd437e/gnocchi.b7824be1-289c-4967-8850-3f18a8bd67e4/1763640000.0_mean_300.0_v3" 201 - "PUT http://[::1]:8080/2/55525/AUTH_d7431f1b3e4b40fe8ff42eb83afd437e/gnocchi.b7824be1-289c-4967-8850-3f18a8bd67e4/1763640000.0_mean_300.0_v3" "txe7c1d97d2c13449686327-00692b92fe" "object-server 97454" 0.0004 "-" 97150 0
Nov 29 19:42:38 np0005539973.novalocal object-server[97454]: ::1 - - [30/Nov/2025:00:42:38 +0000] "PUT /2/55525/AUTH_d7431f1b3e4b40fe8ff42eb83afd437e/gnocchi.b7824be1-289c-4967-8850-3f18a8bd67e4/1763640000.0_mean_300.0_v3" 201 - "PUT http://[::1]:8080/v1/AUTH_d7431f1b3e4b40fe8ff42eb83afd437e/gnocchi.b7824be1-289c-4967-8850-3f18a8bd67e4/1763640000.0_mean_300.0_v3" "txe7c1d97d2c13449686327-00692b92fe" "proxy-server 90231" 0.0122 "-" 97454 0
Nov 29 19:42:38 np0005539973.novalocal object-server[97455]: ::1 - - [30/Nov/2025:00:42:38 +0000] "PUT /1/55525/AUTH_d7431f1b3e4b40fe8ff42eb83afd437e/gnocchi.b7824be1-289c-4967-8850-3f18a8bd67e4/1763640000.0_mean_300.0_v3" 201 - "PUT http://[::1]:8080/v1/AUTH_d7431f1b3e4b40fe8ff42eb83afd437e/gnocchi.b7824be1-289c-4967-8850-3f18a8bd67e4/1763640000.0_mean_300.0_v3" "txe7c1d97d2c13449686327-00692b92fe" "proxy-server 90231" 0.0118 "-" 97455 0
Nov 29 19:42:38 np0005539973.novalocal container-server[97151]: ::1 - - [30/Nov/2025:00:42:38 +0000] "PUT /1/201989/AUTH_d7431f1b3e4b40fe8ff42eb83afd437e/gnocchi.b7824be1-289c-4967-8850-3f18a8bd67e4/1763640000.0_mean_300.0_v3" 201 - "PUT http://[::1]:8080/3/55525/AUTH_d7431f1b3e4b40fe8ff42eb83afd437e/gnocchi.b7824be1-289c-4967-8850-3f18a8bd67e4/1763640000.0_mean_300.0_v3" "txe7c1d97d2c13449686327-00692b92fe" "object-server 97452" 0.0007 "-" 97151 0
Nov 29 19:42:38 np0005539973.novalocal object-server[97452]: ::1 - - [30/Nov/2025:00:42:38 +0000] "PUT /3/55525/AUTH_d7431f1b3e4b40fe8ff42eb83afd437e/gnocchi.b7824be1-289c-4967-8850-3f18a8bd67e4/1763640000.0_mean_300.0_v3" 201 - "PUT http://[::1]:8080/v1/AUTH_d7431f1b3e4b40fe8ff42eb83afd437e/gnocchi.b7824be1-289c-4967-8850-3f18a8bd67e4/1763640000.0_mean_300.0_v3" "txe7c1d97d2c13449686327-00692b92fe" "proxy-server 90231" 0.0124 "-" 97452 0
Nov 29 19:42:38 np0005539973.novalocal proxy-server[90231]: ::1 ::1 30/Nov/2025/00/42/38 PUT /v1/AUTH_d7431f1b3e4b40fe8ff42eb83afd437e/gnocchi.b7824be1-289c-4967-8850-3f18a8bd67e4/1763640000.0_mean_300.0_v3 HTTP/1.0 201 - python-swiftclient-4.2.0 gAAAAABpK5KUEQfJ... 16 - - txe7c1d97d2c13449686327-00692b92fe - 0.0223 - - 1764463358.013855696 1764463358.036158800 0
Nov 29 19:42:38 np0005539973.novalocal container-server[97148]: ::1 - - [30/Nov/2025:00:42:38 +0000] "PUT /3/100036/AUTH_d7431f1b3e4b40fe8ff42eb83afd437e/gnocchi.f494d481-93b1-4b3f-95e0-467396b39d11/1763640000.0_mean_300.0_v3" 201 - "PUT http://[::1]:8080/3/45669/AUTH_d7431f1b3e4b40fe8ff42eb83afd437e/gnocchi.f494d481-93b1-4b3f-95e0-467396b39d11/1763640000.0_mean_300.0_v3" "tx0796bd09745f4113a0e13-00692b92fe" "object-server 97453" 0.0006 "-" 97148 0
Nov 29 19:42:38 np0005539973.novalocal container-server[97150]: ::1 - - [30/Nov/2025:00:42:38 +0000] "PUT /1/100036/AUTH_d7431f1b3e4b40fe8ff42eb83afd437e/gnocchi.f494d481-93b1-4b3f-95e0-467396b39d11/1763640000.0_mean_300.0_v3" 201 - "PUT http://[::1]:8080/2/45669/AUTH_d7431f1b3e4b40fe8ff42eb83afd437e/gnocchi.f494d481-93b1-4b3f-95e0-467396b39d11/1763640000.0_mean_300.0_v3" "tx0796bd09745f4113a0e13-00692b92fe" "object-server 97453" 0.0005 "-" 97150 0
Nov 29 19:42:38 np0005539973.novalocal object-server[97453]: ::1 - - [30/Nov/2025:00:42:38 +0000] "PUT /2/45669/AUTH_d7431f1b3e4b40fe8ff42eb83afd437e/gnocchi.f494d481-93b1-4b3f-95e0-467396b39d11/1763640000.0_mean_300.0_v3" 201 - "PUT http://[::1]:8080/v1/AUTH_d7431f1b3e4b40fe8ff42eb83afd437e/gnocchi.f494d481-93b1-4b3f-95e0-467396b39d11/1763640000.0_mean_300.0_v3" "tx0796bd09745f4113a0e13-00692b92fe" "proxy-server 90232" 0.0153 "-" 97453 0
Nov 29 19:42:38 np0005539973.novalocal container-server[97150]: ::1 - - [30/Nov/2025:00:42:38 +0000] "PUT /2/100036/AUTH_d7431f1b3e4b40fe8ff42eb83afd437e/gnocchi.f494d481-93b1-4b3f-95e0-467396b39d11/1763640000.0_mean_300.0_v3" 201 - "PUT http://[::1]:8080/1/45669/AUTH_d7431f1b3e4b40fe8ff42eb83afd437e/gnocchi.f494d481-93b1-4b3f-95e0-467396b39d11/1763640000.0_mean_300.0_v3" "tx0796bd09745f4113a0e13-00692b92fe" "object-server 97452" 0.0004 "-" 97150 0
Nov 29 19:42:38 np0005539973.novalocal object-server[97453]: ::1 - - [30/Nov/2025:00:42:38 +0000] "PUT /3/45669/AUTH_d7431f1b3e4b40fe8ff42eb83afd437e/gnocchi.f494d481-93b1-4b3f-95e0-467396b39d11/1763640000.0_mean_300.0_v3" 201 - "PUT http://[::1]:8080/v1/AUTH_d7431f1b3e4b40fe8ff42eb83afd437e/gnocchi.f494d481-93b1-4b3f-95e0-467396b39d11/1763640000.0_mean_300.0_v3" "tx0796bd09745f4113a0e13-00692b92fe" "proxy-server 90232" 0.0180 "-" 97453 0
Nov 29 19:42:38 np0005539973.novalocal container-server[97149]: ::1 - - [30/Nov/2025:00:42:38 +0000] "PUT /1/201989/AUTH_d7431f1b3e4b40fe8ff42eb83afd437e/gnocchi.b7824be1-289c-4967-8850-3f18a8bd67e4/none_v3" 201 - "PUT http://[::1]:8080/2/163841/AUTH_d7431f1b3e4b40fe8ff42eb83afd437e/gnocchi.b7824be1-289c-4967-8850-3f18a8bd67e4/none_v3" "txead72f746573483194ef1-00692b92fe" "object-server 97455" 0.0005 "-" 97149 0
Nov 29 19:42:38 np0005539973.novalocal object-server[97452]: ::1 - - [30/Nov/2025:00:42:38 +0000] "PUT /1/45669/AUTH_d7431f1b3e4b40fe8ff42eb83afd437e/gnocchi.f494d481-93b1-4b3f-95e0-467396b39d11/1763640000.0_mean_300.0_v3" 201 - "PUT http://[::1]:8080/v1/AUTH_d7431f1b3e4b40fe8ff42eb83afd437e/gnocchi.f494d481-93b1-4b3f-95e0-467396b39d11/1763640000.0_mean_300.0_v3" "tx0796bd09745f4113a0e13-00692b92fe" "proxy-server 90232" 0.0158 "-" 97452 0
Nov 29 19:42:38 np0005539973.novalocal object-server[97455]: ::1 - - [30/Nov/2025:00:42:38 +0000] "PUT /2/163841/AUTH_d7431f1b3e4b40fe8ff42eb83afd437e/gnocchi.b7824be1-289c-4967-8850-3f18a8bd67e4/none_v3" 201 - "PUT http://[::1]:8080/v1/AUTH_d7431f1b3e4b40fe8ff42eb83afd437e/gnocchi.b7824be1-289c-4967-8850-3f18a8bd67e4/none_v3" "txead72f746573483194ef1-00692b92fe" "proxy-server 90231" 0.0111 "-" 97455 0
Nov 29 19:42:38 np0005539973.novalocal container-server[97148]: ::1 - - [30/Nov/2025:00:42:38 +0000] "PUT /3/201989/AUTH_d7431f1b3e4b40fe8ff42eb83afd437e/gnocchi.b7824be1-289c-4967-8850-3f18a8bd67e4/none_v3" 201 - "PUT http://[::1]:8080/1/163841/AUTH_d7431f1b3e4b40fe8ff42eb83afd437e/gnocchi.b7824be1-289c-4967-8850-3f18a8bd67e4/none_v3" "txead72f746573483194ef1-00692b92fe" "object-server 97454" 0.0007 "-" 97148 0
Nov 29 19:42:38 np0005539973.novalocal proxy-server[90232]: ::1 ::1 30/Nov/2025/00/42/38 PUT /v1/AUTH_d7431f1b3e4b40fe8ff42eb83afd437e/gnocchi.f494d481-93b1-4b3f-95e0-467396b39d11/1763640000.0_mean_300.0_v3 HTTP/1.0 201 - python-swiftclient-4.2.0 gAAAAABpK5KUbDSc... 16 - - tx0796bd09745f4113a0e13-00692b92fe - 0.0292 - - 1764463358.033074379 1764463358.062236071 0
Nov 29 19:42:38 np0005539973.novalocal object-server[97454]: ::1 - - [30/Nov/2025:00:42:38 +0000] "PUT /1/163841/AUTH_d7431f1b3e4b40fe8ff42eb83afd437e/gnocchi.b7824be1-289c-4967-8850-3f18a8bd67e4/none_v3" 201 - "PUT http://[::1]:8080/v1/AUTH_d7431f1b3e4b40fe8ff42eb83afd437e/gnocchi.b7824be1-289c-4967-8850-3f18a8bd67e4/none_v3" "txead72f746573483194ef1-00692b92fe" "proxy-server 90231" 0.0144 "-" 97454 0
Nov 29 19:42:38 np0005539973.novalocal container-server[97151]: ::1 - - [30/Nov/2025:00:42:38 +0000] "PUT /2/201989/AUTH_d7431f1b3e4b40fe8ff42eb83afd437e/gnocchi.b7824be1-289c-4967-8850-3f18a8bd67e4/none_v3" 201 - "PUT http://[::1]:8080/3/163841/AUTH_d7431f1b3e4b40fe8ff42eb83afd437e/gnocchi.b7824be1-289c-4967-8850-3f18a8bd67e4/none_v3" "txead72f746573483194ef1-00692b92fe" "object-server 97453" 0.0006 "-" 97151 0
Nov 29 19:42:38 np0005539973.novalocal object-server[97453]: ::1 - - [30/Nov/2025:00:42:38 +0000] "PUT /3/163841/AUTH_d7431f1b3e4b40fe8ff42eb83afd437e/gnocchi.b7824be1-289c-4967-8850-3f18a8bd67e4/none_v3" 201 - "PUT http://[::1]:8080/v1/AUTH_d7431f1b3e4b40fe8ff42eb83afd437e/gnocchi.b7824be1-289c-4967-8850-3f18a8bd67e4/none_v3" "txead72f746573483194ef1-00692b92fe" "proxy-server 90231" 0.0125 "-" 97453 0
Nov 29 19:42:38 np0005539973.novalocal proxy-server[90231]: ::1 ::1 30/Nov/2025/00/42/38 PUT /v1/AUTH_d7431f1b3e4b40fe8ff42eb83afd437e/gnocchi.b7824be1-289c-4967-8850-3f18a8bd67e4/none_v3 HTTP/1.0 201 - python-swiftclient-4.2.0 gAAAAABpK5KUEQfJ... 43 - - txead72f746573483194ef1-00692b92fe - 0.0256 - - 1764463358.038841009 1764463358.064397335 0
Nov 29 19:42:38 np0005539973.novalocal object-server[97454]: ::1 - - [30/Nov/2025:00:42:38 +0000] "GET /3/164785/AUTH_d7431f1b3e4b40fe8ff42eb83afd437e/gnocchi.e03ddb0b-d86f-4dc7-a494-e27ad021535c/none_v3" 200 45 "GET http://[::1]:8080/v1/AUTH_d7431f1b3e4b40fe8ff42eb83afd437e/gnocchi.e03ddb0b-d86f-4dc7-a494-e27ad021535c/none_v3" "tx4e5ecf550d6649f38404a-00692b92fe" "proxy-server 90231" 0.0016 "-" 97454 0
Nov 29 19:42:38 np0005539973.novalocal container-server[97148]: ::1 - - [30/Nov/2025:00:42:38 +0000] "PUT /1/100036/AUTH_d7431f1b3e4b40fe8ff42eb83afd437e/gnocchi.f494d481-93b1-4b3f-95e0-467396b39d11/none_v3" 201 - "PUT http://[::1]:8080/3/236578/AUTH_d7431f1b3e4b40fe8ff42eb83afd437e/gnocchi.f494d481-93b1-4b3f-95e0-467396b39d11/none_v3" "txdeb7f2a81df24f6089ef6-00692b92fe" "object-server 97454" 0.0006 "-" 97148 0
Nov 29 19:42:38 np0005539973.novalocal container-server[97150]: ::1 - - [30/Nov/2025:00:42:38 +0000] "PUT /3/100036/AUTH_d7431f1b3e4b40fe8ff42eb83afd437e/gnocchi.f494d481-93b1-4b3f-95e0-467396b39d11/none_v3" 201 - "PUT http://[::1]:8080/2/236578/AUTH_d7431f1b3e4b40fe8ff42eb83afd437e/gnocchi.f494d481-93b1-4b3f-95e0-467396b39d11/none_v3" "txdeb7f2a81df24f6089ef6-00692b92fe" "object-server 97455" 0.0006 "-" 97150 0
Nov 29 19:42:38 np0005539973.novalocal object-server[97454]: ::1 - - [30/Nov/2025:00:42:38 +0000] "PUT /3/236578/AUTH_d7431f1b3e4b40fe8ff42eb83afd437e/gnocchi.f494d481-93b1-4b3f-95e0-467396b39d11/none_v3" 201 - "PUT http://[::1]:8080/v1/AUTH_d7431f1b3e4b40fe8ff42eb83afd437e/gnocchi.f494d481-93b1-4b3f-95e0-467396b39d11/none_v3" "txdeb7f2a81df24f6089ef6-00692b92fe" "proxy-server 90232" 0.0113 "-" 97454 0
Nov 29 19:42:38 np0005539973.novalocal object-server[97455]: ::1 - - [30/Nov/2025:00:42:38 +0000] "PUT /2/236578/AUTH_d7431f1b3e4b40fe8ff42eb83afd437e/gnocchi.f494d481-93b1-4b3f-95e0-467396b39d11/none_v3" 201 - "PUT http://[::1]:8080/v1/AUTH_d7431f1b3e4b40fe8ff42eb83afd437e/gnocchi.f494d481-93b1-4b3f-95e0-467396b39d11/none_v3" "txdeb7f2a81df24f6089ef6-00692b92fe" "proxy-server 90232" 0.0122 "-" 97455 0
Nov 29 19:42:38 np0005539973.novalocal container-server[97150]: ::1 - - [30/Nov/2025:00:42:38 +0000] "PUT /2/100036/AUTH_d7431f1b3e4b40fe8ff42eb83afd437e/gnocchi.f494d481-93b1-4b3f-95e0-467396b39d11/none_v3" 201 - "PUT http://[::1]:8080/1/236578/AUTH_d7431f1b3e4b40fe8ff42eb83afd437e/gnocchi.f494d481-93b1-4b3f-95e0-467396b39d11/none_v3" "txdeb7f2a81df24f6089ef6-00692b92fe" "object-server 97452" 0.0007 "-" 97150 0
Nov 29 19:42:38 np0005539973.novalocal proxy-server[90231]: ::1 ::1 30/Nov/2025/00/42/38 GET /v1/AUTH_d7431f1b3e4b40fe8ff42eb83afd437e/gnocchi.e03ddb0b-d86f-4dc7-a494-e27ad021535c/none_v3 HTTP/1.0 200 - python-swiftclient-4.2.0 gAAAAABpK5KUEQfJ... - 45 - tx4e5ecf550d6649f38404a-00692b92fe - 0.0095 - - 1764463358.073927402 1764463358.083451509 0
Nov 29 19:42:38 np0005539973.novalocal object-server[97452]: ::1 - - [30/Nov/2025:00:42:38 +0000] "PUT /1/236578/AUTH_d7431f1b3e4b40fe8ff42eb83afd437e/gnocchi.f494d481-93b1-4b3f-95e0-467396b39d11/none_v3" 201 - "PUT http://[::1]:8080/v1/AUTH_d7431f1b3e4b40fe8ff42eb83afd437e/gnocchi.f494d481-93b1-4b3f-95e0-467396b39d11/none_v3" "txdeb7f2a81df24f6089ef6-00692b92fe" "proxy-server 90232" 0.0118 "-" 97452 0
Nov 29 19:42:38 np0005539973.novalocal proxy-server[90232]: ::1 ::1 30/Nov/2025/00/42/38 PUT /v1/AUTH_d7431f1b3e4b40fe8ff42eb83afd437e/gnocchi.f494d481-93b1-4b3f-95e0-467396b39d11/none_v3 HTTP/1.0 201 - python-swiftclient-4.2.0 gAAAAABpK5KUbDSc... 76 - - txdeb7f2a81df24f6089ef6-00692b92fe - 0.0216 - - 1764463358.065265656 1764463358.086842775 0
Nov 29 19:42:38 np0005539973.novalocal container-server[97150]: ::1 - - [30/Nov/2025:00:42:38 +0000] "GET /2/157861/AUTH_d7431f1b3e4b40fe8ff42eb83afd437e/gnocchi.e03ddb0b-d86f-4dc7-a494-e27ad021535c" 200 357 "GET http://[::1]:8080/v1/AUTH_d7431f1b3e4b40fe8ff42eb83afd437e/gnocchi.e03ddb0b-d86f-4dc7-a494-e27ad021535c?format=json&states=listing" "txbe60f0e0423240d7b03aa-00692b92fe" "proxy-server 90231" 0.0071 "-" 97150 0
Nov 29 19:42:38 np0005539973.novalocal object-server[97453]: ::1 - - [30/Nov/2025:00:42:38 +0000] "GET /1/197435/AUTH_d7431f1b3e4b40fe8ff42eb83afd437e/gnocchi.33c85406-6929-41ab-9656-3d08419a4460/none_v3" 200 36 "GET http://[::1]:8080/v1/AUTH_d7431f1b3e4b40fe8ff42eb83afd437e/gnocchi.33c85406-6929-41ab-9656-3d08419a4460/none_v3" "tx575ee0f80b3041ad9c25f-00692b92fe" "proxy-server 90232" 0.0008 "-" 97453 0
Nov 29 19:42:38 np0005539973.novalocal proxy-server[90231]: ::1 ::1 30/Nov/2025/00/42/38 GET /v1/AUTH_d7431f1b3e4b40fe8ff42eb83afd437e/gnocchi.e03ddb0b-d86f-4dc7-a494-e27ad021535c%3Fformat%3Djson%26states%3Dlisting HTTP/1.0 200 - python-swiftclient-4.2.0 gAAAAABpK5KUEQfJ... - 357 - txbe60f0e0423240d7b03aa-00692b92fe - 0.0139 - - 1764463358.087969303 1764463358.101895571 0
Nov 29 19:42:38 np0005539973.novalocal proxy-server[90232]: ::1 ::1 30/Nov/2025/00/42/38 GET /v1/AUTH_d7431f1b3e4b40fe8ff42eb83afd437e/gnocchi.33c85406-6929-41ab-9656-3d08419a4460/none_v3 HTTP/1.0 200 - python-swiftclient-4.2.0 gAAAAABpK5KUbDSc... - 36 - tx575ee0f80b3041ad9c25f-00692b92fe - 0.0060 - - 1764463358.096906662 1764463358.102942705 0
Nov 29 19:42:38 np0005539973.novalocal container-server[97151]: ::1 - - [30/Nov/2025:00:42:38 +0000] "GET /3/157861/AUTH_d7431f1b3e4b40fe8ff42eb83afd437e/gnocchi.e03ddb0b-d86f-4dc7-a494-e27ad021535c" 200 2 "GET http://[::1]:8080/v1/AUTH_d7431f1b3e4b40fe8ff42eb83afd437e/gnocchi.e03ddb0b-d86f-4dc7-a494-e27ad021535c?format=json&marker=none_v3&states=listing" "tx92bf3388e3aa415382ed8-00692b92fe" "proxy-server 90231" 0.0071 "-" 97151 0
Nov 29 19:42:38 np0005539973.novalocal proxy-server[90231]: ::1 ::1 30/Nov/2025/00/42/38 GET /v1/AUTH_d7431f1b3e4b40fe8ff42eb83afd437e/gnocchi.e03ddb0b-d86f-4dc7-a494-e27ad021535c%3Fformat%3Djson%26marker%3Dnone_v3%26states%3Dlisting HTTP/1.0 200 - python-swiftclient-4.2.0 gAAAAABpK5KUEQfJ... - 2 - tx92bf3388e3aa415382ed8-00692b92fe - 0.0145 - - 1764463358.105466127 1764463358.119925499 0
Nov 29 19:42:38 np0005539973.novalocal object-server[97455]: ::1 - - [30/Nov/2025:00:42:38 +0000] "GET /1/191933/AUTH_d7431f1b3e4b40fe8ff42eb83afd437e/gnocchi.e03ddb0b-d86f-4dc7-a494-e27ad021535c/1763640000.0_mean_300.0_v3" 200 16 "GET http://[::1]:8080/v1/AUTH_d7431f1b3e4b40fe8ff42eb83afd437e/gnocchi.e03ddb0b-d86f-4dc7-a494-e27ad021535c/1763640000.0_mean_300.0_v3" "tx96b51bec14744f62a7a07-00692b92fe" "proxy-server 90231" 0.0007 "-" 97455 0
Nov 29 19:42:38 np0005539973.novalocal container-server[97150]: ::1 - - [30/Nov/2025:00:42:38 +0000] "GET /2/48788/AUTH_d7431f1b3e4b40fe8ff42eb83afd437e/gnocchi.33c85406-6929-41ab-9656-3d08419a4460" 200 357 "GET http://[::1]:8080/v1/AUTH_d7431f1b3e4b40fe8ff42eb83afd437e/gnocchi.33c85406-6929-41ab-9656-3d08419a4460?format=json&states=listing" "tx6dd8481b7f4041b8959f4-00692b92fe" "proxy-server 90232" 0.0190 "-" 97150 0
Nov 29 19:42:38 np0005539973.novalocal proxy-server[90231]: ::1 ::1 30/Nov/2025/00/42/38 GET /v1/AUTH_d7431f1b3e4b40fe8ff42eb83afd437e/gnocchi.e03ddb0b-d86f-4dc7-a494-e27ad021535c/1763640000.0_mean_300.0_v3 HTTP/1.0 200 - python-swiftclient-4.2.0 gAAAAABpK5KUEQfJ... - 16 - tx96b51bec14744f62a7a07-00692b92fe - 0.0066 - - 1764463358.123603344 1764463358.130242109 0
Nov 29 19:42:38 np0005539973.novalocal proxy-server[90232]: ::1 ::1 30/Nov/2025/00/42/38 GET /v1/AUTH_d7431f1b3e4b40fe8ff42eb83afd437e/gnocchi.33c85406-6929-41ab-9656-3d08419a4460%3Fformat%3Djson%26states%3Dlisting HTTP/1.0 200 - python-swiftclient-4.2.0 gAAAAABpK5KUbDSc... - 357 - tx6dd8481b7f4041b8959f4-00692b92fe - 0.0300 - - 1764463358.105627060 1764463358.135635376 0
Nov 29 19:42:38 np0005539973.novalocal container-server[97149]: ::1 - - [30/Nov/2025:00:42:38 +0000] "GET /3/48788/AUTH_d7431f1b3e4b40fe8ff42eb83afd437e/gnocchi.33c85406-6929-41ab-9656-3d08419a4460" 200 2 "GET http://[::1]:8080/v1/AUTH_d7431f1b3e4b40fe8ff42eb83afd437e/gnocchi.33c85406-6929-41ab-9656-3d08419a4460?format=json&marker=none_v3&states=listing" "txf1fc9ac9e6fe48b1a931a-00692b92fe" "proxy-server 90232" 0.0055 "-" 97149 0
Nov 29 19:42:38 np0005539973.novalocal proxy-server[90232]: ::1 ::1 30/Nov/2025/00/42/38 GET /v1/AUTH_d7431f1b3e4b40fe8ff42eb83afd437e/gnocchi.33c85406-6929-41ab-9656-3d08419a4460%3Fformat%3Djson%26marker%3Dnone_v3%26states%3Dlisting HTTP/1.0 200 - python-swiftclient-4.2.0 gAAAAABpK5KUbDSc... - 2 - txf1fc9ac9e6fe48b1a931a-00692b92fe - 0.0135 - - 1764463358.142150879 1764463358.155617237 0
Nov 29 19:42:38 np0005539973.novalocal container-server[97150]: ::1 - - [30/Nov/2025:00:42:38 +0000] "PUT /1/157861/AUTH_d7431f1b3e4b40fe8ff42eb83afd437e/gnocchi.e03ddb0b-d86f-4dc7-a494-e27ad021535c/1763640000.0_mean_300.0_v3" 201 - "PUT http://[::1]:8080/1/191933/AUTH_d7431f1b3e4b40fe8ff42eb83afd437e/gnocchi.e03ddb0b-d86f-4dc7-a494-e27ad021535c/1763640000.0_mean_300.0_v3" "tx279312516f9944fd919a7-00692b92fe" "object-server 97452" 0.0007 "-" 97150 0
Nov 29 19:42:38 np0005539973.novalocal container-server[97148]: ::1 - - [30/Nov/2025:00:42:38 +0000] "PUT /2/157861/AUTH_d7431f1b3e4b40fe8ff42eb83afd437e/gnocchi.e03ddb0b-d86f-4dc7-a494-e27ad021535c/1763640000.0_mean_300.0_v3" 201 - "PUT http://[::1]:8080/2/191933/AUTH_d7431f1b3e4b40fe8ff42eb83afd437e/gnocchi.e03ddb0b-d86f-4dc7-a494-e27ad021535c/1763640000.0_mean_300.0_v3" "tx279312516f9944fd919a7-00692b92fe" "object-server 97455" 0.0004 "-" 97148 0
Nov 29 19:42:38 np0005539973.novalocal object-server[97452]: ::1 - - [30/Nov/2025:00:42:38 +0000] "PUT /1/191933/AUTH_d7431f1b3e4b40fe8ff42eb83afd437e/gnocchi.e03ddb0b-d86f-4dc7-a494-e27ad021535c/1763640000.0_mean_300.0_v3" 201 - "PUT http://[::1]:8080/v1/AUTH_d7431f1b3e4b40fe8ff42eb83afd437e/gnocchi.e03ddb0b-d86f-4dc7-a494-e27ad021535c/1763640000.0_mean_300.0_v3" "tx279312516f9944fd919a7-00692b92fe" "proxy-server 90231" 0.0100 "-" 97452 0
Nov 29 19:42:38 np0005539973.novalocal container-server[97150]: ::1 - - [30/Nov/2025:00:42:38 +0000] "PUT /3/157861/AUTH_d7431f1b3e4b40fe8ff42eb83afd437e/gnocchi.e03ddb0b-d86f-4dc7-a494-e27ad021535c/1763640000.0_mean_300.0_v3" 201 - "PUT http://[::1]:8080/3/191933/AUTH_d7431f1b3e4b40fe8ff42eb83afd437e/gnocchi.e03ddb0b-d86f-4dc7-a494-e27ad021535c/1763640000.0_mean_300.0_v3" "tx279312516f9944fd919a7-00692b92fe" "object-server 97455" 0.0004 "-" 97150 0
Nov 29 19:42:38 np0005539973.novalocal object-server[97455]: ::1 - - [30/Nov/2025:00:42:38 +0000] "PUT /2/191933/AUTH_d7431f1b3e4b40fe8ff42eb83afd437e/gnocchi.e03ddb0b-d86f-4dc7-a494-e27ad021535c/1763640000.0_mean_300.0_v3" 201 - "PUT http://[::1]:8080/v1/AUTH_d7431f1b3e4b40fe8ff42eb83afd437e/gnocchi.e03ddb0b-d86f-4dc7-a494-e27ad021535c/1763640000.0_mean_300.0_v3" "tx279312516f9944fd919a7-00692b92fe" "proxy-server 90231" 0.0108 "-" 97455 0
Nov 29 19:42:38 np0005539973.novalocal object-server[97455]: ::1 - - [30/Nov/2025:00:42:38 +0000] "PUT /3/191933/AUTH_d7431f1b3e4b40fe8ff42eb83afd437e/gnocchi.e03ddb0b-d86f-4dc7-a494-e27ad021535c/1763640000.0_mean_300.0_v3" 201 - "PUT http://[::1]:8080/v1/AUTH_d7431f1b3e4b40fe8ff42eb83afd437e/gnocchi.e03ddb0b-d86f-4dc7-a494-e27ad021535c/1763640000.0_mean_300.0_v3" "tx279312516f9944fd919a7-00692b92fe" "proxy-server 90231" 0.0145 "-" 97455 0
Nov 29 19:42:38 np0005539973.novalocal proxy-server[90231]: ::1 ::1 30/Nov/2025/00/42/38 PUT /v1/AUTH_d7431f1b3e4b40fe8ff42eb83afd437e/gnocchi.e03ddb0b-d86f-4dc7-a494-e27ad021535c/1763640000.0_mean_300.0_v3 HTTP/1.0 201 - python-swiftclient-4.2.0 gAAAAABpK5KUEQfJ... 16 - - tx279312516f9944fd919a7-00692b92fe - 0.0284 - - 1764463358.134682417 1764463358.163124323 0
Nov 29 19:42:38 np0005539973.novalocal object-server[97455]: ::1 - - [30/Nov/2025:00:42:38 +0000] "GET /3/92009/AUTH_d7431f1b3e4b40fe8ff42eb83afd437e/gnocchi.33c85406-6929-41ab-9656-3d08419a4460/1763640000.0_mean_300.0_v3" 200 16 "GET http://[::1]:8080/v1/AUTH_d7431f1b3e4b40fe8ff42eb83afd437e/gnocchi.33c85406-6929-41ab-9656-3d08419a4460/1763640000.0_mean_300.0_v3" "tx7976758eb4fd45ae8d9b9-00692b92fe" "proxy-server 90232" 0.0007 "-" 97455 0
Nov 29 19:42:38 np0005539973.novalocal proxy-server[90232]: ::1 ::1 30/Nov/2025/00/42/38 GET /v1/AUTH_d7431f1b3e4b40fe8ff42eb83afd437e/gnocchi.33c85406-6929-41ab-9656-3d08419a4460/1763640000.0_mean_300.0_v3 HTTP/1.0 200 - python-swiftclient-4.2.0 gAAAAABpK5KUbDSc... - 16 - tx7976758eb4fd45ae8d9b9-00692b92fe - 0.0105 - - 1764463358.158670187 1764463358.169130802 0
Nov 29 19:42:38 np0005539973.novalocal container-server[97149]: ::1 - - [30/Nov/2025:00:42:38 +0000] "PUT /3/157861/AUTH_d7431f1b3e4b40fe8ff42eb83afd437e/gnocchi.e03ddb0b-d86f-4dc7-a494-e27ad021535c/none_v3" 201 - "PUT http://[::1]:8080/1/164785/AUTH_d7431f1b3e4b40fe8ff42eb83afd437e/gnocchi.e03ddb0b-d86f-4dc7-a494-e27ad021535c/none_v3" "txabc25ec58f20424f9a37d-00692b92fe" "object-server 97453" 0.0005 "-" 97149 0
Nov 29 19:42:38 np0005539973.novalocal object-server[97453]: ::1 - - [30/Nov/2025:00:42:38 +0000] "PUT /1/164785/AUTH_d7431f1b3e4b40fe8ff42eb83afd437e/gnocchi.e03ddb0b-d86f-4dc7-a494-e27ad021535c/none_v3" 201 - "PUT http://[::1]:8080/v1/AUTH_d7431f1b3e4b40fe8ff42eb83afd437e/gnocchi.e03ddb0b-d86f-4dc7-a494-e27ad021535c/none_v3" "txabc25ec58f20424f9a37d-00692b92fe" "proxy-server 90231" 0.0113 "-" 97453 0
Nov 29 19:42:38 np0005539973.novalocal container-server[97149]: ::1 - - [30/Nov/2025:00:42:38 +0000] "PUT /2/157861/AUTH_d7431f1b3e4b40fe8ff42eb83afd437e/gnocchi.e03ddb0b-d86f-4dc7-a494-e27ad021535c/none_v3" 201 - "PUT http://[::1]:8080/3/164785/AUTH_d7431f1b3e4b40fe8ff42eb83afd437e/gnocchi.e03ddb0b-d86f-4dc7-a494-e27ad021535c/none_v3" "txabc25ec58f20424f9a37d-00692b92fe" "object-server 97453" 0.0003 "-" 97149 0
Nov 29 19:42:38 np0005539973.novalocal object-server[97453]: ::1 - - [30/Nov/2025:00:42:38 +0000] "PUT /3/164785/AUTH_d7431f1b3e4b40fe8ff42eb83afd437e/gnocchi.e03ddb0b-d86f-4dc7-a494-e27ad021535c/none_v3" 201 - "PUT http://[::1]:8080/v1/AUTH_d7431f1b3e4b40fe8ff42eb83afd437e/gnocchi.e03ddb0b-d86f-4dc7-a494-e27ad021535c/none_v3" "txabc25ec58f20424f9a37d-00692b92fe" "proxy-server 90231" 0.0138 "-" 97453 0
Nov 29 19:42:38 np0005539973.novalocal container-server[97149]: ::1 - - [30/Nov/2025:00:42:38 +0000] "PUT /1/48788/AUTH_d7431f1b3e4b40fe8ff42eb83afd437e/gnocchi.33c85406-6929-41ab-9656-3d08419a4460/1763640000.0_mean_300.0_v3" 201 - "PUT http://[::1]:8080/3/92009/AUTH_d7431f1b3e4b40fe8ff42eb83afd437e/gnocchi.33c85406-6929-41ab-9656-3d08419a4460/1763640000.0_mean_300.0_v3" "txa41c55af982f4bb08fb10-00692b92fe" "object-server 97454" 0.0004 "-" 97149 0
Nov 29 19:42:38 np0005539973.novalocal container-server[97150]: ::1 - - [30/Nov/2025:00:42:38 +0000] "PUT /1/157861/AUTH_d7431f1b3e4b40fe8ff42eb83afd437e/gnocchi.e03ddb0b-d86f-4dc7-a494-e27ad021535c/none_v3" 201 - "PUT http://[::1]:8080/2/164785/AUTH_d7431f1b3e4b40fe8ff42eb83afd437e/gnocchi.e03ddb0b-d86f-4dc7-a494-e27ad021535c/none_v3" "txabc25ec58f20424f9a37d-00692b92fe" "object-server 97455" 0.0007 "-" 97150 0
Nov 29 19:42:38 np0005539973.novalocal object-server[97455]: ::1 - - [30/Nov/2025:00:42:38 +0000] "PUT /2/164785/AUTH_d7431f1b3e4b40fe8ff42eb83afd437e/gnocchi.e03ddb0b-d86f-4dc7-a494-e27ad021535c/none_v3" 201 - "PUT http://[::1]:8080/v1/AUTH_d7431f1b3e4b40fe8ff42eb83afd437e/gnocchi.e03ddb0b-d86f-4dc7-a494-e27ad021535c/none_v3" "txabc25ec58f20424f9a37d-00692b92fe" "proxy-server 90231" 0.0190 "-" 97455 0
Nov 29 19:42:38 np0005539973.novalocal object-server[97454]: ::1 - - [30/Nov/2025:00:42:38 +0000] "PUT /3/92009/AUTH_d7431f1b3e4b40fe8ff42eb83afd437e/gnocchi.33c85406-6929-41ab-9656-3d08419a4460/1763640000.0_mean_300.0_v3" 201 - "PUT http://[::1]:8080/v1/AUTH_d7431f1b3e4b40fe8ff42eb83afd437e/gnocchi.33c85406-6929-41ab-9656-3d08419a4460/1763640000.0_mean_300.0_v3" "txa41c55af982f4bb08fb10-00692b92fe" "proxy-server 90232" 0.0136 "-" 97454 0
Nov 29 19:42:38 np0005539973.novalocal container-server[97149]: ::1 - - [30/Nov/2025:00:42:38 +0000] "PUT /2/48788/AUTH_d7431f1b3e4b40fe8ff42eb83afd437e/gnocchi.33c85406-6929-41ab-9656-3d08419a4460/1763640000.0_mean_300.0_v3" 201 - "PUT http://[::1]:8080/2/92009/AUTH_d7431f1b3e4b40fe8ff42eb83afd437e/gnocchi.33c85406-6929-41ab-9656-3d08419a4460/1763640000.0_mean_300.0_v3" "txa41c55af982f4bb08fb10-00692b92fe" "object-server 97453" 0.0003 "-" 97149 0
Nov 29 19:42:38 np0005539973.novalocal container-server[97150]: ::1 - - [30/Nov/2025:00:42:38 +0000] "PUT /3/48788/AUTH_d7431f1b3e4b40fe8ff42eb83afd437e/gnocchi.33c85406-6929-41ab-9656-3d08419a4460/1763640000.0_mean_300.0_v3" 201 - "PUT http://[::1]:8080/1/92009/AUTH_d7431f1b3e4b40fe8ff42eb83afd437e/gnocchi.33c85406-6929-41ab-9656-3d08419a4460/1763640000.0_mean_300.0_v3" "txa41c55af982f4bb08fb10-00692b92fe" "object-server 97454" 0.0004 "-" 97150 0
Nov 29 19:42:38 np0005539973.novalocal object-server[97454]: ::1 - - [30/Nov/2025:00:42:38 +0000] "PUT /1/92009/AUTH_d7431f1b3e4b40fe8ff42eb83afd437e/gnocchi.33c85406-6929-41ab-9656-3d08419a4460/1763640000.0_mean_300.0_v3" 201 - "PUT http://[::1]:8080/v1/AUTH_d7431f1b3e4b40fe8ff42eb83afd437e/gnocchi.33c85406-6929-41ab-9656-3d08419a4460/1763640000.0_mean_300.0_v3" "txa41c55af982f4bb08fb10-00692b92fe" "proxy-server 90232" 0.0118 "-" 97454 0
Nov 29 19:42:38 np0005539973.novalocal proxy-server[90231]: ::1 ::1 30/Nov/2025/00/42/38 PUT /v1/AUTH_d7431f1b3e4b40fe8ff42eb83afd437e/gnocchi.e03ddb0b-d86f-4dc7-a494-e27ad021535c/none_v3 HTTP/1.0 201 - python-swiftclient-4.2.0 gAAAAABpK5KUEQfJ... 51 - - txabc25ec58f20424f9a37d-00692b92fe - 0.0275 - - 1764463358.166226149 1764463358.193692446 0
Nov 29 19:42:38 np0005539973.novalocal object-server[97453]: ::1 - - [30/Nov/2025:00:42:38 +0000] "PUT /2/92009/AUTH_d7431f1b3e4b40fe8ff42eb83afd437e/gnocchi.33c85406-6929-41ab-9656-3d08419a4460/1763640000.0_mean_300.0_v3" 201 - "PUT http://[::1]:8080/v1/AUTH_d7431f1b3e4b40fe8ff42eb83afd437e/gnocchi.33c85406-6929-41ab-9656-3d08419a4460/1763640000.0_mean_300.0_v3" "txa41c55af982f4bb08fb10-00692b92fe" "proxy-server 90232" 0.0134 "-" 97453 0
Nov 29 19:42:38 np0005539973.novalocal proxy-server[90232]: ::1 ::1 30/Nov/2025/00/42/38 PUT /v1/AUTH_d7431f1b3e4b40fe8ff42eb83afd437e/gnocchi.33c85406-6929-41ab-9656-3d08419a4460/1763640000.0_mean_300.0_v3 HTTP/1.0 201 - python-swiftclient-4.2.0 gAAAAABpK5KUbDSc... 16 - - txa41c55af982f4bb08fb10-00692b92fe - 0.0345 - - 1764463358.172194958 1764463358.206693888 0
Nov 29 19:42:38 np0005539973.novalocal object-server[97453]: ::1 - - [30/Nov/2025:00:42:38 +0000] "GET /1/529/AUTH_d7431f1b3e4b40fe8ff42eb83afd437e/gnocchi.db578100-c516-4b73-9426-df66dba95aab/none_v3" 200 45 "GET http://[::1]:8080/v1/AUTH_d7431f1b3e4b40fe8ff42eb83afd437e/gnocchi.db578100-c516-4b73-9426-df66dba95aab/none_v3" "tx0cf27ddc96ac440aba245-00692b92fe" "proxy-server 90231" 0.0009 "-" 97453 0
Nov 29 19:42:38 np0005539973.novalocal proxy-server[90231]: ::1 ::1 30/Nov/2025/00/42/38 GET /v1/AUTH_d7431f1b3e4b40fe8ff42eb83afd437e/gnocchi.db578100-c516-4b73-9426-df66dba95aab/none_v3 HTTP/1.0 200 - python-swiftclient-4.2.0 gAAAAABpK5KUEQfJ... - 45 - tx0cf27ddc96ac440aba245-00692b92fe - 0.0068 - - 1764463358.205475807 1764463358.212313175 0
Nov 29 19:42:38 np0005539973.novalocal container-server[97151]: ::1 - - [30/Nov/2025:00:42:38 +0000] "GET /2/251411/AUTH_d7431f1b3e4b40fe8ff42eb83afd437e/gnocchi.db578100-c516-4b73-9426-df66dba95aab" 200 357 "GET http://[::1]:8080/v1/AUTH_d7431f1b3e4b40fe8ff42eb83afd437e/gnocchi.db578100-c516-4b73-9426-df66dba95aab?format=json&states=listing" "tx1e4bb05d297b490b83b5f-00692b92fe" "proxy-server 90231" 0.0069 "-" 97151 0
Nov 29 19:42:38 np0005539973.novalocal proxy-server[90231]: ::1 ::1 30/Nov/2025/00/42/38 GET /v1/AUTH_d7431f1b3e4b40fe8ff42eb83afd437e/gnocchi.db578100-c516-4b73-9426-df66dba95aab%3Fformat%3Djson%26states%3Dlisting HTTP/1.0 200 - python-swiftclient-4.2.0 gAAAAABpK5KUEQfJ... - 357 - tx1e4bb05d297b490b83b5f-00692b92fe - 0.0170 - - 1764463358.215407372 1764463358.232421637 0
Nov 29 19:42:38 np0005539973.novalocal container-server[97149]: ::1 - - [30/Nov/2025:00:42:38 +0000] "PUT /1/48788/AUTH_d7431f1b3e4b40fe8ff42eb83afd437e/gnocchi.33c85406-6929-41ab-9656-3d08419a4460/none_v3" 201 - "PUT http://[::1]:8080/1/197435/AUTH_d7431f1b3e4b40fe8ff42eb83afd437e/gnocchi.33c85406-6929-41ab-9656-3d08419a4460/none_v3" "tx8e9fd554d3ca4cf0b19f7-00692b92fe" "object-server 97454" 0.0009 "-" 97149 0
Nov 29 19:42:38 np0005539973.novalocal container-server[97149]: ::1 - - [30/Nov/2025:00:42:38 +0000] "PUT /3/48788/AUTH_d7431f1b3e4b40fe8ff42eb83afd437e/gnocchi.33c85406-6929-41ab-9656-3d08419a4460/none_v3" 201 - "PUT http://[::1]:8080/2/197435/AUTH_d7431f1b3e4b40fe8ff42eb83afd437e/gnocchi.33c85406-6929-41ab-9656-3d08419a4460/none_v3" "tx8e9fd554d3ca4cf0b19f7-00692b92fe" "object-server 97453" 0.0003 "-" 97149 0
Nov 29 19:42:38 np0005539973.novalocal object-server[97454]: ::1 - - [30/Nov/2025:00:42:38 +0000] "PUT /1/197435/AUTH_d7431f1b3e4b40fe8ff42eb83afd437e/gnocchi.33c85406-6929-41ab-9656-3d08419a4460/none_v3" 201 - "PUT http://[::1]:8080/v1/AUTH_d7431f1b3e4b40fe8ff42eb83afd437e/gnocchi.33c85406-6929-41ab-9656-3d08419a4460/none_v3" "tx8e9fd554d3ca4cf0b19f7-00692b92fe" "proxy-server 90232" 0.0171 "-" 97454 0
Nov 29 19:42:38 np0005539973.novalocal container-server[97149]: ::1 - - [30/Nov/2025:00:42:38 +0000] "PUT /2/48788/AUTH_d7431f1b3e4b40fe8ff42eb83afd437e/gnocchi.33c85406-6929-41ab-9656-3d08419a4460/none_v3" 201 - "PUT http://[::1]:8080/3/197435/AUTH_d7431f1b3e4b40fe8ff42eb83afd437e/gnocchi.33c85406-6929-41ab-9656-3d08419a4460/none_v3" "tx8e9fd554d3ca4cf0b19f7-00692b92fe" "object-server 97453" 0.0003 "-" 97149 0
Nov 29 19:42:38 np0005539973.novalocal object-server[97453]: ::1 - - [30/Nov/2025:00:42:38 +0000] "PUT /2/197435/AUTH_d7431f1b3e4b40fe8ff42eb83afd437e/gnocchi.33c85406-6929-41ab-9656-3d08419a4460/none_v3" 201 - "PUT http://[::1]:8080/v1/AUTH_d7431f1b3e4b40fe8ff42eb83afd437e/gnocchi.33c85406-6929-41ab-9656-3d08419a4460/none_v3" "tx8e9fd554d3ca4cf0b19f7-00692b92fe" "proxy-server 90232" 0.0169 "-" 97453 0
Nov 29 19:42:38 np0005539973.novalocal object-server[97453]: ::1 - - [30/Nov/2025:00:42:38 +0000] "PUT /3/197435/AUTH_d7431f1b3e4b40fe8ff42eb83afd437e/gnocchi.33c85406-6929-41ab-9656-3d08419a4460/none_v3" 201 - "PUT http://[::1]:8080/v1/AUTH_d7431f1b3e4b40fe8ff42eb83afd437e/gnocchi.33c85406-6929-41ab-9656-3d08419a4460/none_v3" "tx8e9fd554d3ca4cf0b19f7-00692b92fe" "proxy-server 90232" 0.0164 "-" 97453 0
Nov 29 19:42:38 np0005539973.novalocal proxy-server[90232]: ::1 ::1 30/Nov/2025/00/42/38 PUT /v1/AUTH_d7431f1b3e4b40fe8ff42eb83afd437e/gnocchi.33c85406-6929-41ab-9656-3d08419a4460/none_v3 HTTP/1.0 201 - python-swiftclient-4.2.0 gAAAAABpK5KUbDSc... 44 - - tx8e9fd554d3ca4cf0b19f7-00692b92fe - 0.0282 - - 1764463358.209103823 1764463358.237337828 0
Nov 29 19:42:38 np0005539973.novalocal container-server[97149]: ::1 - - [30/Nov/2025:00:42:38 +0000] "GET /1/251411/AUTH_d7431f1b3e4b40fe8ff42eb83afd437e/gnocchi.db578100-c516-4b73-9426-df66dba95aab" 200 2 "GET http://[::1]:8080/v1/AUTH_d7431f1b3e4b40fe8ff42eb83afd437e/gnocchi.db578100-c516-4b73-9426-df66dba95aab?format=json&marker=none_v3&states=listing" "tx8e31c078ba64446ba797f-00692b92fe" "proxy-server 90231" 0.0073 "-" 97149 0
Nov 29 19:42:38 np0005539973.novalocal proxy-server[90231]: ::1 ::1 30/Nov/2025/00/42/38 GET /v1/AUTH_d7431f1b3e4b40fe8ff42eb83afd437e/gnocchi.db578100-c516-4b73-9426-df66dba95aab%3Fformat%3Djson%26marker%3Dnone_v3%26states%3Dlisting HTTP/1.0 200 - python-swiftclient-4.2.0 gAAAAABpK5KUEQfJ... - 2 - tx8e31c078ba64446ba797f-00692b92fe - 0.0128 - - 1764463358.235208511 1764463358.248052835 0
Nov 29 19:42:38 np0005539973.novalocal object-server[97455]: ::1 - - [30/Nov/2025:00:42:38 +0000] "GET /3/163841/AUTH_d7431f1b3e4b40fe8ff42eb83afd437e/gnocchi.b7824be1-289c-4967-8850-3f18a8bd67e4/none_v3" 200 43 "GET http://[::1]:8080/v1/AUTH_d7431f1b3e4b40fe8ff42eb83afd437e/gnocchi.b7824be1-289c-4967-8850-3f18a8bd67e4/none_v3" "tx5bb8043b427a4f76b0e60-00692b92fe" "proxy-server 90232" 0.0008 "-" 97455 0
Nov 29 19:42:38 np0005539973.novalocal proxy-server[90232]: ::1 ::1 30/Nov/2025/00/42/38 GET /v1/AUTH_d7431f1b3e4b40fe8ff42eb83afd437e/gnocchi.b7824be1-289c-4967-8850-3f18a8bd67e4/none_v3 HTTP/1.0 200 - python-swiftclient-4.2.0 gAAAAABpK5KUbDSc... - 43 - tx5bb8043b427a4f76b0e60-00692b92fe - 0.0061 - - 1764463358.245852947 1764463358.251981020 0
Nov 29 19:42:38 np0005539973.novalocal object-server[97452]: ::1 - - [30/Nov/2025:00:42:38 +0000] "GET /1/89158/AUTH_d7431f1b3e4b40fe8ff42eb83afd437e/gnocchi.db578100-c516-4b73-9426-df66dba95aab/1763640000.0_mean_300.0_v3" 200 16 "GET http://[::1]:8080/v1/AUTH_d7431f1b3e4b40fe8ff42eb83afd437e/gnocchi.db578100-c516-4b73-9426-df66dba95aab/1763640000.0_mean_300.0_v3" "txda7db2b7880c4fbc8a308-00692b92fe" "proxy-server 90231" 0.0006 "-" 97452 0
Nov 29 19:42:38 np0005539973.novalocal proxy-server[90231]: ::1 ::1 30/Nov/2025/00/42/38 GET /v1/AUTH_d7431f1b3e4b40fe8ff42eb83afd437e/gnocchi.db578100-c516-4b73-9426-df66dba95aab/1763640000.0_mean_300.0_v3 HTTP/1.0 200 - python-swiftclient-4.2.0 gAAAAABpK5KUEQfJ... - 16 - txda7db2b7880c4fbc8a308-00692b92fe - 0.0054 - - 1764463358.250943661 1764463358.256328106 0
Nov 29 19:42:38 np0005539973.novalocal container-server[97148]: ::1 - - [30/Nov/2025:00:42:38 +0000] "GET /3/201989/AUTH_d7431f1b3e4b40fe8ff42eb83afd437e/gnocchi.b7824be1-289c-4967-8850-3f18a8bd67e4" 200 357 "GET http://[::1]:8080/v1/AUTH_d7431f1b3e4b40fe8ff42eb83afd437e/gnocchi.b7824be1-289c-4967-8850-3f18a8bd67e4?format=json&states=listing" "tx7f42bad5051f4d62beca3-00692b92fe" "proxy-server 90232" 0.0072 "-" 97148 0
Nov 29 19:42:38 np0005539973.novalocal sudo[106314]: pam_unix(sudo:session): session closed for user root
Nov 29 19:42:38 np0005539973.novalocal proxy-server[90232]: ::1 ::1 30/Nov/2025/00/42/38 GET /v1/AUTH_d7431f1b3e4b40fe8ff42eb83afd437e/gnocchi.b7824be1-289c-4967-8850-3f18a8bd67e4%3Fformat%3Djson%26states%3Dlisting HTTP/1.0 200 - python-swiftclient-4.2.0 gAAAAABpK5KUbDSc... - 357 - tx7f42bad5051f4d62beca3-00692b92fe - 0.0144 - - 1764463358.255901098 1764463358.270275831 0
Nov 29 19:42:38 np0005539973.novalocal systemd[1]: session-c144.scope: Deactivated successfully.
Nov 29 19:42:38 np0005539973.novalocal container-server[97149]: ::1 - - [30/Nov/2025:00:42:38 +0000] "PUT /3/251411/AUTH_d7431f1b3e4b40fe8ff42eb83afd437e/gnocchi.db578100-c516-4b73-9426-df66dba95aab/1763640000.0_mean_300.0_v3" 201 - "PUT http://[::1]:8080/1/89158/AUTH_d7431f1b3e4b40fe8ff42eb83afd437e/gnocchi.db578100-c516-4b73-9426-df66dba95aab/1763640000.0_mean_300.0_v3" "tx66ea59afe9ec4c638ae67-00692b92fe" "object-server 97453" 0.0006 "-" 97149 0
Nov 29 19:42:38 np0005539973.novalocal container-server[97148]: ::1 - - [30/Nov/2025:00:42:38 +0000] "PUT /2/251411/AUTH_d7431f1b3e4b40fe8ff42eb83afd437e/gnocchi.db578100-c516-4b73-9426-df66dba95aab/1763640000.0_mean_300.0_v3" 201 - "PUT http://[::1]:8080/2/89158/AUTH_d7431f1b3e4b40fe8ff42eb83afd437e/gnocchi.db578100-c516-4b73-9426-df66dba95aab/1763640000.0_mean_300.0_v3" "tx66ea59afe9ec4c638ae67-00692b92fe" "object-server 97453" 0.0004 "-" 97148 0
Nov 29 19:42:38 np0005539973.novalocal object-server[97453]: ::1 - - [30/Nov/2025:00:42:38 +0000] "PUT /1/89158/AUTH_d7431f1b3e4b40fe8ff42eb83afd437e/gnocchi.db578100-c516-4b73-9426-df66dba95aab/1763640000.0_mean_300.0_v3" 201 - "PUT http://[::1]:8080/v1/AUTH_d7431f1b3e4b40fe8ff42eb83afd437e/gnocchi.db578100-c516-4b73-9426-df66dba95aab/1763640000.0_mean_300.0_v3" "tx66ea59afe9ec4c638ae67-00692b92fe" "proxy-server 90231" 0.0095 "-" 97453 0
Nov 29 19:42:38 np0005539973.novalocal container-server[97148]: ::1 - - [30/Nov/2025:00:42:38 +0000] "PUT /1/251411/AUTH_d7431f1b3e4b40fe8ff42eb83afd437e/gnocchi.db578100-c516-4b73-9426-df66dba95aab/1763640000.0_mean_300.0_v3" 201 - "PUT http://[::1]:8080/3/89158/AUTH_d7431f1b3e4b40fe8ff42eb83afd437e/gnocchi.db578100-c516-4b73-9426-df66dba95aab/1763640000.0_mean_300.0_v3" "tx66ea59afe9ec4c638ae67-00692b92fe" "object-server 97454" 0.0003 "-" 97148 0
Nov 29 19:42:38 np0005539973.novalocal object-server[97453]: ::1 - - [30/Nov/2025:00:42:38 +0000] "PUT /2/89158/AUTH_d7431f1b3e4b40fe8ff42eb83afd437e/gnocchi.db578100-c516-4b73-9426-df66dba95aab/1763640000.0_mean_300.0_v3" 201 - "PUT http://[::1]:8080/v1/AUTH_d7431f1b3e4b40fe8ff42eb83afd437e/gnocchi.db578100-c516-4b73-9426-df66dba95aab/1763640000.0_mean_300.0_v3" "tx66ea59afe9ec4c638ae67-00692b92fe" "proxy-server 90231" 0.0113 "-" 97453 0
Nov 29 19:42:38 np0005539973.novalocal object-server[97454]: ::1 - - [30/Nov/2025:00:42:38 +0000] "PUT /3/89158/AUTH_d7431f1b3e4b40fe8ff42eb83afd437e/gnocchi.db578100-c516-4b73-9426-df66dba95aab/1763640000.0_mean_300.0_v3" 201 - "PUT http://[::1]:8080/v1/AUTH_d7431f1b3e4b40fe8ff42eb83afd437e/gnocchi.db578100-c516-4b73-9426-df66dba95aab/1763640000.0_mean_300.0_v3" "tx66ea59afe9ec4c638ae67-00692b92fe" "proxy-server 90231" 0.0129 "-" 97454 0
Nov 29 19:42:38 np0005539973.novalocal proxy-server[90231]: ::1 ::1 30/Nov/2025/00/42/38 PUT /v1/AUTH_d7431f1b3e4b40fe8ff42eb83afd437e/gnocchi.db578100-c516-4b73-9426-df66dba95aab/1763640000.0_mean_300.0_v3 HTTP/1.0 201 - python-swiftclient-4.2.0 gAAAAABpK5KUEQfJ... 16 - - tx66ea59afe9ec4c638ae67-00692b92fe - 0.0206 - - 1764463358.258762836 1764463358.279315233 0
Nov 29 19:42:38 np0005539973.novalocal container-server[97149]: ::1 - - [30/Nov/2025:00:42:38 +0000] "GET /1/201989/AUTH_d7431f1b3e4b40fe8ff42eb83afd437e/gnocchi.b7824be1-289c-4967-8850-3f18a8bd67e4" 200 2 "GET http://[::1]:8080/v1/AUTH_d7431f1b3e4b40fe8ff42eb83afd437e/gnocchi.b7824be1-289c-4967-8850-3f18a8bd67e4?format=json&marker=none_v3&states=listing" "tx1a5efdd002a743fd947a3-00692b92fe" "proxy-server 90232" 0.0075 "-" 97149 0
Nov 29 19:42:38 np0005539973.novalocal proxy-server[90232]: ::1 ::1 30/Nov/2025/00/42/38 GET /v1/AUTH_d7431f1b3e4b40fe8ff42eb83afd437e/gnocchi.b7824be1-289c-4967-8850-3f18a8bd67e4%3Fformat%3Djson%26marker%3Dnone_v3%26states%3Dlisting HTTP/1.0 200 - python-swiftclient-4.2.0 gAAAAABpK5KUbDSc... - 2 - tx1a5efdd002a743fd947a3-00692b92fe - 0.0150 - - 1764463358.275933504 1764463358.290946007 0
Nov 29 19:42:38 np0005539973.novalocal container-server[97149]: ::1 - - [30/Nov/2025:00:42:38 +0000] "PUT /2/251411/AUTH_d7431f1b3e4b40fe8ff42eb83afd437e/gnocchi.db578100-c516-4b73-9426-df66dba95aab/none_v3" 201 - "PUT http://[::1]:8080/3/529/AUTH_d7431f1b3e4b40fe8ff42eb83afd437e/gnocchi.db578100-c516-4b73-9426-df66dba95aab/none_v3" "tx2180ca9aaf144fb2aacf9-00692b92fe" "object-server 97453" 0.0006 "-" 97149 0
Nov 29 19:42:38 np0005539973.novalocal object-server[97453]: ::1 - - [30/Nov/2025:00:42:38 +0000] "PUT /3/529/AUTH_d7431f1b3e4b40fe8ff42eb83afd437e/gnocchi.db578100-c516-4b73-9426-df66dba95aab/none_v3" 201 - "PUT http://[::1]:8080/v1/AUTH_d7431f1b3e4b40fe8ff42eb83afd437e/gnocchi.db578100-c516-4b73-9426-df66dba95aab/none_v3" "tx2180ca9aaf144fb2aacf9-00692b92fe" "proxy-server 90231" 0.0099 "-" 97453 0
Nov 29 19:42:38 np0005539973.novalocal container-server[97149]: ::1 - - [30/Nov/2025:00:42:38 +0000] "PUT /3/251411/AUTH_d7431f1b3e4b40fe8ff42eb83afd437e/gnocchi.db578100-c516-4b73-9426-df66dba95aab/none_v3" 201 - "PUT http://[::1]:8080/2/529/AUTH_d7431f1b3e4b40fe8ff42eb83afd437e/gnocchi.db578100-c516-4b73-9426-df66dba95aab/none_v3" "tx2180ca9aaf144fb2aacf9-00692b92fe" "object-server 97454" 0.0004 "-" 97149 0
