Nov 29 19:42:34 np0005539973.novalocal object-server[97454]: ::1 - - [30/Nov/2025:00:42:34 +0000] "PUT /1/163841/AUTH_d7431f1b3e4b40fe8ff42eb83afd437e/gnocchi.b7824be1-289c-4967-8850-3f18a8bd67e4/none_v3" 201 - "PUT http://[::1]:8080/v1/AUTH_d7431f1b3e4b40fe8ff42eb83afd437e/gnocchi.b7824be1-289c-4967-8850-3f18a8bd67e4/none_v3" "tx05f8e2a68ed44dd88c4b8-00692b92f9" "proxy-server 90232" 0.0092 "-" 97454 0
Nov 29 19:42:34 np0005539973.novalocal container-server[97148]: ::1 - - [30/Nov/2025:00:42:34 +0000] "PUT /2/201989/AUTH_d7431f1b3e4b40fe8ff42eb83afd437e/gnocchi.b7824be1-289c-4967-8850-3f18a8bd67e4/none_v3" 201 - "PUT http://[::1]:8080/2/163841/AUTH_d7431f1b3e4b40fe8ff42eb83afd437e/gnocchi.b7824be1-289c-4967-8850-3f18a8bd67e4/none_v3" "tx05f8e2a68ed44dd88c4b8-00692b92f9" "object-server 97452" 0.0006 "-" 97148 0
Nov 29 19:42:34 np0005539973.novalocal container-server[97149]: ::1 - - [30/Nov/2025:00:42:34 +0000] "PUT /1/201989/AUTH_d7431f1b3e4b40fe8ff42eb83afd437e/gnocchi.b7824be1-289c-4967-8850-3f18a8bd67e4/none_v3" 201 - "PUT http://[::1]:8080/3/163841/AUTH_d7431f1b3e4b40fe8ff42eb83afd437e/gnocchi.b7824be1-289c-4967-8850-3f18a8bd67e4/none_v3" "tx05f8e2a68ed44dd88c4b8-00692b92f9" "object-server 97452" 0.0005 "-" 97149 0
Nov 29 19:42:34 np0005539973.novalocal object-server[97452]: ::1 - - [30/Nov/2025:00:42:34 +0000] "PUT /2/163841/AUTH_d7431f1b3e4b40fe8ff42eb83afd437e/gnocchi.b7824be1-289c-4967-8850-3f18a8bd67e4/none_v3" 201 - "PUT http://[::1]:8080/v1/AUTH_d7431f1b3e4b40fe8ff42eb83afd437e/gnocchi.b7824be1-289c-4967-8850-3f18a8bd67e4/none_v3" "tx05f8e2a68ed44dd88c4b8-00692b92f9" "proxy-server 90232" 0.0209 "-" 97452 0
Nov 29 19:42:34 np0005539973.novalocal object-server[97452]: ::1 - - [30/Nov/2025:00:42:34 +0000] "PUT /3/163841/AUTH_d7431f1b3e4b40fe8ff42eb83afd437e/gnocchi.b7824be1-289c-4967-8850-3f18a8bd67e4/none_v3" 201 - "PUT http://[::1]:8080/v1/AUTH_d7431f1b3e4b40fe8ff42eb83afd437e/gnocchi.b7824be1-289c-4967-8850-3f18a8bd67e4/none_v3" "tx05f8e2a68ed44dd88c4b8-00692b92f9" "proxy-server 90232" 0.0204 "-" 97452 0
Nov 29 19:42:34 np0005539973.novalocal proxy-server[90232]: ::1 ::1 30/Nov/2025/00/42/34 PUT /v1/AUTH_d7431f1b3e4b40fe8ff42eb83afd437e/gnocchi.b7824be1-289c-4967-8850-3f18a8bd67e4/none_v3 HTTP/1.0 201 - python-swiftclient-4.2.0 gAAAAABpK5KUbDSc... 30 - - tx05f8e2a68ed44dd88c4b8-00692b92f9 - 0.0268 - - 1764463353.995994806 1764463354.022821903 0
Nov 29 19:42:34 np0005539973.novalocal kernel: sd 2:0:0:0: [sda] Synchronizing SCSI cache
Nov 29 19:42:34 np0005539973.novalocal kernel: scsi 2:0:0:0: alua: Detached
Nov 29 19:42:34 np0005539973.novalocal systemd-udevd[106158]: sda1: Failed to process device, ignoring: No such file or directory
Nov 29 19:42:34 np0005539973.novalocal systemd-udevd[106226]: sda15: Failed to process device, ignoring: No such file or directory
Nov 29 19:42:34 np0005539973.novalocal iscsid[81479]: iscsid: Connection1:0 to [target: iqn.2010-10.org.openstack:volume-21d400d4-c76c-4120-a1f2-e9df8d2d7b05, portal: ::1,3260] through [iface: default] is shutdown.
Nov 29 19:42:34 np0005539973.novalocal systemd-udevd[106158]: sda1: Failed to process device, ignoring: No such file or directory
Nov 29 19:42:34 np0005539973.novalocal systemd-udevd[106241]: sda15: Failed to process device, ignoring: No such file or directory
Nov 29 19:42:34 np0005539973.novalocal dnsmasq[105599]: read /var/lib/neutron/dhcp/3f7a8460-a598-4f1d-9f46-0ff881b616a7/addn_hosts - 1 addresses
Nov 29 19:42:34 np0005539973.novalocal dnsmasq-dhcp[105599]: read /var/lib/neutron/dhcp/3f7a8460-a598-4f1d-9f46-0ff881b616a7/host
Nov 29 19:42:34 np0005539973.novalocal dnsmasq-dhcp[105599]: read /var/lib/neutron/dhcp/3f7a8460-a598-4f1d-9f46-0ff881b616a7/opts
Nov 29 19:42:35 np0005539973.novalocal object-server[97452]: ::1 - - [30/Nov/2025:00:42:34 +0000] "GET /1/236578/AUTH_d7431f1b3e4b40fe8ff42eb83afd437e/gnocchi.f494d481-93b1-4b3f-95e0-467396b39d11/none_v3" 200 51 "GET http://[::1]:8080/v1/AUTH_d7431f1b3e4b40fe8ff42eb83afd437e/gnocchi.f494d481-93b1-4b3f-95e0-467396b39d11/none_v3" "tx1e1b093d44d24420ab8a8-00692b92fa" "proxy-server 90231" 0.0007 "-" 97452 0
Nov 29 19:42:35 np0005539973.novalocal proxy-server[90231]: ::1 ::1 30/Nov/2025/00/42/35 GET /v1/AUTH_d7431f1b3e4b40fe8ff42eb83afd437e/gnocchi.f494d481-93b1-4b3f-95e0-467396b39d11/none_v3 HTTP/1.0 200 - python-swiftclient-4.2.0 gAAAAABpK5KUEQfJ... - 51 - tx1e1b093d44d24420ab8a8-00692b92fa - 0.0077 - - 1764463354.994643927 1764463355.002391100 0
Nov 29 19:42:35 np0005539973.novalocal container-server[97150]: ::1 - - [30/Nov/2025:00:42:35 +0000] "GET /1/100036/AUTH_d7431f1b3e4b40fe8ff42eb83afd437e/gnocchi.f494d481-93b1-4b3f-95e0-467396b39d11" 200 357 "GET http://[::1]:8080/v1/AUTH_d7431f1b3e4b40fe8ff42eb83afd437e/gnocchi.f494d481-93b1-4b3f-95e0-467396b39d11?format=json&states=listing" "tx671636c3096b4ff788e16-00692b92fb" "proxy-server 90231" 0.0025 "-" 97150 0
Nov 29 19:42:35 np0005539973.novalocal proxy-server[90231]: ::1 ::1 30/Nov/2025/00/42/35 GET /v1/AUTH_d7431f1b3e4b40fe8ff42eb83afd437e/gnocchi.f494d481-93b1-4b3f-95e0-467396b39d11%3Fformat%3Djson%26states%3Dlisting HTTP/1.0 200 - python-swiftclient-4.2.0 gAAAAABpK5KUEQfJ... - 357 - tx671636c3096b4ff788e16-00692b92fb - 0.0097 - - 1764463355.005707502 1764463355.015406370 0
Nov 29 19:42:35 np0005539973.novalocal sudo[106268]: cinder : PWD=/ ; USER=root ; COMMAND=/usr/bin/cinder-rootwrap /etc/cinder/rootwrap.conf cinder-rtstool delete-initiator iqn.2010-10.org.openstack:volume-21d400d4-c76c-4120-a1f2-e9df8d2d7b05 iqn.1994-05.com.redhat:329383301992
Nov 29 19:42:35 np0005539973.novalocal container-server[97148]: ::1 - - [30/Nov/2025:00:42:35 +0000] "GET /3/100036/AUTH_d7431f1b3e4b40fe8ff42eb83afd437e/gnocchi.f494d481-93b1-4b3f-95e0-467396b39d11" 200 2 "GET http://[::1]:8080/v1/AUTH_d7431f1b3e4b40fe8ff42eb83afd437e/gnocchi.f494d481-93b1-4b3f-95e0-467396b39d11?format=json&marker=none_v3&states=listing" "tx9a71548a1c33490c8d6f0-00692b92fb" "proxy-server 90231" 0.0025 "-" 97148 0
Nov 29 19:42:35 np0005539973.novalocal proxy-server[90231]: ::1 ::1 30/Nov/2025/00/42/35 GET /v1/AUTH_d7431f1b3e4b40fe8ff42eb83afd437e/gnocchi.f494d481-93b1-4b3f-95e0-467396b39d11%3Fformat%3Djson%26marker%3Dnone_v3%26states%3Dlisting HTTP/1.0 200 - python-swiftclient-4.2.0 gAAAAABpK5KUEQfJ... - 2 - tx9a71548a1c33490c8d6f0-00692b92fb - 0.0097 - - 1764463355.019073009 1764463355.028748274 0
Nov 29 19:42:35 np0005539973.novalocal object-server[97452]: ::1 - - [30/Nov/2025:00:42:35 +0000] "GET /1/45669/AUTH_d7431f1b3e4b40fe8ff42eb83afd437e/gnocchi.f494d481-93b1-4b3f-95e0-467396b39d11/1763640000.0_mean_300.0_v3" 200 16 "GET http://[::1]:8080/v1/AUTH_d7431f1b3e4b40fe8ff42eb83afd437e/gnocchi.f494d481-93b1-4b3f-95e0-467396b39d11/1763640000.0_mean_300.0_v3" "txd715d72b48174eba9cedb-00692b92fb" "proxy-server 90231" 0.0006 "-" 97452 0
Nov 29 19:42:35 np0005539973.novalocal proxy-server[90231]: ::1 ::1 30/Nov/2025/00/42/35 GET /v1/AUTH_d7431f1b3e4b40fe8ff42eb83afd437e/gnocchi.f494d481-93b1-4b3f-95e0-467396b39d11/1763640000.0_mean_300.0_v3 HTTP/1.0 200 - python-swiftclient-4.2.0 gAAAAABpK5KUEQfJ... - 16 - txd715d72b48174eba9cedb-00692b92fb - 0.0083 - - 1764463355.032273293 1764463355.040528059 0
Nov 29 19:42:35 np0005539973.novalocal systemd[1]: Started Session c139 of User root.
Nov 29 19:42:35 np0005539973.novalocal sudo[106268]: pam_unix(sudo:session): session opened for user root(uid=0) by (uid=165)
Nov 29 19:42:35 np0005539973.novalocal container-server[97149]: ::1 - - [30/Nov/2025:00:42:35 +0000] "PUT /1/100036/AUTH_d7431f1b3e4b40fe8ff42eb83afd437e/gnocchi.f494d481-93b1-4b3f-95e0-467396b39d11/1763640000.0_mean_300.0_v3" 201 - "PUT http://[::1]:8080/1/45669/AUTH_d7431f1b3e4b40fe8ff42eb83afd437e/gnocchi.f494d481-93b1-4b3f-95e0-467396b39d11/1763640000.0_mean_300.0_v3" "tx13b6fb0314c94edfa0e8c-00692b92fb" "object-server 97453" 0.0010 "-" 97149 0
Nov 29 19:42:35 np0005539973.novalocal object-server[97453]: ::1 - - [30/Nov/2025:00:42:35 +0000] "PUT /1/45669/AUTH_d7431f1b3e4b40fe8ff42eb83afd437e/gnocchi.f494d481-93b1-4b3f-95e0-467396b39d11/1763640000.0_mean_300.0_v3" 201 - "PUT http://[::1]:8080/v1/AUTH_d7431f1b3e4b40fe8ff42eb83afd437e/gnocchi.f494d481-93b1-4b3f-95e0-467396b39d11/1763640000.0_mean_300.0_v3" "tx13b6fb0314c94edfa0e8c-00692b92fb" "proxy-server 90231" 0.0106 "-" 97453 0
Nov 29 19:42:35 np0005539973.novalocal container-server[97150]: ::1 - - [30/Nov/2025:00:42:35 +0000] "PUT /3/100036/AUTH_d7431f1b3e4b40fe8ff42eb83afd437e/gnocchi.f494d481-93b1-4b3f-95e0-467396b39d11/1763640000.0_mean_300.0_v3" 201 - "PUT http://[::1]:8080/3/45669/AUTH_d7431f1b3e4b40fe8ff42eb83afd437e/gnocchi.f494d481-93b1-4b3f-95e0-467396b39d11/1763640000.0_mean_300.0_v3" "tx13b6fb0314c94edfa0e8c-00692b92fb" "object-server 97455" 0.0006 "-" 97150 0
Nov 29 19:42:35 np0005539973.novalocal container-server[97151]: ::1 - - [30/Nov/2025:00:42:35 +0000] "PUT /2/100036/AUTH_d7431f1b3e4b40fe8ff42eb83afd437e/gnocchi.f494d481-93b1-4b3f-95e0-467396b39d11/1763640000.0_mean_300.0_v3" 201 - "PUT http://[::1]:8080/2/45669/AUTH_d7431f1b3e4b40fe8ff42eb83afd437e/gnocchi.f494d481-93b1-4b3f-95e0-467396b39d11/1763640000.0_mean_300.0_v3" "tx13b6fb0314c94edfa0e8c-00692b92fb" "object-server 97454" 0.0006 "-" 97151 0
Nov 29 19:42:35 np0005539973.novalocal object-server[97455]: ::1 - - [30/Nov/2025:00:42:35 +0000] "PUT /3/45669/AUTH_d7431f1b3e4b40fe8ff42eb83afd437e/gnocchi.f494d481-93b1-4b3f-95e0-467396b39d11/1763640000.0_mean_300.0_v3" 201 - "PUT http://[::1]:8080/v1/AUTH_d7431f1b3e4b40fe8ff42eb83afd437e/gnocchi.f494d481-93b1-4b3f-95e0-467396b39d11/1763640000.0_mean_300.0_v3" "tx13b6fb0314c94edfa0e8c-00692b92fb" "proxy-server 90231" 0.0115 "-" 97455 0
Nov 29 19:42:35 np0005539973.novalocal object-server[97454]: ::1 - - [30/Nov/2025:00:42:35 +0000] "PUT /2/45669/AUTH_d7431f1b3e4b40fe8ff42eb83afd437e/gnocchi.f494d481-93b1-4b3f-95e0-467396b39d11/1763640000.0_mean_300.0_v3" 201 - "PUT http://[::1]:8080/v1/AUTH_d7431f1b3e4b40fe8ff42eb83afd437e/gnocchi.f494d481-93b1-4b3f-95e0-467396b39d11/1763640000.0_mean_300.0_v3" "tx13b6fb0314c94edfa0e8c-00692b92fb" "proxy-server 90231" 0.0111 "-" 97454 0
Nov 29 19:42:35 np0005539973.novalocal proxy-server[90231]: ::1 ::1 30/Nov/2025/00/42/35 PUT /v1/AUTH_d7431f1b3e4b40fe8ff42eb83afd437e/gnocchi.f494d481-93b1-4b3f-95e0-467396b39d11/1763640000.0_mean_300.0_v3 HTTP/1.0 201 - python-swiftclient-4.2.0 gAAAAABpK5KUEQfJ... 16 - - tx13b6fb0314c94edfa0e8c-00692b92fb - 0.0202 - - 1764463355.043264866 1764463355.063441753 0
Nov 29 19:42:35 np0005539973.novalocal container-server[97148]: ::1 - - [30/Nov/2025:00:42:35 +0000] "PUT /1/100036/AUTH_d7431f1b3e4b40fe8ff42eb83afd437e/gnocchi.f494d481-93b1-4b3f-95e0-467396b39d11/none_v3" 201 - "PUT http://[::1]:8080/2/236578/AUTH_d7431f1b3e4b40fe8ff42eb83afd437e/gnocchi.f494d481-93b1-4b3f-95e0-467396b39d11/none_v3" "tx8783c97215fb41ea9c795-00692b92fb" "object-server 97454" 0.0006 "-" 97148 0
Nov 29 19:42:35 np0005539973.novalocal object-server[97454]: ::1 - - [30/Nov/2025:00:42:35 +0000] "PUT /2/236578/AUTH_d7431f1b3e4b40fe8ff42eb83afd437e/gnocchi.f494d481-93b1-4b3f-95e0-467396b39d11/none_v3" 201 - "PUT http://[::1]:8080/v1/AUTH_d7431f1b3e4b40fe8ff42eb83afd437e/gnocchi.f494d481-93b1-4b3f-95e0-467396b39d11/none_v3" "tx8783c97215fb41ea9c795-00692b92fb" "proxy-server 90231" 0.0148 "-" 97454 0
Nov 29 19:42:35 np0005539973.novalocal container-server[97150]: ::1 - - [30/Nov/2025:00:42:35 +0000] "PUT /2/100036/AUTH_d7431f1b3e4b40fe8ff42eb83afd437e/gnocchi.f494d481-93b1-4b3f-95e0-467396b39d11/none_v3" 201 - "PUT http://[::1]:8080/1/236578/AUTH_d7431f1b3e4b40fe8ff42eb83afd437e/gnocchi.f494d481-93b1-4b3f-95e0-467396b39d11/none_v3" "tx8783c97215fb41ea9c795-00692b92fb" "object-server 97454" 0.0005 "-" 97150 0
Nov 29 19:42:35 np0005539973.novalocal container-server[97151]: ::1 - - [30/Nov/2025:00:42:35 +0000] "PUT /3/100036/AUTH_d7431f1b3e4b40fe8ff42eb83afd437e/gnocchi.f494d481-93b1-4b3f-95e0-467396b39d11/none_v3" 201 - "PUT http://[::1]:8080/3/236578/AUTH_d7431f1b3e4b40fe8ff42eb83afd437e/gnocchi.f494d481-93b1-4b3f-95e0-467396b39d11/none_v3" "tx8783c97215fb41ea9c795-00692b92fb" "object-server 97454" 0.0006 "-" 97151 0
Nov 29 19:42:35 np0005539973.novalocal object-server[97454]: ::1 - - [30/Nov/2025:00:42:35 +0000] "PUT /1/236578/AUTH_d7431f1b3e4b40fe8ff42eb83afd437e/gnocchi.f494d481-93b1-4b3f-95e0-467396b39d11/none_v3" 201 - "PUT http://[::1]:8080/v1/AUTH_d7431f1b3e4b40fe8ff42eb83afd437e/gnocchi.f494d481-93b1-4b3f-95e0-467396b39d11/none_v3" "tx8783c97215fb41ea9c795-00692b92fb" "proxy-server 90231" 0.0146 "-" 97454 0
Nov 29 19:42:35 np0005539973.novalocal object-server[97454]: ::1 - - [30/Nov/2025:00:42:35 +0000] "PUT /3/236578/AUTH_d7431f1b3e4b40fe8ff42eb83afd437e/gnocchi.f494d481-93b1-4b3f-95e0-467396b39d11/none_v3" 201 - "PUT http://[::1]:8080/v1/AUTH_d7431f1b3e4b40fe8ff42eb83afd437e/gnocchi.f494d481-93b1-4b3f-95e0-467396b39d11/none_v3" "tx8783c97215fb41ea9c795-00692b92fb" "proxy-server 90231" 0.0202 "-" 97454 0
Nov 29 19:42:35 np0005539973.novalocal proxy-server[90231]: ::1 ::1 30/Nov/2025/00/42/35 PUT /v1/AUTH_d7431f1b3e4b40fe8ff42eb83afd437e/gnocchi.f494d481-93b1-4b3f-95e0-467396b39d11/none_v3 HTTP/1.0 201 - python-swiftclient-4.2.0 gAAAAABpK5KUEQfJ... 61 - - tx8783c97215fb41ea9c795-00692b92fb - 0.0277 - - 1764463355.066530228 1764463355.094205379 0
Nov 29 19:42:35 np0005539973.novalocal sudo[106268]: pam_unix(sudo:session): session closed for user root
Nov 29 19:42:35 np0005539973.novalocal systemd[1]: session-c139.scope: Deactivated successfully.
Nov 29 19:42:35 np0005539973.novalocal sudo[106285]: cinder : PWD=/ ; USER=root ; COMMAND=/usr/bin/cinder-rootwrap /etc/cinder/rootwrap.conf cinder-rtstool save
Nov 29 19:42:35 np0005539973.novalocal systemd[1]: Started Session c140 of User root.
Nov 29 19:42:35 np0005539973.novalocal sudo[106285]: pam_unix(sudo:session): session opened for user root(uid=0) by (uid=165)
Nov 29 19:42:36 np0005539973.novalocal sudo[106285]: pam_unix(sudo:session): session closed for user root
Nov 29 19:42:36 np0005539973.novalocal systemd[1]: session-c140.scope: Deactivated successfully.
Nov 29 19:42:36 np0005539973.novalocal sudo[106298]: cinder : PWD=/ ; USER=root ; COMMAND=/usr/bin/cinder-rootwrap /etc/cinder/rootwrap.conf cinder-rtstool get-targets
Nov 29 19:42:36 np0005539973.novalocal object-server[105966]: Object audit (ALL) "forever" mode completed: 13.79s. Total quarantined: 0, Total errors: 0, Total files/sec: 17.70, Total bytes/sec: 7111154.69, Auditing time: 13.73, Rate: 1.00
Nov 29 19:42:36 np0005539973.novalocal systemd[1]: Started Session c141 of User root.
Nov 29 19:42:36 np0005539973.novalocal sudo[106298]: pam_unix(sudo:session): session opened for user root(uid=0) by (uid=165)
Nov 29 19:42:36 np0005539973.novalocal account-server[96921]: Beginning replication run
Nov 29 19:42:36 np0005539973.novalocal account-server[96921]: Replication run OVER
Nov 29 19:42:36 np0005539973.novalocal account-server[96921]: Attempted to replicate 3 dbs in 0.07458 seconds (40.22536/s)
Nov 29 19:42:36 np0005539973.novalocal account-server[96921]: Removed 0 dbs
Nov 29 19:42:36 np0005539973.novalocal account-server[96921]: 6 successes, 0 failures
Nov 29 19:42:36 np0005539973.novalocal account-server[96921]: diff:0 diff_capped:0 empty:0 hashmatch:0 no_change:6 remote_merge:0 rsync:0 ts_repl:0
Nov 29 19:42:36 np0005539973.novalocal sudo[106298]: pam_unix(sudo:session): session closed for user root
Nov 29 19:42:36 np0005539973.novalocal systemd[1]: session-c141.scope: Deactivated successfully.
Nov 29 19:42:36 np0005539973.novalocal sudo[106304]: cinder : PWD=/ ; USER=root ; COMMAND=/usr/bin/cinder-rootwrap /etc/cinder/rootwrap.conf cinder-rtstool delete iqn.2010-10.org.openstack:volume-21d400d4-c76c-4120-a1f2-e9df8d2d7b05
Nov 29 19:42:36 np0005539973.novalocal systemd[1]: Started Session c142 of User root.
Nov 29 19:42:36 np0005539973.novalocal sudo[106304]: pam_unix(sudo:session): session opened for user root(uid=0) by (uid=165)
Nov 29 19:42:37 np0005539973.novalocal sudo[106304]: pam_unix(sudo:session): session closed for user root
Nov 29 19:42:37 np0005539973.novalocal systemd[1]: session-c142.scope: Deactivated successfully.
Nov 29 19:42:37 np0005539973.novalocal sudo[106309]: cinder : PWD=/ ; USER=root ; COMMAND=/usr/bin/cinder-rootwrap /etc/cinder/rootwrap.conf cinder-rtstool save
Nov 29 19:42:37 np0005539973.novalocal systemd[1]: Started Session c143 of User root.
Nov 29 19:42:37 np0005539973.novalocal sudo[106309]: pam_unix(sudo:session): session opened for user root(uid=0) by (uid=165)
Nov 29 19:42:37 np0005539973.novalocal sudo[106309]: pam_unix(sudo:session): session closed for user root
Nov 29 19:42:37 np0005539973.novalocal systemd[1]: session-c143.scope: Deactivated successfully.
Nov 29 19:42:37 np0005539973.novalocal object-server[97453]: ::1 - - [30/Nov/2025:00:42:37 +0000] "GET /3/236578/AUTH_d7431f1b3e4b40fe8ff42eb83afd437e/gnocchi.f494d481-93b1-4b3f-95e0-467396b39d11/none_v3" 200 61 "GET http://[::1]:8080/v1/AUTH_d7431f1b3e4b40fe8ff42eb83afd437e/gnocchi.f494d481-93b1-4b3f-95e0-467396b39d11/none_v3" "txf3754699b3da4c9696658-00692b92fd" "proxy-server 90231" 0.0011 "-" 97453 0
Nov 29 19:42:37 np0005539973.novalocal proxy-server[90231]: ::1 ::1 30/Nov/2025/00/42/37 GET /v1/AUTH_d7431f1b3e4b40fe8ff42eb83afd437e/gnocchi.f494d481-93b1-4b3f-95e0-467396b39d11/none_v3 HTTP/1.0 200 - python-swiftclient-4.2.0 gAAAAABpK5KUEQfJ... - 61 - txf3754699b3da4c9696658-00692b92fd - 0.0069 - - 1764463357.686932564 1764463357.693789005 0
Nov 29 19:42:37 np0005539973.novalocal container-server[97151]: ::1 - - [30/Nov/2025:00:42:37 +0000] "GET /1/100036/AUTH_d7431f1b3e4b40fe8ff42eb83afd437e/gnocchi.f494d481-93b1-4b3f-95e0-467396b39d11" 200 357 "GET http://[::1]:8080/v1/AUTH_d7431f1b3e4b40fe8ff42eb83afd437e/gnocchi.f494d481-93b1-4b3f-95e0-467396b39d11?format=json&states=listing" "tx3f5bc7c2086f41f8b6236-00692b92fd" "proxy-server 90231" 0.0075 "-" 97151 0
Nov 29 19:42:37 np0005539973.novalocal proxy-server[90231]: ::1 ::1 30/Nov/2025/00/42/37 GET /v1/AUTH_d7431f1b3e4b40fe8ff42eb83afd437e/gnocchi.f494d481-93b1-4b3f-95e0-467396b39d11%3Fformat%3Djson%26states%3Dlisting HTTP/1.0 200 - python-swiftclient-4.2.0 gAAAAABpK5KUEQfJ... - 357 - tx3f5bc7c2086f41f8b6236-00692b92fd - 0.0145 - - 1764463357.698290586 1764463357.712805033 0
Nov 29 19:42:37 np0005539973.novalocal object-server[97454]: ::1 - - [30/Nov/2025:00:42:37 +0000] "GET /1/529/AUTH_d7431f1b3e4b40fe8ff42eb83afd437e/gnocchi.db578100-c516-4b73-9426-df66dba95aab/none_v3" 200 31 "GET http://[::1]:8080/v1/AUTH_d7431f1b3e4b40fe8ff42eb83afd437e/gnocchi.db578100-c516-4b73-9426-df66dba95aab/none_v3" "tx51bdb63d05854f969fb58-00692b92fd" "proxy-server 90232" 0.0006 "-" 97454 0
Nov 29 19:42:37 np0005539973.novalocal proxy-server[90232]: ::1 ::1 30/Nov/2025/00/42/37 GET /v1/AUTH_d7431f1b3e4b40fe8ff42eb83afd437e/gnocchi.db578100-c516-4b73-9426-df66dba95aab/none_v3 HTTP/1.0 200 - python-swiftclient-4.2.0 gAAAAABpK5KUbDSc... - 31 - tx51bdb63d05854f969fb58-00692b92fd - 0.0093 - - 1764463357.707279444 1764463357.716621637 0
Nov 29 19:42:37 np0005539973.novalocal container-server[97149]: ::1 - - [30/Nov/2025:00:42:37 +0000] "GET /3/100036/AUTH_d7431f1b3e4b40fe8ff42eb83afd437e/gnocchi.f494d481-93b1-4b3f-95e0-467396b39d11" 200 2 "GET http://[::1]:8080/v1/AUTH_d7431f1b3e4b40fe8ff42eb83afd437e/gnocchi.f494d481-93b1-4b3f-95e0-467396b39d11?format=json&marker=none_v3&states=listing" "tx4b8802c476c046a29ac0b-00692b92fd" "proxy-server 90231" 0.0083 "-" 97149 0
Nov 29 19:42:37 np0005539973.novalocal proxy-server[90231]: ::1 ::1 30/Nov/2025/00/42/37 GET /v1/AUTH_d7431f1b3e4b40fe8ff42eb83afd437e/gnocchi.f494d481-93b1-4b3f-95e0-467396b39d11%3Fformat%3Djson%26marker%3Dnone_v3%26states%3Dlisting HTTP/1.0 200 - python-swiftclient-4.2.0 gAAAAABpK5KUEQfJ... - 2 - tx4b8802c476c046a29ac0b-00692b92fd - 0.0152 - - 1764463357.715814352 1764463357.730999470 0
Nov 29 19:42:37 np0005539973.novalocal container-server[97149]: ::1 - - [30/Nov/2025:00:42:37 +0000] "GET /3/251411/AUTH_d7431f1b3e4b40fe8ff42eb83afd437e/gnocchi.db578100-c516-4b73-9426-df66dba95aab" 200 357 "GET http://[::1]:8080/v1/AUTH_d7431f1b3e4b40fe8ff42eb83afd437e/gnocchi.db578100-c516-4b73-9426-df66dba95aab?format=json&states=listing" "tx3311dee76d334d1d998ab-00692b92fd" "proxy-server 90232" 0.0079 "-" 97149 0
Nov 29 19:42:37 np0005539973.novalocal proxy-server[90232]: ::1 ::1 30/Nov/2025/00/42/37 GET /v1/AUTH_d7431f1b3e4b40fe8ff42eb83afd437e/gnocchi.db578100-c516-4b73-9426-df66dba95aab%3Fformat%3Djson%26states%3Dlisting HTTP/1.0 200 - python-swiftclient-4.2.0 gAAAAABpK5KUbDSc... - 357 - tx3311dee76d334d1d998ab-00692b92fd - 0.0198 - - 1764463357.719690323 1764463357.739497662 0
Nov 29 19:42:37 np0005539973.novalocal object-server[97453]: ::1 - - [30/Nov/2025:00:42:37 +0000] "GET /1/45669/AUTH_d7431f1b3e4b40fe8ff42eb83afd437e/gnocchi.f494d481-93b1-4b3f-95e0-467396b39d11/1763640000.0_mean_300.0_v3" 200 16 "GET http://[::1]:8080/v1/AUTH_d7431f1b3e4b40fe8ff42eb83afd437e/gnocchi.f494d481-93b1-4b3f-95e0-467396b39d11/1763640000.0_mean_300.0_v3" "txa410df4e14934e0a8f006-00692b92fd" "proxy-server 90231" 0.0006 "-" 97453 0
Nov 29 19:42:37 np0005539973.novalocal proxy-server[90231]: ::1 ::1 30/Nov/2025/00/42/37 GET /v1/AUTH_d7431f1b3e4b40fe8ff42eb83afd437e/gnocchi.f494d481-93b1-4b3f-95e0-467396b39d11/1763640000.0_mean_300.0_v3 HTTP/1.0 200 - python-swiftclient-4.2.0 gAAAAABpK5KUEQfJ... - 16 - txa410df4e14934e0a8f006-00692b92fd - 0.0073 - - 1764463357.737486601 1764463357.744771481 0
Nov 29 19:42:37 np0005539973.novalocal container-server[97149]: ::1 - - [30/Nov/2025:00:42:37 +0000] "GET /2/251411/AUTH_d7431f1b3e4b40fe8ff42eb83afd437e/gnocchi.db578100-c516-4b73-9426-df66dba95aab" 200 2 "GET http://[::1]:8080/v1/AUTH_d7431f1b3e4b40fe8ff42eb83afd437e/gnocchi.db578100-c516-4b73-9426-df66dba95aab?format=json&marker=none_v3&states=listing" "txae2fc84e484b4a87a4299-00692b92fd" "proxy-server 90232" 0.0064 "-" 97149 0
Nov 29 19:42:37 np0005539973.novalocal proxy-server[90232]: ::1 ::1 30/Nov/2025/00/42/37 GET /v1/AUTH_d7431f1b3e4b40fe8ff42eb83afd437e/gnocchi.db578100-c516-4b73-9426-df66dba95aab%3Fformat%3Djson%26marker%3Dnone_v3%26states%3Dlisting HTTP/1.0 200 - python-swiftclient-4.2.0 gAAAAABpK5KUbDSc... - 2 - txae2fc84e484b4a87a4299-00692b92fd - 0.0167 - - 1764463357.742635727 1764463357.759356737 0
Nov 29 19:42:37 np0005539973.novalocal container-server[97148]: ::1 - - [30/Nov/2025:00:42:37 +0000] "PUT /1/100036/AUTH_d7431f1b3e4b40fe8ff42eb83afd437e/gnocchi.f494d481-93b1-4b3f-95e0-467396b39d11/1763640000.0_mean_300.0_v3" 201 - "PUT http://[::1]:8080/1/45669/AUTH_d7431f1b3e4b40fe8ff42eb83afd437e/gnocchi.f494d481-93b1-4b3f-95e0-467396b39d11/1763640000.0_mean_300.0_v3" "txea24606292bc4036a6d0d-00692b92fd" "object-server 97452" 0.0005 "-" 97148 0
Nov 29 19:42:37 np0005539973.novalocal container-server[97148]: ::1 - - [30/Nov/2025:00:42:37 +0000] "PUT /2/100036/AUTH_d7431f1b3e4b40fe8ff42eb83afd437e/gnocchi.f494d481-93b1-4b3f-95e0-467396b39d11/1763640000.0_mean_300.0_v3" 201 - "PUT http://[::1]:8080/2/45669/AUTH_d7431f1b3e4b40fe8ff42eb83afd437e/gnocchi.f494d481-93b1-4b3f-95e0-467396b39d11/1763640000.0_mean_300.0_v3" "txea24606292bc4036a6d0d-00692b92fd" "object-server 97455" 0.0003 "-" 97148 0
Nov 29 19:42:37 np0005539973.novalocal object-server[97452]: ::1 - - [30/Nov/2025:00:42:37 +0000] "PUT /1/45669/AUTH_d7431f1b3e4b40fe8ff42eb83afd437e/gnocchi.f494d481-93b1-4b3f-95e0-467396b39d11/1763640000.0_mean_300.0_v3" 201 - "PUT http://[::1]:8080/v1/AUTH_d7431f1b3e4b40fe8ff42eb83afd437e/gnocchi.f494d481-93b1-4b3f-95e0-467396b39d11/1763640000.0_mean_300.0_v3" "txea24606292bc4036a6d0d-00692b92fd" "proxy-server 90231" 0.0102 "-" 97452 0
Nov 29 19:42:37 np0005539973.novalocal object-server[97455]: ::1 - - [30/Nov/2025:00:42:37 +0000] "PUT /2/45669/AUTH_d7431f1b3e4b40fe8ff42eb83afd437e/gnocchi.f494d481-93b1-4b3f-95e0-467396b39d11/1763640000.0_mean_300.0_v3" 201 - "PUT http://[::1]:8080/v1/AUTH_d7431f1b3e4b40fe8ff42eb83afd437e/gnocchi.f494d481-93b1-4b3f-95e0-467396b39d11/1763640000.0_mean_300.0_v3" "txea24606292bc4036a6d0d-00692b92fd" "proxy-server 90231" 0.0098 "-" 97455 0
Nov 29 19:42:37 np0005539973.novalocal container-server[97150]: ::1 - - [30/Nov/2025:00:42:37 +0000] "PUT /3/100036/AUTH_d7431f1b3e4b40fe8ff42eb83afd437e/gnocchi.f494d481-93b1-4b3f-95e0-467396b39d11/1763640000.0_mean_300.0_v3" 201 - "PUT http://[::1]:8080/3/45669/AUTH_d7431f1b3e4b40fe8ff42eb83afd437e/gnocchi.f494d481-93b1-4b3f-95e0-467396b39d11/1763640000.0_mean_300.0_v3" "txea24606292bc4036a6d0d-00692b92fd" "object-server 97455" 0.0008 "-" 97150 0
Nov 29 19:42:37 np0005539973.novalocal object-server[97455]: ::1 - - [30/Nov/2025:00:42:37 +0000] "PUT /3/45669/AUTH_d7431f1b3e4b40fe8ff42eb83afd437e/gnocchi.f494d481-93b1-4b3f-95e0-467396b39d11/1763640000.0_mean_300.0_v3" 201 - "PUT http://[::1]:8080/v1/AUTH_d7431f1b3e4b40fe8ff42eb83afd437e/gnocchi.f494d481-93b1-4b3f-95e0-467396b39d11/1763640000.0_mean_300.0_v3" "txea24606292bc4036a6d0d-00692b92fd" "proxy-server 90231" 0.0141 "-" 97455 0
Nov 29 19:42:37 np0005539973.novalocal proxy-server[90231]: ::1 ::1 30/Nov/2025/00/42/37 PUT /v1/AUTH_d7431f1b3e4b40fe8ff42eb83afd437e/gnocchi.f494d481-93b1-4b3f-95e0-467396b39d11/1763640000.0_mean_300.0_v3 HTTP/1.0 201 - python-swiftclient-4.2.0 gAAAAABpK5KUEQfJ... 16 - - txea24606292bc4036a6d0d-00692b92fd - 0.0221 - - 1764463357.747733831 1764463357.769880295 0
Nov 29 19:42:37 np0005539973.novalocal object-server[97454]: ::1 - - [30/Nov/2025:00:42:37 +0000] "GET /3/89158/AUTH_d7431f1b3e4b40fe8ff42eb83afd437e/gnocchi.db578100-c516-4b73-9426-df66dba95aab/1763640000.0_mean_300.0_v3" 200 16 "GET http://[::1]:8080/v1/AUTH_d7431f1b3e4b40fe8ff42eb83afd437e/gnocchi.db578100-c516-4b73-9426-df66dba95aab/1763640000.0_mean_300.0_v3" "txaf4b9ddfa7d44a69a885e-00692b92fd" "proxy-server 90232" 0.0007 "-" 97454 0
Nov 29 19:42:37 np0005539973.novalocal proxy-server[90232]: ::1 ::1 30/Nov/2025/00/42/37 GET /v1/AUTH_d7431f1b3e4b40fe8ff42eb83afd437e/gnocchi.db578100-c516-4b73-9426-df66dba95aab/1763640000.0_mean_300.0_v3 HTTP/1.0 200 - python-swiftclient-4.2.0 gAAAAABpK5KUbDSc... - 16 - txaf4b9ddfa7d44a69a885e-00692b92fd - 0.0083 - - 1764463357.765614271 1764463357.773895979 0
Nov 29 19:42:37 np0005539973.novalocal container-server[97148]: ::1 - - [30/Nov/2025:00:42:37 +0000] "PUT /2/100036/AUTH_d7431f1b3e4b40fe8ff42eb83afd437e/gnocchi.f494d481-93b1-4b3f-95e0-467396b39d11/none_v3" 201 - "PUT http://[::1]:8080/3/236578/AUTH_d7431f1b3e4b40fe8ff42eb83afd437e/gnocchi.f494d481-93b1-4b3f-95e0-467396b39d11/none_v3" "tx7c6d25a5327541698c2a7-00692b92fd" "object-server 97455" 0.0006 "-" 97148 0
Nov 29 19:42:37 np0005539973.novalocal container-server[97151]: ::1 - - [30/Nov/2025:00:42:37 +0000] "PUT /1/100036/AUTH_d7431f1b3e4b40fe8ff42eb83afd437e/gnocchi.f494d481-93b1-4b3f-95e0-467396b39d11/none_v3" 201 - "PUT http://[::1]:8080/2/236578/AUTH_d7431f1b3e4b40fe8ff42eb83afd437e/gnocchi.f494d481-93b1-4b3f-95e0-467396b39d11/none_v3" "tx7c6d25a5327541698c2a7-00692b92fd" "object-server 97452" 0.0006 "-" 97151 0
Nov 29 19:42:37 np0005539973.novalocal object-server[97455]: ::1 - - [30/Nov/2025:00:42:37 +0000] "PUT /3/236578/AUTH_d7431f1b3e4b40fe8ff42eb83afd437e/gnocchi.f494d481-93b1-4b3f-95e0-467396b39d11/none_v3" 201 - "PUT http://[::1]:8080/v1/AUTH_d7431f1b3e4b40fe8ff42eb83afd437e/gnocchi.f494d481-93b1-4b3f-95e0-467396b39d11/none_v3" "tx7c6d25a5327541698c2a7-00692b92fd" "proxy-server 90231" 0.0149 "-" 97455 0
Nov 29 19:42:37 np0005539973.novalocal object-server[97452]: ::1 - - [30/Nov/2025:00:42:37 +0000] "PUT /2/236578/AUTH_d7431f1b3e4b40fe8ff42eb83afd437e/gnocchi.f494d481-93b1-4b3f-95e0-467396b39d11/none_v3" 201 - "PUT http://[::1]:8080/v1/AUTH_d7431f1b3e4b40fe8ff42eb83afd437e/gnocchi.f494d481-93b1-4b3f-95e0-467396b39d11/none_v3" "tx7c6d25a5327541698c2a7-00692b92fd" "proxy-server 90231" 0.0137 "-" 97452 0
Nov 29 19:42:37 np0005539973.novalocal container-server[97150]: ::1 - - [30/Nov/2025:00:42:37 +0000] "PUT /2/251411/AUTH_d7431f1b3e4b40fe8ff42eb83afd437e/gnocchi.db578100-c516-4b73-9426-df66dba95aab/1763640000.0_mean_300.0_v3" 201 - "PUT http://[::1]:8080/2/89158/AUTH_d7431f1b3e4b40fe8ff42eb83afd437e/gnocchi.db578100-c516-4b73-9426-df66dba95aab/1763640000.0_mean_300.0_v3" "tx60e80a713fd54d0dbaf2c-00692b92fd" "object-server 97453" 0.0008 "-" 97150 0
Nov 29 19:42:37 np0005539973.novalocal object-server[97453]: ::1 - - [30/Nov/2025:00:42:37 +0000] "PUT /2/89158/AUTH_d7431f1b3e4b40fe8ff42eb83afd437e/gnocchi.db578100-c516-4b73-9426-df66dba95aab/1763640000.0_mean_300.0_v3" 201 - "PUT http://[::1]:8080/v1/AUTH_d7431f1b3e4b40fe8ff42eb83afd437e/gnocchi.db578100-c516-4b73-9426-df66dba95aab/1763640000.0_mean_300.0_v3" "tx60e80a713fd54d0dbaf2c-00692b92fd" "proxy-server 90232" 0.0170 "-" 97453 0
Nov 29 19:42:37 np0005539973.novalocal container-server[97151]: ::1 - - [30/Nov/2025:00:42:37 +0000] "PUT /3/251411/AUTH_d7431f1b3e4b40fe8ff42eb83afd437e/gnocchi.db578100-c516-4b73-9426-df66dba95aab/1763640000.0_mean_300.0_v3" 201 - "PUT http://[::1]:8080/3/89158/AUTH_d7431f1b3e4b40fe8ff42eb83afd437e/gnocchi.db578100-c516-4b73-9426-df66dba95aab/1763640000.0_mean_300.0_v3" "tx60e80a713fd54d0dbaf2c-00692b92fd" "object-server 97452" 0.0005 "-" 97151 0
Nov 29 19:42:37 np0005539973.novalocal container-server[97150]: ::1 - - [30/Nov/2025:00:42:37 +0000] "PUT /3/100036/AUTH_d7431f1b3e4b40fe8ff42eb83afd437e/gnocchi.f494d481-93b1-4b3f-95e0-467396b39d11/none_v3" 201 - "PUT http://[::1]:8080/1/236578/AUTH_d7431f1b3e4b40fe8ff42eb83afd437e/gnocchi.f494d481-93b1-4b3f-95e0-467396b39d11/none_v3" "tx7c6d25a5327541698c2a7-00692b92fd" "object-server 97455" 0.0006 "-" 97150 0
Nov 29 19:42:37 np0005539973.novalocal container-server[97148]: ::1 - - [30/Nov/2025:00:42:37 +0000] "PUT /1/251411/AUTH_d7431f1b3e4b40fe8ff42eb83afd437e/gnocchi.db578100-c516-4b73-9426-df66dba95aab/1763640000.0_mean_300.0_v3" 201 - "PUT http://[::1]:8080/1/89158/AUTH_d7431f1b3e4b40fe8ff42eb83afd437e/gnocchi.db578100-c516-4b73-9426-df66dba95aab/1763640000.0_mean_300.0_v3" "tx60e80a713fd54d0dbaf2c-00692b92fd" "object-server 97452" 0.0004 "-" 97148 0
Nov 29 19:42:37 np0005539973.novalocal object-server[97455]: ::1 - - [30/Nov/2025:00:42:37 +0000] "PUT /1/236578/AUTH_d7431f1b3e4b40fe8ff42eb83afd437e/gnocchi.f494d481-93b1-4b3f-95e0-467396b39d11/none_v3" 201 - "PUT http://[::1]:8080/v1/AUTH_d7431f1b3e4b40fe8ff42eb83afd437e/gnocchi.f494d481-93b1-4b3f-95e0-467396b39d11/none_v3" "tx7c6d25a5327541698c2a7-00692b92fd" "proxy-server 90231" 0.0174 "-" 97455 0
Nov 29 19:42:37 np0005539973.novalocal object-server[97452]: ::1 - - [30/Nov/2025:00:42:37 +0000] "PUT /1/89158/AUTH_d7431f1b3e4b40fe8ff42eb83afd437e/gnocchi.db578100-c516-4b73-9426-df66dba95aab/1763640000.0_mean_300.0_v3" 201 - "PUT http://[::1]:8080/v1/AUTH_d7431f1b3e4b40fe8ff42eb83afd437e/gnocchi.db578100-c516-4b73-9426-df66dba95aab/1763640000.0_mean_300.0_v3" "tx60e80a713fd54d0dbaf2c-00692b92fd" "proxy-server 90232" 0.0159 "-" 97452 0
Nov 29 19:42:37 np0005539973.novalocal object-server[97452]: ::1 - - [30/Nov/2025:00:42:37 +0000] "PUT /3/89158/AUTH_d7431f1b3e4b40fe8ff42eb83afd437e/gnocchi.db578100-c516-4b73-9426-df66dba95aab/1763640000.0_mean_300.0_v3" 201 - "PUT http://[::1]:8080/v1/AUTH_d7431f1b3e4b40fe8ff42eb83afd437e/gnocchi.db578100-c516-4b73-9426-df66dba95aab/1763640000.0_mean_300.0_v3" "tx60e80a713fd54d0dbaf2c-00692b92fd" "proxy-server 90232" 0.0153 "-" 97452 0
Nov 29 19:42:37 np0005539973.novalocal proxy-server[90231]: ::1 ::1 30/Nov/2025/00/42/37 PUT /v1/AUTH_d7431f1b3e4b40fe8ff42eb83afd437e/gnocchi.f494d481-93b1-4b3f-95e0-467396b39d11/none_v3 HTTP/1.0 201 - python-swiftclient-4.2.0 gAAAAABpK5KUEQfJ... 68 - - tx7c6d25a5327541698c2a7-00692b92fd - 0.0283 - - 1764463357.773450136 1764463357.801707983 0
Nov 29 19:42:37 np0005539973.novalocal proxy-server[90232]: ::1 ::1 30/Nov/2025/00/42/37 PUT /v1/AUTH_d7431f1b3e4b40fe8ff42eb83afd437e/gnocchi.db578100-c516-4b73-9426-df66dba95aab/1763640000.0_mean_300.0_v3 HTTP/1.0 201 - python-swiftclient-4.2.0 gAAAAABpK5KUbDSc... 16 - - tx60e80a713fd54d0dbaf2c-00692b92fd - 0.0267 - - 1764463357.776826382 1764463357.803516626 0
Nov 29 19:42:37 np0005539973.novalocal sudo[106314]: cinder : PWD=/ ; USER=root ; COMMAND=/usr/bin/cinder-rootwrap /etc/cinder/rootwrap.conf cinder-rtstool get-targets
Nov 29 19:42:37 np0005539973.novalocal object-server[97453]: ::1 - - [30/Nov/2025:00:42:37 +0000] "GET /3/197435/AUTH_d7431f1b3e4b40fe8ff42eb83afd437e/gnocchi.33c85406-6929-41ab-9656-3d08419a4460/none_v3" 200 26 "GET http://[::1]:8080/v1/AUTH_d7431f1b3e4b40fe8ff42eb83afd437e/gnocchi.33c85406-6929-41ab-9656-3d08419a4460/none_v3" "tx1061b3a9c18846a9b1dae-00692b92fd" "proxy-server 90231" 0.0013 "-" 97453 0
Nov 29 19:42:37 np0005539973.novalocal proxy-server[90231]: ::1 ::1 30/Nov/2025/00/42/37 GET /v1/AUTH_d7431f1b3e4b40fe8ff42eb83afd437e/gnocchi.33c85406-6929-41ab-9656-3d08419a4460/none_v3 HTTP/1.0 200 - python-swiftclient-4.2.0 gAAAAABpK5KUEQfJ... - 26 - tx1061b3a9c18846a9b1dae-00692b92fd - 0.0069 - - 1764463357.813609838 1764463357.820484400 0
Nov 29 19:42:37 np0005539973.novalocal container-server[97148]: ::1 - - [30/Nov/2025:00:42:37 +0000] "PUT /2/251411/AUTH_d7431f1b3e4b40fe8ff42eb83afd437e/gnocchi.db578100-c516-4b73-9426-df66dba95aab/none_v3" 201 - "PUT http://[::1]:8080/2/529/AUTH_d7431f1b3e4b40fe8ff42eb83afd437e/gnocchi.db578100-c516-4b73-9426-df66dba95aab/none_v3" "tx9b7929b18a124c16a4bac-00692b92fd" "object-server 97453" 0.0006 "-" 97148 0
Nov 29 19:42:37 np0005539973.novalocal object-server[97453]: ::1 - - [30/Nov/2025:00:42:37 +0000] "PUT /2/529/AUTH_d7431f1b3e4b40fe8ff42eb83afd437e/gnocchi.db578100-c516-4b73-9426-df66dba95aab/none_v3" 201 - "PUT http://[::1]:8080/v1/AUTH_d7431f1b3e4b40fe8ff42eb83afd437e/gnocchi.db578100-c516-4b73-9426-df66dba95aab/none_v3" "tx9b7929b18a124c16a4bac-00692b92fd" "proxy-server 90232" 0.0118 "-" 97453 0
Nov 29 19:42:37 np0005539973.novalocal container-server[97148]: ::1 - - [30/Nov/2025:00:42:37 +0000] "PUT /1/251411/AUTH_d7431f1b3e4b40fe8ff42eb83afd437e/gnocchi.db578100-c516-4b73-9426-df66dba95aab/none_v3" 201 - "PUT http://[::1]:8080/3/529/AUTH_d7431f1b3e4b40fe8ff42eb83afd437e/gnocchi.db578100-c516-4b73-9426-df66dba95aab/none_v3" "tx9b7929b18a124c16a4bac-00692b92fd" "object-server 97454" 0.0004 "-" 97148 0
Nov 29 19:42:37 np0005539973.novalocal object-server[97454]: ::1 - - [30/Nov/2025:00:42:37 +0000] "PUT /3/529/AUTH_d7431f1b3e4b40fe8ff42eb83afd437e/gnocchi.db578100-c516-4b73-9426-df66dba95aab/none_v3" 201 - "PUT http://[::1]:8080/v1/AUTH_d7431f1b3e4b40fe8ff42eb83afd437e/gnocchi.db578100-c516-4b73-9426-df66dba95aab/none_v3" "tx9b7929b18a124c16a4bac-00692b92fd" "proxy-server 90232" 0.0144 "-" 97454 0
Nov 29 19:42:37 np0005539973.novalocal container-server[97148]: ::1 - - [30/Nov/2025:00:42:37 +0000] "PUT /3/251411/AUTH_d7431f1b3e4b40fe8ff42eb83afd437e/gnocchi.db578100-c516-4b73-9426-df66dba95aab/none_v3" 201 - "PUT http://[::1]:8080/1/529/AUTH_d7431f1b3e4b40fe8ff42eb83afd437e/gnocchi.db578100-c516-4b73-9426-df66dba95aab/none_v3" "tx9b7929b18a124c16a4bac-00692b92fd" "object-server 97453" 0.0003 "-" 97148 0
Nov 29 19:42:37 np0005539973.novalocal object-server[97453]: ::1 - - [30/Nov/2025:00:42:37 +0000] "PUT /1/529/AUTH_d7431f1b3e4b40fe8ff42eb83afd437e/gnocchi.db578100-c516-4b73-9426-df66dba95aab/none_v3" 201 - "PUT http://[::1]:8080/v1/AUTH_d7431f1b3e4b40fe8ff42eb83afd437e/gnocchi.db578100-c516-4b73-9426-df66dba95aab/none_v3" "tx9b7929b18a124c16a4bac-00692b92fd" "proxy-server 90232" 0.0155 "-" 97453 0
Nov 29 19:42:37 np0005539973.novalocal proxy-server[90232]: ::1 ::1 30/Nov/2025/00/42/37 PUT /v1/AUTH_d7431f1b3e4b40fe8ff42eb83afd437e/gnocchi.db578100-c516-4b73-9426-df66dba95aab/none_v3 HTTP/1.0 201 - python-swiftclient-4.2.0 gAAAAABpK5KUbDSc... 45 - - tx9b7929b18a124c16a4bac-00692b92fd - 0.0215 - - 1764463357.806459904 1764463357.827973604 0
Nov 29 19:42:37 np0005539973.novalocal systemd[1]: Started Session c144 of User root.
Nov 29 19:42:37 np0005539973.novalocal sudo[106314]: pam_unix(sudo:session): session opened for user root(uid=0) by (uid=165)
Nov 29 19:42:37 np0005539973.novalocal container-server[97149]: ::1 - - [30/Nov/2025:00:42:37 +0000] "GET /3/48788/AUTH_d7431f1b3e4b40fe8ff42eb83afd437e/gnocchi.33c85406-6929-41ab-9656-3d08419a4460" 200 357 "GET http://[::1]:8080/v1/AUTH_d7431f1b3e4b40fe8ff42eb83afd437e/gnocchi.33c85406-6929-41ab-9656-3d08419a4460?format=json&states=listing" "txa8da1269c8054945969a6-00692b92fd" "proxy-server 90231" 0.0131 "-" 97149 0
Nov 29 19:42:37 np0005539973.novalocal proxy-server[90231]: ::1 ::1 30/Nov/2025/00/42/37 GET /v1/AUTH_d7431f1b3e4b40fe8ff42eb83afd437e/gnocchi.33c85406-6929-41ab-9656-3d08419a4460%3Fformat%3Djson%26states%3Dlisting HTTP/1.0 200 - python-swiftclient-4.2.0 gAAAAABpK5KUEQfJ... - 357 - txa8da1269c8054945969a6-00692b92fd - 0.0193 - - 1764463357.823674202 1764463357.842962980 0
Nov 29 19:42:37 np0005539973.novalocal object-server[97453]: ::1 - - [30/Nov/2025:00:42:37 +0000] "GET /2/164785/AUTH_d7431f1b3e4b40fe8ff42eb83afd437e/gnocchi.e03ddb0b-d86f-4dc7-a494-e27ad021535c/none_v3" 200 31 "GET http://[::1]:8080/v1/AUTH_d7431f1b3e4b40fe8ff42eb83afd437e/gnocchi.e03ddb0b-d86f-4dc7-a494-e27ad021535c/none_v3" "tx13e6c29f6ba44c558fe39-00692b92fd" "proxy-server 90232" 0.0010 "-" 97453 0
Nov 29 19:42:37 np0005539973.novalocal proxy-server[90232]: ::1 ::1 30/Nov/2025/00/42/37 GET /v1/AUTH_d7431f1b3e4b40fe8ff42eb83afd437e/gnocchi.e03ddb0b-d86f-4dc7-a494-e27ad021535c/none_v3 HTTP/1.0 200 - python-swiftclient-4.2.0 gAAAAABpK5KUbDSc... - 31 - tx13e6c29f6ba44c558fe39-00692b92fd - 0.0106 - - 1764463357.839953184 1764463357.850573778 0
Nov 29 19:42:37 np0005539973.novalocal container-server[97150]: ::1 - - [30/Nov/2025:00:42:37 +0000] "GET /2/48788/AUTH_d7431f1b3e4b40fe8ff42eb83afd437e/gnocchi.33c85406-6929-41ab-9656-3d08419a4460" 200 2 "GET http://[::1]:8080/v1/AUTH_d7431f1b3e4b40fe8ff42eb83afd437e/gnocchi.33c85406-6929-41ab-9656-3d08419a4460?format=json&marker=none_v3&states=listing" "txb3b86de8be214c42beb23-00692b92fd" "proxy-server 90231" 0.0068 "-" 97150 0
Nov 29 19:42:37 np0005539973.novalocal proxy-server[90231]: ::1 ::1 30/Nov/2025/00/42/37 GET /v1/AUTH_d7431f1b3e4b40fe8ff42eb83afd437e/gnocchi.33c85406-6929-41ab-9656-3d08419a4460%3Fformat%3Djson%26marker%3Dnone_v3%26states%3Dlisting HTTP/1.0 200 - python-swiftclient-4.2.0 gAAAAABpK5KUEQfJ... - 2 - txb3b86de8be214c42beb23-00692b92fd - 0.0142 - - 1764463357.847068787 1764463357.861312628 0
Nov 29 19:42:37 np0005539973.novalocal object-server[97452]: ::1 - - [30/Nov/2025:00:42:37 +0000] "GET /1/92009/AUTH_d7431f1b3e4b40fe8ff42eb83afd437e/gnocchi.33c85406-6929-41ab-9656-3d08419a4460/1763640000.0_mean_300.0_v3" 200 16 "GET http://[::1]:8080/v1/AUTH_d7431f1b3e4b40fe8ff42eb83afd437e/gnocchi.33c85406-6929-41ab-9656-3d08419a4460/1763640000.0_mean_300.0_v3" "txdd757047a63a4626a5af5-00692b92fd" "proxy-server 90231" 0.0006 "-" 97452 0
Nov 29 19:42:37 np0005539973.novalocal container-server[97149]: ::1 - - [30/Nov/2025:00:42:37 +0000] "GET /2/157861/AUTH_d7431f1b3e4b40fe8ff42eb83afd437e/gnocchi.e03ddb0b-d86f-4dc7-a494-e27ad021535c" 200 357 "GET http://[::1]:8080/v1/AUTH_d7431f1b3e4b40fe8ff42eb83afd437e/gnocchi.e03ddb0b-d86f-4dc7-a494-e27ad021535c?format=json&states=listing" "tx869473b147004106b7c6a-00692b92fd" "proxy-server 90232" 0.0073 "-" 97149 0
Nov 29 19:42:37 np0005539973.novalocal proxy-server[90231]: ::1 ::1 30/Nov/2025/00/42/37 GET /v1/AUTH_d7431f1b3e4b40fe8ff42eb83afd437e/gnocchi.33c85406-6929-41ab-9656-3d08419a4460/1763640000.0_mean_300.0_v3 HTTP/1.0 200 - python-swiftclient-4.2.0 gAAAAABpK5KUEQfJ... - 16 - txdd757047a63a4626a5af5-00692b92fd - 0.0067 - - 1764463357.864139318 1764463357.870831013 0
Nov 29 19:42:37 np0005539973.novalocal proxy-server[90232]: ::1 ::1 30/Nov/2025/00/42/37 GET /v1/AUTH_d7431f1b3e4b40fe8ff42eb83afd437e/gnocchi.e03ddb0b-d86f-4dc7-a494-e27ad021535c%3Fformat%3Djson%26states%3Dlisting HTTP/1.0 200 - python-swiftclient-4.2.0 gAAAAABpK5KUbDSc... - 357 - tx869473b147004106b7c6a-00692b92fd - 0.0181 - - 1764463357.854021311 1764463357.872099876 0
Nov 29 19:42:37 np0005539973.novalocal container-server[97151]: ::1 - - [30/Nov/2025:00:42:37 +0000] "GET /2/157861/AUTH_d7431f1b3e4b40fe8ff42eb83afd437e/gnocchi.e03ddb0b-d86f-4dc7-a494-e27ad021535c" 200 2 "GET http://[::1]:8080/v1/AUTH_d7431f1b3e4b40fe8ff42eb83afd437e/gnocchi.e03ddb0b-d86f-4dc7-a494-e27ad021535c?format=json&marker=none_v3&states=listing" "tx4333342ebea343b4bc7cf-00692b92fd" "proxy-server 90232" 0.0030 "-" 97151 0
Nov 29 19:42:37 np0005539973.novalocal proxy-server[90232]: ::1 ::1 30/Nov/2025/00/42/37 GET /v1/AUTH_d7431f1b3e4b40fe8ff42eb83afd437e/gnocchi.e03ddb0b-d86f-4dc7-a494-e27ad021535c%3Fformat%3Djson%26marker%3Dnone_v3%26states%3Dlisting HTTP/1.0 200 - python-swiftclient-4.2.0 gAAAAABpK5KUbDSc... - 2 - tx4333342ebea343b4bc7cf-00692b92fd - 0.0101 - - 1764463357.874813795 1764463357.884907484 0
Nov 29 19:42:37 np0005539973.novalocal container-server[97149]: ::1 - - [30/Nov/2025:00:42:37 +0000] "PUT /3/48788/AUTH_d7431f1b3e4b40fe8ff42eb83afd437e/gnocchi.33c85406-6929-41ab-9656-3d08419a4460/1763640000.0_mean_300.0_v3" 201 - "PUT http://[::1]:8080/1/92009/AUTH_d7431f1b3e4b40fe8ff42eb83afd437e/gnocchi.33c85406-6929-41ab-9656-3d08419a4460/1763640000.0_mean_300.0_v3" "tx4b36fedd88b8498cb5d41-00692b92fd" "object-server 97453" 0.0004 "-" 97149 0
Nov 29 19:42:37 np0005539973.novalocal container-server[97148]: ::1 - - [30/Nov/2025:00:42:37 +0000] "PUT /1/48788/AUTH_d7431f1b3e4b40fe8ff42eb83afd437e/gnocchi.33c85406-6929-41ab-9656-3d08419a4460/1763640000.0_mean_300.0_v3" 201 - "PUT http://[::1]:8080/3/92009/AUTH_d7431f1b3e4b40fe8ff42eb83afd437e/gnocchi.33c85406-6929-41ab-9656-3d08419a4460/1763640000.0_mean_300.0_v3" "tx4b36fedd88b8498cb5d41-00692b92fd" "object-server 97452" 0.0006 "-" 97148 0
Nov 29 19:42:37 np0005539973.novalocal object-server[97453]: ::1 - - [30/Nov/2025:00:42:37 +0000] "PUT /1/92009/AUTH_d7431f1b3e4b40fe8ff42eb83afd437e/gnocchi.33c85406-6929-41ab-9656-3d08419a4460/1763640000.0_mean_300.0_v3" 201 - "PUT http://[::1]:8080/v1/AUTH_d7431f1b3e4b40fe8ff42eb83afd437e/gnocchi.33c85406-6929-41ab-9656-3d08419a4460/1763640000.0_mean_300.0_v3" "tx4b36fedd88b8498cb5d41-00692b92fd" "proxy-server 90231" 0.0105 "-" 97453 0
Nov 29 19:42:37 np0005539973.novalocal container-server[97151]: ::1 - - [30/Nov/2025:00:42:37 +0000] "PUT /2/48788/AUTH_d7431f1b3e4b40fe8ff42eb83afd437e/gnocchi.33c85406-6929-41ab-9656-3d08419a4460/1763640000.0_mean_300.0_v3" 201 - "PUT http://[::1]:8080/2/92009/AUTH_d7431f1b3e4b40fe8ff42eb83afd437e/gnocchi.33c85406-6929-41ab-9656-3d08419a4460/1763640000.0_mean_300.0_v3" "tx4b36fedd88b8498cb5d41-00692b92fd" "object-server 97452" 0.0003 "-" 97151 0
Nov 29 19:42:37 np0005539973.novalocal object-server[97452]: ::1 - - [30/Nov/2025:00:42:37 +0000] "PUT /3/92009/AUTH_d7431f1b3e4b40fe8ff42eb83afd437e/gnocchi.33c85406-6929-41ab-9656-3d08419a4460/1763640000.0_mean_300.0_v3" 201 - "PUT http://[::1]:8080/v1/AUTH_d7431f1b3e4b40fe8ff42eb83afd437e/gnocchi.33c85406-6929-41ab-9656-3d08419a4460/1763640000.0_mean_300.0_v3" "tx4b36fedd88b8498cb5d41-00692b92fd" "proxy-server 90231" 0.0119 "-" 97452 0
Nov 29 19:42:37 np0005539973.novalocal object-server[97452]: ::1 - - [30/Nov/2025:00:42:37 +0000] "PUT /2/92009/AUTH_d7431f1b3e4b40fe8ff42eb83afd437e/gnocchi.33c85406-6929-41ab-9656-3d08419a4460/1763640000.0_mean_300.0_v3" 201 - "PUT http://[::1]:8080/v1/AUTH_d7431f1b3e4b40fe8ff42eb83afd437e/gnocchi.33c85406-6929-41ab-9656-3d08419a4460/1763640000.0_mean_300.0_v3" "tx4b36fedd88b8498cb5d41-00692b92fd" "proxy-server 90231" 0.0119 "-" 97452 0
Nov 29 19:42:37 np0005539973.novalocal proxy-server[90231]: ::1 ::1 30/Nov/2025/00/42/37 PUT /v1/AUTH_d7431f1b3e4b40fe8ff42eb83afd437e/gnocchi.33c85406-6929-41ab-9656-3d08419a4460/1763640000.0_mean_300.0_v3 HTTP/1.0 201 - python-swiftclient-4.2.0 gAAAAABpK5KUEQfJ... 16 - - tx4b36fedd88b8498cb5d41-00692b92fd - 0.0200 - - 1764463357.872840881 1764463357.892827034 0
Nov 29 19:42:37 np0005539973.novalocal object-server[97455]: ::1 - - [30/Nov/2025:00:42:37 +0000] "GET /1/191933/AUTH_d7431f1b3e4b40fe8ff42eb83afd437e/gnocchi.e03ddb0b-d86f-4dc7-a494-e27ad021535c/1763640000.0_mean_300.0_v3" 200 16 "GET http://[::1]:8080/v1/AUTH_d7431f1b3e4b40fe8ff42eb83afd437e/gnocchi.e03ddb0b-d86f-4dc7-a494-e27ad021535c/1763640000.0_mean_300.0_v3" "txee0e4558b17f415ab8dd4-00692b92fd" "proxy-server 90232" 0.0005 "-" 97455 0
Nov 29 19:42:37 np0005539973.novalocal proxy-server[90232]: ::1 ::1 30/Nov/2025/00/42/37 GET /v1/AUTH_d7431f1b3e4b40fe8ff42eb83afd437e/gnocchi.e03ddb0b-d86f-4dc7-a494-e27ad021535c/1763640000.0_mean_300.0_v3 HTTP/1.0 200 - python-swiftclient-4.2.0 gAAAAABpK5KUbDSc... - 16 - txee0e4558b17f415ab8dd4-00692b92fd - 0.0078 - - 1764463357.890092134 1764463357.897897243 0
Nov 29 19:42:37 np0005539973.novalocal container-server[97150]: ::1 - - [30/Nov/2025:00:42:37 +0000] "PUT /2/157861/AUTH_d7431f1b3e4b40fe8ff42eb83afd437e/gnocchi.e03ddb0b-d86f-4dc7-a494-e27ad021535c/1763640000.0_mean_300.0_v3" 201 - "PUT http://[::1]:8080/3/191933/AUTH_d7431f1b3e4b40fe8ff42eb83afd437e/gnocchi.e03ddb0b-d86f-4dc7-a494-e27ad021535c/1763640000.0_mean_300.0_v3" "tx3ff063a4bb974c94bbbdb-00692b92fd" "object-server 97454" 0.0006 "-" 97150 0
Nov 29 19:42:37 np0005539973.novalocal container-server[97151]: ::1 - - [30/Nov/2025:00:42:37 +0000] "PUT /3/157861/AUTH_d7431f1b3e4b40fe8ff42eb83afd437e/gnocchi.e03ddb0b-d86f-4dc7-a494-e27ad021535c/1763640000.0_mean_300.0_v3" 201 - "PUT http://[::1]:8080/1/191933/AUTH_d7431f1b3e4b40fe8ff42eb83afd437e/gnocchi.e03ddb0b-d86f-4dc7-a494-e27ad021535c/1763640000.0_mean_300.0_v3" "tx3ff063a4bb974c94bbbdb-00692b92fd" "object-server 97453" 0.0023 "-" 97151 0
Nov 29 19:42:37 np0005539973.novalocal container-server[97150]: ::1 - - [30/Nov/2025:00:42:37 +0000] "PUT /1/157861/AUTH_d7431f1b3e4b40fe8ff42eb83afd437e/gnocchi.e03ddb0b-d86f-4dc7-a494-e27ad021535c/1763640000.0_mean_300.0_v3" 201 - "PUT http://[::1]:8080/2/191933/AUTH_d7431f1b3e4b40fe8ff42eb83afd437e/gnocchi.e03ddb0b-d86f-4dc7-a494-e27ad021535c/1763640000.0_mean_300.0_v3" "tx3ff063a4bb974c94bbbdb-00692b92fd" "object-server 97455" 0.0004 "-" 97150 0
Nov 29 19:42:37 np0005539973.novalocal object-server[97453]: ::1 - - [30/Nov/2025:00:42:37 +0000] "PUT /1/191933/AUTH_d7431f1b3e4b40fe8ff42eb83afd437e/gnocchi.e03ddb0b-d86f-4dc7-a494-e27ad021535c/1763640000.0_mean_300.0_v3" 201 - "PUT http://[::1]:8080/v1/AUTH_d7431f1b3e4b40fe8ff42eb83afd437e/gnocchi.e03ddb0b-d86f-4dc7-a494-e27ad021535c/1763640000.0_mean_300.0_v3" "tx3ff063a4bb974c94bbbdb-00692b92fd" "proxy-server 90232" 0.0128 "-" 97453 0
Nov 29 19:42:37 np0005539973.novalocal object-server[97455]: ::1 - - [30/Nov/2025:00:42:37 +0000] "PUT /2/191933/AUTH_d7431f1b3e4b40fe8ff42eb83afd437e/gnocchi.e03ddb0b-d86f-4dc7-a494-e27ad021535c/1763640000.0_mean_300.0_v3" 201 - "PUT http://[::1]:8080/v1/AUTH_d7431f1b3e4b40fe8ff42eb83afd437e/gnocchi.e03ddb0b-d86f-4dc7-a494-e27ad021535c/1763640000.0_mean_300.0_v3" "tx3ff063a4bb974c94bbbdb-00692b92fd" "proxy-server 90232" 0.0135 "-" 97455 0
Nov 29 19:42:37 np0005539973.novalocal object-server[97454]: ::1 - - [30/Nov/2025:00:42:37 +0000] "PUT /3/191933/AUTH_d7431f1b3e4b40fe8ff42eb83afd437e/gnocchi.e03ddb0b-d86f-4dc7-a494-e27ad021535c/1763640000.0_mean_300.0_v3" 201 - "PUT http://[::1]:8080/v1/AUTH_d7431f1b3e4b40fe8ff42eb83afd437e/gnocchi.e03ddb0b-d86f-4dc7-a494-e27ad021535c/1763640000.0_mean_300.0_v3" "tx3ff063a4bb974c94bbbdb-00692b92fd" "proxy-server 90232" 0.0121 "-" 97454 0
Nov 29 19:42:37 np0005539973.novalocal proxy-server[90232]: ::1 ::1 30/Nov/2025/00/42/37 PUT /v1/AUTH_d7431f1b3e4b40fe8ff42eb83afd437e/gnocchi.e03ddb0b-d86f-4dc7-a494-e27ad021535c/1763640000.0_mean_300.0_v3 HTTP/1.0 201 - python-swiftclient-4.2.0 gAAAAABpK5KUbDSc... 16 - - tx3ff063a4bb974c94bbbdb-00692b92fd - 0.0229 - - 1764463357.901208162 1764463357.924148321 0
Nov 29 19:42:37 np0005539973.novalocal container-server[97150]: ::1 - - [30/Nov/2025:00:42:37 +0000] "PUT /2/48788/AUTH_d7431f1b3e4b40fe8ff42eb83afd437e/gnocchi.33c85406-6929-41ab-9656-3d08419a4460/none_v3" 201 - "PUT http://[::1]:8080/3/197435/AUTH_d7431f1b3e4b40fe8ff42eb83afd437e/gnocchi.33c85406-6929-41ab-9656-3d08419a4460/none_v3" "tx20081afce51e49cbb3eca-00692b92fd" "object-server 97452" 0.0005 "-" 97150 0
Nov 29 19:42:37 np0005539973.novalocal container-server[97151]: ::1 - - [30/Nov/2025:00:42:37 +0000] "PUT /1/48788/AUTH_d7431f1b3e4b40fe8ff42eb83afd437e/gnocchi.33c85406-6929-41ab-9656-3d08419a4460/none_v3" 201 - "PUT http://[::1]:8080/2/197435/AUTH_d7431f1b3e4b40fe8ff42eb83afd437e/gnocchi.33c85406-6929-41ab-9656-3d08419a4460/none_v3" "tx20081afce51e49cbb3eca-00692b92fd" "object-server 97455" 0.0005 "-" 97151 0
Nov 29 19:42:37 np0005539973.novalocal object-server[97455]: ::1 - - [30/Nov/2025:00:42:37 +0000] "PUT /2/197435/AUTH_d7431f1b3e4b40fe8ff42eb83afd437e/gnocchi.33c85406-6929-41ab-9656-3d08419a4460/none_v3" 201 - "PUT http://[::1]:8080/v1/AUTH_d7431f1b3e4b40fe8ff42eb83afd437e/gnocchi.33c85406-6929-41ab-9656-3d08419a4460/none_v3" "tx20081afce51e49cbb3eca-00692b92fd" "proxy-server 90231" 0.0157 "-" 97455 0
Nov 29 19:42:37 np0005539973.novalocal object-server[97452]: ::1 - - [30/Nov/2025:00:42:37 +0000] "PUT /3/197435/AUTH_d7431f1b3e4b40fe8ff42eb83afd437e/gnocchi.33c85406-6929-41ab-9656-3d08419a4460/none_v3" 201 - "PUT http://[::1]:8080/v1/AUTH_d7431f1b3e4b40fe8ff42eb83afd437e/gnocchi.33c85406-6929-41ab-9656-3d08419a4460/none_v3" "tx20081afce51e49cbb3eca-00692b92fd" "proxy-server 90231" 0.0148 "-" 97452 0
Nov 29 19:42:37 np0005539973.novalocal container-server[97151]: ::1 - - [30/Nov/2025:00:42:37 +0000] "PUT /3/48788/AUTH_d7431f1b3e4b40fe8ff42eb83afd437e/gnocchi.33c85406-6929-41ab-9656-3d08419a4460/none_v3" 201 - "PUT http://[::1]:8080/1/197435/AUTH_d7431f1b3e4b40fe8ff42eb83afd437e/gnocchi.33c85406-6929-41ab-9656-3d08419a4460/none_v3" "tx20081afce51e49cbb3eca-00692b92fd" "object-server 97455" 0.0004 "-" 97151 0
