Nov 29 19:40:53 np0005539973.novalocal container-server[97148]: ::1 - - [30/Nov/2025:00:40:53 +0000] "HEAD /1/250907/AUTH_d7431f1b3e4b40fe8ff42eb83afd437e/gnocchi.bf887d10-cf90-4b2f-9cd6-a9eda09c53cc" 404 - "HEAD http://[::1]:8080/v1/AUTH_d7431f1b3e4b40fe8ff42eb83afd437e/gnocchi.bf887d10-cf90-4b2f-9cd6-a9eda09c53cc?format=json&states=listing" "tx4ce6aa342fea4d6e9c863-00692b9295" "proxy-server 90232" 0.0002 "-" 97148 0
Nov 29 19:40:53 np0005539973.novalocal container-server[97150]: ::1 - - [30/Nov/2025:00:40:53 +0000] "HEAD /3/250907/AUTH_d7431f1b3e4b40fe8ff42eb83afd437e/gnocchi.bf887d10-cf90-4b2f-9cd6-a9eda09c53cc" 404 - "HEAD http://[::1]:8080/v1/AUTH_d7431f1b3e4b40fe8ff42eb83afd437e/gnocchi.bf887d10-cf90-4b2f-9cd6-a9eda09c53cc?format=json&states=listing" "tx4ce6aa342fea4d6e9c863-00692b9295" "proxy-server 90232" 0.0003 "-" 97150 0
Nov 29 19:40:53 np0005539973.novalocal container-server[97150]: ::1 - - [30/Nov/2025:00:40:53 +0000] "HEAD /2/250907/AUTH_d7431f1b3e4b40fe8ff42eb83afd437e/gnocchi.bf887d10-cf90-4b2f-9cd6-a9eda09c53cc" 404 - "HEAD http://[::1]:8080/v1/AUTH_d7431f1b3e4b40fe8ff42eb83afd437e/gnocchi.bf887d10-cf90-4b2f-9cd6-a9eda09c53cc?format=json&states=listing" "tx4ce6aa342fea4d6e9c863-00692b9295" "proxy-server 90232" 0.0003 "-" 97150 0
Nov 29 19:40:53 np0005539973.novalocal container-server[97149]: ::1 - - [30/Nov/2025:00:40:53 +0000] "PUT /2/17733/AUTH_d7431f1b3e4b40fe8ff42eb83afd437e/gnocchi.c7df3481-49ee-4176-8fd7-ff6329541717/1763640000.0_mean_300.0_v3" 201 - "PUT http://[::1]:8080/1/180639/AUTH_d7431f1b3e4b40fe8ff42eb83afd437e/gnocchi.c7df3481-49ee-4176-8fd7-ff6329541717/1763640000.0_mean_300.0_v3" "tx252cf2452f674e55a0f94-00692b9295" "object-server 97455" 0.0073 "-" 97149 0
Nov 29 19:40:53 np0005539973.novalocal object-server[97455]: ::1 - - [30/Nov/2025:00:40:53 +0000] "PUT /1/180639/AUTH_d7431f1b3e4b40fe8ff42eb83afd437e/gnocchi.c7df3481-49ee-4176-8fd7-ff6329541717/1763640000.0_mean_300.0_v3" 201 - "PUT http://[::1]:8080/v1/AUTH_d7431f1b3e4b40fe8ff42eb83afd437e/gnocchi.c7df3481-49ee-4176-8fd7-ff6329541717/1763640000.0_mean_300.0_v3" "tx252cf2452f674e55a0f94-00692b9295" "proxy-server 90231" 0.0274 "-" 97455 0
Nov 29 19:40:53 np0005539973.novalocal proxy-server[90231]: ::1 ::1 30/Nov/2025/00/40/53 PUT /v1/AUTH_d7431f1b3e4b40fe8ff42eb83afd437e/gnocchi.c7df3481-49ee-4176-8fd7-ff6329541717/1763640000.0_mean_300.0_v3 HTTP/1.0 201 - python-swiftclient-4.2.0 gAAAAABpK5KUEQfJ... 16 - - tx252cf2452f674e55a0f94-00692b9295 - 0.0815 - - 1764463253.704888821 1764463253.786411285 0
Nov 29 19:40:53 np0005539973.novalocal object-server[97453]: ::1 - - [30/Nov/2025:00:40:53 +0000] "GET /1/27185/AUTH_d7431f1b3e4b40fe8ff42eb83afd437e/gnocchi.bf887d10-cf90-4b2f-9cd6-a9eda09c53cc/none_v3" 404 70 "GET http://[::1]:8080/v1/AUTH_d7431f1b3e4b40fe8ff42eb83afd437e/gnocchi.bf887d10-cf90-4b2f-9cd6-a9eda09c53cc/none_v3" "tx4ce6aa342fea4d6e9c863-00692b9295" "proxy-server 90232" 0.0003 "-" 97453 0
Nov 29 19:40:53 np0005539973.novalocal object-server[97455]: ::1 - - [30/Nov/2025:00:40:53 +0000] "GET /3/27185/AUTH_d7431f1b3e4b40fe8ff42eb83afd437e/gnocchi.bf887d10-cf90-4b2f-9cd6-a9eda09c53cc/none_v3" 404 70 "GET http://[::1]:8080/v1/AUTH_d7431f1b3e4b40fe8ff42eb83afd437e/gnocchi.bf887d10-cf90-4b2f-9cd6-a9eda09c53cc/none_v3" "tx4ce6aa342fea4d6e9c863-00692b9295" "proxy-server 90232" 0.0002 "-" 97455 0
Nov 29 19:40:53 np0005539973.novalocal object-server[97455]: ::1 - - [30/Nov/2025:00:40:53 +0000] "GET /2/27185/AUTH_d7431f1b3e4b40fe8ff42eb83afd437e/gnocchi.bf887d10-cf90-4b2f-9cd6-a9eda09c53cc/none_v3" 404 70 "GET http://[::1]:8080/v1/AUTH_d7431f1b3e4b40fe8ff42eb83afd437e/gnocchi.bf887d10-cf90-4b2f-9cd6-a9eda09c53cc/none_v3" "tx4ce6aa342fea4d6e9c863-00692b9295" "proxy-server 90232" 0.0002 "-" 97455 0
Nov 29 19:40:53 np0005539973.novalocal proxy-server[90232]: ::1 ::1 30/Nov/2025/00/40/53 GET /v1/AUTH_d7431f1b3e4b40fe8ff42eb83afd437e/gnocchi.bf887d10-cf90-4b2f-9cd6-a9eda09c53cc/none_v3 HTTP/1.0 404 - python-swiftclient-4.2.0 gAAAAABpK5KUbDSc... - 70 - tx4ce6aa342fea4d6e9c863-00692b9295 - 0.0216 - - 1764463253.774577379 1764463253.796136379 0
Nov 29 19:40:53 np0005539973.novalocal container-server[97148]: ::1 - - [30/Nov/2025:00:40:53 +0000] "PUT /3/17733/AUTH_d7431f1b3e4b40fe8ff42eb83afd437e/gnocchi.c7df3481-49ee-4176-8fd7-ff6329541717/none_v3" 201 - "PUT http://[::1]:8080/1/141033/AUTH_d7431f1b3e4b40fe8ff42eb83afd437e/gnocchi.c7df3481-49ee-4176-8fd7-ff6329541717/none_v3" "tx6a2535da9d5447ba97a1f-00692b9295" "object-server 97455" 0.0004 "-" 97148 0
Nov 29 19:40:53 np0005539973.novalocal account-server[96855]: ::1 - - [30/Nov/2025:00:40:53 +0000] "PUT /1/39192/AUTH_d7431f1b3e4b40fe8ff42eb83afd437e/gnocchi.bf887d10-cf90-4b2f-9cd6-a9eda09c53cc" 201 - "PUT http://[::1]:6001/1/250907/AUTH_d7431f1b3e4b40fe8ff42eb83afd437e/gnocchi.bf887d10-cf90-4b2f-9cd6-a9eda09c53cc" "txcd379fc6f6644a2982850-00692b9295" "container-server 97149" 0.0205 "-" 96855 0
Nov 29 19:40:53 np0005539973.novalocal container-server[97149]: ::1 - - [30/Nov/2025:00:40:53 +0000] "PUT /1/17733/AUTH_d7431f1b3e4b40fe8ff42eb83afd437e/gnocchi.c7df3481-49ee-4176-8fd7-ff6329541717/none_v3" 201 - "PUT http://[::1]:8080/2/141033/AUTH_d7431f1b3e4b40fe8ff42eb83afd437e/gnocchi.c7df3481-49ee-4176-8fd7-ff6329541717/none_v3" "tx6a2535da9d5447ba97a1f-00692b9295" "object-server 97455" 0.0008 "-" 97149 0
Nov 29 19:40:53 np0005539973.novalocal container-server[97149]: ::1 - - [30/Nov/2025:00:40:53 +0000] "PUT /1/250907/AUTH_d7431f1b3e4b40fe8ff42eb83afd437e/gnocchi.bf887d10-cf90-4b2f-9cd6-a9eda09c53cc" 201 - "PUT http://[::1]:8080/v1/AUTH_d7431f1b3e4b40fe8ff42eb83afd437e/gnocchi.bf887d10-cf90-4b2f-9cd6-a9eda09c53cc" "txcd379fc6f6644a2982850-00692b9295" "proxy-server 90232" 0.1111 "-" 97149 0
Nov 29 19:40:53 np0005539973.novalocal container-server[97149]: ::1 - - [30/Nov/2025:00:40:53 +0000] "PUT /2/17733/AUTH_d7431f1b3e4b40fe8ff42eb83afd437e/gnocchi.c7df3481-49ee-4176-8fd7-ff6329541717/none_v3" 201 - "PUT http://[::1]:8080/3/141033/AUTH_d7431f1b3e4b40fe8ff42eb83afd437e/gnocchi.c7df3481-49ee-4176-8fd7-ff6329541717/none_v3" "tx6a2535da9d5447ba97a1f-00692b9295" "object-server 97455" 0.0006 "-" 97149 0
Nov 29 19:40:53 np0005539973.novalocal object-server[97455]: ::1 - - [30/Nov/2025:00:40:53 +0000] "PUT /1/141033/AUTH_d7431f1b3e4b40fe8ff42eb83afd437e/gnocchi.c7df3481-49ee-4176-8fd7-ff6329541717/none_v3" 201 - "PUT http://[::1]:8080/v1/AUTH_d7431f1b3e4b40fe8ff42eb83afd437e/gnocchi.c7df3481-49ee-4176-8fd7-ff6329541717/none_v3" "tx6a2535da9d5447ba97a1f-00692b9295" "proxy-server 90231" 0.1168 "-" 97455 0
Nov 29 19:40:53 np0005539973.novalocal object-server[97455]: ::1 - - [30/Nov/2025:00:40:53 +0000] "PUT /2/141033/AUTH_d7431f1b3e4b40fe8ff42eb83afd437e/gnocchi.c7df3481-49ee-4176-8fd7-ff6329541717/none_v3" 201 - "PUT http://[::1]:8080/v1/AUTH_d7431f1b3e4b40fe8ff42eb83afd437e/gnocchi.c7df3481-49ee-4176-8fd7-ff6329541717/none_v3" "tx6a2535da9d5447ba97a1f-00692b9295" "proxy-server 90231" 0.1200 "-" 97455 0
Nov 29 19:40:53 np0005539973.novalocal object-server[97455]: ::1 - - [30/Nov/2025:00:40:53 +0000] "PUT /3/141033/AUTH_d7431f1b3e4b40fe8ff42eb83afd437e/gnocchi.c7df3481-49ee-4176-8fd7-ff6329541717/none_v3" 201 - "PUT http://[::1]:8080/v1/AUTH_d7431f1b3e4b40fe8ff42eb83afd437e/gnocchi.c7df3481-49ee-4176-8fd7-ff6329541717/none_v3" "tx6a2535da9d5447ba97a1f-00692b9295" "proxy-server 90231" 0.1233 "-" 97455 0
Nov 29 19:40:53 np0005539973.novalocal account-server[96856]: ::1 - - [30/Nov/2025:00:40:53 +0000] "PUT /3/39192/AUTH_d7431f1b3e4b40fe8ff42eb83afd437e/gnocchi.bf887d10-cf90-4b2f-9cd6-a9eda09c53cc" 201 - "PUT http://[::1]:6001/2/250907/AUTH_d7431f1b3e4b40fe8ff42eb83afd437e/gnocchi.bf887d10-cf90-4b2f-9cd6-a9eda09c53cc" "txcd379fc6f6644a2982850-00692b9295" "container-server 97148" 0.0161 "-" 96856 0
Nov 29 19:40:53 np0005539973.novalocal container-server[97148]: ::1 - - [30/Nov/2025:00:40:53 +0000] "PUT /2/250907/AUTH_d7431f1b3e4b40fe8ff42eb83afd437e/gnocchi.bf887d10-cf90-4b2f-9cd6-a9eda09c53cc" 201 - "PUT http://[::1]:8080/v1/AUTH_d7431f1b3e4b40fe8ff42eb83afd437e/gnocchi.bf887d10-cf90-4b2f-9cd6-a9eda09c53cc" "txcd379fc6f6644a2982850-00692b9295" "proxy-server 90232" 0.1219 "-" 97148 0
Nov 29 19:40:53 np0005539973.novalocal proxy-server[90231]: ::1 ::1 30/Nov/2025/00/40/53 PUT /v1/AUTH_d7431f1b3e4b40fe8ff42eb83afd437e/gnocchi.c7df3481-49ee-4176-8fd7-ff6329541717/none_v3 HTTP/1.0 201 - python-swiftclient-4.2.0 gAAAAABpK5KUEQfJ... 22 - - tx6a2535da9d5447ba97a1f-00692b9295 - 0.1311 - - 1764463253.801145077 1764463253.932250738 0
Nov 29 19:40:53 np0005539973.novalocal account-server[96857]: ::1 - - [30/Nov/2025:00:40:53 +0000] "PUT /2/39192/AUTH_d7431f1b3e4b40fe8ff42eb83afd437e/gnocchi.bf887d10-cf90-4b2f-9cd6-a9eda09c53cc" 201 - "PUT http://[::1]:6001/3/250907/AUTH_d7431f1b3e4b40fe8ff42eb83afd437e/gnocchi.bf887d10-cf90-4b2f-9cd6-a9eda09c53cc" "txcd379fc6f6644a2982850-00692b9295" "container-server 97151" 0.0050 "-" 96857 0
Nov 29 19:40:53 np0005539973.novalocal container-server[97151]: ::1 - - [30/Nov/2025:00:40:53 +0000] "PUT /3/250907/AUTH_d7431f1b3e4b40fe8ff42eb83afd437e/gnocchi.bf887d10-cf90-4b2f-9cd6-a9eda09c53cc" 201 - "PUT http://[::1]:8080/v1/AUTH_d7431f1b3e4b40fe8ff42eb83afd437e/gnocchi.bf887d10-cf90-4b2f-9cd6-a9eda09c53cc" "txcd379fc6f6644a2982850-00692b9295" "proxy-server 90232" 0.1212 "-" 97151 0
Nov 29 19:40:53 np0005539973.novalocal proxy-server[90232]: ::1 ::1 30/Nov/2025/00/40/53 PUT /v1/AUTH_d7431f1b3e4b40fe8ff42eb83afd437e/gnocchi.bf887d10-cf90-4b2f-9cd6-a9eda09c53cc HTTP/1.0 201 - python-swiftclient-4.2.0 gAAAAABpK5KUbDSc... - - - txcd379fc6f6644a2982850-00692b9295 - 0.1393 - - 1764463253.800158024 1764463253.939498901 0
Nov 29 19:40:53 np0005539973.novalocal container-server[97149]: ::1 - - [30/Nov/2025:00:40:53 +0000] "HEAD /2/250907/AUTH_d7431f1b3e4b40fe8ff42eb83afd437e/gnocchi.bf887d10-cf90-4b2f-9cd6-a9eda09c53cc" 204 - "HEAD http://[::1]:8080/v1/AUTH_d7431f1b3e4b40fe8ff42eb83afd437e/gnocchi.bf887d10-cf90-4b2f-9cd6-a9eda09c53cc?format=json&states=listing" "tx6920b8e554cd4e6381b5f-00692b9295" "proxy-server 90232" 0.0012 "-" 97149 0
Nov 29 19:40:53 np0005539973.novalocal container-server[97149]: ::1 - - [30/Nov/2025:00:40:53 +0000] "GET /2/250907/AUTH_d7431f1b3e4b40fe8ff42eb83afd437e/gnocchi.bf887d10-cf90-4b2f-9cd6-a9eda09c53cc" 200 2 "GET http://[::1]:8080/v1/AUTH_d7431f1b3e4b40fe8ff42eb83afd437e/gnocchi.bf887d10-cf90-4b2f-9cd6-a9eda09c53cc?format=json&states=listing" "tx6920b8e554cd4e6381b5f-00692b9295" "proxy-server 90232" 0.0019 "-" 97149 0
Nov 29 19:40:53 np0005539973.novalocal container-server[97148]: ::1 - - [30/Nov/2025:00:40:53 +0000] "HEAD /2/259055/AUTH_d7431f1b3e4b40fe8ff42eb83afd437e/gnocchi.31d5b976-2430-409c-8142-b0b0b2a29da0" 404 - "HEAD http://[::1]:8080/v1/AUTH_d7431f1b3e4b40fe8ff42eb83afd437e/gnocchi.31d5b976-2430-409c-8142-b0b0b2a29da0?format=json&states=listing" "txff6e89811a2340ada7c9b-00692b9295" "proxy-server 90231" 0.0003 "-" 97148 0
Nov 29 19:40:53 np0005539973.novalocal kernel: qbr48ff4003-4c: port 2(tap48ff4003-4c) entered disabled state
Nov 29 19:40:53 np0005539973.novalocal kernel: tap48ff4003-4c (unregistering): left allmulticast mode
Nov 29 19:40:53 np0005539973.novalocal kernel: tap48ff4003-4c (unregistering): left promiscuous mode
Nov 29 19:40:53 np0005539973.novalocal kernel: qbr48ff4003-4c: port 2(tap48ff4003-4c) entered disabled state
Nov 29 19:40:53 np0005539973.novalocal container-server[97151]: ::1 - - [30/Nov/2025:00:40:53 +0000] "HEAD /3/259055/AUTH_d7431f1b3e4b40fe8ff42eb83afd437e/gnocchi.31d5b976-2430-409c-8142-b0b0b2a29da0" 404 - "HEAD http://[::1]:8080/v1/AUTH_d7431f1b3e4b40fe8ff42eb83afd437e/gnocchi.31d5b976-2430-409c-8142-b0b0b2a29da0?format=json&states=listing" "txff6e89811a2340ada7c9b-00692b9295" "proxy-server 90231" 0.0005 "-" 97151 0
Nov 29 19:40:53 np0005539973.novalocal container-server[97149]: ::1 - - [30/Nov/2025:00:40:53 +0000] "HEAD /1/259055/AUTH_d7431f1b3e4b40fe8ff42eb83afd437e/gnocchi.31d5b976-2430-409c-8142-b0b0b2a29da0" 404 - "HEAD http://[::1]:8080/v1/AUTH_d7431f1b3e4b40fe8ff42eb83afd437e/gnocchi.31d5b976-2430-409c-8142-b0b0b2a29da0?format=json&states=listing" "txff6e89811a2340ada7c9b-00692b9295" "proxy-server 90231" 0.0003 "-" 97149 0
Nov 29 19:40:53 np0005539973.novalocal proxy-server[90232]: ::1 ::1 30/Nov/2025/00/40/53 GET /v1/AUTH_d7431f1b3e4b40fe8ff42eb83afd437e/gnocchi.bf887d10-cf90-4b2f-9cd6-a9eda09c53cc%3Fformat%3Djson%26states%3Dlisting HTTP/1.0 200 - python-swiftclient-4.2.0 gAAAAABpK5KUbDSc... - 2 - tx6920b8e554cd4e6381b5f-00692b9295 - 0.0261 - - 1764463253.942759991 1764463253.968850374 0
Nov 29 19:40:53 np0005539973.novalocal NetworkManager[856]: [1764463253.9713] device (tap48ff4003-4c): state change: activated -> unmanaged (reason 'unmanaged', managed-type: 'removed')
Nov 29 19:40:53 np0005539973.novalocal NetworkManager[856]: [1764463253.9718] device (tap48ff4003-4c): released from controller device qbr48ff4003-4c
Nov 29 19:40:53 np0005539973.novalocal object-server[97452]: ::1 - - [30/Nov/2025:00:40:53 +0000] "GET /3/98906/AUTH_d7431f1b3e4b40fe8ff42eb83afd437e/gnocchi.31d5b976-2430-409c-8142-b0b0b2a29da0/none_v3" 404 70 "GET http://[::1]:8080/v1/AUTH_d7431f1b3e4b40fe8ff42eb83afd437e/gnocchi.31d5b976-2430-409c-8142-b0b0b2a29da0/none_v3" "txff6e89811a2340ada7c9b-00692b9295" "proxy-server 90231" 0.0003 "-" 97452 0
Nov 29 19:40:53 np0005539973.novalocal object-server[97454]: ::1 - - [30/Nov/2025:00:40:53 +0000] "GET /1/98906/AUTH_d7431f1b3e4b40fe8ff42eb83afd437e/gnocchi.31d5b976-2430-409c-8142-b0b0b2a29da0/none_v3" 404 70 "GET http://[::1]:8080/v1/AUTH_d7431f1b3e4b40fe8ff42eb83afd437e/gnocchi.31d5b976-2430-409c-8142-b0b0b2a29da0/none_v3" "txff6e89811a2340ada7c9b-00692b9295" "proxy-server 90231" 0.0003 "-" 97454 0
Nov 29 19:40:53 np0005539973.novalocal systemd[1]: machine-qemu\x2d1\x2dinstance\x2d00000001.scope: Deactivated successfully.
Nov 29 19:40:53 np0005539973.novalocal systemd[1]: machine-qemu\x2d1\x2dinstance\x2d00000001.scope: Consumed 3.543s CPU time.
Nov 29 19:40:53 np0005539973.novalocal object-server[97453]: ::1 - - [30/Nov/2025:00:40:53 +0000] "GET /2/98906/AUTH_d7431f1b3e4b40fe8ff42eb83afd437e/gnocchi.31d5b976-2430-409c-8142-b0b0b2a29da0/none_v3" 404 70 "GET http://[::1]:8080/v1/AUTH_d7431f1b3e4b40fe8ff42eb83afd437e/gnocchi.31d5b976-2430-409c-8142-b0b0b2a29da0/none_v3" "txff6e89811a2340ada7c9b-00692b9295" "proxy-server 90231" 0.0002 "-" 97453 0
Nov 29 19:40:53 np0005539973.novalocal proxy-server[90231]: ::1 ::1 30/Nov/2025/00/40/53 GET /v1/AUTH_d7431f1b3e4b40fe8ff42eb83afd437e/gnocchi.31d5b976-2430-409c-8142-b0b0b2a29da0/none_v3 HTTP/1.0 404 - python-swiftclient-4.2.0 gAAAAABpK5KUEQfJ... - 70 - txff6e89811a2340ada7c9b-00692b9295 - 0.0333 - - 1764463253.955961227 1764463253.989260435 0
Nov 29 19:40:53 np0005539973.novalocal object-server[97455]: ::1 - - [30/Nov/2025:00:40:53 +0000] "GET /2/174772/AUTH_d7431f1b3e4b40fe8ff42eb83afd437e/gnocchi.bf887d10-cf90-4b2f-9cd6-a9eda09c53cc/1763640000.0_mean_300.0_v3" 404 70 "GET http://[::1]:8080/v1/AUTH_d7431f1b3e4b40fe8ff42eb83afd437e/gnocchi.bf887d10-cf90-4b2f-9cd6-a9eda09c53cc/1763640000.0_mean_300.0_v3" "txbb2eb7679914476e9d8f0-00692b9295" "proxy-server 90232" 0.0003 "-" 97455 0
Nov 29 19:40:53 np0005539973.novalocal systemd-machined[94278]: Machine qemu-1-instance-00000001 terminated.
Nov 29 19:40:53 np0005539973.novalocal object-server[97455]: ::1 - - [30/Nov/2025:00:40:53 +0000] "GET /1/174772/AUTH_d7431f1b3e4b40fe8ff42eb83afd437e/gnocchi.bf887d10-cf90-4b2f-9cd6-a9eda09c53cc/1763640000.0_mean_300.0_v3" 404 70 "GET http://[::1]:8080/v1/AUTH_d7431f1b3e4b40fe8ff42eb83afd437e/gnocchi.bf887d10-cf90-4b2f-9cd6-a9eda09c53cc/1763640000.0_mean_300.0_v3" "txbb2eb7679914476e9d8f0-00692b9295" "proxy-server 90232" 0.0002 "-" 97455 0
Nov 29 19:40:53 np0005539973.novalocal object-server[97455]: ::1 - - [30/Nov/2025:00:40:53 +0000] "GET /3/174772/AUTH_d7431f1b3e4b40fe8ff42eb83afd437e/gnocchi.bf887d10-cf90-4b2f-9cd6-a9eda09c53cc/1763640000.0_mean_300.0_v3" 404 70 "GET http://[::1]:8080/v1/AUTH_d7431f1b3e4b40fe8ff42eb83afd437e/gnocchi.bf887d10-cf90-4b2f-9cd6-a9eda09c53cc/1763640000.0_mean_300.0_v3" "txbb2eb7679914476e9d8f0-00692b9295" "proxy-server 90232" 0.0001 "-" 97455 0
Nov 29 19:40:53 np0005539973.novalocal proxy-server[90232]: ::1 ::1 30/Nov/2025/00/40/53 GET /v1/AUTH_d7431f1b3e4b40fe8ff42eb83afd437e/gnocchi.bf887d10-cf90-4b2f-9cd6-a9eda09c53cc/1763640000.0_mean_300.0_v3 HTTP/1.0 404 - python-swiftclient-4.2.0 gAAAAABpK5KUbDSc... - 70 - txbb2eb7679914476e9d8f0-00692b9295 - 0.0184 - - 1764463253.978863478 1764463253.997267962 0
Nov 29 19:40:54 np0005539973.novalocal account-server[96857]: ::1 - - [30/Nov/2025:00:40:54 +0000] "PUT /2/39192/AUTH_d7431f1b3e4b40fe8ff42eb83afd437e/gnocchi.31d5b976-2430-409c-8142-b0b0b2a29da0" 201 - "PUT http://[::1]:6001/1/259055/AUTH_d7431f1b3e4b40fe8ff42eb83afd437e/gnocchi.31d5b976-2430-409c-8142-b0b0b2a29da0" "txe8394d8e206b4a959480e-00692b9295" "container-server 97151" 0.0068 "-" 96857 0
Nov 29 19:40:54 np0005539973.novalocal account-server[96855]: ::1 - - [30/Nov/2025:00:40:54 +0000] "PUT /1/39192/AUTH_d7431f1b3e4b40fe8ff42eb83afd437e/gnocchi.31d5b976-2430-409c-8142-b0b0b2a29da0" 201 - "PUT http://[::1]:6001/3/259055/AUTH_d7431f1b3e4b40fe8ff42eb83afd437e/gnocchi.31d5b976-2430-409c-8142-b0b0b2a29da0" "txe8394d8e206b4a959480e-00692b9295" "container-server 97150" 0.0066 "-" 96855 0
Nov 29 19:40:54 np0005539973.novalocal container-server[97150]: ::1 - - [30/Nov/2025:00:40:54 +0000] "PUT /3/259055/AUTH_d7431f1b3e4b40fe8ff42eb83afd437e/gnocchi.31d5b976-2430-409c-8142-b0b0b2a29da0" 201 - "PUT http://[::1]:8080/v1/AUTH_d7431f1b3e4b40fe8ff42eb83afd437e/gnocchi.31d5b976-2430-409c-8142-b0b0b2a29da0" "txe8394d8e206b4a959480e-00692b9295" "proxy-server 90231" 0.0195 "-" 97150 0
Nov 29 19:40:54 np0005539973.novalocal container-server[97151]: ::1 - - [30/Nov/2025:00:40:54 +0000] "PUT /1/259055/AUTH_d7431f1b3e4b40fe8ff42eb83afd437e/gnocchi.31d5b976-2430-409c-8142-b0b0b2a29da0" 201 - "PUT http://[::1]:8080/v1/AUTH_d7431f1b3e4b40fe8ff42eb83afd437e/gnocchi.31d5b976-2430-409c-8142-b0b0b2a29da0" "txe8394d8e206b4a959480e-00692b9295" "proxy-server 90231" 0.0214 "-" 97151 0
Nov 29 19:40:54 np0005539973.novalocal container-server[97148]: ::1 - - [30/Nov/2025:00:40:54 +0000] "PUT /1/250907/AUTH_d7431f1b3e4b40fe8ff42eb83afd437e/gnocchi.bf887d10-cf90-4b2f-9cd6-a9eda09c53cc/1763640000.0_mean_300.0_v3" 201 - "PUT http://[::1]:8080/1/174772/AUTH_d7431f1b3e4b40fe8ff42eb83afd437e/gnocchi.bf887d10-cf90-4b2f-9cd6-a9eda09c53cc/1763640000.0_mean_300.0_v3" "txb1311ea112dc4c5a81a71-00692b9295" "object-server 97455" 0.0005 "-" 97148 0
Nov 29 19:40:54 np0005539973.novalocal object-server[97455]: ::1 - - [30/Nov/2025:00:40:54 +0000] "PUT /1/174772/AUTH_d7431f1b3e4b40fe8ff42eb83afd437e/gnocchi.bf887d10-cf90-4b2f-9cd6-a9eda09c53cc/1763640000.0_mean_300.0_v3" 201 - "PUT http://[::1]:8080/v1/AUTH_d7431f1b3e4b40fe8ff42eb83afd437e/gnocchi.bf887d10-cf90-4b2f-9cd6-a9eda09c53cc/1763640000.0_mean_300.0_v3" "txb1311ea112dc4c5a81a71-00692b9295" "proxy-server 90232" 0.0165 "-" 97455 0
Nov 29 19:40:54 np0005539973.novalocal container-server[97148]: ::1 - - [30/Nov/2025:00:40:54 +0000] "PUT /3/250907/AUTH_d7431f1b3e4b40fe8ff42eb83afd437e/gnocchi.bf887d10-cf90-4b2f-9cd6-a9eda09c53cc/1763640000.0_mean_300.0_v3" 201 - "PUT http://[::1]:8080/2/174772/AUTH_d7431f1b3e4b40fe8ff42eb83afd437e/gnocchi.bf887d10-cf90-4b2f-9cd6-a9eda09c53cc/1763640000.0_mean_300.0_v3" "txb1311ea112dc4c5a81a71-00692b9295" "object-server 97452" 0.0003 "-" 97148 0
Nov 29 19:40:54 np0005539973.novalocal container-server[97151]: ::1 - - [30/Nov/2025:00:40:54 +0000] "PUT /2/250907/AUTH_d7431f1b3e4b40fe8ff42eb83afd437e/gnocchi.bf887d10-cf90-4b2f-9cd6-a9eda09c53cc/1763640000.0_mean_300.0_v3" 201 - "PUT http://[::1]:8080/3/174772/AUTH_d7431f1b3e4b40fe8ff42eb83afd437e/gnocchi.bf887d10-cf90-4b2f-9cd6-a9eda09c53cc/1763640000.0_mean_300.0_v3" "txb1311ea112dc4c5a81a71-00692b9295" "object-server 97455" 0.0009 "-" 97151 0
Nov 29 19:40:54 np0005539973.novalocal object-server[97452]: ::1 - - [30/Nov/2025:00:40:54 +0000] "PUT /2/174772/AUTH_d7431f1b3e4b40fe8ff42eb83afd437e/gnocchi.bf887d10-cf90-4b2f-9cd6-a9eda09c53cc/1763640000.0_mean_300.0_v3" 201 - "PUT http://[::1]:8080/v1/AUTH_d7431f1b3e4b40fe8ff42eb83afd437e/gnocchi.bf887d10-cf90-4b2f-9cd6-a9eda09c53cc/1763640000.0_mean_300.0_v3" "txb1311ea112dc4c5a81a71-00692b9295" "proxy-server 90232" 0.0145 "-" 97452 0
Nov 29 19:40:54 np0005539973.novalocal account-server[96856]: ::1 - - [30/Nov/2025:00:40:54 +0000] "PUT /3/39192/AUTH_d7431f1b3e4b40fe8ff42eb83afd437e/gnocchi.31d5b976-2430-409c-8142-b0b0b2a29da0" 201 - "PUT http://[::1]:6001/2/259055/AUTH_d7431f1b3e4b40fe8ff42eb83afd437e/gnocchi.31d5b976-2430-409c-8142-b0b0b2a29da0" "txe8394d8e206b4a959480e-00692b9295" "container-server 97149" 0.0118 "-" 96856 0
Nov 29 19:40:54 np0005539973.novalocal object-server[97455]: ::1 - - [30/Nov/2025:00:40:54 +0000] "PUT /3/174772/AUTH_d7431f1b3e4b40fe8ff42eb83afd437e/gnocchi.bf887d10-cf90-4b2f-9cd6-a9eda09c53cc/1763640000.0_mean_300.0_v3" 201 - "PUT http://[::1]:8080/v1/AUTH_d7431f1b3e4b40fe8ff42eb83afd437e/gnocchi.bf887d10-cf90-4b2f-9cd6-a9eda09c53cc/1763640000.0_mean_300.0_v3" "txb1311ea112dc4c5a81a71-00692b9295" "proxy-server 90232" 0.0174 "-" 97455 0
Nov 29 19:40:54 np0005539973.novalocal container-server[97149]: ::1 - - [30/Nov/2025:00:40:54 +0000] "PUT /2/259055/AUTH_d7431f1b3e4b40fe8ff42eb83afd437e/gnocchi.31d5b976-2430-409c-8142-b0b0b2a29da0" 201 - "PUT http://[::1]:8080/v1/AUTH_d7431f1b3e4b40fe8ff42eb83afd437e/gnocchi.31d5b976-2430-409c-8142-b0b0b2a29da0" "txe8394d8e206b4a959480e-00692b9295" "proxy-server 90231" 0.0276 "-" 97149 0
Nov 29 19:40:54 np0005539973.novalocal proxy-server[90232]: ::1 ::1 30/Nov/2025/00/40/54 PUT /v1/AUTH_d7431f1b3e4b40fe8ff42eb83afd437e/gnocchi.bf887d10-cf90-4b2f-9cd6-a9eda09c53cc/1763640000.0_mean_300.0_v3 HTTP/1.0 201 - python-swiftclient-4.2.0 gAAAAABpK5KUbDSc... 16 - - txb1311ea112dc4c5a81a71-00692b9295 - 0.0246 - - 1764463253.999982119 1764463254.024564266 0
Nov 29 19:40:54 np0005539973.novalocal proxy-server[90231]: ::1 ::1 30/Nov/2025/00/40/54 PUT /v1/AUTH_d7431f1b3e4b40fe8ff42eb83afd437e/gnocchi.31d5b976-2430-409c-8142-b0b0b2a29da0 HTTP/1.0 201 - python-swiftclient-4.2.0 gAAAAABpK5KUEQfJ... - - - txe8394d8e206b4a959480e-00692b9295 - 0.0339 - - 1764463253.991753578 1764463254.025618315 0
Nov 29 19:40:54 np0005539973.novalocal container-server[97149]: ::1 - - [30/Nov/2025:00:40:54 +0000] "HEAD /1/259055/AUTH_d7431f1b3e4b40fe8ff42eb83afd437e/gnocchi.31d5b976-2430-409c-8142-b0b0b2a29da0" 204 - "HEAD http://[::1]:8080/v1/AUTH_d7431f1b3e4b40fe8ff42eb83afd437e/gnocchi.31d5b976-2430-409c-8142-b0b0b2a29da0?format=json&states=listing" "txfd7484c8364a4581acf17-00692b9296" "proxy-server 90231" 0.0017 "-" 97149 0
Nov 29 19:40:54 np0005539973.novalocal container-server[97151]: ::1 - - [30/Nov/2025:00:40:54 +0000] "GET /3/259055/AUTH_d7431f1b3e4b40fe8ff42eb83afd437e/gnocchi.31d5b976-2430-409c-8142-b0b0b2a29da0" 200 2 "GET http://[::1]:8080/v1/AUTH_d7431f1b3e4b40fe8ff42eb83afd437e/gnocchi.31d5b976-2430-409c-8142-b0b0b2a29da0?format=json&states=listing" "txfd7484c8364a4581acf17-00692b9296" "proxy-server 90231" 0.0031 "-" 97151 0
Nov 29 19:40:54 np0005539973.novalocal proxy-server[90231]: ::1 ::1 30/Nov/2025/00/40/54 GET /v1/AUTH_d7431f1b3e4b40fe8ff42eb83afd437e/gnocchi.31d5b976-2430-409c-8142-b0b0b2a29da0%3Fformat%3Djson%26states%3Dlisting HTTP/1.0 200 - python-swiftclient-4.2.0 gAAAAABpK5KUEQfJ... - 2 - txfd7484c8364a4581acf17-00692b9296 - 0.0172 - - 1764463254.028110027 1764463254.045342445 0
Nov 29 19:40:54 np0005539973.novalocal container-server[97151]: ::1 - - [30/Nov/2025:00:40:54 +0000] "PUT /2/250907/AUTH_d7431f1b3e4b40fe8ff42eb83afd437e/gnocchi.bf887d10-cf90-4b2f-9cd6-a9eda09c53cc/none_v3" 201 - "PUT http://[::1]:8080/1/27185/AUTH_d7431f1b3e4b40fe8ff42eb83afd437e/gnocchi.bf887d10-cf90-4b2f-9cd6-a9eda09c53cc/none_v3" "tx37fb792ebc874cdb83bb6-00692b9296" "object-server 97453" 0.0008 "-" 97151 0
Nov 29 19:40:54 np0005539973.novalocal object-server[97453]: ::1 - - [30/Nov/2025:00:40:54 +0000] "PUT /1/27185/AUTH_d7431f1b3e4b40fe8ff42eb83afd437e/gnocchi.bf887d10-cf90-4b2f-9cd6-a9eda09c53cc/none_v3" 201 - "PUT http://[::1]:8080/v1/AUTH_d7431f1b3e4b40fe8ff42eb83afd437e/gnocchi.bf887d10-cf90-4b2f-9cd6-a9eda09c53cc/none_v3" "tx37fb792ebc874cdb83bb6-00692b9296" "proxy-server 90232" 0.0132 "-" 97453 0
Nov 29 19:40:54 np0005539973.novalocal container-server[97151]: ::1 - - [30/Nov/2025:00:40:54 +0000] "PUT /3/250907/AUTH_d7431f1b3e4b40fe8ff42eb83afd437e/gnocchi.bf887d10-cf90-4b2f-9cd6-a9eda09c53cc/none_v3" 201 - "PUT http://[::1]:8080/2/27185/AUTH_d7431f1b3e4b40fe8ff42eb83afd437e/gnocchi.bf887d10-cf90-4b2f-9cd6-a9eda09c53cc/none_v3" "tx37fb792ebc874cdb83bb6-00692b9296" "object-server 97455" 0.0005 "-" 97151 0
Nov 29 19:40:54 np0005539973.novalocal container-server[97148]: ::1 - - [30/Nov/2025:00:40:54 +0000] "PUT /1/250907/AUTH_d7431f1b3e4b40fe8ff42eb83afd437e/gnocchi.bf887d10-cf90-4b2f-9cd6-a9eda09c53cc/none_v3" 201 - "PUT http://[::1]:8080/3/27185/AUTH_d7431f1b3e4b40fe8ff42eb83afd437e/gnocchi.bf887d10-cf90-4b2f-9cd6-a9eda09c53cc/none_v3" "tx37fb792ebc874cdb83bb6-00692b9296" "object-server 97454" 0.0005 "-" 97148 0
Nov 29 19:40:54 np0005539973.novalocal object-server[97455]: ::1 - - [30/Nov/2025:00:40:54 +0000] "PUT /2/27185/AUTH_d7431f1b3e4b40fe8ff42eb83afd437e/gnocchi.bf887d10-cf90-4b2f-9cd6-a9eda09c53cc/none_v3" 201 - "PUT http://[::1]:8080/v1/AUTH_d7431f1b3e4b40fe8ff42eb83afd437e/gnocchi.bf887d10-cf90-4b2f-9cd6-a9eda09c53cc/none_v3" "tx37fb792ebc874cdb83bb6-00692b9296" "proxy-server 90232" 0.0140 "-" 97455 0
Nov 29 19:40:54 np0005539973.novalocal object-server[97454]: ::1 - - [30/Nov/2025:00:40:54 +0000] "PUT /3/27185/AUTH_d7431f1b3e4b40fe8ff42eb83afd437e/gnocchi.bf887d10-cf90-4b2f-9cd6-a9eda09c53cc/none_v3" 201 - "PUT http://[::1]:8080/v1/AUTH_d7431f1b3e4b40fe8ff42eb83afd437e/gnocchi.bf887d10-cf90-4b2f-9cd6-a9eda09c53cc/none_v3" "tx37fb792ebc874cdb83bb6-00692b9296" "proxy-server 90232" 0.0169 "-" 97454 0
Nov 29 19:40:54 np0005539973.novalocal proxy-server[90232]: ::1 ::1 30/Nov/2025/00/40/54 PUT /v1/AUTH_d7431f1b3e4b40fe8ff42eb83afd437e/gnocchi.bf887d10-cf90-4b2f-9cd6-a9eda09c53cc/none_v3 HTTP/1.0 201 - python-swiftclient-4.2.0 gAAAAABpK5KUbDSc... 22 - - tx37fb792ebc874cdb83bb6-00692b9296 - 0.0256 - - 1764463254.028198004 1764463254.053796530 0
Nov 29 19:40:54 np0005539973.novalocal object-server[97452]: ::1 - - [30/Nov/2025:00:40:54 +0000] "GET /1/63459/AUTH_d7431f1b3e4b40fe8ff42eb83afd437e/gnocchi.31d5b976-2430-409c-8142-b0b0b2a29da0/1763640000.0_mean_300.0_v3" 404 70 "GET http://[::1]:8080/v1/AUTH_d7431f1b3e4b40fe8ff42eb83afd437e/gnocchi.31d5b976-2430-409c-8142-b0b0b2a29da0/1763640000.0_mean_300.0_v3" "txa97e8b164f2744f88ba7c-00692b9296" "proxy-server 90231" 0.0003 "-" 97452 0
Nov 29 19:40:54 np0005539973.novalocal object-server[97454]: ::1 - - [30/Nov/2025:00:40:54 +0000] "GET /2/63459/AUTH_d7431f1b3e4b40fe8ff42eb83afd437e/gnocchi.31d5b976-2430-409c-8142-b0b0b2a29da0/1763640000.0_mean_300.0_v3" 404 70 "GET http://[::1]:8080/v1/AUTH_d7431f1b3e4b40fe8ff42eb83afd437e/gnocchi.31d5b976-2430-409c-8142-b0b0b2a29da0/1763640000.0_mean_300.0_v3" "txa97e8b164f2744f88ba7c-00692b9296" "proxy-server 90231" 0.0003 "-" 97454 0
Nov 29 19:40:54 np0005539973.novalocal object-server[97454]: ::1 - - [30/Nov/2025:00:40:54 +0000] "GET /3/63459/AUTH_d7431f1b3e4b40fe8ff42eb83afd437e/gnocchi.31d5b976-2430-409c-8142-b0b0b2a29da0/1763640000.0_mean_300.0_v3" 404 70 "GET http://[::1]:8080/v1/AUTH_d7431f1b3e4b40fe8ff42eb83afd437e/gnocchi.31d5b976-2430-409c-8142-b0b0b2a29da0/1763640000.0_mean_300.0_v3" "txa97e8b164f2744f88ba7c-00692b9296" "proxy-server 90231" 0.0001 "-" 97454 0
Nov 29 19:40:54 np0005539973.novalocal proxy-server[90231]: ::1 ::1 30/Nov/2025/00/40/54 GET /v1/AUTH_d7431f1b3e4b40fe8ff42eb83afd437e/gnocchi.31d5b976-2430-409c-8142-b0b0b2a29da0/1763640000.0_mean_300.0_v3 HTTP/1.0 404 - python-swiftclient-4.2.0 gAAAAABpK5KUEQfJ... - 70 - txa97e8b164f2744f88ba7c-00692b9296 - 0.0126 - - 1764463254.048397779 1764463254.060993910 0
Nov 29 19:40:54 np0005539973.novalocal container-server[97150]: ::1 - - [30/Nov/2025:00:40:54 +0000] "HEAD /3/33566/AUTH_d7431f1b3e4b40fe8ff42eb83afd437e/gnocchi.cae81822-618f-41a2-9bbf-fd38d3413d43" 404 - "HEAD http://[::1]:8080/v1/AUTH_d7431f1b3e4b40fe8ff42eb83afd437e/gnocchi.cae81822-618f-41a2-9bbf-fd38d3413d43?format=json&states=listing" "txba980bdd915644cc914c2-00692b9296" "proxy-server 90232" 0.0004 "-" 97150 0
Nov 29 19:40:54 np0005539973.novalocal container-server[97150]: ::1 - - [30/Nov/2025:00:40:54 +0000] "HEAD /2/33566/AUTH_d7431f1b3e4b40fe8ff42eb83afd437e/gnocchi.cae81822-618f-41a2-9bbf-fd38d3413d43" 404 - "HEAD http://[::1]:8080/v1/AUTH_d7431f1b3e4b40fe8ff42eb83afd437e/gnocchi.cae81822-618f-41a2-9bbf-fd38d3413d43?format=json&states=listing" "txba980bdd915644cc914c2-00692b9296" "proxy-server 90232" 0.0003 "-" 97150 0
Nov 29 19:40:54 np0005539973.novalocal container-server[97149]: ::1 - - [30/Nov/2025:00:40:54 +0000] "HEAD /1/33566/AUTH_d7431f1b3e4b40fe8ff42eb83afd437e/gnocchi.cae81822-618f-41a2-9bbf-fd38d3413d43" 404 - "HEAD http://[::1]:8080/v1/AUTH_d7431f1b3e4b40fe8ff42eb83afd437e/gnocchi.cae81822-618f-41a2-9bbf-fd38d3413d43?format=json&states=listing" "txba980bdd915644cc914c2-00692b9296" "proxy-server 90232" 0.0005 "-" 97149 0
Nov 29 19:40:54 np0005539973.novalocal container-server[97149]: ::1 - - [30/Nov/2025:00:40:54 +0000] "PUT /3/259055/AUTH_d7431f1b3e4b40fe8ff42eb83afd437e/gnocchi.31d5b976-2430-409c-8142-b0b0b2a29da0/1763640000.0_mean_300.0_v3" 201 - "PUT http://[::1]:8080/3/63459/AUTH_d7431f1b3e4b40fe8ff42eb83afd437e/gnocchi.31d5b976-2430-409c-8142-b0b0b2a29da0/1763640000.0_mean_300.0_v3" "txcfb58ddb58a94a459df3d-00692b9296" "object-server 97455" 0.0004 "-" 97149 0
Nov 29 19:40:54 np0005539973.novalocal container-server[97148]: ::1 - - [30/Nov/2025:00:40:54 +0000] "PUT /1/259055/AUTH_d7431f1b3e4b40fe8ff42eb83afd437e/gnocchi.31d5b976-2430-409c-8142-b0b0b2a29da0/1763640000.0_mean_300.0_v3" 201 - "PUT http://[::1]:8080/1/63459/AUTH_d7431f1b3e4b40fe8ff42eb83afd437e/gnocchi.31d5b976-2430-409c-8142-b0b0b2a29da0/1763640000.0_mean_300.0_v3" "txcfb58ddb58a94a459df3d-00692b9296" "object-server 97454" 0.0006 "-" 97148 0
Nov 29 19:40:54 np0005539973.novalocal object-server[97455]: ::1 - - [30/Nov/2025:00:40:54 +0000] "PUT /3/63459/AUTH_d7431f1b3e4b40fe8ff42eb83afd437e/gnocchi.31d5b976-2430-409c-8142-b0b0b2a29da0/1763640000.0_mean_300.0_v3" 201 - "PUT http://[::1]:8080/v1/AUTH_d7431f1b3e4b40fe8ff42eb83afd437e/gnocchi.31d5b976-2430-409c-8142-b0b0b2a29da0/1763640000.0_mean_300.0_v3" "txcfb58ddb58a94a459df3d-00692b9296" "proxy-server 90231" 0.0103 "-" 97455 0
Nov 29 19:40:54 np0005539973.novalocal container-server[97148]: ::1 - - [30/Nov/2025:00:40:54 +0000] "PUT /2/259055/AUTH_d7431f1b3e4b40fe8ff42eb83afd437e/gnocchi.31d5b976-2430-409c-8142-b0b0b2a29da0/1763640000.0_mean_300.0_v3" 201 - "PUT http://[::1]:8080/2/63459/AUTH_d7431f1b3e4b40fe8ff42eb83afd437e/gnocchi.31d5b976-2430-409c-8142-b0b0b2a29da0/1763640000.0_mean_300.0_v3" "txcfb58ddb58a94a459df3d-00692b9296" "object-server 97455" 0.0004 "-" 97148 0
Nov 29 19:40:54 np0005539973.novalocal object-server[97454]: ::1 - - [30/Nov/2025:00:40:54 +0000] "PUT /1/63459/AUTH_d7431f1b3e4b40fe8ff42eb83afd437e/gnocchi.31d5b976-2430-409c-8142-b0b0b2a29da0/1763640000.0_mean_300.0_v3" 201 - "PUT http://[::1]:8080/v1/AUTH_d7431f1b3e4b40fe8ff42eb83afd437e/gnocchi.31d5b976-2430-409c-8142-b0b0b2a29da0/1763640000.0_mean_300.0_v3" "txcfb58ddb58a94a459df3d-00692b9296" "proxy-server 90231" 0.0111 "-" 97454 0
Nov 29 19:40:54 np0005539973.novalocal object-server[97455]: ::1 - - [30/Nov/2025:00:40:54 +0000] "PUT /2/63459/AUTH_d7431f1b3e4b40fe8ff42eb83afd437e/gnocchi.31d5b976-2430-409c-8142-b0b0b2a29da0/1763640000.0_mean_300.0_v3" 201 - "PUT http://[::1]:8080/v1/AUTH_d7431f1b3e4b40fe8ff42eb83afd437e/gnocchi.31d5b976-2430-409c-8142-b0b0b2a29da0/1763640000.0_mean_300.0_v3" "txcfb58ddb58a94a459df3d-00692b9296" "proxy-server 90231" 0.0111 "-" 97455 0
Nov 29 19:40:54 np0005539973.novalocal proxy-server[90231]: ::1 ::1 30/Nov/2025/00/40/54 PUT /v1/AUTH_d7431f1b3e4b40fe8ff42eb83afd437e/gnocchi.31d5b976-2430-409c-8142-b0b0b2a29da0/1763640000.0_mean_300.0_v3 HTTP/1.0 201 - python-swiftclient-4.2.0 gAAAAABpK5KUEQfJ... 16 - - txcfb58ddb58a94a459df3d-00692b9296 - 0.0221 - - 1764463254.063690186 1764463254.085799217 0
Nov 29 19:40:54 np0005539973.novalocal object-server[97453]: ::1 - - [30/Nov/2025:00:40:54 +0000] "GET /3/2280/AUTH_d7431f1b3e4b40fe8ff42eb83afd437e/gnocchi.cae81822-618f-41a2-9bbf-fd38d3413d43/none_v3" 404 70 "GET http://[::1]:8080/v1/AUTH_d7431f1b3e4b40fe8ff42eb83afd437e/gnocchi.cae81822-618f-41a2-9bbf-fd38d3413d43/none_v3" "txba980bdd915644cc914c2-00692b9296" "proxy-server 90232" 0.0003 "-" 97453 0
Nov 29 19:40:54 np0005539973.novalocal object-server[97455]: ::1 - - [30/Nov/2025:00:40:54 +0000] "GET /1/2280/AUTH_d7431f1b3e4b40fe8ff42eb83afd437e/gnocchi.cae81822-618f-41a2-9bbf-fd38d3413d43/none_v3" 404 70 "GET http://[::1]:8080/v1/AUTH_d7431f1b3e4b40fe8ff42eb83afd437e/gnocchi.cae81822-618f-41a2-9bbf-fd38d3413d43/none_v3" "txba980bdd915644cc914c2-00692b9296" "proxy-server 90232" 0.0004 "-" 97455 0
Nov 29 19:40:54 np0005539973.novalocal object-server[97452]: ::1 - - [30/Nov/2025:00:40:54 +0000] "GET /2/2280/AUTH_d7431f1b3e4b40fe8ff42eb83afd437e/gnocchi.cae81822-618f-41a2-9bbf-fd38d3413d43/none_v3" 404 70 "GET http://[::1]:8080/v1/AUTH_d7431f1b3e4b40fe8ff42eb83afd437e/gnocchi.cae81822-618f-41a2-9bbf-fd38d3413d43/none_v3" "txba980bdd915644cc914c2-00692b9296" "proxy-server 90232" 0.0003 "-" 97452 0
Nov 29 19:40:54 np0005539973.novalocal proxy-server[90232]: ::1 ::1 30/Nov/2025/00/40/54 GET /v1/AUTH_d7431f1b3e4b40fe8ff42eb83afd437e/gnocchi.cae81822-618f-41a2-9bbf-fd38d3413d43/none_v3 HTTP/1.0 404 - python-swiftclient-4.2.0 gAAAAABpK5KUbDSc... - 70 - txba980bdd915644cc914c2-00692b9296 - 0.0322 - - 1764463254.063884020 1764463254.096093416 0
Nov 29 19:40:54 np0005539973.novalocal container-server[97148]: ::1 - - [30/Nov/2025:00:40:54 +0000] "PUT /3/259055/AUTH_d7431f1b3e4b40fe8ff42eb83afd437e/gnocchi.31d5b976-2430-409c-8142-b0b0b2a29da0/none_v3" 201 - "PUT http://[::1]:8080/1/98906/AUTH_d7431f1b3e4b40fe8ff42eb83afd437e/gnocchi.31d5b976-2430-409c-8142-b0b0b2a29da0/none_v3" "txab7b2d56ccdf4940ab4f2-00692b9296" "object-server 97452" 0.0004 "-" 97148 0
Nov 29 19:40:54 np0005539973.novalocal object-server[97452]: ::1 - - [30/Nov/2025:00:40:54 +0000] "PUT /1/98906/AUTH_d7431f1b3e4b40fe8ff42eb83afd437e/gnocchi.31d5b976-2430-409c-8142-b0b0b2a29da0/none_v3" 201 - "PUT http://[::1]:8080/v1/AUTH_d7431f1b3e4b40fe8ff42eb83afd437e/gnocchi.31d5b976-2430-409c-8142-b0b0b2a29da0/none_v3" "txab7b2d56ccdf4940ab4f2-00692b9296" "proxy-server 90231" 0.0176 "-" 97452 0
Nov 29 19:40:54 np0005539973.novalocal container-server[97149]: ::1 - - [30/Nov/2025:00:40:54 +0000] "PUT /2/259055/AUTH_d7431f1b3e4b40fe8ff42eb83afd437e/gnocchi.31d5b976-2430-409c-8142-b0b0b2a29da0/none_v3" 201 - "PUT http://[::1]:8080/3/98906/AUTH_d7431f1b3e4b40fe8ff42eb83afd437e/gnocchi.31d5b976-2430-409c-8142-b0b0b2a29da0/none_v3" "txab7b2d56ccdf4940ab4f2-00692b9296" "object-server 97452" 0.0005 "-" 97149 0
Nov 29 19:40:54 np0005539973.novalocal account-server[96856]: ::1 - - [30/Nov/2025:00:40:54 +0000] "PUT /3/39192/AUTH_d7431f1b3e4b40fe8ff42eb83afd437e/gnocchi.cae81822-618f-41a2-9bbf-fd38d3413d43" 201 - "PUT http://[::1]:6001/1/33566/AUTH_d7431f1b3e4b40fe8ff42eb83afd437e/gnocchi.cae81822-618f-41a2-9bbf-fd38d3413d43" "tx11f7b23ed787448490c27-00692b9296" "container-server 97150" 0.0038 "-" 96856 0
Nov 29 19:40:54 np0005539973.novalocal object-server[97452]: ::1 - - [30/Nov/2025:00:40:54 +0000] "PUT /3/98906/AUTH_d7431f1b3e4b40fe8ff42eb83afd437e/gnocchi.31d5b976-2430-409c-8142-b0b0b2a29da0/none_v3" 201 - "PUT http://[::1]:8080/v1/AUTH_d7431f1b3e4b40fe8ff42eb83afd437e/gnocchi.31d5b976-2430-409c-8142-b0b0b2a29da0/none_v3" "txab7b2d56ccdf4940ab4f2-00692b9296" "proxy-server 90231" 0.0175 "-" 97452 0
Nov 29 19:40:54 np0005539973.novalocal container-server[97150]: ::1 - - [30/Nov/2025:00:40:54 +0000] "PUT /1/33566/AUTH_d7431f1b3e4b40fe8ff42eb83afd437e/gnocchi.cae81822-618f-41a2-9bbf-fd38d3413d43" 201 - "PUT http://[::1]:8080/v1/AUTH_d7431f1b3e4b40fe8ff42eb83afd437e/gnocchi.cae81822-618f-41a2-9bbf-fd38d3413d43" "tx11f7b23ed787448490c27-00692b9296" "proxy-server 90232" 0.0149 "-" 97150 0
Nov 29 19:40:54 np0005539973.novalocal container-server[97151]: ::1 - - [30/Nov/2025:00:40:54 +0000] "PUT /1/259055/AUTH_d7431f1b3e4b40fe8ff42eb83afd437e/gnocchi.31d5b976-2430-409c-8142-b0b0b2a29da0/none_v3" 201 - "PUT http://[::1]:8080/2/98906/AUTH_d7431f1b3e4b40fe8ff42eb83afd437e/gnocchi.31d5b976-2430-409c-8142-b0b0b2a29da0/none_v3" "txab7b2d56ccdf4940ab4f2-00692b9296" "object-server 97453" 0.0004 "-" 97151 0
Nov 29 19:40:54 np0005539973.novalocal object-server[97453]: ::1 - - [30/Nov/2025:00:40:54 +0000] "PUT /2/98906/AUTH_d7431f1b3e4b40fe8ff42eb83afd437e/gnocchi.31d5b976-2430-409c-8142-b0b0b2a29da0/none_v3" 201 - "PUT http://[::1]:8080/v1/AUTH_d7431f1b3e4b40fe8ff42eb83afd437e/gnocchi.31d5b976-2430-409c-8142-b0b0b2a29da0/none_v3" "txab7b2d56ccdf4940ab4f2-00692b9296" "proxy-server 90231" 0.0268 "-" 97453 0
Nov 29 19:40:54 np0005539973.novalocal proxy-server[90231]: ::1 ::1 30/Nov/2025/00/40/54 PUT /v1/AUTH_d7431f1b3e4b40fe8ff42eb83afd437e/gnocchi.31d5b976-2430-409c-8142-b0b0b2a29da0/none_v3 HTTP/1.0 201 - python-swiftclient-4.2.0 gAAAAABpK5KUEQfJ... 22 - - txab7b2d56ccdf4940ab4f2-00692b9296 - 0.0384 - - 1764463254.088167429 1764463254.126527786 0
Nov 29 19:40:54 np0005539973.novalocal account-server[96857]: ::1 - - [30/Nov/2025:00:40:54 +0000] "PUT /1/39192/AUTH_d7431f1b3e4b40fe8ff42eb83afd437e/gnocchi.cae81822-618f-41a2-9bbf-fd38d3413d43" 201 - "PUT http://[::1]:6001/2/33566/AUTH_d7431f1b3e4b40fe8ff42eb83afd437e/gnocchi.cae81822-618f-41a2-9bbf-fd38d3413d43" "tx11f7b23ed787448490c27-00692b9296" "container-server 97151" 0.0040 "-" 96857 0
Nov 29 19:40:54 np0005539973.novalocal container-server[97151]: ::1 - - [30/Nov/2025:00:40:54 +0000] "PUT /2/33566/AUTH_d7431f1b3e4b40fe8ff42eb83afd437e/gnocchi.cae81822-618f-41a2-9bbf-fd38d3413d43" 201 - "PUT http://[::1]:8080/v1/AUTH_d7431f1b3e4b40fe8ff42eb83afd437e/gnocchi.cae81822-618f-41a2-9bbf-fd38d3413d43" "tx11f7b23ed787448490c27-00692b9296" "proxy-server 90232" 0.0250 "-" 97151 0
Nov 29 19:40:54 np0005539973.novalocal account-server[96857]: ::1 - - [30/Nov/2025:00:40:54 +0000] "PUT /2/39192/AUTH_d7431f1b3e4b40fe8ff42eb83afd437e/gnocchi.cae81822-618f-41a2-9bbf-fd38d3413d43" 201 - "PUT http://[::1]:6001/3/33566/AUTH_d7431f1b3e4b40fe8ff42eb83afd437e/gnocchi.cae81822-618f-41a2-9bbf-fd38d3413d43" "tx11f7b23ed787448490c27-00692b9296" "container-server 97151" 0.0032 "-" 96857 0
Nov 29 19:40:54 np0005539973.novalocal container-server[97151]: ::1 - - [30/Nov/2025:00:40:54 +0000] "PUT /3/33566/AUTH_d7431f1b3e4b40fe8ff42eb83afd437e/gnocchi.cae81822-618f-41a2-9bbf-fd38d3413d43" 201 - "PUT http://[::1]:8080/v1/AUTH_d7431f1b3e4b40fe8ff42eb83afd437e/gnocchi.cae81822-618f-41a2-9bbf-fd38d3413d43" "tx11f7b23ed787448490c27-00692b9296" "proxy-server 90232" 0.0182 "-" 97151 0
Nov 29 19:40:54 np0005539973.novalocal proxy-server[90232]: ::1 ::1 30/Nov/2025/00/40/54 PUT /v1/AUTH_d7431f1b3e4b40fe8ff42eb83afd437e/gnocchi.cae81822-618f-41a2-9bbf-fd38d3413d43 HTTP/1.0 201 - python-swiftclient-4.2.0 gAAAAABpK5KUbDSc... - - - tx11f7b23ed787448490c27-00692b9296 - 0.0346 - - 1764463254.098466396 1764463254.133101225 0
Nov 29 19:40:54 np0005539973.novalocal container-server[97150]: ::1 - - [30/Nov/2025:00:40:54 +0000] "HEAD /2/33566/AUTH_d7431f1b3e4b40fe8ff42eb83afd437e/gnocchi.cae81822-618f-41a2-9bbf-fd38d3413d43" 204 - "HEAD http://[::1]:8080/v1/AUTH_d7431f1b3e4b40fe8ff42eb83afd437e/gnocchi.cae81822-618f-41a2-9bbf-fd38d3413d43?format=json&states=listing" "tx00632213187d479aada80-00692b9296" "proxy-server 90232" 0.0011 "-" 97150 0
Nov 29 19:40:54 np0005539973.novalocal container-server[97150]: ::1 - - [30/Nov/2025:00:40:54 +0000] "HEAD /1/217927/AUTH_d7431f1b3e4b40fe8ff42eb83afd437e/gnocchi.70058cf5-6094-4034-bd83-971c2cd4caa7" 404 - "HEAD http://[::1]:8080/v1/AUTH_d7431f1b3e4b40fe8ff42eb83afd437e/gnocchi.70058cf5-6094-4034-bd83-971c2cd4caa7?format=json&states=listing" "txd499940690284d9a893d4-00692b9296" "proxy-server 90231" 0.0002 "-" 97150 0
Nov 29 19:40:54 np0005539973.novalocal container-server[97148]: ::1 - - [30/Nov/2025:00:40:54 +0000] "HEAD /3/217927/AUTH_d7431f1b3e4b40fe8ff42eb83afd437e/gnocchi.70058cf5-6094-4034-bd83-971c2cd4caa7" 404 - "HEAD http://[::1]:8080/v1/AUTH_d7431f1b3e4b40fe8ff42eb83afd437e/gnocchi.70058cf5-6094-4034-bd83-971c2cd4caa7?format=json&states=listing" "txd499940690284d9a893d4-00692b9296" "proxy-server 90231" 0.0003 "-" 97148 0
Nov 29 19:40:54 np0005539973.novalocal container-server[97149]: ::1 - - [30/Nov/2025:00:40:54 +0000] "HEAD /2/217927/AUTH_d7431f1b3e4b40fe8ff42eb83afd437e/gnocchi.70058cf5-6094-4034-bd83-971c2cd4caa7" 404 - "HEAD http://[::1]:8080/v1/AUTH_d7431f1b3e4b40fe8ff42eb83afd437e/gnocchi.70058cf5-6094-4034-bd83-971c2cd4caa7?format=json&states=listing" "txd499940690284d9a893d4-00692b9296" "proxy-server 90231" 0.0003 "-" 97149 0
Nov 29 19:40:54 np0005539973.novalocal container-server[97150]: ::1 - - [30/Nov/2025:00:40:54 +0000] "GET /1/33566/AUTH_d7431f1b3e4b40fe8ff42eb83afd437e/gnocchi.cae81822-618f-41a2-9bbf-fd38d3413d43" 200 2 "GET http://[::1]:8080/v1/AUTH_d7431f1b3e4b40fe8ff42eb83afd437e/gnocchi.cae81822-618f-41a2-9bbf-fd38d3413d43?format=json&states=listing" "tx00632213187d479aada80-00692b9296" "proxy-server 90232" 0.0017 "-" 97150 0
Nov 29 19:40:54 np0005539973.novalocal proxy-server[90232]: ::1 ::1 30/Nov/2025/00/40/54 GET /v1/AUTH_d7431f1b3e4b40fe8ff42eb83afd437e/gnocchi.cae81822-618f-41a2-9bbf-fd38d3413d43%3Fformat%3Djson%26states%3Dlisting HTTP/1.0 200 - python-swiftclient-4.2.0 gAAAAABpK5KUbDSc... - 2 - tx00632213187d479aada80-00692b9296 - 0.0127 - - 1764463254.136048794 1764463254.148786783 0
Nov 29 19:40:54 np0005539973.novalocal object-server[97454]: ::1 - - [30/Nov/2025:00:40:54 +0000] "GET /1/177131/AUTH_d7431f1b3e4b40fe8ff42eb83afd437e/gnocchi.70058cf5-6094-4034-bd83-971c2cd4caa7/none_v3" 404 70 "GET http://[::1]:8080/v1/AUTH_d7431f1b3e4b40fe8ff42eb83afd437e/gnocchi.70058cf5-6094-4034-bd83-971c2cd4caa7/none_v3" "txd499940690284d9a893d4-00692b9296" "proxy-server 90231" 0.0003 "-" 97454 0
Nov 29 19:40:54 np0005539973.novalocal object-server[97452]: ::1 - - [30/Nov/2025:00:40:54 +0000] "GET /3/177131/AUTH_d7431f1b3e4b40fe8ff42eb83afd437e/gnocchi.70058cf5-6094-4034-bd83-971c2cd4caa7/none_v3" 404 70 "GET http://[::1]:8080/v1/AUTH_d7431f1b3e4b40fe8ff42eb83afd437e/gnocchi.70058cf5-6094-4034-bd83-971c2cd4caa7/none_v3" "txd499940690284d9a893d4-00692b9296" "proxy-server 90231" 0.0003 "-" 97452 0
Nov 29 19:40:54 np0005539973.novalocal object-server[97452]: ::1 - - [30/Nov/2025:00:40:54 +0000] "GET /2/177131/AUTH_d7431f1b3e4b40fe8ff42eb83afd437e/gnocchi.70058cf5-6094-4034-bd83-971c2cd4caa7/none_v3" 404 70 "GET http://[::1]:8080/v1/AUTH_d7431f1b3e4b40fe8ff42eb83afd437e/gnocchi.70058cf5-6094-4034-bd83-971c2cd4caa7/none_v3" "txd499940690284d9a893d4-00692b9296" "proxy-server 90231" 0.0001 "-" 97452 0
Nov 29 19:40:54 np0005539973.novalocal object-server[97455]: ::1 - - [30/Nov/2025:00:40:54 +0000] "GET /2/21081/AUTH_d7431f1b3e4b40fe8ff42eb83afd437e/gnocchi.cae81822-618f-41a2-9bbf-fd38d3413d43/1763640000.0_mean_300.0_v3" 404 70 "GET http://[::1]:8080/v1/AUTH_d7431f1b3e4b40fe8ff42eb83afd437e/gnocchi.cae81822-618f-41a2-9bbf-fd38d3413d43/1763640000.0_mean_300.0_v3" "txf103b980d3dd47af9b431-00692b9296" "proxy-server 90232" 0.0003 "-" 97455 0
Nov 29 19:40:54 np0005539973.novalocal proxy-server[90231]: ::1 ::1 30/Nov/2025/00/40/54 GET /v1/AUTH_d7431f1b3e4b40fe8ff42eb83afd437e/gnocchi.70058cf5-6094-4034-bd83-971c2cd4caa7/none_v3 HTTP/1.0 404 - python-swiftclient-4.2.0 gAAAAABpK5KUEQfJ... - 70 - txd499940690284d9a893d4-00692b9296 - 0.0178 - - 1764463254.138007879 1764463254.155803204 0
Nov 29 19:40:54 np0005539973.novalocal object-server[97452]: ::1 - - [30/Nov/2025:00:40:54 +0000] "GET /1/21081/AUTH_d7431f1b3e4b40fe8ff42eb83afd437e/gnocchi.cae81822-618f-41a2-9bbf-fd38d3413d43/1763640000.0_mean_300.0_v3" 404 70 "GET http://[::1]:8080/v1/AUTH_d7431f1b3e4b40fe8ff42eb83afd437e/gnocchi.cae81822-618f-41a2-9bbf-fd38d3413d43/1763640000.0_mean_300.0_v3" "txf103b980d3dd47af9b431-00692b9296" "proxy-server 90232" 0.0001 "-" 97452 0
Nov 29 19:40:54 np0005539973.novalocal object-server[97453]: ::1 - - [30/Nov/2025:00:40:54 +0000] "GET /3/21081/AUTH_d7431f1b3e4b40fe8ff42eb83afd437e/gnocchi.cae81822-618f-41a2-9bbf-fd38d3413d43/1763640000.0_mean_300.0_v3" 404 70 "GET http://[::1]:8080/v1/AUTH_d7431f1b3e4b40fe8ff42eb83afd437e/gnocchi.cae81822-618f-41a2-9bbf-fd38d3413d43/1763640000.0_mean_300.0_v3" "txf103b980d3dd47af9b431-00692b9296" "proxy-server 90232" 0.0002 "-" 97453 0
Nov 29 19:40:54 np0005539973.novalocal proxy-server[90232]: ::1 ::1 30/Nov/2025/00/40/54 GET /v1/AUTH_d7431f1b3e4b40fe8ff42eb83afd437e/gnocchi.cae81822-618f-41a2-9bbf-fd38d3413d43/1763640000.0_mean_300.0_v3 HTTP/1.0 404 - python-swiftclient-4.2.0 gAAAAABpK5KUbDSc... - 70 - txf103b980d3dd47af9b431-00692b9296 - 0.0085 - - 1764463254.151566505 1764463254.160091400 0
Nov 29 19:40:54 np0005539973.novalocal container-server[97149]: ::1 - - [30/Nov/2025:00:40:54 +0000] "PUT /1/33566/AUTH_d7431f1b3e4b40fe8ff42eb83afd437e/gnocchi.cae81822-618f-41a2-9bbf-fd38d3413d43/1763640000.0_mean_300.0_v3" 201 - "PUT http://[::1]:8080/1/21081/AUTH_d7431f1b3e4b40fe8ff42eb83afd437e/gnocchi.cae81822-618f-41a2-9bbf-fd38d3413d43/1763640000.0_mean_300.0_v3" "tx20604b91a2444cc49e26e-00692b9296" "object-server 97453" 0.0008 "-" 97149 0
Nov 29 19:40:54 np0005539973.novalocal container-server[97150]: ::1 - - [30/Nov/2025:00:40:54 +0000] "PUT /2/33566/AUTH_d7431f1b3e4b40fe8ff42eb83afd437e/gnocchi.cae81822-618f-41a2-9bbf-fd38d3413d43/1763640000.0_mean_300.0_v3" 201 - "PUT http://[::1]:8080/3/21081/AUTH_d7431f1b3e4b40fe8ff42eb83afd437e/gnocchi.cae81822-618f-41a2-9bbf-fd38d3413d43/1763640000.0_mean_300.0_v3" "tx20604b91a2444cc49e26e-00692b9296" "object-server 97454" 0.0005 "-" 97150 0
Nov 29 19:40:54 np0005539973.novalocal object-server[97453]: ::1 - - [30/Nov/2025:00:40:54 +0000] "PUT /1/21081/AUTH_d7431f1b3e4b40fe8ff42eb83afd437e/gnocchi.cae81822-618f-41a2-9bbf-fd38d3413d43/1763640000.0_mean_300.0_v3" 201 - "PUT http://[::1]:8080/v1/AUTH_d7431f1b3e4b40fe8ff42eb83afd437e/gnocchi.cae81822-618f-41a2-9bbf-fd38d3413d43/1763640000.0_mean_300.0_v3" "tx20604b91a2444cc49e26e-00692b9296" "proxy-server 90232" 0.0116 "-" 97453 0
Nov 29 19:40:54 np0005539973.novalocal object-server[97454]: ::1 - - [30/Nov/2025:00:40:54 +0000] "PUT /3/21081/AUTH_d7431f1b3e4b40fe8ff42eb83afd437e/gnocchi.cae81822-618f-41a2-9bbf-fd38d3413d43/1763640000.0_mean_300.0_v3" 201 - "PUT http://[::1]:8080/v1/AUTH_d7431f1b3e4b40fe8ff42eb83afd437e/gnocchi.cae81822-618f-41a2-9bbf-fd38d3413d43/1763640000.0_mean_300.0_v3" "tx20604b91a2444cc49e26e-00692b9296" "proxy-server 90232" 0.0122 "-" 97454 0
Nov 29 19:40:54 np0005539973.novalocal account-server[96857]: ::1 - - [30/Nov/2025:00:40:54 +0000] "PUT /1/39192/AUTH_d7431f1b3e4b40fe8ff42eb83afd437e/gnocchi.70058cf5-6094-4034-bd83-971c2cd4caa7" 201 - "PUT http://[::1]:6001/1/217927/AUTH_d7431f1b3e4b40fe8ff42eb83afd437e/gnocchi.70058cf5-6094-4034-bd83-971c2cd4caa7" "txfd7508f8e69342bf8ba37-00692b9296" "container-server 97151" 0.0040 "-" 96857 0
Nov 29 19:40:54 np0005539973.novalocal kernel: qvb48ff4003-4c: left allmulticast mode
Nov 29 19:40:54 np0005539973.novalocal kernel: qvb48ff4003-4c: left promiscuous mode
Nov 29 19:40:54 np0005539973.novalocal kernel: qbr48ff4003-4c: port 1(qvb48ff4003-4c) entered disabled state
Nov 29 19:40:54 np0005539973.novalocal container-server[97151]: ::1 - - [30/Nov/2025:00:40:54 +0000] "PUT /3/33566/AUTH_d7431f1b3e4b40fe8ff42eb83afd437e/gnocchi.cae81822-618f-41a2-9bbf-fd38d3413d43/1763640000.0_mean_300.0_v3" 201 - "PUT http://[::1]:8080/2/21081/AUTH_d7431f1b3e4b40fe8ff42eb83afd437e/gnocchi.cae81822-618f-41a2-9bbf-fd38d3413d43/1763640000.0_mean_300.0_v3" "tx20604b91a2444cc49e26e-00692b9296" "object-server 97455" 0.0005 "-" 97151 0
Nov 29 19:40:54 np0005539973.novalocal object-server[97455]: ::1 - - [30/Nov/2025:00:40:54 +0000] "PUT /2/21081/AUTH_d7431f1b3e4b40fe8ff42eb83afd437e/gnocchi.cae81822-618f-41a2-9bbf-fd38d3413d43/1763640000.0_mean_300.0_v3" 201 - "PUT http://[::1]:8080/v1/AUTH_d7431f1b3e4b40fe8ff42eb83afd437e/gnocchi.cae81822-618f-41a2-9bbf-fd38d3413d43/1763640000.0_mean_300.0_v3" "tx20604b91a2444cc49e26e-00692b9296" "proxy-server 90232" 0.0569 "-" 97455 0
Nov 29 19:40:54 np0005539973.novalocal container-server[97151]: ::1 - - [30/Nov/2025:00:40:54 +0000] "PUT /1/217927/AUTH_d7431f1b3e4b40fe8ff42eb83afd437e/gnocchi.70058cf5-6094-4034-bd83-971c2cd4caa7" 201 - "PUT http://[::1]:8080/v1/AUTH_d7431f1b3e4b40fe8ff42eb83afd437e/gnocchi.70058cf5-6094-4034-bd83-971c2cd4caa7" "txfd7508f8e69342bf8ba37-00692b9296" "proxy-server 90231" 0.0608 "-" 97151 0
Nov 29 19:40:54 np0005539973.novalocal proxy-server[90232]: ::1 ::1 30/Nov/2025/00/40/54 PUT /v1/AUTH_d7431f1b3e4b40fe8ff42eb83afd437e/gnocchi.cae81822-618f-41a2-9bbf-fd38d3413d43/1763640000.0_mean_300.0_v3 HTTP/1.0 201 - python-swiftclient-4.2.0 gAAAAABpK5KUbDSc... 16 - - tx20604b91a2444cc49e26e-00692b9296 - 0.0627 - - 1764463254.162268400 1764463254.224982500 0
Nov 29 19:40:54 np0005539973.novalocal account-server[96856]: ::1 - - [30/Nov/2025:00:40:54 +0000] "PUT /2/39192/AUTH_d7431f1b3e4b40fe8ff42eb83afd437e/gnocchi.70058cf5-6094-4034-bd83-971c2cd4caa7" 201 - "PUT http://[::1]:6001/2/217927/AUTH_d7431f1b3e4b40fe8ff42eb83afd437e/gnocchi.70058cf5-6094-4034-bd83-971c2cd4caa7" "txfd7508f8e69342bf8ba37-00692b9296" "container-server 97151" 0.0036 "-" 96856 0
