Nov 29 19:42:30 np0005539973.novalocal account-server[96856]: ::1 - - [30/Nov/2025:00:42:30 +0000] "PUT /1/39192/AUTH_d7431f1b3e4b40fe8ff42eb83afd437e/gnocchi.e03ddb0b-d86f-4dc7-a494-e27ad021535c" 201 - "PUT http://[::1]:6001/3/157861/AUTH_d7431f1b3e4b40fe8ff42eb83afd437e/gnocchi.e03ddb0b-d86f-4dc7-a494-e27ad021535c" "txb8bbd09d5b48428d9de02-00692b92f5" "container-server 97149" 0.0052 "-" 96856 0
Nov 29 19:42:30 np0005539973.novalocal container-server[97149]: ::1 - - [30/Nov/2025:00:42:30 +0000] "PUT /3/157861/AUTH_d7431f1b3e4b40fe8ff42eb83afd437e/gnocchi.e03ddb0b-d86f-4dc7-a494-e27ad021535c" 201 - "PUT http://[::1]:8080/v1/AUTH_d7431f1b3e4b40fe8ff42eb83afd437e/gnocchi.e03ddb0b-d86f-4dc7-a494-e27ad021535c" "txb8bbd09d5b48428d9de02-00692b92f5" "proxy-server 90231" 0.0368 "-" 97149 0
Nov 29 19:42:30 np0005539973.novalocal container-server[97148]: ::1 - - [30/Nov/2025:00:42:30 +0000] "GET /2/251411/AUTH_d7431f1b3e4b40fe8ff42eb83afd437e/gnocchi.db578100-c516-4b73-9426-df66dba95aab" 200 2 "GET http://[::1]:8080/v1/AUTH_d7431f1b3e4b40fe8ff42eb83afd437e/gnocchi.db578100-c516-4b73-9426-df66dba95aab?format=json&states=listing" "txa6d39170e6114d628bf89-00692b92f6" "proxy-server 90232" 0.0019 "-" 97148 0
Nov 29 19:42:30 np0005539973.novalocal proxy-server[90231]: ::1 ::1 30/Nov/2025/00/42/30 PUT /v1/AUTH_d7431f1b3e4b40fe8ff42eb83afd437e/gnocchi.e03ddb0b-d86f-4dc7-a494-e27ad021535c HTTP/1.0 201 - python-swiftclient-4.2.0 gAAAAABpK5KUEQfJ... - - - txb8bbd09d5b48428d9de02-00692b92f5 - 0.0698 - - 1764463349.958857536 1764463350.028620481 0
Nov 29 19:42:30 np0005539973.novalocal proxy-server[90232]: ::1 ::1 30/Nov/2025/00/42/30 GET /v1/AUTH_d7431f1b3e4b40fe8ff42eb83afd437e/gnocchi.db578100-c516-4b73-9426-df66dba95aab%3Fformat%3Djson%26states%3Dlisting HTTP/1.0 200 - python-swiftclient-4.2.0 gAAAAABpK5KUbDSc... - 2 - txa6d39170e6114d628bf89-00692b92f6 - 0.0156 - - 1764463350.014394999 1764463350.030012369 0
Nov 29 19:42:30 np0005539973.novalocal container-server[97150]: ::1 - - [30/Nov/2025:00:42:30 +0000] "HEAD /2/157861/AUTH_d7431f1b3e4b40fe8ff42eb83afd437e/gnocchi.e03ddb0b-d86f-4dc7-a494-e27ad021535c" 204 - "HEAD http://[::1]:8080/v1/AUTH_d7431f1b3e4b40fe8ff42eb83afd437e/gnocchi.e03ddb0b-d86f-4dc7-a494-e27ad021535c?format=json&states=listing" "tx981ea3113e2e46e99a27d-00692b92f6" "proxy-server 90231" 0.0013 "-" 97150 0
Nov 29 19:42:30 np0005539973.novalocal object-server[97455]: ::1 - - [30/Nov/2025:00:42:30 +0000] "GET /1/89158/AUTH_d7431f1b3e4b40fe8ff42eb83afd437e/gnocchi.db578100-c516-4b73-9426-df66dba95aab/1763640000.0_mean_300.0_v3" 404 70 "GET http://[::1]:8080/v1/AUTH_d7431f1b3e4b40fe8ff42eb83afd437e/gnocchi.db578100-c516-4b73-9426-df66dba95aab/1763640000.0_mean_300.0_v3" "tx8d262ad1e03c41fdb8e45-00692b92f6" "proxy-server 90232" 0.0003 "-" 97455 0
Nov 29 19:42:30 np0005539973.novalocal object-server[97454]: ::1 - - [30/Nov/2025:00:42:30 +0000] "GET /3/89158/AUTH_d7431f1b3e4b40fe8ff42eb83afd437e/gnocchi.db578100-c516-4b73-9426-df66dba95aab/1763640000.0_mean_300.0_v3" 404 70 "GET http://[::1]:8080/v1/AUTH_d7431f1b3e4b40fe8ff42eb83afd437e/gnocchi.db578100-c516-4b73-9426-df66dba95aab/1763640000.0_mean_300.0_v3" "tx8d262ad1e03c41fdb8e45-00692b92f6" "proxy-server 90232" 0.0003 "-" 97454 0
Nov 29 19:42:30 np0005539973.novalocal container-server[97149]: ::1 - - [30/Nov/2025:00:42:30 +0000] "GET /1/157861/AUTH_d7431f1b3e4b40fe8ff42eb83afd437e/gnocchi.e03ddb0b-d86f-4dc7-a494-e27ad021535c" 200 2 "GET http://[::1]:8080/v1/AUTH_d7431f1b3e4b40fe8ff42eb83afd437e/gnocchi.e03ddb0b-d86f-4dc7-a494-e27ad021535c?format=json&states=listing" "tx981ea3113e2e46e99a27d-00692b92f6" "proxy-server 90231" 0.0067 "-" 97149 0
Nov 29 19:42:30 np0005539973.novalocal object-server[97452]: ::1 - - [30/Nov/2025:00:42:30 +0000] "GET /2/89158/AUTH_d7431f1b3e4b40fe8ff42eb83afd437e/gnocchi.db578100-c516-4b73-9426-df66dba95aab/1763640000.0_mean_300.0_v3" 404 70 "GET http://[::1]:8080/v1/AUTH_d7431f1b3e4b40fe8ff42eb83afd437e/gnocchi.db578100-c516-4b73-9426-df66dba95aab/1763640000.0_mean_300.0_v3" "tx8d262ad1e03c41fdb8e45-00692b92f6" "proxy-server 90232" 0.0002 "-" 97452 0
Nov 29 19:42:30 np0005539973.novalocal proxy-server[90232]: ::1 ::1 30/Nov/2025/00/42/30 GET /v1/AUTH_d7431f1b3e4b40fe8ff42eb83afd437e/gnocchi.db578100-c516-4b73-9426-df66dba95aab/1763640000.0_mean_300.0_v3 HTTP/1.0 404 - python-swiftclient-4.2.0 gAAAAABpK5KUbDSc... - 70 - tx8d262ad1e03c41fdb8e45-00692b92f6 - 0.0146 - - 1764463350.033170462 1764463350.047814369 0
Nov 29 19:42:30 np0005539973.novalocal proxy-server[90231]: ::1 ::1 30/Nov/2025/00/42/30 GET /v1/AUTH_d7431f1b3e4b40fe8ff42eb83afd437e/gnocchi.e03ddb0b-d86f-4dc7-a494-e27ad021535c%3Fformat%3Djson%26states%3Dlisting HTTP/1.0 200 - python-swiftclient-4.2.0 gAAAAABpK5KUEQfJ... - 2 - tx981ea3113e2e46e99a27d-00692b92f6 - 0.0169 - - 1764463350.031310320 1764463350.048255205 0
Nov 29 19:42:30 np0005539973.novalocal object-server[97453]: ::1 - - [30/Nov/2025:00:42:30 +0000] "GET /1/191933/AUTH_d7431f1b3e4b40fe8ff42eb83afd437e/gnocchi.e03ddb0b-d86f-4dc7-a494-e27ad021535c/1763640000.0_mean_300.0_v3" 404 70 "GET http://[::1]:8080/v1/AUTH_d7431f1b3e4b40fe8ff42eb83afd437e/gnocchi.e03ddb0b-d86f-4dc7-a494-e27ad021535c/1763640000.0_mean_300.0_v3" "tx36ba96e1fd12415689f7f-00692b92f6" "proxy-server 90231" 0.0004 "-" 97453 0
Nov 29 19:42:30 np0005539973.novalocal object-server[97454]: ::1 - - [30/Nov/2025:00:42:30 +0000] "GET /2/191933/AUTH_d7431f1b3e4b40fe8ff42eb83afd437e/gnocchi.e03ddb0b-d86f-4dc7-a494-e27ad021535c/1763640000.0_mean_300.0_v3" 404 70 "GET http://[::1]:8080/v1/AUTH_d7431f1b3e4b40fe8ff42eb83afd437e/gnocchi.e03ddb0b-d86f-4dc7-a494-e27ad021535c/1763640000.0_mean_300.0_v3" "tx36ba96e1fd12415689f7f-00692b92f6" "proxy-server 90231" 0.0002 "-" 97454 0
Nov 29 19:42:30 np0005539973.novalocal object-server[97454]: ::1 - - [30/Nov/2025:00:42:30 +0000] "GET /3/191933/AUTH_d7431f1b3e4b40fe8ff42eb83afd437e/gnocchi.e03ddb0b-d86f-4dc7-a494-e27ad021535c/1763640000.0_mean_300.0_v3" 404 70 "GET http://[::1]:8080/v1/AUTH_d7431f1b3e4b40fe8ff42eb83afd437e/gnocchi.e03ddb0b-d86f-4dc7-a494-e27ad021535c/1763640000.0_mean_300.0_v3" "tx36ba96e1fd12415689f7f-00692b92f6" "proxy-server 90231" 0.0002 "-" 97454 0
Nov 29 19:42:30 np0005539973.novalocal container-server[97150]: ::1 - - [30/Nov/2025:00:42:30 +0000] "PUT /1/251411/AUTH_d7431f1b3e4b40fe8ff42eb83afd437e/gnocchi.db578100-c516-4b73-9426-df66dba95aab/1763640000.0_mean_300.0_v3" 201 - "PUT http://[::1]:8080/3/89158/AUTH_d7431f1b3e4b40fe8ff42eb83afd437e/gnocchi.db578100-c516-4b73-9426-df66dba95aab/1763640000.0_mean_300.0_v3" "tx5adb94bd02794d508dad9-00692b92f6" "object-server 97454" 0.0006 "-" 97150 0
Nov 29 19:42:30 np0005539973.novalocal proxy-server[90231]: ::1 ::1 30/Nov/2025/00/42/30 GET /v1/AUTH_d7431f1b3e4b40fe8ff42eb83afd437e/gnocchi.e03ddb0b-d86f-4dc7-a494-e27ad021535c/1763640000.0_mean_300.0_v3 HTTP/1.0 404 - python-swiftclient-4.2.0 gAAAAABpK5KUEQfJ... - 70 - tx36ba96e1fd12415689f7f-00692b92f6 - 0.0153 - - 1764463350.054744005 1764463350.070062637 0
Nov 29 19:42:30 np0005539973.novalocal object-server[97454]: ::1 - - [30/Nov/2025:00:42:30 +0000] "PUT /3/89158/AUTH_d7431f1b3e4b40fe8ff42eb83afd437e/gnocchi.db578100-c516-4b73-9426-df66dba95aab/1763640000.0_mean_300.0_v3" 201 - "PUT http://[::1]:8080/v1/AUTH_d7431f1b3e4b40fe8ff42eb83afd437e/gnocchi.db578100-c516-4b73-9426-df66dba95aab/1763640000.0_mean_300.0_v3" "tx5adb94bd02794d508dad9-00692b92f6" "proxy-server 90232" 0.0091 "-" 97454 0
Nov 29 19:42:30 np0005539973.novalocal container-server[97150]: ::1 - - [30/Nov/2025:00:42:30 +0000] "PUT /2/251411/AUTH_d7431f1b3e4b40fe8ff42eb83afd437e/gnocchi.db578100-c516-4b73-9426-df66dba95aab/1763640000.0_mean_300.0_v3" 201 - "PUT http://[::1]:8080/1/89158/AUTH_d7431f1b3e4b40fe8ff42eb83afd437e/gnocchi.db578100-c516-4b73-9426-df66dba95aab/1763640000.0_mean_300.0_v3" "tx5adb94bd02794d508dad9-00692b92f6" "object-server 97454" 0.0003 "-" 97150 0
Nov 29 19:42:30 np0005539973.novalocal object-server[97454]: ::1 - - [30/Nov/2025:00:42:30 +0000] "PUT /1/89158/AUTH_d7431f1b3e4b40fe8ff42eb83afd437e/gnocchi.db578100-c516-4b73-9426-df66dba95aab/1763640000.0_mean_300.0_v3" 201 - "PUT http://[::1]:8080/v1/AUTH_d7431f1b3e4b40fe8ff42eb83afd437e/gnocchi.db578100-c516-4b73-9426-df66dba95aab/1763640000.0_mean_300.0_v3" "tx5adb94bd02794d508dad9-00692b92f6" "proxy-server 90232" 0.0091 "-" 97454 0
Nov 29 19:42:30 np0005539973.novalocal container-server[97148]: ::1 - - [30/Nov/2025:00:42:30 +0000] "PUT /3/251411/AUTH_d7431f1b3e4b40fe8ff42eb83afd437e/gnocchi.db578100-c516-4b73-9426-df66dba95aab/1763640000.0_mean_300.0_v3" 201 - "PUT http://[::1]:8080/2/89158/AUTH_d7431f1b3e4b40fe8ff42eb83afd437e/gnocchi.db578100-c516-4b73-9426-df66dba95aab/1763640000.0_mean_300.0_v3" "tx5adb94bd02794d508dad9-00692b92f6" "object-server 97455" 0.0006 "-" 97148 0
Nov 29 19:42:30 np0005539973.novalocal object-server[97455]: ::1 - - [30/Nov/2025:00:42:30 +0000] "PUT /2/89158/AUTH_d7431f1b3e4b40fe8ff42eb83afd437e/gnocchi.db578100-c516-4b73-9426-df66dba95aab/1763640000.0_mean_300.0_v3" 201 - "PUT http://[::1]:8080/v1/AUTH_d7431f1b3e4b40fe8ff42eb83afd437e/gnocchi.db578100-c516-4b73-9426-df66dba95aab/1763640000.0_mean_300.0_v3" "tx5adb94bd02794d508dad9-00692b92f6" "proxy-server 90232" 0.0156 "-" 97455 0
Nov 29 19:42:30 np0005539973.novalocal proxy-server[90232]: ::1 ::1 30/Nov/2025/00/42/30 PUT /v1/AUTH_d7431f1b3e4b40fe8ff42eb83afd437e/gnocchi.db578100-c516-4b73-9426-df66dba95aab/1763640000.0_mean_300.0_v3 HTTP/1.0 201 - python-swiftclient-4.2.0 gAAAAABpK5KUbDSc... 16 - - tx5adb94bd02794d508dad9-00692b92f6 - 0.0263 - - 1764463350.050981522 1764463350.077291965 0
Nov 29 19:42:30 np0005539973.novalocal container-server[97148]: ::1 - - [30/Nov/2025:00:42:30 +0000] "PUT /1/157861/AUTH_d7431f1b3e4b40fe8ff42eb83afd437e/gnocchi.e03ddb0b-d86f-4dc7-a494-e27ad021535c/1763640000.0_mean_300.0_v3" 201 - "PUT http://[::1]:8080/2/191933/AUTH_d7431f1b3e4b40fe8ff42eb83afd437e/gnocchi.e03ddb0b-d86f-4dc7-a494-e27ad021535c/1763640000.0_mean_300.0_v3" "tx8984a1f1ae7d4b9fba98f-00692b92f6" "object-server 97454" 0.0005 "-" 97148 0
Nov 29 19:42:30 np0005539973.novalocal container-server[97151]: ::1 - - [30/Nov/2025:00:42:30 +0000] "PUT /3/251411/AUTH_d7431f1b3e4b40fe8ff42eb83afd437e/gnocchi.db578100-c516-4b73-9426-df66dba95aab/none_v3" 201 - "PUT http://[::1]:8080/3/529/AUTH_d7431f1b3e4b40fe8ff42eb83afd437e/gnocchi.db578100-c516-4b73-9426-df66dba95aab/none_v3" "txa9f2ad2ecb3a4d518c082-00692b92f6" "object-server 97452" 0.0006 "-" 97151 0
Nov 29 19:42:30 np0005539973.novalocal object-server[97454]: ::1 - - [30/Nov/2025:00:42:30 +0000] "PUT /2/191933/AUTH_d7431f1b3e4b40fe8ff42eb83afd437e/gnocchi.e03ddb0b-d86f-4dc7-a494-e27ad021535c/1763640000.0_mean_300.0_v3" 201 - "PUT http://[::1]:8080/v1/AUTH_d7431f1b3e4b40fe8ff42eb83afd437e/gnocchi.e03ddb0b-d86f-4dc7-a494-e27ad021535c/1763640000.0_mean_300.0_v3" "tx8984a1f1ae7d4b9fba98f-00692b92f6" "proxy-server 90231" 0.0147 "-" 97454 0
Nov 29 19:42:30 np0005539973.novalocal container-server[97148]: ::1 - - [30/Nov/2025:00:42:30 +0000] "PUT /3/157861/AUTH_d7431f1b3e4b40fe8ff42eb83afd437e/gnocchi.e03ddb0b-d86f-4dc7-a494-e27ad021535c/1763640000.0_mean_300.0_v3" 201 - "PUT http://[::1]:8080/1/191933/AUTH_d7431f1b3e4b40fe8ff42eb83afd437e/gnocchi.e03ddb0b-d86f-4dc7-a494-e27ad021535c/1763640000.0_mean_300.0_v3" "tx8984a1f1ae7d4b9fba98f-00692b92f6" "object-server 97453" 0.0003 "-" 97148 0
Nov 29 19:42:30 np0005539973.novalocal object-server[97453]: ::1 - - [30/Nov/2025:00:42:30 +0000] "PUT /1/191933/AUTH_d7431f1b3e4b40fe8ff42eb83afd437e/gnocchi.e03ddb0b-d86f-4dc7-a494-e27ad021535c/1763640000.0_mean_300.0_v3" 201 - "PUT http://[::1]:8080/v1/AUTH_d7431f1b3e4b40fe8ff42eb83afd437e/gnocchi.e03ddb0b-d86f-4dc7-a494-e27ad021535c/1763640000.0_mean_300.0_v3" "tx8984a1f1ae7d4b9fba98f-00692b92f6" "proxy-server 90231" 0.0170 "-" 97453 0
Nov 29 19:42:30 np0005539973.novalocal object-server[97452]: ::1 - - [30/Nov/2025:00:42:30 +0000] "PUT /3/529/AUTH_d7431f1b3e4b40fe8ff42eb83afd437e/gnocchi.db578100-c516-4b73-9426-df66dba95aab/none_v3" 201 - "PUT http://[::1]:8080/v1/AUTH_d7431f1b3e4b40fe8ff42eb83afd437e/gnocchi.db578100-c516-4b73-9426-df66dba95aab/none_v3" "txa9f2ad2ecb3a4d518c082-00692b92f6" "proxy-server 90232" 0.0161 "-" 97452 0
Nov 29 19:42:30 np0005539973.novalocal container-server[97149]: ::1 - - [30/Nov/2025:00:42:30 +0000] "PUT /2/157861/AUTH_d7431f1b3e4b40fe8ff42eb83afd437e/gnocchi.e03ddb0b-d86f-4dc7-a494-e27ad021535c/1763640000.0_mean_300.0_v3" 201 - "PUT http://[::1]:8080/3/191933/AUTH_d7431f1b3e4b40fe8ff42eb83afd437e/gnocchi.e03ddb0b-d86f-4dc7-a494-e27ad021535c/1763640000.0_mean_300.0_v3" "tx8984a1f1ae7d4b9fba98f-00692b92f6" "object-server 97452" 0.0005 "-" 97149 0
Nov 29 19:42:30 np0005539973.novalocal object-server[97452]: ::1 - - [30/Nov/2025:00:42:30 +0000] "PUT /3/191933/AUTH_d7431f1b3e4b40fe8ff42eb83afd437e/gnocchi.e03ddb0b-d86f-4dc7-a494-e27ad021535c/1763640000.0_mean_300.0_v3" 201 - "PUT http://[::1]:8080/v1/AUTH_d7431f1b3e4b40fe8ff42eb83afd437e/gnocchi.e03ddb0b-d86f-4dc7-a494-e27ad021535c/1763640000.0_mean_300.0_v3" "tx8984a1f1ae7d4b9fba98f-00692b92f6" "proxy-server 90231" 0.0204 "-" 97452 0
Nov 29 19:42:30 np0005539973.novalocal container-server[97151]: ::1 - - [30/Nov/2025:00:42:30 +0000] "PUT /1/251411/AUTH_d7431f1b3e4b40fe8ff42eb83afd437e/gnocchi.db578100-c516-4b73-9426-df66dba95aab/none_v3" 201 - "PUT http://[::1]:8080/1/529/AUTH_d7431f1b3e4b40fe8ff42eb83afd437e/gnocchi.db578100-c516-4b73-9426-df66dba95aab/none_v3" "txa9f2ad2ecb3a4d518c082-00692b92f6" "object-server 97452" 0.0004 "-" 97151 0
Nov 29 19:42:30 np0005539973.novalocal proxy-server[90231]: ::1 ::1 30/Nov/2025/00/42/30 PUT /v1/AUTH_d7431f1b3e4b40fe8ff42eb83afd437e/gnocchi.e03ddb0b-d86f-4dc7-a494-e27ad021535c/1763640000.0_mean_300.0_v3 HTTP/1.0 201 - python-swiftclient-4.2.0 gAAAAABpK5KUEQfJ... 16 - - tx8984a1f1ae7d4b9fba98f-00692b92f6 - 0.0309 - - 1764463350.074450731 1764463350.105322123 0
Nov 29 19:42:30 np0005539973.novalocal container-server[97151]: ::1 - - [30/Nov/2025:00:42:30 +0000] "PUT /2/251411/AUTH_d7431f1b3e4b40fe8ff42eb83afd437e/gnocchi.db578100-c516-4b73-9426-df66dba95aab/none_v3" 201 - "PUT http://[::1]:8080/2/529/AUTH_d7431f1b3e4b40fe8ff42eb83afd437e/gnocchi.db578100-c516-4b73-9426-df66dba95aab/none_v3" "txa9f2ad2ecb3a4d518c082-00692b92f6" "object-server 97452" 0.0007 "-" 97151 0
Nov 29 19:42:30 np0005539973.novalocal object-server[97452]: ::1 - - [30/Nov/2025:00:42:30 +0000] "PUT /1/529/AUTH_d7431f1b3e4b40fe8ff42eb83afd437e/gnocchi.db578100-c516-4b73-9426-df66dba95aab/none_v3" 201 - "PUT http://[::1]:8080/v1/AUTH_d7431f1b3e4b40fe8ff42eb83afd437e/gnocchi.db578100-c516-4b73-9426-df66dba95aab/none_v3" "txa9f2ad2ecb3a4d518c082-00692b92f6" "proxy-server 90232" 0.0199 "-" 97452 0
Nov 29 19:42:30 np0005539973.novalocal object-server[97452]: ::1 - - [30/Nov/2025:00:42:30 +0000] "PUT /2/529/AUTH_d7431f1b3e4b40fe8ff42eb83afd437e/gnocchi.db578100-c516-4b73-9426-df66dba95aab/none_v3" 201 - "PUT http://[::1]:8080/v1/AUTH_d7431f1b3e4b40fe8ff42eb83afd437e/gnocchi.db578100-c516-4b73-9426-df66dba95aab/none_v3" "txa9f2ad2ecb3a4d518c082-00692b92f6" "proxy-server 90232" 0.0200 "-" 97452 0
Nov 29 19:42:30 np0005539973.novalocal proxy-server[90232]: ::1 ::1 30/Nov/2025/00/42/30 PUT /v1/AUTH_d7431f1b3e4b40fe8ff42eb83afd437e/gnocchi.db578100-c516-4b73-9426-df66dba95aab/none_v3 HTTP/1.0 201 - python-swiftclient-4.2.0 gAAAAABpK5KUbDSc... 22 - - txa9f2ad2ecb3a4d518c082-00692b92f6 - 0.0293 - - 1764463350.080201149 1764463350.109451294 0
Nov 29 19:42:30 np0005539973.novalocal container-server[97151]: ::1 - - [30/Nov/2025:00:42:30 +0000] "HEAD /1/48788/AUTH_d7431f1b3e4b40fe8ff42eb83afd437e/gnocchi.33c85406-6929-41ab-9656-3d08419a4460" 404 - "HEAD http://[::1]:8080/v1/AUTH_d7431f1b3e4b40fe8ff42eb83afd437e/gnocchi.33c85406-6929-41ab-9656-3d08419a4460?format=json&states=listing" "txab0eb1faa7774389b54aa-00692b92f6" "proxy-server 90232" 0.0006 "-" 97151 0
Nov 29 19:42:30 np0005539973.novalocal container-server[97151]: ::1 - - [30/Nov/2025:00:42:30 +0000] "HEAD /2/48788/AUTH_d7431f1b3e4b40fe8ff42eb83afd437e/gnocchi.33c85406-6929-41ab-9656-3d08419a4460" 404 - "HEAD http://[::1]:8080/v1/AUTH_d7431f1b3e4b40fe8ff42eb83afd437e/gnocchi.33c85406-6929-41ab-9656-3d08419a4460?format=json&states=listing" "txab0eb1faa7774389b54aa-00692b92f6" "proxy-server 90232" 0.0003 "-" 97151 0
Nov 29 19:42:30 np0005539973.novalocal container-server[97148]: ::1 - - [30/Nov/2025:00:42:30 +0000] "HEAD /3/48788/AUTH_d7431f1b3e4b40fe8ff42eb83afd437e/gnocchi.33c85406-6929-41ab-9656-3d08419a4460" 404 - "HEAD http://[::1]:8080/v1/AUTH_d7431f1b3e4b40fe8ff42eb83afd437e/gnocchi.33c85406-6929-41ab-9656-3d08419a4460?format=json&states=listing" "txab0eb1faa7774389b54aa-00692b92f6" "proxy-server 90232" 0.0004 "-" 97148 0
Nov 29 19:42:30 np0005539973.novalocal container-server[97149]: ::1 - - [30/Nov/2025:00:42:30 +0000] "PUT /1/157861/AUTH_d7431f1b3e4b40fe8ff42eb83afd437e/gnocchi.e03ddb0b-d86f-4dc7-a494-e27ad021535c/none_v3" 201 - "PUT http://[::1]:8080/3/164785/AUTH_d7431f1b3e4b40fe8ff42eb83afd437e/gnocchi.e03ddb0b-d86f-4dc7-a494-e27ad021535c/none_v3" "tx781823e25eb54da787fd2-00692b92f6" "object-server 97455" 0.0006 "-" 97149 0
Nov 29 19:42:30 np0005539973.novalocal container-server[97150]: ::1 - - [30/Nov/2025:00:42:30 +0000] "PUT /3/157861/AUTH_d7431f1b3e4b40fe8ff42eb83afd437e/gnocchi.e03ddb0b-d86f-4dc7-a494-e27ad021535c/none_v3" 201 - "PUT http://[::1]:8080/2/164785/AUTH_d7431f1b3e4b40fe8ff42eb83afd437e/gnocchi.e03ddb0b-d86f-4dc7-a494-e27ad021535c/none_v3" "tx781823e25eb54da787fd2-00692b92f6" "object-server 97454" 0.0005 "-" 97150 0
Nov 29 19:42:30 np0005539973.novalocal object-server[97455]: ::1 - - [30/Nov/2025:00:42:30 +0000] "PUT /3/164785/AUTH_d7431f1b3e4b40fe8ff42eb83afd437e/gnocchi.e03ddb0b-d86f-4dc7-a494-e27ad021535c/none_v3" 201 - "PUT http://[::1]:8080/v1/AUTH_d7431f1b3e4b40fe8ff42eb83afd437e/gnocchi.e03ddb0b-d86f-4dc7-a494-e27ad021535c/none_v3" "tx781823e25eb54da787fd2-00692b92f6" "proxy-server 90231" 0.0106 "-" 97455 0
Nov 29 19:42:30 np0005539973.novalocal object-server[97454]: ::1 - - [30/Nov/2025:00:42:30 +0000] "PUT /2/164785/AUTH_d7431f1b3e4b40fe8ff42eb83afd437e/gnocchi.e03ddb0b-d86f-4dc7-a494-e27ad021535c/none_v3" 201 - "PUT http://[::1]:8080/v1/AUTH_d7431f1b3e4b40fe8ff42eb83afd437e/gnocchi.e03ddb0b-d86f-4dc7-a494-e27ad021535c/none_v3" "tx781823e25eb54da787fd2-00692b92f6" "proxy-server 90231" 0.0125 "-" 97454 0
Nov 29 19:42:30 np0005539973.novalocal object-server[97452]: ::1 - - [30/Nov/2025:00:42:30 +0000] "GET /2/197435/AUTH_d7431f1b3e4b40fe8ff42eb83afd437e/gnocchi.33c85406-6929-41ab-9656-3d08419a4460/none_v3" 404 70 "GET http://[::1]:8080/v1/AUTH_d7431f1b3e4b40fe8ff42eb83afd437e/gnocchi.33c85406-6929-41ab-9656-3d08419a4460/none_v3" "txab0eb1faa7774389b54aa-00692b92f6" "proxy-server 90232" 0.0003 "-" 97452 0
Nov 29 19:42:30 np0005539973.novalocal container-server[97148]: ::1 - - [30/Nov/2025:00:42:30 +0000] "PUT /2/157861/AUTH_d7431f1b3e4b40fe8ff42eb83afd437e/gnocchi.e03ddb0b-d86f-4dc7-a494-e27ad021535c/none_v3" 201 - "PUT http://[::1]:8080/1/164785/AUTH_d7431f1b3e4b40fe8ff42eb83afd437e/gnocchi.e03ddb0b-d86f-4dc7-a494-e27ad021535c/none_v3" "tx781823e25eb54da787fd2-00692b92f6" "object-server 97455" 0.0004 "-" 97148 0
Nov 29 19:42:30 np0005539973.novalocal object-server[97455]: ::1 - - [30/Nov/2025:00:42:30 +0000] "PUT /1/164785/AUTH_d7431f1b3e4b40fe8ff42eb83afd437e/gnocchi.e03ddb0b-d86f-4dc7-a494-e27ad021535c/none_v3" 201 - "PUT http://[::1]:8080/v1/AUTH_d7431f1b3e4b40fe8ff42eb83afd437e/gnocchi.e03ddb0b-d86f-4dc7-a494-e27ad021535c/none_v3" "tx781823e25eb54da787fd2-00692b92f6" "proxy-server 90231" 0.0143 "-" 97455 0
Nov 29 19:42:30 np0005539973.novalocal object-server[97454]: ::1 - - [30/Nov/2025:00:42:30 +0000] "GET /1/197435/AUTH_d7431f1b3e4b40fe8ff42eb83afd437e/gnocchi.33c85406-6929-41ab-9656-3d08419a4460/none_v3" 404 70 "GET http://[::1]:8080/v1/AUTH_d7431f1b3e4b40fe8ff42eb83afd437e/gnocchi.33c85406-6929-41ab-9656-3d08419a4460/none_v3" "txab0eb1faa7774389b54aa-00692b92f6" "proxy-server 90232" 0.0003 "-" 97454 0
Nov 29 19:42:30 np0005539973.novalocal proxy-server[90231]: ::1 ::1 30/Nov/2025/00/42/30 PUT /v1/AUTH_d7431f1b3e4b40fe8ff42eb83afd437e/gnocchi.e03ddb0b-d86f-4dc7-a494-e27ad021535c/none_v3 HTTP/1.0 201 - python-swiftclient-4.2.0 gAAAAABpK5KUEQfJ... 22 - - tx781823e25eb54da787fd2-00692b92f6 - 0.0312 - - 1764463350.107496738 1764463350.138675213 0
Nov 29 19:42:30 np0005539973.novalocal object-server[97455]: ::1 - - [30/Nov/2025:00:42:30 +0000] "GET /3/197435/AUTH_d7431f1b3e4b40fe8ff42eb83afd437e/gnocchi.33c85406-6929-41ab-9656-3d08419a4460/none_v3" 404 70 "GET http://[::1]:8080/v1/AUTH_d7431f1b3e4b40fe8ff42eb83afd437e/gnocchi.33c85406-6929-41ab-9656-3d08419a4460/none_v3" "txab0eb1faa7774389b54aa-00692b92f6" "proxy-server 90232" 0.0002 "-" 97455 0
Nov 29 19:42:30 np0005539973.novalocal proxy-server[90232]: ::1 ::1 30/Nov/2025/00/42/30 GET /v1/AUTH_d7431f1b3e4b40fe8ff42eb83afd437e/gnocchi.33c85406-6929-41ab-9656-3d08419a4460/none_v3 HTTP/1.0 404 - python-swiftclient-4.2.0 gAAAAABpK5KUbDSc... - 70 - txab0eb1faa7774389b54aa-00692b92f6 - 0.0217 - - 1764463350.119560957 1764463350.141297340 0
Nov 29 19:42:30 np0005539973.novalocal container-server[97149]: ::1 - - [30/Nov/2025:00:42:30 +0000] "HEAD /1/201989/AUTH_d7431f1b3e4b40fe8ff42eb83afd437e/gnocchi.b7824be1-289c-4967-8850-3f18a8bd67e4" 404 - "HEAD http://[::1]:8080/v1/AUTH_d7431f1b3e4b40fe8ff42eb83afd437e/gnocchi.b7824be1-289c-4967-8850-3f18a8bd67e4?format=json&states=listing" "tx09e765cbe3334b7683889-00692b92f6" "proxy-server 90231" 0.0003 "-" 97149 0
Nov 29 19:42:30 np0005539973.novalocal container-server[97148]: ::1 - - [30/Nov/2025:00:42:30 +0000] "HEAD /2/201989/AUTH_d7431f1b3e4b40fe8ff42eb83afd437e/gnocchi.b7824be1-289c-4967-8850-3f18a8bd67e4" 404 - "HEAD http://[::1]:8080/v1/AUTH_d7431f1b3e4b40fe8ff42eb83afd437e/gnocchi.b7824be1-289c-4967-8850-3f18a8bd67e4?format=json&states=listing" "tx09e765cbe3334b7683889-00692b92f6" "proxy-server 90231" 0.0003 "-" 97148 0
Nov 29 19:42:30 np0005539973.novalocal account-server[96855]: ::1 - - [30/Nov/2025:00:42:30 +0000] "PUT /1/39192/AUTH_d7431f1b3e4b40fe8ff42eb83afd437e/gnocchi.33c85406-6929-41ab-9656-3d08419a4460" 201 - "PUT http://[::1]:6001/2/48788/AUTH_d7431f1b3e4b40fe8ff42eb83afd437e/gnocchi.33c85406-6929-41ab-9656-3d08419a4460" "txe1af94ddbadf448f92e43-00692b92f6" "container-server 97149" 0.0085 "-" 96855 0
Nov 29 19:42:30 np0005539973.novalocal container-server[97149]: ::1 - - [30/Nov/2025:00:42:30 +0000] "PUT /2/48788/AUTH_d7431f1b3e4b40fe8ff42eb83afd437e/gnocchi.33c85406-6929-41ab-9656-3d08419a4460" 201 - "PUT http://[::1]:8080/v1/AUTH_d7431f1b3e4b40fe8ff42eb83afd437e/gnocchi.33c85406-6929-41ab-9656-3d08419a4460" "txe1af94ddbadf448f92e43-00692b92f6" "proxy-server 90232" 0.0229 "-" 97149 0
Nov 29 19:42:30 np0005539973.novalocal account-server[96857]: ::1 - - [30/Nov/2025:00:42:30 +0000] "PUT /3/39192/AUTH_d7431f1b3e4b40fe8ff42eb83afd437e/gnocchi.33c85406-6929-41ab-9656-3d08419a4460" 201 - "PUT http://[::1]:6001/1/48788/AUTH_d7431f1b3e4b40fe8ff42eb83afd437e/gnocchi.33c85406-6929-41ab-9656-3d08419a4460" "txe1af94ddbadf448f92e43-00692b92f6" "container-server 97150" 0.0042 "-" 96857 0
Nov 29 19:42:30 np0005539973.novalocal container-server[97150]: ::1 - - [30/Nov/2025:00:42:30 +0000] "PUT /1/48788/AUTH_d7431f1b3e4b40fe8ff42eb83afd437e/gnocchi.33c85406-6929-41ab-9656-3d08419a4460" 201 - "PUT http://[::1]:8080/v1/AUTH_d7431f1b3e4b40fe8ff42eb83afd437e/gnocchi.33c85406-6929-41ab-9656-3d08419a4460" "txe1af94ddbadf448f92e43-00692b92f6" "proxy-server 90232" 0.0280 "-" 97150 0
Nov 29 19:42:30 np0005539973.novalocal container-server[97151]: ::1 - - [30/Nov/2025:00:42:30 +0000] "HEAD /3/201989/AUTH_d7431f1b3e4b40fe8ff42eb83afd437e/gnocchi.b7824be1-289c-4967-8850-3f18a8bd67e4" 404 - "HEAD http://[::1]:8080/v1/AUTH_d7431f1b3e4b40fe8ff42eb83afd437e/gnocchi.b7824be1-289c-4967-8850-3f18a8bd67e4?format=json&states=listing" "tx09e765cbe3334b7683889-00692b92f6" "proxy-server 90231" 0.0009 "-" 97151 0
Nov 29 19:42:30 np0005539973.novalocal account-server[96858]: ::1 - - [30/Nov/2025:00:42:30 +0000] "PUT /2/39192/AUTH_d7431f1b3e4b40fe8ff42eb83afd437e/gnocchi.33c85406-6929-41ab-9656-3d08419a4460" 201 - "PUT http://[::1]:6001/3/48788/AUTH_d7431f1b3e4b40fe8ff42eb83afd437e/gnocchi.33c85406-6929-41ab-9656-3d08419a4460" "txe1af94ddbadf448f92e43-00692b92f6" "container-server 97150" 0.0051 "-" 96858 0
Nov 29 19:42:30 np0005539973.novalocal container-server[97150]: ::1 - - [30/Nov/2025:00:42:30 +0000] "PUT /3/48788/AUTH_d7431f1b3e4b40fe8ff42eb83afd437e/gnocchi.33c85406-6929-41ab-9656-3d08419a4460" 201 - "PUT http://[::1]:8080/v1/AUTH_d7431f1b3e4b40fe8ff42eb83afd437e/gnocchi.33c85406-6929-41ab-9656-3d08419a4460" "txe1af94ddbadf448f92e43-00692b92f6" "proxy-server 90232" 0.0187 "-" 97150 0
Nov 29 19:42:30 np0005539973.novalocal proxy-server[90232]: ::1 ::1 30/Nov/2025/00/42/30 PUT /v1/AUTH_d7431f1b3e4b40fe8ff42eb83afd437e/gnocchi.33c85406-6929-41ab-9656-3d08419a4460 HTTP/1.0 201 - python-swiftclient-4.2.0 gAAAAABpK5KUbDSc... - - - txe1af94ddbadf448f92e43-00692b92f6 - 0.0357 - - 1764463350.143728018 1764463350.179466486 0
Nov 29 19:42:30 np0005539973.novalocal object-server[97453]: ::1 - - [30/Nov/2025:00:42:30 +0000] "GET /2/163841/AUTH_d7431f1b3e4b40fe8ff42eb83afd437e/gnocchi.b7824be1-289c-4967-8850-3f18a8bd67e4/none_v3" 404 70 "GET http://[::1]:8080/v1/AUTH_d7431f1b3e4b40fe8ff42eb83afd437e/gnocchi.b7824be1-289c-4967-8850-3f18a8bd67e4/none_v3" "tx09e765cbe3334b7683889-00692b92f6" "proxy-server 90231" 0.0004 "-" 97453 0
Nov 29 19:42:30 np0005539973.novalocal object-server[97453]: ::1 - - [30/Nov/2025:00:42:30 +0000] "GET /1/163841/AUTH_d7431f1b3e4b40fe8ff42eb83afd437e/gnocchi.b7824be1-289c-4967-8850-3f18a8bd67e4/none_v3" 404 70 "GET http://[::1]:8080/v1/AUTH_d7431f1b3e4b40fe8ff42eb83afd437e/gnocchi.b7824be1-289c-4967-8850-3f18a8bd67e4/none_v3" "tx09e765cbe3334b7683889-00692b92f6" "proxy-server 90231" 0.0004 "-" 97453 0
Nov 29 19:42:30 np0005539973.novalocal container-server[97148]: ::1 - - [30/Nov/2025:00:42:30 +0000] "HEAD /3/48788/AUTH_d7431f1b3e4b40fe8ff42eb83afd437e/gnocchi.33c85406-6929-41ab-9656-3d08419a4460" 204 - "HEAD http://[::1]:8080/v1/AUTH_d7431f1b3e4b40fe8ff42eb83afd437e/gnocchi.33c85406-6929-41ab-9656-3d08419a4460?format=json&states=listing" "txd9e0da2e0a7246cfb6e64-00692b92f6" "proxy-server 90232" 0.0012 "-" 97148 0
Nov 29 19:42:30 np0005539973.novalocal object-server[97453]: ::1 - - [30/Nov/2025:00:42:30 +0000] "GET /3/163841/AUTH_d7431f1b3e4b40fe8ff42eb83afd437e/gnocchi.b7824be1-289c-4967-8850-3f18a8bd67e4/none_v3" 404 70 "GET http://[::1]:8080/v1/AUTH_d7431f1b3e4b40fe8ff42eb83afd437e/gnocchi.b7824be1-289c-4967-8850-3f18a8bd67e4/none_v3" "tx09e765cbe3334b7683889-00692b92f6" "proxy-server 90231" 0.0005 "-" 97453 0
Nov 29 19:42:30 np0005539973.novalocal container-server[97151]: ::1 - - [30/Nov/2025:00:42:30 +0000] "GET /3/48788/AUTH_d7431f1b3e4b40fe8ff42eb83afd437e/gnocchi.33c85406-6929-41ab-9656-3d08419a4460" 200 2 "GET http://[::1]:8080/v1/AUTH_d7431f1b3e4b40fe8ff42eb83afd437e/gnocchi.33c85406-6929-41ab-9656-3d08419a4460?format=json&states=listing" "txd9e0da2e0a7246cfb6e64-00692b92f6" "proxy-server 90232" 0.0021 "-" 97151 0
Nov 29 19:42:30 np0005539973.novalocal proxy-server[90231]: ::1 ::1 30/Nov/2025/00/42/30 GET /v1/AUTH_d7431f1b3e4b40fe8ff42eb83afd437e/gnocchi.b7824be1-289c-4967-8850-3f18a8bd67e4/none_v3 HTTP/1.0 404 - python-swiftclient-4.2.0 gAAAAABpK5KUEQfJ... - 70 - tx09e765cbe3334b7683889-00692b92f6 - 0.0409 - - 1764463350.152154684 1764463350.193013191 0
Nov 29 19:42:30 np0005539973.novalocal proxy-server[90232]: ::1 ::1 30/Nov/2025/00/42/30 GET /v1/AUTH_d7431f1b3e4b40fe8ff42eb83afd437e/gnocchi.33c85406-6929-41ab-9656-3d08419a4460%3Fformat%3Djson%26states%3Dlisting HTTP/1.0 200 - python-swiftclient-4.2.0 gAAAAABpK5KUbDSc... - 2 - txd9e0da2e0a7246cfb6e64-00692b92f6 - 0.0116 - - 1764463350.181881666 1764463350.193432331 0
Nov 29 19:42:30 np0005539973.novalocal object-server[97454]: ::1 - - [30/Nov/2025:00:42:30 +0000] "GET /1/92009/AUTH_d7431f1b3e4b40fe8ff42eb83afd437e/gnocchi.33c85406-6929-41ab-9656-3d08419a4460/1763640000.0_mean_300.0_v3" 404 70 "GET http://[::1]:8080/v1/AUTH_d7431f1b3e4b40fe8ff42eb83afd437e/gnocchi.33c85406-6929-41ab-9656-3d08419a4460/1763640000.0_mean_300.0_v3" "tx8955a45e6f574abd9a016-00692b92f6" "proxy-server 90232" 0.0003 "-" 97454 0
Nov 29 19:42:30 np0005539973.novalocal object-server[97454]: ::1 - - [30/Nov/2025:00:42:30 +0000] "GET /3/92009/AUTH_d7431f1b3e4b40fe8ff42eb83afd437e/gnocchi.33c85406-6929-41ab-9656-3d08419a4460/1763640000.0_mean_300.0_v3" 404 70 "GET http://[::1]:8080/v1/AUTH_d7431f1b3e4b40fe8ff42eb83afd437e/gnocchi.33c85406-6929-41ab-9656-3d08419a4460/1763640000.0_mean_300.0_v3" "tx8955a45e6f574abd9a016-00692b92f6" "proxy-server 90232" 0.0002 "-" 97454 0
Nov 29 19:42:30 np0005539973.novalocal object-server[97453]: ::1 - - [30/Nov/2025:00:42:30 +0000] "GET /2/92009/AUTH_d7431f1b3e4b40fe8ff42eb83afd437e/gnocchi.33c85406-6929-41ab-9656-3d08419a4460/1763640000.0_mean_300.0_v3" 404 70 "GET http://[::1]:8080/v1/AUTH_d7431f1b3e4b40fe8ff42eb83afd437e/gnocchi.33c85406-6929-41ab-9656-3d08419a4460/1763640000.0_mean_300.0_v3" "tx8955a45e6f574abd9a016-00692b92f6" "proxy-server 90232" 0.0003 "-" 97453 0
Nov 29 19:42:30 np0005539973.novalocal account-server[96858]: ::1 - - [30/Nov/2025:00:42:30 +0000] "PUT /2/39192/AUTH_d7431f1b3e4b40fe8ff42eb83afd437e/gnocchi.b7824be1-289c-4967-8850-3f18a8bd67e4" 201 - "PUT http://[::1]:6001/1/201989/AUTH_d7431f1b3e4b40fe8ff42eb83afd437e/gnocchi.b7824be1-289c-4967-8850-3f18a8bd67e4" "txc71fa95c7c104a659ac22-00692b92f6" "container-server 97150" 0.0054 "-" 96858 0
Nov 29 19:42:30 np0005539973.novalocal container-server[97150]: ::1 - - [30/Nov/2025:00:42:30 +0000] "PUT /1/201989/AUTH_d7431f1b3e4b40fe8ff42eb83afd437e/gnocchi.b7824be1-289c-4967-8850-3f18a8bd67e4" 201 - "PUT http://[::1]:8080/v1/AUTH_d7431f1b3e4b40fe8ff42eb83afd437e/gnocchi.b7824be1-289c-4967-8850-3f18a8bd67e4" "txc71fa95c7c104a659ac22-00692b92f6" "proxy-server 90231" 0.0169 "-" 97150 0
Nov 29 19:42:30 np0005539973.novalocal proxy-server[90232]: ::1 ::1 30/Nov/2025/00/42/30 GET /v1/AUTH_d7431f1b3e4b40fe8ff42eb83afd437e/gnocchi.33c85406-6929-41ab-9656-3d08419a4460/1763640000.0_mean_300.0_v3 HTTP/1.0 404 - python-swiftclient-4.2.0 gAAAAABpK5KUbDSc... - 70 - tx8955a45e6f574abd9a016-00692b92f6 - 0.0221 - - 1764463350.197734118 1764463350.219790697 0
Nov 29 19:42:30 np0005539973.novalocal account-server[96856]: ::1 - - [30/Nov/2025:00:42:30 +0000] "PUT /3/39192/AUTH_d7431f1b3e4b40fe8ff42eb83afd437e/gnocchi.b7824be1-289c-4967-8850-3f18a8bd67e4" 201 - "PUT http://[::1]:6001/2/201989/AUTH_d7431f1b3e4b40fe8ff42eb83afd437e/gnocchi.b7824be1-289c-4967-8850-3f18a8bd67e4" "txc71fa95c7c104a659ac22-00692b92f6" "container-server 97149" 0.0056 "-" 96856 0
Nov 29 19:42:30 np0005539973.novalocal container-server[97149]: ::1 - - [30/Nov/2025:00:42:30 +0000] "PUT /2/201989/AUTH_d7431f1b3e4b40fe8ff42eb83afd437e/gnocchi.b7824be1-289c-4967-8850-3f18a8bd67e4" 201 - "PUT http://[::1]:8080/v1/AUTH_d7431f1b3e4b40fe8ff42eb83afd437e/gnocchi.b7824be1-289c-4967-8850-3f18a8bd67e4" "txc71fa95c7c104a659ac22-00692b92f6" "proxy-server 90231" 0.0288 "-" 97149 0
Nov 29 19:42:30 np0005539973.novalocal account-server[96857]: ::1 - - [30/Nov/2025:00:42:30 +0000] "PUT /1/39192/AUTH_d7431f1b3e4b40fe8ff42eb83afd437e/gnocchi.b7824be1-289c-4967-8850-3f18a8bd67e4" 201 - "PUT http://[::1]:6001/3/201989/AUTH_d7431f1b3e4b40fe8ff42eb83afd437e/gnocchi.b7824be1-289c-4967-8850-3f18a8bd67e4" "txc71fa95c7c104a659ac22-00692b92f6" "container-server 97149" 0.0100 "-" 96857 0
Nov 29 19:42:30 np0005539973.novalocal container-server[97149]: ::1 - - [30/Nov/2025:00:42:30 +0000] "PUT /3/201989/AUTH_d7431f1b3e4b40fe8ff42eb83afd437e/gnocchi.b7824be1-289c-4967-8850-3f18a8bd67e4" 201 - "PUT http://[::1]:8080/v1/AUTH_d7431f1b3e4b40fe8ff42eb83afd437e/gnocchi.b7824be1-289c-4967-8850-3f18a8bd67e4" "txc71fa95c7c104a659ac22-00692b92f6" "proxy-server 90231" 0.0224 "-" 97149 0
Nov 29 19:42:30 np0005539973.novalocal proxy-server[90231]: ::1 ::1 30/Nov/2025/00/42/30 PUT /v1/AUTH_d7431f1b3e4b40fe8ff42eb83afd437e/gnocchi.b7824be1-289c-4967-8850-3f18a8bd67e4 HTTP/1.0 201 - python-swiftclient-4.2.0 gAAAAABpK5KUEQfJ... - - - txc71fa95c7c104a659ac22-00692b92f6 - 0.0389 - - 1764463350.194986820 1764463350.233844995 0
Nov 29 19:42:30 np0005539973.novalocal container-server[97148]: ::1 - - [30/Nov/2025:00:42:30 +0000] "HEAD /1/201989/AUTH_d7431f1b3e4b40fe8ff42eb83afd437e/gnocchi.b7824be1-289c-4967-8850-3f18a8bd67e4" 204 - "HEAD http://[::1]:8080/v1/AUTH_d7431f1b3e4b40fe8ff42eb83afd437e/gnocchi.b7824be1-289c-4967-8850-3f18a8bd67e4?format=json&states=listing" "txdfd469648fc74f9fbd19e-00692b92f6" "proxy-server 90231" 0.0012 "-" 97148 0
Nov 29 19:42:30 np0005539973.novalocal container-server[97149]: ::1 - - [30/Nov/2025:00:42:30 +0000] "PUT /1/48788/AUTH_d7431f1b3e4b40fe8ff42eb83afd437e/gnocchi.33c85406-6929-41ab-9656-3d08419a4460/1763640000.0_mean_300.0_v3" 201 - "PUT http://[::1]:8080/2/92009/AUTH_d7431f1b3e4b40fe8ff42eb83afd437e/gnocchi.33c85406-6929-41ab-9656-3d08419a4460/1763640000.0_mean_300.0_v3" "tx76cebf504cfb4e1695b35-00692b92f6" "object-server 97453" 0.0008 "-" 97149 0
Nov 29 19:42:30 np0005539973.novalocal container-server[97150]: ::1 - - [30/Nov/2025:00:42:30 +0000] "PUT /2/48788/AUTH_d7431f1b3e4b40fe8ff42eb83afd437e/gnocchi.33c85406-6929-41ab-9656-3d08419a4460/1763640000.0_mean_300.0_v3" 201 - "PUT http://[::1]:8080/1/92009/AUTH_d7431f1b3e4b40fe8ff42eb83afd437e/gnocchi.33c85406-6929-41ab-9656-3d08419a4460/1763640000.0_mean_300.0_v3" "tx76cebf504cfb4e1695b35-00692b92f6" "object-server 97453" 0.0007 "-" 97150 0
Nov 29 19:42:30 np0005539973.novalocal object-server[97453]: ::1 - - [30/Nov/2025:00:42:30 +0000] "PUT /2/92009/AUTH_d7431f1b3e4b40fe8ff42eb83afd437e/gnocchi.33c85406-6929-41ab-9656-3d08419a4460/1763640000.0_mean_300.0_v3" 201 - "PUT http://[::1]:8080/v1/AUTH_d7431f1b3e4b40fe8ff42eb83afd437e/gnocchi.33c85406-6929-41ab-9656-3d08419a4460/1763640000.0_mean_300.0_v3" "tx76cebf504cfb4e1695b35-00692b92f6" "proxy-server 90232" 0.0121 "-" 97453 0
Nov 29 19:42:30 np0005539973.novalocal object-server[97453]: ::1 - - [30/Nov/2025:00:42:30 +0000] "PUT /1/92009/AUTH_d7431f1b3e4b40fe8ff42eb83afd437e/gnocchi.33c85406-6929-41ab-9656-3d08419a4460/1763640000.0_mean_300.0_v3" 201 - "PUT http://[::1]:8080/v1/AUTH_d7431f1b3e4b40fe8ff42eb83afd437e/gnocchi.33c85406-6929-41ab-9656-3d08419a4460/1763640000.0_mean_300.0_v3" "tx76cebf504cfb4e1695b35-00692b92f6" "proxy-server 90232" 0.0167 "-" 97453 0
Nov 29 19:42:30 np0005539973.novalocal container-server[97151]: ::1 - - [30/Nov/2025:00:42:30 +0000] "GET /3/201989/AUTH_d7431f1b3e4b40fe8ff42eb83afd437e/gnocchi.b7824be1-289c-4967-8850-3f18a8bd67e4" 200 2 "GET http://[::1]:8080/v1/AUTH_d7431f1b3e4b40fe8ff42eb83afd437e/gnocchi.b7824be1-289c-4967-8850-3f18a8bd67e4?format=json&states=listing" "txdfd469648fc74f9fbd19e-00692b92f6" "proxy-server 90231" 0.0025 "-" 97151 0
Nov 29 19:42:30 np0005539973.novalocal container-server[97151]: ::1 - - [30/Nov/2025:00:42:30 +0000] "PUT /3/48788/AUTH_d7431f1b3e4b40fe8ff42eb83afd437e/gnocchi.33c85406-6929-41ab-9656-3d08419a4460/1763640000.0_mean_300.0_v3" 201 - "PUT http://[::1]:8080/3/92009/AUTH_d7431f1b3e4b40fe8ff42eb83afd437e/gnocchi.33c85406-6929-41ab-9656-3d08419a4460/1763640000.0_mean_300.0_v3" "tx76cebf504cfb4e1695b35-00692b92f6" "object-server 97453" 0.0010 "-" 97151 0
Nov 29 19:42:30 np0005539973.novalocal object-server[97453]: ::1 - - [30/Nov/2025:00:42:30 +0000] "PUT /3/92009/AUTH_d7431f1b3e4b40fe8ff42eb83afd437e/gnocchi.33c85406-6929-41ab-9656-3d08419a4460/1763640000.0_mean_300.0_v3" 201 - "PUT http://[::1]:8080/v1/AUTH_d7431f1b3e4b40fe8ff42eb83afd437e/gnocchi.33c85406-6929-41ab-9656-3d08419a4460/1763640000.0_mean_300.0_v3" "tx76cebf504cfb4e1695b35-00692b92f6" "proxy-server 90232" 0.0182 "-" 97453 0
Nov 29 19:42:30 np0005539973.novalocal proxy-server[90232]: ::1 ::1 30/Nov/2025/00/42/30 PUT /v1/AUTH_d7431f1b3e4b40fe8ff42eb83afd437e/gnocchi.33c85406-6929-41ab-9656-3d08419a4460/1763640000.0_mean_300.0_v3 HTTP/1.0 201 - python-swiftclient-4.2.0 gAAAAABpK5KUbDSc... 16 - - tx76cebf504cfb4e1695b35-00692b92f6 - 0.0295 - - 1764463350.227359056 1764463350.256854773 0
Nov 29 19:42:30 np0005539973.novalocal proxy-server[90231]: ::1 ::1 30/Nov/2025/00/42/30 GET /v1/AUTH_d7431f1b3e4b40fe8ff42eb83afd437e/gnocchi.b7824be1-289c-4967-8850-3f18a8bd67e4%3Fformat%3Djson%26states%3Dlisting HTTP/1.0 200 - python-swiftclient-4.2.0 gAAAAABpK5KUEQfJ... - 2 - txdfd469648fc74f9fbd19e-00692b92f6 - 0.0197 - - 1764463350.237471581 1764463350.257167578 0
Nov 29 19:42:30 np0005539973.novalocal object-server[97452]: ::1 - - [30/Nov/2025:00:42:30 +0000] "GET /1/55525/AUTH_d7431f1b3e4b40fe8ff42eb83afd437e/gnocchi.b7824be1-289c-4967-8850-3f18a8bd67e4/1763640000.0_mean_300.0_v3" 404 70 "GET http://[::1]:8080/v1/AUTH_d7431f1b3e4b40fe8ff42eb83afd437e/gnocchi.b7824be1-289c-4967-8850-3f18a8bd67e4/1763640000.0_mean_300.0_v3" "tx3673839ff0724ddea473c-00692b92f6" "proxy-server 90231" 0.0002 "-" 97452 0
Nov 29 19:42:30 np0005539973.novalocal object-server[97452]: ::1 - - [30/Nov/2025:00:42:30 +0000] "GET /2/55525/AUTH_d7431f1b3e4b40fe8ff42eb83afd437e/gnocchi.b7824be1-289c-4967-8850-3f18a8bd67e4/1763640000.0_mean_300.0_v3" 404 70 "GET http://[::1]:8080/v1/AUTH_d7431f1b3e4b40fe8ff42eb83afd437e/gnocchi.b7824be1-289c-4967-8850-3f18a8bd67e4/1763640000.0_mean_300.0_v3" "tx3673839ff0724ddea473c-00692b92f6" "proxy-server 90231" 0.0003 "-" 97452 0
Nov 29 19:42:30 np0005539973.novalocal object-server[97453]: ::1 - - [30/Nov/2025:00:42:30 +0000] "GET /3/55525/AUTH_d7431f1b3e4b40fe8ff42eb83afd437e/gnocchi.b7824be1-289c-4967-8850-3f18a8bd67e4/1763640000.0_mean_300.0_v3" 404 70 "GET http://[::1]:8080/v1/AUTH_d7431f1b3e4b40fe8ff42eb83afd437e/gnocchi.b7824be1-289c-4967-8850-3f18a8bd67e4/1763640000.0_mean_300.0_v3" "tx3673839ff0724ddea473c-00692b92f6" "proxy-server 90231" 0.0002 "-" 97453 0
Nov 29 19:42:30 np0005539973.novalocal container-server[97149]: ::1 - - [30/Nov/2025:00:42:30 +0000] "PUT /1/48788/AUTH_d7431f1b3e4b40fe8ff42eb83afd437e/gnocchi.33c85406-6929-41ab-9656-3d08419a4460/none_v3" 201 - "PUT http://[::1]:8080/1/197435/AUTH_d7431f1b3e4b40fe8ff42eb83afd437e/gnocchi.33c85406-6929-41ab-9656-3d08419a4460/none_v3" "tx9752a9dd38e04f0e997a7-00692b92f6" "object-server 97455" 0.0006 "-" 97149 0
Nov 29 19:42:30 np0005539973.novalocal container-server[97151]: ::1 - - [30/Nov/2025:00:42:30 +0000] "PUT /2/48788/AUTH_d7431f1b3e4b40fe8ff42eb83afd437e/gnocchi.33c85406-6929-41ab-9656-3d08419a4460/none_v3" 201 - "PUT http://[::1]:8080/2/197435/AUTH_d7431f1b3e4b40fe8ff42eb83afd437e/gnocchi.33c85406-6929-41ab-9656-3d08419a4460/none_v3" "tx9752a9dd38e04f0e997a7-00692b92f6" "object-server 97452" 0.0005 "-" 97151 0
Nov 29 19:42:30 np0005539973.novalocal proxy-server[90231]: ::1 ::1 30/Nov/2025/00/42/30 GET /v1/AUTH_d7431f1b3e4b40fe8ff42eb83afd437e/gnocchi.b7824be1-289c-4967-8850-3f18a8bd67e4/1763640000.0_mean_300.0_v3 HTTP/1.0 404 - python-swiftclient-4.2.0 gAAAAABpK5KUEQfJ... - 70 - tx3673839ff0724ddea473c-00692b92f6 - 0.0148 - - 1764463350.260816813 1764463350.275606155 0
Nov 29 19:42:30 np0005539973.novalocal object-server[97455]: ::1 - - [30/Nov/2025:00:42:30 +0000] "PUT /1/197435/AUTH_d7431f1b3e4b40fe8ff42eb83afd437e/gnocchi.33c85406-6929-41ab-9656-3d08419a4460/none_v3" 201 - "PUT http://[::1]:8080/v1/AUTH_d7431f1b3e4b40fe8ff42eb83afd437e/gnocchi.33c85406-6929-41ab-9656-3d08419a4460/none_v3" "tx9752a9dd38e04f0e997a7-00692b92f6" "proxy-server 90232" 0.0113 "-" 97455 0
Nov 29 19:42:30 np0005539973.novalocal object-server[97452]: ::1 - - [30/Nov/2025:00:42:30 +0000] "PUT /2/197435/AUTH_d7431f1b3e4b40fe8ff42eb83afd437e/gnocchi.33c85406-6929-41ab-9656-3d08419a4460/none_v3" 201 - "PUT http://[::1]:8080/v1/AUTH_d7431f1b3e4b40fe8ff42eb83afd437e/gnocchi.33c85406-6929-41ab-9656-3d08419a4460/none_v3" "tx9752a9dd38e04f0e997a7-00692b92f6" "proxy-server 90232" 0.0114 "-" 97452 0
Nov 29 19:42:30 np0005539973.novalocal container-server[97151]: ::1 - - [30/Nov/2025:00:42:30 +0000] "PUT /3/48788/AUTH_d7431f1b3e4b40fe8ff42eb83afd437e/gnocchi.33c85406-6929-41ab-9656-3d08419a4460/none_v3" 201 - "PUT http://[::1]:8080/3/197435/AUTH_d7431f1b3e4b40fe8ff42eb83afd437e/gnocchi.33c85406-6929-41ab-9656-3d08419a4460/none_v3" "tx9752a9dd38e04f0e997a7-00692b92f6" "object-server 97453" 0.0004 "-" 97151 0
Nov 29 19:42:30 np0005539973.novalocal object-server[97453]: ::1 - - [30/Nov/2025:00:42:30 +0000] "PUT /3/197435/AUTH_d7431f1b3e4b40fe8ff42eb83afd437e/gnocchi.33c85406-6929-41ab-9656-3d08419a4460/none_v3" 201 - "PUT http://[::1]:8080/v1/AUTH_d7431f1b3e4b40fe8ff42eb83afd437e/gnocchi.33c85406-6929-41ab-9656-3d08419a4460/none_v3" "tx9752a9dd38e04f0e997a7-00692b92f6" "proxy-server 90232" 0.0129 "-" 97453 0
Nov 29 19:42:30 np0005539973.novalocal proxy-server[90232]: ::1 ::1 30/Nov/2025/00/42/30 PUT /v1/AUTH_d7431f1b3e4b40fe8ff42eb83afd437e/gnocchi.33c85406-6929-41ab-9656-3d08419a4460/none_v3 HTTP/1.0 201 - python-swiftclient-4.2.0 gAAAAABpK5KUbDSc... 22 - - tx9752a9dd38e04f0e997a7-00692b92f6 - 0.0218 - - 1764463350.259025335 1764463350.280811071 0
Nov 29 19:42:30 np0005539973.novalocal container-server[97150]: ::1 - - [30/Nov/2025:00:42:30 +0000] "HEAD /3/116704/AUTH_d7431f1b3e4b40fe8ff42eb83afd437e/gnocchi.baf5a357-14cf-4713-b3e3-6fb15bb7ea98" 404 - "HEAD http://[::1]:8080/v1/AUTH_d7431f1b3e4b40fe8ff42eb83afd437e/gnocchi.baf5a357-14cf-4713-b3e3-6fb15bb7ea98?format=json&states=listing" "tx1c48dba3b14d45fdb596a-00692b92f6" "proxy-server 90232" 0.0003 "-" 97150 0
Nov 29 19:42:30 np0005539973.novalocal container-server[97151]: ::1 - - [30/Nov/2025:00:42:30 +0000] "HEAD /1/116704/AUTH_d7431f1b3e4b40fe8ff42eb83afd437e/gnocchi.baf5a357-14cf-4713-b3e3-6fb15bb7ea98" 404 - "HEAD http://[::1]:8080/v1/AUTH_d7431f1b3e4b40fe8ff42eb83afd437e/gnocchi.baf5a357-14cf-4713-b3e3-6fb15bb7ea98?format=json&states=listing" "tx1c48dba3b14d45fdb596a-00692b92f6" "proxy-server 90232" 0.0004 "-" 97151 0
Nov 29 19:42:30 np0005539973.novalocal container-server[97149]: ::1 - - [30/Nov/2025:00:42:30 +0000] "HEAD /2/116704/AUTH_d7431f1b3e4b40fe8ff42eb83afd437e/gnocchi.baf5a357-14cf-4713-b3e3-6fb15bb7ea98" 404 - "HEAD http://[::1]:8080/v1/AUTH_d7431f1b3e4b40fe8ff42eb83afd437e/gnocchi.baf5a357-14cf-4713-b3e3-6fb15bb7ea98?format=json&states=listing" "tx1c48dba3b14d45fdb596a-00692b92f6" "proxy-server 90232" 0.0004 "-" 97149 0
Nov 29 19:42:30 np0005539973.novalocal container-server[97150]: ::1 - - [30/Nov/2025:00:42:30 +0000] "PUT /2/201989/AUTH_d7431f1b3e4b40fe8ff42eb83afd437e/gnocchi.b7824be1-289c-4967-8850-3f18a8bd67e4/1763640000.0_mean_300.0_v3" 201 - "PUT http://[::1]:8080/3/55525/AUTH_d7431f1b3e4b40fe8ff42eb83afd437e/gnocchi.b7824be1-289c-4967-8850-3f18a8bd67e4/1763640000.0_mean_300.0_v3" "txb7c80384249e4021ae061-00692b92f6" "object-server 97454" 0.0005 "-" 97150 0
Nov 29 19:42:30 np0005539973.novalocal object-server[97454]: ::1 - - [30/Nov/2025:00:42:30 +0000] "PUT /3/55525/AUTH_d7431f1b3e4b40fe8ff42eb83afd437e/gnocchi.b7824be1-289c-4967-8850-3f18a8bd67e4/1763640000.0_mean_300.0_v3" 201 - "PUT http://[::1]:8080/v1/AUTH_d7431f1b3e4b40fe8ff42eb83afd437e/gnocchi.b7824be1-289c-4967-8850-3f18a8bd67e4/1763640000.0_mean_300.0_v3" "txb7c80384249e4021ae061-00692b92f6" "proxy-server 90231" 0.0199 "-" 97454 0
Nov 29 19:42:30 np0005539973.novalocal container-server[97151]: ::1 - - [30/Nov/2025:00:42:30 +0000] "PUT /1/201989/AUTH_d7431f1b3e4b40fe8ff42eb83afd437e/gnocchi.b7824be1-289c-4967-8850-3f18a8bd67e4/1763640000.0_mean_300.0_v3" 201 - "PUT http://[::1]:8080/1/55525/AUTH_d7431f1b3e4b40fe8ff42eb83afd437e/gnocchi.b7824be1-289c-4967-8850-3f18a8bd67e4/1763640000.0_mean_300.0_v3" "txb7c80384249e4021ae061-00692b92f6" "object-server 97453" 0.0006 "-" 97151 0
Nov 29 19:42:30 np0005539973.novalocal container-server[97149]: ::1 - - [30/Nov/2025:00:42:30 +0000] "PUT /3/201989/AUTH_d7431f1b3e4b40fe8ff42eb83afd437e/gnocchi.b7824be1-289c-4967-8850-3f18a8bd67e4/1763640000.0_mean_300.0_v3" 201 - "PUT http://[::1]:8080/2/55525/AUTH_d7431f1b3e4b40fe8ff42eb83afd437e/gnocchi.b7824be1-289c-4967-8850-3f18a8bd67e4/1763640000.0_mean_300.0_v3" "txb7c80384249e4021ae061-00692b92f6" "object-server 97455" 0.0006 "-" 97149 0
Nov 29 19:42:30 np0005539973.novalocal object-server[97455]: ::1 - - [30/Nov/2025:00:42:30 +0000] "PUT /2/55525/AUTH_d7431f1b3e4b40fe8ff42eb83afd437e/gnocchi.b7824be1-289c-4967-8850-3f18a8bd67e4/1763640000.0_mean_300.0_v3" 201 - "PUT http://[::1]:8080/v1/AUTH_d7431f1b3e4b40fe8ff42eb83afd437e/gnocchi.b7824be1-289c-4967-8850-3f18a8bd67e4/1763640000.0_mean_300.0_v3" "txb7c80384249e4021ae061-00692b92f6" "proxy-server 90231" 0.0237 "-" 97455 0
Nov 29 19:42:30 np0005539973.novalocal object-server[97453]: ::1 - - [30/Nov/2025:00:42:30 +0000] "PUT /1/55525/AUTH_d7431f1b3e4b40fe8ff42eb83afd437e/gnocchi.b7824be1-289c-4967-8850-3f18a8bd67e4/1763640000.0_mean_300.0_v3" 201 - "PUT http://[::1]:8080/v1/AUTH_d7431f1b3e4b40fe8ff42eb83afd437e/gnocchi.b7824be1-289c-4967-8850-3f18a8bd67e4/1763640000.0_mean_300.0_v3" "txb7c80384249e4021ae061-00692b92f6" "proxy-server 90231" 0.0224 "-" 97453 0
Nov 29 19:42:30 np0005539973.novalocal proxy-server[90231]: ::1 ::1 30/Nov/2025/00/42/30 PUT /v1/AUTH_d7431f1b3e4b40fe8ff42eb83afd437e/gnocchi.b7824be1-289c-4967-8850-3f18a8bd67e4/1763640000.0_mean_300.0_v3 HTTP/1.0 201 - python-swiftclient-4.2.0 gAAAAABpK5KUEQfJ... 16 - - txb7c80384249e4021ae061-00692b92f6 - 0.0343 - - 1764463350.278963566 1764463350.313253880 0
Nov 29 19:42:30 np0005539973.novalocal object-server[97453]: ::1 - - [30/Nov/2025:00:42:30 +0000] "GET /1/166489/AUTH_d7431f1b3e4b40fe8ff42eb83afd437e/gnocchi.baf5a357-14cf-4713-b3e3-6fb15bb7ea98/none_v3" 404 70 "GET http://[::1]:8080/v1/AUTH_d7431f1b3e4b40fe8ff42eb83afd437e/gnocchi.baf5a357-14cf-4713-b3e3-6fb15bb7ea98/none_v3" "tx1c48dba3b14d45fdb596a-00692b92f6" "proxy-server 90232" 0.0003 "-" 97453 0
Nov 29 19:42:30 np0005539973.novalocal object-server[97452]: ::1 - - [30/Nov/2025:00:42:30 +0000] "GET /3/166489/AUTH_d7431f1b3e4b40fe8ff42eb83afd437e/gnocchi.baf5a357-14cf-4713-b3e3-6fb15bb7ea98/none_v3" 404 70 "GET http://[::1]:8080/v1/AUTH_d7431f1b3e4b40fe8ff42eb83afd437e/gnocchi.baf5a357-14cf-4713-b3e3-6fb15bb7ea98/none_v3" "tx1c48dba3b14d45fdb596a-00692b92f6" "proxy-server 90232" 0.0004 "-" 97452 0
Nov 29 19:42:30 np0005539973.novalocal object-server[97453]: ::1 - - [30/Nov/2025:00:42:30 +0000] "GET /2/166489/AUTH_d7431f1b3e4b40fe8ff42eb83afd437e/gnocchi.baf5a357-14cf-4713-b3e3-6fb15bb7ea98/none_v3" 404 70 "GET http://[::1]:8080/v1/AUTH_d7431f1b3e4b40fe8ff42eb83afd437e/gnocchi.baf5a357-14cf-4713-b3e3-6fb15bb7ea98/none_v3" "tx1c48dba3b14d45fdb596a-00692b92f6" "proxy-server 90232" 0.0003 "-" 97453 0
Nov 29 19:42:30 np0005539973.novalocal proxy-server[90232]: ::1 ::1 30/Nov/2025/00/42/30 GET /v1/AUTH_d7431f1b3e4b40fe8ff42eb83afd437e/gnocchi.baf5a357-14cf-4713-b3e3-6fb15bb7ea98/none_v3 HTTP/1.0 404 - python-swiftclient-4.2.0 gAAAAABpK5KUbDSc... - 70 - tx1c48dba3b14d45fdb596a-00692b92f6 - 0.0283 - - 1764463350.293442726 1764463350.321727514 0
Nov 29 19:42:30 np0005539973.novalocal sshd-session[106146]: Invalid user roott from 85.133.237.167 port 34218
Nov 29 19:42:30 np0005539973.novalocal container-server[97151]: ::1 - - [30/Nov/2025:00:42:30 +0000] "PUT /1/201989/AUTH_d7431f1b3e4b40fe8ff42eb83afd437e/gnocchi.b7824be1-289c-4967-8850-3f18a8bd67e4/none_v3" 201 - "PUT http://[::1]:8080/2/163841/AUTH_d7431f1b3e4b40fe8ff42eb83afd437e/gnocchi.b7824be1-289c-4967-8850-3f18a8bd67e4/none_v3" "txa3014aebe7244c21b17ab-00692b92f6" "object-server 97454" 0.0008 "-" 97151 0
Nov 29 19:42:30 np0005539973.novalocal object-server[97454]: ::1 - - [30/Nov/2025:00:42:30 +0000] "PUT /2/163841/AUTH_d7431f1b3e4b40fe8ff42eb83afd437e/gnocchi.b7824be1-289c-4967-8850-3f18a8bd67e4/none_v3" 201 - "PUT http://[::1]:8080/v1/AUTH_d7431f1b3e4b40fe8ff42eb83afd437e/gnocchi.b7824be1-289c-4967-8850-3f18a8bd67e4/none_v3" "txa3014aebe7244c21b17ab-00692b92f6" "proxy-server 90231" 0.1076 "-" 97454 0
Nov 29 19:42:30 np0005539973.novalocal container-server[97149]: ::1 - - [30/Nov/2025:00:42:30 +0000] "PUT /3/201989/AUTH_d7431f1b3e4b40fe8ff42eb83afd437e/gnocchi.b7824be1-289c-4967-8850-3f18a8bd67e4/none_v3" 201 - "PUT http://[::1]:8080/3/163841/AUTH_d7431f1b3e4b40fe8ff42eb83afd437e/gnocchi.b7824be1-289c-4967-8850-3f18a8bd67e4/none_v3" "txa3014aebe7244c21b17ab-00692b92f6" "object-server 97452" 0.0006 "-" 97149 0
Nov 29 19:42:30 np0005539973.novalocal object-server[97452]: ::1 - - [30/Nov/2025:00:42:30 +0000] "PUT /3/163841/AUTH_d7431f1b3e4b40fe8ff42eb83afd437e/gnocchi.b7824be1-289c-4967-8850-3f18a8bd67e4/none_v3" 201 - "PUT http://[::1]:8080/v1/AUTH_d7431f1b3e4b40fe8ff42eb83afd437e/gnocchi.b7824be1-289c-4967-8850-3f18a8bd67e4/none_v3" "txa3014aebe7244c21b17ab-00692b92f6" "proxy-server 90231" 0.1005 "-" 97452 0
Nov 29 19:42:30 np0005539973.novalocal container-server[97151]: ::1 - - [30/Nov/2025:00:42:30 +0000] "PUT /2/201989/AUTH_d7431f1b3e4b40fe8ff42eb83afd437e/gnocchi.b7824be1-289c-4967-8850-3f18a8bd67e4/none_v3" 201 - "PUT http://[::1]:8080/1/163841/AUTH_d7431f1b3e4b40fe8ff42eb83afd437e/gnocchi.b7824be1-289c-4967-8850-3f18a8bd67e4/none_v3" "txa3014aebe7244c21b17ab-00692b92f6" "object-server 97452" 0.0008 "-" 97151 0
Nov 29 19:42:30 np0005539973.novalocal object-server[97452]: ::1 - - [30/Nov/2025:00:42:30 +0000] "PUT /1/163841/AUTH_d7431f1b3e4b40fe8ff42eb83afd437e/gnocchi.b7824be1-289c-4967-8850-3f18a8bd67e4/none_v3" 201 - "PUT http://[::1]:8080/v1/AUTH_d7431f1b3e4b40fe8ff42eb83afd437e/gnocchi.b7824be1-289c-4967-8850-3f18a8bd67e4/none_v3" "txa3014aebe7244c21b17ab-00692b92f6" "proxy-server 90231" 0.1020 "-" 97452 0
Nov 29 19:42:30 np0005539973.novalocal proxy-server[90231]: ::1 ::1 30/Nov/2025/00/42/30 PUT /v1/AUTH_d7431f1b3e4b40fe8ff42eb83afd437e/gnocchi.b7824be1-289c-4967-8850-3f18a8bd67e4/none_v3 HTTP/1.0 201 - python-swiftclient-4.2.0 gAAAAABpK5KUEQfJ... 22 - - txa3014aebe7244c21b17ab-00692b92f6 - 0.1259 - - 1764463350.316132545 1764463350.441994667 0
