Nov 29 19:41:51 np0005539973.novalocal container-server[97149]: ::1 - - [30/Nov/2025:00:41:51 +0000] "PUT /2/197844/AUTH_d7431f1b3e4b40fe8ff42eb83afd437e/gnocchi.0ea596eb-74c3-4592-bceb-a991905412d4/1763640000.0_mean_300.0_v3" 201 - "PUT http://[::1]:8080/2/147288/AUTH_d7431f1b3e4b40fe8ff42eb83afd437e/gnocchi.0ea596eb-74c3-4592-bceb-a991905412d4/1763640000.0_mean_300.0_v3" "tx1c1590960f7243aa8f015-00692b92cf" "object-server 97454" 0.0012 "-" 97149 0
Nov 29 19:41:51 np0005539973.novalocal object-server[97454]: ::1 - - [30/Nov/2025:00:41:51 +0000] "PUT /2/147288/AUTH_d7431f1b3e4b40fe8ff42eb83afd437e/gnocchi.0ea596eb-74c3-4592-bceb-a991905412d4/1763640000.0_mean_300.0_v3" 201 - "PUT http://[::1]:8080/v1/AUTH_d7431f1b3e4b40fe8ff42eb83afd437e/gnocchi.0ea596eb-74c3-4592-bceb-a991905412d4/1763640000.0_mean_300.0_v3" "tx1c1590960f7243aa8f015-00692b92cf" "proxy-server 90231" 0.0151 "-" 97454 0
Nov 29 19:41:51 np0005539973.novalocal container-server[97149]: ::1 - - [30/Nov/2025:00:41:51 +0000] "PUT /2/99740/AUTH_d7431f1b3e4b40fe8ff42eb83afd437e/gnocchi.33f3b49c-f5a8-4fbc-8419-78110cd7dcd6" 201 - "PUT http://[::1]:8080/v1/AUTH_d7431f1b3e4b40fe8ff42eb83afd437e/gnocchi.33f3b49c-f5a8-4fbc-8419-78110cd7dcd6" "tx0fdd5b0402164b44bc9cf-00692b92cf" "proxy-server 90232" 0.0377 "-" 97149 0
Nov 29 19:41:51 np0005539973.novalocal container-server[97149]: ::1 - - [30/Nov/2025:00:41:51 +0000] "PUT /3/197844/AUTH_d7431f1b3e4b40fe8ff42eb83afd437e/gnocchi.0ea596eb-74c3-4592-bceb-a991905412d4/1763640000.0_mean_300.0_v3" 201 - "PUT http://[::1]:8080/3/147288/AUTH_d7431f1b3e4b40fe8ff42eb83afd437e/gnocchi.0ea596eb-74c3-4592-bceb-a991905412d4/1763640000.0_mean_300.0_v3" "tx1c1590960f7243aa8f015-00692b92cf" "object-server 97455" 0.0005 "-" 97149 0
Nov 29 19:41:51 np0005539973.novalocal proxy-server[90232]: ::1 ::1 30/Nov/2025/00/41/51 PUT /v1/AUTH_d7431f1b3e4b40fe8ff42eb83afd437e/gnocchi.33f3b49c-f5a8-4fbc-8419-78110cd7dcd6 HTTP/1.0 201 - python-swiftclient-4.2.0 gAAAAABpK5KUbDSc... - - - tx0fdd5b0402164b44bc9cf-00692b92cf - 0.0445 - - 1764463311.639113426 1764463311.683591127 0
Nov 29 19:41:51 np0005539973.novalocal object-server[97455]: ::1 - - [30/Nov/2025:00:41:51 +0000] "PUT /3/147288/AUTH_d7431f1b3e4b40fe8ff42eb83afd437e/gnocchi.0ea596eb-74c3-4592-bceb-a991905412d4/1763640000.0_mean_300.0_v3" 201 - "PUT http://[::1]:8080/v1/AUTH_d7431f1b3e4b40fe8ff42eb83afd437e/gnocchi.0ea596eb-74c3-4592-bceb-a991905412d4/1763640000.0_mean_300.0_v3" "tx1c1590960f7243aa8f015-00692b92cf" "proxy-server 90231" 0.0161 "-" 97455 0
Nov 29 19:41:51 np0005539973.novalocal proxy-server[90231]: ::1 ::1 30/Nov/2025/00/41/51 PUT /v1/AUTH_d7431f1b3e4b40fe8ff42eb83afd437e/gnocchi.0ea596eb-74c3-4592-bceb-a991905412d4/1763640000.0_mean_300.0_v3 HTTP/1.0 201 - python-swiftclient-4.2.0 gAAAAABpK5KUEQfJ... 16 - - tx1c1590960f7243aa8f015-00692b92cf - 0.0234 - - 1764463311.662170887 1764463311.685566664 0
Nov 29 19:41:51 np0005539973.novalocal container-server[97151]: ::1 - - [30/Nov/2025:00:41:51 +0000] "HEAD /2/99740/AUTH_d7431f1b3e4b40fe8ff42eb83afd437e/gnocchi.33f3b49c-f5a8-4fbc-8419-78110cd7dcd6" 204 - "HEAD http://[::1]:8080/v1/AUTH_d7431f1b3e4b40fe8ff42eb83afd437e/gnocchi.33f3b49c-f5a8-4fbc-8419-78110cd7dcd6?format=json&states=listing" "tx0a6a9bb3915f40009581a-00692b92cf" "proxy-server 90232" 0.0016 "-" 97151 0
Nov 29 19:41:51 np0005539973.novalocal container-server[97148]: ::1 - - [30/Nov/2025:00:41:51 +0000] "GET /1/99740/AUTH_d7431f1b3e4b40fe8ff42eb83afd437e/gnocchi.33f3b49c-f5a8-4fbc-8419-78110cd7dcd6" 200 2 "GET http://[::1]:8080/v1/AUTH_d7431f1b3e4b40fe8ff42eb83afd437e/gnocchi.33f3b49c-f5a8-4fbc-8419-78110cd7dcd6?format=json&states=listing" "tx0a6a9bb3915f40009581a-00692b92cf" "proxy-server 90232" 0.0019 "-" 97148 0
Nov 29 19:41:51 np0005539973.novalocal container-server[97151]: ::1 - - [30/Nov/2025:00:41:51 +0000] "PUT /3/197844/AUTH_d7431f1b3e4b40fe8ff42eb83afd437e/gnocchi.0ea596eb-74c3-4592-bceb-a991905412d4/none_v3" 201 - "PUT http://[::1]:8080/2/114009/AUTH_d7431f1b3e4b40fe8ff42eb83afd437e/gnocchi.0ea596eb-74c3-4592-bceb-a991905412d4/none_v3" "tx3abe5158b896404287dfd-00692b92cf" "object-server 97454" 0.0005 "-" 97151 0
Nov 29 19:41:51 np0005539973.novalocal proxy-server[90232]: ::1 ::1 30/Nov/2025/00/41/51 GET /v1/AUTH_d7431f1b3e4b40fe8ff42eb83afd437e/gnocchi.33f3b49c-f5a8-4fbc-8419-78110cd7dcd6%3Fformat%3Djson%26states%3Dlisting HTTP/1.0 200 - python-swiftclient-4.2.0 gAAAAABpK5KUbDSc... - 2 - tx0a6a9bb3915f40009581a-00692b92cf - 0.0162 - - 1764463311.688039541 1764463311.704288244 0
Nov 29 19:41:51 np0005539973.novalocal object-server[97454]: ::1 - - [30/Nov/2025:00:41:51 +0000] "PUT /2/114009/AUTH_d7431f1b3e4b40fe8ff42eb83afd437e/gnocchi.0ea596eb-74c3-4592-bceb-a991905412d4/none_v3" 201 - "PUT http://[::1]:8080/v1/AUTH_d7431f1b3e4b40fe8ff42eb83afd437e/gnocchi.0ea596eb-74c3-4592-bceb-a991905412d4/none_v3" "tx3abe5158b896404287dfd-00692b92cf" "proxy-server 90231" 0.0112 "-" 97454 0
Nov 29 19:41:51 np0005539973.novalocal container-server[97149]: ::1 - - [30/Nov/2025:00:41:51 +0000] "PUT /2/197844/AUTH_d7431f1b3e4b40fe8ff42eb83afd437e/gnocchi.0ea596eb-74c3-4592-bceb-a991905412d4/none_v3" 201 - "PUT http://[::1]:8080/3/114009/AUTH_d7431f1b3e4b40fe8ff42eb83afd437e/gnocchi.0ea596eb-74c3-4592-bceb-a991905412d4/none_v3" "tx3abe5158b896404287dfd-00692b92cf" "object-server 97455" 0.0004 "-" 97149 0
Nov 29 19:41:51 np0005539973.novalocal object-server[97455]: ::1 - - [30/Nov/2025:00:41:51 +0000] "PUT /3/114009/AUTH_d7431f1b3e4b40fe8ff42eb83afd437e/gnocchi.0ea596eb-74c3-4592-bceb-a991905412d4/none_v3" 201 - "PUT http://[::1]:8080/v1/AUTH_d7431f1b3e4b40fe8ff42eb83afd437e/gnocchi.0ea596eb-74c3-4592-bceb-a991905412d4/none_v3" "tx3abe5158b896404287dfd-00692b92cf" "proxy-server 90231" 0.0126 "-" 97455 0
Nov 29 19:41:51 np0005539973.novalocal container-server[97148]: ::1 - - [30/Nov/2025:00:41:51 +0000] "PUT /1/197844/AUTH_d7431f1b3e4b40fe8ff42eb83afd437e/gnocchi.0ea596eb-74c3-4592-bceb-a991905412d4/none_v3" 201 - "PUT http://[::1]:8080/1/114009/AUTH_d7431f1b3e4b40fe8ff42eb83afd437e/gnocchi.0ea596eb-74c3-4592-bceb-a991905412d4/none_v3" "tx3abe5158b896404287dfd-00692b92cf" "object-server 97455" 0.0015 "-" 97148 0
Nov 29 19:41:51 np0005539973.novalocal object-server[97455]: ::1 - - [30/Nov/2025:00:41:51 +0000] "PUT /1/114009/AUTH_d7431f1b3e4b40fe8ff42eb83afd437e/gnocchi.0ea596eb-74c3-4592-bceb-a991905412d4/none_v3" 201 - "PUT http://[::1]:8080/v1/AUTH_d7431f1b3e4b40fe8ff42eb83afd437e/gnocchi.0ea596eb-74c3-4592-bceb-a991905412d4/none_v3" "tx3abe5158b896404287dfd-00692b92cf" "proxy-server 90231" 0.0146 "-" 97455 0
Nov 29 19:41:51 np0005539973.novalocal proxy-server[90231]: ::1 ::1 30/Nov/2025/00/41/51 PUT /v1/AUTH_d7431f1b3e4b40fe8ff42eb83afd437e/gnocchi.0ea596eb-74c3-4592-bceb-a991905412d4/none_v3 HTTP/1.0 201 - python-swiftclient-4.2.0 gAAAAABpK5KUEQfJ... 22 - - tx3abe5158b896404287dfd-00692b92cf - 0.0219 - - 1764463311.688693762 1764463311.710568905 0
Nov 29 19:41:51 np0005539973.novalocal object-server[97455]: ::1 - - [30/Nov/2025:00:41:51 +0000] "GET /2/53010/AUTH_d7431f1b3e4b40fe8ff42eb83afd437e/gnocchi.33f3b49c-f5a8-4fbc-8419-78110cd7dcd6/1763640000.0_mean_300.0_v3" 404 70 "GET http://[::1]:8080/v1/AUTH_d7431f1b3e4b40fe8ff42eb83afd437e/gnocchi.33f3b49c-f5a8-4fbc-8419-78110cd7dcd6/1763640000.0_mean_300.0_v3" "tx1597c1f8baa44135bc51d-00692b92cf" "proxy-server 90232" 0.0002 "-" 97455 0
Nov 29 19:41:51 np0005539973.novalocal object-server[97453]: ::1 - - [30/Nov/2025:00:41:51 +0000] "GET /1/53010/AUTH_d7431f1b3e4b40fe8ff42eb83afd437e/gnocchi.33f3b49c-f5a8-4fbc-8419-78110cd7dcd6/1763640000.0_mean_300.0_v3" 404 70 "GET http://[::1]:8080/v1/AUTH_d7431f1b3e4b40fe8ff42eb83afd437e/gnocchi.33f3b49c-f5a8-4fbc-8419-78110cd7dcd6/1763640000.0_mean_300.0_v3" "tx1597c1f8baa44135bc51d-00692b92cf" "proxy-server 90232" 0.0006 "-" 97453 0
Nov 29 19:41:51 np0005539973.novalocal object-server[97455]: ::1 - - [30/Nov/2025:00:41:51 +0000] "GET /3/53010/AUTH_d7431f1b3e4b40fe8ff42eb83afd437e/gnocchi.33f3b49c-f5a8-4fbc-8419-78110cd7dcd6/1763640000.0_mean_300.0_v3" 404 70 "GET http://[::1]:8080/v1/AUTH_d7431f1b3e4b40fe8ff42eb83afd437e/gnocchi.33f3b49c-f5a8-4fbc-8419-78110cd7dcd6/1763640000.0_mean_300.0_v3" "tx1597c1f8baa44135bc51d-00692b92cf" "proxy-server 90232" 0.0005 "-" 97455 0
Nov 29 19:41:51 np0005539973.novalocal proxy-server[90232]: ::1 ::1 30/Nov/2025/00/41/51 GET /v1/AUTH_d7431f1b3e4b40fe8ff42eb83afd437e/gnocchi.33f3b49c-f5a8-4fbc-8419-78110cd7dcd6/1763640000.0_mean_300.0_v3 HTTP/1.0 404 - python-swiftclient-4.2.0 gAAAAABpK5KUbDSc... - 70 - tx1597c1f8baa44135bc51d-00692b92cf - 0.0144 - - 1764463311.707301140 1764463311.721725464 0
Nov 29 19:41:51 np0005539973.novalocal container-server[97150]: ::1 - - [30/Nov/2025:00:41:51 +0000] "HEAD /2/28325/AUTH_d7431f1b3e4b40fe8ff42eb83afd437e/gnocchi.e7a9ec21-5e52-4179-87a9-e35edd9869dd" 404 - "HEAD http://[::1]:8080/v1/AUTH_d7431f1b3e4b40fe8ff42eb83afd437e/gnocchi.e7a9ec21-5e52-4179-87a9-e35edd9869dd?format=json&states=listing" "tx7f68c6a9eab947a696759-00692b92cf" "proxy-server 90231" 0.0003 "-" 97150 0
Nov 29 19:41:51 np0005539973.novalocal container-server[97149]: ::1 - - [30/Nov/2025:00:41:51 +0000] "HEAD /3/28325/AUTH_d7431f1b3e4b40fe8ff42eb83afd437e/gnocchi.e7a9ec21-5e52-4179-87a9-e35edd9869dd" 404 - "HEAD http://[::1]:8080/v1/AUTH_d7431f1b3e4b40fe8ff42eb83afd437e/gnocchi.e7a9ec21-5e52-4179-87a9-e35edd9869dd?format=json&states=listing" "tx7f68c6a9eab947a696759-00692b92cf" "proxy-server 90231" 0.0003 "-" 97149 0
Nov 29 19:41:51 np0005539973.novalocal container-server[97148]: ::1 - - [30/Nov/2025:00:41:51 +0000] "HEAD /1/28325/AUTH_d7431f1b3e4b40fe8ff42eb83afd437e/gnocchi.e7a9ec21-5e52-4179-87a9-e35edd9869dd" 404 - "HEAD http://[::1]:8080/v1/AUTH_d7431f1b3e4b40fe8ff42eb83afd437e/gnocchi.e7a9ec21-5e52-4179-87a9-e35edd9869dd?format=json&states=listing" "tx7f68c6a9eab947a696759-00692b92cf" "proxy-server 90231" 0.0003 "-" 97148 0
Nov 29 19:41:51 np0005539973.novalocal container-server[97150]: ::1 - - [30/Nov/2025:00:41:51 +0000] "PUT /3/99740/AUTH_d7431f1b3e4b40fe8ff42eb83afd437e/gnocchi.33f3b49c-f5a8-4fbc-8419-78110cd7dcd6/1763640000.0_mean_300.0_v3" 201 - "PUT http://[::1]:8080/1/53010/AUTH_d7431f1b3e4b40fe8ff42eb83afd437e/gnocchi.33f3b49c-f5a8-4fbc-8419-78110cd7dcd6/1763640000.0_mean_300.0_v3" "txd6f5b56301da4049aab0f-00692b92cf" "object-server 97455" 0.0008 "-" 97150 0
Nov 29 19:41:51 np0005539973.novalocal container-server[97149]: ::1 - - [30/Nov/2025:00:41:51 +0000] "PUT /2/99740/AUTH_d7431f1b3e4b40fe8ff42eb83afd437e/gnocchi.33f3b49c-f5a8-4fbc-8419-78110cd7dcd6/1763640000.0_mean_300.0_v3" 201 - "PUT http://[::1]:8080/2/53010/AUTH_d7431f1b3e4b40fe8ff42eb83afd437e/gnocchi.33f3b49c-f5a8-4fbc-8419-78110cd7dcd6/1763640000.0_mean_300.0_v3" "txd6f5b56301da4049aab0f-00692b92cf" "object-server 97452" 0.0005 "-" 97149 0
Nov 29 19:41:51 np0005539973.novalocal object-server[97455]: ::1 - - [30/Nov/2025:00:41:51 +0000] "PUT /1/53010/AUTH_d7431f1b3e4b40fe8ff42eb83afd437e/gnocchi.33f3b49c-f5a8-4fbc-8419-78110cd7dcd6/1763640000.0_mean_300.0_v3" 201 - "PUT http://[::1]:8080/v1/AUTH_d7431f1b3e4b40fe8ff42eb83afd437e/gnocchi.33f3b49c-f5a8-4fbc-8419-78110cd7dcd6/1763640000.0_mean_300.0_v3" "txd6f5b56301da4049aab0f-00692b92cf" "proxy-server 90232" 0.0181 "-" 97455 0
Nov 29 19:41:51 np0005539973.novalocal object-server[97452]: ::1 - - [30/Nov/2025:00:41:51 +0000] "PUT /2/53010/AUTH_d7431f1b3e4b40fe8ff42eb83afd437e/gnocchi.33f3b49c-f5a8-4fbc-8419-78110cd7dcd6/1763640000.0_mean_300.0_v3" 201 - "PUT http://[::1]:8080/v1/AUTH_d7431f1b3e4b40fe8ff42eb83afd437e/gnocchi.33f3b49c-f5a8-4fbc-8419-78110cd7dcd6/1763640000.0_mean_300.0_v3" "txd6f5b56301da4049aab0f-00692b92cf" "proxy-server 90232" 0.0183 "-" 97452 0
Nov 29 19:41:51 np0005539973.novalocal dnsmasq[104702]: read /var/lib/neutron/dhcp/e3456991-cefb-4e9e-9e0f-f3a2abbb2d93/addn_hosts - 1 addresses
Nov 29 19:41:51 np0005539973.novalocal dnsmasq-dhcp[104702]: read /var/lib/neutron/dhcp/e3456991-cefb-4e9e-9e0f-f3a2abbb2d93/host
Nov 29 19:41:51 np0005539973.novalocal dnsmasq-dhcp[104702]: read /var/lib/neutron/dhcp/e3456991-cefb-4e9e-9e0f-f3a2abbb2d93/opts
Nov 29 19:41:51 np0005539973.novalocal container-server[97149]: ::1 - - [30/Nov/2025:00:41:51 +0000] "PUT /1/99740/AUTH_d7431f1b3e4b40fe8ff42eb83afd437e/gnocchi.33f3b49c-f5a8-4fbc-8419-78110cd7dcd6/1763640000.0_mean_300.0_v3" 201 - "PUT http://[::1]:8080/3/53010/AUTH_d7431f1b3e4b40fe8ff42eb83afd437e/gnocchi.33f3b49c-f5a8-4fbc-8419-78110cd7dcd6/1763640000.0_mean_300.0_v3" "txd6f5b56301da4049aab0f-00692b92cf" "object-server 97452" 0.0006 "-" 97149 0
Nov 29 19:41:51 np0005539973.novalocal object-server[97452]: ::1 - - [30/Nov/2025:00:41:51 +0000] "PUT /3/53010/AUTH_d7431f1b3e4b40fe8ff42eb83afd437e/gnocchi.33f3b49c-f5a8-4fbc-8419-78110cd7dcd6/1763640000.0_mean_300.0_v3" 201 - "PUT http://[::1]:8080/v1/AUTH_d7431f1b3e4b40fe8ff42eb83afd437e/gnocchi.33f3b49c-f5a8-4fbc-8419-78110cd7dcd6/1763640000.0_mean_300.0_v3" "txd6f5b56301da4049aab0f-00692b92cf" "proxy-server 90232" 0.0181 "-" 97452 0
Nov 29 19:41:51 np0005539973.novalocal object-server[97453]: ::1 - - [30/Nov/2025:00:41:51 +0000] "GET /3/203686/AUTH_d7431f1b3e4b40fe8ff42eb83afd437e/gnocchi.e7a9ec21-5e52-4179-87a9-e35edd9869dd/none_v3" 404 70 "GET http://[::1]:8080/v1/AUTH_d7431f1b3e4b40fe8ff42eb83afd437e/gnocchi.e7a9ec21-5e52-4179-87a9-e35edd9869dd/none_v3" "tx7f68c6a9eab947a696759-00692b92cf" "proxy-server 90231" 0.0003 "-" 97453 0
Nov 29 19:41:51 np0005539973.novalocal proxy-server[90232]: ::1 ::1 30/Nov/2025/00/41/51 PUT /v1/AUTH_d7431f1b3e4b40fe8ff42eb83afd437e/gnocchi.33f3b49c-f5a8-4fbc-8419-78110cd7dcd6/1763640000.0_mean_300.0_v3 HTTP/1.0 201 - python-swiftclient-4.2.0 gAAAAABpK5KUbDSc... 16 - - txd6f5b56301da4049aab0f-00692b92cf - 0.0272 - - 1764463311.724226236 1764463311.751439810 0
Nov 29 19:41:51 np0005539973.novalocal object-server[97452]: ::1 - - [30/Nov/2025:00:41:51 +0000] "GET /1/203686/AUTH_d7431f1b3e4b40fe8ff42eb83afd437e/gnocchi.e7a9ec21-5e52-4179-87a9-e35edd9869dd/none_v3" 404 70 "GET http://[::1]:8080/v1/AUTH_d7431f1b3e4b40fe8ff42eb83afd437e/gnocchi.e7a9ec21-5e52-4179-87a9-e35edd9869dd/none_v3" "tx7f68c6a9eab947a696759-00692b92cf" "proxy-server 90231" 0.0004 "-" 97452 0
Nov 29 19:41:51 np0005539973.novalocal object-server[97454]: ::1 - - [30/Nov/2025:00:41:51 +0000] "GET /2/203686/AUTH_d7431f1b3e4b40fe8ff42eb83afd437e/gnocchi.e7a9ec21-5e52-4179-87a9-e35edd9869dd/none_v3" 404 70 "GET http://[::1]:8080/v1/AUTH_d7431f1b3e4b40fe8ff42eb83afd437e/gnocchi.e7a9ec21-5e52-4179-87a9-e35edd9869dd/none_v3" "tx7f68c6a9eab947a696759-00692b92cf" "proxy-server 90231" 0.0003 "-" 97454 0
Nov 29 19:41:51 np0005539973.novalocal proxy-server[90231]: ::1 ::1 30/Nov/2025/00/41/51 GET /v1/AUTH_d7431f1b3e4b40fe8ff42eb83afd437e/gnocchi.e7a9ec21-5e52-4179-87a9-e35edd9869dd/none_v3 HTTP/1.0 404 - python-swiftclient-4.2.0 gAAAAABpK5KUEQfJ... - 70 - tx7f68c6a9eab947a696759-00692b92cf - 0.0281 - - 1764463311.730470419 1764463311.758531809 0
Nov 29 19:41:51 np0005539973.novalocal container-server[97148]: ::1 - - [30/Nov/2025:00:41:51 +0000] "PUT /3/99740/AUTH_d7431f1b3e4b40fe8ff42eb83afd437e/gnocchi.33f3b49c-f5a8-4fbc-8419-78110cd7dcd6/none_v3" 201 - "PUT http://[::1]:8080/3/2827/AUTH_d7431f1b3e4b40fe8ff42eb83afd437e/gnocchi.33f3b49c-f5a8-4fbc-8419-78110cd7dcd6/none_v3" "tx64b9831d21da4dea88529-00692b92cf" "object-server 97455" 0.0006 "-" 97148 0
Nov 29 19:41:51 np0005539973.novalocal container-server[97151]: ::1 - - [30/Nov/2025:00:41:51 +0000] "PUT /2/99740/AUTH_d7431f1b3e4b40fe8ff42eb83afd437e/gnocchi.33f3b49c-f5a8-4fbc-8419-78110cd7dcd6/none_v3" 201 - "PUT http://[::1]:8080/1/2827/AUTH_d7431f1b3e4b40fe8ff42eb83afd437e/gnocchi.33f3b49c-f5a8-4fbc-8419-78110cd7dcd6/none_v3" "tx64b9831d21da4dea88529-00692b92cf" "object-server 97453" 0.0005 "-" 97151 0
Nov 29 19:41:51 np0005539973.novalocal object-server[97455]: ::1 - - [30/Nov/2025:00:41:51 +0000] "PUT /3/2827/AUTH_d7431f1b3e4b40fe8ff42eb83afd437e/gnocchi.33f3b49c-f5a8-4fbc-8419-78110cd7dcd6/none_v3" 201 - "PUT http://[::1]:8080/v1/AUTH_d7431f1b3e4b40fe8ff42eb83afd437e/gnocchi.33f3b49c-f5a8-4fbc-8419-78110cd7dcd6/none_v3" "tx64b9831d21da4dea88529-00692b92cf" "proxy-server 90232" 0.0168 "-" 97455 0
Nov 29 19:41:51 np0005539973.novalocal object-server[97453]: ::1 - - [30/Nov/2025:00:41:51 +0000] "PUT /1/2827/AUTH_d7431f1b3e4b40fe8ff42eb83afd437e/gnocchi.33f3b49c-f5a8-4fbc-8419-78110cd7dcd6/none_v3" 201 - "PUT http://[::1]:8080/v1/AUTH_d7431f1b3e4b40fe8ff42eb83afd437e/gnocchi.33f3b49c-f5a8-4fbc-8419-78110cd7dcd6/none_v3" "tx64b9831d21da4dea88529-00692b92cf" "proxy-server 90232" 0.0250 "-" 97453 0
Nov 29 19:41:51 np0005539973.novalocal account-server[96855]: ::1 - - [30/Nov/2025:00:41:51 +0000] "PUT /2/39192/AUTH_d7431f1b3e4b40fe8ff42eb83afd437e/gnocchi.e7a9ec21-5e52-4179-87a9-e35edd9869dd" 201 - "PUT http://[::1]:6001/2/28325/AUTH_d7431f1b3e4b40fe8ff42eb83afd437e/gnocchi.e7a9ec21-5e52-4179-87a9-e35edd9869dd" "txab60eec56cca4bccbae0b-00692b92cf" "container-server 97149" 0.0109 "-" 96855 0
Nov 29 19:41:51 np0005539973.novalocal container-server[97149]: ::1 - - [30/Nov/2025:00:41:51 +0000] "PUT /2/28325/AUTH_d7431f1b3e4b40fe8ff42eb83afd437e/gnocchi.e7a9ec21-5e52-4179-87a9-e35edd9869dd" 201 - "PUT http://[::1]:8080/v1/AUTH_d7431f1b3e4b40fe8ff42eb83afd437e/gnocchi.e7a9ec21-5e52-4179-87a9-e35edd9869dd" "txab60eec56cca4bccbae0b-00692b92cf" "proxy-server 90231" 0.0278 "-" 97149 0
Nov 29 19:41:51 np0005539973.novalocal container-server[97150]: ::1 - - [30/Nov/2025:00:41:51 +0000] "PUT /1/99740/AUTH_d7431f1b3e4b40fe8ff42eb83afd437e/gnocchi.33f3b49c-f5a8-4fbc-8419-78110cd7dcd6/none_v3" 201 - "PUT http://[::1]:8080/2/2827/AUTH_d7431f1b3e4b40fe8ff42eb83afd437e/gnocchi.33f3b49c-f5a8-4fbc-8419-78110cd7dcd6/none_v3" "tx64b9831d21da4dea88529-00692b92cf" "object-server 97453" 0.0004 "-" 97150 0
Nov 29 19:41:51 np0005539973.novalocal object-server[97453]: ::1 - - [30/Nov/2025:00:41:51 +0000] "PUT /2/2827/AUTH_d7431f1b3e4b40fe8ff42eb83afd437e/gnocchi.33f3b49c-f5a8-4fbc-8419-78110cd7dcd6/none_v3" 201 - "PUT http://[::1]:8080/v1/AUTH_d7431f1b3e4b40fe8ff42eb83afd437e/gnocchi.33f3b49c-f5a8-4fbc-8419-78110cd7dcd6/none_v3" "tx64b9831d21da4dea88529-00692b92cf" "proxy-server 90232" 0.0312 "-" 97453 0
Nov 29 19:41:51 np0005539973.novalocal proxy-server[90232]: ::1 ::1 30/Nov/2025/00/41/51 PUT /v1/AUTH_d7431f1b3e4b40fe8ff42eb83afd437e/gnocchi.33f3b49c-f5a8-4fbc-8419-78110cd7dcd6/none_v3 HTTP/1.0 201 - python-swiftclient-4.2.0 gAAAAABpK5KUbDSc... 22 - - tx64b9831d21da4dea88529-00692b92cf - 0.0444 - - 1764463311.755097151 1764463311.799463511 0
Nov 29 19:41:51 np0005539973.novalocal account-server[96857]: ::1 - - [30/Nov/2025:00:41:51 +0000] "PUT /3/39192/AUTH_d7431f1b3e4b40fe8ff42eb83afd437e/gnocchi.e7a9ec21-5e52-4179-87a9-e35edd9869dd" 201 - "PUT http://[::1]:6001/3/28325/AUTH_d7431f1b3e4b40fe8ff42eb83afd437e/gnocchi.e7a9ec21-5e52-4179-87a9-e35edd9869dd" "txab60eec56cca4bccbae0b-00692b92cf" "container-server 97150" 0.0034 "-" 96857 0
Nov 29 19:41:51 np0005539973.novalocal container-server[97150]: ::1 - - [30/Nov/2025:00:41:51 +0000] "PUT /3/28325/AUTH_d7431f1b3e4b40fe8ff42eb83afd437e/gnocchi.e7a9ec21-5e52-4179-87a9-e35edd9869dd" 201 - "PUT http://[::1]:8080/v1/AUTH_d7431f1b3e4b40fe8ff42eb83afd437e/gnocchi.e7a9ec21-5e52-4179-87a9-e35edd9869dd" "txab60eec56cca4bccbae0b-00692b92cf" "proxy-server 90231" 0.0222 "-" 97150 0
Nov 29 19:41:51 np0005539973.novalocal account-server[96856]: ::1 - - [30/Nov/2025:00:41:51 +0000] "PUT /1/39192/AUTH_d7431f1b3e4b40fe8ff42eb83afd437e/gnocchi.e7a9ec21-5e52-4179-87a9-e35edd9869dd" 201 - "PUT http://[::1]:6001/1/28325/AUTH_d7431f1b3e4b40fe8ff42eb83afd437e/gnocchi.e7a9ec21-5e52-4179-87a9-e35edd9869dd" "txab60eec56cca4bccbae0b-00692b92cf" "container-server 97150" 0.0052 "-" 96856 0
Nov 29 19:41:51 np0005539973.novalocal container-server[97150]: ::1 - - [30/Nov/2025:00:41:51 +0000] "PUT /1/28325/AUTH_d7431f1b3e4b40fe8ff42eb83afd437e/gnocchi.e7a9ec21-5e52-4179-87a9-e35edd9869dd" 201 - "PUT http://[::1]:8080/v1/AUTH_d7431f1b3e4b40fe8ff42eb83afd437e/gnocchi.e7a9ec21-5e52-4179-87a9-e35edd9869dd" "txab60eec56cca4bccbae0b-00692b92cf" "proxy-server 90231" 0.0382 "-" 97150 0
Nov 29 19:41:51 np0005539973.novalocal proxy-server[90231]: ::1 ::1 30/Nov/2025/00/41/51 PUT /v1/AUTH_d7431f1b3e4b40fe8ff42eb83afd437e/gnocchi.e7a9ec21-5e52-4179-87a9-e35edd9869dd HTTP/1.0 201 - python-swiftclient-4.2.0 gAAAAABpK5KUEQfJ... - - - txab60eec56cca4bccbae0b-00692b92cf - 0.0430 - - 1764463311.760874033 1764463311.803907156 0
Nov 29 19:41:51 np0005539973.novalocal container-server[97151]: ::1 - - [30/Nov/2025:00:41:51 +0000] "HEAD /2/28325/AUTH_d7431f1b3e4b40fe8ff42eb83afd437e/gnocchi.e7a9ec21-5e52-4179-87a9-e35edd9869dd" 204 - "HEAD http://[::1]:8080/v1/AUTH_d7431f1b3e4b40fe8ff42eb83afd437e/gnocchi.e7a9ec21-5e52-4179-87a9-e35edd9869dd?format=json&states=listing" "tx776c10b92486428889e16-00692b92cf" "proxy-server 90231" 0.0011 "-" 97151 0
Nov 29 19:41:51 np0005539973.novalocal container-server[97150]: ::1 - - [30/Nov/2025:00:41:51 +0000] "GET /1/28325/AUTH_d7431f1b3e4b40fe8ff42eb83afd437e/gnocchi.e7a9ec21-5e52-4179-87a9-e35edd9869dd" 200 2 "GET http://[::1]:8080/v1/AUTH_d7431f1b3e4b40fe8ff42eb83afd437e/gnocchi.e7a9ec21-5e52-4179-87a9-e35edd9869dd?format=json&states=listing" "tx776c10b92486428889e16-00692b92cf" "proxy-server 90231" 0.0025 "-" 97150 0
Nov 29 19:41:51 np0005539973.novalocal proxy-server[90231]: ::1 ::1 30/Nov/2025/00/41/51 GET /v1/AUTH_d7431f1b3e4b40fe8ff42eb83afd437e/gnocchi.e7a9ec21-5e52-4179-87a9-e35edd9869dd%3Fformat%3Djson%26states%3Dlisting HTTP/1.0 200 - python-swiftclient-4.2.0 gAAAAABpK5KUEQfJ... - 2 - tx776c10b92486428889e16-00692b92cf - 0.0193 - - 1764463311.806577682 1764463311.825849295 0
Nov 29 19:41:51 np0005539973.novalocal object-server[97455]: ::1 - - [30/Nov/2025:00:41:51 +0000] "GET /2/52307/AUTH_d7431f1b3e4b40fe8ff42eb83afd437e/gnocchi.e7a9ec21-5e52-4179-87a9-e35edd9869dd/1763640000.0_mean_300.0_v3" 404 70 "GET http://[::1]:8080/v1/AUTH_d7431f1b3e4b40fe8ff42eb83afd437e/gnocchi.e7a9ec21-5e52-4179-87a9-e35edd9869dd/1763640000.0_mean_300.0_v3" "tx42805b3cfbe4439f877a2-00692b92cf" "proxy-server 90231" 0.0003 "-" 97455 0
Nov 29 19:41:51 np0005539973.novalocal object-server[97452]: ::1 - - [30/Nov/2025:00:41:51 +0000] "GET /3/261996/AUTH_d7431f1b3e4b40fe8ff42eb83afd437e/gnocchi.911d032f-5770-4dc3-96d0-02ca93c0906c/none_v3" 200 32 "GET http://[::1]:8080/v1/AUTH_d7431f1b3e4b40fe8ff42eb83afd437e/gnocchi.911d032f-5770-4dc3-96d0-02ca93c0906c/none_v3" "txf58810e44edf4afe8890d-00692b92cf" "proxy-server 90232" 0.0006 "-" 97452 0
Nov 29 19:41:51 np0005539973.novalocal object-server[97454]: ::1 - - [30/Nov/2025:00:41:51 +0000] "GET /1/52307/AUTH_d7431f1b3e4b40fe8ff42eb83afd437e/gnocchi.e7a9ec21-5e52-4179-87a9-e35edd9869dd/1763640000.0_mean_300.0_v3" 404 70 "GET http://[::1]:8080/v1/AUTH_d7431f1b3e4b40fe8ff42eb83afd437e/gnocchi.e7a9ec21-5e52-4179-87a9-e35edd9869dd/1763640000.0_mean_300.0_v3" "tx42805b3cfbe4439f877a2-00692b92cf" "proxy-server 90231" 0.0002 "-" 97454 0
Nov 29 19:41:51 np0005539973.novalocal proxy-server[90232]: ::1 ::1 30/Nov/2025/00/41/51 GET /v1/AUTH_d7431f1b3e4b40fe8ff42eb83afd437e/gnocchi.911d032f-5770-4dc3-96d0-02ca93c0906c/none_v3 HTTP/1.0 200 - python-swiftclient-4.2.0 gAAAAABpK5KUbDSc... - 32 - txf58810e44edf4afe8890d-00692b92cf - 0.0116 - - 1764463311.829628229 1764463311.841241121 0
Nov 29 19:41:51 np0005539973.novalocal object-server[97455]: ::1 - - [30/Nov/2025:00:41:51 +0000] "GET /3/52307/AUTH_d7431f1b3e4b40fe8ff42eb83afd437e/gnocchi.e7a9ec21-5e52-4179-87a9-e35edd9869dd/1763640000.0_mean_300.0_v3" 404 70 "GET http://[::1]:8080/v1/AUTH_d7431f1b3e4b40fe8ff42eb83afd437e/gnocchi.e7a9ec21-5e52-4179-87a9-e35edd9869dd/1763640000.0_mean_300.0_v3" "tx42805b3cfbe4439f877a2-00692b92cf" "proxy-server 90231" 0.0003 "-" 97455 0
Nov 29 19:41:51 np0005539973.novalocal proxy-server[90231]: ::1 ::1 30/Nov/2025/00/41/51 GET /v1/AUTH_d7431f1b3e4b40fe8ff42eb83afd437e/gnocchi.e7a9ec21-5e52-4179-87a9-e35edd9869dd/1763640000.0_mean_300.0_v3 HTTP/1.0 404 - python-swiftclient-4.2.0 gAAAAABpK5KUEQfJ... - 70 - tx42805b3cfbe4439f877a2-00692b92cf - 0.0155 - - 1764463311.829102755 1764463311.844565868 0
Nov 29 19:41:51 np0005539973.novalocal dnsmasq[104146]: read /var/lib/neutron/dhcp/6dfdfa53-c98d-476c-bd5a-cc8aa253da31/addn_hosts - 1 addresses
Nov 29 19:41:51 np0005539973.novalocal dnsmasq-dhcp[104146]: read /var/lib/neutron/dhcp/6dfdfa53-c98d-476c-bd5a-cc8aa253da31/host
Nov 29 19:41:51 np0005539973.novalocal dnsmasq-dhcp[104146]: read /var/lib/neutron/dhcp/6dfdfa53-c98d-476c-bd5a-cc8aa253da31/opts
Nov 29 19:41:51 np0005539973.novalocal container-server[97149]: ::1 - - [30/Nov/2025:00:41:51 +0000] "GET /1/235765/AUTH_d7431f1b3e4b40fe8ff42eb83afd437e/gnocchi.911d032f-5770-4dc3-96d0-02ca93c0906c" 200 357 "GET http://[::1]:8080/v1/AUTH_d7431f1b3e4b40fe8ff42eb83afd437e/gnocchi.911d032f-5770-4dc3-96d0-02ca93c0906c?format=json&states=listing" "tx3e6b2c9658144a1b922e1-00692b92cf" "proxy-server 90232" 0.0020 "-" 97149 0
Nov 29 19:41:51 np0005539973.novalocal proxy-server[90232]: ::1 ::1 30/Nov/2025/00/41/51 GET /v1/AUTH_d7431f1b3e4b40fe8ff42eb83afd437e/gnocchi.911d032f-5770-4dc3-96d0-02ca93c0906c%3Fformat%3Djson%26states%3Dlisting HTTP/1.0 200 - python-swiftclient-4.2.0 gAAAAABpK5KUbDSc... - 357 - tx3e6b2c9658144a1b922e1-00692b92cf - 0.0138 - - 1764463311.847594500 1764463311.861394644 0
Nov 29 19:41:51 np0005539973.novalocal container-server[97148]: ::1 - - [30/Nov/2025:00:41:51 +0000] "PUT /3/28325/AUTH_d7431f1b3e4b40fe8ff42eb83afd437e/gnocchi.e7a9ec21-5e52-4179-87a9-e35edd9869dd/1763640000.0_mean_300.0_v3" 201 - "PUT http://[::1]:8080/3/52307/AUTH_d7431f1b3e4b40fe8ff42eb83afd437e/gnocchi.e7a9ec21-5e52-4179-87a9-e35edd9869dd/1763640000.0_mean_300.0_v3" "txf83abf2c6b394f0b83d23-00692b92cf" "object-server 97454" 0.0006 "-" 97148 0
Nov 29 19:41:51 np0005539973.novalocal container-server[97151]: ::1 - - [30/Nov/2025:00:41:51 +0000] "PUT /2/28325/AUTH_d7431f1b3e4b40fe8ff42eb83afd437e/gnocchi.e7a9ec21-5e52-4179-87a9-e35edd9869dd/1763640000.0_mean_300.0_v3" 201 - "PUT http://[::1]:8080/1/52307/AUTH_d7431f1b3e4b40fe8ff42eb83afd437e/gnocchi.e7a9ec21-5e52-4179-87a9-e35edd9869dd/1763640000.0_mean_300.0_v3" "txf83abf2c6b394f0b83d23-00692b92cf" "object-server 97454" 0.0005 "-" 97151 0
Nov 29 19:41:51 np0005539973.novalocal object-server[97454]: ::1 - - [30/Nov/2025:00:41:51 +0000] "PUT /3/52307/AUTH_d7431f1b3e4b40fe8ff42eb83afd437e/gnocchi.e7a9ec21-5e52-4179-87a9-e35edd9869dd/1763640000.0_mean_300.0_v3" 201 - "PUT http://[::1]:8080/v1/AUTH_d7431f1b3e4b40fe8ff42eb83afd437e/gnocchi.e7a9ec21-5e52-4179-87a9-e35edd9869dd/1763640000.0_mean_300.0_v3" "txf83abf2c6b394f0b83d23-00692b92cf" "proxy-server 90231" 0.0104 "-" 97454 0
Nov 29 19:41:51 np0005539973.novalocal container-server[97149]: ::1 - - [30/Nov/2025:00:41:51 +0000] "PUT /1/28325/AUTH_d7431f1b3e4b40fe8ff42eb83afd437e/gnocchi.e7a9ec21-5e52-4179-87a9-e35edd9869dd/1763640000.0_mean_300.0_v3" 201 - "PUT http://[::1]:8080/2/52307/AUTH_d7431f1b3e4b40fe8ff42eb83afd437e/gnocchi.e7a9ec21-5e52-4179-87a9-e35edd9869dd/1763640000.0_mean_300.0_v3" "txf83abf2c6b394f0b83d23-00692b92cf" "object-server 97454" 0.0005 "-" 97149 0
Nov 29 19:41:51 np0005539973.novalocal object-server[97454]: ::1 - - [30/Nov/2025:00:41:51 +0000] "PUT /1/52307/AUTH_d7431f1b3e4b40fe8ff42eb83afd437e/gnocchi.e7a9ec21-5e52-4179-87a9-e35edd9869dd/1763640000.0_mean_300.0_v3" 201 - "PUT http://[::1]:8080/v1/AUTH_d7431f1b3e4b40fe8ff42eb83afd437e/gnocchi.e7a9ec21-5e52-4179-87a9-e35edd9869dd/1763640000.0_mean_300.0_v3" "txf83abf2c6b394f0b83d23-00692b92cf" "proxy-server 90231" 0.0136 "-" 97454 0
Nov 29 19:41:51 np0005539973.novalocal object-server[97454]: ::1 - - [30/Nov/2025:00:41:51 +0000] "PUT /2/52307/AUTH_d7431f1b3e4b40fe8ff42eb83afd437e/gnocchi.e7a9ec21-5e52-4179-87a9-e35edd9869dd/1763640000.0_mean_300.0_v3" 201 - "PUT http://[::1]:8080/v1/AUTH_d7431f1b3e4b40fe8ff42eb83afd437e/gnocchi.e7a9ec21-5e52-4179-87a9-e35edd9869dd/1763640000.0_mean_300.0_v3" "txf83abf2c6b394f0b83d23-00692b92cf" "proxy-server 90231" 0.0135 "-" 97454 0
Nov 29 19:41:51 np0005539973.novalocal proxy-server[90231]: ::1 ::1 30/Nov/2025/00/41/51 PUT /v1/AUTH_d7431f1b3e4b40fe8ff42eb83afd437e/gnocchi.e7a9ec21-5e52-4179-87a9-e35edd9869dd/1763640000.0_mean_300.0_v3 HTTP/1.0 201 - python-swiftclient-4.2.0 gAAAAABpK5KUEQfJ... 16 - - txf83abf2c6b394f0b83d23-00692b92cf - 0.0200 - - 1764463311.847517729 1764463311.867518425 0
Nov 29 19:41:51 np0005539973.novalocal container-server[97151]: ::1 - - [30/Nov/2025:00:41:51 +0000] "GET /1/235765/AUTH_d7431f1b3e4b40fe8ff42eb83afd437e/gnocchi.911d032f-5770-4dc3-96d0-02ca93c0906c" 200 2 "GET http://[::1]:8080/v1/AUTH_d7431f1b3e4b40fe8ff42eb83afd437e/gnocchi.911d032f-5770-4dc3-96d0-02ca93c0906c?format=json&marker=none_v3&states=listing" "tx7ed096088a1d41189b648-00692b92cf" "proxy-server 90232" 0.0017 "-" 97151 0
Nov 29 19:41:51 np0005539973.novalocal proxy-server[90232]: ::1 ::1 30/Nov/2025/00/41/51 GET /v1/AUTH_d7431f1b3e4b40fe8ff42eb83afd437e/gnocchi.911d032f-5770-4dc3-96d0-02ca93c0906c%3Fformat%3Djson%26marker%3Dnone_v3%26states%3Dlisting HTTP/1.0 200 - python-swiftclient-4.2.0 gAAAAABpK5KUbDSc... - 2 - tx7ed096088a1d41189b648-00692b92cf - 0.0080 - - 1764463311.864229679 1764463311.872194767 0
Nov 29 19:41:51 np0005539973.novalocal object-server[97454]: ::1 - - [30/Nov/2025:00:41:51 +0000] "GET /2/251988/AUTH_d7431f1b3e4b40fe8ff42eb83afd437e/gnocchi.911d032f-5770-4dc3-96d0-02ca93c0906c/1763640000.0_mean_300.0_v3" 200 16 "GET http://[::1]:8080/v1/AUTH_d7431f1b3e4b40fe8ff42eb83afd437e/gnocchi.911d032f-5770-4dc3-96d0-02ca93c0906c/1763640000.0_mean_300.0_v3" "txb4e0bdcc0841494ab6455-00692b92cf" "proxy-server 90232" 0.0008 "-" 97454 0
Nov 29 19:41:51 np0005539973.novalocal proxy-server[90232]: ::1 ::1 30/Nov/2025/00/41/51 GET /v1/AUTH_d7431f1b3e4b40fe8ff42eb83afd437e/gnocchi.911d032f-5770-4dc3-96d0-02ca93c0906c/1763640000.0_mean_300.0_v3 HTTP/1.0 200 - python-swiftclient-4.2.0 gAAAAABpK5KUbDSc... - 16 - txb4e0bdcc0841494ab6455-00692b92cf - 0.0057 - - 1764463311.875125647 1764463311.880820751 0
Nov 29 19:41:51 np0005539973.novalocal container-server[97151]: ::1 - - [30/Nov/2025:00:41:51 +0000] "PUT /3/28325/AUTH_d7431f1b3e4b40fe8ff42eb83afd437e/gnocchi.e7a9ec21-5e52-4179-87a9-e35edd9869dd/none_v3" 201 - "PUT http://[::1]:8080/2/203686/AUTH_d7431f1b3e4b40fe8ff42eb83afd437e/gnocchi.e7a9ec21-5e52-4179-87a9-e35edd9869dd/none_v3" "tx25e619e9dbf044f1b8c7c-00692b92cf" "object-server 97453" 0.0004 "-" 97151 0
Nov 29 19:41:51 np0005539973.novalocal container-server[97150]: ::1 - - [30/Nov/2025:00:41:51 +0000] "PUT /2/28325/AUTH_d7431f1b3e4b40fe8ff42eb83afd437e/gnocchi.e7a9ec21-5e52-4179-87a9-e35edd9869dd/none_v3" 201 - "PUT http://[::1]:8080/1/203686/AUTH_d7431f1b3e4b40fe8ff42eb83afd437e/gnocchi.e7a9ec21-5e52-4179-87a9-e35edd9869dd/none_v3" "tx25e619e9dbf044f1b8c7c-00692b92cf" "object-server 97454" 0.0006 "-" 97150 0
Nov 29 19:41:51 np0005539973.novalocal object-server[97454]: ::1 - - [30/Nov/2025:00:41:51 +0000] "PUT /1/203686/AUTH_d7431f1b3e4b40fe8ff42eb83afd437e/gnocchi.e7a9ec21-5e52-4179-87a9-e35edd9869dd/none_v3" 201 - "PUT http://[::1]:8080/v1/AUTH_d7431f1b3e4b40fe8ff42eb83afd437e/gnocchi.e7a9ec21-5e52-4179-87a9-e35edd9869dd/none_v3" "tx25e619e9dbf044f1b8c7c-00692b92cf" "proxy-server 90231" 0.0133 "-" 97454 0
Nov 29 19:41:51 np0005539973.novalocal container-server[97149]: ::1 - - [30/Nov/2025:00:41:51 +0000] "PUT /2/235765/AUTH_d7431f1b3e4b40fe8ff42eb83afd437e/gnocchi.911d032f-5770-4dc3-96d0-02ca93c0906c/1763640000.0_mean_300.0_v3" 201 - "PUT http://[::1]:8080/3/251988/AUTH_d7431f1b3e4b40fe8ff42eb83afd437e/gnocchi.911d032f-5770-4dc3-96d0-02ca93c0906c/1763640000.0_mean_300.0_v3" "txcd998e39dcf44c829b7ed-00692b92cf" "object-server 97452" 0.0005 "-" 97149 0
Nov 29 19:41:51 np0005539973.novalocal container-server[97150]: ::1 - - [30/Nov/2025:00:41:51 +0000] "PUT /1/28325/AUTH_d7431f1b3e4b40fe8ff42eb83afd437e/gnocchi.e7a9ec21-5e52-4179-87a9-e35edd9869dd/none_v3" 201 - "PUT http://[::1]:8080/3/203686/AUTH_d7431f1b3e4b40fe8ff42eb83afd437e/gnocchi.e7a9ec21-5e52-4179-87a9-e35edd9869dd/none_v3" "tx25e619e9dbf044f1b8c7c-00692b92cf" "object-server 97455" 0.0003 "-" 97150 0
Nov 29 19:41:51 np0005539973.novalocal container-server[97151]: ::1 - - [30/Nov/2025:00:41:51 +0000] "PUT /1/235765/AUTH_d7431f1b3e4b40fe8ff42eb83afd437e/gnocchi.911d032f-5770-4dc3-96d0-02ca93c0906c/1763640000.0_mean_300.0_v3" 201 - "PUT http://[::1]:8080/1/251988/AUTH_d7431f1b3e4b40fe8ff42eb83afd437e/gnocchi.911d032f-5770-4dc3-96d0-02ca93c0906c/1763640000.0_mean_300.0_v3" "txcd998e39dcf44c829b7ed-00692b92cf" "object-server 97455" 0.0003 "-" 97151 0
Nov 29 19:41:51 np0005539973.novalocal object-server[97455]: ::1 - - [30/Nov/2025:00:41:51 +0000] "PUT /3/203686/AUTH_d7431f1b3e4b40fe8ff42eb83afd437e/gnocchi.e7a9ec21-5e52-4179-87a9-e35edd9869dd/none_v3" 201 - "PUT http://[::1]:8080/v1/AUTH_d7431f1b3e4b40fe8ff42eb83afd437e/gnocchi.e7a9ec21-5e52-4179-87a9-e35edd9869dd/none_v3" "tx25e619e9dbf044f1b8c7c-00692b92cf" "proxy-server 90231" 0.0181 "-" 97455 0
Nov 29 19:41:51 np0005539973.novalocal object-server[97453]: ::1 - - [30/Nov/2025:00:41:51 +0000] "PUT /2/203686/AUTH_d7431f1b3e4b40fe8ff42eb83afd437e/gnocchi.e7a9ec21-5e52-4179-87a9-e35edd9869dd/none_v3" 201 - "PUT http://[::1]:8080/v1/AUTH_d7431f1b3e4b40fe8ff42eb83afd437e/gnocchi.e7a9ec21-5e52-4179-87a9-e35edd9869dd/none_v3" "tx25e619e9dbf044f1b8c7c-00692b92cf" "proxy-server 90231" 0.0183 "-" 97453 0
Nov 29 19:41:51 np0005539973.novalocal object-server[97452]: ::1 - - [30/Nov/2025:00:41:51 +0000] "PUT /3/251988/AUTH_d7431f1b3e4b40fe8ff42eb83afd437e/gnocchi.911d032f-5770-4dc3-96d0-02ca93c0906c/1763640000.0_mean_300.0_v3" 201 - "PUT http://[::1]:8080/v1/AUTH_d7431f1b3e4b40fe8ff42eb83afd437e/gnocchi.911d032f-5770-4dc3-96d0-02ca93c0906c/1763640000.0_mean_300.0_v3" "txcd998e39dcf44c829b7ed-00692b92cf" "proxy-server 90232" 0.0082 "-" 97452 0
Nov 29 19:41:51 np0005539973.novalocal object-server[97455]: ::1 - - [30/Nov/2025:00:41:51 +0000] "PUT /1/251988/AUTH_d7431f1b3e4b40fe8ff42eb83afd437e/gnocchi.911d032f-5770-4dc3-96d0-02ca93c0906c/1763640000.0_mean_300.0_v3" 201 - "PUT http://[::1]:8080/v1/AUTH_d7431f1b3e4b40fe8ff42eb83afd437e/gnocchi.911d032f-5770-4dc3-96d0-02ca93c0906c/1763640000.0_mean_300.0_v3" "txcd998e39dcf44c829b7ed-00692b92cf" "proxy-server 90232" 0.0097 "-" 97455 0
Nov 29 19:41:51 np0005539973.novalocal container-server[97151]: ::1 - - [30/Nov/2025:00:41:51 +0000] "PUT /3/235765/AUTH_d7431f1b3e4b40fe8ff42eb83afd437e/gnocchi.911d032f-5770-4dc3-96d0-02ca93c0906c/1763640000.0_mean_300.0_v3" 201 - "PUT http://[::1]:8080/2/251988/AUTH_d7431f1b3e4b40fe8ff42eb83afd437e/gnocchi.911d032f-5770-4dc3-96d0-02ca93c0906c/1763640000.0_mean_300.0_v3" "txcd998e39dcf44c829b7ed-00692b92cf" "object-server 97452" 0.0003 "-" 97151 0
Nov 29 19:41:51 np0005539973.novalocal object-server[97452]: ::1 - - [30/Nov/2025:00:41:51 +0000] "PUT /2/251988/AUTH_d7431f1b3e4b40fe8ff42eb83afd437e/gnocchi.911d032f-5770-4dc3-96d0-02ca93c0906c/1763640000.0_mean_300.0_v3" 201 - "PUT http://[::1]:8080/v1/AUTH_d7431f1b3e4b40fe8ff42eb83afd437e/gnocchi.911d032f-5770-4dc3-96d0-02ca93c0906c/1763640000.0_mean_300.0_v3" "txcd998e39dcf44c829b7ed-00692b92cf" "proxy-server 90232" 0.0118 "-" 97452 0
Nov 29 19:41:51 np0005539973.novalocal proxy-server[90232]: ::1 ::1 30/Nov/2025/00/41/51 PUT /v1/AUTH_d7431f1b3e4b40fe8ff42eb83afd437e/gnocchi.911d032f-5770-4dc3-96d0-02ca93c0906c/1763640000.0_mean_300.0_v3 HTTP/1.0 201 - python-swiftclient-4.2.0 gAAAAABpK5KUbDSc... 16 - - txcd998e39dcf44c829b7ed-00692b92cf - 0.0171 - - 1764463311.883216858 1764463311.900358438 0
Nov 29 19:41:51 np0005539973.novalocal proxy-server[90231]: ::1 ::1 30/Nov/2025/00/41/51 PUT /v1/AUTH_d7431f1b3e4b40fe8ff42eb83afd437e/gnocchi.e7a9ec21-5e52-4179-87a9-e35edd9869dd/none_v3 HTTP/1.0 201 - python-swiftclient-4.2.0 gAAAAABpK5KUEQfJ... 22 - - tx25e619e9dbf044f1b8c7c-00692b92cf - 0.0308 - - 1764463311.871350050 1764463311.902191162 0
Nov 29 19:41:51 np0005539973.novalocal container-server[97149]: ::1 - - [30/Nov/2025:00:41:51 +0000] "HEAD /3/65293/AUTH_d7431f1b3e4b40fe8ff42eb83afd437e/gnocchi.3cbcfc5f-c7a2-4ec4-a38b-51e0e74581f3" 404 - "HEAD http://[::1]:8080/v1/AUTH_d7431f1b3e4b40fe8ff42eb83afd437e/gnocchi.3cbcfc5f-c7a2-4ec4-a38b-51e0e74581f3?format=json&states=listing" "txeb55110dfa104c92a8065-00692b92cf" "proxy-server 90231" 0.0004 "-" 97149 0
Nov 29 19:41:51 np0005539973.novalocal container-server[97149]: ::1 - - [30/Nov/2025:00:41:51 +0000] "HEAD /1/65293/AUTH_d7431f1b3e4b40fe8ff42eb83afd437e/gnocchi.3cbcfc5f-c7a2-4ec4-a38b-51e0e74581f3" 404 - "HEAD http://[::1]:8080/v1/AUTH_d7431f1b3e4b40fe8ff42eb83afd437e/gnocchi.3cbcfc5f-c7a2-4ec4-a38b-51e0e74581f3?format=json&states=listing" "txeb55110dfa104c92a8065-00692b92cf" "proxy-server 90231" 0.0002 "-" 97149 0
Nov 29 19:41:51 np0005539973.novalocal container-server[97151]: ::1 - - [30/Nov/2025:00:41:51 +0000] "HEAD /2/65293/AUTH_d7431f1b3e4b40fe8ff42eb83afd437e/gnocchi.3cbcfc5f-c7a2-4ec4-a38b-51e0e74581f3" 404 - "HEAD http://[::1]:8080/v1/AUTH_d7431f1b3e4b40fe8ff42eb83afd437e/gnocchi.3cbcfc5f-c7a2-4ec4-a38b-51e0e74581f3?format=json&states=listing" "txeb55110dfa104c92a8065-00692b92cf" "proxy-server 90231" 0.0005 "-" 97151 0
Nov 29 19:41:51 np0005539973.novalocal container-server[97150]: ::1 - - [30/Nov/2025:00:41:51 +0000] "PUT /2/235765/AUTH_d7431f1b3e4b40fe8ff42eb83afd437e/gnocchi.911d032f-5770-4dc3-96d0-02ca93c0906c/none_v3" 201 - "PUT http://[::1]:8080/1/261996/AUTH_d7431f1b3e4b40fe8ff42eb83afd437e/gnocchi.911d032f-5770-4dc3-96d0-02ca93c0906c/none_v3" "txca8d52a54c064e03bc4db-00692b92cf" "object-server 97453" 0.0005 "-" 97150 0
Nov 29 19:41:51 np0005539973.novalocal object-server[97453]: ::1 - - [30/Nov/2025:00:41:51 +0000] "PUT /1/261996/AUTH_d7431f1b3e4b40fe8ff42eb83afd437e/gnocchi.911d032f-5770-4dc3-96d0-02ca93c0906c/none_v3" 201 - "PUT http://[::1]:8080/v1/AUTH_d7431f1b3e4b40fe8ff42eb83afd437e/gnocchi.911d032f-5770-4dc3-96d0-02ca93c0906c/none_v3" "txca8d52a54c064e03bc4db-00692b92cf" "proxy-server 90232" 0.0322 "-" 97453 0
Nov 29 19:41:51 np0005539973.novalocal container-server[97150]: ::1 - - [30/Nov/2025:00:41:51 +0000] "PUT /3/235765/AUTH_d7431f1b3e4b40fe8ff42eb83afd437e/gnocchi.911d032f-5770-4dc3-96d0-02ca93c0906c/none_v3" 201 - "PUT http://[::1]:8080/2/261996/AUTH_d7431f1b3e4b40fe8ff42eb83afd437e/gnocchi.911d032f-5770-4dc3-96d0-02ca93c0906c/none_v3" "txca8d52a54c064e03bc4db-00692b92cf" "object-server 97453" 0.0003 "-" 97150 0
Nov 29 19:41:51 np0005539973.novalocal object-server[97453]: ::1 - - [30/Nov/2025:00:41:51 +0000] "PUT /2/261996/AUTH_d7431f1b3e4b40fe8ff42eb83afd437e/gnocchi.911d032f-5770-4dc3-96d0-02ca93c0906c/none_v3" 201 - "PUT http://[::1]:8080/v1/AUTH_d7431f1b3e4b40fe8ff42eb83afd437e/gnocchi.911d032f-5770-4dc3-96d0-02ca93c0906c/none_v3" "txca8d52a54c064e03bc4db-00692b92cf" "proxy-server 90232" 0.0324 "-" 97453 0
Nov 29 19:41:51 np0005539973.novalocal container-server[97150]: ::1 - - [30/Nov/2025:00:41:51 +0000] "PUT /1/235765/AUTH_d7431f1b3e4b40fe8ff42eb83afd437e/gnocchi.911d032f-5770-4dc3-96d0-02ca93c0906c/none_v3" 201 - "PUT http://[::1]:8080/3/261996/AUTH_d7431f1b3e4b40fe8ff42eb83afd437e/gnocchi.911d032f-5770-4dc3-96d0-02ca93c0906c/none_v3" "txca8d52a54c064e03bc4db-00692b92cf" "object-server 97453" 0.0003 "-" 97150 0
Nov 29 19:41:51 np0005539973.novalocal object-server[97453]: ::1 - - [30/Nov/2025:00:41:51 +0000] "GET /3/116556/AUTH_d7431f1b3e4b40fe8ff42eb83afd437e/gnocchi.3cbcfc5f-c7a2-4ec4-a38b-51e0e74581f3/none_v3" 404 70 "GET http://[::1]:8080/v1/AUTH_d7431f1b3e4b40fe8ff42eb83afd437e/gnocchi.3cbcfc5f-c7a2-4ec4-a38b-51e0e74581f3/none_v3" "txeb55110dfa104c92a8065-00692b92cf" "proxy-server 90231" 0.0002 "-" 97453 0
Nov 29 19:41:51 np0005539973.novalocal object-server[97453]: ::1 - - [30/Nov/2025:00:41:51 +0000] "PUT /3/261996/AUTH_d7431f1b3e4b40fe8ff42eb83afd437e/gnocchi.911d032f-5770-4dc3-96d0-02ca93c0906c/none_v3" 201 - "PUT http://[::1]:8080/v1/AUTH_d7431f1b3e4b40fe8ff42eb83afd437e/gnocchi.911d032f-5770-4dc3-96d0-02ca93c0906c/none_v3" "txca8d52a54c064e03bc4db-00692b92cf" "proxy-server 90232" 0.0361 "-" 97453 0
Nov 29 19:41:51 np0005539973.novalocal proxy-server[90232]: ::1 ::1 30/Nov/2025/00/41/51 PUT /v1/AUTH_d7431f1b3e4b40fe8ff42eb83afd437e/gnocchi.911d032f-5770-4dc3-96d0-02ca93c0906c/none_v3 HTTP/1.0 201 - python-swiftclient-4.2.0 gAAAAABpK5KUbDSc... 62 - - txca8d52a54c064e03bc4db-00692b92cf - 0.0438 - - 1764463311.902403355 1764463311.946241379 0
Nov 29 19:41:51 np0005539973.novalocal object-server[97453]: ::1 - - [30/Nov/2025:00:41:51 +0000] "GET /1/116556/AUTH_d7431f1b3e4b40fe8ff42eb83afd437e/gnocchi.3cbcfc5f-c7a2-4ec4-a38b-51e0e74581f3/none_v3" 404 70 "GET http://[::1]:8080/v1/AUTH_d7431f1b3e4b40fe8ff42eb83afd437e/gnocchi.3cbcfc5f-c7a2-4ec4-a38b-51e0e74581f3/none_v3" "txeb55110dfa104c92a8065-00692b92cf" "proxy-server 90231" 0.0002 "-" 97453 0
Nov 29 19:41:51 np0005539973.novalocal object-server[97455]: ::1 - - [30/Nov/2025:00:41:51 +0000] "GET /2/116556/AUTH_d7431f1b3e4b40fe8ff42eb83afd437e/gnocchi.3cbcfc5f-c7a2-4ec4-a38b-51e0e74581f3/none_v3" 404 70 "GET http://[::1]:8080/v1/AUTH_d7431f1b3e4b40fe8ff42eb83afd437e/gnocchi.3cbcfc5f-c7a2-4ec4-a38b-51e0e74581f3/none_v3" "txeb55110dfa104c92a8065-00692b92cf" "proxy-server 90231" 0.0003 "-" 97455 0
Nov 29 19:41:51 np0005539973.novalocal proxy-server[90231]: ::1 ::1 30/Nov/2025/00/41/51 GET /v1/AUTH_d7431f1b3e4b40fe8ff42eb83afd437e/gnocchi.3cbcfc5f-c7a2-4ec4-a38b-51e0e74581f3/none_v3 HTTP/1.0 404 - python-swiftclient-4.2.0 gAAAAABpK5KUEQfJ... - 70 - txeb55110dfa104c92a8065-00692b92cf - 0.0210 - - 1764463311.929362774 1764463311.950350046 0
Nov 29 19:41:51 np0005539973.novalocal account-server[96858]: ::1 - - [30/Nov/2025:00:41:51 +0000] "PUT /3/39192/AUTH_d7431f1b3e4b40fe8ff42eb83afd437e/gnocchi.3cbcfc5f-c7a2-4ec4-a38b-51e0e74581f3" 201 - "PUT http://[::1]:6001/1/65293/AUTH_d7431f1b3e4b40fe8ff42eb83afd437e/gnocchi.3cbcfc5f-c7a2-4ec4-a38b-51e0e74581f3" "tx73bafc7287684650b9a6a-00692b92cf" "container-server 97148" 0.0043 "-" 96858 0
Nov 29 19:41:51 np0005539973.novalocal account-server[96856]: ::1 - - [30/Nov/2025:00:41:51 +0000] "PUT /2/39192/AUTH_d7431f1b3e4b40fe8ff42eb83afd437e/gnocchi.3cbcfc5f-c7a2-4ec4-a38b-51e0e74581f3" 201 - "PUT http://[::1]:6001/2/65293/AUTH_d7431f1b3e4b40fe8ff42eb83afd437e/gnocchi.3cbcfc5f-c7a2-4ec4-a38b-51e0e74581f3" "tx73bafc7287684650b9a6a-00692b92cf" "container-server 97149" 0.0050 "-" 96856 0
Nov 29 19:41:51 np0005539973.novalocal container-server[97149]: ::1 - - [30/Nov/2025:00:41:51 +0000] "PUT /2/65293/AUTH_d7431f1b3e4b40fe8ff42eb83afd437e/gnocchi.3cbcfc5f-c7a2-4ec4-a38b-51e0e74581f3" 201 - "PUT http://[::1]:8080/v1/AUTH_d7431f1b3e4b40fe8ff42eb83afd437e/gnocchi.3cbcfc5f-c7a2-4ec4-a38b-51e0e74581f3" "tx73bafc7287684650b9a6a-00692b92cf" "proxy-server 90231" 0.0172 "-" 97149 0
Nov 29 19:41:51 np0005539973.novalocal container-server[97148]: ::1 - - [30/Nov/2025:00:41:51 +0000] "PUT /1/65293/AUTH_d7431f1b3e4b40fe8ff42eb83afd437e/gnocchi.3cbcfc5f-c7a2-4ec4-a38b-51e0e74581f3" 201 - "PUT http://[::1]:8080/v1/AUTH_d7431f1b3e4b40fe8ff42eb83afd437e/gnocchi.3cbcfc5f-c7a2-4ec4-a38b-51e0e74581f3" "tx73bafc7287684650b9a6a-00692b92cf" "proxy-server 90231" 0.0207 "-" 97148 0
Nov 29 19:41:51 np0005539973.novalocal object-server[97454]: ::1 - - [30/Nov/2025:00:41:51 +0000] "GET /1/133640/AUTH_d7431f1b3e4b40fe8ff42eb83afd437e/gnocchi.0a838c06-cc86-452c-866e-0b1367dc68b2/none_v3" 200 43 "GET http://[::1]:8080/v1/AUTH_d7431f1b3e4b40fe8ff42eb83afd437e/gnocchi.0a838c06-cc86-452c-866e-0b1367dc68b2/none_v3" "tx7254c591eb114cbd9eadb-00692b92cf" "proxy-server 90232" 0.0006 "-" 97454 0
Nov 29 19:41:51 np0005539973.novalocal proxy-server[90232]: ::1 ::1 30/Nov/2025/00/41/51 GET /v1/AUTH_d7431f1b3e4b40fe8ff42eb83afd437e/gnocchi.0a838c06-cc86-452c-866e-0b1367dc68b2/none_v3 HTTP/1.0 200 - python-swiftclient-4.2.0 gAAAAABpK5KUbDSc... - 43 - tx7254c591eb114cbd9eadb-00692b92cf - 0.0080 - - 1764463311.973463535 1764463311.981501341 0
Nov 29 19:41:51 np0005539973.novalocal account-server[96855]: ::1 - - [30/Nov/2025:00:41:51 +0000] "PUT /1/39192/AUTH_d7431f1b3e4b40fe8ff42eb83afd437e/gnocchi.3cbcfc5f-c7a2-4ec4-a38b-51e0e74581f3" 201 - "PUT http://[::1]:6001/3/65293/AUTH_d7431f1b3e4b40fe8ff42eb83afd437e/gnocchi.3cbcfc5f-c7a2-4ec4-a38b-51e0e74581f3" "tx73bafc7287684650b9a6a-00692b92cf" "container-server 97148" 0.0038 "-" 96855 0
Nov 29 19:41:51 np0005539973.novalocal container-server[97148]: ::1 - - [30/Nov/2025:00:41:51 +0000] "PUT /3/65293/AUTH_d7431f1b3e4b40fe8ff42eb83afd437e/gnocchi.3cbcfc5f-c7a2-4ec4-a38b-51e0e74581f3" 201 - "PUT http://[::1]:8080/v1/AUTH_d7431f1b3e4b40fe8ff42eb83afd437e/gnocchi.3cbcfc5f-c7a2-4ec4-a38b-51e0e74581f3" "tx73bafc7287684650b9a6a-00692b92cf" "proxy-server 90231" 0.0142 "-" 97148 0
Nov 29 19:41:51 np0005539973.novalocal proxy-server[90231]: ::1 ::1 30/Nov/2025/00/41/51 PUT /v1/AUTH_d7431f1b3e4b40fe8ff42eb83afd437e/gnocchi.3cbcfc5f-c7a2-4ec4-a38b-51e0e74581f3 HTTP/1.0 201 - python-swiftclient-4.2.0 gAAAAABpK5KUEQfJ... - - - tx73bafc7287684650b9a6a-00692b92cf - 0.0334 - - 1764463311.952645063 1764463311.986012936 0
Nov 29 19:41:51 np0005539973.novalocal container-server[97149]: ::1 - - [30/Nov/2025:00:41:51 +0000] "HEAD /1/65293/AUTH_d7431f1b3e4b40fe8ff42eb83afd437e/gnocchi.3cbcfc5f-c7a2-4ec4-a38b-51e0e74581f3" 204 - "HEAD http://[::1]:8080/v1/AUTH_d7431f1b3e4b40fe8ff42eb83afd437e/gnocchi.3cbcfc5f-c7a2-4ec4-a38b-51e0e74581f3?format=json&states=listing" "txa11b13131e9449aa8a530-00692b92cf" "proxy-server 90231" 0.0017 "-" 97149 0
Nov 29 19:41:52 np0005539973.novalocal container-server[97151]: ::1 - - [30/Nov/2025:00:41:52 +0000] "GET /2/150736/AUTH_d7431f1b3e4b40fe8ff42eb83afd437e/gnocchi.0a838c06-cc86-452c-866e-0b1367dc68b2" 200 357 "GET http://[::1]:8080/v1/AUTH_d7431f1b3e4b40fe8ff42eb83afd437e/gnocchi.0a838c06-cc86-452c-866e-0b1367dc68b2?format=json&states=listing" "txecd5490f366740dbab8de-00692b92cf" "proxy-server 90232" 0.0108 "-" 97151 0
Nov 29 19:41:52 np0005539973.novalocal container-server[97148]: ::1 - - [30/Nov/2025:00:41:52 +0000] "GET /2/65293/AUTH_d7431f1b3e4b40fe8ff42eb83afd437e/gnocchi.3cbcfc5f-c7a2-4ec4-a38b-51e0e74581f3" 200 2 "GET http://[::1]:8080/v1/AUTH_d7431f1b3e4b40fe8ff42eb83afd437e/gnocchi.3cbcfc5f-c7a2-4ec4-a38b-51e0e74581f3?format=json&states=listing" "txa11b13131e9449aa8a530-00692b92cf" "proxy-server 90231" 0.0031 "-" 97148 0
Nov 29 19:41:52 np0005539973.novalocal proxy-server[90232]: ::1 ::1 30/Nov/2025/00/41/52 GET /v1/AUTH_d7431f1b3e4b40fe8ff42eb83afd437e/gnocchi.0a838c06-cc86-452c-866e-0b1367dc68b2%3Fformat%3Djson%26states%3Dlisting HTTP/1.0 200 - python-swiftclient-4.2.0 gAAAAABpK5KUbDSc... - 357 - txecd5490f366740dbab8de-00692b92cf - 0.0189 - - 1764463311.984069347 1764463312.002990246 0
Nov 29 19:41:52 np0005539973.novalocal proxy-server[90231]: ::1 ::1 30/Nov/2025/00/41/52 GET /v1/AUTH_d7431f1b3e4b40fe8ff42eb83afd437e/gnocchi.3cbcfc5f-c7a2-4ec4-a38b-51e0e74581f3%3Fformat%3Djson%26states%3Dlisting HTTP/1.0 200 - python-swiftclient-4.2.0 gAAAAABpK5KUEQfJ... - 2 - txa11b13131e9449aa8a530-00692b92cf - 0.0147 - - 1764463311.988732576 1764463312.003477573 0
Nov 29 19:41:52 np0005539973.novalocal container-server[97148]: ::1 - - [30/Nov/2025:00:41:52 +0000] "GET /2/150736/AUTH_d7431f1b3e4b40fe8ff42eb83afd437e/gnocchi.0a838c06-cc86-452c-866e-0b1367dc68b2" 200 2 "GET http://[::1]:8080/v1/AUTH_d7431f1b3e4b40fe8ff42eb83afd437e/gnocchi.0a838c06-cc86-452c-866e-0b1367dc68b2?format=json&marker=none_v3&states=listing" "txa722acc398f84b9d96a6b-00692b92d0" "proxy-server 90232" 0.0024 "-" 97148 0
Nov 29 19:41:52 np0005539973.novalocal object-server[97455]: ::1 - - [30/Nov/2025:00:41:52 +0000] "GET /1/173614/AUTH_d7431f1b3e4b40fe8ff42eb83afd437e/gnocchi.3cbcfc5f-c7a2-4ec4-a38b-51e0e74581f3/1763640000.0_mean_300.0_v3" 404 70 "GET http://[::1]:8080/v1/AUTH_d7431f1b3e4b40fe8ff42eb83afd437e/gnocchi.3cbcfc5f-c7a2-4ec4-a38b-51e0e74581f3/1763640000.0_mean_300.0_v3" "tx1daca890316044beb4349-00692b92d0" "proxy-server 90231" 0.0003 "-" 97455 0
Nov 29 19:41:52 np0005539973.novalocal proxy-server[90232]: ::1 ::1 30/Nov/2025/00/41/52 GET /v1/AUTH_d7431f1b3e4b40fe8ff42eb83afd437e/gnocchi.0a838c06-cc86-452c-866e-0b1367dc68b2%3Fformat%3Djson%26marker%3Dnone_v3%26states%3Dlisting HTTP/1.0 200 - python-swiftclient-4.2.0 gAAAAABpK5KUbDSc... - 2 - txa722acc398f84b9d96a6b-00692b92d0 - 0.0087 - - 1764463312.005277872 1764463312.013980627 0
Nov 29 19:41:52 np0005539973.novalocal object-server[97452]: ::1 - - [30/Nov/2025:00:41:52 +0000] "GET /3/173614/AUTH_d7431f1b3e4b40fe8ff42eb83afd437e/gnocchi.3cbcfc5f-c7a2-4ec4-a38b-51e0e74581f3/1763640000.0_mean_300.0_v3" 404 70 "GET http://[::1]:8080/v1/AUTH_d7431f1b3e4b40fe8ff42eb83afd437e/gnocchi.3cbcfc5f-c7a2-4ec4-a38b-51e0e74581f3/1763640000.0_mean_300.0_v3" "tx1daca890316044beb4349-00692b92d0" "proxy-server 90231" 0.0004 "-" 97452 0
Nov 29 19:41:52 np0005539973.novalocal object-server[97455]: ::1 - - [30/Nov/2025:00:41:52 +0000] "GET /2/173614/AUTH_d7431f1b3e4b40fe8ff42eb83afd437e/gnocchi.3cbcfc5f-c7a2-4ec4-a38b-51e0e74581f3/1763640000.0_mean_300.0_v3" 404 70 "GET http://[::1]:8080/v1/AUTH_d7431f1b3e4b40fe8ff42eb83afd437e/gnocchi.3cbcfc5f-c7a2-4ec4-a38b-51e0e74581f3/1763640000.0_mean_300.0_v3" "tx1daca890316044beb4349-00692b92d0" "proxy-server 90231" 0.0002 "-" 97455 0
Nov 29 19:41:52 np0005539973.novalocal proxy-server[90231]: ::1 ::1 30/Nov/2025/00/41/52 GET /v1/AUTH_d7431f1b3e4b40fe8ff42eb83afd437e/gnocchi.3cbcfc5f-c7a2-4ec4-a38b-51e0e74581f3/1763640000.0_mean_300.0_v3 HTTP/1.0 404 - python-swiftclient-4.2.0 gAAAAABpK5KUEQfJ... - 70 - tx1daca890316044beb4349-00692b92d0 - 0.0116 - - 1764463312.007159472 1764463312.018759966 0
Nov 29 19:41:52 np0005539973.novalocal object-server[97454]: ::1 - - [30/Nov/2025:00:41:52 +0000] "GET /3/206172/AUTH_d7431f1b3e4b40fe8ff42eb83afd437e/gnocchi.0a838c06-cc86-452c-866e-0b1367dc68b2/1763640000.0_mean_300.0_v3" 200 16 "GET http://[::1]:8080/v1/AUTH_d7431f1b3e4b40fe8ff42eb83afd437e/gnocchi.0a838c06-cc86-452c-866e-0b1367dc68b2/1763640000.0_mean_300.0_v3" "tx0e042bf1ee1f405186ef1-00692b92d0" "proxy-server 90232" 0.0007 "-" 97454 0
