Feb 2 13:30:55 standalone container-server[125308]: 172.20.0.100 - - [02/Feb/2026:13:30:55 +0000] "GET /d1/955/AUTH_86427565a5b844ad9373a75cd08cf70d/gnocchi.bd840711-76a9-495a-bbeb-f1f844c1fc31" 200 2 "GET http://localhost:8080/v1/AUTH_86427565a5b844ad9373a75cd08cf70d/gnocchi.bd840711-76a9-495a-bbeb-f1f844c1fc31?format=json&states=listing" "txf016b525eeba4617827da-006980a70f" "proxy-server 21" 0.0019 "-" 21 0
Feb 2 13:30:55 standalone proxy-server[127335]: 172.18.0.2 ::1 02/Feb/2026/13/30/55 GET /v1/AUTH_86427565a5b844ad9373a75cd08cf70d/gnocchi.bd840711-76a9-495a-bbeb-f1f844c1fc31%3Fformat%3Djson%26states%3Dlisting HTTP/1.0 200 - python-swiftclient-3.11.1 gAAAAABpgKbLxM7K... - 2 - txf016b525eeba4617827da-006980a70f - 0.0149 - - 1770039055.901430607 1770039055.916342974 0
Feb 2 13:30:55 standalone object-server[125524]: 172.20.0.100 - - [02/Feb/2026:13:30:55 +0000] "GET /d1/900/AUTH_86427565a5b844ad9373a75cd08cf70d/gnocchi.bd840711-76a9-495a-bbeb-f1f844c1fc31/1769040000.0_mean_300.0_v3" 404 70 "GET http://localhost:8080/v1/AUTH_86427565a5b844ad9373a75cd08cf70d/gnocchi.bd840711-76a9-495a-bbeb-f1f844c1fc31/1769040000.0_mean_300.0_v3" "tx5099f2314c7d47e4b4b54-006980a70f" "proxy-server 21" 0.0008 "-" 22 0
Feb 2 13:30:55 standalone proxy-server[127335]: 172.18.0.2 ::1 02/Feb/2026/13/30/55 GET /v1/AUTH_86427565a5b844ad9373a75cd08cf70d/gnocchi.bd840711-76a9-495a-bbeb-f1f844c1fc31/1769040000.0_mean_300.0_v3 HTTP/1.0 404 - python-swiftclient-3.11.1 gAAAAABpgKbLxM7K... - 70 - tx5099f2314c7d47e4b4b54-006980a70f - 0.0066 - - 1770039055.923967600 1770039055.930530787 0
Feb 2 13:30:55 standalone container-server[125307]: 172.20.0.100 - - [02/Feb/2026:13:30:55 +0000] "PUT /d1/955/AUTH_86427565a5b844ad9373a75cd08cf70d/gnocchi.bd840711-76a9-495a-bbeb-f1f844c1fc31/1769040000.0_mean_300.0_v3" 201 - "PUT http://localhost:8080/d1/900/AUTH_86427565a5b844ad9373a75cd08cf70d/gnocchi.bd840711-76a9-495a-bbeb-f1f844c1fc31/1769040000.0_mean_300.0_v3" "tx55c17edc5a3848d0893d5-006980a70f" "object-server 22" 0.0010 "-" 20 0
Feb 2 13:30:55 standalone object-server[125524]: 172.20.0.100 - - [02/Feb/2026:13:30:55 +0000] "PUT /d1/900/AUTH_86427565a5b844ad9373a75cd08cf70d/gnocchi.bd840711-76a9-495a-bbeb-f1f844c1fc31/1769040000.0_mean_300.0_v3" 201 - "PUT http://localhost:8080/v1/AUTH_86427565a5b844ad9373a75cd08cf70d/gnocchi.bd840711-76a9-495a-bbeb-f1f844c1fc31/1769040000.0_mean_300.0_v3" "tx55c17edc5a3848d0893d5-006980a70f" "proxy-server 21" 0.0142 "-" 22 0
Feb 2 13:30:55 standalone proxy-server[127335]: 172.18.0.2 ::1 02/Feb/2026/13/30/55 PUT /v1/AUTH_86427565a5b844ad9373a75cd08cf70d/gnocchi.bd840711-76a9-495a-bbeb-f1f844c1fc31/1769040000.0_mean_300.0_v3 HTTP/1.0 201 - python-swiftclient-3.11.1 gAAAAABpgKbLxM7K... 16 - - tx55c17edc5a3848d0893d5-006980a70f - 0.0200 - - 1770039055.935371161 1770039055.955329895 0
Feb 2 13:30:55 standalone container-server[125317]: 172.20.0.100 - - [02/Feb/2026:13:30:55 +0000] "PUT /d1/955/AUTH_86427565a5b844ad9373a75cd08cf70d/gnocchi.bd840711-76a9-495a-bbeb-f1f844c1fc31/none_v3" 201 - "PUT http://localhost:8080/d1/1007/AUTH_86427565a5b844ad9373a75cd08cf70d/gnocchi.bd840711-76a9-495a-bbeb-f1f844c1fc31/none_v3" "tx3889bba68e604b899b0e0-006980a70f" "object-server 22" 0.0007 "-" 23 0
Feb 2 13:30:55 standalone object-server[125524]: 172.20.0.100 - - [02/Feb/2026:13:30:55 +0000] "PUT /d1/1007/AUTH_86427565a5b844ad9373a75cd08cf70d/gnocchi.bd840711-76a9-495a-bbeb-f1f844c1fc31/none_v3" 201 - "PUT http://localhost:8080/v1/AUTH_86427565a5b844ad9373a75cd08cf70d/gnocchi.bd840711-76a9-495a-bbeb-f1f844c1fc31/none_v3" "tx3889bba68e604b899b0e0-006980a70f" "proxy-server 21" 0.0155 "-" 22 0
Feb 2 13:30:55 standalone proxy-server[127335]: 172.18.0.2 ::1 02/Feb/2026/13/30/55 PUT /v1/AUTH_86427565a5b844ad9373a75cd08cf70d/gnocchi.bd840711-76a9-495a-bbeb-f1f844c1fc31/none_v3 HTTP/1.0 201 - python-swiftclient-3.11.1 gAAAAABpgKbLxM7K... 22 - - tx3889bba68e604b899b0e0-006980a70f - 0.0218 - - 1770039055.959656954 1770039055.981468439 0
Feb 2 13:30:56 standalone container-server[125308]: 172.20.0.100 - - [02/Feb/2026:13:30:56 +0000] "HEAD /d1/507/AUTH_86427565a5b844ad9373a75cd08cf70d/gnocchi.29e195a4-0d84-4680-b30e-3c21098e1c7c" 404 - "HEAD http://localhost:8080/v1/AUTH_86427565a5b844ad9373a75cd08cf70d/gnocchi.29e195a4-0d84-4680-b30e-3c21098e1c7c?format=json&states=listing" "txdf805138429548ffa5bb1-006980a710" "proxy-server 21" 0.0005 "-" 21 0
Feb 2 13:30:56 standalone object-server[125524]: 172.20.0.100 - - [02/Feb/2026:13:30:56 +0000] "GET /d1/771/AUTH_86427565a5b844ad9373a75cd08cf70d/gnocchi.29e195a4-0d84-4680-b30e-3c21098e1c7c/none_v3" 404 70 "GET http://localhost:8080/v1/AUTH_86427565a5b844ad9373a75cd08cf70d/gnocchi.29e195a4-0d84-4680-b30e-3c21098e1c7c/none_v3" "txdf805138429548ffa5bb1-006980a710" "proxy-server 21" 0.0007 "-" 22 0
Feb 2 13:30:56 standalone proxy-server[127335]: 172.18.0.2 ::1 02/Feb/2026/13/30/56 GET /v1/AUTH_86427565a5b844ad9373a75cd08cf70d/gnocchi.29e195a4-0d84-4680-b30e-3c21098e1c7c/none_v3 HTTP/1.0 404 - python-swiftclient-3.11.1 gAAAAABpgKbLxM7K... - 70 - txdf805138429548ffa5bb1-006980a710 - 0.0140 - - 1770039056.019323111 1770039056.033297062 0
Feb 2 13:30:56 standalone account-server[125119]: 172.20.0.100 - - [02/Feb/2026:13:30:56 +0000] "PUT /d1/882/AUTH_86427565a5b844ad9373a75cd08cf70d/gnocchi.29e195a4-0d84-4680-b30e-3c21098e1c7c" 201 - "PUT http://172.20.0.100:6001/d1/507/AUTH_86427565a5b844ad9373a75cd08cf70d/gnocchi.29e195a4-0d84-4680-b30e-3c21098e1c7c" "tx3379389a1dc84f298c5ee-006980a710" "container-server 21" 0.0047 "-" 22 0
Feb 2 13:30:56 standalone container-server[125308]: 172.20.0.100 - - [02/Feb/2026:13:30:56 +0000] "PUT /d1/507/AUTH_86427565a5b844ad9373a75cd08cf70d/gnocchi.29e195a4-0d84-4680-b30e-3c21098e1c7c" 201 - "PUT http://localhost:8080/v1/AUTH_86427565a5b844ad9373a75cd08cf70d/gnocchi.29e195a4-0d84-4680-b30e-3c21098e1c7c" "tx3379389a1dc84f298c5ee-006980a710" "proxy-server 21" 0.0157 "-" 21 0
Feb 2 13:30:56 standalone proxy-server[127335]: 172.18.0.2 ::1 02/Feb/2026/13/30/56 PUT /v1/AUTH_86427565a5b844ad9373a75cd08cf70d/gnocchi.29e195a4-0d84-4680-b30e-3c21098e1c7c HTTP/1.0 201 - python-swiftclient-3.11.1 gAAAAABpgKbLxM7K... - - - tx3379389a1dc84f298c5ee-006980a710 - 0.0213 - - 1770039056.038892508 1770039056.060225964 0
Feb 2 13:30:56 standalone container-server[125308]: 172.20.0.100 - - [02/Feb/2026:13:30:56 +0000] "HEAD /d1/507/AUTH_86427565a5b844ad9373a75cd08cf70d/gnocchi.29e195a4-0d84-4680-b30e-3c21098e1c7c" 204 - "HEAD http://localhost:8080/v1/AUTH_86427565a5b844ad9373a75cd08cf70d/gnocchi.29e195a4-0d84-4680-b30e-3c21098e1c7c?format=json&states=listing" "tx9bf5704e6af349d180b39-006980a710" "proxy-server 21" 0.0016 "-" 21 0
Feb 2 13:30:56 standalone proxy-server[127335]: - - 02/Feb/2026/13/30/56 HEAD /v1/AUTH_86427565a5b844ad9373a75cd08cf70d/gnocchi.29e195a4-0d84-4680-b30e-3c21098e1c7c%3Fformat%3Djson%26states%3Dlisting HTTP/1.0 204 - Swift - - - - tx9bf5704e6af349d180b39-006980a710 - 0.0069 RL - 1770039056.068945169 1770039056.075892687 0
Feb 2 13:30:56 standalone container-server[125307]: 172.20.0.100 - - [02/Feb/2026:13:30:56 +0000] "GET /d1/507/AUTH_86427565a5b844ad9373a75cd08cf70d/gnocchi.29e195a4-0d84-4680-b30e-3c21098e1c7c" 200 2 "GET http://localhost:8080/v1/AUTH_86427565a5b844ad9373a75cd08cf70d/gnocchi.29e195a4-0d84-4680-b30e-3c21098e1c7c?format=json&states=listing" "tx9bf5704e6af349d180b39-006980a710" "proxy-server 21" 0.0031 "-" 20 0
Feb 2 13:30:56 standalone proxy-server[127335]: 172.18.0.2 ::1 02/Feb/2026/13/30/56 GET /v1/AUTH_86427565a5b844ad9373a75cd08cf70d/gnocchi.29e195a4-0d84-4680-b30e-3c21098e1c7c%3Fformat%3Djson%26states%3Dlisting HTTP/1.0 200 - python-swiftclient-3.11.1 gAAAAABpgKbLxM7K... - 2 - tx9bf5704e6af349d180b39-006980a710 - 0.0246 - - 1770039056.067364693 1770039056.092000723 0
Feb 2 13:30:56 standalone object-server[125541]: 172.20.0.100 - - [02/Feb/2026:13:30:56 +0000] "GET /d1/141/AUTH_86427565a5b844ad9373a75cd08cf70d/gnocchi.29e195a4-0d84-4680-b30e-3c21098e1c7c/1769040000.0_mean_300.0_v3" 404 70 "GET http://localhost:8080/v1/AUTH_86427565a5b844ad9373a75cd08cf70d/gnocchi.29e195a4-0d84-4680-b30e-3c21098e1c7c/1769040000.0_mean_300.0_v3" "txd5aa3265e0234af098d6a-006980a710" "proxy-server 21" 0.0006 "-" 24 0
Feb 2 13:30:56 standalone proxy-server[127335]: 172.18.0.2 ::1 02/Feb/2026/13/30/56 GET /v1/AUTH_86427565a5b844ad9373a75cd08cf70d/gnocchi.29e195a4-0d84-4680-b30e-3c21098e1c7c/1769040000.0_mean_300.0_v3 HTTP/1.0 404 - python-swiftclient-3.11.1 gAAAAABpgKbLxM7K... - 70 - txd5aa3265e0234af098d6a-006980a710 - 0.0193 - - 1770039056.100960016 1770039056.120212793 0
Feb 2 13:30:56 standalone container-server[125308]: 172.20.0.100 - - [02/Feb/2026:13:30:56 +0000] "PUT /d1/507/AUTH_86427565a5b844ad9373a75cd08cf70d/gnocchi.29e195a4-0d84-4680-b30e-3c21098e1c7c/1769040000.0_mean_300.0_v3" 201 - "PUT http://localhost:8080/d1/141/AUTH_86427565a5b844ad9373a75cd08cf70d/gnocchi.29e195a4-0d84-4680-b30e-3c21098e1c7c/1769040000.0_mean_300.0_v3" "txfe5d3f839ab14e9c96ab3-006980a710" "object-server 22" 0.0007 "-" 21 0
Feb 2 13:30:56 standalone object-server[125524]: 172.20.0.100 - - [02/Feb/2026:13:30:56 +0000] "PUT /d1/141/AUTH_86427565a5b844ad9373a75cd08cf70d/gnocchi.29e195a4-0d84-4680-b30e-3c21098e1c7c/1769040000.0_mean_300.0_v3" 201 - "PUT http://localhost:8080/v1/AUTH_86427565a5b844ad9373a75cd08cf70d/gnocchi.29e195a4-0d84-4680-b30e-3c21098e1c7c/1769040000.0_mean_300.0_v3" "txfe5d3f839ab14e9c96ab3-006980a710" "proxy-server 21" 0.0125 "-" 22 0
Feb 2 13:30:56 standalone proxy-server[127335]: 172.18.0.2 ::1 02/Feb/2026/13/30/56 PUT /v1/AUTH_86427565a5b844ad9373a75cd08cf70d/gnocchi.29e195a4-0d84-4680-b30e-3c21098e1c7c/1769040000.0_mean_300.0_v3 HTTP/1.0 201 - python-swiftclient-3.11.1 gAAAAABpgKbLxM7K... 16 - - txfe5d3f839ab14e9c96ab3-006980a710 - 0.0264 - - 1770039056.127300978 1770039056.153742313 0
Feb 2 13:30:56 standalone container-server[125307]: 172.20.0.100 - - [02/Feb/2026:13:30:56 +0000] "PUT /d1/507/AUTH_86427565a5b844ad9373a75cd08cf70d/gnocchi.29e195a4-0d84-4680-b30e-3c21098e1c7c/none_v3" 201 - "PUT http://localhost:8080/d1/771/AUTH_86427565a5b844ad9373a75cd08cf70d/gnocchi.29e195a4-0d84-4680-b30e-3c21098e1c7c/none_v3" "tx8de198d6b91f4df9a0ccc-006980a710" "object-server 25" 0.0007 "-" 20 0
Feb 2 13:30:56 standalone object-server[125544]: 172.20.0.100 - - [02/Feb/2026:13:30:56 +0000] "PUT /d1/771/AUTH_86427565a5b844ad9373a75cd08cf70d/gnocchi.29e195a4-0d84-4680-b30e-3c21098e1c7c/none_v3" 201 - "PUT http://localhost:8080/v1/AUTH_86427565a5b844ad9373a75cd08cf70d/gnocchi.29e195a4-0d84-4680-b30e-3c21098e1c7c/none_v3" "tx8de198d6b91f4df9a0ccc-006980a710" "proxy-server 21" 0.0195 "-" 25 0
Feb 2 13:30:56 standalone proxy-server[127335]: 172.18.0.2 ::1 02/Feb/2026/13/30/56 PUT /v1/AUTH_86427565a5b844ad9373a75cd08cf70d/gnocchi.29e195a4-0d84-4680-b30e-3c21098e1c7c/none_v3 HTTP/1.0 201 - python-swiftclient-3.11.1 gAAAAABpgKbLxM7K... 22 - - tx8de198d6b91f4df9a0ccc-006980a710 - 0.0311 - - 1770039056.171737909 1770039056.202830076 0
Feb 2 13:30:56 standalone container-server[125311]: 172.20.0.100 - - [02/Feb/2026:13:30:56 +0000] "HEAD /d1/111/AUTH_86427565a5b844ad9373a75cd08cf70d/gnocchi.ba658c03-76f0-45f1-bd76-9535a5d997d1" 404 - "HEAD http://localhost:8080/v1/AUTH_86427565a5b844ad9373a75cd08cf70d/gnocchi.ba658c03-76f0-45f1-bd76-9535a5d997d1?format=json&states=listing" "tx715b7223a91d4bf38a691-006980a710" "proxy-server 21" 0.0010 "-" 22 0
Feb 2 13:30:56 standalone object-server[125541]: 172.20.0.100 - - [02/Feb/2026:13:30:56 +0000] "GET /d1/984/AUTH_86427565a5b844ad9373a75cd08cf70d/gnocchi.ba658c03-76f0-45f1-bd76-9535a5d997d1/none_v3" 404 70 "GET http://localhost:8080/v1/AUTH_86427565a5b844ad9373a75cd08cf70d/gnocchi.ba658c03-76f0-45f1-bd76-9535a5d997d1/none_v3" "tx715b7223a91d4bf38a691-006980a710" "proxy-server 21" 0.0004 "-" 24 0
Feb 2 13:30:56 standalone proxy-server[127335]: 172.18.0.2 ::1 02/Feb/2026/13/30/56 GET /v1/AUTH_86427565a5b844ad9373a75cd08cf70d/gnocchi.ba658c03-76f0-45f1-bd76-9535a5d997d1/none_v3 HTTP/1.0 404 - python-swiftclient-3.11.1 gAAAAABpgKbLxM7K... - 70 - tx715b7223a91d4bf38a691-006980a710 - 0.0140 - - 1770039056.224344015 1770039056.238379002 0
Feb 2 13:30:56 standalone account-server[125107]: 172.20.0.100 - - [02/Feb/2026:13:30:56 +0000] "PUT /d1/882/AUTH_86427565a5b844ad9373a75cd08cf70d/gnocchi.ba658c03-76f0-45f1-bd76-9535a5d997d1" 201 - "PUT http://172.20.0.100:6001/d1/111/AUTH_86427565a5b844ad9373a75cd08cf70d/gnocchi.ba658c03-76f0-45f1-bd76-9535a5d997d1" "tx808195bae2ce4d4bbc181-006980a710" "container-server 21" 0.0105 "-" 21 0
Feb 2 13:30:56 standalone container-server[125308]: 172.20.0.100 - - [02/Feb/2026:13:30:56 +0000] "PUT /d1/111/AUTH_86427565a5b844ad9373a75cd08cf70d/gnocchi.ba658c03-76f0-45f1-bd76-9535a5d997d1" 201 - "PUT http://localhost:8080/v1/AUTH_86427565a5b844ad9373a75cd08cf70d/gnocchi.ba658c03-76f0-45f1-bd76-9535a5d997d1" "tx808195bae2ce4d4bbc181-006980a710" "proxy-server 21" 0.0255 "-" 21 0
Feb 2 13:30:56 standalone proxy-server[127335]: 172.18.0.2 ::1 02/Feb/2026/13/30/56 PUT /v1/AUTH_86427565a5b844ad9373a75cd08cf70d/gnocchi.ba658c03-76f0-45f1-bd76-9535a5d997d1 HTTP/1.0 201 - python-swiftclient-3.11.1 gAAAAABpgKbLxM7K... - - - tx808195bae2ce4d4bbc181-006980a710 - 0.0313 - - 1770039056.245716572 1770039056.276990652 0
Feb 2 13:30:56 standalone container-server[125308]: 172.20.0.100 - - [02/Feb/2026:13:30:56 +0000] "HEAD /d1/111/AUTH_86427565a5b844ad9373a75cd08cf70d/gnocchi.ba658c03-76f0-45f1-bd76-9535a5d997d1" 204 - "HEAD http://localhost:8080/v1/AUTH_86427565a5b844ad9373a75cd08cf70d/gnocchi.ba658c03-76f0-45f1-bd76-9535a5d997d1?format=json&states=listing" "txd10e2fa9253c49b39318f-006980a710" "proxy-server 21" 0.0015 "-" 21 0
Feb 2 13:30:56 standalone proxy-server[127335]: - - 02/Feb/2026/13/30/56 HEAD /v1/AUTH_86427565a5b844ad9373a75cd08cf70d/gnocchi.ba658c03-76f0-45f1-bd76-9535a5d997d1%3Fformat%3Djson%26states%3Dlisting HTTP/1.0 204 - Swift - - - - txd10e2fa9253c49b39318f-006980a710 - 0.0049 RL - 1770039056.284829617 1770039056.289753437 0
Feb 2 13:30:56 standalone container-server[125311]: 172.20.0.100 - - [02/Feb/2026:13:30:56 +0000] "GET /d1/111/AUTH_86427565a5b844ad9373a75cd08cf70d/gnocchi.ba658c03-76f0-45f1-bd76-9535a5d997d1" 200 2 "GET http://localhost:8080/v1/AUTH_86427565a5b844ad9373a75cd08cf70d/gnocchi.ba658c03-76f0-45f1-bd76-9535a5d997d1?format=json&states=listing" "txd10e2fa9253c49b39318f-006980a710" "proxy-server 21" 0.0032 "-" 22 0
Feb 2 13:30:56 standalone proxy-server[127335]: 172.18.0.2 ::1 02/Feb/2026/13/30/56 GET /v1/AUTH_86427565a5b844ad9373a75cd08cf70d/gnocchi.ba658c03-76f0-45f1-bd76-9535a5d997d1%3Fformat%3Djson%26states%3Dlisting HTTP/1.0 200 - python-swiftclient-3.11.1 gAAAAABpgKbLxM7K... - 2 - txd10e2fa9253c49b39318f-006980a710 - 0.0163 - - 1770039056.283727407 1770039056.300057888 0
Feb 2 13:30:56 standalone object-server[125534]: 172.20.0.100 - - [02/Feb/2026:13:30:56 +0000] "GET /d1/662/AUTH_86427565a5b844ad9373a75cd08cf70d/gnocchi.ba658c03-76f0-45f1-bd76-9535a5d997d1/1769040000.0_mean_300.0_v3" 404 70 "GET http://localhost:8080/v1/AUTH_86427565a5b844ad9373a75cd08cf70d/gnocchi.ba658c03-76f0-45f1-bd76-9535a5d997d1/1769040000.0_mean_300.0_v3" "tx6134c359daf341e599f14-006980a710" "proxy-server 21" 0.0003 "-" 23 0
Feb 2 13:30:56 standalone proxy-server[127335]: 172.18.0.2 ::1 02/Feb/2026/13/30/56 GET /v1/AUTH_86427565a5b844ad9373a75cd08cf70d/gnocchi.ba658c03-76f0-45f1-bd76-9535a5d997d1/1769040000.0_mean_300.0_v3 HTTP/1.0 404 - python-swiftclient-3.11.1 gAAAAABpgKbLxM7K... - 70 - tx6134c359daf341e599f14-006980a710 - 0.0258 - - 1770039056.305608749 1770039056.331401825 0
Feb 2 13:30:56 standalone container-server[125311]: 172.20.0.100 - - [02/Feb/2026:13:30:56 +0000] "PUT /d1/111/AUTH_86427565a5b844ad9373a75cd08cf70d/gnocchi.ba658c03-76f0-45f1-bd76-9535a5d997d1/1769040000.0_mean_300.0_v3" 201 - "PUT http://localhost:8080/d1/662/AUTH_86427565a5b844ad9373a75cd08cf70d/gnocchi.ba658c03-76f0-45f1-bd76-9535a5d997d1/1769040000.0_mean_300.0_v3" "txdf02013e62ca46fbba584-006980a710" "object-server 23" 0.0008 "-" 22 0
Feb 2 13:30:56 standalone object-server[125534]: 172.20.0.100 - - [02/Feb/2026:13:30:56 +0000] "PUT /d1/662/AUTH_86427565a5b844ad9373a75cd08cf70d/gnocchi.ba658c03-76f0-45f1-bd76-9535a5d997d1/1769040000.0_mean_300.0_v3" 201 - "PUT http://localhost:8080/v1/AUTH_86427565a5b844ad9373a75cd08cf70d/gnocchi.ba658c03-76f0-45f1-bd76-9535a5d997d1/1769040000.0_mean_300.0_v3" "txdf02013e62ca46fbba584-006980a710" "proxy-server 21" 0.0628 "-" 23 0
Feb 2 13:30:56 standalone proxy-server[127335]: 172.18.0.2 ::1 02/Feb/2026/13/30/56 PUT /v1/AUTH_86427565a5b844ad9373a75cd08cf70d/gnocchi.ba658c03-76f0-45f1-bd76-9535a5d997d1/1769040000.0_mean_300.0_v3 HTTP/1.0 201 - python-swiftclient-3.11.1 gAAAAABpgKbLxM7K... 16 - - txdf02013e62ca46fbba584-006980a710 - 0.0697 - - 1770039056.336456299 1770039056.406194448 0
Feb 2 13:30:56 standalone container-server[125311]: 172.20.0.100 - - [02/Feb/2026:13:30:56 +0000] "PUT /d1/111/AUTH_86427565a5b844ad9373a75cd08cf70d/gnocchi.ba658c03-76f0-45f1-bd76-9535a5d997d1/none_v3" 201 - "PUT http://localhost:8080/d1/984/AUTH_86427565a5b844ad9373a75cd08cf70d/gnocchi.ba658c03-76f0-45f1-bd76-9535a5d997d1/none_v3" "tx1ed68fd68c524dafa9a5b-006980a710" "object-server 23" 0.0006 "-" 22 0
Feb 2 13:30:56 standalone object-server[125534]: 172.20.0.100 - - [02/Feb/2026:13:30:56 +0000] "PUT /d1/984/AUTH_86427565a5b844ad9373a75cd08cf70d/gnocchi.ba658c03-76f0-45f1-bd76-9535a5d997d1/none_v3" 201 - "PUT http://localhost:8080/v1/AUTH_86427565a5b844ad9373a75cd08cf70d/gnocchi.ba658c03-76f0-45f1-bd76-9535a5d997d1/none_v3" "tx1ed68fd68c524dafa9a5b-006980a710" "proxy-server 21" 0.0187 "-" 23 0
Feb 2 13:30:56 standalone proxy-server[127335]: 172.18.0.2 ::1 02/Feb/2026/13/30/56 PUT /v1/AUTH_86427565a5b844ad9373a75cd08cf70d/gnocchi.ba658c03-76f0-45f1-bd76-9535a5d997d1/none_v3 HTTP/1.0 201 - python-swiftclient-3.11.1 gAAAAABpgKbLxM7K... 22 - - tx1ed68fd68c524dafa9a5b-006980a710 - 0.0256 - - 1770039056.410799026 1770039056.436367035 0
Feb 2 13:30:56 standalone container-server[125311]: 172.20.0.100 - - [02/Feb/2026:13:30:56 +0000] "HEAD /d1/0/AUTH_86427565a5b844ad9373a75cd08cf70d/gnocchi.aa340ed7-3792-400c-8995-fb4e9c8c6cb9" 404 - "HEAD http://localhost:8080/v1/AUTH_86427565a5b844ad9373a75cd08cf70d/gnocchi.aa340ed7-3792-400c-8995-fb4e9c8c6cb9?format=json&states=listing" "txa106d5b10bac492ea3b3c-006980a710" "proxy-server 21" 0.0005 "-" 22 0
Feb 2 13:30:56 standalone object-server[125541]: 172.20.0.100 - - [02/Feb/2026:13:30:56 +0000] "GET /d1/169/AUTH_86427565a5b844ad9373a75cd08cf70d/gnocchi.aa340ed7-3792-400c-8995-fb4e9c8c6cb9/none_v3" 404 70 "GET http://localhost:8080/v1/AUTH_86427565a5b844ad9373a75cd08cf70d/gnocchi.aa340ed7-3792-400c-8995-fb4e9c8c6cb9/none_v3" "txa106d5b10bac492ea3b3c-006980a710" "proxy-server 21" 0.0004 "-" 24 0
Feb 2 13:30:56 standalone proxy-server[127335]: 172.18.0.2 ::1 02/Feb/2026/13/30/56 GET /v1/AUTH_86427565a5b844ad9373a75cd08cf70d/gnocchi.aa340ed7-3792-400c-8995-fb4e9c8c6cb9/none_v3 HTTP/1.0 404 - python-swiftclient-3.11.1 gAAAAABpgKbLxM7K... - 70 - txa106d5b10bac492ea3b3c-006980a710 - 0.0097 - - 1770039056.448946714 1770039056.458615780 0
Feb 2 13:30:56 standalone account-server[125127]: 172.20.0.100 - - [02/Feb/2026:13:30:56 +0000] "PUT /d1/882/AUTH_86427565a5b844ad9373a75cd08cf70d/gnocchi.aa340ed7-3792-400c-8995-fb4e9c8c6cb9" 201 - "PUT http://172.20.0.100:6001/d1/0/AUTH_86427565a5b844ad9373a75cd08cf70d/gnocchi.aa340ed7-3792-400c-8995-fb4e9c8c6cb9" "txd2b9e6007e2a4c6995356-006980a710" "container-server 23" 0.0077 "-" 23 0
Feb 2 13:30:56 standalone container-server[125317]: 172.20.0.100 - - [02/Feb/2026:13:30:56 +0000] "PUT /d1/0/AUTH_86427565a5b844ad9373a75cd08cf70d/gnocchi.aa340ed7-3792-400c-8995-fb4e9c8c6cb9" 201 - "PUT http://localhost:8080/v1/AUTH_86427565a5b844ad9373a75cd08cf70d/gnocchi.aa340ed7-3792-400c-8995-fb4e9c8c6cb9" "txd2b9e6007e2a4c6995356-006980a710" "proxy-server 21" 0.0172 "-" 23 0
Feb 2 13:30:56 standalone proxy-server[127335]: 172.18.0.2 ::1 02/Feb/2026/13/30/56 PUT /v1/AUTH_86427565a5b844ad9373a75cd08cf70d/gnocchi.aa340ed7-3792-400c-8995-fb4e9c8c6cb9 HTTP/1.0 201 - python-swiftclient-3.11.1 gAAAAABpgKbLxM7K... - - - txd2b9e6007e2a4c6995356-006980a710 - 0.0222 - - 1770039056.461473227 1770039056.483641386 0
Feb 2 13:30:56 standalone container-server[125317]: 172.20.0.100 - - [02/Feb/2026:13:30:56 +0000] "HEAD /d1/0/AUTH_86427565a5b844ad9373a75cd08cf70d/gnocchi.aa340ed7-3792-400c-8995-fb4e9c8c6cb9" 204 - "HEAD http://localhost:8080/v1/AUTH_86427565a5b844ad9373a75cd08cf70d/gnocchi.aa340ed7-3792-400c-8995-fb4e9c8c6cb9?format=json&states=listing" "tx725fd908f86f4f969c007-006980a710" "proxy-server 21" 0.0018 "-" 23 0
Feb 2 13:30:56 standalone proxy-server[127335]: - - 02/Feb/2026/13/30/56 HEAD /v1/AUTH_86427565a5b844ad9373a75cd08cf70d/gnocchi.aa340ed7-3792-400c-8995-fb4e9c8c6cb9%3Fformat%3Djson%26states%3Dlisting HTTP/1.0 204 - Swift - - - - tx725fd908f86f4f969c007-006980a710 - 0.0053 RL - 1770039056.489028931 1770039056.494315863 0
Feb 2 13:30:56 standalone container-server[125311]: 172.20.0.100 - - [02/Feb/2026:13:30:56 +0000] "GET /d1/0/AUTH_86427565a5b844ad9373a75cd08cf70d/gnocchi.aa340ed7-3792-400c-8995-fb4e9c8c6cb9" 200 2 "GET http://localhost:8080/v1/AUTH_86427565a5b844ad9373a75cd08cf70d/gnocchi.aa340ed7-3792-400c-8995-fb4e9c8c6cb9?format=json&states=listing" "tx725fd908f86f4f969c007-006980a710" "proxy-server 21" 0.0021 "-" 22 0
Feb 2 13:30:56 standalone proxy-server[127335]: 172.18.0.2 ::1 02/Feb/2026/13/30/56 GET /v1/AUTH_86427565a5b844ad9373a75cd08cf70d/gnocchi.aa340ed7-3792-400c-8995-fb4e9c8c6cb9%3Fformat%3Djson%26states%3Dlisting HTTP/1.0 200 - python-swiftclient-3.11.1 gAAAAABpgKbLxM7K... - 2 - tx725fd908f86f4f969c007-006980a710 - 0.0145 - - 1770039056.487785578 1770039056.502330065 0
Feb 2 13:30:56 standalone object-server[125544]: 172.20.0.100 - - [02/Feb/2026:13:30:56 +0000] "GET /d1/328/AUTH_86427565a5b844ad9373a75cd08cf70d/gnocchi.aa340ed7-3792-400c-8995-fb4e9c8c6cb9/1769040000.0_mean_300.0_v3" 404 70 "GET http://localhost:8080/v1/AUTH_86427565a5b844ad9373a75cd08cf70d/gnocchi.aa340ed7-3792-400c-8995-fb4e9c8c6cb9/1769040000.0_mean_300.0_v3" "txddbdd96bb21d4eb9a21f5-006980a710" "proxy-server 21" 0.0005 "-" 25 0
Feb 2 13:30:56 standalone proxy-server[127335]: 172.18.0.2 ::1 02/Feb/2026/13/30/56 GET /v1/AUTH_86427565a5b844ad9373a75cd08cf70d/gnocchi.aa340ed7-3792-400c-8995-fb4e9c8c6cb9/1769040000.0_mean_300.0_v3 HTTP/1.0 404 - python-swiftclient-3.11.1 gAAAAABpgKbLxM7K... - 70 - txddbdd96bb21d4eb9a21f5-006980a710 - 0.0063 - - 1770039056.506278753 1770039056.512546062 0
Feb 2 13:30:56 standalone container-server[125317]: 172.20.0.100 - - [02/Feb/2026:13:30:56 +0000] "PUT /d1/0/AUTH_86427565a5b844ad9373a75cd08cf70d/gnocchi.aa340ed7-3792-400c-8995-fb4e9c8c6cb9/1769040000.0_mean_300.0_v3" 201 - "PUT http://localhost:8080/d1/328/AUTH_86427565a5b844ad9373a75cd08cf70d/gnocchi.aa340ed7-3792-400c-8995-fb4e9c8c6cb9/1769040000.0_mean_300.0_v3" "txd3e27f161ca94e7f98476-006980a710" "object-server 23" 0.0005 "-" 23 0
Feb 2 13:30:56 standalone object-server[125534]: 172.20.0.100 - - [02/Feb/2026:13:30:56 +0000] "PUT /d1/328/AUTH_86427565a5b844ad9373a75cd08cf70d/gnocchi.aa340ed7-3792-400c-8995-fb4e9c8c6cb9/1769040000.0_mean_300.0_v3" 201 - "PUT http://localhost:8080/v1/AUTH_86427565a5b844ad9373a75cd08cf70d/gnocchi.aa340ed7-3792-400c-8995-fb4e9c8c6cb9/1769040000.0_mean_300.0_v3" "txd3e27f161ca94e7f98476-006980a710" "proxy-server 21" 0.0150 "-" 23 0
Feb 2 13:30:56 standalone proxy-server[127335]: 172.18.0.2 ::1 02/Feb/2026/13/30/56 PUT /v1/AUTH_86427565a5b844ad9373a75cd08cf70d/gnocchi.aa340ed7-3792-400c-8995-fb4e9c8c6cb9/1769040000.0_mean_300.0_v3 HTTP/1.0 201 - python-swiftclient-3.11.1 gAAAAABpgKbLxM7K... 16 - - txd3e27f161ca94e7f98476-006980a710 - 0.0202 - - 1770039056.515884876 1770039056.536103964 0
Feb 2 13:30:56 standalone container-server[125311]: 172.20.0.100 - - [02/Feb/2026:13:30:56 +0000] "PUT /d1/0/AUTH_86427565a5b844ad9373a75cd08cf70d/gnocchi.aa340ed7-3792-400c-8995-fb4e9c8c6cb9/none_v3" 201 - "PUT http://localhost:8080/d1/169/AUTH_86427565a5b844ad9373a75cd08cf70d/gnocchi.aa340ed7-3792-400c-8995-fb4e9c8c6cb9/none_v3" "tx1cd912e7d5ed44fa81c99-006980a710" "object-server 24" 0.0007 "-" 22 0
Feb 2 13:30:56 standalone object-server[125541]: 172.20.0.100 - - [02/Feb/2026:13:30:56 +0000] "PUT /d1/169/AUTH_86427565a5b844ad9373a75cd08cf70d/gnocchi.aa340ed7-3792-400c-8995-fb4e9c8c6cb9/none_v3" 201 - "PUT http://localhost:8080/v1/AUTH_86427565a5b844ad9373a75cd08cf70d/gnocchi.aa340ed7-3792-400c-8995-fb4e9c8c6cb9/none_v3" "tx1cd912e7d5ed44fa81c99-006980a710" "proxy-server 21" 0.0110 "-" 24 0
Feb 2 13:30:56 standalone proxy-server[127335]: 172.18.0.2 ::1 02/Feb/2026/13/30/56 PUT /v1/AUTH_86427565a5b844ad9373a75cd08cf70d/gnocchi.aa340ed7-3792-400c-8995-fb4e9c8c6cb9/none_v3 HTTP/1.0 201 - python-swiftclient-3.11.1 gAAAAABpgKbLxM7K... 22 - - tx1cd912e7d5ed44fa81c99-006980a710 - 0.0173 - - 1770039056.539477587 1770039056.556827068 0
Feb 2 13:30:56 standalone container-server[125307]: 172.20.0.100 - - [02/Feb/2026:13:30:56 +0000] "HEAD /d1/396/AUTH_86427565a5b844ad9373a75cd08cf70d/gnocchi.62608099-a425-46f0-b3e6-c403553a89e9" 404 - "HEAD http://localhost:8080/v1/AUTH_86427565a5b844ad9373a75cd08cf70d/gnocchi.62608099-a425-46f0-b3e6-c403553a89e9?format=json&states=listing" "txa4a59ec3a2124420a46f7-006980a710" "proxy-server 21" 0.0006 "-" 20 0
Feb 2 13:30:56 standalone object-server[125534]: 172.20.0.100 - - [02/Feb/2026:13:30:56 +0000] "GET /d1/18/AUTH_86427565a5b844ad9373a75cd08cf70d/gnocchi.62608099-a425-46f0-b3e6-c403553a89e9/none_v3" 404 70 "GET http://localhost:8080/v1/AUTH_86427565a5b844ad9373a75cd08cf70d/gnocchi.62608099-a425-46f0-b3e6-c403553a89e9/none_v3" "txa4a59ec3a2124420a46f7-006980a710" "proxy-server 21" 0.0005 "-" 23 0
Feb 2 13:30:56 standalone proxy-server[127335]: 172.18.0.2 ::1 02/Feb/2026/13/30/56 GET /v1/AUTH_86427565a5b844ad9373a75cd08cf70d/gnocchi.62608099-a425-46f0-b3e6-c403553a89e9/none_v3 HTTP/1.0 404 - python-swiftclient-3.11.1 gAAAAABpgKbLxM7K... - 70 - txa4a59ec3a2124420a46f7-006980a710 - 0.0118 - - 1770039056.567618370 1770039056.579452753 0
Feb 2 13:30:56 standalone account-server[125119]: 172.20.0.100 - - [02/Feb/2026:13:30:56 +0000] "PUT /d1/882/AUTH_86427565a5b844ad9373a75cd08cf70d/gnocchi.62608099-a425-46f0-b3e6-c403553a89e9" 201 - "PUT http://172.20.0.100:6001/d1/396/AUTH_86427565a5b844ad9373a75cd08cf70d/gnocchi.62608099-a425-46f0-b3e6-c403553a89e9" "tx5aa65a516ae148ff8c4cc-006980a710" "container-server 20" 0.0056 "-" 22 0
Feb 2 13:30:56 standalone container-server[125307]: 172.20.0.100 - - [02/Feb/2026:13:30:56 +0000] "PUT /d1/396/AUTH_86427565a5b844ad9373a75cd08cf70d/gnocchi.62608099-a425-46f0-b3e6-c403553a89e9" 201 - "PUT http://localhost:8080/v1/AUTH_86427565a5b844ad9373a75cd08cf70d/gnocchi.62608099-a425-46f0-b3e6-c403553a89e9" "tx5aa65a516ae148ff8c4cc-006980a710" "proxy-server 21" 0.0213 "-" 20 0
Feb 2 13:30:56 standalone proxy-server[127335]: 172.18.0.2 ::1 02/Feb/2026/13/30/56 PUT /v1/AUTH_86427565a5b844ad9373a75cd08cf70d/gnocchi.62608099-a425-46f0-b3e6-c403553a89e9 HTTP/1.0 201 - python-swiftclient-3.11.1 gAAAAABpgKbLxM7K... - - - tx5aa65a516ae148ff8c4cc-006980a710 - 0.0271 - - 1770039056.582795858 1770039056.609922647 0
Feb 2 13:30:56 standalone container-server[125308]: 172.20.0.100 - - [02/Feb/2026:13:30:56 +0000] "HEAD /d1/396/AUTH_86427565a5b844ad9373a75cd08cf70d/gnocchi.62608099-a425-46f0-b3e6-c403553a89e9" 204 - "HEAD http://localhost:8080/v1/AUTH_86427565a5b844ad9373a75cd08cf70d/gnocchi.62608099-a425-46f0-b3e6-c403553a89e9?format=json&states=listing" "tx4f0ab7ac599e478eb175a-006980a710" "proxy-server 21" 0.0019 "-" 21 0
Feb 2 13:30:56 standalone proxy-server[127335]: - - 02/Feb/2026/13/30/56 HEAD /v1/AUTH_86427565a5b844ad9373a75cd08cf70d/gnocchi.62608099-a425-46f0-b3e6-c403553a89e9%3Fformat%3Djson%26states%3Dlisting HTTP/1.0 204 - Swift - - - - tx4f0ab7ac599e478eb175a-006980a710 - 0.0061 RL - 1770039056.616257429 1770039056.622366428 0
Feb 2 13:30:56 standalone container-server[125317]: 172.20.0.100 - - [02/Feb/2026:13:30:56 +0000] "GET /d1/396/AUTH_86427565a5b844ad9373a75cd08cf70d/gnocchi.62608099-a425-46f0-b3e6-c403553a89e9" 200 2 "GET http://localhost:8080/v1/AUTH_86427565a5b844ad9373a75cd08cf70d/gnocchi.62608099-a425-46f0-b3e6-c403553a89e9?format=json&states=listing" "tx4f0ab7ac599e478eb175a-006980a710" "proxy-server 21" 0.0040 "-" 23 0
Feb 2 13:30:56 standalone proxy-server[127335]: 172.18.0.2 ::1 02/Feb/2026/13/30/56 GET /v1/AUTH_86427565a5b844ad9373a75cd08cf70d/gnocchi.62608099-a425-46f0-b3e6-c403553a89e9%3Fformat%3Djson%26states%3Dlisting HTTP/1.0 200 - python-swiftclient-3.11.1 gAAAAABpgKbLxM7K... - 2 - tx4f0ab7ac599e478eb175a-006980a710 - 0.0200 - - 1770039056.614697456 1770039056.634703398 0
Feb 2 13:30:56 standalone object-server[125541]: 172.20.0.100 - - [02/Feb/2026:13:30:56 +0000] "GET /d1/74/AUTH_86427565a5b844ad9373a75cd08cf70d/gnocchi.62608099-a425-46f0-b3e6-c403553a89e9/1769040000.0_mean_300.0_v3" 404 70 "GET http://localhost:8080/v1/AUTH_86427565a5b844ad9373a75cd08cf70d/gnocchi.62608099-a425-46f0-b3e6-c403553a89e9/1769040000.0_mean_300.0_v3" "txa6021ab4d7cb4b9aa7f93-006980a710" "proxy-server 21" 0.0004 "-" 24 0
Feb 2 13:30:56 standalone proxy-server[127335]: 172.18.0.2 ::1 02/Feb/2026/13/30/56 GET /v1/AUTH_86427565a5b844ad9373a75cd08cf70d/gnocchi.62608099-a425-46f0-b3e6-c403553a89e9/1769040000.0_mean_300.0_v3 HTTP/1.0 404 - python-swiftclient-3.11.1 gAAAAABpgKbLxM7K... - 70 - txa6021ab4d7cb4b9aa7f93-006980a710 - 0.0073 - - 1770039056.640534878 1770039056.647833347 0
Feb 2 13:30:56 standalone container-server[125317]: 172.20.0.100 - - [02/Feb/2026:13:30:56 +0000] "PUT /d1/396/AUTH_86427565a5b844ad9373a75cd08cf70d/gnocchi.62608099-a425-46f0-b3e6-c403553a89e9/1769040000.0_mean_300.0_v3" 201 - "PUT http://localhost:8080/d1/74/AUTH_86427565a5b844ad9373a75cd08cf70d/gnocchi.62608099-a425-46f0-b3e6-c403553a89e9/1769040000.0_mean_300.0_v3" "txbd6f80a782f44be6bad13-006980a710" "object-server 25" 0.0009 "-" 23 0
Feb 2 13:30:56 standalone object-server[125544]: 172.20.0.100 - - [02/Feb/2026:13:30:56 +0000] "PUT /d1/74/AUTH_86427565a5b844ad9373a75cd08cf70d/gnocchi.62608099-a425-46f0-b3e6-c403553a89e9/1769040000.0_mean_300.0_v3" 201 - "PUT http://localhost:8080/v1/AUTH_86427565a5b844ad9373a75cd08cf70d/gnocchi.62608099-a425-46f0-b3e6-c403553a89e9/1769040000.0_mean_300.0_v3" "txbd6f80a782f44be6bad13-006980a710" "proxy-server 21" 0.0169 "-" 25 0
Feb 2 13:30:56 standalone proxy-server[127335]: 172.18.0.2 ::1 02/Feb/2026/13/30/56 PUT /v1/AUTH_86427565a5b844ad9373a75cd08cf70d/gnocchi.62608099-a425-46f0-b3e6-c403553a89e9/1769040000.0_mean_300.0_v3 HTTP/1.0 201 - python-swiftclient-3.11.1 gAAAAABpgKbLxM7K... 16 - - txbd6f80a782f44be6bad13-006980a710 - 0.0271 - - 1770039056.653476715 1770039056.680590153 0
Feb 2 13:30:56 standalone container-server[125311]: 172.20.0.100 - - [02/Feb/2026:13:30:56 +0000] "PUT /d1/396/AUTH_86427565a5b844ad9373a75cd08cf70d/gnocchi.62608099-a425-46f0-b3e6-c403553a89e9/none_v3" 201 - "PUT http://localhost:8080/d1/18/AUTH_86427565a5b844ad9373a75cd08cf70d/gnocchi.62608099-a425-46f0-b3e6-c403553a89e9/none_v3" "tx31e847dbcf3548c2ae8f1-006980a710" "object-server 22" 0.0006 "-" 22 0
Feb 2 13:30:56 standalone object-server[125524]: 172.20.0.100 - - [02/Feb/2026:13:30:56 +0000] "PUT /d1/18/AUTH_86427565a5b844ad9373a75cd08cf70d/gnocchi.62608099-a425-46f0-b3e6-c403553a89e9/none_v3" 201 - "PUT http://localhost:8080/v1/AUTH_86427565a5b844ad9373a75cd08cf70d/gnocchi.62608099-a425-46f0-b3e6-c403553a89e9/none_v3" "tx31e847dbcf3548c2ae8f1-006980a710" "proxy-server 21" 0.0104 "-" 22 0
Feb 2 13:30:56 standalone proxy-server[127335]: 172.18.0.2 ::1 02/Feb/2026/13/30/56 PUT /v1/AUTH_86427565a5b844ad9373a75cd08cf70d/gnocchi.62608099-a425-46f0-b3e6-c403553a89e9/none_v3 HTTP/1.0 201 - python-swiftclient-3.11.1 gAAAAABpgKbLxM7K... 22 - - tx31e847dbcf3548c2ae8f1-006980a710 - 0.0174 - - 1770039056.683706999 1770039056.701080084 0
Feb 2 13:33:05 standalone account-server[125087]: 172.20.0.100 - - [02/Feb/2026:13:33:05 +0000] "HEAD /d1/882/AUTH_86427565a5b844ad9373a75cd08cf70d" 204 - "HEAD http://localhost:8080/v1/AUTH_86427565a5b844ad9373a75cd08cf70d?format=json" "tx42d3022f8628428fa71b6-006980a791" "proxy-server 21" 0.0048 "-" 20 -
Feb 2 13:33:05 standalone proxy-server[127335]: - - 02/Feb/2026/13/33/05 HEAD /v1/AUTH_86427565a5b844ad9373a75cd08cf70d%3Fformat%3Djson HTTP/1.0 204 - Swift - - - - tx42d3022f8628428fa71b6-006980a791 - 0.0085 RL - 1770039185.464748621 1770039185.473295689 -
Feb 2 13:33:05 standalone container-server[125308]: 172.20.0.100 - - [02/Feb/2026:13:33:05 +0000] "HEAD /d1/801/AUTH_86427565a5b844ad9373a75cd08cf70d/gnocchi.3b47197b-47b7-4987-a1a5-64919a584456" 404 - "HEAD http://localhost:8080/v1/AUTH_86427565a5b844ad9373a75cd08cf70d/gnocchi.3b47197b-47b7-4987-a1a5-64919a584456?format=json&states=listing" "tx42d3022f8628428fa71b6-006980a791" "proxy-server 21" 0.0015 "-" 21 0
Feb 2 13:33:05 standalone object-server[125524]: 172.20.0.100 - - [02/Feb/2026:13:33:05 +0000] "GET /d1/459/AUTH_86427565a5b844ad9373a75cd08cf70d/gnocchi.3b47197b-47b7-4987-a1a5-64919a584456/none_v3" 404 70 "GET http://localhost:8080/v1/AUTH_86427565a5b844ad9373a75cd08cf70d/gnocchi.3b47197b-47b7-4987-a1a5-64919a584456/none_v3" "tx42d3022f8628428fa71b6-006980a791" "proxy-server 21" 0.0005 "-" 22 0
Feb 2 13:33:05 standalone proxy-server[127335]: 172.18.0.2 ::1 02/Feb/2026/13/33/05 GET /v1/AUTH_86427565a5b844ad9373a75cd08cf70d/gnocchi.3b47197b-47b7-4987-a1a5-64919a584456/none_v3 HTTP/1.0 404 - python-swiftclient-3.11.1 gAAAAABpgKbLxM7K... - 70 - tx42d3022f8628428fa71b6-006980a791 - 0.0194 - - 1770039185.464049578 1770039185.483496666 0
Feb 2 13:33:05 standalone account-server[125119]: 172.20.0.100 - - [02/Feb/2026:13:33:05 +0000] "PUT /d1/882/AUTH_86427565a5b844ad9373a75cd08cf70d/gnocchi.3b47197b-47b7-4987-a1a5-64919a584456" 201 - "PUT http://172.20.0.100:6001/d1/801/AUTH_86427565a5b844ad9373a75cd08cf70d/gnocchi.3b47197b-47b7-4987-a1a5-64919a584456" "tx34a4fd535aa14acfb76e7-006980a791" "container-server 20" 0.0011 "-" 22 0
Feb 2 13:33:05 standalone container-server[125307]: 172.20.0.100 - - [02/Feb/2026:13:33:05 +0000] "PUT /d1/801/AUTH_86427565a5b844ad9373a75cd08cf70d/gnocchi.3b47197b-47b7-4987-a1a5-64919a584456" 201 - "PUT http://localhost:8080/v1/AUTH_86427565a5b844ad9373a75cd08cf70d/gnocchi.3b47197b-47b7-4987-a1a5-64919a584456" "tx34a4fd535aa14acfb76e7-006980a791" "proxy-server 21" 0.0095 "-" 20 0
Feb 2 13:33:05 standalone proxy-server[127335]: 172.18.0.2 ::1 02/Feb/2026/13/33/05 PUT /v1/AUTH_86427565a5b844ad9373a75cd08cf70d/gnocchi.3b47197b-47b7-4987-a1a5-64919a584456 HTTP/1.0 201 - python-swiftclient-3.11.1 gAAAAABpgKbLxM7K... - - - tx34a4fd535aa14acfb76e7-006980a791 - 0.0139 - - 1770039185.486684322 1770039185.500584126 0
Feb 2 13:33:05 standalone container-server[125311]: 172.20.0.100 - - [02/Feb/2026:13:33:05 +0000] "HEAD /d1/801/AUTH_86427565a5b844ad9373a75cd08cf70d/gnocchi.3b47197b-47b7-4987-a1a5-64919a584456" 204 - "HEAD http://localhost:8080/v1/AUTH_86427565a5b844ad9373a75cd08cf70d/gnocchi.3b47197b-47b7-4987-a1a5-64919a584456?format=json&states=listing" "txa7dcdafa0a79444381362-006980a791" "proxy-server 21" 0.0012 "-" 22 0
Feb 2 13:33:05 standalone proxy-server[127335]: - - 02/Feb/2026/13/33/05 HEAD /v1/AUTH_86427565a5b844ad9373a75cd08cf70d/gnocchi.3b47197b-47b7-4987-a1a5-64919a584456%3Fformat%3Djson%26states%3Dlisting HTTP/1.0 204 - Swift - - - - txa7dcdafa0a79444381362-006980a791 - 0.0045 RL - 1770039185.504974365 1770039185.509470940 0
Feb 2 13:33:05 standalone container-server[125317]: 172.20.0.100 - - [02/Feb/2026:13:33:05 +0000] "GET /d1/801/AUTH_86427565a5b844ad9373a75cd08cf70d/gnocchi.3b47197b-47b7-4987-a1a5-64919a584456" 200 2 "GET http://localhost:8080/v1/AUTH_86427565a5b844ad9373a75cd08cf70d/gnocchi.3b47197b-47b7-4987-a1a5-64919a584456?format=json&states=listing" "txa7dcdafa0a79444381362-006980a791" "proxy-server 21" 0.0017 "-" 23 0
Feb 2 13:33:05 standalone proxy-server[127335]: 172.18.0.2 ::1 02/Feb/2026/13/33/05 GET /v1/AUTH_86427565a5b844ad9373a75cd08cf70d/gnocchi.3b47197b-47b7-4987-a1a5-64919a584456%3Fformat%3Djson%26states%3Dlisting HTTP/1.0 200 - python-swiftclient-3.11.1 gAAAAABpgKbLxM7K... - 2 - txa7dcdafa0a79444381362-006980a791 - 0.0130 - - 1770039185.503950834 1770039185.516995430 0
Feb 2 13:33:05 standalone object-server[125534]: 172.20.0.100 - - [02/Feb/2026:13:33:05 +0000] "GET /d1/455/AUTH_86427565a5b844ad9373a75cd08cf70d/gnocchi.3b47197b-47b7-4987-a1a5-64919a584456/1769040000.0_mean_300.0_v3" 404 70 "GET http://localhost:8080/v1/AUTH_86427565a5b844ad9373a75cd08cf70d/gnocchi.3b47197b-47b7-4987-a1a5-64919a584456/1769040000.0_mean_300.0_v3" "tx8cc4055d562d453989ae3-006980a791" "proxy-server 21" 0.0003 "-" 23 0
Feb 2 13:33:05 standalone proxy-server[127335]: 172.18.0.2 ::1 02/Feb/2026/13/33/05 GET /v1/AUTH_86427565a5b844ad9373a75cd08cf70d/gnocchi.3b47197b-47b7-4987-a1a5-64919a584456/1769040000.0_mean_300.0_v3 HTTP/1.0 404 - python-swiftclient-3.11.1 gAAAAABpgKbLxM7K... - 70 - tx8cc4055d562d453989ae3-006980a791 - 0.0060 - - 1770039185.522739887 1770039185.528703213 0
Feb 2 13:33:05 standalone container-server[125311]: 172.20.0.100 - - [02/Feb/2026:13:33:05 +0000] "PUT /d1/801/AUTH_86427565a5b844ad9373a75cd08cf70d/gnocchi.3b47197b-47b7-4987-a1a5-64919a584456/1769040000.0_mean_300.0_v3" 201 - "PUT http://localhost:8080/d1/455/AUTH_86427565a5b844ad9373a75cd08cf70d/gnocchi.3b47197b-47b7-4987-a1a5-64919a584456/1769040000.0_mean_300.0_v3" "tx06e9a42c9eda4aa6920ea-006980a791" "object-server 22" 0.0004 "-" 22 0
Feb 2 13:33:05 standalone object-server[125524]: 172.20.0.100 - - [02/Feb/2026:13:33:05 +0000] "PUT /d1/455/AUTH_86427565a5b844ad9373a75cd08cf70d/gnocchi.3b47197b-47b7-4987-a1a5-64919a584456/1769040000.0_mean_300.0_v3" 201 - "PUT http://localhost:8080/v1/AUTH_86427565a5b844ad9373a75cd08cf70d/gnocchi.3b47197b-47b7-4987-a1a5-64919a584456/1769040000.0_mean_300.0_v3" "tx06e9a42c9eda4aa6920ea-006980a791" "proxy-server 21" 0.0073 "-" 22 0
Feb 2 13:33:05 standalone proxy-server[127335]: 172.18.0.2 ::1 02/Feb/2026/13/33/05 PUT /v1/AUTH_86427565a5b844ad9373a75cd08cf70d/gnocchi.3b47197b-47b7-4987-a1a5-64919a584456/1769040000.0_mean_300.0_v3 HTTP/1.0 201 - python-swiftclient-3.11.1 gAAAAABpgKbLxM7K... 16 - - tx06e9a42c9eda4aa6920ea-006980a791 - 0.0124 - - 1770039185.532809019 1770039185.545202732 0
Feb 2 13:33:05 standalone container-server[125317]: 172.20.0.100 - - [02/Feb/2026:13:33:05 +0000] "PUT /d1/801/AUTH_86427565a5b844ad9373a75cd08cf70d/gnocchi.3b47197b-47b7-4987-a1a5-64919a584456/none_v3" 201 - "PUT http://localhost:8080/d1/459/AUTH_86427565a5b844ad9373a75cd08cf70d/gnocchi.3b47197b-47b7-4987-a1a5-64919a584456/none_v3" "txbda8de8d520243769bca8-006980a791" "object-server 23" 0.0004 "-" 23 0
Feb 2 13:33:05 standalone object-server[125534]: 172.20.0.100 - - [02/Feb/2026:13:33:05 +0000] "PUT /d1/459/AUTH_86427565a5b844ad9373a75cd08cf70d/gnocchi.3b47197b-47b7-4987-a1a5-64919a584456/none_v3" 201 - "PUT http://localhost:8080/v1/AUTH_86427565a5b844ad9373a75cd08cf70d/gnocchi.3b47197b-47b7-4987-a1a5-64919a584456/none_v3" "txbda8de8d520243769bca8-006980a791" "proxy-server 21" 0.0073 "-" 23 0
Feb 2 13:33:05 standalone proxy-server[127335]: 172.18.0.2 ::1 02/Feb/2026/13/33/05 PUT /v1/AUTH_86427565a5b844ad9373a75cd08cf70d/gnocchi.3b47197b-47b7-4987-a1a5-64919a584456/none_v3 HTTP/1.0 201 - python-swiftclient-3.11.1 gAAAAABpgKbLxM7K... 22 - - txbda8de8d520243769bca8-006980a791 - 0.0121 - - 1770039185.547934771 1770039185.560076952 0
Feb 2 13:33:05 standalone container-server[125307]: 172.20.0.100 - - [02/Feb/2026:13:33:05 +0000] "HEAD /d1/225/AUTH_86427565a5b844ad9373a75cd08cf70d/gnocchi.afaf70e9-cd0b-4ea8-844a-6c6456442b64" 404 - "HEAD http://localhost:8080/v1/AUTH_86427565a5b844ad9373a75cd08cf70d/gnocchi.afaf70e9-cd0b-4ea8-844a-6c6456442b64?format=json&states=listing" "txf9ac43738f5244c19d8d9-006980a791" "proxy-server 21" 0.0003 "-" 20 0
Feb 2 13:33:05 standalone object-server[125534]: 172.20.0.100 - - [02/Feb/2026:13:33:05 +0000] "GET /d1/307/AUTH_86427565a5b844ad9373a75cd08cf70d/gnocchi.afaf70e9-cd0b-4ea8-844a-6c6456442b64/none_v3" 404 70 "GET http://localhost:8080/v1/AUTH_86427565a5b844ad9373a75cd08cf70d/gnocchi.afaf70e9-cd0b-4ea8-844a-6c6456442b64/none_v3" "txf9ac43738f5244c19d8d9-006980a791" "proxy-server 21" 0.0003 "-" 23 0
Feb 2 13:33:05 standalone proxy-server[127335]: 172.18.0.2 ::1 02/Feb/2026/13/33/05 GET /v1/AUTH_86427565a5b844ad9373a75cd08cf70d/gnocchi.afaf70e9-cd0b-4ea8-844a-6c6456442b64/none_v3 HTTP/1.0 404 - python-swiftclient-3.11.1 gAAAAABpgKbLxM7K... - 70 - txf9ac43738f5244c19d8d9-006980a791 - 0.0108 - - 1770039185.596080780 1770039185.606855392 0
Feb 2 13:33:05 standalone account-server[125127]: 172.20.0.100 - - [02/Feb/2026:13:33:05 +0000] "PUT /d1/882/AUTH_86427565a5b844ad9373a75cd08cf70d/gnocchi.afaf70e9-cd0b-4ea8-844a-6c6456442b64" 201 - "PUT http://172.20.0.100:6001/d1/225/AUTH_86427565a5b844ad9373a75cd08cf70d/gnocchi.afaf70e9-cd0b-4ea8-844a-6c6456442b64" "tx24d76dff5d794e208718a-006980a791" "container-server 23" 0.0051 "-" 23 0
Feb 2 13:33:05 standalone container-server[125317]: 172.20.0.100 - - [02/Feb/2026:13:33:05 +0000] "PUT /d1/225/AUTH_86427565a5b844ad9373a75cd08cf70d/gnocchi.afaf70e9-cd0b-4ea8-844a-6c6456442b64" 201 - "PUT http://localhost:8080/v1/AUTH_86427565a5b844ad9373a75cd08cf70d/gnocchi.afaf70e9-cd0b-4ea8-844a-6c6456442b64" "tx24d76dff5d794e208718a-006980a791" "proxy-server 21" 0.0132 "-" 23 0
Feb 2 13:33:05 standalone proxy-server[127335]: 172.18.0.2 ::1 02/Feb/2026/13/33/05 PUT /v1/AUTH_86427565a5b844ad9373a75cd08cf70d/gnocchi.afaf70e9-cd0b-4ea8-844a-6c6456442b64 HTTP/1.0 201 - python-swiftclient-3.11.1 gAAAAABpgKbLxM7K... - - - tx24d76dff5d794e208718a-006980a791 - 0.0181 - - 1770039185.610570192 1770039185.628719807 0
Feb 2 13:33:05 standalone container-server[125308]: 172.20.0.100 - - [02/Feb/2026:13:33:05 +0000] "HEAD /d1/225/AUTH_86427565a5b844ad9373a75cd08cf70d/gnocchi.afaf70e9-cd0b-4ea8-844a-6c6456442b64" 204 - "HEAD http://localhost:8080/v1/AUTH_86427565a5b844ad9373a75cd08cf70d/gnocchi.afaf70e9-cd0b-4ea8-844a-6c6456442b64?format=json&states=listing" "txfbf4634126fb4cdbb6779-006980a791" "proxy-server 21" 0.0010 "-" 21 0
Feb 2 13:33:05 standalone proxy-server[127335]: - - 02/Feb/2026/13/33/05 HEAD /v1/AUTH_86427565a5b844ad9373a75cd08cf70d/gnocchi.afaf70e9-cd0b-4ea8-844a-6c6456442b64%3Fformat%3Djson%26states%3Dlisting HTTP/1.0 204 - Swift - - - - txfbf4634126fb4cdbb6779-006980a791 - 0.0041 RL - 1770039185.634128571 1770039185.638235092 0
Feb 2 13:33:05 standalone container-server[125311]: 172.20.0.100 - - [02/Feb/2026:13:33:05 +0000] "GET /d1/225/AUTH_86427565a5b844ad9373a75cd08cf70d/gnocchi.afaf70e9-cd0b-4ea8-844a-6c6456442b64" 200 2 "GET http://localhost:8080/v1/AUTH_86427565a5b844ad9373a75cd08cf70d/gnocchi.afaf70e9-cd0b-4ea8-844a-6c6456442b64?format=json&states=listing" "txfbf4634126fb4cdbb6779-006980a791" "proxy-server 21" 0.0033 "-" 22 0
Feb 2 13:33:05 standalone proxy-server[127335]: 172.18.0.2 ::1 02/Feb/2026/13/33/05 GET /v1/AUTH_86427565a5b844ad9373a75cd08cf70d/gnocchi.afaf70e9-cd0b-4ea8-844a-6c6456442b64%3Fformat%3Djson%26states%3Dlisting HTTP/1.0 200 - python-swiftclient-3.11.1 gAAAAABpgKbLxM7K... - 2 - txfbf4634126fb4cdbb6779-006980a791 - 0.0168 - - 1770039185.632911682 1770039185.649739027 0
Feb 2 13:33:05 standalone object-server[125541]: 172.20.0.100 - - [02/Feb/2026:13:33:05 +0000] "GET /d1/747/AUTH_86427565a5b844ad9373a75cd08cf70d/gnocchi.afaf70e9-cd0b-4ea8-844a-6c6456442b64/1769040000.0_mean_300.0_v3" 404 70 "GET http://localhost:8080/v1/AUTH_86427565a5b844ad9373a75cd08cf70d/gnocchi.afaf70e9-cd0b-4ea8-844a-6c6456442b64/1769040000.0_mean_300.0_v3" "tx7e6d229d358b4c0c9db54-006980a791" "proxy-server 21" 0.0003 "-" 24 0
Feb 2 13:33:05 standalone proxy-server[127335]: 172.18.0.2 ::1 02/Feb/2026/13/33/05 GET /v1/AUTH_86427565a5b844ad9373a75cd08cf70d/gnocchi.afaf70e9-cd0b-4ea8-844a-6c6456442b64/1769040000.0_mean_300.0_v3 HTTP/1.0 404 - python-swiftclient-3.11.1 gAAAAABpgKbLxM7K... - 70 - tx7e6d229d358b4c0c9db54-006980a791 - 0.0060 - - 1770039185.654559851 1770039185.660589218 0
Feb 2 13:33:05 standalone container-server[125311]: 172.20.0.100 - - [02/Feb/2026:13:33:05 +0000] "PUT /d1/225/AUTH_86427565a5b844ad9373a75cd08cf70d/gnocchi.afaf70e9-cd0b-4ea8-844a-6c6456442b64/1769040000.0_mean_300.0_v3" 201 - "PUT http://localhost:8080/d1/747/AUTH_86427565a5b844ad9373a75cd08cf70d/gnocchi.afaf70e9-cd0b-4ea8-844a-6c6456442b64/1769040000.0_mean_300.0_v3" "txea5f207a84bb4e718e09a-006980a791" "object-server 22" 0.0007 "-" 22 0
Feb 2 13:33:05 standalone object-server[125524]: 172.20.0.100 - - [02/Feb/2026:13:33:05 +0000] "PUT /d1/747/AUTH_86427565a5b844ad9373a75cd08cf70d/gnocchi.afaf70e9-cd0b-4ea8-844a-6c6456442b64/1769040000.0_mean_300.0_v3" 201 - "PUT http://localhost:8080/v1/AUTH_86427565a5b844ad9373a75cd08cf70d/gnocchi.afaf70e9-cd0b-4ea8-844a-6c6456442b64/1769040000.0_mean_300.0_v3" "txea5f207a84bb4e718e09a-006980a791" "proxy-server 21" 0.0100 "-" 22 0
Feb 2 13:33:05 standalone proxy-server[127335]: 172.18.0.2 ::1 02/Feb/2026/13/33/05 PUT /v1/AUTH_86427565a5b844ad9373a75cd08cf70d/gnocchi.afaf70e9-cd0b-4ea8-844a-6c6456442b64/1769040000.0_mean_300.0_v3 HTTP/1.0 201 - python-swiftclient-3.11.1 gAAAAABpgKbLxM7K... 16 - - txea5f207a84bb4e718e09a-006980a791 - 0.0151 - - 1770039185.664675474 1770039185.679737806 0
Feb 2 13:33:05 standalone container-server[125311]: 172.20.0.100 - - [02/Feb/2026:13:33:05 +0000] "PUT /d1/225/AUTH_86427565a5b844ad9373a75cd08cf70d/gnocchi.afaf70e9-cd0b-4ea8-844a-6c6456442b64/none_v3" 201 - "PUT http://localhost:8080/d1/307/AUTH_86427565a5b844ad9373a75cd08cf70d/gnocchi.afaf70e9-cd0b-4ea8-844a-6c6456442b64/none_v3" "txb4cf468cc9c446669c9af-006980a791" "object-server 23" 0.0007 "-" 22 0
Feb 2 13:33:05 standalone object-server[125534]: 172.20.0.100 - - [02/Feb/2026:13:33:05 +0000] "PUT /d1/307/AUTH_86427565a5b844ad9373a75cd08cf70d/gnocchi.afaf70e9-cd0b-4ea8-844a-6c6456442b64/none_v3" 201 - "PUT http://localhost:8080/v1/AUTH_86427565a5b844ad9373a75cd08cf70d/gnocchi.afaf70e9-cd0b-4ea8-844a-6c6456442b64/none_v3" "txb4cf468cc9c446669c9af-006980a791" "proxy-server 21" 0.0066 "-" 23 0
Feb 2 13:33:05 standalone proxy-server[127335]: 172.18.0.2 ::1 02/Feb/2026/13/33/05 PUT /v1/AUTH_86427565a5b844ad9373a75cd08cf70d/gnocchi.afaf70e9-cd0b-4ea8-844a-6c6456442b64/none_v3 HTTP/1.0 201 - python-swiftclient-3.11.1 gAAAAABpgKbLxM7K... 22 - - txb4cf468cc9c446669c9af-006980a791 - 0.0109 - - 1770039185.683197975 1770039185.694088221 0
Feb 2 13:33:05 standalone container-server[125307]: 172.20.0.100 - - [02/Feb/2026:13:33:05 +0000] "HEAD /d1/704/AUTH_86427565a5b844ad9373a75cd08cf70d/gnocchi.0a1cc01a-3425-41b1-83d6-15bf425116f6" 404 - "HEAD http://localhost:8080/v1/AUTH_86427565a5b844ad9373a75cd08cf70d/gnocchi.0a1cc01a-3425-41b1-83d6-15bf425116f6?format=json&states=listing" "tx15a90669c6d9407d8b26a-006980a791" "proxy-server 21" 0.0003 "-" 20 0
Feb 2 13:33:05 standalone object-server[125534]: 172.20.0.100 - - [02/Feb/2026:13:33:05 +0000] "GET /d1/89/AUTH_86427565a5b844ad9373a75cd08cf70d/gnocchi.0a1cc01a-3425-41b1-83d6-15bf425116f6/none_v3" 404 70 "GET http://localhost:8080/v1/AUTH_86427565a5b844ad9373a75cd08cf70d/gnocchi.0a1cc01a-3425-41b1-83d6-15bf425116f6/none_v3" "tx15a90669c6d9407d8b26a-006980a791" "proxy-server 21" 0.0002 "-" 23 0
Feb 2 13:33:05 standalone proxy-server[127335]: 172.18.0.2 ::1 02/Feb/2026/13/33/05 GET /v1/AUTH_86427565a5b844ad9373a75cd08cf70d/gnocchi.0a1cc01a-3425-41b1-83d6-15bf425116f6/none_v3 HTTP/1.0 404 - python-swiftclient-3.11.1 gAAAAABpgKbLxM7K... - 70 - tx15a90669c6d9407d8b26a-006980a791 - 0.0068 - - 1770039185.704437017 1770039185.711272478 0
Feb 2 13:33:05 standalone account-server[125107]: 172.20.0.100 - - [02/Feb/2026:13:33:05 +0000] "PUT /d1/882/AUTH_86427565a5b844ad9373a75cd08cf70d/gnocchi.0a1cc01a-3425-41b1-83d6-15bf425116f6" 201 - "PUT http://172.20.0.100:6001/d1/704/AUTH_86427565a5b844ad9373a75cd08cf70d/gnocchi.0a1cc01a-3425-41b1-83d6-15bf425116f6" "txf2edf02309124aeea19c4-006980a791" "container-server 22" 0.0039 "-" 21 0
Feb 2 13:33:05 standalone container-server[125311]: 172.20.0.100 - - [02/Feb/2026:13:33:05 +0000] "PUT /d1/704/AUTH_86427565a5b844ad9373a75cd08cf70d/gnocchi.0a1cc01a-3425-41b1-83d6-15bf425116f6" 201 - "PUT http://localhost:8080/v1/AUTH_86427565a5b844ad9373a75cd08cf70d/gnocchi.0a1cc01a-3425-41b1-83d6-15bf425116f6" "txf2edf02309124aeea19c4-006980a791" "proxy-server 21" 0.0147 "-" 22 0
Feb 2 13:33:05 standalone proxy-server[127335]: 172.18.0.2 ::1 02/Feb/2026/13/33/05 PUT /v1/AUTH_86427565a5b844ad9373a75cd08cf70d/gnocchi.0a1cc01a-3425-41b1-83d6-15bf425116f6 HTTP/1.0 201 - python-swiftclient-3.11.1 gAAAAABpgKbLxM7K... - - - txf2edf02309124aeea19c4-006980a791 - 0.0192 - - 1770039185.713994980 1770039185.733185291 0
Feb 2 13:33:05 standalone container-server[125317]: 172.20.0.100 - - [02/Feb/2026:13:33:05 +0000] "HEAD /d1/704/AUTH_86427565a5b844ad9373a75cd08cf70d/gnocchi.0a1cc01a-3425-41b1-83d6-15bf425116f6" 204 - "HEAD http://localhost:8080/v1/AUTH_86427565a5b844ad9373a75cd08cf70d/gnocchi.0a1cc01a-3425-41b1-83d6-15bf425116f6?format=json&states=listing" "tx331fcd8c0da24173a02d9-006980a791" "proxy-server 21" 0.0012 "-" 23 0
Feb 2 13:33:05 standalone proxy-server[127335]: - - 02/Feb/2026/13/33/05 HEAD /v1/AUTH_86427565a5b844ad9373a75cd08cf70d/gnocchi.0a1cc01a-3425-41b1-83d6-15bf425116f6%3Fformat%3Djson%26states%3Dlisting HTTP/1.0 204 - Swift - - - - tx331fcd8c0da24173a02d9-006980a791 - 0.0039 RL - 1770039185.738464117 1770039185.742410421 0
Feb 2 13:33:05 standalone container-server[125307]: 172.20.0.100 - - [02/Feb/2026:13:33:05 +0000] "GET /d1/704/AUTH_86427565a5b844ad9373a75cd08cf70d/gnocchi.0a1cc01a-3425-41b1-83d6-15bf425116f6" 200 2 "GET http://localhost:8080/v1/AUTH_86427565a5b844ad9373a75cd08cf70d/gnocchi.0a1cc01a-3425-41b1-83d6-15bf425116f6?format=json&states=listing" "tx331fcd8c0da24173a02d9-006980a791" "proxy-server 21" 0.0016 "-" 20 0
