Feb 2 13:18:07 standalone account-server[124780]: Started child 20 from parent 2
Feb 2 13:18:07 standalone account-server[124780]: Started child 21 from parent 2
Feb 2 13:18:07 standalone account-server[124780]: Started child 22 from parent 2
Feb 2 13:18:07 standalone account-server[124780]: Started child 23 from parent 2
Feb 2 13:18:07 standalone account-server[124732]: Starting 2
Feb 2 13:18:08 standalone container-server[124882]: Starting 2
Feb 2 13:18:08 standalone container-server[124892]: Option allow_versions is deprecated. Configure the versioned_writes middleware in the proxy-server instead. This option will be ignored in a future release.
Feb 2 13:18:08 standalone container-server[125307]: Option allow_versions is deprecated. Configure the versioned_writes middleware in the proxy-server instead. This option will be ignored in a future release.
Feb 2 13:18:08 standalone container-server[124892]: Started child 20 from parent 2
Feb 2 13:18:08 standalone container-server[125308]: Option allow_versions is deprecated. Configure the versioned_writes middleware in the proxy-server instead. This option will be ignored in a future release.
Feb 2 13:18:08 standalone container-server[124892]: Started child 21 from parent 2
Feb 2 13:18:08 standalone container-server[125311]: Option allow_versions is deprecated. Configure the versioned_writes middleware in the proxy-server instead. This option will be ignored in a future release.
Feb 2 13:18:08 standalone container-server[124892]: Started child 22 from parent 2
Feb 2 13:18:08 standalone container-server[125317]: Option allow_versions is deprecated. Configure the versioned_writes middleware in the proxy-server instead. This option will be ignored in a future release.
Feb 2 13:18:08 standalone container-server[124892]: Started child 23 from parent 2
Feb 2 13:18:08 standalone object-server[125314]: Starting 2
Feb 2 13:18:08 standalone object-expirer[125216]: Starting 2
Feb 2 13:18:08 standalone object-expirer[125216]: Option auto_create_account_prefix is deprecated. Configure auto_create_account_prefix under the swift-constraints section of swift.conf. This option will be ignored in a future release.
Feb 2 13:18:09 standalone object-server[125264]: Started child 22 from parent 2
Feb 2 13:18:09 standalone object-server[125264]: Started child 23 from parent 2
Feb 2 13:18:09 standalone object-server[125264]: Started child 24 from parent 2
Feb 2 13:18:09 standalone object-server[125264]: Started child 25 from parent 2
Feb 2 13:18:15 standalone proxy-server[127083]: Starting Keystone auth_token middleware
Feb 2 13:18:15 standalone proxy-server[127083]: AuthToken middleware is set with keystone_authtoken.service_token_roles_required set to False. This is backwards compatible but deprecated behaviour. Please set this to True.
Feb 2 13:18:15 standalone proxy-server[127335]: Starting Keystone auth_token middleware
Feb 2 13:18:15 standalone proxy-server[127335]: STDERR: The option "bind_port" is not known to keystonemiddleware
Feb 2 13:18:15 standalone proxy-server[127335]: STDERR: The option "workers" is not known to keystonemiddleware
Feb 2 13:18:15 standalone proxy-server[127335]: STDERR: The option "user" is not known to keystonemiddleware
Feb 2 13:18:15 standalone proxy-server[127335]: STDERR: The option "bind_ip" is not known to keystonemiddleware
Feb 2 13:18:15 standalone proxy-server[127335]: STDERR: The option "log_name" is not known to keystonemiddleware
Feb 2 13:18:15 standalone proxy-server[127335]: STDERR: The option "log_facility" is not known to keystonemiddleware
Feb 2 13:18:15 standalone proxy-server[127335]: STDERR: The option "log_level" is not known to keystonemiddleware
Feb 2 13:18:15 standalone proxy-server[127335]: STDERR: The option "log_headers" is not known to keystonemiddleware
Feb 2 13:18:15 standalone proxy-server[127335]: STDERR: The option "log_address" is not known to keystonemiddleware
Feb 2 13:18:15 standalone proxy-server[127335]: STDERR: The option "project_name" is not known to keystonemiddleware
Feb 2 13:18:15 standalone proxy-server[127335]: STDERR: The option "username" is not known to keystonemiddleware
Feb 2 13:18:15 standalone proxy-server[127335]: STDERR: The option "password" is not known to keystonemiddleware
Feb 2 13:18:15 standalone proxy-server[127335]: STDERR: The option "auth_url" is not known to keystonemiddleware
Feb 2 13:18:15 standalone proxy-server[127335]: STDERR: The option "signing_dir" is not known to keystonemiddleware
Feb 2 13:18:15 standalone proxy-server[127335]: STDERR: The option "project_domain_id" is not known to keystonemiddleware
Feb 2 13:18:15 standalone proxy-server[127335]: STDERR: The option "user_domain_id" is not known to keystonemiddleware
Feb 2 13:18:15 standalone proxy-server[127335]: STDERR: The option "__name__" is not known to keystonemiddleware
Feb 2 13:18:15 standalone proxy-server[127335]: AuthToken middleware is set with keystone_authtoken.service_token_roles_required set to False. This is backwards compatible but deprecated behaviour. Please set this to True.
Feb 2 13:18:15 standalone proxy-server[127083]: Started child 21 from parent 2
Feb 2 13:18:41 standalone object-server[125314]: Begin object update sweep
Feb 2 13:18:41 standalone object-server[130308]: Object update sweep starting on /srv/node/d1 (pid: 11)
Feb 2 13:18:41 standalone object-server[130308]: Object update sweep completed on /srv/node/d1 in 0.00s seconds:, 0 successes, 0 failures, 0 quarantines, 0 unlinks, 0 errors, 0 redirects (pid: 11)
Feb 2 13:18:41 standalone object-server[130308]: Object update sweep of d1 completed: 0.00s, 0 successes, 0 failures, 0 quarantines, 0 unlinks, 0 errors, 0 redirects
Feb 2 13:18:41 standalone object-server[125314]: Object update sweep completed: 0.08s
Feb 2 13:18:53 standalone container-server[124882]: Begin container update sweep
Feb 2 13:18:53 standalone container-server[124882]: Container update sweep completed: 0.00s
Feb 2 13:21:07 standalone account-server[125107]: 172.20.0.100 - - [02/Feb/2026:13:21:07 +0000] "HEAD /d1/74/.expiring_objects" 404 - "HEAD http://localhost/v1/.expiring_objects?format=json" "txba62c247764a4fc6a46eb-006980a4c3" "proxy-server 2" 0.0010 "-" 21 -
Feb 2 13:21:07 standalone object-expirer[125216]: Pass completed in 0s; 0 objects expired (txn: txba62c247764a4fc6a46eb-006980a4c3)
Feb 2 13:22:59 standalone account-server[125127]: 172.20.0.100 - - [02/Feb/2026:13:22:59 +0000] "HEAD /d1/74/.expiring_objects" 404 - "HEAD http://localhost/v1/.expiring_objects?format=json" "tx47bd221bfc404ee1b81f1-006980a533" "proxy-server 2" 0.0022 "-" 23 -
Feb 2 13:22:59 standalone object-expirer[125216]: Pass completed in 0s; 0 objects expired (txn: tx47bd221bfc404ee1b81f1-006980a533)
Feb 2 13:23:41 standalone object-server[125314]: Begin object update sweep
Feb 2 13:23:41 standalone object-server[164727]: Object update sweep starting on /srv/node/d1 (pid: 13)
Feb 2 13:23:41 standalone object-server[164727]: Object update sweep completed on /srv/node/d1 in 0.00s seconds:, 0 successes, 0 failures, 0 quarantines, 0 unlinks, 0 errors, 0 redirects (pid: 13)
Feb 2 13:23:41 standalone object-server[164727]: Object update sweep of d1 completed: 0.00s, 0 successes, 0 failures, 0 quarantines, 0 unlinks, 0 errors, 0 redirects
Feb 2 13:23:41 standalone object-server[125314]: Object update sweep completed: 0.11s
Feb 2 13:23:53 standalone container-server[124882]: Begin container update sweep
Feb 2 13:23:53 standalone container-server[124882]: Container update sweep completed: 0.00s
Feb 2 13:24:42 standalone account-server[125127]: 172.20.0.100 - - [02/Feb/2026:13:24:42 +0000] "HEAD /d1/882/AUTH_86427565a5b844ad9373a75cd08cf70d" 404 - "HEAD http://localhost:8080/v1/AUTH_86427565a5b844ad9373a75cd08cf70d?format=json" "tx54640146563642b6be5dc-006980a59a" "proxy-server 21" 0.0007 "-" 23 -
Feb 2 13:24:42 standalone proxy-server[127335]: - - 02/Feb/2026/13/24/42 HEAD /v1/AUTH_86427565a5b844ad9373a75cd08cf70d%3Fformat%3Djson HTTP/1.0 200 - Swift - - - - tx54640146563642b6be5dc-006980a59a - 0.0089 RL - 1770038682.510710478 1770038682.519658804 -
Feb 2 13:24:42 standalone proxy-server[127335]: 172.18.0.2 ::1 02/Feb/2026/13/24/42 HEAD /v1/AUTH_86427565a5b844ad9373a75cd08cf70d/glance%3Fformat%3Djson HTTP/1.0 404 - python-swiftclient-3.11.1 gAAAAABpgKWaNOb6... - - - tx54640146563642b6be5dc-006980a59a - 0.4434 - - 1770038682.505116701 1770038682.948509216 -
Feb 2 13:24:42 standalone account-server[125119]: 172.20.0.100 - - [02/Feb/2026:13:24:42 +0000] "PUT /d1/882/AUTH_86427565a5b844ad9373a75cd08cf70d" 201 - "-" "tx2782ed66761e4188a87cd-006980a59a" "-" 0.0118 "-" 22 -
Feb 2 13:24:42 standalone proxy-server[127335]: autocreate account '/AUTH_86427565a5b844ad9373a75cd08cf70d' (txn: tx2782ed66761e4188a87cd-006980a59a)
Feb 2 13:24:42 standalone account-server[125087]: 172.20.0.100 - - [02/Feb/2026:13:24:42 +0000] "HEAD /d1/882/AUTH_86427565a5b844ad9373a75cd08cf70d" 204 - "HEAD http://localhost:8080/v1/AUTH_86427565a5b844ad9373a75cd08cf70d?format=json" "tx2782ed66761e4188a87cd-006980a59a" "proxy-server 21" 0.0021 "-" 20 -
Feb 2 13:24:42 standalone account-server[125119]: 172.20.0.100 - - [02/Feb/2026:13:24:42 +0000] "PUT /d1/882/AUTH_86427565a5b844ad9373a75cd08cf70d/glance" 201 - "PUT http://172.20.0.100:6001/d1/1001/AUTH_86427565a5b844ad9373a75cd08cf70d/glance" "tx2782ed66761e4188a87cd-006980a59a" "container-server 22" 0.0012 "-" 22 0
Feb 2 13:24:42 standalone container-server[125311]: 172.20.0.100 - - [02/Feb/2026:13:24:42 +0000] "PUT /d1/1001/AUTH_86427565a5b844ad9373a75cd08cf70d/glance" 201 - "PUT http://localhost:8080/v1/AUTH_86427565a5b844ad9373a75cd08cf70d/glance" "tx2782ed66761e4188a87cd-006980a59a" "proxy-server 21" 0.0136 "-" 22 0
Feb 2 13:24:42 standalone proxy-server[127335]: 172.18.0.2 ::1 02/Feb/2026/13/24/42 PUT /v1/AUTH_86427565a5b844ad9373a75cd08cf70d/glance HTTP/1.0 201 - python-swiftclient-3.11.1 gAAAAABpgKWaNOb6... - - - tx2782ed66761e4188a87cd-006980a59a - 0.0380 - - 1770038682.952780247 1770038682.990741014 0
Feb 2 13:24:43 standalone container-server[125308]: 172.20.0.100 - - [02/Feb/2026:13:24:43 +0000] "HEAD /d1/1001/AUTH_86427565a5b844ad9373a75cd08cf70d/glance" 204 - "HEAD http://localhost:8080/v1/AUTH_86427565a5b844ad9373a75cd08cf70d/glance?format=json&states=listing" "tx409f48d5caab41c2bed76-006980a59a" "proxy-server 21" 0.0022 "-" 21 0
Feb 2 13:24:43 standalone proxy-server[127335]: - - 02/Feb/2026/13/24/43 HEAD /v1/AUTH_86427565a5b844ad9373a75cd08cf70d/glance%3Fformat%3Djson%26states%3Dlisting HTTP/1.0 204 - Swift - - - - tx409f48d5caab41c2bed76-006980a59a - 0.0176 RL - 1770038682.999792576 1770038683.017356396 0
Feb 2 13:25:01 standalone container-server[125307]: 172.20.0.100 - - [02/Feb/2026:13:25:01 +0000] "PUT /d1/1001/AUTH_86427565a5b844ad9373a75cd08cf70d/glance/2b0d3318-827d-4a35-b4f6-e47bf7a36e98" 201 - "PUT http://localhost:8080/d1/298/AUTH_86427565a5b844ad9373a75cd08cf70d/glance/2b0d3318-827d-4a35-b4f6-e47bf7a36e98" "tx409f48d5caab41c2bed76-006980a59a" "object-server 23" 0.0015 "-" 20 0
Feb 2 13:25:01 standalone object-server[125534]: 172.20.0.100 - - [02/Feb/2026:13:25:01 +0000] "PUT /d1/298/AUTH_86427565a5b844ad9373a75cd08cf70d/glance/2b0d3318-827d-4a35-b4f6-e47bf7a36e98" 201 - "PUT http://localhost:8080/v1/AUTH_86427565a5b844ad9373a75cd08cf70d/glance/2b0d3318-827d-4a35-b4f6-e47bf7a36e98" "tx409f48d5caab41c2bed76-006980a59a" "proxy-server 21" 18.1946 "-" 23 0
Feb 2 13:25:01 standalone proxy-server[127335]: 172.18.0.2 ::1 02/Feb/2026/13/25/01 PUT /v1/AUTH_86427565a5b844ad9373a75cd08cf70d/glance/2b0d3318-827d-4a35-b4f6-e47bf7a36e98 HTTP/1.0 201 - python-swiftclient-3.11.1 gAAAAABpgKWaNOb6... 1481900032 - - tx409f48d5caab41c2bed76-006980a59a - 18.2209 - - 1770038682.998999596 1770038701.219881296 0
Feb 2 13:26:01 standalone account-server[125127]: 172.20.0.100 - - [02/Feb/2026:13:26:01 +0000] "HEAD /d1/74/.expiring_objects" 404 - "HEAD http://localhost/v1/.expiring_objects?format=json" "txd04e8107a783432883e1b-006980a5e9" "proxy-server 2" 0.0004 "-" 23 -
Feb 2 13:26:01 standalone object-expirer[125216]: Pass completed in 0s; 0 objects expired (txn: txd04e8107a783432883e1b-006980a5e9)
Feb 2 13:28:41 standalone object-server[125314]: Begin object update sweep
Feb 2 13:28:41 standalone object-server[203091]: Object update sweep starting on /srv/node/d1 (pid: 14)
Feb 2 13:28:41 standalone object-server[203091]: Object update sweep completed on /srv/node/d1 in 0.00s seconds:, 0 successes, 0 failures, 0 quarantines, 0 unlinks, 0 errors, 0 redirects (pid: 14)
Feb 2 13:28:41 standalone object-server[203091]: Object update sweep of d1 completed: 0.00s, 0 successes, 0 failures, 0 quarantines, 0 unlinks, 0 errors, 0 redirects
Feb 2 13:28:41 standalone object-server[125314]: Object update sweep completed: 0.07s
Feb 2 13:28:53 standalone container-server[124882]: Begin container update sweep
Feb 2 13:28:53 standalone account-server[125107]: 172.20.0.100 - - [02/Feb/2026:13:28:53 +0000] "PUT /d1/882/AUTH_86427565a5b844ad9373a75cd08cf70d/glance" 201 - "-" "-" "container-updater 2" 0.0007 "-" 21 0
Feb 2 13:28:53 standalone container-server[124882]: Container update sweep completed: 0.09s
Feb 2 13:29:44 standalone account-server[125087]: 172.20.0.100 - - [02/Feb/2026:13:29:44 +0000] "HEAD /d1/882/AUTH_86427565a5b844ad9373a75cd08cf70d" 204 - "HEAD http://localhost:8080/v1/AUTH_86427565a5b844ad9373a75cd08cf70d?format=json" "tx209c1f596446461da6051-006980a6c8" "proxy-server 21" 0.0058 "-" 20 -
Feb 2 13:29:44 standalone proxy-server[127335]: - - 02/Feb/2026/13/29/44 HEAD /v1/AUTH_86427565a5b844ad9373a75cd08cf70d%3Fformat%3Djson HTTP/1.0 204 - Swift - - - - tx209c1f596446461da6051-006980a6c8 - 0.0099 RL - 1770038984.031045198 1770038984.040947437 -
Feb 2 13:29:44 standalone container-server[125308]: 172.20.0.100 - - [02/Feb/2026:13:29:44 +0000] "HEAD /d1/1001/AUTH_86427565a5b844ad9373a75cd08cf70d/glance" 204 - "HEAD http://localhost:8080/v1/AUTH_86427565a5b844ad9373a75cd08cf70d/glance?format=json&states=listing" "tx209c1f596446461da6051-006980a6c8" "proxy-server 21" 0.0020 "-" 21 0
Feb 2 13:29:44 standalone proxy-server[127335]: 172.18.0.2 ::1 02/Feb/2026/13/29/44 HEAD /v1/AUTH_86427565a5b844ad9373a75cd08cf70d/glance%3Fformat%3Djson%26states%3Dlisting HTTP/1.0 204 - python-swiftclient-3.11.1 gAAAAABpgKbHskgM... - - - tx209c1f596446461da6051-006980a6c8 - 0.1015 - - 1770038984.030260086 1770038984.131757736 0
Feb 2 13:29:47 standalone container-server[125308]: 172.20.0.100 - - [02/Feb/2026:13:29:47 +0000] "PUT /d1/1001/AUTH_86427565a5b844ad9373a75cd08cf70d/glance/006faae1-3c87-4a9c-b129-8727103f2073-00001" 201 - "PUT http://localhost:8080/d1/565/AUTH_86427565a5b844ad9373a75cd08cf70d/glance/006faae1-3c87-4a9c-b129-8727103f2073-00001" "txb002acde6cc74ec698336-006980a6c8" "object-server 24" 0.0008 "-" 21 0
Feb 2 13:29:47 standalone object-server[125541]: 172.20.0.100 - - [02/Feb/2026:13:29:47 +0000] "PUT /d1/565/AUTH_86427565a5b844ad9373a75cd08cf70d/glance/006faae1-3c87-4a9c-b129-8727103f2073-00001" 201 - "PUT http://localhost:8080/v1/AUTH_86427565a5b844ad9373a75cd08cf70d/glance/006faae1-3c87-4a9c-b129-8727103f2073-00001" "txb002acde6cc74ec698336-006980a6c8" "proxy-server 21" 2.9939 "-" 24 0
Feb 2 13:29:47 standalone proxy-server[127335]: 172.18.0.2 ::1 02/Feb/2026/13/29/47 PUT /v1/AUTH_86427565a5b844ad9373a75cd08cf70d/glance/006faae1-3c87-4a9c-b129-8727103f2073-00001 HTTP/1.0 201 - python-swiftclient-3.11.1 gAAAAABpgKbHskgM... 21692416 - - txb002acde6cc74ec698336-006980a6c8 - 3.0158 - - 1770038984.140092611 1770038987.155853033 0
Feb 2 13:29:47 standalone container-server[125307]: 172.20.0.100 - - [02/Feb/2026:13:29:47 +0000] "PUT /d1/1001/AUTH_86427565a5b844ad9373a75cd08cf70d/glance/006faae1-3c87-4a9c-b129-8727103f2073" 201 - "PUT http://localhost:8080/d1/696/AUTH_86427565a5b844ad9373a75cd08cf70d/glance/006faae1-3c87-4a9c-b129-8727103f2073" "tx8fd5b4952e21444b8ca44-006980a6cb" "object-server 24" 0.0010 "-" 20 0
Feb 2 13:29:47 standalone object-server[125541]: 172.20.0.100 - - [02/Feb/2026:13:29:47 +0000] "PUT /d1/696/AUTH_86427565a5b844ad9373a75cd08cf70d/glance/006faae1-3c87-4a9c-b129-8727103f2073" 201 - "PUT http://localhost:8080/v1/AUTH_86427565a5b844ad9373a75cd08cf70d/glance/006faae1-3c87-4a9c-b129-8727103f2073" "tx8fd5b4952e21444b8ca44-006980a6cb" "proxy-server 21" 0.0091 "-" 24 0
Feb 2 13:29:47 standalone proxy-server[127335]: 172.18.0.2 ::1 02/Feb/2026/13/29/47 PUT /v1/AUTH_86427565a5b844ad9373a75cd08cf70d/glance/006faae1-3c87-4a9c-b129-8727103f2073 HTTP/1.0 201 - python-swiftclient-3.11.1 gAAAAABpgKbHskgM... - - - tx8fd5b4952e21444b8ca44-006980a6cb - 0.0164 - - 1770038987.161469460 1770038987.177896261 0
Feb 2 13:29:47 standalone container-server[125317]: 172.20.0.100 - - [02/Feb/2026:13:29:47 +0000] "HEAD /d1/197/AUTH_86427565a5b844ad9373a75cd08cf70d/gnocchi.74a7297c-33c1-48b1-8e1c-ef98b732eddc" 404 - "HEAD http://localhost:8080/v1/AUTH_86427565a5b844ad9373a75cd08cf70d/gnocchi.74a7297c-33c1-48b1-8e1c-ef98b732eddc?format=json&states=listing" "tx372a5bc04ac04cf1adfd2-006980a6cb" "proxy-server 21" 0.0016 "-" 23 0
Feb 2 13:29:47 standalone object-server[125544]: 172.20.0.100 - - [02/Feb/2026:13:29:47 +0000] "GET /d1/386/AUTH_86427565a5b844ad9373a75cd08cf70d/gnocchi.74a7297c-33c1-48b1-8e1c-ef98b732eddc/none_v3" 404 70 "GET http://localhost:8080/v1/AUTH_86427565a5b844ad9373a75cd08cf70d/gnocchi.74a7297c-33c1-48b1-8e1c-ef98b732eddc/none_v3" "tx372a5bc04ac04cf1adfd2-006980a6cb" "proxy-server 21" 0.0009 "-" 25 0
Feb 2 13:29:47 standalone proxy-server[127335]: 172.18.0.2 ::1 02/Feb/2026/13/29/47 GET /v1/AUTH_86427565a5b844ad9373a75cd08cf70d/gnocchi.74a7297c-33c1-48b1-8e1c-ef98b732eddc/none_v3 HTTP/1.0 404 - python-swiftclient-3.11.1 gAAAAABpgKbLxM7K... - 70 - tx372a5bc04ac04cf1adfd2-006980a6cb - 0.0545 - - 1770038987.851464748 1770038987.905968428 0
Feb 2 13:29:47 standalone account-server[125087]: 172.20.0.100 - - [02/Feb/2026:13:29:47 +0000] "PUT /d1/882/AUTH_86427565a5b844ad9373a75cd08cf70d/gnocchi.74a7297c-33c1-48b1-8e1c-ef98b732eddc" 201 - "PUT http://172.20.0.100:6001/d1/197/AUTH_86427565a5b844ad9373a75cd08cf70d/gnocchi.74a7297c-33c1-48b1-8e1c-ef98b732eddc" "tx1234160a4b9d4c2087f9d-006980a6cb" "container-server 23" 0.0012 "-" 20 0
Feb 2 13:29:47 standalone container-server[125317]: 172.20.0.100 - - [02/Feb/2026:13:29:47 +0000] "PUT /d1/197/AUTH_86427565a5b844ad9373a75cd08cf70d/gnocchi.74a7297c-33c1-48b1-8e1c-ef98b732eddc" 201 - "PUT http://localhost:8080/v1/AUTH_86427565a5b844ad9373a75cd08cf70d/gnocchi.74a7297c-33c1-48b1-8e1c-ef98b732eddc" "tx1234160a4b9d4c2087f9d-006980a6cb" "proxy-server 21" 0.0125 "-" 23 0
Feb 2 13:29:47 standalone proxy-server[127335]: 172.18.0.2 ::1 02/Feb/2026/13/29/47 PUT /v1/AUTH_86427565a5b844ad9373a75cd08cf70d/gnocchi.74a7297c-33c1-48b1-8e1c-ef98b732eddc HTTP/1.0 201 - python-swiftclient-3.11.1 gAAAAABpgKbLxM7K... - - - tx1234160a4b9d4c2087f9d-006980a6cb - 0.0194 - - 1770038987.909800291 1770038987.929236412 0
Feb 2 13:29:47 standalone container-server[125307]: 172.20.0.100 - - [02/Feb/2026:13:29:47 +0000] "HEAD /d1/197/AUTH_86427565a5b844ad9373a75cd08cf70d/gnocchi.74a7297c-33c1-48b1-8e1c-ef98b732eddc" 204 - "HEAD http://localhost:8080/v1/AUTH_86427565a5b844ad9373a75cd08cf70d/gnocchi.74a7297c-33c1-48b1-8e1c-ef98b732eddc?format=json&states=listing" "tx12d39d72ae8d40108a806-006980a6cb" "proxy-server 21" 0.0035 "-" 20 0
Feb 2 13:29:47 standalone proxy-server[127335]: - - 02/Feb/2026/13/29/47 HEAD /v1/AUTH_86427565a5b844ad9373a75cd08cf70d/gnocchi.74a7297c-33c1-48b1-8e1c-ef98b732eddc%3Fformat%3Djson%26states%3Dlisting HTTP/1.0 204 - Swift - - - - tx12d39d72ae8d40108a806-006980a6cb - 0.0089 RL - 1770038987.939232111 1770038987.948150158 0
Feb 2 13:29:47 standalone container-server[125317]: 172.20.0.100 - - [02/Feb/2026:13:29:47 +0000] "GET /d1/197/AUTH_86427565a5b844ad9373a75cd08cf70d/gnocchi.74a7297c-33c1-48b1-8e1c-ef98b732eddc" 200 2 "GET http://localhost:8080/v1/AUTH_86427565a5b844ad9373a75cd08cf70d/gnocchi.74a7297c-33c1-48b1-8e1c-ef98b732eddc?format=json&states=listing" "tx12d39d72ae8d40108a806-006980a6cb" "proxy-server 21" 0.0027 "-" 23 0
Feb 2 13:29:47 standalone proxy-server[127335]: 172.18.0.2 ::1 02/Feb/2026/13/29/47 GET /v1/AUTH_86427565a5b844ad9373a75cd08cf70d/gnocchi.74a7297c-33c1-48b1-8e1c-ef98b732eddc%3Fformat%3Djson%26states%3Dlisting HTTP/1.0 200 - python-swiftclient-3.11.1 gAAAAABpgKbLxM7K... - 2 - tx12d39d72ae8d40108a806-006980a6cb - 0.0224 - - 1770038987.937514067 1770038987.959879160 0
Feb 2 13:29:47 standalone object-server[125524]: 172.20.0.100 - - [02/Feb/2026:13:29:47 +0000] "GET /d1/915/AUTH_86427565a5b844ad9373a75cd08cf70d/gnocchi.74a7297c-33c1-48b1-8e1c-ef98b732eddc/1769040000.0_mean_300.0_v3" 404 70 "GET http://localhost:8080/v1/AUTH_86427565a5b844ad9373a75cd08cf70d/gnocchi.74a7297c-33c1-48b1-8e1c-ef98b732eddc/1769040000.0_mean_300.0_v3" "txe8ca70249a004939bcba2-006980a6cb" "proxy-server 21" 0.0008 "-" 22 0
Feb 2 13:29:47 standalone proxy-server[127335]: 172.18.0.2 ::1 02/Feb/2026/13/29/47 GET /v1/AUTH_86427565a5b844ad9373a75cd08cf70d/gnocchi.74a7297c-33c1-48b1-8e1c-ef98b732eddc/1769040000.0_mean_300.0_v3 HTTP/1.0 404 - python-swiftclient-3.11.1 gAAAAABpgKbLxM7K... - 70 - txe8ca70249a004939bcba2-006980a6cb - 0.0075 - - 1770038987.964751720 1770038987.972275972 0
Feb 2 13:29:48 standalone container-server[125317]: 172.20.0.100 - - [02/Feb/2026:13:29:48 +0000] "PUT /d1/197/AUTH_86427565a5b844ad9373a75cd08cf70d/gnocchi.74a7297c-33c1-48b1-8e1c-ef98b732eddc/1769040000.0_mean_300.0_v3" 201 - "PUT http://localhost:8080/d1/915/AUTH_86427565a5b844ad9373a75cd08cf70d/gnocchi.74a7297c-33c1-48b1-8e1c-ef98b732eddc/1769040000.0_mean_300.0_v3" "tx69a8be8cdf004685841dc-006980a6cb" "object-server 22" 0.0009 "-" 23 0
Feb 2 13:29:48 standalone object-server[125524]: 172.20.0.100 - - [02/Feb/2026:13:29:48 +0000] "PUT /d1/915/AUTH_86427565a5b844ad9373a75cd08cf70d/gnocchi.74a7297c-33c1-48b1-8e1c-ef98b732eddc/1769040000.0_mean_300.0_v3" 201 - "PUT http://localhost:8080/v1/AUTH_86427565a5b844ad9373a75cd08cf70d/gnocchi.74a7297c-33c1-48b1-8e1c-ef98b732eddc/1769040000.0_mean_300.0_v3" "tx69a8be8cdf004685841dc-006980a6cb" "proxy-server 21" 0.0301 "-" 22 0
Feb 2 13:29:48 standalone proxy-server[127335]: 172.18.0.2 ::1 02/Feb/2026/13/29/48 PUT /v1/AUTH_86427565a5b844ad9373a75cd08cf70d/gnocchi.74a7297c-33c1-48b1-8e1c-ef98b732eddc/1769040000.0_mean_300.0_v3 HTTP/1.0 201 - python-swiftclient-3.11.1 gAAAAABpgKbLxM7K... 16 - - tx69a8be8cdf004685841dc-006980a6cb - 0.0373 - - 1770038987.979286432 1770038988.016553164 0
Feb 2 13:29:48 standalone container-server[125311]: 172.20.0.100 - - [02/Feb/2026:13:29:48 +0000] "PUT /d1/197/AUTH_86427565a5b844ad9373a75cd08cf70d/gnocchi.74a7297c-33c1-48b1-8e1c-ef98b732eddc/none_v3" 201 - "PUT http://localhost:8080/d1/386/AUTH_86427565a5b844ad9373a75cd08cf70d/gnocchi.74a7297c-33c1-48b1-8e1c-ef98b732eddc/none_v3" "txfb11855c489c47c8b91f2-006980a6cc" "object-server 23" 0.0008 "-" 22 0
Feb 2 13:29:48 standalone object-server[125534]: 172.20.0.100 - - [02/Feb/2026:13:29:48 +0000] "PUT /d1/386/AUTH_86427565a5b844ad9373a75cd08cf70d/gnocchi.74a7297c-33c1-48b1-8e1c-ef98b732eddc/none_v3" 201 - "PUT http://localhost:8080/v1/AUTH_86427565a5b844ad9373a75cd08cf70d/gnocchi.74a7297c-33c1-48b1-8e1c-ef98b732eddc/none_v3" "txfb11855c489c47c8b91f2-006980a6cc" "proxy-server 21" 0.0109 "-" 23 0
Feb 2 13:29:48 standalone proxy-server[127335]: 172.18.0.2 ::1 02/Feb/2026/13/29/48 PUT /v1/AUTH_86427565a5b844ad9373a75cd08cf70d/gnocchi.74a7297c-33c1-48b1-8e1c-ef98b732eddc/none_v3 HTTP/1.0 201 - python-swiftclient-3.11.1 gAAAAABpgKbLxM7K... 22 - - txfb11855c489c47c8b91f2-006980a6cc - 0.0174 - - 1770038988.021491289 1770038988.038912535 0
Feb 2 13:30:17 standalone account-server[125087]: 172.20.0.100 - - [02/Feb/2026:13:30:17 +0000] "HEAD /d1/74/.expiring_objects" 404 - "HEAD http://localhost/v1/.expiring_objects?format=json" "txc02b61b27e8b424ab81bc-006980a6e9" "proxy-server 2" 0.0004 "-" 20 -
Feb 2 13:30:17 standalone object-expirer[125216]: Pass completed in 0s; 0 objects expired (txn: txc02b61b27e8b424ab81bc-006980a6e9)
Feb 2 13:30:17 standalone object-server[125534]: 172.20.0.100 - - [02/Feb/2026:13:30:17 +0000] "GET /d1/386/AUTH_86427565a5b844ad9373a75cd08cf70d/gnocchi.74a7297c-33c1-48b1-8e1c-ef98b732eddc/none_v3" 200 22 "GET http://localhost:8080/v1/AUTH_86427565a5b844ad9373a75cd08cf70d/gnocchi.74a7297c-33c1-48b1-8e1c-ef98b732eddc/none_v3" "tx7fe658fe94df4a029622c-006980a6e9" "proxy-server 21" 0.0010 "-" 23 0
Feb 2 13:30:17 standalone proxy-server[127335]: 172.18.0.2 ::1 02/Feb/2026/13/30/17 GET /v1/AUTH_86427565a5b844ad9373a75cd08cf70d/gnocchi.74a7297c-33c1-48b1-8e1c-ef98b732eddc/none_v3 HTTP/1.0 200 - python-swiftclient-3.11.1 gAAAAABpgKbLxM7K... - 22 - tx7fe658fe94df4a029622c-006980a6e9 - 0.0092 - - 1770039017.641689301 1770039017.650840044 0
Feb 2 13:30:17 standalone container-server[125311]: 172.20.0.100 - - [02/Feb/2026:13:30:17 +0000] "GET /d1/197/AUTH_86427565a5b844ad9373a75cd08cf70d/gnocchi.74a7297c-33c1-48b1-8e1c-ef98b732eddc" 200 357 "GET http://localhost:8080/v1/AUTH_86427565a5b844ad9373a75cd08cf70d/gnocchi.74a7297c-33c1-48b1-8e1c-ef98b732eddc?format=json&states=listing" "tx1884f4e995054665b63fc-006980a6e9" "proxy-server 21" 0.0227 "-" 22 0
Feb 2 13:30:17 standalone proxy-server[127335]: 172.18.0.2 ::1 02/Feb/2026/13/30/17 GET /v1/AUTH_86427565a5b844ad9373a75cd08cf70d/gnocchi.74a7297c-33c1-48b1-8e1c-ef98b732eddc%3Fformat%3Djson%26states%3Dlisting HTTP/1.0 200 - python-swiftclient-3.11.1 gAAAAABpgKbLxM7K... - 357 - tx1884f4e995054665b63fc-006980a6e9 - 0.0304 - - 1770039017.654678822 1770039017.685055733 0
Feb 2 13:30:17 standalone container-server[125317]: 172.20.0.100 - - [02/Feb/2026:13:30:17 +0000] "GET /d1/197/AUTH_86427565a5b844ad9373a75cd08cf70d/gnocchi.74a7297c-33c1-48b1-8e1c-ef98b732eddc" 200 2 "GET http://localhost:8080/v1/AUTH_86427565a5b844ad9373a75cd08cf70d/gnocchi.74a7297c-33c1-48b1-8e1c-ef98b732eddc?format=json&marker=none_v3&states=listing" "txd25c9bebcce04e0287d59-006980a6e9" "proxy-server 21" 0.0088 "-" 23 0
Feb 2 13:30:17 standalone proxy-server[127335]: 172.18.0.2 ::1 02/Feb/2026/13/30/17 GET /v1/AUTH_86427565a5b844ad9373a75cd08cf70d/gnocchi.74a7297c-33c1-48b1-8e1c-ef98b732eddc%3Fformat%3Djson%26marker%3Dnone_v3%26states%3Dlisting HTTP/1.0 200 - python-swiftclient-3.11.1 gAAAAABpgKbLxM7K... - 2 - txd25c9bebcce04e0287d59-006980a6e9 - 0.0156 - - 1770039017.688261271 1770039017.703840256 0
Feb 2 13:30:17 standalone object-server[125524]: 172.20.0.100 - - [02/Feb/2026:13:30:17 +0000] "GET /d1/915/AUTH_86427565a5b844ad9373a75cd08cf70d/gnocchi.74a7297c-33c1-48b1-8e1c-ef98b732eddc/1769040000.0_mean_300.0_v3" 200 16 "GET http://localhost:8080/v1/AUTH_86427565a5b844ad9373a75cd08cf70d/gnocchi.74a7297c-33c1-48b1-8e1c-ef98b732eddc/1769040000.0_mean_300.0_v3" "txd3e02970c52f4c7c966b7-006980a6e9" "proxy-server 21" 0.0008 "-" 22 0
Feb 2 13:30:17 standalone proxy-server[127335]: 172.18.0.2 ::1 02/Feb/2026/13/30/17 GET /v1/AUTH_86427565a5b844ad9373a75cd08cf70d/gnocchi.74a7297c-33c1-48b1-8e1c-ef98b732eddc/1769040000.0_mean_300.0_v3 HTTP/1.0 200 - python-swiftclient-3.11.1 gAAAAABpgKbLxM7K... - 16 - txd3e02970c52f4c7c966b7-006980a6e9 - 0.0083 - - 1770039017.707701683 1770039017.716021776 0
Feb 2 13:30:17 standalone container-server[125307]: 172.20.0.100 - - [02/Feb/2026:13:30:17 +0000] "PUT /d1/197/AUTH_86427565a5b844ad9373a75cd08cf70d/gnocchi.74a7297c-33c1-48b1-8e1c-ef98b732eddc/1769040000.0_mean_300.0_v3" 201 - "PUT http://localhost:8080/d1/915/AUTH_86427565a5b844ad9373a75cd08cf70d/gnocchi.74a7297c-33c1-48b1-8e1c-ef98b732eddc/1769040000.0_mean_300.0_v3" "tx721632a350364e169c7c8-006980a6e9" "object-server 24" 0.0006 "-" 20 0
Feb 2 13:30:17 standalone object-server[125541]: 172.20.0.100 - - [02/Feb/2026:13:30:17 +0000] "PUT /d1/915/AUTH_86427565a5b844ad9373a75cd08cf70d/gnocchi.74a7297c-33c1-48b1-8e1c-ef98b732eddc/1769040000.0_mean_300.0_v3" 201 - "PUT http://localhost:8080/v1/AUTH_86427565a5b844ad9373a75cd08cf70d/gnocchi.74a7297c-33c1-48b1-8e1c-ef98b732eddc/1769040000.0_mean_300.0_v3" "tx721632a350364e169c7c8-006980a6e9" "proxy-server 21" 0.0428 "-" 24 0
Feb 2 13:30:17 standalone proxy-server[127335]: 172.18.0.2 ::1 02/Feb/2026/13/30/17 PUT /v1/AUTH_86427565a5b844ad9373a75cd08cf70d/gnocchi.74a7297c-33c1-48b1-8e1c-ef98b732eddc/1769040000.0_mean_300.0_v3 HTTP/1.0 201 - python-swiftclient-3.11.1 gAAAAABpgKbLxM7K... 16 - - tx721632a350364e169c7c8-006980a6e9 - 0.0486 - - 1770039017.719347477 1770039017.767901659 0
Feb 2 13:30:17 standalone container-server[125317]: 172.20.0.100 - - [02/Feb/2026:13:30:17 +0000] "PUT /d1/197/AUTH_86427565a5b844ad9373a75cd08cf70d/gnocchi.74a7297c-33c1-48b1-8e1c-ef98b732eddc/none_v3" 201 - "PUT http://localhost:8080/d1/386/AUTH_86427565a5b844ad9373a75cd08cf70d/gnocchi.74a7297c-33c1-48b1-8e1c-ef98b732eddc/none_v3" "txdff7cfe9776f411596f89-006980a6e9" "object-server 22" 0.0010 "-" 23 0
Feb 2 13:30:17 standalone object-server[125524]: 172.20.0.100 - - [02/Feb/2026:13:30:17 +0000] "PUT /d1/386/AUTH_86427565a5b844ad9373a75cd08cf70d/gnocchi.74a7297c-33c1-48b1-8e1c-ef98b732eddc/none_v3" 201 - "PUT http://localhost:8080/v1/AUTH_86427565a5b844ad9373a75cd08cf70d/gnocchi.74a7297c-33c1-48b1-8e1c-ef98b732eddc/none_v3" "txdff7cfe9776f411596f89-006980a6e9" "proxy-server 21" 0.0349 "-" 22 0
Feb 2 13:30:17 standalone proxy-server[127335]: 172.18.0.2 ::1 02/Feb/2026/13/30/17 PUT /v1/AUTH_86427565a5b844ad9373a75cd08cf70d/gnocchi.74a7297c-33c1-48b1-8e1c-ef98b732eddc/none_v3 HTTP/1.0 201 - python-swiftclient-3.11.1 gAAAAABpgKbLxM7K... 32 - - txdff7cfe9776f411596f89-006980a6e9 - 0.0405 - - 1770039017.771300077 1770039017.811839342 0
Feb 2 13:30:49 standalone account-server[125119]: 172.20.0.100 - - [02/Feb/2026:13:30:49 +0000] "HEAD /d1/882/AUTH_86427565a5b844ad9373a75cd08cf70d" 204 - "HEAD http://localhost:8080/v1/AUTH_86427565a5b844ad9373a75cd08cf70d?format=json" "tx0127031980964c1fa5f59-006980a709" "proxy-server 21" 0.0052 "-" 22 -
Feb 2 13:30:49 standalone proxy-server[127335]: - - 02/Feb/2026/13/30/49 HEAD /v1/AUTH_86427565a5b844ad9373a75cd08cf70d%3Fformat%3Djson HTTP/1.0 204 - Swift - - - - tx0127031980964c1fa5f59-006980a709 - 0.0103 RL - 1770039049.825303793 1770039049.835586548 -
Feb 2 13:30:49 standalone container-server[125317]: 172.20.0.100 - - [02/Feb/2026:13:30:49 +0000] "HEAD /d1/1001/AUTH_86427565a5b844ad9373a75cd08cf70d/glance" 204 - "HEAD http://localhost:8080/v1/AUTH_86427565a5b844ad9373a75cd08cf70d/glance?format=json&states=listing" "tx0127031980964c1fa5f59-006980a709" "proxy-server 21" 0.0115 "-" 23 0
Feb 2 13:30:49 standalone object-server[125534]: 172.20.0.100 - - [02/Feb/2026:13:30:49 +0000] "GET /d1/696/AUTH_86427565a5b844ad9373a75cd08cf70d/glance/006faae1-3c87-4a9c-b129-8727103f2073" 200 - "GET http://localhost:8080/v1/AUTH_86427565a5b844ad9373a75cd08cf70d/glance/006faae1-3c87-4a9c-b129-8727103f2073" "tx0127031980964c1fa5f59-006980a709" "proxy-server 21" 0.0009 "-" 23 0
Feb 2 13:30:49 standalone container-server[125317]: 172.20.0.100 - - [02/Feb/2026:13:30:49 +0000] "GET /d1/1001/AUTH_86427565a5b844ad9373a75cd08cf70d/glance" 200 210 "GET http://localhost:8080/v1/AUTH_86427565a5b844ad9373a75cd08cf70d/glance?prefix=006faae1-3c87-4a9c-b129-8727103f2073-&format=json&states=listing" "tx0127031980964c1fa5f59-006980a709" "proxy-server 21" 0.0041 "-" 23 0
Feb 2 13:30:49 standalone proxy-server[127335]: - - 02/Feb/2026/13/30/49 GET /v1/AUTH_86427565a5b844ad9373a75cd08cf70d/glance%3Fprefix%3D006faae1-3c87-4a9c-b129-8727103f2073-%26format%3Djson%26states%3Dlisting HTTP/1.0 200 - python-swiftclient-3.11.1%20DLO%20MultipartGET gAAAAABpgKcJh-Eu... - 210 - tx0127031980964c1fa5f59-006980a709 - 0.0076 DLO - 1770039049.918975830 1770039049.926527500 0
Feb 2 13:30:49 standalone object-server[125524]: 172.20.0.100 - - [02/Feb/2026:13:30:49 +0000] "GET /d1/565/AUTH_86427565a5b844ad9373a75cd08cf70d/glance/006faae1-3c87-4a9c-b129-8727103f2073-00001" 200 21692416 "GET http://localhost:8080/v1/AUTH_86427565a5b844ad9373a75cd08cf70d/glance/006faae1-3c87-4a9c-b129-8727103f2073-00001?multipart-manifest=get" "tx0127031980964c1fa5f59-006980a709" "proxy-server 21" 0.0008 "-" 22 0
Feb 2 13:30:50 standalone proxy-server[127335]: - - 02/Feb/2026/13/30/50 GET /v1/AUTH_86427565a5b844ad9373a75cd08cf70d/glance/006faae1-3c87-4a9c-b129-8727103f2073-00001%3Fmultipart-manifest%3Dget HTTP/1.0 200 - python-swiftclient-3.11.1%20%20DLO%20MultipartGET gAAAAABpgKcJh-Eu... - 21692416 - tx0127031980964c1fa5f59-006980a709 - 0.1183 DLO - 1770039049.927085400 1770039050.045413494 0
Feb 2 13:30:50 standalone proxy-server[127335]: 172.18.0.2 ::1 02/Feb/2026/13/30/50 GET /v1/AUTH_86427565a5b844ad9373a75cd08cf70d/glance/006faae1-3c87-4a9c-b129-8727103f2073 HTTP/1.0 200 - python-swiftclient-3.11.1 gAAAAABpgKcJh-Eu... - 21692416 - tx0127031980964c1fa5f59-006980a709 - 0.2215 - - 1770039049.824436426 1770039050.045958519 0
Feb 2 13:30:50 standalone container-server[125317]: 172.20.0.100 - - [02/Feb/2026:13:30:50 +0000] "HEAD /d1/340/AUTH_86427565a5b844ad9373a75cd08cf70d/gnocchi.58745e71-ea93-4139-a821-5429b3c78dc5" 404 - "HEAD http://localhost:8080/v1/AUTH_86427565a5b844ad9373a75cd08cf70d/gnocchi.58745e71-ea93-4139-a821-5429b3c78dc5?format=json&states=listing" "tx8ea774524ec3455eac449-006980a70a" "proxy-server 21" 0.0004 "-" 23 0
Feb 2 13:30:50 standalone object-server[125524]: 172.20.0.100 - - [02/Feb/2026:13:30:50 +0000] "GET /d1/141/AUTH_86427565a5b844ad9373a75cd08cf70d/gnocchi.58745e71-ea93-4139-a821-5429b3c78dc5/none_v3" 404 70 "GET http://localhost:8080/v1/AUTH_86427565a5b844ad9373a75cd08cf70d/gnocchi.58745e71-ea93-4139-a821-5429b3c78dc5/none_v3" "tx8ea774524ec3455eac449-006980a70a" "proxy-server 21" 0.0004 "-" 22 0
Feb 2 13:30:50 standalone proxy-server[127335]: 172.18.0.2 ::1 02/Feb/2026/13/30/50 GET /v1/AUTH_86427565a5b844ad9373a75cd08cf70d/gnocchi.58745e71-ea93-4139-a821-5429b3c78dc5/none_v3 HTTP/1.0 404 - python-swiftclient-3.11.1 gAAAAABpgKbLxM7K... - 70 - tx8ea774524ec3455eac449-006980a70a - 0.0097 - - 1770039050.396120548 1770039050.405837774 0
Feb 2 13:30:50 standalone account-server[125107]: 172.20.0.100 - - [02/Feb/2026:13:30:50 +0000] "PUT /d1/882/AUTH_86427565a5b844ad9373a75cd08cf70d/gnocchi.58745e71-ea93-4139-a821-5429b3c78dc5" 201 - "PUT http://172.20.0.100:6001/d1/340/AUTH_86427565a5b844ad9373a75cd08cf70d/gnocchi.58745e71-ea93-4139-a821-5429b3c78dc5" "tx4abc92a37b5d4d37b371d-006980a70a" "container-server 21" 0.0033 "-" 21 0
Feb 2 13:30:50 standalone container-server[125308]: 172.20.0.100 - - [02/Feb/2026:13:30:50 +0000] "PUT /d1/340/AUTH_86427565a5b844ad9373a75cd08cf70d/gnocchi.58745e71-ea93-4139-a821-5429b3c78dc5" 201 - "PUT http://localhost:8080/v1/AUTH_86427565a5b844ad9373a75cd08cf70d/gnocchi.58745e71-ea93-4139-a821-5429b3c78dc5" "tx4abc92a37b5d4d37b371d-006980a70a" "proxy-server 21" 0.0257 "-" 21 0
Feb 2 13:30:50 standalone proxy-server[127335]: 172.18.0.2 ::1 02/Feb/2026/13/30/50 PUT /v1/AUTH_86427565a5b844ad9373a75cd08cf70d/gnocchi.58745e71-ea93-4139-a821-5429b3c78dc5 HTTP/1.0 201 - python-swiftclient-3.11.1 gAAAAABpgKbLxM7K... - - - tx4abc92a37b5d4d37b371d-006980a70a - 0.0311 - - 1770039050.409680605 1770039050.440764666 0
Feb 2 13:30:50 standalone container-server[125307]: 172.20.0.100 - - [02/Feb/2026:13:30:50 +0000] "HEAD /d1/340/AUTH_86427565a5b844ad9373a75cd08cf70d/gnocchi.58745e71-ea93-4139-a821-5429b3c78dc5" 204 - "HEAD http://localhost:8080/v1/AUTH_86427565a5b844ad9373a75cd08cf70d/gnocchi.58745e71-ea93-4139-a821-5429b3c78dc5?format=json&states=listing" "txa3f6bdbbe5db49218d9ae-006980a70a" "proxy-server 21" 0.0023 "-" 20 0
Feb 2 13:30:50 standalone proxy-server[127335]: - - 02/Feb/2026/13/30/50 HEAD /v1/AUTH_86427565a5b844ad9373a75cd08cf70d/gnocchi.58745e71-ea93-4139-a821-5429b3c78dc5%3Fformat%3Djson%26states%3Dlisting HTTP/1.0 204 - Swift - - - - txa3f6bdbbe5db49218d9ae-006980a70a - 0.0080 RL - 1770039050.447473526 1770039050.455503702 0
Feb 2 13:30:50 standalone container-server[125311]: 172.20.0.100 - - [02/Feb/2026:13:30:50 +0000] "GET /d1/340/AUTH_86427565a5b844ad9373a75cd08cf70d/gnocchi.58745e71-ea93-4139-a821-5429b3c78dc5" 200 2 "GET http://localhost:8080/v1/AUTH_86427565a5b844ad9373a75cd08cf70d/gnocchi.58745e71-ea93-4139-a821-5429b3c78dc5?format=json&states=listing" "txa3f6bdbbe5db49218d9ae-006980a70a" "proxy-server 21" 0.0033 "-" 22 0
Feb 2 13:30:50 standalone proxy-server[127335]: 172.18.0.2 ::1 02/Feb/2026/13/30/50 GET /v1/AUTH_86427565a5b844ad9373a75cd08cf70d/gnocchi.58745e71-ea93-4139-a821-5429b3c78dc5%3Fformat%3Djson%26states%3Dlisting HTTP/1.0 200 - python-swiftclient-3.11.1 gAAAAABpgKbLxM7K... - 2 - txa3f6bdbbe5db49218d9ae-006980a70a - 0.0227 - - 1770039050.445834398 1770039050.468571663 0
Feb 2 13:30:50 standalone object-server[125524]: 172.20.0.100 - - [02/Feb/2026:13:30:50 +0000] "GET /d1/950/AUTH_86427565a5b844ad9373a75cd08cf70d/gnocchi.58745e71-ea93-4139-a821-5429b3c78dc5/1769040000.0_mean_300.0_v3" 404 70 "GET http://localhost:8080/v1/AUTH_86427565a5b844ad9373a75cd08cf70d/gnocchi.58745e71-ea93-4139-a821-5429b3c78dc5/1769040000.0_mean_300.0_v3" "tx4e60992b02c7426891e55-006980a70a" "proxy-server 21" 0.0003 "-" 22 0
Feb 2 13:30:50 standalone proxy-server[127335]: 172.18.0.2 ::1 02/Feb/2026/13/30/50 GET /v1/AUTH_86427565a5b844ad9373a75cd08cf70d/gnocchi.58745e71-ea93-4139-a821-5429b3c78dc5/1769040000.0_mean_300.0_v3 HTTP/1.0 404 - python-swiftclient-3.11.1 gAAAAABpgKbLxM7K... - 70 - tx4e60992b02c7426891e55-006980a70a - 0.0053 - - 1770039050.472924232 1770039050.478245020 0
Feb 2 13:30:50 standalone container-server[125311]: 172.20.0.100 - - [02/Feb/2026:13:30:50 +0000] "PUT /d1/340/AUTH_86427565a5b844ad9373a75cd08cf70d/gnocchi.58745e71-ea93-4139-a821-5429b3c78dc5/1769040000.0_mean_300.0_v3" 201 - "PUT http://localhost:8080/d1/950/AUTH_86427565a5b844ad9373a75cd08cf70d/gnocchi.58745e71-ea93-4139-a821-5429b3c78dc5/1769040000.0_mean_300.0_v3" "tx70d3599e981742cfb5dfa-006980a70a" "object-server 24" 0.0008 "-" 22 0
Feb 2 13:30:50 standalone object-server[125541]: 172.20.0.100 - - [02/Feb/2026:13:30:50 +0000] "PUT /d1/950/AUTH_86427565a5b844ad9373a75cd08cf70d/gnocchi.58745e71-ea93-4139-a821-5429b3c78dc5/1769040000.0_mean_300.0_v3" 201 - "PUT http://localhost:8080/v1/AUTH_86427565a5b844ad9373a75cd08cf70d/gnocchi.58745e71-ea93-4139-a821-5429b3c78dc5/1769040000.0_mean_300.0_v3" "tx70d3599e981742cfb5dfa-006980a70a" "proxy-server 21" 0.0102 "-" 24 0
Feb 2 13:30:50 standalone proxy-server[127335]: 172.18.0.2 ::1 02/Feb/2026/13/30/50 PUT /v1/AUTH_86427565a5b844ad9373a75cd08cf70d/gnocchi.58745e71-ea93-4139-a821-5429b3c78dc5/1769040000.0_mean_300.0_v3 HTTP/1.0 201 - python-swiftclient-3.11.1 gAAAAABpgKbLxM7K... 16 - - tx70d3599e981742cfb5dfa-006980a70a - 0.0159 - - 1770039050.481561899 1770039050.497501612 0
Feb 2 13:30:50 standalone container-server[125307]: 172.20.0.100 - - [02/Feb/2026:13:30:50 +0000] "PUT /d1/340/AUTH_86427565a5b844ad9373a75cd08cf70d/gnocchi.58745e71-ea93-4139-a821-5429b3c78dc5/none_v3" 201 - "PUT http://localhost:8080/d1/141/AUTH_86427565a5b844ad9373a75cd08cf70d/gnocchi.58745e71-ea93-4139-a821-5429b3c78dc5/none_v3" "txece9461490de464bb4239-006980a70a" "object-server 23" 0.0006 "-" 20 0
Feb 2 13:30:50 standalone object-server[125534]: 172.20.0.100 - - [02/Feb/2026:13:30:50 +0000] "PUT /d1/141/AUTH_86427565a5b844ad9373a75cd08cf70d/gnocchi.58745e71-ea93-4139-a821-5429b3c78dc5/none_v3" 201 - "PUT http://localhost:8080/v1/AUTH_86427565a5b844ad9373a75cd08cf70d/gnocchi.58745e71-ea93-4139-a821-5429b3c78dc5/none_v3" "txece9461490de464bb4239-006980a70a" "proxy-server 21" 0.0087 "-" 23 0
Feb 2 13:30:50 standalone proxy-server[127335]: 172.18.0.2 ::1 02/Feb/2026/13/30/50 PUT /v1/AUTH_86427565a5b844ad9373a75cd08cf70d/gnocchi.58745e71-ea93-4139-a821-5429b3c78dc5/none_v3 HTTP/1.0 201 - python-swiftclient-3.11.1 gAAAAABpgKbLxM7K... 22 - - txece9461490de464bb4239-006980a70a - 0.0147 - - 1770039050.500570536 1770039050.515275478 0
Feb 2 13:30:50 standalone container-server[125307]: 172.20.0.100 - - [02/Feb/2026:13:30:50 +0000] "HEAD /d1/123/AUTH_86427565a5b844ad9373a75cd08cf70d/gnocchi.107cbf76-3ffa-4934-9e93-1f2592e96f13" 404 - "HEAD http://localhost:8080/v1/AUTH_86427565a5b844ad9373a75cd08cf70d/gnocchi.107cbf76-3ffa-4934-9e93-1f2592e96f13?format=json&states=listing" "tx1f4d13bb935d4bf9a678d-006980a70a" "proxy-server 21" 0.0004 "-" 20 0
Feb 2 13:30:50 standalone object-server[125541]: 172.20.0.100 - - [02/Feb/2026:13:30:50 +0000] "GET /d1/833/AUTH_86427565a5b844ad9373a75cd08cf70d/gnocchi.107cbf76-3ffa-4934-9e93-1f2592e96f13/none_v3" 404 70 "GET http://localhost:8080/v1/AUTH_86427565a5b844ad9373a75cd08cf70d/gnocchi.107cbf76-3ffa-4934-9e93-1f2592e96f13/none_v3" "tx1f4d13bb935d4bf9a678d-006980a70a" "proxy-server 21" 0.0004 "-" 24 0
Feb 2 13:30:50 standalone proxy-server[127335]: 172.18.0.2 ::1 02/Feb/2026/13/30/50 GET /v1/AUTH_86427565a5b844ad9373a75cd08cf70d/gnocchi.107cbf76-3ffa-4934-9e93-1f2592e96f13/none_v3 HTTP/1.0 404 - python-swiftclient-3.11.1 gAAAAABpgKbLxM7K... - 70 - tx1f4d13bb935d4bf9a678d-006980a70a - 0.0095 - - 1770039050.525620222 1770039050.535111666 0
Feb 2 13:30:50 standalone account-server[125087]: 172.20.0.100 - - [02/Feb/2026:13:30:50 +0000] "PUT /d1/882/AUTH_86427565a5b844ad9373a75cd08cf70d/gnocchi.107cbf76-3ffa-4934-9e93-1f2592e96f13" 201 - "PUT http://172.20.0.100:6001/d1/123/AUTH_86427565a5b844ad9373a75cd08cf70d/gnocchi.107cbf76-3ffa-4934-9e93-1f2592e96f13" "txdbdef100be314747b3100-006980a70a" "container-server 22" 0.0073 "-" 20 0
Feb 2 13:30:50 standalone container-server[125311]: 172.20.0.100 - - [02/Feb/2026:13:30:50 +0000] "PUT /d1/123/AUTH_86427565a5b844ad9373a75cd08cf70d/gnocchi.107cbf76-3ffa-4934-9e93-1f2592e96f13" 201 - "PUT http://localhost:8080/v1/AUTH_86427565a5b844ad9373a75cd08cf70d/gnocchi.107cbf76-3ffa-4934-9e93-1f2592e96f13" "txdbdef100be314747b3100-006980a70a" "proxy-server 21" 0.0189 "-" 22 0
Feb 2 13:30:50 standalone proxy-server[127335]: 172.18.0.2 ::1 02/Feb/2026/13/30/50 PUT /v1/AUTH_86427565a5b844ad9373a75cd08cf70d/gnocchi.107cbf76-3ffa-4934-9e93-1f2592e96f13 HTTP/1.0 201 - python-swiftclient-3.11.1 gAAAAABpgKbLxM7K... - - - txdbdef100be314747b3100-006980a70a - 0.0277 - - 1770039050.538148642 1770039050.565880775 0
Feb 2 13:30:50 standalone container-server[125308]: 172.20.0.100 - - [02/Feb/2026:13:30:50 +0000] "HEAD /d1/123/AUTH_86427565a5b844ad9373a75cd08cf70d/gnocchi.107cbf76-3ffa-4934-9e93-1f2592e96f13" 204 - "HEAD http://localhost:8080/v1/AUTH_86427565a5b844ad9373a75cd08cf70d/gnocchi.107cbf76-3ffa-4934-9e93-1f2592e96f13?format=json&states=listing" "tx5b1149f80eb140bcb90c2-006980a70a" "proxy-server 21" 0.0015 "-" 21 0
Feb 2 13:30:50 standalone proxy-server[127335]: - - 02/Feb/2026/13/30/50 HEAD /v1/AUTH_86427565a5b844ad9373a75cd08cf70d/gnocchi.107cbf76-3ffa-4934-9e93-1f2592e96f13%3Fformat%3Djson%26states%3Dlisting HTTP/1.0 204 - Swift - - - - tx5b1149f80eb140bcb90c2-006980a70a - 0.0059 RL - 1770039050.577448368 1770039050.583325863 0
Feb 2 13:30:50 standalone container-server[125308]: 172.20.0.100 - - [02/Feb/2026:13:30:50 +0000] "GET /d1/123/AUTH_86427565a5b844ad9373a75cd08cf70d/gnocchi.107cbf76-3ffa-4934-9e93-1f2592e96f13" 200 2 "GET http://localhost:8080/v1/AUTH_86427565a5b844ad9373a75cd08cf70d/gnocchi.107cbf76-3ffa-4934-9e93-1f2592e96f13?format=json&states=listing" "tx5b1149f80eb140bcb90c2-006980a70a" "proxy-server 21" 0.0023 "-" 21 0
Feb 2 13:30:50 standalone proxy-server[127335]: 172.18.0.2 ::1 02/Feb/2026/13/30/50 GET /v1/AUTH_86427565a5b844ad9373a75cd08cf70d/gnocchi.107cbf76-3ffa-4934-9e93-1f2592e96f13%3Fformat%3Djson%26states%3Dlisting HTTP/1.0 200 - python-swiftclient-3.11.1 gAAAAABpgKbLxM7K... - 2 - tx5b1149f80eb140bcb90c2-006980a70a - 0.0168 - - 1770039050.575433493 1770039050.592247486 0
Feb 2 13:30:50 standalone object-server[125524]: 172.20.0.100 - - [02/Feb/2026:13:30:50 +0000] "GET /d1/1006/AUTH_86427565a5b844ad9373a75cd08cf70d/gnocchi.107cbf76-3ffa-4934-9e93-1f2592e96f13/1769040000.0_mean_300.0_v3" 404 70 "GET http://localhost:8080/v1/AUTH_86427565a5b844ad9373a75cd08cf70d/gnocchi.107cbf76-3ffa-4934-9e93-1f2592e96f13/1769040000.0_mean_300.0_v3" "txfe7e323f977b4151a66dc-006980a70a" "proxy-server 21" 0.0003 "-" 22 0
Feb 2 13:30:50 standalone proxy-server[127335]: 172.18.0.2 ::1 02/Feb/2026/13/30/50 GET /v1/AUTH_86427565a5b844ad9373a75cd08cf70d/gnocchi.107cbf76-3ffa-4934-9e93-1f2592e96f13/1769040000.0_mean_300.0_v3 HTTP/1.0 404 - python-swiftclient-3.11.1 gAAAAABpgKbLxM7K... - 70 - txfe7e323f977b4151a66dc-006980a70a - 0.0078 - - 1770039050.599043846 1770039050.606797218 0
Feb 2 13:30:50 standalone container-server[125317]: 172.20.0.100 - - [02/Feb/2026:13:30:50 +0000] "PUT /d1/123/AUTH_86427565a5b844ad9373a75cd08cf70d/gnocchi.107cbf76-3ffa-4934-9e93-1f2592e96f13/1769040000.0_mean_300.0_v3" 201 - "PUT http://localhost:8080/d1/1006/AUTH_86427565a5b844ad9373a75cd08cf70d/gnocchi.107cbf76-3ffa-4934-9e93-1f2592e96f13/1769040000.0_mean_300.0_v3" "tx5a9589a0865c4f988765a-006980a70a" "object-server 25" 0.0009 "-" 23 0
Feb 2 13:30:50 standalone object-server[125544]: 172.20.0.100 - - [02/Feb/2026:13:30:50 +0000] "PUT /d1/1006/AUTH_86427565a5b844ad9373a75cd08cf70d/gnocchi.107cbf76-3ffa-4934-9e93-1f2592e96f13/1769040000.0_mean_300.0_v3" 201 - "PUT http://localhost:8080/v1/AUTH_86427565a5b844ad9373a75cd08cf70d/gnocchi.107cbf76-3ffa-4934-9e93-1f2592e96f13/1769040000.0_mean_300.0_v3" "tx5a9589a0865c4f988765a-006980a70a" "proxy-server 21" 0.0474 "-" 25 0
Feb 2 13:30:50 standalone proxy-server[127335]: 172.18.0.2 ::1 02/Feb/2026/13/30/50 PUT /v1/AUTH_86427565a5b844ad9373a75cd08cf70d/gnocchi.107cbf76-3ffa-4934-9e93-1f2592e96f13/1769040000.0_mean_300.0_v3 HTTP/1.0 201 - python-swiftclient-3.11.1 gAAAAABpgKbLxM7K... 16 - - tx5a9589a0865c4f988765a-006980a70a - 0.0571 - - 1770039050.611094475 1770039050.668194532 0
Feb 2 13:30:50 standalone container-server[125307]: 172.20.0.100 - - [02/Feb/2026:13:30:50 +0000] "PUT /d1/123/AUTH_86427565a5b844ad9373a75cd08cf70d/gnocchi.107cbf76-3ffa-4934-9e93-1f2592e96f13/none_v3" 201 - "PUT http://localhost:8080/d1/833/AUTH_86427565a5b844ad9373a75cd08cf70d/gnocchi.107cbf76-3ffa-4934-9e93-1f2592e96f13/none_v3" "txb789f1ca880e4c0a9f093-006980a70a" "object-server 25" 0.0009 "-" 20 0
Feb 2 13:30:50 standalone object-server[125544]: 172.20.0.100 - - [02/Feb/2026:13:30:50 +0000] "PUT /d1/833/AUTH_86427565a5b844ad9373a75cd08cf70d/gnocchi.107cbf76-3ffa-4934-9e93-1f2592e96f13/none_v3" 201 - "PUT http://localhost:8080/v1/AUTH_86427565a5b844ad9373a75cd08cf70d/gnocchi.107cbf76-3ffa-4934-9e93-1f2592e96f13/none_v3" "txb789f1ca880e4c0a9f093-006980a70a" "proxy-server 21" 0.0210 "-" 25 0
Feb 2 13:30:50 standalone proxy-server[127335]: 172.18.0.2 ::1 02/Feb/2026/13/30/50 PUT /v1/AUTH_86427565a5b844ad9373a75cd08cf70d/gnocchi.107cbf76-3ffa-4934-9e93-1f2592e96f13/none_v3 HTTP/1.0 201 - python-swiftclient-3.11.1 gAAAAABpgKbLxM7K... 22 - - txb789f1ca880e4c0a9f093-006980a70a - 0.0314 - - 1770039050.675705194 1770039050.707106352 0
Feb 2 13:30:55 standalone container-server[125311]: 172.20.0.100 - - [02/Feb/2026:13:30:55 +0000] "HEAD /d1/955/AUTH_86427565a5b844ad9373a75cd08cf70d/gnocchi.bd840711-76a9-495a-bbeb-f1f844c1fc31" 404 - "HEAD http://localhost:8080/v1/AUTH_86427565a5b844ad9373a75cd08cf70d/gnocchi.bd840711-76a9-495a-bbeb-f1f844c1fc31?format=json&states=listing" "tx5e1804aa2e27453e8834a-006980a70f" "proxy-server 21" 0.0011 "-" 22 0
Feb 2 13:30:55 standalone object-server[125544]: 172.20.0.100 - - [02/Feb/2026:13:30:55 +0000] "GET /d1/1007/AUTH_86427565a5b844ad9373a75cd08cf70d/gnocchi.bd840711-76a9-495a-bbeb-f1f844c1fc31/none_v3" 404 70 "GET http://localhost:8080/v1/AUTH_86427565a5b844ad9373a75cd08cf70d/gnocchi.bd840711-76a9-495a-bbeb-f1f844c1fc31/none_v3" "tx5e1804aa2e27453e8834a-006980a70f" "proxy-server 21" 0.0008 "-" 25 0
Feb 2 13:30:55 standalone proxy-server[127335]: 172.18.0.2 ::1 02/Feb/2026/13/30/55 GET /v1/AUTH_86427565a5b844ad9373a75cd08cf70d/gnocchi.bd840711-76a9-495a-bbeb-f1f844c1fc31/none_v3 HTTP/1.0 404 - python-swiftclient-3.11.1 gAAAAABpgKbLxM7K... - 70 - tx5e1804aa2e27453e8834a-006980a70f - 0.0147 - - 1770039055.812073946 1770039055.826809883 0
Feb 2 13:30:55 standalone account-server[125087]: 172.20.0.100 - - [02/Feb/2026:13:30:55 +0000] "PUT /d1/882/AUTH_86427565a5b844ad9373a75cd08cf70d/gnocchi.bd840711-76a9-495a-bbeb-f1f844c1fc31" 201 - "PUT http://172.20.0.100:6001/d1/955/AUTH_86427565a5b844ad9373a75cd08cf70d/gnocchi.bd840711-76a9-495a-bbeb-f1f844c1fc31" "tx14b3fd5b3efc438ca0859-006980a70f" "container-server 22" 0.0055 "-" 20 0
Feb 2 13:30:55 standalone container-server[125311]: 172.20.0.100 - - [02/Feb/2026:13:30:55 +0000] "PUT /d1/955/AUTH_86427565a5b844ad9373a75cd08cf70d/gnocchi.bd840711-76a9-495a-bbeb-f1f844c1fc31" 201 - "PUT http://localhost:8080/v1/AUTH_86427565a5b844ad9373a75cd08cf70d/gnocchi.bd840711-76a9-495a-bbeb-f1f844c1fc31" "tx14b3fd5b3efc438ca0859-006980a70f" "proxy-server 21" 0.0284 "-" 22 0
Feb 2 13:30:55 standalone proxy-server[127335]: 172.18.0.2 ::1 02/Feb/2026/13/30/55 PUT /v1/AUTH_86427565a5b844ad9373a75cd08cf70d/gnocchi.bd840711-76a9-495a-bbeb-f1f844c1fc31 HTTP/1.0 201 - python-swiftclient-3.11.1 gAAAAABpgKbLxM7K... - - - tx14b3fd5b3efc438ca0859-006980a70f - 0.0350 - - 1770039055.860129833 1770039055.895097017 0
Feb 2 13:30:55 standalone container-server[125311]: 172.20.0.100 - - [02/Feb/2026:13:30:55 +0000] "HEAD /d1/955/AUTH_86427565a5b844ad9373a75cd08cf70d/gnocchi.bd840711-76a9-495a-bbeb-f1f844c1fc31" 204 - "HEAD http://localhost:8080/v1/AUTH_86427565a5b844ad9373a75cd08cf70d/gnocchi.bd840711-76a9-495a-bbeb-f1f844c1fc31?format=json&states=listing" "txf016b525eeba4617827da-006980a70f" "proxy-server 21" 0.0027 "-" 22 0
Feb 2 13:30:55 standalone proxy-server[127335]: - - 02/Feb/2026/13/30/55 HEAD /v1/AUTH_86427565a5b844ad9373a75cd08cf70d/gnocchi.bd840711-76a9-495a-bbeb-f1f844c1fc31%3Fformat%3Djson%26states%3Dlisting HTTP/1.0 204 - Swift - - - - txf016b525eeba4617827da-006980a70f - 0.0069 RL - 1770039055.902595758 1770039055.909453869 0
