Feb 2 13:33:05 standalone proxy-server[127335]: 172.18.0.2 ::1 02/Feb/2026/13/33/05 GET /v1/AUTH_86427565a5b844ad9373a75cd08cf70d/gnocchi.0a1cc01a-3425-41b1-83d6-15bf425116f6%3Fformat%3Djson%26states%3Dlisting HTTP/1.0 200 - python-swiftclient-3.11.1 gAAAAABpgKbLxM7K... - 2 - tx331fcd8c0da24173a02d9-006980a791 - 0.0110 - - 1770039185.737535954 1770039185.748566866 0
Feb 2 13:33:05 standalone object-server[125524]: 172.20.0.100 - - [02/Feb/2026:13:33:05 +0000] "GET /d1/238/AUTH_86427565a5b844ad9373a75cd08cf70d/gnocchi.0a1cc01a-3425-41b1-83d6-15bf425116f6/1769040000.0_mean_300.0_v3" 404 70 "GET http://localhost:8080/v1/AUTH_86427565a5b844ad9373a75cd08cf70d/gnocchi.0a1cc01a-3425-41b1-83d6-15bf425116f6/1769040000.0_mean_300.0_v3" "txdbcd595443ad4cc3ad41a-006980a791" "proxy-server 21" 0.0003 "-" 22 0
Feb 2 13:33:05 standalone proxy-server[127335]: 172.18.0.2 ::1 02/Feb/2026/13/33/05 GET /v1/AUTH_86427565a5b844ad9373a75cd08cf70d/gnocchi.0a1cc01a-3425-41b1-83d6-15bf425116f6/1769040000.0_mean_300.0_v3 HTTP/1.0 404 - python-swiftclient-3.11.1 gAAAAABpgKbLxM7K... - 70 - txdbcd595443ad4cc3ad41a-006980a791 - 0.0043 - - 1770039185.753408909 1770039185.757704020 0
Feb 2 13:33:05 standalone container-server[125311]: 172.20.0.100 - - [02/Feb/2026:13:33:05 +0000] "PUT /d1/704/AUTH_86427565a5b844ad9373a75cd08cf70d/gnocchi.0a1cc01a-3425-41b1-83d6-15bf425116f6/1769040000.0_mean_300.0_v3" 201 - "PUT http://localhost:8080/d1/238/AUTH_86427565a5b844ad9373a75cd08cf70d/gnocchi.0a1cc01a-3425-41b1-83d6-15bf425116f6/1769040000.0_mean_300.0_v3" "tx72c2ee7f44c548b393afa-006980a791" "object-server 23" 0.0006 "-" 22 0
Feb 2 13:33:05 standalone object-server[125534]: 172.20.0.100 - - [02/Feb/2026:13:33:05 +0000] "PUT /d1/238/AUTH_86427565a5b844ad9373a75cd08cf70d/gnocchi.0a1cc01a-3425-41b1-83d6-15bf425116f6/1769040000.0_mean_300.0_v3" 201 - "PUT http://localhost:8080/v1/AUTH_86427565a5b844ad9373a75cd08cf70d/gnocchi.0a1cc01a-3425-41b1-83d6-15bf425116f6/1769040000.0_mean_300.0_v3" "tx72c2ee7f44c548b393afa-006980a791" "proxy-server 21" 0.0082 "-" 23 0
Feb 2 13:33:05 standalone proxy-server[127335]: 172.18.0.2 ::1 02/Feb/2026/13/33/05 PUT /v1/AUTH_86427565a5b844ad9373a75cd08cf70d/gnocchi.0a1cc01a-3425-41b1-83d6-15bf425116f6/1769040000.0_mean_300.0_v3 HTTP/1.0 201 - python-swiftclient-3.11.1 gAAAAABpgKbLxM7K... 16 - - tx72c2ee7f44c548b393afa-006980a791 - 0.0135 - - 1770039185.760806561 1770039185.774267912 0
Feb 2 13:33:05 standalone container-server[125308]: 172.20.0.100 - - [02/Feb/2026:13:33:05 +0000] "PUT /d1/704/AUTH_86427565a5b844ad9373a75cd08cf70d/gnocchi.0a1cc01a-3425-41b1-83d6-15bf425116f6/none_v3" 201 - "PUT http://localhost:8080/d1/89/AUTH_86427565a5b844ad9373a75cd08cf70d/gnocchi.0a1cc01a-3425-41b1-83d6-15bf425116f6/none_v3" "tx0d3f94c72b244215a2f7b-006980a791" "object-server 22" 0.0005 "-" 21 0
Feb 2 13:33:05 standalone object-server[125524]: 172.20.0.100 - - [02/Feb/2026:13:33:05 +0000] "PUT /d1/89/AUTH_86427565a5b844ad9373a75cd08cf70d/gnocchi.0a1cc01a-3425-41b1-83d6-15bf425116f6/none_v3" 201 - "PUT http://localhost:8080/v1/AUTH_86427565a5b844ad9373a75cd08cf70d/gnocchi.0a1cc01a-3425-41b1-83d6-15bf425116f6/none_v3" "tx0d3f94c72b244215a2f7b-006980a791" "proxy-server 21" 0.0072 "-" 22 0
Feb 2 13:33:05 standalone proxy-server[127335]: 172.18.0.2 ::1 02/Feb/2026/13/33/05 PUT /v1/AUTH_86427565a5b844ad9373a75cd08cf70d/gnocchi.0a1cc01a-3425-41b1-83d6-15bf425116f6/none_v3 HTTP/1.0 201 - python-swiftclient-3.11.1 gAAAAABpgKbLxM7K... 22 - - tx0d3f94c72b244215a2f7b-006980a791 - 0.0123 - - 1770039185.777848482 1770039185.790107965 0
Feb 2 13:33:05 standalone container-server[125308]: 172.20.0.100 - - [02/Feb/2026:13:33:05 +0000] "HEAD /d1/522/AUTH_86427565a5b844ad9373a75cd08cf70d/gnocchi.d60f7023-09ff-43b3-86c9-37780c1c6e82" 404 - "HEAD http://localhost:8080/v1/AUTH_86427565a5b844ad9373a75cd08cf70d/gnocchi.d60f7023-09ff-43b3-86c9-37780c1c6e82?format=json&states=listing" "tx0d52de8cebb3496e843a4-006980a791" "proxy-server 21" 0.0004 "-" 21 0
Feb 2 13:33:05 standalone object-server[125524]: 172.20.0.100 - - [02/Feb/2026:13:33:05 +0000] "GET /d1/511/AUTH_86427565a5b844ad9373a75cd08cf70d/gnocchi.d60f7023-09ff-43b3-86c9-37780c1c6e82/none_v3" 404 70 "GET http://localhost:8080/v1/AUTH_86427565a5b844ad9373a75cd08cf70d/gnocchi.d60f7023-09ff-43b3-86c9-37780c1c6e82/none_v3" "tx0d52de8cebb3496e843a4-006980a791" "proxy-server 21" 0.0004 "-" 22 0
Feb 2 13:33:05 standalone proxy-server[127335]: 172.18.0.2 ::1 02/Feb/2026/13/33/05 GET /v1/AUTH_86427565a5b844ad9373a75cd08cf70d/gnocchi.d60f7023-09ff-43b3-86c9-37780c1c6e82/none_v3 HTTP/1.0 404 - python-swiftclient-3.11.1 gAAAAABpgKbLxM7K... - 70 - tx0d52de8cebb3496e843a4-006980a791 - 0.0100 - - 1770039185.801839590 1770039185.811831474 0
Feb 2 13:33:05 standalone account-server[125119]: 172.20.0.100 - - [02/Feb/2026:13:33:05 +0000] "PUT /d1/882/AUTH_86427565a5b844ad9373a75cd08cf70d/gnocchi.d60f7023-09ff-43b3-86c9-37780c1c6e82" 201 - "PUT http://172.20.0.100:6001/d1/522/AUTH_86427565a5b844ad9373a75cd08cf70d/gnocchi.d60f7023-09ff-43b3-86c9-37780c1c6e82" "tx75c6161fa05b448da9ef6-006980a791" "container-server 20" 0.0062 "-" 22 0
Feb 2 13:33:05 standalone container-server[125307]: 172.20.0.100 - - [02/Feb/2026:13:33:05 +0000] "PUT /d1/522/AUTH_86427565a5b844ad9373a75cd08cf70d/gnocchi.d60f7023-09ff-43b3-86c9-37780c1c6e82" 201 - "PUT http://localhost:8080/v1/AUTH_86427565a5b844ad9373a75cd08cf70d/gnocchi.d60f7023-09ff-43b3-86c9-37780c1c6e82" "tx75c6161fa05b448da9ef6-006980a791" "proxy-server 21" 0.0220 "-" 20 0
Feb 2 13:33:05 standalone proxy-server[127335]: 172.18.0.2 ::1 02/Feb/2026/13/33/05 PUT /v1/AUTH_86427565a5b844ad9373a75cd08cf70d/gnocchi.d60f7023-09ff-43b3-86c9-37780c1c6e82 HTTP/1.0 201 - python-swiftclient-3.11.1 gAAAAABpgKbLxM7K... - - - tx75c6161fa05b448da9ef6-006980a791 - 0.0283 - - 1770039185.814864635 1770039185.843176365 0
Feb 2 13:33:05 standalone container-server[125308]: 172.20.0.100 - - [02/Feb/2026:13:33:05 +0000] "HEAD /d1/522/AUTH_86427565a5b844ad9373a75cd08cf70d/gnocchi.d60f7023-09ff-43b3-86c9-37780c1c6e82" 204 - "HEAD http://localhost:8080/v1/AUTH_86427565a5b844ad9373a75cd08cf70d/gnocchi.d60f7023-09ff-43b3-86c9-37780c1c6e82?format=json&states=listing" "tx6a5e7edfdf5548dd86986-006980a791" "proxy-server 21" 0.0015 "-" 21 0
Feb 2 13:33:05 standalone proxy-server[127335]: - - 02/Feb/2026/13/33/05 HEAD /v1/AUTH_86427565a5b844ad9373a75cd08cf70d/gnocchi.d60f7023-09ff-43b3-86c9-37780c1c6e82%3Fformat%3Djson%26states%3Dlisting HTTP/1.0 204 - Swift - - - - tx6a5e7edfdf5548dd86986-006980a791 - 0.0077 RL - 1770039185.849340677 1770039185.857074022 0
Feb 2 13:33:05 standalone container-server[125307]: 172.20.0.100 - - [02/Feb/2026:13:33:05 +0000] "GET /d1/522/AUTH_86427565a5b844ad9373a75cd08cf70d/gnocchi.d60f7023-09ff-43b3-86c9-37780c1c6e82" 200 2 "GET http://localhost:8080/v1/AUTH_86427565a5b844ad9373a75cd08cf70d/gnocchi.d60f7023-09ff-43b3-86c9-37780c1c6e82?format=json&states=listing" "tx6a5e7edfdf5548dd86986-006980a791" "proxy-server 21" 0.0016 "-" 20 0
Feb 2 13:33:05 standalone proxy-server[127335]: 172.18.0.2 ::1 02/Feb/2026/13/33/05 GET /v1/AUTH_86427565a5b844ad9373a75cd08cf70d/gnocchi.d60f7023-09ff-43b3-86c9-37780c1c6e82%3Fformat%3Djson%26states%3Dlisting HTTP/1.0 200 - python-swiftclient-3.11.1 gAAAAABpgKbLxM7K... - 2 - tx6a5e7edfdf5548dd86986-006980a791 - 0.0265 - - 1770039185.847968578 1770039185.874454498 0
Feb 2 13:33:05 standalone object-server[125541]: 172.20.0.100 - - [02/Feb/2026:13:33:05 +0000] "GET /d1/525/AUTH_86427565a5b844ad9373a75cd08cf70d/gnocchi.d60f7023-09ff-43b3-86c9-37780c1c6e82/1769040000.0_mean_300.0_v3" 404 70 "GET http://localhost:8080/v1/AUTH_86427565a5b844ad9373a75cd08cf70d/gnocchi.d60f7023-09ff-43b3-86c9-37780c1c6e82/1769040000.0_mean_300.0_v3" "tx8b6567c3335647be97f6e-006980a791" "proxy-server 21" 0.0005 "-" 24 0
Feb 2 13:33:05 standalone proxy-server[127335]: 172.18.0.2 ::1 02/Feb/2026/13/33/05 GET /v1/AUTH_86427565a5b844ad9373a75cd08cf70d/gnocchi.d60f7023-09ff-43b3-86c9-37780c1c6e82/1769040000.0_mean_300.0_v3 HTTP/1.0 404 - python-swiftclient-3.11.1 gAAAAABpgKbLxM7K... - 70 - tx8b6567c3335647be97f6e-006980a791 - 0.0067 - - 1770039185.879148006 1770039185.885812998 0
Feb 2 13:33:05 standalone container-server[125311]: 172.20.0.100 - - [02/Feb/2026:13:33:05 +0000] "PUT /d1/522/AUTH_86427565a5b844ad9373a75cd08cf70d/gnocchi.d60f7023-09ff-43b3-86c9-37780c1c6e82/1769040000.0_mean_300.0_v3" 201 - "PUT http://localhost:8080/d1/525/AUTH_86427565a5b844ad9373a75cd08cf70d/gnocchi.d60f7023-09ff-43b3-86c9-37780c1c6e82/1769040000.0_mean_300.0_v3" "txd13b2b4f209a43cb83609-006980a791" "object-server 25" 0.0007 "-" 22 0
Feb 2 13:33:05 standalone object-server[125544]: 172.20.0.100 - - [02/Feb/2026:13:33:05 +0000] "PUT /d1/525/AUTH_86427565a5b844ad9373a75cd08cf70d/gnocchi.d60f7023-09ff-43b3-86c9-37780c1c6e82/1769040000.0_mean_300.0_v3" 201 - "PUT http://localhost:8080/v1/AUTH_86427565a5b844ad9373a75cd08cf70d/gnocchi.d60f7023-09ff-43b3-86c9-37780c1c6e82/1769040000.0_mean_300.0_v3" "txd13b2b4f209a43cb83609-006980a791" "proxy-server 21" 0.0124 "-" 25 0
Feb 2 13:33:05 standalone proxy-server[127335]: 172.18.0.2 ::1 02/Feb/2026/13/33/05 PUT /v1/AUTH_86427565a5b844ad9373a75cd08cf70d/gnocchi.d60f7023-09ff-43b3-86c9-37780c1c6e82/1769040000.0_mean_300.0_v3 HTTP/1.0 201 - python-swiftclient-3.11.1 gAAAAABpgKbLxM7K... 16 - - txd13b2b4f209a43cb83609-006980a791 - 0.0193 - - 1770039185.888977051 1770039185.908238173 0
Feb 2 13:33:05 standalone container-server[125308]: 172.20.0.100 - - [02/Feb/2026:13:33:05 +0000] "PUT /d1/522/AUTH_86427565a5b844ad9373a75cd08cf70d/gnocchi.d60f7023-09ff-43b3-86c9-37780c1c6e82/none_v3" 201 - "PUT http://localhost:8080/d1/511/AUTH_86427565a5b844ad9373a75cd08cf70d/gnocchi.d60f7023-09ff-43b3-86c9-37780c1c6e82/none_v3" "tx9191605dabf7440da71bc-006980a791" "object-server 25" 0.0008 "-" 21 0
Feb 2 13:33:05 standalone object-server[125544]: 172.20.0.100 - - [02/Feb/2026:13:33:05 +0000] "PUT /d1/511/AUTH_86427565a5b844ad9373a75cd08cf70d/gnocchi.d60f7023-09ff-43b3-86c9-37780c1c6e82/none_v3" 201 - "PUT http://localhost:8080/v1/AUTH_86427565a5b844ad9373a75cd08cf70d/gnocchi.d60f7023-09ff-43b3-86c9-37780c1c6e82/none_v3" "tx9191605dabf7440da71bc-006980a791" "proxy-server 21" 0.0107 "-" 25 0
Feb 2 13:33:05 standalone proxy-server[127335]: 172.18.0.2 ::1 02/Feb/2026/13/33/05 PUT /v1/AUTH_86427565a5b844ad9373a75cd08cf70d/gnocchi.d60f7023-09ff-43b3-86c9-37780c1c6e82/none_v3 HTTP/1.0 201 - python-swiftclient-3.11.1 gAAAAABpgKbLxM7K... 22 - - tx9191605dabf7440da71bc-006980a791 - 0.0172 - - 1770039185.912413597 1770039185.929580688 0
Feb 2 13:33:05 standalone container-server[125311]: 172.20.0.100 - - [02/Feb/2026:13:33:05 +0000] "HEAD /d1/315/AUTH_86427565a5b844ad9373a75cd08cf70d/gnocchi.4ba0f66d-9078-4a5b-85b8-6e36250e989c" 404 - "HEAD http://localhost:8080/v1/AUTH_86427565a5b844ad9373a75cd08cf70d/gnocchi.4ba0f66d-9078-4a5b-85b8-6e36250e989c?format=json&states=listing" "txf6e70846493e4c4094e7b-006980a791" "proxy-server 21" 0.0004 "-" 22 0
Feb 2 13:33:05 standalone object-server[125544]: 172.20.0.100 - - [02/Feb/2026:13:33:05 +0000] "GET /d1/91/AUTH_86427565a5b844ad9373a75cd08cf70d/gnocchi.4ba0f66d-9078-4a5b-85b8-6e36250e989c/none_v3" 404 70 "GET http://localhost:8080/v1/AUTH_86427565a5b844ad9373a75cd08cf70d/gnocchi.4ba0f66d-9078-4a5b-85b8-6e36250e989c/none_v3" "txf6e70846493e4c4094e7b-006980a791" "proxy-server 21" 0.0004 "-" 25 0
Feb 2 13:33:05 standalone proxy-server[127335]: 172.18.0.2 ::1 02/Feb/2026/13/33/05 GET /v1/AUTH_86427565a5b844ad9373a75cd08cf70d/gnocchi.4ba0f66d-9078-4a5b-85b8-6e36250e989c/none_v3 HTTP/1.0 404 - python-swiftclient-3.11.1 gAAAAABpgKbLxM7K... - 70 - txf6e70846493e4c4094e7b-006980a791 - 0.0116 - - 1770039185.944483757 1770039185.956093073 0
Feb 2 13:33:05 standalone account-server[125107]: 172.20.0.100 - - [02/Feb/2026:13:33:05 +0000] "PUT /d1/882/AUTH_86427565a5b844ad9373a75cd08cf70d/gnocchi.4ba0f66d-9078-4a5b-85b8-6e36250e989c" 201 - "PUT http://172.20.0.100:6001/d1/315/AUTH_86427565a5b844ad9373a75cd08cf70d/gnocchi.4ba0f66d-9078-4a5b-85b8-6e36250e989c" "txda55fb711b534d7591ece-006980a791" "container-server 23" 0.0066 "-" 21 0
Feb 2 13:33:05 standalone container-server[125317]: 172.20.0.100 - - [02/Feb/2026:13:33:05 +0000] "PUT /d1/315/AUTH_86427565a5b844ad9373a75cd08cf70d/gnocchi.4ba0f66d-9078-4a5b-85b8-6e36250e989c" 201 - "PUT http://localhost:8080/v1/AUTH_86427565a5b844ad9373a75cd08cf70d/gnocchi.4ba0f66d-9078-4a5b-85b8-6e36250e989c" "txda55fb711b534d7591ece-006980a791" "proxy-server 21" 0.0196 "-" 23 0
Feb 2 13:33:05 standalone proxy-server[127335]: 172.18.0.2 ::1 02/Feb/2026/13/33/05 PUT /v1/AUTH_86427565a5b844ad9373a75cd08cf70d/gnocchi.4ba0f66d-9078-4a5b-85b8-6e36250e989c HTTP/1.0 201 - python-swiftclient-3.11.1 gAAAAABpgKbLxM7K... - - - txda55fb711b534d7591ece-006980a791 - 0.0256 - - 1770039185.960276365 1770039185.985898733 0
Feb 2 13:33:05 standalone container-server[125311]: 172.20.0.100 - - [02/Feb/2026:13:33:05 +0000] "HEAD /d1/315/AUTH_86427565a5b844ad9373a75cd08cf70d/gnocchi.4ba0f66d-9078-4a5b-85b8-6e36250e989c" 204 - "HEAD http://localhost:8080/v1/AUTH_86427565a5b844ad9373a75cd08cf70d/gnocchi.4ba0f66d-9078-4a5b-85b8-6e36250e989c?format=json&states=listing" "txd9a5c2a00a69444d8667d-006980a791" "proxy-server 21" 0.0015 "-" 22 0
Feb 2 13:33:05 standalone proxy-server[127335]: - - 02/Feb/2026/13/33/05 HEAD /v1/AUTH_86427565a5b844ad9373a75cd08cf70d/gnocchi.4ba0f66d-9078-4a5b-85b8-6e36250e989c%3Fformat%3Djson%26states%3Dlisting HTTP/1.0 204 - Swift - - - - txd9a5c2a00a69444d8667d-006980a791 - 0.0058 RL - 1770039185.992235184 1770039185.997991562 0
Feb 2 13:33:06 standalone container-server[125307]: 172.20.0.100 - - [02/Feb/2026:13:33:06 +0000] "GET /d1/315/AUTH_86427565a5b844ad9373a75cd08cf70d/gnocchi.4ba0f66d-9078-4a5b-85b8-6e36250e989c" 200 2 "GET http://localhost:8080/v1/AUTH_86427565a5b844ad9373a75cd08cf70d/gnocchi.4ba0f66d-9078-4a5b-85b8-6e36250e989c?format=json&states=listing" "txd9a5c2a00a69444d8667d-006980a791" "proxy-server 21" 0.0016 "-" 20 0
Feb 2 13:33:06 standalone proxy-server[127335]: 172.18.0.2 ::1 02/Feb/2026/13/33/06 GET /v1/AUTH_86427565a5b844ad9373a75cd08cf70d/gnocchi.4ba0f66d-9078-4a5b-85b8-6e36250e989c%3Fformat%3Djson%26states%3Dlisting HTTP/1.0 200 - python-swiftclient-3.11.1 gAAAAABpgKbLxM7K... - 2 - txd9a5c2a00a69444d8667d-006980a791 - 0.0166 - - 1770039185.991114855 1770039186.007717133 0
Feb 2 13:33:06 standalone object-server[125524]: 172.20.0.100 - - [02/Feb/2026:13:33:06 +0000] "GET /d1/298/AUTH_86427565a5b844ad9373a75cd08cf70d/gnocchi.4ba0f66d-9078-4a5b-85b8-6e36250e989c/1769040000.0_mean_300.0_v3" 404 70 "GET http://localhost:8080/v1/AUTH_86427565a5b844ad9373a75cd08cf70d/gnocchi.4ba0f66d-9078-4a5b-85b8-6e36250e989c/1769040000.0_mean_300.0_v3" "tx64bd87255d084ad1b9cf0-006980a792" "proxy-server 21" 0.0003 "-" 22 0
Feb 2 13:33:06 standalone proxy-server[127335]: 172.18.0.2 ::1 02/Feb/2026/13/33/06 GET /v1/AUTH_86427565a5b844ad9373a75cd08cf70d/gnocchi.4ba0f66d-9078-4a5b-85b8-6e36250e989c/1769040000.0_mean_300.0_v3 HTTP/1.0 404 - python-swiftclient-3.11.1 gAAAAABpgKbLxM7K... - 70 - tx64bd87255d084ad1b9cf0-006980a792 - 0.0084 - - 1770039186.013968945 1770039186.022400856 0
Feb 2 13:33:06 standalone container-server[125307]: 172.20.0.100 - - [02/Feb/2026:13:33:06 +0000] "PUT /d1/315/AUTH_86427565a5b844ad9373a75cd08cf70d/gnocchi.4ba0f66d-9078-4a5b-85b8-6e36250e989c/1769040000.0_mean_300.0_v3" 201 - "PUT http://localhost:8080/d1/298/AUTH_86427565a5b844ad9373a75cd08cf70d/gnocchi.4ba0f66d-9078-4a5b-85b8-6e36250e989c/1769040000.0_mean_300.0_v3" "tx0c420ea7085f4bb480e36-006980a792" "object-server 22" 0.0006 "-" 20 0
Feb 2 13:33:06 standalone object-server[125524]: 172.20.0.100 - - [02/Feb/2026:13:33:06 +0000] "PUT /d1/298/AUTH_86427565a5b844ad9373a75cd08cf70d/gnocchi.4ba0f66d-9078-4a5b-85b8-6e36250e989c/1769040000.0_mean_300.0_v3" 201 - "PUT http://localhost:8080/v1/AUTH_86427565a5b844ad9373a75cd08cf70d/gnocchi.4ba0f66d-9078-4a5b-85b8-6e36250e989c/1769040000.0_mean_300.0_v3" "tx0c420ea7085f4bb480e36-006980a792" "proxy-server 21" 0.0106 "-" 22 0
Feb 2 13:33:06 standalone proxy-server[127335]: 172.18.0.2 ::1 02/Feb/2026/13/33/06 PUT /v1/AUTH_86427565a5b844ad9373a75cd08cf70d/gnocchi.4ba0f66d-9078-4a5b-85b8-6e36250e989c/1769040000.0_mean_300.0_v3 HTTP/1.0 201 - python-swiftclient-3.11.1 gAAAAABpgKbLxM7K... 16 - - tx0c420ea7085f4bb480e36-006980a792 - 0.0175 - - 1770039186.027850866 1770039186.045328379 0
Feb 2 13:33:06 standalone container-server[125311]: 172.20.0.100 - - [02/Feb/2026:13:33:06 +0000] "PUT /d1/315/AUTH_86427565a5b844ad9373a75cd08cf70d/gnocchi.4ba0f66d-9078-4a5b-85b8-6e36250e989c/none_v3" 201 - "PUT http://localhost:8080/d1/91/AUTH_86427565a5b844ad9373a75cd08cf70d/gnocchi.4ba0f66d-9078-4a5b-85b8-6e36250e989c/none_v3" "txbc2ec80420f04ed2b30ef-006980a792" "object-server 23" 0.0005 "-" 22 0
Feb 2 13:33:06 standalone object-server[125534]: 172.20.0.100 - - [02/Feb/2026:13:33:06 +0000] "PUT /d1/91/AUTH_86427565a5b844ad9373a75cd08cf70d/gnocchi.4ba0f66d-9078-4a5b-85b8-6e36250e989c/none_v3" 201 - "PUT http://localhost:8080/v1/AUTH_86427565a5b844ad9373a75cd08cf70d/gnocchi.4ba0f66d-9078-4a5b-85b8-6e36250e989c/none_v3" "txbc2ec80420f04ed2b30ef-006980a792" "proxy-server 21" 0.0090 "-" 23 0
Feb 2 13:33:06 standalone proxy-server[127335]: 172.18.0.2 ::1 02/Feb/2026/13/33/06 PUT /v1/AUTH_86427565a5b844ad9373a75cd08cf70d/gnocchi.4ba0f66d-9078-4a5b-85b8-6e36250e989c/none_v3 HTTP/1.0 201 - python-swiftclient-3.11.1 gAAAAABpgKbLxM7K... 22 - - txbc2ec80420f04ed2b30ef-006980a792 - 0.0162 - - 1770039186.050453901 1770039186.066634655 0
Feb 2 13:33:06 standalone container-server[125308]: 172.20.0.100 - - [02/Feb/2026:13:33:06 +0000] "HEAD /d1/548/AUTH_86427565a5b844ad9373a75cd08cf70d/gnocchi.804593a4-45ef-4786-ae63-33e893ff0766" 404 - "HEAD http://localhost:8080/v1/AUTH_86427565a5b844ad9373a75cd08cf70d/gnocchi.804593a4-45ef-4786-ae63-33e893ff0766?format=json&states=listing" "tx8ce3f726594a4bb7b6505-006980a792" "proxy-server 21" 0.0005 "-" 21 0
Feb 2 13:33:06 standalone object-server[125541]: 172.20.0.100 - - [02/Feb/2026:13:33:06 +0000] "GET /d1/932/AUTH_86427565a5b844ad9373a75cd08cf70d/gnocchi.804593a4-45ef-4786-ae63-33e893ff0766/none_v3" 404 70 "GET http://localhost:8080/v1/AUTH_86427565a5b844ad9373a75cd08cf70d/gnocchi.804593a4-45ef-4786-ae63-33e893ff0766/none_v3" "tx8ce3f726594a4bb7b6505-006980a792" "proxy-server 21" 0.0006 "-" 24 0
Feb 2 13:33:06 standalone proxy-server[127335]: 172.18.0.2 ::1 02/Feb/2026/13/33/06 GET /v1/AUTH_86427565a5b844ad9373a75cd08cf70d/gnocchi.804593a4-45ef-4786-ae63-33e893ff0766/none_v3 HTTP/1.0 404 - python-swiftclient-3.11.1 gAAAAABpgKbLxM7K... - 70 - tx8ce3f726594a4bb7b6505-006980a792 - 0.0152 - - 1770039186.081165314 1770039186.096351862 0
Feb 2 13:33:06 standalone account-server[125107]: 172.20.0.100 - - [02/Feb/2026:13:33:06 +0000] "PUT /d1/882/AUTH_86427565a5b844ad9373a75cd08cf70d/gnocchi.804593a4-45ef-4786-ae63-33e893ff0766" 201 - "PUT http://172.20.0.100:6001/d1/548/AUTH_86427565a5b844ad9373a75cd08cf70d/gnocchi.804593a4-45ef-4786-ae63-33e893ff0766" "tx80d09e8749cf410dbd1ed-006980a792" "container-server 20" 0.0078 "-" 21 0
Feb 2 13:33:06 standalone container-server[125307]: 172.20.0.100 - - [02/Feb/2026:13:33:06 +0000] "PUT /d1/548/AUTH_86427565a5b844ad9373a75cd08cf70d/gnocchi.804593a4-45ef-4786-ae63-33e893ff0766" 201 - "PUT http://localhost:8080/v1/AUTH_86427565a5b844ad9373a75cd08cf70d/gnocchi.804593a4-45ef-4786-ae63-33e893ff0766" "tx80d09e8749cf410dbd1ed-006980a792" "proxy-server 21" 0.0271 "-" 20 0
Feb 2 13:33:06 standalone proxy-server[127335]: 172.18.0.2 ::1 02/Feb/2026/13/33/06 PUT /v1/AUTH_86427565a5b844ad9373a75cd08cf70d/gnocchi.804593a4-45ef-4786-ae63-33e893ff0766 HTTP/1.0 201 - python-swiftclient-3.11.1 gAAAAABpgKbLxM7K... - - - tx80d09e8749cf410dbd1ed-006980a792 - 0.0352 - - 1770039186.102042913 1770039186.137264967 0
Feb 2 13:33:06 standalone container-server[125311]: 172.20.0.100 - - [02/Feb/2026:13:33:06 +0000] "HEAD /d1/548/AUTH_86427565a5b844ad9373a75cd08cf70d/gnocchi.804593a4-45ef-4786-ae63-33e893ff0766" 204 - "HEAD http://localhost:8080/v1/AUTH_86427565a5b844ad9373a75cd08cf70d/gnocchi.804593a4-45ef-4786-ae63-33e893ff0766?format=json&states=listing" "txf90d08eec99a4fe3bbd33-006980a792" "proxy-server 21" 0.0013 "-" 22 0
Feb 2 13:33:06 standalone proxy-server[127335]: - - 02/Feb/2026/13/33/06 HEAD /v1/AUTH_86427565a5b844ad9373a75cd08cf70d/gnocchi.804593a4-45ef-4786-ae63-33e893ff0766%3Fformat%3Djson%26states%3Dlisting HTTP/1.0 204 - Swift - - - - txf90d08eec99a4fe3bbd33-006980a792 - 0.0043 RL - 1770039186.145934820 1770039186.150186777 0
Feb 2 13:33:06 standalone container-server[125317]: 172.20.0.100 - - [02/Feb/2026:13:33:06 +0000] "GET /d1/548/AUTH_86427565a5b844ad9373a75cd08cf70d/gnocchi.804593a4-45ef-4786-ae63-33e893ff0766" 200 2 "GET http://localhost:8080/v1/AUTH_86427565a5b844ad9373a75cd08cf70d/gnocchi.804593a4-45ef-4786-ae63-33e893ff0766?format=json&states=listing" "txf90d08eec99a4fe3bbd33-006980a792" "proxy-server 21" 0.0024 "-" 23 0
Feb 2 13:33:06 standalone proxy-server[127335]: 172.18.0.2 ::1 02/Feb/2026/13/33/06 GET /v1/AUTH_86427565a5b844ad9373a75cd08cf70d/gnocchi.804593a4-45ef-4786-ae63-33e893ff0766%3Fformat%3Djson%26states%3Dlisting HTTP/1.0 200 - python-swiftclient-3.11.1 gAAAAABpgKbLxM7K... - 2 - txf90d08eec99a4fe3bbd33-006980a792 - 0.0141 - - 1770039186.144982576 1770039186.159094334 0
Feb 2 13:33:06 standalone object-server[125524]: 172.20.0.100 - - [02/Feb/2026:13:33:06 +0000] "GET /d1/823/AUTH_86427565a5b844ad9373a75cd08cf70d/gnocchi.804593a4-45ef-4786-ae63-33e893ff0766/1769040000.0_mean_300.0_v3" 404 70 "GET http://localhost:8080/v1/AUTH_86427565a5b844ad9373a75cd08cf70d/gnocchi.804593a4-45ef-4786-ae63-33e893ff0766/1769040000.0_mean_300.0_v3" "tx3b6f46e277af433fb6390-006980a792" "proxy-server 21" 0.0006 "-" 22 0
Feb 2 13:33:06 standalone proxy-server[127335]: 172.18.0.2 ::1 02/Feb/2026/13/33/06 GET /v1/AUTH_86427565a5b844ad9373a75cd08cf70d/gnocchi.804593a4-45ef-4786-ae63-33e893ff0766/1769040000.0_mean_300.0_v3 HTTP/1.0 404 - python-swiftclient-3.11.1 gAAAAABpgKbLxM7K... - 70 - tx3b6f46e277af433fb6390-006980a792 - 0.0063 - - 1770039186.164547920 1770039186.170799732 0
Feb 2 13:33:06 standalone container-server[125317]: 172.20.0.100 - - [02/Feb/2026:13:33:06 +0000] "PUT /d1/548/AUTH_86427565a5b844ad9373a75cd08cf70d/gnocchi.804593a4-45ef-4786-ae63-33e893ff0766/1769040000.0_mean_300.0_v3" 201 - "PUT http://localhost:8080/d1/823/AUTH_86427565a5b844ad9373a75cd08cf70d/gnocchi.804593a4-45ef-4786-ae63-33e893ff0766/1769040000.0_mean_300.0_v3" "tx781e4b6290344c56b65f3-006980a792" "object-server 24" 0.0007 "-" 23 0
Feb 2 13:33:06 standalone object-server[125541]: 172.20.0.100 - - [02/Feb/2026:13:33:06 +0000] "PUT /d1/823/AUTH_86427565a5b844ad9373a75cd08cf70d/gnocchi.804593a4-45ef-4786-ae63-33e893ff0766/1769040000.0_mean_300.0_v3" 201 - "PUT http://localhost:8080/v1/AUTH_86427565a5b844ad9373a75cd08cf70d/gnocchi.804593a4-45ef-4786-ae63-33e893ff0766/1769040000.0_mean_300.0_v3" "tx781e4b6290344c56b65f3-006980a792" "proxy-server 21" 0.0096 "-" 24 0
Feb 2 13:33:06 standalone proxy-server[127335]: 172.18.0.2 ::1 02/Feb/2026/13/33/06 PUT /v1/AUTH_86427565a5b844ad9373a75cd08cf70d/gnocchi.804593a4-45ef-4786-ae63-33e893ff0766/1769040000.0_mean_300.0_v3 HTTP/1.0 201 - python-swiftclient-3.11.1 gAAAAABpgKbLxM7K... 16 - - tx781e4b6290344c56b65f3-006980a792 - 0.0149 - - 1770039186.175122261 1770039186.190054417 0
Feb 2 13:33:06 standalone container-server[125311]: 172.20.0.100 - - [02/Feb/2026:13:33:06 +0000] "PUT /d1/548/AUTH_86427565a5b844ad9373a75cd08cf70d/gnocchi.804593a4-45ef-4786-ae63-33e893ff0766/none_v3" 201 - "PUT http://localhost:8080/d1/932/AUTH_86427565a5b844ad9373a75cd08cf70d/gnocchi.804593a4-45ef-4786-ae63-33e893ff0766/none_v3" "tx9f7391f209f24368aa195-006980a792" "object-server 22" 0.0005 "-" 22 0
Feb 2 13:33:06 standalone object-server[125524]: 172.20.0.100 - - [02/Feb/2026:13:33:06 +0000] "PUT /d1/932/AUTH_86427565a5b844ad9373a75cd08cf70d/gnocchi.804593a4-45ef-4786-ae63-33e893ff0766/none_v3" 201 - "PUT http://localhost:8080/v1/AUTH_86427565a5b844ad9373a75cd08cf70d/gnocchi.804593a4-45ef-4786-ae63-33e893ff0766/none_v3" "tx9f7391f209f24368aa195-006980a792" "proxy-server 21" 0.0124 "-" 22 0
Feb 2 13:33:06 standalone proxy-server[127335]: 172.18.0.2 ::1 02/Feb/2026/13/33/06 PUT /v1/AUTH_86427565a5b844ad9373a75cd08cf70d/gnocchi.804593a4-45ef-4786-ae63-33e893ff0766/none_v3 HTTP/1.0 201 - python-swiftclient-3.11.1 gAAAAABpgKbLxM7K... 22 - - tx9f7391f209f24368aa195-006980a792 - 0.0195 - - 1770039186.194254637 1770039186.213750839 0
Feb 2 13:33:06 standalone container-server[125308]: 172.20.0.100 - - [02/Feb/2026:13:33:06 +0000] "HEAD /d1/774/AUTH_86427565a5b844ad9373a75cd08cf70d/gnocchi.b81231b3-116e-4333-9f91-cfa6c2315e10" 404 - "HEAD http://localhost:8080/v1/AUTH_86427565a5b844ad9373a75cd08cf70d/gnocchi.b81231b3-116e-4333-9f91-cfa6c2315e10?format=json&states=listing" "tx8393026ea0124710babea-006980a792" "proxy-server 21" 0.0005 "-" 21 0
Feb 2 13:33:06 standalone object-server[125524]: 172.20.0.100 - - [02/Feb/2026:13:33:06 +0000] "GET /d1/713/AUTH_86427565a5b844ad9373a75cd08cf70d/gnocchi.b81231b3-116e-4333-9f91-cfa6c2315e10/none_v3" 404 70 "GET http://localhost:8080/v1/AUTH_86427565a5b844ad9373a75cd08cf70d/gnocchi.b81231b3-116e-4333-9f91-cfa6c2315e10/none_v3" "tx8393026ea0124710babea-006980a792" "proxy-server 21" 0.0006 "-" 22 0
Feb 2 13:33:06 standalone proxy-server[127335]: 172.18.0.2 ::1 02/Feb/2026/13/33/06 GET /v1/AUTH_86427565a5b844ad9373a75cd08cf70d/gnocchi.b81231b3-116e-4333-9f91-cfa6c2315e10/none_v3 HTTP/1.0 404 - python-swiftclient-3.11.1 gAAAAABpgKbLxM7K... - 70 - tx8393026ea0124710babea-006980a792 - 0.0096 - - 1770039186.228263855 1770039186.237913132 0
Feb 2 13:33:06 standalone account-server[125087]: 172.20.0.100 - - [02/Feb/2026:13:33:06 +0000] "PUT /d1/882/AUTH_86427565a5b844ad9373a75cd08cf70d/gnocchi.b81231b3-116e-4333-9f91-cfa6c2315e10" 201 - "PUT http://172.20.0.100:6001/d1/774/AUTH_86427565a5b844ad9373a75cd08cf70d/gnocchi.b81231b3-116e-4333-9f91-cfa6c2315e10" "tx958b642acf154f859f603-006980a792" "container-server 22" 0.0064 "-" 20 0
Feb 2 13:33:06 standalone container-server[125311]: 172.20.0.100 - - [02/Feb/2026:13:33:06 +0000] "PUT /d1/774/AUTH_86427565a5b844ad9373a75cd08cf70d/gnocchi.b81231b3-116e-4333-9f91-cfa6c2315e10" 201 - "PUT http://localhost:8080/v1/AUTH_86427565a5b844ad9373a75cd08cf70d/gnocchi.b81231b3-116e-4333-9f91-cfa6c2315e10" "tx958b642acf154f859f603-006980a792" "proxy-server 21" 0.0176 "-" 22 0
Feb 2 13:33:06 standalone proxy-server[127335]: 172.18.0.2 ::1 02/Feb/2026/13/33/06 PUT /v1/AUTH_86427565a5b844ad9373a75cd08cf70d/gnocchi.b81231b3-116e-4333-9f91-cfa6c2315e10 HTTP/1.0 201 - python-swiftclient-3.11.1 gAAAAABpgKbLxM7K... - - - tx958b642acf154f859f603-006980a792 - 0.0229 - - 1770039186.241799831 1770039186.264679670 0
Feb 2 13:33:06 standalone container-server[125317]: 172.20.0.100 - - [02/Feb/2026:13:33:06 +0000] "HEAD /d1/774/AUTH_86427565a5b844ad9373a75cd08cf70d/gnocchi.b81231b3-116e-4333-9f91-cfa6c2315e10" 204 - "HEAD http://localhost:8080/v1/AUTH_86427565a5b844ad9373a75cd08cf70d/gnocchi.b81231b3-116e-4333-9f91-cfa6c2315e10?format=json&states=listing" "txcd5d2f0060a54d249186c-006980a792" "proxy-server 21" 0.0016 "-" 23 0
Feb 2 13:33:06 standalone proxy-server[127335]: - - 02/Feb/2026/13/33/06 HEAD /v1/AUTH_86427565a5b844ad9373a75cd08cf70d/gnocchi.b81231b3-116e-4333-9f91-cfa6c2315e10%3Fformat%3Djson%26states%3Dlisting HTTP/1.0 204 - Swift - - - - txcd5d2f0060a54d249186c-006980a792 - 0.0082 RL - 1770039186.272831202 1770039186.281075239 0
Feb 2 13:33:06 standalone container-server[125317]: 172.20.0.100 - - [02/Feb/2026:13:33:06 +0000] "GET /d1/774/AUTH_86427565a5b844ad9373a75cd08cf70d/gnocchi.b81231b3-116e-4333-9f91-cfa6c2315e10" 200 2 "GET http://localhost:8080/v1/AUTH_86427565a5b844ad9373a75cd08cf70d/gnocchi.b81231b3-116e-4333-9f91-cfa6c2315e10?format=json&states=listing" "txcd5d2f0060a54d249186c-006980a792" "proxy-server 21" 0.0023 "-" 23 0
Feb 2 13:33:06 standalone proxy-server[127335]: 172.18.0.2 ::1 02/Feb/2026/13/33/06 GET /v1/AUTH_86427565a5b844ad9373a75cd08cf70d/gnocchi.b81231b3-116e-4333-9f91-cfa6c2315e10%3Fformat%3Djson%26states%3Dlisting HTTP/1.0 200 - python-swiftclient-3.11.1 gAAAAABpgKbLxM7K... - 2 - txcd5d2f0060a54d249186c-006980a792 - 0.0295 - - 1770039186.271407604 1770039186.300868511 0
Feb 2 13:33:06 standalone object-server[125524]: 172.20.0.100 - - [02/Feb/2026:13:33:06 +0000] "GET /d1/395/AUTH_86427565a5b844ad9373a75cd08cf70d/gnocchi.b81231b3-116e-4333-9f91-cfa6c2315e10/1769040000.0_mean_300.0_v3" 404 70 "GET http://localhost:8080/v1/AUTH_86427565a5b844ad9373a75cd08cf70d/gnocchi.b81231b3-116e-4333-9f91-cfa6c2315e10/1769040000.0_mean_300.0_v3" "txfd7aa4d300a14ef49a5b1-006980a792" "proxy-server 21" 0.0006 "-" 22 0
Feb 2 13:33:06 standalone proxy-server[127335]: 172.18.0.2 ::1 02/Feb/2026/13/33/06 GET /v1/AUTH_86427565a5b844ad9373a75cd08cf70d/gnocchi.b81231b3-116e-4333-9f91-cfa6c2315e10/1769040000.0_mean_300.0_v3 HTTP/1.0 404 - python-swiftclient-3.11.1 gAAAAABpgKbLxM7K... - 70 - txfd7aa4d300a14ef49a5b1-006980a792 - 0.0090 - - 1770039186.306554794 1770039186.315596581 0
Feb 2 13:33:06 standalone container-server[125317]: 172.20.0.100 - - [02/Feb/2026:13:33:06 +0000] "PUT /d1/774/AUTH_86427565a5b844ad9373a75cd08cf70d/gnocchi.b81231b3-116e-4333-9f91-cfa6c2315e10/1769040000.0_mean_300.0_v3" 201 - "PUT http://localhost:8080/d1/395/AUTH_86427565a5b844ad9373a75cd08cf70d/gnocchi.b81231b3-116e-4333-9f91-cfa6c2315e10/1769040000.0_mean_300.0_v3" "txfa37846648ea40cc9634a-006980a792" "object-server 22" 0.0006 "-" 23 0
Feb 2 13:33:06 standalone object-server[125524]: 172.20.0.100 - - [02/Feb/2026:13:33:06 +0000] "PUT /d1/395/AUTH_86427565a5b844ad9373a75cd08cf70d/gnocchi.b81231b3-116e-4333-9f91-cfa6c2315e10/1769040000.0_mean_300.0_v3" 201 - "PUT http://localhost:8080/v1/AUTH_86427565a5b844ad9373a75cd08cf70d/gnocchi.b81231b3-116e-4333-9f91-cfa6c2315e10/1769040000.0_mean_300.0_v3" "txfa37846648ea40cc9634a-006980a792" "proxy-server 21" 0.0121 "-" 22 0
Feb 2 13:33:06 standalone proxy-server[127335]: 172.18.0.2 ::1 02/Feb/2026/13/33/06 PUT /v1/AUTH_86427565a5b844ad9373a75cd08cf70d/gnocchi.b81231b3-116e-4333-9f91-cfa6c2315e10/1769040000.0_mean_300.0_v3 HTTP/1.0 201 - python-swiftclient-3.11.1 gAAAAABpgKbLxM7K... 16 - - txfa37846648ea40cc9634a-006980a792 - 0.0177 - - 1770039186.318559885 1770039186.336294889 0
Feb 2 13:33:06 standalone container-server[125307]: 172.20.0.100 - - [02/Feb/2026:13:33:06 +0000] "PUT /d1/774/AUTH_86427565a5b844ad9373a75cd08cf70d/gnocchi.b81231b3-116e-4333-9f91-cfa6c2315e10/none_v3" 201 - "PUT http://localhost:8080/d1/713/AUTH_86427565a5b844ad9373a75cd08cf70d/gnocchi.b81231b3-116e-4333-9f91-cfa6c2315e10/none_v3" "tx7cac7251075545a6bf487-006980a792" "object-server 22" 0.0006 "-" 20 0
Feb 2 13:33:06 standalone object-server[125524]: 172.20.0.100 - - [02/Feb/2026:13:33:06 +0000] "PUT /d1/713/AUTH_86427565a5b844ad9373a75cd08cf70d/gnocchi.b81231b3-116e-4333-9f91-cfa6c2315e10/none_v3" 201 - "PUT http://localhost:8080/v1/AUTH_86427565a5b844ad9373a75cd08cf70d/gnocchi.b81231b3-116e-4333-9f91-cfa6c2315e10/none_v3" "tx7cac7251075545a6bf487-006980a792" "proxy-server 21" 0.0100 "-" 22 0
Feb 2 13:33:06 standalone proxy-server[127335]: 172.18.0.2 ::1 02/Feb/2026/13/33/06 PUT /v1/AUTH_86427565a5b844ad9373a75cd08cf70d/gnocchi.b81231b3-116e-4333-9f91-cfa6c2315e10/none_v3 HTTP/1.0 201 - python-swiftclient-3.11.1 gAAAAABpgKbLxM7K... 22 - - tx7cac7251075545a6bf487-006980a792 - 0.0149 - - 1770039186.338619232 1770039186.353543758 0
Feb 2 13:33:06 standalone container-server[125317]: 172.20.0.100 - - [02/Feb/2026:13:33:06 +0000] "HEAD /d1/778/AUTH_86427565a5b844ad9373a75cd08cf70d/gnocchi.08da9890-bd35-4007-9bfa-55b2885cafb3" 404 - "HEAD http://localhost:8080/v1/AUTH_86427565a5b844ad9373a75cd08cf70d/gnocchi.08da9890-bd35-4007-9bfa-55b2885cafb3?format=json&states=listing" "tx57edd6ee67c742b29114d-006980a792" "proxy-server 21" 0.0005 "-" 23 0
Feb 2 13:33:06 standalone object-server[125544]: 172.20.0.100 - - [02/Feb/2026:13:33:06 +0000] "GET /d1/1001/AUTH_86427565a5b844ad9373a75cd08cf70d/gnocchi.08da9890-bd35-4007-9bfa-55b2885cafb3/none_v3" 404 70 "GET http://localhost:8080/v1/AUTH_86427565a5b844ad9373a75cd08cf70d/gnocchi.08da9890-bd35-4007-9bfa-55b2885cafb3/none_v3" "tx57edd6ee67c742b29114d-006980a792" "proxy-server 21" 0.0003 "-" 25 0
Feb 2 13:33:06 standalone proxy-server[127335]: 172.18.0.2 ::1 02/Feb/2026/13/33/06 GET /v1/AUTH_86427565a5b844ad9373a75cd08cf70d/gnocchi.08da9890-bd35-4007-9bfa-55b2885cafb3/none_v3 HTTP/1.0 404 - python-swiftclient-3.11.1 gAAAAABpgKbLxM7K... - 70 - tx57edd6ee67c742b29114d-006980a792 - 0.0092 - - 1770039186.362776041 1770039186.371951103 0
Feb 2 13:33:06 standalone account-server[125119]: 172.20.0.100 - - [02/Feb/2026:13:33:06 +0000] "PUT /d1/882/AUTH_86427565a5b844ad9373a75cd08cf70d/gnocchi.08da9890-bd35-4007-9bfa-55b2885cafb3" 201 - "PUT http://172.20.0.100:6001/d1/778/AUTH_86427565a5b844ad9373a75cd08cf70d/gnocchi.08da9890-bd35-4007-9bfa-55b2885cafb3" "tx377dbc09a0c149708223c-006980a792" "container-server 21" 0.0065 "-" 22 0
Feb 2 13:33:06 standalone container-server[125308]: 172.20.0.100 - - [02/Feb/2026:13:33:06 +0000] "PUT /d1/778/AUTH_86427565a5b844ad9373a75cd08cf70d/gnocchi.08da9890-bd35-4007-9bfa-55b2885cafb3" 201 - "PUT http://localhost:8080/v1/AUTH_86427565a5b844ad9373a75cd08cf70d/gnocchi.08da9890-bd35-4007-9bfa-55b2885cafb3" "tx377dbc09a0c149708223c-006980a792" "proxy-server 21" 0.0238 "-" 21 0
Feb 2 13:33:06 standalone proxy-server[127335]: 172.18.0.2 ::1 02/Feb/2026/13/33/06 PUT /v1/AUTH_86427565a5b844ad9373a75cd08cf70d/gnocchi.08da9890-bd35-4007-9bfa-55b2885cafb3 HTTP/1.0 201 - python-swiftclient-3.11.1 gAAAAABpgKbLxM7K... - - - tx377dbc09a0c149708223c-006980a792 - 0.0309 - - 1770039186.374464750 1770039186.405322075 0
Feb 2 13:33:06 standalone container-server[125317]: 172.20.0.100 - - [02/Feb/2026:13:33:06 +0000] "HEAD /d1/778/AUTH_86427565a5b844ad9373a75cd08cf70d/gnocchi.08da9890-bd35-4007-9bfa-55b2885cafb3" 204 - "HEAD http://localhost:8080/v1/AUTH_86427565a5b844ad9373a75cd08cf70d/gnocchi.08da9890-bd35-4007-9bfa-55b2885cafb3?format=json&states=listing" "txfc6e3872f1f14020bd700-006980a792" "proxy-server 21" 0.0015 "-" 23 0
Feb 2 13:33:06 standalone proxy-server[127335]: - - 02/Feb/2026/13/33/06 HEAD /v1/AUTH_86427565a5b844ad9373a75cd08cf70d/gnocchi.08da9890-bd35-4007-9bfa-55b2885cafb3%3Fformat%3Djson%26states%3Dlisting HTTP/1.0 204 - Swift - - - - txfc6e3872f1f14020bd700-006980a792 - 0.0062 RL - 1770039186.413120031 1770039186.419281483 0
Feb 2 13:33:06 standalone container-server[125307]: 172.20.0.100 - - [02/Feb/2026:13:33:06 +0000] "GET /d1/778/AUTH_86427565a5b844ad9373a75cd08cf70d/gnocchi.08da9890-bd35-4007-9bfa-55b2885cafb3" 200 2 "GET http://localhost:8080/v1/AUTH_86427565a5b844ad9373a75cd08cf70d/gnocchi.08da9890-bd35-4007-9bfa-55b2885cafb3?format=json&states=listing" "txfc6e3872f1f14020bd700-006980a792" "proxy-server 21" 0.0025 "-" 20 0
Feb 2 13:33:06 standalone proxy-server[127335]: 172.18.0.2 ::1 02/Feb/2026/13/33/06 GET /v1/AUTH_86427565a5b844ad9373a75cd08cf70d/gnocchi.08da9890-bd35-4007-9bfa-55b2885cafb3%3Fformat%3Djson%26states%3Dlisting HTTP/1.0 200 - python-swiftclient-3.11.1 gAAAAABpgKbLxM7K... - 2 - txfc6e3872f1f14020bd700-006980a792 - 0.0189 - - 1770039186.411182642 1770039186.430113792 0
Feb 2 13:33:06 standalone object-server[125524]: 172.20.0.100 - - [02/Feb/2026:13:33:06 +0000] "GET /d1/716/AUTH_86427565a5b844ad9373a75cd08cf70d/gnocchi.08da9890-bd35-4007-9bfa-55b2885cafb3/1769040000.0_mean_300.0_v3" 404 70 "GET http://localhost:8080/v1/AUTH_86427565a5b844ad9373a75cd08cf70d/gnocchi.08da9890-bd35-4007-9bfa-55b2885cafb3/1769040000.0_mean_300.0_v3" "txc194c6f482d44882bc075-006980a792" "proxy-server 21" 0.0004 "-" 22 0
Feb 2 13:33:06 standalone proxy-server[127335]: 172.18.0.2 ::1 02/Feb/2026/13/33/06 GET /v1/AUTH_86427565a5b844ad9373a75cd08cf70d/gnocchi.08da9890-bd35-4007-9bfa-55b2885cafb3/1769040000.0_mean_300.0_v3 HTTP/1.0 404 - python-swiftclient-3.11.1 gAAAAABpgKbLxM7K... - 70 - txc194c6f482d44882bc075-006980a792 - 0.0077 - - 1770039186.437873840 1770039186.445525646 0
Feb 2 13:33:06 standalone container-server[125317]: 172.20.0.100 - - [02/Feb/2026:13:33:06 +0000] "PUT /d1/778/AUTH_86427565a5b844ad9373a75cd08cf70d/gnocchi.08da9890-bd35-4007-9bfa-55b2885cafb3/1769040000.0_mean_300.0_v3" 201 - "PUT http://localhost:8080/d1/716/AUTH_86427565a5b844ad9373a75cd08cf70d/gnocchi.08da9890-bd35-4007-9bfa-55b2885cafb3/1769040000.0_mean_300.0_v3" "tx65194f8cdf5940b18c467-006980a792" "object-server 23" 0.0009 "-" 23 0
Feb 2 13:33:06 standalone object-server[125534]: 172.20.0.100 - - [02/Feb/2026:13:33:06 +0000] "PUT /d1/716/AUTH_86427565a5b844ad9373a75cd08cf70d/gnocchi.08da9890-bd35-4007-9bfa-55b2885cafb3/1769040000.0_mean_300.0_v3" 201 - "PUT http://localhost:8080/v1/AUTH_86427565a5b844ad9373a75cd08cf70d/gnocchi.08da9890-bd35-4007-9bfa-55b2885cafb3/1769040000.0_mean_300.0_v3" "tx65194f8cdf5940b18c467-006980a792" "proxy-server 21" 0.0122 "-" 23 0
Feb 2 13:33:06 standalone proxy-server[127335]: 172.18.0.2 ::1 02/Feb/2026/13/33/06 PUT /v1/AUTH_86427565a5b844ad9373a75cd08cf70d/gnocchi.08da9890-bd35-4007-9bfa-55b2885cafb3/1769040000.0_mean_300.0_v3 HTTP/1.0 201 - python-swiftclient-3.11.1 gAAAAABpgKbLxM7K... 16 - - tx65194f8cdf5940b18c467-006980a792 - 0.0203 - - 1770039186.449078560 1770039186.469405651 0
Feb 2 13:33:06 standalone container-server[125308]: 172.20.0.100 - - [02/Feb/2026:13:33:06 +0000] "PUT /d1/778/AUTH_86427565a5b844ad9373a75cd08cf70d/gnocchi.08da9890-bd35-4007-9bfa-55b2885cafb3/none_v3" 201 - "PUT http://localhost:8080/d1/1001/AUTH_86427565a5b844ad9373a75cd08cf70d/gnocchi.08da9890-bd35-4007-9bfa-55b2885cafb3/none_v3" "tx24dbb6b77510442384895-006980a792" "object-server 22" 0.0010 "-" 21 0
Feb 2 13:33:06 standalone object-server[125524]: 172.20.0.100 - - [02/Feb/2026:13:33:06 +0000] "PUT /d1/1001/AUTH_86427565a5b844ad9373a75cd08cf70d/gnocchi.08da9890-bd35-4007-9bfa-55b2885cafb3/none_v3" 201 - "PUT http://localhost:8080/v1/AUTH_86427565a5b844ad9373a75cd08cf70d/gnocchi.08da9890-bd35-4007-9bfa-55b2885cafb3/none_v3" "tx24dbb6b77510442384895-006980a792" "proxy-server 21" 0.0139 "-" 22 0
Feb 2 13:33:06 standalone proxy-server[127335]: 172.18.0.2 ::1 02/Feb/2026/13/33/06 PUT /v1/AUTH_86427565a5b844ad9373a75cd08cf70d/gnocchi.08da9890-bd35-4007-9bfa-55b2885cafb3/none_v3 HTTP/1.0 201 - python-swiftclient-3.11.1 gAAAAABpgKbLxM7K... 22 - - tx24dbb6b77510442384895-006980a792 - 0.0246 - - 1770039186.474465609 1770039186.499064922 0
Feb 2 13:33:06 standalone container-server[125308]: 172.20.0.100 - - [02/Feb/2026:13:33:06 +0000] "HEAD /d1/13/AUTH_86427565a5b844ad9373a75cd08cf70d/gnocchi.c3cbd6d2-238d-42af-9b31-9d024344a1ff" 404 - "HEAD http://localhost:8080/v1/AUTH_86427565a5b844ad9373a75cd08cf70d/gnocchi.c3cbd6d2-238d-42af-9b31-9d024344a1ff?format=json&states=listing" "tx0d828010ccae4d8f92824-006980a792" "proxy-server 21" 0.0006 "-" 21 0
Feb 2 13:33:06 standalone object-server[125541]: 172.20.0.100 - - [02/Feb/2026:13:33:06 +0000] "GET /d1/922/AUTH_86427565a5b844ad9373a75cd08cf70d/gnocchi.c3cbd6d2-238d-42af-9b31-9d024344a1ff/none_v3" 404 70 "GET http://localhost:8080/v1/AUTH_86427565a5b844ad9373a75cd08cf70d/gnocchi.c3cbd6d2-238d-42af-9b31-9d024344a1ff/none_v3" "tx0d828010ccae4d8f92824-006980a792" "proxy-server 21" 0.0004 "-" 24 0
Feb 2 13:33:06 standalone proxy-server[127335]: 172.18.0.2 ::1 02/Feb/2026/13/33/06 GET /v1/AUTH_86427565a5b844ad9373a75cd08cf70d/gnocchi.c3cbd6d2-238d-42af-9b31-9d024344a1ff/none_v3 HTTP/1.0 404 - python-swiftclient-3.11.1 gAAAAABpgKbLxM7K... - 70 - tx0d828010ccae4d8f92824-006980a792 - 0.0108 - - 1770039186.523122787 1770039186.533874750 0
Feb 2 13:33:06 standalone account-server[125127]: 172.20.0.100 - - [02/Feb/2026:13:33:06 +0000] "PUT /d1/882/AUTH_86427565a5b844ad9373a75cd08cf70d/gnocchi.c3cbd6d2-238d-42af-9b31-9d024344a1ff" 201 - "PUT http://172.20.0.100:6001/d1/13/AUTH_86427565a5b844ad9373a75cd08cf70d/gnocchi.c3cbd6d2-238d-42af-9b31-9d024344a1ff" "tx37b00d979a1c4a14b8eee-006980a792" "container-server 23" 0.0045 "-" 23 0
Feb 2 13:33:06 standalone container-server[125317]: 172.20.0.100 - - [02/Feb/2026:13:33:06 +0000] "PUT /d1/13/AUTH_86427565a5b844ad9373a75cd08cf70d/gnocchi.c3cbd6d2-238d-42af-9b31-9d024344a1ff" 201 - "PUT http://localhost:8080/v1/AUTH_86427565a5b844ad9373a75cd08cf70d/gnocchi.c3cbd6d2-238d-42af-9b31-9d024344a1ff" "tx37b00d979a1c4a14b8eee-006980a792" "proxy-server 21" 0.0149 "-" 23 0
Feb 2 13:33:06 standalone proxy-server[127335]: 172.18.0.2 ::1 02/Feb/2026/13/33/06 PUT /v1/AUTH_86427565a5b844ad9373a75cd08cf70d/gnocchi.c3cbd6d2-238d-42af-9b31-9d024344a1ff HTTP/1.0 201 - python-swiftclient-3.11.1 gAAAAABpgKbLxM7K... - - - tx37b00d979a1c4a14b8eee-006980a792 - 0.0207 - - 1770039186.541111708 1770039186.561833143 0
Feb 2 13:33:06 standalone container-server[125317]: 172.20.0.100 - - [02/Feb/2026:13:33:06 +0000] "HEAD /d1/13/AUTH_86427565a5b844ad9373a75cd08cf70d/gnocchi.c3cbd6d2-238d-42af-9b31-9d024344a1ff" 204 - "HEAD http://localhost:8080/v1/AUTH_86427565a5b844ad9373a75cd08cf70d/gnocchi.c3cbd6d2-238d-42af-9b31-9d024344a1ff?format=json&states=listing" "tx48a0886106df421b9fb10-006980a792" "proxy-server 21" 0.0023 "-" 23 0
Feb 2 13:33:06 standalone proxy-server[127335]: - - 02/Feb/2026/13/33/06 HEAD /v1/AUTH_86427565a5b844ad9373a75cd08cf70d/gnocchi.c3cbd6d2-238d-42af-9b31-9d024344a1ff%3Fformat%3Djson%26states%3Dlisting HTTP/1.0 204 - Swift - - - - tx48a0886106df421b9fb10-006980a792 - 0.0063 RL - 1770039186.568133593 1770039186.574425697 0
Feb 2 13:33:06 standalone container-server[125311]: 172.20.0.100 - - [02/Feb/2026:13:33:06 +0000] "GET /d1/13/AUTH_86427565a5b844ad9373a75cd08cf70d/gnocchi.c3cbd6d2-238d-42af-9b31-9d024344a1ff" 200 2 "GET http://localhost:8080/v1/AUTH_86427565a5b844ad9373a75cd08cf70d/gnocchi.c3cbd6d2-238d-42af-9b31-9d024344a1ff?format=json&states=listing" "tx48a0886106df421b9fb10-006980a792" "proxy-server 21" 0.0017 "-" 22 0
Feb 2 13:33:06 standalone proxy-server[127335]: 172.18.0.2 ::1 02/Feb/2026/13/33/06 GET /v1/AUTH_86427565a5b844ad9373a75cd08cf70d/gnocchi.c3cbd6d2-238d-42af-9b31-9d024344a1ff%3Fformat%3Djson%26states%3Dlisting HTTP/1.0 200 - python-swiftclient-3.11.1 gAAAAABpgKbLxM7K... - 2 - tx48a0886106df421b9fb10-006980a792 - 0.0136 - - 1770039186.567088842 1770039186.580641985 0
Feb 2 13:33:06 standalone object-server[125534]: 172.20.0.100 - - [02/Feb/2026:13:33:06 +0000] "GET /d1/286/AUTH_86427565a5b844ad9373a75cd08cf70d/gnocchi.c3cbd6d2-238d-42af-9b31-9d024344a1ff/1769040000.0_mean_300.0_v3" 404 70 "GET http://localhost:8080/v1/AUTH_86427565a5b844ad9373a75cd08cf70d/gnocchi.c3cbd6d2-238d-42af-9b31-9d024344a1ff/1769040000.0_mean_300.0_v3" "txc39f79b8bd6f4f19a141d-006980a792" "proxy-server 21" 0.0004 "-" 23 0
Feb 2 13:33:06 standalone proxy-server[127335]: 172.18.0.2 ::1 02/Feb/2026/13/33/06 GET /v1/AUTH_86427565a5b844ad9373a75cd08cf70d/gnocchi.c3cbd6d2-238d-42af-9b31-9d024344a1ff/1769040000.0_mean_300.0_v3 HTTP/1.0 404 - python-swiftclient-3.11.1 gAAAAABpgKbLxM7K... - 70 - txc39f79b8bd6f4f19a141d-006980a792 - 0.0048 - - 1770039186.586040735 1770039186.590836525 0
Feb 2 13:33:06 standalone container-server[125311]: 172.20.0.100 - - [02/Feb/2026:13:33:06 +0000] "PUT /d1/13/AUTH_86427565a5b844ad9373a75cd08cf70d/gnocchi.c3cbd6d2-238d-42af-9b31-9d024344a1ff/1769040000.0_mean_300.0_v3" 201 - "PUT http://localhost:8080/d1/286/AUTH_86427565a5b844ad9373a75cd08cf70d/gnocchi.c3cbd6d2-238d-42af-9b31-9d024344a1ff/1769040000.0_mean_300.0_v3" "tx25e6abcecb0a41f98ac6d-006980a792" "object-server 24" 0.0004 "-" 22 0
Feb 2 13:33:06 standalone object-server[125541]: 172.20.0.100 - - [02/Feb/2026:13:33:06 +0000] "PUT /d1/286/AUTH_86427565a5b844ad9373a75cd08cf70d/gnocchi.c3cbd6d2-238d-42af-9b31-9d024344a1ff/1769040000.0_mean_300.0_v3" 201 - "PUT http://localhost:8080/v1/AUTH_86427565a5b844ad9373a75cd08cf70d/gnocchi.c3cbd6d2-238d-42af-9b31-9d024344a1ff/1769040000.0_mean_300.0_v3" "tx25e6abcecb0a41f98ac6d-006980a792" "proxy-server 21" 0.0077 "-" 24 0
Feb 2 13:33:06 standalone proxy-server[127335]: 172.18.0.2 ::1 02/Feb/2026/13/33/06 PUT /v1/AUTH_86427565a5b844ad9373a75cd08cf70d/gnocchi.c3cbd6d2-238d-42af-9b31-9d024344a1ff/1769040000.0_mean_300.0_v3 HTTP/1.0 201 - python-swiftclient-3.11.1 gAAAAABpgKbLxM7K... 16 - - tx25e6abcecb0a41f98ac6d-006980a792 - 0.0124 - - 1770039186.594179869 1770039186.606545210 0
Feb 2 13:33:06 standalone container-server[125307]: 172.20.0.100 - - [02/Feb/2026:13:33:06 +0000] "PUT /d1/13/AUTH_86427565a5b844ad9373a75cd08cf70d/gnocchi.c3cbd6d2-238d-42af-9b31-9d024344a1ff/none_v3" 201 - "PUT http://localhost:8080/d1/922/AUTH_86427565a5b844ad9373a75cd08cf70d/gnocchi.c3cbd6d2-238d-42af-9b31-9d024344a1ff/none_v3" "tx0d1ae2995dac48809ba1f-006980a792" "object-server 23" 0.0004 "-" 20 0
Feb 2 13:33:06 standalone object-server[125534]: 172.20.0.100 - - [02/Feb/2026:13:33:06 +0000] "PUT /d1/922/AUTH_86427565a5b844ad9373a75cd08cf70d/gnocchi.c3cbd6d2-238d-42af-9b31-9d024344a1ff/none_v3" 201 - "PUT http://localhost:8080/v1/AUTH_86427565a5b844ad9373a75cd08cf70d/gnocchi.c3cbd6d2-238d-42af-9b31-9d024344a1ff/none_v3" "tx0d1ae2995dac48809ba1f-006980a792" "proxy-server 21" 0.0095 "-" 23 0
Feb 2 13:33:06 standalone proxy-server[127335]: 172.18.0.2 ::1 02/Feb/2026/13/33/06 PUT /v1/AUTH_86427565a5b844ad9373a75cd08cf70d/gnocchi.c3cbd6d2-238d-42af-9b31-9d024344a1ff/none_v3 HTTP/1.0 201 - python-swiftclient-3.11.1 gAAAAABpgKbLxM7K... 22 - - tx0d1ae2995dac48809ba1f-006980a792 - 0.0143 - - 1770039186.609801769 1770039186.624072075 0
Feb 2 13:33:06 standalone container-server[125311]: 172.20.0.100 - - [02/Feb/2026:13:33:06 +0000] "HEAD /d1/28/AUTH_86427565a5b844ad9373a75cd08cf70d/gnocchi.1b892cf8-0062-433b-a5ef-5d1f8f40f24b" 404 - "HEAD http://localhost:8080/v1/AUTH_86427565a5b844ad9373a75cd08cf70d/gnocchi.1b892cf8-0062-433b-a5ef-5d1f8f40f24b?format=json&states=listing" "tx12cc50e5a26d46d5a8fe4-006980a792" "proxy-server 21" 0.0004 "-" 22 0
Feb 2 13:33:06 standalone object-server[125524]: 172.20.0.100 - - [02/Feb/2026:13:33:06 +0000] "GET /d1/380/AUTH_86427565a5b844ad9373a75cd08cf70d/gnocchi.1b892cf8-0062-433b-a5ef-5d1f8f40f24b/none_v3" 404 70 "GET http://localhost:8080/v1/AUTH_86427565a5b844ad9373a75cd08cf70d/gnocchi.1b892cf8-0062-433b-a5ef-5d1f8f40f24b/none_v3" "tx12cc50e5a26d46d5a8fe4-006980a792" "proxy-server 21" 0.0006 "-" 22 0
Feb 2 13:33:06 standalone proxy-server[127335]: 172.18.0.2 ::1 02/Feb/2026/13/33/06 GET /v1/AUTH_86427565a5b844ad9373a75cd08cf70d/gnocchi.1b892cf8-0062-433b-a5ef-5d1f8f40f24b/none_v3 HTTP/1.0 404 - python-swiftclient-3.11.1 gAAAAABpgKbLxM7K... - 70 - tx12cc50e5a26d46d5a8fe4-006980a792 - 0.0116 - - 1770039186.634241104 1770039186.645858526 0
Feb 2 13:33:06 standalone account-server[125087]: 172.20.0.100 - - [02/Feb/2026:13:33:06 +0000] "PUT /d1/882/AUTH_86427565a5b844ad9373a75cd08cf70d/gnocchi.1b892cf8-0062-433b-a5ef-5d1f8f40f24b" 201 - "PUT http://172.20.0.100:6001/d1/28/AUTH_86427565a5b844ad9373a75cd08cf70d/gnocchi.1b892cf8-0062-433b-a5ef-5d1f8f40f24b" "tx14c7961f19ff4dd3b8493-006980a792" "container-server 23" 0.0043 "-" 20 0
Feb 2 13:33:06 standalone container-server[125317]: 172.20.0.100 - - [02/Feb/2026:13:33:06 +0000] "PUT /d1/28/AUTH_86427565a5b844ad9373a75cd08cf70d/gnocchi.1b892cf8-0062-433b-a5ef-5d1f8f40f24b" 201 - "PUT http://localhost:8080/v1/AUTH_86427565a5b844ad9373a75cd08cf70d/gnocchi.1b892cf8-0062-433b-a5ef-5d1f8f40f24b" "tx14c7961f19ff4dd3b8493-006980a792" "proxy-server 21" 0.0175 "-" 23 0
Feb 2 13:33:06 standalone proxy-server[127335]: 172.18.0.2 ::1 02/Feb/2026/13/33/06 PUT /v1/AUTH_86427565a5b844ad9373a75cd08cf70d/gnocchi.1b892cf8-0062-433b-a5ef-5d1f8f40f24b HTTP/1.0 201 - python-swiftclient-3.11.1 gAAAAABpgKbLxM7K... - - - tx14c7961f19ff4dd3b8493-006980a792 - 0.0236 - - 1770039186.650213003 1770039186.673804522 0
Feb 2 13:33:06 standalone container-server[125307]: 172.20.0.100 - - [02/Feb/2026:13:33:06 +0000] "HEAD /d1/28/AUTH_86427565a5b844ad9373a75cd08cf70d/gnocchi.1b892cf8-0062-433b-a5ef-5d1f8f40f24b" 204 - "HEAD http://localhost:8080/v1/AUTH_86427565a5b844ad9373a75cd08cf70d/gnocchi.1b892cf8-0062-433b-a5ef-5d1f8f40f24b?format=json&states=listing" "txcc35db7b5b9f4e048e9de-006980a792" "proxy-server 21" 0.0011 "-" 20 0
Feb 2 13:33:06 standalone proxy-server[127335]: - - 02/Feb/2026/13/33/06 HEAD /v1/AUTH_86427565a5b844ad9373a75cd08cf70d/gnocchi.1b892cf8-0062-433b-a5ef-5d1f8f40f24b%3Fformat%3Djson%26states%3Dlisting HTTP/1.0 204 - Swift - - - - txcc35db7b5b9f4e048e9de-006980a792 - 0.0037 RL - 1770039186.677668810 1770039186.681364298 0
Feb 2 13:33:06 standalone container-server[125307]: 172.20.0.100 - - [02/Feb/2026:13:33:06 +0000] "GET /d1/28/AUTH_86427565a5b844ad9373a75cd08cf70d/gnocchi.1b892cf8-0062-433b-a5ef-5d1f8f40f24b" 200 2 "GET http://localhost:8080/v1/AUTH_86427565a5b844ad9373a75cd08cf70d/gnocchi.1b892cf8-0062-433b-a5ef-5d1f8f40f24b?format=json&states=listing" "txcc35db7b5b9f4e048e9de-006980a792" "proxy-server 21" 0.0015 "-" 20 0
Feb 2 13:33:06 standalone proxy-server[127335]: 172.18.0.2 ::1 02/Feb/2026/13/33/06 GET /v1/AUTH_86427565a5b844ad9373a75cd08cf70d/gnocchi.1b892cf8-0062-433b-a5ef-5d1f8f40f24b%3Fformat%3Djson%26states%3Dlisting HTTP/1.0 200 - python-swiftclient-3.11.1 gAAAAABpgKbLxM7K... - 2 - txcc35db7b5b9f4e048e9de-006980a792 - 0.0134 - - 1770039186.676877499 1770039186.690255642 0
Feb 2 13:33:06 standalone object-server[125541]: 172.20.0.100 - - [02/Feb/2026:13:33:06 +0000] "GET /d1/148/AUTH_86427565a5b844ad9373a75cd08cf70d/gnocchi.1b892cf8-0062-433b-a5ef-5d1f8f40f24b/1769040000.0_mean_300.0_v3" 404 70 "GET http://localhost:8080/v1/AUTH_86427565a5b844ad9373a75cd08cf70d/gnocchi.1b892cf8-0062-433b-a5ef-5d1f8f40f24b/1769040000.0_mean_300.0_v3" "txa6ff773ad44341229682c-006980a792" "proxy-server 21" 0.0003 "-" 24 0
