Feb 2 13:33:06 standalone proxy-server[127335]: 172.18.0.2 ::1 02/Feb/2026/13/33/06 GET /v1/AUTH_86427565a5b844ad9373a75cd08cf70d/gnocchi.1b892cf8-0062-433b-a5ef-5d1f8f40f24b/1769040000.0_mean_300.0_v3 HTTP/1.0 404 - python-swiftclient-3.11.1 gAAAAABpgKbLxM7K... - 70 - txa6ff773ad44341229682c-006980a792 - 0.0076 - - 1770039186.693475008 1770039186.701071501 0
Feb 2 13:33:06 standalone container-server[125307]: 172.20.0.100 - - [02/Feb/2026:13:33:06 +0000] "PUT /d1/28/AUTH_86427565a5b844ad9373a75cd08cf70d/gnocchi.1b892cf8-0062-433b-a5ef-5d1f8f40f24b/1769040000.0_mean_300.0_v3" 201 - "PUT http://localhost:8080/d1/148/AUTH_86427565a5b844ad9373a75cd08cf70d/gnocchi.1b892cf8-0062-433b-a5ef-5d1f8f40f24b/1769040000.0_mean_300.0_v3" "txedd816da6ca4414ea3850-006980a792" "object-server 23" 0.0010 "-" 20 0
Feb 2 13:33:06 standalone object-server[125534]: 172.20.0.100 - - [02/Feb/2026:13:33:06 +0000] "PUT /d1/148/AUTH_86427565a5b844ad9373a75cd08cf70d/gnocchi.1b892cf8-0062-433b-a5ef-5d1f8f40f24b/1769040000.0_mean_300.0_v3" 201 - "PUT http://localhost:8080/v1/AUTH_86427565a5b844ad9373a75cd08cf70d/gnocchi.1b892cf8-0062-433b-a5ef-5d1f8f40f24b/1769040000.0_mean_300.0_v3" "txedd816da6ca4414ea3850-006980a792" "proxy-server 21" 0.0164 "-" 23 0
Feb 2 13:33:06 standalone proxy-server[127335]: 172.18.0.2 ::1 02/Feb/2026/13/33/06 PUT /v1/AUTH_86427565a5b844ad9373a75cd08cf70d/gnocchi.1b892cf8-0062-433b-a5ef-5d1f8f40f24b/1769040000.0_mean_300.0_v3 HTTP/1.0 201 - python-swiftclient-3.11.1 gAAAAABpgKbLxM7K... 16 - - txedd816da6ca4414ea3850-006980a792 - 0.0254 - - 1770039186.703780890 1770039186.729169369 0
Feb 2 13:33:06 standalone container-server[125311]: 172.20.0.100 - - [02/Feb/2026:13:33:06 +0000] "PUT /d1/28/AUTH_86427565a5b844ad9373a75cd08cf70d/gnocchi.1b892cf8-0062-433b-a5ef-5d1f8f40f24b/none_v3" 201 - "PUT http://localhost:8080/d1/380/AUTH_86427565a5b844ad9373a75cd08cf70d/gnocchi.1b892cf8-0062-433b-a5ef-5d1f8f40f24b/none_v3" "txcaf1aa39d5794baa9def2-006980a792" "object-server 25" 0.0006 "-" 22 0
Feb 2 13:33:06 standalone object-server[125544]: 172.20.0.100 - - [02/Feb/2026:13:33:06 +0000] "PUT /d1/380/AUTH_86427565a5b844ad9373a75cd08cf70d/gnocchi.1b892cf8-0062-433b-a5ef-5d1f8f40f24b/none_v3" 201 - "PUT http://localhost:8080/v1/AUTH_86427565a5b844ad9373a75cd08cf70d/gnocchi.1b892cf8-0062-433b-a5ef-5d1f8f40f24b/none_v3" "txcaf1aa39d5794baa9def2-006980a792" "proxy-server 21" 0.0150 "-" 25 0
Feb 2 13:33:06 standalone proxy-server[127335]: 172.18.0.2 ::1 02/Feb/2026/13/33/06 PUT /v1/AUTH_86427565a5b844ad9373a75cd08cf70d/gnocchi.1b892cf8-0062-433b-a5ef-5d1f8f40f24b/none_v3 HTTP/1.0 201 - python-swiftclient-3.11.1 gAAAAABpgKbLxM7K... 22 - - txcaf1aa39d5794baa9def2-006980a792 - 0.0211 - - 1770039186.733356237 1770039186.754492998 0
Feb 2 13:33:06 standalone container-server[125317]: 172.20.0.100 - - [02/Feb/2026:13:33:06 +0000] "HEAD /d1/987/AUTH_86427565a5b844ad9373a75cd08cf70d/gnocchi.d7ba7271-d42f-44aa-901a-2719613f703b" 404 - "HEAD http://localhost:8080/v1/AUTH_86427565a5b844ad9373a75cd08cf70d/gnocchi.d7ba7271-d42f-44aa-901a-2719613f703b?format=json&states=listing" "tx20cd791c01e44043acbe0-006980a792" "proxy-server 21" 0.0006 "-" 23 0
Feb 2 13:33:06 standalone object-server[125544]: 172.20.0.100 - - [02/Feb/2026:13:33:06 +0000] "GET /d1/539/AUTH_86427565a5b844ad9373a75cd08cf70d/gnocchi.d7ba7271-d42f-44aa-901a-2719613f703b/none_v3" 404 70 "GET http://localhost:8080/v1/AUTH_86427565a5b844ad9373a75cd08cf70d/gnocchi.d7ba7271-d42f-44aa-901a-2719613f703b/none_v3" "tx20cd791c01e44043acbe0-006980a792" "proxy-server 21" 0.0005 "-" 25 0
Feb 2 13:33:06 standalone proxy-server[127335]: 172.18.0.2 ::1 02/Feb/2026/13/33/06 GET /v1/AUTH_86427565a5b844ad9373a75cd08cf70d/gnocchi.d7ba7271-d42f-44aa-901a-2719613f703b/none_v3 HTTP/1.0 404 - python-swiftclient-3.11.1 gAAAAABpgKbLxM7K... - 70 - tx20cd791c01e44043acbe0-006980a792 - 0.0102 - - 1770039186.771963120 1770039186.782127142 0
Feb 2 13:33:06 standalone account-server[125087]: 172.20.0.100 - - [02/Feb/2026:13:33:06 +0000] "PUT /d1/882/AUTH_86427565a5b844ad9373a75cd08cf70d/gnocchi.d7ba7271-d42f-44aa-901a-2719613f703b" 201 - "PUT http://172.20.0.100:6001/d1/987/AUTH_86427565a5b844ad9373a75cd08cf70d/gnocchi.d7ba7271-d42f-44aa-901a-2719613f703b" "txeaa7721a06e14cab919de-006980a792" "container-server 21" 0.0044 "-" 20 0
Feb 2 13:33:06 standalone container-server[125308]: 172.20.0.100 - - [02/Feb/2026:13:33:06 +0000] "PUT /d1/987/AUTH_86427565a5b844ad9373a75cd08cf70d/gnocchi.d7ba7271-d42f-44aa-901a-2719613f703b" 201 - "PUT http://localhost:8080/v1/AUTH_86427565a5b844ad9373a75cd08cf70d/gnocchi.d7ba7271-d42f-44aa-901a-2719613f703b" "txeaa7721a06e14cab919de-006980a792" "proxy-server 21" 0.0160 "-" 21 0
Feb 2 13:33:06 standalone proxy-server[127335]: 172.18.0.2 ::1 02/Feb/2026/13/33/06 PUT /v1/AUTH_86427565a5b844ad9373a75cd08cf70d/gnocchi.d7ba7271-d42f-44aa-901a-2719613f703b HTTP/1.0 201 - python-swiftclient-3.11.1 gAAAAABpgKbLxM7K... - - - txeaa7721a06e14cab919de-006980a792 - 0.0201 - - 1770039186.784418583 1770039186.804525375 0
Feb 2 13:33:06 standalone container-server[125307]: 172.20.0.100 - - [02/Feb/2026:13:33:06 +0000] "HEAD /d1/987/AUTH_86427565a5b844ad9373a75cd08cf70d/gnocchi.d7ba7271-d42f-44aa-901a-2719613f703b" 204 - "HEAD http://localhost:8080/v1/AUTH_86427565a5b844ad9373a75cd08cf70d/gnocchi.d7ba7271-d42f-44aa-901a-2719613f703b?format=json&states=listing" "tx9085f6dd0e324c3bb4cf8-006980a792" "proxy-server 21" 0.0012 "-" 20 0
Feb 2 13:33:06 standalone proxy-server[127335]: - - 02/Feb/2026/13/33/06 HEAD /v1/AUTH_86427565a5b844ad9373a75cd08cf70d/gnocchi.d7ba7271-d42f-44aa-901a-2719613f703b%3Fformat%3Djson%26states%3Dlisting HTTP/1.0 204 - Swift - - - - tx9085f6dd0e324c3bb4cf8-006980a792 - 0.0048 RL - 1770039186.809069157 1770039186.813859224 0
Feb 2 13:33:06 standalone container-server[125307]: 172.20.0.100 - - [02/Feb/2026:13:33:06 +0000] "GET /d1/987/AUTH_86427565a5b844ad9373a75cd08cf70d/gnocchi.d7ba7271-d42f-44aa-901a-2719613f703b" 200 2 "GET http://localhost:8080/v1/AUTH_86427565a5b844ad9373a75cd08cf70d/gnocchi.d7ba7271-d42f-44aa-901a-2719613f703b?format=json&states=listing" "tx9085f6dd0e324c3bb4cf8-006980a792" "proxy-server 21" 0.0018 "-" 20 0
Feb 2 13:33:06 standalone proxy-server[127335]: 172.18.0.2 ::1 02/Feb/2026/13/33/06 GET /v1/AUTH_86427565a5b844ad9373a75cd08cf70d/gnocchi.d7ba7271-d42f-44aa-901a-2719613f703b%3Fformat%3Djson%26states%3Dlisting HTTP/1.0 200 - python-swiftclient-3.11.1 gAAAAABpgKbLxM7K... - 2 - tx9085f6dd0e324c3bb4cf8-006980a792 - 0.0133 - - 1770039186.807620764 1770039186.820902109 0
Feb 2 13:33:06 standalone object-server[125544]: 172.20.0.100 - - [02/Feb/2026:13:33:06 +0000] "GET /d1/132/AUTH_86427565a5b844ad9373a75cd08cf70d/gnocchi.d7ba7271-d42f-44aa-901a-2719613f703b/1769040000.0_mean_300.0_v3" 404 70 "GET http://localhost:8080/v1/AUTH_86427565a5b844ad9373a75cd08cf70d/gnocchi.d7ba7271-d42f-44aa-901a-2719613f703b/1769040000.0_mean_300.0_v3" "txb8252a7ea4f54bb4bd3df-006980a792" "proxy-server 21" 0.0005 "-" 25 0
Feb 2 13:33:06 standalone proxy-server[127335]: 172.18.0.2 ::1 02/Feb/2026/13/33/06 GET /v1/AUTH_86427565a5b844ad9373a75cd08cf70d/gnocchi.d7ba7271-d42f-44aa-901a-2719613f703b/1769040000.0_mean_300.0_v3 HTTP/1.0 404 - python-swiftclient-3.11.1 gAAAAABpgKbLxM7K... - 70 - txb8252a7ea4f54bb4bd3df-006980a792 - 0.0060 - - 1770039186.824254513 1770039186.830250263 0
Feb 2 13:33:06 standalone container-server[125307]: 172.20.0.100 - - [02/Feb/2026:13:33:06 +0000] "PUT /d1/987/AUTH_86427565a5b844ad9373a75cd08cf70d/gnocchi.d7ba7271-d42f-44aa-901a-2719613f703b/1769040000.0_mean_300.0_v3" 201 - "PUT http://localhost:8080/d1/132/AUTH_86427565a5b844ad9373a75cd08cf70d/gnocchi.d7ba7271-d42f-44aa-901a-2719613f703b/1769040000.0_mean_300.0_v3" "txe77d7a9acce44587a5c4d-006980a792" "object-server 25" 0.0005 "-" 20 0
Feb 2 13:33:06 standalone object-server[125544]: 172.20.0.100 - - [02/Feb/2026:13:33:06 +0000] "PUT /d1/132/AUTH_86427565a5b844ad9373a75cd08cf70d/gnocchi.d7ba7271-d42f-44aa-901a-2719613f703b/1769040000.0_mean_300.0_v3" 201 - "PUT http://localhost:8080/v1/AUTH_86427565a5b844ad9373a75cd08cf70d/gnocchi.d7ba7271-d42f-44aa-901a-2719613f703b/1769040000.0_mean_300.0_v3" "txe77d7a9acce44587a5c4d-006980a792" "proxy-server 21" 0.0112 "-" 25 0
Feb 2 13:33:06 standalone proxy-server[127335]: 172.18.0.2 ::1 02/Feb/2026/13/33/06 PUT /v1/AUTH_86427565a5b844ad9373a75cd08cf70d/gnocchi.d7ba7271-d42f-44aa-901a-2719613f703b/1769040000.0_mean_300.0_v3 HTTP/1.0 201 - python-swiftclient-3.11.1 gAAAAABpgKbLxM7K... 16 - - txe77d7a9acce44587a5c4d-006980a792 - 0.0180 - - 1770039186.832890511 1770039186.850913763 0
Feb 2 13:33:06 standalone container-server[125307]: 172.20.0.100 - - [02/Feb/2026:13:33:06 +0000] "PUT /d1/987/AUTH_86427565a5b844ad9373a75cd08cf70d/gnocchi.d7ba7271-d42f-44aa-901a-2719613f703b/none_v3" 201 - "PUT http://localhost:8080/d1/539/AUTH_86427565a5b844ad9373a75cd08cf70d/gnocchi.d7ba7271-d42f-44aa-901a-2719613f703b/none_v3" "tx18879d81f1d040f5af218-006980a792" "object-server 24" 0.0007 "-" 20 0
Feb 2 13:33:06 standalone object-server[125541]: 172.20.0.100 - - [02/Feb/2026:13:33:06 +0000] "PUT /d1/539/AUTH_86427565a5b844ad9373a75cd08cf70d/gnocchi.d7ba7271-d42f-44aa-901a-2719613f703b/none_v3" 201 - "PUT http://localhost:8080/v1/AUTH_86427565a5b844ad9373a75cd08cf70d/gnocchi.d7ba7271-d42f-44aa-901a-2719613f703b/none_v3" "tx18879d81f1d040f5af218-006980a792" "proxy-server 21" 0.0110 "-" 24 0
Feb 2 13:33:06 standalone proxy-server[127335]: 172.18.0.2 ::1 02/Feb/2026/13/33/06 PUT /v1/AUTH_86427565a5b844ad9373a75cd08cf70d/gnocchi.d7ba7271-d42f-44aa-901a-2719613f703b/none_v3 HTTP/1.0 201 - python-swiftclient-3.11.1 gAAAAABpgKbLxM7K... 22 - - tx18879d81f1d040f5af218-006980a792 - 0.0195 - - 1770039186.854724646 1770039186.874215841 0
Feb 2 13:33:06 standalone container-server[125317]: 172.20.0.100 - - [02/Feb/2026:13:33:06 +0000] "HEAD /d1/443/AUTH_86427565a5b844ad9373a75cd08cf70d/gnocchi.e41f3738-e036-46bb-8206-ecc9ef2b7612" 404 - "HEAD http://localhost:8080/v1/AUTH_86427565a5b844ad9373a75cd08cf70d/gnocchi.e41f3738-e036-46bb-8206-ecc9ef2b7612?format=json&states=listing" "tx6fb881173e2b445eabc4c-006980a792" "proxy-server 21" 0.0006 "-" 23 0
Feb 2 13:33:06 standalone object-server[125524]: 172.20.0.100 - - [02/Feb/2026:13:33:06 +0000] "GET /d1/299/AUTH_86427565a5b844ad9373a75cd08cf70d/gnocchi.e41f3738-e036-46bb-8206-ecc9ef2b7612/none_v3" 404 70 "GET http://localhost:8080/v1/AUTH_86427565a5b844ad9373a75cd08cf70d/gnocchi.e41f3738-e036-46bb-8206-ecc9ef2b7612/none_v3" "tx6fb881173e2b445eabc4c-006980a792" "proxy-server 21" 0.0003 "-" 22 0
Feb 2 13:33:06 standalone proxy-server[127335]: 172.18.0.2 ::1 02/Feb/2026/13/33/06 GET /v1/AUTH_86427565a5b844ad9373a75cd08cf70d/gnocchi.e41f3738-e036-46bb-8206-ecc9ef2b7612/none_v3 HTTP/1.0 404 - python-swiftclient-3.11.1 gAAAAABpgKbLxM7K... - 70 - tx6fb881173e2b445eabc4c-006980a792 - 0.0180 - - 1770039186.887314796 1770039186.905297995 0
Feb 2 13:33:06 standalone account-server[125119]: 172.20.0.100 - - [02/Feb/2026:13:33:06 +0000] "PUT /d1/882/AUTH_86427565a5b844ad9373a75cd08cf70d/gnocchi.e41f3738-e036-46bb-8206-ecc9ef2b7612" 201 - "PUT http://172.20.0.100:6001/d1/443/AUTH_86427565a5b844ad9373a75cd08cf70d/gnocchi.e41f3738-e036-46bb-8206-ecc9ef2b7612" "tx5eefe7b816a041da81297-006980a792" "container-server 23" 0.0065 "-" 22 0
Feb 2 13:33:06 standalone container-server[125317]: 172.20.0.100 - - [02/Feb/2026:13:33:06 +0000] "PUT /d1/443/AUTH_86427565a5b844ad9373a75cd08cf70d/gnocchi.e41f3738-e036-46bb-8206-ecc9ef2b7612" 201 - "PUT http://localhost:8080/v1/AUTH_86427565a5b844ad9373a75cd08cf70d/gnocchi.e41f3738-e036-46bb-8206-ecc9ef2b7612" "tx5eefe7b816a041da81297-006980a792" "proxy-server 21" 0.0222 "-" 23 0
Feb 2 13:33:06 standalone proxy-server[127335]: 172.18.0.2 ::1 02/Feb/2026/13/33/06 PUT /v1/AUTH_86427565a5b844ad9373a75cd08cf70d/gnocchi.e41f3738-e036-46bb-8206-ecc9ef2b7612 HTTP/1.0 201 - python-swiftclient-3.11.1 gAAAAABpgKbLxM7K... - - - tx5eefe7b816a041da81297-006980a792 - 0.0288 - - 1770039186.910390377 1770039186.939223289 0
Feb 2 13:33:06 standalone container-server[125307]: 172.20.0.100 - - [02/Feb/2026:13:33:06 +0000] "HEAD /d1/443/AUTH_86427565a5b844ad9373a75cd08cf70d/gnocchi.e41f3738-e036-46bb-8206-ecc9ef2b7612" 204 - "HEAD http://localhost:8080/v1/AUTH_86427565a5b844ad9373a75cd08cf70d/gnocchi.e41f3738-e036-46bb-8206-ecc9ef2b7612?format=json&states=listing" "tx59ba4adcf07c414991501-006980a792" "proxy-server 21" 0.0017 "-" 20 0
Feb 2 13:33:06 standalone proxy-server[127335]: - - 02/Feb/2026/13/33/06 HEAD /v1/AUTH_86427565a5b844ad9373a75cd08cf70d/gnocchi.e41f3738-e036-46bb-8206-ecc9ef2b7612%3Fformat%3Djson%26states%3Dlisting HTTP/1.0 204 - Swift - - - - tx59ba4adcf07c414991501-006980a792 - 0.0054 RL - 1770039186.944846869 1770039186.950246811 0
Feb 2 13:33:06 standalone container-server[125307]: 172.20.0.100 - - [02/Feb/2026:13:33:06 +0000] "GET /d1/443/AUTH_86427565a5b844ad9373a75cd08cf70d/gnocchi.e41f3738-e036-46bb-8206-ecc9ef2b7612" 200 2 "GET http://localhost:8080/v1/AUTH_86427565a5b844ad9373a75cd08cf70d/gnocchi.e41f3738-e036-46bb-8206-ecc9ef2b7612?format=json&states=listing" "tx59ba4adcf07c414991501-006980a792" "proxy-server 21" 0.0016 "-" 20 0
Feb 2 13:33:06 standalone proxy-server[127335]: 172.18.0.2 ::1 02/Feb/2026/13/33/06 GET /v1/AUTH_86427565a5b844ad9373a75cd08cf70d/gnocchi.e41f3738-e036-46bb-8206-ecc9ef2b7612%3Fformat%3Djson%26states%3Dlisting HTTP/1.0 200 - python-swiftclient-3.11.1 gAAAAABpgKbLxM7K... - 2 - tx59ba4adcf07c414991501-006980a792 - 0.0138 - - 1770039186.943651915 1770039186.957458735 0
Feb 2 13:33:06 standalone object-server[125534]: 172.20.0.100 - - [02/Feb/2026:13:33:06 +0000] "GET /d1/116/AUTH_86427565a5b844ad9373a75cd08cf70d/gnocchi.e41f3738-e036-46bb-8206-ecc9ef2b7612/1769040000.0_mean_300.0_v3" 404 70 "GET http://localhost:8080/v1/AUTH_86427565a5b844ad9373a75cd08cf70d/gnocchi.e41f3738-e036-46bb-8206-ecc9ef2b7612/1769040000.0_mean_300.0_v3" "tx91ab938d207f4acd9891a-006980a792" "proxy-server 21" 0.0007 "-" 23 0
Feb 2 13:33:06 standalone proxy-server[127335]: 172.18.0.2 ::1 02/Feb/2026/13/33/06 GET /v1/AUTH_86427565a5b844ad9373a75cd08cf70d/gnocchi.e41f3738-e036-46bb-8206-ecc9ef2b7612/1769040000.0_mean_300.0_v3 HTTP/1.0 404 - python-swiftclient-3.11.1 gAAAAABpgKbLxM7K... - 70 - tx91ab938d207f4acd9891a-006980a792 - 0.0065 - - 1770039186.961537600 1770039186.968049765 0
Feb 2 13:33:06 standalone container-server[125311]: 172.20.0.100 - - [02/Feb/2026:13:33:06 +0000] "PUT /d1/443/AUTH_86427565a5b844ad9373a75cd08cf70d/gnocchi.e41f3738-e036-46bb-8206-ecc9ef2b7612/1769040000.0_mean_300.0_v3" 201 - "PUT http://localhost:8080/d1/116/AUTH_86427565a5b844ad9373a75cd08cf70d/gnocchi.e41f3738-e036-46bb-8206-ecc9ef2b7612/1769040000.0_mean_300.0_v3" "tx1fa0ec23aac64ee2805eb-006980a792" "object-server 22" 0.0005 "-" 22 0
Feb 2 13:33:06 standalone object-server[125524]: 172.20.0.100 - - [02/Feb/2026:13:33:06 +0000] "PUT /d1/116/AUTH_86427565a5b844ad9373a75cd08cf70d/gnocchi.e41f3738-e036-46bb-8206-ecc9ef2b7612/1769040000.0_mean_300.0_v3" 201 - "PUT http://localhost:8080/v1/AUTH_86427565a5b844ad9373a75cd08cf70d/gnocchi.e41f3738-e036-46bb-8206-ecc9ef2b7612/1769040000.0_mean_300.0_v3" "tx1fa0ec23aac64ee2805eb-006980a792" "proxy-server 21" 0.0096 "-" 22 0
Feb 2 13:33:06 standalone proxy-server[127335]: 172.18.0.2 ::1 02/Feb/2026/13/33/06 PUT /v1/AUTH_86427565a5b844ad9373a75cd08cf70d/gnocchi.e41f3738-e036-46bb-8206-ecc9ef2b7612/1769040000.0_mean_300.0_v3 HTTP/1.0 201 - python-swiftclient-3.11.1 gAAAAABpgKbLxM7K... 16 - - tx1fa0ec23aac64ee2805eb-006980a792 - 0.0152 - - 1770039186.971348047 1770039186.986515760 0
Feb 2 13:33:07 standalone container-server[125307]: 172.20.0.100 - - [02/Feb/2026:13:33:07 +0000] "PUT /d1/443/AUTH_86427565a5b844ad9373a75cd08cf70d/gnocchi.e41f3738-e036-46bb-8206-ecc9ef2b7612/none_v3" 201 - "PUT http://localhost:8080/d1/299/AUTH_86427565a5b844ad9373a75cd08cf70d/gnocchi.e41f3738-e036-46bb-8206-ecc9ef2b7612/none_v3" "txdd195216da7f44abae4c7-006980a792" "object-server 23" 0.0004 "-" 20 0
Feb 2 13:33:07 standalone object-server[125534]: 172.20.0.100 - - [02/Feb/2026:13:33:07 +0000] "PUT /d1/299/AUTH_86427565a5b844ad9373a75cd08cf70d/gnocchi.e41f3738-e036-46bb-8206-ecc9ef2b7612/none_v3" 201 - "PUT http://localhost:8080/v1/AUTH_86427565a5b844ad9373a75cd08cf70d/gnocchi.e41f3738-e036-46bb-8206-ecc9ef2b7612/none_v3" "txdd195216da7f44abae4c7-006980a792" "proxy-server 21" 0.0094 "-" 23 0
Feb 2 13:33:07 standalone proxy-server[127335]: 172.18.0.2 ::1 02/Feb/2026/13/33/07 PUT /v1/AUTH_86427565a5b844ad9373a75cd08cf70d/gnocchi.e41f3738-e036-46bb-8206-ecc9ef2b7612/none_v3 HTTP/1.0 201 - python-swiftclient-3.11.1 gAAAAABpgKbLxM7K... 22 - - txdd195216da7f44abae4c7-006980a792 - 0.0249 - - 1770039186.989939213 1770039187.014789581 0
Feb 2 13:33:07 standalone container-server[125308]: 172.20.0.100 - - [02/Feb/2026:13:33:07 +0000] "HEAD /d1/510/AUTH_86427565a5b844ad9373a75cd08cf70d/gnocchi.b36a3e4c-1e75-4ac0-ba3d-16a7f75faf37" 404 - "HEAD http://localhost:8080/v1/AUTH_86427565a5b844ad9373a75cd08cf70d/gnocchi.b36a3e4c-1e75-4ac0-ba3d-16a7f75faf37?format=json&states=listing" "tx84b5d1f010134e32b0cac-006980a793" "proxy-server 21" 0.0007 "-" 21 0
Feb 2 13:33:07 standalone object-server[125524]: 172.20.0.100 - - [02/Feb/2026:13:33:07 +0000] "GET /d1/1004/AUTH_86427565a5b844ad9373a75cd08cf70d/gnocchi.b36a3e4c-1e75-4ac0-ba3d-16a7f75faf37/none_v3" 404 70 "GET http://localhost:8080/v1/AUTH_86427565a5b844ad9373a75cd08cf70d/gnocchi.b36a3e4c-1e75-4ac0-ba3d-16a7f75faf37/none_v3" "tx84b5d1f010134e32b0cac-006980a793" "proxy-server 21" 0.0004 "-" 22 0
Feb 2 13:33:07 standalone proxy-server[127335]: 172.18.0.2 ::1 02/Feb/2026/13/33/07 GET /v1/AUTH_86427565a5b844ad9373a75cd08cf70d/gnocchi.b36a3e4c-1e75-4ac0-ba3d-16a7f75faf37/none_v3 HTTP/1.0 404 - python-swiftclient-3.11.1 gAAAAABpgKbLxM7K... - 70 - tx84b5d1f010134e32b0cac-006980a793 - 0.0203 - - 1770039187.040923595 1770039187.061211109 0
Feb 2 13:33:07 standalone account-server[125127]: 172.20.0.100 - - [02/Feb/2026:13:33:07 +0000] "PUT /d1/882/AUTH_86427565a5b844ad9373a75cd08cf70d/gnocchi.b36a3e4c-1e75-4ac0-ba3d-16a7f75faf37" 201 - "PUT http://172.20.0.100:6001/d1/510/AUTH_86427565a5b844ad9373a75cd08cf70d/gnocchi.b36a3e4c-1e75-4ac0-ba3d-16a7f75faf37" "txa88aa15b30554c3aa61d8-006980a793" "container-server 21" 0.0047 "-" 23 0
Feb 2 13:33:07 standalone container-server[125308]: 172.20.0.100 - - [02/Feb/2026:13:33:07 +0000] "PUT /d1/510/AUTH_86427565a5b844ad9373a75cd08cf70d/gnocchi.b36a3e4c-1e75-4ac0-ba3d-16a7f75faf37" 201 - "PUT http://localhost:8080/v1/AUTH_86427565a5b844ad9373a75cd08cf70d/gnocchi.b36a3e4c-1e75-4ac0-ba3d-16a7f75faf37" "txa88aa15b30554c3aa61d8-006980a793" "proxy-server 21" 0.0180 "-" 21 0
Feb 2 13:33:07 standalone proxy-server[127335]: 172.18.0.2 ::1 02/Feb/2026/13/33/07 PUT /v1/AUTH_86427565a5b844ad9373a75cd08cf70d/gnocchi.b36a3e4c-1e75-4ac0-ba3d-16a7f75faf37 HTTP/1.0 201 - python-swiftclient-3.11.1 gAAAAABpgKbLxM7K... - - - txa88aa15b30554c3aa61d8-006980a793 - 0.0247 - - 1770039187.069802999 1770039187.094527483 0
Feb 2 13:33:07 standalone container-server[125317]: 172.20.0.100 - - [02/Feb/2026:13:33:07 +0000] "HEAD /d1/510/AUTH_86427565a5b844ad9373a75cd08cf70d/gnocchi.b36a3e4c-1e75-4ac0-ba3d-16a7f75faf37" 204 - "HEAD http://localhost:8080/v1/AUTH_86427565a5b844ad9373a75cd08cf70d/gnocchi.b36a3e4c-1e75-4ac0-ba3d-16a7f75faf37?format=json&states=listing" "txcb34c25fdab046e39058a-006980a793" "proxy-server 21" 0.0016 "-" 23 0
Feb 2 13:33:07 standalone proxy-server[127335]: - - 02/Feb/2026/13/33/07 HEAD /v1/AUTH_86427565a5b844ad9373a75cd08cf70d/gnocchi.b36a3e4c-1e75-4ac0-ba3d-16a7f75faf37%3Fformat%3Djson%26states%3Dlisting HTTP/1.0 204 - Swift - - - - txcb34c25fdab046e39058a-006980a793 - 0.0067 RL - 1770039187.101431131 1770039187.108093500 0
Feb 2 13:33:07 standalone container-server[125308]: 172.20.0.100 - - [02/Feb/2026:13:33:07 +0000] "GET /d1/510/AUTH_86427565a5b844ad9373a75cd08cf70d/gnocchi.b36a3e4c-1e75-4ac0-ba3d-16a7f75faf37" 200 2 "GET http://localhost:8080/v1/AUTH_86427565a5b844ad9373a75cd08cf70d/gnocchi.b36a3e4c-1e75-4ac0-ba3d-16a7f75faf37?format=json&states=listing" "txcb34c25fdab046e39058a-006980a793" "proxy-server 21" 0.0021 "-" 21 0
Feb 2 13:33:07 standalone proxy-server[127335]: 172.18.0.2 ::1 02/Feb/2026/13/33/07 GET /v1/AUTH_86427565a5b844ad9373a75cd08cf70d/gnocchi.b36a3e4c-1e75-4ac0-ba3d-16a7f75faf37%3Fformat%3Djson%26states%3Dlisting HTTP/1.0 200 - python-swiftclient-3.11.1 gAAAAABpgKbLxM7K... - 2 - txcb34c25fdab046e39058a-006980a793 - 0.0176 - - 1770039187.099987507 1770039187.117566824 0
Feb 2 13:33:07 standalone object-server[125544]: 172.20.0.100 - - [02/Feb/2026:13:33:07 +0000] "GET /d1/399/AUTH_86427565a5b844ad9373a75cd08cf70d/gnocchi.b36a3e4c-1e75-4ac0-ba3d-16a7f75faf37/1769040000.0_mean_300.0_v3" 404 70 "GET http://localhost:8080/v1/AUTH_86427565a5b844ad9373a75cd08cf70d/gnocchi.b36a3e4c-1e75-4ac0-ba3d-16a7f75faf37/1769040000.0_mean_300.0_v3" "tx9bdc0222d7a34fa7ad07a-006980a793" "proxy-server 21" 0.0004 "-" 25 0
Feb 2 13:33:07 standalone proxy-server[127335]: 172.18.0.2 ::1 02/Feb/2026/13/33/07 GET /v1/AUTH_86427565a5b844ad9373a75cd08cf70d/gnocchi.b36a3e4c-1e75-4ac0-ba3d-16a7f75faf37/1769040000.0_mean_300.0_v3 HTTP/1.0 404 - python-swiftclient-3.11.1 gAAAAABpgKbLxM7K... - 70 - tx9bdc0222d7a34fa7ad07a-006980a793 - 0.0117 - - 1770039187.121638298 1770039187.133326530 0
Feb 2 13:33:07 standalone container-server[125317]: 172.20.0.100 - - [02/Feb/2026:13:33:07 +0000] "PUT /d1/510/AUTH_86427565a5b844ad9373a75cd08cf70d/gnocchi.b36a3e4c-1e75-4ac0-ba3d-16a7f75faf37/1769040000.0_mean_300.0_v3" 201 - "PUT http://localhost:8080/d1/399/AUTH_86427565a5b844ad9373a75cd08cf70d/gnocchi.b36a3e4c-1e75-4ac0-ba3d-16a7f75faf37/1769040000.0_mean_300.0_v3" "tx96790a83bc6e4d09b9d3d-006980a793" "object-server 25" 0.0007 "-" 23 0
Feb 2 13:33:07 standalone object-server[125544]: 172.20.0.100 - - [02/Feb/2026:13:33:07 +0000] "PUT /d1/399/AUTH_86427565a5b844ad9373a75cd08cf70d/gnocchi.b36a3e4c-1e75-4ac0-ba3d-16a7f75faf37/1769040000.0_mean_300.0_v3" 201 - "PUT http://localhost:8080/v1/AUTH_86427565a5b844ad9373a75cd08cf70d/gnocchi.b36a3e4c-1e75-4ac0-ba3d-16a7f75faf37/1769040000.0_mean_300.0_v3" "tx96790a83bc6e4d09b9d3d-006980a793" "proxy-server 21" 0.0090 "-" 25 0
Feb 2 13:33:07 standalone proxy-server[127335]: 172.18.0.2 ::1 02/Feb/2026/13/33/07 PUT /v1/AUTH_86427565a5b844ad9373a75cd08cf70d/gnocchi.b36a3e4c-1e75-4ac0-ba3d-16a7f75faf37/1769040000.0_mean_300.0_v3 HTTP/1.0 201 - python-swiftclient-3.11.1 gAAAAABpgKbLxM7K... 16 - - tx96790a83bc6e4d09b9d3d-006980a793 - 0.0180 - - 1770039187.136940002 1770039187.154941797 0
Feb 2 13:33:07 standalone container-server[125317]: 172.20.0.100 - - [02/Feb/2026:13:33:07 +0000] "PUT /d1/510/AUTH_86427565a5b844ad9373a75cd08cf70d/gnocchi.b36a3e4c-1e75-4ac0-ba3d-16a7f75faf37/none_v3" 201 - "PUT http://localhost:8080/d1/1004/AUTH_86427565a5b844ad9373a75cd08cf70d/gnocchi.b36a3e4c-1e75-4ac0-ba3d-16a7f75faf37/none_v3" "tx43a12725a94d44699eca2-006980a793" "object-server 22" 0.0006 "-" 23 0
Feb 2 13:33:07 standalone object-server[125524]: 172.20.0.100 - - [02/Feb/2026:13:33:07 +0000] "PUT /d1/1004/AUTH_86427565a5b844ad9373a75cd08cf70d/gnocchi.b36a3e4c-1e75-4ac0-ba3d-16a7f75faf37/none_v3" 201 - "PUT http://localhost:8080/v1/AUTH_86427565a5b844ad9373a75cd08cf70d/gnocchi.b36a3e4c-1e75-4ac0-ba3d-16a7f75faf37/none_v3" "tx43a12725a94d44699eca2-006980a793" "proxy-server 21" 0.0165 "-" 22 0
Feb 2 13:33:07 standalone proxy-server[127335]: 172.18.0.2 ::1 02/Feb/2026/13/33/07 PUT /v1/AUTH_86427565a5b844ad9373a75cd08cf70d/gnocchi.b36a3e4c-1e75-4ac0-ba3d-16a7f75faf37/none_v3 HTTP/1.0 201 - python-swiftclient-3.11.1 gAAAAABpgKbLxM7K... 22 - - tx43a12725a94d44699eca2-006980a793 - 0.0222 - - 1770039187.158232689 1770039187.180428743 0
Feb 2 13:33:07 standalone container-server[125311]: 172.20.0.100 - - [02/Feb/2026:13:33:07 +0000] "HEAD /d1/264/AUTH_86427565a5b844ad9373a75cd08cf70d/gnocchi.efb5f83e-3c5d-4c81-b47b-1eb3769b3514" 404 - "HEAD http://localhost:8080/v1/AUTH_86427565a5b844ad9373a75cd08cf70d/gnocchi.efb5f83e-3c5d-4c81-b47b-1eb3769b3514?format=json&states=listing" "tx2fc5af0dce2a438c88bbe-006980a793" "proxy-server 21" 0.0003 "-" 22 0
Feb 2 13:33:07 standalone object-server[125524]: 172.20.0.100 - - [02/Feb/2026:13:33:07 +0000] "GET /d1/598/AUTH_86427565a5b844ad9373a75cd08cf70d/gnocchi.efb5f83e-3c5d-4c81-b47b-1eb3769b3514/none_v3" 404 70 "GET http://localhost:8080/v1/AUTH_86427565a5b844ad9373a75cd08cf70d/gnocchi.efb5f83e-3c5d-4c81-b47b-1eb3769b3514/none_v3" "tx2fc5af0dce2a438c88bbe-006980a793" "proxy-server 21" 0.0003 "-" 22 0
Feb 2 13:33:07 standalone proxy-server[127335]: 172.18.0.2 ::1 02/Feb/2026/13/33/07 GET /v1/AUTH_86427565a5b844ad9373a75cd08cf70d/gnocchi.efb5f83e-3c5d-4c81-b47b-1eb3769b3514/none_v3 HTTP/1.0 404 - python-swiftclient-3.11.1 gAAAAABpgKbLxM7K... - 70 - tx2fc5af0dce2a438c88bbe-006980a793 - 0.0131 - - 1770039187.189983130 1770039187.203088045 0
Feb 2 13:33:07 standalone account-server[125127]: 172.20.0.100 - - [02/Feb/2026:13:33:07 +0000] "PUT /d1/882/AUTH_86427565a5b844ad9373a75cd08cf70d/gnocchi.efb5f83e-3c5d-4c81-b47b-1eb3769b3514" 201 - "PUT http://172.20.0.100:6001/d1/264/AUTH_86427565a5b844ad9373a75cd08cf70d/gnocchi.efb5f83e-3c5d-4c81-b47b-1eb3769b3514" "tx6809279e085942ebbceda-006980a793" "container-server 21" 0.0041 "-" 23 0
Feb 2 13:33:07 standalone container-server[125308]: 172.20.0.100 - - [02/Feb/2026:13:33:07 +0000] "PUT /d1/264/AUTH_86427565a5b844ad9373a75cd08cf70d/gnocchi.efb5f83e-3c5d-4c81-b47b-1eb3769b3514" 201 - "PUT http://localhost:8080/v1/AUTH_86427565a5b844ad9373a75cd08cf70d/gnocchi.efb5f83e-3c5d-4c81-b47b-1eb3769b3514" "tx6809279e085942ebbceda-006980a793" "proxy-server 21" 0.0149 "-" 21 0
Feb 2 13:33:07 standalone proxy-server[127335]: 172.18.0.2 ::1 02/Feb/2026/13/33/07 PUT /v1/AUTH_86427565a5b844ad9373a75cd08cf70d/gnocchi.efb5f83e-3c5d-4c81-b47b-1eb3769b3514 HTTP/1.0 201 - python-swiftclient-3.11.1 gAAAAABpgKbLxM7K... - - - tx6809279e085942ebbceda-006980a793 - 0.0204 - - 1770039187.205848694 1770039187.226282358 0
Feb 2 13:33:07 standalone container-server[125307]: 172.20.0.100 - - [02/Feb/2026:13:33:07 +0000] "HEAD /d1/264/AUTH_86427565a5b844ad9373a75cd08cf70d/gnocchi.efb5f83e-3c5d-4c81-b47b-1eb3769b3514" 204 - "HEAD http://localhost:8080/v1/AUTH_86427565a5b844ad9373a75cd08cf70d/gnocchi.efb5f83e-3c5d-4c81-b47b-1eb3769b3514?format=json&states=listing" "tx602ade09932a4f1db27e2-006980a793" "proxy-server 21" 0.0011 "-" 20 0
Feb 2 13:33:07 standalone proxy-server[127335]: - - 02/Feb/2026/13/33/07 HEAD /v1/AUTH_86427565a5b844ad9373a75cd08cf70d/gnocchi.efb5f83e-3c5d-4c81-b47b-1eb3769b3514%3Fformat%3Djson%26states%3Dlisting HTTP/1.0 204 - Swift - - - - tx602ade09932a4f1db27e2-006980a793 - 0.0055 RL - 1770039187.231218100 1770039187.236668587 0
Feb 2 13:33:07 standalone container-server[125308]: 172.20.0.100 - - [02/Feb/2026:13:33:07 +0000] "GET /d1/264/AUTH_86427565a5b844ad9373a75cd08cf70d/gnocchi.efb5f83e-3c5d-4c81-b47b-1eb3769b3514" 200 2 "GET http://localhost:8080/v1/AUTH_86427565a5b844ad9373a75cd08cf70d/gnocchi.efb5f83e-3c5d-4c81-b47b-1eb3769b3514?format=json&states=listing" "tx602ade09932a4f1db27e2-006980a793" "proxy-server 21" 0.0021 "-" 21 0
Feb 2 13:33:07 standalone proxy-server[127335]: 172.18.0.2 ::1 02/Feb/2026/13/33/07 GET /v1/AUTH_86427565a5b844ad9373a75cd08cf70d/gnocchi.efb5f83e-3c5d-4c81-b47b-1eb3769b3514%3Fformat%3Djson%26states%3Dlisting HTTP/1.0 200 - python-swiftclient-3.11.1 gAAAAABpgKbLxM7K... - 2 - tx602ade09932a4f1db27e2-006980a793 - 0.0161 - - 1770039187.229959965 1770039187.246039152 0
Feb 2 13:33:07 standalone object-server[125534]: 172.20.0.100 - - [02/Feb/2026:13:33:07 +0000] "GET /d1/182/AUTH_86427565a5b844ad9373a75cd08cf70d/gnocchi.efb5f83e-3c5d-4c81-b47b-1eb3769b3514/1769040000.0_mean_300.0_v3" 404 70 "GET http://localhost:8080/v1/AUTH_86427565a5b844ad9373a75cd08cf70d/gnocchi.efb5f83e-3c5d-4c81-b47b-1eb3769b3514/1769040000.0_mean_300.0_v3" "tx3df64e24644f4aed98b1e-006980a793" "proxy-server 21" 0.0003 "-" 23 0
Feb 2 13:33:07 standalone proxy-server[127335]: 172.18.0.2 ::1 02/Feb/2026/13/33/07 GET /v1/AUTH_86427565a5b844ad9373a75cd08cf70d/gnocchi.efb5f83e-3c5d-4c81-b47b-1eb3769b3514/1769040000.0_mean_300.0_v3 HTTP/1.0 404 - python-swiftclient-3.11.1 gAAAAABpgKbLxM7K... - 70 - tx3df64e24644f4aed98b1e-006980a793 - 0.0066 - - 1770039187.250270605 1770039187.256867170 0
Feb 2 13:33:07 standalone container-server[125317]: 172.20.0.100 - - [02/Feb/2026:13:33:07 +0000] "PUT /d1/264/AUTH_86427565a5b844ad9373a75cd08cf70d/gnocchi.efb5f83e-3c5d-4c81-b47b-1eb3769b3514/1769040000.0_mean_300.0_v3" 201 - "PUT http://localhost:8080/d1/182/AUTH_86427565a5b844ad9373a75cd08cf70d/gnocchi.efb5f83e-3c5d-4c81-b47b-1eb3769b3514/1769040000.0_mean_300.0_v3" "tx68ae5ed8b0d94276a9f07-006980a793" "object-server 24" 0.0006 "-" 23 0
Feb 2 13:33:07 standalone object-server[125541]: 172.20.0.100 - - [02/Feb/2026:13:33:07 +0000] "PUT /d1/182/AUTH_86427565a5b844ad9373a75cd08cf70d/gnocchi.efb5f83e-3c5d-4c81-b47b-1eb3769b3514/1769040000.0_mean_300.0_v3" 201 - "PUT http://localhost:8080/v1/AUTH_86427565a5b844ad9373a75cd08cf70d/gnocchi.efb5f83e-3c5d-4c81-b47b-1eb3769b3514/1769040000.0_mean_300.0_v3" "tx68ae5ed8b0d94276a9f07-006980a793" "proxy-server 21" 0.0083 "-" 24 0
Feb 2 13:33:07 standalone proxy-server[127335]: 172.18.0.2 ::1 02/Feb/2026/13/33/07 PUT /v1/AUTH_86427565a5b844ad9373a75cd08cf70d/gnocchi.efb5f83e-3c5d-4c81-b47b-1eb3769b3514/1769040000.0_mean_300.0_v3 HTTP/1.0 201 - python-swiftclient-3.11.1 gAAAAABpgKbLxM7K... 16 - - tx68ae5ed8b0d94276a9f07-006980a793 - 0.0140 - - 1770039187.264533758 1770039187.278502226 0
Feb 2 13:33:07 standalone container-server[125311]: 172.20.0.100 - - [02/Feb/2026:13:33:07 +0000] "PUT /d1/264/AUTH_86427565a5b844ad9373a75cd08cf70d/gnocchi.efb5f83e-3c5d-4c81-b47b-1eb3769b3514/none_v3" 201 - "PUT http://localhost:8080/d1/598/AUTH_86427565a5b844ad9373a75cd08cf70d/gnocchi.efb5f83e-3c5d-4c81-b47b-1eb3769b3514/none_v3" "tx0a5fffdaf4f3410f9c104-006980a793" "object-server 25" 0.0004 "-" 22 0
Feb 2 13:33:07 standalone object-server[125544]: 172.20.0.100 - - [02/Feb/2026:13:33:07 +0000] "PUT /d1/598/AUTH_86427565a5b844ad9373a75cd08cf70d/gnocchi.efb5f83e-3c5d-4c81-b47b-1eb3769b3514/none_v3" 201 - "PUT http://localhost:8080/v1/AUTH_86427565a5b844ad9373a75cd08cf70d/gnocchi.efb5f83e-3c5d-4c81-b47b-1eb3769b3514/none_v3" "tx0a5fffdaf4f3410f9c104-006980a793" "proxy-server 21" 0.0124 "-" 25 0
Feb 2 13:33:07 standalone proxy-server[127335]: 172.18.0.2 ::1 02/Feb/2026/13/33/07 PUT /v1/AUTH_86427565a5b844ad9373a75cd08cf70d/gnocchi.efb5f83e-3c5d-4c81-b47b-1eb3769b3514/none_v3 HTTP/1.0 201 - python-swiftclient-3.11.1 gAAAAABpgKbLxM7K... 22 - - tx0a5fffdaf4f3410f9c104-006980a793 - 0.0190 - - 1770039187.283076286 1770039187.302062750 0
Feb 2 13:33:41 standalone object-server[125314]: Begin object update sweep
Feb 2 13:33:41 standalone object-server[233726]: Object update sweep starting on /srv/node/d1 (pid: 15)
Feb 2 13:33:41 standalone object-server[233726]: Object update sweep completed on /srv/node/d1 in 0.00s seconds:, 0 successes, 0 failures, 0 quarantines, 0 unlinks, 0 errors, 0 redirects (pid: 15)
Feb 2 13:33:41 standalone object-server[233726]: Object update sweep of d1 completed: 0.00s, 0 successes, 0 failures, 0 quarantines, 0 unlinks, 0 errors, 0 redirects
Feb 2 13:33:41 standalone object-server[125314]: Object update sweep completed: 0.09s
Feb 2 13:33:44 standalone account-server[125127]: 172.20.0.100 - - [02/Feb/2026:13:33:44 +0000] "HEAD /d1/74/.expiring_objects" 404 - "HEAD http://localhost/v1/.expiring_objects?format=json" "tx1ea9e7ce6cbc40028d19f-006980a7b8" "proxy-server 2" 0.0008 "-" 23 -
Feb 2 13:33:44 standalone object-expirer[125216]: Pass completed in 0s; 0 objects expired (txn: tx1ea9e7ce6cbc40028d19f-006980a7b8)
Feb 2 13:33:53 standalone container-server[124882]: Begin container update sweep
Feb 2 13:33:53 standalone account-server[125087]: 172.20.0.100 - - [02/Feb/2026:13:33:53 +0000] "PUT /d1/882/AUTH_86427565a5b844ad9373a75cd08cf70d/gnocchi.0a1cc01a-3425-41b1-83d6-15bf425116f6" 201 - "-" "-" "container-updater 2" 0.0008 "-" 20 0
Feb 2 13:33:54 standalone account-server[125119]: 172.20.0.100 - - [02/Feb/2026:13:33:54 +0000] "PUT /d1/882/AUTH_86427565a5b844ad9373a75cd08cf70d/gnocchi.afaf70e9-cd0b-4ea8-844a-6c6456442b64" 201 - "-" "-" "container-updater 2" 0.0004 "-" 22 0
Feb 2 13:33:54 standalone account-server[125127]: 172.20.0.100 - - [02/Feb/2026:13:33:54 +0000] "PUT /d1/882/AUTH_86427565a5b844ad9373a75cd08cf70d/gnocchi.107cbf76-3ffa-4934-9e93-1f2592e96f13" 201 - "-" "-" "container-updater 2" 0.0008 "-" 23 0
Feb 2 13:33:54 standalone account-server[125119]: 172.20.0.100 - - [02/Feb/2026:13:33:54 +0000] "PUT /d1/882/AUTH_86427565a5b844ad9373a75cd08cf70d/gnocchi.29e195a4-0d84-4680-b30e-3c21098e1c7c" 201 - "-" "-" "container-updater 2" 0.0007 "-" 22 0
Feb 2 13:33:54 standalone account-server[125119]: 172.20.0.100 - - [02/Feb/2026:13:33:54 +0000] "PUT /d1/882/AUTH_86427565a5b844ad9373a75cd08cf70d/gnocchi.b36a3e4c-1e75-4ac0-ba3d-16a7f75faf37" 201 - "-" "-" "container-updater 2" 0.0008 "-" 22 0
Feb 2 13:33:54 standalone account-server[125087]: 172.20.0.100 - - [02/Feb/2026:13:33:54 +0000] "PUT /d1/882/AUTH_86427565a5b844ad9373a75cd08cf70d/gnocchi.d60f7023-09ff-43b3-86c9-37780c1c6e82" 201 - "-" "-" "container-updater 2" 0.0007 "-" 20 0
Feb 2 13:33:54 standalone account-server[125107]: 172.20.0.100 - - [02/Feb/2026:13:33:54 +0000] "PUT /d1/882/AUTH_86427565a5b844ad9373a75cd08cf70d/gnocchi.3b47197b-47b7-4987-a1a5-64919a584456" 201 - "-" "-" "container-updater 2" 0.0007 "-" 21 0
Feb 2 13:33:54 standalone account-server[125127]: 172.20.0.100 - - [02/Feb/2026:13:33:54 +0000] "PUT /d1/882/AUTH_86427565a5b844ad9373a75cd08cf70d/gnocchi.aa340ed7-3792-400c-8995-fb4e9c8c6cb9" 201 - "-" "-" "container-updater 2" 0.0004 "-" 23 0
Feb 2 13:33:54 standalone account-server[125107]: 172.20.0.100 - - [02/Feb/2026:13:33:54 +0000] "PUT /d1/882/AUTH_86427565a5b844ad9373a75cd08cf70d/gnocchi.efb5f83e-3c5d-4c81-b47b-1eb3769b3514" 201 - "-" "-" "container-updater 2" 0.0006 "-" 21 0
Feb 2 13:33:54 standalone account-server[125087]: 172.20.0.100 - - [02/Feb/2026:13:33:54 +0000] "PUT /d1/882/AUTH_86427565a5b844ad9373a75cd08cf70d/gnocchi.ba658c03-76f0-45f1-bd76-9535a5d997d1" 201 - "-" "-" "container-updater 2" 0.0012 "-" 20 0
Feb 2 13:33:55 standalone account-server[125119]: 172.20.0.100 - - [02/Feb/2026:13:33:55 +0000] "PUT /d1/882/AUTH_86427565a5b844ad9373a75cd08cf70d/gnocchi.d7ba7271-d42f-44aa-901a-2719613f703b" 201 - "-" "-" "container-updater 2" 0.0009 "-" 22 0
Feb 2 13:33:55 standalone account-server[125119]: 172.20.0.100 - - [02/Feb/2026:13:33:55 +0000] "PUT /d1/882/AUTH_86427565a5b844ad9373a75cd08cf70d/gnocchi.c3cbd6d2-238d-42af-9b31-9d024344a1ff" 201 - "-" "-" "container-updater 2" 0.0009 "-" 22 0
Feb 2 13:33:55 standalone account-server[125119]: 172.20.0.100 - - [02/Feb/2026:13:33:55 +0000] "PUT /d1/882/AUTH_86427565a5b844ad9373a75cd08cf70d/gnocchi.74a7297c-33c1-48b1-8e1c-ef98b732eddc" 201 - "-" "-" "container-updater 2" 0.0010 "-" 22 0
Feb 2 13:33:55 standalone account-server[125107]: 172.20.0.100 - - [02/Feb/2026:13:33:55 +0000] "PUT /d1/882/AUTH_86427565a5b844ad9373a75cd08cf70d/gnocchi.58745e71-ea93-4139-a821-5429b3c78dc5" 201 - "-" "-" "container-updater 2" 0.0007 "-" 21 0
Feb 2 13:33:55 standalone account-server[125107]: 172.20.0.100 - - [02/Feb/2026:13:33:55 +0000] "PUT /d1/882/AUTH_86427565a5b844ad9373a75cd08cf70d/gnocchi.e41f3738-e036-46bb-8206-ecc9ef2b7612" 201 - "-" "-" "container-updater 2" 0.0007 "-" 21 0
Feb 2 13:33:55 standalone account-server[125087]: 172.20.0.100 - - [02/Feb/2026:13:33:55 +0000] "PUT /d1/882/AUTH_86427565a5b844ad9373a75cd08cf70d/glance" 201 - "-" "-" "container-updater 2" 0.0008 "-" 20 0
Feb 2 13:33:55 standalone account-server[125107]: 172.20.0.100 - - [02/Feb/2026:13:33:55 +0000] "PUT /d1/882/AUTH_86427565a5b844ad9373a75cd08cf70d/gnocchi.4ba0f66d-9078-4a5b-85b8-6e36250e989c" 201 - "-" "-" "container-updater 2" 0.0007 "-" 21 0
Feb 2 13:33:56 standalone account-server[125087]: 172.20.0.100 - - [02/Feb/2026:13:33:56 +0000] "PUT /d1/882/AUTH_86427565a5b844ad9373a75cd08cf70d/gnocchi.62608099-a425-46f0-b3e6-c403553a89e9" 201 - "-" "-" "container-updater 2" 0.0007 "-" 20 0
Feb 2 13:33:56 standalone account-server[125127]: 172.20.0.100 - - [02/Feb/2026:13:33:56 +0000] "PUT /d1/882/AUTH_86427565a5b844ad9373a75cd08cf70d/gnocchi.08da9890-bd35-4007-9bfa-55b2885cafb3" 201 - "-" "-" "container-updater 2" 0.0007 "-" 23 0
Feb 2 13:33:56 standalone account-server[125127]: 172.20.0.100 - - [02/Feb/2026:13:33:56 +0000] "PUT /d1/882/AUTH_86427565a5b844ad9373a75cd08cf70d/gnocchi.b81231b3-116e-4333-9f91-cfa6c2315e10" 201 - "-" "-" "container-updater 2" 0.0005 "-" 23 0
Feb 2 13:33:56 standalone account-server[125107]: 172.20.0.100 - - [02/Feb/2026:13:33:56 +0000] "PUT /d1/882/AUTH_86427565a5b844ad9373a75cd08cf70d/gnocchi.1b892cf8-0062-433b-a5ef-5d1f8f40f24b" 201 - "-" "-" "container-updater 2" 0.0005 "-" 21 0
Feb 2 13:33:56 standalone account-server[125119]: 172.20.0.100 - - [02/Feb/2026:13:33:56 +0000] "PUT /d1/882/AUTH_86427565a5b844ad9373a75cd08cf70d/gnocchi.804593a4-45ef-4786-ae63-33e893ff0766" 201 - "-" "-" "container-updater 2" 0.0008 "-" 22 0
Feb 2 13:33:56 standalone account-server[125119]: 172.20.0.100 - - [02/Feb/2026:13:33:56 +0000] "PUT /d1/882/AUTH_86427565a5b844ad9373a75cd08cf70d/gnocchi.bd840711-76a9-495a-bbeb-f1f844c1fc31" 201 - "-" "-" "container-updater 2" 0.0006 "-" 22 0
Feb 2 13:33:56 standalone container-server[124882]: Container update sweep completed: 2.87s
Feb 2 13:36:17 standalone account-server[125119]: 172.20.0.100 - - [02/Feb/2026:13:36:17 +0000] "HEAD /d1/74/.expiring_objects" 404 - "HEAD http://localhost/v1/.expiring_objects?format=json" "tx083b224523b541a1ad87d-006980a851" "proxy-server 2" 0.0007 "-" 22 -
Feb 2 13:36:17 standalone object-expirer[125216]: Pass completed in 0s; 0 objects expired (txn: tx083b224523b541a1ad87d-006980a851)
Feb 2 13:37:01 standalone account-server[125127]: 172.20.0.100 - - [02/Feb/2026:13:37:01 +0000] "HEAD /d1/74/.expiring_objects" 404 - "HEAD http://localhost/v1/.expiring_objects?format=json" "tx692874fc8a0c4c04bffe6-006980a87d" "proxy-server 2" 0.0005 "-" 23 -
Feb 2 13:37:01 standalone object-expirer[125216]: Pass completed in 0s; 0 objects expired (txn: tx692874fc8a0c4c04bffe6-006980a87d)
Feb 2 13:38:41 standalone object-server[125314]: Begin object update sweep
Feb 2 13:38:41 standalone object-server[263527]: Object update sweep starting on /srv/node/d1 (pid: 16)
Feb 2 13:38:41 standalone object-server[263527]: Object update sweep completed on /srv/node/d1 in 0.00s seconds:, 0 successes, 0 failures, 0 quarantines, 0 unlinks, 0 errors, 0 redirects (pid: 16)
Feb 2 13:38:41 standalone object-server[263527]: Object update sweep of d1 completed: 0.00s, 0 successes, 0 failures, 0 quarantines, 0 unlinks, 0 errors, 0 redirects
Feb 2 13:38:41 standalone object-server[125314]: Object update sweep completed: 0.05s
Feb 2 13:38:54 standalone container-server[124882]: Begin container update sweep
Feb 2 13:38:55 standalone container-server[124882]: Container update sweep completed: 1.42s
Feb 2 13:40:59 standalone account-server[125119]: 172.20.0.100 - - [02/Feb/2026:13:40:59 +0000] "HEAD /d1/74/.expiring_objects" 404 - "HEAD http://localhost/v1/.expiring_objects?format=json" "tx2c9ae7b50b3e4c79ac674-006980a96b" "proxy-server 2" 0.0006 "-" 22 -
Feb 2 13:40:59 standalone object-expirer[125216]: Pass completed in 0s; 0 objects expired (txn: tx2c9ae7b50b3e4c79ac674-006980a96b)
Feb 2 13:43:34 standalone account-server[125119]: 172.20.0.31 - - [02/Feb/2026:13:43:34 +0000] "HEAD /d1/1014/AUTH_f5c23ac741bd4c4fbac829efba57f970" 404 - "HEAD http://swift-public-openstack.apps-crc.testing/v1/AUTH_f5c23ac741bd4c4fbac829efba57f970?format=json" "tx5d3082d973de4f9d82b40-006980aa06" "proxy-server 15" 0.0006 "-" 22 -
Feb 2 13:43:35 standalone account-server[125127]: 172.20.0.31 - - [02/Feb/2026:13:43:35 +0000] "GET /d1/1014/AUTH_f5c23ac741bd4c4fbac829efba57f970" 404 - "GET http://swift-public-openstack.apps-crc.testing/v1/AUTH_f5c23ac741bd4c4fbac829efba57f970?format=json" "tx5d3082d973de4f9d82b40-006980aa06" "proxy-server 15" 0.0005 "-" 23 -
Feb 2 13:43:41 standalone object-server[125314]: Begin object update sweep
Feb 2 13:43:41 standalone object-server[284482]: Object update sweep starting on /srv/node/d1 (pid: 17)
Feb 2 13:43:41 standalone object-server[284482]: Object update sweep completed on /srv/node/d1 in 0.00s seconds:, 0 successes, 0 failures, 0 quarantines, 0 unlinks, 0 errors, 0 redirects (pid: 17)
Feb 2 13:43:41 standalone object-server[284482]: Object update sweep of d1 completed: 0.00s, 0 successes, 0 failures, 0 quarantines, 0 unlinks, 0 errors, 0 redirects
Feb 2 13:43:41 standalone object-server[125314]: Object update sweep completed: 0.06s
Feb 2 13:43:54 standalone container-server[124882]: Begin container update sweep
Feb 2 13:43:55 standalone container-server[124882]: Container update sweep completed: 1.32s
Feb 2 13:45:38 standalone account-server[125127]: 172.20.0.100 - - [02/Feb/2026:13:45:38 +0000] "HEAD /d1/74/.expiring_objects" 404 - "HEAD http://localhost/v1/.expiring_objects?format=json" "txa01cdc467faf48ec87623-006980aa82" "proxy-server 2" 0.0009 "-" 23 -
Feb 2 13:45:38 standalone object-expirer[125216]: Pass completed in 0s; 0 objects expired (txn: txa01cdc467faf48ec87623-006980aa82)
Feb 2 13:46:10 standalone account-server[125127]: 172.20.0.100 - - [02/Feb/2026:13:46:10 +0000] "HEAD /d1/74/.expiring_objects" 404 - "HEAD http://localhost/v1/.expiring_objects?format=json" "tx1bc5bfd39e6d4ba98b1a8-006980aaa2" "proxy-server 2" 0.0007 "-" 23 -
Feb 2 13:46:10 standalone object-expirer[125216]: Pass completed in 0s; 0 objects expired (txn: tx1bc5bfd39e6d4ba98b1a8-006980aaa2)
Feb 2 13:48:41 standalone object-server[125314]: Begin object update sweep
Feb 2 13:48:41 standalone object-server[305212]: Object update sweep starting on /srv/node/d1 (pid: 18)
Feb 2 13:48:41 standalone object-server[305212]: Object update sweep completed on /srv/node/d1 in 0.00s seconds:, 0 successes, 0 failures, 0 quarantines, 0 unlinks, 0 errors, 0 redirects (pid: 18)
Feb 2 13:48:41 standalone object-server[305212]: Object update sweep of d1 completed: 0.00s, 0 successes, 0 failures, 0 quarantines, 0 unlinks, 0 errors, 0 redirects
Feb 2 13:48:41 standalone object-server[125314]: Object update sweep completed: 0.07s
Feb 2 13:48:54 standalone container-server[124882]: Begin container update sweep
Feb 2 13:48:55 standalone container-server[124882]: Container update sweep completed: 1.51s
Feb 2 13:49:09 standalone account-server[125127]: 172.20.0.100 - - [02/Feb/2026:13:49:09 +0000] "HEAD /d1/74/.expiring_objects" 404 - "HEAD http://localhost/v1/.expiring_objects?format=json" "tx5795251f85984bbb99503-006980ab55" "proxy-server 2" 0.0006 "-" 23 -
Feb 2 13:49:09 standalone object-expirer[125216]: Pass completed in 0s; 0 objects expired (txn: tx5795251f85984bbb99503-006980ab55)
Feb 2 13:49:48 standalone account-server[125119]: 172.20.0.31 - - [02/Feb/2026:13:49:48 +0000] "HEAD /d1/882/AUTH_86427565a5b844ad9373a75cd08cf70d" 204 - "HEAD http://swift-internal.openstack.svc:8080/v1/AUTH_86427565a5b844ad9373a75cd08cf70d?format=json" "tx6c1a9ff10dc94ff69d3bb-006980ab7c" "proxy-server 14" 0.0104 "-" 22 -
Feb 2 13:49:49 standalone container-server[125311]: 172.20.0.31 - - [02/Feb/2026:13:49:49 +0000] "HEAD /d1/1001/AUTH_86427565a5b844ad9373a75cd08cf70d/glance" 204 - "HEAD http://swift-internal.openstack.svc:8080/v1/AUTH_86427565a5b844ad9373a75cd08cf70d/glance?format=json&states=listing" "tx6c1a9ff10dc94ff69d3bb-006980ab7c" "proxy-server 14" 0.0033 "-" 22 0
Feb 2 13:49:51 standalone container-server[125311]: 172.20.0.100 - - [02/Feb/2026:13:49:51 +0000] "PUT /d1/1001/AUTH_86427565a5b844ad9373a75cd08cf70d/glance/1768d3d9-d5f8-47cd-bc57-00fa243b5edf-00001" 201 - "PUT http://swift-internal.openstack.svc:8080/d1/98/AUTH_86427565a5b844ad9373a75cd08cf70d/glance/1768d3d9-d5f8-47cd-bc57-00fa243b5edf-00001" "tx16f34a0951de4e989ca0e-006980ab7d" "object-server 25" 0.0006 "-" 22 0
Feb 2 13:49:51 standalone object-server[125544]: 172.20.0.31 - - [02/Feb/2026:13:49:51 +0000] "PUT /d1/98/AUTH_86427565a5b844ad9373a75cd08cf70d/glance/1768d3d9-d5f8-47cd-bc57-00fa243b5edf-00001" 201 - "PUT http://swift-internal.openstack.svc:8080/v1/AUTH_86427565a5b844ad9373a75cd08cf70d/glance/1768d3d9-d5f8-47cd-bc57-00fa243b5edf-00001" "tx16f34a0951de4e989ca0e-006980ab7d" "proxy-server 14" 2.1957 "-" 25 0
Feb 2 13:49:53 standalone container-server[125307]: 172.20.0.100 - - [02/Feb/2026:13:49:53 +0000] "PUT /d1/1001/AUTH_86427565a5b844ad9373a75cd08cf70d/glance/1768d3d9-d5f8-47cd-bc57-00fa243b5edf-00002" 201 - "PUT http://swift-internal.openstack.svc:8080/d1/646/AUTH_86427565a5b844ad9373a75cd08cf70d/glance/1768d3d9-d5f8-47cd-bc57-00fa243b5edf-00002" "txf58975e3f3bf494ba57cc-006980ab7f" "object-server 25" 0.0008 "-" 20 0
Feb 2 13:49:53 standalone object-server[125544]: 172.20.0.31 - - [02/Feb/2026:13:49:53 +0000] "PUT /d1/646/AUTH_86427565a5b844ad9373a75cd08cf70d/glance/1768d3d9-d5f8-47cd-bc57-00fa243b5edf-00002" 201 - "PUT http://swift-internal.openstack.svc:8080/v1/AUTH_86427565a5b844ad9373a75cd08cf70d/glance/1768d3d9-d5f8-47cd-bc57-00fa243b5edf-00002" "txf58975e3f3bf494ba57cc-006980ab7f" "proxy-server 14" 2.2433 "-" 25 0
Feb 2 13:49:55 standalone container-server[125308]: 172.20.0.100 - - [02/Feb/2026:13:49:55 +0000] "PUT /d1/1001/AUTH_86427565a5b844ad9373a75cd08cf70d/glance/1768d3d9-d5f8-47cd-bc57-00fa243b5edf-00003" 201 - "PUT http://swift-internal.openstack.svc:8080/d1/692/AUTH_86427565a5b844ad9373a75cd08cf70d/glance/1768d3d9-d5f8-47cd-bc57-00fa243b5edf-00003" "txac1dde62f50c4a7795730-006980ab81" "object-server 24" 0.0007 "-" 21 0
Feb 2 13:49:55 standalone object-server[125541]: 172.20.0.31 - - [02/Feb/2026:13:49:55 +0000] "PUT /d1/692/AUTH_86427565a5b844ad9373a75cd08cf70d/glance/1768d3d9-d5f8-47cd-bc57-00fa243b5edf-00003" 201 - "PUT http://swift-internal.openstack.svc:8080/v1/AUTH_86427565a5b844ad9373a75cd08cf70d/glance/1768d3d9-d5f8-47cd-bc57-00fa243b5edf-00003" "txac1dde62f50c4a7795730-006980ab81" "proxy-server 14" 1.2705 "-" 24 0
Feb 2 13:49:55 standalone container-server[125308]: 172.20.0.100 - - [02/Feb/2026:13:49:55 +0000] "PUT /d1/1001/AUTH_86427565a5b844ad9373a75cd08cf70d/glance/1768d3d9-d5f8-47cd-bc57-00fa243b5edf" 201 - "PUT http://swift-internal.openstack.svc:8080/d1/640/AUTH_86427565a5b844ad9373a75cd08cf70d/glance/1768d3d9-d5f8-47cd-bc57-00fa243b5edf" "tx1b6e3e0a03d7497bbb998-006980ab83" "object-server 24" 0.0007 "-" 21 0
Feb 2 13:49:55 standalone object-server[125541]: 172.20.0.31 - - [02/Feb/2026:13:49:55 +0000] "PUT /d1/640/AUTH_86427565a5b844ad9373a75cd08cf70d/glance/1768d3d9-d5f8-47cd-bc57-00fa243b5edf" 201 - "PUT http://swift-internal.openstack.svc:8080/v1/AUTH_86427565a5b844ad9373a75cd08cf70d/glance/1768d3d9-d5f8-47cd-bc57-00fa243b5edf" "tx1b6e3e0a03d7497bbb998-006980ab83" "proxy-server 14" 0.0153 "-" 24 0
Feb 2 13:51:11 standalone account-server[125107]: 172.20.0.100 - - [02/Feb/2026:13:51:11 +0000] "HEAD /d1/74/.expiring_objects" 404 - "HEAD http://localhost/v1/.expiring_objects?format=json" "txb1e45379f2af463cb2c34-006980abcf" "proxy-server 2" 0.0006 "-" 21 -
Feb 2 13:51:11 standalone object-expirer[125216]: Pass completed in 0s; 0 objects expired (txn: txb1e45379f2af463cb2c34-006980abcf)
Feb 2 13:53:41 standalone object-server[125314]: Begin object update sweep
Feb 2 13:53:41 standalone object-server[325863]: Object update sweep starting on /srv/node/d1 (pid: 19)
Feb 2 13:53:41 standalone object-server[325863]: Object update sweep completed on /srv/node/d1 in 0.00s seconds:, 0 successes, 0 failures, 0 quarantines, 0 unlinks, 0 errors, 0 redirects (pid: 19)
Feb 2 13:53:41 standalone object-server[325863]: Object update sweep of d1 completed: 0.00s, 0 successes, 0 failures, 0 quarantines, 0 unlinks, 0 errors, 0 redirects
Feb 2 13:53:41 standalone object-server[125314]: Object update sweep completed: 0.05s
Feb 2 13:53:54 standalone container-server[124882]: Begin container update sweep
Feb 2 13:53:55 standalone account-server[125107]: 172.20.0.100 - - [02/Feb/2026:13:53:55 +0000] "PUT /d1/882/AUTH_86427565a5b844ad9373a75cd08cf70d/glance" 201 - "-" "-" "container-updater 2" 0.0013 "-" 21 0
Feb 2 13:53:55 standalone container-server[124882]: Container update sweep completed: 1.54s
Feb 2 13:54:43 standalone account-server[124732]: Devices pass completed: 0.00s
Feb 2 13:55:36 standalone account-server[125119]: 172.20.0.31 - - [02/Feb/2026:13:55:36 +0000] "HEAD /d1/1014/AUTH_f5c23ac741bd4c4fbac829efba57f970" 404 - "HEAD http://swift-internal.openstack.svc:8080/v1/AUTH_f5c23ac741bd4c4fbac829efba57f970?format=json" "txb32786893e3e46748632f-006980acd8" "proxy-server 6" 0.0007 "-" 22 -
Feb 2 13:55:36 standalone account-server[125127]: 172.20.0.31 - - [02/Feb/2026:13:55:36 +0000] "HEAD /d1/1014/AUTH_f5c23ac741bd4c4fbac829efba57f970" 404 - "HEAD http://swift-internal.openstack.svc:8080/v1/AUTH_f5c23ac741bd4c4fbac829efba57f970?format=json" "txb32786893e3e46748632f-006980acd8" "proxy-server 6" 0.0005 "-" 23 -
Feb 2 13:55:36 standalone account-server[125127]: 172.20.0.31 - - [02/Feb/2026:13:55:36 +0000] "HEAD /d1/882/AUTH_86427565a5b844ad9373a75cd08cf70d" 204 - "HEAD http://swift-internal.openstack.svc:8080/v1/AUTH_86427565a5b844ad9373a75cd08cf70d?format=json" "txe55cfe6aee0c4002a3c8d-006980acd8" "proxy-server 6" 0.0063 "-" 23 -
Feb 2 13:55:36 standalone account-server[125127]: 172.20.0.31 - - [02/Feb/2026:13:55:36 +0000] "HEAD /d1/882/AUTH_86427565a5b844ad9373a75cd08cf70d" 204 - "HEAD http://swift-internal.openstack.svc:8080/v1/AUTH_86427565a5b844ad9373a75cd08cf70d?format=json" "txe55cfe6aee0c4002a3c8d-006980acd8" "proxy-server 6" 0.0021 "-" 23 -
