Dec 01 19:40:39 np0005541722.novalocal object-server[94054]: ::1 - - [02/Dec/2025:00:40:39 +0000] "PUT /1/228128/AUTH_71f03d698f7645fb92ce29512b9f0297/gnocchi.f907b420-a446-4586-8553-cedef8a23fa1/none_v3" 201 - "PUT http://[::1]:8080/v1/AUTH_71f03d698f7645fb92ce29512b9f0297/gnocchi.f907b420-a446-4586-8553-cedef8a23fa1/none_v3" "tx6e21188875df472994661-00692e3587" "proxy-server 86829" 0.0117 "-" 94054 0
Dec 01 19:40:39 np0005541722.novalocal container-server[93751]: ::1 - - [02/Dec/2025:00:40:39 +0000] "PUT /1/230899/AUTH_71f03d698f7645fb92ce29512b9f0297/gnocchi.f907b420-a446-4586-8553-cedef8a23fa1/none_v3" 201 - "PUT http://[::1]:8080/2/228128/AUTH_71f03d698f7645fb92ce29512b9f0297/gnocchi.f907b420-a446-4586-8553-cedef8a23fa1/none_v3" "tx6e21188875df472994661-00692e3587" "object-server 94057" 0.0003 "-" 93751 0
Dec 01 19:40:39 np0005541722.novalocal sudo[102717]: pam_unix(sudo:session): session opened for user root(uid=0) by (uid=165)
Dec 01 19:40:39 np0005541722.novalocal object-server[94057]: ::1 - - [02/Dec/2025:00:40:39 +0000] "PUT /2/228128/AUTH_71f03d698f7645fb92ce29512b9f0297/gnocchi.f907b420-a446-4586-8553-cedef8a23fa1/none_v3" 201 - "PUT http://[::1]:8080/v1/AUTH_71f03d698f7645fb92ce29512b9f0297/gnocchi.f907b420-a446-4586-8553-cedef8a23fa1/none_v3" "tx6e21188875df472994661-00692e3587" "proxy-server 86829" 0.0137 "-" 94057 0
Dec 01 19:40:39 np0005541722.novalocal proxy-server[86829]: ::1 ::1 02/Dec/2025/00/40/39 PUT /v1/AUTH_71f03d698f7645fb92ce29512b9f0297/gnocchi.f907b420-a446-4586-8553-cedef8a23fa1/none_v3 HTTP/1.0 201 - python-swiftclient-4.2.0 gAAAAABpLjUvHoCr... 32 - - tx6e21188875df472994661-00692e3587 - 0.0202 - - 1764636039.499724150 1764636039.519949675 0
Dec 01 19:40:39 np0005541722.novalocal dnsmasq-dhcp[101583]: DHCPRELEASE(tapcedaee32-2f) 10.100.0.9 fa:16:3e:ed:36:ab
Dec 01 19:40:39 np0005541722.novalocal dnsmasq-dhcp[101583]: DHCPRELEASE(tapcedaee32-2f) 10.100.0.9 fa:16:3e:ed:36:ab unknown lease
Dec 01 19:40:39 np0005541722.novalocal container-server[93818]: Beginning replication run
Dec 01 19:40:39 np0005541722.novalocal sudo[102717]: pam_unix(sudo:session): session closed for user root
Dec 01 19:40:39 np0005541722.novalocal systemd[1]: session-c151.scope: Deactivated successfully.
Dec 01 19:40:39 np0005541722.novalocal dnsmasq[101583]: read /var/lib/neutron/dhcp/ea3251a3-049d-4495-ae97-aadd1486d9cf/addn_hosts - 1 addresses
Dec 01 19:40:39 np0005541722.novalocal dnsmasq-dhcp[101583]: read /var/lib/neutron/dhcp/ea3251a3-049d-4495-ae97-aadd1486d9cf/host
Dec 01 19:40:39 np0005541722.novalocal dnsmasq-dhcp[101583]: read /var/lib/neutron/dhcp/ea3251a3-049d-4495-ae97-aadd1486d9cf/opts
Dec 01 19:40:39 np0005541722.novalocal object-server[94054]: ::1 - - [02/Dec/2025:00:40:39 +0000] "GET /3/111055/AUTH_71f03d698f7645fb92ce29512b9f0297/gnocchi.4f4ceade-eaeb-4e42-9a5a-89994ebe9980/none_v3" 200 37 "GET http://[::1]:8080/v1/AUTH_71f03d698f7645fb92ce29512b9f0297/gnocchi.4f4ceade-eaeb-4e42-9a5a-89994ebe9980/none_v3" "tx8a82829a4b1d4244b1b45-00692e3587" "proxy-server 86829" 0.0007 "-" 94054 0
Dec 01 19:40:39 np0005541722.novalocal proxy-server[86829]: ::1 ::1 02/Dec/2025/00/40/39 GET /v1/AUTH_71f03d698f7645fb92ce29512b9f0297/gnocchi.4f4ceade-eaeb-4e42-9a5a-89994ebe9980/none_v3 HTTP/1.0 200 - python-swiftclient-4.2.0 gAAAAABpLjU42Jqt... - 37 - tx8a82829a4b1d4244b1b45-00692e3587 - 0.0112 - - 1764636039.983541489 1764636039.994787216 0
Dec 01 19:40:39 np0005541722.novalocal object-server[94054]: ::1 - - [02/Dec/2025:00:40:39 +0000] "GET /2/10172/AUTH_71f03d698f7645fb92ce29512b9f0297/gnocchi.61778235-7b6f-4bbe-994d-09bbb1cdc586/none_v3" 200 46 "GET http://[::1]:8080/v1/AUTH_71f03d698f7645fb92ce29512b9f0297/gnocchi.61778235-7b6f-4bbe-994d-09bbb1cdc586/none_v3" "tx55d56b4222a6444da57a9-00692e3587" "proxy-server 86829" 0.0004 "-" 94054 0
Dec 01 19:40:39 np0005541722.novalocal proxy-server[86829]: ::1 ::1 02/Dec/2025/00/40/39 GET /v1/AUTH_71f03d698f7645fb92ce29512b9f0297/gnocchi.61778235-7b6f-4bbe-994d-09bbb1cdc586/none_v3 HTTP/1.0 200 - python-swiftclient-4.2.0 gAAAAABpLjUvHoCr... - 46 - tx55d56b4222a6444da57a9-00692e3587 - 0.0101 - - 1764636039.987994671 1764636039.998089790 0
Dec 01 19:40:40 np0005541722.novalocal container-server[93753]: ::1 - - [02/Dec/2025:00:40:40 +0000] "GET /1/49168/AUTH_71f03d698f7645fb92ce29512b9f0297/gnocchi.61778235-7b6f-4bbe-994d-09bbb1cdc586" 200 357 "GET http://[::1]:8080/v1/AUTH_71f03d698f7645fb92ce29512b9f0297/gnocchi.61778235-7b6f-4bbe-994d-09bbb1cdc586?format=json&states=listing" "txf13bf2159b6f4c849d37c-00692e3588" "proxy-server 86829" 0.0066 "-" 93753 0
Dec 01 19:40:40 np0005541722.novalocal proxy-server[86829]: ::1 ::1 02/Dec/2025/00/40/40 GET /v1/AUTH_71f03d698f7645fb92ce29512b9f0297/gnocchi.61778235-7b6f-4bbe-994d-09bbb1cdc586%3Fformat%3Djson%26states%3Dlisting HTTP/1.0 200 - python-swiftclient-4.2.0 gAAAAABpLjUvHoCr... - 357 - txf13bf2159b6f4c849d37c-00692e3588 - 0.0125 - - 1764636040.002191782 1764636040.014653683 0
Dec 01 19:40:40 np0005541722.novalocal container-server[93751]: ::1 - - [02/Dec/2025:00:40:40 +0000] "GET /3/21129/AUTH_71f03d698f7645fb92ce29512b9f0297/gnocchi.4f4ceade-eaeb-4e42-9a5a-89994ebe9980" 200 357 "GET http://[::1]:8080/v1/AUTH_71f03d698f7645fb92ce29512b9f0297/gnocchi.4f4ceade-eaeb-4e42-9a5a-89994ebe9980?format=json&states=listing" "txe0d538b2f6994665a20d6-00692e3587" "proxy-server 86829" 0.0247 "-" 93751 0
Dec 01 19:40:40 np0005541722.novalocal proxy-server[86829]: ::1 ::1 02/Dec/2025/00/40/40 GET /v1/AUTH_71f03d698f7645fb92ce29512b9f0297/gnocchi.4f4ceade-eaeb-4e42-9a5a-89994ebe9980%3Fformat%3Djson%26states%3Dlisting HTTP/1.0 200 - python-swiftclient-4.2.0 gAAAAABpLjU42Jqt... - 357 - txe0d538b2f6994665a20d6-00692e3587 - 0.0318 - - 1764636039.998834848 1764636040.030613899 0
Dec 01 19:40:40 np0005541722.novalocal container-server[93751]: ::1 - - [02/Dec/2025:00:40:40 +0000] "GET /2/49168/AUTH_71f03d698f7645fb92ce29512b9f0297/gnocchi.61778235-7b6f-4bbe-994d-09bbb1cdc586" 200 2 "GET http://[::1]:8080/v1/AUTH_71f03d698f7645fb92ce29512b9f0297/gnocchi.61778235-7b6f-4bbe-994d-09bbb1cdc586?format=json&marker=none_v3&states=listing" "tx19dbf622e3474cd58c08c-00692e3588" "proxy-server 86829" 0.0022 "-" 93751 0
Dec 01 19:40:40 np0005541722.novalocal proxy-server[86829]: ::1 ::1 02/Dec/2025/00/40/40 GET /v1/AUTH_71f03d698f7645fb92ce29512b9f0297/gnocchi.61778235-7b6f-4bbe-994d-09bbb1cdc586%3Fformat%3Djson%26marker%3Dnone_v3%26states%3Dlisting HTTP/1.0 200 - python-swiftclient-4.2.0 gAAAAABpLjUvHoCr... - 2 - tx19dbf622e3474cd58c08c-00692e3588 - 0.0148 - - 1764636040.020015955 1764636040.034805536 0
Dec 01 19:40:40 np0005541722.novalocal object-server[94056]: ::1 - - [02/Dec/2025:00:40:40 +0000] "GET /2/7990/AUTH_71f03d698f7645fb92ce29512b9f0297/gnocchi.61778235-7b6f-4bbe-994d-09bbb1cdc586/1763640000.0_mean_300.0_v3" 200 16 "GET http://[::1]:8080/v1/AUTH_71f03d698f7645fb92ce29512b9f0297/gnocchi.61778235-7b6f-4bbe-994d-09bbb1cdc586/1763640000.0_mean_300.0_v3" "tx6c20417fcc9c4abc9c1b0-00692e3588" "proxy-server 86829" 0.0010 "-" 94056 0
Dec 01 19:40:40 np0005541722.novalocal proxy-server[86829]: ::1 ::1 02/Dec/2025/00/40/40 GET /v1/AUTH_71f03d698f7645fb92ce29512b9f0297/gnocchi.61778235-7b6f-4bbe-994d-09bbb1cdc586/1763640000.0_mean_300.0_v3 HTTP/1.0 200 - python-swiftclient-4.2.0 gAAAAABpLjUvHoCr... - 16 - tx6c20417fcc9c4abc9c1b0-00692e3588 - 0.0064 - - 1764636040.037583828 1764636040.043952703 0
Dec 01 19:40:40 np0005541722.novalocal container-server[93750]: ::1 - - [02/Dec/2025:00:40:40 +0000] "GET /2/21129/AUTH_71f03d698f7645fb92ce29512b9f0297/gnocchi.4f4ceade-eaeb-4e42-9a5a-89994ebe9980" 200 2 "GET http://[::1]:8080/v1/AUTH_71f03d698f7645fb92ce29512b9f0297/gnocchi.4f4ceade-eaeb-4e42-9a5a-89994ebe9980?format=json&marker=none_v3&states=listing" "txa6c8ee5db02b4338950cc-00692e3588" "proxy-server 86829" 0.0071 "-" 93750 0
Dec 01 19:40:40 np0005541722.novalocal proxy-server[86829]: ::1 ::1 02/Dec/2025/00/40/40 GET /v1/AUTH_71f03d698f7645fb92ce29512b9f0297/gnocchi.4f4ceade-eaeb-4e42-9a5a-89994ebe9980%3Fformat%3Djson%26marker%3Dnone_v3%26states%3Dlisting HTTP/1.0 200 - python-swiftclient-4.2.0 gAAAAABpLjU42Jqt... - 2 - txa6c8ee5db02b4338950cc-00692e3588 - 0.0152 - - 1764636040.033735514 1764636040.048978806 0
Dec 01 19:40:40 np0005541722.novalocal object-server[94054]: ::1 - - [02/Dec/2025:00:40:40 +0000] "GET /3/152242/AUTH_71f03d698f7645fb92ce29512b9f0297/gnocchi.4f4ceade-eaeb-4e42-9a5a-89994ebe9980/1763640000.0_mean_300.0_v3" 200 16 "GET http://[::1]:8080/v1/AUTH_71f03d698f7645fb92ce29512b9f0297/gnocchi.4f4ceade-eaeb-4e42-9a5a-89994ebe9980/1763640000.0_mean_300.0_v3" "txbf94ff684ab740c681bdb-00692e3588" "proxy-server 86829" 0.0009 "-" 94054 0
Dec 01 19:40:40 np0005541722.novalocal container-server[93751]: ::1 - - [02/Dec/2025:00:40:40 +0000] "PUT /2/49168/AUTH_71f03d698f7645fb92ce29512b9f0297/gnocchi.61778235-7b6f-4bbe-994d-09bbb1cdc586/1763640000.0_mean_300.0_v3" 201 - "PUT http://[::1]:8080/1/7990/AUTH_71f03d698f7645fb92ce29512b9f0297/gnocchi.61778235-7b6f-4bbe-994d-09bbb1cdc586/1763640000.0_mean_300.0_v3" "tx9052b736bf2942359614f-00692e3588" "object-server 94054" 0.0006 "-" 93751 0
Dec 01 19:40:40 np0005541722.novalocal container-server[93750]: ::1 - - [02/Dec/2025:00:40:40 +0000] "PUT /3/49168/AUTH_71f03d698f7645fb92ce29512b9f0297/gnocchi.61778235-7b6f-4bbe-994d-09bbb1cdc586/1763640000.0_mean_300.0_v3" 201 - "PUT http://[::1]:8080/3/7990/AUTH_71f03d698f7645fb92ce29512b9f0297/gnocchi.61778235-7b6f-4bbe-994d-09bbb1cdc586/1763640000.0_mean_300.0_v3" "tx9052b736bf2942359614f-00692e3588" "object-server 94055" 0.0005 "-" 93750 0
Dec 01 19:40:40 np0005541722.novalocal object-server[94054]: ::1 - - [02/Dec/2025:00:40:40 +0000] "PUT /1/7990/AUTH_71f03d698f7645fb92ce29512b9f0297/gnocchi.61778235-7b6f-4bbe-994d-09bbb1cdc586/1763640000.0_mean_300.0_v3" 201 - "PUT http://[::1]:8080/v1/AUTH_71f03d698f7645fb92ce29512b9f0297/gnocchi.61778235-7b6f-4bbe-994d-09bbb1cdc586/1763640000.0_mean_300.0_v3" "tx9052b736bf2942359614f-00692e3588" "proxy-server 86829" 0.0136 "-" 94054 0
Dec 01 19:40:40 np0005541722.novalocal object-server[94055]: ::1 - - [02/Dec/2025:00:40:40 +0000] "PUT /3/7990/AUTH_71f03d698f7645fb92ce29512b9f0297/gnocchi.61778235-7b6f-4bbe-994d-09bbb1cdc586/1763640000.0_mean_300.0_v3" 201 - "PUT http://[::1]:8080/v1/AUTH_71f03d698f7645fb92ce29512b9f0297/gnocchi.61778235-7b6f-4bbe-994d-09bbb1cdc586/1763640000.0_mean_300.0_v3" "tx9052b736bf2942359614f-00692e3588" "proxy-server 86829" 0.0111 "-" 94055 0
Dec 01 19:40:40 np0005541722.novalocal proxy-server[86829]: ::1 ::1 02/Dec/2025/00/40/40 GET /v1/AUTH_71f03d698f7645fb92ce29512b9f0297/gnocchi.4f4ceade-eaeb-4e42-9a5a-89994ebe9980/1763640000.0_mean_300.0_v3 HTTP/1.0 200 - python-swiftclient-4.2.0 gAAAAABpLjU42Jqt... - 16 - txbf94ff684ab740c681bdb-00692e3588 - 0.0140 - - 1764636040.053248167 1764636040.067286968 0
Dec 01 19:40:40 np0005541722.novalocal container-server[93752]: ::1 - - [02/Dec/2025:00:40:40 +0000] "PUT /1/49168/AUTH_71f03d698f7645fb92ce29512b9f0297/gnocchi.61778235-7b6f-4bbe-994d-09bbb1cdc586/1763640000.0_mean_300.0_v3" 201 - "PUT http://[::1]:8080/2/7990/AUTH_71f03d698f7645fb92ce29512b9f0297/gnocchi.61778235-7b6f-4bbe-994d-09bbb1cdc586/1763640000.0_mean_300.0_v3" "tx9052b736bf2942359614f-00692e3588" "object-server 94055" 0.0012 "-" 93752 0
Dec 01 19:40:40 np0005541722.novalocal object-server[94055]: ::1 - - [02/Dec/2025:00:40:40 +0000] "PUT /2/7990/AUTH_71f03d698f7645fb92ce29512b9f0297/gnocchi.61778235-7b6f-4bbe-994d-09bbb1cdc586/1763640000.0_mean_300.0_v3" 201 - "PUT http://[::1]:8080/v1/AUTH_71f03d698f7645fb92ce29512b9f0297/gnocchi.61778235-7b6f-4bbe-994d-09bbb1cdc586/1763640000.0_mean_300.0_v3" "tx9052b736bf2942359614f-00692e3588" "proxy-server 86829" 0.0155 "-" 94055 0
Dec 01 19:40:40 np0005541722.novalocal proxy-server[86829]: ::1 ::1 02/Dec/2025/00/40/40 PUT /v1/AUTH_71f03d698f7645fb92ce29512b9f0297/gnocchi.61778235-7b6f-4bbe-994d-09bbb1cdc586/1763640000.0_mean_300.0_v3 HTTP/1.0 201 - python-swiftclient-4.2.0 gAAAAABpLjUvHoCr... 16 - - tx9052b736bf2942359614f-00692e3588 - 0.0253 - - 1764636040.047001362 1764636040.072336912 0
Dec 01 19:40:40 np0005541722.novalocal container-server[93753]: ::1 - - [02/Dec/2025:00:40:40 +0000] "PUT /2/21129/AUTH_71f03d698f7645fb92ce29512b9f0297/gnocchi.4f4ceade-eaeb-4e42-9a5a-89994ebe9980/1763640000.0_mean_300.0_v3" 201 - "PUT http://[::1]:8080/3/152242/AUTH_71f03d698f7645fb92ce29512b9f0297/gnocchi.4f4ceade-eaeb-4e42-9a5a-89994ebe9980/1763640000.0_mean_300.0_v3" "tx2b7def4e2345404a94417-00692e3588" "object-server 94055" 0.0007 "-" 93753 0
Dec 01 19:40:40 np0005541722.novalocal object-server[94055]: ::1 - - [02/Dec/2025:00:40:40 +0000] "PUT /3/152242/AUTH_71f03d698f7645fb92ce29512b9f0297/gnocchi.4f4ceade-eaeb-4e42-9a5a-89994ebe9980/1763640000.0_mean_300.0_v3" 201 - "PUT http://[::1]:8080/v1/AUTH_71f03d698f7645fb92ce29512b9f0297/gnocchi.4f4ceade-eaeb-4e42-9a5a-89994ebe9980/1763640000.0_mean_300.0_v3" "tx2b7def4e2345404a94417-00692e3588" "proxy-server 86829" 0.0186 "-" 94055 0
Dec 01 19:40:40 np0005541722.novalocal container-server[93751]: ::1 - - [02/Dec/2025:00:40:40 +0000] "PUT /3/49168/AUTH_71f03d698f7645fb92ce29512b9f0297/gnocchi.61778235-7b6f-4bbe-994d-09bbb1cdc586/none_v3" 201 - "PUT http://[::1]:8080/1/10172/AUTH_71f03d698f7645fb92ce29512b9f0297/gnocchi.61778235-7b6f-4bbe-994d-09bbb1cdc586/none_v3" "txc0267e86fe9941d29b227-00692e3588" "object-server 94057" 0.0005 "-" 93751 0
Dec 01 19:40:40 np0005541722.novalocal object-server[94057]: ::1 - - [02/Dec/2025:00:40:40 +0000] "PUT /1/10172/AUTH_71f03d698f7645fb92ce29512b9f0297/gnocchi.61778235-7b6f-4bbe-994d-09bbb1cdc586/none_v3" 201 - "PUT http://[::1]:8080/v1/AUTH_71f03d698f7645fb92ce29512b9f0297/gnocchi.61778235-7b6f-4bbe-994d-09bbb1cdc586/none_v3" "txc0267e86fe9941d29b227-00692e3588" "proxy-server 86829" 0.0102 "-" 94057 0
Dec 01 19:40:40 np0005541722.novalocal container-server[93752]: ::1 - - [02/Dec/2025:00:40:40 +0000] "PUT /2/49168/AUTH_71f03d698f7645fb92ce29512b9f0297/gnocchi.61778235-7b6f-4bbe-994d-09bbb1cdc586/none_v3" 201 - "PUT http://[::1]:8080/2/10172/AUTH_71f03d698f7645fb92ce29512b9f0297/gnocchi.61778235-7b6f-4bbe-994d-09bbb1cdc586/none_v3" "txc0267e86fe9941d29b227-00692e3588" "object-server 94056" 0.0008 "-" 93752 0
Dec 01 19:40:40 np0005541722.novalocal container-server[93750]: ::1 - - [02/Dec/2025:00:40:40 +0000] "PUT /1/21129/AUTH_71f03d698f7645fb92ce29512b9f0297/gnocchi.4f4ceade-eaeb-4e42-9a5a-89994ebe9980/1763640000.0_mean_300.0_v3" 201 - "PUT http://[::1]:8080/2/152242/AUTH_71f03d698f7645fb92ce29512b9f0297/gnocchi.4f4ceade-eaeb-4e42-9a5a-89994ebe9980/1763640000.0_mean_300.0_v3" "tx2b7def4e2345404a94417-00692e3588" "object-server 94054" 0.0006 "-" 93750 0
Dec 01 19:40:40 np0005541722.novalocal object-server[94054]: ::1 - - [02/Dec/2025:00:40:40 +0000] "PUT /2/152242/AUTH_71f03d698f7645fb92ce29512b9f0297/gnocchi.4f4ceade-eaeb-4e42-9a5a-89994ebe9980/1763640000.0_mean_300.0_v3" 201 - "PUT http://[::1]:8080/v1/AUTH_71f03d698f7645fb92ce29512b9f0297/gnocchi.4f4ceade-eaeb-4e42-9a5a-89994ebe9980/1763640000.0_mean_300.0_v3" "tx2b7def4e2345404a94417-00692e3588" "proxy-server 86829" 0.0240 "-" 94054 0
Dec 01 19:40:40 np0005541722.novalocal container-server[93750]: ::1 - - [02/Dec/2025:00:40:40 +0000] "PUT /3/21129/AUTH_71f03d698f7645fb92ce29512b9f0297/gnocchi.4f4ceade-eaeb-4e42-9a5a-89994ebe9980/1763640000.0_mean_300.0_v3" 201 - "PUT http://[::1]:8080/1/152242/AUTH_71f03d698f7645fb92ce29512b9f0297/gnocchi.4f4ceade-eaeb-4e42-9a5a-89994ebe9980/1763640000.0_mean_300.0_v3" "tx2b7def4e2345404a94417-00692e3588" "object-server 94055" 0.0004 "-" 93750 0
Dec 01 19:40:40 np0005541722.novalocal object-server[94056]: ::1 - - [02/Dec/2025:00:40:40 +0000] "PUT /2/10172/AUTH_71f03d698f7645fb92ce29512b9f0297/gnocchi.61778235-7b6f-4bbe-994d-09bbb1cdc586/none_v3" 201 - "PUT http://[::1]:8080/v1/AUTH_71f03d698f7645fb92ce29512b9f0297/gnocchi.61778235-7b6f-4bbe-994d-09bbb1cdc586/none_v3" "txc0267e86fe9941d29b227-00692e3588" "proxy-server 86829" 0.0187 "-" 94056 0
Dec 01 19:40:40 np0005541722.novalocal object-server[94055]: ::1 - - [02/Dec/2025:00:40:40 +0000] "PUT /1/152242/AUTH_71f03d698f7645fb92ce29512b9f0297/gnocchi.4f4ceade-eaeb-4e42-9a5a-89994ebe9980/1763640000.0_mean_300.0_v3" 201 - "PUT http://[::1]:8080/v1/AUTH_71f03d698f7645fb92ce29512b9f0297/gnocchi.4f4ceade-eaeb-4e42-9a5a-89994ebe9980/1763640000.0_mean_300.0_v3" "tx2b7def4e2345404a94417-00692e3588" "proxy-server 86829" 0.0309 "-" 94055 0
Dec 01 19:40:40 np0005541722.novalocal container-server[93750]: ::1 - - [02/Dec/2025:00:40:40 +0000] "PUT /1/49168/AUTH_71f03d698f7645fb92ce29512b9f0297/gnocchi.61778235-7b6f-4bbe-994d-09bbb1cdc586/none_v3" 201 - "PUT http://[::1]:8080/3/10172/AUTH_71f03d698f7645fb92ce29512b9f0297/gnocchi.61778235-7b6f-4bbe-994d-09bbb1cdc586/none_v3" "txc0267e86fe9941d29b227-00692e3588" "object-server 94056" 0.0007 "-" 93750 0
Dec 01 19:40:40 np0005541722.novalocal object-server[94056]: ::1 - - [02/Dec/2025:00:40:40 +0000] "PUT /3/10172/AUTH_71f03d698f7645fb92ce29512b9f0297/gnocchi.61778235-7b6f-4bbe-994d-09bbb1cdc586/none_v3" 201 - "PUT http://[::1]:8080/v1/AUTH_71f03d698f7645fb92ce29512b9f0297/gnocchi.61778235-7b6f-4bbe-994d-09bbb1cdc586/none_v3" "txc0267e86fe9941d29b227-00692e3588" "proxy-server 86829" 0.0192 "-" 94056 0
Dec 01 19:40:40 np0005541722.novalocal proxy-server[86829]: ::1 ::1 02/Dec/2025/00/40/40 PUT /v1/AUTH_71f03d698f7645fb92ce29512b9f0297/gnocchi.4f4ceade-eaeb-4e42-9a5a-89994ebe9980/1763640000.0_mean_300.0_v3 HTTP/1.0 201 - python-swiftclient-4.2.0 gAAAAABpLjU42Jqt... 16 - - tx2b7def4e2345404a94417-00692e3588 - 0.0441 - - 1764636040.070238113 1764636040.114331245 0
Dec 01 19:40:40 np0005541722.novalocal proxy-server[86829]: ::1 ::1 02/Dec/2025/00/40/40 PUT /v1/AUTH_71f03d698f7645fb92ce29512b9f0297/gnocchi.61778235-7b6f-4bbe-994d-09bbb1cdc586/none_v3 HTTP/1.0 201 - python-swiftclient-4.2.0 gAAAAABpLjUvHoCr... 51 - - txc0267e86fe9941d29b227-00692e3588 - 0.0413 - - 1764636040.074790001 1764636040.116138935 0
Dec 01 19:40:40 np0005541722.novalocal object-server[94055]: ::1 - - [02/Dec/2025:00:40:40 +0000] "GET /3/231208/AUTH_71f03d698f7645fb92ce29512b9f0297/gnocchi.9215856c-c395-4304-a8dc-b51823122638/none_v3" 200 44 "GET http://[::1]:8080/v1/AUTH_71f03d698f7645fb92ce29512b9f0297/gnocchi.9215856c-c395-4304-a8dc-b51823122638/none_v3" "tx5cd1639dabf34c148b24e-00692e3588" "proxy-server 86829" 0.0007 "-" 94055 0
Dec 01 19:40:40 np0005541722.novalocal container-server[93750]: ::1 - - [02/Dec/2025:00:40:40 +0000] "PUT /1/21129/AUTH_71f03d698f7645fb92ce29512b9f0297/gnocchi.4f4ceade-eaeb-4e42-9a5a-89994ebe9980/none_v3" 201 - "PUT http://[::1]:8080/2/111055/AUTH_71f03d698f7645fb92ce29512b9f0297/gnocchi.4f4ceade-eaeb-4e42-9a5a-89994ebe9980/none_v3" "tx8a1b1edeb7bb46569fb4a-00692e3588" "object-server 94054" 0.0008 "-" 93750 0
Dec 01 19:40:40 np0005541722.novalocal proxy-server[86829]: ::1 ::1 02/Dec/2025/00/40/40 GET /v1/AUTH_71f03d698f7645fb92ce29512b9f0297/gnocchi.9215856c-c395-4304-a8dc-b51823122638/none_v3 HTTP/1.0 200 - python-swiftclient-4.2.0 gAAAAABpLjUvHoCr... - 44 - tx5cd1639dabf34c148b24e-00692e3588 - 0.0101 - - 1764636040.128170013 1764636040.138252735 0
Dec 01 19:40:40 np0005541722.novalocal object-server[94054]: ::1 - - [02/Dec/2025:00:40:40 +0000] "PUT /2/111055/AUTH_71f03d698f7645fb92ce29512b9f0297/gnocchi.4f4ceade-eaeb-4e42-9a5a-89994ebe9980/none_v3" 201 - "PUT http://[::1]:8080/v1/AUTH_71f03d698f7645fb92ce29512b9f0297/gnocchi.4f4ceade-eaeb-4e42-9a5a-89994ebe9980/none_v3" "tx8a1b1edeb7bb46569fb4a-00692e3588" "proxy-server 86829" 0.0140 "-" 94054 0
Dec 01 19:40:40 np0005541722.novalocal container-server[93753]: ::1 - - [02/Dec/2025:00:40:40 +0000] "PUT /2/21129/AUTH_71f03d698f7645fb92ce29512b9f0297/gnocchi.4f4ceade-eaeb-4e42-9a5a-89994ebe9980/none_v3" 201 - "PUT http://[::1]:8080/1/111055/AUTH_71f03d698f7645fb92ce29512b9f0297/gnocchi.4f4ceade-eaeb-4e42-9a5a-89994ebe9980/none_v3" "tx8a1b1edeb7bb46569fb4a-00692e3588" "object-server 94056" 0.0007 "-" 93753 0
Dec 01 19:40:40 np0005541722.novalocal container-server[93753]: ::1 - - [02/Dec/2025:00:40:40 +0000] "PUT /3/21129/AUTH_71f03d698f7645fb92ce29512b9f0297/gnocchi.4f4ceade-eaeb-4e42-9a5a-89994ebe9980/none_v3" 201 - "PUT http://[::1]:8080/3/111055/AUTH_71f03d698f7645fb92ce29512b9f0297/gnocchi.4f4ceade-eaeb-4e42-9a5a-89994ebe9980/none_v3" "tx8a1b1edeb7bb46569fb4a-00692e3588" "object-server 94056" 0.0005 "-" 93753 0
Dec 01 19:40:40 np0005541722.novalocal object-server[94056]: ::1 - - [02/Dec/2025:00:40:40 +0000] "PUT /1/111055/AUTH_71f03d698f7645fb92ce29512b9f0297/gnocchi.4f4ceade-eaeb-4e42-9a5a-89994ebe9980/none_v3" 201 - "PUT http://[::1]:8080/v1/AUTH_71f03d698f7645fb92ce29512b9f0297/gnocchi.4f4ceade-eaeb-4e42-9a5a-89994ebe9980/none_v3" "tx8a1b1edeb7bb46569fb4a-00692e3588" "proxy-server 86829" 0.0163 "-" 94056 0
Dec 01 19:40:40 np0005541722.novalocal object-server[94056]: ::1 - - [02/Dec/2025:00:40:40 +0000] "PUT /3/111055/AUTH_71f03d698f7645fb92ce29512b9f0297/gnocchi.4f4ceade-eaeb-4e42-9a5a-89994ebe9980/none_v3" 201 - "PUT http://[::1]:8080/v1/AUTH_71f03d698f7645fb92ce29512b9f0297/gnocchi.4f4ceade-eaeb-4e42-9a5a-89994ebe9980/none_v3" "tx8a1b1edeb7bb46569fb4a-00692e3588" "proxy-server 86829" 0.0197 "-" 94056 0
Dec 01 19:40:40 np0005541722.novalocal proxy-server[86829]: ::1 ::1 02/Dec/2025/00/40/40 PUT /v1/AUTH_71f03d698f7645fb92ce29512b9f0297/gnocchi.4f4ceade-eaeb-4e42-9a5a-89994ebe9980/none_v3 HTTP/1.0 201 - python-swiftclient-4.2.0 gAAAAABpLjU42Jqt... 44 - - tx8a1b1edeb7bb46569fb4a-00692e3588 - 0.0326 - - 1764636040.117062569 1764636040.149625063 0
Dec 01 19:40:40 np0005541722.novalocal container-server[93752]: ::1 - - [02/Dec/2025:00:40:40 +0000] "GET /3/212803/AUTH_71f03d698f7645fb92ce29512b9f0297/gnocchi.9215856c-c395-4304-a8dc-b51823122638" 200 357 "GET http://[::1]:8080/v1/AUTH_71f03d698f7645fb92ce29512b9f0297/gnocchi.9215856c-c395-4304-a8dc-b51823122638?format=json&states=listing" "tx01c8d2573b38446e8b4c6-00692e3588" "proxy-server 86829" 0.0024 "-" 93752 0
Dec 01 19:40:40 np0005541722.novalocal proxy-server[86829]: ::1 ::1 02/Dec/2025/00/40/40 GET /v1/AUTH_71f03d698f7645fb92ce29512b9f0297/gnocchi.9215856c-c395-4304-a8dc-b51823122638%3Fformat%3Djson%26states%3Dlisting HTTP/1.0 200 - python-swiftclient-4.2.0 gAAAAABpLjUvHoCr... - 357 - tx01c8d2573b38446e8b4c6-00692e3588 - 0.0143 - - 1764636040.141701937 1764636040.156033754 0
Dec 01 19:40:40 np0005541722.novalocal object-server[94057]: ::1 - - [02/Dec/2025:00:40:40 +0000] "GET /3/147817/AUTH_71f03d698f7645fb92ce29512b9f0297/gnocchi.fb49e970-c4be-4c0d-9fc9-98f2fc574dcc/none_v3" 200 46 "GET http://[::1]:8080/v1/AUTH_71f03d698f7645fb92ce29512b9f0297/gnocchi.fb49e970-c4be-4c0d-9fc9-98f2fc574dcc/none_v3" "txba575b96c12946ec89e97-00692e3588" "proxy-server 86829" 0.0015 "-" 94057 0
Dec 01 19:40:40 np0005541722.novalocal proxy-server[86829]: ::1 ::1 02/Dec/2025/00/40/40 GET /v1/AUTH_71f03d698f7645fb92ce29512b9f0297/gnocchi.fb49e970-c4be-4c0d-9fc9-98f2fc574dcc/none_v3 HTTP/1.0 200 - python-swiftclient-4.2.0 gAAAAABpLjU42Jqt... - 46 - txba575b96c12946ec89e97-00692e3588 - 0.0082 - - 1764636040.162058830 1764636040.170292139 0
Dec 01 19:40:40 np0005541722.novalocal container-server[93752]: ::1 - - [02/Dec/2025:00:40:40 +0000] "GET /1/212803/AUTH_71f03d698f7645fb92ce29512b9f0297/gnocchi.9215856c-c395-4304-a8dc-b51823122638" 200 2 "GET http://[::1]:8080/v1/AUTH_71f03d698f7645fb92ce29512b9f0297/gnocchi.9215856c-c395-4304-a8dc-b51823122638?format=json&marker=none_v3&states=listing" "tx8d2a22074d79459c9be6f-00692e3588" "proxy-server 86829" 0.0062 "-" 93752 0
Dec 01 19:40:40 np0005541722.novalocal proxy-server[86829]: ::1 ::1 02/Dec/2025/00/40/40 GET /v1/AUTH_71f03d698f7645fb92ce29512b9f0297/gnocchi.9215856c-c395-4304-a8dc-b51823122638%3Fformat%3Djson%26marker%3Dnone_v3%26states%3Dlisting HTTP/1.0 200 - python-swiftclient-4.2.0 gAAAAABpLjUvHoCr... - 2 - tx8d2a22074d79459c9be6f-00692e3588 - 0.0131 - - 1764636040.159428596 1764636040.172499180 0
Dec 01 19:40:40 np0005541722.novalocal object-server[94057]: ::1 - - [02/Dec/2025:00:40:40 +0000] "GET /3/331/AUTH_71f03d698f7645fb92ce29512b9f0297/gnocchi.9215856c-c395-4304-a8dc-b51823122638/1763640000.0_mean_300.0_v3" 200 16 "GET http://[::1]:8080/v1/AUTH_71f03d698f7645fb92ce29512b9f0297/gnocchi.9215856c-c395-4304-a8dc-b51823122638/1763640000.0_mean_300.0_v3" "txf9216fa8df294311b0061-00692e3588" "proxy-server 86829" 0.0008 "-" 94057 0
Dec 01 19:40:40 np0005541722.novalocal proxy-server[86829]: ::1 ::1 02/Dec/2025/00/40/40 GET /v1/AUTH_71f03d698f7645fb92ce29512b9f0297/gnocchi.9215856c-c395-4304-a8dc-b51823122638/1763640000.0_mean_300.0_v3 HTTP/1.0 200 - python-swiftclient-4.2.0 gAAAAABpLjUvHoCr... - 16 - txf9216fa8df294311b0061-00692e3588 - 0.0089 - - 1764636040.176136017 1764636040.184988737 0
Dec 01 19:40:40 np0005541722.novalocal container-server[93750]: ::1 - - [02/Dec/2025:00:40:40 +0000] "GET /2/43849/AUTH_71f03d698f7645fb92ce29512b9f0297/gnocchi.fb49e970-c4be-4c0d-9fc9-98f2fc574dcc" 200 357 "GET http://[::1]:8080/v1/AUTH_71f03d698f7645fb92ce29512b9f0297/gnocchi.fb49e970-c4be-4c0d-9fc9-98f2fc574dcc?format=json&states=listing" "tx05b57a60d59a461b85fee-00692e3588" "proxy-server 86829" 0.0095 "-" 93750 0
Dec 01 19:40:40 np0005541722.novalocal proxy-server[86829]: ::1 ::1 02/Dec/2025/00/40/40 GET /v1/AUTH_71f03d698f7645fb92ce29512b9f0297/gnocchi.fb49e970-c4be-4c0d-9fc9-98f2fc574dcc%3Fformat%3Djson%26states%3Dlisting HTTP/1.0 200 - python-swiftclient-4.2.0 gAAAAABpLjU42Jqt... - 357 - tx05b57a60d59a461b85fee-00692e3588 - 0.0181 - - 1764636040.173303604 1764636040.191372395 0
Dec 01 19:40:40 np0005541722.novalocal container-server[93753]: ::1 - - [02/Dec/2025:00:40:40 +0000] "PUT /2/212803/AUTH_71f03d698f7645fb92ce29512b9f0297/gnocchi.9215856c-c395-4304-a8dc-b51823122638/1763640000.0_mean_300.0_v3" 201 - "PUT http://[::1]:8080/3/331/AUTH_71f03d698f7645fb92ce29512b9f0297/gnocchi.9215856c-c395-4304-a8dc-b51823122638/1763640000.0_mean_300.0_v3" "tx06502ee690384b9cb8a11-00692e3588" "object-server 94057" 0.0005 "-" 93753 0
Dec 01 19:40:40 np0005541722.novalocal object-server[94057]: ::1 - - [02/Dec/2025:00:40:40 +0000] "PUT /3/331/AUTH_71f03d698f7645fb92ce29512b9f0297/gnocchi.9215856c-c395-4304-a8dc-b51823122638/1763640000.0_mean_300.0_v3" 201 - "PUT http://[::1]:8080/v1/AUTH_71f03d698f7645fb92ce29512b9f0297/gnocchi.9215856c-c395-4304-a8dc-b51823122638/1763640000.0_mean_300.0_v3" "tx06502ee690384b9cb8a11-00692e3588" "proxy-server 86829" 0.0107 "-" 94057 0
Dec 01 19:40:40 np0005541722.novalocal container-server[93752]: ::1 - - [02/Dec/2025:00:40:40 +0000] "PUT /1/212803/AUTH_71f03d698f7645fb92ce29512b9f0297/gnocchi.9215856c-c395-4304-a8dc-b51823122638/1763640000.0_mean_300.0_v3" 201 - "PUT http://[::1]:8080/2/331/AUTH_71f03d698f7645fb92ce29512b9f0297/gnocchi.9215856c-c395-4304-a8dc-b51823122638/1763640000.0_mean_300.0_v3" "tx06502ee690384b9cb8a11-00692e3588" "object-server 94056" 0.0010 "-" 93752 0
Dec 01 19:40:40 np0005541722.novalocal object-server[94056]: ::1 - - [02/Dec/2025:00:40:40 +0000] "PUT /2/331/AUTH_71f03d698f7645fb92ce29512b9f0297/gnocchi.9215856c-c395-4304-a8dc-b51823122638/1763640000.0_mean_300.0_v3" 201 - "PUT http://[::1]:8080/v1/AUTH_71f03d698f7645fb92ce29512b9f0297/gnocchi.9215856c-c395-4304-a8dc-b51823122638/1763640000.0_mean_300.0_v3" "tx06502ee690384b9cb8a11-00692e3588" "proxy-server 86829" 0.0137 "-" 94056 0
Dec 01 19:40:40 np0005541722.novalocal container-server[93752]: ::1 - - [02/Dec/2025:00:40:40 +0000] "PUT /3/212803/AUTH_71f03d698f7645fb92ce29512b9f0297/gnocchi.9215856c-c395-4304-a8dc-b51823122638/1763640000.0_mean_300.0_v3" 201 - "PUT http://[::1]:8080/1/331/AUTH_71f03d698f7645fb92ce29512b9f0297/gnocchi.9215856c-c395-4304-a8dc-b51823122638/1763640000.0_mean_300.0_v3" "tx06502ee690384b9cb8a11-00692e3588" "object-server 94054" 0.0004 "-" 93752 0
Dec 01 19:40:40 np0005541722.novalocal object-server[94054]: ::1 - - [02/Dec/2025:00:40:40 +0000] "PUT /1/331/AUTH_71f03d698f7645fb92ce29512b9f0297/gnocchi.9215856c-c395-4304-a8dc-b51823122638/1763640000.0_mean_300.0_v3" 201 - "PUT http://[::1]:8080/v1/AUTH_71f03d698f7645fb92ce29512b9f0297/gnocchi.9215856c-c395-4304-a8dc-b51823122638/1763640000.0_mean_300.0_v3" "tx06502ee690384b9cb8a11-00692e3588" "proxy-server 86829" 0.0171 "-" 94054 0
Dec 01 19:40:40 np0005541722.novalocal proxy-server[86829]: ::1 ::1 02/Dec/2025/00/40/40 PUT /v1/AUTH_71f03d698f7645fb92ce29512b9f0297/gnocchi.9215856c-c395-4304-a8dc-b51823122638/1763640000.0_mean_300.0_v3 HTTP/1.0 201 - python-swiftclient-4.2.0 gAAAAABpLjUvHoCr... 16 - - tx06502ee690384b9cb8a11-00692e3588 - 0.0287 - - 1764636040.188951969 1764636040.217685461 0
Dec 01 19:40:40 np0005541722.novalocal container-server[93752]: ::1 - - [02/Dec/2025:00:40:40 +0000] "GET /1/43849/AUTH_71f03d698f7645fb92ce29512b9f0297/gnocchi.fb49e970-c4be-4c0d-9fc9-98f2fc574dcc" 200 2 "GET http://[::1]:8080/v1/AUTH_71f03d698f7645fb92ce29512b9f0297/gnocchi.fb49e970-c4be-4c0d-9fc9-98f2fc574dcc?format=json&marker=none_v3&states=listing" "txbf2b3accafac4566a2335-00692e3588" "proxy-server 86829" 0.0124 "-" 93752 0
Dec 01 19:40:40 np0005541722.novalocal proxy-server[86829]: ::1 ::1 02/Dec/2025/00/40/40 GET /v1/AUTH_71f03d698f7645fb92ce29512b9f0297/gnocchi.fb49e970-c4be-4c0d-9fc9-98f2fc574dcc%3Fformat%3Djson%26marker%3Dnone_v3%26states%3Dlisting HTTP/1.0 200 - python-swiftclient-4.2.0 gAAAAABpLjU42Jqt... - 2 - txbf2b3accafac4566a2335-00692e3588 - 0.0249 - - 1764636040.195823908 1764636040.220768929 0
Dec 01 19:40:40 np0005541722.novalocal object-server[94055]: ::1 - - [02/Dec/2025:00:40:40 +0000] "GET /3/249077/AUTH_71f03d698f7645fb92ce29512b9f0297/gnocchi.fb49e970-c4be-4c0d-9fc9-98f2fc574dcc/1763640000.0_mean_300.0_v3" 200 16 "GET http://[::1]:8080/v1/AUTH_71f03d698f7645fb92ce29512b9f0297/gnocchi.fb49e970-c4be-4c0d-9fc9-98f2fc574dcc/1763640000.0_mean_300.0_v3" "tx15229273a76d4589be34f-00692e3588" "proxy-server 86829" 0.0007 "-" 94055 0
Dec 01 19:40:40 np0005541722.novalocal proxy-server[86829]: ::1 ::1 02/Dec/2025/00/40/40 GET /v1/AUTH_71f03d698f7645fb92ce29512b9f0297/gnocchi.fb49e970-c4be-4c0d-9fc9-98f2fc574dcc/1763640000.0_mean_300.0_v3 HTTP/1.0 200 - python-swiftclient-4.2.0 gAAAAABpLjU42Jqt... - 16 - tx15229273a76d4589be34f-00692e3588 - 0.0091 - - 1764636040.226519585 1764636040.235572338 0
Dec 01 19:40:40 np0005541722.novalocal container-server[93752]: ::1 - - [02/Dec/2025:00:40:40 +0000] "PUT /3/212803/AUTH_71f03d698f7645fb92ce29512b9f0297/gnocchi.9215856c-c395-4304-a8dc-b51823122638/none_v3" 201 - "PUT http://[::1]:8080/3/231208/AUTH_71f03d698f7645fb92ce29512b9f0297/gnocchi.9215856c-c395-4304-a8dc-b51823122638/none_v3" "tx58a7089f15274e2aaa032-00692e3588" "object-server 94054" 0.0005 "-" 93752 0
Dec 01 19:40:40 np0005541722.novalocal object-server[94054]: ::1 - - [02/Dec/2025:00:40:40 +0000] "PUT /3/231208/AUTH_71f03d698f7645fb92ce29512b9f0297/gnocchi.9215856c-c395-4304-a8dc-b51823122638/none_v3" 201 - "PUT http://[::1]:8080/v1/AUTH_71f03d698f7645fb92ce29512b9f0297/gnocchi.9215856c-c395-4304-a8dc-b51823122638/none_v3" "tx58a7089f15274e2aaa032-00692e3588" "proxy-server 86829" 0.0145 "-" 94054 0
Dec 01 19:40:40 np0005541722.novalocal container-server[93752]: ::1 - - [02/Dec/2025:00:40:40 +0000] "PUT /2/212803/AUTH_71f03d698f7645fb92ce29512b9f0297/gnocchi.9215856c-c395-4304-a8dc-b51823122638/none_v3" 201 - "PUT http://[::1]:8080/1/231208/AUTH_71f03d698f7645fb92ce29512b9f0297/gnocchi.9215856c-c395-4304-a8dc-b51823122638/none_v3" "tx58a7089f15274e2aaa032-00692e3588" "object-server 94054" 0.0003 "-" 93752 0
Dec 01 19:40:40 np0005541722.novalocal container-server[93751]: ::1 - - [02/Dec/2025:00:40:40 +0000] "PUT /1/212803/AUTH_71f03d698f7645fb92ce29512b9f0297/gnocchi.9215856c-c395-4304-a8dc-b51823122638/none_v3" 201 - "PUT http://[::1]:8080/2/231208/AUTH_71f03d698f7645fb92ce29512b9f0297/gnocchi.9215856c-c395-4304-a8dc-b51823122638/none_v3" "tx58a7089f15274e2aaa032-00692e3588" "object-server 94055" 0.0012 "-" 93751 0
Dec 01 19:40:40 np0005541722.novalocal object-server[94054]: ::1 - - [02/Dec/2025:00:40:40 +0000] "PUT /1/231208/AUTH_71f03d698f7645fb92ce29512b9f0297/gnocchi.9215856c-c395-4304-a8dc-b51823122638/none_v3" 201 - "PUT http://[::1]:8080/v1/AUTH_71f03d698f7645fb92ce29512b9f0297/gnocchi.9215856c-c395-4304-a8dc-b51823122638/none_v3" "tx58a7089f15274e2aaa032-00692e3588" "proxy-server 86829" 0.0195 "-" 94054 0
Dec 01 19:40:40 np0005541722.novalocal object-server[94055]: ::1 - - [02/Dec/2025:00:40:40 +0000] "PUT /2/231208/AUTH_71f03d698f7645fb92ce29512b9f0297/gnocchi.9215856c-c395-4304-a8dc-b51823122638/none_v3" 201 - "PUT http://[::1]:8080/v1/AUTH_71f03d698f7645fb92ce29512b9f0297/gnocchi.9215856c-c395-4304-a8dc-b51823122638/none_v3" "tx58a7089f15274e2aaa032-00692e3588" "proxy-server 86829" 0.0197 "-" 94055 0
Dec 01 19:40:40 np0005541722.novalocal proxy-server[86829]: ::1 ::1 02/Dec/2025/00/40/40 PUT /v1/AUTH_71f03d698f7645fb92ce29512b9f0297/gnocchi.9215856c-c395-4304-a8dc-b51823122638/none_v3 HTTP/1.0 201 - python-swiftclient-4.2.0 gAAAAABpLjUvHoCr... 50 - - tx58a7089f15274e2aaa032-00692e3588 - 0.0269 - - 1764636040.221606970 1764636040.248543501 0
Dec 01 19:40:40 np0005541722.novalocal container-server[93752]: ::1 - - [02/Dec/2025:00:40:40 +0000] "PUT /1/43849/AUTH_71f03d698f7645fb92ce29512b9f0297/gnocchi.fb49e970-c4be-4c0d-9fc9-98f2fc574dcc/1763640000.0_mean_300.0_v3" 201 - "PUT http://[::1]:8080/1/249077/AUTH_71f03d698f7645fb92ce29512b9f0297/gnocchi.fb49e970-c4be-4c0d-9fc9-98f2fc574dcc/1763640000.0_mean_300.0_v3" "tx91d83d6248c44b2eae69a-00692e3588" "object-server 94057" 0.0004 "-" 93752 0
Dec 01 19:40:40 np0005541722.novalocal object-server[94057]: ::1 - - [02/Dec/2025:00:40:40 +0000] "PUT /1/249077/AUTH_71f03d698f7645fb92ce29512b9f0297/gnocchi.fb49e970-c4be-4c0d-9fc9-98f2fc574dcc/1763640000.0_mean_300.0_v3" 201 - "PUT http://[::1]:8080/v1/AUTH_71f03d698f7645fb92ce29512b9f0297/gnocchi.fb49e970-c4be-4c0d-9fc9-98f2fc574dcc/1763640000.0_mean_300.0_v3" "tx91d83d6248c44b2eae69a-00692e3588" "proxy-server 86829" 0.0104 "-" 94057 0
Dec 01 19:40:40 np0005541722.novalocal container-server[93752]: ::1 - - [02/Dec/2025:00:40:40 +0000] "PUT /3/43849/AUTH_71f03d698f7645fb92ce29512b9f0297/gnocchi.fb49e970-c4be-4c0d-9fc9-98f2fc574dcc/1763640000.0_mean_300.0_v3" 201 - "PUT http://[::1]:8080/2/249077/AUTH_71f03d698f7645fb92ce29512b9f0297/gnocchi.fb49e970-c4be-4c0d-9fc9-98f2fc574dcc/1763640000.0_mean_300.0_v3" "tx91d83d6248c44b2eae69a-00692e3588" "object-server 94057" 0.0003 "-" 93752 0
Dec 01 19:40:40 np0005541722.novalocal object-server[94057]: ::1 - - [02/Dec/2025:00:40:40 +0000] "PUT /2/249077/AUTH_71f03d698f7645fb92ce29512b9f0297/gnocchi.fb49e970-c4be-4c0d-9fc9-98f2fc574dcc/1763640000.0_mean_300.0_v3" 201 - "PUT http://[::1]:8080/v1/AUTH_71f03d698f7645fb92ce29512b9f0297/gnocchi.fb49e970-c4be-4c0d-9fc9-98f2fc574dcc/1763640000.0_mean_300.0_v3" "tx91d83d6248c44b2eae69a-00692e3588" "proxy-server 86829" 0.0104 "-" 94057 0
Dec 01 19:40:40 np0005541722.novalocal container-server[93751]: ::1 - - [02/Dec/2025:00:40:40 +0000] "PUT /2/43849/AUTH_71f03d698f7645fb92ce29512b9f0297/gnocchi.fb49e970-c4be-4c0d-9fc9-98f2fc574dcc/1763640000.0_mean_300.0_v3" 201 - "PUT http://[::1]:8080/3/249077/AUTH_71f03d698f7645fb92ce29512b9f0297/gnocchi.fb49e970-c4be-4c0d-9fc9-98f2fc574dcc/1763640000.0_mean_300.0_v3" "tx91d83d6248c44b2eae69a-00692e3588" "object-server 94057" 0.0004 "-" 93751 0
Dec 01 19:40:40 np0005541722.novalocal object-server[94057]: ::1 - - [02/Dec/2025:00:40:40 +0000] "PUT /3/249077/AUTH_71f03d698f7645fb92ce29512b9f0297/gnocchi.fb49e970-c4be-4c0d-9fc9-98f2fc574dcc/1763640000.0_mean_300.0_v3" 201 - "PUT http://[::1]:8080/v1/AUTH_71f03d698f7645fb92ce29512b9f0297/gnocchi.fb49e970-c4be-4c0d-9fc9-98f2fc574dcc/1763640000.0_mean_300.0_v3" "tx91d83d6248c44b2eae69a-00692e3588" "proxy-server 86829" 0.0142 "-" 94057 0
Dec 01 19:40:40 np0005541722.novalocal proxy-server[86829]: ::1 ::1 02/Dec/2025/00/40/40 PUT /v1/AUTH_71f03d698f7645fb92ce29512b9f0297/gnocchi.fb49e970-c4be-4c0d-9fc9-98f2fc574dcc/1763640000.0_mean_300.0_v3 HTTP/1.0 201 - python-swiftclient-4.2.0 gAAAAABpLjU42Jqt... 16 - - tx91d83d6248c44b2eae69a-00692e3588 - 0.0213 - - 1764636040.237984419 1764636040.259322166 0
Dec 01 19:40:40 np0005541722.novalocal container-server[93750]: ::1 - - [02/Dec/2025:00:40:40 +0000] "PUT /2/43849/AUTH_71f03d698f7645fb92ce29512b9f0297/gnocchi.fb49e970-c4be-4c0d-9fc9-98f2fc574dcc/none_v3" 201 - "PUT http://[::1]:8080/3/147817/AUTH_71f03d698f7645fb92ce29512b9f0297/gnocchi.fb49e970-c4be-4c0d-9fc9-98f2fc574dcc/none_v3" "txd0055c0a73f84e11a904c-00692e3588" "object-server 94056" 0.0003 "-" 93750 0
Dec 01 19:40:40 np0005541722.novalocal container-server[93752]: ::1 - - [02/Dec/2025:00:40:40 +0000] "PUT /1/43849/AUTH_71f03d698f7645fb92ce29512b9f0297/gnocchi.fb49e970-c4be-4c0d-9fc9-98f2fc574dcc/none_v3" 201 - "PUT http://[::1]:8080/1/147817/AUTH_71f03d698f7645fb92ce29512b9f0297/gnocchi.fb49e970-c4be-4c0d-9fc9-98f2fc574dcc/none_v3" "txd0055c0a73f84e11a904c-00692e3588" "object-server 94057" 0.0004 "-" 93752 0
Dec 01 19:40:40 np0005541722.novalocal container-server[93753]: ::1 - - [02/Dec/2025:00:40:40 +0000] "PUT /3/43849/AUTH_71f03d698f7645fb92ce29512b9f0297/gnocchi.fb49e970-c4be-4c0d-9fc9-98f2fc574dcc/none_v3" 201 - "PUT http://[::1]:8080/2/147817/AUTH_71f03d698f7645fb92ce29512b9f0297/gnocchi.fb49e970-c4be-4c0d-9fc9-98f2fc574dcc/none_v3" "txd0055c0a73f84e11a904c-00692e3588" "object-server 94055" 0.0016 "-" 93753 0
Dec 01 19:40:40 np0005541722.novalocal object-server[94057]: ::1 - - [02/Dec/2025:00:40:40 +0000] "PUT /1/147817/AUTH_71f03d698f7645fb92ce29512b9f0297/gnocchi.fb49e970-c4be-4c0d-9fc9-98f2fc574dcc/none_v3" 201 - "PUT http://[::1]:8080/v1/AUTH_71f03d698f7645fb92ce29512b9f0297/gnocchi.fb49e970-c4be-4c0d-9fc9-98f2fc574dcc/none_v3" "txd0055c0a73f84e11a904c-00692e3588" "proxy-server 86829" 0.0077 "-" 94057 0
Dec 01 19:40:40 np0005541722.novalocal object-server[94055]: ::1 - - [02/Dec/2025:00:40:40 +0000] "PUT /2/147817/AUTH_71f03d698f7645fb92ce29512b9f0297/gnocchi.fb49e970-c4be-4c0d-9fc9-98f2fc574dcc/none_v3" 201 - "PUT http://[::1]:8080/v1/AUTH_71f03d698f7645fb92ce29512b9f0297/gnocchi.fb49e970-c4be-4c0d-9fc9-98f2fc574dcc/none_v3" "txd0055c0a73f84e11a904c-00692e3588" "proxy-server 86829" 0.0082 "-" 94055 0
Dec 01 19:40:40 np0005541722.novalocal object-server[94056]: ::1 - - [02/Dec/2025:00:40:40 +0000] "PUT /3/147817/AUTH_71f03d698f7645fb92ce29512b9f0297/gnocchi.fb49e970-c4be-4c0d-9fc9-98f2fc574dcc/none_v3" 201 - "PUT http://[::1]:8080/v1/AUTH_71f03d698f7645fb92ce29512b9f0297/gnocchi.fb49e970-c4be-4c0d-9fc9-98f2fc574dcc/none_v3" "txd0055c0a73f84e11a904c-00692e3588" "proxy-server 86829" 0.0086 "-" 94056 0
Dec 01 19:40:40 np0005541722.novalocal proxy-server[86829]: ::1 ::1 02/Dec/2025/00/40/40 PUT /v1/AUTH_71f03d698f7645fb92ce29512b9f0297/gnocchi.fb49e970-c4be-4c0d-9fc9-98f2fc574dcc/none_v3 HTTP/1.0 201 - python-swiftclient-4.2.0 gAAAAABpLjU42Jqt... 51 - - txd0055c0a73f84e11a904c-00692e3588 - 0.0155 - - 1764636040.261675119 1764636040.277188063 0
Dec 01 19:40:40 np0005541722.novalocal dnsmasq[102165]: read /var/lib/neutron/dhcp/4e967544-37df-4eb1-8c39-dc52a85fdd56/addn_hosts - 1 addresses
Dec 01 19:40:40 np0005541722.novalocal dnsmasq-dhcp[102165]: read /var/lib/neutron/dhcp/4e967544-37df-4eb1-8c39-dc52a85fdd56/host
Dec 01 19:40:40 np0005541722.novalocal dnsmasq-dhcp[102165]: read /var/lib/neutron/dhcp/4e967544-37df-4eb1-8c39-dc52a85fdd56/opts
Dec 01 19:40:40 np0005541722.novalocal object-server[94056]: ::1 - - [02/Dec/2025:00:40:40 +0000] "GET /3/172199/AUTH_71f03d698f7645fb92ce29512b9f0297/gnocchi.bb2527ec-ecbe-4418-8eaa-a55064974c9c/none_v3" 200 32 "GET http://[::1]:8080/v1/AUTH_71f03d698f7645fb92ce29512b9f0297/gnocchi.bb2527ec-ecbe-4418-8eaa-a55064974c9c/none_v3" "tx3f528b8855024ecfaffb4-00692e3588" "proxy-server 86829" 0.0008 "-" 94056 0
Dec 01 19:40:40 np0005541722.novalocal proxy-server[86829]: ::1 ::1 02/Dec/2025/00/40/40 GET /v1/AUTH_71f03d698f7645fb92ce29512b9f0297/gnocchi.bb2527ec-ecbe-4418-8eaa-a55064974c9c/none_v3 HTTP/1.0 200 - python-swiftclient-4.2.0 gAAAAABpLjUvHoCr... - 32 - tx3f528b8855024ecfaffb4-00692e3588 - 0.0074 - - 1764636040.596621275 1764636040.603983402 0
Dec 01 19:40:40 np0005541722.novalocal object-server[94055]: ::1 - - [02/Dec/2025:00:40:40 +0000] "GET /3/57531/AUTH_71f03d698f7645fb92ce29512b9f0297/gnocchi.af5d6256-8583-44b5-8ace-0bf9577f5e1f/none_v3" 200 31 "GET http://[::1]:8080/v1/AUTH_71f03d698f7645fb92ce29512b9f0297/gnocchi.af5d6256-8583-44b5-8ace-0bf9577f5e1f/none_v3" "txf1813fbc1cbb4658a0d1a-00692e3588" "proxy-server 86829" 0.0006 "-" 94055 0
Dec 01 19:40:40 np0005541722.novalocal proxy-server[86829]: ::1 ::1 02/Dec/2025/00/40/40 GET /v1/AUTH_71f03d698f7645fb92ce29512b9f0297/gnocchi.af5d6256-8583-44b5-8ace-0bf9577f5e1f/none_v3 HTTP/1.0 200 - python-swiftclient-4.2.0 gAAAAABpLjU42Jqt... - 31 - txf1813fbc1cbb4658a0d1a-00692e3588 - 0.0069 - - 1764636040.604928732 1764636040.611841679 0
Dec 01 19:40:40 np0005541722.novalocal object-server[94057]: ::1 - - [02/Dec/2025:00:40:40 +0000] "GET /3/55943/AUTH_71f03d698f7645fb92ce29512b9f0297/gnocchi.d0c08cf0-0930-4788-9393-ab24d3e6de9f/none_v3" 200 27 "GET http://[::1]:8080/v1/AUTH_71f03d698f7645fb92ce29512b9f0297/gnocchi.d0c08cf0-0930-4788-9393-ab24d3e6de9f/none_v3" "tx868435ca110545e49aa79-00692e3588" "proxy-server 86829" 0.0008 "-" 94057 0
Dec 01 19:40:40 np0005541722.novalocal container-server[93751]: ::1 - - [02/Dec/2025:00:40:40 +0000] "GET /2/149015/AUTH_71f03d698f7645fb92ce29512b9f0297/gnocchi.bb2527ec-ecbe-4418-8eaa-a55064974c9c" 200 357 "GET http://[::1]:8080/v1/AUTH_71f03d698f7645fb92ce29512b9f0297/gnocchi.bb2527ec-ecbe-4418-8eaa-a55064974c9c?format=json&states=listing" "tx2e051344e5bb44818ef32-00692e3588" "proxy-server 86829" 0.0079 "-" 93751 0
Dec 01 19:40:40 np0005541722.novalocal proxy-server[86829]: ::1 ::1 02/Dec/2025/00/40/40 GET /v1/AUTH_71f03d698f7645fb92ce29512b9f0297/gnocchi.d0c08cf0-0930-4788-9393-ab24d3e6de9f/none_v3 HTTP/1.0 200 - python-swiftclient-4.2.0 gAAAAABpLjU42Jqt... - 27 - tx868435ca110545e49aa79-00692e3588 - 0.0098 - - 1764636040.616785765 1764636040.626541376 0
Dec 01 19:40:40 np0005541722.novalocal proxy-server[86829]: ::1 ::1 02/Dec/2025/00/40/40 GET /v1/AUTH_71f03d698f7645fb92ce29512b9f0297/gnocchi.bb2527ec-ecbe-4418-8eaa-a55064974c9c%3Fformat%3Djson%26states%3Dlisting HTTP/1.0 200 - python-swiftclient-4.2.0 gAAAAABpLjUvHoCr... - 357 - tx2e051344e5bb44818ef32-00692e3588 - 0.0209 - - 1764636040.608068466 1764636040.629015923 0
Dec 01 19:40:40 np0005541722.novalocal container-server[93753]: ::1 - - [02/Dec/2025:00:40:40 +0000] "GET /2/89547/AUTH_71f03d698f7645fb92ce29512b9f0297/gnocchi.af5d6256-8583-44b5-8ace-0bf9577f5e1f" 200 357 "GET http://[::1]:8080/v1/AUTH_71f03d698f7645fb92ce29512b9f0297/gnocchi.af5d6256-8583-44b5-8ace-0bf9577f5e1f?format=json&states=listing" "tx63dc978a4201466b9403a-00692e3588" "proxy-server 86829" 0.0024 "-" 93753 0
Dec 01 19:40:40 np0005541722.novalocal proxy-server[86829]: ::1 ::1 02/Dec/2025/00/40/40 GET /v1/AUTH_71f03d698f7645fb92ce29512b9f0297/gnocchi.af5d6256-8583-44b5-8ace-0bf9577f5e1f%3Fformat%3Djson%26states%3Dlisting HTTP/1.0 200 - python-swiftclient-4.2.0 gAAAAABpLjU42Jqt... - 357 - tx63dc978a4201466b9403a-00692e3588 - 0.0075 - - 1764636040.629790545 1764636040.637272358 0
Dec 01 19:40:40 np0005541722.novalocal container-server[93753]: ::1 - - [02/Dec/2025:00:40:40 +0000] "GET /2/149015/AUTH_71f03d698f7645fb92ce29512b9f0297/gnocchi.bb2527ec-ecbe-4418-8eaa-a55064974c9c" 200 2 "GET http://[::1]:8080/v1/AUTH_71f03d698f7645fb92ce29512b9f0297/gnocchi.bb2527ec-ecbe-4418-8eaa-a55064974c9c?format=json&marker=none_v3&states=listing" "tx974aff4b606a4124a63fc-00692e3588" "proxy-server 86829" 0.0031 "-" 93753 0
Dec 01 19:40:40 np0005541722.novalocal proxy-server[86829]: ::1 ::1 02/Dec/2025/00/40/40 GET /v1/AUTH_71f03d698f7645fb92ce29512b9f0297/gnocchi.bb2527ec-ecbe-4418-8eaa-a55064974c9c%3Fformat%3Djson%26marker%3Dnone_v3%26states%3Dlisting HTTP/1.0 200 - python-swiftclient-4.2.0 gAAAAABpLjUvHoCr... - 2 - tx974aff4b606a4124a63fc-00692e3588 - 0.0098 - - 1764636040.632538080 1764636040.642327309 0
Dec 01 19:40:40 np0005541722.novalocal container-server[93751]: ::1 - - [02/Dec/2025:00:40:40 +0000] "GET /2/89547/AUTH_71f03d698f7645fb92ce29512b9f0297/gnocchi.af5d6256-8583-44b5-8ace-0bf9577f5e1f" 200 2 "GET http://[::1]:8080/v1/AUTH_71f03d698f7645fb92ce29512b9f0297/gnocchi.af5d6256-8583-44b5-8ace-0bf9577f5e1f?format=json&marker=none_v3&states=listing" "tx1b35bd2b279c4b4d8b051-00692e3588" "proxy-server 86829" 0.0018 "-" 93751 0
Dec 01 19:40:40 np0005541722.novalocal proxy-server[86829]: ::1 ::1 02/Dec/2025/00/40/40 GET /v1/AUTH_71f03d698f7645fb92ce29512b9f0297/gnocchi.af5d6256-8583-44b5-8ace-0bf9577f5e1f%3Fformat%3Djson%26marker%3Dnone_v3%26states%3Dlisting HTTP/1.0 200 - python-swiftclient-4.2.0 gAAAAABpLjU42Jqt... - 2 - tx1b35bd2b279c4b4d8b051-00692e3588 - 0.0060 - - 1764636040.639291048 1764636040.645253181 0
Dec 01 19:40:40 np0005541722.novalocal object-server[94057]: ::1 - - [02/Dec/2025:00:40:40 +0000] "GET /2/134297/AUTH_71f03d698f7645fb92ce29512b9f0297/gnocchi.bb2527ec-ecbe-4418-8eaa-a55064974c9c/1763640000.0_mean_300.0_v3" 200 16 "GET http://[::1]:8080/v1/AUTH_71f03d698f7645fb92ce29512b9f0297/gnocchi.bb2527ec-ecbe-4418-8eaa-a55064974c9c/1763640000.0_mean_300.0_v3" "txbc6aa2e90c1a4a429236b-00692e3588" "proxy-server 86829" 0.0007 "-" 94057 0
Dec 01 19:40:40 np0005541722.novalocal proxy-server[86829]: ::1 ::1 02/Dec/2025/00/40/40 GET /v1/AUTH_71f03d698f7645fb92ce29512b9f0297/gnocchi.bb2527ec-ecbe-4418-8eaa-a55064974c9c/1763640000.0_mean_300.0_v3 HTTP/1.0 200 - python-swiftclient-4.2.0 gAAAAABpLjUvHoCr... - 16 - txbc6aa2e90c1a4a429236b-00692e3588 - 0.0108 - - 1764636040.645983696 1764636040.656791449 0
Dec 01 19:40:40 np0005541722.novalocal container-server[93751]: ::1 - - [02/Dec/2025:00:40:40 +0000] "GET /3/119972/AUTH_71f03d698f7645fb92ce29512b9f0297/gnocchi.d0c08cf0-0930-4788-9393-ab24d3e6de9f" 200 357 "GET http://[::1]:8080/v1/AUTH_71f03d698f7645fb92ce29512b9f0297/gnocchi.d0c08cf0-0930-4788-9393-ab24d3e6de9f?format=json&states=listing" "txc2aeaea740904bb28b1b9-00692e3588" "proxy-server 86829" 0.0062 "-" 93751 0
Dec 01 19:40:40 np0005541722.novalocal proxy-server[86829]: ::1 ::1 02/Dec/2025/00/40/40 GET /v1/AUTH_71f03d698f7645fb92ce29512b9f0297/gnocchi.d0c08cf0-0930-4788-9393-ab24d3e6de9f%3Fformat%3Djson%26states%3Dlisting HTTP/1.0 200 - python-swiftclient-4.2.0 gAAAAABpLjU42Jqt... - 357 - txc2aeaea740904bb28b1b9-00692e3588 - 0.0176 - - 1764636040.648084641 1764636040.665683985 0
Dec 01 19:40:40 np0005541722.novalocal container-server[93750]: ::1 - - [02/Dec/2025:00:40:40 +0000] "GET /3/119972/AUTH_71f03d698f7645fb92ce29512b9f0297/gnocchi.d0c08cf0-0930-4788-9393-ab24d3e6de9f" 200 2 "GET http://[::1]:8080/v1/AUTH_71f03d698f7645fb92ce29512b9f0297/gnocchi.d0c08cf0-0930-4788-9393-ab24d3e6de9f?format=json&marker=none_v3&states=listing" "tx0ef8cfb77b114c4795bb6-00692e3588" "proxy-server 86829" 0.0023 "-" 93750 0
Dec 01 19:40:40 np0005541722.novalocal container-server[93753]: ::1 - - [02/Dec/2025:00:40:40 +0000] "PUT /2/149015/AUTH_71f03d698f7645fb92ce29512b9f0297/gnocchi.bb2527ec-ecbe-4418-8eaa-a55064974c9c/1763640000.0_mean_300.0_v3" 201 - "PUT http://[::1]:8080/2/134297/AUTH_71f03d698f7645fb92ce29512b9f0297/gnocchi.bb2527ec-ecbe-4418-8eaa-a55064974c9c/1763640000.0_mean_300.0_v3" "txf48cfb90cba947a9a7ba6-00692e3588" "object-server 94055" 0.0005 "-" 93753 0
Dec 01 19:40:40 np0005541722.novalocal object-server[94055]: ::1 - - [02/Dec/2025:00:40:40 +0000] "PUT /2/134297/AUTH_71f03d698f7645fb92ce29512b9f0297/gnocchi.bb2527ec-ecbe-4418-8eaa-a55064974c9c/1763640000.0_mean_300.0_v3" 201 - "PUT http://[::1]:8080/v1/AUTH_71f03d698f7645fb92ce29512b9f0297/gnocchi.bb2527ec-ecbe-4418-8eaa-a55064974c9c/1763640000.0_mean_300.0_v3" "txf48cfb90cba947a9a7ba6-00692e3588" "proxy-server 86829" 0.0101 "-" 94055 0
Dec 01 19:40:40 np0005541722.novalocal proxy-server[86829]: ::1 ::1 02/Dec/2025/00/40/40 GET /v1/AUTH_71f03d698f7645fb92ce29512b9f0297/gnocchi.d0c08cf0-0930-4788-9393-ab24d3e6de9f%3Fformat%3Djson%26marker%3Dnone_v3%26states%3Dlisting HTTP/1.0 200 - python-swiftclient-4.2.0 gAAAAABpLjU42Jqt... - 2 - tx0ef8cfb77b114c4795bb6-00692e3588 - 0.0097 - - 1764636040.669650793 1764636040.679347277 0
Dec 01 19:40:40 np0005541722.novalocal container-server[93752]: ::1 - - [02/Dec/2025:00:40:40 +0000] "PUT /1/149015/AUTH_71f03d698f7645fb92ce29512b9f0297/gnocchi.bb2527ec-ecbe-4418-8eaa-a55064974c9c/1763640000.0_mean_300.0_v3" 201 - "PUT http://[::1]:8080/1/134297/AUTH_71f03d698f7645fb92ce29512b9f0297/gnocchi.bb2527ec-ecbe-4418-8eaa-a55064974c9c/1763640000.0_mean_300.0_v3" "txf48cfb90cba947a9a7ba6-00692e3588" "object-server 94055" 0.0003 "-" 93752 0
Dec 01 19:40:40 np0005541722.novalocal container-server[93752]: ::1 - - [02/Dec/2025:00:40:40 +0000] "PUT /3/149015/AUTH_71f03d698f7645fb92ce29512b9f0297/gnocchi.bb2527ec-ecbe-4418-8eaa-a55064974c9c/1763640000.0_mean_300.0_v3" 201 - "PUT http://[::1]:8080/3/134297/AUTH_71f03d698f7645fb92ce29512b9f0297/gnocchi.bb2527ec-ecbe-4418-8eaa-a55064974c9c/1763640000.0_mean_300.0_v3" "txf48cfb90cba947a9a7ba6-00692e3588" "object-server 94056" 0.0002 "-" 93752 0
Dec 01 19:40:40 np0005541722.novalocal object-server[94055]: ::1 - - [02/Dec/2025:00:40:40 +0000] "PUT /1/134297/AUTH_71f03d698f7645fb92ce29512b9f0297/gnocchi.bb2527ec-ecbe-4418-8eaa-a55064974c9c/1763640000.0_mean_300.0_v3" 201 - "PUT http://[::1]:8080/v1/AUTH_71f03d698f7645fb92ce29512b9f0297/gnocchi.bb2527ec-ecbe-4418-8eaa-a55064974c9c/1763640000.0_mean_300.0_v3" "txf48cfb90cba947a9a7ba6-00692e3588" "proxy-server 86829" 0.0178 "-" 94055 0
Dec 01 19:40:40 np0005541722.novalocal object-server[94054]: ::1 - - [02/Dec/2025:00:40:40 +0000] "GET /2/80882/AUTH_71f03d698f7645fb92ce29512b9f0297/gnocchi.af5d6256-8583-44b5-8ace-0bf9577f5e1f/1763640000.0_mean_300.0_v3" 200 16 "GET http://[::1]:8080/v1/AUTH_71f03d698f7645fb92ce29512b9f0297/gnocchi.af5d6256-8583-44b5-8ace-0bf9577f5e1f/1763640000.0_mean_300.0_v3" "txaade94dc4144402489f5e-00692e3588" "proxy-server 86829" 0.0006 "-" 94054 0
