Dec 01 19:40:06 np0005541722.novalocal proxy-server[86829]: ::1 ::1 02/Dec/2025/00/40/06 GET /v1/AUTH_71f03d698f7645fb92ce29512b9f0297/gnocchi.4dcd6754-a4ab-46f9-9363-f5278812f9fe/1763640000.0_mean_300.0_v3 HTTP/1.0 200 - python-swiftclient-4.2.0 gAAAAABpLjUvHoCr... - 16 - tx40950585aed04ae9b1c0e-00692e3566 - 0.0107 - - 1764636006.127378702 1764636006.138059855 0
Dec 01 19:40:06 np0005541722.novalocal object-server[94056]: ::1 - - [02/Dec/2025:00:40:06 +0000] "PUT /3/225701/AUTH_71f03d698f7645fb92ce29512b9f0297/gnocchi.8ea693fb-3dd0-4d9a-8ca5-eb4c774ac25c/1763640000.0_mean_300.0_v3" 201 - "PUT http://[::1]:8080/v1/AUTH_71f03d698f7645fb92ce29512b9f0297/gnocchi.8ea693fb-3dd0-4d9a-8ca5-eb4c774ac25c/1763640000.0_mean_300.0_v3" "txecbbde2a09074336b761f-00692e3566" "proxy-server 86829" 0.0168 "-" 94056 0
Dec 01 19:40:06 np0005541722.novalocal proxy-server[86829]: ::1 ::1 02/Dec/2025/00/40/06 PUT /v1/AUTH_71f03d698f7645fb92ce29512b9f0297/gnocchi.8ea693fb-3dd0-4d9a-8ca5-eb4c774ac25c/1763640000.0_mean_300.0_v3 HTTP/1.0 201 - python-swiftclient-4.2.0 gAAAAABpLjU42Jqt... 18 - - txecbbde2a09074336b761f-00692e3566 - 0.0290 - - 1764636006.111018419 1764636006.139985323 0
Dec 01 19:40:06 np0005541722.novalocal container-server[93753]: ::1 - - [02/Dec/2025:00:40:06 +0000] "PUT /3/191666/AUTH_71f03d698f7645fb92ce29512b9f0297/gnocchi.8ea693fb-3dd0-4d9a-8ca5-eb4c774ac25c/none_v3" 201 - "PUT http://[::1]:8080/2/22893/AUTH_71f03d698f7645fb92ce29512b9f0297/gnocchi.8ea693fb-3dd0-4d9a-8ca5-eb4c774ac25c/none_v3" "txe75bd6e73f864b6bb8a0c-00692e3566" "object-server 94055" 0.0004 "-" 93753 0
Dec 01 19:40:06 np0005541722.novalocal container-server[93750]: ::1 - - [02/Dec/2025:00:40:06 +0000] "PUT /1/191666/AUTH_71f03d698f7645fb92ce29512b9f0297/gnocchi.8ea693fb-3dd0-4d9a-8ca5-eb4c774ac25c/none_v3" 201 - "PUT http://[::1]:8080/3/22893/AUTH_71f03d698f7645fb92ce29512b9f0297/gnocchi.8ea693fb-3dd0-4d9a-8ca5-eb4c774ac25c/none_v3" "txe75bd6e73f864b6bb8a0c-00692e3566" "object-server 94055" 0.0004 "-" 93750 0
Dec 01 19:40:06 np0005541722.novalocal container-server[93753]: ::1 - - [02/Dec/2025:00:40:06 +0000] "PUT /2/191666/AUTH_71f03d698f7645fb92ce29512b9f0297/gnocchi.8ea693fb-3dd0-4d9a-8ca5-eb4c774ac25c/none_v3" 201 - "PUT http://[::1]:8080/1/22893/AUTH_71f03d698f7645fb92ce29512b9f0297/gnocchi.8ea693fb-3dd0-4d9a-8ca5-eb4c774ac25c/none_v3" "txe75bd6e73f864b6bb8a0c-00692e3566" "object-server 94056" 0.0002 "-" 93753 0
Dec 01 19:40:06 np0005541722.novalocal object-server[94055]: ::1 - - [02/Dec/2025:00:40:06 +0000] "PUT /3/22893/AUTH_71f03d698f7645fb92ce29512b9f0297/gnocchi.8ea693fb-3dd0-4d9a-8ca5-eb4c774ac25c/none_v3" 201 - "PUT http://[::1]:8080/v1/AUTH_71f03d698f7645fb92ce29512b9f0297/gnocchi.8ea693fb-3dd0-4d9a-8ca5-eb4c774ac25c/none_v3" "txe75bd6e73f864b6bb8a0c-00692e3566" "proxy-server 86829" 0.0132 "-" 94055 0
Dec 01 19:40:06 np0005541722.novalocal container-server[93751]: ::1 - - [02/Dec/2025:00:40:06 +0000] "PUT /3/49832/AUTH_71f03d698f7645fb92ce29512b9f0297/gnocchi.4dcd6754-a4ab-46f9-9363-f5278812f9fe/1763640000.0_mean_300.0_v3" 201 - "PUT http://[::1]:8080/3/9134/AUTH_71f03d698f7645fb92ce29512b9f0297/gnocchi.4dcd6754-a4ab-46f9-9363-f5278812f9fe/1763640000.0_mean_300.0_v3" "txf0b5173cc0a1476a9c4de-00692e3566" "object-server 94054" 0.0005 "-" 93751 0
Dec 01 19:40:06 np0005541722.novalocal object-server[94056]: ::1 - - [02/Dec/2025:00:40:06 +0000] "PUT /1/22893/AUTH_71f03d698f7645fb92ce29512b9f0297/gnocchi.8ea693fb-3dd0-4d9a-8ca5-eb4c774ac25c/none_v3" 201 - "PUT http://[::1]:8080/v1/AUTH_71f03d698f7645fb92ce29512b9f0297/gnocchi.8ea693fb-3dd0-4d9a-8ca5-eb4c774ac25c/none_v3" "txe75bd6e73f864b6bb8a0c-00692e3566" "proxy-server 86829" 0.0117 "-" 94056 0
Dec 01 19:40:06 np0005541722.novalocal object-server[94055]: ::1 - - [02/Dec/2025:00:40:06 +0000] "PUT /2/22893/AUTH_71f03d698f7645fb92ce29512b9f0297/gnocchi.8ea693fb-3dd0-4d9a-8ca5-eb4c774ac25c/none_v3" 201 - "PUT http://[::1]:8080/v1/AUTH_71f03d698f7645fb92ce29512b9f0297/gnocchi.8ea693fb-3dd0-4d9a-8ca5-eb4c774ac25c/none_v3" "txe75bd6e73f864b6bb8a0c-00692e3566" "proxy-server 86829" 0.0115 "-" 94055 0
Dec 01 19:40:06 np0005541722.novalocal container-server[93750]: ::1 - - [02/Dec/2025:00:40:06 +0000] "PUT /2/49832/AUTH_71f03d698f7645fb92ce29512b9f0297/gnocchi.4dcd6754-a4ab-46f9-9363-f5278812f9fe/1763640000.0_mean_300.0_v3" 201 - "PUT http://[::1]:8080/2/9134/AUTH_71f03d698f7645fb92ce29512b9f0297/gnocchi.4dcd6754-a4ab-46f9-9363-f5278812f9fe/1763640000.0_mean_300.0_v3" "txf0b5173cc0a1476a9c4de-00692e3566" "object-server 94057" 0.0003 "-" 93750 0
Dec 01 19:40:06 np0005541722.novalocal object-server[94054]: ::1 - - [02/Dec/2025:00:40:06 +0000] "PUT /3/9134/AUTH_71f03d698f7645fb92ce29512b9f0297/gnocchi.4dcd6754-a4ab-46f9-9363-f5278812f9fe/1763640000.0_mean_300.0_v3" 201 - "PUT http://[::1]:8080/v1/AUTH_71f03d698f7645fb92ce29512b9f0297/gnocchi.4dcd6754-a4ab-46f9-9363-f5278812f9fe/1763640000.0_mean_300.0_v3" "txf0b5173cc0a1476a9c4de-00692e3566" "proxy-server 86829" 0.0100 "-" 94054 0
Dec 01 19:40:06 np0005541722.novalocal object-server[94057]: ::1 - - [02/Dec/2025:00:40:06 +0000] "PUT /2/9134/AUTH_71f03d698f7645fb92ce29512b9f0297/gnocchi.4dcd6754-a4ab-46f9-9363-f5278812f9fe/1763640000.0_mean_300.0_v3" 201 - "PUT http://[::1]:8080/v1/AUTH_71f03d698f7645fb92ce29512b9f0297/gnocchi.4dcd6754-a4ab-46f9-9363-f5278812f9fe/1763640000.0_mean_300.0_v3" "txf0b5173cc0a1476a9c4de-00692e3566" "proxy-server 86829" 0.0095 "-" 94057 0
Dec 01 19:40:06 np0005541722.novalocal container-server[93753]: ::1 - - [02/Dec/2025:00:40:06 +0000] "PUT /1/49832/AUTH_71f03d698f7645fb92ce29512b9f0297/gnocchi.4dcd6754-a4ab-46f9-9363-f5278812f9fe/1763640000.0_mean_300.0_v3" 201 - "PUT http://[::1]:8080/1/9134/AUTH_71f03d698f7645fb92ce29512b9f0297/gnocchi.4dcd6754-a4ab-46f9-9363-f5278812f9fe/1763640000.0_mean_300.0_v3" "txf0b5173cc0a1476a9c4de-00692e3566" "object-server 94057" 0.0003 "-" 93753 0
Dec 01 19:40:06 np0005541722.novalocal object-server[94057]: ::1 - - [02/Dec/2025:00:40:06 +0000] "PUT /1/9134/AUTH_71f03d698f7645fb92ce29512b9f0297/gnocchi.4dcd6754-a4ab-46f9-9363-f5278812f9fe/1763640000.0_mean_300.0_v3" 201 - "PUT http://[::1]:8080/v1/AUTH_71f03d698f7645fb92ce29512b9f0297/gnocchi.4dcd6754-a4ab-46f9-9363-f5278812f9fe/1763640000.0_mean_300.0_v3" "txf0b5173cc0a1476a9c4de-00692e3566" "proxy-server 86829" 0.0113 "-" 94057 0
Dec 01 19:40:06 np0005541722.novalocal proxy-server[86829]: ::1 ::1 02/Dec/2025/00/40/06 PUT /v1/AUTH_71f03d698f7645fb92ce29512b9f0297/gnocchi.8ea693fb-3dd0-4d9a-8ca5-eb4c774ac25c/none_v3 HTTP/1.0 201 - python-swiftclient-4.2.0 gAAAAABpLjU42Jqt... 22 - - txe75bd6e73f864b6bb8a0c-00692e3566 - 0.0203 - - 1764636006.141781569 1764636006.162045956 0
Dec 01 19:40:06 np0005541722.novalocal proxy-server[86829]: ::1 ::1 02/Dec/2025/00/40/06 PUT /v1/AUTH_71f03d698f7645fb92ce29512b9f0297/gnocchi.4dcd6754-a4ab-46f9-9363-f5278812f9fe/1763640000.0_mean_300.0_v3 HTTP/1.0 201 - python-swiftclient-4.2.0 gAAAAABpLjUvHoCr... 22 - - txf0b5173cc0a1476a9c4de-00692e3566 - 0.0226 - - 1764636006.140731573 1764636006.163345814 0
Dec 01 19:40:06 np0005541722.novalocal container-server[93750]: ::1 - - [02/Dec/2025:00:40:06 +0000] "PUT /1/49832/AUTH_71f03d698f7645fb92ce29512b9f0297/gnocchi.4dcd6754-a4ab-46f9-9363-f5278812f9fe/none_v3" 201 - "PUT http://[::1]:8080/1/233745/AUTH_71f03d698f7645fb92ce29512b9f0297/gnocchi.4dcd6754-a4ab-46f9-9363-f5278812f9fe/none_v3" "txad457381f6a74de0bf051-00692e3566" "object-server 94054" 0.0003 "-" 93750 0
Dec 01 19:40:06 np0005541722.novalocal object-server[94054]: ::1 - - [02/Dec/2025:00:40:06 +0000] "PUT /1/233745/AUTH_71f03d698f7645fb92ce29512b9f0297/gnocchi.4dcd6754-a4ab-46f9-9363-f5278812f9fe/none_v3" 201 - "PUT http://[::1]:8080/v1/AUTH_71f03d698f7645fb92ce29512b9f0297/gnocchi.4dcd6754-a4ab-46f9-9363-f5278812f9fe/none_v3" "txad457381f6a74de0bf051-00692e3566" "proxy-server 86829" 0.0096 "-" 94054 0
Dec 01 19:40:06 np0005541722.novalocal container-server[93751]: ::1 - - [02/Dec/2025:00:40:06 +0000] "PUT /3/49832/AUTH_71f03d698f7645fb92ce29512b9f0297/gnocchi.4dcd6754-a4ab-46f9-9363-f5278812f9fe/none_v3" 201 - "PUT http://[::1]:8080/3/233745/AUTH_71f03d698f7645fb92ce29512b9f0297/gnocchi.4dcd6754-a4ab-46f9-9363-f5278812f9fe/none_v3" "txad457381f6a74de0bf051-00692e3566" "object-server 94056" 0.0005 "-" 93751 0
Dec 01 19:40:06 np0005541722.novalocal object-server[94056]: ::1 - - [02/Dec/2025:00:40:06 +0000] "PUT /3/233745/AUTH_71f03d698f7645fb92ce29512b9f0297/gnocchi.4dcd6754-a4ab-46f9-9363-f5278812f9fe/none_v3" 201 - "PUT http://[::1]:8080/v1/AUTH_71f03d698f7645fb92ce29512b9f0297/gnocchi.4dcd6754-a4ab-46f9-9363-f5278812f9fe/none_v3" "txad457381f6a74de0bf051-00692e3566" "proxy-server 86829" 0.0108 "-" 94056 0
Dec 01 19:40:06 np0005541722.novalocal container-server[93752]: ::1 - - [02/Dec/2025:00:40:06 +0000] "PUT /2/49832/AUTH_71f03d698f7645fb92ce29512b9f0297/gnocchi.4dcd6754-a4ab-46f9-9363-f5278812f9fe/none_v3" 201 - "PUT http://[::1]:8080/2/233745/AUTH_71f03d698f7645fb92ce29512b9f0297/gnocchi.4dcd6754-a4ab-46f9-9363-f5278812f9fe/none_v3" "txad457381f6a74de0bf051-00692e3566" "object-server 94056" 0.0006 "-" 93752 0
Dec 01 19:40:06 np0005541722.novalocal object-server[94056]: ::1 - - [02/Dec/2025:00:40:06 +0000] "PUT /2/233745/AUTH_71f03d698f7645fb92ce29512b9f0297/gnocchi.4dcd6754-a4ab-46f9-9363-f5278812f9fe/none_v3" 201 - "PUT http://[::1]:8080/v1/AUTH_71f03d698f7645fb92ce29512b9f0297/gnocchi.4dcd6754-a4ab-46f9-9363-f5278812f9fe/none_v3" "txad457381f6a74de0bf051-00692e3566" "proxy-server 86829" 0.0162 "-" 94056 0
Dec 01 19:40:06 np0005541722.novalocal proxy-server[86829]: ::1 ::1 02/Dec/2025/00/40/06 PUT /v1/AUTH_71f03d698f7645fb92ce29512b9f0297/gnocchi.4dcd6754-a4ab-46f9-9363-f5278812f9fe/none_v3 HTTP/1.0 201 - python-swiftclient-4.2.0 gAAAAABpLjUvHoCr... 22 - - txad457381f6a74de0bf051-00692e3566 - 0.0219 - - 1764636006.166309357 1764636006.188215733 0
Dec 01 19:40:06 np0005541722.novalocal kernel: qvb75a059b4-1f: left allmulticast mode
Dec 01 19:40:06 np0005541722.novalocal kernel: qvb75a059b4-1f: left promiscuous mode
Dec 01 19:40:06 np0005541722.novalocal kernel: qbr75a059b4-1f: port 1(qvb75a059b4-1f) entered disabled state
Dec 01 19:40:06 np0005541722.novalocal NetworkManager[858]: [1764636006.2101] device (qbr75a059b4-1f): bridge port qvb75a059b4-1f was detached
Dec 01 19:40:06 np0005541722.novalocal NetworkManager[858]: [1764636006.2106] device (qbr75a059b4-1f): state change: activated -> unmanaged (reason 'unmanaged', managed-type: 'removed')
Dec 01 19:40:06 np0005541722.novalocal kernel: qvo75a059b4-1f: left promiscuous mode
Dec 01 19:40:06 np0005541722.novalocal dnsmasq[101583]: read /var/lib/neutron/dhcp/ea3251a3-049d-4495-ae97-aadd1486d9cf/addn_hosts - 2 addresses
Dec 01 19:40:06 np0005541722.novalocal dnsmasq-dhcp[101583]: read /var/lib/neutron/dhcp/ea3251a3-049d-4495-ae97-aadd1486d9cf/host
Dec 01 19:40:06 np0005541722.novalocal dnsmasq-dhcp[101583]: read /var/lib/neutron/dhcp/ea3251a3-049d-4495-ae97-aadd1486d9cf/opts
Dec 01 19:40:06 np0005541722.novalocal dnsmasq-dhcp[100212]: DHCPRELEASE(tap52f5a073-f0) 10.100.0.13 fa:16:3e:96:af:c5
Dec 01 19:40:06 np0005541722.novalocal dnsmasq-dhcp[100212]: DHCPRELEASE(tap52f5a073-f0) 10.100.0.13 fa:16:3e:96:af:c5 unknown lease
Dec 01 19:40:07 np0005541722.novalocal dnsmasq[100212]: read /var/lib/neutron/dhcp/fc35cbe5-f95c-4070-a849-b145cd2bf24d/addn_hosts - 1 addresses
Dec 01 19:40:07 np0005541722.novalocal dnsmasq-dhcp[100212]: read /var/lib/neutron/dhcp/fc35cbe5-f95c-4070-a849-b145cd2bf24d/host
Dec 01 19:40:07 np0005541722.novalocal dnsmasq-dhcp[100212]: read /var/lib/neutron/dhcp/fc35cbe5-f95c-4070-a849-b145cd2bf24d/opts
Dec 01 19:40:07 np0005541722.novalocal object-server[94056]: ::1 - - [02/Dec/2025:00:40:07 +0000] "GET /3/22893/AUTH_71f03d698f7645fb92ce29512b9f0297/gnocchi.8ea693fb-3dd0-4d9a-8ca5-eb4c774ac25c/none_v3" 200 22 "GET http://[::1]:8080/v1/AUTH_71f03d698f7645fb92ce29512b9f0297/gnocchi.8ea693fb-3dd0-4d9a-8ca5-eb4c774ac25c/none_v3" "tx82d097ddeeac4773ac06f-00692e3567" "proxy-server 86829" 0.0007 "-" 94056 0
Dec 01 19:40:07 np0005541722.novalocal proxy-server[86829]: ::1 ::1 02/Dec/2025/00/40/07 GET /v1/AUTH_71f03d698f7645fb92ce29512b9f0297/gnocchi.8ea693fb-3dd0-4d9a-8ca5-eb4c774ac25c/none_v3 HTTP/1.0 200 - python-swiftclient-4.2.0 gAAAAABpLjU42Jqt... - 22 - tx82d097ddeeac4773ac06f-00692e3567 - 0.0065 - - 1764636007.243669510 1764636007.250132322 0
Dec 01 19:40:07 np0005541722.novalocal object-server[94056]: ::1 - - [02/Dec/2025:00:40:07 +0000] "GET /1/63680/AUTH_71f03d698f7645fb92ce29512b9f0297/gnocchi.4b0c2bc8-9fed-4f94-9fb7-053e7995907c/none_v3" 200 22 "GET http://[::1]:8080/v1/AUTH_71f03d698f7645fb92ce29512b9f0297/gnocchi.4b0c2bc8-9fed-4f94-9fb7-053e7995907c/none_v3" "tx0732462e236c455eaa931-00692e3567" "proxy-server 86829" 0.0005 "-" 94056 0
Dec 01 19:40:07 np0005541722.novalocal proxy-server[86829]: ::1 ::1 02/Dec/2025/00/40/07 GET /v1/AUTH_71f03d698f7645fb92ce29512b9f0297/gnocchi.4b0c2bc8-9fed-4f94-9fb7-053e7995907c/none_v3 HTTP/1.0 200 - python-swiftclient-4.2.0 gAAAAABpLjUvHoCr... - 22 - tx0732462e236c455eaa931-00692e3567 - 0.0071 - - 1764636007.244532824 1764636007.251625299 0
Dec 01 19:40:07 np0005541722.novalocal container-server[93751]: ::1 - - [02/Dec/2025:00:40:07 +0000] "GET /3/191666/AUTH_71f03d698f7645fb92ce29512b9f0297/gnocchi.8ea693fb-3dd0-4d9a-8ca5-eb4c774ac25c" 200 357 "GET http://[::1]:8080/v1/AUTH_71f03d698f7645fb92ce29512b9f0297/gnocchi.8ea693fb-3dd0-4d9a-8ca5-eb4c774ac25c?format=json&states=listing" "tx441f6e5b618d49d88ceef-00692e3567" "proxy-server 86829" 0.0064 "-" 93751 0
Dec 01 19:40:07 np0005541722.novalocal proxy-server[86829]: ::1 ::1 02/Dec/2025/00/40/07 GET /v1/AUTH_71f03d698f7645fb92ce29512b9f0297/gnocchi.8ea693fb-3dd0-4d9a-8ca5-eb4c774ac25c%3Fformat%3Djson%26states%3Dlisting HTTP/1.0 200 - python-swiftclient-4.2.0 gAAAAABpLjU42Jqt... - 357 - tx441f6e5b618d49d88ceef-00692e3567 - 0.0115 - - 1764636007.254853964 1764636007.266314983 0
Dec 01 19:40:07 np0005541722.novalocal container-server[93750]: ::1 - - [02/Dec/2025:00:40:07 +0000] "GET /1/84966/AUTH_71f03d698f7645fb92ce29512b9f0297/gnocchi.4b0c2bc8-9fed-4f94-9fb7-053e7995907c" 200 357 "GET http://[::1]:8080/v1/AUTH_71f03d698f7645fb92ce29512b9f0297/gnocchi.4b0c2bc8-9fed-4f94-9fb7-053e7995907c?format=json&states=listing" "txca8d1fd35c5e40f7a35cb-00692e3567" "proxy-server 86829" 0.0070 "-" 93750 0
Dec 01 19:40:07 np0005541722.novalocal proxy-server[86829]: ::1 ::1 02/Dec/2025/00/40/07 GET /v1/AUTH_71f03d698f7645fb92ce29512b9f0297/gnocchi.4b0c2bc8-9fed-4f94-9fb7-053e7995907c%3Fformat%3Djson%26states%3Dlisting HTTP/1.0 200 - python-swiftclient-4.2.0 gAAAAABpLjUvHoCr... - 357 - txca8d1fd35c5e40f7a35cb-00692e3567 - 0.0137 - - 1764636007.254336357 1764636007.268051624 0
Dec 01 19:40:07 np0005541722.novalocal container-server[93750]: ::1 - - [02/Dec/2025:00:40:07 +0000] "GET /2/84966/AUTH_71f03d698f7645fb92ce29512b9f0297/gnocchi.4b0c2bc8-9fed-4f94-9fb7-053e7995907c" 200 2 "GET http://[::1]:8080/v1/AUTH_71f03d698f7645fb92ce29512b9f0297/gnocchi.4b0c2bc8-9fed-4f94-9fb7-053e7995907c?format=json&marker=none_v3&states=listing" "txc9f05fbf48b24e74b6041-00692e3567" "proxy-server 86829" 0.0080 "-" 93750 0
Dec 01 19:40:07 np0005541722.novalocal container-server[93751]: ::1 - - [02/Dec/2025:00:40:07 +0000] "GET /1/191666/AUTH_71f03d698f7645fb92ce29512b9f0297/gnocchi.8ea693fb-3dd0-4d9a-8ca5-eb4c774ac25c" 200 2 "GET http://[::1]:8080/v1/AUTH_71f03d698f7645fb92ce29512b9f0297/gnocchi.8ea693fb-3dd0-4d9a-8ca5-eb4c774ac25c?format=json&marker=none_v3&states=listing" "txfadb5ba428eb466c9da9b-00692e3567" "proxy-server 86829" 0.0082 "-" 93751 0
Dec 01 19:40:07 np0005541722.novalocal proxy-server[86829]: ::1 ::1 02/Dec/2025/00/40/07 GET /v1/AUTH_71f03d698f7645fb92ce29512b9f0297/gnocchi.4b0c2bc8-9fed-4f94-9fb7-053e7995907c%3Fformat%3Djson%26marker%3Dnone_v3%26states%3Dlisting HTTP/1.0 200 - python-swiftclient-4.2.0 gAAAAABpLjUvHoCr... - 2 - txc9f05fbf48b24e74b6041-00692e3567 - 0.0152 - - 1764636007.270497084 1764636007.285697460 0
Dec 01 19:40:07 np0005541722.novalocal proxy-server[86829]: ::1 ::1 02/Dec/2025/00/40/07 GET /v1/AUTH_71f03d698f7645fb92ce29512b9f0297/gnocchi.8ea693fb-3dd0-4d9a-8ca5-eb4c774ac25c%3Fformat%3Djson%26marker%3Dnone_v3%26states%3Dlisting HTTP/1.0 200 - python-swiftclient-4.2.0 gAAAAABpLjU42Jqt... - 2 - txfadb5ba428eb466c9da9b-00692e3567 - 0.0213 - - 1764636007.268631458 1764636007.289906025 0
Dec 01 19:40:07 np0005541722.novalocal object-server[94054]: ::1 - - [02/Dec/2025:00:40:07 +0000] "GET /3/164821/AUTH_71f03d698f7645fb92ce29512b9f0297/gnocchi.4b0c2bc8-9fed-4f94-9fb7-053e7995907c/1763640000.0_mean_300.0_v3" 200 23 "GET http://[::1]:8080/v1/AUTH_71f03d698f7645fb92ce29512b9f0297/gnocchi.4b0c2bc8-9fed-4f94-9fb7-053e7995907c/1763640000.0_mean_300.0_v3" "txc5a3ff3621b8433998537-00692e3567" "proxy-server 86829" 0.0007 "-" 94054 0
Dec 01 19:40:07 np0005541722.novalocal proxy-server[86829]: ::1 ::1 02/Dec/2025/00/40/07 GET /v1/AUTH_71f03d698f7645fb92ce29512b9f0297/gnocchi.4b0c2bc8-9fed-4f94-9fb7-053e7995907c/1763640000.0_mean_300.0_v3 HTTP/1.0 200 - python-swiftclient-4.2.0 gAAAAABpLjUvHoCr... - 23 - txc5a3ff3621b8433998537-00692e3567 - 0.0122 - - 1764636007.288498163 1764636007.300688267 0
Dec 01 19:40:07 np0005541722.novalocal object-server[94057]: ::1 - - [02/Dec/2025:00:40:07 +0000] "GET /3/225701/AUTH_71f03d698f7645fb92ce29512b9f0297/gnocchi.8ea693fb-3dd0-4d9a-8ca5-eb4c774ac25c/1763640000.0_mean_300.0_v3" 200 18 "GET http://[::1]:8080/v1/AUTH_71f03d698f7645fb92ce29512b9f0297/gnocchi.8ea693fb-3dd0-4d9a-8ca5-eb4c774ac25c/1763640000.0_mean_300.0_v3" "tx4621551f26014e1d918c2-00692e3567" "proxy-server 86829" 0.0007 "-" 94057 0
Dec 01 19:40:07 np0005541722.novalocal proxy-server[86829]: ::1 ::1 02/Dec/2025/00/40/07 GET /v1/AUTH_71f03d698f7645fb92ce29512b9f0297/gnocchi.8ea693fb-3dd0-4d9a-8ca5-eb4c774ac25c/1763640000.0_mean_300.0_v3 HTTP/1.0 200 - python-swiftclient-4.2.0 gAAAAABpLjU42Jqt... - 18 - tx4621551f26014e1d918c2-00692e3567 - 0.0074 - - 1764636007.296356916 1764636007.303786993 0
Dec 01 19:40:07 np0005541722.novalocal container-server[93751]: ::1 - - [02/Dec/2025:00:40:07 +0000] "PUT /3/84966/AUTH_71f03d698f7645fb92ce29512b9f0297/gnocchi.4b0c2bc8-9fed-4f94-9fb7-053e7995907c/1763640000.0_mean_300.0_v3" 201 - "PUT http://[::1]:8080/1/164821/AUTH_71f03d698f7645fb92ce29512b9f0297/gnocchi.4b0c2bc8-9fed-4f94-9fb7-053e7995907c/1763640000.0_mean_300.0_v3" "tx4208f4317c8344d9ac389-00692e3567" "object-server 94054" 0.0006 "-" 93751 0
Dec 01 19:40:07 np0005541722.novalocal object-server[94054]: ::1 - - [02/Dec/2025:00:40:07 +0000] "PUT /1/164821/AUTH_71f03d698f7645fb92ce29512b9f0297/gnocchi.4b0c2bc8-9fed-4f94-9fb7-053e7995907c/1763640000.0_mean_300.0_v3" 201 - "PUT http://[::1]:8080/v1/AUTH_71f03d698f7645fb92ce29512b9f0297/gnocchi.4b0c2bc8-9fed-4f94-9fb7-053e7995907c/1763640000.0_mean_300.0_v3" "tx4208f4317c8344d9ac389-00692e3567" "proxy-server 86829" 0.0131 "-" 94054 0
Dec 01 19:40:07 np0005541722.novalocal container-server[93751]: ::1 - - [02/Dec/2025:00:40:07 +0000] "PUT /1/84966/AUTH_71f03d698f7645fb92ce29512b9f0297/gnocchi.4b0c2bc8-9fed-4f94-9fb7-053e7995907c/1763640000.0_mean_300.0_v3" 201 - "PUT http://[::1]:8080/2/164821/AUTH_71f03d698f7645fb92ce29512b9f0297/gnocchi.4b0c2bc8-9fed-4f94-9fb7-053e7995907c/1763640000.0_mean_300.0_v3" "tx4208f4317c8344d9ac389-00692e3567" "object-server 94056" 0.0004 "-" 93751 0
Dec 01 19:40:07 np0005541722.novalocal container-server[93753]: ::1 - - [02/Dec/2025:00:40:07 +0000] "PUT /2/84966/AUTH_71f03d698f7645fb92ce29512b9f0297/gnocchi.4b0c2bc8-9fed-4f94-9fb7-053e7995907c/1763640000.0_mean_300.0_v3" 201 - "PUT http://[::1]:8080/3/164821/AUTH_71f03d698f7645fb92ce29512b9f0297/gnocchi.4b0c2bc8-9fed-4f94-9fb7-053e7995907c/1763640000.0_mean_300.0_v3" "tx4208f4317c8344d9ac389-00692e3567" "object-server 94056" 0.0005 "-" 93753 0
Dec 01 19:40:07 np0005541722.novalocal object-server[94056]: ::1 - - [02/Dec/2025:00:40:07 +0000] "PUT /2/164821/AUTH_71f03d698f7645fb92ce29512b9f0297/gnocchi.4b0c2bc8-9fed-4f94-9fb7-053e7995907c/1763640000.0_mean_300.0_v3" 201 - "PUT http://[::1]:8080/v1/AUTH_71f03d698f7645fb92ce29512b9f0297/gnocchi.4b0c2bc8-9fed-4f94-9fb7-053e7995907c/1763640000.0_mean_300.0_v3" "tx4208f4317c8344d9ac389-00692e3567" "proxy-server 86829" 0.0178 "-" 94056 0
Dec 01 19:40:07 np0005541722.novalocal object-server[94056]: ::1 - - [02/Dec/2025:00:40:07 +0000] "PUT /3/164821/AUTH_71f03d698f7645fb92ce29512b9f0297/gnocchi.4b0c2bc8-9fed-4f94-9fb7-053e7995907c/1763640000.0_mean_300.0_v3" 201 - "PUT http://[::1]:8080/v1/AUTH_71f03d698f7645fb92ce29512b9f0297/gnocchi.4b0c2bc8-9fed-4f94-9fb7-053e7995907c/1763640000.0_mean_300.0_v3" "tx4208f4317c8344d9ac389-00692e3567" "proxy-server 86829" 0.0169 "-" 94056 0
Dec 01 19:40:07 np0005541722.novalocal proxy-server[86829]: ::1 ::1 02/Dec/2025/00/40/07 PUT /v1/AUTH_71f03d698f7645fb92ce29512b9f0297/gnocchi.4b0c2bc8-9fed-4f94-9fb7-053e7995907c/1763640000.0_mean_300.0_v3 HTTP/1.0 201 - python-swiftclient-4.2.0 gAAAAABpLjUvHoCr... 23 - - tx4208f4317c8344d9ac389-00692e3567 - 0.0267 - - 1764636007.303055763 1764636007.329730511 0
Dec 01 19:40:07 np0005541722.novalocal container-server[93752]: ::1 - - [02/Dec/2025:00:40:07 +0000] "PUT /2/191666/AUTH_71f03d698f7645fb92ce29512b9f0297/gnocchi.8ea693fb-3dd0-4d9a-8ca5-eb4c774ac25c/1763640000.0_mean_300.0_v3" 201 - "PUT http://[::1]:8080/1/225701/AUTH_71f03d698f7645fb92ce29512b9f0297/gnocchi.8ea693fb-3dd0-4d9a-8ca5-eb4c774ac25c/1763640000.0_mean_300.0_v3" "tx9dc043d49d104202914de-00692e3567" "object-server 94056" 0.0004 "-" 93752 0
Dec 01 19:40:07 np0005541722.novalocal object-server[94056]: ::1 - - [02/Dec/2025:00:40:07 +0000] "PUT /1/225701/AUTH_71f03d698f7645fb92ce29512b9f0297/gnocchi.8ea693fb-3dd0-4d9a-8ca5-eb4c774ac25c/1763640000.0_mean_300.0_v3" 201 - "PUT http://[::1]:8080/v1/AUTH_71f03d698f7645fb92ce29512b9f0297/gnocchi.8ea693fb-3dd0-4d9a-8ca5-eb4c774ac25c/1763640000.0_mean_300.0_v3" "tx9dc043d49d104202914de-00692e3567" "proxy-server 86829" 0.0136 "-" 94056 0
Dec 01 19:40:07 np0005541722.novalocal container-server[93753]: ::1 - - [02/Dec/2025:00:40:07 +0000] "PUT /3/191666/AUTH_71f03d698f7645fb92ce29512b9f0297/gnocchi.8ea693fb-3dd0-4d9a-8ca5-eb4c774ac25c/1763640000.0_mean_300.0_v3" 201 - "PUT http://[::1]:8080/2/225701/AUTH_71f03d698f7645fb92ce29512b9f0297/gnocchi.8ea693fb-3dd0-4d9a-8ca5-eb4c774ac25c/1763640000.0_mean_300.0_v3" "tx9dc043d49d104202914de-00692e3567" "object-server 94057" 0.0003 "-" 93753 0
Dec 01 19:40:07 np0005541722.novalocal object-server[94057]: ::1 - - [02/Dec/2025:00:40:07 +0000] "PUT /2/225701/AUTH_71f03d698f7645fb92ce29512b9f0297/gnocchi.8ea693fb-3dd0-4d9a-8ca5-eb4c774ac25c/1763640000.0_mean_300.0_v3" 201 - "PUT http://[::1]:8080/v1/AUTH_71f03d698f7645fb92ce29512b9f0297/gnocchi.8ea693fb-3dd0-4d9a-8ca5-eb4c774ac25c/1763640000.0_mean_300.0_v3" "tx9dc043d49d104202914de-00692e3567" "proxy-server 86829" 0.0172 "-" 94057 0
Dec 01 19:40:07 np0005541722.novalocal container-server[93752]: ::1 - - [02/Dec/2025:00:40:07 +0000] "PUT /1/191666/AUTH_71f03d698f7645fb92ce29512b9f0297/gnocchi.8ea693fb-3dd0-4d9a-8ca5-eb4c774ac25c/1763640000.0_mean_300.0_v3" 201 - "PUT http://[::1]:8080/3/225701/AUTH_71f03d698f7645fb92ce29512b9f0297/gnocchi.8ea693fb-3dd0-4d9a-8ca5-eb4c774ac25c/1763640000.0_mean_300.0_v3" "tx9dc043d49d104202914de-00692e3567" "object-server 94057" 0.0003 "-" 93752 0
Dec 01 19:40:07 np0005541722.novalocal object-server[94057]: ::1 - - [02/Dec/2025:00:40:07 +0000] "PUT /3/225701/AUTH_71f03d698f7645fb92ce29512b9f0297/gnocchi.8ea693fb-3dd0-4d9a-8ca5-eb4c774ac25c/1763640000.0_mean_300.0_v3" 201 - "PUT http://[::1]:8080/v1/AUTH_71f03d698f7645fb92ce29512b9f0297/gnocchi.8ea693fb-3dd0-4d9a-8ca5-eb4c774ac25c/1763640000.0_mean_300.0_v3" "tx9dc043d49d104202914de-00692e3567" "proxy-server 86829" 0.0197 "-" 94057 0
Dec 01 19:40:07 np0005541722.novalocal proxy-server[86829]: ::1 ::1 02/Dec/2025/00/40/07 PUT /v1/AUTH_71f03d698f7645fb92ce29512b9f0297/gnocchi.8ea693fb-3dd0-4d9a-8ca5-eb4c774ac25c/1763640000.0_mean_300.0_v3 HTTP/1.0 201 - python-swiftclient-4.2.0 gAAAAABpLjU42Jqt... 18 - - tx9dc043d49d104202914de-00692e3567 - 0.0286 - - 1764636007.309136391 1764636007.337781429 0
Dec 01 19:40:07 np0005541722.novalocal container-server[93752]: ::1 - - [02/Dec/2025:00:40:07 +0000] "PUT /3/84966/AUTH_71f03d698f7645fb92ce29512b9f0297/gnocchi.4b0c2bc8-9fed-4f94-9fb7-053e7995907c/none_v3" 201 - "PUT http://[::1]:8080/1/63680/AUTH_71f03d698f7645fb92ce29512b9f0297/gnocchi.4b0c2bc8-9fed-4f94-9fb7-053e7995907c/none_v3" "tx4bdfb16d174f468bb3e3d-00692e3567" "object-server 94055" 0.0004 "-" 93752 0
Dec 01 19:40:07 np0005541722.novalocal object-server[94055]: ::1 - - [02/Dec/2025:00:40:07 +0000] "PUT /1/63680/AUTH_71f03d698f7645fb92ce29512b9f0297/gnocchi.4b0c2bc8-9fed-4f94-9fb7-053e7995907c/none_v3" 201 - "PUT http://[::1]:8080/v1/AUTH_71f03d698f7645fb92ce29512b9f0297/gnocchi.4b0c2bc8-9fed-4f94-9fb7-053e7995907c/none_v3" "tx4bdfb16d174f468bb3e3d-00692e3567" "proxy-server 86829" 0.0135 "-" 94055 0
Dec 01 19:40:07 np0005541722.novalocal container-server[93753]: ::1 - - [02/Dec/2025:00:40:07 +0000] "PUT /2/84966/AUTH_71f03d698f7645fb92ce29512b9f0297/gnocchi.4b0c2bc8-9fed-4f94-9fb7-053e7995907c/none_v3" 201 - "PUT http://[::1]:8080/2/63680/AUTH_71f03d698f7645fb92ce29512b9f0297/gnocchi.4b0c2bc8-9fed-4f94-9fb7-053e7995907c/none_v3" "tx4bdfb16d174f468bb3e3d-00692e3567" "object-server 94054" 0.0004 "-" 93753 0
Dec 01 19:40:07 np0005541722.novalocal container-server[93751]: ::1 - - [02/Dec/2025:00:40:07 +0000] "PUT /1/84966/AUTH_71f03d698f7645fb92ce29512b9f0297/gnocchi.4b0c2bc8-9fed-4f94-9fb7-053e7995907c/none_v3" 201 - "PUT http://[::1]:8080/3/63680/AUTH_71f03d698f7645fb92ce29512b9f0297/gnocchi.4b0c2bc8-9fed-4f94-9fb7-053e7995907c/none_v3" "tx4bdfb16d174f468bb3e3d-00692e3567" "object-server 94057" 0.0004 "-" 93751 0
Dec 01 19:40:07 np0005541722.novalocal container-server[93750]: ::1 - - [02/Dec/2025:00:40:07 +0000] "PUT /2/191666/AUTH_71f03d698f7645fb92ce29512b9f0297/gnocchi.8ea693fb-3dd0-4d9a-8ca5-eb4c774ac25c/none_v3" 201 - "PUT http://[::1]:8080/1/22893/AUTH_71f03d698f7645fb92ce29512b9f0297/gnocchi.8ea693fb-3dd0-4d9a-8ca5-eb4c774ac25c/none_v3" "tx8b0759b71fc54c749a152-00692e3567" "object-server 94054" 0.0006 "-" 93750 0
Dec 01 19:40:07 np0005541722.novalocal container-server[93751]: ::1 - - [02/Dec/2025:00:40:07 +0000] "PUT /1/191666/AUTH_71f03d698f7645fb92ce29512b9f0297/gnocchi.8ea693fb-3dd0-4d9a-8ca5-eb4c774ac25c/none_v3" 201 - "PUT http://[::1]:8080/3/22893/AUTH_71f03d698f7645fb92ce29512b9f0297/gnocchi.8ea693fb-3dd0-4d9a-8ca5-eb4c774ac25c/none_v3" "tx8b0759b71fc54c749a152-00692e3567" "object-server 94056" 0.0003 "-" 93751 0
Dec 01 19:40:07 np0005541722.novalocal object-server[94056]: ::1 - - [02/Dec/2025:00:40:07 +0000] "PUT /3/22893/AUTH_71f03d698f7645fb92ce29512b9f0297/gnocchi.8ea693fb-3dd0-4d9a-8ca5-eb4c774ac25c/none_v3" 201 - "PUT http://[::1]:8080/v1/AUTH_71f03d698f7645fb92ce29512b9f0297/gnocchi.8ea693fb-3dd0-4d9a-8ca5-eb4c774ac25c/none_v3" "tx8b0759b71fc54c749a152-00692e3567" "proxy-server 86829" 0.0127 "-" 94056 0
Dec 01 19:40:07 np0005541722.novalocal container-server[93752]: ::1 - - [02/Dec/2025:00:40:07 +0000] "PUT /3/191666/AUTH_71f03d698f7645fb92ce29512b9f0297/gnocchi.8ea693fb-3dd0-4d9a-8ca5-eb4c774ac25c/none_v3" 201 - "PUT http://[::1]:8080/2/22893/AUTH_71f03d698f7645fb92ce29512b9f0297/gnocchi.8ea693fb-3dd0-4d9a-8ca5-eb4c774ac25c/none_v3" "tx8b0759b71fc54c749a152-00692e3567" "object-server 94056" 0.0006 "-" 93752 0
Dec 01 19:40:07 np0005541722.novalocal object-server[94054]: ::1 - - [02/Dec/2025:00:40:07 +0000] "PUT /2/63680/AUTH_71f03d698f7645fb92ce29512b9f0297/gnocchi.4b0c2bc8-9fed-4f94-9fb7-053e7995907c/none_v3" 201 - "PUT http://[::1]:8080/v1/AUTH_71f03d698f7645fb92ce29512b9f0297/gnocchi.4b0c2bc8-9fed-4f94-9fb7-053e7995907c/none_v3" "tx4bdfb16d174f468bb3e3d-00692e3567" "proxy-server 86829" 0.0179 "-" 94054 0
Dec 01 19:40:07 np0005541722.novalocal object-server[94056]: ::1 - - [02/Dec/2025:00:40:07 +0000] "PUT /2/22893/AUTH_71f03d698f7645fb92ce29512b9f0297/gnocchi.8ea693fb-3dd0-4d9a-8ca5-eb4c774ac25c/none_v3" 201 - "PUT http://[::1]:8080/v1/AUTH_71f03d698f7645fb92ce29512b9f0297/gnocchi.8ea693fb-3dd0-4d9a-8ca5-eb4c774ac25c/none_v3" "tx8b0759b71fc54c749a152-00692e3567" "proxy-server 86829" 0.0128 "-" 94056 0
Dec 01 19:40:07 np0005541722.novalocal object-server[94054]: ::1 - - [02/Dec/2025:00:40:07 +0000] "PUT /1/22893/AUTH_71f03d698f7645fb92ce29512b9f0297/gnocchi.8ea693fb-3dd0-4d9a-8ca5-eb4c774ac25c/none_v3" 201 - "PUT http://[::1]:8080/v1/AUTH_71f03d698f7645fb92ce29512b9f0297/gnocchi.8ea693fb-3dd0-4d9a-8ca5-eb4c774ac25c/none_v3" "tx8b0759b71fc54c749a152-00692e3567" "proxy-server 86829" 0.0133 "-" 94054 0
Dec 01 19:40:07 np0005541722.novalocal object-server[94057]: ::1 - - [02/Dec/2025:00:40:07 +0000] "PUT /3/63680/AUTH_71f03d698f7645fb92ce29512b9f0297/gnocchi.4b0c2bc8-9fed-4f94-9fb7-053e7995907c/none_v3" 201 - "PUT http://[::1]:8080/v1/AUTH_71f03d698f7645fb92ce29512b9f0297/gnocchi.4b0c2bc8-9fed-4f94-9fb7-053e7995907c/none_v3" "tx4bdfb16d174f468bb3e3d-00692e3567" "proxy-server 86829" 0.0212 "-" 94057 0
Dec 01 19:40:07 np0005541722.novalocal proxy-server[86829]: ::1 ::1 02/Dec/2025/00/40/07 PUT /v1/AUTH_71f03d698f7645fb92ce29512b9f0297/gnocchi.8ea693fb-3dd0-4d9a-8ca5-eb4c774ac25c/none_v3 HTTP/1.0 201 - python-swiftclient-4.2.0 gAAAAABpLjU42Jqt... 26 - - tx8b0759b71fc54c749a152-00692e3567 - 0.0223 - - 1764636007.339688301 1764636007.361953974 0
Dec 01 19:40:07 np0005541722.novalocal proxy-server[86829]: ::1 ::1 02/Dec/2025/00/40/07 PUT /v1/AUTH_71f03d698f7645fb92ce29512b9f0297/gnocchi.4b0c2bc8-9fed-4f94-9fb7-053e7995907c/none_v3 HTTP/1.0 201 - python-swiftclient-4.2.0 gAAAAABpLjUvHoCr... 31 - - tx4bdfb16d174f468bb3e3d-00692e3567 - 0.0313 - - 1764636007.331628561 1764636007.362934113 0
Dec 01 19:40:07 np0005541722.novalocal object-server[94054]: ::1 - - [02/Dec/2025:00:40:07 +0000] "GET /3/186265/AUTH_71f03d698f7645fb92ce29512b9f0297/gnocchi.39542c74-2851-40af-9701-ff15b32e27ae/none_v3" 200 22 "GET http://[::1]:8080/v1/AUTH_71f03d698f7645fb92ce29512b9f0297/gnocchi.39542c74-2851-40af-9701-ff15b32e27ae/none_v3" "txab291bf81f504bacac27e-00692e3567" "proxy-server 86829" 0.0006 "-" 94054 0
Dec 01 19:40:07 np0005541722.novalocal object-server[94055]: ::1 - - [02/Dec/2025:00:40:07 +0000] "GET /1/233745/AUTH_71f03d698f7645fb92ce29512b9f0297/gnocchi.4dcd6754-a4ab-46f9-9363-f5278812f9fe/none_v3" 200 22 "GET http://[::1]:8080/v1/AUTH_71f03d698f7645fb92ce29512b9f0297/gnocchi.4dcd6754-a4ab-46f9-9363-f5278812f9fe/none_v3" "tx277650fe5828439d813de-00692e3567" "proxy-server 86829" 0.0006 "-" 94055 0
Dec 01 19:40:07 np0005541722.novalocal proxy-server[86829]: ::1 ::1 02/Dec/2025/00/40/07 GET /v1/AUTH_71f03d698f7645fb92ce29512b9f0297/gnocchi.39542c74-2851-40af-9701-ff15b32e27ae/none_v3 HTTP/1.0 200 - python-swiftclient-4.2.0 gAAAAABpLjU42Jqt... - 22 - txab291bf81f504bacac27e-00692e3567 - 0.0076 - - 1764636007.376121521 1764636007.383768320 0
Dec 01 19:40:07 np0005541722.novalocal proxy-server[86829]: ::1 ::1 02/Dec/2025/00/40/07 GET /v1/AUTH_71f03d698f7645fb92ce29512b9f0297/gnocchi.4dcd6754-a4ab-46f9-9363-f5278812f9fe/none_v3 HTTP/1.0 200 - python-swiftclient-4.2.0 gAAAAABpLjUvHoCr... - 22 - tx277650fe5828439d813de-00692e3567 - 0.0058 - - 1764636007.379332542 1764636007.385111570 0
Dec 01 19:40:07 np0005541722.novalocal container-server[93752]: ::1 - - [02/Dec/2025:00:40:07 +0000] "GET /3/49832/AUTH_71f03d698f7645fb92ce29512b9f0297/gnocchi.4dcd6754-a4ab-46f9-9363-f5278812f9fe" 200 357 "GET http://[::1]:8080/v1/AUTH_71f03d698f7645fb92ce29512b9f0297/gnocchi.4dcd6754-a4ab-46f9-9363-f5278812f9fe?format=json&states=listing" "tx82c5673f5168407e813c2-00692e3567" "proxy-server 86829" 0.0076 "-" 93752 0
Dec 01 19:40:07 np0005541722.novalocal container-server[93750]: ::1 - - [02/Dec/2025:00:40:07 +0000] "GET /2/30743/AUTH_71f03d698f7645fb92ce29512b9f0297/gnocchi.39542c74-2851-40af-9701-ff15b32e27ae" 200 357 "GET http://[::1]:8080/v1/AUTH_71f03d698f7645fb92ce29512b9f0297/gnocchi.39542c74-2851-40af-9701-ff15b32e27ae?format=json&states=listing" "tx53a2c717126546c7ba158-00692e3567" "proxy-server 86829" 0.0080 "-" 93750 0
Dec 01 19:40:07 np0005541722.novalocal proxy-server[86829]: ::1 ::1 02/Dec/2025/00/40/07 GET /v1/AUTH_71f03d698f7645fb92ce29512b9f0297/gnocchi.39542c74-2851-40af-9701-ff15b32e27ae%3Fformat%3Djson%26states%3Dlisting HTTP/1.0 200 - python-swiftclient-4.2.0 gAAAAABpLjU42Jqt... - 357 - tx53a2c717126546c7ba158-00692e3567 - 0.0144 - - 1764636007.387558937 1764636007.401990652 0
Dec 01 19:40:07 np0005541722.novalocal proxy-server[86829]: ::1 ::1 02/Dec/2025/00/40/07 GET /v1/AUTH_71f03d698f7645fb92ce29512b9f0297/gnocchi.4dcd6754-a4ab-46f9-9363-f5278812f9fe%3Fformat%3Djson%26states%3Dlisting HTTP/1.0 200 - python-swiftclient-4.2.0 gAAAAABpLjUvHoCr... - 357 - tx82c5673f5168407e813c2-00692e3567 - 0.0143 - - 1764636007.389298677 1764636007.403551817 0
Dec 01 19:40:07 np0005541722.novalocal NetworkManager[858]: [1764636007.4059] manager: (qbr6ea8bd63-46): new Bridge device (/org/freedesktop/NetworkManager/Devices/34)
Dec 01 19:40:07 np0005541722.novalocal systemd-udevd[101707]: Network interface NamePolicy= disabled on kernel command line.
Dec 01 19:40:07 np0005541722.novalocal NetworkManager[858]: [1764636007.4158] manager: (qvo6ea8bd63-46): new Veth device (/org/freedesktop/NetworkManager/Devices/35)
Dec 01 19:40:07 np0005541722.novalocal systemd-udevd[101845]: Network interface NamePolicy= disabled on kernel command line.
Dec 01 19:40:07 np0005541722.novalocal systemd-udevd[101696]: Network interface NamePolicy= disabled on kernel command line.
Dec 01 19:40:07 np0005541722.novalocal NetworkManager[858]: [1764636007.4166] manager: (qvb6ea8bd63-46): new Veth device (/org/freedesktop/NetworkManager/Devices/36)
Dec 01 19:40:07 np0005541722.novalocal NetworkManager[858]: [1764636007.4219] device (qvo6ea8bd63-46): carrier: link connected
Dec 01 19:40:07 np0005541722.novalocal NetworkManager[858]: [1764636007.4226] device (qvb6ea8bd63-46): carrier: link connected
Dec 01 19:40:07 np0005541722.novalocal container-server[93753]: ::1 - - [02/Dec/2025:00:40:07 +0000] "GET /2/49832/AUTH_71f03d698f7645fb92ce29512b9f0297/gnocchi.4dcd6754-a4ab-46f9-9363-f5278812f9fe" 200 2 "GET http://[::1]:8080/v1/AUTH_71f03d698f7645fb92ce29512b9f0297/gnocchi.4dcd6754-a4ab-46f9-9363-f5278812f9fe?format=json&marker=none_v3&states=listing" "txb8c7b578790d4936884b4-00692e3567" "proxy-server 86829" 0.0076 "-" 93753 0
Dec 01 19:40:07 np0005541722.novalocal container-server[93753]: ::1 - - [02/Dec/2025:00:40:07 +0000] "GET /1/30743/AUTH_71f03d698f7645fb92ce29512b9f0297/gnocchi.39542c74-2851-40af-9701-ff15b32e27ae" 200 2 "GET http://[::1]:8080/v1/AUTH_71f03d698f7645fb92ce29512b9f0297/gnocchi.39542c74-2851-40af-9701-ff15b32e27ae?format=json&marker=none_v3&states=listing" "txab3f7cfad2164c20ae622-00692e3567" "proxy-server 86829" 0.0082 "-" 93753 0
Dec 01 19:40:07 np0005541722.novalocal kernel: qbr6ea8bd63-46: port 1(qvb6ea8bd63-46) entered blocking state
Dec 01 19:40:07 np0005541722.novalocal kernel: qbr6ea8bd63-46: port 1(qvb6ea8bd63-46) entered disabled state
Dec 01 19:40:07 np0005541722.novalocal kernel: qvb6ea8bd63-46: entered allmulticast mode
Dec 01 19:40:07 np0005541722.novalocal kernel: qvb6ea8bd63-46: entered promiscuous mode
Dec 01 19:40:07 np0005541722.novalocal NetworkManager[858]: [1764636007.4281] device (qbr6ea8bd63-46): carrier: link connected
Dec 01 19:40:07 np0005541722.novalocal kernel: qbr6ea8bd63-46: port 1(qvb6ea8bd63-46) entered blocking state
Dec 01 19:40:07 np0005541722.novalocal kernel: qbr6ea8bd63-46: port 1(qvb6ea8bd63-46) entered forwarding state
Dec 01 19:40:07 np0005541722.novalocal proxy-server[86829]: ::1 ::1 02/Dec/2025/00/40/07 GET /v1/AUTH_71f03d698f7645fb92ce29512b9f0297/gnocchi.4dcd6754-a4ab-46f9-9363-f5278812f9fe%3Fformat%3Djson%26marker%3Dnone_v3%26states%3Dlisting HTTP/1.0 200 - python-swiftclient-4.2.0 gAAAAABpLjUvHoCr... - 2 - txb8c7b578790d4936884b4-00692e3567 - 0.0258 - - 1764636007.409599066 1764636007.435394764 0
Dec 01 19:40:07 np0005541722.novalocal NetworkManager[858]: [1764636007.4378] device (qbr6ea8bd63-46): state change: unmanaged -> unavailable (reason 'connection-assumed', managed-type: 'external')
Dec 01 19:40:07 np0005541722.novalocal NetworkManager[858]: [1764636007.4382] device (qbr6ea8bd63-46): state change: unavailable -> disconnected (reason 'connection-assumed', managed-type: 'external')
Dec 01 19:40:07 np0005541722.novalocal NetworkManager[858]: [1764636007.4387] device (qbr6ea8bd63-46): Activation: starting connection 'qbr6ea8bd63-46' (701d8efc-a297-4021-96c3-3a7b18814524)
Dec 01 19:40:07 np0005541722.novalocal NetworkManager[858]: [1764636007.4388] device (qbr6ea8bd63-46): state change: disconnected -> prepare (reason 'none', managed-type: 'external')
Dec 01 19:40:07 np0005541722.novalocal NetworkManager[858]: [1764636007.4389] device (qbr6ea8bd63-46): state change: prepare -> config (reason 'none', managed-type: 'external')
Dec 01 19:40:07 np0005541722.novalocal NetworkManager[858]: [1764636007.4390] device (qbr6ea8bd63-46): state change: config -> ip-config (reason 'none', managed-type: 'external')
Dec 01 19:40:07 np0005541722.novalocal NetworkManager[858]: [1764636007.4392] device (qbr6ea8bd63-46): state change: ip-config -> ip-check (reason 'none', managed-type: 'external')
Dec 01 19:40:07 np0005541722.novalocal proxy-server[86829]: ::1 ::1 02/Dec/2025/00/40/07 GET /v1/AUTH_71f03d698f7645fb92ce29512b9f0297/gnocchi.39542c74-2851-40af-9701-ff15b32e27ae%3Fformat%3Djson%26marker%3Dnone_v3%26states%3Dlisting HTTP/1.0 200 - python-swiftclient-4.2.0 gAAAAABpLjU42Jqt... - 2 - txab3f7cfad2164c20ae622-00692e3567 - 0.0316 - - 1764636007.412002087 1764636007.443614721 0
Dec 01 19:40:07 np0005541722.novalocal object-server[94056]: ::1 - - [02/Dec/2025:00:40:07 +0000] "GET /3/9134/AUTH_71f03d698f7645fb92ce29512b9f0297/gnocchi.4dcd6754-a4ab-46f9-9363-f5278812f9fe/1763640000.0_mean_300.0_v3" 200 22 "GET http://[::1]:8080/v1/AUTH_71f03d698f7645fb92ce29512b9f0297/gnocchi.4dcd6754-a4ab-46f9-9363-f5278812f9fe/1763640000.0_mean_300.0_v3" "tx506dde3e57364f308b826-00692e3567" "proxy-server 86829" 0.0006 "-" 94056 0
Dec 01 19:40:07 np0005541722.novalocal proxy-server[86829]: ::1 ::1 02/Dec/2025/00/40/07 GET /v1/AUTH_71f03d698f7645fb92ce29512b9f0297/gnocchi.4dcd6754-a4ab-46f9-9363-f5278812f9fe/1763640000.0_mean_300.0_v3 HTTP/1.0 200 - python-swiftclient-4.2.0 gAAAAABpLjUvHoCr... - 22 - tx506dde3e57364f308b826-00692e3567 - 0.0091 - - 1764636007.438645363 1764636007.447767735 0
Dec 01 19:40:07 np0005541722.novalocal object-server[94055]: ::1 - - [02/Dec/2025:00:40:07 +0000] "GET /1/108430/AUTH_71f03d698f7645fb92ce29512b9f0297/gnocchi.39542c74-2851-40af-9701-ff15b32e27ae/1763640000.0_mean_300.0_v3" 200 23 "GET http://[::1]:8080/v1/AUTH_71f03d698f7645fb92ce29512b9f0297/gnocchi.39542c74-2851-40af-9701-ff15b32e27ae/1763640000.0_mean_300.0_v3" "tx5502bea7308e402c8af7f-00692e3567" "proxy-server 86829" 0.0006 "-" 94055 0
Dec 01 19:40:07 np0005541722.novalocal proxy-server[86829]: ::1 ::1 02/Dec/2025/00/40/07 GET /v1/AUTH_71f03d698f7645fb92ce29512b9f0297/gnocchi.39542c74-2851-40af-9701-ff15b32e27ae/1763640000.0_mean_300.0_v3 HTTP/1.0 200 - python-swiftclient-4.2.0 gAAAAABpLjU42Jqt... - 23 - tx5502bea7308e402c8af7f-00692e3567 - 0.0092 - - 1764636007.448419333 1764636007.457632065 0
Dec 01 19:40:07 np0005541722.novalocal NetworkManager[858]: [1764636007.4622] device (qbr6ea8bd63-46): state change: ip-check -> secondaries (reason 'none', managed-type: 'external')
Dec 01 19:40:07 np0005541722.novalocal NetworkManager[858]: [1764636007.4624] device (qbr6ea8bd63-46): state change: secondaries -> activated (reason 'none', managed-type: 'external')
Dec 01 19:40:07 np0005541722.novalocal NetworkManager[858]: [1764636007.4629] device (qbr6ea8bd63-46): Activation: successful, device activated.
Dec 01 19:40:07 np0005541722.novalocal kernel: qvo6ea8bd63-46: entered promiscuous mode
Dec 01 19:40:07 np0005541722.novalocal container-server[93753]: ::1 - - [02/Dec/2025:00:40:07 +0000] "PUT /3/49832/AUTH_71f03d698f7645fb92ce29512b9f0297/gnocchi.4dcd6754-a4ab-46f9-9363-f5278812f9fe/1763640000.0_mean_300.0_v3" 201 - "PUT http://[::1]:8080/3/9134/AUTH_71f03d698f7645fb92ce29512b9f0297/gnocchi.4dcd6754-a4ab-46f9-9363-f5278812f9fe/1763640000.0_mean_300.0_v3" "txcab7990387e64aad97313-00692e3567" "object-server 94057" 0.0005 "-" 93753 0
Dec 01 19:40:07 np0005541722.novalocal container-server[93751]: ::1 - - [02/Dec/2025:00:40:07 +0000] "PUT /1/30743/AUTH_71f03d698f7645fb92ce29512b9f0297/gnocchi.39542c74-2851-40af-9701-ff15b32e27ae/1763640000.0_mean_300.0_v3" 201 - "PUT http://[::1]:8080/1/108430/AUTH_71f03d698f7645fb92ce29512b9f0297/gnocchi.39542c74-2851-40af-9701-ff15b32e27ae/1763640000.0_mean_300.0_v3" "tx6e02ccd5d6bd43f2b23d3-00692e3567" "object-server 94056" 0.0005 "-" 93751 0
Dec 01 19:40:07 np0005541722.novalocal container-server[93752]: ::1 - - [02/Dec/2025:00:40:07 +0000] "PUT /1/49832/AUTH_71f03d698f7645fb92ce29512b9f0297/gnocchi.4dcd6754-a4ab-46f9-9363-f5278812f9fe/1763640000.0_mean_300.0_v3" 201 - "PUT http://[::1]:8080/2/9134/AUTH_71f03d698f7645fb92ce29512b9f0297/gnocchi.4dcd6754-a4ab-46f9-9363-f5278812f9fe/1763640000.0_mean_300.0_v3" "txcab7990387e64aad97313-00692e3567" "object-server 94055" 0.0005 "-" 93752 0
Dec 01 19:40:07 np0005541722.novalocal object-server[94056]: ::1 - - [02/Dec/2025:00:40:07 +0000] "PUT /1/108430/AUTH_71f03d698f7645fb92ce29512b9f0297/gnocchi.39542c74-2851-40af-9701-ff15b32e27ae/1763640000.0_mean_300.0_v3" 201 - "PUT http://[::1]:8080/v1/AUTH_71f03d698f7645fb92ce29512b9f0297/gnocchi.39542c74-2851-40af-9701-ff15b32e27ae/1763640000.0_mean_300.0_v3" "tx6e02ccd5d6bd43f2b23d3-00692e3567" "proxy-server 86829" 0.0113 "-" 94056 0
Dec 01 19:40:07 np0005541722.novalocal object-server[94055]: ::1 - - [02/Dec/2025:00:40:07 +0000] "PUT /2/9134/AUTH_71f03d698f7645fb92ce29512b9f0297/gnocchi.4dcd6754-a4ab-46f9-9363-f5278812f9fe/1763640000.0_mean_300.0_v3" 201 - "PUT http://[::1]:8080/v1/AUTH_71f03d698f7645fb92ce29512b9f0297/gnocchi.4dcd6754-a4ab-46f9-9363-f5278812f9fe/1763640000.0_mean_300.0_v3" "txcab7990387e64aad97313-00692e3567" "proxy-server 86829" 0.0203 "-" 94055 0
Dec 01 19:40:07 np0005541722.novalocal object-server[94057]: ::1 - - [02/Dec/2025:00:40:07 +0000] "PUT /3/9134/AUTH_71f03d698f7645fb92ce29512b9f0297/gnocchi.4dcd6754-a4ab-46f9-9363-f5278812f9fe/1763640000.0_mean_300.0_v3" 201 - "PUT http://[::1]:8080/v1/AUTH_71f03d698f7645fb92ce29512b9f0297/gnocchi.4dcd6754-a4ab-46f9-9363-f5278812f9fe/1763640000.0_mean_300.0_v3" "txcab7990387e64aad97313-00692e3567" "proxy-server 86829" 0.0166 "-" 94057 0
Dec 01 19:40:07 np0005541722.novalocal container-server[93752]: ::1 - - [02/Dec/2025:00:40:07 +0000] "PUT /2/49832/AUTH_71f03d698f7645fb92ce29512b9f0297/gnocchi.4dcd6754-a4ab-46f9-9363-f5278812f9fe/1763640000.0_mean_300.0_v3" 201 - "PUT http://[::1]:8080/1/9134/AUTH_71f03d698f7645fb92ce29512b9f0297/gnocchi.4dcd6754-a4ab-46f9-9363-f5278812f9fe/1763640000.0_mean_300.0_v3" "txcab7990387e64aad97313-00692e3567" "object-server 94054" 0.0004 "-" 93752 0
Dec 01 19:40:07 np0005541722.novalocal object-server[94054]: ::1 - - [02/Dec/2025:00:40:07 +0000] "PUT /1/9134/AUTH_71f03d698f7645fb92ce29512b9f0297/gnocchi.4dcd6754-a4ab-46f9-9363-f5278812f9fe/1763640000.0_mean_300.0_v3" 201 - "PUT http://[::1]:8080/v1/AUTH_71f03d698f7645fb92ce29512b9f0297/gnocchi.4dcd6754-a4ab-46f9-9363-f5278812f9fe/1763640000.0_mean_300.0_v3" "txcab7990387e64aad97313-00692e3567" "proxy-server 86829" 0.0220 "-" 94054 0
Dec 01 19:40:07 np0005541722.novalocal container-server[93752]: ::1 - - [02/Dec/2025:00:40:07 +0000] "PUT /2/30743/AUTH_71f03d698f7645fb92ce29512b9f0297/gnocchi.39542c74-2851-40af-9701-ff15b32e27ae/1763640000.0_mean_300.0_v3" 201 - "PUT http://[::1]:8080/3/108430/AUTH_71f03d698f7645fb92ce29512b9f0297/gnocchi.39542c74-2851-40af-9701-ff15b32e27ae/1763640000.0_mean_300.0_v3" "tx6e02ccd5d6bd43f2b23d3-00692e3567" "object-server 94055" 0.0003 "-" 93752 0
Dec 01 19:40:07 np0005541722.novalocal container-server[93750]: ::1 - - [02/Dec/2025:00:40:07 +0000] "PUT /3/30743/AUTH_71f03d698f7645fb92ce29512b9f0297/gnocchi.39542c74-2851-40af-9701-ff15b32e27ae/1763640000.0_mean_300.0_v3" 201 - "PUT http://[::1]:8080/2/108430/AUTH_71f03d698f7645fb92ce29512b9f0297/gnocchi.39542c74-2851-40af-9701-ff15b32e27ae/1763640000.0_mean_300.0_v3" "tx6e02ccd5d6bd43f2b23d3-00692e3567" "object-server 94054" 0.0004 "-" 93750 0
Dec 01 19:40:07 np0005541722.novalocal proxy-server[86829]: ::1 ::1 02/Dec/2025/00/40/07 PUT /v1/AUTH_71f03d698f7645fb92ce29512b9f0297/gnocchi.4dcd6754-a4ab-46f9-9363-f5278812f9fe/1763640000.0_mean_300.0_v3 HTTP/1.0 201 - python-swiftclient-4.2.0 gAAAAABpLjUvHoCr... 22 - - txcab7990387e64aad97313-00692e3567 - 0.0293 - - 1764636007.450735092 1764636007.480034113 0
Dec 01 19:40:07 np0005541722.novalocal object-server[94055]: ::1 - - [02/Dec/2025:00:40:07 +0000] "PUT /3/108430/AUTH_71f03d698f7645fb92ce29512b9f0297/gnocchi.39542c74-2851-40af-9701-ff15b32e27ae/1763640000.0_mean_300.0_v3" 201 - "PUT http://[::1]:8080/v1/AUTH_71f03d698f7645fb92ce29512b9f0297/gnocchi.39542c74-2851-40af-9701-ff15b32e27ae/1763640000.0_mean_300.0_v3" "tx6e02ccd5d6bd43f2b23d3-00692e3567" "proxy-server 86829" 0.0131 "-" 94055 0
Dec 01 19:40:07 np0005541722.novalocal object-server[94054]: ::1 - - [02/Dec/2025:00:40:07 +0000] "PUT /2/108430/AUTH_71f03d698f7645fb92ce29512b9f0297/gnocchi.39542c74-2851-40af-9701-ff15b32e27ae/1763640000.0_mean_300.0_v3" 201 - "PUT http://[::1]:8080/v1/AUTH_71f03d698f7645fb92ce29512b9f0297/gnocchi.39542c74-2851-40af-9701-ff15b32e27ae/1763640000.0_mean_300.0_v3" "tx6e02ccd5d6bd43f2b23d3-00692e3567" "proxy-server 86829" 0.0147 "-" 94054 0
Dec 01 19:40:07 np0005541722.novalocal proxy-server[86829]: ::1 ::1 02/Dec/2025/00/40/07 PUT /v1/AUTH_71f03d698f7645fb92ce29512b9f0297/gnocchi.39542c74-2851-40af-9701-ff15b32e27ae/1763640000.0_mean_300.0_v3 HTTP/1.0 201 - python-swiftclient-4.2.0 gAAAAABpLjU42Jqt... 23 - - tx6e02ccd5d6bd43f2b23d3-00692e3567 - 0.0222 - - 1764636007.459373236 1764636007.481559753 0
Dec 01 19:40:07 np0005541722.novalocal systemd[1]: iscsi.service: Unit cannot be reloaded because it is inactive.
Dec 01 19:40:07 np0005541722.novalocal container-server[93751]: ::1 - - [02/Dec/2025:00:40:07 +0000] "PUT /1/49832/AUTH_71f03d698f7645fb92ce29512b9f0297/gnocchi.4dcd6754-a4ab-46f9-9363-f5278812f9fe/none_v3" 201 - "PUT http://[::1]:8080/2/233745/AUTH_71f03d698f7645fb92ce29512b9f0297/gnocchi.4dcd6754-a4ab-46f9-9363-f5278812f9fe/none_v3" "tx84e767795e8f4c1dbf0e5-00692e3567" "object-server 94057" 0.0004 "-" 93751 0
Dec 01 19:40:07 np0005541722.novalocal container-server[93753]: ::1 - - [02/Dec/2025:00:40:07 +0000] "PUT /3/30743/AUTH_71f03d698f7645fb92ce29512b9f0297/gnocchi.39542c74-2851-40af-9701-ff15b32e27ae/none_v3" 201 - "PUT http://[::1]:8080/3/186265/AUTH_71f03d698f7645fb92ce29512b9f0297/gnocchi.39542c74-2851-40af-9701-ff15b32e27ae/none_v3" "tx8ccc9991ce7a4de698e3e-00692e3567" "object-server 94055" 0.0004 "-" 93753 0
Dec 01 19:40:07 np0005541722.novalocal container-server[93752]: ::1 - - [02/Dec/2025:00:40:07 +0000] "PUT /1/30743/AUTH_71f03d698f7645fb92ce29512b9f0297/gnocchi.39542c74-2851-40af-9701-ff15b32e27ae/none_v3" 201 - "PUT http://[::1]:8080/1/186265/AUTH_71f03d698f7645fb92ce29512b9f0297/gnocchi.39542c74-2851-40af-9701-ff15b32e27ae/none_v3" "tx8ccc9991ce7a4de698e3e-00692e3567" "object-server 94054" 0.0004 "-" 93752 0
Dec 01 19:40:07 np0005541722.novalocal object-server[94057]: ::1 - - [02/Dec/2025:00:40:07 +0000] "PUT /2/233745/AUTH_71f03d698f7645fb92ce29512b9f0297/gnocchi.4dcd6754-a4ab-46f9-9363-f5278812f9fe/none_v3" 201 - "PUT http://[::1]:8080/v1/AUTH_71f03d698f7645fb92ce29512b9f0297/gnocchi.4dcd6754-a4ab-46f9-9363-f5278812f9fe/none_v3" "tx84e767795e8f4c1dbf0e5-00692e3567" "proxy-server 86829" 0.0094 "-" 94057 0
Dec 01 19:40:07 np0005541722.novalocal object-server[94054]: ::1 - - [02/Dec/2025:00:40:07 +0000] "PUT /1/186265/AUTH_71f03d698f7645fb92ce29512b9f0297/gnocchi.39542c74-2851-40af-9701-ff15b32e27ae/none_v3" 201 - "PUT http://[::1]:8080/v1/AUTH_71f03d698f7645fb92ce29512b9f0297/gnocchi.39542c74-2851-40af-9701-ff15b32e27ae/none_v3" "tx8ccc9991ce7a4de698e3e-00692e3567" "proxy-server 86829" 0.0147 "-" 94054 0
Dec 01 19:40:07 np0005541722.novalocal container-server[93753]: ::1 - - [02/Dec/2025:00:40:07 +0000] "PUT /3/49832/AUTH_71f03d698f7645fb92ce29512b9f0297/gnocchi.4dcd6754-a4ab-46f9-9363-f5278812f9fe/none_v3" 201 - "PUT http://[::1]:8080/1/233745/AUTH_71f03d698f7645fb92ce29512b9f0297/gnocchi.4dcd6754-a4ab-46f9-9363-f5278812f9fe/none_v3" "tx84e767795e8f4c1dbf0e5-00692e3567" "object-server 94054" 0.0003 "-" 93753 0
Dec 01 19:40:07 np0005541722.novalocal container-server[93752]: ::1 - - [02/Dec/2025:00:40:07 +0000] "PUT /2/30743/AUTH_71f03d698f7645fb92ce29512b9f0297/gnocchi.39542c74-2851-40af-9701-ff15b32e27ae/none_v3" 201 - "PUT http://[::1]:8080/2/186265/AUTH_71f03d698f7645fb92ce29512b9f0297/gnocchi.39542c74-2851-40af-9701-ff15b32e27ae/none_v3" "tx8ccc9991ce7a4de698e3e-00692e3567" "object-server 94055" 0.0003 "-" 93752 0
Dec 01 19:40:07 np0005541722.novalocal object-server[94055]: ::1 - - [02/Dec/2025:00:40:07 +0000] "PUT /3/186265/AUTH_71f03d698f7645fb92ce29512b9f0297/gnocchi.39542c74-2851-40af-9701-ff15b32e27ae/none_v3" 201 - "PUT http://[::1]:8080/v1/AUTH_71f03d698f7645fb92ce29512b9f0297/gnocchi.39542c74-2851-40af-9701-ff15b32e27ae/none_v3" "tx8ccc9991ce7a4de698e3e-00692e3567" "proxy-server 86829" 0.0129 "-" 94055 0
Dec 01 19:40:07 np0005541722.novalocal object-server[94055]: ::1 - - [02/Dec/2025:00:40:07 +0000] "PUT /2/186265/AUTH_71f03d698f7645fb92ce29512b9f0297/gnocchi.39542c74-2851-40af-9701-ff15b32e27ae/none_v3" 201 - "PUT http://[::1]:8080/v1/AUTH_71f03d698f7645fb92ce29512b9f0297/gnocchi.39542c74-2851-40af-9701-ff15b32e27ae/none_v3" "tx8ccc9991ce7a4de698e3e-00692e3567" "proxy-server 86829" 0.0147 "-" 94055 0
