Dec 01 19:39:41 np0005541722.novalocal proxy-server[86829]: ::1 ::1 02/Dec/2025/00/39/41 PUT /v1/AUTH_71f03d698f7645fb92ce29512b9f0297/gnocchi.da290109-c1c9-474f-91de-d42a386d6364 HTTP/1.0 201 - python-swiftclient-4.2.0 gAAAAABpLjUvHoCr... - - - tx8987f95f24714ef3b1744-00692e354d - 0.0341 - - 1764635981.077888966 1764635981.111995220 0
Dec 01 19:39:41 np0005541722.novalocal container-server[93753]: ::1 - - [02/Dec/2025:00:39:41 +0000] "HEAD /3/159860/AUTH_71f03d698f7645fb92ce29512b9f0297/gnocchi.da290109-c1c9-474f-91de-d42a386d6364" 204 - "HEAD http://[::1]:8080/v1/AUTH_71f03d698f7645fb92ce29512b9f0297/gnocchi.da290109-c1c9-474f-91de-d42a386d6364?format=json&states=listing" "tx641b1663a514497d8eae6-00692e354d" "proxy-server 86829" 0.0015 "-" 93753 0
Dec 01 19:39:41 np0005541722.novalocal container-server[93750]: ::1 - - [02/Dec/2025:00:39:41 +0000] "HEAD /2/7124/AUTH_71f03d698f7645fb92ce29512b9f0297/gnocchi.9d975647-4288-4008-ac82-51d41b9f4d68" 404 - "HEAD http://[::1]:8080/v1/AUTH_71f03d698f7645fb92ce29512b9f0297/gnocchi.9d975647-4288-4008-ac82-51d41b9f4d68?format=json&states=listing" "tx0c4a7b5040574251be7a7-00692e354d" "proxy-server 86829" 0.0003 "-" 93750 0
Dec 01 19:39:41 np0005541722.novalocal container-server[93750]: ::1 - - [02/Dec/2025:00:39:41 +0000] "HEAD /3/7124/AUTH_71f03d698f7645fb92ce29512b9f0297/gnocchi.9d975647-4288-4008-ac82-51d41b9f4d68" 404 - "HEAD http://[::1]:8080/v1/AUTH_71f03d698f7645fb92ce29512b9f0297/gnocchi.9d975647-4288-4008-ac82-51d41b9f4d68?format=json&states=listing" "tx0c4a7b5040574251be7a7-00692e354d" "proxy-server 86829" 0.0002 "-" 93750 0
Dec 01 19:39:41 np0005541722.novalocal container-server[93750]: ::1 - - [02/Dec/2025:00:39:41 +0000] "GET /3/159860/AUTH_71f03d698f7645fb92ce29512b9f0297/gnocchi.da290109-c1c9-474f-91de-d42a386d6364" 200 2 "GET http://[::1]:8080/v1/AUTH_71f03d698f7645fb92ce29512b9f0297/gnocchi.da290109-c1c9-474f-91de-d42a386d6364?format=json&states=listing" "tx641b1663a514497d8eae6-00692e354d" "proxy-server 86829" 0.0015 "-" 93750 0
Dec 01 19:39:41 np0005541722.novalocal container-server[93751]: ::1 - - [02/Dec/2025:00:39:41 +0000] "HEAD /1/7124/AUTH_71f03d698f7645fb92ce29512b9f0297/gnocchi.9d975647-4288-4008-ac82-51d41b9f4d68" 404 - "HEAD http://[::1]:8080/v1/AUTH_71f03d698f7645fb92ce29512b9f0297/gnocchi.9d975647-4288-4008-ac82-51d41b9f4d68?format=json&states=listing" "tx0c4a7b5040574251be7a7-00692e354d" "proxy-server 86829" 0.0004 "-" 93751 0
Dec 01 19:39:41 np0005541722.novalocal proxy-server[86829]: ::1 ::1 02/Dec/2025/00/39/41 GET /v1/AUTH_71f03d698f7645fb92ce29512b9f0297/gnocchi.da290109-c1c9-474f-91de-d42a386d6364%3Fformat%3Djson%26states%3Dlisting HTTP/1.0 200 - python-swiftclient-4.2.0 gAAAAABpLjUvHoCr... - 2 - tx641b1663a514497d8eae6-00692e354d - 0.0201 - - 1764635981.115340471 1764635981.135401726 0
Dec 01 19:39:41 np0005541722.novalocal object-server[94054]: ::1 - - [02/Dec/2025:00:39:41 +0000] "GET /1/203975/AUTH_71f03d698f7645fb92ce29512b9f0297/gnocchi.9d975647-4288-4008-ac82-51d41b9f4d68/none_v3" 404 70 "GET http://[::1]:8080/v1/AUTH_71f03d698f7645fb92ce29512b9f0297/gnocchi.9d975647-4288-4008-ac82-51d41b9f4d68/none_v3" "tx0c4a7b5040574251be7a7-00692e354d" "proxy-server 86829" 0.0004 "-" 94054 0
Dec 01 19:39:41 np0005541722.novalocal object-server[94057]: ::1 - - [02/Dec/2025:00:39:41 +0000] "GET /3/203975/AUTH_71f03d698f7645fb92ce29512b9f0297/gnocchi.9d975647-4288-4008-ac82-51d41b9f4d68/none_v3" 404 70 "GET http://[::1]:8080/v1/AUTH_71f03d698f7645fb92ce29512b9f0297/gnocchi.9d975647-4288-4008-ac82-51d41b9f4d68/none_v3" "tx0c4a7b5040574251be7a7-00692e354d" "proxy-server 86829" 0.0004 "-" 94057 0
Dec 01 19:39:41 np0005541722.novalocal haproxy-metadata-proxy-67fa6611-1277-4c9f-88d2-386b71e7dddc[100111]: ::ffff:10.100.0.12:35772 [01/Dec/2025:19:39:41.052] listener listener/metadata 0/0/0/93/93 200 120 - - ---- 1/1/0/0/0 0/0 "GET /2009-04-04/meta-data/ami-launch-index HTTP/1.1"
Dec 01 19:39:41 np0005541722.novalocal object-server[94054]: ::1 - - [02/Dec/2025:00:39:41 +0000] "GET /2/203975/AUTH_71f03d698f7645fb92ce29512b9f0297/gnocchi.9d975647-4288-4008-ac82-51d41b9f4d68/none_v3" 404 70 "GET http://[::1]:8080/v1/AUTH_71f03d698f7645fb92ce29512b9f0297/gnocchi.9d975647-4288-4008-ac82-51d41b9f4d68/none_v3" "tx0c4a7b5040574251be7a7-00692e354d" "proxy-server 86829" 0.0002 "-" 94054 0
Dec 01 19:39:41 np0005541722.novalocal object-server[94054]: ::1 - - [02/Dec/2025:00:39:41 +0000] "GET /3/60646/AUTH_71f03d698f7645fb92ce29512b9f0297/gnocchi.da290109-c1c9-474f-91de-d42a386d6364/1763640000.0_mean_300.0_v3" 404 70 "GET http://[::1]:8080/v1/AUTH_71f03d698f7645fb92ce29512b9f0297/gnocchi.da290109-c1c9-474f-91de-d42a386d6364/1763640000.0_mean_300.0_v3" "txbe5b169c99764d5bb46be-00692e354d" "proxy-server 86829" 0.0002 "-" 94054 0
Dec 01 19:39:41 np0005541722.novalocal proxy-server[86829]: ::1 ::1 02/Dec/2025/00/39/41 GET /v1/AUTH_71f03d698f7645fb92ce29512b9f0297/gnocchi.9d975647-4288-4008-ac82-51d41b9f4d68/none_v3 HTTP/1.0 404 - python-swiftclient-4.2.0 gAAAAABpLjU42Jqt... - 70 - tx0c4a7b5040574251be7a7-00692e354d - 0.0334 - - 1764635981.119178534 1764635981.152554750 0
Dec 01 19:39:41 np0005541722.novalocal object-server[94054]: ::1 - - [02/Dec/2025:00:39:41 +0000] "GET /2/60646/AUTH_71f03d698f7645fb92ce29512b9f0297/gnocchi.da290109-c1c9-474f-91de-d42a386d6364/1763640000.0_mean_300.0_v3" 404 70 "GET http://[::1]:8080/v1/AUTH_71f03d698f7645fb92ce29512b9f0297/gnocchi.da290109-c1c9-474f-91de-d42a386d6364/1763640000.0_mean_300.0_v3" "txbe5b169c99764d5bb46be-00692e354d" "proxy-server 86829" 0.0002 "-" 94054 0
Dec 01 19:39:41 np0005541722.novalocal object-server[94055]: ::1 - - [02/Dec/2025:00:39:41 +0000] "GET /1/60646/AUTH_71f03d698f7645fb92ce29512b9f0297/gnocchi.da290109-c1c9-474f-91de-d42a386d6364/1763640000.0_mean_300.0_v3" 404 70 "GET http://[::1]:8080/v1/AUTH_71f03d698f7645fb92ce29512b9f0297/gnocchi.da290109-c1c9-474f-91de-d42a386d6364/1763640000.0_mean_300.0_v3" "txbe5b169c99764d5bb46be-00692e354d" "proxy-server 86829" 0.0003 "-" 94055 0
Dec 01 19:39:41 np0005541722.novalocal proxy-server[86829]: ::1 ::1 02/Dec/2025/00/39/41 GET /v1/AUTH_71f03d698f7645fb92ce29512b9f0297/gnocchi.da290109-c1c9-474f-91de-d42a386d6364/1763640000.0_mean_300.0_v3 HTTP/1.0 404 - python-swiftclient-4.2.0 gAAAAABpLjUvHoCr... - 70 - txbe5b169c99764d5bb46be-00692e354d - 0.0208 - - 1764635981.143737793 1764635981.164551020 0
Dec 01 19:39:41 np0005541722.novalocal account-server[93454]: ::1 - - [02/Dec/2025:00:39:41 +0000] "PUT /1/177703/AUTH_71f03d698f7645fb92ce29512b9f0297/gnocchi.9d975647-4288-4008-ac82-51d41b9f4d68" 201 - "PUT http://[::1]:6001/1/7124/AUTH_71f03d698f7645fb92ce29512b9f0297/gnocchi.9d975647-4288-4008-ac82-51d41b9f4d68" "tx48bd9b5c0aa146e180732-00692e354d" "container-server 93750" 0.0047 "-" 93454 0
Dec 01 19:39:41 np0005541722.novalocal container-server[93750]: ::1 - - [02/Dec/2025:00:39:41 +0000] "PUT /1/7124/AUTH_71f03d698f7645fb92ce29512b9f0297/gnocchi.9d975647-4288-4008-ac82-51d41b9f4d68" 201 - "PUT http://[::1]:8080/v1/AUTH_71f03d698f7645fb92ce29512b9f0297/gnocchi.9d975647-4288-4008-ac82-51d41b9f4d68" "tx48bd9b5c0aa146e180732-00692e354d" "proxy-server 86829" 0.0179 "-" 93750 0
Dec 01 19:39:41 np0005541722.novalocal account-server[93453]: ::1 - - [02/Dec/2025:00:39:41 +0000] "PUT /2/177703/AUTH_71f03d698f7645fb92ce29512b9f0297/gnocchi.9d975647-4288-4008-ac82-51d41b9f4d68" 201 - "PUT http://[::1]:6001/3/7124/AUTH_71f03d698f7645fb92ce29512b9f0297/gnocchi.9d975647-4288-4008-ac82-51d41b9f4d68" "tx48bd9b5c0aa146e180732-00692e354d" "container-server 93752" 0.0052 "-" 93453 0
Dec 01 19:39:41 np0005541722.novalocal container-server[93752]: ::1 - - [02/Dec/2025:00:39:41 +0000] "PUT /3/7124/AUTH_71f03d698f7645fb92ce29512b9f0297/gnocchi.9d975647-4288-4008-ac82-51d41b9f4d68" 201 - "PUT http://[::1]:8080/v1/AUTH_71f03d698f7645fb92ce29512b9f0297/gnocchi.9d975647-4288-4008-ac82-51d41b9f4d68" "tx48bd9b5c0aa146e180732-00692e354d" "proxy-server 86829" 0.0199 "-" 93752 0
Dec 01 19:39:41 np0005541722.novalocal container-server[93753]: ::1 - - [02/Dec/2025:00:39:41 +0000] "PUT /2/159860/AUTH_71f03d698f7645fb92ce29512b9f0297/gnocchi.da290109-c1c9-474f-91de-d42a386d6364/1763640000.0_mean_300.0_v3" 201 - "PUT http://[::1]:8080/3/60646/AUTH_71f03d698f7645fb92ce29512b9f0297/gnocchi.da290109-c1c9-474f-91de-d42a386d6364/1763640000.0_mean_300.0_v3" "tx2662a1eb0ca6408b99e1b-00692e354d" "object-server 94054" 0.0007 "-" 93753 0
Dec 01 19:39:41 np0005541722.novalocal object-server[94054]: ::1 - - [02/Dec/2025:00:39:41 +0000] "PUT /3/60646/AUTH_71f03d698f7645fb92ce29512b9f0297/gnocchi.da290109-c1c9-474f-91de-d42a386d6364/1763640000.0_mean_300.0_v3" 201 - "PUT http://[::1]:8080/v1/AUTH_71f03d698f7645fb92ce29512b9f0297/gnocchi.da290109-c1c9-474f-91de-d42a386d6364/1763640000.0_mean_300.0_v3" "tx2662a1eb0ca6408b99e1b-00692e354d" "proxy-server 86829" 0.0126 "-" 94054 0
Dec 01 19:39:41 np0005541722.novalocal account-server[93454]: ::1 - - [02/Dec/2025:00:39:41 +0000] "PUT /3/177703/AUTH_71f03d698f7645fb92ce29512b9f0297/gnocchi.9d975647-4288-4008-ac82-51d41b9f4d68" 201 - "PUT http://[::1]:6001/2/7124/AUTH_71f03d698f7645fb92ce29512b9f0297/gnocchi.9d975647-4288-4008-ac82-51d41b9f4d68" "tx48bd9b5c0aa146e180732-00692e354d" "container-server 93751" 0.0056 "-" 93454 0
Dec 01 19:39:41 np0005541722.novalocal container-server[93751]: ::1 - - [02/Dec/2025:00:39:41 +0000] "PUT /3/159860/AUTH_71f03d698f7645fb92ce29512b9f0297/gnocchi.da290109-c1c9-474f-91de-d42a386d6364/1763640000.0_mean_300.0_v3" 201 - "PUT http://[::1]:8080/1/60646/AUTH_71f03d698f7645fb92ce29512b9f0297/gnocchi.da290109-c1c9-474f-91de-d42a386d6364/1763640000.0_mean_300.0_v3" "tx2662a1eb0ca6408b99e1b-00692e354d" "object-server 94057" 0.0006 "-" 93751 0
Dec 01 19:39:41 np0005541722.novalocal container-server[93750]: ::1 - - [02/Dec/2025:00:39:41 +0000] "PUT /1/159860/AUTH_71f03d698f7645fb92ce29512b9f0297/gnocchi.da290109-c1c9-474f-91de-d42a386d6364/1763640000.0_mean_300.0_v3" 201 - "PUT http://[::1]:8080/2/60646/AUTH_71f03d698f7645fb92ce29512b9f0297/gnocchi.da290109-c1c9-474f-91de-d42a386d6364/1763640000.0_mean_300.0_v3" "tx2662a1eb0ca6408b99e1b-00692e354d" "object-server 94054" 0.0009 "-" 93750 0
Dec 01 19:39:41 np0005541722.novalocal object-server[94057]: ::1 - - [02/Dec/2025:00:39:41 +0000] "PUT /1/60646/AUTH_71f03d698f7645fb92ce29512b9f0297/gnocchi.da290109-c1c9-474f-91de-d42a386d6364/1763640000.0_mean_300.0_v3" 201 - "PUT http://[::1]:8080/v1/AUTH_71f03d698f7645fb92ce29512b9f0297/gnocchi.da290109-c1c9-474f-91de-d42a386d6364/1763640000.0_mean_300.0_v3" "tx2662a1eb0ca6408b99e1b-00692e354d" "proxy-server 86829" 0.0140 "-" 94057 0
Dec 01 19:39:41 np0005541722.novalocal container-server[93751]: ::1 - - [02/Dec/2025:00:39:41 +0000] "PUT /2/7124/AUTH_71f03d698f7645fb92ce29512b9f0297/gnocchi.9d975647-4288-4008-ac82-51d41b9f4d68" 201 - "PUT http://[::1]:8080/v1/AUTH_71f03d698f7645fb92ce29512b9f0297/gnocchi.9d975647-4288-4008-ac82-51d41b9f4d68" "tx48bd9b5c0aa146e180732-00692e354d" "proxy-server 86829" 0.0267 "-" 93751 0
Dec 01 19:39:41 np0005541722.novalocal proxy-server[86829]: ::1 ::1 02/Dec/2025/00/39/41 PUT /v1/AUTH_71f03d698f7645fb92ce29512b9f0297/gnocchi.9d975647-4288-4008-ac82-51d41b9f4d68 HTTP/1.0 201 - python-swiftclient-4.2.0 gAAAAABpLjU42Jqt... - - - tx48bd9b5c0aa146e180732-00692e354d - 0.0385 - - 1764635981.155841351 1764635981.194370508 0
Dec 01 19:39:41 np0005541722.novalocal object-server[94054]: ::1 - - [02/Dec/2025:00:39:41 +0000] "PUT /2/60646/AUTH_71f03d698f7645fb92ce29512b9f0297/gnocchi.da290109-c1c9-474f-91de-d42a386d6364/1763640000.0_mean_300.0_v3" 201 - "PUT http://[::1]:8080/v1/AUTH_71f03d698f7645fb92ce29512b9f0297/gnocchi.da290109-c1c9-474f-91de-d42a386d6364/1763640000.0_mean_300.0_v3" "tx2662a1eb0ca6408b99e1b-00692e354d" "proxy-server 86829" 0.0175 "-" 94054 0
Dec 01 19:39:41 np0005541722.novalocal proxy-server[86829]: ::1 ::1 02/Dec/2025/00/39/41 PUT /v1/AUTH_71f03d698f7645fb92ce29512b9f0297/gnocchi.da290109-c1c9-474f-91de-d42a386d6364/1763640000.0_mean_300.0_v3 HTTP/1.0 201 - python-swiftclient-4.2.0 gAAAAABpLjUvHoCr... 16 - - tx2662a1eb0ca6408b99e1b-00692e354d - 0.0255 - - 1764635981.170548201 1764635981.196063280 0
Dec 01 19:39:41 np0005541722.novalocal container-server[93750]: ::1 - - [02/Dec/2025:00:39:41 +0000] "HEAD /3/7124/AUTH_71f03d698f7645fb92ce29512b9f0297/gnocchi.9d975647-4288-4008-ac82-51d41b9f4d68" 204 - "HEAD http://[::1]:8080/v1/AUTH_71f03d698f7645fb92ce29512b9f0297/gnocchi.9d975647-4288-4008-ac82-51d41b9f4d68?format=json&states=listing" "tx852c4f5d4f4b49ce97e90-00692e354d" "proxy-server 86829" 0.0020 "-" 93750 0
Dec 01 19:39:41 np0005541722.novalocal container-server[93752]: ::1 - - [02/Dec/2025:00:39:41 +0000] "GET /3/7124/AUTH_71f03d698f7645fb92ce29512b9f0297/gnocchi.9d975647-4288-4008-ac82-51d41b9f4d68" 200 2 "GET http://[::1]:8080/v1/AUTH_71f03d698f7645fb92ce29512b9f0297/gnocchi.9d975647-4288-4008-ac82-51d41b9f4d68?format=json&states=listing" "tx852c4f5d4f4b49ce97e90-00692e354d" "proxy-server 86829" 0.0018 "-" 93752 0
Dec 01 19:39:41 np0005541722.novalocal proxy-server[86829]: ::1 ::1 02/Dec/2025/00/39/41 GET /v1/AUTH_71f03d698f7645fb92ce29512b9f0297/gnocchi.9d975647-4288-4008-ac82-51d41b9f4d68%3Fformat%3Djson%26states%3Dlisting HTTP/1.0 200 - python-swiftclient-4.2.0 gAAAAABpLjU42Jqt... - 2 - tx852c4f5d4f4b49ce97e90-00692e354d - 0.0185 - - 1764635981.198379040 1764635981.216876984 0
Dec 01 19:39:41 np0005541722.novalocal container-server[93752]: ::1 - - [02/Dec/2025:00:39:41 +0000] "PUT /2/159860/AUTH_71f03d698f7645fb92ce29512b9f0297/gnocchi.da290109-c1c9-474f-91de-d42a386d6364/none_v3" 201 - "PUT http://[::1]:8080/1/114972/AUTH_71f03d698f7645fb92ce29512b9f0297/gnocchi.da290109-c1c9-474f-91de-d42a386d6364/none_v3" "txe39bf7d4be3249f784baa-00692e354d" "object-server 94054" 0.0004 "-" 93752 0
Dec 01 19:39:41 np0005541722.novalocal container-server[93752]: ::1 - - [02/Dec/2025:00:39:41 +0000] "PUT /3/159860/AUTH_71f03d698f7645fb92ce29512b9f0297/gnocchi.da290109-c1c9-474f-91de-d42a386d6364/none_v3" 201 - "PUT http://[::1]:8080/2/114972/AUTH_71f03d698f7645fb92ce29512b9f0297/gnocchi.da290109-c1c9-474f-91de-d42a386d6364/none_v3" "txe39bf7d4be3249f784baa-00692e354d" "object-server 94056" 0.0003 "-" 93752 0
Dec 01 19:39:41 np0005541722.novalocal object-server[94056]: ::1 - - [02/Dec/2025:00:39:41 +0000] "PUT /2/114972/AUTH_71f03d698f7645fb92ce29512b9f0297/gnocchi.da290109-c1c9-474f-91de-d42a386d6364/none_v3" 201 - "PUT http://[::1]:8080/v1/AUTH_71f03d698f7645fb92ce29512b9f0297/gnocchi.da290109-c1c9-474f-91de-d42a386d6364/none_v3" "txe39bf7d4be3249f784baa-00692e354d" "proxy-server 86829" 0.0144 "-" 94056 0
Dec 01 19:39:41 np0005541722.novalocal object-server[94054]: ::1 - - [02/Dec/2025:00:39:41 +0000] "PUT /1/114972/AUTH_71f03d698f7645fb92ce29512b9f0297/gnocchi.da290109-c1c9-474f-91de-d42a386d6364/none_v3" 201 - "PUT http://[::1]:8080/v1/AUTH_71f03d698f7645fb92ce29512b9f0297/gnocchi.da290109-c1c9-474f-91de-d42a386d6364/none_v3" "txe39bf7d4be3249f784baa-00692e354d" "proxy-server 86829" 0.0146 "-" 94054 0
Dec 01 19:39:41 np0005541722.novalocal container-server[93750]: ::1 - - [02/Dec/2025:00:39:41 +0000] "PUT /1/159860/AUTH_71f03d698f7645fb92ce29512b9f0297/gnocchi.da290109-c1c9-474f-91de-d42a386d6364/none_v3" 201 - "PUT http://[::1]:8080/3/114972/AUTH_71f03d698f7645fb92ce29512b9f0297/gnocchi.da290109-c1c9-474f-91de-d42a386d6364/none_v3" "txe39bf7d4be3249f784baa-00692e354d" "object-server 94057" 0.0005 "-" 93750 0
Dec 01 19:39:41 np0005541722.novalocal object-server[94057]: ::1 - - [02/Dec/2025:00:39:41 +0000] "PUT /3/114972/AUTH_71f03d698f7645fb92ce29512b9f0297/gnocchi.da290109-c1c9-474f-91de-d42a386d6364/none_v3" 201 - "PUT http://[::1]:8080/v1/AUTH_71f03d698f7645fb92ce29512b9f0297/gnocchi.da290109-c1c9-474f-91de-d42a386d6364/none_v3" "txe39bf7d4be3249f784baa-00692e354d" "proxy-server 86829" 0.0160 "-" 94057 0
Dec 01 19:39:41 np0005541722.novalocal proxy-server[86829]: ::1 ::1 02/Dec/2025/00/39/41 PUT /v1/AUTH_71f03d698f7645fb92ce29512b9f0297/gnocchi.da290109-c1c9-474f-91de-d42a386d6364/none_v3 HTTP/1.0 201 - python-swiftclient-4.2.0 gAAAAABpLjUvHoCr... 22 - - txe39bf7d4be3249f784baa-00692e354d - 0.0231 - - 1764635981.202270746 1764635981.225388288 0
Dec 01 19:39:41 np0005541722.novalocal object-server[94055]: ::1 - - [02/Dec/2025:00:39:41 +0000] "GET /2/230082/AUTH_71f03d698f7645fb92ce29512b9f0297/gnocchi.9d975647-4288-4008-ac82-51d41b9f4d68/1763640000.0_mean_300.0_v3" 404 70 "GET http://[::1]:8080/v1/AUTH_71f03d698f7645fb92ce29512b9f0297/gnocchi.9d975647-4288-4008-ac82-51d41b9f4d68/1763640000.0_mean_300.0_v3" "tx38a7af95af2d40c59681f-00692e354d" "proxy-server 86829" 0.0003 "-" 94055 0
Dec 01 19:39:41 np0005541722.novalocal object-server[94057]: ::1 - - [02/Dec/2025:00:39:41 +0000] "GET /3/230082/AUTH_71f03d698f7645fb92ce29512b9f0297/gnocchi.9d975647-4288-4008-ac82-51d41b9f4d68/1763640000.0_mean_300.0_v3" 404 70 "GET http://[::1]:8080/v1/AUTH_71f03d698f7645fb92ce29512b9f0297/gnocchi.9d975647-4288-4008-ac82-51d41b9f4d68/1763640000.0_mean_300.0_v3" "tx38a7af95af2d40c59681f-00692e354d" "proxy-server 86829" 0.0004 "-" 94057 0
Dec 01 19:39:41 np0005541722.novalocal object-server[94055]: ::1 - - [02/Dec/2025:00:39:41 +0000] "GET /1/230082/AUTH_71f03d698f7645fb92ce29512b9f0297/gnocchi.9d975647-4288-4008-ac82-51d41b9f4d68/1763640000.0_mean_300.0_v3" 404 70 "GET http://[::1]:8080/v1/AUTH_71f03d698f7645fb92ce29512b9f0297/gnocchi.9d975647-4288-4008-ac82-51d41b9f4d68/1763640000.0_mean_300.0_v3" "tx38a7af95af2d40c59681f-00692e354d" "proxy-server 86829" 0.0002 "-" 94055 0
Dec 01 19:39:41 np0005541722.novalocal proxy-server[86829]: ::1 ::1 02/Dec/2025/00/39/41 GET /v1/AUTH_71f03d698f7645fb92ce29512b9f0297/gnocchi.9d975647-4288-4008-ac82-51d41b9f4d68/1763640000.0_mean_300.0_v3 HTTP/1.0 404 - python-swiftclient-4.2.0 gAAAAABpLjU42Jqt... - 70 - tx38a7af95af2d40c59681f-00692e354d - 0.0101 - - 1764635981.226505756 1764635981.236598730 0
Dec 01 19:39:41 np0005541722.novalocal container-server[93753]: ::1 - - [02/Dec/2025:00:39:41 +0000] "HEAD /2/185851/AUTH_71f03d698f7645fb92ce29512b9f0297/gnocchi.dec9f772-4156-4eb8-b7c8-1aa0deeb4af2" 404 - "HEAD http://[::1]:8080/v1/AUTH_71f03d698f7645fb92ce29512b9f0297/gnocchi.dec9f772-4156-4eb8-b7c8-1aa0deeb4af2?format=json&states=listing" "tx4e794d7d07664aed92e2d-00692e354d" "proxy-server 86829" 0.0003 "-" 93753 0
Dec 01 19:39:41 np0005541722.novalocal container-server[93752]: ::1 - - [02/Dec/2025:00:39:41 +0000] "HEAD /1/185851/AUTH_71f03d698f7645fb92ce29512b9f0297/gnocchi.dec9f772-4156-4eb8-b7c8-1aa0deeb4af2" 404 - "HEAD http://[::1]:8080/v1/AUTH_71f03d698f7645fb92ce29512b9f0297/gnocchi.dec9f772-4156-4eb8-b7c8-1aa0deeb4af2?format=json&states=listing" "tx4e794d7d07664aed92e2d-00692e354d" "proxy-server 86829" 0.0010 "-" 93752 0
Dec 01 19:39:41 np0005541722.novalocal container-server[93752]: ::1 - - [02/Dec/2025:00:39:41 +0000] "HEAD /3/185851/AUTH_71f03d698f7645fb92ce29512b9f0297/gnocchi.dec9f772-4156-4eb8-b7c8-1aa0deeb4af2" 404 - "HEAD http://[::1]:8080/v1/AUTH_71f03d698f7645fb92ce29512b9f0297/gnocchi.dec9f772-4156-4eb8-b7c8-1aa0deeb4af2?format=json&states=listing" "tx4e794d7d07664aed92e2d-00692e354d" "proxy-server 86829" 0.0002 "-" 93752 0
Dec 01 19:39:41 np0005541722.novalocal container-server[93751]: ::1 - - [02/Dec/2025:00:39:41 +0000] "PUT /3/7124/AUTH_71f03d698f7645fb92ce29512b9f0297/gnocchi.9d975647-4288-4008-ac82-51d41b9f4d68/1763640000.0_mean_300.0_v3" 201 - "PUT http://[::1]:8080/2/230082/AUTH_71f03d698f7645fb92ce29512b9f0297/gnocchi.9d975647-4288-4008-ac82-51d41b9f4d68/1763640000.0_mean_300.0_v3" "txd75240bb559e455e83bae-00692e354d" "object-server 94054" 0.0005 "-" 93751 0
Dec 01 19:39:41 np0005541722.novalocal object-server[94054]: ::1 - - [02/Dec/2025:00:39:41 +0000] "PUT /2/230082/AUTH_71f03d698f7645fb92ce29512b9f0297/gnocchi.9d975647-4288-4008-ac82-51d41b9f4d68/1763640000.0_mean_300.0_v3" 201 - "PUT http://[::1]:8080/v1/AUTH_71f03d698f7645fb92ce29512b9f0297/gnocchi.9d975647-4288-4008-ac82-51d41b9f4d68/1763640000.0_mean_300.0_v3" "txd75240bb559e455e83bae-00692e354d" "proxy-server 86829" 0.0078 "-" 94054 0
Dec 01 19:39:41 np0005541722.novalocal container-server[93751]: ::1 - - [02/Dec/2025:00:39:41 +0000] "PUT /2/7124/AUTH_71f03d698f7645fb92ce29512b9f0297/gnocchi.9d975647-4288-4008-ac82-51d41b9f4d68/1763640000.0_mean_300.0_v3" 201 - "PUT http://[::1]:8080/3/230082/AUTH_71f03d698f7645fb92ce29512b9f0297/gnocchi.9d975647-4288-4008-ac82-51d41b9f4d68/1763640000.0_mean_300.0_v3" "txd75240bb559e455e83bae-00692e354d" "object-server 94057" 0.0003 "-" 93751 0
Dec 01 19:39:41 np0005541722.novalocal object-server[94057]: ::1 - - [02/Dec/2025:00:39:41 +0000] "PUT /3/230082/AUTH_71f03d698f7645fb92ce29512b9f0297/gnocchi.9d975647-4288-4008-ac82-51d41b9f4d68/1763640000.0_mean_300.0_v3" 201 - "PUT http://[::1]:8080/v1/AUTH_71f03d698f7645fb92ce29512b9f0297/gnocchi.9d975647-4288-4008-ac82-51d41b9f4d68/1763640000.0_mean_300.0_v3" "txd75240bb559e455e83bae-00692e354d" "proxy-server 86829" 0.0089 "-" 94057 0
Dec 01 19:39:41 np0005541722.novalocal container-server[93753]: ::1 - - [02/Dec/2025:00:39:41 +0000] "PUT /1/7124/AUTH_71f03d698f7645fb92ce29512b9f0297/gnocchi.9d975647-4288-4008-ac82-51d41b9f4d68/1763640000.0_mean_300.0_v3" 201 - "PUT http://[::1]:8080/1/230082/AUTH_71f03d698f7645fb92ce29512b9f0297/gnocchi.9d975647-4288-4008-ac82-51d41b9f4d68/1763640000.0_mean_300.0_v3" "txd75240bb559e455e83bae-00692e354d" "object-server 94056" 0.0004 "-" 93753 0
Dec 01 19:39:41 np0005541722.novalocal object-server[94056]: ::1 - - [02/Dec/2025:00:39:41 +0000] "PUT /1/230082/AUTH_71f03d698f7645fb92ce29512b9f0297/gnocchi.9d975647-4288-4008-ac82-51d41b9f4d68/1763640000.0_mean_300.0_v3" 201 - "PUT http://[::1]:8080/v1/AUTH_71f03d698f7645fb92ce29512b9f0297/gnocchi.9d975647-4288-4008-ac82-51d41b9f4d68/1763640000.0_mean_300.0_v3" "txd75240bb559e455e83bae-00692e354d" "proxy-server 86829" 0.0114 "-" 94056 0
Dec 01 19:39:41 np0005541722.novalocal object-server[94055]: ::1 - - [02/Dec/2025:00:39:41 +0000] "GET /3/149163/AUTH_71f03d698f7645fb92ce29512b9f0297/gnocchi.dec9f772-4156-4eb8-b7c8-1aa0deeb4af2/none_v3" 404 70 "GET http://[::1]:8080/v1/AUTH_71f03d698f7645fb92ce29512b9f0297/gnocchi.dec9f772-4156-4eb8-b7c8-1aa0deeb4af2/none_v3" "tx4e794d7d07664aed92e2d-00692e354d" "proxy-server 86829" 0.0003 "-" 94055 0
Dec 01 19:39:41 np0005541722.novalocal proxy-server[86829]: ::1 ::1 02/Dec/2025/00/39/41 PUT /v1/AUTH_71f03d698f7645fb92ce29512b9f0297/gnocchi.9d975647-4288-4008-ac82-51d41b9f4d68/1763640000.0_mean_300.0_v3 HTTP/1.0 201 - python-swiftclient-4.2.0 gAAAAABpLjU42Jqt... 16 - - txd75240bb559e455e83bae-00692e354d - 0.0185 - - 1764635981.240149498 1764635981.258647919 0
Dec 01 19:39:41 np0005541722.novalocal object-server[94056]: ::1 - - [02/Dec/2025:00:39:41 +0000] "GET /2/149163/AUTH_71f03d698f7645fb92ce29512b9f0297/gnocchi.dec9f772-4156-4eb8-b7c8-1aa0deeb4af2/none_v3" 404 70 "GET http://[::1]:8080/v1/AUTH_71f03d698f7645fb92ce29512b9f0297/gnocchi.dec9f772-4156-4eb8-b7c8-1aa0deeb4af2/none_v3" "tx4e794d7d07664aed92e2d-00692e354d" "proxy-server 86829" 0.0003 "-" 94056 0
Dec 01 19:39:41 np0005541722.novalocal object-server[94056]: ::1 - - [02/Dec/2025:00:39:41 +0000] "GET /1/149163/AUTH_71f03d698f7645fb92ce29512b9f0297/gnocchi.dec9f772-4156-4eb8-b7c8-1aa0deeb4af2/none_v3" 404 70 "GET http://[::1]:8080/v1/AUTH_71f03d698f7645fb92ce29512b9f0297/gnocchi.dec9f772-4156-4eb8-b7c8-1aa0deeb4af2/none_v3" "tx4e794d7d07664aed92e2d-00692e354d" "proxy-server 86829" 0.0002 "-" 94056 0
Dec 01 19:39:41 np0005541722.novalocal proxy-server[86829]: ::1 ::1 02/Dec/2025/00/39/41 GET /v1/AUTH_71f03d698f7645fb92ce29512b9f0297/gnocchi.dec9f772-4156-4eb8-b7c8-1aa0deeb4af2/none_v3 HTTP/1.0 404 - python-swiftclient-4.2.0 gAAAAABpLjUvHoCr... - 70 - tx4e794d7d07664aed92e2d-00692e354d - 0.0325 - - 1764635981.237522364 1764635981.270040274 0
Dec 01 19:39:41 np0005541722.novalocal container-server[93752]: ::1 - - [02/Dec/2025:00:39:41 +0000] "PUT /3/7124/AUTH_71f03d698f7645fb92ce29512b9f0297/gnocchi.9d975647-4288-4008-ac82-51d41b9f4d68/none_v3" 201 - "PUT http://[::1]:8080/3/203975/AUTH_71f03d698f7645fb92ce29512b9f0297/gnocchi.9d975647-4288-4008-ac82-51d41b9f4d68/none_v3" "tx95271c426a28464a99336-00692e354d" "object-server 94054" 0.0007 "-" 93752 0
Dec 01 19:39:41 np0005541722.novalocal object-server[94054]: ::1 - - [02/Dec/2025:00:39:41 +0000] "PUT /3/203975/AUTH_71f03d698f7645fb92ce29512b9f0297/gnocchi.9d975647-4288-4008-ac82-51d41b9f4d68/none_v3" 201 - "PUT http://[::1]:8080/v1/AUTH_71f03d698f7645fb92ce29512b9f0297/gnocchi.9d975647-4288-4008-ac82-51d41b9f4d68/none_v3" "tx95271c426a28464a99336-00692e354d" "proxy-server 86829" 0.0172 "-" 94054 0
Dec 01 19:39:41 np0005541722.novalocal container-server[93751]: ::1 - - [02/Dec/2025:00:39:41 +0000] "PUT /2/7124/AUTH_71f03d698f7645fb92ce29512b9f0297/gnocchi.9d975647-4288-4008-ac82-51d41b9f4d68/none_v3" 201 - "PUT http://[::1]:8080/2/203975/AUTH_71f03d698f7645fb92ce29512b9f0297/gnocchi.9d975647-4288-4008-ac82-51d41b9f4d68/none_v3" "tx95271c426a28464a99336-00692e354d" "object-server 94056" 0.0007 "-" 93751 0
Dec 01 19:39:41 np0005541722.novalocal object-server[94056]: ::1 - - [02/Dec/2025:00:39:41 +0000] "PUT /2/203975/AUTH_71f03d698f7645fb92ce29512b9f0297/gnocchi.9d975647-4288-4008-ac82-51d41b9f4d68/none_v3" 201 - "PUT http://[::1]:8080/v1/AUTH_71f03d698f7645fb92ce29512b9f0297/gnocchi.9d975647-4288-4008-ac82-51d41b9f4d68/none_v3" "tx95271c426a28464a99336-00692e354d" "proxy-server 86829" 0.0188 "-" 94056 0
Dec 01 19:39:41 np0005541722.novalocal container-server[93752]: ::1 - - [02/Dec/2025:00:39:41 +0000] "PUT /1/7124/AUTH_71f03d698f7645fb92ce29512b9f0297/gnocchi.9d975647-4288-4008-ac82-51d41b9f4d68/none_v3" 201 - "PUT http://[::1]:8080/1/203975/AUTH_71f03d698f7645fb92ce29512b9f0297/gnocchi.9d975647-4288-4008-ac82-51d41b9f4d68/none_v3" "tx95271c426a28464a99336-00692e354d" "object-server 94055" 0.0004 "-" 93752 0
Dec 01 19:39:41 np0005541722.novalocal object-server[94055]: ::1 - - [02/Dec/2025:00:39:41 +0000] "PUT /1/203975/AUTH_71f03d698f7645fb92ce29512b9f0297/gnocchi.9d975647-4288-4008-ac82-51d41b9f4d68/none_v3" 201 - "PUT http://[::1]:8080/v1/AUTH_71f03d698f7645fb92ce29512b9f0297/gnocchi.9d975647-4288-4008-ac82-51d41b9f4d68/none_v3" "tx95271c426a28464a99336-00692e354d" "proxy-server 86829" 0.0201 "-" 94055 0
Dec 01 19:39:41 np0005541722.novalocal proxy-server[86829]: ::1 ::1 02/Dec/2025/00/39/41 PUT /v1/AUTH_71f03d698f7645fb92ce29512b9f0297/gnocchi.9d975647-4288-4008-ac82-51d41b9f4d68/none_v3 HTTP/1.0 201 - python-swiftclient-4.2.0 gAAAAABpLjU42Jqt... 22 - - tx95271c426a28464a99336-00692e354d - 0.0289 - - 1764635981.261015654 1764635981.289928198 0
Dec 01 19:39:41 np0005541722.novalocal account-server[93455]: ::1 - - [02/Dec/2025:00:39:41 +0000] "PUT /3/177703/AUTH_71f03d698f7645fb92ce29512b9f0297/gnocchi.dec9f772-4156-4eb8-b7c8-1aa0deeb4af2" 201 - "PUT http://[::1]:6001/3/185851/AUTH_71f03d698f7645fb92ce29512b9f0297/gnocchi.dec9f772-4156-4eb8-b7c8-1aa0deeb4af2" "tx7454674cb0c04941a4645-00692e354d" "container-server 93750" 0.0062 "-" 93455 0
Dec 01 19:39:41 np0005541722.novalocal container-server[93750]: ::1 - - [02/Dec/2025:00:39:41 +0000] "PUT /3/185851/AUTH_71f03d698f7645fb92ce29512b9f0297/gnocchi.dec9f772-4156-4eb8-b7c8-1aa0deeb4af2" 201 - "PUT http://[::1]:8080/v1/AUTH_71f03d698f7645fb92ce29512b9f0297/gnocchi.dec9f772-4156-4eb8-b7c8-1aa0deeb4af2" "tx7454674cb0c04941a4645-00692e354d" "proxy-server 86829" 0.0157 "-" 93750 0
Dec 01 19:39:41 np0005541722.novalocal account-server[93453]: ::1 - - [02/Dec/2025:00:39:41 +0000] "PUT /2/177703/AUTH_71f03d698f7645fb92ce29512b9f0297/gnocchi.dec9f772-4156-4eb8-b7c8-1aa0deeb4af2" 201 - "PUT http://[::1]:6001/2/185851/AUTH_71f03d698f7645fb92ce29512b9f0297/gnocchi.dec9f772-4156-4eb8-b7c8-1aa0deeb4af2" "tx7454674cb0c04941a4645-00692e354d" "container-server 93753" 0.0057 "-" 93453 0
Dec 01 19:39:41 np0005541722.novalocal container-server[93753]: ::1 - - [02/Dec/2025:00:39:41 +0000] "PUT /2/185851/AUTH_71f03d698f7645fb92ce29512b9f0297/gnocchi.dec9f772-4156-4eb8-b7c8-1aa0deeb4af2" 201 - "PUT http://[::1]:8080/v1/AUTH_71f03d698f7645fb92ce29512b9f0297/gnocchi.dec9f772-4156-4eb8-b7c8-1aa0deeb4af2" "tx7454674cb0c04941a4645-00692e354d" "proxy-server 86829" 0.0175 "-" 93753 0
Dec 01 19:39:41 np0005541722.novalocal account-server[93454]: ::1 - - [02/Dec/2025:00:39:41 +0000] "PUT /1/177703/AUTH_71f03d698f7645fb92ce29512b9f0297/gnocchi.dec9f772-4156-4eb8-b7c8-1aa0deeb4af2" 201 - "PUT http://[::1]:6001/1/185851/AUTH_71f03d698f7645fb92ce29512b9f0297/gnocchi.dec9f772-4156-4eb8-b7c8-1aa0deeb4af2" "tx7454674cb0c04941a4645-00692e354d" "container-server 93751" 0.0044 "-" 93454 0
Dec 01 19:39:41 np0005541722.novalocal container-server[93751]: ::1 - - [02/Dec/2025:00:39:41 +0000] "PUT /1/185851/AUTH_71f03d698f7645fb92ce29512b9f0297/gnocchi.dec9f772-4156-4eb8-b7c8-1aa0deeb4af2" 201 - "PUT http://[::1]:8080/v1/AUTH_71f03d698f7645fb92ce29512b9f0297/gnocchi.dec9f772-4156-4eb8-b7c8-1aa0deeb4af2" "tx7454674cb0c04941a4645-00692e354d" "proxy-server 86829" 0.0171 "-" 93751 0
Dec 01 19:39:41 np0005541722.novalocal proxy-server[86829]: ::1 ::1 02/Dec/2025/00/39/41 PUT /v1/AUTH_71f03d698f7645fb92ce29512b9f0297/gnocchi.dec9f772-4156-4eb8-b7c8-1aa0deeb4af2 HTTP/1.0 201 - python-swiftclient-4.2.0 gAAAAABpLjUvHoCr... - - - tx7454674cb0c04941a4645-00692e354d - 0.0308 - - 1764635981.274772167 1764635981.305550814 0
Dec 01 19:39:41 np0005541722.novalocal container-server[93752]: ::1 - - [02/Dec/2025:00:39:41 +0000] "HEAD /2/106180/AUTH_71f03d698f7645fb92ce29512b9f0297/gnocchi.212a6474-64d2-4fc9-b42a-d162fb83aa4c" 404 - "HEAD http://[::1]:8080/v1/AUTH_71f03d698f7645fb92ce29512b9f0297/gnocchi.212a6474-64d2-4fc9-b42a-d162fb83aa4c?format=json&states=listing" "txfba2b9e2d60e4191aff3f-00692e354d" "proxy-server 86829" 0.0003 "-" 93752 0
Dec 01 19:39:41 np0005541722.novalocal container-server[93752]: ::1 - - [02/Dec/2025:00:39:41 +0000] "HEAD /3/106180/AUTH_71f03d698f7645fb92ce29512b9f0297/gnocchi.212a6474-64d2-4fc9-b42a-d162fb83aa4c" 404 - "HEAD http://[::1]:8080/v1/AUTH_71f03d698f7645fb92ce29512b9f0297/gnocchi.212a6474-64d2-4fc9-b42a-d162fb83aa4c?format=json&states=listing" "txfba2b9e2d60e4191aff3f-00692e354d" "proxy-server 86829" 0.0002 "-" 93752 0
Dec 01 19:39:41 np0005541722.novalocal container-server[93753]: ::1 - - [02/Dec/2025:00:39:41 +0000] "HEAD /2/185851/AUTH_71f03d698f7645fb92ce29512b9f0297/gnocchi.dec9f772-4156-4eb8-b7c8-1aa0deeb4af2" 204 - "HEAD http://[::1]:8080/v1/AUTH_71f03d698f7645fb92ce29512b9f0297/gnocchi.dec9f772-4156-4eb8-b7c8-1aa0deeb4af2?format=json&states=listing" "tx1f6587c32c8742f0ad6fa-00692e354d" "proxy-server 86829" 0.0012 "-" 93753 0
Dec 01 19:39:41 np0005541722.novalocal container-server[93752]: ::1 - - [02/Dec/2025:00:39:41 +0000] "HEAD /1/106180/AUTH_71f03d698f7645fb92ce29512b9f0297/gnocchi.212a6474-64d2-4fc9-b42a-d162fb83aa4c" 404 - "HEAD http://[::1]:8080/v1/AUTH_71f03d698f7645fb92ce29512b9f0297/gnocchi.212a6474-64d2-4fc9-b42a-d162fb83aa4c?format=json&states=listing" "txfba2b9e2d60e4191aff3f-00692e354d" "proxy-server 86829" 0.0004 "-" 93752 0
Dec 01 19:39:41 np0005541722.novalocal container-server[93752]: ::1 - - [02/Dec/2025:00:39:41 +0000] "GET /2/185851/AUTH_71f03d698f7645fb92ce29512b9f0297/gnocchi.dec9f772-4156-4eb8-b7c8-1aa0deeb4af2" 200 2 "GET http://[::1]:8080/v1/AUTH_71f03d698f7645fb92ce29512b9f0297/gnocchi.dec9f772-4156-4eb8-b7c8-1aa0deeb4af2?format=json&states=listing" "tx1f6587c32c8742f0ad6fa-00692e354d" "proxy-server 86829" 0.0020 "-" 93752 0
Dec 01 19:39:41 np0005541722.novalocal object-server[94055]: ::1 - - [02/Dec/2025:00:39:41 +0000] "GET /1/151408/AUTH_71f03d698f7645fb92ce29512b9f0297/gnocchi.212a6474-64d2-4fc9-b42a-d162fb83aa4c/none_v3" 404 70 "GET http://[::1]:8080/v1/AUTH_71f03d698f7645fb92ce29512b9f0297/gnocchi.212a6474-64d2-4fc9-b42a-d162fb83aa4c/none_v3" "txfba2b9e2d60e4191aff3f-00692e354d" "proxy-server 86829" 0.0003 "-" 94055 0
Dec 01 19:39:41 np0005541722.novalocal proxy-server[86829]: ::1 ::1 02/Dec/2025/00/39/41 GET /v1/AUTH_71f03d698f7645fb92ce29512b9f0297/gnocchi.dec9f772-4156-4eb8-b7c8-1aa0deeb4af2%3Fformat%3Djson%26states%3Dlisting HTTP/1.0 200 - python-swiftclient-4.2.0 gAAAAABpLjUvHoCr... - 2 - tx1f6587c32c8742f0ad6fa-00692e354d - 0.0193 - - 1764635981.311217070 1764635981.330532551 0
Dec 01 19:39:41 np0005541722.novalocal object-server[94057]: ::1 - - [02/Dec/2025:00:39:41 +0000] "GET /2/151408/AUTH_71f03d698f7645fb92ce29512b9f0297/gnocchi.212a6474-64d2-4fc9-b42a-d162fb83aa4c/none_v3" 404 70 "GET http://[::1]:8080/v1/AUTH_71f03d698f7645fb92ce29512b9f0297/gnocchi.212a6474-64d2-4fc9-b42a-d162fb83aa4c/none_v3" "txfba2b9e2d60e4191aff3f-00692e354d" "proxy-server 86829" 0.0003 "-" 94057 0
Dec 01 19:39:41 np0005541722.novalocal object-server[94057]: ::1 - - [02/Dec/2025:00:39:41 +0000] "GET /3/151408/AUTH_71f03d698f7645fb92ce29512b9f0297/gnocchi.212a6474-64d2-4fc9-b42a-d162fb83aa4c/none_v3" 404 70 "GET http://[::1]:8080/v1/AUTH_71f03d698f7645fb92ce29512b9f0297/gnocchi.212a6474-64d2-4fc9-b42a-d162fb83aa4c/none_v3" "txfba2b9e2d60e4191aff3f-00692e354d" "proxy-server 86829" 0.0002 "-" 94057 0
Dec 01 19:39:41 np0005541722.novalocal proxy-server[86829]: ::1 ::1 02/Dec/2025/00/39/41 GET /v1/AUTH_71f03d698f7645fb92ce29512b9f0297/gnocchi.212a6474-64d2-4fc9-b42a-d162fb83aa4c/none_v3 HTTP/1.0 404 - python-swiftclient-4.2.0 gAAAAABpLjU42Jqt... - 70 - txfba2b9e2d60e4191aff3f-00692e354d - 0.0349 - - 1764635981.308679581 1764635981.343548775 0
Dec 01 19:39:41 np0005541722.novalocal object-server[94055]: ::1 - - [02/Dec/2025:00:39:41 +0000] "GET /2/93363/AUTH_71f03d698f7645fb92ce29512b9f0297/gnocchi.dec9f772-4156-4eb8-b7c8-1aa0deeb4af2/1763640000.0_mean_300.0_v3" 404 70 "GET http://[::1]:8080/v1/AUTH_71f03d698f7645fb92ce29512b9f0297/gnocchi.dec9f772-4156-4eb8-b7c8-1aa0deeb4af2/1763640000.0_mean_300.0_v3" "txea5f9c88a72f4a399b6b5-00692e354d" "proxy-server 86829" 0.0003 "-" 94055 0
Dec 01 19:39:41 np0005541722.novalocal object-server[94057]: ::1 - - [02/Dec/2025:00:39:41 +0000] "GET /3/93363/AUTH_71f03d698f7645fb92ce29512b9f0297/gnocchi.dec9f772-4156-4eb8-b7c8-1aa0deeb4af2/1763640000.0_mean_300.0_v3" 404 70 "GET http://[::1]:8080/v1/AUTH_71f03d698f7645fb92ce29512b9f0297/gnocchi.dec9f772-4156-4eb8-b7c8-1aa0deeb4af2/1763640000.0_mean_300.0_v3" "txea5f9c88a72f4a399b6b5-00692e354d" "proxy-server 86829" 0.0002 "-" 94057 0
Dec 01 19:39:41 np0005541722.novalocal object-server[94055]: ::1 - - [02/Dec/2025:00:39:41 +0000] "GET /1/93363/AUTH_71f03d698f7645fb92ce29512b9f0297/gnocchi.dec9f772-4156-4eb8-b7c8-1aa0deeb4af2/1763640000.0_mean_300.0_v3" 404 70 "GET http://[::1]:8080/v1/AUTH_71f03d698f7645fb92ce29512b9f0297/gnocchi.dec9f772-4156-4eb8-b7c8-1aa0deeb4af2/1763640000.0_mean_300.0_v3" "txea5f9c88a72f4a399b6b5-00692e354d" "proxy-server 86829" 0.0003 "-" 94055 0
Dec 01 19:39:41 np0005541722.novalocal proxy-server[86829]: ::1 ::1 02/Dec/2025/00/39/41 GET /v1/AUTH_71f03d698f7645fb92ce29512b9f0297/gnocchi.dec9f772-4156-4eb8-b7c8-1aa0deeb4af2/1763640000.0_mean_300.0_v3 HTTP/1.0 404 - python-swiftclient-4.2.0 gAAAAABpLjUvHoCr... - 70 - txea5f9c88a72f4a399b6b5-00692e354d - 0.0251 - - 1764635981.334229708 1764635981.359302282 0
Dec 01 19:39:41 np0005541722.novalocal account-server[93455]: ::1 - - [02/Dec/2025:00:39:41 +0000] "PUT /3/177703/AUTH_71f03d698f7645fb92ce29512b9f0297/gnocchi.212a6474-64d2-4fc9-b42a-d162fb83aa4c" 201 - "PUT http://[::1]:6001/1/106180/AUTH_71f03d698f7645fb92ce29512b9f0297/gnocchi.212a6474-64d2-4fc9-b42a-d162fb83aa4c" "txe88e339b90b44b8e8e393-00692e354d" "container-server 93752" 0.0057 "-" 93455 0
Dec 01 19:39:41 np0005541722.novalocal container-server[93752]: ::1 - - [02/Dec/2025:00:39:41 +0000] "PUT /1/106180/AUTH_71f03d698f7645fb92ce29512b9f0297/gnocchi.212a6474-64d2-4fc9-b42a-d162fb83aa4c" 201 - "PUT http://[::1]:8080/v1/AUTH_71f03d698f7645fb92ce29512b9f0297/gnocchi.212a6474-64d2-4fc9-b42a-d162fb83aa4c" "txe88e339b90b44b8e8e393-00692e354d" "proxy-server 86829" 0.0211 "-" 93752 0
Dec 01 19:39:41 np0005541722.novalocal account-server[93454]: ::1 - - [02/Dec/2025:00:39:41 +0000] "PUT /2/177703/AUTH_71f03d698f7645fb92ce29512b9f0297/gnocchi.212a6474-64d2-4fc9-b42a-d162fb83aa4c" 201 - "PUT http://[::1]:6001/3/106180/AUTH_71f03d698f7645fb92ce29512b9f0297/gnocchi.212a6474-64d2-4fc9-b42a-d162fb83aa4c" "txe88e339b90b44b8e8e393-00692e354d" "container-server 93751" 0.0107 "-" 93454 0
Dec 01 19:39:41 np0005541722.novalocal container-server[93751]: ::1 - - [02/Dec/2025:00:39:41 +0000] "PUT /3/106180/AUTH_71f03d698f7645fb92ce29512b9f0297/gnocchi.212a6474-64d2-4fc9-b42a-d162fb83aa4c" 201 - "PUT http://[::1]:8080/v1/AUTH_71f03d698f7645fb92ce29512b9f0297/gnocchi.212a6474-64d2-4fc9-b42a-d162fb83aa4c" "txe88e339b90b44b8e8e393-00692e354d" "proxy-server 86829" 0.0266 "-" 93751 0
Dec 01 19:39:41 np0005541722.novalocal container-server[93752]: ::1 - - [02/Dec/2025:00:39:41 +0000] "PUT /1/185851/AUTH_71f03d698f7645fb92ce29512b9f0297/gnocchi.dec9f772-4156-4eb8-b7c8-1aa0deeb4af2/1763640000.0_mean_300.0_v3" 201 - "PUT http://[::1]:8080/3/93363/AUTH_71f03d698f7645fb92ce29512b9f0297/gnocchi.dec9f772-4156-4eb8-b7c8-1aa0deeb4af2/1763640000.0_mean_300.0_v3" "txe741f07bcff6452e94c2b-00692e354d" "object-server 94054" 0.0007 "-" 93752 0
Dec 01 19:39:41 np0005541722.novalocal account-server[93455]: ::1 - - [02/Dec/2025:00:39:41 +0000] "PUT /1/177703/AUTH_71f03d698f7645fb92ce29512b9f0297/gnocchi.212a6474-64d2-4fc9-b42a-d162fb83aa4c" 201 - "PUT http://[::1]:6001/2/106180/AUTH_71f03d698f7645fb92ce29512b9f0297/gnocchi.212a6474-64d2-4fc9-b42a-d162fb83aa4c" "txe88e339b90b44b8e8e393-00692e354d" "container-server 93753" 0.0082 "-" 93455 0
Dec 01 19:39:41 np0005541722.novalocal object-server[94054]: ::1 - - [02/Dec/2025:00:39:41 +0000] "PUT /3/93363/AUTH_71f03d698f7645fb92ce29512b9f0297/gnocchi.dec9f772-4156-4eb8-b7c8-1aa0deeb4af2/1763640000.0_mean_300.0_v3" 201 - "PUT http://[::1]:8080/v1/AUTH_71f03d698f7645fb92ce29512b9f0297/gnocchi.dec9f772-4156-4eb8-b7c8-1aa0deeb4af2/1763640000.0_mean_300.0_v3" "txe741f07bcff6452e94c2b-00692e354d" "proxy-server 86829" 0.0122 "-" 94054 0
Dec 01 19:39:41 np0005541722.novalocal container-server[93753]: ::1 - - [02/Dec/2025:00:39:41 +0000] "PUT /2/106180/AUTH_71f03d698f7645fb92ce29512b9f0297/gnocchi.212a6474-64d2-4fc9-b42a-d162fb83aa4c" 201 - "PUT http://[::1]:8080/v1/AUTH_71f03d698f7645fb92ce29512b9f0297/gnocchi.212a6474-64d2-4fc9-b42a-d162fb83aa4c" "txe88e339b90b44b8e8e393-00692e354d" "proxy-server 86829" 0.0303 "-" 93753 0
Dec 01 19:39:41 np0005541722.novalocal container-server[93752]: ::1 - - [02/Dec/2025:00:39:41 +0000] "PUT /3/185851/AUTH_71f03d698f7645fb92ce29512b9f0297/gnocchi.dec9f772-4156-4eb8-b7c8-1aa0deeb4af2/1763640000.0_mean_300.0_v3" 201 - "PUT http://[::1]:8080/1/93363/AUTH_71f03d698f7645fb92ce29512b9f0297/gnocchi.dec9f772-4156-4eb8-b7c8-1aa0deeb4af2/1763640000.0_mean_300.0_v3" "txe741f07bcff6452e94c2b-00692e354d" "object-server 94054" 0.0006 "-" 93752 0
Dec 01 19:39:41 np0005541722.novalocal object-server[94054]: ::1 - - [02/Dec/2025:00:39:41 +0000] "PUT /1/93363/AUTH_71f03d698f7645fb92ce29512b9f0297/gnocchi.dec9f772-4156-4eb8-b7c8-1aa0deeb4af2/1763640000.0_mean_300.0_v3" 201 - "PUT http://[::1]:8080/v1/AUTH_71f03d698f7645fb92ce29512b9f0297/gnocchi.dec9f772-4156-4eb8-b7c8-1aa0deeb4af2/1763640000.0_mean_300.0_v3" "txe741f07bcff6452e94c2b-00692e354d" "proxy-server 86829" 0.0153 "-" 94054 0
Dec 01 19:39:41 np0005541722.novalocal proxy-server[86829]: ::1 ::1 02/Dec/2025/00/39/41 PUT /v1/AUTH_71f03d698f7645fb92ce29512b9f0297/gnocchi.212a6474-64d2-4fc9-b42a-d162fb83aa4c HTTP/1.0 201 - python-swiftclient-4.2.0 gAAAAABpLjU42Jqt... - - - txe88e339b90b44b8e8e393-00692e354d - 0.0382 - - 1764635981.346664190 1764635981.384837627 0
Dec 01 19:39:41 np0005541722.novalocal container-server[93752]: ::1 - - [02/Dec/2025:00:39:41 +0000] "PUT /2/185851/AUTH_71f03d698f7645fb92ce29512b9f0297/gnocchi.dec9f772-4156-4eb8-b7c8-1aa0deeb4af2/1763640000.0_mean_300.0_v3" 201 - "PUT http://[::1]:8080/2/93363/AUTH_71f03d698f7645fb92ce29512b9f0297/gnocchi.dec9f772-4156-4eb8-b7c8-1aa0deeb4af2/1763640000.0_mean_300.0_v3" "txe741f07bcff6452e94c2b-00692e354d" "object-server 94056" 0.0006 "-" 93752 0
Dec 01 19:39:41 np0005541722.novalocal object-server[94056]: ::1 - - [02/Dec/2025:00:39:41 +0000] "PUT /2/93363/AUTH_71f03d698f7645fb92ce29512b9f0297/gnocchi.dec9f772-4156-4eb8-b7c8-1aa0deeb4af2/1763640000.0_mean_300.0_v3" 201 - "PUT http://[::1]:8080/v1/AUTH_71f03d698f7645fb92ce29512b9f0297/gnocchi.dec9f772-4156-4eb8-b7c8-1aa0deeb4af2/1763640000.0_mean_300.0_v3" "txe741f07bcff6452e94c2b-00692e354d" "proxy-server 86829" 0.0171 "-" 94056 0
Dec 01 19:39:41 np0005541722.novalocal proxy-server[86829]: ::1 ::1 02/Dec/2025/00/39/41 PUT /v1/AUTH_71f03d698f7645fb92ce29512b9f0297/gnocchi.dec9f772-4156-4eb8-b7c8-1aa0deeb4af2/1763640000.0_mean_300.0_v3 HTTP/1.0 201 - python-swiftclient-4.2.0 gAAAAABpLjUvHoCr... 16 - - txe741f07bcff6452e94c2b-00692e354d - 0.0250 - - 1764635981.362180710 1764635981.387133598 0
Dec 01 19:39:41 np0005541722.novalocal haproxy-metadata-proxy-67fa6611-1277-4c9f-88d2-386b71e7dddc[100111]: ::ffff:10.100.0.12:35774 [01/Dec/2025:19:39:41.182] listener listener/metadata 0/0/0/214/214 200 126 - - ---- 1/1/0/0/0 0/0 "GET /2009-04-04/meta-data/instance-type HTTP/1.1"
Dec 01 19:39:41 np0005541722.novalocal container-server[93751]: ::1 - - [02/Dec/2025:00:39:41 +0000] "HEAD /3/106180/AUTH_71f03d698f7645fb92ce29512b9f0297/gnocchi.212a6474-64d2-4fc9-b42a-d162fb83aa4c" 204 - "HEAD http://[::1]:8080/v1/AUTH_71f03d698f7645fb92ce29512b9f0297/gnocchi.212a6474-64d2-4fc9-b42a-d162fb83aa4c?format=json&states=listing" "tx4c06db3ef354438e9250b-00692e354d" "proxy-server 86829" 0.0024 "-" 93751 0
Dec 01 19:39:41 np0005541722.novalocal container-server[93750]: ::1 - - [02/Dec/2025:00:39:41 +0000] "GET /2/106180/AUTH_71f03d698f7645fb92ce29512b9f0297/gnocchi.212a6474-64d2-4fc9-b42a-d162fb83aa4c" 200 2 "GET http://[::1]:8080/v1/AUTH_71f03d698f7645fb92ce29512b9f0297/gnocchi.212a6474-64d2-4fc9-b42a-d162fb83aa4c?format=json&states=listing" "tx4c06db3ef354438e9250b-00692e354d" "proxy-server 86829" 0.0023 "-" 93750 0
Dec 01 19:39:41 np0005541722.novalocal proxy-server[86829]: ::1 ::1 02/Dec/2025/00/39/41 GET /v1/AUTH_71f03d698f7645fb92ce29512b9f0297/gnocchi.212a6474-64d2-4fc9-b42a-d162fb83aa4c%3Fformat%3Djson%26states%3Dlisting HTTP/1.0 200 - python-swiftclient-4.2.0 gAAAAABpLjU42Jqt... - 2 - tx4c06db3ef354438e9250b-00692e354d - 0.0288 - - 1764635981.390622377 1764635981.419377089 0
Dec 01 19:39:41 np0005541722.novalocal container-server[93750]: ::1 - - [02/Dec/2025:00:39:41 +0000] "PUT /2/185851/AUTH_71f03d698f7645fb92ce29512b9f0297/gnocchi.dec9f772-4156-4eb8-b7c8-1aa0deeb4af2/none_v3" 201 - "PUT http://[::1]:8080/1/149163/AUTH_71f03d698f7645fb92ce29512b9f0297/gnocchi.dec9f772-4156-4eb8-b7c8-1aa0deeb4af2/none_v3" "tx5f957a5c8c7047919fe29-00692e354d" "object-server 94054" 0.0004 "-" 93750 0
Dec 01 19:39:41 np0005541722.novalocal object-server[94054]: ::1 - - [02/Dec/2025:00:39:41 +0000] "PUT /1/149163/AUTH_71f03d698f7645fb92ce29512b9f0297/gnocchi.dec9f772-4156-4eb8-b7c8-1aa0deeb4af2/none_v3" 201 - "PUT http://[::1]:8080/v1/AUTH_71f03d698f7645fb92ce29512b9f0297/gnocchi.dec9f772-4156-4eb8-b7c8-1aa0deeb4af2/none_v3" "tx5f957a5c8c7047919fe29-00692e354d" "proxy-server 86829" 0.0149 "-" 94054 0
Dec 01 19:39:41 np0005541722.novalocal container-server[93751]: ::1 - - [02/Dec/2025:00:39:41 +0000] "PUT /3/185851/AUTH_71f03d698f7645fb92ce29512b9f0297/gnocchi.dec9f772-4156-4eb8-b7c8-1aa0deeb4af2/none_v3" 201 - "PUT http://[::1]:8080/3/149163/AUTH_71f03d698f7645fb92ce29512b9f0297/gnocchi.dec9f772-4156-4eb8-b7c8-1aa0deeb4af2/none_v3" "tx5f957a5c8c7047919fe29-00692e354d" "object-server 94054" 0.0005 "-" 93751 0
Dec 01 19:39:41 np0005541722.novalocal object-server[94054]: ::1 - - [02/Dec/2025:00:39:41 +0000] "PUT /3/149163/AUTH_71f03d698f7645fb92ce29512b9f0297/gnocchi.dec9f772-4156-4eb8-b7c8-1aa0deeb4af2/none_v3" 201 - "PUT http://[::1]:8080/v1/AUTH_71f03d698f7645fb92ce29512b9f0297/gnocchi.dec9f772-4156-4eb8-b7c8-1aa0deeb4af2/none_v3" "tx5f957a5c8c7047919fe29-00692e354d" "proxy-server 86829" 0.0200 "-" 94054 0
Dec 01 19:39:41 np0005541722.novalocal object-server[94056]: ::1 - - [02/Dec/2025:00:39:41 +0000] "GET /1/46394/AUTH_71f03d698f7645fb92ce29512b9f0297/gnocchi.212a6474-64d2-4fc9-b42a-d162fb83aa4c/1763640000.0_mean_300.0_v3" 404 70 "GET http://[::1]:8080/v1/AUTH_71f03d698f7645fb92ce29512b9f0297/gnocchi.212a6474-64d2-4fc9-b42a-d162fb83aa4c/1763640000.0_mean_300.0_v3" "tx68dfa3a939e343379aad2-00692e354d" "proxy-server 86829" 0.0003 "-" 94056 0
Dec 01 19:39:41 np0005541722.novalocal object-server[94057]: ::1 - - [02/Dec/2025:00:39:41 +0000] "GET /3/46394/AUTH_71f03d698f7645fb92ce29512b9f0297/gnocchi.212a6474-64d2-4fc9-b42a-d162fb83aa4c/1763640000.0_mean_300.0_v3" 404 70 "GET http://[::1]:8080/v1/AUTH_71f03d698f7645fb92ce29512b9f0297/gnocchi.212a6474-64d2-4fc9-b42a-d162fb83aa4c/1763640000.0_mean_300.0_v3" "tx68dfa3a939e343379aad2-00692e354d" "proxy-server 86829" 0.0003 "-" 94057 0
Dec 01 19:39:41 np0005541722.novalocal object-server[94054]: ::1 - - [02/Dec/2025:00:39:41 +0000] "GET /2/46394/AUTH_71f03d698f7645fb92ce29512b9f0297/gnocchi.212a6474-64d2-4fc9-b42a-d162fb83aa4c/1763640000.0_mean_300.0_v3" 404 70 "GET http://[::1]:8080/v1/AUTH_71f03d698f7645fb92ce29512b9f0297/gnocchi.212a6474-64d2-4fc9-b42a-d162fb83aa4c/1763640000.0_mean_300.0_v3" "tx68dfa3a939e343379aad2-00692e354d" "proxy-server 86829" 0.0003 "-" 94054 0
Dec 01 19:39:41 np0005541722.novalocal proxy-server[86829]: ::1 ::1 02/Dec/2025/00/39/41 GET /v1/AUTH_71f03d698f7645fb92ce29512b9f0297/gnocchi.212a6474-64d2-4fc9-b42a-d162fb83aa4c/1763640000.0_mean_300.0_v3 HTTP/1.0 404 - python-swiftclient-4.2.0 gAAAAABpLjU42Jqt... - 70 - tx68dfa3a939e343379aad2-00692e354d - 0.0114 - - 1764635981.422985315 1764635981.434420586 0
Dec 01 19:39:41 np0005541722.novalocal container-server[93752]: ::1 - - [02/Dec/2025:00:39:41 +0000] "PUT /3/106180/AUTH_71f03d698f7645fb92ce29512b9f0297/gnocchi.212a6474-64d2-4fc9-b42a-d162fb83aa4c/1763640000.0_mean_300.0_v3" 201 - "PUT http://[::1]:8080/3/46394/AUTH_71f03d698f7645fb92ce29512b9f0297/gnocchi.212a6474-64d2-4fc9-b42a-d162fb83aa4c/1763640000.0_mean_300.0_v3" "tx9db7356ceb14405d84e1f-00692e354d" "object-server 94054" 0.0007 "-" 93752 0
Dec 01 19:39:41 np0005541722.novalocal object-server[94054]: ::1 - - [02/Dec/2025:00:39:41 +0000] "PUT /3/46394/AUTH_71f03d698f7645fb92ce29512b9f0297/gnocchi.212a6474-64d2-4fc9-b42a-d162fb83aa4c/1763640000.0_mean_300.0_v3" 201 - "PUT http://[::1]:8080/v1/AUTH_71f03d698f7645fb92ce29512b9f0297/gnocchi.212a6474-64d2-4fc9-b42a-d162fb83aa4c/1763640000.0_mean_300.0_v3" "tx9db7356ceb14405d84e1f-00692e354d" "proxy-server 86829" 0.0122 "-" 94054 0
Dec 01 19:39:41 np0005541722.novalocal container-server[93750]: ::1 - - [02/Dec/2025:00:39:41 +0000] "PUT /2/106180/AUTH_71f03d698f7645fb92ce29512b9f0297/gnocchi.212a6474-64d2-4fc9-b42a-d162fb83aa4c/1763640000.0_mean_300.0_v3" 201 - "PUT http://[::1]:8080/1/46394/AUTH_71f03d698f7645fb92ce29512b9f0297/gnocchi.212a6474-64d2-4fc9-b42a-d162fb83aa4c/1763640000.0_mean_300.0_v3" "tx9db7356ceb14405d84e1f-00692e354d" "object-server 94055" 0.0005 "-" 93750 0
Dec 01 19:39:41 np0005541722.novalocal object-server[94055]: ::1 - - [02/Dec/2025:00:39:41 +0000] "PUT /1/46394/AUTH_71f03d698f7645fb92ce29512b9f0297/gnocchi.212a6474-64d2-4fc9-b42a-d162fb83aa4c/1763640000.0_mean_300.0_v3" 201 - "PUT http://[::1]:8080/v1/AUTH_71f03d698f7645fb92ce29512b9f0297/gnocchi.212a6474-64d2-4fc9-b42a-d162fb83aa4c/1763640000.0_mean_300.0_v3" "tx9db7356ceb14405d84e1f-00692e354d" "proxy-server 86829" 0.0130 "-" 94055 0
Dec 01 19:39:41 np0005541722.novalocal container-server[93752]: ::1 - - [02/Dec/2025:00:39:41 +0000] "PUT /1/106180/AUTH_71f03d698f7645fb92ce29512b9f0297/gnocchi.212a6474-64d2-4fc9-b42a-d162fb83aa4c/1763640000.0_mean_300.0_v3" 201 - "PUT http://[::1]:8080/2/46394/AUTH_71f03d698f7645fb92ce29512b9f0297/gnocchi.212a6474-64d2-4fc9-b42a-d162fb83aa4c/1763640000.0_mean_300.0_v3" "tx9db7356ceb14405d84e1f-00692e354d" "object-server 94056" 0.0005 "-" 93752 0
Dec 01 19:39:41 np0005541722.novalocal object-server[94056]: ::1 - - [02/Dec/2025:00:39:41 +0000] "PUT /2/46394/AUTH_71f03d698f7645fb92ce29512b9f0297/gnocchi.212a6474-64d2-4fc9-b42a-d162fb83aa4c/1763640000.0_mean_300.0_v3" 201 - "PUT http://[::1]:8080/v1/AUTH_71f03d698f7645fb92ce29512b9f0297/gnocchi.212a6474-64d2-4fc9-b42a-d162fb83aa4c/1763640000.0_mean_300.0_v3" "tx9db7356ceb14405d84e1f-00692e354d" "proxy-server 86829" 0.0161 "-" 94056 0
Dec 01 19:39:41 np0005541722.novalocal proxy-server[86829]: ::1 ::1 02/Dec/2025/00/39/41 PUT /v1/AUTH_71f03d698f7645fb92ce29512b9f0297/gnocchi.212a6474-64d2-4fc9-b42a-d162fb83aa4c/1763640000.0_mean_300.0_v3 HTTP/1.0 201 - python-swiftclient-4.2.0 gAAAAABpLjU42Jqt... 16 - - tx9db7356ceb14405d84e1f-00692e354d - 0.0215 - - 1764635981.437036514 1764635981.458551407 0
Dec 01 19:39:41 np0005541722.novalocal container-server[93753]: ::1 - - [02/Dec/2025:00:39:41 +0000] "PUT /1/185851/AUTH_71f03d698f7645fb92ce29512b9f0297/gnocchi.dec9f772-4156-4eb8-b7c8-1aa0deeb4af2/none_v3" 201 - "PUT http://[::1]:8080/2/149163/AUTH_71f03d698f7645fb92ce29512b9f0297/gnocchi.dec9f772-4156-4eb8-b7c8-1aa0deeb4af2/none_v3" "tx5f957a5c8c7047919fe29-00692e354d" "object-server 94056" 0.0004 "-" 93753 0
Dec 01 19:39:41 np0005541722.novalocal object-server[94056]: ::1 - - [02/Dec/2025:00:39:41 +0000] "PUT /2/149163/AUTH_71f03d698f7645fb92ce29512b9f0297/gnocchi.dec9f772-4156-4eb8-b7c8-1aa0deeb4af2/none_v3" 201 - "PUT http://[::1]:8080/v1/AUTH_71f03d698f7645fb92ce29512b9f0297/gnocchi.dec9f772-4156-4eb8-b7c8-1aa0deeb4af2/none_v3" "tx5f957a5c8c7047919fe29-00692e354d" "proxy-server 86829" 0.0575 "-" 94056 0
Dec 01 19:39:41 np0005541722.novalocal proxy-server[86829]: ::1 ::1 02/Dec/2025/00/39/41 PUT /v1/AUTH_71f03d698f7645fb92ce29512b9f0297/gnocchi.dec9f772-4156-4eb8-b7c8-1aa0deeb4af2/none_v3 HTTP/1.0 201 - python-swiftclient-4.2.0 gAAAAABpLjUvHoCr... 22 - - tx5f957a5c8c7047919fe29-00692e354d - 0.0709 - - 1764635981.389806747 1764635981.460658073 0
