Dec 01 19:40:16 np0005541722.novalocal object-server[94055]: ::1 - - [02/Dec/2025:00:40:16 +0000] "PUT /1/67801/AUTH_71f03d698f7645fb92ce29512b9f0297/gnocchi.cdd73ff3-ad00-4268-a086-449a99de3fff/1763640000.0_mean_300.0_v3" 201 - "PUT http://[::1]:8080/v1/AUTH_71f03d698f7645fb92ce29512b9f0297/gnocchi.cdd73ff3-ad00-4268-a086-449a99de3fff/1763640000.0_mean_300.0_v3" "tx73fdaffa647442a4bc5a8-00692e3570" "proxy-server 86829" 0.0127 "-" 94055 0
Dec 01 19:40:16 np0005541722.novalocal object-server[94054]: ::1 - - [02/Dec/2025:00:40:16 +0000] "GET /3/250270/AUTH_71f03d698f7645fb92ce29512b9f0297/gnocchi.cfb6e612-46fb-4644-a486-6c4db7e1cca5/none_v3" 404 70 "GET http://[::1]:8080/v1/AUTH_71f03d698f7645fb92ce29512b9f0297/gnocchi.cfb6e612-46fb-4644-a486-6c4db7e1cca5/none_v3" "tx00f693fb47a9467faf818-00692e3570" "proxy-server 86829" 0.0007 "-" 94054 0
Dec 01 19:40:16 np0005541722.novalocal proxy-server[86829]: ::1 ::1 02/Dec/2025/00/40/16 PUT /v1/AUTH_71f03d698f7645fb92ce29512b9f0297/gnocchi.cdd73ff3-ad00-4268-a086-449a99de3fff/1763640000.0_mean_300.0_v3 HTTP/1.0 201 - python-swiftclient-4.2.0 gAAAAABpLjU42Jqt... 16 - - tx73fdaffa647442a4bc5a8-00692e3570 - 0.0192 - - 1764636016.476559162 1764636016.495724440 0
Dec 01 19:40:16 np0005541722.novalocal object-server[94057]: ::1 - - [02/Dec/2025:00:40:16 +0000] "GET /1/250270/AUTH_71f03d698f7645fb92ce29512b9f0297/gnocchi.cfb6e612-46fb-4644-a486-6c4db7e1cca5/none_v3" 404 70 "GET http://[::1]:8080/v1/AUTH_71f03d698f7645fb92ce29512b9f0297/gnocchi.cfb6e612-46fb-4644-a486-6c4db7e1cca5/none_v3" "tx00f693fb47a9467faf818-00692e3570" "proxy-server 86829" 0.0002 "-" 94057 0
Dec 01 19:40:16 np0005541722.novalocal object-server[94057]: ::1 - - [02/Dec/2025:00:40:16 +0000] "GET /2/250270/AUTH_71f03d698f7645fb92ce29512b9f0297/gnocchi.cfb6e612-46fb-4644-a486-6c4db7e1cca5/none_v3" 404 70 "GET http://[::1]:8080/v1/AUTH_71f03d698f7645fb92ce29512b9f0297/gnocchi.cfb6e612-46fb-4644-a486-6c4db7e1cca5/none_v3" "tx00f693fb47a9467faf818-00692e3570" "proxy-server 86829" 0.0001 "-" 94057 0
Dec 01 19:40:16 np0005541722.novalocal proxy-server[86829]: ::1 ::1 02/Dec/2025/00/40/16 GET /v1/AUTH_71f03d698f7645fb92ce29512b9f0297/gnocchi.cfb6e612-46fb-4644-a486-6c4db7e1cca5/none_v3 HTTP/1.0 404 - python-swiftclient-4.2.0 gAAAAABpLjUvHoCr... - 70 - tx00f693fb47a9467faf818-00692e3570 - 0.0223 - - 1764636016.480973482 1764636016.503309965 0
Dec 01 19:40:16 np0005541722.novalocal container-server[93753]: ::1 - - [02/Dec/2025:00:40:16 +0000] "PUT /3/114145/AUTH_71f03d698f7645fb92ce29512b9f0297/gnocchi.cdd73ff3-ad00-4268-a086-449a99de3fff/none_v3" 201 - "PUT http://[::1]:8080/3/11312/AUTH_71f03d698f7645fb92ce29512b9f0297/gnocchi.cdd73ff3-ad00-4268-a086-449a99de3fff/none_v3" "tx33ba029ae4034d89849b4-00692e3570" "object-server 94054" 0.0008 "-" 93753 0
Dec 01 19:40:16 np0005541722.novalocal object-server[94054]: ::1 - - [02/Dec/2025:00:40:16 +0000] "PUT /3/11312/AUTH_71f03d698f7645fb92ce29512b9f0297/gnocchi.cdd73ff3-ad00-4268-a086-449a99de3fff/none_v3" 201 - "PUT http://[::1]:8080/v1/AUTH_71f03d698f7645fb92ce29512b9f0297/gnocchi.cdd73ff3-ad00-4268-a086-449a99de3fff/none_v3" "tx33ba029ae4034d89849b4-00692e3570" "proxy-server 86829" 0.0131 "-" 94054 0
Dec 01 19:40:16 np0005541722.novalocal account-server[93453]: ::1 - - [02/Dec/2025:00:40:16 +0000] "PUT /1/177703/AUTH_71f03d698f7645fb92ce29512b9f0297/gnocchi.cfb6e612-46fb-4644-a486-6c4db7e1cca5" 201 - "PUT http://[::1]:6001/3/216070/AUTH_71f03d698f7645fb92ce29512b9f0297/gnocchi.cfb6e612-46fb-4644-a486-6c4db7e1cca5" "tx0f0c969fe0d948988c8d0-00692e3570" "container-server 93752" 0.0054 "-" 93453 0
Dec 01 19:40:16 np0005541722.novalocal container-server[93752]: ::1 - - [02/Dec/2025:00:40:16 +0000] "PUT /3/216070/AUTH_71f03d698f7645fb92ce29512b9f0297/gnocchi.cfb6e612-46fb-4644-a486-6c4db7e1cca5" 201 - "PUT http://[::1]:8080/v1/AUTH_71f03d698f7645fb92ce29512b9f0297/gnocchi.cfb6e612-46fb-4644-a486-6c4db7e1cca5" "tx0f0c969fe0d948988c8d0-00692e3570" "proxy-server 86829" 0.0162 "-" 93752 0
Dec 01 19:40:16 np0005541722.novalocal container-server[93750]: ::1 - - [02/Dec/2025:00:40:16 +0000] "PUT /2/114145/AUTH_71f03d698f7645fb92ce29512b9f0297/gnocchi.cdd73ff3-ad00-4268-a086-449a99de3fff/none_v3" 201 - "PUT http://[::1]:8080/2/11312/AUTH_71f03d698f7645fb92ce29512b9f0297/gnocchi.cdd73ff3-ad00-4268-a086-449a99de3fff/none_v3" "tx33ba029ae4034d89849b4-00692e3570" "object-server 94056" 0.0005 "-" 93750 0
Dec 01 19:40:16 np0005541722.novalocal container-server[93750]: ::1 - - [02/Dec/2025:00:40:16 +0000] "PUT /1/114145/AUTH_71f03d698f7645fb92ce29512b9f0297/gnocchi.cdd73ff3-ad00-4268-a086-449a99de3fff/none_v3" 201 - "PUT http://[::1]:8080/1/11312/AUTH_71f03d698f7645fb92ce29512b9f0297/gnocchi.cdd73ff3-ad00-4268-a086-449a99de3fff/none_v3" "tx33ba029ae4034d89849b4-00692e3570" "object-server 94055" 0.0004 "-" 93750 0
Dec 01 19:40:16 np0005541722.novalocal object-server[94056]: ::1 - - [02/Dec/2025:00:40:16 +0000] "PUT /2/11312/AUTH_71f03d698f7645fb92ce29512b9f0297/gnocchi.cdd73ff3-ad00-4268-a086-449a99de3fff/none_v3" 201 - "PUT http://[::1]:8080/v1/AUTH_71f03d698f7645fb92ce29512b9f0297/gnocchi.cdd73ff3-ad00-4268-a086-449a99de3fff/none_v3" "tx33ba029ae4034d89849b4-00692e3570" "proxy-server 86829" 0.0272 "-" 94056 0
Dec 01 19:40:16 np0005541722.novalocal object-server[94055]: ::1 - - [02/Dec/2025:00:40:16 +0000] "PUT /1/11312/AUTH_71f03d698f7645fb92ce29512b9f0297/gnocchi.cdd73ff3-ad00-4268-a086-449a99de3fff/none_v3" 201 - "PUT http://[::1]:8080/v1/AUTH_71f03d698f7645fb92ce29512b9f0297/gnocchi.cdd73ff3-ad00-4268-a086-449a99de3fff/none_v3" "tx33ba029ae4034d89849b4-00692e3570" "proxy-server 86829" 0.0280 "-" 94055 0
Dec 01 19:40:16 np0005541722.novalocal proxy-server[86829]: ::1 ::1 02/Dec/2025/00/40/16 PUT /v1/AUTH_71f03d698f7645fb92ce29512b9f0297/gnocchi.cdd73ff3-ad00-4268-a086-449a99de3fff/none_v3 HTTP/1.0 201 - python-swiftclient-4.2.0 gAAAAABpLjU42Jqt... 22 - - tx33ba029ae4034d89849b4-00692e3570 - 0.0338 - - 1764636016.498330832 1764636016.532177210 0
Dec 01 19:40:16 np0005541722.novalocal account-server[93454]: ::1 - - [02/Dec/2025:00:40:16 +0000] "PUT /2/177703/AUTH_71f03d698f7645fb92ce29512b9f0297/gnocchi.cfb6e612-46fb-4644-a486-6c4db7e1cca5" 201 - "PUT http://[::1]:6001/1/216070/AUTH_71f03d698f7645fb92ce29512b9f0297/gnocchi.cfb6e612-46fb-4644-a486-6c4db7e1cca5" "tx0f0c969fe0d948988c8d0-00692e3570" "container-server 93750" 0.0054 "-" 93454 0
Dec 01 19:40:16 np0005541722.novalocal account-server[93455]: ::1 - - [02/Dec/2025:00:40:16 +0000] "PUT /3/177703/AUTH_71f03d698f7645fb92ce29512b9f0297/gnocchi.cfb6e612-46fb-4644-a486-6c4db7e1cca5" 201 - "PUT http://[::1]:6001/2/216070/AUTH_71f03d698f7645fb92ce29512b9f0297/gnocchi.cfb6e612-46fb-4644-a486-6c4db7e1cca5" "tx0f0c969fe0d948988c8d0-00692e3570" "container-server 93750" 0.0046 "-" 93455 0
Dec 01 19:40:16 np0005541722.novalocal container-server[93750]: ::1 - - [02/Dec/2025:00:40:16 +0000] "PUT /1/216070/AUTH_71f03d698f7645fb92ce29512b9f0297/gnocchi.cfb6e612-46fb-4644-a486-6c4db7e1cca5" 201 - "PUT http://[::1]:8080/v1/AUTH_71f03d698f7645fb92ce29512b9f0297/gnocchi.cfb6e612-46fb-4644-a486-6c4db7e1cca5" "tx0f0c969fe0d948988c8d0-00692e3570" "proxy-server 86829" 0.0230 "-" 93750 0
Dec 01 19:40:16 np0005541722.novalocal container-server[93750]: ::1 - - [02/Dec/2025:00:40:16 +0000] "PUT /2/216070/AUTH_71f03d698f7645fb92ce29512b9f0297/gnocchi.cfb6e612-46fb-4644-a486-6c4db7e1cca5" 201 - "PUT http://[::1]:8080/v1/AUTH_71f03d698f7645fb92ce29512b9f0297/gnocchi.cfb6e612-46fb-4644-a486-6c4db7e1cca5" "tx0f0c969fe0d948988c8d0-00692e3570" "proxy-server 86829" 0.0380 "-" 93750 0
Dec 01 19:40:16 np0005541722.novalocal container-server[93752]: ::1 - - [02/Dec/2025:00:40:16 +0000] "HEAD /2/243901/AUTH_71f03d698f7645fb92ce29512b9f0297/gnocchi.50d5877f-3876-4ccc-ad43-1b163a23d1e1" 404 - "HEAD http://[::1]:8080/v1/AUTH_71f03d698f7645fb92ce29512b9f0297/gnocchi.50d5877f-3876-4ccc-ad43-1b163a23d1e1?format=json&states=listing" "txf7010691d7484635a3505-00692e3570" "proxy-server 86829" 0.0003 "-" 93752 0
Dec 01 19:40:16 np0005541722.novalocal proxy-server[86829]: ::1 ::1 02/Dec/2025/00/40/16 PUT /v1/AUTH_71f03d698f7645fb92ce29512b9f0297/gnocchi.cfb6e612-46fb-4644-a486-6c4db7e1cca5 HTTP/1.0 201 - python-swiftclient-4.2.0 gAAAAABpLjUvHoCr... - - - tx0f0c969fe0d948988c8d0-00692e3570 - 0.0445 - - 1764636016.505935669 1764636016.550387144 0
Dec 01 19:40:16 np0005541722.novalocal container-server[93752]: ::1 - - [02/Dec/2025:00:40:16 +0000] "HEAD /1/243901/AUTH_71f03d698f7645fb92ce29512b9f0297/gnocchi.50d5877f-3876-4ccc-ad43-1b163a23d1e1" 404 - "HEAD http://[::1]:8080/v1/AUTH_71f03d698f7645fb92ce29512b9f0297/gnocchi.50d5877f-3876-4ccc-ad43-1b163a23d1e1?format=json&states=listing" "txf7010691d7484635a3505-00692e3570" "proxy-server 86829" 0.0006 "-" 93752 0
Dec 01 19:40:16 np0005541722.novalocal container-server[93751]: ::1 - - [02/Dec/2025:00:40:16 +0000] "HEAD /2/216070/AUTH_71f03d698f7645fb92ce29512b9f0297/gnocchi.cfb6e612-46fb-4644-a486-6c4db7e1cca5" 204 - "HEAD http://[::1]:8080/v1/AUTH_71f03d698f7645fb92ce29512b9f0297/gnocchi.cfb6e612-46fb-4644-a486-6c4db7e1cca5?format=json&states=listing" "txe3fabb239cbc4547814b8-00692e3570" "proxy-server 86829" 0.0017 "-" 93751 0
Dec 01 19:40:16 np0005541722.novalocal container-server[93751]: ::1 - - [02/Dec/2025:00:40:16 +0000] "HEAD /3/243901/AUTH_71f03d698f7645fb92ce29512b9f0297/gnocchi.50d5877f-3876-4ccc-ad43-1b163a23d1e1" 404 - "HEAD http://[::1]:8080/v1/AUTH_71f03d698f7645fb92ce29512b9f0297/gnocchi.50d5877f-3876-4ccc-ad43-1b163a23d1e1?format=json&states=listing" "txf7010691d7484635a3505-00692e3570" "proxy-server 86829" 0.0003 "-" 93751 0
Dec 01 19:40:16 np0005541722.novalocal object-server[94055]: ::1 - - [02/Dec/2025:00:40:16 +0000] "GET /2/19242/AUTH_71f03d698f7645fb92ce29512b9f0297/gnocchi.50d5877f-3876-4ccc-ad43-1b163a23d1e1/none_v3" 404 70 "GET http://[::1]:8080/v1/AUTH_71f03d698f7645fb92ce29512b9f0297/gnocchi.50d5877f-3876-4ccc-ad43-1b163a23d1e1/none_v3" "txf7010691d7484635a3505-00692e3570" "proxy-server 86829" 0.0005 "-" 94055 0
Dec 01 19:40:16 np0005541722.novalocal container-server[93750]: ::1 - - [02/Dec/2025:00:40:16 +0000] "GET /2/216070/AUTH_71f03d698f7645fb92ce29512b9f0297/gnocchi.cfb6e612-46fb-4644-a486-6c4db7e1cca5" 200 2 "GET http://[::1]:8080/v1/AUTH_71f03d698f7645fb92ce29512b9f0297/gnocchi.cfb6e612-46fb-4644-a486-6c4db7e1cca5?format=json&states=listing" "txe3fabb239cbc4547814b8-00692e3570" "proxy-server 86829" 0.0025 "-" 93750 0
Dec 01 19:40:16 np0005541722.novalocal proxy-server[86829]: ::1 ::1 02/Dec/2025/00/40/16 GET /v1/AUTH_71f03d698f7645fb92ce29512b9f0297/gnocchi.cfb6e612-46fb-4644-a486-6c4db7e1cca5%3Fformat%3Djson%26states%3Dlisting HTTP/1.0 200 - python-swiftclient-4.2.0 gAAAAABpLjUvHoCr... - 2 - txe3fabb239cbc4547814b8-00692e3570 - 0.0217 - - 1764636016.553294182 1764636016.575042963 0
Dec 01 19:40:16 np0005541722.novalocal object-server[94054]: ::1 - - [02/Dec/2025:00:40:16 +0000] "GET /3/19242/AUTH_71f03d698f7645fb92ce29512b9f0297/gnocchi.50d5877f-3876-4ccc-ad43-1b163a23d1e1/none_v3" 404 70 "GET http://[::1]:8080/v1/AUTH_71f03d698f7645fb92ce29512b9f0297/gnocchi.50d5877f-3876-4ccc-ad43-1b163a23d1e1/none_v3" "txf7010691d7484635a3505-00692e3570" "proxy-server 86829" 0.0006 "-" 94054 0
Dec 01 19:40:16 np0005541722.novalocal object-server[94056]: ::1 - - [02/Dec/2025:00:40:16 +0000] "GET /1/19242/AUTH_71f03d698f7645fb92ce29512b9f0297/gnocchi.50d5877f-3876-4ccc-ad43-1b163a23d1e1/none_v3" 404 70 "GET http://[::1]:8080/v1/AUTH_71f03d698f7645fb92ce29512b9f0297/gnocchi.50d5877f-3876-4ccc-ad43-1b163a23d1e1/none_v3" "txf7010691d7484635a3505-00692e3570" "proxy-server 86829" 0.0003 "-" 94056 0
Dec 01 19:40:16 np0005541722.novalocal object-server[94057]: ::1 - - [02/Dec/2025:00:40:16 +0000] "GET /1/224985/AUTH_71f03d698f7645fb92ce29512b9f0297/gnocchi.cfb6e612-46fb-4644-a486-6c4db7e1cca5/1763640000.0_mean_300.0_v3" 404 70 "GET http://[::1]:8080/v1/AUTH_71f03d698f7645fb92ce29512b9f0297/gnocchi.cfb6e612-46fb-4644-a486-6c4db7e1cca5/1763640000.0_mean_300.0_v3" "txa8060371fbf9443d9b83a-00692e3570" "proxy-server 86829" 0.0009 "-" 94057 0
Dec 01 19:40:16 np0005541722.novalocal proxy-server[86829]: ::1 ::1 02/Dec/2025/00/40/16 GET /v1/AUTH_71f03d698f7645fb92ce29512b9f0297/gnocchi.50d5877f-3876-4ccc-ad43-1b163a23d1e1/none_v3 HTTP/1.0 404 - python-swiftclient-4.2.0 gAAAAABpLjU42Jqt... - 70 - txf7010691d7484635a3505-00692e3570 - 0.0589 - - 1764636016.545614243 1764636016.604489326 0
Dec 01 19:40:16 np0005541722.novalocal object-server[94054]: ::1 - - [02/Dec/2025:00:40:16 +0000] "GET /3/224985/AUTH_71f03d698f7645fb92ce29512b9f0297/gnocchi.cfb6e612-46fb-4644-a486-6c4db7e1cca5/1763640000.0_mean_300.0_v3" 404 70 "GET http://[::1]:8080/v1/AUTH_71f03d698f7645fb92ce29512b9f0297/gnocchi.cfb6e612-46fb-4644-a486-6c4db7e1cca5/1763640000.0_mean_300.0_v3" "txa8060371fbf9443d9b83a-00692e3570" "proxy-server 86829" 0.0003 "-" 94054 0
Dec 01 19:40:16 np0005541722.novalocal object-server[94055]: ::1 - - [02/Dec/2025:00:40:16 +0000] "GET /2/224985/AUTH_71f03d698f7645fb92ce29512b9f0297/gnocchi.cfb6e612-46fb-4644-a486-6c4db7e1cca5/1763640000.0_mean_300.0_v3" 404 70 "GET http://[::1]:8080/v1/AUTH_71f03d698f7645fb92ce29512b9f0297/gnocchi.cfb6e612-46fb-4644-a486-6c4db7e1cca5/1763640000.0_mean_300.0_v3" "txa8060371fbf9443d9b83a-00692e3570" "proxy-server 86829" 0.0005 "-" 94055 0
Dec 01 19:40:16 np0005541722.novalocal proxy-server[86829]: ::1 ::1 02/Dec/2025/00/40/16 GET /v1/AUTH_71f03d698f7645fb92ce29512b9f0297/gnocchi.cfb6e612-46fb-4644-a486-6c4db7e1cca5/1763640000.0_mean_300.0_v3 HTTP/1.0 404 - python-swiftclient-4.2.0 gAAAAABpLjUvHoCr... - 70 - txa8060371fbf9443d9b83a-00692e3570 - 0.0393 - - 1764636016.581348181 1764636016.620643854 0
Dec 01 19:40:16 np0005541722.novalocal container-server[93753]: ::1 - - [02/Dec/2025:00:40:16 +0000] "PUT /1/216070/AUTH_71f03d698f7645fb92ce29512b9f0297/gnocchi.cfb6e612-46fb-4644-a486-6c4db7e1cca5/1763640000.0_mean_300.0_v3" 201 - "PUT http://[::1]:8080/3/224985/AUTH_71f03d698f7645fb92ce29512b9f0297/gnocchi.cfb6e612-46fb-4644-a486-6c4db7e1cca5/1763640000.0_mean_300.0_v3" "txe5c8b11c43af4225b49f2-00692e3570" "object-server 94055" 0.0005 "-" 93753 0
Dec 01 19:40:16 np0005541722.novalocal object-server[94055]: ::1 - - [02/Dec/2025:00:40:16 +0000] "PUT /3/224985/AUTH_71f03d698f7645fb92ce29512b9f0297/gnocchi.cfb6e612-46fb-4644-a486-6c4db7e1cca5/1763640000.0_mean_300.0_v3" 201 - "PUT http://[::1]:8080/v1/AUTH_71f03d698f7645fb92ce29512b9f0297/gnocchi.cfb6e612-46fb-4644-a486-6c4db7e1cca5/1763640000.0_mean_300.0_v3" "txe5c8b11c43af4225b49f2-00692e3570" "proxy-server 86829" 0.0337 "-" 94055 0
Dec 01 19:40:16 np0005541722.novalocal container-server[93750]: ::1 - - [02/Dec/2025:00:40:16 +0000] "PUT /2/216070/AUTH_71f03d698f7645fb92ce29512b9f0297/gnocchi.cfb6e612-46fb-4644-a486-6c4db7e1cca5/1763640000.0_mean_300.0_v3" 201 - "PUT http://[::1]:8080/1/224985/AUTH_71f03d698f7645fb92ce29512b9f0297/gnocchi.cfb6e612-46fb-4644-a486-6c4db7e1cca5/1763640000.0_mean_300.0_v3" "txe5c8b11c43af4225b49f2-00692e3570" "object-server 94055" 0.0004 "-" 93750 0
Dec 01 19:40:16 np0005541722.novalocal account-server[93453]: ::1 - - [02/Dec/2025:00:40:16 +0000] "PUT /3/177703/AUTH_71f03d698f7645fb92ce29512b9f0297/gnocchi.50d5877f-3876-4ccc-ad43-1b163a23d1e1" 201 - "PUT http://[::1]:6001/1/243901/AUTH_71f03d698f7645fb92ce29512b9f0297/gnocchi.50d5877f-3876-4ccc-ad43-1b163a23d1e1" "tx9b94a75db6f24fb484e08-00692e3570" "container-server 93750" 0.0134 "-" 93453 0
Dec 01 19:40:16 np0005541722.novalocal object-server[94055]: ::1 - - [02/Dec/2025:00:40:16 +0000] "PUT /1/224985/AUTH_71f03d698f7645fb92ce29512b9f0297/gnocchi.cfb6e612-46fb-4644-a486-6c4db7e1cca5/1763640000.0_mean_300.0_v3" 201 - "PUT http://[::1]:8080/v1/AUTH_71f03d698f7645fb92ce29512b9f0297/gnocchi.cfb6e612-46fb-4644-a486-6c4db7e1cca5/1763640000.0_mean_300.0_v3" "txe5c8b11c43af4225b49f2-00692e3570" "proxy-server 86829" 0.0364 "-" 94055 0
Dec 01 19:40:16 np0005541722.novalocal container-server[93750]: ::1 - - [02/Dec/2025:00:40:16 +0000] "PUT /1/243901/AUTH_71f03d698f7645fb92ce29512b9f0297/gnocchi.50d5877f-3876-4ccc-ad43-1b163a23d1e1" 201 - "PUT http://[::1]:8080/v1/AUTH_71f03d698f7645fb92ce29512b9f0297/gnocchi.50d5877f-3876-4ccc-ad43-1b163a23d1e1" "tx9b94a75db6f24fb484e08-00692e3570" "proxy-server 86829" 0.0588 "-" 93750 0
Dec 01 19:40:16 np0005541722.novalocal container-server[93752]: ::1 - - [02/Dec/2025:00:40:16 +0000] "PUT /3/216070/AUTH_71f03d698f7645fb92ce29512b9f0297/gnocchi.cfb6e612-46fb-4644-a486-6c4db7e1cca5/1763640000.0_mean_300.0_v3" 201 - "PUT http://[::1]:8080/2/224985/AUTH_71f03d698f7645fb92ce29512b9f0297/gnocchi.cfb6e612-46fb-4644-a486-6c4db7e1cca5/1763640000.0_mean_300.0_v3" "txe5c8b11c43af4225b49f2-00692e3570" "object-server 94055" 0.0046 "-" 93752 0
Dec 01 19:40:16 np0005541722.novalocal object-server[94055]: ::1 - - [02/Dec/2025:00:40:16 +0000] "PUT /2/224985/AUTH_71f03d698f7645fb92ce29512b9f0297/gnocchi.cfb6e612-46fb-4644-a486-6c4db7e1cca5/1763640000.0_mean_300.0_v3" 201 - "PUT http://[::1]:8080/v1/AUTH_71f03d698f7645fb92ce29512b9f0297/gnocchi.cfb6e612-46fb-4644-a486-6c4db7e1cca5/1763640000.0_mean_300.0_v3" "txe5c8b11c43af4225b49f2-00692e3570" "proxy-server 86829" 0.0504 "-" 94055 0
Dec 01 19:40:16 np0005541722.novalocal account-server[93453]: ::1 - - [02/Dec/2025:00:40:16 +0000] "PUT /1/177703/AUTH_71f03d698f7645fb92ce29512b9f0297/gnocchi.50d5877f-3876-4ccc-ad43-1b163a23d1e1" 201 - "PUT http://[::1]:6001/2/243901/AUTH_71f03d698f7645fb92ce29512b9f0297/gnocchi.50d5877f-3876-4ccc-ad43-1b163a23d1e1" "tx9b94a75db6f24fb484e08-00692e3570" "container-server 93752" 0.0071 "-" 93453 0
Dec 01 19:40:16 np0005541722.novalocal proxy-server[86829]: ::1 ::1 02/Dec/2025/00/40/16 PUT /v1/AUTH_71f03d698f7645fb92ce29512b9f0297/gnocchi.cfb6e612-46fb-4644-a486-6c4db7e1cca5/1763640000.0_mean_300.0_v3 HTTP/1.0 201 - python-swiftclient-4.2.0 gAAAAABpLjUvHoCr... 16 - - txe5c8b11c43af4225b49f2-00692e3570 - 0.0587 - - 1764636016.626597166 1764636016.685250759 0
Dec 01 19:40:16 np0005541722.novalocal container-server[93752]: ::1 - - [02/Dec/2025:00:40:16 +0000] "PUT /2/243901/AUTH_71f03d698f7645fb92ce29512b9f0297/gnocchi.50d5877f-3876-4ccc-ad43-1b163a23d1e1" 201 - "PUT http://[::1]:8080/v1/AUTH_71f03d698f7645fb92ce29512b9f0297/gnocchi.50d5877f-3876-4ccc-ad43-1b163a23d1e1" "tx9b94a75db6f24fb484e08-00692e3570" "proxy-server 86829" 0.0257 "-" 93752 0
Dec 01 19:40:16 np0005541722.novalocal account-server[93452]: ::1 - - [02/Dec/2025:00:40:16 +0000] "PUT /2/177703/AUTH_71f03d698f7645fb92ce29512b9f0297/gnocchi.50d5877f-3876-4ccc-ad43-1b163a23d1e1" 201 - "PUT http://[::1]:6001/3/243901/AUTH_71f03d698f7645fb92ce29512b9f0297/gnocchi.50d5877f-3876-4ccc-ad43-1b163a23d1e1" "tx9b94a75db6f24fb484e08-00692e3570" "container-server 93752" 0.0105 "-" 93452 0
Dec 01 19:40:16 np0005541722.novalocal container-server[93752]: ::1 - - [02/Dec/2025:00:40:16 +0000] "PUT /3/243901/AUTH_71f03d698f7645fb92ce29512b9f0297/gnocchi.50d5877f-3876-4ccc-ad43-1b163a23d1e1" 201 - "PUT http://[::1]:8080/v1/AUTH_71f03d698f7645fb92ce29512b9f0297/gnocchi.50d5877f-3876-4ccc-ad43-1b163a23d1e1" "tx9b94a75db6f24fb484e08-00692e3570" "proxy-server 86829" 0.0768 "-" 93752 0
Dec 01 19:40:16 np0005541722.novalocal proxy-server[86829]: ::1 ::1 02/Dec/2025/00/40/16 PUT /v1/AUTH_71f03d698f7645fb92ce29512b9f0297/gnocchi.50d5877f-3876-4ccc-ad43-1b163a23d1e1 HTTP/1.0 201 - python-swiftclient-4.2.0 gAAAAABpLjU42Jqt... - - - tx9b94a75db6f24fb484e08-00692e3570 - 0.0873 - - 1764636016.608865499 1764636016.696160316 0
Dec 01 19:40:16 np0005541722.novalocal container-server[93750]: ::1 - - [02/Dec/2025:00:40:16 +0000] "HEAD /2/243901/AUTH_71f03d698f7645fb92ce29512b9f0297/gnocchi.50d5877f-3876-4ccc-ad43-1b163a23d1e1" 204 - "HEAD http://[::1]:8080/v1/AUTH_71f03d698f7645fb92ce29512b9f0297/gnocchi.50d5877f-3876-4ccc-ad43-1b163a23d1e1?format=json&states=listing" "tx44265cb05ca54161b2efc-00692e3570" "proxy-server 86829" 0.0011 "-" 93750 0
Dec 01 19:40:16 np0005541722.novalocal container-server[93753]: ::1 - - [02/Dec/2025:00:40:16 +0000] "GET /1/243901/AUTH_71f03d698f7645fb92ce29512b9f0297/gnocchi.50d5877f-3876-4ccc-ad43-1b163a23d1e1" 200 2 "GET http://[::1]:8080/v1/AUTH_71f03d698f7645fb92ce29512b9f0297/gnocchi.50d5877f-3876-4ccc-ad43-1b163a23d1e1?format=json&states=listing" "tx44265cb05ca54161b2efc-00692e3570" "proxy-server 86829" 0.0032 "-" 93753 0
Dec 01 19:40:16 np0005541722.novalocal container-server[93750]: ::1 - - [02/Dec/2025:00:40:16 +0000] "PUT /3/216070/AUTH_71f03d698f7645fb92ce29512b9f0297/gnocchi.cfb6e612-46fb-4644-a486-6c4db7e1cca5/none_v3" 201 - "PUT http://[::1]:8080/1/250270/AUTH_71f03d698f7645fb92ce29512b9f0297/gnocchi.cfb6e612-46fb-4644-a486-6c4db7e1cca5/none_v3" "txf4410365f840408da965a-00692e3570" "object-server 94054" 0.0005 "-" 93750 0
Dec 01 19:40:16 np0005541722.novalocal object-server[94054]: ::1 - - [02/Dec/2025:00:40:16 +0000] "PUT /1/250270/AUTH_71f03d698f7645fb92ce29512b9f0297/gnocchi.cfb6e612-46fb-4644-a486-6c4db7e1cca5/none_v3" 201 - "PUT http://[::1]:8080/v1/AUTH_71f03d698f7645fb92ce29512b9f0297/gnocchi.cfb6e612-46fb-4644-a486-6c4db7e1cca5/none_v3" "txf4410365f840408da965a-00692e3570" "proxy-server 86829" 0.0205 "-" 94054 0
Dec 01 19:40:16 np0005541722.novalocal proxy-server[86829]: ::1 ::1 02/Dec/2025/00/40/16 GET /v1/AUTH_71f03d698f7645fb92ce29512b9f0297/gnocchi.50d5877f-3876-4ccc-ad43-1b163a23d1e1%3Fformat%3Djson%26states%3Dlisting HTTP/1.0 200 - python-swiftclient-4.2.0 gAAAAABpLjU42Jqt... - 2 - tx44265cb05ca54161b2efc-00692e3570 - 0.0159 - - 1764636016.699963093 1764636016.715837002 0
Dec 01 19:40:16 np0005541722.novalocal container-server[93752]: ::1 - - [02/Dec/2025:00:40:16 +0000] "PUT /1/216070/AUTH_71f03d698f7645fb92ce29512b9f0297/gnocchi.cfb6e612-46fb-4644-a486-6c4db7e1cca5/none_v3" 201 - "PUT http://[::1]:8080/2/250270/AUTH_71f03d698f7645fb92ce29512b9f0297/gnocchi.cfb6e612-46fb-4644-a486-6c4db7e1cca5/none_v3" "txf4410365f840408da965a-00692e3570" "object-server 94055" 0.0008 "-" 93752 0
Dec 01 19:40:16 np0005541722.novalocal object-server[94055]: ::1 - - [02/Dec/2025:00:40:16 +0000] "PUT /2/250270/AUTH_71f03d698f7645fb92ce29512b9f0297/gnocchi.cfb6e612-46fb-4644-a486-6c4db7e1cca5/none_v3" 201 - "PUT http://[::1]:8080/v1/AUTH_71f03d698f7645fb92ce29512b9f0297/gnocchi.cfb6e612-46fb-4644-a486-6c4db7e1cca5/none_v3" "txf4410365f840408da965a-00692e3570" "proxy-server 86829" 0.0248 "-" 94055 0
Dec 01 19:40:16 np0005541722.novalocal object-server[94056]: ::1 - - [02/Dec/2025:00:40:16 +0000] "GET /3/175798/AUTH_71f03d698f7645fb92ce29512b9f0297/gnocchi.50d5877f-3876-4ccc-ad43-1b163a23d1e1/1763640000.0_mean_300.0_v3" 404 70 "GET http://[::1]:8080/v1/AUTH_71f03d698f7645fb92ce29512b9f0297/gnocchi.50d5877f-3876-4ccc-ad43-1b163a23d1e1/1763640000.0_mean_300.0_v3" "tx47c59abbe03a454c9a3f6-00692e3570" "proxy-server 86829" 0.0005 "-" 94056 0
Dec 01 19:40:16 np0005541722.novalocal container-server[93750]: ::1 - - [02/Dec/2025:00:40:16 +0000] "PUT /2/216070/AUTH_71f03d698f7645fb92ce29512b9f0297/gnocchi.cfb6e612-46fb-4644-a486-6c4db7e1cca5/none_v3" 201 - "PUT http://[::1]:8080/3/250270/AUTH_71f03d698f7645fb92ce29512b9f0297/gnocchi.cfb6e612-46fb-4644-a486-6c4db7e1cca5/none_v3" "txf4410365f840408da965a-00692e3570" "object-server 94056" 0.0010 "-" 93750 0
Dec 01 19:40:16 np0005541722.novalocal object-server[94056]: ::1 - - [02/Dec/2025:00:40:16 +0000] "PUT /3/250270/AUTH_71f03d698f7645fb92ce29512b9f0297/gnocchi.cfb6e612-46fb-4644-a486-6c4db7e1cca5/none_v3" 201 - "PUT http://[::1]:8080/v1/AUTH_71f03d698f7645fb92ce29512b9f0297/gnocchi.cfb6e612-46fb-4644-a486-6c4db7e1cca5/none_v3" "txf4410365f840408da965a-00692e3570" "proxy-server 86829" 0.0311 "-" 94056 0
Dec 01 19:40:16 np0005541722.novalocal object-server[94055]: ::1 - - [02/Dec/2025:00:40:16 +0000] "GET /2/175798/AUTH_71f03d698f7645fb92ce29512b9f0297/gnocchi.50d5877f-3876-4ccc-ad43-1b163a23d1e1/1763640000.0_mean_300.0_v3" 404 70 "GET http://[::1]:8080/v1/AUTH_71f03d698f7645fb92ce29512b9f0297/gnocchi.50d5877f-3876-4ccc-ad43-1b163a23d1e1/1763640000.0_mean_300.0_v3" "tx47c59abbe03a454c9a3f6-00692e3570" "proxy-server 86829" 0.0003 "-" 94055 0
Dec 01 19:40:16 np0005541722.novalocal proxy-server[86829]: ::1 ::1 02/Dec/2025/00/40/16 PUT /v1/AUTH_71f03d698f7645fb92ce29512b9f0297/gnocchi.cfb6e612-46fb-4644-a486-6c4db7e1cca5/none_v3 HTTP/1.0 201 - python-swiftclient-4.2.0 gAAAAABpLjUvHoCr... 22 - - txf4410365f840408da965a-00692e3570 - 0.0393 - - 1764636016.689759016 1764636016.729096413 0
Dec 01 19:40:16 np0005541722.novalocal object-server[94054]: ::1 - - [02/Dec/2025:00:40:16 +0000] "GET /1/175798/AUTH_71f03d698f7645fb92ce29512b9f0297/gnocchi.50d5877f-3876-4ccc-ad43-1b163a23d1e1/1763640000.0_mean_300.0_v3" 404 70 "GET http://[::1]:8080/v1/AUTH_71f03d698f7645fb92ce29512b9f0297/gnocchi.50d5877f-3876-4ccc-ad43-1b163a23d1e1/1763640000.0_mean_300.0_v3" "tx47c59abbe03a454c9a3f6-00692e3570" "proxy-server 86829" 0.0003 "-" 94054 0
Dec 01 19:40:16 np0005541722.novalocal proxy-server[86829]: ::1 ::1 02/Dec/2025/00/40/16 GET /v1/AUTH_71f03d698f7645fb92ce29512b9f0297/gnocchi.50d5877f-3876-4ccc-ad43-1b163a23d1e1/1763640000.0_mean_300.0_v3 HTTP/1.0 404 - python-swiftclient-4.2.0 gAAAAABpLjU42Jqt... - 70 - tx47c59abbe03a454c9a3f6-00692e3570 - 0.0161 - - 1764636016.718472719 1764636016.734561205 0
Dec 01 19:40:16 np0005541722.novalocal container-server[93753]: ::1 - - [02/Dec/2025:00:40:16 +0000] "PUT /1/243901/AUTH_71f03d698f7645fb92ce29512b9f0297/gnocchi.50d5877f-3876-4ccc-ad43-1b163a23d1e1/1763640000.0_mean_300.0_v3" 201 - "PUT http://[::1]:8080/3/175798/AUTH_71f03d698f7645fb92ce29512b9f0297/gnocchi.50d5877f-3876-4ccc-ad43-1b163a23d1e1/1763640000.0_mean_300.0_v3" "txa71fb89b54a74ab78af43-00692e3570" "object-server 94057" 0.0007 "-" 93753 0
Dec 01 19:40:16 np0005541722.novalocal object-server[94057]: ::1 - - [02/Dec/2025:00:40:16 +0000] "PUT /3/175798/AUTH_71f03d698f7645fb92ce29512b9f0297/gnocchi.50d5877f-3876-4ccc-ad43-1b163a23d1e1/1763640000.0_mean_300.0_v3" 201 - "PUT http://[::1]:8080/v1/AUTH_71f03d698f7645fb92ce29512b9f0297/gnocchi.50d5877f-3876-4ccc-ad43-1b163a23d1e1/1763640000.0_mean_300.0_v3" "txa71fb89b54a74ab78af43-00692e3570" "proxy-server 86829" 0.0200 "-" 94057 0
Dec 01 19:40:16 np0005541722.novalocal container-server[93753]: ::1 - - [02/Dec/2025:00:40:16 +0000] "PUT /2/243901/AUTH_71f03d698f7645fb92ce29512b9f0297/gnocchi.50d5877f-3876-4ccc-ad43-1b163a23d1e1/1763640000.0_mean_300.0_v3" 201 - "PUT http://[::1]:8080/1/175798/AUTH_71f03d698f7645fb92ce29512b9f0297/gnocchi.50d5877f-3876-4ccc-ad43-1b163a23d1e1/1763640000.0_mean_300.0_v3" "txa71fb89b54a74ab78af43-00692e3570" "object-server 94054" 0.0004 "-" 93753 0
Dec 01 19:40:16 np0005541722.novalocal container-server[93752]: ::1 - - [02/Dec/2025:00:40:16 +0000] "PUT /3/243901/AUTH_71f03d698f7645fb92ce29512b9f0297/gnocchi.50d5877f-3876-4ccc-ad43-1b163a23d1e1/1763640000.0_mean_300.0_v3" 201 - "PUT http://[::1]:8080/2/175798/AUTH_71f03d698f7645fb92ce29512b9f0297/gnocchi.50d5877f-3876-4ccc-ad43-1b163a23d1e1/1763640000.0_mean_300.0_v3" "txa71fb89b54a74ab78af43-00692e3570" "object-server 94054" 0.0004 "-" 93752 0
Dec 01 19:40:16 np0005541722.novalocal object-server[94054]: ::1 - - [02/Dec/2025:00:40:16 +0000] "PUT /2/175798/AUTH_71f03d698f7645fb92ce29512b9f0297/gnocchi.50d5877f-3876-4ccc-ad43-1b163a23d1e1/1763640000.0_mean_300.0_v3" 201 - "PUT http://[::1]:8080/v1/AUTH_71f03d698f7645fb92ce29512b9f0297/gnocchi.50d5877f-3876-4ccc-ad43-1b163a23d1e1/1763640000.0_mean_300.0_v3" "txa71fb89b54a74ab78af43-00692e3570" "proxy-server 86829" 0.0199 "-" 94054 0
Dec 01 19:40:16 np0005541722.novalocal object-server[94054]: ::1 - - [02/Dec/2025:00:40:16 +0000] "PUT /1/175798/AUTH_71f03d698f7645fb92ce29512b9f0297/gnocchi.50d5877f-3876-4ccc-ad43-1b163a23d1e1/1763640000.0_mean_300.0_v3" 201 - "PUT http://[::1]:8080/v1/AUTH_71f03d698f7645fb92ce29512b9f0297/gnocchi.50d5877f-3876-4ccc-ad43-1b163a23d1e1/1763640000.0_mean_300.0_v3" "txa71fb89b54a74ab78af43-00692e3570" "proxy-server 86829" 0.0221 "-" 94054 0
Dec 01 19:40:16 np0005541722.novalocal proxy-server[86829]: ::1 ::1 02/Dec/2025/00/40/16 PUT /v1/AUTH_71f03d698f7645fb92ce29512b9f0297/gnocchi.50d5877f-3876-4ccc-ad43-1b163a23d1e1/1763640000.0_mean_300.0_v3 HTTP/1.0 201 - python-swiftclient-4.2.0 gAAAAABpLjU42Jqt... 16 - - txa71fb89b54a74ab78af43-00692e3570 - 0.0295 - - 1764636016.737704039 1764636016.767199516 0
Dec 01 19:40:16 np0005541722.novalocal container-server[93751]: ::1 - - [02/Dec/2025:00:40:16 +0000] "HEAD /1/257094/AUTH_71f03d698f7645fb92ce29512b9f0297/gnocchi.32ec19b2-c651-4ef3-8e0b-aed6d993322c" 404 - "HEAD http://[::1]:8080/v1/AUTH_71f03d698f7645fb92ce29512b9f0297/gnocchi.32ec19b2-c651-4ef3-8e0b-aed6d993322c?format=json&states=listing" "tx8f018d718b6f4c3f992b3-00692e3570" "proxy-server 86829" 0.0004 "-" 93751 0
Dec 01 19:40:16 np0005541722.novalocal container-server[93750]: ::1 - - [02/Dec/2025:00:40:16 +0000] "HEAD /3/257094/AUTH_71f03d698f7645fb92ce29512b9f0297/gnocchi.32ec19b2-c651-4ef3-8e0b-aed6d993322c" 404 - "HEAD http://[::1]:8080/v1/AUTH_71f03d698f7645fb92ce29512b9f0297/gnocchi.32ec19b2-c651-4ef3-8e0b-aed6d993322c?format=json&states=listing" "tx8f018d718b6f4c3f992b3-00692e3570" "proxy-server 86829" 0.0004 "-" 93750 0
Dec 01 19:40:16 np0005541722.novalocal container-server[93750]: ::1 - - [02/Dec/2025:00:40:16 +0000] "HEAD /2/257094/AUTH_71f03d698f7645fb92ce29512b9f0297/gnocchi.32ec19b2-c651-4ef3-8e0b-aed6d993322c" 404 - "HEAD http://[::1]:8080/v1/AUTH_71f03d698f7645fb92ce29512b9f0297/gnocchi.32ec19b2-c651-4ef3-8e0b-aed6d993322c?format=json&states=listing" "tx8f018d718b6f4c3f992b3-00692e3570" "proxy-server 86829" 0.0067 "-" 93750 0
Dec 01 19:40:16 np0005541722.novalocal object-server[94054]: ::1 - - [02/Dec/2025:00:40:16 +0000] "GET /1/195727/AUTH_71f03d698f7645fb92ce29512b9f0297/gnocchi.32ec19b2-c651-4ef3-8e0b-aed6d993322c/none_v3" 404 70 "GET http://[::1]:8080/v1/AUTH_71f03d698f7645fb92ce29512b9f0297/gnocchi.32ec19b2-c651-4ef3-8e0b-aed6d993322c/none_v3" "tx8f018d718b6f4c3f992b3-00692e3570" "proxy-server 86829" 0.0002 "-" 94054 0
Dec 01 19:40:16 np0005541722.novalocal container-server[93751]: ::1 - - [02/Dec/2025:00:40:16 +0000] "PUT /2/243901/AUTH_71f03d698f7645fb92ce29512b9f0297/gnocchi.50d5877f-3876-4ccc-ad43-1b163a23d1e1/none_v3" 201 - "PUT http://[::1]:8080/1/19242/AUTH_71f03d698f7645fb92ce29512b9f0297/gnocchi.50d5877f-3876-4ccc-ad43-1b163a23d1e1/none_v3" "tx25a38e7cde7044f1ac5e2-00692e3570" "object-server 94054" 0.0012 "-" 93751 0
Dec 01 19:40:16 np0005541722.novalocal object-server[94054]: ::1 - - [02/Dec/2025:00:40:16 +0000] "PUT /1/19242/AUTH_71f03d698f7645fb92ce29512b9f0297/gnocchi.50d5877f-3876-4ccc-ad43-1b163a23d1e1/none_v3" 201 - "PUT http://[::1]:8080/v1/AUTH_71f03d698f7645fb92ce29512b9f0297/gnocchi.50d5877f-3876-4ccc-ad43-1b163a23d1e1/none_v3" "tx25a38e7cde7044f1ac5e2-00692e3570" "proxy-server 86829" 0.0232 "-" 94054 0
Dec 01 19:40:16 np0005541722.novalocal object-server[94055]: ::1 - - [02/Dec/2025:00:40:16 +0000] "GET /3/195727/AUTH_71f03d698f7645fb92ce29512b9f0297/gnocchi.32ec19b2-c651-4ef3-8e0b-aed6d993322c/none_v3" 404 70 "GET http://[::1]:8080/v1/AUTH_71f03d698f7645fb92ce29512b9f0297/gnocchi.32ec19b2-c651-4ef3-8e0b-aed6d993322c/none_v3" "tx8f018d718b6f4c3f992b3-00692e3570" "proxy-server 86829" 0.0003 "-" 94055 0
Dec 01 19:40:16 np0005541722.novalocal container-server[93751]: ::1 - - [02/Dec/2025:00:40:16 +0000] "PUT /1/243901/AUTH_71f03d698f7645fb92ce29512b9f0297/gnocchi.50d5877f-3876-4ccc-ad43-1b163a23d1e1/none_v3" 201 - "PUT http://[::1]:8080/3/19242/AUTH_71f03d698f7645fb92ce29512b9f0297/gnocchi.50d5877f-3876-4ccc-ad43-1b163a23d1e1/none_v3" "tx25a38e7cde7044f1ac5e2-00692e3570" "object-server 94057" 0.0005 "-" 93751 0
Dec 01 19:40:16 np0005541722.novalocal object-server[94057]: ::1 - - [02/Dec/2025:00:40:16 +0000] "PUT /3/19242/AUTH_71f03d698f7645fb92ce29512b9f0297/gnocchi.50d5877f-3876-4ccc-ad43-1b163a23d1e1/none_v3" 201 - "PUT http://[::1]:8080/v1/AUTH_71f03d698f7645fb92ce29512b9f0297/gnocchi.50d5877f-3876-4ccc-ad43-1b163a23d1e1/none_v3" "tx25a38e7cde7044f1ac5e2-00692e3570" "proxy-server 86829" 0.0211 "-" 94057 0
Dec 01 19:40:16 np0005541722.novalocal object-server[94056]: ::1 - - [02/Dec/2025:00:40:16 +0000] "GET /2/195727/AUTH_71f03d698f7645fb92ce29512b9f0297/gnocchi.32ec19b2-c651-4ef3-8e0b-aed6d993322c/none_v3" 404 70 "GET http://[::1]:8080/v1/AUTH_71f03d698f7645fb92ce29512b9f0297/gnocchi.32ec19b2-c651-4ef3-8e0b-aed6d993322c/none_v3" "tx8f018d718b6f4c3f992b3-00692e3570" "proxy-server 86829" 0.0003 "-" 94056 0
Dec 01 19:40:16 np0005541722.novalocal proxy-server[86829]: ::1 ::1 02/Dec/2025/00/40/16 GET /v1/AUTH_71f03d698f7645fb92ce29512b9f0297/gnocchi.32ec19b2-c651-4ef3-8e0b-aed6d993322c/none_v3 HTTP/1.0 404 - python-swiftclient-4.2.0 gAAAAABpLjUvHoCr... - 70 - tx8f018d718b6f4c3f992b3-00692e3570 - 0.0415 - - 1764636016.761524677 1764636016.803002596 0
Dec 01 19:40:16 np0005541722.novalocal container-server[93751]: ::1 - - [02/Dec/2025:00:40:16 +0000] "PUT /3/243901/AUTH_71f03d698f7645fb92ce29512b9f0297/gnocchi.50d5877f-3876-4ccc-ad43-1b163a23d1e1/none_v3" 201 - "PUT http://[::1]:8080/2/19242/AUTH_71f03d698f7645fb92ce29512b9f0297/gnocchi.50d5877f-3876-4ccc-ad43-1b163a23d1e1/none_v3" "tx25a38e7cde7044f1ac5e2-00692e3570" "object-server 94057" 0.0003 "-" 93751 0
Dec 01 19:40:16 np0005541722.novalocal object-server[94057]: ::1 - - [02/Dec/2025:00:40:16 +0000] "PUT /2/19242/AUTH_71f03d698f7645fb92ce29512b9f0297/gnocchi.50d5877f-3876-4ccc-ad43-1b163a23d1e1/none_v3" 201 - "PUT http://[::1]:8080/v1/AUTH_71f03d698f7645fb92ce29512b9f0297/gnocchi.50d5877f-3876-4ccc-ad43-1b163a23d1e1/none_v3" "tx25a38e7cde7044f1ac5e2-00692e3570" "proxy-server 86829" 0.0388 "-" 94057 0
Dec 01 19:40:16 np0005541722.novalocal proxy-server[86829]: ::1 ::1 02/Dec/2025/00/40/16 PUT /v1/AUTH_71f03d698f7645fb92ce29512b9f0297/gnocchi.50d5877f-3876-4ccc-ad43-1b163a23d1e1/none_v3 HTTP/1.0 201 - python-swiftclient-4.2.0 gAAAAABpLjU42Jqt... 22 - - tx25a38e7cde7044f1ac5e2-00692e3570 - 0.0529 - - 1764636016.770204067 1764636016.823140144 0
Dec 01 19:40:16 np0005541722.novalocal account-server[93455]: ::1 - - [02/Dec/2025:00:40:16 +0000] "PUT /1/177703/AUTH_71f03d698f7645fb92ce29512b9f0297/gnocchi.32ec19b2-c651-4ef3-8e0b-aed6d993322c" 201 - "PUT http://[::1]:6001/2/257094/AUTH_71f03d698f7645fb92ce29512b9f0297/gnocchi.32ec19b2-c651-4ef3-8e0b-aed6d993322c" "tx62c016d0e6f34f008ca33-00692e3570" "container-server 93751" 0.0033 "-" 93455 0
Dec 01 19:40:16 np0005541722.novalocal container-server[93751]: ::1 - - [02/Dec/2025:00:40:16 +0000] "PUT /2/257094/AUTH_71f03d698f7645fb92ce29512b9f0297/gnocchi.32ec19b2-c651-4ef3-8e0b-aed6d993322c" 201 - "PUT http://[::1]:8080/v1/AUTH_71f03d698f7645fb92ce29512b9f0297/gnocchi.32ec19b2-c651-4ef3-8e0b-aed6d993322c" "tx62c016d0e6f34f008ca33-00692e3570" "proxy-server 86829" 0.0139 "-" 93751 0
Dec 01 19:40:16 np0005541722.novalocal account-server[93452]: ::1 - - [02/Dec/2025:00:40:16 +0000] "PUT /3/177703/AUTH_71f03d698f7645fb92ce29512b9f0297/gnocchi.32ec19b2-c651-4ef3-8e0b-aed6d993322c" 201 - "PUT http://[::1]:6001/3/257094/AUTH_71f03d698f7645fb92ce29512b9f0297/gnocchi.32ec19b2-c651-4ef3-8e0b-aed6d993322c" "tx62c016d0e6f34f008ca33-00692e3570" "container-server 93753" 0.0041 "-" 93452 0
Dec 01 19:40:16 np0005541722.novalocal account-server[93452]: ::1 - - [02/Dec/2025:00:40:16 +0000] "PUT /2/177703/AUTH_71f03d698f7645fb92ce29512b9f0297/gnocchi.32ec19b2-c651-4ef3-8e0b-aed6d993322c" 201 - "PUT http://[::1]:6001/1/257094/AUTH_71f03d698f7645fb92ce29512b9f0297/gnocchi.32ec19b2-c651-4ef3-8e0b-aed6d993322c" "tx62c016d0e6f34f008ca33-00692e3570" "container-server 93750" 0.0032 "-" 93452 0
Dec 01 19:40:16 np0005541722.novalocal container-server[93750]: ::1 - - [02/Dec/2025:00:40:16 +0000] "PUT /1/257094/AUTH_71f03d698f7645fb92ce29512b9f0297/gnocchi.32ec19b2-c651-4ef3-8e0b-aed6d993322c" 201 - "PUT http://[::1]:8080/v1/AUTH_71f03d698f7645fb92ce29512b9f0297/gnocchi.32ec19b2-c651-4ef3-8e0b-aed6d993322c" "tx62c016d0e6f34f008ca33-00692e3570" "proxy-server 86829" 0.0214 "-" 93750 0
Dec 01 19:40:16 np0005541722.novalocal container-server[93753]: ::1 - - [02/Dec/2025:00:40:16 +0000] "PUT /3/257094/AUTH_71f03d698f7645fb92ce29512b9f0297/gnocchi.32ec19b2-c651-4ef3-8e0b-aed6d993322c" 201 - "PUT http://[::1]:8080/v1/AUTH_71f03d698f7645fb92ce29512b9f0297/gnocchi.32ec19b2-c651-4ef3-8e0b-aed6d993322c" "tx62c016d0e6f34f008ca33-00692e3570" "proxy-server 86829" 0.0212 "-" 93753 0
Dec 01 19:40:16 np0005541722.novalocal proxy-server[86829]: ::1 ::1 02/Dec/2025/00/40/16 PUT /v1/AUTH_71f03d698f7645fb92ce29512b9f0297/gnocchi.32ec19b2-c651-4ef3-8e0b-aed6d993322c HTTP/1.0 201 - python-swiftclient-4.2.0 gAAAAABpLjUvHoCr... - - - tx62c016d0e6f34f008ca33-00692e3570 - 0.0266 - - 1764636016.805553436 1764636016.832136154 0
Dec 01 19:40:16 np0005541722.novalocal container-server[93751]: ::1 - - [02/Dec/2025:00:40:16 +0000] "HEAD /2/257094/AUTH_71f03d698f7645fb92ce29512b9f0297/gnocchi.32ec19b2-c651-4ef3-8e0b-aed6d993322c" 204 - "HEAD http://[::1]:8080/v1/AUTH_71f03d698f7645fb92ce29512b9f0297/gnocchi.32ec19b2-c651-4ef3-8e0b-aed6d993322c?format=json&states=listing" "tx63f3751fa95a4b3cb3724-00692e3570" "proxy-server 86829" 0.0012 "-" 93751 0
Dec 01 19:40:16 np0005541722.novalocal container-server[93752]: ::1 - - [02/Dec/2025:00:40:16 +0000] "HEAD /3/166954/AUTH_71f03d698f7645fb92ce29512b9f0297/gnocchi.663cfe07-2b1b-4305-b308-8c1a408523b1" 404 - "HEAD http://[::1]:8080/v1/AUTH_71f03d698f7645fb92ce29512b9f0297/gnocchi.663cfe07-2b1b-4305-b308-8c1a408523b1?format=json&states=listing" "tx59bb3fd9b97a4a68b0916-00692e3570" "proxy-server 86829" 0.0007 "-" 93752 0
Dec 01 19:40:16 np0005541722.novalocal container-server[93752]: ::1 - - [02/Dec/2025:00:40:16 +0000] "GET /3/257094/AUTH_71f03d698f7645fb92ce29512b9f0297/gnocchi.32ec19b2-c651-4ef3-8e0b-aed6d993322c" 200 2 "GET http://[::1]:8080/v1/AUTH_71f03d698f7645fb92ce29512b9f0297/gnocchi.32ec19b2-c651-4ef3-8e0b-aed6d993322c?format=json&states=listing" "tx63f3751fa95a4b3cb3724-00692e3570" "proxy-server 86829" 0.0019 "-" 93752 0
Dec 01 19:40:16 np0005541722.novalocal proxy-server[86829]: ::1 ::1 02/Dec/2025/00/40/16 GET /v1/AUTH_71f03d698f7645fb92ce29512b9f0297/gnocchi.32ec19b2-c651-4ef3-8e0b-aed6d993322c%3Fformat%3Djson%26states%3Dlisting HTTP/1.0 200 - python-swiftclient-4.2.0 gAAAAABpLjUvHoCr... - 2 - tx63f3751fa95a4b3cb3724-00692e3570 - 0.0133 - - 1764636016.835697174 1764636016.849041462 0
Dec 01 19:40:16 np0005541722.novalocal container-server[93752]: ::1 - - [02/Dec/2025:00:40:16 +0000] "HEAD /2/166954/AUTH_71f03d698f7645fb92ce29512b9f0297/gnocchi.663cfe07-2b1b-4305-b308-8c1a408523b1" 404 - "HEAD http://[::1]:8080/v1/AUTH_71f03d698f7645fb92ce29512b9f0297/gnocchi.663cfe07-2b1b-4305-b308-8c1a408523b1?format=json&states=listing" "tx59bb3fd9b97a4a68b0916-00692e3570" "proxy-server 86829" 0.0002 "-" 93752 0
Dec 01 19:40:16 np0005541722.novalocal container-server[93750]: ::1 - - [02/Dec/2025:00:40:16 +0000] "HEAD /1/166954/AUTH_71f03d698f7645fb92ce29512b9f0297/gnocchi.663cfe07-2b1b-4305-b308-8c1a408523b1" 404 - "HEAD http://[::1]:8080/v1/AUTH_71f03d698f7645fb92ce29512b9f0297/gnocchi.663cfe07-2b1b-4305-b308-8c1a408523b1?format=json&states=listing" "tx59bb3fd9b97a4a68b0916-00692e3570" "proxy-server 86829" 0.0004 "-" 93750 0
Dec 01 19:40:16 np0005541722.novalocal object-server[94056]: ::1 - - [02/Dec/2025:00:40:16 +0000] "GET /2/9818/AUTH_71f03d698f7645fb92ce29512b9f0297/gnocchi.663cfe07-2b1b-4305-b308-8c1a408523b1/none_v3" 404 70 "GET http://[::1]:8080/v1/AUTH_71f03d698f7645fb92ce29512b9f0297/gnocchi.663cfe07-2b1b-4305-b308-8c1a408523b1/none_v3" "tx59bb3fd9b97a4a68b0916-00692e3570" "proxy-server 86829" 0.0003 "-" 94056 0
Dec 01 19:40:16 np0005541722.novalocal object-server[94056]: ::1 - - [02/Dec/2025:00:40:16 +0000] "GET /2/101437/AUTH_71f03d698f7645fb92ce29512b9f0297/gnocchi.32ec19b2-c651-4ef3-8e0b-aed6d993322c/1763640000.0_mean_300.0_v3" 404 70 "GET http://[::1]:8080/v1/AUTH_71f03d698f7645fb92ce29512b9f0297/gnocchi.32ec19b2-c651-4ef3-8e0b-aed6d993322c/1763640000.0_mean_300.0_v3" "tx9aeb9366e9524bba98750-00692e3570" "proxy-server 86829" 0.0001 "-" 94056 0
Dec 01 19:40:16 np0005541722.novalocal object-server[94055]: ::1 - - [02/Dec/2025:00:40:16 +0000] "GET /1/9818/AUTH_71f03d698f7645fb92ce29512b9f0297/gnocchi.663cfe07-2b1b-4305-b308-8c1a408523b1/none_v3" 404 70 "GET http://[::1]:8080/v1/AUTH_71f03d698f7645fb92ce29512b9f0297/gnocchi.663cfe07-2b1b-4305-b308-8c1a408523b1/none_v3" "tx59bb3fd9b97a4a68b0916-00692e3570" "proxy-server 86829" 0.0004 "-" 94055 0
Dec 01 19:40:16 np0005541722.novalocal object-server[94057]: ::1 - - [02/Dec/2025:00:40:16 +0000] "GET /3/101437/AUTH_71f03d698f7645fb92ce29512b9f0297/gnocchi.32ec19b2-c651-4ef3-8e0b-aed6d993322c/1763640000.0_mean_300.0_v3" 404 70 "GET http://[::1]:8080/v1/AUTH_71f03d698f7645fb92ce29512b9f0297/gnocchi.32ec19b2-c651-4ef3-8e0b-aed6d993322c/1763640000.0_mean_300.0_v3" "tx9aeb9366e9524bba98750-00692e3570" "proxy-server 86829" 0.0003 "-" 94057 0
Dec 01 19:40:16 np0005541722.novalocal object-server[94057]: ::1 - - [02/Dec/2025:00:40:16 +0000] "GET /3/9818/AUTH_71f03d698f7645fb92ce29512b9f0297/gnocchi.663cfe07-2b1b-4305-b308-8c1a408523b1/none_v3" 404 70 "GET http://[::1]:8080/v1/AUTH_71f03d698f7645fb92ce29512b9f0297/gnocchi.663cfe07-2b1b-4305-b308-8c1a408523b1/none_v3" "tx59bb3fd9b97a4a68b0916-00692e3570" "proxy-server 86829" 0.0002 "-" 94057 0
Dec 01 19:40:16 np0005541722.novalocal proxy-server[86829]: ::1 ::1 02/Dec/2025/00/40/16 GET /v1/AUTH_71f03d698f7645fb92ce29512b9f0297/gnocchi.663cfe07-2b1b-4305-b308-8c1a408523b1/none_v3 HTTP/1.0 404 - python-swiftclient-4.2.0 gAAAAABpLjU42Jqt... - 70 - tx59bb3fd9b97a4a68b0916-00692e3570 - 0.0245 - - 1764636016.839770555 1764636016.864293575 0
Dec 01 19:40:16 np0005541722.novalocal object-server[94057]: ::1 - - [02/Dec/2025:00:40:16 +0000] "GET /1/101437/AUTH_71f03d698f7645fb92ce29512b9f0297/gnocchi.32ec19b2-c651-4ef3-8e0b-aed6d993322c/1763640000.0_mean_300.0_v3" 404 70 "GET http://[::1]:8080/v1/AUTH_71f03d698f7645fb92ce29512b9f0297/gnocchi.32ec19b2-c651-4ef3-8e0b-aed6d993322c/1763640000.0_mean_300.0_v3" "tx9aeb9366e9524bba98750-00692e3570" "proxy-server 86829" 0.0001 "-" 94057 0
Dec 01 19:40:16 np0005541722.novalocal proxy-server[86829]: ::1 ::1 02/Dec/2025/00/40/16 GET /v1/AUTH_71f03d698f7645fb92ce29512b9f0297/gnocchi.32ec19b2-c651-4ef3-8e0b-aed6d993322c/1763640000.0_mean_300.0_v3 HTTP/1.0 404 - python-swiftclient-4.2.0 gAAAAABpLjUvHoCr... - 70 - tx9aeb9366e9524bba98750-00692e3570 - 0.0116 - - 1764636016.853949785 1764636016.865570307 0
Dec 01 19:40:16 np0005541722.novalocal container-server[93751]: ::1 - - [02/Dec/2025:00:40:16 +0000] "PUT /1/257094/AUTH_71f03d698f7645fb92ce29512b9f0297/gnocchi.32ec19b2-c651-4ef3-8e0b-aed6d993322c/1763640000.0_mean_300.0_v3" 201 - "PUT http://[::1]:8080/1/101437/AUTH_71f03d698f7645fb92ce29512b9f0297/gnocchi.32ec19b2-c651-4ef3-8e0b-aed6d993322c/1763640000.0_mean_300.0_v3" "tx060eb6bd78be4b74bf944-00692e3570" "object-server 94054" 0.0005 "-" 93751 0
Dec 01 19:40:16 np0005541722.novalocal object-server[94054]: ::1 - - [02/Dec/2025:00:40:16 +0000] "PUT /1/101437/AUTH_71f03d698f7645fb92ce29512b9f0297/gnocchi.32ec19b2-c651-4ef3-8e0b-aed6d993322c/1763640000.0_mean_300.0_v3" 201 - "PUT http://[::1]:8080/v1/AUTH_71f03d698f7645fb92ce29512b9f0297/gnocchi.32ec19b2-c651-4ef3-8e0b-aed6d993322c/1763640000.0_mean_300.0_v3" "tx060eb6bd78be4b74bf944-00692e3570" "proxy-server 86829" 0.0126 "-" 94054 0
Dec 01 19:40:16 np0005541722.novalocal container-server[93751]: ::1 - - [02/Dec/2025:00:40:16 +0000] "PUT /3/257094/AUTH_71f03d698f7645fb92ce29512b9f0297/gnocchi.32ec19b2-c651-4ef3-8e0b-aed6d993322c/1763640000.0_mean_300.0_v3" 201 - "PUT http://[::1]:8080/2/101437/AUTH_71f03d698f7645fb92ce29512b9f0297/gnocchi.32ec19b2-c651-4ef3-8e0b-aed6d993322c/1763640000.0_mean_300.0_v3" "tx060eb6bd78be4b74bf944-00692e3570" "object-server 94057" 0.0004 "-" 93751 0
Dec 01 19:40:16 np0005541722.novalocal account-server[93452]: ::1 - - [02/Dec/2025:00:40:16 +0000] "PUT /2/177703/AUTH_71f03d698f7645fb92ce29512b9f0297/gnocchi.663cfe07-2b1b-4305-b308-8c1a408523b1" 201 - "PUT http://[::1]:6001/3/166954/AUTH_71f03d698f7645fb92ce29512b9f0297/gnocchi.663cfe07-2b1b-4305-b308-8c1a408523b1" "tx56d33f0e02bb499b9f7fc-00692e3570" "container-server 93750" 0.0053 "-" 93452 0
Dec 01 19:40:16 np0005541722.novalocal object-server[94057]: ::1 - - [02/Dec/2025:00:40:16 +0000] "PUT /2/101437/AUTH_71f03d698f7645fb92ce29512b9f0297/gnocchi.32ec19b2-c651-4ef3-8e0b-aed6d993322c/1763640000.0_mean_300.0_v3" 201 - "PUT http://[::1]:8080/v1/AUTH_71f03d698f7645fb92ce29512b9f0297/gnocchi.32ec19b2-c651-4ef3-8e0b-aed6d993322c/1763640000.0_mean_300.0_v3" "tx060eb6bd78be4b74bf944-00692e3570" "proxy-server 86829" 0.0165 "-" 94057 0
Dec 01 19:40:16 np0005541722.novalocal container-server[93750]: ::1 - - [02/Dec/2025:00:40:16 +0000] "PUT /2/257094/AUTH_71f03d698f7645fb92ce29512b9f0297/gnocchi.32ec19b2-c651-4ef3-8e0b-aed6d993322c/1763640000.0_mean_300.0_v3" 201 - "PUT http://[::1]:8080/3/101437/AUTH_71f03d698f7645fb92ce29512b9f0297/gnocchi.32ec19b2-c651-4ef3-8e0b-aed6d993322c/1763640000.0_mean_300.0_v3" "tx060eb6bd78be4b74bf944-00692e3570" "object-server 94054" 0.0005 "-" 93750 0
Dec 01 19:40:16 np0005541722.novalocal object-server[94054]: ::1 - - [02/Dec/2025:00:40:16 +0000] "PUT /3/101437/AUTH_71f03d698f7645fb92ce29512b9f0297/gnocchi.32ec19b2-c651-4ef3-8e0b-aed6d993322c/1763640000.0_mean_300.0_v3" 201 - "PUT http://[::1]:8080/v1/AUTH_71f03d698f7645fb92ce29512b9f0297/gnocchi.32ec19b2-c651-4ef3-8e0b-aed6d993322c/1763640000.0_mean_300.0_v3" "tx060eb6bd78be4b74bf944-00692e3570" "proxy-server 86829" 0.0325 "-" 94054 0
Dec 01 19:40:16 np0005541722.novalocal container-server[93750]: ::1 - - [02/Dec/2025:00:40:16 +0000] "PUT /3/166954/AUTH_71f03d698f7645fb92ce29512b9f0297/gnocchi.663cfe07-2b1b-4305-b308-8c1a408523b1" 201 - "PUT http://[::1]:8080/v1/AUTH_71f03d698f7645fb92ce29512b9f0297/gnocchi.663cfe07-2b1b-4305-b308-8c1a408523b1" "tx56d33f0e02bb499b9f7fc-00692e3570" "proxy-server 86829" 0.0360 "-" 93750 0
Dec 01 19:40:16 np0005541722.novalocal proxy-server[86829]: ::1 ::1 02/Dec/2025/00/40/16 PUT /v1/AUTH_71f03d698f7645fb92ce29512b9f0297/gnocchi.32ec19b2-c651-4ef3-8e0b-aed6d993322c/1763640000.0_mean_300.0_v3 HTTP/1.0 201 - python-swiftclient-4.2.0 gAAAAABpLjUvHoCr... 16 - - tx060eb6bd78be4b74bf944-00692e3570 - 0.0415 - - 1764636016.867882967 1764636016.909421206 0
Dec 01 19:40:16 np0005541722.novalocal account-server[93452]: ::1 - - [02/Dec/2025:00:40:16 +0000] "PUT /1/177703/AUTH_71f03d698f7645fb92ce29512b9f0297/gnocchi.663cfe07-2b1b-4305-b308-8c1a408523b1" 201 - "PUT http://[::1]:6001/1/166954/AUTH_71f03d698f7645fb92ce29512b9f0297/gnocchi.663cfe07-2b1b-4305-b308-8c1a408523b1" "tx56d33f0e02bb499b9f7fc-00692e3570" "container-server 93750" 0.0040 "-" 93452 0
Dec 01 19:40:16 np0005541722.novalocal container-server[93750]: ::1 - - [02/Dec/2025:00:40:16 +0000] "PUT /1/166954/AUTH_71f03d698f7645fb92ce29512b9f0297/gnocchi.663cfe07-2b1b-4305-b308-8c1a408523b1" 201 - "PUT http://[::1]:8080/v1/AUTH_71f03d698f7645fb92ce29512b9f0297/gnocchi.663cfe07-2b1b-4305-b308-8c1a408523b1" "tx56d33f0e02bb499b9f7fc-00692e3570" "proxy-server 86829" 0.0255 "-" 93750 0
Dec 01 19:40:16 np0005541722.novalocal account-server[93455]: ::1 - - [02/Dec/2025:00:40:16 +0000] "PUT /3/177703/AUTH_71f03d698f7645fb92ce29512b9f0297/gnocchi.663cfe07-2b1b-4305-b308-8c1a408523b1" 201 - "PUT http://[::1]:6001/2/166954/AUTH_71f03d698f7645fb92ce29512b9f0297/gnocchi.663cfe07-2b1b-4305-b308-8c1a408523b1" "tx56d33f0e02bb499b9f7fc-00692e3570" "container-server 93750" 0.0046 "-" 93455 0
Dec 01 19:40:16 np0005541722.novalocal container-server[93750]: ::1 - - [02/Dec/2025:00:40:16 +0000] "PUT /2/166954/AUTH_71f03d698f7645fb92ce29512b9f0297/gnocchi.663cfe07-2b1b-4305-b308-8c1a408523b1" 201 - "PUT http://[::1]:8080/v1/AUTH_71f03d698f7645fb92ce29512b9f0297/gnocchi.663cfe07-2b1b-4305-b308-8c1a408523b1" "tx56d33f0e02bb499b9f7fc-00692e3570" "proxy-server 86829" 0.0162 "-" 93750 0
Dec 01 19:40:16 np0005541722.novalocal proxy-server[86829]: ::1 ::1 02/Dec/2025/00/40/16 PUT /v1/AUTH_71f03d698f7645fb92ce29512b9f0297/gnocchi.663cfe07-2b1b-4305-b308-8c1a408523b1 HTTP/1.0 201 - python-swiftclient-4.2.0 gAAAAABpLjU42Jqt... - - - tx56d33f0e02bb499b9f7fc-00692e3570 - 0.0538 - - 1764636016.867241144 1764636016.921074152 0
Dec 01 19:40:16 np0005541722.novalocal container-server[93753]: ::1 - - [02/Dec/2025:00:40:16 +0000] "HEAD /1/166954/AUTH_71f03d698f7645fb92ce29512b9f0297/gnocchi.663cfe07-2b1b-4305-b308-8c1a408523b1" 204 - "HEAD http://[::1]:8080/v1/AUTH_71f03d698f7645fb92ce29512b9f0297/gnocchi.663cfe07-2b1b-4305-b308-8c1a408523b1?format=json&states=listing" "tx3955fa98eb6b474db713a-00692e3570" "proxy-server 86829" 0.0012 "-" 93753 0
Dec 01 19:40:16 np0005541722.novalocal container-server[93752]: ::1 - - [02/Dec/2025:00:40:16 +0000] "PUT /1/257094/AUTH_71f03d698f7645fb92ce29512b9f0297/gnocchi.32ec19b2-c651-4ef3-8e0b-aed6d993322c/none_v3" 201 - "PUT http://[::1]:8080/3/195727/AUTH_71f03d698f7645fb92ce29512b9f0297/gnocchi.32ec19b2-c651-4ef3-8e0b-aed6d993322c/none_v3" "txebac851264ef4f02a36cf-00692e3570" "object-server 94054" 0.0005 "-" 93752 0
Dec 01 19:40:16 np0005541722.novalocal container-server[93750]: ::1 - - [02/Dec/2025:00:40:16 +0000] "PUT /3/257094/AUTH_71f03d698f7645fb92ce29512b9f0297/gnocchi.32ec19b2-c651-4ef3-8e0b-aed6d993322c/none_v3" 201 - "PUT http://[::1]:8080/2/195727/AUTH_71f03d698f7645fb92ce29512b9f0297/gnocchi.32ec19b2-c651-4ef3-8e0b-aed6d993322c/none_v3" "txebac851264ef4f02a36cf-00692e3570" "object-server 94056" 0.0004 "-" 93750 0
Dec 01 19:40:16 np0005541722.novalocal object-server[94054]: ::1 - - [02/Dec/2025:00:40:16 +0000] "PUT /3/195727/AUTH_71f03d698f7645fb92ce29512b9f0297/gnocchi.32ec19b2-c651-4ef3-8e0b-aed6d993322c/none_v3" 201 - "PUT http://[::1]:8080/v1/AUTH_71f03d698f7645fb92ce29512b9f0297/gnocchi.32ec19b2-c651-4ef3-8e0b-aed6d993322c/none_v3" "txebac851264ef4f02a36cf-00692e3570" "proxy-server 86829" 0.0103 "-" 94054 0
