Dec 01 19:40:07 np0005541722.novalocal object-server[94054]: ::1 - - [02/Dec/2025:00:40:07 +0000] "PUT /1/233745/AUTH_71f03d698f7645fb92ce29512b9f0297/gnocchi.4dcd6754-a4ab-46f9-9363-f5278812f9fe/none_v3" 201 - "PUT http://[::1]:8080/v1/AUTH_71f03d698f7645fb92ce29512b9f0297/gnocchi.4dcd6754-a4ab-46f9-9363-f5278812f9fe/none_v3" "tx84e767795e8f4c1dbf0e5-00692e3567" "proxy-server 86829" 0.0116 "-" 94054 0
Dec 01 19:40:07 np0005541722.novalocal container-server[93752]: ::1 - - [02/Dec/2025:00:40:07 +0000] "PUT /2/49832/AUTH_71f03d698f7645fb92ce29512b9f0297/gnocchi.4dcd6754-a4ab-46f9-9363-f5278812f9fe/none_v3" 201 - "PUT http://[::1]:8080/3/233745/AUTH_71f03d698f7645fb92ce29512b9f0297/gnocchi.4dcd6754-a4ab-46f9-9363-f5278812f9fe/none_v3" "tx84e767795e8f4c1dbf0e5-00692e3567" "object-server 94056" 0.0005 "-" 93752 0
Dec 01 19:40:07 np0005541722.novalocal proxy-server[86829]: ::1 ::1 02/Dec/2025/00/40/07 PUT /v1/AUTH_71f03d698f7645fb92ce29512b9f0297/gnocchi.39542c74-2851-40af-9701-ff15b32e27ae/none_v3 HTTP/1.0 201 - python-swiftclient-4.2.0 gAAAAABpLjU42Jqt... 31 - - tx8ccc9991ce7a4de698e3e-00692e3567 - 0.0236 - - 1764636007.483657837 1764636007.507288694 0
Dec 01 19:40:07 np0005541722.novalocal object-server[94056]: ::1 - - [02/Dec/2025:00:40:07 +0000] "PUT /3/233745/AUTH_71f03d698f7645fb92ce29512b9f0297/gnocchi.4dcd6754-a4ab-46f9-9363-f5278812f9fe/none_v3" 201 - "PUT http://[::1]:8080/v1/AUTH_71f03d698f7645fb92ce29512b9f0297/gnocchi.4dcd6754-a4ab-46f9-9363-f5278812f9fe/none_v3" "tx84e767795e8f4c1dbf0e5-00692e3567" "proxy-server 86829" 0.0123 "-" 94056 0
Dec 01 19:40:07 np0005541722.novalocal proxy-server[86829]: ::1 ::1 02/Dec/2025/00/40/07 PUT /v1/AUTH_71f03d698f7645fb92ce29512b9f0297/gnocchi.4dcd6754-a4ab-46f9-9363-f5278812f9fe/none_v3 HTTP/1.0 201 - python-swiftclient-4.2.0 gAAAAABpLjUvHoCr... 30 - - tx84e767795e8f4c1dbf0e5-00692e3567 - 0.0274 - - 1764636007.482281208 1764636007.509711266 0
Dec 01 19:40:07 np0005541722.novalocal kernel: qbr6ea8bd63-46: port 2(tap6ea8bd63-46) entered blocking state
Dec 01 19:40:07 np0005541722.novalocal kernel: qbr6ea8bd63-46: port 2(tap6ea8bd63-46) entered disabled state
Dec 01 19:40:07 np0005541722.novalocal kernel: tap6ea8bd63-46: entered allmulticast mode
Dec 01 19:40:07 np0005541722.novalocal kernel: tap6ea8bd63-46: entered promiscuous mode
Dec 01 19:40:07 np0005541722.novalocal NetworkManager[858]: [1764636007.5648] manager: (tap6ea8bd63-46): new Tun device (/org/freedesktop/NetworkManager/Devices/37)
Dec 01 19:40:07 np0005541722.novalocal kernel: qbr6ea8bd63-46: port 2(tap6ea8bd63-46) entered blocking state
Dec 01 19:40:07 np0005541722.novalocal kernel: qbr6ea8bd63-46: port 2(tap6ea8bd63-46) entered forwarding state
Dec 01 19:40:07 np0005541722.novalocal systemd-udevd[101852]: Network interface NamePolicy= disabled on kernel command line.
Dec 01 19:40:07 np0005541722.novalocal libvirtd[96130]: Domain id=3 name='instance-00000003' uuid=30a782ba-5bf3-4424-939e-84888e4e172d is tainted: deprecated-config (machine type 'pc-i440fx-rhel7.6.0')
Dec 01 19:40:07 np0005541722.novalocal libvirtd[96130]: Domain id=3 name='instance-00000003' uuid=30a782ba-5bf3-4424-939e-84888e4e172d is tainted: deprecated-config (CPU model 'qemu64')
Dec 01 19:40:07 np0005541722.novalocal NetworkManager[858]: [1764636007.5858] device (tap6ea8bd63-46): state change: unmanaged -> unavailable (reason 'connection-assumed', managed-type: 'external')
Dec 01 19:40:07 np0005541722.novalocal NetworkManager[858]: [1764636007.5866] device (tap6ea8bd63-46): state change: unavailable -> disconnected (reason 'connection-assumed', managed-type: 'external')
Dec 01 19:40:07 np0005541722.novalocal NetworkManager[858]: [1764636007.5872] device (tap6ea8bd63-46): Activation: starting connection 'tap6ea8bd63-46' (ec5fa712-0c34-4388-96a1-3b769c3cc6da)
Dec 01 19:40:07 np0005541722.novalocal NetworkManager[858]: [1764636007.5873] device (tap6ea8bd63-46): state change: disconnected -> prepare (reason 'none', managed-type: 'external')
Dec 01 19:40:07 np0005541722.novalocal NetworkManager[858]: [1764636007.5876] device (tap6ea8bd63-46): state change: prepare -> config (reason 'none', managed-type: 'external')
Dec 01 19:40:07 np0005541722.novalocal NetworkManager[858]: [1764636007.5878] device (tap6ea8bd63-46): state change: config -> ip-config (reason 'none', managed-type: 'external')
Dec 01 19:40:07 np0005541722.novalocal NetworkManager[858]: [1764636007.5879] device (qbr6ea8bd63-46): bridge port tap6ea8bd63-46 was attached
Dec 01 19:40:07 np0005541722.novalocal NetworkManager[858]: [1764636007.5879] device (tap6ea8bd63-46): Activation: connection 'tap6ea8bd63-46' attached as port, continuing activation
Dec 01 19:40:07 np0005541722.novalocal NetworkManager[858]: [1764636007.5882] device (tap6ea8bd63-46): state change: ip-config -> ip-check (reason 'none', managed-type: 'external')
Dec 01 19:40:07 np0005541722.novalocal NetworkManager[858]: [1764636007.5898] device (tap6ea8bd63-46): state change: ip-check -> secondaries (reason 'none', managed-type: 'external')
Dec 01 19:40:07 np0005541722.novalocal NetworkManager[858]: [1764636007.5900] device (tap6ea8bd63-46): state change: secondaries -> activated (reason 'none', managed-type: 'external')
Dec 01 19:40:07 np0005541722.novalocal NetworkManager[858]: [1764636007.5906] device (tap6ea8bd63-46): Activation: successful, device activated.
Dec 01 19:40:07 np0005541722.novalocal systemd-machined[90874]: New machine qemu-3-instance-00000003.
Dec 01 19:40:07 np0005541722.novalocal systemd[1]: Started Virtual Machine qemu-3-instance-00000003.
Dec 01 19:40:07 np0005541722.novalocal systemd[1]: iscsi.service: Unit cannot be reloaded because it is inactive.
Dec 01 19:40:07 np0005541722.novalocal object-server[101746]: Object audit (ALL). Since Tue Dec 2 00:40:06 2025: Locally: 1 passed, 0 quarantined, 0 errors, files/sec: 0.61, bytes/sec: 9947455.55, Total time: 1.64, Auditing time: 0.00, Rate: 0.00
Dec 01 19:40:08 np0005541722.novalocal object-server[101745]: Object audit (ZBF) "forever" mode completed: 2.50s. Total quarantined: 0, Total errors: 0, Total files/sec: 50.35, Total bytes/sec: 0.00, Auditing time: 2.48, Rate: 0.99
Dec 01 19:40:09 np0005541722.novalocal container-server[93818]: Beginning replication run
Dec 01 19:40:10 np0005541722.novalocal container-server[93752]: ::1 - - [02/Dec/2025:00:40:10 +0000] "HEAD /1/21129/AUTH_71f03d698f7645fb92ce29512b9f0297/gnocchi.4f4ceade-eaeb-4e42-9a5a-89994ebe9980" 404 - "HEAD http://[::1]:8080/v1/AUTH_71f03d698f7645fb92ce29512b9f0297/gnocchi.4f4ceade-eaeb-4e42-9a5a-89994ebe9980?format=json&states=listing" "tx3e110354a36f4e3fb9d54-00692e356a" "proxy-server 86829" 0.0004 "-" 93752 0
Dec 01 19:40:10 np0005541722.novalocal container-server[93750]: ::1 - - [02/Dec/2025:00:40:10 +0000] "HEAD /3/21129/AUTH_71f03d698f7645fb92ce29512b9f0297/gnocchi.4f4ceade-eaeb-4e42-9a5a-89994ebe9980" 404 - "HEAD http://[::1]:8080/v1/AUTH_71f03d698f7645fb92ce29512b9f0297/gnocchi.4f4ceade-eaeb-4e42-9a5a-89994ebe9980?format=json&states=listing" "tx3e110354a36f4e3fb9d54-00692e356a" "proxy-server 86829" 0.0007 "-" 93750 0
Dec 01 19:40:10 np0005541722.novalocal container-server[93753]: ::1 - - [02/Dec/2025:00:40:10 +0000] "HEAD /2/21129/AUTH_71f03d698f7645fb92ce29512b9f0297/gnocchi.4f4ceade-eaeb-4e42-9a5a-89994ebe9980" 404 - "HEAD http://[::1]:8080/v1/AUTH_71f03d698f7645fb92ce29512b9f0297/gnocchi.4f4ceade-eaeb-4e42-9a5a-89994ebe9980?format=json&states=listing" "tx3e110354a36f4e3fb9d54-00692e356a" "proxy-server 86829" 0.0005 "-" 93753 0
Dec 01 19:40:10 np0005541722.novalocal object-server[94055]: ::1 - - [02/Dec/2025:00:40:10 +0000] "GET /2/111055/AUTH_71f03d698f7645fb92ce29512b9f0297/gnocchi.4f4ceade-eaeb-4e42-9a5a-89994ebe9980/none_v3" 404 70 "GET http://[::1]:8080/v1/AUTH_71f03d698f7645fb92ce29512b9f0297/gnocchi.4f4ceade-eaeb-4e42-9a5a-89994ebe9980/none_v3" "tx3e110354a36f4e3fb9d54-00692e356a" "proxy-server 86829" 0.0003 "-" 94055 0
Dec 01 19:40:10 np0005541722.novalocal object-server[94054]: ::1 - - [02/Dec/2025:00:40:10 +0000] "GET /3/111055/AUTH_71f03d698f7645fb92ce29512b9f0297/gnocchi.4f4ceade-eaeb-4e42-9a5a-89994ebe9980/none_v3" 404 70 "GET http://[::1]:8080/v1/AUTH_71f03d698f7645fb92ce29512b9f0297/gnocchi.4f4ceade-eaeb-4e42-9a5a-89994ebe9980/none_v3" "tx3e110354a36f4e3fb9d54-00692e356a" "proxy-server 86829" 0.0006 "-" 94054 0
Dec 01 19:40:10 np0005541722.novalocal object-server[94056]: ::1 - - [02/Dec/2025:00:40:10 +0000] "GET /1/111055/AUTH_71f03d698f7645fb92ce29512b9f0297/gnocchi.4f4ceade-eaeb-4e42-9a5a-89994ebe9980/none_v3" 404 70 "GET http://[::1]:8080/v1/AUTH_71f03d698f7645fb92ce29512b9f0297/gnocchi.4f4ceade-eaeb-4e42-9a5a-89994ebe9980/none_v3" "tx3e110354a36f4e3fb9d54-00692e356a" "proxy-server 86829" 0.0004 "-" 94056 0
Dec 01 19:40:10 np0005541722.novalocal proxy-server[86829]: ::1 ::1 02/Dec/2025/00/40/10 GET /v1/AUTH_71f03d698f7645fb92ce29512b9f0297/gnocchi.4f4ceade-eaeb-4e42-9a5a-89994ebe9980/none_v3 HTTP/1.0 404 - python-swiftclient-4.2.0 gAAAAABpLjU42Jqt... - 70 - tx3e110354a36f4e3fb9d54-00692e356a - 0.0276 - - 1764636010.447877884 1764636010.475509167 0
Dec 01 19:40:10 np0005541722.novalocal container-server[93750]: ::1 - - [02/Dec/2025:00:40:10 +0000] "HEAD /2/49168/AUTH_71f03d698f7645fb92ce29512b9f0297/gnocchi.61778235-7b6f-4bbe-994d-09bbb1cdc586" 404 - "HEAD http://[::1]:8080/v1/AUTH_71f03d698f7645fb92ce29512b9f0297/gnocchi.61778235-7b6f-4bbe-994d-09bbb1cdc586?format=json&states=listing" "tx580a73e9fed742ffbcca1-00692e356a" "proxy-server 86829" 0.0007 "-" 93750 0
Dec 01 19:40:10 np0005541722.novalocal container-server[93753]: ::1 - - [02/Dec/2025:00:40:10 +0000] "HEAD /3/49168/AUTH_71f03d698f7645fb92ce29512b9f0297/gnocchi.61778235-7b6f-4bbe-994d-09bbb1cdc586" 404 - "HEAD http://[::1]:8080/v1/AUTH_71f03d698f7645fb92ce29512b9f0297/gnocchi.61778235-7b6f-4bbe-994d-09bbb1cdc586?format=json&states=listing" "tx580a73e9fed742ffbcca1-00692e356a" "proxy-server 86829" 0.0005 "-" 93753 0
Dec 01 19:40:10 np0005541722.novalocal container-server[93752]: ::1 - - [02/Dec/2025:00:40:10 +0000] "HEAD /1/49168/AUTH_71f03d698f7645fb92ce29512b9f0297/gnocchi.61778235-7b6f-4bbe-994d-09bbb1cdc586" 404 - "HEAD http://[::1]:8080/v1/AUTH_71f03d698f7645fb92ce29512b9f0297/gnocchi.61778235-7b6f-4bbe-994d-09bbb1cdc586?format=json&states=listing" "tx580a73e9fed742ffbcca1-00692e356a" "proxy-server 86829" 0.0003 "-" 93752 0
Dec 01 19:40:10 np0005541722.novalocal account-server[93454]: ::1 - - [02/Dec/2025:00:40:10 +0000] "PUT /2/177703/AUTH_71f03d698f7645fb92ce29512b9f0297/gnocchi.4f4ceade-eaeb-4e42-9a5a-89994ebe9980" 201 - "PUT http://[::1]:6001/2/21129/AUTH_71f03d698f7645fb92ce29512b9f0297/gnocchi.4f4ceade-eaeb-4e42-9a5a-89994ebe9980" "tx5867e9b6d63442fd9e5d4-00692e356a" "container-server 93752" 0.0012 "-" 93454 0
Dec 01 19:40:10 np0005541722.novalocal account-server[93452]: ::1 - - [02/Dec/2025:00:40:10 +0000] "PUT /1/177703/AUTH_71f03d698f7645fb92ce29512b9f0297/gnocchi.4f4ceade-eaeb-4e42-9a5a-89994ebe9980" 201 - "PUT http://[::1]:6001/3/21129/AUTH_71f03d698f7645fb92ce29512b9f0297/gnocchi.4f4ceade-eaeb-4e42-9a5a-89994ebe9980" "tx5867e9b6d63442fd9e5d4-00692e356a" "container-server 93751" 0.0009 "-" 93452 0
Dec 01 19:40:10 np0005541722.novalocal container-server[93752]: ::1 - - [02/Dec/2025:00:40:10 +0000] "PUT /2/21129/AUTH_71f03d698f7645fb92ce29512b9f0297/gnocchi.4f4ceade-eaeb-4e42-9a5a-89994ebe9980" 201 - "PUT http://[::1]:8080/v1/AUTH_71f03d698f7645fb92ce29512b9f0297/gnocchi.4f4ceade-eaeb-4e42-9a5a-89994ebe9980" "tx5867e9b6d63442fd9e5d4-00692e356a" "proxy-server 86829" 0.0153 "-" 93752 0
Dec 01 19:40:10 np0005541722.novalocal account-server[93454]: ::1 - - [02/Dec/2025:00:40:10 +0000] "PUT /3/177703/AUTH_71f03d698f7645fb92ce29512b9f0297/gnocchi.4f4ceade-eaeb-4e42-9a5a-89994ebe9980" 201 - "PUT http://[::1]:6001/1/21129/AUTH_71f03d698f7645fb92ce29512b9f0297/gnocchi.4f4ceade-eaeb-4e42-9a5a-89994ebe9980" "tx5867e9b6d63442fd9e5d4-00692e356a" "container-server 93753" 0.0010 "-" 93454 0
Dec 01 19:40:10 np0005541722.novalocal container-server[93753]: ::1 - - [02/Dec/2025:00:40:10 +0000] "PUT /1/21129/AUTH_71f03d698f7645fb92ce29512b9f0297/gnocchi.4f4ceade-eaeb-4e42-9a5a-89994ebe9980" 201 - "PUT http://[::1]:8080/v1/AUTH_71f03d698f7645fb92ce29512b9f0297/gnocchi.4f4ceade-eaeb-4e42-9a5a-89994ebe9980" "tx5867e9b6d63442fd9e5d4-00692e356a" "proxy-server 86829" 0.0152 "-" 93753 0
Dec 01 19:40:10 np0005541722.novalocal object-server[94057]: ::1 - - [02/Dec/2025:00:40:10 +0000] "GET /3/10172/AUTH_71f03d698f7645fb92ce29512b9f0297/gnocchi.61778235-7b6f-4bbe-994d-09bbb1cdc586/none_v3" 404 70 "GET http://[::1]:8080/v1/AUTH_71f03d698f7645fb92ce29512b9f0297/gnocchi.61778235-7b6f-4bbe-994d-09bbb1cdc586/none_v3" "tx580a73e9fed742ffbcca1-00692e356a" "proxy-server 86829" 0.0003 "-" 94057 0
Dec 01 19:40:10 np0005541722.novalocal container-server[93751]: ::1 - - [02/Dec/2025:00:40:10 +0000] "PUT /3/21129/AUTH_71f03d698f7645fb92ce29512b9f0297/gnocchi.4f4ceade-eaeb-4e42-9a5a-89994ebe9980" 201 - "PUT http://[::1]:8080/v1/AUTH_71f03d698f7645fb92ce29512b9f0297/gnocchi.4f4ceade-eaeb-4e42-9a5a-89994ebe9980" "tx5867e9b6d63442fd9e5d4-00692e356a" "proxy-server 86829" 0.0263 "-" 93751 0
Dec 01 19:40:10 np0005541722.novalocal object-server[94055]: ::1 - - [02/Dec/2025:00:40:10 +0000] "GET /1/10172/AUTH_71f03d698f7645fb92ce29512b9f0297/gnocchi.61778235-7b6f-4bbe-994d-09bbb1cdc586/none_v3" 404 70 "GET http://[::1]:8080/v1/AUTH_71f03d698f7645fb92ce29512b9f0297/gnocchi.61778235-7b6f-4bbe-994d-09bbb1cdc586/none_v3" "tx580a73e9fed742ffbcca1-00692e356a" "proxy-server 86829" 0.0003 "-" 94055 0
Dec 01 19:40:10 np0005541722.novalocal proxy-server[86829]: ::1 ::1 02/Dec/2025/00/40/10 PUT /v1/AUTH_71f03d698f7645fb92ce29512b9f0297/gnocchi.4f4ceade-eaeb-4e42-9a5a-89994ebe9980 HTTP/1.0 201 - python-swiftclient-4.2.0 gAAAAABpLjU42Jqt... - - - tx5867e9b6d63442fd9e5d4-00692e356a - 0.0340 - - 1764636010.479666233 1764636010.513658285 0
Dec 01 19:40:10 np0005541722.novalocal object-server[94057]: ::1 - - [02/Dec/2025:00:40:10 +0000] "GET /2/10172/AUTH_71f03d698f7645fb92ce29512b9f0297/gnocchi.61778235-7b6f-4bbe-994d-09bbb1cdc586/none_v3" 404 70 "GET http://[::1]:8080/v1/AUTH_71f03d698f7645fb92ce29512b9f0297/gnocchi.61778235-7b6f-4bbe-994d-09bbb1cdc586/none_v3" "tx580a73e9fed742ffbcca1-00692e356a" "proxy-server 86829" 0.0003 "-" 94057 0
Dec 01 19:40:10 np0005541722.novalocal proxy-server[86829]: ::1 ::1 02/Dec/2025/00/40/10 GET /v1/AUTH_71f03d698f7645fb92ce29512b9f0297/gnocchi.61778235-7b6f-4bbe-994d-09bbb1cdc586/none_v3 HTTP/1.0 404 - python-swiftclient-4.2.0 gAAAAABpLjUvHoCr... - 70 - tx580a73e9fed742ffbcca1-00692e356a - 0.0527 - - 1764636010.464180470 1764636010.516853571 0
Dec 01 19:40:10 np0005541722.novalocal container-server[93751]: ::1 - - [02/Dec/2025:00:40:10 +0000] "HEAD /3/21129/AUTH_71f03d698f7645fb92ce29512b9f0297/gnocchi.4f4ceade-eaeb-4e42-9a5a-89994ebe9980" 204 - "HEAD http://[::1]:8080/v1/AUTH_71f03d698f7645fb92ce29512b9f0297/gnocchi.4f4ceade-eaeb-4e42-9a5a-89994ebe9980?format=json&states=listing" "txb3b554b216854457ab997-00692e356a" "proxy-server 86829" 0.0029 "-" 93751 0
Dec 01 19:40:10 np0005541722.novalocal container-server[93753]: ::1 - - [02/Dec/2025:00:40:10 +0000] "GET /1/21129/AUTH_71f03d698f7645fb92ce29512b9f0297/gnocchi.4f4ceade-eaeb-4e42-9a5a-89994ebe9980" 200 2 "GET http://[::1]:8080/v1/AUTH_71f03d698f7645fb92ce29512b9f0297/gnocchi.4f4ceade-eaeb-4e42-9a5a-89994ebe9980?format=json&states=listing" "txb3b554b216854457ab997-00692e356a" "proxy-server 86829" 0.0041 "-" 93753 0
Dec 01 19:40:10 np0005541722.novalocal proxy-server[86829]: ::1 ::1 02/Dec/2025/00/40/10 GET /v1/AUTH_71f03d698f7645fb92ce29512b9f0297/gnocchi.4f4ceade-eaeb-4e42-9a5a-89994ebe9980%3Fformat%3Djson%26states%3Dlisting HTTP/1.0 200 - python-swiftclient-4.2.0 gAAAAABpLjU42Jqt... - 2 - txb3b554b216854457ab997-00692e356a - 0.0170 - - 1764636010.517715216 1764636010.534674644 0
Dec 01 19:40:10 np0005541722.novalocal object-server[94057]: ::1 - - [02/Dec/2025:00:40:10 +0000] "GET /2/152242/AUTH_71f03d698f7645fb92ce29512b9f0297/gnocchi.4f4ceade-eaeb-4e42-9a5a-89994ebe9980/1763640000.0_mean_300.0_v3" 404 70 "GET http://[::1]:8080/v1/AUTH_71f03d698f7645fb92ce29512b9f0297/gnocchi.4f4ceade-eaeb-4e42-9a5a-89994ebe9980/1763640000.0_mean_300.0_v3" "txd5d394f30ca34e5ba76f6-00692e356a" "proxy-server 86829" 0.0004 "-" 94057 0
Dec 01 19:40:10 np0005541722.novalocal account-server[93454]: ::1 - - [02/Dec/2025:00:40:10 +0000] "PUT /1/177703/AUTH_71f03d698f7645fb92ce29512b9f0297/gnocchi.61778235-7b6f-4bbe-994d-09bbb1cdc586" 201 - "PUT http://[::1]:6001/3/49168/AUTH_71f03d698f7645fb92ce29512b9f0297/gnocchi.61778235-7b6f-4bbe-994d-09bbb1cdc586" "txc2e493bc4f3c4b48ac1f0-00692e356a" "container-server 93751" 0.0061 "-" 93454 0
Dec 01 19:40:10 np0005541722.novalocal account-server[93453]: ::1 - - [02/Dec/2025:00:40:10 +0000] "PUT /3/177703/AUTH_71f03d698f7645fb92ce29512b9f0297/gnocchi.61778235-7b6f-4bbe-994d-09bbb1cdc586" 201 - "PUT http://[::1]:6001/1/49168/AUTH_71f03d698f7645fb92ce29512b9f0297/gnocchi.61778235-7b6f-4bbe-994d-09bbb1cdc586" "txc2e493bc4f3c4b48ac1f0-00692e356a" "container-server 93752" 0.0087 "-" 93453 0
Dec 01 19:40:10 np0005541722.novalocal container-server[93752]: ::1 - - [02/Dec/2025:00:40:10 +0000] "PUT /1/49168/AUTH_71f03d698f7645fb92ce29512b9f0297/gnocchi.61778235-7b6f-4bbe-994d-09bbb1cdc586" 201 - "PUT http://[::1]:8080/v1/AUTH_71f03d698f7645fb92ce29512b9f0297/gnocchi.61778235-7b6f-4bbe-994d-09bbb1cdc586" "txc2e493bc4f3c4b48ac1f0-00692e356a" "proxy-server 86829" 0.0291 "-" 93752 0
Dec 01 19:40:10 np0005541722.novalocal object-server[94056]: ::1 - - [02/Dec/2025:00:40:10 +0000] "GET /1/152242/AUTH_71f03d698f7645fb92ce29512b9f0297/gnocchi.4f4ceade-eaeb-4e42-9a5a-89994ebe9980/1763640000.0_mean_300.0_v3" 404 70 "GET http://[::1]:8080/v1/AUTH_71f03d698f7645fb92ce29512b9f0297/gnocchi.4f4ceade-eaeb-4e42-9a5a-89994ebe9980/1763640000.0_mean_300.0_v3" "txd5d394f30ca34e5ba76f6-00692e356a" "proxy-server 86829" 0.0005 "-" 94056 0
Dec 01 19:40:10 np0005541722.novalocal container-server[93751]: ::1 - - [02/Dec/2025:00:40:10 +0000] "PUT /3/49168/AUTH_71f03d698f7645fb92ce29512b9f0297/gnocchi.61778235-7b6f-4bbe-994d-09bbb1cdc586" 201 - "PUT http://[::1]:8080/v1/AUTH_71f03d698f7645fb92ce29512b9f0297/gnocchi.61778235-7b6f-4bbe-994d-09bbb1cdc586" "txc2e493bc4f3c4b48ac1f0-00692e356a" "proxy-server 86829" 0.0297 "-" 93751 0
Dec 01 19:40:10 np0005541722.novalocal account-server[93455]: ::1 - - [02/Dec/2025:00:40:10 +0000] "PUT /2/177703/AUTH_71f03d698f7645fb92ce29512b9f0297/gnocchi.61778235-7b6f-4bbe-994d-09bbb1cdc586" 201 - "PUT http://[::1]:6001/2/49168/AUTH_71f03d698f7645fb92ce29512b9f0297/gnocchi.61778235-7b6f-4bbe-994d-09bbb1cdc586" "txc2e493bc4f3c4b48ac1f0-00692e356a" "container-server 93752" 0.0140 "-" 93455 0
Dec 01 19:40:10 np0005541722.novalocal object-server[94057]: ::1 - - [02/Dec/2025:00:40:10 +0000] "GET /3/152242/AUTH_71f03d698f7645fb92ce29512b9f0297/gnocchi.4f4ceade-eaeb-4e42-9a5a-89994ebe9980/1763640000.0_mean_300.0_v3" 404 70 "GET http://[::1]:8080/v1/AUTH_71f03d698f7645fb92ce29512b9f0297/gnocchi.4f4ceade-eaeb-4e42-9a5a-89994ebe9980/1763640000.0_mean_300.0_v3" "txd5d394f30ca34e5ba76f6-00692e356a" "proxy-server 86829" 0.0003 "-" 94057 0
Dec 01 19:40:10 np0005541722.novalocal container-server[93752]: ::1 - - [02/Dec/2025:00:40:10 +0000] "PUT /2/49168/AUTH_71f03d698f7645fb92ce29512b9f0297/gnocchi.61778235-7b6f-4bbe-994d-09bbb1cdc586" 201 - "PUT http://[::1]:8080/v1/AUTH_71f03d698f7645fb92ce29512b9f0297/gnocchi.61778235-7b6f-4bbe-994d-09bbb1cdc586" "txc2e493bc4f3c4b48ac1f0-00692e356a" "proxy-server 86829" 0.0251 "-" 93752 0
Dec 01 19:40:10 np0005541722.novalocal proxy-server[86829]: ::1 ::1 02/Dec/2025/00/40/10 GET /v1/AUTH_71f03d698f7645fb92ce29512b9f0297/gnocchi.4f4ceade-eaeb-4e42-9a5a-89994ebe9980/1763640000.0_mean_300.0_v3 HTTP/1.0 404 - python-swiftclient-4.2.0 gAAAAABpLjU42Jqt... - 70 - txd5d394f30ca34e5ba76f6-00692e356a - 0.0179 - - 1764636010.539256573 1764636010.557113409 0
Dec 01 19:40:10 np0005541722.novalocal proxy-server[86829]: ::1 ::1 02/Dec/2025/00/40/10 PUT /v1/AUTH_71f03d698f7645fb92ce29512b9f0297/gnocchi.61778235-7b6f-4bbe-994d-09bbb1cdc586 HTTP/1.0 201 - python-swiftclient-4.2.0 gAAAAABpLjUvHoCr... - - - txc2e493bc4f3c4b48ac1f0-00692e356a - 0.0393 - - 1764636010.519801617 1764636010.559129715 0
Dec 01 19:40:10 np0005541722.novalocal container-server[93751]: ::1 - - [02/Dec/2025:00:40:10 +0000] "HEAD /2/49168/AUTH_71f03d698f7645fb92ce29512b9f0297/gnocchi.61778235-7b6f-4bbe-994d-09bbb1cdc586" 204 - "HEAD http://[::1]:8080/v1/AUTH_71f03d698f7645fb92ce29512b9f0297/gnocchi.61778235-7b6f-4bbe-994d-09bbb1cdc586?format=json&states=listing" "tx70d2453949234a08813ce-00692e356a" "proxy-server 86829" 0.0011 "-" 93751 0
Dec 01 19:40:10 np0005541722.novalocal container-server[93752]: ::1 - - [02/Dec/2025:00:40:10 +0000] "PUT /1/21129/AUTH_71f03d698f7645fb92ce29512b9f0297/gnocchi.4f4ceade-eaeb-4e42-9a5a-89994ebe9980/1763640000.0_mean_300.0_v3" 201 - "PUT http://[::1]:8080/2/152242/AUTH_71f03d698f7645fb92ce29512b9f0297/gnocchi.4f4ceade-eaeb-4e42-9a5a-89994ebe9980/1763640000.0_mean_300.0_v3" "txd990aed98a0c40668fe76-00692e356a" "object-server 94055" 0.0007 "-" 93752 0
Dec 01 19:40:10 np0005541722.novalocal object-server[94055]: ::1 - - [02/Dec/2025:00:40:10 +0000] "PUT /2/152242/AUTH_71f03d698f7645fb92ce29512b9f0297/gnocchi.4f4ceade-eaeb-4e42-9a5a-89994ebe9980/1763640000.0_mean_300.0_v3" 201 - "PUT http://[::1]:8080/v1/AUTH_71f03d698f7645fb92ce29512b9f0297/gnocchi.4f4ceade-eaeb-4e42-9a5a-89994ebe9980/1763640000.0_mean_300.0_v3" "txd990aed98a0c40668fe76-00692e356a" "proxy-server 86829" 0.0139 "-" 94055 0
Dec 01 19:40:10 np0005541722.novalocal container-server[93752]: ::1 - - [02/Dec/2025:00:40:10 +0000] "PUT /3/21129/AUTH_71f03d698f7645fb92ce29512b9f0297/gnocchi.4f4ceade-eaeb-4e42-9a5a-89994ebe9980/1763640000.0_mean_300.0_v3" 201 - "PUT http://[::1]:8080/3/152242/AUTH_71f03d698f7645fb92ce29512b9f0297/gnocchi.4f4ceade-eaeb-4e42-9a5a-89994ebe9980/1763640000.0_mean_300.0_v3" "txd990aed98a0c40668fe76-00692e356a" "object-server 94056" 0.0005 "-" 93752 0
Dec 01 19:40:10 np0005541722.novalocal object-server[94056]: ::1 - - [02/Dec/2025:00:40:10 +0000] "PUT /3/152242/AUTH_71f03d698f7645fb92ce29512b9f0297/gnocchi.4f4ceade-eaeb-4e42-9a5a-89994ebe9980/1763640000.0_mean_300.0_v3" 201 - "PUT http://[::1]:8080/v1/AUTH_71f03d698f7645fb92ce29512b9f0297/gnocchi.4f4ceade-eaeb-4e42-9a5a-89994ebe9980/1763640000.0_mean_300.0_v3" "txd990aed98a0c40668fe76-00692e356a" "proxy-server 86829" 0.0149 "-" 94056 0
Dec 01 19:40:10 np0005541722.novalocal container-server[93753]: ::1 - - [02/Dec/2025:00:40:10 +0000] "PUT /2/21129/AUTH_71f03d698f7645fb92ce29512b9f0297/gnocchi.4f4ceade-eaeb-4e42-9a5a-89994ebe9980/1763640000.0_mean_300.0_v3" 201 - "PUT http://[::1]:8080/1/152242/AUTH_71f03d698f7645fb92ce29512b9f0297/gnocchi.4f4ceade-eaeb-4e42-9a5a-89994ebe9980/1763640000.0_mean_300.0_v3" "txd990aed98a0c40668fe76-00692e356a" "object-server 94054" 0.0009 "-" 93753 0
Dec 01 19:40:10 np0005541722.novalocal container-server[93752]: ::1 - - [02/Dec/2025:00:40:10 +0000] "GET /3/49168/AUTH_71f03d698f7645fb92ce29512b9f0297/gnocchi.61778235-7b6f-4bbe-994d-09bbb1cdc586" 200 2 "GET http://[::1]:8080/v1/AUTH_71f03d698f7645fb92ce29512b9f0297/gnocchi.61778235-7b6f-4bbe-994d-09bbb1cdc586?format=json&states=listing" "tx70d2453949234a08813ce-00692e356a" "proxy-server 86829" 0.0026 "-" 93752 0
Dec 01 19:40:10 np0005541722.novalocal object-server[94054]: ::1 - - [02/Dec/2025:00:40:10 +0000] "PUT /1/152242/AUTH_71f03d698f7645fb92ce29512b9f0297/gnocchi.4f4ceade-eaeb-4e42-9a5a-89994ebe9980/1763640000.0_mean_300.0_v3" 201 - "PUT http://[::1]:8080/v1/AUTH_71f03d698f7645fb92ce29512b9f0297/gnocchi.4f4ceade-eaeb-4e42-9a5a-89994ebe9980/1763640000.0_mean_300.0_v3" "txd990aed98a0c40668fe76-00692e356a" "proxy-server 86829" 0.0177 "-" 94054 0
Dec 01 19:40:10 np0005541722.novalocal proxy-server[86829]: ::1 ::1 02/Dec/2025/00/40/10 GET /v1/AUTH_71f03d698f7645fb92ce29512b9f0297/gnocchi.61778235-7b6f-4bbe-994d-09bbb1cdc586%3Fformat%3Djson%26states%3Dlisting HTTP/1.0 200 - python-swiftclient-4.2.0 gAAAAABpLjUvHoCr... - 2 - tx70d2453949234a08813ce-00692e356a - 0.0205 - - 1764636010.566305399 1764636010.586801291 0
Dec 01 19:40:10 np0005541722.novalocal proxy-server[86829]: ::1 ::1 02/Dec/2025/00/40/10 PUT /v1/AUTH_71f03d698f7645fb92ce29512b9f0297/gnocchi.4f4ceade-eaeb-4e42-9a5a-89994ebe9980/1763640000.0_mean_300.0_v3 HTTP/1.0 201 - python-swiftclient-4.2.0 gAAAAABpLjU42Jqt... 16 - - txd990aed98a0c40668fe76-00692e356a - 0.0266 - - 1764636010.561329365 1764636010.587915421 0
Dec 01 19:40:10 np0005541722.novalocal object-server[94057]: ::1 - - [02/Dec/2025:00:40:10 +0000] "GET /3/7990/AUTH_71f03d698f7645fb92ce29512b9f0297/gnocchi.61778235-7b6f-4bbe-994d-09bbb1cdc586/1763640000.0_mean_300.0_v3" 404 70 "GET http://[::1]:8080/v1/AUTH_71f03d698f7645fb92ce29512b9f0297/gnocchi.61778235-7b6f-4bbe-994d-09bbb1cdc586/1763640000.0_mean_300.0_v3" "tx5d262026940d4005afc80-00692e356a" "proxy-server 86829" 0.0003 "-" 94057 0
Dec 01 19:40:10 np0005541722.novalocal object-server[94057]: ::1 - - [02/Dec/2025:00:40:10 +0000] "GET /1/7990/AUTH_71f03d698f7645fb92ce29512b9f0297/gnocchi.61778235-7b6f-4bbe-994d-09bbb1cdc586/1763640000.0_mean_300.0_v3" 404 70 "GET http://[::1]:8080/v1/AUTH_71f03d698f7645fb92ce29512b9f0297/gnocchi.61778235-7b6f-4bbe-994d-09bbb1cdc586/1763640000.0_mean_300.0_v3" "tx5d262026940d4005afc80-00692e356a" "proxy-server 86829" 0.0002 "-" 94057 0
Dec 01 19:40:10 np0005541722.novalocal object-server[94055]: ::1 - - [02/Dec/2025:00:40:10 +0000] "GET /2/7990/AUTH_71f03d698f7645fb92ce29512b9f0297/gnocchi.61778235-7b6f-4bbe-994d-09bbb1cdc586/1763640000.0_mean_300.0_v3" 404 70 "GET http://[::1]:8080/v1/AUTH_71f03d698f7645fb92ce29512b9f0297/gnocchi.61778235-7b6f-4bbe-994d-09bbb1cdc586/1763640000.0_mean_300.0_v3" "tx5d262026940d4005afc80-00692e356a" "proxy-server 86829" 0.0002 "-" 94055 0
Dec 01 19:40:10 np0005541722.novalocal proxy-server[86829]: ::1 ::1 02/Dec/2025/00/40/10 GET /v1/AUTH_71f03d698f7645fb92ce29512b9f0297/gnocchi.61778235-7b6f-4bbe-994d-09bbb1cdc586/1763640000.0_mean_300.0_v3 HTTP/1.0 404 - python-swiftclient-4.2.0 gAAAAABpLjUvHoCr... - 70 - tx5d262026940d4005afc80-00692e356a - 0.0148 - - 1764636010.589651823 1764636010.604479074 0
Dec 01 19:40:10 np0005541722.novalocal container-server[93752]: ::1 - - [02/Dec/2025:00:40:10 +0000] "PUT /3/21129/AUTH_71f03d698f7645fb92ce29512b9f0297/gnocchi.4f4ceade-eaeb-4e42-9a5a-89994ebe9980/none_v3" 201 - "PUT http://[::1]:8080/1/111055/AUTH_71f03d698f7645fb92ce29512b9f0297/gnocchi.4f4ceade-eaeb-4e42-9a5a-89994ebe9980/none_v3" "tx1d2f0872d1d84cb496ed5-00692e356a" "object-server 94055" 0.0007 "-" 93752 0
Dec 01 19:40:10 np0005541722.novalocal object-server[94055]: ::1 - - [02/Dec/2025:00:40:10 +0000] "PUT /1/111055/AUTH_71f03d698f7645fb92ce29512b9f0297/gnocchi.4f4ceade-eaeb-4e42-9a5a-89994ebe9980/none_v3" 201 - "PUT http://[::1]:8080/v1/AUTH_71f03d698f7645fb92ce29512b9f0297/gnocchi.4f4ceade-eaeb-4e42-9a5a-89994ebe9980/none_v3" "tx1d2f0872d1d84cb496ed5-00692e356a" "proxy-server 86829" 0.0136 "-" 94055 0
Dec 01 19:40:10 np0005541722.novalocal container-server[93751]: ::1 - - [02/Dec/2025:00:40:10 +0000] "PUT /2/21129/AUTH_71f03d698f7645fb92ce29512b9f0297/gnocchi.4f4ceade-eaeb-4e42-9a5a-89994ebe9980/none_v3" 201 - "PUT http://[::1]:8080/2/111055/AUTH_71f03d698f7645fb92ce29512b9f0297/gnocchi.4f4ceade-eaeb-4e42-9a5a-89994ebe9980/none_v3" "tx1d2f0872d1d84cb496ed5-00692e356a" "object-server 94056" 0.0013 "-" 93751 0
Dec 01 19:40:10 np0005541722.novalocal container-server[93751]: ::1 - - [02/Dec/2025:00:40:10 +0000] "PUT /1/21129/AUTH_71f03d698f7645fb92ce29512b9f0297/gnocchi.4f4ceade-eaeb-4e42-9a5a-89994ebe9980/none_v3" 201 - "PUT http://[::1]:8080/3/111055/AUTH_71f03d698f7645fb92ce29512b9f0297/gnocchi.4f4ceade-eaeb-4e42-9a5a-89994ebe9980/none_v3" "tx1d2f0872d1d84cb496ed5-00692e356a" "object-server 94054" 0.0003 "-" 93751 0
Dec 01 19:40:10 np0005541722.novalocal object-server[94054]: ::1 - - [02/Dec/2025:00:40:10 +0000] "PUT /3/111055/AUTH_71f03d698f7645fb92ce29512b9f0297/gnocchi.4f4ceade-eaeb-4e42-9a5a-89994ebe9980/none_v3" 201 - "PUT http://[::1]:8080/v1/AUTH_71f03d698f7645fb92ce29512b9f0297/gnocchi.4f4ceade-eaeb-4e42-9a5a-89994ebe9980/none_v3" "tx1d2f0872d1d84cb496ed5-00692e356a" "proxy-server 86829" 0.0155 "-" 94054 0
Dec 01 19:40:10 np0005541722.novalocal object-server[94056]: ::1 - - [02/Dec/2025:00:40:10 +0000] "PUT /2/111055/AUTH_71f03d698f7645fb92ce29512b9f0297/gnocchi.4f4ceade-eaeb-4e42-9a5a-89994ebe9980/none_v3" 201 - "PUT http://[::1]:8080/v1/AUTH_71f03d698f7645fb92ce29512b9f0297/gnocchi.4f4ceade-eaeb-4e42-9a5a-89994ebe9980/none_v3" "tx1d2f0872d1d84cb496ed5-00692e356a" "proxy-server 86829" 0.0168 "-" 94056 0
Dec 01 19:40:10 np0005541722.novalocal proxy-server[86829]: ::1 ::1 02/Dec/2025/00/40/10 PUT /v1/AUTH_71f03d698f7645fb92ce29512b9f0297/gnocchi.4f4ceade-eaeb-4e42-9a5a-89994ebe9980/none_v3 HTTP/1.0 201 - python-swiftclient-4.2.0 gAAAAABpLjU42Jqt... 22 - - tx1d2f0872d1d84cb496ed5-00692e356a - 0.0263 - - 1764636010.593130350 1764636010.619409561 0
Dec 01 19:40:10 np0005541722.novalocal container-server[93752]: ::1 - - [02/Dec/2025:00:40:10 +0000] "PUT /2/49168/AUTH_71f03d698f7645fb92ce29512b9f0297/gnocchi.61778235-7b6f-4bbe-994d-09bbb1cdc586/1763640000.0_mean_300.0_v3" 201 - "PUT http://[::1]:8080/2/7990/AUTH_71f03d698f7645fb92ce29512b9f0297/gnocchi.61778235-7b6f-4bbe-994d-09bbb1cdc586/1763640000.0_mean_300.0_v3" "txd0f4d8d916254605be206-00692e356a" "object-server 94055" 0.0010 "-" 93752 0
Dec 01 19:40:10 np0005541722.novalocal container-server[93750]: ::1 - - [02/Dec/2025:00:40:10 +0000] "PUT /1/49168/AUTH_71f03d698f7645fb92ce29512b9f0297/gnocchi.61778235-7b6f-4bbe-994d-09bbb1cdc586/1763640000.0_mean_300.0_v3" 201 - "PUT http://[::1]:8080/1/7990/AUTH_71f03d698f7645fb92ce29512b9f0297/gnocchi.61778235-7b6f-4bbe-994d-09bbb1cdc586/1763640000.0_mean_300.0_v3" "txd0f4d8d916254605be206-00692e356a" "object-server 94057" 0.0011 "-" 93750 0
Dec 01 19:40:10 np0005541722.novalocal object-server[94057]: ::1 - - [02/Dec/2025:00:40:10 +0000] "PUT /1/7990/AUTH_71f03d698f7645fb92ce29512b9f0297/gnocchi.61778235-7b6f-4bbe-994d-09bbb1cdc586/1763640000.0_mean_300.0_v3" 201 - "PUT http://[::1]:8080/v1/AUTH_71f03d698f7645fb92ce29512b9f0297/gnocchi.61778235-7b6f-4bbe-994d-09bbb1cdc586/1763640000.0_mean_300.0_v3" "txd0f4d8d916254605be206-00692e356a" "proxy-server 86829" 0.0164 "-" 94057 0
Dec 01 19:40:10 np0005541722.novalocal container-server[93753]: ::1 - - [02/Dec/2025:00:40:10 +0000] "PUT /3/49168/AUTH_71f03d698f7645fb92ce29512b9f0297/gnocchi.61778235-7b6f-4bbe-994d-09bbb1cdc586/1763640000.0_mean_300.0_v3" 201 - "PUT http://[::1]:8080/3/7990/AUTH_71f03d698f7645fb92ce29512b9f0297/gnocchi.61778235-7b6f-4bbe-994d-09bbb1cdc586/1763640000.0_mean_300.0_v3" "txd0f4d8d916254605be206-00692e356a" "object-server 94056" 0.0009 "-" 93753 0
Dec 01 19:40:10 np0005541722.novalocal object-server[94056]: ::1 - - [02/Dec/2025:00:40:10 +0000] "PUT /3/7990/AUTH_71f03d698f7645fb92ce29512b9f0297/gnocchi.61778235-7b6f-4bbe-994d-09bbb1cdc586/1763640000.0_mean_300.0_v3" 201 - "PUT http://[::1]:8080/v1/AUTH_71f03d698f7645fb92ce29512b9f0297/gnocchi.61778235-7b6f-4bbe-994d-09bbb1cdc586/1763640000.0_mean_300.0_v3" "txd0f4d8d916254605be206-00692e356a" "proxy-server 86829" 0.0160 "-" 94056 0
Dec 01 19:40:10 np0005541722.novalocal object-server[94055]: ::1 - - [02/Dec/2025:00:40:10 +0000] "PUT /2/7990/AUTH_71f03d698f7645fb92ce29512b9f0297/gnocchi.61778235-7b6f-4bbe-994d-09bbb1cdc586/1763640000.0_mean_300.0_v3" 201 - "PUT http://[::1]:8080/v1/AUTH_71f03d698f7645fb92ce29512b9f0297/gnocchi.61778235-7b6f-4bbe-994d-09bbb1cdc586/1763640000.0_mean_300.0_v3" "txd0f4d8d916254605be206-00692e356a" "proxy-server 86829" 0.0197 "-" 94055 0
Dec 01 19:40:10 np0005541722.novalocal proxy-server[86829]: ::1 ::1 02/Dec/2025/00/40/10 PUT /v1/AUTH_71f03d698f7645fb92ce29512b9f0297/gnocchi.61778235-7b6f-4bbe-994d-09bbb1cdc586/1763640000.0_mean_300.0_v3 HTTP/1.0 201 - python-swiftclient-4.2.0 gAAAAABpLjUvHoCr... 16 - - txd0f4d8d916254605be206-00692e356a - 0.0264 - - 1764636010.606591225 1764636010.633013010 0
Dec 01 19:40:10 np0005541722.novalocal container-server[93750]: ::1 - - [02/Dec/2025:00:40:10 +0000] "PUT /1/49168/AUTH_71f03d698f7645fb92ce29512b9f0297/gnocchi.61778235-7b6f-4bbe-994d-09bbb1cdc586/none_v3" 201 - "PUT http://[::1]:8080/1/10172/AUTH_71f03d698f7645fb92ce29512b9f0297/gnocchi.61778235-7b6f-4bbe-994d-09bbb1cdc586/none_v3" "txf7ffcc691a8141cc90f69-00692e356a" "object-server 94057" 0.0011 "-" 93750 0
Dec 01 19:40:10 np0005541722.novalocal container-server[93753]: ::1 - - [02/Dec/2025:00:40:10 +0000] "PUT /2/49168/AUTH_71f03d698f7645fb92ce29512b9f0297/gnocchi.61778235-7b6f-4bbe-994d-09bbb1cdc586/none_v3" 201 - "PUT http://[::1]:8080/2/10172/AUTH_71f03d698f7645fb92ce29512b9f0297/gnocchi.61778235-7b6f-4bbe-994d-09bbb1cdc586/none_v3" "txf7ffcc691a8141cc90f69-00692e356a" "object-server 94057" 0.0008 "-" 93753 0
Dec 01 19:40:10 np0005541722.novalocal object-server[94057]: ::1 - - [02/Dec/2025:00:40:10 +0000] "PUT /2/10172/AUTH_71f03d698f7645fb92ce29512b9f0297/gnocchi.61778235-7b6f-4bbe-994d-09bbb1cdc586/none_v3" 201 - "PUT http://[::1]:8080/v1/AUTH_71f03d698f7645fb92ce29512b9f0297/gnocchi.61778235-7b6f-4bbe-994d-09bbb1cdc586/none_v3" "txf7ffcc691a8141cc90f69-00692e356a" "proxy-server 86829" 0.0119 "-" 94057 0
Dec 01 19:40:10 np0005541722.novalocal object-server[94057]: ::1 - - [02/Dec/2025:00:40:10 +0000] "PUT /1/10172/AUTH_71f03d698f7645fb92ce29512b9f0297/gnocchi.61778235-7b6f-4bbe-994d-09bbb1cdc586/none_v3" 201 - "PUT http://[::1]:8080/v1/AUTH_71f03d698f7645fb92ce29512b9f0297/gnocchi.61778235-7b6f-4bbe-994d-09bbb1cdc586/none_v3" "txf7ffcc691a8141cc90f69-00692e356a" "proxy-server 86829" 0.0144 "-" 94057 0
Dec 01 19:40:10 np0005541722.novalocal container-server[93750]: ::1 - - [02/Dec/2025:00:40:10 +0000] "PUT /3/49168/AUTH_71f03d698f7645fb92ce29512b9f0297/gnocchi.61778235-7b6f-4bbe-994d-09bbb1cdc586/none_v3" 201 - "PUT http://[::1]:8080/3/10172/AUTH_71f03d698f7645fb92ce29512b9f0297/gnocchi.61778235-7b6f-4bbe-994d-09bbb1cdc586/none_v3" "txf7ffcc691a8141cc90f69-00692e356a" "object-server 94054" 0.0007 "-" 93750 0
Dec 01 19:40:10 np0005541722.novalocal object-server[94054]: ::1 - - [02/Dec/2025:00:40:10 +0000] "PUT /3/10172/AUTH_71f03d698f7645fb92ce29512b9f0297/gnocchi.61778235-7b6f-4bbe-994d-09bbb1cdc586/none_v3" 201 - "PUT http://[::1]:8080/v1/AUTH_71f03d698f7645fb92ce29512b9f0297/gnocchi.61778235-7b6f-4bbe-994d-09bbb1cdc586/none_v3" "txf7ffcc691a8141cc90f69-00692e356a" "proxy-server 86829" 0.0153 "-" 94054 0
Dec 01 19:40:10 np0005541722.novalocal proxy-server[86829]: ::1 ::1 02/Dec/2025/00/40/10 PUT /v1/AUTH_71f03d698f7645fb92ce29512b9f0297/gnocchi.61778235-7b6f-4bbe-994d-09bbb1cdc586/none_v3 HTTP/1.0 201 - python-swiftclient-4.2.0 gAAAAABpLjUvHoCr... 22 - - txf7ffcc691a8141cc90f69-00692e356a - 0.0238 - - 1764636010.635097265 1764636010.658922672 0
Dec 01 19:40:10 np0005541722.novalocal container-server[93752]: ::1 - - [02/Dec/2025:00:40:10 +0000] "HEAD /2/212803/AUTH_71f03d698f7645fb92ce29512b9f0297/gnocchi.9215856c-c395-4304-a8dc-b51823122638" 404 - "HEAD http://[::1]:8080/v1/AUTH_71f03d698f7645fb92ce29512b9f0297/gnocchi.9215856c-c395-4304-a8dc-b51823122638?format=json&states=listing" "tx5fb737397a024b2080157-00692e356a" "proxy-server 86829" 0.0003 "-" 93752 0
Dec 01 19:40:10 np0005541722.novalocal container-server[93750]: ::1 - - [02/Dec/2025:00:40:10 +0000] "HEAD /3/212803/AUTH_71f03d698f7645fb92ce29512b9f0297/gnocchi.9215856c-c395-4304-a8dc-b51823122638" 404 - "HEAD http://[::1]:8080/v1/AUTH_71f03d698f7645fb92ce29512b9f0297/gnocchi.9215856c-c395-4304-a8dc-b51823122638?format=json&states=listing" "tx5fb737397a024b2080157-00692e356a" "proxy-server 86829" 0.0005 "-" 93750 0
Dec 01 19:40:10 np0005541722.novalocal container-server[93752]: ::1 - - [02/Dec/2025:00:40:10 +0000] "HEAD /1/212803/AUTH_71f03d698f7645fb92ce29512b9f0297/gnocchi.9215856c-c395-4304-a8dc-b51823122638" 404 - "HEAD http://[::1]:8080/v1/AUTH_71f03d698f7645fb92ce29512b9f0297/gnocchi.9215856c-c395-4304-a8dc-b51823122638?format=json&states=listing" "tx5fb737397a024b2080157-00692e356a" "proxy-server 86829" 0.0005 "-" 93752 0
Dec 01 19:40:10 np0005541722.novalocal object-server[94056]: ::1 - - [02/Dec/2025:00:40:10 +0000] "GET /2/231208/AUTH_71f03d698f7645fb92ce29512b9f0297/gnocchi.9215856c-c395-4304-a8dc-b51823122638/none_v3" 404 70 "GET http://[::1]:8080/v1/AUTH_71f03d698f7645fb92ce29512b9f0297/gnocchi.9215856c-c395-4304-a8dc-b51823122638/none_v3" "tx5fb737397a024b2080157-00692e356a" "proxy-server 86829" 0.0007 "-" 94056 0
Dec 01 19:40:10 np0005541722.novalocal object-server[94056]: ::1 - - [02/Dec/2025:00:40:10 +0000] "GET /1/231208/AUTH_71f03d698f7645fb92ce29512b9f0297/gnocchi.9215856c-c395-4304-a8dc-b51823122638/none_v3" 404 70 "GET http://[::1]:8080/v1/AUTH_71f03d698f7645fb92ce29512b9f0297/gnocchi.9215856c-c395-4304-a8dc-b51823122638/none_v3" "tx5fb737397a024b2080157-00692e356a" "proxy-server 86829" 0.0008 "-" 94056 0
Dec 01 19:40:10 np0005541722.novalocal container-server[93750]: ::1 - - [02/Dec/2025:00:40:10 +0000] "HEAD /2/43849/AUTH_71f03d698f7645fb92ce29512b9f0297/gnocchi.fb49e970-c4be-4c0d-9fc9-98f2fc574dcc" 404 - "HEAD http://[::1]:8080/v1/AUTH_71f03d698f7645fb92ce29512b9f0297/gnocchi.fb49e970-c4be-4c0d-9fc9-98f2fc574dcc?format=json&states=listing" "txcd60e80eede14b89955cc-00692e356a" "proxy-server 86829" 0.0005 "-" 93750 0
Dec 01 19:40:10 np0005541722.novalocal object-server[94054]: ::1 - - [02/Dec/2025:00:40:10 +0000] "GET /3/231208/AUTH_71f03d698f7645fb92ce29512b9f0297/gnocchi.9215856c-c395-4304-a8dc-b51823122638/none_v3" 404 70 "GET http://[::1]:8080/v1/AUTH_71f03d698f7645fb92ce29512b9f0297/gnocchi.9215856c-c395-4304-a8dc-b51823122638/none_v3" "tx5fb737397a024b2080157-00692e356a" "proxy-server 86829" 0.0006 "-" 94054 0
Dec 01 19:40:10 np0005541722.novalocal proxy-server[86829]: ::1 ::1 02/Dec/2025/00/40/10 GET /v1/AUTH_71f03d698f7645fb92ce29512b9f0297/gnocchi.9215856c-c395-4304-a8dc-b51823122638/none_v3 HTTP/1.0 404 - python-swiftclient-4.2.0 gAAAAABpLjU42Jqt... - 70 - tx5fb737397a024b2080157-00692e356a - 0.0382 - - 1764636010.693521976 1764636010.731720448 0
Dec 01 19:40:10 np0005541722.novalocal container-server[93750]: ::1 - - [02/Dec/2025:00:40:10 +0000] "HEAD /1/43849/AUTH_71f03d698f7645fb92ce29512b9f0297/gnocchi.fb49e970-c4be-4c0d-9fc9-98f2fc574dcc" 404 - "HEAD http://[::1]:8080/v1/AUTH_71f03d698f7645fb92ce29512b9f0297/gnocchi.fb49e970-c4be-4c0d-9fc9-98f2fc574dcc?format=json&states=listing" "txcd60e80eede14b89955cc-00692e356a" "proxy-server 86829" 0.0004 "-" 93750 0
Dec 01 19:40:10 np0005541722.novalocal container-server[93752]: ::1 - - [02/Dec/2025:00:40:10 +0000] "HEAD /3/43849/AUTH_71f03d698f7645fb92ce29512b9f0297/gnocchi.fb49e970-c4be-4c0d-9fc9-98f2fc574dcc" 404 - "HEAD http://[::1]:8080/v1/AUTH_71f03d698f7645fb92ce29512b9f0297/gnocchi.fb49e970-c4be-4c0d-9fc9-98f2fc574dcc?format=json&states=listing" "txcd60e80eede14b89955cc-00692e356a" "proxy-server 86829" 0.0006 "-" 93752 0
Dec 01 19:40:10 np0005541722.novalocal object-server[94055]: ::1 - - [02/Dec/2025:00:40:10 +0000] "GET /3/147817/AUTH_71f03d698f7645fb92ce29512b9f0297/gnocchi.fb49e970-c4be-4c0d-9fc9-98f2fc574dcc/none_v3" 404 70 "GET http://[::1]:8080/v1/AUTH_71f03d698f7645fb92ce29512b9f0297/gnocchi.fb49e970-c4be-4c0d-9fc9-98f2fc574dcc/none_v3" "txcd60e80eede14b89955cc-00692e356a" "proxy-server 86829" 0.0003 "-" 94055 0
Dec 01 19:40:10 np0005541722.novalocal object-server[94054]: ::1 - - [02/Dec/2025:00:40:10 +0000] "GET /2/147817/AUTH_71f03d698f7645fb92ce29512b9f0297/gnocchi.fb49e970-c4be-4c0d-9fc9-98f2fc574dcc/none_v3" 404 70 "GET http://[::1]:8080/v1/AUTH_71f03d698f7645fb92ce29512b9f0297/gnocchi.fb49e970-c4be-4c0d-9fc9-98f2fc574dcc/none_v3" "txcd60e80eede14b89955cc-00692e356a" "proxy-server 86829" 0.0007 "-" 94054 0
Dec 01 19:40:10 np0005541722.novalocal object-server[94055]: ::1 - - [02/Dec/2025:00:40:10 +0000] "GET /1/147817/AUTH_71f03d698f7645fb92ce29512b9f0297/gnocchi.fb49e970-c4be-4c0d-9fc9-98f2fc574dcc/none_v3" 404 70 "GET http://[::1]:8080/v1/AUTH_71f03d698f7645fb92ce29512b9f0297/gnocchi.fb49e970-c4be-4c0d-9fc9-98f2fc574dcc/none_v3" "txcd60e80eede14b89955cc-00692e356a" "proxy-server 86829" 0.0002 "-" 94055 0
Dec 01 19:40:10 np0005541722.novalocal account-server[93454]: ::1 - - [02/Dec/2025:00:40:10 +0000] "PUT /1/177703/AUTH_71f03d698f7645fb92ce29512b9f0297/gnocchi.9215856c-c395-4304-a8dc-b51823122638" 201 - "PUT http://[::1]:6001/2/212803/AUTH_71f03d698f7645fb92ce29512b9f0297/gnocchi.9215856c-c395-4304-a8dc-b51823122638" "tx092cd147075c4fc49e060-00692e356a" "container-server 93753" 0.0032 "-" 93454 0
Dec 01 19:40:10 np0005541722.novalocal proxy-server[86829]: ::1 ::1 02/Dec/2025/00/40/10 GET /v1/AUTH_71f03d698f7645fb92ce29512b9f0297/gnocchi.fb49e970-c4be-4c0d-9fc9-98f2fc574dcc/none_v3 HTTP/1.0 404 - python-swiftclient-4.2.0 gAAAAABpLjUvHoCr... - 70 - txcd60e80eede14b89955cc-00692e356a - 0.0414 - - 1764636010.717557907 1764636010.759006977 0
Dec 01 19:40:10 np0005541722.novalocal container-server[93753]: ::1 - - [02/Dec/2025:00:40:10 +0000] "PUT /2/212803/AUTH_71f03d698f7645fb92ce29512b9f0297/gnocchi.9215856c-c395-4304-a8dc-b51823122638" 201 - "PUT http://[::1]:8080/v1/AUTH_71f03d698f7645fb92ce29512b9f0297/gnocchi.9215856c-c395-4304-a8dc-b51823122638" "tx092cd147075c4fc49e060-00692e356a" "proxy-server 86829" 0.0192 "-" 93753 0
Dec 01 19:40:10 np0005541722.novalocal account-server[93455]: ::1 - - [02/Dec/2025:00:40:10 +0000] "PUT /3/177703/AUTH_71f03d698f7645fb92ce29512b9f0297/gnocchi.9215856c-c395-4304-a8dc-b51823122638" 201 - "PUT http://[::1]:6001/1/212803/AUTH_71f03d698f7645fb92ce29512b9f0297/gnocchi.9215856c-c395-4304-a8dc-b51823122638" "tx092cd147075c4fc49e060-00692e356a" "container-server 93751" 0.0055 "-" 93455 0
Dec 01 19:40:10 np0005541722.novalocal container-server[93751]: ::1 - - [02/Dec/2025:00:40:10 +0000] "PUT /1/212803/AUTH_71f03d698f7645fb92ce29512b9f0297/gnocchi.9215856c-c395-4304-a8dc-b51823122638" 201 - "PUT http://[::1]:8080/v1/AUTH_71f03d698f7645fb92ce29512b9f0297/gnocchi.9215856c-c395-4304-a8dc-b51823122638" "tx092cd147075c4fc49e060-00692e356a" "proxy-server 86829" 0.0145 "-" 93751 0
Dec 01 19:40:10 np0005541722.novalocal account-server[93455]: ::1 - - [02/Dec/2025:00:40:10 +0000] "PUT /2/177703/AUTH_71f03d698f7645fb92ce29512b9f0297/gnocchi.9215856c-c395-4304-a8dc-b51823122638" 201 - "PUT http://[::1]:6001/3/212803/AUTH_71f03d698f7645fb92ce29512b9f0297/gnocchi.9215856c-c395-4304-a8dc-b51823122638" "tx092cd147075c4fc49e060-00692e356a" "container-server 93751" 0.0106 "-" 93455 0
Dec 01 19:40:10 np0005541722.novalocal container-server[93751]: ::1 - - [02/Dec/2025:00:40:10 +0000] "PUT /3/212803/AUTH_71f03d698f7645fb92ce29512b9f0297/gnocchi.9215856c-c395-4304-a8dc-b51823122638" 201 - "PUT http://[::1]:8080/v1/AUTH_71f03d698f7645fb92ce29512b9f0297/gnocchi.9215856c-c395-4304-a8dc-b51823122638" "tx092cd147075c4fc49e060-00692e356a" "proxy-server 86829" 0.0340 "-" 93751 0
Dec 01 19:40:10 np0005541722.novalocal proxy-server[86829]: ::1 ::1 02/Dec/2025/00/40/10 PUT /v1/AUTH_71f03d698f7645fb92ce29512b9f0297/gnocchi.9215856c-c395-4304-a8dc-b51823122638 HTTP/1.0 201 - python-swiftclient-4.2.0 gAAAAABpLjU42Jqt... - - - tx092cd147075c4fc49e060-00692e356a - 0.0434 - - 1764636010.735313177 1764636010.778714180 0
Dec 01 19:40:10 np0005541722.novalocal container-server[93753]: ::1 - - [02/Dec/2025:00:40:10 +0000] "HEAD /1/212803/AUTH_71f03d698f7645fb92ce29512b9f0297/gnocchi.9215856c-c395-4304-a8dc-b51823122638" 204 - "HEAD http://[::1]:8080/v1/AUTH_71f03d698f7645fb92ce29512b9f0297/gnocchi.9215856c-c395-4304-a8dc-b51823122638?format=json&states=listing" "tx3cad8cc217de4ffc8bf97-00692e356a" "proxy-server 86829" 0.0020 "-" 93753 0
Dec 01 19:40:10 np0005541722.novalocal container-server[93753]: ::1 - - [02/Dec/2025:00:40:10 +0000] "GET /1/212803/AUTH_71f03d698f7645fb92ce29512b9f0297/gnocchi.9215856c-c395-4304-a8dc-b51823122638" 200 2 "GET http://[::1]:8080/v1/AUTH_71f03d698f7645fb92ce29512b9f0297/gnocchi.9215856c-c395-4304-a8dc-b51823122638?format=json&states=listing" "tx3cad8cc217de4ffc8bf97-00692e356a" "proxy-server 86829" 0.0031 "-" 93753 0
Dec 01 19:40:10 np0005541722.novalocal proxy-server[86829]: ::1 ::1 02/Dec/2025/00/40/10 GET /v1/AUTH_71f03d698f7645fb92ce29512b9f0297/gnocchi.9215856c-c395-4304-a8dc-b51823122638%3Fformat%3Djson%26states%3Dlisting HTTP/1.0 200 - python-swiftclient-4.2.0 gAAAAABpLjU42Jqt... - 2 - tx3cad8cc217de4ffc8bf97-00692e356a - 0.0213 - - 1764636010.784004211 1764636010.805304527 0
Dec 01 19:40:10 np0005541722.novalocal account-server[93453]: ::1 - - [02/Dec/2025:00:40:10 +0000] "PUT /2/177703/AUTH_71f03d698f7645fb92ce29512b9f0297/gnocchi.fb49e970-c4be-4c0d-9fc9-98f2fc574dcc" 201 - "PUT http://[::1]:6001/2/43849/AUTH_71f03d698f7645fb92ce29512b9f0297/gnocchi.fb49e970-c4be-4c0d-9fc9-98f2fc574dcc" "tx35f661d577f947b7b51df-00692e356a" "container-server 93750" 0.0056 "-" 93453 0
Dec 01 19:40:10 np0005541722.novalocal container-server[93750]: ::1 - - [02/Dec/2025:00:40:10 +0000] "PUT /2/43849/AUTH_71f03d698f7645fb92ce29512b9f0297/gnocchi.fb49e970-c4be-4c0d-9fc9-98f2fc574dcc" 201 - "PUT http://[::1]:8080/v1/AUTH_71f03d698f7645fb92ce29512b9f0297/gnocchi.fb49e970-c4be-4c0d-9fc9-98f2fc574dcc" "tx35f661d577f947b7b51df-00692e356a" "proxy-server 86829" 0.0482 "-" 93750 0
Dec 01 19:40:10 np0005541722.novalocal object-server[94055]: ::1 - - [02/Dec/2025:00:40:10 +0000] "GET /2/331/AUTH_71f03d698f7645fb92ce29512b9f0297/gnocchi.9215856c-c395-4304-a8dc-b51823122638/1763640000.0_mean_300.0_v3" 404 70 "GET http://[::1]:8080/v1/AUTH_71f03d698f7645fb92ce29512b9f0297/gnocchi.9215856c-c395-4304-a8dc-b51823122638/1763640000.0_mean_300.0_v3" "tx4a61831d6d8b4cc6a7a27-00692e356a" "proxy-server 86829" 0.0005 "-" 94055 0
Dec 01 19:40:10 np0005541722.novalocal object-server[94055]: ::1 - - [02/Dec/2025:00:40:10 +0000] "GET /1/331/AUTH_71f03d698f7645fb92ce29512b9f0297/gnocchi.9215856c-c395-4304-a8dc-b51823122638/1763640000.0_mean_300.0_v3" 404 70 "GET http://[::1]:8080/v1/AUTH_71f03d698f7645fb92ce29512b9f0297/gnocchi.9215856c-c395-4304-a8dc-b51823122638/1763640000.0_mean_300.0_v3" "tx4a61831d6d8b4cc6a7a27-00692e356a" "proxy-server 86829" 0.0004 "-" 94055 0
Dec 01 19:40:10 np0005541722.novalocal account-server[93453]: ::1 - - [02/Dec/2025:00:40:10 +0000] "PUT /1/177703/AUTH_71f03d698f7645fb92ce29512b9f0297/gnocchi.fb49e970-c4be-4c0d-9fc9-98f2fc574dcc" 201 - "PUT http://[::1]:6001/3/43849/AUTH_71f03d698f7645fb92ce29512b9f0297/gnocchi.fb49e970-c4be-4c0d-9fc9-98f2fc574dcc" "tx35f661d577f947b7b51df-00692e356a" "container-server 93750" 0.0053 "-" 93453 0
Dec 01 19:40:10 np0005541722.novalocal object-server[94056]: ::1 - - [02/Dec/2025:00:40:10 +0000] "GET /3/331/AUTH_71f03d698f7645fb92ce29512b9f0297/gnocchi.9215856c-c395-4304-a8dc-b51823122638/1763640000.0_mean_300.0_v3" 404 70 "GET http://[::1]:8080/v1/AUTH_71f03d698f7645fb92ce29512b9f0297/gnocchi.9215856c-c395-4304-a8dc-b51823122638/1763640000.0_mean_300.0_v3" "tx4a61831d6d8b4cc6a7a27-00692e356a" "proxy-server 86829" 0.0007 "-" 94056 0
Dec 01 19:40:10 np0005541722.novalocal account-server[93455]: ::1 - - [02/Dec/2025:00:40:10 +0000] "PUT /3/177703/AUTH_71f03d698f7645fb92ce29512b9f0297/gnocchi.fb49e970-c4be-4c0d-9fc9-98f2fc574dcc" 201 - "PUT http://[::1]:6001/1/43849/AUTH_71f03d698f7645fb92ce29512b9f0297/gnocchi.fb49e970-c4be-4c0d-9fc9-98f2fc574dcc" "tx35f661d577f947b7b51df-00692e356a" "container-server 93750" 0.0103 "-" 93455 0
Dec 01 19:40:10 np0005541722.novalocal proxy-server[86829]: ::1 ::1 02/Dec/2025/00/40/10 GET /v1/AUTH_71f03d698f7645fb92ce29512b9f0297/gnocchi.9215856c-c395-4304-a8dc-b51823122638/1763640000.0_mean_300.0_v3 HTTP/1.0 404 - python-swiftclient-4.2.0 gAAAAABpLjU42Jqt... - 70 - tx4a61831d6d8b4cc6a7a27-00692e356a - 0.0174 - - 1764636010.816875458 1764636010.834324121 0
Dec 01 19:40:10 np0005541722.novalocal container-server[93750]: ::1 - - [02/Dec/2025:00:40:10 +0000] "PUT /3/43849/AUTH_71f03d698f7645fb92ce29512b9f0297/gnocchi.fb49e970-c4be-4c0d-9fc9-98f2fc574dcc" 201 - "PUT http://[::1]:8080/v1/AUTH_71f03d698f7645fb92ce29512b9f0297/gnocchi.fb49e970-c4be-4c0d-9fc9-98f2fc574dcc" "tx35f661d577f947b7b51df-00692e356a" "proxy-server 86829" 0.0296 "-" 93750 0
Dec 01 19:40:10 np0005541722.novalocal container-server[93750]: ::1 - - [02/Dec/2025:00:40:10 +0000] "PUT /1/43849/AUTH_71f03d698f7645fb92ce29512b9f0297/gnocchi.fb49e970-c4be-4c0d-9fc9-98f2fc574dcc" 201 - "PUT http://[::1]:8080/v1/AUTH_71f03d698f7645fb92ce29512b9f0297/gnocchi.fb49e970-c4be-4c0d-9fc9-98f2fc574dcc" "tx35f661d577f947b7b51df-00692e356a" "proxy-server 86829" 0.0503 "-" 93750 0
Dec 01 19:40:10 np0005541722.novalocal proxy-server[86829]: ::1 ::1 02/Dec/2025/00/40/10 PUT /v1/AUTH_71f03d698f7645fb92ce29512b9f0297/gnocchi.fb49e970-c4be-4c0d-9fc9-98f2fc574dcc HTTP/1.0 201 - python-swiftclient-4.2.0 gAAAAABpLjUvHoCr... - - - tx35f661d577f947b7b51df-00692e356a - 0.0859 - - 1764636010.761957407 1764636010.847883940 0
Dec 01 19:40:10 np0005541722.novalocal container-server[93751]: ::1 - - [02/Dec/2025:00:40:10 +0000] "PUT /3/212803/AUTH_71f03d698f7645fb92ce29512b9f0297/gnocchi.9215856c-c395-4304-a8dc-b51823122638/1763640000.0_mean_300.0_v3" 201 - "PUT http://[::1]:8080/2/331/AUTH_71f03d698f7645fb92ce29512b9f0297/gnocchi.9215856c-c395-4304-a8dc-b51823122638/1763640000.0_mean_300.0_v3" "txc0cae5221a06415b84118-00692e356a" "object-server 94057" 0.0004 "-" 93751 0
Dec 01 19:40:10 np0005541722.novalocal container-server[93752]: ::1 - - [02/Dec/2025:00:40:10 +0000] "PUT /2/212803/AUTH_71f03d698f7645fb92ce29512b9f0297/gnocchi.9215856c-c395-4304-a8dc-b51823122638/1763640000.0_mean_300.0_v3" 201 - "PUT http://[::1]:8080/3/331/AUTH_71f03d698f7645fb92ce29512b9f0297/gnocchi.9215856c-c395-4304-a8dc-b51823122638/1763640000.0_mean_300.0_v3" "txc0cae5221a06415b84118-00692e356a" "object-server 94057" 0.0009 "-" 93752 0
