Dec 01 19:40:31 np0005541722.novalocal account-server[93453]: ::1 - - [02/Dec/2025:00:40:31 +0000] "PUT /2/177703/AUTH_71f03d698f7645fb92ce29512b9f0297/gnocchi.bb2527ec-ecbe-4418-8eaa-a55064974c9c" 201 - "PUT http://[::1]:6001/2/149015/AUTH_71f03d698f7645fb92ce29512b9f0297/gnocchi.bb2527ec-ecbe-4418-8eaa-a55064974c9c" "tx19c7f09ccb774e22a0c8a-00692e357f" "container-server 93750" 0.0053 "-" 93453 0
Dec 01 19:40:31 np0005541722.novalocal account-server[93452]: ::1 - - [02/Dec/2025:00:40:31 +0000] "PUT /3/177703/AUTH_71f03d698f7645fb92ce29512b9f0297/gnocchi.bb2527ec-ecbe-4418-8eaa-a55064974c9c" 201 - "PUT http://[::1]:6001/3/149015/AUTH_71f03d698f7645fb92ce29512b9f0297/gnocchi.bb2527ec-ecbe-4418-8eaa-a55064974c9c" "tx19c7f09ccb774e22a0c8a-00692e357f" "container-server 93750" 0.0056 "-" 93452 0
Dec 01 19:40:31 np0005541722.novalocal container-server[93750]: ::1 - - [02/Dec/2025:00:40:31 +0000] "PUT /2/149015/AUTH_71f03d698f7645fb92ce29512b9f0297/gnocchi.bb2527ec-ecbe-4418-8eaa-a55064974c9c" 201 - "PUT http://[::1]:8080/v1/AUTH_71f03d698f7645fb92ce29512b9f0297/gnocchi.bb2527ec-ecbe-4418-8eaa-a55064974c9c" "tx19c7f09ccb774e22a0c8a-00692e357f" "proxy-server 86829" 0.0170 "-" 93750 0
Dec 01 19:40:31 np0005541722.novalocal container-server[93750]: ::1 - - [02/Dec/2025:00:40:31 +0000] "PUT /3/149015/AUTH_71f03d698f7645fb92ce29512b9f0297/gnocchi.bb2527ec-ecbe-4418-8eaa-a55064974c9c" 201 - "PUT http://[::1]:8080/v1/AUTH_71f03d698f7645fb92ce29512b9f0297/gnocchi.bb2527ec-ecbe-4418-8eaa-a55064974c9c" "tx19c7f09ccb774e22a0c8a-00692e357f" "proxy-server 86829" 0.0392 "-" 93750 0
Dec 01 19:40:31 np0005541722.novalocal account-server[93452]: ::1 - - [02/Dec/2025:00:40:31 +0000] "PUT /2/177703/AUTH_71f03d698f7645fb92ce29512b9f0297/gnocchi.af5d6256-8583-44b5-8ace-0bf9577f5e1f" 201 - "PUT http://[::1]:6001/3/89547/AUTH_71f03d698f7645fb92ce29512b9f0297/gnocchi.af5d6256-8583-44b5-8ace-0bf9577f5e1f" "tx9d58e5052e2b4971b5860-00692e357f" "container-server 93752" 0.0037 "-" 93452 0
Dec 01 19:40:31 np0005541722.novalocal proxy-server[86829]: ::1 ::1 02/Dec/2025/00/40/31 PUT /v1/AUTH_71f03d698f7645fb92ce29512b9f0297/gnocchi.bb2527ec-ecbe-4418-8eaa-a55064974c9c HTTP/1.0 201 - python-swiftclient-4.2.0 gAAAAABpLjU42Jqt... - - - tx19c7f09ccb774e22a0c8a-00692e357f - 0.0462 - - 1764636031.821436882 1764636031.867677689 0
Dec 01 19:40:31 np0005541722.novalocal container-server[93752]: ::1 - - [02/Dec/2025:00:40:31 +0000] "PUT /3/89547/AUTH_71f03d698f7645fb92ce29512b9f0297/gnocchi.af5d6256-8583-44b5-8ace-0bf9577f5e1f" 201 - "PUT http://[::1]:8080/v1/AUTH_71f03d698f7645fb92ce29512b9f0297/gnocchi.af5d6256-8583-44b5-8ace-0bf9577f5e1f" "tx9d58e5052e2b4971b5860-00692e357f" "proxy-server 86829" 0.0270 "-" 93752 0
Dec 01 19:40:31 np0005541722.novalocal account-server[93452]: ::1 - - [02/Dec/2025:00:40:31 +0000] "PUT /1/177703/AUTH_71f03d698f7645fb92ce29512b9f0297/gnocchi.af5d6256-8583-44b5-8ace-0bf9577f5e1f" 201 - "PUT http://[::1]:6001/1/89547/AUTH_71f03d698f7645fb92ce29512b9f0297/gnocchi.af5d6256-8583-44b5-8ace-0bf9577f5e1f" "tx9d58e5052e2b4971b5860-00692e357f" "container-server 93750" 0.0056 "-" 93452 0
Dec 01 19:40:31 np0005541722.novalocal container-server[93750]: ::1 - - [02/Dec/2025:00:40:31 +0000] "HEAD /1/149015/AUTH_71f03d698f7645fb92ce29512b9f0297/gnocchi.bb2527ec-ecbe-4418-8eaa-a55064974c9c" 204 - "HEAD http://[::1]:8080/v1/AUTH_71f03d698f7645fb92ce29512b9f0297/gnocchi.bb2527ec-ecbe-4418-8eaa-a55064974c9c?format=json&states=listing" "txd292015faa10492398cbd-00692e357f" "proxy-server 86829" 0.0013 "-" 93750 0
Dec 01 19:40:31 np0005541722.novalocal container-server[93750]: ::1 - - [02/Dec/2025:00:40:31 +0000] "PUT /1/89547/AUTH_71f03d698f7645fb92ce29512b9f0297/gnocchi.af5d6256-8583-44b5-8ace-0bf9577f5e1f" 201 - "PUT http://[::1]:8080/v1/AUTH_71f03d698f7645fb92ce29512b9f0297/gnocchi.af5d6256-8583-44b5-8ace-0bf9577f5e1f" "tx9d58e5052e2b4971b5860-00692e357f" "proxy-server 86829" 0.0184 "-" 93750 0
Dec 01 19:40:31 np0005541722.novalocal container-server[93751]: ::1 - - [02/Dec/2025:00:40:31 +0000] "GET /2/149015/AUTH_71f03d698f7645fb92ce29512b9f0297/gnocchi.bb2527ec-ecbe-4418-8eaa-a55064974c9c" 200 2 "GET http://[::1]:8080/v1/AUTH_71f03d698f7645fb92ce29512b9f0297/gnocchi.bb2527ec-ecbe-4418-8eaa-a55064974c9c?format=json&states=listing" "txd292015faa10492398cbd-00692e357f" "proxy-server 86829" 0.0026 "-" 93751 0
Dec 01 19:40:31 np0005541722.novalocal proxy-server[86829]: ::1 ::1 02/Dec/2025/00/40/31 PUT /v1/AUTH_71f03d698f7645fb92ce29512b9f0297/gnocchi.af5d6256-8583-44b5-8ace-0bf9577f5e1f HTTP/1.0 201 - python-swiftclient-4.2.0 gAAAAABpLjUvHoCr... - - - tx9d58e5052e2b4971b5860-00692e357f - 0.0576 - - 1764636031.826364517 1764636031.883953094 0
Dec 01 19:40:31 np0005541722.novalocal proxy-server[86829]: ::1 ::1 02/Dec/2025/00/40/31 GET /v1/AUTH_71f03d698f7645fb92ce29512b9f0297/gnocchi.bb2527ec-ecbe-4418-8eaa-a55064974c9c%3Fformat%3Djson%26states%3Dlisting HTTP/1.0 200 - python-swiftclient-4.2.0 gAAAAABpLjU42Jqt... - 2 - txd292015faa10492398cbd-00692e357f - 0.0168 - - 1764636031.870829582 1764636031.887597084 0
Dec 01 19:40:31 np0005541722.novalocal container-server[93753]: ::1 - - [02/Dec/2025:00:40:31 +0000] "HEAD /3/119972/AUTH_71f03d698f7645fb92ce29512b9f0297/gnocchi.d0c08cf0-0930-4788-9393-ab24d3e6de9f" 404 - "HEAD http://[::1]:8080/v1/AUTH_71f03d698f7645fb92ce29512b9f0297/gnocchi.d0c08cf0-0930-4788-9393-ab24d3e6de9f?format=json&states=listing" "tx8f19a790f4d94acfbe204-00692e357f" "proxy-server 86829" 0.0003 "-" 93753 0
Dec 01 19:40:31 np0005541722.novalocal container-server[93752]: ::1 - - [02/Dec/2025:00:40:31 +0000] "HEAD /1/119972/AUTH_71f03d698f7645fb92ce29512b9f0297/gnocchi.d0c08cf0-0930-4788-9393-ab24d3e6de9f" 404 - "HEAD http://[::1]:8080/v1/AUTH_71f03d698f7645fb92ce29512b9f0297/gnocchi.d0c08cf0-0930-4788-9393-ab24d3e6de9f?format=json&states=listing" "tx8f19a790f4d94acfbe204-00692e357f" "proxy-server 86829" 0.0004 "-" 93752 0
Dec 01 19:40:31 np0005541722.novalocal object-server[94056]: ::1 - - [02/Dec/2025:00:40:31 +0000] "GET /2/134297/AUTH_71f03d698f7645fb92ce29512b9f0297/gnocchi.bb2527ec-ecbe-4418-8eaa-a55064974c9c/1763640000.0_mean_300.0_v3" 404 70 "GET http://[::1]:8080/v1/AUTH_71f03d698f7645fb92ce29512b9f0297/gnocchi.bb2527ec-ecbe-4418-8eaa-a55064974c9c/1763640000.0_mean_300.0_v3" "tx50340d32109c4831934a1-00692e357f" "proxy-server 86829" 0.0003 "-" 94056 0
Dec 01 19:40:31 np0005541722.novalocal container-server[93751]: ::1 - - [02/Dec/2025:00:40:31 +0000] "HEAD /2/119972/AUTH_71f03d698f7645fb92ce29512b9f0297/gnocchi.d0c08cf0-0930-4788-9393-ab24d3e6de9f" 404 - "HEAD http://[::1]:8080/v1/AUTH_71f03d698f7645fb92ce29512b9f0297/gnocchi.d0c08cf0-0930-4788-9393-ab24d3e6de9f?format=json&states=listing" "tx8f19a790f4d94acfbe204-00692e357f" "proxy-server 86829" 0.0003 "-" 93751 0
Dec 01 19:40:31 np0005541722.novalocal object-server[94057]: ::1 - - [02/Dec/2025:00:40:31 +0000] "GET /1/134297/AUTH_71f03d698f7645fb92ce29512b9f0297/gnocchi.bb2527ec-ecbe-4418-8eaa-a55064974c9c/1763640000.0_mean_300.0_v3" 404 70 "GET http://[::1]:8080/v1/AUTH_71f03d698f7645fb92ce29512b9f0297/gnocchi.bb2527ec-ecbe-4418-8eaa-a55064974c9c/1763640000.0_mean_300.0_v3" "tx50340d32109c4831934a1-00692e357f" "proxy-server 86829" 0.0003 "-" 94057 0
Dec 01 19:40:31 np0005541722.novalocal object-server[94055]: ::1 - - [02/Dec/2025:00:40:31 +0000] "GET /3/134297/AUTH_71f03d698f7645fb92ce29512b9f0297/gnocchi.bb2527ec-ecbe-4418-8eaa-a55064974c9c/1763640000.0_mean_300.0_v3" 404 70 "GET http://[::1]:8080/v1/AUTH_71f03d698f7645fb92ce29512b9f0297/gnocchi.bb2527ec-ecbe-4418-8eaa-a55064974c9c/1763640000.0_mean_300.0_v3" "tx50340d32109c4831934a1-00692e357f" "proxy-server 86829" 0.0003 "-" 94055 0
Dec 01 19:40:31 np0005541722.novalocal object-server[94055]: ::1 - - [02/Dec/2025:00:40:31 +0000] "GET /2/55943/AUTH_71f03d698f7645fb92ce29512b9f0297/gnocchi.d0c08cf0-0930-4788-9393-ab24d3e6de9f/none_v3" 404 70 "GET http://[::1]:8080/v1/AUTH_71f03d698f7645fb92ce29512b9f0297/gnocchi.d0c08cf0-0930-4788-9393-ab24d3e6de9f/none_v3" "tx8f19a790f4d94acfbe204-00692e357f" "proxy-server 86829" 0.0001 "-" 94055 0
Dec 01 19:40:31 np0005541722.novalocal proxy-server[86829]: ::1 ::1 02/Dec/2025/00/40/31 GET /v1/AUTH_71f03d698f7645fb92ce29512b9f0297/gnocchi.bb2527ec-ecbe-4418-8eaa-a55064974c9c/1763640000.0_mean_300.0_v3 HTTP/1.0 404 - python-swiftclient-4.2.0 gAAAAABpLjU42Jqt... - 70 - tx50340d32109c4831934a1-00692e357f - 0.0157 - - 1764636031.892092705 1764636031.907754660 0
Dec 01 19:40:31 np0005541722.novalocal object-server[94054]: ::1 - - [02/Dec/2025:00:40:31 +0000] "GET /1/55943/AUTH_71f03d698f7645fb92ce29512b9f0297/gnocchi.d0c08cf0-0930-4788-9393-ab24d3e6de9f/none_v3" 404 70 "GET http://[::1]:8080/v1/AUTH_71f03d698f7645fb92ce29512b9f0297/gnocchi.d0c08cf0-0930-4788-9393-ab24d3e6de9f/none_v3" "tx8f19a790f4d94acfbe204-00692e357f" "proxy-server 86829" 0.0003 "-" 94054 0
Dec 01 19:40:31 np0005541722.novalocal object-server[94055]: ::1 - - [02/Dec/2025:00:40:31 +0000] "GET /3/55943/AUTH_71f03d698f7645fb92ce29512b9f0297/gnocchi.d0c08cf0-0930-4788-9393-ab24d3e6de9f/none_v3" 404 70 "GET http://[::1]:8080/v1/AUTH_71f03d698f7645fb92ce29512b9f0297/gnocchi.d0c08cf0-0930-4788-9393-ab24d3e6de9f/none_v3" "tx8f19a790f4d94acfbe204-00692e357f" "proxy-server 86829" 0.0008 "-" 94055 0
Dec 01 19:40:31 np0005541722.novalocal proxy-server[86829]: ::1 ::1 02/Dec/2025/00/40/31 GET /v1/AUTH_71f03d698f7645fb92ce29512b9f0297/gnocchi.d0c08cf0-0930-4788-9393-ab24d3e6de9f/none_v3 HTTP/1.0 404 - python-swiftclient-4.2.0 gAAAAABpLjUvHoCr... - 70 - tx8f19a790f4d94acfbe204-00692e357f - 0.0320 - - 1764636031.888736010 1764636031.920713425 0
Dec 01 19:40:31 np0005541722.novalocal container-server[93750]: ::1 - - [02/Dec/2025:00:40:31 +0000] "PUT /1/149015/AUTH_71f03d698f7645fb92ce29512b9f0297/gnocchi.bb2527ec-ecbe-4418-8eaa-a55064974c9c/1763640000.0_mean_300.0_v3" 201 - "PUT http://[::1]:8080/1/134297/AUTH_71f03d698f7645fb92ce29512b9f0297/gnocchi.bb2527ec-ecbe-4418-8eaa-a55064974c9c/1763640000.0_mean_300.0_v3" "txb43c45ff78a9461da5db0-00692e357f" "object-server 94056" 0.0007 "-" 93750 0
Dec 01 19:40:31 np0005541722.novalocal object-server[94056]: ::1 - - [02/Dec/2025:00:40:31 +0000] "PUT /1/134297/AUTH_71f03d698f7645fb92ce29512b9f0297/gnocchi.bb2527ec-ecbe-4418-8eaa-a55064974c9c/1763640000.0_mean_300.0_v3" 201 - "PUT http://[::1]:8080/v1/AUTH_71f03d698f7645fb92ce29512b9f0297/gnocchi.bb2527ec-ecbe-4418-8eaa-a55064974c9c/1763640000.0_mean_300.0_v3" "txb43c45ff78a9461da5db0-00692e357f" "proxy-server 86829" 0.0209 "-" 94056 0
Dec 01 19:40:31 np0005541722.novalocal account-server[93452]: ::1 - - [02/Dec/2025:00:40:31 +0000] "PUT /2/177703/AUTH_71f03d698f7645fb92ce29512b9f0297/gnocchi.d0c08cf0-0930-4788-9393-ab24d3e6de9f" 201 - "PUT http://[::1]:6001/2/119972/AUTH_71f03d698f7645fb92ce29512b9f0297/gnocchi.d0c08cf0-0930-4788-9393-ab24d3e6de9f" "tx2147dc2eaad74c479f1d3-00692e357f" "container-server 93752" 0.0044 "-" 93452 0
Dec 01 19:40:31 np0005541722.novalocal container-server[93752]: ::1 - - [02/Dec/2025:00:40:31 +0000] "PUT /2/119972/AUTH_71f03d698f7645fb92ce29512b9f0297/gnocchi.d0c08cf0-0930-4788-9393-ab24d3e6de9f" 201 - "PUT http://[::1]:8080/v1/AUTH_71f03d698f7645fb92ce29512b9f0297/gnocchi.d0c08cf0-0930-4788-9393-ab24d3e6de9f" "tx2147dc2eaad74c479f1d3-00692e357f" "proxy-server 86829" 0.0190 "-" 93752 0
Dec 01 19:40:31 np0005541722.novalocal container-server[93750]: ::1 - - [02/Dec/2025:00:40:31 +0000] "PUT /2/149015/AUTH_71f03d698f7645fb92ce29512b9f0297/gnocchi.bb2527ec-ecbe-4418-8eaa-a55064974c9c/1763640000.0_mean_300.0_v3" 201 - "PUT http://[::1]:8080/3/134297/AUTH_71f03d698f7645fb92ce29512b9f0297/gnocchi.bb2527ec-ecbe-4418-8eaa-a55064974c9c/1763640000.0_mean_300.0_v3" "txb43c45ff78a9461da5db0-00692e357f" "object-server 94054" 0.0006 "-" 93750 0
Dec 01 19:40:31 np0005541722.novalocal account-server[93454]: ::1 - - [02/Dec/2025:00:40:31 +0000] "PUT /1/177703/AUTH_71f03d698f7645fb92ce29512b9f0297/gnocchi.d0c08cf0-0930-4788-9393-ab24d3e6de9f" 201 - "PUT http://[::1]:6001/1/119972/AUTH_71f03d698f7645fb92ce29512b9f0297/gnocchi.d0c08cf0-0930-4788-9393-ab24d3e6de9f" "tx2147dc2eaad74c479f1d3-00692e357f" "container-server 93751" 0.0054 "-" 93454 0
Dec 01 19:40:31 np0005541722.novalocal container-server[93750]: ::1 - - [02/Dec/2025:00:40:31 +0000] "PUT /3/149015/AUTH_71f03d698f7645fb92ce29512b9f0297/gnocchi.bb2527ec-ecbe-4418-8eaa-a55064974c9c/1763640000.0_mean_300.0_v3" 201 - "PUT http://[::1]:8080/2/134297/AUTH_71f03d698f7645fb92ce29512b9f0297/gnocchi.bb2527ec-ecbe-4418-8eaa-a55064974c9c/1763640000.0_mean_300.0_v3" "txb43c45ff78a9461da5db0-00692e357f" "object-server 94056" 0.0004 "-" 93750 0
Dec 01 19:40:31 np0005541722.novalocal container-server[93751]: ::1 - - [02/Dec/2025:00:40:31 +0000] "PUT /1/119972/AUTH_71f03d698f7645fb92ce29512b9f0297/gnocchi.d0c08cf0-0930-4788-9393-ab24d3e6de9f" 201 - "PUT http://[::1]:8080/v1/AUTH_71f03d698f7645fb92ce29512b9f0297/gnocchi.d0c08cf0-0930-4788-9393-ab24d3e6de9f" "tx2147dc2eaad74c479f1d3-00692e357f" "proxy-server 86829" 0.0203 "-" 93751 0
Dec 01 19:40:31 np0005541722.novalocal object-server[94054]: ::1 - - [02/Dec/2025:00:40:31 +0000] "PUT /3/134297/AUTH_71f03d698f7645fb92ce29512b9f0297/gnocchi.bb2527ec-ecbe-4418-8eaa-a55064974c9c/1763640000.0_mean_300.0_v3" 201 - "PUT http://[::1]:8080/v1/AUTH_71f03d698f7645fb92ce29512b9f0297/gnocchi.bb2527ec-ecbe-4418-8eaa-a55064974c9c/1763640000.0_mean_300.0_v3" "txb43c45ff78a9461da5db0-00692e357f" "proxy-server 86829" 0.0342 "-" 94054 0
Dec 01 19:40:31 np0005541722.novalocal object-server[94056]: ::1 - - [02/Dec/2025:00:40:31 +0000] "PUT /2/134297/AUTH_71f03d698f7645fb92ce29512b9f0297/gnocchi.bb2527ec-ecbe-4418-8eaa-a55064974c9c/1763640000.0_mean_300.0_v3" 201 - "PUT http://[::1]:8080/v1/AUTH_71f03d698f7645fb92ce29512b9f0297/gnocchi.bb2527ec-ecbe-4418-8eaa-a55064974c9c/1763640000.0_mean_300.0_v3" "txb43c45ff78a9461da5db0-00692e357f" "proxy-server 86829" 0.0321 "-" 94056 0
Dec 01 19:40:31 np0005541722.novalocal proxy-server[86829]: ::1 ::1 02/Dec/2025/00/40/31 PUT /v1/AUTH_71f03d698f7645fb92ce29512b9f0297/gnocchi.bb2527ec-ecbe-4418-8eaa-a55064974c9c/1763640000.0_mean_300.0_v3 HTTP/1.0 201 - python-swiftclient-4.2.0 gAAAAABpLjU42Jqt... 16 - - txb43c45ff78a9461da5db0-00692e357f - 0.0434 - - 1764636031.910208941 1764636031.953632832 0
Dec 01 19:40:31 np0005541722.novalocal account-server[93455]: ::1 - - [02/Dec/2025:00:40:31 +0000] "PUT /3/177703/AUTH_71f03d698f7645fb92ce29512b9f0297/gnocchi.d0c08cf0-0930-4788-9393-ab24d3e6de9f" 201 - "PUT http://[::1]:6001/3/119972/AUTH_71f03d698f7645fb92ce29512b9f0297/gnocchi.d0c08cf0-0930-4788-9393-ab24d3e6de9f" "tx2147dc2eaad74c479f1d3-00692e357f" "container-server 93750" 0.0040 "-" 93455 0
Dec 01 19:40:31 np0005541722.novalocal container-server[93750]: ::1 - - [02/Dec/2025:00:40:31 +0000] "PUT /3/119972/AUTH_71f03d698f7645fb92ce29512b9f0297/gnocchi.d0c08cf0-0930-4788-9393-ab24d3e6de9f" 201 - "PUT http://[::1]:8080/v1/AUTH_71f03d698f7645fb92ce29512b9f0297/gnocchi.d0c08cf0-0930-4788-9393-ab24d3e6de9f" "tx2147dc2eaad74c479f1d3-00692e357f" "proxy-server 86829" 0.0207 "-" 93750 0
Dec 01 19:40:31 np0005541722.novalocal proxy-server[86829]: ::1 ::1 02/Dec/2025/00/40/31 PUT /v1/AUTH_71f03d698f7645fb92ce29512b9f0297/gnocchi.d0c08cf0-0930-4788-9393-ab24d3e6de9f HTTP/1.0 201 - python-swiftclient-4.2.0 gAAAAABpLjUvHoCr... - - - tx2147dc2eaad74c479f1d3-00692e357f - 0.0419 - - 1764636031.924353123 1764636031.966232538 0
Dec 01 19:40:31 np0005541722.novalocal container-server[93753]: ::1 - - [02/Dec/2025:00:40:31 +0000] "HEAD /2/89547/AUTH_71f03d698f7645fb92ce29512b9f0297/gnocchi.af5d6256-8583-44b5-8ace-0bf9577f5e1f" 204 - "HEAD http://[::1]:8080/v1/AUTH_71f03d698f7645fb92ce29512b9f0297/gnocchi.af5d6256-8583-44b5-8ace-0bf9577f5e1f?format=json&states=listing" "tx862c1aba1696477a82bf1-00692e357f" "proxy-server 86829" 0.0017 "-" 93753 0
Dec 01 19:40:31 np0005541722.novalocal container-server[93751]: ::1 - - [02/Dec/2025:00:40:31 +0000] "PUT /2/149015/AUTH_71f03d698f7645fb92ce29512b9f0297/gnocchi.bb2527ec-ecbe-4418-8eaa-a55064974c9c/none_v3" 201 - "PUT http://[::1]:8080/2/172199/AUTH_71f03d698f7645fb92ce29512b9f0297/gnocchi.bb2527ec-ecbe-4418-8eaa-a55064974c9c/none_v3" "txc324f58fbc8b4ba9bd7a4-00692e357f" "object-server 94057" 0.0005 "-" 93751 0
Dec 01 19:40:31 np0005541722.novalocal object-server[94057]: ::1 - - [02/Dec/2025:00:40:31 +0000] "PUT /2/172199/AUTH_71f03d698f7645fb92ce29512b9f0297/gnocchi.bb2527ec-ecbe-4418-8eaa-a55064974c9c/none_v3" 201 - "PUT http://[::1]:8080/v1/AUTH_71f03d698f7645fb92ce29512b9f0297/gnocchi.bb2527ec-ecbe-4418-8eaa-a55064974c9c/none_v3" "txc324f58fbc8b4ba9bd7a4-00692e357f" "proxy-server 86829" 0.0120 "-" 94057 0
Dec 01 19:40:31 np0005541722.novalocal container-server[93753]: ::1 - - [02/Dec/2025:00:40:31 +0000] "PUT /1/149015/AUTH_71f03d698f7645fb92ce29512b9f0297/gnocchi.bb2527ec-ecbe-4418-8eaa-a55064974c9c/none_v3" 201 - "PUT http://[::1]:8080/1/172199/AUTH_71f03d698f7645fb92ce29512b9f0297/gnocchi.bb2527ec-ecbe-4418-8eaa-a55064974c9c/none_v3" "txc324f58fbc8b4ba9bd7a4-00692e357f" "object-server 94057" 0.0004 "-" 93753 0
Dec 01 19:40:31 np0005541722.novalocal object-server[94057]: ::1 - - [02/Dec/2025:00:40:31 +0000] "PUT /1/172199/AUTH_71f03d698f7645fb92ce29512b9f0297/gnocchi.bb2527ec-ecbe-4418-8eaa-a55064974c9c/none_v3" 201 - "PUT http://[::1]:8080/v1/AUTH_71f03d698f7645fb92ce29512b9f0297/gnocchi.bb2527ec-ecbe-4418-8eaa-a55064974c9c/none_v3" "txc324f58fbc8b4ba9bd7a4-00692e357f" "proxy-server 86829" 0.0126 "-" 94057 0
Dec 01 19:40:31 np0005541722.novalocal container-server[93752]: ::1 - - [02/Dec/2025:00:40:31 +0000] "PUT /3/149015/AUTH_71f03d698f7645fb92ce29512b9f0297/gnocchi.bb2527ec-ecbe-4418-8eaa-a55064974c9c/none_v3" 201 - "PUT http://[::1]:8080/3/172199/AUTH_71f03d698f7645fb92ce29512b9f0297/gnocchi.bb2527ec-ecbe-4418-8eaa-a55064974c9c/none_v3" "txc324f58fbc8b4ba9bd7a4-00692e357f" "object-server 94056" 0.0005 "-" 93752 0
Dec 01 19:40:31 np0005541722.novalocal object-server[94056]: ::1 - - [02/Dec/2025:00:40:31 +0000] "PUT /3/172199/AUTH_71f03d698f7645fb92ce29512b9f0297/gnocchi.bb2527ec-ecbe-4418-8eaa-a55064974c9c/none_v3" 201 - "PUT http://[::1]:8080/v1/AUTH_71f03d698f7645fb92ce29512b9f0297/gnocchi.bb2527ec-ecbe-4418-8eaa-a55064974c9c/none_v3" "txc324f58fbc8b4ba9bd7a4-00692e357f" "proxy-server 86829" 0.0158 "-" 94056 0
Dec 01 19:40:31 np0005541722.novalocal proxy-server[86829]: ::1 ::1 02/Dec/2025/00/40/31 PUT /v1/AUTH_71f03d698f7645fb92ce29512b9f0297/gnocchi.bb2527ec-ecbe-4418-8eaa-a55064974c9c/none_v3 HTTP/1.0 201 - python-swiftclient-4.2.0 gAAAAABpLjU42Jqt... 22 - - txc324f58fbc8b4ba9bd7a4-00692e357f - 0.0296 - - 1764636031.956202984 1764636031.985795498 0
Dec 01 19:40:31 np0005541722.novalocal container-server[93752]: ::1 - - [02/Dec/2025:00:40:31 +0000] "GET /1/89547/AUTH_71f03d698f7645fb92ce29512b9f0297/gnocchi.af5d6256-8583-44b5-8ace-0bf9577f5e1f" 200 2 "GET http://[::1]:8080/v1/AUTH_71f03d698f7645fb92ce29512b9f0297/gnocchi.af5d6256-8583-44b5-8ace-0bf9577f5e1f?format=json&states=listing" "tx862c1aba1696477a82bf1-00692e357f" "proxy-server 86829" 0.0020 "-" 93752 0
Dec 01 19:40:31 np0005541722.novalocal proxy-server[86829]: ::1 ::1 02/Dec/2025/00/40/31 GET /v1/AUTH_71f03d698f7645fb92ce29512b9f0297/gnocchi.af5d6256-8583-44b5-8ace-0bf9577f5e1f%3Fformat%3Djson%26states%3Dlisting HTTP/1.0 200 - python-swiftclient-4.2.0 gAAAAABpLjUvHoCr... - 2 - tx862c1aba1696477a82bf1-00692e357f - 0.0183 - - 1764636031.970809698 1764636031.989077568 0
Dec 01 19:40:31 np0005541722.novalocal container-server[93751]: ::1 - - [02/Dec/2025:00:40:31 +0000] "HEAD /3/206725/AUTH_71f03d698f7645fb92ce29512b9f0297/gnocchi.dfded825-62e8-4ab4-9e67-36a509f12210" 404 - "HEAD http://[::1]:8080/v1/AUTH_71f03d698f7645fb92ce29512b9f0297/gnocchi.dfded825-62e8-4ab4-9e67-36a509f12210?format=json&states=listing" "txbd4f7c7c41c945aba1083-00692e357f" "proxy-server 86829" 0.0004 "-" 93751 0
Dec 01 19:40:32 np0005541722.novalocal container-server[93752]: ::1 - - [02/Dec/2025:00:40:32 +0000] "HEAD /1/206725/AUTH_71f03d698f7645fb92ce29512b9f0297/gnocchi.dfded825-62e8-4ab4-9e67-36a509f12210" 404 - "HEAD http://[::1]:8080/v1/AUTH_71f03d698f7645fb92ce29512b9f0297/gnocchi.dfded825-62e8-4ab4-9e67-36a509f12210?format=json&states=listing" "txbd4f7c7c41c945aba1083-00692e357f" "proxy-server 86829" 0.0003 "-" 93752 0
Dec 01 19:40:32 np0005541722.novalocal container-server[93751]: ::1 - - [02/Dec/2025:00:40:32 +0000] "HEAD /1/119972/AUTH_71f03d698f7645fb92ce29512b9f0297/gnocchi.d0c08cf0-0930-4788-9393-ab24d3e6de9f" 204 - "HEAD http://[::1]:8080/v1/AUTH_71f03d698f7645fb92ce29512b9f0297/gnocchi.d0c08cf0-0930-4788-9393-ab24d3e6de9f?format=json&states=listing" "tx028bfa417c384cc69e5bd-00692e357f" "proxy-server 86829" 0.0015 "-" 93751 0
Dec 01 19:40:32 np0005541722.novalocal container-server[93752]: ::1 - - [02/Dec/2025:00:40:32 +0000] "HEAD /2/206725/AUTH_71f03d698f7645fb92ce29512b9f0297/gnocchi.dfded825-62e8-4ab4-9e67-36a509f12210" 404 - "HEAD http://[::1]:8080/v1/AUTH_71f03d698f7645fb92ce29512b9f0297/gnocchi.dfded825-62e8-4ab4-9e67-36a509f12210?format=json&states=listing" "txbd4f7c7c41c945aba1083-00692e357f" "proxy-server 86829" 0.0002 "-" 93752 0
Dec 01 19:40:32 np0005541722.novalocal container-server[93753]: ::1 - - [02/Dec/2025:00:40:32 +0000] "GET /2/119972/AUTH_71f03d698f7645fb92ce29512b9f0297/gnocchi.d0c08cf0-0930-4788-9393-ab24d3e6de9f" 200 2 "GET http://[::1]:8080/v1/AUTH_71f03d698f7645fb92ce29512b9f0297/gnocchi.d0c08cf0-0930-4788-9393-ab24d3e6de9f?format=json&states=listing" "tx028bfa417c384cc69e5bd-00692e357f" "proxy-server 86829" 0.0025 "-" 93753 0
Dec 01 19:40:32 np0005541722.novalocal proxy-server[86829]: ::1 ::1 02/Dec/2025/00/40/32 GET /v1/AUTH_71f03d698f7645fb92ce29512b9f0297/gnocchi.d0c08cf0-0930-4788-9393-ab24d3e6de9f%3Fformat%3Djson%26states%3Dlisting HTTP/1.0 200 - python-swiftclient-4.2.0 gAAAAABpLjUvHoCr... - 2 - tx028bfa417c384cc69e5bd-00692e357f - 0.0156 - - 1764636031.996992350 1764636032.012560368 0
Dec 01 19:40:32 np0005541722.novalocal object-server[94054]: ::1 - - [02/Dec/2025:00:40:32 +0000] "GET /2/115413/AUTH_71f03d698f7645fb92ce29512b9f0297/gnocchi.dfded825-62e8-4ab4-9e67-36a509f12210/none_v3" 404 70 "GET http://[::1]:8080/v1/AUTH_71f03d698f7645fb92ce29512b9f0297/gnocchi.dfded825-62e8-4ab4-9e67-36a509f12210/none_v3" "txbd4f7c7c41c945aba1083-00692e357f" "proxy-server 86829" 0.0003 "-" 94054 0
Dec 01 19:40:32 np0005541722.novalocal object-server[94054]: ::1 - - [02/Dec/2025:00:40:32 +0000] "GET /3/115413/AUTH_71f03d698f7645fb92ce29512b9f0297/gnocchi.dfded825-62e8-4ab4-9e67-36a509f12210/none_v3" 404 70 "GET http://[::1]:8080/v1/AUTH_71f03d698f7645fb92ce29512b9f0297/gnocchi.dfded825-62e8-4ab4-9e67-36a509f12210/none_v3" "txbd4f7c7c41c945aba1083-00692e357f" "proxy-server 86829" 0.0002 "-" 94054 0
Dec 01 19:40:32 np0005541722.novalocal object-server[94055]: ::1 - - [02/Dec/2025:00:40:32 +0000] "GET /3/80882/AUTH_71f03d698f7645fb92ce29512b9f0297/gnocchi.af5d6256-8583-44b5-8ace-0bf9577f5e1f/1763640000.0_mean_300.0_v3" 404 70 "GET http://[::1]:8080/v1/AUTH_71f03d698f7645fb92ce29512b9f0297/gnocchi.af5d6256-8583-44b5-8ace-0bf9577f5e1f/1763640000.0_mean_300.0_v3" "tx384c188e5e1a450c9ccf4-00692e3580" "proxy-server 86829" 0.0004 "-" 94055 0
Dec 01 19:40:32 np0005541722.novalocal object-server[94054]: ::1 - - [02/Dec/2025:00:40:32 +0000] "GET /1/115413/AUTH_71f03d698f7645fb92ce29512b9f0297/gnocchi.dfded825-62e8-4ab4-9e67-36a509f12210/none_v3" 404 70 "GET http://[::1]:8080/v1/AUTH_71f03d698f7645fb92ce29512b9f0297/gnocchi.dfded825-62e8-4ab4-9e67-36a509f12210/none_v3" "txbd4f7c7c41c945aba1083-00692e357f" "proxy-server 86829" 0.0001 "-" 94054 0
Dec 01 19:40:32 np0005541722.novalocal proxy-server[86829]: ::1 ::1 02/Dec/2025/00/40/32 GET /v1/AUTH_71f03d698f7645fb92ce29512b9f0297/gnocchi.dfded825-62e8-4ab4-9e67-36a509f12210/none_v3 HTTP/1.0 404 - python-swiftclient-4.2.0 gAAAAABpLjU42Jqt... - 70 - txbd4f7c7c41c945aba1083-00692e357f - 0.0310 - - 1764636031.994533062 1764636032.025573492 0
Dec 01 19:40:32 np0005541722.novalocal object-server[94054]: ::1 - - [02/Dec/2025:00:40:32 +0000] "GET /2/80882/AUTH_71f03d698f7645fb92ce29512b9f0297/gnocchi.af5d6256-8583-44b5-8ace-0bf9577f5e1f/1763640000.0_mean_300.0_v3" 404 70 "GET http://[::1]:8080/v1/AUTH_71f03d698f7645fb92ce29512b9f0297/gnocchi.af5d6256-8583-44b5-8ace-0bf9577f5e1f/1763640000.0_mean_300.0_v3" "tx384c188e5e1a450c9ccf4-00692e3580" "proxy-server 86829" 0.0002 "-" 94054 0
Dec 01 19:40:32 np0005541722.novalocal object-server[94054]: ::1 - - [02/Dec/2025:00:40:32 +0000] "GET /1/80882/AUTH_71f03d698f7645fb92ce29512b9f0297/gnocchi.af5d6256-8583-44b5-8ace-0bf9577f5e1f/1763640000.0_mean_300.0_v3" 404 70 "GET http://[::1]:8080/v1/AUTH_71f03d698f7645fb92ce29512b9f0297/gnocchi.af5d6256-8583-44b5-8ace-0bf9577f5e1f/1763640000.0_mean_300.0_v3" "tx384c188e5e1a450c9ccf4-00692e3580" "proxy-server 86829" 0.0002 "-" 94054 0
Dec 01 19:40:32 np0005541722.novalocal proxy-server[86829]: ::1 ::1 02/Dec/2025/00/40/32 GET /v1/AUTH_71f03d698f7645fb92ce29512b9f0297/gnocchi.af5d6256-8583-44b5-8ace-0bf9577f5e1f/1763640000.0_mean_300.0_v3 HTTP/1.0 404 - python-swiftclient-4.2.0 gAAAAABpLjUvHoCr... - 70 - tx384c188e5e1a450c9ccf4-00692e3580 - 0.0234 - - 1764636032.017576933 1764636032.040927887 0
Dec 01 19:40:32 np0005541722.novalocal object-server[94057]: ::1 - - [02/Dec/2025:00:40:32 +0000] "GET /3/217257/AUTH_71f03d698f7645fb92ce29512b9f0297/gnocchi.d0c08cf0-0930-4788-9393-ab24d3e6de9f/1763640000.0_mean_300.0_v3" 404 70 "GET http://[::1]:8080/v1/AUTH_71f03d698f7645fb92ce29512b9f0297/gnocchi.d0c08cf0-0930-4788-9393-ab24d3e6de9f/1763640000.0_mean_300.0_v3" "tx30784c8ac6104065bac1b-00692e3580" "proxy-server 86829" 0.0002 "-" 94057 0
Dec 01 19:40:32 np0005541722.novalocal object-server[94054]: ::1 - - [02/Dec/2025:00:40:32 +0000] "GET /2/217257/AUTH_71f03d698f7645fb92ce29512b9f0297/gnocchi.d0c08cf0-0930-4788-9393-ab24d3e6de9f/1763640000.0_mean_300.0_v3" 404 70 "GET http://[::1]:8080/v1/AUTH_71f03d698f7645fb92ce29512b9f0297/gnocchi.d0c08cf0-0930-4788-9393-ab24d3e6de9f/1763640000.0_mean_300.0_v3" "tx30784c8ac6104065bac1b-00692e3580" "proxy-server 86829" 0.0004 "-" 94054 0
Dec 01 19:40:32 np0005541722.novalocal object-server[94055]: ::1 - - [02/Dec/2025:00:40:32 +0000] "GET /1/217257/AUTH_71f03d698f7645fb92ce29512b9f0297/gnocchi.d0c08cf0-0930-4788-9393-ab24d3e6de9f/1763640000.0_mean_300.0_v3" 404 70 "GET http://[::1]:8080/v1/AUTH_71f03d698f7645fb92ce29512b9f0297/gnocchi.d0c08cf0-0930-4788-9393-ab24d3e6de9f/1763640000.0_mean_300.0_v3" "tx30784c8ac6104065bac1b-00692e3580" "proxy-server 86829" 0.0008 "-" 94055 0
Dec 01 19:40:32 np0005541722.novalocal proxy-server[86829]: ::1 ::1 02/Dec/2025/00/40/32 GET /v1/AUTH_71f03d698f7645fb92ce29512b9f0297/gnocchi.d0c08cf0-0930-4788-9393-ab24d3e6de9f/1763640000.0_mean_300.0_v3 HTTP/1.0 404 - python-swiftclient-4.2.0 gAAAAABpLjUvHoCr... - 70 - tx30784c8ac6104065bac1b-00692e3580 - 0.0322 - - 1764636032.044731379 1764636032.076884031 0
Dec 01 19:40:32 np0005541722.novalocal container-server[93750]: ::1 - - [02/Dec/2025:00:40:32 +0000] "PUT /3/89547/AUTH_71f03d698f7645fb92ce29512b9f0297/gnocchi.af5d6256-8583-44b5-8ace-0bf9577f5e1f/1763640000.0_mean_300.0_v3" 201 - "PUT http://[::1]:8080/1/80882/AUTH_71f03d698f7645fb92ce29512b9f0297/gnocchi.af5d6256-8583-44b5-8ace-0bf9577f5e1f/1763640000.0_mean_300.0_v3" "tx518019cfb73d4337bc1cf-00692e3580" "object-server 94055" 0.0008 "-" 93750 0
Dec 01 19:40:32 np0005541722.novalocal object-server[94055]: ::1 - - [02/Dec/2025:00:40:32 +0000] "PUT /1/80882/AUTH_71f03d698f7645fb92ce29512b9f0297/gnocchi.af5d6256-8583-44b5-8ace-0bf9577f5e1f/1763640000.0_mean_300.0_v3" 201 - "PUT http://[::1]:8080/v1/AUTH_71f03d698f7645fb92ce29512b9f0297/gnocchi.af5d6256-8583-44b5-8ace-0bf9577f5e1f/1763640000.0_mean_300.0_v3" "tx518019cfb73d4337bc1cf-00692e3580" "proxy-server 86829" 0.0477 "-" 94055 0
Dec 01 19:40:32 np0005541722.novalocal container-server[93750]: ::1 - - [02/Dec/2025:00:40:32 +0000] "PUT /1/89547/AUTH_71f03d698f7645fb92ce29512b9f0297/gnocchi.af5d6256-8583-44b5-8ace-0bf9577f5e1f/1763640000.0_mean_300.0_v3" 201 - "PUT http://[::1]:8080/2/80882/AUTH_71f03d698f7645fb92ce29512b9f0297/gnocchi.af5d6256-8583-44b5-8ace-0bf9577f5e1f/1763640000.0_mean_300.0_v3" "tx518019cfb73d4337bc1cf-00692e3580" "object-server 94056" 0.0006 "-" 93750 0
Dec 01 19:40:32 np0005541722.novalocal container-server[93753]: ::1 - - [02/Dec/2025:00:40:32 +0000] "PUT /2/89547/AUTH_71f03d698f7645fb92ce29512b9f0297/gnocchi.af5d6256-8583-44b5-8ace-0bf9577f5e1f/1763640000.0_mean_300.0_v3" 201 - "PUT http://[::1]:8080/3/80882/AUTH_71f03d698f7645fb92ce29512b9f0297/gnocchi.af5d6256-8583-44b5-8ace-0bf9577f5e1f/1763640000.0_mean_300.0_v3" "tx518019cfb73d4337bc1cf-00692e3580" "object-server 94054" 0.0007 "-" 93753 0
Dec 01 19:40:32 np0005541722.novalocal object-server[94056]: ::1 - - [02/Dec/2025:00:40:32 +0000] "PUT /2/80882/AUTH_71f03d698f7645fb92ce29512b9f0297/gnocchi.af5d6256-8583-44b5-8ace-0bf9577f5e1f/1763640000.0_mean_300.0_v3" 201 - "PUT http://[::1]:8080/v1/AUTH_71f03d698f7645fb92ce29512b9f0297/gnocchi.af5d6256-8583-44b5-8ace-0bf9577f5e1f/1763640000.0_mean_300.0_v3" "tx518019cfb73d4337bc1cf-00692e3580" "proxy-server 86829" 0.0522 "-" 94056 0
Dec 01 19:40:32 np0005541722.novalocal account-server[93454]: ::1 - - [02/Dec/2025:00:40:32 +0000] "PUT /3/177703/AUTH_71f03d698f7645fb92ce29512b9f0297/gnocchi.dfded825-62e8-4ab4-9e67-36a509f12210" 201 - "PUT http://[::1]:6001/2/206725/AUTH_71f03d698f7645fb92ce29512b9f0297/gnocchi.dfded825-62e8-4ab4-9e67-36a509f12210" "tx07a092d1b786466bbf4d2-00692e3580" "container-server 93753" 0.0251 "-" 93454 0
Dec 01 19:40:32 np0005541722.novalocal account-server[93452]: ::1 - - [02/Dec/2025:00:40:32 +0000] "PUT /2/177703/AUTH_71f03d698f7645fb92ce29512b9f0297/gnocchi.dfded825-62e8-4ab4-9e67-36a509f12210" 201 - "PUT http://[::1]:6001/3/206725/AUTH_71f03d698f7645fb92ce29512b9f0297/gnocchi.dfded825-62e8-4ab4-9e67-36a509f12210" "tx07a092d1b786466bbf4d2-00692e3580" "container-server 93751" 0.0442 "-" 93452 0
Dec 01 19:40:32 np0005541722.novalocal container-server[93751]: ::1 - - [02/Dec/2025:00:40:32 +0000] "PUT /3/206725/AUTH_71f03d698f7645fb92ce29512b9f0297/gnocchi.dfded825-62e8-4ab4-9e67-36a509f12210" 201 - "PUT http://[::1]:8080/v1/AUTH_71f03d698f7645fb92ce29512b9f0297/gnocchi.dfded825-62e8-4ab4-9e67-36a509f12210" "tx07a092d1b786466bbf4d2-00692e3580" "proxy-server 86829" 0.1103 "-" 93751 0
Dec 01 19:40:32 np0005541722.novalocal container-server[93753]: ::1 - - [02/Dec/2025:00:40:32 +0000] "PUT /2/206725/AUTH_71f03d698f7645fb92ce29512b9f0297/gnocchi.dfded825-62e8-4ab4-9e67-36a509f12210" 201 - "PUT http://[::1]:8080/v1/AUTH_71f03d698f7645fb92ce29512b9f0297/gnocchi.dfded825-62e8-4ab4-9e67-36a509f12210" "tx07a092d1b786466bbf4d2-00692e3580" "proxy-server 86829" 0.1102 "-" 93753 0
Dec 01 19:40:32 np0005541722.novalocal object-server[94054]: ::1 - - [02/Dec/2025:00:40:32 +0000] "PUT /3/80882/AUTH_71f03d698f7645fb92ce29512b9f0297/gnocchi.af5d6256-8583-44b5-8ace-0bf9577f5e1f/1763640000.0_mean_300.0_v3" 201 - "PUT http://[::1]:8080/v1/AUTH_71f03d698f7645fb92ce29512b9f0297/gnocchi.af5d6256-8583-44b5-8ace-0bf9577f5e1f/1763640000.0_mean_300.0_v3" "tx518019cfb73d4337bc1cf-00692e3580" "proxy-server 86829" 0.0534 "-" 94054 0
Dec 01 19:40:32 np0005541722.novalocal proxy-server[86829]: ::1 ::1 02/Dec/2025/00/40/32 PUT /v1/AUTH_71f03d698f7645fb92ce29512b9f0297/gnocchi.af5d6256-8583-44b5-8ace-0bf9577f5e1f/1763640000.0_mean_300.0_v3 HTTP/1.0 201 - python-swiftclient-4.2.0 gAAAAABpLjUvHoCr... 16 - - tx518019cfb73d4337bc1cf-00692e3580 - 0.0708 - - 1764636032.080929995 1764636032.151777267 0
Dec 01 19:40:32 np0005541722.novalocal account-server[93452]: ::1 - - [02/Dec/2025:00:40:32 +0000] "PUT /1/177703/AUTH_71f03d698f7645fb92ce29512b9f0297/gnocchi.dfded825-62e8-4ab4-9e67-36a509f12210" 201 - "PUT http://[::1]:6001/1/206725/AUTH_71f03d698f7645fb92ce29512b9f0297/gnocchi.dfded825-62e8-4ab4-9e67-36a509f12210" "tx07a092d1b786466bbf4d2-00692e3580" "container-server 93752" 0.0603 "-" 93452 0
Dec 01 19:40:32 np0005541722.novalocal container-server[93752]: ::1 - - [02/Dec/2025:00:40:32 +0000] "PUT /1/206725/AUTH_71f03d698f7645fb92ce29512b9f0297/gnocchi.dfded825-62e8-4ab4-9e67-36a509f12210" 201 - "PUT http://[::1]:8080/v1/AUTH_71f03d698f7645fb92ce29512b9f0297/gnocchi.dfded825-62e8-4ab4-9e67-36a509f12210" "tx07a092d1b786466bbf4d2-00692e3580" "proxy-server 86829" 0.1736 "-" 93752 0
Dec 01 19:40:32 np0005541722.novalocal proxy-server[86829]: ::1 ::1 02/Dec/2025/00/40/32 PUT /v1/AUTH_71f03d698f7645fb92ce29512b9f0297/gnocchi.dfded825-62e8-4ab4-9e67-36a509f12210 HTTP/1.0 201 - python-swiftclient-4.2.0 gAAAAABpLjU42Jqt... - - - tx07a092d1b786466bbf4d2-00692e3580 - 0.1826 - - 1764636032.027689934 1764636032.210260153 0
Dec 01 19:40:32 np0005541722.novalocal container-server[93753]: ::1 - - [02/Dec/2025:00:40:32 +0000] "PUT /3/119972/AUTH_71f03d698f7645fb92ce29512b9f0297/gnocchi.d0c08cf0-0930-4788-9393-ab24d3e6de9f/1763640000.0_mean_300.0_v3" 201 - "PUT http://[::1]:8080/2/217257/AUTH_71f03d698f7645fb92ce29512b9f0297/gnocchi.d0c08cf0-0930-4788-9393-ab24d3e6de9f/1763640000.0_mean_300.0_v3" "tx425d098ef51f48309704a-00692e3580" "object-server 94057" 0.0009 "-" 93753 0
Dec 01 19:40:32 np0005541722.novalocal object-server[94057]: ::1 - - [02/Dec/2025:00:40:32 +0000] "PUT /2/217257/AUTH_71f03d698f7645fb92ce29512b9f0297/gnocchi.d0c08cf0-0930-4788-9393-ab24d3e6de9f/1763640000.0_mean_300.0_v3" 201 - "PUT http://[::1]:8080/v1/AUTH_71f03d698f7645fb92ce29512b9f0297/gnocchi.d0c08cf0-0930-4788-9393-ab24d3e6de9f/1763640000.0_mean_300.0_v3" "tx425d098ef51f48309704a-00692e3580" "proxy-server 86829" 0.0557 "-" 94057 0
Dec 01 19:40:32 np0005541722.novalocal container-server[93751]: ::1 - - [02/Dec/2025:00:40:32 +0000] "HEAD /1/206725/AUTH_71f03d698f7645fb92ce29512b9f0297/gnocchi.dfded825-62e8-4ab4-9e67-36a509f12210" 204 - "HEAD http://[::1]:8080/v1/AUTH_71f03d698f7645fb92ce29512b9f0297/gnocchi.dfded825-62e8-4ab4-9e67-36a509f12210?format=json&states=listing" "txf293a21232704e6888a8a-00692e3580" "proxy-server 86829" 0.0012 "-" 93751 0
Dec 01 19:40:32 np0005541722.novalocal container-server[93752]: ::1 - - [02/Dec/2025:00:40:32 +0000] "PUT /2/119972/AUTH_71f03d698f7645fb92ce29512b9f0297/gnocchi.d0c08cf0-0930-4788-9393-ab24d3e6de9f/1763640000.0_mean_300.0_v3" 201 - "PUT http://[::1]:8080/3/217257/AUTH_71f03d698f7645fb92ce29512b9f0297/gnocchi.d0c08cf0-0930-4788-9393-ab24d3e6de9f/1763640000.0_mean_300.0_v3" "tx425d098ef51f48309704a-00692e3580" "object-server 94056" 0.0007 "-" 93752 0
Dec 01 19:40:32 np0005541722.novalocal object-server[94056]: ::1 - - [02/Dec/2025:00:40:32 +0000] "PUT /3/217257/AUTH_71f03d698f7645fb92ce29512b9f0297/gnocchi.d0c08cf0-0930-4788-9393-ab24d3e6de9f/1763640000.0_mean_300.0_v3" 201 - "PUT http://[::1]:8080/v1/AUTH_71f03d698f7645fb92ce29512b9f0297/gnocchi.d0c08cf0-0930-4788-9393-ab24d3e6de9f/1763640000.0_mean_300.0_v3" "tx425d098ef51f48309704a-00692e3580" "proxy-server 86829" 0.0563 "-" 94056 0
Dec 01 19:40:32 np0005541722.novalocal container-server[93750]: ::1 - - [02/Dec/2025:00:40:32 +0000] "GET /1/206725/AUTH_71f03d698f7645fb92ce29512b9f0297/gnocchi.dfded825-62e8-4ab4-9e67-36a509f12210" 200 2 "GET http://[::1]:8080/v1/AUTH_71f03d698f7645fb92ce29512b9f0297/gnocchi.dfded825-62e8-4ab4-9e67-36a509f12210?format=json&states=listing" "txf293a21232704e6888a8a-00692e3580" "proxy-server 86829" 0.0025 "-" 93750 0
Dec 01 19:40:32 np0005541722.novalocal proxy-server[86829]: ::1 ::1 02/Dec/2025/00/40/32 GET /v1/AUTH_71f03d698f7645fb92ce29512b9f0297/gnocchi.dfded825-62e8-4ab4-9e67-36a509f12210%3Fformat%3Djson%26states%3Dlisting HTTP/1.0 200 - python-swiftclient-4.2.0 gAAAAABpLjU42Jqt... - 2 - txf293a21232704e6888a8a-00692e3580 - 0.0173 - - 1764636032.218080759 1764636032.235430002 0
Dec 01 19:40:32 np0005541722.novalocal object-server[94054]: ::1 - - [02/Dec/2025:00:40:32 +0000] "GET /1/225633/AUTH_71f03d698f7645fb92ce29512b9f0297/gnocchi.dfded825-62e8-4ab4-9e67-36a509f12210/1763640000.0_mean_300.0_v3" 404 70 "GET http://[::1]:8080/v1/AUTH_71f03d698f7645fb92ce29512b9f0297/gnocchi.dfded825-62e8-4ab4-9e67-36a509f12210/1763640000.0_mean_300.0_v3" "txd12a0638639e455f97cd8-00692e3580" "proxy-server 86829" 0.0005 "-" 94054 0
Dec 01 19:40:32 np0005541722.novalocal object-server[94055]: ::1 - - [02/Dec/2025:00:40:32 +0000] "GET /2/225633/AUTH_71f03d698f7645fb92ce29512b9f0297/gnocchi.dfded825-62e8-4ab4-9e67-36a509f12210/1763640000.0_mean_300.0_v3" 404 70 "GET http://[::1]:8080/v1/AUTH_71f03d698f7645fb92ce29512b9f0297/gnocchi.dfded825-62e8-4ab4-9e67-36a509f12210/1763640000.0_mean_300.0_v3" "txd12a0638639e455f97cd8-00692e3580" "proxy-server 86829" 0.0007 "-" 94055 0
Dec 01 19:40:32 np0005541722.novalocal object-server[94055]: ::1 - - [02/Dec/2025:00:40:32 +0000] "GET /3/225633/AUTH_71f03d698f7645fb92ce29512b9f0297/gnocchi.dfded825-62e8-4ab4-9e67-36a509f12210/1763640000.0_mean_300.0_v3" 404 70 "GET http://[::1]:8080/v1/AUTH_71f03d698f7645fb92ce29512b9f0297/gnocchi.dfded825-62e8-4ab4-9e67-36a509f12210/1763640000.0_mean_300.0_v3" "txd12a0638639e455f97cd8-00692e3580" "proxy-server 86829" 0.0003 "-" 94055 0
Dec 01 19:40:32 np0005541722.novalocal container-server[93752]: ::1 - - [02/Dec/2025:00:40:32 +0000] "PUT /1/119972/AUTH_71f03d698f7645fb92ce29512b9f0297/gnocchi.d0c08cf0-0930-4788-9393-ab24d3e6de9f/1763640000.0_mean_300.0_v3" 201 - "PUT http://[::1]:8080/1/217257/AUTH_71f03d698f7645fb92ce29512b9f0297/gnocchi.d0c08cf0-0930-4788-9393-ab24d3e6de9f/1763640000.0_mean_300.0_v3" "tx425d098ef51f48309704a-00692e3580" "object-server 94056" 0.0007 "-" 93752 0
Dec 01 19:40:32 np0005541722.novalocal object-server[94056]: ::1 - - [02/Dec/2025:00:40:32 +0000] "PUT /1/217257/AUTH_71f03d698f7645fb92ce29512b9f0297/gnocchi.d0c08cf0-0930-4788-9393-ab24d3e6de9f/1763640000.0_mean_300.0_v3" 201 - "PUT http://[::1]:8080/v1/AUTH_71f03d698f7645fb92ce29512b9f0297/gnocchi.d0c08cf0-0930-4788-9393-ab24d3e6de9f/1763640000.0_mean_300.0_v3" "tx425d098ef51f48309704a-00692e3580" "proxy-server 86829" 0.0851 "-" 94056 0
Dec 01 19:40:32 np0005541722.novalocal proxy-server[86829]: ::1 ::1 02/Dec/2025/00/40/32 GET /v1/AUTH_71f03d698f7645fb92ce29512b9f0297/gnocchi.dfded825-62e8-4ab4-9e67-36a509f12210/1763640000.0_mean_300.0_v3 HTTP/1.0 404 - python-swiftclient-4.2.0 gAAAAABpLjU42Jqt... - 70 - txd12a0638639e455f97cd8-00692e3580 - 0.0170 - - 1764636032.239766598 1764636032.256722927 0
Dec 01 19:40:32 np0005541722.novalocal proxy-server[86829]: ::1 ::1 02/Dec/2025/00/40/32 PUT /v1/AUTH_71f03d698f7645fb92ce29512b9f0297/gnocchi.d0c08cf0-0930-4788-9393-ab24d3e6de9f/1763640000.0_mean_300.0_v3 HTTP/1.0 201 - python-swiftclient-4.2.0 gAAAAABpLjUvHoCr... 16 - - tx425d098ef51f48309704a-00692e3580 - 0.1031 - - 1764636032.154905796 1764636032.258018494 0
Dec 01 19:40:32 np0005541722.novalocal container-server[93752]: ::1 - - [02/Dec/2025:00:40:32 +0000] "PUT /2/89547/AUTH_71f03d698f7645fb92ce29512b9f0297/gnocchi.af5d6256-8583-44b5-8ace-0bf9577f5e1f/none_v3" 201 - "PUT http://[::1]:8080/2/57531/AUTH_71f03d698f7645fb92ce29512b9f0297/gnocchi.af5d6256-8583-44b5-8ace-0bf9577f5e1f/none_v3" "txb11a5f56c5a44c9e89c66-00692e3580" "object-server 94056" 0.0007 "-" 93752 0
Dec 01 19:40:32 np0005541722.novalocal object-server[94056]: ::1 - - [02/Dec/2025:00:40:32 +0000] "PUT /2/57531/AUTH_71f03d698f7645fb92ce29512b9f0297/gnocchi.af5d6256-8583-44b5-8ace-0bf9577f5e1f/none_v3" 201 - "PUT http://[::1]:8080/v1/AUTH_71f03d698f7645fb92ce29512b9f0297/gnocchi.af5d6256-8583-44b5-8ace-0bf9577f5e1f/none_v3" "txb11a5f56c5a44c9e89c66-00692e3580" "proxy-server 86829" 0.0821 "-" 94056 0
Dec 01 19:40:32 np0005541722.novalocal container-server[93751]: ::1 - - [02/Dec/2025:00:40:32 +0000] "PUT /1/206725/AUTH_71f03d698f7645fb92ce29512b9f0297/gnocchi.dfded825-62e8-4ab4-9e67-36a509f12210/1763640000.0_mean_300.0_v3" 201 - "PUT http://[::1]:8080/2/225633/AUTH_71f03d698f7645fb92ce29512b9f0297/gnocchi.dfded825-62e8-4ab4-9e67-36a509f12210/1763640000.0_mean_300.0_v3" "txfaf0bde4dfe74975916c5-00692e3580" "object-server 94054" 0.0005 "-" 93751 0
Dec 01 19:40:32 np0005541722.novalocal object-server[94054]: ::1 - - [02/Dec/2025:00:40:32 +0000] "PUT /2/225633/AUTH_71f03d698f7645fb92ce29512b9f0297/gnocchi.dfded825-62e8-4ab4-9e67-36a509f12210/1763640000.0_mean_300.0_v3" 201 - "PUT http://[::1]:8080/v1/AUTH_71f03d698f7645fb92ce29512b9f0297/gnocchi.dfded825-62e8-4ab4-9e67-36a509f12210/1763640000.0_mean_300.0_v3" "txfaf0bde4dfe74975916c5-00692e3580" "proxy-server 86829" 0.0805 "-" 94054 0
Dec 01 19:40:32 np0005541722.novalocal container-server[93751]: ::1 - - [02/Dec/2025:00:40:32 +0000] "PUT /3/89547/AUTH_71f03d698f7645fb92ce29512b9f0297/gnocchi.af5d6256-8583-44b5-8ace-0bf9577f5e1f/none_v3" 201 - "PUT http://[::1]:8080/1/57531/AUTH_71f03d698f7645fb92ce29512b9f0297/gnocchi.af5d6256-8583-44b5-8ace-0bf9577f5e1f/none_v3" "txb11a5f56c5a44c9e89c66-00692e3580" "object-server 94055" 0.0003 "-" 93751 0
Dec 01 19:40:32 np0005541722.novalocal container-server[93750]: ::1 - - [02/Dec/2025:00:40:32 +0000] "PUT /3/206725/AUTH_71f03d698f7645fb92ce29512b9f0297/gnocchi.dfded825-62e8-4ab4-9e67-36a509f12210/1763640000.0_mean_300.0_v3" 201 - "PUT http://[::1]:8080/1/225633/AUTH_71f03d698f7645fb92ce29512b9f0297/gnocchi.dfded825-62e8-4ab4-9e67-36a509f12210/1763640000.0_mean_300.0_v3" "txfaf0bde4dfe74975916c5-00692e3580" "object-server 94056" 0.0005 "-" 93750 0
Dec 01 19:40:32 np0005541722.novalocal object-server[94055]: ::1 - - [02/Dec/2025:00:40:32 +0000] "PUT /1/57531/AUTH_71f03d698f7645fb92ce29512b9f0297/gnocchi.af5d6256-8583-44b5-8ace-0bf9577f5e1f/none_v3" 201 - "PUT http://[::1]:8080/v1/AUTH_71f03d698f7645fb92ce29512b9f0297/gnocchi.af5d6256-8583-44b5-8ace-0bf9577f5e1f/none_v3" "txb11a5f56c5a44c9e89c66-00692e3580" "proxy-server 86829" 0.0839 "-" 94055 0
Dec 01 19:40:32 np0005541722.novalocal object-server[94056]: ::1 - - [02/Dec/2025:00:40:32 +0000] "PUT /1/225633/AUTH_71f03d698f7645fb92ce29512b9f0297/gnocchi.dfded825-62e8-4ab4-9e67-36a509f12210/1763640000.0_mean_300.0_v3" 201 - "PUT http://[::1]:8080/v1/AUTH_71f03d698f7645fb92ce29512b9f0297/gnocchi.dfded825-62e8-4ab4-9e67-36a509f12210/1763640000.0_mean_300.0_v3" "txfaf0bde4dfe74975916c5-00692e3580" "proxy-server 86829" 0.0831 "-" 94056 0
Dec 01 19:40:32 np0005541722.novalocal container-server[93752]: ::1 - - [02/Dec/2025:00:40:32 +0000] "PUT /2/206725/AUTH_71f03d698f7645fb92ce29512b9f0297/gnocchi.dfded825-62e8-4ab4-9e67-36a509f12210/1763640000.0_mean_300.0_v3" 201 - "PUT http://[::1]:8080/3/225633/AUTH_71f03d698f7645fb92ce29512b9f0297/gnocchi.dfded825-62e8-4ab4-9e67-36a509f12210/1763640000.0_mean_300.0_v3" "txfaf0bde4dfe74975916c5-00692e3580" "object-server 94054" 0.0009 "-" 93752 0
Dec 01 19:40:32 np0005541722.novalocal object-server[94054]: ::1 - - [02/Dec/2025:00:40:32 +0000] "PUT /3/225633/AUTH_71f03d698f7645fb92ce29512b9f0297/gnocchi.dfded825-62e8-4ab4-9e67-36a509f12210/1763640000.0_mean_300.0_v3" 201 - "PUT http://[::1]:8080/v1/AUTH_71f03d698f7645fb92ce29512b9f0297/gnocchi.dfded825-62e8-4ab4-9e67-36a509f12210/1763640000.0_mean_300.0_v3" "txfaf0bde4dfe74975916c5-00692e3580" "proxy-server 86829" 0.0838 "-" 94054 0
Dec 01 19:40:32 np0005541722.novalocal container-server[93751]: ::1 - - [02/Dec/2025:00:40:32 +0000] "PUT /1/89547/AUTH_71f03d698f7645fb92ce29512b9f0297/gnocchi.af5d6256-8583-44b5-8ace-0bf9577f5e1f/none_v3" 201 - "PUT http://[::1]:8080/3/57531/AUTH_71f03d698f7645fb92ce29512b9f0297/gnocchi.af5d6256-8583-44b5-8ace-0bf9577f5e1f/none_v3" "txb11a5f56c5a44c9e89c66-00692e3580" "object-server 94056" 0.0004 "-" 93751 0
Dec 01 19:40:32 np0005541722.novalocal proxy-server[86829]: ::1 ::1 02/Dec/2025/00/40/32 PUT /v1/AUTH_71f03d698f7645fb92ce29512b9f0297/gnocchi.dfded825-62e8-4ab4-9e67-36a509f12210/1763640000.0_mean_300.0_v3 HTTP/1.0 201 - python-swiftclient-4.2.0 gAAAAABpLjU42Jqt... 16 - - txfaf0bde4dfe74975916c5-00692e3580 - 0.0991 - - 1764636032.259919405 1764636032.359041214 0
Dec 01 19:40:32 np0005541722.novalocal object-server[94056]: ::1 - - [02/Dec/2025:00:40:32 +0000] "PUT /3/57531/AUTH_71f03d698f7645fb92ce29512b9f0297/gnocchi.af5d6256-8583-44b5-8ace-0bf9577f5e1f/none_v3" 201 - "PUT http://[::1]:8080/v1/AUTH_71f03d698f7645fb92ce29512b9f0297/gnocchi.af5d6256-8583-44b5-8ace-0bf9577f5e1f/none_v3" "txb11a5f56c5a44c9e89c66-00692e3580" "proxy-server 86829" 0.0934 "-" 94056 0
Dec 01 19:40:32 np0005541722.novalocal proxy-server[86829]: ::1 ::1 02/Dec/2025/00/40/32 PUT /v1/AUTH_71f03d698f7645fb92ce29512b9f0297/gnocchi.af5d6256-8583-44b5-8ace-0bf9577f5e1f/none_v3 HTTP/1.0 201 - python-swiftclient-4.2.0 gAAAAABpLjUvHoCr... 22 - - txb11a5f56c5a44c9e89c66-00692e3580 - 0.1000 - - 1764636032.260742664 1764636032.360723734 0
Dec 01 19:40:32 np0005541722.novalocal container-server[93750]: ::1 - - [02/Dec/2025:00:40:32 +0000] "PUT /1/119972/AUTH_71f03d698f7645fb92ce29512b9f0297/gnocchi.d0c08cf0-0930-4788-9393-ab24d3e6de9f/none_v3" 201 - "PUT http://[::1]:8080/1/55943/AUTH_71f03d698f7645fb92ce29512b9f0297/gnocchi.d0c08cf0-0930-4788-9393-ab24d3e6de9f/none_v3" "txf15998740dde40ad9f0d2-00692e3580" "object-server 94056" 0.0005 "-" 93750 0
Dec 01 19:40:32 np0005541722.novalocal object-server[94056]: ::1 - - [02/Dec/2025:00:40:32 +0000] "PUT /1/55943/AUTH_71f03d698f7645fb92ce29512b9f0297/gnocchi.d0c08cf0-0930-4788-9393-ab24d3e6de9f/none_v3" 201 - "PUT http://[::1]:8080/v1/AUTH_71f03d698f7645fb92ce29512b9f0297/gnocchi.d0c08cf0-0930-4788-9393-ab24d3e6de9f/none_v3" "txf15998740dde40ad9f0d2-00692e3580" "proxy-server 86829" 0.0130 "-" 94056 0
Dec 01 19:40:32 np0005541722.novalocal container-server[93751]: ::1 - - [02/Dec/2025:00:40:32 +0000] "PUT /3/119972/AUTH_71f03d698f7645fb92ce29512b9f0297/gnocchi.d0c08cf0-0930-4788-9393-ab24d3e6de9f/none_v3" 201 - "PUT http://[::1]:8080/3/55943/AUTH_71f03d698f7645fb92ce29512b9f0297/gnocchi.d0c08cf0-0930-4788-9393-ab24d3e6de9f/none_v3" "txf15998740dde40ad9f0d2-00692e3580" "object-server 94056" 0.0004 "-" 93751 0
Dec 01 19:40:32 np0005541722.novalocal object-server[94056]: ::1 - - [02/Dec/2025:00:40:32 +0000] "PUT /3/55943/AUTH_71f03d698f7645fb92ce29512b9f0297/gnocchi.d0c08cf0-0930-4788-9393-ab24d3e6de9f/none_v3" 201 - "PUT http://[::1]:8080/v1/AUTH_71f03d698f7645fb92ce29512b9f0297/gnocchi.d0c08cf0-0930-4788-9393-ab24d3e6de9f/none_v3" "txf15998740dde40ad9f0d2-00692e3580" "proxy-server 86829" 0.0148 "-" 94056 0
Dec 01 19:40:32 np0005541722.novalocal container-server[93751]: ::1 - - [02/Dec/2025:00:40:32 +0000] "PUT /2/206725/AUTH_71f03d698f7645fb92ce29512b9f0297/gnocchi.dfded825-62e8-4ab4-9e67-36a509f12210/none_v3" 201 - "PUT http://[::1]:8080/2/115413/AUTH_71f03d698f7645fb92ce29512b9f0297/gnocchi.dfded825-62e8-4ab4-9e67-36a509f12210/none_v3" "txb0d5df5f3a5543c086e80-00692e3580" "object-server 94054" 0.0003 "-" 93751 0
Dec 01 19:40:32 np0005541722.novalocal object-server[94054]: ::1 - - [02/Dec/2025:00:40:32 +0000] "PUT /2/115413/AUTH_71f03d698f7645fb92ce29512b9f0297/gnocchi.dfded825-62e8-4ab4-9e67-36a509f12210/none_v3" 201 - "PUT http://[::1]:8080/v1/AUTH_71f03d698f7645fb92ce29512b9f0297/gnocchi.dfded825-62e8-4ab4-9e67-36a509f12210/none_v3" "txb0d5df5f3a5543c086e80-00692e3580" "proxy-server 86829" 0.0142 "-" 94054 0
Dec 01 19:40:32 np0005541722.novalocal container-server[93751]: ::1 - - [02/Dec/2025:00:40:32 +0000] "PUT /2/119972/AUTH_71f03d698f7645fb92ce29512b9f0297/gnocchi.d0c08cf0-0930-4788-9393-ab24d3e6de9f/none_v3" 201 - "PUT http://[::1]:8080/2/55943/AUTH_71f03d698f7645fb92ce29512b9f0297/gnocchi.d0c08cf0-0930-4788-9393-ab24d3e6de9f/none_v3" "txf15998740dde40ad9f0d2-00692e3580" "object-server 94055" 0.0003 "-" 93751 0
Dec 01 19:40:32 np0005541722.novalocal container-server[93751]: ::1 - - [02/Dec/2025:00:40:32 +0000] "PUT /1/206725/AUTH_71f03d698f7645fb92ce29512b9f0297/gnocchi.dfded825-62e8-4ab4-9e67-36a509f12210/none_v3" 201 - "PUT http://[::1]:8080/3/115413/AUTH_71f03d698f7645fb92ce29512b9f0297/gnocchi.dfded825-62e8-4ab4-9e67-36a509f12210/none_v3" "txb0d5df5f3a5543c086e80-00692e3580" "object-server 94055" 0.0003 "-" 93751 0
Dec 01 19:40:32 np0005541722.novalocal object-server[94055]: ::1 - - [02/Dec/2025:00:40:32 +0000] "PUT /2/55943/AUTH_71f03d698f7645fb92ce29512b9f0297/gnocchi.d0c08cf0-0930-4788-9393-ab24d3e6de9f/none_v3" 201 - "PUT http://[::1]:8080/v1/AUTH_71f03d698f7645fb92ce29512b9f0297/gnocchi.d0c08cf0-0930-4788-9393-ab24d3e6de9f/none_v3" "txf15998740dde40ad9f0d2-00692e3580" "proxy-server 86829" 0.0210 "-" 94055 0
Dec 01 19:40:32 np0005541722.novalocal container-server[93753]: ::1 - - [02/Dec/2025:00:40:32 +0000] "PUT /3/206725/AUTH_71f03d698f7645fb92ce29512b9f0297/gnocchi.dfded825-62e8-4ab4-9e67-36a509f12210/none_v3" 201 - "PUT http://[::1]:8080/1/115413/AUTH_71f03d698f7645fb92ce29512b9f0297/gnocchi.dfded825-62e8-4ab4-9e67-36a509f12210/none_v3" "txb0d5df5f3a5543c086e80-00692e3580" "object-server 94055" 0.0004 "-" 93753 0
Dec 01 19:40:32 np0005541722.novalocal object-server[94055]: ::1 - - [02/Dec/2025:00:40:32 +0000] "PUT /3/115413/AUTH_71f03d698f7645fb92ce29512b9f0297/gnocchi.dfded825-62e8-4ab4-9e67-36a509f12210/none_v3" 201 - "PUT http://[::1]:8080/v1/AUTH_71f03d698f7645fb92ce29512b9f0297/gnocchi.dfded825-62e8-4ab4-9e67-36a509f12210/none_v3" "txb0d5df5f3a5543c086e80-00692e3580" "proxy-server 86829" 0.0170 "-" 94055 0
Dec 01 19:40:32 np0005541722.novalocal proxy-server[86829]: ::1 ::1 02/Dec/2025/00/40/32 PUT /v1/AUTH_71f03d698f7645fb92ce29512b9f0297/gnocchi.d0c08cf0-0930-4788-9393-ab24d3e6de9f/none_v3 HTTP/1.0 201 - python-swiftclient-4.2.0 gAAAAABpLjUvHoCr... 22 - - txf15998740dde40ad9f0d2-00692e3580 - 0.0288 - - 1764636032.363396168 1764636032.392189503 0
Dec 01 19:40:32 np0005541722.novalocal object-server[94055]: ::1 - - [02/Dec/2025:00:40:32 +0000] "PUT /1/115413/AUTH_71f03d698f7645fb92ce29512b9f0297/gnocchi.dfded825-62e8-4ab4-9e67-36a509f12210/none_v3" 201 - "PUT http://[::1]:8080/v1/AUTH_71f03d698f7645fb92ce29512b9f0297/gnocchi.dfded825-62e8-4ab4-9e67-36a509f12210/none_v3" "txb0d5df5f3a5543c086e80-00692e3580" "proxy-server 86829" 0.0156 "-" 94055 0
