Dec 01 19:39:22 np0005541722.novalocal proxy-server[86829]: ::1 ::1 02/Dec/2025/00/39/22 GET /v1/AUTH_71f03d698f7645fb92ce29512b9f0297/gnocchi.39542c74-2851-40af-9701-ff15b32e27ae/none_v3 HTTP/1.0 404 - python-swiftclient-4.2.0 gAAAAABpLjUvHoCr... - 70 - tx5a0c63cae0634c309ea83-00692e353a - 0.0204 - - 1764635962.925907850 1764635962.946351528 0
Dec 01 19:39:22 np0005541722.novalocal container-server[93753]: ::1 - - [02/Dec/2025:00:39:22 +0000] "GET /1/72170/AUTH_71f03d698f7645fb92ce29512b9f0297/gnocchi.ef46d790-6aad-4241-8d6a-13d399b43521" 200 2 "GET http://[::1]:8080/v1/AUTH_71f03d698f7645fb92ce29512b9f0297/gnocchi.ef46d790-6aad-4241-8d6a-13d399b43521?format=json&states=listing" "tx7668b3a2749a426383188-00692e353a" "proxy-server 86829" 0.0020 "-" 93753 0
Dec 01 19:39:22 np0005541722.novalocal proxy-server[86829]: ::1 ::1 02/Dec/2025/00/39/22 GET /v1/AUTH_71f03d698f7645fb92ce29512b9f0297/gnocchi.ef46d790-6aad-4241-8d6a-13d399b43521%3Fformat%3Djson%26states%3Dlisting HTTP/1.0 200 - python-swiftclient-4.2.0 gAAAAABpLjU42Jqt... - 2 - tx7668b3a2749a426383188-00692e353a - 0.0171 - - 1764635962.941300631 1764635962.958369255 0
Dec 01 19:39:22 np0005541722.novalocal object-server[94057]: ::1 - - [02/Dec/2025:00:39:22 +0000] "GET /1/250431/AUTH_71f03d698f7645fb92ce29512b9f0297/gnocchi.ef46d790-6aad-4241-8d6a-13d399b43521/1763640000.0_mean_300.0_v3" 404 70 "GET http://[::1]:8080/v1/AUTH_71f03d698f7645fb92ce29512b9f0297/gnocchi.ef46d790-6aad-4241-8d6a-13d399b43521/1763640000.0_mean_300.0_v3" "tx6a95da066c8a44e185e05-00692e353a" "proxy-server 86829" 0.0003 "-" 94057 0
Dec 01 19:39:22 np0005541722.novalocal object-server[94057]: ::1 - - [02/Dec/2025:00:39:22 +0000] "GET /2/250431/AUTH_71f03d698f7645fb92ce29512b9f0297/gnocchi.ef46d790-6aad-4241-8d6a-13d399b43521/1763640000.0_mean_300.0_v3" 404 70 "GET http://[::1]:8080/v1/AUTH_71f03d698f7645fb92ce29512b9f0297/gnocchi.ef46d790-6aad-4241-8d6a-13d399b43521/1763640000.0_mean_300.0_v3" "tx6a95da066c8a44e185e05-00692e353a" "proxy-server 86829" 0.0004 "-" 94057 0
Dec 01 19:39:22 np0005541722.novalocal account-server[93452]: ::1 - - [02/Dec/2025:00:39:22 +0000] "PUT /3/177703/AUTH_71f03d698f7645fb92ce29512b9f0297/gnocchi.39542c74-2851-40af-9701-ff15b32e27ae" 201 - "PUT http://[::1]:6001/2/30743/AUTH_71f03d698f7645fb92ce29512b9f0297/gnocchi.39542c74-2851-40af-9701-ff15b32e27ae" "txc9fa46a5674d4dfab0062-00692e353a" "container-server 93751" 0.0054 "-" 93452 0
Dec 01 19:39:22 np0005541722.novalocal object-server[94057]: ::1 - - [02/Dec/2025:00:39:22 +0000] "GET /3/250431/AUTH_71f03d698f7645fb92ce29512b9f0297/gnocchi.ef46d790-6aad-4241-8d6a-13d399b43521/1763640000.0_mean_300.0_v3" 404 70 "GET http://[::1]:8080/v1/AUTH_71f03d698f7645fb92ce29512b9f0297/gnocchi.ef46d790-6aad-4241-8d6a-13d399b43521/1763640000.0_mean_300.0_v3" "tx6a95da066c8a44e185e05-00692e353a" "proxy-server 86829" 0.0002 "-" 94057 0
Dec 01 19:39:22 np0005541722.novalocal container-server[93751]: ::1 - - [02/Dec/2025:00:39:22 +0000] "PUT /2/30743/AUTH_71f03d698f7645fb92ce29512b9f0297/gnocchi.39542c74-2851-40af-9701-ff15b32e27ae" 201 - "PUT http://[::1]:8080/v1/AUTH_71f03d698f7645fb92ce29512b9f0297/gnocchi.39542c74-2851-40af-9701-ff15b32e27ae" "txc9fa46a5674d4dfab0062-00692e353a" "proxy-server 86829" 0.0158 "-" 93751 0
Dec 01 19:39:22 np0005541722.novalocal proxy-server[86829]: ::1 ::1 02/Dec/2025/00/39/22 GET /v1/AUTH_71f03d698f7645fb92ce29512b9f0297/gnocchi.ef46d790-6aad-4241-8d6a-13d399b43521/1763640000.0_mean_300.0_v3 HTTP/1.0 404 - python-swiftclient-4.2.0 gAAAAABpLjU42Jqt... - 70 - tx6a95da066c8a44e185e05-00692e353a - 0.0144 - - 1764635962.965500593 1764635962.979910851 0
Dec 01 19:39:22 np0005541722.novalocal account-server[93455]: ::1 - - [02/Dec/2025:00:39:22 +0000] "PUT /2/177703/AUTH_71f03d698f7645fb92ce29512b9f0297/gnocchi.39542c74-2851-40af-9701-ff15b32e27ae" 201 - "PUT http://[::1]:6001/1/30743/AUTH_71f03d698f7645fb92ce29512b9f0297/gnocchi.39542c74-2851-40af-9701-ff15b32e27ae" "txc9fa46a5674d4dfab0062-00692e353a" "container-server 93752" 0.0043 "-" 93455 0
Dec 01 19:39:22 np0005541722.novalocal container-server[93752]: ::1 - - [02/Dec/2025:00:39:22 +0000] "PUT /1/30743/AUTH_71f03d698f7645fb92ce29512b9f0297/gnocchi.39542c74-2851-40af-9701-ff15b32e27ae" 201 - "PUT http://[::1]:8080/v1/AUTH_71f03d698f7645fb92ce29512b9f0297/gnocchi.39542c74-2851-40af-9701-ff15b32e27ae" "txc9fa46a5674d4dfab0062-00692e353a" "proxy-server 86829" 0.0146 "-" 93752 0
Dec 01 19:39:22 np0005541722.novalocal account-server[93453]: ::1 - - [02/Dec/2025:00:39:22 +0000] "PUT /1/177703/AUTH_71f03d698f7645fb92ce29512b9f0297/gnocchi.39542c74-2851-40af-9701-ff15b32e27ae" 201 - "PUT http://[::1]:6001/3/30743/AUTH_71f03d698f7645fb92ce29512b9f0297/gnocchi.39542c74-2851-40af-9701-ff15b32e27ae" "txc9fa46a5674d4dfab0062-00692e353a" "container-server 93752" 0.0079 "-" 93453 0
Dec 01 19:39:22 np0005541722.novalocal container-server[93752]: ::1 - - [02/Dec/2025:00:39:22 +0000] "PUT /3/30743/AUTH_71f03d698f7645fb92ce29512b9f0297/gnocchi.39542c74-2851-40af-9701-ff15b32e27ae" 201 - "PUT http://[::1]:8080/v1/AUTH_71f03d698f7645fb92ce29512b9f0297/gnocchi.39542c74-2851-40af-9701-ff15b32e27ae" "txc9fa46a5674d4dfab0062-00692e353a" "proxy-server 86829" 0.0282 "-" 93752 0
Dec 01 19:39:22 np0005541722.novalocal proxy-server[86829]: ::1 ::1 02/Dec/2025/00/39/22 PUT /v1/AUTH_71f03d698f7645fb92ce29512b9f0297/gnocchi.39542c74-2851-40af-9701-ff15b32e27ae HTTP/1.0 201 - python-swiftclient-4.2.0 gAAAAABpLjUvHoCr... - - - txc9fa46a5674d4dfab0062-00692e353a - 0.0441 - - 1764635962.949040890 1764635962.993163824 0
Dec 01 19:39:22 np0005541722.novalocal container-server[93753]: ::1 - - [02/Dec/2025:00:39:22 +0000] "PUT /2/72170/AUTH_71f03d698f7645fb92ce29512b9f0297/gnocchi.ef46d790-6aad-4241-8d6a-13d399b43521/1763640000.0_mean_300.0_v3" 201 - "PUT http://[::1]:8080/3/250431/AUTH_71f03d698f7645fb92ce29512b9f0297/gnocchi.ef46d790-6aad-4241-8d6a-13d399b43521/1763640000.0_mean_300.0_v3" "txb0e489d0e8f543a0b5ab7-00692e353a" "object-server 94054" 0.0005 "-" 93753 0
Dec 01 19:39:22 np0005541722.novalocal object-server[94054]: ::1 - - [02/Dec/2025:00:39:22 +0000] "PUT /3/250431/AUTH_71f03d698f7645fb92ce29512b9f0297/gnocchi.ef46d790-6aad-4241-8d6a-13d399b43521/1763640000.0_mean_300.0_v3" 201 - "PUT http://[::1]:8080/v1/AUTH_71f03d698f7645fb92ce29512b9f0297/gnocchi.ef46d790-6aad-4241-8d6a-13d399b43521/1763640000.0_mean_300.0_v3" "txb0e489d0e8f543a0b5ab7-00692e353a" "proxy-server 86829" 0.0103 "-" 94054 0
Dec 01 19:39:22 np0005541722.novalocal container-server[93750]: ::1 - - [02/Dec/2025:00:39:22 +0000] "PUT /3/72170/AUTH_71f03d698f7645fb92ce29512b9f0297/gnocchi.ef46d790-6aad-4241-8d6a-13d399b43521/1763640000.0_mean_300.0_v3" 201 - "PUT http://[::1]:8080/1/250431/AUTH_71f03d698f7645fb92ce29512b9f0297/gnocchi.ef46d790-6aad-4241-8d6a-13d399b43521/1763640000.0_mean_300.0_v3" "txb0e489d0e8f543a0b5ab7-00692e353a" "object-server 94057" 0.0005 "-" 93750 0
Dec 01 19:39:23 np0005541722.novalocal object-server[94057]: ::1 - - [02/Dec/2025:00:39:23 +0000] "PUT /1/250431/AUTH_71f03d698f7645fb92ce29512b9f0297/gnocchi.ef46d790-6aad-4241-8d6a-13d399b43521/1763640000.0_mean_300.0_v3" 201 - "PUT http://[::1]:8080/v1/AUTH_71f03d698f7645fb92ce29512b9f0297/gnocchi.ef46d790-6aad-4241-8d6a-13d399b43521/1763640000.0_mean_300.0_v3" "txb0e489d0e8f543a0b5ab7-00692e353a" "proxy-server 86829" 0.0105 "-" 94057 0
Dec 01 19:39:23 np0005541722.novalocal container-server[93753]: ::1 - - [02/Dec/2025:00:39:23 +0000] "PUT /1/72170/AUTH_71f03d698f7645fb92ce29512b9f0297/gnocchi.ef46d790-6aad-4241-8d6a-13d399b43521/1763640000.0_mean_300.0_v3" 201 - "PUT http://[::1]:8080/2/250431/AUTH_71f03d698f7645fb92ce29512b9f0297/gnocchi.ef46d790-6aad-4241-8d6a-13d399b43521/1763640000.0_mean_300.0_v3" "txb0e489d0e8f543a0b5ab7-00692e353a" "object-server 94057" 0.0004 "-" 93753 0
Dec 01 19:39:23 np0005541722.novalocal object-server[94057]: ::1 - - [02/Dec/2025:00:39:23 +0000] "PUT /2/250431/AUTH_71f03d698f7645fb92ce29512b9f0297/gnocchi.ef46d790-6aad-4241-8d6a-13d399b43521/1763640000.0_mean_300.0_v3" 201 - "PUT http://[::1]:8080/v1/AUTH_71f03d698f7645fb92ce29512b9f0297/gnocchi.ef46d790-6aad-4241-8d6a-13d399b43521/1763640000.0_mean_300.0_v3" "txb0e489d0e8f543a0b5ab7-00692e353a" "proxy-server 86829" 0.0133 "-" 94057 0
Dec 01 19:39:23 np0005541722.novalocal proxy-server[86829]: ::1 ::1 02/Dec/2025/00/39/23 PUT /v1/AUTH_71f03d698f7645fb92ce29512b9f0297/gnocchi.ef46d790-6aad-4241-8d6a-13d399b43521/1763640000.0_mean_300.0_v3 HTTP/1.0 201 - python-swiftclient-4.2.0 gAAAAABpLjU42Jqt... 16 - - txb0e489d0e8f543a0b5ab7-00692e353a - 0.0198 - - 1764635962.982359648 1764635963.002117395 0
Dec 01 19:39:23 np0005541722.novalocal container-server[93752]: ::1 - - [02/Dec/2025:00:39:23 +0000] "HEAD /1/30743/AUTH_71f03d698f7645fb92ce29512b9f0297/gnocchi.39542c74-2851-40af-9701-ff15b32e27ae" 204 - "HEAD http://[::1]:8080/v1/AUTH_71f03d698f7645fb92ce29512b9f0297/gnocchi.39542c74-2851-40af-9701-ff15b32e27ae?format=json&states=listing" "txadfab292b2924b0db55b4-00692e353a" "proxy-server 86829" 0.0018 "-" 93752 0
Dec 01 19:39:23 np0005541722.novalocal container-server[93751]: ::1 - - [02/Dec/2025:00:39:23 +0000] "GET /3/30743/AUTH_71f03d698f7645fb92ce29512b9f0297/gnocchi.39542c74-2851-40af-9701-ff15b32e27ae" 200 2 "GET http://[::1]:8080/v1/AUTH_71f03d698f7645fb92ce29512b9f0297/gnocchi.39542c74-2851-40af-9701-ff15b32e27ae?format=json&states=listing" "txadfab292b2924b0db55b4-00692e353a" "proxy-server 86829" 0.0023 "-" 93751 0
Dec 01 19:39:23 np0005541722.novalocal proxy-server[86829]: ::1 ::1 02/Dec/2025/00/39/23 GET /v1/AUTH_71f03d698f7645fb92ce29512b9f0297/gnocchi.39542c74-2851-40af-9701-ff15b32e27ae%3Fformat%3Djson%26states%3Dlisting HTTP/1.0 200 - python-swiftclient-4.2.0 gAAAAABpLjUvHoCr... - 2 - txadfab292b2924b0db55b4-00692e353a - 0.0235 - - 1764635962.997544289 1764635963.021042347 0
Dec 01 19:39:23 np0005541722.novalocal object-server[94054]: ::1 - - [02/Dec/2025:00:39:23 +0000] "GET /1/108430/AUTH_71f03d698f7645fb92ce29512b9f0297/gnocchi.39542c74-2851-40af-9701-ff15b32e27ae/1763640000.0_mean_300.0_v3" 404 70 "GET http://[::1]:8080/v1/AUTH_71f03d698f7645fb92ce29512b9f0297/gnocchi.39542c74-2851-40af-9701-ff15b32e27ae/1763640000.0_mean_300.0_v3" "txb63da70630bf4972ab63f-00692e353b" "proxy-server 86829" 0.0004 "-" 94054 0
Dec 01 19:39:23 np0005541722.novalocal container-server[93752]: ::1 - - [02/Dec/2025:00:39:23 +0000] "PUT /3/72170/AUTH_71f03d698f7645fb92ce29512b9f0297/gnocchi.ef46d790-6aad-4241-8d6a-13d399b43521/none_v3" 201 - "PUT http://[::1]:8080/1/248751/AUTH_71f03d698f7645fb92ce29512b9f0297/gnocchi.ef46d790-6aad-4241-8d6a-13d399b43521/none_v3" "tx0b0aea34ec324069a34eb-00692e353b" "object-server 94054" 0.0007 "-" 93752 0
Dec 01 19:39:23 np0005541722.novalocal object-server[94054]: ::1 - - [02/Dec/2025:00:39:23 +0000] "PUT /1/248751/AUTH_71f03d698f7645fb92ce29512b9f0297/gnocchi.ef46d790-6aad-4241-8d6a-13d399b43521/none_v3" 201 - "PUT http://[::1]:8080/v1/AUTH_71f03d698f7645fb92ce29512b9f0297/gnocchi.ef46d790-6aad-4241-8d6a-13d399b43521/none_v3" "tx0b0aea34ec324069a34eb-00692e353b" "proxy-server 86829" 0.0139 "-" 94054 0
Dec 01 19:39:23 np0005541722.novalocal container-server[93751]: ::1 - - [02/Dec/2025:00:39:23 +0000] "PUT /1/72170/AUTH_71f03d698f7645fb92ce29512b9f0297/gnocchi.ef46d790-6aad-4241-8d6a-13d399b43521/none_v3" 201 - "PUT http://[::1]:8080/3/248751/AUTH_71f03d698f7645fb92ce29512b9f0297/gnocchi.ef46d790-6aad-4241-8d6a-13d399b43521/none_v3" "tx0b0aea34ec324069a34eb-00692e353b" "object-server 94056" 0.0004 "-" 93751 0
Dec 01 19:39:23 np0005541722.novalocal object-server[94056]: ::1 - - [02/Dec/2025:00:39:23 +0000] "PUT /3/248751/AUTH_71f03d698f7645fb92ce29512b9f0297/gnocchi.ef46d790-6aad-4241-8d6a-13d399b43521/none_v3" 201 - "PUT http://[::1]:8080/v1/AUTH_71f03d698f7645fb92ce29512b9f0297/gnocchi.ef46d790-6aad-4241-8d6a-13d399b43521/none_v3" "tx0b0aea34ec324069a34eb-00692e353b" "proxy-server 86829" 0.0152 "-" 94056 0
Dec 01 19:39:23 np0005541722.novalocal container-server[93751]: ::1 - - [02/Dec/2025:00:39:23 +0000] "PUT /2/72170/AUTH_71f03d698f7645fb92ce29512b9f0297/gnocchi.ef46d790-6aad-4241-8d6a-13d399b43521/none_v3" 201 - "PUT http://[::1]:8080/2/248751/AUTH_71f03d698f7645fb92ce29512b9f0297/gnocchi.ef46d790-6aad-4241-8d6a-13d399b43521/none_v3" "tx0b0aea34ec324069a34eb-00692e353b" "object-server 94056" 0.0004 "-" 93751 0
Dec 01 19:39:23 np0005541722.novalocal object-server[94056]: ::1 - - [02/Dec/2025:00:39:23 +0000] "PUT /2/248751/AUTH_71f03d698f7645fb92ce29512b9f0297/gnocchi.ef46d790-6aad-4241-8d6a-13d399b43521/none_v3" 201 - "PUT http://[::1]:8080/v1/AUTH_71f03d698f7645fb92ce29512b9f0297/gnocchi.ef46d790-6aad-4241-8d6a-13d399b43521/none_v3" "tx0b0aea34ec324069a34eb-00692e353b" "proxy-server 86829" 0.0174 "-" 94056 0
Dec 01 19:39:23 np0005541722.novalocal proxy-server[86829]: ::1 ::1 02/Dec/2025/00/39/23 PUT /v1/AUTH_71f03d698f7645fb92ce29512b9f0297/gnocchi.ef46d790-6aad-4241-8d6a-13d399b43521/none_v3 HTTP/1.0 201 - python-swiftclient-4.2.0 gAAAAABpLjU42Jqt... 22 - - tx0b0aea34ec324069a34eb-00692e353b - 0.0332 - - 1764635963.005058289 1764635963.038229465 0
Dec 01 19:39:23 np0005541722.novalocal object-server[94055]: ::1 - - [02/Dec/2025:00:39:23 +0000] "GET /2/108430/AUTH_71f03d698f7645fb92ce29512b9f0297/gnocchi.39542c74-2851-40af-9701-ff15b32e27ae/1763640000.0_mean_300.0_v3" 404 70 "GET http://[::1]:8080/v1/AUTH_71f03d698f7645fb92ce29512b9f0297/gnocchi.39542c74-2851-40af-9701-ff15b32e27ae/1763640000.0_mean_300.0_v3" "txb63da70630bf4972ab63f-00692e353b" "proxy-server 86829" 0.0003 "-" 94055 0
Dec 01 19:39:23 np0005541722.novalocal object-server[94056]: ::1 - - [02/Dec/2025:00:39:23 +0000] "GET /3/108430/AUTH_71f03d698f7645fb92ce29512b9f0297/gnocchi.39542c74-2851-40af-9701-ff15b32e27ae/1763640000.0_mean_300.0_v3" 404 70 "GET http://[::1]:8080/v1/AUTH_71f03d698f7645fb92ce29512b9f0297/gnocchi.39542c74-2851-40af-9701-ff15b32e27ae/1763640000.0_mean_300.0_v3" "txb63da70630bf4972ab63f-00692e353b" "proxy-server 86829" 0.0003 "-" 94056 0
Dec 01 19:39:23 np0005541722.novalocal dnsmasq[100000]: read /var/lib/neutron/dhcp/6c35aff2-ab41-439c-80ee-c156b1a3882b/addn_hosts - 2 addresses
Dec 01 19:39:23 np0005541722.novalocal dnsmasq-dhcp[100000]: read /var/lib/neutron/dhcp/6c35aff2-ab41-439c-80ee-c156b1a3882b/host
Dec 01 19:39:23 np0005541722.novalocal dnsmasq-dhcp[100000]: read /var/lib/neutron/dhcp/6c35aff2-ab41-439c-80ee-c156b1a3882b/opts
Dec 01 19:39:23 np0005541722.novalocal proxy-server[86829]: ::1 ::1 02/Dec/2025/00/39/23 GET /v1/AUTH_71f03d698f7645fb92ce29512b9f0297/gnocchi.39542c74-2851-40af-9701-ff15b32e27ae/1763640000.0_mean_300.0_v3 HTTP/1.0 404 - python-swiftclient-4.2.0 gAAAAABpLjUvHoCr... - 70 - txb63da70630bf4972ab63f-00692e353b - 0.0198 - - 1764635963.024444580 1764635963.044269085 0
Dec 01 19:39:23 np0005541722.novalocal container-server[93753]: ::1 - - [02/Dec/2025:00:39:23 +0000] "PUT /1/30743/AUTH_71f03d698f7645fb92ce29512b9f0297/gnocchi.39542c74-2851-40af-9701-ff15b32e27ae/1763640000.0_mean_300.0_v3" 201 - "PUT http://[::1]:8080/2/108430/AUTH_71f03d698f7645fb92ce29512b9f0297/gnocchi.39542c74-2851-40af-9701-ff15b32e27ae/1763640000.0_mean_300.0_v3" "txa9496c9531744dec90e54-00692e353b" "object-server 94056" 0.0006 "-" 93753 0
Dec 01 19:39:23 np0005541722.novalocal object-server[94056]: ::1 - - [02/Dec/2025:00:39:23 +0000] "PUT /2/108430/AUTH_71f03d698f7645fb92ce29512b9f0297/gnocchi.39542c74-2851-40af-9701-ff15b32e27ae/1763640000.0_mean_300.0_v3" 201 - "PUT http://[::1]:8080/v1/AUTH_71f03d698f7645fb92ce29512b9f0297/gnocchi.39542c74-2851-40af-9701-ff15b32e27ae/1763640000.0_mean_300.0_v3" "txa9496c9531744dec90e54-00692e353b" "proxy-server 86829" 0.0132 "-" 94056 0
Dec 01 19:39:23 np0005541722.novalocal container-server[93751]: ::1 - - [02/Dec/2025:00:39:23 +0000] "PUT /2/30743/AUTH_71f03d698f7645fb92ce29512b9f0297/gnocchi.39542c74-2851-40af-9701-ff15b32e27ae/1763640000.0_mean_300.0_v3" 201 - "PUT http://[::1]:8080/1/108430/AUTH_71f03d698f7645fb92ce29512b9f0297/gnocchi.39542c74-2851-40af-9701-ff15b32e27ae/1763640000.0_mean_300.0_v3" "txa9496c9531744dec90e54-00692e353b" "object-server 94055" 0.0005 "-" 93751 0
Dec 01 19:39:23 np0005541722.novalocal container-server[93751]: ::1 - - [02/Dec/2025:00:39:23 +0000] "PUT /3/30743/AUTH_71f03d698f7645fb92ce29512b9f0297/gnocchi.39542c74-2851-40af-9701-ff15b32e27ae/1763640000.0_mean_300.0_v3" 201 - "PUT http://[::1]:8080/3/108430/AUTH_71f03d698f7645fb92ce29512b9f0297/gnocchi.39542c74-2851-40af-9701-ff15b32e27ae/1763640000.0_mean_300.0_v3" "txa9496c9531744dec90e54-00692e353b" "object-server 94055" 0.0004 "-" 93751 0
Dec 01 19:39:23 np0005541722.novalocal object-server[94055]: ::1 - - [02/Dec/2025:00:39:23 +0000] "PUT /1/108430/AUTH_71f03d698f7645fb92ce29512b9f0297/gnocchi.39542c74-2851-40af-9701-ff15b32e27ae/1763640000.0_mean_300.0_v3" 201 - "PUT http://[::1]:8080/v1/AUTH_71f03d698f7645fb92ce29512b9f0297/gnocchi.39542c74-2851-40af-9701-ff15b32e27ae/1763640000.0_mean_300.0_v3" "txa9496c9531744dec90e54-00692e353b" "proxy-server 86829" 0.0139 "-" 94055 0
Dec 01 19:39:23 np0005541722.novalocal object-server[94055]: ::1 - - [02/Dec/2025:00:39:23 +0000] "PUT /3/108430/AUTH_71f03d698f7645fb92ce29512b9f0297/gnocchi.39542c74-2851-40af-9701-ff15b32e27ae/1763640000.0_mean_300.0_v3" 201 - "PUT http://[::1]:8080/v1/AUTH_71f03d698f7645fb92ce29512b9f0297/gnocchi.39542c74-2851-40af-9701-ff15b32e27ae/1763640000.0_mean_300.0_v3" "txa9496c9531744dec90e54-00692e353b" "proxy-server 86829" 0.0165 "-" 94055 0
Dec 01 19:39:23 np0005541722.novalocal proxy-server[86829]: ::1 ::1 02/Dec/2025/00/39/23 PUT /v1/AUTH_71f03d698f7645fb92ce29512b9f0297/gnocchi.39542c74-2851-40af-9701-ff15b32e27ae/1763640000.0_mean_300.0_v3 HTTP/1.0 201 - python-swiftclient-4.2.0 gAAAAABpLjUvHoCr... 16 - - txa9496c9531744dec90e54-00692e353b - 0.0272 - - 1764635963.046830654 1764635963.074065208 0
Dec 01 19:39:23 np0005541722.novalocal container-server[93750]: ::1 - - [02/Dec/2025:00:39:23 +0000] "PUT /2/30743/AUTH_71f03d698f7645fb92ce29512b9f0297/gnocchi.39542c74-2851-40af-9701-ff15b32e27ae/none_v3" 201 - "PUT http://[::1]:8080/1/186265/AUTH_71f03d698f7645fb92ce29512b9f0297/gnocchi.39542c74-2851-40af-9701-ff15b32e27ae/none_v3" "tx395b1869911a45aa93e6d-00692e353b" "object-server 94054" 0.0004 "-" 93750 0
Dec 01 19:39:23 np0005541722.novalocal container-server[93751]: ::1 - - [02/Dec/2025:00:39:23 +0000] "PUT /1/30743/AUTH_71f03d698f7645fb92ce29512b9f0297/gnocchi.39542c74-2851-40af-9701-ff15b32e27ae/none_v3" 201 - "PUT http://[::1]:8080/3/186265/AUTH_71f03d698f7645fb92ce29512b9f0297/gnocchi.39542c74-2851-40af-9701-ff15b32e27ae/none_v3" "tx395b1869911a45aa93e6d-00692e353b" "object-server 94056" 0.0004 "-" 93751 0
Dec 01 19:39:23 np0005541722.novalocal object-server[94054]: ::1 - - [02/Dec/2025:00:39:23 +0000] "PUT /1/186265/AUTH_71f03d698f7645fb92ce29512b9f0297/gnocchi.39542c74-2851-40af-9701-ff15b32e27ae/none_v3" 201 - "PUT http://[::1]:8080/v1/AUTH_71f03d698f7645fb92ce29512b9f0297/gnocchi.39542c74-2851-40af-9701-ff15b32e27ae/none_v3" "tx395b1869911a45aa93e6d-00692e353b" "proxy-server 86829" 0.0090 "-" 94054 0
Dec 01 19:39:23 np0005541722.novalocal object-server[94056]: ::1 - - [02/Dec/2025:00:39:23 +0000] "PUT /3/186265/AUTH_71f03d698f7645fb92ce29512b9f0297/gnocchi.39542c74-2851-40af-9701-ff15b32e27ae/none_v3" 201 - "PUT http://[::1]:8080/v1/AUTH_71f03d698f7645fb92ce29512b9f0297/gnocchi.39542c74-2851-40af-9701-ff15b32e27ae/none_v3" "tx395b1869911a45aa93e6d-00692e353b" "proxy-server 86829" 0.0088 "-" 94056 0
Dec 01 19:39:23 np0005541722.novalocal container-server[93751]: ::1 - - [02/Dec/2025:00:39:23 +0000] "PUT /3/30743/AUTH_71f03d698f7645fb92ce29512b9f0297/gnocchi.39542c74-2851-40af-9701-ff15b32e27ae/none_v3" 201 - "PUT http://[::1]:8080/2/186265/AUTH_71f03d698f7645fb92ce29512b9f0297/gnocchi.39542c74-2851-40af-9701-ff15b32e27ae/none_v3" "tx395b1869911a45aa93e6d-00692e353b" "object-server 94054" 0.0003 "-" 93751 0
Dec 01 19:39:23 np0005541722.novalocal object-server[94054]: ::1 - - [02/Dec/2025:00:39:23 +0000] "PUT /2/186265/AUTH_71f03d698f7645fb92ce29512b9f0297/gnocchi.39542c74-2851-40af-9701-ff15b32e27ae/none_v3" 201 - "PUT http://[::1]:8080/v1/AUTH_71f03d698f7645fb92ce29512b9f0297/gnocchi.39542c74-2851-40af-9701-ff15b32e27ae/none_v3" "tx395b1869911a45aa93e6d-00692e353b" "proxy-server 86829" 0.0103 "-" 94054 0
Dec 01 19:39:23 np0005541722.novalocal proxy-server[86829]: ::1 ::1 02/Dec/2025/00/39/23 PUT /v1/AUTH_71f03d698f7645fb92ce29512b9f0297/gnocchi.39542c74-2851-40af-9701-ff15b32e27ae/none_v3 HTTP/1.0 201 - python-swiftclient-4.2.0 gAAAAABpLjUvHoCr... 22 - - tx395b1869911a45aa93e6d-00692e353b - 0.0166 - - 1764635963.076023579 1764635963.092591047 0
Dec 01 19:39:23 np0005541722.novalocal container-server[93752]: ::1 - - [02/Dec/2025:00:39:23 +0000] "HEAD /2/191666/AUTH_71f03d698f7645fb92ce29512b9f0297/gnocchi.8ea693fb-3dd0-4d9a-8ca5-eb4c774ac25c" 404 - "HEAD http://[::1]:8080/v1/AUTH_71f03d698f7645fb92ce29512b9f0297/gnocchi.8ea693fb-3dd0-4d9a-8ca5-eb4c774ac25c?format=json&states=listing" "txd5272ef44a6d4b528652c-00692e353b" "proxy-server 86829" 0.0003 "-" 93752 0
Dec 01 19:39:23 np0005541722.novalocal container-server[93750]: ::1 - - [02/Dec/2025:00:39:23 +0000] "HEAD /3/191666/AUTH_71f03d698f7645fb92ce29512b9f0297/gnocchi.8ea693fb-3dd0-4d9a-8ca5-eb4c774ac25c" 404 - "HEAD http://[::1]:8080/v1/AUTH_71f03d698f7645fb92ce29512b9f0297/gnocchi.8ea693fb-3dd0-4d9a-8ca5-eb4c774ac25c?format=json&states=listing" "txd5272ef44a6d4b528652c-00692e353b" "proxy-server 86829" 0.0003 "-" 93750 0
Dec 01 19:39:23 np0005541722.novalocal container-server[93752]: ::1 - - [02/Dec/2025:00:39:23 +0000] "HEAD /1/191666/AUTH_71f03d698f7645fb92ce29512b9f0297/gnocchi.8ea693fb-3dd0-4d9a-8ca5-eb4c774ac25c" 404 - "HEAD http://[::1]:8080/v1/AUTH_71f03d698f7645fb92ce29512b9f0297/gnocchi.8ea693fb-3dd0-4d9a-8ca5-eb4c774ac25c?format=json&states=listing" "txd5272ef44a6d4b528652c-00692e353b" "proxy-server 86829" 0.0002 "-" 93752 0
Dec 01 19:39:23 np0005541722.novalocal object-server[94056]: ::1 - - [02/Dec/2025:00:39:23 +0000] "GET /1/22893/AUTH_71f03d698f7645fb92ce29512b9f0297/gnocchi.8ea693fb-3dd0-4d9a-8ca5-eb4c774ac25c/none_v3" 404 70 "GET http://[::1]:8080/v1/AUTH_71f03d698f7645fb92ce29512b9f0297/gnocchi.8ea693fb-3dd0-4d9a-8ca5-eb4c774ac25c/none_v3" "txd5272ef44a6d4b528652c-00692e353b" "proxy-server 86829" 0.0003 "-" 94056 0
Dec 01 19:39:23 np0005541722.novalocal object-server[94055]: ::1 - - [02/Dec/2025:00:39:23 +0000] "GET /3/22893/AUTH_71f03d698f7645fb92ce29512b9f0297/gnocchi.8ea693fb-3dd0-4d9a-8ca5-eb4c774ac25c/none_v3" 404 70 "GET http://[::1]:8080/v1/AUTH_71f03d698f7645fb92ce29512b9f0297/gnocchi.8ea693fb-3dd0-4d9a-8ca5-eb4c774ac25c/none_v3" "txd5272ef44a6d4b528652c-00692e353b" "proxy-server 86829" 0.0003 "-" 94055 0
Dec 01 19:39:23 np0005541722.novalocal object-server[94057]: ::1 - - [02/Dec/2025:00:39:23 +0000] "GET /2/22893/AUTH_71f03d698f7645fb92ce29512b9f0297/gnocchi.8ea693fb-3dd0-4d9a-8ca5-eb4c774ac25c/none_v3" 404 70 "GET http://[::1]:8080/v1/AUTH_71f03d698f7645fb92ce29512b9f0297/gnocchi.8ea693fb-3dd0-4d9a-8ca5-eb4c774ac25c/none_v3" "txd5272ef44a6d4b528652c-00692e353b" "proxy-server 86829" 0.0003 "-" 94057 0
Dec 01 19:39:23 np0005541722.novalocal proxy-server[86829]: ::1 ::1 02/Dec/2025/00/39/23 GET /v1/AUTH_71f03d698f7645fb92ce29512b9f0297/gnocchi.8ea693fb-3dd0-4d9a-8ca5-eb4c774ac25c/none_v3 HTTP/1.0 404 - python-swiftclient-4.2.0 gAAAAABpLjU42Jqt... - 70 - txd5272ef44a6d4b528652c-00692e353b - 0.0508 - - 1764635963.142152309 1764635963.192996264 0
Dec 01 19:39:23 np0005541722.novalocal container-server[93750]: ::1 - - [02/Dec/2025:00:39:23 +0000] "HEAD /3/84966/AUTH_71f03d698f7645fb92ce29512b9f0297/gnocchi.4b0c2bc8-9fed-4f94-9fb7-053e7995907c" 404 - "HEAD http://[::1]:8080/v1/AUTH_71f03d698f7645fb92ce29512b9f0297/gnocchi.4b0c2bc8-9fed-4f94-9fb7-053e7995907c?format=json&states=listing" "tx3570ab44cab44fec8717d-00692e353b" "proxy-server 86829" 0.0003 "-" 93750 0
Dec 01 19:39:23 np0005541722.novalocal container-server[93751]: ::1 - - [02/Dec/2025:00:39:23 +0000] "HEAD /2/84966/AUTH_71f03d698f7645fb92ce29512b9f0297/gnocchi.4b0c2bc8-9fed-4f94-9fb7-053e7995907c" 404 - "HEAD http://[::1]:8080/v1/AUTH_71f03d698f7645fb92ce29512b9f0297/gnocchi.4b0c2bc8-9fed-4f94-9fb7-053e7995907c?format=json&states=listing" "tx3570ab44cab44fec8717d-00692e353b" "proxy-server 86829" 0.0004 "-" 93751 0
Dec 01 19:39:23 np0005541722.novalocal container-server[93751]: ::1 - - [02/Dec/2025:00:39:23 +0000] "HEAD /1/84966/AUTH_71f03d698f7645fb92ce29512b9f0297/gnocchi.4b0c2bc8-9fed-4f94-9fb7-053e7995907c" 404 - "HEAD http://[::1]:8080/v1/AUTH_71f03d698f7645fb92ce29512b9f0297/gnocchi.4b0c2bc8-9fed-4f94-9fb7-053e7995907c?format=json&states=listing" "tx3570ab44cab44fec8717d-00692e353b" "proxy-server 86829" 0.0003 "-" 93751 0
Dec 01 19:39:23 np0005541722.novalocal object-server[94054]: ::1 - - [02/Dec/2025:00:39:23 +0000] "GET /3/63680/AUTH_71f03d698f7645fb92ce29512b9f0297/gnocchi.4b0c2bc8-9fed-4f94-9fb7-053e7995907c/none_v3" 404 70 "GET http://[::1]:8080/v1/AUTH_71f03d698f7645fb92ce29512b9f0297/gnocchi.4b0c2bc8-9fed-4f94-9fb7-053e7995907c/none_v3" "tx3570ab44cab44fec8717d-00692e353b" "proxy-server 86829" 0.0003 "-" 94054 0
Dec 01 19:39:23 np0005541722.novalocal object-server[94057]: ::1 - - [02/Dec/2025:00:39:23 +0000] "GET /2/63680/AUTH_71f03d698f7645fb92ce29512b9f0297/gnocchi.4b0c2bc8-9fed-4f94-9fb7-053e7995907c/none_v3" 404 70 "GET http://[::1]:8080/v1/AUTH_71f03d698f7645fb92ce29512b9f0297/gnocchi.4b0c2bc8-9fed-4f94-9fb7-053e7995907c/none_v3" "tx3570ab44cab44fec8717d-00692e353b" "proxy-server 86829" 0.0004 "-" 94057 0
Dec 01 19:39:23 np0005541722.novalocal account-server[93454]: ::1 - - [02/Dec/2025:00:39:23 +0000] "PUT /3/177703/AUTH_71f03d698f7645fb92ce29512b9f0297/gnocchi.8ea693fb-3dd0-4d9a-8ca5-eb4c774ac25c" 201 - "PUT http://[::1]:6001/1/191666/AUTH_71f03d698f7645fb92ce29512b9f0297/gnocchi.8ea693fb-3dd0-4d9a-8ca5-eb4c774ac25c" "tx1e70ee2eb8264a3894339-00692e353b" "container-server 93753" 0.0044 "-" 93454 0
Dec 01 19:39:23 np0005541722.novalocal container-server[93753]: ::1 - - [02/Dec/2025:00:39:23 +0000] "PUT /1/191666/AUTH_71f03d698f7645fb92ce29512b9f0297/gnocchi.8ea693fb-3dd0-4d9a-8ca5-eb4c774ac25c" 201 - "PUT http://[::1]:8080/v1/AUTH_71f03d698f7645fb92ce29512b9f0297/gnocchi.8ea693fb-3dd0-4d9a-8ca5-eb4c774ac25c" "tx1e70ee2eb8264a3894339-00692e353b" "proxy-server 86829" 0.0149 "-" 93753 0
Dec 01 19:39:23 np0005541722.novalocal object-server[94055]: ::1 - - [02/Dec/2025:00:39:23 +0000] "GET /1/63680/AUTH_71f03d698f7645fb92ce29512b9f0297/gnocchi.4b0c2bc8-9fed-4f94-9fb7-053e7995907c/none_v3" 404 70 "GET http://[::1]:8080/v1/AUTH_71f03d698f7645fb92ce29512b9f0297/gnocchi.4b0c2bc8-9fed-4f94-9fb7-053e7995907c/none_v3" "tx3570ab44cab44fec8717d-00692e353b" "proxy-server 86829" 0.0002 "-" 94055 0
Dec 01 19:39:23 np0005541722.novalocal proxy-server[86829]: ::1 ::1 02/Dec/2025/00/39/23 GET /v1/AUTH_71f03d698f7645fb92ce29512b9f0297/gnocchi.4b0c2bc8-9fed-4f94-9fb7-053e7995907c/none_v3 HTTP/1.0 404 - python-swiftclient-4.2.0 gAAAAABpLjUvHoCr... - 70 - tx3570ab44cab44fec8717d-00692e353b - 0.0320 - - 1764635963.188356876 1764635963.220399141 0
Dec 01 19:39:23 np0005541722.novalocal account-server[93455]: ::1 - - [02/Dec/2025:00:39:23 +0000] "PUT /1/177703/AUTH_71f03d698f7645fb92ce29512b9f0297/gnocchi.8ea693fb-3dd0-4d9a-8ca5-eb4c774ac25c" 201 - "PUT http://[::1]:6001/2/191666/AUTH_71f03d698f7645fb92ce29512b9f0297/gnocchi.8ea693fb-3dd0-4d9a-8ca5-eb4c774ac25c" "tx1e70ee2eb8264a3894339-00692e353b" "container-server 93750" 0.0051 "-" 93455 0
Dec 01 19:39:23 np0005541722.novalocal account-server[93454]: ::1 - - [02/Dec/2025:00:39:23 +0000] "PUT /3/177703/AUTH_71f03d698f7645fb92ce29512b9f0297/gnocchi.4b0c2bc8-9fed-4f94-9fb7-053e7995907c" 201 - "PUT http://[::1]:6001/3/84966/AUTH_71f03d698f7645fb92ce29512b9f0297/gnocchi.4b0c2bc8-9fed-4f94-9fb7-053e7995907c" "txad6007324c1e4daf9772f-00692e353b" "container-server 93752" 0.0045 "-" 93454 0
Dec 01 19:39:23 np0005541722.novalocal account-server[93452]: ::1 - - [02/Dec/2025:00:39:23 +0000] "PUT /2/177703/AUTH_71f03d698f7645fb92ce29512b9f0297/gnocchi.4b0c2bc8-9fed-4f94-9fb7-053e7995907c" 201 - "PUT http://[::1]:6001/2/84966/AUTH_71f03d698f7645fb92ce29512b9f0297/gnocchi.4b0c2bc8-9fed-4f94-9fb7-053e7995907c" "txad6007324c1e4daf9772f-00692e353b" "container-server 93752" 0.0049 "-" 93452 0
Dec 01 19:39:23 np0005541722.novalocal container-server[93750]: ::1 - - [02/Dec/2025:00:39:23 +0000] "PUT /2/191666/AUTH_71f03d698f7645fb92ce29512b9f0297/gnocchi.8ea693fb-3dd0-4d9a-8ca5-eb4c774ac25c" 201 - "PUT http://[::1]:8080/v1/AUTH_71f03d698f7645fb92ce29512b9f0297/gnocchi.8ea693fb-3dd0-4d9a-8ca5-eb4c774ac25c" "tx1e70ee2eb8264a3894339-00692e353b" "proxy-server 86829" 0.0567 "-" 93750 0
Dec 01 19:39:23 np0005541722.novalocal container-server[93752]: ::1 - - [02/Dec/2025:00:39:23 +0000] "PUT /3/84966/AUTH_71f03d698f7645fb92ce29512b9f0297/gnocchi.4b0c2bc8-9fed-4f94-9fb7-053e7995907c" 201 - "PUT http://[::1]:8080/v1/AUTH_71f03d698f7645fb92ce29512b9f0297/gnocchi.4b0c2bc8-9fed-4f94-9fb7-053e7995907c" "txad6007324c1e4daf9772f-00692e353b" "proxy-server 86829" 0.0296 "-" 93752 0
Dec 01 19:39:23 np0005541722.novalocal account-server[93453]: ::1 - - [02/Dec/2025:00:39:23 +0000] "PUT /2/177703/AUTH_71f03d698f7645fb92ce29512b9f0297/gnocchi.8ea693fb-3dd0-4d9a-8ca5-eb4c774ac25c" 201 - "PUT http://[::1]:6001/3/191666/AUTH_71f03d698f7645fb92ce29512b9f0297/gnocchi.8ea693fb-3dd0-4d9a-8ca5-eb4c774ac25c" "tx1e70ee2eb8264a3894339-00692e353b" "container-server 93750" 0.0040 "-" 93453 0
Dec 01 19:39:23 np0005541722.novalocal container-server[93750]: ::1 - - [02/Dec/2025:00:39:23 +0000] "PUT /3/191666/AUTH_71f03d698f7645fb92ce29512b9f0297/gnocchi.8ea693fb-3dd0-4d9a-8ca5-eb4c774ac25c" 201 - "PUT http://[::1]:8080/v1/AUTH_71f03d698f7645fb92ce29512b9f0297/gnocchi.8ea693fb-3dd0-4d9a-8ca5-eb4c774ac25c" "tx1e70ee2eb8264a3894339-00692e353b" "proxy-server 86829" 0.0281 "-" 93750 0
Dec 01 19:39:23 np0005541722.novalocal account-server[93454]: ::1 - - [02/Dec/2025:00:39:23 +0000] "PUT /1/177703/AUTH_71f03d698f7645fb92ce29512b9f0297/gnocchi.4b0c2bc8-9fed-4f94-9fb7-053e7995907c" 201 - "PUT http://[::1]:6001/1/84966/AUTH_71f03d698f7645fb92ce29512b9f0297/gnocchi.4b0c2bc8-9fed-4f94-9fb7-053e7995907c" "txad6007324c1e4daf9772f-00692e353b" "container-server 93750" 0.0041 "-" 93454 0
Dec 01 19:39:23 np0005541722.novalocal container-server[93752]: ::1 - - [02/Dec/2025:00:39:23 +0000] "PUT /2/84966/AUTH_71f03d698f7645fb92ce29512b9f0297/gnocchi.4b0c2bc8-9fed-4f94-9fb7-053e7995907c" 201 - "PUT http://[::1]:8080/v1/AUTH_71f03d698f7645fb92ce29512b9f0297/gnocchi.4b0c2bc8-9fed-4f94-9fb7-053e7995907c" "txad6007324c1e4daf9772f-00692e353b" "proxy-server 86829" 0.0267 "-" 93752 0
Dec 01 19:39:23 np0005541722.novalocal proxy-server[86829]: ::1 ::1 02/Dec/2025/00/39/23 PUT /v1/AUTH_71f03d698f7645fb92ce29512b9f0297/gnocchi.8ea693fb-3dd0-4d9a-8ca5-eb4c774ac25c HTTP/1.0 201 - python-swiftclient-4.2.0 gAAAAABpLjU42Jqt... - - - tx1e70ee2eb8264a3894339-00692e353b - 0.0677 - - 1764635963.195078850 1764635963.262817383 0
Dec 01 19:39:23 np0005541722.novalocal container-server[93750]: ::1 - - [02/Dec/2025:00:39:23 +0000] "PUT /1/84966/AUTH_71f03d698f7645fb92ce29512b9f0297/gnocchi.4b0c2bc8-9fed-4f94-9fb7-053e7995907c" 201 - "PUT http://[::1]:8080/v1/AUTH_71f03d698f7645fb92ce29512b9f0297/gnocchi.4b0c2bc8-9fed-4f94-9fb7-053e7995907c" "txad6007324c1e4daf9772f-00692e353b" "proxy-server 86829" 0.0156 "-" 93750 0
Dec 01 19:39:23 np0005541722.novalocal proxy-server[86829]: ::1 ::1 02/Dec/2025/00/39/23 PUT /v1/AUTH_71f03d698f7645fb92ce29512b9f0297/gnocchi.4b0c2bc8-9fed-4f94-9fb7-053e7995907c HTTP/1.0 201 - python-swiftclient-4.2.0 gAAAAABpLjUvHoCr... - - - txad6007324c1e4daf9772f-00692e353b - 0.0429 - - 1764635963.223330498 1764635963.266254425 0
Dec 01 19:39:23 np0005541722.novalocal container-server[93753]: ::1 - - [02/Dec/2025:00:39:23 +0000] "HEAD /3/191666/AUTH_71f03d698f7645fb92ce29512b9f0297/gnocchi.8ea693fb-3dd0-4d9a-8ca5-eb4c774ac25c" 204 - "HEAD http://[::1]:8080/v1/AUTH_71f03d698f7645fb92ce29512b9f0297/gnocchi.8ea693fb-3dd0-4d9a-8ca5-eb4c774ac25c?format=json&states=listing" "txce0d970853fe42228f937-00692e353b" "proxy-server 86829" 0.0011 "-" 93753 0
Dec 01 19:39:23 np0005541722.novalocal container-server[93752]: ::1 - - [02/Dec/2025:00:39:23 +0000] "HEAD /1/84966/AUTH_71f03d698f7645fb92ce29512b9f0297/gnocchi.4b0c2bc8-9fed-4f94-9fb7-053e7995907c" 204 - "HEAD http://[::1]:8080/v1/AUTH_71f03d698f7645fb92ce29512b9f0297/gnocchi.4b0c2bc8-9fed-4f94-9fb7-053e7995907c?format=json&states=listing" "tx5175961a0f33423f9427c-00692e353b" "proxy-server 86829" 0.0019 "-" 93752 0
Dec 01 19:39:23 np0005541722.novalocal container-server[93753]: ::1 - - [02/Dec/2025:00:39:23 +0000] "GET /2/191666/AUTH_71f03d698f7645fb92ce29512b9f0297/gnocchi.8ea693fb-3dd0-4d9a-8ca5-eb4c774ac25c" 200 2 "GET http://[::1]:8080/v1/AUTH_71f03d698f7645fb92ce29512b9f0297/gnocchi.8ea693fb-3dd0-4d9a-8ca5-eb4c774ac25c?format=json&states=listing" "txce0d970853fe42228f937-00692e353b" "proxy-server 86829" 0.0015 "-" 93753 0
Dec 01 19:39:23 np0005541722.novalocal proxy-server[86829]: ::1 ::1 02/Dec/2025/00/39/23 GET /v1/AUTH_71f03d698f7645fb92ce29512b9f0297/gnocchi.8ea693fb-3dd0-4d9a-8ca5-eb4c774ac25c%3Fformat%3Djson%26states%3Dlisting HTTP/1.0 200 - python-swiftclient-4.2.0 gAAAAABpLjU42Jqt... - 2 - txce0d970853fe42228f937-00692e353b - 0.0115 - - 1764635963.265494108 1764635963.277016401 0
Dec 01 19:39:23 np0005541722.novalocal container-server[93750]: ::1 - - [02/Dec/2025:00:39:23 +0000] "GET /2/84966/AUTH_71f03d698f7645fb92ce29512b9f0297/gnocchi.4b0c2bc8-9fed-4f94-9fb7-053e7995907c" 200 2 "GET http://[::1]:8080/v1/AUTH_71f03d698f7645fb92ce29512b9f0297/gnocchi.4b0c2bc8-9fed-4f94-9fb7-053e7995907c?format=json&states=listing" "tx5175961a0f33423f9427c-00692e353b" "proxy-server 86829" 0.0034 "-" 93750 0
Dec 01 19:39:23 np0005541722.novalocal object-server[94055]: ::1 - - [02/Dec/2025:00:39:23 +0000] "GET /1/225701/AUTH_71f03d698f7645fb92ce29512b9f0297/gnocchi.8ea693fb-3dd0-4d9a-8ca5-eb4c774ac25c/1763640000.0_mean_300.0_v3" 404 70 "GET http://[::1]:8080/v1/AUTH_71f03d698f7645fb92ce29512b9f0297/gnocchi.8ea693fb-3dd0-4d9a-8ca5-eb4c774ac25c/1763640000.0_mean_300.0_v3" "tx80fd37183963443da8a82-00692e353b" "proxy-server 86829" 0.0003 "-" 94055 0
Dec 01 19:39:23 np0005541722.novalocal proxy-server[86829]: ::1 ::1 02/Dec/2025/00/39/23 GET /v1/AUTH_71f03d698f7645fb92ce29512b9f0297/gnocchi.4b0c2bc8-9fed-4f94-9fb7-053e7995907c%3Fformat%3Djson%26states%3Dlisting HTTP/1.0 200 - python-swiftclient-4.2.0 gAAAAABpLjUvHoCr... - 2 - tx5175961a0f33423f9427c-00692e353b - 0.0328 - - 1764635963.270790100 1764635963.303613186 0
Dec 01 19:39:23 np0005541722.novalocal object-server[94054]: ::1 - - [02/Dec/2025:00:39:23 +0000] "GET /3/225701/AUTH_71f03d698f7645fb92ce29512b9f0297/gnocchi.8ea693fb-3dd0-4d9a-8ca5-eb4c774ac25c/1763640000.0_mean_300.0_v3" 404 70 "GET http://[::1]:8080/v1/AUTH_71f03d698f7645fb92ce29512b9f0297/gnocchi.8ea693fb-3dd0-4d9a-8ca5-eb4c774ac25c/1763640000.0_mean_300.0_v3" "tx80fd37183963443da8a82-00692e353b" "proxy-server 86829" 0.0003 "-" 94054 0
Dec 01 19:39:23 np0005541722.novalocal object-server[94055]: ::1 - - [02/Dec/2025:00:39:23 +0000] "GET /2/225701/AUTH_71f03d698f7645fb92ce29512b9f0297/gnocchi.8ea693fb-3dd0-4d9a-8ca5-eb4c774ac25c/1763640000.0_mean_300.0_v3" 404 70 "GET http://[::1]:8080/v1/AUTH_71f03d698f7645fb92ce29512b9f0297/gnocchi.8ea693fb-3dd0-4d9a-8ca5-eb4c774ac25c/1763640000.0_mean_300.0_v3" "tx80fd37183963443da8a82-00692e353b" "proxy-server 86829" 0.0002 "-" 94055 0
Dec 01 19:39:23 np0005541722.novalocal proxy-server[86829]: ::1 ::1 02/Dec/2025/00/39/23 GET /v1/AUTH_71f03d698f7645fb92ce29512b9f0297/gnocchi.8ea693fb-3dd0-4d9a-8ca5-eb4c774ac25c/1763640000.0_mean_300.0_v3 HTTP/1.0 404 - python-swiftclient-4.2.0 gAAAAABpLjU42Jqt... - 70 - tx80fd37183963443da8a82-00692e353b - 0.0169 - - 1764635963.293333054 1764635963.310206890 0
Dec 01 19:39:23 np0005541722.novalocal object-server[94056]: ::1 - - [02/Dec/2025:00:39:23 +0000] "GET /1/164821/AUTH_71f03d698f7645fb92ce29512b9f0297/gnocchi.4b0c2bc8-9fed-4f94-9fb7-053e7995907c/1763640000.0_mean_300.0_v3" 404 70 "GET http://[::1]:8080/v1/AUTH_71f03d698f7645fb92ce29512b9f0297/gnocchi.4b0c2bc8-9fed-4f94-9fb7-053e7995907c/1763640000.0_mean_300.0_v3" "txa148009c77694d8bade50-00692e353b" "proxy-server 86829" 0.0003 "-" 94056 0
Dec 01 19:39:23 np0005541722.novalocal object-server[94057]: ::1 - - [02/Dec/2025:00:39:23 +0000] "GET /3/164821/AUTH_71f03d698f7645fb92ce29512b9f0297/gnocchi.4b0c2bc8-9fed-4f94-9fb7-053e7995907c/1763640000.0_mean_300.0_v3" 404 70 "GET http://[::1]:8080/v1/AUTH_71f03d698f7645fb92ce29512b9f0297/gnocchi.4b0c2bc8-9fed-4f94-9fb7-053e7995907c/1763640000.0_mean_300.0_v3" "txa148009c77694d8bade50-00692e353b" "proxy-server 86829" 0.0003 "-" 94057 0
Dec 01 19:39:23 np0005541722.novalocal object-server[94057]: ::1 - - [02/Dec/2025:00:39:23 +0000] "GET /2/164821/AUTH_71f03d698f7645fb92ce29512b9f0297/gnocchi.4b0c2bc8-9fed-4f94-9fb7-053e7995907c/1763640000.0_mean_300.0_v3" 404 70 "GET http://[::1]:8080/v1/AUTH_71f03d698f7645fb92ce29512b9f0297/gnocchi.4b0c2bc8-9fed-4f94-9fb7-053e7995907c/1763640000.0_mean_300.0_v3" "txa148009c77694d8bade50-00692e353b" "proxy-server 86829" 0.0002 "-" 94057 0
Dec 01 19:39:23 np0005541722.novalocal proxy-server[86829]: ::1 ::1 02/Dec/2025/00/39/23 GET /v1/AUTH_71f03d698f7645fb92ce29512b9f0297/gnocchi.4b0c2bc8-9fed-4f94-9fb7-053e7995907c/1763640000.0_mean_300.0_v3 HTTP/1.0 404 - python-swiftclient-4.2.0 gAAAAABpLjUvHoCr... - 70 - txa148009c77694d8bade50-00692e353b - 0.0189 - - 1764635963.308322191 1764635963.327215195 0
Dec 01 19:39:23 np0005541722.novalocal container-server[93750]: ::1 - - [02/Dec/2025:00:39:23 +0000] "PUT /1/191666/AUTH_71f03d698f7645fb92ce29512b9f0297/gnocchi.8ea693fb-3dd0-4d9a-8ca5-eb4c774ac25c/1763640000.0_mean_300.0_v3" 201 - "PUT http://[::1]:8080/2/225701/AUTH_71f03d698f7645fb92ce29512b9f0297/gnocchi.8ea693fb-3dd0-4d9a-8ca5-eb4c774ac25c/1763640000.0_mean_300.0_v3" "tx1d015fe3e36d4027bd763-00692e353b" "object-server 94055" 0.0006 "-" 93750 0
Dec 01 19:39:23 np0005541722.novalocal object-server[94055]: ::1 - - [02/Dec/2025:00:39:23 +0000] "PUT /2/225701/AUTH_71f03d698f7645fb92ce29512b9f0297/gnocchi.8ea693fb-3dd0-4d9a-8ca5-eb4c774ac25c/1763640000.0_mean_300.0_v3" 201 - "PUT http://[::1]:8080/v1/AUTH_71f03d698f7645fb92ce29512b9f0297/gnocchi.8ea693fb-3dd0-4d9a-8ca5-eb4c774ac25c/1763640000.0_mean_300.0_v3" "tx1d015fe3e36d4027bd763-00692e353b" "proxy-server 86829" 0.0170 "-" 94055 0
Dec 01 19:39:23 np0005541722.novalocal container-server[93751]: ::1 - - [02/Dec/2025:00:39:23 +0000] "PUT /2/191666/AUTH_71f03d698f7645fb92ce29512b9f0297/gnocchi.8ea693fb-3dd0-4d9a-8ca5-eb4c774ac25c/1763640000.0_mean_300.0_v3" 201 - "PUT http://[::1]:8080/1/225701/AUTH_71f03d698f7645fb92ce29512b9f0297/gnocchi.8ea693fb-3dd0-4d9a-8ca5-eb4c774ac25c/1763640000.0_mean_300.0_v3" "tx1d015fe3e36d4027bd763-00692e353b" "object-server 94057" 0.0005 "-" 93751 0
Dec 01 19:39:23 np0005541722.novalocal container-server[93752]: ::1 - - [02/Dec/2025:00:39:23 +0000] "PUT /3/191666/AUTH_71f03d698f7645fb92ce29512b9f0297/gnocchi.8ea693fb-3dd0-4d9a-8ca5-eb4c774ac25c/1763640000.0_mean_300.0_v3" 201 - "PUT http://[::1]:8080/3/225701/AUTH_71f03d698f7645fb92ce29512b9f0297/gnocchi.8ea693fb-3dd0-4d9a-8ca5-eb4c774ac25c/1763640000.0_mean_300.0_v3" "tx1d015fe3e36d4027bd763-00692e353b" "object-server 94057" 0.0005 "-" 93752 0
Dec 01 19:39:23 np0005541722.novalocal object-server[94057]: ::1 - - [02/Dec/2025:00:39:23 +0000] "PUT /3/225701/AUTH_71f03d698f7645fb92ce29512b9f0297/gnocchi.8ea693fb-3dd0-4d9a-8ca5-eb4c774ac25c/1763640000.0_mean_300.0_v3" 201 - "PUT http://[::1]:8080/v1/AUTH_71f03d698f7645fb92ce29512b9f0297/gnocchi.8ea693fb-3dd0-4d9a-8ca5-eb4c774ac25c/1763640000.0_mean_300.0_v3" "tx1d015fe3e36d4027bd763-00692e353b" "proxy-server 86829" 0.0182 "-" 94057 0
Dec 01 19:39:23 np0005541722.novalocal object-server[94057]: ::1 - - [02/Dec/2025:00:39:23 +0000] "PUT /1/225701/AUTH_71f03d698f7645fb92ce29512b9f0297/gnocchi.8ea693fb-3dd0-4d9a-8ca5-eb4c774ac25c/1763640000.0_mean_300.0_v3" 201 - "PUT http://[::1]:8080/v1/AUTH_71f03d698f7645fb92ce29512b9f0297/gnocchi.8ea693fb-3dd0-4d9a-8ca5-eb4c774ac25c/1763640000.0_mean_300.0_v3" "tx1d015fe3e36d4027bd763-00692e353b" "proxy-server 86829" 0.0176 "-" 94057 0
Dec 01 19:39:23 np0005541722.novalocal proxy-server[86829]: ::1 ::1 02/Dec/2025/00/39/23 PUT /v1/AUTH_71f03d698f7645fb92ce29512b9f0297/gnocchi.8ea693fb-3dd0-4d9a-8ca5-eb4c774ac25c/1763640000.0_mean_300.0_v3 HTTP/1.0 201 - python-swiftclient-4.2.0 gAAAAABpLjU42Jqt... 16 - - tx1d015fe3e36d4027bd763-00692e353b - 0.0306 - - 1764635963.313229561 1764635963.343785286 0
Dec 01 19:39:23 np0005541722.novalocal container-server[93750]: ::1 - - [02/Dec/2025:00:39:23 +0000] "PUT /2/84966/AUTH_71f03d698f7645fb92ce29512b9f0297/gnocchi.4b0c2bc8-9fed-4f94-9fb7-053e7995907c/1763640000.0_mean_300.0_v3" 201 - "PUT http://[::1]:8080/3/164821/AUTH_71f03d698f7645fb92ce29512b9f0297/gnocchi.4b0c2bc8-9fed-4f94-9fb7-053e7995907c/1763640000.0_mean_300.0_v3" "tx96d3aae0e1734768ad3e7-00692e353b" "object-server 94055" 0.0007 "-" 93750 0
Dec 01 19:39:23 np0005541722.novalocal object-server[94055]: ::1 - - [02/Dec/2025:00:39:23 +0000] "PUT /3/164821/AUTH_71f03d698f7645fb92ce29512b9f0297/gnocchi.4b0c2bc8-9fed-4f94-9fb7-053e7995907c/1763640000.0_mean_300.0_v3" 201 - "PUT http://[::1]:8080/v1/AUTH_71f03d698f7645fb92ce29512b9f0297/gnocchi.4b0c2bc8-9fed-4f94-9fb7-053e7995907c/1763640000.0_mean_300.0_v3" "tx96d3aae0e1734768ad3e7-00692e353b" "proxy-server 86829" 0.0123 "-" 94055 0
Dec 01 19:39:23 np0005541722.novalocal container-server[93750]: ::1 - - [02/Dec/2025:00:39:23 +0000] "PUT /3/84966/AUTH_71f03d698f7645fb92ce29512b9f0297/gnocchi.4b0c2bc8-9fed-4f94-9fb7-053e7995907c/1763640000.0_mean_300.0_v3" 201 - "PUT http://[::1]:8080/2/164821/AUTH_71f03d698f7645fb92ce29512b9f0297/gnocchi.4b0c2bc8-9fed-4f94-9fb7-053e7995907c/1763640000.0_mean_300.0_v3" "tx96d3aae0e1734768ad3e7-00692e353b" "object-server 94056" 0.0007 "-" 93750 0
Dec 01 19:39:23 np0005541722.novalocal object-server[94056]: ::1 - - [02/Dec/2025:00:39:23 +0000] "PUT /2/164821/AUTH_71f03d698f7645fb92ce29512b9f0297/gnocchi.4b0c2bc8-9fed-4f94-9fb7-053e7995907c/1763640000.0_mean_300.0_v3" 201 - "PUT http://[::1]:8080/v1/AUTH_71f03d698f7645fb92ce29512b9f0297/gnocchi.4b0c2bc8-9fed-4f94-9fb7-053e7995907c/1763640000.0_mean_300.0_v3" "tx96d3aae0e1734768ad3e7-00692e353b" "proxy-server 86829" 0.0126 "-" 94056 0
Dec 01 19:39:23 np0005541722.novalocal container-server[93751]: ::1 - - [02/Dec/2025:00:39:23 +0000] "PUT /1/84966/AUTH_71f03d698f7645fb92ce29512b9f0297/gnocchi.4b0c2bc8-9fed-4f94-9fb7-053e7995907c/1763640000.0_mean_300.0_v3" 201 - "PUT http://[::1]:8080/1/164821/AUTH_71f03d698f7645fb92ce29512b9f0297/gnocchi.4b0c2bc8-9fed-4f94-9fb7-053e7995907c/1763640000.0_mean_300.0_v3" "tx96d3aae0e1734768ad3e7-00692e353b" "object-server 94054" 0.0005 "-" 93751 0
Dec 01 19:39:23 np0005541722.novalocal object-server[94054]: ::1 - - [02/Dec/2025:00:39:23 +0000] "PUT /1/164821/AUTH_71f03d698f7645fb92ce29512b9f0297/gnocchi.4b0c2bc8-9fed-4f94-9fb7-053e7995907c/1763640000.0_mean_300.0_v3" 201 - "PUT http://[::1]:8080/v1/AUTH_71f03d698f7645fb92ce29512b9f0297/gnocchi.4b0c2bc8-9fed-4f94-9fb7-053e7995907c/1763640000.0_mean_300.0_v3" "tx96d3aae0e1734768ad3e7-00692e353b" "proxy-server 86829" 0.0228 "-" 94054 0
Dec 01 19:39:23 np0005541722.novalocal container-server[93751]: ::1 - - [02/Dec/2025:00:39:23 +0000] "PUT /3/191666/AUTH_71f03d698f7645fb92ce29512b9f0297/gnocchi.8ea693fb-3dd0-4d9a-8ca5-eb4c774ac25c/none_v3" 201 - "PUT http://[::1]:8080/1/22893/AUTH_71f03d698f7645fb92ce29512b9f0297/gnocchi.8ea693fb-3dd0-4d9a-8ca5-eb4c774ac25c/none_v3" "tx3da19117a93f457a911ca-00692e353b" "object-server 94056" 0.0004 "-" 93751 0
Dec 01 19:39:23 np0005541722.novalocal proxy-server[86829]: ::1 ::1 02/Dec/2025/00/39/23 PUT /v1/AUTH_71f03d698f7645fb92ce29512b9f0297/gnocchi.4b0c2bc8-9fed-4f94-9fb7-053e7995907c/1763640000.0_mean_300.0_v3 HTTP/1.0 201 - python-swiftclient-4.2.0 gAAAAABpLjUvHoCr... 16 - - tx96d3aae0e1734768ad3e7-00692e353b - 0.0321 - - 1764635963.329157114 1764635963.361212015 0
Dec 01 19:39:23 np0005541722.novalocal object-server[94056]: ::1 - - [02/Dec/2025:00:39:23 +0000] "PUT /1/22893/AUTH_71f03d698f7645fb92ce29512b9f0297/gnocchi.8ea693fb-3dd0-4d9a-8ca5-eb4c774ac25c/none_v3" 201 - "PUT http://[::1]:8080/v1/AUTH_71f03d698f7645fb92ce29512b9f0297/gnocchi.8ea693fb-3dd0-4d9a-8ca5-eb4c774ac25c/none_v3" "tx3da19117a93f457a911ca-00692e353b" "proxy-server 86829" 0.0087 "-" 94056 0
Dec 01 19:39:23 np0005541722.novalocal container-server[93751]: ::1 - - [02/Dec/2025:00:39:23 +0000] "PUT /1/191666/AUTH_71f03d698f7645fb92ce29512b9f0297/gnocchi.8ea693fb-3dd0-4d9a-8ca5-eb4c774ac25c/none_v3" 201 - "PUT http://[::1]:8080/2/22893/AUTH_71f03d698f7645fb92ce29512b9f0297/gnocchi.8ea693fb-3dd0-4d9a-8ca5-eb4c774ac25c/none_v3" "tx3da19117a93f457a911ca-00692e353b" "object-server 94055" 0.0003 "-" 93751 0
Dec 01 19:39:23 np0005541722.novalocal object-server[94055]: ::1 - - [02/Dec/2025:00:39:23 +0000] "PUT /2/22893/AUTH_71f03d698f7645fb92ce29512b9f0297/gnocchi.8ea693fb-3dd0-4d9a-8ca5-eb4c774ac25c/none_v3" 201 - "PUT http://[::1]:8080/v1/AUTH_71f03d698f7645fb92ce29512b9f0297/gnocchi.8ea693fb-3dd0-4d9a-8ca5-eb4c774ac25c/none_v3" "tx3da19117a93f457a911ca-00692e353b" "proxy-server 86829" 0.0093 "-" 94055 0
Dec 01 19:39:23 np0005541722.novalocal container-server[93750]: ::1 - - [02/Dec/2025:00:39:23 +0000] "PUT /2/191666/AUTH_71f03d698f7645fb92ce29512b9f0297/gnocchi.8ea693fb-3dd0-4d9a-8ca5-eb4c774ac25c/none_v3" 201 - "PUT http://[::1]:8080/3/22893/AUTH_71f03d698f7645fb92ce29512b9f0297/gnocchi.8ea693fb-3dd0-4d9a-8ca5-eb4c774ac25c/none_v3" "tx3da19117a93f457a911ca-00692e353b" "object-server 94057" 0.0005 "-" 93750 0
Dec 01 19:39:23 np0005541722.novalocal object-server[94057]: ::1 - - [02/Dec/2025:00:39:23 +0000] "PUT /3/22893/AUTH_71f03d698f7645fb92ce29512b9f0297/gnocchi.8ea693fb-3dd0-4d9a-8ca5-eb4c774ac25c/none_v3" 201 - "PUT http://[::1]:8080/v1/AUTH_71f03d698f7645fb92ce29512b9f0297/gnocchi.8ea693fb-3dd0-4d9a-8ca5-eb4c774ac25c/none_v3" "tx3da19117a93f457a911ca-00692e353b" "proxy-server 86829" 0.0141 "-" 94057 0
Dec 01 19:39:23 np0005541722.novalocal proxy-server[86829]: ::1 ::1 02/Dec/2025/00/39/23 PUT /v1/AUTH_71f03d698f7645fb92ce29512b9f0297/gnocchi.8ea693fb-3dd0-4d9a-8ca5-eb4c774ac25c/none_v3 HTTP/1.0 201 - python-swiftclient-4.2.0 gAAAAABpLjU42Jqt... 22 - - tx3da19117a93f457a911ca-00692e353b - 0.0218 - - 1764635963.347611666 1764635963.369405985 0
Dec 01 19:39:23 np0005541722.novalocal container-server[93751]: ::1 - - [02/Dec/2025:00:39:23 +0000] "PUT /1/84966/AUTH_71f03d698f7645fb92ce29512b9f0297/gnocchi.4b0c2bc8-9fed-4f94-9fb7-053e7995907c/none_v3" 201 - "PUT http://[::1]:8080/1/63680/AUTH_71f03d698f7645fb92ce29512b9f0297/gnocchi.4b0c2bc8-9fed-4f94-9fb7-053e7995907c/none_v3" "txc95e78e06d9f423fa55ce-00692e353b" "object-server 94055" 0.0004 "-" 93751 0
Dec 01 19:39:23 np0005541722.novalocal object-server[94055]: ::1 - - [02/Dec/2025:00:39:23 +0000] "PUT /1/63680/AUTH_71f03d698f7645fb92ce29512b9f0297/gnocchi.4b0c2bc8-9fed-4f94-9fb7-053e7995907c/none_v3" 201 - "PUT http://[::1]:8080/v1/AUTH_71f03d698f7645fb92ce29512b9f0297/gnocchi.4b0c2bc8-9fed-4f94-9fb7-053e7995907c/none_v3" "txc95e78e06d9f423fa55ce-00692e353b" "proxy-server 86829" 0.0202 "-" 94055 0
Dec 01 19:39:23 np0005541722.novalocal container-server[93750]: ::1 - - [02/Dec/2025:00:39:23 +0000] "PUT /3/84966/AUTH_71f03d698f7645fb92ce29512b9f0297/gnocchi.4b0c2bc8-9fed-4f94-9fb7-053e7995907c/none_v3" 201 - "PUT http://[::1]:8080/3/63680/AUTH_71f03d698f7645fb92ce29512b9f0297/gnocchi.4b0c2bc8-9fed-4f94-9fb7-053e7995907c/none_v3" "txc95e78e06d9f423fa55ce-00692e353b" "object-server 94055" 0.0005 "-" 93750 0
Dec 01 19:39:23 np0005541722.novalocal container-server[93751]: ::1 - - [02/Dec/2025:00:39:23 +0000] "PUT /2/84966/AUTH_71f03d698f7645fb92ce29512b9f0297/gnocchi.4b0c2bc8-9fed-4f94-9fb7-053e7995907c/none_v3" 201 - "PUT http://[::1]:8080/2/63680/AUTH_71f03d698f7645fb92ce29512b9f0297/gnocchi.4b0c2bc8-9fed-4f94-9fb7-053e7995907c/none_v3" "txc95e78e06d9f423fa55ce-00692e353b" "object-server 94057" 0.0003 "-" 93751 0
Dec 01 19:39:23 np0005541722.novalocal object-server[94055]: ::1 - - [02/Dec/2025:00:39:23 +0000] "PUT /3/63680/AUTH_71f03d698f7645fb92ce29512b9f0297/gnocchi.4b0c2bc8-9fed-4f94-9fb7-053e7995907c/none_v3" 201 - "PUT http://[::1]:8080/v1/AUTH_71f03d698f7645fb92ce29512b9f0297/gnocchi.4b0c2bc8-9fed-4f94-9fb7-053e7995907c/none_v3" "txc95e78e06d9f423fa55ce-00692e353b" "proxy-server 86829" 0.0201 "-" 94055 0
Dec 01 19:39:23 np0005541722.novalocal object-server[94057]: ::1 - - [02/Dec/2025:00:39:23 +0000] "PUT /2/63680/AUTH_71f03d698f7645fb92ce29512b9f0297/gnocchi.4b0c2bc8-9fed-4f94-9fb7-053e7995907c/none_v3" 201 - "PUT http://[::1]:8080/v1/AUTH_71f03d698f7645fb92ce29512b9f0297/gnocchi.4b0c2bc8-9fed-4f94-9fb7-053e7995907c/none_v3" "txc95e78e06d9f423fa55ce-00692e353b" "proxy-server 86829" 0.0224 "-" 94057 0
Dec 01 19:39:23 np0005541722.novalocal proxy-server[86829]: ::1 ::1 02/Dec/2025/00/39/23 PUT /v1/AUTH_71f03d698f7645fb92ce29512b9f0297/gnocchi.4b0c2bc8-9fed-4f94-9fb7-053e7995907c/none_v3 HTTP/1.0 201 - python-swiftclient-4.2.0 gAAAAABpLjUvHoCr... 22 - - txc95e78e06d9f423fa55ce-00692e353b - 0.0285 - - 1764635963.364246130 1764635963.392757177 0
Dec 01 19:39:23 np0005541722.novalocal container-server[93750]: ::1 - - [02/Dec/2025:00:39:23 +0000] "HEAD /1/49832/AUTH_71f03d698f7645fb92ce29512b9f0297/gnocchi.4dcd6754-a4ab-46f9-9363-f5278812f9fe" 404 - "HEAD http://[::1]:8080/v1/AUTH_71f03d698f7645fb92ce29512b9f0297/gnocchi.4dcd6754-a4ab-46f9-9363-f5278812f9fe?format=json&states=listing" "txcefd6577635942d2a4d60-00692e353b" "proxy-server 86829" 0.0003 "-" 93750 0
