Dec 01 19:40:16 np0005541722.novalocal container-server[93750]: ::1 - - [02/Dec/2025:00:40:16 +0000] "PUT /1/218035/AUTH_71f03d698f7645fb92ce29512b9f0297/gnocchi.e5527fa9-dce9-46b4-af0f-197f87cb8c4b/1763640000.0_mean_300.0_v3" 201 - "PUT http://[::1]:8080/3/141437/AUTH_71f03d698f7645fb92ce29512b9f0297/gnocchi.e5527fa9-dce9-46b4-af0f-197f87cb8c4b/1763640000.0_mean_300.0_v3" "tx35bfa391f4da451f992a0-00692e3570" "object-server 94055" 0.0006 "-" 93750 0
Dec 01 19:40:16 np0005541722.novalocal container-server[93752]: ::1 - - [02/Dec/2025:00:40:16 +0000] "PUT /2/218035/AUTH_71f03d698f7645fb92ce29512b9f0297/gnocchi.e5527fa9-dce9-46b4-af0f-197f87cb8c4b/1763640000.0_mean_300.0_v3" 201 - "PUT http://[::1]:8080/1/141437/AUTH_71f03d698f7645fb92ce29512b9f0297/gnocchi.e5527fa9-dce9-46b4-af0f-197f87cb8c4b/1763640000.0_mean_300.0_v3" "tx35bfa391f4da451f992a0-00692e3570" "object-server 94057" 0.0008 "-" 93752 0
Dec 01 19:40:16 np0005541722.novalocal object-server[94055]: ::1 - - [02/Dec/2025:00:40:16 +0000] "PUT /3/141437/AUTH_71f03d698f7645fb92ce29512b9f0297/gnocchi.e5527fa9-dce9-46b4-af0f-197f87cb8c4b/1763640000.0_mean_300.0_v3" 201 - "PUT http://[::1]:8080/v1/AUTH_71f03d698f7645fb92ce29512b9f0297/gnocchi.e5527fa9-dce9-46b4-af0f-197f87cb8c4b/1763640000.0_mean_300.0_v3" "tx35bfa391f4da451f992a0-00692e3570" "proxy-server 86829" 0.0140 "-" 94055 0
Dec 01 19:40:16 np0005541722.novalocal object-server[94057]: ::1 - - [02/Dec/2025:00:40:16 +0000] "PUT /1/141437/AUTH_71f03d698f7645fb92ce29512b9f0297/gnocchi.e5527fa9-dce9-46b4-af0f-197f87cb8c4b/1763640000.0_mean_300.0_v3" 201 - "PUT http://[::1]:8080/v1/AUTH_71f03d698f7645fb92ce29512b9f0297/gnocchi.e5527fa9-dce9-46b4-af0f-197f87cb8c4b/1763640000.0_mean_300.0_v3" "tx35bfa391f4da451f992a0-00692e3570" "proxy-server 86829" 0.0126 "-" 94057 0
Dec 01 19:40:16 np0005541722.novalocal container-server[93752]: ::1 - - [02/Dec/2025:00:40:16 +0000] "PUT /3/218035/AUTH_71f03d698f7645fb92ce29512b9f0297/gnocchi.e5527fa9-dce9-46b4-af0f-197f87cb8c4b/1763640000.0_mean_300.0_v3" 201 - "PUT http://[::1]:8080/2/141437/AUTH_71f03d698f7645fb92ce29512b9f0297/gnocchi.e5527fa9-dce9-46b4-af0f-197f87cb8c4b/1763640000.0_mean_300.0_v3" "tx35bfa391f4da451f992a0-00692e3570" "object-server 94057" 0.0005 "-" 93752 0
Dec 01 19:40:16 np0005541722.novalocal proxy-server[86829]: ::1 ::1 02/Dec/2025/00/40/16 PUT /v1/AUTH_71f03d698f7645fb92ce29512b9f0297/gnocchi.66588840-42e1-4fee-82e8-359a19706586/1763640000.0_mean_300.0_v3 HTTP/1.0 201 - python-swiftclient-4.2.0 gAAAAABpLjU42Jqt... 16 - - tx5748b588d2b84fb2b401e-00692e3570 - 0.0493 - - 1764636016.042335510 1764636016.091634989 0
Dec 01 19:40:16 np0005541722.novalocal object-server[94057]: ::1 - - [02/Dec/2025:00:40:16 +0000] "PUT /2/141437/AUTH_71f03d698f7645fb92ce29512b9f0297/gnocchi.e5527fa9-dce9-46b4-af0f-197f87cb8c4b/1763640000.0_mean_300.0_v3" 201 - "PUT http://[::1]:8080/v1/AUTH_71f03d698f7645fb92ce29512b9f0297/gnocchi.e5527fa9-dce9-46b4-af0f-197f87cb8c4b/1763640000.0_mean_300.0_v3" "tx35bfa391f4da451f992a0-00692e3570" "proxy-server 86829" 0.0161 "-" 94057 0
Dec 01 19:40:16 np0005541722.novalocal proxy-server[86829]: ::1 ::1 02/Dec/2025/00/40/16 PUT /v1/AUTH_71f03d698f7645fb92ce29512b9f0297/gnocchi.e5527fa9-dce9-46b4-af0f-197f87cb8c4b/1763640000.0_mean_300.0_v3 HTTP/1.0 201 - python-swiftclient-4.2.0 gAAAAABpLjUvHoCr... 16 - - tx35bfa391f4da451f992a0-00692e3570 - 0.0243 - - 1764636016.070015192 1764636016.094341040 0
Dec 01 19:40:16 np0005541722.novalocal container-server[93750]: ::1 - - [02/Dec/2025:00:40:16 +0000] "PUT /1/218035/AUTH_71f03d698f7645fb92ce29512b9f0297/gnocchi.e5527fa9-dce9-46b4-af0f-197f87cb8c4b/none_v3" 201 - "PUT http://[::1]:8080/1/128658/AUTH_71f03d698f7645fb92ce29512b9f0297/gnocchi.e5527fa9-dce9-46b4-af0f-197f87cb8c4b/none_v3" "txd99656a507a3417088ce4-00692e3570" "object-server 94056" 0.0006 "-" 93750 0
Dec 01 19:40:16 np0005541722.novalocal container-server[93751]: ::1 - - [02/Dec/2025:00:40:16 +0000] "PUT /3/218035/AUTH_71f03d698f7645fb92ce29512b9f0297/gnocchi.e5527fa9-dce9-46b4-af0f-197f87cb8c4b/none_v3" 201 - "PUT http://[::1]:8080/3/128658/AUTH_71f03d698f7645fb92ce29512b9f0297/gnocchi.e5527fa9-dce9-46b4-af0f-197f87cb8c4b/none_v3" "txd99656a507a3417088ce4-00692e3570" "object-server 94055" 0.0007 "-" 93751 0
Dec 01 19:40:16 np0005541722.novalocal object-server[94055]: ::1 - - [02/Dec/2025:00:40:16 +0000] "PUT /3/128658/AUTH_71f03d698f7645fb92ce29512b9f0297/gnocchi.e5527fa9-dce9-46b4-af0f-197f87cb8c4b/none_v3" 201 - "PUT http://[::1]:8080/v1/AUTH_71f03d698f7645fb92ce29512b9f0297/gnocchi.e5527fa9-dce9-46b4-af0f-197f87cb8c4b/none_v3" "txd99656a507a3417088ce4-00692e3570" "proxy-server 86829" 0.0226 "-" 94055 0
Dec 01 19:40:16 np0005541722.novalocal object-server[94056]: ::1 - - [02/Dec/2025:00:40:16 +0000] "PUT /1/128658/AUTH_71f03d698f7645fb92ce29512b9f0297/gnocchi.e5527fa9-dce9-46b4-af0f-197f87cb8c4b/none_v3" 201 - "PUT http://[::1]:8080/v1/AUTH_71f03d698f7645fb92ce29512b9f0297/gnocchi.e5527fa9-dce9-46b4-af0f-197f87cb8c4b/none_v3" "txd99656a507a3417088ce4-00692e3570" "proxy-server 86829" 0.0264 "-" 94056 0
Dec 01 19:40:16 np0005541722.novalocal container-server[93753]: ::1 - - [02/Dec/2025:00:40:16 +0000] "PUT /2/218035/AUTH_71f03d698f7645fb92ce29512b9f0297/gnocchi.e5527fa9-dce9-46b4-af0f-197f87cb8c4b/none_v3" 201 - "PUT http://[::1]:8080/2/128658/AUTH_71f03d698f7645fb92ce29512b9f0297/gnocchi.e5527fa9-dce9-46b4-af0f-197f87cb8c4b/none_v3" "txd99656a507a3417088ce4-00692e3570" "object-server 94057" 0.0012 "-" 93753 0
Dec 01 19:40:16 np0005541722.novalocal object-server[94057]: ::1 - - [02/Dec/2025:00:40:16 +0000] "PUT /2/128658/AUTH_71f03d698f7645fb92ce29512b9f0297/gnocchi.e5527fa9-dce9-46b4-af0f-197f87cb8c4b/none_v3" 201 - "PUT http://[::1]:8080/v1/AUTH_71f03d698f7645fb92ce29512b9f0297/gnocchi.e5527fa9-dce9-46b4-af0f-197f87cb8c4b/none_v3" "txd99656a507a3417088ce4-00692e3570" "proxy-server 86829" 0.0304 "-" 94057 0
Dec 01 19:40:16 np0005541722.novalocal proxy-server[86829]: ::1 ::1 02/Dec/2025/00/40/16 PUT /v1/AUTH_71f03d698f7645fb92ce29512b9f0297/gnocchi.e5527fa9-dce9-46b4-af0f-197f87cb8c4b/none_v3 HTTP/1.0 201 - python-swiftclient-4.2.0 gAAAAABpLjUvHoCr... 22 - - txd99656a507a3417088ce4-00692e3570 - 0.0423 - - 1764636016.097177505 1764636016.139510155 0
Dec 01 19:40:16 np0005541722.novalocal container-server[93751]: ::1 - - [02/Dec/2025:00:40:16 +0000] "PUT /2/185900/AUTH_71f03d698f7645fb92ce29512b9f0297/gnocchi.66588840-42e1-4fee-82e8-359a19706586/none_v3" 201 - "PUT http://[::1]:8080/1/4517/AUTH_71f03d698f7645fb92ce29512b9f0297/gnocchi.66588840-42e1-4fee-82e8-359a19706586/none_v3" "txc7a51ac2c3bf4f04aa2eb-00692e3570" "object-server 94055" 0.0007 "-" 93751 0
Dec 01 19:40:16 np0005541722.novalocal container-server[93752]: ::1 - - [02/Dec/2025:00:40:16 +0000] "PUT /3/185900/AUTH_71f03d698f7645fb92ce29512b9f0297/gnocchi.66588840-42e1-4fee-82e8-359a19706586/none_v3" 201 - "PUT http://[::1]:8080/2/4517/AUTH_71f03d698f7645fb92ce29512b9f0297/gnocchi.66588840-42e1-4fee-82e8-359a19706586/none_v3" "txc7a51ac2c3bf4f04aa2eb-00692e3570" "object-server 94056" 0.0007 "-" 93752 0
Dec 01 19:40:16 np0005541722.novalocal object-server[94055]: ::1 - - [02/Dec/2025:00:40:16 +0000] "PUT /1/4517/AUTH_71f03d698f7645fb92ce29512b9f0297/gnocchi.66588840-42e1-4fee-82e8-359a19706586/none_v3" 201 - "PUT http://[::1]:8080/v1/AUTH_71f03d698f7645fb92ce29512b9f0297/gnocchi.66588840-42e1-4fee-82e8-359a19706586/none_v3" "txc7a51ac2c3bf4f04aa2eb-00692e3570" "proxy-server 86829" 0.0267 "-" 94055 0
Dec 01 19:40:16 np0005541722.novalocal object-server[94056]: ::1 - - [02/Dec/2025:00:40:16 +0000] "PUT /2/4517/AUTH_71f03d698f7645fb92ce29512b9f0297/gnocchi.66588840-42e1-4fee-82e8-359a19706586/none_v3" 201 - "PUT http://[::1]:8080/v1/AUTH_71f03d698f7645fb92ce29512b9f0297/gnocchi.66588840-42e1-4fee-82e8-359a19706586/none_v3" "txc7a51ac2c3bf4f04aa2eb-00692e3570" "proxy-server 86829" 0.0267 "-" 94056 0
Dec 01 19:40:16 np0005541722.novalocal container-server[93753]: ::1 - - [02/Dec/2025:00:40:16 +0000] "PUT /1/185900/AUTH_71f03d698f7645fb92ce29512b9f0297/gnocchi.66588840-42e1-4fee-82e8-359a19706586/none_v3" 201 - "PUT http://[::1]:8080/3/4517/AUTH_71f03d698f7645fb92ce29512b9f0297/gnocchi.66588840-42e1-4fee-82e8-359a19706586/none_v3" "txc7a51ac2c3bf4f04aa2eb-00692e3570" "object-server 94055" 0.0006 "-" 93753 0
Dec 01 19:40:16 np0005541722.novalocal object-server[94055]: ::1 - - [02/Dec/2025:00:40:16 +0000] "PUT /3/4517/AUTH_71f03d698f7645fb92ce29512b9f0297/gnocchi.66588840-42e1-4fee-82e8-359a19706586/none_v3" 201 - "PUT http://[::1]:8080/v1/AUTH_71f03d698f7645fb92ce29512b9f0297/gnocchi.66588840-42e1-4fee-82e8-359a19706586/none_v3" "txc7a51ac2c3bf4f04aa2eb-00692e3570" "proxy-server 86829" 0.0308 "-" 94055 0
Dec 01 19:40:16 np0005541722.novalocal proxy-server[86829]: ::1 ::1 02/Dec/2025/00/40/16 PUT /v1/AUTH_71f03d698f7645fb92ce29512b9f0297/gnocchi.66588840-42e1-4fee-82e8-359a19706586/none_v3 HTTP/1.0 201 - python-swiftclient-4.2.0 gAAAAABpLjU42Jqt... 22 - - txc7a51ac2c3bf4f04aa2eb-00692e3570 - 0.0510 - - 1764636016.096677542 1764636016.147698164 0
Dec 01 19:40:16 np0005541722.novalocal container-server[93751]: ::1 - - [02/Dec/2025:00:40:16 +0000] "HEAD /2/213474/AUTH_71f03d698f7645fb92ce29512b9f0297/gnocchi.40bd5221-b449-4707-a830-a5d68273cfb3" 404 - "HEAD http://[::1]:8080/v1/AUTH_71f03d698f7645fb92ce29512b9f0297/gnocchi.40bd5221-b449-4707-a830-a5d68273cfb3?format=json&states=listing" "tx2a863d966e9843ba826d0-00692e3570" "proxy-server 86829" 0.0007 "-" 93751 0
Dec 01 19:40:16 np0005541722.novalocal container-server[93753]: ::1 - - [02/Dec/2025:00:40:16 +0000] "HEAD /3/213474/AUTH_71f03d698f7645fb92ce29512b9f0297/gnocchi.40bd5221-b449-4707-a830-a5d68273cfb3" 404 - "HEAD http://[::1]:8080/v1/AUTH_71f03d698f7645fb92ce29512b9f0297/gnocchi.40bd5221-b449-4707-a830-a5d68273cfb3?format=json&states=listing" "tx2a863d966e9843ba826d0-00692e3570" "proxy-server 86829" 0.0003 "-" 93753 0
Dec 01 19:40:16 np0005541722.novalocal container-server[93753]: ::1 - - [02/Dec/2025:00:40:16 +0000] "HEAD /1/213474/AUTH_71f03d698f7645fb92ce29512b9f0297/gnocchi.40bd5221-b449-4707-a830-a5d68273cfb3" 404 - "HEAD http://[::1]:8080/v1/AUTH_71f03d698f7645fb92ce29512b9f0297/gnocchi.40bd5221-b449-4707-a830-a5d68273cfb3?format=json&states=listing" "tx2a863d966e9843ba826d0-00692e3570" "proxy-server 86829" 0.0002 "-" 93753 0
Dec 01 19:40:16 np0005541722.novalocal object-server[94055]: ::1 - - [02/Dec/2025:00:40:16 +0000] "GET /2/42395/AUTH_71f03d698f7645fb92ce29512b9f0297/gnocchi.40bd5221-b449-4707-a830-a5d68273cfb3/none_v3" 404 70 "GET http://[::1]:8080/v1/AUTH_71f03d698f7645fb92ce29512b9f0297/gnocchi.40bd5221-b449-4707-a830-a5d68273cfb3/none_v3" "tx2a863d966e9843ba826d0-00692e3570" "proxy-server 86829" 0.0003 "-" 94055 0
Dec 01 19:40:16 np0005541722.novalocal object-server[94054]: ::1 - - [02/Dec/2025:00:40:16 +0000] "GET /3/42395/AUTH_71f03d698f7645fb92ce29512b9f0297/gnocchi.40bd5221-b449-4707-a830-a5d68273cfb3/none_v3" 404 70 "GET http://[::1]:8080/v1/AUTH_71f03d698f7645fb92ce29512b9f0297/gnocchi.40bd5221-b449-4707-a830-a5d68273cfb3/none_v3" "tx2a863d966e9843ba826d0-00692e3570" "proxy-server 86829" 0.0004 "-" 94054 0
Dec 01 19:40:16 np0005541722.novalocal object-server[94055]: ::1 - - [02/Dec/2025:00:40:16 +0000] "GET /1/42395/AUTH_71f03d698f7645fb92ce29512b9f0297/gnocchi.40bd5221-b449-4707-a830-a5d68273cfb3/none_v3" 404 70 "GET http://[::1]:8080/v1/AUTH_71f03d698f7645fb92ce29512b9f0297/gnocchi.40bd5221-b449-4707-a830-a5d68273cfb3/none_v3" "tx2a863d966e9843ba826d0-00692e3570" "proxy-server 86829" 0.0003 "-" 94055 0
Dec 01 19:40:16 np0005541722.novalocal proxy-server[86829]: ::1 ::1 02/Dec/2025/00/40/16 GET /v1/AUTH_71f03d698f7645fb92ce29512b9f0297/gnocchi.40bd5221-b449-4707-a830-a5d68273cfb3/none_v3 HTTP/1.0 404 - python-swiftclient-4.2.0 gAAAAABpLjU42Jqt... - 70 - tx2a863d966e9843ba826d0-00692e3570 - 0.0330 - - 1764636016.160647154 1764636016.193640947 0
Dec 01 19:40:16 np0005541722.novalocal container-server[93752]: ::1 - - [02/Dec/2025:00:40:16 +0000] "HEAD /2/249794/AUTH_71f03d698f7645fb92ce29512b9f0297/gnocchi.74f0a048-24d6-4981-8ee5-558448deeb9c" 404 - "HEAD http://[::1]:8080/v1/AUTH_71f03d698f7645fb92ce29512b9f0297/gnocchi.74f0a048-24d6-4981-8ee5-558448deeb9c?format=json&states=listing" "txb07409eb172847c6afecf-00692e3570" "proxy-server 86829" 0.0004 "-" 93752 0
Dec 01 19:40:16 np0005541722.novalocal account-server[93455]: ::1 - - [02/Dec/2025:00:40:16 +0000] "PUT /2/177703/AUTH_71f03d698f7645fb92ce29512b9f0297/gnocchi.40bd5221-b449-4707-a830-a5d68273cfb3" 201 - "PUT http://[::1]:6001/3/213474/AUTH_71f03d698f7645fb92ce29512b9f0297/gnocchi.40bd5221-b449-4707-a830-a5d68273cfb3" "tx3ab3dd563b9546498512a-00692e3570" "container-server 93750" 0.0066 "-" 93455 0
Dec 01 19:40:16 np0005541722.novalocal container-server[93753]: ::1 - - [02/Dec/2025:00:40:16 +0000] "HEAD /3/249794/AUTH_71f03d698f7645fb92ce29512b9f0297/gnocchi.74f0a048-24d6-4981-8ee5-558448deeb9c" 404 - "HEAD http://[::1]:8080/v1/AUTH_71f03d698f7645fb92ce29512b9f0297/gnocchi.74f0a048-24d6-4981-8ee5-558448deeb9c?format=json&states=listing" "txb07409eb172847c6afecf-00692e3570" "proxy-server 86829" 0.0003 "-" 93753 0
Dec 01 19:40:16 np0005541722.novalocal container-server[93750]: ::1 - - [02/Dec/2025:00:40:16 +0000] "PUT /3/213474/AUTH_71f03d698f7645fb92ce29512b9f0297/gnocchi.40bd5221-b449-4707-a830-a5d68273cfb3" 201 - "PUT http://[::1]:8080/v1/AUTH_71f03d698f7645fb92ce29512b9f0297/gnocchi.40bd5221-b449-4707-a830-a5d68273cfb3" "tx3ab3dd563b9546498512a-00692e3570" "proxy-server 86829" 0.0248 "-" 93750 0
Dec 01 19:40:16 np0005541722.novalocal container-server[93750]: ::1 - - [02/Dec/2025:00:40:16 +0000] "HEAD /1/249794/AUTH_71f03d698f7645fb92ce29512b9f0297/gnocchi.74f0a048-24d6-4981-8ee5-558448deeb9c" 404 - "HEAD http://[::1]:8080/v1/AUTH_71f03d698f7645fb92ce29512b9f0297/gnocchi.74f0a048-24d6-4981-8ee5-558448deeb9c?format=json&states=listing" "txb07409eb172847c6afecf-00692e3570" "proxy-server 86829" 0.0003 "-" 93750 0
Dec 01 19:40:16 np0005541722.novalocal account-server[93454]: ::1 - - [02/Dec/2025:00:40:16 +0000] "PUT /1/177703/AUTH_71f03d698f7645fb92ce29512b9f0297/gnocchi.40bd5221-b449-4707-a830-a5d68273cfb3" 201 - "PUT http://[::1]:6001/2/213474/AUTH_71f03d698f7645fb92ce29512b9f0297/gnocchi.40bd5221-b449-4707-a830-a5d68273cfb3" "tx3ab3dd563b9546498512a-00692e3570" "container-server 93752" 0.0063 "-" 93454 0
Dec 01 19:40:16 np0005541722.novalocal container-server[93752]: ::1 - - [02/Dec/2025:00:40:16 +0000] "PUT /2/213474/AUTH_71f03d698f7645fb92ce29512b9f0297/gnocchi.40bd5221-b449-4707-a830-a5d68273cfb3" 201 - "PUT http://[::1]:8080/v1/AUTH_71f03d698f7645fb92ce29512b9f0297/gnocchi.40bd5221-b449-4707-a830-a5d68273cfb3" "tx3ab3dd563b9546498512a-00692e3570" "proxy-server 86829" 0.0302 "-" 93752 0
Dec 01 19:40:16 np0005541722.novalocal object-server[94056]: ::1 - - [02/Dec/2025:00:40:16 +0000] "GET /1/77544/AUTH_71f03d698f7645fb92ce29512b9f0297/gnocchi.74f0a048-24d6-4981-8ee5-558448deeb9c/none_v3" 404 70 "GET http://[::1]:8080/v1/AUTH_71f03d698f7645fb92ce29512b9f0297/gnocchi.74f0a048-24d6-4981-8ee5-558448deeb9c/none_v3" "txb07409eb172847c6afecf-00692e3570" "proxy-server 86829" 0.0003 "-" 94056 0
Dec 01 19:40:16 np0005541722.novalocal account-server[93454]: ::1 - - [02/Dec/2025:00:40:16 +0000] "PUT /3/177703/AUTH_71f03d698f7645fb92ce29512b9f0297/gnocchi.40bd5221-b449-4707-a830-a5d68273cfb3" 201 - "PUT http://[::1]:6001/1/213474/AUTH_71f03d698f7645fb92ce29512b9f0297/gnocchi.40bd5221-b449-4707-a830-a5d68273cfb3" "tx3ab3dd563b9546498512a-00692e3570" "container-server 93752" 0.0033 "-" 93454 0
Dec 01 19:40:16 np0005541722.novalocal object-server[94056]: ::1 - - [02/Dec/2025:00:40:16 +0000] "GET /2/77544/AUTH_71f03d698f7645fb92ce29512b9f0297/gnocchi.74f0a048-24d6-4981-8ee5-558448deeb9c/none_v3" 404 70 "GET http://[::1]:8080/v1/AUTH_71f03d698f7645fb92ce29512b9f0297/gnocchi.74f0a048-24d6-4981-8ee5-558448deeb9c/none_v3" "txb07409eb172847c6afecf-00692e3570" "proxy-server 86829" 0.0001 "-" 94056 0
Dec 01 19:40:16 np0005541722.novalocal container-server[93752]: ::1 - - [02/Dec/2025:00:40:16 +0000] "PUT /1/213474/AUTH_71f03d698f7645fb92ce29512b9f0297/gnocchi.40bd5221-b449-4707-a830-a5d68273cfb3" 201 - "PUT http://[::1]:8080/v1/AUTH_71f03d698f7645fb92ce29512b9f0297/gnocchi.40bd5221-b449-4707-a830-a5d68273cfb3" "tx3ab3dd563b9546498512a-00692e3570" "proxy-server 86829" 0.0232 "-" 93752 0
Dec 01 19:40:16 np0005541722.novalocal proxy-server[86829]: ::1 ::1 02/Dec/2025/00/40/16 PUT /v1/AUTH_71f03d698f7645fb92ce29512b9f0297/gnocchi.40bd5221-b449-4707-a830-a5d68273cfb3 HTTP/1.0 201 - python-swiftclient-4.2.0 gAAAAABpLjU42Jqt... - - - tx3ab3dd563b9546498512a-00692e3570 - 0.0378 - - 1764636016.195794106 1764636016.233557463 0
Dec 01 19:40:16 np0005541722.novalocal object-server[94055]: ::1 - - [02/Dec/2025:00:40:16 +0000] "GET /3/77544/AUTH_71f03d698f7645fb92ce29512b9f0297/gnocchi.74f0a048-24d6-4981-8ee5-558448deeb9c/none_v3" 404 70 "GET http://[::1]:8080/v1/AUTH_71f03d698f7645fb92ce29512b9f0297/gnocchi.74f0a048-24d6-4981-8ee5-558448deeb9c/none_v3" "txb07409eb172847c6afecf-00692e3570" "proxy-server 86829" 0.0003 "-" 94055 0
Dec 01 19:40:16 np0005541722.novalocal proxy-server[86829]: ::1 ::1 02/Dec/2025/00/40/16 GET /v1/AUTH_71f03d698f7645fb92ce29512b9f0297/gnocchi.74f0a048-24d6-4981-8ee5-558448deeb9c/none_v3 HTTP/1.0 404 - python-swiftclient-4.2.0 gAAAAABpLjUvHoCr... - 70 - txb07409eb172847c6afecf-00692e3570 - 0.0346 - - 1764636016.203244686 1764636016.237798452 0
Dec 01 19:40:16 np0005541722.novalocal container-server[93751]: ::1 - - [02/Dec/2025:00:40:16 +0000] "HEAD /1/213474/AUTH_71f03d698f7645fb92ce29512b9f0297/gnocchi.40bd5221-b449-4707-a830-a5d68273cfb3" 204 - "HEAD http://[::1]:8080/v1/AUTH_71f03d698f7645fb92ce29512b9f0297/gnocchi.40bd5221-b449-4707-a830-a5d68273cfb3?format=json&states=listing" "tx3c53fea9172144cca7158-00692e3570" "proxy-server 86829" 0.0012 "-" 93751 0
Dec 01 19:40:16 np0005541722.novalocal container-server[93753]: ::1 - - [02/Dec/2025:00:40:16 +0000] "GET /3/213474/AUTH_71f03d698f7645fb92ce29512b9f0297/gnocchi.40bd5221-b449-4707-a830-a5d68273cfb3" 200 2 "GET http://[::1]:8080/v1/AUTH_71f03d698f7645fb92ce29512b9f0297/gnocchi.40bd5221-b449-4707-a830-a5d68273cfb3?format=json&states=listing" "tx3c53fea9172144cca7158-00692e3570" "proxy-server 86829" 0.0019 "-" 93753 0
Dec 01 19:40:16 np0005541722.novalocal proxy-server[86829]: ::1 ::1 02/Dec/2025/00/40/16 GET /v1/AUTH_71f03d698f7645fb92ce29512b9f0297/gnocchi.40bd5221-b449-4707-a830-a5d68273cfb3%3Fformat%3Djson%26states%3Dlisting HTTP/1.0 200 - python-swiftclient-4.2.0 gAAAAABpLjU42Jqt... - 2 - tx3c53fea9172144cca7158-00692e3570 - 0.0139 - - 1764636016.236335516 1764636016.250283003 0
Dec 01 19:40:16 np0005541722.novalocal object-server[94056]: ::1 - - [02/Dec/2025:00:40:16 +0000] "GET /2/214063/AUTH_71f03d698f7645fb92ce29512b9f0297/gnocchi.40bd5221-b449-4707-a830-a5d68273cfb3/1763640000.0_mean_300.0_v3" 404 70 "GET http://[::1]:8080/v1/AUTH_71f03d698f7645fb92ce29512b9f0297/gnocchi.40bd5221-b449-4707-a830-a5d68273cfb3/1763640000.0_mean_300.0_v3" "txcbe4f51e8c51442a8ccbc-00692e3570" "proxy-server 86829" 0.0003 "-" 94056 0
Dec 01 19:40:16 np0005541722.novalocal object-server[94054]: ::1 - - [02/Dec/2025:00:40:16 +0000] "GET /3/214063/AUTH_71f03d698f7645fb92ce29512b9f0297/gnocchi.40bd5221-b449-4707-a830-a5d68273cfb3/1763640000.0_mean_300.0_v3" 404 70 "GET http://[::1]:8080/v1/AUTH_71f03d698f7645fb92ce29512b9f0297/gnocchi.40bd5221-b449-4707-a830-a5d68273cfb3/1763640000.0_mean_300.0_v3" "txcbe4f51e8c51442a8ccbc-00692e3570" "proxy-server 86829" 0.0003 "-" 94054 0
Dec 01 19:40:16 np0005541722.novalocal object-server[94054]: ::1 - - [02/Dec/2025:00:40:16 +0000] "GET /1/214063/AUTH_71f03d698f7645fb92ce29512b9f0297/gnocchi.40bd5221-b449-4707-a830-a5d68273cfb3/1763640000.0_mean_300.0_v3" 404 70 "GET http://[::1]:8080/v1/AUTH_71f03d698f7645fb92ce29512b9f0297/gnocchi.40bd5221-b449-4707-a830-a5d68273cfb3/1763640000.0_mean_300.0_v3" "txcbe4f51e8c51442a8ccbc-00692e3570" "proxy-server 86829" 0.0002 "-" 94054 0
Dec 01 19:40:16 np0005541722.novalocal proxy-server[86829]: ::1 ::1 02/Dec/2025/00/40/16 GET /v1/AUTH_71f03d698f7645fb92ce29512b9f0297/gnocchi.40bd5221-b449-4707-a830-a5d68273cfb3/1763640000.0_mean_300.0_v3 HTTP/1.0 404 - python-swiftclient-4.2.0 gAAAAABpLjU42Jqt... - 70 - txcbe4f51e8c51442a8ccbc-00692e3570 - 0.0087 - - 1764636016.253010273 1764636016.261693716 0
Dec 01 19:40:16 np0005541722.novalocal account-server[93455]: ::1 - - [02/Dec/2025:00:40:16 +0000] "PUT /3/177703/AUTH_71f03d698f7645fb92ce29512b9f0297/gnocchi.74f0a048-24d6-4981-8ee5-558448deeb9c" 201 - "PUT http://[::1]:6001/3/249794/AUTH_71f03d698f7645fb92ce29512b9f0297/gnocchi.74f0a048-24d6-4981-8ee5-558448deeb9c" "txd8a1bc6df33340179d302-00692e3570" "container-server 93752" 0.0136 "-" 93455 0
Dec 01 19:40:16 np0005541722.novalocal account-server[93455]: ::1 - - [02/Dec/2025:00:40:16 +0000] "PUT /1/177703/AUTH_71f03d698f7645fb92ce29512b9f0297/gnocchi.74f0a048-24d6-4981-8ee5-558448deeb9c" 201 - "PUT http://[::1]:6001/1/249794/AUTH_71f03d698f7645fb92ce29512b9f0297/gnocchi.74f0a048-24d6-4981-8ee5-558448deeb9c" "txd8a1bc6df33340179d302-00692e3570" "container-server 93753" 0.0096 "-" 93455 0
Dec 01 19:40:16 np0005541722.novalocal container-server[93752]: ::1 - - [02/Dec/2025:00:40:16 +0000] "PUT /3/249794/AUTH_71f03d698f7645fb92ce29512b9f0297/gnocchi.74f0a048-24d6-4981-8ee5-558448deeb9c" 201 - "PUT http://[::1]:8080/v1/AUTH_71f03d698f7645fb92ce29512b9f0297/gnocchi.74f0a048-24d6-4981-8ee5-558448deeb9c" "txd8a1bc6df33340179d302-00692e3570" "proxy-server 86829" 0.0330 "-" 93752 0
Dec 01 19:40:16 np0005541722.novalocal container-server[93753]: ::1 - - [02/Dec/2025:00:40:16 +0000] "PUT /1/249794/AUTH_71f03d698f7645fb92ce29512b9f0297/gnocchi.74f0a048-24d6-4981-8ee5-558448deeb9c" 201 - "PUT http://[::1]:8080/v1/AUTH_71f03d698f7645fb92ce29512b9f0297/gnocchi.74f0a048-24d6-4981-8ee5-558448deeb9c" "txd8a1bc6df33340179d302-00692e3570" "proxy-server 86829" 0.0314 "-" 93753 0
Dec 01 19:40:16 np0005541722.novalocal container-server[93753]: ::1 - - [02/Dec/2025:00:40:16 +0000] "PUT /2/213474/AUTH_71f03d698f7645fb92ce29512b9f0297/gnocchi.40bd5221-b449-4707-a830-a5d68273cfb3/1763640000.0_mean_300.0_v3" 201 - "PUT http://[::1]:8080/1/214063/AUTH_71f03d698f7645fb92ce29512b9f0297/gnocchi.40bd5221-b449-4707-a830-a5d68273cfb3/1763640000.0_mean_300.0_v3" "txe561218962eb46deaffcc-00692e3570" "object-server 94056" 0.0005 "-" 93753 0
Dec 01 19:40:16 np0005541722.novalocal container-server[93750]: ::1 - - [02/Dec/2025:00:40:16 +0000] "PUT /1/213474/AUTH_71f03d698f7645fb92ce29512b9f0297/gnocchi.40bd5221-b449-4707-a830-a5d68273cfb3/1763640000.0_mean_300.0_v3" 201 - "PUT http://[::1]:8080/3/214063/AUTH_71f03d698f7645fb92ce29512b9f0297/gnocchi.40bd5221-b449-4707-a830-a5d68273cfb3/1763640000.0_mean_300.0_v3" "txe561218962eb46deaffcc-00692e3570" "object-server 94055" 0.0005 "-" 93750 0
Dec 01 19:40:16 np0005541722.novalocal object-server[94056]: ::1 - - [02/Dec/2025:00:40:16 +0000] "PUT /1/214063/AUTH_71f03d698f7645fb92ce29512b9f0297/gnocchi.40bd5221-b449-4707-a830-a5d68273cfb3/1763640000.0_mean_300.0_v3" 201 - "PUT http://[::1]:8080/v1/AUTH_71f03d698f7645fb92ce29512b9f0297/gnocchi.40bd5221-b449-4707-a830-a5d68273cfb3/1763640000.0_mean_300.0_v3" "txe561218962eb46deaffcc-00692e3570" "proxy-server 86829" 0.0169 "-" 94056 0
Dec 01 19:40:16 np0005541722.novalocal object-server[94055]: ::1 - - [02/Dec/2025:00:40:16 +0000] "PUT /3/214063/AUTH_71f03d698f7645fb92ce29512b9f0297/gnocchi.40bd5221-b449-4707-a830-a5d68273cfb3/1763640000.0_mean_300.0_v3" 201 - "PUT http://[::1]:8080/v1/AUTH_71f03d698f7645fb92ce29512b9f0297/gnocchi.40bd5221-b449-4707-a830-a5d68273cfb3/1763640000.0_mean_300.0_v3" "txe561218962eb46deaffcc-00692e3570" "proxy-server 86829" 0.0199 "-" 94055 0
Dec 01 19:40:16 np0005541722.novalocal container-server[93753]: ::1 - - [02/Dec/2025:00:40:16 +0000] "PUT /3/213474/AUTH_71f03d698f7645fb92ce29512b9f0297/gnocchi.40bd5221-b449-4707-a830-a5d68273cfb3/1763640000.0_mean_300.0_v3" 201 - "PUT http://[::1]:8080/2/214063/AUTH_71f03d698f7645fb92ce29512b9f0297/gnocchi.40bd5221-b449-4707-a830-a5d68273cfb3/1763640000.0_mean_300.0_v3" "txe561218962eb46deaffcc-00692e3570" "object-server 94055" 0.0006 "-" 93753 0
Dec 01 19:40:16 np0005541722.novalocal object-server[94055]: ::1 - - [02/Dec/2025:00:40:16 +0000] "PUT /2/214063/AUTH_71f03d698f7645fb92ce29512b9f0297/gnocchi.40bd5221-b449-4707-a830-a5d68273cfb3/1763640000.0_mean_300.0_v3" 201 - "PUT http://[::1]:8080/v1/AUTH_71f03d698f7645fb92ce29512b9f0297/gnocchi.40bd5221-b449-4707-a830-a5d68273cfb3/1763640000.0_mean_300.0_v3" "txe561218962eb46deaffcc-00692e3570" "proxy-server 86829" 0.0186 "-" 94055 0
Dec 01 19:40:16 np0005541722.novalocal proxy-server[86829]: ::1 ::1 02/Dec/2025/00/40/16 PUT /v1/AUTH_71f03d698f7645fb92ce29512b9f0297/gnocchi.40bd5221-b449-4707-a830-a5d68273cfb3/1763640000.0_mean_300.0_v3 HTTP/1.0 201 - python-swiftclient-4.2.0 gAAAAABpLjU42Jqt... 16 - - txe561218962eb46deaffcc-00692e3570 - 0.0282 - - 1764636016.263923645 1764636016.292168617 0
Dec 01 19:40:16 np0005541722.novalocal account-server[93454]: ::1 - - [02/Dec/2025:00:40:16 +0000] "PUT /2/177703/AUTH_71f03d698f7645fb92ce29512b9f0297/gnocchi.74f0a048-24d6-4981-8ee5-558448deeb9c" 201 - "PUT http://[::1]:6001/2/249794/AUTH_71f03d698f7645fb92ce29512b9f0297/gnocchi.74f0a048-24d6-4981-8ee5-558448deeb9c" "txd8a1bc6df33340179d302-00692e3570" "container-server 93752" 0.0119 "-" 93454 0
Dec 01 19:40:16 np0005541722.novalocal container-server[93752]: ::1 - - [02/Dec/2025:00:40:16 +0000] "PUT /2/249794/AUTH_71f03d698f7645fb92ce29512b9f0297/gnocchi.74f0a048-24d6-4981-8ee5-558448deeb9c" 201 - "PUT http://[::1]:8080/v1/AUTH_71f03d698f7645fb92ce29512b9f0297/gnocchi.74f0a048-24d6-4981-8ee5-558448deeb9c" "txd8a1bc6df33340179d302-00692e3570" "proxy-server 86829" 0.0390 "-" 93752 0
Dec 01 19:40:16 np0005541722.novalocal proxy-server[86829]: ::1 ::1 02/Dec/2025/00/40/16 PUT /v1/AUTH_71f03d698f7645fb92ce29512b9f0297/gnocchi.74f0a048-24d6-4981-8ee5-558448deeb9c HTTP/1.0 201 - python-swiftclient-4.2.0 gAAAAABpLjUvHoCr... - - - txd8a1bc6df33340179d302-00692e3570 - 0.0615 - - 1764636016.241771698 1764636016.303239822 0
Dec 01 19:40:16 np0005541722.novalocal container-server[93751]: ::1 - - [02/Dec/2025:00:40:16 +0000] "HEAD /2/249794/AUTH_71f03d698f7645fb92ce29512b9f0297/gnocchi.74f0a048-24d6-4981-8ee5-558448deeb9c" 204 - "HEAD http://[::1]:8080/v1/AUTH_71f03d698f7645fb92ce29512b9f0297/gnocchi.74f0a048-24d6-4981-8ee5-558448deeb9c?format=json&states=listing" "txded43adefbd34b54b55a7-00692e3570" "proxy-server 86829" 0.0012 "-" 93751 0
Dec 01 19:40:16 np0005541722.novalocal container-server[93753]: ::1 - - [02/Dec/2025:00:40:16 +0000] "GET /1/249794/AUTH_71f03d698f7645fb92ce29512b9f0297/gnocchi.74f0a048-24d6-4981-8ee5-558448deeb9c" 200 2 "GET http://[::1]:8080/v1/AUTH_71f03d698f7645fb92ce29512b9f0297/gnocchi.74f0a048-24d6-4981-8ee5-558448deeb9c?format=json&states=listing" "txded43adefbd34b54b55a7-00692e3570" "proxy-server 86829" 0.0024 "-" 93753 0
Dec 01 19:40:16 np0005541722.novalocal proxy-server[86829]: ::1 ::1 02/Dec/2025/00/40/16 GET /v1/AUTH_71f03d698f7645fb92ce29512b9f0297/gnocchi.74f0a048-24d6-4981-8ee5-558448deeb9c%3Fformat%3Djson%26states%3Dlisting HTTP/1.0 200 - python-swiftclient-4.2.0 gAAAAABpLjUvHoCr... - 2 - txded43adefbd34b54b55a7-00692e3570 - 0.0127 - - 1764636016.306376696 1764636016.319042444 0
Dec 01 19:40:16 np0005541722.novalocal container-server[93750]: ::1 - - [02/Dec/2025:00:40:16 +0000] "PUT /2/213474/AUTH_71f03d698f7645fb92ce29512b9f0297/gnocchi.40bd5221-b449-4707-a830-a5d68273cfb3/none_v3" 201 - "PUT http://[::1]:8080/3/42395/AUTH_71f03d698f7645fb92ce29512b9f0297/gnocchi.40bd5221-b449-4707-a830-a5d68273cfb3/none_v3" "txb4d3db525e504bcfbf4cb-00692e3570" "object-server 94055" 0.0005 "-" 93750 0
Dec 01 19:40:16 np0005541722.novalocal container-server[93752]: ::1 - - [02/Dec/2025:00:40:16 +0000] "PUT /1/213474/AUTH_71f03d698f7645fb92ce29512b9f0297/gnocchi.40bd5221-b449-4707-a830-a5d68273cfb3/none_v3" 201 - "PUT http://[::1]:8080/2/42395/AUTH_71f03d698f7645fb92ce29512b9f0297/gnocchi.40bd5221-b449-4707-a830-a5d68273cfb3/none_v3" "txb4d3db525e504bcfbf4cb-00692e3570" "object-server 94054" 0.0006 "-" 93752 0
Dec 01 19:40:16 np0005541722.novalocal container-server[93750]: ::1 - - [02/Dec/2025:00:40:16 +0000] "PUT /3/213474/AUTH_71f03d698f7645fb92ce29512b9f0297/gnocchi.40bd5221-b449-4707-a830-a5d68273cfb3/none_v3" 201 - "PUT http://[::1]:8080/1/42395/AUTH_71f03d698f7645fb92ce29512b9f0297/gnocchi.40bd5221-b449-4707-a830-a5d68273cfb3/none_v3" "txb4d3db525e504bcfbf4cb-00692e3570" "object-server 94055" 0.0003 "-" 93750 0
Dec 01 19:40:16 np0005541722.novalocal object-server[94055]: ::1 - - [02/Dec/2025:00:40:16 +0000] "PUT /3/42395/AUTH_71f03d698f7645fb92ce29512b9f0297/gnocchi.40bd5221-b449-4707-a830-a5d68273cfb3/none_v3" 201 - "PUT http://[::1]:8080/v1/AUTH_71f03d698f7645fb92ce29512b9f0297/gnocchi.40bd5221-b449-4707-a830-a5d68273cfb3/none_v3" "txb4d3db525e504bcfbf4cb-00692e3570" "proxy-server 86829" 0.0183 "-" 94055 0
Dec 01 19:40:16 np0005541722.novalocal object-server[94055]: ::1 - - [02/Dec/2025:00:40:16 +0000] "PUT /1/42395/AUTH_71f03d698f7645fb92ce29512b9f0297/gnocchi.40bd5221-b449-4707-a830-a5d68273cfb3/none_v3" 201 - "PUT http://[::1]:8080/v1/AUTH_71f03d698f7645fb92ce29512b9f0297/gnocchi.40bd5221-b449-4707-a830-a5d68273cfb3/none_v3" "txb4d3db525e504bcfbf4cb-00692e3570" "proxy-server 86829" 0.0160 "-" 94055 0
Dec 01 19:40:16 np0005541722.novalocal object-server[94054]: ::1 - - [02/Dec/2025:00:40:16 +0000] "PUT /2/42395/AUTH_71f03d698f7645fb92ce29512b9f0297/gnocchi.40bd5221-b449-4707-a830-a5d68273cfb3/none_v3" 201 - "PUT http://[::1]:8080/v1/AUTH_71f03d698f7645fb92ce29512b9f0297/gnocchi.40bd5221-b449-4707-a830-a5d68273cfb3/none_v3" "txb4d3db525e504bcfbf4cb-00692e3570" "proxy-server 86829" 0.0210 "-" 94054 0
Dec 01 19:40:16 np0005541722.novalocal proxy-server[86829]: ::1 ::1 02/Dec/2025/00/40/16 PUT /v1/AUTH_71f03d698f7645fb92ce29512b9f0297/gnocchi.40bd5221-b449-4707-a830-a5d68273cfb3/none_v3 HTTP/1.0 201 - python-swiftclient-4.2.0 gAAAAABpLjU42Jqt... 22 - - txb4d3db525e504bcfbf4cb-00692e3570 - 0.0334 - - 1764636016.294773102 1764636016.328167677 0
Dec 01 19:40:16 np0005541722.novalocal object-server[94057]: ::1 - - [02/Dec/2025:00:40:16 +0000] "GET /1/35094/AUTH_71f03d698f7645fb92ce29512b9f0297/gnocchi.74f0a048-24d6-4981-8ee5-558448deeb9c/1763640000.0_mean_300.0_v3" 404 70 "GET http://[::1]:8080/v1/AUTH_71f03d698f7645fb92ce29512b9f0297/gnocchi.74f0a048-24d6-4981-8ee5-558448deeb9c/1763640000.0_mean_300.0_v3" "tx6c09a51f5f4e49afa8374-00692e3570" "proxy-server 86829" 0.0003 "-" 94057 0
Dec 01 19:40:16 np0005541722.novalocal object-server[94056]: ::1 - - [02/Dec/2025:00:40:16 +0000] "GET /3/35094/AUTH_71f03d698f7645fb92ce29512b9f0297/gnocchi.74f0a048-24d6-4981-8ee5-558448deeb9c/1763640000.0_mean_300.0_v3" 404 70 "GET http://[::1]:8080/v1/AUTH_71f03d698f7645fb92ce29512b9f0297/gnocchi.74f0a048-24d6-4981-8ee5-558448deeb9c/1763640000.0_mean_300.0_v3" "tx6c09a51f5f4e49afa8374-00692e3570" "proxy-server 86829" 0.0003 "-" 94056 0
Dec 01 19:40:16 np0005541722.novalocal container-server[93751]: ::1 - - [02/Dec/2025:00:40:16 +0000] "HEAD /2/114145/AUTH_71f03d698f7645fb92ce29512b9f0297/gnocchi.cdd73ff3-ad00-4268-a086-449a99de3fff" 404 - "HEAD http://[::1]:8080/v1/AUTH_71f03d698f7645fb92ce29512b9f0297/gnocchi.cdd73ff3-ad00-4268-a086-449a99de3fff?format=json&states=listing" "txb45dcdf84bbd4e588d5af-00692e3570" "proxy-server 86829" 0.0003 "-" 93751 0
Dec 01 19:40:16 np0005541722.novalocal container-server[93750]: ::1 - - [02/Dec/2025:00:40:16 +0000] "HEAD /1/114145/AUTH_71f03d698f7645fb92ce29512b9f0297/gnocchi.cdd73ff3-ad00-4268-a086-449a99de3fff" 404 - "HEAD http://[::1]:8080/v1/AUTH_71f03d698f7645fb92ce29512b9f0297/gnocchi.cdd73ff3-ad00-4268-a086-449a99de3fff?format=json&states=listing" "txb45dcdf84bbd4e588d5af-00692e3570" "proxy-server 86829" 0.0003 "-" 93750 0
Dec 01 19:40:16 np0005541722.novalocal object-server[94055]: ::1 - - [02/Dec/2025:00:40:16 +0000] "GET /2/35094/AUTH_71f03d698f7645fb92ce29512b9f0297/gnocchi.74f0a048-24d6-4981-8ee5-558448deeb9c/1763640000.0_mean_300.0_v3" 404 70 "GET http://[::1]:8080/v1/AUTH_71f03d698f7645fb92ce29512b9f0297/gnocchi.74f0a048-24d6-4981-8ee5-558448deeb9c/1763640000.0_mean_300.0_v3" "tx6c09a51f5f4e49afa8374-00692e3570" "proxy-server 86829" 0.0003 "-" 94055 0
Dec 01 19:40:16 np0005541722.novalocal proxy-server[86829]: ::1 ::1 02/Dec/2025/00/40/16 GET /v1/AUTH_71f03d698f7645fb92ce29512b9f0297/gnocchi.74f0a048-24d6-4981-8ee5-558448deeb9c/1763640000.0_mean_300.0_v3 HTTP/1.0 404 - python-swiftclient-4.2.0 gAAAAABpLjUvHoCr... - 70 - tx6c09a51f5f4e49afa8374-00692e3570 - 0.0182 - - 1764636016.325389862 1764636016.343636036 0
Dec 01 19:40:16 np0005541722.novalocal container-server[93750]: ::1 - - [02/Dec/2025:00:40:16 +0000] "HEAD /3/114145/AUTH_71f03d698f7645fb92ce29512b9f0297/gnocchi.cdd73ff3-ad00-4268-a086-449a99de3fff" 404 - "HEAD http://[::1]:8080/v1/AUTH_71f03d698f7645fb92ce29512b9f0297/gnocchi.cdd73ff3-ad00-4268-a086-449a99de3fff?format=json&states=listing" "txb45dcdf84bbd4e588d5af-00692e3570" "proxy-server 86829" 0.0002 "-" 93750 0
Dec 01 19:40:16 np0005541722.novalocal object-server[94056]: ::1 - - [02/Dec/2025:00:40:16 +0000] "GET /2/11312/AUTH_71f03d698f7645fb92ce29512b9f0297/gnocchi.cdd73ff3-ad00-4268-a086-449a99de3fff/none_v3" 404 70 "GET http://[::1]:8080/v1/AUTH_71f03d698f7645fb92ce29512b9f0297/gnocchi.cdd73ff3-ad00-4268-a086-449a99de3fff/none_v3" "txb45dcdf84bbd4e588d5af-00692e3570" "proxy-server 86829" 0.0003 "-" 94056 0
Dec 01 19:40:16 np0005541722.novalocal object-server[94055]: ::1 - - [02/Dec/2025:00:40:16 +0000] "GET /1/11312/AUTH_71f03d698f7645fb92ce29512b9f0297/gnocchi.cdd73ff3-ad00-4268-a086-449a99de3fff/none_v3" 404 70 "GET http://[::1]:8080/v1/AUTH_71f03d698f7645fb92ce29512b9f0297/gnocchi.cdd73ff3-ad00-4268-a086-449a99de3fff/none_v3" "txb45dcdf84bbd4e588d5af-00692e3570" "proxy-server 86829" 0.0003 "-" 94055 0
Dec 01 19:40:16 np0005541722.novalocal object-server[94054]: ::1 - - [02/Dec/2025:00:40:16 +0000] "GET /3/11312/AUTH_71f03d698f7645fb92ce29512b9f0297/gnocchi.cdd73ff3-ad00-4268-a086-449a99de3fff/none_v3" 404 70 "GET http://[::1]:8080/v1/AUTH_71f03d698f7645fb92ce29512b9f0297/gnocchi.cdd73ff3-ad00-4268-a086-449a99de3fff/none_v3" "txb45dcdf84bbd4e588d5af-00692e3570" "proxy-server 86829" 0.0003 "-" 94054 0
Dec 01 19:40:16 np0005541722.novalocal proxy-server[86829]: ::1 ::1 02/Dec/2025/00/40/16 GET /v1/AUTH_71f03d698f7645fb92ce29512b9f0297/gnocchi.cdd73ff3-ad00-4268-a086-449a99de3fff/none_v3 HTTP/1.0 404 - python-swiftclient-4.2.0 gAAAAABpLjU42Jqt... - 70 - txb45dcdf84bbd4e588d5af-00692e3570 - 0.0224 - - 1764636016.336270809 1764636016.358644247 0
Dec 01 19:40:16 np0005541722.novalocal container-server[93751]: ::1 - - [02/Dec/2025:00:40:16 +0000] "PUT /3/249794/AUTH_71f03d698f7645fb92ce29512b9f0297/gnocchi.74f0a048-24d6-4981-8ee5-558448deeb9c/1763640000.0_mean_300.0_v3" 201 - "PUT http://[::1]:8080/3/35094/AUTH_71f03d698f7645fb92ce29512b9f0297/gnocchi.74f0a048-24d6-4981-8ee5-558448deeb9c/1763640000.0_mean_300.0_v3" "tx0e2624be2a1340d7b7d61-00692e3570" "object-server 94054" 0.0006 "-" 93751 0
Dec 01 19:40:16 np0005541722.novalocal object-server[94054]: ::1 - - [02/Dec/2025:00:40:16 +0000] "PUT /3/35094/AUTH_71f03d698f7645fb92ce29512b9f0297/gnocchi.74f0a048-24d6-4981-8ee5-558448deeb9c/1763640000.0_mean_300.0_v3" 201 - "PUT http://[::1]:8080/v1/AUTH_71f03d698f7645fb92ce29512b9f0297/gnocchi.74f0a048-24d6-4981-8ee5-558448deeb9c/1763640000.0_mean_300.0_v3" "tx0e2624be2a1340d7b7d61-00692e3570" "proxy-server 86829" 0.0467 "-" 94054 0
Dec 01 19:40:16 np0005541722.novalocal container-server[93752]: ::1 - - [02/Dec/2025:00:40:16 +0000] "PUT /2/249794/AUTH_71f03d698f7645fb92ce29512b9f0297/gnocchi.74f0a048-24d6-4981-8ee5-558448deeb9c/1763640000.0_mean_300.0_v3" 201 - "PUT http://[::1]:8080/2/35094/AUTH_71f03d698f7645fb92ce29512b9f0297/gnocchi.74f0a048-24d6-4981-8ee5-558448deeb9c/1763640000.0_mean_300.0_v3" "tx0e2624be2a1340d7b7d61-00692e3570" "object-server 94054" 0.0013 "-" 93752 0
Dec 01 19:40:16 np0005541722.novalocal object-server[94054]: ::1 - - [02/Dec/2025:00:40:16 +0000] "PUT /2/35094/AUTH_71f03d698f7645fb92ce29512b9f0297/gnocchi.74f0a048-24d6-4981-8ee5-558448deeb9c/1763640000.0_mean_300.0_v3" 201 - "PUT http://[::1]:8080/v1/AUTH_71f03d698f7645fb92ce29512b9f0297/gnocchi.74f0a048-24d6-4981-8ee5-558448deeb9c/1763640000.0_mean_300.0_v3" "tx0e2624be2a1340d7b7d61-00692e3570" "proxy-server 86829" 0.0511 "-" 94054 0
Dec 01 19:40:16 np0005541722.novalocal account-server[93453]: ::1 - - [02/Dec/2025:00:40:16 +0000] "PUT /1/177703/AUTH_71f03d698f7645fb92ce29512b9f0297/gnocchi.cdd73ff3-ad00-4268-a086-449a99de3fff" 201 - "PUT http://[::1]:6001/2/114145/AUTH_71f03d698f7645fb92ce29512b9f0297/gnocchi.cdd73ff3-ad00-4268-a086-449a99de3fff" "tx42946f1cc0484f078faa4-00692e3570" "container-server 93753" 0.0050 "-" 93453 0
Dec 01 19:40:16 np0005541722.novalocal container-server[93753]: ::1 - - [02/Dec/2025:00:40:16 +0000] "PUT /1/249794/AUTH_71f03d698f7645fb92ce29512b9f0297/gnocchi.74f0a048-24d6-4981-8ee5-558448deeb9c/1763640000.0_mean_300.0_v3" 201 - "PUT http://[::1]:8080/1/35094/AUTH_71f03d698f7645fb92ce29512b9f0297/gnocchi.74f0a048-24d6-4981-8ee5-558448deeb9c/1763640000.0_mean_300.0_v3" "tx0e2624be2a1340d7b7d61-00692e3570" "object-server 94055" 0.0008 "-" 93753 0
Dec 01 19:40:16 np0005541722.novalocal container-server[93753]: ::1 - - [02/Dec/2025:00:40:16 +0000] "PUT /2/114145/AUTH_71f03d698f7645fb92ce29512b9f0297/gnocchi.cdd73ff3-ad00-4268-a086-449a99de3fff" 201 - "PUT http://[::1]:8080/v1/AUTH_71f03d698f7645fb92ce29512b9f0297/gnocchi.cdd73ff3-ad00-4268-a086-449a99de3fff" "tx42946f1cc0484f078faa4-00692e3570" "proxy-server 86829" 0.0584 "-" 93753 0
Dec 01 19:40:16 np0005541722.novalocal object-server[94055]: ::1 - - [02/Dec/2025:00:40:16 +0000] "PUT /1/35094/AUTH_71f03d698f7645fb92ce29512b9f0297/gnocchi.74f0a048-24d6-4981-8ee5-558448deeb9c/1763640000.0_mean_300.0_v3" 201 - "PUT http://[::1]:8080/v1/AUTH_71f03d698f7645fb92ce29512b9f0297/gnocchi.74f0a048-24d6-4981-8ee5-558448deeb9c/1763640000.0_mean_300.0_v3" "tx0e2624be2a1340d7b7d61-00692e3570" "proxy-server 86829" 0.0712 "-" 94055 0
Dec 01 19:40:16 np0005541722.novalocal proxy-server[86829]: ::1 ::1 02/Dec/2025/00/40/16 PUT /v1/AUTH_71f03d698f7645fb92ce29512b9f0297/gnocchi.74f0a048-24d6-4981-8ee5-558448deeb9c/1763640000.0_mean_300.0_v3 HTTP/1.0 201 - python-swiftclient-4.2.0 gAAAAABpLjUvHoCr... 16 - - tx0e2624be2a1340d7b7d61-00692e3570 - 0.0790 - - 1764636016.348116398 1764636016.427154541 0
Dec 01 19:40:16 np0005541722.novalocal account-server[93454]: ::1 - - [02/Dec/2025:00:40:16 +0000] "PUT /3/177703/AUTH_71f03d698f7645fb92ce29512b9f0297/gnocchi.cdd73ff3-ad00-4268-a086-449a99de3fff" 201 - "PUT http://[::1]:6001/3/114145/AUTH_71f03d698f7645fb92ce29512b9f0297/gnocchi.cdd73ff3-ad00-4268-a086-449a99de3fff" "tx42946f1cc0484f078faa4-00692e3570" "container-server 93753" 0.0054 "-" 93454 0
Dec 01 19:40:16 np0005541722.novalocal account-server[93453]: ::1 - - [02/Dec/2025:00:40:16 +0000] "PUT /2/177703/AUTH_71f03d698f7645fb92ce29512b9f0297/gnocchi.cdd73ff3-ad00-4268-a086-449a99de3fff" 201 - "PUT http://[::1]:6001/1/114145/AUTH_71f03d698f7645fb92ce29512b9f0297/gnocchi.cdd73ff3-ad00-4268-a086-449a99de3fff" "tx42946f1cc0484f078faa4-00692e3570" "container-server 93753" 0.0058 "-" 93453 0
Dec 01 19:40:16 np0005541722.novalocal container-server[93753]: ::1 - - [02/Dec/2025:00:40:16 +0000] "PUT /3/114145/AUTH_71f03d698f7645fb92ce29512b9f0297/gnocchi.cdd73ff3-ad00-4268-a086-449a99de3fff" 201 - "PUT http://[::1]:8080/v1/AUTH_71f03d698f7645fb92ce29512b9f0297/gnocchi.cdd73ff3-ad00-4268-a086-449a99de3fff" "tx42946f1cc0484f078faa4-00692e3570" "proxy-server 86829" 0.0217 "-" 93753 0
Dec 01 19:40:16 np0005541722.novalocal container-server[93753]: ::1 - - [02/Dec/2025:00:40:16 +0000] "PUT /1/114145/AUTH_71f03d698f7645fb92ce29512b9f0297/gnocchi.cdd73ff3-ad00-4268-a086-449a99de3fff" 201 - "PUT http://[::1]:8080/v1/AUTH_71f03d698f7645fb92ce29512b9f0297/gnocchi.cdd73ff3-ad00-4268-a086-449a99de3fff" "tx42946f1cc0484f078faa4-00692e3570" "proxy-server 86829" 0.0382 "-" 93753 0
Dec 01 19:40:16 np0005541722.novalocal proxy-server[86829]: ::1 ::1 02/Dec/2025/00/40/16 PUT /v1/AUTH_71f03d698f7645fb92ce29512b9f0297/gnocchi.cdd73ff3-ad00-4268-a086-449a99de3fff HTTP/1.0 201 - python-swiftclient-4.2.0 gAAAAABpLjU42Jqt... - - - tx42946f1cc0484f078faa4-00692e3570 - 0.0767 - - 1764636016.361194611 1764636016.437861681 0
Dec 01 19:40:16 np0005541722.novalocal container-server[93753]: ::1 - - [02/Dec/2025:00:40:16 +0000] "HEAD /2/114145/AUTH_71f03d698f7645fb92ce29512b9f0297/gnocchi.cdd73ff3-ad00-4268-a086-449a99de3fff" 204 - "HEAD http://[::1]:8080/v1/AUTH_71f03d698f7645fb92ce29512b9f0297/gnocchi.cdd73ff3-ad00-4268-a086-449a99de3fff?format=json&states=listing" "tx6f1f0bf035084bf6a2fa6-00692e3570" "proxy-server 86829" 0.0016 "-" 93753 0
Dec 01 19:40:16 np0005541722.novalocal container-server[93750]: ::1 - - [02/Dec/2025:00:40:16 +0000] "GET /3/114145/AUTH_71f03d698f7645fb92ce29512b9f0297/gnocchi.cdd73ff3-ad00-4268-a086-449a99de3fff" 200 2 "GET http://[::1]:8080/v1/AUTH_71f03d698f7645fb92ce29512b9f0297/gnocchi.cdd73ff3-ad00-4268-a086-449a99de3fff?format=json&states=listing" "tx6f1f0bf035084bf6a2fa6-00692e3570" "proxy-server 86829" 0.0026 "-" 93750 0
Dec 01 19:40:16 np0005541722.novalocal container-server[93753]: ::1 - - [02/Dec/2025:00:40:16 +0000] "PUT /2/249794/AUTH_71f03d698f7645fb92ce29512b9f0297/gnocchi.74f0a048-24d6-4981-8ee5-558448deeb9c/none_v3" 201 - "PUT http://[::1]:8080/2/77544/AUTH_71f03d698f7645fb92ce29512b9f0297/gnocchi.74f0a048-24d6-4981-8ee5-558448deeb9c/none_v3" "tx44eab5b9cfb040c0994a1-00692e3570" "object-server 94057" 0.0007 "-" 93753 0
Dec 01 19:40:16 np0005541722.novalocal object-server[94057]: ::1 - - [02/Dec/2025:00:40:16 +0000] "PUT /2/77544/AUTH_71f03d698f7645fb92ce29512b9f0297/gnocchi.74f0a048-24d6-4981-8ee5-558448deeb9c/none_v3" 201 - "PUT http://[::1]:8080/v1/AUTH_71f03d698f7645fb92ce29512b9f0297/gnocchi.74f0a048-24d6-4981-8ee5-558448deeb9c/none_v3" "tx44eab5b9cfb040c0994a1-00692e3570" "proxy-server 86829" 0.0123 "-" 94057 0
Dec 01 19:40:16 np0005541722.novalocal container-server[93753]: ::1 - - [02/Dec/2025:00:40:16 +0000] "PUT /3/249794/AUTH_71f03d698f7645fb92ce29512b9f0297/gnocchi.74f0a048-24d6-4981-8ee5-558448deeb9c/none_v3" 201 - "PUT http://[::1]:8080/1/77544/AUTH_71f03d698f7645fb92ce29512b9f0297/gnocchi.74f0a048-24d6-4981-8ee5-558448deeb9c/none_v3" "tx44eab5b9cfb040c0994a1-00692e3570" "object-server 94054" 0.0003 "-" 93753 0
Dec 01 19:40:16 np0005541722.novalocal proxy-server[86829]: ::1 ::1 02/Dec/2025/00/40/16 GET /v1/AUTH_71f03d698f7645fb92ce29512b9f0297/gnocchi.cdd73ff3-ad00-4268-a086-449a99de3fff%3Fformat%3Djson%26states%3Dlisting HTTP/1.0 200 - python-swiftclient-4.2.0 gAAAAABpLjU42Jqt... - 2 - tx6f1f0bf035084bf6a2fa6-00692e3570 - 0.0215 - - 1764636016.440871239 1764636016.462392569 0
Dec 01 19:40:16 np0005541722.novalocal container-server[93751]: ::1 - - [02/Dec/2025:00:40:16 +0000] "PUT /1/249794/AUTH_71f03d698f7645fb92ce29512b9f0297/gnocchi.74f0a048-24d6-4981-8ee5-558448deeb9c/none_v3" 201 - "PUT http://[::1]:8080/3/77544/AUTH_71f03d698f7645fb92ce29512b9f0297/gnocchi.74f0a048-24d6-4981-8ee5-558448deeb9c/none_v3" "tx44eab5b9cfb040c0994a1-00692e3570" "object-server 94057" 0.0006 "-" 93751 0
Dec 01 19:40:16 np0005541722.novalocal object-server[94054]: ::1 - - [02/Dec/2025:00:40:16 +0000] "PUT /1/77544/AUTH_71f03d698f7645fb92ce29512b9f0297/gnocchi.74f0a048-24d6-4981-8ee5-558448deeb9c/none_v3" 201 - "PUT http://[::1]:8080/v1/AUTH_71f03d698f7645fb92ce29512b9f0297/gnocchi.74f0a048-24d6-4981-8ee5-558448deeb9c/none_v3" "tx44eab5b9cfb040c0994a1-00692e3570" "proxy-server 86829" 0.0126 "-" 94054 0
Dec 01 19:40:16 np0005541722.novalocal object-server[94057]: ::1 - - [02/Dec/2025:00:40:16 +0000] "PUT /3/77544/AUTH_71f03d698f7645fb92ce29512b9f0297/gnocchi.74f0a048-24d6-4981-8ee5-558448deeb9c/none_v3" 201 - "PUT http://[::1]:8080/v1/AUTH_71f03d698f7645fb92ce29512b9f0297/gnocchi.74f0a048-24d6-4981-8ee5-558448deeb9c/none_v3" "tx44eab5b9cfb040c0994a1-00692e3570" "proxy-server 86829" 0.0136 "-" 94057 0
Dec 01 19:40:16 np0005541722.novalocal proxy-server[86829]: ::1 ::1 02/Dec/2025/00/40/16 PUT /v1/AUTH_71f03d698f7645fb92ce29512b9f0297/gnocchi.74f0a048-24d6-4981-8ee5-558448deeb9c/none_v3 HTTP/1.0 201 - python-swiftclient-4.2.0 gAAAAABpLjUvHoCr... 22 - - tx44eab5b9cfb040c0994a1-00692e3570 - 0.0301 - - 1764636016.435174942 1764636016.465256691 0
Dec 01 19:40:16 np0005541722.novalocal object-server[94057]: ::1 - - [02/Dec/2025:00:40:16 +0000] "GET /2/67801/AUTH_71f03d698f7645fb92ce29512b9f0297/gnocchi.cdd73ff3-ad00-4268-a086-449a99de3fff/1763640000.0_mean_300.0_v3" 404 70 "GET http://[::1]:8080/v1/AUTH_71f03d698f7645fb92ce29512b9f0297/gnocchi.cdd73ff3-ad00-4268-a086-449a99de3fff/1763640000.0_mean_300.0_v3" "txe51f437db59844c0b7f1c-00692e3570" "proxy-server 86829" 0.0004 "-" 94057 0
Dec 01 19:40:16 np0005541722.novalocal object-server[94056]: ::1 - - [02/Dec/2025:00:40:16 +0000] "GET /3/67801/AUTH_71f03d698f7645fb92ce29512b9f0297/gnocchi.cdd73ff3-ad00-4268-a086-449a99de3fff/1763640000.0_mean_300.0_v3" 404 70 "GET http://[::1]:8080/v1/AUTH_71f03d698f7645fb92ce29512b9f0297/gnocchi.cdd73ff3-ad00-4268-a086-449a99de3fff/1763640000.0_mean_300.0_v3" "txe51f437db59844c0b7f1c-00692e3570" "proxy-server 86829" 0.0003 "-" 94056 0
Dec 01 19:40:16 np0005541722.novalocal object-server[94056]: ::1 - - [02/Dec/2025:00:40:16 +0000] "GET /1/67801/AUTH_71f03d698f7645fb92ce29512b9f0297/gnocchi.cdd73ff3-ad00-4268-a086-449a99de3fff/1763640000.0_mean_300.0_v3" 404 70 "GET http://[::1]:8080/v1/AUTH_71f03d698f7645fb92ce29512b9f0297/gnocchi.cdd73ff3-ad00-4268-a086-449a99de3fff/1763640000.0_mean_300.0_v3" "txe51f437db59844c0b7f1c-00692e3570" "proxy-server 86829" 0.0002 "-" 94056 0
Dec 01 19:40:16 np0005541722.novalocal proxy-server[86829]: ::1 ::1 02/Dec/2025/00/40/16 GET /v1/AUTH_71f03d698f7645fb92ce29512b9f0297/gnocchi.cdd73ff3-ad00-4268-a086-449a99de3fff/1763640000.0_mean_300.0_v3 HTTP/1.0 404 - python-swiftclient-4.2.0 gAAAAABpLjU42Jqt... - 70 - txe51f437db59844c0b7f1c-00692e3570 - 0.0086 - - 1764636016.465881348 1764636016.474509001 0
Dec 01 19:40:16 np0005541722.novalocal container-server[93752]: ::1 - - [02/Dec/2025:00:40:16 +0000] "HEAD /2/216070/AUTH_71f03d698f7645fb92ce29512b9f0297/gnocchi.cfb6e612-46fb-4644-a486-6c4db7e1cca5" 404 - "HEAD http://[::1]:8080/v1/AUTH_71f03d698f7645fb92ce29512b9f0297/gnocchi.cfb6e612-46fb-4644-a486-6c4db7e1cca5?format=json&states=listing" "tx00f693fb47a9467faf818-00692e3570" "proxy-server 86829" 0.0004 "-" 93752 0
Dec 01 19:40:16 np0005541722.novalocal container-server[93753]: ::1 - - [02/Dec/2025:00:40:16 +0000] "HEAD /1/216070/AUTH_71f03d698f7645fb92ce29512b9f0297/gnocchi.cfb6e612-46fb-4644-a486-6c4db7e1cca5" 404 - "HEAD http://[::1]:8080/v1/AUTH_71f03d698f7645fb92ce29512b9f0297/gnocchi.cfb6e612-46fb-4644-a486-6c4db7e1cca5?format=json&states=listing" "tx00f693fb47a9467faf818-00692e3570" "proxy-server 86829" 0.0009 "-" 93753 0
Dec 01 19:40:16 np0005541722.novalocal container-server[93752]: ::1 - - [02/Dec/2025:00:40:16 +0000] "PUT /2/114145/AUTH_71f03d698f7645fb92ce29512b9f0297/gnocchi.cdd73ff3-ad00-4268-a086-449a99de3fff/1763640000.0_mean_300.0_v3" 201 - "PUT http://[::1]:8080/3/67801/AUTH_71f03d698f7645fb92ce29512b9f0297/gnocchi.cdd73ff3-ad00-4268-a086-449a99de3fff/1763640000.0_mean_300.0_v3" "tx73fdaffa647442a4bc5a8-00692e3570" "object-server 94056" 0.0005 "-" 93752 0
Dec 01 19:40:16 np0005541722.novalocal container-server[93752]: ::1 - - [02/Dec/2025:00:40:16 +0000] "HEAD /3/216070/AUTH_71f03d698f7645fb92ce29512b9f0297/gnocchi.cfb6e612-46fb-4644-a486-6c4db7e1cca5" 404 - "HEAD http://[::1]:8080/v1/AUTH_71f03d698f7645fb92ce29512b9f0297/gnocchi.cfb6e612-46fb-4644-a486-6c4db7e1cca5?format=json&states=listing" "tx00f693fb47a9467faf818-00692e3570" "proxy-server 86829" 0.0002 "-" 93752 0
Dec 01 19:40:16 np0005541722.novalocal object-server[94056]: ::1 - - [02/Dec/2025:00:40:16 +0000] "PUT /3/67801/AUTH_71f03d698f7645fb92ce29512b9f0297/gnocchi.cdd73ff3-ad00-4268-a086-449a99de3fff/1763640000.0_mean_300.0_v3" 201 - "PUT http://[::1]:8080/v1/AUTH_71f03d698f7645fb92ce29512b9f0297/gnocchi.cdd73ff3-ad00-4268-a086-449a99de3fff/1763640000.0_mean_300.0_v3" "tx73fdaffa647442a4bc5a8-00692e3570" "proxy-server 86829" 0.0088 "-" 94056 0
Dec 01 19:40:16 np0005541722.novalocal container-server[93750]: ::1 - - [02/Dec/2025:00:40:16 +0000] "PUT /1/114145/AUTH_71f03d698f7645fb92ce29512b9f0297/gnocchi.cdd73ff3-ad00-4268-a086-449a99de3fff/1763640000.0_mean_300.0_v3" 201 - "PUT http://[::1]:8080/2/67801/AUTH_71f03d698f7645fb92ce29512b9f0297/gnocchi.cdd73ff3-ad00-4268-a086-449a99de3fff/1763640000.0_mean_300.0_v3" "tx73fdaffa647442a4bc5a8-00692e3570" "object-server 94057" 0.0007 "-" 93750 0
Dec 01 19:40:16 np0005541722.novalocal object-server[94057]: ::1 - - [02/Dec/2025:00:40:16 +0000] "PUT /2/67801/AUTH_71f03d698f7645fb92ce29512b9f0297/gnocchi.cdd73ff3-ad00-4268-a086-449a99de3fff/1763640000.0_mean_300.0_v3" 201 - "PUT http://[::1]:8080/v1/AUTH_71f03d698f7645fb92ce29512b9f0297/gnocchi.cdd73ff3-ad00-4268-a086-449a99de3fff/1763640000.0_mean_300.0_v3" "tx73fdaffa647442a4bc5a8-00692e3570" "proxy-server 86829" 0.0105 "-" 94057 0
Dec 01 19:40:16 np0005541722.novalocal container-server[93753]: ::1 - - [02/Dec/2025:00:40:16 +0000] "PUT /3/114145/AUTH_71f03d698f7645fb92ce29512b9f0297/gnocchi.cdd73ff3-ad00-4268-a086-449a99de3fff/1763640000.0_mean_300.0_v3" 201 - "PUT http://[::1]:8080/1/67801/AUTH_71f03d698f7645fb92ce29512b9f0297/gnocchi.cdd73ff3-ad00-4268-a086-449a99de3fff/1763640000.0_mean_300.0_v3" "tx73fdaffa647442a4bc5a8-00692e3570" "object-server 94055" 0.0007 "-" 93753 0
