Dec 01 19:39:41 np0005541722.novalocal container-server[93750]: ::1 - - [02/Dec/2025:00:39:41 +0000] "PUT /2/106180/AUTH_71f03d698f7645fb92ce29512b9f0297/gnocchi.212a6474-64d2-4fc9-b42a-d162fb83aa4c/none_v3" 201 - "PUT http://[::1]:8080/2/151408/AUTH_71f03d698f7645fb92ce29512b9f0297/gnocchi.212a6474-64d2-4fc9-b42a-d162fb83aa4c/none_v3" "txcae0ae7cc08641538931a-00692e354d" "object-server 94057" 0.0004 "-" 93750 0
Dec 01 19:39:41 np0005541722.novalocal object-server[94057]: ::1 - - [02/Dec/2025:00:39:41 +0000] "PUT /2/151408/AUTH_71f03d698f7645fb92ce29512b9f0297/gnocchi.212a6474-64d2-4fc9-b42a-d162fb83aa4c/none_v3" 201 - "PUT http://[::1]:8080/v1/AUTH_71f03d698f7645fb92ce29512b9f0297/gnocchi.212a6474-64d2-4fc9-b42a-d162fb83aa4c/none_v3" "txcae0ae7cc08641538931a-00692e354d" "proxy-server 86829" 0.0070 "-" 94057 0
Dec 01 19:39:41 np0005541722.novalocal container-server[93751]: ::1 - - [02/Dec/2025:00:39:41 +0000] "PUT /3/106180/AUTH_71f03d698f7645fb92ce29512b9f0297/gnocchi.212a6474-64d2-4fc9-b42a-d162fb83aa4c/none_v3" 201 - "PUT http://[::1]:8080/1/151408/AUTH_71f03d698f7645fb92ce29512b9f0297/gnocchi.212a6474-64d2-4fc9-b42a-d162fb83aa4c/none_v3" "txcae0ae7cc08641538931a-00692e354d" "object-server 94057" 0.0004 "-" 93751 0
Dec 01 19:39:41 np0005541722.novalocal object-server[94057]: ::1 - - [02/Dec/2025:00:39:41 +0000] "PUT /1/151408/AUTH_71f03d698f7645fb92ce29512b9f0297/gnocchi.212a6474-64d2-4fc9-b42a-d162fb83aa4c/none_v3" 201 - "PUT http://[::1]:8080/v1/AUTH_71f03d698f7645fb92ce29512b9f0297/gnocchi.212a6474-64d2-4fc9-b42a-d162fb83aa4c/none_v3" "txcae0ae7cc08641538931a-00692e354d" "proxy-server 86829" 0.0110 "-" 94057 0
Dec 01 19:39:41 np0005541722.novalocal container-server[93751]: ::1 - - [02/Dec/2025:00:39:41 +0000] "PUT /1/106180/AUTH_71f03d698f7645fb92ce29512b9f0297/gnocchi.212a6474-64d2-4fc9-b42a-d162fb83aa4c/none_v3" 201 - "PUT http://[::1]:8080/3/151408/AUTH_71f03d698f7645fb92ce29512b9f0297/gnocchi.212a6474-64d2-4fc9-b42a-d162fb83aa4c/none_v3" "txcae0ae7cc08641538931a-00692e354d" "object-server 94054" 0.0004 "-" 93751 0
Dec 01 19:39:41 np0005541722.novalocal object-server[94054]: ::1 - - [02/Dec/2025:00:39:41 +0000] "PUT /3/151408/AUTH_71f03d698f7645fb92ce29512b9f0297/gnocchi.212a6474-64d2-4fc9-b42a-d162fb83aa4c/none_v3" 201 - "PUT http://[::1]:8080/v1/AUTH_71f03d698f7645fb92ce29512b9f0297/gnocchi.212a6474-64d2-4fc9-b42a-d162fb83aa4c/none_v3" "txcae0ae7cc08641538931a-00692e354d" "proxy-server 86829" 0.0131 "-" 94054 0
Dec 01 19:39:41 np0005541722.novalocal proxy-server[86829]: ::1 ::1 02/Dec/2025/00/39/41 PUT /v1/AUTH_71f03d698f7645fb92ce29512b9f0297/gnocchi.212a6474-64d2-4fc9-b42a-d162fb83aa4c/none_v3 HTTP/1.0 201 - python-swiftclient-4.2.0 gAAAAABpLjU42Jqt... 22 - - txcae0ae7cc08641538931a-00692e354d - 0.0220 - - 1764635981.461735249 1764635981.483702421 0
Dec 01 19:39:41 np0005541722.novalocal haproxy-metadata-proxy-67fa6611-1277-4c9f-88d2-386b71e7dddc[100111]: ::ffff:10.100.0.12:35776 [01/Dec/2025:19:39:41.445] listener listener/metadata 0/0/0/69/69 200 131 - - ---- 1/1/0/0/0 0/0 "GET /2009-04-04/meta-data/local-ipv4 HTTP/1.1"
Dec 01 19:39:41 np0005541722.novalocal haproxy-metadata-proxy-67fa6611-1277-4c9f-88d2-386b71e7dddc[100111]: ::ffff:10.100.0.12:35778 [01/Dec/2025:19:39:41.570] listener listener/metadata 0/0/0/59/59 200 119 - - ---- 1/1/0/0/0 0/0 "GET /2009-04-04/meta-data/public-ipv4 HTTP/1.1"
Dec 01 19:39:41 np0005541722.novalocal haproxy-metadata-proxy-67fa6611-1277-4c9f-88d2-386b71e7dddc[100111]: ::ffff:10.100.0.12:35780 [01/Dec/2025:19:39:41.695] listener listener/metadata 0/0/0/80/80 200 181 - - ---- 1/1/0/0/0 0/0 "GET /2009-04-04/meta-data/hostname HTTP/1.1"
Dec 01 19:39:41 np0005541722.novalocal haproxy-metadata-proxy-67fa6611-1277-4c9f-88d2-386b71e7dddc[100111]: ::ffff:10.100.0.12:35782 [01/Dec/2025:19:39:41.838] listener listener/metadata 0/0/0/119/119 200 181 - - ---- 1/1/0/0/0 0/0 "GET /2009-04-04/meta-data/local-hostname HTTP/1.1"
Dec 01 19:39:42 np0005541722.novalocal haproxy-metadata-proxy-67fa6611-1277-4c9f-88d2-386b71e7dddc[100111]: ::ffff:10.100.0.12:35784 [01/Dec/2025:19:39:42.038] listener listener/metadata 0/0/0/80/80 200 215 - - ---- 1/1/0/0/0 0/0 "GET /2009-04-04/user-data HTTP/1.1"
Dec 01 19:39:42 np0005541722.novalocal haproxy-metadata-proxy-67fa6611-1277-4c9f-88d2-386b71e7dddc[100111]: ::ffff:10.100.0.12:35786 [01/Dec/2025:19:39:42.168] listener listener/metadata 0/0/0/93/93 200 133 - - ---- 1/1/0/0/0 0/0 "GET /2009-04-04/meta-data/block-device-mapping HTTP/1.1"
Dec 01 19:39:42 np0005541722.novalocal haproxy-metadata-proxy-67fa6611-1277-4c9f-88d2-386b71e7dddc[100111]: ::ffff:10.100.0.12:35788 [01/Dec/2025:19:39:42.297] listener listener/metadata 0/0/0/82/82 200 122 - - ---- 1/1/0/0/0 0/0 "GET /2009-04-04/meta-data/block-device-mapping/ami HTTP/1.1"
Dec 01 19:39:42 np0005541722.novalocal haproxy-metadata-proxy-67fa6611-1277-4c9f-88d2-386b71e7dddc[100111]: ::ffff:10.100.0.12:35790 [01/Dec/2025:19:39:42.417] listener listener/metadata 0/0/0/78/78 200 127 - - ---- 1/1/0/0/0 0/0 "GET /2009-04-04/meta-data/block-device-mapping/ebs0 HTTP/1.1"
Dec 01 19:39:42 np0005541722.novalocal haproxy-metadata-proxy-67fa6611-1277-4c9f-88d2-386b71e7dddc[100111]: ::ffff:10.100.0.12:35792 [01/Dec/2025:19:39:42.535] listener listener/metadata 0/0/0/69/69 200 127 - - ---- 1/1/0/0/0 0/0 "GET /2009-04-04/meta-data/block-device-mapping/root HTTP/1.1"
Dec 01 19:39:42 np0005541722.novalocal haproxy-metadata-proxy-67fa6611-1277-4c9f-88d2-386b71e7dddc[100111]: ::ffff:10.100.0.12:35794 [01/Dec/2025:19:39:42.673] listener listener/metadata 0/0/0/86/86 200 181 - - ---- 1/1/0/0/0 0/0 "GET /2009-04-04/meta-data/public-hostname HTTP/1.1"
Dec 01 19:39:42 np0005541722.novalocal haproxy-metadata-proxy-67fa6611-1277-4c9f-88d2-386b71e7dddc[100111]: ::ffff:10.100.0.12:35796 [01/Dec/2025:19:39:42.826] listener listener/metadata 0/0/0/84/84 200 123 - - ---- 1/1/0/0/0 0/0 "GET /2009-04-04/meta-data/placement/availability-zone HTTP/1.1"
Dec 01 19:39:43 np0005541722.novalocal kernel: qbre4bce932-62: port 2(tape4bce932-62) entered disabled state
Dec 01 19:39:43 np0005541722.novalocal kernel: tape4bce932-62 (unregistering): left allmulticast mode
Dec 01 19:39:43 np0005541722.novalocal kernel: tape4bce932-62 (unregistering): left promiscuous mode
Dec 01 19:39:43 np0005541722.novalocal kernel: qbre4bce932-62: port 2(tape4bce932-62) entered disabled state
Dec 01 19:39:43 np0005541722.novalocal NetworkManager[858]: [1764635983.4062] device (tape4bce932-62): state change: activated -> unmanaged (reason 'unmanaged', managed-type: 'removed')
Dec 01 19:39:43 np0005541722.novalocal NetworkManager[858]: [1764635983.4069] device (tape4bce932-62): released from controller device qbre4bce932-62
Dec 01 19:39:43 np0005541722.novalocal systemd[1]: Starting Network Manager Script Dispatcher Service...
Dec 01 19:39:43 np0005541722.novalocal systemd[1]: Started Network Manager Script Dispatcher Service.
Dec 01 19:39:43 np0005541722.novalocal systemd[1]: machine-qemu\x2d2\x2dinstance\x2d00000002.scope: Deactivated successfully.
Dec 01 19:39:43 np0005541722.novalocal systemd[1]: machine-qemu\x2d2\x2dinstance\x2d00000002.scope: Consumed 9.714s CPU time.
Dec 01 19:39:43 np0005541722.novalocal systemd-machined[90874]: Machine qemu-2-instance-00000002 terminated.
Dec 01 19:39:43 np0005541722.novalocal container-server[93753]: ::1 - - [02/Dec/2025:00:39:43 +0000] "HEAD /3/215798/AUTH_71f03d698f7645fb92ce29512b9f0297/gnocchi.bb1822c0-42c7-432f-93ac-ba5d8e42d784" 404 - "HEAD http://[::1]:8080/v1/AUTH_71f03d698f7645fb92ce29512b9f0297/gnocchi.bb1822c0-42c7-432f-93ac-ba5d8e42d784?format=json&states=listing" "tx4fe26a33632a41fe8a272-00692e354f" "proxy-server 86829" 0.0003 "-" 93753 0
Dec 01 19:39:43 np0005541722.novalocal container-server[93753]: ::1 - - [02/Dec/2025:00:39:43 +0000] "HEAD /2/215798/AUTH_71f03d698f7645fb92ce29512b9f0297/gnocchi.bb1822c0-42c7-432f-93ac-ba5d8e42d784" 404 - "HEAD http://[::1]:8080/v1/AUTH_71f03d698f7645fb92ce29512b9f0297/gnocchi.bb1822c0-42c7-432f-93ac-ba5d8e42d784?format=json&states=listing" "tx4fe26a33632a41fe8a272-00692e354f" "proxy-server 86829" 0.0002 "-" 93753 0
Dec 01 19:39:43 np0005541722.novalocal container-server[93753]: ::1 - - [02/Dec/2025:00:39:43 +0000] "HEAD /1/215798/AUTH_71f03d698f7645fb92ce29512b9f0297/gnocchi.bb1822c0-42c7-432f-93ac-ba5d8e42d784" 404 - "HEAD http://[::1]:8080/v1/AUTH_71f03d698f7645fb92ce29512b9f0297/gnocchi.bb1822c0-42c7-432f-93ac-ba5d8e42d784?format=json&states=listing" "tx4fe26a33632a41fe8a272-00692e354f" "proxy-server 86829" 0.0002 "-" 93753 0
Dec 01 19:39:43 np0005541722.novalocal object-server[94057]: ::1 - - [02/Dec/2025:00:39:43 +0000] "GET /2/21641/AUTH_71f03d698f7645fb92ce29512b9f0297/gnocchi.bb1822c0-42c7-432f-93ac-ba5d8e42d784/none_v3" 404 70 "GET http://[::1]:8080/v1/AUTH_71f03d698f7645fb92ce29512b9f0297/gnocchi.bb1822c0-42c7-432f-93ac-ba5d8e42d784/none_v3" "tx4fe26a33632a41fe8a272-00692e354f" "proxy-server 86829" 0.0003 "-" 94057 0
Dec 01 19:39:43 np0005541722.novalocal object-server[94055]: ::1 - - [02/Dec/2025:00:39:43 +0000] "GET /1/21641/AUTH_71f03d698f7645fb92ce29512b9f0297/gnocchi.bb1822c0-42c7-432f-93ac-ba5d8e42d784/none_v3" 404 70 "GET http://[::1]:8080/v1/AUTH_71f03d698f7645fb92ce29512b9f0297/gnocchi.bb1822c0-42c7-432f-93ac-ba5d8e42d784/none_v3" "tx4fe26a33632a41fe8a272-00692e354f" "proxy-server 86829" 0.0002 "-" 94055 0
Dec 01 19:39:43 np0005541722.novalocal object-server[94054]: ::1 - - [02/Dec/2025:00:39:43 +0000] "GET /3/21641/AUTH_71f03d698f7645fb92ce29512b9f0297/gnocchi.bb1822c0-42c7-432f-93ac-ba5d8e42d784/none_v3" 404 70 "GET http://[::1]:8080/v1/AUTH_71f03d698f7645fb92ce29512b9f0297/gnocchi.bb1822c0-42c7-432f-93ac-ba5d8e42d784/none_v3" "tx4fe26a33632a41fe8a272-00692e354f" "proxy-server 86829" 0.0003 "-" 94054 0
Dec 01 19:39:43 np0005541722.novalocal proxy-server[86829]: ::1 ::1 02/Dec/2025/00/39/43 GET /v1/AUTH_71f03d698f7645fb92ce29512b9f0297/gnocchi.bb1822c0-42c7-432f-93ac-ba5d8e42d784/none_v3 HTTP/1.0 404 - python-swiftclient-4.2.0 gAAAAABpLjUvHoCr... - 70 - tx4fe26a33632a41fe8a272-00692e354f - 0.0159 - - 1764635983.532494783 1764635983.548346281 0
Dec 01 19:39:43 np0005541722.novalocal kernel: MODE SENSE: unimplemented page/subpage: 0x0a/0x05
Dec 01 19:39:43 np0005541722.novalocal container-server[93750]: ::1 - - [02/Dec/2025:00:39:43 +0000] "HEAD /3/181425/AUTH_71f03d698f7645fb92ce29512b9f0297/gnocchi.322129eb-132a-489f-8683-b9778dcf1e8f" 404 - "HEAD http://[::1]:8080/v1/AUTH_71f03d698f7645fb92ce29512b9f0297/gnocchi.322129eb-132a-489f-8683-b9778dcf1e8f?format=json&states=listing" "tx8b0181139bfe415baf999-00692e354f" "proxy-server 86829" 0.0002 "-" 93750 0
Dec 01 19:39:43 np0005541722.novalocal container-server[93750]: ::1 - - [02/Dec/2025:00:39:43 +0000] "HEAD /2/181425/AUTH_71f03d698f7645fb92ce29512b9f0297/gnocchi.322129eb-132a-489f-8683-b9778dcf1e8f" 404 - "HEAD http://[::1]:8080/v1/AUTH_71f03d698f7645fb92ce29512b9f0297/gnocchi.322129eb-132a-489f-8683-b9778dcf1e8f?format=json&states=listing" "tx8b0181139bfe415baf999-00692e354f" "proxy-server 86829" 0.0002 "-" 93750 0
Dec 01 19:39:43 np0005541722.novalocal account-server[93452]: ::1 - - [02/Dec/2025:00:39:43 +0000] "PUT /1/177703/AUTH_71f03d698f7645fb92ce29512b9f0297/gnocchi.bb1822c0-42c7-432f-93ac-ba5d8e42d784" 201 - "PUT http://[::1]:6001/1/215798/AUTH_71f03d698f7645fb92ce29512b9f0297/gnocchi.bb1822c0-42c7-432f-93ac-ba5d8e42d784" "tx052c1d6075254779b5cef-00692e354f" "container-server 93753" 0.0054 "-" 93452 0
Dec 01 19:39:43 np0005541722.novalocal container-server[93753]: ::1 - - [02/Dec/2025:00:39:43 +0000] "HEAD /1/181425/AUTH_71f03d698f7645fb92ce29512b9f0297/gnocchi.322129eb-132a-489f-8683-b9778dcf1e8f" 404 - "HEAD http://[::1]:8080/v1/AUTH_71f03d698f7645fb92ce29512b9f0297/gnocchi.322129eb-132a-489f-8683-b9778dcf1e8f?format=json&states=listing" "tx8b0181139bfe415baf999-00692e354f" "proxy-server 86829" 0.0003 "-" 93753 0
Dec 01 19:39:43 np0005541722.novalocal container-server[93753]: ::1 - - [02/Dec/2025:00:39:43 +0000] "PUT /1/215798/AUTH_71f03d698f7645fb92ce29512b9f0297/gnocchi.bb1822c0-42c7-432f-93ac-ba5d8e42d784" 201 - "PUT http://[::1]:8080/v1/AUTH_71f03d698f7645fb92ce29512b9f0297/gnocchi.bb1822c0-42c7-432f-93ac-ba5d8e42d784" "tx052c1d6075254779b5cef-00692e354f" "proxy-server 86829" 0.0367 "-" 93753 0
Dec 01 19:39:43 np0005541722.novalocal kernel: GPT:Primary header thinks Alt. header is not at the end of the disk.
Dec 01 19:39:43 np0005541722.novalocal kernel: GPT:229375 != 2097151
Dec 01 19:39:43 np0005541722.novalocal kernel: GPT:Alternate GPT header not at the end of the disk.
Dec 01 19:39:43 np0005541722.novalocal kernel: GPT:229375 != 2097151
Dec 01 19:39:43 np0005541722.novalocal kernel: GPT: Use GNU Parted to correct GPT errors.
Dec 01 19:39:43 np0005541722.novalocal kernel: sda: sda1 sda15
Dec 01 19:39:43 np0005541722.novalocal account-server[93455]: ::1 - - [02/Dec/2025:00:39:43 +0000] "PUT /3/177703/AUTH_71f03d698f7645fb92ce29512b9f0297/gnocchi.bb1822c0-42c7-432f-93ac-ba5d8e42d784" 201 - "PUT http://[::1]:6001/2/215798/AUTH_71f03d698f7645fb92ce29512b9f0297/gnocchi.bb1822c0-42c7-432f-93ac-ba5d8e42d784" "tx052c1d6075254779b5cef-00692e354f" "container-server 93751" 0.0115 "-" 93455 0
Dec 01 19:39:43 np0005541722.novalocal object-server[94054]: ::1 - - [02/Dec/2025:00:39:43 +0000] "GET /2/201604/AUTH_71f03d698f7645fb92ce29512b9f0297/gnocchi.322129eb-132a-489f-8683-b9778dcf1e8f/none_v3" 404 70 "GET http://[::1]:8080/v1/AUTH_71f03d698f7645fb92ce29512b9f0297/gnocchi.322129eb-132a-489f-8683-b9778dcf1e8f/none_v3" "tx8b0181139bfe415baf999-00692e354f" "proxy-server 86829" 0.0061 "-" 94054 0
Dec 01 19:39:43 np0005541722.novalocal account-server[93452]: ::1 - - [02/Dec/2025:00:39:43 +0000] "PUT /2/177703/AUTH_71f03d698f7645fb92ce29512b9f0297/gnocchi.bb1822c0-42c7-432f-93ac-ba5d8e42d784" 201 - "PUT http://[::1]:6001/3/215798/AUTH_71f03d698f7645fb92ce29512b9f0297/gnocchi.bb1822c0-42c7-432f-93ac-ba5d8e42d784" "tx052c1d6075254779b5cef-00692e354f" "container-server 93750" 0.0111 "-" 93452 0
Dec 01 19:39:43 np0005541722.novalocal container-server[93751]: ::1 - - [02/Dec/2025:00:39:43 +0000] "PUT /2/215798/AUTH_71f03d698f7645fb92ce29512b9f0297/gnocchi.bb1822c0-42c7-432f-93ac-ba5d8e42d784" 201 - "PUT http://[::1]:8080/v1/AUTH_71f03d698f7645fb92ce29512b9f0297/gnocchi.bb1822c0-42c7-432f-93ac-ba5d8e42d784" "tx052c1d6075254779b5cef-00692e354f" "proxy-server 86829" 0.0474 "-" 93751 0
Dec 01 19:39:43 np0005541722.novalocal container-server[93750]: ::1 - - [02/Dec/2025:00:39:43 +0000] "PUT /3/215798/AUTH_71f03d698f7645fb92ce29512b9f0297/gnocchi.bb1822c0-42c7-432f-93ac-ba5d8e42d784" 201 - "PUT http://[::1]:8080/v1/AUTH_71f03d698f7645fb92ce29512b9f0297/gnocchi.bb1822c0-42c7-432f-93ac-ba5d8e42d784" "tx052c1d6075254779b5cef-00692e354f" "proxy-server 86829" 0.0450 "-" 93750 0
Dec 01 19:39:43 np0005541722.novalocal object-server[94056]: ::1 - - [02/Dec/2025:00:39:43 +0000] "GET /1/201604/AUTH_71f03d698f7645fb92ce29512b9f0297/gnocchi.322129eb-132a-489f-8683-b9778dcf1e8f/none_v3" 404 70 "GET http://[::1]:8080/v1/AUTH_71f03d698f7645fb92ce29512b9f0297/gnocchi.322129eb-132a-489f-8683-b9778dcf1e8f/none_v3" "tx8b0181139bfe415baf999-00692e354f" "proxy-server 86829" 0.0003 "-" 94056 0
Dec 01 19:39:43 np0005541722.novalocal kernel: MODE SENSE: unimplemented page/subpage: 0x0a/0x05
Dec 01 19:39:43 np0005541722.novalocal proxy-server[86829]: ::1 ::1 02/Dec/2025/00/39/43 PUT /v1/AUTH_71f03d698f7645fb92ce29512b9f0297/gnocchi.bb1822c0-42c7-432f-93ac-ba5d8e42d784 HTTP/1.0 201 - python-swiftclient-4.2.0 gAAAAABpLjUvHoCr... - - - tx052c1d6075254779b5cef-00692e354f - 0.0577 - - 1764635983.550219297 1764635983.607871294 0
Dec 01 19:39:43 np0005541722.novalocal object-server[94056]: ::1 - - [02/Dec/2025:00:39:43 +0000] "GET /3/201604/AUTH_71f03d698f7645fb92ce29512b9f0297/gnocchi.322129eb-132a-489f-8683-b9778dcf1e8f/none_v3" 404 70 "GET http://[::1]:8080/v1/AUTH_71f03d698f7645fb92ce29512b9f0297/gnocchi.322129eb-132a-489f-8683-b9778dcf1e8f/none_v3" "tx8b0181139bfe415baf999-00692e354f" "proxy-server 86829" 0.0003 "-" 94056 0
Dec 01 19:39:43 np0005541722.novalocal proxy-server[86829]: ::1 ::1 02/Dec/2025/00/39/43 GET /v1/AUTH_71f03d698f7645fb92ce29512b9f0297/gnocchi.322129eb-132a-489f-8683-b9778dcf1e8f/none_v3 HTTP/1.0 404 - python-swiftclient-4.2.0 gAAAAABpLjU42Jqt... - 70 - tx8b0181139bfe415baf999-00692e354f - 0.0476 - - 1764635983.561406612 1764635983.609049559 0
Dec 01 19:39:43 np0005541722.novalocal container-server[93752]: ::1 - - [02/Dec/2025:00:39:43 +0000] "HEAD /3/215798/AUTH_71f03d698f7645fb92ce29512b9f0297/gnocchi.bb1822c0-42c7-432f-93ac-ba5d8e42d784" 204 - "HEAD http://[::1]:8080/v1/AUTH_71f03d698f7645fb92ce29512b9f0297/gnocchi.bb1822c0-42c7-432f-93ac-ba5d8e42d784?format=json&states=listing" "txad9034c721724b1d97b61-00692e354f" "proxy-server 86829" 0.0012 "-" 93752 0
Dec 01 19:39:43 np0005541722.novalocal container-server[93753]: ::1 - - [02/Dec/2025:00:39:43 +0000] "GET /1/215798/AUTH_71f03d698f7645fb92ce29512b9f0297/gnocchi.bb1822c0-42c7-432f-93ac-ba5d8e42d784" 200 2 "GET http://[::1]:8080/v1/AUTH_71f03d698f7645fb92ce29512b9f0297/gnocchi.bb1822c0-42c7-432f-93ac-ba5d8e42d784?format=json&states=listing" "txad9034c721724b1d97b61-00692e354f" "proxy-server 86829" 0.0019 "-" 93753 0
Dec 01 19:39:43 np0005541722.novalocal proxy-server[86829]: ::1 ::1 02/Dec/2025/00/39/43 GET /v1/AUTH_71f03d698f7645fb92ce29512b9f0297/gnocchi.bb1822c0-42c7-432f-93ac-ba5d8e42d784%3Fformat%3Djson%26states%3Dlisting HTTP/1.0 200 - python-swiftclient-4.2.0 gAAAAABpLjUvHoCr... - 2 - txad9034c721724b1d97b61-00692e354f - 0.0148 - - 1764635983.610199213 1764635983.625001907 0
Dec 01 19:39:43 np0005541722.novalocal kernel: GPT:Primary header thinks Alt. header is not at the end of the disk.
Dec 01 19:39:43 np0005541722.novalocal kernel: GPT:229375 != 2097151
Dec 01 19:39:43 np0005541722.novalocal kernel: GPT:Alternate GPT header not at the end of the disk.
Dec 01 19:39:43 np0005541722.novalocal kernel: GPT:229375 != 2097151
Dec 01 19:39:43 np0005541722.novalocal kernel: GPT: Use GNU Parted to correct GPT errors.
Dec 01 19:39:43 np0005541722.novalocal kernel: sda: sda1 sda15
Dec 01 19:39:43 np0005541722.novalocal object-server[94057]: ::1 - - [02/Dec/2025:00:39:43 +0000] "GET /2/68446/AUTH_71f03d698f7645fb92ce29512b9f0297/gnocchi.bb1822c0-42c7-432f-93ac-ba5d8e42d784/1763640000.0_mean_300.0_v3" 404 70 "GET http://[::1]:8080/v1/AUTH_71f03d698f7645fb92ce29512b9f0297/gnocchi.bb1822c0-42c7-432f-93ac-ba5d8e42d784/1763640000.0_mean_300.0_v3" "tx1d1a912fdfbe4ed29e6b6-00692e354f" "proxy-server 86829" 0.0003 "-" 94057 0
Dec 01 19:39:43 np0005541722.novalocal object-server[94057]: ::1 - - [02/Dec/2025:00:39:43 +0000] "GET /3/68446/AUTH_71f03d698f7645fb92ce29512b9f0297/gnocchi.bb1822c0-42c7-432f-93ac-ba5d8e42d784/1763640000.0_mean_300.0_v3" 404 70 "GET http://[::1]:8080/v1/AUTH_71f03d698f7645fb92ce29512b9f0297/gnocchi.bb1822c0-42c7-432f-93ac-ba5d8e42d784/1763640000.0_mean_300.0_v3" "tx1d1a912fdfbe4ed29e6b6-00692e354f" "proxy-server 86829" 0.0003 "-" 94057 0
Dec 01 19:39:43 np0005541722.novalocal object-server[94057]: ::1 - - [02/Dec/2025:00:39:43 +0000] "GET /1/68446/AUTH_71f03d698f7645fb92ce29512b9f0297/gnocchi.bb1822c0-42c7-432f-93ac-ba5d8e42d784/1763640000.0_mean_300.0_v3" 404 70 "GET http://[::1]:8080/v1/AUTH_71f03d698f7645fb92ce29512b9f0297/gnocchi.bb1822c0-42c7-432f-93ac-ba5d8e42d784/1763640000.0_mean_300.0_v3" "tx1d1a912fdfbe4ed29e6b6-00692e354f" "proxy-server 86829" 0.0002 "-" 94057 0
Dec 01 19:39:43 np0005541722.novalocal kernel: MODE SENSE: unimplemented page/subpage: 0x0a/0x05
Dec 01 19:39:43 np0005541722.novalocal proxy-server[86829]: ::1 ::1 02/Dec/2025/00/39/43 GET /v1/AUTH_71f03d698f7645fb92ce29512b9f0297/gnocchi.bb1822c0-42c7-432f-93ac-ba5d8e42d784/1763640000.0_mean_300.0_v3 HTTP/1.0 404 - python-swiftclient-4.2.0 gAAAAABpLjUvHoCr... - 70 - tx1d1a912fdfbe4ed29e6b6-00692e354f - 0.0090 - - 1764635983.627602577 1764635983.636612415 0
Dec 01 19:39:43 np0005541722.novalocal kernel: GPT:Primary header thinks Alt. header is not at the end of the disk.
Dec 01 19:39:43 np0005541722.novalocal kernel: GPT:229375 != 2097151
Dec 01 19:39:43 np0005541722.novalocal kernel: GPT:Alternate GPT header not at the end of the disk.
Dec 01 19:39:43 np0005541722.novalocal kernel: GPT:229375 != 2097151
Dec 01 19:39:43 np0005541722.novalocal kernel: GPT: Use GNU Parted to correct GPT errors.
Dec 01 19:39:43 np0005541722.novalocal kernel: sda: sda1 sda15
Dec 01 19:39:43 np0005541722.novalocal kernel: qvbe4bce932-62: left allmulticast mode
Dec 01 19:39:43 np0005541722.novalocal kernel: qvbe4bce932-62: left promiscuous mode
Dec 01 19:39:43 np0005541722.novalocal kernel: qbre4bce932-62: port 1(qvbe4bce932-62) entered disabled state
Dec 01 19:39:43 np0005541722.novalocal account-server[93455]: ::1 - - [02/Dec/2025:00:39:43 +0000] "PUT /3/177703/AUTH_71f03d698f7645fb92ce29512b9f0297/gnocchi.322129eb-132a-489f-8683-b9778dcf1e8f" 201 - "PUT http://[::1]:6001/2/181425/AUTH_71f03d698f7645fb92ce29512b9f0297/gnocchi.322129eb-132a-489f-8683-b9778dcf1e8f" "tx1821d98c17f04b2595c71-00692e354f" "container-server 93753" 0.0123 "-" 93455 0
Dec 01 19:39:43 np0005541722.novalocal container-server[93753]: ::1 - - [02/Dec/2025:00:39:43 +0000] "PUT /2/181425/AUTH_71f03d698f7645fb92ce29512b9f0297/gnocchi.322129eb-132a-489f-8683-b9778dcf1e8f" 201 - "PUT http://[::1]:8080/v1/AUTH_71f03d698f7645fb92ce29512b9f0297/gnocchi.322129eb-132a-489f-8683-b9778dcf1e8f" "tx1821d98c17f04b2595c71-00692e354f" "proxy-server 86829" 0.0538 "-" 93753 0
Dec 01 19:39:43 np0005541722.novalocal account-server[93454]: ::1 - - [02/Dec/2025:00:39:43 +0000] "PUT /2/177703/AUTH_71f03d698f7645fb92ce29512b9f0297/gnocchi.322129eb-132a-489f-8683-b9778dcf1e8f" 201 - "PUT http://[::1]:6001/1/181425/AUTH_71f03d698f7645fb92ce29512b9f0297/gnocchi.322129eb-132a-489f-8683-b9778dcf1e8f" "tx1821d98c17f04b2595c71-00692e354f" "container-server 93750" 0.0293 "-" 93454 0
Dec 01 19:39:43 np0005541722.novalocal container-server[93750]: ::1 - - [02/Dec/2025:00:39:43 +0000] "PUT /1/181425/AUTH_71f03d698f7645fb92ce29512b9f0297/gnocchi.322129eb-132a-489f-8683-b9778dcf1e8f" 201 - "PUT http://[::1]:8080/v1/AUTH_71f03d698f7645fb92ce29512b9f0297/gnocchi.322129eb-132a-489f-8683-b9778dcf1e8f" "tx1821d98c17f04b2595c71-00692e354f" "proxy-server 86829" 0.0609 "-" 93750 0
Dec 01 19:39:43 np0005541722.novalocal container-server[93752]: ::1 - - [02/Dec/2025:00:39:43 +0000] "PUT /1/215798/AUTH_71f03d698f7645fb92ce29512b9f0297/gnocchi.bb1822c0-42c7-432f-93ac-ba5d8e42d784/1763640000.0_mean_300.0_v3" 201 - "PUT http://[::1]:8080/1/68446/AUTH_71f03d698f7645fb92ce29512b9f0297/gnocchi.bb1822c0-42c7-432f-93ac-ba5d8e42d784/1763640000.0_mean_300.0_v3" "tx7b8db61bff304dc7974b7-00692e354f" "object-server 94057" 0.0005 "-" 93752 0
Dec 01 19:39:43 np0005541722.novalocal object-server[94057]: ::1 - - [02/Dec/2025:00:39:43 +0000] "PUT /1/68446/AUTH_71f03d698f7645fb92ce29512b9f0297/gnocchi.bb1822c0-42c7-432f-93ac-ba5d8e42d784/1763640000.0_mean_300.0_v3" 201 - "PUT http://[::1]:8080/v1/AUTH_71f03d698f7645fb92ce29512b9f0297/gnocchi.bb1822c0-42c7-432f-93ac-ba5d8e42d784/1763640000.0_mean_300.0_v3" "tx7b8db61bff304dc7974b7-00692e354f" "proxy-server 86829" 0.0379 "-" 94057 0
Dec 01 19:39:43 np0005541722.novalocal NetworkManager[858]: [1764635983.6896] device (qbre4bce932-62): bridge port qvbe4bce932-62 was detached
Dec 01 19:39:43 np0005541722.novalocal NetworkManager[858]: [1764635983.6911] device (qbre4bce932-62): state change: activated -> unmanaged (reason 'unmanaged', managed-type: 'removed')
Dec 01 19:39:43 np0005541722.novalocal container-server[93752]: ::1 - - [02/Dec/2025:00:39:43 +0000] "PUT /2/215798/AUTH_71f03d698f7645fb92ce29512b9f0297/gnocchi.bb1822c0-42c7-432f-93ac-ba5d8e42d784/1763640000.0_mean_300.0_v3" 201 - "PUT http://[::1]:8080/2/68446/AUTH_71f03d698f7645fb92ce29512b9f0297/gnocchi.bb1822c0-42c7-432f-93ac-ba5d8e42d784/1763640000.0_mean_300.0_v3" "tx7b8db61bff304dc7974b7-00692e354f" "object-server 94055" 0.0005 "-" 93752 0
Dec 01 19:39:43 np0005541722.novalocal container-server[93750]: ::1 - - [02/Dec/2025:00:39:43 +0000] "PUT /3/215798/AUTH_71f03d698f7645fb92ce29512b9f0297/gnocchi.bb1822c0-42c7-432f-93ac-ba5d8e42d784/1763640000.0_mean_300.0_v3" 201 - "PUT http://[::1]:8080/3/68446/AUTH_71f03d698f7645fb92ce29512b9f0297/gnocchi.bb1822c0-42c7-432f-93ac-ba5d8e42d784/1763640000.0_mean_300.0_v3" "tx7b8db61bff304dc7974b7-00692e354f" "object-server 94055" 0.0006 "-" 93750 0
Dec 01 19:39:43 np0005541722.novalocal object-server[94055]: ::1 - - [02/Dec/2025:00:39:43 +0000] "PUT /2/68446/AUTH_71f03d698f7645fb92ce29512b9f0297/gnocchi.bb1822c0-42c7-432f-93ac-ba5d8e42d784/1763640000.0_mean_300.0_v3" 201 - "PUT http://[::1]:8080/v1/AUTH_71f03d698f7645fb92ce29512b9f0297/gnocchi.bb1822c0-42c7-432f-93ac-ba5d8e42d784/1763640000.0_mean_300.0_v3" "tx7b8db61bff304dc7974b7-00692e354f" "proxy-server 86829" 0.0450 "-" 94055 0
Dec 01 19:39:43 np0005541722.novalocal object-server[94055]: ::1 - - [02/Dec/2025:00:39:43 +0000] "PUT /3/68446/AUTH_71f03d698f7645fb92ce29512b9f0297/gnocchi.bb1822c0-42c7-432f-93ac-ba5d8e42d784/1763640000.0_mean_300.0_v3" 201 - "PUT http://[::1]:8080/v1/AUTH_71f03d698f7645fb92ce29512b9f0297/gnocchi.bb1822c0-42c7-432f-93ac-ba5d8e42d784/1763640000.0_mean_300.0_v3" "tx7b8db61bff304dc7974b7-00692e354f" "proxy-server 86829" 0.0482 "-" 94055 0
Dec 01 19:39:43 np0005541722.novalocal proxy-server[86829]: ::1 ::1 02/Dec/2025/00/39/43 PUT /v1/AUTH_71f03d698f7645fb92ce29512b9f0297/gnocchi.bb1822c0-42c7-432f-93ac-ba5d8e42d784/1763640000.0_mean_300.0_v3 HTTP/1.0 201 - python-swiftclient-4.2.0 gAAAAABpLjUvHoCr... 16 - - tx7b8db61bff304dc7974b7-00692e354f - 0.0563 - - 1764635983.639727354 1764635983.696059465 0
Dec 01 19:39:43 np0005541722.novalocal account-server[93455]: ::1 - - [02/Dec/2025:00:39:43 +0000] "PUT /1/177703/AUTH_71f03d698f7645fb92ce29512b9f0297/gnocchi.322129eb-132a-489f-8683-b9778dcf1e8f" 201 - "PUT http://[::1]:6001/3/181425/AUTH_71f03d698f7645fb92ce29512b9f0297/gnocchi.322129eb-132a-489f-8683-b9778dcf1e8f" "tx1821d98c17f04b2595c71-00692e354f" "container-server 93752" 0.0273 "-" 93455 0
Dec 01 19:39:43 np0005541722.novalocal container-server[93752]: ::1 - - [02/Dec/2025:00:39:43 +0000] "PUT /3/181425/AUTH_71f03d698f7645fb92ce29512b9f0297/gnocchi.322129eb-132a-489f-8683-b9778dcf1e8f" 201 - "PUT http://[::1]:8080/v1/AUTH_71f03d698f7645fb92ce29512b9f0297/gnocchi.322129eb-132a-489f-8683-b9778dcf1e8f" "tx1821d98c17f04b2595c71-00692e354f" "proxy-server 86829" 0.0814 "-" 93752 0
Dec 01 19:39:43 np0005541722.novalocal kernel: qvoe4bce932-62: left promiscuous mode
Dec 01 19:39:43 np0005541722.novalocal proxy-server[86829]: ::1 ::1 02/Dec/2025/00/39/43 PUT /v1/AUTH_71f03d698f7645fb92ce29512b9f0297/gnocchi.322129eb-132a-489f-8683-b9778dcf1e8f HTTP/1.0 201 - python-swiftclient-4.2.0 gAAAAABpLjU42Jqt... - - - tx1821d98c17f04b2595c71-00692e354f - 0.1025 - - 1764635983.611753941 1764635983.714217663 0
Dec 01 19:39:43 np0005541722.novalocal container-server[93753]: ::1 - - [02/Dec/2025:00:39:43 +0000] "PUT /1/215798/AUTH_71f03d698f7645fb92ce29512b9f0297/gnocchi.bb1822c0-42c7-432f-93ac-ba5d8e42d784/none_v3" 201 - "PUT http://[::1]:8080/2/21641/AUTH_71f03d698f7645fb92ce29512b9f0297/gnocchi.bb1822c0-42c7-432f-93ac-ba5d8e42d784/none_v3" "tx87d09dd2e7624cfeaa48c-00692e354f" "object-server 94057" 0.0004 "-" 93753 0
Dec 01 19:39:43 np0005541722.novalocal object-server[94057]: ::1 - - [02/Dec/2025:00:39:43 +0000] "PUT /2/21641/AUTH_71f03d698f7645fb92ce29512b9f0297/gnocchi.bb1822c0-42c7-432f-93ac-ba5d8e42d784/none_v3" 201 - "PUT http://[::1]:8080/v1/AUTH_71f03d698f7645fb92ce29512b9f0297/gnocchi.bb1822c0-42c7-432f-93ac-ba5d8e42d784/none_v3" "tx87d09dd2e7624cfeaa48c-00692e354f" "proxy-server 86829" 0.0313 "-" 94057 0
Dec 01 19:39:43 np0005541722.novalocal container-server[93751]: ::1 - - [02/Dec/2025:00:39:43 +0000] "PUT /2/215798/AUTH_71f03d698f7645fb92ce29512b9f0297/gnocchi.bb1822c0-42c7-432f-93ac-ba5d8e42d784/none_v3" 201 - "PUT http://[::1]:8080/3/21641/AUTH_71f03d698f7645fb92ce29512b9f0297/gnocchi.bb1822c0-42c7-432f-93ac-ba5d8e42d784/none_v3" "tx87d09dd2e7624cfeaa48c-00692e354f" "object-server 94056" 0.0004 "-" 93751 0
Dec 01 19:39:43 np0005541722.novalocal container-server[93751]: ::1 - - [02/Dec/2025:00:39:43 +0000] "PUT /3/215798/AUTH_71f03d698f7645fb92ce29512b9f0297/gnocchi.bb1822c0-42c7-432f-93ac-ba5d8e42d784/none_v3" 201 - "PUT http://[::1]:8080/1/21641/AUTH_71f03d698f7645fb92ce29512b9f0297/gnocchi.bb1822c0-42c7-432f-93ac-ba5d8e42d784/none_v3" "tx87d09dd2e7624cfeaa48c-00692e354f" "object-server 94057" 0.0003 "-" 93751 0
Dec 01 19:39:43 np0005541722.novalocal object-server[94057]: ::1 - - [02/Dec/2025:00:39:43 +0000] "PUT /1/21641/AUTH_71f03d698f7645fb92ce29512b9f0297/gnocchi.bb1822c0-42c7-432f-93ac-ba5d8e42d784/none_v3" 201 - "PUT http://[::1]:8080/v1/AUTH_71f03d698f7645fb92ce29512b9f0297/gnocchi.bb1822c0-42c7-432f-93ac-ba5d8e42d784/none_v3" "tx87d09dd2e7624cfeaa48c-00692e354f" "proxy-server 86829" 0.0340 "-" 94057 0
Dec 01 19:39:43 np0005541722.novalocal container-server[93752]: ::1 - - [02/Dec/2025:00:39:43 +0000] "HEAD /3/181425/AUTH_71f03d698f7645fb92ce29512b9f0297/gnocchi.322129eb-132a-489f-8683-b9778dcf1e8f" 204 - "HEAD http://[::1]:8080/v1/AUTH_71f03d698f7645fb92ce29512b9f0297/gnocchi.322129eb-132a-489f-8683-b9778dcf1e8f?format=json&states=listing" "txa6fa03b8f271442ab5921-00692e354f" "proxy-server 86829" 0.0017 "-" 93752 0
Dec 01 19:39:43 np0005541722.novalocal object-server[94056]: ::1 - - [02/Dec/2025:00:39:43 +0000] "PUT /3/21641/AUTH_71f03d698f7645fb92ce29512b9f0297/gnocchi.bb1822c0-42c7-432f-93ac-ba5d8e42d784/none_v3" 201 - "PUT http://[::1]:8080/v1/AUTH_71f03d698f7645fb92ce29512b9f0297/gnocchi.bb1822c0-42c7-432f-93ac-ba5d8e42d784/none_v3" "tx87d09dd2e7624cfeaa48c-00692e354f" "proxy-server 86829" 0.0380 "-" 94056 0
Dec 01 19:39:43 np0005541722.novalocal proxy-server[86829]: ::1 ::1 02/Dec/2025/00/39/43 PUT /v1/AUTH_71f03d698f7645fb92ce29512b9f0297/gnocchi.bb1822c0-42c7-432f-93ac-ba5d8e42d784/none_v3 HTTP/1.0 201 - python-swiftclient-4.2.0 gAAAAABpLjUvHoCr... 22 - - tx87d09dd2e7624cfeaa48c-00692e354f - 0.0513 - - 1764635983.711835146 1764635983.763156652 0
Dec 01 19:39:43 np0005541722.novalocal container-server[93751]: ::1 - - [02/Dec/2025:00:39:43 +0000] "GET /1/181425/AUTH_71f03d698f7645fb92ce29512b9f0297/gnocchi.322129eb-132a-489f-8683-b9778dcf1e8f" 200 2 "GET http://[::1]:8080/v1/AUTH_71f03d698f7645fb92ce29512b9f0297/gnocchi.322129eb-132a-489f-8683-b9778dcf1e8f?format=json&states=listing" "txa6fa03b8f271442ab5921-00692e354f" "proxy-server 86829" 0.0018 "-" 93751 0
Dec 01 19:39:43 np0005541722.novalocal proxy-server[86829]: ::1 ::1 02/Dec/2025/00/39/43 GET /v1/AUTH_71f03d698f7645fb92ce29512b9f0297/gnocchi.322129eb-132a-489f-8683-b9778dcf1e8f%3Fformat%3Djson%26states%3Dlisting HTTP/1.0 200 - python-swiftclient-4.2.0 gAAAAABpLjU42Jqt... - 2 - txa6fa03b8f271442ab5921-00692e354f - 0.0380 - - 1764635983.732067823 1764635983.770106554 0
Dec 01 19:39:43 np0005541722.novalocal object-server[94057]: ::1 - - [02/Dec/2025:00:39:43 +0000] "GET /3/242856/AUTH_71f03d698f7645fb92ce29512b9f0297/gnocchi.322129eb-132a-489f-8683-b9778dcf1e8f/1763640000.0_mean_300.0_v3" 404 70 "GET http://[::1]:8080/v1/AUTH_71f03d698f7645fb92ce29512b9f0297/gnocchi.322129eb-132a-489f-8683-b9778dcf1e8f/1763640000.0_mean_300.0_v3" "tx9aa0bbca0a294de5b9a38-00692e354f" "proxy-server 86829" 0.0003 "-" 94057 0
Dec 01 19:39:43 np0005541722.novalocal object-server[94056]: ::1 - - [02/Dec/2025:00:39:43 +0000] "GET /2/242856/AUTH_71f03d698f7645fb92ce29512b9f0297/gnocchi.322129eb-132a-489f-8683-b9778dcf1e8f/1763640000.0_mean_300.0_v3" 404 70 "GET http://[::1]:8080/v1/AUTH_71f03d698f7645fb92ce29512b9f0297/gnocchi.322129eb-132a-489f-8683-b9778dcf1e8f/1763640000.0_mean_300.0_v3" "tx9aa0bbca0a294de5b9a38-00692e354f" "proxy-server 86829" 0.0003 "-" 94056 0
Dec 01 19:39:43 np0005541722.novalocal object-server[94057]: ::1 - - [02/Dec/2025:00:39:43 +0000] "GET /1/242856/AUTH_71f03d698f7645fb92ce29512b9f0297/gnocchi.322129eb-132a-489f-8683-b9778dcf1e8f/1763640000.0_mean_300.0_v3" 404 70 "GET http://[::1]:8080/v1/AUTH_71f03d698f7645fb92ce29512b9f0297/gnocchi.322129eb-132a-489f-8683-b9778dcf1e8f/1763640000.0_mean_300.0_v3" "tx9aa0bbca0a294de5b9a38-00692e354f" "proxy-server 86829" 0.0002 "-" 94057 0
Dec 01 19:39:43 np0005541722.novalocal proxy-server[86829]: ::1 ::1 02/Dec/2025/00/39/43 GET /v1/AUTH_71f03d698f7645fb92ce29512b9f0297/gnocchi.322129eb-132a-489f-8683-b9778dcf1e8f/1763640000.0_mean_300.0_v3 HTTP/1.0 404 - python-swiftclient-4.2.0 gAAAAABpLjU42Jqt... - 70 - tx9aa0bbca0a294de5b9a38-00692e354f - 0.0122 - - 1764635983.779337406 1764635983.791578293 0
Dec 01 19:39:43 np0005541722.novalocal container-server[93750]: ::1 - - [02/Dec/2025:00:39:43 +0000] "PUT /2/181425/AUTH_71f03d698f7645fb92ce29512b9f0297/gnocchi.322129eb-132a-489f-8683-b9778dcf1e8f/1763640000.0_mean_300.0_v3" 201 - "PUT http://[::1]:8080/2/242856/AUTH_71f03d698f7645fb92ce29512b9f0297/gnocchi.322129eb-132a-489f-8683-b9778dcf1e8f/1763640000.0_mean_300.0_v3" "txa2a37677aa454392a82dd-00692e354f" "object-server 94054" 0.0005 "-" 93750 0
Dec 01 19:39:43 np0005541722.novalocal object-server[94054]: ::1 - - [02/Dec/2025:00:39:43 +0000] "PUT /2/242856/AUTH_71f03d698f7645fb92ce29512b9f0297/gnocchi.322129eb-132a-489f-8683-b9778dcf1e8f/1763640000.0_mean_300.0_v3" 201 - "PUT http://[::1]:8080/v1/AUTH_71f03d698f7645fb92ce29512b9f0297/gnocchi.322129eb-132a-489f-8683-b9778dcf1e8f/1763640000.0_mean_300.0_v3" "txa2a37677aa454392a82dd-00692e354f" "proxy-server 86829" 0.0291 "-" 94054 0
Dec 01 19:39:43 np0005541722.novalocal container-server[93753]: ::1 - - [02/Dec/2025:00:39:43 +0000] "PUT /1/181425/AUTH_71f03d698f7645fb92ce29512b9f0297/gnocchi.322129eb-132a-489f-8683-b9778dcf1e8f/1763640000.0_mean_300.0_v3" 201 - "PUT http://[::1]:8080/3/242856/AUTH_71f03d698f7645fb92ce29512b9f0297/gnocchi.322129eb-132a-489f-8683-b9778dcf1e8f/1763640000.0_mean_300.0_v3" "txa2a37677aa454392a82dd-00692e354f" "object-server 94056" 0.0004 "-" 93753 0
Dec 01 19:39:43 np0005541722.novalocal container-server[93752]: ::1 - - [02/Dec/2025:00:39:43 +0000] "HEAD /3/115200/AUTH_71f03d698f7645fb92ce29512b9f0297/gnocchi.69e555dd-ae0f-4315-a988-5fa88233b4b6" 404 - "HEAD http://[::1]:8080/v1/AUTH_71f03d698f7645fb92ce29512b9f0297/gnocchi.69e555dd-ae0f-4315-a988-5fa88233b4b6?format=json&states=listing" "txbc243e867c7e4a1a8fb00-00692e354f" "proxy-server 86829" 0.0003 "-" 93752 0
Dec 01 19:39:43 np0005541722.novalocal object-server[94056]: ::1 - - [02/Dec/2025:00:39:43 +0000] "PUT /3/242856/AUTH_71f03d698f7645fb92ce29512b9f0297/gnocchi.322129eb-132a-489f-8683-b9778dcf1e8f/1763640000.0_mean_300.0_v3" 201 - "PUT http://[::1]:8080/v1/AUTH_71f03d698f7645fb92ce29512b9f0297/gnocchi.322129eb-132a-489f-8683-b9778dcf1e8f/1763640000.0_mean_300.0_v3" "txa2a37677aa454392a82dd-00692e354f" "proxy-server 86829" 0.0337 "-" 94056 0
Dec 01 19:39:43 np0005541722.novalocal container-server[93750]: ::1 - - [02/Dec/2025:00:39:43 +0000] "HEAD /2/115200/AUTH_71f03d698f7645fb92ce29512b9f0297/gnocchi.69e555dd-ae0f-4315-a988-5fa88233b4b6" 404 - "HEAD http://[::1]:8080/v1/AUTH_71f03d698f7645fb92ce29512b9f0297/gnocchi.69e555dd-ae0f-4315-a988-5fa88233b4b6?format=json&states=listing" "txbc243e867c7e4a1a8fb00-00692e354f" "proxy-server 86829" 0.0002 "-" 93750 0
Dec 01 19:39:43 np0005541722.novalocal container-server[93751]: ::1 - - [02/Dec/2025:00:39:43 +0000] "PUT /3/181425/AUTH_71f03d698f7645fb92ce29512b9f0297/gnocchi.322129eb-132a-489f-8683-b9778dcf1e8f/1763640000.0_mean_300.0_v3" 201 - "PUT http://[::1]:8080/1/242856/AUTH_71f03d698f7645fb92ce29512b9f0297/gnocchi.322129eb-132a-489f-8683-b9778dcf1e8f/1763640000.0_mean_300.0_v3" "txa2a37677aa454392a82dd-00692e354f" "object-server 94054" 0.0005 "-" 93751 0
Dec 01 19:39:43 np0005541722.novalocal container-server[93751]: ::1 - - [02/Dec/2025:00:39:43 +0000] "HEAD /1/115200/AUTH_71f03d698f7645fb92ce29512b9f0297/gnocchi.69e555dd-ae0f-4315-a988-5fa88233b4b6" 404 - "HEAD http://[::1]:8080/v1/AUTH_71f03d698f7645fb92ce29512b9f0297/gnocchi.69e555dd-ae0f-4315-a988-5fa88233b4b6?format=json&states=listing" "txbc243e867c7e4a1a8fb00-00692e354f" "proxy-server 86829" 0.0002 "-" 93751 0
Dec 01 19:39:43 np0005541722.novalocal object-server[94054]: ::1 - - [02/Dec/2025:00:39:43 +0000] "PUT /1/242856/AUTH_71f03d698f7645fb92ce29512b9f0297/gnocchi.322129eb-132a-489f-8683-b9778dcf1e8f/1763640000.0_mean_300.0_v3" 201 - "PUT http://[::1]:8080/v1/AUTH_71f03d698f7645fb92ce29512b9f0297/gnocchi.322129eb-132a-489f-8683-b9778dcf1e8f/1763640000.0_mean_300.0_v3" "txa2a37677aa454392a82dd-00692e354f" "proxy-server 86829" 0.0388 "-" 94054 0
Dec 01 19:39:43 np0005541722.novalocal proxy-server[86829]: ::1 ::1 02/Dec/2025/00/39/43 PUT /v1/AUTH_71f03d698f7645fb92ce29512b9f0297/gnocchi.322129eb-132a-489f-8683-b9778dcf1e8f/1763640000.0_mean_300.0_v3 HTTP/1.0 201 - python-swiftclient-4.2.0 gAAAAABpLjU42Jqt... 16 - - txa2a37677aa454392a82dd-00692e354f - 0.0460 - - 1764635983.796354532 1764635983.842309237 0
Dec 01 19:39:43 np0005541722.novalocal kernel: sd 2:0:0:0: [sda] Synchronizing SCSI cache
Dec 01 19:39:43 np0005541722.novalocal object-server[94056]: ::1 - - [02/Dec/2025:00:39:43 +0000] "GET /1/239130/AUTH_71f03d698f7645fb92ce29512b9f0297/gnocchi.69e555dd-ae0f-4315-a988-5fa88233b4b6/none_v3" 404 70 "GET http://[::1]:8080/v1/AUTH_71f03d698f7645fb92ce29512b9f0297/gnocchi.69e555dd-ae0f-4315-a988-5fa88233b4b6/none_v3" "txbc243e867c7e4a1a8fb00-00692e354f" "proxy-server 86829" 0.0003 "-" 94056 0
Dec 01 19:39:43 np0005541722.novalocal object-server[94055]: ::1 - - [02/Dec/2025:00:39:43 +0000] "GET /3/239130/AUTH_71f03d698f7645fb92ce29512b9f0297/gnocchi.69e555dd-ae0f-4315-a988-5fa88233b4b6/none_v3" 404 70 "GET http://[::1]:8080/v1/AUTH_71f03d698f7645fb92ce29512b9f0297/gnocchi.69e555dd-ae0f-4315-a988-5fa88233b4b6/none_v3" "txbc243e867c7e4a1a8fb00-00692e354f" "proxy-server 86829" 0.0003 "-" 94055 0
Dec 01 19:39:43 np0005541722.novalocal object-server[94056]: ::1 - - [02/Dec/2025:00:39:43 +0000] "GET /2/239130/AUTH_71f03d698f7645fb92ce29512b9f0297/gnocchi.69e555dd-ae0f-4315-a988-5fa88233b4b6/none_v3" 404 70 "GET http://[::1]:8080/v1/AUTH_71f03d698f7645fb92ce29512b9f0297/gnocchi.69e555dd-ae0f-4315-a988-5fa88233b4b6/none_v3" "txbc243e867c7e4a1a8fb00-00692e354f" "proxy-server 86829" 0.0002 "-" 94056 0
Dec 01 19:39:43 np0005541722.novalocal kernel: scsi 2:0:0:0: alua: Detached
Dec 01 19:39:43 np0005541722.novalocal proxy-server[86829]: ::1 ::1 02/Dec/2025/00/39/43 GET /v1/AUTH_71f03d698f7645fb92ce29512b9f0297/gnocchi.69e555dd-ae0f-4315-a988-5fa88233b4b6/none_v3 HTTP/1.0 404 - python-swiftclient-4.2.0 gAAAAABpLjUvHoCr... - 70 - txbc243e867c7e4a1a8fb00-00692e354f - 0.0319 - - 1764635983.828730583 1764635983.860626459 0
Dec 01 19:39:43 np0005541722.novalocal container-server[93750]: ::1 - - [02/Dec/2025:00:39:43 +0000] "PUT /1/181425/AUTH_71f03d698f7645fb92ce29512b9f0297/gnocchi.322129eb-132a-489f-8683-b9778dcf1e8f/none_v3" 201 - "PUT http://[::1]:8080/1/201604/AUTH_71f03d698f7645fb92ce29512b9f0297/gnocchi.322129eb-132a-489f-8683-b9778dcf1e8f/none_v3" "tx0ca49a5954c9499c97c7f-00692e354f" "object-server 94057" 0.0006 "-" 93750 0
Dec 01 19:39:43 np0005541722.novalocal object-server[94057]: ::1 - - [02/Dec/2025:00:39:43 +0000] "PUT /1/201604/AUTH_71f03d698f7645fb92ce29512b9f0297/gnocchi.322129eb-132a-489f-8683-b9778dcf1e8f/none_v3" 201 - "PUT http://[::1]:8080/v1/AUTH_71f03d698f7645fb92ce29512b9f0297/gnocchi.322129eb-132a-489f-8683-b9778dcf1e8f/none_v3" "tx0ca49a5954c9499c97c7f-00692e354f" "proxy-server 86829" 0.0269 "-" 94057 0
Dec 01 19:39:43 np0005541722.novalocal systemd-udevd[101197]: sda15: Failed to process device, ignoring: No such file or directory
Dec 01 19:39:43 np0005541722.novalocal systemd-udevd[101175]: sda1: Failed to process device, ignoring: No such file or directory
Dec 01 19:39:43 np0005541722.novalocal container-server[93752]: ::1 - - [02/Dec/2025:00:39:43 +0000] "PUT /3/181425/AUTH_71f03d698f7645fb92ce29512b9f0297/gnocchi.322129eb-132a-489f-8683-b9778dcf1e8f/none_v3" 201 - "PUT http://[::1]:8080/3/201604/AUTH_71f03d698f7645fb92ce29512b9f0297/gnocchi.322129eb-132a-489f-8683-b9778dcf1e8f/none_v3" "tx0ca49a5954c9499c97c7f-00692e354f" "object-server 94056" 0.0005 "-" 93752 0
Dec 01 19:39:43 np0005541722.novalocal object-server[94056]: ::1 - - [02/Dec/2025:00:39:43 +0000] "PUT /3/201604/AUTH_71f03d698f7645fb92ce29512b9f0297/gnocchi.322129eb-132a-489f-8683-b9778dcf1e8f/none_v3" 201 - "PUT http://[::1]:8080/v1/AUTH_71f03d698f7645fb92ce29512b9f0297/gnocchi.322129eb-132a-489f-8683-b9778dcf1e8f/none_v3" "tx0ca49a5954c9499c97c7f-00692e354f" "proxy-server 86829" 0.0390 "-" 94056 0
Dec 01 19:39:43 np0005541722.novalocal iscsid[76545]: iscsid: Connection1:0 to [target: iqn.2010-10.org.openstack:volume-6ac7610c-1589-4c70-8e62-d570f85f3b52, portal: ::1,3260] through [iface: default] is shutdown.
Dec 01 19:39:43 np0005541722.novalocal container-server[93751]: ::1 - - [02/Dec/2025:00:39:43 +0000] "PUT /2/181425/AUTH_71f03d698f7645fb92ce29512b9f0297/gnocchi.322129eb-132a-489f-8683-b9778dcf1e8f/none_v3" 201 - "PUT http://[::1]:8080/2/201604/AUTH_71f03d698f7645fb92ce29512b9f0297/gnocchi.322129eb-132a-489f-8683-b9778dcf1e8f/none_v3" "tx0ca49a5954c9499c97c7f-00692e354f" "object-server 94054" 0.0004 "-" 93751 0
Dec 01 19:39:43 np0005541722.novalocal object-server[94054]: ::1 - - [02/Dec/2025:00:39:43 +0000] "PUT /2/201604/AUTH_71f03d698f7645fb92ce29512b9f0297/gnocchi.322129eb-132a-489f-8683-b9778dcf1e8f/none_v3" 201 - "PUT http://[::1]:8080/v1/AUTH_71f03d698f7645fb92ce29512b9f0297/gnocchi.322129eb-132a-489f-8683-b9778dcf1e8f/none_v3" "tx0ca49a5954c9499c97c7f-00692e354f" "proxy-server 86829" 0.0793 "-" 94054 0
Dec 01 19:39:43 np0005541722.novalocal proxy-server[86829]: ::1 ::1 02/Dec/2025/00/39/43 PUT /v1/AUTH_71f03d698f7645fb92ce29512b9f0297/gnocchi.322129eb-132a-489f-8683-b9778dcf1e8f/none_v3 HTTP/1.0 201 - python-swiftclient-4.2.0 gAAAAABpLjU42Jqt... 22 - - tx0ca49a5954c9499c97c7f-00692e354f - 0.0848 - - 1764635983.848262310 1764635983.933104753 0
Dec 01 19:39:43 np0005541722.novalocal account-server[93452]: ::1 - - [02/Dec/2025:00:39:43 +0000] "PUT /2/177703/AUTH_71f03d698f7645fb92ce29512b9f0297/gnocchi.69e555dd-ae0f-4315-a988-5fa88233b4b6" 201 - "PUT http://[::1]:6001/2/115200/AUTH_71f03d698f7645fb92ce29512b9f0297/gnocchi.69e555dd-ae0f-4315-a988-5fa88233b4b6" "tx874d8a7ace0a495fac64d-00692e354f" "container-server 93751" 0.0081 "-" 93452 0
Dec 01 19:39:43 np0005541722.novalocal account-server[93455]: ::1 - - [02/Dec/2025:00:39:43 +0000] "PUT /1/177703/AUTH_71f03d698f7645fb92ce29512b9f0297/gnocchi.69e555dd-ae0f-4315-a988-5fa88233b4b6" 201 - "PUT http://[::1]:6001/3/115200/AUTH_71f03d698f7645fb92ce29512b9f0297/gnocchi.69e555dd-ae0f-4315-a988-5fa88233b4b6" "tx874d8a7ace0a495fac64d-00692e354f" "container-server 93751" 0.0082 "-" 93455 0
Dec 01 19:39:43 np0005541722.novalocal account-server[93454]: ::1 - - [02/Dec/2025:00:39:43 +0000] "PUT /3/177703/AUTH_71f03d698f7645fb92ce29512b9f0297/gnocchi.69e555dd-ae0f-4315-a988-5fa88233b4b6" 201 - "PUT http://[::1]:6001/1/115200/AUTH_71f03d698f7645fb92ce29512b9f0297/gnocchi.69e555dd-ae0f-4315-a988-5fa88233b4b6" "tx874d8a7ace0a495fac64d-00692e354f" "container-server 93751" 0.0076 "-" 93454 0
Dec 01 19:39:43 np0005541722.novalocal container-server[93751]: ::1 - - [02/Dec/2025:00:39:43 +0000] "PUT /3/115200/AUTH_71f03d698f7645fb92ce29512b9f0297/gnocchi.69e555dd-ae0f-4315-a988-5fa88233b4b6" 201 - "PUT http://[::1]:8080/v1/AUTH_71f03d698f7645fb92ce29512b9f0297/gnocchi.69e555dd-ae0f-4315-a988-5fa88233b4b6" "tx874d8a7ace0a495fac64d-00692e354f" "proxy-server 86829" 0.0657 "-" 93751 0
Dec 01 19:39:43 np0005541722.novalocal container-server[93751]: ::1 - - [02/Dec/2025:00:39:43 +0000] "PUT /2/115200/AUTH_71f03d698f7645fb92ce29512b9f0297/gnocchi.69e555dd-ae0f-4315-a988-5fa88233b4b6" 201 - "PUT http://[::1]:8080/v1/AUTH_71f03d698f7645fb92ce29512b9f0297/gnocchi.69e555dd-ae0f-4315-a988-5fa88233b4b6" "tx874d8a7ace0a495fac64d-00692e354f" "proxy-server 86829" 0.0333 "-" 93751 0
Dec 01 19:39:43 np0005541722.novalocal container-server[93751]: ::1 - - [02/Dec/2025:00:39:43 +0000] "PUT /1/115200/AUTH_71f03d698f7645fb92ce29512b9f0297/gnocchi.69e555dd-ae0f-4315-a988-5fa88233b4b6" 201 - "PUT http://[::1]:8080/v1/AUTH_71f03d698f7645fb92ce29512b9f0297/gnocchi.69e555dd-ae0f-4315-a988-5fa88233b4b6" "tx874d8a7ace0a495fac64d-00692e354f" "proxy-server 86829" 0.0536 "-" 93751 0
Dec 01 19:39:43 np0005541722.novalocal proxy-server[86829]: ::1 ::1 02/Dec/2025/00/39/43 PUT /v1/AUTH_71f03d698f7645fb92ce29512b9f0297/gnocchi.69e555dd-ae0f-4315-a988-5fa88233b4b6 HTTP/1.0 201 - python-swiftclient-4.2.0 gAAAAABpLjUvHoCr... - - - tx874d8a7ace0a495fac64d-00692e354f - 0.0797 - - 1764635983.863301516 1764635983.943003178 0
Dec 01 19:39:43 np0005541722.novalocal container-server[93752]: ::1 - - [02/Dec/2025:00:39:43 +0000] "HEAD /3/115200/AUTH_71f03d698f7645fb92ce29512b9f0297/gnocchi.69e555dd-ae0f-4315-a988-5fa88233b4b6" 204 - "HEAD http://[::1]:8080/v1/AUTH_71f03d698f7645fb92ce29512b9f0297/gnocchi.69e555dd-ae0f-4315-a988-5fa88233b4b6?format=json&states=listing" "tx27c8c59b2a1f475fa9b0c-00692e354f" "proxy-server 86829" 0.0016 "-" 93752 0
Dec 01 19:39:43 np0005541722.novalocal container-server[93750]: ::1 - - [02/Dec/2025:00:39:43 +0000] "GET /1/115200/AUTH_71f03d698f7645fb92ce29512b9f0297/gnocchi.69e555dd-ae0f-4315-a988-5fa88233b4b6" 200 2 "GET http://[::1]:8080/v1/AUTH_71f03d698f7645fb92ce29512b9f0297/gnocchi.69e555dd-ae0f-4315-a988-5fa88233b4b6?format=json&states=listing" "tx27c8c59b2a1f475fa9b0c-00692e354f" "proxy-server 86829" 0.0025 "-" 93750 0
Dec 01 19:39:43 np0005541722.novalocal proxy-server[86829]: ::1 ::1 02/Dec/2025/00/39/43 GET /v1/AUTH_71f03d698f7645fb92ce29512b9f0297/gnocchi.69e555dd-ae0f-4315-a988-5fa88233b4b6%3Fformat%3Djson%26states%3Dlisting HTTP/1.0 200 - python-swiftclient-4.2.0 gAAAAABpLjUvHoCr... - 2 - tx27c8c59b2a1f475fa9b0c-00692e354f - 0.0162 - - 1764635983.946725607 1764635983.962932825 0
Dec 01 19:39:43 np0005541722.novalocal object-server[94057]: ::1 - - [02/Dec/2025:00:39:43 +0000] "GET /2/82948/AUTH_71f03d698f7645fb92ce29512b9f0297/gnocchi.69e555dd-ae0f-4315-a988-5fa88233b4b6/1763640000.0_mean_300.0_v3" 404 70 "GET http://[::1]:8080/v1/AUTH_71f03d698f7645fb92ce29512b9f0297/gnocchi.69e555dd-ae0f-4315-a988-5fa88233b4b6/1763640000.0_mean_300.0_v3" "tx0be2f85fd77f42efa079b-00692e354f" "proxy-server 86829" 0.0003 "-" 94057 0
Dec 01 19:39:43 np0005541722.novalocal object-server[94057]: ::1 - - [02/Dec/2025:00:39:43 +0000] "GET /3/82948/AUTH_71f03d698f7645fb92ce29512b9f0297/gnocchi.69e555dd-ae0f-4315-a988-5fa88233b4b6/1763640000.0_mean_300.0_v3" 404 70 "GET http://[::1]:8080/v1/AUTH_71f03d698f7645fb92ce29512b9f0297/gnocchi.69e555dd-ae0f-4315-a988-5fa88233b4b6/1763640000.0_mean_300.0_v3" "tx0be2f85fd77f42efa079b-00692e354f" "proxy-server 86829" 0.0003 "-" 94057 0
Dec 01 19:39:43 np0005541722.novalocal object-server[94056]: ::1 - - [02/Dec/2025:00:39:43 +0000] "GET /1/82948/AUTH_71f03d698f7645fb92ce29512b9f0297/gnocchi.69e555dd-ae0f-4315-a988-5fa88233b4b6/1763640000.0_mean_300.0_v3" 404 70 "GET http://[::1]:8080/v1/AUTH_71f03d698f7645fb92ce29512b9f0297/gnocchi.69e555dd-ae0f-4315-a988-5fa88233b4b6/1763640000.0_mean_300.0_v3" "tx0be2f85fd77f42efa079b-00692e354f" "proxy-server 86829" 0.0003 "-" 94056 0
Dec 01 19:39:43 np0005541722.novalocal proxy-server[86829]: ::1 ::1 02/Dec/2025/00/39/43 GET /v1/AUTH_71f03d698f7645fb92ce29512b9f0297/gnocchi.69e555dd-ae0f-4315-a988-5fa88233b4b6/1763640000.0_mean_300.0_v3 HTTP/1.0 404 - python-swiftclient-4.2.0 gAAAAABpLjUvHoCr... - 70 - tx0be2f85fd77f42efa079b-00692e354f - 0.0175 - - 1764635983.966901302 1764635983.984374523 0
Dec 01 19:39:44 np0005541722.novalocal container-server[93750]: ::1 - - [02/Dec/2025:00:39:44 +0000] "HEAD /1/178299/AUTH_71f03d698f7645fb92ce29512b9f0297/gnocchi.46eb6aaf-ac3e-4a4e-9a21-a94131ca07e2" 404 - "HEAD http://[::1]:8080/v1/AUTH_71f03d698f7645fb92ce29512b9f0297/gnocchi.46eb6aaf-ac3e-4a4e-9a21-a94131ca07e2?format=json&states=listing" "tx65eb1f4339744bbeaa61a-00692e3550" "proxy-server 86829" 0.0004 "-" 93750 0
Dec 01 19:39:44 np0005541722.novalocal container-server[93752]: ::1 - - [02/Dec/2025:00:39:44 +0000] "HEAD /3/178299/AUTH_71f03d698f7645fb92ce29512b9f0297/gnocchi.46eb6aaf-ac3e-4a4e-9a21-a94131ca07e2" 404 - "HEAD http://[::1]:8080/v1/AUTH_71f03d698f7645fb92ce29512b9f0297/gnocchi.46eb6aaf-ac3e-4a4e-9a21-a94131ca07e2?format=json&states=listing" "tx65eb1f4339744bbeaa61a-00692e3550" "proxy-server 86829" 0.0003 "-" 93752 0
Dec 01 19:39:44 np0005541722.novalocal container-server[93751]: ::1 - - [02/Dec/2025:00:39:44 +0000] "HEAD /2/178299/AUTH_71f03d698f7645fb92ce29512b9f0297/gnocchi.46eb6aaf-ac3e-4a4e-9a21-a94131ca07e2" 404 - "HEAD http://[::1]:8080/v1/AUTH_71f03d698f7645fb92ce29512b9f0297/gnocchi.46eb6aaf-ac3e-4a4e-9a21-a94131ca07e2?format=json&states=listing" "tx65eb1f4339744bbeaa61a-00692e3550" "proxy-server 86829" 0.0005 "-" 93751 0
Dec 01 19:39:44 np0005541722.novalocal object-server[94054]: ::1 - - [02/Dec/2025:00:39:44 +0000] "GET /1/245743/AUTH_71f03d698f7645fb92ce29512b9f0297/gnocchi.46eb6aaf-ac3e-4a4e-9a21-a94131ca07e2/none_v3" 404 70 "GET http://[::1]:8080/v1/AUTH_71f03d698f7645fb92ce29512b9f0297/gnocchi.46eb6aaf-ac3e-4a4e-9a21-a94131ca07e2/none_v3" "tx65eb1f4339744bbeaa61a-00692e3550" "proxy-server 86829" 0.0003 "-" 94054 0
Dec 01 19:39:44 np0005541722.novalocal container-server[93750]: ::1 - - [02/Dec/2025:00:39:44 +0000] "PUT /2/115200/AUTH_71f03d698f7645fb92ce29512b9f0297/gnocchi.69e555dd-ae0f-4315-a988-5fa88233b4b6/1763640000.0_mean_300.0_v3" 201 - "PUT http://[::1]:8080/1/82948/AUTH_71f03d698f7645fb92ce29512b9f0297/gnocchi.69e555dd-ae0f-4315-a988-5fa88233b4b6/1763640000.0_mean_300.0_v3" "txe0f4ba1961fb4bfb9abf9-00692e354f" "object-server 94056" 0.0006 "-" 93750 0
