Dec 01 19:39:38 np0005541722.novalocal sudo[101142]: cinder : PWD=/ ; USER=root ; COMMAND=/usr/bin/cinder-rootwrap /etc/cinder/rootwrap.conf env LC_ALL=C lvs --noheadings --unit=g -o vg_name,name,size --nosuffix --readonly cinder-volumes
Dec 01 19:39:38 np0005541722.novalocal systemd[1]: Started Session c131 of User root.
Dec 01 19:39:38 np0005541722.novalocal sudo[101142]: pam_unix(sudo:session): session opened for user root(uid=0) by (uid=165)
Dec 01 19:39:38 np0005541722.novalocal haproxy-metadata-proxy-ad09cdc6-f750-4018-a3e6-1082e98caaae[100412]: ::ffff:10.100.0.13:33924 [01/Dec/2025:19:39:35.187] listener listener/metadata 0/0/0/3621/3621 200 147 - - ---- 1/1/0/0/0 0/0 "GET /2009-04-04/meta-data/public-keys HTTP/1.1"
Dec 01 19:39:39 np0005541722.novalocal haproxy-metadata-proxy-ad09cdc6-f750-4018-a3e6-1082e98caaae[100412]: ::ffff:10.100.0.13:33926 [01/Dec/2025:19:39:38.838] listener listener/metadata 0/0/0/218/218 200 325 - - ---- 1/1/0/0/0 0/0 "GET /2009-04-04/meta-data/public-keys/0/openssh-key HTTP/1.1"
Dec 01 19:39:39 np0005541722.novalocal sudo[101142]: pam_unix(sudo:session): session closed for user root
Dec 01 19:39:39 np0005541722.novalocal systemd[1]: session-c131.scope: Deactivated successfully.
Dec 01 19:39:39 np0005541722.novalocal sudo[101147]: cinder : PWD=/ ; USER=root ; COMMAND=/usr/bin/cinder-rootwrap /etc/cinder/rootwrap.conf env LC_ALL=C lvs --noheadings --unit=g -o size,data_percent --separator : --nosuffix /dev/cinder-volumes/cinder-volumes-pool
Dec 01 19:39:39 np0005541722.novalocal systemd[1]: Started Session c132 of User root.
Dec 01 19:39:39 np0005541722.novalocal sudo[101147]: pam_unix(sudo:session): session opened for user root(uid=0) by (uid=165)
Dec 01 19:39:39 np0005541722.novalocal haproxy-metadata-proxy-ad09cdc6-f750-4018-a3e6-1082e98caaae[100412]: ::ffff:10.100.0.13:33928 [01/Dec/2025:19:39:39.110] listener listener/metadata 0/0/0/86/86 200 130 - - ---- 1/1/0/0/0 0/0 "GET /2009-04-04/meta-data/instance-id HTTP/1.1"
Dec 01 19:39:39 np0005541722.novalocal systemd[1]: NetworkManager-dispatcher.service: Deactivated successfully.
Dec 01 19:39:39 np0005541722.novalocal haproxy-metadata-proxy-ad09cdc6-f750-4018-a3e6-1082e98caaae[100412]: ::ffff:10.100.0.13:33930 [01/Dec/2025:19:39:39.258] listener listener/metadata 0/0/0/100/100 200 120 - - ---- 1/1/0/0/0 0/0 "GET /2009-04-04/meta-data/ami-launch-index HTTP/1.1"
Dec 01 19:39:39 np0005541722.novalocal sudo[101147]: pam_unix(sudo:session): session closed for user root
Dec 01 19:39:39 np0005541722.novalocal haproxy-metadata-proxy-ad09cdc6-f750-4018-a3e6-1082e98caaae[100412]: ::ffff:10.100.0.13:33932 [01/Dec/2025:19:39:39.429] listener listener/metadata 0/0/0/80/80 200 126 - - ---- 1/1/0/0/0 0/0 "GET /2009-04-04/meta-data/instance-type HTTP/1.1"
Dec 01 19:39:39 np0005541722.novalocal systemd[1]: session-c132.scope: Deactivated successfully.
Dec 01 19:39:39 np0005541722.novalocal sudo[101152]: cinder : PWD=/ ; USER=root ; COMMAND=/usr/bin/cinder-rootwrap /etc/cinder/rootwrap.conf env LC_ALL=C lvs --noheadings --unit=g -o vg_name,name,size --nosuffix --readonly cinder-volumes
Dec 01 19:39:39 np0005541722.novalocal systemd[1]: Started Session c133 of User root.
Dec 01 19:39:39 np0005541722.novalocal sudo[101152]: pam_unix(sudo:session): session opened for user root(uid=0) by (uid=165)
Dec 01 19:39:39 np0005541722.novalocal haproxy-metadata-proxy-ad09cdc6-f750-4018-a3e6-1082e98caaae[100412]: ::ffff:10.100.0.13:33934 [01/Dec/2025:19:39:39.588] listener listener/metadata 0/0/0/104/104 200 131 - - ---- 1/1/0/0/0 0/0 "GET /2009-04-04/meta-data/local-ipv4 HTTP/1.1"
Dec 01 19:39:39 np0005541722.novalocal container-server[93818]: Beginning replication run
Dec 01 19:39:39 np0005541722.novalocal haproxy-metadata-proxy-ad09cdc6-f750-4018-a3e6-1082e98caaae[100412]: ::ffff:10.100.0.13:33936 [01/Dec/2025:19:39:39.768] listener listener/metadata 0/0/0/65/65 200 131 - - ---- 1/1/0/0/0 0/0 "GET /2009-04-04/meta-data/public-ipv4 HTTP/1.1"
Dec 01 19:39:39 np0005541722.novalocal sudo[101152]: pam_unix(sudo:session): session closed for user root
Dec 01 19:39:39 np0005541722.novalocal systemd[1]: session-c133.scope: Deactivated successfully.
Dec 01 19:39:40 np0005541722.novalocal dnsmasq-dhcp[100000]: DHCPDISCOVER(tap817a68f3-a3) fa:16:3e:78:57:69
Dec 01 19:39:40 np0005541722.novalocal dnsmasq-dhcp[100000]: DHCPOFFER(tap817a68f3-a3) 10.100.0.12 fa:16:3e:78:57:69
Dec 01 19:39:40 np0005541722.novalocal dnsmasq-dhcp[100000]: DHCPREQUEST(tap817a68f3-a3) 10.100.0.12 fa:16:3e:78:57:69
Dec 01 19:39:40 np0005541722.novalocal dnsmasq-dhcp[100000]: DHCPACK(tap817a68f3-a3) 10.100.0.12 fa:16:3e:78:57:69 host-10-100-0-12
Dec 01 19:39:40 np0005541722.novalocal haproxy-metadata-proxy-ad09cdc6-f750-4018-a3e6-1082e98caaae[100412]: ::ffff:10.100.0.13:33938 [01/Dec/2025:19:39:39.891] listener listener/metadata 0/0/0/125/125 200 185 - - ---- 1/1/0/0/0 0/0 "GET /2009-04-04/meta-data/hostname HTTP/1.1"
Dec 01 19:39:40 np0005541722.novalocal container-server[93752]: ::1 - - [02/Dec/2025:00:39:40 +0000] "HEAD /1/87816/AUTH_71f03d698f7645fb92ce29512b9f0297/gnocchi.11bd41b7-8fd7-4125-8baa-2bcb77747976" 404 - "HEAD http://[::1]:8080/v1/AUTH_71f03d698f7645fb92ce29512b9f0297/gnocchi.11bd41b7-8fd7-4125-8baa-2bcb77747976?format=json&states=listing" "txfaff05b2b4d74f58ad197-00692e354c" "proxy-server 86829" 0.0005 "-" 93752 0
Dec 01 19:39:40 np0005541722.novalocal container-server[93751]: ::1 - - [02/Dec/2025:00:39:40 +0000] "HEAD /2/181387/AUTH_71f03d698f7645fb92ce29512b9f0297/gnocchi.23aa0435-118d-4bbb-8f99-10e36424d79f" 404 - "HEAD http://[::1]:8080/v1/AUTH_71f03d698f7645fb92ce29512b9f0297/gnocchi.23aa0435-118d-4bbb-8f99-10e36424d79f?format=json&states=listing" "tx3cfe474f88744eadba07c-00692e354c" "proxy-server 86829" 0.0004 "-" 93751 0
Dec 01 19:39:40 np0005541722.novalocal container-server[93750]: ::1 - - [02/Dec/2025:00:39:40 +0000] "HEAD /2/87816/AUTH_71f03d698f7645fb92ce29512b9f0297/gnocchi.11bd41b7-8fd7-4125-8baa-2bcb77747976" 404 - "HEAD http://[::1]:8080/v1/AUTH_71f03d698f7645fb92ce29512b9f0297/gnocchi.11bd41b7-8fd7-4125-8baa-2bcb77747976?format=json&states=listing" "txfaff05b2b4d74f58ad197-00692e354c" "proxy-server 86829" 0.0005 "-" 93750 0
Dec 01 19:39:40 np0005541722.novalocal container-server[93750]: ::1 - - [02/Dec/2025:00:39:40 +0000] "HEAD /1/181387/AUTH_71f03d698f7645fb92ce29512b9f0297/gnocchi.23aa0435-118d-4bbb-8f99-10e36424d79f" 404 - "HEAD http://[::1]:8080/v1/AUTH_71f03d698f7645fb92ce29512b9f0297/gnocchi.23aa0435-118d-4bbb-8f99-10e36424d79f?format=json&states=listing" "tx3cfe474f88744eadba07c-00692e354c" "proxy-server 86829" 0.0004 "-" 93750 0
Dec 01 19:39:40 np0005541722.novalocal container-server[93753]: ::1 - - [02/Dec/2025:00:39:40 +0000] "HEAD /3/181387/AUTH_71f03d698f7645fb92ce29512b9f0297/gnocchi.23aa0435-118d-4bbb-8f99-10e36424d79f" 404 - "HEAD http://[::1]:8080/v1/AUTH_71f03d698f7645fb92ce29512b9f0297/gnocchi.23aa0435-118d-4bbb-8f99-10e36424d79f?format=json&states=listing" "tx3cfe474f88744eadba07c-00692e354c" "proxy-server 86829" 0.0003 "-" 93753 0
Dec 01 19:39:40 np0005541722.novalocal container-server[93751]: ::1 - - [02/Dec/2025:00:39:40 +0000] "HEAD /3/87816/AUTH_71f03d698f7645fb92ce29512b9f0297/gnocchi.11bd41b7-8fd7-4125-8baa-2bcb77747976" 404 - "HEAD http://[::1]:8080/v1/AUTH_71f03d698f7645fb92ce29512b9f0297/gnocchi.11bd41b7-8fd7-4125-8baa-2bcb77747976?format=json&states=listing" "txfaff05b2b4d74f58ad197-00692e354c" "proxy-server 86829" 0.0005 "-" 93751 0
Dec 01 19:39:40 np0005541722.novalocal object-server[94057]: ::1 - - [02/Dec/2025:00:39:40 +0000] "GET /3/132339/AUTH_71f03d698f7645fb92ce29512b9f0297/gnocchi.23aa0435-118d-4bbb-8f99-10e36424d79f/none_v3" 404 70 "GET http://[::1]:8080/v1/AUTH_71f03d698f7645fb92ce29512b9f0297/gnocchi.23aa0435-118d-4bbb-8f99-10e36424d79f/none_v3" "tx3cfe474f88744eadba07c-00692e354c" "proxy-server 86829" 0.0006 "-" 94057 0
Dec 01 19:39:40 np0005541722.novalocal object-server[94054]: ::1 - - [02/Dec/2025:00:39:40 +0000] "GET /2/228962/AUTH_71f03d698f7645fb92ce29512b9f0297/gnocchi.11bd41b7-8fd7-4125-8baa-2bcb77747976/none_v3" 404 70 "GET http://[::1]:8080/v1/AUTH_71f03d698f7645fb92ce29512b9f0297/gnocchi.11bd41b7-8fd7-4125-8baa-2bcb77747976/none_v3" "txfaff05b2b4d74f58ad197-00692e354c" "proxy-server 86829" 0.0003 "-" 94054 0
Dec 01 19:39:40 np0005541722.novalocal object-server[94056]: ::1 - - [02/Dec/2025:00:39:40 +0000] "GET /1/228962/AUTH_71f03d698f7645fb92ce29512b9f0297/gnocchi.11bd41b7-8fd7-4125-8baa-2bcb77747976/none_v3" 404 70 "GET http://[::1]:8080/v1/AUTH_71f03d698f7645fb92ce29512b9f0297/gnocchi.11bd41b7-8fd7-4125-8baa-2bcb77747976/none_v3" "txfaff05b2b4d74f58ad197-00692e354c" "proxy-server 86829" 0.0006 "-" 94056 0
Dec 01 19:39:40 np0005541722.novalocal object-server[94057]: ::1 - - [02/Dec/2025:00:39:40 +0000] "GET /1/132339/AUTH_71f03d698f7645fb92ce29512b9f0297/gnocchi.23aa0435-118d-4bbb-8f99-10e36424d79f/none_v3" 404 70 "GET http://[::1]:8080/v1/AUTH_71f03d698f7645fb92ce29512b9f0297/gnocchi.23aa0435-118d-4bbb-8f99-10e36424d79f/none_v3" "tx3cfe474f88744eadba07c-00692e354c" "proxy-server 86829" 0.0003 "-" 94057 0
Dec 01 19:39:40 np0005541722.novalocal object-server[94056]: ::1 - - [02/Dec/2025:00:39:40 +0000] "GET /2/132339/AUTH_71f03d698f7645fb92ce29512b9f0297/gnocchi.23aa0435-118d-4bbb-8f99-10e36424d79f/none_v3" 404 70 "GET http://[::1]:8080/v1/AUTH_71f03d698f7645fb92ce29512b9f0297/gnocchi.23aa0435-118d-4bbb-8f99-10e36424d79f/none_v3" "tx3cfe474f88744eadba07c-00692e354c" "proxy-server 86829" 0.0003 "-" 94056 0
Dec 01 19:39:40 np0005541722.novalocal object-server[94054]: ::1 - - [02/Dec/2025:00:39:40 +0000] "GET /3/228962/AUTH_71f03d698f7645fb92ce29512b9f0297/gnocchi.11bd41b7-8fd7-4125-8baa-2bcb77747976/none_v3" 404 70 "GET http://[::1]:8080/v1/AUTH_71f03d698f7645fb92ce29512b9f0297/gnocchi.11bd41b7-8fd7-4125-8baa-2bcb77747976/none_v3" "txfaff05b2b4d74f58ad197-00692e354c" "proxy-server 86829" 0.0004 "-" 94054 0
Dec 01 19:39:40 np0005541722.novalocal proxy-server[86829]: ::1 ::1 02/Dec/2025/00/39/40 GET /v1/AUTH_71f03d698f7645fb92ce29512b9f0297/gnocchi.23aa0435-118d-4bbb-8f99-10e36424d79f/none_v3 HTTP/1.0 404 - python-swiftclient-4.2.0 gAAAAABpLjUvHoCr... - 70 - tx3cfe474f88744eadba07c-00692e354c - 0.0454 - - 1764635980.055328369 1764635980.100764513 0
Dec 01 19:39:40 np0005541722.novalocal proxy-server[86829]: ::1 ::1 02/Dec/2025/00/39/40 GET /v1/AUTH_71f03d698f7645fb92ce29512b9f0297/gnocchi.11bd41b7-8fd7-4125-8baa-2bcb77747976/none_v3 HTTP/1.0 404 - python-swiftclient-4.2.0 gAAAAABpLjU42Jqt... - 70 - txfaff05b2b4d74f58ad197-00692e354c - 0.0489 - - 1764635980.054881334 1764635980.103801012 0
Dec 01 19:39:40 np0005541722.novalocal account-server[93453]: ::1 - - [02/Dec/2025:00:39:40 +0000] "PUT /2/177703/AUTH_71f03d698f7645fb92ce29512b9f0297/gnocchi.23aa0435-118d-4bbb-8f99-10e36424d79f" 201 - "PUT http://[::1]:6001/2/181387/AUTH_71f03d698f7645fb92ce29512b9f0297/gnocchi.23aa0435-118d-4bbb-8f99-10e36424d79f" "tx368f1c15571c4baeabe25-00692e354c" "container-server 93753" 0.0069 "-" 93453 0
Dec 01 19:39:40 np0005541722.novalocal container-server[93753]: ::1 - - [02/Dec/2025:00:39:40 +0000] "PUT /2/181387/AUTH_71f03d698f7645fb92ce29512b9f0297/gnocchi.23aa0435-118d-4bbb-8f99-10e36424d79f" 201 - "PUT http://[::1]:8080/v1/AUTH_71f03d698f7645fb92ce29512b9f0297/gnocchi.23aa0435-118d-4bbb-8f99-10e36424d79f" "tx368f1c15571c4baeabe25-00692e354c" "proxy-server 86829" 0.0208 "-" 93753 0
Dec 01 19:39:40 np0005541722.novalocal account-server[93452]: ::1 - - [02/Dec/2025:00:39:40 +0000] "PUT /1/177703/AUTH_71f03d698f7645fb92ce29512b9f0297/gnocchi.23aa0435-118d-4bbb-8f99-10e36424d79f" 201 - "PUT http://[::1]:6001/1/181387/AUTH_71f03d698f7645fb92ce29512b9f0297/gnocchi.23aa0435-118d-4bbb-8f99-10e36424d79f" "tx368f1c15571c4baeabe25-00692e354c" "container-server 93752" 0.0062 "-" 93452 0
Dec 01 19:39:40 np0005541722.novalocal container-server[93752]: ::1 - - [02/Dec/2025:00:39:40 +0000] "PUT /1/181387/AUTH_71f03d698f7645fb92ce29512b9f0297/gnocchi.23aa0435-118d-4bbb-8f99-10e36424d79f" 201 - "PUT http://[::1]:8080/v1/AUTH_71f03d698f7645fb92ce29512b9f0297/gnocchi.23aa0435-118d-4bbb-8f99-10e36424d79f" "tx368f1c15571c4baeabe25-00692e354c" "proxy-server 86829" 0.0238 "-" 93752 0
Dec 01 19:39:40 np0005541722.novalocal account-server[93453]: ::1 - - [02/Dec/2025:00:39:40 +0000] "PUT /3/177703/AUTH_71f03d698f7645fb92ce29512b9f0297/gnocchi.23aa0435-118d-4bbb-8f99-10e36424d79f" 201 - "PUT http://[::1]:6001/3/181387/AUTH_71f03d698f7645fb92ce29512b9f0297/gnocchi.23aa0435-118d-4bbb-8f99-10e36424d79f" "tx368f1c15571c4baeabe25-00692e354c" "container-server 93750" 0.0092 "-" 93453 0
Dec 01 19:39:40 np0005541722.novalocal container-server[93750]: ::1 - - [02/Dec/2025:00:39:40 +0000] "PUT /3/181387/AUTH_71f03d698f7645fb92ce29512b9f0297/gnocchi.23aa0435-118d-4bbb-8f99-10e36424d79f" 201 - "PUT http://[::1]:8080/v1/AUTH_71f03d698f7645fb92ce29512b9f0297/gnocchi.23aa0435-118d-4bbb-8f99-10e36424d79f" "tx368f1c15571c4baeabe25-00692e354c" "proxy-server 86829" 0.0333 "-" 93750 0
Dec 01 19:39:40 np0005541722.novalocal haproxy-metadata-proxy-ad09cdc6-f750-4018-a3e6-1082e98caaae[100412]: ::ffff:10.100.0.13:33940 [01/Dec/2025:19:39:40.064] listener listener/metadata 0/0/0/88/88 200 185 - - ---- 1/1/0/0/0 0/0 "GET /2009-04-04/meta-data/local-hostname HTTP/1.1"
Dec 01 19:39:40 np0005541722.novalocal proxy-server[86829]: ::1 ::1 02/Dec/2025/00/39/40 PUT /v1/AUTH_71f03d698f7645fb92ce29512b9f0297/gnocchi.23aa0435-118d-4bbb-8f99-10e36424d79f HTTP/1.0 201 - python-swiftclient-4.2.0 gAAAAABpLjUvHoCr... - - - tx368f1c15571c4baeabe25-00692e354c - 0.0483 - - 1764635980.105184317 1764635980.153501272 0
Dec 01 19:39:40 np0005541722.novalocal account-server[93455]: ::1 - - [02/Dec/2025:00:39:40 +0000] "PUT /2/177703/AUTH_71f03d698f7645fb92ce29512b9f0297/gnocchi.11bd41b7-8fd7-4125-8baa-2bcb77747976" 201 - "PUT http://[::1]:6001/2/87816/AUTH_71f03d698f7645fb92ce29512b9f0297/gnocchi.11bd41b7-8fd7-4125-8baa-2bcb77747976" "txa69c5217aa7b48c3a649c-00692e354c" "container-server 93751" 0.0064 "-" 93455 0
Dec 01 19:39:40 np0005541722.novalocal container-server[93751]: ::1 - - [02/Dec/2025:00:39:40 +0000] "PUT /2/87816/AUTH_71f03d698f7645fb92ce29512b9f0297/gnocchi.11bd41b7-8fd7-4125-8baa-2bcb77747976" 201 - "PUT http://[::1]:8080/v1/AUTH_71f03d698f7645fb92ce29512b9f0297/gnocchi.11bd41b7-8fd7-4125-8baa-2bcb77747976" "txa69c5217aa7b48c3a649c-00692e354c" "proxy-server 86829" 0.0200 "-" 93751 0
Dec 01 19:39:40 np0005541722.novalocal account-server[93453]: ::1 - - [02/Dec/2025:00:39:40 +0000] "PUT /1/177703/AUTH_71f03d698f7645fb92ce29512b9f0297/gnocchi.11bd41b7-8fd7-4125-8baa-2bcb77747976" 201 - "PUT http://[::1]:6001/1/87816/AUTH_71f03d698f7645fb92ce29512b9f0297/gnocchi.11bd41b7-8fd7-4125-8baa-2bcb77747976" "txa69c5217aa7b48c3a649c-00692e354c" "container-server 93751" 0.0122 "-" 93453 0
Dec 01 19:39:40 np0005541722.novalocal container-server[93752]: ::1 - - [02/Dec/2025:00:39:40 +0000] "HEAD /3/181387/AUTH_71f03d698f7645fb92ce29512b9f0297/gnocchi.23aa0435-118d-4bbb-8f99-10e36424d79f" 204 - "HEAD http://[::1]:8080/v1/AUTH_71f03d698f7645fb92ce29512b9f0297/gnocchi.23aa0435-118d-4bbb-8f99-10e36424d79f?format=json&states=listing" "tx716e37b61f31401d8a941-00692e354c" "proxy-server 86829" 0.0016 "-" 93752 0
Dec 01 19:39:40 np0005541722.novalocal container-server[93751]: ::1 - - [02/Dec/2025:00:39:40 +0000] "PUT /1/87816/AUTH_71f03d698f7645fb92ce29512b9f0297/gnocchi.11bd41b7-8fd7-4125-8baa-2bcb77747976" 201 - "PUT http://[::1]:8080/v1/AUTH_71f03d698f7645fb92ce29512b9f0297/gnocchi.11bd41b7-8fd7-4125-8baa-2bcb77747976" "txa69c5217aa7b48c3a649c-00692e354c" "proxy-server 86829" 0.0397 "-" 93751 0
Dec 01 19:39:40 np0005541722.novalocal account-server[93453]: ::1 - - [02/Dec/2025:00:39:40 +0000] "PUT /3/177703/AUTH_71f03d698f7645fb92ce29512b9f0297/gnocchi.11bd41b7-8fd7-4125-8baa-2bcb77747976" 201 - "PUT http://[::1]:6001/3/87816/AUTH_71f03d698f7645fb92ce29512b9f0297/gnocchi.11bd41b7-8fd7-4125-8baa-2bcb77747976" "txa69c5217aa7b48c3a649c-00692e354c" "container-server 93750" 0.0070 "-" 93453 0
Dec 01 19:39:40 np0005541722.novalocal container-server[93753]: ::1 - - [02/Dec/2025:00:39:40 +0000] "GET /3/181387/AUTH_71f03d698f7645fb92ce29512b9f0297/gnocchi.23aa0435-118d-4bbb-8f99-10e36424d79f" 200 2 "GET http://[::1]:8080/v1/AUTH_71f03d698f7645fb92ce29512b9f0297/gnocchi.23aa0435-118d-4bbb-8f99-10e36424d79f?format=json&states=listing" "tx716e37b61f31401d8a941-00692e354c" "proxy-server 86829" 0.0026 "-" 93753 0
Dec 01 19:39:40 np0005541722.novalocal container-server[93750]: ::1 - - [02/Dec/2025:00:39:40 +0000] "PUT /3/87816/AUTH_71f03d698f7645fb92ce29512b9f0297/gnocchi.11bd41b7-8fd7-4125-8baa-2bcb77747976" 201 - "PUT http://[::1]:8080/v1/AUTH_71f03d698f7645fb92ce29512b9f0297/gnocchi.11bd41b7-8fd7-4125-8baa-2bcb77747976" "txa69c5217aa7b48c3a649c-00692e354c" "proxy-server 86829" 0.0440 "-" 93750 0
Dec 01 19:39:40 np0005541722.novalocal proxy-server[86829]: ::1 ::1 02/Dec/2025/00/39/40 GET /v1/AUTH_71f03d698f7645fb92ce29512b9f0297/gnocchi.23aa0435-118d-4bbb-8f99-10e36424d79f%3Fformat%3Djson%26states%3Dlisting HTTP/1.0 200 - python-swiftclient-4.2.0 gAAAAABpLjUvHoCr... - 2 - tx716e37b61f31401d8a941-00692e354c - 0.0176 - - 1764635980.159514427 1764635980.177068710 0
Dec 01 19:39:40 np0005541722.novalocal proxy-server[86829]: ::1 ::1 02/Dec/2025/00/39/40 PUT /v1/AUTH_71f03d698f7645fb92ce29512b9f0297/gnocchi.11bd41b7-8fd7-4125-8baa-2bcb77747976 HTTP/1.0 201 - python-swiftclient-4.2.0 gAAAAABpLjU42Jqt... - - - txa69c5217aa7b48c3a649c-00692e354c - 0.0716 - - 1764635980.107749224 1764635980.179357767 0
Dec 01 19:39:40 np0005541722.novalocal object-server[94056]: ::1 - - [02/Dec/2025:00:39:40 +0000] "GET /1/171145/AUTH_71f03d698f7645fb92ce29512b9f0297/gnocchi.23aa0435-118d-4bbb-8f99-10e36424d79f/1763640000.0_mean_300.0_v3" 404 70 "GET http://[::1]:8080/v1/AUTH_71f03d698f7645fb92ce29512b9f0297/gnocchi.23aa0435-118d-4bbb-8f99-10e36424d79f/1763640000.0_mean_300.0_v3" "tx9fc6600797ba4f37a1005-00692e354c" "proxy-server 86829" 0.0006 "-" 94056 0
Dec 01 19:39:40 np0005541722.novalocal object-server[94056]: ::1 - - [02/Dec/2025:00:39:40 +0000] "GET /2/171145/AUTH_71f03d698f7645fb92ce29512b9f0297/gnocchi.23aa0435-118d-4bbb-8f99-10e36424d79f/1763640000.0_mean_300.0_v3" 404 70 "GET http://[::1]:8080/v1/AUTH_71f03d698f7645fb92ce29512b9f0297/gnocchi.23aa0435-118d-4bbb-8f99-10e36424d79f/1763640000.0_mean_300.0_v3" "tx9fc6600797ba4f37a1005-00692e354c" "proxy-server 86829" 0.0003 "-" 94056 0
Dec 01 19:39:40 np0005541722.novalocal container-server[93752]: ::1 - - [02/Dec/2025:00:39:40 +0000] "HEAD /3/87816/AUTH_71f03d698f7645fb92ce29512b9f0297/gnocchi.11bd41b7-8fd7-4125-8baa-2bcb77747976" 204 - "HEAD http://[::1]:8080/v1/AUTH_71f03d698f7645fb92ce29512b9f0297/gnocchi.11bd41b7-8fd7-4125-8baa-2bcb77747976?format=json&states=listing" "tx58247022bbbf4a3ca71c8-00692e354c" "proxy-server 86829" 0.0024 "-" 93752 0
Dec 01 19:39:40 np0005541722.novalocal object-server[94057]: ::1 - - [02/Dec/2025:00:39:40 +0000] "GET /3/171145/AUTH_71f03d698f7645fb92ce29512b9f0297/gnocchi.23aa0435-118d-4bbb-8f99-10e36424d79f/1763640000.0_mean_300.0_v3" 404 70 "GET http://[::1]:8080/v1/AUTH_71f03d698f7645fb92ce29512b9f0297/gnocchi.23aa0435-118d-4bbb-8f99-10e36424d79f/1763640000.0_mean_300.0_v3" "tx9fc6600797ba4f37a1005-00692e354c" "proxy-server 86829" 0.0004 "-" 94057 0
Dec 01 19:39:40 np0005541722.novalocal proxy-server[86829]: ::1 ::1 02/Dec/2025/00/39/40 GET /v1/AUTH_71f03d698f7645fb92ce29512b9f0297/gnocchi.23aa0435-118d-4bbb-8f99-10e36424d79f/1763640000.0_mean_300.0_v3 HTTP/1.0 404 - python-swiftclient-4.2.0 gAAAAABpLjUvHoCr... - 70 - tx9fc6600797ba4f37a1005-00692e354c - 0.0140 - - 1764635980.181407928 1764635980.195369959 0
Dec 01 19:39:40 np0005541722.novalocal container-server[93750]: ::1 - - [02/Dec/2025:00:39:40 +0000] "GET /1/87816/AUTH_71f03d698f7645fb92ce29512b9f0297/gnocchi.11bd41b7-8fd7-4125-8baa-2bcb77747976" 200 2 "GET http://[::1]:8080/v1/AUTH_71f03d698f7645fb92ce29512b9f0297/gnocchi.11bd41b7-8fd7-4125-8baa-2bcb77747976?format=json&states=listing" "tx58247022bbbf4a3ca71c8-00692e354c" "proxy-server 86829" 0.0034 "-" 93750 0
Dec 01 19:39:40 np0005541722.novalocal proxy-server[86829]: ::1 ::1 02/Dec/2025/00/39/40 GET /v1/AUTH_71f03d698f7645fb92ce29512b9f0297/gnocchi.11bd41b7-8fd7-4125-8baa-2bcb77747976%3Fformat%3Djson%26states%3Dlisting HTTP/1.0 200 - python-swiftclient-4.2.0 gAAAAABpLjU42Jqt... - 2 - tx58247022bbbf4a3ca71c8-00692e354c - 0.0219 - - 1764635980.185039520 1764635980.206957340 0
Dec 01 19:39:40 np0005541722.novalocal container-server[93752]: ::1 - - [02/Dec/2025:00:39:40 +0000] "PUT /2/181387/AUTH_71f03d698f7645fb92ce29512b9f0297/gnocchi.23aa0435-118d-4bbb-8f99-10e36424d79f/1763640000.0_mean_300.0_v3" 201 - "PUT http://[::1]:8080/1/171145/AUTH_71f03d698f7645fb92ce29512b9f0297/gnocchi.23aa0435-118d-4bbb-8f99-10e36424d79f/1763640000.0_mean_300.0_v3" "txaa535c4b96b44d71bca67-00692e354c" "object-server 94054" 0.0006 "-" 93752 0
Dec 01 19:39:40 np0005541722.novalocal object-server[94054]: ::1 - - [02/Dec/2025:00:39:40 +0000] "PUT /1/171145/AUTH_71f03d698f7645fb92ce29512b9f0297/gnocchi.23aa0435-118d-4bbb-8f99-10e36424d79f/1763640000.0_mean_300.0_v3" 201 - "PUT http://[::1]:8080/v1/AUTH_71f03d698f7645fb92ce29512b9f0297/gnocchi.23aa0435-118d-4bbb-8f99-10e36424d79f/1763640000.0_mean_300.0_v3" "txaa535c4b96b44d71bca67-00692e354c" "proxy-server 86829" 0.0133 "-" 94054 0
Dec 01 19:39:40 np0005541722.novalocal container-server[93750]: ::1 - - [02/Dec/2025:00:39:40 +0000] "PUT /3/181387/AUTH_71f03d698f7645fb92ce29512b9f0297/gnocchi.23aa0435-118d-4bbb-8f99-10e36424d79f/1763640000.0_mean_300.0_v3" 201 - "PUT http://[::1]:8080/3/171145/AUTH_71f03d698f7645fb92ce29512b9f0297/gnocchi.23aa0435-118d-4bbb-8f99-10e36424d79f/1763640000.0_mean_300.0_v3" "txaa535c4b96b44d71bca67-00692e354c" "object-server 94056" 0.0007 "-" 93750 0
Dec 01 19:39:40 np0005541722.novalocal object-server[94055]: ::1 - - [02/Dec/2025:00:39:40 +0000] "GET /1/132322/AUTH_71f03d698f7645fb92ce29512b9f0297/gnocchi.11bd41b7-8fd7-4125-8baa-2bcb77747976/1763640000.0_mean_300.0_v3" 404 70 "GET http://[::1]:8080/v1/AUTH_71f03d698f7645fb92ce29512b9f0297/gnocchi.11bd41b7-8fd7-4125-8baa-2bcb77747976/1763640000.0_mean_300.0_v3" "txbdf4ac387a5b4ffcb493c-00692e354c" "proxy-server 86829" 0.0003 "-" 94055 0
Dec 01 19:39:40 np0005541722.novalocal object-server[94056]: ::1 - - [02/Dec/2025:00:39:40 +0000] "PUT /3/171145/AUTH_71f03d698f7645fb92ce29512b9f0297/gnocchi.23aa0435-118d-4bbb-8f99-10e36424d79f/1763640000.0_mean_300.0_v3" 201 - "PUT http://[::1]:8080/v1/AUTH_71f03d698f7645fb92ce29512b9f0297/gnocchi.23aa0435-118d-4bbb-8f99-10e36424d79f/1763640000.0_mean_300.0_v3" "txaa535c4b96b44d71bca67-00692e354c" "proxy-server 86829" 0.0152 "-" 94056 0
Dec 01 19:39:40 np0005541722.novalocal container-server[93751]: ::1 - - [02/Dec/2025:00:39:40 +0000] "PUT /1/181387/AUTH_71f03d698f7645fb92ce29512b9f0297/gnocchi.23aa0435-118d-4bbb-8f99-10e36424d79f/1763640000.0_mean_300.0_v3" 201 - "PUT http://[::1]:8080/2/171145/AUTH_71f03d698f7645fb92ce29512b9f0297/gnocchi.23aa0435-118d-4bbb-8f99-10e36424d79f/1763640000.0_mean_300.0_v3" "txaa535c4b96b44d71bca67-00692e354c" "object-server 94054" 0.0006 "-" 93751 0
Dec 01 19:39:40 np0005541722.novalocal object-server[94054]: ::1 - - [02/Dec/2025:00:39:40 +0000] "PUT /2/171145/AUTH_71f03d698f7645fb92ce29512b9f0297/gnocchi.23aa0435-118d-4bbb-8f99-10e36424d79f/1763640000.0_mean_300.0_v3" 201 - "PUT http://[::1]:8080/v1/AUTH_71f03d698f7645fb92ce29512b9f0297/gnocchi.23aa0435-118d-4bbb-8f99-10e36424d79f/1763640000.0_mean_300.0_v3" "txaa535c4b96b44d71bca67-00692e354c" "proxy-server 86829" 0.0179 "-" 94054 0
Dec 01 19:39:40 np0005541722.novalocal object-server[94055]: ::1 - - [02/Dec/2025:00:39:40 +0000] "GET /3/132322/AUTH_71f03d698f7645fb92ce29512b9f0297/gnocchi.11bd41b7-8fd7-4125-8baa-2bcb77747976/1763640000.0_mean_300.0_v3" 404 70 "GET http://[::1]:8080/v1/AUTH_71f03d698f7645fb92ce29512b9f0297/gnocchi.11bd41b7-8fd7-4125-8baa-2bcb77747976/1763640000.0_mean_300.0_v3" "txbdf4ac387a5b4ffcb493c-00692e354c" "proxy-server 86829" 0.0003 "-" 94055 0
Dec 01 19:39:40 np0005541722.novalocal proxy-server[86829]: ::1 ::1 02/Dec/2025/00/39/40 PUT /v1/AUTH_71f03d698f7645fb92ce29512b9f0297/gnocchi.23aa0435-118d-4bbb-8f99-10e36424d79f/1763640000.0_mean_300.0_v3 HTTP/1.0 201 - python-swiftclient-4.2.0 gAAAAABpLjUvHoCr... 16 - - txaa535c4b96b44d71bca67-00692e354c - 0.0265 - - 1764635980.199269295 1764635980.225790024 0
Dec 01 19:39:40 np0005541722.novalocal object-server[94054]: ::1 - - [02/Dec/2025:00:39:40 +0000] "GET /2/132322/AUTH_71f03d698f7645fb92ce29512b9f0297/gnocchi.11bd41b7-8fd7-4125-8baa-2bcb77747976/1763640000.0_mean_300.0_v3" 404 70 "GET http://[::1]:8080/v1/AUTH_71f03d698f7645fb92ce29512b9f0297/gnocchi.11bd41b7-8fd7-4125-8baa-2bcb77747976/1763640000.0_mean_300.0_v3" "txbdf4ac387a5b4ffcb493c-00692e354c" "proxy-server 86829" 0.0003 "-" 94054 0
Dec 01 19:39:40 np0005541722.novalocal proxy-server[86829]: ::1 ::1 02/Dec/2025/00/39/40 GET /v1/AUTH_71f03d698f7645fb92ce29512b9f0297/gnocchi.11bd41b7-8fd7-4125-8baa-2bcb77747976/1763640000.0_mean_300.0_v3 HTTP/1.0 404 - python-swiftclient-4.2.0 gAAAAABpLjU42Jqt... - 70 - txbdf4ac387a5b4ffcb493c-00692e354c - 0.0190 - - 1764635980.212595463 1764635980.231578588 0
Dec 01 19:39:40 np0005541722.novalocal container-server[93751]: ::1 - - [02/Dec/2025:00:39:40 +0000] "PUT /3/181387/AUTH_71f03d698f7645fb92ce29512b9f0297/gnocchi.23aa0435-118d-4bbb-8f99-10e36424d79f/none_v3" 201 - "PUT http://[::1]:8080/3/132339/AUTH_71f03d698f7645fb92ce29512b9f0297/gnocchi.23aa0435-118d-4bbb-8f99-10e36424d79f/none_v3" "tx318672450c0348a9bb5be-00692e354c" "object-server 94057" 0.0009 "-" 93751 0
Dec 01 19:39:40 np0005541722.novalocal container-server[93752]: ::1 - - [02/Dec/2025:00:39:40 +0000] "PUT /1/181387/AUTH_71f03d698f7645fb92ce29512b9f0297/gnocchi.23aa0435-118d-4bbb-8f99-10e36424d79f/none_v3" 201 - "PUT http://[::1]:8080/1/132339/AUTH_71f03d698f7645fb92ce29512b9f0297/gnocchi.23aa0435-118d-4bbb-8f99-10e36424d79f/none_v3" "tx318672450c0348a9bb5be-00692e354c" "object-server 94054" 0.0005 "-" 93752 0
Dec 01 19:39:40 np0005541722.novalocal object-server[94054]: ::1 - - [02/Dec/2025:00:39:40 +0000] "PUT /1/132339/AUTH_71f03d698f7645fb92ce29512b9f0297/gnocchi.23aa0435-118d-4bbb-8f99-10e36424d79f/none_v3" 201 - "PUT http://[::1]:8080/v1/AUTH_71f03d698f7645fb92ce29512b9f0297/gnocchi.23aa0435-118d-4bbb-8f99-10e36424d79f/none_v3" "tx318672450c0348a9bb5be-00692e354c" "proxy-server 86829" 0.0203 "-" 94054 0
Dec 01 19:39:40 np0005541722.novalocal object-server[94057]: ::1 - - [02/Dec/2025:00:39:40 +0000] "PUT /3/132339/AUTH_71f03d698f7645fb92ce29512b9f0297/gnocchi.23aa0435-118d-4bbb-8f99-10e36424d79f/none_v3" 201 - "PUT http://[::1]:8080/v1/AUTH_71f03d698f7645fb92ce29512b9f0297/gnocchi.23aa0435-118d-4bbb-8f99-10e36424d79f/none_v3" "tx318672450c0348a9bb5be-00692e354c" "proxy-server 86829" 0.0257 "-" 94057 0
Dec 01 19:39:40 np0005541722.novalocal container-server[93753]: ::1 - - [02/Dec/2025:00:39:40 +0000] "PUT /2/181387/AUTH_71f03d698f7645fb92ce29512b9f0297/gnocchi.23aa0435-118d-4bbb-8f99-10e36424d79f/none_v3" 201 - "PUT http://[::1]:8080/2/132339/AUTH_71f03d698f7645fb92ce29512b9f0297/gnocchi.23aa0435-118d-4bbb-8f99-10e36424d79f/none_v3" "tx318672450c0348a9bb5be-00692e354c" "object-server 94054" 0.0005 "-" 93753 0
Dec 01 19:39:40 np0005541722.novalocal object-server[94054]: ::1 - - [02/Dec/2025:00:39:40 +0000] "PUT /2/132339/AUTH_71f03d698f7645fb92ce29512b9f0297/gnocchi.23aa0435-118d-4bbb-8f99-10e36424d79f/none_v3" 201 - "PUT http://[::1]:8080/v1/AUTH_71f03d698f7645fb92ce29512b9f0297/gnocchi.23aa0435-118d-4bbb-8f99-10e36424d79f/none_v3" "tx318672450c0348a9bb5be-00692e354c" "proxy-server 86829" 0.0282 "-" 94054 0
Dec 01 19:39:40 np0005541722.novalocal container-server[93751]: ::1 - - [02/Dec/2025:00:39:40 +0000] "PUT /2/87816/AUTH_71f03d698f7645fb92ce29512b9f0297/gnocchi.11bd41b7-8fd7-4125-8baa-2bcb77747976/1763640000.0_mean_300.0_v3" 201 - "PUT http://[::1]:8080/1/132322/AUTH_71f03d698f7645fb92ce29512b9f0297/gnocchi.11bd41b7-8fd7-4125-8baa-2bcb77747976/1763640000.0_mean_300.0_v3" "tx6f9a8b0aa4e242bf9a528-00692e354c" "object-server 94055" 0.0008 "-" 93751 0
Dec 01 19:39:40 np0005541722.novalocal proxy-server[86829]: ::1 ::1 02/Dec/2025/00/39/40 PUT /v1/AUTH_71f03d698f7645fb92ce29512b9f0297/gnocchi.23aa0435-118d-4bbb-8f99-10e36424d79f/none_v3 HTTP/1.0 201 - python-swiftclient-4.2.0 gAAAAABpLjUvHoCr... 22 - - tx318672450c0348a9bb5be-00692e354c - 0.0372 - - 1764635980.232910395 1764635980.270076513 0
Dec 01 19:39:40 np0005541722.novalocal object-server[94055]: ::1 - - [02/Dec/2025:00:39:40 +0000] "PUT /1/132322/AUTH_71f03d698f7645fb92ce29512b9f0297/gnocchi.11bd41b7-8fd7-4125-8baa-2bcb77747976/1763640000.0_mean_300.0_v3" 201 - "PUT http://[::1]:8080/v1/AUTH_71f03d698f7645fb92ce29512b9f0297/gnocchi.11bd41b7-8fd7-4125-8baa-2bcb77747976/1763640000.0_mean_300.0_v3" "tx6f9a8b0aa4e242bf9a528-00692e354c" "proxy-server 86829" 0.0200 "-" 94055 0
Dec 01 19:39:40 np0005541722.novalocal container-server[93751]: ::1 - - [02/Dec/2025:00:39:40 +0000] "PUT /1/87816/AUTH_71f03d698f7645fb92ce29512b9f0297/gnocchi.11bd41b7-8fd7-4125-8baa-2bcb77747976/1763640000.0_mean_300.0_v3" 201 - "PUT http://[::1]:8080/2/132322/AUTH_71f03d698f7645fb92ce29512b9f0297/gnocchi.11bd41b7-8fd7-4125-8baa-2bcb77747976/1763640000.0_mean_300.0_v3" "tx6f9a8b0aa4e242bf9a528-00692e354c" "object-server 94055" 0.0007 "-" 93751 0
Dec 01 19:39:40 np0005541722.novalocal object-server[94055]: ::1 - - [02/Dec/2025:00:39:40 +0000] "PUT /2/132322/AUTH_71f03d698f7645fb92ce29512b9f0297/gnocchi.11bd41b7-8fd7-4125-8baa-2bcb77747976/1763640000.0_mean_300.0_v3" 201 - "PUT http://[::1]:8080/v1/AUTH_71f03d698f7645fb92ce29512b9f0297/gnocchi.11bd41b7-8fd7-4125-8baa-2bcb77747976/1763640000.0_mean_300.0_v3" "tx6f9a8b0aa4e242bf9a528-00692e354c" "proxy-server 86829" 0.0197 "-" 94055 0
Dec 01 19:39:40 np0005541722.novalocal container-server[93751]: ::1 - - [02/Dec/2025:00:39:40 +0000] "PUT /3/87816/AUTH_71f03d698f7645fb92ce29512b9f0297/gnocchi.11bd41b7-8fd7-4125-8baa-2bcb77747976/1763640000.0_mean_300.0_v3" 201 - "PUT http://[::1]:8080/3/132322/AUTH_71f03d698f7645fb92ce29512b9f0297/gnocchi.11bd41b7-8fd7-4125-8baa-2bcb77747976/1763640000.0_mean_300.0_v3" "tx6f9a8b0aa4e242bf9a528-00692e354c" "object-server 94055" 0.0006 "-" 93751 0
Dec 01 19:39:40 np0005541722.novalocal object-server[94055]: ::1 - - [02/Dec/2025:00:39:40 +0000] "PUT /3/132322/AUTH_71f03d698f7645fb92ce29512b9f0297/gnocchi.11bd41b7-8fd7-4125-8baa-2bcb77747976/1763640000.0_mean_300.0_v3" 201 - "PUT http://[::1]:8080/v1/AUTH_71f03d698f7645fb92ce29512b9f0297/gnocchi.11bd41b7-8fd7-4125-8baa-2bcb77747976/1763640000.0_mean_300.0_v3" "tx6f9a8b0aa4e242bf9a528-00692e354c" "proxy-server 86829" 0.0259 "-" 94055 0
Dec 01 19:39:40 np0005541722.novalocal proxy-server[86829]: ::1 ::1 02/Dec/2025/00/39/40 PUT /v1/AUTH_71f03d698f7645fb92ce29512b9f0297/gnocchi.11bd41b7-8fd7-4125-8baa-2bcb77747976/1763640000.0_mean_300.0_v3 HTTP/1.0 201 - python-swiftclient-4.2.0 gAAAAABpLjU42Jqt... 16 - - tx6f9a8b0aa4e242bf9a528-00692e354c - 0.0391 - - 1764635980.238508463 1764635980.277572870 0
Dec 01 19:39:40 np0005541722.novalocal container-server[93751]: ::1 - - [02/Dec/2025:00:39:40 +0000] "HEAD /3/223363/AUTH_71f03d698f7645fb92ce29512b9f0297/gnocchi.01908cc4-0573-48d2-8199-ee03be381d5f" 404 - "HEAD http://[::1]:8080/v1/AUTH_71f03d698f7645fb92ce29512b9f0297/gnocchi.01908cc4-0573-48d2-8199-ee03be381d5f?format=json&states=listing" "tx3c975d1bea61408da4288-00692e354c" "proxy-server 86829" 0.0007 "-" 93751 0
Dec 01 19:39:40 np0005541722.novalocal container-server[93750]: ::1 - - [02/Dec/2025:00:39:40 +0000] "HEAD /2/223363/AUTH_71f03d698f7645fb92ce29512b9f0297/gnocchi.01908cc4-0573-48d2-8199-ee03be381d5f" 404 - "HEAD http://[::1]:8080/v1/AUTH_71f03d698f7645fb92ce29512b9f0297/gnocchi.01908cc4-0573-48d2-8199-ee03be381d5f?format=json&states=listing" "tx3c975d1bea61408da4288-00692e354c" "proxy-server 86829" 0.0011 "-" 93750 0
Dec 01 19:39:40 np0005541722.novalocal container-server[93751]: ::1 - - [02/Dec/2025:00:39:40 +0000] "HEAD /1/223363/AUTH_71f03d698f7645fb92ce29512b9f0297/gnocchi.01908cc4-0573-48d2-8199-ee03be381d5f" 404 - "HEAD http://[::1]:8080/v1/AUTH_71f03d698f7645fb92ce29512b9f0297/gnocchi.01908cc4-0573-48d2-8199-ee03be381d5f?format=json&states=listing" "tx3c975d1bea61408da4288-00692e354c" "proxy-server 86829" 0.0003 "-" 93751 0
Dec 01 19:39:40 np0005541722.novalocal haproxy-metadata-proxy-ad09cdc6-f750-4018-a3e6-1082e98caaae[100412]: ::ffff:10.100.0.13:33942 [01/Dec/2025:19:39:40.223] listener listener/metadata 0/0/0/92/92 200 215 - - ---- 1/1/0/0/0 0/0 "GET /2009-04-04/user-data HTTP/1.1"
Dec 01 19:39:40 np0005541722.novalocal container-server[93753]: ::1 - - [02/Dec/2025:00:39:40 +0000] "PUT /1/87816/AUTH_71f03d698f7645fb92ce29512b9f0297/gnocchi.11bd41b7-8fd7-4125-8baa-2bcb77747976/none_v3" 201 - "PUT http://[::1]:8080/3/228962/AUTH_71f03d698f7645fb92ce29512b9f0297/gnocchi.11bd41b7-8fd7-4125-8baa-2bcb77747976/none_v3" "tx5b749f918abb49c98db16-00692e354c" "object-server 94055" 0.0005 "-" 93753 0
Dec 01 19:39:40 np0005541722.novalocal container-server[93752]: ::1 - - [02/Dec/2025:00:39:40 +0000] "PUT /2/87816/AUTH_71f03d698f7645fb92ce29512b9f0297/gnocchi.11bd41b7-8fd7-4125-8baa-2bcb77747976/none_v3" 201 - "PUT http://[::1]:8080/1/228962/AUTH_71f03d698f7645fb92ce29512b9f0297/gnocchi.11bd41b7-8fd7-4125-8baa-2bcb77747976/none_v3" "tx5b749f918abb49c98db16-00692e354c" "object-server 94055" 0.0005 "-" 93752 0
Dec 01 19:39:40 np0005541722.novalocal container-server[93751]: ::1 - - [02/Dec/2025:00:39:40 +0000] "PUT /3/87816/AUTH_71f03d698f7645fb92ce29512b9f0297/gnocchi.11bd41b7-8fd7-4125-8baa-2bcb77747976/none_v3" 201 - "PUT http://[::1]:8080/2/228962/AUTH_71f03d698f7645fb92ce29512b9f0297/gnocchi.11bd41b7-8fd7-4125-8baa-2bcb77747976/none_v3" "tx5b749f918abb49c98db16-00692e354c" "object-server 94055" 0.0004 "-" 93751 0
Dec 01 19:39:40 np0005541722.novalocal object-server[94055]: ::1 - - [02/Dec/2025:00:39:40 +0000] "PUT /1/228962/AUTH_71f03d698f7645fb92ce29512b9f0297/gnocchi.11bd41b7-8fd7-4125-8baa-2bcb77747976/none_v3" 201 - "PUT http://[::1]:8080/v1/AUTH_71f03d698f7645fb92ce29512b9f0297/gnocchi.11bd41b7-8fd7-4125-8baa-2bcb77747976/none_v3" "tx5b749f918abb49c98db16-00692e354c" "proxy-server 86829" 0.0158 "-" 94055 0
Dec 01 19:39:40 np0005541722.novalocal object-server[94055]: ::1 - - [02/Dec/2025:00:39:40 +0000] "PUT /3/228962/AUTH_71f03d698f7645fb92ce29512b9f0297/gnocchi.11bd41b7-8fd7-4125-8baa-2bcb77747976/none_v3" 201 - "PUT http://[::1]:8080/v1/AUTH_71f03d698f7645fb92ce29512b9f0297/gnocchi.11bd41b7-8fd7-4125-8baa-2bcb77747976/none_v3" "tx5b749f918abb49c98db16-00692e354c" "proxy-server 86829" 0.0269 "-" 94055 0
Dec 01 19:39:40 np0005541722.novalocal object-server[94056]: ::1 - - [02/Dec/2025:00:39:40 +0000] "GET /3/4475/AUTH_71f03d698f7645fb92ce29512b9f0297/gnocchi.01908cc4-0573-48d2-8199-ee03be381d5f/none_v3" 404 70 "GET http://[::1]:8080/v1/AUTH_71f03d698f7645fb92ce29512b9f0297/gnocchi.01908cc4-0573-48d2-8199-ee03be381d5f/none_v3" "tx3c975d1bea61408da4288-00692e354c" "proxy-server 86829" 0.0003 "-" 94056 0
Dec 01 19:39:40 np0005541722.novalocal object-server[94055]: ::1 - - [02/Dec/2025:00:39:40 +0000] "PUT /2/228962/AUTH_71f03d698f7645fb92ce29512b9f0297/gnocchi.11bd41b7-8fd7-4125-8baa-2bcb77747976/none_v3" 201 - "PUT http://[::1]:8080/v1/AUTH_71f03d698f7645fb92ce29512b9f0297/gnocchi.11bd41b7-8fd7-4125-8baa-2bcb77747976/none_v3" "tx5b749f918abb49c98db16-00692e354c" "proxy-server 86829" 0.0247 "-" 94055 0
Dec 01 19:39:40 np0005541722.novalocal object-server[94056]: ::1 - - [02/Dec/2025:00:39:40 +0000] "GET /1/4475/AUTH_71f03d698f7645fb92ce29512b9f0297/gnocchi.01908cc4-0573-48d2-8199-ee03be381d5f/none_v3" 404 70 "GET http://[::1]:8080/v1/AUTH_71f03d698f7645fb92ce29512b9f0297/gnocchi.01908cc4-0573-48d2-8199-ee03be381d5f/none_v3" "tx3c975d1bea61408da4288-00692e354c" "proxy-server 86829" 0.0001 "-" 94056 0
Dec 01 19:39:40 np0005541722.novalocal proxy-server[86829]: ::1 ::1 02/Dec/2025/00/39/40 PUT /v1/AUTH_71f03d698f7645fb92ce29512b9f0297/gnocchi.11bd41b7-8fd7-4125-8baa-2bcb77747976/none_v3 HTTP/1.0 201 - python-swiftclient-4.2.0 gAAAAABpLjU42Jqt... 22 - - tx5b749f918abb49c98db16-00692e354c - 0.0427 - - 1764635980.280720472 1764635980.323432684 0
Dec 01 19:39:40 np0005541722.novalocal object-server[94055]: ::1 - - [02/Dec/2025:00:39:40 +0000] "GET /2/4475/AUTH_71f03d698f7645fb92ce29512b9f0297/gnocchi.01908cc4-0573-48d2-8199-ee03be381d5f/none_v3" 404 70 "GET http://[::1]:8080/v1/AUTH_71f03d698f7645fb92ce29512b9f0297/gnocchi.01908cc4-0573-48d2-8199-ee03be381d5f/none_v3" "tx3c975d1bea61408da4288-00692e354c" "proxy-server 86829" 0.0006 "-" 94055 0
Dec 01 19:39:40 np0005541722.novalocal proxy-server[86829]: ::1 ::1 02/Dec/2025/00/39/40 GET /v1/AUTH_71f03d698f7645fb92ce29512b9f0297/gnocchi.01908cc4-0573-48d2-8199-ee03be381d5f/none_v3 HTTP/1.0 404 - python-swiftclient-4.2.0 gAAAAABpLjUvHoCr... - 70 - tx3c975d1bea61408da4288-00692e354c - 0.0428 - - 1764635980.291034222 1764635980.333793879 0
Dec 01 19:39:40 np0005541722.novalocal container-server[93751]: ::1 - - [02/Dec/2025:00:39:40 +0000] "HEAD /2/85440/AUTH_71f03d698f7645fb92ce29512b9f0297/gnocchi.35fac675-f6d0-4e66-991a-05efe65b7674" 404 - "HEAD http://[::1]:8080/v1/AUTH_71f03d698f7645fb92ce29512b9f0297/gnocchi.35fac675-f6d0-4e66-991a-05efe65b7674?format=json&states=listing" "txa4113cb45086405d9568c-00692e354c" "proxy-server 86829" 0.0002 "-" 93751 0
Dec 01 19:39:40 np0005541722.novalocal container-server[93752]: ::1 - - [02/Dec/2025:00:39:40 +0000] "HEAD /3/85440/AUTH_71f03d698f7645fb92ce29512b9f0297/gnocchi.35fac675-f6d0-4e66-991a-05efe65b7674" 404 - "HEAD http://[::1]:8080/v1/AUTH_71f03d698f7645fb92ce29512b9f0297/gnocchi.35fac675-f6d0-4e66-991a-05efe65b7674?format=json&states=listing" "txa4113cb45086405d9568c-00692e354c" "proxy-server 86829" 0.0005 "-" 93752 0
Dec 01 19:39:40 np0005541722.novalocal account-server[93454]: ::1 - - [02/Dec/2025:00:39:40 +0000] "PUT /2/177703/AUTH_71f03d698f7645fb92ce29512b9f0297/gnocchi.01908cc4-0573-48d2-8199-ee03be381d5f" 201 - "PUT http://[::1]:6001/1/223363/AUTH_71f03d698f7645fb92ce29512b9f0297/gnocchi.01908cc4-0573-48d2-8199-ee03be381d5f" "tx823f8334c5da4a4dbba01-00692e354c" "container-server 93751" 0.0037 "-" 93454 0
Dec 01 19:39:40 np0005541722.novalocal container-server[93750]: ::1 - - [02/Dec/2025:00:39:40 +0000] "HEAD /1/85440/AUTH_71f03d698f7645fb92ce29512b9f0297/gnocchi.35fac675-f6d0-4e66-991a-05efe65b7674" 404 - "HEAD http://[::1]:8080/v1/AUTH_71f03d698f7645fb92ce29512b9f0297/gnocchi.35fac675-f6d0-4e66-991a-05efe65b7674?format=json&states=listing" "txa4113cb45086405d9568c-00692e354c" "proxy-server 86829" 0.0005 "-" 93750 0
Dec 01 19:39:40 np0005541722.novalocal account-server[93453]: ::1 - - [02/Dec/2025:00:39:40 +0000] "PUT /1/177703/AUTH_71f03d698f7645fb92ce29512b9f0297/gnocchi.01908cc4-0573-48d2-8199-ee03be381d5f" 201 - "PUT http://[::1]:6001/2/223363/AUTH_71f03d698f7645fb92ce29512b9f0297/gnocchi.01908cc4-0573-48d2-8199-ee03be381d5f" "tx823f8334c5da4a4dbba01-00692e354c" "container-server 93752" 0.0059 "-" 93453 0
Dec 01 19:39:40 np0005541722.novalocal container-server[93752]: ::1 - - [02/Dec/2025:00:39:40 +0000] "PUT /2/223363/AUTH_71f03d698f7645fb92ce29512b9f0297/gnocchi.01908cc4-0573-48d2-8199-ee03be381d5f" 201 - "PUT http://[::1]:8080/v1/AUTH_71f03d698f7645fb92ce29512b9f0297/gnocchi.01908cc4-0573-48d2-8199-ee03be381d5f" "tx823f8334c5da4a4dbba01-00692e354c" "proxy-server 86829" 0.0162 "-" 93752 0
Dec 01 19:39:40 np0005541722.novalocal container-server[93751]: ::1 - - [02/Dec/2025:00:39:40 +0000] "PUT /1/223363/AUTH_71f03d698f7645fb92ce29512b9f0297/gnocchi.01908cc4-0573-48d2-8199-ee03be381d5f" 201 - "PUT http://[::1]:8080/v1/AUTH_71f03d698f7645fb92ce29512b9f0297/gnocchi.01908cc4-0573-48d2-8199-ee03be381d5f" "tx823f8334c5da4a4dbba01-00692e354c" "proxy-server 86829" 0.0194 "-" 93751 0
Dec 01 19:39:40 np0005541722.novalocal account-server[93452]: ::1 - - [02/Dec/2025:00:39:40 +0000] "PUT /3/177703/AUTH_71f03d698f7645fb92ce29512b9f0297/gnocchi.01908cc4-0573-48d2-8199-ee03be381d5f" 201 - "PUT http://[::1]:6001/3/223363/AUTH_71f03d698f7645fb92ce29512b9f0297/gnocchi.01908cc4-0573-48d2-8199-ee03be381d5f" "tx823f8334c5da4a4dbba01-00692e354c" "container-server 93751" 0.0029 "-" 93452 0
Dec 01 19:39:40 np0005541722.novalocal container-server[93751]: ::1 - - [02/Dec/2025:00:39:40 +0000] "PUT /3/223363/AUTH_71f03d698f7645fb92ce29512b9f0297/gnocchi.01908cc4-0573-48d2-8199-ee03be381d5f" 201 - "PUT http://[::1]:8080/v1/AUTH_71f03d698f7645fb92ce29512b9f0297/gnocchi.01908cc4-0573-48d2-8199-ee03be381d5f" "tx823f8334c5da4a4dbba01-00692e354c" "proxy-server 86829" 0.0126 "-" 93751 0
Dec 01 19:39:40 np0005541722.novalocal object-server[94055]: ::1 - - [02/Dec/2025:00:39:40 +0000] "GET /2/130376/AUTH_71f03d698f7645fb92ce29512b9f0297/gnocchi.35fac675-f6d0-4e66-991a-05efe65b7674/none_v3" 404 70 "GET http://[::1]:8080/v1/AUTH_71f03d698f7645fb92ce29512b9f0297/gnocchi.35fac675-f6d0-4e66-991a-05efe65b7674/none_v3" "txa4113cb45086405d9568c-00692e354c" "proxy-server 86829" 0.0003 "-" 94055 0
Dec 01 19:39:40 np0005541722.novalocal proxy-server[86829]: ::1 ::1 02/Dec/2025/00/39/40 PUT /v1/AUTH_71f03d698f7645fb92ce29512b9f0297/gnocchi.01908cc4-0573-48d2-8199-ee03be381d5f HTTP/1.0 201 - python-swiftclient-4.2.0 gAAAAABpLjUvHoCr... - - - tx823f8334c5da4a4dbba01-00692e354c - 0.0378 - - 1764635980.336346865 1764635980.374106169 0
Dec 01 19:39:40 np0005541722.novalocal object-server[94054]: ::1 - - [02/Dec/2025:00:39:40 +0000] "GET /1/130376/AUTH_71f03d698f7645fb92ce29512b9f0297/gnocchi.35fac675-f6d0-4e66-991a-05efe65b7674/none_v3" 404 70 "GET http://[::1]:8080/v1/AUTH_71f03d698f7645fb92ce29512b9f0297/gnocchi.35fac675-f6d0-4e66-991a-05efe65b7674/none_v3" "txa4113cb45086405d9568c-00692e354c" "proxy-server 86829" 0.0003 "-" 94054 0
Dec 01 19:39:40 np0005541722.novalocal object-server[94054]: ::1 - - [02/Dec/2025:00:39:40 +0000] "GET /3/130376/AUTH_71f03d698f7645fb92ce29512b9f0297/gnocchi.35fac675-f6d0-4e66-991a-05efe65b7674/none_v3" 404 70 "GET http://[::1]:8080/v1/AUTH_71f03d698f7645fb92ce29512b9f0297/gnocchi.35fac675-f6d0-4e66-991a-05efe65b7674/none_v3" "txa4113cb45086405d9568c-00692e354c" "proxy-server 86829" 0.0002 "-" 94054 0
Dec 01 19:39:40 np0005541722.novalocal proxy-server[86829]: ::1 ::1 02/Dec/2025/00/39/40 GET /v1/AUTH_71f03d698f7645fb92ce29512b9f0297/gnocchi.35fac675-f6d0-4e66-991a-05efe65b7674/none_v3 HTTP/1.0 404 - python-swiftclient-4.2.0 gAAAAABpLjU42Jqt... - 70 - txa4113cb45086405d9568c-00692e354c - 0.0441 - - 1764635980.337566614 1764635980.381647110 0
Dec 01 19:39:40 np0005541722.novalocal container-server[93752]: ::1 - - [02/Dec/2025:00:39:40 +0000] "HEAD /3/223363/AUTH_71f03d698f7645fb92ce29512b9f0297/gnocchi.01908cc4-0573-48d2-8199-ee03be381d5f" 204 - "HEAD http://[::1]:8080/v1/AUTH_71f03d698f7645fb92ce29512b9f0297/gnocchi.01908cc4-0573-48d2-8199-ee03be381d5f?format=json&states=listing" "tx8e474d9edcb3455f9ceb5-00692e354c" "proxy-server 86829" 0.0014 "-" 93752 0
Dec 01 19:39:40 np0005541722.novalocal container-server[93752]: ::1 - - [02/Dec/2025:00:39:40 +0000] "GET /1/223363/AUTH_71f03d698f7645fb92ce29512b9f0297/gnocchi.01908cc4-0573-48d2-8199-ee03be381d5f" 200 2 "GET http://[::1]:8080/v1/AUTH_71f03d698f7645fb92ce29512b9f0297/gnocchi.01908cc4-0573-48d2-8199-ee03be381d5f?format=json&states=listing" "tx8e474d9edcb3455f9ceb5-00692e354c" "proxy-server 86829" 0.0066 "-" 93752 0
Dec 01 19:39:40 np0005541722.novalocal proxy-server[86829]: ::1 ::1 02/Dec/2025/00/39/40 GET /v1/AUTH_71f03d698f7645fb92ce29512b9f0297/gnocchi.01908cc4-0573-48d2-8199-ee03be381d5f%3Fformat%3Djson%26states%3Dlisting HTTP/1.0 200 - python-swiftclient-4.2.0 gAAAAABpLjUvHoCr... - 2 - tx8e474d9edcb3455f9ceb5-00692e354c - 0.0216 - - 1764635980.376958132 1764635980.398558617 0
Dec 01 19:39:40 np0005541722.novalocal object-server[94056]: ::1 - - [02/Dec/2025:00:39:40 +0000] "GET /2/21562/AUTH_71f03d698f7645fb92ce29512b9f0297/gnocchi.01908cc4-0573-48d2-8199-ee03be381d5f/1763640000.0_mean_300.0_v3" 404 70 "GET http://[::1]:8080/v1/AUTH_71f03d698f7645fb92ce29512b9f0297/gnocchi.01908cc4-0573-48d2-8199-ee03be381d5f/1763640000.0_mean_300.0_v3" "tx5f4f5dff7bd445a6bb25c-00692e354c" "proxy-server 86829" 0.0003 "-" 94056 0
Dec 01 19:39:40 np0005541722.novalocal object-server[94056]: ::1 - - [02/Dec/2025:00:39:40 +0000] "GET /1/21562/AUTH_71f03d698f7645fb92ce29512b9f0297/gnocchi.01908cc4-0573-48d2-8199-ee03be381d5f/1763640000.0_mean_300.0_v3" 404 70 "GET http://[::1]:8080/v1/AUTH_71f03d698f7645fb92ce29512b9f0297/gnocchi.01908cc4-0573-48d2-8199-ee03be381d5f/1763640000.0_mean_300.0_v3" "tx5f4f5dff7bd445a6bb25c-00692e354c" "proxy-server 86829" 0.0004 "-" 94056 0
Dec 01 19:39:40 np0005541722.novalocal account-server[93454]: ::1 - - [02/Dec/2025:00:39:40 +0000] "PUT /1/177703/AUTH_71f03d698f7645fb92ce29512b9f0297/gnocchi.35fac675-f6d0-4e66-991a-05efe65b7674" 201 - "PUT http://[::1]:6001/3/85440/AUTH_71f03d698f7645fb92ce29512b9f0297/gnocchi.35fac675-f6d0-4e66-991a-05efe65b7674" "tx67d06da9f51c4493b3fac-00692e354c" "container-server 93750" 0.0063 "-" 93454 0
Dec 01 19:39:40 np0005541722.novalocal object-server[94055]: ::1 - - [02/Dec/2025:00:39:40 +0000] "GET /3/21562/AUTH_71f03d698f7645fb92ce29512b9f0297/gnocchi.01908cc4-0573-48d2-8199-ee03be381d5f/1763640000.0_mean_300.0_v3" 404 70 "GET http://[::1]:8080/v1/AUTH_71f03d698f7645fb92ce29512b9f0297/gnocchi.01908cc4-0573-48d2-8199-ee03be381d5f/1763640000.0_mean_300.0_v3" "tx5f4f5dff7bd445a6bb25c-00692e354c" "proxy-server 86829" 0.0003 "-" 94055 0
Dec 01 19:39:40 np0005541722.novalocal container-server[93750]: ::1 - - [02/Dec/2025:00:39:40 +0000] "PUT /3/85440/AUTH_71f03d698f7645fb92ce29512b9f0297/gnocchi.35fac675-f6d0-4e66-991a-05efe65b7674" 201 - "PUT http://[::1]:8080/v1/AUTH_71f03d698f7645fb92ce29512b9f0297/gnocchi.35fac675-f6d0-4e66-991a-05efe65b7674" "tx67d06da9f51c4493b3fac-00692e354c" "proxy-server 86829" 0.0218 "-" 93750 0
Dec 01 19:39:40 np0005541722.novalocal proxy-server[86829]: ::1 ::1 02/Dec/2025/00/39/40 GET /v1/AUTH_71f03d698f7645fb92ce29512b9f0297/gnocchi.01908cc4-0573-48d2-8199-ee03be381d5f/1763640000.0_mean_300.0_v3 HTTP/1.0 404 - python-swiftclient-4.2.0 gAAAAABpLjUvHoCr... - 70 - tx5f4f5dff7bd445a6bb25c-00692e354c - 0.0156 - - 1764635980.401645899 1764635980.417252779 0
Dec 01 19:39:40 np0005541722.novalocal account-server[93455]: ::1 - - [02/Dec/2025:00:39:40 +0000] "PUT /3/177703/AUTH_71f03d698f7645fb92ce29512b9f0297/gnocchi.35fac675-f6d0-4e66-991a-05efe65b7674" 201 - "PUT http://[::1]:6001/2/85440/AUTH_71f03d698f7645fb92ce29512b9f0297/gnocchi.35fac675-f6d0-4e66-991a-05efe65b7674" "tx67d06da9f51c4493b3fac-00692e354c" "container-server 93753" 0.0041 "-" 93455 0
Dec 01 19:39:40 np0005541722.novalocal account-server[93452]: ::1 - - [02/Dec/2025:00:39:40 +0000] "PUT /2/177703/AUTH_71f03d698f7645fb92ce29512b9f0297/gnocchi.35fac675-f6d0-4e66-991a-05efe65b7674" 201 - "PUT http://[::1]:6001/1/85440/AUTH_71f03d698f7645fb92ce29512b9f0297/gnocchi.35fac675-f6d0-4e66-991a-05efe65b7674" "tx67d06da9f51c4493b3fac-00692e354c" "container-server 93753" 0.0039 "-" 93452 0
Dec 01 19:39:40 np0005541722.novalocal container-server[93753]: ::1 - - [02/Dec/2025:00:39:40 +0000] "PUT /2/85440/AUTH_71f03d698f7645fb92ce29512b9f0297/gnocchi.35fac675-f6d0-4e66-991a-05efe65b7674" 201 - "PUT http://[::1]:8080/v1/AUTH_71f03d698f7645fb92ce29512b9f0297/gnocchi.35fac675-f6d0-4e66-991a-05efe65b7674" "tx67d06da9f51c4493b3fac-00692e354c" "proxy-server 86829" 0.0319 "-" 93753 0
Dec 01 19:39:40 np0005541722.novalocal container-server[93753]: ::1 - - [02/Dec/2025:00:39:40 +0000] "PUT /1/85440/AUTH_71f03d698f7645fb92ce29512b9f0297/gnocchi.35fac675-f6d0-4e66-991a-05efe65b7674" 201 - "PUT http://[::1]:8080/v1/AUTH_71f03d698f7645fb92ce29512b9f0297/gnocchi.35fac675-f6d0-4e66-991a-05efe65b7674" "tx67d06da9f51c4493b3fac-00692e354c" "proxy-server 86829" 0.0229 "-" 93753 0
Dec 01 19:39:40 np0005541722.novalocal proxy-server[86829]: ::1 ::1 02/Dec/2025/00/39/40 PUT /v1/AUTH_71f03d698f7645fb92ce29512b9f0297/gnocchi.35fac675-f6d0-4e66-991a-05efe65b7674 HTTP/1.0 201 - python-swiftclient-4.2.0 gAAAAABpLjU42Jqt... - - - tx67d06da9f51c4493b3fac-00692e354c - 0.0433 - - 1764635980.387582302 1764635980.430892944 0
Dec 01 19:39:40 np0005541722.novalocal container-server[93751]: ::1 - - [02/Dec/2025:00:39:40 +0000] "PUT /1/223363/AUTH_71f03d698f7645fb92ce29512b9f0297/gnocchi.01908cc4-0573-48d2-8199-ee03be381d5f/1763640000.0_mean_300.0_v3" 201 - "PUT http://[::1]:8080/3/21562/AUTH_71f03d698f7645fb92ce29512b9f0297/gnocchi.01908cc4-0573-48d2-8199-ee03be381d5f/1763640000.0_mean_300.0_v3" "tx6af6bfdf7b6a42a9b82fd-00692e354c" "object-server 94055" 0.0007 "-" 93751 0
Dec 01 19:39:40 np0005541722.novalocal object-server[94055]: ::1 - - [02/Dec/2025:00:39:40 +0000] "PUT /3/21562/AUTH_71f03d698f7645fb92ce29512b9f0297/gnocchi.01908cc4-0573-48d2-8199-ee03be381d5f/1763640000.0_mean_300.0_v3" 201 - "PUT http://[::1]:8080/v1/AUTH_71f03d698f7645fb92ce29512b9f0297/gnocchi.01908cc4-0573-48d2-8199-ee03be381d5f/1763640000.0_mean_300.0_v3" "tx6af6bfdf7b6a42a9b82fd-00692e354c" "proxy-server 86829" 0.0111 "-" 94055 0
Dec 01 19:39:40 np0005541722.novalocal container-server[93751]: ::1 - - [02/Dec/2025:00:39:40 +0000] "PUT /2/223363/AUTH_71f03d698f7645fb92ce29512b9f0297/gnocchi.01908cc4-0573-48d2-8199-ee03be381d5f/1763640000.0_mean_300.0_v3" 201 - "PUT http://[::1]:8080/2/21562/AUTH_71f03d698f7645fb92ce29512b9f0297/gnocchi.01908cc4-0573-48d2-8199-ee03be381d5f/1763640000.0_mean_300.0_v3" "tx6af6bfdf7b6a42a9b82fd-00692e354c" "object-server 94057" 0.0005 "-" 93751 0
Dec 01 19:39:40 np0005541722.novalocal object-server[94057]: ::1 - - [02/Dec/2025:00:39:40 +0000] "PUT /2/21562/AUTH_71f03d698f7645fb92ce29512b9f0297/gnocchi.01908cc4-0573-48d2-8199-ee03be381d5f/1763640000.0_mean_300.0_v3" 201 - "PUT http://[::1]:8080/v1/AUTH_71f03d698f7645fb92ce29512b9f0297/gnocchi.01908cc4-0573-48d2-8199-ee03be381d5f/1763640000.0_mean_300.0_v3" "tx6af6bfdf7b6a42a9b82fd-00692e354c" "proxy-server 86829" 0.0104 "-" 94057 0
