Dec 01 19:39:51 np0005541722.novalocal container-server[93753]: ::1 - - [02/Dec/2025:00:39:51 +0000] "PUT /2/106180/AUTH_71f03d698f7645fb92ce29512b9f0297/gnocchi.212a6474-64d2-4fc9-b42a-d162fb83aa4c/1763640000.0_mean_300.0_v3" 201 - "PUT http://[::1]:8080/2/46394/AUTH_71f03d698f7645fb92ce29512b9f0297/gnocchi.212a6474-64d2-4fc9-b42a-d162fb83aa4c/1763640000.0_mean_300.0_v3" "tx1ede56a336504da6b3c58-00692e3557" "object-server 94054" 0.0006 "-" 93753 0
Dec 01 19:39:51 np0005541722.novalocal object-server[94056]: ::1 - - [02/Dec/2025:00:39:51 +0000] "PUT /2/75866/AUTH_71f03d698f7645fb92ce29512b9f0297/gnocchi.7b622d3b-702e-49ed-9f90-d436e5b0c691/1763640000.0_mean_300.0_v3" 201 - "PUT http://[::1]:8080/v1/AUTH_71f03d698f7645fb92ce29512b9f0297/gnocchi.7b622d3b-702e-49ed-9f90-d436e5b0c691/1763640000.0_mean_300.0_v3" "tx99a158192f2546cb94e91-00692e3557" "proxy-server 86829" 0.0153 "-" 94056 0
Dec 01 19:39:51 np0005541722.novalocal container-server[93750]: ::1 - - [02/Dec/2025:00:39:51 +0000] "PUT /3/165972/AUTH_71f03d698f7645fb92ce29512b9f0297/gnocchi.7b622d3b-702e-49ed-9f90-d436e5b0c691/1763640000.0_mean_300.0_v3" 201 - "PUT http://[::1]:8080/1/75866/AUTH_71f03d698f7645fb92ce29512b9f0297/gnocchi.7b622d3b-702e-49ed-9f90-d436e5b0c691/1763640000.0_mean_300.0_v3" "tx99a158192f2546cb94e91-00692e3557" "object-server 94056" 0.0007 "-" 93750 0
Dec 01 19:39:51 np0005541722.novalocal object-server[94056]: ::1 - - [02/Dec/2025:00:39:51 +0000] "PUT /1/75866/AUTH_71f03d698f7645fb92ce29512b9f0297/gnocchi.7b622d3b-702e-49ed-9f90-d436e5b0c691/1763640000.0_mean_300.0_v3" 201 - "PUT http://[::1]:8080/v1/AUTH_71f03d698f7645fb92ce29512b9f0297/gnocchi.7b622d3b-702e-49ed-9f90-d436e5b0c691/1763640000.0_mean_300.0_v3" "tx99a158192f2546cb94e91-00692e3557" "proxy-server 86829" 0.0165 "-" 94056 0
Dec 01 19:39:51 np0005541722.novalocal object-server[94054]: ::1 - - [02/Dec/2025:00:39:51 +0000] "PUT /2/46394/AUTH_71f03d698f7645fb92ce29512b9f0297/gnocchi.212a6474-64d2-4fc9-b42a-d162fb83aa4c/1763640000.0_mean_300.0_v3" 201 - "PUT http://[::1]:8080/v1/AUTH_71f03d698f7645fb92ce29512b9f0297/gnocchi.212a6474-64d2-4fc9-b42a-d162fb83aa4c/1763640000.0_mean_300.0_v3" "tx1ede56a336504da6b3c58-00692e3557" "proxy-server 86829" 0.0280 "-" 94054 0
Dec 01 19:39:51 np0005541722.novalocal container-server[93753]: ::1 - - [02/Dec/2025:00:39:51 +0000] "PUT /2/165972/AUTH_71f03d698f7645fb92ce29512b9f0297/gnocchi.7b622d3b-702e-49ed-9f90-d436e5b0c691/1763640000.0_mean_300.0_v3" 201 - "PUT http://[::1]:8080/3/75866/AUTH_71f03d698f7645fb92ce29512b9f0297/gnocchi.7b622d3b-702e-49ed-9f90-d436e5b0c691/1763640000.0_mean_300.0_v3" "tx99a158192f2546cb94e91-00692e3557" "object-server 94054" 0.0003 "-" 93753 0
Dec 01 19:39:51 np0005541722.novalocal object-server[94054]: ::1 - - [02/Dec/2025:00:39:51 +0000] "PUT /3/75866/AUTH_71f03d698f7645fb92ce29512b9f0297/gnocchi.7b622d3b-702e-49ed-9f90-d436e5b0c691/1763640000.0_mean_300.0_v3" 201 - "PUT http://[::1]:8080/v1/AUTH_71f03d698f7645fb92ce29512b9f0297/gnocchi.7b622d3b-702e-49ed-9f90-d436e5b0c691/1763640000.0_mean_300.0_v3" "tx99a158192f2546cb94e91-00692e3557" "proxy-server 86829" 0.0190 "-" 94054 0
Dec 01 19:39:51 np0005541722.novalocal container-server[93751]: ::1 - - [02/Dec/2025:00:39:51 +0000] "PUT /3/106180/AUTH_71f03d698f7645fb92ce29512b9f0297/gnocchi.212a6474-64d2-4fc9-b42a-d162fb83aa4c/1763640000.0_mean_300.0_v3" 201 - "PUT http://[::1]:8080/1/46394/AUTH_71f03d698f7645fb92ce29512b9f0297/gnocchi.212a6474-64d2-4fc9-b42a-d162fb83aa4c/1763640000.0_mean_300.0_v3" "tx1ede56a336504da6b3c58-00692e3557" "object-server 94054" 0.0009 "-" 93751 0
Dec 01 19:39:51 np0005541722.novalocal object-server[94054]: ::1 - - [02/Dec/2025:00:39:51 +0000] "PUT /1/46394/AUTH_71f03d698f7645fb92ce29512b9f0297/gnocchi.212a6474-64d2-4fc9-b42a-d162fb83aa4c/1763640000.0_mean_300.0_v3" 201 - "PUT http://[::1]:8080/v1/AUTH_71f03d698f7645fb92ce29512b9f0297/gnocchi.212a6474-64d2-4fc9-b42a-d162fb83aa4c/1763640000.0_mean_300.0_v3" "tx1ede56a336504da6b3c58-00692e3557" "proxy-server 86829" 0.0334 "-" 94054 0
Dec 01 19:39:51 np0005541722.novalocal proxy-server[86829]: ::1 ::1 02/Dec/2025/00/39/51 PUT /v1/AUTH_71f03d698f7645fb92ce29512b9f0297/gnocchi.7b622d3b-702e-49ed-9f90-d436e5b0c691/1763640000.0_mean_300.0_v3 HTTP/1.0 201 - python-swiftclient-4.2.0 gAAAAABpLjUvHoCr... 16 - - tx99a158192f2546cb94e91-00692e3557 - 0.0321 - - 1764635991.136617899 1764635991.168747187 0
Dec 01 19:39:51 np0005541722.novalocal container-server[93751]: ::1 - - [02/Dec/2025:00:39:51 +0000] "PUT /1/106180/AUTH_71f03d698f7645fb92ce29512b9f0297/gnocchi.212a6474-64d2-4fc9-b42a-d162fb83aa4c/1763640000.0_mean_300.0_v3" 201 - "PUT http://[::1]:8080/3/46394/AUTH_71f03d698f7645fb92ce29512b9f0297/gnocchi.212a6474-64d2-4fc9-b42a-d162fb83aa4c/1763640000.0_mean_300.0_v3" "tx1ede56a336504da6b3c58-00692e3557" "object-server 94054" 0.0009 "-" 93751 0
Dec 01 19:39:51 np0005541722.novalocal object-server[94054]: ::1 - - [02/Dec/2025:00:39:51 +0000] "PUT /3/46394/AUTH_71f03d698f7645fb92ce29512b9f0297/gnocchi.212a6474-64d2-4fc9-b42a-d162fb83aa4c/1763640000.0_mean_300.0_v3" 201 - "PUT http://[::1]:8080/v1/AUTH_71f03d698f7645fb92ce29512b9f0297/gnocchi.212a6474-64d2-4fc9-b42a-d162fb83aa4c/1763640000.0_mean_300.0_v3" "tx1ede56a336504da6b3c58-00692e3557" "proxy-server 86829" 0.0379 "-" 94054 0
Dec 01 19:39:51 np0005541722.novalocal proxy-server[86829]: ::1 ::1 02/Dec/2025/00/39/51 PUT /v1/AUTH_71f03d698f7645fb92ce29512b9f0297/gnocchi.212a6474-64d2-4fc9-b42a-d162fb83aa4c/1763640000.0_mean_300.0_v3 HTTP/1.0 201 - python-swiftclient-4.2.0 gAAAAABpLjU42Jqt... 16 - - tx1ede56a336504da6b3c58-00692e3557 - 0.0482 - - 1764635991.123661280 1764635991.171813488 0
Dec 01 19:39:51 np0005541722.novalocal container-server[93752]: ::1 - - [02/Dec/2025:00:39:51 +0000] "PUT /2/106180/AUTH_71f03d698f7645fb92ce29512b9f0297/gnocchi.212a6474-64d2-4fc9-b42a-d162fb83aa4c/none_v3" 201 - "PUT http://[::1]:8080/3/151408/AUTH_71f03d698f7645fb92ce29512b9f0297/gnocchi.212a6474-64d2-4fc9-b42a-d162fb83aa4c/none_v3" "tx54222958d28a492ba5c2b-00692e3557" "object-server 94057" 0.0005 "-" 93752 0
Dec 01 19:39:51 np0005541722.novalocal container-server[93750]: ::1 - - [02/Dec/2025:00:39:51 +0000] "PUT /1/165972/AUTH_71f03d698f7645fb92ce29512b9f0297/gnocchi.7b622d3b-702e-49ed-9f90-d436e5b0c691/none_v3" 201 - "PUT http://[::1]:8080/3/242941/AUTH_71f03d698f7645fb92ce29512b9f0297/gnocchi.7b622d3b-702e-49ed-9f90-d436e5b0c691/none_v3" "txe29bc57b79fc493e8c569-00692e3557" "object-server 94054" 0.0008 "-" 93750 0
Dec 01 19:39:51 np0005541722.novalocal object-server[94057]: ::1 - - [02/Dec/2025:00:39:51 +0000] "PUT /3/151408/AUTH_71f03d698f7645fb92ce29512b9f0297/gnocchi.212a6474-64d2-4fc9-b42a-d162fb83aa4c/none_v3" 201 - "PUT http://[::1]:8080/v1/AUTH_71f03d698f7645fb92ce29512b9f0297/gnocchi.212a6474-64d2-4fc9-b42a-d162fb83aa4c/none_v3" "tx54222958d28a492ba5c2b-00692e3557" "proxy-server 86829" 0.0104 "-" 94057 0
Dec 01 19:39:51 np0005541722.novalocal container-server[93753]: ::1 - - [02/Dec/2025:00:39:51 +0000] "PUT /3/165972/AUTH_71f03d698f7645fb92ce29512b9f0297/gnocchi.7b622d3b-702e-49ed-9f90-d436e5b0c691/none_v3" 201 - "PUT http://[::1]:8080/1/242941/AUTH_71f03d698f7645fb92ce29512b9f0297/gnocchi.7b622d3b-702e-49ed-9f90-d436e5b0c691/none_v3" "txe29bc57b79fc493e8c569-00692e3557" "object-server 94054" 0.0003 "-" 93753 0
Dec 01 19:39:51 np0005541722.novalocal object-server[94054]: ::1 - - [02/Dec/2025:00:39:51 +0000] "PUT /3/242941/AUTH_71f03d698f7645fb92ce29512b9f0297/gnocchi.7b622d3b-702e-49ed-9f90-d436e5b0c691/none_v3" 201 - "PUT http://[::1]:8080/v1/AUTH_71f03d698f7645fb92ce29512b9f0297/gnocchi.7b622d3b-702e-49ed-9f90-d436e5b0c691/none_v3" "txe29bc57b79fc493e8c569-00692e3557" "proxy-server 86829" 0.0206 "-" 94054 0
Dec 01 19:39:51 np0005541722.novalocal container-server[93753]: ::1 - - [02/Dec/2025:00:39:51 +0000] "PUT /3/106180/AUTH_71f03d698f7645fb92ce29512b9f0297/gnocchi.212a6474-64d2-4fc9-b42a-d162fb83aa4c/none_v3" 201 - "PUT http://[::1]:8080/2/151408/AUTH_71f03d698f7645fb92ce29512b9f0297/gnocchi.212a6474-64d2-4fc9-b42a-d162fb83aa4c/none_v3" "tx54222958d28a492ba5c2b-00692e3557" "object-server 94054" 0.0003 "-" 93753 0
Dec 01 19:39:51 np0005541722.novalocal container-server[93750]: ::1 - - [02/Dec/2025:00:39:51 +0000] "PUT /2/165972/AUTH_71f03d698f7645fb92ce29512b9f0297/gnocchi.7b622d3b-702e-49ed-9f90-d436e5b0c691/none_v3" 201 - "PUT http://[::1]:8080/2/242941/AUTH_71f03d698f7645fb92ce29512b9f0297/gnocchi.7b622d3b-702e-49ed-9f90-d436e5b0c691/none_v3" "txe29bc57b79fc493e8c569-00692e3557" "object-server 94055" 0.0007 "-" 93750 0
Dec 01 19:39:51 np0005541722.novalocal container-server[93753]: ::1 - - [02/Dec/2025:00:39:51 +0000] "PUT /1/106180/AUTH_71f03d698f7645fb92ce29512b9f0297/gnocchi.212a6474-64d2-4fc9-b42a-d162fb83aa4c/none_v3" 201 - "PUT http://[::1]:8080/1/151408/AUTH_71f03d698f7645fb92ce29512b9f0297/gnocchi.212a6474-64d2-4fc9-b42a-d162fb83aa4c/none_v3" "tx54222958d28a492ba5c2b-00692e3557" "object-server 94055" 0.0002 "-" 93753 0
Dec 01 19:39:51 np0005541722.novalocal object-server[94054]: ::1 - - [02/Dec/2025:00:39:51 +0000] "PUT /2/151408/AUTH_71f03d698f7645fb92ce29512b9f0297/gnocchi.212a6474-64d2-4fc9-b42a-d162fb83aa4c/none_v3" 201 - "PUT http://[::1]:8080/v1/AUTH_71f03d698f7645fb92ce29512b9f0297/gnocchi.212a6474-64d2-4fc9-b42a-d162fb83aa4c/none_v3" "tx54222958d28a492ba5c2b-00692e3557" "proxy-server 86829" 0.0130 "-" 94054 0
Dec 01 19:39:51 np0005541722.novalocal object-server[94055]: ::1 - - [02/Dec/2025:00:39:51 +0000] "PUT /2/242941/AUTH_71f03d698f7645fb92ce29512b9f0297/gnocchi.7b622d3b-702e-49ed-9f90-d436e5b0c691/none_v3" 201 - "PUT http://[::1]:8080/v1/AUTH_71f03d698f7645fb92ce29512b9f0297/gnocchi.7b622d3b-702e-49ed-9f90-d436e5b0c691/none_v3" "txe29bc57b79fc493e8c569-00692e3557" "proxy-server 86829" 0.0220 "-" 94055 0
Dec 01 19:39:51 np0005541722.novalocal object-server[94054]: ::1 - - [02/Dec/2025:00:39:51 +0000] "PUT /1/242941/AUTH_71f03d698f7645fb92ce29512b9f0297/gnocchi.7b622d3b-702e-49ed-9f90-d436e5b0c691/none_v3" 201 - "PUT http://[::1]:8080/v1/AUTH_71f03d698f7645fb92ce29512b9f0297/gnocchi.7b622d3b-702e-49ed-9f90-d436e5b0c691/none_v3" "txe29bc57b79fc493e8c569-00692e3557" "proxy-server 86829" 0.0215 "-" 94054 0
Dec 01 19:39:51 np0005541722.novalocal object-server[94055]: ::1 - - [02/Dec/2025:00:39:51 +0000] "PUT /1/151408/AUTH_71f03d698f7645fb92ce29512b9f0297/gnocchi.212a6474-64d2-4fc9-b42a-d162fb83aa4c/none_v3" 201 - "PUT http://[::1]:8080/v1/AUTH_71f03d698f7645fb92ce29512b9f0297/gnocchi.212a6474-64d2-4fc9-b42a-d162fb83aa4c/none_v3" "tx54222958d28a492ba5c2b-00692e3557" "proxy-server 86829" 0.0146 "-" 94055 0
Dec 01 19:39:51 np0005541722.novalocal proxy-server[86829]: ::1 ::1 02/Dec/2025/00/39/51 PUT /v1/AUTH_71f03d698f7645fb92ce29512b9f0297/gnocchi.7b622d3b-702e-49ed-9f90-d436e5b0c691/none_v3 HTTP/1.0 201 - python-swiftclient-4.2.0 gAAAAABpLjUvHoCr... 33 - - txe29bc57b79fc493e8c569-00692e3557 - 0.0348 - - 1764635991.173274994 1764635991.208040237 0
Dec 01 19:39:51 np0005541722.novalocal proxy-server[86829]: ::1 ::1 02/Dec/2025/00/39/51 PUT /v1/AUTH_71f03d698f7645fb92ce29512b9f0297/gnocchi.212a6474-64d2-4fc9-b42a-d162fb83aa4c/none_v3 HTTP/1.0 201 - python-swiftclient-4.2.0 gAAAAABpLjU42Jqt... 33 - - tx54222958d28a492ba5c2b-00692e3557 - 0.0264 - - 1764635991.183645964 1764635991.210015535 0
Dec 01 19:39:51 np0005541722.novalocal object-server[94057]: ::1 - - [02/Dec/2025:00:39:51 +0000] "GET /1/203975/AUTH_71f03d698f7645fb92ce29512b9f0297/gnocchi.9d975647-4288-4008-ac82-51d41b9f4d68/none_v3" 200 22 "GET http://[::1]:8080/v1/AUTH_71f03d698f7645fb92ce29512b9f0297/gnocchi.9d975647-4288-4008-ac82-51d41b9f4d68/none_v3" "tx2218f75823864009ae639-00692e3557" "proxy-server 86829" 0.0005 "-" 94057 0
Dec 01 19:39:51 np0005541722.novalocal object-server[94055]: ::1 - - [02/Dec/2025:00:39:51 +0000] "GET /1/149163/AUTH_71f03d698f7645fb92ce29512b9f0297/gnocchi.dec9f772-4156-4eb8-b7c8-1aa0deeb4af2/none_v3" 200 22 "GET http://[::1]:8080/v1/AUTH_71f03d698f7645fb92ce29512b9f0297/gnocchi.dec9f772-4156-4eb8-b7c8-1aa0deeb4af2/none_v3" "tx67799d6affde4da5bb1dd-00692e3557" "proxy-server 86829" 0.0012 "-" 94055 0
Dec 01 19:39:51 np0005541722.novalocal proxy-server[86829]: ::1 ::1 02/Dec/2025/00/39/51 GET /v1/AUTH_71f03d698f7645fb92ce29512b9f0297/gnocchi.9d975647-4288-4008-ac82-51d41b9f4d68/none_v3 HTTP/1.0 200 - python-swiftclient-4.2.0 gAAAAABpLjU42Jqt... - 22 - tx2218f75823864009ae639-00692e3557 - 0.0157 - - 1764635991.228149414 1764635991.243882895 0
Dec 01 19:39:51 np0005541722.novalocal proxy-server[86829]: ::1 ::1 02/Dec/2025/00/39/51 GET /v1/AUTH_71f03d698f7645fb92ce29512b9f0297/gnocchi.dec9f772-4156-4eb8-b7c8-1aa0deeb4af2/none_v3 HTTP/1.0 200 - python-swiftclient-4.2.0 gAAAAABpLjUvHoCr... - 22 - tx67799d6affde4da5bb1dd-00692e3557 - 0.0194 - - 1764635991.226818800 1764635991.246226549 0
Dec 01 19:39:51 np0005541722.novalocal container-server[93752]: ::1 - - [02/Dec/2025:00:39:51 +0000] "GET /3/7124/AUTH_71f03d698f7645fb92ce29512b9f0297/gnocchi.9d975647-4288-4008-ac82-51d41b9f4d68" 200 357 "GET http://[::1]:8080/v1/AUTH_71f03d698f7645fb92ce29512b9f0297/gnocchi.9d975647-4288-4008-ac82-51d41b9f4d68?format=json&states=listing" "tx07e46fe10c2d406a9ef44-00692e3557" "proxy-server 86829" 0.0133 "-" 93752 0
Dec 01 19:39:51 np0005541722.novalocal proxy-server[86829]: ::1 ::1 02/Dec/2025/00/39/51 GET /v1/AUTH_71f03d698f7645fb92ce29512b9f0297/gnocchi.9d975647-4288-4008-ac82-51d41b9f4d68%3Fformat%3Djson%26states%3Dlisting HTTP/1.0 200 - python-swiftclient-4.2.0 gAAAAABpLjU42Jqt... - 357 - tx07e46fe10c2d406a9ef44-00692e3557 - 0.0246 - - 1764635991.248255491 1764635991.272829294 0
Dec 01 19:39:51 np0005541722.novalocal container-server[93752]: ::1 - - [02/Dec/2025:00:39:51 +0000] "GET /3/185851/AUTH_71f03d698f7645fb92ce29512b9f0297/gnocchi.dec9f772-4156-4eb8-b7c8-1aa0deeb4af2" 200 357 "GET http://[::1]:8080/v1/AUTH_71f03d698f7645fb92ce29512b9f0297/gnocchi.dec9f772-4156-4eb8-b7c8-1aa0deeb4af2?format=json&states=listing" "txb09266c0219641f9a36ea-00692e3557" "proxy-server 86829" 0.0101 "-" 93752 0
Dec 01 19:39:51 np0005541722.novalocal proxy-server[86829]: ::1 ::1 02/Dec/2025/00/39/51 GET /v1/AUTH_71f03d698f7645fb92ce29512b9f0297/gnocchi.dec9f772-4156-4eb8-b7c8-1aa0deeb4af2%3Fformat%3Djson%26states%3Dlisting HTTP/1.0 200 - python-swiftclient-4.2.0 gAAAAABpLjUvHoCr... - 357 - txb09266c0219641f9a36ea-00692e3557 - 0.0240 - - 1764635991.254288673 1764635991.278319359 0
Dec 01 19:39:51 np0005541722.novalocal container-server[93753]: ::1 - - [02/Dec/2025:00:39:51 +0000] "GET /1/7124/AUTH_71f03d698f7645fb92ce29512b9f0297/gnocchi.9d975647-4288-4008-ac82-51d41b9f4d68" 200 2 "GET http://[::1]:8080/v1/AUTH_71f03d698f7645fb92ce29512b9f0297/gnocchi.9d975647-4288-4008-ac82-51d41b9f4d68?format=json&marker=none_v3&states=listing" "tx1409d0566c044333895f6-00692e3557" "proxy-server 86829" 0.0093 "-" 93753 0
Dec 01 19:39:51 np0005541722.novalocal container-server[93750]: ::1 - - [02/Dec/2025:00:39:51 +0000] "GET /3/185851/AUTH_71f03d698f7645fb92ce29512b9f0297/gnocchi.dec9f772-4156-4eb8-b7c8-1aa0deeb4af2" 200 2 "GET http://[::1]:8080/v1/AUTH_71f03d698f7645fb92ce29512b9f0297/gnocchi.dec9f772-4156-4eb8-b7c8-1aa0deeb4af2?format=json&marker=none_v3&states=listing" "tx642d4d82616d4e02bf095-00692e3557" "proxy-server 86829" 0.0050 "-" 93750 0
Dec 01 19:39:51 np0005541722.novalocal proxy-server[86829]: ::1 ::1 02/Dec/2025/00/39/51 GET /v1/AUTH_71f03d698f7645fb92ce29512b9f0297/gnocchi.9d975647-4288-4008-ac82-51d41b9f4d68%3Fformat%3Djson%26marker%3Dnone_v3%26states%3Dlisting HTTP/1.0 200 - python-swiftclient-4.2.0 gAAAAABpLjU42Jqt... - 2 - tx1409d0566c044333895f6-00692e3557 - 0.0216 - - 1764635991.276496887 1764635991.298071623 0
Dec 01 19:39:51 np0005541722.novalocal proxy-server[86829]: ::1 ::1 02/Dec/2025/00/39/51 GET /v1/AUTH_71f03d698f7645fb92ce29512b9f0297/gnocchi.dec9f772-4156-4eb8-b7c8-1aa0deeb4af2%3Fformat%3Djson%26marker%3Dnone_v3%26states%3Dlisting HTTP/1.0 200 - python-swiftclient-4.2.0 gAAAAABpLjUvHoCr... - 2 - tx642d4d82616d4e02bf095-00692e3557 - 0.0167 - - 1764635991.285017967 1764635991.301673651 0
Dec 01 19:39:51 np0005541722.novalocal object-server[94055]: ::1 - - [02/Dec/2025:00:39:51 +0000] "GET /3/230082/AUTH_71f03d698f7645fb92ce29512b9f0297/gnocchi.9d975647-4288-4008-ac82-51d41b9f4d68/1763640000.0_mean_300.0_v3" 200 16 "GET http://[::1]:8080/v1/AUTH_71f03d698f7645fb92ce29512b9f0297/gnocchi.9d975647-4288-4008-ac82-51d41b9f4d68/1763640000.0_mean_300.0_v3" "txfa53651ae4bd47b9ac388-00692e3557" "proxy-server 86829" 0.0012 "-" 94055 0
Dec 01 19:39:51 np0005541722.novalocal object-server[94055]: ::1 - - [02/Dec/2025:00:39:51 +0000] "GET /1/93363/AUTH_71f03d698f7645fb92ce29512b9f0297/gnocchi.dec9f772-4156-4eb8-b7c8-1aa0deeb4af2/1763640000.0_mean_300.0_v3" 200 16 "GET http://[::1]:8080/v1/AUTH_71f03d698f7645fb92ce29512b9f0297/gnocchi.dec9f772-4156-4eb8-b7c8-1aa0deeb4af2/1763640000.0_mean_300.0_v3" "tx354ede1cd7784347915eb-00692e3557" "proxy-server 86829" 0.0008 "-" 94055 0
Dec 01 19:39:51 np0005541722.novalocal proxy-server[86829]: ::1 ::1 02/Dec/2025/00/39/51 GET /v1/AUTH_71f03d698f7645fb92ce29512b9f0297/gnocchi.9d975647-4288-4008-ac82-51d41b9f4d68/1763640000.0_mean_300.0_v3 HTTP/1.0 200 - python-swiftclient-4.2.0 gAAAAABpLjU42Jqt... - 16 - txfa53651ae4bd47b9ac388-00692e3557 - 0.0133 - - 1764635991.303362370 1764635991.316709042 0
Dec 01 19:39:51 np0005541722.novalocal proxy-server[86829]: ::1 ::1 02/Dec/2025/00/39/51 GET /v1/AUTH_71f03d698f7645fb92ce29512b9f0297/gnocchi.dec9f772-4156-4eb8-b7c8-1aa0deeb4af2/1763640000.0_mean_300.0_v3 HTTP/1.0 200 - python-swiftclient-4.2.0 gAAAAABpLjUvHoCr... - 16 - tx354ede1cd7784347915eb-00692e3557 - 0.0095 - - 1764635991.309826136 1764635991.319305182 0
Dec 01 19:39:51 np0005541722.novalocal container-server[93752]: ::1 - - [02/Dec/2025:00:39:51 +0000] "PUT /1/185851/AUTH_71f03d698f7645fb92ce29512b9f0297/gnocchi.dec9f772-4156-4eb8-b7c8-1aa0deeb4af2/1763640000.0_mean_300.0_v3" 201 - "PUT http://[::1]:8080/2/93363/AUTH_71f03d698f7645fb92ce29512b9f0297/gnocchi.dec9f772-4156-4eb8-b7c8-1aa0deeb4af2/1763640000.0_mean_300.0_v3" "tx00f808de5807490cabfd3-00692e3557" "object-server 94054" 0.0011 "-" 93752 0
Dec 01 19:39:51 np0005541722.novalocal object-server[94054]: ::1 - - [02/Dec/2025:00:39:51 +0000] "PUT /2/93363/AUTH_71f03d698f7645fb92ce29512b9f0297/gnocchi.dec9f772-4156-4eb8-b7c8-1aa0deeb4af2/1763640000.0_mean_300.0_v3" 201 - "PUT http://[::1]:8080/v1/AUTH_71f03d698f7645fb92ce29512b9f0297/gnocchi.dec9f772-4156-4eb8-b7c8-1aa0deeb4af2/1763640000.0_mean_300.0_v3" "tx00f808de5807490cabfd3-00692e3557" "proxy-server 86829" 0.0129 "-" 94054 0
Dec 01 19:39:51 np0005541722.novalocal container-server[93752]: ::1 - - [02/Dec/2025:00:39:51 +0000] "PUT /3/185851/AUTH_71f03d698f7645fb92ce29512b9f0297/gnocchi.dec9f772-4156-4eb8-b7c8-1aa0deeb4af2/1763640000.0_mean_300.0_v3" 201 - "PUT http://[::1]:8080/3/93363/AUTH_71f03d698f7645fb92ce29512b9f0297/gnocchi.dec9f772-4156-4eb8-b7c8-1aa0deeb4af2/1763640000.0_mean_300.0_v3" "tx00f808de5807490cabfd3-00692e3557" "object-server 94056" 0.0006 "-" 93752 0
Dec 01 19:39:51 np0005541722.novalocal container-server[93753]: ::1 - - [02/Dec/2025:00:39:51 +0000] "PUT /1/7124/AUTH_71f03d698f7645fb92ce29512b9f0297/gnocchi.9d975647-4288-4008-ac82-51d41b9f4d68/1763640000.0_mean_300.0_v3" 201 - "PUT http://[::1]:8080/3/230082/AUTH_71f03d698f7645fb92ce29512b9f0297/gnocchi.9d975647-4288-4008-ac82-51d41b9f4d68/1763640000.0_mean_300.0_v3" "txf84c1c7e3e4a41c2a90cc-00692e3557" "object-server 94056" 0.0018 "-" 93753 0
Dec 01 19:39:51 np0005541722.novalocal container-server[93751]: ::1 - - [02/Dec/2025:00:39:51 +0000] "PUT /2/7124/AUTH_71f03d698f7645fb92ce29512b9f0297/gnocchi.9d975647-4288-4008-ac82-51d41b9f4d68/1763640000.0_mean_300.0_v3" 201 - "PUT http://[::1]:8080/1/230082/AUTH_71f03d698f7645fb92ce29512b9f0297/gnocchi.9d975647-4288-4008-ac82-51d41b9f4d68/1763640000.0_mean_300.0_v3" "txf84c1c7e3e4a41c2a90cc-00692e3557" "object-server 94055" 0.0005 "-" 93751 0
Dec 01 19:39:51 np0005541722.novalocal object-server[94056]: ::1 - - [02/Dec/2025:00:39:51 +0000] "PUT /3/93363/AUTH_71f03d698f7645fb92ce29512b9f0297/gnocchi.dec9f772-4156-4eb8-b7c8-1aa0deeb4af2/1763640000.0_mean_300.0_v3" 201 - "PUT http://[::1]:8080/v1/AUTH_71f03d698f7645fb92ce29512b9f0297/gnocchi.dec9f772-4156-4eb8-b7c8-1aa0deeb4af2/1763640000.0_mean_300.0_v3" "tx00f808de5807490cabfd3-00692e3557" "proxy-server 86829" 0.0153 "-" 94056 0
Dec 01 19:39:51 np0005541722.novalocal object-server[94055]: ::1 - - [02/Dec/2025:00:39:51 +0000] "PUT /1/230082/AUTH_71f03d698f7645fb92ce29512b9f0297/gnocchi.9d975647-4288-4008-ac82-51d41b9f4d68/1763640000.0_mean_300.0_v3" 201 - "PUT http://[::1]:8080/v1/AUTH_71f03d698f7645fb92ce29512b9f0297/gnocchi.9d975647-4288-4008-ac82-51d41b9f4d68/1763640000.0_mean_300.0_v3" "txf84c1c7e3e4a41c2a90cc-00692e3557" "proxy-server 86829" 0.0220 "-" 94055 0
Dec 01 19:39:51 np0005541722.novalocal container-server[93751]: ::1 - - [02/Dec/2025:00:39:51 +0000] "PUT /3/7124/AUTH_71f03d698f7645fb92ce29512b9f0297/gnocchi.9d975647-4288-4008-ac82-51d41b9f4d68/1763640000.0_mean_300.0_v3" 201 - "PUT http://[::1]:8080/2/230082/AUTH_71f03d698f7645fb92ce29512b9f0297/gnocchi.9d975647-4288-4008-ac82-51d41b9f4d68/1763640000.0_mean_300.0_v3" "txf84c1c7e3e4a41c2a90cc-00692e3557" "object-server 94055" 0.0004 "-" 93751 0
Dec 01 19:39:51 np0005541722.novalocal object-server[94056]: ::1 - - [02/Dec/2025:00:39:51 +0000] "PUT /3/230082/AUTH_71f03d698f7645fb92ce29512b9f0297/gnocchi.9d975647-4288-4008-ac82-51d41b9f4d68/1763640000.0_mean_300.0_v3" 201 - "PUT http://[::1]:8080/v1/AUTH_71f03d698f7645fb92ce29512b9f0297/gnocchi.9d975647-4288-4008-ac82-51d41b9f4d68/1763640000.0_mean_300.0_v3" "txf84c1c7e3e4a41c2a90cc-00692e3557" "proxy-server 86829" 0.0216 "-" 94056 0
Dec 01 19:39:51 np0005541722.novalocal object-server[94055]: ::1 - - [02/Dec/2025:00:39:51 +0000] "PUT /2/230082/AUTH_71f03d698f7645fb92ce29512b9f0297/gnocchi.9d975647-4288-4008-ac82-51d41b9f4d68/1763640000.0_mean_300.0_v3" 201 - "PUT http://[::1]:8080/v1/AUTH_71f03d698f7645fb92ce29512b9f0297/gnocchi.9d975647-4288-4008-ac82-51d41b9f4d68/1763640000.0_mean_300.0_v3" "txf84c1c7e3e4a41c2a90cc-00692e3557" "proxy-server 86829" 0.0211 "-" 94055 0
Dec 01 19:39:51 np0005541722.novalocal container-server[93751]: ::1 - - [02/Dec/2025:00:39:51 +0000] "PUT /2/185851/AUTH_71f03d698f7645fb92ce29512b9f0297/gnocchi.dec9f772-4156-4eb8-b7c8-1aa0deeb4af2/1763640000.0_mean_300.0_v3" 201 - "PUT http://[::1]:8080/1/93363/AUTH_71f03d698f7645fb92ce29512b9f0297/gnocchi.dec9f772-4156-4eb8-b7c8-1aa0deeb4af2/1763640000.0_mean_300.0_v3" "tx00f808de5807490cabfd3-00692e3557" "object-server 94055" 0.0004 "-" 93751 0
Dec 01 19:39:51 np0005541722.novalocal object-server[94055]: ::1 - - [02/Dec/2025:00:39:51 +0000] "PUT /1/93363/AUTH_71f03d698f7645fb92ce29512b9f0297/gnocchi.dec9f772-4156-4eb8-b7c8-1aa0deeb4af2/1763640000.0_mean_300.0_v3" 201 - "PUT http://[::1]:8080/v1/AUTH_71f03d698f7645fb92ce29512b9f0297/gnocchi.dec9f772-4156-4eb8-b7c8-1aa0deeb4af2/1763640000.0_mean_300.0_v3" "tx00f808de5807490cabfd3-00692e3557" "proxy-server 86829" 0.0184 "-" 94055 0
Dec 01 19:39:51 np0005541722.novalocal proxy-server[86829]: ::1 ::1 02/Dec/2025/00/39/51 PUT /v1/AUTH_71f03d698f7645fb92ce29512b9f0297/gnocchi.9d975647-4288-4008-ac82-51d41b9f4d68/1763640000.0_mean_300.0_v3 HTTP/1.0 201 - python-swiftclient-4.2.0 gAAAAABpLjU42Jqt... 16 - - txf84c1c7e3e4a41c2a90cc-00692e3557 - 0.0351 - - 1764635991.321029902 1764635991.356089592 0
Dec 01 19:39:51 np0005541722.novalocal proxy-server[86829]: ::1 ::1 02/Dec/2025/00/39/51 PUT /v1/AUTH_71f03d698f7645fb92ce29512b9f0297/gnocchi.dec9f772-4156-4eb8-b7c8-1aa0deeb4af2/1763640000.0_mean_300.0_v3 HTTP/1.0 201 - python-swiftclient-4.2.0 gAAAAABpLjUvHoCr... 16 - - tx00f808de5807490cabfd3-00692e3557 - 0.0268 - - 1764635991.330517769 1764635991.357308865 0
Dec 01 19:39:51 np0005541722.novalocal container-server[93753]: ::1 - - [02/Dec/2025:00:39:51 +0000] "PUT /1/7124/AUTH_71f03d698f7645fb92ce29512b9f0297/gnocchi.9d975647-4288-4008-ac82-51d41b9f4d68/none_v3" 201 - "PUT http://[::1]:8080/1/203975/AUTH_71f03d698f7645fb92ce29512b9f0297/gnocchi.9d975647-4288-4008-ac82-51d41b9f4d68/none_v3" "txeefc0366a8094bdbb5728-00692e3557" "object-server 94056" 0.0007 "-" 93753 0
Dec 01 19:39:51 np0005541722.novalocal object-server[94056]: ::1 - - [02/Dec/2025:00:39:51 +0000] "PUT /1/203975/AUTH_71f03d698f7645fb92ce29512b9f0297/gnocchi.9d975647-4288-4008-ac82-51d41b9f4d68/none_v3" 201 - "PUT http://[::1]:8080/v1/AUTH_71f03d698f7645fb92ce29512b9f0297/gnocchi.9d975647-4288-4008-ac82-51d41b9f4d68/none_v3" "txeefc0366a8094bdbb5728-00692e3557" "proxy-server 86829" 0.0230 "-" 94056 0
Dec 01 19:39:51 np0005541722.novalocal container-server[93753]: ::1 - - [02/Dec/2025:00:39:51 +0000] "PUT /3/185851/AUTH_71f03d698f7645fb92ce29512b9f0297/gnocchi.dec9f772-4156-4eb8-b7c8-1aa0deeb4af2/none_v3" 201 - "PUT http://[::1]:8080/2/149163/AUTH_71f03d698f7645fb92ce29512b9f0297/gnocchi.dec9f772-4156-4eb8-b7c8-1aa0deeb4af2/none_v3" "tx3bb595fbcbc64701bb26f-00692e3557" "object-server 94054" 0.0004 "-" 93753 0
Dec 01 19:39:51 np0005541722.novalocal container-server[93753]: ::1 - - [02/Dec/2025:00:39:51 +0000] "PUT /2/7124/AUTH_71f03d698f7645fb92ce29512b9f0297/gnocchi.9d975647-4288-4008-ac82-51d41b9f4d68/none_v3" 201 - "PUT http://[::1]:8080/2/203975/AUTH_71f03d698f7645fb92ce29512b9f0297/gnocchi.9d975647-4288-4008-ac82-51d41b9f4d68/none_v3" "txeefc0366a8094bdbb5728-00692e3557" "object-server 94057" 0.0003 "-" 93753 0
Dec 01 19:39:51 np0005541722.novalocal container-server[93753]: ::1 - - [02/Dec/2025:00:39:51 +0000] "PUT /3/7124/AUTH_71f03d698f7645fb92ce29512b9f0297/gnocchi.9d975647-4288-4008-ac82-51d41b9f4d68/none_v3" 201 - "PUT http://[::1]:8080/3/203975/AUTH_71f03d698f7645fb92ce29512b9f0297/gnocchi.9d975647-4288-4008-ac82-51d41b9f4d68/none_v3" "txeefc0366a8094bdbb5728-00692e3557" "object-server 94057" 0.0003 "-" 93753 0
Dec 01 19:39:51 np0005541722.novalocal object-server[94057]: ::1 - - [02/Dec/2025:00:39:51 +0000] "PUT /2/203975/AUTH_71f03d698f7645fb92ce29512b9f0297/gnocchi.9d975647-4288-4008-ac82-51d41b9f4d68/none_v3" 201 - "PUT http://[::1]:8080/v1/AUTH_71f03d698f7645fb92ce29512b9f0297/gnocchi.9d975647-4288-4008-ac82-51d41b9f4d68/none_v3" "txeefc0366a8094bdbb5728-00692e3557" "proxy-server 86829" 0.0249 "-" 94057 0
Dec 01 19:39:51 np0005541722.novalocal object-server[94054]: ::1 - - [02/Dec/2025:00:39:51 +0000] "PUT /2/149163/AUTH_71f03d698f7645fb92ce29512b9f0297/gnocchi.dec9f772-4156-4eb8-b7c8-1aa0deeb4af2/none_v3" 201 - "PUT http://[::1]:8080/v1/AUTH_71f03d698f7645fb92ce29512b9f0297/gnocchi.dec9f772-4156-4eb8-b7c8-1aa0deeb4af2/none_v3" "tx3bb595fbcbc64701bb26f-00692e3557" "proxy-server 86829" 0.0135 "-" 94054 0
Dec 01 19:39:51 np0005541722.novalocal container-server[93752]: ::1 - - [02/Dec/2025:00:39:51 +0000] "PUT /1/185851/AUTH_71f03d698f7645fb92ce29512b9f0297/gnocchi.dec9f772-4156-4eb8-b7c8-1aa0deeb4af2/none_v3" 201 - "PUT http://[::1]:8080/1/149163/AUTH_71f03d698f7645fb92ce29512b9f0297/gnocchi.dec9f772-4156-4eb8-b7c8-1aa0deeb4af2/none_v3" "tx3bb595fbcbc64701bb26f-00692e3557" "object-server 94057" 0.0009 "-" 93752 0
Dec 01 19:39:51 np0005541722.novalocal object-server[94057]: ::1 - - [02/Dec/2025:00:39:51 +0000] "PUT /3/203975/AUTH_71f03d698f7645fb92ce29512b9f0297/gnocchi.9d975647-4288-4008-ac82-51d41b9f4d68/none_v3" 201 - "PUT http://[::1]:8080/v1/AUTH_71f03d698f7645fb92ce29512b9f0297/gnocchi.9d975647-4288-4008-ac82-51d41b9f4d68/none_v3" "txeefc0366a8094bdbb5728-00692e3557" "proxy-server 86829" 0.0251 "-" 94057 0
Dec 01 19:39:51 np0005541722.novalocal object-server[94057]: ::1 - - [02/Dec/2025:00:39:51 +0000] "PUT /1/149163/AUTH_71f03d698f7645fb92ce29512b9f0297/gnocchi.dec9f772-4156-4eb8-b7c8-1aa0deeb4af2/none_v3" 201 - "PUT http://[::1]:8080/v1/AUTH_71f03d698f7645fb92ce29512b9f0297/gnocchi.dec9f772-4156-4eb8-b7c8-1aa0deeb4af2/none_v3" "tx3bb595fbcbc64701bb26f-00692e3557" "proxy-server 86829" 0.0146 "-" 94057 0
Dec 01 19:39:51 np0005541722.novalocal container-server[93752]: ::1 - - [02/Dec/2025:00:39:51 +0000] "PUT /2/185851/AUTH_71f03d698f7645fb92ce29512b9f0297/gnocchi.dec9f772-4156-4eb8-b7c8-1aa0deeb4af2/none_v3" 201 - "PUT http://[::1]:8080/3/149163/AUTH_71f03d698f7645fb92ce29512b9f0297/gnocchi.dec9f772-4156-4eb8-b7c8-1aa0deeb4af2/none_v3" "tx3bb595fbcbc64701bb26f-00692e3557" "object-server 94054" 0.0005 "-" 93752 0
Dec 01 19:39:51 np0005541722.novalocal proxy-server[86829]: ::1 ::1 02/Dec/2025/00/39/51 PUT /v1/AUTH_71f03d698f7645fb92ce29512b9f0297/gnocchi.9d975647-4288-4008-ac82-51d41b9f4d68/none_v3 HTTP/1.0 201 - python-swiftclient-4.2.0 gAAAAABpLjU42Jqt... 32 - - txeefc0366a8094bdbb5728-00692e3557 - 0.0345 - - 1764635991.358793020 1764635991.393262863 0
Dec 01 19:39:51 np0005541722.novalocal object-server[94054]: ::1 - - [02/Dec/2025:00:39:51 +0000] "PUT /3/149163/AUTH_71f03d698f7645fb92ce29512b9f0297/gnocchi.dec9f772-4156-4eb8-b7c8-1aa0deeb4af2/none_v3" 201 - "PUT http://[::1]:8080/v1/AUTH_71f03d698f7645fb92ce29512b9f0297/gnocchi.dec9f772-4156-4eb8-b7c8-1aa0deeb4af2/none_v3" "tx3bb595fbcbc64701bb26f-00692e3557" "proxy-server 86829" 0.0155 "-" 94054 0
Dec 01 19:39:51 np0005541722.novalocal proxy-server[86829]: ::1 ::1 02/Dec/2025/00/39/51 PUT /v1/AUTH_71f03d698f7645fb92ce29512b9f0297/gnocchi.dec9f772-4156-4eb8-b7c8-1aa0deeb4af2/none_v3 HTTP/1.0 201 - python-swiftclient-4.2.0 gAAAAABpLjUvHoCr... 38 - - tx3bb595fbcbc64701bb26f-00692e3557 - 0.0361 - - 1764635991.359976530 1764635991.396046638 0
Dec 01 19:39:51 np0005541722.novalocal object-server[94055]: ::1 - - [02/Dec/2025:00:39:51 +0000] "GET /3/114972/AUTH_71f03d698f7645fb92ce29512b9f0297/gnocchi.da290109-c1c9-474f-91de-d42a386d6364/none_v3" 200 22 "GET http://[::1]:8080/v1/AUTH_71f03d698f7645fb92ce29512b9f0297/gnocchi.da290109-c1c9-474f-91de-d42a386d6364/none_v3" "tx23714ecce12b4a9b910cb-00692e3557" "proxy-server 86829" 0.0009 "-" 94055 0
Dec 01 19:39:51 np0005541722.novalocal proxy-server[86829]: ::1 ::1 02/Dec/2025/00/39/51 GET /v1/AUTH_71f03d698f7645fb92ce29512b9f0297/gnocchi.da290109-c1c9-474f-91de-d42a386d6364/none_v3 HTTP/1.0 200 - python-swiftclient-4.2.0 gAAAAABpLjU42Jqt... - 22 - tx23714ecce12b4a9b910cb-00692e3557 - 0.0095 - - 1764635991.406615496 1764635991.416133642 0
Dec 01 19:39:51 np0005541722.novalocal container-server[93752]: ::1 - - [02/Dec/2025:00:39:51 +0000] "GET /1/159860/AUTH_71f03d698f7645fb92ce29512b9f0297/gnocchi.da290109-c1c9-474f-91de-d42a386d6364" 200 357 "GET http://[::1]:8080/v1/AUTH_71f03d698f7645fb92ce29512b9f0297/gnocchi.da290109-c1c9-474f-91de-d42a386d6364?format=json&states=listing" "tx2a559df2bea241b5ad13d-00692e3557" "proxy-server 86829" 0.0096 "-" 93752 0
Dec 01 19:39:51 np0005541722.novalocal proxy-server[86829]: ::1 ::1 02/Dec/2025/00/39/51 GET /v1/AUTH_71f03d698f7645fb92ce29512b9f0297/gnocchi.da290109-c1c9-474f-91de-d42a386d6364%3Fformat%3Djson%26states%3Dlisting HTTP/1.0 200 - python-swiftclient-4.2.0 gAAAAABpLjU42Jqt... - 357 - tx2a559df2bea241b5ad13d-00692e3557 - 0.0206 - - 1764635991.420386791 1764635991.440964460 0
Dec 01 19:39:51 np0005541722.novalocal container-server[93751]: ::1 - - [02/Dec/2025:00:39:51 +0000] "GET /3/159860/AUTH_71f03d698f7645fb92ce29512b9f0297/gnocchi.da290109-c1c9-474f-91de-d42a386d6364" 200 2 "GET http://[::1]:8080/v1/AUTH_71f03d698f7645fb92ce29512b9f0297/gnocchi.da290109-c1c9-474f-91de-d42a386d6364?format=json&marker=none_v3&states=listing" "tx0ca0e2f214e746ce8b88f-00692e3557" "proxy-server 86829" 0.0081 "-" 93751 0
Dec 01 19:39:51 np0005541722.novalocal proxy-server[86829]: ::1 ::1 02/Dec/2025/00/39/51 GET /v1/AUTH_71f03d698f7645fb92ce29512b9f0297/gnocchi.da290109-c1c9-474f-91de-d42a386d6364%3Fformat%3Djson%26marker%3Dnone_v3%26states%3Dlisting HTTP/1.0 200 - python-swiftclient-4.2.0 gAAAAABpLjU42Jqt... - 2 - tx0ca0e2f214e746ce8b88f-00692e3557 - 0.0176 - - 1764635991.444554090 1764635991.462164640 0
Dec 01 19:39:51 np0005541722.novalocal object-server[94055]: ::1 - - [02/Dec/2025:00:39:51 +0000] "GET /2/60646/AUTH_71f03d698f7645fb92ce29512b9f0297/gnocchi.da290109-c1c9-474f-91de-d42a386d6364/1763640000.0_mean_300.0_v3" 200 16 "GET http://[::1]:8080/v1/AUTH_71f03d698f7645fb92ce29512b9f0297/gnocchi.da290109-c1c9-474f-91de-d42a386d6364/1763640000.0_mean_300.0_v3" "tx19719d35e40f468580678-00692e3557" "proxy-server 86829" 0.0008 "-" 94055 0
Dec 01 19:39:51 np0005541722.novalocal proxy-server[86829]: ::1 ::1 02/Dec/2025/00/39/51 GET /v1/AUTH_71f03d698f7645fb92ce29512b9f0297/gnocchi.da290109-c1c9-474f-91de-d42a386d6364/1763640000.0_mean_300.0_v3 HTTP/1.0 200 - python-swiftclient-4.2.0 gAAAAABpLjU42Jqt... - 16 - tx19719d35e40f468580678-00692e3557 - 0.0086 - - 1764635991.466504097 1764635991.475121260 0
Dec 01 19:39:51 np0005541722.novalocal container-server[93751]: ::1 - - [02/Dec/2025:00:39:51 +0000] "PUT /3/159860/AUTH_71f03d698f7645fb92ce29512b9f0297/gnocchi.da290109-c1c9-474f-91de-d42a386d6364/1763640000.0_mean_300.0_v3" 201 - "PUT http://[::1]:8080/1/60646/AUTH_71f03d698f7645fb92ce29512b9f0297/gnocchi.da290109-c1c9-474f-91de-d42a386d6364/1763640000.0_mean_300.0_v3" "tx16b1d652fc784028bb5c6-00692e3557" "object-server 94057" 0.0007 "-" 93751 0
Dec 01 19:39:51 np0005541722.novalocal object-server[94057]: ::1 - - [02/Dec/2025:00:39:51 +0000] "PUT /1/60646/AUTH_71f03d698f7645fb92ce29512b9f0297/gnocchi.da290109-c1c9-474f-91de-d42a386d6364/1763640000.0_mean_300.0_v3" 201 - "PUT http://[::1]:8080/v1/AUTH_71f03d698f7645fb92ce29512b9f0297/gnocchi.da290109-c1c9-474f-91de-d42a386d6364/1763640000.0_mean_300.0_v3" "tx16b1d652fc784028bb5c6-00692e3557" "proxy-server 86829" 0.0160 "-" 94057 0
Dec 01 19:39:51 np0005541722.novalocal container-server[93751]: ::1 - - [02/Dec/2025:00:39:51 +0000] "PUT /1/159860/AUTH_71f03d698f7645fb92ce29512b9f0297/gnocchi.da290109-c1c9-474f-91de-d42a386d6364/1763640000.0_mean_300.0_v3" 201 - "PUT http://[::1]:8080/2/60646/AUTH_71f03d698f7645fb92ce29512b9f0297/gnocchi.da290109-c1c9-474f-91de-d42a386d6364/1763640000.0_mean_300.0_v3" "tx16b1d652fc784028bb5c6-00692e3557" "object-server 94057" 0.0005 "-" 93751 0
Dec 01 19:39:51 np0005541722.novalocal container-server[93750]: ::1 - - [02/Dec/2025:00:39:51 +0000] "PUT /2/159860/AUTH_71f03d698f7645fb92ce29512b9f0297/gnocchi.da290109-c1c9-474f-91de-d42a386d6364/1763640000.0_mean_300.0_v3" 201 - "PUT http://[::1]:8080/3/60646/AUTH_71f03d698f7645fb92ce29512b9f0297/gnocchi.da290109-c1c9-474f-91de-d42a386d6364/1763640000.0_mean_300.0_v3" "tx16b1d652fc784028bb5c6-00692e3557" "object-server 94054" 0.0012 "-" 93750 0
Dec 01 19:39:51 np0005541722.novalocal object-server[94057]: ::1 - - [02/Dec/2025:00:39:51 +0000] "PUT /2/60646/AUTH_71f03d698f7645fb92ce29512b9f0297/gnocchi.da290109-c1c9-474f-91de-d42a386d6364/1763640000.0_mean_300.0_v3" 201 - "PUT http://[::1]:8080/v1/AUTH_71f03d698f7645fb92ce29512b9f0297/gnocchi.da290109-c1c9-474f-91de-d42a386d6364/1763640000.0_mean_300.0_v3" "tx16b1d652fc784028bb5c6-00692e3557" "proxy-server 86829" 0.0151 "-" 94057 0
Dec 01 19:39:51 np0005541722.novalocal object-server[94054]: ::1 - - [02/Dec/2025:00:39:51 +0000] "PUT /3/60646/AUTH_71f03d698f7645fb92ce29512b9f0297/gnocchi.da290109-c1c9-474f-91de-d42a386d6364/1763640000.0_mean_300.0_v3" 201 - "PUT http://[::1]:8080/v1/AUTH_71f03d698f7645fb92ce29512b9f0297/gnocchi.da290109-c1c9-474f-91de-d42a386d6364/1763640000.0_mean_300.0_v3" "tx16b1d652fc784028bb5c6-00692e3557" "proxy-server 86829" 0.0182 "-" 94054 0
Dec 01 19:39:51 np0005541722.novalocal proxy-server[86829]: ::1 ::1 02/Dec/2025/00/39/51 PUT /v1/AUTH_71f03d698f7645fb92ce29512b9f0297/gnocchi.da290109-c1c9-474f-91de-d42a386d6364/1763640000.0_mean_300.0_v3 HTTP/1.0 201 - python-swiftclient-4.2.0 gAAAAABpLjU42Jqt... 16 - - tx16b1d652fc784028bb5c6-00692e3557 - 0.0308 - - 1764635991.478765965 1764635991.509542704 0
Dec 01 19:39:51 np0005541722.novalocal container-server[93751]: ::1 - - [02/Dec/2025:00:39:51 +0000] "PUT /1/159860/AUTH_71f03d698f7645fb92ce29512b9f0297/gnocchi.da290109-c1c9-474f-91de-d42a386d6364/none_v3" 201 - "PUT http://[::1]:8080/3/114972/AUTH_71f03d698f7645fb92ce29512b9f0297/gnocchi.da290109-c1c9-474f-91de-d42a386d6364/none_v3" "tx41e65f76f4d94a639e5ef-00692e3557" "object-server 94056" 0.0007 "-" 93751 0
Dec 01 19:39:51 np0005541722.novalocal object-server[94056]: ::1 - - [02/Dec/2025:00:39:51 +0000] "PUT /3/114972/AUTH_71f03d698f7645fb92ce29512b9f0297/gnocchi.da290109-c1c9-474f-91de-d42a386d6364/none_v3" 201 - "PUT http://[::1]:8080/v1/AUTH_71f03d698f7645fb92ce29512b9f0297/gnocchi.da290109-c1c9-474f-91de-d42a386d6364/none_v3" "tx41e65f76f4d94a639e5ef-00692e3557" "proxy-server 86829" 0.0124 "-" 94056 0
Dec 01 19:39:51 np0005541722.novalocal container-server[93753]: ::1 - - [02/Dec/2025:00:39:51 +0000] "PUT /3/159860/AUTH_71f03d698f7645fb92ce29512b9f0297/gnocchi.da290109-c1c9-474f-91de-d42a386d6364/none_v3" 201 - "PUT http://[::1]:8080/2/114972/AUTH_71f03d698f7645fb92ce29512b9f0297/gnocchi.da290109-c1c9-474f-91de-d42a386d6364/none_v3" "tx41e65f76f4d94a639e5ef-00692e3557" "object-server 94055" 0.0013 "-" 93753 0
Dec 01 19:39:51 np0005541722.novalocal object-server[94055]: ::1 - - [02/Dec/2025:00:39:51 +0000] "PUT /2/114972/AUTH_71f03d698f7645fb92ce29512b9f0297/gnocchi.da290109-c1c9-474f-91de-d42a386d6364/none_v3" 201 - "PUT http://[::1]:8080/v1/AUTH_71f03d698f7645fb92ce29512b9f0297/gnocchi.da290109-c1c9-474f-91de-d42a386d6364/none_v3" "tx41e65f76f4d94a639e5ef-00692e3557" "proxy-server 86829" 0.0149 "-" 94055 0
Dec 01 19:39:51 np0005541722.novalocal container-server[93753]: ::1 - - [02/Dec/2025:00:39:51 +0000] "PUT /2/159860/AUTH_71f03d698f7645fb92ce29512b9f0297/gnocchi.da290109-c1c9-474f-91de-d42a386d6364/none_v3" 201 - "PUT http://[::1]:8080/1/114972/AUTH_71f03d698f7645fb92ce29512b9f0297/gnocchi.da290109-c1c9-474f-91de-d42a386d6364/none_v3" "tx41e65f76f4d94a639e5ef-00692e3557" "object-server 94057" 0.0007 "-" 93753 0
Dec 01 19:39:51 np0005541722.novalocal object-server[94057]: ::1 - - [02/Dec/2025:00:39:51 +0000] "PUT /1/114972/AUTH_71f03d698f7645fb92ce29512b9f0297/gnocchi.da290109-c1c9-474f-91de-d42a386d6364/none_v3" 201 - "PUT http://[::1]:8080/v1/AUTH_71f03d698f7645fb92ce29512b9f0297/gnocchi.da290109-c1c9-474f-91de-d42a386d6364/none_v3" "tx41e65f76f4d94a639e5ef-00692e3557" "proxy-server 86829" 0.0180 "-" 94057 0
Dec 01 19:39:51 np0005541722.novalocal proxy-server[86829]: ::1 ::1 02/Dec/2025/00/39/51 PUT /v1/AUTH_71f03d698f7645fb92ce29512b9f0297/gnocchi.da290109-c1c9-474f-91de-d42a386d6364/none_v3 HTTP/1.0 201 - python-swiftclient-4.2.0 gAAAAABpLjU42Jqt... 32 - - tx41e65f76f4d94a639e5ef-00692e3557 - 0.0301 - - 1764635991.512852192 1764635991.542948961 0
Dec 01 19:39:53 np0005541722.novalocal account-server[93614]: Begin account audit pass.
Dec 01 19:39:53 np0005541722.novalocal account-server[93614]: Account audit pass completed: 0.04s
Dec 01 19:39:53 np0005541722.novalocal systemd[1]: NetworkManager-dispatcher.service: Deactivated successfully.
Dec 01 19:39:54 np0005541722.novalocal dnsmasq[100000]: read /var/lib/neutron/dhcp/6c35aff2-ab41-439c-80ee-c156b1a3882b/addn_hosts - 0 addresses
Dec 01 19:39:54 np0005541722.novalocal dnsmasq-dhcp[100000]: read /var/lib/neutron/dhcp/6c35aff2-ab41-439c-80ee-c156b1a3882b/host
Dec 01 19:39:54 np0005541722.novalocal dnsmasq-dhcp[100000]: read /var/lib/neutron/dhcp/6c35aff2-ab41-439c-80ee-c156b1a3882b/opts
Dec 01 19:39:55 np0005541722.novalocal kernel: qr-548942f5-91: left promiscuous mode
Dec 01 19:39:55 np0005541722.novalocal kernel: qg-fdf8424b-1e: left promiscuous mode
Dec 01 19:39:55 np0005541722.novalocal object-server[94054]: ::1 - - [02/Dec/2025:00:39:55 +0000] "GET /1/186265/AUTH_71f03d698f7645fb92ce29512b9f0297/gnocchi.39542c74-2851-40af-9701-ff15b32e27ae/none_v3" 200 32 "GET http://[::1]:8080/v1/AUTH_71f03d698f7645fb92ce29512b9f0297/gnocchi.39542c74-2851-40af-9701-ff15b32e27ae/none_v3" "tx5209209aa72241b1a5ce8-00692e355b" "proxy-server 86829" 0.0008 "-" 94054 0
Dec 01 19:39:55 np0005541722.novalocal proxy-server[86829]: ::1 ::1 02/Dec/2025/00/39/55 GET /v1/AUTH_71f03d698f7645fb92ce29512b9f0297/gnocchi.39542c74-2851-40af-9701-ff15b32e27ae/none_v3 HTTP/1.0 200 - python-swiftclient-4.2.0 gAAAAABpLjUvHoCr... - 32 - tx5209209aa72241b1a5ce8-00692e355b - 0.0102 - - 1764635995.762744904 1764635995.772928953 0
Dec 01 19:39:55 np0005541722.novalocal container-server[93751]: ::1 - - [02/Dec/2025:00:39:55 +0000] "GET /3/30743/AUTH_71f03d698f7645fb92ce29512b9f0297/gnocchi.39542c74-2851-40af-9701-ff15b32e27ae" 200 357 "GET http://[::1]:8080/v1/AUTH_71f03d698f7645fb92ce29512b9f0297/gnocchi.39542c74-2851-40af-9701-ff15b32e27ae?format=json&states=listing" "tx2fdadaca71a6440fbe57f-00692e355b" "proxy-server 86829" 0.0065 "-" 93751 0
Dec 01 19:39:55 np0005541722.novalocal proxy-server[86829]: ::1 ::1 02/Dec/2025/00/39/55 GET /v1/AUTH_71f03d698f7645fb92ce29512b9f0297/gnocchi.39542c74-2851-40af-9701-ff15b32e27ae%3Fformat%3Djson%26states%3Dlisting HTTP/1.0 200 - python-swiftclient-4.2.0 gAAAAABpLjUvHoCr... - 357 - tx2fdadaca71a6440fbe57f-00692e355b - 0.0145 - - 1764635995.776717901 1764635995.791236639 0
Dec 01 19:39:55 np0005541722.novalocal container-server[93751]: ::1 - - [02/Dec/2025:00:39:55 +0000] "GET /2/30743/AUTH_71f03d698f7645fb92ce29512b9f0297/gnocchi.39542c74-2851-40af-9701-ff15b32e27ae" 200 2 "GET http://[::1]:8080/v1/AUTH_71f03d698f7645fb92ce29512b9f0297/gnocchi.39542c74-2851-40af-9701-ff15b32e27ae?format=json&marker=none_v3&states=listing" "txf40cf229c5a4418692759-00692e355b" "proxy-server 86829" 0.0071 "-" 93751 0
Dec 01 19:39:55 np0005541722.novalocal proxy-server[86829]: ::1 ::1 02/Dec/2025/00/39/55 GET /v1/AUTH_71f03d698f7645fb92ce29512b9f0297/gnocchi.39542c74-2851-40af-9701-ff15b32e27ae%3Fformat%3Djson%26marker%3Dnone_v3%26states%3Dlisting HTTP/1.0 200 - python-swiftclient-4.2.0 gAAAAABpLjUvHoCr... - 2 - txf40cf229c5a4418692759-00692e355b - 0.0149 - - 1764635995.794214725 1764635995.809072018 0
Dec 01 19:39:55 np0005541722.novalocal object-server[94056]: ::1 - - [02/Dec/2025:00:39:55 +0000] "GET /3/108430/AUTH_71f03d698f7645fb92ce29512b9f0297/gnocchi.39542c74-2851-40af-9701-ff15b32e27ae/1763640000.0_mean_300.0_v3" 200 16 "GET http://[::1]:8080/v1/AUTH_71f03d698f7645fb92ce29512b9f0297/gnocchi.39542c74-2851-40af-9701-ff15b32e27ae/1763640000.0_mean_300.0_v3" "txfea944309a324369a4b0a-00692e355b" "proxy-server 86829" 0.0006 "-" 94056 0
Dec 01 19:39:55 np0005541722.novalocal proxy-server[86829]: ::1 ::1 02/Dec/2025/00/39/55 GET /v1/AUTH_71f03d698f7645fb92ce29512b9f0297/gnocchi.39542c74-2851-40af-9701-ff15b32e27ae/1763640000.0_mean_300.0_v3 HTTP/1.0 200 - python-swiftclient-4.2.0 gAAAAABpLjUvHoCr... - 16 - txfea944309a324369a4b0a-00692e355b - 0.0091 - - 1764635995.813198328 1764635995.822289705 0
Dec 01 19:39:55 np0005541722.novalocal container-server[93751]: ::1 - - [02/Dec/2025:00:39:55 +0000] "PUT /2/30743/AUTH_71f03d698f7645fb92ce29512b9f0297/gnocchi.39542c74-2851-40af-9701-ff15b32e27ae/1763640000.0_mean_300.0_v3" 201 - "PUT http://[::1]:8080/2/108430/AUTH_71f03d698f7645fb92ce29512b9f0297/gnocchi.39542c74-2851-40af-9701-ff15b32e27ae/1763640000.0_mean_300.0_v3" "tx87df357c68064a59bb8b9-00692e355b" "object-server 94055" 0.0005 "-" 93751 0
Dec 01 19:39:55 np0005541722.novalocal container-server[93753]: ::1 - - [02/Dec/2025:00:39:55 +0000] "PUT /1/30743/AUTH_71f03d698f7645fb92ce29512b9f0297/gnocchi.39542c74-2851-40af-9701-ff15b32e27ae/1763640000.0_mean_300.0_v3" 201 - "PUT http://[::1]:8080/3/108430/AUTH_71f03d698f7645fb92ce29512b9f0297/gnocchi.39542c74-2851-40af-9701-ff15b32e27ae/1763640000.0_mean_300.0_v3" "tx87df357c68064a59bb8b9-00692e355b" "object-server 94056" 0.0007 "-" 93753 0
Dec 01 19:39:55 np0005541722.novalocal object-server[94056]: ::1 - - [02/Dec/2025:00:39:55 +0000] "PUT /3/108430/AUTH_71f03d698f7645fb92ce29512b9f0297/gnocchi.39542c74-2851-40af-9701-ff15b32e27ae/1763640000.0_mean_300.0_v3" 201 - "PUT http://[::1]:8080/v1/AUTH_71f03d698f7645fb92ce29512b9f0297/gnocchi.39542c74-2851-40af-9701-ff15b32e27ae/1763640000.0_mean_300.0_v3" "tx87df357c68064a59bb8b9-00692e355b" "proxy-server 86829" 0.0112 "-" 94056 0
Dec 01 19:39:55 np0005541722.novalocal object-server[94055]: ::1 - - [02/Dec/2025:00:39:55 +0000] "PUT /2/108430/AUTH_71f03d698f7645fb92ce29512b9f0297/gnocchi.39542c74-2851-40af-9701-ff15b32e27ae/1763640000.0_mean_300.0_v3" 201 - "PUT http://[::1]:8080/v1/AUTH_71f03d698f7645fb92ce29512b9f0297/gnocchi.39542c74-2851-40af-9701-ff15b32e27ae/1763640000.0_mean_300.0_v3" "tx87df357c68064a59bb8b9-00692e355b" "proxy-server 86829" 0.0127 "-" 94055 0
Dec 01 19:39:55 np0005541722.novalocal container-server[93753]: ::1 - - [02/Dec/2025:00:39:55 +0000] "PUT /3/30743/AUTH_71f03d698f7645fb92ce29512b9f0297/gnocchi.39542c74-2851-40af-9701-ff15b32e27ae/1763640000.0_mean_300.0_v3" 201 - "PUT http://[::1]:8080/1/108430/AUTH_71f03d698f7645fb92ce29512b9f0297/gnocchi.39542c74-2851-40af-9701-ff15b32e27ae/1763640000.0_mean_300.0_v3" "tx87df357c68064a59bb8b9-00692e355b" "object-server 94055" 0.0004 "-" 93753 0
Dec 01 19:39:55 np0005541722.novalocal object-server[94055]: ::1 - - [02/Dec/2025:00:39:55 +0000] "PUT /1/108430/AUTH_71f03d698f7645fb92ce29512b9f0297/gnocchi.39542c74-2851-40af-9701-ff15b32e27ae/1763640000.0_mean_300.0_v3" 201 - "PUT http://[::1]:8080/v1/AUTH_71f03d698f7645fb92ce29512b9f0297/gnocchi.39542c74-2851-40af-9701-ff15b32e27ae/1763640000.0_mean_300.0_v3" "tx87df357c68064a59bb8b9-00692e355b" "proxy-server 86829" 0.0142 "-" 94055 0
Dec 01 19:39:55 np0005541722.novalocal proxy-server[86829]: ::1 ::1 02/Dec/2025/00/39/55 PUT /v1/AUTH_71f03d698f7645fb92ce29512b9f0297/gnocchi.39542c74-2851-40af-9701-ff15b32e27ae/1763640000.0_mean_300.0_v3 HTTP/1.0 201 - python-swiftclient-4.2.0 gAAAAABpLjUvHoCr... 16 - - tx87df357c68064a59bb8b9-00692e355b - 0.0249 - - 1764635995.825379133 1764635995.850287676 0
Dec 01 19:39:55 np0005541722.novalocal container-server[93752]: ::1 - - [02/Dec/2025:00:39:55 +0000] "PUT /3/30743/AUTH_71f03d698f7645fb92ce29512b9f0297/gnocchi.39542c74-2851-40af-9701-ff15b32e27ae/none_v3" 201 - "PUT http://[::1]:8080/1/186265/AUTH_71f03d698f7645fb92ce29512b9f0297/gnocchi.39542c74-2851-40af-9701-ff15b32e27ae/none_v3" "tx23cd4612dc3d4f2c93c2c-00692e355b" "object-server 94057" 0.0006 "-" 93752 0
Dec 01 19:39:55 np0005541722.novalocal container-server[93751]: ::1 - - [02/Dec/2025:00:39:55 +0000] "PUT /2/30743/AUTH_71f03d698f7645fb92ce29512b9f0297/gnocchi.39542c74-2851-40af-9701-ff15b32e27ae/none_v3" 201 - "PUT http://[::1]:8080/3/186265/AUTH_71f03d698f7645fb92ce29512b9f0297/gnocchi.39542c74-2851-40af-9701-ff15b32e27ae/none_v3" "tx23cd4612dc3d4f2c93c2c-00692e355b" "object-server 94054" 0.0005 "-" 93751 0
Dec 01 19:39:55 np0005541722.novalocal object-server[94057]: ::1 - - [02/Dec/2025:00:39:55 +0000] "PUT /1/186265/AUTH_71f03d698f7645fb92ce29512b9f0297/gnocchi.39542c74-2851-40af-9701-ff15b32e27ae/none_v3" 201 - "PUT http://[::1]:8080/v1/AUTH_71f03d698f7645fb92ce29512b9f0297/gnocchi.39542c74-2851-40af-9701-ff15b32e27ae/none_v3" "tx23cd4612dc3d4f2c93c2c-00692e355b" "proxy-server 86829" 0.0087 "-" 94057 0
Dec 01 19:39:55 np0005541722.novalocal container-server[93752]: ::1 - - [02/Dec/2025:00:39:55 +0000] "PUT /1/30743/AUTH_71f03d698f7645fb92ce29512b9f0297/gnocchi.39542c74-2851-40af-9701-ff15b32e27ae/none_v3" 201 - "PUT http://[::1]:8080/2/186265/AUTH_71f03d698f7645fb92ce29512b9f0297/gnocchi.39542c74-2851-40af-9701-ff15b32e27ae/none_v3" "tx23cd4612dc3d4f2c93c2c-00692e355b" "object-server 94057" 0.0004 "-" 93752 0
Dec 01 19:39:55 np0005541722.novalocal object-server[94054]: ::1 - - [02/Dec/2025:00:39:55 +0000] "PUT /3/186265/AUTH_71f03d698f7645fb92ce29512b9f0297/gnocchi.39542c74-2851-40af-9701-ff15b32e27ae/none_v3" 201 - "PUT http://[::1]:8080/v1/AUTH_71f03d698f7645fb92ce29512b9f0297/gnocchi.39542c74-2851-40af-9701-ff15b32e27ae/none_v3" "tx23cd4612dc3d4f2c93c2c-00692e355b" "proxy-server 86829" 0.0102 "-" 94054 0
Dec 01 19:39:55 np0005541722.novalocal object-server[94057]: ::1 - - [02/Dec/2025:00:39:55 +0000] "PUT /2/186265/AUTH_71f03d698f7645fb92ce29512b9f0297/gnocchi.39542c74-2851-40af-9701-ff15b32e27ae/none_v3" 201 - "PUT http://[::1]:8080/v1/AUTH_71f03d698f7645fb92ce29512b9f0297/gnocchi.39542c74-2851-40af-9701-ff15b32e27ae/none_v3" "tx23cd4612dc3d4f2c93c2c-00692e355b" "proxy-server 86829" 0.0109 "-" 94057 0
Dec 01 19:39:55 np0005541722.novalocal proxy-server[86829]: ::1 ::1 02/Dec/2025/00/39/55 PUT /v1/AUTH_71f03d698f7645fb92ce29512b9f0297/gnocchi.39542c74-2851-40af-9701-ff15b32e27ae/none_v3 HTTP/1.0 201 - python-swiftclient-4.2.0 gAAAAABpLjUvHoCr... 46 - - tx23cd4612dc3d4f2c93c2c-00692e355b - 0.0219 - - 1764635995.852901220 1764635995.874824762 0
Dec 01 19:39:55 np0005541722.novalocal object-server[94057]: ::1 - - [02/Dec/2025:00:39:55 +0000] "GET /2/22893/AUTH_71f03d698f7645fb92ce29512b9f0297/gnocchi.8ea693fb-3dd0-4d9a-8ca5-eb4c774ac25c/none_v3" 200 27 "GET http://[::1]:8080/v1/AUTH_71f03d698f7645fb92ce29512b9f0297/gnocchi.8ea693fb-3dd0-4d9a-8ca5-eb4c774ac25c/none_v3" "txd263efffdd204d21b312e-00692e355b" "proxy-server 86829" 0.0005 "-" 94057 0
Dec 01 19:39:55 np0005541722.novalocal proxy-server[86829]: ::1 ::1 02/Dec/2025/00/39/55 GET /v1/AUTH_71f03d698f7645fb92ce29512b9f0297/gnocchi.8ea693fb-3dd0-4d9a-8ca5-eb4c774ac25c/none_v3 HTTP/1.0 200 - python-swiftclient-4.2.0 gAAAAABpLjU42Jqt... - 27 - txd263efffdd204d21b312e-00692e355b - 0.0124 - - 1764635995.866505623 1764635995.878862858 0
Dec 01 19:39:55 np0005541722.novalocal container-server[93752]: ::1 - - [02/Dec/2025:00:39:55 +0000] "GET /1/191666/AUTH_71f03d698f7645fb92ce29512b9f0297/gnocchi.8ea693fb-3dd0-4d9a-8ca5-eb4c774ac25c" 200 357 "GET http://[::1]:8080/v1/AUTH_71f03d698f7645fb92ce29512b9f0297/gnocchi.8ea693fb-3dd0-4d9a-8ca5-eb4c774ac25c?format=json&states=listing" "tx8e7a200cbce0461ca80c8-00692e355b" "proxy-server 86829" 0.0099 "-" 93752 0
Dec 01 19:39:55 np0005541722.novalocal proxy-server[86829]: ::1 ::1 02/Dec/2025/00/39/55 GET /v1/AUTH_71f03d698f7645fb92ce29512b9f0297/gnocchi.8ea693fb-3dd0-4d9a-8ca5-eb4c774ac25c%3Fformat%3Djson%26states%3Dlisting HTTP/1.0 200 - python-swiftclient-4.2.0 gAAAAABpLjU42Jqt... - 357 - tx8e7a200cbce0461ca80c8-00692e355b - 0.0193 - - 1764635995.883485079 1764635995.902769327 0
