Dec 01 19:39:40 np0005541722.novalocal container-server[93752]: ::1 - - [02/Dec/2025:00:39:40 +0000] "PUT /3/223363/AUTH_71f03d698f7645fb92ce29512b9f0297/gnocchi.01908cc4-0573-48d2-8199-ee03be381d5f/1763640000.0_mean_300.0_v3" 201 - "PUT http://[::1]:8080/1/21562/AUTH_71f03d698f7645fb92ce29512b9f0297/gnocchi.01908cc4-0573-48d2-8199-ee03be381d5f/1763640000.0_mean_300.0_v3" "tx6af6bfdf7b6a42a9b82fd-00692e354c" "object-server 94056" 0.0014 "-" 93752 0
Dec 01 19:39:40 np0005541722.novalocal container-server[93750]: ::1 - - [02/Dec/2025:00:39:40 +0000] "HEAD /3/85440/AUTH_71f03d698f7645fb92ce29512b9f0297/gnocchi.35fac675-f6d0-4e66-991a-05efe65b7674" 204 - "HEAD http://[::1]:8080/v1/AUTH_71f03d698f7645fb92ce29512b9f0297/gnocchi.35fac675-f6d0-4e66-991a-05efe65b7674?format=json&states=listing" "tx56f497111ce1481fb47ae-00692e354c" "proxy-server 86829" 0.0015 "-" 93750 0
Dec 01 19:39:40 np0005541722.novalocal object-server[94056]: ::1 - - [02/Dec/2025:00:39:40 +0000] "PUT /1/21562/AUTH_71f03d698f7645fb92ce29512b9f0297/gnocchi.01908cc4-0573-48d2-8199-ee03be381d5f/1763640000.0_mean_300.0_v3" 201 - "PUT http://[::1]:8080/v1/AUTH_71f03d698f7645fb92ce29512b9f0297/gnocchi.01908cc4-0573-48d2-8199-ee03be381d5f/1763640000.0_mean_300.0_v3" "tx6af6bfdf7b6a42a9b82fd-00692e354c" "proxy-server 86829" 0.0134 "-" 94056 0
Dec 01 19:39:40 np0005541722.novalocal haproxy-metadata-proxy-ad09cdc6-f750-4018-a3e6-1082e98caaae[100412]: ::ffff:10.100.0.13:33944 [01/Dec/2025:19:39:40.363] listener listener/metadata 0/0/0/79/79 200 127 - - ---- 1/1/0/0/0 0/0 "GET /2009-04-04/meta-data/block-device-mapping HTTP/1.1"
Dec 01 19:39:40 np0005541722.novalocal proxy-server[86829]: ::1 ::1 02/Dec/2025/00/39/40 PUT /v1/AUTH_71f03d698f7645fb92ce29512b9f0297/gnocchi.01908cc4-0573-48d2-8199-ee03be381d5f/1763640000.0_mean_300.0_v3 HTTP/1.0 201 - python-swiftclient-4.2.0 gAAAAABpLjUvHoCr... 16 - - tx6af6bfdf7b6a42a9b82fd-00692e354c - 0.0245 - - 1764635980.420590401 1764635980.445053101 0
Dec 01 19:39:40 np0005541722.novalocal container-server[93752]: ::1 - - [02/Dec/2025:00:39:40 +0000] "GET /2/85440/AUTH_71f03d698f7645fb92ce29512b9f0297/gnocchi.35fac675-f6d0-4e66-991a-05efe65b7674" 200 2 "GET http://[::1]:8080/v1/AUTH_71f03d698f7645fb92ce29512b9f0297/gnocchi.35fac675-f6d0-4e66-991a-05efe65b7674?format=json&states=listing" "tx56f497111ce1481fb47ae-00692e354c" "proxy-server 86829" 0.0023 "-" 93752 0
Dec 01 19:39:40 np0005541722.novalocal proxy-server[86829]: ::1 ::1 02/Dec/2025/00/39/40 GET /v1/AUTH_71f03d698f7645fb92ce29512b9f0297/gnocchi.35fac675-f6d0-4e66-991a-05efe65b7674%3Fformat%3Djson%26states%3Dlisting HTTP/1.0 200 - python-swiftclient-4.2.0 gAAAAABpLjU42Jqt... - 2 - tx56f497111ce1481fb47ae-00692e354c - 0.0219 - - 1764635980.434013844 1764635980.455956936 0
Dec 01 19:39:40 np0005541722.novalocal object-server[94057]: ::1 - - [02/Dec/2025:00:39:40 +0000] "GET /2/153717/AUTH_71f03d698f7645fb92ce29512b9f0297/gnocchi.35fac675-f6d0-4e66-991a-05efe65b7674/1763640000.0_mean_300.0_v3" 404 70 "GET http://[::1]:8080/v1/AUTH_71f03d698f7645fb92ce29512b9f0297/gnocchi.35fac675-f6d0-4e66-991a-05efe65b7674/1763640000.0_mean_300.0_v3" "txc456f54f4f1f4bfeb24a4-00692e354c" "proxy-server 86829" 0.0006 "-" 94057 0
Dec 01 19:39:40 np0005541722.novalocal container-server[93753]: ::1 - - [02/Dec/2025:00:39:40 +0000] "PUT /1/223363/AUTH_71f03d698f7645fb92ce29512b9f0297/gnocchi.01908cc4-0573-48d2-8199-ee03be381d5f/none_v3" 201 - "PUT http://[::1]:8080/2/4475/AUTH_71f03d698f7645fb92ce29512b9f0297/gnocchi.01908cc4-0573-48d2-8199-ee03be381d5f/none_v3" "tx939769da30cc4936b36b4-00692e354c" "object-server 94056" 0.0008 "-" 93753 0
Dec 01 19:39:40 np0005541722.novalocal object-server[94057]: ::1 - - [02/Dec/2025:00:39:40 +0000] "GET /3/153717/AUTH_71f03d698f7645fb92ce29512b9f0297/gnocchi.35fac675-f6d0-4e66-991a-05efe65b7674/1763640000.0_mean_300.0_v3" 404 70 "GET http://[::1]:8080/v1/AUTH_71f03d698f7645fb92ce29512b9f0297/gnocchi.35fac675-f6d0-4e66-991a-05efe65b7674/1763640000.0_mean_300.0_v3" "txc456f54f4f1f4bfeb24a4-00692e354c" "proxy-server 86829" 0.0002 "-" 94057 0
Dec 01 19:39:40 np0005541722.novalocal object-server[94056]: ::1 - - [02/Dec/2025:00:39:40 +0000] "PUT /2/4475/AUTH_71f03d698f7645fb92ce29512b9f0297/gnocchi.01908cc4-0573-48d2-8199-ee03be381d5f/none_v3" 201 - "PUT http://[::1]:8080/v1/AUTH_71f03d698f7645fb92ce29512b9f0297/gnocchi.01908cc4-0573-48d2-8199-ee03be381d5f/none_v3" "tx939769da30cc4936b36b4-00692e354c" "proxy-server 86829" 0.0142 "-" 94056 0
Dec 01 19:39:40 np0005541722.novalocal container-server[93753]: ::1 - - [02/Dec/2025:00:39:40 +0000] "PUT /3/223363/AUTH_71f03d698f7645fb92ce29512b9f0297/gnocchi.01908cc4-0573-48d2-8199-ee03be381d5f/none_v3" 201 - "PUT http://[::1]:8080/3/4475/AUTH_71f03d698f7645fb92ce29512b9f0297/gnocchi.01908cc4-0573-48d2-8199-ee03be381d5f/none_v3" "tx939769da30cc4936b36b4-00692e354c" "object-server 94057" 0.0006 "-" 93753 0
Dec 01 19:39:40 np0005541722.novalocal container-server[93752]: ::1 - - [02/Dec/2025:00:39:40 +0000] "PUT /2/223363/AUTH_71f03d698f7645fb92ce29512b9f0297/gnocchi.01908cc4-0573-48d2-8199-ee03be381d5f/none_v3" 201 - "PUT http://[::1]:8080/1/4475/AUTH_71f03d698f7645fb92ce29512b9f0297/gnocchi.01908cc4-0573-48d2-8199-ee03be381d5f/none_v3" "tx939769da30cc4936b36b4-00692e354c" "object-server 94054" 0.0009 "-" 93752 0
Dec 01 19:39:40 np0005541722.novalocal object-server[94057]: ::1 - - [02/Dec/2025:00:39:40 +0000] "PUT /3/4475/AUTH_71f03d698f7645fb92ce29512b9f0297/gnocchi.01908cc4-0573-48d2-8199-ee03be381d5f/none_v3" 201 - "PUT http://[::1]:8080/v1/AUTH_71f03d698f7645fb92ce29512b9f0297/gnocchi.01908cc4-0573-48d2-8199-ee03be381d5f/none_v3" "tx939769da30cc4936b36b4-00692e354c" "proxy-server 86829" 0.0171 "-" 94057 0
Dec 01 19:39:40 np0005541722.novalocal object-server[94054]: ::1 - - [02/Dec/2025:00:39:40 +0000] "PUT /1/4475/AUTH_71f03d698f7645fb92ce29512b9f0297/gnocchi.01908cc4-0573-48d2-8199-ee03be381d5f/none_v3" 201 - "PUT http://[::1]:8080/v1/AUTH_71f03d698f7645fb92ce29512b9f0297/gnocchi.01908cc4-0573-48d2-8199-ee03be381d5f/none_v3" "tx939769da30cc4936b36b4-00692e354c" "proxy-server 86829" 0.0181 "-" 94054 0
Dec 01 19:39:40 np0005541722.novalocal object-server[94055]: ::1 - - [02/Dec/2025:00:39:40 +0000] "GET /1/153717/AUTH_71f03d698f7645fb92ce29512b9f0297/gnocchi.35fac675-f6d0-4e66-991a-05efe65b7674/1763640000.0_mean_300.0_v3" 404 70 "GET http://[::1]:8080/v1/AUTH_71f03d698f7645fb92ce29512b9f0297/gnocchi.35fac675-f6d0-4e66-991a-05efe65b7674/1763640000.0_mean_300.0_v3" "txc456f54f4f1f4bfeb24a4-00692e354c" "proxy-server 86829" 0.0003 "-" 94055 0
Dec 01 19:39:40 np0005541722.novalocal proxy-server[86829]: ::1 ::1 02/Dec/2025/00/39/40 PUT /v1/AUTH_71f03d698f7645fb92ce29512b9f0297/gnocchi.01908cc4-0573-48d2-8199-ee03be381d5f/none_v3 HTTP/1.0 201 - python-swiftclient-4.2.0 gAAAAABpLjUvHoCr... 22 - - tx939769da30cc4936b36b4-00692e354c - 0.0267 - - 1764635980.447936773 1764635980.474589586 0
Dec 01 19:39:40 np0005541722.novalocal proxy-server[86829]: ::1 ::1 02/Dec/2025/00/39/40 GET /v1/AUTH_71f03d698f7645fb92ce29512b9f0297/gnocchi.35fac675-f6d0-4e66-991a-05efe65b7674/1763640000.0_mean_300.0_v3 HTTP/1.0 404 - python-swiftclient-4.2.0 gAAAAABpLjU42Jqt... - 70 - txc456f54f4f1f4bfeb24a4-00692e354c - 0.0187 - - 1764635980.460707188 1764635980.479412079 0
Dec 01 19:39:40 np0005541722.novalocal haproxy-metadata-proxy-67fa6611-1277-4c9f-88d2-386b71e7dddc[100111]: ::ffff:10.100.0.12:35764 [01/Dec/2025:19:39:40.329] listener listener/metadata 0/0/0/201/201 200 130 - - ---- 1/1/0/0/0 0/0 "GET /2009-04-04/meta-data/instance-id HTTP/1.1"
Dec 01 19:39:40 np0005541722.novalocal container-server[93751]: ::1 - - [02/Dec/2025:00:39:40 +0000] "HEAD /3/123215/AUTH_71f03d698f7645fb92ce29512b9f0297/gnocchi.b37f3062-4f78-4257-b28e-3ae1b6b961a7" 404 - "HEAD http://[::1]:8080/v1/AUTH_71f03d698f7645fb92ce29512b9f0297/gnocchi.b37f3062-4f78-4257-b28e-3ae1b6b961a7?format=json&states=listing" "tx958fd73381494208809a3-00692e354c" "proxy-server 86829" 0.0004 "-" 93751 0
Dec 01 19:39:40 np0005541722.novalocal container-server[93753]: ::1 - - [02/Dec/2025:00:39:40 +0000] "HEAD /1/123215/AUTH_71f03d698f7645fb92ce29512b9f0297/gnocchi.b37f3062-4f78-4257-b28e-3ae1b6b961a7" 404 - "HEAD http://[::1]:8080/v1/AUTH_71f03d698f7645fb92ce29512b9f0297/gnocchi.b37f3062-4f78-4257-b28e-3ae1b6b961a7?format=json&states=listing" "tx958fd73381494208809a3-00692e354c" "proxy-server 86829" 0.0004 "-" 93753 0
Dec 01 19:39:40 np0005541722.novalocal container-server[93752]: ::1 - - [02/Dec/2025:00:39:40 +0000] "HEAD /2/123215/AUTH_71f03d698f7645fb92ce29512b9f0297/gnocchi.b37f3062-4f78-4257-b28e-3ae1b6b961a7" 404 - "HEAD http://[::1]:8080/v1/AUTH_71f03d698f7645fb92ce29512b9f0297/gnocchi.b37f3062-4f78-4257-b28e-3ae1b6b961a7?format=json&states=listing" "tx958fd73381494208809a3-00692e354c" "proxy-server 86829" 0.0005 "-" 93752 0
Dec 01 19:39:40 np0005541722.novalocal container-server[93752]: ::1 - - [02/Dec/2025:00:39:40 +0000] "PUT /2/85440/AUTH_71f03d698f7645fb92ce29512b9f0297/gnocchi.35fac675-f6d0-4e66-991a-05efe65b7674/1763640000.0_mean_300.0_v3" 201 - "PUT http://[::1]:8080/1/153717/AUTH_71f03d698f7645fb92ce29512b9f0297/gnocchi.35fac675-f6d0-4e66-991a-05efe65b7674/1763640000.0_mean_300.0_v3" "tx87a7ed54194c40e7aeb58-00692e354c" "object-server 94054" 0.0006 "-" 93752 0
Dec 01 19:39:40 np0005541722.novalocal object-server[94054]: ::1 - - [02/Dec/2025:00:39:40 +0000] "GET /3/149311/AUTH_71f03d698f7645fb92ce29512b9f0297/gnocchi.b37f3062-4f78-4257-b28e-3ae1b6b961a7/none_v3" 404 70 "GET http://[::1]:8080/v1/AUTH_71f03d698f7645fb92ce29512b9f0297/gnocchi.b37f3062-4f78-4257-b28e-3ae1b6b961a7/none_v3" "tx958fd73381494208809a3-00692e354c" "proxy-server 86829" 0.0004 "-" 94054 0
Dec 01 19:39:40 np0005541722.novalocal object-server[94054]: ::1 - - [02/Dec/2025:00:39:40 +0000] "PUT /1/153717/AUTH_71f03d698f7645fb92ce29512b9f0297/gnocchi.35fac675-f6d0-4e66-991a-05efe65b7674/1763640000.0_mean_300.0_v3" 201 - "PUT http://[::1]:8080/v1/AUTH_71f03d698f7645fb92ce29512b9f0297/gnocchi.35fac675-f6d0-4e66-991a-05efe65b7674/1763640000.0_mean_300.0_v3" "tx87a7ed54194c40e7aeb58-00692e354c" "proxy-server 86829" 0.0790 "-" 94054 0
Dec 01 19:39:40 np0005541722.novalocal object-server[94055]: ::1 - - [02/Dec/2025:00:39:40 +0000] "GET /2/149311/AUTH_71f03d698f7645fb92ce29512b9f0297/gnocchi.b37f3062-4f78-4257-b28e-3ae1b6b961a7/none_v3" 404 70 "GET http://[::1]:8080/v1/AUTH_71f03d698f7645fb92ce29512b9f0297/gnocchi.b37f3062-4f78-4257-b28e-3ae1b6b961a7/none_v3" "tx958fd73381494208809a3-00692e354c" "proxy-server 86829" 0.0005 "-" 94055 0
Dec 01 19:39:40 np0005541722.novalocal object-server[94057]: ::1 - - [02/Dec/2025:00:39:40 +0000] "GET /1/149311/AUTH_71f03d698f7645fb92ce29512b9f0297/gnocchi.b37f3062-4f78-4257-b28e-3ae1b6b961a7/none_v3" 404 70 "GET http://[::1]:8080/v1/AUTH_71f03d698f7645fb92ce29512b9f0297/gnocchi.b37f3062-4f78-4257-b28e-3ae1b6b961a7/none_v3" "tx958fd73381494208809a3-00692e354c" "proxy-server 86829" 0.0005 "-" 94057 0
Dec 01 19:39:40 np0005541722.novalocal proxy-server[86829]: ::1 ::1 02/Dec/2025/00/39/40 GET /v1/AUTH_71f03d698f7645fb92ce29512b9f0297/gnocchi.b37f3062-4f78-4257-b28e-3ae1b6b961a7/none_v3 HTTP/1.0 404 - python-swiftclient-4.2.0 gAAAAABpLjUvHoCr... - 70 - tx958fd73381494208809a3-00692e354c - 0.0899 - - 1764635980.490595818 1764635980.580476522 0
Dec 01 19:39:40 np0005541722.novalocal container-server[93750]: ::1 - - [02/Dec/2025:00:39:40 +0000] "PUT /1/85440/AUTH_71f03d698f7645fb92ce29512b9f0297/gnocchi.35fac675-f6d0-4e66-991a-05efe65b7674/1763640000.0_mean_300.0_v3" 201 - "PUT http://[::1]:8080/3/153717/AUTH_71f03d698f7645fb92ce29512b9f0297/gnocchi.35fac675-f6d0-4e66-991a-05efe65b7674/1763640000.0_mean_300.0_v3" "tx87a7ed54194c40e7aeb58-00692e354c" "object-server 94056" 0.0006 "-" 93750 0
Dec 01 19:39:40 np0005541722.novalocal container-server[93750]: ::1 - - [02/Dec/2025:00:39:40 +0000] "PUT /3/85440/AUTH_71f03d698f7645fb92ce29512b9f0297/gnocchi.35fac675-f6d0-4e66-991a-05efe65b7674/1763640000.0_mean_300.0_v3" 201 - "PUT http://[::1]:8080/2/153717/AUTH_71f03d698f7645fb92ce29512b9f0297/gnocchi.35fac675-f6d0-4e66-991a-05efe65b7674/1763640000.0_mean_300.0_v3" "tx87a7ed54194c40e7aeb58-00692e354c" "object-server 94056" 0.0004 "-" 93750 0
Dec 01 19:39:40 np0005541722.novalocal object-server[94056]: ::1 - - [02/Dec/2025:00:39:40 +0000] "PUT /3/153717/AUTH_71f03d698f7645fb92ce29512b9f0297/gnocchi.35fac675-f6d0-4e66-991a-05efe65b7674/1763640000.0_mean_300.0_v3" 201 - "PUT http://[::1]:8080/v1/AUTH_71f03d698f7645fb92ce29512b9f0297/gnocchi.35fac675-f6d0-4e66-991a-05efe65b7674/1763640000.0_mean_300.0_v3" "tx87a7ed54194c40e7aeb58-00692e354c" "proxy-server 86829" 0.1129 "-" 94056 0
Dec 01 19:39:40 np0005541722.novalocal object-server[94056]: ::1 - - [02/Dec/2025:00:39:40 +0000] "PUT /2/153717/AUTH_71f03d698f7645fb92ce29512b9f0297/gnocchi.35fac675-f6d0-4e66-991a-05efe65b7674/1763640000.0_mean_300.0_v3" 201 - "PUT http://[::1]:8080/v1/AUTH_71f03d698f7645fb92ce29512b9f0297/gnocchi.35fac675-f6d0-4e66-991a-05efe65b7674/1763640000.0_mean_300.0_v3" "tx87a7ed54194c40e7aeb58-00692e354c" "proxy-server 86829" 0.1130 "-" 94056 0
Dec 01 19:39:40 np0005541722.novalocal proxy-server[86829]: ::1 ::1 02/Dec/2025/00/39/40 PUT /v1/AUTH_71f03d698f7645fb92ce29512b9f0297/gnocchi.35fac675-f6d0-4e66-991a-05efe65b7674/1763640000.0_mean_300.0_v3 HTTP/1.0 201 - python-swiftclient-4.2.0 gAAAAABpLjU42Jqt... 16 - - tx87a7ed54194c40e7aeb58-00692e354c - 0.1236 - - 1764635980.485860586 1764635980.609481573 0
Dec 01 19:39:40 np0005541722.novalocal haproxy-metadata-proxy-ad09cdc6-f750-4018-a3e6-1082e98caaae[100412]: ::ffff:10.100.0.13:33946 [01/Dec/2025:19:39:40.473] listener listener/metadata 0/0/0/194/194 200 122 - - ---- 1/1/0/0/0 0/0 "GET /2009-04-04/meta-data/block-device-mapping/ami HTTP/1.1"
Dec 01 19:39:40 np0005541722.novalocal container-server[93753]: ::1 - - [02/Dec/2025:00:39:40 +0000] "PUT /3/85440/AUTH_71f03d698f7645fb92ce29512b9f0297/gnocchi.35fac675-f6d0-4e66-991a-05efe65b7674/none_v3" 201 - "PUT http://[::1]:8080/1/130376/AUTH_71f03d698f7645fb92ce29512b9f0297/gnocchi.35fac675-f6d0-4e66-991a-05efe65b7674/none_v3" "txc820b6f3c5cc470da8dab-00692e354c" "object-server 94054" 0.0005 "-" 93753 0
Dec 01 19:39:40 np0005541722.novalocal object-server[94054]: ::1 - - [02/Dec/2025:00:39:40 +0000] "PUT /1/130376/AUTH_71f03d698f7645fb92ce29512b9f0297/gnocchi.35fac675-f6d0-4e66-991a-05efe65b7674/none_v3" 201 - "PUT http://[::1]:8080/v1/AUTH_71f03d698f7645fb92ce29512b9f0297/gnocchi.35fac675-f6d0-4e66-991a-05efe65b7674/none_v3" "txc820b6f3c5cc470da8dab-00692e354c" "proxy-server 86829" 0.0741 "-" 94054 0
Dec 01 19:39:40 np0005541722.novalocal haproxy-metadata-proxy-67fa6611-1277-4c9f-88d2-386b71e7dddc[100111]: ::ffff:10.100.0.12:35766 [01/Dec/2025:19:39:40.630] listener listener/metadata 0/0/0/85/85 200 148 - - ---- 1/1/0/0/0 0/0 "GET /2009-04-04/meta-data/public-keys HTTP/1.1"
Dec 01 19:39:40 np0005541722.novalocal account-server[93453]: ::1 - - [02/Dec/2025:00:39:40 +0000] "PUT /1/177703/AUTH_71f03d698f7645fb92ce29512b9f0297/gnocchi.b37f3062-4f78-4257-b28e-3ae1b6b961a7" 201 - "PUT http://[::1]:6001/1/123215/AUTH_71f03d698f7645fb92ce29512b9f0297/gnocchi.b37f3062-4f78-4257-b28e-3ae1b6b961a7" "txe864a445da394c73a64a8-00692e354c" "container-server 93751" 0.0480 "-" 93453 0
Dec 01 19:39:40 np0005541722.novalocal container-server[93751]: ::1 - - [02/Dec/2025:00:39:40 +0000] "PUT /1/123215/AUTH_71f03d698f7645fb92ce29512b9f0297/gnocchi.b37f3062-4f78-4257-b28e-3ae1b6b961a7" 201 - "PUT http://[::1]:8080/v1/AUTH_71f03d698f7645fb92ce29512b9f0297/gnocchi.b37f3062-4f78-4257-b28e-3ae1b6b961a7" "txe864a445da394c73a64a8-00692e354c" "proxy-server 86829" 0.1357 "-" 93751 0
Dec 01 19:39:40 np0005541722.novalocal container-server[93752]: ::1 - - [02/Dec/2025:00:39:40 +0000] "PUT /2/85440/AUTH_71f03d698f7645fb92ce29512b9f0297/gnocchi.35fac675-f6d0-4e66-991a-05efe65b7674/none_v3" 201 - "PUT http://[::1]:8080/3/130376/AUTH_71f03d698f7645fb92ce29512b9f0297/gnocchi.35fac675-f6d0-4e66-991a-05efe65b7674/none_v3" "txc820b6f3c5cc470da8dab-00692e354c" "object-server 94057" 0.0022 "-" 93752 0
Dec 01 19:39:40 np0005541722.novalocal object-server[94057]: ::1 - - [02/Dec/2025:00:39:40 +0000] "PUT /3/130376/AUTH_71f03d698f7645fb92ce29512b9f0297/gnocchi.35fac675-f6d0-4e66-991a-05efe65b7674/none_v3" 201 - "PUT http://[::1]:8080/v1/AUTH_71f03d698f7645fb92ce29512b9f0297/gnocchi.35fac675-f6d0-4e66-991a-05efe65b7674/none_v3" "txc820b6f3c5cc470da8dab-00692e354c" "proxy-server 86829" 0.1125 "-" 94057 0
Dec 01 19:39:40 np0005541722.novalocal container-server[93752]: ::1 - - [02/Dec/2025:00:39:40 +0000] "PUT /1/85440/AUTH_71f03d698f7645fb92ce29512b9f0297/gnocchi.35fac675-f6d0-4e66-991a-05efe65b7674/none_v3" 201 - "PUT http://[::1]:8080/2/130376/AUTH_71f03d698f7645fb92ce29512b9f0297/gnocchi.35fac675-f6d0-4e66-991a-05efe65b7674/none_v3" "txc820b6f3c5cc470da8dab-00692e354c" "object-server 94054" 0.0004 "-" 93752 0
Dec 01 19:39:40 np0005541722.novalocal object-server[94054]: ::1 - - [02/Dec/2025:00:39:40 +0000] "PUT /2/130376/AUTH_71f03d698f7645fb92ce29512b9f0297/gnocchi.35fac675-f6d0-4e66-991a-05efe65b7674/none_v3" 201 - "PUT http://[::1]:8080/v1/AUTH_71f03d698f7645fb92ce29512b9f0297/gnocchi.35fac675-f6d0-4e66-991a-05efe65b7674/none_v3" "txc820b6f3c5cc470da8dab-00692e354c" "proxy-server 86829" 0.1141 "-" 94054 0
Dec 01 19:39:40 np0005541722.novalocal proxy-server[86829]: ::1 ::1 02/Dec/2025/00/39/40 PUT /v1/AUTH_71f03d698f7645fb92ce29512b9f0297/gnocchi.35fac675-f6d0-4e66-991a-05efe65b7674/none_v3 HTTP/1.0 201 - python-swiftclient-4.2.0 gAAAAABpLjU42Jqt... 22 - - txc820b6f3c5cc470da8dab-00692e354c - 0.1208 - - 1764635980.612117767 1764635980.732897043 0
Dec 01 19:39:40 np0005541722.novalocal container-server[93750]: ::1 - - [02/Dec/2025:00:39:40 +0000] "HEAD /3/165972/AUTH_71f03d698f7645fb92ce29512b9f0297/gnocchi.7b622d3b-702e-49ed-9f90-d436e5b0c691" 404 - "HEAD http://[::1]:8080/v1/AUTH_71f03d698f7645fb92ce29512b9f0297/gnocchi.7b622d3b-702e-49ed-9f90-d436e5b0c691?format=json&states=listing" "txf56ee6ac9b7f41c9bf5c4-00692e354c" "proxy-server 86829" 0.0006 "-" 93750 0
Dec 01 19:39:40 np0005541722.novalocal haproxy-metadata-proxy-ad09cdc6-f750-4018-a3e6-1082e98caaae[100412]: ::ffff:10.100.0.13:33948 [01/Dec/2025:19:39:40.705] listener listener/metadata 0/0/0/74/74 200 127 - - ---- 1/1/0/0/0 0/0 "GET /2009-04-04/meta-data/block-device-mapping/root HTTP/1.1"
Dec 01 19:39:40 np0005541722.novalocal account-server[93452]: ::1 - - [02/Dec/2025:00:39:40 +0000] "PUT /3/177703/AUTH_71f03d698f7645fb92ce29512b9f0297/gnocchi.b37f3062-4f78-4257-b28e-3ae1b6b961a7" 201 - "PUT http://[::1]:6001/3/123215/AUTH_71f03d698f7645fb92ce29512b9f0297/gnocchi.b37f3062-4f78-4257-b28e-3ae1b6b961a7" "txe864a445da394c73a64a8-00692e354c" "container-server 93752" 0.0729 "-" 93452 0
Dec 01 19:39:40 np0005541722.novalocal container-server[93752]: ::1 - - [02/Dec/2025:00:39:40 +0000] "PUT /3/123215/AUTH_71f03d698f7645fb92ce29512b9f0297/gnocchi.b37f3062-4f78-4257-b28e-3ae1b6b961a7" 201 - "PUT http://[::1]:8080/v1/AUTH_71f03d698f7645fb92ce29512b9f0297/gnocchi.b37f3062-4f78-4257-b28e-3ae1b6b961a7" "txe864a445da394c73a64a8-00692e354c" "proxy-server 86829" 0.2117 "-" 93752 0
Dec 01 19:39:40 np0005541722.novalocal container-server[93751]: ::1 - - [02/Dec/2025:00:39:40 +0000] "HEAD /1/165972/AUTH_71f03d698f7645fb92ce29512b9f0297/gnocchi.7b622d3b-702e-49ed-9f90-d436e5b0c691" 404 - "HEAD http://[::1]:8080/v1/AUTH_71f03d698f7645fb92ce29512b9f0297/gnocchi.7b622d3b-702e-49ed-9f90-d436e5b0c691?format=json&states=listing" "txf56ee6ac9b7f41c9bf5c4-00692e354c" "proxy-server 86829" 0.0005 "-" 93751 0
Dec 01 19:39:40 np0005541722.novalocal container-server[93753]: ::1 - - [02/Dec/2025:00:39:40 +0000] "HEAD /2/165972/AUTH_71f03d698f7645fb92ce29512b9f0297/gnocchi.7b622d3b-702e-49ed-9f90-d436e5b0c691" 404 - "HEAD http://[::1]:8080/v1/AUTH_71f03d698f7645fb92ce29512b9f0297/gnocchi.7b622d3b-702e-49ed-9f90-d436e5b0c691?format=json&states=listing" "txf56ee6ac9b7f41c9bf5c4-00692e354c" "proxy-server 86829" 0.0003 "-" 93753 0
Dec 01 19:39:40 np0005541722.novalocal object-server[94056]: ::1 - - [02/Dec/2025:00:39:40 +0000] "GET /2/242941/AUTH_71f03d698f7645fb92ce29512b9f0297/gnocchi.7b622d3b-702e-49ed-9f90-d436e5b0c691/none_v3" 404 70 "GET http://[::1]:8080/v1/AUTH_71f03d698f7645fb92ce29512b9f0297/gnocchi.7b622d3b-702e-49ed-9f90-d436e5b0c691/none_v3" "txf56ee6ac9b7f41c9bf5c4-00692e354c" "proxy-server 86829" 0.0005 "-" 94056 0
Dec 01 19:39:40 np0005541722.novalocal object-server[94056]: ::1 - - [02/Dec/2025:00:39:40 +0000] "GET /1/242941/AUTH_71f03d698f7645fb92ce29512b9f0297/gnocchi.7b622d3b-702e-49ed-9f90-d436e5b0c691/none_v3" 404 70 "GET http://[::1]:8080/v1/AUTH_71f03d698f7645fb92ce29512b9f0297/gnocchi.7b622d3b-702e-49ed-9f90-d436e5b0c691/none_v3" "txf56ee6ac9b7f41c9bf5c4-00692e354c" "proxy-server 86829" 0.0004 "-" 94056 0
Dec 01 19:39:40 np0005541722.novalocal object-server[94054]: ::1 - - [02/Dec/2025:00:39:40 +0000] "GET /3/242941/AUTH_71f03d698f7645fb92ce29512b9f0297/gnocchi.7b622d3b-702e-49ed-9f90-d436e5b0c691/none_v3" 404 70 "GET http://[::1]:8080/v1/AUTH_71f03d698f7645fb92ce29512b9f0297/gnocchi.7b622d3b-702e-49ed-9f90-d436e5b0c691/none_v3" "txf56ee6ac9b7f41c9bf5c4-00692e354c" "proxy-server 86829" 0.0004 "-" 94054 0
Dec 01 19:39:40 np0005541722.novalocal proxy-server[86829]: ::1 ::1 02/Dec/2025/00/39/40 GET /v1/AUTH_71f03d698f7645fb92ce29512b9f0297/gnocchi.7b622d3b-702e-49ed-9f90-d436e5b0c691/none_v3 HTTP/1.0 404 - python-swiftclient-4.2.0 gAAAAABpLjU42Jqt... - 70 - txf56ee6ac9b7f41c9bf5c4-00692e354c - 0.0752 - - 1764635980.744558573 1764635980.819739580 0
Dec 01 19:39:40 np0005541722.novalocal haproxy-metadata-proxy-67fa6611-1277-4c9f-88d2-386b71e7dddc[100111]: ::ffff:10.100.0.12:35768 [01/Dec/2025:19:39:40.770] listener listener/metadata 0/0/0/76/76 200 325 - - ---- 1/1/0/0/0 0/0 "GET /2009-04-04/meta-data/public-keys/0/openssh-key HTTP/1.1"
Dec 01 19:39:40 np0005541722.novalocal account-server[93452]: ::1 - - [02/Dec/2025:00:39:40 +0000] "PUT /2/177703/AUTH_71f03d698f7645fb92ce29512b9f0297/gnocchi.b37f3062-4f78-4257-b28e-3ae1b6b961a7" 201 - "PUT http://[::1]:6001/2/123215/AUTH_71f03d698f7645fb92ce29512b9f0297/gnocchi.b37f3062-4f78-4257-b28e-3ae1b6b961a7" "txe864a445da394c73a64a8-00692e354c" "container-server 93752" 0.0901 "-" 93452 0
Dec 01 19:39:40 np0005541722.novalocal container-server[93752]: ::1 - - [02/Dec/2025:00:39:40 +0000] "PUT /2/123215/AUTH_71f03d698f7645fb92ce29512b9f0297/gnocchi.b37f3062-4f78-4257-b28e-3ae1b6b961a7" 201 - "PUT http://[::1]:8080/v1/AUTH_71f03d698f7645fb92ce29512b9f0297/gnocchi.b37f3062-4f78-4257-b28e-3ae1b6b961a7" "txe864a445da394c73a64a8-00692e354c" "proxy-server 86829" 0.2174 "-" 93752 0
Dec 01 19:39:40 np0005541722.novalocal container-server[93818]: Replication run OVER
Dec 01 19:39:40 np0005541722.novalocal container-server[93818]: Attempted to replicate 21 dbs in 1.20098 seconds (17.48568/s)
Dec 01 19:39:40 np0005541722.novalocal container-server[93818]: Removed 0 dbs
Dec 01 19:39:40 np0005541722.novalocal container-server[93818]: 42 successes, 0 failures
Dec 01 19:39:40 np0005541722.novalocal proxy-server[86829]: ::1 ::1 02/Dec/2025/00/39/40 PUT /v1/AUTH_71f03d698f7645fb92ce29512b9f0297/gnocchi.b37f3062-4f78-4257-b28e-3ae1b6b961a7 HTTP/1.0 201 - python-swiftclient-4.2.0 gAAAAABpLjUvHoCr... - - - txe864a445da394c73a64a8-00692e354c - 0.3111 - - 1764635980.583891869 1764635980.895003796 0
Dec 01 19:39:40 np0005541722.novalocal container-server[93818]: diff:0 diff_capped:0 empty:0 hashmatch:0 no_change:42 remote_merge:0 rsync:0 ts_repl:0
Dec 01 19:39:40 np0005541722.novalocal container-server[93752]: ::1 - - [02/Dec/2025:00:39:40 +0000] "HEAD /1/123215/AUTH_71f03d698f7645fb92ce29512b9f0297/gnocchi.b37f3062-4f78-4257-b28e-3ae1b6b961a7" 204 - "HEAD http://[::1]:8080/v1/AUTH_71f03d698f7645fb92ce29512b9f0297/gnocchi.b37f3062-4f78-4257-b28e-3ae1b6b961a7?format=json&states=listing" "tx8709a3cc857b46198a61b-00692e354c" "proxy-server 86829" 0.0019 "-" 93752 0
Dec 01 19:39:40 np0005541722.novalocal container-server[93750]: ::1 - - [02/Dec/2025:00:39:40 +0000] "GET /2/123215/AUTH_71f03d698f7645fb92ce29512b9f0297/gnocchi.b37f3062-4f78-4257-b28e-3ae1b6b961a7" 200 2 "GET http://[::1]:8080/v1/AUTH_71f03d698f7645fb92ce29512b9f0297/gnocchi.b37f3062-4f78-4257-b28e-3ae1b6b961a7?format=json&states=listing" "tx8709a3cc857b46198a61b-00692e354c" "proxy-server 86829" 0.0024 "-" 93750 0
Dec 01 19:39:40 np0005541722.novalocal proxy-server[86829]: ::1 ::1 02/Dec/2025/00/39/40 GET /v1/AUTH_71f03d698f7645fb92ce29512b9f0297/gnocchi.b37f3062-4f78-4257-b28e-3ae1b6b961a7%3Fformat%3Djson%26states%3Dlisting HTTP/1.0 200 - python-swiftclient-4.2.0 gAAAAABpLjUvHoCr... - 2 - tx8709a3cc857b46198a61b-00692e354c - 0.0216 - - 1764635980.899332762 1764635980.920951843 0
Dec 01 19:39:40 np0005541722.novalocal account-server[93455]: ::1 - - [02/Dec/2025:00:39:40 +0000] "PUT /2/177703/AUTH_71f03d698f7645fb92ce29512b9f0297/gnocchi.7b622d3b-702e-49ed-9f90-d436e5b0c691" 201 - "PUT http://[::1]:6001/2/165972/AUTH_71f03d698f7645fb92ce29512b9f0297/gnocchi.7b622d3b-702e-49ed-9f90-d436e5b0c691" "txef565c5c6baf4482a1c23-00692e354c" "container-server 93753" 0.0318 "-" 93455 0
Dec 01 19:39:40 np0005541722.novalocal object-server[94055]: ::1 - - [02/Dec/2025:00:39:40 +0000] "GET /3/15921/AUTH_71f03d698f7645fb92ce29512b9f0297/gnocchi.b37f3062-4f78-4257-b28e-3ae1b6b961a7/1763640000.0_mean_300.0_v3" 404 70 "GET http://[::1]:8080/v1/AUTH_71f03d698f7645fb92ce29512b9f0297/gnocchi.b37f3062-4f78-4257-b28e-3ae1b6b961a7/1763640000.0_mean_300.0_v3" "txf2d9ac04982045d58020c-00692e354c" "proxy-server 86829" 0.0006 "-" 94055 0
Dec 01 19:39:40 np0005541722.novalocal container-server[93753]: ::1 - - [02/Dec/2025:00:39:40 +0000] "PUT /2/165972/AUTH_71f03d698f7645fb92ce29512b9f0297/gnocchi.7b622d3b-702e-49ed-9f90-d436e5b0c691" 201 - "PUT http://[::1]:8080/v1/AUTH_71f03d698f7645fb92ce29512b9f0297/gnocchi.7b622d3b-702e-49ed-9f90-d436e5b0c691" "txef565c5c6baf4482a1c23-00692e354c" "proxy-server 86829" 0.1049 "-" 93753 0
Dec 01 19:39:40 np0005541722.novalocal object-server[94054]: ::1 - - [02/Dec/2025:00:39:40 +0000] "GET /2/15921/AUTH_71f03d698f7645fb92ce29512b9f0297/gnocchi.b37f3062-4f78-4257-b28e-3ae1b6b961a7/1763640000.0_mean_300.0_v3" 404 70 "GET http://[::1]:8080/v1/AUTH_71f03d698f7645fb92ce29512b9f0297/gnocchi.b37f3062-4f78-4257-b28e-3ae1b6b961a7/1763640000.0_mean_300.0_v3" "txf2d9ac04982045d58020c-00692e354c" "proxy-server 86829" 0.0014 "-" 94054 0
Dec 01 19:39:40 np0005541722.novalocal object-server[94056]: ::1 - - [02/Dec/2025:00:39:40 +0000] "GET /1/15921/AUTH_71f03d698f7645fb92ce29512b9f0297/gnocchi.b37f3062-4f78-4257-b28e-3ae1b6b961a7/1763640000.0_mean_300.0_v3" 404 70 "GET http://[::1]:8080/v1/AUTH_71f03d698f7645fb92ce29512b9f0297/gnocchi.b37f3062-4f78-4257-b28e-3ae1b6b961a7/1763640000.0_mean_300.0_v3" "txf2d9ac04982045d58020c-00692e354c" "proxy-server 86829" 0.0005 "-" 94056 0
Dec 01 19:39:40 np0005541722.novalocal account-server[93452]: ::1 - - [02/Dec/2025:00:39:40 +0000] "PUT /3/177703/AUTH_71f03d698f7645fb92ce29512b9f0297/gnocchi.7b622d3b-702e-49ed-9f90-d436e5b0c691" 201 - "PUT http://[::1]:6001/1/165972/AUTH_71f03d698f7645fb92ce29512b9f0297/gnocchi.7b622d3b-702e-49ed-9f90-d436e5b0c691" "txef565c5c6baf4482a1c23-00692e354c" "container-server 93751" 0.0098 "-" 93452 0
Dec 01 19:39:40 np0005541722.novalocal container-server[93751]: ::1 - - [02/Dec/2025:00:39:40 +0000] "PUT /1/165972/AUTH_71f03d698f7645fb92ce29512b9f0297/gnocchi.7b622d3b-702e-49ed-9f90-d436e5b0c691" 201 - "PUT http://[::1]:8080/v1/AUTH_71f03d698f7645fb92ce29512b9f0297/gnocchi.7b622d3b-702e-49ed-9f90-d436e5b0c691" "txef565c5c6baf4482a1c23-00692e354c" "proxy-server 86829" 0.0415 "-" 93751 0
Dec 01 19:39:40 np0005541722.novalocal haproxy-metadata-proxy-ad09cdc6-f750-4018-a3e6-1082e98caaae[100412]: ::ffff:10.100.0.13:33950 [01/Dec/2025:19:39:40.856] listener listener/metadata 0/0/0/91/91 200 185 - - ---- 1/1/0/0/0 0/0 "GET /2009-04-04/meta-data/public-hostname HTTP/1.1"
Dec 01 19:39:40 np0005541722.novalocal proxy-server[86829]: ::1 ::1 02/Dec/2025/00/39/40 GET /v1/AUTH_71f03d698f7645fb92ce29512b9f0297/gnocchi.b37f3062-4f78-4257-b28e-3ae1b6b961a7/1763640000.0_mean_300.0_v3 HTTP/1.0 404 - python-swiftclient-4.2.0 gAAAAABpLjUvHoCr... - 70 - txf2d9ac04982045d58020c-00692e354c - 0.0233 - - 1764635980.925175190 1764635980.948479891 0
Dec 01 19:39:40 np0005541722.novalocal account-server[93452]: ::1 - - [02/Dec/2025:00:39:40 +0000] "PUT /1/177703/AUTH_71f03d698f7645fb92ce29512b9f0297/gnocchi.7b622d3b-702e-49ed-9f90-d436e5b0c691" 201 - "PUT http://[::1]:6001/3/165972/AUTH_71f03d698f7645fb92ce29512b9f0297/gnocchi.7b622d3b-702e-49ed-9f90-d436e5b0c691" "txef565c5c6baf4482a1c23-00692e354c" "container-server 93751" 0.0059 "-" 93452 0
Dec 01 19:39:40 np0005541722.novalocal container-server[93751]: ::1 - - [02/Dec/2025:00:39:40 +0000] "PUT /3/165972/AUTH_71f03d698f7645fb92ce29512b9f0297/gnocchi.7b622d3b-702e-49ed-9f90-d436e5b0c691" 201 - "PUT http://[::1]:8080/v1/AUTH_71f03d698f7645fb92ce29512b9f0297/gnocchi.7b622d3b-702e-49ed-9f90-d436e5b0c691" "txef565c5c6baf4482a1c23-00692e354c" "proxy-server 86829" 0.1255 "-" 93751 0
Dec 01 19:39:40 np0005541722.novalocal proxy-server[86829]: ::1 ::1 02/Dec/2025/00/39/40 PUT /v1/AUTH_71f03d698f7645fb92ce29512b9f0297/gnocchi.7b622d3b-702e-49ed-9f90-d436e5b0c691 HTTP/1.0 201 - python-swiftclient-4.2.0 gAAAAABpLjU42Jqt... - - - txef565c5c6baf4482a1c23-00692e354c - 0.1389 - - 1764635980.822618008 1764635980.961545706 0
Dec 01 19:39:40 np0005541722.novalocal container-server[93752]: ::1 - - [02/Dec/2025:00:39:40 +0000] "PUT /1/123215/AUTH_71f03d698f7645fb92ce29512b9f0297/gnocchi.b37f3062-4f78-4257-b28e-3ae1b6b961a7/1763640000.0_mean_300.0_v3" 201 - "PUT http://[::1]:8080/1/15921/AUTH_71f03d698f7645fb92ce29512b9f0297/gnocchi.b37f3062-4f78-4257-b28e-3ae1b6b961a7/1763640000.0_mean_300.0_v3" "tx1de6f68254234154aaf47-00692e354c" "object-server 94057" 0.0007 "-" 93752 0
Dec 01 19:39:40 np0005541722.novalocal object-server[94057]: ::1 - - [02/Dec/2025:00:39:40 +0000] "PUT /1/15921/AUTH_71f03d698f7645fb92ce29512b9f0297/gnocchi.b37f3062-4f78-4257-b28e-3ae1b6b961a7/1763640000.0_mean_300.0_v3" 201 - "PUT http://[::1]:8080/v1/AUTH_71f03d698f7645fb92ce29512b9f0297/gnocchi.b37f3062-4f78-4257-b28e-3ae1b6b961a7/1763640000.0_mean_300.0_v3" "tx1de6f68254234154aaf47-00692e354c" "proxy-server 86829" 0.0105 "-" 94057 0
Dec 01 19:39:40 np0005541722.novalocal container-server[93752]: ::1 - - [02/Dec/2025:00:39:40 +0000] "PUT /3/123215/AUTH_71f03d698f7645fb92ce29512b9f0297/gnocchi.b37f3062-4f78-4257-b28e-3ae1b6b961a7/1763640000.0_mean_300.0_v3" 201 - "PUT http://[::1]:8080/3/15921/AUTH_71f03d698f7645fb92ce29512b9f0297/gnocchi.b37f3062-4f78-4257-b28e-3ae1b6b961a7/1763640000.0_mean_300.0_v3" "tx1de6f68254234154aaf47-00692e354c" "object-server 94055" 0.0004 "-" 93752 0
Dec 01 19:39:40 np0005541722.novalocal object-server[94055]: ::1 - - [02/Dec/2025:00:39:40 +0000] "PUT /3/15921/AUTH_71f03d698f7645fb92ce29512b9f0297/gnocchi.b37f3062-4f78-4257-b28e-3ae1b6b961a7/1763640000.0_mean_300.0_v3" 201 - "PUT http://[::1]:8080/v1/AUTH_71f03d698f7645fb92ce29512b9f0297/gnocchi.b37f3062-4f78-4257-b28e-3ae1b6b961a7/1763640000.0_mean_300.0_v3" "tx1de6f68254234154aaf47-00692e354c" "proxy-server 86829" 0.0132 "-" 94055 0
Dec 01 19:39:40 np0005541722.novalocal container-server[93751]: ::1 - - [02/Dec/2025:00:39:40 +0000] "HEAD /2/165972/AUTH_71f03d698f7645fb92ce29512b9f0297/gnocchi.7b622d3b-702e-49ed-9f90-d436e5b0c691" 204 - "HEAD http://[::1]:8080/v1/AUTH_71f03d698f7645fb92ce29512b9f0297/gnocchi.7b622d3b-702e-49ed-9f90-d436e5b0c691?format=json&states=listing" "tx9dfc52ee42b3478b8bf57-00692e354c" "proxy-server 86829" 0.0027 "-" 93751 0
Dec 01 19:39:40 np0005541722.novalocal container-server[93751]: ::1 - - [02/Dec/2025:00:39:40 +0000] "PUT /2/123215/AUTH_71f03d698f7645fb92ce29512b9f0297/gnocchi.b37f3062-4f78-4257-b28e-3ae1b6b961a7/1763640000.0_mean_300.0_v3" 201 - "PUT http://[::1]:8080/2/15921/AUTH_71f03d698f7645fb92ce29512b9f0297/gnocchi.b37f3062-4f78-4257-b28e-3ae1b6b961a7/1763640000.0_mean_300.0_v3" "tx1de6f68254234154aaf47-00692e354c" "object-server 94054" 0.0007 "-" 93751 0
Dec 01 19:39:40 np0005541722.novalocal object-server[94054]: ::1 - - [02/Dec/2025:00:39:40 +0000] "PUT /2/15921/AUTH_71f03d698f7645fb92ce29512b9f0297/gnocchi.b37f3062-4f78-4257-b28e-3ae1b6b961a7/1763640000.0_mean_300.0_v3" 201 - "PUT http://[::1]:8080/v1/AUTH_71f03d698f7645fb92ce29512b9f0297/gnocchi.b37f3062-4f78-4257-b28e-3ae1b6b961a7/1763640000.0_mean_300.0_v3" "tx1de6f68254234154aaf47-00692e354c" "proxy-server 86829" 0.0169 "-" 94054 0
Dec 01 19:39:40 np0005541722.novalocal proxy-server[86829]: ::1 ::1 02/Dec/2025/00/39/40 PUT /v1/AUTH_71f03d698f7645fb92ce29512b9f0297/gnocchi.b37f3062-4f78-4257-b28e-3ae1b6b961a7/1763640000.0_mean_300.0_v3 HTTP/1.0 201 - python-swiftclient-4.2.0 gAAAAABpLjUvHoCr... 16 - - tx1de6f68254234154aaf47-00692e354c - 0.0319 - - 1764635980.952129126 1764635980.984038591 0
Dec 01 19:39:40 np0005541722.novalocal container-server[93750]: ::1 - - [02/Dec/2025:00:39:40 +0000] "GET /1/165972/AUTH_71f03d698f7645fb92ce29512b9f0297/gnocchi.7b622d3b-702e-49ed-9f90-d436e5b0c691" 200 2 "GET http://[::1]:8080/v1/AUTH_71f03d698f7645fb92ce29512b9f0297/gnocchi.7b622d3b-702e-49ed-9f90-d436e5b0c691?format=json&states=listing" "tx9dfc52ee42b3478b8bf57-00692e354c" "proxy-server 86829" 0.0033 "-" 93750 0
Dec 01 19:39:40 np0005541722.novalocal proxy-server[86829]: ::1 ::1 02/Dec/2025/00/39/40 GET /v1/AUTH_71f03d698f7645fb92ce29512b9f0297/gnocchi.7b622d3b-702e-49ed-9f90-d436e5b0c691%3Fformat%3Djson%26states%3Dlisting HTTP/1.0 200 - python-swiftclient-4.2.0 gAAAAABpLjU42Jqt... - 2 - tx9dfc52ee42b3478b8bf57-00692e354c - 0.0222 - - 1764635980.967545509 1764635980.989696026 0
Dec 01 19:39:41 np0005541722.novalocal object-server[94057]: ::1 - - [02/Dec/2025:00:39:41 +0000] "GET /3/75866/AUTH_71f03d698f7645fb92ce29512b9f0297/gnocchi.7b622d3b-702e-49ed-9f90-d436e5b0c691/1763640000.0_mean_300.0_v3" 404 70 "GET http://[::1]:8080/v1/AUTH_71f03d698f7645fb92ce29512b9f0297/gnocchi.7b622d3b-702e-49ed-9f90-d436e5b0c691/1763640000.0_mean_300.0_v3" "txf65983c0f18b40d8934b1-00692e354c" "proxy-server 86829" 0.0003 "-" 94057 0
Dec 01 19:39:41 np0005541722.novalocal container-server[93753]: ::1 - - [02/Dec/2025:00:39:41 +0000] "PUT /2/123215/AUTH_71f03d698f7645fb92ce29512b9f0297/gnocchi.b37f3062-4f78-4257-b28e-3ae1b6b961a7/none_v3" 201 - "PUT http://[::1]:8080/2/149311/AUTH_71f03d698f7645fb92ce29512b9f0297/gnocchi.b37f3062-4f78-4257-b28e-3ae1b6b961a7/none_v3" "tx90631fad20ba4c9b8f23f-00692e354c" "object-server 94054" 0.0005 "-" 93753 0
Dec 01 19:39:41 np0005541722.novalocal object-server[94054]: ::1 - - [02/Dec/2025:00:39:41 +0000] "PUT /2/149311/AUTH_71f03d698f7645fb92ce29512b9f0297/gnocchi.b37f3062-4f78-4257-b28e-3ae1b6b961a7/none_v3" 201 - "PUT http://[::1]:8080/v1/AUTH_71f03d698f7645fb92ce29512b9f0297/gnocchi.b37f3062-4f78-4257-b28e-3ae1b6b961a7/none_v3" "tx90631fad20ba4c9b8f23f-00692e354c" "proxy-server 86829" 0.0128 "-" 94054 0
Dec 01 19:39:41 np0005541722.novalocal haproxy-metadata-proxy-67fa6611-1277-4c9f-88d2-386b71e7dddc[100111]: ::ffff:10.100.0.12:35770 [01/Dec/2025:19:39:40.926] listener listener/metadata 0/0/0/85/85 200 130 - - ---- 1/1/0/0/0 0/0 "GET /2009-04-04/meta-data/instance-id HTTP/1.1"
Dec 01 19:39:41 np0005541722.novalocal object-server[94055]: ::1 - - [02/Dec/2025:00:39:41 +0000] "GET /1/75866/AUTH_71f03d698f7645fb92ce29512b9f0297/gnocchi.7b622d3b-702e-49ed-9f90-d436e5b0c691/1763640000.0_mean_300.0_v3" 404 70 "GET http://[::1]:8080/v1/AUTH_71f03d698f7645fb92ce29512b9f0297/gnocchi.7b622d3b-702e-49ed-9f90-d436e5b0c691/1763640000.0_mean_300.0_v3" "txf65983c0f18b40d8934b1-00692e354c" "proxy-server 86829" 0.0029 "-" 94055 0
Dec 01 19:39:41 np0005541722.novalocal object-server[94056]: ::1 - - [02/Dec/2025:00:39:41 +0000] "GET /2/75866/AUTH_71f03d698f7645fb92ce29512b9f0297/gnocchi.7b622d3b-702e-49ed-9f90-d436e5b0c691/1763640000.0_mean_300.0_v3" 404 70 "GET http://[::1]:8080/v1/AUTH_71f03d698f7645fb92ce29512b9f0297/gnocchi.7b622d3b-702e-49ed-9f90-d436e5b0c691/1763640000.0_mean_300.0_v3" "txf65983c0f18b40d8934b1-00692e354c" "proxy-server 86829" 0.0003 "-" 94056 0
Dec 01 19:39:41 np0005541722.novalocal container-server[93752]: ::1 - - [02/Dec/2025:00:39:41 +0000] "PUT /1/123215/AUTH_71f03d698f7645fb92ce29512b9f0297/gnocchi.b37f3062-4f78-4257-b28e-3ae1b6b961a7/none_v3" 201 - "PUT http://[::1]:8080/3/149311/AUTH_71f03d698f7645fb92ce29512b9f0297/gnocchi.b37f3062-4f78-4257-b28e-3ae1b6b961a7/none_v3" "tx90631fad20ba4c9b8f23f-00692e354c" "object-server 94055" 0.0008 "-" 93752 0
Dec 01 19:39:41 np0005541722.novalocal container-server[93751]: ::1 - - [02/Dec/2025:00:39:41 +0000] "PUT /3/123215/AUTH_71f03d698f7645fb92ce29512b9f0297/gnocchi.b37f3062-4f78-4257-b28e-3ae1b6b961a7/none_v3" 201 - "PUT http://[::1]:8080/1/149311/AUTH_71f03d698f7645fb92ce29512b9f0297/gnocchi.b37f3062-4f78-4257-b28e-3ae1b6b961a7/none_v3" "tx90631fad20ba4c9b8f23f-00692e354c" "object-server 94056" 0.0009 "-" 93751 0
Dec 01 19:39:41 np0005541722.novalocal object-server[94056]: ::1 - - [02/Dec/2025:00:39:41 +0000] "PUT /1/149311/AUTH_71f03d698f7645fb92ce29512b9f0297/gnocchi.b37f3062-4f78-4257-b28e-3ae1b6b961a7/none_v3" 201 - "PUT http://[::1]:8080/v1/AUTH_71f03d698f7645fb92ce29512b9f0297/gnocchi.b37f3062-4f78-4257-b28e-3ae1b6b961a7/none_v3" "tx90631fad20ba4c9b8f23f-00692e354c" "proxy-server 86829" 0.0226 "-" 94056 0
Dec 01 19:39:41 np0005541722.novalocal object-server[94055]: ::1 - - [02/Dec/2025:00:39:41 +0000] "PUT /3/149311/AUTH_71f03d698f7645fb92ce29512b9f0297/gnocchi.b37f3062-4f78-4257-b28e-3ae1b6b961a7/none_v3" 201 - "PUT http://[::1]:8080/v1/AUTH_71f03d698f7645fb92ce29512b9f0297/gnocchi.b37f3062-4f78-4257-b28e-3ae1b6b961a7/none_v3" "tx90631fad20ba4c9b8f23f-00692e354c" "proxy-server 86829" 0.0236 "-" 94055 0
Dec 01 19:39:41 np0005541722.novalocal proxy-server[86829]: ::1 ::1 02/Dec/2025/00/39/41 GET /v1/AUTH_71f03d698f7645fb92ce29512b9f0297/gnocchi.7b622d3b-702e-49ed-9f90-d436e5b0c691/1763640000.0_mean_300.0_v3 HTTP/1.0 404 - python-swiftclient-4.2.0 gAAAAABpLjU42Jqt... - 70 - txf65983c0f18b40d8934b1-00692e354c - 0.0220 - - 1764635980.997884512 1764635981.019875050 0
Dec 01 19:39:41 np0005541722.novalocal proxy-server[86829]: ::1 ::1 02/Dec/2025/00/39/41 PUT /v1/AUTH_71f03d698f7645fb92ce29512b9f0297/gnocchi.b37f3062-4f78-4257-b28e-3ae1b6b961a7/none_v3 HTTP/1.0 201 - python-swiftclient-4.2.0 gAAAAABpLjUvHoCr... 22 - - tx90631fad20ba4c9b8f23f-00692e354c - 0.0359 - - 1764635980.986699343 1764635981.022588968 0
Dec 01 19:39:41 np0005541722.novalocal container-server[93751]: ::1 - - [02/Dec/2025:00:39:41 +0000] "HEAD /1/159860/AUTH_71f03d698f7645fb92ce29512b9f0297/gnocchi.da290109-c1c9-474f-91de-d42a386d6364" 404 - "HEAD http://[::1]:8080/v1/AUTH_71f03d698f7645fb92ce29512b9f0297/gnocchi.da290109-c1c9-474f-91de-d42a386d6364?format=json&states=listing" "txbc5f61e6f0f3472ba4162-00692e354d" "proxy-server 86829" 0.0006 "-" 93751 0
Dec 01 19:39:41 np0005541722.novalocal container-server[93750]: ::1 - - [02/Dec/2025:00:39:41 +0000] "HEAD /2/159860/AUTH_71f03d698f7645fb92ce29512b9f0297/gnocchi.da290109-c1c9-474f-91de-d42a386d6364" 404 - "HEAD http://[::1]:8080/v1/AUTH_71f03d698f7645fb92ce29512b9f0297/gnocchi.da290109-c1c9-474f-91de-d42a386d6364?format=json&states=listing" "txbc5f61e6f0f3472ba4162-00692e354d" "proxy-server 86829" 0.0004 "-" 93750 0
Dec 01 19:39:41 np0005541722.novalocal container-server[93752]: ::1 - - [02/Dec/2025:00:39:41 +0000] "HEAD /3/159860/AUTH_71f03d698f7645fb92ce29512b9f0297/gnocchi.da290109-c1c9-474f-91de-d42a386d6364" 404 - "HEAD http://[::1]:8080/v1/AUTH_71f03d698f7645fb92ce29512b9f0297/gnocchi.da290109-c1c9-474f-91de-d42a386d6364?format=json&states=listing" "txbc5f61e6f0f3472ba4162-00692e354d" "proxy-server 86829" 0.0006 "-" 93752 0
Dec 01 19:39:41 np0005541722.novalocal container-server[93751]: ::1 - - [02/Dec/2025:00:39:41 +0000] "PUT /2/165972/AUTH_71f03d698f7645fb92ce29512b9f0297/gnocchi.7b622d3b-702e-49ed-9f90-d436e5b0c691/1763640000.0_mean_300.0_v3" 201 - "PUT http://[::1]:8080/2/75866/AUTH_71f03d698f7645fb92ce29512b9f0297/gnocchi.7b622d3b-702e-49ed-9f90-d436e5b0c691/1763640000.0_mean_300.0_v3" "tx604ba93e8d324a3882095-00692e354d" "object-server 94056" 0.0011 "-" 93751 0
Dec 01 19:39:41 np0005541722.novalocal container-server[93752]: ::1 - - [02/Dec/2025:00:39:41 +0000] "PUT /1/165972/AUTH_71f03d698f7645fb92ce29512b9f0297/gnocchi.7b622d3b-702e-49ed-9f90-d436e5b0c691/1763640000.0_mean_300.0_v3" 201 - "PUT http://[::1]:8080/1/75866/AUTH_71f03d698f7645fb92ce29512b9f0297/gnocchi.7b622d3b-702e-49ed-9f90-d436e5b0c691/1763640000.0_mean_300.0_v3" "tx604ba93e8d324a3882095-00692e354d" "object-server 94054" 0.0007 "-" 93752 0
Dec 01 19:39:41 np0005541722.novalocal object-server[94054]: ::1 - - [02/Dec/2025:00:39:41 +0000] "PUT /1/75866/AUTH_71f03d698f7645fb92ce29512b9f0297/gnocchi.7b622d3b-702e-49ed-9f90-d436e5b0c691/1763640000.0_mean_300.0_v3" 201 - "PUT http://[::1]:8080/v1/AUTH_71f03d698f7645fb92ce29512b9f0297/gnocchi.7b622d3b-702e-49ed-9f90-d436e5b0c691/1763640000.0_mean_300.0_v3" "tx604ba93e8d324a3882095-00692e354d" "proxy-server 86829" 0.0189 "-" 94054 0
Dec 01 19:39:41 np0005541722.novalocal container-server[93751]: ::1 - - [02/Dec/2025:00:39:41 +0000] "PUT /3/165972/AUTH_71f03d698f7645fb92ce29512b9f0297/gnocchi.7b622d3b-702e-49ed-9f90-d436e5b0c691/1763640000.0_mean_300.0_v3" 201 - "PUT http://[::1]:8080/3/75866/AUTH_71f03d698f7645fb92ce29512b9f0297/gnocchi.7b622d3b-702e-49ed-9f90-d436e5b0c691/1763640000.0_mean_300.0_v3" "tx604ba93e8d324a3882095-00692e354d" "object-server 94054" 0.0021 "-" 93751 0
Dec 01 19:39:41 np0005541722.novalocal object-server[94057]: ::1 - - [02/Dec/2025:00:39:41 +0000] "GET /1/114972/AUTH_71f03d698f7645fb92ce29512b9f0297/gnocchi.da290109-c1c9-474f-91de-d42a386d6364/none_v3" 404 70 "GET http://[::1]:8080/v1/AUTH_71f03d698f7645fb92ce29512b9f0297/gnocchi.da290109-c1c9-474f-91de-d42a386d6364/none_v3" "txbc5f61e6f0f3472ba4162-00692e354d" "proxy-server 86829" 0.0003 "-" 94057 0
Dec 01 19:39:41 np0005541722.novalocal object-server[94056]: ::1 - - [02/Dec/2025:00:39:41 +0000] "PUT /2/75866/AUTH_71f03d698f7645fb92ce29512b9f0297/gnocchi.7b622d3b-702e-49ed-9f90-d436e5b0c691/1763640000.0_mean_300.0_v3" 201 - "PUT http://[::1]:8080/v1/AUTH_71f03d698f7645fb92ce29512b9f0297/gnocchi.7b622d3b-702e-49ed-9f90-d436e5b0c691/1763640000.0_mean_300.0_v3" "tx604ba93e8d324a3882095-00692e354d" "proxy-server 86829" 0.0198 "-" 94056 0
Dec 01 19:39:41 np0005541722.novalocal object-server[94054]: ::1 - - [02/Dec/2025:00:39:41 +0000] "PUT /3/75866/AUTH_71f03d698f7645fb92ce29512b9f0297/gnocchi.7b622d3b-702e-49ed-9f90-d436e5b0c691/1763640000.0_mean_300.0_v3" 201 - "PUT http://[::1]:8080/v1/AUTH_71f03d698f7645fb92ce29512b9f0297/gnocchi.7b622d3b-702e-49ed-9f90-d436e5b0c691/1763640000.0_mean_300.0_v3" "tx604ba93e8d324a3882095-00692e354d" "proxy-server 86829" 0.0196 "-" 94054 0
Dec 01 19:39:41 np0005541722.novalocal proxy-server[86829]: ::1 ::1 02/Dec/2025/00/39/41 PUT /v1/AUTH_71f03d698f7645fb92ce29512b9f0297/gnocchi.7b622d3b-702e-49ed-9f90-d436e5b0c691/1763640000.0_mean_300.0_v3 HTTP/1.0 201 - python-swiftclient-4.2.0 gAAAAABpLjU42Jqt... 16 - - tx604ba93e8d324a3882095-00692e354d - 0.0353 - - 1764635981.025835991 1764635981.061161518 0
Dec 01 19:39:41 np0005541722.novalocal object-server[94055]: ::1 - - [02/Dec/2025:00:39:41 +0000] "GET /2/114972/AUTH_71f03d698f7645fb92ce29512b9f0297/gnocchi.da290109-c1c9-474f-91de-d42a386d6364/none_v3" 404 70 "GET http://[::1]:8080/v1/AUTH_71f03d698f7645fb92ce29512b9f0297/gnocchi.da290109-c1c9-474f-91de-d42a386d6364/none_v3" "txbc5f61e6f0f3472ba4162-00692e354d" "proxy-server 86829" 0.0004 "-" 94055 0
Dec 01 19:39:41 np0005541722.novalocal object-server[94055]: ::1 - - [02/Dec/2025:00:39:41 +0000] "GET /3/114972/AUTH_71f03d698f7645fb92ce29512b9f0297/gnocchi.da290109-c1c9-474f-91de-d42a386d6364/none_v3" 404 70 "GET http://[::1]:8080/v1/AUTH_71f03d698f7645fb92ce29512b9f0297/gnocchi.da290109-c1c9-474f-91de-d42a386d6364/none_v3" "txbc5f61e6f0f3472ba4162-00692e354d" "proxy-server 86829" 0.0003 "-" 94055 0
Dec 01 19:39:41 np0005541722.novalocal proxy-server[86829]: ::1 ::1 02/Dec/2025/00/39/41 GET /v1/AUTH_71f03d698f7645fb92ce29512b9f0297/gnocchi.da290109-c1c9-474f-91de-d42a386d6364/none_v3 HTTP/1.0 404 - python-swiftclient-4.2.0 gAAAAABpLjUvHoCr... - 70 - txbc5f61e6f0f3472ba4162-00692e354d - 0.0365 - - 1764635981.037846327 1764635981.074335575 0
Dec 01 19:39:41 np0005541722.novalocal container-server[93750]: ::1 - - [02/Dec/2025:00:39:41 +0000] "PUT /3/165972/AUTH_71f03d698f7645fb92ce29512b9f0297/gnocchi.7b622d3b-702e-49ed-9f90-d436e5b0c691/none_v3" 201 - "PUT http://[::1]:8080/1/242941/AUTH_71f03d698f7645fb92ce29512b9f0297/gnocchi.7b622d3b-702e-49ed-9f90-d436e5b0c691/none_v3" "txf28449aeebe64eda85e17-00692e354d" "object-server 94056" 0.0004 "-" 93750 0
Dec 01 19:39:41 np0005541722.novalocal haproxy-metadata-proxy-ad09cdc6-f750-4018-a3e6-1082e98caaae[100412]: ::ffff:10.100.0.13:33952 [01/Dec/2025:19:39:41.016] listener listener/metadata 0/0/0/79/79 200 123 - - ---- 1/1/0/0/0 0/0 "GET /2009-04-04/meta-data/placement/availability-zone HTTP/1.1"
Dec 01 19:39:41 np0005541722.novalocal object-server[94056]: ::1 - - [02/Dec/2025:00:39:41 +0000] "PUT /1/242941/AUTH_71f03d698f7645fb92ce29512b9f0297/gnocchi.7b622d3b-702e-49ed-9f90-d436e5b0c691/none_v3" 201 - "PUT http://[::1]:8080/v1/AUTH_71f03d698f7645fb92ce29512b9f0297/gnocchi.7b622d3b-702e-49ed-9f90-d436e5b0c691/none_v3" "txf28449aeebe64eda85e17-00692e354d" "proxy-server 86829" 0.0189 "-" 94056 0
Dec 01 19:39:41 np0005541722.novalocal container-server[93752]: ::1 - - [02/Dec/2025:00:39:41 +0000] "PUT /2/165972/AUTH_71f03d698f7645fb92ce29512b9f0297/gnocchi.7b622d3b-702e-49ed-9f90-d436e5b0c691/none_v3" 201 - "PUT http://[::1]:8080/3/242941/AUTH_71f03d698f7645fb92ce29512b9f0297/gnocchi.7b622d3b-702e-49ed-9f90-d436e5b0c691/none_v3" "txf28449aeebe64eda85e17-00692e354d" "object-server 94055" 0.0009 "-" 93752 0
Dec 01 19:39:41 np0005541722.novalocal object-server[94055]: ::1 - - [02/Dec/2025:00:39:41 +0000] "PUT /3/242941/AUTH_71f03d698f7645fb92ce29512b9f0297/gnocchi.7b622d3b-702e-49ed-9f90-d436e5b0c691/none_v3" 201 - "PUT http://[::1]:8080/v1/AUTH_71f03d698f7645fb92ce29512b9f0297/gnocchi.7b622d3b-702e-49ed-9f90-d436e5b0c691/none_v3" "txf28449aeebe64eda85e17-00692e354d" "proxy-server 86829" 0.0275 "-" 94055 0
Dec 01 19:39:41 np0005541722.novalocal container-server[93753]: ::1 - - [02/Dec/2025:00:39:41 +0000] "PUT /1/165972/AUTH_71f03d698f7645fb92ce29512b9f0297/gnocchi.7b622d3b-702e-49ed-9f90-d436e5b0c691/none_v3" 201 - "PUT http://[::1]:8080/2/242941/AUTH_71f03d698f7645fb92ce29512b9f0297/gnocchi.7b622d3b-702e-49ed-9f90-d436e5b0c691/none_v3" "txf28449aeebe64eda85e17-00692e354d" "object-server 94056" 0.0003 "-" 93753 0
Dec 01 19:39:41 np0005541722.novalocal account-server[93455]: ::1 - - [02/Dec/2025:00:39:41 +0000] "PUT /3/177703/AUTH_71f03d698f7645fb92ce29512b9f0297/gnocchi.da290109-c1c9-474f-91de-d42a386d6364" 201 - "PUT http://[::1]:6001/2/159860/AUTH_71f03d698f7645fb92ce29512b9f0297/gnocchi.da290109-c1c9-474f-91de-d42a386d6364" "tx8987f95f24714ef3b1744-00692e354d" "container-server 93753" 0.0107 "-" 93455 0
Dec 01 19:39:41 np0005541722.novalocal container-server[93753]: ::1 - - [02/Dec/2025:00:39:41 +0000] "PUT /2/159860/AUTH_71f03d698f7645fb92ce29512b9f0297/gnocchi.da290109-c1c9-474f-91de-d42a386d6364" 201 - "PUT http://[::1]:8080/v1/AUTH_71f03d698f7645fb92ce29512b9f0297/gnocchi.da290109-c1c9-474f-91de-d42a386d6364" "tx8987f95f24714ef3b1744-00692e354d" "proxy-server 86829" 0.0196 "-" 93753 0
Dec 01 19:39:41 np0005541722.novalocal object-server[94056]: ::1 - - [02/Dec/2025:00:39:41 +0000] "PUT /2/242941/AUTH_71f03d698f7645fb92ce29512b9f0297/gnocchi.7b622d3b-702e-49ed-9f90-d436e5b0c691/none_v3" 201 - "PUT http://[::1]:8080/v1/AUTH_71f03d698f7645fb92ce29512b9f0297/gnocchi.7b622d3b-702e-49ed-9f90-d436e5b0c691/none_v3" "txf28449aeebe64eda85e17-00692e354d" "proxy-server 86829" 0.0334 "-" 94056 0
Dec 01 19:39:41 np0005541722.novalocal proxy-server[86829]: ::1 ::1 02/Dec/2025/00/39/41 PUT /v1/AUTH_71f03d698f7645fb92ce29512b9f0297/gnocchi.7b622d3b-702e-49ed-9f90-d436e5b0c691/none_v3 HTTP/1.0 201 - python-swiftclient-4.2.0 gAAAAABpLjU42Jqt... 22 - - txf28449aeebe64eda85e17-00692e354d - 0.0438 - - 1764635981.064518452 1764635981.108299732 0
Dec 01 19:39:41 np0005541722.novalocal account-server[93454]: ::1 - - [02/Dec/2025:00:39:41 +0000] "PUT /1/177703/AUTH_71f03d698f7645fb92ce29512b9f0297/gnocchi.da290109-c1c9-474f-91de-d42a386d6364" 201 - "PUT http://[::1]:6001/3/159860/AUTH_71f03d698f7645fb92ce29512b9f0297/gnocchi.da290109-c1c9-474f-91de-d42a386d6364" "tx8987f95f24714ef3b1744-00692e354d" "container-server 93752" 0.0068 "-" 93454 0
Dec 01 19:39:41 np0005541722.novalocal account-server[93452]: ::1 - - [02/Dec/2025:00:39:41 +0000] "PUT /2/177703/AUTH_71f03d698f7645fb92ce29512b9f0297/gnocchi.da290109-c1c9-474f-91de-d42a386d6364" 201 - "PUT http://[::1]:6001/1/159860/AUTH_71f03d698f7645fb92ce29512b9f0297/gnocchi.da290109-c1c9-474f-91de-d42a386d6364" "tx8987f95f24714ef3b1744-00692e354d" "container-server 93753" 0.0050 "-" 93452 0
Dec 01 19:39:41 np0005541722.novalocal container-server[93752]: ::1 - - [02/Dec/2025:00:39:41 +0000] "PUT /3/159860/AUTH_71f03d698f7645fb92ce29512b9f0297/gnocchi.da290109-c1c9-474f-91de-d42a386d6364" 201 - "PUT http://[::1]:8080/v1/AUTH_71f03d698f7645fb92ce29512b9f0297/gnocchi.da290109-c1c9-474f-91de-d42a386d6364" "tx8987f95f24714ef3b1744-00692e354d" "proxy-server 86829" 0.0231 "-" 93752 0
Dec 01 19:39:41 np0005541722.novalocal container-server[93753]: ::1 - - [02/Dec/2025:00:39:41 +0000] "PUT /1/159860/AUTH_71f03d698f7645fb92ce29512b9f0297/gnocchi.da290109-c1c9-474f-91de-d42a386d6364" 201 - "PUT http://[::1]:8080/v1/AUTH_71f03d698f7645fb92ce29512b9f0297/gnocchi.da290109-c1c9-474f-91de-d42a386d6364" "tx8987f95f24714ef3b1744-00692e354d" "proxy-server 86829" 0.0172 "-" 93753 0
