Mar 18 07:51:40 standalone account-server[114292]: Starting 2
Mar 18 07:51:40 standalone container-server[114455]: Starting 2
Mar 18 07:51:41 standalone account-server[114466]: Started child 20 from parent 2
Mar 18 07:51:41 standalone account-server[114466]: Started child 21 from parent 2
Mar 18 07:51:41 standalone account-server[114466]: Started child 22 from parent 2
Mar 18 07:51:41 standalone account-server[114466]: Started child 23 from parent 2
Mar 18 07:51:41 standalone container-server[114543]: Option allow_versions is deprecated. Configure the versioned_writes middleware in the proxy-server instead. This option will be ignored in a future release.
Mar 18 07:51:41 standalone container-server[114704]: Option allow_versions is deprecated. Configure the versioned_writes middleware in the proxy-server instead. This option will be ignored in a future release.
Mar 18 07:51:41 standalone container-server[114543]: Started child 20 from parent 2
Mar 18 07:51:41 standalone container-server[114708]: Option allow_versions is deprecated. Configure the versioned_writes middleware in the proxy-server instead. This option will be ignored in a future release.
Mar 18 07:51:41 standalone container-server[114543]: Started child 21 from parent 2
Mar 18 07:51:41 standalone container-server[114711]: Option allow_versions is deprecated. Configure the versioned_writes middleware in the proxy-server instead. This option will be ignored in a future release.
Mar 18 07:51:41 standalone container-server[114543]: Started child 22 from parent 2
Mar 18 07:51:41 standalone container-server[114713]: Option allow_versions is deprecated. Configure the versioned_writes middleware in the proxy-server instead. This option will be ignored in a future release.
Mar 18 07:51:41 standalone container-server[114543]: Started child 23 from parent 2
Mar 18 07:51:41 standalone object-server[114715]: Started child 21 from parent 2
Mar 18 07:51:41 standalone object-server[114715]: Started child 22 from parent 2
Mar 18 07:51:41 standalone object-server[114715]: Started child 23 from parent 2
Mar 18 07:51:41 standalone object-server[114715]: Started child 24 from parent 2
Mar 18 07:51:41 standalone object-server[114770]: Starting 2
Mar 18 07:51:42 standalone object-expirer[114870]: Starting 2
Mar 18 07:51:42 standalone object-expirer[114870]: Option auto_create_account_prefix is deprecated. Configure auto_create_account_prefix under the swift-constraints section of swift.conf. This option will be ignored in a future release.
Mar 18 07:51:47 standalone proxy-server[116544]: Starting Keystone auth_token middleware
Mar 18 07:51:47 standalone proxy-server[116544]: AuthToken middleware is set with keystone_authtoken.service_token_roles_required set to False. This is backwards compatible but deprecated behaviour. Please set this to True.
Mar 18 07:51:47 standalone proxy-server[116720]: Starting Keystone auth_token middleware
Mar 18 07:51:47 standalone proxy-server[116720]: STDERR: The option "bind_port" is not known to keystonemiddleware
Mar 18 07:51:47 standalone proxy-server[116720]: STDERR: The option "workers" is not known to keystonemiddleware
Mar 18 07:51:47 standalone proxy-server[116720]: STDERR: The option "user" is not known to keystonemiddleware
Mar 18 07:51:47 standalone proxy-server[116720]: STDERR: The option "bind_ip" is not known to keystonemiddleware
Mar 18 07:51:47 standalone proxy-server[116720]: STDERR: The option "log_name" is not known to keystonemiddleware
Mar 18 07:51:47 standalone proxy-server[116720]: STDERR: The option "log_facility" is not known to keystonemiddleware
Mar 18 07:51:47 standalone proxy-server[116720]: STDERR: The option "log_level" is not known to keystonemiddleware
Mar 18 07:51:47 standalone proxy-server[116720]: STDERR: The option "log_headers" is not known to keystonemiddleware
Mar 18 07:51:47 standalone proxy-server[116720]: STDERR: The option "log_address" is not known to keystonemiddleware
Mar 18 07:51:47 standalone proxy-server[116720]: STDERR: The option "project_name" is not known to keystonemiddleware
Mar 18 07:51:47 standalone proxy-server[116720]: STDERR: The option "username" is not known to keystonemiddleware
Mar 18 07:51:47 standalone proxy-server[116720]: STDERR: The option "password" is not known to keystonemiddleware
Mar 18 07:51:47 standalone proxy-server[116720]: STDERR: The option "auth_url" is not known to keystonemiddleware
Mar 18 07:51:47 standalone proxy-server[116720]: STDERR: The option "signing_dir" is not known to keystonemiddleware
Mar 18 07:51:47 standalone proxy-server[116720]: STDERR: The option "project_domain_id" is not known to keystonemiddleware
Mar 18 07:51:47 standalone proxy-server[116720]: STDERR: The option "user_domain_id" is not known to keystonemiddleware
Mar 18 07:51:47 standalone proxy-server[116720]: STDERR: The option "__name__" is not known to keystonemiddleware
Mar 18 07:51:47 standalone proxy-server[116720]: AuthToken middleware is set with keystone_authtoken.service_token_roles_required set to False. This is backwards compatible but deprecated behaviour. Please set this to True.
Mar 18 07:51:47 standalone proxy-server[116544]: Started child 21 from parent 2
Mar 18 07:53:28 standalone object-server[114770]: Begin object update sweep
Mar 18 07:53:28 standalone object-server[127525]: Object update sweep starting on /srv/node/d1 (pid: 11)
Mar 18 07:53:28 standalone object-server[127525]: Object update sweep completed on /srv/node/d1 in 0.00s seconds:, 0 successes, 0 failures, 0 quarantines, 0 unlinks, 0 errors, 0 redirects (pid: 11)
Mar 18 07:53:28 standalone object-server[127525]: Object update sweep of d1 completed: 0.00s, 0 successes, 0 failures, 0 quarantines, 0 unlinks, 0 errors, 0 redirects
Mar 18 07:53:28 standalone object-server[114770]: Object update sweep completed: 0.08s
Mar 18 07:55:10 standalone container-server[114455]: Begin container update sweep
Mar 18 07:55:10 standalone container-server[114455]: Container update sweep completed: 0.00s
Mar 18 07:55:51 standalone account-server[114677]: 172.20.0.100 - - [18/Mar/2026:07:55:51 +0000] "HEAD /d1/482/.expiring_objects" 404 - "HEAD http://localhost/v1/.expiring_objects?format=json" "tx20320b0f880747afbcc84-0069ba5a87" "proxy-server 2" 0.0012 "-" 20 -
Mar 18 07:55:51 standalone object-expirer[114870]: Pass completed in 0s; 0 objects expired (txn: tx20320b0f880747afbcc84-0069ba5a87)
Mar 18 07:57:41 standalone proxy-server[116720]: 172.21.0.2 ::1 18/Mar/2026/07/57/41 GET /info HTTP/1.0 200 - python-urllib3/1.26.5 gAAAAABpulrxRsV3... - 1671 - tx087d21cba69245148dbf6-0069ba5af4 - 0.4772 - - 1773820660.526114464 1773820661.003319502 -
Mar 18 07:57:45 standalone account-server[114677]: 172.20.0.100 - - [18/Mar/2026:07:57:45 +0000] "HEAD /d1/626/AUTH_bfe9e349abe44a48bf224951354ad8f6" 404 - "HEAD http://localhost:8080/v1/AUTH_bfe9e349abe44a48bf224951354ad8f6?format=json" "tx9a6ac51c7aea4d74954aa-0069ba5af9" "proxy-server 21" 0.0005 "-" 20 -
Mar 18 07:57:45 standalone proxy-server[116720]: - - 18/Mar/2026/07/57/45 HEAD /v1/AUTH_bfe9e349abe44a48bf224951354ad8f6%3Fformat%3Djson HTTP/1.0 200 - Swift - - - - tx9a6ac51c7aea4d74954aa-0069ba5af9 - 0.0061 RL - 1773820665.715725422 1773820665.721795559 -
Mar 18 07:57:45 standalone proxy-server[116720]: 172.18.0.2 ::1 18/Mar/2026/07/57/45 HEAD /v1/AUTH_bfe9e349abe44a48bf224951354ad8f6/glance%3Fformat%3Djson HTTP/1.0 404 - python-swiftclient-3.11.1 gAAAAABpulr5x-zn... - - - tx9a6ac51c7aea4d74954aa-0069ba5af9 - 0.0870 - - 1773820665.714682102 1773820665.801639080 -
Mar 18 07:57:45 standalone account-server[114680]: 172.20.0.100 - - [18/Mar/2026:07:57:45 +0000] "PUT /d1/626/AUTH_bfe9e349abe44a48bf224951354ad8f6" 201 - "-" "txf7eba3e92d274cf194bd4-0069ba5af9" "-" 0.0162 "-" 22 -
Mar 18 07:57:45 standalone proxy-server[116720]: autocreate account '/AUTH_bfe9e349abe44a48bf224951354ad8f6' (txn: txf7eba3e92d274cf194bd4-0069ba5af9)
Mar 18 07:57:45 standalone account-server[114680]: 172.20.0.100 - - [18/Mar/2026:07:57:45 +0000] "HEAD /d1/626/AUTH_bfe9e349abe44a48bf224951354ad8f6" 204 - "HEAD http://localhost:8080/v1/AUTH_bfe9e349abe44a48bf224951354ad8f6?format=json" "txf7eba3e92d274cf194bd4-0069ba5af9" "proxy-server 21" 0.0014 "-" 22 -
Mar 18 07:57:45 standalone account-server[114687]: 172.20.0.100 - - [18/Mar/2026:07:57:45 +0000] "PUT /d1/626/AUTH_bfe9e349abe44a48bf224951354ad8f6/glance" 201 - "PUT http://172.20.0.100:6001/d1/330/AUTH_bfe9e349abe44a48bf224951354ad8f6/glance" "txf7eba3e92d274cf194bd4-0069ba5af9" "container-server 23" 0.0021 "-" 23 0
Mar 18 07:57:45 standalone container-server[114713]: 172.20.0.100 - - [18/Mar/2026:07:57:45 +0000] "PUT /d1/330/AUTH_bfe9e349abe44a48bf224951354ad8f6/glance" 201 - "PUT http://localhost:8080/v1/AUTH_bfe9e349abe44a48bf224951354ad8f6/glance" "txf7eba3e92d274cf194bd4-0069ba5af9" "proxy-server 21" 0.0145 "-" 23 0
Mar 18 07:57:45 standalone proxy-server[116720]: 172.18.0.2 ::1 18/Mar/2026/07/57/45 PUT /v1/AUTH_bfe9e349abe44a48bf224951354ad8f6/glance HTTP/1.0 201 - python-swiftclient-3.11.1 gAAAAABpulr5x-zn... - - - txf7eba3e92d274cf194bd4-0069ba5af9 - 0.0461 - - 1773820665.806898594 1773820665.852959633 0
Mar 18 07:57:45 standalone container-server[114708]: 172.20.0.100 - - [18/Mar/2026:07:57:45 +0000] "HEAD /d1/330/AUTH_bfe9e349abe44a48bf224951354ad8f6/glance" 204 - "HEAD http://localhost:8080/v1/AUTH_bfe9e349abe44a48bf224951354ad8f6/glance?format=json&states=listing" "tx0d97ba20424a46a0b6cdb-0069ba5af9" "proxy-server 21" 0.0027 "-" 21 0
Mar 18 07:57:45 standalone proxy-server[116720]: - - 18/Mar/2026/07/57/45 HEAD /v1/AUTH_bfe9e349abe44a48bf224951354ad8f6/glance%3Fformat%3Djson%26states%3Dlisting HTTP/1.0 204 - Swift - - - - tx0d97ba20424a46a0b6cdb-0069ba5af9 - 0.0067 RL - 1773820665.863994837 1773820665.870668888 0
Mar 18 07:57:46 standalone container-server[114711]: 172.20.0.100 - - [18/Mar/2026:07:57:46 +0000] "PUT /d1/330/AUTH_bfe9e349abe44a48bf224951354ad8f6/glance/977ac793-4798-4f44-ae4a-977b7073e30d-00001" 201 - "PUT http://localhost:8080/d1/183/AUTH_bfe9e349abe44a48bf224951354ad8f6/glance/977ac793-4798-4f44-ae4a-977b7073e30d-00001" "tx0d97ba20424a46a0b6cdb-0069ba5af9" "object-server 21" 0.0014 "-" 22 0
Mar 18 07:57:46 standalone object-server[114854]: 172.20.0.100 - - [18/Mar/2026:07:57:46 +0000] "PUT /d1/183/AUTH_bfe9e349abe44a48bf224951354ad8f6/glance/977ac793-4798-4f44-ae4a-977b7073e30d-00001" 201 - "PUT http://localhost:8080/v1/AUTH_bfe9e349abe44a48bf224951354ad8f6/glance/977ac793-4798-4f44-ae4a-977b7073e30d-00001" "tx0d97ba20424a46a0b6cdb-0069ba5af9" "proxy-server 21" 0.1945 "-" 21 0
Mar 18 07:57:46 standalone proxy-server[116720]: 172.18.0.2 ::1 18/Mar/2026/07/57/46 PUT /v1/AUTH_bfe9e349abe44a48bf224951354ad8f6/glance/977ac793-4798-4f44-ae4a-977b7073e30d-00001 HTTP/1.0 201 - python-swiftclient-3.11.1 gAAAAABpulr5x-zn... 16300544 - - tx0d97ba20424a46a0b6cdb-0069ba5af9 - 0.2110 - - 1773820665.862785339 1773820666.073834181 0
Mar 18 07:57:46 standalone container-server[114708]: 172.20.0.100 - - [18/Mar/2026:07:57:46 +0000] "PUT /d1/330/AUTH_bfe9e349abe44a48bf224951354ad8f6/glance/977ac793-4798-4f44-ae4a-977b7073e30d" 201 - "PUT http://localhost:8080/d1/710/AUTH_bfe9e349abe44a48bf224951354ad8f6/glance/977ac793-4798-4f44-ae4a-977b7073e30d" "tx072e937d3ac64542853b1-0069ba5afa" "object-server 21" 0.0006 "-" 21 0
Mar 18 07:57:46 standalone object-server[114854]: 172.20.0.100 - - [18/Mar/2026:07:57:46 +0000] "PUT /d1/710/AUTH_bfe9e349abe44a48bf224951354ad8f6/glance/977ac793-4798-4f44-ae4a-977b7073e30d" 201 - "PUT http://localhost:8080/v1/AUTH_bfe9e349abe44a48bf224951354ad8f6/glance/977ac793-4798-4f44-ae4a-977b7073e30d" "tx072e937d3ac64542853b1-0069ba5afa" "proxy-server 21" 0.0104 "-" 21 0
Mar 18 07:57:46 standalone proxy-server[116720]: 172.18.0.2 ::1 18/Mar/2026/07/57/46 PUT /v1/AUTH_bfe9e349abe44a48bf224951354ad8f6/glance/977ac793-4798-4f44-ae4a-977b7073e30d HTTP/1.0 201 - python-swiftclient-3.11.1 gAAAAABpulr5x-zn... - - - tx072e937d3ac64542853b1-0069ba5afa - 0.0170 - - 1773820666.078894138 1773820666.095906258 0
Mar 18 07:57:46 standalone container-server[114704]: 172.20.0.100 - - [18/Mar/2026:07:57:46 +0000] "HEAD /d1/330/AUTH_bfe9e349abe44a48bf224951354ad8f6/glance" 204 - "HEAD http://localhost:8080/v1/AUTH_bfe9e349abe44a48bf224951354ad8f6/glance?format=json&states=listing" "tx8dfc1e92a82a4e1c95407-0069ba5afa" "proxy-server 21" 0.0144 "-" 20 0
Mar 18 07:57:46 standalone proxy-server[116720]: 172.18.0.2 ::1 18/Mar/2026/07/57/46 HEAD /v1/AUTH_bfe9e349abe44a48bf224951354ad8f6/glance%3Fformat%3Djson%26states%3Dlisting HTTP/1.0 204 - python-swiftclient-3.11.1 gAAAAABpulr6hJA2... - - - tx8dfc1e92a82a4e1c95407-0069ba5afa - 0.0552 - - 1773820666.686394930 1773820666.741617918 0
Mar 18 07:57:46 standalone container-server[114708]: 172.20.0.100 - - [18/Mar/2026:07:57:46 +0000] "PUT /d1/330/AUTH_bfe9e349abe44a48bf224951354ad8f6/glance/6c389b96-e07c-4cfc-aaaf-1f87500dacc8-00001" 201 - "PUT http://localhost:8080/d1/890/AUTH_bfe9e349abe44a48bf224951354ad8f6/glance/6c389b96-e07c-4cfc-aaaf-1f87500dacc8-00001" "tx6a7acfb377e94516818e4-0069ba5afa" "object-server 23" 0.0010 "-" 21 0
Mar 18 07:57:46 standalone object-server[114857]: 172.20.0.100 - - [18/Mar/2026:07:57:46 +0000] "PUT /d1/890/AUTH_bfe9e349abe44a48bf224951354ad8f6/glance/6c389b96-e07c-4cfc-aaaf-1f87500dacc8-00001" 201 - "PUT http://localhost:8080/v1/AUTH_bfe9e349abe44a48bf224951354ad8f6/glance/6c389b96-e07c-4cfc-aaaf-1f87500dacc8-00001" "tx6a7acfb377e94516818e4-0069ba5afa" "proxy-server 21" 0.2300 "-" 23 0
Mar 18 07:57:46 standalone proxy-server[116720]: 172.18.0.2 ::1 18/Mar/2026/07/57/46 PUT /v1/AUTH_bfe9e349abe44a48bf224951354ad8f6/glance/6c389b96-e07c-4cfc-aaaf-1f87500dacc8-00001 HTTP/1.0 201 - python-swiftclient-3.11.1 gAAAAABpulr6hJA2... 16300544 - - tx6a7acfb377e94516818e4-0069ba5afa - 0.2369 - - 1773820666.747877121 1773820666.984768629 0
Mar 18 07:57:47 standalone container-server[114708]: 172.20.0.100 - - [18/Mar/2026:07:57:47 +0000] "PUT /d1/330/AUTH_bfe9e349abe44a48bf224951354ad8f6/glance/6c389b96-e07c-4cfc-aaaf-1f87500dacc8" 201 - "PUT http://localhost:8080/d1/345/AUTH_bfe9e349abe44a48bf224951354ad8f6/glance/6c389b96-e07c-4cfc-aaaf-1f87500dacc8" "tx9c4642b85bfe4f928bba8-0069ba5afa" "object-server 24" 0.0007 "-" 21 0
Mar 18 07:57:47 standalone object-server[114858]: 172.20.0.100 - - [18/Mar/2026:07:57:47 +0000] "PUT /d1/345/AUTH_bfe9e349abe44a48bf224951354ad8f6/glance/6c389b96-e07c-4cfc-aaaf-1f87500dacc8" 201 - "PUT http://localhost:8080/v1/AUTH_bfe9e349abe44a48bf224951354ad8f6/glance/6c389b96-e07c-4cfc-aaaf-1f87500dacc8" "tx9c4642b85bfe4f928bba8-0069ba5afa" "proxy-server 21" 0.0241 "-" 24 0
Mar 18 07:57:47 standalone proxy-server[116720]: 172.18.0.2 ::1 18/Mar/2026/07/57/47 PUT /v1/AUTH_bfe9e349abe44a48bf224951354ad8f6/glance/6c389b96-e07c-4cfc-aaaf-1f87500dacc8 HTTP/1.0 201 - python-swiftclient-3.11.1 gAAAAABpulr6hJA2... - - - tx9c4642b85bfe4f928bba8-0069ba5afa - 0.0312 - - 1773820666.992150068 1773820667.023385525 0
Mar 18 07:58:28 standalone object-server[114770]: Begin object update sweep
Mar 18 07:58:28 standalone object-server[156147]: Object update sweep starting on /srv/node/d1 (pid: 13)
Mar 18 07:58:28 standalone object-server[156147]: Object update sweep completed on /srv/node/d1 in 0.00s seconds:, 0 successes, 0 failures, 0 quarantines, 0 unlinks, 0 errors, 0 redirects (pid: 13)
Mar 18 07:58:28 standalone object-server[156147]: Object update sweep of d1 completed: 0.00s, 0 successes, 0 failures, 0 quarantines, 0 unlinks, 0 errors, 0 redirects
Mar 18 07:58:28 standalone object-server[114770]: Object update sweep completed: 0.09s
Mar 18 07:59:27 standalone account-server[114292]: Devices pass completed: 0.00s
Mar 18 08:00:10 standalone container-server[114455]: Begin container update sweep
Mar 18 08:00:10 standalone account-server[114687]: 172.20.0.100 - - [18/Mar/2026:08:00:10 +0000] "PUT /d1/626/AUTH_bfe9e349abe44a48bf224951354ad8f6/glance" 201 - "-" "-" "container-updater 2" 0.0008 "-" 23 0
Mar 18 08:00:10 standalone container-server[114455]: Container update sweep completed: 0.11s
Mar 18 08:00:18 standalone account-server[114680]: 172.20.0.100 - - [18/Mar/2026:08:00:18 +0000] "HEAD /d1/482/.expiring_objects" 404 - "HEAD http://localhost/v1/.expiring_objects?format=json" "tx370d64f69c8b4bff85a24-0069ba5b92" "proxy-server 2" 0.0006 "-" 22 -
Mar 18 08:00:18 standalone object-expirer[114870]: Pass completed in 0s; 0 objects expired (txn: tx370d64f69c8b4bff85a24-0069ba5b92)
Mar 18 08:00:24 standalone account-server[114687]: 172.20.0.100 - - [18/Mar/2026:08:00:24 +0000] "HEAD /d1/482/.expiring_objects" 404 - "HEAD http://localhost/v1/.expiring_objects?format=json" "txab252ee21503489490798-0069ba5b98" "proxy-server 2" 0.0007 "-" 23 -
Mar 18 08:00:24 standalone object-expirer[114870]: Pass completed in 0s; 0 objects expired (txn: txab252ee21503489490798-0069ba5b98)
Mar 18 08:02:18 standalone account-server[114677]: 172.20.0.100 - - [18/Mar/2026:08:02:18 +0000] "HEAD /d1/626/AUTH_bfe9e349abe44a48bf224951354ad8f6" 204 - "HEAD http://localhost:8080/v1/AUTH_bfe9e349abe44a48bf224951354ad8f6?format=json" "txe0175746e6dc4b64acd49-0069ba5c0a" "proxy-server 21" 0.0059 "-" 20 -
Mar 18 08:02:18 standalone proxy-server[116720]: - - 18/Mar/2026/08/02/18 HEAD /v1/AUTH_bfe9e349abe44a48bf224951354ad8f6%3Fformat%3Djson HTTP/1.0 204 - Swift - - - - txe0175746e6dc4b64acd49-0069ba5c0a - 0.0095 RL - 1773820938.611843586 1773820938.621315241 -
Mar 18 08:02:18 standalone container-server[114708]: 172.20.0.100 - - [18/Mar/2026:08:02:18 +0000] "HEAD /d1/330/AUTH_bfe9e349abe44a48bf224951354ad8f6/glance" 204 - "HEAD http://localhost:8080/v1/AUTH_bfe9e349abe44a48bf224951354ad8f6/glance?format=json&states=listing" "txe0175746e6dc4b64acd49-0069ba5c0a" "proxy-server 21" 0.0015 "-" 21 0
Mar 18 08:02:18 standalone proxy-server[116720]: 172.18.0.2 ::1 18/Mar/2026/08/02/18 HEAD /v1/AUTH_bfe9e349abe44a48bf224951354ad8f6/glance%3Fformat%3Djson%26states%3Dlisting HTTP/1.0 204 - python-swiftclient-3.11.1 gAAAAABpulwKnEls... - - - txe0175746e6dc4b64acd49-0069ba5c0a - 0.1318 - - 1773820938.611158133 1773820938.742923737 0
Mar 18 08:02:21 standalone container-server[114713]: 172.20.0.100 - - [18/Mar/2026:08:02:21 +0000] "PUT /d1/330/AUTH_bfe9e349abe44a48bf224951354ad8f6/glance/e39c8b4d-2cf8-406e-9d04-3a2a60fc4dc8-00001" 201 - "PUT http://localhost:8080/d1/725/AUTH_bfe9e349abe44a48bf224951354ad8f6/glance/e39c8b4d-2cf8-406e-9d04-3a2a60fc4dc8-00001" "tx95328fe2d42241f5ac7f8-0069ba5c0a" "object-server 22" 0.0014 "-" 23 0
Mar 18 08:02:21 standalone object-server[114856]: 172.20.0.100 - - [18/Mar/2026:08:02:21 +0000] "PUT /d1/725/AUTH_bfe9e349abe44a48bf224951354ad8f6/glance/e39c8b4d-2cf8-406e-9d04-3a2a60fc4dc8-00001" 201 - "PUT http://localhost:8080/v1/AUTH_bfe9e349abe44a48bf224951354ad8f6/glance/e39c8b4d-2cf8-406e-9d04-3a2a60fc4dc8-00001" "tx95328fe2d42241f5ac7f8-0069ba5c0a" "proxy-server 21" 3.1319 "-" 22 0
Mar 18 08:02:21 standalone proxy-server[116720]: 172.18.0.2 ::1 18/Mar/2026/08/02/21 PUT /v1/AUTH_bfe9e349abe44a48bf224951354ad8f6/glance/e39c8b4d-2cf8-406e-9d04-3a2a60fc4dc8-00001 HTTP/1.0 201 - python-swiftclient-3.11.1 gAAAAABpulwKnEls... 21692416 - - tx95328fe2d42241f5ac7f8-0069ba5c0a - 3.1382 - - 1773820938.763278961 1773820941.901435852 0
Mar 18 08:02:21 standalone container-server[114711]: 172.20.0.100 - - [18/Mar/2026:08:02:21 +0000] "PUT /d1/330/AUTH_bfe9e349abe44a48bf224951354ad8f6/glance/e39c8b4d-2cf8-406e-9d04-3a2a60fc4dc8" 201 - "PUT http://localhost:8080/d1/544/AUTH_bfe9e349abe44a48bf224951354ad8f6/glance/e39c8b4d-2cf8-406e-9d04-3a2a60fc4dc8" "txf8a81d396b9c4cf295e04-0069ba5c0d" "object-server 23" 0.0007 "-" 22 0
Mar 18 08:02:21 standalone object-server[114857]: 172.20.0.100 - - [18/Mar/2026:08:02:21 +0000] "PUT /d1/544/AUTH_bfe9e349abe44a48bf224951354ad8f6/glance/e39c8b4d-2cf8-406e-9d04-3a2a60fc4dc8" 201 - "PUT http://localhost:8080/v1/AUTH_bfe9e349abe44a48bf224951354ad8f6/glance/e39c8b4d-2cf8-406e-9d04-3a2a60fc4dc8" "txf8a81d396b9c4cf295e04-0069ba5c0d" "proxy-server 21" 0.0089 "-" 23 0
Mar 18 08:02:21 standalone proxy-server[116720]: 172.18.0.2 ::1 18/Mar/2026/08/02/21 PUT /v1/AUTH_bfe9e349abe44a48bf224951354ad8f6/glance/e39c8b4d-2cf8-406e-9d04-3a2a60fc4dc8 HTTP/1.0 201 - python-swiftclient-3.11.1 gAAAAABpulwKnEls... - - - txf8a81d396b9c4cf295e04-0069ba5c0d - 0.0136 - - 1773820941.909217834 1773820941.922855139 0
Mar 18 08:03:24 standalone account-server[114677]: 172.20.0.100 - - [18/Mar/2026:08:03:24 +0000] "HEAD /d1/626/AUTH_bfe9e349abe44a48bf224951354ad8f6" 204 - "HEAD http://localhost:8080/v1/AUTH_bfe9e349abe44a48bf224951354ad8f6?format=json" "tx7c907592e5324ee299604-0069ba5c4c" "proxy-server 21" 0.0022 "-" 20 -
Mar 18 08:03:24 standalone proxy-server[116720]: - - 18/Mar/2026/08/03/24 HEAD /v1/AUTH_bfe9e349abe44a48bf224951354ad8f6%3Fformat%3Djson HTTP/1.0 204 - Swift - - - - tx7c907592e5324ee299604-0069ba5c4c - 0.0067 RL - 1773821004.455515862 1773821004.462236643 -
Mar 18 08:03:24 standalone container-server[114708]: 172.20.0.100 - - [18/Mar/2026:08:03:24 +0000] "HEAD /d1/330/AUTH_bfe9e349abe44a48bf224951354ad8f6/glance" 204 - "HEAD http://localhost:8080/v1/AUTH_bfe9e349abe44a48bf224951354ad8f6/glance?format=json&states=listing" "tx7c907592e5324ee299604-0069ba5c4c" "proxy-server 21" 0.0134 "-" 21 0
Mar 18 08:03:24 standalone object-server[114858]: 172.20.0.100 - - [18/Mar/2026:08:03:24 +0000] "GET /d1/544/AUTH_bfe9e349abe44a48bf224951354ad8f6/glance/e39c8b4d-2cf8-406e-9d04-3a2a60fc4dc8" 200 - "GET http://localhost:8080/v1/AUTH_bfe9e349abe44a48bf224951354ad8f6/glance/e39c8b4d-2cf8-406e-9d04-3a2a60fc4dc8" "tx7c907592e5324ee299604-0069ba5c4c" "proxy-server 21" 0.0012 "-" 24 0
Mar 18 08:03:24 standalone container-server[114711]: 172.20.0.100 - - [18/Mar/2026:08:03:24 +0000] "GET /d1/330/AUTH_bfe9e349abe44a48bf224951354ad8f6/glance" 200 210 "GET http://localhost:8080/v1/AUTH_bfe9e349abe44a48bf224951354ad8f6/glance?prefix=e39c8b4d-2cf8-406e-9d04-3a2a60fc4dc8-&format=json&states=listing" "tx7c907592e5324ee299604-0069ba5c4c" "proxy-server 21" 0.0036 "-" 22 0
Mar 18 08:03:24 standalone proxy-server[116720]: - - 18/Mar/2026/08/03/24 GET /v1/AUTH_bfe9e349abe44a48bf224951354ad8f6/glance%3Fprefix%3De39c8b4d-2cf8-406e-9d04-3a2a60fc4dc8-%26format%3Djson%26states%3Dlisting HTTP/1.0 200 - python-swiftclient-3.11.1%20DLO%20MultipartGET gAAAAABpulxM4g3t... - 210 - tx7c907592e5324ee299604-0069ba5c4c - 0.0077 DLO - 1773821004.559434175 1773821004.567182302 0
Mar 18 08:03:24 standalone object-server[114858]: 172.20.0.100 - - [18/Mar/2026:08:03:24 +0000] "GET /d1/725/AUTH_bfe9e349abe44a48bf224951354ad8f6/glance/e39c8b4d-2cf8-406e-9d04-3a2a60fc4dc8-00001" 200 21692416 "GET http://localhost:8080/v1/AUTH_bfe9e349abe44a48bf224951354ad8f6/glance/e39c8b4d-2cf8-406e-9d04-3a2a60fc4dc8-00001?multipart-manifest=get" "tx7c907592e5324ee299604-0069ba5c4c" "proxy-server 21" 0.0007 "-" 24 0
Mar 18 08:03:24 standalone proxy-server[116720]: - - 18/Mar/2026/08/03/24 GET /v1/AUTH_bfe9e349abe44a48bf224951354ad8f6/glance/e39c8b4d-2cf8-406e-9d04-3a2a60fc4dc8-00001%3Fmultipart-manifest%3Dget HTTP/1.0 200 - python-swiftclient-3.11.1%20%20DLO%20MultipartGET gAAAAABpulxM4g3t... - 21692416 - tx7c907592e5324ee299604-0069ba5c4c - 0.0741 DLO - 1773821004.567964554 1773821004.642061710 0
Mar 18 08:03:24 standalone proxy-server[116720]: 172.18.0.2 ::1 18/Mar/2026/08/03/24 GET /v1/AUTH_bfe9e349abe44a48bf224951354ad8f6/glance/e39c8b4d-2cf8-406e-9d04-3a2a60fc4dc8 HTTP/1.0 200 - python-swiftclient-3.11.1 gAAAAABpulxM4g3t... - 21692416 - tx7c907592e5324ee299604-0069ba5c4c - 0.1877 - - 1773821004.454759836 1773821004.642509222 0
Mar 18 08:03:28 standalone object-server[114770]: Begin object update sweep
Mar 18 08:03:28 standalone object-server[182115]: Object update sweep starting on /srv/node/d1 (pid: 14)
Mar 18 08:03:28 standalone object-server[182115]: Object update sweep completed on /srv/node/d1 in 0.00s seconds:, 0 successes, 0 failures, 0 quarantines, 0 unlinks, 0 errors, 0 redirects (pid: 14)
Mar 18 08:03:28 standalone object-server[182115]: Object update sweep of d1 completed: 0.00s, 0 successes, 0 failures, 0 quarantines, 0 unlinks, 0 errors, 0 redirects
Mar 18 08:03:28 standalone object-server[114770]: Object update sweep completed: 0.05s
Mar 18 08:03:47 standalone account-server[114687]: 172.20.0.100 - - [18/Mar/2026:08:03:47 +0000] "HEAD /d1/482/.expiring_objects" 404 - "HEAD http://localhost/v1/.expiring_objects?format=json" "txf00eeb9d49b9499ca323f-0069ba5c63" "proxy-server 2" 0.0006 "-" 23 -
Mar 18 08:03:47 standalone object-expirer[114870]: Pass completed in 0s; 0 objects expired (txn: txf00eeb9d49b9499ca323f-0069ba5c63)
Mar 18 08:05:10 standalone container-server[114455]: Begin container update sweep
Mar 18 08:05:10 standalone account-server[114677]: 172.20.0.100 - - [18/Mar/2026:08:05:10 +0000] "PUT /d1/626/AUTH_bfe9e349abe44a48bf224951354ad8f6/glance" 201 - "-" "-" "container-updater 2" 0.0010 "-" 20 0
Mar 18 08:05:10 standalone container-server[114455]: Container update sweep completed: 0.11s
Mar 18 08:08:28 standalone object-server[114770]: Begin object update sweep
Mar 18 08:08:28 standalone object-server[208241]: Object update sweep starting on /srv/node/d1 (pid: 15)
Mar 18 08:08:28 standalone object-server[208241]: Object update sweep completed on /srv/node/d1 in 0.00s seconds:, 0 successes, 0 failures, 0 quarantines, 0 unlinks, 0 errors, 0 redirects (pid: 15)
Mar 18 08:08:28 standalone object-server[208241]: Object update sweep of d1 completed: 0.00s, 0 successes, 0 failures, 0 quarantines, 0 unlinks, 0 errors, 0 redirects
Mar 18 08:08:28 standalone object-server[114770]: Object update sweep completed: 0.09s
Mar 18 08:08:47 standalone account-server[114677]: 172.20.0.100 - - [18/Mar/2026:08:08:47 +0000] "HEAD /d1/482/.expiring_objects" 404 - "HEAD http://localhost/v1/.expiring_objects?format=json" "txd3664eca4edf4d5fb2004-0069ba5d8f" "proxy-server 2" 0.0006 "-" 20 -
Mar 18 08:08:47 standalone object-expirer[114870]: Pass completed in 0s; 0 objects expired (txn: txd3664eca4edf4d5fb2004-0069ba5d8f)
Mar 18 08:08:58 standalone account-server[114679]: 172.20.0.100 - - [18/Mar/2026:08:08:58 +0000] "HEAD /d1/482/.expiring_objects" 404 - "HEAD http://localhost/v1/.expiring_objects?format=json" "tx2c8edb748a63468f8b824-0069ba5d9a" "proxy-server 2" 0.0018 "-" 21 -
Mar 18 08:08:58 standalone object-expirer[114870]: Pass completed in 0s; 0 objects expired (txn: tx2c8edb748a63468f8b824-0069ba5d9a)
Mar 18 08:10:10 standalone container-server[114455]: Begin container update sweep
Mar 18 08:10:10 standalone container-server[114455]: Container update sweep completed: 0.06s
Mar 18 08:12:41 standalone account-server[114677]: 172.20.0.100 - - [18/Mar/2026:08:12:41 +0000] "HEAD /d1/482/.expiring_objects" 404 - "HEAD http://localhost/v1/.expiring_objects?format=json" "tx37465f77489a4d43a2718-0069ba5e79" "proxy-server 2" 0.0004 "-" 20 -
Mar 18 08:12:41 standalone object-expirer[114870]: Pass completed in 0s; 0 objects expired (txn: tx37465f77489a4d43a2718-0069ba5e79)
Mar 18 08:13:28 standalone object-server[114770]: Begin object update sweep
Mar 18 08:13:28 standalone object-server[231544]: Object update sweep starting on /srv/node/d1 (pid: 16)
Mar 18 08:13:28 standalone object-server[231544]: Object update sweep completed on /srv/node/d1 in 0.00s seconds:, 0 successes, 0 failures, 0 quarantines, 0 unlinks, 0 errors, 0 redirects (pid: 16)
Mar 18 08:13:28 standalone object-server[231544]: Object update sweep of d1 completed: 0.00s, 0 successes, 0 failures, 0 quarantines, 0 unlinks, 0 errors, 0 redirects
Mar 18 08:13:28 standalone object-server[114770]: Object update sweep completed: 0.08s
Mar 18 08:15:10 standalone container-server[114455]: Begin container update sweep
Mar 18 08:15:10 standalone container-server[114455]: Container update sweep completed: 0.07s
Mar 18 08:16:07 standalone account-server[114687]: 172.20.0.100 - - [18/Mar/2026:08:16:07 +0000] "HEAD /d1/482/.expiring_objects" 404 - "HEAD http://localhost/v1/.expiring_objects?format=json" "tx13aad38486f3485baf9fe-0069ba5f47" "proxy-server 2" 0.0006 "-" 23 -
Mar 18 08:16:07 standalone object-expirer[114870]: Pass completed in 0s; 0 objects expired (txn: tx13aad38486f3485baf9fe-0069ba5f47)
Mar 18 08:16:53 standalone account-server[114680]: 172.20.0.31 - - [18/Mar/2026:08:16:53 +0000] "HEAD /d1/285/AUTH_cd6f34dad0d744aeb58294b32fea3084" 404 - "HEAD http://swift-public-openstack.apps-crc.testing/v1/AUTH_cd6f34dad0d744aeb58294b32fea3084?format=json" "txc80bbbb36cf2401a9d36a-0069ba5f75" "proxy-server 10" 0.0005 "-" 22 -
Mar 18 08:16:54 standalone account-server[114680]: 172.20.0.31 - - [18/Mar/2026:08:16:54 +0000] "GET /d1/285/AUTH_cd6f34dad0d744aeb58294b32fea3084" 404 - "GET http://swift-public-openstack.apps-crc.testing/v1/AUTH_cd6f34dad0d744aeb58294b32fea3084?format=json" "txc80bbbb36cf2401a9d36a-0069ba5f75" "proxy-server 10" 0.0003 "-" 22 -
Mar 18 08:18:28 standalone object-server[114770]: Begin object update sweep
Mar 18 08:18:29 standalone object-server[250981]: Object update sweep starting on /srv/node/d1 (pid: 17)
Mar 18 08:18:29 standalone object-server[250981]: Object update sweep completed on /srv/node/d1 in 0.00s seconds:, 0 successes, 0 failures, 0 quarantines, 0 unlinks, 0 errors, 0 redirects (pid: 17)
Mar 18 08:18:29 standalone object-server[250981]: Object update sweep of d1 completed: 0.00s, 0 successes, 0 failures, 0 quarantines, 0 unlinks, 0 errors, 0 redirects
Mar 18 08:18:29 standalone object-server[114770]: Object update sweep completed: 0.08s
Mar 18 08:19:36 standalone account-server[114677]: 172.20.0.100 - - [18/Mar/2026:08:19:36 +0000] "HEAD /d1/482/.expiring_objects" 404 - "HEAD http://localhost/v1/.expiring_objects?format=json" "txcb10086690c942dbbf14d-0069ba6018" "proxy-server 2" 0.0006 "-" 20 -
Mar 18 08:19:36 standalone object-expirer[114870]: Pass completed in 0s; 0 objects expired (txn: txcb10086690c942dbbf14d-0069ba6018)
Mar 18 08:20:10 standalone container-server[114455]: Begin container update sweep
Mar 18 08:20:10 standalone container-server[114455]: Container update sweep completed: 0.08s
Mar 18 08:21:39 standalone account-server[114687]: 172.20.0.100 - - [18/Mar/2026:08:21:39 +0000] "HEAD /d1/482/.expiring_objects" 404 - "HEAD http://localhost/v1/.expiring_objects?format=json" "txca2e7a10ea7643239db27-0069ba6093" "proxy-server 2" 0.0006 "-" 23 -
Mar 18 08:21:39 standalone object-expirer[114870]: Pass completed in 0s; 0 objects expired (txn: txca2e7a10ea7643239db27-0069ba6093)
Mar 18 08:23:29 standalone object-server[114770]: Begin object update sweep
Mar 18 08:23:29 standalone object-server[270198]: Object update sweep starting on /srv/node/d1 (pid: 18)
Mar 18 08:23:29 standalone object-server[270198]: Object update sweep completed on /srv/node/d1 in 0.00s seconds:, 0 successes, 0 failures, 0 quarantines, 0 unlinks, 0 errors, 0 redirects (pid: 18)
Mar 18 08:23:29 standalone object-server[270198]: Object update sweep of d1 completed: 0.00s, 0 successes, 0 failures, 0 quarantines, 0 unlinks, 0 errors, 0 redirects
Mar 18 08:23:29 standalone object-server[114770]: Object update sweep completed: 0.07s
Mar 18 08:25:10 standalone container-server[114455]: Begin container update sweep
Mar 18 08:25:10 standalone container-server[114455]: Container update sweep completed: 0.10s
Mar 18 08:26:37 standalone account-server[114677]: 172.20.0.100 - - [18/Mar/2026:08:26:37 +0000] "HEAD /d1/482/.expiring_objects" 404 - "HEAD http://localhost/v1/.expiring_objects?format=json" "txd268ca55f4764ddbb818e-0069ba61bd" "proxy-server 2" 0.0004 "-" 20 -
Mar 18 08:26:37 standalone object-expirer[114870]: Pass completed in 0s; 0 objects expired (txn: txd268ca55f4764ddbb818e-0069ba61bd)
Mar 18 08:27:14 standalone account-server[114679]: 172.20.0.31 - - [18/Mar/2026:08:27:14 +0000] "HEAD /d1/932/AUTH_108935e9d4c740d38a7364c44e3e440d" 404 - "HEAD http://swift-internal.openstack.svc:8080/v1/AUTH_108935e9d4c740d38a7364c44e3e440d?format=json" "tx14626e9f964b483c8a10c-0069ba61e2" "proxy-server 15" 0.0004 "-" 21 -
Mar 18 08:27:14 standalone account-server[114679]: 172.20.0.31 - - [18/Mar/2026:08:27:14 +0000] "GET /d1/932/AUTH_108935e9d4c740d38a7364c44e3e440d" 404 - "GET http://swift-internal.openstack.svc:8080/v1/AUTH_108935e9d4c740d38a7364c44e3e440d?format=json" "tx14626e9f964b483c8a10c-0069ba61e2" "proxy-server 15" 0.0005 "-" 21 -
Mar 18 08:27:14 standalone account-server[114680]: 172.20.0.31 - - [18/Mar/2026:08:27:14 +0000] "HEAD /d1/626/AUTH_bfe9e349abe44a48bf224951354ad8f6" 204 - "HEAD http://swift-internal.openstack.svc:8080/v1/AUTH_bfe9e349abe44a48bf224951354ad8f6?format=json" "txffbde99f8abe4432b55a8-0069ba61e2" "proxy-server 12" 0.0074 "-" 22 -
Mar 18 08:27:15 standalone account-server[114677]: 172.20.0.31 - - [18/Mar/2026:08:27:15 +0000] "GET /d1/626/AUTH_bfe9e349abe44a48bf224951354ad8f6" 200 98 "GET http://swift-internal.openstack.svc:8080/v1/AUTH_bfe9e349abe44a48bf224951354ad8f6?format=json" "txffbde99f8abe4432b55a8-0069ba61e2" "proxy-server 12" 0.0029 "-" 20 -
Mar 18 08:27:15 standalone account-server[114687]: 172.20.0.31 - - [18/Mar/2026:08:27:15 +0000] "HEAD /d1/147/AUTH_cc66d4271b11472a9723ea3ce233135f" 404 - "HEAD http://swift-internal.openstack.svc:8080/v1/AUTH_cc66d4271b11472a9723ea3ce233135f?format=json" "txdf4a38c0463d47b1b027d-0069ba61e3" "proxy-server 15" 0.0006 "-" 23 -
Mar 18 08:27:15 standalone account-server[114680]: 172.20.0.31 - - [18/Mar/2026:08:27:15 +0000] "GET /d1/147/AUTH_cc66d4271b11472a9723ea3ce233135f" 404 - "GET http://swift-internal.openstack.svc:8080/v1/AUTH_cc66d4271b11472a9723ea3ce233135f?format=json" "txdf4a38c0463d47b1b027d-0069ba61e3" "proxy-server 15" 0.0006 "-" 22 -
Mar 18 08:27:15 standalone account-server[114679]: 172.20.0.31 - - [18/Mar/2026:08:27:15 +0000] "HEAD /d1/285/AUTH_cd6f34dad0d744aeb58294b32fea3084" 404 - "HEAD http://swift-internal.openstack.svc:8080/v1/AUTH_cd6f34dad0d744aeb58294b32fea3084?format=json" "tx262b27a5c88f45bd8ec4b-0069ba61e3" "proxy-server 12" 0.0005 "-" 21 -
Mar 18 08:27:15 standalone account-server[114677]: 172.20.0.31 - - [18/Mar/2026:08:27:15 +0000] "GET /d1/285/AUTH_cd6f34dad0d744aeb58294b32fea3084" 404 - "GET http://swift-internal.openstack.svc:8080/v1/AUTH_cd6f34dad0d744aeb58294b32fea3084?format=json" "tx262b27a5c88f45bd8ec4b-0069ba61e3" "proxy-server 12" 0.0005 "-" 20 -
Mar 18 08:27:15 standalone account-server[114680]: 172.20.0.31 - - [18/Mar/2026:08:27:15 +0000] "HEAD /d1/932/AUTH_108935e9d4c740d38a7364c44e3e440d" 404 - "HEAD http://swift-internal.openstack.svc:8080/v1/AUTH_108935e9d4c740d38a7364c44e3e440d?format=json" "tx38fdde935cdc468492dac-0069ba61e3" "proxy-server 15" 0.0005 "-" 22 -
Mar 18 08:27:15 standalone account-server[114687]: 172.20.0.31 - - [18/Mar/2026:08:27:15 +0000] "HEAD /d1/626/AUTH_bfe9e349abe44a48bf224951354ad8f6" 204 - "HEAD http://swift-internal.openstack.svc:8080/v1/AUTH_bfe9e349abe44a48bf224951354ad8f6?format=json" "txd1d1aa529a6c4307839e1-0069ba61e3" "proxy-server 15" 0.0026 "-" 23 -
Mar 18 08:27:15 standalone account-server[114677]: 172.20.0.31 - - [18/Mar/2026:08:27:15 +0000] "HEAD /d1/147/AUTH_cc66d4271b11472a9723ea3ce233135f" 404 - "HEAD http://swift-internal.openstack.svc:8080/v1/AUTH_cc66d4271b11472a9723ea3ce233135f?format=json" "tx9b725e1eb32a49cbbb6af-0069ba61e3" "proxy-server 15" 0.0004 "-" 20 -
Mar 18 08:27:15 standalone account-server[114680]: 172.20.0.31 - - [18/Mar/2026:08:27:15 +0000] "HEAD /d1/285/AUTH_cd6f34dad0d744aeb58294b32fea3084" 404 - "HEAD http://swift-internal.openstack.svc:8080/v1/AUTH_cd6f34dad0d744aeb58294b32fea3084?format=json" "txc5c456461760419e98ca0-0069ba61e3" "proxy-server 15" 0.0004 "-" 22 -
Mar 18 08:27:49 standalone account-server[114680]: 172.20.0.31 - - [18/Mar/2026:08:27:49 +0000] "GET /d1/932/AUTH_108935e9d4c740d38a7364c44e3e440d" 404 - "GET http://swift-internal.openstack.svc:8080/v1/AUTH_108935e9d4c740d38a7364c44e3e440d?format=json" "txc3f7a2ef0cbc42acb0589-0069ba6204" "proxy-server 12" 0.0007 "-" 22 -
Mar 18 08:27:49 standalone account-server[114680]: 172.20.0.31 - - [18/Mar/2026:08:27:49 +0000] "GET /d1/626/AUTH_bfe9e349abe44a48bf224951354ad8f6" 200 98 "GET http://swift-internal.openstack.svc:8080/v1/AUTH_bfe9e349abe44a48bf224951354ad8f6?format=json" "tx82de044b62764ca2b0f9e-0069ba6205" "proxy-server 5" 0.0030 "-" 22 -
Mar 18 08:27:49 standalone account-server[114687]: 172.20.0.31 - - [18/Mar/2026:08:27:49 +0000] "GET /d1/147/AUTH_cc66d4271b11472a9723ea3ce233135f" 404 - "GET http://swift-internal.openstack.svc:8080/v1/AUTH_cc66d4271b11472a9723ea3ce233135f?format=json" "tx6cfb319a4c984235bed3b-0069ba6205" "proxy-server 12" 0.0005 "-" 23 -
Mar 18 08:27:49 standalone account-server[114687]: 172.20.0.31 - - [18/Mar/2026:08:27:49 +0000] "GET /d1/285/AUTH_cd6f34dad0d744aeb58294b32fea3084" 404 - "GET http://swift-internal.openstack.svc:8080/v1/AUTH_cd6f34dad0d744aeb58294b32fea3084?format=json" "txfec25bb99d084889844a5-0069ba6205" "proxy-server 12" 0.0006 "-" 23 -
Mar 18 08:27:51 standalone account-server[114679]: 172.20.0.31 - - [18/Mar/2026:08:27:51 +0000] "HEAD /d1/932/AUTH_108935e9d4c740d38a7364c44e3e440d" 404 - "HEAD http://swift-internal.openstack.svc:8080/v1/AUTH_108935e9d4c740d38a7364c44e3e440d?format=json" "tx672c51966de74bc19f6bc-0069ba6207" "proxy-server 5" 0.0011 "-" 21 -
Mar 18 08:27:52 standalone account-server[114679]: 172.20.0.31 - - [18/Mar/2026:08:27:52 +0000] "HEAD /d1/626/AUTH_bfe9e349abe44a48bf224951354ad8f6" 204 - "HEAD http://swift-internal.openstack.svc:8080/v1/AUTH_bfe9e349abe44a48bf224951354ad8f6?format=json" "tx04f9b4869b5c41d1845af-0069ba6207" "proxy-server 13" 0.0043 "-" 21 -
Mar 18 08:27:52 standalone account-server[114679]: 172.20.0.31 - - [18/Mar/2026:08:27:52 +0000] "HEAD /d1/147/AUTH_cc66d4271b11472a9723ea3ce233135f" 404 - "HEAD http://swift-internal.openstack.svc:8080/v1/AUTH_cc66d4271b11472a9723ea3ce233135f?format=json" "txe55f18aa7e52407494f72-0069ba6208" "proxy-server 13" 0.0003 "-" 21 -
Mar 18 08:27:52 standalone account-server[114677]: 172.20.0.31 - - [18/Mar/2026:08:27:52 +0000] "HEAD /d1/285/AUTH_cd6f34dad0d744aeb58294b32fea3084" 404 - "HEAD http://swift-internal.openstack.svc:8080/v1/AUTH_cd6f34dad0d744aeb58294b32fea3084?format=json" "tx8e5ed38281144ddc99ed2-0069ba6208" "proxy-server 12" 0.0004 "-" 20 -
Mar 18 08:28:00 standalone account-server[114687]: 172.20.0.31 - - [18/Mar/2026:08:28:00 +0000] "HEAD /d1/932/AUTH_108935e9d4c740d38a7364c44e3e440d" 404 - "HEAD http://swift-internal.openstack.svc:8080/v1/AUTH_108935e9d4c740d38a7364c44e3e440d?format=json" "tx76bb6d7e3c7b4c819d796-0069ba6210" "proxy-server 12" 0.0004 "-" 23 -
Mar 18 08:28:00 standalone account-server[114677]: 172.20.0.31 - - [18/Mar/2026:08:28:00 +0000] "HEAD /d1/626/AUTH_bfe9e349abe44a48bf224951354ad8f6" 204 - "HEAD http://swift-internal.openstack.svc:8080/v1/AUTH_bfe9e349abe44a48bf224951354ad8f6?format=json" "tx448b3c97907840c4bcea1-0069ba6210" "proxy-server 16" 0.0023 "-" 20 -
Mar 18 08:28:00 standalone account-server[114677]: 172.20.0.31 - - [18/Mar/2026:08:28:00 +0000] "HEAD /d1/147/AUTH_cc66d4271b11472a9723ea3ce233135f" 404 - "HEAD http://swift-internal.openstack.svc:8080/v1/AUTH_cc66d4271b11472a9723ea3ce233135f?format=json" "tx76070192652b4444afd22-0069ba6210" "proxy-server 12" 0.0005 "-" 20 -
Mar 18 08:28:00 standalone account-server[114680]: 172.20.0.31 - - [18/Mar/2026:08:28:00 +0000] "HEAD /d1/285/AUTH_cd6f34dad0d744aeb58294b32fea3084" 404 - "HEAD http://swift-internal.openstack.svc:8080/v1/AUTH_cd6f34dad0d744aeb58294b32fea3084?format=json" "tx0891c26f25824ac9a9a37-0069ba6210" "proxy-server 12" 0.0003 "-" 22 -
Mar 18 08:28:02 standalone account-server[114680]: 172.20.0.31 - - [18/Mar/2026:08:28:02 +0000] "GET /d1/932/AUTH_108935e9d4c740d38a7364c44e3e440d" 404 - "GET http://swift-internal.openstack.svc:8080/v1/AUTH_108935e9d4c740d38a7364c44e3e440d?format=json" "txc94052558ee74231b00a1-0069ba6212" "proxy-server 16" 0.0003 "-" 22 -
Mar 18 08:28:02 standalone account-server[114687]: 172.20.0.31 - - [18/Mar/2026:08:28:02 +0000] "GET /d1/626/AUTH_bfe9e349abe44a48bf224951354ad8f6" 200 98 "GET http://swift-internal.openstack.svc:8080/v1/AUTH_bfe9e349abe44a48bf224951354ad8f6?format=json" "txba67d47d32c34737bddbc-0069ba6212" "proxy-server 12" 0.0029 "-" 23 -
Mar 18 08:28:02 standalone account-server[114687]: 172.20.0.31 - - [18/Mar/2026:08:28:02 +0000] "GET /d1/147/AUTH_cc66d4271b11472a9723ea3ce233135f" 404 - "GET http://swift-internal.openstack.svc:8080/v1/AUTH_cc66d4271b11472a9723ea3ce233135f?format=json" "txccb79b2a28cc4d769f82a-0069ba6212" "proxy-server 5" 0.0005 "-" 23 -
Mar 18 08:28:02 standalone account-server[114680]: 172.20.0.31 - - [18/Mar/2026:08:28:02 +0000] "GET /d1/285/AUTH_cd6f34dad0d744aeb58294b32fea3084" 404 - "GET http://swift-internal.openstack.svc:8080/v1/AUTH_cd6f34dad0d744aeb58294b32fea3084?format=json" "tx00e1b500b0074f9fbc82f-0069ba6212" "proxy-server 16" 0.0003 "-" 22 -
Mar 18 08:28:29 standalone object-server[114770]: Begin object update sweep
Mar 18 08:28:29 standalone object-server[289213]: Object update sweep starting on /srv/node/d1 (pid: 19)
Mar 18 08:28:29 standalone object-server[289213]: Object update sweep completed on /srv/node/d1 in 0.00s seconds:, 0 successes, 0 failures, 0 quarantines, 0 unlinks, 0 errors, 0 redirects (pid: 19)
Mar 18 08:28:29 standalone object-server[289213]: Object update sweep of d1 completed: 0.00s, 0 successes, 0 failures, 0 quarantines, 0 unlinks, 0 errors, 0 redirects
Mar 18 08:28:29 standalone object-server[114770]: Object update sweep completed: 0.07s
Mar 18 08:29:56 standalone account-server[114680]: 172.20.0.100 - - [18/Mar/2026:08:29:56 +0000] "HEAD /d1/482/.expiring_objects" 404 - "HEAD http://localhost/v1/.expiring_objects?format=json" "txd814569070cb4cf893084-0069ba6284" "proxy-server 2" 0.0006 "-" 22 -
Mar 18 08:29:56 standalone object-expirer[114870]: Pass completed in 0s; 0 objects expired (txn: txd814569070cb4cf893084-0069ba6284)
Mar 18 08:30:10 standalone container-server[114455]: Begin container update sweep
Mar 18 08:30:10 standalone container-server[114455]: Container update sweep completed: 0.07s
Mar 18 08:30:29 standalone account-server[114677]: 172.20.0.100 - - [18/Mar/2026:08:30:29 +0000] "HEAD /d1/482/.expiring_objects" 404 - "HEAD http://localhost/v1/.expiring_objects?format=json" "txdaeefdce0fbd435792c35-0069ba62a5" "proxy-server 2" 0.0006 "-" 20 -
Mar 18 08:30:29 standalone object-expirer[114870]: Pass completed in 0s; 0 objects expired (txn: txdaeefdce0fbd435792c35-0069ba62a5)
Mar 18 08:30:41 standalone account-server[114680]: 172.20.0.100 - - [18/Mar/2026:08:30:41 +0000] "HEAD /d1/482/.expiring_objects" 404 - "HEAD http://localhost/v1/.expiring_objects?format=json" "tx238ef652b416499a93450-0069ba62b1" "proxy-server 2" 0.0006 "-" 22 -
Mar 18 08:30:41 standalone object-expirer[114870]: Pass completed in 0s; 0 objects expired (txn: tx238ef652b416499a93450-0069ba62b1)
Mar 18 08:32:59 standalone account-server[114679]: 172.20.0.31 - - [18/Mar/2026:08:32:59 +0000] "HEAD /d1/932/AUTH_108935e9d4c740d38a7364c44e3e440d" 404 - "HEAD http://swift-internal.openstack.svc:8080/v1/AUTH_108935e9d4c740d38a7364c44e3e440d?format=json" "tx2d98ac12be354216856fd-0069ba633b" "proxy-server 10" 0.0006 "-" 21 -
Mar 18 08:32:59 standalone account-server[114677]: 172.20.0.31 - - [18/Mar/2026:08:32:59 +0000] "GET /d1/932/AUTH_108935e9d4c740d38a7364c44e3e440d" 404 - "GET http://swift-internal.openstack.svc:8080/v1/AUTH_108935e9d4c740d38a7364c44e3e440d?format=json" "tx2d98ac12be354216856fd-0069ba633b" "proxy-server 10" 0.0003 "-" 20 -
Mar 18 08:32:59 standalone account-server[114677]: 172.20.0.31 - - [18/Mar/2026:08:32:59 +0000] "HEAD /d1/626/AUTH_bfe9e349abe44a48bf224951354ad8f6" 204 - "HEAD http://swift-internal.openstack.svc:8080/v1/AUTH_bfe9e349abe44a48bf224951354ad8f6?format=json" "tx3b80fa29ecfd4d3086c5c-0069ba633b" "proxy-server 10" 0.0016 "-" 20 -
Mar 18 08:32:59 standalone account-server[114677]: 172.20.0.31 - - [18/Mar/2026:08:32:59 +0000] "GET /d1/626/AUTH_bfe9e349abe44a48bf224951354ad8f6" 200 98 "GET http://swift-internal.openstack.svc:8080/v1/AUTH_bfe9e349abe44a48bf224951354ad8f6?format=json" "tx3b80fa29ecfd4d3086c5c-0069ba633b" "proxy-server 10" 0.0015 "-" 20 -
Mar 18 08:32:59 standalone account-server[114680]: 172.20.0.31 - - [18/Mar/2026:08:32:59 +0000] "HEAD /d1/147/AUTH_cc66d4271b11472a9723ea3ce233135f" 404 - "HEAD http://swift-internal.openstack.svc:8080/v1/AUTH_cc66d4271b11472a9723ea3ce233135f?format=json" "tx45935e0de38b4f5b8a828-0069ba633b" "proxy-server 5" 0.0004 "-" 22 -
Mar 18 08:32:59 standalone account-server[114680]: 172.20.0.31 - - [18/Mar/2026:08:32:59 +0000] "GET /d1/147/AUTH_cc66d4271b11472a9723ea3ce233135f" 404 - "GET http://swift-internal.openstack.svc:8080/v1/AUTH_cc66d4271b11472a9723ea3ce233135f?format=json" "tx45935e0de38b4f5b8a828-0069ba633b" "proxy-server 5" 0.0005 "-" 22 -
Mar 18 08:32:59 standalone account-server[114680]: 172.20.0.31 - - [18/Mar/2026:08:32:59 +0000] "HEAD /d1/285/AUTH_cd6f34dad0d744aeb58294b32fea3084" 404 - "HEAD http://swift-internal.openstack.svc:8080/v1/AUTH_cd6f34dad0d744aeb58294b32fea3084?format=json" "tx59fbaa354d0544cab8525-0069ba633b" "proxy-server 6" 0.0003 "-" 22 -
Mar 18 08:33:00 standalone account-server[114687]: 172.20.0.31 - - [18/Mar/2026:08:33:00 +0000] "GET /d1/285/AUTH_cd6f34dad0d744aeb58294b32fea3084" 404 - "GET http://swift-internal.openstack.svc:8080/v1/AUTH_cd6f34dad0d744aeb58294b32fea3084?format=json" "tx59fbaa354d0544cab8525-0069ba633b" "proxy-server 6" 0.0005 "-" 23 -
Mar 18 08:33:00 standalone account-server[114680]: 172.20.0.31 - - [18/Mar/2026:08:33:00 +0000] "HEAD /d1/932/AUTH_108935e9d4c740d38a7364c44e3e440d" 404 - "HEAD http://swift-internal.openstack.svc:8080/v1/AUTH_108935e9d4c740d38a7364c44e3e440d?format=json" "txb0a4f3f4d04943b1b8c93-0069ba633c" "proxy-server 5" 0.0003 "-" 22 -
Mar 18 08:33:00 standalone account-server[114677]: 172.20.0.31 - - [18/Mar/2026:08:33:00 +0000] "HEAD /d1/626/AUTH_bfe9e349abe44a48bf224951354ad8f6" 204 - "HEAD http://swift-internal.openstack.svc:8080/v1/AUTH_bfe9e349abe44a48bf224951354ad8f6?format=json" "txe4a25c57b7b64ec6904a0-0069ba633c" "proxy-server 6" 0.0024 "-" 20 -
Mar 18 08:33:00 standalone account-server[114677]: 172.20.0.31 - - [18/Mar/2026:08:33:00 +0000] "HEAD /d1/147/AUTH_cc66d4271b11472a9723ea3ce233135f" 404 - "HEAD http://swift-internal.openstack.svc:8080/v1/AUTH_cc66d4271b11472a9723ea3ce233135f?format=json" "tx953d131581f94324a64cd-0069ba633c" "proxy-server 6" 0.0005 "-" 20 -
Mar 18 08:33:00 standalone account-server[114687]: 172.20.0.31 - - [18/Mar/2026:08:33:00 +0000] "HEAD /d1/285/AUTH_cd6f34dad0d744aeb58294b32fea3084" 404 - "HEAD http://swift-internal.openstack.svc:8080/v1/AUTH_cd6f34dad0d744aeb58294b32fea3084?format=json" "tx1162de9ef6334c739bb5f-0069ba633c" "proxy-server 6" 0.0003 "-" 23 -
Mar 18 08:33:29 standalone object-server[114770]: Begin object update sweep
Mar 18 08:33:29 standalone object-server[298739]: Object update sweep starting on /srv/node/d1 (pid: 20)
Mar 18 08:33:29 standalone object-server[298739]: Object update sweep completed on /srv/node/d1 in 0.00s seconds:, 0 successes, 0 failures, 0 quarantines, 0 unlinks, 0 errors, 0 redirects (pid: 20)
Mar 18 08:33:29 standalone object-server[298739]: Object update sweep of d1 completed: 0.00s, 0 successes, 0 failures, 0 quarantines, 0 unlinks, 0 errors, 0 redirects
Mar 18 08:33:29 standalone object-server[114770]: Object update sweep completed: 0.08s
Mar 18 08:34:50 standalone account-server[114687]: 172.20.0.100 - - [18/Mar/2026:08:34:50 +0000] "HEAD /d1/482/.expiring_objects" 404 - "HEAD http://localhost/v1/.expiring_objects?format=json" "tx56ed52b8e5bd4680975ea-0069ba63aa" "proxy-server 2" 0.0004 "-" 23 -
Mar 18 08:34:50 standalone object-expirer[114870]: Pass completed in 0s; 0 objects expired (txn: tx56ed52b8e5bd4680975ea-0069ba63aa)
Mar 18 08:35:10 standalone container-server[114455]: Begin container update sweep
Mar 18 08:35:10 standalone container-server[114455]: Container update sweep completed: 0.11s
Mar 18 08:35:35 standalone account-server[114679]: 172.20.0.100 - - [18/Mar/2026:08:35:35 +0000] "HEAD /d1/482/.expiring_objects" 404 - "HEAD http://localhost/v1/.expiring_objects?format=json" "txacc1f037926e4970940c3-0069ba63d7" "proxy-server 2" 0.0003 "-" 21 -
Mar 18 08:35:35 standalone object-expirer[114870]: Pass completed in 0s; 0 objects expired (txn: txacc1f037926e4970940c3-0069ba63d7)
Mar 18 08:37:07 standalone proxy-server[116544]: SIGTERM received (2)
Mar 18 08:37:07 standalone proxy-server[116544]: Exited (2)
Mar 18 08:37:59 standalone account-server[114680]: 172.20.0.31 - - [18/Mar/2026:08:37:59 +0000] "HEAD /d1/932/AUTH_108935e9d4c740d38a7364c44e3e440d" 404 - "HEAD http://swift-internal.openstack.svc:8080/v1/AUTH_108935e9d4c740d38a7364c44e3e440d?format=json" "tx14e8aa4d74874d9d89000-0069ba6467" "proxy-server 5" 0.0007 "-" 22 -
Mar 18 08:37:59 standalone account-server[114680]: 172.20.0.31 - - [18/Mar/2026:08:37:59 +0000] "GET /d1/932/AUTH_108935e9d4c740d38a7364c44e3e440d" 404 - "GET http://swift-internal.openstack.svc:8080/v1/AUTH_108935e9d4c740d38a7364c44e3e440d?format=json" "tx14e8aa4d74874d9d89000-0069ba6467" "proxy-server 5" 0.0004 "-" 22 -
Mar 18 08:37:59 standalone account-server[114677]: 172.20.0.31 - - [18/Mar/2026:08:37:59 +0000] "HEAD /d1/626/AUTH_bfe9e349abe44a48bf224951354ad8f6" 204 - "HEAD http://swift-internal.openstack.svc:8080/v1/AUTH_bfe9e349abe44a48bf224951354ad8f6?format=json" "txd762d8a9b0124ce494db7-0069ba6467" "proxy-server 10" 0.0025 "-" 20 -
Mar 18 08:37:59 standalone account-server[114687]: 172.20.0.31 - - [18/Mar/2026:08:37:59 +0000] "GET /d1/626/AUTH_bfe9e349abe44a48bf224951354ad8f6" 200 98 "GET http://swift-internal.openstack.svc:8080/v1/AUTH_bfe9e349abe44a48bf224951354ad8f6?format=json" "txd762d8a9b0124ce494db7-0069ba6467" "proxy-server 10" 0.0030 "-" 23 -
