Mar 18 08:37:59 standalone account-server[114687]: 172.20.0.31 - - [18/Mar/2026:08:37:59 +0000] "HEAD /d1/147/AUTH_cc66d4271b11472a9723ea3ce233135f" 404 - "HEAD http://swift-internal.openstack.svc:8080/v1/AUTH_cc66d4271b11472a9723ea3ce233135f?format=json" "tx8eb9b3932a3d4196bd59d-0069ba6467" "proxy-server 10" 0.0004 "-" 23 -
Mar 18 08:37:59 standalone account-server[114680]: 172.20.0.31 - - [18/Mar/2026:08:37:59 +0000] "GET /d1/147/AUTH_cc66d4271b11472a9723ea3ce233135f" 404 - "GET http://swift-internal.openstack.svc:8080/v1/AUTH_cc66d4271b11472a9723ea3ce233135f?format=json" "tx8eb9b3932a3d4196bd59d-0069ba6467" "proxy-server 10" 0.0004 "-" 22 -
Mar 18 08:37:59 standalone account-server[114680]: 172.20.0.31 - - [18/Mar/2026:08:37:59 +0000] "HEAD /d1/285/AUTH_cd6f34dad0d744aeb58294b32fea3084" 404 - "HEAD http://swift-internal.openstack.svc:8080/v1/AUTH_cd6f34dad0d744aeb58294b32fea3084?format=json" "tx796e8b233c854a589975c-0069ba6467" "proxy-server 5" 0.0004 "-" 22 -
Mar 18 08:37:59 standalone account-server[114680]: 172.20.0.31 - - [18/Mar/2026:08:37:59 +0000] "GET /d1/285/AUTH_cd6f34dad0d744aeb58294b32fea3084" 404 - "GET http://swift-internal.openstack.svc:8080/v1/AUTH_cd6f34dad0d744aeb58294b32fea3084?format=json" "tx796e8b233c854a589975c-0069ba6467" "proxy-server 5" 0.0003 "-" 22 -
Mar 18 08:38:01 standalone account-server[114679]: 172.20.0.31 - - [18/Mar/2026:08:38:01 +0000] "HEAD /d1/932/AUTH_108935e9d4c740d38a7364c44e3e440d" 404 - "HEAD http://swift-internal.openstack.svc:8080/v1/AUTH_108935e9d4c740d38a7364c44e3e440d?format=json" "tx4f626ccf552a4b278c258-0069ba6468" "proxy-server 9" 0.0003 "-" 21 -
Mar 18 08:38:01 standalone account-server[114680]: 172.20.0.31 - - [18/Mar/2026:08:38:01 +0000] "HEAD /d1/626/AUTH_bfe9e349abe44a48bf224951354ad8f6" 204 - "HEAD http://swift-internal.openstack.svc:8080/v1/AUTH_bfe9e349abe44a48bf224951354ad8f6?format=json" "txb8c6577ce7c143caad36d-0069ba6469" "proxy-server 9" 0.0012 "-" 22 -
Mar 18 08:38:01 standalone account-server[114677]: 172.20.0.31 - - [18/Mar/2026:08:38:01 +0000] "HEAD /d1/147/AUTH_cc66d4271b11472a9723ea3ce233135f" 404 - "HEAD http://swift-internal.openstack.svc:8080/v1/AUTH_cc66d4271b11472a9723ea3ce233135f?format=json" "tx92c9f983af0f4f559f715-0069ba6469" "proxy-server 9" 0.0002 "-" 20 -
Mar 18 08:38:01 standalone account-server[114677]: 172.20.0.31 - - [18/Mar/2026:08:38:01 +0000] "HEAD /d1/285/AUTH_cd6f34dad0d744aeb58294b32fea3084" 404 - "HEAD http://swift-internal.openstack.svc:8080/v1/AUTH_cd6f34dad0d744aeb58294b32fea3084?format=json" "txdec05fd69a4a47a58e90f-0069ba6469" "proxy-server 9" 0.0002 "-" 20 -
Mar 18 08:38:29 standalone object-server[114770]: Begin object update sweep
Mar 18 08:38:29 standalone object-server[315243]: Object update sweep starting on /srv/node/d1 (pid: 21)
Mar 18 08:38:29 standalone object-server[315243]: Object update sweep completed on /srv/node/d1 in 0.00s seconds:, 0 successes, 0 failures, 0 quarantines, 0 unlinks, 0 errors, 0 redirects (pid: 21)
Mar 18 08:38:29 standalone object-server[315243]: Object update sweep of d1 completed: 0.00s, 0 successes, 0 failures, 0 quarantines, 0 unlinks, 0 errors, 0 redirects
Mar 18 08:38:29 standalone object-server[114770]: Object update sweep completed: 0.05s
Mar 18 08:38:35 standalone account-server[114679]: 172.20.0.100 - - [18/Mar/2026:08:38:35 +0000] "HEAD /d1/482/.expiring_objects" 404 - "HEAD http://localhost/v1/.expiring_objects?format=json" "tx885354d6d30a46759b6b2-0069ba648b" "proxy-server 2" 0.0008 "-" 21 -
Mar 18 08:38:35 standalone object-expirer[114870]: Pass completed in 0s; 0 objects expired (txn: tx885354d6d30a46759b6b2-0069ba648b)
Mar 18 08:40:10 standalone container-server[114455]: Begin container update sweep
Mar 18 08:40:10 standalone container-server[114455]: Container update sweep completed: 0.07s
Mar 18 08:41:57 standalone account-server[114679]: 172.20.0.100 - - [18/Mar/2026:08:41:57 +0000] "HEAD /d1/482/.expiring_objects" 404 - "HEAD http://localhost/v1/.expiring_objects?format=json" "txc2f571e367a34081b5259-0069ba6555" "proxy-server 2" 0.0009 "-" 21 -
Mar 18 08:41:57 standalone object-expirer[114870]: Pass completed in 0s; 0 objects expired (txn: txc2f571e367a34081b5259-0069ba6555)
Mar 18 08:42:58 standalone account-server[114677]: 172.20.0.31 - - [18/Mar/2026:08:42:58 +0000] "HEAD /d1/932/AUTH_108935e9d4c740d38a7364c44e3e440d" 404 - "HEAD http://swift-internal.openstack.svc:8080/v1/AUTH_108935e9d4c740d38a7364c44e3e440d?format=json" "tx1c40bcf1eb014b0f86779-0069ba6592" "proxy-server 10" 0.0008 "-" 20 -
Mar 18 08:42:58 standalone account-server[114680]: 172.20.0.31 - - [18/Mar/2026:08:42:58 +0000] "HEAD /d1/932/AUTH_108935e9d4c740d38a7364c44e3e440d" 404 - "HEAD http://swift-internal.openstack.svc:8080/v1/AUTH_108935e9d4c740d38a7364c44e3e440d?format=json" "tx1c40bcf1eb014b0f86779-0069ba6592" "proxy-server 10" 0.0006 "-" 22 -
Mar 18 08:42:58 standalone account-server[114680]: 172.20.0.31 - - [18/Mar/2026:08:42:58 +0000] "HEAD /d1/626/AUTH_bfe9e349abe44a48bf224951354ad8f6" 204 - "HEAD http://swift-internal.openstack.svc:8080/v1/AUTH_bfe9e349abe44a48bf224951354ad8f6?format=json" "tx0db13c3cfe9c48d7996ec-0069ba6592" "proxy-server 5" 0.0028 "-" 22 -
Mar 18 08:42:58 standalone account-server[114679]: 172.20.0.31 - - [18/Mar/2026:08:42:58 +0000] "HEAD /d1/626/AUTH_bfe9e349abe44a48bf224951354ad8f6" 204 - "HEAD http://swift-internal.openstack.svc:8080/v1/AUTH_bfe9e349abe44a48bf224951354ad8f6?format=json" "tx0db13c3cfe9c48d7996ec-0069ba6592" "proxy-server 5" 0.0022 "-" 21 -
Mar 18 08:42:58 standalone account-server[114680]: 172.20.0.31 - - [18/Mar/2026:08:42:58 +0000] "HEAD /d1/147/AUTH_cc66d4271b11472a9723ea3ce233135f" 404 - "HEAD http://swift-internal.openstack.svc:8080/v1/AUTH_cc66d4271b11472a9723ea3ce233135f?format=json" "tx769e80be51244683b9ae9-0069ba6592" "proxy-server 5" 0.0007 "-" 22 -
Mar 18 08:42:58 standalone account-server[114679]: 172.20.0.31 - - [18/Mar/2026:08:42:58 +0000] "HEAD /d1/147/AUTH_cc66d4271b11472a9723ea3ce233135f" 404 - "HEAD http://swift-internal.openstack.svc:8080/v1/AUTH_cc66d4271b11472a9723ea3ce233135f?format=json" "tx769e80be51244683b9ae9-0069ba6592" "proxy-server 5" 0.0004 "-" 21 -
Mar 18 08:42:58 standalone account-server[114677]: 172.20.0.31 - - [18/Mar/2026:08:42:58 +0000] "HEAD /d1/285/AUTH_cd6f34dad0d744aeb58294b32fea3084" 404 - "HEAD http://swift-internal.openstack.svc:8080/v1/AUTH_cd6f34dad0d744aeb58294b32fea3084?format=json" "tx87da30f962e74f5f947b1-0069ba6592" "proxy-server 5" 0.0004 "-" 20 -
Mar 18 08:42:58 standalone account-server[114677]: 172.20.0.31 - - [18/Mar/2026:08:42:58 +0000] "HEAD /d1/285/AUTH_cd6f34dad0d744aeb58294b32fea3084" 404 - "HEAD http://swift-internal.openstack.svc:8080/v1/AUTH_cd6f34dad0d744aeb58294b32fea3084?format=json" "tx87da30f962e74f5f947b1-0069ba6592" "proxy-server 5" 0.0006 "-" 20 -
Mar 18 08:42:59 standalone account-server[114677]: 172.20.0.31 - - [18/Mar/2026:08:42:59 +0000] "GET /d1/932/AUTH_108935e9d4c740d38a7364c44e3e440d" 404 - "GET http://swift-internal.openstack.svc:8080/v1/AUTH_108935e9d4c740d38a7364c44e3e440d?format=json" "tx07fefc1f753e46c1ab612-0069ba6592" "proxy-server 16" 0.0005 "-" 20 -
Mar 18 08:42:59 standalone account-server[114687]: 172.20.0.31 - - [18/Mar/2026:08:42:59 +0000] "GET /d1/626/AUTH_bfe9e349abe44a48bf224951354ad8f6" 200 98 "GET http://swift-internal.openstack.svc:8080/v1/AUTH_bfe9e349abe44a48bf224951354ad8f6?format=json" "tx9a358ad82d1c4a7480990-0069ba6593" "proxy-server 10" 0.0032 "-" 23 -
Mar 18 08:42:59 standalone account-server[114677]: 172.20.0.31 - - [18/Mar/2026:08:42:59 +0000] "GET /d1/147/AUTH_cc66d4271b11472a9723ea3ce233135f" 404 - "GET http://swift-internal.openstack.svc:8080/v1/AUTH_cc66d4271b11472a9723ea3ce233135f?format=json" "tx8437c33aeb714e1281a1e-0069ba6593" "proxy-server 10" 0.0004 "-" 20 -
Mar 18 08:42:59 standalone account-server[114679]: 172.20.0.31 - - [18/Mar/2026:08:42:59 +0000] "GET /d1/285/AUTH_cd6f34dad0d744aeb58294b32fea3084" 404 - "GET http://swift-internal.openstack.svc:8080/v1/AUTH_cd6f34dad0d744aeb58294b32fea3084?format=json" "txc3524b01467947dc96230-0069ba6593" "proxy-server 10" 0.0005 "-" 21 -
Mar 18 08:43:29 standalone object-server[114770]: Begin object update sweep
Mar 18 08:43:29 standalone object-server[329589]: Object update sweep starting on /srv/node/d1 (pid: 22)
Mar 18 08:43:29 standalone object-server[329589]: Object update sweep completed on /srv/node/d1 in 0.00s seconds:, 0 successes, 0 failures, 0 quarantines, 0 unlinks, 0 errors, 0 redirects (pid: 22)
Mar 18 08:43:29 standalone object-server[329589]: Object update sweep of d1 completed: 0.00s, 0 successes, 0 failures, 0 quarantines, 0 unlinks, 0 errors, 0 redirects
Mar 18 08:43:29 standalone object-server[114770]: Object update sweep completed: 0.08s
Mar 18 08:44:38 standalone account-server[114680]: 172.20.0.100 - - [18/Mar/2026:08:44:38 +0000] "HEAD /d1/482/.expiring_objects" 404 - "HEAD http://localhost/v1/.expiring_objects?format=json" "tx276d42778c0d426ab5753-0069ba65f6" "proxy-server 2" 0.0005 "-" 22 -
Mar 18 08:44:38 standalone object-expirer[114870]: Pass completed in 0s; 0 objects expired (txn: tx276d42778c0d426ab5753-0069ba65f6)
Mar 18 08:45:10 standalone container-server[114455]: Begin container update sweep
Mar 18 08:45:10 standalone container-server[114455]: Container update sweep completed: 0.05s
Mar 18 08:45:51 standalone account-server[114680]: 172.20.0.100 - - [18/Mar/2026:08:45:51 +0000] "HEAD /d1/482/.expiring_objects" 404 - "HEAD http://localhost/v1/.expiring_objects?format=json" "tx27d014b1411c4691b5bf2-0069ba663f" "proxy-server 2" 0.0008 "-" 22 -
Mar 18 08:45:51 standalone object-expirer[114870]: Pass completed in 0s; 0 objects expired (txn: tx27d014b1411c4691b5bf2-0069ba663f)
Mar 18 08:47:58 standalone account-server[114687]: 172.20.0.31 - - [18/Mar/2026:08:47:58 +0000] "HEAD /d1/932/AUTH_108935e9d4c740d38a7364c44e3e440d" 404 - "HEAD http://swift-internal.openstack.svc:8080/v1/AUTH_108935e9d4c740d38a7364c44e3e440d?format=json" "tx6aaebac964954f66b82cf-0069ba66be" "proxy-server 8" 0.0008 "-" 23 -
Mar 18 08:47:59 standalone account-server[114680]: 172.20.0.31 - - [18/Mar/2026:08:47:59 +0000] "HEAD /d1/932/AUTH_108935e9d4c740d38a7364c44e3e440d" 404 - "HEAD http://swift-internal.openstack.svc:8080/v1/AUTH_108935e9d4c740d38a7364c44e3e440d?format=json" "tx6aaebac964954f66b82cf-0069ba66be" "proxy-server 8" 0.0006 "-" 22 -
Mar 18 08:47:59 standalone account-server[114677]: 172.20.0.31 - - [18/Mar/2026:08:47:59 +0000] "HEAD /d1/626/AUTH_bfe9e349abe44a48bf224951354ad8f6" 204 - "HEAD http://swift-internal.openstack.svc:8080/v1/AUTH_bfe9e349abe44a48bf224951354ad8f6?format=json" "txd80f200255ba4d6f90d2d-0069ba66bf" "proxy-server 8" 0.0022 "-" 20 -
Mar 18 08:47:59 standalone account-server[114679]: 172.20.0.31 - - [18/Mar/2026:08:47:59 +0000] "HEAD /d1/626/AUTH_bfe9e349abe44a48bf224951354ad8f6" 204 - "HEAD http://swift-internal.openstack.svc:8080/v1/AUTH_bfe9e349abe44a48bf224951354ad8f6?format=json" "txd80f200255ba4d6f90d2d-0069ba66bf" "proxy-server 8" 0.0023 "-" 21 -
Mar 18 08:47:59 standalone account-server[114679]: 172.20.0.31 - - [18/Mar/2026:08:47:59 +0000] "HEAD /d1/147/AUTH_cc66d4271b11472a9723ea3ce233135f" 404 - "HEAD http://swift-internal.openstack.svc:8080/v1/AUTH_cc66d4271b11472a9723ea3ce233135f?format=json" "txe71ac676acde427d84ab5-0069ba66bf" "proxy-server 8" 0.0003 "-" 21 -
Mar 18 08:47:59 standalone account-server[114679]: 172.20.0.31 - - [18/Mar/2026:08:47:59 +0000] "HEAD /d1/147/AUTH_cc66d4271b11472a9723ea3ce233135f" 404 - "HEAD http://swift-internal.openstack.svc:8080/v1/AUTH_cc66d4271b11472a9723ea3ce233135f?format=json" "txe71ac676acde427d84ab5-0069ba66bf" "proxy-server 8" 0.0003 "-" 21 -
Mar 18 08:47:59 standalone account-server[114687]: 172.20.0.31 - - [18/Mar/2026:08:47:59 +0000] "HEAD /d1/285/AUTH_cd6f34dad0d744aeb58294b32fea3084" 404 - "HEAD http://swift-internal.openstack.svc:8080/v1/AUTH_cd6f34dad0d744aeb58294b32fea3084?format=json" "txca14dde2df774d7294393-0069ba66bf" "proxy-server 8" 0.0004 "-" 23 -
Mar 18 08:47:59 standalone account-server[114677]: 172.20.0.31 - - [18/Mar/2026:08:47:59 +0000] "HEAD /d1/285/AUTH_cd6f34dad0d744aeb58294b32fea3084" 404 - "HEAD http://swift-internal.openstack.svc:8080/v1/AUTH_cd6f34dad0d744aeb58294b32fea3084?format=json" "txca14dde2df774d7294393-0069ba66bf" "proxy-server 8" 0.0004 "-" 20 -
Mar 18 08:47:59 standalone account-server[114677]: 172.20.0.31 - - [18/Mar/2026:08:47:59 +0000] "GET /d1/932/AUTH_108935e9d4c740d38a7364c44e3e440d" 404 - "GET http://swift-internal.openstack.svc:8080/v1/AUTH_108935e9d4c740d38a7364c44e3e440d?format=json" "tx538fe5ca0a254c35aa8f8-0069ba66bf" "proxy-server 10" 0.0005 "-" 20 -
Mar 18 08:47:59 standalone account-server[114680]: 172.20.0.31 - - [18/Mar/2026:08:47:59 +0000] "GET /d1/626/AUTH_bfe9e349abe44a48bf224951354ad8f6" 200 98 "GET http://swift-internal.openstack.svc:8080/v1/AUTH_bfe9e349abe44a48bf224951354ad8f6?format=json" "txa2678713cae74c618cb1f-0069ba66bf" "proxy-server 8" 0.0031 "-" 22 -
Mar 18 08:47:59 standalone account-server[114677]: 172.20.0.31 - - [18/Mar/2026:08:47:59 +0000] "GET /d1/147/AUTH_cc66d4271b11472a9723ea3ce233135f" 404 - "GET http://swift-internal.openstack.svc:8080/v1/AUTH_cc66d4271b11472a9723ea3ce233135f?format=json" "tx3585ab97043040889efa1-0069ba66bf" "proxy-server 8" 0.0005 "-" 20 -
Mar 18 08:47:59 standalone account-server[114687]: 172.20.0.31 - - [18/Mar/2026:08:47:59 +0000] "GET /d1/285/AUTH_cd6f34dad0d744aeb58294b32fea3084" 404 - "GET http://swift-internal.openstack.svc:8080/v1/AUTH_cd6f34dad0d744aeb58294b32fea3084?format=json" "tx35e727ac96384dc7a594e-0069ba66bf" "proxy-server 10" 0.0005 "-" 23 -
Mar 18 08:48:29 standalone object-server[114770]: Begin object update sweep
Mar 18 08:48:29 standalone object-server[348006]: Object update sweep starting on /srv/node/d1 (pid: 23)
Mar 18 08:48:29 standalone object-server[348006]: Object update sweep completed on /srv/node/d1 in 0.00s seconds:, 0 successes, 0 failures, 0 quarantines, 0 unlinks, 0 errors, 0 redirects (pid: 23)
Mar 18 08:48:29 standalone object-server[348006]: Object update sweep of d1 completed: 0.00s, 0 successes, 0 failures, 0 quarantines, 0 unlinks, 0 errors, 0 redirects
Mar 18 08:48:29 standalone object-server[114770]: Object update sweep completed: 0.07s
Mar 18 08:49:04 standalone account-server[114677]: 172.20.0.100 - - [18/Mar/2026:08:49:04 +0000] "HEAD /d1/482/.expiring_objects" 404 - "HEAD http://localhost/v1/.expiring_objects?format=json" "tx9efdfa31970941939e7da-0069ba6700" "proxy-server 2" 0.0005 "-" 20 -
Mar 18 08:49:04 standalone object-expirer[114870]: Pass completed in 0s; 0 objects expired (txn: tx9efdfa31970941939e7da-0069ba6700)
Mar 18 08:50:11 standalone container-server[114455]: Begin container update sweep
Mar 18 08:50:11 standalone container-server[114455]: Container update sweep completed: 0.08s
Mar 18 08:52:56 standalone account-server[114679]: 172.20.0.100 - - [18/Mar/2026:08:52:56 +0000] "HEAD /d1/482/.expiring_objects" 404 - "HEAD http://localhost/v1/.expiring_objects?format=json" "txa732cd292a464a569b205-0069ba67e8" "proxy-server 2" 0.0007 "-" 21 -
Mar 18 08:52:56 standalone object-expirer[114870]: Pass completed in 0s; 0 objects expired (txn: txa732cd292a464a569b205-0069ba67e8)
Mar 18 08:52:59 standalone account-server[114680]: 172.20.0.31 - - [18/Mar/2026:08:52:59 +0000] "HEAD /d1/932/AUTH_108935e9d4c740d38a7364c44e3e440d" 404 - "HEAD http://swift-internal.openstack.svc:8080/v1/AUTH_108935e9d4c740d38a7364c44e3e440d?format=json" "txa5a681e035c341c7ad7ab-0069ba67eb" "proxy-server 11" 0.0006 "-" 22 -
Mar 18 08:53:00 standalone account-server[114687]: 172.20.0.31 - - [18/Mar/2026:08:53:00 +0000] "GET /d1/932/AUTH_108935e9d4c740d38a7364c44e3e440d" 404 - "GET http://swift-internal.openstack.svc:8080/v1/AUTH_108935e9d4c740d38a7364c44e3e440d?format=json" "txa5a681e035c341c7ad7ab-0069ba67eb" "proxy-server 11" 0.0004 "-" 23 -
Mar 18 08:53:00 standalone account-server[114677]: 172.20.0.31 - - [18/Mar/2026:08:53:00 +0000] "HEAD /d1/626/AUTH_bfe9e349abe44a48bf224951354ad8f6" 204 - "HEAD http://swift-internal.openstack.svc:8080/v1/AUTH_bfe9e349abe44a48bf224951354ad8f6?format=json" "tx57d8dd9e37024efd8c6ce-0069ba67ec" "proxy-server 11" 0.0021 "-" 20 -
Mar 18 08:53:00 standalone account-server[114687]: 172.20.0.31 - - [18/Mar/2026:08:53:00 +0000] "GET /d1/626/AUTH_bfe9e349abe44a48bf224951354ad8f6" 200 98 "GET http://swift-internal.openstack.svc:8080/v1/AUTH_bfe9e349abe44a48bf224951354ad8f6?format=json" "tx57d8dd9e37024efd8c6ce-0069ba67ec" "proxy-server 11" 0.0041 "-" 23 -
Mar 18 08:53:00 standalone account-server[114680]: 172.20.0.31 - - [18/Mar/2026:08:53:00 +0000] "HEAD /d1/147/AUTH_cc66d4271b11472a9723ea3ce233135f" 404 - "HEAD http://swift-internal.openstack.svc:8080/v1/AUTH_cc66d4271b11472a9723ea3ce233135f?format=json" "txadc68f4374ea4521a3ac7-0069ba67ec" "proxy-server 11" 0.0006 "-" 22 -
Mar 18 08:53:00 standalone account-server[114679]: 172.20.0.31 - - [18/Mar/2026:08:53:00 +0000] "GET /d1/147/AUTH_cc66d4271b11472a9723ea3ce233135f" 404 - "GET http://swift-internal.openstack.svc:8080/v1/AUTH_cc66d4271b11472a9723ea3ce233135f?format=json" "txadc68f4374ea4521a3ac7-0069ba67ec" "proxy-server 11" 0.0004 "-" 21 -
Mar 18 08:53:00 standalone account-server[114677]: 172.20.0.31 - - [18/Mar/2026:08:53:00 +0000] "HEAD /d1/285/AUTH_cd6f34dad0d744aeb58294b32fea3084" 404 - "HEAD http://swift-internal.openstack.svc:8080/v1/AUTH_cd6f34dad0d744aeb58294b32fea3084?format=json" "txc7316b8ce6754d70a8d61-0069ba67ec" "proxy-server 11" 0.0004 "-" 20 -
Mar 18 08:53:00 standalone account-server[114687]: 172.20.0.31 - - [18/Mar/2026:08:53:00 +0000] "GET /d1/285/AUTH_cd6f34dad0d744aeb58294b32fea3084" 404 - "GET http://swift-internal.openstack.svc:8080/v1/AUTH_cd6f34dad0d744aeb58294b32fea3084?format=json" "txc7316b8ce6754d70a8d61-0069ba67ec" "proxy-server 11" 0.0006 "-" 23 -
Mar 18 08:53:00 standalone account-server[114679]: 172.20.0.31 - - [18/Mar/2026:08:53:00 +0000] "HEAD /d1/932/AUTH_108935e9d4c740d38a7364c44e3e440d" 404 - "HEAD http://swift-internal.openstack.svc:8080/v1/AUTH_108935e9d4c740d38a7364c44e3e440d?format=json" "tx9610cbf574e8441db233d-0069ba67ec" "proxy-server 11" 0.0004 "-" 21 -
Mar 18 08:53:00 standalone account-server[114687]: 172.20.0.31 - - [18/Mar/2026:08:53:00 +0000] "HEAD /d1/626/AUTH_bfe9e349abe44a48bf224951354ad8f6" 204 - "HEAD http://swift-internal.openstack.svc:8080/v1/AUTH_bfe9e349abe44a48bf224951354ad8f6?format=json" "txfd2567b4e5254923a772b-0069ba67ec" "proxy-server 11" 0.0026 "-" 23 -
Mar 18 08:53:01 standalone account-server[114679]: 172.20.0.31 - - [18/Mar/2026:08:53:01 +0000] "HEAD /d1/147/AUTH_cc66d4271b11472a9723ea3ce233135f" 404 - "HEAD http://swift-internal.openstack.svc:8080/v1/AUTH_cc66d4271b11472a9723ea3ce233135f?format=json" "tx0667d63cabaf45f0ab131-0069ba67ec" "proxy-server 7" 0.0005 "-" 21 -
Mar 18 08:53:01 standalone account-server[114679]: 172.20.0.31 - - [18/Mar/2026:08:53:01 +0000] "HEAD /d1/285/AUTH_cd6f34dad0d744aeb58294b32fea3084" 404 - "HEAD http://swift-internal.openstack.svc:8080/v1/AUTH_cd6f34dad0d744aeb58294b32fea3084?format=json" "tx83a2cb3a3bc54758adf48-0069ba67ed" "proxy-server 7" 0.0003 "-" 21 -
Mar 18 08:53:29 standalone object-server[114770]: Begin object update sweep
Mar 18 08:53:29 standalone object-server[372441]: Object update sweep starting on /srv/node/d1 (pid: 24)
Mar 18 08:53:29 standalone object-server[372441]: Object update sweep completed on /srv/node/d1 in 0.00s seconds:, 0 successes, 0 failures, 0 quarantines, 0 unlinks, 0 errors, 0 redirects (pid: 24)
Mar 18 08:53:29 standalone object-server[372441]: Object update sweep of d1 completed: 0.00s, 0 successes, 0 failures, 0 quarantines, 0 unlinks, 0 errors, 0 redirects
Mar 18 08:53:29 standalone object-server[114770]: Object update sweep completed: 0.08s
Mar 18 08:55:11 standalone container-server[114455]: Begin container update sweep
Mar 18 08:55:11 standalone container-server[114455]: Container update sweep completed: 0.05s
Mar 18 08:56:16 standalone account-server[114677]: 172.20.0.100 - - [18/Mar/2026:08:56:16 +0000] "HEAD /d1/482/.expiring_objects" 404 - "HEAD http://localhost/v1/.expiring_objects?format=json" "tx2975a98efc9348cfbb8a7-0069ba68b0" "proxy-server 2" 0.0005 "-" 20 -
Mar 18 08:56:16 standalone object-expirer[114870]: Pass completed in 0s; 0 objects expired (txn: tx2975a98efc9348cfbb8a7-0069ba68b0)
Mar 18 08:57:58 standalone account-server[114687]: 172.20.0.31 - - [18/Mar/2026:08:57:58 +0000] "HEAD /d1/932/AUTH_108935e9d4c740d38a7364c44e3e440d" 404 - "HEAD http://swift-internal.openstack.svc:8080/v1/AUTH_108935e9d4c740d38a7364c44e3e440d?format=json" "txdff5f21724874d02b8465-0069ba6916" "proxy-server 10" 0.0009 "-" 23 -
Mar 18 08:57:58 standalone account-server[114680]: 172.20.0.31 - - [18/Mar/2026:08:57:58 +0000] "HEAD /d1/932/AUTH_108935e9d4c740d38a7364c44e3e440d" 404 - "HEAD http://swift-internal.openstack.svc:8080/v1/AUTH_108935e9d4c740d38a7364c44e3e440d?format=json" "txdff5f21724874d02b8465-0069ba6916" "proxy-server 10" 0.0006 "-" 22 -
Mar 18 08:57:58 standalone account-server[114677]: 172.20.0.31 - - [18/Mar/2026:08:57:58 +0000] "HEAD /d1/626/AUTH_bfe9e349abe44a48bf224951354ad8f6" 204 - "HEAD http://swift-internal.openstack.svc:8080/v1/AUTH_bfe9e349abe44a48bf224951354ad8f6?format=json" "tx73c0eba91e894744beac9-0069ba6916" "proxy-server 10" 0.0024 "-" 20 -
Mar 18 08:57:58 standalone account-server[114677]: 172.20.0.31 - - [18/Mar/2026:08:57:58 +0000] "HEAD /d1/626/AUTH_bfe9e349abe44a48bf224951354ad8f6" 204 - "HEAD http://swift-internal.openstack.svc:8080/v1/AUTH_bfe9e349abe44a48bf224951354ad8f6?format=json" "tx73c0eba91e894744beac9-0069ba6916" "proxy-server 10" 0.0019 "-" 20 -
Mar 18 08:57:58 standalone account-server[114679]: 172.20.0.31 - - [18/Mar/2026:08:57:58 +0000] "HEAD /d1/147/AUTH_cc66d4271b11472a9723ea3ce233135f" 404 - "HEAD http://swift-internal.openstack.svc:8080/v1/AUTH_cc66d4271b11472a9723ea3ce233135f?format=json" "txa4c7f188f352449b96298-0069ba6916" "proxy-server 10" 0.0005 "-" 21 -
Mar 18 08:57:58 standalone account-server[114687]: 172.20.0.31 - - [18/Mar/2026:08:57:58 +0000] "HEAD /d1/147/AUTH_cc66d4271b11472a9723ea3ce233135f" 404 - "HEAD http://swift-internal.openstack.svc:8080/v1/AUTH_cc66d4271b11472a9723ea3ce233135f?format=json" "txa4c7f188f352449b96298-0069ba6916" "proxy-server 10" 0.0004 "-" 23 -
Mar 18 08:57:58 standalone account-server[114679]: 172.20.0.31 - - [18/Mar/2026:08:57:58 +0000] "HEAD /d1/285/AUTH_cd6f34dad0d744aeb58294b32fea3084" 404 - "HEAD http://swift-internal.openstack.svc:8080/v1/AUTH_cd6f34dad0d744aeb58294b32fea3084?format=json" "txff436f1d88b74e408c987-0069ba6916" "proxy-server 12" 0.0004 "-" 21 -
Mar 18 08:57:58 standalone account-server[114687]: 172.20.0.31 - - [18/Mar/2026:08:57:58 +0000] "HEAD /d1/285/AUTH_cd6f34dad0d744aeb58294b32fea3084" 404 - "HEAD http://swift-internal.openstack.svc:8080/v1/AUTH_cd6f34dad0d744aeb58294b32fea3084?format=json" "txff436f1d88b74e408c987-0069ba6916" "proxy-server 12" 0.0005 "-" 23 -
Mar 18 08:57:59 standalone account-server[114679]: 172.20.0.31 - - [18/Mar/2026:08:57:59 +0000] "GET /d1/932/AUTH_108935e9d4c740d38a7364c44e3e440d" 404 - "GET http://swift-internal.openstack.svc:8080/v1/AUTH_108935e9d4c740d38a7364c44e3e440d?format=json" "txb145a3d92cc4483194b84-0069ba6916" "proxy-server 9" 0.0005 "-" 21 -
Mar 18 08:57:59 standalone account-server[114680]: 172.20.0.31 - - [18/Mar/2026:08:57:59 +0000] "GET /d1/626/AUTH_bfe9e349abe44a48bf224951354ad8f6" 200 98 "GET http://swift-internal.openstack.svc:8080/v1/AUTH_bfe9e349abe44a48bf224951354ad8f6?format=json" "tx31032abfd5474b0795f6f-0069ba6917" "proxy-server 9" 0.0026 "-" 22 -
Mar 18 08:57:59 standalone account-server[114687]: 172.20.0.31 - - [18/Mar/2026:08:57:59 +0000] "GET /d1/147/AUTH_cc66d4271b11472a9723ea3ce233135f" 404 - "GET http://swift-internal.openstack.svc:8080/v1/AUTH_cc66d4271b11472a9723ea3ce233135f?format=json" "txbd999e0ec6a94bb89cfef-0069ba6917" "proxy-server 9" 0.0005 "-" 23 -
Mar 18 08:57:59 standalone account-server[114687]: 172.20.0.31 - - [18/Mar/2026:08:57:59 +0000] "GET /d1/285/AUTH_cd6f34dad0d744aeb58294b32fea3084" 404 - "GET http://swift-internal.openstack.svc:8080/v1/AUTH_cd6f34dad0d744aeb58294b32fea3084?format=json" "txa722f42a69984630be256-0069ba6917" "proxy-server 9" 0.0003 "-" 23 -
Mar 18 08:58:03 standalone account-server[114677]: 172.20.0.100 - - [18/Mar/2026:08:58:03 +0000] "HEAD /d1/482/.expiring_objects" 404 - "HEAD http://localhost/v1/.expiring_objects?format=json" "tx91efa131fd224066ab8e1-0069ba691b" "proxy-server 2" 0.0005 "-" 20 -
Mar 18 08:58:03 standalone object-expirer[114870]: Pass completed in 0s; 0 objects expired (txn: tx91efa131fd224066ab8e1-0069ba691b)
Mar 18 08:58:29 standalone object-server[114770]: Begin object update sweep
Mar 18 08:58:29 standalone object-server[432789]: Object update sweep starting on /srv/node/d1 (pid: 25)
Mar 18 08:58:29 standalone object-server[432789]: Object update sweep completed on /srv/node/d1 in 0.00s seconds:, 0 successes, 0 failures, 0 quarantines, 0 unlinks, 0 errors, 0 redirects (pid: 25)
Mar 18 08:58:29 standalone object-server[432789]: Object update sweep of d1 completed: 0.00s, 0 successes, 0 failures, 0 quarantines, 0 unlinks, 0 errors, 0 redirects
Mar 18 08:58:29 standalone object-server[114770]: Object update sweep completed: 0.07s
Mar 18 09:00:11 standalone container-server[114455]: Begin container update sweep
Mar 18 09:00:11 standalone container-server[114455]: Container update sweep completed: 0.08s
Mar 18 09:01:35 standalone account-server[114679]: 172.20.0.100 - - [18/Mar/2026:09:01:35 +0000] "HEAD /d1/482/.expiring_objects" 404 - "HEAD http://localhost/v1/.expiring_objects?format=json" "tx10ba0404e3a941649993e-0069ba69ef" "proxy-server 2" 0.0008 "-" 21 -
Mar 18 09:01:35 standalone object-expirer[114870]: Pass completed in 0s; 0 objects expired (txn: tx10ba0404e3a941649993e-0069ba69ef)
Mar 18 09:02:02 standalone account-server[114677]: 172.20.0.100 - - [18/Mar/2026:09:02:02 +0000] "HEAD /d1/482/.expiring_objects" 404 - "HEAD http://localhost/v1/.expiring_objects?format=json" "tx27c4e37d4714441a92fbc-0069ba6a0a" "proxy-server 2" 0.0006 "-" 20 -
Mar 18 09:02:02 standalone object-expirer[114870]: Pass completed in 0s; 0 objects expired (txn: tx27c4e37d4714441a92fbc-0069ba6a0a)
Mar 18 09:02:58 standalone account-server[114677]: 172.20.0.31 - - [18/Mar/2026:09:02:58 +0000] "HEAD /d1/932/AUTH_108935e9d4c740d38a7364c44e3e440d" 404 - "HEAD http://swift-internal.openstack.svc:8080/v1/AUTH_108935e9d4c740d38a7364c44e3e440d?format=json" "tx6ac66697aad5474fadac4-0069ba6a42" "proxy-server 13" 0.0008 "-" 20 -
Mar 18 09:02:58 standalone account-server[114679]: 172.20.0.31 - - [18/Mar/2026:09:02:58 +0000] "GET /d1/932/AUTH_108935e9d4c740d38a7364c44e3e440d" 404 - "GET http://swift-internal.openstack.svc:8080/v1/AUTH_108935e9d4c740d38a7364c44e3e440d?format=json" "tx6ac66697aad5474fadac4-0069ba6a42" "proxy-server 13" 0.0005 "-" 21 -
Mar 18 09:02:58 standalone account-server[114687]: 172.20.0.31 - - [18/Mar/2026:09:02:58 +0000] "HEAD /d1/626/AUTH_bfe9e349abe44a48bf224951354ad8f6" 204 - "HEAD http://swift-internal.openstack.svc:8080/v1/AUTH_bfe9e349abe44a48bf224951354ad8f6?format=json" "tx52d37abe160e4d28ad285-0069ba6a42" "proxy-server 10" 0.0023 "-" 23 -
Mar 18 09:02:58 standalone account-server[114687]: 172.20.0.31 - - [18/Mar/2026:09:02:58 +0000] "GET /d1/626/AUTH_bfe9e349abe44a48bf224951354ad8f6" 200 98 "GET http://swift-internal.openstack.svc:8080/v1/AUTH_bfe9e349abe44a48bf224951354ad8f6?format=json" "tx52d37abe160e4d28ad285-0069ba6a42" "proxy-server 10" 0.0028 "-" 23 -
Mar 18 09:02:58 standalone account-server[114679]: 172.20.0.31 - - [18/Mar/2026:09:02:58 +0000] "HEAD /d1/147/AUTH_cc66d4271b11472a9723ea3ce233135f" 404 - "HEAD http://swift-internal.openstack.svc:8080/v1/AUTH_cc66d4271b11472a9723ea3ce233135f?format=json" "txf82fc4719f5a4f2ca08fb-0069ba6a42" "proxy-server 10" 0.0004 "-" 21 -
Mar 18 09:02:58 standalone account-server[114677]: 172.20.0.31 - - [18/Mar/2026:09:02:58 +0000] "GET /d1/147/AUTH_cc66d4271b11472a9723ea3ce233135f" 404 - "GET http://swift-internal.openstack.svc:8080/v1/AUTH_cc66d4271b11472a9723ea3ce233135f?format=json" "txf82fc4719f5a4f2ca08fb-0069ba6a42" "proxy-server 10" 0.0004 "-" 20 -
Mar 18 09:02:58 standalone account-server[114677]: 172.20.0.31 - - [18/Mar/2026:09:02:58 +0000] "HEAD /d1/285/AUTH_cd6f34dad0d744aeb58294b32fea3084" 404 - "HEAD http://swift-internal.openstack.svc:8080/v1/AUTH_cd6f34dad0d744aeb58294b32fea3084?format=json" "txd225103342484744a4c20-0069ba6a42" "proxy-server 13" 0.0004 "-" 20 -
Mar 18 09:02:58 standalone account-server[114680]: 172.20.0.31 - - [18/Mar/2026:09:02:58 +0000] "GET /d1/285/AUTH_cd6f34dad0d744aeb58294b32fea3084" 404 - "GET http://swift-internal.openstack.svc:8080/v1/AUTH_cd6f34dad0d744aeb58294b32fea3084?format=json" "txd225103342484744a4c20-0069ba6a42" "proxy-server 13" 0.0003 "-" 22 -
Mar 18 09:02:58 standalone account-server[114679]: 172.20.0.31 - - [18/Mar/2026:09:02:58 +0000] "HEAD /d1/932/AUTH_108935e9d4c740d38a7364c44e3e440d" 404 - "HEAD http://swift-internal.openstack.svc:8080/v1/AUTH_108935e9d4c740d38a7364c44e3e440d?format=json" "tx2debb5868ff846a185a6f-0069ba6a42" "proxy-server 13" 0.0005 "-" 21 -
Mar 18 09:02:59 standalone account-server[114680]: 172.20.0.31 - - [18/Mar/2026:09:02:59 +0000] "HEAD /d1/626/AUTH_bfe9e349abe44a48bf224951354ad8f6" 204 - "HEAD http://swift-internal.openstack.svc:8080/v1/AUTH_bfe9e349abe44a48bf224951354ad8f6?format=json" "tx2fda9271197e46a99ddad-0069ba6a42" "proxy-server 5" 0.0012 "-" 22 -
Mar 18 09:02:59 standalone account-server[114679]: 172.20.0.31 - - [18/Mar/2026:09:02:59 +0000] "HEAD /d1/147/AUTH_cc66d4271b11472a9723ea3ce233135f" 404 - "HEAD http://swift-internal.openstack.svc:8080/v1/AUTH_cc66d4271b11472a9723ea3ce233135f?format=json" "tx551174509ff747a5bfebf-0069ba6a43" "proxy-server 5" 0.0005 "-" 21 -
Mar 18 09:02:59 standalone account-server[114677]: 172.20.0.31 - - [18/Mar/2026:09:02:59 +0000] "HEAD /d1/285/AUTH_cd6f34dad0d744aeb58294b32fea3084" 404 - "HEAD http://swift-internal.openstack.svc:8080/v1/AUTH_cd6f34dad0d744aeb58294b32fea3084?format=json" "tx632fbbf3a60245658d64d-0069ba6a43" "proxy-server 5" 0.0004 "-" 20 -
Mar 18 09:03:25 standalone account-server[114687]: 172.20.0.100 - - [18/Mar/2026:09:03:25 +0000] "HEAD /d1/482/.expiring_objects" 404 - "HEAD http://localhost/v1/.expiring_objects?format=json" "tx9ae2994b3dd24013a272c-0069ba6a5d" "proxy-server 2" 0.0008 "-" 23 -
Mar 18 09:03:25 standalone object-expirer[114870]: Pass completed in 0s; 0 objects expired (txn: tx9ae2994b3dd24013a272c-0069ba6a5d)
Mar 18 09:03:29 standalone object-server[114770]: Begin object update sweep
Mar 18 09:03:29 standalone object-server[462033]: Object update sweep starting on /srv/node/d1 (pid: 26)
Mar 18 09:03:29 standalone object-server[462033]: Object update sweep completed on /srv/node/d1 in 0.00s seconds:, 0 successes, 0 failures, 0 quarantines, 0 unlinks, 0 errors, 0 redirects (pid: 26)
Mar 18 09:03:29 standalone object-server[462033]: Object update sweep of d1 completed: 0.00s, 0 successes, 0 failures, 0 quarantines, 0 unlinks, 0 errors, 0 redirects
Mar 18 09:03:29 standalone object-server[114770]: Object update sweep completed: 0.08s
Mar 18 09:03:49 standalone account-server[114680]: 172.20.0.100 - - [18/Mar/2026:09:03:49 +0000] "HEAD /d1/482/.expiring_objects" 404 - "HEAD http://localhost/v1/.expiring_objects?format=json" "tx882fa48f604e42d4b02e9-0069ba6a75" "proxy-server 2" 0.0009 "-" 22 -
Mar 18 09:03:49 standalone object-expirer[114870]: Pass completed in 0s; 0 objects expired (txn: tx882fa48f604e42d4b02e9-0069ba6a75)
Mar 18 09:04:48 standalone account-server[114677]: 172.20.0.100 - - [18/Mar/2026:09:04:48 +0000] "HEAD /d1/482/.expiring_objects" 404 - "HEAD http://localhost/v1/.expiring_objects?format=json" "txa2a4ab3cac81452f82238-0069ba6ab0" "proxy-server 2" 0.0008 "-" 20 -
Mar 18 09:04:48 standalone object-expirer[114870]: Pass completed in 0s; 0 objects expired (txn: txa2a4ab3cac81452f82238-0069ba6ab0)
Mar 18 09:05:11 standalone container-server[114455]: Begin container update sweep
Mar 18 09:05:11 standalone container-server[114455]: Container update sweep completed: 0.08s
Mar 18 09:07:40 standalone account-server[114679]: 172.20.0.100 - - [18/Mar/2026:09:07:40 +0000] "HEAD /d1/482/.expiring_objects" 404 - "HEAD http://localhost/v1/.expiring_objects?format=json" "tx424e7e913b6c4efda7c9e-0069ba6b5c" "proxy-server 2" 0.0005 "-" 21 -
Mar 18 09:07:40 standalone object-expirer[114870]: Pass completed in 0s; 0 objects expired (txn: tx424e7e913b6c4efda7c9e-0069ba6b5c)
Mar 18 09:10:11 standalone container-server[114455]: Begin container update sweep
Mar 18 09:10:11 standalone container-server[114455]: Container update sweep completed: 0.07s
Mar 18 09:12:47 standalone account-server[114679]: 172.20.0.31 - - [18/Mar/2026:09:12:47 +0000] "HEAD /d1/626/AUTH_bfe9e349abe44a48bf224951354ad8f6" 204 - "HEAD http://swift-internal.openstack.svc:8080/v1/AUTH_bfe9e349abe44a48bf224951354ad8f6?format=json" "tx2522cd433fe54b09b00a8-0069ba6c8f" "proxy-server 16" 0.0024 "-" 21 -
Mar 18 09:12:47 standalone container-server[114711]: 172.20.0.31 - - [18/Mar/2026:09:12:47 +0000] "HEAD /d1/330/AUTH_bfe9e349abe44a48bf224951354ad8f6/glance" 204 - "HEAD http://swift-internal.openstack.svc:8080/v1/AUTH_bfe9e349abe44a48bf224951354ad8f6/glance?format=json&states=listing" "tx2522cd433fe54b09b00a8-0069ba6c8f" "proxy-server 16" 0.0033 "-" 22 0
Mar 18 09:12:47 standalone container-server[114711]: 172.20.0.100 - - [18/Mar/2026:09:12:47 +0000] "PUT /d1/330/AUTH_bfe9e349abe44a48bf224951354ad8f6/glance/1971874a-6acd-4c72-8459-b8442f4fa72a-00001" 201 - "PUT http://swift-internal.openstack.svc:8080/d1/111/AUTH_bfe9e349abe44a48bf224951354ad8f6/glance/1971874a-6acd-4c72-8459-b8442f4fa72a-00001" "tx441c4f931a4b4b5cb34d8-0069ba6c8f" "object-server 21" 0.0005 "-" 22 0
Mar 18 09:12:47 standalone object-server[114854]: 172.20.0.31 - - [18/Mar/2026:09:12:47 +0000] "PUT /d1/111/AUTH_bfe9e349abe44a48bf224951354ad8f6/glance/1971874a-6acd-4c72-8459-b8442f4fa72a-00001" 201 - "PUT http://swift-internal.openstack.svc:8080/v1/AUTH_bfe9e349abe44a48bf224951354ad8f6/glance/1971874a-6acd-4c72-8459-b8442f4fa72a-00001" "tx441c4f931a4b4b5cb34d8-0069ba6c8f" "proxy-server 16" 0.2474 "-" 21 0
Mar 18 09:12:47 standalone container-server[114708]: 172.20.0.100 - - [18/Mar/2026:09:12:47 +0000] "PUT /d1/330/AUTH_bfe9e349abe44a48bf224951354ad8f6/glance/1971874a-6acd-4c72-8459-b8442f4fa72a" 201 - "PUT http://swift-internal.openstack.svc:8080/d1/76/AUTH_bfe9e349abe44a48bf224951354ad8f6/glance/1971874a-6acd-4c72-8459-b8442f4fa72a" "tx660b3f2d039445bbb60a2-0069ba6c8f" "object-server 21" 0.0010 "-" 21 0
Mar 18 09:12:47 standalone object-server[114854]: 172.20.0.31 - - [18/Mar/2026:09:12:47 +0000] "PUT /d1/76/AUTH_bfe9e349abe44a48bf224951354ad8f6/glance/1971874a-6acd-4c72-8459-b8442f4fa72a" 201 - "PUT http://swift-internal.openstack.svc:8080/v1/AUTH_bfe9e349abe44a48bf224951354ad8f6/glance/1971874a-6acd-4c72-8459-b8442f4fa72a" "tx660b3f2d039445bbb60a2-0069ba6c8f" "proxy-server 16" 0.0110 "-" 21 0
Mar 18 09:12:48 standalone container-server[114713]: 172.20.0.31 - - [18/Mar/2026:09:12:48 +0000] "HEAD /d1/330/AUTH_bfe9e349abe44a48bf224951354ad8f6/glance" 204 - "HEAD http://swift-internal.openstack.svc:8080/v1/AUTH_bfe9e349abe44a48bf224951354ad8f6/glance?format=json&states=listing" "txe50ef9b169f641c689ce8-0069ba6c90" "proxy-server 13" 0.0147 "-" 23 0
Mar 18 09:12:48 standalone container-server[114704]: 172.20.0.100 - - [18/Mar/2026:09:12:48 +0000] "PUT /d1/330/AUTH_bfe9e349abe44a48bf224951354ad8f6/glance/c1ccbba5-d9f8-43ed-b013-89f756d422f3-00001" 201 - "PUT http://swift-internal.openstack.svc:8080/d1/617/AUTH_bfe9e349abe44a48bf224951354ad8f6/glance/c1ccbba5-d9f8-43ed-b013-89f756d422f3-00001" "tx34b62daed45e47e2a0f2c-0069ba6c90" "object-server 21" 0.0010 "-" 20 0
Mar 18 09:12:48 standalone object-server[114854]: 172.20.0.31 - - [18/Mar/2026:09:12:48 +0000] "PUT /d1/617/AUTH_bfe9e349abe44a48bf224951354ad8f6/glance/c1ccbba5-d9f8-43ed-b013-89f756d422f3-00001" 201 - "PUT http://swift-internal.openstack.svc:8080/v1/AUTH_bfe9e349abe44a48bf224951354ad8f6/glance/c1ccbba5-d9f8-43ed-b013-89f756d422f3-00001" "tx34b62daed45e47e2a0f2c-0069ba6c90" "proxy-server 13" 0.3105 "-" 21 0
Mar 18 09:12:48 standalone container-server[114708]: 172.20.0.100 - - [18/Mar/2026:09:12:48 +0000] "PUT /d1/330/AUTH_bfe9e349abe44a48bf224951354ad8f6/glance/c1ccbba5-d9f8-43ed-b013-89f756d422f3" 201 - "PUT http://swift-internal.openstack.svc:8080/d1/1016/AUTH_bfe9e349abe44a48bf224951354ad8f6/glance/c1ccbba5-d9f8-43ed-b013-89f756d422f3" "tx6c48afe148d941adb5fd1-0069ba6c90" "object-server 22" 0.0004 "-" 21 0
Mar 18 09:12:48 standalone object-server[114856]: 172.20.0.31 - - [18/Mar/2026:09:12:48 +0000] "PUT /d1/1016/AUTH_bfe9e349abe44a48bf224951354ad8f6/glance/c1ccbba5-d9f8-43ed-b013-89f756d422f3" 201 - "PUT http://swift-internal.openstack.svc:8080/v1/AUTH_bfe9e349abe44a48bf224951354ad8f6/glance/c1ccbba5-d9f8-43ed-b013-89f756d422f3" "tx6c48afe148d941adb5fd1-0069ba6c90" "proxy-server 13" 0.0098 "-" 22 0
Mar 18 09:12:52 standalone account-server[114679]: 172.20.0.100 - - [18/Mar/2026:09:12:52 +0000] "HEAD /d1/482/.expiring_objects" 404 - "HEAD http://localhost/v1/.expiring_objects?format=json" "txafc1840c1f404b00a5226-0069ba6c94" "proxy-server 2" 0.0004 "-" 21 -
Mar 18 09:12:52 standalone object-expirer[114870]: Pass completed in 0s; 0 objects expired (txn: txafc1840c1f404b00a5226-0069ba6c94)
Mar 18 09:12:58 standalone account-server[114687]: 172.20.0.31 - - [18/Mar/2026:09:12:58 +0000] "HEAD /d1/932/AUTH_108935e9d4c740d38a7364c44e3e440d" 404 - "HEAD http://swift-internal.openstack.svc:8080/v1/AUTH_108935e9d4c740d38a7364c44e3e440d?format=json" "tx74832cc3b07a4396917b3-0069ba6c9a" "proxy-server 10" 0.0004 "-" 23 -
Mar 18 09:12:58 standalone account-server[114679]: 172.20.0.31 - - [18/Mar/2026:09:12:58 +0000] "GET /d1/932/AUTH_108935e9d4c740d38a7364c44e3e440d" 404 - "GET http://swift-internal.openstack.svc:8080/v1/AUTH_108935e9d4c740d38a7364c44e3e440d?format=json" "tx74832cc3b07a4396917b3-0069ba6c9a" "proxy-server 10" 0.0003 "-" 21 -
Mar 18 09:12:58 standalone account-server[114677]: 172.20.0.31 - - [18/Mar/2026:09:12:58 +0000] "GET /d1/626/AUTH_bfe9e349abe44a48bf224951354ad8f6" 200 98 "GET http://swift-internal.openstack.svc:8080/v1/AUTH_bfe9e349abe44a48bf224951354ad8f6?format=json" "txf171b19699374103a3745-0069ba6c9a" "proxy-server 7" 0.0031 "-" 20 -
Mar 18 09:12:58 standalone account-server[114679]: 172.20.0.31 - - [18/Mar/2026:09:12:58 +0000] "HEAD /d1/147/AUTH_cc66d4271b11472a9723ea3ce233135f" 404 - "HEAD http://swift-internal.openstack.svc:8080/v1/AUTH_cc66d4271b11472a9723ea3ce233135f?format=json" "tx4b6d2395b83347bbb4044-0069ba6c9a" "proxy-server 10" 0.0005 "-" 21 -
Mar 18 09:12:58 standalone account-server[114679]: 172.20.0.31 - - [18/Mar/2026:09:12:58 +0000] "GET /d1/147/AUTH_cc66d4271b11472a9723ea3ce233135f" 404 - "GET http://swift-internal.openstack.svc:8080/v1/AUTH_cc66d4271b11472a9723ea3ce233135f?format=json" "tx4b6d2395b83347bbb4044-0069ba6c9a" "proxy-server 10" 0.0004 "-" 21 -
Mar 18 09:12:58 standalone account-server[114679]: 172.20.0.31 - - [18/Mar/2026:09:12:58 +0000] "HEAD /d1/285/AUTH_cd6f34dad0d744aeb58294b32fea3084" 404 - "HEAD http://swift-internal.openstack.svc:8080/v1/AUTH_cd6f34dad0d744aeb58294b32fea3084?format=json" "tx5471e41ee63b44a19f81f-0069ba6c9a" "proxy-server 10" 0.0004 "-" 21 -
Mar 18 09:12:58 standalone account-server[114687]: 172.20.0.31 - - [18/Mar/2026:09:12:58 +0000] "GET /d1/285/AUTH_cd6f34dad0d744aeb58294b32fea3084" 404 - "GET http://swift-internal.openstack.svc:8080/v1/AUTH_cd6f34dad0d744aeb58294b32fea3084?format=json" "tx5471e41ee63b44a19f81f-0069ba6c9a" "proxy-server 10" 0.0006 "-" 23 -
Mar 18 09:12:59 standalone account-server[114679]: 172.20.0.31 - - [18/Mar/2026:09:12:59 +0000] "HEAD /d1/932/AUTH_108935e9d4c740d38a7364c44e3e440d" 404 - "HEAD http://swift-internal.openstack.svc:8080/v1/AUTH_108935e9d4c740d38a7364c44e3e440d?format=json" "txbdc7389edd004450ac4e1-0069ba6c9b" "proxy-server 13" 0.0004 "-" 21 -
Mar 18 09:12:59 standalone account-server[114680]: 172.20.0.31 - - [18/Mar/2026:09:12:59 +0000] "HEAD /d1/626/AUTH_bfe9e349abe44a48bf224951354ad8f6" 204 - "HEAD http://swift-internal.openstack.svc:8080/v1/AUTH_bfe9e349abe44a48bf224951354ad8f6?format=json" "txde892ffb92014ebca5e19-0069ba6c9b" "proxy-server 7" 0.0012 "-" 22 -
Mar 18 09:12:59 standalone account-server[114680]: 172.20.0.31 - - [18/Mar/2026:09:12:59 +0000] "HEAD /d1/147/AUTH_cc66d4271b11472a9723ea3ce233135f" 404 - "HEAD http://swift-internal.openstack.svc:8080/v1/AUTH_cc66d4271b11472a9723ea3ce233135f?format=json" "tx687999deea6846f4a41d4-0069ba6c9b" "proxy-server 10" 0.0003 "-" 22 -
Mar 18 09:12:59 standalone account-server[114680]: 172.20.0.31 - - [18/Mar/2026:09:12:59 +0000] "HEAD /d1/285/AUTH_cd6f34dad0d744aeb58294b32fea3084" 404 - "HEAD http://swift-internal.openstack.svc:8080/v1/AUTH_cd6f34dad0d744aeb58294b32fea3084?format=json" "tx8036113436dc4e03b0f50-0069ba6c9b" "proxy-server 13" 0.0003 "-" 22 -
Mar 18 09:13:29 standalone object-server[114770]: Begin object update sweep
Mar 18 09:13:29 standalone object-server[487562]: Object update sweep starting on /srv/node/d1 (pid: 28)
Mar 18 09:13:29 standalone object-server[487562]: Object update sweep completed on /srv/node/d1 in 0.00s seconds:, 0 successes, 0 failures, 0 quarantines, 0 unlinks, 0 errors, 0 redirects (pid: 28)
Mar 18 09:13:29 standalone object-server[487562]: Object update sweep of d1 completed: 0.00s, 0 successes, 0 failures, 0 quarantines, 0 unlinks, 0 errors, 0 redirects
Mar 18 09:13:30 standalone object-server[114770]: Object update sweep completed: 0.08s
Mar 18 09:13:47 standalone container-server[114704]: 172.20.0.31 - - [18/Mar/2026:09:13:47 +0000] "HEAD /d1/330/AUTH_bfe9e349abe44a48bf224951354ad8f6/glance" 204 - "HEAD http://swift-internal.openstack.svc:8080/v1/AUTH_bfe9e349abe44a48bf224951354ad8f6/glance?format=json&states=listing" "txe7f0954c887a44489f935-0069ba6ccb" "proxy-server 7" 0.0092 "-" 20 0
Mar 18 09:13:47 standalone container-server[114704]: 172.20.0.100 - - [18/Mar/2026:09:13:47 +0000] "PUT /d1/330/AUTH_bfe9e349abe44a48bf224951354ad8f6/glance/b7d3040b-a103-4a28-a706-01a335297dae-00001" 201 - "PUT http://swift-internal.openstack.svc:8080/d1/119/AUTH_bfe9e349abe44a48bf224951354ad8f6/glance/b7d3040b-a103-4a28-a706-01a335297dae-00001" "tx72998ac9ecce48f88b0c4-0069ba6ccb" "object-server 21" 0.0012 "-" 20 0
Mar 18 09:13:47 standalone object-server[114854]: 172.20.0.31 - - [18/Mar/2026:09:13:47 +0000] "PUT /d1/119/AUTH_bfe9e349abe44a48bf224951354ad8f6/glance/b7d3040b-a103-4a28-a706-01a335297dae-00001" 201 - "PUT http://swift-internal.openstack.svc:8080/v1/AUTH_bfe9e349abe44a48bf224951354ad8f6/glance/b7d3040b-a103-4a28-a706-01a335297dae-00001" "tx72998ac9ecce48f88b0c4-0069ba6ccb" "proxy-server 7" 0.0235 "-" 21 0
Mar 18 09:13:47 standalone container-server[114704]: 172.20.0.100 - - [18/Mar/2026:09:13:47 +0000] "PUT /d1/330/AUTH_bfe9e349abe44a48bf224951354ad8f6/glance/b7d3040b-a103-4a28-a706-01a335297dae" 201 - "PUT http://swift-internal.openstack.svc:8080/d1/518/AUTH_bfe9e349abe44a48bf224951354ad8f6/glance/b7d3040b-a103-4a28-a706-01a335297dae" "tx437ca465bf8e41539d72b-0069ba6ccb" "object-server 24" 0.0006 "-" 20 0
Mar 18 09:13:47 standalone object-server[114858]: 172.20.0.31 - - [18/Mar/2026:09:13:47 +0000] "PUT /d1/518/AUTH_bfe9e349abe44a48bf224951354ad8f6/glance/b7d3040b-a103-4a28-a706-01a335297dae" 201 - "PUT http://swift-internal.openstack.svc:8080/v1/AUTH_bfe9e349abe44a48bf224951354ad8f6/glance/b7d3040b-a103-4a28-a706-01a335297dae" "tx437ca465bf8e41539d72b-0069ba6ccb" "proxy-server 7" 0.0108 "-" 24 0
Mar 18 09:13:53 standalone container-server[114711]: 172.20.0.31 - - [18/Mar/2026:09:13:53 +0000] "HEAD /d1/330/AUTH_bfe9e349abe44a48bf224951354ad8f6/glance" 204 - "HEAD http://swift-internal.openstack.svc:8080/v1/AUTH_bfe9e349abe44a48bf224951354ad8f6/glance?format=json&states=listing" "tx1c9dee85a3a547e4af676-0069ba6cd0" "proxy-server 7" 0.0269 "-" 22 0
Mar 18 09:13:53 standalone container-server[114704]: 172.20.0.100 - - [18/Mar/2026:09:13:53 +0000] "PUT /d1/330/AUTH_bfe9e349abe44a48bf224951354ad8f6/glance/ec7a2699-5b70-415d-9059-37f22d4a1afb-00001" 201 - "PUT http://swift-internal.openstack.svc:8080/d1/548/AUTH_bfe9e349abe44a48bf224951354ad8f6/glance/ec7a2699-5b70-415d-9059-37f22d4a1afb-00001" "tx3980d4bf39b740658a5fb-0069ba6cd1" "object-server 24" 0.0008 "-" 20 0
Mar 18 09:13:53 standalone object-server[114858]: 172.20.0.31 - - [18/Mar/2026:09:13:53 +0000] "PUT /d1/548/AUTH_bfe9e349abe44a48bf224951354ad8f6/glance/ec7a2699-5b70-415d-9059-37f22d4a1afb-00001" 201 - "PUT http://swift-internal.openstack.svc:8080/v1/AUTH_bfe9e349abe44a48bf224951354ad8f6/glance/ec7a2699-5b70-415d-9059-37f22d4a1afb-00001" "tx3980d4bf39b740658a5fb-0069ba6cd1" "proxy-server 7" 0.0396 "-" 24 0
Mar 18 09:13:53 standalone container-server[114711]: 172.20.0.100 - - [18/Mar/2026:09:13:53 +0000] "PUT /d1/330/AUTH_bfe9e349abe44a48bf224951354ad8f6/glance/ec7a2699-5b70-415d-9059-37f22d4a1afb" 201 - "PUT http://swift-internal.openstack.svc:8080/d1/678/AUTH_bfe9e349abe44a48bf224951354ad8f6/glance/ec7a2699-5b70-415d-9059-37f22d4a1afb" "tx116b523c670e457bad675-0069ba6cd1" "object-server 21" 0.0009 "-" 22 0
Mar 18 09:13:53 standalone object-server[114854]: 172.20.0.31 - - [18/Mar/2026:09:13:53 +0000] "PUT /d1/678/AUTH_bfe9e349abe44a48bf224951354ad8f6/glance/ec7a2699-5b70-415d-9059-37f22d4a1afb" 201 - "PUT http://swift-internal.openstack.svc:8080/v1/AUTH_bfe9e349abe44a48bf224951354ad8f6/glance/ec7a2699-5b70-415d-9059-37f22d4a1afb" "tx116b523c670e457bad675-0069ba6cd1" "proxy-server 7" 0.0173 "-" 21 0
Mar 18 09:13:56 standalone object-server[114856]: 172.20.0.31 - - [18/Mar/2026:09:13:56 +0000] "HEAD /d1/678/AUTH_bfe9e349abe44a48bf224951354ad8f6/glance/ec7a2699-5b70-415d-9059-37f22d4a1afb" 200 - "HEAD http://swift-internal.openstack.svc:8080/v1/AUTH_bfe9e349abe44a48bf224951354ad8f6/glance/ec7a2699-5b70-415d-9059-37f22d4a1afb" "txde384701bf174f93a5348-0069ba6cd4" "proxy-server 7" 0.0011 "-" 22 0
Mar 18 09:13:56 standalone container-server[114708]: 172.20.0.31 - - [18/Mar/2026:09:13:56 +0000] "GET /d1/330/AUTH_bfe9e349abe44a48bf224951354ad8f6/glance" 200 206 "GET http://swift-internal.openstack.svc:8080/v1/AUTH_bfe9e349abe44a48bf224951354ad8f6/glance?prefix=ec7a2699-5b70-415d-9059-37f22d4a1afb-&format=json&states=listing" "txde384701bf174f93a5348-0069ba6cd4" "proxy-server 7" 0.0088 "-" 21 0
Mar 18 09:13:56 standalone container-server[114708]: 172.20.0.31 - - [18/Mar/2026:09:13:56 +0000] "GET /d1/330/AUTH_bfe9e349abe44a48bf224951354ad8f6/glance" 200 206 "GET http://swift-internal.openstack.svc:8080/v1/AUTH_bfe9e349abe44a48bf224951354ad8f6/glance?format=json&prefix=ec7a2699-5b70-415d-9059-37f22d4a1afb-&states=listing" "tx132bea1fbbbd4b1b95e74-0069ba6cd4" "proxy-server 7" 0.0024 "-" 21 0
Mar 18 09:13:56 standalone container-server[114711]: 172.20.0.100 - - [18/Mar/2026:09:13:56 +0000] "DELETE /d1/330/AUTH_bfe9e349abe44a48bf224951354ad8f6/glance/ec7a2699-5b70-415d-9059-37f22d4a1afb-00001" 204 - "DELETE http://swift-internal.openstack.svc:8080/d1/548/AUTH_bfe9e349abe44a48bf224951354ad8f6/glance/ec7a2699-5b70-415d-9059-37f22d4a1afb-00001" "txe6c91cf8a6914dee8e77f-0069ba6cd4" "object-server 23" 0.0004 "-" 22 0
Mar 18 09:13:56 standalone object-server[114857]: 172.20.0.31 - - [18/Mar/2026:09:13:56 +0000] "DELETE /d1/548/AUTH_bfe9e349abe44a48bf224951354ad8f6/glance/ec7a2699-5b70-415d-9059-37f22d4a1afb-00001" 204 - "DELETE http://swift-internal.openstack.svc:8080/v1/AUTH_bfe9e349abe44a48bf224951354ad8f6/glance/ec7a2699-5b70-415d-9059-37f22d4a1afb-00001" "txe6c91cf8a6914dee8e77f-0069ba6cd4" "proxy-server 7" 0.0067 "-" 23 0
Mar 18 09:13:56 standalone container-server[114711]: 172.20.0.100 - - [18/Mar/2026:09:13:56 +0000] "DELETE /d1/330/AUTH_bfe9e349abe44a48bf224951354ad8f6/glance/ec7a2699-5b70-415d-9059-37f22d4a1afb" 204 - "DELETE http://swift-internal.openstack.svc:8080/d1/678/AUTH_bfe9e349abe44a48bf224951354ad8f6/glance/ec7a2699-5b70-415d-9059-37f22d4a1afb" "tx7f9258d57f1a4b3196cad-0069ba6cd4" "object-server 21" 0.0005 "-" 22 0
Mar 18 09:13:56 standalone object-server[114854]: 172.20.0.31 - - [18/Mar/2026:09:13:56 +0000] "DELETE /d1/678/AUTH_bfe9e349abe44a48bf224951354ad8f6/glance/ec7a2699-5b70-415d-9059-37f22d4a1afb" 204 - "DELETE http://swift-internal.openstack.svc:8080/v1/AUTH_bfe9e349abe44a48bf224951354ad8f6/glance/ec7a2699-5b70-415d-9059-37f22d4a1afb" "tx7f9258d57f1a4b3196cad-0069ba6cd4" "proxy-server 7" 0.0082 "-" 21 0
Mar 18 09:14:24 standalone account-server[114680]: 172.20.0.31 - - [18/Mar/2026:09:14:24 +0000] "HEAD /d1/626/AUTH_bfe9e349abe44a48bf224951354ad8f6" 204 - "HEAD http://swift-internal.openstack.svc:8080/v1/AUTH_bfe9e349abe44a48bf224951354ad8f6?format=json" "txf48a6aa0f98143f1bb593-0069ba6cf0" "proxy-server 10" 0.0033 "-" 22 -
Mar 18 09:14:24 standalone object-server[114858]: 172.20.0.31 - - [18/Mar/2026:09:14:24 +0000] "HEAD /d1/518/AUTH_bfe9e349abe44a48bf224951354ad8f6/glance/b7d3040b-a103-4a28-a706-01a335297dae" 200 - "HEAD http://swift-internal.openstack.svc:8080/v1/AUTH_bfe9e349abe44a48bf224951354ad8f6/glance/b7d3040b-a103-4a28-a706-01a335297dae" "txf48a6aa0f98143f1bb593-0069ba6cf0" "proxy-server 10" 0.0012 "-" 24 0
Mar 18 09:14:24 standalone container-server[114704]: 172.20.0.31 - - [18/Mar/2026:09:14:24 +0000] "GET /d1/330/AUTH_bfe9e349abe44a48bf224951354ad8f6/glance" 200 206 "GET http://swift-internal.openstack.svc:8080/v1/AUTH_bfe9e349abe44a48bf224951354ad8f6/glance?prefix=b7d3040b-a103-4a28-a706-01a335297dae-&format=json&states=listing" "txf48a6aa0f98143f1bb593-0069ba6cf0" "proxy-server 10" 0.0104 "-" 20 0
