Mar 18 09:14:24 standalone container-server[114713]: 172.20.0.31 - - [18/Mar/2026:09:14:24 +0000] "GET /d1/330/AUTH_bfe9e349abe44a48bf224951354ad8f6/glance" 200 206 "GET http://swift-internal.openstack.svc:8080/v1/AUTH_bfe9e349abe44a48bf224951354ad8f6/glance?format=json&prefix=b7d3040b-a103-4a28-a706-01a335297dae-&states=listing" "txbbc77cf3c280475ebc9eb-0069ba6cf0" "proxy-server 10" 0.0051 "-" 23 0
Mar 18 09:14:24 standalone container-server[114711]: 172.20.0.100 - - [18/Mar/2026:09:14:24 +0000] "DELETE /d1/330/AUTH_bfe9e349abe44a48bf224951354ad8f6/glance/b7d3040b-a103-4a28-a706-01a335297dae-00001" 204 - "DELETE http://swift-internal.openstack.svc:8080/d1/119/AUTH_bfe9e349abe44a48bf224951354ad8f6/glance/b7d3040b-a103-4a28-a706-01a335297dae-00001" "tx477f8b795dc74fec81f4a-0069ba6cf0" "object-server 24" 0.0008 "-" 22 0
Mar 18 09:14:24 standalone object-server[114858]: 172.20.0.31 - - [18/Mar/2026:09:14:24 +0000] "DELETE /d1/119/AUTH_bfe9e349abe44a48bf224951354ad8f6/glance/b7d3040b-a103-4a28-a706-01a335297dae-00001" 204 - "DELETE http://swift-internal.openstack.svc:8080/v1/AUTH_bfe9e349abe44a48bf224951354ad8f6/glance/b7d3040b-a103-4a28-a706-01a335297dae-00001" "tx477f8b795dc74fec81f4a-0069ba6cf0" "proxy-server 10" 0.0091 "-" 24 0
Mar 18 09:14:24 standalone container-server[114708]: 172.20.0.100 - - [18/Mar/2026:09:14:24 +0000] "DELETE /d1/330/AUTH_bfe9e349abe44a48bf224951354ad8f6/glance/b7d3040b-a103-4a28-a706-01a335297dae" 204 - "DELETE http://swift-internal.openstack.svc:8080/d1/518/AUTH_bfe9e349abe44a48bf224951354ad8f6/glance/b7d3040b-a103-4a28-a706-01a335297dae" "tx7333d8bdb66f45bda192f-0069ba6cf0" "object-server 24" 0.0007 "-" 21 0
Mar 18 09:14:24 standalone object-server[114858]: 172.20.0.31 - - [18/Mar/2026:09:14:24 +0000] "DELETE /d1/518/AUTH_bfe9e349abe44a48bf224951354ad8f6/glance/b7d3040b-a103-4a28-a706-01a335297dae" 204 - "DELETE http://swift-internal.openstack.svc:8080/v1/AUTH_bfe9e349abe44a48bf224951354ad8f6/glance/b7d3040b-a103-4a28-a706-01a335297dae" "tx7333d8bdb66f45bda192f-0069ba6cf0" "proxy-server 10" 0.0079 "-" 24 0
Mar 18 09:14:33 standalone account-server[114677]: 172.20.0.100 - - [18/Mar/2026:09:14:33 +0000] "HEAD /d1/482/.expiring_objects" 404 - "HEAD http://localhost/v1/.expiring_objects?format=json" "tx07a126e1dfec4b55804d3-0069ba6cf9" "proxy-server 2" 0.0006 "-" 20 -
Mar 18 09:14:33 standalone object-expirer[114870]: Pass completed in 0s; 0 objects expired (txn: tx07a126e1dfec4b55804d3-0069ba6cf9)
Mar 18 09:15:11 standalone container-server[114455]: Begin container update sweep
Mar 18 09:15:11 standalone account-server[114679]: 172.20.0.100 - - [18/Mar/2026:09:15:11 +0000] "PUT /d1/626/AUTH_bfe9e349abe44a48bf224951354ad8f6/glance" 201 - "-" "-" "container-updater 2" 0.0010 "-" 21 0
Mar 18 09:15:11 standalone container-server[114455]: Container update sweep completed: 0.14s
Mar 18 09:17:58 standalone account-server[114679]: 172.20.0.31 - - [18/Mar/2026:09:17:58 +0000] "HEAD /d1/932/AUTH_108935e9d4c740d38a7364c44e3e440d" 404 - "HEAD http://swift-internal.openstack.svc:8080/v1/AUTH_108935e9d4c740d38a7364c44e3e440d?format=json" "txe3e62f1a5e2d47298a54f-0069ba6dc6" "proxy-server 15" 0.0009 "-" 21 -
Mar 18 09:17:59 standalone account-server[114679]: 172.20.0.31 - - [18/Mar/2026:09:17:59 +0000] "HEAD /d1/932/AUTH_108935e9d4c740d38a7364c44e3e440d" 404 - "HEAD http://swift-internal.openstack.svc:8080/v1/AUTH_108935e9d4c740d38a7364c44e3e440d?format=json" "txe3e62f1a5e2d47298a54f-0069ba6dc6" "proxy-server 15" 0.0006 "-" 21 -
Mar 18 09:17:59 standalone account-server[114687]: 172.20.0.31 - - [18/Mar/2026:09:17:59 +0000] "HEAD /d1/768/AUTH_468c59dc153843f199226237eec48d15" 404 - "HEAD http://swift-internal.openstack.svc:8080/v1/AUTH_468c59dc153843f199226237eec48d15?format=json" "txfcc1a9db469d49a8a57f5-0069ba6dc7" "proxy-server 12" 0.0005 "-" 23 -
Mar 18 09:17:59 standalone account-server[114677]: 172.20.0.31 - - [18/Mar/2026:09:17:59 +0000] "HEAD /d1/768/AUTH_468c59dc153843f199226237eec48d15" 404 - "HEAD http://swift-internal.openstack.svc:8080/v1/AUTH_468c59dc153843f199226237eec48d15?format=json" "txfcc1a9db469d49a8a57f5-0069ba6dc7" "proxy-server 12" 0.0007 "-" 20 -
Mar 18 09:17:59 standalone account-server[114679]: 172.20.0.31 - - [18/Mar/2026:09:17:59 +0000] "HEAD /d1/830/AUTH_713ef1d7cebd4dd58a57f2ed0d0451ec" 404 - "HEAD http://swift-internal.openstack.svc:8080/v1/AUTH_713ef1d7cebd4dd58a57f2ed0d0451ec?format=json" "txce6e9f145c014e20b9466-0069ba6dc7" "proxy-server 10" 0.0005 "-" 21 -
Mar 18 09:17:59 standalone account-server[114677]: 172.20.0.31 - - [18/Mar/2026:09:17:59 +0000] "HEAD /d1/830/AUTH_713ef1d7cebd4dd58a57f2ed0d0451ec" 404 - "HEAD http://swift-internal.openstack.svc:8080/v1/AUTH_713ef1d7cebd4dd58a57f2ed0d0451ec?format=json" "txce6e9f145c014e20b9466-0069ba6dc7" "proxy-server 10" 0.0007 "-" 20 -
Mar 18 09:17:59 standalone account-server[114679]: 172.20.0.31 - - [18/Mar/2026:09:17:59 +0000] "HEAD /d1/232/AUTH_7ac53173cd594eefafa065923b51471c" 404 - "HEAD http://swift-internal.openstack.svc:8080/v1/AUTH_7ac53173cd594eefafa065923b51471c?format=json" "txfa6ca0850a8342cf9fce3-0069ba6dc7" "proxy-server 12" 0.0005 "-" 21 -
Mar 18 09:17:59 standalone account-server[114687]: 172.20.0.31 - - [18/Mar/2026:09:17:59 +0000] "HEAD /d1/232/AUTH_7ac53173cd594eefafa065923b51471c" 404 - "HEAD http://swift-internal.openstack.svc:8080/v1/AUTH_7ac53173cd594eefafa065923b51471c?format=json" "txfa6ca0850a8342cf9fce3-0069ba6dc7" "proxy-server 12" 0.0004 "-" 23 -
Mar 18 09:17:59 standalone account-server[114680]: 172.20.0.31 - - [18/Mar/2026:09:17:59 +0000] "HEAD /d1/548/AUTH_ad158f07b3154795a0f2e4c5d76b9995" 404 - "HEAD http://swift-internal.openstack.svc:8080/v1/AUTH_ad158f07b3154795a0f2e4c5d76b9995?format=json" "txbf4800d19a6b495695e78-0069ba6dc7" "proxy-server 12" 0.0005 "-" 22 -
Mar 18 09:17:59 standalone account-server[114679]: 172.20.0.31 - - [18/Mar/2026:09:17:59 +0000] "HEAD /d1/548/AUTH_ad158f07b3154795a0f2e4c5d76b9995" 404 - "HEAD http://swift-internal.openstack.svc:8080/v1/AUTH_ad158f07b3154795a0f2e4c5d76b9995?format=json" "txbf4800d19a6b495695e78-0069ba6dc7" "proxy-server 12" 0.0005 "-" 21 -
Mar 18 09:17:59 standalone account-server[114677]: 172.20.0.31 - - [18/Mar/2026:09:17:59 +0000] "HEAD /d1/45/AUTH_b86de37813fb4c60b833bf2a67dea17f" 404 - "HEAD http://swift-internal.openstack.svc:8080/v1/AUTH_b86de37813fb4c60b833bf2a67dea17f?format=json" "tx422d143f9321474f88446-0069ba6dc7" "proxy-server 15" 0.0005 "-" 20 -
Mar 18 09:17:59 standalone account-server[114680]: 172.20.0.31 - - [18/Mar/2026:09:17:59 +0000] "HEAD /d1/45/AUTH_b86de37813fb4c60b833bf2a67dea17f" 404 - "HEAD http://swift-internal.openstack.svc:8080/v1/AUTH_b86de37813fb4c60b833bf2a67dea17f?format=json" "tx422d143f9321474f88446-0069ba6dc7" "proxy-server 15" 0.0005 "-" 22 -
Mar 18 09:17:59 standalone account-server[114687]: 172.20.0.31 - - [18/Mar/2026:09:17:59 +0000] "HEAD /d1/657/AUTH_bba9941f9cfa466fa1c31d8711d72a43" 404 - "HEAD http://swift-internal.openstack.svc:8080/v1/AUTH_bba9941f9cfa466fa1c31d8711d72a43?format=json" "tx211dcd27d54745cdb078f-0069ba6dc7" "proxy-server 10" 0.0005 "-" 23 -
Mar 18 09:17:59 standalone account-server[114677]: 172.20.0.31 - - [18/Mar/2026:09:17:59 +0000] "HEAD /d1/657/AUTH_bba9941f9cfa466fa1c31d8711d72a43" 404 - "HEAD http://swift-internal.openstack.svc:8080/v1/AUTH_bba9941f9cfa466fa1c31d8711d72a43?format=json" "tx211dcd27d54745cdb078f-0069ba6dc7" "proxy-server 10" 0.0006 "-" 20 -
Mar 18 09:17:59 standalone account-server[114679]: 172.20.0.31 - - [18/Mar/2026:09:17:59 +0000] "HEAD /d1/626/AUTH_bfe9e349abe44a48bf224951354ad8f6" 204 - "HEAD http://swift-internal.openstack.svc:8080/v1/AUTH_bfe9e349abe44a48bf224951354ad8f6?format=json" "txc914185306cc402aa665c-0069ba6dc7" "proxy-server 12" 0.0083 "-" 21 -
Mar 18 09:17:59 standalone account-server[114679]: 172.20.0.31 - - [18/Mar/2026:09:17:59 +0000] "HEAD /d1/626/AUTH_bfe9e349abe44a48bf224951354ad8f6" 204 - "HEAD http://swift-internal.openstack.svc:8080/v1/AUTH_bfe9e349abe44a48bf224951354ad8f6?format=json" "txc914185306cc402aa665c-0069ba6dc7" "proxy-server 12" 0.0021 "-" 21 -
Mar 18 09:17:59 standalone account-server[114680]: 172.20.0.31 - - [18/Mar/2026:09:17:59 +0000] "HEAD /d1/147/AUTH_cc66d4271b11472a9723ea3ce233135f" 404 - "HEAD http://swift-internal.openstack.svc:8080/v1/AUTH_cc66d4271b11472a9723ea3ce233135f?format=json" "txb09a128c355b445581041-0069ba6dc7" "proxy-server 12" 0.0003 "-" 22 -
Mar 18 09:17:59 standalone account-server[114680]: 172.20.0.31 - - [18/Mar/2026:09:17:59 +0000] "HEAD /d1/147/AUTH_cc66d4271b11472a9723ea3ce233135f" 404 - "HEAD http://swift-internal.openstack.svc:8080/v1/AUTH_cc66d4271b11472a9723ea3ce233135f?format=json" "txb09a128c355b445581041-0069ba6dc7" "proxy-server 12" 0.0003 "-" 22 -
Mar 18 09:17:59 standalone account-server[114679]: 172.20.0.31 - - [18/Mar/2026:09:17:59 +0000] "HEAD /d1/285/AUTH_cd6f34dad0d744aeb58294b32fea3084" 404 - "HEAD http://swift-internal.openstack.svc:8080/v1/AUTH_cd6f34dad0d744aeb58294b32fea3084?format=json" "tx0dbdbc73736f4f83afbc7-0069ba6dc7" "proxy-server 12" 0.0005 "-" 21 -
Mar 18 09:17:59 standalone account-server[114677]: 172.20.0.31 - - [18/Mar/2026:09:17:59 +0000] "HEAD /d1/285/AUTH_cd6f34dad0d744aeb58294b32fea3084" 404 - "HEAD http://swift-internal.openstack.svc:8080/v1/AUTH_cd6f34dad0d744aeb58294b32fea3084?format=json" "tx0dbdbc73736f4f83afbc7-0069ba6dc7" "proxy-server 12" 0.0006 "-" 20 -
Mar 18 09:17:59 standalone account-server[114687]: 172.20.0.31 - - [18/Mar/2026:09:17:59 +0000] "HEAD /d1/119/AUTH_fccd343c95ba471dbedc9c8c3d0e1064" 404 - "HEAD http://swift-internal.openstack.svc:8080/v1/AUTH_fccd343c95ba471dbedc9c8c3d0e1064?format=json" "txaa7f40359f504fc28cd26-0069ba6dc7" "proxy-server 12" 0.0003 "-" 23 -
Mar 18 09:17:59 standalone account-server[114680]: 172.20.0.31 - - [18/Mar/2026:09:17:59 +0000] "HEAD /d1/119/AUTH_fccd343c95ba471dbedc9c8c3d0e1064" 404 - "HEAD http://swift-internal.openstack.svc:8080/v1/AUTH_fccd343c95ba471dbedc9c8c3d0e1064?format=json" "txaa7f40359f504fc28cd26-0069ba6dc7" "proxy-server 12" 0.0003 "-" 22 -
Mar 18 09:18:00 standalone account-server[114680]: 172.20.0.31 - - [18/Mar/2026:09:18:00 +0000] "GET /d1/932/AUTH_108935e9d4c740d38a7364c44e3e440d" 404 - "GET http://swift-internal.openstack.svc:8080/v1/AUTH_108935e9d4c740d38a7364c44e3e440d?format=json" "tx653d3b2f254347b9b00f4-0069ba6dc8" "proxy-server 12" 0.0008 "-" 22 -
Mar 18 09:18:00 standalone account-server[114679]: 172.20.0.31 - - [18/Mar/2026:09:18:00 +0000] "GET /d1/768/AUTH_468c59dc153843f199226237eec48d15" 404 - "GET http://swift-internal.openstack.svc:8080/v1/AUTH_468c59dc153843f199226237eec48d15?format=json" "tx1290db0651d541f693341-0069ba6dc8" "proxy-server 12" 0.0006 "-" 21 -
Mar 18 09:18:00 standalone account-server[114677]: 172.20.0.31 - - [18/Mar/2026:09:18:00 +0000] "GET /d1/830/AUTH_713ef1d7cebd4dd58a57f2ed0d0451ec" 404 - "GET http://swift-internal.openstack.svc:8080/v1/AUTH_713ef1d7cebd4dd58a57f2ed0d0451ec?format=json" "txd888b04cc69843c6854ad-0069ba6dc8" "proxy-server 15" 0.0007 "-" 20 -
Mar 18 09:18:00 standalone account-server[114679]: 172.20.0.31 - - [18/Mar/2026:09:18:00 +0000] "GET /d1/232/AUTH_7ac53173cd594eefafa065923b51471c" 404 - "GET http://swift-internal.openstack.svc:8080/v1/AUTH_7ac53173cd594eefafa065923b51471c?format=json" "tx169ed6bc23d142148525f-0069ba6dc8" "proxy-server 12" 0.0005 "-" 21 -
Mar 18 09:18:00 standalone account-server[114680]: 172.20.0.31 - - [18/Mar/2026:09:18:00 +0000] "GET /d1/548/AUTH_ad158f07b3154795a0f2e4c5d76b9995" 404 - "GET http://swift-internal.openstack.svc:8080/v1/AUTH_ad158f07b3154795a0f2e4c5d76b9995?format=json" "tx8bbe710f65fc4e7a83334-0069ba6dc8" "proxy-server 12" 0.0006 "-" 22 -
Mar 18 09:18:00 standalone account-server[114687]: 172.20.0.31 - - [18/Mar/2026:09:18:00 +0000] "GET /d1/45/AUTH_b86de37813fb4c60b833bf2a67dea17f" 404 - "GET http://swift-internal.openstack.svc:8080/v1/AUTH_b86de37813fb4c60b833bf2a67dea17f?format=json" "txc1baa2c8b0fc41e8bfc3a-0069ba6dc8" "proxy-server 10" 0.0004 "-" 23 -
Mar 18 09:18:01 standalone account-server[114680]: 172.20.0.31 - - [18/Mar/2026:09:18:01 +0000] "GET /d1/657/AUTH_bba9941f9cfa466fa1c31d8711d72a43" 404 - "GET http://swift-internal.openstack.svc:8080/v1/AUTH_bba9941f9cfa466fa1c31d8711d72a43?format=json" "tx8aa5be73cdd74c1383e32-0069ba6dc8" "proxy-server 15" 0.0005 "-" 22 -
Mar 18 09:18:01 standalone account-server[114677]: 172.20.0.31 - - [18/Mar/2026:09:18:01 +0000] "GET /d1/626/AUTH_bfe9e349abe44a48bf224951354ad8f6" 200 99 "GET http://swift-internal.openstack.svc:8080/v1/AUTH_bfe9e349abe44a48bf224951354ad8f6?format=json" "tx0f99ba141c3a49928f7a9-0069ba6dc9" "proxy-server 10" 0.0027 "-" 20 -
Mar 18 09:18:01 standalone account-server[114680]: 172.20.0.31 - - [18/Mar/2026:09:18:01 +0000] "GET /d1/147/AUTH_cc66d4271b11472a9723ea3ce233135f" 404 - "GET http://swift-internal.openstack.svc:8080/v1/AUTH_cc66d4271b11472a9723ea3ce233135f?format=json" "txd7bdd7f9ed85419a8064f-0069ba6dc9" "proxy-server 12" 0.0006 "-" 22 -
Mar 18 09:18:01 standalone account-server[114679]: 172.20.0.31 - - [18/Mar/2026:09:18:01 +0000] "GET /d1/285/AUTH_cd6f34dad0d744aeb58294b32fea3084" 404 - "GET http://swift-internal.openstack.svc:8080/v1/AUTH_cd6f34dad0d744aeb58294b32fea3084?format=json" "txfb83caf8ec534a5fb0c35-0069ba6dc9" "proxy-server 12" 0.0007 "-" 21 -
Mar 18 09:18:01 standalone account-server[114679]: 172.20.0.31 - - [18/Mar/2026:09:18:01 +0000] "GET /d1/119/AUTH_fccd343c95ba471dbedc9c8c3d0e1064" 404 - "GET http://swift-internal.openstack.svc:8080/v1/AUTH_fccd343c95ba471dbedc9c8c3d0e1064?format=json" "txdfeb8d8867be45a89487d-0069ba6dc9" "proxy-server 12" 0.0005 "-" 21 -
Mar 18 09:18:02 standalone account-server[114679]: 172.20.0.100 - - [18/Mar/2026:09:18:02 +0000] "HEAD /d1/482/.expiring_objects" 404 - "HEAD http://localhost/v1/.expiring_objects?format=json" "tx3f3d3c79b7a545d38e0f4-0069ba6dca" "proxy-server 2" 0.0004 "-" 21 -
Mar 18 09:18:02 standalone object-expirer[114870]: Pass completed in 0s; 0 objects expired (txn: tx3f3d3c79b7a545d38e0f4-0069ba6dca)
Mar 18 09:18:30 standalone object-server[114770]: Begin object update sweep
Mar 18 09:18:30 standalone object-server[505968]: Object update sweep starting on /srv/node/d1 (pid: 29)
Mar 18 09:18:30 standalone object-server[505968]: Object update sweep completed on /srv/node/d1 in 0.00s seconds:, 0 successes, 0 failures, 0 quarantines, 0 unlinks, 0 errors, 0 redirects (pid: 29)
Mar 18 09:18:30 standalone object-server[505968]: Object update sweep of d1 completed: 0.00s, 0 successes, 0 failures, 0 quarantines, 0 unlinks, 0 errors, 0 redirects
Mar 18 09:18:30 standalone object-server[114770]: Object update sweep completed: 0.08s
Mar 18 09:20:11 standalone container-server[114455]: Begin container update sweep
Mar 18 09:20:11 standalone container-server[114455]: Container update sweep completed: 0.08s
Mar 18 09:20:26 standalone account-server[114680]: 172.20.0.31 - - [18/Mar/2026:09:20:26 +0000] "HEAD /d1/626/AUTH_bfe9e349abe44a48bf224951354ad8f6" 204 - "HEAD http://swift-internal.openstack.svc:8080/v1/AUTH_bfe9e349abe44a48bf224951354ad8f6?format=json" "tx320c6e2b9f2d438ea2135-0069ba6e5a" "proxy-server 10" 0.0025 "-" 22 -
Mar 18 09:20:27 standalone container-server[114713]: 172.20.0.31 - - [18/Mar/2026:09:20:27 +0000] "HEAD /d1/330/AUTH_bfe9e349abe44a48bf224951354ad8f6/glance" 204 - "HEAD http://swift-internal.openstack.svc:8080/v1/AUTH_bfe9e349abe44a48bf224951354ad8f6/glance?format=json&states=listing" "tx320c6e2b9f2d438ea2135-0069ba6e5a" "proxy-server 10" 0.0034 "-" 23 0
Mar 18 09:20:27 standalone container-server[114713]: 172.20.0.100 - - [18/Mar/2026:09:20:27 +0000] "PUT /d1/330/AUTH_bfe9e349abe44a48bf224951354ad8f6/glance/19496db0-2c77-4700-aa49-a365eb880faf-00001" 201 - "PUT http://swift-internal.openstack.svc:8080/d1/892/AUTH_bfe9e349abe44a48bf224951354ad8f6/glance/19496db0-2c77-4700-aa49-a365eb880faf-00001" "txa03813afde3a4c029853e-0069ba6e5b" "object-server 22" 0.0009 "-" 23 0
Mar 18 09:20:27 standalone object-server[114856]: 172.20.0.31 - - [18/Mar/2026:09:20:27 +0000] "PUT /d1/892/AUTH_bfe9e349abe44a48bf224951354ad8f6/glance/19496db0-2c77-4700-aa49-a365eb880faf-00001" 201 - "PUT http://swift-internal.openstack.svc:8080/v1/AUTH_bfe9e349abe44a48bf224951354ad8f6/glance/19496db0-2c77-4700-aa49-a365eb880faf-00001" "txa03813afde3a4c029853e-0069ba6e5b" "proxy-server 10" 0.2514 "-" 22 0
Mar 18 09:20:27 standalone container-server[114713]: 172.20.0.100 - - [18/Mar/2026:09:20:27 +0000] "PUT /d1/330/AUTH_bfe9e349abe44a48bf224951354ad8f6/glance/19496db0-2c77-4700-aa49-a365eb880faf" 201 - "PUT http://swift-internal.openstack.svc:8080/d1/257/AUTH_bfe9e349abe44a48bf224951354ad8f6/glance/19496db0-2c77-4700-aa49-a365eb880faf" "txb7833b2da0344b779ae02-0069ba6e5b" "object-server 23" 0.0006 "-" 23 0
Mar 18 09:20:27 standalone object-server[114857]: 172.20.0.31 - - [18/Mar/2026:09:20:27 +0000] "PUT /d1/257/AUTH_bfe9e349abe44a48bf224951354ad8f6/glance/19496db0-2c77-4700-aa49-a365eb880faf" 201 - "PUT http://swift-internal.openstack.svc:8080/v1/AUTH_bfe9e349abe44a48bf224951354ad8f6/glance/19496db0-2c77-4700-aa49-a365eb880faf" "txb7833b2da0344b779ae02-0069ba6e5b" "proxy-server 10" 0.0114 "-" 23 0
Mar 18 09:20:27 standalone object-server[114858]: 172.20.0.31 - - [18/Mar/2026:09:20:27 +0000] "HEAD /d1/257/AUTH_bfe9e349abe44a48bf224951354ad8f6/glance/19496db0-2c77-4700-aa49-a365eb880faf" 200 - "HEAD http://swift-internal.openstack.svc:8080/v1/AUTH_bfe9e349abe44a48bf224951354ad8f6/glance/19496db0-2c77-4700-aa49-a365eb880faf" "tx0302fc35136042ae926ef-0069ba6e5b" "proxy-server 10" 0.0009 "-" 24 0
Mar 18 09:20:27 standalone container-server[114713]: 172.20.0.31 - - [18/Mar/2026:09:20:27 +0000] "GET /d1/330/AUTH_bfe9e349abe44a48bf224951354ad8f6/glance" 200 210 "GET http://swift-internal.openstack.svc:8080/v1/AUTH_bfe9e349abe44a48bf224951354ad8f6/glance?prefix=19496db0-2c77-4700-aa49-a365eb880faf-&format=json&states=listing" "tx0302fc35136042ae926ef-0069ba6e5b" "proxy-server 10" 0.0085 "-" 23 0
Mar 18 09:20:27 standalone container-server[114711]: 172.20.0.31 - - [18/Mar/2026:09:20:27 +0000] "GET /d1/330/AUTH_bfe9e349abe44a48bf224951354ad8f6/glance" 200 210 "GET http://swift-internal.openstack.svc:8080/v1/AUTH_bfe9e349abe44a48bf224951354ad8f6/glance?format=json&prefix=19496db0-2c77-4700-aa49-a365eb880faf-&states=listing" "tx0d9bb1a8fadc452a9374d-0069ba6e5b" "proxy-server 10" 0.0043 "-" 22 0
Mar 18 09:20:27 standalone container-server[114704]: 172.20.0.100 - - [18/Mar/2026:09:20:27 +0000] "DELETE /d1/330/AUTH_bfe9e349abe44a48bf224951354ad8f6/glance/19496db0-2c77-4700-aa49-a365eb880faf-00001" 204 - "DELETE http://swift-internal.openstack.svc:8080/d1/892/AUTH_bfe9e349abe44a48bf224951354ad8f6/glance/19496db0-2c77-4700-aa49-a365eb880faf-00001" "tx081802ea6ffc440586d83-0069ba6e5b" "object-server 24" 0.0008 "-" 20 0
Mar 18 09:20:27 standalone object-server[114858]: 172.20.0.31 - - [18/Mar/2026:09:20:27 +0000] "DELETE /d1/892/AUTH_bfe9e349abe44a48bf224951354ad8f6/glance/19496db0-2c77-4700-aa49-a365eb880faf-00001" 204 - "DELETE http://swift-internal.openstack.svc:8080/v1/AUTH_bfe9e349abe44a48bf224951354ad8f6/glance/19496db0-2c77-4700-aa49-a365eb880faf-00001" "tx081802ea6ffc440586d83-0069ba6e5b" "proxy-server 10" 0.0090 "-" 24 0
Mar 18 09:20:27 standalone container-server[114711]: 172.20.0.100 - - [18/Mar/2026:09:20:27 +0000] "DELETE /d1/330/AUTH_bfe9e349abe44a48bf224951354ad8f6/glance/19496db0-2c77-4700-aa49-a365eb880faf" 204 - "DELETE http://swift-internal.openstack.svc:8080/d1/257/AUTH_bfe9e349abe44a48bf224951354ad8f6/glance/19496db0-2c77-4700-aa49-a365eb880faf" "tx2fa0cb1edbb5462ebb2fc-0069ba6e5b" "object-server 21" 0.0006 "-" 22 0
Mar 18 09:20:27 standalone object-server[114854]: 172.20.0.31 - - [18/Mar/2026:09:20:27 +0000] "DELETE /d1/257/AUTH_bfe9e349abe44a48bf224951354ad8f6/glance/19496db0-2c77-4700-aa49-a365eb880faf" 204 - "DELETE http://swift-internal.openstack.svc:8080/v1/AUTH_bfe9e349abe44a48bf224951354ad8f6/glance/19496db0-2c77-4700-aa49-a365eb880faf" "tx2fa0cb1edbb5462ebb2fc-0069ba6e5b" "proxy-server 10" 0.0077 "-" 21 0
Mar 18 09:21:06 standalone account-server[114679]: 172.20.0.100 - - [18/Mar/2026:09:21:06 +0000] "HEAD /d1/482/.expiring_objects" 404 - "HEAD http://localhost/v1/.expiring_objects?format=json" "txbbf7ffbac4d94029abff3-0069ba6e82" "proxy-server 2" 0.0008 "-" 21 -
Mar 18 09:21:06 standalone object-expirer[114870]: Pass completed in 0s; 0 objects expired (txn: txbbf7ffbac4d94029abff3-0069ba6e82)