Jan 28 16:55:11 standalone account-server[122060]: Starting 2
Jan 28 16:55:12 standalone account-server[122182]: Started child 20 from parent 2
Jan 28 16:55:12 standalone container-server[122332]: Starting 2
Jan 28 16:55:12 standalone account-server[122182]: Started child 21 from parent 2
Jan 28 16:55:12 standalone container-server[122176]: Option allow_versions is deprecated. Configure the versioned_writes middleware in the proxy-server instead. This option will be ignored in a future release.
Jan 28 16:55:12 standalone account-server[122182]: Started child 22 from parent 2
Jan 28 16:55:12 standalone container-server[122477]: Option allow_versions is deprecated. Configure the versioned_writes middleware in the proxy-server instead. This option will be ignored in a future release.
Jan 28 16:55:12 standalone container-server[122176]: Started child 20 from parent 2
Jan 28 16:55:12 standalone account-server[122182]: Started child 23 from parent 2
Jan 28 16:55:12 standalone container-server[122496]: Option allow_versions is deprecated. Configure the versioned_writes middleware in the proxy-server instead. This option will be ignored in a future release.
Jan 28 16:55:12 standalone container-server[122176]: Started child 21 from parent 2
Jan 28 16:55:12 standalone container-server[122504]: Option allow_versions is deprecated. Configure the versioned_writes middleware in the proxy-server instead. This option will be ignored in a future release.
Jan 28 16:55:12 standalone container-server[122176]: Started child 22 from parent 2
Jan 28 16:55:12 standalone container-server[122513]: Option allow_versions is deprecated. Configure the versioned_writes middleware in the proxy-server instead. This option will be ignored in a future release.
Jan 28 16:55:12 standalone container-server[122176]: Started child 23 from parent 2
Jan 28 16:55:12 standalone object-expirer[122447]: Starting 2
Jan 28 16:55:12 standalone object-expirer[122447]: Option auto_create_account_prefix is deprecated. Configure auto_create_account_prefix under the swift-constraints section of swift.conf. This option will be ignored in a future release.
Jan 28 16:55:13 standalone object-server[122549]: Started child 22 from parent 2
Jan 28 16:55:13 standalone object-server[122581]: Starting 2
Jan 28 16:55:13 standalone object-server[122549]: Started child 23 from parent 2
Jan 28 16:55:13 standalone object-server[122549]: Started child 24 from parent 2
Jan 28 16:55:13 standalone object-server[122549]: Started child 25 from parent 2
Jan 28 16:55:20 standalone proxy-server[124332]: Starting Keystone auth_token middleware
Jan 28 16:55:20 standalone proxy-server[124332]: AuthToken middleware is set with keystone_authtoken.service_token_roles_required set to False. This is backwards compatible but deprecated behaviour. Please set this to True.
Jan 28 16:55:20 standalone proxy-server[124607]: Starting Keystone auth_token middleware
Jan 28 16:55:20 standalone proxy-server[124607]: STDERR: The option "bind_port" is not known to keystonemiddleware
Jan 28 16:55:20 standalone proxy-server[124607]: STDERR: The option "workers" is not known to keystonemiddleware
Jan 28 16:55:20 standalone proxy-server[124607]: STDERR: The option "user" is not known to keystonemiddleware
Jan 28 16:55:20 standalone proxy-server[124607]: STDERR: The option "bind_ip" is not known to keystonemiddleware
Jan 28 16:55:20 standalone proxy-server[124607]: STDERR: The option "log_name" is not known to keystonemiddleware
Jan 28 16:55:20 standalone proxy-server[124607]: STDERR: The option "log_facility" is not known to keystonemiddleware
Jan 28 16:55:20 standalone proxy-server[124607]: STDERR: The option "log_level" is not known to keystonemiddleware
Jan 28 16:55:20 standalone proxy-server[124607]: STDERR: The option "log_headers" is not known to keystonemiddleware
Jan 28 16:55:20 standalone proxy-server[124607]: STDERR: The option "log_address" is not known to keystonemiddleware
Jan 28 16:55:20 standalone proxy-server[124607]: STDERR: The option "project_name" is not known to keystonemiddleware
Jan 28 16:55:20 standalone proxy-server[124607]: STDERR: The option "username" is not known to keystonemiddleware
Jan 28 16:55:20 standalone proxy-server[124607]: STDERR: The option "password" is not known to keystonemiddleware
Jan 28 16:55:20 standalone proxy-server[124607]: STDERR: The option "auth_url" is not known to keystonemiddleware
Jan 28 16:55:20 standalone proxy-server[124607]: STDERR: The option "signing_dir" is not known to keystonemiddleware
Jan 28 16:55:20 standalone proxy-server[124607]: STDERR: The option "project_domain_id" is not known to keystonemiddleware
Jan 28 16:55:20 standalone proxy-server[124607]: STDERR: The option "user_domain_id" is not known to keystonemiddleware
Jan 28 16:55:20 standalone proxy-server[124607]: STDERR: The option "__name__" is not known to keystonemiddleware
Jan 28 16:55:20 standalone proxy-server[124607]: AuthToken middleware is set with keystone_authtoken.service_token_roles_required set to False. This is backwards compatible but deprecated behaviour. Please set this to True.
Jan 28 16:55:20 standalone proxy-server[124332]: Started child 21 from parent 2
Jan 28 16:57:58 standalone account-server[122060]: Devices pass completed: 0.00s
Jan 28 16:58:37 standalone object-server[122581]: Begin object update sweep
Jan 28 16:58:37 standalone object-server[146309]: Object update sweep starting on /srv/node/d1 (pid: 11)
Jan 28 16:58:37 standalone object-server[146309]: Object update sweep completed on /srv/node/d1 in 0.00s seconds:, 0 successes, 0 failures, 0 quarantines, 0 unlinks, 0 errors, 0 redirects (pid: 11)
Jan 28 16:58:37 standalone object-server[146309]: Object update sweep of d1 completed: 0.00s, 0 successes, 0 failures, 0 quarantines, 0 unlinks, 0 errors, 0 redirects
Jan 28 16:58:37 standalone object-server[122581]: Object update sweep completed: 0.07s
Jan 28 16:59:54 standalone account-server[122475]: 172.20.0.100 - - [28/Jan/2026:16:59:54 +0000] "HEAD /d1/644/.expiring_objects" 404 - "HEAD http://localhost/v1/.expiring_objects?format=json" "txa81072bf4a2849af8b267-00697a408a" "proxy-server 2" 0.0017 "-" 22 -
Jan 28 16:59:54 standalone object-expirer[122447]: Pass completed in 0s; 0 objects expired (txn: txa81072bf4a2849af8b267-00697a408a)
Jan 28 17:00:02 standalone container-server[122332]: Begin container update sweep
Jan 28 17:00:02 standalone container-server[122332]: Container update sweep completed: 0.00s
Jan 28 17:01:44 standalone account-server[122475]: 172.20.0.100 - - [28/Jan/2026:17:01:44 +0000] "HEAD /d1/441/AUTH_91b6b1428bbb47ceba8e3cd29a2c760e" 404 - "HEAD http://localhost:8080/v1/AUTH_91b6b1428bbb47ceba8e3cd29a2c760e?format=json" "tx2f97877e81b242e884ee6-00697a40f8" "proxy-server 21" 0.0007 "-" 22 -
Jan 28 17:01:44 standalone proxy-server[124607]: - - 28/Jan/2026/17/01/44 HEAD /v1/AUTH_91b6b1428bbb47ceba8e3cd29a2c760e%3Fformat%3Djson HTTP/1.0 200 - Swift - - - - tx2f97877e81b242e884ee6-00697a40f8 - 0.0051 RL - 1769619704.265966415 1769619704.271023512 -
Jan 28 17:01:44 standalone proxy-server[124607]: 172.18.0.2 ::1 28/Jan/2026/17/01/44 HEAD /v1/AUTH_91b6b1428bbb47ceba8e3cd29a2c760e/glance%3Fformat%3Djson HTTP/1.0 404 - python-swiftclient-3.11.1 gAAAAABpekD4uKe9... - - - tx2f97877e81b242e884ee6-00697a40f8 - 0.4914 - - 1769619704.261104584 1769619704.752496719 -
Jan 28 17:01:44 standalone account-server[122487]: 172.20.0.100 - - [28/Jan/2026:17:01:44 +0000] "PUT /d1/441/AUTH_91b6b1428bbb47ceba8e3cd29a2c760e" 201 - "-" "txb9ce2eb1002b4435b3546-00697a40f8" "-" 0.0127 "-" 23 -
Jan 28 17:01:44 standalone proxy-server[124607]: autocreate account '/AUTH_91b6b1428bbb47ceba8e3cd29a2c760e' (txn: txb9ce2eb1002b4435b3546-00697a40f8)
Jan 28 17:01:44 standalone account-server[122461]: 172.20.0.100 - - [28/Jan/2026:17:01:44 +0000] "HEAD /d1/441/AUTH_91b6b1428bbb47ceba8e3cd29a2c760e" 204 - "HEAD http://localhost:8080/v1/AUTH_91b6b1428bbb47ceba8e3cd29a2c760e?format=json" "txb9ce2eb1002b4435b3546-00697a40f8" "proxy-server 21" 0.0020 "-" 20 -
Jan 28 17:01:44 standalone account-server[122487]: 172.20.0.100 - - [28/Jan/2026:17:01:44 +0000] "PUT /d1/441/AUTH_91b6b1428bbb47ceba8e3cd29a2c760e/glance" 201 - "PUT http://172.20.0.100:6001/d1/879/AUTH_91b6b1428bbb47ceba8e3cd29a2c760e/glance" "txb9ce2eb1002b4435b3546-00697a40f8" "container-server 23" 0.0012 "-" 23 0
Jan 28 17:01:44 standalone container-server[122513]: 172.20.0.100 - - [28/Jan/2026:17:01:44 +0000] "PUT /d1/879/AUTH_91b6b1428bbb47ceba8e3cd29a2c760e/glance" 201 - "PUT http://localhost:8080/v1/AUTH_91b6b1428bbb47ceba8e3cd29a2c760e/glance" "txb9ce2eb1002b4435b3546-00697a40f8" "proxy-server 21" 0.0120 "-" 23 0
Jan 28 17:01:44 standalone proxy-server[124607]: 172.18.0.2 ::1 28/Jan/2026/17/01/44 PUT /v1/AUTH_91b6b1428bbb47ceba8e3cd29a2c760e/glance HTTP/1.0 201 - python-swiftclient-3.11.1 gAAAAABpekD4uKe9... - - - txb9ce2eb1002b4435b3546-00697a40f8 - 0.0439 - - 1769619704.757052422 1769619704.800904274 0
Jan 28 17:01:44 standalone container-server[122513]: 172.20.0.100 - - [28/Jan/2026:17:01:44 +0000] "HEAD /d1/879/AUTH_91b6b1428bbb47ceba8e3cd29a2c760e/glance" 204 - "HEAD http://localhost:8080/v1/AUTH_91b6b1428bbb47ceba8e3cd29a2c760e/glance?format=json&states=listing" "tx4805f4de75fe44e8819f4-00697a40f8" "proxy-server 21" 0.0011 "-" 23 0
Jan 28 17:01:44 standalone proxy-server[124607]: - - 28/Jan/2026/17/01/44 HEAD /v1/AUTH_91b6b1428bbb47ceba8e3cd29a2c760e/glance%3Fformat%3Djson%26states%3Dlisting HTTP/1.0 204 - Swift - - - - tx4805f4de75fe44e8819f4-00697a40f8 - 0.0038 RL - 1769619704.806054831 1769619704.809900761 0
Jan 28 17:02:05 standalone container-server[122504]: 172.20.0.100 - - [28/Jan/2026:17:02:05 +0000] "PUT /d1/879/AUTH_91b6b1428bbb47ceba8e3cd29a2c760e/glance/2f023fa6-4a2b-42d1-af35-a96cf87d1768" 201 - "PUT http://localhost:8080/d1/78/AUTH_91b6b1428bbb47ceba8e3cd29a2c760e/glance/2f023fa6-4a2b-42d1-af35-a96cf87d1768" "tx4805f4de75fe44e8819f4-00697a40f8" "object-server 22" 0.0016 "-" 22 0
Jan 28 17:02:05 standalone object-server[122657]: 172.20.0.100 - - [28/Jan/2026:17:02:05 +0000] "PUT /d1/78/AUTH_91b6b1428bbb47ceba8e3cd29a2c760e/glance/2f023fa6-4a2b-42d1-af35-a96cf87d1768" 201 - "PUT http://localhost:8080/v1/AUTH_91b6b1428bbb47ceba8e3cd29a2c760e/glance/2f023fa6-4a2b-42d1-af35-a96cf87d1768" "tx4805f4de75fe44e8819f4-00697a40f8" "proxy-server 21" 20.3252 "-" 22 0
Jan 28 17:02:05 standalone proxy-server[124607]: 172.18.0.2 ::1 28/Jan/2026/17/02/05 PUT /v1/AUTH_91b6b1428bbb47ceba8e3cd29a2c760e/glance/2f023fa6-4a2b-42d1-af35-a96cf87d1768 HTTP/1.0 201 - python-swiftclient-3.11.1 gAAAAABpekD4uKe9... 1481900032 - - tx4805f4de75fe44e8819f4-00697a40f8 - 20.3406 - - 1769619704.805269957 1769619725.145893097 0
Jan 28 17:02:38 standalone account-server[122475]: 172.20.0.100 - - [28/Jan/2026:17:02:38 +0000] "HEAD /d1/644/.expiring_objects" 404 - "HEAD http://localhost/v1/.expiring_objects?format=json" "tx4131b5bb7a1542158ef1c-00697a412e" "proxy-server 2" 0.0007 "-" 22 -
Jan 28 17:02:38 standalone object-expirer[122447]: Pass completed in 0s; 0 objects expired (txn: tx4131b5bb7a1542158ef1c-00697a412e)
Jan 28 17:03:37 standalone object-server[122581]: Begin object update sweep
Jan 28 17:03:37 standalone object-server[186063]: Object update sweep starting on /srv/node/d1 (pid: 13)
Jan 28 17:03:37 standalone object-server[186063]: Object update sweep completed on /srv/node/d1 in 0.00s seconds:, 0 successes, 0 failures, 0 quarantines, 0 unlinks, 0 errors, 0 redirects (pid: 13)
Jan 28 17:03:37 standalone object-server[186063]: Object update sweep of d1 completed: 0.00s, 0 successes, 0 failures, 0 quarantines, 0 unlinks, 0 errors, 0 redirects
Jan 28 17:03:37 standalone object-server[122581]: Object update sweep completed: 0.08s
Jan 28 17:03:57 standalone account-server[122461]: 172.20.0.100 - - [28/Jan/2026:17:03:57 +0000] "HEAD /d1/644/.expiring_objects" 404 - "HEAD http://localhost/v1/.expiring_objects?format=json" "txedd194a402c146d5b215f-00697a417d" "proxy-server 2" 0.0008 "-" 20 -
Jan 28 17:03:57 standalone object-expirer[122447]: Pass completed in 0s; 0 objects expired (txn: txedd194a402c146d5b215f-00697a417d)
Jan 28 17:05:03 standalone container-server[122332]: Begin container update sweep
Jan 28 17:05:03 standalone account-server[122475]: 172.20.0.100 - - [28/Jan/2026:17:05:03 +0000] "PUT /d1/441/AUTH_91b6b1428bbb47ceba8e3cd29a2c760e/glance" 201 - "-" "-" "container-updater 2" 0.0013 "-" 22 0
Jan 28 17:05:03 standalone container-server[122332]: Container update sweep completed: 0.11s
Jan 28 17:06:44 standalone account-server[122468]: 172.20.0.100 - - [28/Jan/2026:17:06:44 +0000] "HEAD /d1/441/AUTH_91b6b1428bbb47ceba8e3cd29a2c760e" 204 - "HEAD http://localhost:8080/v1/AUTH_91b6b1428bbb47ceba8e3cd29a2c760e?format=json" "txedf4c98baa0d497fad230-00697a4224" "proxy-server 21" 0.0108 "-" 21 -
Jan 28 17:06:44 standalone proxy-server[124607]: - - 28/Jan/2026/17/06/44 HEAD /v1/AUTH_91b6b1428bbb47ceba8e3cd29a2c760e%3Fformat%3Djson HTTP/1.0 204 - Swift - - - - txedf4c98baa0d497fad230-00697a4224 - 0.0153 RL - 1769620004.251354218 1769620004.266698599 -
Jan 28 17:06:44 standalone container-server[122504]: 172.20.0.100 - - [28/Jan/2026:17:06:44 +0000] "HEAD /d1/879/AUTH_91b6b1428bbb47ceba8e3cd29a2c760e/glance" 204 - "HEAD http://localhost:8080/v1/AUTH_91b6b1428bbb47ceba8e3cd29a2c760e/glance?format=json&states=listing" "txedf4c98baa0d497fad230-00697a4224" "proxy-server 21" 0.0021 "-" 22 0
Jan 28 17:06:44 standalone proxy-server[124607]: 172.18.0.2 ::1 28/Jan/2026/17/06/44 HEAD /v1/AUTH_91b6b1428bbb47ceba8e3cd29a2c760e/glance%3Fformat%3Djson%26states%3Dlisting HTTP/1.0 204 - python-swiftclient-3.11.1 gAAAAABpekIkghAo... - - - txedf4c98baa0d497fad230-00697a4224 - 0.1097 - - 1769620004.250420570 1769620004.360087872 0
Jan 28 17:06:47 standalone container-server[122513]: 172.20.0.100 - - [28/Jan/2026:17:06:47 +0000] "PUT /d1/879/AUTH_91b6b1428bbb47ceba8e3cd29a2c760e/glance/cffcd247-43f3-42e1-85e9-756e9e0b8426-00001" 201 - "PUT http://localhost:8080/d1/562/AUTH_91b6b1428bbb47ceba8e3cd29a2c760e/glance/cffcd247-43f3-42e1-85e9-756e9e0b8426-00001" "txa6df6a57d9ad4d6481690-00697a4224" "object-server 24" 0.0008 "-" 23 0
Jan 28 17:06:47 standalone object-server[122663]: 172.20.0.100 - - [28/Jan/2026:17:06:47 +0000] "PUT /d1/562/AUTH_91b6b1428bbb47ceba8e3cd29a2c760e/glance/cffcd247-43f3-42e1-85e9-756e9e0b8426-00001" 201 - "PUT http://localhost:8080/v1/AUTH_91b6b1428bbb47ceba8e3cd29a2c760e/glance/cffcd247-43f3-42e1-85e9-756e9e0b8426-00001" "txa6df6a57d9ad4d6481690-00697a4224" "proxy-server 21" 2.6672 "-" 24 0
Jan 28 17:06:47 standalone proxy-server[124607]: 172.18.0.2 ::1 28/Jan/2026/17/06/47 PUT /v1/AUTH_91b6b1428bbb47ceba8e3cd29a2c760e/glance/cffcd247-43f3-42e1-85e9-756e9e0b8426-00001 HTTP/1.0 201 - python-swiftclient-3.11.1 gAAAAABpekIkghAo... 21692416 - - txa6df6a57d9ad4d6481690-00697a4224 - 2.6826 - - 1769620004.388070822 1769620007.070699692 0
Jan 28 17:06:47 standalone container-server[122496]: 172.20.0.100 - - [28/Jan/2026:17:06:47 +0000] "PUT /d1/879/AUTH_91b6b1428bbb47ceba8e3cd29a2c760e/glance/cffcd247-43f3-42e1-85e9-756e9e0b8426" 201 - "PUT http://localhost:8080/d1/783/AUTH_91b6b1428bbb47ceba8e3cd29a2c760e/glance/cffcd247-43f3-42e1-85e9-756e9e0b8426" "tx356787f20f164360b9383-00697a4227" "object-server 24" 0.0016 "-" 21 0
Jan 28 17:06:47 standalone object-server[122663]: 172.20.0.100 - - [28/Jan/2026:17:06:47 +0000] "PUT /d1/783/AUTH_91b6b1428bbb47ceba8e3cd29a2c760e/glance/cffcd247-43f3-42e1-85e9-756e9e0b8426" 201 - "PUT http://localhost:8080/v1/AUTH_91b6b1428bbb47ceba8e3cd29a2c760e/glance/cffcd247-43f3-42e1-85e9-756e9e0b8426" "tx356787f20f164360b9383-00697a4227" "proxy-server 21" 0.0125 "-" 24 0
Jan 28 17:06:47 standalone proxy-server[124607]: 172.18.0.2 ::1 28/Jan/2026/17/06/47 PUT /v1/AUTH_91b6b1428bbb47ceba8e3cd29a2c760e/glance/cffcd247-43f3-42e1-85e9-756e9e0b8426 HTTP/1.0 201 - python-swiftclient-3.11.1 gAAAAABpekIkghAo... - - - tx356787f20f164360b9383-00697a4227 - 0.0190 - - 1769620007.082127333 1769620007.101112366 0
Jan 28 17:06:47 standalone container-server[122504]: 172.20.0.100 - - [28/Jan/2026:17:06:47 +0000] "HEAD /d1/671/AUTH_91b6b1428bbb47ceba8e3cd29a2c760e/gnocchi.2f30a81f-d714-4c9f-81c3-38b99ab685c0" 404 - "HEAD http://localhost:8080/v1/AUTH_91b6b1428bbb47ceba8e3cd29a2c760e/gnocchi.2f30a81f-d714-4c9f-81c3-38b99ab685c0?format=json&states=listing" "tx8efe3392ceef44d3863e8-00697a4227" "proxy-server 21" 0.0008 "-" 22 0
Jan 28 17:06:47 standalone object-server[122664]: 172.20.0.100 - - [28/Jan/2026:17:06:47 +0000] "GET /d1/33/AUTH_91b6b1428bbb47ceba8e3cd29a2c760e/gnocchi.2f30a81f-d714-4c9f-81c3-38b99ab685c0/none_v3" 404 70 "GET http://localhost:8080/v1/AUTH_91b6b1428bbb47ceba8e3cd29a2c760e/gnocchi.2f30a81f-d714-4c9f-81c3-38b99ab685c0/none_v3" "tx8efe3392ceef44d3863e8-00697a4227" "proxy-server 21" 0.0014 "-" 25 0
Jan 28 17:06:47 standalone proxy-server[124607]: 172.18.0.2 ::1 28/Jan/2026/17/06/47 GET /v1/AUTH_91b6b1428bbb47ceba8e3cd29a2c760e/gnocchi.2f30a81f-d714-4c9f-81c3-38b99ab685c0/none_v3 HTTP/1.0 404 - python-swiftclient-3.11.1 gAAAAABpekInNEdc... - 70 - tx8efe3392ceef44d3863e8-00697a4227 - 0.0648 - - 1769620007.803165913 1769620007.868004084 0
Jan 28 17:06:47 standalone account-server[122468]: 172.20.0.100 - - [28/Jan/2026:17:06:47 +0000] "PUT /d1/441/AUTH_91b6b1428bbb47ceba8e3cd29a2c760e/gnocchi.2f30a81f-d714-4c9f-81c3-38b99ab685c0" 201 - "PUT http://172.20.0.100:6001/d1/671/AUTH_91b6b1428bbb47ceba8e3cd29a2c760e/gnocchi.2f30a81f-d714-4c9f-81c3-38b99ab685c0" "tx462e44f6e75b4e74b27ce-00697a4227" "container-server 22" 0.0012 "-" 21 0
Jan 28 17:06:47 standalone container-server[122504]: 172.20.0.100 - - [28/Jan/2026:17:06:47 +0000] "PUT /d1/671/AUTH_91b6b1428bbb47ceba8e3cd29a2c760e/gnocchi.2f30a81f-d714-4c9f-81c3-38b99ab685c0" 201 - "PUT http://localhost:8080/v1/AUTH_91b6b1428bbb47ceba8e3cd29a2c760e/gnocchi.2f30a81f-d714-4c9f-81c3-38b99ab685c0" "tx462e44f6e75b4e74b27ce-00697a4227" "proxy-server 21" 0.0124 "-" 22 0
Jan 28 17:06:47 standalone proxy-server[124607]: 172.18.0.2 ::1 28/Jan/2026/17/06/47 PUT /v1/AUTH_91b6b1428bbb47ceba8e3cd29a2c760e/gnocchi.2f30a81f-d714-4c9f-81c3-38b99ab685c0 HTTP/1.0 201 - python-swiftclient-3.11.1 gAAAAABpekInNEdc... - - - tx462e44f6e75b4e74b27ce-00697a4227 - 0.0199 - - 1769620007.874035358 1769620007.893932104 0
Jan 28 17:06:47 standalone container-server[122504]: 172.20.0.100 - - [28/Jan/2026:17:06:47 +0000] "HEAD /d1/671/AUTH_91b6b1428bbb47ceba8e3cd29a2c760e/gnocchi.2f30a81f-d714-4c9f-81c3-38b99ab685c0" 204 - "HEAD http://localhost:8080/v1/AUTH_91b6b1428bbb47ceba8e3cd29a2c760e/gnocchi.2f30a81f-d714-4c9f-81c3-38b99ab685c0?format=json&states=listing" "tx1bc6263a7f1a47f6a7a69-00697a4227" "proxy-server 21" 0.0015 "-" 22 0
Jan 28 17:06:47 standalone proxy-server[124607]: - - 28/Jan/2026/17/06/47 HEAD /v1/AUTH_91b6b1428bbb47ceba8e3cd29a2c760e/gnocchi.2f30a81f-d714-4c9f-81c3-38b99ab685c0%3Fformat%3Djson%26states%3Dlisting HTTP/1.0 204 - Swift - - - - tx1bc6263a7f1a47f6a7a69-00697a4227 - 0.0070 RL - 1769620007.907016039 1769620007.914038181 0
Jan 28 17:06:47 standalone container-server[122504]: 172.20.0.100 - - [28/Jan/2026:17:06:47 +0000] "GET /d1/671/AUTH_91b6b1428bbb47ceba8e3cd29a2c760e/gnocchi.2f30a81f-d714-4c9f-81c3-38b99ab685c0" 200 2 "GET http://localhost:8080/v1/AUTH_91b6b1428bbb47ceba8e3cd29a2c760e/gnocchi.2f30a81f-d714-4c9f-81c3-38b99ab685c0?format=json&states=listing" "tx1bc6263a7f1a47f6a7a69-00697a4227" "proxy-server 21" 0.0023 "-" 22 0
Jan 28 17:06:47 standalone proxy-server[124607]: 172.18.0.2 ::1 28/Jan/2026/17/06/47 GET /v1/AUTH_91b6b1428bbb47ceba8e3cd29a2c760e/gnocchi.2f30a81f-d714-4c9f-81c3-38b99ab685c0%3Fformat%3Djson%26states%3Dlisting HTTP/1.0 200 - python-swiftclient-3.11.1 gAAAAABpekInNEdc... - 2 - tx1bc6263a7f1a47f6a7a69-00697a4227 - 0.0213 - - 1769620007.904666901 1769620007.926010609 0
Jan 28 17:06:47 standalone object-server[122663]: 172.20.0.100 - - [28/Jan/2026:17:06:47 +0000] "GET /d1/954/AUTH_91b6b1428bbb47ceba8e3cd29a2c760e/gnocchi.2f30a81f-d714-4c9f-81c3-38b99ab685c0/1769040000.0_mean_300.0_v3" 404 70 "GET http://localhost:8080/v1/AUTH_91b6b1428bbb47ceba8e3cd29a2c760e/gnocchi.2f30a81f-d714-4c9f-81c3-38b99ab685c0/1769040000.0_mean_300.0_v3" "tx1c6680ecfd514e0f80d3e-00697a4227" "proxy-server 21" 0.0003 "-" 24 0
Jan 28 17:06:47 standalone proxy-server[124607]: 172.18.0.2 ::1 28/Jan/2026/17/06/47 GET /v1/AUTH_91b6b1428bbb47ceba8e3cd29a2c760e/gnocchi.2f30a81f-d714-4c9f-81c3-38b99ab685c0/1769040000.0_mean_300.0_v3 HTTP/1.0 404 - python-swiftclient-3.11.1 gAAAAABpekInNEdc... - 70 - tx1c6680ecfd514e0f80d3e-00697a4227 - 0.0065 - - 1769620007.935306072 1769620007.941847086 0
Jan 28 17:06:47 standalone container-server[122477]: 172.20.0.100 - - [28/Jan/2026:17:06:47 +0000] "PUT /d1/671/AUTH_91b6b1428bbb47ceba8e3cd29a2c760e/gnocchi.2f30a81f-d714-4c9f-81c3-38b99ab685c0/1769040000.0_mean_300.0_v3" 201 - "PUT http://localhost:8080/d1/954/AUTH_91b6b1428bbb47ceba8e3cd29a2c760e/gnocchi.2f30a81f-d714-4c9f-81c3-38b99ab685c0/1769040000.0_mean_300.0_v3" "tx7db7500275aa430a9f6d3-00697a4227" "object-server 25" 0.0010 "-" 20 0
Jan 28 17:06:47 standalone object-server[122664]: 172.20.0.100 - - [28/Jan/2026:17:06:47 +0000] "PUT /d1/954/AUTH_91b6b1428bbb47ceba8e3cd29a2c760e/gnocchi.2f30a81f-d714-4c9f-81c3-38b99ab685c0/1769040000.0_mean_300.0_v3" 201 - "PUT http://localhost:8080/v1/AUTH_91b6b1428bbb47ceba8e3cd29a2c760e/gnocchi.2f30a81f-d714-4c9f-81c3-38b99ab685c0/1769040000.0_mean_300.0_v3" "tx7db7500275aa430a9f6d3-00697a4227" "proxy-server 21" 0.0301 "-" 25 0
Jan 28 17:06:47 standalone proxy-server[124607]: 172.18.0.2 ::1 28/Jan/2026/17/06/47 PUT /v1/AUTH_91b6b1428bbb47ceba8e3cd29a2c760e/gnocchi.2f30a81f-d714-4c9f-81c3-38b99ab685c0/1769040000.0_mean_300.0_v3 HTTP/1.0 201 - python-swiftclient-3.11.1 gAAAAABpekInNEdc... 16 - - tx7db7500275aa430a9f6d3-00697a4227 - 0.0382 - - 1769620007.947413683 1769620007.985651016 0
Jan 28 17:06:48 standalone container-server[122513]: 172.20.0.100 - - [28/Jan/2026:17:06:48 +0000] "PUT /d1/671/AUTH_91b6b1428bbb47ceba8e3cd29a2c760e/gnocchi.2f30a81f-d714-4c9f-81c3-38b99ab685c0/none_v3" 201 - "PUT http://localhost:8080/d1/33/AUTH_91b6b1428bbb47ceba8e3cd29a2c760e/gnocchi.2f30a81f-d714-4c9f-81c3-38b99ab685c0/none_v3" "tx6a800ecccfc541489dbe7-00697a4227" "object-server 25" 0.0005 "-" 23 0
Jan 28 17:06:48 standalone object-server[122664]: 172.20.0.100 - - [28/Jan/2026:17:06:48 +0000] "PUT /d1/33/AUTH_91b6b1428bbb47ceba8e3cd29a2c760e/gnocchi.2f30a81f-d714-4c9f-81c3-38b99ab685c0/none_v3" 201 - "PUT http://localhost:8080/v1/AUTH_91b6b1428bbb47ceba8e3cd29a2c760e/gnocchi.2f30a81f-d714-4c9f-81c3-38b99ab685c0/none_v3" "tx6a800ecccfc541489dbe7-00697a4227" "proxy-server 21" 0.0106 "-" 25 0
Jan 28 17:06:48 standalone proxy-server[124607]: 172.18.0.2 ::1 28/Jan/2026/17/06/48 PUT /v1/AUTH_91b6b1428bbb47ceba8e3cd29a2c760e/gnocchi.2f30a81f-d714-4c9f-81c3-38b99ab685c0/none_v3 HTTP/1.0 201 - python-swiftclient-3.11.1 gAAAAABpekInNEdc... 22 - - tx6a800ecccfc541489dbe7-00697a4227 - 0.0172 - - 1769620007.996469736 1769620008.013678312 0
Jan 28 17:07:17 standalone object-server[122657]: 172.20.0.100 - - [28/Jan/2026:17:07:17 +0000] "GET /d1/33/AUTH_91b6b1428bbb47ceba8e3cd29a2c760e/gnocchi.2f30a81f-d714-4c9f-81c3-38b99ab685c0/none_v3" 200 22 "GET http://localhost:8080/v1/AUTH_91b6b1428bbb47ceba8e3cd29a2c760e/gnocchi.2f30a81f-d714-4c9f-81c3-38b99ab685c0/none_v3" "tx374ee791016840fcadb34-00697a4245" "proxy-server 21" 0.0016 "-" 22 0
Jan 28 17:07:17 standalone proxy-server[124607]: 172.18.0.2 ::1 28/Jan/2026/17/07/17 GET /v1/AUTH_91b6b1428bbb47ceba8e3cd29a2c760e/gnocchi.2f30a81f-d714-4c9f-81c3-38b99ab685c0/none_v3 HTTP/1.0 200 - python-swiftclient-3.11.1 gAAAAABpekInNEdc... - 22 - tx374ee791016840fcadb34-00697a4245 - 0.0119 - - 1769620037.540666342 1769620037.552584887 0
Jan 28 17:07:17 standalone container-server[122513]: 172.20.0.100 - - [28/Jan/2026:17:07:17 +0000] "GET /d1/671/AUTH_91b6b1428bbb47ceba8e3cd29a2c760e/gnocchi.2f30a81f-d714-4c9f-81c3-38b99ab685c0" 200 357 "GET http://localhost:8080/v1/AUTH_91b6b1428bbb47ceba8e3cd29a2c760e/gnocchi.2f30a81f-d714-4c9f-81c3-38b99ab685c0?format=json&states=listing" "tx615ae1416c5f476eb96f9-00697a4245" "proxy-server 21" 0.0171 "-" 23 0
Jan 28 17:07:17 standalone proxy-server[124607]: 172.18.0.2 ::1 28/Jan/2026/17/07/17 GET /v1/AUTH_91b6b1428bbb47ceba8e3cd29a2c760e/gnocchi.2f30a81f-d714-4c9f-81c3-38b99ab685c0%3Fformat%3Djson%26states%3Dlisting HTTP/1.0 200 - python-swiftclient-3.11.1 gAAAAABpekInNEdc... - 357 - tx615ae1416c5f476eb96f9-00697a4245 - 0.0272 - - 1769620037.558191538 1769620037.585344553 0
Jan 28 17:07:17 standalone container-server[122477]: 172.20.0.100 - - [28/Jan/2026:17:07:17 +0000] "GET /d1/671/AUTH_91b6b1428bbb47ceba8e3cd29a2c760e/gnocchi.2f30a81f-d714-4c9f-81c3-38b99ab685c0" 200 2 "GET http://localhost:8080/v1/AUTH_91b6b1428bbb47ceba8e3cd29a2c760e/gnocchi.2f30a81f-d714-4c9f-81c3-38b99ab685c0?format=json&marker=none_v3&states=listing" "tx3c91d3772aaa4a3486880-00697a4245" "proxy-server 21" 0.0060 "-" 20 0
Jan 28 17:07:17 standalone proxy-server[124607]: 172.18.0.2 ::1 28/Jan/2026/17/07/17 GET /v1/AUTH_91b6b1428bbb47ceba8e3cd29a2c760e/gnocchi.2f30a81f-d714-4c9f-81c3-38b99ab685c0%3Fformat%3Djson%26marker%3Dnone_v3%26states%3Dlisting HTTP/1.0 200 - python-swiftclient-3.11.1 gAAAAABpekInNEdc... - 2 - tx3c91d3772aaa4a3486880-00697a4245 - 0.0172 - - 1769620037.590047598 1769620037.607263565 0
Jan 28 17:07:17 standalone account-server[122487]: 172.20.0.100 - - [28/Jan/2026:17:07:17 +0000] "HEAD /d1/644/.expiring_objects" 404 - "HEAD http://localhost/v1/.expiring_objects?format=json" "tx460423c24c114c3099876-00697a4245" "proxy-server 2" 0.0012 "-" 23 -
Jan 28 17:07:17 standalone object-expirer[122447]: Pass completed in 0s; 0 objects expired (txn: tx460423c24c114c3099876-00697a4245)
Jan 28 17:07:17 standalone object-server[122657]: 172.20.0.100 - - [28/Jan/2026:17:07:17 +0000] "GET /d1/954/AUTH_91b6b1428bbb47ceba8e3cd29a2c760e/gnocchi.2f30a81f-d714-4c9f-81c3-38b99ab685c0/1769040000.0_mean_300.0_v3" 200 16 "GET http://localhost:8080/v1/AUTH_91b6b1428bbb47ceba8e3cd29a2c760e/gnocchi.2f30a81f-d714-4c9f-81c3-38b99ab685c0/1769040000.0_mean_300.0_v3" "tx133bc9dc07114d378c4ae-00697a4245" "proxy-server 21" 0.0016 "-" 22 0
Jan 28 17:07:17 standalone proxy-server[124607]: 172.18.0.2 ::1 28/Jan/2026/17/07/17 GET /v1/AUTH_91b6b1428bbb47ceba8e3cd29a2c760e/gnocchi.2f30a81f-d714-4c9f-81c3-38b99ab685c0/1769040000.0_mean_300.0_v3 HTTP/1.0 200 - python-swiftclient-3.11.1 gAAAAABpekInNEdc... - 16 - tx133bc9dc07114d378c4ae-00697a4245 - 0.0176 - - 1769620037.619039774 1769620037.636664152 0
Jan 28 17:07:17 standalone container-server[122496]: 172.20.0.100 - - [28/Jan/2026:17:07:17 +0000] "PUT /d1/671/AUTH_91b6b1428bbb47ceba8e3cd29a2c760e/gnocchi.2f30a81f-d714-4c9f-81c3-38b99ab685c0/1769040000.0_mean_300.0_v3" 201 - "PUT http://localhost:8080/d1/954/AUTH_91b6b1428bbb47ceba8e3cd29a2c760e/gnocchi.2f30a81f-d714-4c9f-81c3-38b99ab685c0/1769040000.0_mean_300.0_v3" "tx574ca9375a134b1cb4043-00697a4245" "object-server 24" 0.0009 "-" 21 0
Jan 28 17:07:17 standalone object-server[122663]: 172.20.0.100 - - [28/Jan/2026:17:07:17 +0000] "PUT /d1/954/AUTH_91b6b1428bbb47ceba8e3cd29a2c760e/gnocchi.2f30a81f-d714-4c9f-81c3-38b99ab685c0/1769040000.0_mean_300.0_v3" 201 - "PUT http://localhost:8080/v1/AUTH_91b6b1428bbb47ceba8e3cd29a2c760e/gnocchi.2f30a81f-d714-4c9f-81c3-38b99ab685c0/1769040000.0_mean_300.0_v3" "tx574ca9375a134b1cb4043-00697a4245" "proxy-server 21" 0.0172 "-" 24 0
Jan 28 17:07:17 standalone proxy-server[124607]: 172.18.0.2 ::1 28/Jan/2026/17/07/17 PUT /v1/AUTH_91b6b1428bbb47ceba8e3cd29a2c760e/gnocchi.2f30a81f-d714-4c9f-81c3-38b99ab685c0/1769040000.0_mean_300.0_v3 HTTP/1.0 201 - python-swiftclient-3.11.1 gAAAAABpekInNEdc... 16 - - tx574ca9375a134b1cb4043-00697a4245 - 0.0257 - - 1769620037.644452572 1769620037.670162916 0
Jan 28 17:07:17 standalone container-server[122496]: 172.20.0.100 - - [28/Jan/2026:17:07:17 +0000] "PUT /d1/671/AUTH_91b6b1428bbb47ceba8e3cd29a2c760e/gnocchi.2f30a81f-d714-4c9f-81c3-38b99ab685c0/none_v3" 201 - "PUT http://localhost:8080/d1/33/AUTH_91b6b1428bbb47ceba8e3cd29a2c760e/gnocchi.2f30a81f-d714-4c9f-81c3-38b99ab685c0/none_v3" "tx42137065023a49d5a83f8-00697a4245" "object-server 24" 0.0007 "-" 21 0
Jan 28 17:07:17 standalone object-server[122663]: 172.20.0.100 - - [28/Jan/2026:17:07:17 +0000] "PUT /d1/33/AUTH_91b6b1428bbb47ceba8e3cd29a2c760e/gnocchi.2f30a81f-d714-4c9f-81c3-38b99ab685c0/none_v3" 201 - "PUT http://localhost:8080/v1/AUTH_91b6b1428bbb47ceba8e3cd29a2c760e/gnocchi.2f30a81f-d714-4c9f-81c3-38b99ab685c0/none_v3" "tx42137065023a49d5a83f8-00697a4245" "proxy-server 21" 0.0160 "-" 24 0
Jan 28 17:07:17 standalone proxy-server[124607]: 172.18.0.2 ::1 28/Jan/2026/17/07/17 PUT /v1/AUTH_91b6b1428bbb47ceba8e3cd29a2c760e/gnocchi.2f30a81f-d714-4c9f-81c3-38b99ab685c0/none_v3 HTTP/1.0 201 - python-swiftclient-3.11.1 gAAAAABpekInNEdc... 32 - - tx42137065023a49d5a83f8-00697a4245 - 0.0238 - - 1769620037.675016642 1769620037.698795795 0
Jan 28 17:07:51 standalone account-server[122461]: 172.20.0.100 - - [28/Jan/2026:17:07:51 +0000] "HEAD /d1/441/AUTH_91b6b1428bbb47ceba8e3cd29a2c760e" 204 - "HEAD http://localhost:8080/v1/AUTH_91b6b1428bbb47ceba8e3cd29a2c760e?format=json" "tx8862bde4bac043a4839ff-00697a4267" "proxy-server 21" 0.0062 "-" 20 -
Jan 28 17:07:51 standalone proxy-server[124607]: - - 28/Jan/2026/17/07/51 HEAD /v1/AUTH_91b6b1428bbb47ceba8e3cd29a2c760e%3Fformat%3Djson HTTP/1.0 204 - Swift - - - - tx8862bde4bac043a4839ff-00697a4267 - 0.0108 RL - 1769620071.827124596 1769620071.837892532 -
Jan 28 17:07:51 standalone container-server[122477]: 172.20.0.100 - - [28/Jan/2026:17:07:51 +0000] "HEAD /d1/879/AUTH_91b6b1428bbb47ceba8e3cd29a2c760e/glance" 204 - "HEAD http://localhost:8080/v1/AUTH_91b6b1428bbb47ceba8e3cd29a2c760e/glance?format=json&states=listing" "tx8862bde4bac043a4839ff-00697a4267" "proxy-server 21" 0.0144 "-" 20 0
Jan 28 17:07:51 standalone object-server[122663]: 172.20.0.100 - - [28/Jan/2026:17:07:51 +0000] "GET /d1/783/AUTH_91b6b1428bbb47ceba8e3cd29a2c760e/glance/cffcd247-43f3-42e1-85e9-756e9e0b8426" 200 - "GET http://localhost:8080/v1/AUTH_91b6b1428bbb47ceba8e3cd29a2c760e/glance/cffcd247-43f3-42e1-85e9-756e9e0b8426" "tx8862bde4bac043a4839ff-00697a4267" "proxy-server 21" 0.0015 "-" 24 0
Jan 28 17:07:51 standalone container-server[122496]: 172.20.0.100 - - [28/Jan/2026:17:07:51 +0000] "GET /d1/879/AUTH_91b6b1428bbb47ceba8e3cd29a2c760e/glance" 200 210 "GET http://localhost:8080/v1/AUTH_91b6b1428bbb47ceba8e3cd29a2c760e/glance?prefix=cffcd247-43f3-42e1-85e9-756e9e0b8426-&format=json&states=listing" "tx8862bde4bac043a4839ff-00697a4267" "proxy-server 21" 0.0057 "-" 21 0
Jan 28 17:07:51 standalone proxy-server[124607]: - - 28/Jan/2026/17/07/51 GET /v1/AUTH_91b6b1428bbb47ceba8e3cd29a2c760e/glance%3Fprefix%3Dcffcd247-43f3-42e1-85e9-756e9e0b8426-%26format%3Djson%26states%3Dlisting HTTP/1.0 200 - python-swiftclient-3.11.1%20DLO%20MultipartGET gAAAAABpekJnVoEk... - 210 - tx8862bde4bac043a4839ff-00697a4267 - 0.0125 DLO - 1769620071.951985359 1769620071.964516163 0
Jan 28 17:07:51 standalone object-server[122663]: 172.20.0.100 - - [28/Jan/2026:17:07:51 +0000] "GET /d1/562/AUTH_91b6b1428bbb47ceba8e3cd29a2c760e/glance/cffcd247-43f3-42e1-85e9-756e9e0b8426-00001" 200 21692416 "GET http://localhost:8080/v1/AUTH_91b6b1428bbb47ceba8e3cd29a2c760e/glance/cffcd247-43f3-42e1-85e9-756e9e0b8426-00001?multipart-manifest=get" "tx8862bde4bac043a4839ff-00697a4267" "proxy-server 21" 0.0011 "-" 24 0
Jan 28 17:07:52 standalone proxy-server[124607]: - - 28/Jan/2026/17/07/52 GET /v1/AUTH_91b6b1428bbb47ceba8e3cd29a2c760e/glance/cffcd247-43f3-42e1-85e9-756e9e0b8426-00001%3Fmultipart-manifest%3Dget HTTP/1.0 200 - python-swiftclient-3.11.1%20%20DLO%20MultipartGET gAAAAABpekJnVoEk... - 21692416 - tx8862bde4bac043a4839ff-00697a4267 - 0.1379 DLO - 1769620071.965730906 1769620072.103660345 0
Jan 28 17:07:52 standalone proxy-server[124607]: 172.18.0.2 ::1 28/Jan/2026/17/07/52 GET /v1/AUTH_91b6b1428bbb47ceba8e3cd29a2c760e/glance/cffcd247-43f3-42e1-85e9-756e9e0b8426 HTTP/1.0 200 - python-swiftclient-3.11.1 gAAAAABpekJnVoEk... - 21692416 - tx8862bde4bac043a4839ff-00697a4267 - 0.2780 - - 1769620071.826257467 1769620072.104279995 0
Jan 28 17:07:53 standalone container-server[122496]: 172.20.0.100 - - [28/Jan/2026:17:07:53 +0000] "HEAD /d1/550/AUTH_91b6b1428bbb47ceba8e3cd29a2c760e/gnocchi.3c3bb81c-4111-4eef-b595-aca7cf794b4a" 404 - "HEAD http://localhost:8080/v1/AUTH_91b6b1428bbb47ceba8e3cd29a2c760e/gnocchi.3c3bb81c-4111-4eef-b595-aca7cf794b4a?format=json&states=listing" "tx7114d4442d484de99cbaa-00697a4269" "proxy-server 21" 0.0009 "-" 21 0
Jan 28 17:07:53 standalone object-server[122662]: 172.20.0.100 - - [28/Jan/2026:17:07:53 +0000] "GET /d1/363/AUTH_91b6b1428bbb47ceba8e3cd29a2c760e/gnocchi.3c3bb81c-4111-4eef-b595-aca7cf794b4a/none_v3" 404 70 "GET http://localhost:8080/v1/AUTH_91b6b1428bbb47ceba8e3cd29a2c760e/gnocchi.3c3bb81c-4111-4eef-b595-aca7cf794b4a/none_v3" "tx7114d4442d484de99cbaa-00697a4269" "proxy-server 21" 0.0015 "-" 23 0
Jan 28 17:07:53 standalone proxy-server[124607]: 172.18.0.2 ::1 28/Jan/2026/17/07/53 GET /v1/AUTH_91b6b1428bbb47ceba8e3cd29a2c760e/gnocchi.3c3bb81c-4111-4eef-b595-aca7cf794b4a/none_v3 HTTP/1.0 404 - python-swiftclient-3.11.1 gAAAAABpekInNEdc... - 70 - tx7114d4442d484de99cbaa-00697a4269 - 0.0179 - - 1769620073.050730944 1769620073.068585157 0
Jan 28 17:07:53 standalone account-server[122475]: 172.20.0.100 - - [28/Jan/2026:17:07:53 +0000] "PUT /d1/441/AUTH_91b6b1428bbb47ceba8e3cd29a2c760e/gnocchi.3c3bb81c-4111-4eef-b595-aca7cf794b4a" 201 - "PUT http://172.20.0.100:6001/d1/550/AUTH_91b6b1428bbb47ceba8e3cd29a2c760e/gnocchi.3c3bb81c-4111-4eef-b595-aca7cf794b4a" "txe7691abe2e7c4b2aa7180-00697a4269" "container-server 22" 0.0017 "-" 22 0
Jan 28 17:07:53 standalone container-server[122504]: 172.20.0.100 - - [28/Jan/2026:17:07:53 +0000] "PUT /d1/550/AUTH_91b6b1428bbb47ceba8e3cd29a2c760e/gnocchi.3c3bb81c-4111-4eef-b595-aca7cf794b4a" 201 - "PUT http://localhost:8080/v1/AUTH_91b6b1428bbb47ceba8e3cd29a2c760e/gnocchi.3c3bb81c-4111-4eef-b595-aca7cf794b4a" "txe7691abe2e7c4b2aa7180-00697a4269" "proxy-server 21" 0.0150 "-" 22 0
Jan 28 17:07:53 standalone proxy-server[124607]: 172.18.0.2 ::1 28/Jan/2026/17/07/53 PUT /v1/AUTH_91b6b1428bbb47ceba8e3cd29a2c760e/gnocchi.3c3bb81c-4111-4eef-b595-aca7cf794b4a HTTP/1.0 201 - python-swiftclient-3.11.1 gAAAAABpekInNEdc... - - - txe7691abe2e7c4b2aa7180-00697a4269 - 0.0216 - - 1769620073.073781967 1769620073.095405102 0
Jan 28 17:07:53 standalone container-server[122513]: 172.20.0.100 - - [28/Jan/2026:17:07:53 +0000] "HEAD /d1/550/AUTH_91b6b1428bbb47ceba8e3cd29a2c760e/gnocchi.3c3bb81c-4111-4eef-b595-aca7cf794b4a" 204 - "HEAD http://localhost:8080/v1/AUTH_91b6b1428bbb47ceba8e3cd29a2c760e/gnocchi.3c3bb81c-4111-4eef-b595-aca7cf794b4a?format=json&states=listing" "tx9fffaef19d6e44fd8c357-00697a4269" "proxy-server 21" 0.0016 "-" 23 0
Jan 28 17:07:53 standalone proxy-server[124607]: - - 28/Jan/2026/17/07/53 HEAD /v1/AUTH_91b6b1428bbb47ceba8e3cd29a2c760e/gnocchi.3c3bb81c-4111-4eef-b595-aca7cf794b4a%3Fformat%3Djson%26states%3Dlisting HTTP/1.0 204 - Swift - - - - tx9fffaef19d6e44fd8c357-00697a4269 - 0.0063 RL - 1769620073.102725267 1769620073.109008789 0
Jan 28 17:07:53 standalone container-server[122477]: 172.20.0.100 - - [28/Jan/2026:17:07:53 +0000] "GET /d1/550/AUTH_91b6b1428bbb47ceba8e3cd29a2c760e/gnocchi.3c3bb81c-4111-4eef-b595-aca7cf794b4a" 200 2 "GET http://localhost:8080/v1/AUTH_91b6b1428bbb47ceba8e3cd29a2c760e/gnocchi.3c3bb81c-4111-4eef-b595-aca7cf794b4a?format=json&states=listing" "tx9fffaef19d6e44fd8c357-00697a4269" "proxy-server 21" 0.0038 "-" 20 0
Jan 28 17:07:53 standalone proxy-server[124607]: 172.18.0.2 ::1 28/Jan/2026/17/07/53 GET /v1/AUTH_91b6b1428bbb47ceba8e3cd29a2c760e/gnocchi.3c3bb81c-4111-4eef-b595-aca7cf794b4a%3Fformat%3Djson%26states%3Dlisting HTTP/1.0 200 - python-swiftclient-3.11.1 gAAAAABpekInNEdc... - 2 - tx9fffaef19d6e44fd8c357-00697a4269 - 0.0215 - - 1769620073.100900412 1769620073.122426033 0
Jan 28 17:07:53 standalone object-server[122657]: 172.20.0.100 - - [28/Jan/2026:17:07:53 +0000] "GET /d1/1000/AUTH_91b6b1428bbb47ceba8e3cd29a2c760e/gnocchi.3c3bb81c-4111-4eef-b595-aca7cf794b4a/1769040000.0_mean_300.0_v3" 404 70 "GET http://localhost:8080/v1/AUTH_91b6b1428bbb47ceba8e3cd29a2c760e/gnocchi.3c3bb81c-4111-4eef-b595-aca7cf794b4a/1769040000.0_mean_300.0_v3" "txc774afeff2314e10a89e6-00697a4269" "proxy-server 21" 0.0005 "-" 22 0
Jan 28 17:07:53 standalone proxy-server[124607]: 172.18.0.2 ::1 28/Jan/2026/17/07/53 GET /v1/AUTH_91b6b1428bbb47ceba8e3cd29a2c760e/gnocchi.3c3bb81c-4111-4eef-b595-aca7cf794b4a/1769040000.0_mean_300.0_v3 HTTP/1.0 404 - python-swiftclient-3.11.1 gAAAAABpekInNEdc... - 70 - txc774afeff2314e10a89e6-00697a4269 - 0.0082 - - 1769620073.128008604 1769620073.136256456 0
Jan 28 17:07:53 standalone container-server[122513]: 172.20.0.100 - - [28/Jan/2026:17:07:53 +0000] "PUT /d1/550/AUTH_91b6b1428bbb47ceba8e3cd29a2c760e/gnocchi.3c3bb81c-4111-4eef-b595-aca7cf794b4a/1769040000.0_mean_300.0_v3" 201 - "PUT http://localhost:8080/d1/1000/AUTH_91b6b1428bbb47ceba8e3cd29a2c760e/gnocchi.3c3bb81c-4111-4eef-b595-aca7cf794b4a/1769040000.0_mean_300.0_v3" "tx1eb0ee1a1e374027a1b7c-00697a4269" "object-server 24" 0.0005 "-" 23 0
Jan 28 17:07:53 standalone object-server[122663]: 172.20.0.100 - - [28/Jan/2026:17:07:53 +0000] "PUT /d1/1000/AUTH_91b6b1428bbb47ceba8e3cd29a2c760e/gnocchi.3c3bb81c-4111-4eef-b595-aca7cf794b4a/1769040000.0_mean_300.0_v3" 201 - "PUT http://localhost:8080/v1/AUTH_91b6b1428bbb47ceba8e3cd29a2c760e/gnocchi.3c3bb81c-4111-4eef-b595-aca7cf794b4a/1769040000.0_mean_300.0_v3" "tx1eb0ee1a1e374027a1b7c-00697a4269" "proxy-server 21" 0.0093 "-" 24 0
Jan 28 17:07:53 standalone proxy-server[124607]: 172.18.0.2 ::1 28/Jan/2026/17/07/53 PUT /v1/AUTH_91b6b1428bbb47ceba8e3cd29a2c760e/gnocchi.3c3bb81c-4111-4eef-b595-aca7cf794b4a/1769040000.0_mean_300.0_v3 HTTP/1.0 201 - python-swiftclient-3.11.1 gAAAAABpekInNEdc... 16 - - tx1eb0ee1a1e374027a1b7c-00697a4269 - 0.0167 - - 1769620073.141019344 1769620073.157747746 0
Jan 28 17:07:53 standalone container-server[122496]: 172.20.0.100 - - [28/Jan/2026:17:07:53 +0000] "PUT /d1/550/AUTH_91b6b1428bbb47ceba8e3cd29a2c760e/gnocchi.3c3bb81c-4111-4eef-b595-aca7cf794b4a/none_v3" 201 - "PUT http://localhost:8080/d1/363/AUTH_91b6b1428bbb47ceba8e3cd29a2c760e/gnocchi.3c3bb81c-4111-4eef-b595-aca7cf794b4a/none_v3" "tx1e0378bfc911477d9f938-00697a4269" "object-server 22" 0.0008 "-" 21 0
Jan 28 17:07:53 standalone object-server[122657]: 172.20.0.100 - - [28/Jan/2026:17:07:53 +0000] "PUT /d1/363/AUTH_91b6b1428bbb47ceba8e3cd29a2c760e/gnocchi.3c3bb81c-4111-4eef-b595-aca7cf794b4a/none_v3" 201 - "PUT http://localhost:8080/v1/AUTH_91b6b1428bbb47ceba8e3cd29a2c760e/gnocchi.3c3bb81c-4111-4eef-b595-aca7cf794b4a/none_v3" "tx1e0378bfc911477d9f938-00697a4269" "proxy-server 21" 0.0120 "-" 22 0
Jan 28 17:07:53 standalone proxy-server[124607]: 172.18.0.2 ::1 28/Jan/2026/17/07/53 PUT /v1/AUTH_91b6b1428bbb47ceba8e3cd29a2c760e/gnocchi.3c3bb81c-4111-4eef-b595-aca7cf794b4a/none_v3 HTTP/1.0 201 - python-swiftclient-3.11.1 gAAAAABpekInNEdc... 22 - - tx1e0378bfc911477d9f938-00697a4269 - 0.0196 - - 1769620073.163140297 1769620073.182748556 0
Jan 28 17:07:53 standalone container-server[122477]: 172.20.0.100 - - [28/Jan/2026:17:07:53 +0000] "HEAD /d1/142/AUTH_91b6b1428bbb47ceba8e3cd29a2c760e/gnocchi.fe9675f2-6334-4df5-997c-f2bbfcc27f9d" 404 - "HEAD http://localhost:8080/v1/AUTH_91b6b1428bbb47ceba8e3cd29a2c760e/gnocchi.fe9675f2-6334-4df5-997c-f2bbfcc27f9d?format=json&states=listing" "txef5536efedfb4dc380422-00697a4269" "proxy-server 21" 0.0009 "-" 20 0
Jan 28 17:07:53 standalone object-server[122657]: 172.20.0.100 - - [28/Jan/2026:17:07:53 +0000] "GET /d1/290/AUTH_91b6b1428bbb47ceba8e3cd29a2c760e/gnocchi.fe9675f2-6334-4df5-997c-f2bbfcc27f9d/none_v3" 404 70 "GET http://localhost:8080/v1/AUTH_91b6b1428bbb47ceba8e3cd29a2c760e/gnocchi.fe9675f2-6334-4df5-997c-f2bbfcc27f9d/none_v3" "txef5536efedfb4dc380422-00697a4269" "proxy-server 21" 0.0005 "-" 22 0
Jan 28 17:07:53 standalone proxy-server[124607]: 172.18.0.2 ::1 28/Jan/2026/17/07/53 GET /v1/AUTH_91b6b1428bbb47ceba8e3cd29a2c760e/gnocchi.fe9675f2-6334-4df5-997c-f2bbfcc27f9d/none_v3 HTTP/1.0 404 - python-swiftclient-3.11.1 gAAAAABpekInNEdc... - 70 - txef5536efedfb4dc380422-00697a4269 - 0.0132 - - 1769620073.197758913 1769620073.210947990 0
Jan 28 17:07:53 standalone account-server[122468]: 172.20.0.100 - - [28/Jan/2026:17:07:53 +0000] "PUT /d1/441/AUTH_91b6b1428bbb47ceba8e3cd29a2c760e/gnocchi.fe9675f2-6334-4df5-997c-f2bbfcc27f9d" 201 - "PUT http://172.20.0.100:6001/d1/142/AUTH_91b6b1428bbb47ceba8e3cd29a2c760e/gnocchi.fe9675f2-6334-4df5-997c-f2bbfcc27f9d" "txf9412c842e5d4d679a39b-00697a4269" "container-server 20" 0.0056 "-" 21 0
Jan 28 17:07:53 standalone container-server[122477]: 172.20.0.100 - - [28/Jan/2026:17:07:53 +0000] "PUT /d1/142/AUTH_91b6b1428bbb47ceba8e3cd29a2c760e/gnocchi.fe9675f2-6334-4df5-997c-f2bbfcc27f9d" 201 - "PUT http://localhost:8080/v1/AUTH_91b6b1428bbb47ceba8e3cd29a2c760e/gnocchi.fe9675f2-6334-4df5-997c-f2bbfcc27f9d" "txf9412c842e5d4d679a39b-00697a4269" "proxy-server 21" 0.0255 "-" 20 0
Jan 28 17:07:53 standalone proxy-server[124607]: 172.18.0.2 ::1 28/Jan/2026/17/07/53 PUT /v1/AUTH_91b6b1428bbb47ceba8e3cd29a2c760e/gnocchi.fe9675f2-6334-4df5-997c-f2bbfcc27f9d HTTP/1.0 201 - python-swiftclient-3.11.1 gAAAAABpekInNEdc... - - - txf9412c842e5d4d679a39b-00697a4269 - 0.0324 - - 1769620073.215671778 1769620073.248080730 0
Jan 28 17:07:53 standalone container-server[122496]: 172.20.0.100 - - [28/Jan/2026:17:07:53 +0000] "HEAD /d1/142/AUTH_91b6b1428bbb47ceba8e3cd29a2c760e/gnocchi.fe9675f2-6334-4df5-997c-f2bbfcc27f9d" 204 - "HEAD http://localhost:8080/v1/AUTH_91b6b1428bbb47ceba8e3cd29a2c760e/gnocchi.fe9675f2-6334-4df5-997c-f2bbfcc27f9d?format=json&states=listing" "tx5d0f3b0df8274630b453c-00697a4269" "proxy-server 21" 0.0012 "-" 21 0
Jan 28 17:07:53 standalone proxy-server[124607]: - - 28/Jan/2026/17/07/53 HEAD /v1/AUTH_91b6b1428bbb47ceba8e3cd29a2c760e/gnocchi.fe9675f2-6334-4df5-997c-f2bbfcc27f9d%3Fformat%3Djson%26states%3Dlisting HTTP/1.0 204 - Swift - - - - tx5d0f3b0df8274630b453c-00697a4269 - 0.0054 RL - 1769620073.255501747 1769620073.260927916 0
Jan 28 17:07:53 standalone container-server[122477]: 172.20.0.100 - - [28/Jan/2026:17:07:53 +0000] "GET /d1/142/AUTH_91b6b1428bbb47ceba8e3cd29a2c760e/gnocchi.fe9675f2-6334-4df5-997c-f2bbfcc27f9d" 200 2 "GET http://localhost:8080/v1/AUTH_91b6b1428bbb47ceba8e3cd29a2c760e/gnocchi.fe9675f2-6334-4df5-997c-f2bbfcc27f9d?format=json&states=listing" "tx5d0f3b0df8274630b453c-00697a4269" "proxy-server 21" 0.0038 "-" 20 0
Jan 28 17:07:53 standalone proxy-server[124607]: 172.18.0.2 ::1 28/Jan/2026/17/07/53 GET /v1/AUTH_91b6b1428bbb47ceba8e3cd29a2c760e/gnocchi.fe9675f2-6334-4df5-997c-f2bbfcc27f9d%3Fformat%3Djson%26states%3Dlisting HTTP/1.0 200 - python-swiftclient-3.11.1 gAAAAABpekInNEdc... - 2 - tx5d0f3b0df8274630b453c-00697a4269 - 0.0201 - - 1769620073.253722429 1769620073.273868322 0
Jan 28 17:07:53 standalone object-server[122664]: 172.20.0.100 - - [28/Jan/2026:17:07:53 +0000] "GET /d1/621/AUTH_91b6b1428bbb47ceba8e3cd29a2c760e/gnocchi.fe9675f2-6334-4df5-997c-f2bbfcc27f9d/1769040000.0_mean_300.0_v3" 404 70 "GET http://localhost:8080/v1/AUTH_91b6b1428bbb47ceba8e3cd29a2c760e/gnocchi.fe9675f2-6334-4df5-997c-f2bbfcc27f9d/1769040000.0_mean_300.0_v3" "tx1ee767e6444f49d5b30c8-00697a4269" "proxy-server 21" 0.0004 "-" 25 0
Jan 28 17:07:53 standalone proxy-server[124607]: 172.18.0.2 ::1 28/Jan/2026/17/07/53 GET /v1/AUTH_91b6b1428bbb47ceba8e3cd29a2c760e/gnocchi.fe9675f2-6334-4df5-997c-f2bbfcc27f9d/1769040000.0_mean_300.0_v3 HTTP/1.0 404 - python-swiftclient-3.11.1 gAAAAABpekInNEdc... - 70 - tx1ee767e6444f49d5b30c8-00697a4269 - 0.0077 - - 1769620073.279220581 1769620073.286892653 0
Jan 28 17:07:53 standalone container-server[122496]: 172.20.0.100 - - [28/Jan/2026:17:07:53 +0000] "PUT /d1/142/AUTH_91b6b1428bbb47ceba8e3cd29a2c760e/gnocchi.fe9675f2-6334-4df5-997c-f2bbfcc27f9d/1769040000.0_mean_300.0_v3" 201 - "PUT http://localhost:8080/d1/621/AUTH_91b6b1428bbb47ceba8e3cd29a2c760e/gnocchi.fe9675f2-6334-4df5-997c-f2bbfcc27f9d/1769040000.0_mean_300.0_v3" "tx668ec4b29fc54eafbf3cc-00697a4269" "object-server 23" 0.0011 "-" 21 0
Jan 28 17:07:53 standalone object-server[122662]: 172.20.0.100 - - [28/Jan/2026:17:07:53 +0000] "PUT /d1/621/AUTH_91b6b1428bbb47ceba8e3cd29a2c760e/gnocchi.fe9675f2-6334-4df5-997c-f2bbfcc27f9d/1769040000.0_mean_300.0_v3" 201 - "PUT http://localhost:8080/v1/AUTH_91b6b1428bbb47ceba8e3cd29a2c760e/gnocchi.fe9675f2-6334-4df5-997c-f2bbfcc27f9d/1769040000.0_mean_300.0_v3" "tx668ec4b29fc54eafbf3cc-00697a4269" "proxy-server 21" 0.0328 "-" 23 0
Jan 28 17:07:53 standalone proxy-server[124607]: 172.18.0.2 ::1 28/Jan/2026/17/07/53 PUT /v1/AUTH_91b6b1428bbb47ceba8e3cd29a2c760e/gnocchi.fe9675f2-6334-4df5-997c-f2bbfcc27f9d/1769040000.0_mean_300.0_v3 HTTP/1.0 201 - python-swiftclient-3.11.1 gAAAAABpekInNEdc... 16 - - tx668ec4b29fc54eafbf3cc-00697a4269 - 0.0410 - - 1769620073.291842699 1769620073.332833529 0
Jan 28 17:07:53 standalone container-server[122496]: 172.20.0.100 - - [28/Jan/2026:17:07:53 +0000] "PUT /d1/142/AUTH_91b6b1428bbb47ceba8e3cd29a2c760e/gnocchi.fe9675f2-6334-4df5-997c-f2bbfcc27f9d/none_v3" 201 - "PUT http://localhost:8080/d1/290/AUTH_91b6b1428bbb47ceba8e3cd29a2c760e/gnocchi.fe9675f2-6334-4df5-997c-f2bbfcc27f9d/none_v3" "tx21ed4e5bba5f47318e8e5-00697a4269" "object-server 22" 0.0007 "-" 21 0
Jan 28 17:07:53 standalone object-server[122657]: 172.20.0.100 - - [28/Jan/2026:17:07:53 +0000] "PUT /d1/290/AUTH_91b6b1428bbb47ceba8e3cd29a2c760e/gnocchi.fe9675f2-6334-4df5-997c-f2bbfcc27f9d/none_v3" 201 - "PUT http://localhost:8080/v1/AUTH_91b6b1428bbb47ceba8e3cd29a2c760e/gnocchi.fe9675f2-6334-4df5-997c-f2bbfcc27f9d/none_v3" "tx21ed4e5bba5f47318e8e5-00697a4269" "proxy-server 21" 0.0109 "-" 22 0
Jan 28 17:07:53 standalone proxy-server[124607]: 172.18.0.2 ::1 28/Jan/2026/17/07/53 PUT /v1/AUTH_91b6b1428bbb47ceba8e3cd29a2c760e/gnocchi.fe9675f2-6334-4df5-997c-f2bbfcc27f9d/none_v3 HTTP/1.0 201 - python-swiftclient-3.11.1 gAAAAABpekInNEdc... 22 - - tx21ed4e5bba5f47318e8e5-00697a4269 - 0.0193 - - 1769620073.337529421 1769620073.356815100 0
Jan 28 17:07:58 standalone container-server[122504]: 172.20.0.100 - - [28/Jan/2026:17:07:58 +0000] "HEAD /d1/680/AUTH_91b6b1428bbb47ceba8e3cd29a2c760e/gnocchi.76aa8540-08e7-4aea-866d-609e6dc23a05" 404 - "HEAD http://localhost:8080/v1/AUTH_91b6b1428bbb47ceba8e3cd29a2c760e/gnocchi.76aa8540-08e7-4aea-866d-609e6dc23a05?format=json&states=listing" "txfd62ec17842449cb93907-00697a426e" "proxy-server 21" 0.0007 "-" 22 0
Jan 28 17:07:58 standalone object-server[122664]: 172.20.0.100 - - [28/Jan/2026:17:07:58 +0000] "GET /d1/328/AUTH_91b6b1428bbb47ceba8e3cd29a2c760e/gnocchi.76aa8540-08e7-4aea-866d-609e6dc23a05/none_v3" 404 70 "GET http://localhost:8080/v1/AUTH_91b6b1428bbb47ceba8e3cd29a2c760e/gnocchi.76aa8540-08e7-4aea-866d-609e6dc23a05/none_v3" "txfd62ec17842449cb93907-00697a426e" "proxy-server 21" 0.0005 "-" 25 0
Jan 28 17:07:58 standalone proxy-server[124607]: 172.18.0.2 ::1 28/Jan/2026/17/07/58 GET /v1/AUTH_91b6b1428bbb47ceba8e3cd29a2c760e/gnocchi.76aa8540-08e7-4aea-866d-609e6dc23a05/none_v3 HTTP/1.0 404 - python-swiftclient-3.11.1 gAAAAABpekInNEdc... - 70 - txfd62ec17842449cb93907-00697a426e - 0.0111 - - 1769620078.352643251 1769620078.363731384 0
Jan 28 17:07:58 standalone account-server[122487]: 172.20.0.100 - - [28/Jan/2026:17:07:58 +0000] "PUT /d1/441/AUTH_91b6b1428bbb47ceba8e3cd29a2c760e/gnocchi.76aa8540-08e7-4aea-866d-609e6dc23a05" 201 - "PUT http://172.20.0.100:6001/d1/680/AUTH_91b6b1428bbb47ceba8e3cd29a2c760e/gnocchi.76aa8540-08e7-4aea-866d-609e6dc23a05" "tx9b1170cecdda437d9a486-00697a426e" "container-server 22" 0.0052 "-" 23 0
Jan 28 17:07:58 standalone container-server[122504]: 172.20.0.100 - - [28/Jan/2026:17:07:58 +0000] "PUT /d1/680/AUTH_91b6b1428bbb47ceba8e3cd29a2c760e/gnocchi.76aa8540-08e7-4aea-866d-609e6dc23a05" 201 - "PUT http://localhost:8080/v1/AUTH_91b6b1428bbb47ceba8e3cd29a2c760e/gnocchi.76aa8540-08e7-4aea-866d-609e6dc23a05" "tx9b1170cecdda437d9a486-00697a426e" "proxy-server 21" 0.0150 "-" 22 0
Jan 28 17:07:58 standalone proxy-server[124607]: 172.18.0.2 ::1 28/Jan/2026/17/07/58 PUT /v1/AUTH_91b6b1428bbb47ceba8e3cd29a2c760e/gnocchi.76aa8540-08e7-4aea-866d-609e6dc23a05 HTTP/1.0 201 - python-swiftclient-3.11.1 gAAAAABpekInNEdc... - - - tx9b1170cecdda437d9a486-00697a426e - 0.0213 - - 1769620078.366971731 1769620078.388251066 0
Jan 28 17:07:58 standalone container-server[122504]: 172.20.0.100 - - [28/Jan/2026:17:07:58 +0000] "HEAD /d1/680/AUTH_91b6b1428bbb47ceba8e3cd29a2c760e/gnocchi.76aa8540-08e7-4aea-866d-609e6dc23a05" 204 - "HEAD http://localhost:8080/v1/AUTH_91b6b1428bbb47ceba8e3cd29a2c760e/gnocchi.76aa8540-08e7-4aea-866d-609e6dc23a05?format=json&states=listing" "txf4ca513ce3704304b5990-00697a426e" "proxy-server 21" 0.0011 "-" 22 0
Jan 28 17:07:58 standalone proxy-server[124607]: - - 28/Jan/2026/17/07/58 HEAD /v1/AUTH_91b6b1428bbb47ceba8e3cd29a2c760e/gnocchi.76aa8540-08e7-4aea-866d-609e6dc23a05%3Fformat%3Djson%26states%3Dlisting HTTP/1.0 204 - Swift - - - - txf4ca513ce3704304b5990-00697a426e - 0.0036 RL - 1769620078.394424915 1769620078.398068428 0
Jan 28 17:07:58 standalone container-server[122513]: 172.20.0.100 - - [28/Jan/2026:17:07:58 +0000] "GET /d1/680/AUTH_91b6b1428bbb47ceba8e3cd29a2c760e/gnocchi.76aa8540-08e7-4aea-866d-609e6dc23a05" 200 2 "GET http://localhost:8080/v1/AUTH_91b6b1428bbb47ceba8e3cd29a2c760e/gnocchi.76aa8540-08e7-4aea-866d-609e6dc23a05?format=json&states=listing" "txf4ca513ce3704304b5990-00697a426e" "proxy-server 21" 0.0023 "-" 23 0
Jan 28 17:07:58 standalone proxy-server[124607]: 172.18.0.2 ::1 28/Jan/2026/17/07/58 GET /v1/AUTH_91b6b1428bbb47ceba8e3cd29a2c760e/gnocchi.76aa8540-08e7-4aea-866d-609e6dc23a05%3Fformat%3Djson%26states%3Dlisting HTTP/1.0 200 - python-swiftclient-3.11.1 gAAAAABpekInNEdc... - 2 - txf4ca513ce3704304b5990-00697a426e - 0.0125 - - 1769620078.393033981 1769620078.405569077 0
