Jan 28 17:10:11 standalone proxy-server[124607]: 172.18.0.2 ::1 28/Jan/2026/17/10/11 PUT /v1/AUTH_91b6b1428bbb47ceba8e3cd29a2c760e/gnocchi.ff58750d-0858-4dd1-a6b2-4c5c21f3b18e HTTP/1.0 201 - python-swiftclient-3.11.1 gAAAAABpekInNEdc... - - - tx50bb2bfdc7d94b99895f5-00697a42f3 - 0.0276 - - 1769620211.186953306 1769620211.214557648 0
Jan 28 17:10:11 standalone container-server[122477]: 172.20.0.100 - - [28/Jan/2026:17:10:11 +0000] "HEAD /d1/694/AUTH_91b6b1428bbb47ceba8e3cd29a2c760e/gnocchi.ff58750d-0858-4dd1-a6b2-4c5c21f3b18e" 204 - "HEAD http://localhost:8080/v1/AUTH_91b6b1428bbb47ceba8e3cd29a2c760e/gnocchi.ff58750d-0858-4dd1-a6b2-4c5c21f3b18e?format=json&states=listing" "tx2316546564c246d6924b1-00697a42f3" "proxy-server 21" 0.0022 "-" 20 0
Jan 28 17:10:11 standalone proxy-server[124607]: - - 28/Jan/2026/17/10/11 HEAD /v1/AUTH_91b6b1428bbb47ceba8e3cd29a2c760e/gnocchi.ff58750d-0858-4dd1-a6b2-4c5c21f3b18e%3Fformat%3Djson%26states%3Dlisting HTTP/1.0 204 - Swift - - - - tx2316546564c246d6924b1-00697a42f3 - 0.0071 RL - 1769620211.222305298 1769620211.229414225 0
Jan 28 17:10:11 standalone container-server[122477]: 172.20.0.100 - - [28/Jan/2026:17:10:11 +0000] "GET /d1/694/AUTH_91b6b1428bbb47ceba8e3cd29a2c760e/gnocchi.ff58750d-0858-4dd1-a6b2-4c5c21f3b18e" 200 2 "GET http://localhost:8080/v1/AUTH_91b6b1428bbb47ceba8e3cd29a2c760e/gnocchi.ff58750d-0858-4dd1-a6b2-4c5c21f3b18e?format=json&states=listing" "tx2316546564c246d6924b1-00697a42f3" "proxy-server 21" 0.0033 "-" 20 0
Jan 28 17:10:11 standalone proxy-server[124607]: 172.18.0.2 ::1 28/Jan/2026/17/10/11 GET /v1/AUTH_91b6b1428bbb47ceba8e3cd29a2c760e/gnocchi.ff58750d-0858-4dd1-a6b2-4c5c21f3b18e%3Fformat%3Djson%26states%3Dlisting HTTP/1.0 200 - python-swiftclient-3.11.1 gAAAAABpekInNEdc... - 2 - tx2316546564c246d6924b1-00697a42f3 - 0.0215 - - 1769620211.220569372 1769620211.242088795 0
Jan 28 17:10:11 standalone object-server[122663]: 172.20.0.100 - - [28/Jan/2026:17:10:11 +0000] "GET /d1/764/AUTH_91b6b1428bbb47ceba8e3cd29a2c760e/gnocchi.ff58750d-0858-4dd1-a6b2-4c5c21f3b18e/1769040000.0_mean_300.0_v3" 404 70 "GET http://localhost:8080/v1/AUTH_91b6b1428bbb47ceba8e3cd29a2c760e/gnocchi.ff58750d-0858-4dd1-a6b2-4c5c21f3b18e/1769040000.0_mean_300.0_v3" "txf125ca87de594b2e94b96-00697a42f3" "proxy-server 21" 0.0005 "-" 24 0
Jan 28 17:10:11 standalone proxy-server[124607]: 172.18.0.2 ::1 28/Jan/2026/17/10/11 GET /v1/AUTH_91b6b1428bbb47ceba8e3cd29a2c760e/gnocchi.ff58750d-0858-4dd1-a6b2-4c5c21f3b18e/1769040000.0_mean_300.0_v3 HTTP/1.0 404 - python-swiftclient-3.11.1 gAAAAABpekInNEdc... - 70 - txf125ca87de594b2e94b96-00697a42f3 - 0.0102 - - 1769620211.248845816 1769620211.259087086 0
Jan 28 17:10:11 standalone container-server[122513]: 172.20.0.100 - - [28/Jan/2026:17:10:11 +0000] "PUT /d1/694/AUTH_91b6b1428bbb47ceba8e3cd29a2c760e/gnocchi.ff58750d-0858-4dd1-a6b2-4c5c21f3b18e/1769040000.0_mean_300.0_v3" 201 - "PUT http://localhost:8080/d1/764/AUTH_91b6b1428bbb47ceba8e3cd29a2c760e/gnocchi.ff58750d-0858-4dd1-a6b2-4c5c21f3b18e/1769040000.0_mean_300.0_v3" "txf3af2b5c6ab54d219bf5b-00697a42f3" "object-server 24" 0.0010 "-" 23 0
Jan 28 17:10:11 standalone object-server[122663]: 172.20.0.100 - - [28/Jan/2026:17:10:11 +0000] "PUT /d1/764/AUTH_91b6b1428bbb47ceba8e3cd29a2c760e/gnocchi.ff58750d-0858-4dd1-a6b2-4c5c21f3b18e/1769040000.0_mean_300.0_v3" 201 - "PUT http://localhost:8080/v1/AUTH_91b6b1428bbb47ceba8e3cd29a2c760e/gnocchi.ff58750d-0858-4dd1-a6b2-4c5c21f3b18e/1769040000.0_mean_300.0_v3" "txf3af2b5c6ab54d219bf5b-00697a42f3" "proxy-server 21" 0.0128 "-" 24 0
Jan 28 17:10:11 standalone proxy-server[124607]: 172.18.0.2 ::1 28/Jan/2026/17/10/11 PUT /v1/AUTH_91b6b1428bbb47ceba8e3cd29a2c760e/gnocchi.ff58750d-0858-4dd1-a6b2-4c5c21f3b18e/1769040000.0_mean_300.0_v3 HTTP/1.0 201 - python-swiftclient-3.11.1 gAAAAABpekInNEdc... 16 - - txf3af2b5c6ab54d219bf5b-00697a42f3 - 0.0217 - - 1769620211.264563084 1769620211.286285162 0
Jan 28 17:10:11 standalone container-server[122477]: 172.20.0.100 - - [28/Jan/2026:17:10:11 +0000] "PUT /d1/694/AUTH_91b6b1428bbb47ceba8e3cd29a2c760e/gnocchi.ff58750d-0858-4dd1-a6b2-4c5c21f3b18e/none_v3" 201 - "PUT http://localhost:8080/d1/13/AUTH_91b6b1428bbb47ceba8e3cd29a2c760e/gnocchi.ff58750d-0858-4dd1-a6b2-4c5c21f3b18e/none_v3" "txe4225997ff9b4bf4a1d7d-00697a42f3" "object-server 25" 0.0008 "-" 20 0
Jan 28 17:10:11 standalone object-server[122664]: 172.20.0.100 - - [28/Jan/2026:17:10:11 +0000] "PUT /d1/13/AUTH_91b6b1428bbb47ceba8e3cd29a2c760e/gnocchi.ff58750d-0858-4dd1-a6b2-4c5c21f3b18e/none_v3" 201 - "PUT http://localhost:8080/v1/AUTH_91b6b1428bbb47ceba8e3cd29a2c760e/gnocchi.ff58750d-0858-4dd1-a6b2-4c5c21f3b18e/none_v3" "txe4225997ff9b4bf4a1d7d-00697a42f3" "proxy-server 21" 0.0113 "-" 25 0
Jan 28 17:10:11 standalone proxy-server[124607]: 172.18.0.2 ::1 28/Jan/2026/17/10/11 PUT /v1/AUTH_91b6b1428bbb47ceba8e3cd29a2c760e/gnocchi.ff58750d-0858-4dd1-a6b2-4c5c21f3b18e/none_v3 HTTP/1.0 201 - python-swiftclient-3.11.1 gAAAAABpekInNEdc... 22 - - txe4225997ff9b4bf4a1d7d-00697a42f3 - 0.0209 - - 1769620211.292246580 1769620211.313166857 0
Jan 28 17:10:11 standalone container-server[122477]: 172.20.0.100 - - [28/Jan/2026:17:10:11 +0000] "HEAD /d1/592/AUTH_91b6b1428bbb47ceba8e3cd29a2c760e/gnocchi.f695f467-1798-4a4a-8847-374c2c4bd1b3" 404 - "HEAD http://localhost:8080/v1/AUTH_91b6b1428bbb47ceba8e3cd29a2c760e/gnocchi.f695f467-1798-4a4a-8847-374c2c4bd1b3?format=json&states=listing" "txe589da15b32b450abf59a-00697a42f3" "proxy-server 21" 0.0006 "-" 20 0
Jan 28 17:10:11 standalone object-server[122663]: 172.20.0.100 - - [28/Jan/2026:17:10:11 +0000] "GET /d1/552/AUTH_91b6b1428bbb47ceba8e3cd29a2c760e/gnocchi.f695f467-1798-4a4a-8847-374c2c4bd1b3/none_v3" 404 70 "GET http://localhost:8080/v1/AUTH_91b6b1428bbb47ceba8e3cd29a2c760e/gnocchi.f695f467-1798-4a4a-8847-374c2c4bd1b3/none_v3" "txe589da15b32b450abf59a-00697a42f3" "proxy-server 21" 0.0006 "-" 24 0
Jan 28 17:10:11 standalone proxy-server[124607]: 172.18.0.2 ::1 28/Jan/2026/17/10/11 GET /v1/AUTH_91b6b1428bbb47ceba8e3cd29a2c760e/gnocchi.f695f467-1798-4a4a-8847-374c2c4bd1b3/none_v3 HTTP/1.0 404 - python-swiftclient-3.11.1 gAAAAABpekInNEdc... - 70 - txe589da15b32b450abf59a-00697a42f3 - 0.0156 - - 1769620211.329621077 1769620211.345189333 0
Jan 28 17:10:11 standalone account-server[122487]: 172.20.0.100 - - [28/Jan/2026:17:10:11 +0000] "PUT /d1/441/AUTH_91b6b1428bbb47ceba8e3cd29a2c760e/gnocchi.f695f467-1798-4a4a-8847-374c2c4bd1b3" 201 - "PUT http://172.20.0.100:6001/d1/592/AUTH_91b6b1428bbb47ceba8e3cd29a2c760e/gnocchi.f695f467-1798-4a4a-8847-374c2c4bd1b3" "tx32186bf9458c4cb184ff8-00697a42f3" "container-server 22" 0.0074 "-" 23 0
Jan 28 17:10:11 standalone container-server[122504]: 172.20.0.100 - - [28/Jan/2026:17:10:11 +0000] "PUT /d1/592/AUTH_91b6b1428bbb47ceba8e3cd29a2c760e/gnocchi.f695f467-1798-4a4a-8847-374c2c4bd1b3" 201 - "PUT http://localhost:8080/v1/AUTH_91b6b1428bbb47ceba8e3cd29a2c760e/gnocchi.f695f467-1798-4a4a-8847-374c2c4bd1b3" "tx32186bf9458c4cb184ff8-00697a42f3" "proxy-server 21" 0.0209 "-" 22 0
Jan 28 17:10:11 standalone proxy-server[124607]: 172.18.0.2 ::1 28/Jan/2026/17/10/11 PUT /v1/AUTH_91b6b1428bbb47ceba8e3cd29a2c760e/gnocchi.f695f467-1798-4a4a-8847-374c2c4bd1b3 HTTP/1.0 201 - python-swiftclient-3.11.1 gAAAAABpekInNEdc... - - - tx32186bf9458c4cb184ff8-00697a42f3 - 0.0296 - - 1769620211.350845337 1769620211.380415916 0
Jan 28 17:10:11 standalone container-server[122504]: 172.20.0.100 - - [28/Jan/2026:17:10:11 +0000] "HEAD /d1/592/AUTH_91b6b1428bbb47ceba8e3cd29a2c760e/gnocchi.f695f467-1798-4a4a-8847-374c2c4bd1b3" 204 - "HEAD http://localhost:8080/v1/AUTH_91b6b1428bbb47ceba8e3cd29a2c760e/gnocchi.f695f467-1798-4a4a-8847-374c2c4bd1b3?format=json&states=listing" "tx63b36bfee31c482a9943b-00697a42f3" "proxy-server 21" 0.0019 "-" 22 0
Jan 28 17:10:11 standalone proxy-server[124607]: - - 28/Jan/2026/17/10/11 HEAD /v1/AUTH_91b6b1428bbb47ceba8e3cd29a2c760e/gnocchi.f695f467-1798-4a4a-8847-374c2c4bd1b3%3Fformat%3Djson%26states%3Dlisting HTTP/1.0 204 - Swift - - - - tx63b36bfee31c482a9943b-00697a42f3 - 0.0066 RL - 1769620211.389487267 1769620211.396053314 0
Jan 28 17:10:11 standalone container-server[122504]: 172.20.0.100 - - [28/Jan/2026:17:10:11 +0000] "GET /d1/592/AUTH_91b6b1428bbb47ceba8e3cd29a2c760e/gnocchi.f695f467-1798-4a4a-8847-374c2c4bd1b3" 200 2 "GET http://localhost:8080/v1/AUTH_91b6b1428bbb47ceba8e3cd29a2c760e/gnocchi.f695f467-1798-4a4a-8847-374c2c4bd1b3?format=json&states=listing" "tx63b36bfee31c482a9943b-00697a42f3" "proxy-server 21" 0.0030 "-" 22 0
Jan 28 17:10:11 standalone proxy-server[124607]: 172.18.0.2 ::1 28/Jan/2026/17/10/11 GET /v1/AUTH_91b6b1428bbb47ceba8e3cd29a2c760e/gnocchi.f695f467-1798-4a4a-8847-374c2c4bd1b3%3Fformat%3Djson%26states%3Dlisting HTTP/1.0 200 - python-swiftclient-3.11.1 gAAAAABpekInNEdc... - 2 - tx63b36bfee31c482a9943b-00697a42f3 - 0.0197 - - 1769620211.387725830 1769620211.407398224 0
Jan 28 17:10:11 standalone object-server[122657]: 172.20.0.100 - - [28/Jan/2026:17:10:11 +0000] "GET /d1/933/AUTH_91b6b1428bbb47ceba8e3cd29a2c760e/gnocchi.f695f467-1798-4a4a-8847-374c2c4bd1b3/1769040000.0_mean_300.0_v3" 404 70 "GET http://localhost:8080/v1/AUTH_91b6b1428bbb47ceba8e3cd29a2c760e/gnocchi.f695f467-1798-4a4a-8847-374c2c4bd1b3/1769040000.0_mean_300.0_v3" "tx25d5bc0b24af46688be1d-00697a42f3" "proxy-server 21" 0.0005 "-" 22 0
Jan 28 17:10:11 standalone proxy-server[124607]: 172.18.0.2 ::1 28/Jan/2026/17/10/11 GET /v1/AUTH_91b6b1428bbb47ceba8e3cd29a2c760e/gnocchi.f695f467-1798-4a4a-8847-374c2c4bd1b3/1769040000.0_mean_300.0_v3 HTTP/1.0 404 - python-swiftclient-3.11.1 gAAAAABpekInNEdc... - 70 - tx25d5bc0b24af46688be1d-00697a42f3 - 0.0085 - - 1769620211.413351774 1769620211.421893835 0
Jan 28 17:10:11 standalone container-server[122477]: 172.20.0.100 - - [28/Jan/2026:17:10:11 +0000] "PUT /d1/592/AUTH_91b6b1428bbb47ceba8e3cd29a2c760e/gnocchi.f695f467-1798-4a4a-8847-374c2c4bd1b3/1769040000.0_mean_300.0_v3" 201 - "PUT http://localhost:8080/d1/933/AUTH_91b6b1428bbb47ceba8e3cd29a2c760e/gnocchi.f695f467-1798-4a4a-8847-374c2c4bd1b3/1769040000.0_mean_300.0_v3" "tx3de038ab044648dca1a87-00697a42f3" "object-server 25" 0.0009 "-" 20 0
Jan 28 17:10:11 standalone object-server[122664]: 172.20.0.100 - - [28/Jan/2026:17:10:11 +0000] "PUT /d1/933/AUTH_91b6b1428bbb47ceba8e3cd29a2c760e/gnocchi.f695f467-1798-4a4a-8847-374c2c4bd1b3/1769040000.0_mean_300.0_v3" 201 - "PUT http://localhost:8080/v1/AUTH_91b6b1428bbb47ceba8e3cd29a2c760e/gnocchi.f695f467-1798-4a4a-8847-374c2c4bd1b3/1769040000.0_mean_300.0_v3" "tx3de038ab044648dca1a87-00697a42f3" "proxy-server 21" 0.0119 "-" 25 0
Jan 28 17:10:11 standalone proxy-server[124607]: 172.18.0.2 ::1 28/Jan/2026/17/10/11 PUT /v1/AUTH_91b6b1428bbb47ceba8e3cd29a2c760e/gnocchi.f695f467-1798-4a4a-8847-374c2c4bd1b3/1769040000.0_mean_300.0_v3 HTTP/1.0 201 - python-swiftclient-3.11.1 gAAAAABpekInNEdc... 16 - - tx3de038ab044648dca1a87-00697a42f3 - 0.0269 - - 1769620211.427009344 1769620211.453912735 0
Jan 28 17:10:11 standalone container-server[122496]: 172.20.0.100 - - [28/Jan/2026:17:10:11 +0000] "PUT /d1/592/AUTH_91b6b1428bbb47ceba8e3cd29a2c760e/gnocchi.f695f467-1798-4a4a-8847-374c2c4bd1b3/none_v3" 201 - "PUT http://localhost:8080/d1/552/AUTH_91b6b1428bbb47ceba8e3cd29a2c760e/gnocchi.f695f467-1798-4a4a-8847-374c2c4bd1b3/none_v3" "tx05ffce2e5e754687b05d9-00697a42f3" "object-server 23" 0.0012 "-" 21 0
Jan 28 17:10:11 standalone object-server[122662]: 172.20.0.100 - - [28/Jan/2026:17:10:11 +0000] "PUT /d1/552/AUTH_91b6b1428bbb47ceba8e3cd29a2c760e/gnocchi.f695f467-1798-4a4a-8847-374c2c4bd1b3/none_v3" 201 - "PUT http://localhost:8080/v1/AUTH_91b6b1428bbb47ceba8e3cd29a2c760e/gnocchi.f695f467-1798-4a4a-8847-374c2c4bd1b3/none_v3" "tx05ffce2e5e754687b05d9-00697a42f3" "proxy-server 21" 0.0140 "-" 23 0
Jan 28 17:10:11 standalone proxy-server[124607]: 172.18.0.2 ::1 28/Jan/2026/17/10/11 PUT /v1/AUTH_91b6b1428bbb47ceba8e3cd29a2c760e/gnocchi.f695f467-1798-4a4a-8847-374c2c4bd1b3/none_v3 HTTP/1.0 201 - python-swiftclient-3.11.1 gAAAAABpekInNEdc... 22 - - tx05ffce2e5e754687b05d9-00697a42f3 - 0.0230 - - 1769620211.460606098 1769620211.483588934 0
Jan 28 17:10:11 standalone container-server[122513]: 172.20.0.100 - - [28/Jan/2026:17:10:11 +0000] "HEAD /d1/943/AUTH_91b6b1428bbb47ceba8e3cd29a2c760e/gnocchi.9de09653-b47f-40ff-875f-47d21d3c6d55" 404 - "HEAD http://localhost:8080/v1/AUTH_91b6b1428bbb47ceba8e3cd29a2c760e/gnocchi.9de09653-b47f-40ff-875f-47d21d3c6d55?format=json&states=listing" "txdeec1098f6094f1eacf75-00697a42f3" "proxy-server 21" 0.0006 "-" 23 0
Jan 28 17:10:11 standalone object-server[122664]: 172.20.0.100 - - [28/Jan/2026:17:10:11 +0000] "GET /d1/441/AUTH_91b6b1428bbb47ceba8e3cd29a2c760e/gnocchi.9de09653-b47f-40ff-875f-47d21d3c6d55/none_v3" 404 70 "GET http://localhost:8080/v1/AUTH_91b6b1428bbb47ceba8e3cd29a2c760e/gnocchi.9de09653-b47f-40ff-875f-47d21d3c6d55/none_v3" "txdeec1098f6094f1eacf75-00697a42f3" "proxy-server 21" 0.0005 "-" 25 0
Jan 28 17:10:11 standalone proxy-server[124607]: 172.18.0.2 ::1 28/Jan/2026/17/10/11 GET /v1/AUTH_91b6b1428bbb47ceba8e3cd29a2c760e/gnocchi.9de09653-b47f-40ff-875f-47d21d3c6d55/none_v3 HTTP/1.0 404 - python-swiftclient-3.11.1 gAAAAABpekInNEdc... - 70 - txdeec1098f6094f1eacf75-00697a42f3 - 0.0176 - - 1769620211.499994993 1769620211.517643213 0
Jan 28 17:10:11 standalone account-server[122475]: 172.20.0.100 - - [28/Jan/2026:17:10:11 +0000] "PUT /d1/441/AUTH_91b6b1428bbb47ceba8e3cd29a2c760e/gnocchi.9de09653-b47f-40ff-875f-47d21d3c6d55" 201 - "PUT http://172.20.0.100:6001/d1/943/AUTH_91b6b1428bbb47ceba8e3cd29a2c760e/gnocchi.9de09653-b47f-40ff-875f-47d21d3c6d55" "tx3e83d4e63d3f414c9e8f3-00697a42f3" "container-server 20" 0.0056 "-" 22 0
Jan 28 17:10:11 standalone container-server[122477]: 172.20.0.100 - - [28/Jan/2026:17:10:11 +0000] "PUT /d1/943/AUTH_91b6b1428bbb47ceba8e3cd29a2c760e/gnocchi.9de09653-b47f-40ff-875f-47d21d3c6d55" 201 - "PUT http://localhost:8080/v1/AUTH_91b6b1428bbb47ceba8e3cd29a2c760e/gnocchi.9de09653-b47f-40ff-875f-47d21d3c6d55" "tx3e83d4e63d3f414c9e8f3-00697a42f3" "proxy-server 21" 0.0226 "-" 20 0
Jan 28 17:10:11 standalone proxy-server[124607]: 172.18.0.2 ::1 28/Jan/2026/17/10/11 PUT /v1/AUTH_91b6b1428bbb47ceba8e3cd29a2c760e/gnocchi.9de09653-b47f-40ff-875f-47d21d3c6d55 HTTP/1.0 201 - python-swiftclient-3.11.1 gAAAAABpekInNEdc... - - - tx3e83d4e63d3f414c9e8f3-00697a42f3 - 0.0320 - - 1769620211.523350239 1769620211.555350542 0
Jan 28 17:10:11 standalone container-server[122496]: 172.20.0.100 - - [28/Jan/2026:17:10:11 +0000] "HEAD /d1/943/AUTH_91b6b1428bbb47ceba8e3cd29a2c760e/gnocchi.9de09653-b47f-40ff-875f-47d21d3c6d55" 204 - "HEAD http://localhost:8080/v1/AUTH_91b6b1428bbb47ceba8e3cd29a2c760e/gnocchi.9de09653-b47f-40ff-875f-47d21d3c6d55?format=json&states=listing" "tx027250e6a37f43108eb90-00697a42f3" "proxy-server 21" 0.0024 "-" 21 0
Jan 28 17:10:11 standalone proxy-server[124607]: - - 28/Jan/2026/17/10/11 HEAD /v1/AUTH_91b6b1428bbb47ceba8e3cd29a2c760e/gnocchi.9de09653-b47f-40ff-875f-47d21d3c6d55%3Fformat%3Djson%26states%3Dlisting HTTP/1.0 204 - Swift - - - - tx027250e6a37f43108eb90-00697a42f3 - 0.0087 RL - 1769620211.565225840 1769620211.573956966 0
Jan 28 17:10:11 standalone container-server[122513]: 172.20.0.100 - - [28/Jan/2026:17:10:11 +0000] "GET /d1/943/AUTH_91b6b1428bbb47ceba8e3cd29a2c760e/gnocchi.9de09653-b47f-40ff-875f-47d21d3c6d55" 200 2 "GET http://localhost:8080/v1/AUTH_91b6b1428bbb47ceba8e3cd29a2c760e/gnocchi.9de09653-b47f-40ff-875f-47d21d3c6d55?format=json&states=listing" "tx027250e6a37f43108eb90-00697a42f3" "proxy-server 21" 0.0041 "-" 23 0
Jan 28 17:10:11 standalone proxy-server[124607]: 172.18.0.2 ::1 28/Jan/2026/17/10/11 GET /v1/AUTH_91b6b1428bbb47ceba8e3cd29a2c760e/gnocchi.9de09653-b47f-40ff-875f-47d21d3c6d55%3Fformat%3Djson%26states%3Dlisting HTTP/1.0 200 - python-swiftclient-3.11.1 gAAAAABpekInNEdc... - 2 - tx027250e6a37f43108eb90-00697a42f3 - 0.0256 - - 1769620211.563155651 1769620211.588733435 0
Jan 28 17:10:11 standalone object-server[122663]: 172.20.0.100 - - [28/Jan/2026:17:10:11 +0000] "GET /d1/229/AUTH_91b6b1428bbb47ceba8e3cd29a2c760e/gnocchi.9de09653-b47f-40ff-875f-47d21d3c6d55/1769040000.0_mean_300.0_v3" 404 70 "GET http://localhost:8080/v1/AUTH_91b6b1428bbb47ceba8e3cd29a2c760e/gnocchi.9de09653-b47f-40ff-875f-47d21d3c6d55/1769040000.0_mean_300.0_v3" "tx68f2059422dc4e07aa86b-00697a42f3" "proxy-server 21" 0.0004 "-" 24 0
Jan 28 17:10:11 standalone proxy-server[124607]: 172.18.0.2 ::1 28/Jan/2026/17/10/11 GET /v1/AUTH_91b6b1428bbb47ceba8e3cd29a2c760e/gnocchi.9de09653-b47f-40ff-875f-47d21d3c6d55/1769040000.0_mean_300.0_v3 HTTP/1.0 404 - python-swiftclient-3.11.1 gAAAAABpekInNEdc... - 70 - tx68f2059422dc4e07aa86b-00697a42f3 - 0.0094 - - 1769620211.595544100 1769620211.604913235 0
Jan 28 17:10:11 standalone container-server[122513]: 172.20.0.100 - - [28/Jan/2026:17:10:11 +0000] "PUT /d1/943/AUTH_91b6b1428bbb47ceba8e3cd29a2c760e/gnocchi.9de09653-b47f-40ff-875f-47d21d3c6d55/1769040000.0_mean_300.0_v3" 201 - "PUT http://localhost:8080/d1/229/AUTH_91b6b1428bbb47ceba8e3cd29a2c760e/gnocchi.9de09653-b47f-40ff-875f-47d21d3c6d55/1769040000.0_mean_300.0_v3" "txae5167e5d5014f309c33f-00697a42f3" "object-server 24" 0.0011 "-" 23 0
Jan 28 17:10:11 standalone object-server[122663]: 172.20.0.100 - - [28/Jan/2026:17:10:11 +0000] "PUT /d1/229/AUTH_91b6b1428bbb47ceba8e3cd29a2c760e/gnocchi.9de09653-b47f-40ff-875f-47d21d3c6d55/1769040000.0_mean_300.0_v3" 201 - "PUT http://localhost:8080/v1/AUTH_91b6b1428bbb47ceba8e3cd29a2c760e/gnocchi.9de09653-b47f-40ff-875f-47d21d3c6d55/1769040000.0_mean_300.0_v3" "txae5167e5d5014f309c33f-00697a42f3" "proxy-server 21" 0.0122 "-" 24 0
Jan 28 17:10:11 standalone proxy-server[124607]: 172.18.0.2 ::1 28/Jan/2026/17/10/11 PUT /v1/AUTH_91b6b1428bbb47ceba8e3cd29a2c760e/gnocchi.9de09653-b47f-40ff-875f-47d21d3c6d55/1769040000.0_mean_300.0_v3 HTTP/1.0 201 - python-swiftclient-3.11.1 gAAAAABpekInNEdc... 16 - - txae5167e5d5014f309c33f-00697a42f3 - 0.0215 - - 1769620211.611504078 1769620211.632981300 0
Jan 28 17:10:11 standalone container-server[122477]: 172.20.0.100 - - [28/Jan/2026:17:10:11 +0000] "PUT /d1/943/AUTH_91b6b1428bbb47ceba8e3cd29a2c760e/gnocchi.9de09653-b47f-40ff-875f-47d21d3c6d55/none_v3" 201 - "PUT http://localhost:8080/d1/441/AUTH_91b6b1428bbb47ceba8e3cd29a2c760e/gnocchi.9de09653-b47f-40ff-875f-47d21d3c6d55/none_v3" "txdac916f9fe64485ea957a-00697a42f3" "object-server 24" 0.0010 "-" 20 0
Jan 28 17:10:11 standalone object-server[122663]: 172.20.0.100 - - [28/Jan/2026:17:10:11 +0000] "PUT /d1/441/AUTH_91b6b1428bbb47ceba8e3cd29a2c760e/gnocchi.9de09653-b47f-40ff-875f-47d21d3c6d55/none_v3" 201 - "PUT http://localhost:8080/v1/AUTH_91b6b1428bbb47ceba8e3cd29a2c760e/gnocchi.9de09653-b47f-40ff-875f-47d21d3c6d55/none_v3" "txdac916f9fe64485ea957a-00697a42f3" "proxy-server 21" 0.0104 "-" 24 0
Jan 28 17:10:11 standalone proxy-server[124607]: 172.18.0.2 ::1 28/Jan/2026/17/10/11 PUT /v1/AUTH_91b6b1428bbb47ceba8e3cd29a2c760e/gnocchi.9de09653-b47f-40ff-875f-47d21d3c6d55/none_v3 HTTP/1.0 201 - python-swiftclient-3.11.1 gAAAAABpekInNEdc... 22 - - txdac916f9fe64485ea957a-00697a42f3 - 0.0177 - - 1769620211.638275862 1769620211.655942678 0
Jan 28 17:10:11 standalone container-server[122477]: 172.20.0.100 - - [28/Jan/2026:17:10:11 +0000] "HEAD /d1/305/AUTH_91b6b1428bbb47ceba8e3cd29a2c760e/gnocchi.bf329d51-a955-48c2-954a-f8f1d1bacb00" 404 - "HEAD http://localhost:8080/v1/AUTH_91b6b1428bbb47ceba8e3cd29a2c760e/gnocchi.bf329d51-a955-48c2-954a-f8f1d1bacb00?format=json&states=listing" "tx78b46c7dfa37470b98c37-00697a42f3" "proxy-server 21" 0.0008 "-" 20 0
Jan 28 17:10:11 standalone object-server[122664]: 172.20.0.100 - - [28/Jan/2026:17:10:11 +0000] "GET /d1/229/AUTH_91b6b1428bbb47ceba8e3cd29a2c760e/gnocchi.bf329d51-a955-48c2-954a-f8f1d1bacb00/none_v3" 404 70 "GET http://localhost:8080/v1/AUTH_91b6b1428bbb47ceba8e3cd29a2c760e/gnocchi.bf329d51-a955-48c2-954a-f8f1d1bacb00/none_v3" "tx78b46c7dfa37470b98c37-00697a42f3" "proxy-server 21" 0.0004 "-" 25 0
Jan 28 17:10:11 standalone proxy-server[124607]: 172.18.0.2 ::1 28/Jan/2026/17/10/11 GET /v1/AUTH_91b6b1428bbb47ceba8e3cd29a2c760e/gnocchi.bf329d51-a955-48c2-954a-f8f1d1bacb00/none_v3 HTTP/1.0 404 - python-swiftclient-3.11.1 gAAAAABpekInNEdc... - 70 - tx78b46c7dfa37470b98c37-00697a42f3 - 0.0183 - - 1769620211.674495220 1769620211.692820072 0
Jan 28 17:10:11 standalone account-server[122468]: 172.20.0.100 - - [28/Jan/2026:17:10:11 +0000] "PUT /d1/441/AUTH_91b6b1428bbb47ceba8e3cd29a2c760e/gnocchi.bf329d51-a955-48c2-954a-f8f1d1bacb00" 201 - "PUT http://172.20.0.100:6001/d1/305/AUTH_91b6b1428bbb47ceba8e3cd29a2c760e/gnocchi.bf329d51-a955-48c2-954a-f8f1d1bacb00" "tx9ab38654a0f2400da5f70-00697a42f3" "container-server 22" 0.0065 "-" 21 0
Jan 28 17:10:11 standalone container-server[122504]: 172.20.0.100 - - [28/Jan/2026:17:10:11 +0000] "PUT /d1/305/AUTH_91b6b1428bbb47ceba8e3cd29a2c760e/gnocchi.bf329d51-a955-48c2-954a-f8f1d1bacb00" 201 - "PUT http://localhost:8080/v1/AUTH_91b6b1428bbb47ceba8e3cd29a2c760e/gnocchi.bf329d51-a955-48c2-954a-f8f1d1bacb00" "tx9ab38654a0f2400da5f70-00697a42f3" "proxy-server 21" 0.0197 "-" 22 0
Jan 28 17:10:11 standalone proxy-server[124607]: 172.18.0.2 ::1 28/Jan/2026/17/10/11 PUT /v1/AUTH_91b6b1428bbb47ceba8e3cd29a2c760e/gnocchi.bf329d51-a955-48c2-954a-f8f1d1bacb00 HTTP/1.0 201 - python-swiftclient-3.11.1 gAAAAABpekInNEdc... - - - tx9ab38654a0f2400da5f70-00697a42f3 - 0.0271 - - 1769620211.698016405 1769620211.725110769 0
Jan 28 17:10:11 standalone container-server[122513]: 172.20.0.100 - - [28/Jan/2026:17:10:11 +0000] "HEAD /d1/305/AUTH_91b6b1428bbb47ceba8e3cd29a2c760e/gnocchi.bf329d51-a955-48c2-954a-f8f1d1bacb00" 204 - "HEAD http://localhost:8080/v1/AUTH_91b6b1428bbb47ceba8e3cd29a2c760e/gnocchi.bf329d51-a955-48c2-954a-f8f1d1bacb00?format=json&states=listing" "tx12e8e5c831b34297927ea-00697a42f3" "proxy-server 21" 0.0022 "-" 23 0
Jan 28 17:10:11 standalone proxy-server[124607]: - - 28/Jan/2026/17/10/11 HEAD /v1/AUTH_91b6b1428bbb47ceba8e3cd29a2c760e/gnocchi.bf329d51-a955-48c2-954a-f8f1d1bacb00%3Fformat%3Djson%26states%3Dlisting HTTP/1.0 204 - Swift - - - - tx12e8e5c831b34297927ea-00697a42f3 - 0.0060 RL - 1769620211.731884956 1769620211.737923622 0
Jan 28 17:10:11 standalone container-server[122496]: 172.20.0.100 - - [28/Jan/2026:17:10:11 +0000] "GET /d1/305/AUTH_91b6b1428bbb47ceba8e3cd29a2c760e/gnocchi.bf329d51-a955-48c2-954a-f8f1d1bacb00" 200 2 "GET http://localhost:8080/v1/AUTH_91b6b1428bbb47ceba8e3cd29a2c760e/gnocchi.bf329d51-a955-48c2-954a-f8f1d1bacb00?format=json&states=listing" "tx12e8e5c831b34297927ea-00697a42f3" "proxy-server 21" 0.0035 "-" 21 0
Jan 28 17:10:11 standalone proxy-server[124607]: 172.18.0.2 ::1 28/Jan/2026/17/10/11 GET /v1/AUTH_91b6b1428bbb47ceba8e3cd29a2c760e/gnocchi.bf329d51-a955-48c2-954a-f8f1d1bacb00%3Fformat%3Djson%26states%3Dlisting HTTP/1.0 200 - python-swiftclient-3.11.1 gAAAAABpekInNEdc... - 2 - tx12e8e5c831b34297927ea-00697a42f3 - 0.0181 - - 1769620211.730729818 1769620211.748814106 0
Jan 28 17:10:11 standalone object-server[122662]: 172.20.0.100 - - [28/Jan/2026:17:10:11 +0000] "GET /d1/156/AUTH_91b6b1428bbb47ceba8e3cd29a2c760e/gnocchi.bf329d51-a955-48c2-954a-f8f1d1bacb00/1769040000.0_mean_300.0_v3" 404 70 "GET http://localhost:8080/v1/AUTH_91b6b1428bbb47ceba8e3cd29a2c760e/gnocchi.bf329d51-a955-48c2-954a-f8f1d1bacb00/1769040000.0_mean_300.0_v3" "txba11224077e248749ea27-00697a42f3" "proxy-server 21" 0.0007 "-" 23 0
Jan 28 17:10:11 standalone proxy-server[124607]: 172.18.0.2 ::1 28/Jan/2026/17/10/11 GET /v1/AUTH_91b6b1428bbb47ceba8e3cd29a2c760e/gnocchi.bf329d51-a955-48c2-954a-f8f1d1bacb00/1769040000.0_mean_300.0_v3 HTTP/1.0 404 - python-swiftclient-3.11.1 gAAAAABpekInNEdc... - 70 - txba11224077e248749ea27-00697a42f3 - 0.0095 - - 1769620211.755794764 1769620211.765267134 0
Jan 28 17:10:11 standalone container-server[122477]: 172.20.0.100 - - [28/Jan/2026:17:10:11 +0000] "PUT /d1/305/AUTH_91b6b1428bbb47ceba8e3cd29a2c760e/gnocchi.bf329d51-a955-48c2-954a-f8f1d1bacb00/1769040000.0_mean_300.0_v3" 201 - "PUT http://localhost:8080/d1/156/AUTH_91b6b1428bbb47ceba8e3cd29a2c760e/gnocchi.bf329d51-a955-48c2-954a-f8f1d1bacb00/1769040000.0_mean_300.0_v3" "tx898e84b374af4786a59ac-00697a42f3" "object-server 23" 0.0006 "-" 20 0
Jan 28 17:10:11 standalone object-server[122662]: 172.20.0.100 - - [28/Jan/2026:17:10:11 +0000] "PUT /d1/156/AUTH_91b6b1428bbb47ceba8e3cd29a2c760e/gnocchi.bf329d51-a955-48c2-954a-f8f1d1bacb00/1769040000.0_mean_300.0_v3" 201 - "PUT http://localhost:8080/v1/AUTH_91b6b1428bbb47ceba8e3cd29a2c760e/gnocchi.bf329d51-a955-48c2-954a-f8f1d1bacb00/1769040000.0_mean_300.0_v3" "tx898e84b374af4786a59ac-00697a42f3" "proxy-server 21" 0.0099 "-" 23 0
Jan 28 17:10:11 standalone proxy-server[124607]: 172.18.0.2 ::1 28/Jan/2026/17/10/11 PUT /v1/AUTH_91b6b1428bbb47ceba8e3cd29a2c760e/gnocchi.bf329d51-a955-48c2-954a-f8f1d1bacb00/1769040000.0_mean_300.0_v3 HTTP/1.0 201 - python-swiftclient-3.11.1 gAAAAABpekInNEdc... 16 - - tx898e84b374af4786a59ac-00697a42f3 - 0.0185 - - 1769620211.772711992 1769620211.791222572 0
Jan 28 17:10:11 standalone container-server[122496]: 172.20.0.100 - - [28/Jan/2026:17:10:11 +0000] "PUT /d1/305/AUTH_91b6b1428bbb47ceba8e3cd29a2c760e/gnocchi.bf329d51-a955-48c2-954a-f8f1d1bacb00/none_v3" 201 - "PUT http://localhost:8080/d1/229/AUTH_91b6b1428bbb47ceba8e3cd29a2c760e/gnocchi.bf329d51-a955-48c2-954a-f8f1d1bacb00/none_v3" "txf6e9ffe0405d4acea0a7b-00697a42f3" "object-server 23" 0.0008 "-" 21 0
Jan 28 17:10:11 standalone object-server[122662]: 172.20.0.100 - - [28/Jan/2026:17:10:11 +0000] "PUT /d1/229/AUTH_91b6b1428bbb47ceba8e3cd29a2c760e/gnocchi.bf329d51-a955-48c2-954a-f8f1d1bacb00/none_v3" 201 - "PUT http://localhost:8080/v1/AUTH_91b6b1428bbb47ceba8e3cd29a2c760e/gnocchi.bf329d51-a955-48c2-954a-f8f1d1bacb00/none_v3" "txf6e9ffe0405d4acea0a7b-00697a42f3" "proxy-server 21" 0.0130 "-" 23 0
Jan 28 17:10:11 standalone proxy-server[124607]: 172.18.0.2 ::1 28/Jan/2026/17/10/11 PUT /v1/AUTH_91b6b1428bbb47ceba8e3cd29a2c760e/gnocchi.bf329d51-a955-48c2-954a-f8f1d1bacb00/none_v3 HTTP/1.0 201 - python-swiftclient-3.11.1 gAAAAABpekInNEdc... 22 - - txf6e9ffe0405d4acea0a7b-00697a42f3 - 0.0209 - - 1769620211.797166586 1769620211.818025589 0
Jan 28 17:10:11 standalone container-server[122513]: 172.20.0.100 - - [28/Jan/2026:17:10:11 +0000] "HEAD /d1/406/AUTH_91b6b1428bbb47ceba8e3cd29a2c760e/gnocchi.8201759c-3d0b-4faf-9ba6-51357e133b5b" 404 - "HEAD http://localhost:8080/v1/AUTH_91b6b1428bbb47ceba8e3cd29a2c760e/gnocchi.8201759c-3d0b-4faf-9ba6-51357e133b5b?format=json&states=listing" "txbe6402bee3ad41938a851-00697a42f3" "proxy-server 21" 0.0006 "-" 23 0
Jan 28 17:10:11 standalone object-server[122663]: 172.20.0.100 - - [28/Jan/2026:17:10:11 +0000] "GET /d1/753/AUTH_91b6b1428bbb47ceba8e3cd29a2c760e/gnocchi.8201759c-3d0b-4faf-9ba6-51357e133b5b/none_v3" 404 70 "GET http://localhost:8080/v1/AUTH_91b6b1428bbb47ceba8e3cd29a2c760e/gnocchi.8201759c-3d0b-4faf-9ba6-51357e133b5b/none_v3" "txbe6402bee3ad41938a851-00697a42f3" "proxy-server 21" 0.0006 "-" 24 0
Jan 28 17:10:11 standalone proxy-server[124607]: 172.18.0.2 ::1 28/Jan/2026/17/10/11 GET /v1/AUTH_91b6b1428bbb47ceba8e3cd29a2c760e/gnocchi.8201759c-3d0b-4faf-9ba6-51357e133b5b/none_v3 HTTP/1.0 404 - python-swiftclient-3.11.1 gAAAAABpekInNEdc... - 70 - txbe6402bee3ad41938a851-00697a42f3 - 0.0150 - - 1769620211.834549665 1769620211.849580288 0
Jan 28 17:10:11 standalone account-server[122468]: 172.20.0.100 - - [28/Jan/2026:17:10:11 +0000] "PUT /d1/441/AUTH_91b6b1428bbb47ceba8e3cd29a2c760e/gnocchi.8201759c-3d0b-4faf-9ba6-51357e133b5b" 201 - "PUT http://172.20.0.100:6001/d1/406/AUTH_91b6b1428bbb47ceba8e3cd29a2c760e/gnocchi.8201759c-3d0b-4faf-9ba6-51357e133b5b" "tx286b094a3a3840c2bdd44-00697a42f3" "container-server 21" 0.0067 "-" 21 0
Jan 28 17:10:11 standalone container-server[122496]: 172.20.0.100 - - [28/Jan/2026:17:10:11 +0000] "PUT /d1/406/AUTH_91b6b1428bbb47ceba8e3cd29a2c760e/gnocchi.8201759c-3d0b-4faf-9ba6-51357e133b5b" 201 - "PUT http://localhost:8080/v1/AUTH_91b6b1428bbb47ceba8e3cd29a2c760e/gnocchi.8201759c-3d0b-4faf-9ba6-51357e133b5b" "tx286b094a3a3840c2bdd44-00697a42f3" "proxy-server 21" 0.0209 "-" 21 0
Jan 28 17:10:11 standalone proxy-server[124607]: 172.18.0.2 ::1 28/Jan/2026/17/10/11 PUT /v1/AUTH_91b6b1428bbb47ceba8e3cd29a2c760e/gnocchi.8201759c-3d0b-4faf-9ba6-51357e133b5b HTTP/1.0 201 - python-swiftclient-3.11.1 gAAAAABpekInNEdc... - - - tx286b094a3a3840c2bdd44-00697a42f3 - 0.0298 - - 1769620211.855159998 1769620211.884933233 0
Jan 28 17:10:11 standalone container-server[122513]: 172.20.0.100 - - [28/Jan/2026:17:10:11 +0000] "HEAD /d1/406/AUTH_91b6b1428bbb47ceba8e3cd29a2c760e/gnocchi.8201759c-3d0b-4faf-9ba6-51357e133b5b" 204 - "HEAD http://localhost:8080/v1/AUTH_91b6b1428bbb47ceba8e3cd29a2c760e/gnocchi.8201759c-3d0b-4faf-9ba6-51357e133b5b?format=json&states=listing" "tx8ea0d216fd3a4794a771f-00697a42f3" "proxy-server 21" 0.0022 "-" 23 0
Jan 28 17:10:11 standalone proxy-server[124607]: - - 28/Jan/2026/17/10/11 HEAD /v1/AUTH_91b6b1428bbb47ceba8e3cd29a2c760e/gnocchi.8201759c-3d0b-4faf-9ba6-51357e133b5b%3Fformat%3Djson%26states%3Dlisting HTTP/1.0 204 - Swift - - - - tx8ea0d216fd3a4794a771f-00697a42f3 - 0.0089 RL - 1769620211.897538900 1769620211.906460524 0
Jan 28 17:10:11 standalone container-server[122477]: 172.20.0.100 - - [28/Jan/2026:17:10:11 +0000] "GET /d1/406/AUTH_91b6b1428bbb47ceba8e3cd29a2c760e/gnocchi.8201759c-3d0b-4faf-9ba6-51357e133b5b" 200 2 "GET http://localhost:8080/v1/AUTH_91b6b1428bbb47ceba8e3cd29a2c760e/gnocchi.8201759c-3d0b-4faf-9ba6-51357e133b5b?format=json&states=listing" "tx8ea0d216fd3a4794a771f-00697a42f3" "proxy-server 21" 0.0037 "-" 20 0
Jan 28 17:10:11 standalone proxy-server[124607]: 172.18.0.2 ::1 28/Jan/2026/17/10/11 GET /v1/AUTH_91b6b1428bbb47ceba8e3cd29a2c760e/gnocchi.8201759c-3d0b-4faf-9ba6-51357e133b5b%3Fformat%3Djson%26states%3Dlisting HTTP/1.0 200 - python-swiftclient-3.11.1 gAAAAABpekInNEdc... - 2 - tx8ea0d216fd3a4794a771f-00697a42f3 - 0.0286 - - 1769620211.894832611 1769620211.923390150 0
Jan 28 17:10:11 standalone object-server[122663]: 172.20.0.100 - - [28/Jan/2026:17:10:11 +0000] "GET /d1/780/AUTH_91b6b1428bbb47ceba8e3cd29a2c760e/gnocchi.8201759c-3d0b-4faf-9ba6-51357e133b5b/1769040000.0_mean_300.0_v3" 404 70 "GET http://localhost:8080/v1/AUTH_91b6b1428bbb47ceba8e3cd29a2c760e/gnocchi.8201759c-3d0b-4faf-9ba6-51357e133b5b/1769040000.0_mean_300.0_v3" "tx0f7a5eb8a85445d1acaf3-00697a42f3" "proxy-server 21" 0.0005 "-" 24 0
Jan 28 17:10:11 standalone proxy-server[124607]: 172.18.0.2 ::1 28/Jan/2026/17/10/11 GET /v1/AUTH_91b6b1428bbb47ceba8e3cd29a2c760e/gnocchi.8201759c-3d0b-4faf-9ba6-51357e133b5b/1769040000.0_mean_300.0_v3 HTTP/1.0 404 - python-swiftclient-3.11.1 gAAAAABpekInNEdc... - 70 - tx0f7a5eb8a85445d1acaf3-00697a42f3 - 0.0096 - - 1769620211.930502415 1769620211.940111876 0
Jan 28 17:10:11 standalone container-server[122477]: 172.20.0.100 - - [28/Jan/2026:17:10:11 +0000] "PUT /d1/406/AUTH_91b6b1428bbb47ceba8e3cd29a2c760e/gnocchi.8201759c-3d0b-4faf-9ba6-51357e133b5b/1769040000.0_mean_300.0_v3" 201 - "PUT http://localhost:8080/d1/780/AUTH_91b6b1428bbb47ceba8e3cd29a2c760e/gnocchi.8201759c-3d0b-4faf-9ba6-51357e133b5b/1769040000.0_mean_300.0_v3" "tx3e300a6df804453a99070-00697a42f3" "object-server 22" 0.0009 "-" 20 0
Jan 28 17:10:11 standalone object-server[122657]: 172.20.0.100 - - [28/Jan/2026:17:10:11 +0000] "PUT /d1/780/AUTH_91b6b1428bbb47ceba8e3cd29a2c760e/gnocchi.8201759c-3d0b-4faf-9ba6-51357e133b5b/1769040000.0_mean_300.0_v3" 201 - "PUT http://localhost:8080/v1/AUTH_91b6b1428bbb47ceba8e3cd29a2c760e/gnocchi.8201759c-3d0b-4faf-9ba6-51357e133b5b/1769040000.0_mean_300.0_v3" "tx3e300a6df804453a99070-00697a42f3" "proxy-server 21" 0.0118 "-" 22 0
Jan 28 17:10:12 standalone proxy-server[124607]: 172.18.0.2 ::1 28/Jan/2026/17/10/12 PUT /v1/AUTH_91b6b1428bbb47ceba8e3cd29a2c760e/gnocchi.8201759c-3d0b-4faf-9ba6-51357e133b5b/1769040000.0_mean_300.0_v3 HTTP/1.0 201 - python-swiftclient-3.11.1 gAAAAABpekInNEdc... 16 - - tx3e300a6df804453a99070-00697a42f3 - 0.0627 - - 1769620211.945788860 1769620212.008450508 0
Jan 28 17:10:12 standalone container-server[122477]: 172.20.0.100 - - [28/Jan/2026:17:10:12 +0000] "PUT /d1/406/AUTH_91b6b1428bbb47ceba8e3cd29a2c760e/gnocchi.8201759c-3d0b-4faf-9ba6-51357e133b5b/none_v3" 201 - "PUT http://localhost:8080/d1/753/AUTH_91b6b1428bbb47ceba8e3cd29a2c760e/gnocchi.8201759c-3d0b-4faf-9ba6-51357e133b5b/none_v3" "txca750b7d624b45039e026-00697a42f4" "object-server 23" 0.0006 "-" 20 0
Jan 28 17:10:12 standalone object-server[122662]: 172.20.0.100 - - [28/Jan/2026:17:10:12 +0000] "PUT /d1/753/AUTH_91b6b1428bbb47ceba8e3cd29a2c760e/gnocchi.8201759c-3d0b-4faf-9ba6-51357e133b5b/none_v3" 201 - "PUT http://localhost:8080/v1/AUTH_91b6b1428bbb47ceba8e3cd29a2c760e/gnocchi.8201759c-3d0b-4faf-9ba6-51357e133b5b/none_v3" "txca750b7d624b45039e026-00697a42f4" "proxy-server 21" 0.0081 "-" 23 0
Jan 28 17:10:12 standalone proxy-server[124607]: 172.18.0.2 ::1 28/Jan/2026/17/10/12 PUT /v1/AUTH_91b6b1428bbb47ceba8e3cd29a2c760e/gnocchi.8201759c-3d0b-4faf-9ba6-51357e133b5b/none_v3 HTTP/1.0 201 - python-swiftclient-3.11.1 gAAAAABpekInNEdc... 22 - - txca750b7d624b45039e026-00697a42f4 - 0.0148 - - 1769620212.014102936 1769620212.028859138 0
Jan 28 17:11:13 standalone account-server[122461]: 172.20.0.100 - - [28/Jan/2026:17:11:13 +0000] "HEAD /d1/644/.expiring_objects" 404 - "HEAD http://localhost/v1/.expiring_objects?format=json" "txb9c8f9e13398472f96950-00697a4331" "proxy-server 2" 0.0008 "-" 20 -
Jan 28 17:11:13 standalone object-expirer[122447]: Pass completed in 0s; 0 objects expired (txn: txb9c8f9e13398472f96950-00697a4331)
Jan 28 17:12:24 standalone account-server[122468]: 172.20.0.100 - - [28/Jan/2026:17:12:24 +0000] "HEAD /d1/644/.expiring_objects" 404 - "HEAD http://localhost/v1/.expiring_objects?format=json" "txfccf43cab741424f80017-00697a4378" "proxy-server 2" 0.0013 "-" 21 -
Jan 28 17:12:24 standalone object-expirer[122447]: Pass completed in 0s; 0 objects expired (txn: txfccf43cab741424f80017-00697a4378)
Jan 28 17:13:37 standalone object-server[122581]: Begin object update sweep
Jan 28 17:13:37 standalone object-server[248820]: Object update sweep starting on /srv/node/d1 (pid: 15)
Jan 28 17:13:37 standalone object-server[248820]: Object update sweep completed on /srv/node/d1 in 0.00s seconds:, 0 successes, 0 failures, 0 quarantines, 0 unlinks, 0 errors, 0 redirects (pid: 15)
Jan 28 17:13:37 standalone object-server[248820]: Object update sweep of d1 completed: 0.00s, 0 successes, 0 failures, 0 quarantines, 0 unlinks, 0 errors, 0 redirects
Jan 28 17:13:38 standalone object-server[122581]: Object update sweep completed: 0.10s
Jan 28 17:15:03 standalone container-server[122332]: Begin container update sweep
Jan 28 17:15:03 standalone account-server[122468]: 172.20.0.100 - - [28/Jan/2026:17:15:03 +0000] "PUT /d1/441/AUTH_91b6b1428bbb47ceba8e3cd29a2c760e/gnocchi.15677543-565e-4e73-9c18-21987dfaef6b" 201 - "-" "-" "container-updater 2" 0.0014 "-" 21 0
Jan 28 17:15:03 standalone account-server[122487]: 172.20.0.100 - - [28/Jan/2026:17:15:03 +0000] "PUT /d1/441/AUTH_91b6b1428bbb47ceba8e3cd29a2c760e/gnocchi.c2f5c317-28d4-4143-a1b3-b35e1bed729e" 201 - "-" "-" "container-updater 2" 0.0008 "-" 23 0
Jan 28 17:15:03 standalone account-server[122461]: 172.20.0.100 - - [28/Jan/2026:17:15:03 +0000] "PUT /d1/441/AUTH_91b6b1428bbb47ceba8e3cd29a2c760e/gnocchi.8201759c-3d0b-4faf-9ba6-51357e133b5b" 201 - "-" "-" "container-updater 2" 0.0007 "-" 20 0
Jan 28 17:15:03 standalone account-server[122475]: 172.20.0.100 - - [28/Jan/2026:17:15:03 +0000] "PUT /d1/441/AUTH_91b6b1428bbb47ceba8e3cd29a2c760e/gnocchi.e19f6708-2e20-4231-908d-1e4f037d4710" 201 - "-" "-" "container-updater 2" 0.0009 "-" 22 0
Jan 28 17:15:04 standalone account-server[122475]: 172.20.0.100 - - [28/Jan/2026:17:15:04 +0000] "PUT /d1/441/AUTH_91b6b1428bbb47ceba8e3cd29a2c760e/gnocchi.6608e351-c18e-412d-a434-760062b6b13e" 201 - "-" "-" "container-updater 2" 0.0008 "-" 22 0
Jan 28 17:15:04 standalone account-server[122461]: 172.20.0.100 - - [28/Jan/2026:17:15:04 +0000] "PUT /d1/441/AUTH_91b6b1428bbb47ceba8e3cd29a2c760e/gnocchi.cbe815f6-9071-4b4b-bd35-7a7b9831e83f" 201 - "-" "-" "container-updater 2" 0.0009 "-" 20 0
Jan 28 17:15:04 standalone account-server[122461]: 172.20.0.100 - - [28/Jan/2026:17:15:04 +0000] "PUT /d1/441/AUTH_91b6b1428bbb47ceba8e3cd29a2c760e/gnocchi.1a0e4885-0de4-456f-8502-eff370301f65" 201 - "-" "-" "container-updater 2" 0.0008 "-" 20 0
Jan 28 17:15:04 standalone account-server[122468]: 172.20.0.100 - - [28/Jan/2026:17:15:04 +0000] "PUT /d1/441/AUTH_91b6b1428bbb47ceba8e3cd29a2c760e/gnocchi.ff58750d-0858-4dd1-a6b2-4c5c21f3b18e" 201 - "-" "-" "container-updater 2" 0.0014 "-" 21 0
Jan 28 17:15:04 standalone account-server[122461]: 172.20.0.100 - - [28/Jan/2026:17:15:04 +0000] "PUT /d1/441/AUTH_91b6b1428bbb47ceba8e3cd29a2c760e/gnocchi.f7d44b28-a9dc-4bad-87fb-5d80db6b0749" 201 - "-" "-" "container-updater 2" 0.0008 "-" 20 0
Jan 28 17:15:04 standalone account-server[122475]: 172.20.0.100 - - [28/Jan/2026:17:15:04 +0000] "PUT /d1/441/AUTH_91b6b1428bbb47ceba8e3cd29a2c760e/gnocchi.f695f467-1798-4a4a-8847-374c2c4bd1b3" 201 - "-" "-" "container-updater 2" 0.0009 "-" 22 0
Jan 28 17:15:04 standalone account-server[122487]: 172.20.0.100 - - [28/Jan/2026:17:15:04 +0000] "PUT /d1/441/AUTH_91b6b1428bbb47ceba8e3cd29a2c760e/gnocchi.bf329d51-a955-48c2-954a-f8f1d1bacb00" 201 - "-" "-" "container-updater 2" 0.0008 "-" 23 0
Jan 28 17:15:04 standalone account-server[122487]: 172.20.0.100 - - [28/Jan/2026:17:15:04 +0000] "PUT /d1/441/AUTH_91b6b1428bbb47ceba8e3cd29a2c760e/gnocchi.9de09653-b47f-40ff-875f-47d21d3c6d55" 201 - "-" "-" "container-updater 2" 0.0011 "-" 23 0
Jan 28 17:15:05 standalone account-server[122461]: 172.20.0.100 - - [28/Jan/2026:17:15:05 +0000] "PUT /d1/441/AUTH_91b6b1428bbb47ceba8e3cd29a2c760e/gnocchi.6a07f812-035d-4004-a9c4-7f74f4c9a5ec" 201 - "-" "-" "container-updater 2" 0.0008 "-" 20 0
Jan 28 17:15:05 standalone account-server[122461]: 172.20.0.100 - - [28/Jan/2026:17:15:05 +0000] "PUT /d1/441/AUTH_91b6b1428bbb47ceba8e3cd29a2c760e/gnocchi.d2680db6-62e6-4db8-8c5a-abfb71b46077" 201 - "-" "-" "container-updater 2" 0.0008 "-" 20 0
Jan 28 17:15:05 standalone container-server[122332]: Container update sweep completed: 2.49s
Jan 28 17:15:59 standalone account-server[122461]: 172.20.0.100 - - [28/Jan/2026:17:15:59 +0000] "HEAD /d1/644/.expiring_objects" 404 - "HEAD http://localhost/v1/.expiring_objects?format=json" "tx0db1bd8c526141c9a09d3-00697a444f" "proxy-server 2" 0.0007 "-" 20 -
Jan 28 17:15:59 standalone object-expirer[122447]: Pass completed in 0s; 0 objects expired (txn: tx0db1bd8c526141c9a09d3-00697a444f)
Jan 28 17:16:14 standalone account-server[122475]: 172.20.0.100 - - [28/Jan/2026:17:16:14 +0000] "HEAD /d1/644/.expiring_objects" 404 - "HEAD http://localhost/v1/.expiring_objects?format=json" "tx604f2720b16f438184726-00697a445e" "proxy-server 2" 0.0004 "-" 22 -
Jan 28 17:16:14 standalone object-expirer[122447]: Pass completed in 0s; 0 objects expired (txn: tx604f2720b16f438184726-00697a445e)
Jan 28 17:18:38 standalone object-server[122581]: Begin object update sweep
Jan 28 17:18:38 standalone object-server[272553]: Object update sweep starting on /srv/node/d1 (pid: 16)
Jan 28 17:18:38 standalone object-server[272553]: Object update sweep completed on /srv/node/d1 in 0.00s seconds:, 0 successes, 0 failures, 0 quarantines, 0 unlinks, 0 errors, 0 redirects (pid: 16)
Jan 28 17:18:38 standalone object-server[272553]: Object update sweep of d1 completed: 0.00s, 0 successes, 0 failures, 0 quarantines, 0 unlinks, 0 errors, 0 redirects
Jan 28 17:18:38 standalone object-server[122581]: Object update sweep completed: 0.09s
Jan 28 17:20:03 standalone container-server[122332]: Begin container update sweep
Jan 28 17:20:05 standalone container-server[122332]: Container update sweep completed: 1.68s
Jan 28 17:20:29 standalone account-server[122461]: 172.20.0.100 - - [28/Jan/2026:17:20:29 +0000] "HEAD /d1/644/.expiring_objects" 404 - "HEAD http://localhost/v1/.expiring_objects?format=json" "tx488a5af2774f48aa8f08b-00697a455d" "proxy-server 2" 0.0005 "-" 20 -
Jan 28 17:20:29 standalone object-expirer[122447]: Pass completed in 0s; 0 objects expired (txn: tx488a5af2774f48aa8f08b-00697a455d)
Jan 28 17:21:01 standalone account-server[122461]: 172.20.0.31 - - [28/Jan/2026:17:21:01 +0000] "HEAD /d1/654/AUTH_053551f6cebc4d70ac2310804c50ba99" 404 - "HEAD http://swift-public-openstack.apps-crc.testing/v1/AUTH_053551f6cebc4d70ac2310804c50ba99?format=json" "txefcae91573d74e779694c-00697a457d" "proxy-server 11" 0.0007 "-" 20 -
Jan 28 17:21:01 standalone account-server[122468]: 172.20.0.31 - - [28/Jan/2026:17:21:01 +0000] "GET /d1/654/AUTH_053551f6cebc4d70ac2310804c50ba99" 404 - "GET http://swift-public-openstack.apps-crc.testing/v1/AUTH_053551f6cebc4d70ac2310804c50ba99?format=json" "txefcae91573d74e779694c-00697a457d" "proxy-server 11" 0.0004 "-" 21 -
Jan 28 17:22:15 standalone account-server[122461]: 172.20.0.100 - - [28/Jan/2026:17:22:15 +0000] "HEAD /d1/644/.expiring_objects" 404 - "HEAD http://localhost/v1/.expiring_objects?format=json" "tx267929fc7c644f3683a73-00697a45c7" "proxy-server 2" 0.0012 "-" 20 -
Jan 28 17:22:15 standalone object-expirer[122447]: Pass completed in 0s; 0 objects expired (txn: tx267929fc7c644f3683a73-00697a45c7)
Jan 28 17:23:38 standalone object-server[122581]: Begin object update sweep
Jan 28 17:23:38 standalone object-server[293165]: Object update sweep starting on /srv/node/d1 (pid: 17)
Jan 28 17:23:38 standalone object-server[293165]: Object update sweep completed on /srv/node/d1 in 0.00s seconds:, 0 successes, 0 failures, 0 quarantines, 0 unlinks, 0 errors, 0 redirects (pid: 17)
Jan 28 17:23:38 standalone object-server[293165]: Object update sweep of d1 completed: 0.00s, 0 successes, 0 failures, 0 quarantines, 0 unlinks, 0 errors, 0 redirects
Jan 28 17:23:38 standalone object-server[122581]: Object update sweep completed: 0.08s
Jan 28 17:24:00 standalone account-server[122475]: 172.20.0.100 - - [28/Jan/2026:17:24:00 +0000] "HEAD /d1/644/.expiring_objects" 404 - "HEAD http://localhost/v1/.expiring_objects?format=json" "tx22a5fbd91eaf433eb12a5-00697a4630" "proxy-server 2" 0.0006 "-" 22 -
Jan 28 17:24:00 standalone object-expirer[122447]: Pass completed in 0s; 0 objects expired (txn: tx22a5fbd91eaf433eb12a5-00697a4630)
Jan 28 17:25:03 standalone container-server[122332]: Begin container update sweep
Jan 28 17:25:04 standalone container-server[122332]: Container update sweep completed: 1.40s
Jan 28 17:26:38 standalone account-server[122475]: 172.20.0.100 - - [28/Jan/2026:17:26:38 +0000] "HEAD /d1/644/.expiring_objects" 404 - "HEAD http://localhost/v1/.expiring_objects?format=json" "tx78abe9b5d78f47d287e68-00697a46ce" "proxy-server 2" 0.0007 "-" 22 -
Jan 28 17:26:38 standalone object-expirer[122447]: Pass completed in 0s; 0 objects expired (txn: tx78abe9b5d78f47d287e68-00697a46ce)
Jan 28 17:28:03 standalone account-server[122487]: 172.20.0.31 - - [28/Jan/2026:17:28:03 +0000] "HEAD /d1/441/AUTH_91b6b1428bbb47ceba8e3cd29a2c760e" 204 - "HEAD http://swift-internal.openstack.svc:8080/v1/AUTH_91b6b1428bbb47ceba8e3cd29a2c760e?format=json" "tx4b9fd76f39004475bb8e6-00697a4723" "proxy-server 15" 0.0152 "-" 23 -
Jan 28 17:28:03 standalone container-server[122477]: 172.20.0.31 - - [28/Jan/2026:17:28:03 +0000] "HEAD /d1/879/AUTH_91b6b1428bbb47ceba8e3cd29a2c760e/glance" 204 - "HEAD http://swift-internal.openstack.svc:8080/v1/AUTH_91b6b1428bbb47ceba8e3cd29a2c760e/glance?format=json&states=listing" "tx4b9fd76f39004475bb8e6-00697a4723" "proxy-server 15" 0.0028 "-" 20 0
Jan 28 17:28:05 standalone container-server[122513]: 172.20.0.100 - - [28/Jan/2026:17:28:05 +0000] "PUT /d1/879/AUTH_91b6b1428bbb47ceba8e3cd29a2c760e/glance/69dd9ef4-47c9-4bf6-a37c-c520bca35f4d-00001" 201 - "PUT http://swift-internal.openstack.svc:8080/d1/335/AUTH_91b6b1428bbb47ceba8e3cd29a2c760e/glance/69dd9ef4-47c9-4bf6-a37c-c520bca35f4d-00001" "txf9762faf1e6b496ab4907-00697a4723" "object-server 23" 0.0012 "-" 23 0
Jan 28 17:28:05 standalone object-server[122662]: 172.20.0.31 - - [28/Jan/2026:17:28:05 +0000] "PUT /d1/335/AUTH_91b6b1428bbb47ceba8e3cd29a2c760e/glance/69dd9ef4-47c9-4bf6-a37c-c520bca35f4d-00001" 201 - "PUT http://swift-internal.openstack.svc:8080/v1/AUTH_91b6b1428bbb47ceba8e3cd29a2c760e/glance/69dd9ef4-47c9-4bf6-a37c-c520bca35f4d-00001" "txf9762faf1e6b496ab4907-00697a4723" "proxy-server 15" 2.4259 "-" 23 0
Jan 28 17:28:08 standalone container-server[122477]: 172.20.0.100 - - [28/Jan/2026:17:28:08 +0000] "PUT /d1/879/AUTH_91b6b1428bbb47ceba8e3cd29a2c760e/glance/69dd9ef4-47c9-4bf6-a37c-c520bca35f4d-00002" 201 - "PUT http://swift-internal.openstack.svc:8080/d1/37/AUTH_91b6b1428bbb47ceba8e3cd29a2c760e/glance/69dd9ef4-47c9-4bf6-a37c-c520bca35f4d-00002" "tx7094d07309854564b2ff2-00697a4725" "object-server 25" 0.0007 "-" 20 0
Jan 28 17:28:08 standalone object-server[122664]: 172.20.0.31 - - [28/Jan/2026:17:28:08 +0000] "PUT /d1/37/AUTH_91b6b1428bbb47ceba8e3cd29a2c760e/glance/69dd9ef4-47c9-4bf6-a37c-c520bca35f4d-00002" 201 - "PUT http://swift-internal.openstack.svc:8080/v1/AUTH_91b6b1428bbb47ceba8e3cd29a2c760e/glance/69dd9ef4-47c9-4bf6-a37c-c520bca35f4d-00002" "tx7094d07309854564b2ff2-00697a4725" "proxy-server 15" 2.1689 "-" 25 0
Jan 28 17:28:09 standalone container-server[122496]: 172.20.0.100 - - [28/Jan/2026:17:28:09 +0000] "PUT /d1/879/AUTH_91b6b1428bbb47ceba8e3cd29a2c760e/glance/69dd9ef4-47c9-4bf6-a37c-c520bca35f4d-00003" 201 - "PUT http://swift-internal.openstack.svc:8080/d1/94/AUTH_91b6b1428bbb47ceba8e3cd29a2c760e/glance/69dd9ef4-47c9-4bf6-a37c-c520bca35f4d-00003" "tx4ee6cf81e0d7433483ed5-00697a4728" "object-server 22" 0.0010 "-" 21 0
Jan 28 17:28:09 standalone object-server[122657]: 172.20.0.31 - - [28/Jan/2026:17:28:09 +0000] "PUT /d1/94/AUTH_91b6b1428bbb47ceba8e3cd29a2c760e/glance/69dd9ef4-47c9-4bf6-a37c-c520bca35f4d-00003" 201 - "PUT http://swift-internal.openstack.svc:8080/v1/AUTH_91b6b1428bbb47ceba8e3cd29a2c760e/glance/69dd9ef4-47c9-4bf6-a37c-c520bca35f4d-00003" "tx4ee6cf81e0d7433483ed5-00697a4728" "proxy-server 15" 1.2631 "-" 22 0
Jan 28 17:28:09 standalone container-server[122496]: 172.20.0.100 - - [28/Jan/2026:17:28:09 +0000] "PUT /d1/879/AUTH_91b6b1428bbb47ceba8e3cd29a2c760e/glance/69dd9ef4-47c9-4bf6-a37c-c520bca35f4d" 201 - "PUT http://swift-internal.openstack.svc:8080/d1/827/AUTH_91b6b1428bbb47ceba8e3cd29a2c760e/glance/69dd9ef4-47c9-4bf6-a37c-c520bca35f4d" "tx4469f6f269f143e0bfcd8-00697a4729" "object-server 24" 0.0006 "-" 21 0
Jan 28 17:28:09 standalone object-server[122663]: 172.20.0.31 - - [28/Jan/2026:17:28:09 +0000] "PUT /d1/827/AUTH_91b6b1428bbb47ceba8e3cd29a2c760e/glance/69dd9ef4-47c9-4bf6-a37c-c520bca35f4d" 201 - "PUT http://swift-internal.openstack.svc:8080/v1/AUTH_91b6b1428bbb47ceba8e3cd29a2c760e/glance/69dd9ef4-47c9-4bf6-a37c-c520bca35f4d" "tx4469f6f269f143e0bfcd8-00697a4729" "proxy-server 15" 0.0107 "-" 24 0
Jan 28 17:28:38 standalone object-server[122581]: Begin object update sweep
Jan 28 17:28:38 standalone object-server[313506]: Object update sweep starting on /srv/node/d1 (pid: 18)
Jan 28 17:28:38 standalone object-server[313506]: Object update sweep completed on /srv/node/d1 in 0.00s seconds:, 0 successes, 0 failures, 0 quarantines, 0 unlinks, 0 errors, 0 redirects (pid: 18)
Jan 28 17:28:38 standalone object-server[313506]: Object update sweep of d1 completed: 0.00s, 0 successes, 0 failures, 0 quarantines, 0 unlinks, 0 errors, 0 redirects
Jan 28 17:28:38 standalone object-server[122581]: Object update sweep completed: 0.08s
Jan 28 17:30:00 standalone account-server[122487]: 172.20.0.100 - - [28/Jan/2026:17:30:00 +0000] "HEAD /d1/644/.expiring_objects" 404 - "HEAD http://localhost/v1/.expiring_objects?format=json" "tx861ce3c53cad418bb4de3-00697a4798" "proxy-server 2" 0.0008 "-" 23 -
Jan 28 17:30:00 standalone object-expirer[122447]: Pass completed in 0s; 0 objects expired (txn: tx861ce3c53cad418bb4de3-00697a4798)
Jan 28 17:30:03 standalone container-server[122332]: Begin container update sweep
Jan 28 17:30:03 standalone account-server[122468]: 172.20.0.100 - - [28/Jan/2026:17:30:03 +0000] "PUT /d1/441/AUTH_91b6b1428bbb47ceba8e3cd29a2c760e/glance" 201 - "-" "-" "container-updater 2" 0.0011 "-" 21 0
Jan 28 17:30:05 standalone container-server[122332]: Container update sweep completed: 1.52s
Jan 28 17:31:51 standalone account-server[122475]: 172.20.0.100 - - [28/Jan/2026:17:31:51 +0000] "HEAD /d1/644/.expiring_objects" 404 - "HEAD http://localhost/v1/.expiring_objects?format=json" "tx9df4b198fd664ebc9ed75-00697a4807" "proxy-server 2" 0.0007 "-" 22 -
Jan 28 17:31:51 standalone object-expirer[122447]: Pass completed in 0s; 0 objects expired (txn: tx9df4b198fd664ebc9ed75-00697a4807)
Jan 28 17:33:38 standalone object-server[122581]: Begin object update sweep
Jan 28 17:33:38 standalone object-server[333951]: Object update sweep starting on /srv/node/d1 (pid: 19)
Jan 28 17:33:38 standalone object-server[333951]: Object update sweep completed on /srv/node/d1 in 0.00s seconds:, 0 successes, 0 failures, 0 quarantines, 0 unlinks, 0 errors, 0 redirects (pid: 19)
Jan 28 17:33:38 standalone object-server[333951]: Object update sweep of d1 completed: 0.00s, 0 successes, 0 failures, 0 quarantines, 0 unlinks, 0 errors, 0 redirects
Jan 28 17:33:38 standalone object-server[122581]: Object update sweep completed: 0.08s
Jan 28 17:34:05 standalone account-server[122461]: 172.20.0.31 - - [28/Jan/2026:17:34:05 +0000] "HEAD /d1/654/AUTH_053551f6cebc4d70ac2310804c50ba99" 404 - "HEAD http://swift-internal.openstack.svc:8080/v1/AUTH_053551f6cebc4d70ac2310804c50ba99?format=json" "tx4ed7e9e5583d4c39890fc-00697a488d" "proxy-server 13" 0.0008 "-" 20 -
Jan 28 17:34:05 standalone account-server[122475]: 172.20.0.31 - - [28/Jan/2026:17:34:05 +0000] "GET /d1/654/AUTH_053551f6cebc4d70ac2310804c50ba99" 404 - "GET http://swift-internal.openstack.svc:8080/v1/AUTH_053551f6cebc4d70ac2310804c50ba99?format=json" "tx4ed7e9e5583d4c39890fc-00697a488d" "proxy-server 13" 0.0007 "-" 22 -
