Jan 28 17:07:58 standalone object-server[122663]: 172.20.0.100 - - [28/Jan/2026:17:07:58 +0000] "GET /d1/999/AUTH_91b6b1428bbb47ceba8e3cd29a2c760e/gnocchi.76aa8540-08e7-4aea-866d-609e6dc23a05/1769040000.0_mean_300.0_v3" 404 70 "GET http://localhost:8080/v1/AUTH_91b6b1428bbb47ceba8e3cd29a2c760e/gnocchi.76aa8540-08e7-4aea-866d-609e6dc23a05/1769040000.0_mean_300.0_v3" "tx6ae54734ea434e9daa7de-00697a426e" "proxy-server 21" 0.0005 "-" 24 0
Jan 28 17:07:58 standalone proxy-server[124607]: 172.18.0.2 ::1 28/Jan/2026/17/07/58 GET /v1/AUTH_91b6b1428bbb47ceba8e3cd29a2c760e/gnocchi.76aa8540-08e7-4aea-866d-609e6dc23a05/1769040000.0_mean_300.0_v3 HTTP/1.0 404 - python-swiftclient-3.11.1 gAAAAABpekInNEdc... - 70 - tx6ae54734ea434e9daa7de-00697a426e - 0.0070 - - 1769620078.411762953 1769620078.418756962 0
Jan 28 17:07:58 standalone container-server[122504]: 172.20.0.100 - - [28/Jan/2026:17:07:58 +0000] "PUT /d1/680/AUTH_91b6b1428bbb47ceba8e3cd29a2c760e/gnocchi.76aa8540-08e7-4aea-866d-609e6dc23a05/1769040000.0_mean_300.0_v3" 201 - "PUT http://localhost:8080/d1/999/AUTH_91b6b1428bbb47ceba8e3cd29a2c760e/gnocchi.76aa8540-08e7-4aea-866d-609e6dc23a05/1769040000.0_mean_300.0_v3" "txde87c8e56dd34b4f8fb6d-00697a426e" "object-server 24" 0.0005 "-" 22 0
Jan 28 17:07:58 standalone object-server[122663]: 172.20.0.100 - - [28/Jan/2026:17:07:58 +0000] "PUT /d1/999/AUTH_91b6b1428bbb47ceba8e3cd29a2c760e/gnocchi.76aa8540-08e7-4aea-866d-609e6dc23a05/1769040000.0_mean_300.0_v3" 201 - "PUT http://localhost:8080/v1/AUTH_91b6b1428bbb47ceba8e3cd29a2c760e/gnocchi.76aa8540-08e7-4aea-866d-609e6dc23a05/1769040000.0_mean_300.0_v3" "txde87c8e56dd34b4f8fb6d-00697a426e" "proxy-server 21" 0.0136 "-" 24 0
Jan 28 17:07:58 standalone proxy-server[124607]: 172.18.0.2 ::1 28/Jan/2026/17/07/58 PUT /v1/AUTH_91b6b1428bbb47ceba8e3cd29a2c760e/gnocchi.76aa8540-08e7-4aea-866d-609e6dc23a05/1769040000.0_mean_300.0_v3 HTTP/1.0 201 - python-swiftclient-3.11.1 gAAAAABpekInNEdc... 16 - - txde87c8e56dd34b4f8fb6d-00697a426e - 0.0195 - - 1769620078.422148705 1769620078.441601038 0
Jan 28 17:07:58 standalone container-server[122496]: 172.20.0.100 - - [28/Jan/2026:17:07:58 +0000] "PUT /d1/680/AUTH_91b6b1428bbb47ceba8e3cd29a2c760e/gnocchi.76aa8540-08e7-4aea-866d-609e6dc23a05/none_v3" 201 - "PUT http://localhost:8080/d1/328/AUTH_91b6b1428bbb47ceba8e3cd29a2c760e/gnocchi.76aa8540-08e7-4aea-866d-609e6dc23a05/none_v3" "tx1c97e33a68694977a1339-00697a426e" "object-server 24" 0.0005 "-" 21 0
Jan 28 17:07:58 standalone object-server[122663]: 172.20.0.100 - - [28/Jan/2026:17:07:58 +0000] "PUT /d1/328/AUTH_91b6b1428bbb47ceba8e3cd29a2c760e/gnocchi.76aa8540-08e7-4aea-866d-609e6dc23a05/none_v3" 201 - "PUT http://localhost:8080/v1/AUTH_91b6b1428bbb47ceba8e3cd29a2c760e/gnocchi.76aa8540-08e7-4aea-866d-609e6dc23a05/none_v3" "tx1c97e33a68694977a1339-00697a426e" "proxy-server 21" 0.0100 "-" 24 0
Jan 28 17:07:58 standalone proxy-server[124607]: 172.18.0.2 ::1 28/Jan/2026/17/07/58 PUT /v1/AUTH_91b6b1428bbb47ceba8e3cd29a2c760e/gnocchi.76aa8540-08e7-4aea-866d-609e6dc23a05/none_v3 HTTP/1.0 201 - python-swiftclient-3.11.1 gAAAAABpekInNEdc... 22 - - tx1c97e33a68694977a1339-00697a426e - 0.0213 - - 1769620078.446662903 1769620078.468005419 0
Jan 28 17:07:58 standalone container-server[122513]: 172.20.0.100 - - [28/Jan/2026:17:07:58 +0000] "HEAD /d1/606/AUTH_91b6b1428bbb47ceba8e3cd29a2c760e/gnocchi.a081f688-dd6f-4929-86e6-c7cc6bbea4e7" 404 - "HEAD http://localhost:8080/v1/AUTH_91b6b1428bbb47ceba8e3cd29a2c760e/gnocchi.a081f688-dd6f-4929-86e6-c7cc6bbea4e7?format=json&states=listing" "txcd66b3ab0a504b11980cd-00697a426e" "proxy-server 21" 0.0003 "-" 23 0
Jan 28 17:07:58 standalone object-server[122662]: 172.20.0.100 - - [28/Jan/2026:17:07:58 +0000] "GET /d1/808/AUTH_91b6b1428bbb47ceba8e3cd29a2c760e/gnocchi.a081f688-dd6f-4929-86e6-c7cc6bbea4e7/none_v3" 404 70 "GET http://localhost:8080/v1/AUTH_91b6b1428bbb47ceba8e3cd29a2c760e/gnocchi.a081f688-dd6f-4929-86e6-c7cc6bbea4e7/none_v3" "txcd66b3ab0a504b11980cd-00697a426e" "proxy-server 21" 0.0003 "-" 23 0
Jan 28 17:07:58 standalone proxy-server[124607]: 172.18.0.2 ::1 28/Jan/2026/17/07/58 GET /v1/AUTH_91b6b1428bbb47ceba8e3cd29a2c760e/gnocchi.a081f688-dd6f-4929-86e6-c7cc6bbea4e7/none_v3 HTTP/1.0 404 - python-swiftclient-3.11.1 gAAAAABpekInNEdc... - 70 - txcd66b3ab0a504b11980cd-00697a426e - 0.0100 - - 1769620078.485262156 1769620078.495236158 0
Jan 28 17:07:58 standalone account-server[122461]: 172.20.0.100 - - [28/Jan/2026:17:07:58 +0000] "PUT /d1/441/AUTH_91b6b1428bbb47ceba8e3cd29a2c760e/gnocchi.a081f688-dd6f-4929-86e6-c7cc6bbea4e7" 201 - "PUT http://172.20.0.100:6001/d1/606/AUTH_91b6b1428bbb47ceba8e3cd29a2c760e/gnocchi.a081f688-dd6f-4929-86e6-c7cc6bbea4e7" "txe745e7a5908e4ba281e51-00697a426e" "container-server 23" 0.0044 "-" 20 0
Jan 28 17:07:58 standalone container-server[122513]: 172.20.0.100 - - [28/Jan/2026:17:07:58 +0000] "PUT /d1/606/AUTH_91b6b1428bbb47ceba8e3cd29a2c760e/gnocchi.a081f688-dd6f-4929-86e6-c7cc6bbea4e7" 201 - "PUT http://localhost:8080/v1/AUTH_91b6b1428bbb47ceba8e3cd29a2c760e/gnocchi.a081f688-dd6f-4929-86e6-c7cc6bbea4e7" "txe745e7a5908e4ba281e51-00697a426e" "proxy-server 21" 0.0220 "-" 23 0
Jan 28 17:07:58 standalone proxy-server[124607]: 172.18.0.2 ::1 28/Jan/2026/17/07/58 PUT /v1/AUTH_91b6b1428bbb47ceba8e3cd29a2c760e/gnocchi.a081f688-dd6f-4929-86e6-c7cc6bbea4e7 HTTP/1.0 201 - python-swiftclient-3.11.1 gAAAAABpekInNEdc... - - - txe745e7a5908e4ba281e51-00697a426e - 0.0285 - - 1769620078.500465631 1769620078.529012918 0
Jan 28 17:07:58 standalone container-server[122496]: 172.20.0.100 - - [28/Jan/2026:17:07:58 +0000] "HEAD /d1/606/AUTH_91b6b1428bbb47ceba8e3cd29a2c760e/gnocchi.a081f688-dd6f-4929-86e6-c7cc6bbea4e7" 204 - "HEAD http://localhost:8080/v1/AUTH_91b6b1428bbb47ceba8e3cd29a2c760e/gnocchi.a081f688-dd6f-4929-86e6-c7cc6bbea4e7?format=json&states=listing" "txc59423e4f9c6419f90112-00697a426e" "proxy-server 21" 0.0011 "-" 21 0
Jan 28 17:07:58 standalone proxy-server[124607]: - - 28/Jan/2026/17/07/58 HEAD /v1/AUTH_91b6b1428bbb47ceba8e3cd29a2c760e/gnocchi.a081f688-dd6f-4929-86e6-c7cc6bbea4e7%3Fformat%3Djson%26states%3Dlisting HTTP/1.0 204 - Swift - - - - txc59423e4f9c6419f90112-00697a426e - 0.0046 RL - 1769620078.535753727 1769620078.540351629 0
Jan 28 17:07:58 standalone container-server[122504]: 172.20.0.100 - - [28/Jan/2026:17:07:58 +0000] "GET /d1/606/AUTH_91b6b1428bbb47ceba8e3cd29a2c760e/gnocchi.a081f688-dd6f-4929-86e6-c7cc6bbea4e7" 200 2 "GET http://localhost:8080/v1/AUTH_91b6b1428bbb47ceba8e3cd29a2c760e/gnocchi.a081f688-dd6f-4929-86e6-c7cc6bbea4e7?format=json&states=listing" "txc59423e4f9c6419f90112-00697a426e" "proxy-server 21" 0.0019 "-" 22 0
Jan 28 17:07:58 standalone proxy-server[124607]: 172.18.0.2 ::1 28/Jan/2026/17/07/58 GET /v1/AUTH_91b6b1428bbb47ceba8e3cd29a2c760e/gnocchi.a081f688-dd6f-4929-86e6-c7cc6bbea4e7%3Fformat%3Djson%26states%3Dlisting HTTP/1.0 200 - python-swiftclient-3.11.1 gAAAAABpekInNEdc... - 2 - txc59423e4f9c6419f90112-00697a426e - 0.0146 - - 1769620078.534406662 1769620078.549003839 0
Jan 28 17:07:58 standalone object-server[122657]: 172.20.0.100 - - [28/Jan/2026:17:07:58 +0000] "GET /d1/1010/AUTH_91b6b1428bbb47ceba8e3cd29a2c760e/gnocchi.a081f688-dd6f-4929-86e6-c7cc6bbea4e7/1769040000.0_mean_300.0_v3" 404 70 "GET http://localhost:8080/v1/AUTH_91b6b1428bbb47ceba8e3cd29a2c760e/gnocchi.a081f688-dd6f-4929-86e6-c7cc6bbea4e7/1769040000.0_mean_300.0_v3" "tx03c1fb13338447b9aaf82-00697a426e" "proxy-server 21" 0.0007 "-" 22 0
Jan 28 17:07:58 standalone proxy-server[124607]: 172.18.0.2 ::1 28/Jan/2026/17/07/58 GET /v1/AUTH_91b6b1428bbb47ceba8e3cd29a2c760e/gnocchi.a081f688-dd6f-4929-86e6-c7cc6bbea4e7/1769040000.0_mean_300.0_v3 HTTP/1.0 404 - python-swiftclient-3.11.1 gAAAAABpekInNEdc... - 70 - tx03c1fb13338447b9aaf82-00697a426e - 0.0086 - - 1769620078.553999662 1769620078.562644958 0
Jan 28 17:07:58 standalone container-server[122513]: 172.20.0.100 - - [28/Jan/2026:17:07:58 +0000] "PUT /d1/606/AUTH_91b6b1428bbb47ceba8e3cd29a2c760e/gnocchi.a081f688-dd6f-4929-86e6-c7cc6bbea4e7/1769040000.0_mean_300.0_v3" 201 - "PUT http://localhost:8080/d1/1010/AUTH_91b6b1428bbb47ceba8e3cd29a2c760e/gnocchi.a081f688-dd6f-4929-86e6-c7cc6bbea4e7/1769040000.0_mean_300.0_v3" "tx1933c6a7a64f483f8026b-00697a426e" "object-server 23" 0.0011 "-" 23 0
Jan 28 17:07:58 standalone object-server[122662]: 172.20.0.100 - - [28/Jan/2026:17:07:58 +0000] "PUT /d1/1010/AUTH_91b6b1428bbb47ceba8e3cd29a2c760e/gnocchi.a081f688-dd6f-4929-86e6-c7cc6bbea4e7/1769040000.0_mean_300.0_v3" 201 - "PUT http://localhost:8080/v1/AUTH_91b6b1428bbb47ceba8e3cd29a2c760e/gnocchi.a081f688-dd6f-4929-86e6-c7cc6bbea4e7/1769040000.0_mean_300.0_v3" "tx1933c6a7a64f483f8026b-00697a426e" "proxy-server 21" 0.0141 "-" 23 0
Jan 28 17:07:58 standalone proxy-server[124607]: 172.18.0.2 ::1 28/Jan/2026/17/07/58 PUT /v1/AUTH_91b6b1428bbb47ceba8e3cd29a2c760e/gnocchi.a081f688-dd6f-4929-86e6-c7cc6bbea4e7/1769040000.0_mean_300.0_v3 HTTP/1.0 201 - python-swiftclient-3.11.1 gAAAAABpekInNEdc... 16 - - tx1933c6a7a64f483f8026b-00697a426e - 0.0211 - - 1769620078.571065426 1769620078.592151880 0
Jan 28 17:07:58 standalone container-server[122504]: 172.20.0.100 - - [28/Jan/2026:17:07:58 +0000] "PUT /d1/606/AUTH_91b6b1428bbb47ceba8e3cd29a2c760e/gnocchi.a081f688-dd6f-4929-86e6-c7cc6bbea4e7/none_v3" 201 - "PUT http://localhost:8080/d1/808/AUTH_91b6b1428bbb47ceba8e3cd29a2c760e/gnocchi.a081f688-dd6f-4929-86e6-c7cc6bbea4e7/none_v3" "txb8f0fd8b375a40b692594-00697a426e" "object-server 24" 0.0005 "-" 22 0
Jan 28 17:07:58 standalone object-server[122663]: 172.20.0.100 - - [28/Jan/2026:17:07:58 +0000] "PUT /d1/808/AUTH_91b6b1428bbb47ceba8e3cd29a2c760e/gnocchi.a081f688-dd6f-4929-86e6-c7cc6bbea4e7/none_v3" 201 - "PUT http://localhost:8080/v1/AUTH_91b6b1428bbb47ceba8e3cd29a2c760e/gnocchi.a081f688-dd6f-4929-86e6-c7cc6bbea4e7/none_v3" "txb8f0fd8b375a40b692594-00697a426e" "proxy-server 21" 0.0089 "-" 24 0
Jan 28 17:07:58 standalone proxy-server[124607]: 172.18.0.2 ::1 28/Jan/2026/17/07/58 PUT /v1/AUTH_91b6b1428bbb47ceba8e3cd29a2c760e/gnocchi.a081f688-dd6f-4929-86e6-c7cc6bbea4e7/none_v3 HTTP/1.0 201 - python-swiftclient-3.11.1 gAAAAABpekInNEdc... 22 - - txb8f0fd8b375a40b692594-00697a426e - 0.0149 - - 1769620078.596568108 1769620078.611428261 0
Jan 28 17:07:58 standalone container-server[122496]: 172.20.0.100 - - [28/Jan/2026:17:07:58 +0000] "HEAD /d1/393/AUTH_91b6b1428bbb47ceba8e3cd29a2c760e/gnocchi.a67a50b5-c67e-460f-bb05-bdfc65a336a0" 404 - "HEAD http://localhost:8080/v1/AUTH_91b6b1428bbb47ceba8e3cd29a2c760e/gnocchi.a67a50b5-c67e-460f-bb05-bdfc65a336a0?format=json&states=listing" "txf4f2ff03122140838cacd-00697a426e" "proxy-server 21" 0.0005 "-" 21 0
Jan 28 17:07:58 standalone object-server[122663]: 172.20.0.100 - - [28/Jan/2026:17:07:58 +0000] "GET /d1/997/AUTH_91b6b1428bbb47ceba8e3cd29a2c760e/gnocchi.a67a50b5-c67e-460f-bb05-bdfc65a336a0/none_v3" 404 70 "GET http://localhost:8080/v1/AUTH_91b6b1428bbb47ceba8e3cd29a2c760e/gnocchi.a67a50b5-c67e-460f-bb05-bdfc65a336a0/none_v3" "txf4f2ff03122140838cacd-00697a426e" "proxy-server 21" 0.0004 "-" 24 0
Jan 28 17:07:58 standalone proxy-server[124607]: 172.18.0.2 ::1 28/Jan/2026/17/07/58 GET /v1/AUTH_91b6b1428bbb47ceba8e3cd29a2c760e/gnocchi.a67a50b5-c67e-460f-bb05-bdfc65a336a0/none_v3 HTTP/1.0 404 - python-swiftclient-3.11.1 gAAAAABpekInNEdc... - 70 - txf4f2ff03122140838cacd-00697a426e - 0.0110 - - 1769620078.627883196 1769620078.638862371 0
Jan 28 17:07:58 standalone account-server[122487]: 172.20.0.100 - - [28/Jan/2026:17:07:58 +0000] "PUT /d1/441/AUTH_91b6b1428bbb47ceba8e3cd29a2c760e/gnocchi.a67a50b5-c67e-460f-bb05-bdfc65a336a0" 201 - "PUT http://172.20.0.100:6001/d1/393/AUTH_91b6b1428bbb47ceba8e3cd29a2c760e/gnocchi.a67a50b5-c67e-460f-bb05-bdfc65a336a0" "txbb30271f19b14cd7a1bcb-00697a426e" "container-server 21" 0.0042 "-" 23 0
Jan 28 17:07:58 standalone container-server[122496]: 172.20.0.100 - - [28/Jan/2026:17:07:58 +0000] "PUT /d1/393/AUTH_91b6b1428bbb47ceba8e3cd29a2c760e/gnocchi.a67a50b5-c67e-460f-bb05-bdfc65a336a0" 201 - "PUT http://localhost:8080/v1/AUTH_91b6b1428bbb47ceba8e3cd29a2c760e/gnocchi.a67a50b5-c67e-460f-bb05-bdfc65a336a0" "txbb30271f19b14cd7a1bcb-00697a426e" "proxy-server 21" 0.0168 "-" 21 0
Jan 28 17:07:58 standalone proxy-server[124607]: 172.18.0.2 ::1 28/Jan/2026/17/07/58 PUT /v1/AUTH_91b6b1428bbb47ceba8e3cd29a2c760e/gnocchi.a67a50b5-c67e-460f-bb05-bdfc65a336a0 HTTP/1.0 201 - python-swiftclient-3.11.1 gAAAAABpekInNEdc... - - - txbb30271f19b14cd7a1bcb-00697a426e - 0.0229 - - 1769620078.642281532 1769620078.665143490 0
Jan 28 17:07:58 standalone container-server[122496]: 172.20.0.100 - - [28/Jan/2026:17:07:58 +0000] "HEAD /d1/393/AUTH_91b6b1428bbb47ceba8e3cd29a2c760e/gnocchi.a67a50b5-c67e-460f-bb05-bdfc65a336a0" 204 - "HEAD http://localhost:8080/v1/AUTH_91b6b1428bbb47ceba8e3cd29a2c760e/gnocchi.a67a50b5-c67e-460f-bb05-bdfc65a336a0?format=json&states=listing" "txc5403b589dd04c1791100-00697a426e" "proxy-server 21" 0.0015 "-" 21 0
Jan 28 17:07:58 standalone proxy-server[124607]: - - 28/Jan/2026/17/07/58 HEAD /v1/AUTH_91b6b1428bbb47ceba8e3cd29a2c760e/gnocchi.a67a50b5-c67e-460f-bb05-bdfc65a336a0%3Fformat%3Djson%26states%3Dlisting HTTP/1.0 204 - Swift - - - - txc5403b589dd04c1791100-00697a426e - 0.0050 RL - 1769620078.671346903 1769620078.676396847 0
Jan 28 17:07:58 standalone container-server[122513]: 172.20.0.100 - - [28/Jan/2026:17:07:58 +0000] "GET /d1/393/AUTH_91b6b1428bbb47ceba8e3cd29a2c760e/gnocchi.a67a50b5-c67e-460f-bb05-bdfc65a336a0" 200 2 "GET http://localhost:8080/v1/AUTH_91b6b1428bbb47ceba8e3cd29a2c760e/gnocchi.a67a50b5-c67e-460f-bb05-bdfc65a336a0?format=json&states=listing" "txc5403b589dd04c1791100-00697a426e" "proxy-server 21" 0.0025 "-" 23 0
Jan 28 17:07:58 standalone proxy-server[124607]: 172.18.0.2 ::1 28/Jan/2026/17/07/58 GET /v1/AUTH_91b6b1428bbb47ceba8e3cd29a2c760e/gnocchi.a67a50b5-c67e-460f-bb05-bdfc65a336a0%3Fformat%3Djson%26states%3Dlisting HTTP/1.0 200 - python-swiftclient-3.11.1 gAAAAABpekInNEdc... - 2 - txc5403b589dd04c1791100-00697a426e - 0.0162 - - 1769620078.669892788 1769620078.686091661 0
Jan 28 17:07:58 standalone object-server[122657]: 172.20.0.100 - - [28/Jan/2026:17:07:58 +0000] "GET /d1/258/AUTH_91b6b1428bbb47ceba8e3cd29a2c760e/gnocchi.a67a50b5-c67e-460f-bb05-bdfc65a336a0/1769040000.0_mean_300.0_v3" 404 70 "GET http://localhost:8080/v1/AUTH_91b6b1428bbb47ceba8e3cd29a2c760e/gnocchi.a67a50b5-c67e-460f-bb05-bdfc65a336a0/1769040000.0_mean_300.0_v3" "tx6dca3abcec34452f99bd1-00697a426e" "proxy-server 21" 0.0003 "-" 22 0
Jan 28 17:07:58 standalone proxy-server[124607]: 172.18.0.2 ::1 28/Jan/2026/17/07/58 GET /v1/AUTH_91b6b1428bbb47ceba8e3cd29a2c760e/gnocchi.a67a50b5-c67e-460f-bb05-bdfc65a336a0/1769040000.0_mean_300.0_v3 HTTP/1.0 404 - python-swiftclient-3.11.1 gAAAAABpekInNEdc... - 70 - tx6dca3abcec34452f99bd1-00697a426e - 0.0053 - - 1769620078.692746639 1769620078.698028803 0
Jan 28 17:07:58 standalone container-server[122496]: 172.20.0.100 - - [28/Jan/2026:17:07:58 +0000] "PUT /d1/393/AUTH_91b6b1428bbb47ceba8e3cd29a2c760e/gnocchi.a67a50b5-c67e-460f-bb05-bdfc65a336a0/1769040000.0_mean_300.0_v3" 201 - "PUT http://localhost:8080/d1/258/AUTH_91b6b1428bbb47ceba8e3cd29a2c760e/gnocchi.a67a50b5-c67e-460f-bb05-bdfc65a336a0/1769040000.0_mean_300.0_v3" "tx4509e5ec85fe4cbea7775-00697a426e" "object-server 22" 0.0005 "-" 21 0
Jan 28 17:07:58 standalone object-server[122657]: 172.20.0.100 - - [28/Jan/2026:17:07:58 +0000] "PUT /d1/258/AUTH_91b6b1428bbb47ceba8e3cd29a2c760e/gnocchi.a67a50b5-c67e-460f-bb05-bdfc65a336a0/1769040000.0_mean_300.0_v3" 201 - "PUT http://localhost:8080/v1/AUTH_91b6b1428bbb47ceba8e3cd29a2c760e/gnocchi.a67a50b5-c67e-460f-bb05-bdfc65a336a0/1769040000.0_mean_300.0_v3" "tx4509e5ec85fe4cbea7775-00697a426e" "proxy-server 21" 0.0114 "-" 22 0
Jan 28 17:07:58 standalone proxy-server[124607]: 172.18.0.2 ::1 28/Jan/2026/17/07/58 PUT /v1/AUTH_91b6b1428bbb47ceba8e3cd29a2c760e/gnocchi.a67a50b5-c67e-460f-bb05-bdfc65a336a0/1769040000.0_mean_300.0_v3 HTTP/1.0 201 - python-swiftclient-3.11.1 gAAAAABpekInNEdc... 16 - - tx4509e5ec85fe4cbea7775-00697a426e - 0.0176 - - 1769620078.703454256 1769620078.721063375 0
Jan 28 17:07:58 standalone container-server[122504]: 172.20.0.100 - - [28/Jan/2026:17:07:58 +0000] "PUT /d1/393/AUTH_91b6b1428bbb47ceba8e3cd29a2c760e/gnocchi.a67a50b5-c67e-460f-bb05-bdfc65a336a0/none_v3" 201 - "PUT http://localhost:8080/d1/997/AUTH_91b6b1428bbb47ceba8e3cd29a2c760e/gnocchi.a67a50b5-c67e-460f-bb05-bdfc65a336a0/none_v3" "tx7c86a14d9861471cbd2f0-00697a426e" "object-server 23" 0.0022 "-" 22 0
Jan 28 17:07:58 standalone object-server[122662]: 172.20.0.100 - - [28/Jan/2026:17:07:58 +0000] "PUT /d1/997/AUTH_91b6b1428bbb47ceba8e3cd29a2c760e/gnocchi.a67a50b5-c67e-460f-bb05-bdfc65a336a0/none_v3" 201 - "PUT http://localhost:8080/v1/AUTH_91b6b1428bbb47ceba8e3cd29a2c760e/gnocchi.a67a50b5-c67e-460f-bb05-bdfc65a336a0/none_v3" "tx7c86a14d9861471cbd2f0-00697a426e" "proxy-server 21" 0.0185 "-" 23 0
Jan 28 17:07:58 standalone proxy-server[124607]: 172.18.0.2 ::1 28/Jan/2026/17/07/58 PUT /v1/AUTH_91b6b1428bbb47ceba8e3cd29a2c760e/gnocchi.a67a50b5-c67e-460f-bb05-bdfc65a336a0/none_v3 HTTP/1.0 201 - python-swiftclient-3.11.1 gAAAAABpekInNEdc... 22 - - tx7c86a14d9861471cbd2f0-00697a426e - 0.0261 - - 1769620078.731095314 1769620078.757147789 0
Jan 28 17:07:58 standalone container-server[122496]: 172.20.0.100 - - [28/Jan/2026:17:07:58 +0000] "HEAD /d1/496/AUTH_91b6b1428bbb47ceba8e3cd29a2c760e/gnocchi.fe39bf94-2777-4bcf-a394-429af9d0db96" 404 - "HEAD http://localhost:8080/v1/AUTH_91b6b1428bbb47ceba8e3cd29a2c760e/gnocchi.fe39bf94-2777-4bcf-a394-429af9d0db96?format=json&states=listing" "tx18480ad7b53f4e05a5c30-00697a426e" "proxy-server 21" 0.0008 "-" 21 0
Jan 28 17:07:58 standalone object-server[122657]: 172.20.0.100 - - [28/Jan/2026:17:07:58 +0000] "GET /d1/192/AUTH_91b6b1428bbb47ceba8e3cd29a2c760e/gnocchi.fe39bf94-2777-4bcf-a394-429af9d0db96/none_v3" 404 70 "GET http://localhost:8080/v1/AUTH_91b6b1428bbb47ceba8e3cd29a2c760e/gnocchi.fe39bf94-2777-4bcf-a394-429af9d0db96/none_v3" "tx18480ad7b53f4e05a5c30-00697a426e" "proxy-server 21" 0.0007 "-" 22 0
Jan 28 17:07:58 standalone proxy-server[124607]: 172.18.0.2 ::1 28/Jan/2026/17/07/58 GET /v1/AUTH_91b6b1428bbb47ceba8e3cd29a2c760e/gnocchi.fe39bf94-2777-4bcf-a394-429af9d0db96/none_v3 HTTP/1.0 404 - python-swiftclient-3.11.1 gAAAAABpekInNEdc... - 70 - tx18480ad7b53f4e05a5c30-00697a426e - 0.0137 - - 1769620078.784086466 1769620078.797813177 0
Jan 28 17:07:58 standalone account-server[122487]: 172.20.0.100 - - [28/Jan/2026:17:07:58 +0000] "PUT /d1/441/AUTH_91b6b1428bbb47ceba8e3cd29a2c760e/gnocchi.fe39bf94-2777-4bcf-a394-429af9d0db96" 201 - "PUT http://172.20.0.100:6001/d1/496/AUTH_91b6b1428bbb47ceba8e3cd29a2c760e/gnocchi.fe39bf94-2777-4bcf-a394-429af9d0db96" "tx306fbef0ab284516a30f9-00697a426e" "container-server 22" 0.0047 "-" 23 0
Jan 28 17:07:58 standalone container-server[122504]: 172.20.0.100 - - [28/Jan/2026:17:07:58 +0000] "PUT /d1/496/AUTH_91b6b1428bbb47ceba8e3cd29a2c760e/gnocchi.fe39bf94-2777-4bcf-a394-429af9d0db96" 201 - "PUT http://localhost:8080/v1/AUTH_91b6b1428bbb47ceba8e3cd29a2c760e/gnocchi.fe39bf94-2777-4bcf-a394-429af9d0db96" "tx306fbef0ab284516a30f9-00697a426e" "proxy-server 21" 0.0196 "-" 22 0
Jan 28 17:07:58 standalone proxy-server[124607]: 172.18.0.2 ::1 28/Jan/2026/17/07/58 PUT /v1/AUTH_91b6b1428bbb47ceba8e3cd29a2c760e/gnocchi.fe39bf94-2777-4bcf-a394-429af9d0db96 HTTP/1.0 201 - python-swiftclient-3.11.1 gAAAAABpekInNEdc... - - - tx306fbef0ab284516a30f9-00697a426e - 0.0315 - - 1769620078.803206921 1769620078.834728241 0
Jan 28 17:07:58 standalone container-server[122477]: 172.20.0.100 - - [28/Jan/2026:17:07:58 +0000] "HEAD /d1/496/AUTH_91b6b1428bbb47ceba8e3cd29a2c760e/gnocchi.fe39bf94-2777-4bcf-a394-429af9d0db96" 204 - "HEAD http://localhost:8080/v1/AUTH_91b6b1428bbb47ceba8e3cd29a2c760e/gnocchi.fe39bf94-2777-4bcf-a394-429af9d0db96?format=json&states=listing" "txd3175fac80084dd48b2db-00697a426e" "proxy-server 21" 0.0030 "-" 20 0
Jan 28 17:07:58 standalone proxy-server[124607]: - - 28/Jan/2026/17/07/58 HEAD /v1/AUTH_91b6b1428bbb47ceba8e3cd29a2c760e/gnocchi.fe39bf94-2777-4bcf-a394-429af9d0db96%3Fformat%3Djson%26states%3Dlisting HTTP/1.0 204 - Swift - - - - txd3175fac80084dd48b2db-00697a426e - 0.0097 RL - 1769620078.843928576 1769620078.853607893 0
Jan 28 17:07:58 standalone container-server[122504]: 172.20.0.100 - - [28/Jan/2026:17:07:58 +0000] "GET /d1/496/AUTH_91b6b1428bbb47ceba8e3cd29a2c760e/gnocchi.fe39bf94-2777-4bcf-a394-429af9d0db96" 200 2 "GET http://localhost:8080/v1/AUTH_91b6b1428bbb47ceba8e3cd29a2c760e/gnocchi.fe39bf94-2777-4bcf-a394-429af9d0db96?format=json&states=listing" "txd3175fac80084dd48b2db-00697a426e" "proxy-server 21" 0.0030 "-" 22 0
Jan 28 17:07:58 standalone proxy-server[124607]: 172.18.0.2 ::1 28/Jan/2026/17/07/58 GET /v1/AUTH_91b6b1428bbb47ceba8e3cd29a2c760e/gnocchi.fe39bf94-2777-4bcf-a394-429af9d0db96%3Fformat%3Djson%26states%3Dlisting HTTP/1.0 200 - python-swiftclient-3.11.1 gAAAAABpekInNEdc... - 2 - txd3175fac80084dd48b2db-00697a426e - 0.0278 - - 1769620078.841650248 1769620078.869430542 0
Jan 28 17:07:58 standalone object-server[122662]: 172.20.0.100 - - [28/Jan/2026:17:07:58 +0000] "GET /d1/399/AUTH_91b6b1428bbb47ceba8e3cd29a2c760e/gnocchi.fe39bf94-2777-4bcf-a394-429af9d0db96/1769040000.0_mean_300.0_v3" 404 70 "GET http://localhost:8080/v1/AUTH_91b6b1428bbb47ceba8e3cd29a2c760e/gnocchi.fe39bf94-2777-4bcf-a394-429af9d0db96/1769040000.0_mean_300.0_v3" "txeadf6fff38a144b8868a0-00697a426e" "proxy-server 21" 0.0005 "-" 23 0
Jan 28 17:07:58 standalone proxy-server[124607]: 172.18.0.2 ::1 28/Jan/2026/17/07/58 GET /v1/AUTH_91b6b1428bbb47ceba8e3cd29a2c760e/gnocchi.fe39bf94-2777-4bcf-a394-429af9d0db96/1769040000.0_mean_300.0_v3 HTTP/1.0 404 - python-swiftclient-3.11.1 gAAAAABpekInNEdc... - 70 - txeadf6fff38a144b8868a0-00697a426e - 0.0134 - - 1769620078.875900984 1769620078.889276266 0
Jan 28 17:07:58 standalone container-server[122477]: 172.20.0.100 - - [28/Jan/2026:17:07:58 +0000] "PUT /d1/496/AUTH_91b6b1428bbb47ceba8e3cd29a2c760e/gnocchi.fe39bf94-2777-4bcf-a394-429af9d0db96/1769040000.0_mean_300.0_v3" 201 - "PUT http://localhost:8080/d1/399/AUTH_91b6b1428bbb47ceba8e3cd29a2c760e/gnocchi.fe39bf94-2777-4bcf-a394-429af9d0db96/1769040000.0_mean_300.0_v3" "txd6abdf15c9b94c94aad80-00697a426e" "object-server 22" 0.0012 "-" 20 0
Jan 28 17:07:58 standalone object-server[122657]: 172.20.0.100 - - [28/Jan/2026:17:07:58 +0000] "PUT /d1/399/AUTH_91b6b1428bbb47ceba8e3cd29a2c760e/gnocchi.fe39bf94-2777-4bcf-a394-429af9d0db96/1769040000.0_mean_300.0_v3" 201 - "PUT http://localhost:8080/v1/AUTH_91b6b1428bbb47ceba8e3cd29a2c760e/gnocchi.fe39bf94-2777-4bcf-a394-429af9d0db96/1769040000.0_mean_300.0_v3" "txd6abdf15c9b94c94aad80-00697a426e" "proxy-server 21" 0.0156 "-" 22 0
Jan 28 17:07:58 standalone proxy-server[124607]: 172.18.0.2 ::1 28/Jan/2026/17/07/58 PUT /v1/AUTH_91b6b1428bbb47ceba8e3cd29a2c760e/gnocchi.fe39bf94-2777-4bcf-a394-429af9d0db96/1769040000.0_mean_300.0_v3 HTTP/1.0 201 - python-swiftclient-3.11.1 gAAAAABpekInNEdc... 16 - - txd6abdf15c9b94c94aad80-00697a426e - 0.0358 - - 1769620078.895082235 1769620078.930845022 0
Jan 28 17:07:58 standalone container-server[122513]: 172.20.0.100 - - [28/Jan/2026:17:07:58 +0000] "PUT /d1/496/AUTH_91b6b1428bbb47ceba8e3cd29a2c760e/gnocchi.fe39bf94-2777-4bcf-a394-429af9d0db96/none_v3" 201 - "PUT http://localhost:8080/d1/192/AUTH_91b6b1428bbb47ceba8e3cd29a2c760e/gnocchi.fe39bf94-2777-4bcf-a394-429af9d0db96/none_v3" "tx11b70df18d2446d3a3ea9-00697a426e" "object-server 24" 0.0008 "-" 23 0
Jan 28 17:07:58 standalone object-server[122663]: 172.20.0.100 - - [28/Jan/2026:17:07:58 +0000] "PUT /d1/192/AUTH_91b6b1428bbb47ceba8e3cd29a2c760e/gnocchi.fe39bf94-2777-4bcf-a394-429af9d0db96/none_v3" 201 - "PUT http://localhost:8080/v1/AUTH_91b6b1428bbb47ceba8e3cd29a2c760e/gnocchi.fe39bf94-2777-4bcf-a394-429af9d0db96/none_v3" "tx11b70df18d2446d3a3ea9-00697a426e" "proxy-server 21" 0.0160 "-" 24 0
Jan 28 17:07:58 standalone proxy-server[124607]: 172.18.0.2 ::1 28/Jan/2026/17/07/58 PUT /v1/AUTH_91b6b1428bbb47ceba8e3cd29a2c760e/gnocchi.fe39bf94-2777-4bcf-a394-429af9d0db96/none_v3 HTTP/1.0 201 - python-swiftclient-3.11.1 gAAAAABpekInNEdc... 22 - - tx11b70df18d2446d3a3ea9-00697a426e - 0.0293 - - 1769620078.937361002 1769620078.966668367 0
Jan 28 17:07:58 standalone container-server[122496]: 172.20.0.100 - - [28/Jan/2026:17:07:58 +0000] "HEAD /d1/394/AUTH_91b6b1428bbb47ceba8e3cd29a2c760e/gnocchi.08791d16-5748-4a25-a94a-738c67a4a276" 404 - "HEAD http://localhost:8080/v1/AUTH_91b6b1428bbb47ceba8e3cd29a2c760e/gnocchi.08791d16-5748-4a25-a94a-738c67a4a276?format=json&states=listing" "tx9b5d898db30b4b37b3aba-00697a426e" "proxy-server 21" 0.0008 "-" 21 0
Jan 28 17:07:59 standalone object-server[122662]: 172.20.0.100 - - [28/Jan/2026:17:07:59 +0000] "GET /d1/209/AUTH_91b6b1428bbb47ceba8e3cd29a2c760e/gnocchi.08791d16-5748-4a25-a94a-738c67a4a276/none_v3" 404 70 "GET http://localhost:8080/v1/AUTH_91b6b1428bbb47ceba8e3cd29a2c760e/gnocchi.08791d16-5748-4a25-a94a-738c67a4a276/none_v3" "tx9b5d898db30b4b37b3aba-00697a426e" "proxy-server 21" 0.0005 "-" 23 0
Jan 28 17:07:59 standalone proxy-server[124607]: 172.18.0.2 ::1 28/Jan/2026/17/07/59 GET /v1/AUTH_91b6b1428bbb47ceba8e3cd29a2c760e/gnocchi.08791d16-5748-4a25-a94a-738c67a4a276/none_v3 HTTP/1.0 404 - python-swiftclient-3.11.1 gAAAAABpekInNEdc... - 70 - tx9b5d898db30b4b37b3aba-00697a426e - 0.0226 - - 1769620078.987117290 1769620079.009731770 0
Jan 28 17:07:59 standalone account-server[122461]: 172.20.0.100 - - [28/Jan/2026:17:07:59 +0000] "PUT /d1/441/AUTH_91b6b1428bbb47ceba8e3cd29a2c760e/gnocchi.08791d16-5748-4a25-a94a-738c67a4a276" 201 - "PUT http://172.20.0.100:6001/d1/394/AUTH_91b6b1428bbb47ceba8e3cd29a2c760e/gnocchi.08791d16-5748-4a25-a94a-738c67a4a276" "txb636a1a7b82946b6a21b8-00697a426f" "container-server 20" 0.0088 "-" 20 0
Jan 28 17:07:59 standalone container-server[122477]: 172.20.0.100 - - [28/Jan/2026:17:07:59 +0000] "PUT /d1/394/AUTH_91b6b1428bbb47ceba8e3cd29a2c760e/gnocchi.08791d16-5748-4a25-a94a-738c67a4a276" 201 - "PUT http://localhost:8080/v1/AUTH_91b6b1428bbb47ceba8e3cd29a2c760e/gnocchi.08791d16-5748-4a25-a94a-738c67a4a276" "txb636a1a7b82946b6a21b8-00697a426f" "proxy-server 21" 0.0254 "-" 20 0
Jan 28 17:07:59 standalone proxy-server[124607]: 172.18.0.2 ::1 28/Jan/2026/17/07/59 PUT /v1/AUTH_91b6b1428bbb47ceba8e3cd29a2c760e/gnocchi.08791d16-5748-4a25-a94a-738c67a4a276 HTTP/1.0 201 - python-swiftclient-3.11.1 gAAAAABpekInNEdc... - - - txb636a1a7b82946b6a21b8-00697a426f - 0.0361 - - 1769620079.015918732 1769620079.052051544 0
Jan 28 17:07:59 standalone container-server[122513]: 172.20.0.100 - - [28/Jan/2026:17:07:59 +0000] "HEAD /d1/394/AUTH_91b6b1428bbb47ceba8e3cd29a2c760e/gnocchi.08791d16-5748-4a25-a94a-738c67a4a276" 204 - "HEAD http://localhost:8080/v1/AUTH_91b6b1428bbb47ceba8e3cd29a2c760e/gnocchi.08791d16-5748-4a25-a94a-738c67a4a276?format=json&states=listing" "tx89878b0050e14dd6b0c8d-00697a426f" "proxy-server 21" 0.0023 "-" 23 0
Jan 28 17:07:59 standalone proxy-server[124607]: - - 28/Jan/2026/17/07/59 HEAD /v1/AUTH_91b6b1428bbb47ceba8e3cd29a2c760e/gnocchi.08791d16-5748-4a25-a94a-738c67a4a276%3Fformat%3Djson%26states%3Dlisting HTTP/1.0 204 - Swift - - - - tx89878b0050e14dd6b0c8d-00697a426f - 0.0084 RL - 1769620079.062270164 1769620079.070640087 0
Jan 28 17:07:59 standalone container-server[122504]: 172.20.0.100 - - [28/Jan/2026:17:07:59 +0000] "GET /d1/394/AUTH_91b6b1428bbb47ceba8e3cd29a2c760e/gnocchi.08791d16-5748-4a25-a94a-738c67a4a276" 200 2 "GET http://localhost:8080/v1/AUTH_91b6b1428bbb47ceba8e3cd29a2c760e/gnocchi.08791d16-5748-4a25-a94a-738c67a4a276?format=json&states=listing" "tx89878b0050e14dd6b0c8d-00697a426f" "proxy-server 21" 0.0021 "-" 22 0
Jan 28 17:07:59 standalone proxy-server[124607]: 172.18.0.2 ::1 28/Jan/2026/17/07/59 GET /v1/AUTH_91b6b1428bbb47ceba8e3cd29a2c760e/gnocchi.08791d16-5748-4a25-a94a-738c67a4a276%3Fformat%3Djson%26states%3Dlisting HTTP/1.0 200 - python-swiftclient-3.11.1 gAAAAABpekInNEdc... - 2 - tx89878b0050e14dd6b0c8d-00697a426f - 0.0291 - - 1769620079.058905125 1769620079.087987185 0
Jan 28 17:07:59 standalone object-server[122657]: 172.20.0.100 - - [28/Jan/2026:17:07:59 +0000] "GET /d1/565/AUTH_91b6b1428bbb47ceba8e3cd29a2c760e/gnocchi.08791d16-5748-4a25-a94a-738c67a4a276/1769040000.0_mean_300.0_v3" 404 70 "GET http://localhost:8080/v1/AUTH_91b6b1428bbb47ceba8e3cd29a2c760e/gnocchi.08791d16-5748-4a25-a94a-738c67a4a276/1769040000.0_mean_300.0_v3" "txe2a56d3803554b1ba598a-00697a426f" "proxy-server 21" 0.0006 "-" 22 0
Jan 28 17:07:59 standalone proxy-server[124607]: 172.18.0.2 ::1 28/Jan/2026/17/07/59 GET /v1/AUTH_91b6b1428bbb47ceba8e3cd29a2c760e/gnocchi.08791d16-5748-4a25-a94a-738c67a4a276/1769040000.0_mean_300.0_v3 HTTP/1.0 404 - python-swiftclient-3.11.1 gAAAAABpekInNEdc... - 70 - txe2a56d3803554b1ba598a-00697a426f - 0.0150 - - 1769620079.094749928 1769620079.109752417 0
Jan 28 17:07:59 standalone container-server[122504]: 172.20.0.100 - - [28/Jan/2026:17:07:59 +0000] "PUT /d1/394/AUTH_91b6b1428bbb47ceba8e3cd29a2c760e/gnocchi.08791d16-5748-4a25-a94a-738c67a4a276/1769040000.0_mean_300.0_v3" 201 - "PUT http://localhost:8080/d1/565/AUTH_91b6b1428bbb47ceba8e3cd29a2c760e/gnocchi.08791d16-5748-4a25-a94a-738c67a4a276/1769040000.0_mean_300.0_v3" "tx999ceee7b5244eb3bc443-00697a426f" "object-server 22" 0.0014 "-" 22 0
Jan 28 17:07:59 standalone object-server[122657]: 172.20.0.100 - - [28/Jan/2026:17:07:59 +0000] "PUT /d1/565/AUTH_91b6b1428bbb47ceba8e3cd29a2c760e/gnocchi.08791d16-5748-4a25-a94a-738c67a4a276/1769040000.0_mean_300.0_v3" 201 - "PUT http://localhost:8080/v1/AUTH_91b6b1428bbb47ceba8e3cd29a2c760e/gnocchi.08791d16-5748-4a25-a94a-738c67a4a276/1769040000.0_mean_300.0_v3" "tx999ceee7b5244eb3bc443-00697a426f" "proxy-server 21" 0.0134 "-" 22 0
Jan 28 17:07:59 standalone proxy-server[124607]: 172.18.0.2 ::1 28/Jan/2026/17/07/59 PUT /v1/AUTH_91b6b1428bbb47ceba8e3cd29a2c760e/gnocchi.08791d16-5748-4a25-a94a-738c67a4a276/1769040000.0_mean_300.0_v3 HTTP/1.0 201 - python-swiftclient-3.11.1 gAAAAABpekInNEdc... 16 - - tx999ceee7b5244eb3bc443-00697a426f - 0.0259 - - 1769620079.116027832 1769620079.141964436 0
Jan 28 17:07:59 standalone container-server[122496]: 172.20.0.100 - - [28/Jan/2026:17:07:59 +0000] "PUT /d1/394/AUTH_91b6b1428bbb47ceba8e3cd29a2c760e/gnocchi.08791d16-5748-4a25-a94a-738c67a4a276/none_v3" 201 - "PUT http://localhost:8080/d1/209/AUTH_91b6b1428bbb47ceba8e3cd29a2c760e/gnocchi.08791d16-5748-4a25-a94a-738c67a4a276/none_v3" "tx2d7a9b25083f418e81189-00697a426f" "object-server 23" 0.0006 "-" 21 0
Jan 28 17:07:59 standalone object-server[122662]: 172.20.0.100 - - [28/Jan/2026:17:07:59 +0000] "PUT /d1/209/AUTH_91b6b1428bbb47ceba8e3cd29a2c760e/gnocchi.08791d16-5748-4a25-a94a-738c67a4a276/none_v3" 201 - "PUT http://localhost:8080/v1/AUTH_91b6b1428bbb47ceba8e3cd29a2c760e/gnocchi.08791d16-5748-4a25-a94a-738c67a4a276/none_v3" "tx2d7a9b25083f418e81189-00697a426f" "proxy-server 21" 0.0219 "-" 23 0
Jan 28 17:07:59 standalone proxy-server[124607]: 172.18.0.2 ::1 28/Jan/2026/17/07/59 PUT /v1/AUTH_91b6b1428bbb47ceba8e3cd29a2c760e/gnocchi.08791d16-5748-4a25-a94a-738c67a4a276/none_v3 HTTP/1.0 201 - python-swiftclient-3.11.1 gAAAAABpekInNEdc... 22 - - tx2d7a9b25083f418e81189-00697a426f - 0.0326 - - 1769620079.191173553 1769620079.223743916 0
Jan 28 17:08:37 standalone object-server[122581]: Begin object update sweep
Jan 28 17:08:37 standalone object-server[218784]: Object update sweep starting on /srv/node/d1 (pid: 14)
Jan 28 17:08:37 standalone object-server[218784]: Object update sweep completed on /srv/node/d1 in 0.00s seconds:, 0 successes, 0 failures, 0 quarantines, 0 unlinks, 0 errors, 0 redirects (pid: 14)
Jan 28 17:08:37 standalone object-server[218784]: Object update sweep of d1 completed: 0.00s, 0 successes, 0 failures, 0 quarantines, 0 unlinks, 0 errors, 0 redirects
Jan 28 17:08:37 standalone object-server[122581]: Object update sweep completed: 0.08s
Jan 28 17:10:03 standalone container-server[122332]: Begin container update sweep
Jan 28 17:10:03 standalone account-server[122487]: 172.20.0.100 - - [28/Jan/2026:17:10:03 +0000] "PUT /d1/441/AUTH_91b6b1428bbb47ceba8e3cd29a2c760e/gnocchi.3c3bb81c-4111-4eef-b595-aca7cf794b4a" 201 - "-" "-" "container-updater 2" 0.0011 "-" 23 0
Jan 28 17:10:03 standalone account-server[122487]: 172.20.0.100 - - [28/Jan/2026:17:10:03 +0000] "PUT /d1/441/AUTH_91b6b1428bbb47ceba8e3cd29a2c760e/gnocchi.08791d16-5748-4a25-a94a-738c67a4a276" 201 - "-" "-" "container-updater 2" 0.0008 "-" 23 0
Jan 28 17:10:03 standalone account-server[122468]: 172.20.0.100 - - [28/Jan/2026:17:10:03 +0000] "PUT /d1/441/AUTH_91b6b1428bbb47ceba8e3cd29a2c760e/gnocchi.fe9675f2-6334-4df5-997c-f2bbfcc27f9d" 201 - "-" "-" "container-updater 2" 0.0005 "-" 21 0
Jan 28 17:10:03 standalone account-server[122468]: 172.20.0.100 - - [28/Jan/2026:17:10:03 +0000] "PUT /d1/441/AUTH_91b6b1428bbb47ceba8e3cd29a2c760e/gnocchi.a081f688-dd6f-4929-86e6-c7cc6bbea4e7" 201 - "-" "-" "container-updater 2" 0.0005 "-" 21 0
Jan 28 17:10:03 standalone account-server[122487]: 172.20.0.100 - - [28/Jan/2026:17:10:03 +0000] "PUT /d1/441/AUTH_91b6b1428bbb47ceba8e3cd29a2c760e/gnocchi.fe39bf94-2777-4bcf-a394-429af9d0db96" 201 - "-" "-" "container-updater 2" 0.0007 "-" 23 0
Jan 28 17:10:03 standalone account-server[122461]: 172.20.0.100 - - [28/Jan/2026:17:10:03 +0000] "PUT /d1/441/AUTH_91b6b1428bbb47ceba8e3cd29a2c760e/glance" 201 - "-" "-" "container-updater 2" 0.0007 "-" 20 0
Jan 28 17:10:03 standalone account-server[122475]: 172.20.0.100 - - [28/Jan/2026:17:10:03 +0000] "PUT /d1/441/AUTH_91b6b1428bbb47ceba8e3cd29a2c760e/gnocchi.76aa8540-08e7-4aea-866d-609e6dc23a05" 201 - "-" "-" "container-updater 2" 0.0007 "-" 22 0
Jan 28 17:10:04 standalone account-server[122461]: 172.20.0.100 - - [28/Jan/2026:17:10:04 +0000] "PUT /d1/441/AUTH_91b6b1428bbb47ceba8e3cd29a2c760e/gnocchi.a67a50b5-c67e-460f-bb05-bdfc65a336a0" 201 - "-" "-" "container-updater 2" 0.0008 "-" 20 0
Jan 28 17:10:04 standalone account-server[122461]: 172.20.0.100 - - [28/Jan/2026:17:10:04 +0000] "PUT /d1/441/AUTH_91b6b1428bbb47ceba8e3cd29a2c760e/gnocchi.2f30a81f-d714-4c9f-81c3-38b99ab685c0" 201 - "-" "-" "container-updater 2" 0.0004 "-" 20 0
Jan 28 17:10:04 standalone container-server[122332]: Container update sweep completed: 1.00s
Jan 28 17:10:09 standalone account-server[122461]: 172.20.0.100 - - [28/Jan/2026:17:10:09 +0000] "HEAD /d1/441/AUTH_91b6b1428bbb47ceba8e3cd29a2c760e" 204 - "HEAD http://localhost:8080/v1/AUTH_91b6b1428bbb47ceba8e3cd29a2c760e?format=json" "tx4c09f4a7408a499dad1e3-00697a42f1" "proxy-server 21" 0.0050 "-" 20 -
Jan 28 17:10:09 standalone proxy-server[124607]: - - 28/Jan/2026/17/10/09 HEAD /v1/AUTH_91b6b1428bbb47ceba8e3cd29a2c760e%3Fformat%3Djson HTTP/1.0 204 - Swift - - - - tx4c09f4a7408a499dad1e3-00697a42f1 - 0.0088 RL - 1769620209.805218220 1769620209.814059496 -
Jan 28 17:10:09 standalone container-server[122496]: 172.20.0.100 - - [28/Jan/2026:17:10:09 +0000] "HEAD /d1/630/AUTH_91b6b1428bbb47ceba8e3cd29a2c760e/gnocchi.c2f5c317-28d4-4143-a1b3-b35e1bed729e" 404 - "HEAD http://localhost:8080/v1/AUTH_91b6b1428bbb47ceba8e3cd29a2c760e/gnocchi.c2f5c317-28d4-4143-a1b3-b35e1bed729e?format=json&states=listing" "tx4c09f4a7408a499dad1e3-00697a42f1" "proxy-server 21" 0.0006 "-" 21 0
Jan 28 17:10:09 standalone object-server[122657]: 172.20.0.100 - - [28/Jan/2026:17:10:09 +0000] "GET /d1/877/AUTH_91b6b1428bbb47ceba8e3cd29a2c760e/gnocchi.c2f5c317-28d4-4143-a1b3-b35e1bed729e/none_v3" 404 70 "GET http://localhost:8080/v1/AUTH_91b6b1428bbb47ceba8e3cd29a2c760e/gnocchi.c2f5c317-28d4-4143-a1b3-b35e1bed729e/none_v3" "tx4c09f4a7408a499dad1e3-00697a42f1" "proxy-server 21" 0.0005 "-" 22 0
Jan 28 17:10:09 standalone proxy-server[124607]: 172.18.0.2 ::1 28/Jan/2026/17/10/09 GET /v1/AUTH_91b6b1428bbb47ceba8e3cd29a2c760e/gnocchi.c2f5c317-28d4-4143-a1b3-b35e1bed729e/none_v3 HTTP/1.0 404 - python-swiftclient-3.11.1 gAAAAABpekInNEdc... - 70 - tx4c09f4a7408a499dad1e3-00697a42f1 - 0.0206 - - 1769620209.804347038 1769620209.824968815 0
Jan 28 17:10:09 standalone account-server[122461]: 172.20.0.100 - - [28/Jan/2026:17:10:09 +0000] "PUT /d1/441/AUTH_91b6b1428bbb47ceba8e3cd29a2c760e/gnocchi.c2f5c317-28d4-4143-a1b3-b35e1bed729e" 201 - "PUT http://172.20.0.100:6001/d1/630/AUTH_91b6b1428bbb47ceba8e3cd29a2c760e/gnocchi.c2f5c317-28d4-4143-a1b3-b35e1bed729e" "txd5df4aa106534aa790f8a-00697a42f1" "container-server 20" 0.0010 "-" 20 0
Jan 28 17:10:09 standalone container-server[122477]: 172.20.0.100 - - [28/Jan/2026:17:10:09 +0000] "PUT /d1/630/AUTH_91b6b1428bbb47ceba8e3cd29a2c760e/gnocchi.c2f5c317-28d4-4143-a1b3-b35e1bed729e" 201 - "PUT http://localhost:8080/v1/AUTH_91b6b1428bbb47ceba8e3cd29a2c760e/gnocchi.c2f5c317-28d4-4143-a1b3-b35e1bed729e" "txd5df4aa106534aa790f8a-00697a42f1" "proxy-server 21" 0.0130 "-" 20 0
Jan 28 17:10:09 standalone proxy-server[124607]: 172.18.0.2 ::1 28/Jan/2026/17/10/09 PUT /v1/AUTH_91b6b1428bbb47ceba8e3cd29a2c760e/gnocchi.c2f5c317-28d4-4143-a1b3-b35e1bed729e HTTP/1.0 201 - python-swiftclient-3.11.1 gAAAAABpekInNEdc... - - - txd5df4aa106534aa790f8a-00697a42f1 - 0.0174 - - 1769620209.828159571 1769620209.845599890 0
Jan 28 17:10:09 standalone container-server[122477]: 172.20.0.100 - - [28/Jan/2026:17:10:09 +0000] "HEAD /d1/630/AUTH_91b6b1428bbb47ceba8e3cd29a2c760e/gnocchi.c2f5c317-28d4-4143-a1b3-b35e1bed729e" 204 - "HEAD http://localhost:8080/v1/AUTH_91b6b1428bbb47ceba8e3cd29a2c760e/gnocchi.c2f5c317-28d4-4143-a1b3-b35e1bed729e?format=json&states=listing" "tx3a53a5af936341a89db25-00697a42f1" "proxy-server 21" 0.0014 "-" 20 0
Jan 28 17:10:09 standalone proxy-server[124607]: - - 28/Jan/2026/17/10/09 HEAD /v1/AUTH_91b6b1428bbb47ceba8e3cd29a2c760e/gnocchi.c2f5c317-28d4-4143-a1b3-b35e1bed729e%3Fformat%3Djson%26states%3Dlisting HTTP/1.0 204 - Swift - - - - tx3a53a5af936341a89db25-00697a42f1 - 0.0043 RL - 1769620209.852516651 1769620209.856796741 0
Jan 28 17:10:09 standalone container-server[122496]: 172.20.0.100 - - [28/Jan/2026:17:10:09 +0000] "GET /d1/630/AUTH_91b6b1428bbb47ceba8e3cd29a2c760e/gnocchi.c2f5c317-28d4-4143-a1b3-b35e1bed729e" 200 2 "GET http://localhost:8080/v1/AUTH_91b6b1428bbb47ceba8e3cd29a2c760e/gnocchi.c2f5c317-28d4-4143-a1b3-b35e1bed729e?format=json&states=listing" "tx3a53a5af936341a89db25-00697a42f1" "proxy-server 21" 0.0019 "-" 21 0
Jan 28 17:10:09 standalone proxy-server[124607]: 172.18.0.2 ::1 28/Jan/2026/17/10/09 GET /v1/AUTH_91b6b1428bbb47ceba8e3cd29a2c760e/gnocchi.c2f5c317-28d4-4143-a1b3-b35e1bed729e%3Fformat%3Djson%26states%3Dlisting HTTP/1.0 200 - python-swiftclient-3.11.1 gAAAAABpekInNEdc... - 2 - tx3a53a5af936341a89db25-00697a42f1 - 0.0122 - - 1769620209.851471186 1769620209.863677502 0
Jan 28 17:10:09 standalone object-server[122663]: 172.20.0.100 - - [28/Jan/2026:17:10:09 +0000] "GET /d1/840/AUTH_91b6b1428bbb47ceba8e3cd29a2c760e/gnocchi.c2f5c317-28d4-4143-a1b3-b35e1bed729e/1769040000.0_mean_300.0_v3" 404 70 "GET http://localhost:8080/v1/AUTH_91b6b1428bbb47ceba8e3cd29a2c760e/gnocchi.c2f5c317-28d4-4143-a1b3-b35e1bed729e/1769040000.0_mean_300.0_v3" "tx836f6382c83642028576f-00697a42f1" "proxy-server 21" 0.0004 "-" 24 0
Jan 28 17:10:09 standalone proxy-server[124607]: 172.18.0.2 ::1 28/Jan/2026/17/10/09 GET /v1/AUTH_91b6b1428bbb47ceba8e3cd29a2c760e/gnocchi.c2f5c317-28d4-4143-a1b3-b35e1bed729e/1769040000.0_mean_300.0_v3 HTTP/1.0 404 - python-swiftclient-3.11.1 gAAAAABpekInNEdc... - 70 - tx836f6382c83642028576f-00697a42f1 - 0.0046 - - 1769620209.867391586 1769620209.871973038 0
Jan 28 17:10:09 standalone container-server[122496]: 172.20.0.100 - - [28/Jan/2026:17:10:09 +0000] "PUT /d1/630/AUTH_91b6b1428bbb47ceba8e3cd29a2c760e/gnocchi.c2f5c317-28d4-4143-a1b3-b35e1bed729e/1769040000.0_mean_300.0_v3" 201 - "PUT http://localhost:8080/d1/840/AUTH_91b6b1428bbb47ceba8e3cd29a2c760e/gnocchi.c2f5c317-28d4-4143-a1b3-b35e1bed729e/1769040000.0_mean_300.0_v3" "txa48b9faeeca343d3a2217-00697a42f1" "object-server 22" 0.0005 "-" 21 0
Jan 28 17:10:09 standalone object-server[122657]: 172.20.0.100 - - [28/Jan/2026:17:10:09 +0000] "PUT /d1/840/AUTH_91b6b1428bbb47ceba8e3cd29a2c760e/gnocchi.c2f5c317-28d4-4143-a1b3-b35e1bed729e/1769040000.0_mean_300.0_v3" 201 - "PUT http://localhost:8080/v1/AUTH_91b6b1428bbb47ceba8e3cd29a2c760e/gnocchi.c2f5c317-28d4-4143-a1b3-b35e1bed729e/1769040000.0_mean_300.0_v3" "txa48b9faeeca343d3a2217-00697a42f1" "proxy-server 21" 0.0071 "-" 22 0
Jan 28 17:10:09 standalone proxy-server[124607]: 172.18.0.2 ::1 28/Jan/2026/17/10/09 PUT /v1/AUTH_91b6b1428bbb47ceba8e3cd29a2c760e/gnocchi.c2f5c317-28d4-4143-a1b3-b35e1bed729e/1769040000.0_mean_300.0_v3 HTTP/1.0 201 - python-swiftclient-3.11.1 gAAAAABpekInNEdc... 16 - - txa48b9faeeca343d3a2217-00697a42f1 - 0.0110 - - 1769620209.874670506 1769620209.885651350 0
Jan 28 17:10:09 standalone container-server[122496]: 172.20.0.100 - - [28/Jan/2026:17:10:09 +0000] "PUT /d1/630/AUTH_91b6b1428bbb47ceba8e3cd29a2c760e/gnocchi.c2f5c317-28d4-4143-a1b3-b35e1bed729e/none_v3" 201 - "PUT http://localhost:8080/d1/877/AUTH_91b6b1428bbb47ceba8e3cd29a2c760e/gnocchi.c2f5c317-28d4-4143-a1b3-b35e1bed729e/none_v3" "tx32348d2f43164f438f263-00697a42f1" "object-server 24" 0.0003 "-" 21 0
Jan 28 17:10:09 standalone object-server[122663]: 172.20.0.100 - - [28/Jan/2026:17:10:09 +0000] "PUT /d1/877/AUTH_91b6b1428bbb47ceba8e3cd29a2c760e/gnocchi.c2f5c317-28d4-4143-a1b3-b35e1bed729e/none_v3" 201 - "PUT http://localhost:8080/v1/AUTH_91b6b1428bbb47ceba8e3cd29a2c760e/gnocchi.c2f5c317-28d4-4143-a1b3-b35e1bed729e/none_v3" "tx32348d2f43164f438f263-00697a42f1" "proxy-server 21" 0.0092 "-" 24 0
Jan 28 17:10:09 standalone proxy-server[124607]: 172.18.0.2 ::1 28/Jan/2026/17/10/09 PUT /v1/AUTH_91b6b1428bbb47ceba8e3cd29a2c760e/gnocchi.c2f5c317-28d4-4143-a1b3-b35e1bed729e/none_v3 HTTP/1.0 201 - python-swiftclient-3.11.1 gAAAAABpekInNEdc... 22 - - tx32348d2f43164f438f263-00697a42f1 - 0.0136 - - 1769620209.888721466 1769620209.902287960 0
Jan 28 17:10:09 standalone container-server[122477]: 172.20.0.100 - - [28/Jan/2026:17:10:09 +0000] "HEAD /d1/875/AUTH_91b6b1428bbb47ceba8e3cd29a2c760e/gnocchi.cbe815f6-9071-4b4b-bd35-7a7b9831e83f" 404 - "HEAD http://localhost:8080/v1/AUTH_91b6b1428bbb47ceba8e3cd29a2c760e/gnocchi.cbe815f6-9071-4b4b-bd35-7a7b9831e83f?format=json&states=listing" "tx2face9325cad4dfca5a07-00697a42f1" "proxy-server 21" 0.0003 "-" 20 0
Jan 28 17:10:09 standalone object-server[122657]: 172.20.0.100 - - [28/Jan/2026:17:10:09 +0000] "GET /d1/868/AUTH_91b6b1428bbb47ceba8e3cd29a2c760e/gnocchi.cbe815f6-9071-4b4b-bd35-7a7b9831e83f/none_v3" 404 70 "GET http://localhost:8080/v1/AUTH_91b6b1428bbb47ceba8e3cd29a2c760e/gnocchi.cbe815f6-9071-4b4b-bd35-7a7b9831e83f/none_v3" "tx2face9325cad4dfca5a07-00697a42f1" "proxy-server 21" 0.0004 "-" 22 0
Jan 28 17:10:09 standalone proxy-server[124607]: 172.18.0.2 ::1 28/Jan/2026/17/10/09 GET /v1/AUTH_91b6b1428bbb47ceba8e3cd29a2c760e/gnocchi.cbe815f6-9071-4b4b-bd35-7a7b9831e83f/none_v3 HTTP/1.0 404 - python-swiftclient-3.11.1 gAAAAABpekInNEdc... - 70 - tx2face9325cad4dfca5a07-00697a42f1 - 0.0076 - - 1769620209.912246227 1769620209.919808865 0
Jan 28 17:10:09 standalone account-server[122461]: 172.20.0.100 - - [28/Jan/2026:17:10:09 +0000] "PUT /d1/441/AUTH_91b6b1428bbb47ceba8e3cd29a2c760e/gnocchi.cbe815f6-9071-4b4b-bd35-7a7b9831e83f" 201 - "PUT http://172.20.0.100:6001/d1/875/AUTH_91b6b1428bbb47ceba8e3cd29a2c760e/gnocchi.cbe815f6-9071-4b4b-bd35-7a7b9831e83f" "txfdf5fe5cd9da490d8187b-00697a42f1" "container-server 20" 0.0041 "-" 20 0
Jan 28 17:10:09 standalone container-server[122477]: 172.20.0.100 - - [28/Jan/2026:17:10:09 +0000] "PUT /d1/875/AUTH_91b6b1428bbb47ceba8e3cd29a2c760e/gnocchi.cbe815f6-9071-4b4b-bd35-7a7b9831e83f" 201 - "PUT http://localhost:8080/v1/AUTH_91b6b1428bbb47ceba8e3cd29a2c760e/gnocchi.cbe815f6-9071-4b4b-bd35-7a7b9831e83f" "txfdf5fe5cd9da490d8187b-00697a42f1" "proxy-server 21" 0.0134 "-" 20 0
Jan 28 17:10:09 standalone proxy-server[124607]: 172.18.0.2 ::1 28/Jan/2026/17/10/09 PUT /v1/AUTH_91b6b1428bbb47ceba8e3cd29a2c760e/gnocchi.cbe815f6-9071-4b4b-bd35-7a7b9831e83f HTTP/1.0 201 - python-swiftclient-3.11.1 gAAAAABpekInNEdc... - - - txfdf5fe5cd9da490d8187b-00697a42f1 - 0.0180 - - 1769620209.922479630 1769620209.940497160 0
Jan 28 17:10:09 standalone container-server[122504]: 172.20.0.100 - - [28/Jan/2026:17:10:09 +0000] "HEAD /d1/875/AUTH_91b6b1428bbb47ceba8e3cd29a2c760e/gnocchi.cbe815f6-9071-4b4b-bd35-7a7b9831e83f" 204 - "HEAD http://localhost:8080/v1/AUTH_91b6b1428bbb47ceba8e3cd29a2c760e/gnocchi.cbe815f6-9071-4b4b-bd35-7a7b9831e83f?format=json&states=listing" "txb4b588638b3a4a05a6ef5-00697a42f1" "proxy-server 21" 0.0022 "-" 22 0
Jan 28 17:10:09 standalone proxy-server[124607]: - - 28/Jan/2026/17/10/09 HEAD /v1/AUTH_91b6b1428bbb47ceba8e3cd29a2c760e/gnocchi.cbe815f6-9071-4b4b-bd35-7a7b9831e83f%3Fformat%3Djson%26states%3Dlisting HTTP/1.0 204 - Swift - - - - txb4b588638b3a4a05a6ef5-00697a42f1 - 0.0062 RL - 1769620209.970997334 1769620209.977193356 0
Jan 28 17:10:09 standalone container-server[122513]: 172.20.0.100 - - [28/Jan/2026:17:10:09 +0000] "GET /d1/875/AUTH_91b6b1428bbb47ceba8e3cd29a2c760e/gnocchi.cbe815f6-9071-4b4b-bd35-7a7b9831e83f" 200 2 "GET http://localhost:8080/v1/AUTH_91b6b1428bbb47ceba8e3cd29a2c760e/gnocchi.cbe815f6-9071-4b4b-bd35-7a7b9831e83f?format=json&states=listing" "txb4b588638b3a4a05a6ef5-00697a42f1" "proxy-server 21" 0.0023 "-" 23 0
Jan 28 17:10:09 standalone proxy-server[124607]: 172.18.0.2 ::1 28/Jan/2026/17/10/09 GET /v1/AUTH_91b6b1428bbb47ceba8e3cd29a2c760e/gnocchi.cbe815f6-9071-4b4b-bd35-7a7b9831e83f%3Fformat%3Djson%26states%3Dlisting HTTP/1.0 200 - python-swiftclient-3.11.1 gAAAAABpekInNEdc... - 2 - txb4b588638b3a4a05a6ef5-00697a42f1 - 0.0408 - - 1769620209.944659233 1769620209.985472441 0
Jan 28 17:10:09 standalone object-server[122663]: 172.20.0.100 - - [28/Jan/2026:17:10:09 +0000] "GET /d1/547/AUTH_91b6b1428bbb47ceba8e3cd29a2c760e/gnocchi.cbe815f6-9071-4b4b-bd35-7a7b9831e83f/1769040000.0_mean_300.0_v3" 404 70 "GET http://localhost:8080/v1/AUTH_91b6b1428bbb47ceba8e3cd29a2c760e/gnocchi.cbe815f6-9071-4b4b-bd35-7a7b9831e83f/1769040000.0_mean_300.0_v3" "txf6e518f427c3489189392-00697a42f1" "proxy-server 21" 0.0009 "-" 24 0
Jan 28 17:10:09 standalone proxy-server[124607]: 172.18.0.2 ::1 28/Jan/2026/17/10/09 GET /v1/AUTH_91b6b1428bbb47ceba8e3cd29a2c760e/gnocchi.cbe815f6-9071-4b4b-bd35-7a7b9831e83f/1769040000.0_mean_300.0_v3 HTTP/1.0 404 - python-swiftclient-3.11.1 gAAAAABpekInNEdc... - 70 - txf6e518f427c3489189392-00697a42f1 - 0.0081 - - 1769620209.989591360 1769620209.997727156 0
Jan 28 17:10:10 standalone container-server[122496]: 172.20.0.100 - - [28/Jan/2026:17:10:10 +0000] "PUT /d1/875/AUTH_91b6b1428bbb47ceba8e3cd29a2c760e/gnocchi.cbe815f6-9071-4b4b-bd35-7a7b9831e83f/1769040000.0_mean_300.0_v3" 201 - "PUT http://localhost:8080/d1/547/AUTH_91b6b1428bbb47ceba8e3cd29a2c760e/gnocchi.cbe815f6-9071-4b4b-bd35-7a7b9831e83f/1769040000.0_mean_300.0_v3" "txc6a89242081b43e7bd4d0-00697a42f2" "object-server 24" 0.0008 "-" 21 0
Jan 28 17:10:10 standalone object-server[122663]: 172.20.0.100 - - [28/Jan/2026:17:10:10 +0000] "PUT /d1/547/AUTH_91b6b1428bbb47ceba8e3cd29a2c760e/gnocchi.cbe815f6-9071-4b4b-bd35-7a7b9831e83f/1769040000.0_mean_300.0_v3" 201 - "PUT http://localhost:8080/v1/AUTH_91b6b1428bbb47ceba8e3cd29a2c760e/gnocchi.cbe815f6-9071-4b4b-bd35-7a7b9831e83f/1769040000.0_mean_300.0_v3" "txc6a89242081b43e7bd4d0-00697a42f2" "proxy-server 21" 0.0113 "-" 24 0
Jan 28 17:10:10 standalone proxy-server[124607]: 172.18.0.2 ::1 28/Jan/2026/17/10/10 PUT /v1/AUTH_91b6b1428bbb47ceba8e3cd29a2c760e/gnocchi.cbe815f6-9071-4b4b-bd35-7a7b9831e83f/1769040000.0_mean_300.0_v3 HTTP/1.0 201 - python-swiftclient-3.11.1 gAAAAABpekInNEdc... 16 - - txc6a89242081b43e7bd4d0-00697a42f2 - 0.0208 - - 1769620210.001548052 1769620210.022318125 0
Jan 28 17:10:10 standalone container-server[122477]: 172.20.0.100 - - [28/Jan/2026:17:10:10 +0000] "PUT /d1/875/AUTH_91b6b1428bbb47ceba8e3cd29a2c760e/gnocchi.cbe815f6-9071-4b4b-bd35-7a7b9831e83f/none_v3" 201 - "PUT http://localhost:8080/d1/868/AUTH_91b6b1428bbb47ceba8e3cd29a2c760e/gnocchi.cbe815f6-9071-4b4b-bd35-7a7b9831e83f/none_v3" "txec45f30a451f48eb8c92b-00697a42f2" "object-server 23" 0.0009 "-" 20 0
Jan 28 17:10:10 standalone object-server[122662]: 172.20.0.100 - - [28/Jan/2026:17:10:10 +0000] "PUT /d1/868/AUTH_91b6b1428bbb47ceba8e3cd29a2c760e/gnocchi.cbe815f6-9071-4b4b-bd35-7a7b9831e83f/none_v3" 201 - "PUT http://localhost:8080/v1/AUTH_91b6b1428bbb47ceba8e3cd29a2c760e/gnocchi.cbe815f6-9071-4b4b-bd35-7a7b9831e83f/none_v3" "txec45f30a451f48eb8c92b-00697a42f2" "proxy-server 21" 0.0119 "-" 23 0
Jan 28 17:10:10 standalone proxy-server[124607]: 172.18.0.2 ::1 28/Jan/2026/17/10/10 PUT /v1/AUTH_91b6b1428bbb47ceba8e3cd29a2c760e/gnocchi.cbe815f6-9071-4b4b-bd35-7a7b9831e83f/none_v3 HTTP/1.0 201 - python-swiftclient-3.11.1 gAAAAABpekInNEdc... 22 - - txec45f30a451f48eb8c92b-00697a42f2 - 0.0194 - - 1769620210.026308537 1769620210.045668840 0
Jan 28 17:10:10 standalone container-server[122477]: 172.20.0.100 - - [28/Jan/2026:17:10:10 +0000] "HEAD /d1/99/AUTH_91b6b1428bbb47ceba8e3cd29a2c760e/gnocchi.15677543-565e-4e73-9c18-21987dfaef6b" 404 - "HEAD http://localhost:8080/v1/AUTH_91b6b1428bbb47ceba8e3cd29a2c760e/gnocchi.15677543-565e-4e73-9c18-21987dfaef6b?format=json&states=listing" "tx19eb54d9341b4b3aafafd-00697a42f2" "proxy-server 21" 0.0006 "-" 20 0
Jan 28 17:10:10 standalone object-server[122664]: 172.20.0.100 - - [28/Jan/2026:17:10:10 +0000] "GET /d1/56/AUTH_91b6b1428bbb47ceba8e3cd29a2c760e/gnocchi.15677543-565e-4e73-9c18-21987dfaef6b/none_v3" 404 70 "GET http://localhost:8080/v1/AUTH_91b6b1428bbb47ceba8e3cd29a2c760e/gnocchi.15677543-565e-4e73-9c18-21987dfaef6b/none_v3" "tx19eb54d9341b4b3aafafd-00697a42f2" "proxy-server 21" 0.0004 "-" 25 0
Jan 28 17:10:10 standalone proxy-server[124607]: 172.18.0.2 ::1 28/Jan/2026/17/10/10 GET /v1/AUTH_91b6b1428bbb47ceba8e3cd29a2c760e/gnocchi.15677543-565e-4e73-9c18-21987dfaef6b/none_v3 HTTP/1.0 404 - python-swiftclient-3.11.1 gAAAAABpekInNEdc... - 70 - tx19eb54d9341b4b3aafafd-00697a42f2 - 0.0109 - - 1769620210.061956167 1769620210.072864294 0
