Jan 28 17:10:10 standalone account-server[122487]: 172.20.0.100 - - [28/Jan/2026:17:10:10 +0000] "PUT /d1/441/AUTH_91b6b1428bbb47ceba8e3cd29a2c760e/gnocchi.15677543-565e-4e73-9c18-21987dfaef6b" 201 - "PUT http://172.20.0.100:6001/d1/99/AUTH_91b6b1428bbb47ceba8e3cd29a2c760e/gnocchi.15677543-565e-4e73-9c18-21987dfaef6b" "txeab8ce4fb8124f4c93b4b-00697a42f2" "container-server 23" 0.0048 "-" 23 0
Jan 28 17:10:10 standalone container-server[122513]: 172.20.0.100 - - [28/Jan/2026:17:10:10 +0000] "PUT /d1/99/AUTH_91b6b1428bbb47ceba8e3cd29a2c760e/gnocchi.15677543-565e-4e73-9c18-21987dfaef6b" 201 - "PUT http://localhost:8080/v1/AUTH_91b6b1428bbb47ceba8e3cd29a2c760e/gnocchi.15677543-565e-4e73-9c18-21987dfaef6b" "txeab8ce4fb8124f4c93b4b-00697a42f2" "proxy-server 21" 0.0172 "-" 23 0
Jan 28 17:10:10 standalone proxy-server[124607]: 172.18.0.2 ::1 28/Jan/2026/17/10/10 PUT /v1/AUTH_91b6b1428bbb47ceba8e3cd29a2c760e/gnocchi.15677543-565e-4e73-9c18-21987dfaef6b HTTP/1.0 201 - python-swiftclient-3.11.1 gAAAAABpekInNEdc... - - - txeab8ce4fb8124f4c93b4b-00697a42f2 - 0.0232 - - 1769620210.077097654 1769620210.100288153 0
Jan 28 17:10:10 standalone container-server[122496]: 172.20.0.100 - - [28/Jan/2026:17:10:10 +0000] "HEAD /d1/99/AUTH_91b6b1428bbb47ceba8e3cd29a2c760e/gnocchi.15677543-565e-4e73-9c18-21987dfaef6b" 204 - "HEAD http://localhost:8080/v1/AUTH_91b6b1428bbb47ceba8e3cd29a2c760e/gnocchi.15677543-565e-4e73-9c18-21987dfaef6b?format=json&states=listing" "tx06cc5c287a2843f887fe8-00697a42f2" "proxy-server 21" 0.0021 "-" 21 0
Jan 28 17:10:10 standalone proxy-server[124607]: - - 28/Jan/2026/17/10/10 HEAD /v1/AUTH_91b6b1428bbb47ceba8e3cd29a2c760e/gnocchi.15677543-565e-4e73-9c18-21987dfaef6b%3Fformat%3Djson%26states%3Dlisting HTTP/1.0 204 - Swift - - - - tx06cc5c287a2843f887fe8-00697a42f2 - 0.0059 RL - 1769620210.105774641 1769620210.111711025 0
Jan 28 17:10:10 standalone container-server[122477]: 172.20.0.100 - - [28/Jan/2026:17:10:10 +0000] "GET /d1/99/AUTH_91b6b1428bbb47ceba8e3cd29a2c760e/gnocchi.15677543-565e-4e73-9c18-21987dfaef6b" 200 2 "GET http://localhost:8080/v1/AUTH_91b6b1428bbb47ceba8e3cd29a2c760e/gnocchi.15677543-565e-4e73-9c18-21987dfaef6b?format=json&states=listing" "tx06cc5c287a2843f887fe8-00697a42f2" "proxy-server 21" 0.0045 "-" 20 0
Jan 28 17:10:10 standalone proxy-server[124607]: 172.18.0.2 ::1 28/Jan/2026/17/10/10 GET /v1/AUTH_91b6b1428bbb47ceba8e3cd29a2c760e/gnocchi.15677543-565e-4e73-9c18-21987dfaef6b%3Fformat%3Djson%26states%3Dlisting HTTP/1.0 200 - python-swiftclient-3.11.1 gAAAAABpekInNEdc... - 2 - tx06cc5c287a2843f887fe8-00697a42f2 - 0.0182 - - 1769620210.104557991 1769620210.122776508 0
Jan 28 17:10:10 standalone object-server[122664]: 172.20.0.100 - - [28/Jan/2026:17:10:10 +0000] "GET /d1/762/AUTH_91b6b1428bbb47ceba8e3cd29a2c760e/gnocchi.15677543-565e-4e73-9c18-21987dfaef6b/1769040000.0_mean_300.0_v3" 404 70 "GET http://localhost:8080/v1/AUTH_91b6b1428bbb47ceba8e3cd29a2c760e/gnocchi.15677543-565e-4e73-9c18-21987dfaef6b/1769040000.0_mean_300.0_v3" "tx37a48d05083e4ddaae290-00697a42f2" "proxy-server 21" 0.0003 "-" 25 0
Jan 28 17:10:10 standalone proxy-server[124607]: 172.18.0.2 ::1 28/Jan/2026/17/10/10 GET /v1/AUTH_91b6b1428bbb47ceba8e3cd29a2c760e/gnocchi.15677543-565e-4e73-9c18-21987dfaef6b/1769040000.0_mean_300.0_v3 HTTP/1.0 404 - python-swiftclient-3.11.1 gAAAAABpekInNEdc... - 70 - tx37a48d05083e4ddaae290-00697a42f2 - 0.0057 - - 1769620210.127025843 1769620210.132717609 0
Jan 28 17:10:10 standalone container-server[122496]: 172.20.0.100 - - [28/Jan/2026:17:10:10 +0000] "PUT /d1/99/AUTH_91b6b1428bbb47ceba8e3cd29a2c760e/gnocchi.15677543-565e-4e73-9c18-21987dfaef6b/1769040000.0_mean_300.0_v3" 201 - "PUT http://localhost:8080/d1/762/AUTH_91b6b1428bbb47ceba8e3cd29a2c760e/gnocchi.15677543-565e-4e73-9c18-21987dfaef6b/1769040000.0_mean_300.0_v3" "tx26a33c7b767b4deeaa2ae-00697a42f2" "object-server 24" 0.0008 "-" 21 0
Jan 28 17:10:10 standalone object-server[122663]: 172.20.0.100 - - [28/Jan/2026:17:10:10 +0000] "PUT /d1/762/AUTH_91b6b1428bbb47ceba8e3cd29a2c760e/gnocchi.15677543-565e-4e73-9c18-21987dfaef6b/1769040000.0_mean_300.0_v3" 201 - "PUT http://localhost:8080/v1/AUTH_91b6b1428bbb47ceba8e3cd29a2c760e/gnocchi.15677543-565e-4e73-9c18-21987dfaef6b/1769040000.0_mean_300.0_v3" "tx26a33c7b767b4deeaa2ae-00697a42f2" "proxy-server 21" 0.0095 "-" 24 0
Jan 28 17:10:10 standalone proxy-server[124607]: 172.18.0.2 ::1 28/Jan/2026/17/10/10 PUT /v1/AUTH_91b6b1428bbb47ceba8e3cd29a2c760e/gnocchi.15677543-565e-4e73-9c18-21987dfaef6b/1769040000.0_mean_300.0_v3 HTTP/1.0 201 - python-swiftclient-3.11.1 gAAAAABpekInNEdc... 16 - - tx26a33c7b767b4deeaa2ae-00697a42f2 - 0.0154 - - 1769620210.136445522 1769620210.151821136 0
Jan 28 17:10:10 standalone container-server[122496]: 172.20.0.100 - - [28/Jan/2026:17:10:10 +0000] "PUT /d1/99/AUTH_91b6b1428bbb47ceba8e3cd29a2c760e/gnocchi.15677543-565e-4e73-9c18-21987dfaef6b/none_v3" 201 - "PUT http://localhost:8080/d1/56/AUTH_91b6b1428bbb47ceba8e3cd29a2c760e/gnocchi.15677543-565e-4e73-9c18-21987dfaef6b/none_v3" "txd7d9fbf56fd349ff81e09-00697a42f2" "object-server 22" 0.0008 "-" 21 0
Jan 28 17:10:10 standalone object-server[122657]: 172.20.0.100 - - [28/Jan/2026:17:10:10 +0000] "PUT /d1/56/AUTH_91b6b1428bbb47ceba8e3cd29a2c760e/gnocchi.15677543-565e-4e73-9c18-21987dfaef6b/none_v3" 201 - "PUT http://localhost:8080/v1/AUTH_91b6b1428bbb47ceba8e3cd29a2c760e/gnocchi.15677543-565e-4e73-9c18-21987dfaef6b/none_v3" "txd7d9fbf56fd349ff81e09-00697a42f2" "proxy-server 21" 0.0112 "-" 22 0
Jan 28 17:10:10 standalone proxy-server[124607]: 172.18.0.2 ::1 28/Jan/2026/17/10/10 PUT /v1/AUTH_91b6b1428bbb47ceba8e3cd29a2c760e/gnocchi.15677543-565e-4e73-9c18-21987dfaef6b/none_v3 HTTP/1.0 201 - python-swiftclient-3.11.1 gAAAAABpekInNEdc... 22 - - txd7d9fbf56fd349ff81e09-00697a42f2 - 0.0176 - - 1769620210.155513287 1769620210.173135519 0
Jan 28 17:10:10 standalone container-server[122513]: 172.20.0.100 - - [28/Jan/2026:17:10:10 +0000] "HEAD /d1/284/AUTH_91b6b1428bbb47ceba8e3cd29a2c760e/gnocchi.e19f6708-2e20-4231-908d-1e4f037d4710" 404 - "HEAD http://localhost:8080/v1/AUTH_91b6b1428bbb47ceba8e3cd29a2c760e/gnocchi.e19f6708-2e20-4231-908d-1e4f037d4710?format=json&states=listing" "tx427f0b79bc0b4e65a543b-00697a42f2" "proxy-server 21" 0.0005 "-" 23 0
Jan 28 17:10:10 standalone object-server[122657]: 172.20.0.100 - - [28/Jan/2026:17:10:10 +0000] "GET /d1/316/AUTH_91b6b1428bbb47ceba8e3cd29a2c760e/gnocchi.e19f6708-2e20-4231-908d-1e4f037d4710/none_v3" 404 70 "GET http://localhost:8080/v1/AUTH_91b6b1428bbb47ceba8e3cd29a2c760e/gnocchi.e19f6708-2e20-4231-908d-1e4f037d4710/none_v3" "tx427f0b79bc0b4e65a543b-00697a42f2" "proxy-server 21" 0.0004 "-" 22 0
Jan 28 17:10:10 standalone proxy-server[124607]: 172.18.0.2 ::1 28/Jan/2026/17/10/10 GET /v1/AUTH_91b6b1428bbb47ceba8e3cd29a2c760e/gnocchi.e19f6708-2e20-4231-908d-1e4f037d4710/none_v3 HTTP/1.0 404 - python-swiftclient-3.11.1 gAAAAABpekInNEdc... - 70 - tx427f0b79bc0b4e65a543b-00697a42f2 - 0.0102 - - 1769620210.184142828 1769620210.194324970 0
Jan 28 17:10:10 standalone account-server[122468]: 172.20.0.100 - - [28/Jan/2026:17:10:10 +0000] "PUT /d1/441/AUTH_91b6b1428bbb47ceba8e3cd29a2c760e/gnocchi.e19f6708-2e20-4231-908d-1e4f037d4710" 201 - "PUT http://172.20.0.100:6001/d1/284/AUTH_91b6b1428bbb47ceba8e3cd29a2c760e/gnocchi.e19f6708-2e20-4231-908d-1e4f037d4710" "txbee18bb2cf944ceb803b0-00697a42f2" "container-server 21" 0.0062 "-" 21 0
Jan 28 17:10:10 standalone container-server[122496]: 172.20.0.100 - - [28/Jan/2026:17:10:10 +0000] "PUT /d1/284/AUTH_91b6b1428bbb47ceba8e3cd29a2c760e/gnocchi.e19f6708-2e20-4231-908d-1e4f037d4710" 201 - "PUT http://localhost:8080/v1/AUTH_91b6b1428bbb47ceba8e3cd29a2c760e/gnocchi.e19f6708-2e20-4231-908d-1e4f037d4710" "txbee18bb2cf944ceb803b0-00697a42f2" "proxy-server 21" 0.0208 "-" 21 0
Jan 28 17:10:10 standalone proxy-server[124607]: 172.18.0.2 ::1 28/Jan/2026/17/10/10 PUT /v1/AUTH_91b6b1428bbb47ceba8e3cd29a2c760e/gnocchi.e19f6708-2e20-4231-908d-1e4f037d4710 HTTP/1.0 201 - python-swiftclient-3.11.1 gAAAAABpekInNEdc... - - - txbee18bb2cf944ceb803b0-00697a42f2 - 0.0279 - - 1769620210.197695494 1769620210.225625277 0
Jan 28 17:10:10 standalone container-server[122496]: 172.20.0.100 - - [28/Jan/2026:17:10:10 +0000] "HEAD /d1/284/AUTH_91b6b1428bbb47ceba8e3cd29a2c760e/gnocchi.e19f6708-2e20-4231-908d-1e4f037d4710" 204 - "HEAD http://localhost:8080/v1/AUTH_91b6b1428bbb47ceba8e3cd29a2c760e/gnocchi.e19f6708-2e20-4231-908d-1e4f037d4710?format=json&states=listing" "tx2e7de6afd813459c8a57a-00697a42f2" "proxy-server 21" 0.0020 "-" 21 0
Jan 28 17:10:10 standalone proxy-server[124607]: - - 28/Jan/2026/17/10/10 HEAD /v1/AUTH_91b6b1428bbb47ceba8e3cd29a2c760e/gnocchi.e19f6708-2e20-4231-908d-1e4f037d4710%3Fformat%3Djson%26states%3Dlisting HTTP/1.0 204 - Swift - - - - tx2e7de6afd813459c8a57a-00697a42f2 - 0.0090 RL - 1769620210.237253666 1769620210.246268988 0
Jan 28 17:10:10 standalone container-server[122513]: 172.20.0.100 - - [28/Jan/2026:17:10:10 +0000] "GET /d1/284/AUTH_91b6b1428bbb47ceba8e3cd29a2c760e/gnocchi.e19f6708-2e20-4231-908d-1e4f037d4710" 200 2 "GET http://localhost:8080/v1/AUTH_91b6b1428bbb47ceba8e3cd29a2c760e/gnocchi.e19f6708-2e20-4231-908d-1e4f037d4710?format=json&states=listing" "tx2e7de6afd813459c8a57a-00697a42f2" "proxy-server 21" 0.0023 "-" 23 0
Jan 28 17:10:10 standalone proxy-server[124607]: 172.18.0.2 ::1 28/Jan/2026/17/10/10 GET /v1/AUTH_91b6b1428bbb47ceba8e3cd29a2c760e/gnocchi.e19f6708-2e20-4231-908d-1e4f037d4710%3Fformat%3Djson%26states%3Dlisting HTTP/1.0 200 - python-swiftclient-3.11.1 gAAAAABpekInNEdc... - 2 - tx2e7de6afd813459c8a57a-00697a42f2 - 0.0225 - - 1769620210.234655380 1769620210.257181883 0
Jan 28 17:10:10 standalone object-server[122664]: 172.20.0.100 - - [28/Jan/2026:17:10:10 +0000] "GET /d1/881/AUTH_91b6b1428bbb47ceba8e3cd29a2c760e/gnocchi.e19f6708-2e20-4231-908d-1e4f037d4710/1769040000.0_mean_300.0_v3" 404 70 "GET http://localhost:8080/v1/AUTH_91b6b1428bbb47ceba8e3cd29a2c760e/gnocchi.e19f6708-2e20-4231-908d-1e4f037d4710/1769040000.0_mean_300.0_v3" "txf02390742d574c0b81762-00697a42f2" "proxy-server 21" 0.0005 "-" 25 0
Jan 28 17:10:10 standalone proxy-server[124607]: 172.18.0.2 ::1 28/Jan/2026/17/10/10 GET /v1/AUTH_91b6b1428bbb47ceba8e3cd29a2c760e/gnocchi.e19f6708-2e20-4231-908d-1e4f037d4710/1769040000.0_mean_300.0_v3 HTTP/1.0 404 - python-swiftclient-3.11.1 gAAAAABpekInNEdc... - 70 - txf02390742d574c0b81762-00697a42f2 - 0.0086 - - 1769620210.263128281 1769620210.271755934 0
Jan 28 17:10:10 standalone container-server[122477]: 172.20.0.100 - - [28/Jan/2026:17:10:10 +0000] "PUT /d1/284/AUTH_91b6b1428bbb47ceba8e3cd29a2c760e/gnocchi.e19f6708-2e20-4231-908d-1e4f037d4710/1769040000.0_mean_300.0_v3" 201 - "PUT http://localhost:8080/d1/881/AUTH_91b6b1428bbb47ceba8e3cd29a2c760e/gnocchi.e19f6708-2e20-4231-908d-1e4f037d4710/1769040000.0_mean_300.0_v3" "tx0f1bd59e8d4043ea809d9-00697a42f2" "object-server 23" 0.0007 "-" 20 0
Jan 28 17:10:10 standalone object-server[122662]: 172.20.0.100 - - [28/Jan/2026:17:10:10 +0000] "PUT /d1/881/AUTH_91b6b1428bbb47ceba8e3cd29a2c760e/gnocchi.e19f6708-2e20-4231-908d-1e4f037d4710/1769040000.0_mean_300.0_v3" 201 - "PUT http://localhost:8080/v1/AUTH_91b6b1428bbb47ceba8e3cd29a2c760e/gnocchi.e19f6708-2e20-4231-908d-1e4f037d4710/1769040000.0_mean_300.0_v3" "tx0f1bd59e8d4043ea809d9-00697a42f2" "proxy-server 21" 0.0105 "-" 23 0
Jan 28 17:10:10 standalone proxy-server[124607]: 172.18.0.2 ::1 28/Jan/2026/17/10/10 PUT /v1/AUTH_91b6b1428bbb47ceba8e3cd29a2c760e/gnocchi.e19f6708-2e20-4231-908d-1e4f037d4710/1769040000.0_mean_300.0_v3 HTTP/1.0 201 - python-swiftclient-3.11.1 gAAAAABpekInNEdc... 16 - - tx0f1bd59e8d4043ea809d9-00697a42f2 - 0.0183 - - 1769620210.277225971 1769620210.295537710 0
Jan 28 17:10:10 standalone container-server[122496]: 172.20.0.100 - - [28/Jan/2026:17:10:10 +0000] "PUT /d1/284/AUTH_91b6b1428bbb47ceba8e3cd29a2c760e/gnocchi.e19f6708-2e20-4231-908d-1e4f037d4710/none_v3" 201 - "PUT http://localhost:8080/d1/316/AUTH_91b6b1428bbb47ceba8e3cd29a2c760e/gnocchi.e19f6708-2e20-4231-908d-1e4f037d4710/none_v3" "tx6aeb79b084cf4717a84bf-00697a42f2" "object-server 25" 0.0008 "-" 21 0
Jan 28 17:10:10 standalone object-server[122664]: 172.20.0.100 - - [28/Jan/2026:17:10:10 +0000] "PUT /d1/316/AUTH_91b6b1428bbb47ceba8e3cd29a2c760e/gnocchi.e19f6708-2e20-4231-908d-1e4f037d4710/none_v3" 201 - "PUT http://localhost:8080/v1/AUTH_91b6b1428bbb47ceba8e3cd29a2c760e/gnocchi.e19f6708-2e20-4231-908d-1e4f037d4710/none_v3" "tx6aeb79b084cf4717a84bf-00697a42f2" "proxy-server 21" 0.0109 "-" 25 0
Jan 28 17:10:10 standalone proxy-server[124607]: 172.18.0.2 ::1 28/Jan/2026/17/10/10 PUT /v1/AUTH_91b6b1428bbb47ceba8e3cd29a2c760e/gnocchi.e19f6708-2e20-4231-908d-1e4f037d4710/none_v3 HTTP/1.0 201 - python-swiftclient-3.11.1 gAAAAABpekInNEdc... 22 - - tx6aeb79b084cf4717a84bf-00697a42f2 - 0.0185 - - 1769620210.300442934 1769620210.318986416 0
Jan 28 17:10:10 standalone container-server[122504]: 172.20.0.100 - - [28/Jan/2026:17:10:10 +0000] "HEAD /d1/253/AUTH_91b6b1428bbb47ceba8e3cd29a2c760e/gnocchi.f7d44b28-a9dc-4bad-87fb-5d80db6b0749" 404 - "HEAD http://localhost:8080/v1/AUTH_91b6b1428bbb47ceba8e3cd29a2c760e/gnocchi.f7d44b28-a9dc-4bad-87fb-5d80db6b0749?format=json&states=listing" "txea5268d58be440959e559-00697a42f2" "proxy-server 21" 0.0005 "-" 22 0
Jan 28 17:10:10 standalone object-server[122664]: 172.20.0.100 - - [28/Jan/2026:17:10:10 +0000] "GET /d1/614/AUTH_91b6b1428bbb47ceba8e3cd29a2c760e/gnocchi.f7d44b28-a9dc-4bad-87fb-5d80db6b0749/none_v3" 404 70 "GET http://localhost:8080/v1/AUTH_91b6b1428bbb47ceba8e3cd29a2c760e/gnocchi.f7d44b28-a9dc-4bad-87fb-5d80db6b0749/none_v3" "txea5268d58be440959e559-00697a42f2" "proxy-server 21" 0.0004 "-" 25 0
Jan 28 17:10:10 standalone proxy-server[124607]: 172.18.0.2 ::1 28/Jan/2026/17/10/10 GET /v1/AUTH_91b6b1428bbb47ceba8e3cd29a2c760e/gnocchi.f7d44b28-a9dc-4bad-87fb-5d80db6b0749/none_v3 HTTP/1.0 404 - python-swiftclient-3.11.1 gAAAAABpekInNEdc... - 70 - txea5268d58be440959e559-00697a42f2 - 0.0109 - - 1769620210.329885244 1769620210.340807676 0
Jan 28 17:10:10 standalone account-server[122487]: 172.20.0.100 - - [28/Jan/2026:17:10:10 +0000] "PUT /d1/441/AUTH_91b6b1428bbb47ceba8e3cd29a2c760e/gnocchi.f7d44b28-a9dc-4bad-87fb-5d80db6b0749" 201 - "PUT http://172.20.0.100:6001/d1/253/AUTH_91b6b1428bbb47ceba8e3cd29a2c760e/gnocchi.f7d44b28-a9dc-4bad-87fb-5d80db6b0749" "txe243878b8b72432aa384b-00697a42f2" "container-server 23" 0.0049 "-" 23 0
Jan 28 17:10:10 standalone container-server[122513]: 172.20.0.100 - - [28/Jan/2026:17:10:10 +0000] "PUT /d1/253/AUTH_91b6b1428bbb47ceba8e3cd29a2c760e/gnocchi.f7d44b28-a9dc-4bad-87fb-5d80db6b0749" 201 - "PUT http://localhost:8080/v1/AUTH_91b6b1428bbb47ceba8e3cd29a2c760e/gnocchi.f7d44b28-a9dc-4bad-87fb-5d80db6b0749" "txe243878b8b72432aa384b-00697a42f2" "proxy-server 21" 0.0193 "-" 23 0
Jan 28 17:10:10 standalone proxy-server[124607]: 172.18.0.2 ::1 28/Jan/2026/17/10/10 PUT /v1/AUTH_91b6b1428bbb47ceba8e3cd29a2c760e/gnocchi.f7d44b28-a9dc-4bad-87fb-5d80db6b0749 HTTP/1.0 201 - python-swiftclient-3.11.1 gAAAAABpekInNEdc... - - - txe243878b8b72432aa384b-00697a42f2 - 0.0275 - - 1769620210.345187664 1769620210.372735977 0
Jan 28 17:10:10 standalone container-server[122504]: 172.20.0.100 - - [28/Jan/2026:17:10:10 +0000] "HEAD /d1/253/AUTH_91b6b1428bbb47ceba8e3cd29a2c760e/gnocchi.f7d44b28-a9dc-4bad-87fb-5d80db6b0749" 204 - "HEAD http://localhost:8080/v1/AUTH_91b6b1428bbb47ceba8e3cd29a2c760e/gnocchi.f7d44b28-a9dc-4bad-87fb-5d80db6b0749?format=json&states=listing" "tx26f070959e6e45e78939b-00697a42f2" "proxy-server 21" 0.0022 "-" 22 0
Jan 28 17:10:10 standalone proxy-server[124607]: - - 28/Jan/2026/17/10/10 HEAD /v1/AUTH_91b6b1428bbb47ceba8e3cd29a2c760e/gnocchi.f7d44b28-a9dc-4bad-87fb-5d80db6b0749%3Fformat%3Djson%26states%3Dlisting HTTP/1.0 204 - Swift - - - - tx26f070959e6e45e78939b-00697a42f2 - 0.0081 RL - 1769620210.379267216 1769620210.387393713 0
Jan 28 17:10:10 standalone container-server[122513]: 172.20.0.100 - - [28/Jan/2026:17:10:10 +0000] "GET /d1/253/AUTH_91b6b1428bbb47ceba8e3cd29a2c760e/gnocchi.f7d44b28-a9dc-4bad-87fb-5d80db6b0749" 200 2 "GET http://localhost:8080/v1/AUTH_91b6b1428bbb47ceba8e3cd29a2c760e/gnocchi.f7d44b28-a9dc-4bad-87fb-5d80db6b0749?format=json&states=listing" "tx26f070959e6e45e78939b-00697a42f2" "proxy-server 21" 0.0032 "-" 23 0
Jan 28 17:10:10 standalone proxy-server[124607]: 172.18.0.2 ::1 28/Jan/2026/17/10/10 GET /v1/AUTH_91b6b1428bbb47ceba8e3cd29a2c760e/gnocchi.f7d44b28-a9dc-4bad-87fb-5d80db6b0749%3Fformat%3Djson%26states%3Dlisting HTTP/1.0 200 - python-swiftclient-3.11.1 gAAAAABpekInNEdc... - 2 - tx26f070959e6e45e78939b-00697a42f2 - 0.0230 - - 1769620210.377456903 1769620210.400492430 0
Jan 28 17:10:10 standalone object-server[122664]: 172.20.0.100 - - [28/Jan/2026:17:10:10 +0000] "GET /d1/42/AUTH_91b6b1428bbb47ceba8e3cd29a2c760e/gnocchi.f7d44b28-a9dc-4bad-87fb-5d80db6b0749/1769040000.0_mean_300.0_v3" 404 70 "GET http://localhost:8080/v1/AUTH_91b6b1428bbb47ceba8e3cd29a2c760e/gnocchi.f7d44b28-a9dc-4bad-87fb-5d80db6b0749/1769040000.0_mean_300.0_v3" "txf0eac648f9f04bf5892aa-00697a42f2" "proxy-server 21" 0.0005 "-" 25 0
Jan 28 17:10:10 standalone proxy-server[124607]: 172.18.0.2 ::1 28/Jan/2026/17/10/10 GET /v1/AUTH_91b6b1428bbb47ceba8e3cd29a2c760e/gnocchi.f7d44b28-a9dc-4bad-87fb-5d80db6b0749/1769040000.0_mean_300.0_v3 HTTP/1.0 404 - python-swiftclient-3.11.1 gAAAAABpekInNEdc... - 70 - txf0eac648f9f04bf5892aa-00697a42f2 - 0.0080 - - 1769620210.406139135 1769620210.414156437 0
Jan 28 17:10:10 standalone container-server[122477]: 172.20.0.100 - - [28/Jan/2026:17:10:10 +0000] "PUT /d1/253/AUTH_91b6b1428bbb47ceba8e3cd29a2c760e/gnocchi.f7d44b28-a9dc-4bad-87fb-5d80db6b0749/1769040000.0_mean_300.0_v3" 201 - "PUT http://localhost:8080/d1/42/AUTH_91b6b1428bbb47ceba8e3cd29a2c760e/gnocchi.f7d44b28-a9dc-4bad-87fb-5d80db6b0749/1769040000.0_mean_300.0_v3" "tx54fbd43bd0754669b428a-00697a42f2" "object-server 24" 0.0007 "-" 20 0
Jan 28 17:10:10 standalone object-server[122663]: 172.20.0.100 - - [28/Jan/2026:17:10:10 +0000] "PUT /d1/42/AUTH_91b6b1428bbb47ceba8e3cd29a2c760e/gnocchi.f7d44b28-a9dc-4bad-87fb-5d80db6b0749/1769040000.0_mean_300.0_v3" 201 - "PUT http://localhost:8080/v1/AUTH_91b6b1428bbb47ceba8e3cd29a2c760e/gnocchi.f7d44b28-a9dc-4bad-87fb-5d80db6b0749/1769040000.0_mean_300.0_v3" "tx54fbd43bd0754669b428a-00697a42f2" "proxy-server 21" 0.0123 "-" 24 0
Jan 28 17:10:10 standalone proxy-server[124607]: 172.18.0.2 ::1 28/Jan/2026/17/10/10 PUT /v1/AUTH_91b6b1428bbb47ceba8e3cd29a2c760e/gnocchi.f7d44b28-a9dc-4bad-87fb-5d80db6b0749/1769040000.0_mean_300.0_v3 HTTP/1.0 201 - python-swiftclient-3.11.1 gAAAAABpekInNEdc... 16 - - tx54fbd43bd0754669b428a-00697a42f2 - 0.0202 - - 1769620210.418900490 1769620210.439095736 0
Jan 28 17:10:10 standalone container-server[122513]: 172.20.0.100 - - [28/Jan/2026:17:10:10 +0000] "PUT /d1/253/AUTH_91b6b1428bbb47ceba8e3cd29a2c760e/gnocchi.f7d44b28-a9dc-4bad-87fb-5d80db6b0749/none_v3" 201 - "PUT http://localhost:8080/d1/614/AUTH_91b6b1428bbb47ceba8e3cd29a2c760e/gnocchi.f7d44b28-a9dc-4bad-87fb-5d80db6b0749/none_v3" "txd3c96672d07a4dca99b81-00697a42f2" "object-server 22" 0.0008 "-" 23 0
Jan 28 17:10:10 standalone object-server[122657]: 172.20.0.100 - - [28/Jan/2026:17:10:10 +0000] "PUT /d1/614/AUTH_91b6b1428bbb47ceba8e3cd29a2c760e/gnocchi.f7d44b28-a9dc-4bad-87fb-5d80db6b0749/none_v3" 201 - "PUT http://localhost:8080/v1/AUTH_91b6b1428bbb47ceba8e3cd29a2c760e/gnocchi.f7d44b28-a9dc-4bad-87fb-5d80db6b0749/none_v3" "txd3c96672d07a4dca99b81-00697a42f2" "proxy-server 21" 0.0111 "-" 22 0
Jan 28 17:10:10 standalone proxy-server[124607]: 172.18.0.2 ::1 28/Jan/2026/17/10/10 PUT /v1/AUTH_91b6b1428bbb47ceba8e3cd29a2c760e/gnocchi.f7d44b28-a9dc-4bad-87fb-5d80db6b0749/none_v3 HTTP/1.0 201 - python-swiftclient-3.11.1 gAAAAABpekInNEdc... 22 - - txd3c96672d07a4dca99b81-00697a42f2 - 0.0198 - - 1769620210.443264246 1769620210.463038683 0
Jan 28 17:10:10 standalone container-server[122513]: 172.20.0.100 - - [28/Jan/2026:17:10:10 +0000] "HEAD /d1/693/AUTH_91b6b1428bbb47ceba8e3cd29a2c760e/gnocchi.d2680db6-62e6-4db8-8c5a-abfb71b46077" 404 - "HEAD http://localhost:8080/v1/AUTH_91b6b1428bbb47ceba8e3cd29a2c760e/gnocchi.d2680db6-62e6-4db8-8c5a-abfb71b46077?format=json&states=listing" "tx7b31493d2e9d40189d07f-00697a42f2" "proxy-server 21" 0.0006 "-" 23 0
Jan 28 17:10:10 standalone object-server[122662]: 172.20.0.100 - - [28/Jan/2026:17:10:10 +0000] "GET /d1/402/AUTH_91b6b1428bbb47ceba8e3cd29a2c760e/gnocchi.d2680db6-62e6-4db8-8c5a-abfb71b46077/none_v3" 404 70 "GET http://localhost:8080/v1/AUTH_91b6b1428bbb47ceba8e3cd29a2c760e/gnocchi.d2680db6-62e6-4db8-8c5a-abfb71b46077/none_v3" "tx7b31493d2e9d40189d07f-00697a42f2" "proxy-server 21" 0.0005 "-" 23 0
Jan 28 17:10:10 standalone proxy-server[124607]: 172.18.0.2 ::1 28/Jan/2026/17/10/10 GET /v1/AUTH_91b6b1428bbb47ceba8e3cd29a2c760e/gnocchi.d2680db6-62e6-4db8-8c5a-abfb71b46077/none_v3 HTTP/1.0 404 - python-swiftclient-3.11.1 gAAAAABpekInNEdc... - 70 - tx7b31493d2e9d40189d07f-00697a42f2 - 0.0139 - - 1769620210.478724241 1769620210.492623568 0
Jan 28 17:10:10 standalone account-server[122461]: 172.20.0.100 - - [28/Jan/2026:17:10:10 +0000] "PUT /d1/441/AUTH_91b6b1428bbb47ceba8e3cd29a2c760e/gnocchi.d2680db6-62e6-4db8-8c5a-abfb71b46077" 201 - "PUT http://172.20.0.100:6001/d1/693/AUTH_91b6b1428bbb47ceba8e3cd29a2c760e/gnocchi.d2680db6-62e6-4db8-8c5a-abfb71b46077" "tx21c767a895ee49959ec38-00697a42f2" "container-server 21" 0.0070 "-" 20 0
Jan 28 17:10:10 standalone container-server[122496]: 172.20.0.100 - - [28/Jan/2026:17:10:10 +0000] "PUT /d1/693/AUTH_91b6b1428bbb47ceba8e3cd29a2c760e/gnocchi.d2680db6-62e6-4db8-8c5a-abfb71b46077" 201 - "PUT http://localhost:8080/v1/AUTH_91b6b1428bbb47ceba8e3cd29a2c760e/gnocchi.d2680db6-62e6-4db8-8c5a-abfb71b46077" "tx21c767a895ee49959ec38-00697a42f2" "proxy-server 21" 0.0204 "-" 21 0
Jan 28 17:10:10 standalone proxy-server[124607]: 172.18.0.2 ::1 28/Jan/2026/17/10/10 PUT /v1/AUTH_91b6b1428bbb47ceba8e3cd29a2c760e/gnocchi.d2680db6-62e6-4db8-8c5a-abfb71b46077 HTTP/1.0 201 - python-swiftclient-3.11.1 gAAAAABpekInNEdc... - - - tx21c767a895ee49959ec38-00697a42f2 - 0.0280 - - 1769620210.497209549 1769620210.525196552 0
Jan 28 17:10:10 standalone container-server[122496]: 172.20.0.100 - - [28/Jan/2026:17:10:10 +0000] "HEAD /d1/693/AUTH_91b6b1428bbb47ceba8e3cd29a2c760e/gnocchi.d2680db6-62e6-4db8-8c5a-abfb71b46077" 204 - "HEAD http://localhost:8080/v1/AUTH_91b6b1428bbb47ceba8e3cd29a2c760e/gnocchi.d2680db6-62e6-4db8-8c5a-abfb71b46077?format=json&states=listing" "tx4616ada6366c4f05ab84f-00697a42f2" "proxy-server 21" 0.0030 "-" 21 0
Jan 28 17:10:10 standalone proxy-server[124607]: - - 28/Jan/2026/17/10/10 HEAD /v1/AUTH_91b6b1428bbb47ceba8e3cd29a2c760e/gnocchi.d2680db6-62e6-4db8-8c5a-abfb71b46077%3Fformat%3Djson%26states%3Dlisting HTTP/1.0 204 - Swift - - - - tx4616ada6366c4f05ab84f-00697a42f2 - 0.0083 RL - 1769620210.534197092 1769620210.542452812 0
Jan 28 17:10:10 standalone container-server[122496]: 172.20.0.100 - - [28/Jan/2026:17:10:10 +0000] "GET /d1/693/AUTH_91b6b1428bbb47ceba8e3cd29a2c760e/gnocchi.d2680db6-62e6-4db8-8c5a-abfb71b46077" 200 2 "GET http://localhost:8080/v1/AUTH_91b6b1428bbb47ceba8e3cd29a2c760e/gnocchi.d2680db6-62e6-4db8-8c5a-abfb71b46077?format=json&states=listing" "tx4616ada6366c4f05ab84f-00697a42f2" "proxy-server 21" 0.0034 "-" 21 0
Jan 28 17:10:10 standalone proxy-server[124607]: 172.18.0.2 ::1 28/Jan/2026/17/10/10 GET /v1/AUTH_91b6b1428bbb47ceba8e3cd29a2c760e/gnocchi.d2680db6-62e6-4db8-8c5a-abfb71b46077%3Fformat%3Djson%26states%3Dlisting HTTP/1.0 200 - python-swiftclient-3.11.1 gAAAAABpekInNEdc... - 2 - tx4616ada6366c4f05ab84f-00697a42f2 - 0.0220 - - 1769620210.532422066 1769620210.554457426 0
Jan 28 17:10:10 standalone object-server[122663]: 172.20.0.100 - - [28/Jan/2026:17:10:10 +0000] "GET /d1/405/AUTH_91b6b1428bbb47ceba8e3cd29a2c760e/gnocchi.d2680db6-62e6-4db8-8c5a-abfb71b46077/1769040000.0_mean_300.0_v3" 404 70 "GET http://localhost:8080/v1/AUTH_91b6b1428bbb47ceba8e3cd29a2c760e/gnocchi.d2680db6-62e6-4db8-8c5a-abfb71b46077/1769040000.0_mean_300.0_v3" "txf77ca506a3b744c9abc8a-00697a42f2" "proxy-server 21" 0.0005 "-" 24 0
Jan 28 17:10:10 standalone proxy-server[124607]: 172.18.0.2 ::1 28/Jan/2026/17/10/10 GET /v1/AUTH_91b6b1428bbb47ceba8e3cd29a2c760e/gnocchi.d2680db6-62e6-4db8-8c5a-abfb71b46077/1769040000.0_mean_300.0_v3 HTTP/1.0 404 - python-swiftclient-3.11.1 gAAAAABpekInNEdc... - 70 - txf77ca506a3b744c9abc8a-00697a42f2 - 0.0087 - - 1769620210.560400724 1769620210.569085836 0
Jan 28 17:10:10 standalone container-server[122496]: 172.20.0.100 - - [28/Jan/2026:17:10:10 +0000] "PUT /d1/693/AUTH_91b6b1428bbb47ceba8e3cd29a2c760e/gnocchi.d2680db6-62e6-4db8-8c5a-abfb71b46077/1769040000.0_mean_300.0_v3" 201 - "PUT http://localhost:8080/d1/405/AUTH_91b6b1428bbb47ceba8e3cd29a2c760e/gnocchi.d2680db6-62e6-4db8-8c5a-abfb71b46077/1769040000.0_mean_300.0_v3" "tx8b07e3b9a1634efc81732-00697a42f2" "object-server 25" 0.0009 "-" 21 0
Jan 28 17:10:10 standalone object-server[122664]: 172.20.0.100 - - [28/Jan/2026:17:10:10 +0000] "PUT /d1/405/AUTH_91b6b1428bbb47ceba8e3cd29a2c760e/gnocchi.d2680db6-62e6-4db8-8c5a-abfb71b46077/1769040000.0_mean_300.0_v3" 201 - "PUT http://localhost:8080/v1/AUTH_91b6b1428bbb47ceba8e3cd29a2c760e/gnocchi.d2680db6-62e6-4db8-8c5a-abfb71b46077/1769040000.0_mean_300.0_v3" "tx8b07e3b9a1634efc81732-00697a42f2" "proxy-server 21" 0.0153 "-" 25 0
Jan 28 17:10:10 standalone proxy-server[124607]: 172.18.0.2 ::1 28/Jan/2026/17/10/10 PUT /v1/AUTH_91b6b1428bbb47ceba8e3cd29a2c760e/gnocchi.d2680db6-62e6-4db8-8c5a-abfb71b46077/1769040000.0_mean_300.0_v3 HTTP/1.0 201 - python-swiftclient-3.11.1 gAAAAABpekInNEdc... 16 - - tx8b07e3b9a1634efc81732-00697a42f2 - 0.0266 - - 1769620210.581135988 1769620210.607706547 0
Jan 28 17:10:10 standalone container-server[122496]: 172.20.0.100 - - [28/Jan/2026:17:10:10 +0000] "PUT /d1/693/AUTH_91b6b1428bbb47ceba8e3cd29a2c760e/gnocchi.d2680db6-62e6-4db8-8c5a-abfb71b46077/none_v3" 201 - "PUT http://localhost:8080/d1/402/AUTH_91b6b1428bbb47ceba8e3cd29a2c760e/gnocchi.d2680db6-62e6-4db8-8c5a-abfb71b46077/none_v3" "tx2d794b0f7f754801a98e8-00697a42f2" "object-server 23" 0.0010 "-" 21 0
Jan 28 17:10:10 standalone object-server[122662]: 172.20.0.100 - - [28/Jan/2026:17:10:10 +0000] "PUT /d1/402/AUTH_91b6b1428bbb47ceba8e3cd29a2c760e/gnocchi.d2680db6-62e6-4db8-8c5a-abfb71b46077/none_v3" 201 - "PUT http://localhost:8080/v1/AUTH_91b6b1428bbb47ceba8e3cd29a2c760e/gnocchi.d2680db6-62e6-4db8-8c5a-abfb71b46077/none_v3" "tx2d794b0f7f754801a98e8-00697a42f2" "proxy-server 21" 0.0132 "-" 23 0
Jan 28 17:10:10 standalone proxy-server[124607]: 172.18.0.2 ::1 28/Jan/2026/17/10/10 PUT /v1/AUTH_91b6b1428bbb47ceba8e3cd29a2c760e/gnocchi.d2680db6-62e6-4db8-8c5a-abfb71b46077/none_v3 HTTP/1.0 201 - python-swiftclient-3.11.1 gAAAAABpekInNEdc... 22 - - tx2d794b0f7f754801a98e8-00697a42f2 - 0.0229 - - 1769620210.615614653 1769620210.638508081 0
Jan 28 17:10:10 standalone container-server[122504]: 172.20.0.100 - - [28/Jan/2026:17:10:10 +0000] "HEAD /d1/21/AUTH_91b6b1428bbb47ceba8e3cd29a2c760e/gnocchi.6a07f812-035d-4004-a9c4-7f74f4c9a5ec" 404 - "HEAD http://localhost:8080/v1/AUTH_91b6b1428bbb47ceba8e3cd29a2c760e/gnocchi.6a07f812-035d-4004-a9c4-7f74f4c9a5ec?format=json&states=listing" "tx8c93f52740624a8f88f32-00697a42f2" "proxy-server 21" 0.0004 "-" 22 0
Jan 28 17:10:10 standalone object-server[122663]: 172.20.0.100 - - [28/Jan/2026:17:10:10 +0000] "GET /d1/27/AUTH_91b6b1428bbb47ceba8e3cd29a2c760e/gnocchi.6a07f812-035d-4004-a9c4-7f74f4c9a5ec/none_v3" 404 70 "GET http://localhost:8080/v1/AUTH_91b6b1428bbb47ceba8e3cd29a2c760e/gnocchi.6a07f812-035d-4004-a9c4-7f74f4c9a5ec/none_v3" "tx8c93f52740624a8f88f32-00697a42f2" "proxy-server 21" 0.0006 "-" 24 0
Jan 28 17:10:10 standalone proxy-server[124607]: 172.18.0.2 ::1 28/Jan/2026/17/10/10 GET /v1/AUTH_91b6b1428bbb47ceba8e3cd29a2c760e/gnocchi.6a07f812-035d-4004-a9c4-7f74f4c9a5ec/none_v3 HTTP/1.0 404 - python-swiftclient-3.11.1 gAAAAABpekInNEdc... - 70 - tx8c93f52740624a8f88f32-00697a42f2 - 0.0189 - - 1769620210.652693748 1769620210.671584845 0
Jan 28 17:10:10 standalone account-server[122487]: 172.20.0.100 - - [28/Jan/2026:17:10:10 +0000] "PUT /d1/441/AUTH_91b6b1428bbb47ceba8e3cd29a2c760e/gnocchi.6a07f812-035d-4004-a9c4-7f74f4c9a5ec" 201 - "PUT http://172.20.0.100:6001/d1/21/AUTH_91b6b1428bbb47ceba8e3cd29a2c760e/gnocchi.6a07f812-035d-4004-a9c4-7f74f4c9a5ec" "tx2e3221bc48804ead9a4af-00697a42f2" "container-server 21" 0.0058 "-" 23 0
Jan 28 17:10:10 standalone container-server[122496]: 172.20.0.100 - - [28/Jan/2026:17:10:10 +0000] "PUT /d1/21/AUTH_91b6b1428bbb47ceba8e3cd29a2c760e/gnocchi.6a07f812-035d-4004-a9c4-7f74f4c9a5ec" 201 - "PUT http://localhost:8080/v1/AUTH_91b6b1428bbb47ceba8e3cd29a2c760e/gnocchi.6a07f812-035d-4004-a9c4-7f74f4c9a5ec" "tx2e3221bc48804ead9a4af-00697a42f2" "proxy-server 21" 0.0193 "-" 21 0
Jan 28 17:10:10 standalone proxy-server[124607]: 172.18.0.2 ::1 28/Jan/2026/17/10/10 PUT /v1/AUTH_91b6b1428bbb47ceba8e3cd29a2c760e/gnocchi.6a07f812-035d-4004-a9c4-7f74f4c9a5ec HTTP/1.0 201 - python-swiftclient-3.11.1 gAAAAABpekInNEdc... - - - tx2e3221bc48804ead9a4af-00697a42f2 - 0.0267 - - 1769620210.677227974 1769620210.703973532 0
Jan 28 17:10:10 standalone container-server[122477]: 172.20.0.100 - - [28/Jan/2026:17:10:10 +0000] "HEAD /d1/21/AUTH_91b6b1428bbb47ceba8e3cd29a2c760e/gnocchi.6a07f812-035d-4004-a9c4-7f74f4c9a5ec" 204 - "HEAD http://localhost:8080/v1/AUTH_91b6b1428bbb47ceba8e3cd29a2c760e/gnocchi.6a07f812-035d-4004-a9c4-7f74f4c9a5ec?format=json&states=listing" "txa42fd47638be4e83891a6-00697a42f2" "proxy-server 21" 0.0026 "-" 20 0
Jan 28 17:10:10 standalone proxy-server[124607]: - - 28/Jan/2026/17/10/10 HEAD /v1/AUTH_91b6b1428bbb47ceba8e3cd29a2c760e/gnocchi.6a07f812-035d-4004-a9c4-7f74f4c9a5ec%3Fformat%3Djson%26states%3Dlisting HTTP/1.0 204 - Swift - - - - txa42fd47638be4e83891a6-00697a42f2 - 0.0072 RL - 1769620210.711190224 1769620210.718405485 0
Jan 28 17:10:10 standalone container-server[122513]: 172.20.0.100 - - [28/Jan/2026:17:10:10 +0000] "GET /d1/21/AUTH_91b6b1428bbb47ceba8e3cd29a2c760e/gnocchi.6a07f812-035d-4004-a9c4-7f74f4c9a5ec" 200 2 "GET http://localhost:8080/v1/AUTH_91b6b1428bbb47ceba8e3cd29a2c760e/gnocchi.6a07f812-035d-4004-a9c4-7f74f4c9a5ec?format=json&states=listing" "txa42fd47638be4e83891a6-00697a42f2" "proxy-server 21" 0.0035 "-" 23 0
Jan 28 17:10:10 standalone proxy-server[124607]: 172.18.0.2 ::1 28/Jan/2026/17/10/10 GET /v1/AUTH_91b6b1428bbb47ceba8e3cd29a2c760e/gnocchi.6a07f812-035d-4004-a9c4-7f74f4c9a5ec%3Fformat%3Djson%26states%3Dlisting HTTP/1.0 200 - python-swiftclient-3.11.1 gAAAAABpekInNEdc... - 2 - txa42fd47638be4e83891a6-00697a42f2 - 0.0216 - - 1769620210.709278107 1769620210.730923176 0
Jan 28 17:10:10 standalone object-server[122662]: 172.20.0.100 - - [28/Jan/2026:17:10:10 +0000] "GET /d1/796/AUTH_91b6b1428bbb47ceba8e3cd29a2c760e/gnocchi.6a07f812-035d-4004-a9c4-7f74f4c9a5ec/1769040000.0_mean_300.0_v3" 404 70 "GET http://localhost:8080/v1/AUTH_91b6b1428bbb47ceba8e3cd29a2c760e/gnocchi.6a07f812-035d-4004-a9c4-7f74f4c9a5ec/1769040000.0_mean_300.0_v3" "tx2e0fe7301e0b4c14a3c6a-00697a42f2" "proxy-server 21" 0.0006 "-" 23 0
Jan 28 17:10:10 standalone proxy-server[124607]: 172.18.0.2 ::1 28/Jan/2026/17/10/10 GET /v1/AUTH_91b6b1428bbb47ceba8e3cd29a2c760e/gnocchi.6a07f812-035d-4004-a9c4-7f74f4c9a5ec/1769040000.0_mean_300.0_v3 HTTP/1.0 404 - python-swiftclient-3.11.1 gAAAAABpekInNEdc... - 70 - tx2e0fe7301e0b4c14a3c6a-00697a42f2 - 0.0076 - - 1769620210.737137556 1769620210.744742870 0
Jan 28 17:10:10 standalone container-server[122496]: 172.20.0.100 - - [28/Jan/2026:17:10:10 +0000] "PUT /d1/21/AUTH_91b6b1428bbb47ceba8e3cd29a2c760e/gnocchi.6a07f812-035d-4004-a9c4-7f74f4c9a5ec/1769040000.0_mean_300.0_v3" 201 - "PUT http://localhost:8080/d1/796/AUTH_91b6b1428bbb47ceba8e3cd29a2c760e/gnocchi.6a07f812-035d-4004-a9c4-7f74f4c9a5ec/1769040000.0_mean_300.0_v3" "tx7658db220bd247ce97955-00697a42f2" "object-server 22" 0.0009 "-" 21 0
Jan 28 17:10:10 standalone object-server[122657]: 172.20.0.100 - - [28/Jan/2026:17:10:10 +0000] "PUT /d1/796/AUTH_91b6b1428bbb47ceba8e3cd29a2c760e/gnocchi.6a07f812-035d-4004-a9c4-7f74f4c9a5ec/1769040000.0_mean_300.0_v3" 201 - "PUT http://localhost:8080/v1/AUTH_91b6b1428bbb47ceba8e3cd29a2c760e/gnocchi.6a07f812-035d-4004-a9c4-7f74f4c9a5ec/1769040000.0_mean_300.0_v3" "tx7658db220bd247ce97955-00697a42f2" "proxy-server 21" 0.0114 "-" 22 0
Jan 28 17:10:10 standalone proxy-server[124607]: 172.18.0.2 ::1 28/Jan/2026/17/10/10 PUT /v1/AUTH_91b6b1428bbb47ceba8e3cd29a2c760e/gnocchi.6a07f812-035d-4004-a9c4-7f74f4c9a5ec/1769040000.0_mean_300.0_v3 HTTP/1.0 201 - python-swiftclient-3.11.1 gAAAAABpekInNEdc... 16 - - tx7658db220bd247ce97955-00697a42f2 - 0.0185 - - 1769620210.750274658 1769620210.768726349 0
Jan 28 17:10:10 standalone container-server[122504]: 172.20.0.100 - - [28/Jan/2026:17:10:10 +0000] "PUT /d1/21/AUTH_91b6b1428bbb47ceba8e3cd29a2c760e/gnocchi.6a07f812-035d-4004-a9c4-7f74f4c9a5ec/none_v3" 201 - "PUT http://localhost:8080/d1/27/AUTH_91b6b1428bbb47ceba8e3cd29a2c760e/gnocchi.6a07f812-035d-4004-a9c4-7f74f4c9a5ec/none_v3" "tx59b81c151cb1437c978b1-00697a42f2" "object-server 25" 0.0009 "-" 22 0
Jan 28 17:10:10 standalone object-server[122664]: 172.20.0.100 - - [28/Jan/2026:17:10:10 +0000] "PUT /d1/27/AUTH_91b6b1428bbb47ceba8e3cd29a2c760e/gnocchi.6a07f812-035d-4004-a9c4-7f74f4c9a5ec/none_v3" 201 - "PUT http://localhost:8080/v1/AUTH_91b6b1428bbb47ceba8e3cd29a2c760e/gnocchi.6a07f812-035d-4004-a9c4-7f74f4c9a5ec/none_v3" "tx59b81c151cb1437c978b1-00697a42f2" "proxy-server 21" 0.0139 "-" 25 0
Jan 28 17:10:10 standalone proxy-server[124607]: 172.18.0.2 ::1 28/Jan/2026/17/10/10 PUT /v1/AUTH_91b6b1428bbb47ceba8e3cd29a2c760e/gnocchi.6a07f812-035d-4004-a9c4-7f74f4c9a5ec/none_v3 HTTP/1.0 201 - python-swiftclient-3.11.1 gAAAAABpekInNEdc... 22 - - tx59b81c151cb1437c978b1-00697a42f2 - 0.0231 - - 1769620210.774190664 1769620210.797294140 0
Jan 28 17:10:10 standalone container-server[122513]: 172.20.0.100 - - [28/Jan/2026:17:10:10 +0000] "HEAD /d1/50/AUTH_91b6b1428bbb47ceba8e3cd29a2c760e/gnocchi.1a0e4885-0de4-456f-8502-eff370301f65" 404 - "HEAD http://localhost:8080/v1/AUTH_91b6b1428bbb47ceba8e3cd29a2c760e/gnocchi.1a0e4885-0de4-456f-8502-eff370301f65?format=json&states=listing" "tx49f8dfe172e24cbabc210-00697a42f2" "proxy-server 21" 0.0006 "-" 23 0
Jan 28 17:10:10 standalone object-server[122662]: 172.20.0.100 - - [28/Jan/2026:17:10:10 +0000] "GET /d1/421/AUTH_91b6b1428bbb47ceba8e3cd29a2c760e/gnocchi.1a0e4885-0de4-456f-8502-eff370301f65/none_v3" 404 70 "GET http://localhost:8080/v1/AUTH_91b6b1428bbb47ceba8e3cd29a2c760e/gnocchi.1a0e4885-0de4-456f-8502-eff370301f65/none_v3" "tx49f8dfe172e24cbabc210-00697a42f2" "proxy-server 21" 0.0004 "-" 23 0
Jan 28 17:10:10 standalone proxy-server[124607]: 172.18.0.2 ::1 28/Jan/2026/17/10/10 GET /v1/AUTH_91b6b1428bbb47ceba8e3cd29a2c760e/gnocchi.1a0e4885-0de4-456f-8502-eff370301f65/none_v3 HTTP/1.0 404 - python-swiftclient-3.11.1 gAAAAABpekInNEdc... - 70 - tx49f8dfe172e24cbabc210-00697a42f2 - 0.0152 - - 1769620210.816023350 1769620210.831195593 0
Jan 28 17:10:10 standalone account-server[122487]: 172.20.0.100 - - [28/Jan/2026:17:10:10 +0000] "PUT /d1/441/AUTH_91b6b1428bbb47ceba8e3cd29a2c760e/gnocchi.1a0e4885-0de4-456f-8502-eff370301f65" 201 - "PUT http://172.20.0.100:6001/d1/50/AUTH_91b6b1428bbb47ceba8e3cd29a2c760e/gnocchi.1a0e4885-0de4-456f-8502-eff370301f65" "tx7b5093a98610443bb314a-00697a42f2" "container-server 21" 0.0061 "-" 23 0
Jan 28 17:10:10 standalone container-server[122496]: 172.20.0.100 - - [28/Jan/2026:17:10:10 +0000] "PUT /d1/50/AUTH_91b6b1428bbb47ceba8e3cd29a2c760e/gnocchi.1a0e4885-0de4-456f-8502-eff370301f65" 201 - "PUT http://localhost:8080/v1/AUTH_91b6b1428bbb47ceba8e3cd29a2c760e/gnocchi.1a0e4885-0de4-456f-8502-eff370301f65" "tx7b5093a98610443bb314a-00697a42f2" "proxy-server 21" 0.0193 "-" 21 0
Jan 28 17:10:10 standalone proxy-server[124607]: 172.18.0.2 ::1 28/Jan/2026/17/10/10 PUT /v1/AUTH_91b6b1428bbb47ceba8e3cd29a2c760e/gnocchi.1a0e4885-0de4-456f-8502-eff370301f65 HTTP/1.0 201 - python-swiftclient-3.11.1 gAAAAABpekInNEdc... - - - tx7b5093a98610443bb314a-00697a42f2 - 0.0277 - - 1769620210.836779356 1769620210.864528894 0
Jan 28 17:10:10 standalone container-server[122496]: 172.20.0.100 - - [28/Jan/2026:17:10:10 +0000] "HEAD /d1/50/AUTH_91b6b1428bbb47ceba8e3cd29a2c760e/gnocchi.1a0e4885-0de4-456f-8502-eff370301f65" 204 - "HEAD http://localhost:8080/v1/AUTH_91b6b1428bbb47ceba8e3cd29a2c760e/gnocchi.1a0e4885-0de4-456f-8502-eff370301f65?format=json&states=listing" "txc237b56610ac4ec8a8a22-00697a42f2" "proxy-server 21" 0.0025 "-" 21 0
Jan 28 17:10:10 standalone proxy-server[124607]: - - 28/Jan/2026/17/10/10 HEAD /v1/AUTH_91b6b1428bbb47ceba8e3cd29a2c760e/gnocchi.1a0e4885-0de4-456f-8502-eff370301f65%3Fformat%3Djson%26states%3Dlisting HTTP/1.0 204 - Swift - - - - txc237b56610ac4ec8a8a22-00697a42f2 - 0.0078 RL - 1769620210.874076605 1769620210.881869793 0
Jan 28 17:10:10 standalone container-server[122477]: 172.20.0.100 - - [28/Jan/2026:17:10:10 +0000] "GET /d1/50/AUTH_91b6b1428bbb47ceba8e3cd29a2c760e/gnocchi.1a0e4885-0de4-456f-8502-eff370301f65" 200 2 "GET http://localhost:8080/v1/AUTH_91b6b1428bbb47ceba8e3cd29a2c760e/gnocchi.1a0e4885-0de4-456f-8502-eff370301f65?format=json&states=listing" "txc237b56610ac4ec8a8a22-00697a42f2" "proxy-server 21" 0.0032 "-" 20 0
Jan 28 17:10:10 standalone proxy-server[124607]: 172.18.0.2 ::1 28/Jan/2026/17/10/10 GET /v1/AUTH_91b6b1428bbb47ceba8e3cd29a2c760e/gnocchi.1a0e4885-0de4-456f-8502-eff370301f65%3Fformat%3Djson%26states%3Dlisting HTTP/1.0 200 - python-swiftclient-3.11.1 gAAAAABpekInNEdc... - 2 - txc237b56610ac4ec8a8a22-00697a42f2 - 0.0229 - - 1769620210.872186899 1769620210.895064831 0
Jan 28 17:10:10 standalone object-server[122657]: 172.20.0.100 - - [28/Jan/2026:17:10:10 +0000] "GET /d1/806/AUTH_91b6b1428bbb47ceba8e3cd29a2c760e/gnocchi.1a0e4885-0de4-456f-8502-eff370301f65/1769040000.0_mean_300.0_v3" 404 70 "GET http://localhost:8080/v1/AUTH_91b6b1428bbb47ceba8e3cd29a2c760e/gnocchi.1a0e4885-0de4-456f-8502-eff370301f65/1769040000.0_mean_300.0_v3" "tx7b2dab24de56494882c3a-00697a42f2" "proxy-server 21" 0.0004 "-" 22 0
Jan 28 17:10:10 standalone proxy-server[124607]: 172.18.0.2 ::1 28/Jan/2026/17/10/10 GET /v1/AUTH_91b6b1428bbb47ceba8e3cd29a2c760e/gnocchi.1a0e4885-0de4-456f-8502-eff370301f65/1769040000.0_mean_300.0_v3 HTTP/1.0 404 - python-swiftclient-3.11.1 gAAAAABpekInNEdc... - 70 - tx7b2dab24de56494882c3a-00697a42f2 - 0.0081 - - 1769620210.901887417 1769620210.909996986 0
Jan 28 17:10:10 standalone container-server[122513]: 172.20.0.100 - - [28/Jan/2026:17:10:10 +0000] "PUT /d1/50/AUTH_91b6b1428bbb47ceba8e3cd29a2c760e/gnocchi.1a0e4885-0de4-456f-8502-eff370301f65/1769040000.0_mean_300.0_v3" 201 - "PUT http://localhost:8080/d1/806/AUTH_91b6b1428bbb47ceba8e3cd29a2c760e/gnocchi.1a0e4885-0de4-456f-8502-eff370301f65/1769040000.0_mean_300.0_v3" "txaf7adc1bcc454df68b811-00697a42f2" "object-server 22" 0.0011 "-" 23 0
Jan 28 17:10:10 standalone object-server[122657]: 172.20.0.100 - - [28/Jan/2026:17:10:10 +0000] "PUT /d1/806/AUTH_91b6b1428bbb47ceba8e3cd29a2c760e/gnocchi.1a0e4885-0de4-456f-8502-eff370301f65/1769040000.0_mean_300.0_v3" 201 - "PUT http://localhost:8080/v1/AUTH_91b6b1428bbb47ceba8e3cd29a2c760e/gnocchi.1a0e4885-0de4-456f-8502-eff370301f65/1769040000.0_mean_300.0_v3" "txaf7adc1bcc454df68b811-00697a42f2" "proxy-server 21" 0.0124 "-" 22 0
Jan 28 17:10:10 standalone proxy-server[124607]: 172.18.0.2 ::1 28/Jan/2026/17/10/10 PUT /v1/AUTH_91b6b1428bbb47ceba8e3cd29a2c760e/gnocchi.1a0e4885-0de4-456f-8502-eff370301f65/1769040000.0_mean_300.0_v3 HTTP/1.0 201 - python-swiftclient-3.11.1 gAAAAABpekInNEdc... 16 - - txaf7adc1bcc454df68b811-00697a42f2 - 0.0219 - - 1769620210.917034149 1769620210.938946486 0
Jan 28 17:10:10 standalone container-server[122504]: 172.20.0.100 - - [28/Jan/2026:17:10:10 +0000] "PUT /d1/50/AUTH_91b6b1428bbb47ceba8e3cd29a2c760e/gnocchi.1a0e4885-0de4-456f-8502-eff370301f65/none_v3" 201 - "PUT http://localhost:8080/d1/421/AUTH_91b6b1428bbb47ceba8e3cd29a2c760e/gnocchi.1a0e4885-0de4-456f-8502-eff370301f65/none_v3" "tx5b565731324548ad80761-00697a42f2" "object-server 23" 0.0009 "-" 22 0
Jan 28 17:10:10 standalone object-server[122662]: 172.20.0.100 - - [28/Jan/2026:17:10:10 +0000] "PUT /d1/421/AUTH_91b6b1428bbb47ceba8e3cd29a2c760e/gnocchi.1a0e4885-0de4-456f-8502-eff370301f65/none_v3" 201 - "PUT http://localhost:8080/v1/AUTH_91b6b1428bbb47ceba8e3cd29a2c760e/gnocchi.1a0e4885-0de4-456f-8502-eff370301f65/none_v3" "tx5b565731324548ad80761-00697a42f2" "proxy-server 21" 0.0132 "-" 23 0
Jan 28 17:10:10 standalone proxy-server[124607]: 172.18.0.2 ::1 28/Jan/2026/17/10/10 PUT /v1/AUTH_91b6b1428bbb47ceba8e3cd29a2c760e/gnocchi.1a0e4885-0de4-456f-8502-eff370301f65/none_v3 HTTP/1.0 201 - python-swiftclient-3.11.1 gAAAAABpekInNEdc... 22 - - tx5b565731324548ad80761-00697a42f2 - 0.0236 - - 1769620210.944830179 1769620210.968447685 0
Jan 28 17:10:10 standalone container-server[122477]: 172.20.0.100 - - [28/Jan/2026:17:10:10 +0000] "HEAD /d1/17/AUTH_91b6b1428bbb47ceba8e3cd29a2c760e/gnocchi.6608e351-c18e-412d-a434-760062b6b13e" 404 - "HEAD http://localhost:8080/v1/AUTH_91b6b1428bbb47ceba8e3cd29a2c760e/gnocchi.6608e351-c18e-412d-a434-760062b6b13e?format=json&states=listing" "tx108a2c4c5f8944e287597-00697a42f2" "proxy-server 21" 0.0006 "-" 20 0
Jan 28 17:10:11 standalone object-server[122663]: 172.20.0.100 - - [28/Jan/2026:17:10:11 +0000] "GET /d1/546/AUTH_91b6b1428bbb47ceba8e3cd29a2c760e/gnocchi.6608e351-c18e-412d-a434-760062b6b13e/none_v3" 404 70 "GET http://localhost:8080/v1/AUTH_91b6b1428bbb47ceba8e3cd29a2c760e/gnocchi.6608e351-c18e-412d-a434-760062b6b13e/none_v3" "tx108a2c4c5f8944e287597-00697a42f2" "proxy-server 21" 0.0005 "-" 24 0
Jan 28 17:10:11 standalone proxy-server[124607]: 172.18.0.2 ::1 28/Jan/2026/17/10/11 GET /v1/AUTH_91b6b1428bbb47ceba8e3cd29a2c760e/gnocchi.6608e351-c18e-412d-a434-760062b6b13e/none_v3 HTTP/1.0 404 - python-swiftclient-3.11.1 gAAAAABpekInNEdc... - 70 - tx108a2c4c5f8944e287597-00697a42f2 - 0.0157 - - 1769620210.986572981 1769620211.002223253 0
Jan 28 17:10:11 standalone account-server[122487]: 172.20.0.100 - - [28/Jan/2026:17:10:11 +0000] "PUT /d1/441/AUTH_91b6b1428bbb47ceba8e3cd29a2c760e/gnocchi.6608e351-c18e-412d-a434-760062b6b13e" 201 - "PUT http://172.20.0.100:6001/d1/17/AUTH_91b6b1428bbb47ceba8e3cd29a2c760e/gnocchi.6608e351-c18e-412d-a434-760062b6b13e" "tx01148013d0a148b9a72bd-00697a42f3" "container-server 23" 0.0069 "-" 23 0
Jan 28 17:10:11 standalone container-server[122513]: 172.20.0.100 - - [28/Jan/2026:17:10:11 +0000] "PUT /d1/17/AUTH_91b6b1428bbb47ceba8e3cd29a2c760e/gnocchi.6608e351-c18e-412d-a434-760062b6b13e" 201 - "PUT http://localhost:8080/v1/AUTH_91b6b1428bbb47ceba8e3cd29a2c760e/gnocchi.6608e351-c18e-412d-a434-760062b6b13e" "tx01148013d0a148b9a72bd-00697a42f3" "proxy-server 21" 0.0220 "-" 23 0
Jan 28 17:10:11 standalone proxy-server[124607]: 172.18.0.2 ::1 28/Jan/2026/17/10/11 PUT /v1/AUTH_91b6b1428bbb47ceba8e3cd29a2c760e/gnocchi.6608e351-c18e-412d-a434-760062b6b13e HTTP/1.0 201 - python-swiftclient-3.11.1 gAAAAABpekInNEdc... - - - tx01148013d0a148b9a72bd-00697a42f3 - 0.0306 - - 1769620211.007219553 1769620211.037848949 0
Jan 28 17:10:11 standalone container-server[122496]: 172.20.0.100 - - [28/Jan/2026:17:10:11 +0000] "HEAD /d1/17/AUTH_91b6b1428bbb47ceba8e3cd29a2c760e/gnocchi.6608e351-c18e-412d-a434-760062b6b13e" 204 - "HEAD http://localhost:8080/v1/AUTH_91b6b1428bbb47ceba8e3cd29a2c760e/gnocchi.6608e351-c18e-412d-a434-760062b6b13e?format=json&states=listing" "tx447882230a6248a983f0c-00697a42f3" "proxy-server 21" 0.0022 "-" 21 0
Jan 28 17:10:11 standalone proxy-server[124607]: - - 28/Jan/2026/17/10/11 HEAD /v1/AUTH_91b6b1428bbb47ceba8e3cd29a2c760e/gnocchi.6608e351-c18e-412d-a434-760062b6b13e%3Fformat%3Djson%26states%3Dlisting HTTP/1.0 204 - Swift - - - - tx447882230a6248a983f0c-00697a42f3 - 0.0076 RL - 1769620211.046007395 1769620211.053626060 0
Jan 28 17:10:11 standalone container-server[122477]: 172.20.0.100 - - [28/Jan/2026:17:10:11 +0000] "GET /d1/17/AUTH_91b6b1428bbb47ceba8e3cd29a2c760e/gnocchi.6608e351-c18e-412d-a434-760062b6b13e" 200 2 "GET http://localhost:8080/v1/AUTH_91b6b1428bbb47ceba8e3cd29a2c760e/gnocchi.6608e351-c18e-412d-a434-760062b6b13e?format=json&states=listing" "tx447882230a6248a983f0c-00697a42f3" "proxy-server 21" 0.0036 "-" 20 0
Jan 28 17:10:11 standalone proxy-server[124607]: 172.18.0.2 ::1 28/Jan/2026/17/10/11 GET /v1/AUTH_91b6b1428bbb47ceba8e3cd29a2c760e/gnocchi.6608e351-c18e-412d-a434-760062b6b13e%3Fformat%3Djson%26states%3Dlisting HTTP/1.0 200 - python-swiftclient-3.11.1 gAAAAABpekInNEdc... - 2 - tx447882230a6248a983f0c-00697a42f3 - 0.0227 - - 1769620211.044059038 1769620211.066793680 0
Jan 28 17:10:11 standalone object-server[122664]: 172.20.0.100 - - [28/Jan/2026:17:10:11 +0000] "GET /d1/655/AUTH_91b6b1428bbb47ceba8e3cd29a2c760e/gnocchi.6608e351-c18e-412d-a434-760062b6b13e/1769040000.0_mean_300.0_v3" 404 70 "GET http://localhost:8080/v1/AUTH_91b6b1428bbb47ceba8e3cd29a2c760e/gnocchi.6608e351-c18e-412d-a434-760062b6b13e/1769040000.0_mean_300.0_v3" "tx2a1eedea27ba4d5f8a5d1-00697a42f3" "proxy-server 21" 0.0005 "-" 25 0
Jan 28 17:10:11 standalone proxy-server[124607]: 172.18.0.2 ::1 28/Jan/2026/17/10/11 GET /v1/AUTH_91b6b1428bbb47ceba8e3cd29a2c760e/gnocchi.6608e351-c18e-412d-a434-760062b6b13e/1769040000.0_mean_300.0_v3 HTTP/1.0 404 - python-swiftclient-3.11.1 gAAAAABpekInNEdc... - 70 - tx2a1eedea27ba4d5f8a5d1-00697a42f3 - 0.0094 - - 1769620211.077495337 1769620211.086909294 0
Jan 28 17:10:11 standalone container-server[122496]: 172.20.0.100 - - [28/Jan/2026:17:10:11 +0000] "PUT /d1/17/AUTH_91b6b1428bbb47ceba8e3cd29a2c760e/gnocchi.6608e351-c18e-412d-a434-760062b6b13e/1769040000.0_mean_300.0_v3" 201 - "PUT http://localhost:8080/d1/655/AUTH_91b6b1428bbb47ceba8e3cd29a2c760e/gnocchi.6608e351-c18e-412d-a434-760062b6b13e/1769040000.0_mean_300.0_v3" "tx245ebe708c034b17a12c1-00697a42f3" "object-server 23" 0.0011 "-" 21 0
Jan 28 17:10:11 standalone object-server[122662]: 172.20.0.100 - - [28/Jan/2026:17:10:11 +0000] "PUT /d1/655/AUTH_91b6b1428bbb47ceba8e3cd29a2c760e/gnocchi.6608e351-c18e-412d-a434-760062b6b13e/1769040000.0_mean_300.0_v3" 201 - "PUT http://localhost:8080/v1/AUTH_91b6b1428bbb47ceba8e3cd29a2c760e/gnocchi.6608e351-c18e-412d-a434-760062b6b13e/1769040000.0_mean_300.0_v3" "tx245ebe708c034b17a12c1-00697a42f3" "proxy-server 21" 0.0122 "-" 23 0
Jan 28 17:10:11 standalone proxy-server[124607]: 172.18.0.2 ::1 28/Jan/2026/17/10/11 PUT /v1/AUTH_91b6b1428bbb47ceba8e3cd29a2c760e/gnocchi.6608e351-c18e-412d-a434-760062b6b13e/1769040000.0_mean_300.0_v3 HTTP/1.0 201 - python-swiftclient-3.11.1 gAAAAABpekInNEdc... 16 - - tx245ebe708c034b17a12c1-00697a42f3 - 0.0212 - - 1769620211.096512794 1769620211.117693663 0
Jan 28 17:10:11 standalone container-server[122504]: 172.20.0.100 - - [28/Jan/2026:17:10:11 +0000] "PUT /d1/17/AUTH_91b6b1428bbb47ceba8e3cd29a2c760e/gnocchi.6608e351-c18e-412d-a434-760062b6b13e/none_v3" 201 - "PUT http://localhost:8080/d1/546/AUTH_91b6b1428bbb47ceba8e3cd29a2c760e/gnocchi.6608e351-c18e-412d-a434-760062b6b13e/none_v3" "tx49a324bdca914dc19736d-00697a42f3" "object-server 24" 0.0007 "-" 22 0
Jan 28 17:10:11 standalone object-server[122663]: 172.20.0.100 - - [28/Jan/2026:17:10:11 +0000] "PUT /d1/546/AUTH_91b6b1428bbb47ceba8e3cd29a2c760e/gnocchi.6608e351-c18e-412d-a434-760062b6b13e/none_v3" 201 - "PUT http://localhost:8080/v1/AUTH_91b6b1428bbb47ceba8e3cd29a2c760e/gnocchi.6608e351-c18e-412d-a434-760062b6b13e/none_v3" "tx49a324bdca914dc19736d-00697a42f3" "proxy-server 21" 0.0135 "-" 24 0
Jan 28 17:10:11 standalone proxy-server[124607]: 172.18.0.2 ::1 28/Jan/2026/17/10/11 PUT /v1/AUTH_91b6b1428bbb47ceba8e3cd29a2c760e/gnocchi.6608e351-c18e-412d-a434-760062b6b13e/none_v3 HTTP/1.0 201 - python-swiftclient-3.11.1 gAAAAABpekInNEdc... 22 - - tx49a324bdca914dc19736d-00697a42f3 - 0.0218 - - 1769620211.122560501 1769620211.144356966 0
Jan 28 17:10:11 standalone container-server[122496]: 172.20.0.100 - - [28/Jan/2026:17:10:11 +0000] "HEAD /d1/694/AUTH_91b6b1428bbb47ceba8e3cd29a2c760e/gnocchi.ff58750d-0858-4dd1-a6b2-4c5c21f3b18e" 404 - "HEAD http://localhost:8080/v1/AUTH_91b6b1428bbb47ceba8e3cd29a2c760e/gnocchi.ff58750d-0858-4dd1-a6b2-4c5c21f3b18e?format=json&states=listing" "txeeeac62f4e6744faaa440-00697a42f3" "proxy-server 21" 0.0006 "-" 21 0
Jan 28 17:10:11 standalone object-server[122662]: 172.20.0.100 - - [28/Jan/2026:17:10:11 +0000] "GET /d1/13/AUTH_91b6b1428bbb47ceba8e3cd29a2c760e/gnocchi.ff58750d-0858-4dd1-a6b2-4c5c21f3b18e/none_v3" 404 70 "GET http://localhost:8080/v1/AUTH_91b6b1428bbb47ceba8e3cd29a2c760e/gnocchi.ff58750d-0858-4dd1-a6b2-4c5c21f3b18e/none_v3" "txeeeac62f4e6744faaa440-00697a42f3" "proxy-server 21" 0.0005 "-" 23 0
Jan 28 17:10:11 standalone proxy-server[124607]: 172.18.0.2 ::1 28/Jan/2026/17/10/11 GET /v1/AUTH_91b6b1428bbb47ceba8e3cd29a2c760e/gnocchi.ff58750d-0858-4dd1-a6b2-4c5c21f3b18e/none_v3 HTTP/1.0 404 - python-swiftclient-3.11.1 gAAAAABpekInNEdc... - 70 - txeeeac62f4e6744faaa440-00697a42f3 - 0.0161 - - 1769620211.165621281 1769620211.181718349 0
Jan 28 17:10:11 standalone account-server[122461]: 172.20.0.100 - - [28/Jan/2026:17:10:11 +0000] "PUT /d1/441/AUTH_91b6b1428bbb47ceba8e3cd29a2c760e/gnocchi.ff58750d-0858-4dd1-a6b2-4c5c21f3b18e" 201 - "PUT http://172.20.0.100:6001/d1/694/AUTH_91b6b1428bbb47ceba8e3cd29a2c760e/gnocchi.ff58750d-0858-4dd1-a6b2-4c5c21f3b18e" "tx50bb2bfdc7d94b99895f5-00697a42f3" "container-server 23" 0.0065 "-" 20 0
Jan 28 17:10:11 standalone container-server[122513]: 172.20.0.100 - - [28/Jan/2026:17:10:11 +0000] "PUT /d1/694/AUTH_91b6b1428bbb47ceba8e3cd29a2c760e/gnocchi.ff58750d-0858-4dd1-a6b2-4c5c21f3b18e" 201 - "PUT http://localhost:8080/v1/AUTH_91b6b1428bbb47ceba8e3cd29a2c760e/gnocchi.ff58750d-0858-4dd1-a6b2-4c5c21f3b18e" "tx50bb2bfdc7d94b99895f5-00697a42f3" "proxy-server 21" 0.0197 "-" 23 0
