Dec 3 17:56:34 standalone container-server[123334]: 172.20.0.100 - - [03/Dec/2025:17:56:34 +0000] "GET /d1/556/AUTH_c51f1f7b458643ac853557bab006bb07/gnocchi.7384f061-09a1-4603-8248-46940e26c657" 200 2 "GET http://localhost:8080/v1/AUTH_c51f1f7b458643ac853557bab006bb07/gnocchi.7384f061-09a1-4603-8248-46940e26c657?format=json&states=listing" "txed191ceccfad4b6c87e11-00693079d2" "proxy-server 12" 0.0031 "-" 22 0
Dec 3 17:56:34 standalone proxy-server[125228]: 172.18.0.2 ::1 03/Dec/2025/17/56/34 GET /v1/AUTH_c51f1f7b458643ac853557bab006bb07/gnocchi.7384f061-09a1-4603-8248-46940e26c657%3Fformat%3Djson%26states%3Dlisting HTTP/1.0 200 - python-swiftclient-3.11.1 gAAAAABpMHkOisD2... - 2 - txed191ceccfad4b6c87e11-00693079d2 - 0.0183 - - 1764784594.894724607 1764784594.913050890 0
Dec 3 17:56:34 standalone object-server[123532]: 172.20.0.100 - - [03/Dec/2025:17:56:34 +0000] "GET /d1/405/AUTH_c51f1f7b458643ac853557bab006bb07/gnocchi.7384f061-09a1-4603-8248-46940e26c657/1764720000.0_mean_300.0_v3" 404 70 "GET http://localhost:8080/v1/AUTH_c51f1f7b458643ac853557bab006bb07/gnocchi.7384f061-09a1-4603-8248-46940e26c657/1764720000.0_mean_300.0_v3" "txf7e2717817684a8ca948f-00693079d2" "proxy-server 12" 0.0005 "-" 22 0
Dec 3 17:56:34 standalone proxy-server[125228]: 172.18.0.2 ::1 03/Dec/2025/17/56/34 GET /v1/AUTH_c51f1f7b458643ac853557bab006bb07/gnocchi.7384f061-09a1-4603-8248-46940e26c657/1764720000.0_mean_300.0_v3 HTTP/1.0 404 - python-swiftclient-3.11.1 gAAAAABpMHkOisD2... - 70 - txf7e2717817684a8ca948f-00693079d2 - 0.0077 - - 1764784594.918310881 1764784594.925981045 0
Dec 3 17:56:34 standalone container-server[123334]: 172.20.0.100 - - [03/Dec/2025:17:56:34 +0000] "PUT /d1/556/AUTH_c51f1f7b458643ac853557bab006bb07/gnocchi.7384f061-09a1-4603-8248-46940e26c657/1764720000.0_mean_300.0_v3" 201 - "PUT http://localhost:8080/d1/405/AUTH_c51f1f7b458643ac853557bab006bb07/gnocchi.7384f061-09a1-4603-8248-46940e26c657/1764720000.0_mean_300.0_v3" "tx930850fdf23648d181692-00693079d2" "object-server 23" 0.0007 "-" 22 0
Dec 3 17:56:34 standalone object-server[123548]: 172.20.0.100 - - [03/Dec/2025:17:56:34 +0000] "PUT /d1/405/AUTH_c51f1f7b458643ac853557bab006bb07/gnocchi.7384f061-09a1-4603-8248-46940e26c657/1764720000.0_mean_300.0_v3" 201 - "PUT http://localhost:8080/v1/AUTH_c51f1f7b458643ac853557bab006bb07/gnocchi.7384f061-09a1-4603-8248-46940e26c657/1764720000.0_mean_300.0_v3" "tx930850fdf23648d181692-00693079d2" "proxy-server 12" 0.0113 "-" 23 0
Dec 3 17:56:34 standalone proxy-server[125228]: 172.18.0.2 ::1 03/Dec/2025/17/56/34 PUT /v1/AUTH_c51f1f7b458643ac853557bab006bb07/gnocchi.7384f061-09a1-4603-8248-46940e26c657/1764720000.0_mean_300.0_v3 HTTP/1.0 201 - python-swiftclient-3.11.1 gAAAAABpMHkOisD2... 16 - - tx930850fdf23648d181692-00693079d2 - 0.0196 - - 1764784594.930286884 1764784594.949929714 0
Dec 3 17:56:34 standalone container-server[123339]: 172.20.0.100 - - [03/Dec/2025:17:56:34 +0000] "PUT /d1/556/AUTH_c51f1f7b458643ac853557bab006bb07/gnocchi.7384f061-09a1-4603-8248-46940e26c657/none_v3" 201 - "PUT http://localhost:8080/d1/768/AUTH_c51f1f7b458643ac853557bab006bb07/gnocchi.7384f061-09a1-4603-8248-46940e26c657/none_v3" "tx50c8769cede04c7cae83a-00693079d2" "object-server 22" 0.0008 "-" 23 0
Dec 3 17:56:34 standalone object-server[123532]: 172.20.0.100 - - [03/Dec/2025:17:56:34 +0000] "PUT /d1/768/AUTH_c51f1f7b458643ac853557bab006bb07/gnocchi.7384f061-09a1-4603-8248-46940e26c657/none_v3" 201 - "PUT http://localhost:8080/v1/AUTH_c51f1f7b458643ac853557bab006bb07/gnocchi.7384f061-09a1-4603-8248-46940e26c657/none_v3" "tx50c8769cede04c7cae83a-00693079d2" "proxy-server 12" 0.0112 "-" 22 0
Dec 3 17:56:34 standalone proxy-server[125228]: 172.18.0.2 ::1 03/Dec/2025/17/56/34 PUT /v1/AUTH_c51f1f7b458643ac853557bab006bb07/gnocchi.7384f061-09a1-4603-8248-46940e26c657/none_v3 HTTP/1.0 201 - python-swiftclient-3.11.1 gAAAAABpMHkOisD2... 22 - - tx50c8769cede04c7cae83a-00693079d2 - 0.0195 - - 1764784594.954329967 1764784594.973840475 0
Dec 3 17:56:34 standalone container-server[123334]: 172.20.0.100 - - [03/Dec/2025:17:56:34 +0000] "HEAD /d1/771/AUTH_c51f1f7b458643ac853557bab006bb07/gnocchi.50b60f74-8da6-4c3a-83b6-1b22da0be6fe" 404 - "HEAD http://localhost:8080/v1/AUTH_c51f1f7b458643ac853557bab006bb07/gnocchi.50b60f74-8da6-4c3a-83b6-1b22da0be6fe?format=json&states=listing" "txbe7510e0a4444afaa192e-00693079d2" "proxy-server 12" 0.0005 "-" 22 0
Dec 3 17:56:35 standalone object-server[123532]: 172.20.0.100 - - [03/Dec/2025:17:56:35 +0000] "GET /d1/321/AUTH_c51f1f7b458643ac853557bab006bb07/gnocchi.50b60f74-8da6-4c3a-83b6-1b22da0be6fe/none_v3" 404 70 "GET http://localhost:8080/v1/AUTH_c51f1f7b458643ac853557bab006bb07/gnocchi.50b60f74-8da6-4c3a-83b6-1b22da0be6fe/none_v3" "txbe7510e0a4444afaa192e-00693079d2" "proxy-server 12" 0.0004 "-" 22 0
Dec 3 17:56:35 standalone proxy-server[125228]: 172.18.0.2 ::1 03/Dec/2025/17/56/35 GET /v1/AUTH_c51f1f7b458643ac853557bab006bb07/gnocchi.50b60f74-8da6-4c3a-83b6-1b22da0be6fe/none_v3 HTTP/1.0 404 - python-swiftclient-3.11.1 gAAAAABpMHkOisD2... - 70 - txbe7510e0a4444afaa192e-00693079d2 - 0.0148 - - 1764784594.992452383 1764784595.007216930 0
Dec 3 17:56:35 standalone account-server[123363]: 172.20.0.100 - - [03/Dec/2025:17:56:35 +0000] "PUT /d1/348/AUTH_c51f1f7b458643ac853557bab006bb07/gnocchi.50b60f74-8da6-4c3a-83b6-1b22da0be6fe" 201 - "PUT http://172.20.0.100:6001/d1/771/AUTH_c51f1f7b458643ac853557bab006bb07/gnocchi.50b60f74-8da6-4c3a-83b6-1b22da0be6fe" "tx3b6cd452d3a74854b3f24-00693079d3" "container-server 23" 0.0069 "-" 20 0
Dec 3 17:56:35 standalone container-server[123339]: 172.20.0.100 - - [03/Dec/2025:17:56:35 +0000] "PUT /d1/771/AUTH_c51f1f7b458643ac853557bab006bb07/gnocchi.50b60f74-8da6-4c3a-83b6-1b22da0be6fe" 201 - "PUT http://localhost:8080/v1/AUTH_c51f1f7b458643ac853557bab006bb07/gnocchi.50b60f74-8da6-4c3a-83b6-1b22da0be6fe" "tx3b6cd452d3a74854b3f24-00693079d3" "proxy-server 12" 0.0223 "-" 23 0
Dec 3 17:56:35 standalone proxy-server[125228]: 172.18.0.2 ::1 03/Dec/2025/17/56/35 PUT /v1/AUTH_c51f1f7b458643ac853557bab006bb07/gnocchi.50b60f74-8da6-4c3a-83b6-1b22da0be6fe HTTP/1.0 201 - python-swiftclient-3.11.1 gAAAAABpMHkOisD2... - - - tx3b6cd452d3a74854b3f24-00693079d3 - 0.0325 - - 1764784595.012036800 1764784595.044507027 0
Dec 3 17:56:35 standalone container-server[123339]: 172.20.0.100 - - [03/Dec/2025:17:56:35 +0000] "HEAD /d1/771/AUTH_c51f1f7b458643ac853557bab006bb07/gnocchi.50b60f74-8da6-4c3a-83b6-1b22da0be6fe" 204 - "HEAD http://localhost:8080/v1/AUTH_c51f1f7b458643ac853557bab006bb07/gnocchi.50b60f74-8da6-4c3a-83b6-1b22da0be6fe?format=json&states=listing" "tx0bd38189b34f43c7a3d69-00693079d3" "proxy-server 12" 0.0025 "-" 23 0
Dec 3 17:56:35 standalone proxy-server[125228]: - - 03/Dec/2025/17/56/35 HEAD /v1/AUTH_c51f1f7b458643ac853557bab006bb07/gnocchi.50b60f74-8da6-4c3a-83b6-1b22da0be6fe%3Fformat%3Djson%26states%3Dlisting HTTP/1.0 204 - Swift - - - - tx0bd38189b34f43c7a3d69-00693079d3 - 0.0078 RL - 1764784595.054082155 1764784595.061902046 0
Dec 3 17:56:35 standalone container-server[123329]: 172.20.0.100 - - [03/Dec/2025:17:56:35 +0000] "GET /d1/771/AUTH_c51f1f7b458643ac853557bab006bb07/gnocchi.50b60f74-8da6-4c3a-83b6-1b22da0be6fe" 200 2 "GET http://localhost:8080/v1/AUTH_c51f1f7b458643ac853557bab006bb07/gnocchi.50b60f74-8da6-4c3a-83b6-1b22da0be6fe?format=json&states=listing" "tx0bd38189b34f43c7a3d69-00693079d3" "proxy-server 12" 0.0037 "-" 21 0
Dec 3 17:56:35 standalone proxy-server[125228]: 172.18.0.2 ::1 03/Dec/2025/17/56/35 GET /v1/AUTH_c51f1f7b458643ac853557bab006bb07/gnocchi.50b60f74-8da6-4c3a-83b6-1b22da0be6fe%3Fformat%3Djson%26states%3Dlisting HTTP/1.0 200 - python-swiftclient-3.11.1 gAAAAABpMHkOisD2... - 2 - tx0bd38189b34f43c7a3d69-00693079d3 - 0.0215 - - 1764784595.052136183 1764784595.073616982 0
Dec 3 17:56:35 standalone object-server[123548]: 172.20.0.100 - - [03/Dec/2025:17:56:35 +0000] "GET /d1/40/AUTH_c51f1f7b458643ac853557bab006bb07/gnocchi.50b60f74-8da6-4c3a-83b6-1b22da0be6fe/1764720000.0_mean_300.0_v3" 404 70 "GET http://localhost:8080/v1/AUTH_c51f1f7b458643ac853557bab006bb07/gnocchi.50b60f74-8da6-4c3a-83b6-1b22da0be6fe/1764720000.0_mean_300.0_v3" "tx0b9e5a0d18ae4ac48f3d2-00693079d3" "proxy-server 12" 0.0004 "-" 23 0
Dec 3 17:56:35 standalone proxy-server[125228]: 172.18.0.2 ::1 03/Dec/2025/17/56/35 GET /v1/AUTH_c51f1f7b458643ac853557bab006bb07/gnocchi.50b60f74-8da6-4c3a-83b6-1b22da0be6fe/1764720000.0_mean_300.0_v3 HTTP/1.0 404 - python-swiftclient-3.11.1 gAAAAABpMHkOisD2... - 70 - tx0b9e5a0d18ae4ac48f3d2-00693079d3 - 0.0080 - - 1764784595.078959942 1764784595.086954832 0
Dec 3 17:56:35 standalone container-server[123329]: 172.20.0.100 - - [03/Dec/2025:17:56:35 +0000] "PUT /d1/771/AUTH_c51f1f7b458643ac853557bab006bb07/gnocchi.50b60f74-8da6-4c3a-83b6-1b22da0be6fe/1764720000.0_mean_300.0_v3" 201 - "PUT http://localhost:8080/d1/40/AUTH_c51f1f7b458643ac853557bab006bb07/gnocchi.50b60f74-8da6-4c3a-83b6-1b22da0be6fe/1764720000.0_mean_300.0_v3" "tx620dbd60daf4406e9b54f-00693079d3" "object-server 24" 0.0011 "-" 21 0
Dec 3 17:56:35 standalone object-server[123566]: 172.20.0.100 - - [03/Dec/2025:17:56:35 +0000] "PUT /d1/40/AUTH_c51f1f7b458643ac853557bab006bb07/gnocchi.50b60f74-8da6-4c3a-83b6-1b22da0be6fe/1764720000.0_mean_300.0_v3" 201 - "PUT http://localhost:8080/v1/AUTH_c51f1f7b458643ac853557bab006bb07/gnocchi.50b60f74-8da6-4c3a-83b6-1b22da0be6fe/1764720000.0_mean_300.0_v3" "tx620dbd60daf4406e9b54f-00693079d3" "proxy-server 12" 0.0105 "-" 24 0
Dec 3 17:56:35 standalone proxy-server[125228]: 172.18.0.2 ::1 03/Dec/2025/17/56/35 PUT /v1/AUTH_c51f1f7b458643ac853557bab006bb07/gnocchi.50b60f74-8da6-4c3a-83b6-1b22da0be6fe/1764720000.0_mean_300.0_v3 HTTP/1.0 201 - python-swiftclient-3.11.1 gAAAAABpMHkOisD2... 16 - - tx620dbd60daf4406e9b54f-00693079d3 - 0.0169 - - 1764784595.091391087 1764784595.108258247 0
Dec 3 17:56:35 standalone container-server[123339]: 172.20.0.100 - - [03/Dec/2025:17:56:35 +0000] "PUT /d1/771/AUTH_c51f1f7b458643ac853557bab006bb07/gnocchi.50b60f74-8da6-4c3a-83b6-1b22da0be6fe/none_v3" 201 - "PUT http://localhost:8080/d1/321/AUTH_c51f1f7b458643ac853557bab006bb07/gnocchi.50b60f74-8da6-4c3a-83b6-1b22da0be6fe/none_v3" "tx100e40637dff48fc95af2-00693079d3" "object-server 23" 0.0008 "-" 23 0
Dec 3 17:56:35 standalone object-server[123548]: 172.20.0.100 - - [03/Dec/2025:17:56:35 +0000] "PUT /d1/321/AUTH_c51f1f7b458643ac853557bab006bb07/gnocchi.50b60f74-8da6-4c3a-83b6-1b22da0be6fe/none_v3" 201 - "PUT http://localhost:8080/v1/AUTH_c51f1f7b458643ac853557bab006bb07/gnocchi.50b60f74-8da6-4c3a-83b6-1b22da0be6fe/none_v3" "tx100e40637dff48fc95af2-00693079d3" "proxy-server 12" 0.0083 "-" 23 0
Dec 3 17:56:35 standalone proxy-server[125228]: 172.18.0.2 ::1 03/Dec/2025/17/56/35 PUT /v1/AUTH_c51f1f7b458643ac853557bab006bb07/gnocchi.50b60f74-8da6-4c3a-83b6-1b22da0be6fe/none_v3 HTTP/1.0 201 - python-swiftclient-3.11.1 gAAAAABpMHkOisD2... 22 - - tx100e40637dff48fc95af2-00693079d3 - 0.0132 - - 1764784595.112679005 1764784595.125913858 0
Dec 3 17:56:35 standalone container-server[123339]: 172.20.0.100 - - [03/Dec/2025:17:56:35 +0000] "HEAD /d1/349/AUTH_c51f1f7b458643ac853557bab006bb07/gnocchi.d5acabd8-2a75-4c72-9195-d6f78aa175f8" 404 - "HEAD http://localhost:8080/v1/AUTH_c51f1f7b458643ac853557bab006bb07/gnocchi.d5acabd8-2a75-4c72-9195-d6f78aa175f8?format=json&states=listing" "tx451ac5437e2b4c4b9cef5-00693079d3" "proxy-server 12" 0.0005 "-" 23 0
Dec 3 17:56:35 standalone object-server[123566]: 172.20.0.100 - - [03/Dec/2025:17:56:35 +0000] "GET /d1/291/AUTH_c51f1f7b458643ac853557bab006bb07/gnocchi.d5acabd8-2a75-4c72-9195-d6f78aa175f8/none_v3" 404 70 "GET http://localhost:8080/v1/AUTH_c51f1f7b458643ac853557bab006bb07/gnocchi.d5acabd8-2a75-4c72-9195-d6f78aa175f8/none_v3" "tx451ac5437e2b4c4b9cef5-00693079d3" "proxy-server 12" 0.0004 "-" 24 0
Dec 3 17:56:35 standalone proxy-server[125228]: 172.18.0.2 ::1 03/Dec/2025/17/56/35 GET /v1/AUTH_c51f1f7b458643ac853557bab006bb07/gnocchi.d5acabd8-2a75-4c72-9195-d6f78aa175f8/none_v3 HTTP/1.0 404 - python-swiftclient-3.11.1 gAAAAABpMHkOisD2... - 70 - tx451ac5437e2b4c4b9cef5-00693079d3 - 0.0110 - - 1764784595.138339043 1764784595.149295807 0
Dec 3 17:56:35 standalone account-server[123373]: 172.20.0.100 - - [03/Dec/2025:17:56:35 +0000] "PUT /d1/348/AUTH_c51f1f7b458643ac853557bab006bb07/gnocchi.d5acabd8-2a75-4c72-9195-d6f78aa175f8" 201 - "PUT http://172.20.0.100:6001/d1/349/AUTH_c51f1f7b458643ac853557bab006bb07/gnocchi.d5acabd8-2a75-4c72-9195-d6f78aa175f8" "txa895f13d27c241b6a1061-00693079d3" "container-server 22" 0.0066 "-" 21 0
Dec 3 17:56:35 standalone container-server[123334]: 172.20.0.100 - - [03/Dec/2025:17:56:35 +0000] "PUT /d1/349/AUTH_c51f1f7b458643ac853557bab006bb07/gnocchi.d5acabd8-2a75-4c72-9195-d6f78aa175f8" 201 - "PUT http://localhost:8080/v1/AUTH_c51f1f7b458643ac853557bab006bb07/gnocchi.d5acabd8-2a75-4c72-9195-d6f78aa175f8" "txa895f13d27c241b6a1061-00693079d3" "proxy-server 12" 0.0172 "-" 22 0
Dec 3 17:56:35 standalone proxy-server[125228]: 172.18.0.2 ::1 03/Dec/2025/17/56/35 PUT /v1/AUTH_c51f1f7b458643ac853557bab006bb07/gnocchi.d5acabd8-2a75-4c72-9195-d6f78aa175f8 HTTP/1.0 201 - python-swiftclient-3.11.1 gAAAAABpMHkOisD2... - - - txa895f13d27c241b6a1061-00693079d3 - 0.0227 - - 1764784595.152893782 1764784595.175634146 0
Dec 3 17:56:35 standalone container-server[123328]: 172.20.0.100 - - [03/Dec/2025:17:56:35 +0000] "HEAD /d1/349/AUTH_c51f1f7b458643ac853557bab006bb07/gnocchi.d5acabd8-2a75-4c72-9195-d6f78aa175f8" 204 - "HEAD http://localhost:8080/v1/AUTH_c51f1f7b458643ac853557bab006bb07/gnocchi.d5acabd8-2a75-4c72-9195-d6f78aa175f8?format=json&states=listing" "txb82ca06641bb44e980d11-00693079d3" "proxy-server 12" 0.0015 "-" 20 0
Dec 3 17:56:35 standalone proxy-server[125228]: - - 03/Dec/2025/17/56/35 HEAD /v1/AUTH_c51f1f7b458643ac853557bab006bb07/gnocchi.d5acabd8-2a75-4c72-9195-d6f78aa175f8%3Fformat%3Djson%26states%3Dlisting HTTP/1.0 204 - Swift - - - - txb82ca06641bb44e980d11-00693079d3 - 0.0056 RL - 1764784595.180980444 1764784595.186563015 0
Dec 3 17:56:35 standalone container-server[123339]: 172.20.0.100 - - [03/Dec/2025:17:56:35 +0000] "GET /d1/349/AUTH_c51f1f7b458643ac853557bab006bb07/gnocchi.d5acabd8-2a75-4c72-9195-d6f78aa175f8" 200 2 "GET http://localhost:8080/v1/AUTH_c51f1f7b458643ac853557bab006bb07/gnocchi.d5acabd8-2a75-4c72-9195-d6f78aa175f8?format=json&states=listing" "txb82ca06641bb44e980d11-00693079d3" "proxy-server 12" 0.0046 "-" 23 0
Dec 3 17:56:35 standalone proxy-server[125228]: 172.18.0.2 ::1 03/Dec/2025/17/56/35 GET /v1/AUTH_c51f1f7b458643ac853557bab006bb07/gnocchi.d5acabd8-2a75-4c72-9195-d6f78aa175f8%3Fformat%3Djson%26states%3Dlisting HTTP/1.0 200 - python-swiftclient-3.11.1 gAAAAABpMHkOisD2... - 2 - txb82ca06641bb44e980d11-00693079d3 - 0.0202 - - 1764784595.179733038 1764784595.199905634 0
Dec 3 17:56:35 standalone object-server[123532]: 172.20.0.100 - - [03/Dec/2025:17:56:35 +0000] "GET /d1/343/AUTH_c51f1f7b458643ac853557bab006bb07/gnocchi.d5acabd8-2a75-4c72-9195-d6f78aa175f8/1764720000.0_mean_300.0_v3" 404 70 "GET http://localhost:8080/v1/AUTH_c51f1f7b458643ac853557bab006bb07/gnocchi.d5acabd8-2a75-4c72-9195-d6f78aa175f8/1764720000.0_mean_300.0_v3" "tx2bcb4941642548738723e-00693079d3" "proxy-server 12" 0.0005 "-" 22 0
Dec 3 17:56:35 standalone proxy-server[125228]: 172.18.0.2 ::1 03/Dec/2025/17/56/35 GET /v1/AUTH_c51f1f7b458643ac853557bab006bb07/gnocchi.d5acabd8-2a75-4c72-9195-d6f78aa175f8/1764720000.0_mean_300.0_v3 HTTP/1.0 404 - python-swiftclient-3.11.1 gAAAAABpMHkOisD2... - 70 - tx2bcb4941642548738723e-00693079d3 - 0.0087 - - 1764784595.205403566 1764784595.214089632 0
Dec 3 17:56:35 standalone container-server[123339]: 172.20.0.100 - - [03/Dec/2025:17:56:35 +0000] "PUT /d1/349/AUTH_c51f1f7b458643ac853557bab006bb07/gnocchi.d5acabd8-2a75-4c72-9195-d6f78aa175f8/1764720000.0_mean_300.0_v3" 201 - "PUT http://localhost:8080/d1/343/AUTH_c51f1f7b458643ac853557bab006bb07/gnocchi.d5acabd8-2a75-4c72-9195-d6f78aa175f8/1764720000.0_mean_300.0_v3" "tx04ac1b2f2c4946218849c-00693079d3" "object-server 24" 0.0008 "-" 23 0
Dec 3 17:56:35 standalone object-server[123566]: 172.20.0.100 - - [03/Dec/2025:17:56:35 +0000] "PUT /d1/343/AUTH_c51f1f7b458643ac853557bab006bb07/gnocchi.d5acabd8-2a75-4c72-9195-d6f78aa175f8/1764720000.0_mean_300.0_v3" 201 - "PUT http://localhost:8080/v1/AUTH_c51f1f7b458643ac853557bab006bb07/gnocchi.d5acabd8-2a75-4c72-9195-d6f78aa175f8/1764720000.0_mean_300.0_v3" "tx04ac1b2f2c4946218849c-00693079d3" "proxy-server 12" 0.0115 "-" 24 0
Dec 3 17:56:35 standalone proxy-server[125228]: 172.18.0.2 ::1 03/Dec/2025/17/56/35 PUT /v1/AUTH_c51f1f7b458643ac853557bab006bb07/gnocchi.d5acabd8-2a75-4c72-9195-d6f78aa175f8/1764720000.0_mean_300.0_v3 HTTP/1.0 201 - python-swiftclient-3.11.1 gAAAAABpMHkOisD2... 16 - - tx04ac1b2f2c4946218849c-00693079d3 - 0.0188 - - 1764784595.217669010 1764784595.236486912 0
Dec 3 17:56:35 standalone container-server[123334]: 172.20.0.100 - - [03/Dec/2025:17:56:35 +0000] "PUT /d1/349/AUTH_c51f1f7b458643ac853557bab006bb07/gnocchi.d5acabd8-2a75-4c72-9195-d6f78aa175f8/none_v3" 201 - "PUT http://localhost:8080/d1/291/AUTH_c51f1f7b458643ac853557bab006bb07/gnocchi.d5acabd8-2a75-4c72-9195-d6f78aa175f8/none_v3" "txd30d57dbe1be4a248006e-00693079d3" "object-server 24" 0.0013 "-" 22 0
Dec 3 17:56:35 standalone object-server[123566]: 172.20.0.100 - - [03/Dec/2025:17:56:35 +0000] "PUT /d1/291/AUTH_c51f1f7b458643ac853557bab006bb07/gnocchi.d5acabd8-2a75-4c72-9195-d6f78aa175f8/none_v3" 201 - "PUT http://localhost:8080/v1/AUTH_c51f1f7b458643ac853557bab006bb07/gnocchi.d5acabd8-2a75-4c72-9195-d6f78aa175f8/none_v3" "txd30d57dbe1be4a248006e-00693079d3" "proxy-server 12" 0.0117 "-" 24 0
Dec 3 17:56:35 standalone proxy-server[125228]: 172.18.0.2 ::1 03/Dec/2025/17/56/35 PUT /v1/AUTH_c51f1f7b458643ac853557bab006bb07/gnocchi.d5acabd8-2a75-4c72-9195-d6f78aa175f8/none_v3 HTTP/1.0 201 - python-swiftclient-3.11.1 gAAAAABpMHkOisD2... 22 - - txd30d57dbe1be4a248006e-00693079d3 - 0.0225 - - 1764784595.240894794 1764784595.263345242 0
Dec 3 17:56:35 standalone container-server[123334]: 172.20.0.100 - - [03/Dec/2025:17:56:35 +0000] "HEAD /d1/777/AUTH_c51f1f7b458643ac853557bab006bb07/gnocchi.b33bf090-1e33-48cc-9dee-703c729cff10" 404 - "HEAD http://localhost:8080/v1/AUTH_c51f1f7b458643ac853557bab006bb07/gnocchi.b33bf090-1e33-48cc-9dee-703c729cff10?format=json&states=listing" "tx575fff6deb4a4cdebb3c7-00693079d3" "proxy-server 12" 0.0005 "-" 22 0
Dec 3 17:56:35 standalone object-server[123548]: 172.20.0.100 - - [03/Dec/2025:17:56:35 +0000] "GET /d1/920/AUTH_c51f1f7b458643ac853557bab006bb07/gnocchi.b33bf090-1e33-48cc-9dee-703c729cff10/none_v3" 404 70 "GET http://localhost:8080/v1/AUTH_c51f1f7b458643ac853557bab006bb07/gnocchi.b33bf090-1e33-48cc-9dee-703c729cff10/none_v3" "tx575fff6deb4a4cdebb3c7-00693079d3" "proxy-server 12" 0.0005 "-" 23 0
Dec 3 17:56:35 standalone proxy-server[125228]: 172.18.0.2 ::1 03/Dec/2025/17/56/35 GET /v1/AUTH_c51f1f7b458643ac853557bab006bb07/gnocchi.b33bf090-1e33-48cc-9dee-703c729cff10/none_v3 HTTP/1.0 404 - python-swiftclient-3.11.1 gAAAAABpMHkOisD2... - 70 - tx575fff6deb4a4cdebb3c7-00693079d3 - 0.0121 - - 1764784595.278496504 1764784595.290630817 0
Dec 3 17:56:35 standalone account-server[123376]: 172.20.0.100 - - [03/Dec/2025:17:56:35 +0000] "PUT /d1/348/AUTH_c51f1f7b458643ac853557bab006bb07/gnocchi.b33bf090-1e33-48cc-9dee-703c729cff10" 201 - "PUT http://172.20.0.100:6001/d1/777/AUTH_c51f1f7b458643ac853557bab006bb07/gnocchi.b33bf090-1e33-48cc-9dee-703c729cff10" "tx1bf1ba82c3d14f7f93368-00693079d3" "container-server 23" 0.0055 "-" 22 0
Dec 3 17:56:35 standalone container-server[123339]: 172.20.0.100 - - [03/Dec/2025:17:56:35 +0000] "PUT /d1/777/AUTH_c51f1f7b458643ac853557bab006bb07/gnocchi.b33bf090-1e33-48cc-9dee-703c729cff10" 201 - "PUT http://localhost:8080/v1/AUTH_c51f1f7b458643ac853557bab006bb07/gnocchi.b33bf090-1e33-48cc-9dee-703c729cff10" "tx1bf1ba82c3d14f7f93368-00693079d3" "proxy-server 12" 0.0216 "-" 23 0
Dec 3 17:56:35 standalone proxy-server[125228]: 172.18.0.2 ::1 03/Dec/2025/17/56/35 PUT /v1/AUTH_c51f1f7b458643ac853557bab006bb07/gnocchi.b33bf090-1e33-48cc-9dee-703c729cff10 HTTP/1.0 201 - python-swiftclient-3.11.1 gAAAAABpMHkOisD2... - - - tx1bf1ba82c3d14f7f93368-00693079d3 - 0.0281 - - 1764784595.294682980 1764784595.322735310 0
Dec 3 17:56:35 standalone container-server[123334]: 172.20.0.100 - - [03/Dec/2025:17:56:35 +0000] "HEAD /d1/777/AUTH_c51f1f7b458643ac853557bab006bb07/gnocchi.b33bf090-1e33-48cc-9dee-703c729cff10" 204 - "HEAD http://localhost:8080/v1/AUTH_c51f1f7b458643ac853557bab006bb07/gnocchi.b33bf090-1e33-48cc-9dee-703c729cff10?format=json&states=listing" "tx329a7dbc35684856b993b-00693079d3" "proxy-server 12" 0.0025 "-" 22 0
Dec 3 17:56:35 standalone proxy-server[125228]: - - 03/Dec/2025/17/56/35 HEAD /v1/AUTH_c51f1f7b458643ac853557bab006bb07/gnocchi.b33bf090-1e33-48cc-9dee-703c729cff10%3Fformat%3Djson%26states%3Dlisting HTTP/1.0 204 - Swift - - - - tx329a7dbc35684856b993b-00693079d3 - 0.0080 RL - 1764784595.330211878 1764784595.338257074 0
Dec 3 17:56:35 standalone container-server[123328]: 172.20.0.100 - - [03/Dec/2025:17:56:35 +0000] "GET /d1/777/AUTH_c51f1f7b458643ac853557bab006bb07/gnocchi.b33bf090-1e33-48cc-9dee-703c729cff10" 200 2 "GET http://localhost:8080/v1/AUTH_c51f1f7b458643ac853557bab006bb07/gnocchi.b33bf090-1e33-48cc-9dee-703c729cff10?format=json&states=listing" "tx329a7dbc35684856b993b-00693079d3" "proxy-server 12" 0.0035 "-" 20 0
Dec 3 17:56:35 standalone proxy-server[125228]: 172.18.0.2 ::1 03/Dec/2025/17/56/35 GET /v1/AUTH_c51f1f7b458643ac853557bab006bb07/gnocchi.b33bf090-1e33-48cc-9dee-703c729cff10%3Fformat%3Djson%26states%3Dlisting HTTP/1.0 200 - python-swiftclient-3.11.1 gAAAAABpMHkOisD2... - 2 - tx329a7dbc35684856b993b-00693079d3 - 0.0225 - - 1764784595.328429937 1764784595.350959778 0
Dec 3 17:56:35 standalone object-server[123529]: 172.20.0.100 - - [03/Dec/2025:17:56:35 +0000] "GET /d1/338/AUTH_c51f1f7b458643ac853557bab006bb07/gnocchi.b33bf090-1e33-48cc-9dee-703c729cff10/1764720000.0_mean_300.0_v3" 404 70 "GET http://localhost:8080/v1/AUTH_c51f1f7b458643ac853557bab006bb07/gnocchi.b33bf090-1e33-48cc-9dee-703c729cff10/1764720000.0_mean_300.0_v3" "tx365a572579a24af98ee12-00693079d3" "proxy-server 12" 0.0006 "-" 21 0
Dec 3 17:56:35 standalone proxy-server[125228]: 172.18.0.2 ::1 03/Dec/2025/17/56/35 GET /v1/AUTH_c51f1f7b458643ac853557bab006bb07/gnocchi.b33bf090-1e33-48cc-9dee-703c729cff10/1764720000.0_mean_300.0_v3 HTTP/1.0 404 - python-swiftclient-3.11.1 gAAAAABpMHkOisD2... - 70 - tx365a572579a24af98ee12-00693079d3 - 0.0113 - - 1764784595.356604338 1764784595.367935181 0
Dec 3 17:56:35 standalone container-server[123328]: 172.20.0.100 - - [03/Dec/2025:17:56:35 +0000] "PUT /d1/777/AUTH_c51f1f7b458643ac853557bab006bb07/gnocchi.b33bf090-1e33-48cc-9dee-703c729cff10/1764720000.0_mean_300.0_v3" 201 - "PUT http://localhost:8080/d1/338/AUTH_c51f1f7b458643ac853557bab006bb07/gnocchi.b33bf090-1e33-48cc-9dee-703c729cff10/1764720000.0_mean_300.0_v3" "tx55266f60ed234a6d91bfb-00693079d3" "object-server 22" 0.0008 "-" 20 0
Dec 3 17:56:35 standalone object-server[123532]: 172.20.0.100 - - [03/Dec/2025:17:56:35 +0000] "PUT /d1/338/AUTH_c51f1f7b458643ac853557bab006bb07/gnocchi.b33bf090-1e33-48cc-9dee-703c729cff10/1764720000.0_mean_300.0_v3" 201 - "PUT http://localhost:8080/v1/AUTH_c51f1f7b458643ac853557bab006bb07/gnocchi.b33bf090-1e33-48cc-9dee-703c729cff10/1764720000.0_mean_300.0_v3" "tx55266f60ed234a6d91bfb-00693079d3" "proxy-server 12" 0.0120 "-" 22 0
Dec 3 17:56:35 standalone proxy-server[125228]: 172.18.0.2 ::1 03/Dec/2025/17/56/35 PUT /v1/AUTH_c51f1f7b458643ac853557bab006bb07/gnocchi.b33bf090-1e33-48cc-9dee-703c729cff10/1764720000.0_mean_300.0_v3 HTTP/1.0 201 - python-swiftclient-3.11.1 gAAAAABpMHkOisD2... 16 - - tx55266f60ed234a6d91bfb-00693079d3 - 0.0198 - - 1764784595.373089075 1764784595.392923832 0
Dec 3 17:56:35 standalone container-server[123329]: 172.20.0.100 - - [03/Dec/2025:17:56:35 +0000] "PUT /d1/777/AUTH_c51f1f7b458643ac853557bab006bb07/gnocchi.b33bf090-1e33-48cc-9dee-703c729cff10/none_v3" 201 - "PUT http://localhost:8080/d1/920/AUTH_c51f1f7b458643ac853557bab006bb07/gnocchi.b33bf090-1e33-48cc-9dee-703c729cff10/none_v3" "tx75f8235e948d472abe394-00693079d3" "object-server 22" 0.0008 "-" 21 0
Dec 3 17:56:35 standalone object-server[123532]: 172.20.0.100 - - [03/Dec/2025:17:56:35 +0000] "PUT /d1/920/AUTH_c51f1f7b458643ac853557bab006bb07/gnocchi.b33bf090-1e33-48cc-9dee-703c729cff10/none_v3" 201 - "PUT http://localhost:8080/v1/AUTH_c51f1f7b458643ac853557bab006bb07/gnocchi.b33bf090-1e33-48cc-9dee-703c729cff10/none_v3" "tx75f8235e948d472abe394-00693079d3" "proxy-server 12" 0.0111 "-" 22 0
Dec 3 17:56:35 standalone proxy-server[125228]: 172.18.0.2 ::1 03/Dec/2025/17/56/35 PUT /v1/AUTH_c51f1f7b458643ac853557bab006bb07/gnocchi.b33bf090-1e33-48cc-9dee-703c729cff10/none_v3 HTTP/1.0 201 - python-swiftclient-3.11.1 gAAAAABpMHkOisD2... 22 - - tx75f8235e948d472abe394-00693079d3 - 0.0200 - - 1764784595.399886370 1764784595.419867277 0
Dec 3 17:56:35 standalone container-server[123329]: 172.20.0.100 - - [03/Dec/2025:17:56:35 +0000] "HEAD /d1/189/AUTH_c51f1f7b458643ac853557bab006bb07/gnocchi.5de63c4a-e19c-4f27-b360-b192b97e6b3b" 404 - "HEAD http://localhost:8080/v1/AUTH_c51f1f7b458643ac853557bab006bb07/gnocchi.5de63c4a-e19c-4f27-b360-b192b97e6b3b?format=json&states=listing" "tx203b05b1097d42d884100-00693079d3" "proxy-server 12" 0.0006 "-" 21 0
Dec 3 17:56:35 standalone object-server[123566]: 172.20.0.100 - - [03/Dec/2025:17:56:35 +0000] "GET /d1/917/AUTH_c51f1f7b458643ac853557bab006bb07/gnocchi.5de63c4a-e19c-4f27-b360-b192b97e6b3b/none_v3" 404 70 "GET http://localhost:8080/v1/AUTH_c51f1f7b458643ac853557bab006bb07/gnocchi.5de63c4a-e19c-4f27-b360-b192b97e6b3b/none_v3" "tx203b05b1097d42d884100-00693079d3" "proxy-server 12" 0.0005 "-" 24 0
Dec 3 17:56:35 standalone proxy-server[125228]: 172.18.0.2 ::1 03/Dec/2025/17/56/35 GET /v1/AUTH_c51f1f7b458643ac853557bab006bb07/gnocchi.5de63c4a-e19c-4f27-b360-b192b97e6b3b/none_v3 HTTP/1.0 404 - python-swiftclient-3.11.1 gAAAAABpMHkOisD2... - 70 - tx203b05b1097d42d884100-00693079d3 - 0.0127 - - 1764784595.435900211 1764784595.448565483 0
Dec 3 17:56:35 standalone account-server[123392]: 172.20.0.100 - - [03/Dec/2025:17:56:35 +0000] "PUT /d1/348/AUTH_c51f1f7b458643ac853557bab006bb07/gnocchi.5de63c4a-e19c-4f27-b360-b192b97e6b3b" 201 - "PUT http://172.20.0.100:6001/d1/189/AUTH_c51f1f7b458643ac853557bab006bb07/gnocchi.5de63c4a-e19c-4f27-b360-b192b97e6b3b" "txffd62501c0b34e3cae3f1-00693079d3" "container-server 23" 0.0062 "-" 23 0
Dec 3 17:56:35 standalone container-server[123339]: 172.20.0.100 - - [03/Dec/2025:17:56:35 +0000] "PUT /d1/189/AUTH_c51f1f7b458643ac853557bab006bb07/gnocchi.5de63c4a-e19c-4f27-b360-b192b97e6b3b" 201 - "PUT http://localhost:8080/v1/AUTH_c51f1f7b458643ac853557bab006bb07/gnocchi.5de63c4a-e19c-4f27-b360-b192b97e6b3b" "txffd62501c0b34e3cae3f1-00693079d3" "proxy-server 12" 0.0212 "-" 23 0
Dec 3 17:56:35 standalone proxy-server[125228]: 172.18.0.2 ::1 03/Dec/2025/17/56/35 PUT /v1/AUTH_c51f1f7b458643ac853557bab006bb07/gnocchi.5de63c4a-e19c-4f27-b360-b192b97e6b3b HTTP/1.0 201 - python-swiftclient-3.11.1 gAAAAABpMHkOisD2... - - - txffd62501c0b34e3cae3f1-00693079d3 - 0.0280 - - 1764784595.452658415 1764784595.480674028 0
Dec 3 17:56:35 standalone container-server[123328]: 172.20.0.100 - - [03/Dec/2025:17:56:35 +0000] "HEAD /d1/189/AUTH_c51f1f7b458643ac853557bab006bb07/gnocchi.5de63c4a-e19c-4f27-b360-b192b97e6b3b" 204 - "HEAD http://localhost:8080/v1/AUTH_c51f1f7b458643ac853557bab006bb07/gnocchi.5de63c4a-e19c-4f27-b360-b192b97e6b3b?format=json&states=listing" "tx429605b2d5d54f9b83845-00693079d3" "proxy-server 12" 0.0021 "-" 20 0
Dec 3 17:56:35 standalone proxy-server[125228]: - - 03/Dec/2025/17/56/35 HEAD /v1/AUTH_c51f1f7b458643ac853557bab006bb07/gnocchi.5de63c4a-e19c-4f27-b360-b192b97e6b3b%3Fformat%3Djson%26states%3Dlisting HTTP/1.0 204 - Swift - - - - tx429605b2d5d54f9b83845-00693079d3 - 0.0066 RL - 1764784595.487602472 1764784595.494173765 0
Dec 3 17:56:35 standalone container-server[123334]: 172.20.0.100 - - [03/Dec/2025:17:56:35 +0000] "GET /d1/189/AUTH_c51f1f7b458643ac853557bab006bb07/gnocchi.5de63c4a-e19c-4f27-b360-b192b97e6b3b" 200 2 "GET http://localhost:8080/v1/AUTH_c51f1f7b458643ac853557bab006bb07/gnocchi.5de63c4a-e19c-4f27-b360-b192b97e6b3b?format=json&states=listing" "tx429605b2d5d54f9b83845-00693079d3" "proxy-server 12" 0.0036 "-" 22 0
Dec 3 17:56:35 standalone proxy-server[125228]: 172.18.0.2 ::1 03/Dec/2025/17/56/35 GET /v1/AUTH_c51f1f7b458643ac853557bab006bb07/gnocchi.5de63c4a-e19c-4f27-b360-b192b97e6b3b%3Fformat%3Djson%26states%3Dlisting HTTP/1.0 200 - python-swiftclient-3.11.1 gAAAAABpMHkOisD2... - 2 - tx429605b2d5d54f9b83845-00693079d3 - 0.0202 - - 1764784595.486043692 1764784595.506237745 0
Dec 3 17:56:35 standalone object-server[123548]: 172.20.0.100 - - [03/Dec/2025:17:56:35 +0000] "GET /d1/991/AUTH_c51f1f7b458643ac853557bab006bb07/gnocchi.5de63c4a-e19c-4f27-b360-b192b97e6b3b/1764720000.0_mean_300.0_v3" 404 70 "GET http://localhost:8080/v1/AUTH_c51f1f7b458643ac853557bab006bb07/gnocchi.5de63c4a-e19c-4f27-b360-b192b97e6b3b/1764720000.0_mean_300.0_v3" "txe844f6db4036400b9e311-00693079d3" "proxy-server 12" 0.0005 "-" 23 0
Dec 3 17:56:35 standalone proxy-server[125228]: 172.18.0.2 ::1 03/Dec/2025/17/56/35 GET /v1/AUTH_c51f1f7b458643ac853557bab006bb07/gnocchi.5de63c4a-e19c-4f27-b360-b192b97e6b3b/1764720000.0_mean_300.0_v3 HTTP/1.0 404 - python-swiftclient-3.11.1 gAAAAABpMHkOisD2... - 70 - txe844f6db4036400b9e311-00693079d3 - 0.0074 - - 1764784595.511493921 1764784595.518908739 0
Dec 3 17:56:35 standalone container-server[123334]: 172.20.0.100 - - [03/Dec/2025:17:56:35 +0000] "PUT /d1/189/AUTH_c51f1f7b458643ac853557bab006bb07/gnocchi.5de63c4a-e19c-4f27-b360-b192b97e6b3b/1764720000.0_mean_300.0_v3" 201 - "PUT http://localhost:8080/d1/991/AUTH_c51f1f7b458643ac853557bab006bb07/gnocchi.5de63c4a-e19c-4f27-b360-b192b97e6b3b/1764720000.0_mean_300.0_v3" "tx5152be03c5b74273a096c-00693079d3" "object-server 24" 0.0008 "-" 22 0
Dec 3 17:56:35 standalone object-server[123566]: 172.20.0.100 - - [03/Dec/2025:17:56:35 +0000] "PUT /d1/991/AUTH_c51f1f7b458643ac853557bab006bb07/gnocchi.5de63c4a-e19c-4f27-b360-b192b97e6b3b/1764720000.0_mean_300.0_v3" 201 - "PUT http://localhost:8080/v1/AUTH_c51f1f7b458643ac853557bab006bb07/gnocchi.5de63c4a-e19c-4f27-b360-b192b97e6b3b/1764720000.0_mean_300.0_v3" "tx5152be03c5b74273a096c-00693079d3" "proxy-server 12" 0.0120 "-" 24 0
Dec 3 17:56:35 standalone proxy-server[125228]: 172.18.0.2 ::1 03/Dec/2025/17/56/35 PUT /v1/AUTH_c51f1f7b458643ac853557bab006bb07/gnocchi.5de63c4a-e19c-4f27-b360-b192b97e6b3b/1764720000.0_mean_300.0_v3 HTTP/1.0 201 - python-swiftclient-3.11.1 gAAAAABpMHkOisD2... 16 - - tx5152be03c5b74273a096c-00693079d3 - 0.0198 - - 1764784595.526072025 1764784595.545861959 0
Dec 3 17:56:35 standalone container-server[123328]: 172.20.0.100 - - [03/Dec/2025:17:56:35 +0000] "PUT /d1/189/AUTH_c51f1f7b458643ac853557bab006bb07/gnocchi.5de63c4a-e19c-4f27-b360-b192b97e6b3b/none_v3" 201 - "PUT http://localhost:8080/d1/917/AUTH_c51f1f7b458643ac853557bab006bb07/gnocchi.5de63c4a-e19c-4f27-b360-b192b97e6b3b/none_v3" "tx06ccc2052fe14f0c9a481-00693079d3" "object-server 22" 0.0009 "-" 20 0
Dec 3 17:56:35 standalone object-server[123532]: 172.20.0.100 - - [03/Dec/2025:17:56:35 +0000] "PUT /d1/917/AUTH_c51f1f7b458643ac853557bab006bb07/gnocchi.5de63c4a-e19c-4f27-b360-b192b97e6b3b/none_v3" 201 - "PUT http://localhost:8080/v1/AUTH_c51f1f7b458643ac853557bab006bb07/gnocchi.5de63c4a-e19c-4f27-b360-b192b97e6b3b/none_v3" "tx06ccc2052fe14f0c9a481-00693079d3" "proxy-server 12" 0.0127 "-" 22 0
Dec 3 17:56:35 standalone proxy-server[125228]: 172.18.0.2 ::1 03/Dec/2025/17/56/35 PUT /v1/AUTH_c51f1f7b458643ac853557bab006bb07/gnocchi.5de63c4a-e19c-4f27-b360-b192b97e6b3b/none_v3 HTTP/1.0 201 - python-swiftclient-3.11.1 gAAAAABpMHkOisD2... 22 - - tx06ccc2052fe14f0c9a481-00693079d3 - 0.0200 - - 1764784595.550168037 1764784595.570151567 0
Dec 3 17:56:50 standalone object-server[123490]: Begin object update sweep
Dec 3 17:56:50 standalone object-server[229502]: Object update sweep starting on /srv/node/d1 (pid: 15)
Dec 3 17:56:50 standalone object-server[229502]: Object update sweep completed on /srv/node/d1 in 0.00s seconds:, 0 successes, 0 failures, 0 quarantines, 0 unlinks, 0 errors, 0 redirects (pid: 15)
Dec 3 17:56:50 standalone object-server[229502]: Object update sweep of d1 completed: 0.00s, 0 successes, 0 failures, 0 quarantines, 0 unlinks, 0 errors, 0 redirects
Dec 3 17:56:51 standalone object-server[123490]: Object update sweep completed: 0.08s
Dec 3 17:57:15 standalone account-server[123376]: 172.20.0.100 - - [03/Dec/2025:17:57:15 +0000] "HEAD /d1/889/.expiring_objects" 404 - "HEAD http://localhost/v1/.expiring_objects?format=json" "txdab54b95bced4a26b0f03-00693079fa" "proxy-server 2" 0.0007 "-" 22 -
Dec 3 17:57:15 standalone object-expirer[123374]: Pass completed in 0s; 0 objects expired (txn: txdab54b95bced4a26b0f03-00693079fa)
Dec 3 17:58:41 standalone container-server[123151]: Begin container update sweep
Dec 3 17:58:41 standalone account-server[123392]: 172.20.0.100 - - [03/Dec/2025:17:58:41 +0000] "PUT /d1/348/AUTH_c51f1f7b458643ac853557bab006bb07/gnocchi.d5acabd8-2a75-4c72-9195-d6f78aa175f8" 201 - "-" "-" "container-updater 2" 0.0012 "-" 23 0
Dec 3 17:58:41 standalone account-server[123363]: 172.20.0.100 - - [03/Dec/2025:17:58:41 +0000] "PUT /d1/348/AUTH_c51f1f7b458643ac853557bab006bb07/gnocchi.bd9d6df3-7d3c-4fa7-8184-4f40184ecc22" 201 - "-" "-" "container-updater 2" 0.0005 "-" 20 0
Dec 3 17:58:41 standalone account-server[123373]: 172.20.0.100 - - [03/Dec/2025:17:58:41 +0000] "PUT /d1/348/AUTH_c51f1f7b458643ac853557bab006bb07/gnocchi.6339f666-8690-491e-bdf4-574d997a3c1c" 201 - "-" "-" "container-updater 2" 0.0007 "-" 21 0
Dec 3 17:58:41 standalone account-server[123363]: 172.20.0.100 - - [03/Dec/2025:17:58:41 +0000] "PUT /d1/348/AUTH_c51f1f7b458643ac853557bab006bb07/gnocchi.ced1697f-3d49-49ce-876e-043aa2e12969" 201 - "-" "-" "container-updater 2" 0.0006 "-" 20 0
Dec 3 17:58:41 standalone account-server[123376]: 172.20.0.100 - - [03/Dec/2025:17:58:41 +0000] "PUT /d1/348/AUTH_c51f1f7b458643ac853557bab006bb07/gnocchi.c57b89bc-09db-4080-b3a3-6dea55d80f24" 201 - "-" "-" "container-updater 2" 0.0008 "-" 22 0
Dec 3 17:58:42 standalone account-server[123392]: 172.20.0.100 - - [03/Dec/2025:17:58:42 +0000] "PUT /d1/348/AUTH_c51f1f7b458643ac853557bab006bb07/gnocchi.aefb0e83-0e3f-4e72-9f26-a863a31f2545" 201 - "-" "-" "container-updater 2" 0.0007 "-" 23 0
Dec 3 17:58:42 standalone account-server[123376]: 172.20.0.100 - - [03/Dec/2025:17:58:42 +0000] "PUT /d1/348/AUTH_c51f1f7b458643ac853557bab006bb07/gnocchi.acca13e8-d652-438f-b192-57bbe78752fb" 201 - "-" "-" "container-updater 2" 0.0005 "-" 22 0
Dec 3 17:58:42 standalone account-server[123376]: 172.20.0.100 - - [03/Dec/2025:17:58:42 +0000] "PUT /d1/348/AUTH_c51f1f7b458643ac853557bab006bb07/gnocchi.d123e587-fdda-4c10-8326-269007267a76" 201 - "-" "-" "container-updater 2" 0.0005 "-" 22 0
Dec 3 17:58:42 standalone account-server[123363]: 172.20.0.100 - - [03/Dec/2025:17:58:42 +0000] "PUT /d1/348/AUTH_c51f1f7b458643ac853557bab006bb07/gnocchi.bb985701-7813-4a20-8d88-4a10e1e69144" 201 - "-" "-" "container-updater 2" 0.0008 "-" 20 0
Dec 3 17:58:42 standalone account-server[123376]: 172.20.0.100 - - [03/Dec/2025:17:58:42 +0000] "PUT /d1/348/AUTH_c51f1f7b458643ac853557bab006bb07/gnocchi.5832c2fe-fee1-47ab-8a76-c2fbc4908e04" 201 - "-" "-" "container-updater 2" 0.0006 "-" 22 0
Dec 3 17:58:42 standalone account-server[123373]: 172.20.0.100 - - [03/Dec/2025:17:58:42 +0000] "PUT /d1/348/AUTH_c51f1f7b458643ac853557bab006bb07/gnocchi.7384f061-09a1-4603-8248-46940e26c657" 201 - "-" "-" "container-updater 2" 0.0005 "-" 21 0
Dec 3 17:58:42 standalone account-server[123373]: 172.20.0.100 - - [03/Dec/2025:17:58:42 +0000] "PUT /d1/348/AUTH_c51f1f7b458643ac853557bab006bb07/gnocchi.b309423a-f8d1-45bd-bc05-80641c9b1c5b" 201 - "-" "-" "container-updater 2" 0.0005 "-" 21 0
Dec 3 17:58:42 standalone account-server[123363]: 172.20.0.100 - - [03/Dec/2025:17:58:42 +0000] "PUT /d1/348/AUTH_c51f1f7b458643ac853557bab006bb07/gnocchi.3843ae2a-9047-440b-bfc6-50647a648fa3" 201 - "-" "-" "container-updater 2" 0.0006 "-" 20 0
Dec 3 17:58:42 standalone account-server[123363]: 172.20.0.100 - - [03/Dec/2025:17:58:42 +0000] "PUT /d1/348/AUTH_c51f1f7b458643ac853557bab006bb07/gnocchi.5de63c4a-e19c-4f27-b360-b192b97e6b3b" 201 - "-" "-" "container-updater 2" 0.0006 "-" 20 0
Dec 3 17:58:43 standalone account-server[123373]: 172.20.0.100 - - [03/Dec/2025:17:58:43 +0000] "PUT /d1/348/AUTH_c51f1f7b458643ac853557bab006bb07/gnocchi.50b60f74-8da6-4c3a-83b6-1b22da0be6fe" 201 - "-" "-" "container-updater 2" 0.0007 "-" 21 0
Dec 3 17:58:43 standalone account-server[123392]: 172.20.0.100 - - [03/Dec/2025:17:58:43 +0000] "PUT /d1/348/AUTH_c51f1f7b458643ac853557bab006bb07/gnocchi.abee07b4-0525-4001-9452-8e33cc9677d7" 201 - "-" "-" "container-updater 2" 0.0007 "-" 23 0
Dec 3 17:58:43 standalone account-server[123373]: 172.20.0.100 - - [03/Dec/2025:17:58:43 +0000] "PUT /d1/348/AUTH_c51f1f7b458643ac853557bab006bb07/gnocchi.608f56d4-2845-49c4-aa4e-b99645a7d2d4" 201 - "-" "-" "container-updater 2" 0.0007 "-" 21 0
Dec 3 17:58:43 standalone account-server[123373]: 172.20.0.100 - - [03/Dec/2025:17:58:43 +0000] "PUT /d1/348/AUTH_c51f1f7b458643ac853557bab006bb07/gnocchi.dab894b5-b5ce-41ed-9ffa-0b1692d4f2ac" 201 - "-" "-" "container-updater 2" 0.0006 "-" 21 0
Dec 3 17:58:43 standalone account-server[123363]: 172.20.0.100 - - [03/Dec/2025:17:58:43 +0000] "PUT /d1/348/AUTH_c51f1f7b458643ac853557bab006bb07/gnocchi.dfbfd85d-cbf6-44d7-bec3-af4a59b9e944" 201 - "-" "-" "container-updater 2" 0.0007 "-" 20 0
Dec 3 17:58:43 standalone account-server[123392]: 172.20.0.100 - - [03/Dec/2025:17:58:43 +0000] "PUT /d1/348/AUTH_c51f1f7b458643ac853557bab006bb07/gnocchi.9f10da85-9443-45ff-b154-bc4ea4ed4ab2" 201 - "-" "-" "container-updater 2" 0.0006 "-" 23 0
Dec 3 17:58:43 standalone account-server[123373]: 172.20.0.100 - - [03/Dec/2025:17:58:43 +0000] "PUT /d1/348/AUTH_c51f1f7b458643ac853557bab006bb07/gnocchi.129f0467-dd8f-42e1-af0f-19e9b205fe51" 201 - "-" "-" "container-updater 2" 0.0007 "-" 21 0
Dec 3 17:58:43 standalone account-server[123373]: 172.20.0.100 - - [03/Dec/2025:17:58:43 +0000] "PUT /d1/348/AUTH_c51f1f7b458643ac853557bab006bb07/gnocchi.b33bf090-1e33-48cc-9dee-703c729cff10" 201 - "-" "-" "container-updater 2" 0.0005 "-" 21 0
Dec 3 17:58:44 standalone container-server[123151]: Container update sweep completed: 2.60s
Dec 3 18:00:29 standalone account-server[123363]: 172.20.0.100 - - [03/Dec/2025:18:00:29 +0000] "HEAD /d1/889/.expiring_objects" 404 - "HEAD http://localhost/v1/.expiring_objects?format=json" "tx9b0e81fc444241febb86d-0069307abd" "proxy-server 2" 0.0008 "-" 20 -
Dec 3 18:00:29 standalone object-expirer[123374]: Pass completed in 0s; 0 objects expired (txn: tx9b0e81fc444241febb86d-0069307abd)
Dec 3 18:01:51 standalone object-server[123490]: Begin object update sweep
Dec 3 18:01:51 standalone object-server[260281]: Object update sweep starting on /srv/node/d1 (pid: 16)
Dec 3 18:01:51 standalone object-server[260281]: Object update sweep completed on /srv/node/d1 in 0.00s seconds:, 0 successes, 0 failures, 0 quarantines, 0 unlinks, 0 errors, 0 redirects (pid: 16)
Dec 3 18:01:51 standalone object-server[260281]: Object update sweep of d1 completed: 0.00s, 0 successes, 0 failures, 0 quarantines, 0 unlinks, 0 errors, 0 redirects
Dec 3 18:01:51 standalone object-server[123490]: Object update sweep completed: 0.10s
Dec 3 18:02:27 standalone account-server[123392]: 172.20.0.100 - - [03/Dec/2025:18:02:27 +0000] "HEAD /d1/889/.expiring_objects" 404 - "HEAD http://localhost/v1/.expiring_objects?format=json" "tx7d14ffd835044f3896e63-0069307b33" "proxy-server 2" 0.0015 "-" 23 -
Dec 3 18:02:27 standalone object-expirer[123374]: Pass completed in 0s; 0 objects expired (txn: tx7d14ffd835044f3896e63-0069307b33)
Dec 3 18:03:41 standalone container-server[123151]: Begin container update sweep
Dec 3 18:03:43 standalone container-server[123151]: Container update sweep completed: 1.52s
Dec 3 18:06:51 standalone object-server[123490]: Begin object update sweep
Dec 3 18:06:51 standalone object-server[281261]: Object update sweep starting on /srv/node/d1 (pid: 17)
Dec 3 18:06:51 standalone object-server[281261]: Object update sweep completed on /srv/node/d1 in 0.00s seconds:, 0 successes, 0 failures, 0 quarantines, 0 unlinks, 0 errors, 0 redirects (pid: 17)
Dec 3 18:06:51 standalone object-server[281261]: Object update sweep of d1 completed: 0.00s, 0 successes, 0 failures, 0 quarantines, 0 unlinks, 0 errors, 0 redirects
Dec 3 18:06:51 standalone object-server[123490]: Object update sweep completed: 0.06s
Dec 3 18:07:14 standalone account-server[123373]: 172.20.0.30 - - [03/Dec/2025:18:07:14 +0000] "HEAD /d1/720/AUTH_0fe4d1c7fe5e4ebeaa5298f8bd448514" 404 - "HEAD http://swift-public-openstack.apps-crc.testing/v1/AUTH_0fe4d1c7fe5e4ebeaa5298f8bd448514?format=json" "tx6f6d7d29392c44fd825df-0069307c52" "proxy-server 9" 0.0006 "-" 21 -
Dec 3 18:07:15 standalone account-server[123373]: 172.20.0.30 - - [03/Dec/2025:18:07:15 +0000] "GET /d1/720/AUTH_0fe4d1c7fe5e4ebeaa5298f8bd448514" 404 - "GET http://swift-public-openstack.apps-crc.testing/v1/AUTH_0fe4d1c7fe5e4ebeaa5298f8bd448514?format=json" "tx6f6d7d29392c44fd825df-0069307c52" "proxy-server 9" 0.0004 "-" 21 -
Dec 3 18:07:16 standalone account-server[123376]: 172.20.0.100 - - [03/Dec/2025:18:07:16 +0000] "HEAD /d1/889/.expiring_objects" 404 - "HEAD http://localhost/v1/.expiring_objects?format=json" "tx638f8c0670e74cb5abc17-0069307c54" "proxy-server 2" 0.0006 "-" 22 -
Dec 3 18:07:16 standalone object-expirer[123374]: Pass completed in 0s; 0 objects expired (txn: tx638f8c0670e74cb5abc17-0069307c54)
Dec 3 18:08:41 standalone container-server[123151]: Begin container update sweep
Dec 3 18:08:43 standalone container-server[123151]: Container update sweep completed: 1.51s
Dec 3 18:10:03 standalone account-server[123392]: 172.20.0.100 - - [03/Dec/2025:18:10:03 +0000] "HEAD /d1/889/.expiring_objects" 404 - "HEAD http://localhost/v1/.expiring_objects?format=json" "tx7fe0107281a74fca8c7ed-0069307cfb" "proxy-server 2" 0.0008 "-" 23 -
Dec 3 18:10:03 standalone object-expirer[123374]: Pass completed in 0s; 0 objects expired (txn: tx7fe0107281a74fca8c7ed-0069307cfb)
Dec 3 18:11:41 standalone account-server[123376]: 172.20.0.100 - - [03/Dec/2025:18:11:41 +0000] "HEAD /d1/889/.expiring_objects" 404 - "HEAD http://localhost/v1/.expiring_objects?format=json" "txb7e46bfbfabb420997b68-0069307d5d" "proxy-server 2" 0.0004 "-" 22 -
Dec 3 18:11:41 standalone object-expirer[123374]: Pass completed in 0s; 0 objects expired (txn: txb7e46bfbfabb420997b68-0069307d5d)
Dec 3 18:11:51 standalone object-server[123490]: Begin object update sweep
Dec 3 18:11:51 standalone object-server[301511]: Object update sweep starting on /srv/node/d1 (pid: 18)
Dec 3 18:11:51 standalone object-server[301511]: Object update sweep completed on /srv/node/d1 in 0.00s seconds:, 0 successes, 0 failures, 0 quarantines, 0 unlinks, 0 errors, 0 redirects (pid: 18)
Dec 3 18:11:51 standalone object-server[301511]: Object update sweep of d1 completed: 0.00s, 0 successes, 0 failures, 0 quarantines, 0 unlinks, 0 errors, 0 redirects
Dec 3 18:11:51 standalone object-server[123490]: Object update sweep completed: 0.08s
Dec 3 18:13:41 standalone container-server[123151]: Begin container update sweep
Dec 3 18:13:43 standalone container-server[123151]: Container update sweep completed: 1.58s
Dec 3 18:14:15 standalone account-server[123392]: 172.20.0.100 - - [03/Dec/2025:18:14:15 +0000] "HEAD /d1/889/.expiring_objects" 404 - "HEAD http://localhost/v1/.expiring_objects?format=json" "tx8cedceea3abe42faa3fb0-0069307df7" "proxy-server 2" 0.0010 "-" 23 -
Dec 3 18:14:15 standalone object-expirer[123374]: Pass completed in 0s; 0 objects expired (txn: tx8cedceea3abe42faa3fb0-0069307df7)
Dec 3 18:14:58 standalone account-server[123363]: 172.20.0.30 - - [03/Dec/2025:18:14:58 +0000] "HEAD /d1/348/AUTH_c51f1f7b458643ac853557bab006bb07" 204 - "HEAD http://swift-internal.openstack.svc:8080/v1/AUTH_c51f1f7b458643ac853557bab006bb07?format=json" "tx5cf98ef0b50e46eabb633-0069307e22" "proxy-server 6" 0.0113 "-" 20 -
Dec 3 18:14:58 standalone container-server[123329]: 172.20.0.30 - - [03/Dec/2025:18:14:58 +0000] "HEAD /d1/736/AUTH_c51f1f7b458643ac853557bab006bb07/glance" 204 - "HEAD http://swift-internal.openstack.svc:8080/v1/AUTH_c51f1f7b458643ac853557bab006bb07/glance?format=json&states=listing" "tx5cf98ef0b50e46eabb633-0069307e22" "proxy-server 6" 0.0028 "-" 21 0
Dec 3 18:15:01 standalone container-server[123334]: 172.20.0.100 - - [03/Dec/2025:18:15:01 +0000] "PUT /d1/736/AUTH_c51f1f7b458643ac853557bab006bb07/glance/bb68e87d-ff65-4866-a0e8-e087402e3ff4-00001" 201 - "PUT http://swift-internal.openstack.svc:8080/d1/271/AUTH_c51f1f7b458643ac853557bab006bb07/glance/bb68e87d-ff65-4866-a0e8-e087402e3ff4-00001" "txa706501b17434002b54d1-0069307e22" "object-server 22" 0.0009 "-" 22 0
Dec 3 18:15:01 standalone object-server[123532]: 172.20.0.30 - - [03/Dec/2025:18:15:01 +0000] "PUT /d1/271/AUTH_c51f1f7b458643ac853557bab006bb07/glance/bb68e87d-ff65-4866-a0e8-e087402e3ff4-00001" 201 - "PUT http://swift-internal.openstack.svc:8080/v1/AUTH_c51f1f7b458643ac853557bab006bb07/glance/bb68e87d-ff65-4866-a0e8-e087402e3ff4-00001" "txa706501b17434002b54d1-0069307e22" "proxy-server 6" 2.6709 "-" 22 0
Dec 3 18:15:04 standalone container-server[123339]: 172.20.0.100 - - [03/Dec/2025:18:15:04 +0000] "PUT /d1/736/AUTH_c51f1f7b458643ac853557bab006bb07/glance/bb68e87d-ff65-4866-a0e8-e087402e3ff4-00002" 201 - "PUT http://swift-internal.openstack.svc:8080/d1/191/AUTH_c51f1f7b458643ac853557bab006bb07/glance/bb68e87d-ff65-4866-a0e8-e087402e3ff4-00002" "txf9f1727cd2354f3e91193-0069307e25" "object-server 22" 0.0010 "-" 23 0
Dec 3 18:15:04 standalone object-server[123532]: 172.20.0.30 - - [03/Dec/2025:18:15:04 +0000] "PUT /d1/191/AUTH_c51f1f7b458643ac853557bab006bb07/glance/bb68e87d-ff65-4866-a0e8-e087402e3ff4-00002" 201 - "PUT http://swift-internal.openstack.svc:8080/v1/AUTH_c51f1f7b458643ac853557bab006bb07/glance/bb68e87d-ff65-4866-a0e8-e087402e3ff4-00002" "txf9f1727cd2354f3e91193-0069307e25" "proxy-server 6" 2.3729 "-" 22 0
Dec 3 18:15:05 standalone container-server[123334]: 172.20.0.100 - - [03/Dec/2025:18:15:05 +0000] "PUT /d1/736/AUTH_c51f1f7b458643ac853557bab006bb07/glance/bb68e87d-ff65-4866-a0e8-e087402e3ff4-00003" 201 - "PUT http://swift-internal.openstack.svc:8080/d1/91/AUTH_c51f1f7b458643ac853557bab006bb07/glance/bb68e87d-ff65-4866-a0e8-e087402e3ff4-00003" "txa42a0c6b32304c51a653a-0069307e28" "object-server 24" 0.0013 "-" 22 0
Dec 3 18:15:05 standalone object-server[123566]: 172.20.0.30 - - [03/Dec/2025:18:15:05 +0000] "PUT /d1/91/AUTH_c51f1f7b458643ac853557bab006bb07/glance/bb68e87d-ff65-4866-a0e8-e087402e3ff4-00003" 201 - "PUT http://swift-internal.openstack.svc:8080/v1/AUTH_c51f1f7b458643ac853557bab006bb07/glance/bb68e87d-ff65-4866-a0e8-e087402e3ff4-00003" "txa42a0c6b32304c51a653a-0069307e28" "proxy-server 6" 1.5956 "-" 24 0
Dec 3 18:15:05 standalone container-server[123328]: 172.20.0.100 - - [03/Dec/2025:18:15:05 +0000] "PUT /d1/736/AUTH_c51f1f7b458643ac853557bab006bb07/glance/bb68e87d-ff65-4866-a0e8-e087402e3ff4" 201 - "PUT http://swift-internal.openstack.svc:8080/d1/535/AUTH_c51f1f7b458643ac853557bab006bb07/glance/bb68e87d-ff65-4866-a0e8-e087402e3ff4" "tx33db1889470a411bb252e-0069307e29" "object-server 22" 0.0011 "-" 20 0
Dec 3 18:15:05 standalone object-server[123532]: 172.20.0.30 - - [03/Dec/2025:18:15:05 +0000] "PUT /d1/535/AUTH_c51f1f7b458643ac853557bab006bb07/glance/bb68e87d-ff65-4866-a0e8-e087402e3ff4" 201 - "PUT http://swift-internal.openstack.svc:8080/v1/AUTH_c51f1f7b458643ac853557bab006bb07/glance/bb68e87d-ff65-4866-a0e8-e087402e3ff4" "tx33db1889470a411bb252e-0069307e29" "proxy-server 6" 0.0137 "-" 22 0
Dec 3 18:15:07 standalone account-server[123363]: 172.20.0.100 - - [03/Dec/2025:18:15:07 +0000] "HEAD /d1/889/.expiring_objects" 404 - "HEAD http://localhost/v1/.expiring_objects?format=json" "tx6e6680a9d81b4460adc38-0069307e2b" "proxy-server 2" 0.0008 "-" 20 -
Dec 3 18:15:07 standalone object-expirer[123374]: Pass completed in 0s; 0 objects expired (txn: tx6e6680a9d81b4460adc38-0069307e2b)
Dec 3 18:16:51 standalone object-server[123490]: Begin object update sweep
Dec 3 18:16:51 standalone object-server[322231]: Object update sweep starting on /srv/node/d1 (pid: 19)
Dec 3 18:16:51 standalone object-server[322231]: Object update sweep completed on /srv/node/d1 in 0.00s seconds:, 0 successes, 0 failures, 0 quarantines, 0 unlinks, 0 errors, 0 redirects (pid: 19)
Dec 3 18:16:51 standalone object-server[322231]: Object update sweep of d1 completed: 0.00s, 0 successes, 0 failures, 0 quarantines, 0 unlinks, 0 errors, 0 redirects
Dec 3 18:16:51 standalone object-server[123490]: Object update sweep completed: 0.10s
Dec 3 18:17:59 standalone account-server[123392]: 172.20.0.100 - - [03/Dec/2025:18:17:59 +0000] "HEAD /d1/889/.expiring_objects" 404 - "HEAD http://localhost/v1/.expiring_objects?format=json" "tx152ff0d382ba4dd1b4946-0069307ed7" "proxy-server 2" 0.0010 "-" 23 -
Dec 3 18:17:59 standalone object-expirer[123374]: Pass completed in 0s; 0 objects expired (txn: tx152ff0d382ba4dd1b4946-0069307ed7)
Dec 3 18:18:41 standalone container-server[123151]: Begin container update sweep
Dec 3 18:18:43 standalone account-server[123363]: 172.20.0.100 - - [03/Dec/2025:18:18:43 +0000] "PUT /d1/348/AUTH_c51f1f7b458643ac853557bab006bb07/glance" 201 - "-" "-" "container-updater 2" 0.0009 "-" 20 0
Dec 3 18:18:43 standalone container-server[123151]: Container update sweep completed: 1.80s
