Dec 3 17:41:35 standalone account-server[122898]: Starting 2
Dec 3 17:41:36 standalone container-server[123005]: Option allow_versions is deprecated. Configure the versioned_writes middleware in the proxy-server instead. This option will be ignored in a future release.
Dec 3 17:41:36 standalone container-server[123328]: Option allow_versions is deprecated. Configure the versioned_writes middleware in the proxy-server instead. This option will be ignored in a future release.
Dec 3 17:41:36 standalone container-server[123005]: Started child 20 from parent 2
Dec 3 17:41:36 standalone container-server[123329]: Option allow_versions is deprecated. Configure the versioned_writes middleware in the proxy-server instead. This option will be ignored in a future release.
Dec 3 17:41:36 standalone container-server[123005]: Started child 21 from parent 2
Dec 3 17:41:36 standalone container-server[123334]: Option allow_versions is deprecated. Configure the versioned_writes middleware in the proxy-server instead. This option will be ignored in a future release.
Dec 3 17:41:36 standalone container-server[123005]: Started child 22 from parent 2
Dec 3 17:41:36 standalone container-server[123339]: Option allow_versions is deprecated. Configure the versioned_writes middleware in the proxy-server instead. This option will be ignored in a future release.
Dec 3 17:41:36 standalone container-server[123005]: Started child 23 from parent 2
Dec 3 17:41:36 standalone account-server[123026]: Started child 20 from parent 2
Dec 3 17:41:36 standalone account-server[123026]: Started child 21 from parent 2
Dec 3 17:41:36 standalone account-server[123026]: Started child 22 from parent 2
Dec 3 17:41:36 standalone account-server[123026]: Started child 23 from parent 2
Dec 3 17:41:36 standalone container-server[123151]: Starting 2
Dec 3 17:41:36 standalone object-expirer[123374]: Starting 2
Dec 3 17:41:36 standalone object-expirer[123374]: Option auto_create_account_prefix is deprecated. Configure auto_create_account_prefix under the swift-constraints section of swift.conf. This option will be ignored in a future release.
Dec 3 17:41:37 standalone object-server[123425]: Started child 21 from parent 2
Dec 3 17:41:37 standalone object-server[123425]: Started child 22 from parent 2
Dec 3 17:41:37 standalone object-server[123425]: Started child 23 from parent 2
Dec 3 17:41:37 standalone object-server[123425]: Started child 24 from parent 2
Dec 3 17:41:37 standalone object-server[123490]: Starting 2
Dec 3 17:41:44 standalone proxy-server[125027]: Starting Keystone auth_token middleware
Dec 3 17:41:44 standalone proxy-server[125027]: AuthToken middleware is set with keystone_authtoken.service_token_roles_required set to False. This is backwards compatible but deprecated behaviour. Please set this to True.
Dec 3 17:41:44 standalone proxy-server[125228]: Starting Keystone auth_token middleware
Dec 3 17:41:44 standalone proxy-server[125228]: STDERR: The option "bind_port" is not known to keystonemiddleware
Dec 3 17:41:44 standalone proxy-server[125228]: STDERR: The option "workers" is not known to keystonemiddleware
Dec 3 17:41:44 standalone proxy-server[125228]: STDERR: The option "user" is not known to keystonemiddleware
Dec 3 17:41:44 standalone proxy-server[125228]: STDERR: The option "bind_ip" is not known to keystonemiddleware
Dec 3 17:41:44 standalone proxy-server[125228]: STDERR: The option "log_name" is not known to keystonemiddleware
Dec 3 17:41:44 standalone proxy-server[125228]: STDERR: The option "log_facility" is not known to keystonemiddleware
Dec 3 17:41:44 standalone proxy-server[125228]: STDERR: The option "log_level" is not known to keystonemiddleware
Dec 3 17:41:44 standalone proxy-server[125228]: STDERR: The option "log_headers" is not known to keystonemiddleware
Dec 3 17:41:44 standalone proxy-server[125228]: STDERR: The option "log_address" is not known to keystonemiddleware
Dec 3 17:41:44 standalone proxy-server[125228]: STDERR: The option "project_name" is not known to keystonemiddleware
Dec 3 17:41:44 standalone proxy-server[125228]: STDERR: The option "username" is not known to keystonemiddleware
Dec 3 17:41:44 standalone proxy-server[125228]: STDERR: The option "password" is not known to keystonemiddleware
Dec 3 17:41:44 standalone proxy-server[125228]: STDERR: The option "auth_url" is not known to keystonemiddleware
Dec 3 17:41:44 standalone proxy-server[125228]: STDERR: The option "signing_dir" is not known to keystonemiddleware
Dec 3 17:41:44 standalone proxy-server[125228]: STDERR: The option "project_domain_id" is not known to keystonemiddleware
Dec 3 17:41:44 standalone proxy-server[125228]: STDERR: The option "user_domain_id" is not known to keystonemiddleware
Dec 3 17:41:44 standalone proxy-server[125228]: STDERR: The option "__name__" is not known to keystonemiddleware
Dec 3 17:41:44 standalone proxy-server[125228]: AuthToken middleware is set with keystone_authtoken.service_token_roles_required set to False. This is backwards compatible but deprecated behaviour. Please set this to True.
Dec 3 17:41:44 standalone proxy-server[125027]: Started child 12 from parent 2
Dec 3 17:41:50 standalone object-server[123490]: Begin object update sweep
Dec 3 17:41:50 standalone object-server[126647]: Object update sweep starting on /srv/node/d1 (pid: 11)
Dec 3 17:41:50 standalone object-server[126647]: Object update sweep completed on /srv/node/d1 in 0.00s seconds:, 0 successes, 0 failures, 0 quarantines, 0 unlinks, 0 errors, 0 redirects (pid: 11)
Dec 3 17:41:50 standalone object-server[126647]: Object update sweep of d1 completed: 0.00s, 0 successes, 0 failures, 0 quarantines, 0 unlinks, 0 errors, 0 redirects
Dec 3 17:41:50 standalone object-server[123490]: Object update sweep completed: 0.05s
Dec 3 17:43:41 standalone container-server[123151]: Begin container update sweep
Dec 3 17:43:41 standalone container-server[123151]: Container update sweep completed: 0.00s
Dec 3 17:43:50 standalone account-server[123363]: 172.20.0.100 - - [03/Dec/2025:17:43:50 +0000] "HEAD /d1/889/.expiring_objects" 404 - "HEAD http://localhost/v1/.expiring_objects?format=json" "tx8d495061110243e28d1eb-00693076d6" "proxy-server 2" 0.0019 "-" 20 -
Dec 3 17:43:50 standalone object-expirer[123374]: Pass completed in 0s; 0 objects expired (txn: tx8d495061110243e28d1eb-00693076d6)
Dec 3 17:45:36 standalone account-server[123373]: 172.20.0.100 - - [03/Dec/2025:17:45:36 +0000] "HEAD /d1/889/.expiring_objects" 404 - "HEAD http://localhost/v1/.expiring_objects?format=json" "tx80d6e87582344b0d88a14-0069307740" "proxy-server 2" 0.0022 "-" 21 -
Dec 3 17:45:36 standalone object-expirer[123374]: Pass completed in 0s; 0 objects expired (txn: tx80d6e87582344b0d88a14-0069307740)
Dec 3 17:46:50 standalone object-server[123490]: Begin object update sweep
Dec 3 17:46:50 standalone object-server[160094]: Object update sweep starting on /srv/node/d1 (pid: 13)
Dec 3 17:46:50 standalone object-server[160094]: Object update sweep completed on /srv/node/d1 in 0.00s seconds:, 0 successes, 0 failures, 0 quarantines, 0 unlinks, 0 errors, 0 redirects (pid: 13)
Dec 3 17:46:50 standalone object-server[160094]: Object update sweep of d1 completed: 0.00s, 0 successes, 0 failures, 0 quarantines, 0 unlinks, 0 errors, 0 redirects
Dec 3 17:46:50 standalone object-server[123490]: Object update sweep completed: 0.06s
Dec 3 17:48:11 standalone account-server[123376]: 172.20.0.100 - - [03/Dec/2025:17:48:11 +0000] "HEAD /d1/348/AUTH_c51f1f7b458643ac853557bab006bb07" 404 - "HEAD http://localhost:8080/v1/AUTH_c51f1f7b458643ac853557bab006bb07?format=json" "tx55f1ae5a515b4defbdf23-00693077db" "proxy-server 12" 0.0009 "-" 22 -
Dec 3 17:48:11 standalone proxy-server[125228]: - - 03/Dec/2025/17/48/11 HEAD /v1/AUTH_c51f1f7b458643ac853557bab006bb07%3Fformat%3Djson HTTP/1.0 200 - Swift - - - - tx55f1ae5a515b4defbdf23-00693077db - 0.0057 RL - 1764784091.451481342 1764784091.457171202 -
Dec 3 17:48:11 standalone proxy-server[125228]: 172.18.0.2 ::1 03/Dec/2025/17/48/11 HEAD /v1/AUTH_c51f1f7b458643ac853557bab006bb07/glance%3Fformat%3Djson HTTP/1.0 404 - python-swiftclient-3.11.1 gAAAAABpMHfbwulH... - - - tx55f1ae5a515b4defbdf23-00693077db - 0.4655 - - 1764784091.446868896 1764784091.912380934 -
Dec 3 17:48:11 standalone account-server[123363]: 172.20.0.100 - - [03/Dec/2025:17:48:11 +0000] "PUT /d1/348/AUTH_c51f1f7b458643ac853557bab006bb07" 201 - "-" "tx7855001c34714a1fb404e-00693077db" "-" 0.0228 "-" 20 -
Dec 3 17:48:11 standalone proxy-server[125228]: autocreate account '/AUTH_c51f1f7b458643ac853557bab006bb07' (txn: tx7855001c34714a1fb404e-00693077db)
Dec 3 17:48:11 standalone account-server[123373]: 172.20.0.100 - - [03/Dec/2025:17:48:11 +0000] "HEAD /d1/348/AUTH_c51f1f7b458643ac853557bab006bb07" 204 - "HEAD http://localhost:8080/v1/AUTH_c51f1f7b458643ac853557bab006bb07?format=json" "tx7855001c34714a1fb404e-00693077db" "proxy-server 12" 0.0030 "-" 21 -
Dec 3 17:48:11 standalone account-server[123376]: 172.20.0.100 - - [03/Dec/2025:17:48:11 +0000] "PUT /d1/348/AUTH_c51f1f7b458643ac853557bab006bb07/glance" 201 - "PUT http://172.20.0.100:6001/d1/736/AUTH_c51f1f7b458643ac853557bab006bb07/glance" "tx7855001c34714a1fb404e-00693077db" "container-server 20" 0.0028 "-" 22 0
Dec 3 17:48:11 standalone container-server[123328]: 172.20.0.100 - - [03/Dec/2025:17:48:11 +0000] "PUT /d1/736/AUTH_c51f1f7b458643ac853557bab006bb07/glance" 201 - "PUT http://localhost:8080/v1/AUTH_c51f1f7b458643ac853557bab006bb07/glance" "tx7855001c34714a1fb404e-00693077db" "proxy-server 12" 0.0176 "-" 20 0
Dec 3 17:48:11 standalone proxy-server[125228]: 172.18.0.2 ::1 03/Dec/2025/17/48/11 PUT /v1/AUTH_c51f1f7b458643ac853557bab006bb07/glance HTTP/1.0 201 - python-swiftclient-3.11.1 gAAAAABpMHfbwulH... - - - tx7855001c34714a1fb404e-00693077db - 0.0741 - - 1764784091.922675371 1764784091.996752501 0
Dec 3 17:48:12 standalone container-server[123334]: 172.20.0.100 - - [03/Dec/2025:17:48:12 +0000] "HEAD /d1/736/AUTH_c51f1f7b458643ac853557bab006bb07/glance" 204 - "HEAD http://localhost:8080/v1/AUTH_c51f1f7b458643ac853557bab006bb07/glance?format=json&states=listing" "tx8e1d1d80dbc540f0bbf60-00693077dc" "proxy-server 12" 0.0029 "-" 22 0
Dec 3 17:48:12 standalone proxy-server[125228]: - - 03/Dec/2025/17/48/12 HEAD /v1/AUTH_c51f1f7b458643ac853557bab006bb07/glance%3Fformat%3Djson%26states%3Dlisting HTTP/1.0 204 - Swift - - - - tx8e1d1d80dbc540f0bbf60-00693077dc - 0.0131 RL - 1764784092.006494761 1764784092.019558430 0
Dec 3 17:48:13 standalone account-server[123376]: 172.20.0.100 - - [03/Dec/2025:17:48:13 +0000] "HEAD /d1/889/.expiring_objects" 404 - "HEAD http://localhost/v1/.expiring_objects?format=json" "tx99470e912b0442689cab4-00693077dd" "proxy-server 2" 0.0003 "-" 22 -
Dec 3 17:48:13 standalone object-expirer[123374]: Pass completed in 0s; 0 objects expired (txn: tx99470e912b0442689cab4-00693077dd)
Dec 3 17:48:31 standalone container-server[123329]: 172.20.0.100 - - [03/Dec/2025:17:48:31 +0000] "PUT /d1/736/AUTH_c51f1f7b458643ac853557bab006bb07/glance/7d6eea74-2e65-465a-ae1d-cddf958b7800" 201 - "PUT http://localhost:8080/d1/50/AUTH_c51f1f7b458643ac853557bab006bb07/glance/7d6eea74-2e65-465a-ae1d-cddf958b7800" "tx8e1d1d80dbc540f0bbf60-00693077dc" "object-server 24" 0.0015 "-" 21 0
Dec 3 17:48:31 standalone object-server[123566]: 172.20.0.100 - - [03/Dec/2025:17:48:31 +0000] "PUT /d1/50/AUTH_c51f1f7b458643ac853557bab006bb07/glance/7d6eea74-2e65-465a-ae1d-cddf958b7800" 201 - "PUT http://localhost:8080/v1/AUTH_c51f1f7b458643ac853557bab006bb07/glance/7d6eea74-2e65-465a-ae1d-cddf958b7800" "tx8e1d1d80dbc540f0bbf60-00693077dc" "proxy-server 12" 19.3793 "-" 24 0
Dec 3 17:48:31 standalone proxy-server[125228]: 172.18.0.2 ::1 03/Dec/2025/17/48/31 PUT /v1/AUTH_c51f1f7b458643ac853557bab006bb07/glance/7d6eea74-2e65-465a-ae1d-cddf958b7800 HTTP/1.0 201 - python-swiftclient-3.11.1 gAAAAABpMHfbwulH... 1472724992 - - tx8e1d1d80dbc540f0bbf60-00693077dc - 19.4009 - - 1764784092.005078554 1764784111.406009674 0
Dec 3 17:48:35 standalone account-server[123376]: 172.20.0.100 - - [03/Dec/2025:17:48:35 +0000] "HEAD /d1/889/.expiring_objects" 404 - "HEAD http://localhost/v1/.expiring_objects?format=json" "tx0fd2845c3fac4bc8aab70-00693077f3" "proxy-server 2" 0.0004 "-" 22 -
Dec 3 17:48:35 standalone object-expirer[123374]: Pass completed in 0s; 0 objects expired (txn: tx0fd2845c3fac4bc8aab70-00693077f3)
Dec 3 17:48:41 standalone container-server[123151]: Begin container update sweep
Dec 3 17:48:41 standalone account-server[123392]: 172.20.0.100 - - [03/Dec/2025:17:48:41 +0000] "PUT /d1/348/AUTH_c51f1f7b458643ac853557bab006bb07/glance" 201 - "-" "-" "container-updater 2" 0.0012 "-" 23 0
Dec 3 17:48:41 standalone container-server[123151]: Container update sweep completed: 0.18s
Dec 3 17:49:52 standalone account-server[123376]: 172.20.0.100 - - [03/Dec/2025:17:49:52 +0000] "HEAD /d1/889/.expiring_objects" 404 - "HEAD http://localhost/v1/.expiring_objects?format=json" "txc859532dce9b4472976aa-0069307840" "proxy-server 2" 0.0010 "-" 22 -
Dec 3 17:49:52 standalone object-expirer[123374]: Pass completed in 0s; 0 objects expired (txn: txc859532dce9b4472976aa-0069307840)
Dec 3 17:51:49 standalone account-server[122898]: Devices pass completed: 0.00s
Dec 3 17:51:50 standalone object-server[123490]: Begin object update sweep
Dec 3 17:51:50 standalone object-server[199307]: Object update sweep starting on /srv/node/d1 (pid: 14)
Dec 3 17:51:50 standalone object-server[199307]: Object update sweep completed on /srv/node/d1 in 0.00s seconds:, 0 successes, 0 failures, 0 quarantines, 0 unlinks, 0 errors, 0 redirects (pid: 14)
Dec 3 17:51:50 standalone object-server[199307]: Object update sweep of d1 completed: 0.00s, 0 successes, 0 failures, 0 quarantines, 0 unlinks, 0 errors, 0 redirects
Dec 3 17:51:50 standalone object-server[123490]: Object update sweep completed: 0.09s
Dec 3 17:53:14 standalone account-server[123373]: 172.20.0.100 - - [03/Dec/2025:17:53:14 +0000] "HEAD /d1/348/AUTH_c51f1f7b458643ac853557bab006bb07" 204 - "HEAD http://localhost:8080/v1/AUTH_c51f1f7b458643ac853557bab006bb07?format=json" "tx1b186651d93d4566b0764-0069307909" "proxy-server 12" 0.0090 "-" 21 -
Dec 3 17:53:14 standalone proxy-server[125228]: - - 03/Dec/2025/17/53/14 HEAD /v1/AUTH_c51f1f7b458643ac853557bab006bb07%3Fformat%3Djson HTTP/1.0 204 - Swift - - - - tx1b186651d93d4566b0764-0069307909 - 0.0147 RL - 1764784394.000128984 1764784394.014792919 -
Dec 3 17:53:14 standalone container-server[123334]: 172.20.0.100 - - [03/Dec/2025:17:53:14 +0000] "HEAD /d1/736/AUTH_c51f1f7b458643ac853557bab006bb07/glance" 204 - "HEAD http://localhost:8080/v1/AUTH_c51f1f7b458643ac853557bab006bb07/glance?format=json&states=listing" "tx1b186651d93d4566b0764-0069307909" "proxy-server 12" 0.0049 "-" 22 0
Dec 3 17:53:14 standalone proxy-server[125228]: 172.18.0.2 ::1 03/Dec/2025/17/53/14 HEAD /v1/AUTH_c51f1f7b458643ac853557bab006bb07/glance%3Fformat%3Djson%26states%3Dlisting HTTP/1.0 204 - python-swiftclient-3.11.1 gAAAAABpMHkJzG1M... - - - tx1b186651d93d4566b0764-0069307909 - 0.1183 - - 1764784393.999036789 1764784394.117337942 0
Dec 3 17:53:17 standalone container-server[123339]: 172.20.0.100 - - [03/Dec/2025:17:53:17 +0000] "PUT /d1/736/AUTH_c51f1f7b458643ac853557bab006bb07/glance/a521185b-b036-4e96-a582-a69b9476cfb7-00001" 201 - "PUT http://localhost:8080/d1/301/AUTH_c51f1f7b458643ac853557bab006bb07/glance/a521185b-b036-4e96-a582-a69b9476cfb7-00001" "txce5b8a624e6e484fa9464-006930790a" "object-server 22" 0.0020 "-" 23 0
Dec 3 17:53:17 standalone object-server[123532]: 172.20.0.100 - - [03/Dec/2025:17:53:17 +0000] "PUT /d1/301/AUTH_c51f1f7b458643ac853557bab006bb07/glance/a521185b-b036-4e96-a582-a69b9476cfb7-00001" 201 - "PUT http://localhost:8080/v1/AUTH_c51f1f7b458643ac853557bab006bb07/glance/a521185b-b036-4e96-a582-a69b9476cfb7-00001" "txce5b8a624e6e484fa9464-006930790a" "proxy-server 12" 3.1016 "-" 22 0
Dec 3 17:53:17 standalone proxy-server[125228]: 172.18.0.2 ::1 03/Dec/2025/17/53/17 PUT /v1/AUTH_c51f1f7b458643ac853557bab006bb07/glance/a521185b-b036-4e96-a582-a69b9476cfb7-00001 HTTP/1.0 201 - python-swiftclient-3.11.1 gAAAAABpMHkJzG1M... 21692416 - - txce5b8a624e6e484fa9464-006930790a - 3.1180 - - 1764784394.129224539 1764784397.247255087 0
Dec 3 17:53:17 standalone container-server[123328]: 172.20.0.100 - - [03/Dec/2025:17:53:17 +0000] "PUT /d1/736/AUTH_c51f1f7b458643ac853557bab006bb07/glance/a521185b-b036-4e96-a582-a69b9476cfb7" 201 - "PUT http://localhost:8080/d1/577/AUTH_c51f1f7b458643ac853557bab006bb07/glance/a521185b-b036-4e96-a582-a69b9476cfb7" "tx5a69724f91fb413f80dd8-006930790d" "object-server 24" 0.0010 "-" 20 0
Dec 3 17:53:17 standalone object-server[123566]: 172.20.0.100 - - [03/Dec/2025:17:53:17 +0000] "PUT /d1/577/AUTH_c51f1f7b458643ac853557bab006bb07/glance/a521185b-b036-4e96-a582-a69b9476cfb7" 201 - "PUT http://localhost:8080/v1/AUTH_c51f1f7b458643ac853557bab006bb07/glance/a521185b-b036-4e96-a582-a69b9476cfb7" "tx5a69724f91fb413f80dd8-006930790d" "proxy-server 12" 0.0122 "-" 24 0
Dec 3 17:53:17 standalone proxy-server[125228]: 172.18.0.2 ::1 03/Dec/2025/17/53/17 PUT /v1/AUTH_c51f1f7b458643ac853557bab006bb07/glance/a521185b-b036-4e96-a582-a69b9476cfb7 HTTP/1.0 201 - python-swiftclient-3.11.1 gAAAAABpMHkJzG1M... - - - tx5a69724f91fb413f80dd8-006930790d - 0.0215 - - 1764784397.256635666 1764784397.278129101 0
Dec 3 17:53:18 standalone container-server[123328]: 172.20.0.100 - - [03/Dec/2025:17:53:18 +0000] "HEAD /d1/52/AUTH_c51f1f7b458643ac853557bab006bb07/gnocchi.dab894b5-b5ce-41ed-9ffa-0b1692d4f2ac" 404 - "HEAD http://localhost:8080/v1/AUTH_c51f1f7b458643ac853557bab006bb07/gnocchi.dab894b5-b5ce-41ed-9ffa-0b1692d4f2ac?format=json&states=listing" "tx2e15c5fdbbf24d82ae297-006930790e" "proxy-server 12" 0.0012 "-" 20 0
Dec 3 17:53:18 standalone object-server[123532]: 172.20.0.100 - - [03/Dec/2025:17:53:18 +0000] "GET /d1/584/AUTH_c51f1f7b458643ac853557bab006bb07/gnocchi.dab894b5-b5ce-41ed-9ffa-0b1692d4f2ac/none_v3" 404 70 "GET http://localhost:8080/v1/AUTH_c51f1f7b458643ac853557bab006bb07/gnocchi.dab894b5-b5ce-41ed-9ffa-0b1692d4f2ac/none_v3" "tx2e15c5fdbbf24d82ae297-006930790e" "proxy-server 12" 0.0008 "-" 22 0
Dec 3 17:53:18 standalone proxy-server[125228]: 172.18.0.2 ::1 03/Dec/2025/17/53/18 GET /v1/AUTH_c51f1f7b458643ac853557bab006bb07/gnocchi.dab894b5-b5ce-41ed-9ffa-0b1692d4f2ac/none_v3 HTTP/1.0 404 - python-swiftclient-3.11.1 gAAAAABpMHkOisD2... - 70 - tx2e15c5fdbbf24d82ae297-006930790e - 0.0732 - - 1764784398.263340950 1764784398.336528540 0
Dec 3 17:53:18 standalone account-server[123392]: 172.20.0.100 - - [03/Dec/2025:17:53:18 +0000] "PUT /d1/348/AUTH_c51f1f7b458643ac853557bab006bb07/gnocchi.dab894b5-b5ce-41ed-9ffa-0b1692d4f2ac" 201 - "PUT http://172.20.0.100:6001/d1/52/AUTH_c51f1f7b458643ac853557bab006bb07/gnocchi.dab894b5-b5ce-41ed-9ffa-0b1692d4f2ac" "txb959d38b0f48494e96fa6-006930790e" "container-server 20" 0.0022 "-" 23 0
Dec 3 17:53:18 standalone container-server[123328]: 172.20.0.100 - - [03/Dec/2025:17:53:18 +0000] "PUT /d1/52/AUTH_c51f1f7b458643ac853557bab006bb07/gnocchi.dab894b5-b5ce-41ed-9ffa-0b1692d4f2ac" 201 - "PUT http://localhost:8080/v1/AUTH_c51f1f7b458643ac853557bab006bb07/gnocchi.dab894b5-b5ce-41ed-9ffa-0b1692d4f2ac" "txb959d38b0f48494e96fa6-006930790e" "proxy-server 12" 0.0164 "-" 20 0
Dec 3 17:53:18 standalone proxy-server[125228]: 172.18.0.2 ::1 03/Dec/2025/17/53/18 PUT /v1/AUTH_c51f1f7b458643ac853557bab006bb07/gnocchi.dab894b5-b5ce-41ed-9ffa-0b1692d4f2ac HTTP/1.0 201 - python-swiftclient-3.11.1 gAAAAABpMHkOisD2... - - - txb959d38b0f48494e96fa6-006930790e - 0.0216 - - 1764784398.340663433 1764784398.362269163 0
Dec 3 17:53:18 standalone container-server[123339]: 172.20.0.100 - - [03/Dec/2025:17:53:18 +0000] "HEAD /d1/52/AUTH_c51f1f7b458643ac853557bab006bb07/gnocchi.dab894b5-b5ce-41ed-9ffa-0b1692d4f2ac" 204 - "HEAD http://localhost:8080/v1/AUTH_c51f1f7b458643ac853557bab006bb07/gnocchi.dab894b5-b5ce-41ed-9ffa-0b1692d4f2ac?format=json&states=listing" "tx0bc9df30fbeb448aa4b79-006930790e" "proxy-server 12" 0.0026 "-" 23 0
Dec 3 17:53:18 standalone proxy-server[125228]: - - 03/Dec/2025/17/53/18 HEAD /v1/AUTH_c51f1f7b458643ac853557bab006bb07/gnocchi.dab894b5-b5ce-41ed-9ffa-0b1692d4f2ac%3Fformat%3Djson%26states%3Dlisting HTTP/1.0 204 - Swift - - - - tx0bc9df30fbeb448aa4b79-006930790e - 0.0074 RL - 1764784398.370280504 1764784398.377713919 0
Dec 3 17:53:18 standalone container-server[123334]: 172.20.0.100 - - [03/Dec/2025:17:53:18 +0000] "GET /d1/52/AUTH_c51f1f7b458643ac853557bab006bb07/gnocchi.dab894b5-b5ce-41ed-9ffa-0b1692d4f2ac" 200 2 "GET http://localhost:8080/v1/AUTH_c51f1f7b458643ac853557bab006bb07/gnocchi.dab894b5-b5ce-41ed-9ffa-0b1692d4f2ac?format=json&states=listing" "tx0bc9df30fbeb448aa4b79-006930790e" "proxy-server 12" 0.0030 "-" 22 0
Dec 3 17:53:18 standalone proxy-server[125228]: 172.18.0.2 ::1 03/Dec/2025/17/53/18 GET /v1/AUTH_c51f1f7b458643ac853557bab006bb07/gnocchi.dab894b5-b5ce-41ed-9ffa-0b1692d4f2ac%3Fformat%3Djson%26states%3Dlisting HTTP/1.0 200 - python-swiftclient-3.11.1 gAAAAABpMHkOisD2... - 2 - tx0bc9df30fbeb448aa4b79-006930790e - 0.0198 - - 1764784398.369347572 1764784398.389125824 0
Dec 3 17:53:18 standalone object-server[123566]: 172.20.0.100 - - [03/Dec/2025:17:53:18 +0000] "GET /d1/72/AUTH_c51f1f7b458643ac853557bab006bb07/gnocchi.dab894b5-b5ce-41ed-9ffa-0b1692d4f2ac/1764720000.0_mean_300.0_v3" 404 70 "GET http://localhost:8080/v1/AUTH_c51f1f7b458643ac853557bab006bb07/gnocchi.dab894b5-b5ce-41ed-9ffa-0b1692d4f2ac/1764720000.0_mean_300.0_v3" "tx89e10c09021245aaab1e8-006930790e" "proxy-server 12" 0.0004 "-" 24 0
Dec 3 17:53:18 standalone proxy-server[125228]: 172.18.0.2 ::1 03/Dec/2025/17/53/18 GET /v1/AUTH_c51f1f7b458643ac853557bab006bb07/gnocchi.dab894b5-b5ce-41ed-9ffa-0b1692d4f2ac/1764720000.0_mean_300.0_v3 HTTP/1.0 404 - python-swiftclient-3.11.1 gAAAAABpMHkOisD2... - 70 - tx89e10c09021245aaab1e8-006930790e - 0.0087 - - 1764784398.394176245 1764784398.402828455 0
Dec 3 17:53:18 standalone container-server[123329]: 172.20.0.100 - - [03/Dec/2025:17:53:18 +0000] "PUT /d1/52/AUTH_c51f1f7b458643ac853557bab006bb07/gnocchi.dab894b5-b5ce-41ed-9ffa-0b1692d4f2ac/1764720000.0_mean_300.0_v3" 201 - "PUT http://localhost:8080/d1/72/AUTH_c51f1f7b458643ac853557bab006bb07/gnocchi.dab894b5-b5ce-41ed-9ffa-0b1692d4f2ac/1764720000.0_mean_300.0_v3" "tx6ce7302de4b044098e249-006930790e" "object-server 21" 0.0008 "-" 21 0
Dec 3 17:53:18 standalone object-server[123529]: 172.20.0.100 - - [03/Dec/2025:17:53:18 +0000] "PUT /d1/72/AUTH_c51f1f7b458643ac853557bab006bb07/gnocchi.dab894b5-b5ce-41ed-9ffa-0b1692d4f2ac/1764720000.0_mean_300.0_v3" 201 - "PUT http://localhost:8080/v1/AUTH_c51f1f7b458643ac853557bab006bb07/gnocchi.dab894b5-b5ce-41ed-9ffa-0b1692d4f2ac/1764720000.0_mean_300.0_v3" "tx6ce7302de4b044098e249-006930790e" "proxy-server 12" 0.0579 "-" 21 0
Dec 3 17:53:18 standalone proxy-server[125228]: 172.18.0.2 ::1 03/Dec/2025/17/53/18 PUT /v1/AUTH_c51f1f7b458643ac853557bab006bb07/gnocchi.dab894b5-b5ce-41ed-9ffa-0b1692d4f2ac/1764720000.0_mean_300.0_v3 HTTP/1.0 201 - python-swiftclient-3.11.1 gAAAAABpMHkOisD2... 16 - - tx6ce7302de4b044098e249-006930790e - 0.0629 - - 1764784398.411984921 1764784398.474856377 0
Dec 3 17:53:18 standalone container-server[123339]: 172.20.0.100 - - [03/Dec/2025:17:53:18 +0000] "PUT /d1/52/AUTH_c51f1f7b458643ac853557bab006bb07/gnocchi.dab894b5-b5ce-41ed-9ffa-0b1692d4f2ac/none_v3" 201 - "PUT http://localhost:8080/d1/584/AUTH_c51f1f7b458643ac853557bab006bb07/gnocchi.dab894b5-b5ce-41ed-9ffa-0b1692d4f2ac/none_v3" "txf689ae8735b042cf8beb0-006930790e" "object-server 22" 0.0008 "-" 23 0
Dec 3 17:53:18 standalone object-server[123532]: 172.20.0.100 - - [03/Dec/2025:17:53:18 +0000] "PUT /d1/584/AUTH_c51f1f7b458643ac853557bab006bb07/gnocchi.dab894b5-b5ce-41ed-9ffa-0b1692d4f2ac/none_v3" 201 - "PUT http://localhost:8080/v1/AUTH_c51f1f7b458643ac853557bab006bb07/gnocchi.dab894b5-b5ce-41ed-9ffa-0b1692d4f2ac/none_v3" "txf689ae8735b042cf8beb0-006930790e" "proxy-server 12" 0.0176 "-" 22 0
Dec 3 17:53:18 standalone proxy-server[125228]: 172.18.0.2 ::1 03/Dec/2025/17/53/18 PUT /v1/AUTH_c51f1f7b458643ac853557bab006bb07/gnocchi.dab894b5-b5ce-41ed-9ffa-0b1692d4f2ac/none_v3 HTTP/1.0 201 - python-swiftclient-3.11.1 gAAAAABpMHkOisD2... 22 - - txf689ae8735b042cf8beb0-006930790e - 0.0326 - - 1764784398.478091717 1764784398.510700941 0
Dec 3 17:53:33 standalone account-server[123363]: 172.20.0.100 - - [03/Dec/2025:17:53:33 +0000] "HEAD /d1/889/.expiring_objects" 404 - "HEAD http://localhost/v1/.expiring_objects?format=json" "tx717e4e1db3ef4267a92a5-006930791d" "proxy-server 2" 0.0010 "-" 20 -
Dec 3 17:53:33 standalone object-expirer[123374]: Pass completed in 0s; 0 objects expired (txn: tx717e4e1db3ef4267a92a5-006930791d)
Dec 3 17:53:41 standalone container-server[123151]: Begin container update sweep
Dec 3 17:53:41 standalone account-server[123363]: 172.20.0.100 - - [03/Dec/2025:17:53:41 +0000] "PUT /d1/348/AUTH_c51f1f7b458643ac853557bab006bb07/glance" 201 - "-" "-" "container-updater 2" 0.0015 "-" 20 0
Dec 3 17:53:41 standalone account-server[123376]: 172.20.0.100 - - [03/Dec/2025:17:53:41 +0000] "PUT /d1/348/AUTH_c51f1f7b458643ac853557bab006bb07/gnocchi.dab894b5-b5ce-41ed-9ffa-0b1692d4f2ac" 201 - "-" "-" "container-updater 2" 0.0008 "-" 22 0
Dec 3 17:53:41 standalone container-server[123151]: Container update sweep completed: 0.24s
Dec 3 17:53:47 standalone object-server[123566]: 172.20.0.100 - - [03/Dec/2025:17:53:47 +0000] "GET /d1/584/AUTH_c51f1f7b458643ac853557bab006bb07/gnocchi.dab894b5-b5ce-41ed-9ffa-0b1692d4f2ac/none_v3" 200 22 "GET http://localhost:8080/v1/AUTH_c51f1f7b458643ac853557bab006bb07/gnocchi.dab894b5-b5ce-41ed-9ffa-0b1692d4f2ac/none_v3" "tx3f00d9f12c8d4044960a6-006930792b" "proxy-server 12" 0.0016 "-" 24 0
Dec 3 17:53:47 standalone proxy-server[125228]: 172.18.0.2 ::1 03/Dec/2025/17/53/47 GET /v1/AUTH_c51f1f7b458643ac853557bab006bb07/gnocchi.dab894b5-b5ce-41ed-9ffa-0b1692d4f2ac/none_v3 HTTP/1.0 200 - python-swiftclient-3.11.1 gAAAAABpMHkOisD2... - 22 - tx3f00d9f12c8d4044960a6-006930792b - 0.0131 - - 1764784427.965621948 1764784427.978760481 0
Dec 3 17:53:47 standalone container-server[123328]: 172.20.0.100 - - [03/Dec/2025:17:53:47 +0000] "GET /d1/52/AUTH_c51f1f7b458643ac853557bab006bb07/gnocchi.dab894b5-b5ce-41ed-9ffa-0b1692d4f2ac" 200 357 "GET http://localhost:8080/v1/AUTH_c51f1f7b458643ac853557bab006bb07/gnocchi.dab894b5-b5ce-41ed-9ffa-0b1692d4f2ac?format=json&states=listing" "txff0dbfe9741d4a95b2d07-006930792b" "proxy-server 12" 0.0030 "-" 20 0
Dec 3 17:53:47 standalone proxy-server[125228]: 172.18.0.2 ::1 03/Dec/2025/17/53/47 GET /v1/AUTH_c51f1f7b458643ac853557bab006bb07/gnocchi.dab894b5-b5ce-41ed-9ffa-0b1692d4f2ac%3Fformat%3Djson%26states%3Dlisting HTTP/1.0 200 - python-swiftclient-3.11.1 gAAAAABpMHkOisD2... - 357 - txff0dbfe9741d4a95b2d07-006930792b - 0.0113 - - 1764784427.984481335 1764784427.995793104 0
Dec 3 17:53:48 standalone container-server[123339]: 172.20.0.100 - - [03/Dec/2025:17:53:48 +0000] "GET /d1/52/AUTH_c51f1f7b458643ac853557bab006bb07/gnocchi.dab894b5-b5ce-41ed-9ffa-0b1692d4f2ac" 200 2 "GET http://localhost:8080/v1/AUTH_c51f1f7b458643ac853557bab006bb07/gnocchi.dab894b5-b5ce-41ed-9ffa-0b1692d4f2ac?format=json&marker=none_v3&states=listing" "tx843ba8aed1fb4ebc8a2ac-006930792c" "proxy-server 12" 0.0040 "-" 23 0
Dec 3 17:53:48 standalone proxy-server[125228]: 172.18.0.2 ::1 03/Dec/2025/17/53/48 GET /v1/AUTH_c51f1f7b458643ac853557bab006bb07/gnocchi.dab894b5-b5ce-41ed-9ffa-0b1692d4f2ac%3Fformat%3Djson%26marker%3Dnone_v3%26states%3Dlisting HTTP/1.0 200 - python-swiftclient-3.11.1 gAAAAABpMHkOisD2... - 2 - tx843ba8aed1fb4ebc8a2ac-006930792c - 0.0141 - - 1764784428.040929317 1764784428.055076599 0
Dec 3 17:53:48 standalone object-server[123548]: 172.20.0.100 - - [03/Dec/2025:17:53:48 +0000] "GET /d1/72/AUTH_c51f1f7b458643ac853557bab006bb07/gnocchi.dab894b5-b5ce-41ed-9ffa-0b1692d4f2ac/1764720000.0_mean_300.0_v3" 200 16 "GET http://localhost:8080/v1/AUTH_c51f1f7b458643ac853557bab006bb07/gnocchi.dab894b5-b5ce-41ed-9ffa-0b1692d4f2ac/1764720000.0_mean_300.0_v3" "tx5f8be185d8234d69bf561-006930792c" "proxy-server 12" 0.0015 "-" 23 0
Dec 3 17:53:48 standalone proxy-server[125228]: 172.18.0.2 ::1 03/Dec/2025/17/53/48 GET /v1/AUTH_c51f1f7b458643ac853557bab006bb07/gnocchi.dab894b5-b5ce-41ed-9ffa-0b1692d4f2ac/1764720000.0_mean_300.0_v3 HTTP/1.0 200 - python-swiftclient-3.11.1 gAAAAABpMHkOisD2... - 16 - tx5f8be185d8234d69bf561-006930792c - 0.0235 - - 1764784428.061499357 1764784428.085024118 0
Dec 3 17:53:48 standalone container-server[123334]: 172.20.0.100 - - [03/Dec/2025:17:53:48 +0000] "PUT /d1/52/AUTH_c51f1f7b458643ac853557bab006bb07/gnocchi.dab894b5-b5ce-41ed-9ffa-0b1692d4f2ac/1764720000.0_mean_300.0_v3" 201 - "PUT http://localhost:8080/d1/72/AUTH_c51f1f7b458643ac853557bab006bb07/gnocchi.dab894b5-b5ce-41ed-9ffa-0b1692d4f2ac/1764720000.0_mean_300.0_v3" "tx4a07b72cad3241458b4b1-006930792c" "object-server 23" 0.0010 "-" 22 0
Dec 3 17:53:48 standalone object-server[123548]: 172.20.0.100 - - [03/Dec/2025:17:53:48 +0000] "PUT /d1/72/AUTH_c51f1f7b458643ac853557bab006bb07/gnocchi.dab894b5-b5ce-41ed-9ffa-0b1692d4f2ac/1764720000.0_mean_300.0_v3" 201 - "PUT http://localhost:8080/v1/AUTH_c51f1f7b458643ac853557bab006bb07/gnocchi.dab894b5-b5ce-41ed-9ffa-0b1692d4f2ac/1764720000.0_mean_300.0_v3" "tx4a07b72cad3241458b4b1-006930792c" "proxy-server 12" 0.0758 "-" 23 0
Dec 3 17:53:48 standalone proxy-server[125228]: 172.18.0.2 ::1 03/Dec/2025/17/53/48 PUT /v1/AUTH_c51f1f7b458643ac853557bab006bb07/gnocchi.dab894b5-b5ce-41ed-9ffa-0b1692d4f2ac/1764720000.0_mean_300.0_v3 HTTP/1.0 201 - python-swiftclient-3.11.1 gAAAAABpMHkOisD2... 16 - - tx4a07b72cad3241458b4b1-006930792c - 0.0898 - - 1764784428.097877264 1764784428.187709332 0
Dec 3 17:53:48 standalone container-server[123339]: 172.20.0.100 - - [03/Dec/2025:17:53:48 +0000] "PUT /d1/52/AUTH_c51f1f7b458643ac853557bab006bb07/gnocchi.dab894b5-b5ce-41ed-9ffa-0b1692d4f2ac/none_v3" 201 - "PUT http://localhost:8080/d1/584/AUTH_c51f1f7b458643ac853557bab006bb07/gnocchi.dab894b5-b5ce-41ed-9ffa-0b1692d4f2ac/none_v3" "tx16346730f6484592bca63-006930792c" "object-server 24" 0.0006 "-" 23 0
Dec 3 17:53:48 standalone object-server[123566]: 172.20.0.100 - - [03/Dec/2025:17:53:48 +0000] "PUT /d1/584/AUTH_c51f1f7b458643ac853557bab006bb07/gnocchi.dab894b5-b5ce-41ed-9ffa-0b1692d4f2ac/none_v3" 201 - "PUT http://localhost:8080/v1/AUTH_c51f1f7b458643ac853557bab006bb07/gnocchi.dab894b5-b5ce-41ed-9ffa-0b1692d4f2ac/none_v3" "tx16346730f6484592bca63-006930792c" "proxy-server 12" 0.0178 "-" 24 0
Dec 3 17:53:48 standalone proxy-server[125228]: 172.18.0.2 ::1 03/Dec/2025/17/53/48 PUT /v1/AUTH_c51f1f7b458643ac853557bab006bb07/gnocchi.dab894b5-b5ce-41ed-9ffa-0b1692d4f2ac/none_v3 HTTP/1.0 201 - python-swiftclient-3.11.1 gAAAAABpMHkOisD2... 32 - - tx16346730f6484592bca63-006930792c - 0.0276 - - 1764784428.196198225 1764784428.223840714 0
Dec 3 17:54:21 standalone account-server[123376]: 172.20.0.100 - - [03/Dec/2025:17:54:21 +0000] "HEAD /d1/348/AUTH_c51f1f7b458643ac853557bab006bb07" 204 - "HEAD http://localhost:8080/v1/AUTH_c51f1f7b458643ac853557bab006bb07?format=json" "txa1fc7537c1174afabb82e-006930794d" "proxy-server 12" 0.0156 "-" 22 -
Dec 3 17:54:21 standalone proxy-server[125228]: - - 03/Dec/2025/17/54/21 HEAD /v1/AUTH_c51f1f7b458643ac853557bab006bb07%3Fformat%3Djson HTTP/1.0 204 - Swift - - - - txa1fc7537c1174afabb82e-006930794d - 0.0307 RL - 1764784461.505486488 1764784461.536202908 -
Dec 3 17:54:21 standalone container-server[123339]: 172.20.0.100 - - [03/Dec/2025:17:54:21 +0000] "HEAD /d1/736/AUTH_c51f1f7b458643ac853557bab006bb07/glance" 204 - "HEAD http://localhost:8080/v1/AUTH_c51f1f7b458643ac853557bab006bb07/glance?format=json&states=listing" "txa1fc7537c1174afabb82e-006930794d" "proxy-server 12" 0.0039 "-" 23 0
Dec 3 17:54:21 standalone object-server[123532]: 172.20.0.100 - - [03/Dec/2025:17:54:21 +0000] "GET /d1/577/AUTH_c51f1f7b458643ac853557bab006bb07/glance/a521185b-b036-4e96-a582-a69b9476cfb7" 200 - "GET http://localhost:8080/v1/AUTH_c51f1f7b458643ac853557bab006bb07/glance/a521185b-b036-4e96-a582-a69b9476cfb7" "txa1fc7537c1174afabb82e-006930794d" "proxy-server 12" 0.0023 "-" 22 0
Dec 3 17:54:21 standalone container-server[123334]: 172.20.0.100 - - [03/Dec/2025:17:54:21 +0000] "GET /d1/736/AUTH_c51f1f7b458643ac853557bab006bb07/glance" 200 210 "GET http://localhost:8080/v1/AUTH_c51f1f7b458643ac853557bab006bb07/glance?prefix=a521185b-b036-4e96-a582-a69b9476cfb7-&format=json&states=listing" "txa1fc7537c1174afabb82e-006930794d" "proxy-server 12" 0.0020 "-" 22 0
Dec 3 17:54:21 standalone proxy-server[125228]: - - 03/Dec/2025/17/54/21 GET /v1/AUTH_c51f1f7b458643ac853557bab006bb07/glance%3Fprefix%3Da521185b-b036-4e96-a582-a69b9476cfb7-%26format%3Djson%26states%3Dlisting HTTP/1.0 200 - python-swiftclient-3.11.1%20DLO%20MultipartGET gAAAAABpMHlNUKcA... - 210 - txa1fc7537c1174afabb82e-006930794d - 0.0057 DLO - 1764784461.651743889 1764784461.657407999 0
Dec 3 17:54:21 standalone object-server[123548]: 172.20.0.100 - - [03/Dec/2025:17:54:21 +0000] "GET /d1/301/AUTH_c51f1f7b458643ac853557bab006bb07/glance/a521185b-b036-4e96-a582-a69b9476cfb7-00001" 200 21692416 "GET http://localhost:8080/v1/AUTH_c51f1f7b458643ac853557bab006bb07/glance/a521185b-b036-4e96-a582-a69b9476cfb7-00001?multipart-manifest=get" "txa1fc7537c1174afabb82e-006930794d" "proxy-server 12" 0.0012 "-" 23 0
Dec 3 17:54:21 standalone proxy-server[125228]: - - 03/Dec/2025/17/54/21 GET /v1/AUTH_c51f1f7b458643ac853557bab006bb07/glance/a521185b-b036-4e96-a582-a69b9476cfb7-00001%3Fmultipart-manifest%3Dget HTTP/1.0 200 - python-swiftclient-3.11.1%20%20DLO%20MultipartGET gAAAAABpMHlNUKcA... - 21692416 - txa1fc7537c1174afabb82e-006930794d - 0.1285 DLO - 1764784461.658191681 1764784461.786669970 0
Dec 3 17:54:21 standalone proxy-server[125228]: 172.18.0.2 ::1 03/Dec/2025/17/54/21 GET /v1/AUTH_c51f1f7b458643ac853557bab006bb07/glance/a521185b-b036-4e96-a582-a69b9476cfb7 HTTP/1.0 200 - python-swiftclient-3.11.1 gAAAAABpMHlNUKcA... - 21692416 - txa1fc7537c1174afabb82e-006930794d - 0.2836 - - 1764784461.503826380 1764784461.787462950 0
Dec 3 17:54:22 standalone container-server[123329]: 172.20.0.100 - - [03/Dec/2025:17:54:22 +0000] "HEAD /d1/372/AUTH_c51f1f7b458643ac853557bab006bb07/gnocchi.dfbfd85d-cbf6-44d7-bec3-af4a59b9e944" 404 - "HEAD http://localhost:8080/v1/AUTH_c51f1f7b458643ac853557bab006bb07/gnocchi.dfbfd85d-cbf6-44d7-bec3-af4a59b9e944?format=json&states=listing" "tx8c498234f7bc454397ce6-006930794e" "proxy-server 12" 0.0009 "-" 21 0
Dec 3 17:54:22 standalone object-server[123548]: 172.20.0.100 - - [03/Dec/2025:17:54:22 +0000] "GET /d1/671/AUTH_c51f1f7b458643ac853557bab006bb07/gnocchi.dfbfd85d-cbf6-44d7-bec3-af4a59b9e944/none_v3" 404 70 "GET http://localhost:8080/v1/AUTH_c51f1f7b458643ac853557bab006bb07/gnocchi.dfbfd85d-cbf6-44d7-bec3-af4a59b9e944/none_v3" "tx8c498234f7bc454397ce6-006930794e" "proxy-server 12" 0.0007 "-" 23 0
Dec 3 17:54:22 standalone proxy-server[125228]: 172.18.0.2 ::1 03/Dec/2025/17/54/22 GET /v1/AUTH_c51f1f7b458643ac853557bab006bb07/gnocchi.dfbfd85d-cbf6-44d7-bec3-af4a59b9e944/none_v3 HTTP/1.0 404 - python-swiftclient-3.11.1 gAAAAABpMHkOisD2... - 70 - tx8c498234f7bc454397ce6-006930794e - 0.0155 - - 1764784462.536687851 1764784462.552216768 0
Dec 3 17:54:22 standalone account-server[123376]: 172.20.0.100 - - [03/Dec/2025:17:54:22 +0000] "PUT /d1/348/AUTH_c51f1f7b458643ac853557bab006bb07/gnocchi.dfbfd85d-cbf6-44d7-bec3-af4a59b9e944" 201 - "PUT http://172.20.0.100:6001/d1/372/AUTH_c51f1f7b458643ac853557bab006bb07/gnocchi.dfbfd85d-cbf6-44d7-bec3-af4a59b9e944" "tx252e9d7f8ede4a2a8e9cd-006930794e" "container-server 20" 0.0026 "-" 22 0
Dec 3 17:54:22 standalone container-server[123328]: 172.20.0.100 - - [03/Dec/2025:17:54:22 +0000] "PUT /d1/372/AUTH_c51f1f7b458643ac853557bab006bb07/gnocchi.dfbfd85d-cbf6-44d7-bec3-af4a59b9e944" 201 - "PUT http://localhost:8080/v1/AUTH_c51f1f7b458643ac853557bab006bb07/gnocchi.dfbfd85d-cbf6-44d7-bec3-af4a59b9e944" "tx252e9d7f8ede4a2a8e9cd-006930794e" "proxy-server 12" 0.0172 "-" 20 0
Dec 3 17:54:22 standalone proxy-server[125228]: 172.18.0.2 ::1 03/Dec/2025/17/54/22 PUT /v1/AUTH_c51f1f7b458643ac853557bab006bb07/gnocchi.dfbfd85d-cbf6-44d7-bec3-af4a59b9e944 HTTP/1.0 201 - python-swiftclient-3.11.1 gAAAAABpMHkOisD2... - - - tx252e9d7f8ede4a2a8e9cd-006930794e - 0.0235 - - 1764784462.557148695 1764784462.580686569 0
Dec 3 17:54:22 standalone container-server[123328]: 172.20.0.100 - - [03/Dec/2025:17:54:22 +0000] "HEAD /d1/372/AUTH_c51f1f7b458643ac853557bab006bb07/gnocchi.dfbfd85d-cbf6-44d7-bec3-af4a59b9e944" 204 - "HEAD http://localhost:8080/v1/AUTH_c51f1f7b458643ac853557bab006bb07/gnocchi.dfbfd85d-cbf6-44d7-bec3-af4a59b9e944?format=json&states=listing" "tx5f7ecab919144212a3796-006930794e" "proxy-server 12" 0.0018 "-" 20 0
Dec 3 17:54:22 standalone proxy-server[125228]: - - 03/Dec/2025/17/54/22 HEAD /v1/AUTH_c51f1f7b458643ac853557bab006bb07/gnocchi.dfbfd85d-cbf6-44d7-bec3-af4a59b9e944%3Fformat%3Djson%26states%3Dlisting HTTP/1.0 204 - Swift - - - - tx5f7ecab919144212a3796-006930794e - 0.0061 RL - 1764784462.587593317 1764784462.593715429 0
Dec 3 17:54:22 standalone container-server[123328]: 172.20.0.100 - - [03/Dec/2025:17:54:22 +0000] "GET /d1/372/AUTH_c51f1f7b458643ac853557bab006bb07/gnocchi.dfbfd85d-cbf6-44d7-bec3-af4a59b9e944" 200 2 "GET http://localhost:8080/v1/AUTH_c51f1f7b458643ac853557bab006bb07/gnocchi.dfbfd85d-cbf6-44d7-bec3-af4a59b9e944?format=json&states=listing" "tx5f7ecab919144212a3796-006930794e" "proxy-server 12" 0.0030 "-" 20 0
Dec 3 17:54:22 standalone proxy-server[125228]: 172.18.0.2 ::1 03/Dec/2025/17/54/22 GET /v1/AUTH_c51f1f7b458643ac853557bab006bb07/gnocchi.dfbfd85d-cbf6-44d7-bec3-af4a59b9e944%3Fformat%3Djson%26states%3Dlisting HTTP/1.0 200 - python-swiftclient-3.11.1 gAAAAABpMHkOisD2... - 2 - tx5f7ecab919144212a3796-006930794e - 0.0194 - - 1764784462.585566282 1764784462.604990482 0
Dec 3 17:54:22 standalone object-server[123532]: 172.20.0.100 - - [03/Dec/2025:17:54:22 +0000] "GET /d1/199/AUTH_c51f1f7b458643ac853557bab006bb07/gnocchi.dfbfd85d-cbf6-44d7-bec3-af4a59b9e944/1764720000.0_mean_300.0_v3" 404 70 "GET http://localhost:8080/v1/AUTH_c51f1f7b458643ac853557bab006bb07/gnocchi.dfbfd85d-cbf6-44d7-bec3-af4a59b9e944/1764720000.0_mean_300.0_v3" "txcb35484b84ba4d299915a-006930794e" "proxy-server 12" 0.0006 "-" 22 0
Dec 3 17:54:22 standalone proxy-server[125228]: 172.18.0.2 ::1 03/Dec/2025/17/54/22 GET /v1/AUTH_c51f1f7b458643ac853557bab006bb07/gnocchi.dfbfd85d-cbf6-44d7-bec3-af4a59b9e944/1764720000.0_mean_300.0_v3 HTTP/1.0 404 - python-swiftclient-3.11.1 gAAAAABpMHkOisD2... - 70 - txcb35484b84ba4d299915a-006930794e - 0.0099 - - 1764784462.610034943 1764784462.619893312 0
Dec 3 17:54:22 standalone container-server[123339]: 172.20.0.100 - - [03/Dec/2025:17:54:22 +0000] "PUT /d1/372/AUTH_c51f1f7b458643ac853557bab006bb07/gnocchi.dfbfd85d-cbf6-44d7-bec3-af4a59b9e944/1764720000.0_mean_300.0_v3" 201 - "PUT http://localhost:8080/d1/199/AUTH_c51f1f7b458643ac853557bab006bb07/gnocchi.dfbfd85d-cbf6-44d7-bec3-af4a59b9e944/1764720000.0_mean_300.0_v3" "txdfeeed2a0e1d4589876c7-006930794e" "object-server 21" 0.0009 "-" 23 0
Dec 3 17:54:22 standalone object-server[123529]: 172.20.0.100 - - [03/Dec/2025:17:54:22 +0000] "PUT /d1/199/AUTH_c51f1f7b458643ac853557bab006bb07/gnocchi.dfbfd85d-cbf6-44d7-bec3-af4a59b9e944/1764720000.0_mean_300.0_v3" 201 - "PUT http://localhost:8080/v1/AUTH_c51f1f7b458643ac853557bab006bb07/gnocchi.dfbfd85d-cbf6-44d7-bec3-af4a59b9e944/1764720000.0_mean_300.0_v3" "txdfeeed2a0e1d4589876c7-006930794e" "proxy-server 12" 0.0162 "-" 21 0
Dec 3 17:54:22 standalone proxy-server[125228]: 172.18.0.2 ::1 03/Dec/2025/17/54/22 PUT /v1/AUTH_c51f1f7b458643ac853557bab006bb07/gnocchi.dfbfd85d-cbf6-44d7-bec3-af4a59b9e944/1764720000.0_mean_300.0_v3 HTTP/1.0 201 - python-swiftclient-3.11.1 gAAAAABpMHkOisD2... 16 - - txdfeeed2a0e1d4589876c7-006930794e - 0.0240 - - 1764784462.624257326 1764784462.648301363 0
Dec 3 17:54:22 standalone container-server[123329]: 172.20.0.100 - - [03/Dec/2025:17:54:22 +0000] "PUT /d1/372/AUTH_c51f1f7b458643ac853557bab006bb07/gnocchi.dfbfd85d-cbf6-44d7-bec3-af4a59b9e944/none_v3" 201 - "PUT http://localhost:8080/d1/671/AUTH_c51f1f7b458643ac853557bab006bb07/gnocchi.dfbfd85d-cbf6-44d7-bec3-af4a59b9e944/none_v3" "tx8c46277f0cda4812a0d41-006930794e" "object-server 21" 0.0005 "-" 21 0
Dec 3 17:54:22 standalone object-server[123529]: 172.20.0.100 - - [03/Dec/2025:17:54:22 +0000] "PUT /d1/671/AUTH_c51f1f7b458643ac853557bab006bb07/gnocchi.dfbfd85d-cbf6-44d7-bec3-af4a59b9e944/none_v3" 201 - "PUT http://localhost:8080/v1/AUTH_c51f1f7b458643ac853557bab006bb07/gnocchi.dfbfd85d-cbf6-44d7-bec3-af4a59b9e944/none_v3" "tx8c46277f0cda4812a0d41-006930794e" "proxy-server 12" 0.0112 "-" 21 0
Dec 3 17:54:22 standalone proxy-server[125228]: 172.18.0.2 ::1 03/Dec/2025/17/54/22 PUT /v1/AUTH_c51f1f7b458643ac853557bab006bb07/gnocchi.dfbfd85d-cbf6-44d7-bec3-af4a59b9e944/none_v3 HTTP/1.0 201 - python-swiftclient-3.11.1 gAAAAABpMHkOisD2... 22 - - tx8c46277f0cda4812a0d41-006930794e - 0.0187 - - 1764784462.652572393 1764784462.671257019 0
Dec 3 17:54:22 standalone container-server[123334]: 172.20.0.100 - - [03/Dec/2025:17:54:22 +0000] "HEAD /d1/536/AUTH_c51f1f7b458643ac853557bab006bb07/gnocchi.129f0467-dd8f-42e1-af0f-19e9b205fe51" 404 - "HEAD http://localhost:8080/v1/AUTH_c51f1f7b458643ac853557bab006bb07/gnocchi.129f0467-dd8f-42e1-af0f-19e9b205fe51?format=json&states=listing" "txd1bfe12911f9439eb9841-006930794e" "proxy-server 12" 0.0003 "-" 22 0
Dec 3 17:54:22 standalone object-server[123566]: 172.20.0.100 - - [03/Dec/2025:17:54:22 +0000] "GET /d1/889/AUTH_c51f1f7b458643ac853557bab006bb07/gnocchi.129f0467-dd8f-42e1-af0f-19e9b205fe51/none_v3" 404 70 "GET http://localhost:8080/v1/AUTH_c51f1f7b458643ac853557bab006bb07/gnocchi.129f0467-dd8f-42e1-af0f-19e9b205fe51/none_v3" "txd1bfe12911f9439eb9841-006930794e" "proxy-server 12" 0.0005 "-" 24 0
Dec 3 17:54:22 standalone proxy-server[125228]: 172.18.0.2 ::1 03/Dec/2025/17/54/22 GET /v1/AUTH_c51f1f7b458643ac853557bab006bb07/gnocchi.129f0467-dd8f-42e1-af0f-19e9b205fe51/none_v3 HTTP/1.0 404 - python-swiftclient-3.11.1 gAAAAABpMHkOisD2... - 70 - txd1bfe12911f9439eb9841-006930794e - 0.0157 - - 1764784462.692638636 1764784462.708309412 0
Dec 3 17:54:22 standalone account-server[123363]: 172.20.0.100 - - [03/Dec/2025:17:54:22 +0000] "PUT /d1/348/AUTH_c51f1f7b458643ac853557bab006bb07/gnocchi.129f0467-dd8f-42e1-af0f-19e9b205fe51" 201 - "PUT http://172.20.0.100:6001/d1/536/AUTH_c51f1f7b458643ac853557bab006bb07/gnocchi.129f0467-dd8f-42e1-af0f-19e9b205fe51" "tx5aaa3c5a1dee47d2b530e-006930794e" "container-server 20" 0.0066 "-" 20 0
Dec 3 17:54:22 standalone container-server[123328]: 172.20.0.100 - - [03/Dec/2025:17:54:22 +0000] "PUT /d1/536/AUTH_c51f1f7b458643ac853557bab006bb07/gnocchi.129f0467-dd8f-42e1-af0f-19e9b205fe51" 201 - "PUT http://localhost:8080/v1/AUTH_c51f1f7b458643ac853557bab006bb07/gnocchi.129f0467-dd8f-42e1-af0f-19e9b205fe51" "tx5aaa3c5a1dee47d2b530e-006930794e" "proxy-server 12" 0.0196 "-" 20 0
Dec 3 17:54:22 standalone proxy-server[125228]: 172.18.0.2 ::1 03/Dec/2025/17/54/22 PUT /v1/AUTH_c51f1f7b458643ac853557bab006bb07/gnocchi.129f0467-dd8f-42e1-af0f-19e9b205fe51 HTTP/1.0 201 - python-swiftclient-3.11.1 gAAAAABpMHkOisD2... - - - tx5aaa3c5a1dee47d2b530e-006930794e - 0.0267 - - 1764784462.712992668 1764784462.739680529 0
Dec 3 17:54:22 standalone container-server[123334]: 172.20.0.100 - - [03/Dec/2025:17:54:22 +0000] "HEAD /d1/536/AUTH_c51f1f7b458643ac853557bab006bb07/gnocchi.129f0467-dd8f-42e1-af0f-19e9b205fe51" 204 - "HEAD http://localhost:8080/v1/AUTH_c51f1f7b458643ac853557bab006bb07/gnocchi.129f0467-dd8f-42e1-af0f-19e9b205fe51?format=json&states=listing" "txab75e187eb8940bf8754c-006930794e" "proxy-server 12" 0.0014 "-" 22 0
Dec 3 17:54:22 standalone proxy-server[125228]: - - 03/Dec/2025/17/54/22 HEAD /v1/AUTH_c51f1f7b458643ac853557bab006bb07/gnocchi.129f0467-dd8f-42e1-af0f-19e9b205fe51%3Fformat%3Djson%26states%3Dlisting HTTP/1.0 204 - Swift - - - - txab75e187eb8940bf8754c-006930794e - 0.0044 RL - 1764784462.746677160 1764784462.751054764 0
Dec 3 17:54:22 standalone container-server[123339]: 172.20.0.100 - - [03/Dec/2025:17:54:22 +0000] "GET /d1/536/AUTH_c51f1f7b458643ac853557bab006bb07/gnocchi.129f0467-dd8f-42e1-af0f-19e9b205fe51" 200 2 "GET http://localhost:8080/v1/AUTH_c51f1f7b458643ac853557bab006bb07/gnocchi.129f0467-dd8f-42e1-af0f-19e9b205fe51?format=json&states=listing" "txab75e187eb8940bf8754c-006930794e" "proxy-server 12" 0.0074 "-" 23 0
Dec 3 17:54:22 standalone proxy-server[125228]: 172.18.0.2 ::1 03/Dec/2025/17/54/22 GET /v1/AUTH_c51f1f7b458643ac853557bab006bb07/gnocchi.129f0467-dd8f-42e1-af0f-19e9b205fe51%3Fformat%3Djson%26states%3Dlisting HTTP/1.0 200 - python-swiftclient-3.11.1 gAAAAABpMHkOisD2... - 2 - txab75e187eb8940bf8754c-006930794e - 0.0234 - - 1764784462.745672226 1764784462.769035578 0
Dec 3 17:54:22 standalone object-server[123566]: 172.20.0.100 - - [03/Dec/2025:17:54:22 +0000] "GET /d1/881/AUTH_c51f1f7b458643ac853557bab006bb07/gnocchi.129f0467-dd8f-42e1-af0f-19e9b205fe51/1764720000.0_mean_300.0_v3" 404 70 "GET http://localhost:8080/v1/AUTH_c51f1f7b458643ac853557bab006bb07/gnocchi.129f0467-dd8f-42e1-af0f-19e9b205fe51/1764720000.0_mean_300.0_v3" "tx3f3598a6bf8040d99c44c-006930794e" "proxy-server 12" 0.0004 "-" 24 0
Dec 3 17:54:22 standalone proxy-server[125228]: 172.18.0.2 ::1 03/Dec/2025/17/54/22 GET /v1/AUTH_c51f1f7b458643ac853557bab006bb07/gnocchi.129f0467-dd8f-42e1-af0f-19e9b205fe51/1764720000.0_mean_300.0_v3 HTTP/1.0 404 - python-swiftclient-3.11.1 gAAAAABpMHkOisD2... - 70 - tx3f3598a6bf8040d99c44c-006930794e - 0.0080 - - 1764784462.791074038 1764784462.799120426 0
Dec 3 17:54:22 standalone container-server[123328]: 172.20.0.100 - - [03/Dec/2025:17:54:22 +0000] "PUT /d1/536/AUTH_c51f1f7b458643ac853557bab006bb07/gnocchi.129f0467-dd8f-42e1-af0f-19e9b205fe51/1764720000.0_mean_300.0_v3" 201 - "PUT http://localhost:8080/d1/881/AUTH_c51f1f7b458643ac853557bab006bb07/gnocchi.129f0467-dd8f-42e1-af0f-19e9b205fe51/1764720000.0_mean_300.0_v3" "txfa2206c43f9847b68986c-006930794e" "object-server 24" 0.0013 "-" 20 0
Dec 3 17:54:22 standalone object-server[123566]: 172.20.0.100 - - [03/Dec/2025:17:54:22 +0000] "PUT /d1/881/AUTH_c51f1f7b458643ac853557bab006bb07/gnocchi.129f0467-dd8f-42e1-af0f-19e9b205fe51/1764720000.0_mean_300.0_v3" 201 - "PUT http://localhost:8080/v1/AUTH_c51f1f7b458643ac853557bab006bb07/gnocchi.129f0467-dd8f-42e1-af0f-19e9b205fe51/1764720000.0_mean_300.0_v3" "txfa2206c43f9847b68986c-006930794e" "proxy-server 12" 0.0107 "-" 24 0
Dec 3 17:54:22 standalone proxy-server[125228]: 172.18.0.2 ::1 03/Dec/2025/17/54/22 PUT /v1/AUTH_c51f1f7b458643ac853557bab006bb07/gnocchi.129f0467-dd8f-42e1-af0f-19e9b205fe51/1764720000.0_mean_300.0_v3 HTTP/1.0 201 - python-swiftclient-3.11.1 gAAAAABpMHkOisD2... 16 - - txfa2206c43f9847b68986c-006930794e - 0.0159 - - 1764784462.806037903 1764784462.821929932 0
Dec 3 17:54:22 standalone container-server[123328]: 172.20.0.100 - - [03/Dec/2025:17:54:22 +0000] "PUT /d1/536/AUTH_c51f1f7b458643ac853557bab006bb07/gnocchi.129f0467-dd8f-42e1-af0f-19e9b205fe51/none_v3" 201 - "PUT http://localhost:8080/d1/889/AUTH_c51f1f7b458643ac853557bab006bb07/gnocchi.129f0467-dd8f-42e1-af0f-19e9b205fe51/none_v3" "txa691d181a76848e7a26e9-006930794e" "object-server 22" 0.0010 "-" 20 0
Dec 3 17:54:22 standalone object-server[123532]: 172.20.0.100 - - [03/Dec/2025:17:54:22 +0000] "PUT /d1/889/AUTH_c51f1f7b458643ac853557bab006bb07/gnocchi.129f0467-dd8f-42e1-af0f-19e9b205fe51/none_v3" 201 - "PUT http://localhost:8080/v1/AUTH_c51f1f7b458643ac853557bab006bb07/gnocchi.129f0467-dd8f-42e1-af0f-19e9b205fe51/none_v3" "txa691d181a76848e7a26e9-006930794e" "proxy-server 12" 0.0180 "-" 22 0
Dec 3 17:54:22 standalone proxy-server[125228]: 172.18.0.2 ::1 03/Dec/2025/17/54/22 PUT /v1/AUTH_c51f1f7b458643ac853557bab006bb07/gnocchi.129f0467-dd8f-42e1-af0f-19e9b205fe51/none_v3 HTTP/1.0 201 - python-swiftclient-3.11.1 gAAAAABpMHkOisD2... 22 - - txa691d181a76848e7a26e9-006930794e - 0.0239 - - 1764784462.826527596 1764784462.850406170 0
Dec 3 17:54:26 standalone container-server[123339]: 172.20.0.100 - - [03/Dec/2025:17:54:26 +0000] "HEAD /d1/43/AUTH_c51f1f7b458643ac853557bab006bb07/gnocchi.abee07b4-0525-4001-9452-8e33cc9677d7" 404 - "HEAD http://localhost:8080/v1/AUTH_c51f1f7b458643ac853557bab006bb07/gnocchi.abee07b4-0525-4001-9452-8e33cc9677d7?format=json&states=listing" "tx65d4dcef545a4e1799278-0069307952" "proxy-server 12" 0.0007 "-" 23 0
Dec 3 17:54:26 standalone object-server[123529]: 172.20.0.100 - - [03/Dec/2025:17:54:26 +0000] "GET /d1/255/AUTH_c51f1f7b458643ac853557bab006bb07/gnocchi.abee07b4-0525-4001-9452-8e33cc9677d7/none_v3" 404 70 "GET http://localhost:8080/v1/AUTH_c51f1f7b458643ac853557bab006bb07/gnocchi.abee07b4-0525-4001-9452-8e33cc9677d7/none_v3" "tx65d4dcef545a4e1799278-0069307952" "proxy-server 12" 0.0008 "-" 21 0
Dec 3 17:54:26 standalone proxy-server[125228]: 172.18.0.2 ::1 03/Dec/2025/17/54/26 GET /v1/AUTH_c51f1f7b458643ac853557bab006bb07/gnocchi.abee07b4-0525-4001-9452-8e33cc9677d7/none_v3 HTTP/1.0 404 - python-swiftclient-3.11.1 gAAAAABpMHkOisD2... - 70 - tx65d4dcef545a4e1799278-0069307952 - 0.0153 - - 1764784466.737882614 1764784466.753135681 0
Dec 3 17:54:26 standalone account-server[123376]: 172.20.0.100 - - [03/Dec/2025:17:54:26 +0000] "PUT /d1/348/AUTH_c51f1f7b458643ac853557bab006bb07/gnocchi.abee07b4-0525-4001-9452-8e33cc9677d7" 201 - "PUT http://172.20.0.100:6001/d1/43/AUTH_c51f1f7b458643ac853557bab006bb07/gnocchi.abee07b4-0525-4001-9452-8e33cc9677d7" "tx78f9d16fb384441b9f64b-0069307952" "container-server 22" 0.0050 "-" 22 0
Dec 3 17:54:26 standalone container-server[123334]: 172.20.0.100 - - [03/Dec/2025:17:54:26 +0000] "PUT /d1/43/AUTH_c51f1f7b458643ac853557bab006bb07/gnocchi.abee07b4-0525-4001-9452-8e33cc9677d7" 201 - "PUT http://localhost:8080/v1/AUTH_c51f1f7b458643ac853557bab006bb07/gnocchi.abee07b4-0525-4001-9452-8e33cc9677d7" "tx78f9d16fb384441b9f64b-0069307952" "proxy-server 12" 0.0169 "-" 22 0
