Dec 3 17:56:33 standalone container-server[123328]: 172.20.0.100 - - [03/Dec/2025:17:56:33 +0000] "HEAD /d1/493/AUTH_c51f1f7b458643ac853557bab006bb07/gnocchi.c57b89bc-09db-4080-b3a3-6dea55d80f24" 204 - "HEAD http://localhost:8080/v1/AUTH_c51f1f7b458643ac853557bab006bb07/gnocchi.c57b89bc-09db-4080-b3a3-6dea55d80f24?format=json&states=listing" "tx38e0bf229492458fa0f7c-00693079d1" "proxy-server 12" 0.0023 "-" 20 0
Dec 3 17:56:33 standalone proxy-server[125228]: - - 03/Dec/2025/17/56/33 HEAD /v1/AUTH_c51f1f7b458643ac853557bab006bb07/gnocchi.c57b89bc-09db-4080-b3a3-6dea55d80f24%3Fformat%3Djson%26states%3Dlisting HTTP/1.0 204 - Swift - - - - tx38e0bf229492458fa0f7c-00693079d1 - 0.0053 RL - 1764784593.904970646 1764784593.910316229 0
Dec 3 17:56:33 standalone container-server[123339]: 172.20.0.100 - - [03/Dec/2025:17:56:33 +0000] "GET /d1/493/AUTH_c51f1f7b458643ac853557bab006bb07/gnocchi.c57b89bc-09db-4080-b3a3-6dea55d80f24" 200 2 "GET http://localhost:8080/v1/AUTH_c51f1f7b458643ac853557bab006bb07/gnocchi.c57b89bc-09db-4080-b3a3-6dea55d80f24?format=json&states=listing" "tx38e0bf229492458fa0f7c-00693079d1" "proxy-server 12" 0.0025 "-" 23 0
Dec 3 17:56:33 standalone proxy-server[125228]: 172.18.0.2 ::1 03/Dec/2025/17/56/33 GET /v1/AUTH_c51f1f7b458643ac853557bab006bb07/gnocchi.c57b89bc-09db-4080-b3a3-6dea55d80f24%3Fformat%3Djson%26states%3Dlisting HTTP/1.0 200 - python-swiftclient-3.11.1 gAAAAABpMHkOisD2... - 2 - tx38e0bf229492458fa0f7c-00693079d1 - 0.0140 - - 1764784593.904011965 1764784593.918039799 0
Dec 3 17:56:33 standalone object-server[123566]: 172.20.0.100 - - [03/Dec/2025:17:56:33 +0000] "GET /d1/647/AUTH_c51f1f7b458643ac853557bab006bb07/gnocchi.c57b89bc-09db-4080-b3a3-6dea55d80f24/1764720000.0_mean_300.0_v3" 404 70 "GET http://localhost:8080/v1/AUTH_c51f1f7b458643ac853557bab006bb07/gnocchi.c57b89bc-09db-4080-b3a3-6dea55d80f24/1764720000.0_mean_300.0_v3" "txfd9cae216ac14a1aa7fc0-00693079d1" "proxy-server 12" 0.0005 "-" 24 0
Dec 3 17:56:33 standalone proxy-server[125228]: 172.18.0.2 ::1 03/Dec/2025/17/56/33 GET /v1/AUTH_c51f1f7b458643ac853557bab006bb07/gnocchi.c57b89bc-09db-4080-b3a3-6dea55d80f24/1764720000.0_mean_300.0_v3 HTTP/1.0 404 - python-swiftclient-3.11.1 gAAAAABpMHkOisD2... - 70 - txfd9cae216ac14a1aa7fc0-00693079d1 - 0.0060 - - 1764784593.923331738 1764784593.929321051 0
Dec 3 17:56:33 standalone container-server[123328]: 172.20.0.100 - - [03/Dec/2025:17:56:33 +0000] "PUT /d1/493/AUTH_c51f1f7b458643ac853557bab006bb07/gnocchi.c57b89bc-09db-4080-b3a3-6dea55d80f24/1764720000.0_mean_300.0_v3" 201 - "PUT http://localhost:8080/d1/647/AUTH_c51f1f7b458643ac853557bab006bb07/gnocchi.c57b89bc-09db-4080-b3a3-6dea55d80f24/1764720000.0_mean_300.0_v3" "txa129d3265f0e44f68d1d3-00693079d1" "object-server 21" 0.0008 "-" 20 0
Dec 3 17:56:33 standalone object-server[123529]: 172.20.0.100 - - [03/Dec/2025:17:56:33 +0000] "PUT /d1/647/AUTH_c51f1f7b458643ac853557bab006bb07/gnocchi.c57b89bc-09db-4080-b3a3-6dea55d80f24/1764720000.0_mean_300.0_v3" 201 - "PUT http://localhost:8080/v1/AUTH_c51f1f7b458643ac853557bab006bb07/gnocchi.c57b89bc-09db-4080-b3a3-6dea55d80f24/1764720000.0_mean_300.0_v3" "txa129d3265f0e44f68d1d3-00693079d1" "proxy-server 12" 0.0145 "-" 21 0
Dec 3 17:56:33 standalone proxy-server[125228]: 172.18.0.2 ::1 03/Dec/2025/17/56/33 PUT /v1/AUTH_c51f1f7b458643ac853557bab006bb07/gnocchi.c57b89bc-09db-4080-b3a3-6dea55d80f24/1764720000.0_mean_300.0_v3 HTTP/1.0 201 - python-swiftclient-3.11.1 gAAAAABpMHkOisD2... 16 - - txa129d3265f0e44f68d1d3-00693079d1 - 0.0209 - - 1764784593.933975220 1764784593.954915762 0
Dec 3 17:56:33 standalone container-server[123328]: 172.20.0.100 - - [03/Dec/2025:17:56:33 +0000] "PUT /d1/493/AUTH_c51f1f7b458643ac853557bab006bb07/gnocchi.c57b89bc-09db-4080-b3a3-6dea55d80f24/none_v3" 201 - "PUT http://localhost:8080/d1/837/AUTH_c51f1f7b458643ac853557bab006bb07/gnocchi.c57b89bc-09db-4080-b3a3-6dea55d80f24/none_v3" "txb34f8f16ff1046d8956a9-00693079d1" "object-server 24" 0.0004 "-" 20 0
Dec 3 17:56:33 standalone object-server[123566]: 172.20.0.100 - - [03/Dec/2025:17:56:33 +0000] "PUT /d1/837/AUTH_c51f1f7b458643ac853557bab006bb07/gnocchi.c57b89bc-09db-4080-b3a3-6dea55d80f24/none_v3" 201 - "PUT http://localhost:8080/v1/AUTH_c51f1f7b458643ac853557bab006bb07/gnocchi.c57b89bc-09db-4080-b3a3-6dea55d80f24/none_v3" "txb34f8f16ff1046d8956a9-00693079d1" "proxy-server 12" 0.0089 "-" 24 0
Dec 3 17:56:33 standalone proxy-server[125228]: 172.18.0.2 ::1 03/Dec/2025/17/56/33 PUT /v1/AUTH_c51f1f7b458643ac853557bab006bb07/gnocchi.c57b89bc-09db-4080-b3a3-6dea55d80f24/none_v3 HTTP/1.0 201 - python-swiftclient-3.11.1 gAAAAABpMHkOisD2... 22 - - txb34f8f16ff1046d8956a9-00693079d1 - 0.0166 - - 1764784593.960175037 1764784593.976795912 0
Dec 3 17:56:34 standalone container-server[123334]: 172.20.0.100 - - [03/Dec/2025:17:56:34 +0000] "HEAD /d1/957/AUTH_c51f1f7b458643ac853557bab006bb07/gnocchi.ced1697f-3d49-49ce-876e-043aa2e12969" 404 - "HEAD http://localhost:8080/v1/AUTH_c51f1f7b458643ac853557bab006bb07/gnocchi.ced1697f-3d49-49ce-876e-043aa2e12969?format=json&states=listing" "tx5933793b635e4d908a1a4-00693079d1" "proxy-server 12" 0.0006 "-" 22 0
Dec 3 17:56:34 standalone object-server[123532]: 172.20.0.100 - - [03/Dec/2025:17:56:34 +0000] "GET /d1/152/AUTH_c51f1f7b458643ac853557bab006bb07/gnocchi.ced1697f-3d49-49ce-876e-043aa2e12969/none_v3" 404 70 "GET http://localhost:8080/v1/AUTH_c51f1f7b458643ac853557bab006bb07/gnocchi.ced1697f-3d49-49ce-876e-043aa2e12969/none_v3" "tx5933793b635e4d908a1a4-00693079d1" "proxy-server 12" 0.0005 "-" 22 0
Dec 3 17:56:34 standalone proxy-server[125228]: 172.18.0.2 ::1 03/Dec/2025/17/56/34 GET /v1/AUTH_c51f1f7b458643ac853557bab006bb07/gnocchi.ced1697f-3d49-49ce-876e-043aa2e12969/none_v3 HTTP/1.0 404 - python-swiftclient-3.11.1 gAAAAABpMHkOisD2... - 70 - tx5933793b635e4d908a1a4-00693079d1 - 0.0151 - - 1764784593.998857737 1764784594.013988972 0
Dec 3 17:56:34 standalone account-server[123392]: 172.20.0.100 - - [03/Dec/2025:17:56:34 +0000] "PUT /d1/348/AUTH_c51f1f7b458643ac853557bab006bb07/gnocchi.ced1697f-3d49-49ce-876e-043aa2e12969" 201 - "PUT http://172.20.0.100:6001/d1/957/AUTH_c51f1f7b458643ac853557bab006bb07/gnocchi.ced1697f-3d49-49ce-876e-043aa2e12969" "txaba4d529837a46eda968b-00693079d2" "container-server 21" 0.0062 "-" 23 0
Dec 3 17:56:34 standalone container-server[123329]: 172.20.0.100 - - [03/Dec/2025:17:56:34 +0000] "PUT /d1/957/AUTH_c51f1f7b458643ac853557bab006bb07/gnocchi.ced1697f-3d49-49ce-876e-043aa2e12969" 201 - "PUT http://localhost:8080/v1/AUTH_c51f1f7b458643ac853557bab006bb07/gnocchi.ced1697f-3d49-49ce-876e-043aa2e12969" "txaba4d529837a46eda968b-00693079d2" "proxy-server 12" 0.0220 "-" 21 0
Dec 3 17:56:34 standalone proxy-server[125228]: 172.18.0.2 ::1 03/Dec/2025/17/56/34 PUT /v1/AUTH_c51f1f7b458643ac853557bab006bb07/gnocchi.ced1697f-3d49-49ce-876e-043aa2e12969 HTTP/1.0 201 - python-swiftclient-3.11.1 gAAAAABpMHkOisD2... - - - txaba4d529837a46eda968b-00693079d2 - 0.0300 - - 1764784594.020010948 1764784594.050011873 0
Dec 3 17:56:34 standalone container-server[123328]: 172.20.0.100 - - [03/Dec/2025:17:56:34 +0000] "HEAD /d1/957/AUTH_c51f1f7b458643ac853557bab006bb07/gnocchi.ced1697f-3d49-49ce-876e-043aa2e12969" 204 - "HEAD http://localhost:8080/v1/AUTH_c51f1f7b458643ac853557bab006bb07/gnocchi.ced1697f-3d49-49ce-876e-043aa2e12969?format=json&states=listing" "txd5442a14326b4c57aeef4-00693079d2" "proxy-server 12" 0.0017 "-" 20 0
Dec 3 17:56:34 standalone proxy-server[125228]: - - 03/Dec/2025/17/56/34 HEAD /v1/AUTH_c51f1f7b458643ac853557bab006bb07/gnocchi.ced1697f-3d49-49ce-876e-043aa2e12969%3Fformat%3Djson%26states%3Dlisting HTTP/1.0 204 - Swift - - - - txd5442a14326b4c57aeef4-00693079d2 - 0.0062 RL - 1764784594.057267904 1764784594.063455343 0
Dec 3 17:56:34 standalone container-server[123339]: 172.20.0.100 - - [03/Dec/2025:17:56:34 +0000] "GET /d1/957/AUTH_c51f1f7b458643ac853557bab006bb07/gnocchi.ced1697f-3d49-49ce-876e-043aa2e12969" 200 2 "GET http://localhost:8080/v1/AUTH_c51f1f7b458643ac853557bab006bb07/gnocchi.ced1697f-3d49-49ce-876e-043aa2e12969?format=json&states=listing" "txd5442a14326b4c57aeef4-00693079d2" "proxy-server 12" 0.0025 "-" 23 0
Dec 3 17:56:34 standalone proxy-server[125228]: 172.18.0.2 ::1 03/Dec/2025/17/56/34 GET /v1/AUTH_c51f1f7b458643ac853557bab006bb07/gnocchi.ced1697f-3d49-49ce-876e-043aa2e12969%3Fformat%3Djson%26states%3Dlisting HTTP/1.0 200 - python-swiftclient-3.11.1 gAAAAABpMHkOisD2... - 2 - txd5442a14326b4c57aeef4-00693079d2 - 0.0174 - - 1764784594.055877209 1764784594.073266029 0
Dec 3 17:56:34 standalone object-server[123548]: 172.20.0.100 - - [03/Dec/2025:17:56:34 +0000] "GET /d1/1017/AUTH_c51f1f7b458643ac853557bab006bb07/gnocchi.ced1697f-3d49-49ce-876e-043aa2e12969/1764720000.0_mean_300.0_v3" 404 70 "GET http://localhost:8080/v1/AUTH_c51f1f7b458643ac853557bab006bb07/gnocchi.ced1697f-3d49-49ce-876e-043aa2e12969/1764720000.0_mean_300.0_v3" "txe7858f602ff5453c89d90-00693079d2" "proxy-server 12" 0.0005 "-" 23 0
Dec 3 17:56:34 standalone proxy-server[125228]: 172.18.0.2 ::1 03/Dec/2025/17/56/34 GET /v1/AUTH_c51f1f7b458643ac853557bab006bb07/gnocchi.ced1697f-3d49-49ce-876e-043aa2e12969/1764720000.0_mean_300.0_v3 HTTP/1.0 404 - python-swiftclient-3.11.1 gAAAAABpMHkOisD2... - 70 - txe7858f602ff5453c89d90-00693079d2 - 0.0073 - - 1764784594.078442097 1764784594.085694551 0
Dec 3 17:56:34 standalone container-server[123334]: 172.20.0.100 - - [03/Dec/2025:17:56:34 +0000] "PUT /d1/957/AUTH_c51f1f7b458643ac853557bab006bb07/gnocchi.ced1697f-3d49-49ce-876e-043aa2e12969/1764720000.0_mean_300.0_v3" 201 - "PUT http://localhost:8080/d1/1017/AUTH_c51f1f7b458643ac853557bab006bb07/gnocchi.ced1697f-3d49-49ce-876e-043aa2e12969/1764720000.0_mean_300.0_v3" "txc013f4a95b224b068a38a-00693079d2" "object-server 22" 0.0008 "-" 22 0
Dec 3 17:56:34 standalone object-server[123532]: 172.20.0.100 - - [03/Dec/2025:17:56:34 +0000] "PUT /d1/1017/AUTH_c51f1f7b458643ac853557bab006bb07/gnocchi.ced1697f-3d49-49ce-876e-043aa2e12969/1764720000.0_mean_300.0_v3" 201 - "PUT http://localhost:8080/v1/AUTH_c51f1f7b458643ac853557bab006bb07/gnocchi.ced1697f-3d49-49ce-876e-043aa2e12969/1764720000.0_mean_300.0_v3" "txc013f4a95b224b068a38a-00693079d2" "proxy-server 12" 0.0119 "-" 22 0
Dec 3 17:56:34 standalone proxy-server[125228]: 172.18.0.2 ::1 03/Dec/2025/17/56/34 PUT /v1/AUTH_c51f1f7b458643ac853557bab006bb07/gnocchi.ced1697f-3d49-49ce-876e-043aa2e12969/1764720000.0_mean_300.0_v3 HTTP/1.0 201 - python-swiftclient-3.11.1 gAAAAABpMHkOisD2... 16 - - txc013f4a95b224b068a38a-00693079d2 - 0.0185 - - 1764784594.090188742 1764784594.108661413 0
Dec 3 17:56:34 standalone container-server[123339]: 172.20.0.100 - - [03/Dec/2025:17:56:34 +0000] "PUT /d1/957/AUTH_c51f1f7b458643ac853557bab006bb07/gnocchi.ced1697f-3d49-49ce-876e-043aa2e12969/none_v3" 201 - "PUT http://localhost:8080/d1/152/AUTH_c51f1f7b458643ac853557bab006bb07/gnocchi.ced1697f-3d49-49ce-876e-043aa2e12969/none_v3" "txce3ba9913ebc4f0a98ff0-00693079d2" "object-server 21" 0.0005 "-" 23 0
Dec 3 17:56:34 standalone object-server[123529]: 172.20.0.100 - - [03/Dec/2025:17:56:34 +0000] "PUT /d1/152/AUTH_c51f1f7b458643ac853557bab006bb07/gnocchi.ced1697f-3d49-49ce-876e-043aa2e12969/none_v3" 201 - "PUT http://localhost:8080/v1/AUTH_c51f1f7b458643ac853557bab006bb07/gnocchi.ced1697f-3d49-49ce-876e-043aa2e12969/none_v3" "txce3ba9913ebc4f0a98ff0-00693079d2" "proxy-server 12" 0.0095 "-" 21 0
Dec 3 17:56:34 standalone proxy-server[125228]: 172.18.0.2 ::1 03/Dec/2025/17/56/34 PUT /v1/AUTH_c51f1f7b458643ac853557bab006bb07/gnocchi.ced1697f-3d49-49ce-876e-043aa2e12969/none_v3 HTTP/1.0 201 - python-swiftclient-3.11.1 gAAAAABpMHkOisD2... 22 - - txce3ba9913ebc4f0a98ff0-00693079d2 - 0.0151 - - 1764784594.112601042 1764784594.127681017 0
Dec 3 17:56:34 standalone container-server[123329]: 172.20.0.100 - - [03/Dec/2025:17:56:34 +0000] "HEAD /d1/188/AUTH_c51f1f7b458643ac853557bab006bb07/gnocchi.bb985701-7813-4a20-8d88-4a10e1e69144" 404 - "HEAD http://localhost:8080/v1/AUTH_c51f1f7b458643ac853557bab006bb07/gnocchi.bb985701-7813-4a20-8d88-4a10e1e69144?format=json&states=listing" "tx2bb62746ef0842f19a79a-00693079d2" "proxy-server 12" 0.0005 "-" 21 0
Dec 3 17:56:34 standalone object-server[123532]: 172.20.0.100 - - [03/Dec/2025:17:56:34 +0000] "GET /d1/736/AUTH_c51f1f7b458643ac853557bab006bb07/gnocchi.bb985701-7813-4a20-8d88-4a10e1e69144/none_v3" 404 70 "GET http://localhost:8080/v1/AUTH_c51f1f7b458643ac853557bab006bb07/gnocchi.bb985701-7813-4a20-8d88-4a10e1e69144/none_v3" "tx2bb62746ef0842f19a79a-00693079d2" "proxy-server 12" 0.0004 "-" 22 0
Dec 3 17:56:34 standalone proxy-server[125228]: 172.18.0.2 ::1 03/Dec/2025/17/56/34 GET /v1/AUTH_c51f1f7b458643ac853557bab006bb07/gnocchi.bb985701-7813-4a20-8d88-4a10e1e69144/none_v3 HTTP/1.0 404 - python-swiftclient-3.11.1 gAAAAABpMHkOisD2... - 70 - tx2bb62746ef0842f19a79a-00693079d2 - 0.0136 - - 1764784594.139749527 1764784594.153380871 0
Dec 3 17:56:34 standalone account-server[123392]: 172.20.0.100 - - [03/Dec/2025:17:56:34 +0000] "PUT /d1/348/AUTH_c51f1f7b458643ac853557bab006bb07/gnocchi.bb985701-7813-4a20-8d88-4a10e1e69144" 201 - "PUT http://172.20.0.100:6001/d1/188/AUTH_c51f1f7b458643ac853557bab006bb07/gnocchi.bb985701-7813-4a20-8d88-4a10e1e69144" "tx89e53bef8dc1491c9af65-00693079d2" "container-server 23" 0.0061 "-" 23 0
Dec 3 17:56:34 standalone container-server[123339]: 172.20.0.100 - - [03/Dec/2025:17:56:34 +0000] "PUT /d1/188/AUTH_c51f1f7b458643ac853557bab006bb07/gnocchi.bb985701-7813-4a20-8d88-4a10e1e69144" 201 - "PUT http://localhost:8080/v1/AUTH_c51f1f7b458643ac853557bab006bb07/gnocchi.bb985701-7813-4a20-8d88-4a10e1e69144" "tx89e53bef8dc1491c9af65-00693079d2" "proxy-server 12" 0.0180 "-" 23 0
Dec 3 17:56:34 standalone proxy-server[125228]: 172.18.0.2 ::1 03/Dec/2025/17/56/34 PUT /v1/AUTH_c51f1f7b458643ac853557bab006bb07/gnocchi.bb985701-7813-4a20-8d88-4a10e1e69144 HTTP/1.0 201 - python-swiftclient-3.11.1 gAAAAABpMHkOisD2... - - - tx89e53bef8dc1491c9af65-00693079d2 - 0.0241 - - 1764784594.157567263 1764784594.181663275 0
Dec 3 17:56:34 standalone container-server[123328]: 172.20.0.100 - - [03/Dec/2025:17:56:34 +0000] "HEAD /d1/188/AUTH_c51f1f7b458643ac853557bab006bb07/gnocchi.bb985701-7813-4a20-8d88-4a10e1e69144" 204 - "HEAD http://localhost:8080/v1/AUTH_c51f1f7b458643ac853557bab006bb07/gnocchi.bb985701-7813-4a20-8d88-4a10e1e69144?format=json&states=listing" "tx51527ac02d14477b94460-00693079d2" "proxy-server 12" 0.0011 "-" 20 0
Dec 3 17:56:34 standalone proxy-server[125228]: - - 03/Dec/2025/17/56/34 HEAD /v1/AUTH_c51f1f7b458643ac853557bab006bb07/gnocchi.bb985701-7813-4a20-8d88-4a10e1e69144%3Fformat%3Djson%26states%3Dlisting HTTP/1.0 204 - Swift - - - - tx51527ac02d14477b94460-00693079d2 - 0.0049 RL - 1764784594.186741829 1764784594.191650391 0
Dec 3 17:56:34 standalone container-server[123339]: 172.20.0.100 - - [03/Dec/2025:17:56:34 +0000] "GET /d1/188/AUTH_c51f1f7b458643ac853557bab006bb07/gnocchi.bb985701-7813-4a20-8d88-4a10e1e69144" 200 2 "GET http://localhost:8080/v1/AUTH_c51f1f7b458643ac853557bab006bb07/gnocchi.bb985701-7813-4a20-8d88-4a10e1e69144?format=json&states=listing" "tx51527ac02d14477b94460-00693079d2" "proxy-server 12" 0.0021 "-" 23 0
Dec 3 17:56:34 standalone proxy-server[125228]: 172.18.0.2 ::1 03/Dec/2025/17/56/34 GET /v1/AUTH_c51f1f7b458643ac853557bab006bb07/gnocchi.bb985701-7813-4a20-8d88-4a10e1e69144%3Fformat%3Djson%26states%3Dlisting HTTP/1.0 200 - python-swiftclient-3.11.1 gAAAAABpMHkOisD2... - 2 - tx51527ac02d14477b94460-00693079d2 - 0.0159 - - 1764784594.185319662 1764784594.201267958 0
Dec 3 17:56:34 standalone object-server[123566]: 172.20.0.100 - - [03/Dec/2025:17:56:34 +0000] "GET /d1/701/AUTH_c51f1f7b458643ac853557bab006bb07/gnocchi.bb985701-7813-4a20-8d88-4a10e1e69144/1764720000.0_mean_300.0_v3" 404 70 "GET http://localhost:8080/v1/AUTH_c51f1f7b458643ac853557bab006bb07/gnocchi.bb985701-7813-4a20-8d88-4a10e1e69144/1764720000.0_mean_300.0_v3" "tx080cfcc26f9d4b2ab848f-00693079d2" "proxy-server 12" 0.0005 "-" 24 0
Dec 3 17:56:34 standalone proxy-server[125228]: 172.18.0.2 ::1 03/Dec/2025/17/56/34 GET /v1/AUTH_c51f1f7b458643ac853557bab006bb07/gnocchi.bb985701-7813-4a20-8d88-4a10e1e69144/1764720000.0_mean_300.0_v3 HTTP/1.0 404 - python-swiftclient-3.11.1 gAAAAABpMHkOisD2... - 70 - tx080cfcc26f9d4b2ab848f-00693079d2 - 0.0083 - - 1764784594.204878807 1764784594.213155746 0
Dec 3 17:56:34 standalone container-server[123334]: 172.20.0.100 - - [03/Dec/2025:17:56:34 +0000] "PUT /d1/188/AUTH_c51f1f7b458643ac853557bab006bb07/gnocchi.bb985701-7813-4a20-8d88-4a10e1e69144/1764720000.0_mean_300.0_v3" 201 - "PUT http://localhost:8080/d1/701/AUTH_c51f1f7b458643ac853557bab006bb07/gnocchi.bb985701-7813-4a20-8d88-4a10e1e69144/1764720000.0_mean_300.0_v3" "tx528336d6676a4595b3a19-00693079d2" "object-server 22" 0.0008 "-" 22 0
Dec 3 17:56:34 standalone object-server[123532]: 172.20.0.100 - - [03/Dec/2025:17:56:34 +0000] "PUT /d1/701/AUTH_c51f1f7b458643ac853557bab006bb07/gnocchi.bb985701-7813-4a20-8d88-4a10e1e69144/1764720000.0_mean_300.0_v3" 201 - "PUT http://localhost:8080/v1/AUTH_c51f1f7b458643ac853557bab006bb07/gnocchi.bb985701-7813-4a20-8d88-4a10e1e69144/1764720000.0_mean_300.0_v3" "tx528336d6676a4595b3a19-00693079d2" "proxy-server 12" 0.0129 "-" 22 0
Dec 3 17:56:34 standalone proxy-server[125228]: 172.18.0.2 ::1 03/Dec/2025/17/56/34 PUT /v1/AUTH_c51f1f7b458643ac853557bab006bb07/gnocchi.bb985701-7813-4a20-8d88-4a10e1e69144/1764720000.0_mean_300.0_v3 HTTP/1.0 201 - python-swiftclient-3.11.1 gAAAAABpMHkOisD2... 16 - - tx528336d6676a4595b3a19-00693079d2 - 0.0217 - - 1764784594.216440916 1764784594.238121271 0
Dec 3 17:56:34 standalone container-server[123329]: 172.20.0.100 - - [03/Dec/2025:17:56:34 +0000] "PUT /d1/188/AUTH_c51f1f7b458643ac853557bab006bb07/gnocchi.bb985701-7813-4a20-8d88-4a10e1e69144/none_v3" 201 - "PUT http://localhost:8080/d1/736/AUTH_c51f1f7b458643ac853557bab006bb07/gnocchi.bb985701-7813-4a20-8d88-4a10e1e69144/none_v3" "tx1f9bf66cda6c4d81aefe1-00693079d2" "object-server 24" 0.0007 "-" 21 0
Dec 3 17:56:34 standalone object-server[123566]: 172.20.0.100 - - [03/Dec/2025:17:56:34 +0000] "PUT /d1/736/AUTH_c51f1f7b458643ac853557bab006bb07/gnocchi.bb985701-7813-4a20-8d88-4a10e1e69144/none_v3" 201 - "PUT http://localhost:8080/v1/AUTH_c51f1f7b458643ac853557bab006bb07/gnocchi.bb985701-7813-4a20-8d88-4a10e1e69144/none_v3" "tx1f9bf66cda6c4d81aefe1-00693079d2" "proxy-server 12" 0.0121 "-" 24 0
Dec 3 17:56:34 standalone proxy-server[125228]: 172.18.0.2 ::1 03/Dec/2025/17/56/34 PUT /v1/AUTH_c51f1f7b458643ac853557bab006bb07/gnocchi.bb985701-7813-4a20-8d88-4a10e1e69144/none_v3 HTTP/1.0 201 - python-swiftclient-3.11.1 gAAAAABpMHkOisD2... 22 - - tx1f9bf66cda6c4d81aefe1-00693079d2 - 0.0200 - - 1764784594.241641760 1764784594.261678219 0
Dec 3 17:56:34 standalone container-server[123339]: 172.20.0.100 - - [03/Dec/2025:17:56:34 +0000] "HEAD /d1/239/AUTH_c51f1f7b458643ac853557bab006bb07/gnocchi.5832c2fe-fee1-47ab-8a76-c2fbc4908e04" 404 - "HEAD http://localhost:8080/v1/AUTH_c51f1f7b458643ac853557bab006bb07/gnocchi.5832c2fe-fee1-47ab-8a76-c2fbc4908e04?format=json&states=listing" "tx713886e752dc4383890f0-00693079d2" "proxy-server 12" 0.0004 "-" 23 0
Dec 3 17:56:34 standalone object-server[123566]: 172.20.0.100 - - [03/Dec/2025:17:56:34 +0000] "GET /d1/837/AUTH_c51f1f7b458643ac853557bab006bb07/gnocchi.5832c2fe-fee1-47ab-8a76-c2fbc4908e04/none_v3" 404 70 "GET http://localhost:8080/v1/AUTH_c51f1f7b458643ac853557bab006bb07/gnocchi.5832c2fe-fee1-47ab-8a76-c2fbc4908e04/none_v3" "tx713886e752dc4383890f0-00693079d2" "proxy-server 12" 0.0004 "-" 24 0
Dec 3 17:56:34 standalone proxy-server[125228]: 172.18.0.2 ::1 03/Dec/2025/17/56/34 GET /v1/AUTH_c51f1f7b458643ac853557bab006bb07/gnocchi.5832c2fe-fee1-47ab-8a76-c2fbc4908e04/none_v3 HTTP/1.0 404 - python-swiftclient-3.11.1 gAAAAABpMHkOisD2... - 70 - tx713886e752dc4383890f0-00693079d2 - 0.0112 - - 1764784594.271195650 1764784594.282347441 0
Dec 3 17:56:34 standalone account-server[123373]: 172.20.0.100 - - [03/Dec/2025:17:56:34 +0000] "PUT /d1/348/AUTH_c51f1f7b458643ac853557bab006bb07/gnocchi.5832c2fe-fee1-47ab-8a76-c2fbc4908e04" 201 - "PUT http://172.20.0.100:6001/d1/239/AUTH_c51f1f7b458643ac853557bab006bb07/gnocchi.5832c2fe-fee1-47ab-8a76-c2fbc4908e04" "tx3dc806c6b3554e6f9d04d-00693079d2" "container-server 22" 0.0060 "-" 21 0
Dec 3 17:56:34 standalone container-server[123334]: 172.20.0.100 - - [03/Dec/2025:17:56:34 +0000] "PUT /d1/239/AUTH_c51f1f7b458643ac853557bab006bb07/gnocchi.5832c2fe-fee1-47ab-8a76-c2fbc4908e04" 201 - "PUT http://localhost:8080/v1/AUTH_c51f1f7b458643ac853557bab006bb07/gnocchi.5832c2fe-fee1-47ab-8a76-c2fbc4908e04" "tx3dc806c6b3554e6f9d04d-00693079d2" "proxy-server 12" 0.0196 "-" 22 0
Dec 3 17:56:34 standalone proxy-server[125228]: 172.18.0.2 ::1 03/Dec/2025/17/56/34 PUT /v1/AUTH_c51f1f7b458643ac853557bab006bb07/gnocchi.5832c2fe-fee1-47ab-8a76-c2fbc4908e04 HTTP/1.0 201 - python-swiftclient-3.11.1 gAAAAABpMHkOisD2... - - - tx3dc806c6b3554e6f9d04d-00693079d2 - 0.0265 - - 1764784594.285284281 1764784594.311763287 0
Dec 3 17:56:34 standalone container-server[123328]: 172.20.0.100 - - [03/Dec/2025:17:56:34 +0000] "HEAD /d1/239/AUTH_c51f1f7b458643ac853557bab006bb07/gnocchi.5832c2fe-fee1-47ab-8a76-c2fbc4908e04" 204 - "HEAD http://localhost:8080/v1/AUTH_c51f1f7b458643ac853557bab006bb07/gnocchi.5832c2fe-fee1-47ab-8a76-c2fbc4908e04?format=json&states=listing" "txd9c730572430419e811f7-00693079d2" "proxy-server 12" 0.0028 "-" 20 0
Dec 3 17:56:34 standalone proxy-server[125228]: - - 03/Dec/2025/17/56/34 HEAD /v1/AUTH_c51f1f7b458643ac853557bab006bb07/gnocchi.5832c2fe-fee1-47ab-8a76-c2fbc4908e04%3Fformat%3Djson%26states%3Dlisting HTTP/1.0 204 - Swift - - - - txd9c730572430419e811f7-00693079d2 - 0.0083 RL - 1764784594.318807125 1764784594.327075005 0
Dec 3 17:56:34 standalone container-server[123329]: 172.20.0.100 - - [03/Dec/2025:17:56:34 +0000] "GET /d1/239/AUTH_c51f1f7b458643ac853557bab006bb07/gnocchi.5832c2fe-fee1-47ab-8a76-c2fbc4908e04" 200 2 "GET http://localhost:8080/v1/AUTH_c51f1f7b458643ac853557bab006bb07/gnocchi.5832c2fe-fee1-47ab-8a76-c2fbc4908e04?format=json&states=listing" "txd9c730572430419e811f7-00693079d2" "proxy-server 12" 0.0035 "-" 21 0
Dec 3 17:56:34 standalone proxy-server[125228]: 172.18.0.2 ::1 03/Dec/2025/17/56/34 GET /v1/AUTH_c51f1f7b458643ac853557bab006bb07/gnocchi.5832c2fe-fee1-47ab-8a76-c2fbc4908e04%3Fformat%3Djson%26states%3Dlisting HTTP/1.0 200 - python-swiftclient-3.11.1 gAAAAABpMHkOisD2... - 2 - txd9c730572430419e811f7-00693079d2 - 0.0215 - - 1764784594.317063570 1764784594.338596582 0
Dec 3 17:56:34 standalone object-server[123529]: 172.20.0.100 - - [03/Dec/2025:17:56:34 +0000] "GET /d1/49/AUTH_c51f1f7b458643ac853557bab006bb07/gnocchi.5832c2fe-fee1-47ab-8a76-c2fbc4908e04/1764720000.0_mean_300.0_v3" 404 70 "GET http://localhost:8080/v1/AUTH_c51f1f7b458643ac853557bab006bb07/gnocchi.5832c2fe-fee1-47ab-8a76-c2fbc4908e04/1764720000.0_mean_300.0_v3" "txdeb3e261adc945b697b1d-00693079d2" "proxy-server 12" 0.0004 "-" 21 0
Dec 3 17:56:34 standalone proxy-server[125228]: 172.18.0.2 ::1 03/Dec/2025/17/56/34 GET /v1/AUTH_c51f1f7b458643ac853557bab006bb07/gnocchi.5832c2fe-fee1-47ab-8a76-c2fbc4908e04/1764720000.0_mean_300.0_v3 HTTP/1.0 404 - python-swiftclient-3.11.1 gAAAAABpMHkOisD2... - 70 - txdeb3e261adc945b697b1d-00693079d2 - 0.0071 - - 1764784594.344191551 1764784594.351268291 0
Dec 3 17:56:34 standalone container-server[123339]: 172.20.0.100 - - [03/Dec/2025:17:56:34 +0000] "PUT /d1/239/AUTH_c51f1f7b458643ac853557bab006bb07/gnocchi.5832c2fe-fee1-47ab-8a76-c2fbc4908e04/1764720000.0_mean_300.0_v3" 201 - "PUT http://localhost:8080/d1/49/AUTH_c51f1f7b458643ac853557bab006bb07/gnocchi.5832c2fe-fee1-47ab-8a76-c2fbc4908e04/1764720000.0_mean_300.0_v3" "tx826bfc58be28478ba3b29-00693079d2" "object-server 21" 0.0014 "-" 23 0
Dec 3 17:56:34 standalone object-server[123529]: 172.20.0.100 - - [03/Dec/2025:17:56:34 +0000] "PUT /d1/49/AUTH_c51f1f7b458643ac853557bab006bb07/gnocchi.5832c2fe-fee1-47ab-8a76-c2fbc4908e04/1764720000.0_mean_300.0_v3" 201 - "PUT http://localhost:8080/v1/AUTH_c51f1f7b458643ac853557bab006bb07/gnocchi.5832c2fe-fee1-47ab-8a76-c2fbc4908e04/1764720000.0_mean_300.0_v3" "tx826bfc58be28478ba3b29-00693079d2" "proxy-server 12" 0.0122 "-" 21 0
Dec 3 17:56:34 standalone proxy-server[125228]: 172.18.0.2 ::1 03/Dec/2025/17/56/34 PUT /v1/AUTH_c51f1f7b458643ac853557bab006bb07/gnocchi.5832c2fe-fee1-47ab-8a76-c2fbc4908e04/1764720000.0_mean_300.0_v3 HTTP/1.0 201 - python-swiftclient-3.11.1 gAAAAABpMHkOisD2... 16 - - tx826bfc58be28478ba3b29-00693079d2 - 0.0190 - - 1764784594.355920315 1764784594.374911308 0
Dec 3 17:56:34 standalone container-server[123339]: 172.20.0.100 - - [03/Dec/2025:17:56:34 +0000] "PUT /d1/239/AUTH_c51f1f7b458643ac853557bab006bb07/gnocchi.5832c2fe-fee1-47ab-8a76-c2fbc4908e04/none_v3" 201 - "PUT http://localhost:8080/d1/837/AUTH_c51f1f7b458643ac853557bab006bb07/gnocchi.5832c2fe-fee1-47ab-8a76-c2fbc4908e04/none_v3" "txd496b01b0a0b42bd8e788-00693079d2" "object-server 21" 0.0007 "-" 23 0
Dec 3 17:56:34 standalone object-server[123529]: 172.20.0.100 - - [03/Dec/2025:17:56:34 +0000] "PUT /d1/837/AUTH_c51f1f7b458643ac853557bab006bb07/gnocchi.5832c2fe-fee1-47ab-8a76-c2fbc4908e04/none_v3" 201 - "PUT http://localhost:8080/v1/AUTH_c51f1f7b458643ac853557bab006bb07/gnocchi.5832c2fe-fee1-47ab-8a76-c2fbc4908e04/none_v3" "txd496b01b0a0b42bd8e788-00693079d2" "proxy-server 12" 0.0096 "-" 21 0
Dec 3 17:56:34 standalone proxy-server[125228]: 172.18.0.2 ::1 03/Dec/2025/17/56/34 PUT /v1/AUTH_c51f1f7b458643ac853557bab006bb07/gnocchi.5832c2fe-fee1-47ab-8a76-c2fbc4908e04/none_v3 HTTP/1.0 201 - python-swiftclient-3.11.1 gAAAAABpMHkOisD2... 22 - - txd496b01b0a0b42bd8e788-00693079d2 - 0.0169 - - 1764784594.379375696 1764784594.396324396 0
Dec 3 17:56:34 standalone container-server[123339]: 172.20.0.100 - - [03/Dec/2025:17:56:34 +0000] "HEAD /d1/656/AUTH_c51f1f7b458643ac853557bab006bb07/gnocchi.b309423a-f8d1-45bd-bc05-80641c9b1c5b" 404 - "HEAD http://localhost:8080/v1/AUTH_c51f1f7b458643ac853557bab006bb07/gnocchi.b309423a-f8d1-45bd-bc05-80641c9b1c5b?format=json&states=listing" "txf201d51031cd42b395640-00693079d2" "proxy-server 12" 0.0005 "-" 23 0
Dec 3 17:56:34 standalone object-server[123548]: 172.20.0.100 - - [03/Dec/2025:17:56:34 +0000] "GET /d1/503/AUTH_c51f1f7b458643ac853557bab006bb07/gnocchi.b309423a-f8d1-45bd-bc05-80641c9b1c5b/none_v3" 404 70 "GET http://localhost:8080/v1/AUTH_c51f1f7b458643ac853557bab006bb07/gnocchi.b309423a-f8d1-45bd-bc05-80641c9b1c5b/none_v3" "txf201d51031cd42b395640-00693079d2" "proxy-server 12" 0.0005 "-" 23 0
Dec 3 17:56:34 standalone proxy-server[125228]: 172.18.0.2 ::1 03/Dec/2025/17/56/34 GET /v1/AUTH_c51f1f7b458643ac853557bab006bb07/gnocchi.b309423a-f8d1-45bd-bc05-80641c9b1c5b/none_v3 HTTP/1.0 404 - python-swiftclient-3.11.1 gAAAAABpMHkOisD2... - 70 - txf201d51031cd42b395640-00693079d2 - 0.0126 - - 1764784594.412473202 1764784594.425060511 0
Dec 3 17:56:34 standalone account-server[123363]: 172.20.0.100 - - [03/Dec/2025:17:56:34 +0000] "PUT /d1/348/AUTH_c51f1f7b458643ac853557bab006bb07/gnocchi.b309423a-f8d1-45bd-bc05-80641c9b1c5b" 201 - "PUT http://172.20.0.100:6001/d1/656/AUTH_c51f1f7b458643ac853557bab006bb07/gnocchi.b309423a-f8d1-45bd-bc05-80641c9b1c5b" "tx19710f22cd4c45d7b7737-00693079d2" "container-server 21" 0.0063 "-" 20 0
Dec 3 17:56:34 standalone container-server[123329]: 172.20.0.100 - - [03/Dec/2025:17:56:34 +0000] "PUT /d1/656/AUTH_c51f1f7b458643ac853557bab006bb07/gnocchi.b309423a-f8d1-45bd-bc05-80641c9b1c5b" 201 - "PUT http://localhost:8080/v1/AUTH_c51f1f7b458643ac853557bab006bb07/gnocchi.b309423a-f8d1-45bd-bc05-80641c9b1c5b" "tx19710f22cd4c45d7b7737-00693079d2" "proxy-server 12" 0.0185 "-" 21 0
Dec 3 17:56:34 standalone proxy-server[125228]: 172.18.0.2 ::1 03/Dec/2025/17/56/34 PUT /v1/AUTH_c51f1f7b458643ac853557bab006bb07/gnocchi.b309423a-f8d1-45bd-bc05-80641c9b1c5b HTTP/1.0 201 - python-swiftclient-3.11.1 gAAAAABpMHkOisD2... - - - tx19710f22cd4c45d7b7737-00693079d2 - 0.0247 - - 1764784594.429046869 1764784594.453719139 0
Dec 3 17:56:34 standalone container-server[123328]: 172.20.0.100 - - [03/Dec/2025:17:56:34 +0000] "HEAD /d1/656/AUTH_c51f1f7b458643ac853557bab006bb07/gnocchi.b309423a-f8d1-45bd-bc05-80641c9b1c5b" 204 - "HEAD http://localhost:8080/v1/AUTH_c51f1f7b458643ac853557bab006bb07/gnocchi.b309423a-f8d1-45bd-bc05-80641c9b1c5b?format=json&states=listing" "tx21a081fbe24d458c87869-00693079d2" "proxy-server 12" 0.0015 "-" 20 0
Dec 3 17:56:34 standalone proxy-server[125228]: - - 03/Dec/2025/17/56/34 HEAD /v1/AUTH_c51f1f7b458643ac853557bab006bb07/gnocchi.b309423a-f8d1-45bd-bc05-80641c9b1c5b%3Fformat%3Djson%26states%3Dlisting HTTP/1.0 204 - Swift - - - - tx21a081fbe24d458c87869-00693079d2 - 0.0057 RL - 1764784594.459678411 1764784594.465352297 0
Dec 3 17:56:34 standalone container-server[123329]: 172.20.0.100 - - [03/Dec/2025:17:56:34 +0000] "GET /d1/656/AUTH_c51f1f7b458643ac853557bab006bb07/gnocchi.b309423a-f8d1-45bd-bc05-80641c9b1c5b" 200 2 "GET http://localhost:8080/v1/AUTH_c51f1f7b458643ac853557bab006bb07/gnocchi.b309423a-f8d1-45bd-bc05-80641c9b1c5b?format=json&states=listing" "tx21a081fbe24d458c87869-00693079d2" "proxy-server 12" 0.0030 "-" 21 0
Dec 3 17:56:34 standalone proxy-server[125228]: 172.18.0.2 ::1 03/Dec/2025/17/56/34 GET /v1/AUTH_c51f1f7b458643ac853557bab006bb07/gnocchi.b309423a-f8d1-45bd-bc05-80641c9b1c5b%3Fformat%3Djson%26states%3Dlisting HTTP/1.0 200 - python-swiftclient-3.11.1 gAAAAABpMHkOisD2... - 2 - tx21a081fbe24d458c87869-00693079d2 - 0.0181 - - 1764784594.458074570 1764784594.476179361 0
Dec 3 17:56:34 standalone object-server[123548]: 172.20.0.100 - - [03/Dec/2025:17:56:34 +0000] "GET /d1/615/AUTH_c51f1f7b458643ac853557bab006bb07/gnocchi.b309423a-f8d1-45bd-bc05-80641c9b1c5b/1764720000.0_mean_300.0_v3" 404 70 "GET http://localhost:8080/v1/AUTH_c51f1f7b458643ac853557bab006bb07/gnocchi.b309423a-f8d1-45bd-bc05-80641c9b1c5b/1764720000.0_mean_300.0_v3" "tx8ffa2b70b19f49d4b4875-00693079d2" "proxy-server 12" 0.0004 "-" 23 0
Dec 3 17:56:34 standalone proxy-server[125228]: 172.18.0.2 ::1 03/Dec/2025/17/56/34 GET /v1/AUTH_c51f1f7b458643ac853557bab006bb07/gnocchi.b309423a-f8d1-45bd-bc05-80641c9b1c5b/1764720000.0_mean_300.0_v3 HTTP/1.0 404 - python-swiftclient-3.11.1 gAAAAABpMHkOisD2... - 70 - tx8ffa2b70b19f49d4b4875-00693079d2 - 0.0097 - - 1764784594.481161118 1764784594.490908146 0
Dec 3 17:56:34 standalone container-server[123329]: 172.20.0.100 - - [03/Dec/2025:17:56:34 +0000] "PUT /d1/656/AUTH_c51f1f7b458643ac853557bab006bb07/gnocchi.b309423a-f8d1-45bd-bc05-80641c9b1c5b/1764720000.0_mean_300.0_v3" 201 - "PUT http://localhost:8080/d1/615/AUTH_c51f1f7b458643ac853557bab006bb07/gnocchi.b309423a-f8d1-45bd-bc05-80641c9b1c5b/1764720000.0_mean_300.0_v3" "tx4b16527c68c24c48bdb76-00693079d2" "object-server 24" 0.0007 "-" 21 0
Dec 3 17:56:34 standalone object-server[123566]: 172.20.0.100 - - [03/Dec/2025:17:56:34 +0000] "PUT /d1/615/AUTH_c51f1f7b458643ac853557bab006bb07/gnocchi.b309423a-f8d1-45bd-bc05-80641c9b1c5b/1764720000.0_mean_300.0_v3" 201 - "PUT http://localhost:8080/v1/AUTH_c51f1f7b458643ac853557bab006bb07/gnocchi.b309423a-f8d1-45bd-bc05-80641c9b1c5b/1764720000.0_mean_300.0_v3" "tx4b16527c68c24c48bdb76-00693079d2" "proxy-server 12" 0.0116 "-" 24 0
Dec 3 17:56:34 standalone proxy-server[125228]: 172.18.0.2 ::1 03/Dec/2025/17/56/34 PUT /v1/AUTH_c51f1f7b458643ac853557bab006bb07/gnocchi.b309423a-f8d1-45bd-bc05-80641c9b1c5b/1764720000.0_mean_300.0_v3 HTTP/1.0 201 - python-swiftclient-3.11.1 gAAAAABpMHkOisD2... 16 - - tx4b16527c68c24c48bdb76-00693079d2 - 0.0201 - - 1764784594.495811939 1764784594.515951633 0
Dec 3 17:56:34 standalone container-server[123329]: 172.20.0.100 - - [03/Dec/2025:17:56:34 +0000] "PUT /d1/656/AUTH_c51f1f7b458643ac853557bab006bb07/gnocchi.b309423a-f8d1-45bd-bc05-80641c9b1c5b/none_v3" 201 - "PUT http://localhost:8080/d1/503/AUTH_c51f1f7b458643ac853557bab006bb07/gnocchi.b309423a-f8d1-45bd-bc05-80641c9b1c5b/none_v3" "tx7196fe83f20940638a267-00693079d2" "object-server 21" 0.0007 "-" 21 0
Dec 3 17:56:34 standalone object-server[123529]: 172.20.0.100 - - [03/Dec/2025:17:56:34 +0000] "PUT /d1/503/AUTH_c51f1f7b458643ac853557bab006bb07/gnocchi.b309423a-f8d1-45bd-bc05-80641c9b1c5b/none_v3" 201 - "PUT http://localhost:8080/v1/AUTH_c51f1f7b458643ac853557bab006bb07/gnocchi.b309423a-f8d1-45bd-bc05-80641c9b1c5b/none_v3" "tx7196fe83f20940638a267-00693079d2" "proxy-server 12" 0.0108 "-" 21 0
Dec 3 17:56:34 standalone proxy-server[125228]: 172.18.0.2 ::1 03/Dec/2025/17/56/34 PUT /v1/AUTH_c51f1f7b458643ac853557bab006bb07/gnocchi.b309423a-f8d1-45bd-bc05-80641c9b1c5b/none_v3 HTTP/1.0 201 - python-swiftclient-3.11.1 gAAAAABpMHkOisD2... 22 - - tx7196fe83f20940638a267-00693079d2 - 0.0199 - - 1764784594.519572496 1764784594.539436817 0
Dec 3 17:56:34 standalone container-server[123328]: 172.20.0.100 - - [03/Dec/2025:17:56:34 +0000] "HEAD /d1/165/AUTH_c51f1f7b458643ac853557bab006bb07/gnocchi.d123e587-fdda-4c10-8326-269007267a76" 404 - "HEAD http://localhost:8080/v1/AUTH_c51f1f7b458643ac853557bab006bb07/gnocchi.d123e587-fdda-4c10-8326-269007267a76?format=json&states=listing" "txb9020480a9ff404d92079-00693079d2" "proxy-server 12" 0.0004 "-" 20 0
Dec 3 17:56:34 standalone object-server[123566]: 172.20.0.100 - - [03/Dec/2025:17:56:34 +0000] "GET /d1/2/AUTH_c51f1f7b458643ac853557bab006bb07/gnocchi.d123e587-fdda-4c10-8326-269007267a76/none_v3" 404 70 "GET http://localhost:8080/v1/AUTH_c51f1f7b458643ac853557bab006bb07/gnocchi.d123e587-fdda-4c10-8326-269007267a76/none_v3" "txb9020480a9ff404d92079-00693079d2" "proxy-server 12" 0.0004 "-" 24 0
Dec 3 17:56:34 standalone proxy-server[125228]: 172.18.0.2 ::1 03/Dec/2025/17/56/34 GET /v1/AUTH_c51f1f7b458643ac853557bab006bb07/gnocchi.d123e587-fdda-4c10-8326-269007267a76/none_v3 HTTP/1.0 404 - python-swiftclient-3.11.1 gAAAAABpMHkOisD2... - 70 - txb9020480a9ff404d92079-00693079d2 - 0.0101 - - 1764784594.551213026 1764784594.561306477 0
Dec 3 17:56:34 standalone account-server[123392]: 172.20.0.100 - - [03/Dec/2025:17:56:34 +0000] "PUT /d1/348/AUTH_c51f1f7b458643ac853557bab006bb07/gnocchi.d123e587-fdda-4c10-8326-269007267a76" 201 - "PUT http://172.20.0.100:6001/d1/165/AUTH_c51f1f7b458643ac853557bab006bb07/gnocchi.d123e587-fdda-4c10-8326-269007267a76" "tx773f110af6cd4201acad6-00693079d2" "container-server 22" 0.0066 "-" 23 0
Dec 3 17:56:34 standalone container-server[123334]: 172.20.0.100 - - [03/Dec/2025:17:56:34 +0000] "PUT /d1/165/AUTH_c51f1f7b458643ac853557bab006bb07/gnocchi.d123e587-fdda-4c10-8326-269007267a76" 201 - "PUT http://localhost:8080/v1/AUTH_c51f1f7b458643ac853557bab006bb07/gnocchi.d123e587-fdda-4c10-8326-269007267a76" "tx773f110af6cd4201acad6-00693079d2" "proxy-server 12" 0.0187 "-" 22 0
Dec 3 17:56:34 standalone proxy-server[125228]: 172.18.0.2 ::1 03/Dec/2025/17/56/34 PUT /v1/AUTH_c51f1f7b458643ac853557bab006bb07/gnocchi.d123e587-fdda-4c10-8326-269007267a76 HTTP/1.0 201 - python-swiftclient-3.11.1 gAAAAABpMHkOisD2... - - - tx773f110af6cd4201acad6-00693079d2 - 0.0246 - - 1764784594.564337015 1764784594.588966608 0
Dec 3 17:56:34 standalone container-server[123328]: 172.20.0.100 - - [03/Dec/2025:17:56:34 +0000] "HEAD /d1/165/AUTH_c51f1f7b458643ac853557bab006bb07/gnocchi.d123e587-fdda-4c10-8326-269007267a76" 204 - "HEAD http://localhost:8080/v1/AUTH_c51f1f7b458643ac853557bab006bb07/gnocchi.d123e587-fdda-4c10-8326-269007267a76?format=json&states=listing" "txfe0b39fb66d84232b69b6-00693079d2" "proxy-server 12" 0.0012 "-" 20 0
Dec 3 17:56:34 standalone proxy-server[125228]: - - 03/Dec/2025/17/56/34 HEAD /v1/AUTH_c51f1f7b458643ac853557bab006bb07/gnocchi.d123e587-fdda-4c10-8326-269007267a76%3Fformat%3Djson%26states%3Dlisting HTTP/1.0 204 - Swift - - - - txfe0b39fb66d84232b69b6-00693079d2 - 0.0053 RL - 1764784594.594909191 1764784594.600231171 0
Dec 3 17:56:34 standalone container-server[123339]: 172.20.0.100 - - [03/Dec/2025:17:56:34 +0000] "GET /d1/165/AUTH_c51f1f7b458643ac853557bab006bb07/gnocchi.d123e587-fdda-4c10-8326-269007267a76" 200 2 "GET http://localhost:8080/v1/AUTH_c51f1f7b458643ac853557bab006bb07/gnocchi.d123e587-fdda-4c10-8326-269007267a76?format=json&states=listing" "txfe0b39fb66d84232b69b6-00693079d2" "proxy-server 12" 0.0039 "-" 23 0
Dec 3 17:56:34 standalone proxy-server[125228]: 172.18.0.2 ::1 03/Dec/2025/17/56/34 GET /v1/AUTH_c51f1f7b458643ac853557bab006bb07/gnocchi.d123e587-fdda-4c10-8326-269007267a76%3Fformat%3Djson%26states%3Dlisting HTTP/1.0 200 - python-swiftclient-3.11.1 gAAAAABpMHkOisD2... - 2 - txfe0b39fb66d84232b69b6-00693079d2 - 0.0178 - - 1764784594.593134880 1764784594.610913754 0
Dec 3 17:56:34 standalone object-server[123529]: 172.20.0.100 - - [03/Dec/2025:17:56:34 +0000] "GET /d1/1001/AUTH_c51f1f7b458643ac853557bab006bb07/gnocchi.d123e587-fdda-4c10-8326-269007267a76/1764720000.0_mean_300.0_v3" 404 70 "GET http://localhost:8080/v1/AUTH_c51f1f7b458643ac853557bab006bb07/gnocchi.d123e587-fdda-4c10-8326-269007267a76/1764720000.0_mean_300.0_v3" "tx0122a8ea151041ffbbe5c-00693079d2" "proxy-server 12" 0.0004 "-" 21 0
Dec 3 17:56:34 standalone proxy-server[125228]: 172.18.0.2 ::1 03/Dec/2025/17/56/34 GET /v1/AUTH_c51f1f7b458643ac853557bab006bb07/gnocchi.d123e587-fdda-4c10-8326-269007267a76/1764720000.0_mean_300.0_v3 HTTP/1.0 404 - python-swiftclient-3.11.1 gAAAAABpMHkOisD2... - 70 - tx0122a8ea151041ffbbe5c-00693079d2 - 0.0058 - - 1764784594.616900206 1764784594.622722149 0
Dec 3 17:56:34 standalone container-server[123339]: 172.20.0.100 - - [03/Dec/2025:17:56:34 +0000] "PUT /d1/165/AUTH_c51f1f7b458643ac853557bab006bb07/gnocchi.d123e587-fdda-4c10-8326-269007267a76/1764720000.0_mean_300.0_v3" 201 - "PUT http://localhost:8080/d1/1001/AUTH_c51f1f7b458643ac853557bab006bb07/gnocchi.d123e587-fdda-4c10-8326-269007267a76/1764720000.0_mean_300.0_v3" "txae82d6f81470415393f06-00693079d2" "object-server 22" 0.0009 "-" 23 0
Dec 3 17:56:34 standalone object-server[123532]: 172.20.0.100 - - [03/Dec/2025:17:56:34 +0000] "PUT /d1/1001/AUTH_c51f1f7b458643ac853557bab006bb07/gnocchi.d123e587-fdda-4c10-8326-269007267a76/1764720000.0_mean_300.0_v3" 201 - "PUT http://localhost:8080/v1/AUTH_c51f1f7b458643ac853557bab006bb07/gnocchi.d123e587-fdda-4c10-8326-269007267a76/1764720000.0_mean_300.0_v3" "txae82d6f81470415393f06-00693079d2" "proxy-server 12" 0.0124 "-" 22 0
Dec 3 17:56:34 standalone proxy-server[125228]: 172.18.0.2 ::1 03/Dec/2025/17/56/34 PUT /v1/AUTH_c51f1f7b458643ac853557bab006bb07/gnocchi.d123e587-fdda-4c10-8326-269007267a76/1764720000.0_mean_300.0_v3 HTTP/1.0 201 - python-swiftclient-3.11.1 gAAAAABpMHkOisD2... 16 - - txae82d6f81470415393f06-00693079d2 - 0.0209 - - 1764784594.628168821 1764784594.649051905 0
Dec 3 17:56:34 standalone container-server[123334]: 172.20.0.100 - - [03/Dec/2025:17:56:34 +0000] "PUT /d1/165/AUTH_c51f1f7b458643ac853557bab006bb07/gnocchi.d123e587-fdda-4c10-8326-269007267a76/none_v3" 201 - "PUT http://localhost:8080/d1/2/AUTH_c51f1f7b458643ac853557bab006bb07/gnocchi.d123e587-fdda-4c10-8326-269007267a76/none_v3" "txfc9d686988d44f70bc92d-00693079d2" "object-server 21" 0.0007 "-" 22 0
Dec 3 17:56:34 standalone object-server[123529]: 172.20.0.100 - - [03/Dec/2025:17:56:34 +0000] "PUT /d1/2/AUTH_c51f1f7b458643ac853557bab006bb07/gnocchi.d123e587-fdda-4c10-8326-269007267a76/none_v3" 201 - "PUT http://localhost:8080/v1/AUTH_c51f1f7b458643ac853557bab006bb07/gnocchi.d123e587-fdda-4c10-8326-269007267a76/none_v3" "txfc9d686988d44f70bc92d-00693079d2" "proxy-server 12" 0.0104 "-" 21 0
Dec 3 17:56:34 standalone proxy-server[125228]: 172.18.0.2 ::1 03/Dec/2025/17/56/34 PUT /v1/AUTH_c51f1f7b458643ac853557bab006bb07/gnocchi.d123e587-fdda-4c10-8326-269007267a76/none_v3 HTTP/1.0 201 - python-swiftclient-3.11.1 gAAAAABpMHkOisD2... 22 - - txfc9d686988d44f70bc92d-00693079d2 - 0.0192 - - 1764784594.653985023 1764784594.673221827 0
Dec 3 17:56:34 standalone container-server[123339]: 172.20.0.100 - - [03/Dec/2025:17:56:34 +0000] "HEAD /d1/780/AUTH_c51f1f7b458643ac853557bab006bb07/gnocchi.608f56d4-2845-49c4-aa4e-b99645a7d2d4" 404 - "HEAD http://localhost:8080/v1/AUTH_c51f1f7b458643ac853557bab006bb07/gnocchi.608f56d4-2845-49c4-aa4e-b99645a7d2d4?format=json&states=listing" "txa77d6ec06e9c47f8a74a7-00693079d2" "proxy-server 12" 0.0007 "-" 23 0
Dec 3 17:56:34 standalone object-server[123566]: 172.20.0.100 - - [03/Dec/2025:17:56:34 +0000] "GET /d1/417/AUTH_c51f1f7b458643ac853557bab006bb07/gnocchi.608f56d4-2845-49c4-aa4e-b99645a7d2d4/none_v3" 404 70 "GET http://localhost:8080/v1/AUTH_c51f1f7b458643ac853557bab006bb07/gnocchi.608f56d4-2845-49c4-aa4e-b99645a7d2d4/none_v3" "txa77d6ec06e9c47f8a74a7-00693079d2" "proxy-server 12" 0.0004 "-" 24 0
Dec 3 17:56:34 standalone proxy-server[125228]: 172.18.0.2 ::1 03/Dec/2025/17/56/34 GET /v1/AUTH_c51f1f7b458643ac853557bab006bb07/gnocchi.608f56d4-2845-49c4-aa4e-b99645a7d2d4/none_v3 HTTP/1.0 404 - python-swiftclient-3.11.1 gAAAAABpMHkOisD2... - 70 - txa77d6ec06e9c47f8a74a7-00693079d2 - 0.0147 - - 1764784594.688911676 1764784594.703658819 0
Dec 3 17:56:34 standalone account-server[123376]: 172.20.0.100 - - [03/Dec/2025:17:56:34 +0000] "PUT /d1/348/AUTH_c51f1f7b458643ac853557bab006bb07/gnocchi.608f56d4-2845-49c4-aa4e-b99645a7d2d4" 201 - "PUT http://172.20.0.100:6001/d1/780/AUTH_c51f1f7b458643ac853557bab006bb07/gnocchi.608f56d4-2845-49c4-aa4e-b99645a7d2d4" "txe2d8b92abb044806938bf-00693079d2" "container-server 23" 0.0071 "-" 22 0
Dec 3 17:56:34 standalone container-server[123339]: 172.20.0.100 - - [03/Dec/2025:17:56:34 +0000] "PUT /d1/780/AUTH_c51f1f7b458643ac853557bab006bb07/gnocchi.608f56d4-2845-49c4-aa4e-b99645a7d2d4" 201 - "PUT http://localhost:8080/v1/AUTH_c51f1f7b458643ac853557bab006bb07/gnocchi.608f56d4-2845-49c4-aa4e-b99645a7d2d4" "txe2d8b92abb044806938bf-00693079d2" "proxy-server 12" 0.0229 "-" 23 0
Dec 3 17:56:34 standalone proxy-server[125228]: 172.18.0.2 ::1 03/Dec/2025/17/56/34 PUT /v1/AUTH_c51f1f7b458643ac853557bab006bb07/gnocchi.608f56d4-2845-49c4-aa4e-b99645a7d2d4 HTTP/1.0 201 - python-swiftclient-3.11.1 gAAAAABpMHkOisD2... - - - txe2d8b92abb044806938bf-00693079d2 - 0.0294 - - 1764784594.708221436 1764784594.737586021 0
Dec 3 17:56:34 standalone container-server[123339]: 172.20.0.100 - - [03/Dec/2025:17:56:34 +0000] "HEAD /d1/780/AUTH_c51f1f7b458643ac853557bab006bb07/gnocchi.608f56d4-2845-49c4-aa4e-b99645a7d2d4" 204 - "HEAD http://localhost:8080/v1/AUTH_c51f1f7b458643ac853557bab006bb07/gnocchi.608f56d4-2845-49c4-aa4e-b99645a7d2d4?format=json&states=listing" "tx20afabf1ee9d43ca8ece0-00693079d2" "proxy-server 12" 0.0019 "-" 23 0
Dec 3 17:56:34 standalone proxy-server[125228]: - - 03/Dec/2025/17/56/34 HEAD /v1/AUTH_c51f1f7b458643ac853557bab006bb07/gnocchi.608f56d4-2845-49c4-aa4e-b99645a7d2d4%3Fformat%3Djson%26states%3Dlisting HTTP/1.0 204 - Swift - - - - tx20afabf1ee9d43ca8ece0-00693079d2 - 0.0076 RL - 1764784594.744196892 1764784594.751845837 0
Dec 3 17:56:34 standalone container-server[123334]: 172.20.0.100 - - [03/Dec/2025:17:56:34 +0000] "GET /d1/780/AUTH_c51f1f7b458643ac853557bab006bb07/gnocchi.608f56d4-2845-49c4-aa4e-b99645a7d2d4" 200 2 "GET http://localhost:8080/v1/AUTH_c51f1f7b458643ac853557bab006bb07/gnocchi.608f56d4-2845-49c4-aa4e-b99645a7d2d4?format=json&states=listing" "tx20afabf1ee9d43ca8ece0-00693079d2" "proxy-server 12" 0.0033 "-" 22 0
Dec 3 17:56:34 standalone proxy-server[125228]: 172.18.0.2 ::1 03/Dec/2025/17/56/34 GET /v1/AUTH_c51f1f7b458643ac853557bab006bb07/gnocchi.608f56d4-2845-49c4-aa4e-b99645a7d2d4%3Fformat%3Djson%26states%3Dlisting HTTP/1.0 200 - python-swiftclient-3.11.1 gAAAAABpMHkOisD2... - 2 - tx20afabf1ee9d43ca8ece0-00693079d2 - 0.0217 - - 1764784594.742718220 1764784594.764427423 0
Dec 3 17:56:34 standalone object-server[123566]: 172.20.0.100 - - [03/Dec/2025:17:56:34 +0000] "GET /d1/530/AUTH_c51f1f7b458643ac853557bab006bb07/gnocchi.608f56d4-2845-49c4-aa4e-b99645a7d2d4/1764720000.0_mean_300.0_v3" 404 70 "GET http://localhost:8080/v1/AUTH_c51f1f7b458643ac853557bab006bb07/gnocchi.608f56d4-2845-49c4-aa4e-b99645a7d2d4/1764720000.0_mean_300.0_v3" "txc3cd3d8db7754d278a932-00693079d2" "proxy-server 12" 0.0005 "-" 24 0
Dec 3 17:56:34 standalone proxy-server[125228]: 172.18.0.2 ::1 03/Dec/2025/17/56/34 GET /v1/AUTH_c51f1f7b458643ac853557bab006bb07/gnocchi.608f56d4-2845-49c4-aa4e-b99645a7d2d4/1764720000.0_mean_300.0_v3 HTTP/1.0 404 - python-swiftclient-3.11.1 gAAAAABpMHkOisD2... - 70 - txc3cd3d8db7754d278a932-00693079d2 - 0.0086 - - 1764784594.769711733 1764784594.778277397 0
Dec 3 17:56:34 standalone container-server[123334]: 172.20.0.100 - - [03/Dec/2025:17:56:34 +0000] "PUT /d1/780/AUTH_c51f1f7b458643ac853557bab006bb07/gnocchi.608f56d4-2845-49c4-aa4e-b99645a7d2d4/1764720000.0_mean_300.0_v3" 201 - "PUT http://localhost:8080/d1/530/AUTH_c51f1f7b458643ac853557bab006bb07/gnocchi.608f56d4-2845-49c4-aa4e-b99645a7d2d4/1764720000.0_mean_300.0_v3" "tx2d689fe0dc434058a7770-00693079d2" "object-server 22" 0.0007 "-" 22 0
Dec 3 17:56:34 standalone object-server[123532]: 172.20.0.100 - - [03/Dec/2025:17:56:34 +0000] "PUT /d1/530/AUTH_c51f1f7b458643ac853557bab006bb07/gnocchi.608f56d4-2845-49c4-aa4e-b99645a7d2d4/1764720000.0_mean_300.0_v3" 201 - "PUT http://localhost:8080/v1/AUTH_c51f1f7b458643ac853557bab006bb07/gnocchi.608f56d4-2845-49c4-aa4e-b99645a7d2d4/1764720000.0_mean_300.0_v3" "tx2d689fe0dc434058a7770-00693079d2" "proxy-server 12" 0.0115 "-" 22 0
Dec 3 17:56:34 standalone proxy-server[125228]: 172.18.0.2 ::1 03/Dec/2025/17/56/34 PUT /v1/AUTH_c51f1f7b458643ac853557bab006bb07/gnocchi.608f56d4-2845-49c4-aa4e-b99645a7d2d4/1764720000.0_mean_300.0_v3 HTTP/1.0 201 - python-swiftclient-3.11.1 gAAAAABpMHkOisD2... 16 - - tx2d689fe0dc434058a7770-00693079d2 - 0.0205 - - 1764784594.782906055 1764784594.803417683 0
Dec 3 17:56:34 standalone container-server[123328]: 172.20.0.100 - - [03/Dec/2025:17:56:34 +0000] "PUT /d1/780/AUTH_c51f1f7b458643ac853557bab006bb07/gnocchi.608f56d4-2845-49c4-aa4e-b99645a7d2d4/none_v3" 201 - "PUT http://localhost:8080/d1/417/AUTH_c51f1f7b458643ac853557bab006bb07/gnocchi.608f56d4-2845-49c4-aa4e-b99645a7d2d4/none_v3" "tx7b266bf80a7243599eb6e-00693079d2" "object-server 23" 0.0009 "-" 20 0
Dec 3 17:56:34 standalone object-server[123548]: 172.20.0.100 - - [03/Dec/2025:17:56:34 +0000] "PUT /d1/417/AUTH_c51f1f7b458643ac853557bab006bb07/gnocchi.608f56d4-2845-49c4-aa4e-b99645a7d2d4/none_v3" 201 - "PUT http://localhost:8080/v1/AUTH_c51f1f7b458643ac853557bab006bb07/gnocchi.608f56d4-2845-49c4-aa4e-b99645a7d2d4/none_v3" "tx7b266bf80a7243599eb6e-00693079d2" "proxy-server 12" 0.0127 "-" 23 0
Dec 3 17:56:34 standalone proxy-server[125228]: 172.18.0.2 ::1 03/Dec/2025/17/56/34 PUT /v1/AUTH_c51f1f7b458643ac853557bab006bb07/gnocchi.608f56d4-2845-49c4-aa4e-b99645a7d2d4/none_v3 HTTP/1.0 201 - python-swiftclient-3.11.1 gAAAAABpMHkOisD2... 22 - - tx7b266bf80a7243599eb6e-00693079d2 - 0.0202 - - 1764784594.807749748 1764784594.827930927 0
Dec 3 17:56:34 standalone container-server[123339]: 172.20.0.100 - - [03/Dec/2025:17:56:34 +0000] "HEAD /d1/556/AUTH_c51f1f7b458643ac853557bab006bb07/gnocchi.7384f061-09a1-4603-8248-46940e26c657" 404 - "HEAD http://localhost:8080/v1/AUTH_c51f1f7b458643ac853557bab006bb07/gnocchi.7384f061-09a1-4603-8248-46940e26c657?format=json&states=listing" "tx21ce22c5ac674befabbc2-00693079d2" "proxy-server 12" 0.0006 "-" 23 0
Dec 3 17:56:34 standalone object-server[123529]: 172.20.0.100 - - [03/Dec/2025:17:56:34 +0000] "GET /d1/768/AUTH_c51f1f7b458643ac853557bab006bb07/gnocchi.7384f061-09a1-4603-8248-46940e26c657/none_v3" 404 70 "GET http://localhost:8080/v1/AUTH_c51f1f7b458643ac853557bab006bb07/gnocchi.7384f061-09a1-4603-8248-46940e26c657/none_v3" "tx21ce22c5ac674befabbc2-00693079d2" "proxy-server 12" 0.0006 "-" 21 0
Dec 3 17:56:34 standalone proxy-server[125228]: 172.18.0.2 ::1 03/Dec/2025/17/56/34 GET /v1/AUTH_c51f1f7b458643ac853557bab006bb07/gnocchi.7384f061-09a1-4603-8248-46940e26c657/none_v3 HTTP/1.0 404 - python-swiftclient-3.11.1 gAAAAABpMHkOisD2... - 70 - tx21ce22c5ac674befabbc2-00693079d2 - 0.0157 - - 1764784594.842519283 1764784594.858195543 0
Dec 3 17:56:34 standalone account-server[123363]: 172.20.0.100 - - [03/Dec/2025:17:56:34 +0000] "PUT /d1/348/AUTH_c51f1f7b458643ac853557bab006bb07/gnocchi.7384f061-09a1-4603-8248-46940e26c657" 201 - "PUT http://172.20.0.100:6001/d1/556/AUTH_c51f1f7b458643ac853557bab006bb07/gnocchi.7384f061-09a1-4603-8248-46940e26c657" "tx9e7806a79038488bb2a3b-00693079d2" "container-server 21" 0.0058 "-" 20 0
Dec 3 17:56:34 standalone container-server[123329]: 172.20.0.100 - - [03/Dec/2025:17:56:34 +0000] "PUT /d1/556/AUTH_c51f1f7b458643ac853557bab006bb07/gnocchi.7384f061-09a1-4603-8248-46940e26c657" 201 - "PUT http://localhost:8080/v1/AUTH_c51f1f7b458643ac853557bab006bb07/gnocchi.7384f061-09a1-4603-8248-46940e26c657" "tx9e7806a79038488bb2a3b-00693079d2" "proxy-server 12" 0.0190 "-" 21 0
Dec 3 17:56:34 standalone proxy-server[125228]: 172.18.0.2 ::1 03/Dec/2025/17/56/34 PUT /v1/AUTH_c51f1f7b458643ac853557bab006bb07/gnocchi.7384f061-09a1-4603-8248-46940e26c657 HTTP/1.0 201 - python-swiftclient-3.11.1 gAAAAABpMHkOisD2... - - - tx9e7806a79038488bb2a3b-00693079d2 - 0.0262 - - 1764784594.863535881 1764784594.889742136 0
Dec 3 17:56:34 standalone container-server[123329]: 172.20.0.100 - - [03/Dec/2025:17:56:34 +0000] "HEAD /d1/556/AUTH_c51f1f7b458643ac853557bab006bb07/gnocchi.7384f061-09a1-4603-8248-46940e26c657" 204 - "HEAD http://localhost:8080/v1/AUTH_c51f1f7b458643ac853557bab006bb07/gnocchi.7384f061-09a1-4603-8248-46940e26c657?format=json&states=listing" "txed191ceccfad4b6c87e11-00693079d2" "proxy-server 12" 0.0018 "-" 21 0
Dec 3 17:56:34 standalone proxy-server[125228]: - - 03/Dec/2025/17/56/34 HEAD /v1/AUTH_c51f1f7b458643ac853557bab006bb07/gnocchi.7384f061-09a1-4603-8248-46940e26c657%3Fformat%3Djson%26states%3Dlisting HTTP/1.0 204 - Swift - - - - txed191ceccfad4b6c87e11-00693079d2 - 0.0059 RL - 1764784594.896245718 1764784594.902108431 0
