Dec 3 17:54:26 standalone proxy-server[125228]: 172.18.0.2 ::1 03/Dec/2025/17/54/26 PUT /v1/AUTH_c51f1f7b458643ac853557bab006bb07/gnocchi.abee07b4-0525-4001-9452-8e33cc9677d7 HTTP/1.0 201 - python-swiftclient-3.11.1 gAAAAABpMHkOisD2... - - - tx78f9d16fb384441b9f64b-0069307952 - 0.0278 - - 1764784466.797639608 1764784466.825420380 0
Dec 3 17:54:26 standalone container-server[123329]: 172.20.0.100 - - [03/Dec/2025:17:54:26 +0000] "HEAD /d1/43/AUTH_c51f1f7b458643ac853557bab006bb07/gnocchi.abee07b4-0525-4001-9452-8e33cc9677d7" 204 - "HEAD http://localhost:8080/v1/AUTH_c51f1f7b458643ac853557bab006bb07/gnocchi.abee07b4-0525-4001-9452-8e33cc9677d7?format=json&states=listing" "tx3e0ef5e2601143e1acb17-0069307952" "proxy-server 12" 0.0021 "-" 21 0
Dec 3 17:54:26 standalone proxy-server[125228]: - - 03/Dec/2025/17/54/26 HEAD /v1/AUTH_c51f1f7b458643ac853557bab006bb07/gnocchi.abee07b4-0525-4001-9452-8e33cc9677d7%3Fformat%3Djson%26states%3Dlisting HTTP/1.0 204 - Swift - - - - tx3e0ef5e2601143e1acb17-0069307952 - 0.0052 RL - 1764784466.830421448 1764784466.835670471 0
Dec 3 17:54:26 standalone container-server[123328]: 172.20.0.100 - - [03/Dec/2025:17:54:26 +0000] "GET /d1/43/AUTH_c51f1f7b458643ac853557bab006bb07/gnocchi.abee07b4-0525-4001-9452-8e33cc9677d7" 200 2 "GET http://localhost:8080/v1/AUTH_c51f1f7b458643ac853557bab006bb07/gnocchi.abee07b4-0525-4001-9452-8e33cc9677d7?format=json&states=listing" "tx3e0ef5e2601143e1acb17-0069307952" "proxy-server 12" 0.0024 "-" 20 0
Dec 3 17:54:26 standalone proxy-server[125228]: 172.18.0.2 ::1 03/Dec/2025/17/54/26 GET /v1/AUTH_c51f1f7b458643ac853557bab006bb07/gnocchi.abee07b4-0525-4001-9452-8e33cc9677d7%3Fformat%3Djson%26states%3Dlisting HTTP/1.0 200 - python-swiftclient-3.11.1 gAAAAABpMHkOisD2... - 2 - tx3e0ef5e2601143e1acb17-0069307952 - 0.0138 - - 1764784466.829202414 1764784466.843008757 0
Dec 3 17:54:26 standalone object-server[123548]: 172.20.0.100 - - [03/Dec/2025:17:54:26 +0000] "GET /d1/502/AUTH_c51f1f7b458643ac853557bab006bb07/gnocchi.abee07b4-0525-4001-9452-8e33cc9677d7/1764720000.0_mean_300.0_v3" 404 70 "GET http://localhost:8080/v1/AUTH_c51f1f7b458643ac853557bab006bb07/gnocchi.abee07b4-0525-4001-9452-8e33cc9677d7/1764720000.0_mean_300.0_v3" "txc22448b5ed564fe18aeb8-0069307952" "proxy-server 12" 0.0003 "-" 23 0
Dec 3 17:54:26 standalone proxy-server[125228]: 172.18.0.2 ::1 03/Dec/2025/17/54/26 GET /v1/AUTH_c51f1f7b458643ac853557bab006bb07/gnocchi.abee07b4-0525-4001-9452-8e33cc9677d7/1764720000.0_mean_300.0_v3 HTTP/1.0 404 - python-swiftclient-3.11.1 gAAAAABpMHkOisD2... - 70 - txc22448b5ed564fe18aeb8-0069307952 - 0.0047 - - 1764784466.847595453 1764784466.852326155 0
Dec 3 17:54:26 standalone container-server[123339]: 172.20.0.100 - - [03/Dec/2025:17:54:26 +0000] "PUT /d1/43/AUTH_c51f1f7b458643ac853557bab006bb07/gnocchi.abee07b4-0525-4001-9452-8e33cc9677d7/1764720000.0_mean_300.0_v3" 201 - "PUT http://localhost:8080/d1/502/AUTH_c51f1f7b458643ac853557bab006bb07/gnocchi.abee07b4-0525-4001-9452-8e33cc9677d7/1764720000.0_mean_300.0_v3" "tx2a6630cabd6247cb8de45-0069307952" "object-server 23" 0.0006 "-" 23 0
Dec 3 17:54:26 standalone object-server[123548]: 172.20.0.100 - - [03/Dec/2025:17:54:26 +0000] "PUT /d1/502/AUTH_c51f1f7b458643ac853557bab006bb07/gnocchi.abee07b4-0525-4001-9452-8e33cc9677d7/1764720000.0_mean_300.0_v3" 201 - "PUT http://localhost:8080/v1/AUTH_c51f1f7b458643ac853557bab006bb07/gnocchi.abee07b4-0525-4001-9452-8e33cc9677d7/1764720000.0_mean_300.0_v3" "tx2a6630cabd6247cb8de45-0069307952" "proxy-server 12" 0.0114 "-" 23 0
Dec 3 17:54:26 standalone proxy-server[125228]: 172.18.0.2 ::1 03/Dec/2025/17/54/26 PUT /v1/AUTH_c51f1f7b458643ac853557bab006bb07/gnocchi.abee07b4-0525-4001-9452-8e33cc9677d7/1764720000.0_mean_300.0_v3 HTTP/1.0 201 - python-swiftclient-3.11.1 gAAAAABpMHkOisD2... 16 - - tx2a6630cabd6247cb8de45-0069307952 - 0.0152 - - 1764784466.854801893 1764784466.870015860 0
Dec 3 17:54:26 standalone container-server[123329]: 172.20.0.100 - - [03/Dec/2025:17:54:26 +0000] "PUT /d1/43/AUTH_c51f1f7b458643ac853557bab006bb07/gnocchi.abee07b4-0525-4001-9452-8e33cc9677d7/none_v3" 201 - "PUT http://localhost:8080/d1/255/AUTH_c51f1f7b458643ac853557bab006bb07/gnocchi.abee07b4-0525-4001-9452-8e33cc9677d7/none_v3" "tx5883db8271ab4774a27f7-0069307952" "object-server 23" 0.0007 "-" 21 0
Dec 3 17:54:26 standalone object-server[123548]: 172.20.0.100 - - [03/Dec/2025:17:54:26 +0000] "PUT /d1/255/AUTH_c51f1f7b458643ac853557bab006bb07/gnocchi.abee07b4-0525-4001-9452-8e33cc9677d7/none_v3" 201 - "PUT http://localhost:8080/v1/AUTH_c51f1f7b458643ac853557bab006bb07/gnocchi.abee07b4-0525-4001-9452-8e33cc9677d7/none_v3" "tx5883db8271ab4774a27f7-0069307952" "proxy-server 12" 0.0101 "-" 23 0
Dec 3 17:54:26 standalone proxy-server[125228]: 172.18.0.2 ::1 03/Dec/2025/17/54/26 PUT /v1/AUTH_c51f1f7b458643ac853557bab006bb07/gnocchi.abee07b4-0525-4001-9452-8e33cc9677d7/none_v3 HTTP/1.0 201 - python-swiftclient-3.11.1 gAAAAABpMHkOisD2... 22 - - tx5883db8271ab4774a27f7-0069307952 - 0.0182 - - 1764784466.872727633 1764784466.890935898 0
Dec 3 17:54:26 standalone container-server[123339]: 172.20.0.100 - - [03/Dec/2025:17:54:26 +0000] "HEAD /d1/48/AUTH_c51f1f7b458643ac853557bab006bb07/gnocchi.3843ae2a-9047-440b-bfc6-50647a648fa3" 404 - "HEAD http://localhost:8080/v1/AUTH_c51f1f7b458643ac853557bab006bb07/gnocchi.3843ae2a-9047-440b-bfc6-50647a648fa3?format=json&states=listing" "tx4e13e932ca5a44589ae9d-0069307952" "proxy-server 12" 0.0004 "-" 23 0
Dec 3 17:54:26 standalone object-server[123532]: 172.20.0.100 - - [03/Dec/2025:17:54:26 +0000] "GET /d1/835/AUTH_c51f1f7b458643ac853557bab006bb07/gnocchi.3843ae2a-9047-440b-bfc6-50647a648fa3/none_v3" 404 70 "GET http://localhost:8080/v1/AUTH_c51f1f7b458643ac853557bab006bb07/gnocchi.3843ae2a-9047-440b-bfc6-50647a648fa3/none_v3" "tx4e13e932ca5a44589ae9d-0069307952" "proxy-server 12" 0.0003 "-" 22 0
Dec 3 17:54:26 standalone proxy-server[125228]: 172.18.0.2 ::1 03/Dec/2025/17/54/26 GET /v1/AUTH_c51f1f7b458643ac853557bab006bb07/gnocchi.3843ae2a-9047-440b-bfc6-50647a648fa3/none_v3 HTTP/1.0 404 - python-swiftclient-3.11.1 gAAAAABpMHkOisD2... - 70 - tx4e13e932ca5a44589ae9d-0069307952 - 0.0100 - - 1764784466.904911518 1764784466.914927244 0
Dec 3 17:54:26 standalone account-server[123392]: 172.20.0.100 - - [03/Dec/2025:17:54:26 +0000] "PUT /d1/348/AUTH_c51f1f7b458643ac853557bab006bb07/gnocchi.3843ae2a-9047-440b-bfc6-50647a648fa3" 201 - "PUT http://172.20.0.100:6001/d1/48/AUTH_c51f1f7b458643ac853557bab006bb07/gnocchi.3843ae2a-9047-440b-bfc6-50647a648fa3" "tx91790f64bbde42b4b650f-0069307952" "container-server 21" 0.0047 "-" 23 0
Dec 3 17:54:26 standalone container-server[123329]: 172.20.0.100 - - [03/Dec/2025:17:54:26 +0000] "PUT /d1/48/AUTH_c51f1f7b458643ac853557bab006bb07/gnocchi.3843ae2a-9047-440b-bfc6-50647a648fa3" 201 - "PUT http://localhost:8080/v1/AUTH_c51f1f7b458643ac853557bab006bb07/gnocchi.3843ae2a-9047-440b-bfc6-50647a648fa3" "tx91790f64bbde42b4b650f-0069307952" "proxy-server 12" 0.0169 "-" 21 0
Dec 3 17:54:26 standalone proxy-server[125228]: 172.18.0.2 ::1 03/Dec/2025/17/54/26 PUT /v1/AUTH_c51f1f7b458643ac853557bab006bb07/gnocchi.3843ae2a-9047-440b-bfc6-50647a648fa3 HTTP/1.0 201 - python-swiftclient-3.11.1 gAAAAABpMHkOisD2... - - - tx91790f64bbde42b4b650f-0069307952 - 0.0220 - - 1764784466.917912245 1764784466.939900637 0
Dec 3 17:54:26 standalone container-server[123334]: 172.20.0.100 - - [03/Dec/2025:17:54:26 +0000] "HEAD /d1/48/AUTH_c51f1f7b458643ac853557bab006bb07/gnocchi.3843ae2a-9047-440b-bfc6-50647a648fa3" 204 - "HEAD http://localhost:8080/v1/AUTH_c51f1f7b458643ac853557bab006bb07/gnocchi.3843ae2a-9047-440b-bfc6-50647a648fa3?format=json&states=listing" "tx70f3a49971dc4ff5b161c-0069307952" "proxy-server 12" 0.0020 "-" 22 0
Dec 3 17:54:26 standalone proxy-server[125228]: - - 03/Dec/2025/17/54/26 HEAD /v1/AUTH_c51f1f7b458643ac853557bab006bb07/gnocchi.3843ae2a-9047-440b-bfc6-50647a648fa3%3Fformat%3Djson%26states%3Dlisting HTTP/1.0 204 - Swift - - - - tx70f3a49971dc4ff5b161c-0069307952 - 0.0090 RL - 1764784466.947028160 1764784466.956004143 0
Dec 3 17:54:26 standalone container-server[123334]: 172.20.0.100 - - [03/Dec/2025:17:54:26 +0000] "GET /d1/48/AUTH_c51f1f7b458643ac853557bab006bb07/gnocchi.3843ae2a-9047-440b-bfc6-50647a648fa3" 200 2 "GET http://localhost:8080/v1/AUTH_c51f1f7b458643ac853557bab006bb07/gnocchi.3843ae2a-9047-440b-bfc6-50647a648fa3?format=json&states=listing" "tx70f3a49971dc4ff5b161c-0069307952" "proxy-server 12" 0.0032 "-" 22 0
Dec 3 17:54:26 standalone proxy-server[125228]: 172.18.0.2 ::1 03/Dec/2025/17/54/26 GET /v1/AUTH_c51f1f7b458643ac853557bab006bb07/gnocchi.3843ae2a-9047-440b-bfc6-50647a648fa3%3Fformat%3Djson%26states%3Dlisting HTTP/1.0 200 - python-swiftclient-3.11.1 gAAAAABpMHkOisD2... - 2 - tx70f3a49971dc4ff5b161c-0069307952 - 0.0222 - - 1764784466.944470167 1764784466.966687202 0
Dec 3 17:54:26 standalone object-server[123566]: 172.20.0.100 - - [03/Dec/2025:17:54:26 +0000] "GET /d1/852/AUTH_c51f1f7b458643ac853557bab006bb07/gnocchi.3843ae2a-9047-440b-bfc6-50647a648fa3/1764720000.0_mean_300.0_v3" 404 70 "GET http://localhost:8080/v1/AUTH_c51f1f7b458643ac853557bab006bb07/gnocchi.3843ae2a-9047-440b-bfc6-50647a648fa3/1764720000.0_mean_300.0_v3" "tx5b835281fb0b453292dbb-0069307952" "proxy-server 12" 0.0004 "-" 24 0
Dec 3 17:54:26 standalone proxy-server[125228]: 172.18.0.2 ::1 03/Dec/2025/17/54/26 GET /v1/AUTH_c51f1f7b458643ac853557bab006bb07/gnocchi.3843ae2a-9047-440b-bfc6-50647a648fa3/1764720000.0_mean_300.0_v3 HTTP/1.0 404 - python-swiftclient-3.11.1 gAAAAABpMHkOisD2... - 70 - tx5b835281fb0b453292dbb-0069307952 - 0.0065 - - 1764784466.970821857 1764784466.977348328 0
Dec 3 17:54:26 standalone container-server[123328]: 172.20.0.100 - - [03/Dec/2025:17:54:26 +0000] "PUT /d1/48/AUTH_c51f1f7b458643ac853557bab006bb07/gnocchi.3843ae2a-9047-440b-bfc6-50647a648fa3/1764720000.0_mean_300.0_v3" 201 - "PUT http://localhost:8080/d1/852/AUTH_c51f1f7b458643ac853557bab006bb07/gnocchi.3843ae2a-9047-440b-bfc6-50647a648fa3/1764720000.0_mean_300.0_v3" "txf09e4e2f93f24cfea0856-0069307952" "object-server 21" 0.0006 "-" 20 0
Dec 3 17:54:26 standalone object-server[123529]: 172.20.0.100 - - [03/Dec/2025:17:54:26 +0000] "PUT /d1/852/AUTH_c51f1f7b458643ac853557bab006bb07/gnocchi.3843ae2a-9047-440b-bfc6-50647a648fa3/1764720000.0_mean_300.0_v3" 201 - "PUT http://localhost:8080/v1/AUTH_c51f1f7b458643ac853557bab006bb07/gnocchi.3843ae2a-9047-440b-bfc6-50647a648fa3/1764720000.0_mean_300.0_v3" "txf09e4e2f93f24cfea0856-0069307952" "proxy-server 12" 0.0115 "-" 21 0
Dec 3 17:54:27 standalone proxy-server[125228]: 172.18.0.2 ::1 03/Dec/2025/17/54/26 PUT /v1/AUTH_c51f1f7b458643ac853557bab006bb07/gnocchi.3843ae2a-9047-440b-bfc6-50647a648fa3/1764720000.0_mean_300.0_v3 HTTP/1.0 201 - python-swiftclient-3.11.1 gAAAAABpMHkOisD2... 16 - - txf09e4e2f93f24cfea0856-0069307952 - 0.0180 - - 1764784466.981652975 1764784466.999676228 0
Dec 3 17:54:27 standalone container-server[123329]: 172.20.0.100 - - [03/Dec/2025:17:54:27 +0000] "PUT /d1/48/AUTH_c51f1f7b458643ac853557bab006bb07/gnocchi.3843ae2a-9047-440b-bfc6-50647a648fa3/none_v3" 201 - "PUT http://localhost:8080/d1/835/AUTH_c51f1f7b458643ac853557bab006bb07/gnocchi.3843ae2a-9047-440b-bfc6-50647a648fa3/none_v3" "txe0da48a9a58040d6a0534-0069307953" "object-server 21" 0.0010 "-" 21 0
Dec 3 17:54:27 standalone object-server[123529]: 172.20.0.100 - - [03/Dec/2025:17:54:27 +0000] "PUT /d1/835/AUTH_c51f1f7b458643ac853557bab006bb07/gnocchi.3843ae2a-9047-440b-bfc6-50647a648fa3/none_v3" 201 - "PUT http://localhost:8080/v1/AUTH_c51f1f7b458643ac853557bab006bb07/gnocchi.3843ae2a-9047-440b-bfc6-50647a648fa3/none_v3" "txe0da48a9a58040d6a0534-0069307953" "proxy-server 12" 0.0161 "-" 21 0
Dec 3 17:54:27 standalone proxy-server[125228]: 172.18.0.2 ::1 03/Dec/2025/17/54/27 PUT /v1/AUTH_c51f1f7b458643ac853557bab006bb07/gnocchi.3843ae2a-9047-440b-bfc6-50647a648fa3/none_v3 HTTP/1.0 201 - python-swiftclient-3.11.1 gAAAAABpMHkOisD2... 22 - - txe0da48a9a58040d6a0534-0069307953 - 0.0231 - - 1764784467.002990007 1764784467.026065350 0
Dec 3 17:54:27 standalone container-server[123329]: 172.20.0.100 - - [03/Dec/2025:17:54:27 +0000] "HEAD /d1/359/AUTH_c51f1f7b458643ac853557bab006bb07/gnocchi.aefb0e83-0e3f-4e72-9f26-a863a31f2545" 404 - "HEAD http://localhost:8080/v1/AUTH_c51f1f7b458643ac853557bab006bb07/gnocchi.aefb0e83-0e3f-4e72-9f26-a863a31f2545?format=json&states=listing" "txc4c84b571f3741d791965-0069307953" "proxy-server 12" 0.0009 "-" 21 0
Dec 3 17:54:27 standalone object-server[123548]: 172.20.0.100 - - [03/Dec/2025:17:54:27 +0000] "GET /d1/982/AUTH_c51f1f7b458643ac853557bab006bb07/gnocchi.aefb0e83-0e3f-4e72-9f26-a863a31f2545/none_v3" 404 70 "GET http://localhost:8080/v1/AUTH_c51f1f7b458643ac853557bab006bb07/gnocchi.aefb0e83-0e3f-4e72-9f26-a863a31f2545/none_v3" "txc4c84b571f3741d791965-0069307953" "proxy-server 12" 0.0004 "-" 23 0
Dec 3 17:54:27 standalone proxy-server[125228]: 172.18.0.2 ::1 03/Dec/2025/17/54/27 GET /v1/AUTH_c51f1f7b458643ac853557bab006bb07/gnocchi.aefb0e83-0e3f-4e72-9f26-a863a31f2545/none_v3 HTTP/1.0 404 - python-swiftclient-3.11.1 gAAAAABpMHkOisD2... - 70 - txc4c84b571f3741d791965-0069307953 - 0.0132 - - 1764784467.045393229 1764784467.058588266 0
Dec 3 17:54:27 standalone account-server[123376]: 172.20.0.100 - - [03/Dec/2025:17:54:27 +0000] "PUT /d1/348/AUTH_c51f1f7b458643ac853557bab006bb07/gnocchi.aefb0e83-0e3f-4e72-9f26-a863a31f2545" 201 - "PUT http://172.20.0.100:6001/d1/359/AUTH_c51f1f7b458643ac853557bab006bb07/gnocchi.aefb0e83-0e3f-4e72-9f26-a863a31f2545" "txd43f64c9578b426dad7b9-0069307953" "container-server 22" 0.0060 "-" 22 0
Dec 3 17:54:27 standalone container-server[123334]: 172.20.0.100 - - [03/Dec/2025:17:54:27 +0000] "PUT /d1/359/AUTH_c51f1f7b458643ac853557bab006bb07/gnocchi.aefb0e83-0e3f-4e72-9f26-a863a31f2545" 201 - "PUT http://localhost:8080/v1/AUTH_c51f1f7b458643ac853557bab006bb07/gnocchi.aefb0e83-0e3f-4e72-9f26-a863a31f2545" "txd43f64c9578b426dad7b9-0069307953" "proxy-server 12" 0.0173 "-" 22 0
Dec 3 17:54:27 standalone proxy-server[125228]: 172.18.0.2 ::1 03/Dec/2025/17/54/27 PUT /v1/AUTH_c51f1f7b458643ac853557bab006bb07/gnocchi.aefb0e83-0e3f-4e72-9f26-a863a31f2545 HTTP/1.0 201 - python-swiftclient-3.11.1 gAAAAABpMHkOisD2... - - - txd43f64c9578b426dad7b9-0069307953 - 0.0365 - - 1764784467.064288855 1764784467.100761414 0
Dec 3 17:54:27 standalone container-server[123339]: 172.20.0.100 - - [03/Dec/2025:17:54:27 +0000] "HEAD /d1/359/AUTH_c51f1f7b458643ac853557bab006bb07/gnocchi.aefb0e83-0e3f-4e72-9f26-a863a31f2545" 204 - "HEAD http://localhost:8080/v1/AUTH_c51f1f7b458643ac853557bab006bb07/gnocchi.aefb0e83-0e3f-4e72-9f26-a863a31f2545?format=json&states=listing" "tx197574813998422ca3c9d-0069307953" "proxy-server 12" 0.0018 "-" 23 0
Dec 3 17:54:27 standalone proxy-server[125228]: - - 03/Dec/2025/17/54/27 HEAD /v1/AUTH_c51f1f7b458643ac853557bab006bb07/gnocchi.aefb0e83-0e3f-4e72-9f26-a863a31f2545%3Fformat%3Djson%26states%3Dlisting HTTP/1.0 204 - Swift - - - - tx197574813998422ca3c9d-0069307953 - 0.0084 RL - 1764784467.111385822 1764784467.119764805 0
Dec 3 17:54:27 standalone container-server[123334]: 172.20.0.100 - - [03/Dec/2025:17:54:27 +0000] "GET /d1/359/AUTH_c51f1f7b458643ac853557bab006bb07/gnocchi.aefb0e83-0e3f-4e72-9f26-a863a31f2545" 200 2 "GET http://localhost:8080/v1/AUTH_c51f1f7b458643ac853557bab006bb07/gnocchi.aefb0e83-0e3f-4e72-9f26-a863a31f2545?format=json&states=listing" "tx197574813998422ca3c9d-0069307953" "proxy-server 12" 0.0050 "-" 22 0
Dec 3 17:54:27 standalone proxy-server[125228]: 172.18.0.2 ::1 03/Dec/2025/17/54/27 GET /v1/AUTH_c51f1f7b458643ac853557bab006bb07/gnocchi.aefb0e83-0e3f-4e72-9f26-a863a31f2545%3Fformat%3Djson%26states%3Dlisting HTTP/1.0 200 - python-swiftclient-3.11.1 gAAAAABpMHkOisD2... - 2 - tx197574813998422ca3c9d-0069307953 - 0.0250 - - 1764784467.108889341 1764784467.133874178 0
Dec 3 17:54:27 standalone object-server[123532]: 172.20.0.100 - - [03/Dec/2025:17:54:27 +0000] "GET /d1/470/AUTH_c51f1f7b458643ac853557bab006bb07/gnocchi.aefb0e83-0e3f-4e72-9f26-a863a31f2545/1764720000.0_mean_300.0_v3" 404 70 "GET http://localhost:8080/v1/AUTH_c51f1f7b458643ac853557bab006bb07/gnocchi.aefb0e83-0e3f-4e72-9f26-a863a31f2545/1764720000.0_mean_300.0_v3" "tx3f79174f8a3a4c1a83e9f-0069307953" "proxy-server 12" 0.0004 "-" 22 0
Dec 3 17:54:27 standalone proxy-server[125228]: 172.18.0.2 ::1 03/Dec/2025/17/54/27 GET /v1/AUTH_c51f1f7b458643ac853557bab006bb07/gnocchi.aefb0e83-0e3f-4e72-9f26-a863a31f2545/1764720000.0_mean_300.0_v3 HTTP/1.0 404 - python-swiftclient-3.11.1 gAAAAABpMHkOisD2... - 70 - tx3f79174f8a3a4c1a83e9f-0069307953 - 0.0072 - - 1764784467.139139891 1764784467.146336555 0
Dec 3 17:54:27 standalone container-server[123329]: 172.20.0.100 - - [03/Dec/2025:17:54:27 +0000] "PUT /d1/359/AUTH_c51f1f7b458643ac853557bab006bb07/gnocchi.aefb0e83-0e3f-4e72-9f26-a863a31f2545/1764720000.0_mean_300.0_v3" 201 - "PUT http://localhost:8080/d1/470/AUTH_c51f1f7b458643ac853557bab006bb07/gnocchi.aefb0e83-0e3f-4e72-9f26-a863a31f2545/1764720000.0_mean_300.0_v3" "tx9fa3d07fc57c4ef0a82c9-0069307953" "object-server 21" 0.0012 "-" 21 0
Dec 3 17:54:27 standalone object-server[123529]: 172.20.0.100 - - [03/Dec/2025:17:54:27 +0000] "PUT /d1/470/AUTH_c51f1f7b458643ac853557bab006bb07/gnocchi.aefb0e83-0e3f-4e72-9f26-a863a31f2545/1764720000.0_mean_300.0_v3" 201 - "PUT http://localhost:8080/v1/AUTH_c51f1f7b458643ac853557bab006bb07/gnocchi.aefb0e83-0e3f-4e72-9f26-a863a31f2545/1764720000.0_mean_300.0_v3" "tx9fa3d07fc57c4ef0a82c9-0069307953" "proxy-server 12" 0.0113 "-" 21 0
Dec 3 17:54:27 standalone proxy-server[125228]: 172.18.0.2 ::1 03/Dec/2025/17/54/27 PUT /v1/AUTH_c51f1f7b458643ac853557bab006bb07/gnocchi.aefb0e83-0e3f-4e72-9f26-a863a31f2545/1764720000.0_mean_300.0_v3 HTTP/1.0 201 - python-swiftclient-3.11.1 gAAAAABpMHkOisD2... 16 - - tx9fa3d07fc57c4ef0a82c9-0069307953 - 0.0173 - - 1764784467.150703192 1764784467.168030262 0
Dec 3 17:54:27 standalone container-server[123334]: 172.20.0.100 - - [03/Dec/2025:17:54:27 +0000] "PUT /d1/359/AUTH_c51f1f7b458643ac853557bab006bb07/gnocchi.aefb0e83-0e3f-4e72-9f26-a863a31f2545/none_v3" 201 - "PUT http://localhost:8080/d1/982/AUTH_c51f1f7b458643ac853557bab006bb07/gnocchi.aefb0e83-0e3f-4e72-9f26-a863a31f2545/none_v3" "tx864ba951235e47e3a241e-0069307953" "object-server 21" 0.0020 "-" 22 0
Dec 3 17:54:27 standalone object-server[123529]: 172.20.0.100 - - [03/Dec/2025:17:54:27 +0000] "PUT /d1/982/AUTH_c51f1f7b458643ac853557bab006bb07/gnocchi.aefb0e83-0e3f-4e72-9f26-a863a31f2545/none_v3" 201 - "PUT http://localhost:8080/v1/AUTH_c51f1f7b458643ac853557bab006bb07/gnocchi.aefb0e83-0e3f-4e72-9f26-a863a31f2545/none_v3" "tx864ba951235e47e3a241e-0069307953" "proxy-server 12" 0.0154 "-" 21 0
Dec 3 17:54:27 standalone proxy-server[125228]: 172.18.0.2 ::1 03/Dec/2025/17/54/27 PUT /v1/AUTH_c51f1f7b458643ac853557bab006bb07/gnocchi.aefb0e83-0e3f-4e72-9f26-a863a31f2545/none_v3 HTTP/1.0 201 - python-swiftclient-3.11.1 gAAAAABpMHkOisD2... 22 - - tx864ba951235e47e3a241e-0069307953 - 0.0210 - - 1764784467.172610521 1764784467.193612814 0
Dec 3 17:54:27 standalone container-server[123334]: 172.20.0.100 - - [03/Dec/2025:17:54:27 +0000] "HEAD /d1/721/AUTH_c51f1f7b458643ac853557bab006bb07/gnocchi.acca13e8-d652-438f-b192-57bbe78752fb" 404 - "HEAD http://localhost:8080/v1/AUTH_c51f1f7b458643ac853557bab006bb07/gnocchi.acca13e8-d652-438f-b192-57bbe78752fb?format=json&states=listing" "txf3c35b728bde44ad828cd-0069307953" "proxy-server 12" 0.0012 "-" 22 0
Dec 3 17:54:27 standalone object-server[123532]: 172.20.0.100 - - [03/Dec/2025:17:54:27 +0000] "GET /d1/598/AUTH_c51f1f7b458643ac853557bab006bb07/gnocchi.acca13e8-d652-438f-b192-57bbe78752fb/none_v3" 404 70 "GET http://localhost:8080/v1/AUTH_c51f1f7b458643ac853557bab006bb07/gnocchi.acca13e8-d652-438f-b192-57bbe78752fb/none_v3" "txf3c35b728bde44ad828cd-0069307953" "proxy-server 12" 0.0004 "-" 22 0
Dec 3 17:54:27 standalone proxy-server[125228]: 172.18.0.2 ::1 03/Dec/2025/17/54/27 GET /v1/AUTH_c51f1f7b458643ac853557bab006bb07/gnocchi.acca13e8-d652-438f-b192-57bbe78752fb/none_v3 HTTP/1.0 404 - python-swiftclient-3.11.1 gAAAAABpMHkOisD2... - 70 - txf3c35b728bde44ad828cd-0069307953 - 0.0149 - - 1764784467.209397793 1764784467.224345684 0
Dec 3 17:54:27 standalone account-server[123376]: 172.20.0.100 - - [03/Dec/2025:17:54:27 +0000] "PUT /d1/348/AUTH_c51f1f7b458643ac853557bab006bb07/gnocchi.acca13e8-d652-438f-b192-57bbe78752fb" 201 - "PUT http://172.20.0.100:6001/d1/721/AUTH_c51f1f7b458643ac853557bab006bb07/gnocchi.acca13e8-d652-438f-b192-57bbe78752fb" "tx35a4f11d39db4b988e5ee-0069307953" "container-server 21" 0.0090 "-" 22 0
Dec 3 17:54:27 standalone container-server[123329]: 172.20.0.100 - - [03/Dec/2025:17:54:27 +0000] "PUT /d1/721/AUTH_c51f1f7b458643ac853557bab006bb07/gnocchi.acca13e8-d652-438f-b192-57bbe78752fb" 201 - "PUT http://localhost:8080/v1/AUTH_c51f1f7b458643ac853557bab006bb07/gnocchi.acca13e8-d652-438f-b192-57bbe78752fb" "tx35a4f11d39db4b988e5ee-0069307953" "proxy-server 12" 0.0263 "-" 21 0
Dec 3 17:54:27 standalone proxy-server[125228]: 172.18.0.2 ::1 03/Dec/2025/17/54/27 PUT /v1/AUTH_c51f1f7b458643ac853557bab006bb07/gnocchi.acca13e8-d652-438f-b192-57bbe78752fb HTTP/1.0 201 - python-swiftclient-3.11.1 gAAAAABpMHkOisD2... - - - tx35a4f11d39db4b988e5ee-0069307953 - 0.0337 - - 1764784467.228585482 1764784467.262257338 0
Dec 3 17:54:27 standalone container-server[123328]: 172.20.0.100 - - [03/Dec/2025:17:54:27 +0000] "HEAD /d1/721/AUTH_c51f1f7b458643ac853557bab006bb07/gnocchi.acca13e8-d652-438f-b192-57bbe78752fb" 204 - "HEAD http://localhost:8080/v1/AUTH_c51f1f7b458643ac853557bab006bb07/gnocchi.acca13e8-d652-438f-b192-57bbe78752fb?format=json&states=listing" "txd657a1809f6b42d997e5d-0069307953" "proxy-server 12" 0.0050 "-" 20 0
Dec 3 17:54:27 standalone proxy-server[125228]: - - 03/Dec/2025/17/54/27 HEAD /v1/AUTH_c51f1f7b458643ac853557bab006bb07/gnocchi.acca13e8-d652-438f-b192-57bbe78752fb%3Fformat%3Djson%26states%3Dlisting HTTP/1.0 204 - Swift - - - - txd657a1809f6b42d997e5d-0069307953 - 0.0106 RL - 1764784467.267744541 1764784467.278362513 0
Dec 3 17:54:27 standalone container-server[123339]: 172.20.0.100 - - [03/Dec/2025:17:54:27 +0000] "GET /d1/721/AUTH_c51f1f7b458643ac853557bab006bb07/gnocchi.acca13e8-d652-438f-b192-57bbe78752fb" 200 2 "GET http://localhost:8080/v1/AUTH_c51f1f7b458643ac853557bab006bb07/gnocchi.acca13e8-d652-438f-b192-57bbe78752fb?format=json&states=listing" "txd657a1809f6b42d997e5d-0069307953" "proxy-server 12" 0.0026 "-" 23 0
Dec 3 17:54:27 standalone proxy-server[125228]: 172.18.0.2 ::1 03/Dec/2025/17/54/27 GET /v1/AUTH_c51f1f7b458643ac853557bab006bb07/gnocchi.acca13e8-d652-438f-b192-57bbe78752fb%3Fformat%3Djson%26states%3Dlisting HTTP/1.0 200 - python-swiftclient-3.11.1 gAAAAABpMHkOisD2... - 2 - txd657a1809f6b42d997e5d-0069307953 - 0.0222 - - 1764784467.266506433 1764784467.288674593 0
Dec 3 17:54:27 standalone object-server[123566]: 172.20.0.100 - - [03/Dec/2025:17:54:27 +0000] "GET /d1/591/AUTH_c51f1f7b458643ac853557bab006bb07/gnocchi.acca13e8-d652-438f-b192-57bbe78752fb/1764720000.0_mean_300.0_v3" 404 70 "GET http://localhost:8080/v1/AUTH_c51f1f7b458643ac853557bab006bb07/gnocchi.acca13e8-d652-438f-b192-57bbe78752fb/1764720000.0_mean_300.0_v3" "txd5ef89023a9f4efdad530-0069307953" "proxy-server 12" 0.0005 "-" 24 0
Dec 3 17:54:27 standalone proxy-server[125228]: 172.18.0.2 ::1 03/Dec/2025/17/54/27 GET /v1/AUTH_c51f1f7b458643ac853557bab006bb07/gnocchi.acca13e8-d652-438f-b192-57bbe78752fb/1764720000.0_mean_300.0_v3 HTTP/1.0 404 - python-swiftclient-3.11.1 gAAAAABpMHkOisD2... - 70 - txd5ef89023a9f4efdad530-0069307953 - 0.0070 - - 1764784467.293930531 1764784467.300920248 0
Dec 3 17:54:27 standalone container-server[123328]: 172.20.0.100 - - [03/Dec/2025:17:54:27 +0000] "PUT /d1/721/AUTH_c51f1f7b458643ac853557bab006bb07/gnocchi.acca13e8-d652-438f-b192-57bbe78752fb/1764720000.0_mean_300.0_v3" 201 - "PUT http://localhost:8080/d1/591/AUTH_c51f1f7b458643ac853557bab006bb07/gnocchi.acca13e8-d652-438f-b192-57bbe78752fb/1764720000.0_mean_300.0_v3" "txb4ce10644ffe41b2bbb26-0069307953" "object-server 21" 0.0024 "-" 20 0
Dec 3 17:54:27 standalone object-server[123529]: 172.20.0.100 - - [03/Dec/2025:17:54:27 +0000] "PUT /d1/591/AUTH_c51f1f7b458643ac853557bab006bb07/gnocchi.acca13e8-d652-438f-b192-57bbe78752fb/1764720000.0_mean_300.0_v3" 201 - "PUT http://localhost:8080/v1/AUTH_c51f1f7b458643ac853557bab006bb07/gnocchi.acca13e8-d652-438f-b192-57bbe78752fb/1764720000.0_mean_300.0_v3" "txb4ce10644ffe41b2bbb26-0069307953" "proxy-server 12" 0.0249 "-" 21 0
Dec 3 17:54:27 standalone proxy-server[125228]: 172.18.0.2 ::1 03/Dec/2025/17/54/27 PUT /v1/AUTH_c51f1f7b458643ac853557bab006bb07/gnocchi.acca13e8-d652-438f-b192-57bbe78752fb/1764720000.0_mean_300.0_v3 HTTP/1.0 201 - python-swiftclient-3.11.1 gAAAAABpMHkOisD2... 16 - - txb4ce10644ffe41b2bbb26-0069307953 - 0.0344 - - 1764784467.305159092 1764784467.339600086 0
Dec 3 17:54:27 standalone container-server[123329]: 172.20.0.100 - - [03/Dec/2025:17:54:27 +0000] "PUT /d1/721/AUTH_c51f1f7b458643ac853557bab006bb07/gnocchi.acca13e8-d652-438f-b192-57bbe78752fb/none_v3" 201 - "PUT http://localhost:8080/d1/598/AUTH_c51f1f7b458643ac853557bab006bb07/gnocchi.acca13e8-d652-438f-b192-57bbe78752fb/none_v3" "tx1ebbc00ace9d459fb562d-0069307953" "object-server 23" 0.0012 "-" 21 0
Dec 3 17:54:27 standalone object-server[123548]: 172.20.0.100 - - [03/Dec/2025:17:54:27 +0000] "PUT /d1/598/AUTH_c51f1f7b458643ac853557bab006bb07/gnocchi.acca13e8-d652-438f-b192-57bbe78752fb/none_v3" 201 - "PUT http://localhost:8080/v1/AUTH_c51f1f7b458643ac853557bab006bb07/gnocchi.acca13e8-d652-438f-b192-57bbe78752fb/none_v3" "tx1ebbc00ace9d459fb562d-0069307953" "proxy-server 12" 0.0194 "-" 23 0
Dec 3 17:54:27 standalone proxy-server[125228]: 172.18.0.2 ::1 03/Dec/2025/17/54/27 PUT /v1/AUTH_c51f1f7b458643ac853557bab006bb07/gnocchi.acca13e8-d652-438f-b192-57bbe78752fb/none_v3 HTTP/1.0 201 - python-swiftclient-3.11.1 gAAAAABpMHkOisD2... 22 - - tx1ebbc00ace9d459fb562d-0069307953 - 0.0263 - - 1764784467.343412638 1764784467.369694948 0
Dec 3 17:54:27 standalone container-server[123339]: 172.20.0.100 - - [03/Dec/2025:17:54:27 +0000] "HEAD /d1/440/AUTH_c51f1f7b458643ac853557bab006bb07/gnocchi.bd9d6df3-7d3c-4fa7-8184-4f40184ecc22" 404 - "HEAD http://localhost:8080/v1/AUTH_c51f1f7b458643ac853557bab006bb07/gnocchi.bd9d6df3-7d3c-4fa7-8184-4f40184ecc22?format=json&states=listing" "txdeb8ded6790941f6bbfab-0069307953" "proxy-server 12" 0.0006 "-" 23 0
Dec 3 17:54:27 standalone object-server[123529]: 172.20.0.100 - - [03/Dec/2025:17:54:27 +0000] "GET /d1/337/AUTH_c51f1f7b458643ac853557bab006bb07/gnocchi.bd9d6df3-7d3c-4fa7-8184-4f40184ecc22/none_v3" 404 70 "GET http://localhost:8080/v1/AUTH_c51f1f7b458643ac853557bab006bb07/gnocchi.bd9d6df3-7d3c-4fa7-8184-4f40184ecc22/none_v3" "txdeb8ded6790941f6bbfab-0069307953" "proxy-server 12" 0.0007 "-" 21 0
Dec 3 17:54:27 standalone proxy-server[125228]: 172.18.0.2 ::1 03/Dec/2025/17/54/27 GET /v1/AUTH_c51f1f7b458643ac853557bab006bb07/gnocchi.bd9d6df3-7d3c-4fa7-8184-4f40184ecc22/none_v3 HTTP/1.0 404 - python-swiftclient-3.11.1 gAAAAABpMHkOisD2... - 70 - txdeb8ded6790941f6bbfab-0069307953 - 0.0177 - - 1764784467.384909391 1764784467.402601957 0
Dec 3 17:54:27 standalone account-server[123363]: 172.20.0.100 - - [03/Dec/2025:17:54:27 +0000] "PUT /d1/348/AUTH_c51f1f7b458643ac853557bab006bb07/gnocchi.bd9d6df3-7d3c-4fa7-8184-4f40184ecc22" 201 - "PUT http://172.20.0.100:6001/d1/440/AUTH_c51f1f7b458643ac853557bab006bb07/gnocchi.bd9d6df3-7d3c-4fa7-8184-4f40184ecc22" "tx8a918734d8ed4181a54bc-0069307953" "container-server 23" 0.0070 "-" 20 0
Dec 3 17:54:27 standalone container-server[123339]: 172.20.0.100 - - [03/Dec/2025:17:54:27 +0000] "PUT /d1/440/AUTH_c51f1f7b458643ac853557bab006bb07/gnocchi.bd9d6df3-7d3c-4fa7-8184-4f40184ecc22" 201 - "PUT http://localhost:8080/v1/AUTH_c51f1f7b458643ac853557bab006bb07/gnocchi.bd9d6df3-7d3c-4fa7-8184-4f40184ecc22" "tx8a918734d8ed4181a54bc-0069307953" "proxy-server 12" 0.0256 "-" 23 0
Dec 3 17:54:27 standalone proxy-server[125228]: 172.18.0.2 ::1 03/Dec/2025/17/54/27 PUT /v1/AUTH_c51f1f7b458643ac853557bab006bb07/gnocchi.bd9d6df3-7d3c-4fa7-8184-4f40184ecc22 HTTP/1.0 201 - python-swiftclient-3.11.1 gAAAAABpMHkOisD2... - - - tx8a918734d8ed4181a54bc-0069307953 - 0.0347 - - 1764784467.406804323 1764784467.441552162 0
Dec 3 17:54:27 standalone container-server[123328]: 172.20.0.100 - - [03/Dec/2025:17:54:27 +0000] "HEAD /d1/440/AUTH_c51f1f7b458643ac853557bab006bb07/gnocchi.bd9d6df3-7d3c-4fa7-8184-4f40184ecc22" 204 - "HEAD http://localhost:8080/v1/AUTH_c51f1f7b458643ac853557bab006bb07/gnocchi.bd9d6df3-7d3c-4fa7-8184-4f40184ecc22?format=json&states=listing" "txf124e00120854e11bdb70-0069307953" "proxy-server 12" 0.0046 "-" 20 0
Dec 3 17:54:27 standalone proxy-server[125228]: - - 03/Dec/2025/17/54/27 HEAD /v1/AUTH_c51f1f7b458643ac853557bab006bb07/gnocchi.bd9d6df3-7d3c-4fa7-8184-4f40184ecc22%3Fformat%3Djson%26states%3Dlisting HTTP/1.0 204 - Swift - - - - txf124e00120854e11bdb70-0069307953 - 0.0126 RL - 1764784467.465633631 1764784467.478214502 0
Dec 3 17:54:27 standalone container-server[123339]: 172.20.0.100 - - [03/Dec/2025:17:54:27 +0000] "GET /d1/440/AUTH_c51f1f7b458643ac853557bab006bb07/gnocchi.bd9d6df3-7d3c-4fa7-8184-4f40184ecc22" 200 2 "GET http://localhost:8080/v1/AUTH_c51f1f7b458643ac853557bab006bb07/gnocchi.bd9d6df3-7d3c-4fa7-8184-4f40184ecc22?format=json&states=listing" "txf124e00120854e11bdb70-0069307953" "proxy-server 12" 0.0047 "-" 23 0
Dec 3 17:54:27 standalone proxy-server[125228]: 172.18.0.2 ::1 03/Dec/2025/17/54/27 GET /v1/AUTH_c51f1f7b458643ac853557bab006bb07/gnocchi.bd9d6df3-7d3c-4fa7-8184-4f40184ecc22%3Fformat%3Djson%26states%3Dlisting HTTP/1.0 200 - python-swiftclient-3.11.1 gAAAAABpMHkOisD2... - 2 - txf124e00120854e11bdb70-0069307953 - 0.0324 - - 1764784467.463415623 1764784467.495856285 0
Dec 3 17:54:27 standalone object-server[123529]: 172.20.0.100 - - [03/Dec/2025:17:54:27 +0000] "GET /d1/552/AUTH_c51f1f7b458643ac853557bab006bb07/gnocchi.bd9d6df3-7d3c-4fa7-8184-4f40184ecc22/1764720000.0_mean_300.0_v3" 404 70 "GET http://localhost:8080/v1/AUTH_c51f1f7b458643ac853557bab006bb07/gnocchi.bd9d6df3-7d3c-4fa7-8184-4f40184ecc22/1764720000.0_mean_300.0_v3" "tx52477cb61f3042819525f-0069307953" "proxy-server 12" 0.0004 "-" 21 0
Dec 3 17:54:27 standalone proxy-server[125228]: 172.18.0.2 ::1 03/Dec/2025/17/54/27 GET /v1/AUTH_c51f1f7b458643ac853557bab006bb07/gnocchi.bd9d6df3-7d3c-4fa7-8184-4f40184ecc22/1764720000.0_mean_300.0_v3 HTTP/1.0 404 - python-swiftclient-3.11.1 gAAAAABpMHkOisD2... - 70 - tx52477cb61f3042819525f-0069307953 - 0.0099 - - 1764784467.503924847 1764784467.513799429 0
Dec 3 17:54:27 standalone container-server[123334]: 172.20.0.100 - - [03/Dec/2025:17:54:27 +0000] "PUT /d1/440/AUTH_c51f1f7b458643ac853557bab006bb07/gnocchi.bd9d6df3-7d3c-4fa7-8184-4f40184ecc22/1764720000.0_mean_300.0_v3" 201 - "PUT http://localhost:8080/d1/552/AUTH_c51f1f7b458643ac853557bab006bb07/gnocchi.bd9d6df3-7d3c-4fa7-8184-4f40184ecc22/1764720000.0_mean_300.0_v3" "txc1291ee0c98a4d97944f7-0069307953" "object-server 21" 0.0014 "-" 22 0
Dec 3 17:54:27 standalone object-server[123529]: 172.20.0.100 - - [03/Dec/2025:17:54:27 +0000] "PUT /d1/552/AUTH_c51f1f7b458643ac853557bab006bb07/gnocchi.bd9d6df3-7d3c-4fa7-8184-4f40184ecc22/1764720000.0_mean_300.0_v3" 201 - "PUT http://localhost:8080/v1/AUTH_c51f1f7b458643ac853557bab006bb07/gnocchi.bd9d6df3-7d3c-4fa7-8184-4f40184ecc22/1764720000.0_mean_300.0_v3" "txc1291ee0c98a4d97944f7-0069307953" "proxy-server 12" 0.0167 "-" 21 0
Dec 3 17:54:27 standalone proxy-server[125228]: 172.18.0.2 ::1 03/Dec/2025/17/54/27 PUT /v1/AUTH_c51f1f7b458643ac853557bab006bb07/gnocchi.bd9d6df3-7d3c-4fa7-8184-4f40184ecc22/1764720000.0_mean_300.0_v3 HTTP/1.0 201 - python-swiftclient-3.11.1 gAAAAABpMHkOisD2... 16 - - txc1291ee0c98a4d97944f7-0069307953 - 0.0266 - - 1764784467.520439386 1764784467.547061443 0
Dec 3 17:54:27 standalone container-server[123329]: 172.20.0.100 - - [03/Dec/2025:17:54:27 +0000] "PUT /d1/440/AUTH_c51f1f7b458643ac853557bab006bb07/gnocchi.bd9d6df3-7d3c-4fa7-8184-4f40184ecc22/none_v3" 201 - "PUT http://localhost:8080/d1/337/AUTH_c51f1f7b458643ac853557bab006bb07/gnocchi.bd9d6df3-7d3c-4fa7-8184-4f40184ecc22/none_v3" "txf4eeedc0817246b7893dc-0069307953" "object-server 24" 0.0012 "-" 21 0
Dec 3 17:54:27 standalone object-server[123566]: 172.20.0.100 - - [03/Dec/2025:17:54:27 +0000] "PUT /d1/337/AUTH_c51f1f7b458643ac853557bab006bb07/gnocchi.bd9d6df3-7d3c-4fa7-8184-4f40184ecc22/none_v3" 201 - "PUT http://localhost:8080/v1/AUTH_c51f1f7b458643ac853557bab006bb07/gnocchi.bd9d6df3-7d3c-4fa7-8184-4f40184ecc22/none_v3" "txf4eeedc0817246b7893dc-0069307953" "proxy-server 12" 0.0167 "-" 24 0
Dec 3 17:54:27 standalone proxy-server[125228]: 172.18.0.2 ::1 03/Dec/2025/17/54/27 PUT /v1/AUTH_c51f1f7b458643ac853557bab006bb07/gnocchi.bd9d6df3-7d3c-4fa7-8184-4f40184ecc22/none_v3 HTTP/1.0 201 - python-swiftclient-3.11.1 gAAAAABpMHkOisD2... 22 - - txf4eeedc0817246b7893dc-0069307953 - 0.0281 - - 1764784467.552730799 1764784467.580813169 0
Dec 3 17:56:33 standalone account-server[123363]: 172.20.0.100 - - [03/Dec/2025:17:56:33 +0000] "HEAD /d1/348/AUTH_c51f1f7b458643ac853557bab006bb07" 204 - "HEAD http://localhost:8080/v1/AUTH_c51f1f7b458643ac853557bab006bb07?format=json" "txb3adb0297a5d412d9107a-00693079d1" "proxy-server 12" 0.0048 "-" 20 -
Dec 3 17:56:33 standalone proxy-server[125228]: - - 03/Dec/2025/17/56/33 HEAD /v1/AUTH_c51f1f7b458643ac853557bab006bb07%3Fformat%3Djson HTTP/1.0 204 - Swift - - - - txb3adb0297a5d412d9107a-00693079d1 - 0.0085 RL - 1764784593.634221077 1764784593.642677546 -
Dec 3 17:56:33 standalone container-server[123328]: 172.20.0.100 - - [03/Dec/2025:17:56:33 +0000] "HEAD /d1/807/AUTH_c51f1f7b458643ac853557bab006bb07/gnocchi.6339f666-8690-491e-bdf4-574d997a3c1c" 404 - "HEAD http://localhost:8080/v1/AUTH_c51f1f7b458643ac853557bab006bb07/gnocchi.6339f666-8690-491e-bdf4-574d997a3c1c?format=json&states=listing" "txb3adb0297a5d412d9107a-00693079d1" "proxy-server 12" 0.0006 "-" 20 0
Dec 3 17:56:33 standalone object-server[123529]: 172.20.0.100 - - [03/Dec/2025:17:56:33 +0000] "GET /d1/886/AUTH_c51f1f7b458643ac853557bab006bb07/gnocchi.6339f666-8690-491e-bdf4-574d997a3c1c/none_v3" 404 70 "GET http://localhost:8080/v1/AUTH_c51f1f7b458643ac853557bab006bb07/gnocchi.6339f666-8690-491e-bdf4-574d997a3c1c/none_v3" "txb3adb0297a5d412d9107a-00693079d1" "proxy-server 12" 0.0004 "-" 21 0
Dec 3 17:56:33 standalone proxy-server[125228]: 172.18.0.2 ::1 03/Dec/2025/17/56/33 GET /v1/AUTH_c51f1f7b458643ac853557bab006bb07/gnocchi.6339f666-8690-491e-bdf4-574d997a3c1c/none_v3 HTTP/1.0 404 - python-swiftclient-3.11.1 gAAAAABpMHkOisD2... - 70 - txb3adb0297a5d412d9107a-00693079d1 - 0.0178 - - 1764784593.633398771 1764784593.651180506 0
Dec 3 17:56:33 standalone account-server[123376]: 172.20.0.100 - - [03/Dec/2025:17:56:33 +0000] "PUT /d1/348/AUTH_c51f1f7b458643ac853557bab006bb07/gnocchi.6339f666-8690-491e-bdf4-574d997a3c1c" 201 - "PUT http://172.20.0.100:6001/d1/807/AUTH_c51f1f7b458643ac853557bab006bb07/gnocchi.6339f666-8690-491e-bdf4-574d997a3c1c" "tx442631ba55a5475bb66f3-00693079d1" "container-server 20" 0.0011 "-" 22 0
Dec 3 17:56:33 standalone container-server[123328]: 172.20.0.100 - - [03/Dec/2025:17:56:33 +0000] "PUT /d1/807/AUTH_c51f1f7b458643ac853557bab006bb07/gnocchi.6339f666-8690-491e-bdf4-574d997a3c1c" 201 - "PUT http://localhost:8080/v1/AUTH_c51f1f7b458643ac853557bab006bb07/gnocchi.6339f666-8690-491e-bdf4-574d997a3c1c" "tx442631ba55a5475bb66f3-00693079d1" "proxy-server 12" 0.0101 "-" 20 0
Dec 3 17:56:33 standalone proxy-server[125228]: 172.18.0.2 ::1 03/Dec/2025/17/56/33 PUT /v1/AUTH_c51f1f7b458643ac853557bab006bb07/gnocchi.6339f666-8690-491e-bdf4-574d997a3c1c HTTP/1.0 201 - python-swiftclient-3.11.1 gAAAAABpMHkOisD2... - - - tx442631ba55a5475bb66f3-00693079d1 - 0.0139 - - 1764784593.653260946 1764784593.667186022 0
Dec 3 17:56:33 standalone container-server[123329]: 172.20.0.100 - - [03/Dec/2025:17:56:33 +0000] "HEAD /d1/807/AUTH_c51f1f7b458643ac853557bab006bb07/gnocchi.6339f666-8690-491e-bdf4-574d997a3c1c" 204 - "HEAD http://localhost:8080/v1/AUTH_c51f1f7b458643ac853557bab006bb07/gnocchi.6339f666-8690-491e-bdf4-574d997a3c1c?format=json&states=listing" "tx4811e419b1794d60a34d2-00693079d1" "proxy-server 12" 0.0013 "-" 21 0
Dec 3 17:56:33 standalone proxy-server[125228]: - - 03/Dec/2025/17/56/33 HEAD /v1/AUTH_c51f1f7b458643ac853557bab006bb07/gnocchi.6339f666-8690-491e-bdf4-574d997a3c1c%3Fformat%3Djson%26states%3Dlisting HTTP/1.0 204 - Swift - - - - tx4811e419b1794d60a34d2-00693079d1 - 0.0040 RL - 1764784593.670661449 1764784593.674626112 0
Dec 3 17:56:33 standalone container-server[123339]: 172.20.0.100 - - [03/Dec/2025:17:56:33 +0000] "GET /d1/807/AUTH_c51f1f7b458643ac853557bab006bb07/gnocchi.6339f666-8690-491e-bdf4-574d997a3c1c" 200 2 "GET http://localhost:8080/v1/AUTH_c51f1f7b458643ac853557bab006bb07/gnocchi.6339f666-8690-491e-bdf4-574d997a3c1c?format=json&states=listing" "tx4811e419b1794d60a34d2-00693079d1" "proxy-server 12" 0.0018 "-" 23 0
Dec 3 17:56:33 standalone proxy-server[125228]: 172.18.0.2 ::1 03/Dec/2025/17/56/33 GET /v1/AUTH_c51f1f7b458643ac853557bab006bb07/gnocchi.6339f666-8690-491e-bdf4-574d997a3c1c%3Fformat%3Djson%26states%3Dlisting HTTP/1.0 200 - python-swiftclient-3.11.1 gAAAAABpMHkOisD2... - 2 - tx4811e419b1794d60a34d2-00693079d1 - 0.0110 - - 1764784593.669830084 1764784593.680846930 0
Dec 3 17:56:33 standalone object-server[123532]: 172.20.0.100 - - [03/Dec/2025:17:56:33 +0000] "GET /d1/320/AUTH_c51f1f7b458643ac853557bab006bb07/gnocchi.6339f666-8690-491e-bdf4-574d997a3c1c/1764720000.0_mean_300.0_v3" 404 70 "GET http://localhost:8080/v1/AUTH_c51f1f7b458643ac853557bab006bb07/gnocchi.6339f666-8690-491e-bdf4-574d997a3c1c/1764720000.0_mean_300.0_v3" "txe426549dff6c403dac274-00693079d1" "proxy-server 12" 0.0003 "-" 22 0
Dec 3 17:56:33 standalone proxy-server[125228]: 172.18.0.2 ::1 03/Dec/2025/17/56/33 GET /v1/AUTH_c51f1f7b458643ac853557bab006bb07/gnocchi.6339f666-8690-491e-bdf4-574d997a3c1c/1764720000.0_mean_300.0_v3 HTTP/1.0 404 - python-swiftclient-3.11.1 gAAAAABpMHkOisD2... - 70 - txe426549dff6c403dac274-00693079d1 - 0.0040 - - 1764784593.683421850 1764784593.687453747 0
Dec 3 17:56:33 standalone container-server[123339]: 172.20.0.100 - - [03/Dec/2025:17:56:33 +0000] "PUT /d1/807/AUTH_c51f1f7b458643ac853557bab006bb07/gnocchi.6339f666-8690-491e-bdf4-574d997a3c1c/1764720000.0_mean_300.0_v3" 201 - "PUT http://localhost:8080/d1/320/AUTH_c51f1f7b458643ac853557bab006bb07/gnocchi.6339f666-8690-491e-bdf4-574d997a3c1c/1764720000.0_mean_300.0_v3" "txcb91983f95aa40eea0279-00693079d1" "object-server 24" 0.0006 "-" 23 0
Dec 3 17:56:33 standalone object-server[123566]: 172.20.0.100 - - [03/Dec/2025:17:56:33 +0000] "PUT /d1/320/AUTH_c51f1f7b458643ac853557bab006bb07/gnocchi.6339f666-8690-491e-bdf4-574d997a3c1c/1764720000.0_mean_300.0_v3" 201 - "PUT http://localhost:8080/v1/AUTH_c51f1f7b458643ac853557bab006bb07/gnocchi.6339f666-8690-491e-bdf4-574d997a3c1c/1764720000.0_mean_300.0_v3" "txcb91983f95aa40eea0279-00693079d1" "proxy-server 12" 0.0089 "-" 24 0
Dec 3 17:56:33 standalone proxy-server[125228]: 172.18.0.2 ::1 03/Dec/2025/17/56/33 PUT /v1/AUTH_c51f1f7b458643ac853557bab006bb07/gnocchi.6339f666-8690-491e-bdf4-574d997a3c1c/1764720000.0_mean_300.0_v3 HTTP/1.0 201 - python-swiftclient-3.11.1 gAAAAABpMHkOisD2... 16 - - txcb91983f95aa40eea0279-00693079d1 - 0.0129 - - 1764784593.689470768 1764784593.702399731 0
Dec 3 17:56:33 standalone container-server[123339]: 172.20.0.100 - - [03/Dec/2025:17:56:33 +0000] "PUT /d1/807/AUTH_c51f1f7b458643ac853557bab006bb07/gnocchi.6339f666-8690-491e-bdf4-574d997a3c1c/none_v3" 201 - "PUT http://localhost:8080/d1/886/AUTH_c51f1f7b458643ac853557bab006bb07/gnocchi.6339f666-8690-491e-bdf4-574d997a3c1c/none_v3" "txf62e8b2e47a7444da164e-00693079d1" "object-server 21" 0.0005 "-" 23 0
Dec 3 17:56:33 standalone object-server[123529]: 172.20.0.100 - - [03/Dec/2025:17:56:33 +0000] "PUT /d1/886/AUTH_c51f1f7b458643ac853557bab006bb07/gnocchi.6339f666-8690-491e-bdf4-574d997a3c1c/none_v3" 201 - "PUT http://localhost:8080/v1/AUTH_c51f1f7b458643ac853557bab006bb07/gnocchi.6339f666-8690-491e-bdf4-574d997a3c1c/none_v3" "txf62e8b2e47a7444da164e-00693079d1" "proxy-server 12" 0.0109 "-" 21 0
Dec 3 17:56:33 standalone proxy-server[125228]: 172.18.0.2 ::1 03/Dec/2025/17/56/33 PUT /v1/AUTH_c51f1f7b458643ac853557bab006bb07/gnocchi.6339f666-8690-491e-bdf4-574d997a3c1c/none_v3 HTTP/1.0 201 - python-swiftclient-3.11.1 gAAAAABpMHkOisD2... 22 - - txf62e8b2e47a7444da164e-00693079d1 - 0.0152 - - 1764784593.704917908 1764784593.720150709 0
Dec 3 17:56:33 standalone container-server[123334]: 172.20.0.100 - - [03/Dec/2025:17:56:33 +0000] "HEAD /d1/362/AUTH_c51f1f7b458643ac853557bab006bb07/gnocchi.9f10da85-9443-45ff-b154-bc4ea4ed4ab2" 404 - "HEAD http://localhost:8080/v1/AUTH_c51f1f7b458643ac853557bab006bb07/gnocchi.9f10da85-9443-45ff-b154-bc4ea4ed4ab2?format=json&states=listing" "txfed4019960ea4ed081072-00693079d1" "proxy-server 12" 0.0003 "-" 22 0
Dec 3 17:56:33 standalone object-server[123548]: 172.20.0.100 - - [03/Dec/2025:17:56:33 +0000] "GET /d1/991/AUTH_c51f1f7b458643ac853557bab006bb07/gnocchi.9f10da85-9443-45ff-b154-bc4ea4ed4ab2/none_v3" 404 70 "GET http://localhost:8080/v1/AUTH_c51f1f7b458643ac853557bab006bb07/gnocchi.9f10da85-9443-45ff-b154-bc4ea4ed4ab2/none_v3" "txfed4019960ea4ed081072-00693079d1" "proxy-server 12" 0.0003 "-" 23 0
Dec 3 17:56:33 standalone proxy-server[125228]: 172.18.0.2 ::1 03/Dec/2025/17/56/33 GET /v1/AUTH_c51f1f7b458643ac853557bab006bb07/gnocchi.9f10da85-9443-45ff-b154-bc4ea4ed4ab2/none_v3 HTTP/1.0 404 - python-swiftclient-3.11.1 gAAAAABpMHkOisD2... - 70 - txfed4019960ea4ed081072-00693079d1 - 0.0074 - - 1764784593.731207371 1764784593.738560438 0
Dec 3 17:56:33 standalone account-server[123392]: 172.20.0.100 - - [03/Dec/2025:17:56:33 +0000] "PUT /d1/348/AUTH_c51f1f7b458643ac853557bab006bb07/gnocchi.9f10da85-9443-45ff-b154-bc4ea4ed4ab2" 201 - "PUT http://172.20.0.100:6001/d1/362/AUTH_c51f1f7b458643ac853557bab006bb07/gnocchi.9f10da85-9443-45ff-b154-bc4ea4ed4ab2" "tx429f891571d84172b2959-00693079d1" "container-server 22" 0.0046 "-" 23 0
Dec 3 17:56:33 standalone container-server[123334]: 172.20.0.100 - - [03/Dec/2025:17:56:33 +0000] "PUT /d1/362/AUTH_c51f1f7b458643ac853557bab006bb07/gnocchi.9f10da85-9443-45ff-b154-bc4ea4ed4ab2" 201 - "PUT http://localhost:8080/v1/AUTH_c51f1f7b458643ac853557bab006bb07/gnocchi.9f10da85-9443-45ff-b154-bc4ea4ed4ab2" "tx429f891571d84172b2959-00693079d1" "proxy-server 12" 0.0134 "-" 22 0
Dec 3 17:56:33 standalone proxy-server[125228]: 172.18.0.2 ::1 03/Dec/2025/17/56/33 PUT /v1/AUTH_c51f1f7b458643ac853557bab006bb07/gnocchi.9f10da85-9443-45ff-b154-bc4ea4ed4ab2 HTTP/1.0 201 - python-swiftclient-3.11.1 gAAAAABpMHkOisD2... - - - tx429f891571d84172b2959-00693079d1 - 0.0186 - - 1764784593.743806362 1764784593.762375116 0
Dec 3 17:56:33 standalone container-server[123334]: 172.20.0.100 - - [03/Dec/2025:17:56:33 +0000] "HEAD /d1/362/AUTH_c51f1f7b458643ac853557bab006bb07/gnocchi.9f10da85-9443-45ff-b154-bc4ea4ed4ab2" 204 - "HEAD http://localhost:8080/v1/AUTH_c51f1f7b458643ac853557bab006bb07/gnocchi.9f10da85-9443-45ff-b154-bc4ea4ed4ab2?format=json&states=listing" "txf2a510dd2c27498f8bd11-00693079d1" "proxy-server 12" 0.0011 "-" 22 0
Dec 3 17:56:33 standalone proxy-server[125228]: - - 03/Dec/2025/17/56/33 HEAD /v1/AUTH_c51f1f7b458643ac853557bab006bb07/gnocchi.9f10da85-9443-45ff-b154-bc4ea4ed4ab2%3Fformat%3Djson%26states%3Dlisting HTTP/1.0 204 - Swift - - - - txf2a510dd2c27498f8bd11-00693079d1 - 0.0040 RL - 1764784593.766825199 1764784593.770870686 0
Dec 3 17:56:33 standalone container-server[123328]: 172.20.0.100 - - [03/Dec/2025:17:56:33 +0000] "GET /d1/362/AUTH_c51f1f7b458643ac853557bab006bb07/gnocchi.9f10da85-9443-45ff-b154-bc4ea4ed4ab2" 200 2 "GET http://localhost:8080/v1/AUTH_c51f1f7b458643ac853557bab006bb07/gnocchi.9f10da85-9443-45ff-b154-bc4ea4ed4ab2?format=json&states=listing" "txf2a510dd2c27498f8bd11-00693079d1" "proxy-server 12" 0.0018 "-" 20 0
Dec 3 17:56:33 standalone proxy-server[125228]: 172.18.0.2 ::1 03/Dec/2025/17/56/33 GET /v1/AUTH_c51f1f7b458643ac853557bab006bb07/gnocchi.9f10da85-9443-45ff-b154-bc4ea4ed4ab2%3Fformat%3Djson%26states%3Dlisting HTTP/1.0 200 - python-swiftclient-3.11.1 gAAAAABpMHkOisD2... - 2 - txf2a510dd2c27498f8bd11-00693079d1 - 0.0128 - - 1764784593.765313864 1764784593.778130770 0
Dec 3 17:56:33 standalone object-server[123566]: 172.20.0.100 - - [03/Dec/2025:17:56:33 +0000] "GET /d1/365/AUTH_c51f1f7b458643ac853557bab006bb07/gnocchi.9f10da85-9443-45ff-b154-bc4ea4ed4ab2/1764720000.0_mean_300.0_v3" 404 70 "GET http://localhost:8080/v1/AUTH_c51f1f7b458643ac853557bab006bb07/gnocchi.9f10da85-9443-45ff-b154-bc4ea4ed4ab2/1764720000.0_mean_300.0_v3" "tx784f40a515df4db98a4c2-00693079d1" "proxy-server 12" 0.0003 "-" 24 0
Dec 3 17:56:33 standalone proxy-server[125228]: 172.18.0.2 ::1 03/Dec/2025/17/56/33 GET /v1/AUTH_c51f1f7b458643ac853557bab006bb07/gnocchi.9f10da85-9443-45ff-b154-bc4ea4ed4ab2/1764720000.0_mean_300.0_v3 HTTP/1.0 404 - python-swiftclient-3.11.1 gAAAAABpMHkOisD2... - 70 - tx784f40a515df4db98a4c2-00693079d1 - 0.0042 - - 1764784593.781589508 1764784593.785806894 0
Dec 3 17:56:33 standalone container-server[123334]: 172.20.0.100 - - [03/Dec/2025:17:56:33 +0000] "PUT /d1/362/AUTH_c51f1f7b458643ac853557bab006bb07/gnocchi.9f10da85-9443-45ff-b154-bc4ea4ed4ab2/1764720000.0_mean_300.0_v3" 201 - "PUT http://localhost:8080/d1/365/AUTH_c51f1f7b458643ac853557bab006bb07/gnocchi.9f10da85-9443-45ff-b154-bc4ea4ed4ab2/1764720000.0_mean_300.0_v3" "tx2aa911ebb9f94529a74fa-00693079d1" "object-server 22" 0.0005 "-" 22 0
Dec 3 17:56:33 standalone object-server[123532]: 172.20.0.100 - - [03/Dec/2025:17:56:33 +0000] "PUT /d1/365/AUTH_c51f1f7b458643ac853557bab006bb07/gnocchi.9f10da85-9443-45ff-b154-bc4ea4ed4ab2/1764720000.0_mean_300.0_v3" 201 - "PUT http://localhost:8080/v1/AUTH_c51f1f7b458643ac853557bab006bb07/gnocchi.9f10da85-9443-45ff-b154-bc4ea4ed4ab2/1764720000.0_mean_300.0_v3" "tx2aa911ebb9f94529a74fa-00693079d1" "proxy-server 12" 0.0112 "-" 22 0
Dec 3 17:56:33 standalone proxy-server[125228]: 172.18.0.2 ::1 03/Dec/2025/17/56/33 PUT /v1/AUTH_c51f1f7b458643ac853557bab006bb07/gnocchi.9f10da85-9443-45ff-b154-bc4ea4ed4ab2/1764720000.0_mean_300.0_v3 HTTP/1.0 201 - python-swiftclient-3.11.1 gAAAAABpMHkOisD2... 16 - - tx2aa911ebb9f94529a74fa-00693079d1 - 0.0160 - - 1764784593.790022373 1764784593.805982113 0
Dec 3 17:56:33 standalone container-server[123329]: 172.20.0.100 - - [03/Dec/2025:17:56:33 +0000] "PUT /d1/362/AUTH_c51f1f7b458643ac853557bab006bb07/gnocchi.9f10da85-9443-45ff-b154-bc4ea4ed4ab2/none_v3" 201 - "PUT http://localhost:8080/d1/991/AUTH_c51f1f7b458643ac853557bab006bb07/gnocchi.9f10da85-9443-45ff-b154-bc4ea4ed4ab2/none_v3" "txff296afcbc2e47ec85e48-00693079d1" "object-server 21" 0.0004 "-" 21 0
Dec 3 17:56:33 standalone object-server[123529]: 172.20.0.100 - - [03/Dec/2025:17:56:33 +0000] "PUT /d1/991/AUTH_c51f1f7b458643ac853557bab006bb07/gnocchi.9f10da85-9443-45ff-b154-bc4ea4ed4ab2/none_v3" 201 - "PUT http://localhost:8080/v1/AUTH_c51f1f7b458643ac853557bab006bb07/gnocchi.9f10da85-9443-45ff-b154-bc4ea4ed4ab2/none_v3" "txff296afcbc2e47ec85e48-00693079d1" "proxy-server 12" 0.0080 "-" 21 0
Dec 3 17:56:33 standalone proxy-server[125228]: 172.18.0.2 ::1 03/Dec/2025/17/56/33 PUT /v1/AUTH_c51f1f7b458643ac853557bab006bb07/gnocchi.9f10da85-9443-45ff-b154-bc4ea4ed4ab2/none_v3 HTTP/1.0 201 - python-swiftclient-3.11.1 gAAAAABpMHkOisD2... 22 - - txff296afcbc2e47ec85e48-00693079d1 - 0.0126 - - 1764784593.808661938 1764784593.821287632 0
Dec 3 17:56:33 standalone container-server[123339]: 172.20.0.100 - - [03/Dec/2025:17:56:33 +0000] "HEAD /d1/493/AUTH_c51f1f7b458643ac853557bab006bb07/gnocchi.c57b89bc-09db-4080-b3a3-6dea55d80f24" 404 - "HEAD http://localhost:8080/v1/AUTH_c51f1f7b458643ac853557bab006bb07/gnocchi.c57b89bc-09db-4080-b3a3-6dea55d80f24?format=json&states=listing" "txfc7eb0e4a6924fde93efe-00693079d1" "proxy-server 12" 0.0004 "-" 23 0
Dec 3 17:56:33 standalone object-server[123548]: 172.20.0.100 - - [03/Dec/2025:17:56:33 +0000] "GET /d1/837/AUTH_c51f1f7b458643ac853557bab006bb07/gnocchi.c57b89bc-09db-4080-b3a3-6dea55d80f24/none_v3" 404 70 "GET http://localhost:8080/v1/AUTH_c51f1f7b458643ac853557bab006bb07/gnocchi.c57b89bc-09db-4080-b3a3-6dea55d80f24/none_v3" "txfc7eb0e4a6924fde93efe-00693079d1" "proxy-server 12" 0.0003 "-" 23 0
Dec 3 17:56:33 standalone proxy-server[125228]: 172.18.0.2 ::1 03/Dec/2025/17/56/33 GET /v1/AUTH_c51f1f7b458643ac853557bab006bb07/gnocchi.c57b89bc-09db-4080-b3a3-6dea55d80f24/none_v3 HTTP/1.0 404 - python-swiftclient-3.11.1 gAAAAABpMHkOisD2... - 70 - txfc7eb0e4a6924fde93efe-00693079d1 - 0.0119 - - 1764784593.856088638 1764784593.868021011 0
Dec 3 17:56:33 standalone account-server[123392]: 172.20.0.100 - - [03/Dec/2025:17:56:33 +0000] "PUT /d1/348/AUTH_c51f1f7b458643ac853557bab006bb07/gnocchi.c57b89bc-09db-4080-b3a3-6dea55d80f24" 201 - "PUT http://172.20.0.100:6001/d1/493/AUTH_c51f1f7b458643ac853557bab006bb07/gnocchi.c57b89bc-09db-4080-b3a3-6dea55d80f24" "tx0671d10c6e2447648907c-00693079d1" "container-server 20" 0.0068 "-" 23 0
Dec 3 17:56:33 standalone container-server[123328]: 172.20.0.100 - - [03/Dec/2025:17:56:33 +0000] "PUT /d1/493/AUTH_c51f1f7b458643ac853557bab006bb07/gnocchi.c57b89bc-09db-4080-b3a3-6dea55d80f24" 201 - "PUT http://localhost:8080/v1/AUTH_c51f1f7b458643ac853557bab006bb07/gnocchi.c57b89bc-09db-4080-b3a3-6dea55d80f24" "tx0671d10c6e2447648907c-00693079d1" "proxy-server 12" 0.0204 "-" 20 0
Dec 3 17:56:33 standalone proxy-server[125228]: 172.18.0.2 ::1 03/Dec/2025/17/56/33 PUT /v1/AUTH_c51f1f7b458643ac853557bab006bb07/gnocchi.c57b89bc-09db-4080-b3a3-6dea55d80f24 HTTP/1.0 201 - python-swiftclient-3.11.1 gAAAAABpMHkOisD2... - - - tx0671d10c6e2447648907c-00693079d1 - 0.0273 - - 1764784593.871172667 1764784593.898451805 0
