2025-12-03 17:41:40.194 2 DEBUG oslo_service.service [-] ml2.extension_drivers = ['qos', 'port_security', 'dns_domain_ports'] log_opt_values /usr/lib/python3.9/site-packages/oslo_config/cfg.py:2613
2025-12-03 17:41:40.194 2 DEBUG oslo_service.service [-] ml2.external_network_type = None log_opt_values /usr/lib/python3.9/site-packages/oslo_config/cfg.py:2613
2025-12-03 17:41:40.194 2 DEBUG oslo_service.service [-] ml2.mechanism_drivers = ['sriovnicswitch', 'ovn'] log_opt_values /usr/lib/python3.9/site-packages/oslo_config/cfg.py:2613
2025-12-03 17:41:40.194 2 DEBUG oslo_service.service [-] ml2.overlay_ip_version = 4 log_opt_values /usr/lib/python3.9/site-packages/oslo_config/cfg.py:2613
2025-12-03 17:41:40.194 2 DEBUG oslo_service.service [-] ml2.path_mtu = 0 log_opt_values /usr/lib/python3.9/site-packages/oslo_config/cfg.py:2613
2025-12-03 17:41:40.195 2 DEBUG oslo_service.service [-] ml2.physical_network_mtus = [] log_opt_values /usr/lib/python3.9/site-packages/oslo_config/cfg.py:2613
2025-12-03 17:41:40.195 2 DEBUG oslo_service.service [-] ml2.tenant_network_types = ['geneve'] log_opt_values /usr/lib/python3.9/site-packages/oslo_config/cfg.py:2613
2025-12-03 17:41:40.195 2 DEBUG oslo_service.service [-] ml2.type_drivers = ['geneve', 'vxlan', 'vlan', 'flat'] log_opt_values /usr/lib/python3.9/site-packages/oslo_config/cfg.py:2613
2025-12-03 17:41:40.195 2 DEBUG oslo_service.service [-] ml2_type_flat.flat_networks = ['datacentre'] log_opt_values /usr/lib/python3.9/site-packages/oslo_config/cfg.py:2613
2025-12-03 17:41:40.195 2 DEBUG oslo_service.service [-] ml2_type_geneve.max_header_size = 38 log_opt_values /usr/lib/python3.9/site-packages/oslo_config/cfg.py:2613
2025-12-03 17:41:40.195 2 DEBUG oslo_service.service [-] ml2_type_geneve.vni_ranges = ['1:65536'] log_opt_values /usr/lib/python3.9/site-packages/oslo_config/cfg.py:2613
2025-12-03 17:41:40.195 2 DEBUG oslo_service.service [-] ml2_type_vlan.network_vlan_ranges = ['datacentre:1:1000'] log_opt_values /usr/lib/python3.9/site-packages/oslo_config/cfg.py:2613
2025-12-03 17:41:40.195 2 DEBUG oslo_service.service [-] ml2_type_vxlan.vni_ranges = ['1:65536'] log_opt_values /usr/lib/python3.9/site-packages/oslo_config/cfg.py:2613
2025-12-03 17:41:40.195 2 DEBUG oslo_service.service [-] ml2_type_vxlan.vxlan_group = 224.0.0.1 log_opt_values /usr/lib/python3.9/site-packages/oslo_config/cfg.py:2613
2025-12-03 17:41:40.195 2 DEBUG oslo_service.service [-] network_log.burst_limit = 25 log_opt_values /usr/lib/python3.9/site-packages/oslo_config/cfg.py:2613
2025-12-03 17:41:40.195 2 DEBUG oslo_service.service [-] network_log.local_output_log_base = None log_opt_values /usr/lib/python3.9/site-packages/oslo_config/cfg.py:2613
2025-12-03 17:41:40.195 2 DEBUG oslo_service.service [-] network_log.rate_limit = 100 log_opt_values /usr/lib/python3.9/site-packages/oslo_config/cfg.py:2613
2025-12-03 17:41:40.195 2 DEBUG oslo_service.service [-] SRIOV_DRIVER.vnic_type_prohibit_list = [] log_opt_values /usr/lib/python3.9/site-packages/oslo_config/cfg.py:2613
2025-12-03 17:41:40.195 20 DEBUG ovsdbapp.backend.ovs_idl [-] Created lookup_table index Logical_Switch.name autocreate_indices /usr/lib/python3.9/site-packages/ovsdbapp/backend/ovs_idl/__init__.py:109
2025-12-03 17:41:40.195 2 DEBUG oslo_service.service [-] database.backend = sqlalchemy log_opt_values /usr/lib/python3.9/site-packages/oslo_config/cfg.py:2613
2025-12-03 17:41:40.195 2 DEBUG oslo_service.service [-] database.connection = **** log_opt_values /usr/lib/python3.9/site-packages/oslo_config/cfg.py:2613
2025-12-03 17:41:40.195 2 DEBUG oslo_service.service [-] database.connection_debug = 0 log_opt_values /usr/lib/python3.9/site-packages/oslo_config/cfg.py:2613
2025-12-03 17:41:40.195 2 DEBUG oslo_service.service [-] database.connection_parameters = log_opt_values /usr/lib/python3.9/site-packages/oslo_config/cfg.py:2613
2025-12-03 17:41:40.196 2 DEBUG oslo_service.service [-] database.connection_recycle_time = 3600 log_opt_values /usr/lib/python3.9/site-packages/oslo_config/cfg.py:2613
2025-12-03 17:41:40.196 2 DEBUG oslo_service.service [-] database.connection_trace = False log_opt_values /usr/lib/python3.9/site-packages/oslo_config/cfg.py:2613
2025-12-03 17:41:40.196 2 DEBUG oslo_service.service [-] database.db_inc_retry_interval = True log_opt_values /usr/lib/python3.9/site-packages/oslo_config/cfg.py:2613
2025-12-03 17:41:40.196 2 DEBUG oslo_service.service [-] database.db_max_retries = -1 log_opt_values /usr/lib/python3.9/site-packages/oslo_config/cfg.py:2613
2025-12-03 17:41:40.196 2 DEBUG oslo_service.service [-] database.db_max_retry_interval = 10 log_opt_values /usr/lib/python3.9/site-packages/oslo_config/cfg.py:2613
2025-12-03 17:41:40.196 2 DEBUG oslo_service.service [-] database.db_retry_interval = 1 log_opt_values /usr/lib/python3.9/site-packages/oslo_config/cfg.py:2613
2025-12-03 17:41:40.196 2 DEBUG oslo_service.service [-] database.max_overflow = 50 log_opt_values /usr/lib/python3.9/site-packages/oslo_config/cfg.py:2613
2025-12-03 17:41:40.196 2 DEBUG oslo_service.service [-] database.max_pool_size = 5 log_opt_values /usr/lib/python3.9/site-packages/oslo_config/cfg.py:2613
2025-12-03 17:41:40.196 2 DEBUG oslo_service.service [-] database.max_retries = -1 log_opt_values /usr/lib/python3.9/site-packages/oslo_config/cfg.py:2613
2025-12-03 17:41:40.196 2 DEBUG oslo_service.service [-] database.mysql_enable_ndb = False log_opt_values /usr/lib/python3.9/site-packages/oslo_config/cfg.py:2613
2025-12-03 17:41:40.196 2 DEBUG oslo_service.service [-] database.mysql_sql_mode = TRADITIONAL log_opt_values /usr/lib/python3.9/site-packages/oslo_config/cfg.py:2613
2025-12-03 17:41:40.196 2 DEBUG oslo_service.service [-] database.pool_timeout = None log_opt_values /usr/lib/python3.9/site-packages/oslo_config/cfg.py:2613
2025-12-03 17:41:40.196 2 DEBUG oslo_service.service [-] database.retry_interval = 10 log_opt_values /usr/lib/python3.9/site-packages/oslo_config/cfg.py:2613
2025-12-03 17:41:40.196 2 DEBUG oslo_service.service [-] database.slave_connection = **** log_opt_values /usr/lib/python3.9/site-packages/oslo_config/cfg.py:2613
2025-12-03 17:41:40.196 2 DEBUG oslo_service.service [-] database.sqlite_synchronous = True log_opt_values /usr/lib/python3.9/site-packages/oslo_config/cfg.py:2613
2025-12-03 17:41:40.196 2 DEBUG oslo_service.service [-] database.use_db_reconnect = False log_opt_values /usr/lib/python3.9/site-packages/oslo_config/cfg.py:2613
2025-12-03 17:41:40.196 20 DEBUG ovsdbapp.backend.ovs_idl [-] Created lookup_table index Logical_Router.name autocreate_indices /usr/lib/python3.9/site-packages/ovsdbapp/backend/ovs_idl/__init__.py:109
2025-12-03 17:41:40.196 2 DEBUG oslo_service.service [-] ovn.broadcast_arps_to_all_routers = True log_opt_values /usr/lib/python3.9/site-packages/oslo_config/cfg.py:2613
2025-12-03 17:41:40.197 2 DEBUG oslo_service.service [-] ovn.dhcp_default_lease_time = 43200 log_opt_values /usr/lib/python3.9/site-packages/oslo_config/cfg.py:2613
2025-12-03 17:41:40.197 20 DEBUG ovsdbapp.backend.ovs_idl [-] Created lookup_table index Load_Balancer.name autocreate_indices /usr/lib/python3.9/site-packages/ovsdbapp/backend/ovs_idl/__init__.py:109
2025-12-03 17:41:40.197 2 DEBUG oslo_service.service [-] ovn.disable_ovn_dhcp_for_baremetal_ports = False log_opt_values /usr/lib/python3.9/site-packages/oslo_config/cfg.py:2613
2025-12-03 17:41:40.197 2 DEBUG oslo_service.service [-] ovn.dns_servers = [] log_opt_values /usr/lib/python3.9/site-packages/oslo_config/cfg.py:2613
2025-12-03 17:41:40.197 2 DEBUG oslo_service.service [-] ovn.enable_distributed_floating_ip = True log_opt_values /usr/lib/python3.9/site-packages/oslo_config/cfg.py:2613
2025-12-03 17:41:40.197 20 DEBUG ovsdbapp.backend.ovs_idl [-] Created schema index Meter.name autocreate_indices /usr/lib/python3.9/site-packages/ovsdbapp/backend/ovs_idl/__init__.py:128
2025-12-03 17:41:40.197 2 DEBUG oslo_service.service [-] ovn.fdb_age_threshold = 0 log_opt_values /usr/lib/python3.9/site-packages/oslo_config/cfg.py:2613
2025-12-03 17:41:40.197 2 DEBUG oslo_service.service [-] ovn.localnet_learn_fdb = False log_opt_values /usr/lib/python3.9/site-packages/oslo_config/cfg.py:2613
2025-12-03 17:41:40.197 20 DEBUG ovsdbapp.backend.ovs_idl [-] Created schema index Copp.name autocreate_indices /usr/lib/python3.9/site-packages/ovsdbapp/backend/ovs_idl/__init__.py:128
2025-12-03 17:41:40.197 2 DEBUG oslo_service.service [-] ovn.mac_binding_age_threshold = 0 log_opt_values /usr/lib/python3.9/site-packages/oslo_config/cfg.py:2613
2025-12-03 17:41:40.197 20 DEBUG ovsdbapp.backend.ovs_idl [-] Created schema index Logical_Switch_Port.name autocreate_indices /usr/lib/python3.9/site-packages/ovsdbapp/backend/ovs_idl/__init__.py:128
2025-12-03 17:41:40.197 2 DEBUG oslo_service.service [-] ovn.neutron_sync_mode = log log_opt_values /usr/lib/python3.9/site-packages/oslo_config/cfg.py:2613
2025-12-03 17:41:40.197 20 DEBUG ovsdbapp.backend.ovs_idl [-] Created schema index Chassis_Template_Var.chassis autocreate_indices /usr/lib/python3.9/site-packages/ovsdbapp/backend/ovs_idl/__init__.py:128
2025-12-03 17:41:40.197 2 DEBUG oslo_service.service [-] ovn.ovn_dhcp4_global_options = {} log_opt_values /usr/lib/python3.9/site-packages/oslo_config/cfg.py:2613
2025-12-03 17:41:40.197 2 DEBUG oslo_service.service [-] ovn.ovn_dhcp6_global_options = {} log_opt_values /usr/lib/python3.9/site-packages/oslo_config/cfg.py:2613
2025-12-03 17:41:40.197 20 DEBUG ovsdbapp.backend.ovs_idl [-] Created schema index Gateway_Chassis.name autocreate_indices /usr/lib/python3.9/site-packages/ovsdbapp/backend/ovs_idl/__init__.py:128
2025-12-03 17:41:40.197 2 DEBUG oslo_service.service [-] ovn.ovn_emit_need_to_frag = True log_opt_values /usr/lib/python3.9/site-packages/oslo_config/cfg.py:2613
2025-12-03 17:41:40.197 20 DEBUG ovsdbapp.backend.ovs_idl [-] Created schema index Connection.target autocreate_indices /usr/lib/python3.9/site-packages/ovsdbapp/backend/ovs_idl/__init__.py:128
2025-12-03 17:41:40.197 2 DEBUG oslo_service.service [-] ovn.ovn_l3_mode = True log_opt_values /usr/lib/python3.9/site-packages/oslo_config/cfg.py:2613
2025-12-03 17:41:40.197 20 DEBUG ovsdbapp.backend.ovs_idl [-] Created schema index Port_Group.name autocreate_indices /usr/lib/python3.9/site-packages/ovsdbapp/backend/ovs_idl/__init__.py:128
2025-12-03 17:41:40.197 2 DEBUG oslo_service.service [-] ovn.ovn_l3_scheduler = leastloaded log_opt_values /usr/lib/python3.9/site-packages/oslo_config/cfg.py:2613
2025-12-03 17:41:40.197 20 DEBUG ovsdbapp.backend.ovs_idl [-] Created schema index Logical_Router_Port.name autocreate_indices /usr/lib/python3.9/site-packages/ovsdbapp/backend/ovs_idl/__init__.py:128
2025-12-03 17:41:40.197 2 DEBUG oslo_service.service [-] ovn.ovn_metadata_enabled = True log_opt_values /usr/lib/python3.9/site-packages/oslo_config/cfg.py:2613
2025-12-03 17:41:40.197 2 DEBUG oslo_service.service [-] ovn.ovn_nb_ca_cert = /etc/ipa/ca.crt log_opt_values /usr/lib/python3.9/site-packages/oslo_config/cfg.py:2613
2025-12-03 17:41:40.197 20 DEBUG ovsdbapp.backend.ovs_idl [-] Created schema index HA_Chassis_Group.name autocreate_indices /usr/lib/python3.9/site-packages/ovsdbapp/backend/ovs_idl/__init__.py:128
2025-12-03 17:41:40.197 2 DEBUG oslo_service.service [-] ovn.ovn_nb_certificate = /etc/pki/tls/certs/neutron_ovn.crt log_opt_values /usr/lib/python3.9/site-packages/oslo_config/cfg.py:2613
2025-12-03 17:41:40.197 2 DEBUG oslo_service.service [-] ovn.ovn_nb_connection = ssl:172.17.0.100:6641 log_opt_values /usr/lib/python3.9/site-packages/oslo_config/cfg.py:2613
2025-12-03 17:41:40.197 20 DEBUG ovsdbapp.backend.ovs_idl [-] Created schema index Mirror.name autocreate_indices /usr/lib/python3.9/site-packages/ovsdbapp/backend/ovs_idl/__init__.py:128
2025-12-03 17:41:40.198 2 DEBUG oslo_service.service [-] ovn.ovn_nb_private_key = /etc/pki/tls/private/neutron_ovn.key log_opt_values /usr/lib/python3.9/site-packages/oslo_config/cfg.py:2613
2025-12-03 17:41:40.198 20 DEBUG ovsdbapp.backend.ovs_idl [-] Created schema index Address_Set.name autocreate_indices /usr/lib/python3.9/site-packages/ovsdbapp/backend/ovs_idl/__init__.py:128
2025-12-03 17:41:40.198 2 DEBUG oslo_service.service [-] ovn.ovn_router_indirect_snat = False log_opt_values /usr/lib/python3.9/site-packages/oslo_config/cfg.py:2613
2025-12-03 17:41:40.198 2 DEBUG oslo_service.service [-] ovn.ovn_sb_ca_cert = /etc/ipa/ca.crt log_opt_values /usr/lib/python3.9/site-packages/oslo_config/cfg.py:2613
2025-12-03 17:41:40.198 2 DEBUG oslo_service.service [-] ovn.ovn_sb_certificate = /etc/pki/tls/certs/neutron_ovn.crt log_opt_values /usr/lib/python3.9/site-packages/oslo_config/cfg.py:2613
2025-12-03 17:41:40.198 2 DEBUG oslo_service.service [-] ovn.ovn_sb_connection = ssl:172.17.0.100:6642 log_opt_values /usr/lib/python3.9/site-packages/oslo_config/cfg.py:2613
2025-12-03 17:41:40.198 2 DEBUG oslo_service.service [-] ovn.ovn_sb_private_key = /etc/pki/tls/private/neutron_ovn.key log_opt_values /usr/lib/python3.9/site-packages/oslo_config/cfg.py:2613
2025-12-03 17:41:40.198 2 DEBUG oslo_service.service [-] ovn.ovsdb_connection_timeout = 180 log_opt_values /usr/lib/python3.9/site-packages/oslo_config/cfg.py:2613
2025-12-03 17:41:40.198 2 DEBUG oslo_service.service [-] ovn.ovsdb_log_level = INFO log_opt_values /usr/lib/python3.9/site-packages/oslo_config/cfg.py:2613
2025-12-03 17:41:40.198 2 DEBUG oslo_service.service [-] ovn.ovsdb_probe_interval = 60000 log_opt_values /usr/lib/python3.9/site-packages/oslo_config/cfg.py:2613
2025-12-03 17:41:40.198 2 DEBUG oslo_service.service [-] ovn.ovsdb_retry_max_interval = 180 log_opt_values /usr/lib/python3.9/site-packages/oslo_config/cfg.py:2613
2025-12-03 17:41:40.198 2 DEBUG oslo_service.service [-] ovn.vhost_sock_dir = /var/run/openvswitch log_opt_values /usr/lib/python3.9/site-packages/oslo_config/cfg.py:2613
2025-12-03 17:41:40.198 2 DEBUG oslo_service.service [-] ovn.vif_type = ovs log_opt_values /usr/lib/python3.9/site-packages/oslo_config/cfg.py:2613
2025-12-03 17:41:40.198 2 DEBUG oslo_service.service [-] OVS.bridge_mac_table_size = 50000 log_opt_values /usr/lib/python3.9/site-packages/oslo_config/cfg.py:2613
2025-12-03 17:41:40.198 2 DEBUG oslo_service.service [-] OVS.igmp_snooping_enable = False log_opt_values /usr/lib/python3.9/site-packages/oslo_config/cfg.py:2613
2025-12-03 17:41:40.199 2 DEBUG oslo_service.service [-] OVS.ovsdb_timeout = 10 log_opt_values /usr/lib/python3.9/site-packages/oslo_config/cfg.py:2613
2025-12-03 17:41:40.199 2 DEBUG oslo_service.service [-] ovn_nb_global.fdb_removal_limit = 0 log_opt_values /usr/lib/python3.9/site-packages/oslo_config/cfg.py:2613
2025-12-03 17:41:40.199 2 DEBUG oslo_service.service [-] ovn_nb_global.ignore_lsp_down = False log_opt_values /usr/lib/python3.9/site-packages/oslo_config/cfg.py:2613
2025-12-03 17:41:40.199 2 DEBUG oslo_service.service [-] ovn_nb_global.mac_binding_removal_limit = 0 log_opt_values /usr/lib/python3.9/site-packages/oslo_config/cfg.py:2613
2025-12-03 17:41:40.199 2 DEBUG oslo_service.service [-] ******************************************************************************** log_opt_values /usr/lib/python3.9/site-packages/oslo_config/cfg.py:2617
2025-12-03 17:41:40.200 20 DEBUG ovsdbapp.backend.ovs_idl [-] Created schema index Load_Balancer_Group.name autocreate_indices /usr/lib/python3.9/site-packages/ovsdbapp/backend/ovs_idl/__init__.py:128
2025-12-03 17:41:40.202 20 INFO ovsdbapp.backend.ovs_idl.vlog [-] ssl:172.17.0.100:6641: connecting...
2025-12-03 17:41:40.209 20 INFO ovsdbapp.backend.ovs_idl.vlog [-] ssl:172.17.0.100:6641: connected
2025-12-03 17:41:40.211 16 DEBUG neutron.common.ovn.hash_ring_manager [req-88dc742c-47c2-40c1-97fd-44dc347cdc05 - - - - -] Allow caching, nodes 1>=1 _wait_startup_before_caching /usr/lib/python3.9/site-packages/neutron/common/ovn/hash_ring_manager.py:64
2025-12-03 17:41:40.211 18 DEBUG neutron.common.ovn.hash_ring_manager [req-9eee6aa8-c44c-4c2c-84a7-45ab95923b0f - - - - -] Allow caching, nodes 1>=1 _wait_startup_before_caching /usr/lib/python3.9/site-packages/neutron/common/ovn/hash_ring_manager.py:64
2025-12-03 17:41:40.218 18 DEBUG neutron.common.ovn.hash_ring_manager [req-9eee6aa8-c44c-4c2c-84a7-45ab95923b0f - - - - -] Hash Ring loaded. 1 active nodes. 0 offline nodes _load_hash_ring /usr/lib/python3.9/site-packages/neutron/common/ovn/hash_ring_manager.py:99
2025-12-03 17:41:40.219 18 INFO neutron.plugins.ml2.drivers.ovn.mech_driver.ovsdb.impl_idl_ovn [req-9eee6aa8-c44c-4c2c-84a7-45ab95923b0f - - - - -] Getting OvsdbSbOvnIdl for RpcWorker with retry
2025-12-03 17:41:40.223 16 DEBUG neutron.common.ovn.hash_ring_manager [req-88dc742c-47c2-40c1-97fd-44dc347cdc05 - - - - -] Hash Ring loaded. 1 active nodes. 0 offline nodes _load_hash_ring /usr/lib/python3.9/site-packages/neutron/common/ovn/hash_ring_manager.py:99
2025-12-03 17:41:40.225 18 DEBUG ovsdbapp.backend.ovs_idl [req-9eee6aa8-c44c-4c2c-84a7-45ab95923b0f - - - - -] Created lookup_table index Chassis.name autocreate_indices /usr/lib/python3.9/site-packages/ovsdbapp/backend/ovs_idl/__init__.py:109
2025-12-03 17:41:40.225 18 DEBUG ovsdbapp.backend.ovs_idl [req-9eee6aa8-c44c-4c2c-84a7-45ab95923b0f - - - - -] Created schema index Chassis_Private.name autocreate_indices /usr/lib/python3.9/site-packages/ovsdbapp/backend/ovs_idl/__init__.py:128
2025-12-03 17:41:40.225 18 DEBUG ovsdbapp.backend.ovs_idl [req-9eee6aa8-c44c-4c2c-84a7-45ab95923b0f - - - - -] Created schema index Datapath_Binding.tunnel_key autocreate_indices /usr/lib/python3.9/site-packages/ovsdbapp/backend/ovs_idl/__init__.py:128
2025-12-03 17:41:40.227 18 INFO ovsdbapp.backend.ovs_idl.vlog [req-9eee6aa8-c44c-4c2c-84a7-45ab95923b0f - - - - -] ssl:172.17.0.100:6642: connecting...
2025-12-03 17:41:40.229 16 DEBUG neutron.plugins.ml2.drivers.ovn.mech_driver.ovsdb.ovsdb_monitor [req-88dc742c-47c2-40c1-97fd-44dc347cdc05 - - - - -] Hash Ring: Node 965091c3-9643-44d9-a13b-b5eb8f866963 (host: standalone.ooo.test) handling event "create" for row e9417eee-faa2-4d03-90ab-f319871547a2 (table: Chassis) notify /usr/lib/python3.9/site-packages/neutron/plugins/ml2/drivers/ovn/mech_driver/ovsdb/ovsdb_monitor.py:791
2025-12-03 17:41:40.229 16 DEBUG neutron.plugins.ml2.drivers.ovn.mech_driver.ovsdb.ovsdb_monitor [req-88dc742c-47c2-40c1-97fd-44dc347cdc05 - - - - -] ChassisAgentWriteEvent : Matched Chassis_Private, create, None None matches /usr/lib/python3.9/site-packages/neutron/plugins/ml2/drivers/ovn/mech_driver/ovsdb/ovsdb_monitor.py:61
2025-12-03 17:41:40.229 16 DEBUG neutron.plugins.ml2.drivers.ovn.mech_driver.ovsdb.ovsdb_monitor [req-88dc742c-47c2-40c1-97fd-44dc347cdc05 - - - - -] Hash Ring: Node 965091c3-9643-44d9-a13b-b5eb8f866963 (host: standalone.ooo.test) handling event "create" for row 55fdf949-3616-4610-86a5-b3ad24e34658 (table: Chassis_Private) notify /usr/lib/python3.9/site-packages/neutron/plugins/ml2/drivers/ovn/mech_driver/ovsdb/ovsdb_monitor.py:791
2025-12-03 17:41:40.229 16 DEBUG neutron.plugins.ml2.drivers.ovn.mech_driver.ovsdb.ovsdb_monitor [req-88dc742c-47c2-40c1-97fd-44dc347cdc05 - - - - -] Hash Ring: Node 965091c3-9643-44d9-a13b-b5eb8f866963 (host: standalone.ooo.test) handling event "create" for row e031378f-3bc6-4452-a393-44e85cb582ec (table: Encap) notify /usr/lib/python3.9/site-packages/neutron/plugins/ml2/drivers/ovn/mech_driver/ovsdb/ovsdb_monitor.py:791
2025-12-03 17:41:40.231 18 INFO ovsdbapp.backend.ovs_idl.vlog [req-9eee6aa8-c44c-4c2c-84a7-45ab95923b0f - - - - -] ssl:172.17.0.100:6642: connected
2025-12-03 17:41:40.232 16 INFO neutron.plugins.ml2.drivers.ovn.mech_driver.mech_driver [req-88dc742c-47c2-40c1-97fd-44dc347cdc05 - - - - -] WorkerService process has finished the post initialization
2025-12-03 17:41:40.233 16 INFO neutron.wsgi [-] (16) wsgi starting up on http://[::1]:9696
2025-12-03 17:41:40.233 20 INFO neutron.plugins.ml2.drivers.ovn.mech_driver.ovsdb.impl_idl_ovn [-] Getting OvsdbSbOvnIdl for MaintenanceWorker with retry
2025-12-03 17:41:40.244 20 DEBUG ovsdbapp.backend.ovs_idl [-] Created lookup_table index Chassis.name autocreate_indices /usr/lib/python3.9/site-packages/ovsdbapp/backend/ovs_idl/__init__.py:109
2025-12-03 17:41:40.244 20 DEBUG ovsdbapp.backend.ovs_idl [-] Created schema index Chassis_Private.name autocreate_indices /usr/lib/python3.9/site-packages/ovsdbapp/backend/ovs_idl/__init__.py:128
2025-12-03 17:41:40.244 20 DEBUG ovsdbapp.backend.ovs_idl [-] Created schema index Datapath_Binding.tunnel_key autocreate_indices /usr/lib/python3.9/site-packages/ovsdbapp/backend/ovs_idl/__init__.py:128
2025-12-03 17:41:40.246 20 INFO ovsdbapp.backend.ovs_idl.vlog [-] ssl:172.17.0.100:6642: connecting...
2025-12-03 17:41:40.249 18 DEBUG neutron.common.ovn.hash_ring_manager [req-9eee6aa8-c44c-4c2c-84a7-45ab95923b0f - - - - -] Allow caching, nodes 1>=1 _wait_startup_before_caching /usr/lib/python3.9/site-packages/neutron/common/ovn/hash_ring_manager.py:64
2025-12-03 17:41:40.254 20 INFO ovsdbapp.backend.ovs_idl.vlog [-] ssl:172.17.0.100:6642: connected
2025-12-03 17:41:40.256 18 DEBUG neutron.common.ovn.hash_ring_manager [req-9eee6aa8-c44c-4c2c-84a7-45ab95923b0f - - - - -] Hash Ring loaded. 1 active nodes. 0 offline nodes _load_hash_ring /usr/lib/python3.9/site-packages/neutron/common/ovn/hash_ring_manager.py:99
2025-12-03 17:41:40.256 18 DEBUG neutron.plugins.ml2.drivers.ovn.mech_driver.ovsdb.ovsdb_monitor [req-9eee6aa8-c44c-4c2c-84a7-45ab95923b0f - - - - -] ChassisAgentWriteEvent : Matched Chassis_Private, create, None None matches /usr/lib/python3.9/site-packages/neutron/plugins/ml2/drivers/ovn/mech_driver/ovsdb/ovsdb_monitor.py:61
2025-12-03 17:41:40.258 18 INFO neutron.plugins.ml2.drivers.ovn.mech_driver.mech_driver [req-9eee6aa8-c44c-4c2c-84a7-45ab95923b0f - - - - -] RpcWorker process has finished the post initialization
2025-12-03 17:41:40.258 18 DEBUG neutron.plugins.ml2.plugin [req-9eee6aa8-c44c-4c2c-84a7-45ab95923b0f - - - - -] neutron.plugins.ml2.plugin.Ml2Plugin method start_rpc_listeners called with arguments () {} wrapper /usr/lib/python3.9/site-packages/oslo_log/helpers.py:65
2025-12-03 17:41:40.268 20 INFO neutron.plugins.ml2.drivers.ovn.mech_driver.ovsdb.extensions.qos [-] Starting OVNClientQosExtension
2025-12-03 17:41:40.268 20 INFO neutron.plugins.ml2.drivers.ovn.mech_driver.ovsdb.extensions.qos [-] Starting OVNClientQosExtension
2025-12-03 17:41:40.268 20 DEBUG neutron.plugins.ml2.drivers.ovn.mech_driver.ovsdb.maintenance [-] Schema aware periodic task found: DBInconsistenciesPeriodics.migrate_to_port_groups _set_schema_aware_periodics /usr/lib/python3.9/site-packages/neutron/plugins/ml2/drivers/ovn/mech_driver/ovsdb/maintenance.py:135
2025-12-03 17:41:40.269 20 DEBUG neutron.plugins.ml2.drivers.ovn.mech_driver.ovsdb.maintenance [-] Periodic task found: DBInconsistenciesPeriodics.add_vnic_type_and_pb_capabilities_to_lsp add_periodics /usr/lib/python3.9/site-packages/neutron/plugins/ml2/drivers/ovn/mech_driver/ovsdb/maintenance.py:74
2025-12-03 17:41:40.269 20 DEBUG neutron.plugins.ml2.drivers.ovn.mech_driver.ovsdb.maintenance [-] Periodic task found: DBInconsistenciesPeriodics.check_baremetal_ports_dhcp_options add_periodics /usr/lib/python3.9/site-packages/neutron/plugins/ml2/drivers/ovn/mech_driver/ovsdb/maintenance.py:74
2025-12-03 17:41:40.269 20 DEBUG neutron.plugins.ml2.drivers.ovn.mech_driver.ovsdb.maintenance [-] Periodic task found: DBInconsistenciesPeriodics.check_fair_meter_consistency add_periodics /usr/lib/python3.9/site-packages/neutron/plugins/ml2/drivers/ovn/mech_driver/ovsdb/maintenance.py:74
2025-12-03 17:41:40.269 20 DEBUG neutron.plugins.ml2.drivers.ovn.mech_driver.ovsdb.maintenance [-] Periodic task found: DBInconsistenciesPeriodics.check_fdb_aging_settings add_periodics /usr/lib/python3.9/site-packages/neutron/plugins/ml2/drivers/ovn/mech_driver/ovsdb/maintenance.py:74
2025-12-03 17:41:40.269 20 DEBUG neutron.plugins.ml2.drivers.ovn.mech_driver.ovsdb.maintenance [-] Periodic task found: DBInconsistenciesPeriodics.check_for_fragmentation_support add_periodics /usr/lib/python3.9/site-packages/neutron/plugins/ml2/drivers/ovn/mech_driver/ovsdb/maintenance.py:74
2025-12-03 17:41:40.269 20 DEBUG neutron.plugins.ml2.drivers.ovn.mech_driver.ovsdb.maintenance [-] Periodic task found: DBInconsistenciesPeriodics.check_for_ha_chassis_group add_periodics /usr/lib/python3.9/site-packages/neutron/plugins/ml2/drivers/ovn/mech_driver/ovsdb/maintenance.py:74
2025-12-03 17:41:40.269 20 DEBUG neutron.plugins.ml2.drivers.ovn.mech_driver.ovsdb.maintenance [-] Periodic task found: DBInconsistenciesPeriodics.check_for_igmp_snoop_support add_periodics /usr/lib/python3.9/site-packages/neutron/plugins/ml2/drivers/ovn/mech_driver/ovsdb/maintenance.py:74
2025-12-03 17:41:40.269 20 DEBUG neutron.plugins.ml2.drivers.ovn.mech_driver.ovsdb.maintenance [-] Periodic task found: DBInconsistenciesPeriodics.check_for_inconsistencies add_periodics /usr/lib/python3.9/site-packages/neutron/plugins/ml2/drivers/ovn/mech_driver/ovsdb/maintenance.py:74
2025-12-03 17:41:40.269 20 DEBUG neutron.plugins.ml2.drivers.ovn.mech_driver.ovsdb.maintenance [-] Periodic task found: DBInconsistenciesPeriodics.check_for_localnet_legacy_port_name add_periodics /usr/lib/python3.9/site-packages/neutron/plugins/ml2/drivers/ovn/mech_driver/ovsdb/maintenance.py:74
2025-12-03 17:41:40.269 20 DEBUG neutron.plugins.ml2.drivers.ovn.mech_driver.ovsdb.maintenance [-] Periodic task found: DBInconsistenciesPeriodics.check_for_mcast_flood_reports add_periodics /usr/lib/python3.9/site-packages/neutron/plugins/ml2/drivers/ovn/mech_driver/ovsdb/maintenance.py:74
2025-12-03 17:41:40.269 20 DEBUG neutron.plugins.ml2.drivers.ovn.mech_driver.ovsdb.maintenance [-] Periodic task found: DBInconsistenciesPeriodics.check_for_port_security_unknown_address add_periodics /usr/lib/python3.9/site-packages/neutron/plugins/ml2/drivers/ovn/mech_driver/ovsdb/maintenance.py:74
2025-12-03 17:41:40.270 20 DEBUG neutron.plugins.ml2.drivers.ovn.mech_driver.ovsdb.maintenance [-] Periodic task found: DBInconsistenciesPeriodics.check_global_dhcp_opts add_periodics /usr/lib/python3.9/site-packages/neutron/plugins/ml2/drivers/ovn/mech_driver/ovsdb/maintenance.py:74
2025-12-03 17:41:40.270 20 DEBUG neutron.plugins.ml2.drivers.ovn.mech_driver.ovsdb.maintenance [-] Periodic task found: DBInconsistenciesPeriodics.check_localnet_port_has_learn_fdb add_periodics /usr/lib/python3.9/site-packages/neutron/plugins/ml2/drivers/ovn/mech_driver/ovsdb/maintenance.py:74
2025-12-03 17:41:40.270 20 DEBUG neutron.plugins.ml2.drivers.ovn.mech_driver.ovsdb.maintenance [-] Periodic task found: DBInconsistenciesPeriodics.check_metadata_ports add_periodics /usr/lib/python3.9/site-packages/neutron/plugins/ml2/drivers/ovn/mech_driver/ovsdb/maintenance.py:74
2025-12-03 17:41:40.270 20 DEBUG neutron.plugins.ml2.drivers.ovn.mech_driver.ovsdb.maintenance [-] Periodic task found: DBInconsistenciesPeriodics.check_network_broadcast_arps_to_all_routers add_periodics /usr/lib/python3.9/site-packages/neutron/plugins/ml2/drivers/ovn/mech_driver/ovsdb/maintenance.py:74
2025-12-03 17:41:40.270 20 DEBUG neutron.plugins.ml2.drivers.ovn.mech_driver.ovsdb.maintenance [-] Periodic task found: DBInconsistenciesPeriodics.check_port_has_address_scope add_periodics /usr/lib/python3.9/site-packages/neutron/plugins/ml2/drivers/ovn/mech_driver/ovsdb/maintenance.py:74
2025-12-03 17:41:40.270 20 DEBUG neutron.plugins.ml2.drivers.ovn.mech_driver.ovsdb.maintenance [-] Periodic task found: DBInconsistenciesPeriodics.check_provider_distributed_ports add_periodics /usr/lib/python3.9/site-packages/neutron/plugins/ml2/drivers/ovn/mech_driver/ovsdb/maintenance.py:74
2025-12-03 17:41:40.270 20 DEBUG neutron.plugins.ml2.drivers.ovn.mech_driver.ovsdb.maintenance [-] Periodic task found: DBInconsistenciesPeriodics.check_redirect_type_router_gateway_ports add_periodics /usr/lib/python3.9/site-packages/neutron/plugins/ml2/drivers/ovn/mech_driver/ovsdb/maintenance.py:74
2025-12-03 17:41:40.270 20 DEBUG neutron.plugins.ml2.drivers.ovn.mech_driver.ovsdb.maintenance [-] Periodic task found: DBInconsistenciesPeriodics.check_router_mac_binding_options add_periodics /usr/lib/python3.9/site-packages/neutron/plugins/ml2/drivers/ovn/mech_driver/ovsdb/maintenance.py:74
2025-12-03 17:41:40.270 20 DEBUG neutron.plugins.ml2.drivers.ovn.mech_driver.ovsdb.maintenance [-] Periodic task found: DBInconsistenciesPeriodics.cleanup_old_hash_ring_nodes add_periodics /usr/lib/python3.9/site-packages/neutron/plugins/ml2/drivers/ovn/mech_driver/ovsdb/maintenance.py:74
2025-12-03 17:41:40.270 20 DEBUG neutron.plugins.ml2.drivers.ovn.mech_driver.ovsdb.maintenance [-] Periodic task found: DBInconsistenciesPeriodics.configure_nb_global add_periodics /usr/lib/python3.9/site-packages/neutron/plugins/ml2/drivers/ovn/mech_driver/ovsdb/maintenance.py:74
2025-12-03 17:41:40.270 20 DEBUG neutron.plugins.ml2.drivers.ovn.mech_driver.ovsdb.maintenance [-] Periodic task found: DBInconsistenciesPeriodics.create_router_extra_attributes_registers add_periodics /usr/lib/python3.9/site-packages/neutron/plugins/ml2/drivers/ovn/mech_driver/ovsdb/maintenance.py:74
2025-12-03 17:41:40.270 20 DEBUG neutron.plugins.ml2.drivers.ovn.mech_driver.ovsdb.maintenance [-] Periodic task found: DBInconsistenciesPeriodics.migrate_to_port_groups add_periodics /usr/lib/python3.9/site-packages/neutron/plugins/ml2/drivers/ovn/mech_driver/ovsdb/maintenance.py:74
2025-12-03 17:41:40.270 20 DEBUG neutron.plugins.ml2.drivers.ovn.mech_driver.ovsdb.maintenance [-] Periodic task found: DBInconsistenciesPeriodics.remove_duplicated_chassis_registers add_periodics /usr/lib/python3.9/site-packages/neutron/plugins/ml2/drivers/ovn/mech_driver/ovsdb/maintenance.py:74
2025-12-03 17:41:40.270 20 DEBUG neutron.plugins.ml2.drivers.ovn.mech_driver.ovsdb.maintenance [-] Periodic task found: DBInconsistenciesPeriodics.remove_invalid_gateway_chassis_from_unbound_lrp add_periodics /usr/lib/python3.9/site-packages/neutron/plugins/ml2/drivers/ovn/mech_driver/ovsdb/maintenance.py:74
2025-12-03 17:41:40.271 20 DEBUG neutron.plugins.ml2.drivers.ovn.mech_driver.ovsdb.maintenance [-] Periodic task found: DBInconsistenciesPeriodics.sync_metadata_ports add_periodics /usr/lib/python3.9/site-packages/neutron/plugins/ml2/drivers/ovn/mech_driver/ovsdb/maintenance.py:74
2025-12-03 17:41:40.271 20 DEBUG neutron.plugins.ml2.drivers.ovn.mech_driver.ovsdb.maintenance [-] Periodic task found: DBInconsistenciesPeriodics.update_logical_router_with_gateway_network_id add_periodics /usr/lib/python3.9/site-packages/neutron/plugins/ml2/drivers/ovn/mech_driver/ovsdb/maintenance.py:74
2025-12-03 17:41:40.271 20 DEBUG neutron.plugins.ml2.drivers.ovn.mech_driver.ovsdb.maintenance [-] Periodic task found: DBInconsistenciesPeriodics.update_mac_aging_settings add_periodics /usr/lib/python3.9/site-packages/neutron/plugins/ml2/drivers/ovn/mech_driver/ovsdb/maintenance.py:74
2025-12-03 17:41:40.271 20 DEBUG neutron.plugins.ml2.drivers.ovn.mech_driver.ovsdb.maintenance [-] Periodic task found: DBInconsistenciesPeriodics.update_port_qos_with_external_ids_reference add_periodics /usr/lib/python3.9/site-packages/neutron/plugins/ml2/drivers/ovn/mech_driver/ovsdb/maintenance.py:74
2025-12-03 17:41:40.271 20 DEBUG neutron.plugins.ml2.drivers.ovn.mech_driver.ovsdb.maintenance [-] Periodic task found: DBInconsistenciesPeriodics.update_port_virtual_type add_periodics /usr/lib/python3.9/site-packages/neutron/plugins/ml2/drivers/ovn/mech_driver/ovsdb/maintenance.py:74
2025-12-03 17:41:40.271 20 DEBUG neutron.plugins.ml2.drivers.ovn.mech_driver.ovsdb.maintenance [-] Periodic task found: DBInconsistenciesPeriodics.update_qos_fip_rule_priority add_periodics /usr/lib/python3.9/site-packages/neutron/plugins/ml2/drivers/ovn/mech_driver/ovsdb/maintenance.py:74
2025-12-03 17:41:40.275 20 DEBUG futurist.periodics [-] Submitting immediate callback 'neutron.plugins.ml2.drivers.ovn.mech_driver.ovsdb.maintenance.DBInconsistenciesPeriodics.add_vnic_type_and_pb_capabilities_to_lsp' _process_immediates /usr/lib/python3.9/site-packages/futurist/periodics.py:676
2025-12-03 17:41:40.282 20 INFO neutron.plugins.ml2.drivers.ovn.mech_driver.mech_driver [-] Maintenance task thread has started
2025-12-03 17:41:40.283 20 INFO neutron.plugins.ml2.drivers.ovn.mech_driver.mech_driver [-] MaintenanceWorker process has finished the post initialization
2025-12-03 17:41:40.296 20 DEBUG ovsdbapp.backend.ovs_idl.transaction [-] There are no commands to commit do_commit /usr/lib/python3.9/site-packages/ovsdbapp/backend/ovs_idl/transaction.py:78
2025-12-03 17:41:40.296 20 DEBUG futurist.periodics [req-71cab765-5b7a-4128-a0eb-98b83a31a614 - - - - -] Periodic callback 'neutron.plugins.ml2.drivers.ovn.mech_driver.ovsdb.maintenance.DBInconsistenciesPeriodics.add_vnic_type_and_pb_capabilities_to_lsp' raised 'NeverAgain' exception, stopping any further execution of it. _on_done /usr/lib/python3.9/site-packages/futurist/periodics.py:713
2025-12-03 17:41:40.297 20 DEBUG futurist.periodics [req-71cab765-5b7a-4128-a0eb-98b83a31a614 - - - - -] Submitting immediate callback 'neutron.plugins.ml2.drivers.ovn.mech_driver.ovsdb.maintenance.DBInconsistenciesPeriodics.check_baremetal_ports_dhcp_options' _process_immediates /usr/lib/python3.9/site-packages/futurist/periodics.py:676
2025-12-03 17:41:40.344 20 DEBUG futurist.periodics [req-71cab765-5b7a-4128-a0eb-98b83a31a614 - - - - -] Periodic callback 'neutron.plugins.ml2.drivers.ovn.mech_driver.ovsdb.maintenance.DBInconsistenciesPeriodics.check_baremetal_ports_dhcp_options' raised 'NeverAgain' exception, stopping any further execution of it. _on_done /usr/lib/python3.9/site-packages/futurist/periodics.py:713
2025-12-03 17:41:40.344 20 DEBUG futurist.periodics [req-71cab765-5b7a-4128-a0eb-98b83a31a614 - - - - -] Submitting immediate callback 'neutron.plugins.ml2.drivers.ovn.mech_driver.ovsdb.maintenance.DBInconsistenciesPeriodics.check_fair_meter_consistency' _process_immediates /usr/lib/python3.9/site-packages/futurist/periodics.py:676
2025-12-03 17:41:40.345 20 DEBUG futurist.periodics [req-71cab765-5b7a-4128-a0eb-98b83a31a614 - - - - -] Periodic callback 'neutron.plugins.ml2.drivers.ovn.mech_driver.ovsdb.maintenance.DBInconsistenciesPeriodics.check_fair_meter_consistency' raised 'NeverAgain' exception, stopping any further execution of it. _on_done /usr/lib/python3.9/site-packages/futurist/periodics.py:713
2025-12-03 17:41:40.345 20 DEBUG futurist.periodics [req-71cab765-5b7a-4128-a0eb-98b83a31a614 - - - - -] Submitting immediate callback 'neutron.plugins.ml2.drivers.ovn.mech_driver.ovsdb.maintenance.DBInconsistenciesPeriodics.check_fdb_aging_settings' _process_immediates /usr/lib/python3.9/site-packages/futurist/periodics.py:676
2025-12-03 17:41:40.357 20 DEBUG ovsdbapp.backend.ovs_idl.transaction [-] Running txn n=1 command(idx=0): DbSetCommand(_result=None, table=NB_Global, record=., col_values=dict_items([('options', {'fdb_removal_limit': '0'})]), if_exists=True) do_commit /usr/lib/python3.9/site-packages/ovsdbapp/backend/ovs_idl/transaction.py:89
2025-12-03 17:41:40.362 16 DEBUG neutron.plugins.ml2.drivers.ovn.mech_driver.ovsdb.ovsdb_monitor [-] Hash Ring: Node 965091c3-9643-44d9-a13b-b5eb8f866963 (host: standalone.ooo.test) handling event "update" for row 2310d698-42a4-4c7e-8e98-e783c455eed9 (table: NB_Global) notify /usr/lib/python3.9/site-packages/neutron/plugins/ml2/drivers/ovn/mech_driver/ovsdb/ovsdb_monitor.py:791
2025-12-03 17:41:40.363 20 DEBUG futurist.periodics [req-71cab765-5b7a-4128-a0eb-98b83a31a614 - - - - -] Periodic callback 'neutron.plugins.ml2.drivers.ovn.mech_driver.ovsdb.maintenance.DBInconsistenciesPeriodics.check_fdb_aging_settings' raised 'NeverAgain' exception, stopping any further execution of it. _on_done /usr/lib/python3.9/site-packages/futurist/periodics.py:713
2025-12-03 17:41:40.363 20 DEBUG futurist.periodics [req-71cab765-5b7a-4128-a0eb-98b83a31a614 - - - - -] Submitting immediate callback 'neutron.plugins.ml2.drivers.ovn.mech_driver.ovsdb.maintenance.DBInconsistenciesPeriodics.check_for_fragmentation_support' _process_immediates /usr/lib/python3.9/site-packages/futurist/periodics.py:676
2025-12-03 17:41:40.372 20 DEBUG futurist.periodics [req-71cab765-5b7a-4128-a0eb-98b83a31a614 - - - - -] Periodic callback 'neutron.plugins.ml2.drivers.ovn.mech_driver.ovsdb.maintenance.DBInconsistenciesPeriodics.check_for_fragmentation_support' raised 'NeverAgain' exception, stopping any further execution of it. _on_done /usr/lib/python3.9/site-packages/futurist/periodics.py:713
2025-12-03 17:41:40.372 20 DEBUG futurist.periodics [req-71cab765-5b7a-4128-a0eb-98b83a31a614 - - - - -] Submitting immediate callback 'neutron.plugins.ml2.drivers.ovn.mech_driver.ovsdb.maintenance.DBInconsistenciesPeriodics.check_for_ha_chassis_group' _process_immediates /usr/lib/python3.9/site-packages/futurist/periodics.py:676
2025-12-03 17:41:40.373 20 DEBUG ovsdbapp.backend.ovs_idl.transaction [-] Running txn n=1 command(idx=0): HAChassisGroupDelCommand(_result=None, name=default_ha_chassis_group, if_exists=True) do_commit /usr/lib/python3.9/site-packages/ovsdbapp/backend/ovs_idl/transaction.py:89
2025-12-03 17:41:40.373 20 DEBUG ovsdbapp.backend.ovs_idl.transaction [-] Transaction caused no change do_commit /usr/lib/python3.9/site-packages/ovsdbapp/backend/ovs_idl/transaction.py:129
2025-12-03 17:41:40.373 20 DEBUG futurist.periodics [req-71cab765-5b7a-4128-a0eb-98b83a31a614 - - - - -] Periodic callback 'neutron.plugins.ml2.drivers.ovn.mech_driver.ovsdb.maintenance.DBInconsistenciesPeriodics.check_for_ha_chassis_group' raised 'NeverAgain' exception, stopping any further execution of it. _on_done /usr/lib/python3.9/site-packages/futurist/periodics.py:713
2025-12-03 17:41:40.373 20 DEBUG futurist.periodics [req-71cab765-5b7a-4128-a0eb-98b83a31a614 - - - - -] Submitting immediate callback 'neutron.plugins.ml2.drivers.ovn.mech_driver.ovsdb.maintenance.DBInconsistenciesPeriodics.check_for_igmp_snoop_support' _process_immediates /usr/lib/python3.9/site-packages/futurist/periodics.py:676
2025-12-03 17:41:40.373 20 DEBUG ovsdbapp.backend.ovs_idl.transaction [-] There are no commands to commit do_commit /usr/lib/python3.9/site-packages/ovsdbapp/backend/ovs_idl/transaction.py:78
2025-12-03 17:41:40.374 20 DEBUG futurist.periodics [req-71cab765-5b7a-4128-a0eb-98b83a31a614 - - - - -] Periodic callback 'neutron.plugins.ml2.drivers.ovn.mech_driver.ovsdb.maintenance.DBInconsistenciesPeriodics.check_for_igmp_snoop_support' raised 'NeverAgain' exception, stopping any further execution of it. _on_done /usr/lib/python3.9/site-packages/futurist/periodics.py:713
2025-12-03 17:41:40.374 20 DEBUG futurist.periodics [req-71cab765-5b7a-4128-a0eb-98b83a31a614 - - - - -] Submitting immediate callback 'neutron.plugins.ml2.drivers.ovn.mech_driver.ovsdb.maintenance.DBInconsistenciesPeriodics.check_for_inconsistencies' _process_immediates /usr/lib/python3.9/site-packages/futurist/periodics.py:676
2025-12-03 17:41:40.379 20 DEBUG neutron.plugins.ml2.drivers.ovn.mech_driver.ovsdb.maintenance [req-71cab765-5b7a-4128-a0eb-98b83a31a614 - - - - -] Maintenance task: No inconsistencies found. Skipping check_for_inconsistencies /usr/lib/python3.9/site-packages/neutron/plugins/ml2/drivers/ovn/mech_driver/ovsdb/maintenance.py:363
2025-12-03 17:41:40.379 20 DEBUG futurist.periodics [req-71cab765-5b7a-4128-a0eb-98b83a31a614 - - - - -] Submitting immediate callback 'neutron.plugins.ml2.drivers.ovn.mech_driver.ovsdb.maintenance.DBInconsistenciesPeriodics.check_for_localnet_legacy_port_name' _process_immediates /usr/lib/python3.9/site-packages/futurist/periodics.py:676
2025-12-03 17:41:40.379 20 DEBUG futurist.periodics [req-71cab765-5b7a-4128-a0eb-98b83a31a614 - - - - -] Periodic callback 'neutron.plugins.ml2.drivers.ovn.mech_driver.ovsdb.maintenance.DBInconsistenciesPeriodics.check_for_localnet_legacy_port_name' raised 'NeverAgain' exception, stopping any further execution of it. _on_done /usr/lib/python3.9/site-packages/futurist/periodics.py:713
2025-12-03 17:41:40.379 20 DEBUG futurist.periodics [req-71cab765-5b7a-4128-a0eb-98b83a31a614 - - - - -] Submitting immediate callback 'neutron.plugins.ml2.drivers.ovn.mech_driver.ovsdb.maintenance.DBInconsistenciesPeriodics.check_for_mcast_flood_reports' _process_immediates /usr/lib/python3.9/site-packages/futurist/periodics.py:676
2025-12-03 17:41:40.380 20 DEBUG futurist.periodics [req-71cab765-5b7a-4128-a0eb-98b83a31a614 - - - - -] Periodic callback 'neutron.plugins.ml2.drivers.ovn.mech_driver.ovsdb.maintenance.DBInconsistenciesPeriodics.check_for_mcast_flood_reports' raised 'NeverAgain' exception, stopping any further execution of it. _on_done /usr/lib/python3.9/site-packages/futurist/periodics.py:713
2025-12-03 17:41:40.380 20 DEBUG futurist.periodics [req-71cab765-5b7a-4128-a0eb-98b83a31a614 - - - - -] Submitting immediate callback 'neutron.plugins.ml2.drivers.ovn.mech_driver.ovsdb.maintenance.DBInconsistenciesPeriodics.check_for_port_security_unknown_address' _process_immediates /usr/lib/python3.9/site-packages/futurist/periodics.py:676
2025-12-03 17:41:40.380 20 DEBUG futurist.periodics [req-71cab765-5b7a-4128-a0eb-98b83a31a614 - - - - -] Periodic callback 'neutron.plugins.ml2.drivers.ovn.mech_driver.ovsdb.maintenance.DBInconsistenciesPeriodics.check_for_port_security_unknown_address' raised 'NeverAgain' exception, stopping any further execution of it. _on_done /usr/lib/python3.9/site-packages/futurist/periodics.py:713
2025-12-03 17:41:40.380 20 DEBUG futurist.periodics [req-71cab765-5b7a-4128-a0eb-98b83a31a614 - - - - -] Submitting immediate callback 'neutron.plugins.ml2.drivers.ovn.mech_driver.ovsdb.maintenance.DBInconsistenciesPeriodics.check_global_dhcp_opts' _process_immediates /usr/lib/python3.9/site-packages/futurist/periodics.py:676
2025-12-03 17:41:40.380 20 DEBUG futurist.periodics [req-71cab765-5b7a-4128-a0eb-98b83a31a614 - - - - -] Periodic callback 'neutron.plugins.ml2.drivers.ovn.mech_driver.ovsdb.maintenance.DBInconsistenciesPeriodics.check_global_dhcp_opts' raised 'NeverAgain' exception, stopping any further execution of it. _on_done /usr/lib/python3.9/site-packages/futurist/periodics.py:713
2025-12-03 17:41:40.381 20 DEBUG futurist.periodics [req-71cab765-5b7a-4128-a0eb-98b83a31a614 - - - - -] Submitting immediate callback 'neutron.plugins.ml2.drivers.ovn.mech_driver.ovsdb.maintenance.DBInconsistenciesPeriodics.check_localnet_port_has_learn_fdb' _process_immediates /usr/lib/python3.9/site-packages/futurist/periodics.py:676
2025-12-03 17:41:40.381 20 DEBUG ovsdbapp.backend.ovs_idl.transaction [-] There are no commands to commit do_commit /usr/lib/python3.9/site-packages/ovsdbapp/backend/ovs_idl/transaction.py:78
2025-12-03 17:41:40.381 20 DEBUG futurist.periodics [req-71cab765-5b7a-4128-a0eb-98b83a31a614 - - - - -] Periodic callback 'neutron.plugins.ml2.drivers.ovn.mech_driver.ovsdb.maintenance.DBInconsistenciesPeriodics.check_localnet_port_has_learn_fdb' raised 'NeverAgain' exception, stopping any further execution of it. _on_done /usr/lib/python3.9/site-packages/futurist/periodics.py:713
2025-12-03 17:41:40.381 20 DEBUG futurist.periodics [req-71cab765-5b7a-4128-a0eb-98b83a31a614 - - - - -] Submitting immediate callback 'neutron.plugins.ml2.drivers.ovn.mech_driver.ovsdb.maintenance.DBInconsistenciesPeriodics.check_metadata_ports' _process_immediates /usr/lib/python3.9/site-packages/futurist/periodics.py:676
2025-12-03 17:41:40.388 20 DEBUG futurist.periodics [req-71cab765-5b7a-4128-a0eb-98b83a31a614 - - - - -] Periodic callback 'neutron.plugins.ml2.drivers.ovn.mech_driver.ovsdb.maintenance.DBInconsistenciesPeriodics.check_metadata_ports' raised 'NeverAgain' exception, stopping any further execution of it. _on_done /usr/lib/python3.9/site-packages/futurist/periodics.py:713
2025-12-03 17:41:40.388 20 DEBUG futurist.periodics [req-71cab765-5b7a-4128-a0eb-98b83a31a614 - - - - -] Submitting immediate callback 'neutron.plugins.ml2.drivers.ovn.mech_driver.ovsdb.maintenance.DBInconsistenciesPeriodics.check_network_broadcast_arps_to_all_routers' _process_immediates /usr/lib/python3.9/site-packages/futurist/periodics.py:676
2025-12-03 17:41:40.396 20 DEBUG futurist.periodics [req-71cab765-5b7a-4128-a0eb-98b83a31a614 - - - - -] Periodic callback 'neutron.plugins.ml2.drivers.ovn.mech_driver.ovsdb.maintenance.DBInconsistenciesPeriodics.check_network_broadcast_arps_to_all_routers' raised 'NeverAgain' exception, stopping any further execution of it. _on_done /usr/lib/python3.9/site-packages/futurist/periodics.py:713
2025-12-03 17:41:40.396 20 DEBUG futurist.periodics [req-71cab765-5b7a-4128-a0eb-98b83a31a614 - - - - -] Submitting immediate callback 'neutron.plugins.ml2.drivers.ovn.mech_driver.ovsdb.maintenance.DBInconsistenciesPeriodics.check_port_has_address_scope' _process_immediates /usr/lib/python3.9/site-packages/futurist/periodics.py:676
2025-12-03 17:41:40.397 20 DEBUG ovsdbapp.backend.ovs_idl.transaction [-] There are no commands to commit do_commit /usr/lib/python3.9/site-packages/ovsdbapp/backend/ovs_idl/transaction.py:78
2025-12-03 17:41:40.397 20 DEBUG futurist.periodics [req-71cab765-5b7a-4128-a0eb-98b83a31a614 - - - - -] Periodic callback 'neutron.plugins.ml2.drivers.ovn.mech_driver.ovsdb.maintenance.DBInconsistenciesPeriodics.check_port_has_address_scope' raised 'NeverAgain' exception, stopping any further execution of it. _on_done /usr/lib/python3.9/site-packages/futurist/periodics.py:713
2025-12-03 17:41:40.397 20 DEBUG futurist.periodics [req-71cab765-5b7a-4128-a0eb-98b83a31a614 - - - - -] Submitting immediate callback 'neutron.plugins.ml2.drivers.ovn.mech_driver.ovsdb.maintenance.DBInconsistenciesPeriodics.check_provider_distributed_ports' _process_immediates /usr/lib/python3.9/site-packages/futurist/periodics.py:676
2025-12-03 17:41:40.422 20 DEBUG futurist.periodics [req-71cab765-5b7a-4128-a0eb-98b83a31a614 - - - - -] Periodic callback 'neutron.plugins.ml2.drivers.ovn.mech_driver.ovsdb.maintenance.DBInconsistenciesPeriodics.check_provider_distributed_ports' raised 'NeverAgain' exception, stopping any further execution of it. _on_done /usr/lib/python3.9/site-packages/futurist/periodics.py:713
2025-12-03 17:41:40.422 20 DEBUG futurist.periodics [req-71cab765-5b7a-4128-a0eb-98b83a31a614 - - - - -] Submitting immediate callback 'neutron.plugins.ml2.drivers.ovn.mech_driver.ovsdb.maintenance.DBInconsistenciesPeriodics.check_redirect_type_router_gateway_ports' _process_immediates /usr/lib/python3.9/site-packages/futurist/periodics.py:676
2025-12-03 17:41:40.438 20 DEBUG futurist.periodics [req-71cab765-5b7a-4128-a0eb-98b83a31a614 - - - - -] Periodic callback 'neutron.plugins.ml2.drivers.ovn.mech_driver.ovsdb.maintenance.DBInconsistenciesPeriodics.check_redirect_type_router_gateway_ports' raised 'NeverAgain' exception, stopping any further execution of it. _on_done /usr/lib/python3.9/site-packages/futurist/periodics.py:713
2025-12-03 17:41:40.438 20 DEBUG futurist.periodics [req-71cab765-5b7a-4128-a0eb-98b83a31a614 - - - - -] Submitting immediate callback 'neutron.plugins.ml2.drivers.ovn.mech_driver.ovsdb.maintenance.DBInconsistenciesPeriodics.check_router_mac_binding_options' _process_immediates /usr/lib/python3.9/site-packages/futurist/periodics.py:676
2025-12-03 17:41:40.439 20 DEBUG futurist.periodics [req-71cab765-5b7a-4128-a0eb-98b83a31a614 - - - - -] Periodic callback 'neutron.plugins.ml2.drivers.ovn.mech_driver.ovsdb.maintenance.DBInconsistenciesPeriodics.check_router_mac_binding_options' raised 'NeverAgain' exception, stopping any further execution of it. _on_done /usr/lib/python3.9/site-packages/futurist/periodics.py:713
2025-12-03 17:41:40.439 20 DEBUG futurist.periodics [req-71cab765-5b7a-4128-a0eb-98b83a31a614 - - - - -] Submitting immediate callback 'neutron.plugins.ml2.drivers.ovn.mech_driver.ovsdb.maintenance.DBInconsistenciesPeriodics.cleanup_old_hash_ring_nodes' _process_immediates /usr/lib/python3.9/site-packages/futurist/periodics.py:676
2025-12-03 17:41:40.440 20 INFO neutron.db.ovn_hash_ring_db [req-71cab765-5b7a-4128-a0eb-98b83a31a614 - - - - -] Cleaned up Hash Ring nodes older than 5 days
2025-12-03 17:41:40.441 20 DEBUG futurist.periodics [req-71cab765-5b7a-4128-a0eb-98b83a31a614 - - - - -] Submitting immediate callback 'neutron.plugins.ml2.drivers.ovn.mech_driver.ovsdb.maintenance.DBInconsistenciesPeriodics.configure_nb_global' _process_immediates /usr/lib/python3.9/site-packages/futurist/periodics.py:676
2025-12-03 17:41:40.441 20 DEBUG neutron.plugins.ml2.drivers.ovn.mech_driver.ovsdb.impl_idl_ovn [req-71cab765-5b7a-4128-a0eb-98b83a31a614 - - - - -] Setting NB_Global options: {'ignore_lsp_down': 'false', 'mac_binding_removal_limit': '0', 'fdb_removal_limit': '0'} set_nb_global_options /usr/lib/python3.9/site-packages/neutron/plugins/ml2/drivers/ovn/mech_driver/ovsdb/impl_idl_ovn.py:854
2025-12-03 17:41:40.441 20 DEBUG ovsdbapp.backend.ovs_idl.transaction [-] Running txn n=1 command(idx=0): DbSetCommand(_result=None, table=NB_Global, record=., col_values=dict_items([('options', {'ignore_lsp_down': 'false', 'mac_binding_removal_limit': '0', 'fdb_removal_limit': '0'})]), if_exists=True) do_commit /usr/lib/python3.9/site-packages/ovsdbapp/backend/ovs_idl/transaction.py:89
2025-12-03 17:41:40.450 16 DEBUG neutron.plugins.ml2.drivers.ovn.mech_driver.ovsdb.ovsdb_monitor [-] Hash Ring: Node 965091c3-9643-44d9-a13b-b5eb8f866963 (host: standalone.ooo.test) handling event "update" for row 2310d698-42a4-4c7e-8e98-e783c455eed9 (table: NB_Global) notify /usr/lib/python3.9/site-packages/neutron/plugins/ml2/drivers/ovn/mech_driver/ovsdb/ovsdb_monitor.py:791
2025-12-03 17:41:40.453 20 DEBUG futurist.periodics [req-71cab765-5b7a-4128-a0eb-98b83a31a614 - - - - -] Periodic callback 'neutron.plugins.ml2.drivers.ovn.mech_driver.ovsdb.maintenance.DBInconsistenciesPeriodics.configure_nb_global' raised 'NeverAgain' exception, stopping any further execution of it. _on_done /usr/lib/python3.9/site-packages/futurist/periodics.py:713
